Dec 4 00:59:31 standalone proxy-server[129697]: 172.18.0.2 172.18.0.100 04/Dec/2025/00/59/31 GET /v1/AUTH_ae7fe12107834a939f075e57d1e93600/gnocchi.2f912749-0dfb-409b-9380-cb7b1303a5e5/1764720000.0_mean_300.0_v3 HTTP/1.0 404 - python-swiftclient-3.11.1 gAAAAABpMNxrmRHQ... - 70 - txb7e8449670054a698c02b-006930dcf3 - 0.0065 - - 1764809971.012995005 1764809971.019493341 0
Dec 4 00:59:31 standalone container-server[127534]: 172.20.0.100 - - [04/Dec/2025:00:59:31 +0000] "PUT /d1/275/AUTH_ae7fe12107834a939f075e57d1e93600/gnocchi.2f912749-0dfb-409b-9380-cb7b1303a5e5/1764720000.0_mean_300.0_v3" 201 - "PUT http://172.18.0.2:8080/d1/72/AUTH_ae7fe12107834a939f075e57d1e93600/gnocchi.2f912749-0dfb-409b-9380-cb7b1303a5e5/1764720000.0_mean_300.0_v3" "tx5d4fe48984834db89c8be-006930dcf3" "object-server 23" 0.0007 "-" 22 0
Dec 4 00:59:31 standalone object-server[127676]: 172.20.0.100 - - [04/Dec/2025:00:59:31 +0000] "PUT /d1/72/AUTH_ae7fe12107834a939f075e57d1e93600/gnocchi.2f912749-0dfb-409b-9380-cb7b1303a5e5/1764720000.0_mean_300.0_v3" 201 - "PUT http://172.18.0.2:8080/v1/AUTH_ae7fe12107834a939f075e57d1e93600/gnocchi.2f912749-0dfb-409b-9380-cb7b1303a5e5/1764720000.0_mean_300.0_v3" "tx5d4fe48984834db89c8be-006930dcf3" "proxy-server 20" 0.0100 "-" 23 0
Dec 4 00:59:31 standalone proxy-server[129697]: 172.18.0.2 172.18.0.100 04/Dec/2025/00/59/31 PUT /v1/AUTH_ae7fe12107834a939f075e57d1e93600/gnocchi.2f912749-0dfb-409b-9380-cb7b1303a5e5/1764720000.0_mean_300.0_v3 HTTP/1.0 201 - python-swiftclient-3.11.1 gAAAAABpMNxrmRHQ... 16 - - tx5d4fe48984834db89c8be-006930dcf3 - 0.0158 - - 1764809971.023501158 1764809971.039281368 0
Dec 4 00:59:31 standalone container-server[127516]: 172.20.0.100 - - [04/Dec/2025:00:59:31 +0000] "PUT /d1/275/AUTH_ae7fe12107834a939f075e57d1e93600/gnocchi.2f912749-0dfb-409b-9380-cb7b1303a5e5/none_v3" 201 - "PUT http://172.18.0.2:8080/d1/748/AUTH_ae7fe12107834a939f075e57d1e93600/gnocchi.2f912749-0dfb-409b-9380-cb7b1303a5e5/none_v3" "tx509dc412763340a8b08b3-006930dcf3" "object-server 25" 0.0008 "-" 21 0
Dec 4 00:59:31 standalone object-server[127679]: 172.20.0.100 - - [04/Dec/2025:00:59:31 +0000] "PUT /d1/748/AUTH_ae7fe12107834a939f075e57d1e93600/gnocchi.2f912749-0dfb-409b-9380-cb7b1303a5e5/none_v3" 201 - "PUT http://172.18.0.2:8080/v1/AUTH_ae7fe12107834a939f075e57d1e93600/gnocchi.2f912749-0dfb-409b-9380-cb7b1303a5e5/none_v3" "tx509dc412763340a8b08b3-006930dcf3" "proxy-server 20" 0.0097 "-" 25 0
Dec 4 00:59:31 standalone proxy-server[129697]: 172.18.0.2 172.18.0.100 04/Dec/2025/00/59/31 PUT /v1/AUTH_ae7fe12107834a939f075e57d1e93600/gnocchi.2f912749-0dfb-409b-9380-cb7b1303a5e5/none_v3 HTTP/1.0 201 - python-swiftclient-3.11.1 gAAAAABpMNxrmRHQ... 22 - - tx509dc412763340a8b08b3-006930dcf3 - 0.0155 - - 1764809971.042931795 1764809971.058472395 0
Dec 4 00:59:31 standalone container-server[127534]: 172.20.0.100 - - [04/Dec/2025:00:59:31 +0000] "HEAD /d1/227/AUTH_ae7fe12107834a939f075e57d1e93600/gnocchi.8ff04734-ca1d-4d58-9020-4ff0bf110f1a" 404 - "HEAD http://172.18.0.2:8080/v1/AUTH_ae7fe12107834a939f075e57d1e93600/gnocchi.8ff04734-ca1d-4d58-9020-4ff0bf110f1a?format=json&states=listing" "txc7cd74e190f2445e8a88b-006930dcf3" "proxy-server 20" 0.0006 "-" 22 0
Dec 4 00:59:31 standalone object-server[127676]: 172.20.0.100 - - [04/Dec/2025:00:59:31 +0000] "GET /d1/155/AUTH_ae7fe12107834a939f075e57d1e93600/gnocchi.8ff04734-ca1d-4d58-9020-4ff0bf110f1a/none_v3" 404 70 "GET http://172.18.0.2:8080/v1/AUTH_ae7fe12107834a939f075e57d1e93600/gnocchi.8ff04734-ca1d-4d58-9020-4ff0bf110f1a/none_v3" "txc7cd74e190f2445e8a88b-006930dcf3" "proxy-server 20" 0.0004 "-" 23 0
Dec 4 00:59:31 standalone proxy-server[129697]: 172.18.0.2 172.18.0.100 04/Dec/2025/00/59/31 GET /v1/AUTH_ae7fe12107834a939f075e57d1e93600/gnocchi.8ff04734-ca1d-4d58-9020-4ff0bf110f1a/none_v3 HTTP/1.0 404 - python-swiftclient-3.11.1 gAAAAABpMNxrmRHQ... - 70 - txc7cd74e190f2445e8a88b-006930dcf3 - 0.0117 - - 1764809971.075102091 1764809971.086817265 0
Dec 4 00:59:31 standalone account-server[127313]: 172.20.0.100 - - [04/Dec/2025:00:59:31 +0000] "PUT /d1/778/AUTH_ae7fe12107834a939f075e57d1e93600/gnocchi.8ff04734-ca1d-4d58-9020-4ff0bf110f1a" 201 - "PUT http://172.20.0.100:6001/d1/227/AUTH_ae7fe12107834a939f075e57d1e93600/gnocchi.8ff04734-ca1d-4d58-9020-4ff0bf110f1a" "tx22f359e63b604413808d9-006930dcf3" "container-server 23" 0.0066 "-" 17 0
Dec 4 00:59:31 standalone container-server[127538]: 172.20.0.100 - - [04/Dec/2025:00:59:31 +0000] "PUT /d1/227/AUTH_ae7fe12107834a939f075e57d1e93600/gnocchi.8ff04734-ca1d-4d58-9020-4ff0bf110f1a" 201 - "PUT http://172.18.0.2:8080/v1/AUTH_ae7fe12107834a939f075e57d1e93600/gnocchi.8ff04734-ca1d-4d58-9020-4ff0bf110f1a" "tx22f359e63b604413808d9-006930dcf3" "proxy-server 20" 0.0199 "-" 23 0
Dec 4 00:59:31 standalone proxy-server[129697]: 172.18.0.2 172.18.0.100 04/Dec/2025/00/59/31 PUT /v1/AUTH_ae7fe12107834a939f075e57d1e93600/gnocchi.8ff04734-ca1d-4d58-9020-4ff0bf110f1a HTTP/1.0 201 - python-swiftclient-3.11.1 gAAAAABpMNxrmRHQ... - - - tx22f359e63b604413808d9-006930dcf3 - 0.0267 - - 1764809971.090504408 1764809971.117211342 0
Dec 4 00:59:31 standalone container-server[127534]: 172.20.0.100 - - [04/Dec/2025:00:59:31 +0000] "HEAD /d1/227/AUTH_ae7fe12107834a939f075e57d1e93600/gnocchi.8ff04734-ca1d-4d58-9020-4ff0bf110f1a" 204 - "HEAD http://172.18.0.2:8080/v1/AUTH_ae7fe12107834a939f075e57d1e93600/gnocchi.8ff04734-ca1d-4d58-9020-4ff0bf110f1a?format=json&states=listing" "tx82495aca0024484e87d7a-006930dcf3" "proxy-server 20" 0.0027 "-" 22 0
Dec 4 00:59:31 standalone proxy-server[129697]: - - 04/Dec/2025/00/59/31 HEAD /v1/AUTH_ae7fe12107834a939f075e57d1e93600/gnocchi.8ff04734-ca1d-4d58-9020-4ff0bf110f1a%3Fformat%3Djson%26states%3Dlisting HTTP/1.0 204 - Swift - - - - tx82495aca0024484e87d7a-006930dcf3 - 0.0086 RL - 1764809971.123052120 1764809971.131630182 0
Dec 4 00:59:31 standalone container-server[127516]: 172.20.0.100 - - [04/Dec/2025:00:59:31 +0000] "GET /d1/227/AUTH_ae7fe12107834a939f075e57d1e93600/gnocchi.8ff04734-ca1d-4d58-9020-4ff0bf110f1a" 200 2 "GET http://172.18.0.2:8080/v1/AUTH_ae7fe12107834a939f075e57d1e93600/gnocchi.8ff04734-ca1d-4d58-9020-4ff0bf110f1a?format=json&states=listing" "tx82495aca0024484e87d7a-006930dcf3" "proxy-server 20" 0.0053 "-" 21 0
Dec 4 00:59:31 standalone proxy-server[129697]: 172.18.0.2 172.18.0.100 04/Dec/2025/00/59/31 GET /v1/AUTH_ae7fe12107834a939f075e57d1e93600/gnocchi.8ff04734-ca1d-4d58-9020-4ff0bf110f1a%3Fformat%3Djson%26states%3Dlisting HTTP/1.0 200 - python-swiftclient-3.11.1 gAAAAABpMNxrmRHQ... - 2 - tx82495aca0024484e87d7a-006930dcf3 - 0.0249 - - 1764809971.122036695 1764809971.146952629 0
Dec 4 00:59:31 standalone object-server[127679]: 172.20.0.100 - - [04/Dec/2025:00:59:31 +0000] "GET /d1/922/AUTH_ae7fe12107834a939f075e57d1e93600/gnocchi.8ff04734-ca1d-4d58-9020-4ff0bf110f1a/1764720000.0_mean_300.0_v3" 404 70 "GET http://172.18.0.2:8080/v1/AUTH_ae7fe12107834a939f075e57d1e93600/gnocchi.8ff04734-ca1d-4d58-9020-4ff0bf110f1a/1764720000.0_mean_300.0_v3" "txa9fe7cffdc33487aa4b74-006930dcf3" "proxy-server 20" 0.0004 "-" 25 0
Dec 4 00:59:31 standalone proxy-server[129697]: 172.18.0.2 172.18.0.100 04/Dec/2025/00/59/31 GET /v1/AUTH_ae7fe12107834a939f075e57d1e93600/gnocchi.8ff04734-ca1d-4d58-9020-4ff0bf110f1a/1764720000.0_mean_300.0_v3 HTTP/1.0 404 - python-swiftclient-3.11.1 gAAAAABpMNxrmRHQ... - 70 - txa9fe7cffdc33487aa4b74-006930dcf3 - 0.0077 - - 1764809971.152597427 1764809971.160248995 0
Dec 4 00:59:31 standalone container-server[127538]: 172.20.0.100 - - [04/Dec/2025:00:59:31 +0000] "PUT /d1/227/AUTH_ae7fe12107834a939f075e57d1e93600/gnocchi.8ff04734-ca1d-4d58-9020-4ff0bf110f1a/1764720000.0_mean_300.0_v3" 201 - "PUT http://172.18.0.2:8080/d1/922/AUTH_ae7fe12107834a939f075e57d1e93600/gnocchi.8ff04734-ca1d-4d58-9020-4ff0bf110f1a/1764720000.0_mean_300.0_v3" "tx35ff51e5ee2b482dacc2f-006930dcf3" "object-server 23" 0.0015 "-" 23 0
Dec 4 00:59:31 standalone object-server[127676]: 172.20.0.100 - - [04/Dec/2025:00:59:31 +0000] "PUT /d1/922/AUTH_ae7fe12107834a939f075e57d1e93600/gnocchi.8ff04734-ca1d-4d58-9020-4ff0bf110f1a/1764720000.0_mean_300.0_v3" 201 - "PUT http://172.18.0.2:8080/v1/AUTH_ae7fe12107834a939f075e57d1e93600/gnocchi.8ff04734-ca1d-4d58-9020-4ff0bf110f1a/1764720000.0_mean_300.0_v3" "tx35ff51e5ee2b482dacc2f-006930dcf3" "proxy-server 20" 0.0135 "-" 23 0
Dec 4 00:59:31 standalone proxy-server[129697]: 172.18.0.2 172.18.0.100 04/Dec/2025/00/59/31 PUT /v1/AUTH_ae7fe12107834a939f075e57d1e93600/gnocchi.8ff04734-ca1d-4d58-9020-4ff0bf110f1a/1764720000.0_mean_300.0_v3 HTTP/1.0 201 - python-swiftclient-3.11.1 gAAAAABpMNxrmRHQ... 16 - - tx35ff51e5ee2b482dacc2f-006930dcf3 - 0.0202 - - 1764809971.165670633 1764809971.185885906 0
Dec 4 00:59:31 standalone container-server[127516]: 172.20.0.100 - - [04/Dec/2025:00:59:31 +0000] "PUT /d1/227/AUTH_ae7fe12107834a939f075e57d1e93600/gnocchi.8ff04734-ca1d-4d58-9020-4ff0bf110f1a/none_v3" 201 - "PUT http://172.18.0.2:8080/d1/155/AUTH_ae7fe12107834a939f075e57d1e93600/gnocchi.8ff04734-ca1d-4d58-9020-4ff0bf110f1a/none_v3" "tx3cf92b8bd7844fb482bbe-006930dcf3" "object-server 23" 0.0008 "-" 21 0
Dec 4 00:59:31 standalone object-server[127676]: 172.20.0.100 - - [04/Dec/2025:00:59:31 +0000] "PUT /d1/155/AUTH_ae7fe12107834a939f075e57d1e93600/gnocchi.8ff04734-ca1d-4d58-9020-4ff0bf110f1a/none_v3" 201 - "PUT http://172.18.0.2:8080/v1/AUTH_ae7fe12107834a939f075e57d1e93600/gnocchi.8ff04734-ca1d-4d58-9020-4ff0bf110f1a/none_v3" "tx3cf92b8bd7844fb482bbe-006930dcf3" "proxy-server 20" 0.0122 "-" 23 0
Dec 4 00:59:31 standalone proxy-server[129697]: 172.18.0.2 172.18.0.100 04/Dec/2025/00/59/31 PUT /v1/AUTH_ae7fe12107834a939f075e57d1e93600/gnocchi.8ff04734-ca1d-4d58-9020-4ff0bf110f1a/none_v3 HTTP/1.0 201 - python-swiftclient-3.11.1 gAAAAABpMNxrmRHQ... 22 - - tx3cf92b8bd7844fb482bbe-006930dcf3 - 0.0214 - - 1764809971.190047264 1764809971.211418867 0
Dec 4 00:59:31 standalone container-server[127516]: 172.20.0.100 - - [04/Dec/2025:00:59:31 +0000] "HEAD /d1/200/AUTH_ae7fe12107834a939f075e57d1e93600/gnocchi.ee8fdc6a-d097-4b4b-b35b-3de805636f5c" 404 - "HEAD http://172.18.0.2:8080/v1/AUTH_ae7fe12107834a939f075e57d1e93600/gnocchi.ee8fdc6a-d097-4b4b-b35b-3de805636f5c?format=json&states=listing" "txbb864b6dbdc848139cb63-006930dcf3" "proxy-server 20" 0.0005 "-" 21 0
Dec 4 00:59:31 standalone object-server[127677]: 172.20.0.100 - - [04/Dec/2025:00:59:31 +0000] "GET /d1/825/AUTH_ae7fe12107834a939f075e57d1e93600/gnocchi.ee8fdc6a-d097-4b4b-b35b-3de805636f5c/none_v3" 404 70 "GET http://172.18.0.2:8080/v1/AUTH_ae7fe12107834a939f075e57d1e93600/gnocchi.ee8fdc6a-d097-4b4b-b35b-3de805636f5c/none_v3" "txbb864b6dbdc848139cb63-006930dcf3" "proxy-server 20" 0.0004 "-" 24 0
Dec 4 00:59:31 standalone proxy-server[129697]: 172.18.0.2 172.18.0.100 04/Dec/2025/00/59/31 GET /v1/AUTH_ae7fe12107834a939f075e57d1e93600/gnocchi.ee8fdc6a-d097-4b4b-b35b-3de805636f5c/none_v3 HTTP/1.0 404 - python-swiftclient-3.11.1 gAAAAABpMNxrmRHQ... - 70 - txbb864b6dbdc848139cb63-006930dcf3 - 0.0122 - - 1764809971.228839636 1764809971.241063833 0
Dec 4 00:59:31 standalone account-server[127313]: 172.20.0.100 - - [04/Dec/2025:00:59:31 +0000] "PUT /d1/778/AUTH_ae7fe12107834a939f075e57d1e93600/gnocchi.ee8fdc6a-d097-4b4b-b35b-3de805636f5c" 201 - "PUT http://172.20.0.100:6001/d1/200/AUTH_ae7fe12107834a939f075e57d1e93600/gnocchi.ee8fdc6a-d097-4b4b-b35b-3de805636f5c" "tx01651edb60554555a302b-006930dcf3" "container-server 21" 0.0045 "-" 17 0
Dec 4 00:59:31 standalone container-server[127516]: 172.20.0.100 - - [04/Dec/2025:00:59:31 +0000] "PUT /d1/200/AUTH_ae7fe12107834a939f075e57d1e93600/gnocchi.ee8fdc6a-d097-4b4b-b35b-3de805636f5c" 201 - "PUT http://172.18.0.2:8080/v1/AUTH_ae7fe12107834a939f075e57d1e93600/gnocchi.ee8fdc6a-d097-4b4b-b35b-3de805636f5c" "tx01651edb60554555a302b-006930dcf3" "proxy-server 20" 0.0167 "-" 21 0
Dec 4 00:59:31 standalone proxy-server[129697]: 172.18.0.2 172.18.0.100 04/Dec/2025/00/59/31 PUT /v1/AUTH_ae7fe12107834a939f075e57d1e93600/gnocchi.ee8fdc6a-d097-4b4b-b35b-3de805636f5c HTTP/1.0 201 - python-swiftclient-3.11.1 gAAAAABpMNxrmRHQ... - - - tx01651edb60554555a302b-006930dcf3 - 0.0232 - - 1764809971.245209932 1764809971.268385649 0
Dec 4 00:59:31 standalone container-server[127534]: 172.20.0.100 - - [04/Dec/2025:00:59:31 +0000] "HEAD /d1/200/AUTH_ae7fe12107834a939f075e57d1e93600/gnocchi.ee8fdc6a-d097-4b4b-b35b-3de805636f5c" 204 - "HEAD http://172.18.0.2:8080/v1/AUTH_ae7fe12107834a939f075e57d1e93600/gnocchi.ee8fdc6a-d097-4b4b-b35b-3de805636f5c?format=json&states=listing" "txadd2ee00099840cdb6cf8-006930dcf3" "proxy-server 20" 0.0026 "-" 22 0
Dec 4 00:59:31 standalone proxy-server[129697]: - - 04/Dec/2025/00/59/31 HEAD /v1/AUTH_ae7fe12107834a939f075e57d1e93600/gnocchi.ee8fdc6a-d097-4b4b-b35b-3de805636f5c%3Fformat%3Djson%26states%3Dlisting HTTP/1.0 204 - Swift - - - - txadd2ee00099840cdb6cf8-006930dcf3 - 0.0705 RL - 1764809971.277233362 1764809971.347696543 0
Dec 4 00:59:31 standalone container-server[127482]: 172.20.0.100 - - [04/Dec/2025:00:59:31 +0000] "GET /d1/200/AUTH_ae7fe12107834a939f075e57d1e93600/gnocchi.ee8fdc6a-d097-4b4b-b35b-3de805636f5c" 200 2 "GET http://172.18.0.2:8080/v1/AUTH_ae7fe12107834a939f075e57d1e93600/gnocchi.ee8fdc6a-d097-4b4b-b35b-3de805636f5c?format=json&states=listing" "txadd2ee00099840cdb6cf8-006930dcf3" "proxy-server 20" 0.0037 "-" 20 0
Dec 4 00:59:31 standalone proxy-server[129697]: 172.18.0.2 172.18.0.100 04/Dec/2025/00/59/31 GET /v1/AUTH_ae7fe12107834a939f075e57d1e93600/gnocchi.ee8fdc6a-d097-4b4b-b35b-3de805636f5c%3Fformat%3Djson%26states%3Dlisting HTTP/1.0 200 - python-swiftclient-3.11.1 gAAAAABpMNxrmRHQ... - 2 - txadd2ee00099840cdb6cf8-006930dcf3 - 0.0924 - - 1764809971.275617123 1764809971.368059397 0
Dec 4 00:59:31 standalone object-server[127679]: 172.20.0.100 - - [04/Dec/2025:00:59:31 +0000] "GET /d1/419/AUTH_ae7fe12107834a939f075e57d1e93600/gnocchi.ee8fdc6a-d097-4b4b-b35b-3de805636f5c/1764720000.0_mean_300.0_v3" 404 70 "GET http://172.18.0.2:8080/v1/AUTH_ae7fe12107834a939f075e57d1e93600/gnocchi.ee8fdc6a-d097-4b4b-b35b-3de805636f5c/1764720000.0_mean_300.0_v3" "tx273a5b6f7d544000b6052-006930dcf3" "proxy-server 20" 0.0006 "-" 25 0
Dec 4 00:59:31 standalone proxy-server[129697]: 172.18.0.2 172.18.0.100 04/Dec/2025/00/59/31 GET /v1/AUTH_ae7fe12107834a939f075e57d1e93600/gnocchi.ee8fdc6a-d097-4b4b-b35b-3de805636f5c/1764720000.0_mean_300.0_v3 HTTP/1.0 404 - python-swiftclient-3.11.1 gAAAAABpMNxrmRHQ... - 70 - tx273a5b6f7d544000b6052-006930dcf3 - 0.0124 - - 1764809971.375466824 1764809971.387896538 0
Dec 4 00:59:31 standalone container-server[127538]: 172.20.0.100 - - [04/Dec/2025:00:59:31 +0000] "PUT /d1/200/AUTH_ae7fe12107834a939f075e57d1e93600/gnocchi.ee8fdc6a-d097-4b4b-b35b-3de805636f5c/1764720000.0_mean_300.0_v3" 201 - "PUT http://172.18.0.2:8080/d1/419/AUTH_ae7fe12107834a939f075e57d1e93600/gnocchi.ee8fdc6a-d097-4b4b-b35b-3de805636f5c/1764720000.0_mean_300.0_v3" "tx290e662f01724a6da4905-006930dcf3" "object-server 23" 0.0008 "-" 23 0
Dec 4 00:59:31 standalone object-server[127676]: 172.20.0.100 - - [04/Dec/2025:00:59:31 +0000] "PUT /d1/419/AUTH_ae7fe12107834a939f075e57d1e93600/gnocchi.ee8fdc6a-d097-4b4b-b35b-3de805636f5c/1764720000.0_mean_300.0_v3" 201 - "PUT http://172.18.0.2:8080/v1/AUTH_ae7fe12107834a939f075e57d1e93600/gnocchi.ee8fdc6a-d097-4b4b-b35b-3de805636f5c/1764720000.0_mean_300.0_v3" "tx290e662f01724a6da4905-006930dcf3" "proxy-server 20" 0.0129 "-" 23 0
Dec 4 00:59:31 standalone proxy-server[129697]: 172.18.0.2 172.18.0.100 04/Dec/2025/00/59/31 PUT /v1/AUTH_ae7fe12107834a939f075e57d1e93600/gnocchi.ee8fdc6a-d097-4b4b-b35b-3de805636f5c/1764720000.0_mean_300.0_v3 HTTP/1.0 201 - python-swiftclient-3.11.1 gAAAAABpMNxrmRHQ... 16 - - tx290e662f01724a6da4905-006930dcf3 - 0.0245 - - 1764809971.392836094 1764809971.417315245 0
Dec 4 00:59:31 standalone container-server[127538]: 172.20.0.100 - - [04/Dec/2025:00:59:31 +0000] "PUT /d1/200/AUTH_ae7fe12107834a939f075e57d1e93600/gnocchi.ee8fdc6a-d097-4b4b-b35b-3de805636f5c/none_v3" 201 - "PUT http://172.18.0.2:8080/d1/825/AUTH_ae7fe12107834a939f075e57d1e93600/gnocchi.ee8fdc6a-d097-4b4b-b35b-3de805636f5c/none_v3" "tx819ee7b235e54af8beef9-006930dcf3" "object-server 24" 0.0010 "-" 23 0
Dec 4 00:59:31 standalone object-server[127677]: 172.20.0.100 - - [04/Dec/2025:00:59:31 +0000] "PUT /d1/825/AUTH_ae7fe12107834a939f075e57d1e93600/gnocchi.ee8fdc6a-d097-4b4b-b35b-3de805636f5c/none_v3" 201 - "PUT http://172.18.0.2:8080/v1/AUTH_ae7fe12107834a939f075e57d1e93600/gnocchi.ee8fdc6a-d097-4b4b-b35b-3de805636f5c/none_v3" "tx819ee7b235e54af8beef9-006930dcf3" "proxy-server 20" 0.0303 "-" 24 0
Dec 4 00:59:31 standalone proxy-server[129697]: 172.18.0.2 172.18.0.100 04/Dec/2025/00/59/31 PUT /v1/AUTH_ae7fe12107834a939f075e57d1e93600/gnocchi.ee8fdc6a-d097-4b4b-b35b-3de805636f5c/none_v3 HTTP/1.0 201 - python-swiftclient-3.11.1 gAAAAABpMNxrmRHQ... 22 - - tx819ee7b235e54af8beef9-006930dcf3 - 0.0367 - - 1764809971.420618773 1764809971.457269669 0
Dec 4 00:59:31 standalone container-server[127538]: 172.20.0.100 - - [04/Dec/2025:00:59:31 +0000] "HEAD /d1/248/AUTH_ae7fe12107834a939f075e57d1e93600/gnocchi.4023e179-bfe7-43f9-a581-493274ae9498" 404 - "HEAD http://172.18.0.2:8080/v1/AUTH_ae7fe12107834a939f075e57d1e93600/gnocchi.4023e179-bfe7-43f9-a581-493274ae9498?format=json&states=listing" "tx511b1c394b6d4a6d8327d-006930dcf3" "proxy-server 20" 0.0008 "-" 23 0
Dec 4 00:59:31 standalone object-server[127679]: 172.20.0.100 - - [04/Dec/2025:00:59:31 +0000] "GET /d1/236/AUTH_ae7fe12107834a939f075e57d1e93600/gnocchi.4023e179-bfe7-43f9-a581-493274ae9498/none_v3" 404 70 "GET http://172.18.0.2:8080/v1/AUTH_ae7fe12107834a939f075e57d1e93600/gnocchi.4023e179-bfe7-43f9-a581-493274ae9498/none_v3" "tx511b1c394b6d4a6d8327d-006930dcf3" "proxy-server 20" 0.0005 "-" 25 0
Dec 4 00:59:31 standalone proxy-server[129697]: 172.18.0.2 172.18.0.100 04/Dec/2025/00/59/31 GET /v1/AUTH_ae7fe12107834a939f075e57d1e93600/gnocchi.4023e179-bfe7-43f9-a581-493274ae9498/none_v3 HTTP/1.0 404 - python-swiftclient-3.11.1 gAAAAABpMNxrmRHQ... - 70 - tx511b1c394b6d4a6d8327d-006930dcf3 - 0.0132 - - 1764809971.477982998 1764809971.491230488 0
Dec 4 00:59:31 standalone account-server[127327]: 172.20.0.100 - - [04/Dec/2025:00:59:31 +0000] "PUT /d1/778/AUTH_ae7fe12107834a939f075e57d1e93600/gnocchi.4023e179-bfe7-43f9-a581-493274ae9498" 201 - "PUT http://172.20.0.100:6001/d1/248/AUTH_ae7fe12107834a939f075e57d1e93600/gnocchi.4023e179-bfe7-43f9-a581-493274ae9498" "txfb4edbc1c5904f80847d5-006930dcf3" "container-server 20" 0.0044 "-" 19 0
Dec 4 00:59:31 standalone container-server[127482]: 172.20.0.100 - - [04/Dec/2025:00:59:31 +0000] "PUT /d1/248/AUTH_ae7fe12107834a939f075e57d1e93600/gnocchi.4023e179-bfe7-43f9-a581-493274ae9498" 201 - "PUT http://172.18.0.2:8080/v1/AUTH_ae7fe12107834a939f075e57d1e93600/gnocchi.4023e179-bfe7-43f9-a581-493274ae9498" "txfb4edbc1c5904f80847d5-006930dcf3" "proxy-server 20" 0.0187 "-" 20 0
Dec 4 00:59:31 standalone proxy-server[129697]: 172.18.0.2 172.18.0.100 04/Dec/2025/00/59/31 PUT /v1/AUTH_ae7fe12107834a939f075e57d1e93600/gnocchi.4023e179-bfe7-43f9-a581-493274ae9498 HTTP/1.0 201 - python-swiftclient-3.11.1 gAAAAABpMNxrmRHQ... - - - txfb4edbc1c5904f80847d5-006930dcf3 - 0.0239 - - 1764809971.498199463 1764809971.522097826 0
Dec 4 00:59:31 standalone container-server[127534]: 172.20.0.100 - - [04/Dec/2025:00:59:31 +0000] "HEAD /d1/248/AUTH_ae7fe12107834a939f075e57d1e93600/gnocchi.4023e179-bfe7-43f9-a581-493274ae9498" 204 - "HEAD http://172.18.0.2:8080/v1/AUTH_ae7fe12107834a939f075e57d1e93600/gnocchi.4023e179-bfe7-43f9-a581-493274ae9498?format=json&states=listing" "txb2384ef029fe4bfaba519-006930dcf3" "proxy-server 20" 0.0016 "-" 22 0
Dec 4 00:59:31 standalone proxy-server[129697]: - - 04/Dec/2025/00/59/31 HEAD /v1/AUTH_ae7fe12107834a939f075e57d1e93600/gnocchi.4023e179-bfe7-43f9-a581-493274ae9498%3Fformat%3Djson%26states%3Dlisting HTTP/1.0 204 - Swift - - - - txb2384ef029fe4bfaba519-006930dcf3 - 0.0048 RL - 1764809971.528283834 1764809971.533037663 0
Dec 4 00:59:31 standalone container-server[127482]: 172.20.0.100 - - [04/Dec/2025:00:59:31 +0000] "GET /d1/248/AUTH_ae7fe12107834a939f075e57d1e93600/gnocchi.4023e179-bfe7-43f9-a581-493274ae9498" 200 2 "GET http://172.18.0.2:8080/v1/AUTH_ae7fe12107834a939f075e57d1e93600/gnocchi.4023e179-bfe7-43f9-a581-493274ae9498?format=json&states=listing" "txb2384ef029fe4bfaba519-006930dcf3" "proxy-server 20" 0.0020 "-" 20 0
Dec 4 00:59:31 standalone proxy-server[129697]: 172.18.0.2 172.18.0.100 04/Dec/2025/00/59/31 GET /v1/AUTH_ae7fe12107834a939f075e57d1e93600/gnocchi.4023e179-bfe7-43f9-a581-493274ae9498%3Fformat%3Djson%26states%3Dlisting HTTP/1.0 200 - python-swiftclient-3.11.1 gAAAAABpMNxrmRHQ... - 2 - txb2384ef029fe4bfaba519-006930dcf3 - 0.0120 - - 1764809971.527263403 1764809971.539253473 0
Dec 4 00:59:31 standalone object-server[127677]: 172.20.0.100 - - [04/Dec/2025:00:59:31 +0000] "GET /d1/970/AUTH_ae7fe12107834a939f075e57d1e93600/gnocchi.4023e179-bfe7-43f9-a581-493274ae9498/1764720000.0_mean_300.0_v3" 404 70 "GET http://172.18.0.2:8080/v1/AUTH_ae7fe12107834a939f075e57d1e93600/gnocchi.4023e179-bfe7-43f9-a581-493274ae9498/1764720000.0_mean_300.0_v3" "txf5c50d1ba7f94bbfbfa02-006930dcf3" "proxy-server 20" 0.0004 "-" 24 0
Dec 4 00:59:31 standalone proxy-server[129697]: 172.18.0.2 172.18.0.100 04/Dec/2025/00/59/31 GET /v1/AUTH_ae7fe12107834a939f075e57d1e93600/gnocchi.4023e179-bfe7-43f9-a581-493274ae9498/1764720000.0_mean_300.0_v3 HTTP/1.0 404 - python-swiftclient-3.11.1 gAAAAABpMNxrmRHQ... - 70 - txf5c50d1ba7f94bbfbfa02-006930dcf3 - 0.0043 - - 1764809971.542759180 1764809971.547041893 0
Dec 4 00:59:31 standalone container-server[127534]: 172.20.0.100 - - [04/Dec/2025:00:59:31 +0000] "PUT /d1/248/AUTH_ae7fe12107834a939f075e57d1e93600/gnocchi.4023e179-bfe7-43f9-a581-493274ae9498/1764720000.0_mean_300.0_v3" 201 - "PUT http://172.18.0.2:8080/d1/970/AUTH_ae7fe12107834a939f075e57d1e93600/gnocchi.4023e179-bfe7-43f9-a581-493274ae9498/1764720000.0_mean_300.0_v3" "tx6aaf612d55e54f948c14d-006930dcf3" "object-server 24" 0.0006 "-" 22 0
Dec 4 00:59:31 standalone object-server[127677]: 172.20.0.100 - - [04/Dec/2025:00:59:31 +0000] "PUT /d1/970/AUTH_ae7fe12107834a939f075e57d1e93600/gnocchi.4023e179-bfe7-43f9-a581-493274ae9498/1764720000.0_mean_300.0_v3" 201 - "PUT http://172.18.0.2:8080/v1/AUTH_ae7fe12107834a939f075e57d1e93600/gnocchi.4023e179-bfe7-43f9-a581-493274ae9498/1764720000.0_mean_300.0_v3" "tx6aaf612d55e54f948c14d-006930dcf3" "proxy-server 20" 0.0092 "-" 24 0
Dec 4 00:59:31 standalone proxy-server[129697]: 172.18.0.2 172.18.0.100 04/Dec/2025/00/59/31 PUT /v1/AUTH_ae7fe12107834a939f075e57d1e93600/gnocchi.4023e179-bfe7-43f9-a581-493274ae9498/1764720000.0_mean_300.0_v3 HTTP/1.0 201 - python-swiftclient-3.11.1 gAAAAABpMNxrmRHQ... 16 - - tx6aaf612d55e54f948c14d-006930dcf3 - 0.0129 - - 1764809971.549474955 1764809971.562411308 0
Dec 4 00:59:31 standalone container-server[127534]: 172.20.0.100 - - [04/Dec/2025:00:59:31 +0000] "PUT /d1/248/AUTH_ae7fe12107834a939f075e57d1e93600/gnocchi.4023e179-bfe7-43f9-a581-493274ae9498/none_v3" 201 - "PUT http://172.18.0.2:8080/d1/236/AUTH_ae7fe12107834a939f075e57d1e93600/gnocchi.4023e179-bfe7-43f9-a581-493274ae9498/none_v3" "tx3966902152fc42c0b145a-006930dcf3" "object-server 24" 0.0007 "-" 22 0
Dec 4 00:59:31 standalone object-server[127677]: 172.20.0.100 - - [04/Dec/2025:00:59:31 +0000] "PUT /d1/236/AUTH_ae7fe12107834a939f075e57d1e93600/gnocchi.4023e179-bfe7-43f9-a581-493274ae9498/none_v3" 201 - "PUT http://172.18.0.2:8080/v1/AUTH_ae7fe12107834a939f075e57d1e93600/gnocchi.4023e179-bfe7-43f9-a581-493274ae9498/none_v3" "tx3966902152fc42c0b145a-006930dcf3" "proxy-server 20" 0.0096 "-" 24 0
Dec 4 00:59:31 standalone proxy-server[129697]: 172.18.0.2 172.18.0.100 04/Dec/2025/00/59/31 PUT /v1/AUTH_ae7fe12107834a939f075e57d1e93600/gnocchi.4023e179-bfe7-43f9-a581-493274ae9498/none_v3 HTTP/1.0 201 - python-swiftclient-3.11.1 gAAAAABpMNxrmRHQ... 22 - - tx3966902152fc42c0b145a-006930dcf3 - 0.0146 - - 1764809971.564897537 1764809971.579505682 0
Dec 4 00:59:31 standalone container-server[127534]: 172.20.0.100 - - [04/Dec/2025:00:59:31 +0000] "HEAD /d1/811/AUTH_ae7fe12107834a939f075e57d1e93600/gnocchi.5caf348b-3edb-4aef-a304-2683fad232a7" 404 - "HEAD http://172.18.0.2:8080/v1/AUTH_ae7fe12107834a939f075e57d1e93600/gnocchi.5caf348b-3edb-4aef-a304-2683fad232a7?format=json&states=listing" "tx73eb327d209f4c1da0c47-006930dcf3" "proxy-server 20" 0.0005 "-" 22 0
Dec 4 00:59:31 standalone object-server[127676]: 172.20.0.100 - - [04/Dec/2025:00:59:31 +0000] "GET /d1/372/AUTH_ae7fe12107834a939f075e57d1e93600/gnocchi.5caf348b-3edb-4aef-a304-2683fad232a7/none_v3" 404 70 "GET http://172.18.0.2:8080/v1/AUTH_ae7fe12107834a939f075e57d1e93600/gnocchi.5caf348b-3edb-4aef-a304-2683fad232a7/none_v3" "tx73eb327d209f4c1da0c47-006930dcf3" "proxy-server 20" 0.0006 "-" 23 0
Dec 4 00:59:31 standalone proxy-server[129697]: 172.18.0.2 172.18.0.100 04/Dec/2025/00/59/31 GET /v1/AUTH_ae7fe12107834a939f075e57d1e93600/gnocchi.5caf348b-3edb-4aef-a304-2683fad232a7/none_v3 HTTP/1.0 404 - python-swiftclient-3.11.1 gAAAAABpMNxrmRHQ... - 70 - tx73eb327d209f4c1da0c47-006930dcf3 - 0.0137 - - 1764809971.590023518 1764809971.603739023 0
Dec 4 00:59:31 standalone account-server[127343]: 172.20.0.100 - - [04/Dec/2025:00:59:31 +0000] "PUT /d1/778/AUTH_ae7fe12107834a939f075e57d1e93600/gnocchi.5caf348b-3edb-4aef-a304-2683fad232a7" 201 - "PUT http://172.20.0.100:6001/d1/811/AUTH_ae7fe12107834a939f075e57d1e93600/gnocchi.5caf348b-3edb-4aef-a304-2683fad232a7" "tx010463d19c904c0b9b324-006930dcf3" "container-server 21" 0.0051 "-" 21 0
Dec 4 00:59:31 standalone container-server[127516]: 172.20.0.100 - - [04/Dec/2025:00:59:31 +0000] "PUT /d1/811/AUTH_ae7fe12107834a939f075e57d1e93600/gnocchi.5caf348b-3edb-4aef-a304-2683fad232a7" 201 - "PUT http://172.18.0.2:8080/v1/AUTH_ae7fe12107834a939f075e57d1e93600/gnocchi.5caf348b-3edb-4aef-a304-2683fad232a7" "tx010463d19c904c0b9b324-006930dcf3" "proxy-server 20" 0.0176 "-" 21 0
Dec 4 00:59:31 standalone proxy-server[129697]: 172.18.0.2 172.18.0.100 04/Dec/2025/00/59/31 PUT /v1/AUTH_ae7fe12107834a939f075e57d1e93600/gnocchi.5caf348b-3edb-4aef-a304-2683fad232a7 HTTP/1.0 201 - python-swiftclient-3.11.1 gAAAAABpMNxrmRHQ... - - - tx010463d19c904c0b9b324-006930dcf3 - 0.0237 - - 1764809971.606909513 1764809971.630588055 0
Dec 4 00:59:31 standalone container-server[127534]: 172.20.0.100 - - [04/Dec/2025:00:59:31 +0000] "HEAD /d1/811/AUTH_ae7fe12107834a939f075e57d1e93600/gnocchi.5caf348b-3edb-4aef-a304-2683fad232a7" 204 - "HEAD http://172.18.0.2:8080/v1/AUTH_ae7fe12107834a939f075e57d1e93600/gnocchi.5caf348b-3edb-4aef-a304-2683fad232a7?format=json&states=listing" "tx52fea925636442e781cc4-006930dcf3" "proxy-server 20" 0.0017 "-" 22 0
Dec 4 00:59:31 standalone proxy-server[129697]: - - 04/Dec/2025/00/59/31 HEAD /v1/AUTH_ae7fe12107834a939f075e57d1e93600/gnocchi.5caf348b-3edb-4aef-a304-2683fad232a7%3Fformat%3Djson%26states%3Dlisting HTTP/1.0 204 - Swift - - - - tx52fea925636442e781cc4-006930dcf3 - 0.0055 RL - 1764809971.635337591 1764809971.640801907 0
Dec 4 00:59:31 standalone container-server[127538]: 172.20.0.100 - - [04/Dec/2025:00:59:31 +0000] "GET /d1/811/AUTH_ae7fe12107834a939f075e57d1e93600/gnocchi.5caf348b-3edb-4aef-a304-2683fad232a7" 200 2 "GET http://172.18.0.2:8080/v1/AUTH_ae7fe12107834a939f075e57d1e93600/gnocchi.5caf348b-3edb-4aef-a304-2683fad232a7?format=json&states=listing" "tx52fea925636442e781cc4-006930dcf3" "proxy-server 20" 0.0023 "-" 23 0
Dec 4 00:59:31 standalone proxy-server[129697]: 172.18.0.2 172.18.0.100 04/Dec/2025/00/59/31 GET /v1/AUTH_ae7fe12107834a939f075e57d1e93600/gnocchi.5caf348b-3edb-4aef-a304-2683fad232a7%3Fformat%3Djson%26states%3Dlisting HTTP/1.0 200 - python-swiftclient-3.11.1 gAAAAABpMNxrmRHQ... - 2 - tx52fea925636442e781cc4-006930dcf3 - 0.0144 - - 1764809971.634243727 1764809971.648650646 0
Dec 4 00:59:31 standalone object-server[127676]: 172.20.0.100 - - [04/Dec/2025:00:59:31 +0000] "GET /d1/5/AUTH_ae7fe12107834a939f075e57d1e93600/gnocchi.5caf348b-3edb-4aef-a304-2683fad232a7/1764720000.0_mean_300.0_v3" 404 70 "GET http://172.18.0.2:8080/v1/AUTH_ae7fe12107834a939f075e57d1e93600/gnocchi.5caf348b-3edb-4aef-a304-2683fad232a7/1764720000.0_mean_300.0_v3" "txf2128664bac6463898c24-006930dcf3" "proxy-server 20" 0.0006 "-" 23 0
Dec 4 00:59:31 standalone proxy-server[129697]: 172.18.0.2 172.18.0.100 04/Dec/2025/00/59/31 GET /v1/AUTH_ae7fe12107834a939f075e57d1e93600/gnocchi.5caf348b-3edb-4aef-a304-2683fad232a7/1764720000.0_mean_300.0_v3 HTTP/1.0 404 - python-swiftclient-3.11.1 gAAAAABpMNxrmRHQ... - 70 - txf2128664bac6463898c24-006930dcf3 - 0.0068 - - 1764809971.651803493 1764809971.658596516 0
Dec 4 00:59:31 standalone container-server[127516]: 172.20.0.100 - - [04/Dec/2025:00:59:31 +0000] "PUT /d1/811/AUTH_ae7fe12107834a939f075e57d1e93600/gnocchi.5caf348b-3edb-4aef-a304-2683fad232a7/1764720000.0_mean_300.0_v3" 201 - "PUT http://172.18.0.2:8080/d1/5/AUTH_ae7fe12107834a939f075e57d1e93600/gnocchi.5caf348b-3edb-4aef-a304-2683fad232a7/1764720000.0_mean_300.0_v3" "tx6f253c57efee497c9bf36-006930dcf3" "object-server 23" 0.0007 "-" 21 0
Dec 4 00:59:31 standalone object-server[127676]: 172.20.0.100 - - [04/Dec/2025:00:59:31 +0000] "PUT /d1/5/AUTH_ae7fe12107834a939f075e57d1e93600/gnocchi.5caf348b-3edb-4aef-a304-2683fad232a7/1764720000.0_mean_300.0_v3" 201 - "PUT http://172.18.0.2:8080/v1/AUTH_ae7fe12107834a939f075e57d1e93600/gnocchi.5caf348b-3edb-4aef-a304-2683fad232a7/1764720000.0_mean_300.0_v3" "tx6f253c57efee497c9bf36-006930dcf3" "proxy-server 20" 0.0126 "-" 23 0
Dec 4 00:59:31 standalone proxy-server[129697]: 172.18.0.2 172.18.0.100 04/Dec/2025/00/59/31 PUT /v1/AUTH_ae7fe12107834a939f075e57d1e93600/gnocchi.5caf348b-3edb-4aef-a304-2683fad232a7/1764720000.0_mean_300.0_v3 HTTP/1.0 201 - python-swiftclient-3.11.1 gAAAAABpMNxrmRHQ... 16 - - tx6f253c57efee497c9bf36-006930dcf3 - 0.0231 - - 1764809971.661739349 1764809971.684861898 0
Dec 4 00:59:31 standalone container-server[127538]: 172.20.0.100 - - [04/Dec/2025:00:59:31 +0000] "PUT /d1/811/AUTH_ae7fe12107834a939f075e57d1e93600/gnocchi.5caf348b-3edb-4aef-a304-2683fad232a7/none_v3" 201 - "PUT http://172.18.0.2:8080/d1/372/AUTH_ae7fe12107834a939f075e57d1e93600/gnocchi.5caf348b-3edb-4aef-a304-2683fad232a7/none_v3" "txacbfff9aade248cfae990-006930dcf3" "object-server 23" 0.0007 "-" 23 0
Dec 4 00:59:31 standalone object-server[127676]: 172.20.0.100 - - [04/Dec/2025:00:59:31 +0000] "PUT /d1/372/AUTH_ae7fe12107834a939f075e57d1e93600/gnocchi.5caf348b-3edb-4aef-a304-2683fad232a7/none_v3" 201 - "PUT http://172.18.0.2:8080/v1/AUTH_ae7fe12107834a939f075e57d1e93600/gnocchi.5caf348b-3edb-4aef-a304-2683fad232a7/none_v3" "txacbfff9aade248cfae990-006930dcf3" "proxy-server 20" 0.0116 "-" 23 0
Dec 4 00:59:31 standalone proxy-server[129697]: 172.18.0.2 172.18.0.100 04/Dec/2025/00/59/31 PUT /v1/AUTH_ae7fe12107834a939f075e57d1e93600/gnocchi.5caf348b-3edb-4aef-a304-2683fad232a7/none_v3 HTTP/1.0 201 - python-swiftclient-3.11.1 gAAAAABpMNxrmRHQ... 22 - - txacbfff9aade248cfae990-006930dcf3 - 0.0167 - - 1764809971.687673807 1764809971.704385519 0
Dec 4 00:59:31 standalone container-server[127538]: 172.20.0.100 - - [04/Dec/2025:00:59:31 +0000] "HEAD /d1/886/AUTH_ae7fe12107834a939f075e57d1e93600/gnocchi.8b076766-dbdd-46cb-b7fd-5b73bfc2a40f" 404 - "HEAD http://172.18.0.2:8080/v1/AUTH_ae7fe12107834a939f075e57d1e93600/gnocchi.8b076766-dbdd-46cb-b7fd-5b73bfc2a40f?format=json&states=listing" "txdf0a4485af2c464f85dd1-006930dcf3" "proxy-server 20" 0.0004 "-" 23 0
Dec 4 00:59:31 standalone object-server[127675]: 172.20.0.100 - - [04/Dec/2025:00:59:31 +0000] "GET /d1/107/AUTH_ae7fe12107834a939f075e57d1e93600/gnocchi.8b076766-dbdd-46cb-b7fd-5b73bfc2a40f/none_v3" 404 70 "GET http://172.18.0.2:8080/v1/AUTH_ae7fe12107834a939f075e57d1e93600/gnocchi.8b076766-dbdd-46cb-b7fd-5b73bfc2a40f/none_v3" "txdf0a4485af2c464f85dd1-006930dcf3" "proxy-server 20" 0.0005 "-" 22 0
Dec 4 00:59:31 standalone proxy-server[129697]: 172.18.0.2 172.18.0.100 04/Dec/2025/00/59/31 GET /v1/AUTH_ae7fe12107834a939f075e57d1e93600/gnocchi.8b076766-dbdd-46cb-b7fd-5b73bfc2a40f/none_v3 HTTP/1.0 404 - python-swiftclient-3.11.1 gAAAAABpMNxrmRHQ... - 70 - txdf0a4485af2c464f85dd1-006930dcf3 - 0.0096 - - 1764809971.714734793 1764809971.724286318 0
Dec 4 00:59:31 standalone account-server[127371]: 172.20.0.100 - - [04/Dec/2025:00:59:31 +0000] "PUT /d1/778/AUTH_ae7fe12107834a939f075e57d1e93600/gnocchi.8b076766-dbdd-46cb-b7fd-5b73bfc2a40f" 201 - "PUT http://172.20.0.100:6001/d1/886/AUTH_ae7fe12107834a939f075e57d1e93600/gnocchi.8b076766-dbdd-46cb-b7fd-5b73bfc2a40f" "tx7bd6bb879a694f4c9f75f-006930dcf3" "container-server 21" 0.0070 "-" 22 0
Dec 4 00:59:31 standalone container-server[127516]: 172.20.0.100 - - [04/Dec/2025:00:59:31 +0000] "PUT /d1/886/AUTH_ae7fe12107834a939f075e57d1e93600/gnocchi.8b076766-dbdd-46cb-b7fd-5b73bfc2a40f" 201 - "PUT http://172.18.0.2:8080/v1/AUTH_ae7fe12107834a939f075e57d1e93600/gnocchi.8b076766-dbdd-46cb-b7fd-5b73bfc2a40f" "tx7bd6bb879a694f4c9f75f-006930dcf3" "proxy-server 20" 0.0206 "-" 21 0
Dec 4 00:59:31 standalone proxy-server[129697]: 172.18.0.2 172.18.0.100 04/Dec/2025/00/59/31 PUT /v1/AUTH_ae7fe12107834a939f075e57d1e93600/gnocchi.8b076766-dbdd-46cb-b7fd-5b73bfc2a40f HTTP/1.0 201 - python-swiftclient-3.11.1 gAAAAABpMNxrmRHQ... - - - tx7bd6bb879a694f4c9f75f-006930dcf3 - 0.0252 - - 1764809971.727276087 1764809971.752509356 0
Dec 4 00:59:31 standalone container-server[127538]: 172.20.0.100 - - [04/Dec/2025:00:59:31 +0000] "HEAD /d1/886/AUTH_ae7fe12107834a939f075e57d1e93600/gnocchi.8b076766-dbdd-46cb-b7fd-5b73bfc2a40f" 204 - "HEAD http://172.18.0.2:8080/v1/AUTH_ae7fe12107834a939f075e57d1e93600/gnocchi.8b076766-dbdd-46cb-b7fd-5b73bfc2a40f?format=json&states=listing" "txc220d600dc134397a40e5-006930dcf3" "proxy-server 20" 0.0018 "-" 23 0
Dec 4 00:59:31 standalone proxy-server[129697]: - - 04/Dec/2025/00/59/31 HEAD /v1/AUTH_ae7fe12107834a939f075e57d1e93600/gnocchi.8b076766-dbdd-46cb-b7fd-5b73bfc2a40f%3Fformat%3Djson%26states%3Dlisting HTTP/1.0 204 - Swift - - - - txc220d600dc134397a40e5-006930dcf3 - 0.0053 RL - 1764809971.758645535 1764809971.763930321 0
Dec 4 00:59:31 standalone container-server[127482]: 172.20.0.100 - - [04/Dec/2025:00:59:31 +0000] "GET /d1/886/AUTH_ae7fe12107834a939f075e57d1e93600/gnocchi.8b076766-dbdd-46cb-b7fd-5b73bfc2a40f" 200 2 "GET http://172.18.0.2:8080/v1/AUTH_ae7fe12107834a939f075e57d1e93600/gnocchi.8b076766-dbdd-46cb-b7fd-5b73bfc2a40f?format=json&states=listing" "txc220d600dc134397a40e5-006930dcf3" "proxy-server 20" 0.0023 "-" 20 0
Dec 4 00:59:31 standalone proxy-server[129697]: 172.18.0.2 172.18.0.100 04/Dec/2025/00/59/31 GET /v1/AUTH_ae7fe12107834a939f075e57d1e93600/gnocchi.8b076766-dbdd-46cb-b7fd-5b73bfc2a40f%3Fformat%3Djson%26states%3Dlisting HTTP/1.0 200 - python-swiftclient-3.11.1 gAAAAABpMNxrmRHQ... - 2 - txc220d600dc134397a40e5-006930dcf3 - 0.0148 - - 1764809971.757674456 1764809971.772444725 0
Dec 4 00:59:31 standalone object-server[127676]: 172.20.0.100 - - [04/Dec/2025:00:59:31 +0000] "GET /d1/66/AUTH_ae7fe12107834a939f075e57d1e93600/gnocchi.8b076766-dbdd-46cb-b7fd-5b73bfc2a40f/1764720000.0_mean_300.0_v3" 404 70 "GET http://172.18.0.2:8080/v1/AUTH_ae7fe12107834a939f075e57d1e93600/gnocchi.8b076766-dbdd-46cb-b7fd-5b73bfc2a40f/1764720000.0_mean_300.0_v3" "tx92431249a9914657bd61a-006930dcf3" "proxy-server 20" 0.0006 "-" 23 0
Dec 4 00:59:31 standalone proxy-server[129697]: 172.18.0.2 172.18.0.100 04/Dec/2025/00/59/31 GET /v1/AUTH_ae7fe12107834a939f075e57d1e93600/gnocchi.8b076766-dbdd-46cb-b7fd-5b73bfc2a40f/1764720000.0_mean_300.0_v3 HTTP/1.0 404 - python-swiftclient-3.11.1 gAAAAABpMNxrmRHQ... - 70 - tx92431249a9914657bd61a-006930dcf3 - 0.0079 - - 1764809971.777176619 1764809971.785104752 0
Dec 4 00:59:31 standalone container-server[127516]: 172.20.0.100 - - [04/Dec/2025:00:59:31 +0000] "PUT /d1/886/AUTH_ae7fe12107834a939f075e57d1e93600/gnocchi.8b076766-dbdd-46cb-b7fd-5b73bfc2a40f/1764720000.0_mean_300.0_v3" 201 - "PUT http://172.18.0.2:8080/d1/66/AUTH_ae7fe12107834a939f075e57d1e93600/gnocchi.8b076766-dbdd-46cb-b7fd-5b73bfc2a40f/1764720000.0_mean_300.0_v3" "tx5db7e9a0126a458ca6b12-006930dcf3" "object-server 22" 0.0009 "-" 21 0
Dec 4 00:59:31 standalone object-server[127675]: 172.20.0.100 - - [04/Dec/2025:00:59:31 +0000] "PUT /d1/66/AUTH_ae7fe12107834a939f075e57d1e93600/gnocchi.8b076766-dbdd-46cb-b7fd-5b73bfc2a40f/1764720000.0_mean_300.0_v3" 201 - "PUT http://172.18.0.2:8080/v1/AUTH_ae7fe12107834a939f075e57d1e93600/gnocchi.8b076766-dbdd-46cb-b7fd-5b73bfc2a40f/1764720000.0_mean_300.0_v3" "tx5db7e9a0126a458ca6b12-006930dcf3" "proxy-server 20" 0.0098 "-" 22 0
Dec 4 00:59:31 standalone proxy-server[129697]: 172.18.0.2 172.18.0.100 04/Dec/2025/00/59/31 PUT /v1/AUTH_ae7fe12107834a939f075e57d1e93600/gnocchi.8b076766-dbdd-46cb-b7fd-5b73bfc2a40f/1764720000.0_mean_300.0_v3 HTTP/1.0 201 - python-swiftclient-3.11.1 gAAAAABpMNxrmRHQ... 16 - - tx5db7e9a0126a458ca6b12-006930dcf3 - 0.0269 - - 1764809971.790614367 1764809971.817552328 0
Dec 4 00:59:31 standalone container-server[127482]: 172.20.0.100 - - [04/Dec/2025:00:59:31 +0000] "PUT /d1/886/AUTH_ae7fe12107834a939f075e57d1e93600/gnocchi.8b076766-dbdd-46cb-b7fd-5b73bfc2a40f/none_v3" 201 - "PUT http://172.18.0.2:8080/d1/107/AUTH_ae7fe12107834a939f075e57d1e93600/gnocchi.8b076766-dbdd-46cb-b7fd-5b73bfc2a40f/none_v3" "tx2dea5037ce7143efa0345-006930dcf3" "object-server 23" 0.0007 "-" 20 0
Dec 4 00:59:31 standalone object-server[127676]: 172.20.0.100 - - [04/Dec/2025:00:59:31 +0000] "PUT /d1/107/AUTH_ae7fe12107834a939f075e57d1e93600/gnocchi.8b076766-dbdd-46cb-b7fd-5b73bfc2a40f/none_v3" 201 - "PUT http://172.18.0.2:8080/v1/AUTH_ae7fe12107834a939f075e57d1e93600/gnocchi.8b076766-dbdd-46cb-b7fd-5b73bfc2a40f/none_v3" "tx2dea5037ce7143efa0345-006930dcf3" "proxy-server 20" 0.0105 "-" 23 0
Dec 4 00:59:31 standalone proxy-server[129697]: 172.18.0.2 172.18.0.100 04/Dec/2025/00/59/31 PUT /v1/AUTH_ae7fe12107834a939f075e57d1e93600/gnocchi.8b076766-dbdd-46cb-b7fd-5b73bfc2a40f/none_v3 HTTP/1.0 201 - python-swiftclient-3.11.1 gAAAAABpMNxrmRHQ... 22 - - tx2dea5037ce7143efa0345-006930dcf3 - 0.0365 - - 1764809971.821590424 1764809971.858099937 0
Dec 4 00:59:31 standalone container-server[127482]: 172.20.0.100 - - [04/Dec/2025:00:59:31 +0000] "HEAD /d1/696/AUTH_ae7fe12107834a939f075e57d1e93600/gnocchi.1896bb24-049c-4e10-8113-d34c16dd85cd" 404 - "HEAD http://172.18.0.2:8080/v1/AUTH_ae7fe12107834a939f075e57d1e93600/gnocchi.1896bb24-049c-4e10-8113-d34c16dd85cd?format=json&states=listing" "txa38c570096d044c7b9959-006930dcf3" "proxy-server 20" 0.0005 "-" 20 0
Dec 4 00:59:31 standalone object-server[127677]: 172.20.0.100 - - [04/Dec/2025:00:59:31 +0000] "GET /d1/502/AUTH_ae7fe12107834a939f075e57d1e93600/gnocchi.1896bb24-049c-4e10-8113-d34c16dd85cd/none_v3" 404 70 "GET http://172.18.0.2:8080/v1/AUTH_ae7fe12107834a939f075e57d1e93600/gnocchi.1896bb24-049c-4e10-8113-d34c16dd85cd/none_v3" "txa38c570096d044c7b9959-006930dcf3" "proxy-server 20" 0.0006 "-" 24 0
Dec 4 00:59:31 standalone proxy-server[129697]: 172.18.0.2 172.18.0.100 04/Dec/2025/00/59/31 GET /v1/AUTH_ae7fe12107834a939f075e57d1e93600/gnocchi.1896bb24-049c-4e10-8113-d34c16dd85cd/none_v3 HTTP/1.0 404 - python-swiftclient-3.11.1 gAAAAABpMNxrmRHQ... - 70 - txa38c570096d044c7b9959-006930dcf3 - 0.0179 - - 1764809971.872437954 1764809971.890365362 0
Dec 4 00:59:31 standalone account-server[127313]: 172.20.0.100 - - [04/Dec/2025:00:59:31 +0000] "PUT /d1/778/AUTH_ae7fe12107834a939f075e57d1e93600/gnocchi.1896bb24-049c-4e10-8113-d34c16dd85cd" 201 - "PUT http://172.20.0.100:6001/d1/696/AUTH_ae7fe12107834a939f075e57d1e93600/gnocchi.1896bb24-049c-4e10-8113-d34c16dd85cd" "txf7612867d26e4400b14cb-006930dcf3" "container-server 20" 0.0050 "-" 17 0
Dec 4 00:59:31 standalone container-server[127482]: 172.20.0.100 - - [04/Dec/2025:00:59:31 +0000] "PUT /d1/696/AUTH_ae7fe12107834a939f075e57d1e93600/gnocchi.1896bb24-049c-4e10-8113-d34c16dd85cd" 201 - "PUT http://172.18.0.2:8080/v1/AUTH_ae7fe12107834a939f075e57d1e93600/gnocchi.1896bb24-049c-4e10-8113-d34c16dd85cd" "txf7612867d26e4400b14cb-006930dcf3" "proxy-server 20" 0.0169 "-" 20 0
Dec 4 00:59:31 standalone proxy-server[129697]: 172.18.0.2 172.18.0.100 04/Dec/2025/00/59/31 PUT /v1/AUTH_ae7fe12107834a939f075e57d1e93600/gnocchi.1896bb24-049c-4e10-8113-d34c16dd85cd HTTP/1.0 201 - python-swiftclient-3.11.1 gAAAAABpMNxrmRHQ... - - - txf7612867d26e4400b14cb-006930dcf3 - 0.0276 - - 1764809971.893440247 1764809971.921038628 0
Dec 4 00:59:31 standalone container-server[127516]: 172.20.0.100 - - [04/Dec/2025:00:59:31 +0000] "HEAD /d1/696/AUTH_ae7fe12107834a939f075e57d1e93600/gnocchi.1896bb24-049c-4e10-8113-d34c16dd85cd" 204 - "HEAD http://172.18.0.2:8080/v1/AUTH_ae7fe12107834a939f075e57d1e93600/gnocchi.1896bb24-049c-4e10-8113-d34c16dd85cd?format=json&states=listing" "txc509aa0194594594bc668-006930dcf3" "proxy-server 20" 0.0054 "-" 21 0
Dec 4 00:59:31 standalone proxy-server[129697]: - - 04/Dec/2025/00/59/31 HEAD /v1/AUTH_ae7fe12107834a939f075e57d1e93600/gnocchi.1896bb24-049c-4e10-8113-d34c16dd85cd%3Fformat%3Djson%26states%3Dlisting HTTP/1.0 204 - Swift - - - - txc509aa0194594594bc668-006930dcf3 - 0.0107 RL - 1764809971.926511765 1764809971.937185287 0
Dec 4 00:59:31 standalone container-server[127516]: 172.20.0.100 - - [04/Dec/2025:00:59:31 +0000] "GET /d1/696/AUTH_ae7fe12107834a939f075e57d1e93600/gnocchi.1896bb24-049c-4e10-8113-d34c16dd85cd" 200 2 "GET http://172.18.0.2:8080/v1/AUTH_ae7fe12107834a939f075e57d1e93600/gnocchi.1896bb24-049c-4e10-8113-d34c16dd85cd?format=json&states=listing" "txc509aa0194594594bc668-006930dcf3" "proxy-server 20" 0.0046 "-" 21 0
Dec 4 00:59:31 standalone proxy-server[129697]: 172.18.0.2 172.18.0.100 04/Dec/2025/00/59/31 GET /v1/AUTH_ae7fe12107834a939f075e57d1e93600/gnocchi.1896bb24-049c-4e10-8113-d34c16dd85cd%3Fformat%3Djson%26states%3Dlisting HTTP/1.0 200 - python-swiftclient-3.11.1 gAAAAABpMNxrmRHQ... - 2 - txc509aa0194594594bc668-006930dcf3 - 0.0280 - - 1764809971.925225258 1764809971.953189135 0
Dec 4 00:59:31 standalone object-server[127677]: 172.20.0.100 - - [04/Dec/2025:00:59:31 +0000] "GET /d1/173/AUTH_ae7fe12107834a939f075e57d1e93600/gnocchi.1896bb24-049c-4e10-8113-d34c16dd85cd/1764720000.0_mean_300.0_v3" 404 70 "GET http://172.18.0.2:8080/v1/AUTH_ae7fe12107834a939f075e57d1e93600/gnocchi.1896bb24-049c-4e10-8113-d34c16dd85cd/1764720000.0_mean_300.0_v3" "tx6e95a14cf765497595192-006930dcf3" "proxy-server 20" 0.0009 "-" 24 0
Dec 4 00:59:31 standalone proxy-server[129697]: 172.18.0.2 172.18.0.100 04/Dec/2025/00/59/31 GET /v1/AUTH_ae7fe12107834a939f075e57d1e93600/gnocchi.1896bb24-049c-4e10-8113-d34c16dd85cd/1764720000.0_mean_300.0_v3 HTTP/1.0 404 - python-swiftclient-3.11.1 gAAAAABpMNxrmRHQ... - 70 - tx6e95a14cf765497595192-006930dcf3 - 0.0118 - - 1764809971.961678743 1764809971.973441839 0
Dec 4 00:59:31 standalone container-server[127538]: 172.20.0.100 - - [04/Dec/2025:00:59:31 +0000] "PUT /d1/696/AUTH_ae7fe12107834a939f075e57d1e93600/gnocchi.1896bb24-049c-4e10-8113-d34c16dd85cd/1764720000.0_mean_300.0_v3" 201 - "PUT http://172.18.0.2:8080/d1/173/AUTH_ae7fe12107834a939f075e57d1e93600/gnocchi.1896bb24-049c-4e10-8113-d34c16dd85cd/1764720000.0_mean_300.0_v3" "txf7649d5cb9464ca0874bb-006930dcf3" "object-server 22" 0.0007 "-" 23 0
Dec 4 00:59:31 standalone object-server[127675]: 172.20.0.100 - - [04/Dec/2025:00:59:31 +0000] "PUT /d1/173/AUTH_ae7fe12107834a939f075e57d1e93600/gnocchi.1896bb24-049c-4e10-8113-d34c16dd85cd/1764720000.0_mean_300.0_v3" 201 - "PUT http://172.18.0.2:8080/v1/AUTH_ae7fe12107834a939f075e57d1e93600/gnocchi.1896bb24-049c-4e10-8113-d34c16dd85cd/1764720000.0_mean_300.0_v3" "txf7649d5cb9464ca0874bb-006930dcf3" "proxy-server 20" 0.0141 "-" 22 0
Dec 4 00:59:32 standalone proxy-server[129697]: 172.18.0.2 172.18.0.100 04/Dec/2025/00/59/32 PUT /v1/AUTH_ae7fe12107834a939f075e57d1e93600/gnocchi.1896bb24-049c-4e10-8113-d34c16dd85cd/1764720000.0_mean_300.0_v3 HTTP/1.0 201 - python-swiftclient-3.11.1 gAAAAABpMNxrmRHQ... 16 - - txf7649d5cb9464ca0874bb-006930dcf3 - 0.0212 - - 1764809971.979319334 1764809972.000478506 0
Dec 4 00:59:32 standalone container-server[127482]: 172.20.0.100 - - [04/Dec/2025:00:59:32 +0000] "PUT /d1/696/AUTH_ae7fe12107834a939f075e57d1e93600/gnocchi.1896bb24-049c-4e10-8113-d34c16dd85cd/none_v3" 201 - "PUT http://172.18.0.2:8080/d1/502/AUTH_ae7fe12107834a939f075e57d1e93600/gnocchi.1896bb24-049c-4e10-8113-d34c16dd85cd/none_v3" "txaa3c9162507c43fe9342c-006930dcf4" "object-server 23" 0.0007 "-" 20 0
Dec 4 00:59:32 standalone object-server[127676]: 172.20.0.100 - - [04/Dec/2025:00:59:32 +0000] "PUT /d1/502/AUTH_ae7fe12107834a939f075e57d1e93600/gnocchi.1896bb24-049c-4e10-8113-d34c16dd85cd/none_v3" 201 - "PUT http://172.18.0.2:8080/v1/AUTH_ae7fe12107834a939f075e57d1e93600/gnocchi.1896bb24-049c-4e10-8113-d34c16dd85cd/none_v3" "txaa3c9162507c43fe9342c-006930dcf4" "proxy-server 20" 0.0138 "-" 23 0
Dec 4 00:59:32 standalone proxy-server[129697]: 172.18.0.2 172.18.0.100 04/Dec/2025/00/59/32 PUT /v1/AUTH_ae7fe12107834a939f075e57d1e93600/gnocchi.1896bb24-049c-4e10-8113-d34c16dd85cd/none_v3 HTTP/1.0 201 - python-swiftclient-3.11.1 gAAAAABpMNxrmRHQ... 22 - - txaa3c9162507c43fe9342c-006930dcf4 - 0.0197 - - 1764809972.004776239 1764809972.024480581 0
Dec 4 00:59:32 standalone container-server[127534]: 172.20.0.100 - - [04/Dec/2025:00:59:32 +0000] "HEAD /d1/115/AUTH_ae7fe12107834a939f075e57d1e93600/gnocchi.b498aa23-af0a-4508-8585-5fc50a14b285" 404 - "HEAD http://172.18.0.2:8080/v1/AUTH_ae7fe12107834a939f075e57d1e93600/gnocchi.b498aa23-af0a-4508-8585-5fc50a14b285?format=json&states=listing" "tx5ab11d1216644c89b796a-006930dcf4" "proxy-server 20" 0.0007 "-" 22 0
Dec 4 00:59:32 standalone object-server[127676]: 172.20.0.100 - - [04/Dec/2025:00:59:32 +0000] "GET /d1/682/AUTH_ae7fe12107834a939f075e57d1e93600/gnocchi.b498aa23-af0a-4508-8585-5fc50a14b285/none_v3" 404 70 "GET http://172.18.0.2:8080/v1/AUTH_ae7fe12107834a939f075e57d1e93600/gnocchi.b498aa23-af0a-4508-8585-5fc50a14b285/none_v3" "tx5ab11d1216644c89b796a-006930dcf4" "proxy-server 20" 0.0004 "-" 23 0
Dec 4 00:59:32 standalone proxy-server[129697]: 172.18.0.2 172.18.0.100 04/Dec/2025/00/59/32 GET /v1/AUTH_ae7fe12107834a939f075e57d1e93600/gnocchi.b498aa23-af0a-4508-8585-5fc50a14b285/none_v3 HTTP/1.0 404 - python-swiftclient-3.11.1 gAAAAABpMNxrmRHQ... - 70 - tx5ab11d1216644c89b796a-006930dcf4 - 0.0141 - - 1764809972.044710636 1764809972.058814049 0
Dec 4 00:59:32 standalone account-server[127371]: 172.20.0.100 - - [04/Dec/2025:00:59:32 +0000] "PUT /d1/778/AUTH_ae7fe12107834a939f075e57d1e93600/gnocchi.b498aa23-af0a-4508-8585-5fc50a14b285" 201 - "PUT http://172.20.0.100:6001/d1/115/AUTH_ae7fe12107834a939f075e57d1e93600/gnocchi.b498aa23-af0a-4508-8585-5fc50a14b285" "txcd0d746f0b9c42a88da66-006930dcf4" "container-server 23" 0.0073 "-" 22 0
Dec 4 00:59:32 standalone container-server[127538]: 172.20.0.100 - - [04/Dec/2025:00:59:32 +0000] "PUT /d1/115/AUTH_ae7fe12107834a939f075e57d1e93600/gnocchi.b498aa23-af0a-4508-8585-5fc50a14b285" 201 - "PUT http://172.18.0.2:8080/v1/AUTH_ae7fe12107834a939f075e57d1e93600/gnocchi.b498aa23-af0a-4508-8585-5fc50a14b285" "txcd0d746f0b9c42a88da66-006930dcf4" "proxy-server 20" 0.0198 "-" 23 0
Dec 4 00:59:32 standalone proxy-server[129697]: 172.18.0.2 172.18.0.100 04/Dec/2025/00/59/32 PUT /v1/AUTH_ae7fe12107834a939f075e57d1e93600/gnocchi.b498aa23-af0a-4508-8585-5fc50a14b285 HTTP/1.0 201 - python-swiftclient-3.11.1 gAAAAABpMNxrmRHQ... - - - txcd0d746f0b9c42a88da66-006930dcf4 - 0.0267 - - 1764809972.062904835 1764809972.089626312 0
Dec 4 00:59:32 standalone container-server[127534]: 172.20.0.100 - - [04/Dec/2025:00:59:32 +0000] "HEAD /d1/115/AUTH_ae7fe12107834a939f075e57d1e93600/gnocchi.b498aa23-af0a-4508-8585-5fc50a14b285" 204 - "HEAD http://172.18.0.2:8080/v1/AUTH_ae7fe12107834a939f075e57d1e93600/gnocchi.b498aa23-af0a-4508-8585-5fc50a14b285?format=json&states=listing" "txe60d9c7b98b04603aeda3-006930dcf4" "proxy-server 20" 0.0015 "-" 22 0
Dec 4 00:59:32 standalone proxy-server[129697]: - - 04/Dec/2025/00/59/32 HEAD /v1/AUTH_ae7fe12107834a939f075e57d1e93600/gnocchi.b498aa23-af0a-4508-8585-5fc50a14b285%3Fformat%3Djson%26states%3Dlisting HTTP/1.0 204 - Swift - - - - txe60d9c7b98b04603aeda3-006930dcf4 - 0.0053 RL - 1764809972.097463369 1764809972.102812052 0
Dec 4 00:59:32 standalone container-server[127534]: 172.20.0.100 - - [04/Dec/2025:00:59:32 +0000] "GET /d1/115/AUTH_ae7fe12107834a939f075e57d1e93600/gnocchi.b498aa23-af0a-4508-8585-5fc50a14b285" 200 2 "GET http://172.18.0.2:8080/v1/AUTH_ae7fe12107834a939f075e57d1e93600/gnocchi.b498aa23-af0a-4508-8585-5fc50a14b285?format=json&states=listing" "txe60d9c7b98b04603aeda3-006930dcf4" "proxy-server 20" 0.0021 "-" 22 0
Dec 4 00:59:32 standalone proxy-server[129697]: 172.18.0.2 172.18.0.100 04/Dec/2025/00/59/32 GET /v1/AUTH_ae7fe12107834a939f075e57d1e93600/gnocchi.b498aa23-af0a-4508-8585-5fc50a14b285%3Fformat%3Djson%26states%3Dlisting HTTP/1.0 200 - python-swiftclient-3.11.1 gAAAAABpMNxrmRHQ... - 2 - txe60d9c7b98b04603aeda3-006930dcf4 - 0.0169 - - 1764809972.095635414 1764809972.112487793 0
Dec 4 00:59:32 standalone object-server[127675]: 172.20.0.100 - - [04/Dec/2025:00:59:32 +0000] "GET /d1/973/AUTH_ae7fe12107834a939f075e57d1e93600/gnocchi.b498aa23-af0a-4508-8585-5fc50a14b285/1764720000.0_mean_300.0_v3" 404 70 "GET http://172.18.0.2:8080/v1/AUTH_ae7fe12107834a939f075e57d1e93600/gnocchi.b498aa23-af0a-4508-8585-5fc50a14b285/1764720000.0_mean_300.0_v3" "tx0e1eafa2511d4d9ab3b32-006930dcf4" "proxy-server 20" 0.0004 "-" 22 0
Dec 4 00:59:32 standalone proxy-server[129697]: 172.18.0.2 172.18.0.100 04/Dec/2025/00/59/32 GET /v1/AUTH_ae7fe12107834a939f075e57d1e93600/gnocchi.b498aa23-af0a-4508-8585-5fc50a14b285/1764720000.0_mean_300.0_v3 HTTP/1.0 404 - python-swiftclient-3.11.1 gAAAAABpMNxrmRHQ... - 70 - tx0e1eafa2511d4d9ab3b32-006930dcf4 - 0.0067 - - 1764809972.120613575 1764809972.127305269 0
