Dec 4 00:59:54 standalone proxy-server[129697]: 172.18.0.2 172.18.0.100 04/Dec/2025/00/59/54 PUT /v1/AUTH_ae7fe12107834a939f075e57d1e93600/gnocchi.c5af85a3-8dd0-4480-ade8-7a76a28250f6/none_v3 HTTP/1.0 201 - python-swiftclient-3.11.1 gAAAAABpMNxrmRHQ... 22 - - tx7ce7c32f39ea48c89c6fb-006930dd0a - 0.0177 - - 1764809994.189591408 1764809994.207309008 0
Dec 4 00:59:54 standalone container-server[127482]: 172.20.0.100 - - [04/Dec/2025:00:59:54 +0000] "HEAD /d1/298/AUTH_ae7fe12107834a939f075e57d1e93600/gnocchi.d1a4c02d-2a09-4c81-a126-a3c7138d78bf" 404 - "HEAD http://172.18.0.2:8080/v1/AUTH_ae7fe12107834a939f075e57d1e93600/gnocchi.d1a4c02d-2a09-4c81-a126-a3c7138d78bf?format=json&states=listing" "tx2ebfe50896cf4b4084db9-006930dd0a" "proxy-server 20" 0.0013 "-" 20 0
Dec 4 00:59:54 standalone object-server[127679]: 172.20.0.100 - - [04/Dec/2025:00:59:54 +0000] "GET /d1/37/AUTH_ae7fe12107834a939f075e57d1e93600/gnocchi.d1a4c02d-2a09-4c81-a126-a3c7138d78bf/none_v3" 404 70 "GET http://172.18.0.2:8080/v1/AUTH_ae7fe12107834a939f075e57d1e93600/gnocchi.d1a4c02d-2a09-4c81-a126-a3c7138d78bf/none_v3" "tx2ebfe50896cf4b4084db9-006930dd0a" "proxy-server 20" 0.0007 "-" 25 0
Dec 4 00:59:54 standalone proxy-server[129697]: 172.18.0.2 172.18.0.100 04/Dec/2025/00/59/54 GET /v1/AUTH_ae7fe12107834a939f075e57d1e93600/gnocchi.d1a4c02d-2a09-4c81-a126-a3c7138d78bf/none_v3 HTTP/1.0 404 - python-swiftclient-3.11.1 gAAAAABpMNxrmRHQ... - 70 - tx2ebfe50896cf4b4084db9-006930dd0a - 0.0212 - - 1764809994.230386019 1764809994.251576424 0
Dec 4 00:59:54 standalone account-server[127313]: 172.20.0.100 - - [04/Dec/2025:00:59:54 +0000] "PUT /d1/778/AUTH_ae7fe12107834a939f075e57d1e93600/gnocchi.d1a4c02d-2a09-4c81-a126-a3c7138d78bf" 201 - "PUT http://172.20.0.100:6001/d1/298/AUTH_ae7fe12107834a939f075e57d1e93600/gnocchi.d1a4c02d-2a09-4c81-a126-a3c7138d78bf" "tx7e6546ff44a6440cb8cdb-006930dd0a" "container-server 22" 0.0051 "-" 17 0
Dec 4 00:59:54 standalone container-server[127534]: 172.20.0.100 - - [04/Dec/2025:00:59:54 +0000] "PUT /d1/298/AUTH_ae7fe12107834a939f075e57d1e93600/gnocchi.d1a4c02d-2a09-4c81-a126-a3c7138d78bf" 201 - "PUT http://172.18.0.2:8080/v1/AUTH_ae7fe12107834a939f075e57d1e93600/gnocchi.d1a4c02d-2a09-4c81-a126-a3c7138d78bf" "tx7e6546ff44a6440cb8cdb-006930dd0a" "proxy-server 20" 0.0249 "-" 22 0
Dec 4 00:59:54 standalone proxy-server[129697]: 172.18.0.2 172.18.0.100 04/Dec/2025/00/59/54 PUT /v1/AUTH_ae7fe12107834a939f075e57d1e93600/gnocchi.d1a4c02d-2a09-4c81-a126-a3c7138d78bf HTTP/1.0 201 - python-swiftclient-3.11.1 gAAAAABpMNxrmRHQ... - - - tx7e6546ff44a6440cb8cdb-006930dd0a - 0.0354 - - 1764809994.257303953 1764809994.292730808 0
Dec 4 00:59:54 standalone container-server[127516]: 172.20.0.100 - - [04/Dec/2025:00:59:54 +0000] "HEAD /d1/298/AUTH_ae7fe12107834a939f075e57d1e93600/gnocchi.d1a4c02d-2a09-4c81-a126-a3c7138d78bf" 204 - "HEAD http://172.18.0.2:8080/v1/AUTH_ae7fe12107834a939f075e57d1e93600/gnocchi.d1a4c02d-2a09-4c81-a126-a3c7138d78bf?format=json&states=listing" "tx77e820ba246b4c6cb6c51-006930dd0a" "proxy-server 20" 0.0022 "-" 21 0
Dec 4 00:59:54 standalone proxy-server[129697]: - - 04/Dec/2025/00/59/54 HEAD /v1/AUTH_ae7fe12107834a939f075e57d1e93600/gnocchi.d1a4c02d-2a09-4c81-a126-a3c7138d78bf%3Fformat%3Djson%26states%3Dlisting HTTP/1.0 204 - Swift - - - - tx77e820ba246b4c6cb6c51-006930dd0a - 0.0077 RL - 1764809994.298944712 1764809994.306625128 0
Dec 4 00:59:54 standalone container-server[127538]: 172.20.0.100 - - [04/Dec/2025:00:59:54 +0000] "GET /d1/298/AUTH_ae7fe12107834a939f075e57d1e93600/gnocchi.d1a4c02d-2a09-4c81-a126-a3c7138d78bf" 200 2 "GET http://172.18.0.2:8080/v1/AUTH_ae7fe12107834a939f075e57d1e93600/gnocchi.d1a4c02d-2a09-4c81-a126-a3c7138d78bf?format=json&states=listing" "tx77e820ba246b4c6cb6c51-006930dd0a" "proxy-server 20" 0.0056 "-" 23 0
Dec 4 00:59:54 standalone proxy-server[129697]: 172.18.0.2 172.18.0.100 04/Dec/2025/00/59/54 GET /v1/AUTH_ae7fe12107834a939f075e57d1e93600/gnocchi.d1a4c02d-2a09-4c81-a126-a3c7138d78bf%3Fformat%3Djson%26states%3Dlisting HTTP/1.0 200 - python-swiftclient-3.11.1 gAAAAABpMNxrmRHQ... - 2 - tx77e820ba246b4c6cb6c51-006930dd0a - 0.0229 - - 1764809994.297126293 1764809994.320024490 0
Dec 4 00:59:54 standalone object-server[127679]: 172.20.0.100 - - [04/Dec/2025:00:59:54 +0000] "GET /d1/499/AUTH_ae7fe12107834a939f075e57d1e93600/gnocchi.d1a4c02d-2a09-4c81-a126-a3c7138d78bf/1764720000.0_mean_300.0_v3" 404 70 "GET http://172.18.0.2:8080/v1/AUTH_ae7fe12107834a939f075e57d1e93600/gnocchi.d1a4c02d-2a09-4c81-a126-a3c7138d78bf/1764720000.0_mean_300.0_v3" "tx6e07b060534e455cafe37-006930dd0a" "proxy-server 20" 0.0008 "-" 25 0
Dec 4 00:59:54 standalone proxy-server[129697]: 172.18.0.2 172.18.0.100 04/Dec/2025/00/59/54 GET /v1/AUTH_ae7fe12107834a939f075e57d1e93600/gnocchi.d1a4c02d-2a09-4c81-a126-a3c7138d78bf/1764720000.0_mean_300.0_v3 HTTP/1.0 404 - python-swiftclient-3.11.1 gAAAAABpMNxrmRHQ... - 70 - tx6e07b060534e455cafe37-006930dd0a - 0.0071 - - 1764809994.322813988 1764809994.329906702 0
Dec 4 00:59:54 standalone container-server[127538]: 172.20.0.100 - - [04/Dec/2025:00:59:54 +0000] "PUT /d1/298/AUTH_ae7fe12107834a939f075e57d1e93600/gnocchi.d1a4c02d-2a09-4c81-a126-a3c7138d78bf/1764720000.0_mean_300.0_v3" 201 - "PUT http://172.18.0.2:8080/d1/499/AUTH_ae7fe12107834a939f075e57d1e93600/gnocchi.d1a4c02d-2a09-4c81-a126-a3c7138d78bf/1764720000.0_mean_300.0_v3" "tx7c40e8266a5b4da095499-006930dd0a" "object-server 22" 0.0006 "-" 23 0
Dec 4 00:59:54 standalone object-server[127675]: 172.20.0.100 - - [04/Dec/2025:00:59:54 +0000] "PUT /d1/499/AUTH_ae7fe12107834a939f075e57d1e93600/gnocchi.d1a4c02d-2a09-4c81-a126-a3c7138d78bf/1764720000.0_mean_300.0_v3" 201 - "PUT http://172.18.0.2:8080/v1/AUTH_ae7fe12107834a939f075e57d1e93600/gnocchi.d1a4c02d-2a09-4c81-a126-a3c7138d78bf/1764720000.0_mean_300.0_v3" "tx7c40e8266a5b4da095499-006930dd0a" "proxy-server 20" 0.0104 "-" 22 0
Dec 4 00:59:54 standalone proxy-server[129697]: 172.18.0.2 172.18.0.100 04/Dec/2025/00/59/54 PUT /v1/AUTH_ae7fe12107834a939f075e57d1e93600/gnocchi.d1a4c02d-2a09-4c81-a126-a3c7138d78bf/1764720000.0_mean_300.0_v3 HTTP/1.0 201 - python-swiftclient-3.11.1 gAAAAABpMNxrmRHQ... 16 - - tx7c40e8266a5b4da095499-006930dd0a - 0.0211 - - 1764809994.332435369 1764809994.353564501 0
Dec 4 00:59:54 standalone container-server[127516]: 172.20.0.100 - - [04/Dec/2025:00:59:54 +0000] "PUT /d1/298/AUTH_ae7fe12107834a939f075e57d1e93600/gnocchi.d1a4c02d-2a09-4c81-a126-a3c7138d78bf/none_v3" 201 - "PUT http://172.18.0.2:8080/d1/37/AUTH_ae7fe12107834a939f075e57d1e93600/gnocchi.d1a4c02d-2a09-4c81-a126-a3c7138d78bf/none_v3" "tx15fefd72355f42d290861-006930dd0a" "object-server 25" 0.0009 "-" 21 0
Dec 4 00:59:54 standalone object-server[127679]: 172.20.0.100 - - [04/Dec/2025:00:59:54 +0000] "PUT /d1/37/AUTH_ae7fe12107834a939f075e57d1e93600/gnocchi.d1a4c02d-2a09-4c81-a126-a3c7138d78bf/none_v3" 201 - "PUT http://172.18.0.2:8080/v1/AUTH_ae7fe12107834a939f075e57d1e93600/gnocchi.d1a4c02d-2a09-4c81-a126-a3c7138d78bf/none_v3" "tx15fefd72355f42d290861-006930dd0a" "proxy-server 20" 0.0136 "-" 25 0
Dec 4 00:59:54 standalone proxy-server[129697]: 172.18.0.2 172.18.0.100 04/Dec/2025/00/59/54 PUT /v1/AUTH_ae7fe12107834a939f075e57d1e93600/gnocchi.d1a4c02d-2a09-4c81-a126-a3c7138d78bf/none_v3 HTTP/1.0 201 - python-swiftclient-3.11.1 gAAAAABpMNxrmRHQ... 22 - - tx15fefd72355f42d290861-006930dd0a - 0.0191 - - 1764809994.355933666 1764809994.375001192 0
Dec 4 00:59:54 standalone container-server[127482]: 172.20.0.100 - - [04/Dec/2025:00:59:54 +0000] "HEAD /d1/206/AUTH_ae7fe12107834a939f075e57d1e93600/gnocchi.01713704-eecb-4521-a1f9-929cee88e1ab" 404 - "HEAD http://172.18.0.2:8080/v1/AUTH_ae7fe12107834a939f075e57d1e93600/gnocchi.01713704-eecb-4521-a1f9-929cee88e1ab?format=json&states=listing" "txa7fb85ca8ebe465db73d3-006930dd0a" "proxy-server 20" 0.0009 "-" 20 0
Dec 4 00:59:54 standalone object-server[127675]: 172.20.0.100 - - [04/Dec/2025:00:59:54 +0000] "GET /d1/980/AUTH_ae7fe12107834a939f075e57d1e93600/gnocchi.01713704-eecb-4521-a1f9-929cee88e1ab/none_v3" 404 70 "GET http://172.18.0.2:8080/v1/AUTH_ae7fe12107834a939f075e57d1e93600/gnocchi.01713704-eecb-4521-a1f9-929cee88e1ab/none_v3" "txa7fb85ca8ebe465db73d3-006930dd0a" "proxy-server 20" 0.0004 "-" 22 0
Dec 4 00:59:54 standalone proxy-server[129697]: 172.18.0.2 172.18.0.100 04/Dec/2025/00/59/54 GET /v1/AUTH_ae7fe12107834a939f075e57d1e93600/gnocchi.01713704-eecb-4521-a1f9-929cee88e1ab/none_v3 HTTP/1.0 404 - python-swiftclient-3.11.1 gAAAAABpMNxrmRHQ... - 70 - txa7fb85ca8ebe465db73d3-006930dd0a - 0.0154 - - 1764809994.385569811 1764809994.400965691 0
Dec 4 00:59:54 standalone account-server[127327]: 172.20.0.100 - - [04/Dec/2025:00:59:54 +0000] "PUT /d1/778/AUTH_ae7fe12107834a939f075e57d1e93600/gnocchi.01713704-eecb-4521-a1f9-929cee88e1ab" 201 - "PUT http://172.20.0.100:6001/d1/206/AUTH_ae7fe12107834a939f075e57d1e93600/gnocchi.01713704-eecb-4521-a1f9-929cee88e1ab" "tx4cf8aa9ade2f47bd9ebb2-006930dd0a" "container-server 21" 0.0056 "-" 19 0
Dec 4 00:59:54 standalone container-server[127516]: 172.20.0.100 - - [04/Dec/2025:00:59:54 +0000] "PUT /d1/206/AUTH_ae7fe12107834a939f075e57d1e93600/gnocchi.01713704-eecb-4521-a1f9-929cee88e1ab" 201 - "PUT http://172.18.0.2:8080/v1/AUTH_ae7fe12107834a939f075e57d1e93600/gnocchi.01713704-eecb-4521-a1f9-929cee88e1ab" "tx4cf8aa9ade2f47bd9ebb2-006930dd0a" "proxy-server 20" 0.0200 "-" 21 0
Dec 4 00:59:54 standalone proxy-server[129697]: 172.18.0.2 172.18.0.100 04/Dec/2025/00/59/54 PUT /v1/AUTH_ae7fe12107834a939f075e57d1e93600/gnocchi.01713704-eecb-4521-a1f9-929cee88e1ab HTTP/1.0 201 - python-swiftclient-3.11.1 gAAAAABpMNxrmRHQ... - - - tx4cf8aa9ade2f47bd9ebb2-006930dd0a - 0.0259 - - 1764809994.403702497 1764809994.429571867 0
Dec 4 00:59:54 standalone container-server[127538]: 172.20.0.100 - - [04/Dec/2025:00:59:54 +0000] "HEAD /d1/206/AUTH_ae7fe12107834a939f075e57d1e93600/gnocchi.01713704-eecb-4521-a1f9-929cee88e1ab" 204 - "HEAD http://172.18.0.2:8080/v1/AUTH_ae7fe12107834a939f075e57d1e93600/gnocchi.01713704-eecb-4521-a1f9-929cee88e1ab?format=json&states=listing" "txe04b5be5a9f54077b34e2-006930dd0a" "proxy-server 20" 0.0016 "-" 23 0
Dec 4 00:59:54 standalone proxy-server[129697]: - - 04/Dec/2025/00/59/54 HEAD /v1/AUTH_ae7fe12107834a939f075e57d1e93600/gnocchi.01713704-eecb-4521-a1f9-929cee88e1ab%3Fformat%3Djson%26states%3Dlisting HTTP/1.0 204 - Swift - - - - txe04b5be5a9f54077b34e2-006930dd0a - 0.0058 RL - 1764809994.435179234 1764809994.440975189 0
Dec 4 00:59:54 standalone container-server[127538]: 172.20.0.100 - - [04/Dec/2025:00:59:54 +0000] "GET /d1/206/AUTH_ae7fe12107834a939f075e57d1e93600/gnocchi.01713704-eecb-4521-a1f9-929cee88e1ab" 200 2 "GET http://172.18.0.2:8080/v1/AUTH_ae7fe12107834a939f075e57d1e93600/gnocchi.01713704-eecb-4521-a1f9-929cee88e1ab?format=json&states=listing" "txe04b5be5a9f54077b34e2-006930dd0a" "proxy-server 20" 0.0021 "-" 23 0
Dec 4 00:59:54 standalone proxy-server[129697]: 172.18.0.2 172.18.0.100 04/Dec/2025/00/59/54 GET /v1/AUTH_ae7fe12107834a939f075e57d1e93600/gnocchi.01713704-eecb-4521-a1f9-929cee88e1ab%3Fformat%3Djson%26states%3Dlisting HTTP/1.0 200 - python-swiftclient-3.11.1 gAAAAABpMNxrmRHQ... - 2 - txe04b5be5a9f54077b34e2-006930dd0a - 0.0166 - - 1764809994.433035851 1764809994.449676514 0
Dec 4 00:59:54 standalone object-server[127677]: 172.20.0.100 - - [04/Dec/2025:00:59:54 +0000] "GET /d1/521/AUTH_ae7fe12107834a939f075e57d1e93600/gnocchi.01713704-eecb-4521-a1f9-929cee88e1ab/1764720000.0_mean_300.0_v3" 404 70 "GET http://172.18.0.2:8080/v1/AUTH_ae7fe12107834a939f075e57d1e93600/gnocchi.01713704-eecb-4521-a1f9-929cee88e1ab/1764720000.0_mean_300.0_v3" "tx9d52aae95052455a89efb-006930dd0a" "proxy-server 20" 0.0009 "-" 24 0
Dec 4 00:59:54 standalone proxy-server[129697]: 172.18.0.2 172.18.0.100 04/Dec/2025/00/59/54 GET /v1/AUTH_ae7fe12107834a939f075e57d1e93600/gnocchi.01713704-eecb-4521-a1f9-929cee88e1ab/1764720000.0_mean_300.0_v3 HTTP/1.0 404 - python-swiftclient-3.11.1 gAAAAABpMNxrmRHQ... - 70 - tx9d52aae95052455a89efb-006930dd0a - 0.0106 - - 1764809994.452770710 1764809994.463379622 0
Dec 4 00:59:54 standalone container-server[127516]: 172.20.0.100 - - [04/Dec/2025:00:59:54 +0000] "PUT /d1/206/AUTH_ae7fe12107834a939f075e57d1e93600/gnocchi.01713704-eecb-4521-a1f9-929cee88e1ab/1764720000.0_mean_300.0_v3" 201 - "PUT http://172.18.0.2:8080/d1/521/AUTH_ae7fe12107834a939f075e57d1e93600/gnocchi.01713704-eecb-4521-a1f9-929cee88e1ab/1764720000.0_mean_300.0_v3" "tx7cbc8c0215df486bb4fc1-006930dd0a" "object-server 23" 0.0009 "-" 21 0
Dec 4 00:59:54 standalone object-server[127676]: 172.20.0.100 - - [04/Dec/2025:00:59:54 +0000] "PUT /d1/521/AUTH_ae7fe12107834a939f075e57d1e93600/gnocchi.01713704-eecb-4521-a1f9-929cee88e1ab/1764720000.0_mean_300.0_v3" 201 - "PUT http://172.18.0.2:8080/v1/AUTH_ae7fe12107834a939f075e57d1e93600/gnocchi.01713704-eecb-4521-a1f9-929cee88e1ab/1764720000.0_mean_300.0_v3" "tx7cbc8c0215df486bb4fc1-006930dd0a" "proxy-server 20" 0.0159 "-" 23 0
Dec 4 00:59:54 standalone proxy-server[129697]: 172.18.0.2 172.18.0.100 04/Dec/2025/00/59/54 PUT /v1/AUTH_ae7fe12107834a939f075e57d1e93600/gnocchi.01713704-eecb-4521-a1f9-929cee88e1ab/1764720000.0_mean_300.0_v3 HTTP/1.0 201 - python-swiftclient-3.11.1 gAAAAABpMNxrmRHQ... 16 - - tx7cbc8c0215df486bb4fc1-006930dd0a - 0.0248 - - 1764809994.466426373 1764809994.491240263 0
Dec 4 00:59:54 standalone container-server[127534]: 172.20.0.100 - - [04/Dec/2025:00:59:54 +0000] "PUT /d1/206/AUTH_ae7fe12107834a939f075e57d1e93600/gnocchi.01713704-eecb-4521-a1f9-929cee88e1ab/none_v3" 201 - "PUT http://172.18.0.2:8080/d1/980/AUTH_ae7fe12107834a939f075e57d1e93600/gnocchi.01713704-eecb-4521-a1f9-929cee88e1ab/none_v3" "tx4b50f08bc46b4087896dd-006930dd0a" "object-server 25" 0.0008 "-" 22 0
Dec 4 00:59:54 standalone object-server[127679]: 172.20.0.100 - - [04/Dec/2025:00:59:54 +0000] "PUT /d1/980/AUTH_ae7fe12107834a939f075e57d1e93600/gnocchi.01713704-eecb-4521-a1f9-929cee88e1ab/none_v3" 201 - "PUT http://172.18.0.2:8080/v1/AUTH_ae7fe12107834a939f075e57d1e93600/gnocchi.01713704-eecb-4521-a1f9-929cee88e1ab/none_v3" "tx4b50f08bc46b4087896dd-006930dd0a" "proxy-server 20" 0.0126 "-" 25 0
Dec 4 00:59:54 standalone proxy-server[129697]: 172.18.0.2 172.18.0.100 04/Dec/2025/00/59/54 PUT /v1/AUTH_ae7fe12107834a939f075e57d1e93600/gnocchi.01713704-eecb-4521-a1f9-929cee88e1ab/none_v3 HTTP/1.0 201 - python-swiftclient-3.11.1 gAAAAABpMNxrmRHQ... 22 - - tx4b50f08bc46b4087896dd-006930dd0a - 0.0192 - - 1764809994.494302273 1764809994.513519049 0
Dec 4 00:59:54 standalone container-server[127534]: 172.20.0.100 - - [04/Dec/2025:00:59:54 +0000] "HEAD /d1/389/AUTH_ae7fe12107834a939f075e57d1e93600/gnocchi.8c56c41e-c522-466c-9aa2-e2fc68d4fe6d" 404 - "HEAD http://172.18.0.2:8080/v1/AUTH_ae7fe12107834a939f075e57d1e93600/gnocchi.8c56c41e-c522-466c-9aa2-e2fc68d4fe6d?format=json&states=listing" "txd92777dc2724410ebbab9-006930dd0a" "proxy-server 20" 0.0005 "-" 22 0
Dec 4 00:59:54 standalone object-server[127675]: 172.20.0.100 - - [04/Dec/2025:00:59:54 +0000] "GET /d1/180/AUTH_ae7fe12107834a939f075e57d1e93600/gnocchi.8c56c41e-c522-466c-9aa2-e2fc68d4fe6d/none_v3" 404 70 "GET http://172.18.0.2:8080/v1/AUTH_ae7fe12107834a939f075e57d1e93600/gnocchi.8c56c41e-c522-466c-9aa2-e2fc68d4fe6d/none_v3" "txd92777dc2724410ebbab9-006930dd0a" "proxy-server 20" 0.0009 "-" 22 0
Dec 4 00:59:54 standalone proxy-server[129697]: 172.18.0.2 172.18.0.100 04/Dec/2025/00/59/54 GET /v1/AUTH_ae7fe12107834a939f075e57d1e93600/gnocchi.8c56c41e-c522-466c-9aa2-e2fc68d4fe6d/none_v3 HTTP/1.0 404 - python-swiftclient-3.11.1 gAAAAABpMNxrmRHQ... - 70 - txd92777dc2724410ebbab9-006930dd0a - 0.0123 - - 1764809994.530560970 1764809994.542813540 0
Dec 4 00:59:54 standalone account-server[127313]: 172.20.0.100 - - [04/Dec/2025:00:59:54 +0000] "PUT /d1/778/AUTH_ae7fe12107834a939f075e57d1e93600/gnocchi.8c56c41e-c522-466c-9aa2-e2fc68d4fe6d" 201 - "PUT http://172.20.0.100:6001/d1/389/AUTH_ae7fe12107834a939f075e57d1e93600/gnocchi.8c56c41e-c522-466c-9aa2-e2fc68d4fe6d" "tx340dbb05c53d4c828980e-006930dd0a" "container-server 22" 0.0063 "-" 17 0
Dec 4 00:59:54 standalone container-server[127534]: 172.20.0.100 - - [04/Dec/2025:00:59:54 +0000] "PUT /d1/389/AUTH_ae7fe12107834a939f075e57d1e93600/gnocchi.8c56c41e-c522-466c-9aa2-e2fc68d4fe6d" 201 - "PUT http://172.18.0.2:8080/v1/AUTH_ae7fe12107834a939f075e57d1e93600/gnocchi.8c56c41e-c522-466c-9aa2-e2fc68d4fe6d" "tx340dbb05c53d4c828980e-006930dd0a" "proxy-server 20" 0.0222 "-" 22 0
Dec 4 00:59:54 standalone proxy-server[129697]: 172.18.0.2 172.18.0.100 04/Dec/2025/00/59/54 PUT /v1/AUTH_ae7fe12107834a939f075e57d1e93600/gnocchi.8c56c41e-c522-466c-9aa2-e2fc68d4fe6d HTTP/1.0 201 - python-swiftclient-3.11.1 gAAAAABpMNxrmRHQ... - - - tx340dbb05c53d4c828980e-006930dd0a - 0.0294 - - 1764809994.545257568 1764809994.574704409 0
Dec 4 00:59:54 standalone container-server[127482]: 172.20.0.100 - - [04/Dec/2025:00:59:54 +0000] "HEAD /d1/389/AUTH_ae7fe12107834a939f075e57d1e93600/gnocchi.8c56c41e-c522-466c-9aa2-e2fc68d4fe6d" 204 - "HEAD http://172.18.0.2:8080/v1/AUTH_ae7fe12107834a939f075e57d1e93600/gnocchi.8c56c41e-c522-466c-9aa2-e2fc68d4fe6d?format=json&states=listing" "txd5e1a690c8c64274b4f3b-006930dd0a" "proxy-server 20" 0.0043 "-" 20 0
Dec 4 00:59:54 standalone proxy-server[129697]: - - 04/Dec/2025/00/59/54 HEAD /v1/AUTH_ae7fe12107834a939f075e57d1e93600/gnocchi.8c56c41e-c522-466c-9aa2-e2fc68d4fe6d%3Fformat%3Djson%26states%3Dlisting HTTP/1.0 204 - Swift - - - - txd5e1a690c8c64274b4f3b-006930dd0a - 0.0115 RL - 1764809994.586031437 1764809994.597543716 0
Dec 4 00:59:54 standalone container-server[127482]: 172.20.0.100 - - [04/Dec/2025:00:59:54 +0000] "GET /d1/389/AUTH_ae7fe12107834a939f075e57d1e93600/gnocchi.8c56c41e-c522-466c-9aa2-e2fc68d4fe6d" 200 2 "GET http://172.18.0.2:8080/v1/AUTH_ae7fe12107834a939f075e57d1e93600/gnocchi.8c56c41e-c522-466c-9aa2-e2fc68d4fe6d?format=json&states=listing" "txd5e1a690c8c64274b4f3b-006930dd0a" "proxy-server 20" 0.0045 "-" 20 0
Dec 4 00:59:54 standalone proxy-server[129697]: 172.18.0.2 172.18.0.100 04/Dec/2025/00/59/54 GET /v1/AUTH_ae7fe12107834a939f075e57d1e93600/gnocchi.8c56c41e-c522-466c-9aa2-e2fc68d4fe6d%3Fformat%3Djson%26states%3Dlisting HTTP/1.0 200 - python-swiftclient-3.11.1 gAAAAABpMNxrmRHQ... - 2 - txd5e1a690c8c64274b4f3b-006930dd0a - 0.0286 - - 1764809994.579859495 1764809994.608417988 0
Dec 4 00:59:54 standalone object-server[127677]: 172.20.0.100 - - [04/Dec/2025:00:59:54 +0000] "GET /d1/520/AUTH_ae7fe12107834a939f075e57d1e93600/gnocchi.8c56c41e-c522-466c-9aa2-e2fc68d4fe6d/1764720000.0_mean_300.0_v3" 404 70 "GET http://172.18.0.2:8080/v1/AUTH_ae7fe12107834a939f075e57d1e93600/gnocchi.8c56c41e-c522-466c-9aa2-e2fc68d4fe6d/1764720000.0_mean_300.0_v3" "tx05e4d30b39a247fc83e58-006930dd0a" "proxy-server 20" 0.0009 "-" 24 0
Dec 4 00:59:54 standalone proxy-server[129697]: 172.18.0.2 172.18.0.100 04/Dec/2025/00/59/54 GET /v1/AUTH_ae7fe12107834a939f075e57d1e93600/gnocchi.8c56c41e-c522-466c-9aa2-e2fc68d4fe6d/1764720000.0_mean_300.0_v3 HTTP/1.0 404 - python-swiftclient-3.11.1 gAAAAABpMNxrmRHQ... - 70 - tx05e4d30b39a247fc83e58-006930dd0a - 0.0074 - - 1764809994.613568306 1764809994.620963097 0
Dec 4 00:59:54 standalone container-server[127534]: 172.20.0.100 - - [04/Dec/2025:00:59:54 +0000] "PUT /d1/389/AUTH_ae7fe12107834a939f075e57d1e93600/gnocchi.8c56c41e-c522-466c-9aa2-e2fc68d4fe6d/1764720000.0_mean_300.0_v3" 201 - "PUT http://172.18.0.2:8080/d1/520/AUTH_ae7fe12107834a939f075e57d1e93600/gnocchi.8c56c41e-c522-466c-9aa2-e2fc68d4fe6d/1764720000.0_mean_300.0_v3" "tx7bb80fbdd531418fb5955-006930dd0a" "object-server 23" 0.0009 "-" 22 0
Dec 4 00:59:54 standalone object-server[127676]: 172.20.0.100 - - [04/Dec/2025:00:59:54 +0000] "PUT /d1/520/AUTH_ae7fe12107834a939f075e57d1e93600/gnocchi.8c56c41e-c522-466c-9aa2-e2fc68d4fe6d/1764720000.0_mean_300.0_v3" 201 - "PUT http://172.18.0.2:8080/v1/AUTH_ae7fe12107834a939f075e57d1e93600/gnocchi.8c56c41e-c522-466c-9aa2-e2fc68d4fe6d/1764720000.0_mean_300.0_v3" "tx7bb80fbdd531418fb5955-006930dd0a" "proxy-server 20" 0.0159 "-" 23 0
Dec 4 00:59:54 standalone proxy-server[129697]: 172.18.0.2 172.18.0.100 04/Dec/2025/00/59/54 PUT /v1/AUTH_ae7fe12107834a939f075e57d1e93600/gnocchi.8c56c41e-c522-466c-9aa2-e2fc68d4fe6d/1764720000.0_mean_300.0_v3 HTTP/1.0 201 - python-swiftclient-3.11.1 gAAAAABpMNxrmRHQ... 16 - - tx7bb80fbdd531418fb5955-006930dd0a - 0.0255 - - 1764809994.623540163 1764809994.649059534 0
Dec 4 00:59:54 standalone container-server[127538]: 172.20.0.100 - - [04/Dec/2025:00:59:54 +0000] "PUT /d1/389/AUTH_ae7fe12107834a939f075e57d1e93600/gnocchi.8c56c41e-c522-466c-9aa2-e2fc68d4fe6d/none_v3" 201 - "PUT http://172.18.0.2:8080/d1/180/AUTH_ae7fe12107834a939f075e57d1e93600/gnocchi.8c56c41e-c522-466c-9aa2-e2fc68d4fe6d/none_v3" "txe312a2b5a99c4c9c9f44d-006930dd0a" "object-server 24" 0.0010 "-" 23 0
Dec 4 00:59:54 standalone object-server[127677]: 172.20.0.100 - - [04/Dec/2025:00:59:54 +0000] "PUT /d1/180/AUTH_ae7fe12107834a939f075e57d1e93600/gnocchi.8c56c41e-c522-466c-9aa2-e2fc68d4fe6d/none_v3" 201 - "PUT http://172.18.0.2:8080/v1/AUTH_ae7fe12107834a939f075e57d1e93600/gnocchi.8c56c41e-c522-466c-9aa2-e2fc68d4fe6d/none_v3" "txe312a2b5a99c4c9c9f44d-006930dd0a" "proxy-server 20" 0.0190 "-" 24 0
Dec 4 00:59:54 standalone proxy-server[129697]: 172.18.0.2 172.18.0.100 04/Dec/2025/00/59/54 PUT /v1/AUTH_ae7fe12107834a939f075e57d1e93600/gnocchi.8c56c41e-c522-466c-9aa2-e2fc68d4fe6d/none_v3 HTTP/1.0 201 - python-swiftclient-3.11.1 gAAAAABpMNxrmRHQ... 22 - - txe312a2b5a99c4c9c9f44d-006930dd0a - 0.0247 - - 1764809994.652334452 1764809994.677046776 0
Dec 4 01:00:05 standalone container-server[127482]: 172.20.0.100 - - [04/Dec/2025:01:00:05 +0000] "HEAD /d1/537/AUTH_ae7fe12107834a939f075e57d1e93600/gnocchi.f1b09697-8863-470a-b5ea-c6e51ef978e0" 404 - "HEAD http://172.18.0.2:8080/v1/AUTH_ae7fe12107834a939f075e57d1e93600/gnocchi.f1b09697-8863-470a-b5ea-c6e51ef978e0?format=json&states=listing" "tx8ab3494627434df88eca0-006930dd15" "proxy-server 20" 0.0007 "-" 20 0
Dec 4 01:00:05 standalone object-server[127675]: 172.20.0.100 - - [04/Dec/2025:01:00:05 +0000] "GET /d1/164/AUTH_ae7fe12107834a939f075e57d1e93600/gnocchi.f1b09697-8863-470a-b5ea-c6e51ef978e0/none_v3" 404 70 "GET http://172.18.0.2:8080/v1/AUTH_ae7fe12107834a939f075e57d1e93600/gnocchi.f1b09697-8863-470a-b5ea-c6e51ef978e0/none_v3" "tx8ab3494627434df88eca0-006930dd15" "proxy-server 20" 0.0006 "-" 22 0
Dec 4 01:00:05 standalone proxy-server[129697]: 172.18.0.2 172.18.0.100 04/Dec/2025/01/00/05 GET /v1/AUTH_ae7fe12107834a939f075e57d1e93600/gnocchi.f1b09697-8863-470a-b5ea-c6e51ef978e0/none_v3 HTTP/1.0 404 - python-swiftclient-3.11.1 gAAAAABpMNxrmRHQ... - 70 - tx8ab3494627434df88eca0-006930dd15 - 0.0135 - - 1764810005.072246552 1764810005.085736990 0
Dec 4 01:00:05 standalone account-server[127371]: 172.20.0.100 - - [04/Dec/2025:01:00:05 +0000] "PUT /d1/778/AUTH_ae7fe12107834a939f075e57d1e93600/gnocchi.f1b09697-8863-470a-b5ea-c6e51ef978e0" 201 - "PUT http://172.20.0.100:6001/d1/537/AUTH_ae7fe12107834a939f075e57d1e93600/gnocchi.f1b09697-8863-470a-b5ea-c6e51ef978e0" "txf1fc54a3f2794e0a8f4e3-006930dd15" "container-server 23" 0.0047 "-" 22 0
Dec 4 01:00:05 standalone container-server[127538]: 172.20.0.100 - - [04/Dec/2025:01:00:05 +0000] "PUT /d1/537/AUTH_ae7fe12107834a939f075e57d1e93600/gnocchi.f1b09697-8863-470a-b5ea-c6e51ef978e0" 201 - "PUT http://172.18.0.2:8080/v1/AUTH_ae7fe12107834a939f075e57d1e93600/gnocchi.f1b09697-8863-470a-b5ea-c6e51ef978e0" "txf1fc54a3f2794e0a8f4e3-006930dd15" "proxy-server 20" 0.0145 "-" 23 0
Dec 4 01:00:05 standalone proxy-server[129697]: 172.18.0.2 172.18.0.100 04/Dec/2025/01/00/05 PUT /v1/AUTH_ae7fe12107834a939f075e57d1e93600/gnocchi.f1b09697-8863-470a-b5ea-c6e51ef978e0 HTTP/1.0 201 - python-swiftclient-3.11.1 gAAAAABpMNxrmRHQ... - - - txf1fc54a3f2794e0a8f4e3-006930dd15 - 0.0185 - - 1764810005.087859154 1764810005.106354475 0
Dec 4 01:00:05 standalone container-server[127538]: 172.20.0.100 - - [04/Dec/2025:01:00:05 +0000] "HEAD /d1/537/AUTH_ae7fe12107834a939f075e57d1e93600/gnocchi.f1b09697-8863-470a-b5ea-c6e51ef978e0" 204 - "HEAD http://172.18.0.2:8080/v1/AUTH_ae7fe12107834a939f075e57d1e93600/gnocchi.f1b09697-8863-470a-b5ea-c6e51ef978e0?format=json&states=listing" "txa28b8391a7754cc9bf425-006930dd15" "proxy-server 20" 0.0010 "-" 23 0
Dec 4 01:00:05 standalone proxy-server[129697]: - - 04/Dec/2025/01/00/05 HEAD /v1/AUTH_ae7fe12107834a939f075e57d1e93600/gnocchi.f1b09697-8863-470a-b5ea-c6e51ef978e0%3Fformat%3Djson%26states%3Dlisting HTTP/1.0 204 - Swift - - - - txa28b8391a7754cc9bf425-006930dd15 - 0.0035 RL - 1764810005.109805107 1764810005.113320589 0
Dec 4 01:00:05 standalone container-server[127516]: 172.20.0.100 - - [04/Dec/2025:01:00:05 +0000] "GET /d1/537/AUTH_ae7fe12107834a939f075e57d1e93600/gnocchi.f1b09697-8863-470a-b5ea-c6e51ef978e0" 200 2 "GET http://172.18.0.2:8080/v1/AUTH_ae7fe12107834a939f075e57d1e93600/gnocchi.f1b09697-8863-470a-b5ea-c6e51ef978e0?format=json&states=listing" "txa28b8391a7754cc9bf425-006930dd15" "proxy-server 20" 0.0023 "-" 21 0
Dec 4 01:00:05 standalone proxy-server[129697]: 172.18.0.2 172.18.0.100 04/Dec/2025/01/00/05 GET /v1/AUTH_ae7fe12107834a939f075e57d1e93600/gnocchi.f1b09697-8863-470a-b5ea-c6e51ef978e0%3Fformat%3Djson%26states%3Dlisting HTTP/1.0 200 - python-swiftclient-3.11.1 gAAAAABpMNxrmRHQ... - 2 - txa28b8391a7754cc9bf425-006930dd15 - 0.0128 - - 1764810005.108968735 1764810005.121785164 0
Dec 4 01:00:05 standalone object-server[127677]: 172.20.0.100 - - [04/Dec/2025:01:00:05 +0000] "GET /d1/845/AUTH_ae7fe12107834a939f075e57d1e93600/gnocchi.f1b09697-8863-470a-b5ea-c6e51ef978e0/1764720000.0_mean_300.0_v3" 404 70 "GET http://172.18.0.2:8080/v1/AUTH_ae7fe12107834a939f075e57d1e93600/gnocchi.f1b09697-8863-470a-b5ea-c6e51ef978e0/1764720000.0_mean_300.0_v3" "tx5c929faa891b4ba48da42-006930dd15" "proxy-server 20" 0.0005 "-" 24 0
Dec 4 01:00:05 standalone proxy-server[129697]: 172.18.0.2 172.18.0.100 04/Dec/2025/01/00/05 GET /v1/AUTH_ae7fe12107834a939f075e57d1e93600/gnocchi.f1b09697-8863-470a-b5ea-c6e51ef978e0/1764720000.0_mean_300.0_v3 HTTP/1.0 404 - python-swiftclient-3.11.1 gAAAAABpMNxrmRHQ... - 70 - tx5c929faa891b4ba48da42-006930dd15 - 0.0051 - - 1764810005.124687433 1764810005.129813194 0
Dec 4 01:00:05 standalone container-server[127482]: 172.20.0.100 - - [04/Dec/2025:01:00:05 +0000] "PUT /d1/537/AUTH_ae7fe12107834a939f075e57d1e93600/gnocchi.f1b09697-8863-470a-b5ea-c6e51ef978e0/1764720000.0_mean_300.0_v3" 201 - "PUT http://172.18.0.2:8080/d1/845/AUTH_ae7fe12107834a939f075e57d1e93600/gnocchi.f1b09697-8863-470a-b5ea-c6e51ef978e0/1764720000.0_mean_300.0_v3" "tx2f26cb4e84bc40c6a2384-006930dd15" "object-server 24" 0.0006 "-" 20 0
Dec 4 01:00:05 standalone object-server[127677]: 172.20.0.100 - - [04/Dec/2025:01:00:05 +0000] "PUT /d1/845/AUTH_ae7fe12107834a939f075e57d1e93600/gnocchi.f1b09697-8863-470a-b5ea-c6e51ef978e0/1764720000.0_mean_300.0_v3" 201 - "PUT http://172.18.0.2:8080/v1/AUTH_ae7fe12107834a939f075e57d1e93600/gnocchi.f1b09697-8863-470a-b5ea-c6e51ef978e0/1764720000.0_mean_300.0_v3" "tx2f26cb4e84bc40c6a2384-006930dd15" "proxy-server 20" 0.0133 "-" 24 0
Dec 4 01:00:05 standalone proxy-server[129697]: 172.18.0.2 172.18.0.100 04/Dec/2025/01/00/05 PUT /v1/AUTH_ae7fe12107834a939f075e57d1e93600/gnocchi.f1b09697-8863-470a-b5ea-c6e51ef978e0/1764720000.0_mean_300.0_v3 HTTP/1.0 201 - python-swiftclient-3.11.1 gAAAAABpMNxrmRHQ... 16 - - tx2f26cb4e84bc40c6a2384-006930dd15 - 0.0180 - - 1764810005.131644726 1764810005.149658442 0
Dec 4 01:00:05 standalone container-server[127538]: 172.20.0.100 - - [04/Dec/2025:01:00:05 +0000] "PUT /d1/537/AUTH_ae7fe12107834a939f075e57d1e93600/gnocchi.f1b09697-8863-470a-b5ea-c6e51ef978e0/none_v3" 201 - "PUT http://172.18.0.2:8080/d1/164/AUTH_ae7fe12107834a939f075e57d1e93600/gnocchi.f1b09697-8863-470a-b5ea-c6e51ef978e0/none_v3" "tx1a871c0891914029ac259-006930dd15" "object-server 25" 0.0005 "-" 23 0
Dec 4 01:00:05 standalone object-server[127679]: 172.20.0.100 - - [04/Dec/2025:01:00:05 +0000] "PUT /d1/164/AUTH_ae7fe12107834a939f075e57d1e93600/gnocchi.f1b09697-8863-470a-b5ea-c6e51ef978e0/none_v3" 201 - "PUT http://172.18.0.2:8080/v1/AUTH_ae7fe12107834a939f075e57d1e93600/gnocchi.f1b09697-8863-470a-b5ea-c6e51ef978e0/none_v3" "tx1a871c0891914029ac259-006930dd15" "proxy-server 20" 0.0086 "-" 25 0
Dec 4 01:00:05 standalone proxy-server[129697]: 172.18.0.2 172.18.0.100 04/Dec/2025/01/00/05 PUT /v1/AUTH_ae7fe12107834a939f075e57d1e93600/gnocchi.f1b09697-8863-470a-b5ea-c6e51ef978e0/none_v3 HTTP/1.0 201 - python-swiftclient-3.11.1 gAAAAABpMNxrmRHQ... 22 - - tx1a871c0891914029ac259-006930dd15 - 0.0129 - - 1764810005.151348591 1764810005.164281368 0
Dec 4 01:00:10 standalone object-server[127675]: 172.20.0.100 - - [04/Dec/2025:01:00:10 +0000] "GET /d1/164/AUTH_ae7fe12107834a939f075e57d1e93600/gnocchi.f1b09697-8863-470a-b5ea-c6e51ef978e0/none_v3" 200 22 "GET http://172.18.0.2:8080/v1/AUTH_ae7fe12107834a939f075e57d1e93600/gnocchi.f1b09697-8863-470a-b5ea-c6e51ef978e0/none_v3" "txa58fba0ebf9d4d4785bfc-006930dd1a" "proxy-server 20" 0.0011 "-" 22 0
Dec 4 01:00:10 standalone proxy-server[129697]: 172.18.0.2 172.18.0.100 04/Dec/2025/01/00/10 GET /v1/AUTH_ae7fe12107834a939f075e57d1e93600/gnocchi.f1b09697-8863-470a-b5ea-c6e51ef978e0/none_v3 HTTP/1.0 200 - python-swiftclient-3.11.1 gAAAAABpMNxrmRHQ... - 22 - txa58fba0ebf9d4d4785bfc-006930dd1a - 0.0132 - - 1764810010.821378469 1764810010.834575415 0
Dec 4 01:00:10 standalone container-server[127538]: 172.20.0.100 - - [04/Dec/2025:01:00:10 +0000] "GET /d1/537/AUTH_ae7fe12107834a939f075e57d1e93600/gnocchi.f1b09697-8863-470a-b5ea-c6e51ef978e0" 200 357 "GET http://172.18.0.2:8080/v1/AUTH_ae7fe12107834a939f075e57d1e93600/gnocchi.f1b09697-8863-470a-b5ea-c6e51ef978e0?format=json&states=listing" "txf7804be7db3b487b96dde-006930dd1a" "proxy-server 20" 0.0096 "-" 23 0
Dec 4 01:00:10 standalone proxy-server[129697]: 172.18.0.2 172.18.0.100 04/Dec/2025/01/00/10 GET /v1/AUTH_ae7fe12107834a939f075e57d1e93600/gnocchi.f1b09697-8863-470a-b5ea-c6e51ef978e0%3Fformat%3Djson%26states%3Dlisting HTTP/1.0 200 - python-swiftclient-3.11.1 gAAAAABpMNxrmRHQ... - 357 - txf7804be7db3b487b96dde-006930dd1a - 0.0173 - - 1764810010.838425875 1764810010.855755329 0
Dec 4 01:00:10 standalone container-server[127516]: 172.20.0.100 - - [04/Dec/2025:01:00:10 +0000] "GET /d1/537/AUTH_ae7fe12107834a939f075e57d1e93600/gnocchi.f1b09697-8863-470a-b5ea-c6e51ef978e0" 200 2 "GET http://172.18.0.2:8080/v1/AUTH_ae7fe12107834a939f075e57d1e93600/gnocchi.f1b09697-8863-470a-b5ea-c6e51ef978e0?format=json&marker=none_v3&states=listing" "tx6f888da847b942d5a8296-006930dd1a" "proxy-server 20" 0.0040 "-" 21 0
Dec 4 01:00:10 standalone proxy-server[129697]: 172.18.0.2 172.18.0.100 04/Dec/2025/01/00/10 GET /v1/AUTH_ae7fe12107834a939f075e57d1e93600/gnocchi.f1b09697-8863-470a-b5ea-c6e51ef978e0%3Fformat%3Djson%26marker%3Dnone_v3%26states%3Dlisting HTTP/1.0 200 - python-swiftclient-3.11.1 gAAAAABpMNxrmRHQ... - 2 - tx6f888da847b942d5a8296-006930dd1a - 0.0151 - - 1764810010.858892441 1764810010.873946190 0
Dec 4 01:00:10 standalone object-server[127676]: 172.20.0.100 - - [04/Dec/2025:01:00:10 +0000] "GET /d1/845/AUTH_ae7fe12107834a939f075e57d1e93600/gnocchi.f1b09697-8863-470a-b5ea-c6e51ef978e0/1764720000.0_mean_300.0_v3" 200 16 "GET http://172.18.0.2:8080/v1/AUTH_ae7fe12107834a939f075e57d1e93600/gnocchi.f1b09697-8863-470a-b5ea-c6e51ef978e0/1764720000.0_mean_300.0_v3" "tx918af7cd918f4283a0bc6-006930dd1a" "proxy-server 20" 0.0007 "-" 23 0
Dec 4 01:00:10 standalone proxy-server[129697]: 172.18.0.2 172.18.0.100 04/Dec/2025/01/00/10 GET /v1/AUTH_ae7fe12107834a939f075e57d1e93600/gnocchi.f1b09697-8863-470a-b5ea-c6e51ef978e0/1764720000.0_mean_300.0_v3 HTTP/1.0 200 - python-swiftclient-3.11.1 gAAAAABpMNxrmRHQ... - 16 - tx918af7cd918f4283a0bc6-006930dd1a - 0.0066 - - 1764810010.878289461 1764810010.884852886 0
Dec 4 01:00:10 standalone container-server[127516]: 172.20.0.100 - - [04/Dec/2025:01:00:10 +0000] "PUT /d1/537/AUTH_ae7fe12107834a939f075e57d1e93600/gnocchi.f1b09697-8863-470a-b5ea-c6e51ef978e0/1764720000.0_mean_300.0_v3" 201 - "PUT http://172.18.0.2:8080/d1/845/AUTH_ae7fe12107834a939f075e57d1e93600/gnocchi.f1b09697-8863-470a-b5ea-c6e51ef978e0/1764720000.0_mean_300.0_v3" "txcc17bc4a2ed9475cb7117-006930dd1a" "object-server 22" 0.0011 "-" 21 0
Dec 4 01:00:10 standalone object-server[127675]: 172.20.0.100 - - [04/Dec/2025:01:00:10 +0000] "PUT /d1/845/AUTH_ae7fe12107834a939f075e57d1e93600/gnocchi.f1b09697-8863-470a-b5ea-c6e51ef978e0/1764720000.0_mean_300.0_v3" 201 - "PUT http://172.18.0.2:8080/v1/AUTH_ae7fe12107834a939f075e57d1e93600/gnocchi.f1b09697-8863-470a-b5ea-c6e51ef978e0/1764720000.0_mean_300.0_v3" "txcc17bc4a2ed9475cb7117-006930dd1a" "proxy-server 20" 0.0122 "-" 22 0
Dec 4 01:00:10 standalone proxy-server[129697]: 172.18.0.2 172.18.0.100 04/Dec/2025/01/00/10 PUT /v1/AUTH_ae7fe12107834a939f075e57d1e93600/gnocchi.f1b09697-8863-470a-b5ea-c6e51ef978e0/1764720000.0_mean_300.0_v3 HTTP/1.0 201 - python-swiftclient-3.11.1 gAAAAABpMNxrmRHQ... 16 - - txcc17bc4a2ed9475cb7117-006930dd1a - 0.0173 - - 1764810010.887392759 1764810010.904706717 0
Dec 4 01:00:10 standalone container-server[127516]: 172.20.0.100 - - [04/Dec/2025:01:00:10 +0000] "PUT /d1/537/AUTH_ae7fe12107834a939f075e57d1e93600/gnocchi.f1b09697-8863-470a-b5ea-c6e51ef978e0/none_v3" 201 - "PUT http://172.18.0.2:8080/d1/164/AUTH_ae7fe12107834a939f075e57d1e93600/gnocchi.f1b09697-8863-470a-b5ea-c6e51ef978e0/none_v3" "tx536ce28c51114b3590f18-006930dd1a" "object-server 25" 0.0006 "-" 21 0
Dec 4 01:00:10 standalone object-server[127679]: 172.20.0.100 - - [04/Dec/2025:01:00:10 +0000] "PUT /d1/164/AUTH_ae7fe12107834a939f075e57d1e93600/gnocchi.f1b09697-8863-470a-b5ea-c6e51ef978e0/none_v3" 201 - "PUT http://172.18.0.2:8080/v1/AUTH_ae7fe12107834a939f075e57d1e93600/gnocchi.f1b09697-8863-470a-b5ea-c6e51ef978e0/none_v3" "tx536ce28c51114b3590f18-006930dd1a" "proxy-server 20" 0.0119 "-" 25 0
Dec 4 01:00:10 standalone proxy-server[129697]: 172.18.0.2 172.18.0.100 04/Dec/2025/01/00/10 PUT /v1/AUTH_ae7fe12107834a939f075e57d1e93600/gnocchi.f1b09697-8863-470a-b5ea-c6e51ef978e0/none_v3 HTTP/1.0 201 - python-swiftclient-3.11.1 gAAAAABpMNxrmRHQ... 32 - - tx536ce28c51114b3590f18-006930dd1a - 0.0181 - - 1764810010.907402039 1764810010.925534725 0
Dec 4 01:00:28 standalone account-server[127313]: 172.20.0.100 - - [04/Dec/2025:01:00:28 +0000] "HEAD /d1/778/AUTH_ae7fe12107834a939f075e57d1e93600" 204 - "HEAD http://172.18.0.2:8080/v1/AUTH_ae7fe12107834a939f075e57d1e93600?format=json" "txc718efc7893f499888817-006930dd2c" "proxy-server 20" 0.0084 "-" 17 -
Dec 4 01:00:28 standalone proxy-server[129697]: - - 04/Dec/2025/01/00/28 HEAD /v1/AUTH_ae7fe12107834a939f075e57d1e93600%3Fformat%3Djson HTTP/1.0 204 - Swift - - - - txc718efc7893f499888817-006930dd2c - 0.0153 RL - 1764810028.641509295 1764810028.656830788 -
Dec 4 01:00:28 standalone object-server[127679]: 172.20.0.100 - - [04/Dec/2025:01:00:28 +0000] "GET /d1/359/AUTH_ae7fe12107834a939f075e57d1e93600/gnocchi.1aa9a050-f7ec-466f-a830-26a9b5607efe/none_v3" 200 32 "GET http://172.18.0.2:8080/v1/AUTH_ae7fe12107834a939f075e57d1e93600/gnocchi.1aa9a050-f7ec-466f-a830-26a9b5607efe/none_v3" "txc718efc7893f499888817-006930dd2c" "proxy-server 20" 0.0015 "-" 25 0
Dec 4 01:00:28 standalone proxy-server[129697]: 172.18.0.2 172.18.0.100 04/Dec/2025/01/00/28 GET /v1/AUTH_ae7fe12107834a939f075e57d1e93600/gnocchi.1aa9a050-f7ec-466f-a830-26a9b5607efe/none_v3 HTTP/1.0 200 - python-swiftclient-3.11.1 gAAAAABpMNxrmRHQ... - 32 - txc718efc7893f499888817-006930dd2c - 0.0282 - - 1764810028.639853716 1764810028.668069839 0
Dec 4 01:00:28 standalone container-server[127482]: 172.20.0.100 - - [04/Dec/2025:01:00:28 +0000] "GET /d1/774/AUTH_ae7fe12107834a939f075e57d1e93600/gnocchi.1aa9a050-f7ec-466f-a830-26a9b5607efe" 200 357 "GET http://172.18.0.2:8080/v1/AUTH_ae7fe12107834a939f075e57d1e93600/gnocchi.1aa9a050-f7ec-466f-a830-26a9b5607efe?format=json&states=listing" "txaa47baa9e735402097605-006930dd2c" "proxy-server 20" 0.0050 "-" 20 0
Dec 4 01:00:28 standalone proxy-server[129697]: 172.18.0.2 172.18.0.100 04/Dec/2025/01/00/28 GET /v1/AUTH_ae7fe12107834a939f075e57d1e93600/gnocchi.1aa9a050-f7ec-466f-a830-26a9b5607efe%3Fformat%3Djson%26states%3Dlisting HTTP/1.0 200 - python-swiftclient-3.11.1 gAAAAABpMNxrmRHQ... - 357 - txaa47baa9e735402097605-006930dd2c - 0.0152 - - 1764810028.678083420 1764810028.693259239 0
Dec 4 01:00:28 standalone container-server[127516]: 172.20.0.100 - - [04/Dec/2025:01:00:28 +0000] "GET /d1/774/AUTH_ae7fe12107834a939f075e57d1e93600/gnocchi.1aa9a050-f7ec-466f-a830-26a9b5607efe" 200 2 "GET http://172.18.0.2:8080/v1/AUTH_ae7fe12107834a939f075e57d1e93600/gnocchi.1aa9a050-f7ec-466f-a830-26a9b5607efe?format=json&marker=none_v3&states=listing" "txdb53d00d410a4afc8aad2-006930dd2c" "proxy-server 20" 0.0041 "-" 21 0
Dec 4 01:00:28 standalone proxy-server[129697]: 172.18.0.2 172.18.0.100 04/Dec/2025/01/00/28 GET /v1/AUTH_ae7fe12107834a939f075e57d1e93600/gnocchi.1aa9a050-f7ec-466f-a830-26a9b5607efe%3Fformat%3Djson%26marker%3Dnone_v3%26states%3Dlisting HTTP/1.0 200 - python-swiftclient-3.11.1 gAAAAABpMNxrmRHQ... - 2 - txdb53d00d410a4afc8aad2-006930dd2c - 0.0163 - - 1764810028.697411776 1764810028.713744164 0
Dec 4 01:00:28 standalone object-server[127679]: 172.20.0.100 - - [04/Dec/2025:01:00:28 +0000] "GET /d1/150/AUTH_ae7fe12107834a939f075e57d1e93600/gnocchi.1aa9a050-f7ec-466f-a830-26a9b5607efe/1764720000.0_mean_300.0_v3" 200 16 "GET http://172.18.0.2:8080/v1/AUTH_ae7fe12107834a939f075e57d1e93600/gnocchi.1aa9a050-f7ec-466f-a830-26a9b5607efe/1764720000.0_mean_300.0_v3" "txe89a50c70f724b96a0adf-006930dd2c" "proxy-server 20" 0.0010 "-" 25 0
Dec 4 01:00:28 standalone proxy-server[129697]: 172.18.0.2 172.18.0.100 04/Dec/2025/01/00/28 GET /v1/AUTH_ae7fe12107834a939f075e57d1e93600/gnocchi.1aa9a050-f7ec-466f-a830-26a9b5607efe/1764720000.0_mean_300.0_v3 HTTP/1.0 200 - python-swiftclient-3.11.1 gAAAAABpMNxrmRHQ... - 16 - txe89a50c70f724b96a0adf-006930dd2c - 0.0104 - - 1764810028.719627380 1764810028.730008602 0
Dec 4 01:00:28 standalone container-server[127538]: 172.20.0.100 - - [04/Dec/2025:01:00:28 +0000] "PUT /d1/774/AUTH_ae7fe12107834a939f075e57d1e93600/gnocchi.1aa9a050-f7ec-466f-a830-26a9b5607efe/1764720000.0_mean_300.0_v3" 201 - "PUT http://172.18.0.2:8080/d1/150/AUTH_ae7fe12107834a939f075e57d1e93600/gnocchi.1aa9a050-f7ec-466f-a830-26a9b5607efe/1764720000.0_mean_300.0_v3" "tx74070326c7f94957a0e35-006930dd2c" "object-server 22" 0.0015 "-" 23 0
Dec 4 01:00:28 standalone object-server[127675]: 172.20.0.100 - - [04/Dec/2025:01:00:28 +0000] "PUT /d1/150/AUTH_ae7fe12107834a939f075e57d1e93600/gnocchi.1aa9a050-f7ec-466f-a830-26a9b5607efe/1764720000.0_mean_300.0_v3" 201 - "PUT http://172.18.0.2:8080/v1/AUTH_ae7fe12107834a939f075e57d1e93600/gnocchi.1aa9a050-f7ec-466f-a830-26a9b5607efe/1764720000.0_mean_300.0_v3" "tx74070326c7f94957a0e35-006930dd2c" "proxy-server 20" 0.0172 "-" 22 0
Dec 4 01:00:28 standalone proxy-server[129697]: 172.18.0.2 172.18.0.100 04/Dec/2025/01/00/28 PUT /v1/AUTH_ae7fe12107834a939f075e57d1e93600/gnocchi.1aa9a050-f7ec-466f-a830-26a9b5607efe/1764720000.0_mean_300.0_v3 HTTP/1.0 201 - python-swiftclient-3.11.1 gAAAAABpMNxrmRHQ... 23 - - tx74070326c7f94957a0e35-006930dd2c - 0.0273 - - 1764810028.734702110 1764810028.762047052 0
Dec 4 01:00:28 standalone container-server[127538]: 172.20.0.100 - - [04/Dec/2025:01:00:28 +0000] "PUT /d1/774/AUTH_ae7fe12107834a939f075e57d1e93600/gnocchi.1aa9a050-f7ec-466f-a830-26a9b5607efe/none_v3" 201 - "PUT http://172.18.0.2:8080/d1/359/AUTH_ae7fe12107834a939f075e57d1e93600/gnocchi.1aa9a050-f7ec-466f-a830-26a9b5607efe/none_v3" "txdcc7dca0ecfd456781145-006930dd2c" "object-server 23" 0.0009 "-" 23 0
Dec 4 01:00:28 standalone object-server[127676]: 172.20.0.100 - - [04/Dec/2025:01:00:28 +0000] "PUT /d1/359/AUTH_ae7fe12107834a939f075e57d1e93600/gnocchi.1aa9a050-f7ec-466f-a830-26a9b5607efe/none_v3" 201 - "PUT http://172.18.0.2:8080/v1/AUTH_ae7fe12107834a939f075e57d1e93600/gnocchi.1aa9a050-f7ec-466f-a830-26a9b5607efe/none_v3" "txdcc7dca0ecfd456781145-006930dd2c" "proxy-server 20" 0.0132 "-" 23 0
Dec 4 01:00:28 standalone proxy-server[129697]: 172.18.0.2 172.18.0.100 04/Dec/2025/01/00/28 PUT /v1/AUTH_ae7fe12107834a939f075e57d1e93600/gnocchi.1aa9a050-f7ec-466f-a830-26a9b5607efe/none_v3 HTTP/1.0 201 - python-swiftclient-3.11.1 gAAAAABpMNxrmRHQ... 22 - - txdcc7dca0ecfd456781145-006930dd2c - 0.0223 - - 1764810028.766312361 1764810028.788618565 0
Dec 4 01:00:28 standalone object-server[127679]: 172.20.0.100 - - [04/Dec/2025:01:00:28 +0000] "GET /d1/260/AUTH_ae7fe12107834a939f075e57d1e93600/gnocchi.194fe45a-6926-4651-8f11-6f2f4c56bbc2/none_v3" 200 32 "GET http://172.18.0.2:8080/v1/AUTH_ae7fe12107834a939f075e57d1e93600/gnocchi.194fe45a-6926-4651-8f11-6f2f4c56bbc2/none_v3" "tx131123a759914cc1a5216-006930dd2c" "proxy-server 20" 0.0014 "-" 25 0
Dec 4 01:00:28 standalone proxy-server[129697]: 172.18.0.2 172.18.0.100 04/Dec/2025/01/00/28 GET /v1/AUTH_ae7fe12107834a939f075e57d1e93600/gnocchi.194fe45a-6926-4651-8f11-6f2f4c56bbc2/none_v3 HTTP/1.0 200 - python-swiftclient-3.11.1 gAAAAABpMNxrmRHQ... - 32 - tx131123a759914cc1a5216-006930dd2c - 0.0111 - - 1764810028.806231976 1764810028.817314863 0
Dec 4 01:00:28 standalone container-server[127534]: 172.20.0.100 - - [04/Dec/2025:01:00:28 +0000] "GET /d1/914/AUTH_ae7fe12107834a939f075e57d1e93600/gnocchi.194fe45a-6926-4651-8f11-6f2f4c56bbc2" 200 357 "GET http://172.18.0.2:8080/v1/AUTH_ae7fe12107834a939f075e57d1e93600/gnocchi.194fe45a-6926-4651-8f11-6f2f4c56bbc2?format=json&states=listing" "tx999fac9d1055437eae443-006930dd2c" "proxy-server 20" 0.0044 "-" 22 0
Dec 4 01:00:28 standalone proxy-server[129697]: 172.18.0.2 172.18.0.100 04/Dec/2025/01/00/28 GET /v1/AUTH_ae7fe12107834a939f075e57d1e93600/gnocchi.194fe45a-6926-4651-8f11-6f2f4c56bbc2%3Fformat%3Djson%26states%3Dlisting HTTP/1.0 200 - python-swiftclient-3.11.1 gAAAAABpMNxrmRHQ... - 357 - tx999fac9d1055437eae443-006930dd2c - 0.0149 - - 1764810028.822893381 1764810028.837805033 0
Dec 4 01:00:28 standalone container-server[127516]: 172.20.0.100 - - [04/Dec/2025:01:00:28 +0000] "GET /d1/914/AUTH_ae7fe12107834a939f075e57d1e93600/gnocchi.194fe45a-6926-4651-8f11-6f2f4c56bbc2" 200 2 "GET http://172.18.0.2:8080/v1/AUTH_ae7fe12107834a939f075e57d1e93600/gnocchi.194fe45a-6926-4651-8f11-6f2f4c56bbc2?format=json&marker=none_v3&states=listing" "txce742703411a48f59f1b1-006930dd2c" "proxy-server 20" 0.0039 "-" 21 0
Dec 4 01:00:28 standalone proxy-server[129697]: 172.18.0.2 172.18.0.100 04/Dec/2025/01/00/28 GET /v1/AUTH_ae7fe12107834a939f075e57d1e93600/gnocchi.194fe45a-6926-4651-8f11-6f2f4c56bbc2%3Fformat%3Djson%26marker%3Dnone_v3%26states%3Dlisting HTTP/1.0 200 - python-swiftclient-3.11.1 gAAAAABpMNxrmRHQ... - 2 - txce742703411a48f59f1b1-006930dd2c - 0.0137 - - 1764810028.841662645 1764810028.855345726 0
Dec 4 01:00:28 standalone object-server[127676]: 172.20.0.100 - - [04/Dec/2025:01:00:28 +0000] "GET /d1/755/AUTH_ae7fe12107834a939f075e57d1e93600/gnocchi.194fe45a-6926-4651-8f11-6f2f4c56bbc2/1764720000.0_mean_300.0_v3" 200 16 "GET http://172.18.0.2:8080/v1/AUTH_ae7fe12107834a939f075e57d1e93600/gnocchi.194fe45a-6926-4651-8f11-6f2f4c56bbc2/1764720000.0_mean_300.0_v3" "tx7b16e7a53a89402aba014-006930dd2c" "proxy-server 20" 0.0013 "-" 23 0
Dec 4 01:00:28 standalone proxy-server[129697]: 172.18.0.2 172.18.0.100 04/Dec/2025/01/00/28 GET /v1/AUTH_ae7fe12107834a939f075e57d1e93600/gnocchi.194fe45a-6926-4651-8f11-6f2f4c56bbc2/1764720000.0_mean_300.0_v3 HTTP/1.0 200 - python-swiftclient-3.11.1 gAAAAABpMNxrmRHQ... - 16 - tx7b16e7a53a89402aba014-006930dd2c - 0.0110 - - 1764810028.860306025 1764810028.871353626 0
Dec 4 01:00:28 standalone container-server[127534]: 172.20.0.100 - - [04/Dec/2025:01:00:28 +0000] "PUT /d1/914/AUTH_ae7fe12107834a939f075e57d1e93600/gnocchi.194fe45a-6926-4651-8f11-6f2f4c56bbc2/1764720000.0_mean_300.0_v3" 201 - "PUT http://172.18.0.2:8080/d1/755/AUTH_ae7fe12107834a939f075e57d1e93600/gnocchi.194fe45a-6926-4651-8f11-6f2f4c56bbc2/1764720000.0_mean_300.0_v3" "txca9ecf65a8d14d139f472-006930dd2c" "object-server 22" 0.0009 "-" 22 0
Dec 4 01:00:28 standalone object-server[127675]: 172.20.0.100 - - [04/Dec/2025:01:00:28 +0000] "PUT /d1/755/AUTH_ae7fe12107834a939f075e57d1e93600/gnocchi.194fe45a-6926-4651-8f11-6f2f4c56bbc2/1764720000.0_mean_300.0_v3" 201 - "PUT http://172.18.0.2:8080/v1/AUTH_ae7fe12107834a939f075e57d1e93600/gnocchi.194fe45a-6926-4651-8f11-6f2f4c56bbc2/1764720000.0_mean_300.0_v3" "txca9ecf65a8d14d139f472-006930dd2c" "proxy-server 20" 0.0133 "-" 22 0
Dec 4 01:00:28 standalone proxy-server[129697]: 172.18.0.2 172.18.0.100 04/Dec/2025/01/00/28 PUT /v1/AUTH_ae7fe12107834a939f075e57d1e93600/gnocchi.194fe45a-6926-4651-8f11-6f2f4c56bbc2/1764720000.0_mean_300.0_v3 HTTP/1.0 201 - python-swiftclient-3.11.1 gAAAAABpMNxrmRHQ... 23 - - txca9ecf65a8d14d139f472-006930dd2c - 0.0223 - - 1764810028.875832081 1764810028.898113966 0
Dec 4 01:00:28 standalone container-server[127516]: 172.20.0.100 - - [04/Dec/2025:01:00:28 +0000] "PUT /d1/914/AUTH_ae7fe12107834a939f075e57d1e93600/gnocchi.194fe45a-6926-4651-8f11-6f2f4c56bbc2/none_v3" 201 - "PUT http://172.18.0.2:8080/d1/260/AUTH_ae7fe12107834a939f075e57d1e93600/gnocchi.194fe45a-6926-4651-8f11-6f2f4c56bbc2/none_v3" "tx36b5e214df314cee834c7-006930dd2c" "object-server 22" 0.0010 "-" 21 0
Dec 4 01:00:28 standalone object-server[127675]: 172.20.0.100 - - [04/Dec/2025:01:00:28 +0000] "PUT /d1/260/AUTH_ae7fe12107834a939f075e57d1e93600/gnocchi.194fe45a-6926-4651-8f11-6f2f4c56bbc2/none_v3" 201 - "PUT http://172.18.0.2:8080/v1/AUTH_ae7fe12107834a939f075e57d1e93600/gnocchi.194fe45a-6926-4651-8f11-6f2f4c56bbc2/none_v3" "tx36b5e214df314cee834c7-006930dd2c" "proxy-server 20" 0.0126 "-" 22 0
Dec 4 01:00:28 standalone proxy-server[129697]: 172.18.0.2 172.18.0.100 04/Dec/2025/01/00/28 PUT /v1/AUTH_ae7fe12107834a939f075e57d1e93600/gnocchi.194fe45a-6926-4651-8f11-6f2f4c56bbc2/none_v3 HTTP/1.0 201 - python-swiftclient-3.11.1 gAAAAABpMNxrmRHQ... 22 - - tx36b5e214df314cee834c7-006930dd2c - 0.0207 - - 1764810028.902240992 1764810028.922924757 0
Dec 4 01:00:28 standalone object-server[127675]: 172.20.0.100 - - [04/Dec/2025:01:00:28 +0000] "GET /d1/774/AUTH_ae7fe12107834a939f075e57d1e93600/gnocchi.9d3de70c-720a-45f6-90da-bbb02d34690c/none_v3" 200 32 "GET http://172.18.0.2:8080/v1/AUTH_ae7fe12107834a939f075e57d1e93600/gnocchi.9d3de70c-720a-45f6-90da-bbb02d34690c/none_v3" "tx1b884ee857c94e9d86148-006930dd2c" "proxy-server 20" 0.0013 "-" 22 0
Dec 4 01:00:28 standalone proxy-server[129697]: 172.18.0.2 172.18.0.100 04/Dec/2025/01/00/28 GET /v1/AUTH_ae7fe12107834a939f075e57d1e93600/gnocchi.9d3de70c-720a-45f6-90da-bbb02d34690c/none_v3 HTTP/1.0 200 - python-swiftclient-3.11.1 gAAAAABpMNxrmRHQ... - 32 - tx1b884ee857c94e9d86148-006930dd2c - 0.0092 - - 1764810028.937572241 1764810028.946728945 0
Dec 4 01:00:28 standalone container-server[127482]: 172.20.0.100 - - [04/Dec/2025:01:00:28 +0000] "GET /d1/935/AUTH_ae7fe12107834a939f075e57d1e93600/gnocchi.9d3de70c-720a-45f6-90da-bbb02d34690c" 200 357 "GET http://172.18.0.2:8080/v1/AUTH_ae7fe12107834a939f075e57d1e93600/gnocchi.9d3de70c-720a-45f6-90da-bbb02d34690c?format=json&states=listing" "txde3d8bb31de04603804b1-006930dd2c" "proxy-server 20" 0.0045 "-" 20 0
Dec 4 01:00:28 standalone proxy-server[129697]: 172.18.0.2 172.18.0.100 04/Dec/2025/01/00/28 GET /v1/AUTH_ae7fe12107834a939f075e57d1e93600/gnocchi.9d3de70c-720a-45f6-90da-bbb02d34690c%3Fformat%3Djson%26states%3Dlisting HTTP/1.0 200 - python-swiftclient-3.11.1 gAAAAABpMNxrmRHQ... - 357 - txde3d8bb31de04603804b1-006930dd2c - 0.0151 - - 1764810028.951651096 1764810028.966754198 0
Dec 4 01:00:28 standalone container-server[127538]: 172.20.0.100 - - [04/Dec/2025:01:00:28 +0000] "GET /d1/935/AUTH_ae7fe12107834a939f075e57d1e93600/gnocchi.9d3de70c-720a-45f6-90da-bbb02d34690c" 200 2 "GET http://172.18.0.2:8080/v1/AUTH_ae7fe12107834a939f075e57d1e93600/gnocchi.9d3de70c-720a-45f6-90da-bbb02d34690c?format=json&marker=none_v3&states=listing" "tx4ed738b7a291406a8ef3b-006930dd2c" "proxy-server 20" 0.0051 "-" 23 0
Dec 4 01:00:28 standalone proxy-server[129697]: 172.18.0.2 172.18.0.100 04/Dec/2025/01/00/28 GET /v1/AUTH_ae7fe12107834a939f075e57d1e93600/gnocchi.9d3de70c-720a-45f6-90da-bbb02d34690c%3Fformat%3Djson%26marker%3Dnone_v3%26states%3Dlisting HTTP/1.0 200 - python-swiftclient-3.11.1 gAAAAABpMNxrmRHQ... - 2 - tx4ed738b7a291406a8ef3b-006930dd2c - 0.0162 - - 1764810028.970924616 1764810028.987114191 0
Dec 4 01:00:29 standalone object-server[127675]: 172.20.0.100 - - [04/Dec/2025:01:00:29 +0000] "GET /d1/971/AUTH_ae7fe12107834a939f075e57d1e93600/gnocchi.9d3de70c-720a-45f6-90da-bbb02d34690c/1764720000.0_mean_300.0_v3" 200 16 "GET http://172.18.0.2:8080/v1/AUTH_ae7fe12107834a939f075e57d1e93600/gnocchi.9d3de70c-720a-45f6-90da-bbb02d34690c/1764720000.0_mean_300.0_v3" "tx3a30f557cc7643bfad66b-006930dd2c" "proxy-server 20" 0.0012 "-" 22 0
Dec 4 01:00:29 standalone proxy-server[129697]: 172.18.0.2 172.18.0.100 04/Dec/2025/01/00/29 GET /v1/AUTH_ae7fe12107834a939f075e57d1e93600/gnocchi.9d3de70c-720a-45f6-90da-bbb02d34690c/1764720000.0_mean_300.0_v3 HTTP/1.0 200 - python-swiftclient-3.11.1 gAAAAABpMNxrmRHQ... - 16 - tx3a30f557cc7643bfad66b-006930dd2c - 0.0101 - - 1764810028.992440939 1764810029.002521276 0
Dec 4 01:00:29 standalone container-server[127534]: 172.20.0.100 - - [04/Dec/2025:01:00:29 +0000] "PUT /d1/935/AUTH_ae7fe12107834a939f075e57d1e93600/gnocchi.9d3de70c-720a-45f6-90da-bbb02d34690c/1764720000.0_mean_300.0_v3" 201 - "PUT http://172.18.0.2:8080/d1/971/AUTH_ae7fe12107834a939f075e57d1e93600/gnocchi.9d3de70c-720a-45f6-90da-bbb02d34690c/1764720000.0_mean_300.0_v3" "tx9a1e4b0622cb4f12af5c6-006930dd2d" "object-server 22" 0.0010 "-" 22 0
Dec 4 01:00:29 standalone object-server[127675]: 172.20.0.100 - - [04/Dec/2025:01:00:29 +0000] "PUT /d1/971/AUTH_ae7fe12107834a939f075e57d1e93600/gnocchi.9d3de70c-720a-45f6-90da-bbb02d34690c/1764720000.0_mean_300.0_v3" 201 - "PUT http://172.18.0.2:8080/v1/AUTH_ae7fe12107834a939f075e57d1e93600/gnocchi.9d3de70c-720a-45f6-90da-bbb02d34690c/1764720000.0_mean_300.0_v3" "tx9a1e4b0622cb4f12af5c6-006930dd2d" "proxy-server 20" 0.0138 "-" 22 0
