Dec 4 00:59:32 standalone container-server[127534]: 172.20.0.100 - - [04/Dec/2025:00:59:32 +0000] "PUT /d1/115/AUTH_ae7fe12107834a939f075e57d1e93600/gnocchi.b498aa23-af0a-4508-8585-5fc50a14b285/1764720000.0_mean_300.0_v3" 201 - "PUT http://172.18.0.2:8080/d1/973/AUTH_ae7fe12107834a939f075e57d1e93600/gnocchi.b498aa23-af0a-4508-8585-5fc50a14b285/1764720000.0_mean_300.0_v3" "tx03fbd04add7348178a401-006930dcf4" "object-server 22" 0.0008 "-" 22 0
Dec 4 00:59:32 standalone object-server[127675]: 172.20.0.100 - - [04/Dec/2025:00:59:32 +0000] "PUT /d1/973/AUTH_ae7fe12107834a939f075e57d1e93600/gnocchi.b498aa23-af0a-4508-8585-5fc50a14b285/1764720000.0_mean_300.0_v3" 201 - "PUT http://172.18.0.2:8080/v1/AUTH_ae7fe12107834a939f075e57d1e93600/gnocchi.b498aa23-af0a-4508-8585-5fc50a14b285/1764720000.0_mean_300.0_v3" "tx03fbd04add7348178a401-006930dcf4" "proxy-server 20" 0.0161 "-" 22 0
Dec 4 00:59:32 standalone proxy-server[129697]: 172.18.0.2 172.18.0.100 04/Dec/2025/00/59/32 PUT /v1/AUTH_ae7fe12107834a939f075e57d1e93600/gnocchi.b498aa23-af0a-4508-8585-5fc50a14b285/1764720000.0_mean_300.0_v3 HTTP/1.0 201 - python-swiftclient-3.11.1 gAAAAABpMNxrmRHQ... 16 - - tx03fbd04add7348178a401-006930dcf4 - 0.0254 - - 1764809972.132405043 1764809972.157794714 0
Dec 4 00:59:32 standalone container-server[127538]: 172.20.0.100 - - [04/Dec/2025:00:59:32 +0000] "PUT /d1/115/AUTH_ae7fe12107834a939f075e57d1e93600/gnocchi.b498aa23-af0a-4508-8585-5fc50a14b285/none_v3" 201 - "PUT http://172.18.0.2:8080/d1/682/AUTH_ae7fe12107834a939f075e57d1e93600/gnocchi.b498aa23-af0a-4508-8585-5fc50a14b285/none_v3" "tx92a10ddbcde943bb93f9c-006930dcf4" "object-server 23" 0.0006 "-" 23 0
Dec 4 00:59:32 standalone object-server[127676]: 172.20.0.100 - - [04/Dec/2025:00:59:32 +0000] "PUT /d1/682/AUTH_ae7fe12107834a939f075e57d1e93600/gnocchi.b498aa23-af0a-4508-8585-5fc50a14b285/none_v3" 201 - "PUT http://172.18.0.2:8080/v1/AUTH_ae7fe12107834a939f075e57d1e93600/gnocchi.b498aa23-af0a-4508-8585-5fc50a14b285/none_v3" "tx92a10ddbcde943bb93f9c-006930dcf4" "proxy-server 20" 0.0120 "-" 23 0
Dec 4 00:59:32 standalone proxy-server[129697]: 172.18.0.2 172.18.0.100 04/Dec/2025/00/59/32 PUT /v1/AUTH_ae7fe12107834a939f075e57d1e93600/gnocchi.b498aa23-af0a-4508-8585-5fc50a14b285/none_v3 HTTP/1.0 201 - python-swiftclient-3.11.1 gAAAAABpMNxrmRHQ... 22 - - tx92a10ddbcde943bb93f9c-006930dcf4 - 0.0225 - - 1764809972.164668083 1764809972.187190771 0
Dec 4 00:59:32 standalone container-server[127516]: 172.20.0.100 - - [04/Dec/2025:00:59:32 +0000] "HEAD /d1/529/AUTH_ae7fe12107834a939f075e57d1e93600/gnocchi.6c81ea97-a9dd-4bae-b38d-59f059306b16" 404 - "HEAD http://172.18.0.2:8080/v1/AUTH_ae7fe12107834a939f075e57d1e93600/gnocchi.6c81ea97-a9dd-4bae-b38d-59f059306b16?format=json&states=listing" "txa1efe2e3783e4029bc0f4-006930dcf4" "proxy-server 20" 0.0008 "-" 21 0
Dec 4 00:59:32 standalone object-server[127677]: 172.20.0.100 - - [04/Dec/2025:00:59:32 +0000] "GET /d1/290/AUTH_ae7fe12107834a939f075e57d1e93600/gnocchi.6c81ea97-a9dd-4bae-b38d-59f059306b16/none_v3" 404 70 "GET http://172.18.0.2:8080/v1/AUTH_ae7fe12107834a939f075e57d1e93600/gnocchi.6c81ea97-a9dd-4bae-b38d-59f059306b16/none_v3" "txa1efe2e3783e4029bc0f4-006930dcf4" "proxy-server 20" 0.0005 "-" 24 0
Dec 4 00:59:32 standalone proxy-server[129697]: 172.18.0.2 172.18.0.100 04/Dec/2025/00/59/32 GET /v1/AUTH_ae7fe12107834a939f075e57d1e93600/gnocchi.6c81ea97-a9dd-4bae-b38d-59f059306b16/none_v3 HTTP/1.0 404 - python-swiftclient-3.11.1 gAAAAABpMNxrmRHQ... - 70 - txa1efe2e3783e4029bc0f4-006930dcf4 - 0.0233 - - 1764809972.204639912 1764809972.227907658 0
Dec 4 00:59:32 standalone account-server[127371]: 172.20.0.100 - - [04/Dec/2025:00:59:32 +0000] "PUT /d1/778/AUTH_ae7fe12107834a939f075e57d1e93600/gnocchi.6c81ea97-a9dd-4bae-b38d-59f059306b16" 201 - "PUT http://172.20.0.100:6001/d1/529/AUTH_ae7fe12107834a939f075e57d1e93600/gnocchi.6c81ea97-a9dd-4bae-b38d-59f059306b16" "tx4e1657b9921349729a033-006930dcf4" "container-server 20" 0.0044 "-" 22 0
Dec 4 00:59:32 standalone container-server[127482]: 172.20.0.100 - - [04/Dec/2025:00:59:32 +0000] "PUT /d1/529/AUTH_ae7fe12107834a939f075e57d1e93600/gnocchi.6c81ea97-a9dd-4bae-b38d-59f059306b16" 201 - "PUT http://172.18.0.2:8080/v1/AUTH_ae7fe12107834a939f075e57d1e93600/gnocchi.6c81ea97-a9dd-4bae-b38d-59f059306b16" "tx4e1657b9921349729a033-006930dcf4" "proxy-server 20" 0.0147 "-" 20 0
Dec 4 00:59:32 standalone proxy-server[129697]: 172.18.0.2 172.18.0.100 04/Dec/2025/00/59/32 PUT /v1/AUTH_ae7fe12107834a939f075e57d1e93600/gnocchi.6c81ea97-a9dd-4bae-b38d-59f059306b16 HTTP/1.0 201 - python-swiftclient-3.11.1 gAAAAABpMNxrmRHQ... - - - tx4e1657b9921349729a033-006930dcf4 - 0.0218 - - 1764809972.233360529 1764809972.255135775 0
Dec 4 00:59:32 standalone container-server[127516]: 172.20.0.100 - - [04/Dec/2025:00:59:32 +0000] "HEAD /d1/529/AUTH_ae7fe12107834a939f075e57d1e93600/gnocchi.6c81ea97-a9dd-4bae-b38d-59f059306b16" 204 - "HEAD http://172.18.0.2:8080/v1/AUTH_ae7fe12107834a939f075e57d1e93600/gnocchi.6c81ea97-a9dd-4bae-b38d-59f059306b16?format=json&states=listing" "txfe7d1e6509a04b62829e1-006930dcf4" "proxy-server 20" 0.0034 "-" 21 0
Dec 4 00:59:32 standalone proxy-server[129697]: - - 04/Dec/2025/00/59/32 HEAD /v1/AUTH_ae7fe12107834a939f075e57d1e93600/gnocchi.6c81ea97-a9dd-4bae-b38d-59f059306b16%3Fformat%3Djson%26states%3Dlisting HTTP/1.0 204 - Swift - - - - txfe7d1e6509a04b62829e1-006930dcf4 - 0.0100 RL - 1764809972.260048151 1764809972.270069599 0
Dec 4 00:59:32 standalone container-server[127482]: 172.20.0.100 - - [04/Dec/2025:00:59:32 +0000] "GET /d1/529/AUTH_ae7fe12107834a939f075e57d1e93600/gnocchi.6c81ea97-a9dd-4bae-b38d-59f059306b16" 200 2 "GET http://172.18.0.2:8080/v1/AUTH_ae7fe12107834a939f075e57d1e93600/gnocchi.6c81ea97-a9dd-4bae-b38d-59f059306b16?format=json&states=listing" "txfe7d1e6509a04b62829e1-006930dcf4" "proxy-server 20" 0.0016 "-" 20 0
Dec 4 00:59:32 standalone proxy-server[129697]: 172.18.0.2 172.18.0.100 04/Dec/2025/00/59/32 GET /v1/AUTH_ae7fe12107834a939f075e57d1e93600/gnocchi.6c81ea97-a9dd-4bae-b38d-59f059306b16%3Fformat%3Djson%26states%3Dlisting HTTP/1.0 200 - python-swiftclient-3.11.1 gAAAAABpMNxrmRHQ... - 2 - txfe7d1e6509a04b62829e1-006930dcf4 - 0.0253 - - 1764809972.259028196 1764809972.284318209 0
Dec 4 00:59:32 standalone object-server[127677]: 172.20.0.100 - - [04/Dec/2025:00:59:32 +0000] "GET /d1/244/AUTH_ae7fe12107834a939f075e57d1e93600/gnocchi.6c81ea97-a9dd-4bae-b38d-59f059306b16/1764720000.0_mean_300.0_v3" 404 70 "GET http://172.18.0.2:8080/v1/AUTH_ae7fe12107834a939f075e57d1e93600/gnocchi.6c81ea97-a9dd-4bae-b38d-59f059306b16/1764720000.0_mean_300.0_v3" "txc149947e2da54848883c6-006930dcf4" "proxy-server 20" 0.0006 "-" 24 0
Dec 4 00:59:32 standalone proxy-server[129697]: 172.18.0.2 172.18.0.100 04/Dec/2025/00/59/32 GET /v1/AUTH_ae7fe12107834a939f075e57d1e93600/gnocchi.6c81ea97-a9dd-4bae-b38d-59f059306b16/1764720000.0_mean_300.0_v3 HTTP/1.0 404 - python-swiftclient-3.11.1 gAAAAABpMNxrmRHQ... - 70 - txc149947e2da54848883c6-006930dcf4 - 0.0143 - - 1764809972.292508841 1764809972.306774378 0
Dec 4 00:59:32 standalone container-server[127534]: 172.20.0.100 - - [04/Dec/2025:00:59:32 +0000] "PUT /d1/529/AUTH_ae7fe12107834a939f075e57d1e93600/gnocchi.6c81ea97-a9dd-4bae-b38d-59f059306b16/1764720000.0_mean_300.0_v3" 201 - "PUT http://172.18.0.2:8080/d1/244/AUTH_ae7fe12107834a939f075e57d1e93600/gnocchi.6c81ea97-a9dd-4bae-b38d-59f059306b16/1764720000.0_mean_300.0_v3" "tx29e45bffecd8451daf5ff-006930dcf4" "object-server 25" 0.0006 "-" 22 0
Dec 4 00:59:32 standalone object-server[127679]: 172.20.0.100 - - [04/Dec/2025:00:59:32 +0000] "PUT /d1/244/AUTH_ae7fe12107834a939f075e57d1e93600/gnocchi.6c81ea97-a9dd-4bae-b38d-59f059306b16/1764720000.0_mean_300.0_v3" 201 - "PUT http://172.18.0.2:8080/v1/AUTH_ae7fe12107834a939f075e57d1e93600/gnocchi.6c81ea97-a9dd-4bae-b38d-59f059306b16/1764720000.0_mean_300.0_v3" "tx29e45bffecd8451daf5ff-006930dcf4" "proxy-server 20" 0.0103 "-" 25 0
Dec 4 00:59:32 standalone proxy-server[129697]: 172.18.0.2 172.18.0.100 04/Dec/2025/00/59/32 PUT /v1/AUTH_ae7fe12107834a939f075e57d1e93600/gnocchi.6c81ea97-a9dd-4bae-b38d-59f059306b16/1764720000.0_mean_300.0_v3 HTTP/1.0 201 - python-swiftclient-3.11.1 gAAAAABpMNxrmRHQ... 16 - - tx29e45bffecd8451daf5ff-006930dcf4 - 0.0146 - - 1764809972.312365294 1764809972.326924562 0
Dec 4 00:59:32 standalone container-server[127516]: 172.20.0.100 - - [04/Dec/2025:00:59:32 +0000] "PUT /d1/529/AUTH_ae7fe12107834a939f075e57d1e93600/gnocchi.6c81ea97-a9dd-4bae-b38d-59f059306b16/none_v3" 201 - "PUT http://172.18.0.2:8080/d1/290/AUTH_ae7fe12107834a939f075e57d1e93600/gnocchi.6c81ea97-a9dd-4bae-b38d-59f059306b16/none_v3" "tx02db023d09bc4be18cbb9-006930dcf4" "object-server 24" 0.0006 "-" 21 0
Dec 4 00:59:32 standalone object-server[127677]: 172.20.0.100 - - [04/Dec/2025:00:59:32 +0000] "PUT /d1/290/AUTH_ae7fe12107834a939f075e57d1e93600/gnocchi.6c81ea97-a9dd-4bae-b38d-59f059306b16/none_v3" 201 - "PUT http://172.18.0.2:8080/v1/AUTH_ae7fe12107834a939f075e57d1e93600/gnocchi.6c81ea97-a9dd-4bae-b38d-59f059306b16/none_v3" "tx02db023d09bc4be18cbb9-006930dcf4" "proxy-server 20" 0.0105 "-" 24 0
Dec 4 00:59:32 standalone proxy-server[129697]: 172.18.0.2 172.18.0.100 04/Dec/2025/00/59/32 PUT /v1/AUTH_ae7fe12107834a939f075e57d1e93600/gnocchi.6c81ea97-a9dd-4bae-b38d-59f059306b16/none_v3 HTTP/1.0 201 - python-swiftclient-3.11.1 gAAAAABpMNxrmRHQ... 22 - - tx02db023d09bc4be18cbb9-006930dcf4 - 0.0153 - - 1764809972.329298496 1764809972.344637632 0
Dec 4 00:59:33 standalone object-server[127675]: 172.20.0.100 - - [04/Dec/2025:00:59:33 +0000] "GET /d1/993/AUTH_ae7fe12107834a939f075e57d1e93600/gnocchi.6803ad8f-d4a4-412d-89e3-2fa1c72b8724/none_v3" 200 32 "GET http://172.18.0.2:8080/v1/AUTH_ae7fe12107834a939f075e57d1e93600/gnocchi.6803ad8f-d4a4-412d-89e3-2fa1c72b8724/none_v3" "txb1a0fddeda394775b8447-006930dcf5" "proxy-server 20" 0.0020 "-" 22 0
Dec 4 00:59:33 standalone proxy-server[129697]: 172.18.0.2 172.18.0.100 04/Dec/2025/00/59/33 GET /v1/AUTH_ae7fe12107834a939f075e57d1e93600/gnocchi.6803ad8f-d4a4-412d-89e3-2fa1c72b8724/none_v3 HTTP/1.0 200 - python-swiftclient-3.11.1 gAAAAABpMNxrmRHQ... - 32 - txb1a0fddeda394775b8447-006930dcf5 - 0.0109 - - 1764809973.032383919 1764809973.043287516 0
Dec 4 00:59:33 standalone container-server[127534]: 172.20.0.100 - - [04/Dec/2025:00:59:33 +0000] "GET /d1/754/AUTH_ae7fe12107834a939f075e57d1e93600/gnocchi.6803ad8f-d4a4-412d-89e3-2fa1c72b8724" 200 357 "GET http://172.18.0.2:8080/v1/AUTH_ae7fe12107834a939f075e57d1e93600/gnocchi.6803ad8f-d4a4-412d-89e3-2fa1c72b8724?format=json&states=listing" "txe3997ca0b609481680cc5-006930dcf5" "proxy-server 20" 0.0134 "-" 22 0
Dec 4 00:59:33 standalone proxy-server[129697]: 172.18.0.2 172.18.0.100 04/Dec/2025/00/59/33 GET /v1/AUTH_ae7fe12107834a939f075e57d1e93600/gnocchi.6803ad8f-d4a4-412d-89e3-2fa1c72b8724%3Fformat%3Djson%26states%3Dlisting HTTP/1.0 200 - python-swiftclient-3.11.1 gAAAAABpMNxrmRHQ... - 357 - txe3997ca0b609481680cc5-006930dcf5 - 0.0231 - - 1764809973.047564983 1764809973.070636272 0
Dec 4 00:59:33 standalone container-server[127516]: 172.20.0.100 - - [04/Dec/2025:00:59:33 +0000] "GET /d1/754/AUTH_ae7fe12107834a939f075e57d1e93600/gnocchi.6803ad8f-d4a4-412d-89e3-2fa1c72b8724" 200 2 "GET http://172.18.0.2:8080/v1/AUTH_ae7fe12107834a939f075e57d1e93600/gnocchi.6803ad8f-d4a4-412d-89e3-2fa1c72b8724?format=json&marker=none_v3&states=listing" "tx98405b3e9bb54a0bb6c9e-006930dcf5" "proxy-server 20" 0.0038 "-" 21 0
Dec 4 00:59:33 standalone proxy-server[129697]: 172.18.0.2 172.18.0.100 04/Dec/2025/00/59/33 GET /v1/AUTH_ae7fe12107834a939f075e57d1e93600/gnocchi.6803ad8f-d4a4-412d-89e3-2fa1c72b8724%3Fformat%3Djson%26marker%3Dnone_v3%26states%3Dlisting HTTP/1.0 200 - python-swiftclient-3.11.1 gAAAAABpMNxrmRHQ... - 2 - tx98405b3e9bb54a0bb6c9e-006930dcf5 - 0.0107 - - 1764809973.073898554 1764809973.084597349 0
Dec 4 00:59:33 standalone object-server[127679]: 172.20.0.100 - - [04/Dec/2025:00:59:33 +0000] "GET /d1/904/AUTH_ae7fe12107834a939f075e57d1e93600/gnocchi.6803ad8f-d4a4-412d-89e3-2fa1c72b8724/1764720000.0_mean_300.0_v3" 200 16 "GET http://172.18.0.2:8080/v1/AUTH_ae7fe12107834a939f075e57d1e93600/gnocchi.6803ad8f-d4a4-412d-89e3-2fa1c72b8724/1764720000.0_mean_300.0_v3" "txe980ddf1da82442c9f09d-006930dcf5" "proxy-server 20" 0.0015 "-" 25 0
Dec 4 00:59:33 standalone proxy-server[129697]: 172.18.0.2 172.18.0.100 04/Dec/2025/00/59/33 GET /v1/AUTH_ae7fe12107834a939f075e57d1e93600/gnocchi.6803ad8f-d4a4-412d-89e3-2fa1c72b8724/1764720000.0_mean_300.0_v3 HTTP/1.0 200 - python-swiftclient-3.11.1 gAAAAABpMNxrmRHQ... - 16 - txe980ddf1da82442c9f09d-006930dcf5 - 0.0110 - - 1764809973.089616299 1764809973.100597620 0
Dec 4 00:59:33 standalone container-server[127482]: 172.20.0.100 - - [04/Dec/2025:00:59:33 +0000] "PUT /d1/754/AUTH_ae7fe12107834a939f075e57d1e93600/gnocchi.6803ad8f-d4a4-412d-89e3-2fa1c72b8724/1764720000.0_mean_300.0_v3" 201 - "PUT http://172.18.0.2:8080/d1/904/AUTH_ae7fe12107834a939f075e57d1e93600/gnocchi.6803ad8f-d4a4-412d-89e3-2fa1c72b8724/1764720000.0_mean_300.0_v3" "tx712c1710d50f4da4ac562-006930dcf5" "object-server 25" 0.0009 "-" 20 0
Dec 4 00:59:33 standalone object-server[127679]: 172.20.0.100 - - [04/Dec/2025:00:59:33 +0000] "PUT /d1/904/AUTH_ae7fe12107834a939f075e57d1e93600/gnocchi.6803ad8f-d4a4-412d-89e3-2fa1c72b8724/1764720000.0_mean_300.0_v3" 201 - "PUT http://172.18.0.2:8080/v1/AUTH_ae7fe12107834a939f075e57d1e93600/gnocchi.6803ad8f-d4a4-412d-89e3-2fa1c72b8724/1764720000.0_mean_300.0_v3" "tx712c1710d50f4da4ac562-006930dcf5" "proxy-server 20" 0.0119 "-" 25 0
Dec 4 00:59:33 standalone proxy-server[129697]: 172.18.0.2 172.18.0.100 04/Dec/2025/00/59/33 PUT /v1/AUTH_ae7fe12107834a939f075e57d1e93600/gnocchi.6803ad8f-d4a4-412d-89e3-2fa1c72b8724/1764720000.0_mean_300.0_v3 HTTP/1.0 201 - python-swiftclient-3.11.1 gAAAAABpMNxrmRHQ... 16 - - tx712c1710d50f4da4ac562-006930dcf5 - 0.0180 - - 1764809973.105480194 1764809973.123481750 0
Dec 4 00:59:33 standalone container-server[127516]: 172.20.0.100 - - [04/Dec/2025:00:59:33 +0000] "PUT /d1/754/AUTH_ae7fe12107834a939f075e57d1e93600/gnocchi.6803ad8f-d4a4-412d-89e3-2fa1c72b8724/none_v3" 201 - "PUT http://172.18.0.2:8080/d1/993/AUTH_ae7fe12107834a939f075e57d1e93600/gnocchi.6803ad8f-d4a4-412d-89e3-2fa1c72b8724/none_v3" "tx7158eb09749f4af0859ec-006930dcf5" "object-server 22" 0.0011 "-" 21 0
Dec 4 00:59:33 standalone object-server[127675]: 172.20.0.100 - - [04/Dec/2025:00:59:33 +0000] "PUT /d1/993/AUTH_ae7fe12107834a939f075e57d1e93600/gnocchi.6803ad8f-d4a4-412d-89e3-2fa1c72b8724/none_v3" 201 - "PUT http://172.18.0.2:8080/v1/AUTH_ae7fe12107834a939f075e57d1e93600/gnocchi.6803ad8f-d4a4-412d-89e3-2fa1c72b8724/none_v3" "tx7158eb09749f4af0859ec-006930dcf5" "proxy-server 20" 0.0127 "-" 22 0
Dec 4 00:59:33 standalone proxy-server[129697]: 172.18.0.2 172.18.0.100 04/Dec/2025/00/59/33 PUT /v1/AUTH_ae7fe12107834a939f075e57d1e93600/gnocchi.6803ad8f-d4a4-412d-89e3-2fa1c72b8724/none_v3 HTTP/1.0 201 - python-swiftclient-3.11.1 gAAAAABpMNxrmRHQ... 46 - - tx7158eb09749f4af0859ec-006930dcf5 - 0.0193 - - 1764809973.127442360 1764809973.146735430 0
Dec 4 00:59:34 standalone object-server[127675]: 172.20.0.100 - - [04/Dec/2025:00:59:34 +0000] "GET /d1/993/AUTH_ae7fe12107834a939f075e57d1e93600/gnocchi.6803ad8f-d4a4-412d-89e3-2fa1c72b8724/none_v3" 200 46 "GET http://172.18.0.2:8080/v1/AUTH_ae7fe12107834a939f075e57d1e93600/gnocchi.6803ad8f-d4a4-412d-89e3-2fa1c72b8724/none_v3" "tx0afceb3234f744b38ac89-006930dcf6" "proxy-server 20" 0.0013 "-" 22 0
Dec 4 00:59:34 standalone proxy-server[129697]: 172.18.0.2 172.18.0.100 04/Dec/2025/00/59/34 GET /v1/AUTH_ae7fe12107834a939f075e57d1e93600/gnocchi.6803ad8f-d4a4-412d-89e3-2fa1c72b8724/none_v3 HTTP/1.0 200 - python-swiftclient-3.11.1 gAAAAABpMNxrmRHQ... - 46 - tx0afceb3234f744b38ac89-006930dcf6 - 0.0173 - - 1764809974.053070784 1764809974.070355654 0
Dec 4 00:59:34 standalone container-server[127538]: 172.20.0.100 - - [04/Dec/2025:00:59:34 +0000] "GET /d1/754/AUTH_ae7fe12107834a939f075e57d1e93600/gnocchi.6803ad8f-d4a4-412d-89e3-2fa1c72b8724" 200 357 "GET http://172.18.0.2:8080/v1/AUTH_ae7fe12107834a939f075e57d1e93600/gnocchi.6803ad8f-d4a4-412d-89e3-2fa1c72b8724?format=json&states=listing" "tx0cfdd5cf01a1408abedec-006930dcf6" "proxy-server 20" 0.0089 "-" 23 0
Dec 4 00:59:34 standalone proxy-server[129697]: 172.18.0.2 172.18.0.100 04/Dec/2025/00/59/34 GET /v1/AUTH_ae7fe12107834a939f075e57d1e93600/gnocchi.6803ad8f-d4a4-412d-89e3-2fa1c72b8724%3Fformat%3Djson%26states%3Dlisting HTTP/1.0 200 - python-swiftclient-3.11.1 gAAAAABpMNxrmRHQ... - 357 - tx0cfdd5cf01a1408abedec-006930dcf6 - 0.0178 - - 1764809974.076787710 1764809974.094582796 0
Dec 4 00:59:34 standalone container-server[127538]: 172.20.0.100 - - [04/Dec/2025:00:59:34 +0000] "GET /d1/754/AUTH_ae7fe12107834a939f075e57d1e93600/gnocchi.6803ad8f-d4a4-412d-89e3-2fa1c72b8724" 200 2 "GET http://172.18.0.2:8080/v1/AUTH_ae7fe12107834a939f075e57d1e93600/gnocchi.6803ad8f-d4a4-412d-89e3-2fa1c72b8724?format=json&marker=none_v3&states=listing" "txcbecb54238af48ffb8be9-006930dcf6" "proxy-server 20" 0.0016 "-" 23 0
Dec 4 00:59:34 standalone proxy-server[129697]: 172.18.0.2 172.18.0.100 04/Dec/2025/00/59/34 GET /v1/AUTH_ae7fe12107834a939f075e57d1e93600/gnocchi.6803ad8f-d4a4-412d-89e3-2fa1c72b8724%3Fformat%3Djson%26marker%3Dnone_v3%26states%3Dlisting HTTP/1.0 200 - python-swiftclient-3.11.1 gAAAAABpMNxrmRHQ... - 2 - txcbecb54238af48ffb8be9-006930dcf6 - 0.0094 - - 1764809974.102239847 1764809974.111676216 0
Dec 4 00:59:34 standalone object-server[127677]: 172.20.0.100 - - [04/Dec/2025:00:59:34 +0000] "GET /d1/904/AUTH_ae7fe12107834a939f075e57d1e93600/gnocchi.6803ad8f-d4a4-412d-89e3-2fa1c72b8724/1764720000.0_mean_300.0_v3" 200 16 "GET http://172.18.0.2:8080/v1/AUTH_ae7fe12107834a939f075e57d1e93600/gnocchi.6803ad8f-d4a4-412d-89e3-2fa1c72b8724/1764720000.0_mean_300.0_v3" "tx4610fbc912e54787b56ae-006930dcf6" "proxy-server 20" 0.0014 "-" 24 0
Dec 4 00:59:34 standalone proxy-server[129697]: 172.18.0.2 172.18.0.100 04/Dec/2025/00/59/34 GET /v1/AUTH_ae7fe12107834a939f075e57d1e93600/gnocchi.6803ad8f-d4a4-412d-89e3-2fa1c72b8724/1764720000.0_mean_300.0_v3 HTTP/1.0 200 - python-swiftclient-3.11.1 gAAAAABpMNxrmRHQ... - 16 - tx4610fbc912e54787b56ae-006930dcf6 - 0.0108 - - 1764809974.117209196 1764809974.127998352 0
Dec 4 00:59:34 standalone container-server[127538]: 172.20.0.100 - - [04/Dec/2025:00:59:34 +0000] "PUT /d1/754/AUTH_ae7fe12107834a939f075e57d1e93600/gnocchi.6803ad8f-d4a4-412d-89e3-2fa1c72b8724/1764720000.0_mean_300.0_v3" 201 - "PUT http://172.18.0.2:8080/d1/904/AUTH_ae7fe12107834a939f075e57d1e93600/gnocchi.6803ad8f-d4a4-412d-89e3-2fa1c72b8724/1764720000.0_mean_300.0_v3" "tx94439c295d8b46c2af55d-006930dcf6" "object-server 25" 0.0006 "-" 23 0
Dec 4 00:59:34 standalone object-server[127679]: 172.20.0.100 - - [04/Dec/2025:00:59:34 +0000] "PUT /d1/904/AUTH_ae7fe12107834a939f075e57d1e93600/gnocchi.6803ad8f-d4a4-412d-89e3-2fa1c72b8724/1764720000.0_mean_300.0_v3" 201 - "PUT http://172.18.0.2:8080/v1/AUTH_ae7fe12107834a939f075e57d1e93600/gnocchi.6803ad8f-d4a4-412d-89e3-2fa1c72b8724/1764720000.0_mean_300.0_v3" "tx94439c295d8b46c2af55d-006930dcf6" "proxy-server 20" 0.0137 "-" 25 0
Dec 4 00:59:34 standalone proxy-server[129697]: 172.18.0.2 172.18.0.100 04/Dec/2025/00/59/34 PUT /v1/AUTH_ae7fe12107834a939f075e57d1e93600/gnocchi.6803ad8f-d4a4-412d-89e3-2fa1c72b8724/1764720000.0_mean_300.0_v3 HTTP/1.0 201 - python-swiftclient-3.11.1 gAAAAABpMNxrmRHQ... 16 - - tx94439c295d8b46c2af55d-006930dcf6 - 0.0230 - - 1764809974.132886410 1764809974.155922174 0
Dec 4 00:59:34 standalone container-server[127534]: 172.20.0.100 - - [04/Dec/2025:00:59:34 +0000] "PUT /d1/754/AUTH_ae7fe12107834a939f075e57d1e93600/gnocchi.6803ad8f-d4a4-412d-89e3-2fa1c72b8724/none_v3" 201 - "PUT http://172.18.0.2:8080/d1/993/AUTH_ae7fe12107834a939f075e57d1e93600/gnocchi.6803ad8f-d4a4-412d-89e3-2fa1c72b8724/none_v3" "tx4316897844634507b1d3d-006930dcf6" "object-server 22" 0.0011 "-" 22 0
Dec 4 00:59:34 standalone object-server[127675]: 172.20.0.100 - - [04/Dec/2025:00:59:34 +0000] "PUT /d1/993/AUTH_ae7fe12107834a939f075e57d1e93600/gnocchi.6803ad8f-d4a4-412d-89e3-2fa1c72b8724/none_v3" 201 - "PUT http://172.18.0.2:8080/v1/AUTH_ae7fe12107834a939f075e57d1e93600/gnocchi.6803ad8f-d4a4-412d-89e3-2fa1c72b8724/none_v3" "tx4316897844634507b1d3d-006930dcf6" "proxy-server 20" 0.0118 "-" 22 0
Dec 4 00:59:34 standalone proxy-server[129697]: 172.18.0.2 172.18.0.100 04/Dec/2025/00/59/34 PUT /v1/AUTH_ae7fe12107834a939f075e57d1e93600/gnocchi.6803ad8f-d4a4-412d-89e3-2fa1c72b8724/none_v3 HTTP/1.0 201 - python-swiftclient-3.11.1 gAAAAABpMNxrmRHQ... 51 - - tx4316897844634507b1d3d-006930dcf6 - 0.0190 - - 1764809974.161098242 1764809974.180059433 0
Dec 4 00:59:34 standalone container-server[127516]: 172.20.0.100 - - [04/Dec/2025:00:59:34 +0000] "HEAD /d1/935/AUTH_ae7fe12107834a939f075e57d1e93600/gnocchi.9d3de70c-720a-45f6-90da-bbb02d34690c" 204 - "HEAD http://172.18.0.2:8080/v1/AUTH_ae7fe12107834a939f075e57d1e93600/gnocchi.9d3de70c-720a-45f6-90da-bbb02d34690c?format=json&states=listing" "txca3528de99e74c41a6c25-006930dcf6" "proxy-server 20" 0.0150 "-" 21 0
Dec 4 00:59:34 standalone object-server[127675]: 172.20.0.100 - - [04/Dec/2025:00:59:34 +0000] "GET /d1/774/AUTH_ae7fe12107834a939f075e57d1e93600/gnocchi.9d3de70c-720a-45f6-90da-bbb02d34690c/none_v3" 200 22 "GET http://172.18.0.2:8080/v1/AUTH_ae7fe12107834a939f075e57d1e93600/gnocchi.9d3de70c-720a-45f6-90da-bbb02d34690c/none_v3" "txca3528de99e74c41a6c25-006930dcf6" "proxy-server 20" 0.0010 "-" 22 0
Dec 4 00:59:34 standalone proxy-server[129697]: 172.18.0.2 172.18.0.100 04/Dec/2025/00/59/34 GET /v1/AUTH_ae7fe12107834a939f075e57d1e93600/gnocchi.9d3de70c-720a-45f6-90da-bbb02d34690c/none_v3 HTTP/1.0 200 - python-swiftclient-3.11.1 gAAAAABpMNxrmRHQ... - 22 - txca3528de99e74c41a6c25-006930dcf6 - 0.0272 - - 1764809974.194936037 1764809974.222141504 0
Dec 4 00:59:34 standalone container-server[127482]: 172.20.0.100 - - [04/Dec/2025:00:59:34 +0000] "GET /d1/935/AUTH_ae7fe12107834a939f075e57d1e93600/gnocchi.9d3de70c-720a-45f6-90da-bbb02d34690c" 200 357 "GET http://172.18.0.2:8080/v1/AUTH_ae7fe12107834a939f075e57d1e93600/gnocchi.9d3de70c-720a-45f6-90da-bbb02d34690c?format=json&states=listing" "tx6aef639d4c5c4e109b615-006930dcf6" "proxy-server 20" 0.0033 "-" 20 0
Dec 4 00:59:34 standalone proxy-server[129697]: 172.18.0.2 172.18.0.100 04/Dec/2025/00/59/34 GET /v1/AUTH_ae7fe12107834a939f075e57d1e93600/gnocchi.9d3de70c-720a-45f6-90da-bbb02d34690c%3Fformat%3Djson%26states%3Dlisting HTTP/1.0 200 - python-swiftclient-3.11.1 gAAAAABpMNxrmRHQ... - 357 - tx6aef639d4c5c4e109b615-006930dcf6 - 0.0091 - - 1764809974.226461887 1764809974.235526800 0
Dec 4 00:59:34 standalone container-server[127534]: 172.20.0.100 - - [04/Dec/2025:00:59:34 +0000] "GET /d1/935/AUTH_ae7fe12107834a939f075e57d1e93600/gnocchi.9d3de70c-720a-45f6-90da-bbb02d34690c" 200 2 "GET http://172.18.0.2:8080/v1/AUTH_ae7fe12107834a939f075e57d1e93600/gnocchi.9d3de70c-720a-45f6-90da-bbb02d34690c?format=json&marker=none_v3&states=listing" "tx6d524022a53341469e4d7-006930dcf6" "proxy-server 20" 0.0031 "-" 22 0
Dec 4 00:59:34 standalone proxy-server[129697]: 172.18.0.2 172.18.0.100 04/Dec/2025/00/59/34 GET /v1/AUTH_ae7fe12107834a939f075e57d1e93600/gnocchi.9d3de70c-720a-45f6-90da-bbb02d34690c%3Fformat%3Djson%26marker%3Dnone_v3%26states%3Dlisting HTTP/1.0 200 - python-swiftclient-3.11.1 gAAAAABpMNxrmRHQ... - 2 - tx6d524022a53341469e4d7-006930dcf6 - 0.0080 - - 1764809974.237355947 1764809974.245342731 0
Dec 4 00:59:34 standalone object-server[127679]: 172.20.0.100 - - [04/Dec/2025:00:59:34 +0000] "GET /d1/971/AUTH_ae7fe12107834a939f075e57d1e93600/gnocchi.9d3de70c-720a-45f6-90da-bbb02d34690c/1764720000.0_mean_300.0_v3" 200 16 "GET http://172.18.0.2:8080/v1/AUTH_ae7fe12107834a939f075e57d1e93600/gnocchi.9d3de70c-720a-45f6-90da-bbb02d34690c/1764720000.0_mean_300.0_v3" "tx8cf62bb3175d427493a14-006930dcf6" "proxy-server 20" 0.0009 "-" 25 0
Dec 4 00:59:34 standalone proxy-server[129697]: 172.18.0.2 172.18.0.100 04/Dec/2025/00/59/34 GET /v1/AUTH_ae7fe12107834a939f075e57d1e93600/gnocchi.9d3de70c-720a-45f6-90da-bbb02d34690c/1764720000.0_mean_300.0_v3 HTTP/1.0 200 - python-swiftclient-3.11.1 gAAAAABpMNxrmRHQ... - 16 - tx8cf62bb3175d427493a14-006930dcf6 - 0.0056 - - 1764809974.248915672 1764809974.254554272 0
Dec 4 00:59:34 standalone container-server[127534]: 172.20.0.100 - - [04/Dec/2025:00:59:34 +0000] "PUT /d1/935/AUTH_ae7fe12107834a939f075e57d1e93600/gnocchi.9d3de70c-720a-45f6-90da-bbb02d34690c/1764720000.0_mean_300.0_v3" 201 - "PUT http://172.18.0.2:8080/d1/971/AUTH_ae7fe12107834a939f075e57d1e93600/gnocchi.9d3de70c-720a-45f6-90da-bbb02d34690c/1764720000.0_mean_300.0_v3" "txd54120aed43a4bec8819c-006930dcf6" "object-server 25" 0.0006 "-" 22 0
Dec 4 00:59:34 standalone object-server[127679]: 172.20.0.100 - - [04/Dec/2025:00:59:34 +0000] "PUT /d1/971/AUTH_ae7fe12107834a939f075e57d1e93600/gnocchi.9d3de70c-720a-45f6-90da-bbb02d34690c/1764720000.0_mean_300.0_v3" 201 - "PUT http://172.18.0.2:8080/v1/AUTH_ae7fe12107834a939f075e57d1e93600/gnocchi.9d3de70c-720a-45f6-90da-bbb02d34690c/1764720000.0_mean_300.0_v3" "txd54120aed43a4bec8819c-006930dcf6" "proxy-server 20" 0.0106 "-" 25 0
Dec 4 00:59:34 standalone proxy-server[129697]: 172.18.0.2 172.18.0.100 04/Dec/2025/00/59/34 PUT /v1/AUTH_ae7fe12107834a939f075e57d1e93600/gnocchi.9d3de70c-720a-45f6-90da-bbb02d34690c/1764720000.0_mean_300.0_v3 HTTP/1.0 201 - python-swiftclient-3.11.1 gAAAAABpMNxrmRHQ... 16 - - txd54120aed43a4bec8819c-006930dcf6 - 0.0151 - - 1764809974.256472826 1764809974.271535635 0
Dec 4 00:59:34 standalone container-server[127534]: 172.20.0.100 - - [04/Dec/2025:00:59:34 +0000] "PUT /d1/935/AUTH_ae7fe12107834a939f075e57d1e93600/gnocchi.9d3de70c-720a-45f6-90da-bbb02d34690c/none_v3" 201 - "PUT http://172.18.0.2:8080/d1/774/AUTH_ae7fe12107834a939f075e57d1e93600/gnocchi.9d3de70c-720a-45f6-90da-bbb02d34690c/none_v3" "tx1a50eb90ec5141659ea7c-006930dcf6" "object-server 23" 0.0005 "-" 22 0
Dec 4 00:59:34 standalone object-server[127676]: 172.20.0.100 - - [04/Dec/2025:00:59:34 +0000] "PUT /d1/774/AUTH_ae7fe12107834a939f075e57d1e93600/gnocchi.9d3de70c-720a-45f6-90da-bbb02d34690c/none_v3" 201 - "PUT http://172.18.0.2:8080/v1/AUTH_ae7fe12107834a939f075e57d1e93600/gnocchi.9d3de70c-720a-45f6-90da-bbb02d34690c/none_v3" "tx1a50eb90ec5141659ea7c-006930dcf6" "proxy-server 20" 0.0098 "-" 23 0
Dec 4 00:59:34 standalone proxy-server[129697]: 172.18.0.2 172.18.0.100 04/Dec/2025/00/59/34 PUT /v1/AUTH_ae7fe12107834a939f075e57d1e93600/gnocchi.9d3de70c-720a-45f6-90da-bbb02d34690c/none_v3 HTTP/1.0 201 - python-swiftclient-3.11.1 gAAAAABpMNxrmRHQ... 32 - - tx1a50eb90ec5141659ea7c-006930dcf6 - 0.0157 - - 1764809974.273617268 1764809974.289310217 0
Dec 4 00:59:34 standalone container-server[127516]: 172.20.0.100 - - [04/Dec/2025:00:59:34 +0000] "HEAD /d1/914/AUTH_ae7fe12107834a939f075e57d1e93600/gnocchi.194fe45a-6926-4651-8f11-6f2f4c56bbc2" 204 - "HEAD http://172.18.0.2:8080/v1/AUTH_ae7fe12107834a939f075e57d1e93600/gnocchi.194fe45a-6926-4651-8f11-6f2f4c56bbc2?format=json&states=listing" "tx90a6317b26254be9b47d9-006930dcf6" "proxy-server 20" 0.0100 "-" 21 0
Dec 4 00:59:34 standalone object-server[127675]: 172.20.0.100 - - [04/Dec/2025:00:59:34 +0000] "GET /d1/260/AUTH_ae7fe12107834a939f075e57d1e93600/gnocchi.194fe45a-6926-4651-8f11-6f2f4c56bbc2/none_v3" 200 22 "GET http://172.18.0.2:8080/v1/AUTH_ae7fe12107834a939f075e57d1e93600/gnocchi.194fe45a-6926-4651-8f11-6f2f4c56bbc2/none_v3" "tx90a6317b26254be9b47d9-006930dcf6" "proxy-server 20" 0.0008 "-" 22 0
Dec 4 00:59:34 standalone proxy-server[129697]: 172.18.0.2 172.18.0.100 04/Dec/2025/00/59/34 GET /v1/AUTH_ae7fe12107834a939f075e57d1e93600/gnocchi.194fe45a-6926-4651-8f11-6f2f4c56bbc2/none_v3 HTTP/1.0 200 - python-swiftclient-3.11.1 gAAAAABpMNxrmRHQ... - 22 - tx90a6317b26254be9b47d9-006930dcf6 - 0.0230 - - 1764809974.299111366 1764809974.322079659 0
Dec 4 00:59:34 standalone container-server[127482]: 172.20.0.100 - - [04/Dec/2025:00:59:34 +0000] "GET /d1/914/AUTH_ae7fe12107834a939f075e57d1e93600/gnocchi.194fe45a-6926-4651-8f11-6f2f4c56bbc2" 200 357 "GET http://172.18.0.2:8080/v1/AUTH_ae7fe12107834a939f075e57d1e93600/gnocchi.194fe45a-6926-4651-8f11-6f2f4c56bbc2?format=json&states=listing" "txe09f16480a3a40f3bb870-006930dcf6" "proxy-server 20" 0.0046 "-" 20 0
Dec 4 00:59:34 standalone proxy-server[129697]: 172.18.0.2 172.18.0.100 04/Dec/2025/00/59/34 GET /v1/AUTH_ae7fe12107834a939f075e57d1e93600/gnocchi.194fe45a-6926-4651-8f11-6f2f4c56bbc2%3Fformat%3Djson%26states%3Dlisting HTTP/1.0 200 - python-swiftclient-3.11.1 gAAAAABpMNxrmRHQ... - 357 - txe09f16480a3a40f3bb870-006930dcf6 - 0.0119 - - 1764809974.328035831 1764809974.339968681 0
Dec 4 00:59:34 standalone container-server[127534]: 172.20.0.100 - - [04/Dec/2025:00:59:34 +0000] "GET /d1/914/AUTH_ae7fe12107834a939f075e57d1e93600/gnocchi.194fe45a-6926-4651-8f11-6f2f4c56bbc2" 200 2 "GET http://172.18.0.2:8080/v1/AUTH_ae7fe12107834a939f075e57d1e93600/gnocchi.194fe45a-6926-4651-8f11-6f2f4c56bbc2?format=json&marker=none_v3&states=listing" "tx2e695a4d00c446c8bb317-006930dcf6" "proxy-server 20" 0.0028 "-" 22 0
Dec 4 00:59:34 standalone proxy-server[129697]: 172.18.0.2 172.18.0.100 04/Dec/2025/00/59/34 GET /v1/AUTH_ae7fe12107834a939f075e57d1e93600/gnocchi.194fe45a-6926-4651-8f11-6f2f4c56bbc2%3Fformat%3Djson%26marker%3Dnone_v3%26states%3Dlisting HTTP/1.0 200 - python-swiftclient-3.11.1 gAAAAABpMNxrmRHQ... - 2 - tx2e695a4d00c446c8bb317-006930dcf6 - 0.0088 - - 1764809974.343917370 1764809974.352684498 0
Dec 4 00:59:34 standalone object-server[127676]: 172.20.0.100 - - [04/Dec/2025:00:59:34 +0000] "GET /d1/755/AUTH_ae7fe12107834a939f075e57d1e93600/gnocchi.194fe45a-6926-4651-8f11-6f2f4c56bbc2/1764720000.0_mean_300.0_v3" 200 16 "GET http://172.18.0.2:8080/v1/AUTH_ae7fe12107834a939f075e57d1e93600/gnocchi.194fe45a-6926-4651-8f11-6f2f4c56bbc2/1764720000.0_mean_300.0_v3" "tx7a975f0b9c754c78a19e1-006930dcf6" "proxy-server 20" 0.0011 "-" 23 0
Dec 4 00:59:34 standalone proxy-server[129697]: 172.18.0.2 172.18.0.100 04/Dec/2025/00/59/34 GET /v1/AUTH_ae7fe12107834a939f075e57d1e93600/gnocchi.194fe45a-6926-4651-8f11-6f2f4c56bbc2/1764720000.0_mean_300.0_v3 HTTP/1.0 200 - python-swiftclient-3.11.1 gAAAAABpMNxrmRHQ... - 16 - tx7a975f0b9c754c78a19e1-006930dcf6 - 0.0072 - - 1764809974.357919931 1764809974.365137815 0
Dec 4 00:59:34 standalone container-server[127538]: 172.20.0.100 - - [04/Dec/2025:00:59:34 +0000] "PUT /d1/914/AUTH_ae7fe12107834a939f075e57d1e93600/gnocchi.194fe45a-6926-4651-8f11-6f2f4c56bbc2/1764720000.0_mean_300.0_v3" 201 - "PUT http://172.18.0.2:8080/d1/755/AUTH_ae7fe12107834a939f075e57d1e93600/gnocchi.194fe45a-6926-4651-8f11-6f2f4c56bbc2/1764720000.0_mean_300.0_v3" "txae2a0c3eeba945f7a1ff6-006930dcf6" "object-server 23" 0.0009 "-" 23 0
Dec 4 00:59:34 standalone object-server[127676]: 172.20.0.100 - - [04/Dec/2025:00:59:34 +0000] "PUT /d1/755/AUTH_ae7fe12107834a939f075e57d1e93600/gnocchi.194fe45a-6926-4651-8f11-6f2f4c56bbc2/1764720000.0_mean_300.0_v3" 201 - "PUT http://172.18.0.2:8080/v1/AUTH_ae7fe12107834a939f075e57d1e93600/gnocchi.194fe45a-6926-4651-8f11-6f2f4c56bbc2/1764720000.0_mean_300.0_v3" "txae2a0c3eeba945f7a1ff6-006930dcf6" "proxy-server 20" 0.0125 "-" 23 0
Dec 4 00:59:34 standalone proxy-server[129697]: 172.18.0.2 172.18.0.100 04/Dec/2025/00/59/34 PUT /v1/AUTH_ae7fe12107834a939f075e57d1e93600/gnocchi.194fe45a-6926-4651-8f11-6f2f4c56bbc2/1764720000.0_mean_300.0_v3 HTTP/1.0 201 - python-swiftclient-3.11.1 gAAAAABpMNxrmRHQ... 16 - - txae2a0c3eeba945f7a1ff6-006930dcf6 - 0.0182 - - 1764809974.369045734 1764809974.387295723 0
Dec 4 00:59:34 standalone container-server[127482]: 172.20.0.100 - - [04/Dec/2025:00:59:34 +0000] "PUT /d1/914/AUTH_ae7fe12107834a939f075e57d1e93600/gnocchi.194fe45a-6926-4651-8f11-6f2f4c56bbc2/none_v3" 201 - "PUT http://172.18.0.2:8080/d1/260/AUTH_ae7fe12107834a939f075e57d1e93600/gnocchi.194fe45a-6926-4651-8f11-6f2f4c56bbc2/none_v3" "txb290b133c98b4ed889ed2-006930dcf6" "object-server 24" 0.0015 "-" 20 0
Dec 4 00:59:34 standalone object-server[127677]: 172.20.0.100 - - [04/Dec/2025:00:59:34 +0000] "PUT /d1/260/AUTH_ae7fe12107834a939f075e57d1e93600/gnocchi.194fe45a-6926-4651-8f11-6f2f4c56bbc2/none_v3" 201 - "PUT http://172.18.0.2:8080/v1/AUTH_ae7fe12107834a939f075e57d1e93600/gnocchi.194fe45a-6926-4651-8f11-6f2f4c56bbc2/none_v3" "txb290b133c98b4ed889ed2-006930dcf6" "proxy-server 20" 0.0127 "-" 24 0
Dec 4 00:59:34 standalone proxy-server[129697]: 172.18.0.2 172.18.0.100 04/Dec/2025/00/59/34 PUT /v1/AUTH_ae7fe12107834a939f075e57d1e93600/gnocchi.194fe45a-6926-4651-8f11-6f2f4c56bbc2/none_v3 HTTP/1.0 201 - python-swiftclient-3.11.1 gAAAAABpMNxrmRHQ... 32 - - txb290b133c98b4ed889ed2-006930dcf6 - 0.0198 - - 1764809974.391600370 1764809974.411437750 0
Dec 4 00:59:34 standalone container-server[127482]: 172.20.0.100 - - [04/Dec/2025:00:59:34 +0000] "HEAD /d1/774/AUTH_ae7fe12107834a939f075e57d1e93600/gnocchi.1aa9a050-f7ec-466f-a830-26a9b5607efe" 204 - "HEAD http://172.18.0.2:8080/v1/AUTH_ae7fe12107834a939f075e57d1e93600/gnocchi.1aa9a050-f7ec-466f-a830-26a9b5607efe?format=json&states=listing" "txaf899934290d4f829c098-006930dcf6" "proxy-server 20" 0.0212 "-" 20 0
Dec 4 00:59:34 standalone object-server[127679]: 172.20.0.100 - - [04/Dec/2025:00:59:34 +0000] "GET /d1/359/AUTH_ae7fe12107834a939f075e57d1e93600/gnocchi.1aa9a050-f7ec-466f-a830-26a9b5607efe/none_v3" 200 22 "GET http://172.18.0.2:8080/v1/AUTH_ae7fe12107834a939f075e57d1e93600/gnocchi.1aa9a050-f7ec-466f-a830-26a9b5607efe/none_v3" "txaf899934290d4f829c098-006930dcf6" "proxy-server 20" 0.0010 "-" 25 0
Dec 4 00:59:34 standalone proxy-server[129697]: 172.18.0.2 172.18.0.100 04/Dec/2025/00/59/34 GET /v1/AUTH_ae7fe12107834a939f075e57d1e93600/gnocchi.1aa9a050-f7ec-466f-a830-26a9b5607efe/none_v3 HTTP/1.0 200 - python-swiftclient-3.11.1 gAAAAABpMNxrmRHQ... - 22 - txaf899934290d4f829c098-006930dcf6 - 0.0397 - - 1764809974.425996542 1764809974.465733290 0
Dec 4 00:59:34 standalone container-server[127538]: 172.20.0.100 - - [04/Dec/2025:00:59:34 +0000] "GET /d1/774/AUTH_ae7fe12107834a939f075e57d1e93600/gnocchi.1aa9a050-f7ec-466f-a830-26a9b5607efe" 200 357 "GET http://172.18.0.2:8080/v1/AUTH_ae7fe12107834a939f075e57d1e93600/gnocchi.1aa9a050-f7ec-466f-a830-26a9b5607efe?format=json&states=listing" "txef1a6af82a0e401981770-006930dcf6" "proxy-server 20" 0.0046 "-" 23 0
Dec 4 00:59:34 standalone proxy-server[129697]: 172.18.0.2 172.18.0.100 04/Dec/2025/00/59/34 GET /v1/AUTH_ae7fe12107834a939f075e57d1e93600/gnocchi.1aa9a050-f7ec-466f-a830-26a9b5607efe%3Fformat%3Djson%26states%3Dlisting HTTP/1.0 200 - python-swiftclient-3.11.1 gAAAAABpMNxrmRHQ... - 357 - txef1a6af82a0e401981770-006930dcf6 - 0.0148 - - 1764809974.472137928 1764809974.486972809 0
Dec 4 00:59:34 standalone container-server[127534]: 172.20.0.100 - - [04/Dec/2025:00:59:34 +0000] "GET /d1/774/AUTH_ae7fe12107834a939f075e57d1e93600/gnocchi.1aa9a050-f7ec-466f-a830-26a9b5607efe" 200 2 "GET http://172.18.0.2:8080/v1/AUTH_ae7fe12107834a939f075e57d1e93600/gnocchi.1aa9a050-f7ec-466f-a830-26a9b5607efe?format=json&marker=none_v3&states=listing" "tx48e9e4d166894be3b74c1-006930dcf6" "proxy-server 20" 0.0031 "-" 22 0
Dec 4 00:59:34 standalone proxy-server[129697]: 172.18.0.2 172.18.0.100 04/Dec/2025/00/59/34 GET /v1/AUTH_ae7fe12107834a939f075e57d1e93600/gnocchi.1aa9a050-f7ec-466f-a830-26a9b5607efe%3Fformat%3Djson%26marker%3Dnone_v3%26states%3Dlisting HTTP/1.0 200 - python-swiftclient-3.11.1 gAAAAABpMNxrmRHQ... - 2 - tx48e9e4d166894be3b74c1-006930dcf6 - 0.0157 - - 1764809974.492617369 1764809974.508303404 0
Dec 4 00:59:34 standalone object-server[127675]: 172.20.0.100 - - [04/Dec/2025:00:59:34 +0000] "GET /d1/150/AUTH_ae7fe12107834a939f075e57d1e93600/gnocchi.1aa9a050-f7ec-466f-a830-26a9b5607efe/1764720000.0_mean_300.0_v3" 200 16 "GET http://172.18.0.2:8080/v1/AUTH_ae7fe12107834a939f075e57d1e93600/gnocchi.1aa9a050-f7ec-466f-a830-26a9b5607efe/1764720000.0_mean_300.0_v3" "txc7f0303c28d540aa8b234-006930dcf6" "proxy-server 20" 0.0013 "-" 22 0
Dec 4 00:59:34 standalone proxy-server[129697]: 172.18.0.2 172.18.0.100 04/Dec/2025/00/59/34 GET /v1/AUTH_ae7fe12107834a939f075e57d1e93600/gnocchi.1aa9a050-f7ec-466f-a830-26a9b5607efe/1764720000.0_mean_300.0_v3 HTTP/1.0 200 - python-swiftclient-3.11.1 gAAAAABpMNxrmRHQ... - 16 - txc7f0303c28d540aa8b234-006930dcf6 - 0.0109 - - 1764809974.513630152 1764809974.524526834 0
Dec 4 00:59:34 standalone container-server[127482]: 172.20.0.100 - - [04/Dec/2025:00:59:34 +0000] "PUT /d1/774/AUTH_ae7fe12107834a939f075e57d1e93600/gnocchi.1aa9a050-f7ec-466f-a830-26a9b5607efe/1764720000.0_mean_300.0_v3" 201 - "PUT http://172.18.0.2:8080/d1/150/AUTH_ae7fe12107834a939f075e57d1e93600/gnocchi.1aa9a050-f7ec-466f-a830-26a9b5607efe/1764720000.0_mean_300.0_v3" "txdc79092d9e85419092bf2-006930dcf6" "object-server 22" 0.0010 "-" 20 0
Dec 4 00:59:34 standalone object-server[127675]: 172.20.0.100 - - [04/Dec/2025:00:59:34 +0000] "PUT /d1/150/AUTH_ae7fe12107834a939f075e57d1e93600/gnocchi.1aa9a050-f7ec-466f-a830-26a9b5607efe/1764720000.0_mean_300.0_v3" 201 - "PUT http://172.18.0.2:8080/v1/AUTH_ae7fe12107834a939f075e57d1e93600/gnocchi.1aa9a050-f7ec-466f-a830-26a9b5607efe/1764720000.0_mean_300.0_v3" "txdc79092d9e85419092bf2-006930dcf6" "proxy-server 20" 0.0187 "-" 22 0
Dec 4 00:59:34 standalone proxy-server[129697]: 172.18.0.2 172.18.0.100 04/Dec/2025/00/59/34 PUT /v1/AUTH_ae7fe12107834a939f075e57d1e93600/gnocchi.1aa9a050-f7ec-466f-a830-26a9b5607efe/1764720000.0_mean_300.0_v3 HTTP/1.0 201 - python-swiftclient-3.11.1 gAAAAABpMNxrmRHQ... 16 - - txdc79092d9e85419092bf2-006930dcf6 - 0.0290 - - 1764809974.533330917 1764809974.562309980 0
Dec 4 00:59:34 standalone container-server[127516]: 172.20.0.100 - - [04/Dec/2025:00:59:34 +0000] "PUT /d1/774/AUTH_ae7fe12107834a939f075e57d1e93600/gnocchi.1aa9a050-f7ec-466f-a830-26a9b5607efe/none_v3" 201 - "PUT http://172.18.0.2:8080/d1/359/AUTH_ae7fe12107834a939f075e57d1e93600/gnocchi.1aa9a050-f7ec-466f-a830-26a9b5607efe/none_v3" "tx90ae374391b84b50ab94a-006930dcf6" "object-server 23" 0.0010 "-" 21 0
Dec 4 00:59:34 standalone object-server[127676]: 172.20.0.100 - - [04/Dec/2025:00:59:34 +0000] "PUT /d1/359/AUTH_ae7fe12107834a939f075e57d1e93600/gnocchi.1aa9a050-f7ec-466f-a830-26a9b5607efe/none_v3" 201 - "PUT http://172.18.0.2:8080/v1/AUTH_ae7fe12107834a939f075e57d1e93600/gnocchi.1aa9a050-f7ec-466f-a830-26a9b5607efe/none_v3" "tx90ae374391b84b50ab94a-006930dcf6" "proxy-server 20" 0.0123 "-" 23 0
Dec 4 00:59:34 standalone proxy-server[129697]: 172.18.0.2 172.18.0.100 04/Dec/2025/00/59/34 PUT /v1/AUTH_ae7fe12107834a939f075e57d1e93600/gnocchi.1aa9a050-f7ec-466f-a830-26a9b5607efe/none_v3 HTTP/1.0 201 - python-swiftclient-3.11.1 gAAAAABpMNxrmRHQ... 32 - - tx90ae374391b84b50ab94a-006930dcf6 - 0.0228 - - 1764809974.569808722 1764809974.592615843 0
Dec 4 00:59:34 standalone container-server[127538]: 172.20.0.100 - - [04/Dec/2025:00:59:34 +0000] "HEAD /d1/674/AUTH_ae7fe12107834a939f075e57d1e93600/gnocchi.2639d49c-f3fd-4d35-accc-c4f1d06e95e6" 204 - "HEAD http://172.18.0.2:8080/v1/AUTH_ae7fe12107834a939f075e57d1e93600/gnocchi.2639d49c-f3fd-4d35-accc-c4f1d06e95e6?format=json&states=listing" "tx68274ac40152479da5ac9-006930dcf6" "proxy-server 20" 0.0093 "-" 23 0
Dec 4 00:59:34 standalone object-server[127676]: 172.20.0.100 - - [04/Dec/2025:00:59:34 +0000] "GET /d1/95/AUTH_ae7fe12107834a939f075e57d1e93600/gnocchi.2639d49c-f3fd-4d35-accc-c4f1d06e95e6/none_v3" 200 22 "GET http://172.18.0.2:8080/v1/AUTH_ae7fe12107834a939f075e57d1e93600/gnocchi.2639d49c-f3fd-4d35-accc-c4f1d06e95e6/none_v3" "tx68274ac40152479da5ac9-006930dcf6" "proxy-server 20" 0.0010 "-" 23 0
Dec 4 00:59:34 standalone proxy-server[129697]: 172.18.0.2 172.18.0.100 04/Dec/2025/00/59/34 GET /v1/AUTH_ae7fe12107834a939f075e57d1e93600/gnocchi.2639d49c-f3fd-4d35-accc-c4f1d06e95e6/none_v3 HTTP/1.0 200 - python-swiftclient-3.11.1 gAAAAABpMNxrmRHQ... - 22 - tx68274ac40152479da5ac9-006930dcf6 - 0.0221 - - 1764809974.605964661 1764809974.628036022 0
Dec 4 00:59:34 standalone container-server[127516]: 172.20.0.100 - - [04/Dec/2025:00:59:34 +0000] "GET /d1/674/AUTH_ae7fe12107834a939f075e57d1e93600/gnocchi.2639d49c-f3fd-4d35-accc-c4f1d06e95e6" 200 357 "GET http://172.18.0.2:8080/v1/AUTH_ae7fe12107834a939f075e57d1e93600/gnocchi.2639d49c-f3fd-4d35-accc-c4f1d06e95e6?format=json&states=listing" "tx366e8811ad354c6b9f28d-006930dcf6" "proxy-server 20" 0.0023 "-" 21 0
Dec 4 00:59:34 standalone proxy-server[129697]: 172.18.0.2 172.18.0.100 04/Dec/2025/00/59/34 GET /v1/AUTH_ae7fe12107834a939f075e57d1e93600/gnocchi.2639d49c-f3fd-4d35-accc-c4f1d06e95e6%3Fformat%3Djson%26states%3Dlisting HTTP/1.0 200 - python-swiftclient-3.11.1 gAAAAABpMNxrmRHQ... - 357 - tx366e8811ad354c6b9f28d-006930dcf6 - 0.0099 - - 1764809974.632814169 1764809974.642701626 0
Dec 4 00:59:34 standalone container-server[127538]: 172.20.0.100 - - [04/Dec/2025:00:59:34 +0000] "GET /d1/674/AUTH_ae7fe12107834a939f075e57d1e93600/gnocchi.2639d49c-f3fd-4d35-accc-c4f1d06e95e6" 200 2 "GET http://172.18.0.2:8080/v1/AUTH_ae7fe12107834a939f075e57d1e93600/gnocchi.2639d49c-f3fd-4d35-accc-c4f1d06e95e6?format=json&marker=none_v3&states=listing" "txfe3a5d04471f4f439576f-006930dcf6" "proxy-server 20" 0.0032 "-" 23 0
Dec 4 00:59:34 standalone proxy-server[129697]: 172.18.0.2 172.18.0.100 04/Dec/2025/00/59/34 GET /v1/AUTH_ae7fe12107834a939f075e57d1e93600/gnocchi.2639d49c-f3fd-4d35-accc-c4f1d06e95e6%3Fformat%3Djson%26marker%3Dnone_v3%26states%3Dlisting HTTP/1.0 200 - python-swiftclient-3.11.1 gAAAAABpMNxrmRHQ... - 2 - txfe3a5d04471f4f439576f-006930dcf6 - 0.0112 - - 1764809974.646520376 1764809974.657674313 0
Dec 4 00:59:34 standalone object-server[127675]: 172.20.0.100 - - [04/Dec/2025:00:59:34 +0000] "GET /d1/318/AUTH_ae7fe12107834a939f075e57d1e93600/gnocchi.2639d49c-f3fd-4d35-accc-c4f1d06e95e6/1764720000.0_mean_300.0_v3" 200 16 "GET http://172.18.0.2:8080/v1/AUTH_ae7fe12107834a939f075e57d1e93600/gnocchi.2639d49c-f3fd-4d35-accc-c4f1d06e95e6/1764720000.0_mean_300.0_v3" "tx31d19356e7ef47dc9d76c-006930dcf6" "proxy-server 20" 0.0011 "-" 22 0
Dec 4 00:59:34 standalone proxy-server[129697]: 172.18.0.2 172.18.0.100 04/Dec/2025/00/59/34 GET /v1/AUTH_ae7fe12107834a939f075e57d1e93600/gnocchi.2639d49c-f3fd-4d35-accc-c4f1d06e95e6/1764720000.0_mean_300.0_v3 HTTP/1.0 200 - python-swiftclient-3.11.1 gAAAAABpMNxrmRHQ... - 16 - tx31d19356e7ef47dc9d76c-006930dcf6 - 0.0078 - - 1764809974.662414789 1764809974.670188427 0
Dec 4 00:59:34 standalone container-server[127516]: 172.20.0.100 - - [04/Dec/2025:00:59:34 +0000] "PUT /d1/674/AUTH_ae7fe12107834a939f075e57d1e93600/gnocchi.2639d49c-f3fd-4d35-accc-c4f1d06e95e6/1764720000.0_mean_300.0_v3" 201 - "PUT http://172.18.0.2:8080/d1/318/AUTH_ae7fe12107834a939f075e57d1e93600/gnocchi.2639d49c-f3fd-4d35-accc-c4f1d06e95e6/1764720000.0_mean_300.0_v3" "txcae52e8daa8e485bafef4-006930dcf6" "object-server 23" 0.0009 "-" 21 0
Dec 4 00:59:34 standalone object-server[127676]: 172.20.0.100 - - [04/Dec/2025:00:59:34 +0000] "PUT /d1/318/AUTH_ae7fe12107834a939f075e57d1e93600/gnocchi.2639d49c-f3fd-4d35-accc-c4f1d06e95e6/1764720000.0_mean_300.0_v3" 201 - "PUT http://172.18.0.2:8080/v1/AUTH_ae7fe12107834a939f075e57d1e93600/gnocchi.2639d49c-f3fd-4d35-accc-c4f1d06e95e6/1764720000.0_mean_300.0_v3" "txcae52e8daa8e485bafef4-006930dcf6" "proxy-server 20" 0.0107 "-" 23 0
Dec 4 00:59:34 standalone proxy-server[129697]: 172.18.0.2 172.18.0.100 04/Dec/2025/00/59/34 PUT /v1/AUTH_ae7fe12107834a939f075e57d1e93600/gnocchi.2639d49c-f3fd-4d35-accc-c4f1d06e95e6/1764720000.0_mean_300.0_v3 HTTP/1.0 201 - python-swiftclient-3.11.1 gAAAAABpMNxrmRHQ... 16 - - txcae52e8daa8e485bafef4-006930dcf6 - 0.0164 - - 1764809974.673273087 1764809974.689625502 0
Dec 4 00:59:34 standalone container-server[127534]: 172.20.0.100 - - [04/Dec/2025:00:59:34 +0000] "PUT /d1/674/AUTH_ae7fe12107834a939f075e57d1e93600/gnocchi.2639d49c-f3fd-4d35-accc-c4f1d06e95e6/none_v3" 201 - "PUT http://172.18.0.2:8080/d1/95/AUTH_ae7fe12107834a939f075e57d1e93600/gnocchi.2639d49c-f3fd-4d35-accc-c4f1d06e95e6/none_v3" "tx5072b9e60b644ee2b821e-006930dcf6" "object-server 25" 0.0013 "-" 22 0
Dec 4 00:59:34 standalone object-server[127679]: 172.20.0.100 - - [04/Dec/2025:00:59:34 +0000] "PUT /d1/95/AUTH_ae7fe12107834a939f075e57d1e93600/gnocchi.2639d49c-f3fd-4d35-accc-c4f1d06e95e6/none_v3" 201 - "PUT http://172.18.0.2:8080/v1/AUTH_ae7fe12107834a939f075e57d1e93600/gnocchi.2639d49c-f3fd-4d35-accc-c4f1d06e95e6/none_v3" "tx5072b9e60b644ee2b821e-006930dcf6" "proxy-server 20" 0.0128 "-" 25 0
Dec 4 00:59:34 standalone proxy-server[129697]: 172.18.0.2 172.18.0.100 04/Dec/2025/00/59/34 PUT /v1/AUTH_ae7fe12107834a939f075e57d1e93600/gnocchi.2639d49c-f3fd-4d35-accc-c4f1d06e95e6/none_v3 HTTP/1.0 201 - python-swiftclient-3.11.1 gAAAAABpMNxrmRHQ... 32 - - tx5072b9e60b644ee2b821e-006930dcf6 - 0.0185 - - 1764809974.692088604 1764809974.710547924 0
Dec 4 00:59:38 standalone container-server[127516]: 172.20.0.100 - - [04/Dec/2025:00:59:38 +0000] "HEAD /d1/935/AUTH_ae7fe12107834a939f075e57d1e93600/gnocchi.43ffb5e1-cc52-4044-8b35-a83112838261" 404 - "HEAD http://172.18.0.2:8080/v1/AUTH_ae7fe12107834a939f075e57d1e93600/gnocchi.43ffb5e1-cc52-4044-8b35-a83112838261?format=json&states=listing" "txd2de4e2fe1ba4e83ada21-006930dcfa" "proxy-server 20" 0.0006 "-" 21 0
Dec 4 00:59:38 standalone object-server[127676]: 172.20.0.100 - - [04/Dec/2025:00:59:38 +0000] "GET /d1/900/AUTH_ae7fe12107834a939f075e57d1e93600/gnocchi.43ffb5e1-cc52-4044-8b35-a83112838261/none_v3" 404 70 "GET http://172.18.0.2:8080/v1/AUTH_ae7fe12107834a939f075e57d1e93600/gnocchi.43ffb5e1-cc52-4044-8b35-a83112838261/none_v3" "txd2de4e2fe1ba4e83ada21-006930dcfa" "proxy-server 20" 0.0007 "-" 23 0
Dec 4 00:59:38 standalone proxy-server[129697]: 172.18.0.2 172.18.0.100 04/Dec/2025/00/59/38 GET /v1/AUTH_ae7fe12107834a939f075e57d1e93600/gnocchi.43ffb5e1-cc52-4044-8b35-a83112838261/none_v3 HTTP/1.0 404 - python-swiftclient-3.11.1 gAAAAABpMNxrmRHQ... - 70 - txd2de4e2fe1ba4e83ada21-006930dcfa - 0.0176 - - 1764809978.385747433 1764809978.403320551 0
Dec 4 00:59:38 standalone account-server[127327]: 172.20.0.100 - - [04/Dec/2025:00:59:38 +0000] "PUT /d1/778/AUTH_ae7fe12107834a939f075e57d1e93600/gnocchi.43ffb5e1-cc52-4044-8b35-a83112838261" 201 - "PUT http://172.20.0.100:6001/d1/935/AUTH_ae7fe12107834a939f075e57d1e93600/gnocchi.43ffb5e1-cc52-4044-8b35-a83112838261" "tx6ef90c5bdf1d4b388e15f-006930dcfa" "container-server 22" 0.0060 "-" 19 0
Dec 4 00:59:38 standalone container-server[127534]: 172.20.0.100 - - [04/Dec/2025:00:59:38 +0000] "PUT /d1/935/AUTH_ae7fe12107834a939f075e57d1e93600/gnocchi.43ffb5e1-cc52-4044-8b35-a83112838261" 201 - "PUT http://172.18.0.2:8080/v1/AUTH_ae7fe12107834a939f075e57d1e93600/gnocchi.43ffb5e1-cc52-4044-8b35-a83112838261" "tx6ef90c5bdf1d4b388e15f-006930dcfa" "proxy-server 20" 0.0228 "-" 22 0
Dec 4 00:59:38 standalone proxy-server[129697]: 172.18.0.2 172.18.0.100 04/Dec/2025/00/59/38 PUT /v1/AUTH_ae7fe12107834a939f075e57d1e93600/gnocchi.43ffb5e1-cc52-4044-8b35-a83112838261 HTTP/1.0 201 - python-swiftclient-3.11.1 gAAAAABpMNxrmRHQ... - - - tx6ef90c5bdf1d4b388e15f-006930dcfa - 0.0356 - - 1764809978.407800913 1764809978.443387747 0
Dec 4 00:59:38 standalone container-server[127516]: 172.20.0.100 - - [04/Dec/2025:00:59:38 +0000] "HEAD /d1/935/AUTH_ae7fe12107834a939f075e57d1e93600/gnocchi.43ffb5e1-cc52-4044-8b35-a83112838261" 204 - "HEAD http://172.18.0.2:8080/v1/AUTH_ae7fe12107834a939f075e57d1e93600/gnocchi.43ffb5e1-cc52-4044-8b35-a83112838261?format=json&states=listing" "tx2d2c074bb31644ed90dd8-006930dcfa" "proxy-server 20" 0.0026 "-" 21 0
Dec 4 00:59:38 standalone proxy-server[129697]: - - 04/Dec/2025/00/59/38 HEAD /v1/AUTH_ae7fe12107834a939f075e57d1e93600/gnocchi.43ffb5e1-cc52-4044-8b35-a83112838261%3Fformat%3Djson%26states%3Dlisting HTTP/1.0 204 - Swift - - - - tx2d2c074bb31644ed90dd8-006930dcfa - 0.0094 RL - 1764809978.452354908 1764809978.461722612 0
Dec 4 00:59:38 standalone container-server[127534]: 172.20.0.100 - - [04/Dec/2025:00:59:38 +0000] "GET /d1/935/AUTH_ae7fe12107834a939f075e57d1e93600/gnocchi.43ffb5e1-cc52-4044-8b35-a83112838261" 200 2 "GET http://172.18.0.2:8080/v1/AUTH_ae7fe12107834a939f075e57d1e93600/gnocchi.43ffb5e1-cc52-4044-8b35-a83112838261?format=json&states=listing" "tx2d2c074bb31644ed90dd8-006930dcfa" "proxy-server 20" 0.0040 "-" 22 0
Dec 4 00:59:38 standalone proxy-server[129697]: 172.18.0.2 172.18.0.100 04/Dec/2025/00/59/38 GET /v1/AUTH_ae7fe12107834a939f075e57d1e93600/gnocchi.43ffb5e1-cc52-4044-8b35-a83112838261%3Fformat%3Djson%26states%3Dlisting HTTP/1.0 200 - python-swiftclient-3.11.1 gAAAAABpMNxrmRHQ... - 2 - tx2d2c074bb31644ed90dd8-006930dcfa - 0.0279 - - 1764809978.448627472 1764809978.476511955 0
Dec 4 00:59:38 standalone object-server[127675]: 172.20.0.100 - - [04/Dec/2025:00:59:38 +0000] "GET /d1/8/AUTH_ae7fe12107834a939f075e57d1e93600/gnocchi.43ffb5e1-cc52-4044-8b35-a83112838261/1764720000.0_mean_300.0_v3" 404 70 "GET http://172.18.0.2:8080/v1/AUTH_ae7fe12107834a939f075e57d1e93600/gnocchi.43ffb5e1-cc52-4044-8b35-a83112838261/1764720000.0_mean_300.0_v3" "tx57a52ff5725f4e79bbe93-006930dcfa" "proxy-server 20" 0.0006 "-" 22 0
Dec 4 00:59:38 standalone proxy-server[129697]: 172.18.0.2 172.18.0.100 04/Dec/2025/00/59/38 GET /v1/AUTH_ae7fe12107834a939f075e57d1e93600/gnocchi.43ffb5e1-cc52-4044-8b35-a83112838261/1764720000.0_mean_300.0_v3 HTTP/1.0 404 - python-swiftclient-3.11.1 gAAAAABpMNxrmRHQ... - 70 - tx57a52ff5725f4e79bbe93-006930dcfa - 0.0088 - - 1764809978.481231928 1764809978.490042686 0
Dec 4 00:59:38 standalone container-server[127516]: 172.20.0.100 - - [04/Dec/2025:00:59:38 +0000] "PUT /d1/935/AUTH_ae7fe12107834a939f075e57d1e93600/gnocchi.43ffb5e1-cc52-4044-8b35-a83112838261/1764720000.0_mean_300.0_v3" 201 - "PUT http://172.18.0.2:8080/d1/8/AUTH_ae7fe12107834a939f075e57d1e93600/gnocchi.43ffb5e1-cc52-4044-8b35-a83112838261/1764720000.0_mean_300.0_v3" "txa3234e47c91442159b93b-006930dcfa" "object-server 23" 0.0007 "-" 21 0
