Dec 4 00:59:38 standalone object-server[127676]: 172.20.0.100 - - [04/Dec/2025:00:59:38 +0000] "PUT /d1/8/AUTH_ae7fe12107834a939f075e57d1e93600/gnocchi.43ffb5e1-cc52-4044-8b35-a83112838261/1764720000.0_mean_300.0_v3" 201 - "PUT http://172.18.0.2:8080/v1/AUTH_ae7fe12107834a939f075e57d1e93600/gnocchi.43ffb5e1-cc52-4044-8b35-a83112838261/1764720000.0_mean_300.0_v3" "txa3234e47c91442159b93b-006930dcfa" "proxy-server 20" 0.0167 "-" 23 0
Dec 4 00:59:38 standalone proxy-server[129697]: 172.18.0.2 172.18.0.100 04/Dec/2025/00/59/38 PUT /v1/AUTH_ae7fe12107834a939f075e57d1e93600/gnocchi.43ffb5e1-cc52-4044-8b35-a83112838261/1764720000.0_mean_300.0_v3 HTTP/1.0 201 - python-swiftclient-3.11.1 gAAAAABpMNxrmRHQ... 16 - - txa3234e47c91442159b93b-006930dcfa - 0.0294 - - 1764809978.495515347 1764809978.524906158 0
Dec 4 00:59:38 standalone container-server[127516]: 172.20.0.100 - - [04/Dec/2025:00:59:38 +0000] "PUT /d1/935/AUTH_ae7fe12107834a939f075e57d1e93600/gnocchi.43ffb5e1-cc52-4044-8b35-a83112838261/none_v3" 201 - "PUT http://172.18.0.2:8080/d1/900/AUTH_ae7fe12107834a939f075e57d1e93600/gnocchi.43ffb5e1-cc52-4044-8b35-a83112838261/none_v3" "txb764e554616a494bb6c4a-006930dcfa" "object-server 23" 0.0006 "-" 21 0
Dec 4 00:59:38 standalone object-server[127676]: 172.20.0.100 - - [04/Dec/2025:00:59:38 +0000] "PUT /d1/900/AUTH_ae7fe12107834a939f075e57d1e93600/gnocchi.43ffb5e1-cc52-4044-8b35-a83112838261/none_v3" 201 - "PUT http://172.18.0.2:8080/v1/AUTH_ae7fe12107834a939f075e57d1e93600/gnocchi.43ffb5e1-cc52-4044-8b35-a83112838261/none_v3" "txb764e554616a494bb6c4a-006930dcfa" "proxy-server 20" 0.0106 "-" 23 0
Dec 4 00:59:38 standalone proxy-server[129697]: 172.18.0.2 172.18.0.100 04/Dec/2025/00/59/38 PUT /v1/AUTH_ae7fe12107834a939f075e57d1e93600/gnocchi.43ffb5e1-cc52-4044-8b35-a83112838261/none_v3 HTTP/1.0 201 - python-swiftclient-3.11.1 gAAAAABpMNxrmRHQ... 22 - - txb764e554616a494bb6c4a-006930dcfa - 0.0252 - - 1764809978.534764528 1764809978.559919834 0
Dec 4 00:59:38 standalone object-server[127676]: 172.20.0.100 - - [04/Dec/2025:00:59:38 +0000] "GET /d1/757/AUTH_ae7fe12107834a939f075e57d1e93600/gnocchi.a8558fe7-29ea-4a8e-92fd-2c770d744510/none_v3" 200 33 "GET http://172.18.0.2:8080/v1/AUTH_ae7fe12107834a939f075e57d1e93600/gnocchi.a8558fe7-29ea-4a8e-92fd-2c770d744510/none_v3" "txf88cea3a7fe74dafb01d4-006930dcfa" "proxy-server 20" 0.0017 "-" 23 0
Dec 4 00:59:38 standalone proxy-server[129697]: 172.18.0.2 172.18.0.100 04/Dec/2025/00/59/38 GET /v1/AUTH_ae7fe12107834a939f075e57d1e93600/gnocchi.a8558fe7-29ea-4a8e-92fd-2c770d744510/none_v3 HTTP/1.0 200 - python-swiftclient-3.11.1 gAAAAABpMNxrmRHQ... - 33 - txf88cea3a7fe74dafb01d4-006930dcfa - 0.0100 - - 1764809978.656021357 1764809978.665992022 0
Dec 4 00:59:38 standalone container-server[127516]: 172.20.0.100 - - [04/Dec/2025:00:59:38 +0000] "GET /d1/429/AUTH_ae7fe12107834a939f075e57d1e93600/gnocchi.a8558fe7-29ea-4a8e-92fd-2c770d744510" 200 357 "GET http://172.18.0.2:8080/v1/AUTH_ae7fe12107834a939f075e57d1e93600/gnocchi.a8558fe7-29ea-4a8e-92fd-2c770d744510?format=json&states=listing" "txa213d015d19543c99e618-006930dcfa" "proxy-server 20" 0.0109 "-" 21 0
Dec 4 00:59:38 standalone proxy-server[129697]: 172.18.0.2 172.18.0.100 04/Dec/2025/00/59/38 GET /v1/AUTH_ae7fe12107834a939f075e57d1e93600/gnocchi.a8558fe7-29ea-4a8e-92fd-2c770d744510%3Fformat%3Djson%26states%3Dlisting HTTP/1.0 200 - python-swiftclient-3.11.1 gAAAAABpMNxrmRHQ... - 357 - txa213d015d19543c99e618-006930dcfa - 0.0182 - - 1764809978.669868469 1764809978.688087463 0
Dec 4 00:59:38 standalone container-server[127534]: 172.20.0.100 - - [04/Dec/2025:00:59:38 +0000] "GET /d1/429/AUTH_ae7fe12107834a939f075e57d1e93600/gnocchi.a8558fe7-29ea-4a8e-92fd-2c770d744510" 200 2 "GET http://172.18.0.2:8080/v1/AUTH_ae7fe12107834a939f075e57d1e93600/gnocchi.a8558fe7-29ea-4a8e-92fd-2c770d744510?format=json&marker=none_v3&states=listing" "tx8a0736db636d4650a5b3f-006930dcfa" "proxy-server 20" 0.0025 "-" 22 0
Dec 4 00:59:38 standalone proxy-server[129697]: 172.18.0.2 172.18.0.100 04/Dec/2025/00/59/38 GET /v1/AUTH_ae7fe12107834a939f075e57d1e93600/gnocchi.a8558fe7-29ea-4a8e-92fd-2c770d744510%3Fformat%3Djson%26marker%3Dnone_v3%26states%3Dlisting HTTP/1.0 200 - python-swiftclient-3.11.1 gAAAAABpMNxrmRHQ... - 2 - tx8a0736db636d4650a5b3f-006930dcfa - 0.0090 - - 1764809978.690769672 1764809978.699792624 0
Dec 4 00:59:38 standalone object-server[127677]: 172.20.0.100 - - [04/Dec/2025:00:59:38 +0000] "GET /d1/991/AUTH_ae7fe12107834a939f075e57d1e93600/gnocchi.a8558fe7-29ea-4a8e-92fd-2c770d744510/1764720000.0_mean_300.0_v3" 200 16 "GET http://172.18.0.2:8080/v1/AUTH_ae7fe12107834a939f075e57d1e93600/gnocchi.a8558fe7-29ea-4a8e-92fd-2c770d744510/1764720000.0_mean_300.0_v3" "tx07467c646618411aacf8f-006930dcfa" "proxy-server 20" 0.0013 "-" 24 0
Dec 4 00:59:38 standalone proxy-server[129697]: 172.18.0.2 172.18.0.100 04/Dec/2025/00/59/38 GET /v1/AUTH_ae7fe12107834a939f075e57d1e93600/gnocchi.a8558fe7-29ea-4a8e-92fd-2c770d744510/1764720000.0_mean_300.0_v3 HTTP/1.0 200 - python-swiftclient-3.11.1 gAAAAABpMNxrmRHQ... - 16 - tx07467c646618411aacf8f-006930dcfa - 0.0076 - - 1764809978.702924728 1764809978.710537910 0
Dec 4 00:59:38 standalone container-server[127534]: 172.20.0.100 - - [04/Dec/2025:00:59:38 +0000] "PUT /d1/429/AUTH_ae7fe12107834a939f075e57d1e93600/gnocchi.a8558fe7-29ea-4a8e-92fd-2c770d744510/1764720000.0_mean_300.0_v3" 201 - "PUT http://172.18.0.2:8080/d1/991/AUTH_ae7fe12107834a939f075e57d1e93600/gnocchi.a8558fe7-29ea-4a8e-92fd-2c770d744510/1764720000.0_mean_300.0_v3" "tx0a31090c78ef46d8b8ba7-006930dcfa" "object-server 24" 0.0012 "-" 22 0
Dec 4 00:59:38 standalone object-server[127677]: 172.20.0.100 - - [04/Dec/2025:00:59:38 +0000] "PUT /d1/991/AUTH_ae7fe12107834a939f075e57d1e93600/gnocchi.a8558fe7-29ea-4a8e-92fd-2c770d744510/1764720000.0_mean_300.0_v3" 201 - "PUT http://172.18.0.2:8080/v1/AUTH_ae7fe12107834a939f075e57d1e93600/gnocchi.a8558fe7-29ea-4a8e-92fd-2c770d744510/1764720000.0_mean_300.0_v3" "tx0a31090c78ef46d8b8ba7-006930dcfa" "proxy-server 20" 0.0130 "-" 24 0
Dec 4 00:59:38 standalone proxy-server[129697]: 172.18.0.2 172.18.0.100 04/Dec/2025/00/59/38 PUT /v1/AUTH_ae7fe12107834a939f075e57d1e93600/gnocchi.a8558fe7-29ea-4a8e-92fd-2c770d744510/1764720000.0_mean_300.0_v3 HTTP/1.0 201 - python-swiftclient-3.11.1 gAAAAABpMNxrmRHQ... 16 - - tx0a31090c78ef46d8b8ba7-006930dcfa - 0.0197 - - 1764809978.713466406 1764809978.733207464 0
Dec 4 00:59:38 standalone container-server[127482]: 172.20.0.100 - - [04/Dec/2025:00:59:38 +0000] "PUT /d1/429/AUTH_ae7fe12107834a939f075e57d1e93600/gnocchi.a8558fe7-29ea-4a8e-92fd-2c770d744510/none_v3" 201 - "PUT http://172.18.0.2:8080/d1/757/AUTH_ae7fe12107834a939f075e57d1e93600/gnocchi.a8558fe7-29ea-4a8e-92fd-2c770d744510/none_v3" "tx7e4e94de27b1459da814c-006930dcfa" "object-server 24" 0.0009 "-" 20 0
Dec 4 00:59:38 standalone object-server[127677]: 172.20.0.100 - - [04/Dec/2025:00:59:38 +0000] "PUT /d1/757/AUTH_ae7fe12107834a939f075e57d1e93600/gnocchi.a8558fe7-29ea-4a8e-92fd-2c770d744510/none_v3" 201 - "PUT http://172.18.0.2:8080/v1/AUTH_ae7fe12107834a939f075e57d1e93600/gnocchi.a8558fe7-29ea-4a8e-92fd-2c770d744510/none_v3" "tx7e4e94de27b1459da814c-006930dcfa" "proxy-server 20" 0.0203 "-" 24 0
Dec 4 00:59:38 standalone proxy-server[129697]: 172.18.0.2 172.18.0.100 04/Dec/2025/00/59/38 PUT /v1/AUTH_ae7fe12107834a939f075e57d1e93600/gnocchi.a8558fe7-29ea-4a8e-92fd-2c770d744510/none_v3 HTTP/1.0 201 - python-swiftclient-3.11.1 gAAAAABpMNxrmRHQ... 48 - - tx7e4e94de27b1459da814c-006930dcfa - 0.0262 - - 1764809978.735948324 1764809978.762106419 0
Dec 4 00:59:38 standalone object-server[127677]: 172.20.0.100 - - [04/Dec/2025:00:59:38 +0000] "GET /d1/993/AUTH_ae7fe12107834a939f075e57d1e93600/gnocchi.2601b73f-4942-4c0f-bc1f-7bce08f000e5/none_v3" 200 33 "GET http://172.18.0.2:8080/v1/AUTH_ae7fe12107834a939f075e57d1e93600/gnocchi.2601b73f-4942-4c0f-bc1f-7bce08f000e5/none_v3" "tx567cde535d1047fc874a4-006930dcfa" "proxy-server 20" 0.0012 "-" 24 0
Dec 4 00:59:38 standalone proxy-server[129697]: 172.18.0.2 172.18.0.100 04/Dec/2025/00/59/38 GET /v1/AUTH_ae7fe12107834a939f075e57d1e93600/gnocchi.2601b73f-4942-4c0f-bc1f-7bce08f000e5/none_v3 HTTP/1.0 200 - python-swiftclient-3.11.1 gAAAAABpMNxrmRHQ... - 33 - tx567cde535d1047fc874a4-006930dcfa - 0.0078 - - 1764809978.775553226 1764809978.783371687 0
Dec 4 00:59:38 standalone container-server[127538]: 172.20.0.100 - - [04/Dec/2025:00:59:38 +0000] "GET /d1/744/AUTH_ae7fe12107834a939f075e57d1e93600/gnocchi.2601b73f-4942-4c0f-bc1f-7bce08f000e5" 200 357 "GET http://172.18.0.2:8080/v1/AUTH_ae7fe12107834a939f075e57d1e93600/gnocchi.2601b73f-4942-4c0f-bc1f-7bce08f000e5?format=json&states=listing" "tx0e993b687d634384a287b-006930dcfa" "proxy-server 20" 0.0077 "-" 23 0
Dec 4 00:59:38 standalone proxy-server[129697]: 172.18.0.2 172.18.0.100 04/Dec/2025/00/59/38 GET /v1/AUTH_ae7fe12107834a939f075e57d1e93600/gnocchi.2601b73f-4942-4c0f-bc1f-7bce08f000e5%3Fformat%3Djson%26states%3Dlisting HTTP/1.0 200 - python-swiftclient-3.11.1 gAAAAABpMNxrmRHQ... - 357 - tx0e993b687d634384a287b-006930dcfa - 0.0148 - - 1764809978.787807941 1764809978.802644491 0
Dec 4 00:59:38 standalone container-server[127516]: 172.20.0.100 - - [04/Dec/2025:00:59:38 +0000] "GET /d1/744/AUTH_ae7fe12107834a939f075e57d1e93600/gnocchi.2601b73f-4942-4c0f-bc1f-7bce08f000e5" 200 2 "GET http://172.18.0.2:8080/v1/AUTH_ae7fe12107834a939f075e57d1e93600/gnocchi.2601b73f-4942-4c0f-bc1f-7bce08f000e5?format=json&marker=none_v3&states=listing" "txd469238c64c34934ad5c8-006930dcfa" "proxy-server 20" 0.0038 "-" 21 0
Dec 4 00:59:38 standalone proxy-server[129697]: 172.18.0.2 172.18.0.100 04/Dec/2025/00/59/38 GET /v1/AUTH_ae7fe12107834a939f075e57d1e93600/gnocchi.2601b73f-4942-4c0f-bc1f-7bce08f000e5%3Fformat%3Djson%26marker%3Dnone_v3%26states%3Dlisting HTTP/1.0 200 - python-swiftclient-3.11.1 gAAAAABpMNxrmRHQ... - 2 - txd469238c64c34934ad5c8-006930dcfa - 0.0109 - - 1764809978.805948973 1764809978.816897392 0
Dec 4 00:59:38 standalone object-server[127675]: 172.20.0.100 - - [04/Dec/2025:00:59:38 +0000] "GET /d1/140/AUTH_ae7fe12107834a939f075e57d1e93600/gnocchi.2601b73f-4942-4c0f-bc1f-7bce08f000e5/1764720000.0_mean_300.0_v3" 200 16 "GET http://172.18.0.2:8080/v1/AUTH_ae7fe12107834a939f075e57d1e93600/gnocchi.2601b73f-4942-4c0f-bc1f-7bce08f000e5/1764720000.0_mean_300.0_v3" "tx836b1911a7324d30821d3-006930dcfa" "proxy-server 20" 0.0012 "-" 22 0
Dec 4 00:59:38 standalone proxy-server[129697]: 172.18.0.2 172.18.0.100 04/Dec/2025/00/59/38 GET /v1/AUTH_ae7fe12107834a939f075e57d1e93600/gnocchi.2601b73f-4942-4c0f-bc1f-7bce08f000e5/1764720000.0_mean_300.0_v3 HTTP/1.0 200 - python-swiftclient-3.11.1 gAAAAABpMNxrmRHQ... - 16 - tx836b1911a7324d30821d3-006930dcfa - 0.0086 - - 1764809978.822063923 1764809978.830637932 0
Dec 4 00:59:38 standalone container-server[127538]: 172.20.0.100 - - [04/Dec/2025:00:59:38 +0000] "PUT /d1/744/AUTH_ae7fe12107834a939f075e57d1e93600/gnocchi.2601b73f-4942-4c0f-bc1f-7bce08f000e5/1764720000.0_mean_300.0_v3" 201 - "PUT http://172.18.0.2:8080/d1/140/AUTH_ae7fe12107834a939f075e57d1e93600/gnocchi.2601b73f-4942-4c0f-bc1f-7bce08f000e5/1764720000.0_mean_300.0_v3" "txb9efb312eb874c91866ef-006930dcfa" "object-server 23" 0.0007 "-" 23 0
Dec 4 00:59:38 standalone object-server[127676]: 172.20.0.100 - - [04/Dec/2025:00:59:38 +0000] "PUT /d1/140/AUTH_ae7fe12107834a939f075e57d1e93600/gnocchi.2601b73f-4942-4c0f-bc1f-7bce08f000e5/1764720000.0_mean_300.0_v3" 201 - "PUT http://172.18.0.2:8080/v1/AUTH_ae7fe12107834a939f075e57d1e93600/gnocchi.2601b73f-4942-4c0f-bc1f-7bce08f000e5/1764720000.0_mean_300.0_v3" "txb9efb312eb874c91866ef-006930dcfa" "proxy-server 20" 0.0096 "-" 23 0
Dec 4 00:59:38 standalone proxy-server[129697]: 172.18.0.2 172.18.0.100 04/Dec/2025/00/59/38 PUT /v1/AUTH_ae7fe12107834a939f075e57d1e93600/gnocchi.2601b73f-4942-4c0f-bc1f-7bce08f000e5/1764720000.0_mean_300.0_v3 HTTP/1.0 201 - python-swiftclient-3.11.1 gAAAAABpMNxrmRHQ... 16 - - txb9efb312eb874c91866ef-006930dcfa - 0.0156 - - 1764809978.834346771 1764809978.849933624 0
Dec 4 00:59:38 standalone container-server[127516]: 172.20.0.100 - - [04/Dec/2025:00:59:38 +0000] "PUT /d1/744/AUTH_ae7fe12107834a939f075e57d1e93600/gnocchi.2601b73f-4942-4c0f-bc1f-7bce08f000e5/none_v3" 201 - "PUT http://172.18.0.2:8080/d1/993/AUTH_ae7fe12107834a939f075e57d1e93600/gnocchi.2601b73f-4942-4c0f-bc1f-7bce08f000e5/none_v3" "txbb2290cdd48a497dbf60e-006930dcfa" "object-server 24" 0.0008 "-" 21 0
Dec 4 00:59:38 standalone object-server[127677]: 172.20.0.100 - - [04/Dec/2025:00:59:38 +0000] "PUT /d1/993/AUTH_ae7fe12107834a939f075e57d1e93600/gnocchi.2601b73f-4942-4c0f-bc1f-7bce08f000e5/none_v3" 201 - "PUT http://172.18.0.2:8080/v1/AUTH_ae7fe12107834a939f075e57d1e93600/gnocchi.2601b73f-4942-4c0f-bc1f-7bce08f000e5/none_v3" "txbb2290cdd48a497dbf60e-006930dcfa" "proxy-server 20" 0.0186 "-" 24 0
Dec 4 00:59:38 standalone proxy-server[129697]: 172.18.0.2 172.18.0.100 04/Dec/2025/00/59/38 PUT /v1/AUTH_ae7fe12107834a939f075e57d1e93600/gnocchi.2601b73f-4942-4c0f-bc1f-7bce08f000e5/none_v3 HTTP/1.0 201 - python-swiftclient-3.11.1 gAAAAABpMNxrmRHQ... 48 - - txbb2290cdd48a497dbf60e-006930dcfa - 0.0284 - - 1764809978.853136539 1764809978.881491899 0
Dec 4 00:59:38 standalone container-server[127289]: Begin container update sweep
Dec 4 00:59:38 standalone account-server[127343]: 172.20.0.100 - - [04/Dec/2025:00:59:38 +0000] "PUT /d1/778/AUTH_ae7fe12107834a939f075e57d1e93600/gnocchi.ea2eb3b0-2e25-47a4-b49c-cba3de1088ac" 201 - "-" "-" "container-updater 2" 0.0014 "-" 21 0
Dec 4 00:59:39 standalone account-server[127343]: 172.20.0.100 - - [04/Dec/2025:00:59:39 +0000] "PUT /d1/778/AUTH_ae7fe12107834a939f075e57d1e93600/gnocchi.1896bb24-049c-4e10-8113-d34c16dd85cd" 201 - "-" "-" "container-updater 2" 0.0009 "-" 21 0
Dec 4 00:59:39 standalone account-server[127313]: 172.20.0.100 - - [04/Dec/2025:00:59:39 +0000] "PUT /d1/778/AUTH_ae7fe12107834a939f075e57d1e93600/gnocchi.2601b73f-4942-4c0f-bc1f-7bce08f000e5" 201 - "-" "-" "container-updater 2" 0.0008 "-" 17 0
Dec 4 00:59:39 standalone account-server[127343]: 172.20.0.100 - - [04/Dec/2025:00:59:39 +0000] "PUT /d1/778/AUTH_ae7fe12107834a939f075e57d1e93600/gnocchi.6c81ea97-a9dd-4bae-b38d-59f059306b16" 201 - "-" "-" "container-updater 2" 0.0006 "-" 21 0
Dec 4 00:59:39 standalone account-server[127313]: 172.20.0.100 - - [04/Dec/2025:00:59:39 +0000] "PUT /d1/778/AUTH_ae7fe12107834a939f075e57d1e93600/gnocchi.2f912749-0dfb-409b-9380-cb7b1303a5e5" 201 - "-" "-" "container-updater 2" 0.0007 "-" 17 0
Dec 4 00:59:39 standalone account-server[127313]: 172.20.0.100 - - [04/Dec/2025:00:59:39 +0000] "PUT /d1/778/AUTH_ae7fe12107834a939f075e57d1e93600/gnocchi.daf04dee-3861-4f69-96d1-57471d78f66c" 201 - "-" "-" "container-updater 2" 0.0008 "-" 17 0
Dec 4 00:59:39 standalone account-server[127327]: 172.20.0.100 - - [04/Dec/2025:00:59:39 +0000] "PUT /d1/778/AUTH_ae7fe12107834a939f075e57d1e93600/gnocchi.2639d49c-f3fd-4d35-accc-c4f1d06e95e6" 201 - "-" "-" "container-updater 2" 0.0006 "-" 19 0
Dec 4 00:59:39 standalone account-server[127327]: 172.20.0.100 - - [04/Dec/2025:00:59:39 +0000] "PUT /d1/778/AUTH_ae7fe12107834a939f075e57d1e93600/gnocchi.249da275-e2ef-4df3-bc4c-e0fcbec8df51" 201 - "-" "-" "container-updater 2" 0.0006 "-" 19 0
Dec 4 00:59:39 standalone account-server[127313]: 172.20.0.100 - - [04/Dec/2025:00:59:39 +0000] "PUT /d1/778/AUTH_ae7fe12107834a939f075e57d1e93600/gnocchi.3faf07fc-01c3-4cbc-a190-3d14b86a7346" 201 - "-" "-" "container-updater 2" 0.0005 "-" 17 0
Dec 4 00:59:39 standalone account-server[127343]: 172.20.0.100 - - [04/Dec/2025:00:59:39 +0000] "PUT /d1/778/AUTH_ae7fe12107834a939f075e57d1e93600/gnocchi.ee8fdc6a-d097-4b4b-b35b-3de805636f5c" 201 - "-" "-" "container-updater 2" 0.0005 "-" 21 0
Dec 4 00:59:40 standalone account-server[127343]: 172.20.0.100 - - [04/Dec/2025:00:59:40 +0000] "PUT /d1/778/AUTH_ae7fe12107834a939f075e57d1e93600/gnocchi.5caf348b-3edb-4aef-a304-2683fad232a7" 201 - "-" "-" "container-updater 2" 0.0006 "-" 21 0
Dec 4 00:59:40 standalone account-server[127327]: 172.20.0.100 - - [04/Dec/2025:00:59:40 +0000] "PUT /d1/778/AUTH_ae7fe12107834a939f075e57d1e93600/gnocchi.a8558fe7-29ea-4a8e-92fd-2c770d744510" 201 - "-" "-" "container-updater 2" 0.0007 "-" 19 0
Dec 4 00:59:40 standalone account-server[127343]: 172.20.0.100 - - [04/Dec/2025:00:59:40 +0000] "PUT /d1/778/AUTH_ae7fe12107834a939f075e57d1e93600/gnocchi.b498aa23-af0a-4508-8585-5fc50a14b285" 201 - "-" "-" "container-updater 2" 0.0007 "-" 21 0
Dec 4 00:59:40 standalone object-server[127675]: 172.20.0.100 - - [04/Dec/2025:00:59:40 +0000] "GET /d1/900/AUTH_ae7fe12107834a939f075e57d1e93600/gnocchi.43ffb5e1-cc52-4044-8b35-a83112838261/none_v3" 200 22 "GET http://172.18.0.2:8080/v1/AUTH_ae7fe12107834a939f075e57d1e93600/gnocchi.43ffb5e1-cc52-4044-8b35-a83112838261/none_v3" "tx39b980e973874726872b4-006930dcfc" "proxy-server 20" 0.0017 "-" 22 0
Dec 4 00:59:40 standalone proxy-server[129697]: 172.18.0.2 172.18.0.100 04/Dec/2025/00/59/40 GET /v1/AUTH_ae7fe12107834a939f075e57d1e93600/gnocchi.43ffb5e1-cc52-4044-8b35-a83112838261/none_v3 HTTP/1.0 200 - python-swiftclient-3.11.1 gAAAAABpMNxrmRHQ... - 22 - tx39b980e973874726872b4-006930dcfc - 0.0125 - - 1764809980.357747316 1764809980.370227337 0
Dec 4 00:59:40 standalone container-server[127482]: 172.20.0.100 - - [04/Dec/2025:00:59:40 +0000] "GET /d1/935/AUTH_ae7fe12107834a939f075e57d1e93600/gnocchi.43ffb5e1-cc52-4044-8b35-a83112838261" 200 357 "GET http://172.18.0.2:8080/v1/AUTH_ae7fe12107834a939f075e57d1e93600/gnocchi.43ffb5e1-cc52-4044-8b35-a83112838261?format=json&states=listing" "tx0982a4a81c0c4a7e816af-006930dcfc" "proxy-server 20" 0.0121 "-" 20 0
Dec 4 00:59:40 standalone proxy-server[129697]: 172.18.0.2 172.18.0.100 04/Dec/2025/00/59/40 GET /v1/AUTH_ae7fe12107834a939f075e57d1e93600/gnocchi.43ffb5e1-cc52-4044-8b35-a83112838261%3Fformat%3Djson%26states%3Dlisting HTTP/1.0 200 - python-swiftclient-3.11.1 gAAAAABpMNxrmRHQ... - 357 - tx0982a4a81c0c4a7e816af-006930dcfc - 0.0195 - - 1764809980.374900341 1764809980.394372463 0
Dec 4 00:59:40 standalone account-server[127343]: 172.20.0.100 - - [04/Dec/2025:00:59:40 +0000] "PUT /d1/778/AUTH_ae7fe12107834a939f075e57d1e93600/gnocchi.4023e179-bfe7-43f9-a581-493274ae9498" 201 - "-" "-" "container-updater 2" 0.0008 "-" 21 0
Dec 4 00:59:40 standalone container-server[127482]: 172.20.0.100 - - [04/Dec/2025:00:59:40 +0000] "GET /d1/935/AUTH_ae7fe12107834a939f075e57d1e93600/gnocchi.43ffb5e1-cc52-4044-8b35-a83112838261" 200 2 "GET http://172.18.0.2:8080/v1/AUTH_ae7fe12107834a939f075e57d1e93600/gnocchi.43ffb5e1-cc52-4044-8b35-a83112838261?format=json&marker=none_v3&states=listing" "tx68aa217583cd4ca9a110f-006930dcfc" "proxy-server 20" 0.0041 "-" 20 0
Dec 4 00:59:40 standalone proxy-server[129697]: 172.18.0.2 172.18.0.100 04/Dec/2025/00/59/40 GET /v1/AUTH_ae7fe12107834a939f075e57d1e93600/gnocchi.43ffb5e1-cc52-4044-8b35-a83112838261%3Fformat%3Djson%26marker%3Dnone_v3%26states%3Dlisting HTTP/1.0 200 - python-swiftclient-3.11.1 gAAAAABpMNxrmRHQ... - 2 - tx68aa217583cd4ca9a110f-006930dcfc - 0.0109 - - 1764809980.398507833 1764809980.409399748 0
Dec 4 00:59:40 standalone object-server[127677]: 172.20.0.100 - - [04/Dec/2025:00:59:40 +0000] "GET /d1/8/AUTH_ae7fe12107834a939f075e57d1e93600/gnocchi.43ffb5e1-cc52-4044-8b35-a83112838261/1764720000.0_mean_300.0_v3" 200 16 "GET http://172.18.0.2:8080/v1/AUTH_ae7fe12107834a939f075e57d1e93600/gnocchi.43ffb5e1-cc52-4044-8b35-a83112838261/1764720000.0_mean_300.0_v3" "tx8cdf785461314e969d9d7-006930dcfc" "proxy-server 20" 0.0010 "-" 24 0
Dec 4 00:59:40 standalone proxy-server[129697]: 172.18.0.2 172.18.0.100 04/Dec/2025/00/59/40 GET /v1/AUTH_ae7fe12107834a939f075e57d1e93600/gnocchi.43ffb5e1-cc52-4044-8b35-a83112838261/1764720000.0_mean_300.0_v3 HTTP/1.0 200 - python-swiftclient-3.11.1 gAAAAABpMNxrmRHQ... - 16 - tx8cdf785461314e969d9d7-006930dcfc - 0.0064 - - 1764809980.414619923 1764809980.421038628 0
Dec 4 00:59:40 standalone container-server[127482]: 172.20.0.100 - - [04/Dec/2025:00:59:40 +0000] "PUT /d1/935/AUTH_ae7fe12107834a939f075e57d1e93600/gnocchi.43ffb5e1-cc52-4044-8b35-a83112838261/1764720000.0_mean_300.0_v3" 201 - "PUT http://172.18.0.2:8080/d1/8/AUTH_ae7fe12107834a939f075e57d1e93600/gnocchi.43ffb5e1-cc52-4044-8b35-a83112838261/1764720000.0_mean_300.0_v3" "tx389b62356a9c4bfd9d844-006930dcfc" "object-server 25" 0.0008 "-" 20 0
Dec 4 00:59:40 standalone object-server[127679]: 172.20.0.100 - - [04/Dec/2025:00:59:40 +0000] "PUT /d1/8/AUTH_ae7fe12107834a939f075e57d1e93600/gnocchi.43ffb5e1-cc52-4044-8b35-a83112838261/1764720000.0_mean_300.0_v3" 201 - "PUT http://172.18.0.2:8080/v1/AUTH_ae7fe12107834a939f075e57d1e93600/gnocchi.43ffb5e1-cc52-4044-8b35-a83112838261/1764720000.0_mean_300.0_v3" "tx389b62356a9c4bfd9d844-006930dcfc" "proxy-server 20" 0.0113 "-" 25 0
Dec 4 00:59:40 standalone proxy-server[129697]: 172.18.0.2 172.18.0.100 04/Dec/2025/00/59/40 PUT /v1/AUTH_ae7fe12107834a939f075e57d1e93600/gnocchi.43ffb5e1-cc52-4044-8b35-a83112838261/1764720000.0_mean_300.0_v3 HTTP/1.0 201 - python-swiftclient-3.11.1 gAAAAABpMNxrmRHQ... 16 - - tx389b62356a9c4bfd9d844-006930dcfc - 0.0170 - - 1764809980.424248457 1764809980.441243172 0
Dec 4 00:59:40 standalone container-server[127538]: 172.20.0.100 - - [04/Dec/2025:00:59:40 +0000] "PUT /d1/935/AUTH_ae7fe12107834a939f075e57d1e93600/gnocchi.43ffb5e1-cc52-4044-8b35-a83112838261/none_v3" 201 - "PUT http://172.18.0.2:8080/d1/900/AUTH_ae7fe12107834a939f075e57d1e93600/gnocchi.43ffb5e1-cc52-4044-8b35-a83112838261/none_v3" "txf248392377d24d32aff3c-006930dcfc" "object-server 23" 0.0011 "-" 23 0
Dec 4 00:59:40 standalone object-server[127676]: 172.20.0.100 - - [04/Dec/2025:00:59:40 +0000] "PUT /d1/900/AUTH_ae7fe12107834a939f075e57d1e93600/gnocchi.43ffb5e1-cc52-4044-8b35-a83112838261/none_v3" 201 - "PUT http://172.18.0.2:8080/v1/AUTH_ae7fe12107834a939f075e57d1e93600/gnocchi.43ffb5e1-cc52-4044-8b35-a83112838261/none_v3" "txf248392377d24d32aff3c-006930dcfc" "proxy-server 20" 0.0109 "-" 23 0
Dec 4 00:59:40 standalone proxy-server[129697]: 172.18.0.2 172.18.0.100 04/Dec/2025/00/59/40 PUT /v1/AUTH_ae7fe12107834a939f075e57d1e93600/gnocchi.43ffb5e1-cc52-4044-8b35-a83112838261/none_v3 HTTP/1.0 201 - python-swiftclient-3.11.1 gAAAAABpMNxrmRHQ... 31 - - txf248392377d24d32aff3c-006930dcfc - 0.0153 - - 1764809980.443673372 1764809980.459017992 0
Dec 4 00:59:40 standalone account-server[127327]: 172.20.0.100 - - [04/Dec/2025:00:59:40 +0000] "PUT /d1/778/AUTH_ae7fe12107834a939f075e57d1e93600/gnocchi.6c36d45b-c7a7-4a46-8d7d-8d9448ad300b" 201 - "-" "-" "container-updater 2" 0.0006 "-" 19 0
Dec 4 00:59:40 standalone account-server[127327]: 172.20.0.100 - - [04/Dec/2025:00:59:40 +0000] "PUT /d1/778/AUTH_ae7fe12107834a939f075e57d1e93600/gnocchi.6803ad8f-d4a4-412d-89e3-2fa1c72b8724" 201 - "-" "-" "container-updater 2" 0.0005 "-" 19 0
Dec 4 00:59:40 standalone account-server[127313]: 172.20.0.100 - - [04/Dec/2025:00:59:40 +0000] "PUT /d1/778/AUTH_ae7fe12107834a939f075e57d1e93600/gnocchi.194fe45a-6926-4651-8f11-6f2f4c56bbc2" 201 - "-" "-" "container-updater 2" 0.0007 "-" 17 0
Dec 4 00:59:40 standalone account-server[127313]: 172.20.0.100 - - [04/Dec/2025:00:59:40 +0000] "PUT /d1/778/AUTH_ae7fe12107834a939f075e57d1e93600/gnocchi.8b076766-dbdd-46cb-b7fd-5b73bfc2a40f" 201 - "-" "-" "container-updater 2" 0.0008 "-" 17 0
Dec 4 00:59:41 standalone account-server[127343]: 172.20.0.100 - - [04/Dec/2025:00:59:41 +0000] "PUT /d1/778/AUTH_ae7fe12107834a939f075e57d1e93600/gnocchi.8ff04734-ca1d-4d58-9020-4ff0bf110f1a" 201 - "-" "-" "container-updater 2" 0.0008 "-" 21 0
Dec 4 00:59:41 standalone account-server[127313]: 172.20.0.100 - - [04/Dec/2025:00:59:41 +0000] "PUT /d1/778/AUTH_ae7fe12107834a939f075e57d1e93600/gnocchi.f6f6cca1-8df2-46b1-a776-a6571df32d88" 201 - "-" "-" "container-updater 2" 0.0007 "-" 17 0
Dec 4 00:59:41 standalone account-server[127327]: 172.20.0.100 - - [04/Dec/2025:00:59:41 +0000] "PUT /d1/778/AUTH_ae7fe12107834a939f075e57d1e93600/gnocchi.1aa9a050-f7ec-466f-a830-26a9b5607efe" 201 - "-" "-" "container-updater 2" 0.0007 "-" 19 0
Dec 4 00:59:41 standalone account-server[127343]: 172.20.0.100 - - [04/Dec/2025:00:59:41 +0000] "PUT /d1/778/AUTH_ae7fe12107834a939f075e57d1e93600/gnocchi.9d3de70c-720a-45f6-90da-bbb02d34690c" 201 - "-" "-" "container-updater 2" 0.0005 "-" 21 0
Dec 4 00:59:41 standalone account-server[127327]: 172.20.0.100 - - [04/Dec/2025:00:59:41 +0000] "PUT /d1/778/AUTH_ae7fe12107834a939f075e57d1e93600/gnocchi.43ffb5e1-cc52-4044-8b35-a83112838261" 201 - "-" "-" "container-updater 2" 0.0008 "-" 19 0
Dec 4 00:59:41 standalone account-server[127343]: 172.20.0.100 - - [04/Dec/2025:00:59:41 +0000] "PUT /d1/778/AUTH_ae7fe12107834a939f075e57d1e93600/gnocchi.6f8a960c-97ff-48fa-8352-3cf701b3d73c" 201 - "-" "-" "container-updater 2" 0.0008 "-" 21 0
Dec 4 00:59:41 standalone account-server[127371]: 172.20.0.100 - - [04/Dec/2025:00:59:41 +0000] "PUT /d1/778/AUTH_ae7fe12107834a939f075e57d1e93600/gnocchi.bf71a572-ced7-438d-a98e-4c38868711ed" 201 - "-" "-" "container-updater 2" 0.0026 "-" 22 0
Dec 4 00:59:41 standalone container-server[127289]: Container update sweep completed: 2.71s
Dec 4 00:59:49 standalone object-server[127675]: 172.20.0.100 - - [04/Dec/2025:00:59:49 +0000] "GET /d1/900/AUTH_ae7fe12107834a939f075e57d1e93600/gnocchi.43ffb5e1-cc52-4044-8b35-a83112838261/none_v3" 200 31 "GET http://172.18.0.2:8080/v1/AUTH_ae7fe12107834a939f075e57d1e93600/gnocchi.43ffb5e1-cc52-4044-8b35-a83112838261/none_v3" "txad3e362caaa74ca19b4e6-006930dd05" "proxy-server 20" 0.0017 "-" 22 0
Dec 4 00:59:49 standalone proxy-server[129697]: 172.18.0.2 172.18.0.100 04/Dec/2025/00/59/49 GET /v1/AUTH_ae7fe12107834a939f075e57d1e93600/gnocchi.43ffb5e1-cc52-4044-8b35-a83112838261/none_v3 HTTP/1.0 200 - python-swiftclient-3.11.1 gAAAAABpMNxrmRHQ... - 31 - txad3e362caaa74ca19b4e6-006930dd05 - 0.0088 - - 1764809989.577920437 1764809989.586750031 0
Dec 4 00:59:49 standalone container-server[127482]: 172.20.0.100 - - [04/Dec/2025:00:59:49 +0000] "GET /d1/935/AUTH_ae7fe12107834a939f075e57d1e93600/gnocchi.43ffb5e1-cc52-4044-8b35-a83112838261" 200 357 "GET http://172.18.0.2:8080/v1/AUTH_ae7fe12107834a939f075e57d1e93600/gnocchi.43ffb5e1-cc52-4044-8b35-a83112838261?format=json&states=listing" "tx654c5077bc084d59bf435-006930dd05" "proxy-server 20" 0.0030 "-" 20 0
Dec 4 00:59:49 standalone proxy-server[129697]: 172.18.0.2 172.18.0.100 04/Dec/2025/00/59/49 GET /v1/AUTH_ae7fe12107834a939f075e57d1e93600/gnocchi.43ffb5e1-cc52-4044-8b35-a83112838261%3Fformat%3Djson%26states%3Dlisting HTTP/1.0 200 - python-swiftclient-3.11.1 gAAAAABpMNxrmRHQ... - 357 - tx654c5077bc084d59bf435-006930dd05 - 0.0088 - - 1764809989.589854717 1764809989.598642111 0
Dec 4 00:59:49 standalone container-server[127516]: 172.20.0.100 - - [04/Dec/2025:00:59:49 +0000] "GET /d1/935/AUTH_ae7fe12107834a939f075e57d1e93600/gnocchi.43ffb5e1-cc52-4044-8b35-a83112838261" 200 2 "GET http://172.18.0.2:8080/v1/AUTH_ae7fe12107834a939f075e57d1e93600/gnocchi.43ffb5e1-cc52-4044-8b35-a83112838261?format=json&marker=none_v3&states=listing" "tx4e91add361a541979bf67-006930dd05" "proxy-server 20" 0.0045 "-" 21 0
Dec 4 00:59:49 standalone proxy-server[129697]: 172.18.0.2 172.18.0.100 04/Dec/2025/00/59/49 GET /v1/AUTH_ae7fe12107834a939f075e57d1e93600/gnocchi.43ffb5e1-cc52-4044-8b35-a83112838261%3Fformat%3Djson%26marker%3Dnone_v3%26states%3Dlisting HTTP/1.0 200 - python-swiftclient-3.11.1 gAAAAABpMNxrmRHQ... - 2 - tx4e91add361a541979bf67-006930dd05 - 0.0112 - - 1764809989.600887537 1764809989.612122536 0
Dec 4 00:59:49 standalone object-server[127675]: 172.20.0.100 - - [04/Dec/2025:00:59:49 +0000] "GET /d1/8/AUTH_ae7fe12107834a939f075e57d1e93600/gnocchi.43ffb5e1-cc52-4044-8b35-a83112838261/1764720000.0_mean_300.0_v3" 200 16 "GET http://172.18.0.2:8080/v1/AUTH_ae7fe12107834a939f075e57d1e93600/gnocchi.43ffb5e1-cc52-4044-8b35-a83112838261/1764720000.0_mean_300.0_v3" "tx9d6e71edd6884f649b75d-006930dd05" "proxy-server 20" 0.0009 "-" 22 0
Dec 4 00:59:49 standalone proxy-server[129697]: 172.18.0.2 172.18.0.100 04/Dec/2025/00/59/49 GET /v1/AUTH_ae7fe12107834a939f075e57d1e93600/gnocchi.43ffb5e1-cc52-4044-8b35-a83112838261/1764720000.0_mean_300.0_v3 HTTP/1.0 200 - python-swiftclient-3.11.1 gAAAAABpMNxrmRHQ... - 16 - tx9d6e71edd6884f649b75d-006930dd05 - 0.0055 - - 1764809989.615036726 1764809989.620515108 0
Dec 4 00:59:49 standalone container-server[127482]: 172.20.0.100 - - [04/Dec/2025:00:59:49 +0000] "PUT /d1/935/AUTH_ae7fe12107834a939f075e57d1e93600/gnocchi.43ffb5e1-cc52-4044-8b35-a83112838261/1764720000.0_mean_300.0_v3" 201 - "PUT http://172.18.0.2:8080/d1/8/AUTH_ae7fe12107834a939f075e57d1e93600/gnocchi.43ffb5e1-cc52-4044-8b35-a83112838261/1764720000.0_mean_300.0_v3" "tx684419b5dbea456e883e7-006930dd05" "object-server 22" 0.0006 "-" 20 0
Dec 4 00:59:49 standalone object-server[127675]: 172.20.0.100 - - [04/Dec/2025:00:59:49 +0000] "PUT /d1/8/AUTH_ae7fe12107834a939f075e57d1e93600/gnocchi.43ffb5e1-cc52-4044-8b35-a83112838261/1764720000.0_mean_300.0_v3" 201 - "PUT http://172.18.0.2:8080/v1/AUTH_ae7fe12107834a939f075e57d1e93600/gnocchi.43ffb5e1-cc52-4044-8b35-a83112838261/1764720000.0_mean_300.0_v3" "tx684419b5dbea456e883e7-006930dd05" "proxy-server 20" 0.0120 "-" 22 0
Dec 4 00:59:49 standalone proxy-server[129697]: 172.18.0.2 172.18.0.100 04/Dec/2025/00/59/49 PUT /v1/AUTH_ae7fe12107834a939f075e57d1e93600/gnocchi.43ffb5e1-cc52-4044-8b35-a83112838261/1764720000.0_mean_300.0_v3 HTTP/1.0 201 - python-swiftclient-3.11.1 gAAAAABpMNxrmRHQ... 16 - - tx684419b5dbea456e883e7-006930dd05 - 0.0165 - - 1764809989.623102188 1764809989.639641523 0
Dec 4 00:59:49 standalone container-server[127516]: 172.20.0.100 - - [04/Dec/2025:00:59:49 +0000] "PUT /d1/935/AUTH_ae7fe12107834a939f075e57d1e93600/gnocchi.43ffb5e1-cc52-4044-8b35-a83112838261/none_v3" 201 - "PUT http://172.18.0.2:8080/d1/900/AUTH_ae7fe12107834a939f075e57d1e93600/gnocchi.43ffb5e1-cc52-4044-8b35-a83112838261/none_v3" "txcc84349e41c446a798990-006930dd05" "object-server 24" 0.0008 "-" 21 0
Dec 4 00:59:49 standalone object-server[127677]: 172.20.0.100 - - [04/Dec/2025:00:59:49 +0000] "PUT /d1/900/AUTH_ae7fe12107834a939f075e57d1e93600/gnocchi.43ffb5e1-cc52-4044-8b35-a83112838261/none_v3" 201 - "PUT http://172.18.0.2:8080/v1/AUTH_ae7fe12107834a939f075e57d1e93600/gnocchi.43ffb5e1-cc52-4044-8b35-a83112838261/none_v3" "txcc84349e41c446a798990-006930dd05" "proxy-server 20" 0.0129 "-" 24 0
Dec 4 00:59:49 standalone proxy-server[129697]: 172.18.0.2 172.18.0.100 04/Dec/2025/00/59/49 PUT /v1/AUTH_ae7fe12107834a939f075e57d1e93600/gnocchi.43ffb5e1-cc52-4044-8b35-a83112838261/none_v3 HTTP/1.0 201 - python-swiftclient-3.11.1 gAAAAABpMNxrmRHQ... 46 - - txcc84349e41c446a798990-006930dd05 - 0.0187 - - 1764809989.642565966 1764809989.661292553 0
Dec 4 00:59:50 standalone object-server[127677]: 172.20.0.100 - - [04/Dec/2025:00:59:50 +0000] "GET /d1/900/AUTH_ae7fe12107834a939f075e57d1e93600/gnocchi.43ffb5e1-cc52-4044-8b35-a83112838261/none_v3" 200 46 "GET http://172.18.0.2:8080/v1/AUTH_ae7fe12107834a939f075e57d1e93600/gnocchi.43ffb5e1-cc52-4044-8b35-a83112838261/none_v3" "tx06042573c1fd41ee95c6e-006930dd06" "proxy-server 20" 0.0013 "-" 24 0
Dec 4 00:59:50 standalone proxy-server[129697]: 172.18.0.2 172.18.0.100 04/Dec/2025/00/59/50 GET /v1/AUTH_ae7fe12107834a939f075e57d1e93600/gnocchi.43ffb5e1-cc52-4044-8b35-a83112838261/none_v3 HTTP/1.0 200 - python-swiftclient-3.11.1 gAAAAABpMNxrmRHQ... - 46 - tx06042573c1fd41ee95c6e-006930dd06 - 0.0086 - - 1764809990.333375931 1764809990.341983557 0
Dec 4 00:59:50 standalone container-server[127516]: 172.20.0.100 - - [04/Dec/2025:00:59:50 +0000] "GET /d1/935/AUTH_ae7fe12107834a939f075e57d1e93600/gnocchi.43ffb5e1-cc52-4044-8b35-a83112838261" 200 357 "GET http://172.18.0.2:8080/v1/AUTH_ae7fe12107834a939f075e57d1e93600/gnocchi.43ffb5e1-cc52-4044-8b35-a83112838261?format=json&states=listing" "tx40384d34fc104648be8ce-006930dd06" "proxy-server 20" 0.0083 "-" 21 0
Dec 4 00:59:50 standalone proxy-server[129697]: 172.18.0.2 172.18.0.100 04/Dec/2025/00/59/50 GET /v1/AUTH_ae7fe12107834a939f075e57d1e93600/gnocchi.43ffb5e1-cc52-4044-8b35-a83112838261%3Fformat%3Djson%26states%3Dlisting HTTP/1.0 200 - python-swiftclient-3.11.1 gAAAAABpMNxrmRHQ... - 357 - tx40384d34fc104648be8ce-006930dd06 - 0.0169 - - 1764809990.346138000 1764809990.362988472 0
Dec 4 00:59:50 standalone container-server[127482]: 172.20.0.100 - - [04/Dec/2025:00:59:50 +0000] "GET /d1/935/AUTH_ae7fe12107834a939f075e57d1e93600/gnocchi.43ffb5e1-cc52-4044-8b35-a83112838261" 200 2 "GET http://172.18.0.2:8080/v1/AUTH_ae7fe12107834a939f075e57d1e93600/gnocchi.43ffb5e1-cc52-4044-8b35-a83112838261?format=json&marker=none_v3&states=listing" "tx4e4d425160c74405bba2c-006930dd06" "proxy-server 20" 0.0042 "-" 20 0
Dec 4 00:59:50 standalone proxy-server[129697]: 172.18.0.2 172.18.0.100 04/Dec/2025/00/59/50 GET /v1/AUTH_ae7fe12107834a939f075e57d1e93600/gnocchi.43ffb5e1-cc52-4044-8b35-a83112838261%3Fformat%3Djson%26marker%3Dnone_v3%26states%3Dlisting HTTP/1.0 200 - python-swiftclient-3.11.1 gAAAAABpMNxrmRHQ... - 2 - tx4e4d425160c74405bba2c-006930dd06 - 0.0116 - - 1764809990.365481615 1764809990.377084732 0
Dec 4 00:59:50 standalone object-server[127676]: 172.20.0.100 - - [04/Dec/2025:00:59:50 +0000] "GET /d1/8/AUTH_ae7fe12107834a939f075e57d1e93600/gnocchi.43ffb5e1-cc52-4044-8b35-a83112838261/1764720000.0_mean_300.0_v3" 200 16 "GET http://172.18.0.2:8080/v1/AUTH_ae7fe12107834a939f075e57d1e93600/gnocchi.43ffb5e1-cc52-4044-8b35-a83112838261/1764720000.0_mean_300.0_v3" "tx1313b2bf67f14e42822dd-006930dd06" "proxy-server 20" 0.0014 "-" 23 0
Dec 4 00:59:50 standalone proxy-server[129697]: 172.18.0.2 172.18.0.100 04/Dec/2025/00/59/50 GET /v1/AUTH_ae7fe12107834a939f075e57d1e93600/gnocchi.43ffb5e1-cc52-4044-8b35-a83112838261/1764720000.0_mean_300.0_v3 HTTP/1.0 200 - python-swiftclient-3.11.1 gAAAAABpMNxrmRHQ... - 16 - tx1313b2bf67f14e42822dd-006930dd06 - 0.0122 - - 1764809990.383322001 1764809990.395480394 0
Dec 4 00:59:50 standalone container-server[127482]: 172.20.0.100 - - [04/Dec/2025:00:59:50 +0000] "PUT /d1/935/AUTH_ae7fe12107834a939f075e57d1e93600/gnocchi.43ffb5e1-cc52-4044-8b35-a83112838261/1764720000.0_mean_300.0_v3" 201 - "PUT http://172.18.0.2:8080/d1/8/AUTH_ae7fe12107834a939f075e57d1e93600/gnocchi.43ffb5e1-cc52-4044-8b35-a83112838261/1764720000.0_mean_300.0_v3" "txaa43f5b4fdf94872b0d30-006930dd06" "object-server 22" 0.0009 "-" 20 0
Dec 4 00:59:50 standalone object-server[127675]: 172.20.0.100 - - [04/Dec/2025:00:59:50 +0000] "PUT /d1/8/AUTH_ae7fe12107834a939f075e57d1e93600/gnocchi.43ffb5e1-cc52-4044-8b35-a83112838261/1764720000.0_mean_300.0_v3" 201 - "PUT http://172.18.0.2:8080/v1/AUTH_ae7fe12107834a939f075e57d1e93600/gnocchi.43ffb5e1-cc52-4044-8b35-a83112838261/1764720000.0_mean_300.0_v3" "txaa43f5b4fdf94872b0d30-006930dd06" "proxy-server 20" 0.0144 "-" 22 0
Dec 4 00:59:50 standalone proxy-server[129697]: 172.18.0.2 172.18.0.100 04/Dec/2025/00/59/50 PUT /v1/AUTH_ae7fe12107834a939f075e57d1e93600/gnocchi.43ffb5e1-cc52-4044-8b35-a83112838261/1764720000.0_mean_300.0_v3 HTTP/1.0 201 - python-swiftclient-3.11.1 gAAAAABpMNxrmRHQ... 16 - - txaa43f5b4fdf94872b0d30-006930dd06 - 0.0241 - - 1764809990.401069641 1764809990.425208807 0
Dec 4 00:59:50 standalone container-server[127534]: 172.20.0.100 - - [04/Dec/2025:00:59:50 +0000] "PUT /d1/935/AUTH_ae7fe12107834a939f075e57d1e93600/gnocchi.43ffb5e1-cc52-4044-8b35-a83112838261/none_v3" 201 - "PUT http://172.18.0.2:8080/d1/900/AUTH_ae7fe12107834a939f075e57d1e93600/gnocchi.43ffb5e1-cc52-4044-8b35-a83112838261/none_v3" "tx1ab25e1496344430bac33-006930dd06" "object-server 23" 0.0011 "-" 22 0
Dec 4 00:59:50 standalone object-server[127676]: 172.20.0.100 - - [04/Dec/2025:00:59:50 +0000] "PUT /d1/900/AUTH_ae7fe12107834a939f075e57d1e93600/gnocchi.43ffb5e1-cc52-4044-8b35-a83112838261/none_v3" 201 - "PUT http://172.18.0.2:8080/v1/AUTH_ae7fe12107834a939f075e57d1e93600/gnocchi.43ffb5e1-cc52-4044-8b35-a83112838261/none_v3" "tx1ab25e1496344430bac33-006930dd06" "proxy-server 20" 0.0138 "-" 23 0
Dec 4 00:59:50 standalone proxy-server[129697]: 172.18.0.2 172.18.0.100 04/Dec/2025/00/59/50 PUT /v1/AUTH_ae7fe12107834a939f075e57d1e93600/gnocchi.43ffb5e1-cc52-4044-8b35-a83112838261/none_v3 HTTP/1.0 201 - python-swiftclient-3.11.1 gAAAAABpMNxrmRHQ... 51 - - tx1ab25e1496344430bac33-006930dd06 - 0.0248 - - 1764809990.429885387 1764809990.454657316 0
Dec 4 00:59:53 standalone container-server[127538]: 172.20.0.100 - - [04/Dec/2025:00:59:53 +0000] "HEAD /d1/672/AUTH_ae7fe12107834a939f075e57d1e93600/gnocchi.8ca72e88-6cdb-4efb-b340-cf2dc73125a2" 404 - "HEAD http://172.18.0.2:8080/v1/AUTH_ae7fe12107834a939f075e57d1e93600/gnocchi.8ca72e88-6cdb-4efb-b340-cf2dc73125a2?format=json&states=listing" "tx715c6f895c154f65982c5-006930dd09" "proxy-server 20" 0.0006 "-" 23 0
Dec 4 00:59:53 standalone object-server[127679]: 172.20.0.100 - - [04/Dec/2025:00:59:53 +0000] "GET /d1/484/AUTH_ae7fe12107834a939f075e57d1e93600/gnocchi.8ca72e88-6cdb-4efb-b340-cf2dc73125a2/none_v3" 404 70 "GET http://172.18.0.2:8080/v1/AUTH_ae7fe12107834a939f075e57d1e93600/gnocchi.8ca72e88-6cdb-4efb-b340-cf2dc73125a2/none_v3" "tx715c6f895c154f65982c5-006930dd09" "proxy-server 20" 0.0005 "-" 25 0
Dec 4 00:59:53 standalone proxy-server[129697]: 172.18.0.2 172.18.0.100 04/Dec/2025/00/59/53 GET /v1/AUTH_ae7fe12107834a939f075e57d1e93600/gnocchi.8ca72e88-6cdb-4efb-b340-cf2dc73125a2/none_v3 HTTP/1.0 404 - python-swiftclient-3.11.1 gAAAAABpMNxrmRHQ... - 70 - tx715c6f895c154f65982c5-006930dd09 - 0.0099 - - 1764809993.900378466 1764809993.910271883 0
Dec 4 00:59:53 standalone account-server[127343]: 172.20.0.100 - - [04/Dec/2025:00:59:53 +0000] "PUT /d1/778/AUTH_ae7fe12107834a939f075e57d1e93600/gnocchi.8ca72e88-6cdb-4efb-b340-cf2dc73125a2" 201 - "PUT http://172.20.0.100:6001/d1/672/AUTH_ae7fe12107834a939f075e57d1e93600/gnocchi.8ca72e88-6cdb-4efb-b340-cf2dc73125a2" "tx4b890b50ed7442f581b98-006930dd09" "container-server 23" 0.0092 "-" 21 0
Dec 4 00:59:53 standalone container-server[127538]: 172.20.0.100 - - [04/Dec/2025:00:59:53 +0000] "PUT /d1/672/AUTH_ae7fe12107834a939f075e57d1e93600/gnocchi.8ca72e88-6cdb-4efb-b340-cf2dc73125a2" 201 - "PUT http://172.18.0.2:8080/v1/AUTH_ae7fe12107834a939f075e57d1e93600/gnocchi.8ca72e88-6cdb-4efb-b340-cf2dc73125a2" "tx4b890b50ed7442f581b98-006930dd09" "proxy-server 20" 0.0217 "-" 23 0
Dec 4 00:59:53 standalone proxy-server[129697]: 172.18.0.2 172.18.0.100 04/Dec/2025/00/59/53 PUT /v1/AUTH_ae7fe12107834a939f075e57d1e93600/gnocchi.8ca72e88-6cdb-4efb-b340-cf2dc73125a2 HTTP/1.0 201 - python-swiftclient-3.11.1 gAAAAABpMNxrmRHQ... - - - tx4b890b50ed7442f581b98-006930dd09 - 0.0249 - - 1764809993.913327932 1764809993.938197136 0
Dec 4 00:59:53 standalone container-server[127482]: 172.20.0.100 - - [04/Dec/2025:00:59:53 +0000] "HEAD /d1/672/AUTH_ae7fe12107834a939f075e57d1e93600/gnocchi.8ca72e88-6cdb-4efb-b340-cf2dc73125a2" 204 - "HEAD http://172.18.0.2:8080/v1/AUTH_ae7fe12107834a939f075e57d1e93600/gnocchi.8ca72e88-6cdb-4efb-b340-cf2dc73125a2?format=json&states=listing" "txca49d898cc114c15b5e07-006930dd09" "proxy-server 20" 0.0022 "-" 20 0
Dec 4 00:59:53 standalone proxy-server[129697]: - - 04/Dec/2025/00/59/53 HEAD /v1/AUTH_ae7fe12107834a939f075e57d1e93600/gnocchi.8ca72e88-6cdb-4efb-b340-cf2dc73125a2%3Fformat%3Djson%26states%3Dlisting HTTP/1.0 204 - Swift - - - - txca49d898cc114c15b5e07-006930dd09 - 0.0056 RL - 1764809993.943480730 1764809993.949040413 0
Dec 4 00:59:53 standalone container-server[127534]: 172.20.0.100 - - [04/Dec/2025:00:59:53 +0000] "GET /d1/672/AUTH_ae7fe12107834a939f075e57d1e93600/gnocchi.8ca72e88-6cdb-4efb-b340-cf2dc73125a2" 200 2 "GET http://172.18.0.2:8080/v1/AUTH_ae7fe12107834a939f075e57d1e93600/gnocchi.8ca72e88-6cdb-4efb-b340-cf2dc73125a2?format=json&states=listing" "txca49d898cc114c15b5e07-006930dd09" "proxy-server 20" 0.0026 "-" 22 0
Dec 4 00:59:53 standalone proxy-server[129697]: 172.18.0.2 172.18.0.100 04/Dec/2025/00/59/53 GET /v1/AUTH_ae7fe12107834a939f075e57d1e93600/gnocchi.8ca72e88-6cdb-4efb-b340-cf2dc73125a2%3Fformat%3Djson%26states%3Dlisting HTTP/1.0 200 - python-swiftclient-3.11.1 gAAAAABpMNxrmRHQ... - 2 - txca49d898cc114c15b5e07-006930dd09 - 0.0148 - - 1764809993.942613363 1764809993.957413197 0
Dec 4 00:59:53 standalone object-server[127675]: 172.20.0.100 - - [04/Dec/2025:00:59:53 +0000] "GET /d1/844/AUTH_ae7fe12107834a939f075e57d1e93600/gnocchi.8ca72e88-6cdb-4efb-b340-cf2dc73125a2/1764720000.0_mean_300.0_v3" 404 70 "GET http://172.18.0.2:8080/v1/AUTH_ae7fe12107834a939f075e57d1e93600/gnocchi.8ca72e88-6cdb-4efb-b340-cf2dc73125a2/1764720000.0_mean_300.0_v3" "txb085eca9349d4f4bb0fb4-006930dd09" "proxy-server 20" 0.0004 "-" 22 0
Dec 4 00:59:53 standalone proxy-server[129697]: 172.18.0.2 172.18.0.100 04/Dec/2025/00/59/53 GET /v1/AUTH_ae7fe12107834a939f075e57d1e93600/gnocchi.8ca72e88-6cdb-4efb-b340-cf2dc73125a2/1764720000.0_mean_300.0_v3 HTTP/1.0 404 - python-swiftclient-3.11.1 gAAAAABpMNxrmRHQ... - 70 - txb085eca9349d4f4bb0fb4-006930dd09 - 0.0048 - - 1764809993.961704731 1764809993.966513157 0
Dec 4 00:59:53 standalone container-server[127482]: 172.20.0.100 - - [04/Dec/2025:00:59:53 +0000] "PUT /d1/672/AUTH_ae7fe12107834a939f075e57d1e93600/gnocchi.8ca72e88-6cdb-4efb-b340-cf2dc73125a2/1764720000.0_mean_300.0_v3" 201 - "PUT http://172.18.0.2:8080/d1/844/AUTH_ae7fe12107834a939f075e57d1e93600/gnocchi.8ca72e88-6cdb-4efb-b340-cf2dc73125a2/1764720000.0_mean_300.0_v3" "tx85d4073f7d51418caece0-006930dd09" "object-server 24" 0.0009 "-" 20 0
Dec 4 00:59:53 standalone object-server[127677]: 172.20.0.100 - - [04/Dec/2025:00:59:53 +0000] "PUT /d1/844/AUTH_ae7fe12107834a939f075e57d1e93600/gnocchi.8ca72e88-6cdb-4efb-b340-cf2dc73125a2/1764720000.0_mean_300.0_v3" 201 - "PUT http://172.18.0.2:8080/v1/AUTH_ae7fe12107834a939f075e57d1e93600/gnocchi.8ca72e88-6cdb-4efb-b340-cf2dc73125a2/1764720000.0_mean_300.0_v3" "tx85d4073f7d51418caece0-006930dd09" "proxy-server 20" 0.0107 "-" 24 0
Dec 4 00:59:53 standalone proxy-server[129697]: 172.18.0.2 172.18.0.100 04/Dec/2025/00/59/53 PUT /v1/AUTH_ae7fe12107834a939f075e57d1e93600/gnocchi.8ca72e88-6cdb-4efb-b340-cf2dc73125a2/1764720000.0_mean_300.0_v3 HTTP/1.0 201 - python-swiftclient-3.11.1 gAAAAABpMNxrmRHQ... 16 - - tx85d4073f7d51418caece0-006930dd09 - 0.0168 - - 1764809993.969630241 1764809993.986411572 0
Dec 4 00:59:54 standalone container-server[127516]: 172.20.0.100 - - [04/Dec/2025:00:59:54 +0000] "PUT /d1/672/AUTH_ae7fe12107834a939f075e57d1e93600/gnocchi.8ca72e88-6cdb-4efb-b340-cf2dc73125a2/none_v3" 201 - "PUT http://172.18.0.2:8080/d1/484/AUTH_ae7fe12107834a939f075e57d1e93600/gnocchi.8ca72e88-6cdb-4efb-b340-cf2dc73125a2/none_v3" "txf8e34674757547deb7562-006930dd09" "object-server 23" 0.0010 "-" 21 0
Dec 4 00:59:54 standalone object-server[127676]: 172.20.0.100 - - [04/Dec/2025:00:59:54 +0000] "PUT /d1/484/AUTH_ae7fe12107834a939f075e57d1e93600/gnocchi.8ca72e88-6cdb-4efb-b340-cf2dc73125a2/none_v3" 201 - "PUT http://172.18.0.2:8080/v1/AUTH_ae7fe12107834a939f075e57d1e93600/gnocchi.8ca72e88-6cdb-4efb-b340-cf2dc73125a2/none_v3" "txf8e34674757547deb7562-006930dd09" "proxy-server 20" 0.0177 "-" 23 0
Dec 4 00:59:54 standalone proxy-server[129697]: 172.18.0.2 172.18.0.100 04/Dec/2025/00/59/54 PUT /v1/AUTH_ae7fe12107834a939f075e57d1e93600/gnocchi.8ca72e88-6cdb-4efb-b340-cf2dc73125a2/none_v3 HTTP/1.0 201 - python-swiftclient-3.11.1 gAAAAABpMNxrmRHQ... 22 - - txf8e34674757547deb7562-006930dd09 - 0.0242 - - 1764809993.989582777 1764809994.013772964 0
Dec 4 00:59:54 standalone container-server[127534]: 172.20.0.100 - - [04/Dec/2025:00:59:54 +0000] "HEAD /d1/261/AUTH_ae7fe12107834a939f075e57d1e93600/gnocchi.c5af85a3-8dd0-4480-ade8-7a76a28250f6" 404 - "HEAD http://172.18.0.2:8080/v1/AUTH_ae7fe12107834a939f075e57d1e93600/gnocchi.c5af85a3-8dd0-4480-ade8-7a76a28250f6?format=json&states=listing" "txa605af36bb1449eb8b5a7-006930dd0a" "proxy-server 20" 0.0005 "-" 22 0
Dec 4 00:59:54 standalone object-server[127676]: 172.20.0.100 - - [04/Dec/2025:00:59:54 +0000] "GET /d1/69/AUTH_ae7fe12107834a939f075e57d1e93600/gnocchi.c5af85a3-8dd0-4480-ade8-7a76a28250f6/none_v3" 404 70 "GET http://172.18.0.2:8080/v1/AUTH_ae7fe12107834a939f075e57d1e93600/gnocchi.c5af85a3-8dd0-4480-ade8-7a76a28250f6/none_v3" "txa605af36bb1449eb8b5a7-006930dd0a" "proxy-server 20" 0.0018 "-" 23 0
Dec 4 00:59:54 standalone proxy-server[129697]: 172.18.0.2 172.18.0.100 04/Dec/2025/00/59/54 GET /v1/AUTH_ae7fe12107834a939f075e57d1e93600/gnocchi.c5af85a3-8dd0-4480-ade8-7a76a28250f6/none_v3 HTTP/1.0 404 - python-swiftclient-3.11.1 gAAAAABpMNxrmRHQ... - 70 - txa605af36bb1449eb8b5a7-006930dd0a - 0.0168 - - 1764809994.052162647 1764809994.068935394 0
Dec 4 00:59:54 standalone account-server[127371]: 172.20.0.100 - - [04/Dec/2025:00:59:54 +0000] "PUT /d1/778/AUTH_ae7fe12107834a939f075e57d1e93600/gnocchi.c5af85a3-8dd0-4480-ade8-7a76a28250f6" 201 - "PUT http://172.20.0.100:6001/d1/261/AUTH_ae7fe12107834a939f075e57d1e93600/gnocchi.c5af85a3-8dd0-4480-ade8-7a76a28250f6" "tx0f1fe6be256d4cb69a2e5-006930dd0a" "container-server 22" 0.0076 "-" 22 0
Dec 4 00:59:54 standalone container-server[127534]: 172.20.0.100 - - [04/Dec/2025:00:59:54 +0000] "PUT /d1/261/AUTH_ae7fe12107834a939f075e57d1e93600/gnocchi.c5af85a3-8dd0-4480-ade8-7a76a28250f6" 201 - "PUT http://172.18.0.2:8080/v1/AUTH_ae7fe12107834a939f075e57d1e93600/gnocchi.c5af85a3-8dd0-4480-ade8-7a76a28250f6" "tx0f1fe6be256d4cb69a2e5-006930dd0a" "proxy-server 20" 0.0241 "-" 22 0
Dec 4 00:59:54 standalone proxy-server[129697]: 172.18.0.2 172.18.0.100 04/Dec/2025/00/59/54 PUT /v1/AUTH_ae7fe12107834a939f075e57d1e93600/gnocchi.c5af85a3-8dd0-4480-ade8-7a76a28250f6 HTTP/1.0 201 - python-swiftclient-3.11.1 gAAAAABpMNxrmRHQ... - - - tx0f1fe6be256d4cb69a2e5-006930dd0a - 0.0307 - - 1764809994.073219538 1764809994.103958368 0
Dec 4 00:59:54 standalone container-server[127538]: 172.20.0.100 - - [04/Dec/2025:00:59:54 +0000] "HEAD /d1/261/AUTH_ae7fe12107834a939f075e57d1e93600/gnocchi.c5af85a3-8dd0-4480-ade8-7a76a28250f6" 204 - "HEAD http://172.18.0.2:8080/v1/AUTH_ae7fe12107834a939f075e57d1e93600/gnocchi.c5af85a3-8dd0-4480-ade8-7a76a28250f6?format=json&states=listing" "tx08bd3e6cd443488ebe5fd-006930dd0a" "proxy-server 20" 0.0034 "-" 23 0
Dec 4 00:59:54 standalone proxy-server[129697]: - - 04/Dec/2025/00/59/54 HEAD /v1/AUTH_ae7fe12107834a939f075e57d1e93600/gnocchi.c5af85a3-8dd0-4480-ade8-7a76a28250f6%3Fformat%3Djson%26states%3Dlisting HTTP/1.0 204 - Swift - - - - tx08bd3e6cd443488ebe5fd-006930dd0a - 0.0094 RL - 1764809994.110337973 1764809994.119751692 0
Dec 4 00:59:54 standalone container-server[127482]: 172.20.0.100 - - [04/Dec/2025:00:59:54 +0000] "GET /d1/261/AUTH_ae7fe12107834a939f075e57d1e93600/gnocchi.c5af85a3-8dd0-4480-ade8-7a76a28250f6" 200 2 "GET http://172.18.0.2:8080/v1/AUTH_ae7fe12107834a939f075e57d1e93600/gnocchi.c5af85a3-8dd0-4480-ade8-7a76a28250f6?format=json&states=listing" "tx08bd3e6cd443488ebe5fd-006930dd0a" "proxy-server 20" 0.0059 "-" 20 0
Dec 4 00:59:54 standalone proxy-server[129697]: 172.18.0.2 172.18.0.100 04/Dec/2025/00/59/54 GET /v1/AUTH_ae7fe12107834a939f075e57d1e93600/gnocchi.c5af85a3-8dd0-4480-ade8-7a76a28250f6%3Fformat%3Djson%26states%3Dlisting HTTP/1.0 200 - python-swiftclient-3.11.1 gAAAAABpMNxrmRHQ... - 2 - tx08bd3e6cd443488ebe5fd-006930dd0a - 0.0272 - - 1764809994.108080149 1764809994.135285854 0
Dec 4 00:59:54 standalone object-server[127676]: 172.20.0.100 - - [04/Dec/2025:00:59:54 +0000] "GET /d1/980/AUTH_ae7fe12107834a939f075e57d1e93600/gnocchi.c5af85a3-8dd0-4480-ade8-7a76a28250f6/1764720000.0_mean_300.0_v3" 404 70 "GET http://172.18.0.2:8080/v1/AUTH_ae7fe12107834a939f075e57d1e93600/gnocchi.c5af85a3-8dd0-4480-ade8-7a76a28250f6/1764720000.0_mean_300.0_v3" "txd2cc156b8d354214a75ca-006930dd0a" "proxy-server 20" 0.0010 "-" 23 0
Dec 4 00:59:54 standalone proxy-server[129697]: 172.18.0.2 172.18.0.100 04/Dec/2025/00/59/54 GET /v1/AUTH_ae7fe12107834a939f075e57d1e93600/gnocchi.c5af85a3-8dd0-4480-ade8-7a76a28250f6/1764720000.0_mean_300.0_v3 HTTP/1.0 404 - python-swiftclient-3.11.1 gAAAAABpMNxrmRHQ... - 70 - txd2cc156b8d354214a75ca-006930dd0a - 0.0099 - - 1764809994.141983509 1764809994.151872873 0
Dec 4 00:59:54 standalone container-server[127534]: 172.20.0.100 - - [04/Dec/2025:00:59:54 +0000] "PUT /d1/261/AUTH_ae7fe12107834a939f075e57d1e93600/gnocchi.c5af85a3-8dd0-4480-ade8-7a76a28250f6/1764720000.0_mean_300.0_v3" 201 - "PUT http://172.18.0.2:8080/d1/980/AUTH_ae7fe12107834a939f075e57d1e93600/gnocchi.c5af85a3-8dd0-4480-ade8-7a76a28250f6/1764720000.0_mean_300.0_v3" "txf9a704b4c2fd424082970-006930dd0a" "object-server 24" 0.0012 "-" 22 0
Dec 4 00:59:54 standalone object-server[127677]: 172.20.0.100 - - [04/Dec/2025:00:59:54 +0000] "PUT /d1/980/AUTH_ae7fe12107834a939f075e57d1e93600/gnocchi.c5af85a3-8dd0-4480-ade8-7a76a28250f6/1764720000.0_mean_300.0_v3" 201 - "PUT http://172.18.0.2:8080/v1/AUTH_ae7fe12107834a939f075e57d1e93600/gnocchi.c5af85a3-8dd0-4480-ade8-7a76a28250f6/1764720000.0_mean_300.0_v3" "txf9a704b4c2fd424082970-006930dd0a" "proxy-server 20" 0.0187 "-" 24 0
Dec 4 00:59:54 standalone proxy-server[129697]: 172.18.0.2 172.18.0.100 04/Dec/2025/00/59/54 PUT /v1/AUTH_ae7fe12107834a939f075e57d1e93600/gnocchi.c5af85a3-8dd0-4480-ade8-7a76a28250f6/1764720000.0_mean_300.0_v3 HTTP/1.0 201 - python-swiftclient-3.11.1 gAAAAABpMNxrmRHQ... 16 - - txf9a704b4c2fd424082970-006930dd0a - 0.0294 - - 1764809994.155857801 1764809994.185254574 0
Dec 4 00:59:54 standalone container-server[127534]: 172.20.0.100 - - [04/Dec/2025:00:59:54 +0000] "PUT /d1/261/AUTH_ae7fe12107834a939f075e57d1e93600/gnocchi.c5af85a3-8dd0-4480-ade8-7a76a28250f6/none_v3" 201 - "PUT http://172.18.0.2:8080/d1/69/AUTH_ae7fe12107834a939f075e57d1e93600/gnocchi.c5af85a3-8dd0-4480-ade8-7a76a28250f6/none_v3" "tx7ce7c32f39ea48c89c6fb-006930dd0a" "object-server 22" 0.0004 "-" 22 0
Dec 4 00:59:54 standalone object-server[127675]: 172.20.0.100 - - [04/Dec/2025:00:59:54 +0000] "PUT /d1/69/AUTH_ae7fe12107834a939f075e57d1e93600/gnocchi.c5af85a3-8dd0-4480-ade8-7a76a28250f6/none_v3" 201 - "PUT http://172.18.0.2:8080/v1/AUTH_ae7fe12107834a939f075e57d1e93600/gnocchi.c5af85a3-8dd0-4480-ade8-7a76a28250f6/none_v3" "tx7ce7c32f39ea48c89c6fb-006930dd0a" "proxy-server 20" 0.0109 "-" 22 0
