Dec 4 00:58:32 standalone proxy-server[129697]: 172.18.0.2 172.18.0.100 04/Dec/2025/00/58/32 PUT /v1/AUTH_ae7fe12107834a939f075e57d1e93600/gnocchi.2639d49c-f3fd-4d35-accc-c4f1d06e95e6/1764720000.0_mean_300.0_v3 HTTP/1.0 201 - python-swiftclient-3.11.1 gAAAAABpMNxrmRHQ... 16 - - txe5af002bf5bc4f25a6d7f-006930dcb8 - 0.0233 - - 1764809912.275405169 1764809912.298710823 0
Dec 4 00:58:32 standalone container-server[127538]: 172.20.0.100 - - [04/Dec/2025:00:58:32 +0000] "PUT /d1/674/AUTH_ae7fe12107834a939f075e57d1e93600/gnocchi.2639d49c-f3fd-4d35-accc-c4f1d06e95e6/none_v3" 201 - "PUT http://172.18.0.2:8080/d1/95/AUTH_ae7fe12107834a939f075e57d1e93600/gnocchi.2639d49c-f3fd-4d35-accc-c4f1d06e95e6/none_v3" "tx41ef0b98dc734d45a44ee-006930dcb8" "object-server 24" 0.0006 "-" 23 0
Dec 4 00:58:32 standalone object-server[127677]: 172.20.0.100 - - [04/Dec/2025:00:58:32 +0000] "PUT /d1/95/AUTH_ae7fe12107834a939f075e57d1e93600/gnocchi.2639d49c-f3fd-4d35-accc-c4f1d06e95e6/none_v3" 201 - "PUT http://172.18.0.2:8080/v1/AUTH_ae7fe12107834a939f075e57d1e93600/gnocchi.2639d49c-f3fd-4d35-accc-c4f1d06e95e6/none_v3" "tx41ef0b98dc734d45a44ee-006930dcb8" "proxy-server 20" 0.0187 "-" 24 0
Dec 4 00:58:32 standalone proxy-server[129697]: 172.18.0.2 172.18.0.100 04/Dec/2025/00/58/32 PUT /v1/AUTH_ae7fe12107834a939f075e57d1e93600/gnocchi.2639d49c-f3fd-4d35-accc-c4f1d06e95e6/none_v3 HTTP/1.0 201 - python-swiftclient-3.11.1 gAAAAABpMNxrmRHQ... 22 - - tx41ef0b98dc734d45a44ee-006930dcb8 - 0.0360 - - 1764809912.311359882 1764809912.347318411 0
Dec 4 00:58:32 standalone container-server[127538]: 172.20.0.100 - - [04/Dec/2025:00:58:32 +0000] "HEAD /d1/914/AUTH_ae7fe12107834a939f075e57d1e93600/gnocchi.194fe45a-6926-4651-8f11-6f2f4c56bbc2" 404 - "HEAD http://172.18.0.2:8080/v1/AUTH_ae7fe12107834a939f075e57d1e93600/gnocchi.194fe45a-6926-4651-8f11-6f2f4c56bbc2?format=json&states=listing" "txd72ddba139e04839b6226-006930dcb8" "proxy-server 20" 0.0006 "-" 23 0
Dec 4 00:58:32 standalone object-server[127676]: 172.20.0.100 - - [04/Dec/2025:00:58:32 +0000] "GET /d1/260/AUTH_ae7fe12107834a939f075e57d1e93600/gnocchi.194fe45a-6926-4651-8f11-6f2f4c56bbc2/none_v3" 404 70 "GET http://172.18.0.2:8080/v1/AUTH_ae7fe12107834a939f075e57d1e93600/gnocchi.194fe45a-6926-4651-8f11-6f2f4c56bbc2/none_v3" "txd72ddba139e04839b6226-006930dcb8" "proxy-server 20" 0.0012 "-" 23 0
Dec 4 00:58:32 standalone proxy-server[129697]: 172.18.0.2 172.18.0.100 04/Dec/2025/00/58/32 GET /v1/AUTH_ae7fe12107834a939f075e57d1e93600/gnocchi.194fe45a-6926-4651-8f11-6f2f4c56bbc2/none_v3 HTTP/1.0 404 - python-swiftclient-3.11.1 gAAAAABpMNxrmRHQ... - 70 - txd72ddba139e04839b6226-006930dcb8 - 0.0142 - - 1764809912.388348341 1764809912.402549982 0
Dec 4 00:58:32 standalone account-server[127327]: 172.20.0.100 - - [04/Dec/2025:00:58:32 +0000] "PUT /d1/778/AUTH_ae7fe12107834a939f075e57d1e93600/gnocchi.194fe45a-6926-4651-8f11-6f2f4c56bbc2" 201 - "PUT http://172.20.0.100:6001/d1/914/AUTH_ae7fe12107834a939f075e57d1e93600/gnocchi.194fe45a-6926-4651-8f11-6f2f4c56bbc2" "tx3c1843088b7c416f8c34d-006930dcb8" "container-server 23" 0.0328 "-" 19 0
Dec 4 00:58:32 standalone container-server[127538]: 172.20.0.100 - - [04/Dec/2025:00:58:32 +0000] "PUT /d1/914/AUTH_ae7fe12107834a939f075e57d1e93600/gnocchi.194fe45a-6926-4651-8f11-6f2f4c56bbc2" 201 - "PUT http://172.18.0.2:8080/v1/AUTH_ae7fe12107834a939f075e57d1e93600/gnocchi.194fe45a-6926-4651-8f11-6f2f4c56bbc2" "tx3c1843088b7c416f8c34d-006930dcb8" "proxy-server 20" 0.0664 "-" 23 0
Dec 4 00:58:32 standalone proxy-server[129697]: 172.18.0.2 172.18.0.100 04/Dec/2025/00/58/32 PUT /v1/AUTH_ae7fe12107834a939f075e57d1e93600/gnocchi.194fe45a-6926-4651-8f11-6f2f4c56bbc2 HTTP/1.0 201 - python-swiftclient-3.11.1 gAAAAABpMNxrmRHQ... - - - tx3c1843088b7c416f8c34d-006930dcb8 - 0.0734 - - 1764809912.407850981 1764809912.481293917 0
Dec 4 00:58:32 standalone container-server[127482]: 172.20.0.100 - - [04/Dec/2025:00:58:32 +0000] "HEAD /d1/914/AUTH_ae7fe12107834a939f075e57d1e93600/gnocchi.194fe45a-6926-4651-8f11-6f2f4c56bbc2" 204 - "HEAD http://172.18.0.2:8080/v1/AUTH_ae7fe12107834a939f075e57d1e93600/gnocchi.194fe45a-6926-4651-8f11-6f2f4c56bbc2?format=json&states=listing" "txc8f6cc76659c4703870de-006930dcb8" "proxy-server 20" 0.0018 "-" 20 0
Dec 4 00:58:32 standalone proxy-server[129697]: - - 04/Dec/2025/00/58/32 HEAD /v1/AUTH_ae7fe12107834a939f075e57d1e93600/gnocchi.194fe45a-6926-4651-8f11-6f2f4c56bbc2%3Fformat%3Djson%26states%3Dlisting HTTP/1.0 204 - Swift - - - - txc8f6cc76659c4703870de-006930dcb8 - 0.0078 RL - 1764809912.494292259 1764809912.502109528 0
Dec 4 00:58:32 standalone container-server[127516]: 172.20.0.100 - - [04/Dec/2025:00:58:32 +0000] "GET /d1/914/AUTH_ae7fe12107834a939f075e57d1e93600/gnocchi.194fe45a-6926-4651-8f11-6f2f4c56bbc2" 200 2 "GET http://172.18.0.2:8080/v1/AUTH_ae7fe12107834a939f075e57d1e93600/gnocchi.194fe45a-6926-4651-8f11-6f2f4c56bbc2?format=json&states=listing" "txc8f6cc76659c4703870de-006930dcb8" "proxy-server 20" 0.0023 "-" 21 0
Dec 4 00:58:32 standalone proxy-server[129697]: 172.18.0.2 172.18.0.100 04/Dec/2025/00/58/32 GET /v1/AUTH_ae7fe12107834a939f075e57d1e93600/gnocchi.194fe45a-6926-4651-8f11-6f2f4c56bbc2%3Fformat%3Djson%26states%3Dlisting HTTP/1.0 200 - python-swiftclient-3.11.1 gAAAAABpMNxrmRHQ... - 2 - txc8f6cc76659c4703870de-006930dcb8 - 0.0183 - - 1764809912.492475510 1764809912.510800838 0
Dec 4 00:58:32 standalone object-server[127676]: 172.20.0.100 - - [04/Dec/2025:00:58:32 +0000] "GET /d1/755/AUTH_ae7fe12107834a939f075e57d1e93600/gnocchi.194fe45a-6926-4651-8f11-6f2f4c56bbc2/1764720000.0_mean_300.0_v3" 404 70 "GET http://172.18.0.2:8080/v1/AUTH_ae7fe12107834a939f075e57d1e93600/gnocchi.194fe45a-6926-4651-8f11-6f2f4c56bbc2/1764720000.0_mean_300.0_v3" "txaa84b2c4fb394f1d96052-006930dcb8" "proxy-server 20" 0.0016 "-" 23 0
Dec 4 00:58:32 standalone proxy-server[129697]: 172.18.0.2 172.18.0.100 04/Dec/2025/00/58/32 GET /v1/AUTH_ae7fe12107834a939f075e57d1e93600/gnocchi.194fe45a-6926-4651-8f11-6f2f4c56bbc2/1764720000.0_mean_300.0_v3 HTTP/1.0 404 - python-swiftclient-3.11.1 gAAAAABpMNxrmRHQ... - 70 - txaa84b2c4fb394f1d96052-006930dcb8 - 0.0116 - - 1764809912.516918182 1764809912.528488398 0
Dec 4 00:58:32 standalone container-server[127538]: 172.20.0.100 - - [04/Dec/2025:00:58:32 +0000] "PUT /d1/914/AUTH_ae7fe12107834a939f075e57d1e93600/gnocchi.194fe45a-6926-4651-8f11-6f2f4c56bbc2/1764720000.0_mean_300.0_v3" 201 - "PUT http://172.18.0.2:8080/d1/755/AUTH_ae7fe12107834a939f075e57d1e93600/gnocchi.194fe45a-6926-4651-8f11-6f2f4c56bbc2/1764720000.0_mean_300.0_v3" "tx9ca0998390a544f68fdd7-006930dcb8" "object-server 22" 0.0012 "-" 23 0
Dec 4 00:58:32 standalone object-server[127675]: 172.20.0.100 - - [04/Dec/2025:00:58:32 +0000] "PUT /d1/755/AUTH_ae7fe12107834a939f075e57d1e93600/gnocchi.194fe45a-6926-4651-8f11-6f2f4c56bbc2/1764720000.0_mean_300.0_v3" 201 - "PUT http://172.18.0.2:8080/v1/AUTH_ae7fe12107834a939f075e57d1e93600/gnocchi.194fe45a-6926-4651-8f11-6f2f4c56bbc2/1764720000.0_mean_300.0_v3" "tx9ca0998390a544f68fdd7-006930dcb8" "proxy-server 20" 0.0194 "-" 22 0
Dec 4 00:58:32 standalone proxy-server[129697]: 172.18.0.2 172.18.0.100 04/Dec/2025/00/58/32 PUT /v1/AUTH_ae7fe12107834a939f075e57d1e93600/gnocchi.194fe45a-6926-4651-8f11-6f2f4c56bbc2/1764720000.0_mean_300.0_v3 HTTP/1.0 201 - python-swiftclient-3.11.1 gAAAAABpMNxrmRHQ... 16 - - tx9ca0998390a544f68fdd7-006930dcb8 - 0.0266 - - 1764809912.532981157 1764809912.559600830 0
Dec 4 00:58:33 standalone container-server[127516]: 172.20.0.100 - - [04/Dec/2025:00:58:33 +0000] "PUT /d1/914/AUTH_ae7fe12107834a939f075e57d1e93600/gnocchi.194fe45a-6926-4651-8f11-6f2f4c56bbc2/none_v3" 201 - "PUT http://172.18.0.2:8080/d1/260/AUTH_ae7fe12107834a939f075e57d1e93600/gnocchi.194fe45a-6926-4651-8f11-6f2f4c56bbc2/none_v3" "txd81aabb1e5504ae485119-006930dcb8" "object-server 24" 0.0011 "-" 21 0
Dec 4 00:58:33 standalone object-server[127677]: 172.20.0.100 - - [04/Dec/2025:00:58:33 +0000] "PUT /d1/260/AUTH_ae7fe12107834a939f075e57d1e93600/gnocchi.194fe45a-6926-4651-8f11-6f2f4c56bbc2/none_v3" 201 - "PUT http://172.18.0.2:8080/v1/AUTH_ae7fe12107834a939f075e57d1e93600/gnocchi.194fe45a-6926-4651-8f11-6f2f4c56bbc2/none_v3" "txd81aabb1e5504ae485119-006930dcb8" "proxy-server 20" 0.4769 "-" 24 0
Dec 4 00:58:33 standalone proxy-server[129697]: 172.18.0.2 172.18.0.100 04/Dec/2025/00/58/33 PUT /v1/AUTH_ae7fe12107834a939f075e57d1e93600/gnocchi.194fe45a-6926-4651-8f11-6f2f4c56bbc2/none_v3 HTTP/1.0 201 - python-swiftclient-3.11.1 gAAAAABpMNxrmRHQ... 22 - - txd81aabb1e5504ae485119-006930dcb8 - 0.4858 - - 1764809912.568261623 1764809913.054051638 0
Dec 4 00:58:33 standalone container-server[127538]: 172.20.0.100 - - [04/Dec/2025:00:58:33 +0000] "HEAD /d1/774/AUTH_ae7fe12107834a939f075e57d1e93600/gnocchi.1aa9a050-f7ec-466f-a830-26a9b5607efe" 404 - "HEAD http://172.18.0.2:8080/v1/AUTH_ae7fe12107834a939f075e57d1e93600/gnocchi.1aa9a050-f7ec-466f-a830-26a9b5607efe?format=json&states=listing" "txac8c7a47a17f4e278eb5a-006930dcb9" "proxy-server 20" 0.0011 "-" 23 0
Dec 4 00:58:33 standalone object-server[127675]: 172.20.0.100 - - [04/Dec/2025:00:58:33 +0000] "GET /d1/359/AUTH_ae7fe12107834a939f075e57d1e93600/gnocchi.1aa9a050-f7ec-466f-a830-26a9b5607efe/none_v3" 404 70 "GET http://172.18.0.2:8080/v1/AUTH_ae7fe12107834a939f075e57d1e93600/gnocchi.1aa9a050-f7ec-466f-a830-26a9b5607efe/none_v3" "txac8c7a47a17f4e278eb5a-006930dcb9" "proxy-server 20" 0.0007 "-" 22 0
Dec 4 00:58:33 standalone proxy-server[129697]: 172.18.0.2 172.18.0.100 04/Dec/2025/00/58/33 GET /v1/AUTH_ae7fe12107834a939f075e57d1e93600/gnocchi.1aa9a050-f7ec-466f-a830-26a9b5607efe/none_v3 HTTP/1.0 404 - python-swiftclient-3.11.1 gAAAAABpMNxrmRHQ... - 70 - txac8c7a47a17f4e278eb5a-006930dcb9 - 0.0199 - - 1764809913.086974144 1764809913.106881142 0
Dec 4 00:58:33 standalone account-server[127327]: 172.20.0.100 - - [04/Dec/2025:00:58:33 +0000] "PUT /d1/778/AUTH_ae7fe12107834a939f075e57d1e93600/gnocchi.1aa9a050-f7ec-466f-a830-26a9b5607efe" 201 - "PUT http://172.20.0.100:6001/d1/774/AUTH_ae7fe12107834a939f075e57d1e93600/gnocchi.1aa9a050-f7ec-466f-a830-26a9b5607efe" "txe4922df534bc41f7b34f9-006930dcb9" "container-server 22" 0.0066 "-" 19 0
Dec 4 00:58:33 standalone container-server[127534]: 172.20.0.100 - - [04/Dec/2025:00:58:33 +0000] "PUT /d1/774/AUTH_ae7fe12107834a939f075e57d1e93600/gnocchi.1aa9a050-f7ec-466f-a830-26a9b5607efe" 201 - "PUT http://172.18.0.2:8080/v1/AUTH_ae7fe12107834a939f075e57d1e93600/gnocchi.1aa9a050-f7ec-466f-a830-26a9b5607efe" "txe4922df534bc41f7b34f9-006930dcb9" "proxy-server 20" 0.0240 "-" 22 0
Dec 4 00:58:33 standalone proxy-server[129697]: 172.18.0.2 172.18.0.100 04/Dec/2025/00/58/33 PUT /v1/AUTH_ae7fe12107834a939f075e57d1e93600/gnocchi.1aa9a050-f7ec-466f-a830-26a9b5607efe HTTP/1.0 201 - python-swiftclient-3.11.1 gAAAAABpMNxrmRHQ... - - - txe4922df534bc41f7b34f9-006930dcb9 - 0.0363 - - 1764809913.114106655 1764809913.150357723 0
Dec 4 00:58:33 standalone container-server[127538]: 172.20.0.100 - - [04/Dec/2025:00:58:33 +0000] "HEAD /d1/774/AUTH_ae7fe12107834a939f075e57d1e93600/gnocchi.1aa9a050-f7ec-466f-a830-26a9b5607efe" 204 - "HEAD http://172.18.0.2:8080/v1/AUTH_ae7fe12107834a939f075e57d1e93600/gnocchi.1aa9a050-f7ec-466f-a830-26a9b5607efe?format=json&states=listing" "txadb66336dd1741ff8b8a4-006930dcb9" "proxy-server 20" 0.0034 "-" 23 0
Dec 4 00:58:33 standalone proxy-server[129697]: - - 04/Dec/2025/00/58/33 HEAD /v1/AUTH_ae7fe12107834a939f075e57d1e93600/gnocchi.1aa9a050-f7ec-466f-a830-26a9b5607efe%3Fformat%3Djson%26states%3Dlisting HTTP/1.0 204 - Swift - - - - txadb66336dd1741ff8b8a4-006930dcb9 - 0.0123 RL - 1764809913.168894529 1764809913.181237698 0
Dec 4 00:58:33 standalone container-server[127538]: 172.20.0.100 - - [04/Dec/2025:00:58:33 +0000] "GET /d1/774/AUTH_ae7fe12107834a939f075e57d1e93600/gnocchi.1aa9a050-f7ec-466f-a830-26a9b5607efe" 200 2 "GET http://172.18.0.2:8080/v1/AUTH_ae7fe12107834a939f075e57d1e93600/gnocchi.1aa9a050-f7ec-466f-a830-26a9b5607efe?format=json&states=listing" "txadb66336dd1741ff8b8a4-006930dcb9" "proxy-server 20" 0.0046 "-" 23 0
Dec 4 00:58:33 standalone proxy-server[129697]: 172.18.0.2 172.18.0.100 04/Dec/2025/00/58/33 GET /v1/AUTH_ae7fe12107834a939f075e57d1e93600/gnocchi.1aa9a050-f7ec-466f-a830-26a9b5607efe%3Fformat%3Djson%26states%3Dlisting HTTP/1.0 200 - python-swiftclient-3.11.1 gAAAAABpMNxrmRHQ... - 2 - txadb66336dd1741ff8b8a4-006930dcb9 - 0.0377 - - 1764809913.166174412 1764809913.203885555 0
Dec 4 00:58:33 standalone object-server[127676]: 172.20.0.100 - - [04/Dec/2025:00:58:33 +0000] "GET /d1/150/AUTH_ae7fe12107834a939f075e57d1e93600/gnocchi.1aa9a050-f7ec-466f-a830-26a9b5607efe/1764720000.0_mean_300.0_v3" 404 70 "GET http://172.18.0.2:8080/v1/AUTH_ae7fe12107834a939f075e57d1e93600/gnocchi.1aa9a050-f7ec-466f-a830-26a9b5607efe/1764720000.0_mean_300.0_v3" "txbda8825a088f40c9a8d29-006930dcb9" "proxy-server 20" 0.0007 "-" 23 0
Dec 4 00:58:33 standalone proxy-server[129697]: 172.18.0.2 172.18.0.100 04/Dec/2025/00/58/33 GET /v1/AUTH_ae7fe12107834a939f075e57d1e93600/gnocchi.1aa9a050-f7ec-466f-a830-26a9b5607efe/1764720000.0_mean_300.0_v3 HTTP/1.0 404 - python-swiftclient-3.11.1 gAAAAABpMNxrmRHQ... - 70 - txbda8825a088f40c9a8d29-006930dcb9 - 0.0125 - - 1764809913.224996328 1764809913.237458706 0
Dec 4 00:58:33 standalone container-server[127482]: 172.20.0.100 - - [04/Dec/2025:00:58:33 +0000] "PUT /d1/774/AUTH_ae7fe12107834a939f075e57d1e93600/gnocchi.1aa9a050-f7ec-466f-a830-26a9b5607efe/1764720000.0_mean_300.0_v3" 201 - "PUT http://172.18.0.2:8080/d1/150/AUTH_ae7fe12107834a939f075e57d1e93600/gnocchi.1aa9a050-f7ec-466f-a830-26a9b5607efe/1764720000.0_mean_300.0_v3" "txd07d48b039ac4d6492010-006930dcb9" "object-server 23" 0.0018 "-" 20 0
Dec 4 00:58:33 standalone object-server[127676]: 172.20.0.100 - - [04/Dec/2025:00:58:33 +0000] "PUT /d1/150/AUTH_ae7fe12107834a939f075e57d1e93600/gnocchi.1aa9a050-f7ec-466f-a830-26a9b5607efe/1764720000.0_mean_300.0_v3" 201 - "PUT http://172.18.0.2:8080/v1/AUTH_ae7fe12107834a939f075e57d1e93600/gnocchi.1aa9a050-f7ec-466f-a830-26a9b5607efe/1764720000.0_mean_300.0_v3" "txd07d48b039ac4d6492010-006930dcb9" "proxy-server 20" 0.0249 "-" 23 0
Dec 4 00:58:33 standalone proxy-server[129697]: 172.18.0.2 172.18.0.100 04/Dec/2025/00/58/33 PUT /v1/AUTH_ae7fe12107834a939f075e57d1e93600/gnocchi.1aa9a050-f7ec-466f-a830-26a9b5607efe/1764720000.0_mean_300.0_v3 HTTP/1.0 201 - python-swiftclient-3.11.1 gAAAAABpMNxrmRHQ... 16 - - txd07d48b039ac4d6492010-006930dcb9 - 0.0377 - - 1764809913.246035099 1764809913.283745527 0
Dec 4 00:58:33 standalone container-server[127534]: 172.20.0.100 - - [04/Dec/2025:00:58:33 +0000] "PUT /d1/774/AUTH_ae7fe12107834a939f075e57d1e93600/gnocchi.1aa9a050-f7ec-466f-a830-26a9b5607efe/none_v3" 201 - "PUT http://172.18.0.2:8080/d1/359/AUTH_ae7fe12107834a939f075e57d1e93600/gnocchi.1aa9a050-f7ec-466f-a830-26a9b5607efe/none_v3" "tx70fc59841f6249998b2b2-006930dcb9" "object-server 24" 0.0007 "-" 22 0
Dec 4 00:58:33 standalone object-server[127677]: 172.20.0.100 - - [04/Dec/2025:00:58:33 +0000] "PUT /d1/359/AUTH_ae7fe12107834a939f075e57d1e93600/gnocchi.1aa9a050-f7ec-466f-a830-26a9b5607efe/none_v3" 201 - "PUT http://172.18.0.2:8080/v1/AUTH_ae7fe12107834a939f075e57d1e93600/gnocchi.1aa9a050-f7ec-466f-a830-26a9b5607efe/none_v3" "tx70fc59841f6249998b2b2-006930dcb9" "proxy-server 20" 0.0218 "-" 24 0
Dec 4 00:58:33 standalone proxy-server[129697]: 172.18.0.2 172.18.0.100 04/Dec/2025/00/58/33 PUT /v1/AUTH_ae7fe12107834a939f075e57d1e93600/gnocchi.1aa9a050-f7ec-466f-a830-26a9b5607efe/none_v3 HTTP/1.0 201 - python-swiftclient-3.11.1 gAAAAABpMNxrmRHQ... 22 - - tx70fc59841f6249998b2b2-006930dcb9 - 0.0333 - - 1764809913.292539597 1764809913.325849533 0
Dec 4 00:58:33 standalone container-server[127516]: 172.20.0.100 - - [04/Dec/2025:00:58:33 +0000] "HEAD /d1/590/AUTH_ae7fe12107834a939f075e57d1e93600/gnocchi.249da275-e2ef-4df3-bc4c-e0fcbec8df51" 404 - "HEAD http://172.18.0.2:8080/v1/AUTH_ae7fe12107834a939f075e57d1e93600/gnocchi.249da275-e2ef-4df3-bc4c-e0fcbec8df51?format=json&states=listing" "txa5b97ab8f6b843dfadb00-006930dcb9" "proxy-server 20" 0.0008 "-" 21 0
Dec 4 00:58:33 standalone object-server[127675]: 172.20.0.100 - - [04/Dec/2025:00:58:33 +0000] "GET /d1/834/AUTH_ae7fe12107834a939f075e57d1e93600/gnocchi.249da275-e2ef-4df3-bc4c-e0fcbec8df51/none_v3" 404 70 "GET http://172.18.0.2:8080/v1/AUTH_ae7fe12107834a939f075e57d1e93600/gnocchi.249da275-e2ef-4df3-bc4c-e0fcbec8df51/none_v3" "txa5b97ab8f6b843dfadb00-006930dcb9" "proxy-server 20" 0.0006 "-" 22 0
Dec 4 00:58:33 standalone proxy-server[129697]: 172.18.0.2 172.18.0.100 04/Dec/2025/00/58/33 GET /v1/AUTH_ae7fe12107834a939f075e57d1e93600/gnocchi.249da275-e2ef-4df3-bc4c-e0fcbec8df51/none_v3 HTTP/1.0 404 - python-swiftclient-3.11.1 gAAAAABpMNxrmRHQ... - 70 - txa5b97ab8f6b843dfadb00-006930dcb9 - 0.0134 - - 1764809913.348958254 1764809913.362366915 0
Dec 4 00:58:33 standalone account-server[127327]: 172.20.0.100 - - [04/Dec/2025:00:58:33 +0000] "PUT /d1/778/AUTH_ae7fe12107834a939f075e57d1e93600/gnocchi.249da275-e2ef-4df3-bc4c-e0fcbec8df51" 201 - "PUT http://172.20.0.100:6001/d1/590/AUTH_ae7fe12107834a939f075e57d1e93600/gnocchi.249da275-e2ef-4df3-bc4c-e0fcbec8df51" "txb18eb1c44bb34490ab6ab-006930dcb9" "container-server 23" 0.0076 "-" 19 0
Dec 4 00:58:33 standalone container-server[127538]: 172.20.0.100 - - [04/Dec/2025:00:58:33 +0000] "PUT /d1/590/AUTH_ae7fe12107834a939f075e57d1e93600/gnocchi.249da275-e2ef-4df3-bc4c-e0fcbec8df51" 201 - "PUT http://172.18.0.2:8080/v1/AUTH_ae7fe12107834a939f075e57d1e93600/gnocchi.249da275-e2ef-4df3-bc4c-e0fcbec8df51" "txb18eb1c44bb34490ab6ab-006930dcb9" "proxy-server 20" 0.0634 "-" 23 0
Dec 4 00:58:33 standalone proxy-server[129697]: 172.18.0.2 172.18.0.100 04/Dec/2025/00/58/33 PUT /v1/AUTH_ae7fe12107834a939f075e57d1e93600/gnocchi.249da275-e2ef-4df3-bc4c-e0fcbec8df51 HTTP/1.0 201 - python-swiftclient-3.11.1 gAAAAABpMNxrmRHQ... - - - txb18eb1c44bb34490ab6ab-006930dcb9 - 0.0718 - - 1764809913.365584612 1764809913.437377691 0
Dec 4 00:58:33 standalone container-server[127482]: 172.20.0.100 - - [04/Dec/2025:00:58:33 +0000] "HEAD /d1/590/AUTH_ae7fe12107834a939f075e57d1e93600/gnocchi.249da275-e2ef-4df3-bc4c-e0fcbec8df51" 204 - "HEAD http://172.18.0.2:8080/v1/AUTH_ae7fe12107834a939f075e57d1e93600/gnocchi.249da275-e2ef-4df3-bc4c-e0fcbec8df51?format=json&states=listing" "tx622eee1f7fdb4b5ab4a93-006930dcb9" "proxy-server 20" 0.0025 "-" 20 0
Dec 4 00:58:33 standalone proxy-server[129697]: - - 04/Dec/2025/00/58/33 HEAD /v1/AUTH_ae7fe12107834a939f075e57d1e93600/gnocchi.249da275-e2ef-4df3-bc4c-e0fcbec8df51%3Fformat%3Djson%26states%3Dlisting HTTP/1.0 204 - Swift - - - - tx622eee1f7fdb4b5ab4a93-006930dcb9 - 0.0111 RL - 1764809913.445750952 1764809913.456869364 0
Dec 4 00:58:33 standalone container-server[127538]: 172.20.0.100 - - [04/Dec/2025:00:58:33 +0000] "GET /d1/590/AUTH_ae7fe12107834a939f075e57d1e93600/gnocchi.249da275-e2ef-4df3-bc4c-e0fcbec8df51" 200 2 "GET http://172.18.0.2:8080/v1/AUTH_ae7fe12107834a939f075e57d1e93600/gnocchi.249da275-e2ef-4df3-bc4c-e0fcbec8df51?format=json&states=listing" "tx622eee1f7fdb4b5ab4a93-006930dcb9" "proxy-server 20" 0.0068 "-" 23 0
Dec 4 00:58:33 standalone proxy-server[129697]: 172.18.0.2 172.18.0.100 04/Dec/2025/00/58/33 GET /v1/AUTH_ae7fe12107834a939f075e57d1e93600/gnocchi.249da275-e2ef-4df3-bc4c-e0fcbec8df51%3Fformat%3Djson%26states%3Dlisting HTTP/1.0 200 - python-swiftclient-3.11.1 gAAAAABpMNxrmRHQ... - 2 - tx622eee1f7fdb4b5ab4a93-006930dcb9 - 0.0326 - - 1764809913.443231344 1764809913.475847006 0
Dec 4 00:58:33 standalone object-server[127677]: 172.20.0.100 - - [04/Dec/2025:00:58:33 +0000] "GET /d1/579/AUTH_ae7fe12107834a939f075e57d1e93600/gnocchi.249da275-e2ef-4df3-bc4c-e0fcbec8df51/1764720000.0_mean_300.0_v3" 404 70 "GET http://172.18.0.2:8080/v1/AUTH_ae7fe12107834a939f075e57d1e93600/gnocchi.249da275-e2ef-4df3-bc4c-e0fcbec8df51/1764720000.0_mean_300.0_v3" "tx532317fe1ba5458a8d27e-006930dcb9" "proxy-server 20" 0.0004 "-" 24 0
Dec 4 00:58:33 standalone proxy-server[129697]: 172.18.0.2 172.18.0.100 04/Dec/2025/00/58/33 GET /v1/AUTH_ae7fe12107834a939f075e57d1e93600/gnocchi.249da275-e2ef-4df3-bc4c-e0fcbec8df51/1764720000.0_mean_300.0_v3 HTTP/1.0 404 - python-swiftclient-3.11.1 gAAAAABpMNxrmRHQ... - 70 - tx532317fe1ba5458a8d27e-006930dcb9 - 0.0149 - - 1764809913.486874104 1764809913.501737356 0
Dec 4 00:58:33 standalone container-server[127534]: 172.20.0.100 - - [04/Dec/2025:00:58:33 +0000] "PUT /d1/590/AUTH_ae7fe12107834a939f075e57d1e93600/gnocchi.249da275-e2ef-4df3-bc4c-e0fcbec8df51/1764720000.0_mean_300.0_v3" 201 - "PUT http://172.18.0.2:8080/d1/579/AUTH_ae7fe12107834a939f075e57d1e93600/gnocchi.249da275-e2ef-4df3-bc4c-e0fcbec8df51/1764720000.0_mean_300.0_v3" "txd9fe0a25024b4aa1b91f6-006930dcb9" "object-server 25" 0.0012 "-" 22 0
Dec 4 00:58:33 standalone object-server[127679]: 172.20.0.100 - - [04/Dec/2025:00:58:33 +0000] "PUT /d1/579/AUTH_ae7fe12107834a939f075e57d1e93600/gnocchi.249da275-e2ef-4df3-bc4c-e0fcbec8df51/1764720000.0_mean_300.0_v3" 201 - "PUT http://172.18.0.2:8080/v1/AUTH_ae7fe12107834a939f075e57d1e93600/gnocchi.249da275-e2ef-4df3-bc4c-e0fcbec8df51/1764720000.0_mean_300.0_v3" "txd9fe0a25024b4aa1b91f6-006930dcb9" "proxy-server 20" 0.0186 "-" 25 0
Dec 4 00:58:33 standalone proxy-server[129697]: 172.18.0.2 172.18.0.100 04/Dec/2025/00/58/33 PUT /v1/AUTH_ae7fe12107834a939f075e57d1e93600/gnocchi.249da275-e2ef-4df3-bc4c-e0fcbec8df51/1764720000.0_mean_300.0_v3 HTTP/1.0 201 - python-swiftclient-3.11.1 gAAAAABpMNxrmRHQ... 16 - - txd9fe0a25024b4aa1b91f6-006930dcb9 - 0.0329 - - 1764809913.508658171 1764809913.541600466 0
Dec 4 00:58:33 standalone container-server[127538]: 172.20.0.100 - - [04/Dec/2025:00:58:33 +0000] "PUT /d1/590/AUTH_ae7fe12107834a939f075e57d1e93600/gnocchi.249da275-e2ef-4df3-bc4c-e0fcbec8df51/none_v3" 201 - "PUT http://172.18.0.2:8080/d1/834/AUTH_ae7fe12107834a939f075e57d1e93600/gnocchi.249da275-e2ef-4df3-bc4c-e0fcbec8df51/none_v3" "txed60b93c8f4f4891bb1ab-006930dcb9" "object-server 23" 0.0020 "-" 23 0
Dec 4 00:58:33 standalone object-server[127676]: 172.20.0.100 - - [04/Dec/2025:00:58:33 +0000] "PUT /d1/834/AUTH_ae7fe12107834a939f075e57d1e93600/gnocchi.249da275-e2ef-4df3-bc4c-e0fcbec8df51/none_v3" 201 - "PUT http://172.18.0.2:8080/v1/AUTH_ae7fe12107834a939f075e57d1e93600/gnocchi.249da275-e2ef-4df3-bc4c-e0fcbec8df51/none_v3" "txed60b93c8f4f4891bb1ab-006930dcb9" "proxy-server 20" 0.0126 "-" 23 0
Dec 4 00:58:33 standalone proxy-server[129697]: 172.18.0.2 172.18.0.100 04/Dec/2025/00/58/33 PUT /v1/AUTH_ae7fe12107834a939f075e57d1e93600/gnocchi.249da275-e2ef-4df3-bc4c-e0fcbec8df51/none_v3 HTTP/1.0 201 - python-swiftclient-3.11.1 gAAAAABpMNxrmRHQ... 22 - - txed60b93c8f4f4891bb1ab-006930dcb9 - 0.0210 - - 1764809913.545448542 1764809913.566401482 0
Dec 4 00:59:06 standalone container-server[127516]: 172.20.0.100 - - [04/Dec/2025:00:59:06 +0000] "HEAD /d1/754/AUTH_ae7fe12107834a939f075e57d1e93600/gnocchi.6803ad8f-d4a4-412d-89e3-2fa1c72b8724" 404 - "HEAD http://172.18.0.2:8080/v1/AUTH_ae7fe12107834a939f075e57d1e93600/gnocchi.6803ad8f-d4a4-412d-89e3-2fa1c72b8724?format=json&states=listing" "tx0c707365b2484fada60bc-006930dcda" "proxy-server 20" 0.0009 "-" 21 0
Dec 4 00:59:06 standalone object-server[127677]: 172.20.0.100 - - [04/Dec/2025:00:59:06 +0000] "GET /d1/993/AUTH_ae7fe12107834a939f075e57d1e93600/gnocchi.6803ad8f-d4a4-412d-89e3-2fa1c72b8724/none_v3" 404 70 "GET http://172.18.0.2:8080/v1/AUTH_ae7fe12107834a939f075e57d1e93600/gnocchi.6803ad8f-d4a4-412d-89e3-2fa1c72b8724/none_v3" "tx0c707365b2484fada60bc-006930dcda" "proxy-server 20" 0.0010 "-" 24 0
Dec 4 00:59:06 standalone proxy-server[129697]: 172.18.0.2 172.18.0.100 04/Dec/2025/00/59/06 GET /v1/AUTH_ae7fe12107834a939f075e57d1e93600/gnocchi.6803ad8f-d4a4-412d-89e3-2fa1c72b8724/none_v3 HTTP/1.0 404 - python-swiftclient-3.11.1 gAAAAABpMNxrmRHQ... - 70 - tx0c707365b2484fada60bc-006930dcda - 0.0189 - - 1764809946.115928888 1764809946.134876490 0
Dec 4 00:59:06 standalone account-server[127343]: 172.20.0.100 - - [04/Dec/2025:00:59:06 +0000] "PUT /d1/778/AUTH_ae7fe12107834a939f075e57d1e93600/gnocchi.6803ad8f-d4a4-412d-89e3-2fa1c72b8724" 201 - "PUT http://172.20.0.100:6001/d1/754/AUTH_ae7fe12107834a939f075e57d1e93600/gnocchi.6803ad8f-d4a4-412d-89e3-2fa1c72b8724" "tx93ff86f705914c9ab5b47-006930dcda" "container-server 20" 0.0082 "-" 21 0
Dec 4 00:59:06 standalone container-server[127482]: 172.20.0.100 - - [04/Dec/2025:00:59:06 +0000] "PUT /d1/754/AUTH_ae7fe12107834a939f075e57d1e93600/gnocchi.6803ad8f-d4a4-412d-89e3-2fa1c72b8724" 201 - "PUT http://172.18.0.2:8080/v1/AUTH_ae7fe12107834a939f075e57d1e93600/gnocchi.6803ad8f-d4a4-412d-89e3-2fa1c72b8724" "tx93ff86f705914c9ab5b47-006930dcda" "proxy-server 20" 0.1178 "-" 20 0
Dec 4 00:59:06 standalone proxy-server[129697]: 172.18.0.2 172.18.0.100 04/Dec/2025/00/59/06 PUT /v1/AUTH_ae7fe12107834a939f075e57d1e93600/gnocchi.6803ad8f-d4a4-412d-89e3-2fa1c72b8724 HTTP/1.0 201 - python-swiftclient-3.11.1 gAAAAABpMNxrmRHQ... - - - tx93ff86f705914c9ab5b47-006930dcda - 0.1260 - - 1764809946.139513254 1764809946.265556574 0
Dec 4 00:59:06 standalone container-server[127534]: 172.20.0.100 - - [04/Dec/2025:00:59:06 +0000] "HEAD /d1/754/AUTH_ae7fe12107834a939f075e57d1e93600/gnocchi.6803ad8f-d4a4-412d-89e3-2fa1c72b8724" 204 - "HEAD http://172.18.0.2:8080/v1/AUTH_ae7fe12107834a939f075e57d1e93600/gnocchi.6803ad8f-d4a4-412d-89e3-2fa1c72b8724?format=json&states=listing" "txc3a52bf7c46248988e180-006930dcda" "proxy-server 20" 0.0024 "-" 22 0
Dec 4 00:59:06 standalone proxy-server[129697]: - - 04/Dec/2025/00/59/06 HEAD /v1/AUTH_ae7fe12107834a939f075e57d1e93600/gnocchi.6803ad8f-d4a4-412d-89e3-2fa1c72b8724%3Fformat%3Djson%26states%3Dlisting HTTP/1.0 204 - Swift - - - - txc3a52bf7c46248988e180-006930dcda - 0.0079 RL - 1764809946.271486998 1764809946.279368401 0
Dec 4 00:59:06 standalone container-server[127538]: 172.20.0.100 - - [04/Dec/2025:00:59:06 +0000] "GET /d1/754/AUTH_ae7fe12107834a939f075e57d1e93600/gnocchi.6803ad8f-d4a4-412d-89e3-2fa1c72b8724" 200 2 "GET http://172.18.0.2:8080/v1/AUTH_ae7fe12107834a939f075e57d1e93600/gnocchi.6803ad8f-d4a4-412d-89e3-2fa1c72b8724?format=json&states=listing" "txc3a52bf7c46248988e180-006930dcda" "proxy-server 20" 0.0036 "-" 23 0
Dec 4 00:59:06 standalone proxy-server[129697]: 172.18.0.2 172.18.0.100 04/Dec/2025/00/59/06 GET /v1/AUTH_ae7fe12107834a939f075e57d1e93600/gnocchi.6803ad8f-d4a4-412d-89e3-2fa1c72b8724%3Fformat%3Djson%26states%3Dlisting HTTP/1.0 200 - python-swiftclient-3.11.1 gAAAAABpMNxrmRHQ... - 2 - txc3a52bf7c46248988e180-006930dcda - 0.0226 - - 1764809946.269769430 1764809946.292373657 0
Dec 4 00:59:06 standalone object-server[127679]: 172.20.0.100 - - [04/Dec/2025:00:59:06 +0000] "GET /d1/904/AUTH_ae7fe12107834a939f075e57d1e93600/gnocchi.6803ad8f-d4a4-412d-89e3-2fa1c72b8724/1764720000.0_mean_300.0_v3" 404 70 "GET http://172.18.0.2:8080/v1/AUTH_ae7fe12107834a939f075e57d1e93600/gnocchi.6803ad8f-d4a4-412d-89e3-2fa1c72b8724/1764720000.0_mean_300.0_v3" "tx76eea5dc5a794657ba5ca-006930dcda" "proxy-server 20" 0.0005 "-" 25 0
Dec 4 00:59:06 standalone proxy-server[129697]: 172.18.0.2 172.18.0.100 04/Dec/2025/00/59/06 GET /v1/AUTH_ae7fe12107834a939f075e57d1e93600/gnocchi.6803ad8f-d4a4-412d-89e3-2fa1c72b8724/1764720000.0_mean_300.0_v3 HTTP/1.0 404 - python-swiftclient-3.11.1 gAAAAABpMNxrmRHQ... - 70 - tx76eea5dc5a794657ba5ca-006930dcda - 0.0084 - - 1764809946.297535896 1764809946.305973053 0
Dec 4 00:59:06 standalone container-server[127538]: 172.20.0.100 - - [04/Dec/2025:00:59:06 +0000] "PUT /d1/754/AUTH_ae7fe12107834a939f075e57d1e93600/gnocchi.6803ad8f-d4a4-412d-89e3-2fa1c72b8724/1764720000.0_mean_300.0_v3" 201 - "PUT http://172.18.0.2:8080/d1/904/AUTH_ae7fe12107834a939f075e57d1e93600/gnocchi.6803ad8f-d4a4-412d-89e3-2fa1c72b8724/1764720000.0_mean_300.0_v3" "txcb32dfa2016c4245b0f41-006930dcda" "object-server 24" 0.0010 "-" 23 0
Dec 4 00:59:06 standalone object-server[127677]: 172.20.0.100 - - [04/Dec/2025:00:59:06 +0000] "PUT /d1/904/AUTH_ae7fe12107834a939f075e57d1e93600/gnocchi.6803ad8f-d4a4-412d-89e3-2fa1c72b8724/1764720000.0_mean_300.0_v3" 201 - "PUT http://172.18.0.2:8080/v1/AUTH_ae7fe12107834a939f075e57d1e93600/gnocchi.6803ad8f-d4a4-412d-89e3-2fa1c72b8724/1764720000.0_mean_300.0_v3" "txcb32dfa2016c4245b0f41-006930dcda" "proxy-server 20" 0.0166 "-" 24 0
Dec 4 00:59:06 standalone proxy-server[129697]: 172.18.0.2 172.18.0.100 04/Dec/2025/00/59/06 PUT /v1/AUTH_ae7fe12107834a939f075e57d1e93600/gnocchi.6803ad8f-d4a4-412d-89e3-2fa1c72b8724/1764720000.0_mean_300.0_v3 HTTP/1.0 201 - python-swiftclient-3.11.1 gAAAAABpMNxrmRHQ... 16 - - txcb32dfa2016c4245b0f41-006930dcda - 0.1200 - - 1764809946.310390711 1764809946.430440187 0
Dec 4 00:59:06 standalone container-server[127534]: 172.20.0.100 - - [04/Dec/2025:00:59:06 +0000] "PUT /d1/754/AUTH_ae7fe12107834a939f075e57d1e93600/gnocchi.6803ad8f-d4a4-412d-89e3-2fa1c72b8724/none_v3" 201 - "PUT http://172.18.0.2:8080/d1/993/AUTH_ae7fe12107834a939f075e57d1e93600/gnocchi.6803ad8f-d4a4-412d-89e3-2fa1c72b8724/none_v3" "tx3a7e664570024bac94ab4-006930dcda" "object-server 24" 0.0007 "-" 22 0
Dec 4 00:59:06 standalone object-server[127677]: 172.20.0.100 - - [04/Dec/2025:00:59:06 +0000] "PUT /d1/993/AUTH_ae7fe12107834a939f075e57d1e93600/gnocchi.6803ad8f-d4a4-412d-89e3-2fa1c72b8724/none_v3" 201 - "PUT http://172.18.0.2:8080/v1/AUTH_ae7fe12107834a939f075e57d1e93600/gnocchi.6803ad8f-d4a4-412d-89e3-2fa1c72b8724/none_v3" "tx3a7e664570024bac94ab4-006930dcda" "proxy-server 20" 0.0133 "-" 24 0
Dec 4 00:59:06 standalone proxy-server[129697]: 172.18.0.2 172.18.0.100 04/Dec/2025/00/59/06 PUT /v1/AUTH_ae7fe12107834a939f075e57d1e93600/gnocchi.6803ad8f-d4a4-412d-89e3-2fa1c72b8724/none_v3 HTTP/1.0 201 - python-swiftclient-3.11.1 gAAAAABpMNxrmRHQ... 22 - - tx3a7e664570024bac94ab4-006930dcda - 0.0258 - - 1764809946.435069323 1764809946.460841894 0
Dec 4 00:59:06 standalone object-server[127676]: 172.20.0.100 - - [04/Dec/2025:00:59:06 +0000] "GET /d1/757/AUTH_ae7fe12107834a939f075e57d1e93600/gnocchi.a8558fe7-29ea-4a8e-92fd-2c770d744510/none_v3" 200 22 "GET http://172.18.0.2:8080/v1/AUTH_ae7fe12107834a939f075e57d1e93600/gnocchi.a8558fe7-29ea-4a8e-92fd-2c770d744510/none_v3" "txbc756dbf8d28410f82e70-006930dcda" "proxy-server 20" 0.0009 "-" 23 0
Dec 4 00:59:06 standalone proxy-server[129697]: 172.18.0.2 172.18.0.100 04/Dec/2025/00/59/06 GET /v1/AUTH_ae7fe12107834a939f075e57d1e93600/gnocchi.a8558fe7-29ea-4a8e-92fd-2c770d744510/none_v3 HTTP/1.0 200 - python-swiftclient-3.11.1 gAAAAABpMNxrmRHQ... - 22 - txbc756dbf8d28410f82e70-006930dcda - 0.0065 - - 1764809946.505740881 1764809946.512222767 0
Dec 4 00:59:06 standalone container-server[127534]: 172.20.0.100 - - [04/Dec/2025:00:59:06 +0000] "GET /d1/429/AUTH_ae7fe12107834a939f075e57d1e93600/gnocchi.a8558fe7-29ea-4a8e-92fd-2c770d744510" 200 357 "GET http://172.18.0.2:8080/v1/AUTH_ae7fe12107834a939f075e57d1e93600/gnocchi.a8558fe7-29ea-4a8e-92fd-2c770d744510?format=json&states=listing" "txea78f119d8fc473c99df5-006930dcda" "proxy-server 20" 0.0066 "-" 22 0
Dec 4 00:59:06 standalone proxy-server[129697]: 172.18.0.2 172.18.0.100 04/Dec/2025/00/59/06 GET /v1/AUTH_ae7fe12107834a939f075e57d1e93600/gnocchi.a8558fe7-29ea-4a8e-92fd-2c770d744510%3Fformat%3Djson%26states%3Dlisting HTTP/1.0 200 - python-swiftclient-3.11.1 gAAAAABpMNxrmRHQ... - 357 - txea78f119d8fc473c99df5-006930dcda - 0.0117 - - 1764809946.515723228 1764809946.527425051 0
Dec 4 00:59:06 standalone container-server[127482]: 172.20.0.100 - - [04/Dec/2025:00:59:06 +0000] "GET /d1/429/AUTH_ae7fe12107834a939f075e57d1e93600/gnocchi.a8558fe7-29ea-4a8e-92fd-2c770d744510" 200 2 "GET http://172.18.0.2:8080/v1/AUTH_ae7fe12107834a939f075e57d1e93600/gnocchi.a8558fe7-29ea-4a8e-92fd-2c770d744510?format=json&marker=none_v3&states=listing" "txf474bf4cc23543dcbca0e-006930dcda" "proxy-server 20" 0.0023 "-" 20 0
Dec 4 00:59:06 standalone proxy-server[129697]: 172.18.0.2 172.18.0.100 04/Dec/2025/00/59/06 GET /v1/AUTH_ae7fe12107834a939f075e57d1e93600/gnocchi.a8558fe7-29ea-4a8e-92fd-2c770d744510%3Fformat%3Djson%26marker%3Dnone_v3%26states%3Dlisting HTTP/1.0 200 - python-swiftclient-3.11.1 gAAAAABpMNxrmRHQ... - 2 - txf474bf4cc23543dcbca0e-006930dcda - 0.0074 - - 1764809946.529820442 1764809946.537235737 0
Dec 4 00:59:06 standalone object-server[127676]: 172.20.0.100 - - [04/Dec/2025:00:59:06 +0000] "GET /d1/991/AUTH_ae7fe12107834a939f075e57d1e93600/gnocchi.a8558fe7-29ea-4a8e-92fd-2c770d744510/1764720000.0_mean_300.0_v3" 200 16 "GET http://172.18.0.2:8080/v1/AUTH_ae7fe12107834a939f075e57d1e93600/gnocchi.a8558fe7-29ea-4a8e-92fd-2c770d744510/1764720000.0_mean_300.0_v3" "tx188c26a4f6f34b9f878ff-006930dcda" "proxy-server 20" 0.0007 "-" 23 0
Dec 4 00:59:06 standalone proxy-server[129697]: 172.18.0.2 172.18.0.100 04/Dec/2025/00/59/06 GET /v1/AUTH_ae7fe12107834a939f075e57d1e93600/gnocchi.a8558fe7-29ea-4a8e-92fd-2c770d744510/1764720000.0_mean_300.0_v3 HTTP/1.0 200 - python-swiftclient-3.11.1 gAAAAABpMNxrmRHQ... - 16 - tx188c26a4f6f34b9f878ff-006930dcda - 0.0055 - - 1764809946.540044785 1764809946.545559645 0
Dec 4 00:59:06 standalone container-server[127482]: 172.20.0.100 - - [04/Dec/2025:00:59:06 +0000] "PUT /d1/429/AUTH_ae7fe12107834a939f075e57d1e93600/gnocchi.a8558fe7-29ea-4a8e-92fd-2c770d744510/1764720000.0_mean_300.0_v3" 201 - "PUT http://172.18.0.2:8080/d1/991/AUTH_ae7fe12107834a939f075e57d1e93600/gnocchi.a8558fe7-29ea-4a8e-92fd-2c770d744510/1764720000.0_mean_300.0_v3" "tx3ba0a156610346fe8025f-006930dcda" "object-server 25" 0.0005 "-" 20 0
Dec 4 00:59:06 standalone object-server[127679]: 172.20.0.100 - - [04/Dec/2025:00:59:06 +0000] "PUT /d1/991/AUTH_ae7fe12107834a939f075e57d1e93600/gnocchi.a8558fe7-29ea-4a8e-92fd-2c770d744510/1764720000.0_mean_300.0_v3" 201 - "PUT http://172.18.0.2:8080/v1/AUTH_ae7fe12107834a939f075e57d1e93600/gnocchi.a8558fe7-29ea-4a8e-92fd-2c770d744510/1764720000.0_mean_300.0_v3" "tx3ba0a156610346fe8025f-006930dcda" "proxy-server 20" 0.0101 "-" 25 0
Dec 4 00:59:06 standalone proxy-server[129697]: 172.18.0.2 172.18.0.100 04/Dec/2025/00/59/06 PUT /v1/AUTH_ae7fe12107834a939f075e57d1e93600/gnocchi.a8558fe7-29ea-4a8e-92fd-2c770d744510/1764720000.0_mean_300.0_v3 HTTP/1.0 201 - python-swiftclient-3.11.1 gAAAAABpMNxrmRHQ... 16 - - tx3ba0a156610346fe8025f-006930dcda - 0.0154 - - 1764809946.547976971 1764809946.563375473 0
Dec 4 00:59:06 standalone container-server[127538]: 172.20.0.100 - - [04/Dec/2025:00:59:06 +0000] "PUT /d1/429/AUTH_ae7fe12107834a939f075e57d1e93600/gnocchi.a8558fe7-29ea-4a8e-92fd-2c770d744510/none_v3" 201 - "PUT http://172.18.0.2:8080/d1/757/AUTH_ae7fe12107834a939f075e57d1e93600/gnocchi.a8558fe7-29ea-4a8e-92fd-2c770d744510/none_v3" "txed7cc1622f8844ecad942-006930dcda" "object-server 25" 0.0009 "-" 23 0
Dec 4 00:59:06 standalone object-server[127679]: 172.20.0.100 - - [04/Dec/2025:00:59:06 +0000] "PUT /d1/757/AUTH_ae7fe12107834a939f075e57d1e93600/gnocchi.a8558fe7-29ea-4a8e-92fd-2c770d744510/none_v3" 201 - "PUT http://172.18.0.2:8080/v1/AUTH_ae7fe12107834a939f075e57d1e93600/gnocchi.a8558fe7-29ea-4a8e-92fd-2c770d744510/none_v3" "txed7cc1622f8844ecad942-006930dcda" "proxy-server 20" 0.0109 "-" 25 0
Dec 4 00:59:06 standalone proxy-server[129697]: 172.18.0.2 172.18.0.100 04/Dec/2025/00/59/06 PUT /v1/AUTH_ae7fe12107834a939f075e57d1e93600/gnocchi.a8558fe7-29ea-4a8e-92fd-2c770d744510/none_v3 HTTP/1.0 201 - python-swiftclient-3.11.1 gAAAAABpMNxrmRHQ... 33 - - txed7cc1622f8844ecad942-006930dcda - 0.0154 - - 1764809946.565487385 1764809946.580842733 0
Dec 4 00:59:06 standalone object-server[127675]: 172.20.0.100 - - [04/Dec/2025:00:59:06 +0000] "GET /d1/993/AUTH_ae7fe12107834a939f075e57d1e93600/gnocchi.2601b73f-4942-4c0f-bc1f-7bce08f000e5/none_v3" 200 22 "GET http://172.18.0.2:8080/v1/AUTH_ae7fe12107834a939f075e57d1e93600/gnocchi.2601b73f-4942-4c0f-bc1f-7bce08f000e5/none_v3" "tx22be4017b4d247e4bae26-006930dcda" "proxy-server 20" 0.0011 "-" 22 0
Dec 4 00:59:06 standalone proxy-server[129697]: 172.18.0.2 172.18.0.100 04/Dec/2025/00/59/06 GET /v1/AUTH_ae7fe12107834a939f075e57d1e93600/gnocchi.2601b73f-4942-4c0f-bc1f-7bce08f000e5/none_v3 HTTP/1.0 200 - python-swiftclient-3.11.1 gAAAAABpMNxrmRHQ... - 22 - tx22be4017b4d247e4bae26-006930dcda - 0.0115 - - 1764809946.589839220 1764809946.601383209 0
Dec 4 00:59:06 standalone container-server[127516]: 172.20.0.100 - - [04/Dec/2025:00:59:06 +0000] "GET /d1/744/AUTH_ae7fe12107834a939f075e57d1e93600/gnocchi.2601b73f-4942-4c0f-bc1f-7bce08f000e5" 200 357 "GET http://172.18.0.2:8080/v1/AUTH_ae7fe12107834a939f075e57d1e93600/gnocchi.2601b73f-4942-4c0f-bc1f-7bce08f000e5?format=json&states=listing" "txaaeff75b6ec44e4a8fb3c-006930dcda" "proxy-server 20" 0.0246 "-" 21 0
Dec 4 00:59:06 standalone proxy-server[129697]: 172.18.0.2 172.18.0.100 04/Dec/2025/00/59/06 GET /v1/AUTH_ae7fe12107834a939f075e57d1e93600/gnocchi.2601b73f-4942-4c0f-bc1f-7bce08f000e5%3Fformat%3Djson%26states%3Dlisting HTTP/1.0 200 - python-swiftclient-3.11.1 gAAAAABpMNxrmRHQ... - 357 - txaaeff75b6ec44e4a8fb3c-006930dcda - 0.0309 - - 1764809946.606166363 1764809946.637053013 0
Dec 4 00:59:06 standalone container-server[127516]: 172.20.0.100 - - [04/Dec/2025:00:59:06 +0000] "GET /d1/744/AUTH_ae7fe12107834a939f075e57d1e93600/gnocchi.2601b73f-4942-4c0f-bc1f-7bce08f000e5" 200 2 "GET http://172.18.0.2:8080/v1/AUTH_ae7fe12107834a939f075e57d1e93600/gnocchi.2601b73f-4942-4c0f-bc1f-7bce08f000e5?format=json&marker=none_v3&states=listing" "tx30b04f29ef724e828a360-006930dcda" "proxy-server 20" 0.0024 "-" 21 0
Dec 4 00:59:06 standalone proxy-server[129697]: 172.18.0.2 172.18.0.100 04/Dec/2025/00/59/06 GET /v1/AUTH_ae7fe12107834a939f075e57d1e93600/gnocchi.2601b73f-4942-4c0f-bc1f-7bce08f000e5%3Fformat%3Djson%26marker%3Dnone_v3%26states%3Dlisting HTTP/1.0 200 - python-swiftclient-3.11.1 gAAAAABpMNxrmRHQ... - 2 - tx30b04f29ef724e828a360-006930dcda - 0.0083 - - 1764809946.640238047 1764809946.648520470 0
Dec 4 00:59:06 standalone object-server[127676]: 172.20.0.100 - - [04/Dec/2025:00:59:06 +0000] "GET /d1/140/AUTH_ae7fe12107834a939f075e57d1e93600/gnocchi.2601b73f-4942-4c0f-bc1f-7bce08f000e5/1764720000.0_mean_300.0_v3" 200 16 "GET http://172.18.0.2:8080/v1/AUTH_ae7fe12107834a939f075e57d1e93600/gnocchi.2601b73f-4942-4c0f-bc1f-7bce08f000e5/1764720000.0_mean_300.0_v3" "tx92395e3aaeca48978f87c-006930dcda" "proxy-server 20" 0.0011 "-" 23 0
Dec 4 00:59:06 standalone proxy-server[129697]: 172.18.0.2 172.18.0.100 04/Dec/2025/00/59/06 GET /v1/AUTH_ae7fe12107834a939f075e57d1e93600/gnocchi.2601b73f-4942-4c0f-bc1f-7bce08f000e5/1764720000.0_mean_300.0_v3 HTTP/1.0 200 - python-swiftclient-3.11.1 gAAAAABpMNxrmRHQ... - 16 - tx92395e3aaeca48978f87c-006930dcda - 0.0069 - - 1764809946.651839972 1764809946.658745289 0
Dec 4 00:59:06 standalone container-server[127538]: 172.20.0.100 - - [04/Dec/2025:00:59:06 +0000] "PUT /d1/744/AUTH_ae7fe12107834a939f075e57d1e93600/gnocchi.2601b73f-4942-4c0f-bc1f-7bce08f000e5/1764720000.0_mean_300.0_v3" 201 - "PUT http://172.18.0.2:8080/d1/140/AUTH_ae7fe12107834a939f075e57d1e93600/gnocchi.2601b73f-4942-4c0f-bc1f-7bce08f000e5/1764720000.0_mean_300.0_v3" "txf7e6a9188931409686f4d-006930dcda" "object-server 23" 0.0008 "-" 23 0
Dec 4 00:59:06 standalone object-server[127676]: 172.20.0.100 - - [04/Dec/2025:00:59:06 +0000] "PUT /d1/140/AUTH_ae7fe12107834a939f075e57d1e93600/gnocchi.2601b73f-4942-4c0f-bc1f-7bce08f000e5/1764720000.0_mean_300.0_v3" 201 - "PUT http://172.18.0.2:8080/v1/AUTH_ae7fe12107834a939f075e57d1e93600/gnocchi.2601b73f-4942-4c0f-bc1f-7bce08f000e5/1764720000.0_mean_300.0_v3" "txf7e6a9188931409686f4d-006930dcda" "proxy-server 20" 0.0101 "-" 23 0
Dec 4 00:59:06 standalone proxy-server[129697]: 172.18.0.2 172.18.0.100 04/Dec/2025/00/59/06 PUT /v1/AUTH_ae7fe12107834a939f075e57d1e93600/gnocchi.2601b73f-4942-4c0f-bc1f-7bce08f000e5/1764720000.0_mean_300.0_v3 HTTP/1.0 201 - python-swiftclient-3.11.1 gAAAAABpMNxrmRHQ... 16 - - txf7e6a9188931409686f4d-006930dcda - 0.0151 - - 1764809946.661365986 1764809946.676478863 0
Dec 4 00:59:06 standalone container-server[127482]: 172.20.0.100 - - [04/Dec/2025:00:59:06 +0000] "PUT /d1/744/AUTH_ae7fe12107834a939f075e57d1e93600/gnocchi.2601b73f-4942-4c0f-bc1f-7bce08f000e5/none_v3" 201 - "PUT http://172.18.0.2:8080/d1/993/AUTH_ae7fe12107834a939f075e57d1e93600/gnocchi.2601b73f-4942-4c0f-bc1f-7bce08f000e5/none_v3" "tx3271522cd80c402da8dfa-006930dcda" "object-server 22" 0.0007 "-" 20 0
Dec 4 00:59:06 standalone object-server[127675]: 172.20.0.100 - - [04/Dec/2025:00:59:06 +0000] "PUT /d1/993/AUTH_ae7fe12107834a939f075e57d1e93600/gnocchi.2601b73f-4942-4c0f-bc1f-7bce08f000e5/none_v3" 201 - "PUT http://172.18.0.2:8080/v1/AUTH_ae7fe12107834a939f075e57d1e93600/gnocchi.2601b73f-4942-4c0f-bc1f-7bce08f000e5/none_v3" "tx3271522cd80c402da8dfa-006930dcda" "proxy-server 20" 0.0100 "-" 22 0
Dec 4 00:59:06 standalone proxy-server[129697]: 172.18.0.2 172.18.0.100 04/Dec/2025/00/59/06 PUT /v1/AUTH_ae7fe12107834a939f075e57d1e93600/gnocchi.2601b73f-4942-4c0f-bc1f-7bce08f000e5/none_v3 HTTP/1.0 201 - python-swiftclient-3.11.1 gAAAAABpMNxrmRHQ... 33 - - tx3271522cd80c402da8dfa-006930dcda - 0.0153 - - 1764809946.678743601 1764809946.694010258 0
Dec 4 00:59:10 standalone object-server[127676]: 172.20.0.100 - - [04/Dec/2025:00:59:10 +0000] "GET /d1/993/AUTH_ae7fe12107834a939f075e57d1e93600/gnocchi.6803ad8f-d4a4-412d-89e3-2fa1c72b8724/none_v3" 200 22 "GET http://172.18.0.2:8080/v1/AUTH_ae7fe12107834a939f075e57d1e93600/gnocchi.6803ad8f-d4a4-412d-89e3-2fa1c72b8724/none_v3" "txe2b2a61dc2f54e9b80079-006930dcde" "proxy-server 20" 0.0020 "-" 23 0
Dec 4 00:59:10 standalone proxy-server[129697]: 172.18.0.2 172.18.0.100 04/Dec/2025/00/59/10 GET /v1/AUTH_ae7fe12107834a939f075e57d1e93600/gnocchi.6803ad8f-d4a4-412d-89e3-2fa1c72b8724/none_v3 HTTP/1.0 200 - python-swiftclient-3.11.1 gAAAAABpMNxrmRHQ... - 22 - txe2b2a61dc2f54e9b80079-006930dcde - 0.0123 - - 1764809950.958131313 1764809950.970444202 0
Dec 4 00:59:11 standalone container-server[127538]: 172.20.0.100 - - [04/Dec/2025:00:59:11 +0000] "GET /d1/754/AUTH_ae7fe12107834a939f075e57d1e93600/gnocchi.6803ad8f-d4a4-412d-89e3-2fa1c72b8724" 200 357 "GET http://172.18.0.2:8080/v1/AUTH_ae7fe12107834a939f075e57d1e93600/gnocchi.6803ad8f-d4a4-412d-89e3-2fa1c72b8724?format=json&states=listing" "tx560a087716e5480aac243-006930dcde" "proxy-server 20" 0.0216 "-" 23 0
Dec 4 00:59:11 standalone proxy-server[129697]: 172.18.0.2 172.18.0.100 04/Dec/2025/00/59/11 GET /v1/AUTH_ae7fe12107834a939f075e57d1e93600/gnocchi.6803ad8f-d4a4-412d-89e3-2fa1c72b8724%3Fformat%3Djson%26states%3Dlisting HTTP/1.0 200 - python-swiftclient-3.11.1 gAAAAABpMNxrmRHQ... - 357 - tx560a087716e5480aac243-006930dcde - 0.0319 - - 1764809950.977678776 1764809951.009579659 0
Dec 4 00:59:11 standalone container-server[127516]: 172.20.0.100 - - [04/Dec/2025:00:59:11 +0000] "GET /d1/754/AUTH_ae7fe12107834a939f075e57d1e93600/gnocchi.6803ad8f-d4a4-412d-89e3-2fa1c72b8724" 200 2 "GET http://172.18.0.2:8080/v1/AUTH_ae7fe12107834a939f075e57d1e93600/gnocchi.6803ad8f-d4a4-412d-89e3-2fa1c72b8724?format=json&marker=none_v3&states=listing" "txcd6b6e1370ff4733bf3cc-006930dcdf" "proxy-server 20" 0.0041 "-" 21 0
Dec 4 00:59:11 standalone proxy-server[129697]: 172.18.0.2 172.18.0.100 04/Dec/2025/00/59/11 GET /v1/AUTH_ae7fe12107834a939f075e57d1e93600/gnocchi.6803ad8f-d4a4-412d-89e3-2fa1c72b8724%3Fformat%3Djson%26marker%3Dnone_v3%26states%3Dlisting HTTP/1.0 200 - python-swiftclient-3.11.1 gAAAAABpMNxrmRHQ... - 2 - txcd6b6e1370ff4733bf3cc-006930dcdf - 0.0158 - - 1764809951.014776468 1764809951.030571699 0
Dec 4 00:59:11 standalone object-server[127676]: 172.20.0.100 - - [04/Dec/2025:00:59:11 +0000] "GET /d1/904/AUTH_ae7fe12107834a939f075e57d1e93600/gnocchi.6803ad8f-d4a4-412d-89e3-2fa1c72b8724/1764720000.0_mean_300.0_v3" 200 16 "GET http://172.18.0.2:8080/v1/AUTH_ae7fe12107834a939f075e57d1e93600/gnocchi.6803ad8f-d4a4-412d-89e3-2fa1c72b8724/1764720000.0_mean_300.0_v3" "txded566b920f144e0aed1c-006930dcdf" "proxy-server 20" 0.0014 "-" 23 0
Dec 4 00:59:11 standalone proxy-server[129697]: 172.18.0.2 172.18.0.100 04/Dec/2025/00/59/11 GET /v1/AUTH_ae7fe12107834a939f075e57d1e93600/gnocchi.6803ad8f-d4a4-412d-89e3-2fa1c72b8724/1764720000.0_mean_300.0_v3 HTTP/1.0 200 - python-swiftclient-3.11.1 gAAAAABpMNxrmRHQ... - 16 - txded566b920f144e0aed1c-006930dcdf - 0.0101 - - 1764809951.036211967 1764809951.046290874 0
Dec 4 00:59:11 standalone container-server[127534]: 172.20.0.100 - - [04/Dec/2025:00:59:11 +0000] "PUT /d1/754/AUTH_ae7fe12107834a939f075e57d1e93600/gnocchi.6803ad8f-d4a4-412d-89e3-2fa1c72b8724/1764720000.0_mean_300.0_v3" 201 - "PUT http://172.18.0.2:8080/d1/904/AUTH_ae7fe12107834a939f075e57d1e93600/gnocchi.6803ad8f-d4a4-412d-89e3-2fa1c72b8724/1764720000.0_mean_300.0_v3" "txa02d58a6412f43f7a5a0f-006930dcdf" "object-server 22" 0.0010 "-" 22 0
Dec 4 00:59:11 standalone object-server[127675]: 172.20.0.100 - - [04/Dec/2025:00:59:11 +0000] "PUT /d1/904/AUTH_ae7fe12107834a939f075e57d1e93600/gnocchi.6803ad8f-d4a4-412d-89e3-2fa1c72b8724/1764720000.0_mean_300.0_v3" 201 - "PUT http://172.18.0.2:8080/v1/AUTH_ae7fe12107834a939f075e57d1e93600/gnocchi.6803ad8f-d4a4-412d-89e3-2fa1c72b8724/1764720000.0_mean_300.0_v3" "txa02d58a6412f43f7a5a0f-006930dcdf" "proxy-server 20" 0.0113 "-" 22 0
Dec 4 00:59:11 standalone proxy-server[129697]: 172.18.0.2 172.18.0.100 04/Dec/2025/00/59/11 PUT /v1/AUTH_ae7fe12107834a939f075e57d1e93600/gnocchi.6803ad8f-d4a4-412d-89e3-2fa1c72b8724/1764720000.0_mean_300.0_v3 HTTP/1.0 201 - python-swiftclient-3.11.1 gAAAAABpMNxrmRHQ... 16 - - txa02d58a6412f43f7a5a0f-006930dcdf - 0.0188 - - 1764809951.050197601 1764809951.068962336 0
Dec 4 00:59:11 standalone container-server[127538]: 172.20.0.100 - - [04/Dec/2025:00:59:11 +0000] "PUT /d1/754/AUTH_ae7fe12107834a939f075e57d1e93600/gnocchi.6803ad8f-d4a4-412d-89e3-2fa1c72b8724/none_v3" 201 - "PUT http://172.18.0.2:8080/d1/993/AUTH_ae7fe12107834a939f075e57d1e93600/gnocchi.6803ad8f-d4a4-412d-89e3-2fa1c72b8724/none_v3" "txdfab2ad9f3a94a618261b-006930dcdf" "object-server 25" 0.0008 "-" 23 0
Dec 4 00:59:11 standalone object-server[127679]: 172.20.0.100 - - [04/Dec/2025:00:59:11 +0000] "PUT /d1/993/AUTH_ae7fe12107834a939f075e57d1e93600/gnocchi.6803ad8f-d4a4-412d-89e3-2fa1c72b8724/none_v3" 201 - "PUT http://172.18.0.2:8080/v1/AUTH_ae7fe12107834a939f075e57d1e93600/gnocchi.6803ad8f-d4a4-412d-89e3-2fa1c72b8724/none_v3" "txdfab2ad9f3a94a618261b-006930dcdf" "proxy-server 20" 0.0133 "-" 25 0
Dec 4 00:59:11 standalone proxy-server[129697]: 172.18.0.2 172.18.0.100 04/Dec/2025/00/59/11 PUT /v1/AUTH_ae7fe12107834a939f075e57d1e93600/gnocchi.6803ad8f-d4a4-412d-89e3-2fa1c72b8724/none_v3 HTTP/1.0 201 - python-swiftclient-3.11.1 gAAAAABpMNxrmRHQ... 32 - - txdfab2ad9f3a94a618261b-006930dcdf - 0.0213 - - 1764809951.072515249 1764809951.093785286 0
Dec 4 00:59:13 standalone account-server[127313]: 172.20.0.100 - - [04/Dec/2025:00:59:13 +0000] "HEAD /d1/207/.expiring_objects" 404 - "HEAD http://localhost/v1/.expiring_objects?format=json" "tx89fbb43bc95542539d5ac-006930dce1" "proxy-server 2" 0.0006 "-" 17 -
Dec 4 00:59:13 standalone object-expirer[127388]: Pass completed in 0s; 0 objects expired (txn: tx89fbb43bc95542539d5ac-006930dce1)
Dec 4 00:59:22 standalone container-server[127516]: 172.20.0.100 - - [04/Dec/2025:00:59:22 +0000] "HEAD /d1/602/AUTH_ae7fe12107834a939f075e57d1e93600/gnocchi.6f8a960c-97ff-48fa-8352-3cf701b3d73c" 404 - "HEAD http://172.18.0.2:8080/v1/AUTH_ae7fe12107834a939f075e57d1e93600/gnocchi.6f8a960c-97ff-48fa-8352-3cf701b3d73c?format=json&states=listing" "txdd620fb507c7433eaaf12-006930dcea" "proxy-server 20" 0.0005 "-" 21 0
Dec 4 00:59:22 standalone object-server[127679]: 172.20.0.100 - - [04/Dec/2025:00:59:22 +0000] "GET /d1/131/AUTH_ae7fe12107834a939f075e57d1e93600/gnocchi.6f8a960c-97ff-48fa-8352-3cf701b3d73c/none_v3" 404 70 "GET http://172.18.0.2:8080/v1/AUTH_ae7fe12107834a939f075e57d1e93600/gnocchi.6f8a960c-97ff-48fa-8352-3cf701b3d73c/none_v3" "txdd620fb507c7433eaaf12-006930dcea" "proxy-server 20" 0.0009 "-" 25 0
Dec 4 00:59:22 standalone proxy-server[129697]: 172.18.0.2 172.18.0.100 04/Dec/2025/00/59/22 GET /v1/AUTH_ae7fe12107834a939f075e57d1e93600/gnocchi.6f8a960c-97ff-48fa-8352-3cf701b3d73c/none_v3 HTTP/1.0 404 - python-swiftclient-3.11.1 gAAAAABpMNxrmRHQ... - 70 - txdd620fb507c7433eaaf12-006930dcea - 0.0176 - - 1764809962.215867281 1764809962.233467579 0
Dec 4 00:59:22 standalone account-server[127327]: 172.20.0.100 - - [04/Dec/2025:00:59:22 +0000] "PUT /d1/778/AUTH_ae7fe12107834a939f075e57d1e93600/gnocchi.6f8a960c-97ff-48fa-8352-3cf701b3d73c" 201 - "PUT http://172.20.0.100:6001/d1/602/AUTH_ae7fe12107834a939f075e57d1e93600/gnocchi.6f8a960c-97ff-48fa-8352-3cf701b3d73c" "tx7a1876f8dbd94e8f96c88-006930dcea" "container-server 23" 0.0080 "-" 19 0
Dec 4 00:59:22 standalone container-server[127538]: 172.20.0.100 - - [04/Dec/2025:00:59:22 +0000] "PUT /d1/602/AUTH_ae7fe12107834a939f075e57d1e93600/gnocchi.6f8a960c-97ff-48fa-8352-3cf701b3d73c" 201 - "PUT http://172.18.0.2:8080/v1/AUTH_ae7fe12107834a939f075e57d1e93600/gnocchi.6f8a960c-97ff-48fa-8352-3cf701b3d73c" "tx7a1876f8dbd94e8f96c88-006930dcea" "proxy-server 20" 0.0225 "-" 23 0
Dec 4 00:59:22 standalone proxy-server[129697]: 172.18.0.2 172.18.0.100 04/Dec/2025/00/59/22 PUT /v1/AUTH_ae7fe12107834a939f075e57d1e93600/gnocchi.6f8a960c-97ff-48fa-8352-3cf701b3d73c HTTP/1.0 201 - python-swiftclient-3.11.1 gAAAAABpMNxrmRHQ... - - - tx7a1876f8dbd94e8f96c88-006930dcea - 0.0309 - - 1764809962.239188910 1764809962.270077705 0
Dec 4 00:59:22 standalone container-server[127538]: 172.20.0.100 - - [04/Dec/2025:00:59:22 +0000] "HEAD /d1/602/AUTH_ae7fe12107834a939f075e57d1e93600/gnocchi.6f8a960c-97ff-48fa-8352-3cf701b3d73c" 204 - "HEAD http://172.18.0.2:8080/v1/AUTH_ae7fe12107834a939f075e57d1e93600/gnocchi.6f8a960c-97ff-48fa-8352-3cf701b3d73c?format=json&states=listing" "tx84534624ceb1408cbeb57-006930dcea" "proxy-server 20" 0.0022 "-" 23 0
Dec 4 00:59:22 standalone proxy-server[129697]: - - 04/Dec/2025/00/59/22 HEAD /v1/AUTH_ae7fe12107834a939f075e57d1e93600/gnocchi.6f8a960c-97ff-48fa-8352-3cf701b3d73c%3Fformat%3Djson%26states%3Dlisting HTTP/1.0 204 - Swift - - - - tx84534624ceb1408cbeb57-006930dcea - 0.0078 RL - 1764809962.276628494 1764809962.284395218 0
