Dec 4 00:44:33 standalone account-server[126999]: Starting 2
Dec 4 00:44:33 standalone account-server[127120]: Started child 17 from parent 2
Dec 4 00:44:33 standalone account-server[127120]: Started child 19 from parent 2
Dec 4 00:44:33 standalone account-server[127120]: Started child 21 from parent 2
Dec 4 00:44:33 standalone account-server[127120]: Started child 22 from parent 2
Dec 4 00:44:33 standalone container-server[127214]: Option allow_versions is deprecated. Configure the versioned_writes middleware in the proxy-server instead. This option will be ignored in a future release.
Dec 4 00:44:33 standalone container-server[127482]: Option allow_versions is deprecated. Configure the versioned_writes middleware in the proxy-server instead. This option will be ignored in a future release.
Dec 4 00:44:33 standalone container-server[127214]: Started child 20 from parent 2
Dec 4 00:44:33 standalone container-server[127516]: Option allow_versions is deprecated. Configure the versioned_writes middleware in the proxy-server instead. This option will be ignored in a future release.
Dec 4 00:44:33 standalone container-server[127214]: Started child 21 from parent 2
Dec 4 00:44:33 standalone container-server[127534]: Option allow_versions is deprecated. Configure the versioned_writes middleware in the proxy-server instead. This option will be ignored in a future release.
Dec 4 00:44:33 standalone container-server[127214]: Started child 22 from parent 2
Dec 4 00:44:33 standalone container-server[127538]: Option allow_versions is deprecated. Configure the versioned_writes middleware in the proxy-server instead. This option will be ignored in a future release.
Dec 4 00:44:33 standalone container-server[127214]: Started child 23 from parent 2
Dec 4 00:44:33 standalone container-server[127289]: Starting 2
Dec 4 00:44:34 standalone object-expirer[127388]: Starting 2
Dec 4 00:44:34 standalone object-expirer[127388]: Option auto_create_account_prefix is deprecated. Configure auto_create_account_prefix under the swift-constraints section of swift.conf. This option will be ignored in a future release.
Dec 4 00:44:34 standalone object-server[127564]: Started child 22 from parent 2
Dec 4 00:44:34 standalone object-server[127564]: Started child 23 from parent 2
Dec 4 00:44:34 standalone object-server[127564]: Started child 24 from parent 2
Dec 4 00:44:34 standalone object-server[127564]: Started child 25 from parent 2
Dec 4 00:44:34 standalone object-server[127616]: Starting 2
Dec 4 00:44:38 standalone container-server[127289]: Begin container update sweep
Dec 4 00:44:38 standalone container-server[127289]: Container update sweep completed: 0.00s
Dec 4 00:44:41 standalone proxy-server[129546]: Starting Keystone auth_token middleware
Dec 4 00:44:41 standalone proxy-server[129546]: AuthToken middleware is set with keystone_authtoken.service_token_roles_required set to False. This is backwards compatible but deprecated behaviour. Please set this to True.
Dec 4 00:44:41 standalone proxy-server[129697]: Starting Keystone auth_token middleware
Dec 4 00:44:41 standalone proxy-server[129697]: STDERR: The option "bind_port" is not known to keystonemiddleware
Dec 4 00:44:41 standalone proxy-server[129697]: STDERR: The option "workers" is not known to keystonemiddleware
Dec 4 00:44:41 standalone proxy-server[129697]: STDERR: The option "user" is not known to keystonemiddleware
Dec 4 00:44:41 standalone proxy-server[129697]: STDERR: The option "bind_ip" is not known to keystonemiddleware
Dec 4 00:44:41 standalone proxy-server[129697]: STDERR: The option "log_name" is not known to keystonemiddleware
Dec 4 00:44:41 standalone proxy-server[129697]: STDERR: The option "log_facility" is not known to keystonemiddleware
Dec 4 00:44:41 standalone proxy-server[129697]: STDERR: The option "log_level" is not known to keystonemiddleware
Dec 4 00:44:41 standalone proxy-server[129697]: STDERR: The option "log_headers" is not known to keystonemiddleware
Dec 4 00:44:41 standalone proxy-server[129697]: STDERR: The option "log_address" is not known to keystonemiddleware
Dec 4 00:44:41 standalone proxy-server[129697]: STDERR: The option "project_name" is not known to keystonemiddleware
Dec 4 00:44:41 standalone proxy-server[129697]: STDERR: The option "username" is not known to keystonemiddleware
Dec 4 00:44:41 standalone proxy-server[129697]: STDERR: The option "password" is not known to keystonemiddleware
Dec 4 00:44:41 standalone proxy-server[129697]: STDERR: The option "auth_url" is not known to keystonemiddleware
Dec 4 00:44:41 standalone proxy-server[129697]: STDERR: The option "signing_dir" is not known to keystonemiddleware
Dec 4 00:44:41 standalone proxy-server[129697]: STDERR: The option "project_domain_id" is not known to keystonemiddleware
Dec 4 00:44:41 standalone proxy-server[129697]: STDERR: The option "user_domain_id" is not known to keystonemiddleware
Dec 4 00:44:41 standalone proxy-server[129697]: STDERR: The option "__name__" is not known to keystonemiddleware
Dec 4 00:44:41 standalone proxy-server[129697]: AuthToken middleware is set with keystone_authtoken.service_token_roles_required set to False. This is backwards compatible but deprecated behaviour. Please set this to True.
Dec 4 00:44:41 standalone proxy-server[129546]: Started child 20 from parent 2
Dec 4 00:46:05 standalone object-server[127616]: Begin object update sweep
Dec 4 00:46:05 standalone object-server[139344]: Object update sweep starting on /srv/node/d1 (pid: 11)
Dec 4 00:46:05 standalone object-server[139344]: Object update sweep completed on /srv/node/d1 in 0.00s seconds:, 0 successes, 0 failures, 0 quarantines, 0 unlinks, 0 errors, 0 redirects (pid: 11)
Dec 4 00:46:05 standalone object-server[139344]: Object update sweep of d1 completed: 0.00s, 0 successes, 0 failures, 0 quarantines, 0 unlinks, 0 errors, 0 redirects
Dec 4 00:46:05 standalone object-server[127616]: Object update sweep completed: 0.06s
Dec 4 00:49:01 standalone account-server[127313]: 172.20.0.100 - - [04/Dec/2025:00:49:01 +0000] "HEAD /d1/207/.expiring_objects" 404 - "HEAD http://localhost/v1/.expiring_objects?format=json" "txe8524bceb9904a18bcfc6-006930da7d" "proxy-server 2" 0.0015 "-" 17 -
Dec 4 00:49:01 standalone object-expirer[127388]: Pass completed in 0s; 0 objects expired (txn: txe8524bceb9904a18bcfc6-006930da7d)
Dec 4 00:49:38 standalone container-server[127289]: Begin container update sweep
Dec 4 00:49:38 standalone container-server[127289]: Container update sweep completed: 0.00s
Dec 4 00:51:05 standalone object-server[127616]: Begin object update sweep
Dec 4 00:51:05 standalone object-server[175292]: Object update sweep starting on /srv/node/d1 (pid: 13)
Dec 4 00:51:05 standalone object-server[175292]: Object update sweep completed on /srv/node/d1 in 0.00s seconds:, 0 successes, 0 failures, 0 quarantines, 0 unlinks, 0 errors, 0 redirects (pid: 13)
Dec 4 00:51:05 standalone object-server[175292]: Object update sweep of d1 completed: 0.00s, 0 successes, 0 failures, 0 quarantines, 0 unlinks, 0 errors, 0 redirects
Dec 4 00:51:05 standalone object-server[127616]: Object update sweep completed: 0.11s
Dec 4 00:53:27 standalone account-server[127343]: 172.20.0.100 - - [04/Dec/2025:00:53:27 +0000] "HEAD /d1/207/.expiring_objects" 404 - "HEAD http://localhost/v1/.expiring_objects?format=json" "tx430e8da5abed4506b7a07-006930db87" "proxy-server 2" 0.0010 "-" 21 -
Dec 4 00:53:27 standalone object-expirer[127388]: Pass completed in 0s; 0 objects expired (txn: tx430e8da5abed4506b7a07-006930db87)
Dec 4 00:54:38 standalone container-server[127289]: Begin container update sweep
Dec 4 00:54:38 standalone container-server[127289]: Container update sweep completed: 0.00s
Dec 4 00:56:04 standalone account-server[127313]: 172.20.0.100 - - [04/Dec/2025:00:56:04 +0000] "HEAD /d1/207/.expiring_objects" 404 - "HEAD http://localhost/v1/.expiring_objects?format=json" "tx94e463c3a03844caa7126-006930dc24" "proxy-server 2" 0.0009 "-" 17 -
Dec 4 00:56:04 standalone object-expirer[127388]: Pass completed in 0s; 0 objects expired (txn: tx94e463c3a03844caa7126-006930dc24)
Dec 4 00:56:05 standalone object-server[127616]: Begin object update sweep
Dec 4 00:56:05 standalone object-server[215845]: Object update sweep starting on /srv/node/d1 (pid: 14)
Dec 4 00:56:05 standalone object-server[215845]: Object update sweep completed on /srv/node/d1 in 0.00s seconds:, 0 successes, 0 failures, 0 quarantines, 0 unlinks, 0 errors, 0 redirects (pid: 14)
Dec 4 00:56:05 standalone object-server[215845]: Object update sweep of d1 completed: 0.00s, 0 successes, 0 failures, 0 quarantines, 0 unlinks, 0 errors, 0 redirects
Dec 4 00:56:05 standalone object-server[127616]: Object update sweep completed: 0.09s
Dec 4 00:57:15 standalone account-server[127371]: 172.20.0.100 - - [04/Dec/2025:00:57:15 +0000] "HEAD /d1/778/AUTH_ae7fe12107834a939f075e57d1e93600" 404 - "HEAD http://172.18.0.2:8080/v1/AUTH_ae7fe12107834a939f075e57d1e93600?format=json" "tx76ca3ed3c531461196d53-006930dc6b" "proxy-server 20" 0.0018 "-" 22 -
Dec 4 00:57:15 standalone proxy-server[129697]: - - 04/Dec/2025/00/57/15 HEAD /v1/AUTH_ae7fe12107834a939f075e57d1e93600%3Fformat%3Djson HTTP/1.0 200 - Swift - - - - tx76ca3ed3c531461196d53-006930dc6b - 0.0105 RL - 1764809835.470964432 1764809835.481414795 -
Dec 4 00:57:15 standalone object-server[127676]: 172.20.0.100 - - [04/Dec/2025:00:57:15 +0000] "GET /d1/722/AUTH_ae7fe12107834a939f075e57d1e93600/gnocchi.daf04dee-3861-4f69-96d1-57471d78f66c/none_v3" 404 70 "GET http://172.18.0.2:8080/v1/AUTH_ae7fe12107834a939f075e57d1e93600/gnocchi.daf04dee-3861-4f69-96d1-57471d78f66c/none_v3" "tx76ca3ed3c531461196d53-006930dc6b" "proxy-server 20" 0.0014 "-" 23 0
Dec 4 00:57:15 standalone proxy-server[129697]: 172.18.0.2 172.18.0.100 04/Dec/2025/00/57/15 GET /v1/AUTH_ae7fe12107834a939f075e57d1e93600/gnocchi.daf04dee-3861-4f69-96d1-57471d78f66c/none_v3 HTTP/1.0 404 - python-swiftclient-3.11.1 gAAAAABpMNxrmRHQ... - 70 - tx76ca3ed3c531461196d53-006930dc6b - 0.3982 - - 1764809835.467010021 1764809835.865228176 0
Dec 4 00:57:15 standalone account-server[127327]: 172.20.0.100 - - [04/Dec/2025:00:57:15 +0000] "PUT /d1/778/AUTH_ae7fe12107834a939f075e57d1e93600" 201 - "-" "txd522be0ac3ac46d6ad5f3-006930dc6b" "-" 0.0187 "-" 19 -
Dec 4 00:57:15 standalone proxy-server[129697]: autocreate account '/AUTH_ae7fe12107834a939f075e57d1e93600' (txn: txd522be0ac3ac46d6ad5f3-006930dc6b)
Dec 4 00:57:15 standalone account-server[127343]: 172.20.0.100 - - [04/Dec/2025:00:57:15 +0000] "HEAD /d1/778/AUTH_ae7fe12107834a939f075e57d1e93600" 204 - "HEAD http://172.18.0.2:8080/v1/AUTH_ae7fe12107834a939f075e57d1e93600?format=json" "txd522be0ac3ac46d6ad5f3-006930dc6b" "proxy-server 20" 0.0025 "-" 21 -
Dec 4 00:57:15 standalone account-server[127327]: 172.20.0.100 - - [04/Dec/2025:00:57:15 +0000] "PUT /d1/778/AUTH_ae7fe12107834a939f075e57d1e93600/gnocchi.daf04dee-3861-4f69-96d1-57471d78f66c" 201 - "PUT http://172.20.0.100:6001/d1/629/AUTH_ae7fe12107834a939f075e57d1e93600/gnocchi.daf04dee-3861-4f69-96d1-57471d78f66c" "txd522be0ac3ac46d6ad5f3-006930dc6b" "container-server 22" 0.0017 "-" 19 0
Dec 4 00:57:15 standalone container-server[127534]: 172.20.0.100 - - [04/Dec/2025:00:57:15 +0000] "PUT /d1/629/AUTH_ae7fe12107834a939f075e57d1e93600/gnocchi.daf04dee-3861-4f69-96d1-57471d78f66c" 201 - "PUT http://172.18.0.2:8080/v1/AUTH_ae7fe12107834a939f075e57d1e93600/gnocchi.daf04dee-3861-4f69-96d1-57471d78f66c" "txd522be0ac3ac46d6ad5f3-006930dc6b" "proxy-server 20" 0.0132 "-" 22 0
Dec 4 00:57:15 standalone proxy-server[129697]: 172.18.0.2 172.18.0.100 04/Dec/2025/00/57/15 PUT /v1/AUTH_ae7fe12107834a939f075e57d1e93600/gnocchi.daf04dee-3861-4f69-96d1-57471d78f66c HTTP/1.0 201 - python-swiftclient-3.11.1 gAAAAABpMNxrmRHQ... - - - txd522be0ac3ac46d6ad5f3-006930dc6b - 0.0492 - - 1764809835.868602037 1764809835.917782068 0
Dec 4 00:57:15 standalone container-server[127516]: 172.20.0.100 - - [04/Dec/2025:00:57:15 +0000] "HEAD /d1/629/AUTH_ae7fe12107834a939f075e57d1e93600/gnocchi.daf04dee-3861-4f69-96d1-57471d78f66c" 204 - "HEAD http://172.18.0.2:8080/v1/AUTH_ae7fe12107834a939f075e57d1e93600/gnocchi.daf04dee-3861-4f69-96d1-57471d78f66c?format=json&states=listing" "txb3997931925f433aaa6f5-006930dc6b" "proxy-server 20" 0.0037 "-" 21 0
Dec 4 00:57:15 standalone proxy-server[129697]: - - 04/Dec/2025/00/57/15 HEAD /v1/AUTH_ae7fe12107834a939f075e57d1e93600/gnocchi.daf04dee-3861-4f69-96d1-57471d78f66c%3Fformat%3Djson%26states%3Dlisting HTTP/1.0 204 - Swift - - - - txb3997931925f433aaa6f5-006930dc6b - 0.0087 RL - 1764809835.923092127 1764809835.931752443 0
Dec 4 00:57:15 standalone container-server[127534]: 172.20.0.100 - - [04/Dec/2025:00:57:15 +0000] "GET /d1/629/AUTH_ae7fe12107834a939f075e57d1e93600/gnocchi.daf04dee-3861-4f69-96d1-57471d78f66c" 200 2 "GET http://172.18.0.2:8080/v1/AUTH_ae7fe12107834a939f075e57d1e93600/gnocchi.daf04dee-3861-4f69-96d1-57471d78f66c?format=json&states=listing" "txb3997931925f433aaa6f5-006930dc6b" "proxy-server 20" 0.0042 "-" 22 0
Dec 4 00:57:15 standalone proxy-server[129697]: 172.18.0.2 172.18.0.100 04/Dec/2025/00/57/15 GET /v1/AUTH_ae7fe12107834a939f075e57d1e93600/gnocchi.daf04dee-3861-4f69-96d1-57471d78f66c%3Fformat%3Djson%26states%3Dlisting HTTP/1.0 200 - python-swiftclient-3.11.1 gAAAAABpMNxrmRHQ... - 2 - txb3997931925f433aaa6f5-006930dc6b - 0.0222 - - 1764809835.921677589 1764809835.943892479 0
Dec 4 00:57:15 standalone object-server[127679]: 172.20.0.100 - - [04/Dec/2025:00:57:15 +0000] "GET /d1/571/AUTH_ae7fe12107834a939f075e57d1e93600/gnocchi.daf04dee-3861-4f69-96d1-57471d78f66c/1764720000.0_mean_300.0_v3" 404 70 "GET http://172.18.0.2:8080/v1/AUTH_ae7fe12107834a939f075e57d1e93600/gnocchi.daf04dee-3861-4f69-96d1-57471d78f66c/1764720000.0_mean_300.0_v3" "tx36a95e042c14475d99402-006930dc6b" "proxy-server 20" 0.0009 "-" 25 0
Dec 4 00:57:15 standalone proxy-server[129697]: 172.18.0.2 172.18.0.100 04/Dec/2025/00/57/15 GET /v1/AUTH_ae7fe12107834a939f075e57d1e93600/gnocchi.daf04dee-3861-4f69-96d1-57471d78f66c/1764720000.0_mean_300.0_v3 HTTP/1.0 404 - python-swiftclient-3.11.1 gAAAAABpMNxrmRHQ... - 70 - tx36a95e042c14475d99402-006930dc6b - 0.0063 - - 1764809835.949120998 1764809835.955413103 0
Dec 4 00:57:15 standalone container-server[127538]: 172.20.0.100 - - [04/Dec/2025:00:57:15 +0000] "PUT /d1/629/AUTH_ae7fe12107834a939f075e57d1e93600/gnocchi.daf04dee-3861-4f69-96d1-57471d78f66c/1764720000.0_mean_300.0_v3" 201 - "PUT http://172.18.0.2:8080/d1/571/AUTH_ae7fe12107834a939f075e57d1e93600/gnocchi.daf04dee-3861-4f69-96d1-57471d78f66c/1764720000.0_mean_300.0_v3" "tx25dd8bbaaf754b8e8b84c-006930dc6b" "object-server 24" 0.0017 "-" 23 0
Dec 4 00:57:15 standalone object-server[127677]: 172.20.0.100 - - [04/Dec/2025:00:57:15 +0000] "PUT /d1/571/AUTH_ae7fe12107834a939f075e57d1e93600/gnocchi.daf04dee-3861-4f69-96d1-57471d78f66c/1764720000.0_mean_300.0_v3" 201 - "PUT http://172.18.0.2:8080/v1/AUTH_ae7fe12107834a939f075e57d1e93600/gnocchi.daf04dee-3861-4f69-96d1-57471d78f66c/1764720000.0_mean_300.0_v3" "tx25dd8bbaaf754b8e8b84c-006930dc6b" "proxy-server 20" 0.0310 "-" 24 0
Dec 4 00:57:15 standalone proxy-server[129697]: 172.18.0.2 172.18.0.100 04/Dec/2025/00/57/15 PUT /v1/AUTH_ae7fe12107834a939f075e57d1e93600/gnocchi.daf04dee-3861-4f69-96d1-57471d78f66c/1764720000.0_mean_300.0_v3 HTTP/1.0 201 - python-swiftclient-3.11.1 gAAAAABpMNxrmRHQ... 16 - - tx25dd8bbaaf754b8e8b84c-006930dc6b - 0.0375 - - 1764809835.958799124 1764809835.996314764 0
Dec 4 00:57:16 standalone container-server[127538]: 172.20.0.100 - - [04/Dec/2025:00:57:16 +0000] "PUT /d1/629/AUTH_ae7fe12107834a939f075e57d1e93600/gnocchi.daf04dee-3861-4f69-96d1-57471d78f66c/none_v3" 201 - "PUT http://172.18.0.2:8080/d1/722/AUTH_ae7fe12107834a939f075e57d1e93600/gnocchi.daf04dee-3861-4f69-96d1-57471d78f66c/none_v3" "tx94cc71868bfd47fe87015-006930dc6c" "object-server 24" 0.0010 "-" 23 0
Dec 4 00:57:16 standalone object-server[127677]: 172.20.0.100 - - [04/Dec/2025:00:57:16 +0000] "PUT /d1/722/AUTH_ae7fe12107834a939f075e57d1e93600/gnocchi.daf04dee-3861-4f69-96d1-57471d78f66c/none_v3" 201 - "PUT http://172.18.0.2:8080/v1/AUTH_ae7fe12107834a939f075e57d1e93600/gnocchi.daf04dee-3861-4f69-96d1-57471d78f66c/none_v3" "tx94cc71868bfd47fe87015-006930dc6c" "proxy-server 20" 0.0098 "-" 24 0
Dec 4 00:57:16 standalone proxy-server[129697]: 172.18.0.2 172.18.0.100 04/Dec/2025/00/57/16 PUT /v1/AUTH_ae7fe12107834a939f075e57d1e93600/gnocchi.daf04dee-3861-4f69-96d1-57471d78f66c/none_v3 HTTP/1.0 201 - python-swiftclient-3.11.1 gAAAAABpMNxrmRHQ... 22 - - tx94cc71868bfd47fe87015-006930dc6c - 0.0150 - - 1764809836.000655651 1764809836.015692234 0
Dec 4 00:57:45 standalone object-server[127675]: 172.20.0.100 - - [04/Dec/2025:00:57:45 +0000] "GET /d1/722/AUTH_ae7fe12107834a939f075e57d1e93600/gnocchi.daf04dee-3861-4f69-96d1-57471d78f66c/none_v3" 200 22 "GET http://172.18.0.2:8080/v1/AUTH_ae7fe12107834a939f075e57d1e93600/gnocchi.daf04dee-3861-4f69-96d1-57471d78f66c/none_v3" "tx3de2a5caf1d14a76ac86e-006930dc89" "proxy-server 20" 0.0016 "-" 22 0
Dec 4 00:57:45 standalone proxy-server[129697]: 172.18.0.2 172.18.0.100 04/Dec/2025/00/57/45 GET /v1/AUTH_ae7fe12107834a939f075e57d1e93600/gnocchi.daf04dee-3861-4f69-96d1-57471d78f66c/none_v3 HTTP/1.0 200 - python-swiftclient-3.11.1 gAAAAABpMNxrmRHQ... - 22 - tx3de2a5caf1d14a76ac86e-006930dc89 - 0.0173 - - 1764809865.155938148 1764809865.173251867 0
Dec 4 00:57:45 standalone container-server[127534]: 172.20.0.100 - - [04/Dec/2025:00:57:45 +0000] "GET /d1/629/AUTH_ae7fe12107834a939f075e57d1e93600/gnocchi.daf04dee-3861-4f69-96d1-57471d78f66c" 200 357 "GET http://172.18.0.2:8080/v1/AUTH_ae7fe12107834a939f075e57d1e93600/gnocchi.daf04dee-3861-4f69-96d1-57471d78f66c?format=json&states=listing" "tx299a0589e51248e0a4eae-006930dc89" "proxy-server 20" 0.0221 "-" 22 0
Dec 4 00:57:45 standalone proxy-server[129697]: 172.18.0.2 172.18.0.100 04/Dec/2025/00/57/45 GET /v1/AUTH_ae7fe12107834a939f075e57d1e93600/gnocchi.daf04dee-3861-4f69-96d1-57471d78f66c%3Fformat%3Djson%26states%3Dlisting HTTP/1.0 200 - python-swiftclient-3.11.1 gAAAAABpMNxrmRHQ... - 357 - tx299a0589e51248e0a4eae-006930dc89 - 0.0303 - - 1764809865.177892208 1764809865.208215475 0
Dec 4 00:57:45 standalone container-server[127516]: 172.20.0.100 - - [04/Dec/2025:00:57:45 +0000] "GET /d1/629/AUTH_ae7fe12107834a939f075e57d1e93600/gnocchi.daf04dee-3861-4f69-96d1-57471d78f66c" 200 2 "GET http://172.18.0.2:8080/v1/AUTH_ae7fe12107834a939f075e57d1e93600/gnocchi.daf04dee-3861-4f69-96d1-57471d78f66c?format=json&marker=none_v3&states=listing" "tx4371b3a006b0420a98ea9-006930dc89" "proxy-server 20" 0.0033 "-" 21 0
Dec 4 00:57:45 standalone proxy-server[129697]: 172.18.0.2 172.18.0.100 04/Dec/2025/00/57/45 GET /v1/AUTH_ae7fe12107834a939f075e57d1e93600/gnocchi.daf04dee-3861-4f69-96d1-57471d78f66c%3Fformat%3Djson%26marker%3Dnone_v3%26states%3Dlisting HTTP/1.0 200 - python-swiftclient-3.11.1 gAAAAABpMNxrmRHQ... - 2 - tx4371b3a006b0420a98ea9-006930dc89 - 0.0091 - - 1764809865.211487770 1764809865.220565319 0
Dec 4 00:57:45 standalone object-server[127679]: 172.20.0.100 - - [04/Dec/2025:00:57:45 +0000] "GET /d1/571/AUTH_ae7fe12107834a939f075e57d1e93600/gnocchi.daf04dee-3861-4f69-96d1-57471d78f66c/1764720000.0_mean_300.0_v3" 200 16 "GET http://172.18.0.2:8080/v1/AUTH_ae7fe12107834a939f075e57d1e93600/gnocchi.daf04dee-3861-4f69-96d1-57471d78f66c/1764720000.0_mean_300.0_v3" "txfd531a8d5ad24e91a7196-006930dc89" "proxy-server 20" 0.0009 "-" 25 0
Dec 4 00:57:45 standalone proxy-server[129697]: 172.18.0.2 172.18.0.100 04/Dec/2025/00/57/45 GET /v1/AUTH_ae7fe12107834a939f075e57d1e93600/gnocchi.daf04dee-3861-4f69-96d1-57471d78f66c/1764720000.0_mean_300.0_v3 HTTP/1.0 200 - python-swiftclient-3.11.1 gAAAAABpMNxrmRHQ... - 16 - txfd531a8d5ad24e91a7196-006930dc89 - 0.0157 - - 1764809865.223838091 1764809865.239567041 0
Dec 4 00:57:45 standalone container-server[127516]: 172.20.0.100 - - [04/Dec/2025:00:57:45 +0000] "PUT /d1/629/AUTH_ae7fe12107834a939f075e57d1e93600/gnocchi.daf04dee-3861-4f69-96d1-57471d78f66c/1764720000.0_mean_300.0_v3" 201 - "PUT http://172.18.0.2:8080/d1/571/AUTH_ae7fe12107834a939f075e57d1e93600/gnocchi.daf04dee-3861-4f69-96d1-57471d78f66c/1764720000.0_mean_300.0_v3" "tx91724429d9304cfc9ab25-006930dc89" "object-server 22" 0.0009 "-" 21 0
Dec 4 00:57:45 standalone object-server[127675]: 172.20.0.100 - - [04/Dec/2025:00:57:45 +0000] "PUT /d1/571/AUTH_ae7fe12107834a939f075e57d1e93600/gnocchi.daf04dee-3861-4f69-96d1-57471d78f66c/1764720000.0_mean_300.0_v3" 201 - "PUT http://172.18.0.2:8080/v1/AUTH_ae7fe12107834a939f075e57d1e93600/gnocchi.daf04dee-3861-4f69-96d1-57471d78f66c/1764720000.0_mean_300.0_v3" "tx91724429d9304cfc9ab25-006930dc89" "proxy-server 20" 0.0283 "-" 22 0
Dec 4 00:57:45 standalone proxy-server[129697]: 172.18.0.2 172.18.0.100 04/Dec/2025/00/57/45 PUT /v1/AUTH_ae7fe12107834a939f075e57d1e93600/gnocchi.daf04dee-3861-4f69-96d1-57471d78f66c/1764720000.0_mean_300.0_v3 HTTP/1.0 201 - python-swiftclient-3.11.1 gAAAAABpMNxrmRHQ... 16 - - tx91724429d9304cfc9ab25-006930dc89 - 0.0356 - - 1764809865.242048740 1764809865.277684450 0
Dec 4 00:57:45 standalone container-server[127516]: 172.20.0.100 - - [04/Dec/2025:00:57:45 +0000] "PUT /d1/629/AUTH_ae7fe12107834a939f075e57d1e93600/gnocchi.daf04dee-3861-4f69-96d1-57471d78f66c/none_v3" 201 - "PUT http://172.18.0.2:8080/d1/722/AUTH_ae7fe12107834a939f075e57d1e93600/gnocchi.daf04dee-3861-4f69-96d1-57471d78f66c/none_v3" "tx59c85132f50c4edda9d26-006930dc89" "object-server 23" 0.0012 "-" 21 0
Dec 4 00:57:45 standalone object-server[127676]: 172.20.0.100 - - [04/Dec/2025:00:57:45 +0000] "PUT /d1/722/AUTH_ae7fe12107834a939f075e57d1e93600/gnocchi.daf04dee-3861-4f69-96d1-57471d78f66c/none_v3" 201 - "PUT http://172.18.0.2:8080/v1/AUTH_ae7fe12107834a939f075e57d1e93600/gnocchi.daf04dee-3861-4f69-96d1-57471d78f66c/none_v3" "tx59c85132f50c4edda9d26-006930dc89" "proxy-server 20" 0.0431 "-" 23 0
Dec 4 00:57:45 standalone proxy-server[129697]: 172.18.0.2 172.18.0.100 04/Dec/2025/00/57/45 PUT /v1/AUTH_ae7fe12107834a939f075e57d1e93600/gnocchi.daf04dee-3861-4f69-96d1-57471d78f66c/none_v3 HTTP/1.0 201 - python-swiftclient-3.11.1 gAAAAABpMNxrmRHQ... 32 - - tx59c85132f50c4edda9d26-006930dc89 - 0.0501 - - 1764809865.281894207 1764809865.332010031 0
Dec 4 00:57:46 standalone account-server[127327]: 172.20.0.100 - - [04/Dec/2025:00:57:46 +0000] "HEAD /d1/207/.expiring_objects" 404 - "HEAD http://localhost/v1/.expiring_objects?format=json" "txb9559db7c99842fb9f877-006930dc8a" "proxy-server 2" 0.0016 "-" 19 -
Dec 4 00:57:46 standalone object-expirer[127388]: Pass completed in 0s; 0 objects expired (txn: txb9559db7c99842fb9f877-006930dc8a)
Dec 4 00:58:23 standalone account-server[127343]: 172.20.0.100 - - [04/Dec/2025:00:58:23 +0000] "HEAD /d1/778/AUTH_ae7fe12107834a939f075e57d1e93600" 204 - "HEAD http://172.18.0.2:8080/v1/AUTH_ae7fe12107834a939f075e57d1e93600?format=json" "txe3b44477532f465b87579-006930dcaf" "proxy-server 20" 0.0062 "-" 21 -
Dec 4 00:58:23 standalone proxy-server[129697]: - - 04/Dec/2025/00/58/23 HEAD /v1/AUTH_ae7fe12107834a939f075e57d1e93600%3Fformat%3Djson HTTP/1.0 204 - Swift - - - - txe3b44477532f465b87579-006930dcaf - 0.0108 RL - 1764809903.925230503 1764809903.935990334 -
Dec 4 00:58:23 standalone container-server[127516]: 172.20.0.100 - - [04/Dec/2025:00:58:23 +0000] "HEAD /d1/429/AUTH_ae7fe12107834a939f075e57d1e93600/gnocchi.a8558fe7-29ea-4a8e-92fd-2c770d744510" 404 - "HEAD http://172.18.0.2:8080/v1/AUTH_ae7fe12107834a939f075e57d1e93600/gnocchi.a8558fe7-29ea-4a8e-92fd-2c770d744510?format=json&states=listing" "txe3b44477532f465b87579-006930dcaf" "proxy-server 20" 0.0006 "-" 21 0
Dec 4 00:58:23 standalone object-server[127679]: 172.20.0.100 - - [04/Dec/2025:00:58:23 +0000] "GET /d1/757/AUTH_ae7fe12107834a939f075e57d1e93600/gnocchi.a8558fe7-29ea-4a8e-92fd-2c770d744510/none_v3" 404 70 "GET http://172.18.0.2:8080/v1/AUTH_ae7fe12107834a939f075e57d1e93600/gnocchi.a8558fe7-29ea-4a8e-92fd-2c770d744510/none_v3" "txe3b44477532f465b87579-006930dcaf" "proxy-server 20" 0.0010 "-" 25 0
Dec 4 00:58:23 standalone proxy-server[129697]: 172.18.0.2 172.18.0.100 04/Dec/2025/00/58/23 GET /v1/AUTH_ae7fe12107834a939f075e57d1e93600/gnocchi.a8558fe7-29ea-4a8e-92fd-2c770d744510/none_v3 HTTP/1.0 404 - python-swiftclient-3.11.1 gAAAAABpMNxrmRHQ... - 70 - txe3b44477532f465b87579-006930dcaf - 0.0282 - - 1764809903.924230337 1764809903.952449322 0
Dec 4 00:58:23 standalone account-server[127327]: 172.20.0.100 - - [04/Dec/2025:00:58:23 +0000] "PUT /d1/778/AUTH_ae7fe12107834a939f075e57d1e93600/gnocchi.a8558fe7-29ea-4a8e-92fd-2c770d744510" 201 - "PUT http://172.20.0.100:6001/d1/429/AUTH_ae7fe12107834a939f075e57d1e93600/gnocchi.a8558fe7-29ea-4a8e-92fd-2c770d744510" "tx43c3141d0699493f8c9a9-006930dcaf" "container-server 22" 0.0015 "-" 19 0
Dec 4 00:58:23 standalone container-server[127534]: 172.20.0.100 - - [04/Dec/2025:00:58:23 +0000] "PUT /d1/429/AUTH_ae7fe12107834a939f075e57d1e93600/gnocchi.a8558fe7-29ea-4a8e-92fd-2c770d744510" 201 - "PUT http://172.18.0.2:8080/v1/AUTH_ae7fe12107834a939f075e57d1e93600/gnocchi.a8558fe7-29ea-4a8e-92fd-2c770d744510" "tx43c3141d0699493f8c9a9-006930dcaf" "proxy-server 20" 0.0136 "-" 22 0
Dec 4 00:58:23 standalone proxy-server[129697]: 172.18.0.2 172.18.0.100 04/Dec/2025/00/58/23 PUT /v1/AUTH_ae7fe12107834a939f075e57d1e93600/gnocchi.a8558fe7-29ea-4a8e-92fd-2c770d744510 HTTP/1.0 201 - python-swiftclient-3.11.1 gAAAAABpMNxrmRHQ... - - - tx43c3141d0699493f8c9a9-006930dcaf - 0.0188 - - 1764809903.956762791 1764809903.975600243 0
Dec 4 00:58:23 standalone container-server[127534]: 172.20.0.100 - - [04/Dec/2025:00:58:23 +0000] "HEAD /d1/429/AUTH_ae7fe12107834a939f075e57d1e93600/gnocchi.a8558fe7-29ea-4a8e-92fd-2c770d744510" 204 - "HEAD http://172.18.0.2:8080/v1/AUTH_ae7fe12107834a939f075e57d1e93600/gnocchi.a8558fe7-29ea-4a8e-92fd-2c770d744510?format=json&states=listing" "tx43c0ddc6afad43b79f800-006930dcaf" "proxy-server 20" 0.0013 "-" 22 0
Dec 4 00:58:23 standalone proxy-server[129697]: - - 04/Dec/2025/00/58/23 HEAD /v1/AUTH_ae7fe12107834a939f075e57d1e93600/gnocchi.a8558fe7-29ea-4a8e-92fd-2c770d744510%3Fformat%3Djson%26states%3Dlisting HTTP/1.0 204 - Swift - - - - tx43c0ddc6afad43b79f800-006930dcaf - 0.0038 RL - 1764809903.981060266 1764809903.984828711 0
Dec 4 00:58:23 standalone container-server[127516]: 172.20.0.100 - - [04/Dec/2025:00:58:23 +0000] "GET /d1/429/AUTH_ae7fe12107834a939f075e57d1e93600/gnocchi.a8558fe7-29ea-4a8e-92fd-2c770d744510" 200 2 "GET http://172.18.0.2:8080/v1/AUTH_ae7fe12107834a939f075e57d1e93600/gnocchi.a8558fe7-29ea-4a8e-92fd-2c770d744510?format=json&states=listing" "tx43c0ddc6afad43b79f800-006930dcaf" "proxy-server 20" 0.0025 "-" 21 0
Dec 4 00:58:23 standalone proxy-server[129697]: 172.18.0.2 172.18.0.100 04/Dec/2025/00/58/23 GET /v1/AUTH_ae7fe12107834a939f075e57d1e93600/gnocchi.a8558fe7-29ea-4a8e-92fd-2c770d744510%3Fformat%3Djson%26states%3Dlisting HTTP/1.0 200 - python-swiftclient-3.11.1 gAAAAABpMNxrmRHQ... - 2 - tx43c0ddc6afad43b79f800-006930dcaf - 0.0125 - - 1764809903.980196714 1764809903.992655277 0
Dec 4 00:58:24 standalone object-server[127679]: 172.20.0.100 - - [04/Dec/2025:00:58:24 +0000] "GET /d1/991/AUTH_ae7fe12107834a939f075e57d1e93600/gnocchi.a8558fe7-29ea-4a8e-92fd-2c770d744510/1764720000.0_mean_300.0_v3" 404 70 "GET http://172.18.0.2:8080/v1/AUTH_ae7fe12107834a939f075e57d1e93600/gnocchi.a8558fe7-29ea-4a8e-92fd-2c770d744510/1764720000.0_mean_300.0_v3" "tx7e8142e1a0b54ded971a3-006930dcaf" "proxy-server 20" 0.0005 "-" 25 0
Dec 4 00:58:24 standalone proxy-server[129697]: 172.18.0.2 172.18.0.100 04/Dec/2025/00/58/24 GET /v1/AUTH_ae7fe12107834a939f075e57d1e93600/gnocchi.a8558fe7-29ea-4a8e-92fd-2c770d744510/1764720000.0_mean_300.0_v3 HTTP/1.0 404 - python-swiftclient-3.11.1 gAAAAABpMNxrmRHQ... - 70 - tx7e8142e1a0b54ded971a3-006930dcaf - 0.0063 - - 1764809903.996450901 1764809904.002792358 0
Dec 4 00:58:24 standalone container-server[127534]: 172.20.0.100 - - [04/Dec/2025:00:58:24 +0000] "PUT /d1/429/AUTH_ae7fe12107834a939f075e57d1e93600/gnocchi.a8558fe7-29ea-4a8e-92fd-2c770d744510/1764720000.0_mean_300.0_v3" 201 - "PUT http://172.18.0.2:8080/d1/991/AUTH_ae7fe12107834a939f075e57d1e93600/gnocchi.a8558fe7-29ea-4a8e-92fd-2c770d744510/1764720000.0_mean_300.0_v3" "tx94d18569c7734ddcb26d1-006930dcb0" "object-server 23" 0.0006 "-" 22 0
Dec 4 00:58:24 standalone object-server[127676]: 172.20.0.100 - - [04/Dec/2025:00:58:24 +0000] "PUT /d1/991/AUTH_ae7fe12107834a939f075e57d1e93600/gnocchi.a8558fe7-29ea-4a8e-92fd-2c770d744510/1764720000.0_mean_300.0_v3" 201 - "PUT http://172.18.0.2:8080/v1/AUTH_ae7fe12107834a939f075e57d1e93600/gnocchi.a8558fe7-29ea-4a8e-92fd-2c770d744510/1764720000.0_mean_300.0_v3" "tx94d18569c7734ddcb26d1-006930dcb0" "proxy-server 20" 0.0243 "-" 23 0
Dec 4 00:58:24 standalone proxy-server[129697]: 172.18.0.2 172.18.0.100 04/Dec/2025/00/58/24 PUT /v1/AUTH_ae7fe12107834a939f075e57d1e93600/gnocchi.a8558fe7-29ea-4a8e-92fd-2c770d744510/1764720000.0_mean_300.0_v3 HTTP/1.0 201 - python-swiftclient-3.11.1 gAAAAABpMNxrmRHQ... 16 - - tx94d18569c7734ddcb26d1-006930dcb0 - 0.0294 - - 1764809904.007590294 1764809904.037031889 0
Dec 4 00:58:24 standalone container-server[127482]: 172.20.0.100 - - [04/Dec/2025:00:58:24 +0000] "PUT /d1/429/AUTH_ae7fe12107834a939f075e57d1e93600/gnocchi.a8558fe7-29ea-4a8e-92fd-2c770d744510/none_v3" 201 - "PUT http://172.18.0.2:8080/d1/757/AUTH_ae7fe12107834a939f075e57d1e93600/gnocchi.a8558fe7-29ea-4a8e-92fd-2c770d744510/none_v3" "tx53ef12be55fb43e08b13c-006930dcb0" "object-server 22" 0.0011 "-" 20 0
Dec 4 00:58:24 standalone object-server[127675]: 172.20.0.100 - - [04/Dec/2025:00:58:24 +0000] "PUT /d1/757/AUTH_ae7fe12107834a939f075e57d1e93600/gnocchi.a8558fe7-29ea-4a8e-92fd-2c770d744510/none_v3" 201 - "PUT http://172.18.0.2:8080/v1/AUTH_ae7fe12107834a939f075e57d1e93600/gnocchi.a8558fe7-29ea-4a8e-92fd-2c770d744510/none_v3" "tx53ef12be55fb43e08b13c-006930dcb0" "proxy-server 20" 0.0384 "-" 22 0
Dec 4 00:58:24 standalone proxy-server[129697]: 172.18.0.2 172.18.0.100 04/Dec/2025/00/58/24 PUT /v1/AUTH_ae7fe12107834a939f075e57d1e93600/gnocchi.a8558fe7-29ea-4a8e-92fd-2c770d744510/none_v3 HTTP/1.0 201 - python-swiftclient-3.11.1 gAAAAABpMNxrmRHQ... 22 - - tx53ef12be55fb43e08b13c-006930dcb0 - 0.0452 - - 1764809904.040588856 1764809904.085741043 0
Dec 4 00:58:24 standalone container-server[127534]: 172.20.0.100 - - [04/Dec/2025:00:58:24 +0000] "HEAD /d1/744/AUTH_ae7fe12107834a939f075e57d1e93600/gnocchi.2601b73f-4942-4c0f-bc1f-7bce08f000e5" 404 - "HEAD http://172.18.0.2:8080/v1/AUTH_ae7fe12107834a939f075e57d1e93600/gnocchi.2601b73f-4942-4c0f-bc1f-7bce08f000e5?format=json&states=listing" "tx4fd9a322f96f4e42b0285-006930dcb0" "proxy-server 20" 0.0005 "-" 22 0
Dec 4 00:58:24 standalone object-server[127679]: 172.20.0.100 - - [04/Dec/2025:00:58:24 +0000] "GET /d1/993/AUTH_ae7fe12107834a939f075e57d1e93600/gnocchi.2601b73f-4942-4c0f-bc1f-7bce08f000e5/none_v3" 404 70 "GET http://172.18.0.2:8080/v1/AUTH_ae7fe12107834a939f075e57d1e93600/gnocchi.2601b73f-4942-4c0f-bc1f-7bce08f000e5/none_v3" "tx4fd9a322f96f4e42b0285-006930dcb0" "proxy-server 20" 0.0004 "-" 25 0
Dec 4 00:58:24 standalone proxy-server[129697]: 172.18.0.2 172.18.0.100 04/Dec/2025/00/58/24 GET /v1/AUTH_ae7fe12107834a939f075e57d1e93600/gnocchi.2601b73f-4942-4c0f-bc1f-7bce08f000e5/none_v3 HTTP/1.0 404 - python-swiftclient-3.11.1 gAAAAABpMNxrmRHQ... - 70 - tx4fd9a322f96f4e42b0285-006930dcb0 - 0.0084 - - 1764809904.093822002 1764809904.102239132 0
Dec 4 00:58:24 standalone account-server[127343]: 172.20.0.100 - - [04/Dec/2025:00:58:24 +0000] "PUT /d1/778/AUTH_ae7fe12107834a939f075e57d1e93600/gnocchi.2601b73f-4942-4c0f-bc1f-7bce08f000e5" 201 - "PUT http://172.20.0.100:6001/d1/744/AUTH_ae7fe12107834a939f075e57d1e93600/gnocchi.2601b73f-4942-4c0f-bc1f-7bce08f000e5" "tx70ed9bbd208247d785966-006930dcb0" "container-server 20" 0.0146 "-" 21 0
Dec 4 00:58:24 standalone container-server[127482]: 172.20.0.100 - - [04/Dec/2025:00:58:24 +0000] "PUT /d1/744/AUTH_ae7fe12107834a939f075e57d1e93600/gnocchi.2601b73f-4942-4c0f-bc1f-7bce08f000e5" 201 - "PUT http://172.18.0.2:8080/v1/AUTH_ae7fe12107834a939f075e57d1e93600/gnocchi.2601b73f-4942-4c0f-bc1f-7bce08f000e5" "tx70ed9bbd208247d785966-006930dcb0" "proxy-server 20" 0.0560 "-" 20 0
Dec 4 00:58:24 standalone proxy-server[129697]: 172.18.0.2 172.18.0.100 04/Dec/2025/00/58/24 PUT /v1/AUTH_ae7fe12107834a939f075e57d1e93600/gnocchi.2601b73f-4942-4c0f-bc1f-7bce08f000e5 HTTP/1.0 201 - python-swiftclient-3.11.1 gAAAAABpMNxrmRHQ... - - - tx70ed9bbd208247d785966-006930dcb0 - 0.0615 - - 1764809904.104620218 1764809904.166108370 0
Dec 4 00:58:24 standalone container-server[127534]: 172.20.0.100 - - [04/Dec/2025:00:58:24 +0000] "HEAD /d1/744/AUTH_ae7fe12107834a939f075e57d1e93600/gnocchi.2601b73f-4942-4c0f-bc1f-7bce08f000e5" 204 - "HEAD http://172.18.0.2:8080/v1/AUTH_ae7fe12107834a939f075e57d1e93600/gnocchi.2601b73f-4942-4c0f-bc1f-7bce08f000e5?format=json&states=listing" "tx86a50ec50116483da7cd9-006930dcb0" "proxy-server 20" 0.0014 "-" 22 0
Dec 4 00:58:24 standalone proxy-server[129697]: - - 04/Dec/2025/00/58/24 HEAD /v1/AUTH_ae7fe12107834a939f075e57d1e93600/gnocchi.2601b73f-4942-4c0f-bc1f-7bce08f000e5%3Fformat%3Djson%26states%3Dlisting HTTP/1.0 204 - Swift - - - - tx86a50ec50116483da7cd9-006930dcb0 - 0.0061 RL - 1764809904.180620909 1764809904.186706781 0
Dec 4 00:58:24 standalone container-server[127538]: 172.20.0.100 - - [04/Dec/2025:00:58:24 +0000] "GET /d1/744/AUTH_ae7fe12107834a939f075e57d1e93600/gnocchi.2601b73f-4942-4c0f-bc1f-7bce08f000e5" 200 2 "GET http://172.18.0.2:8080/v1/AUTH_ae7fe12107834a939f075e57d1e93600/gnocchi.2601b73f-4942-4c0f-bc1f-7bce08f000e5?format=json&states=listing" "tx86a50ec50116483da7cd9-006930dcb0" "proxy-server 20" 0.0034 "-" 23 0
Dec 4 00:58:24 standalone proxy-server[129697]: 172.18.0.2 172.18.0.100 04/Dec/2025/00/58/24 GET /v1/AUTH_ae7fe12107834a939f075e57d1e93600/gnocchi.2601b73f-4942-4c0f-bc1f-7bce08f000e5%3Fformat%3Djson%26states%3Dlisting HTTP/1.0 200 - python-swiftclient-3.11.1 gAAAAABpMNxrmRHQ... - 2 - tx86a50ec50116483da7cd9-006930dcb0 - 0.0214 - - 1764809904.179453850 1764809904.200868130 0
Dec 4 00:58:24 standalone object-server[127675]: 172.20.0.100 - - [04/Dec/2025:00:58:24 +0000] "GET /d1/140/AUTH_ae7fe12107834a939f075e57d1e93600/gnocchi.2601b73f-4942-4c0f-bc1f-7bce08f000e5/1764720000.0_mean_300.0_v3" 404 70 "GET http://172.18.0.2:8080/v1/AUTH_ae7fe12107834a939f075e57d1e93600/gnocchi.2601b73f-4942-4c0f-bc1f-7bce08f000e5/1764720000.0_mean_300.0_v3" "txfe8d111e6f0041429f4d4-006930dcb0" "proxy-server 20" 0.0005 "-" 22 0
Dec 4 00:58:24 standalone proxy-server[129697]: 172.18.0.2 172.18.0.100 04/Dec/2025/00/58/24 GET /v1/AUTH_ae7fe12107834a939f075e57d1e93600/gnocchi.2601b73f-4942-4c0f-bc1f-7bce08f000e5/1764720000.0_mean_300.0_v3 HTTP/1.0 404 - python-swiftclient-3.11.1 gAAAAABpMNxrmRHQ... - 70 - txfe8d111e6f0041429f4d4-006930dcb0 - 0.0096 - - 1764809904.207960844 1764809904.217519283 0
Dec 4 00:58:24 standalone container-server[127482]: 172.20.0.100 - - [04/Dec/2025:00:58:24 +0000] "PUT /d1/744/AUTH_ae7fe12107834a939f075e57d1e93600/gnocchi.2601b73f-4942-4c0f-bc1f-7bce08f000e5/1764720000.0_mean_300.0_v3" 201 - "PUT http://172.18.0.2:8080/d1/140/AUTH_ae7fe12107834a939f075e57d1e93600/gnocchi.2601b73f-4942-4c0f-bc1f-7bce08f000e5/1764720000.0_mean_300.0_v3" "txac3587a585184158b9bdf-006930dcb0" "object-server 24" 0.0007 "-" 20 0
Dec 4 00:58:24 standalone object-server[127677]: 172.20.0.100 - - [04/Dec/2025:00:58:24 +0000] "PUT /d1/140/AUTH_ae7fe12107834a939f075e57d1e93600/gnocchi.2601b73f-4942-4c0f-bc1f-7bce08f000e5/1764720000.0_mean_300.0_v3" 201 - "PUT http://172.18.0.2:8080/v1/AUTH_ae7fe12107834a939f075e57d1e93600/gnocchi.2601b73f-4942-4c0f-bc1f-7bce08f000e5/1764720000.0_mean_300.0_v3" "txac3587a585184158b9bdf-006930dcb0" "proxy-server 20" 0.0327 "-" 24 0
Dec 4 00:58:24 standalone proxy-server[129697]: 172.18.0.2 172.18.0.100 04/Dec/2025/00/58/24 PUT /v1/AUTH_ae7fe12107834a939f075e57d1e93600/gnocchi.2601b73f-4942-4c0f-bc1f-7bce08f000e5/1764720000.0_mean_300.0_v3 HTTP/1.0 201 - python-swiftclient-3.11.1 gAAAAABpMNxrmRHQ... 16 - - txac3587a585184158b9bdf-006930dcb0 - 0.0381 - - 1764809904.223684788 1764809904.261830807 0
Dec 4 00:58:24 standalone container-server[127516]: 172.20.0.100 - - [04/Dec/2025:00:58:24 +0000] "PUT /d1/744/AUTH_ae7fe12107834a939f075e57d1e93600/gnocchi.2601b73f-4942-4c0f-bc1f-7bce08f000e5/none_v3" 201 - "PUT http://172.18.0.2:8080/d1/993/AUTH_ae7fe12107834a939f075e57d1e93600/gnocchi.2601b73f-4942-4c0f-bc1f-7bce08f000e5/none_v3" "tx5f4759bb9daa4364b940a-006930dcb0" "object-server 25" 0.0006 "-" 21 0
Dec 4 00:58:24 standalone object-server[127679]: 172.20.0.100 - - [04/Dec/2025:00:58:24 +0000] "PUT /d1/993/AUTH_ae7fe12107834a939f075e57d1e93600/gnocchi.2601b73f-4942-4c0f-bc1f-7bce08f000e5/none_v3" 201 - "PUT http://172.18.0.2:8080/v1/AUTH_ae7fe12107834a939f075e57d1e93600/gnocchi.2601b73f-4942-4c0f-bc1f-7bce08f000e5/none_v3" "tx5f4759bb9daa4364b940a-006930dcb0" "proxy-server 20" 0.0458 "-" 25 0
Dec 4 00:58:24 standalone proxy-server[129697]: 172.18.0.2 172.18.0.100 04/Dec/2025/00/58/24 PUT /v1/AUTH_ae7fe12107834a939f075e57d1e93600/gnocchi.2601b73f-4942-4c0f-bc1f-7bce08f000e5/none_v3 HTTP/1.0 201 - python-swiftclient-3.11.1 gAAAAABpMNxrmRHQ... 22 - - tx5f4759bb9daa4364b940a-006930dcb0 - 0.0525 - - 1764809904.265292645 1764809904.317809343 0
Dec 4 00:58:31 standalone container-server[127482]: 172.20.0.100 - - [04/Dec/2025:00:58:31 +0000] "HEAD /d1/935/AUTH_ae7fe12107834a939f075e57d1e93600/gnocchi.9d3de70c-720a-45f6-90da-bbb02d34690c" 404 - "HEAD http://172.18.0.2:8080/v1/AUTH_ae7fe12107834a939f075e57d1e93600/gnocchi.9d3de70c-720a-45f6-90da-bbb02d34690c?format=json&states=listing" "tx5530fa99389d423ea9146-006930dcb7" "proxy-server 20" 0.0010 "-" 20 0
Dec 4 00:58:31 standalone object-server[127677]: 172.20.0.100 - - [04/Dec/2025:00:58:31 +0000] "GET /d1/774/AUTH_ae7fe12107834a939f075e57d1e93600/gnocchi.9d3de70c-720a-45f6-90da-bbb02d34690c/none_v3" 404 70 "GET http://172.18.0.2:8080/v1/AUTH_ae7fe12107834a939f075e57d1e93600/gnocchi.9d3de70c-720a-45f6-90da-bbb02d34690c/none_v3" "tx5530fa99389d423ea9146-006930dcb7" "proxy-server 20" 0.0009 "-" 24 0
Dec 4 00:58:31 standalone proxy-server[129697]: 172.18.0.2 172.18.0.100 04/Dec/2025/00/58/31 GET /v1/AUTH_ae7fe12107834a939f075e57d1e93600/gnocchi.9d3de70c-720a-45f6-90da-bbb02d34690c/none_v3 HTTP/1.0 404 - python-swiftclient-3.11.1 gAAAAABpMNxrmRHQ... - 70 - tx5530fa99389d423ea9146-006930dcb7 - 0.0165 - - 1764809911.927002907 1764809911.943552256 0
Dec 4 00:58:31 standalone account-server[127343]: 172.20.0.100 - - [04/Dec/2025:00:58:31 +0000] "PUT /d1/778/AUTH_ae7fe12107834a939f075e57d1e93600/gnocchi.9d3de70c-720a-45f6-90da-bbb02d34690c" 201 - "PUT http://172.20.0.100:6001/d1/935/AUTH_ae7fe12107834a939f075e57d1e93600/gnocchi.9d3de70c-720a-45f6-90da-bbb02d34690c" "tx8a3d1142a191425698983-006930dcb7" "container-server 23" 0.0078 "-" 21 0
Dec 4 00:58:31 standalone container-server[127538]: 172.20.0.100 - - [04/Dec/2025:00:58:31 +0000] "PUT /d1/935/AUTH_ae7fe12107834a939f075e57d1e93600/gnocchi.9d3de70c-720a-45f6-90da-bbb02d34690c" 201 - "PUT http://172.18.0.2:8080/v1/AUTH_ae7fe12107834a939f075e57d1e93600/gnocchi.9d3de70c-720a-45f6-90da-bbb02d34690c" "tx8a3d1142a191425698983-006930dcb7" "proxy-server 20" 0.0247 "-" 23 0
Dec 4 00:58:31 standalone proxy-server[129697]: 172.18.0.2 172.18.0.100 04/Dec/2025/00/58/31 PUT /v1/AUTH_ae7fe12107834a939f075e57d1e93600/gnocchi.9d3de70c-720a-45f6-90da-bbb02d34690c HTTP/1.0 201 - python-swiftclient-3.11.1 gAAAAABpMNxrmRHQ... - - - tx8a3d1142a191425698983-006930dcb7 - 0.0325 - - 1764809911.947062254 1764809911.979593277 0
Dec 4 00:58:31 standalone container-server[127534]: 172.20.0.100 - - [04/Dec/2025:00:58:31 +0000] "HEAD /d1/935/AUTH_ae7fe12107834a939f075e57d1e93600/gnocchi.9d3de70c-720a-45f6-90da-bbb02d34690c" 204 - "HEAD http://172.18.0.2:8080/v1/AUTH_ae7fe12107834a939f075e57d1e93600/gnocchi.9d3de70c-720a-45f6-90da-bbb02d34690c?format=json&states=listing" "tx84b884a13aa04c6384993-006930dcb7" "proxy-server 20" 0.0017 "-" 22 0
Dec 4 00:58:31 standalone proxy-server[129697]: - - 04/Dec/2025/00/58/31 HEAD /v1/AUTH_ae7fe12107834a939f075e57d1e93600/gnocchi.9d3de70c-720a-45f6-90da-bbb02d34690c%3Fformat%3Djson%26states%3Dlisting HTTP/1.0 204 - Swift - - - - tx84b884a13aa04c6384993-006930dcb7 - 0.0075 RL - 1764809911.986604214 1764809911.994080782 0
Dec 4 00:58:32 standalone container-server[127534]: 172.20.0.100 - - [04/Dec/2025:00:58:32 +0000] "GET /d1/935/AUTH_ae7fe12107834a939f075e57d1e93600/gnocchi.9d3de70c-720a-45f6-90da-bbb02d34690c" 200 2 "GET http://172.18.0.2:8080/v1/AUTH_ae7fe12107834a939f075e57d1e93600/gnocchi.9d3de70c-720a-45f6-90da-bbb02d34690c?format=json&states=listing" "tx84b884a13aa04c6384993-006930dcb7" "proxy-server 20" 0.0024 "-" 22 0
Dec 4 00:58:32 standalone proxy-server[129697]: 172.18.0.2 172.18.0.100 04/Dec/2025/00/58/32 GET /v1/AUTH_ae7fe12107834a939f075e57d1e93600/gnocchi.9d3de70c-720a-45f6-90da-bbb02d34690c%3Fformat%3Djson%26states%3Dlisting HTTP/1.0 200 - python-swiftclient-3.11.1 gAAAAABpMNxrmRHQ... - 2 - tx84b884a13aa04c6384993-006930dcb7 - 0.0208 - - 1764809911.984695911 1764809912.005462170 0
Dec 4 00:58:32 standalone object-server[127675]: 172.20.0.100 - - [04/Dec/2025:00:58:32 +0000] "GET /d1/971/AUTH_ae7fe12107834a939f075e57d1e93600/gnocchi.9d3de70c-720a-45f6-90da-bbb02d34690c/1764720000.0_mean_300.0_v3" 404 70 "GET http://172.18.0.2:8080/v1/AUTH_ae7fe12107834a939f075e57d1e93600/gnocchi.9d3de70c-720a-45f6-90da-bbb02d34690c/1764720000.0_mean_300.0_v3" "tx56f3dbc8ed9845fcbbb13-006930dcb8" "proxy-server 20" 0.0006 "-" 22 0
Dec 4 00:58:32 standalone proxy-server[129697]: 172.18.0.2 172.18.0.100 04/Dec/2025/00/58/32 GET /v1/AUTH_ae7fe12107834a939f075e57d1e93600/gnocchi.9d3de70c-720a-45f6-90da-bbb02d34690c/1764720000.0_mean_300.0_v3 HTTP/1.0 404 - python-swiftclient-3.11.1 gAAAAABpMNxrmRHQ... - 70 - tx56f3dbc8ed9845fcbbb13-006930dcb8 - 0.0096 - - 1764809912.011121511 1764809912.020698071 0
Dec 4 00:58:32 standalone container-server[127482]: 172.20.0.100 - - [04/Dec/2025:00:58:32 +0000] "PUT /d1/935/AUTH_ae7fe12107834a939f075e57d1e93600/gnocchi.9d3de70c-720a-45f6-90da-bbb02d34690c/1764720000.0_mean_300.0_v3" 201 - "PUT http://172.18.0.2:8080/d1/971/AUTH_ae7fe12107834a939f075e57d1e93600/gnocchi.9d3de70c-720a-45f6-90da-bbb02d34690c/1764720000.0_mean_300.0_v3" "tx27676cc1c02a442598315-006930dcb8" "object-server 25" 0.0019 "-" 20 0
Dec 4 00:58:32 standalone object-server[127679]: 172.20.0.100 - - [04/Dec/2025:00:58:32 +0000] "PUT /d1/971/AUTH_ae7fe12107834a939f075e57d1e93600/gnocchi.9d3de70c-720a-45f6-90da-bbb02d34690c/1764720000.0_mean_300.0_v3" 201 - "PUT http://172.18.0.2:8080/v1/AUTH_ae7fe12107834a939f075e57d1e93600/gnocchi.9d3de70c-720a-45f6-90da-bbb02d34690c/1764720000.0_mean_300.0_v3" "tx27676cc1c02a442598315-006930dcb8" "proxy-server 20" 0.0146 "-" 25 0
Dec 4 00:58:32 standalone proxy-server[129697]: 172.18.0.2 172.18.0.100 04/Dec/2025/00/58/32 PUT /v1/AUTH_ae7fe12107834a939f075e57d1e93600/gnocchi.9d3de70c-720a-45f6-90da-bbb02d34690c/1764720000.0_mean_300.0_v3 HTTP/1.0 201 - python-swiftclient-3.11.1 gAAAAABpMNxrmRHQ... 16 - - tx27676cc1c02a442598315-006930dcb8 - 0.0240 - - 1764809912.025915861 1764809912.049881935 0
Dec 4 00:58:32 standalone container-server[127516]: 172.20.0.100 - - [04/Dec/2025:00:58:32 +0000] "PUT /d1/935/AUTH_ae7fe12107834a939f075e57d1e93600/gnocchi.9d3de70c-720a-45f6-90da-bbb02d34690c/none_v3" 201 - "PUT http://172.18.0.2:8080/d1/774/AUTH_ae7fe12107834a939f075e57d1e93600/gnocchi.9d3de70c-720a-45f6-90da-bbb02d34690c/none_v3" "txd86388733d0d4987be1bf-006930dcb8" "object-server 25" 0.0016 "-" 21 0
Dec 4 00:58:32 standalone object-server[127679]: 172.20.0.100 - - [04/Dec/2025:00:58:32 +0000] "PUT /d1/774/AUTH_ae7fe12107834a939f075e57d1e93600/gnocchi.9d3de70c-720a-45f6-90da-bbb02d34690c/none_v3" 201 - "PUT http://172.18.0.2:8080/v1/AUTH_ae7fe12107834a939f075e57d1e93600/gnocchi.9d3de70c-720a-45f6-90da-bbb02d34690c/none_v3" "txd86388733d0d4987be1bf-006930dcb8" "proxy-server 20" 0.0158 "-" 25 0
Dec 4 00:58:32 standalone proxy-server[129697]: 172.18.0.2 172.18.0.100 04/Dec/2025/00/58/32 PUT /v1/AUTH_ae7fe12107834a939f075e57d1e93600/gnocchi.9d3de70c-720a-45f6-90da-bbb02d34690c/none_v3 HTTP/1.0 201 - python-swiftclient-3.11.1 gAAAAABpMNxrmRHQ... 22 - - txd86388733d0d4987be1bf-006930dcb8 - 0.0278 - - 1764809912.054511786 1764809912.082267284 0
Dec 4 00:58:32 standalone container-server[127482]: 172.20.0.100 - - [04/Dec/2025:00:58:32 +0000] "HEAD /d1/674/AUTH_ae7fe12107834a939f075e57d1e93600/gnocchi.2639d49c-f3fd-4d35-accc-c4f1d06e95e6" 404 - "HEAD http://172.18.0.2:8080/v1/AUTH_ae7fe12107834a939f075e57d1e93600/gnocchi.2639d49c-f3fd-4d35-accc-c4f1d06e95e6?format=json&states=listing" "tx1f32e930b33c477b9ee6f-006930dcb8" "proxy-server 20" 0.0006 "-" 20 0
Dec 4 00:58:32 standalone object-server[127679]: 172.20.0.100 - - [04/Dec/2025:00:58:32 +0000] "GET /d1/95/AUTH_ae7fe12107834a939f075e57d1e93600/gnocchi.2639d49c-f3fd-4d35-accc-c4f1d06e95e6/none_v3" 404 70 "GET http://172.18.0.2:8080/v1/AUTH_ae7fe12107834a939f075e57d1e93600/gnocchi.2639d49c-f3fd-4d35-accc-c4f1d06e95e6/none_v3" "tx1f32e930b33c477b9ee6f-006930dcb8" "proxy-server 20" 0.0007 "-" 25 0
Dec 4 00:58:32 standalone proxy-server[129697]: 172.18.0.2 172.18.0.100 04/Dec/2025/00/58/32 GET /v1/AUTH_ae7fe12107834a939f075e57d1e93600/gnocchi.2639d49c-f3fd-4d35-accc-c4f1d06e95e6/none_v3 HTTP/1.0 404 - python-swiftclient-3.11.1 gAAAAABpMNxrmRHQ... - 70 - tx1f32e930b33c477b9ee6f-006930dcb8 - 0.0204 - - 1764809912.103672743 1764809912.124081612 0
Dec 4 00:58:32 standalone account-server[127343]: 172.20.0.100 - - [04/Dec/2025:00:58:32 +0000] "PUT /d1/778/AUTH_ae7fe12107834a939f075e57d1e93600/gnocchi.2639d49c-f3fd-4d35-accc-c4f1d06e95e6" 201 - "PUT http://172.20.0.100:6001/d1/674/AUTH_ae7fe12107834a939f075e57d1e93600/gnocchi.2639d49c-f3fd-4d35-accc-c4f1d06e95e6" "tx8106e56905124f28be281-006930dcb8" "container-server 21" 0.0084 "-" 21 0
Dec 4 00:58:32 standalone container-server[127516]: 172.20.0.100 - - [04/Dec/2025:00:58:32 +0000] "PUT /d1/674/AUTH_ae7fe12107834a939f075e57d1e93600/gnocchi.2639d49c-f3fd-4d35-accc-c4f1d06e95e6" 201 - "PUT http://172.18.0.2:8080/v1/AUTH_ae7fe12107834a939f075e57d1e93600/gnocchi.2639d49c-f3fd-4d35-accc-c4f1d06e95e6" "tx8106e56905124f28be281-006930dcb8" "proxy-server 20" 0.0316 "-" 21 0
Dec 4 00:58:32 standalone proxy-server[129697]: 172.18.0.2 172.18.0.100 04/Dec/2025/00/58/32 PUT /v1/AUTH_ae7fe12107834a939f075e57d1e93600/gnocchi.2639d49c-f3fd-4d35-accc-c4f1d06e95e6 HTTP/1.0 201 - python-swiftclient-3.11.1 gAAAAABpMNxrmRHQ... - - - tx8106e56905124f28be281-006930dcb8 - 0.0436 - - 1764809912.129698753 1764809912.173269033 0
Dec 4 00:58:32 standalone container-server[127482]: 172.20.0.100 - - [04/Dec/2025:00:58:32 +0000] "HEAD /d1/674/AUTH_ae7fe12107834a939f075e57d1e93600/gnocchi.2639d49c-f3fd-4d35-accc-c4f1d06e95e6" 204 - "HEAD http://172.18.0.2:8080/v1/AUTH_ae7fe12107834a939f075e57d1e93600/gnocchi.2639d49c-f3fd-4d35-accc-c4f1d06e95e6?format=json&states=listing" "txf4862fb4361d47de9c179-006930dcb8" "proxy-server 20" 0.0024 "-" 20 0
Dec 4 00:58:32 standalone proxy-server[129697]: - - 04/Dec/2025/00/58/32 HEAD /v1/AUTH_ae7fe12107834a939f075e57d1e93600/gnocchi.2639d49c-f3fd-4d35-accc-c4f1d06e95e6%3Fformat%3Djson%26states%3Dlisting HTTP/1.0 204 - Swift - - - - txf4862fb4361d47de9c179-006930dcb8 - 0.0072 RL - 1764809912.183027029 1764809912.190244913 0
Dec 4 00:58:32 standalone container-server[127538]: 172.20.0.100 - - [04/Dec/2025:00:58:32 +0000] "GET /d1/674/AUTH_ae7fe12107834a939f075e57d1e93600/gnocchi.2639d49c-f3fd-4d35-accc-c4f1d06e95e6" 200 2 "GET http://172.18.0.2:8080/v1/AUTH_ae7fe12107834a939f075e57d1e93600/gnocchi.2639d49c-f3fd-4d35-accc-c4f1d06e95e6?format=json&states=listing" "txf4862fb4361d47de9c179-006930dcb8" "proxy-server 20" 0.0106 "-" 23 0
Dec 4 00:58:32 standalone proxy-server[129697]: 172.18.0.2 172.18.0.100 04/Dec/2025/00/58/32 GET /v1/AUTH_ae7fe12107834a939f075e57d1e93600/gnocchi.2639d49c-f3fd-4d35-accc-c4f1d06e95e6%3Fformat%3Djson%26states%3Dlisting HTTP/1.0 200 - python-swiftclient-3.11.1 gAAAAABpMNxrmRHQ... - 2 - txf4862fb4361d47de9c179-006930dcb8 - 0.0735 - - 1764809912.181221962 1764809912.254733086 0
Dec 4 00:58:32 standalone object-server[127677]: 172.20.0.100 - - [04/Dec/2025:00:58:32 +0000] "GET /d1/318/AUTH_ae7fe12107834a939f075e57d1e93600/gnocchi.2639d49c-f3fd-4d35-accc-c4f1d06e95e6/1764720000.0_mean_300.0_v3" 404 70 "GET http://172.18.0.2:8080/v1/AUTH_ae7fe12107834a939f075e57d1e93600/gnocchi.2639d49c-f3fd-4d35-accc-c4f1d06e95e6/1764720000.0_mean_300.0_v3" "tx69c00bed214744bcb42bb-006930dcb8" "proxy-server 20" 0.0006 "-" 24 0
Dec 4 00:58:32 standalone proxy-server[129697]: 172.18.0.2 172.18.0.100 04/Dec/2025/00/58/32 GET /v1/AUTH_ae7fe12107834a939f075e57d1e93600/gnocchi.2639d49c-f3fd-4d35-accc-c4f1d06e95e6/1764720000.0_mean_300.0_v3 HTTP/1.0 404 - python-swiftclient-3.11.1 gAAAAABpMNxrmRHQ... - 70 - tx69c00bed214744bcb42bb-006930dcb8 - 0.0095 - - 1764809912.259767532 1764809912.269262075 0
Dec 4 00:58:32 standalone container-server[127538]: 172.20.0.100 - - [04/Dec/2025:00:58:32 +0000] "PUT /d1/674/AUTH_ae7fe12107834a939f075e57d1e93600/gnocchi.2639d49c-f3fd-4d35-accc-c4f1d06e95e6/1764720000.0_mean_300.0_v3" 201 - "PUT http://172.18.0.2:8080/d1/318/AUTH_ae7fe12107834a939f075e57d1e93600/gnocchi.2639d49c-f3fd-4d35-accc-c4f1d06e95e6/1764720000.0_mean_300.0_v3" "txe5af002bf5bc4f25a6d7f-006930dcb8" "object-server 23" 0.0014 "-" 23 0
Dec 4 00:58:32 standalone object-server[127676]: 172.20.0.100 - - [04/Dec/2025:00:58:32 +0000] "PUT /d1/318/AUTH_ae7fe12107834a939f075e57d1e93600/gnocchi.2639d49c-f3fd-4d35-accc-c4f1d06e95e6/1764720000.0_mean_300.0_v3" 201 - "PUT http://172.18.0.2:8080/v1/AUTH_ae7fe12107834a939f075e57d1e93600/gnocchi.2639d49c-f3fd-4d35-accc-c4f1d06e95e6/1764720000.0_mean_300.0_v3" "txe5af002bf5bc4f25a6d7f-006930dcb8" "proxy-server 20" 0.0139 "-" 23 0
