Dec 4 00:59:22 standalone container-server[127534]: 172.20.0.100 - - [04/Dec/2025:00:59:22 +0000] "GET /d1/602/AUTH_ae7fe12107834a939f075e57d1e93600/gnocchi.6f8a960c-97ff-48fa-8352-3cf701b3d73c" 200 2 "GET http://172.18.0.2:8080/v1/AUTH_ae7fe12107834a939f075e57d1e93600/gnocchi.6f8a960c-97ff-48fa-8352-3cf701b3d73c?format=json&states=listing" "tx84534624ceb1408cbeb57-006930dcea" "proxy-server 20" 0.0020 "-" 22 0
Dec 4 00:59:22 standalone proxy-server[129697]: 172.18.0.2 172.18.0.100 04/Dec/2025/00/59/22 GET /v1/AUTH_ae7fe12107834a939f075e57d1e93600/gnocchi.6f8a960c-97ff-48fa-8352-3cf701b3d73c%3Fformat%3Djson%26states%3Dlisting HTTP/1.0 200 - python-swiftclient-3.11.1 gAAAAABpMNxrmRHQ... - 2 - tx84534624ceb1408cbeb57-006930dcea - 0.0198 - - 1764809962.274989367 1764809962.294794559 0
Dec 4 00:59:22 standalone object-server[127676]: 172.20.0.100 - - [04/Dec/2025:00:59:22 +0000] "GET /d1/63/AUTH_ae7fe12107834a939f075e57d1e93600/gnocchi.6f8a960c-97ff-48fa-8352-3cf701b3d73c/1764720000.0_mean_300.0_v3" 404 70 "GET http://172.18.0.2:8080/v1/AUTH_ae7fe12107834a939f075e57d1e93600/gnocchi.6f8a960c-97ff-48fa-8352-3cf701b3d73c/1764720000.0_mean_300.0_v3" "tx9ffed3a1ca554674b34a7-006930dcea" "proxy-server 20" 0.0006 "-" 23 0
Dec 4 00:59:22 standalone proxy-server[129697]: 172.18.0.2 172.18.0.100 04/Dec/2025/00/59/22 GET /v1/AUTH_ae7fe12107834a939f075e57d1e93600/gnocchi.6f8a960c-97ff-48fa-8352-3cf701b3d73c/1764720000.0_mean_300.0_v3 HTTP/1.0 404 - python-swiftclient-3.11.1 gAAAAABpMNxrmRHQ... - 70 - tx9ffed3a1ca554674b34a7-006930dcea - 0.0089 - - 1764809962.299466133 1764809962.308381081 0
Dec 4 00:59:22 standalone container-server[127516]: 172.20.0.100 - - [04/Dec/2025:00:59:22 +0000] "PUT /d1/602/AUTH_ae7fe12107834a939f075e57d1e93600/gnocchi.6f8a960c-97ff-48fa-8352-3cf701b3d73c/1764720000.0_mean_300.0_v3" 201 - "PUT http://172.18.0.2:8080/d1/63/AUTH_ae7fe12107834a939f075e57d1e93600/gnocchi.6f8a960c-97ff-48fa-8352-3cf701b3d73c/1764720000.0_mean_300.0_v3" "txa59a00041fbc48e695e16-006930dcea" "object-server 22" 0.0007 "-" 21 0
Dec 4 00:59:22 standalone object-server[127675]: 172.20.0.100 - - [04/Dec/2025:00:59:22 +0000] "PUT /d1/63/AUTH_ae7fe12107834a939f075e57d1e93600/gnocchi.6f8a960c-97ff-48fa-8352-3cf701b3d73c/1764720000.0_mean_300.0_v3" 201 - "PUT http://172.18.0.2:8080/v1/AUTH_ae7fe12107834a939f075e57d1e93600/gnocchi.6f8a960c-97ff-48fa-8352-3cf701b3d73c/1764720000.0_mean_300.0_v3" "txa59a00041fbc48e695e16-006930dcea" "proxy-server 20" 0.0131 "-" 22 0
Dec 4 00:59:22 standalone proxy-server[129697]: 172.18.0.2 172.18.0.100 04/Dec/2025/00/59/22 PUT /v1/AUTH_ae7fe12107834a939f075e57d1e93600/gnocchi.6f8a960c-97ff-48fa-8352-3cf701b3d73c/1764720000.0_mean_300.0_v3 HTTP/1.0 201 - python-swiftclient-3.11.1 gAAAAABpMNxrmRHQ... 16 - - txa59a00041fbc48e695e16-006930dcea - 0.0213 - - 1764809962.312623501 1764809962.333896399 0
Dec 4 00:59:22 standalone container-server[127482]: 172.20.0.100 - - [04/Dec/2025:00:59:22 +0000] "PUT /d1/602/AUTH_ae7fe12107834a939f075e57d1e93600/gnocchi.6f8a960c-97ff-48fa-8352-3cf701b3d73c/none_v3" 201 - "PUT http://172.18.0.2:8080/d1/131/AUTH_ae7fe12107834a939f075e57d1e93600/gnocchi.6f8a960c-97ff-48fa-8352-3cf701b3d73c/none_v3" "txefbf70b4e9e54f1d84da9-006930dcea" "object-server 24" 0.0010 "-" 20 0
Dec 4 00:59:22 standalone object-server[127677]: 172.20.0.100 - - [04/Dec/2025:00:59:22 +0000] "PUT /d1/131/AUTH_ae7fe12107834a939f075e57d1e93600/gnocchi.6f8a960c-97ff-48fa-8352-3cf701b3d73c/none_v3" 201 - "PUT http://172.18.0.2:8080/v1/AUTH_ae7fe12107834a939f075e57d1e93600/gnocchi.6f8a960c-97ff-48fa-8352-3cf701b3d73c/none_v3" "txefbf70b4e9e54f1d84da9-006930dcea" "proxy-server 20" 0.0114 "-" 24 0
Dec 4 00:59:22 standalone proxy-server[129697]: 172.18.0.2 172.18.0.100 04/Dec/2025/00/59/22 PUT /v1/AUTH_ae7fe12107834a939f075e57d1e93600/gnocchi.6f8a960c-97ff-48fa-8352-3cf701b3d73c/none_v3 HTTP/1.0 201 - python-swiftclient-3.11.1 gAAAAABpMNxrmRHQ... 22 - - txefbf70b4e9e54f1d84da9-006930dcea - 0.0182 - - 1764809962.337393045 1764809962.355589867 0
Dec 4 00:59:23 standalone account-server[127343]: 172.20.0.100 - - [04/Dec/2025:00:59:23 +0000] "HEAD /d1/778/AUTH_ae7fe12107834a939f075e57d1e93600" 204 - "HEAD http://172.18.0.2:8080/v1/AUTH_ae7fe12107834a939f075e57d1e93600?format=json" "tx5d928ede01524588a1898-006930dceb" "proxy-server 20" 0.0059 "-" 21 -
Dec 4 00:59:23 standalone proxy-server[129697]: - - 04/Dec/2025/00/59/23 HEAD /v1/AUTH_ae7fe12107834a939f075e57d1e93600%3Fformat%3Djson HTTP/1.0 204 - Swift - - - - tx5d928ede01524588a1898-006930dceb - 0.0113 RL - 1764809963.370874643 1764809963.382136822 -
Dec 4 00:59:23 standalone object-server[127679]: 172.20.0.100 - - [04/Dec/2025:00:59:23 +0000] "GET /d1/131/AUTH_ae7fe12107834a939f075e57d1e93600/gnocchi.6f8a960c-97ff-48fa-8352-3cf701b3d73c/none_v3" 200 22 "GET http://172.18.0.2:8080/v1/AUTH_ae7fe12107834a939f075e57d1e93600/gnocchi.6f8a960c-97ff-48fa-8352-3cf701b3d73c/none_v3" "tx5d928ede01524588a1898-006930dceb" "proxy-server 20" 0.0019 "-" 25 0
Dec 4 00:59:23 standalone proxy-server[129697]: 172.18.0.2 172.18.0.100 04/Dec/2025/00/59/23 GET /v1/AUTH_ae7fe12107834a939f075e57d1e93600/gnocchi.6f8a960c-97ff-48fa-8352-3cf701b3d73c/none_v3 HTTP/1.0 200 - python-swiftclient-3.11.1 gAAAAABpMNxrmRHQ... - 22 - tx5d928ede01524588a1898-006930dceb - 0.0264 - - 1764809963.369089842 1764809963.395535469 0
Dec 4 00:59:23 standalone container-server[127538]: 172.20.0.100 - - [04/Dec/2025:00:59:23 +0000] "GET /d1/602/AUTH_ae7fe12107834a939f075e57d1e93600/gnocchi.6f8a960c-97ff-48fa-8352-3cf701b3d73c" 200 357 "GET http://172.18.0.2:8080/v1/AUTH_ae7fe12107834a939f075e57d1e93600/gnocchi.6f8a960c-97ff-48fa-8352-3cf701b3d73c?format=json&states=listing" "tx63ee6e321c51445aa0aee-006930dceb" "proxy-server 20" 0.0109 "-" 23 0
Dec 4 00:59:23 standalone proxy-server[129697]: 172.18.0.2 172.18.0.100 04/Dec/2025/00/59/23 GET /v1/AUTH_ae7fe12107834a939f075e57d1e93600/gnocchi.6f8a960c-97ff-48fa-8352-3cf701b3d73c%3Fformat%3Djson%26states%3Dlisting HTTP/1.0 200 - python-swiftclient-3.11.1 gAAAAABpMNxrmRHQ... - 357 - tx63ee6e321c51445aa0aee-006930dceb - 0.0220 - - 1764809963.400802612 1764809963.422830582 0
Dec 4 00:59:23 standalone container-server[127482]: 172.20.0.100 - - [04/Dec/2025:00:59:23 +0000] "GET /d1/602/AUTH_ae7fe12107834a939f075e57d1e93600/gnocchi.6f8a960c-97ff-48fa-8352-3cf701b3d73c" 200 2 "GET http://172.18.0.2:8080/v1/AUTH_ae7fe12107834a939f075e57d1e93600/gnocchi.6f8a960c-97ff-48fa-8352-3cf701b3d73c?format=json&marker=none_v3&states=listing" "tx27aa0add611a4de2836ce-006930dceb" "proxy-server 20" 0.0024 "-" 20 0
Dec 4 00:59:23 standalone proxy-server[129697]: 172.18.0.2 172.18.0.100 04/Dec/2025/00/59/23 GET /v1/AUTH_ae7fe12107834a939f075e57d1e93600/gnocchi.6f8a960c-97ff-48fa-8352-3cf701b3d73c%3Fformat%3Djson%26marker%3Dnone_v3%26states%3Dlisting HTTP/1.0 200 - python-swiftclient-3.11.1 gAAAAABpMNxrmRHQ... - 2 - tx27aa0add611a4de2836ce-006930dceb - 0.0123 - - 1764809963.427024841 1764809963.439283371 0
Dec 4 00:59:23 standalone object-server[127677]: 172.20.0.100 - - [04/Dec/2025:00:59:23 +0000] "GET /d1/63/AUTH_ae7fe12107834a939f075e57d1e93600/gnocchi.6f8a960c-97ff-48fa-8352-3cf701b3d73c/1764720000.0_mean_300.0_v3" 200 16 "GET http://172.18.0.2:8080/v1/AUTH_ae7fe12107834a939f075e57d1e93600/gnocchi.6f8a960c-97ff-48fa-8352-3cf701b3d73c/1764720000.0_mean_300.0_v3" "tx677a9acbc21e492c93507-006930dceb" "proxy-server 20" 0.0017 "-" 24 0
Dec 4 00:59:23 standalone proxy-server[129697]: 172.18.0.2 172.18.0.100 04/Dec/2025/00/59/23 GET /v1/AUTH_ae7fe12107834a939f075e57d1e93600/gnocchi.6f8a960c-97ff-48fa-8352-3cf701b3d73c/1764720000.0_mean_300.0_v3 HTTP/1.0 200 - python-swiftclient-3.11.1 gAAAAABpMNxrmRHQ... - 16 - tx677a9acbc21e492c93507-006930dceb - 0.0112 - - 1764809963.444188595 1764809963.455426455 0
Dec 4 00:59:23 standalone container-server[127516]: 172.20.0.100 - - [04/Dec/2025:00:59:23 +0000] "PUT /d1/602/AUTH_ae7fe12107834a939f075e57d1e93600/gnocchi.6f8a960c-97ff-48fa-8352-3cf701b3d73c/1764720000.0_mean_300.0_v3" 201 - "PUT http://172.18.0.2:8080/d1/63/AUTH_ae7fe12107834a939f075e57d1e93600/gnocchi.6f8a960c-97ff-48fa-8352-3cf701b3d73c/1764720000.0_mean_300.0_v3" "tx23de06bf94aa4ea5b53cd-006930dceb" "object-server 25" 0.0011 "-" 21 0
Dec 4 00:59:23 standalone object-server[127679]: 172.20.0.100 - - [04/Dec/2025:00:59:23 +0000] "PUT /d1/63/AUTH_ae7fe12107834a939f075e57d1e93600/gnocchi.6f8a960c-97ff-48fa-8352-3cf701b3d73c/1764720000.0_mean_300.0_v3" 201 - "PUT http://172.18.0.2:8080/v1/AUTH_ae7fe12107834a939f075e57d1e93600/gnocchi.6f8a960c-97ff-48fa-8352-3cf701b3d73c/1764720000.0_mean_300.0_v3" "tx23de06bf94aa4ea5b53cd-006930dceb" "proxy-server 20" 0.0151 "-" 25 0
Dec 4 00:59:23 standalone proxy-server[129697]: 172.18.0.2 172.18.0.100 04/Dec/2025/00/59/23 PUT /v1/AUTH_ae7fe12107834a939f075e57d1e93600/gnocchi.6f8a960c-97ff-48fa-8352-3cf701b3d73c/1764720000.0_mean_300.0_v3 HTTP/1.0 201 - python-swiftclient-3.11.1 gAAAAABpMNxrmRHQ... 16 - - tx23de06bf94aa4ea5b53cd-006930dceb - 0.0249 - - 1764809963.463806391 1764809963.488716841 0
Dec 4 00:59:23 standalone container-server[127516]: 172.20.0.100 - - [04/Dec/2025:00:59:23 +0000] "PUT /d1/602/AUTH_ae7fe12107834a939f075e57d1e93600/gnocchi.6f8a960c-97ff-48fa-8352-3cf701b3d73c/none_v3" 201 - "PUT http://172.18.0.2:8080/d1/131/AUTH_ae7fe12107834a939f075e57d1e93600/gnocchi.6f8a960c-97ff-48fa-8352-3cf701b3d73c/none_v3" "txa630de8097014481acc57-006930dceb" "object-server 25" 0.0007 "-" 21 0
Dec 4 00:59:23 standalone object-server[127679]: 172.20.0.100 - - [04/Dec/2025:00:59:23 +0000] "PUT /d1/131/AUTH_ae7fe12107834a939f075e57d1e93600/gnocchi.6f8a960c-97ff-48fa-8352-3cf701b3d73c/none_v3" 201 - "PUT http://172.18.0.2:8080/v1/AUTH_ae7fe12107834a939f075e57d1e93600/gnocchi.6f8a960c-97ff-48fa-8352-3cf701b3d73c/none_v3" "txa630de8097014481acc57-006930dceb" "proxy-server 20" 0.0103 "-" 25 0
Dec 4 00:59:23 standalone proxy-server[129697]: 172.18.0.2 172.18.0.100 04/Dec/2025/00/59/23 PUT /v1/AUTH_ae7fe12107834a939f075e57d1e93600/gnocchi.6f8a960c-97ff-48fa-8352-3cf701b3d73c/none_v3 HTTP/1.0 201 - python-swiftclient-3.11.1 gAAAAABpMNxrmRHQ... 31 - - txa630de8097014481acc57-006930dceb - 0.0157 - - 1764809963.492198467 1764809963.507916212 0
Dec 4 00:59:30 standalone container-server[127516]: 172.20.0.100 - - [04/Dec/2025:00:59:30 +0000] "HEAD /d1/525/AUTH_ae7fe12107834a939f075e57d1e93600/gnocchi.6c36d45b-c7a7-4a46-8d7d-8d9448ad300b" 404 - "HEAD http://172.18.0.2:8080/v1/AUTH_ae7fe12107834a939f075e57d1e93600/gnocchi.6c36d45b-c7a7-4a46-8d7d-8d9448ad300b?format=json&states=listing" "txc259de94a4a64a378a816-006930dcf2" "proxy-server 20" 0.0007 "-" 21 0
Dec 4 00:59:30 standalone object-server[127675]: 172.20.0.100 - - [04/Dec/2025:00:59:30 +0000] "GET /d1/72/AUTH_ae7fe12107834a939f075e57d1e93600/gnocchi.6c36d45b-c7a7-4a46-8d7d-8d9448ad300b/none_v3" 404 70 "GET http://172.18.0.2:8080/v1/AUTH_ae7fe12107834a939f075e57d1e93600/gnocchi.6c36d45b-c7a7-4a46-8d7d-8d9448ad300b/none_v3" "txc259de94a4a64a378a816-006930dcf2" "proxy-server 20" 0.0005 "-" 22 0
Dec 4 00:59:30 standalone proxy-server[129697]: 172.18.0.2 172.18.0.100 04/Dec/2025/00/59/30 GET /v1/AUTH_ae7fe12107834a939f075e57d1e93600/gnocchi.6c36d45b-c7a7-4a46-8d7d-8d9448ad300b/none_v3 HTTP/1.0 404 - python-swiftclient-3.11.1 gAAAAABpMNxrmRHQ... - 70 - txc259de94a4a64a378a816-006930dcf2 - 0.0111 - - 1764809970.300025940 1764809970.311086178 0
Dec 4 00:59:30 standalone account-server[127313]: 172.20.0.100 - - [04/Dec/2025:00:59:30 +0000] "PUT /d1/778/AUTH_ae7fe12107834a939f075e57d1e93600/gnocchi.6c36d45b-c7a7-4a46-8d7d-8d9448ad300b" 201 - "PUT http://172.20.0.100:6001/d1/525/AUTH_ae7fe12107834a939f075e57d1e93600/gnocchi.6c36d45b-c7a7-4a46-8d7d-8d9448ad300b" "tx1827824d5e00464d879d8-006930dcf2" "container-server 22" 0.0034 "-" 17 0
Dec 4 00:59:30 standalone container-server[127534]: 172.20.0.100 - - [04/Dec/2025:00:59:30 +0000] "PUT /d1/525/AUTH_ae7fe12107834a939f075e57d1e93600/gnocchi.6c36d45b-c7a7-4a46-8d7d-8d9448ad300b" 201 - "PUT http://172.18.0.2:8080/v1/AUTH_ae7fe12107834a939f075e57d1e93600/gnocchi.6c36d45b-c7a7-4a46-8d7d-8d9448ad300b" "tx1827824d5e00464d879d8-006930dcf2" "proxy-server 20" 0.0164 "-" 22 0
Dec 4 00:59:30 standalone proxy-server[129697]: 172.18.0.2 172.18.0.100 04/Dec/2025/00/59/30 PUT /v1/AUTH_ae7fe12107834a939f075e57d1e93600/gnocchi.6c36d45b-c7a7-4a46-8d7d-8d9448ad300b HTTP/1.0 201 - python-swiftclient-3.11.1 gAAAAABpMNxrmRHQ... - - - tx1827824d5e00464d879d8-006930dcf2 - 0.0219 - - 1764809970.317821264 1764809970.339728355 0
Dec 4 00:59:30 standalone container-server[127482]: 172.20.0.100 - - [04/Dec/2025:00:59:30 +0000] "HEAD /d1/525/AUTH_ae7fe12107834a939f075e57d1e93600/gnocchi.6c36d45b-c7a7-4a46-8d7d-8d9448ad300b" 204 - "HEAD http://172.18.0.2:8080/v1/AUTH_ae7fe12107834a939f075e57d1e93600/gnocchi.6c36d45b-c7a7-4a46-8d7d-8d9448ad300b?format=json&states=listing" "tx93028fd0a961495a98f78-006930dcf2" "proxy-server 20" 0.0022 "-" 20 0
Dec 4 00:59:30 standalone proxy-server[129697]: - - 04/Dec/2025/00/59/30 HEAD /v1/AUTH_ae7fe12107834a939f075e57d1e93600/gnocchi.6c36d45b-c7a7-4a46-8d7d-8d9448ad300b%3Fformat%3Djson%26states%3Dlisting HTTP/1.0 204 - Swift - - - - tx93028fd0a961495a98f78-006930dcf2 - 0.0059 RL - 1764809970.345563412 1764809970.351451635 0
Dec 4 00:59:30 standalone container-server[127534]: 172.20.0.100 - - [04/Dec/2025:00:59:30 +0000] "GET /d1/525/AUTH_ae7fe12107834a939f075e57d1e93600/gnocchi.6c36d45b-c7a7-4a46-8d7d-8d9448ad300b" 200 2 "GET http://172.18.0.2:8080/v1/AUTH_ae7fe12107834a939f075e57d1e93600/gnocchi.6c36d45b-c7a7-4a46-8d7d-8d9448ad300b?format=json&states=listing" "tx93028fd0a961495a98f78-006930dcf2" "proxy-server 20" 0.0027 "-" 22 0
Dec 4 00:59:30 standalone proxy-server[129697]: 172.18.0.2 172.18.0.100 04/Dec/2025/00/59/30 GET /v1/AUTH_ae7fe12107834a939f075e57d1e93600/gnocchi.6c36d45b-c7a7-4a46-8d7d-8d9448ad300b%3Fformat%3Djson%26states%3Dlisting HTTP/1.0 200 - python-swiftclient-3.11.1 gAAAAABpMNxrmRHQ... - 2 - tx93028fd0a961495a98f78-006930dcf2 - 0.0149 - - 1764809970.344632149 1764809970.359537125 0
Dec 4 00:59:30 standalone object-server[127677]: 172.20.0.100 - - [04/Dec/2025:00:59:30 +0000] "GET /d1/1001/AUTH_ae7fe12107834a939f075e57d1e93600/gnocchi.6c36d45b-c7a7-4a46-8d7d-8d9448ad300b/1764720000.0_mean_300.0_v3" 404 70 "GET http://172.18.0.2:8080/v1/AUTH_ae7fe12107834a939f075e57d1e93600/gnocchi.6c36d45b-c7a7-4a46-8d7d-8d9448ad300b/1764720000.0_mean_300.0_v3" "tx3961b46a3b914ea9be992-006930dcf2" "proxy-server 20" 0.0005 "-" 24 0
Dec 4 00:59:30 standalone proxy-server[129697]: 172.18.0.2 172.18.0.100 04/Dec/2025/00/59/30 GET /v1/AUTH_ae7fe12107834a939f075e57d1e93600/gnocchi.6c36d45b-c7a7-4a46-8d7d-8d9448ad300b/1764720000.0_mean_300.0_v3 HTTP/1.0 404 - python-swiftclient-3.11.1 gAAAAABpMNxrmRHQ... - 70 - tx3961b46a3b914ea9be992-006930dcf2 - 0.0138 - - 1764809970.364733934 1764809970.378484726 0
Dec 4 00:59:30 standalone container-server[127482]: 172.20.0.100 - - [04/Dec/2025:00:59:30 +0000] "PUT /d1/525/AUTH_ae7fe12107834a939f075e57d1e93600/gnocchi.6c36d45b-c7a7-4a46-8d7d-8d9448ad300b/1764720000.0_mean_300.0_v3" 201 - "PUT http://172.18.0.2:8080/d1/1001/AUTH_ae7fe12107834a939f075e57d1e93600/gnocchi.6c36d45b-c7a7-4a46-8d7d-8d9448ad300b/1764720000.0_mean_300.0_v3" "txecb1ee3bf4b448f9a35bf-006930dcf2" "object-server 22" 0.0009 "-" 20 0
Dec 4 00:59:30 standalone object-server[127675]: 172.20.0.100 - - [04/Dec/2025:00:59:30 +0000] "PUT /d1/1001/AUTH_ae7fe12107834a939f075e57d1e93600/gnocchi.6c36d45b-c7a7-4a46-8d7d-8d9448ad300b/1764720000.0_mean_300.0_v3" 201 - "PUT http://172.18.0.2:8080/v1/AUTH_ae7fe12107834a939f075e57d1e93600/gnocchi.6c36d45b-c7a7-4a46-8d7d-8d9448ad300b/1764720000.0_mean_300.0_v3" "txecb1ee3bf4b448f9a35bf-006930dcf2" "proxy-server 20" 0.0097 "-" 22 0
Dec 4 00:59:30 standalone proxy-server[129697]: 172.18.0.2 172.18.0.100 04/Dec/2025/00/59/30 PUT /v1/AUTH_ae7fe12107834a939f075e57d1e93600/gnocchi.6c36d45b-c7a7-4a46-8d7d-8d9448ad300b/1764720000.0_mean_300.0_v3 HTTP/1.0 201 - python-swiftclient-3.11.1 gAAAAABpMNxrmRHQ... 16 - - txecb1ee3bf4b448f9a35bf-006930dcf2 - 0.0170 - - 1764809970.382426023 1764809970.399447918 0
Dec 4 00:59:30 standalone container-server[127538]: 172.20.0.100 - - [04/Dec/2025:00:59:30 +0000] "PUT /d1/525/AUTH_ae7fe12107834a939f075e57d1e93600/gnocchi.6c36d45b-c7a7-4a46-8d7d-8d9448ad300b/none_v3" 201 - "PUT http://172.18.0.2:8080/d1/72/AUTH_ae7fe12107834a939f075e57d1e93600/gnocchi.6c36d45b-c7a7-4a46-8d7d-8d9448ad300b/none_v3" "tx37c92b2acac74171bc187-006930dcf2" "object-server 23" 0.0005 "-" 23 0
Dec 4 00:59:30 standalone object-server[127676]: 172.20.0.100 - - [04/Dec/2025:00:59:30 +0000] "PUT /d1/72/AUTH_ae7fe12107834a939f075e57d1e93600/gnocchi.6c36d45b-c7a7-4a46-8d7d-8d9448ad300b/none_v3" 201 - "PUT http://172.18.0.2:8080/v1/AUTH_ae7fe12107834a939f075e57d1e93600/gnocchi.6c36d45b-c7a7-4a46-8d7d-8d9448ad300b/none_v3" "tx37c92b2acac74171bc187-006930dcf2" "proxy-server 20" 0.0147 "-" 23 0
Dec 4 00:59:30 standalone proxy-server[129697]: 172.18.0.2 172.18.0.100 04/Dec/2025/00/59/30 PUT /v1/AUTH_ae7fe12107834a939f075e57d1e93600/gnocchi.6c36d45b-c7a7-4a46-8d7d-8d9448ad300b/none_v3 HTTP/1.0 201 - python-swiftclient-3.11.1 gAAAAABpMNxrmRHQ... 22 - - tx37c92b2acac74171bc187-006930dcf2 - 0.0235 - - 1764809970.404455900 1764809970.427952051 0
Dec 4 00:59:30 standalone container-server[127516]: 172.20.0.100 - - [04/Dec/2025:00:59:30 +0000] "HEAD /d1/679/AUTH_ae7fe12107834a939f075e57d1e93600/gnocchi.bf71a572-ced7-438d-a98e-4c38868711ed" 404 - "HEAD http://172.18.0.2:8080/v1/AUTH_ae7fe12107834a939f075e57d1e93600/gnocchi.bf71a572-ced7-438d-a98e-4c38868711ed?format=json&states=listing" "txa5bc6c9809c94094a6607-006930dcf2" "proxy-server 20" 0.0005 "-" 21 0
Dec 4 00:59:30 standalone object-server[127677]: 172.20.0.100 - - [04/Dec/2025:00:59:30 +0000] "GET /d1/468/AUTH_ae7fe12107834a939f075e57d1e93600/gnocchi.bf71a572-ced7-438d-a98e-4c38868711ed/none_v3" 404 70 "GET http://172.18.0.2:8080/v1/AUTH_ae7fe12107834a939f075e57d1e93600/gnocchi.bf71a572-ced7-438d-a98e-4c38868711ed/none_v3" "txa5bc6c9809c94094a6607-006930dcf2" "proxy-server 20" 0.0006 "-" 24 0
Dec 4 00:59:30 standalone proxy-server[129697]: 172.18.0.2 172.18.0.100 04/Dec/2025/00/59/30 GET /v1/AUTH_ae7fe12107834a939f075e57d1e93600/gnocchi.bf71a572-ced7-438d-a98e-4c38868711ed/none_v3 HTTP/1.0 404 - python-swiftclient-3.11.1 gAAAAABpMNxrmRHQ... - 70 - txa5bc6c9809c94094a6607-006930dcf2 - 0.0148 - - 1764809970.481082678 1764809970.495872736 0
Dec 4 00:59:30 standalone account-server[127343]: 172.20.0.100 - - [04/Dec/2025:00:59:30 +0000] "PUT /d1/778/AUTH_ae7fe12107834a939f075e57d1e93600/gnocchi.bf71a572-ced7-438d-a98e-4c38868711ed" 201 - "PUT http://172.20.0.100:6001/d1/679/AUTH_ae7fe12107834a939f075e57d1e93600/gnocchi.bf71a572-ced7-438d-a98e-4c38868711ed" "tx69bbdaa973a84a1ebcff6-006930dcf2" "container-server 23" 0.0062 "-" 21 0
Dec 4 00:59:30 standalone container-server[127538]: 172.20.0.100 - - [04/Dec/2025:00:59:30 +0000] "PUT /d1/679/AUTH_ae7fe12107834a939f075e57d1e93600/gnocchi.bf71a572-ced7-438d-a98e-4c38868711ed" 201 - "PUT http://172.18.0.2:8080/v1/AUTH_ae7fe12107834a939f075e57d1e93600/gnocchi.bf71a572-ced7-438d-a98e-4c38868711ed" "tx69bbdaa973a84a1ebcff6-006930dcf2" "proxy-server 20" 0.0167 "-" 23 0
Dec 4 00:59:30 standalone proxy-server[129697]: 172.18.0.2 172.18.0.100 04/Dec/2025/00/59/30 PUT /v1/AUTH_ae7fe12107834a939f075e57d1e93600/gnocchi.bf71a572-ced7-438d-a98e-4c38868711ed HTTP/1.0 201 - python-swiftclient-3.11.1 gAAAAABpMNxrmRHQ... - - - tx69bbdaa973a84a1ebcff6-006930dcf2 - 0.0254 - - 1764809970.498958826 1764809970.524348021 0
Dec 4 00:59:30 standalone container-server[127482]: 172.20.0.100 - - [04/Dec/2025:00:59:30 +0000] "HEAD /d1/679/AUTH_ae7fe12107834a939f075e57d1e93600/gnocchi.bf71a572-ced7-438d-a98e-4c38868711ed" 204 - "HEAD http://172.18.0.2:8080/v1/AUTH_ae7fe12107834a939f075e57d1e93600/gnocchi.bf71a572-ced7-438d-a98e-4c38868711ed?format=json&states=listing" "tx17ae7e453d7b46f4b4eb1-006930dcf2" "proxy-server 20" 0.0016 "-" 20 0
Dec 4 00:59:30 standalone proxy-server[129697]: - - 04/Dec/2025/00/59/30 HEAD /v1/AUTH_ae7fe12107834a939f075e57d1e93600/gnocchi.bf71a572-ced7-438d-a98e-4c38868711ed%3Fformat%3Djson%26states%3Dlisting HTTP/1.0 204 - Swift - - - - tx17ae7e453d7b46f4b4eb1-006930dcf2 - 0.0088 RL - 1764809970.529942989 1764809970.538717031 0
Dec 4 00:59:30 standalone container-server[127538]: 172.20.0.100 - - [04/Dec/2025:00:59:30 +0000] "GET /d1/679/AUTH_ae7fe12107834a939f075e57d1e93600/gnocchi.bf71a572-ced7-438d-a98e-4c38868711ed" 200 2 "GET http://172.18.0.2:8080/v1/AUTH_ae7fe12107834a939f075e57d1e93600/gnocchi.bf71a572-ced7-438d-a98e-4c38868711ed?format=json&states=listing" "tx17ae7e453d7b46f4b4eb1-006930dcf2" "proxy-server 20" 0.0017 "-" 23 0
Dec 4 00:59:30 standalone proxy-server[129697]: 172.18.0.2 172.18.0.100 04/Dec/2025/00/59/30 GET /v1/AUTH_ae7fe12107834a939f075e57d1e93600/gnocchi.bf71a572-ced7-438d-a98e-4c38868711ed%3Fformat%3Djson%26states%3Dlisting HTTP/1.0 200 - python-swiftclient-3.11.1 gAAAAABpMNxrmRHQ... - 2 - tx17ae7e453d7b46f4b4eb1-006930dcf2 - 0.0216 - - 1764809970.528660536 1764809970.550230026 0
Dec 4 00:59:30 standalone object-server[127679]: 172.20.0.100 - - [04/Dec/2025:00:59:30 +0000] "GET /d1/779/AUTH_ae7fe12107834a939f075e57d1e93600/gnocchi.bf71a572-ced7-438d-a98e-4c38868711ed/1764720000.0_mean_300.0_v3" 404 70 "GET http://172.18.0.2:8080/v1/AUTH_ae7fe12107834a939f075e57d1e93600/gnocchi.bf71a572-ced7-438d-a98e-4c38868711ed/1764720000.0_mean_300.0_v3" "txc78c6dfa6fd5465784f78-006930dcf2" "proxy-server 20" 0.0004 "-" 25 0
Dec 4 00:59:30 standalone proxy-server[129697]: 172.18.0.2 172.18.0.100 04/Dec/2025/00/59/30 GET /v1/AUTH_ae7fe12107834a939f075e57d1e93600/gnocchi.bf71a572-ced7-438d-a98e-4c38868711ed/1764720000.0_mean_300.0_v3 HTTP/1.0 404 - python-swiftclient-3.11.1 gAAAAABpMNxrmRHQ... - 70 - txc78c6dfa6fd5465784f78-006930dcf2 - 0.0066 - - 1764809970.554313183 1764809970.560928583 0
Dec 4 00:59:30 standalone container-server[127538]: 172.20.0.100 - - [04/Dec/2025:00:59:30 +0000] "PUT /d1/679/AUTH_ae7fe12107834a939f075e57d1e93600/gnocchi.bf71a572-ced7-438d-a98e-4c38868711ed/1764720000.0_mean_300.0_v3" 201 - "PUT http://172.18.0.2:8080/d1/779/AUTH_ae7fe12107834a939f075e57d1e93600/gnocchi.bf71a572-ced7-438d-a98e-4c38868711ed/1764720000.0_mean_300.0_v3" "tx19dc20755aff453c8a034-006930dcf2" "object-server 25" 0.0006 "-" 23 0
Dec 4 00:59:30 standalone object-server[127679]: 172.20.0.100 - - [04/Dec/2025:00:59:30 +0000] "PUT /d1/779/AUTH_ae7fe12107834a939f075e57d1e93600/gnocchi.bf71a572-ced7-438d-a98e-4c38868711ed/1764720000.0_mean_300.0_v3" 201 - "PUT http://172.18.0.2:8080/v1/AUTH_ae7fe12107834a939f075e57d1e93600/gnocchi.bf71a572-ced7-438d-a98e-4c38868711ed/1764720000.0_mean_300.0_v3" "tx19dc20755aff453c8a034-006930dcf2" "proxy-server 20" 0.0079 "-" 25 0
Dec 4 00:59:30 standalone proxy-server[129697]: 172.18.0.2 172.18.0.100 04/Dec/2025/00/59/30 PUT /v1/AUTH_ae7fe12107834a939f075e57d1e93600/gnocchi.bf71a572-ced7-438d-a98e-4c38868711ed/1764720000.0_mean_300.0_v3 HTTP/1.0 201 - python-swiftclient-3.11.1 gAAAAABpMNxrmRHQ... 16 - - tx19dc20755aff453c8a034-006930dcf2 - 0.0153 - - 1764809970.564518929 1764809970.579798937 0
Dec 4 00:59:30 standalone container-server[127534]: 172.20.0.100 - - [04/Dec/2025:00:59:30 +0000] "PUT /d1/679/AUTH_ae7fe12107834a939f075e57d1e93600/gnocchi.bf71a572-ced7-438d-a98e-4c38868711ed/none_v3" 201 - "PUT http://172.18.0.2:8080/d1/468/AUTH_ae7fe12107834a939f075e57d1e93600/gnocchi.bf71a572-ced7-438d-a98e-4c38868711ed/none_v3" "tx37c29abe4e7b4ef887165-006930dcf2" "object-server 22" 0.0005 "-" 22 0
Dec 4 00:59:30 standalone object-server[127675]: 172.20.0.100 - - [04/Dec/2025:00:59:30 +0000] "PUT /d1/468/AUTH_ae7fe12107834a939f075e57d1e93600/gnocchi.bf71a572-ced7-438d-a98e-4c38868711ed/none_v3" 201 - "PUT http://172.18.0.2:8080/v1/AUTH_ae7fe12107834a939f075e57d1e93600/gnocchi.bf71a572-ced7-438d-a98e-4c38868711ed/none_v3" "tx37c29abe4e7b4ef887165-006930dcf2" "proxy-server 20" 0.0082 "-" 22 0
Dec 4 00:59:30 standalone proxy-server[129697]: 172.18.0.2 172.18.0.100 04/Dec/2025/00/59/30 PUT /v1/AUTH_ae7fe12107834a939f075e57d1e93600/gnocchi.bf71a572-ced7-438d-a98e-4c38868711ed/none_v3 HTTP/1.0 201 - python-swiftclient-3.11.1 gAAAAABpMNxrmRHQ... 22 - - tx37c29abe4e7b4ef887165-006930dcf2 - 0.0141 - - 1764809970.582784653 1764809970.596874714 0
Dec 4 00:59:30 standalone container-server[127534]: 172.20.0.100 - - [04/Dec/2025:00:59:30 +0000] "HEAD /d1/157/AUTH_ae7fe12107834a939f075e57d1e93600/gnocchi.ea2eb3b0-2e25-47a4-b49c-cba3de1088ac" 404 - "HEAD http://172.18.0.2:8080/v1/AUTH_ae7fe12107834a939f075e57d1e93600/gnocchi.ea2eb3b0-2e25-47a4-b49c-cba3de1088ac?format=json&states=listing" "tx4bd63802f18244e6baba2-006930dcf2" "proxy-server 20" 0.0005 "-" 22 0
Dec 4 00:59:30 standalone object-server[127677]: 172.20.0.100 - - [04/Dec/2025:00:59:30 +0000] "GET /d1/150/AUTH_ae7fe12107834a939f075e57d1e93600/gnocchi.ea2eb3b0-2e25-47a4-b49c-cba3de1088ac/none_v3" 404 70 "GET http://172.18.0.2:8080/v1/AUTH_ae7fe12107834a939f075e57d1e93600/gnocchi.ea2eb3b0-2e25-47a4-b49c-cba3de1088ac/none_v3" "tx4bd63802f18244e6baba2-006930dcf2" "proxy-server 20" 0.0004 "-" 24 0
Dec 4 00:59:30 standalone proxy-server[129697]: 172.18.0.2 172.18.0.100 04/Dec/2025/00/59/30 GET /v1/AUTH_ae7fe12107834a939f075e57d1e93600/gnocchi.ea2eb3b0-2e25-47a4-b49c-cba3de1088ac/none_v3 HTTP/1.0 404 - python-swiftclient-3.11.1 gAAAAABpMNxrmRHQ... - 70 - tx4bd63802f18244e6baba2-006930dcf2 - 0.0108 - - 1764809970.607368231 1764809970.618134260 0
Dec 4 00:59:30 standalone account-server[127327]: 172.20.0.100 - - [04/Dec/2025:00:59:30 +0000] "PUT /d1/778/AUTH_ae7fe12107834a939f075e57d1e93600/gnocchi.ea2eb3b0-2e25-47a4-b49c-cba3de1088ac" 201 - "PUT http://172.20.0.100:6001/d1/157/AUTH_ae7fe12107834a939f075e57d1e93600/gnocchi.ea2eb3b0-2e25-47a4-b49c-cba3de1088ac" "tx353d6bb3ea4b4fbf821dc-006930dcf2" "container-server 20" 0.0048 "-" 19 0
Dec 4 00:59:30 standalone container-server[127482]: 172.20.0.100 - - [04/Dec/2025:00:59:30 +0000] "PUT /d1/157/AUTH_ae7fe12107834a939f075e57d1e93600/gnocchi.ea2eb3b0-2e25-47a4-b49c-cba3de1088ac" 201 - "PUT http://172.18.0.2:8080/v1/AUTH_ae7fe12107834a939f075e57d1e93600/gnocchi.ea2eb3b0-2e25-47a4-b49c-cba3de1088ac" "tx353d6bb3ea4b4fbf821dc-006930dcf2" "proxy-server 20" 0.0171 "-" 20 0
Dec 4 00:59:30 standalone proxy-server[129697]: 172.18.0.2 172.18.0.100 04/Dec/2025/00/59/30 PUT /v1/AUTH_ae7fe12107834a939f075e57d1e93600/gnocchi.ea2eb3b0-2e25-47a4-b49c-cba3de1088ac HTTP/1.0 201 - python-swiftclient-3.11.1 gAAAAABpMNxrmRHQ... - - - tx353d6bb3ea4b4fbf821dc-006930dcf2 - 0.0229 - - 1764809970.621022940 1764809970.643944263 0
Dec 4 00:59:30 standalone container-server[127538]: 172.20.0.100 - - [04/Dec/2025:00:59:30 +0000] "HEAD /d1/157/AUTH_ae7fe12107834a939f075e57d1e93600/gnocchi.ea2eb3b0-2e25-47a4-b49c-cba3de1088ac" 204 - "HEAD http://172.18.0.2:8080/v1/AUTH_ae7fe12107834a939f075e57d1e93600/gnocchi.ea2eb3b0-2e25-47a4-b49c-cba3de1088ac?format=json&states=listing" "tx8d50421fc44940e48d200-006930dcf2" "proxy-server 20" 0.0013 "-" 23 0
Dec 4 00:59:30 standalone proxy-server[129697]: - - 04/Dec/2025/00/59/30 HEAD /v1/AUTH_ae7fe12107834a939f075e57d1e93600/gnocchi.ea2eb3b0-2e25-47a4-b49c-cba3de1088ac%3Fformat%3Djson%26states%3Dlisting HTTP/1.0 204 - Swift - - - - tx8d50421fc44940e48d200-006930dcf2 - 0.0057 RL - 1764809970.648766041 1764809970.654433250 0
Dec 4 00:59:30 standalone container-server[127482]: 172.20.0.100 - - [04/Dec/2025:00:59:30 +0000] "GET /d1/157/AUTH_ae7fe12107834a939f075e57d1e93600/gnocchi.ea2eb3b0-2e25-47a4-b49c-cba3de1088ac" 200 2 "GET http://172.18.0.2:8080/v1/AUTH_ae7fe12107834a939f075e57d1e93600/gnocchi.ea2eb3b0-2e25-47a4-b49c-cba3de1088ac?format=json&states=listing" "tx8d50421fc44940e48d200-006930dcf2" "proxy-server 20" 0.0023 "-" 20 0
Dec 4 00:59:30 standalone proxy-server[129697]: 172.18.0.2 172.18.0.100 04/Dec/2025/00/59/30 GET /v1/AUTH_ae7fe12107834a939f075e57d1e93600/gnocchi.ea2eb3b0-2e25-47a4-b49c-cba3de1088ac%3Fformat%3Djson%26states%3Dlisting HTTP/1.0 200 - python-swiftclient-3.11.1 gAAAAABpMNxrmRHQ... - 2 - tx8d50421fc44940e48d200-006930dcf2 - 0.0153 - - 1764809970.647684097 1764809970.663006783 0
Dec 4 00:59:30 standalone object-server[127676]: 172.20.0.100 - - [04/Dec/2025:00:59:30 +0000] "GET /d1/466/AUTH_ae7fe12107834a939f075e57d1e93600/gnocchi.ea2eb3b0-2e25-47a4-b49c-cba3de1088ac/1764720000.0_mean_300.0_v3" 404 70 "GET http://172.18.0.2:8080/v1/AUTH_ae7fe12107834a939f075e57d1e93600/gnocchi.ea2eb3b0-2e25-47a4-b49c-cba3de1088ac/1764720000.0_mean_300.0_v3" "txe88374771d934f1b9656a-006930dcf2" "proxy-server 20" 0.0005 "-" 23 0
Dec 4 00:59:30 standalone proxy-server[129697]: 172.18.0.2 172.18.0.100 04/Dec/2025/00/59/30 GET /v1/AUTH_ae7fe12107834a939f075e57d1e93600/gnocchi.ea2eb3b0-2e25-47a4-b49c-cba3de1088ac/1764720000.0_mean_300.0_v3 HTTP/1.0 404 - python-swiftclient-3.11.1 gAAAAABpMNxrmRHQ... - 70 - txe88374771d934f1b9656a-006930dcf2 - 0.0060 - - 1764809970.666825533 1764809970.672840118 0
Dec 4 00:59:30 standalone container-server[127516]: 172.20.0.100 - - [04/Dec/2025:00:59:30 +0000] "PUT /d1/157/AUTH_ae7fe12107834a939f075e57d1e93600/gnocchi.ea2eb3b0-2e25-47a4-b49c-cba3de1088ac/1764720000.0_mean_300.0_v3" 201 - "PUT http://172.18.0.2:8080/d1/466/AUTH_ae7fe12107834a939f075e57d1e93600/gnocchi.ea2eb3b0-2e25-47a4-b49c-cba3de1088ac/1764720000.0_mean_300.0_v3" "tx0a7624e3eb0d4820a38bd-006930dcf2" "object-server 25" 0.0007 "-" 21 0
Dec 4 00:59:30 standalone object-server[127679]: 172.20.0.100 - - [04/Dec/2025:00:59:30 +0000] "PUT /d1/466/AUTH_ae7fe12107834a939f075e57d1e93600/gnocchi.ea2eb3b0-2e25-47a4-b49c-cba3de1088ac/1764720000.0_mean_300.0_v3" 201 - "PUT http://172.18.0.2:8080/v1/AUTH_ae7fe12107834a939f075e57d1e93600/gnocchi.ea2eb3b0-2e25-47a4-b49c-cba3de1088ac/1764720000.0_mean_300.0_v3" "tx0a7624e3eb0d4820a38bd-006930dcf2" "proxy-server 20" 0.0106 "-" 25 0
Dec 4 00:59:30 standalone proxy-server[129697]: 172.18.0.2 172.18.0.100 04/Dec/2025/00/59/30 PUT /v1/AUTH_ae7fe12107834a939f075e57d1e93600/gnocchi.ea2eb3b0-2e25-47a4-b49c-cba3de1088ac/1764720000.0_mean_300.0_v3 HTTP/1.0 201 - python-swiftclient-3.11.1 gAAAAABpMNxrmRHQ... 16 - - tx0a7624e3eb0d4820a38bd-006930dcf2 - 0.0200 - - 1764809970.675376654 1764809970.695371628 0
Dec 4 00:59:30 standalone container-server[127538]: 172.20.0.100 - - [04/Dec/2025:00:59:30 +0000] "PUT /d1/157/AUTH_ae7fe12107834a939f075e57d1e93600/gnocchi.ea2eb3b0-2e25-47a4-b49c-cba3de1088ac/none_v3" 201 - "PUT http://172.18.0.2:8080/d1/150/AUTH_ae7fe12107834a939f075e57d1e93600/gnocchi.ea2eb3b0-2e25-47a4-b49c-cba3de1088ac/none_v3" "txe6d6b502d3ee4ecabf4bb-006930dcf2" "object-server 24" 0.0008 "-" 23 0
Dec 4 00:59:30 standalone object-server[127677]: 172.20.0.100 - - [04/Dec/2025:00:59:30 +0000] "PUT /d1/150/AUTH_ae7fe12107834a939f075e57d1e93600/gnocchi.ea2eb3b0-2e25-47a4-b49c-cba3de1088ac/none_v3" 201 - "PUT http://172.18.0.2:8080/v1/AUTH_ae7fe12107834a939f075e57d1e93600/gnocchi.ea2eb3b0-2e25-47a4-b49c-cba3de1088ac/none_v3" "txe6d6b502d3ee4ecabf4bb-006930dcf2" "proxy-server 20" 0.0158 "-" 24 0
Dec 4 00:59:30 standalone proxy-server[129697]: 172.18.0.2 172.18.0.100 04/Dec/2025/00/59/30 PUT /v1/AUTH_ae7fe12107834a939f075e57d1e93600/gnocchi.ea2eb3b0-2e25-47a4-b49c-cba3de1088ac/none_v3 HTTP/1.0 201 - python-swiftclient-3.11.1 gAAAAABpMNxrmRHQ... 22 - - txe6d6b502d3ee4ecabf4bb-006930dcf2 - 0.0207 - - 1764809970.697365522 1764809970.718051434 0
Dec 4 00:59:30 standalone container-server[127482]: 172.20.0.100 - - [04/Dec/2025:00:59:30 +0000] "HEAD /d1/615/AUTH_ae7fe12107834a939f075e57d1e93600/gnocchi.3faf07fc-01c3-4cbc-a190-3d14b86a7346" 404 - "HEAD http://172.18.0.2:8080/v1/AUTH_ae7fe12107834a939f075e57d1e93600/gnocchi.3faf07fc-01c3-4cbc-a190-3d14b86a7346?format=json&states=listing" "txf3204d63d7b14b62a96eb-006930dcf2" "proxy-server 20" 0.0005 "-" 20 0
Dec 4 00:59:30 standalone object-server[127676]: 172.20.0.100 - - [04/Dec/2025:00:59:30 +0000] "GET /d1/498/AUTH_ae7fe12107834a939f075e57d1e93600/gnocchi.3faf07fc-01c3-4cbc-a190-3d14b86a7346/none_v3" 404 70 "GET http://172.18.0.2:8080/v1/AUTH_ae7fe12107834a939f075e57d1e93600/gnocchi.3faf07fc-01c3-4cbc-a190-3d14b86a7346/none_v3" "txf3204d63d7b14b62a96eb-006930dcf2" "proxy-server 20" 0.0005 "-" 23 0
Dec 4 00:59:30 standalone proxy-server[129697]: 172.18.0.2 172.18.0.100 04/Dec/2025/00/59/30 GET /v1/AUTH_ae7fe12107834a939f075e57d1e93600/gnocchi.3faf07fc-01c3-4cbc-a190-3d14b86a7346/none_v3 HTTP/1.0 404 - python-swiftclient-3.11.1 gAAAAABpMNxrmRHQ... - 70 - txf3204d63d7b14b62a96eb-006930dcf2 - 0.0106 - - 1764809970.727789402 1764809970.738438845 0
Dec 4 00:59:30 standalone account-server[127313]: 172.20.0.100 - - [04/Dec/2025:00:59:30 +0000] "PUT /d1/778/AUTH_ae7fe12107834a939f075e57d1e93600/gnocchi.3faf07fc-01c3-4cbc-a190-3d14b86a7346" 201 - "PUT http://172.20.0.100:6001/d1/615/AUTH_ae7fe12107834a939f075e57d1e93600/gnocchi.3faf07fc-01c3-4cbc-a190-3d14b86a7346" "txe15551f395dd4512b8af7-006930dcf2" "container-server 22" 0.0052 "-" 17 0
Dec 4 00:59:30 standalone container-server[127534]: 172.20.0.100 - - [04/Dec/2025:00:59:30 +0000] "PUT /d1/615/AUTH_ae7fe12107834a939f075e57d1e93600/gnocchi.3faf07fc-01c3-4cbc-a190-3d14b86a7346" 201 - "PUT http://172.18.0.2:8080/v1/AUTH_ae7fe12107834a939f075e57d1e93600/gnocchi.3faf07fc-01c3-4cbc-a190-3d14b86a7346" "txe15551f395dd4512b8af7-006930dcf2" "proxy-server 20" 0.0166 "-" 22 0
Dec 4 00:59:30 standalone proxy-server[129697]: 172.18.0.2 172.18.0.100 04/Dec/2025/00/59/30 PUT /v1/AUTH_ae7fe12107834a939f075e57d1e93600/gnocchi.3faf07fc-01c3-4cbc-a190-3d14b86a7346 HTTP/1.0 201 - python-swiftclient-3.11.1 gAAAAABpMNxrmRHQ... - - - txe15551f395dd4512b8af7-006930dcf2 - 0.0218 - - 1764809970.741367102 1764809970.763172865 0
Dec 4 00:59:30 standalone container-server[127482]: 172.20.0.100 - - [04/Dec/2025:00:59:30 +0000] "HEAD /d1/615/AUTH_ae7fe12107834a939f075e57d1e93600/gnocchi.3faf07fc-01c3-4cbc-a190-3d14b86a7346" 204 - "HEAD http://172.18.0.2:8080/v1/AUTH_ae7fe12107834a939f075e57d1e93600/gnocchi.3faf07fc-01c3-4cbc-a190-3d14b86a7346?format=json&states=listing" "tx27b46ded994e46a5ba82d-006930dcf2" "proxy-server 20" 0.0017 "-" 20 0
Dec 4 00:59:30 standalone proxy-server[129697]: - - 04/Dec/2025/00/59/30 HEAD /v1/AUTH_ae7fe12107834a939f075e57d1e93600/gnocchi.3faf07fc-01c3-4cbc-a190-3d14b86a7346%3Fformat%3Djson%26states%3Dlisting HTTP/1.0 204 - Swift - - - - tx27b46ded994e46a5ba82d-006930dcf2 - 0.0047 RL - 1764809970.767357588 1764809970.772035360 0
Dec 4 00:59:30 standalone container-server[127534]: 172.20.0.100 - - [04/Dec/2025:00:59:30 +0000] "GET /d1/615/AUTH_ae7fe12107834a939f075e57d1e93600/gnocchi.3faf07fc-01c3-4cbc-a190-3d14b86a7346" 200 2 "GET http://172.18.0.2:8080/v1/AUTH_ae7fe12107834a939f075e57d1e93600/gnocchi.3faf07fc-01c3-4cbc-a190-3d14b86a7346?format=json&states=listing" "tx27b46ded994e46a5ba82d-006930dcf2" "proxy-server 20" 0.0032 "-" 22 0
Dec 4 00:59:30 standalone proxy-server[129697]: 172.18.0.2 172.18.0.100 04/Dec/2025/00/59/30 GET /v1/AUTH_ae7fe12107834a939f075e57d1e93600/gnocchi.3faf07fc-01c3-4cbc-a190-3d14b86a7346%3Fformat%3Djson%26states%3Dlisting HTTP/1.0 200 - python-swiftclient-3.11.1 gAAAAABpMNxrmRHQ... - 2 - tx27b46ded994e46a5ba82d-006930dcf2 - 0.0159 - - 1764809970.766523600 1764809970.782429218 0
Dec 4 00:59:30 standalone object-server[127675]: 172.20.0.100 - - [04/Dec/2025:00:59:30 +0000] "GET /d1/780/AUTH_ae7fe12107834a939f075e57d1e93600/gnocchi.3faf07fc-01c3-4cbc-a190-3d14b86a7346/1764720000.0_mean_300.0_v3" 404 70 "GET http://172.18.0.2:8080/v1/AUTH_ae7fe12107834a939f075e57d1e93600/gnocchi.3faf07fc-01c3-4cbc-a190-3d14b86a7346/1764720000.0_mean_300.0_v3" "tx1e855e842a364c7284e01-006930dcf2" "proxy-server 20" 0.0007 "-" 22 0
Dec 4 00:59:30 standalone proxy-server[129697]: 172.18.0.2 172.18.0.100 04/Dec/2025/00/59/30 GET /v1/AUTH_ae7fe12107834a939f075e57d1e93600/gnocchi.3faf07fc-01c3-4cbc-a190-3d14b86a7346/1764720000.0_mean_300.0_v3 HTTP/1.0 404 - python-swiftclient-3.11.1 gAAAAABpMNxrmRHQ... - 70 - tx1e855e842a364c7284e01-006930dcf2 - 0.0050 - - 1764809970.785120249 1764809970.790108681 0
Dec 4 00:59:30 standalone container-server[127534]: 172.20.0.100 - - [04/Dec/2025:00:59:30 +0000] "PUT /d1/615/AUTH_ae7fe12107834a939f075e57d1e93600/gnocchi.3faf07fc-01c3-4cbc-a190-3d14b86a7346/1764720000.0_mean_300.0_v3" 201 - "PUT http://172.18.0.2:8080/d1/780/AUTH_ae7fe12107834a939f075e57d1e93600/gnocchi.3faf07fc-01c3-4cbc-a190-3d14b86a7346/1764720000.0_mean_300.0_v3" "tx213d9801cecf40c796c1b-006930dcf2" "object-server 23" 0.0008 "-" 22 0
Dec 4 00:59:30 standalone object-server[127676]: 172.20.0.100 - - [04/Dec/2025:00:59:30 +0000] "PUT /d1/780/AUTH_ae7fe12107834a939f075e57d1e93600/gnocchi.3faf07fc-01c3-4cbc-a190-3d14b86a7346/1764720000.0_mean_300.0_v3" 201 - "PUT http://172.18.0.2:8080/v1/AUTH_ae7fe12107834a939f075e57d1e93600/gnocchi.3faf07fc-01c3-4cbc-a190-3d14b86a7346/1764720000.0_mean_300.0_v3" "tx213d9801cecf40c796c1b-006930dcf2" "proxy-server 20" 0.0117 "-" 23 0
Dec 4 00:59:30 standalone proxy-server[129697]: 172.18.0.2 172.18.0.100 04/Dec/2025/00/59/30 PUT /v1/AUTH_ae7fe12107834a939f075e57d1e93600/gnocchi.3faf07fc-01c3-4cbc-a190-3d14b86a7346/1764720000.0_mean_300.0_v3 HTTP/1.0 201 - python-swiftclient-3.11.1 gAAAAABpMNxrmRHQ... 16 - - tx213d9801cecf40c796c1b-006930dcf2 - 0.0158 - - 1764809970.792117596 1764809970.807965517 0
Dec 4 00:59:30 standalone container-server[127516]: 172.20.0.100 - - [04/Dec/2025:00:59:30 +0000] "PUT /d1/615/AUTH_ae7fe12107834a939f075e57d1e93600/gnocchi.3faf07fc-01c3-4cbc-a190-3d14b86a7346/none_v3" 201 - "PUT http://172.18.0.2:8080/d1/498/AUTH_ae7fe12107834a939f075e57d1e93600/gnocchi.3faf07fc-01c3-4cbc-a190-3d14b86a7346/none_v3" "tx153ffab187114a208a33f-006930dcf2" "object-server 24" 0.0006 "-" 21 0
Dec 4 00:59:30 standalone object-server[127677]: 172.20.0.100 - - [04/Dec/2025:00:59:30 +0000] "PUT /d1/498/AUTH_ae7fe12107834a939f075e57d1e93600/gnocchi.3faf07fc-01c3-4cbc-a190-3d14b86a7346/none_v3" 201 - "PUT http://172.18.0.2:8080/v1/AUTH_ae7fe12107834a939f075e57d1e93600/gnocchi.3faf07fc-01c3-4cbc-a190-3d14b86a7346/none_v3" "tx153ffab187114a208a33f-006930dcf2" "proxy-server 20" 0.0103 "-" 24 0
Dec 4 00:59:30 standalone proxy-server[129697]: 172.18.0.2 172.18.0.100 04/Dec/2025/00/59/30 PUT /v1/AUTH_ae7fe12107834a939f075e57d1e93600/gnocchi.3faf07fc-01c3-4cbc-a190-3d14b86a7346/none_v3 HTTP/1.0 201 - python-swiftclient-3.11.1 gAAAAABpMNxrmRHQ... 22 - - tx153ffab187114a208a33f-006930dcf2 - 0.0166 - - 1764809970.809780836 1764809970.826388597 0
Dec 4 00:59:30 standalone container-server[127538]: 172.20.0.100 - - [04/Dec/2025:00:59:30 +0000] "HEAD /d1/358/AUTH_ae7fe12107834a939f075e57d1e93600/gnocchi.f6f6cca1-8df2-46b1-a776-a6571df32d88" 404 - "HEAD http://172.18.0.2:8080/v1/AUTH_ae7fe12107834a939f075e57d1e93600/gnocchi.f6f6cca1-8df2-46b1-a776-a6571df32d88?format=json&states=listing" "tx5d7fbfea25984f3eadef1-006930dcf2" "proxy-server 20" 0.0006 "-" 23 0
Dec 4 00:59:30 standalone object-server[127675]: 172.20.0.100 - - [04/Dec/2025:00:59:30 +0000] "GET /d1/998/AUTH_ae7fe12107834a939f075e57d1e93600/gnocchi.f6f6cca1-8df2-46b1-a776-a6571df32d88/none_v3" 404 70 "GET http://172.18.0.2:8080/v1/AUTH_ae7fe12107834a939f075e57d1e93600/gnocchi.f6f6cca1-8df2-46b1-a776-a6571df32d88/none_v3" "tx5d7fbfea25984f3eadef1-006930dcf2" "proxy-server 20" 0.0007 "-" 22 0
Dec 4 00:59:30 standalone proxy-server[129697]: 172.18.0.2 172.18.0.100 04/Dec/2025/00/59/30 GET /v1/AUTH_ae7fe12107834a939f075e57d1e93600/gnocchi.f6f6cca1-8df2-46b1-a776-a6571df32d88/none_v3 HTTP/1.0 404 - python-swiftclient-3.11.1 gAAAAABpMNxrmRHQ... - 70 - tx5d7fbfea25984f3eadef1-006930dcf2 - 0.0104 - - 1764809970.835850000 1764809970.846206188 0
Dec 4 00:59:30 standalone account-server[127371]: 172.20.0.100 - - [04/Dec/2025:00:59:30 +0000] "PUT /d1/778/AUTH_ae7fe12107834a939f075e57d1e93600/gnocchi.f6f6cca1-8df2-46b1-a776-a6571df32d88" 201 - "PUT http://172.20.0.100:6001/d1/358/AUTH_ae7fe12107834a939f075e57d1e93600/gnocchi.f6f6cca1-8df2-46b1-a776-a6571df32d88" "tx6e404248595c4726b7273-006930dcf2" "container-server 20" 0.0058 "-" 22 0
Dec 4 00:59:30 standalone container-server[127482]: 172.20.0.100 - - [04/Dec/2025:00:59:30 +0000] "PUT /d1/358/AUTH_ae7fe12107834a939f075e57d1e93600/gnocchi.f6f6cca1-8df2-46b1-a776-a6571df32d88" 201 - "PUT http://172.18.0.2:8080/v1/AUTH_ae7fe12107834a939f075e57d1e93600/gnocchi.f6f6cca1-8df2-46b1-a776-a6571df32d88" "tx6e404248595c4726b7273-006930dcf2" "proxy-server 20" 0.0184 "-" 20 0
Dec 4 00:59:30 standalone proxy-server[129697]: 172.18.0.2 172.18.0.100 04/Dec/2025/00/59/30 PUT /v1/AUTH_ae7fe12107834a939f075e57d1e93600/gnocchi.f6f6cca1-8df2-46b1-a776-a6571df32d88 HTTP/1.0 201 - python-swiftclient-3.11.1 gAAAAABpMNxrmRHQ... - - - tx6e404248595c4726b7273-006930dcf2 - 0.0223 - - 1764809970.848102808 1764809970.870389223 0
Dec 4 00:59:30 standalone container-server[127534]: 172.20.0.100 - - [04/Dec/2025:00:59:30 +0000] "HEAD /d1/358/AUTH_ae7fe12107834a939f075e57d1e93600/gnocchi.f6f6cca1-8df2-46b1-a776-a6571df32d88" 204 - "HEAD http://172.18.0.2:8080/v1/AUTH_ae7fe12107834a939f075e57d1e93600/gnocchi.f6f6cca1-8df2-46b1-a776-a6571df32d88?format=json&states=listing" "tx0fff4b1140f94ed683071-006930dcf2" "proxy-server 20" 0.0018 "-" 22 0
Dec 4 00:59:30 standalone proxy-server[129697]: - - 04/Dec/2025/00/59/30 HEAD /v1/AUTH_ae7fe12107834a939f075e57d1e93600/gnocchi.f6f6cca1-8df2-46b1-a776-a6571df32d88%3Fformat%3Djson%26states%3Dlisting HTTP/1.0 204 - Swift - - - - tx0fff4b1140f94ed683071-006930dcf2 - 0.0052 RL - 1764809970.874140739 1764809970.879345179 0
Dec 4 00:59:30 standalone container-server[127482]: 172.20.0.100 - - [04/Dec/2025:00:59:30 +0000] "GET /d1/358/AUTH_ae7fe12107834a939f075e57d1e93600/gnocchi.f6f6cca1-8df2-46b1-a776-a6571df32d88" 200 2 "GET http://172.18.0.2:8080/v1/AUTH_ae7fe12107834a939f075e57d1e93600/gnocchi.f6f6cca1-8df2-46b1-a776-a6571df32d88?format=json&states=listing" "tx0fff4b1140f94ed683071-006930dcf2" "proxy-server 20" 0.0022 "-" 20 0
Dec 4 00:59:30 standalone proxy-server[129697]: 172.18.0.2 172.18.0.100 04/Dec/2025/00/59/30 GET /v1/AUTH_ae7fe12107834a939f075e57d1e93600/gnocchi.f6f6cca1-8df2-46b1-a776-a6571df32d88%3Fformat%3Djson%26states%3Dlisting HTTP/1.0 200 - python-swiftclient-3.11.1 gAAAAABpMNxrmRHQ... - 2 - tx0fff4b1140f94ed683071-006930dcf2 - 0.0150 - - 1764809970.873300791 1764809970.888337612 0
Dec 4 00:59:30 standalone object-server[127676]: 172.20.0.100 - - [04/Dec/2025:00:59:30 +0000] "GET /d1/55/AUTH_ae7fe12107834a939f075e57d1e93600/gnocchi.f6f6cca1-8df2-46b1-a776-a6571df32d88/1764720000.0_mean_300.0_v3" 404 70 "GET http://172.18.0.2:8080/v1/AUTH_ae7fe12107834a939f075e57d1e93600/gnocchi.f6f6cca1-8df2-46b1-a776-a6571df32d88/1764720000.0_mean_300.0_v3" "txdc1f18f730e14fc894ff9-006930dcf2" "proxy-server 20" 0.0004 "-" 23 0
Dec 4 00:59:30 standalone proxy-server[129697]: 172.18.0.2 172.18.0.100 04/Dec/2025/00/59/30 GET /v1/AUTH_ae7fe12107834a939f075e57d1e93600/gnocchi.f6f6cca1-8df2-46b1-a776-a6571df32d88/1764720000.0_mean_300.0_v3 HTTP/1.0 404 - python-swiftclient-3.11.1 gAAAAABpMNxrmRHQ... - 70 - txdc1f18f730e14fc894ff9-006930dcf2 - 0.0066 - - 1764809970.892137289 1764809970.898736477 0
Dec 4 00:59:30 standalone container-server[127534]: 172.20.0.100 - - [04/Dec/2025:00:59:30 +0000] "PUT /d1/358/AUTH_ae7fe12107834a939f075e57d1e93600/gnocchi.f6f6cca1-8df2-46b1-a776-a6571df32d88/1764720000.0_mean_300.0_v3" 201 - "PUT http://172.18.0.2:8080/d1/55/AUTH_ae7fe12107834a939f075e57d1e93600/gnocchi.f6f6cca1-8df2-46b1-a776-a6571df32d88/1764720000.0_mean_300.0_v3" "txb70edb581ebe4c058b6e8-006930dcf2" "object-server 25" 0.0008 "-" 22 0
Dec 4 00:59:30 standalone object-server[127679]: 172.20.0.100 - - [04/Dec/2025:00:59:30 +0000] "PUT /d1/55/AUTH_ae7fe12107834a939f075e57d1e93600/gnocchi.f6f6cca1-8df2-46b1-a776-a6571df32d88/1764720000.0_mean_300.0_v3" 201 - "PUT http://172.18.0.2:8080/v1/AUTH_ae7fe12107834a939f075e57d1e93600/gnocchi.f6f6cca1-8df2-46b1-a776-a6571df32d88/1764720000.0_mean_300.0_v3" "txb70edb581ebe4c058b6e8-006930dcf2" "proxy-server 20" 0.0117 "-" 25 0
Dec 4 00:59:30 standalone proxy-server[129697]: 172.18.0.2 172.18.0.100 04/Dec/2025/00/59/30 PUT /v1/AUTH_ae7fe12107834a939f075e57d1e93600/gnocchi.f6f6cca1-8df2-46b1-a776-a6571df32d88/1764720000.0_mean_300.0_v3 HTTP/1.0 201 - python-swiftclient-3.11.1 gAAAAABpMNxrmRHQ... 16 - - txb70edb581ebe4c058b6e8-006930dcf2 - 0.0179 - - 1764809970.900993347 1764809970.918907404 0
Dec 4 00:59:30 standalone container-server[127538]: 172.20.0.100 - - [04/Dec/2025:00:59:30 +0000] "PUT /d1/358/AUTH_ae7fe12107834a939f075e57d1e93600/gnocchi.f6f6cca1-8df2-46b1-a776-a6571df32d88/none_v3" 201 - "PUT http://172.18.0.2:8080/d1/998/AUTH_ae7fe12107834a939f075e57d1e93600/gnocchi.f6f6cca1-8df2-46b1-a776-a6571df32d88/none_v3" "tx382e4d8e3ec843eea39ce-006930dcf2" "object-server 23" 0.0007 "-" 23 0
Dec 4 00:59:30 standalone object-server[127676]: 172.20.0.100 - - [04/Dec/2025:00:59:30 +0000] "PUT /d1/998/AUTH_ae7fe12107834a939f075e57d1e93600/gnocchi.f6f6cca1-8df2-46b1-a776-a6571df32d88/none_v3" 201 - "PUT http://172.18.0.2:8080/v1/AUTH_ae7fe12107834a939f075e57d1e93600/gnocchi.f6f6cca1-8df2-46b1-a776-a6571df32d88/none_v3" "tx382e4d8e3ec843eea39ce-006930dcf2" "proxy-server 20" 0.0098 "-" 23 0
Dec 4 00:59:30 standalone proxy-server[129697]: 172.18.0.2 172.18.0.100 04/Dec/2025/00/59/30 PUT /v1/AUTH_ae7fe12107834a939f075e57d1e93600/gnocchi.f6f6cca1-8df2-46b1-a776-a6571df32d88/none_v3 HTTP/1.0 201 - python-swiftclient-3.11.1 gAAAAABpMNxrmRHQ... 22 - - tx382e4d8e3ec843eea39ce-006930dcf2 - 0.0156 - - 1764809970.921339989 1764809970.936896801 0
Dec 4 00:59:30 standalone container-server[127516]: 172.20.0.100 - - [04/Dec/2025:00:59:30 +0000] "HEAD /d1/275/AUTH_ae7fe12107834a939f075e57d1e93600/gnocchi.2f912749-0dfb-409b-9380-cb7b1303a5e5" 404 - "HEAD http://172.18.0.2:8080/v1/AUTH_ae7fe12107834a939f075e57d1e93600/gnocchi.2f912749-0dfb-409b-9380-cb7b1303a5e5?format=json&states=listing" "txdc7cedb936f94ee286c42-006930dcf2" "proxy-server 20" 0.0005 "-" 21 0
Dec 4 00:59:30 standalone object-server[127675]: 172.20.0.100 - - [04/Dec/2025:00:59:30 +0000] "GET /d1/748/AUTH_ae7fe12107834a939f075e57d1e93600/gnocchi.2f912749-0dfb-409b-9380-cb7b1303a5e5/none_v3" 404 70 "GET http://172.18.0.2:8080/v1/AUTH_ae7fe12107834a939f075e57d1e93600/gnocchi.2f912749-0dfb-409b-9380-cb7b1303a5e5/none_v3" "txdc7cedb936f94ee286c42-006930dcf2" "proxy-server 20" 0.0005 "-" 22 0
Dec 4 00:59:30 standalone proxy-server[129697]: 172.18.0.2 172.18.0.100 04/Dec/2025/00/59/30 GET /v1/AUTH_ae7fe12107834a939f075e57d1e93600/gnocchi.2f912749-0dfb-409b-9380-cb7b1303a5e5/none_v3 HTTP/1.0 404 - python-swiftclient-3.11.1 gAAAAABpMNxrmRHQ... - 70 - txdc7cedb936f94ee286c42-006930dcf2 - 0.0121 - - 1764809970.944878101 1764809970.956968784 0
Dec 4 00:59:30 standalone account-server[127313]: 172.20.0.100 - - [04/Dec/2025:00:59:30 +0000] "PUT /d1/778/AUTH_ae7fe12107834a939f075e57d1e93600/gnocchi.2f912749-0dfb-409b-9380-cb7b1303a5e5" 201 - "PUT http://172.20.0.100:6001/d1/275/AUTH_ae7fe12107834a939f075e57d1e93600/gnocchi.2f912749-0dfb-409b-9380-cb7b1303a5e5" "tx23faf44877cd4de498fd2-006930dcf2" "container-server 20" 0.0051 "-" 17 0
Dec 4 00:59:30 standalone container-server[127482]: 172.20.0.100 - - [04/Dec/2025:00:59:30 +0000] "PUT /d1/275/AUTH_ae7fe12107834a939f075e57d1e93600/gnocchi.2f912749-0dfb-409b-9380-cb7b1303a5e5" 201 - "PUT http://172.18.0.2:8080/v1/AUTH_ae7fe12107834a939f075e57d1e93600/gnocchi.2f912749-0dfb-409b-9380-cb7b1303a5e5" "tx23faf44877cd4de498fd2-006930dcf2" "proxy-server 20" 0.0171 "-" 20 0
Dec 4 00:59:30 standalone proxy-server[129697]: 172.18.0.2 172.18.0.100 04/Dec/2025/00/59/30 PUT /v1/AUTH_ae7fe12107834a939f075e57d1e93600/gnocchi.2f912749-0dfb-409b-9380-cb7b1303a5e5 HTTP/1.0 201 - python-swiftclient-3.11.1 gAAAAABpMNxrmRHQ... - - - tx23faf44877cd4de498fd2-006930dcf2 - 0.0240 - - 1764809970.959742546 1764809970.983744144 0
Dec 4 00:59:30 standalone container-server[127516]: 172.20.0.100 - - [04/Dec/2025:00:59:30 +0000] "HEAD /d1/275/AUTH_ae7fe12107834a939f075e57d1e93600/gnocchi.2f912749-0dfb-409b-9380-cb7b1303a5e5" 204 - "HEAD http://172.18.0.2:8080/v1/AUTH_ae7fe12107834a939f075e57d1e93600/gnocchi.2f912749-0dfb-409b-9380-cb7b1303a5e5?format=json&states=listing" "tx20b523650d32404884f3a-006930dcf2" "proxy-server 20" 0.0016 "-" 21 0
Dec 4 00:59:30 standalone proxy-server[129697]: - - 04/Dec/2025/00/59/30 HEAD /v1/AUTH_ae7fe12107834a939f075e57d1e93600/gnocchi.2f912749-0dfb-409b-9380-cb7b1303a5e5%3Fformat%3Djson%26states%3Dlisting HTTP/1.0 204 - Swift - - - - tx20b523650d32404884f3a-006930dcf2 - 0.0060 RL - 1764809970.989052773 1764809970.995044470 0
Dec 4 00:59:31 standalone container-server[127534]: 172.20.0.100 - - [04/Dec/2025:00:59:31 +0000] "GET /d1/275/AUTH_ae7fe12107834a939f075e57d1e93600/gnocchi.2f912749-0dfb-409b-9380-cb7b1303a5e5" 200 2 "GET http://172.18.0.2:8080/v1/AUTH_ae7fe12107834a939f075e57d1e93600/gnocchi.2f912749-0dfb-409b-9380-cb7b1303a5e5?format=json&states=listing" "tx20b523650d32404884f3a-006930dcf2" "proxy-server 20" 0.0022 "-" 22 0
Dec 4 00:59:31 standalone proxy-server[129697]: 172.18.0.2 172.18.0.100 04/Dec/2025/00/59/31 GET /v1/AUTH_ae7fe12107834a939f075e57d1e93600/gnocchi.2f912749-0dfb-409b-9380-cb7b1303a5e5%3Fformat%3Djson%26states%3Dlisting HTTP/1.0 200 - python-swiftclient-3.11.1 gAAAAABpMNxrmRHQ... - 2 - tx20b523650d32404884f3a-006930dcf2 - 0.0176 - - 1764809970.987465382 1764809971.005043983 0
Dec 4 00:59:31 standalone object-server[127679]: 172.20.0.100 - - [04/Dec/2025:00:59:31 +0000] "GET /d1/72/AUTH_ae7fe12107834a939f075e57d1e93600/gnocchi.2f912749-0dfb-409b-9380-cb7b1303a5e5/1764720000.0_mean_300.0_v3" 404 70 "GET http://172.18.0.2:8080/v1/AUTH_ae7fe12107834a939f075e57d1e93600/gnocchi.2f912749-0dfb-409b-9380-cb7b1303a5e5/1764720000.0_mean_300.0_v3" "txb7e8449670054a698c02b-006930dcf3" "proxy-server 20" 0.0004 "-" 25 0
