Dec 4 01:00:29 standalone proxy-server[129697]: 172.18.0.2 172.18.0.100 04/Dec/2025/01/00/29 PUT /v1/AUTH_ae7fe12107834a939f075e57d1e93600/gnocchi.9d3de70c-720a-45f6-90da-bbb02d34690c/1764720000.0_mean_300.0_v3 HTTP/1.0 201 - python-swiftclient-3.11.1 gAAAAABpMNxrmRHQ... 23 - - tx9a1e4b0622cb4f12af5c6-006930dd2d - 0.0220 - - 1764810029.006700516 1764810029.028661251 0
Dec 4 01:00:29 standalone container-server[127482]: 172.20.0.100 - - [04/Dec/2025:01:00:29 +0000] "PUT /d1/935/AUTH_ae7fe12107834a939f075e57d1e93600/gnocchi.9d3de70c-720a-45f6-90da-bbb02d34690c/none_v3" 201 - "PUT http://172.18.0.2:8080/d1/774/AUTH_ae7fe12107834a939f075e57d1e93600/gnocchi.9d3de70c-720a-45f6-90da-bbb02d34690c/none_v3" "tx922ed3535374431483f9f-006930dd2d" "object-server 23" 0.0009 "-" 20 0
Dec 4 01:00:29 standalone object-server[127676]: 172.20.0.100 - - [04/Dec/2025:01:00:29 +0000] "PUT /d1/774/AUTH_ae7fe12107834a939f075e57d1e93600/gnocchi.9d3de70c-720a-45f6-90da-bbb02d34690c/none_v3" 201 - "PUT http://172.18.0.2:8080/v1/AUTH_ae7fe12107834a939f075e57d1e93600/gnocchi.9d3de70c-720a-45f6-90da-bbb02d34690c/none_v3" "tx922ed3535374431483f9f-006930dd2d" "proxy-server 20" 0.0150 "-" 23 0
Dec 4 01:00:29 standalone proxy-server[129697]: 172.18.0.2 172.18.0.100 04/Dec/2025/01/00/29 PUT /v1/AUTH_ae7fe12107834a939f075e57d1e93600/gnocchi.9d3de70c-720a-45f6-90da-bbb02d34690c/none_v3 HTTP/1.0 201 - python-swiftclient-3.11.1 gAAAAABpMNxrmRHQ... 22 - - tx922ed3535374431483f9f-006930dd2d - 0.0259 - - 1764810029.032720804 1764810029.058623552 0
Dec 4 01:00:29 standalone object-server[127676]: 172.20.0.100 - - [04/Dec/2025:01:00:29 +0000] "GET /d1/95/AUTH_ae7fe12107834a939f075e57d1e93600/gnocchi.2639d49c-f3fd-4d35-accc-c4f1d06e95e6/none_v3" 200 32 "GET http://172.18.0.2:8080/v1/AUTH_ae7fe12107834a939f075e57d1e93600/gnocchi.2639d49c-f3fd-4d35-accc-c4f1d06e95e6/none_v3" "tx56c0e925a01d4933b1952-006930dd2d" "proxy-server 20" 0.0011 "-" 23 0
Dec 4 01:00:29 standalone proxy-server[129697]: 172.18.0.2 172.18.0.100 04/Dec/2025/01/00/29 GET /v1/AUTH_ae7fe12107834a939f075e57d1e93600/gnocchi.2639d49c-f3fd-4d35-accc-c4f1d06e95e6/none_v3 HTTP/1.0 200 - python-swiftclient-3.11.1 gAAAAABpMNxrmRHQ... - 32 - tx56c0e925a01d4933b1952-006930dd2d - 0.0096 - - 1764810029.071658134 1764810029.081302643 0
Dec 4 01:00:29 standalone container-server[127534]: 172.20.0.100 - - [04/Dec/2025:01:00:29 +0000] "GET /d1/674/AUTH_ae7fe12107834a939f075e57d1e93600/gnocchi.2639d49c-f3fd-4d35-accc-c4f1d06e95e6" 200 357 "GET http://172.18.0.2:8080/v1/AUTH_ae7fe12107834a939f075e57d1e93600/gnocchi.2639d49c-f3fd-4d35-accc-c4f1d06e95e6?format=json&states=listing" "tx7c9549aba53a481abd456-006930dd2d" "proxy-server 20" 0.0039 "-" 22 0
Dec 4 01:00:29 standalone proxy-server[129697]: 172.18.0.2 172.18.0.100 04/Dec/2025/01/00/29 GET /v1/AUTH_ae7fe12107834a939f075e57d1e93600/gnocchi.2639d49c-f3fd-4d35-accc-c4f1d06e95e6%3Fformat%3Djson%26states%3Dlisting HTTP/1.0 200 - python-swiftclient-3.11.1 gAAAAABpMNxrmRHQ... - 357 - tx7c9549aba53a481abd456-006930dd2d - 0.0125 - - 1764810029.085763216 1764810029.098273277 0
Dec 4 01:00:29 standalone container-server[127534]: 172.20.0.100 - - [04/Dec/2025:01:00:29 +0000] "GET /d1/674/AUTH_ae7fe12107834a939f075e57d1e93600/gnocchi.2639d49c-f3fd-4d35-accc-c4f1d06e95e6" 200 2 "GET http://172.18.0.2:8080/v1/AUTH_ae7fe12107834a939f075e57d1e93600/gnocchi.2639d49c-f3fd-4d35-accc-c4f1d06e95e6?format=json&marker=none_v3&states=listing" "txd91c4c966132400594da0-006930dd2d" "proxy-server 20" 0.0040 "-" 22 0
Dec 4 01:00:29 standalone proxy-server[129697]: 172.18.0.2 172.18.0.100 04/Dec/2025/01/00/29 GET /v1/AUTH_ae7fe12107834a939f075e57d1e93600/gnocchi.2639d49c-f3fd-4d35-accc-c4f1d06e95e6%3Fformat%3Djson%26marker%3Dnone_v3%26states%3Dlisting HTTP/1.0 200 - python-swiftclient-3.11.1 gAAAAABpMNxrmRHQ... - 2 - txd91c4c966132400594da0-006930dd2d - 0.0131 - - 1764810029.102640867 1764810029.115748644 0
Dec 4 01:00:29 standalone object-server[127675]: 172.20.0.100 - - [04/Dec/2025:01:00:29 +0000] "GET /d1/318/AUTH_ae7fe12107834a939f075e57d1e93600/gnocchi.2639d49c-f3fd-4d35-accc-c4f1d06e95e6/1764720000.0_mean_300.0_v3" 200 16 "GET http://172.18.0.2:8080/v1/AUTH_ae7fe12107834a939f075e57d1e93600/gnocchi.2639d49c-f3fd-4d35-accc-c4f1d06e95e6/1764720000.0_mean_300.0_v3" "tx14a06be420cf48e69c400-006930dd2d" "proxy-server 20" 0.0015 "-" 22 0
Dec 4 01:00:29 standalone proxy-server[129697]: 172.18.0.2 172.18.0.100 04/Dec/2025/01/00/29 GET /v1/AUTH_ae7fe12107834a939f075e57d1e93600/gnocchi.2639d49c-f3fd-4d35-accc-c4f1d06e95e6/1764720000.0_mean_300.0_v3 HTTP/1.0 200 - python-swiftclient-3.11.1 gAAAAABpMNxrmRHQ... - 16 - tx14a06be420cf48e69c400-006930dd2d - 0.0101 - - 1764810029.122083664 1764810029.132210493 0
Dec 4 01:00:29 standalone container-server[127538]: 172.20.0.100 - - [04/Dec/2025:01:00:29 +0000] "PUT /d1/674/AUTH_ae7fe12107834a939f075e57d1e93600/gnocchi.2639d49c-f3fd-4d35-accc-c4f1d06e95e6/1764720000.0_mean_300.0_v3" 201 - "PUT http://172.18.0.2:8080/d1/318/AUTH_ae7fe12107834a939f075e57d1e93600/gnocchi.2639d49c-f3fd-4d35-accc-c4f1d06e95e6/1764720000.0_mean_300.0_v3" "txf0d7c637bf34410099c47-006930dd2d" "object-server 22" 0.0015 "-" 23 0
Dec 4 01:00:29 standalone object-server[127675]: 172.20.0.100 - - [04/Dec/2025:01:00:29 +0000] "PUT /d1/318/AUTH_ae7fe12107834a939f075e57d1e93600/gnocchi.2639d49c-f3fd-4d35-accc-c4f1d06e95e6/1764720000.0_mean_300.0_v3" 201 - "PUT http://172.18.0.2:8080/v1/AUTH_ae7fe12107834a939f075e57d1e93600/gnocchi.2639d49c-f3fd-4d35-accc-c4f1d06e95e6/1764720000.0_mean_300.0_v3" "txf0d7c637bf34410099c47-006930dd2d" "proxy-server 20" 0.0144 "-" 22 0
Dec 4 01:00:29 standalone proxy-server[129697]: 172.18.0.2 172.18.0.100 04/Dec/2025/01/00/29 PUT /v1/AUTH_ae7fe12107834a939f075e57d1e93600/gnocchi.2639d49c-f3fd-4d35-accc-c4f1d06e95e6/1764720000.0_mean_300.0_v3 HTTP/1.0 201 - python-swiftclient-3.11.1 gAAAAABpMNxrmRHQ... 23 - - txf0d7c637bf34410099c47-006930dd2d - 0.0249 - - 1764810029.136831760 1764810029.161741495 0
Dec 4 01:00:29 standalone container-server[127538]: 172.20.0.100 - - [04/Dec/2025:01:00:29 +0000] "PUT /d1/674/AUTH_ae7fe12107834a939f075e57d1e93600/gnocchi.2639d49c-f3fd-4d35-accc-c4f1d06e95e6/none_v3" 201 - "PUT http://172.18.0.2:8080/d1/95/AUTH_ae7fe12107834a939f075e57d1e93600/gnocchi.2639d49c-f3fd-4d35-accc-c4f1d06e95e6/none_v3" "txd109e9b9f3fa4abb87c36-006930dd2d" "object-server 24" 0.0006 "-" 23 0
Dec 4 01:00:29 standalone object-server[127677]: 172.20.0.100 - - [04/Dec/2025:01:00:29 +0000] "PUT /d1/95/AUTH_ae7fe12107834a939f075e57d1e93600/gnocchi.2639d49c-f3fd-4d35-accc-c4f1d06e95e6/none_v3" 201 - "PUT http://172.18.0.2:8080/v1/AUTH_ae7fe12107834a939f075e57d1e93600/gnocchi.2639d49c-f3fd-4d35-accc-c4f1d06e95e6/none_v3" "txd109e9b9f3fa4abb87c36-006930dd2d" "proxy-server 20" 0.0116 "-" 24 0
Dec 4 01:00:29 standalone proxy-server[129697]: 172.18.0.2 172.18.0.100 04/Dec/2025/01/00/29 PUT /v1/AUTH_ae7fe12107834a939f075e57d1e93600/gnocchi.2639d49c-f3fd-4d35-accc-c4f1d06e95e6/none_v3 HTTP/1.0 201 - python-swiftclient-3.11.1 gAAAAABpMNxrmRHQ... 22 - - txd109e9b9f3fa4abb87c36-006930dd2d - 0.0202 - - 1764810029.165556908 1764810029.185797691 0
Dec 4 01:00:29 standalone object-server[127677]: 172.20.0.100 - - [04/Dec/2025:01:00:29 +0000] "GET /d1/484/AUTH_ae7fe12107834a939f075e57d1e93600/gnocchi.8ca72e88-6cdb-4efb-b340-cf2dc73125a2/none_v3" 200 22 "GET http://172.18.0.2:8080/v1/AUTH_ae7fe12107834a939f075e57d1e93600/gnocchi.8ca72e88-6cdb-4efb-b340-cf2dc73125a2/none_v3" "txb3e3649a5ec948c28e464-006930dd2d" "proxy-server 20" 0.0010 "-" 24 0
Dec 4 01:00:29 standalone proxy-server[129697]: 172.18.0.2 172.18.0.100 04/Dec/2025/01/00/29 GET /v1/AUTH_ae7fe12107834a939f075e57d1e93600/gnocchi.8ca72e88-6cdb-4efb-b340-cf2dc73125a2/none_v3 HTTP/1.0 200 - python-swiftclient-3.11.1 gAAAAABpMNxrmRHQ... - 22 - txb3e3649a5ec948c28e464-006930dd2d - 0.0100 - - 1764810029.201082468 1764810029.211125851 0
Dec 4 01:00:29 standalone container-server[127516]: 172.20.0.100 - - [04/Dec/2025:01:00:29 +0000] "GET /d1/672/AUTH_ae7fe12107834a939f075e57d1e93600/gnocchi.8ca72e88-6cdb-4efb-b340-cf2dc73125a2" 200 357 "GET http://172.18.0.2:8080/v1/AUTH_ae7fe12107834a939f075e57d1e93600/gnocchi.8ca72e88-6cdb-4efb-b340-cf2dc73125a2?format=json&states=listing" "tx8e725165bfe6476181b04-006930dd2d" "proxy-server 20" 0.0108 "-" 21 0
Dec 4 01:00:29 standalone proxy-server[129697]: 172.18.0.2 172.18.0.100 04/Dec/2025/01/00/29 GET /v1/AUTH_ae7fe12107834a939f075e57d1e93600/gnocchi.8ca72e88-6cdb-4efb-b340-cf2dc73125a2%3Fformat%3Djson%26states%3Dlisting HTTP/1.0 200 - python-swiftclient-3.11.1 gAAAAABpMNxrmRHQ... - 357 - tx8e725165bfe6476181b04-006930dd2d - 0.0215 - - 1764810029.215819359 1764810029.237290382 0
Dec 4 01:00:29 standalone container-server[127538]: 172.20.0.100 - - [04/Dec/2025:01:00:29 +0000] "GET /d1/672/AUTH_ae7fe12107834a939f075e57d1e93600/gnocchi.8ca72e88-6cdb-4efb-b340-cf2dc73125a2" 200 2 "GET http://172.18.0.2:8080/v1/AUTH_ae7fe12107834a939f075e57d1e93600/gnocchi.8ca72e88-6cdb-4efb-b340-cf2dc73125a2?format=json&marker=none_v3&states=listing" "tx874d9ad642934e74b297f-006930dd2d" "proxy-server 20" 0.0043 "-" 23 0
Dec 4 01:00:29 standalone proxy-server[129697]: 172.18.0.2 172.18.0.100 04/Dec/2025/01/00/29 GET /v1/AUTH_ae7fe12107834a939f075e57d1e93600/gnocchi.8ca72e88-6cdb-4efb-b340-cf2dc73125a2%3Fformat%3Djson%26marker%3Dnone_v3%26states%3Dlisting HTTP/1.0 200 - python-swiftclient-3.11.1 gAAAAABpMNxrmRHQ... - 2 - tx874d9ad642934e74b297f-006930dd2d - 0.0152 - - 1764810029.241710901 1764810029.256950855 0
Dec 4 01:00:29 standalone object-server[127679]: 172.20.0.100 - - [04/Dec/2025:01:00:29 +0000] "GET /d1/844/AUTH_ae7fe12107834a939f075e57d1e93600/gnocchi.8ca72e88-6cdb-4efb-b340-cf2dc73125a2/1764720000.0_mean_300.0_v3" 200 16 "GET http://172.18.0.2:8080/v1/AUTH_ae7fe12107834a939f075e57d1e93600/gnocchi.8ca72e88-6cdb-4efb-b340-cf2dc73125a2/1764720000.0_mean_300.0_v3" "tx76577b357a3d48b19260b-006930dd2d" "proxy-server 20" 0.0014 "-" 25 0
Dec 4 01:00:29 standalone proxy-server[129697]: 172.18.0.2 172.18.0.100 04/Dec/2025/01/00/29 GET /v1/AUTH_ae7fe12107834a939f075e57d1e93600/gnocchi.8ca72e88-6cdb-4efb-b340-cf2dc73125a2/1764720000.0_mean_300.0_v3 HTTP/1.0 200 - python-swiftclient-3.11.1 gAAAAABpMNxrmRHQ... - 16 - tx76577b357a3d48b19260b-006930dd2d - 0.0108 - - 1764810029.261898756 1764810029.272688150 0
Dec 4 01:00:29 standalone container-server[127538]: 172.20.0.100 - - [04/Dec/2025:01:00:29 +0000] "PUT /d1/672/AUTH_ae7fe12107834a939f075e57d1e93600/gnocchi.8ca72e88-6cdb-4efb-b340-cf2dc73125a2/1764720000.0_mean_300.0_v3" 201 - "PUT http://172.18.0.2:8080/d1/844/AUTH_ae7fe12107834a939f075e57d1e93600/gnocchi.8ca72e88-6cdb-4efb-b340-cf2dc73125a2/1764720000.0_mean_300.0_v3" "tx661793b69020444aab614-006930dd2d" "object-server 23" 0.0012 "-" 23 0
Dec 4 01:00:29 standalone object-server[127676]: 172.20.0.100 - - [04/Dec/2025:01:00:29 +0000] "PUT /d1/844/AUTH_ae7fe12107834a939f075e57d1e93600/gnocchi.8ca72e88-6cdb-4efb-b340-cf2dc73125a2/1764720000.0_mean_300.0_v3" 201 - "PUT http://172.18.0.2:8080/v1/AUTH_ae7fe12107834a939f075e57d1e93600/gnocchi.8ca72e88-6cdb-4efb-b340-cf2dc73125a2/1764720000.0_mean_300.0_v3" "tx661793b69020444aab614-006930dd2d" "proxy-server 20" 0.0131 "-" 23 0
Dec 4 01:00:29 standalone proxy-server[129697]: 172.18.0.2 172.18.0.100 04/Dec/2025/01/00/29 PUT /v1/AUTH_ae7fe12107834a939f075e57d1e93600/gnocchi.8ca72e88-6cdb-4efb-b340-cf2dc73125a2/1764720000.0_mean_300.0_v3 HTTP/1.0 201 - python-swiftclient-3.11.1 gAAAAABpMNxrmRHQ... 23 - - tx661793b69020444aab614-006930dd2d - 0.0227 - - 1764810029.276822805 1764810029.299516201 0
Dec 4 01:00:29 standalone container-server[127534]: 172.20.0.100 - - [04/Dec/2025:01:00:29 +0000] "PUT /d1/672/AUTH_ae7fe12107834a939f075e57d1e93600/gnocchi.8ca72e88-6cdb-4efb-b340-cf2dc73125a2/none_v3" 201 - "PUT http://172.18.0.2:8080/d1/484/AUTH_ae7fe12107834a939f075e57d1e93600/gnocchi.8ca72e88-6cdb-4efb-b340-cf2dc73125a2/none_v3" "tx94c9ade2144940c797cc1-006930dd2d" "object-server 23" 0.0011 "-" 22 0
Dec 4 01:00:29 standalone object-server[127676]: 172.20.0.100 - - [04/Dec/2025:01:00:29 +0000] "PUT /d1/484/AUTH_ae7fe12107834a939f075e57d1e93600/gnocchi.8ca72e88-6cdb-4efb-b340-cf2dc73125a2/none_v3" 201 - "PUT http://172.18.0.2:8080/v1/AUTH_ae7fe12107834a939f075e57d1e93600/gnocchi.8ca72e88-6cdb-4efb-b340-cf2dc73125a2/none_v3" "tx94c9ade2144940c797cc1-006930dd2d" "proxy-server 20" 0.0156 "-" 23 0
Dec 4 01:00:29 standalone proxy-server[129697]: 172.18.0.2 172.18.0.100 04/Dec/2025/01/00/29 PUT /v1/AUTH_ae7fe12107834a939f075e57d1e93600/gnocchi.8ca72e88-6cdb-4efb-b340-cf2dc73125a2/none_v3 HTTP/1.0 201 - python-swiftclient-3.11.1 gAAAAABpMNxrmRHQ... 22 - - tx94c9ade2144940c797cc1-006930dd2d - 0.0242 - - 1764810029.303100348 1764810029.327277899 0
Dec 4 01:00:29 standalone object-server[127677]: 172.20.0.100 - - [04/Dec/2025:01:00:29 +0000] "GET /d1/37/AUTH_ae7fe12107834a939f075e57d1e93600/gnocchi.d1a4c02d-2a09-4c81-a126-a3c7138d78bf/none_v3" 200 22 "GET http://172.18.0.2:8080/v1/AUTH_ae7fe12107834a939f075e57d1e93600/gnocchi.d1a4c02d-2a09-4c81-a126-a3c7138d78bf/none_v3" "tx381bf52fcff247d48a09a-006930dd2d" "proxy-server 20" 0.0014 "-" 24 0
Dec 4 01:00:29 standalone proxy-server[129697]: 172.18.0.2 172.18.0.100 04/Dec/2025/01/00/29 GET /v1/AUTH_ae7fe12107834a939f075e57d1e93600/gnocchi.d1a4c02d-2a09-4c81-a126-a3c7138d78bf/none_v3 HTTP/1.0 200 - python-swiftclient-3.11.1 gAAAAABpMNxrmRHQ... - 22 - tx381bf52fcff247d48a09a-006930dd2d - 0.0118 - - 1764810029.341675997 1764810029.353463650 0
Dec 4 01:00:29 standalone container-server[127534]: 172.20.0.100 - - [04/Dec/2025:01:00:29 +0000] "GET /d1/298/AUTH_ae7fe12107834a939f075e57d1e93600/gnocchi.d1a4c02d-2a09-4c81-a126-a3c7138d78bf" 200 357 "GET http://172.18.0.2:8080/v1/AUTH_ae7fe12107834a939f075e57d1e93600/gnocchi.d1a4c02d-2a09-4c81-a126-a3c7138d78bf?format=json&states=listing" "txcefda5002ded4ee9b9180-006930dd2d" "proxy-server 20" 0.0109 "-" 22 0
Dec 4 01:00:29 standalone proxy-server[129697]: 172.18.0.2 172.18.0.100 04/Dec/2025/01/00/29 GET /v1/AUTH_ae7fe12107834a939f075e57d1e93600/gnocchi.d1a4c02d-2a09-4c81-a126-a3c7138d78bf%3Fformat%3Djson%26states%3Dlisting HTTP/1.0 200 - python-swiftclient-3.11.1 gAAAAABpMNxrmRHQ... - 357 - txcefda5002ded4ee9b9180-006930dd2d - 0.0210 - - 1764810029.358922720 1764810029.379967928 0
Dec 4 01:00:29 standalone container-server[127538]: 172.20.0.100 - - [04/Dec/2025:01:00:29 +0000] "GET /d1/298/AUTH_ae7fe12107834a939f075e57d1e93600/gnocchi.d1a4c02d-2a09-4c81-a126-a3c7138d78bf" 200 2 "GET http://172.18.0.2:8080/v1/AUTH_ae7fe12107834a939f075e57d1e93600/gnocchi.d1a4c02d-2a09-4c81-a126-a3c7138d78bf?format=json&marker=none_v3&states=listing" "tx1a18ab246ecb47368016e-006930dd2d" "proxy-server 20" 0.0041 "-" 23 0
Dec 4 01:00:29 standalone proxy-server[129697]: 172.18.0.2 172.18.0.100 04/Dec/2025/01/00/29 GET /v1/AUTH_ae7fe12107834a939f075e57d1e93600/gnocchi.d1a4c02d-2a09-4c81-a126-a3c7138d78bf%3Fformat%3Djson%26marker%3Dnone_v3%26states%3Dlisting HTTP/1.0 200 - python-swiftclient-3.11.1 gAAAAABpMNxrmRHQ... - 2 - tx1a18ab246ecb47368016e-006930dd2d - 0.0172 - - 1764810029.384461403 1764810029.401703835 0
Dec 4 01:00:29 standalone object-server[127676]: 172.20.0.100 - - [04/Dec/2025:01:00:29 +0000] "GET /d1/499/AUTH_ae7fe12107834a939f075e57d1e93600/gnocchi.d1a4c02d-2a09-4c81-a126-a3c7138d78bf/1764720000.0_mean_300.0_v3" 200 16 "GET http://172.18.0.2:8080/v1/AUTH_ae7fe12107834a939f075e57d1e93600/gnocchi.d1a4c02d-2a09-4c81-a126-a3c7138d78bf/1764720000.0_mean_300.0_v3" "tx1bf50eaf73c34ab2933a2-006930dd2d" "proxy-server 20" 0.0016 "-" 23 0
Dec 4 01:00:29 standalone proxy-server[129697]: 172.18.0.2 172.18.0.100 04/Dec/2025/01/00/29 GET /v1/AUTH_ae7fe12107834a939f075e57d1e93600/gnocchi.d1a4c02d-2a09-4c81-a126-a3c7138d78bf/1764720000.0_mean_300.0_v3 HTTP/1.0 200 - python-swiftclient-3.11.1 gAAAAABpMNxrmRHQ... - 16 - tx1bf50eaf73c34ab2933a2-006930dd2d - 0.0108 - - 1764810029.407106638 1764810029.417954922 0
Dec 4 01:00:29 standalone container-server[127482]: 172.20.0.100 - - [04/Dec/2025:01:00:29 +0000] "PUT /d1/298/AUTH_ae7fe12107834a939f075e57d1e93600/gnocchi.d1a4c02d-2a09-4c81-a126-a3c7138d78bf/1764720000.0_mean_300.0_v3" 201 - "PUT http://172.18.0.2:8080/d1/499/AUTH_ae7fe12107834a939f075e57d1e93600/gnocchi.d1a4c02d-2a09-4c81-a126-a3c7138d78bf/1764720000.0_mean_300.0_v3" "tx1609ac79870449d992299-006930dd2d" "object-server 24" 0.0010 "-" 20 0
Dec 4 01:00:29 standalone object-server[127677]: 172.20.0.100 - - [04/Dec/2025:01:00:29 +0000] "PUT /d1/499/AUTH_ae7fe12107834a939f075e57d1e93600/gnocchi.d1a4c02d-2a09-4c81-a126-a3c7138d78bf/1764720000.0_mean_300.0_v3" 201 - "PUT http://172.18.0.2:8080/v1/AUTH_ae7fe12107834a939f075e57d1e93600/gnocchi.d1a4c02d-2a09-4c81-a126-a3c7138d78bf/1764720000.0_mean_300.0_v3" "tx1609ac79870449d992299-006930dd2d" "proxy-server 20" 0.0136 "-" 24 0
Dec 4 01:00:29 standalone proxy-server[129697]: 172.18.0.2 172.18.0.100 04/Dec/2025/01/00/29 PUT /v1/AUTH_ae7fe12107834a939f075e57d1e93600/gnocchi.d1a4c02d-2a09-4c81-a126-a3c7138d78bf/1764720000.0_mean_300.0_v3 HTTP/1.0 201 - python-swiftclient-3.11.1 gAAAAABpMNxrmRHQ... 23 - - tx1609ac79870449d992299-006930dd2d - 0.0231 - - 1764810029.422122002 1764810029.445196867 0
Dec 4 01:00:29 standalone container-server[127534]: 172.20.0.100 - - [04/Dec/2025:01:00:29 +0000] "PUT /d1/298/AUTH_ae7fe12107834a939f075e57d1e93600/gnocchi.d1a4c02d-2a09-4c81-a126-a3c7138d78bf/none_v3" 201 - "PUT http://172.18.0.2:8080/d1/37/AUTH_ae7fe12107834a939f075e57d1e93600/gnocchi.d1a4c02d-2a09-4c81-a126-a3c7138d78bf/none_v3" "tx0661bc254c2542839514b-006930dd2d" "object-server 22" 0.0009 "-" 22 0
Dec 4 01:00:29 standalone object-server[127675]: 172.20.0.100 - - [04/Dec/2025:01:00:29 +0000] "PUT /d1/37/AUTH_ae7fe12107834a939f075e57d1e93600/gnocchi.d1a4c02d-2a09-4c81-a126-a3c7138d78bf/none_v3" 201 - "PUT http://172.18.0.2:8080/v1/AUTH_ae7fe12107834a939f075e57d1e93600/gnocchi.d1a4c02d-2a09-4c81-a126-a3c7138d78bf/none_v3" "tx0661bc254c2542839514b-006930dd2d" "proxy-server 20" 0.0140 "-" 22 0
Dec 4 01:00:29 standalone proxy-server[129697]: 172.18.0.2 172.18.0.100 04/Dec/2025/01/00/29 PUT /v1/AUTH_ae7fe12107834a939f075e57d1e93600/gnocchi.d1a4c02d-2a09-4c81-a126-a3c7138d78bf/none_v3 HTTP/1.0 201 - python-swiftclient-3.11.1 gAAAAABpMNxrmRHQ... 22 - - tx0661bc254c2542839514b-006930dd2d - 0.0232 - - 1764810029.449131966 1764810029.472293377 0
Dec 4 01:00:29 standalone object-server[127675]: 172.20.0.100 - - [04/Dec/2025:01:00:29 +0000] "GET /d1/69/AUTH_ae7fe12107834a939f075e57d1e93600/gnocchi.c5af85a3-8dd0-4480-ade8-7a76a28250f6/none_v3" 200 22 "GET http://172.18.0.2:8080/v1/AUTH_ae7fe12107834a939f075e57d1e93600/gnocchi.c5af85a3-8dd0-4480-ade8-7a76a28250f6/none_v3" "txcb3917f614a746458f698-006930dd2d" "proxy-server 20" 0.0013 "-" 22 0
Dec 4 01:00:29 standalone proxy-server[129697]: 172.18.0.2 172.18.0.100 04/Dec/2025/01/00/29 GET /v1/AUTH_ae7fe12107834a939f075e57d1e93600/gnocchi.c5af85a3-8dd0-4480-ade8-7a76a28250f6/none_v3 HTTP/1.0 200 - python-swiftclient-3.11.1 gAAAAABpMNxrmRHQ... - 22 - txcb3917f614a746458f698-006930dd2d - 0.0103 - - 1764810029.485635996 1764810029.495975494 0
Dec 4 01:00:29 standalone container-server[127482]: 172.20.0.100 - - [04/Dec/2025:01:00:29 +0000] "GET /d1/261/AUTH_ae7fe12107834a939f075e57d1e93600/gnocchi.c5af85a3-8dd0-4480-ade8-7a76a28250f6" 200 357 "GET http://172.18.0.2:8080/v1/AUTH_ae7fe12107834a939f075e57d1e93600/gnocchi.c5af85a3-8dd0-4480-ade8-7a76a28250f6?format=json&states=listing" "tx88b06d9c344c4f8d939db-006930dd2d" "proxy-server 20" 0.0132 "-" 20 0
Dec 4 01:00:29 standalone proxy-server[129697]: 172.18.0.2 172.18.0.100 04/Dec/2025/01/00/29 GET /v1/AUTH_ae7fe12107834a939f075e57d1e93600/gnocchi.c5af85a3-8dd0-4480-ade8-7a76a28250f6%3Fformat%3Djson%26states%3Dlisting HTTP/1.0 200 - python-swiftclient-3.11.1 gAAAAABpMNxrmRHQ... - 357 - tx88b06d9c344c4f8d939db-006930dd2d - 0.0253 - - 1764810029.500547886 1764810029.525871038 0
Dec 4 01:00:29 standalone container-server[127534]: 172.20.0.100 - - [04/Dec/2025:01:00:29 +0000] "GET /d1/261/AUTH_ae7fe12107834a939f075e57d1e93600/gnocchi.c5af85a3-8dd0-4480-ade8-7a76a28250f6" 200 2 "GET http://172.18.0.2:8080/v1/AUTH_ae7fe12107834a939f075e57d1e93600/gnocchi.c5af85a3-8dd0-4480-ade8-7a76a28250f6?format=json&marker=none_v3&states=listing" "tx9d27c9e6ca4a48fb9e41b-006930dd2d" "proxy-server 20" 0.0039 "-" 22 0
Dec 4 01:00:29 standalone proxy-server[129697]: 172.18.0.2 172.18.0.100 04/Dec/2025/01/00/29 GET /v1/AUTH_ae7fe12107834a939f075e57d1e93600/gnocchi.c5af85a3-8dd0-4480-ade8-7a76a28250f6%3Fformat%3Djson%26marker%3Dnone_v3%26states%3Dlisting HTTP/1.0 200 - python-swiftclient-3.11.1 gAAAAABpMNxrmRHQ... - 2 - tx9d27c9e6ca4a48fb9e41b-006930dd2d - 0.0142 - - 1764810029.530215502 1764810029.544416666 0
Dec 4 01:00:29 standalone object-server[127679]: 172.20.0.100 - - [04/Dec/2025:01:00:29 +0000] "GET /d1/980/AUTH_ae7fe12107834a939f075e57d1e93600/gnocchi.c5af85a3-8dd0-4480-ade8-7a76a28250f6/1764720000.0_mean_300.0_v3" 200 16 "GET http://172.18.0.2:8080/v1/AUTH_ae7fe12107834a939f075e57d1e93600/gnocchi.c5af85a3-8dd0-4480-ade8-7a76a28250f6/1764720000.0_mean_300.0_v3" "txb8f40bf7dae3430e9db21-006930dd2d" "proxy-server 20" 0.0013 "-" 25 0
Dec 4 01:00:29 standalone proxy-server[129697]: 172.18.0.2 172.18.0.100 04/Dec/2025/01/00/29 GET /v1/AUTH_ae7fe12107834a939f075e57d1e93600/gnocchi.c5af85a3-8dd0-4480-ade8-7a76a28250f6/1764720000.0_mean_300.0_v3 HTTP/1.0 200 - python-swiftclient-3.11.1 gAAAAABpMNxrmRHQ... - 16 - txb8f40bf7dae3430e9db21-006930dd2d - 0.0097 - - 1764810029.549617767 1764810029.559357882 0
Dec 4 01:00:29 standalone container-server[127534]: 172.20.0.100 - - [04/Dec/2025:01:00:29 +0000] "PUT /d1/261/AUTH_ae7fe12107834a939f075e57d1e93600/gnocchi.c5af85a3-8dd0-4480-ade8-7a76a28250f6/1764720000.0_mean_300.0_v3" 201 - "PUT http://172.18.0.2:8080/d1/980/AUTH_ae7fe12107834a939f075e57d1e93600/gnocchi.c5af85a3-8dd0-4480-ade8-7a76a28250f6/1764720000.0_mean_300.0_v3" "tx90ebea1742eb49b49d89a-006930dd2d" "object-server 22" 0.0008 "-" 22 0
Dec 4 01:00:29 standalone object-server[127675]: 172.20.0.100 - - [04/Dec/2025:01:00:29 +0000] "PUT /d1/980/AUTH_ae7fe12107834a939f075e57d1e93600/gnocchi.c5af85a3-8dd0-4480-ade8-7a76a28250f6/1764720000.0_mean_300.0_v3" 201 - "PUT http://172.18.0.2:8080/v1/AUTH_ae7fe12107834a939f075e57d1e93600/gnocchi.c5af85a3-8dd0-4480-ade8-7a76a28250f6/1764720000.0_mean_300.0_v3" "tx90ebea1742eb49b49d89a-006930dd2d" "proxy-server 20" 0.0123 "-" 22 0
Dec 4 01:00:29 standalone proxy-server[129697]: 172.18.0.2 172.18.0.100 04/Dec/2025/01/00/29 PUT /v1/AUTH_ae7fe12107834a939f075e57d1e93600/gnocchi.c5af85a3-8dd0-4480-ade8-7a76a28250f6/1764720000.0_mean_300.0_v3 HTTP/1.0 201 - python-swiftclient-3.11.1 gAAAAABpMNxrmRHQ... 23 - - tx90ebea1742eb49b49d89a-006930dd2d - 0.0202 - - 1764810029.563289642 1764810029.583444595 0
Dec 4 01:00:29 standalone container-server[127538]: 172.20.0.100 - - [04/Dec/2025:01:00:29 +0000] "PUT /d1/261/AUTH_ae7fe12107834a939f075e57d1e93600/gnocchi.c5af85a3-8dd0-4480-ade8-7a76a28250f6/none_v3" 201 - "PUT http://172.18.0.2:8080/d1/69/AUTH_ae7fe12107834a939f075e57d1e93600/gnocchi.c5af85a3-8dd0-4480-ade8-7a76a28250f6/none_v3" "txeadbdeb7adf148888c621-006930dd2d" "object-server 22" 0.0007 "-" 23 0
Dec 4 01:00:29 standalone object-server[127675]: 172.20.0.100 - - [04/Dec/2025:01:00:29 +0000] "PUT /d1/69/AUTH_ae7fe12107834a939f075e57d1e93600/gnocchi.c5af85a3-8dd0-4480-ade8-7a76a28250f6/none_v3" 201 - "PUT http://172.18.0.2:8080/v1/AUTH_ae7fe12107834a939f075e57d1e93600/gnocchi.c5af85a3-8dd0-4480-ade8-7a76a28250f6/none_v3" "txeadbdeb7adf148888c621-006930dd2d" "proxy-server 20" 0.0141 "-" 22 0
Dec 4 01:00:29 standalone proxy-server[129697]: 172.18.0.2 172.18.0.100 04/Dec/2025/01/00/29 PUT /v1/AUTH_ae7fe12107834a939f075e57d1e93600/gnocchi.c5af85a3-8dd0-4480-ade8-7a76a28250f6/none_v3 HTTP/1.0 201 - python-swiftclient-3.11.1 gAAAAABpMNxrmRHQ... 22 - - txeadbdeb7adf148888c621-006930dd2d - 0.0218 - - 1764810029.587003469 1764810029.608770847 0
Dec 4 01:00:29 standalone object-server[127675]: 172.20.0.100 - - [04/Dec/2025:01:00:29 +0000] "GET /d1/180/AUTH_ae7fe12107834a939f075e57d1e93600/gnocchi.8c56c41e-c522-466c-9aa2-e2fc68d4fe6d/none_v3" 200 22 "GET http://172.18.0.2:8080/v1/AUTH_ae7fe12107834a939f075e57d1e93600/gnocchi.8c56c41e-c522-466c-9aa2-e2fc68d4fe6d/none_v3" "tx7bc8b631e923476db6562-006930dd2d" "proxy-server 20" 0.0013 "-" 22 0
Dec 4 01:00:29 standalone proxy-server[129697]: 172.18.0.2 172.18.0.100 04/Dec/2025/01/00/29 GET /v1/AUTH_ae7fe12107834a939f075e57d1e93600/gnocchi.8c56c41e-c522-466c-9aa2-e2fc68d4fe6d/none_v3 HTTP/1.0 200 - python-swiftclient-3.11.1 gAAAAABpMNxrmRHQ... - 22 - tx7bc8b631e923476db6562-006930dd2d - 0.0107 - - 1764810029.621783972 1764810029.632516861 0
Dec 4 01:00:29 standalone container-server[127516]: 172.20.0.100 - - [04/Dec/2025:01:00:29 +0000] "GET /d1/389/AUTH_ae7fe12107834a939f075e57d1e93600/gnocchi.8c56c41e-c522-466c-9aa2-e2fc68d4fe6d" 200 357 "GET http://172.18.0.2:8080/v1/AUTH_ae7fe12107834a939f075e57d1e93600/gnocchi.8c56c41e-c522-466c-9aa2-e2fc68d4fe6d?format=json&states=listing" "tx7395b7aebd364d88b1ebc-006930dd2d" "proxy-server 20" 0.0107 "-" 21 0
Dec 4 01:00:29 standalone proxy-server[129697]: 172.18.0.2 172.18.0.100 04/Dec/2025/01/00/29 GET /v1/AUTH_ae7fe12107834a939f075e57d1e93600/gnocchi.8c56c41e-c522-466c-9aa2-e2fc68d4fe6d%3Fformat%3Djson%26states%3Dlisting HTTP/1.0 200 - python-swiftclient-3.11.1 gAAAAABpMNxrmRHQ... - 357 - tx7395b7aebd364d88b1ebc-006930dd2d - 0.0212 - - 1764810029.637743473 1764810029.658956289 0
Dec 4 01:00:29 standalone container-server[127534]: 172.20.0.100 - - [04/Dec/2025:01:00:29 +0000] "GET /d1/389/AUTH_ae7fe12107834a939f075e57d1e93600/gnocchi.8c56c41e-c522-466c-9aa2-e2fc68d4fe6d" 200 2 "GET http://172.18.0.2:8080/v1/AUTH_ae7fe12107834a939f075e57d1e93600/gnocchi.8c56c41e-c522-466c-9aa2-e2fc68d4fe6d?format=json&marker=none_v3&states=listing" "txc29153c23aa74675ad4d4-006930dd2d" "proxy-server 20" 0.0038 "-" 22 0
Dec 4 01:00:29 standalone proxy-server[129697]: 172.18.0.2 172.18.0.100 04/Dec/2025/01/00/29 GET /v1/AUTH_ae7fe12107834a939f075e57d1e93600/gnocchi.8c56c41e-c522-466c-9aa2-e2fc68d4fe6d%3Fformat%3Djson%26marker%3Dnone_v3%26states%3Dlisting HTTP/1.0 200 - python-swiftclient-3.11.1 gAAAAABpMNxrmRHQ... - 2 - txc29153c23aa74675ad4d4-006930dd2d - 0.0144 - - 1764810029.663032770 1764810029.677460670 0
Dec 4 01:00:29 standalone object-server[127679]: 172.20.0.100 - - [04/Dec/2025:01:00:29 +0000] "GET /d1/520/AUTH_ae7fe12107834a939f075e57d1e93600/gnocchi.8c56c41e-c522-466c-9aa2-e2fc68d4fe6d/1764720000.0_mean_300.0_v3" 200 16 "GET http://172.18.0.2:8080/v1/AUTH_ae7fe12107834a939f075e57d1e93600/gnocchi.8c56c41e-c522-466c-9aa2-e2fc68d4fe6d/1764720000.0_mean_300.0_v3" "tx0335b74dd87e4248ac5c0-006930dd2d" "proxy-server 20" 0.0009 "-" 25 0
Dec 4 01:00:29 standalone proxy-server[129697]: 172.18.0.2 172.18.0.100 04/Dec/2025/01/00/29 GET /v1/AUTH_ae7fe12107834a939f075e57d1e93600/gnocchi.8c56c41e-c522-466c-9aa2-e2fc68d4fe6d/1764720000.0_mean_300.0_v3 HTTP/1.0 200 - python-swiftclient-3.11.1 gAAAAABpMNxrmRHQ... - 16 - tx0335b74dd87e4248ac5c0-006930dd2d - 0.0097 - - 1764810029.682593584 1764810029.692342043 0
Dec 4 01:00:29 standalone container-server[127538]: 172.20.0.100 - - [04/Dec/2025:01:00:29 +0000] "PUT /d1/389/AUTH_ae7fe12107834a939f075e57d1e93600/gnocchi.8c56c41e-c522-466c-9aa2-e2fc68d4fe6d/1764720000.0_mean_300.0_v3" 201 - "PUT http://172.18.0.2:8080/d1/520/AUTH_ae7fe12107834a939f075e57d1e93600/gnocchi.8c56c41e-c522-466c-9aa2-e2fc68d4fe6d/1764720000.0_mean_300.0_v3" "txb738d056904e4fddaea4a-006930dd2d" "object-server 22" 0.0006 "-" 23 0
Dec 4 01:00:29 standalone object-server[127675]: 172.20.0.100 - - [04/Dec/2025:01:00:29 +0000] "PUT /d1/520/AUTH_ae7fe12107834a939f075e57d1e93600/gnocchi.8c56c41e-c522-466c-9aa2-e2fc68d4fe6d/1764720000.0_mean_300.0_v3" 201 - "PUT http://172.18.0.2:8080/v1/AUTH_ae7fe12107834a939f075e57d1e93600/gnocchi.8c56c41e-c522-466c-9aa2-e2fc68d4fe6d/1764720000.0_mean_300.0_v3" "txb738d056904e4fddaea4a-006930dd2d" "proxy-server 20" 0.0128 "-" 22 0
Dec 4 01:00:29 standalone proxy-server[129697]: 172.18.0.2 172.18.0.100 04/Dec/2025/01/00/29 PUT /v1/AUTH_ae7fe12107834a939f075e57d1e93600/gnocchi.8c56c41e-c522-466c-9aa2-e2fc68d4fe6d/1764720000.0_mean_300.0_v3 HTTP/1.0 201 - python-swiftclient-3.11.1 gAAAAABpMNxrmRHQ... 23 - - txb738d056904e4fddaea4a-006930dd2d - 0.0212 - - 1764810029.696570635 1764810029.717778444 0
Dec 4 01:00:29 standalone container-server[127534]: 172.20.0.100 - - [04/Dec/2025:01:00:29 +0000] "PUT /d1/389/AUTH_ae7fe12107834a939f075e57d1e93600/gnocchi.8c56c41e-c522-466c-9aa2-e2fc68d4fe6d/none_v3" 201 - "PUT http://172.18.0.2:8080/d1/180/AUTH_ae7fe12107834a939f075e57d1e93600/gnocchi.8c56c41e-c522-466c-9aa2-e2fc68d4fe6d/none_v3" "txd1b0302d564c4b3bb128e-006930dd2d" "object-server 24" 0.0009 "-" 22 0
Dec 4 01:00:29 standalone object-server[127677]: 172.20.0.100 - - [04/Dec/2025:01:00:29 +0000] "PUT /d1/180/AUTH_ae7fe12107834a939f075e57d1e93600/gnocchi.8c56c41e-c522-466c-9aa2-e2fc68d4fe6d/none_v3" 201 - "PUT http://172.18.0.2:8080/v1/AUTH_ae7fe12107834a939f075e57d1e93600/gnocchi.8c56c41e-c522-466c-9aa2-e2fc68d4fe6d/none_v3" "txd1b0302d564c4b3bb128e-006930dd2d" "proxy-server 20" 0.0135 "-" 24 0
Dec 4 01:00:29 standalone proxy-server[129697]: 172.18.0.2 172.18.0.100 04/Dec/2025/01/00/29 PUT /v1/AUTH_ae7fe12107834a939f075e57d1e93600/gnocchi.8c56c41e-c522-466c-9aa2-e2fc68d4fe6d/none_v3 HTTP/1.0 201 - python-swiftclient-3.11.1 gAAAAABpMNxrmRHQ... 22 - - txd1b0302d564c4b3bb128e-006930dd2d - 0.0222 - - 1764810029.721570969 1764810029.743731499 0
Dec 4 01:01:05 standalone object-server[127616]: Begin object update sweep
Dec 4 01:01:05 standalone object-server[250265]: Object update sweep starting on /srv/node/d1 (pid: 15)
Dec 4 01:01:05 standalone object-server[250265]: Object update sweep completed on /srv/node/d1 in 0.00s seconds:, 0 successes, 0 failures, 0 quarantines, 0 unlinks, 0 errors, 0 redirects (pid: 15)
Dec 4 01:01:05 standalone object-server[250265]: Object update sweep of d1 completed: 0.00s, 0 successes, 0 failures, 0 quarantines, 0 unlinks, 0 errors, 0 redirects
Dec 4 01:01:05 standalone object-server[127616]: Object update sweep completed: 0.10s
Dec 4 01:04:06 standalone account-server[127371]: 172.20.0.100 - - [04/Dec/2025:01:04:06 +0000] "HEAD /d1/207/.expiring_objects" 404 - "HEAD http://localhost/v1/.expiring_objects?format=json" "tx57d496b2296849f285252-006930de06" "proxy-server 2" 0.0004 "-" 22 -
Dec 4 01:04:06 standalone object-expirer[127388]: Pass completed in 0s; 0 objects expired (txn: tx57d496b2296849f285252-006930de06)
Dec 4 01:04:39 standalone container-server[127289]: Begin container update sweep
Dec 4 01:04:39 standalone account-server[127343]: 172.20.0.100 - - [04/Dec/2025:01:04:39 +0000] "PUT /d1/778/AUTH_ae7fe12107834a939f075e57d1e93600/gnocchi.2639d49c-f3fd-4d35-accc-c4f1d06e95e6" 201 - "-" "-" "container-updater 2" 0.0010 "-" 21 0
Dec 4 01:04:39 standalone account-server[127313]: 172.20.0.100 - - [04/Dec/2025:01:04:39 +0000] "PUT /d1/778/AUTH_ae7fe12107834a939f075e57d1e93600/gnocchi.f1b09697-8863-470a-b5ea-c6e51ef978e0" 201 - "-" "-" "container-updater 2" 0.0005 "-" 17 0
Dec 4 01:04:39 standalone account-server[127327]: 172.20.0.100 - - [04/Dec/2025:01:04:39 +0000] "PUT /d1/778/AUTH_ae7fe12107834a939f075e57d1e93600/gnocchi.d1a4c02d-2a09-4c81-a126-a3c7138d78bf" 201 - "-" "-" "container-updater 2" 0.0008 "-" 19 0
Dec 4 01:04:39 standalone account-server[127371]: 172.20.0.100 - - [04/Dec/2025:01:04:39 +0000] "PUT /d1/778/AUTH_ae7fe12107834a939f075e57d1e93600/gnocchi.1aa9a050-f7ec-466f-a830-26a9b5607efe" 201 - "-" "-" "container-updater 2" 0.0006 "-" 22 0
Dec 4 01:04:39 standalone account-server[127343]: 172.20.0.100 - - [04/Dec/2025:01:04:39 +0000] "PUT /d1/778/AUTH_ae7fe12107834a939f075e57d1e93600/gnocchi.194fe45a-6926-4651-8f11-6f2f4c56bbc2" 201 - "-" "-" "container-updater 2" 0.0007 "-" 21 0
Dec 4 01:04:40 standalone account-server[127327]: 172.20.0.100 - - [04/Dec/2025:01:04:40 +0000] "PUT /d1/778/AUTH_ae7fe12107834a939f075e57d1e93600/gnocchi.9d3de70c-720a-45f6-90da-bbb02d34690c" 201 - "-" "-" "container-updater 2" 0.0006 "-" 19 0
Dec 4 01:04:40 standalone account-server[127343]: 172.20.0.100 - - [04/Dec/2025:01:04:40 +0000] "PUT /d1/778/AUTH_ae7fe12107834a939f075e57d1e93600/gnocchi.43ffb5e1-cc52-4044-8b35-a83112838261" 201 - "-" "-" "container-updater 2" 0.0004 "-" 21 0
Dec 4 01:04:40 standalone account-server[127327]: 172.20.0.100 - - [04/Dec/2025:01:04:40 +0000] "PUT /d1/778/AUTH_ae7fe12107834a939f075e57d1e93600/gnocchi.8c56c41e-c522-466c-9aa2-e2fc68d4fe6d" 201 - "-" "-" "container-updater 2" 0.0006 "-" 19 0
Dec 4 01:04:40 standalone account-server[127313]: 172.20.0.100 - - [04/Dec/2025:01:04:40 +0000] "PUT /d1/778/AUTH_ae7fe12107834a939f075e57d1e93600/gnocchi.01713704-eecb-4521-a1f9-929cee88e1ab" 201 - "-" "-" "container-updater 2" 0.0007 "-" 17 0
Dec 4 01:04:41 standalone account-server[127343]: 172.20.0.100 - - [04/Dec/2025:01:04:41 +0000] "PUT /d1/778/AUTH_ae7fe12107834a939f075e57d1e93600/gnocchi.c5af85a3-8dd0-4480-ade8-7a76a28250f6" 201 - "-" "-" "container-updater 2" 0.0008 "-" 21 0
Dec 4 01:04:41 standalone account-server[127313]: 172.20.0.100 - - [04/Dec/2025:01:04:41 +0000] "PUT /d1/778/AUTH_ae7fe12107834a939f075e57d1e93600/gnocchi.8ca72e88-6cdb-4efb-b340-cf2dc73125a2" 201 - "-" "-" "container-updater 2" 0.0008 "-" 17 0
Dec 4 01:04:41 standalone container-server[127289]: Container update sweep completed: 2.62s
Dec 4 01:04:45 standalone account-server[127371]: 172.20.0.100 - - [04/Dec/2025:01:04:45 +0000] "HEAD /d1/207/.expiring_objects" 404 - "HEAD http://localhost/v1/.expiring_objects?format=json" "txd062c85b644d44fe8bdc3-006930de2d" "proxy-server 2" 0.0005 "-" 22 -
Dec 4 01:04:45 standalone object-expirer[127388]: Pass completed in 0s; 0 objects expired (txn: txd062c85b644d44fe8bdc3-006930de2d)
Dec 4 01:05:23 standalone account-server[127371]: 172.20.0.100 - - [04/Dec/2025:01:05:23 +0000] "HEAD /d1/207/.expiring_objects" 404 - "HEAD http://localhost/v1/.expiring_objects?format=json" "tx794f30bd127940808813d-006930de53" "proxy-server 2" 0.0005 "-" 22 -
Dec 4 01:05:23 standalone object-expirer[127388]: Pass completed in 0s; 0 objects expired (txn: tx794f30bd127940808813d-006930de53)
Dec 4 01:05:57 standalone account-server[127313]: 172.20.0.100 - - [04/Dec/2025:01:05:57 +0000] "HEAD /d1/207/.expiring_objects" 404 - "HEAD http://localhost/v1/.expiring_objects?format=json" "tx43fca65af4284af791be1-006930de75" "proxy-server 2" 0.0007 "-" 17 -
Dec 4 01:05:57 standalone object-expirer[127388]: Pass completed in 0s; 0 objects expired (txn: tx43fca65af4284af791be1-006930de75)
Dec 4 01:06:05 standalone object-server[127616]: Begin object update sweep
Dec 4 01:06:05 standalone object-server[281801]: Object update sweep starting on /srv/node/d1 (pid: 16)
Dec 4 01:06:05 standalone object-server[281801]: Object update sweep completed on /srv/node/d1 in 0.00s seconds:, 0 successes, 0 failures, 0 quarantines, 0 unlinks, 0 errors, 0 redirects (pid: 16)
Dec 4 01:06:05 standalone object-server[281801]: Object update sweep of d1 completed: 0.00s, 0 successes, 0 failures, 0 quarantines, 0 unlinks, 0 errors, 0 redirects
Dec 4 01:06:05 standalone object-server[127616]: Object update sweep completed: 0.09s
Dec 4 01:06:21 standalone account-server[127343]: 172.20.0.100 - - [04/Dec/2025:01:06:21 +0000] "HEAD /d1/207/.expiring_objects" 404 - "HEAD http://localhost/v1/.expiring_objects?format=json" "tx1541754780814de3be690-006930de8d" "proxy-server 2" 0.0007 "-" 21 -
Dec 4 01:06:21 standalone object-expirer[127388]: Pass completed in 0s; 0 objects expired (txn: tx1541754780814de3be690-006930de8d)
Dec 4 01:07:43 standalone account-server[127343]: 172.20.0.100 - - [04/Dec/2025:01:07:43 +0000] "HEAD /d1/207/.expiring_objects" 404 - "HEAD http://localhost/v1/.expiring_objects?format=json" "tx2bf18d804f034b52a68d5-006930dedf" "proxy-server 2" 0.0006 "-" 21 -
Dec 4 01:07:43 standalone object-expirer[127388]: Pass completed in 0s; 0 objects expired (txn: tx2bf18d804f034b52a68d5-006930dedf)
Dec 4 01:08:32 standalone account-server[127327]: 172.20.0.100 - - [04/Dec/2025:01:08:32 +0000] "HEAD /d1/207/.expiring_objects" 404 - "HEAD http://localhost/v1/.expiring_objects?format=json" "tx9afeda8480f64b9b899b7-006930df10" "proxy-server 2" 0.0008 "-" 19 -
Dec 4 01:08:32 standalone object-expirer[127388]: Pass completed in 0s; 0 objects expired (txn: tx9afeda8480f64b9b899b7-006930df10)
Dec 4 01:09:39 standalone container-server[127289]: Begin container update sweep
Dec 4 01:09:40 standalone container-server[127289]: Container update sweep completed: 1.80s
Dec 4 01:11:05 standalone object-server[127616]: Begin object update sweep
Dec 4 01:11:05 standalone object-server[306819]: Object update sweep starting on /srv/node/d1 (pid: 17)
Dec 4 01:11:05 standalone object-server[306819]: Object update sweep completed on /srv/node/d1 in 0.00s seconds:, 0 successes, 0 failures, 0 quarantines, 0 unlinks, 0 errors, 0 redirects (pid: 17)
Dec 4 01:11:05 standalone object-server[306819]: Object update sweep of d1 completed: 0.00s, 0 successes, 0 failures, 0 quarantines, 0 unlinks, 0 errors, 0 redirects
Dec 4 01:11:05 standalone object-server[127616]: Object update sweep completed: 0.09s
Dec 4 01:12:34 standalone account-server[127343]: 172.20.0.100 - - [04/Dec/2025:01:12:34 +0000] "HEAD /d1/207/.expiring_objects" 404 - "HEAD http://localhost/v1/.expiring_objects?format=json" "tx661b1ba5c368497280cc2-006930e002" "proxy-server 2" 0.0008 "-" 21 -
Dec 4 01:12:34 standalone object-expirer[127388]: Pass completed in 0s; 0 objects expired (txn: tx661b1ba5c368497280cc2-006930e002)
Dec 4 01:13:16 standalone account-server[127327]: 172.20.0.100 - - [04/Dec/2025:01:13:16 +0000] "HEAD /d1/207/.expiring_objects" 404 - "HEAD http://localhost/v1/.expiring_objects?format=json" "tx0948271b2088415097bc6-006930e02c" "proxy-server 2" 0.0008 "-" 19 -
Dec 4 01:13:16 standalone object-expirer[127388]: Pass completed in 0s; 0 objects expired (txn: tx0948271b2088415097bc6-006930e02c)
Dec 4 01:14:39 standalone container-server[127289]: Begin container update sweep
Dec 4 01:14:41 standalone container-server[127289]: Container update sweep completed: 1.99s
Dec 4 01:16:05 standalone object-server[127616]: Begin object update sweep
Dec 4 01:16:05 standalone object-server[330548]: Object update sweep starting on /srv/node/d1 (pid: 18)
Dec 4 01:16:05 standalone object-server[330548]: Object update sweep completed on /srv/node/d1 in 0.00s seconds:, 0 successes, 0 failures, 0 quarantines, 0 unlinks, 0 errors, 0 redirects (pid: 18)
Dec 4 01:16:05 standalone object-server[330548]: Object update sweep of d1 completed: 0.00s, 0 successes, 0 failures, 0 quarantines, 0 unlinks, 0 errors, 0 redirects
Dec 4 01:16:05 standalone object-server[127616]: Object update sweep completed: 0.08s
Dec 4 01:18:01 standalone account-server[127327]: 172.20.0.100 - - [04/Dec/2025:01:18:01 +0000] "HEAD /d1/207/.expiring_objects" 404 - "HEAD http://localhost/v1/.expiring_objects?format=json" "tx083a5e85da164294b9ac2-006930e149" "proxy-server 2" 0.0006 "-" 19 -
Dec 4 01:18:01 standalone object-expirer[127388]: Pass completed in 0s; 0 objects expired (txn: tx083a5e85da164294b9ac2-006930e149)
Dec 4 01:19:39 standalone container-server[127289]: Begin container update sweep
Dec 4 01:19:41 standalone container-server[127289]: Container update sweep completed: 1.83s
Dec 4 01:21:05 standalone object-server[127616]: Begin object update sweep
Dec 4 01:21:06 standalone object-server[351876]: Object update sweep starting on /srv/node/d1 (pid: 19)
Dec 4 01:21:06 standalone object-server[351876]: Object update sweep completed on /srv/node/d1 in 0.00s seconds:, 0 successes, 0 failures, 0 quarantines, 0 unlinks, 0 errors, 0 redirects (pid: 19)
Dec 4 01:21:06 standalone object-server[351876]: Object update sweep of d1 completed: 0.00s, 0 successes, 0 failures, 0 quarantines, 0 unlinks, 0 errors, 0 redirects
Dec 4 01:21:06 standalone object-server[127616]: Object update sweep completed: 0.08s
Dec 4 01:21:59 standalone account-server[127343]: 172.20.0.100 - - [04/Dec/2025:01:21:59 +0000] "HEAD /d1/207/.expiring_objects" 404 - "HEAD http://localhost/v1/.expiring_objects?format=json" "tx90ee983a6ab54a7a906ce-006930e237" "proxy-server 2" 0.0008 "-" 21 -
Dec 4 01:21:59 standalone object-expirer[127388]: Pass completed in 0s; 0 objects expired (txn: tx90ee983a6ab54a7a906ce-006930e237)
Dec 4 01:24:31 standalone account-server[127343]: 172.20.0.100 - - [04/Dec/2025:01:24:31 +0000] "HEAD /d1/207/.expiring_objects" 404 - "HEAD http://localhost/v1/.expiring_objects?format=json" "tx0c8eec74a83441b4b1a4c-006930e2cf" "proxy-server 2" 0.0009 "-" 21 -
Dec 4 01:24:31 standalone object-expirer[127388]: Pass completed in 0s; 0 objects expired (txn: tx0c8eec74a83441b4b1a4c-006930e2cf)
Dec 4 01:24:39 standalone container-server[127289]: Begin container update sweep
Dec 4 01:24:41 standalone container-server[127289]: Container update sweep completed: 1.84s
Dec 4 01:26:04 standalone account-server[127327]: 172.20.0.100 - - [04/Dec/2025:01:26:04 +0000] "HEAD /d1/207/.expiring_objects" 404 - "HEAD http://localhost/v1/.expiring_objects?format=json" "tx223fb55014944cbd9c091-006930e32c" "proxy-server 2" 0.0009 "-" 19 -
Dec 4 01:26:04 standalone object-expirer[127388]: Pass completed in 0s; 0 objects expired (txn: tx223fb55014944cbd9c091-006930e32c)
Dec 4 01:26:06 standalone object-server[127616]: Begin object update sweep
Dec 4 01:26:06 standalone object-server[373030]: Object update sweep starting on /srv/node/d1 (pid: 20)
Dec 4 01:26:06 standalone object-server[373030]: Object update sweep completed on /srv/node/d1 in 0.00s seconds:, 0 successes, 0 failures, 0 quarantines, 0 unlinks, 0 errors, 0 redirects (pid: 20)
Dec 4 01:26:06 standalone object-server[373030]: Object update sweep of d1 completed: 0.00s, 0 successes, 0 failures, 0 quarantines, 0 unlinks, 0 errors, 0 redirects
Dec 4 01:26:06 standalone object-server[127616]: Object update sweep completed: 0.08s
Dec 4 01:27:18 standalone account-server[127343]: 172.20.0.100 - - [04/Dec/2025:01:27:18 +0000] "HEAD /d1/207/.expiring_objects" 404 - "HEAD http://localhost/v1/.expiring_objects?format=json" "txb53a7e7e8e8f4e5ba0fdb-006930e376" "proxy-server 2" 0.0006 "-" 21 -
Dec 4 01:27:18 standalone object-expirer[127388]: Pass completed in 0s; 0 objects expired (txn: txb53a7e7e8e8f4e5ba0fdb-006930e376)
Dec 4 01:29:22 standalone account-server[126999]: Devices pass completed: 0.00s
Dec 4 01:29:39 standalone container-server[127289]: Begin container update sweep
Dec 4 01:29:41 standalone container-server[127289]: Container update sweep completed: 1.88s
Dec 4 01:31:06 standalone object-server[127616]: Begin object update sweep
Dec 4 01:31:06 standalone object-server[386565]: Object update sweep starting on /srv/node/d1 (pid: 21)
Dec 4 01:31:06 standalone object-server[386565]: Object update sweep completed on /srv/node/d1 in 0.00s seconds:, 0 successes, 0 failures, 0 quarantines, 0 unlinks, 0 errors, 0 redirects (pid: 21)
Dec 4 01:31:06 standalone object-server[386565]: Object update sweep of d1 completed: 0.00s, 0 successes, 0 failures, 0 quarantines, 0 unlinks, 0 errors, 0 redirects
Dec 4 01:31:06 standalone object-server[127616]: Object update sweep completed: 0.08s
Dec 4 01:31:42 standalone account-server[127371]: 172.20.0.100 - - [04/Dec/2025:01:31:42 +0000] "HEAD /d1/207/.expiring_objects" 404 - "HEAD http://localhost/v1/.expiring_objects?format=json" "tx5ca89246bd0e40e1814d2-006930e47e" "proxy-server 2" 0.0008 "-" 22 -
Dec 4 01:31:42 standalone object-expirer[127388]: Pass completed in 0s; 0 objects expired (txn: tx5ca89246bd0e40e1814d2-006930e47e)
Dec 4 01:32:08 standalone account-server[127327]: 172.20.0.100 - - [04/Dec/2025:01:32:08 +0000] "HEAD /d1/207/.expiring_objects" 404 - "HEAD http://localhost/v1/.expiring_objects?format=json" "tx22a35429702f43dba3c5e-006930e498" "proxy-server 2" 0.0006 "-" 19 -
Dec 4 01:32:08 standalone object-expirer[127388]: Pass completed in 0s; 0 objects expired (txn: tx22a35429702f43dba3c5e-006930e498)
Dec 4 01:34:12 standalone account-server[127343]: 172.20.0.100 - - [04/Dec/2025:01:34:12 +0000] "HEAD /d1/207/.expiring_objects" 404 - "HEAD http://localhost/v1/.expiring_objects?format=json" "txb2d482bf146741bb9fde6-006930e514" "proxy-server 2" 0.0008 "-" 21 -
Dec 4 01:34:12 standalone object-expirer[127388]: Pass completed in 0s; 0 objects expired (txn: txb2d482bf146741bb9fde6-006930e514)
Dec 4 01:34:39 standalone container-server[127289]: Begin container update sweep
Dec 4 01:34:41 standalone container-server[127289]: Container update sweep completed: 1.99s
Dec 4 01:35:00 standalone account-server[127371]: 172.20.0.100 - - [04/Dec/2025:01:35:00 +0000] "HEAD /d1/207/.expiring_objects" 404 - "HEAD http://localhost/v1/.expiring_objects?format=json" "tx500ffa895e4a4bf3b8307-006930e544" "proxy-server 2" 0.0007 "-" 22 -
Dec 4 01:35:00 standalone object-expirer[127388]: Pass completed in 0s; 0 objects expired (txn: tx500ffa895e4a4bf3b8307-006930e544)
Dec 4 01:35:40 standalone proxy-server[129546]: SIGTERM received (2)
Dec 4 01:35:40 standalone proxy-server[129546]: Exited (2)
Dec 4 01:36:06 standalone object-server[127616]: Begin object update sweep
Dec 4 01:36:06 standalone object-server[398084]: Object update sweep starting on /srv/node/d1 (pid: 22)
Dec 4 01:36:06 standalone object-server[398084]: Object update sweep completed on /srv/node/d1 in 0.00s seconds:, 0 successes, 0 failures, 0 quarantines, 0 unlinks, 0 errors, 0 redirects (pid: 22)
Dec 4 01:36:06 standalone object-server[398084]: Object update sweep of d1 completed: 0.00s, 0 successes, 0 failures, 0 quarantines, 0 unlinks, 0 errors, 0 redirects
Dec 4 01:36:06 standalone object-server[127616]: Object update sweep completed: 0.08s
Dec 4 01:36:54 standalone account-server[127313]: 172.20.0.100 - - [04/Dec/2025:01:36:54 +0000] "HEAD /d1/207/.expiring_objects" 404 - "HEAD http://localhost/v1/.expiring_objects?format=json" "tx1ef9cf9e4ea24e00a83f3-006930e5b6" "proxy-server 2" 0.0006 "-" 17 -
Dec 4 01:36:54 standalone object-expirer[127388]: Pass completed in 0s; 0 objects expired (txn: tx1ef9cf9e4ea24e00a83f3-006930e5b6)
Dec 4 01:39:39 standalone container-server[127289]: Begin container update sweep
Dec 4 01:39:41 standalone container-server[127289]: Container update sweep completed: 1.75s
Dec 4 01:41:06 standalone object-server[127616]: Begin object update sweep
Dec 4 01:41:06 standalone object-server[420538]: Object update sweep starting on /srv/node/d1 (pid: 23)
Dec 4 01:41:06 standalone object-server[420538]: Object update sweep completed on /srv/node/d1 in 0.00s seconds:, 0 successes, 0 failures, 0 quarantines, 0 unlinks, 0 errors, 0 redirects (pid: 23)
Dec 4 01:41:06 standalone object-server[420538]: Object update sweep of d1 completed: 0.00s, 0 successes, 0 failures, 0 quarantines, 0 unlinks, 0 errors, 0 redirects
Dec 4 01:41:06 standalone object-server[127616]: Object update sweep completed: 0.10s
Dec 4 01:41:32 standalone account-server[127371]: 172.20.0.100 - - [04/Dec/2025:01:41:32 +0000] "HEAD /d1/207/.expiring_objects" 404 - "HEAD http://localhost/v1/.expiring_objects?format=json" "txed5f78bb93074f1280d6c-006930e6cc" "proxy-server 2" 0.0006 "-" 22 -
Dec 4 01:41:32 standalone object-expirer[127388]: Pass completed in 0s; 0 objects expired (txn: txed5f78bb93074f1280d6c-006930e6cc)
Dec 4 01:41:58 standalone account-server[127343]: 172.20.0.100 - - [04/Dec/2025:01:41:58 +0000] "HEAD /d1/207/.expiring_objects" 404 - "HEAD http://localhost/v1/.expiring_objects?format=json" "txa115b069ab61415e97213-006930e6e6" "proxy-server 2" 0.0008 "-" 21 -
Dec 4 01:41:58 standalone object-expirer[127388]: Pass completed in 0s; 0 objects expired (txn: txa115b069ab61415e97213-006930e6e6)
Dec 4 01:42:09 standalone account-server[127343]: 172.20.0.100 - - [04/Dec/2025:01:42:09 +0000] "HEAD /d1/207/.expiring_objects" 404 - "HEAD http://localhost/v1/.expiring_objects?format=json" "tx865321f3e55d42da9fb0c-006930e6f1" "proxy-server 2" 0.0006 "-" 21 -
Dec 4 01:42:09 standalone object-expirer[127388]: Pass completed in 0s; 0 objects expired (txn: tx865321f3e55d42da9fb0c-006930e6f1)
Dec 4 01:44:04 standalone object-expirer[127388]: Unhandled exception: #012Traceback (most recent call last):#012
File "/usr/lib/python3.9/site-packages/swift/obj/expirer.py", line 328, in run_once#012 self.swift.get_account_info(task_account)#012
File "/usr/lib/python3.9/site-packages/swift/common/internal_client.py", line 438, in get_account_info#012 resp = self.make_request('HEAD', path, {}, acceptable_statuses)#012
File "/usr/lib/python3.9/site-packages/swift/common/internal_client.py", line 232, in make_request#012 raise UnexpectedResponse(msg, resp)#012swift.common.internal_client.UnexpectedResponse: Unexpected response: 503 Service Unavailable (txn: tx1a0674fc1de745e287157-006930e763)
Dec 4 01:44:10 standalone account-server[127327]: 172.20.0.100 - - [04/Dec/2025:01:44:10 +0000] "HEAD /d1/207/.expiring_objects" 404 - "HEAD http://localhost/v1/.expiring_objects?format=json" "tx98eeea0ae8364162b943d-006930e76a" "proxy-server 2" 0.0006 "-" 19 -
Dec 4 01:44:10 standalone object-expirer[127388]: Pass completed in 0s; 0 objects expired (txn: tx98eeea0ae8364162b943d-006930e76a)
Dec 4 01:44:27 standalone account-server[127313]: 172.20.0.100 - - [04/Dec/2025:01:44:27 +0000] "HEAD /d1/207/.expiring_objects" 404 - "HEAD http://localhost/v1/.expiring_objects?format=json" "tx6f552329eca44d6d88ed0-006930e77b" "proxy-server 2" 0.0009 "-" 17 -
Dec 4 01:44:27 standalone object-expirer[127388]: Pass completed in 0s; 0 objects expired (txn: tx6f552329eca44d6d88ed0-006930e77b)
Dec 4 01:44:39 standalone container-server[127289]: Begin container update sweep
Dec 4 01:44:41 standalone container-server[127289]: Container update sweep completed: 1.63s
