Dec 11 22:39:33 np0005556243.novalocal object-server[96958]: ::1 - - [12/Dec/2025:03:39:33 +0000] "GET /1/1648/AUTH_402e63682d3749049fa8edf9e07dfd6e/gnocchi.ab02a225-1907-4ad1-98e1-74e6b8270913/1764720000.0_mean_300.0_v3" 404 70 "GET https://[::1]:8080/v1/AUTH_402e63682d3749049fa8edf9e07dfd6e/gnocchi.ab02a225-1907-4ad1-98e1-74e6b8270913/1764720000.0_mean_300.0_v3" "tx22cf0b4cb3ab4c0a93513-00693b8e75" "proxy-server 97888" 0.0005 "-" 96958 0
Dec 11 22:39:33 np0005556243.novalocal object-server[96958]: ::1 - - [12/Dec/2025:03:39:33 +0000] "GET /3/1648/AUTH_402e63682d3749049fa8edf9e07dfd6e/gnocchi.ab02a225-1907-4ad1-98e1-74e6b8270913/1764720000.0_mean_300.0_v3" 404 70 "GET https://[::1]:8080/v1/AUTH_402e63682d3749049fa8edf9e07dfd6e/gnocchi.ab02a225-1907-4ad1-98e1-74e6b8270913/1764720000.0_mean_300.0_v3" "tx22cf0b4cb3ab4c0a93513-00693b8e75" "proxy-server 97888" 0.0004 "-" 96958 0
Dec 11 22:39:33 np0005556243.novalocal proxy-server[97888]: ::1 ::1 12/Dec/2025/03/39/33 GET /v1/AUTH_402e63682d3749049fa8edf9e07dfd6e/gnocchi.ab02a225-1907-4ad1-98e1-74e6b8270913/1764720000.0_mean_300.0_v3 HTTP/1.0 404 - python-swiftclient-4.8.0 gAAAAABpO450Q4QS... - 70 - tx22cf0b4cb3ab4c0a93513-00693b8e75 - 0.0110 - - 1765510773.131588936 1765510773.142635107 0 89ff87eb6954479d969b489941791c9f
Dec 11 22:39:33 np0005556243.novalocal container-server[96625]: ::1 - - [12/Dec/2025:03:39:33 +0000] "PUT /1/104017/AUTH_402e63682d3749049fa8edf9e07dfd6e/gnocchi.ab02a225-1907-4ad1-98e1-74e6b8270913/1764720000.0_mean_300.0_v3" 201 - "PUT http://[::1]:8080/2/1648/AUTH_402e63682d3749049fa8edf9e07dfd6e/gnocchi.ab02a225-1907-4ad1-98e1-74e6b8270913/1764720000.0_mean_300.0_v3" "txd731c540cff041d18b303-00693b8e75" "object-server 96958" 0.0025 "-" 96625 0
Dec 11 22:39:33 np0005556243.novalocal object-server[96958]: ::1 - - [12/Dec/2025:03:39:33 +0000] "PUT /2/1648/AUTH_402e63682d3749049fa8edf9e07dfd6e/gnocchi.ab02a225-1907-4ad1-98e1-74e6b8270913/1764720000.0_mean_300.0_v3" 201 - "PUT https://[::1]:8080/v1/AUTH_402e63682d3749049fa8edf9e07dfd6e/gnocchi.ab02a225-1907-4ad1-98e1-74e6b8270913/1764720000.0_mean_300.0_v3" "txd731c540cff041d18b303-00693b8e75" "proxy-server 97888" 0.0327 "-" 96958 0
Dec 11 22:39:33 np0005556243.novalocal container-server[96624]: ::1 - - [12/Dec/2025:03:39:33 +0000] "PUT /2/104017/AUTH_402e63682d3749049fa8edf9e07dfd6e/gnocchi.ab02a225-1907-4ad1-98e1-74e6b8270913/1764720000.0_mean_300.0_v3" 201 - "PUT http://[::1]:8080/1/1648/AUTH_402e63682d3749049fa8edf9e07dfd6e/gnocchi.ab02a225-1907-4ad1-98e1-74e6b8270913/1764720000.0_mean_300.0_v3" "txd731c540cff041d18b303-00693b8e75" "object-server 96957" 0.0049 "-" 96624 0
Dec 11 22:39:33 np0005556243.novalocal container-server[96624]: ::1 - - [12/Dec/2025:03:39:33 +0000] "PUT /3/104017/AUTH_402e63682d3749049fa8edf9e07dfd6e/gnocchi.ab02a225-1907-4ad1-98e1-74e6b8270913/1764720000.0_mean_300.0_v3" 201 - "PUT http://[::1]:8080/3/1648/AUTH_402e63682d3749049fa8edf9e07dfd6e/gnocchi.ab02a225-1907-4ad1-98e1-74e6b8270913/1764720000.0_mean_300.0_v3" "txd731c540cff041d18b303-00693b8e75" "object-server 96957" 0.0006 "-" 96624 0
Dec 11 22:39:33 np0005556243.novalocal object-server[96957]: ::1 - - [12/Dec/2025:03:39:33 +0000] "PUT /1/1648/AUTH_402e63682d3749049fa8edf9e07dfd6e/gnocchi.ab02a225-1907-4ad1-98e1-74e6b8270913/1764720000.0_mean_300.0_v3" 201 - "PUT https://[::1]:8080/v1/AUTH_402e63682d3749049fa8edf9e07dfd6e/gnocchi.ab02a225-1907-4ad1-98e1-74e6b8270913/1764720000.0_mean_300.0_v3" "txd731c540cff041d18b303-00693b8e75" "proxy-server 97888" 0.0438 "-" 96957 0
Dec 11 22:39:33 np0005556243.novalocal object-server[96957]: ::1 - - [12/Dec/2025:03:39:33 +0000] "PUT /3/1648/AUTH_402e63682d3749049fa8edf9e07dfd6e/gnocchi.ab02a225-1907-4ad1-98e1-74e6b8270913/1764720000.0_mean_300.0_v3" 201 - "PUT https://[::1]:8080/v1/AUTH_402e63682d3749049fa8edf9e07dfd6e/gnocchi.ab02a225-1907-4ad1-98e1-74e6b8270913/1764720000.0_mean_300.0_v3" "txd731c540cff041d18b303-00693b8e75" "proxy-server 97888" 0.0511 "-" 96957 0
Dec 11 22:39:33 np0005556243.novalocal proxy-server[97888]: ::1 ::1 12/Dec/2025/03/39/33 PUT /v1/AUTH_402e63682d3749049fa8edf9e07dfd6e/gnocchi.ab02a225-1907-4ad1-98e1-74e6b8270913/1764720000.0_mean_300.0_v3 HTTP/1.0 201 - python-swiftclient-4.8.0 gAAAAABpO450Q4QS... 16 - - txd731c540cff041d18b303-00693b8e75 - 0.0593 - - 1765510773.148638964 1765510773.207963467 0 89ff87eb6954479d969b489941791c9f
Dec 11 22:39:33 np0005556243.novalocal container-server[96624]: ::1 - - [12/Dec/2025:03:39:33 +0000] "PUT /2/104017/AUTH_402e63682d3749049fa8edf9e07dfd6e/gnocchi.ab02a225-1907-4ad1-98e1-74e6b8270913/none_v3" 201 - "PUT http://[::1]:8080/3/40812/AUTH_402e63682d3749049fa8edf9e07dfd6e/gnocchi.ab02a225-1907-4ad1-98e1-74e6b8270913/none_v3" "tx7177820ae1a7436c8b705-00693b8e75" "object-server 96958" 0.0007 "-" 96624 0
Dec 11 22:39:33 np0005556243.novalocal object-server[96958]: ::1 - - [12/Dec/2025:03:39:33 +0000] "PUT /3/40812/AUTH_402e63682d3749049fa8edf9e07dfd6e/gnocchi.ab02a225-1907-4ad1-98e1-74e6b8270913/none_v3" 201 - "PUT https://[::1]:8080/v1/AUTH_402e63682d3749049fa8edf9e07dfd6e/gnocchi.ab02a225-1907-4ad1-98e1-74e6b8270913/none_v3" "tx7177820ae1a7436c8b705-00693b8e75" "proxy-server 97888" 0.0190 "-" 96958 0
Dec 11 22:39:33 np0005556243.novalocal container-server[96624]: ::1 - - [12/Dec/2025:03:39:33 +0000] "PUT /1/104017/AUTH_402e63682d3749049fa8edf9e07dfd6e/gnocchi.ab02a225-1907-4ad1-98e1-74e6b8270913/none_v3" 201 - "PUT http://[::1]:8080/1/40812/AUTH_402e63682d3749049fa8edf9e07dfd6e/gnocchi.ab02a225-1907-4ad1-98e1-74e6b8270913/none_v3" "tx7177820ae1a7436c8b705-00693b8e75" "object-server 96957" 0.0007 "-" 96624 0
Dec 11 22:39:33 np0005556243.novalocal object-server[96957]: ::1 - - [12/Dec/2025:03:39:33 +0000] "PUT /1/40812/AUTH_402e63682d3749049fa8edf9e07dfd6e/gnocchi.ab02a225-1907-4ad1-98e1-74e6b8270913/none_v3" 201 - "PUT https://[::1]:8080/v1/AUTH_402e63682d3749049fa8edf9e07dfd6e/gnocchi.ab02a225-1907-4ad1-98e1-74e6b8270913/none_v3" "tx7177820ae1a7436c8b705-00693b8e75" "proxy-server 97888" 0.0245 "-" 96957 0
Dec 11 22:39:33 np0005556243.novalocal container-server[96625]: ::1 - - [12/Dec/2025:03:39:33 +0000] "PUT /3/104017/AUTH_402e63682d3749049fa8edf9e07dfd6e/gnocchi.ab02a225-1907-4ad1-98e1-74e6b8270913/none_v3" 201 - "PUT http://[::1]:8080/2/40812/AUTH_402e63682d3749049fa8edf9e07dfd6e/gnocchi.ab02a225-1907-4ad1-98e1-74e6b8270913/none_v3" "tx7177820ae1a7436c8b705-00693b8e75" "object-server 96957" 0.0006 "-" 96625 0
Dec 11 22:39:33 np0005556243.novalocal object-server[96957]: ::1 - - [12/Dec/2025:03:39:33 +0000] "PUT /2/40812/AUTH_402e63682d3749049fa8edf9e07dfd6e/gnocchi.ab02a225-1907-4ad1-98e1-74e6b8270913/none_v3" 201 - "PUT https://[::1]:8080/v1/AUTH_402e63682d3749049fa8edf9e07dfd6e/gnocchi.ab02a225-1907-4ad1-98e1-74e6b8270913/none_v3" "tx7177820ae1a7436c8b705-00693b8e75" "proxy-server 97888" 0.0233 "-" 96957 0
Dec 11 22:39:33 np0005556243.novalocal proxy-server[97888]: ::1 ::1 12/Dec/2025/03/39/33 PUT /v1/AUTH_402e63682d3749049fa8edf9e07dfd6e/gnocchi.ab02a225-1907-4ad1-98e1-74e6b8270913/none_v3 HTTP/1.0 201 - python-swiftclient-4.8.0 gAAAAABpO450Q4QS... 22 - - tx7177820ae1a7436c8b705-00693b8e75 - 0.0459 - - 1765510773.214208841 1765510773.260078907 0 89ff87eb6954479d969b489941791c9f
Dec 11 22:39:33 np0005556243.novalocal dnsmasq[103923]: read /var/lib/neutron/dhcp/6b12e66f-0bdd-4251-bb62-98d93a7ab0b6/addn_hosts - 1 addresses
Dec 11 22:39:33 np0005556243.novalocal dnsmasq-dhcp[103923]: read /var/lib/neutron/dhcp/6b12e66f-0bdd-4251-bb62-98d93a7ab0b6/host
Dec 11 22:39:33 np0005556243.novalocal dnsmasq-dhcp[103923]: read /var/lib/neutron/dhcp/6b12e66f-0bdd-4251-bb62-98d93a7ab0b6/opts
Dec 11 22:39:33 np0005556243.novalocal container-server[96624]: ::1 - - [12/Dec/2025:03:39:33 +0000] "HEAD /3/45743/AUTH_402e63682d3749049fa8edf9e07dfd6e/gnocchi.29a77a18-598d-48b2-ab97-486af3f85d3e" 404 - "HEAD http://[::1]:8080/v1/AUTH_402e63682d3749049fa8edf9e07dfd6e/gnocchi.29a77a18-598d-48b2-ab97-486af3f85d3e" "txbd788356dab1416e971c9-00693b8e75" "proxy-server 97888" 0.0004 "-" 96624 0
Dec 11 22:39:33 np0005556243.novalocal container-server[96624]: ::1 - - [12/Dec/2025:03:39:33 +0000] "HEAD /2/45743/AUTH_402e63682d3749049fa8edf9e07dfd6e/gnocchi.29a77a18-598d-48b2-ab97-486af3f85d3e" 404 - "HEAD http://[::1]:8080/v1/AUTH_402e63682d3749049fa8edf9e07dfd6e/gnocchi.29a77a18-598d-48b2-ab97-486af3f85d3e" "txbd788356dab1416e971c9-00693b8e75" "proxy-server 97888" 0.0003 "-" 96624 0
Dec 11 22:39:33 np0005556243.novalocal container-server[96624]: ::1 - - [12/Dec/2025:03:39:33 +0000] "HEAD /1/45743/AUTH_402e63682d3749049fa8edf9e07dfd6e/gnocchi.29a77a18-598d-48b2-ab97-486af3f85d3e" 404 - "HEAD http://[::1]:8080/v1/AUTH_402e63682d3749049fa8edf9e07dfd6e/gnocchi.29a77a18-598d-48b2-ab97-486af3f85d3e" "txbd788356dab1416e971c9-00693b8e75" "proxy-server 97888" 0.0004 "-" 96624 0
Dec 11 22:39:33 np0005556243.novalocal proxy-server[97888]: - - 12/Dec/2025/03/39/33 HEAD /v1/AUTH_402e63682d3749049fa8edf9e07dfd6e/gnocchi.29a77a18-598d-48b2-ab97-486af3f85d3e HTTP/1.0 404 - Swift - - - - txbd788356dab1416e971c9-00693b8e75 - 0.0121 CS - 1765510773.378459454 1765510773.390554428 0 -
Dec 11 22:39:33 np0005556243.novalocal object-server[96957]: ::1 - - [12/Dec/2025:03:39:33 +0000] "GET /2/21215/AUTH_402e63682d3749049fa8edf9e07dfd6e/gnocchi.29a77a18-598d-48b2-ab97-486af3f85d3e/none_v3" 404 70 "GET https://[::1]:8080/v1/AUTH_402e63682d3749049fa8edf9e07dfd6e/gnocchi.29a77a18-598d-48b2-ab97-486af3f85d3e/none_v3" "txbd788356dab1416e971c9-00693b8e75" "proxy-server 97888" 0.0005 "-" 96957 0
Dec 11 22:39:33 np0005556243.novalocal object-server[96957]: ::1 - - [12/Dec/2025:03:39:33 +0000] "GET /1/21215/AUTH_402e63682d3749049fa8edf9e07dfd6e/gnocchi.29a77a18-598d-48b2-ab97-486af3f85d3e/none_v3" 404 70 "GET https://[::1]:8080/v1/AUTH_402e63682d3749049fa8edf9e07dfd6e/gnocchi.29a77a18-598d-48b2-ab97-486af3f85d3e/none_v3" "txbd788356dab1416e971c9-00693b8e75" "proxy-server 97888" 0.0004 "-" 96957 0
Dec 11 22:39:33 np0005556243.novalocal object-server[96958]: ::1 - - [12/Dec/2025:03:39:33 +0000] "GET /3/21215/AUTH_402e63682d3749049fa8edf9e07dfd6e/gnocchi.29a77a18-598d-48b2-ab97-486af3f85d3e/none_v3" 404 70 "GET https://[::1]:8080/v1/AUTH_402e63682d3749049fa8edf9e07dfd6e/gnocchi.29a77a18-598d-48b2-ab97-486af3f85d3e/none_v3" "txbd788356dab1416e971c9-00693b8e75" "proxy-server 97888" 0.0004 "-" 96958 0
Dec 11 22:39:33 np0005556243.novalocal proxy-server[97888]: ::1 ::1 12/Dec/2025/03/39/33 GET /v1/AUTH_402e63682d3749049fa8edf9e07dfd6e/gnocchi.29a77a18-598d-48b2-ab97-486af3f85d3e/none_v3 HTTP/1.0 404 - python-swiftclient-4.8.0 gAAAAABpO450Q4QS... - 70 - txbd788356dab1416e971c9-00693b8e75 - 0.0341 - - 1765510773.373964787 1765510773.408080816 0 89ff87eb6954479d969b489941791c9f
Dec 11 22:39:33 np0005556243.novalocal account-server[96332]: ::1 - - [12/Dec/2025:03:39:33 +0000] "PUT /3/88245/AUTH_402e63682d3749049fa8edf9e07dfd6e/gnocchi.29a77a18-598d-48b2-ab97-486af3f85d3e" 201 - "PUT http://[::1]:6001/2/45743/AUTH_402e63682d3749049fa8edf9e07dfd6e/gnocchi.29a77a18-598d-48b2-ab97-486af3f85d3e" "txac74588e65d2437fa58c2-00693b8e75" "container-server 96625" 0.0081 "-" 96332 0
Dec 11 22:39:33 np0005556243.novalocal container-server[96625]: ::1 - - [12/Dec/2025:03:39:33 +0000] "PUT /2/45743/AUTH_402e63682d3749049fa8edf9e07dfd6e/gnocchi.29a77a18-598d-48b2-ab97-486af3f85d3e" 201 - "PUT https://[::1]:8080/v1/AUTH_402e63682d3749049fa8edf9e07dfd6e/gnocchi.29a77a18-598d-48b2-ab97-486af3f85d3e" "txac74588e65d2437fa58c2-00693b8e75" "proxy-server 97888" 0.1057 "-" 96625 0
Dec 11 22:39:33 np0005556243.novalocal account-server[96332]: ::1 - - [12/Dec/2025:03:39:33 +0000] "PUT /2/88245/AUTH_402e63682d3749049fa8edf9e07dfd6e/gnocchi.29a77a18-598d-48b2-ab97-486af3f85d3e" 201 - "PUT http://[::1]:6001/3/45743/AUTH_402e63682d3749049fa8edf9e07dfd6e/gnocchi.29a77a18-598d-48b2-ab97-486af3f85d3e" "txac74588e65d2437fa58c2-00693b8e75" "container-server 96625" 0.0070 "-" 96332 0
Dec 11 22:39:33 np0005556243.novalocal account-server[96331]: ::1 - - [12/Dec/2025:03:39:33 +0000] "PUT /1/88245/AUTH_402e63682d3749049fa8edf9e07dfd6e/gnocchi.29a77a18-598d-48b2-ab97-486af3f85d3e" 201 - "PUT http://[::1]:6001/1/45743/AUTH_402e63682d3749049fa8edf9e07dfd6e/gnocchi.29a77a18-598d-48b2-ab97-486af3f85d3e" "txac74588e65d2437fa58c2-00693b8e75" "container-server 96625" 0.0067 "-" 96331 0
Dec 11 22:39:33 np0005556243.novalocal container-server[96625]: ::1 - - [12/Dec/2025:03:39:33 +0000] "PUT /3/45743/AUTH_402e63682d3749049fa8edf9e07dfd6e/gnocchi.29a77a18-598d-48b2-ab97-486af3f85d3e" 201 - "PUT https://[::1]:8080/v1/AUTH_402e63682d3749049fa8edf9e07dfd6e/gnocchi.29a77a18-598d-48b2-ab97-486af3f85d3e" "txac74588e65d2437fa58c2-00693b8e75" "proxy-server 97888" 0.0388 "-" 96625 0
Dec 11 22:39:33 np0005556243.novalocal container-server[96625]: ::1 - - [12/Dec/2025:03:39:33 +0000] "PUT /1/45743/AUTH_402e63682d3749049fa8edf9e07dfd6e/gnocchi.29a77a18-598d-48b2-ab97-486af3f85d3e" 201 - "PUT https://[::1]:8080/v1/AUTH_402e63682d3749049fa8edf9e07dfd6e/gnocchi.29a77a18-598d-48b2-ab97-486af3f85d3e" "txac74588e65d2437fa58c2-00693b8e75" "proxy-server 97888" 0.0603 "-" 96625 0
Dec 11 22:39:33 np0005556243.novalocal proxy-server[97888]: ::1 ::1 12/Dec/2025/03/39/33 PUT /v1/AUTH_402e63682d3749049fa8edf9e07dfd6e/gnocchi.29a77a18-598d-48b2-ab97-486af3f85d3e HTTP/1.0 201 - python-swiftclient-4.8.0 gAAAAABpO450Q4QS... - - - txac74588e65d2437fa58c2-00693b8e75 - 0.1247 - - 1765510773.412592411 1765510773.537264347 0 89ff87eb6954479d969b489941791c9f
Dec 11 22:39:33 np0005556243.novalocal container-server[96624]: ::1 - - [12/Dec/2025:03:39:33 +0000] "HEAD /1/45743/AUTH_402e63682d3749049fa8edf9e07dfd6e/gnocchi.29a77a18-598d-48b2-ab97-486af3f85d3e" 204 - "HEAD http://[::1]:8080/v1/AUTH_402e63682d3749049fa8edf9e07dfd6e/gnocchi.29a77a18-598d-48b2-ab97-486af3f85d3e" "tx3717fe081bf842228fac4-00693b8e75" "proxy-server 97888" 0.0028 "-" 96624 0
Dec 11 22:39:33 np0005556243.novalocal proxy-server[97888]: - - 12/Dec/2025/03/39/33 HEAD /v1/AUTH_402e63682d3749049fa8edf9e07dfd6e/gnocchi.29a77a18-598d-48b2-ab97-486af3f85d3e HTTP/1.0 204 - Swift - - - - tx3717fe081bf842228fac4-00693b8e75 - 0.0072 CS - 1765510773.541423321 1765510773.548653126 0 -
Dec 11 22:39:33 np0005556243.novalocal container-server[96625]: ::1 - - [12/Dec/2025:03:39:33 +0000] "GET /3/45743/AUTH_402e63682d3749049fa8edf9e07dfd6e/gnocchi.29a77a18-598d-48b2-ab97-486af3f85d3e" 200 2 "GET https://[::1]:8080/v1/AUTH_402e63682d3749049fa8edf9e07dfd6e/gnocchi.29a77a18-598d-48b2-ab97-486af3f85d3e?format=json&states=listing" "tx3717fe081bf842228fac4-00693b8e75" "proxy-server 97888" 0.0055 "-" 96625 0
Dec 11 22:39:33 np0005556243.novalocal proxy-server[97888]: ::1 ::1 12/Dec/2025/03/39/33 GET /v1/AUTH_402e63682d3749049fa8edf9e07dfd6e/gnocchi.29a77a18-598d-48b2-ab97-486af3f85d3e%3Fformat%3Djson%26states%3Dlisting HTTP/1.0 200 - python-swiftclient-4.8.0 gAAAAABpO450Q4QS... - 2 - tx3717fe081bf842228fac4-00693b8e75 - 0.0207 - - 1765510773.540770054 1765510773.561483622 0 89ff87eb6954479d969b489941791c9f
Dec 11 22:39:33 np0005556243.novalocal object-server[96958]: ::1 - - [12/Dec/2025:03:39:33 +0000] "GET /1/165124/AUTH_402e63682d3749049fa8edf9e07dfd6e/gnocchi.29a77a18-598d-48b2-ab97-486af3f85d3e/1764720000.0_mean_300.0_v3" 404 70 "GET https://[::1]:8080/v1/AUTH_402e63682d3749049fa8edf9e07dfd6e/gnocchi.29a77a18-598d-48b2-ab97-486af3f85d3e/1764720000.0_mean_300.0_v3" "tx4555a5e64270418291216-00693b8e75" "proxy-server 97888" 0.0003 "-" 96958 0
Dec 11 22:39:33 np0005556243.novalocal object-server[96957]: ::1 - - [12/Dec/2025:03:39:33 +0000] "GET /3/165124/AUTH_402e63682d3749049fa8edf9e07dfd6e/gnocchi.29a77a18-598d-48b2-ab97-486af3f85d3e/1764720000.0_mean_300.0_v3" 404 70 "GET https://[::1]:8080/v1/AUTH_402e63682d3749049fa8edf9e07dfd6e/gnocchi.29a77a18-598d-48b2-ab97-486af3f85d3e/1764720000.0_mean_300.0_v3" "tx4555a5e64270418291216-00693b8e75" "proxy-server 97888" 0.0004 "-" 96957 0
Dec 11 22:39:33 np0005556243.novalocal object-server[96957]: ::1 - - [12/Dec/2025:03:39:33 +0000] "GET /2/165124/AUTH_402e63682d3749049fa8edf9e07dfd6e/gnocchi.29a77a18-598d-48b2-ab97-486af3f85d3e/1764720000.0_mean_300.0_v3" 404 70 "GET https://[::1]:8080/v1/AUTH_402e63682d3749049fa8edf9e07dfd6e/gnocchi.29a77a18-598d-48b2-ab97-486af3f85d3e/1764720000.0_mean_300.0_v3" "tx4555a5e64270418291216-00693b8e75" "proxy-server 97888" 0.0002 "-" 96957 0
Dec 11 22:39:33 np0005556243.novalocal proxy-server[97888]: ::1 ::1 12/Dec/2025/03/39/33 GET /v1/AUTH_402e63682d3749049fa8edf9e07dfd6e/gnocchi.29a77a18-598d-48b2-ab97-486af3f85d3e/1764720000.0_mean_300.0_v3 HTTP/1.0 404 - python-swiftclient-4.8.0 gAAAAABpO450Q4QS... - 70 - tx4555a5e64270418291216-00693b8e75 - 0.0172 - - 1765510773.565271378 1765510773.582474709 0 89ff87eb6954479d969b489941791c9f
Dec 11 22:39:33 np0005556243.novalocal container-server[96624]: ::1 - - [12/Dec/2025:03:39:33 +0000] "PUT /2/45743/AUTH_402e63682d3749049fa8edf9e07dfd6e/gnocchi.29a77a18-598d-48b2-ab97-486af3f85d3e/1764720000.0_mean_300.0_v3" 201 - "PUT http://[::1]:8080/2/165124/AUTH_402e63682d3749049fa8edf9e07dfd6e/gnocchi.29a77a18-598d-48b2-ab97-486af3f85d3e/1764720000.0_mean_300.0_v3" "txe736af2174ea4cdbb2136-00693b8e75" "object-server 96957" 0.0007 "-" 96624 0
Dec 11 22:39:33 np0005556243.novalocal object-server[96957]: ::1 - - [12/Dec/2025:03:39:33 +0000] "PUT /2/165124/AUTH_402e63682d3749049fa8edf9e07dfd6e/gnocchi.29a77a18-598d-48b2-ab97-486af3f85d3e/1764720000.0_mean_300.0_v3" 201 - "PUT https://[::1]:8080/v1/AUTH_402e63682d3749049fa8edf9e07dfd6e/gnocchi.29a77a18-598d-48b2-ab97-486af3f85d3e/1764720000.0_mean_300.0_v3" "txe736af2174ea4cdbb2136-00693b8e75" "proxy-server 97888" 0.0191 "-" 96957 0
Dec 11 22:39:33 np0005556243.novalocal container-server[96625]: ::1 - - [12/Dec/2025:03:39:33 +0000] "PUT /3/45743/AUTH_402e63682d3749049fa8edf9e07dfd6e/gnocchi.29a77a18-598d-48b2-ab97-486af3f85d3e/1764720000.0_mean_300.0_v3" 201 - "PUT http://[::1]:8080/1/165124/AUTH_402e63682d3749049fa8edf9e07dfd6e/gnocchi.29a77a18-598d-48b2-ab97-486af3f85d3e/1764720000.0_mean_300.0_v3" "txe736af2174ea4cdbb2136-00693b8e75" "object-server 96957" 0.0009 "-" 96625 0
Dec 11 22:39:33 np0005556243.novalocal object-server[96957]: ::1 - - [12/Dec/2025:03:39:33 +0000] "PUT /1/165124/AUTH_402e63682d3749049fa8edf9e07dfd6e/gnocchi.29a77a18-598d-48b2-ab97-486af3f85d3e/1764720000.0_mean_300.0_v3" 201 - "PUT https://[::1]:8080/v1/AUTH_402e63682d3749049fa8edf9e07dfd6e/gnocchi.29a77a18-598d-48b2-ab97-486af3f85d3e/1764720000.0_mean_300.0_v3" "txe736af2174ea4cdbb2136-00693b8e75" "proxy-server 97888" 0.0207 "-" 96957 0
Dec 11 22:39:33 np0005556243.novalocal container-server[96625]: ::1 - - [12/Dec/2025:03:39:33 +0000] "PUT /1/45743/AUTH_402e63682d3749049fa8edf9e07dfd6e/gnocchi.29a77a18-598d-48b2-ab97-486af3f85d3e/1764720000.0_mean_300.0_v3" 201 - "PUT http://[::1]:8080/3/165124/AUTH_402e63682d3749049fa8edf9e07dfd6e/gnocchi.29a77a18-598d-48b2-ab97-486af3f85d3e/1764720000.0_mean_300.0_v3" "txe736af2174ea4cdbb2136-00693b8e75" "object-server 96957" 0.0010 "-" 96625 0
Dec 11 22:39:33 np0005556243.novalocal object-server[96957]: ::1 - - [12/Dec/2025:03:39:33 +0000] "PUT /3/165124/AUTH_402e63682d3749049fa8edf9e07dfd6e/gnocchi.29a77a18-598d-48b2-ab97-486af3f85d3e/1764720000.0_mean_300.0_v3" 201 - "PUT https://[::1]:8080/v1/AUTH_402e63682d3749049fa8edf9e07dfd6e/gnocchi.29a77a18-598d-48b2-ab97-486af3f85d3e/1764720000.0_mean_300.0_v3" "txe736af2174ea4cdbb2136-00693b8e75" "proxy-server 97888" 0.0264 "-" 96957 0
Dec 11 22:39:33 np0005556243.novalocal proxy-server[97888]: ::1 ::1 12/Dec/2025/03/39/33 PUT /v1/AUTH_402e63682d3749049fa8edf9e07dfd6e/gnocchi.29a77a18-598d-48b2-ab97-486af3f85d3e/1764720000.0_mean_300.0_v3 HTTP/1.0 201 - python-swiftclient-4.8.0 gAAAAABpO450Q4QS... 16 - - txe736af2174ea4cdbb2136-00693b8e75 - 0.0417 - - 1765510773.587788105 1765510773.629449844 0 89ff87eb6954479d969b489941791c9f
Dec 11 22:39:33 np0005556243.novalocal object-replicator[97021]: Starting object replication pass.
Dec 11 22:39:33 np0005556243.novalocal container-server[96625]: ::1 - - [12/Dec/2025:03:39:33 +0000] "PUT /3/45743/AUTH_402e63682d3749049fa8edf9e07dfd6e/gnocchi.29a77a18-598d-48b2-ab97-486af3f85d3e/none_v3" 201 - "PUT http://[::1]:8080/3/21215/AUTH_402e63682d3749049fa8edf9e07dfd6e/gnocchi.29a77a18-598d-48b2-ab97-486af3f85d3e/none_v3" "txf1fa73a09ffc472d90131-00693b8e75" "object-server 96958" 0.0009 "-" 96625 0
Dec 11 22:39:33 np0005556243.novalocal object-server[96958]: ::1 - - [12/Dec/2025:03:39:33 +0000] "PUT /3/21215/AUTH_402e63682d3749049fa8edf9e07dfd6e/gnocchi.29a77a18-598d-48b2-ab97-486af3f85d3e/none_v3" 201 - "PUT https://[::1]:8080/v1/AUTH_402e63682d3749049fa8edf9e07dfd6e/gnocchi.29a77a18-598d-48b2-ab97-486af3f85d3e/none_v3" "txf1fa73a09ffc472d90131-00693b8e75" "proxy-server 97888" 0.0190 "-" 96958 0
Dec 11 22:39:33 np0005556243.novalocal container-server[96624]: ::1 - - [12/Dec/2025:03:39:33 +0000] "PUT /1/45743/AUTH_402e63682d3749049fa8edf9e07dfd6e/gnocchi.29a77a18-598d-48b2-ab97-486af3f85d3e/none_v3" 201 - "PUT http://[::1]:8080/2/21215/AUTH_402e63682d3749049fa8edf9e07dfd6e/gnocchi.29a77a18-598d-48b2-ab97-486af3f85d3e/none_v3" "txf1fa73a09ffc472d90131-00693b8e75" "object-server 96957" 0.0005 "-" 96624 0
Dec 11 22:39:33 np0005556243.novalocal object-server[96957]: ::1 - - [12/Dec/2025:03:39:33 +0000] "PUT /2/21215/AUTH_402e63682d3749049fa8edf9e07dfd6e/gnocchi.29a77a18-598d-48b2-ab97-486af3f85d3e/none_v3" 201 - "PUT https://[::1]:8080/v1/AUTH_402e63682d3749049fa8edf9e07dfd6e/gnocchi.29a77a18-598d-48b2-ab97-486af3f85d3e/none_v3" "txf1fa73a09ffc472d90131-00693b8e75" "proxy-server 97888" 0.0245 "-" 96957 0
Dec 11 22:39:33 np0005556243.novalocal container-server[96624]: ::1 - - [12/Dec/2025:03:39:33 +0000] "PUT /2/45743/AUTH_402e63682d3749049fa8edf9e07dfd6e/gnocchi.29a77a18-598d-48b2-ab97-486af3f85d3e/none_v3" 201 - "PUT http://[::1]:8080/1/21215/AUTH_402e63682d3749049fa8edf9e07dfd6e/gnocchi.29a77a18-598d-48b2-ab97-486af3f85d3e/none_v3" "txf1fa73a09ffc472d90131-00693b8e75" "object-server 96957" 0.0130 "-" 96624 0
Dec 11 22:39:33 np0005556243.novalocal object-server[96957]: ::1 - - [12/Dec/2025:03:39:33 +0000] "PUT /1/21215/AUTH_402e63682d3749049fa8edf9e07dfd6e/gnocchi.29a77a18-598d-48b2-ab97-486af3f85d3e/none_v3" 201 - "PUT https://[::1]:8080/v1/AUTH_402e63682d3749049fa8edf9e07dfd6e/gnocchi.29a77a18-598d-48b2-ab97-486af3f85d3e/none_v3" "txf1fa73a09ffc472d90131-00693b8e75" "proxy-server 97888" 0.0430 "-" 96957 0
Dec 11 22:39:33 np0005556243.novalocal proxy-server[97888]: ::1 ::1 12/Dec/2025/03/39/33 PUT /v1/AUTH_402e63682d3749049fa8edf9e07dfd6e/gnocchi.29a77a18-598d-48b2-ab97-486af3f85d3e/none_v3 HTTP/1.0 201 - python-swiftclient-4.8.0 gAAAAABpO450Q4QS... 22 - - txf1fa73a09ffc472d90131-00693b8e75 - 0.0631 - - 1765510773.633460045 1765510773.696590424 0 89ff87eb6954479d969b489941791c9f
Dec 11 22:39:33 np0005556243.novalocal container-server[96625]: ::1 - - [12/Dec/2025:03:39:33 +0000] "HEAD /3/233561/AUTH_402e63682d3749049fa8edf9e07dfd6e/gnocchi.0cfb6d23-5286-473d-8060-0bff0469fbcf" 404 - "HEAD http://[::1]:8080/v1/AUTH_402e63682d3749049fa8edf9e07dfd6e/gnocchi.0cfb6d23-5286-473d-8060-0bff0469fbcf" "txc2acccd17f8c414fbb4a2-00693b8e75" "proxy-server 97888" 0.0005 "-" 96625 0
Dec 11 22:39:33 np0005556243.novalocal container-server[96624]: ::1 - - [12/Dec/2025:03:39:33 +0000] "HEAD /2/233561/AUTH_402e63682d3749049fa8edf9e07dfd6e/gnocchi.0cfb6d23-5286-473d-8060-0bff0469fbcf" 404 - "HEAD http://[::1]:8080/v1/AUTH_402e63682d3749049fa8edf9e07dfd6e/gnocchi.0cfb6d23-5286-473d-8060-0bff0469fbcf" "txc2acccd17f8c414fbb4a2-00693b8e75" "proxy-server 97888" 0.0003 "-" 96624 0
Dec 11 22:39:33 np0005556243.novalocal container-server[96624]: ::1 - - [12/Dec/2025:03:39:33 +0000] "HEAD /1/233561/AUTH_402e63682d3749049fa8edf9e07dfd6e/gnocchi.0cfb6d23-5286-473d-8060-0bff0469fbcf" 404 - "HEAD http://[::1]:8080/v1/AUTH_402e63682d3749049fa8edf9e07dfd6e/gnocchi.0cfb6d23-5286-473d-8060-0bff0469fbcf" "txc2acccd17f8c414fbb4a2-00693b8e75" "proxy-server 97888" 0.0002 "-" 96624 0
Dec 11 22:39:33 np0005556243.novalocal proxy-server[97888]: - - 12/Dec/2025/03/39/33 HEAD /v1/AUTH_402e63682d3749049fa8edf9e07dfd6e/gnocchi.0cfb6d23-5286-473d-8060-0bff0469fbcf HTTP/1.0 404 - Swift - - - - txc2acccd17f8c414fbb4a2-00693b8e75 - 0.0092 CS - 1765510773.727860451 1765510773.737100124 0 -
Dec 11 22:39:33 np0005556243.novalocal object-server[96958]: ::1 - - [12/Dec/2025:03:39:33 +0000] "GET /3/6230/AUTH_402e63682d3749049fa8edf9e07dfd6e/gnocchi.0cfb6d23-5286-473d-8060-0bff0469fbcf/none_v3" 404 70 "GET https://[::1]:8080/v1/AUTH_402e63682d3749049fa8edf9e07dfd6e/gnocchi.0cfb6d23-5286-473d-8060-0bff0469fbcf/none_v3" "txc2acccd17f8c414fbb4a2-00693b8e75" "proxy-server 97888" 0.0005 "-" 96958 0
Dec 11 22:39:33 np0005556243.novalocal object-server[96957]: ::1 - - [12/Dec/2025:03:39:33 +0000] "GET /1/6230/AUTH_402e63682d3749049fa8edf9e07dfd6e/gnocchi.0cfb6d23-5286-473d-8060-0bff0469fbcf/none_v3" 404 70 "GET https://[::1]:8080/v1/AUTH_402e63682d3749049fa8edf9e07dfd6e/gnocchi.0cfb6d23-5286-473d-8060-0bff0469fbcf/none_v3" "txc2acccd17f8c414fbb4a2-00693b8e75" "proxy-server 97888" 0.0004 "-" 96957 0
Dec 11 22:39:33 np0005556243.novalocal object-server[96957]: ::1 - - [12/Dec/2025:03:39:33 +0000] "GET /2/6230/AUTH_402e63682d3749049fa8edf9e07dfd6e/gnocchi.0cfb6d23-5286-473d-8060-0bff0469fbcf/none_v3" 404 70 "GET https://[::1]:8080/v1/AUTH_402e63682d3749049fa8edf9e07dfd6e/gnocchi.0cfb6d23-5286-473d-8060-0bff0469fbcf/none_v3" "txc2acccd17f8c414fbb4a2-00693b8e75" "proxy-server 97888" 0.0004 "-" 96957 0
Dec 11 22:39:33 np0005556243.novalocal proxy-server[97888]: ::1 ::1 12/Dec/2025/03/39/33 GET /v1/AUTH_402e63682d3749049fa8edf9e07dfd6e/gnocchi.0cfb6d23-5286-473d-8060-0bff0469fbcf/none_v3 HTTP/1.0 404 - python-swiftclient-4.8.0 gAAAAABpO450Q4QS... - 70 - txc2acccd17f8c414fbb4a2-00693b8e75 - 0.0237 - - 1765510773.727126837 1765510773.750820875 0 89ff87eb6954479d969b489941791c9f
Dec 11 22:39:33 np0005556243.novalocal account-server[96331]: ::1 - - [12/Dec/2025:03:39:33 +0000] "PUT /2/88245/AUTH_402e63682d3749049fa8edf9e07dfd6e/gnocchi.0cfb6d23-5286-473d-8060-0bff0469fbcf" 201 - "PUT http://[::1]:6001/3/233561/AUTH_402e63682d3749049fa8edf9e07dfd6e/gnocchi.0cfb6d23-5286-473d-8060-0bff0469fbcf" "tx3a9f13f0ba2c4eb8949f1-00693b8e75" "container-server 96625" 0.0135 "-" 96331 0
Dec 11 22:39:33 np0005556243.novalocal container-server[96625]: ::1 - - [12/Dec/2025:03:39:33 +0000] "PUT /3/233561/AUTH_402e63682d3749049fa8edf9e07dfd6e/gnocchi.0cfb6d23-5286-473d-8060-0bff0469fbcf" 201 - "PUT https://[::1]:8080/v1/AUTH_402e63682d3749049fa8edf9e07dfd6e/gnocchi.0cfb6d23-5286-473d-8060-0bff0469fbcf" "tx3a9f13f0ba2c4eb8949f1-00693b8e75" "proxy-server 97888" 0.0302 "-" 96625 0
Dec 11 22:39:33 np0005556243.novalocal account-server[96332]: ::1 - - [12/Dec/2025:03:39:33 +0000] "PUT /3/88245/AUTH_402e63682d3749049fa8edf9e07dfd6e/gnocchi.0cfb6d23-5286-473d-8060-0bff0469fbcf" 201 - "PUT http://[::1]:6001/1/233561/AUTH_402e63682d3749049fa8edf9e07dfd6e/gnocchi.0cfb6d23-5286-473d-8060-0bff0469fbcf" "tx3a9f13f0ba2c4eb8949f1-00693b8e75" "container-server 96625" 0.0041 "-" 96332 0
Dec 11 22:39:33 np0005556243.novalocal container-server[96625]: ::1 - - [12/Dec/2025:03:39:33 +0000] "PUT /1/233561/AUTH_402e63682d3749049fa8edf9e07dfd6e/gnocchi.0cfb6d23-5286-473d-8060-0bff0469fbcf" 201 - "PUT https://[::1]:8080/v1/AUTH_402e63682d3749049fa8edf9e07dfd6e/gnocchi.0cfb6d23-5286-473d-8060-0bff0469fbcf" "tx3a9f13f0ba2c4eb8949f1-00693b8e75" "proxy-server 97888" 0.0525 "-" 96625 0
Dec 11 22:39:33 np0005556243.novalocal account-server[96331]: ::1 - - [12/Dec/2025:03:39:33 +0000] "PUT /1/88245/AUTH_402e63682d3749049fa8edf9e07dfd6e/gnocchi.0cfb6d23-5286-473d-8060-0bff0469fbcf" 201 - "PUT http://[::1]:6001/2/233561/AUTH_402e63682d3749049fa8edf9e07dfd6e/gnocchi.0cfb6d23-5286-473d-8060-0bff0469fbcf" "tx3a9f13f0ba2c4eb8949f1-00693b8e75" "container-server 96625" 0.0081 "-" 96331 0
Dec 11 22:39:33 np0005556243.novalocal container-server[96625]: ::1 - - [12/Dec/2025:03:39:33 +0000] "PUT /2/233561/AUTH_402e63682d3749049fa8edf9e07dfd6e/gnocchi.0cfb6d23-5286-473d-8060-0bff0469fbcf" 201 - "PUT https://[::1]:8080/v1/AUTH_402e63682d3749049fa8edf9e07dfd6e/gnocchi.0cfb6d23-5286-473d-8060-0bff0469fbcf" "tx3a9f13f0ba2c4eb8949f1-00693b8e75" "proxy-server 97888" 0.0248 "-" 96625 0
Dec 11 22:39:33 np0005556243.novalocal proxy-server[97888]: ::1 ::1 12/Dec/2025/03/39/33 PUT /v1/AUTH_402e63682d3749049fa8edf9e07dfd6e/gnocchi.0cfb6d23-5286-473d-8060-0bff0469fbcf HTTP/1.0 201 - python-swiftclient-4.8.0 gAAAAABpO450Q4QS... - - - tx3a9f13f0ba2c4eb8949f1-00693b8e75 - 0.0675 - - 1765510773.753657579 1765510773.821194649 0 89ff87eb6954479d969b489941791c9f
Dec 11 22:39:33 np0005556243.novalocal container-server[96624]: ::1 - - [12/Dec/2025:03:39:33 +0000] "HEAD /2/175641/AUTH_402e63682d3749049fa8edf9e07dfd6e/gnocchi.affd6b57-36d4-4657-be3e-9ce75e6f3c4f" 404 - "HEAD http://[::1]:8080/v1/AUTH_402e63682d3749049fa8edf9e07dfd6e/gnocchi.affd6b57-36d4-4657-be3e-9ce75e6f3c4f" "txa8282b791aff48ddbde2c-00693b8e75" "proxy-server 97888" 0.0003 "-" 96624 0
Dec 11 22:39:33 np0005556243.novalocal container-server[96625]: ::1 - - [12/Dec/2025:03:39:33 +0000] "HEAD /1/175641/AUTH_402e63682d3749049fa8edf9e07dfd6e/gnocchi.affd6b57-36d4-4657-be3e-9ce75e6f3c4f" 404 - "HEAD http://[::1]:8080/v1/AUTH_402e63682d3749049fa8edf9e07dfd6e/gnocchi.affd6b57-36d4-4657-be3e-9ce75e6f3c4f" "txa8282b791aff48ddbde2c-00693b8e75" "proxy-server 97888" 0.0003 "-" 96625 0
Dec 11 22:39:33 np0005556243.novalocal container-server[96625]: ::1 - - [12/Dec/2025:03:39:33 +0000] "HEAD /3/175641/AUTH_402e63682d3749049fa8edf9e07dfd6e/gnocchi.affd6b57-36d4-4657-be3e-9ce75e6f3c4f" 404 - "HEAD http://[::1]:8080/v1/AUTH_402e63682d3749049fa8edf9e07dfd6e/gnocchi.affd6b57-36d4-4657-be3e-9ce75e6f3c4f" "txa8282b791aff48ddbde2c-00693b8e75" "proxy-server 97888" 0.0002 "-" 96625 0
Dec 11 22:39:33 np0005556243.novalocal proxy-server[97888]: - - 12/Dec/2025/03/39/33 HEAD /v1/AUTH_402e63682d3749049fa8edf9e07dfd6e/gnocchi.affd6b57-36d4-4657-be3e-9ce75e6f3c4f HTTP/1.0 404 - Swift - - - - txa8282b791aff48ddbde2c-00693b8e75 - 0.0086 CS - 1765510773.824526072 1765510773.833155870 0 -
Dec 11 22:39:33 np0005556243.novalocal object-server[96957]: ::1 - - [12/Dec/2025:03:39:33 +0000] "GET /1/83132/AUTH_402e63682d3749049fa8edf9e07dfd6e/gnocchi.affd6b57-36d4-4657-be3e-9ce75e6f3c4f/none_v3" 404 70 "GET https://[::1]:8080/v1/AUTH_402e63682d3749049fa8edf9e07dfd6e/gnocchi.affd6b57-36d4-4657-be3e-9ce75e6f3c4f/none_v3" "txa8282b791aff48ddbde2c-00693b8e75" "proxy-server 97888" 0.0012 "-" 96957 0
Dec 11 22:39:33 np0005556243.novalocal object-server[96957]: ::1 - - [12/Dec/2025:03:39:33 +0000] "GET /2/83132/AUTH_402e63682d3749049fa8edf9e07dfd6e/gnocchi.affd6b57-36d4-4657-be3e-9ce75e6f3c4f/none_v3" 404 70 "GET https://[::1]:8080/v1/AUTH_402e63682d3749049fa8edf9e07dfd6e/gnocchi.affd6b57-36d4-4657-be3e-9ce75e6f3c4f/none_v3" "txa8282b791aff48ddbde2c-00693b8e75" "proxy-server 97888" 0.0025 "-" 96957 0
Dec 11 22:39:33 np0005556243.novalocal object-server[96957]: ::1 - - [12/Dec/2025:03:39:33 +0000] "GET /3/83132/AUTH_402e63682d3749049fa8edf9e07dfd6e/gnocchi.affd6b57-36d4-4657-be3e-9ce75e6f3c4f/none_v3" 404 70 "GET https://[::1]:8080/v1/AUTH_402e63682d3749049fa8edf9e07dfd6e/gnocchi.affd6b57-36d4-4657-be3e-9ce75e6f3c4f/none_v3" "txa8282b791aff48ddbde2c-00693b8e75" "proxy-server 97888" 0.0002 "-" 96957 0
Dec 11 22:39:33 np0005556243.novalocal proxy-server[97888]: ::1 ::1 12/Dec/2025/03/39/33 GET /v1/AUTH_402e63682d3749049fa8edf9e07dfd6e/gnocchi.affd6b57-36d4-4657-be3e-9ce75e6f3c4f/none_v3 HTTP/1.0 404 - python-swiftclient-4.8.0 gAAAAABpO450Q4QS... - 70 - txa8282b791aff48ddbde2c-00693b8e75 - 0.0286 - - 1765510773.823747873 1765510773.852374554 0 89ff87eb6954479d969b489941791c9f
Dec 11 22:39:33 np0005556243.novalocal object-replicator[97021]: 15/15 (100.00%) partitions replicated in 0.22s (69.72/sec, 0s remaining)
Dec 11 22:39:33 np0005556243.novalocal object-replicator[97021]: 30 successes, 0 failures
Dec 11 22:39:33 np0005556243.novalocal object-replicator[97021]: 15 suffixes checked - 20.00% hashed, 0.00% synced
Dec 11 22:39:33 np0005556243.novalocal object-replicator[97021]: Partition times: max 0.0419s, min 0.0051s, med 0.0091s
Dec 11 22:39:33 np0005556243.novalocal object-replicator[97021]: Object replication complete. (0.00 minutes)
Dec 11 22:39:33 np0005556243.novalocal account-server[96331]: ::1 - - [12/Dec/2025:03:39:33 +0000] "PUT /2/88245/AUTH_402e63682d3749049fa8edf9e07dfd6e/gnocchi.affd6b57-36d4-4657-be3e-9ce75e6f3c4f" 201 - "PUT http://[::1]:6001/3/175641/AUTH_402e63682d3749049fa8edf9e07dfd6e/gnocchi.affd6b57-36d4-4657-be3e-9ce75e6f3c4f" "tx9993e3669a5c41d99b7b5-00693b8e75" "container-server 96625" 0.0046 "-" 96331 0
Dec 11 22:39:33 np0005556243.novalocal account-server[96332]: ::1 - - [12/Dec/2025:03:39:33 +0000] "PUT /3/88245/AUTH_402e63682d3749049fa8edf9e07dfd6e/gnocchi.affd6b57-36d4-4657-be3e-9ce75e6f3c4f" 201 - "PUT http://[::1]:6001/1/175641/AUTH_402e63682d3749049fa8edf9e07dfd6e/gnocchi.affd6b57-36d4-4657-be3e-9ce75e6f3c4f" "tx9993e3669a5c41d99b7b5-00693b8e75" "container-server 96625" 0.0052 "-" 96332 0
Dec 11 22:39:33 np0005556243.novalocal container-server[96625]: ::1 - - [12/Dec/2025:03:39:33 +0000] "PUT /3/175641/AUTH_402e63682d3749049fa8edf9e07dfd6e/gnocchi.affd6b57-36d4-4657-be3e-9ce75e6f3c4f" 201 - "PUT https://[::1]:8080/v1/AUTH_402e63682d3749049fa8edf9e07dfd6e/gnocchi.affd6b57-36d4-4657-be3e-9ce75e6f3c4f" "tx9993e3669a5c41d99b7b5-00693b8e75" "proxy-server 97888" 0.0482 "-" 96625 0
Dec 11 22:39:33 np0005556243.novalocal container-server[96625]: ::1 - - [12/Dec/2025:03:39:33 +0000] "PUT /1/175641/AUTH_402e63682d3749049fa8edf9e07dfd6e/gnocchi.affd6b57-36d4-4657-be3e-9ce75e6f3c4f" 201 - "PUT https://[::1]:8080/v1/AUTH_402e63682d3749049fa8edf9e07dfd6e/gnocchi.affd6b57-36d4-4657-be3e-9ce75e6f3c4f" "tx9993e3669a5c41d99b7b5-00693b8e75" "proxy-server 97888" 0.0344 "-" 96625 0
Dec 11 22:39:33 np0005556243.novalocal account-server[96331]: ::1 - - [12/Dec/2025:03:39:33 +0000] "PUT /1/88245/AUTH_402e63682d3749049fa8edf9e07dfd6e/gnocchi.affd6b57-36d4-4657-be3e-9ce75e6f3c4f" 201 - "PUT http://[::1]:6001/2/175641/AUTH_402e63682d3749049fa8edf9e07dfd6e/gnocchi.affd6b57-36d4-4657-be3e-9ce75e6f3c4f" "tx9993e3669a5c41d99b7b5-00693b8e75" "container-server 96625" 0.0061 "-" 96331 0
Dec 11 22:39:33 np0005556243.novalocal container-server[96625]: ::1 - - [12/Dec/2025:03:39:33 +0000] "PUT /2/175641/AUTH_402e63682d3749049fa8edf9e07dfd6e/gnocchi.affd6b57-36d4-4657-be3e-9ce75e6f3c4f" 201 - "PUT https://[::1]:8080/v1/AUTH_402e63682d3749049fa8edf9e07dfd6e/gnocchi.affd6b57-36d4-4657-be3e-9ce75e6f3c4f" "tx9993e3669a5c41d99b7b5-00693b8e75" "proxy-server 97888" 0.0213 "-" 96625 0
Dec 11 22:39:33 np0005556243.novalocal proxy-server[97888]: ::1 ::1 12/Dec/2025/03/39/33 PUT /v1/AUTH_402e63682d3749049fa8edf9e07dfd6e/gnocchi.affd6b57-36d4-4657-be3e-9ce75e6f3c4f HTTP/1.0 201 - python-swiftclient-4.8.0 gAAAAABpO450Q4QS... - - - tx9993e3669a5c41d99b7b5-00693b8e75 - 0.0627 - - 1765510773.855146408 1765510773.917815924 0 89ff87eb6954479d969b489941791c9f
Dec 11 22:39:33 np0005556243.novalocal container-server[96625]: ::1 - - [12/Dec/2025:03:39:33 +0000] "HEAD /1/233561/AUTH_402e63682d3749049fa8edf9e07dfd6e/gnocchi.0cfb6d23-5286-473d-8060-0bff0469fbcf" 204 - "HEAD http://[::1]:8080/v1/AUTH_402e63682d3749049fa8edf9e07dfd6e/gnocchi.0cfb6d23-5286-473d-8060-0bff0469fbcf" "txbfbc902918754674b6dd4-00693b8e75" "proxy-server 97888" 0.0017 "-" 96625 0
Dec 11 22:39:33 np0005556243.novalocal proxy-server[97888]: - - 12/Dec/2025/03/39/33 HEAD /v1/AUTH_402e63682d3749049fa8edf9e07dfd6e/gnocchi.0cfb6d23-5286-473d-8060-0bff0469fbcf HTTP/1.0 204 - Swift - - - - txbfbc902918754674b6dd4-00693b8e75 - 0.0060 CS - 1765510773.922995567 1765510773.928981304 0 -
Dec 11 22:39:33 np0005556243.novalocal container-server[96624]: ::1 - - [12/Dec/2025:03:39:33 +0000] "GET /2/233561/AUTH_402e63682d3749049fa8edf9e07dfd6e/gnocchi.0cfb6d23-5286-473d-8060-0bff0469fbcf" 200 2 "GET https://[::1]:8080/v1/AUTH_402e63682d3749049fa8edf9e07dfd6e/gnocchi.0cfb6d23-5286-473d-8060-0bff0469fbcf?format=json&states=listing" "txbfbc902918754674b6dd4-00693b8e75" "proxy-server 97888" 0.0037 "-" 96624 0
Dec 11 22:39:33 np0005556243.novalocal proxy-server[97888]: ::1 ::1 12/Dec/2025/03/39/33 GET /v1/AUTH_402e63682d3749049fa8edf9e07dfd6e/gnocchi.0cfb6d23-5286-473d-8060-0bff0469fbcf%3Fformat%3Djson%26states%3Dlisting HTTP/1.0 200 - python-swiftclient-4.8.0 gAAAAABpO450Q4QS... - 2 - txbfbc902918754674b6dd4-00693b8e75 - 0.0180 - - 1765510773.922390699 1765510773.940432549 0 89ff87eb6954479d969b489941791c9f
Dec 11 22:39:33 np0005556243.novalocal container-server[96625]: ::1 - - [12/Dec/2025:03:39:33 +0000] "HEAD /2/175641/AUTH_402e63682d3749049fa8edf9e07dfd6e/gnocchi.affd6b57-36d4-4657-be3e-9ce75e6f3c4f" 204 - "HEAD http://[::1]:8080/v1/AUTH_402e63682d3749049fa8edf9e07dfd6e/gnocchi.affd6b57-36d4-4657-be3e-9ce75e6f3c4f" "tx72f2fc5fa8394c53aba2b-00693b8e75" "proxy-server 97888" 0.0016 "-" 96625 0
Dec 11 22:39:33 np0005556243.novalocal proxy-server[97888]: - - 12/Dec/2025/03/39/33 HEAD /v1/AUTH_402e63682d3749049fa8edf9e07dfd6e/gnocchi.affd6b57-36d4-4657-be3e-9ce75e6f3c4f HTTP/1.0 204 - Swift - - - - tx72f2fc5fa8394c53aba2b-00693b8e75 - 0.0049 CS - 1765510773.945812464 1765510773.950760841 0 -
Dec 11 22:39:33 np0005556243.novalocal container-server[96625]: ::1 - - [12/Dec/2025:03:39:33 +0000] "GET /2/175641/AUTH_402e63682d3749049fa8edf9e07dfd6e/gnocchi.affd6b57-36d4-4657-be3e-9ce75e6f3c4f" 200 2 "GET https://[::1]:8080/v1/AUTH_402e63682d3749049fa8edf9e07dfd6e/gnocchi.affd6b57-36d4-4657-be3e-9ce75e6f3c4f?format=json&states=listing" "tx72f2fc5fa8394c53aba2b-00693b8e75" "proxy-server 97888" 0.0025 "-" 96625 0
Dec 11 22:39:33 np0005556243.novalocal proxy-server[97888]: ::1 ::1 12/Dec/2025/03/39/33 GET /v1/AUTH_402e63682d3749049fa8edf9e07dfd6e/gnocchi.affd6b57-36d4-4657-be3e-9ce75e6f3c4f%3Fformat%3Djson%26states%3Dlisting HTTP/1.0 200 - python-swiftclient-4.8.0 gAAAAABpO450Q4QS... - 2 - tx72f2fc5fa8394c53aba2b-00693b8e75 - 0.0157 - - 1765510773.944393396 1765510773.960142136 0 89ff87eb6954479d969b489941791c9f
Dec 11 22:39:33 np0005556243.novalocal object-server[96957]: ::1 - - [12/Dec/2025:03:39:33 +0000] "GET /2/7658/AUTH_402e63682d3749049fa8edf9e07dfd6e/gnocchi.0cfb6d23-5286-473d-8060-0bff0469fbcf/1764720000.0_mean_300.0_v3" 404 70 "GET https://[::1]:8080/v1/AUTH_402e63682d3749049fa8edf9e07dfd6e/gnocchi.0cfb6d23-5286-473d-8060-0bff0469fbcf/1764720000.0_mean_300.0_v3" "txe83fb72e6ad840dca300a-00693b8e75" "proxy-server 97888" 0.0003 "-" 96957 0
Dec 11 22:39:33 np0005556243.novalocal object-server[96957]: ::1 - - [12/Dec/2025:03:39:33 +0000] "GET /3/7658/AUTH_402e63682d3749049fa8edf9e07dfd6e/gnocchi.0cfb6d23-5286-473d-8060-0bff0469fbcf/1764720000.0_mean_300.0_v3" 404 70 "GET https://[::1]:8080/v1/AUTH_402e63682d3749049fa8edf9e07dfd6e/gnocchi.0cfb6d23-5286-473d-8060-0bff0469fbcf/1764720000.0_mean_300.0_v3" "txe83fb72e6ad840dca300a-00693b8e75" "proxy-server 97888" 0.0002 "-" 96957 0
Dec 11 22:39:33 np0005556243.novalocal object-server[96958]: ::1 - - [12/Dec/2025:03:39:33 +0000] "GET /1/7658/AUTH_402e63682d3749049fa8edf9e07dfd6e/gnocchi.0cfb6d23-5286-473d-8060-0bff0469fbcf/1764720000.0_mean_300.0_v3" 404 70 "GET https://[::1]:8080/v1/AUTH_402e63682d3749049fa8edf9e07dfd6e/gnocchi.0cfb6d23-5286-473d-8060-0bff0469fbcf/1764720000.0_mean_300.0_v3" "txe83fb72e6ad840dca300a-00693b8e75" "proxy-server 97888" 0.0002 "-" 96958 0
Dec 11 22:39:33 np0005556243.novalocal proxy-server[97888]: ::1 ::1 12/Dec/2025/03/39/33 GET /v1/AUTH_402e63682d3749049fa8edf9e07dfd6e/gnocchi.0cfb6d23-5286-473d-8060-0bff0469fbcf/1764720000.0_mean_300.0_v3 HTTP/1.0 404 - python-swiftclient-4.8.0 gAAAAABpO450Q4QS... - 70 - txe83fb72e6ad840dca300a-00693b8e75 - 0.0104 - - 1765510773.962996006 1765510773.973350048 0 89ff87eb6954479d969b489941791c9f
Dec 11 22:39:33 np0005556243.novalocal object-server[96958]: ::1 - - [12/Dec/2025:03:39:33 +0000] "GET /2/199926/AUTH_402e63682d3749049fa8edf9e07dfd6e/gnocchi.affd6b57-36d4-4657-be3e-9ce75e6f3c4f/1764720000.0_mean_300.0_v3" 404 70 "GET https://[::1]:8080/v1/AUTH_402e63682d3749049fa8edf9e07dfd6e/gnocchi.affd6b57-36d4-4657-be3e-9ce75e6f3c4f/1764720000.0_mean_300.0_v3" "tx308b2f2a7888437e9c08b-00693b8e75" "proxy-server 97888" 0.0002 "-" 96958 0
Dec 11 22:39:33 np0005556243.novalocal object-server[96958]: ::1 - - [12/Dec/2025:03:39:33 +0000] "GET /3/199926/AUTH_402e63682d3749049fa8edf9e07dfd6e/gnocchi.affd6b57-36d4-4657-be3e-9ce75e6f3c4f/1764720000.0_mean_300.0_v3" 404 70 "GET https://[::1]:8080/v1/AUTH_402e63682d3749049fa8edf9e07dfd6e/gnocchi.affd6b57-36d4-4657-be3e-9ce75e6f3c4f/1764720000.0_mean_300.0_v3" "tx308b2f2a7888437e9c08b-00693b8e75" "proxy-server 97888" 0.0002 "-" 96958 0
Dec 11 22:39:33 np0005556243.novalocal object-server[96958]: ::1 - - [12/Dec/2025:03:39:33 +0000] "GET /1/199926/AUTH_402e63682d3749049fa8edf9e07dfd6e/gnocchi.affd6b57-36d4-4657-be3e-9ce75e6f3c4f/1764720000.0_mean_300.0_v3" 404 70 "GET https://[::1]:8080/v1/AUTH_402e63682d3749049fa8edf9e07dfd6e/gnocchi.affd6b57-36d4-4657-be3e-9ce75e6f3c4f/1764720000.0_mean_300.0_v3" "tx308b2f2a7888437e9c08b-00693b8e75" "proxy-server 97888" 0.0005 "-" 96958 0
Dec 11 22:39:33 np0005556243.novalocal proxy-server[97888]: ::1 ::1 12/Dec/2025/03/39/33 GET /v1/AUTH_402e63682d3749049fa8edf9e07dfd6e/gnocchi.affd6b57-36d4-4657-be3e-9ce75e6f3c4f/1764720000.0_mean_300.0_v3 HTTP/1.0 404 - python-swiftclient-4.8.0 gAAAAABpO450Q4QS... - 70 - tx308b2f2a7888437e9c08b-00693b8e75 - 0.0095 - - 1765510773.975959063 1765510773.985468388 0 89ff87eb6954479d969b489941791c9f
Dec 11 22:39:34 np0005556243.novalocal container-server[96624]: ::1 - - [12/Dec/2025:03:39:34 +0000] "PUT /2/233561/AUTH_402e63682d3749049fa8edf9e07dfd6e/gnocchi.0cfb6d23-5286-473d-8060-0bff0469fbcf/1764720000.0_mean_300.0_v3" 201 - "PUT http://[::1]:8080/3/7658/AUTH_402e63682d3749049fa8edf9e07dfd6e/gnocchi.0cfb6d23-5286-473d-8060-0bff0469fbcf/1764720000.0_mean_300.0_v3" "tx883103f7aa30432daa74e-00693b8e75" "object-server 96957" 0.0006 "-" 96624 0
Dec 11 22:39:34 np0005556243.novalocal object-server[96957]: ::1 - - [12/Dec/2025:03:39:34 +0000] "PUT /3/7658/AUTH_402e63682d3749049fa8edf9e07dfd6e/gnocchi.0cfb6d23-5286-473d-8060-0bff0469fbcf/1764720000.0_mean_300.0_v3" 201 - "PUT https://[::1]:8080/v1/AUTH_402e63682d3749049fa8edf9e07dfd6e/gnocchi.0cfb6d23-5286-473d-8060-0bff0469fbcf/1764720000.0_mean_300.0_v3" "tx883103f7aa30432daa74e-00693b8e75" "proxy-server 97888" 0.0141 "-" 96957 0
Dec 11 22:39:34 np0005556243.novalocal container-server[96624]: ::1 - - [12/Dec/2025:03:39:34 +0000] "PUT /1/233561/AUTH_402e63682d3749049fa8edf9e07dfd6e/gnocchi.0cfb6d23-5286-473d-8060-0bff0469fbcf/1764720000.0_mean_300.0_v3" 201 - "PUT http://[::1]:8080/1/7658/AUTH_402e63682d3749049fa8edf9e07dfd6e/gnocchi.0cfb6d23-5286-473d-8060-0bff0469fbcf/1764720000.0_mean_300.0_v3" "tx883103f7aa30432daa74e-00693b8e75" "object-server 96957" 0.0004 "-" 96624 0
Dec 11 22:39:34 np0005556243.novalocal object-server[96957]: ::1 - - [12/Dec/2025:03:39:34 +0000] "PUT /1/7658/AUTH_402e63682d3749049fa8edf9e07dfd6e/gnocchi.0cfb6d23-5286-473d-8060-0bff0469fbcf/1764720000.0_mean_300.0_v3" 201 - "PUT https://[::1]:8080/v1/AUTH_402e63682d3749049fa8edf9e07dfd6e/gnocchi.0cfb6d23-5286-473d-8060-0bff0469fbcf/1764720000.0_mean_300.0_v3" "tx883103f7aa30432daa74e-00693b8e75" "proxy-server 97888" 0.0170 "-" 96957 0
Dec 11 22:39:34 np0005556243.novalocal container-server[96625]: ::1 - - [12/Dec/2025:03:39:34 +0000] "PUT /3/233561/AUTH_402e63682d3749049fa8edf9e07dfd6e/gnocchi.0cfb6d23-5286-473d-8060-0bff0469fbcf/1764720000.0_mean_300.0_v3" 201 - "PUT http://[::1]:8080/2/7658/AUTH_402e63682d3749049fa8edf9e07dfd6e/gnocchi.0cfb6d23-5286-473d-8060-0bff0469fbcf/1764720000.0_mean_300.0_v3" "tx883103f7aa30432daa74e-00693b8e75" "object-server 96957" 0.0010 "-" 96625 0
Dec 11 22:39:34 np0005556243.novalocal object-server[96957]: ::1 - - [12/Dec/2025:03:39:34 +0000] "PUT /2/7658/AUTH_402e63682d3749049fa8edf9e07dfd6e/gnocchi.0cfb6d23-5286-473d-8060-0bff0469fbcf/1764720000.0_mean_300.0_v3" 201 - "PUT https://[::1]:8080/v1/AUTH_402e63682d3749049fa8edf9e07dfd6e/gnocchi.0cfb6d23-5286-473d-8060-0bff0469fbcf/1764720000.0_mean_300.0_v3" "tx883103f7aa30432daa74e-00693b8e75" "proxy-server 97888" 0.0149 "-" 96957 0
Dec 11 22:39:34 np0005556243.novalocal proxy-server[97888]: ::1 ::1 12/Dec/2025/03/39/34 PUT /v1/AUTH_402e63682d3749049fa8edf9e07dfd6e/gnocchi.0cfb6d23-5286-473d-8060-0bff0469fbcf/1764720000.0_mean_300.0_v3 HTTP/1.0 201 - python-swiftclient-4.8.0 gAAAAABpO450Q4QS... 16 - - tx883103f7aa30432daa74e-00693b8e75 - 0.0269 - - 1765510773.988843441 1765510774.015748501 0 89ff87eb6954479d969b489941791c9f
Dec 11 22:39:34 np0005556243.novalocal container-server[96625]: ::1 - - [12/Dec/2025:03:39:34 +0000] "PUT /1/175641/AUTH_402e63682d3749049fa8edf9e07dfd6e/gnocchi.affd6b57-36d4-4657-be3e-9ce75e6f3c4f/1764720000.0_mean_300.0_v3" 201 - "PUT http://[::1]:8080/3/199926/AUTH_402e63682d3749049fa8edf9e07dfd6e/gnocchi.affd6b57-36d4-4657-be3e-9ce75e6f3c4f/1764720000.0_mean_300.0_v3" "txe7e4e5cb8347478e9583c-00693b8e76" "object-server 96958" 0.0009 "-" 96625 0
Dec 11 22:39:34 np0005556243.novalocal object-server[96958]: ::1 - - [12/Dec/2025:03:39:34 +0000] "PUT /3/199926/AUTH_402e63682d3749049fa8edf9e07dfd6e/gnocchi.affd6b57-36d4-4657-be3e-9ce75e6f3c4f/1764720000.0_mean_300.0_v3" 201 - "PUT https://[::1]:8080/v1/AUTH_402e63682d3749049fa8edf9e07dfd6e/gnocchi.affd6b57-36d4-4657-be3e-9ce75e6f3c4f/1764720000.0_mean_300.0_v3" "txe7e4e5cb8347478e9583c-00693b8e76" "proxy-server 97888" 0.0227 "-" 96958 0
Dec 11 22:39:34 np0005556243.novalocal container-server[96625]: ::1 - - [12/Dec/2025:03:39:34 +0000] "PUT /3/175641/AUTH_402e63682d3749049fa8edf9e07dfd6e/gnocchi.affd6b57-36d4-4657-be3e-9ce75e6f3c4f/1764720000.0_mean_300.0_v3" 201 - "PUT http://[::1]:8080/1/199926/AUTH_402e63682d3749049fa8edf9e07dfd6e/gnocchi.affd6b57-36d4-4657-be3e-9ce75e6f3c4f/1764720000.0_mean_300.0_v3" "txe7e4e5cb8347478e9583c-00693b8e76" "object-server 96957" 0.0008 "-" 96625 0
Dec 11 22:39:34 np0005556243.novalocal object-server[96957]: ::1 - - [12/Dec/2025:03:39:34 +0000] "PUT /1/199926/AUTH_402e63682d3749049fa8edf9e07dfd6e/gnocchi.affd6b57-36d4-4657-be3e-9ce75e6f3c4f/1764720000.0_mean_300.0_v3" 201 - "PUT https://[::1]:8080/v1/AUTH_402e63682d3749049fa8edf9e07dfd6e/gnocchi.affd6b57-36d4-4657-be3e-9ce75e6f3c4f/1764720000.0_mean_300.0_v3" "txe7e4e5cb8347478e9583c-00693b8e76" "proxy-server 97888" 0.0184 "-" 96957 0
Dec 11 22:39:34 np0005556243.novalocal container-server[96625]: ::1 - - [12/Dec/2025:03:39:34 +0000] "PUT /2/175641/AUTH_402e63682d3749049fa8edf9e07dfd6e/gnocchi.affd6b57-36d4-4657-be3e-9ce75e6f3c4f/1764720000.0_mean_300.0_v3" 201 - "PUT http://[::1]:8080/2/199926/AUTH_402e63682d3749049fa8edf9e07dfd6e/gnocchi.affd6b57-36d4-4657-be3e-9ce75e6f3c4f/1764720000.0_mean_300.0_v3" "txe7e4e5cb8347478e9583c-00693b8e76" "object-server 96957" 0.0006 "-" 96625 0
Dec 11 22:39:34 np0005556243.novalocal object-server[96957]: ::1 - - [12/Dec/2025:03:39:34 +0000] "PUT /2/199926/AUTH_402e63682d3749049fa8edf9e07dfd6e/gnocchi.affd6b57-36d4-4657-be3e-9ce75e6f3c4f/1764720000.0_mean_300.0_v3" 201 - "PUT https://[::1]:8080/v1/AUTH_402e63682d3749049fa8edf9e07dfd6e/gnocchi.affd6b57-36d4-4657-be3e-9ce75e6f3c4f/1764720000.0_mean_300.0_v3" "txe7e4e5cb8347478e9583c-00693b8e76" "proxy-server 97888" 0.0184 "-" 96957 0
Dec 11 22:39:34 np0005556243.novalocal proxy-server[97888]: ::1 ::1 12/Dec/2025/03/39/34 PUT /v1/AUTH_402e63682d3749049fa8edf9e07dfd6e/gnocchi.affd6b57-36d4-4657-be3e-9ce75e6f3c4f/1764720000.0_mean_300.0_v3 HTTP/1.0 201 - python-swiftclient-4.8.0 gAAAAABpO450Q4QS... 16 - - txe7e4e5cb8347478e9583c-00693b8e76 - 0.0354 - - 1765510774.018331289 1765510774.053699017 0 89ff87eb6954479d969b489941791c9f
Dec 11 22:39:34 np0005556243.novalocal container-server[96625]: ::1 - - [12/Dec/2025:03:39:34 +0000] "PUT /2/233561/AUTH_402e63682d3749049fa8edf9e07dfd6e/gnocchi.0cfb6d23-5286-473d-8060-0bff0469fbcf/none_v3" 201 - "PUT http://[::1]:8080/3/6230/AUTH_402e63682d3749049fa8edf9e07dfd6e/gnocchi.0cfb6d23-5286-473d-8060-0bff0469fbcf/none_v3" "tx33032efe3af64a56b6f1c-00693b8e76" "object-server 96958" 0.0006 "-" 96625 0
Dec 11 22:39:34 np0005556243.novalocal object-server[96958]: ::1 - - [12/Dec/2025:03:39:34 +0000] "PUT /3/6230/AUTH_402e63682d3749049fa8edf9e07dfd6e/gnocchi.0cfb6d23-5286-473d-8060-0bff0469fbcf/none_v3" 201 - "PUT https://[::1]:8080/v1/AUTH_402e63682d3749049fa8edf9e07dfd6e/gnocchi.0cfb6d23-5286-473d-8060-0bff0469fbcf/none_v3" "tx33032efe3af64a56b6f1c-00693b8e76" "proxy-server 97888" 0.0131 "-" 96958 0
Dec 11 22:39:34 np0005556243.novalocal container-server[96625]: ::1 - - [12/Dec/2025:03:39:34 +0000] "PUT /3/233561/AUTH_402e63682d3749049fa8edf9e07dfd6e/gnocchi.0cfb6d23-5286-473d-8060-0bff0469fbcf/none_v3" 201 - "PUT http://[::1]:8080/2/6230/AUTH_402e63682d3749049fa8edf9e07dfd6e/gnocchi.0cfb6d23-5286-473d-8060-0bff0469fbcf/none_v3" "tx33032efe3af64a56b6f1c-00693b8e76" "object-server 96957" 0.0004 "-" 96625 0
Dec 11 22:39:34 np0005556243.novalocal object-server[96957]: ::1 - - [12/Dec/2025:03:39:34 +0000] "PUT /2/6230/AUTH_402e63682d3749049fa8edf9e07dfd6e/gnocchi.0cfb6d23-5286-473d-8060-0bff0469fbcf/none_v3" 201 - "PUT https://[::1]:8080/v1/AUTH_402e63682d3749049fa8edf9e07dfd6e/gnocchi.0cfb6d23-5286-473d-8060-0bff0469fbcf/none_v3" "tx33032efe3af64a56b6f1c-00693b8e76" "proxy-server 97888" 0.0119 "-" 96957 0
Dec 11 22:39:34 np0005556243.novalocal container-server[96625]: ::1 - - [12/Dec/2025:03:39:34 +0000] "PUT /1/233561/AUTH_402e63682d3749049fa8edf9e07dfd6e/gnocchi.0cfb6d23-5286-473d-8060-0bff0469fbcf/none_v3" 201 - "PUT http://[::1]:8080/1/6230/AUTH_402e63682d3749049fa8edf9e07dfd6e/gnocchi.0cfb6d23-5286-473d-8060-0bff0469fbcf/none_v3" "tx33032efe3af64a56b6f1c-00693b8e76" "object-server 96957" 0.0006 "-" 96625 0
