Dec 11 22:39:42 np0005556243.novalocal container-server[96625]: ::1 - - [12/Dec/2025:03:39:42 +0000] "GET /3/64964/AUTH_402e63682d3749049fa8edf9e07dfd6e/gnocchi.3da64547-cf34-4d02-a82e-fea14a432f15" 200 2 "GET https://[::1]:8080/v1/AUTH_402e63682d3749049fa8edf9e07dfd6e/gnocchi.3da64547-cf34-4d02-a82e-fea14a432f15?format=json&states=listing" "txef70357183114875a0535-00693b8e7e" "proxy-server 97888" 0.0019 "-" 96625 0
Dec 11 22:39:42 np0005556243.novalocal proxy-server[97888]: ::1 ::1 12/Dec/2025/03/39/42 GET /v1/AUTH_402e63682d3749049fa8edf9e07dfd6e/gnocchi.3da64547-cf34-4d02-a82e-fea14a432f15%3Fformat%3Djson%26states%3Dlisting HTTP/1.0 200 - python-swiftclient-4.8.0 gAAAAABpO450Q4QS... - 2 - txef70357183114875a0535-00693b8e7e - 0.0172 - - 1765510782.224641085 1765510782.241849661 0 89ff87eb6954479d969b489941791c9f
Dec 11 22:39:42 np0005556243.novalocal object-server[96958]: ::1 - - [12/Dec/2025:03:39:42 +0000] "GET /1/123269/AUTH_402e63682d3749049fa8edf9e07dfd6e/gnocchi.3da64547-cf34-4d02-a82e-fea14a432f15/1764720000.0_mean_300.0_v3" 404 70 "GET https://[::1]:8080/v1/AUTH_402e63682d3749049fa8edf9e07dfd6e/gnocchi.3da64547-cf34-4d02-a82e-fea14a432f15/1764720000.0_mean_300.0_v3" "tx347052b352a6403daf6c4-00693b8e7e" "proxy-server 97888" 0.0003 "-" 96958 0
Dec 11 22:39:42 np0005556243.novalocal object-server[96957]: ::1 - - [12/Dec/2025:03:39:42 +0000] "GET /3/123269/AUTH_402e63682d3749049fa8edf9e07dfd6e/gnocchi.3da64547-cf34-4d02-a82e-fea14a432f15/1764720000.0_mean_300.0_v3" 404 70 "GET https://[::1]:8080/v1/AUTH_402e63682d3749049fa8edf9e07dfd6e/gnocchi.3da64547-cf34-4d02-a82e-fea14a432f15/1764720000.0_mean_300.0_v3" "tx347052b352a6403daf6c4-00693b8e7e" "proxy-server 97888" 0.0006 "-" 96957 0
Dec 11 22:39:42 np0005556243.novalocal object-server[96958]: ::1 - - [12/Dec/2025:03:39:42 +0000] "GET /2/123269/AUTH_402e63682d3749049fa8edf9e07dfd6e/gnocchi.3da64547-cf34-4d02-a82e-fea14a432f15/1764720000.0_mean_300.0_v3" 404 70 "GET https://[::1]:8080/v1/AUTH_402e63682d3749049fa8edf9e07dfd6e/gnocchi.3da64547-cf34-4d02-a82e-fea14a432f15/1764720000.0_mean_300.0_v3" "tx347052b352a6403daf6c4-00693b8e7e" "proxy-server 97888" 0.0002 "-" 96958 0
Dec 11 22:39:42 np0005556243.novalocal proxy-server[97888]: ::1 ::1 12/Dec/2025/03/39/42 GET /v1/AUTH_402e63682d3749049fa8edf9e07dfd6e/gnocchi.3da64547-cf34-4d02-a82e-fea14a432f15/1764720000.0_mean_300.0_v3 HTTP/1.0 404 - python-swiftclient-4.8.0 gAAAAABpO450Q4QS... - 70 - tx347052b352a6403daf6c4-00693b8e7e - 0.0137 - - 1765510782.245383978 1765510782.259115696 0 89ff87eb6954479d969b489941791c9f
Dec 11 22:39:42 np0005556243.novalocal container-server[96625]: ::1 - - [12/Dec/2025:03:39:42 +0000] "PUT /2/64964/AUTH_402e63682d3749049fa8edf9e07dfd6e/gnocchi.3da64547-cf34-4d02-a82e-fea14a432f15/1764720000.0_mean_300.0_v3" 201 - "PUT http://[::1]:8080/2/123269/AUTH_402e63682d3749049fa8edf9e07dfd6e/gnocchi.3da64547-cf34-4d02-a82e-fea14a432f15/1764720000.0_mean_300.0_v3" "tx44c8e8bef2f94461991af-00693b8e7e" "object-server 96958" 0.0009 "-" 96625 0
Dec 11 22:39:42 np0005556243.novalocal object-server[96958]: ::1 - - [12/Dec/2025:03:39:42 +0000] "PUT /2/123269/AUTH_402e63682d3749049fa8edf9e07dfd6e/gnocchi.3da64547-cf34-4d02-a82e-fea14a432f15/1764720000.0_mean_300.0_v3" 201 - "PUT https://[::1]:8080/v1/AUTH_402e63682d3749049fa8edf9e07dfd6e/gnocchi.3da64547-cf34-4d02-a82e-fea14a432f15/1764720000.0_mean_300.0_v3" "tx44c8e8bef2f94461991af-00693b8e7e" "proxy-server 97888" 0.0167 "-" 96958 0
Dec 11 22:39:42 np0005556243.novalocal container-server[96624]: ::1 - - [12/Dec/2025:03:39:42 +0000] "PUT /1/64964/AUTH_402e63682d3749049fa8edf9e07dfd6e/gnocchi.3da64547-cf34-4d02-a82e-fea14a432f15/1764720000.0_mean_300.0_v3" 201 - "PUT http://[::1]:8080/3/123269/AUTH_402e63682d3749049fa8edf9e07dfd6e/gnocchi.3da64547-cf34-4d02-a82e-fea14a432f15/1764720000.0_mean_300.0_v3" "tx44c8e8bef2f94461991af-00693b8e7e" "object-server 96957" 0.0007 "-" 96624 0
Dec 11 22:39:42 np0005556243.novalocal container-server[96625]: ::1 - - [12/Dec/2025:03:39:42 +0000] "PUT /3/64964/AUTH_402e63682d3749049fa8edf9e07dfd6e/gnocchi.3da64547-cf34-4d02-a82e-fea14a432f15/1764720000.0_mean_300.0_v3" 201 - "PUT http://[::1]:8080/1/123269/AUTH_402e63682d3749049fa8edf9e07dfd6e/gnocchi.3da64547-cf34-4d02-a82e-fea14a432f15/1764720000.0_mean_300.0_v3" "tx44c8e8bef2f94461991af-00693b8e7e" "object-server 96957" 0.0008 "-" 96625 0
Dec 11 22:39:42 np0005556243.novalocal object-server[96957]: ::1 - - [12/Dec/2025:03:39:42 +0000] "PUT /3/123269/AUTH_402e63682d3749049fa8edf9e07dfd6e/gnocchi.3da64547-cf34-4d02-a82e-fea14a432f15/1764720000.0_mean_300.0_v3" 201 - "PUT https://[::1]:8080/v1/AUTH_402e63682d3749049fa8edf9e07dfd6e/gnocchi.3da64547-cf34-4d02-a82e-fea14a432f15/1764720000.0_mean_300.0_v3" "tx44c8e8bef2f94461991af-00693b8e7e" "proxy-server 97888" 0.0202 "-" 96957 0
Dec 11 22:39:42 np0005556243.novalocal object-server[96957]: ::1 - - [12/Dec/2025:03:39:42 +0000] "PUT /1/123269/AUTH_402e63682d3749049fa8edf9e07dfd6e/gnocchi.3da64547-cf34-4d02-a82e-fea14a432f15/1764720000.0_mean_300.0_v3" 201 - "PUT https://[::1]:8080/v1/AUTH_402e63682d3749049fa8edf9e07dfd6e/gnocchi.3da64547-cf34-4d02-a82e-fea14a432f15/1764720000.0_mean_300.0_v3" "tx44c8e8bef2f94461991af-00693b8e7e" "proxy-server 97888" 0.0271 "-" 96957 0
Dec 11 22:39:42 np0005556243.novalocal proxy-server[97888]: ::1 ::1 12/Dec/2025/03/39/42 PUT /v1/AUTH_402e63682d3749049fa8edf9e07dfd6e/gnocchi.3da64547-cf34-4d02-a82e-fea14a432f15/1764720000.0_mean_300.0_v3 HTTP/1.0 201 - python-swiftclient-4.8.0 gAAAAABpO450Q4QS... 16 - - tx44c8e8bef2f94461991af-00693b8e7e - 0.0344 - - 1765510782.261390924 1765510782.295750856 0 89ff87eb6954479d969b489941791c9f
Dec 11 22:39:42 np0005556243.novalocal container-server[96624]: ::1 - - [12/Dec/2025:03:39:42 +0000] "PUT /1/64964/AUTH_402e63682d3749049fa8edf9e07dfd6e/gnocchi.3da64547-cf34-4d02-a82e-fea14a432f15/none_v3" 201 - "PUT http://[::1]:8080/2/34317/AUTH_402e63682d3749049fa8edf9e07dfd6e/gnocchi.3da64547-cf34-4d02-a82e-fea14a432f15/none_v3" "tx2e41a78d819b4b4aa0732-00693b8e7e" "object-server 96958" 0.0007 "-" 96624 0
Dec 11 22:39:42 np0005556243.novalocal container-server[96625]: ::1 - - [12/Dec/2025:03:39:42 +0000] "PUT /3/64964/AUTH_402e63682d3749049fa8edf9e07dfd6e/gnocchi.3da64547-cf34-4d02-a82e-fea14a432f15/none_v3" 201 - "PUT http://[::1]:8080/1/34317/AUTH_402e63682d3749049fa8edf9e07dfd6e/gnocchi.3da64547-cf34-4d02-a82e-fea14a432f15/none_v3" "tx2e41a78d819b4b4aa0732-00693b8e7e" "object-server 96958" 0.0008 "-" 96625 0
Dec 11 22:39:42 np0005556243.novalocal object-server[96958]: ::1 - - [12/Dec/2025:03:39:42 +0000] "PUT /2/34317/AUTH_402e63682d3749049fa8edf9e07dfd6e/gnocchi.3da64547-cf34-4d02-a82e-fea14a432f15/none_v3" 201 - "PUT https://[::1]:8080/v1/AUTH_402e63682d3749049fa8edf9e07dfd6e/gnocchi.3da64547-cf34-4d02-a82e-fea14a432f15/none_v3" "tx2e41a78d819b4b4aa0732-00693b8e7e" "proxy-server 97888" 0.0215 "-" 96958 0
Dec 11 22:39:42 np0005556243.novalocal container-server[96625]: ::1 - - [12/Dec/2025:03:39:42 +0000] "PUT /2/64964/AUTH_402e63682d3749049fa8edf9e07dfd6e/gnocchi.3da64547-cf34-4d02-a82e-fea14a432f15/none_v3" 201 - "PUT http://[::1]:8080/3/34317/AUTH_402e63682d3749049fa8edf9e07dfd6e/gnocchi.3da64547-cf34-4d02-a82e-fea14a432f15/none_v3" "tx2e41a78d819b4b4aa0732-00693b8e7e" "object-server 96958" 0.0006 "-" 96625 0
Dec 11 22:39:42 np0005556243.novalocal object-server[96958]: ::1 - - [12/Dec/2025:03:39:42 +0000] "PUT /1/34317/AUTH_402e63682d3749049fa8edf9e07dfd6e/gnocchi.3da64547-cf34-4d02-a82e-fea14a432f15/none_v3" 201 - "PUT https://[::1]:8080/v1/AUTH_402e63682d3749049fa8edf9e07dfd6e/gnocchi.3da64547-cf34-4d02-a82e-fea14a432f15/none_v3" "tx2e41a78d819b4b4aa0732-00693b8e7e" "proxy-server 97888" 0.0206 "-" 96958 0
Dec 11 22:39:42 np0005556243.novalocal object-server[96958]: ::1 - - [12/Dec/2025:03:39:42 +0000] "PUT /3/34317/AUTH_402e63682d3749049fa8edf9e07dfd6e/gnocchi.3da64547-cf34-4d02-a82e-fea14a432f15/none_v3" 201 - "PUT https://[::1]:8080/v1/AUTH_402e63682d3749049fa8edf9e07dfd6e/gnocchi.3da64547-cf34-4d02-a82e-fea14a432f15/none_v3" "tx2e41a78d819b4b4aa0732-00693b8e7e" "proxy-server 97888" 0.0196 "-" 96958 0
Dec 11 22:39:42 np0005556243.novalocal proxy-server[97888]: ::1 ::1 12/Dec/2025/03/39/42 PUT /v1/AUTH_402e63682d3749049fa8edf9e07dfd6e/gnocchi.3da64547-cf34-4d02-a82e-fea14a432f15/none_v3 HTTP/1.0 201 - python-swiftclient-4.8.0 gAAAAABpO450Q4QS... 22 - - tx2e41a78d819b4b4aa0732-00693b8e7e - 0.0306 - - 1765510782.297663927 1765510782.328269243 0 89ff87eb6954479d969b489941791c9f
Dec 11 22:39:42 np0005556243.novalocal container-server[96624]: ::1 - - [12/Dec/2025:03:39:42 +0000] "HEAD /1/195666/AUTH_402e63682d3749049fa8edf9e07dfd6e/gnocchi.5c49bc85-d997-41fa-955d-df2cac814a23" 404 - "HEAD http://[::1]:8080/v1/AUTH_402e63682d3749049fa8edf9e07dfd6e/gnocchi.5c49bc85-d997-41fa-955d-df2cac814a23" "txf3417d25f47b4244a5a5b-00693b8e7e" "proxy-server 97888" 0.0005 "-" 96624 0
Dec 11 22:39:42 np0005556243.novalocal container-server[96625]: ::1 - - [12/Dec/2025:03:39:42 +0000] "HEAD /2/195666/AUTH_402e63682d3749049fa8edf9e07dfd6e/gnocchi.5c49bc85-d997-41fa-955d-df2cac814a23" 404 - "HEAD http://[::1]:8080/v1/AUTH_402e63682d3749049fa8edf9e07dfd6e/gnocchi.5c49bc85-d997-41fa-955d-df2cac814a23" "txf3417d25f47b4244a5a5b-00693b8e7e" "proxy-server 97888" 0.0003 "-" 96625 0
Dec 11 22:39:42 np0005556243.novalocal container-server[96625]: ::1 - - [12/Dec/2025:03:39:42 +0000] "HEAD /3/195666/AUTH_402e63682d3749049fa8edf9e07dfd6e/gnocchi.5c49bc85-d997-41fa-955d-df2cac814a23" 404 - "HEAD http://[::1]:8080/v1/AUTH_402e63682d3749049fa8edf9e07dfd6e/gnocchi.5c49bc85-d997-41fa-955d-df2cac814a23" "txf3417d25f47b4244a5a5b-00693b8e7e" "proxy-server 97888" 0.0003 "-" 96625 0
Dec 11 22:39:42 np0005556243.novalocal proxy-server[97888]: - - 12/Dec/2025/03/39/42 HEAD /v1/AUTH_402e63682d3749049fa8edf9e07dfd6e/gnocchi.5c49bc85-d997-41fa-955d-df2cac814a23 HTTP/1.0 404 - Swift - - - - txf3417d25f47b4244a5a5b-00693b8e7e - 0.0107 CS - 1765510782.361037016 1765510782.371757030 0 -
Dec 11 22:39:42 np0005556243.novalocal object-server[96958]: ::1 - - [12/Dec/2025:03:39:42 +0000] "GET /2/134767/AUTH_402e63682d3749049fa8edf9e07dfd6e/gnocchi.5c49bc85-d997-41fa-955d-df2cac814a23/none_v3" 404 70 "GET https://[::1]:8080/v1/AUTH_402e63682d3749049fa8edf9e07dfd6e/gnocchi.5c49bc85-d997-41fa-955d-df2cac814a23/none_v3" "txf3417d25f47b4244a5a5b-00693b8e7e" "proxy-server 97888" 0.0005 "-" 96958 0
Dec 11 22:39:42 np0005556243.novalocal object-server[96958]: ::1 - - [12/Dec/2025:03:39:42 +0000] "GET /3/134767/AUTH_402e63682d3749049fa8edf9e07dfd6e/gnocchi.5c49bc85-d997-41fa-955d-df2cac814a23/none_v3" 404 70 "GET https://[::1]:8080/v1/AUTH_402e63682d3749049fa8edf9e07dfd6e/gnocchi.5c49bc85-d997-41fa-955d-df2cac814a23/none_v3" "txf3417d25f47b4244a5a5b-00693b8e7e" "proxy-server 97888" 0.0004 "-" 96958 0
Dec 11 22:39:42 np0005556243.novalocal object-server[96957]: ::1 - - [12/Dec/2025:03:39:42 +0000] "GET /1/134767/AUTH_402e63682d3749049fa8edf9e07dfd6e/gnocchi.5c49bc85-d997-41fa-955d-df2cac814a23/none_v3" 404 70 "GET https://[::1]:8080/v1/AUTH_402e63682d3749049fa8edf9e07dfd6e/gnocchi.5c49bc85-d997-41fa-955d-df2cac814a23/none_v3" "txf3417d25f47b4244a5a5b-00693b8e7e" "proxy-server 97888" 0.0005 "-" 96957 0
Dec 11 22:39:42 np0005556243.novalocal proxy-server[97888]: ::1 ::1 12/Dec/2025/03/39/42 GET /v1/AUTH_402e63682d3749049fa8edf9e07dfd6e/gnocchi.5c49bc85-d997-41fa-955d-df2cac814a23/none_v3 HTTP/1.0 404 - python-swiftclient-4.8.0 gAAAAABpO450Q4QS... - 70 - txf3417d25f47b4244a5a5b-00693b8e7e - 0.0282 - - 1765510782.360219717 1765510782.388468027 0 89ff87eb6954479d969b489941791c9f
Dec 11 22:39:42 np0005556243.novalocal account-server[96332]: ::1 - - [12/Dec/2025:03:39:42 +0000] "PUT /3/88245/AUTH_402e63682d3749049fa8edf9e07dfd6e/gnocchi.5c49bc85-d997-41fa-955d-df2cac814a23" 201 - "PUT http://[::1]:6001/3/195666/AUTH_402e63682d3749049fa8edf9e07dfd6e/gnocchi.5c49bc85-d997-41fa-955d-df2cac814a23" "tx6d3de64e260b47049b1c4-00693b8e7e" "container-server 96625" 0.0033 "-" 96332 0
Dec 11 22:39:42 np0005556243.novalocal container-server[96625]: ::1 - - [12/Dec/2025:03:39:42 +0000] "PUT /3/195666/AUTH_402e63682d3749049fa8edf9e07dfd6e/gnocchi.5c49bc85-d997-41fa-955d-df2cac814a23" 201 - "PUT https://[::1]:8080/v1/AUTH_402e63682d3749049fa8edf9e07dfd6e/gnocchi.5c49bc85-d997-41fa-955d-df2cac814a23" "tx6d3de64e260b47049b1c4-00693b8e7e" "proxy-server 97888" 0.0188 "-" 96625 0
Dec 11 22:39:42 np0005556243.novalocal account-server[96332]: ::1 - - [12/Dec/2025:03:39:42 +0000] "PUT /2/88245/AUTH_402e63682d3749049fa8edf9e07dfd6e/gnocchi.5c49bc85-d997-41fa-955d-df2cac814a23" 201 - "PUT http://[::1]:6001/1/195666/AUTH_402e63682d3749049fa8edf9e07dfd6e/gnocchi.5c49bc85-d997-41fa-955d-df2cac814a23" "tx6d3de64e260b47049b1c4-00693b8e7e" "container-server 96624" 0.0049 "-" 96332 0
Dec 11 22:39:42 np0005556243.novalocal container-server[96624]: ::1 - - [12/Dec/2025:03:39:42 +0000] "PUT /1/195666/AUTH_402e63682d3749049fa8edf9e07dfd6e/gnocchi.5c49bc85-d997-41fa-955d-df2cac814a23" 201 - "PUT https://[::1]:8080/v1/AUTH_402e63682d3749049fa8edf9e07dfd6e/gnocchi.5c49bc85-d997-41fa-955d-df2cac814a23" "tx6d3de64e260b47049b1c4-00693b8e7e" "proxy-server 97888" 0.0314 "-" 96624 0
Dec 11 22:39:42 np0005556243.novalocal account-server[96332]: ::1 - - [12/Dec/2025:03:39:42 +0000] "PUT /1/88245/AUTH_402e63682d3749049fa8edf9e07dfd6e/gnocchi.5c49bc85-d997-41fa-955d-df2cac814a23" 201 - "PUT http://[::1]:6001/2/195666/AUTH_402e63682d3749049fa8edf9e07dfd6e/gnocchi.5c49bc85-d997-41fa-955d-df2cac814a23" "tx6d3de64e260b47049b1c4-00693b8e7e" "container-server 96624" 0.0031 "-" 96332 0
Dec 11 22:39:42 np0005556243.novalocal container-server[96624]: ::1 - - [12/Dec/2025:03:39:42 +0000] "PUT /2/195666/AUTH_402e63682d3749049fa8edf9e07dfd6e/gnocchi.5c49bc85-d997-41fa-955d-df2cac814a23" 201 - "PUT https://[::1]:8080/v1/AUTH_402e63682d3749049fa8edf9e07dfd6e/gnocchi.5c49bc85-d997-41fa-955d-df2cac814a23" "tx6d3de64e260b47049b1c4-00693b8e7e" "proxy-server 97888" 0.0207 "-" 96624 0
Dec 11 22:39:42 np0005556243.novalocal proxy-server[97888]: ::1 ::1 12/Dec/2025/03/39/42 PUT /v1/AUTH_402e63682d3749049fa8edf9e07dfd6e/gnocchi.5c49bc85-d997-41fa-955d-df2cac814a23 HTTP/1.0 201 - python-swiftclient-4.8.0 gAAAAABpO450Q4QS... - - - tx6d3de64e260b47049b1c4-00693b8e7e - 0.0440 - - 1765510782.391875744 1765510782.435906649 0 89ff87eb6954479d969b489941791c9f
Dec 11 22:39:42 np0005556243.novalocal container-server[96624]: ::1 - - [12/Dec/2025:03:39:42 +0000] "HEAD /3/195666/AUTH_402e63682d3749049fa8edf9e07dfd6e/gnocchi.5c49bc85-d997-41fa-955d-df2cac814a23" 204 - "HEAD http://[::1]:8080/v1/AUTH_402e63682d3749049fa8edf9e07dfd6e/gnocchi.5c49bc85-d997-41fa-955d-df2cac814a23" "tx967f9416fce14765b834a-00693b8e7e" "proxy-server 97888" 0.0021 "-" 96624 0
Dec 11 22:39:42 np0005556243.novalocal proxy-server[97888]: - - 12/Dec/2025/03/39/42 HEAD /v1/AUTH_402e63682d3749049fa8edf9e07dfd6e/gnocchi.5c49bc85-d997-41fa-955d-df2cac814a23 HTTP/1.0 204 - Swift - - - - tx967f9416fce14765b834a-00693b8e7e - 0.0063 CS - 1765510782.441106319 1765510782.447400093 0 -
Dec 11 22:39:42 np0005556243.novalocal container-server[96624]: ::1 - - [12/Dec/2025:03:39:42 +0000] "GET /1/195666/AUTH_402e63682d3749049fa8edf9e07dfd6e/gnocchi.5c49bc85-d997-41fa-955d-df2cac814a23" 200 2 "GET https://[::1]:8080/v1/AUTH_402e63682d3749049fa8edf9e07dfd6e/gnocchi.5c49bc85-d997-41fa-955d-df2cac814a23?format=json&states=listing" "tx967f9416fce14765b834a-00693b8e7e" "proxy-server 97888" 0.0035 "-" 96624 0
Dec 11 22:39:42 np0005556243.novalocal proxy-server[97888]: ::1 ::1 12/Dec/2025/03/39/42 GET /v1/AUTH_402e63682d3749049fa8edf9e07dfd6e/gnocchi.5c49bc85-d997-41fa-955d-df2cac814a23%3Fformat%3Djson%26states%3Dlisting HTTP/1.0 200 - python-swiftclient-4.8.0 gAAAAABpO450Q4QS... - 2 - tx967f9416fce14765b834a-00693b8e7e - 0.0189 - - 1765510782.440341234 1765510782.459223747 0 89ff87eb6954479d969b489941791c9f
Dec 11 22:39:42 np0005556243.novalocal object-server[96957]: ::1 - - [12/Dec/2025:03:39:42 +0000] "GET /3/155579/AUTH_402e63682d3749049fa8edf9e07dfd6e/gnocchi.5c49bc85-d997-41fa-955d-df2cac814a23/1764720000.0_mean_300.0_v3" 404 70 "GET https://[::1]:8080/v1/AUTH_402e63682d3749049fa8edf9e07dfd6e/gnocchi.5c49bc85-d997-41fa-955d-df2cac814a23/1764720000.0_mean_300.0_v3" "tx112a8b5f6d124d6ba6e65-00693b8e7e" "proxy-server 97888" 0.0005 "-" 96957 0
Dec 11 22:39:42 np0005556243.novalocal object-server[96958]: ::1 - - [12/Dec/2025:03:39:42 +0000] "GET /2/155579/AUTH_402e63682d3749049fa8edf9e07dfd6e/gnocchi.5c49bc85-d997-41fa-955d-df2cac814a23/1764720000.0_mean_300.0_v3" 404 70 "GET https://[::1]:8080/v1/AUTH_402e63682d3749049fa8edf9e07dfd6e/gnocchi.5c49bc85-d997-41fa-955d-df2cac814a23/1764720000.0_mean_300.0_v3" "tx112a8b5f6d124d6ba6e65-00693b8e7e" "proxy-server 97888" 0.0006 "-" 96958 0
Dec 11 22:39:42 np0005556243.novalocal object-server[96958]: ::1 - - [12/Dec/2025:03:39:42 +0000] "GET /1/155579/AUTH_402e63682d3749049fa8edf9e07dfd6e/gnocchi.5c49bc85-d997-41fa-955d-df2cac814a23/1764720000.0_mean_300.0_v3" 404 70 "GET https://[::1]:8080/v1/AUTH_402e63682d3749049fa8edf9e07dfd6e/gnocchi.5c49bc85-d997-41fa-955d-df2cac814a23/1764720000.0_mean_300.0_v3" "tx112a8b5f6d124d6ba6e65-00693b8e7e" "proxy-server 97888" 0.0004 "-" 96958 0
Dec 11 22:39:42 np0005556243.novalocal proxy-server[97888]: ::1 ::1 12/Dec/2025/03/39/42 GET /v1/AUTH_402e63682d3749049fa8edf9e07dfd6e/gnocchi.5c49bc85-d997-41fa-955d-df2cac814a23/1764720000.0_mean_300.0_v3 HTTP/1.0 404 - python-swiftclient-4.8.0 gAAAAABpO450Q4QS... - 70 - tx112a8b5f6d124d6ba6e65-00693b8e7e - 0.0153 - - 1765510782.463529110 1765510782.478822947 0 89ff87eb6954479d969b489941791c9f
Dec 11 22:39:42 np0005556243.novalocal container-server[96625]: ::1 - - [12/Dec/2025:03:39:42 +0000] "PUT /2/195666/AUTH_402e63682d3749049fa8edf9e07dfd6e/gnocchi.5c49bc85-d997-41fa-955d-df2cac814a23/1764720000.0_mean_300.0_v3" 201 - "PUT http://[::1]:8080/3/155579/AUTH_402e63682d3749049fa8edf9e07dfd6e/gnocchi.5c49bc85-d997-41fa-955d-df2cac814a23/1764720000.0_mean_300.0_v3" "txd960956daebf4ef790f57-00693b8e7e" "object-server 96957" 0.0010 "-" 96625 0
Dec 11 22:39:42 np0005556243.novalocal container-server[96624]: ::1 - - [12/Dec/2025:03:39:42 +0000] "PUT /1/195666/AUTH_402e63682d3749049fa8edf9e07dfd6e/gnocchi.5c49bc85-d997-41fa-955d-df2cac814a23/1764720000.0_mean_300.0_v3" 201 - "PUT http://[::1]:8080/1/155579/AUTH_402e63682d3749049fa8edf9e07dfd6e/gnocchi.5c49bc85-d997-41fa-955d-df2cac814a23/1764720000.0_mean_300.0_v3" "txd960956daebf4ef790f57-00693b8e7e" "object-server 96957" 0.0004 "-" 96624 0
Dec 11 22:39:42 np0005556243.novalocal object-server[96957]: ::1 - - [12/Dec/2025:03:39:42 +0000] "PUT /3/155579/AUTH_402e63682d3749049fa8edf9e07dfd6e/gnocchi.5c49bc85-d997-41fa-955d-df2cac814a23/1764720000.0_mean_300.0_v3" 201 - "PUT https://[::1]:8080/v1/AUTH_402e63682d3749049fa8edf9e07dfd6e/gnocchi.5c49bc85-d997-41fa-955d-df2cac814a23/1764720000.0_mean_300.0_v3" "txd960956daebf4ef790f57-00693b8e7e" "proxy-server 97888" 0.0144 "-" 96957 0
Dec 11 22:39:42 np0005556243.novalocal object-server[96957]: ::1 - - [12/Dec/2025:03:39:42 +0000] "PUT /1/155579/AUTH_402e63682d3749049fa8edf9e07dfd6e/gnocchi.5c49bc85-d997-41fa-955d-df2cac814a23/1764720000.0_mean_300.0_v3" 201 - "PUT https://[::1]:8080/v1/AUTH_402e63682d3749049fa8edf9e07dfd6e/gnocchi.5c49bc85-d997-41fa-955d-df2cac814a23/1764720000.0_mean_300.0_v3" "txd960956daebf4ef790f57-00693b8e7e" "proxy-server 97888" 0.0181 "-" 96957 0
Dec 11 22:39:42 np0005556243.novalocal container-server[96625]: ::1 - - [12/Dec/2025:03:39:42 +0000] "PUT /3/195666/AUTH_402e63682d3749049fa8edf9e07dfd6e/gnocchi.5c49bc85-d997-41fa-955d-df2cac814a23/1764720000.0_mean_300.0_v3" 201 - "PUT http://[::1]:8080/2/155579/AUTH_402e63682d3749049fa8edf9e07dfd6e/gnocchi.5c49bc85-d997-41fa-955d-df2cac814a23/1764720000.0_mean_300.0_v3" "txd960956daebf4ef790f57-00693b8e7e" "object-server 96958" 0.0007 "-" 96625 0
Dec 11 22:39:42 np0005556243.novalocal object-server[96958]: ::1 - - [12/Dec/2025:03:39:42 +0000] "PUT /2/155579/AUTH_402e63682d3749049fa8edf9e07dfd6e/gnocchi.5c49bc85-d997-41fa-955d-df2cac814a23/1764720000.0_mean_300.0_v3" 201 - "PUT https://[::1]:8080/v1/AUTH_402e63682d3749049fa8edf9e07dfd6e/gnocchi.5c49bc85-d997-41fa-955d-df2cac814a23/1764720000.0_mean_300.0_v3" "txd960956daebf4ef790f57-00693b8e7e" "proxy-server 97888" 0.0171 "-" 96958 0
Dec 11 22:39:42 np0005556243.novalocal proxy-server[97888]: ::1 ::1 12/Dec/2025/03/39/42 PUT /v1/AUTH_402e63682d3749049fa8edf9e07dfd6e/gnocchi.5c49bc85-d997-41fa-955d-df2cac814a23/1764720000.0_mean_300.0_v3 HTTP/1.0 201 - python-swiftclient-4.8.0 gAAAAABpO450Q4QS... 16 - - txd960956daebf4ef790f57-00693b8e7e - 0.0311 - - 1765510782.482148170 1765510782.513279915 0 89ff87eb6954479d969b489941791c9f
Dec 11 22:39:42 np0005556243.novalocal container-server[96625]: ::1 - - [12/Dec/2025:03:39:42 +0000] "PUT /2/195666/AUTH_402e63682d3749049fa8edf9e07dfd6e/gnocchi.5c49bc85-d997-41fa-955d-df2cac814a23/none_v3" 201 - "PUT http://[::1]:8080/3/134767/AUTH_402e63682d3749049fa8edf9e07dfd6e/gnocchi.5c49bc85-d997-41fa-955d-df2cac814a23/none_v3" "txeeefa18d2b6f4924b4c61-00693b8e7e" "object-server 96958" 0.0008 "-" 96625 0
Dec 11 22:39:42 np0005556243.novalocal object-server[96958]: ::1 - - [12/Dec/2025:03:39:42 +0000] "PUT /3/134767/AUTH_402e63682d3749049fa8edf9e07dfd6e/gnocchi.5c49bc85-d997-41fa-955d-df2cac814a23/none_v3" 201 - "PUT https://[::1]:8080/v1/AUTH_402e63682d3749049fa8edf9e07dfd6e/gnocchi.5c49bc85-d997-41fa-955d-df2cac814a23/none_v3" "txeeefa18d2b6f4924b4c61-00693b8e7e" "proxy-server 97888" 0.0181 "-" 96958 0
Dec 11 22:39:42 np0005556243.novalocal container-server[96625]: ::1 - - [12/Dec/2025:03:39:42 +0000] "PUT /3/195666/AUTH_402e63682d3749049fa8edf9e07dfd6e/gnocchi.5c49bc85-d997-41fa-955d-df2cac814a23/none_v3" 201 - "PUT http://[::1]:8080/2/134767/AUTH_402e63682d3749049fa8edf9e07dfd6e/gnocchi.5c49bc85-d997-41fa-955d-df2cac814a23/none_v3" "txeeefa18d2b6f4924b4c61-00693b8e7e" "object-server 96958" 0.0006 "-" 96625 0
Dec 11 22:39:42 np0005556243.novalocal object-server[96958]: ::1 - - [12/Dec/2025:03:39:42 +0000] "PUT /2/134767/AUTH_402e63682d3749049fa8edf9e07dfd6e/gnocchi.5c49bc85-d997-41fa-955d-df2cac814a23/none_v3" 201 - "PUT https://[::1]:8080/v1/AUTH_402e63682d3749049fa8edf9e07dfd6e/gnocchi.5c49bc85-d997-41fa-955d-df2cac814a23/none_v3" "txeeefa18d2b6f4924b4c61-00693b8e7e" "proxy-server 97888" 0.0194 "-" 96958 0
Dec 11 22:39:42 np0005556243.novalocal container-server[96625]: ::1 - - [12/Dec/2025:03:39:42 +0000] "PUT /1/195666/AUTH_402e63682d3749049fa8edf9e07dfd6e/gnocchi.5c49bc85-d997-41fa-955d-df2cac814a23/none_v3" 201 - "PUT http://[::1]:8080/1/134767/AUTH_402e63682d3749049fa8edf9e07dfd6e/gnocchi.5c49bc85-d997-41fa-955d-df2cac814a23/none_v3" "txeeefa18d2b6f4924b4c61-00693b8e7e" "object-server 96958" 0.0005 "-" 96625 0
Dec 11 22:39:42 np0005556243.novalocal object-server[96958]: ::1 - - [12/Dec/2025:03:39:42 +0000] "PUT /1/134767/AUTH_402e63682d3749049fa8edf9e07dfd6e/gnocchi.5c49bc85-d997-41fa-955d-df2cac814a23/none_v3" 201 - "PUT https://[::1]:8080/v1/AUTH_402e63682d3749049fa8edf9e07dfd6e/gnocchi.5c49bc85-d997-41fa-955d-df2cac814a23/none_v3" "txeeefa18d2b6f4924b4c61-00693b8e7e" "proxy-server 97888" 0.0263 "-" 96958 0
Dec 11 22:39:42 np0005556243.novalocal proxy-server[97888]: ::1 ::1 12/Dec/2025/03/39/42 PUT /v1/AUTH_402e63682d3749049fa8edf9e07dfd6e/gnocchi.5c49bc85-d997-41fa-955d-df2cac814a23/none_v3 HTTP/1.0 201 - python-swiftclient-4.8.0 gAAAAABpO450Q4QS... 22 - - txeeefa18d2b6f4924b4c61-00693b8e7e - 0.0367 - - 1765510782.515680552 1765510782.552399158 0 89ff87eb6954479d969b489941791c9f
Dec 11 22:39:42 np0005556243.novalocal container-server[96625]: ::1 - - [12/Dec/2025:03:39:42 +0000] "HEAD /2/53632/AUTH_402e63682d3749049fa8edf9e07dfd6e/gnocchi.dfc74319-0ec1-461f-bafc-7f8081dee958" 404 - "HEAD http://[::1]:8080/v1/AUTH_402e63682d3749049fa8edf9e07dfd6e/gnocchi.dfc74319-0ec1-461f-bafc-7f8081dee958" "tx8a1df7b0f7f14c6aba1d0-00693b8e7e" "proxy-server 97888" 0.0004 "-" 96625 0
Dec 11 22:39:42 np0005556243.novalocal container-server[96624]: ::1 - - [12/Dec/2025:03:39:42 +0000] "HEAD /1/53632/AUTH_402e63682d3749049fa8edf9e07dfd6e/gnocchi.dfc74319-0ec1-461f-bafc-7f8081dee958" 404 - "HEAD http://[::1]:8080/v1/AUTH_402e63682d3749049fa8edf9e07dfd6e/gnocchi.dfc74319-0ec1-461f-bafc-7f8081dee958" "tx8a1df7b0f7f14c6aba1d0-00693b8e7e" "proxy-server 97888" 0.0003 "-" 96624 0
Dec 11 22:39:42 np0005556243.novalocal container-server[96625]: ::1 - - [12/Dec/2025:03:39:42 +0000] "HEAD /3/53632/AUTH_402e63682d3749049fa8edf9e07dfd6e/gnocchi.dfc74319-0ec1-461f-bafc-7f8081dee958" 404 - "HEAD http://[::1]:8080/v1/AUTH_402e63682d3749049fa8edf9e07dfd6e/gnocchi.dfc74319-0ec1-461f-bafc-7f8081dee958" "tx8a1df7b0f7f14c6aba1d0-00693b8e7e" "proxy-server 97888" 0.0003 "-" 96625 0
Dec 11 22:39:42 np0005556243.novalocal proxy-server[97888]: - - 12/Dec/2025/03/39/42 HEAD /v1/AUTH_402e63682d3749049fa8edf9e07dfd6e/gnocchi.dfc74319-0ec1-461f-bafc-7f8081dee958 HTTP/1.0 404 - Swift - - - - tx8a1df7b0f7f14c6aba1d0-00693b8e7e - 0.0106 CS - 1765510782.627424002 1765510782.638060093 0 -
Dec 11 22:39:42 np0005556243.novalocal object-server[96958]: ::1 - - [12/Dec/2025:03:39:42 +0000] "GET /2/31402/AUTH_402e63682d3749049fa8edf9e07dfd6e/gnocchi.dfc74319-0ec1-461f-bafc-7f8081dee958/none_v3" 404 70 "GET https://[::1]:8080/v1/AUTH_402e63682d3749049fa8edf9e07dfd6e/gnocchi.dfc74319-0ec1-461f-bafc-7f8081dee958/none_v3" "tx8a1df7b0f7f14c6aba1d0-00693b8e7e" "proxy-server 97888" 0.0005 "-" 96958 0
Dec 11 22:39:42 np0005556243.novalocal object-server[96958]: ::1 - - [12/Dec/2025:03:39:42 +0000] "GET /1/31402/AUTH_402e63682d3749049fa8edf9e07dfd6e/gnocchi.dfc74319-0ec1-461f-bafc-7f8081dee958/none_v3" 404 70 "GET https://[::1]:8080/v1/AUTH_402e63682d3749049fa8edf9e07dfd6e/gnocchi.dfc74319-0ec1-461f-bafc-7f8081dee958/none_v3" "tx8a1df7b0f7f14c6aba1d0-00693b8e7e" "proxy-server 97888" 0.0004 "-" 96958 0
Dec 11 22:39:42 np0005556243.novalocal object-server[96957]: ::1 - - [12/Dec/2025:03:39:42 +0000] "GET /3/31402/AUTH_402e63682d3749049fa8edf9e07dfd6e/gnocchi.dfc74319-0ec1-461f-bafc-7f8081dee958/none_v3" 404 70 "GET https://[::1]:8080/v1/AUTH_402e63682d3749049fa8edf9e07dfd6e/gnocchi.dfc74319-0ec1-461f-bafc-7f8081dee958/none_v3" "tx8a1df7b0f7f14c6aba1d0-00693b8e7e" "proxy-server 97888" 0.0005 "-" 96957 0
Dec 11 22:39:42 np0005556243.novalocal proxy-server[97888]: ::1 ::1 12/Dec/2025/03/39/42 GET /v1/AUTH_402e63682d3749049fa8edf9e07dfd6e/gnocchi.dfc74319-0ec1-461f-bafc-7f8081dee958/none_v3 HTTP/1.0 404 - python-swiftclient-4.8.0 gAAAAABpO450Q4QS... - 70 - tx8a1df7b0f7f14c6aba1d0-00693b8e7e - 0.0273 - - 1765510782.626104593 1765510782.653431654 0 89ff87eb6954479d969b489941791c9f
Dec 11 22:39:42 np0005556243.novalocal account-server[96331]: ::1 - - [12/Dec/2025:03:39:42 +0000] "PUT /1/88245/AUTH_402e63682d3749049fa8edf9e07dfd6e/gnocchi.dfc74319-0ec1-461f-bafc-7f8081dee958" 201 - "PUT http://[::1]:6001/3/53632/AUTH_402e63682d3749049fa8edf9e07dfd6e/gnocchi.dfc74319-0ec1-461f-bafc-7f8081dee958" "tx5a9e3648f17d4b4080d7d-00693b8e7e" "container-server 96625" 0.0053 "-" 96331 0
Dec 11 22:39:42 np0005556243.novalocal container-server[96625]: ::1 - - [12/Dec/2025:03:39:42 +0000] "PUT /3/53632/AUTH_402e63682d3749049fa8edf9e07dfd6e/gnocchi.dfc74319-0ec1-461f-bafc-7f8081dee958" 201 - "PUT https://[::1]:8080/v1/AUTH_402e63682d3749049fa8edf9e07dfd6e/gnocchi.dfc74319-0ec1-461f-bafc-7f8081dee958" "tx5a9e3648f17d4b4080d7d-00693b8e7e" "proxy-server 97888" 0.0446 "-" 96625 0
Dec 11 22:39:42 np0005556243.novalocal account-server[96331]: ::1 - - [12/Dec/2025:03:39:42 +0000] "PUT /2/88245/AUTH_402e63682d3749049fa8edf9e07dfd6e/gnocchi.dfc74319-0ec1-461f-bafc-7f8081dee958" 201 - "PUT http://[::1]:6001/1/53632/AUTH_402e63682d3749049fa8edf9e07dfd6e/gnocchi.dfc74319-0ec1-461f-bafc-7f8081dee958" "tx5a9e3648f17d4b4080d7d-00693b8e7e" "container-server 96625" 0.0053 "-" 96331 0
Dec 11 22:39:42 np0005556243.novalocal container-server[96625]: ::1 - - [12/Dec/2025:03:39:42 +0000] "PUT /1/53632/AUTH_402e63682d3749049fa8edf9e07dfd6e/gnocchi.dfc74319-0ec1-461f-bafc-7f8081dee958" 201 - "PUT https://[::1]:8080/v1/AUTH_402e63682d3749049fa8edf9e07dfd6e/gnocchi.dfc74319-0ec1-461f-bafc-7f8081dee958" "tx5a9e3648f17d4b4080d7d-00693b8e7e" "proxy-server 97888" 0.0207 "-" 96625 0
Dec 11 22:39:42 np0005556243.novalocal account-server[96332]: ::1 - - [12/Dec/2025:03:39:42 +0000] "PUT /3/88245/AUTH_402e63682d3749049fa8edf9e07dfd6e/gnocchi.dfc74319-0ec1-461f-bafc-7f8081dee958" 201 - "PUT http://[::1]:6001/2/53632/AUTH_402e63682d3749049fa8edf9e07dfd6e/gnocchi.dfc74319-0ec1-461f-bafc-7f8081dee958" "tx5a9e3648f17d4b4080d7d-00693b8e7e" "container-server 96625" 0.0058 "-" 96332 0
Dec 11 22:39:42 np0005556243.novalocal container-server[96625]: ::1 - - [12/Dec/2025:03:39:42 +0000] "PUT /2/53632/AUTH_402e63682d3749049fa8edf9e07dfd6e/gnocchi.dfc74319-0ec1-461f-bafc-7f8081dee958" 201 - "PUT https://[::1]:8080/v1/AUTH_402e63682d3749049fa8edf9e07dfd6e/gnocchi.dfc74319-0ec1-461f-bafc-7f8081dee958" "tx5a9e3648f17d4b4080d7d-00693b8e7e" "proxy-server 97888" 0.0389 "-" 96625 0
Dec 11 22:39:42 np0005556243.novalocal proxy-server[97888]: ::1 ::1 12/Dec/2025/03/39/42 PUT /v1/AUTH_402e63682d3749049fa8edf9e07dfd6e/gnocchi.dfc74319-0ec1-461f-bafc-7f8081dee958 HTTP/1.0 201 - python-swiftclient-4.8.0 gAAAAABpO450Q4QS... - - - tx5a9e3648f17d4b4080d7d-00693b8e7e - 0.0619 - - 1765510782.656035185 1765510782.717928171 0 89ff87eb6954479d969b489941791c9f
Dec 11 22:39:42 np0005556243.novalocal container-server[96625]: ::1 - - [12/Dec/2025:03:39:42 +0000] "HEAD /1/53632/AUTH_402e63682d3749049fa8edf9e07dfd6e/gnocchi.dfc74319-0ec1-461f-bafc-7f8081dee958" 204 - "HEAD http://[::1]:8080/v1/AUTH_402e63682d3749049fa8edf9e07dfd6e/gnocchi.dfc74319-0ec1-461f-bafc-7f8081dee958" "tx599f6a3b40d24c57a2b8b-00693b8e7e" "proxy-server 97888" 0.0022 "-" 96625 0
Dec 11 22:39:42 np0005556243.novalocal proxy-server[97888]: - - 12/Dec/2025/03/39/42 HEAD /v1/AUTH_402e63682d3749049fa8edf9e07dfd6e/gnocchi.dfc74319-0ec1-461f-bafc-7f8081dee958 HTTP/1.0 204 - Swift - - - - tx599f6a3b40d24c57a2b8b-00693b8e7e - 0.0063 CS - 1765510782.724541426 1765510782.730890512 0 -
Dec 11 22:39:42 np0005556243.novalocal container-server[96625]: ::1 - - [12/Dec/2025:03:39:42 +0000] "GET /3/53632/AUTH_402e63682d3749049fa8edf9e07dfd6e/gnocchi.dfc74319-0ec1-461f-bafc-7f8081dee958" 200 2 "GET https://[::1]:8080/v1/AUTH_402e63682d3749049fa8edf9e07dfd6e/gnocchi.dfc74319-0ec1-461f-bafc-7f8081dee958?format=json&states=listing" "tx599f6a3b40d24c57a2b8b-00693b8e7e" "proxy-server 97888" 0.0032 "-" 96625 0
Dec 11 22:39:42 np0005556243.novalocal proxy-server[97888]: ::1 ::1 12/Dec/2025/03/39/42 GET /v1/AUTH_402e63682d3749049fa8edf9e07dfd6e/gnocchi.dfc74319-0ec1-461f-bafc-7f8081dee958%3Fformat%3Djson%26states%3Dlisting HTTP/1.0 200 - python-swiftclient-4.8.0 gAAAAABpO450Q4QS... - 2 - tx599f6a3b40d24c57a2b8b-00693b8e7e - 0.0205 - - 1765510782.722919703 1765510782.743426561 0 89ff87eb6954479d969b489941791c9f
Dec 11 22:39:42 np0005556243.novalocal object-server[96957]: ::1 - - [12/Dec/2025:03:39:42 +0000] "GET /2/234811/AUTH_402e63682d3749049fa8edf9e07dfd6e/gnocchi.dfc74319-0ec1-461f-bafc-7f8081dee958/1764720000.0_mean_300.0_v3" 404 70 "GET https://[::1]:8080/v1/AUTH_402e63682d3749049fa8edf9e07dfd6e/gnocchi.dfc74319-0ec1-461f-bafc-7f8081dee958/1764720000.0_mean_300.0_v3" "txb62629be3e3f4b5cab2ef-00693b8e7e" "proxy-server 97888" 0.0008 "-" 96957 0
Dec 11 22:39:42 np0005556243.novalocal object-server[96958]: ::1 - - [12/Dec/2025:03:39:42 +0000] "GET /1/234811/AUTH_402e63682d3749049fa8edf9e07dfd6e/gnocchi.dfc74319-0ec1-461f-bafc-7f8081dee958/1764720000.0_mean_300.0_v3" 404 70 "GET https://[::1]:8080/v1/AUTH_402e63682d3749049fa8edf9e07dfd6e/gnocchi.dfc74319-0ec1-461f-bafc-7f8081dee958/1764720000.0_mean_300.0_v3" "txb62629be3e3f4b5cab2ef-00693b8e7e" "proxy-server 97888" 0.0003 "-" 96958 0
Dec 11 22:39:42 np0005556243.novalocal object-server[96958]: ::1 - - [12/Dec/2025:03:39:42 +0000] "GET /3/234811/AUTH_402e63682d3749049fa8edf9e07dfd6e/gnocchi.dfc74319-0ec1-461f-bafc-7f8081dee958/1764720000.0_mean_300.0_v3" 404 70 "GET https://[::1]:8080/v1/AUTH_402e63682d3749049fa8edf9e07dfd6e/gnocchi.dfc74319-0ec1-461f-bafc-7f8081dee958/1764720000.0_mean_300.0_v3" "txb62629be3e3f4b5cab2ef-00693b8e7e" "proxy-server 97888" 0.0002 "-" 96958 0
Dec 11 22:39:42 np0005556243.novalocal proxy-server[97888]: ::1 ::1 12/Dec/2025/03/39/42 GET /v1/AUTH_402e63682d3749049fa8edf9e07dfd6e/gnocchi.dfc74319-0ec1-461f-bafc-7f8081dee958/1764720000.0_mean_300.0_v3 HTTP/1.0 404 - python-swiftclient-4.8.0 gAAAAABpO450Q4QS... - 70 - txb62629be3e3f4b5cab2ef-00693b8e7e - 0.0150 - - 1765510782.748301744 1765510782.763309240 0 89ff87eb6954479d969b489941791c9f
Dec 11 22:39:42 np0005556243.novalocal container-server[96624]: ::1 - - [12/Dec/2025:03:39:42 +0000] "PUT /2/53632/AUTH_402e63682d3749049fa8edf9e07dfd6e/gnocchi.dfc74319-0ec1-461f-bafc-7f8081dee958/1764720000.0_mean_300.0_v3" 201 - "PUT http://[::1]:8080/1/234811/AUTH_402e63682d3749049fa8edf9e07dfd6e/gnocchi.dfc74319-0ec1-461f-bafc-7f8081dee958/1764720000.0_mean_300.0_v3" "tx83b8fdb2595d40e7965cb-00693b8e7e" "object-server 96957" 0.0008 "-" 96624 0
Dec 11 22:39:42 np0005556243.novalocal object-server[96957]: ::1 - - [12/Dec/2025:03:39:42 +0000] "PUT /1/234811/AUTH_402e63682d3749049fa8edf9e07dfd6e/gnocchi.dfc74319-0ec1-461f-bafc-7f8081dee958/1764720000.0_mean_300.0_v3" 201 - "PUT https://[::1]:8080/v1/AUTH_402e63682d3749049fa8edf9e07dfd6e/gnocchi.dfc74319-0ec1-461f-bafc-7f8081dee958/1764720000.0_mean_300.0_v3" "tx83b8fdb2595d40e7965cb-00693b8e7e" "proxy-server 97888" 0.0134 "-" 96957 0
Dec 11 22:39:42 np0005556243.novalocal container-server[96624]: ::1 - - [12/Dec/2025:03:39:42 +0000] "PUT /1/53632/AUTH_402e63682d3749049fa8edf9e07dfd6e/gnocchi.dfc74319-0ec1-461f-bafc-7f8081dee958/1764720000.0_mean_300.0_v3" 201 - "PUT http://[::1]:8080/3/234811/AUTH_402e63682d3749049fa8edf9e07dfd6e/gnocchi.dfc74319-0ec1-461f-bafc-7f8081dee958/1764720000.0_mean_300.0_v3" "tx83b8fdb2595d40e7965cb-00693b8e7e" "object-server 96958" 0.0008 "-" 96624 0
Dec 11 22:39:42 np0005556243.novalocal object-server[96958]: ::1 - - [12/Dec/2025:03:39:42 +0000] "PUT /3/234811/AUTH_402e63682d3749049fa8edf9e07dfd6e/gnocchi.dfc74319-0ec1-461f-bafc-7f8081dee958/1764720000.0_mean_300.0_v3" 201 - "PUT https://[::1]:8080/v1/AUTH_402e63682d3749049fa8edf9e07dfd6e/gnocchi.dfc74319-0ec1-461f-bafc-7f8081dee958/1764720000.0_mean_300.0_v3" "tx83b8fdb2595d40e7965cb-00693b8e7e" "proxy-server 97888" 0.0143 "-" 96958 0
Dec 11 22:39:42 np0005556243.novalocal container-server[96624]: ::1 - - [12/Dec/2025:03:39:42 +0000] "PUT /3/53632/AUTH_402e63682d3749049fa8edf9e07dfd6e/gnocchi.dfc74319-0ec1-461f-bafc-7f8081dee958/1764720000.0_mean_300.0_v3" 201 - "PUT http://[::1]:8080/2/234811/AUTH_402e63682d3749049fa8edf9e07dfd6e/gnocchi.dfc74319-0ec1-461f-bafc-7f8081dee958/1764720000.0_mean_300.0_v3" "tx83b8fdb2595d40e7965cb-00693b8e7e" "object-server 96958" 0.0007 "-" 96624 0
Dec 11 22:39:42 np0005556243.novalocal object-server[96958]: ::1 - - [12/Dec/2025:03:39:42 +0000] "PUT /2/234811/AUTH_402e63682d3749049fa8edf9e07dfd6e/gnocchi.dfc74319-0ec1-461f-bafc-7f8081dee958/1764720000.0_mean_300.0_v3" 201 - "PUT https://[::1]:8080/v1/AUTH_402e63682d3749049fa8edf9e07dfd6e/gnocchi.dfc74319-0ec1-461f-bafc-7f8081dee958/1764720000.0_mean_300.0_v3" "tx83b8fdb2595d40e7965cb-00693b8e7e" "proxy-server 97888" 0.0152 "-" 96958 0
Dec 11 22:39:42 np0005556243.novalocal proxy-server[97888]: ::1 ::1 12/Dec/2025/03/39/42 PUT /v1/AUTH_402e63682d3749049fa8edf9e07dfd6e/gnocchi.dfc74319-0ec1-461f-bafc-7f8081dee958/1764720000.0_mean_300.0_v3 HTTP/1.0 201 - python-swiftclient-4.8.0 gAAAAABpO450Q4QS... 16 - - tx83b8fdb2595d40e7965cb-00693b8e7e - 0.0290 - - 1765510782.767644167 1765510782.796661854 0 89ff87eb6954479d969b489941791c9f
Dec 11 22:39:42 np0005556243.novalocal container-server[96624]: ::1 - - [12/Dec/2025:03:39:42 +0000] "PUT /2/53632/AUTH_402e63682d3749049fa8edf9e07dfd6e/gnocchi.dfc74319-0ec1-461f-bafc-7f8081dee958/none_v3" 201 - "PUT http://[::1]:8080/2/31402/AUTH_402e63682d3749049fa8edf9e07dfd6e/gnocchi.dfc74319-0ec1-461f-bafc-7f8081dee958/none_v3" "tx402b70e5268449ca8adbd-00693b8e7e" "object-server 96957" 0.0018 "-" 96624 0
Dec 11 22:39:42 np0005556243.novalocal container-server[96625]: ::1 - - [12/Dec/2025:03:39:42 +0000] "PUT /1/53632/AUTH_402e63682d3749049fa8edf9e07dfd6e/gnocchi.dfc74319-0ec1-461f-bafc-7f8081dee958/none_v3" 201 - "PUT http://[::1]:8080/1/31402/AUTH_402e63682d3749049fa8edf9e07dfd6e/gnocchi.dfc74319-0ec1-461f-bafc-7f8081dee958/none_v3" "tx402b70e5268449ca8adbd-00693b8e7e" "object-server 96958" 0.0008 "-" 96625 0
Dec 11 22:39:42 np0005556243.novalocal object-server[96957]: ::1 - - [12/Dec/2025:03:39:42 +0000] "PUT /2/31402/AUTH_402e63682d3749049fa8edf9e07dfd6e/gnocchi.dfc74319-0ec1-461f-bafc-7f8081dee958/none_v3" 201 - "PUT https://[::1]:8080/v1/AUTH_402e63682d3749049fa8edf9e07dfd6e/gnocchi.dfc74319-0ec1-461f-bafc-7f8081dee958/none_v3" "tx402b70e5268449ca8adbd-00693b8e7e" "proxy-server 97888" 0.0159 "-" 96957 0
Dec 11 22:39:42 np0005556243.novalocal container-server[96624]: ::1 - - [12/Dec/2025:03:39:42 +0000] "PUT /3/53632/AUTH_402e63682d3749049fa8edf9e07dfd6e/gnocchi.dfc74319-0ec1-461f-bafc-7f8081dee958/none_v3" 201 - "PUT http://[::1]:8080/3/31402/AUTH_402e63682d3749049fa8edf9e07dfd6e/gnocchi.dfc74319-0ec1-461f-bafc-7f8081dee958/none_v3" "tx402b70e5268449ca8adbd-00693b8e7e" "object-server 96958" 0.0007 "-" 96624 0
Dec 11 22:39:42 np0005556243.novalocal object-server[96958]: ::1 - - [12/Dec/2025:03:39:42 +0000] "PUT /1/31402/AUTH_402e63682d3749049fa8edf9e07dfd6e/gnocchi.dfc74319-0ec1-461f-bafc-7f8081dee958/none_v3" 201 - "PUT https://[::1]:8080/v1/AUTH_402e63682d3749049fa8edf9e07dfd6e/gnocchi.dfc74319-0ec1-461f-bafc-7f8081dee958/none_v3" "tx402b70e5268449ca8adbd-00693b8e7e" "proxy-server 97888" 0.0137 "-" 96958 0
Dec 11 22:39:42 np0005556243.novalocal object-server[96958]: ::1 - - [12/Dec/2025:03:39:42 +0000] "PUT /3/31402/AUTH_402e63682d3749049fa8edf9e07dfd6e/gnocchi.dfc74319-0ec1-461f-bafc-7f8081dee958/none_v3" 201 - "PUT https://[::1]:8080/v1/AUTH_402e63682d3749049fa8edf9e07dfd6e/gnocchi.dfc74319-0ec1-461f-bafc-7f8081dee958/none_v3" "tx402b70e5268449ca8adbd-00693b8e7e" "proxy-server 97888" 0.0162 "-" 96958 0
Dec 11 22:39:42 np0005556243.novalocal proxy-server[97888]: ::1 ::1 12/Dec/2025/03/39/42 PUT /v1/AUTH_402e63682d3749049fa8edf9e07dfd6e/gnocchi.dfc74319-0ec1-461f-bafc-7f8081dee958/none_v3 HTTP/1.0 201 - python-swiftclient-4.8.0 gAAAAABpO450Q4QS... 22 - - tx402b70e5268449ca8adbd-00693b8e7e - 0.0285 - - 1765510782.800394773 1765510782.828855276 0 89ff87eb6954479d969b489941791c9f
Dec 11 22:39:42 np0005556243.novalocal container-server[96624]: ::1 - - [12/Dec/2025:03:39:42 +0000] "HEAD /2/90057/AUTH_402e63682d3749049fa8edf9e07dfd6e/gnocchi.6de57897-f21e-4239-a276-f713af07997e" 404 - "HEAD http://[::1]:8080/v1/AUTH_402e63682d3749049fa8edf9e07dfd6e/gnocchi.6de57897-f21e-4239-a276-f713af07997e" "tx30f1d23894dc45a19a413-00693b8e7e" "proxy-server 97888" 0.0004 "-" 96624 0
Dec 11 22:39:42 np0005556243.novalocal container-server[96624]: ::1 - - [12/Dec/2025:03:39:42 +0000] "HEAD /1/90057/AUTH_402e63682d3749049fa8edf9e07dfd6e/gnocchi.6de57897-f21e-4239-a276-f713af07997e" 404 - "HEAD http://[::1]:8080/v1/AUTH_402e63682d3749049fa8edf9e07dfd6e/gnocchi.6de57897-f21e-4239-a276-f713af07997e" "tx30f1d23894dc45a19a413-00693b8e7e" "proxy-server 97888" 0.0002 "-" 96624 0
Dec 11 22:39:42 np0005556243.novalocal container-server[96625]: ::1 - - [12/Dec/2025:03:39:42 +0000] "HEAD /3/90057/AUTH_402e63682d3749049fa8edf9e07dfd6e/gnocchi.6de57897-f21e-4239-a276-f713af07997e" 404 - "HEAD http://[::1]:8080/v1/AUTH_402e63682d3749049fa8edf9e07dfd6e/gnocchi.6de57897-f21e-4239-a276-f713af07997e" "tx30f1d23894dc45a19a413-00693b8e7e" "proxy-server 97888" 0.0004 "-" 96625 0
Dec 11 22:39:42 np0005556243.novalocal proxy-server[97888]: - - 12/Dec/2025/03/39/42 HEAD /v1/AUTH_402e63682d3749049fa8edf9e07dfd6e/gnocchi.6de57897-f21e-4239-a276-f713af07997e HTTP/1.0 404 - Swift - - - - tx30f1d23894dc45a19a413-00693b8e7e - 0.0105 CS - 1765510782.903929710 1765510782.914475679 0 -
Dec 11 22:39:42 np0005556243.novalocal object-server[96958]: ::1 - - [12/Dec/2025:03:39:42 +0000] "GET /2/17429/AUTH_402e63682d3749049fa8edf9e07dfd6e/gnocchi.6de57897-f21e-4239-a276-f713af07997e/none_v3" 404 70 "GET https://[::1]:8080/v1/AUTH_402e63682d3749049fa8edf9e07dfd6e/gnocchi.6de57897-f21e-4239-a276-f713af07997e/none_v3" "tx30f1d23894dc45a19a413-00693b8e7e" "proxy-server 97888" 0.0004 "-" 96958 0
Dec 11 22:39:42 np0005556243.novalocal object-server[96958]: ::1 - - [12/Dec/2025:03:39:42 +0000] "GET /3/17429/AUTH_402e63682d3749049fa8edf9e07dfd6e/gnocchi.6de57897-f21e-4239-a276-f713af07997e/none_v3" 404 70 "GET https://[::1]:8080/v1/AUTH_402e63682d3749049fa8edf9e07dfd6e/gnocchi.6de57897-f21e-4239-a276-f713af07997e/none_v3" "tx30f1d23894dc45a19a413-00693b8e7e" "proxy-server 97888" 0.0007 "-" 96958 0
Dec 11 22:39:42 np0005556243.novalocal object-server[96958]: ::1 - - [12/Dec/2025:03:39:42 +0000] "GET /1/17429/AUTH_402e63682d3749049fa8edf9e07dfd6e/gnocchi.6de57897-f21e-4239-a276-f713af07997e/none_v3" 404 70 "GET https://[::1]:8080/v1/AUTH_402e63682d3749049fa8edf9e07dfd6e/gnocchi.6de57897-f21e-4239-a276-f713af07997e/none_v3" "tx30f1d23894dc45a19a413-00693b8e7e" "proxy-server 97888" 0.0002 "-" 96958 0
Dec 11 22:39:42 np0005556243.novalocal proxy-server[97888]: ::1 ::1 12/Dec/2025/03/39/42 GET /v1/AUTH_402e63682d3749049fa8edf9e07dfd6e/gnocchi.6de57897-f21e-4239-a276-f713af07997e/none_v3 HTTP/1.0 404 - python-swiftclient-4.8.0 gAAAAABpO450Q4QS... - 70 - tx30f1d23894dc45a19a413-00693b8e7e - 0.0246 - - 1765510782.903019428 1765510782.927641392 0 89ff87eb6954479d969b489941791c9f
Dec 11 22:39:42 np0005556243.novalocal account-server[96331]: ::1 - - [12/Dec/2025:03:39:42 +0000] "PUT /1/88245/AUTH_402e63682d3749049fa8edf9e07dfd6e/gnocchi.6de57897-f21e-4239-a276-f713af07997e" 201 - "PUT http://[::1]:6001/2/90057/AUTH_402e63682d3749049fa8edf9e07dfd6e/gnocchi.6de57897-f21e-4239-a276-f713af07997e" "tx6f08b65b08c74d1280bb1-00693b8e7e" "container-server 96624" 0.0060 "-" 96331 0
Dec 11 22:39:42 np0005556243.novalocal container-server[96624]: ::1 - - [12/Dec/2025:03:39:42 +0000] "PUT /2/90057/AUTH_402e63682d3749049fa8edf9e07dfd6e/gnocchi.6de57897-f21e-4239-a276-f713af07997e" 201 - "PUT https://[::1]:8080/v1/AUTH_402e63682d3749049fa8edf9e07dfd6e/gnocchi.6de57897-f21e-4239-a276-f713af07997e" "tx6f08b65b08c74d1280bb1-00693b8e7e" "proxy-server 97888" 0.0167 "-" 96624 0
Dec 11 22:39:42 np0005556243.novalocal account-server[96332]: ::1 - - [12/Dec/2025:03:39:42 +0000] "PUT /3/88245/AUTH_402e63682d3749049fa8edf9e07dfd6e/gnocchi.6de57897-f21e-4239-a276-f713af07997e" 201 - "PUT http://[::1]:6001/3/90057/AUTH_402e63682d3749049fa8edf9e07dfd6e/gnocchi.6de57897-f21e-4239-a276-f713af07997e" "tx6f08b65b08c74d1280bb1-00693b8e7e" "container-server 96625" 0.0045 "-" 96332 0
Dec 11 22:39:42 np0005556243.novalocal container-server[96625]: ::1 - - [12/Dec/2025:03:39:42 +0000] "PUT /3/90057/AUTH_402e63682d3749049fa8edf9e07dfd6e/gnocchi.6de57897-f21e-4239-a276-f713af07997e" 201 - "PUT https://[::1]:8080/v1/AUTH_402e63682d3749049fa8edf9e07dfd6e/gnocchi.6de57897-f21e-4239-a276-f713af07997e" "tx6f08b65b08c74d1280bb1-00693b8e7e" "proxy-server 97888" 0.0418 "-" 96625 0
Dec 11 22:39:42 np0005556243.novalocal account-server[96331]: ::1 - - [12/Dec/2025:03:39:42 +0000] "PUT /2/88245/AUTH_402e63682d3749049fa8edf9e07dfd6e/gnocchi.6de57897-f21e-4239-a276-f713af07997e" 201 - "PUT http://[::1]:6001/1/90057/AUTH_402e63682d3749049fa8edf9e07dfd6e/gnocchi.6de57897-f21e-4239-a276-f713af07997e" "tx6f08b65b08c74d1280bb1-00693b8e7e" "container-server 96625" 0.0226 "-" 96331 0
Dec 11 22:39:42 np0005556243.novalocal container-server[96625]: ::1 - - [12/Dec/2025:03:39:42 +0000] "PUT /1/90057/AUTH_402e63682d3749049fa8edf9e07dfd6e/gnocchi.6de57897-f21e-4239-a276-f713af07997e" 201 - "PUT https://[::1]:8080/v1/AUTH_402e63682d3749049fa8edf9e07dfd6e/gnocchi.6de57897-f21e-4239-a276-f713af07997e" "tx6f08b65b08c74d1280bb1-00693b8e7e" "proxy-server 97888" 0.0410 "-" 96625 0
Dec 11 22:39:43 np0005556243.novalocal proxy-server[97888]: ::1 ::1 12/Dec/2025/03/39/43 PUT /v1/AUTH_402e63682d3749049fa8edf9e07dfd6e/gnocchi.6de57897-f21e-4239-a276-f713af07997e HTTP/1.0 201 - python-swiftclient-4.8.0 gAAAAABpO450Q4QS... - - - tx6f08b65b08c74d1280bb1-00693b8e7e - 0.0701 - - 1765510782.930922270 1765510783.001041412 0 89ff87eb6954479d969b489941791c9f
Dec 11 22:39:43 np0005556243.novalocal container-server[96624]: ::1 - - [12/Dec/2025:03:39:43 +0000] "HEAD /1/90057/AUTH_402e63682d3749049fa8edf9e07dfd6e/gnocchi.6de57897-f21e-4239-a276-f713af07997e" 204 - "HEAD http://[::1]:8080/v1/AUTH_402e63682d3749049fa8edf9e07dfd6e/gnocchi.6de57897-f21e-4239-a276-f713af07997e" "tx91c7dc8fda1447628598a-00693b8e7f" "proxy-server 97888" 0.0027 "-" 96624 0
Dec 11 22:39:43 np0005556243.novalocal proxy-server[97888]: - - 12/Dec/2025/03/39/43 HEAD /v1/AUTH_402e63682d3749049fa8edf9e07dfd6e/gnocchi.6de57897-f21e-4239-a276-f713af07997e HTTP/1.0 204 - Swift - - - - tx91c7dc8fda1447628598a-00693b8e7f - 0.0076 CS - 1765510783.006713629 1765510783.014269590 0 -
Dec 11 22:39:43 np0005556243.novalocal container-server[96624]: ::1 - - [12/Dec/2025:03:39:43 +0000] "GET /2/90057/AUTH_402e63682d3749049fa8edf9e07dfd6e/gnocchi.6de57897-f21e-4239-a276-f713af07997e" 200 2 "GET https://[::1]:8080/v1/AUTH_402e63682d3749049fa8edf9e07dfd6e/gnocchi.6de57897-f21e-4239-a276-f713af07997e?format=json&states=listing" "tx91c7dc8fda1447628598a-00693b8e7f" "proxy-server 97888" 0.0040 "-" 96624 0
Dec 11 22:39:43 np0005556243.novalocal proxy-server[97888]: ::1 ::1 12/Dec/2025/03/39/43 GET /v1/AUTH_402e63682d3749049fa8edf9e07dfd6e/gnocchi.6de57897-f21e-4239-a276-f713af07997e%3Fformat%3Djson%26states%3Dlisting HTTP/1.0 200 - python-swiftclient-4.8.0 gAAAAABpO450Q4QS... - 2 - tx91c7dc8fda1447628598a-00693b8e7f - 0.0221 - - 1765510783.005664110 1765510783.027714252 0 89ff87eb6954479d969b489941791c9f
Dec 11 22:39:43 np0005556243.novalocal object-server[96957]: ::1 - - [12/Dec/2025:03:39:43 +0000] "GET /3/131154/AUTH_402e63682d3749049fa8edf9e07dfd6e/gnocchi.6de57897-f21e-4239-a276-f713af07997e/1764720000.0_mean_300.0_v3" 404 70 "GET https://[::1]:8080/v1/AUTH_402e63682d3749049fa8edf9e07dfd6e/gnocchi.6de57897-f21e-4239-a276-f713af07997e/1764720000.0_mean_300.0_v3" "tx76291b221aa94fe890c46-00693b8e7f" "proxy-server 97888" 0.0004 "-" 96957 0
Dec 11 22:39:43 np0005556243.novalocal object-server[96958]: ::1 - - [12/Dec/2025:03:39:43 +0000] "GET /2/131154/AUTH_402e63682d3749049fa8edf9e07dfd6e/gnocchi.6de57897-f21e-4239-a276-f713af07997e/1764720000.0_mean_300.0_v3" 404 70 "GET https://[::1]:8080/v1/AUTH_402e63682d3749049fa8edf9e07dfd6e/gnocchi.6de57897-f21e-4239-a276-f713af07997e/1764720000.0_mean_300.0_v3" "tx76291b221aa94fe890c46-00693b8e7f" "proxy-server 97888" 0.0003 "-" 96958 0
Dec 11 22:39:43 np0005556243.novalocal object-server[96958]: ::1 - - [12/Dec/2025:03:39:43 +0000] "GET /1/131154/AUTH_402e63682d3749049fa8edf9e07dfd6e/gnocchi.6de57897-f21e-4239-a276-f713af07997e/1764720000.0_mean_300.0_v3" 404 70 "GET https://[::1]:8080/v1/AUTH_402e63682d3749049fa8edf9e07dfd6e/gnocchi.6de57897-f21e-4239-a276-f713af07997e/1764720000.0_mean_300.0_v3" "tx76291b221aa94fe890c46-00693b8e7f" "proxy-server 97888" 0.0002 "-" 96958 0
Dec 11 22:39:43 np0005556243.novalocal proxy-server[97888]: ::1 ::1 12/Dec/2025/03/39/43 GET /v1/AUTH_402e63682d3749049fa8edf9e07dfd6e/gnocchi.6de57897-f21e-4239-a276-f713af07997e/1764720000.0_mean_300.0_v3 HTTP/1.0 404 - python-swiftclient-4.8.0 gAAAAABpO450Q4QS... - 70 - tx76291b221aa94fe890c46-00693b8e7f - 0.0128 - - 1765510783.032617331 1765510783.045419931 0 89ff87eb6954479d969b489941791c9f
Dec 11 22:39:43 np0005556243.novalocal container-server[96625]: ::1 - - [12/Dec/2025:03:39:43 +0000] "PUT /2/90057/AUTH_402e63682d3749049fa8edf9e07dfd6e/gnocchi.6de57897-f21e-4239-a276-f713af07997e/1764720000.0_mean_300.0_v3" 201 - "PUT http://[::1]:8080/3/131154/AUTH_402e63682d3749049fa8edf9e07dfd6e/gnocchi.6de57897-f21e-4239-a276-f713af07997e/1764720000.0_mean_300.0_v3" "tx75ab1a8f373547c0a9f64-00693b8e7f" "object-server 96957" 0.0008 "-" 96625 0
Dec 11 22:39:43 np0005556243.novalocal object-server[96957]: ::1 - - [12/Dec/2025:03:39:43 +0000] "PUT /3/131154/AUTH_402e63682d3749049fa8edf9e07dfd6e/gnocchi.6de57897-f21e-4239-a276-f713af07997e/1764720000.0_mean_300.0_v3" 201 - "PUT https://[::1]:8080/v1/AUTH_402e63682d3749049fa8edf9e07dfd6e/gnocchi.6de57897-f21e-4239-a276-f713af07997e/1764720000.0_mean_300.0_v3" "tx75ab1a8f373547c0a9f64-00693b8e7f" "proxy-server 97888" 0.0133 "-" 96957 0
Dec 11 22:39:43 np0005556243.novalocal container-server[96625]: ::1 - - [12/Dec/2025:03:39:43 +0000] "PUT /1/90057/AUTH_402e63682d3749049fa8edf9e07dfd6e/gnocchi.6de57897-f21e-4239-a276-f713af07997e/1764720000.0_mean_300.0_v3" 201 - "PUT http://[::1]:8080/2/131154/AUTH_402e63682d3749049fa8edf9e07dfd6e/gnocchi.6de57897-f21e-4239-a276-f713af07997e/1764720000.0_mean_300.0_v3" "tx75ab1a8f373547c0a9f64-00693b8e7f" "object-server 96958" 0.0005 "-" 96625 0
Dec 11 22:39:43 np0005556243.novalocal object-server[96958]: ::1 - - [12/Dec/2025:03:39:43 +0000] "PUT /2/131154/AUTH_402e63682d3749049fa8edf9e07dfd6e/gnocchi.6de57897-f21e-4239-a276-f713af07997e/1764720000.0_mean_300.0_v3" 201 - "PUT https://[::1]:8080/v1/AUTH_402e63682d3749049fa8edf9e07dfd6e/gnocchi.6de57897-f21e-4239-a276-f713af07997e/1764720000.0_mean_300.0_v3" "tx75ab1a8f373547c0a9f64-00693b8e7f" "proxy-server 97888" 0.0131 "-" 96958 0
Dec 11 22:39:43 np0005556243.novalocal container-server[96625]: ::1 - - [12/Dec/2025:03:39:43 +0000] "PUT /3/90057/AUTH_402e63682d3749049fa8edf9e07dfd6e/gnocchi.6de57897-f21e-4239-a276-f713af07997e/1764720000.0_mean_300.0_v3" 201 - "PUT http://[::1]:8080/1/131154/AUTH_402e63682d3749049fa8edf9e07dfd6e/gnocchi.6de57897-f21e-4239-a276-f713af07997e/1764720000.0_mean_300.0_v3" "tx75ab1a8f373547c0a9f64-00693b8e7f" "object-server 96958" 0.0004 "-" 96625 0
