Dec 11 22:41:02 np0005556243.novalocal container-server[96625]: ::1 - - [12/Dec/2025:03:41:02 +0000] "PUT /3/233268/AUTH_402e63682d3749049fa8edf9e07dfd6e/gnocchi.02d7f0f1-39f2-4f6e-aa23-7b27b0783515" 201 - "PUT https://[::1]:8080/v1/AUTH_402e63682d3749049fa8edf9e07dfd6e/gnocchi.02d7f0f1-39f2-4f6e-aa23-7b27b0783515" "txf9af371423f5466694838-00693b8ece" "proxy-server 97888" 0.0205 "-" 96625 0
Dec 11 22:41:02 np0005556243.novalocal account-server[96331]: ::1 - - [12/Dec/2025:03:41:02 +0000] "PUT /3/88245/AUTH_402e63682d3749049fa8edf9e07dfd6e/gnocchi.02d7f0f1-39f2-4f6e-aa23-7b27b0783515" 201 - "PUT http://[::1]:6001/1/233268/AUTH_402e63682d3749049fa8edf9e07dfd6e/gnocchi.02d7f0f1-39f2-4f6e-aa23-7b27b0783515" "txf9af371423f5466694838-00693b8ece" "container-server 96625" 0.0010 "-" 96331 0
Dec 11 22:41:02 np0005556243.novalocal container-server[96625]: ::1 - - [12/Dec/2025:03:41:02 +0000] "PUT /1/233268/AUTH_402e63682d3749049fa8edf9e07dfd6e/gnocchi.02d7f0f1-39f2-4f6e-aa23-7b27b0783515" 201 - "PUT https://[::1]:8080/v1/AUTH_402e63682d3749049fa8edf9e07dfd6e/gnocchi.02d7f0f1-39f2-4f6e-aa23-7b27b0783515" "txf9af371423f5466694838-00693b8ece" "proxy-server 97888" 0.0135 "-" 96625 0
Dec 11 22:41:02 np0005556243.novalocal account-server[96331]: ::1 - - [12/Dec/2025:03:41:02 +0000] "PUT /2/88245/AUTH_402e63682d3749049fa8edf9e07dfd6e/gnocchi.02d7f0f1-39f2-4f6e-aa23-7b27b0783515" 201 - "PUT http://[::1]:6001/2/233268/AUTH_402e63682d3749049fa8edf9e07dfd6e/gnocchi.02d7f0f1-39f2-4f6e-aa23-7b27b0783515" "txf9af371423f5466694838-00693b8ece" "container-server 96624" 0.0007 "-" 96331 0
Dec 11 22:41:02 np0005556243.novalocal container-server[96624]: ::1 - - [12/Dec/2025:03:41:02 +0000] "PUT /2/233268/AUTH_402e63682d3749049fa8edf9e07dfd6e/gnocchi.02d7f0f1-39f2-4f6e-aa23-7b27b0783515" 201 - "PUT https://[::1]:8080/v1/AUTH_402e63682d3749049fa8edf9e07dfd6e/gnocchi.02d7f0f1-39f2-4f6e-aa23-7b27b0783515" "txf9af371423f5466694838-00693b8ece" "proxy-server 97888" 0.0266 "-" 96624 0
Dec 11 22:41:02 np0005556243.novalocal proxy-server[97888]: ::1 ::1 12/Dec/2025/03/41/02 PUT /v1/AUTH_402e63682d3749049fa8edf9e07dfd6e/gnocchi.02d7f0f1-39f2-4f6e-aa23-7b27b0783515 HTTP/1.0 201 - python-swiftclient-4.8.0 gAAAAABpO450Q4QS... - - - txf9af371423f5466694838-00693b8ece - 0.0346 - - 1765510862.065456152 1765510862.100092888 0 89ff87eb6954479d969b489941791c9f
Dec 11 22:41:02 np0005556243.novalocal container-server[96625]: ::1 - - [12/Dec/2025:03:41:02 +0000] "HEAD /2/233268/AUTH_402e63682d3749049fa8edf9e07dfd6e/gnocchi.02d7f0f1-39f2-4f6e-aa23-7b27b0783515" 204 - "HEAD http://[::1]:8080/v1/AUTH_402e63682d3749049fa8edf9e07dfd6e/gnocchi.02d7f0f1-39f2-4f6e-aa23-7b27b0783515" "tx54d5a0eaa87a4e0fb0cfd-00693b8ece" "proxy-server 97888" 0.0014 "-" 96625 0
Dec 11 22:41:02 np0005556243.novalocal proxy-server[97888]: - - 12/Dec/2025/03/41/02 HEAD /v1/AUTH_402e63682d3749049fa8edf9e07dfd6e/gnocchi.02d7f0f1-39f2-4f6e-aa23-7b27b0783515 HTTP/1.0 204 - Swift - - - - tx54d5a0eaa87a4e0fb0cfd-00693b8ece - 0.0047 CS - 1765510862.106426716 1765510862.111155987 0 -
Dec 11 22:41:02 np0005556243.novalocal container-server[96624]: ::1 - - [12/Dec/2025:03:41:02 +0000] "GET /2/233268/AUTH_402e63682d3749049fa8edf9e07dfd6e/gnocchi.02d7f0f1-39f2-4f6e-aa23-7b27b0783515" 200 2 "GET https://[::1]:8080/v1/AUTH_402e63682d3749049fa8edf9e07dfd6e/gnocchi.02d7f0f1-39f2-4f6e-aa23-7b27b0783515?format=json&states=listing" "tx54d5a0eaa87a4e0fb0cfd-00693b8ece" "proxy-server 97888" 0.0040 "-" 96624 0
Dec 11 22:41:02 np0005556243.novalocal proxy-server[97888]: ::1 ::1 12/Dec/2025/03/41/02 GET /v1/AUTH_402e63682d3749049fa8edf9e07dfd6e/gnocchi.02d7f0f1-39f2-4f6e-aa23-7b27b0783515%3Fformat%3Djson%26states%3Dlisting HTTP/1.0 200 - python-swiftclient-4.8.0 gAAAAABpO450Q4QS... - 2 - tx54d5a0eaa87a4e0fb0cfd-00693b8ece - 0.0162 - - 1765510862.105498791 1765510862.121731758 0 89ff87eb6954479d969b489941791c9f
Dec 11 22:41:02 np0005556243.novalocal object-server[96957]: ::1 - - [12/Dec/2025:03:41:02 +0000] "GET /1/40517/AUTH_402e63682d3749049fa8edf9e07dfd6e/gnocchi.02d7f0f1-39f2-4f6e-aa23-7b27b0783515/1764720000.0_mean_300.0_v3" 404 70 "GET https://[::1]:8080/v1/AUTH_402e63682d3749049fa8edf9e07dfd6e/gnocchi.02d7f0f1-39f2-4f6e-aa23-7b27b0783515/1764720000.0_mean_300.0_v3" "tx8ebe9a398fa847aa91a04-00693b8ece" "proxy-server 97888" 0.0003 "-" 96957 0
Dec 11 22:41:02 np0005556243.novalocal object-server[96957]: ::1 - - [12/Dec/2025:03:41:02 +0000] "GET /3/40517/AUTH_402e63682d3749049fa8edf9e07dfd6e/gnocchi.02d7f0f1-39f2-4f6e-aa23-7b27b0783515/1764720000.0_mean_300.0_v3" 404 70 "GET https://[::1]:8080/v1/AUTH_402e63682d3749049fa8edf9e07dfd6e/gnocchi.02d7f0f1-39f2-4f6e-aa23-7b27b0783515/1764720000.0_mean_300.0_v3" "tx8ebe9a398fa847aa91a04-00693b8ece" "proxy-server 97888" 0.0002 "-" 96957 0
Dec 11 22:41:02 np0005556243.novalocal object-server[96957]: ::1 - - [12/Dec/2025:03:41:02 +0000] "GET /2/40517/AUTH_402e63682d3749049fa8edf9e07dfd6e/gnocchi.02d7f0f1-39f2-4f6e-aa23-7b27b0783515/1764720000.0_mean_300.0_v3" 404 70 "GET https://[::1]:8080/v1/AUTH_402e63682d3749049fa8edf9e07dfd6e/gnocchi.02d7f0f1-39f2-4f6e-aa23-7b27b0783515/1764720000.0_mean_300.0_v3" "tx8ebe9a398fa847aa91a04-00693b8ece" "proxy-server 97888" 0.0002 "-" 96957 0
Dec 11 22:41:02 np0005556243.novalocal proxy-server[97888]: ::1 ::1 12/Dec/2025/03/41/02 GET /v1/AUTH_402e63682d3749049fa8edf9e07dfd6e/gnocchi.02d7f0f1-39f2-4f6e-aa23-7b27b0783515/1764720000.0_mean_300.0_v3 HTTP/1.0 404 - python-swiftclient-4.8.0 gAAAAABpO450Q4QS... - 70 - tx8ebe9a398fa847aa91a04-00693b8ece - 0.0124 - - 1765510862.126166105 1765510862.138532639 0 89ff87eb6954479d969b489941791c9f
Dec 11 22:41:02 np0005556243.novalocal container-server[96625]: ::1 - - [12/Dec/2025:03:41:02 +0000] "PUT /1/233268/AUTH_402e63682d3749049fa8edf9e07dfd6e/gnocchi.02d7f0f1-39f2-4f6e-aa23-7b27b0783515/1764720000.0_mean_300.0_v3" 201 - "PUT http://[::1]:8080/1/40517/AUTH_402e63682d3749049fa8edf9e07dfd6e/gnocchi.02d7f0f1-39f2-4f6e-aa23-7b27b0783515/1764720000.0_mean_300.0_v3" "tx94e5fc4f5f974911bc542-00693b8ece" "object-server 96957" 0.0006 "-" 96625 0
Dec 11 22:41:02 np0005556243.novalocal object-server[96957]: ::1 - - [12/Dec/2025:03:41:02 +0000] "PUT /1/40517/AUTH_402e63682d3749049fa8edf9e07dfd6e/gnocchi.02d7f0f1-39f2-4f6e-aa23-7b27b0783515/1764720000.0_mean_300.0_v3" 201 - "PUT https://[::1]:8080/v1/AUTH_402e63682d3749049fa8edf9e07dfd6e/gnocchi.02d7f0f1-39f2-4f6e-aa23-7b27b0783515/1764720000.0_mean_300.0_v3" "tx94e5fc4f5f974911bc542-00693b8ece" "proxy-server 97888" 0.0129 "-" 96957 0
Dec 11 22:41:02 np0005556243.novalocal container-server[96625]: ::1 - - [12/Dec/2025:03:41:02 +0000] "PUT /3/233268/AUTH_402e63682d3749049fa8edf9e07dfd6e/gnocchi.02d7f0f1-39f2-4f6e-aa23-7b27b0783515/1764720000.0_mean_300.0_v3" 201 - "PUT http://[::1]:8080/3/40517/AUTH_402e63682d3749049fa8edf9e07dfd6e/gnocchi.02d7f0f1-39f2-4f6e-aa23-7b27b0783515/1764720000.0_mean_300.0_v3" "tx94e5fc4f5f974911bc542-00693b8ece" "object-server 96958" 0.0005 "-" 96625 0
Dec 11 22:41:02 np0005556243.novalocal object-server[96958]: ::1 - - [12/Dec/2025:03:41:02 +0000] "PUT /3/40517/AUTH_402e63682d3749049fa8edf9e07dfd6e/gnocchi.02d7f0f1-39f2-4f6e-aa23-7b27b0783515/1764720000.0_mean_300.0_v3" 201 - "PUT https://[::1]:8080/v1/AUTH_402e63682d3749049fa8edf9e07dfd6e/gnocchi.02d7f0f1-39f2-4f6e-aa23-7b27b0783515/1764720000.0_mean_300.0_v3" "tx94e5fc4f5f974911bc542-00693b8ece" "proxy-server 97888" 0.0204 "-" 96958 0
Dec 11 22:41:02 np0005556243.novalocal container-server[96625]: ::1 - - [12/Dec/2025:03:41:02 +0000] "PUT /2/233268/AUTH_402e63682d3749049fa8edf9e07dfd6e/gnocchi.02d7f0f1-39f2-4f6e-aa23-7b27b0783515/1764720000.0_mean_300.0_v3" 201 - "PUT http://[::1]:8080/2/40517/AUTH_402e63682d3749049fa8edf9e07dfd6e/gnocchi.02d7f0f1-39f2-4f6e-aa23-7b27b0783515/1764720000.0_mean_300.0_v3" "tx94e5fc4f5f974911bc542-00693b8ece" "object-server 96958" 0.0005 "-" 96625 0
Dec 11 22:41:02 np0005556243.novalocal object-server[96958]: ::1 - - [12/Dec/2025:03:41:02 +0000] "PUT /2/40517/AUTH_402e63682d3749049fa8edf9e07dfd6e/gnocchi.02d7f0f1-39f2-4f6e-aa23-7b27b0783515/1764720000.0_mean_300.0_v3" 201 - "PUT https://[::1]:8080/v1/AUTH_402e63682d3749049fa8edf9e07dfd6e/gnocchi.02d7f0f1-39f2-4f6e-aa23-7b27b0783515/1764720000.0_mean_300.0_v3" "tx94e5fc4f5f974911bc542-00693b8ece" "proxy-server 97888" 0.0227 "-" 96958 0
Dec 11 22:41:02 np0005556243.novalocal proxy-server[97888]: ::1 ::1 12/Dec/2025/03/41/02 PUT /v1/AUTH_402e63682d3749049fa8edf9e07dfd6e/gnocchi.02d7f0f1-39f2-4f6e-aa23-7b27b0783515/1764720000.0_mean_300.0_v3 HTTP/1.0 201 - python-swiftclient-4.8.0 gAAAAABpO450Q4QS... 16 - - tx94e5fc4f5f974911bc542-00693b8ece - 0.0329 - - 1765510862.141901493 1765510862.174798965 0 89ff87eb6954479d969b489941791c9f
Dec 11 22:41:02 np0005556243.novalocal container-server[96625]: ::1 - - [12/Dec/2025:03:41:02 +0000] "PUT /1/233268/AUTH_402e63682d3749049fa8edf9e07dfd6e/gnocchi.02d7f0f1-39f2-4f6e-aa23-7b27b0783515/none_v3" 201 - "PUT http://[::1]:8080/1/110248/AUTH_402e63682d3749049fa8edf9e07dfd6e/gnocchi.02d7f0f1-39f2-4f6e-aa23-7b27b0783515/none_v3" "tx302c8cbf05ea40e3b2c76-00693b8ece" "object-server 96958" 0.0005 "-" 96625 0
Dec 11 22:41:02 np0005556243.novalocal object-server[96958]: ::1 - - [12/Dec/2025:03:41:02 +0000] "PUT /1/110248/AUTH_402e63682d3749049fa8edf9e07dfd6e/gnocchi.02d7f0f1-39f2-4f6e-aa23-7b27b0783515/none_v3" 201 - "PUT https://[::1]:8080/v1/AUTH_402e63682d3749049fa8edf9e07dfd6e/gnocchi.02d7f0f1-39f2-4f6e-aa23-7b27b0783515/none_v3" "tx302c8cbf05ea40e3b2c76-00693b8ece" "proxy-server 97888" 0.0203 "-" 96958 0
Dec 11 22:41:02 np0005556243.novalocal container-server[96624]: ::1 - - [12/Dec/2025:03:41:02 +0000] "PUT /2/233268/AUTH_402e63682d3749049fa8edf9e07dfd6e/gnocchi.02d7f0f1-39f2-4f6e-aa23-7b27b0783515/none_v3" 201 - "PUT http://[::1]:8080/3/110248/AUTH_402e63682d3749049fa8edf9e07dfd6e/gnocchi.02d7f0f1-39f2-4f6e-aa23-7b27b0783515/none_v3" "tx302c8cbf05ea40e3b2c76-00693b8ece" "object-server 96958" 0.0008 "-" 96624 0
Dec 11 22:41:02 np0005556243.novalocal container-server[96625]: ::1 - - [12/Dec/2025:03:41:02 +0000] "PUT /3/233268/AUTH_402e63682d3749049fa8edf9e07dfd6e/gnocchi.02d7f0f1-39f2-4f6e-aa23-7b27b0783515/none_v3" 201 - "PUT http://[::1]:8080/2/110248/AUTH_402e63682d3749049fa8edf9e07dfd6e/gnocchi.02d7f0f1-39f2-4f6e-aa23-7b27b0783515/none_v3" "tx302c8cbf05ea40e3b2c76-00693b8ece" "object-server 96958" 0.0004 "-" 96625 0
Dec 11 22:41:02 np0005556243.novalocal object-server[96958]: ::1 - - [12/Dec/2025:03:41:02 +0000] "PUT /3/110248/AUTH_402e63682d3749049fa8edf9e07dfd6e/gnocchi.02d7f0f1-39f2-4f6e-aa23-7b27b0783515/none_v3" 201 - "PUT https://[::1]:8080/v1/AUTH_402e63682d3749049fa8edf9e07dfd6e/gnocchi.02d7f0f1-39f2-4f6e-aa23-7b27b0783515/none_v3" "tx302c8cbf05ea40e3b2c76-00693b8ece" "proxy-server 97888" 0.0190 "-" 96958 0
Dec 11 22:41:02 np0005556243.novalocal object-server[96958]: ::1 - - [12/Dec/2025:03:41:02 +0000] "PUT /2/110248/AUTH_402e63682d3749049fa8edf9e07dfd6e/gnocchi.02d7f0f1-39f2-4f6e-aa23-7b27b0783515/none_v3" 201 - "PUT https://[::1]:8080/v1/AUTH_402e63682d3749049fa8edf9e07dfd6e/gnocchi.02d7f0f1-39f2-4f6e-aa23-7b27b0783515/none_v3" "tx302c8cbf05ea40e3b2c76-00693b8ece" "proxy-server 97888" 0.0231 "-" 96958 0
Dec 11 22:41:02 np0005556243.novalocal proxy-server[97888]: ::1 ::1 12/Dec/2025/03/41/02 PUT /v1/AUTH_402e63682d3749049fa8edf9e07dfd6e/gnocchi.02d7f0f1-39f2-4f6e-aa23-7b27b0783515/none_v3 HTTP/1.0 201 - python-swiftclient-4.8.0 gAAAAABpO450Q4QS... 22 - - tx302c8cbf05ea40e3b2c76-00693b8ece - 0.0336 - - 1765510862.178057194 1765510862.211609364 0 89ff87eb6954479d969b489941791c9f
Dec 11 22:41:02 np0005556243.novalocal container-server[96625]: ::1 - - [12/Dec/2025:03:41:02 +0000] "HEAD /2/104110/AUTH_402e63682d3749049fa8edf9e07dfd6e/gnocchi.b747d669-e846-4a0f-a99c-1c7fe26022b4" 404 - "HEAD http://[::1]:8080/v1/AUTH_402e63682d3749049fa8edf9e07dfd6e/gnocchi.b747d669-e846-4a0f-a99c-1c7fe26022b4" "tx6a780e1cb604493cae866-00693b8ece" "proxy-server 97888" 0.0003 "-" 96625 0
Dec 11 22:41:02 np0005556243.novalocal container-server[96624]: ::1 - - [12/Dec/2025:03:41:02 +0000] "HEAD /3/104110/AUTH_402e63682d3749049fa8edf9e07dfd6e/gnocchi.b747d669-e846-4a0f-a99c-1c7fe26022b4" 404 - "HEAD http://[::1]:8080/v1/AUTH_402e63682d3749049fa8edf9e07dfd6e/gnocchi.b747d669-e846-4a0f-a99c-1c7fe26022b4" "tx6a780e1cb604493cae866-00693b8ece" "proxy-server 97888" 0.0003 "-" 96624 0
Dec 11 22:41:02 np0005556243.novalocal container-server[96625]: ::1 - - [12/Dec/2025:03:41:02 +0000] "HEAD /1/104110/AUTH_402e63682d3749049fa8edf9e07dfd6e/gnocchi.b747d669-e846-4a0f-a99c-1c7fe26022b4" 404 - "HEAD http://[::1]:8080/v1/AUTH_402e63682d3749049fa8edf9e07dfd6e/gnocchi.b747d669-e846-4a0f-a99c-1c7fe26022b4" "tx6a780e1cb604493cae866-00693b8ece" "proxy-server 97888" 0.0002 "-" 96625 0
Dec 11 22:41:02 np0005556243.novalocal proxy-server[97888]: - - 12/Dec/2025/03/41/02 HEAD /v1/AUTH_402e63682d3749049fa8edf9e07dfd6e/gnocchi.b747d669-e846-4a0f-a99c-1c7fe26022b4 HTTP/1.0 404 - Swift - - - - tx6a780e1cb604493cae866-00693b8ece - 0.0082 CS - 1765510862.283463240 1765510862.291639566 0 -
Dec 11 22:41:02 np0005556243.novalocal object-server[96957]: ::1 - - [12/Dec/2025:03:41:02 +0000] "GET /2/152162/AUTH_402e63682d3749049fa8edf9e07dfd6e/gnocchi.b747d669-e846-4a0f-a99c-1c7fe26022b4/none_v3" 404 70 "GET https://[::1]:8080/v1/AUTH_402e63682d3749049fa8edf9e07dfd6e/gnocchi.b747d669-e846-4a0f-a99c-1c7fe26022b4/none_v3" "tx6a780e1cb604493cae866-00693b8ece" "proxy-server 97888" 0.0003 "-" 96957 0
Dec 11 22:41:02 np0005556243.novalocal object-server[96958]: ::1 - - [12/Dec/2025:03:41:02 +0000] "GET /3/152162/AUTH_402e63682d3749049fa8edf9e07dfd6e/gnocchi.b747d669-e846-4a0f-a99c-1c7fe26022b4/none_v3" 404 70 "GET https://[::1]:8080/v1/AUTH_402e63682d3749049fa8edf9e07dfd6e/gnocchi.b747d669-e846-4a0f-a99c-1c7fe26022b4/none_v3" "tx6a780e1cb604493cae866-00693b8ece" "proxy-server 97888" 0.0007 "-" 96958 0
Dec 11 22:41:02 np0005556243.novalocal object-server[96958]: ::1 - - [12/Dec/2025:03:41:02 +0000] "GET /1/152162/AUTH_402e63682d3749049fa8edf9e07dfd6e/gnocchi.b747d669-e846-4a0f-a99c-1c7fe26022b4/none_v3" 404 70 "GET https://[::1]:8080/v1/AUTH_402e63682d3749049fa8edf9e07dfd6e/gnocchi.b747d669-e846-4a0f-a99c-1c7fe26022b4/none_v3" "tx6a780e1cb604493cae866-00693b8ece" "proxy-server 97888" 0.0004 "-" 96958 0
Dec 11 22:41:02 np0005556243.novalocal proxy-server[97888]: ::1 ::1 12/Dec/2025/03/41/02 GET /v1/AUTH_402e63682d3749049fa8edf9e07dfd6e/gnocchi.b747d669-e846-4a0f-a99c-1c7fe26022b4/none_v3 HTTP/1.0 404 - python-swiftclient-4.8.0 gAAAAABpO450Q4QS... - 70 - tx6a780e1cb604493cae866-00693b8ece - 0.0211 - - 1765510862.282779455 1765510862.303907871 0 89ff87eb6954479d969b489941791c9f
Dec 11 22:41:02 np0005556243.novalocal account-server[96332]: ::1 - - [12/Dec/2025:03:41:02 +0000] "PUT /1/88245/AUTH_402e63682d3749049fa8edf9e07dfd6e/gnocchi.b747d669-e846-4a0f-a99c-1c7fe26022b4" 201 - "PUT http://[::1]:6001/1/104110/AUTH_402e63682d3749049fa8edf9e07dfd6e/gnocchi.b747d669-e846-4a0f-a99c-1c7fe26022b4" "tx4cfcafb6e79548cbb9abb-00693b8ece" "container-server 96625" 0.0046 "-" 96332 0
Dec 11 22:41:02 np0005556243.novalocal account-server[96331]: ::1 - - [12/Dec/2025:03:41:02 +0000] "PUT /3/88245/AUTH_402e63682d3749049fa8edf9e07dfd6e/gnocchi.b747d669-e846-4a0f-a99c-1c7fe26022b4" 201 - "PUT http://[::1]:6001/2/104110/AUTH_402e63682d3749049fa8edf9e07dfd6e/gnocchi.b747d669-e846-4a0f-a99c-1c7fe26022b4" "tx4cfcafb6e79548cbb9abb-00693b8ece" "container-server 96624" 0.0062 "-" 96331 0
Dec 11 22:41:02 np0005556243.novalocal container-server[96624]: ::1 - - [12/Dec/2025:03:41:02 +0000] "PUT /2/104110/AUTH_402e63682d3749049fa8edf9e07dfd6e/gnocchi.b747d669-e846-4a0f-a99c-1c7fe26022b4" 201 - "PUT https://[::1]:8080/v1/AUTH_402e63682d3749049fa8edf9e07dfd6e/gnocchi.b747d669-e846-4a0f-a99c-1c7fe26022b4" "tx4cfcafb6e79548cbb9abb-00693b8ece" "proxy-server 97888" 0.0187 "-" 96624 0
Dec 11 22:41:02 np0005556243.novalocal container-server[96625]: ::1 - - [12/Dec/2025:03:41:02 +0000] "PUT /1/104110/AUTH_402e63682d3749049fa8edf9e07dfd6e/gnocchi.b747d669-e846-4a0f-a99c-1c7fe26022b4" 201 - "PUT https://[::1]:8080/v1/AUTH_402e63682d3749049fa8edf9e07dfd6e/gnocchi.b747d669-e846-4a0f-a99c-1c7fe26022b4" "tx4cfcafb6e79548cbb9abb-00693b8ece" "proxy-server 97888" 0.0254 "-" 96625 0
Dec 11 22:41:02 np0005556243.novalocal account-server[96331]: ::1 - - [12/Dec/2025:03:41:02 +0000] "PUT /2/88245/AUTH_402e63682d3749049fa8edf9e07dfd6e/gnocchi.b747d669-e846-4a0f-a99c-1c7fe26022b4" 201 - "PUT http://[::1]:6001/3/104110/AUTH_402e63682d3749049fa8edf9e07dfd6e/gnocchi.b747d669-e846-4a0f-a99c-1c7fe26022b4" "tx4cfcafb6e79548cbb9abb-00693b8ece" "container-server 96625" 0.0049 "-" 96331 0
Dec 11 22:41:02 np0005556243.novalocal container-server[96625]: ::1 - - [12/Dec/2025:03:41:02 +0000] "PUT /3/104110/AUTH_402e63682d3749049fa8edf9e07dfd6e/gnocchi.b747d669-e846-4a0f-a99c-1c7fe26022b4" 201 - "PUT https://[::1]:8080/v1/AUTH_402e63682d3749049fa8edf9e07dfd6e/gnocchi.b747d669-e846-4a0f-a99c-1c7fe26022b4" "tx4cfcafb6e79548cbb9abb-00693b8ece" "proxy-server 97888" 0.0199 "-" 96625 0
Dec 11 22:41:02 np0005556243.novalocal proxy-server[97888]: ::1 ::1 12/Dec/2025/03/41/02 PUT /v1/AUTH_402e63682d3749049fa8edf9e07dfd6e/gnocchi.b747d669-e846-4a0f-a99c-1c7fe26022b4 HTTP/1.0 201 - python-swiftclient-4.8.0 gAAAAABpO450Q4QS... - - - tx4cfcafb6e79548cbb9abb-00693b8ece - 0.0406 - - 1765510862.305957317 1765510862.346577644 0 89ff87eb6954479d969b489941791c9f
Dec 11 22:41:02 np0005556243.novalocal container-server[96624]: ::1 - - [12/Dec/2025:03:41:02 +0000] "HEAD /2/104110/AUTH_402e63682d3749049fa8edf9e07dfd6e/gnocchi.b747d669-e846-4a0f-a99c-1c7fe26022b4" 204 - "HEAD http://[::1]:8080/v1/AUTH_402e63682d3749049fa8edf9e07dfd6e/gnocchi.b747d669-e846-4a0f-a99c-1c7fe26022b4" "txfaf3a8a37e134c058d835-00693b8ece" "proxy-server 97888" 0.0010 "-" 96624 0
Dec 11 22:41:02 np0005556243.novalocal proxy-server[97888]: - - 12/Dec/2025/03/41/02 HEAD /v1/AUTH_402e63682d3749049fa8edf9e07dfd6e/gnocchi.b747d669-e846-4a0f-a99c-1c7fe26022b4 HTTP/1.0 204 - Swift - - - - txfaf3a8a37e134c058d835-00693b8ece - 0.0045 CS - 1765510862.350488424 1765510862.355024576 0 -
Dec 11 22:41:02 np0005556243.novalocal container-server[96625]: ::1 - - [12/Dec/2025:03:41:02 +0000] "GET /1/104110/AUTH_402e63682d3749049fa8edf9e07dfd6e/gnocchi.b747d669-e846-4a0f-a99c-1c7fe26022b4" 200 2 "GET https://[::1]:8080/v1/AUTH_402e63682d3749049fa8edf9e07dfd6e/gnocchi.b747d669-e846-4a0f-a99c-1c7fe26022b4?format=json&states=listing" "txfaf3a8a37e134c058d835-00693b8ece" "proxy-server 97888" 0.0033 "-" 96625 0
Dec 11 22:41:02 np0005556243.novalocal proxy-server[97888]: ::1 ::1 12/Dec/2025/03/41/02 GET /v1/AUTH_402e63682d3749049fa8edf9e07dfd6e/gnocchi.b747d669-e846-4a0f-a99c-1c7fe26022b4%3Fformat%3Djson%26states%3Dlisting HTTP/1.0 200 - python-swiftclient-4.8.0 gAAAAABpO450Q4QS... - 2 - txfaf3a8a37e134c058d835-00693b8ece - 0.0177 - - 1765510862.349598169 1765510862.367311954 0 89ff87eb6954479d969b489941791c9f
Dec 11 22:41:02 np0005556243.novalocal object-server[96957]: ::1 - - [12/Dec/2025:03:41:02 +0000] "GET /2/13970/AUTH_402e63682d3749049fa8edf9e07dfd6e/gnocchi.b747d669-e846-4a0f-a99c-1c7fe26022b4/1764720000.0_mean_300.0_v3" 404 70 "GET https://[::1]:8080/v1/AUTH_402e63682d3749049fa8edf9e07dfd6e/gnocchi.b747d669-e846-4a0f-a99c-1c7fe26022b4/1764720000.0_mean_300.0_v3" "tx064b2c246d5c405a97099-00693b8ece" "proxy-server 97888" 0.0007 "-" 96957 0
Dec 11 22:41:02 np0005556243.novalocal object-server[96957]: ::1 - - [12/Dec/2025:03:41:02 +0000] "GET /3/13970/AUTH_402e63682d3749049fa8edf9e07dfd6e/gnocchi.b747d669-e846-4a0f-a99c-1c7fe26022b4/1764720000.0_mean_300.0_v3" 404 70 "GET https://[::1]:8080/v1/AUTH_402e63682d3749049fa8edf9e07dfd6e/gnocchi.b747d669-e846-4a0f-a99c-1c7fe26022b4/1764720000.0_mean_300.0_v3" "tx064b2c246d5c405a97099-00693b8ece" "proxy-server 97888" 0.0006 "-" 96957 0
Dec 11 22:41:02 np0005556243.novalocal object-server[96957]: ::1 - - [12/Dec/2025:03:41:02 +0000] "GET /1/13970/AUTH_402e63682d3749049fa8edf9e07dfd6e/gnocchi.b747d669-e846-4a0f-a99c-1c7fe26022b4/1764720000.0_mean_300.0_v3" 404 70 "GET https://[::1]:8080/v1/AUTH_402e63682d3749049fa8edf9e07dfd6e/gnocchi.b747d669-e846-4a0f-a99c-1c7fe26022b4/1764720000.0_mean_300.0_v3" "tx064b2c246d5c405a97099-00693b8ece" "proxy-server 97888" 0.0006 "-" 96957 0
Dec 11 22:41:02 np0005556243.novalocal proxy-server[97888]: ::1 ::1 12/Dec/2025/03/41/02 GET /v1/AUTH_402e63682d3749049fa8edf9e07dfd6e/gnocchi.b747d669-e846-4a0f-a99c-1c7fe26022b4/1764720000.0_mean_300.0_v3 HTTP/1.0 404 - python-swiftclient-4.8.0 gAAAAABpO450Q4QS... - 70 - tx064b2c246d5c405a97099-00693b8ece - 0.0160 - - 1765510862.370461941 1765510862.386493921 0 89ff87eb6954479d969b489941791c9f
Dec 11 22:41:02 np0005556243.novalocal container-server[96624]: ::1 - - [12/Dec/2025:03:41:02 +0000] "PUT /2/104110/AUTH_402e63682d3749049fa8edf9e07dfd6e/gnocchi.b747d669-e846-4a0f-a99c-1c7fe26022b4/1764720000.0_mean_300.0_v3" 201 - "PUT http://[::1]:8080/1/13970/AUTH_402e63682d3749049fa8edf9e07dfd6e/gnocchi.b747d669-e846-4a0f-a99c-1c7fe26022b4/1764720000.0_mean_300.0_v3" "tx5181523d76744b498ed86-00693b8ece" "object-server 96957" 0.0005 "-" 96624 0
Dec 11 22:41:02 np0005556243.novalocal container-server[96624]: ::1 - - [12/Dec/2025:03:41:02 +0000] "PUT /3/104110/AUTH_402e63682d3749049fa8edf9e07dfd6e/gnocchi.b747d669-e846-4a0f-a99c-1c7fe26022b4/1764720000.0_mean_300.0_v3" 201 - "PUT http://[::1]:8080/3/13970/AUTH_402e63682d3749049fa8edf9e07dfd6e/gnocchi.b747d669-e846-4a0f-a99c-1c7fe26022b4/1764720000.0_mean_300.0_v3" "tx5181523d76744b498ed86-00693b8ece" "object-server 96958" 0.0003 "-" 96624 0
Dec 11 22:41:02 np0005556243.novalocal object-server[96957]: ::1 - - [12/Dec/2025:03:41:02 +0000] "PUT /1/13970/AUTH_402e63682d3749049fa8edf9e07dfd6e/gnocchi.b747d669-e846-4a0f-a99c-1c7fe26022b4/1764720000.0_mean_300.0_v3" 201 - "PUT https://[::1]:8080/v1/AUTH_402e63682d3749049fa8edf9e07dfd6e/gnocchi.b747d669-e846-4a0f-a99c-1c7fe26022b4/1764720000.0_mean_300.0_v3" "tx5181523d76744b498ed86-00693b8ece" "proxy-server 97888" 0.0128 "-" 96957 0
Dec 11 22:41:02 np0005556243.novalocal object-server[96958]: ::1 - - [12/Dec/2025:03:41:02 +0000] "PUT /3/13970/AUTH_402e63682d3749049fa8edf9e07dfd6e/gnocchi.b747d669-e846-4a0f-a99c-1c7fe26022b4/1764720000.0_mean_300.0_v3" 201 - "PUT https://[::1]:8080/v1/AUTH_402e63682d3749049fa8edf9e07dfd6e/gnocchi.b747d669-e846-4a0f-a99c-1c7fe26022b4/1764720000.0_mean_300.0_v3" "tx5181523d76744b498ed86-00693b8ece" "proxy-server 97888" 0.0116 "-" 96958 0
Dec 11 22:41:02 np0005556243.novalocal container-server[96625]: ::1 - - [12/Dec/2025:03:41:02 +0000] "PUT /1/104110/AUTH_402e63682d3749049fa8edf9e07dfd6e/gnocchi.b747d669-e846-4a0f-a99c-1c7fe26022b4/1764720000.0_mean_300.0_v3" 201 - "PUT http://[::1]:8080/2/13970/AUTH_402e63682d3749049fa8edf9e07dfd6e/gnocchi.b747d669-e846-4a0f-a99c-1c7fe26022b4/1764720000.0_mean_300.0_v3" "tx5181523d76744b498ed86-00693b8ece" "object-server 96958" 0.0008 "-" 96625 0
Dec 11 22:41:02 np0005556243.novalocal object-server[96958]: ::1 - - [12/Dec/2025:03:41:02 +0000] "PUT /2/13970/AUTH_402e63682d3749049fa8edf9e07dfd6e/gnocchi.b747d669-e846-4a0f-a99c-1c7fe26022b4/1764720000.0_mean_300.0_v3" 201 - "PUT https://[::1]:8080/v1/AUTH_402e63682d3749049fa8edf9e07dfd6e/gnocchi.b747d669-e846-4a0f-a99c-1c7fe26022b4/1764720000.0_mean_300.0_v3" "tx5181523d76744b498ed86-00693b8ece" "proxy-server 97888" 0.0151 "-" 96958 0
Dec 11 22:41:02 np0005556243.novalocal proxy-server[97888]: ::1 ::1 12/Dec/2025/03/41/02 PUT /v1/AUTH_402e63682d3749049fa8edf9e07dfd6e/gnocchi.b747d669-e846-4a0f-a99c-1c7fe26022b4/1764720000.0_mean_300.0_v3 HTTP/1.0 201 - python-swiftclient-4.8.0 gAAAAABpO450Q4QS... 16 - - tx5181523d76744b498ed86-00693b8ece - 0.0236 - - 1765510862.388556719 1765510862.412183285 0 89ff87eb6954479d969b489941791c9f
Dec 11 22:41:02 np0005556243.novalocal container-server[96625]: ::1 - - [12/Dec/2025:03:41:02 +0000] "PUT /3/104110/AUTH_402e63682d3749049fa8edf9e07dfd6e/gnocchi.b747d669-e846-4a0f-a99c-1c7fe26022b4/none_v3" 201 - "PUT http://[::1]:8080/3/152162/AUTH_402e63682d3749049fa8edf9e07dfd6e/gnocchi.b747d669-e846-4a0f-a99c-1c7fe26022b4/none_v3" "tx75bbbe5ddd9341d0b46cc-00693b8ece" "object-server 96958" 0.0005 "-" 96625 0
Dec 11 22:41:02 np0005556243.novalocal container-server[96625]: ::1 - - [12/Dec/2025:03:41:02 +0000] "PUT /2/104110/AUTH_402e63682d3749049fa8edf9e07dfd6e/gnocchi.b747d669-e846-4a0f-a99c-1c7fe26022b4/none_v3" 201 - "PUT http://[::1]:8080/1/152162/AUTH_402e63682d3749049fa8edf9e07dfd6e/gnocchi.b747d669-e846-4a0f-a99c-1c7fe26022b4/none_v3" "tx75bbbe5ddd9341d0b46cc-00693b8ece" "object-server 96957" 0.0004 "-" 96625 0
Dec 11 22:41:02 np0005556243.novalocal object-server[96958]: ::1 - - [12/Dec/2025:03:41:02 +0000] "PUT /3/152162/AUTH_402e63682d3749049fa8edf9e07dfd6e/gnocchi.b747d669-e846-4a0f-a99c-1c7fe26022b4/none_v3" 201 - "PUT https://[::1]:8080/v1/AUTH_402e63682d3749049fa8edf9e07dfd6e/gnocchi.b747d669-e846-4a0f-a99c-1c7fe26022b4/none_v3" "tx75bbbe5ddd9341d0b46cc-00693b8ece" "proxy-server 97888" 0.0129 "-" 96958 0
Dec 11 22:41:02 np0005556243.novalocal object-server[96957]: ::1 - - [12/Dec/2025:03:41:02 +0000] "PUT /1/152162/AUTH_402e63682d3749049fa8edf9e07dfd6e/gnocchi.b747d669-e846-4a0f-a99c-1c7fe26022b4/none_v3" 201 - "PUT https://[::1]:8080/v1/AUTH_402e63682d3749049fa8edf9e07dfd6e/gnocchi.b747d669-e846-4a0f-a99c-1c7fe26022b4/none_v3" "tx75bbbe5ddd9341d0b46cc-00693b8ece" "proxy-server 97888" 0.0120 "-" 96957 0
Dec 11 22:41:02 np0005556243.novalocal container-server[96624]: ::1 - - [12/Dec/2025:03:41:02 +0000] "PUT /1/104110/AUTH_402e63682d3749049fa8edf9e07dfd6e/gnocchi.b747d669-e846-4a0f-a99c-1c7fe26022b4/none_v3" 201 - "PUT http://[::1]:8080/2/152162/AUTH_402e63682d3749049fa8edf9e07dfd6e/gnocchi.b747d669-e846-4a0f-a99c-1c7fe26022b4/none_v3" "tx75bbbe5ddd9341d0b46cc-00693b8ece" "object-server 96957" 0.0004 "-" 96624 0
Dec 11 22:41:02 np0005556243.novalocal object-server[96957]: ::1 - - [12/Dec/2025:03:41:02 +0000] "PUT /2/152162/AUTH_402e63682d3749049fa8edf9e07dfd6e/gnocchi.b747d669-e846-4a0f-a99c-1c7fe26022b4/none_v3" 201 - "PUT https://[::1]:8080/v1/AUTH_402e63682d3749049fa8edf9e07dfd6e/gnocchi.b747d669-e846-4a0f-a99c-1c7fe26022b4/none_v3" "tx75bbbe5ddd9341d0b46cc-00693b8ece" "proxy-server 97888" 0.0154 "-" 96957 0
Dec 11 22:41:02 np0005556243.novalocal proxy-server[97888]: ::1 ::1 12/Dec/2025/03/41/02 PUT /v1/AUTH_402e63682d3749049fa8edf9e07dfd6e/gnocchi.b747d669-e846-4a0f-a99c-1c7fe26022b4/none_v3 HTTP/1.0 201 - python-swiftclient-4.8.0 gAAAAABpO450Q4QS... 22 - - tx75bbbe5ddd9341d0b46cc-00693b8ece - 0.0227 - - 1765510862.414439678 1765510862.437148809 0 89ff87eb6954479d969b489941791c9f
Dec 11 22:41:02 np0005556243.novalocal container-server[96625]: ::1 - - [12/Dec/2025:03:41:02 +0000] "HEAD /1/187862/AUTH_402e63682d3749049fa8edf9e07dfd6e/gnocchi.a5a84668-11dc-4e98-992c-d88149e1c0db" 404 - "HEAD http://[::1]:8080/v1/AUTH_402e63682d3749049fa8edf9e07dfd6e/gnocchi.a5a84668-11dc-4e98-992c-d88149e1c0db" "tx6f0b78a9d6094ec0bc1a4-00693b8ece" "proxy-server 97888" 0.0003 "-" 96625 0
Dec 11 22:41:02 np0005556243.novalocal container-server[96625]: ::1 - - [12/Dec/2025:03:41:02 +0000] "HEAD /3/187862/AUTH_402e63682d3749049fa8edf9e07dfd6e/gnocchi.a5a84668-11dc-4e98-992c-d88149e1c0db" 404 - "HEAD http://[::1]:8080/v1/AUTH_402e63682d3749049fa8edf9e07dfd6e/gnocchi.a5a84668-11dc-4e98-992c-d88149e1c0db" "tx6f0b78a9d6094ec0bc1a4-00693b8ece" "proxy-server 97888" 0.0003 "-" 96625 0
Dec 11 22:41:02 np0005556243.novalocal container-server[96625]: ::1 - - [12/Dec/2025:03:41:02 +0000] "HEAD /2/187862/AUTH_402e63682d3749049fa8edf9e07dfd6e/gnocchi.a5a84668-11dc-4e98-992c-d88149e1c0db" 404 - "HEAD http://[::1]:8080/v1/AUTH_402e63682d3749049fa8edf9e07dfd6e/gnocchi.a5a84668-11dc-4e98-992c-d88149e1c0db" "tx6f0b78a9d6094ec0bc1a4-00693b8ece" "proxy-server 97888" 0.0002 "-" 96625 0
Dec 11 22:41:02 np0005556243.novalocal proxy-server[97888]: - - 12/Dec/2025/03/41/02 HEAD /v1/AUTH_402e63682d3749049fa8edf9e07dfd6e/gnocchi.a5a84668-11dc-4e98-992c-d88149e1c0db HTTP/1.0 404 - Swift - - - - tx6f0b78a9d6094ec0bc1a4-00693b8ece - 0.0110 CS - 1765510862.503298044 1765510862.514258623 0 -
Dec 11 22:41:02 np0005556243.novalocal object-server[96958]: ::1 - - [12/Dec/2025:03:41:02 +0000] "GET /2/246924/AUTH_402e63682d3749049fa8edf9e07dfd6e/gnocchi.a5a84668-11dc-4e98-992c-d88149e1c0db/none_v3" 404 70 "GET https://[::1]:8080/v1/AUTH_402e63682d3749049fa8edf9e07dfd6e/gnocchi.a5a84668-11dc-4e98-992c-d88149e1c0db/none_v3" "tx6f0b78a9d6094ec0bc1a4-00693b8ece" "proxy-server 97888" 0.0005 "-" 96958 0
Dec 11 22:41:02 np0005556243.novalocal object-server[96957]: ::1 - - [12/Dec/2025:03:41:02 +0000] "GET /3/246924/AUTH_402e63682d3749049fa8edf9e07dfd6e/gnocchi.a5a84668-11dc-4e98-992c-d88149e1c0db/none_v3" 404 70 "GET https://[::1]:8080/v1/AUTH_402e63682d3749049fa8edf9e07dfd6e/gnocchi.a5a84668-11dc-4e98-992c-d88149e1c0db/none_v3" "tx6f0b78a9d6094ec0bc1a4-00693b8ece" "proxy-server 97888" 0.0005 "-" 96957 0
Dec 11 22:41:02 np0005556243.novalocal object-server[96957]: ::1 - - [12/Dec/2025:03:41:02 +0000] "GET /1/246924/AUTH_402e63682d3749049fa8edf9e07dfd6e/gnocchi.a5a84668-11dc-4e98-992c-d88149e1c0db/none_v3" 404 70 "GET https://[::1]:8080/v1/AUTH_402e63682d3749049fa8edf9e07dfd6e/gnocchi.a5a84668-11dc-4e98-992c-d88149e1c0db/none_v3" "tx6f0b78a9d6094ec0bc1a4-00693b8ece" "proxy-server 97888" 0.0004 "-" 96957 0
Dec 11 22:41:02 np0005556243.novalocal proxy-server[97888]: ::1 ::1 12/Dec/2025/03/41/02 GET /v1/AUTH_402e63682d3749049fa8edf9e07dfd6e/gnocchi.a5a84668-11dc-4e98-992c-d88149e1c0db/none_v3 HTTP/1.0 404 - python-swiftclient-4.8.0 gAAAAABpO450Q4QS... - 70 - tx6f0b78a9d6094ec0bc1a4-00693b8ece - 0.0246 - - 1765510862.502507925 1765510862.527151346 0 89ff87eb6954479d969b489941791c9f
Dec 11 22:41:02 np0005556243.novalocal account-server[96331]: ::1 - - [12/Dec/2025:03:41:02 +0000] "PUT /2/88245/AUTH_402e63682d3749049fa8edf9e07dfd6e/gnocchi.a5a84668-11dc-4e98-992c-d88149e1c0db" 201 - "PUT http://[::1]:6001/1/187862/AUTH_402e63682d3749049fa8edf9e07dfd6e/gnocchi.a5a84668-11dc-4e98-992c-d88149e1c0db" "tx362a6d3308574fa9a1f3f-00693b8ece" "container-server 96625" 0.0057 "-" 96331 0
Dec 11 22:41:02 np0005556243.novalocal container-server[96625]: ::1 - - [12/Dec/2025:03:41:02 +0000] "PUT /1/187862/AUTH_402e63682d3749049fa8edf9e07dfd6e/gnocchi.a5a84668-11dc-4e98-992c-d88149e1c0db" 201 - "PUT https://[::1]:8080/v1/AUTH_402e63682d3749049fa8edf9e07dfd6e/gnocchi.a5a84668-11dc-4e98-992c-d88149e1c0db" "tx362a6d3308574fa9a1f3f-00693b8ece" "proxy-server 97888" 0.0286 "-" 96625 0
Dec 11 22:41:02 np0005556243.novalocal account-server[96331]: ::1 - - [12/Dec/2025:03:41:02 +0000] "PUT /3/88245/AUTH_402e63682d3749049fa8edf9e07dfd6e/gnocchi.a5a84668-11dc-4e98-992c-d88149e1c0db" 201 - "PUT http://[::1]:6001/2/187862/AUTH_402e63682d3749049fa8edf9e07dfd6e/gnocchi.a5a84668-11dc-4e98-992c-d88149e1c0db" "tx362a6d3308574fa9a1f3f-00693b8ece" "container-server 96625" 0.0049 "-" 96331 0
Dec 11 22:41:02 np0005556243.novalocal container-server[96625]: ::1 - - [12/Dec/2025:03:41:02 +0000] "PUT /2/187862/AUTH_402e63682d3749049fa8edf9e07dfd6e/gnocchi.a5a84668-11dc-4e98-992c-d88149e1c0db" 201 - "PUT https://[::1]:8080/v1/AUTH_402e63682d3749049fa8edf9e07dfd6e/gnocchi.a5a84668-11dc-4e98-992c-d88149e1c0db" "tx362a6d3308574fa9a1f3f-00693b8ece" "proxy-server 97888" 0.0251 "-" 96625 0
Dec 11 22:41:02 np0005556243.novalocal account-server[96331]: ::1 - - [12/Dec/2025:03:41:02 +0000] "PUT /1/88245/AUTH_402e63682d3749049fa8edf9e07dfd6e/gnocchi.a5a84668-11dc-4e98-992c-d88149e1c0db" 201 - "PUT http://[::1]:6001/3/187862/AUTH_402e63682d3749049fa8edf9e07dfd6e/gnocchi.a5a84668-11dc-4e98-992c-d88149e1c0db" "tx362a6d3308574fa9a1f3f-00693b8ece" "container-server 96624" 0.0050 "-" 96331 0
Dec 11 22:41:02 np0005556243.novalocal container-server[96624]: ::1 - - [12/Dec/2025:03:41:02 +0000] "PUT /3/187862/AUTH_402e63682d3749049fa8edf9e07dfd6e/gnocchi.a5a84668-11dc-4e98-992c-d88149e1c0db" 201 - "PUT https://[::1]:8080/v1/AUTH_402e63682d3749049fa8edf9e07dfd6e/gnocchi.a5a84668-11dc-4e98-992c-d88149e1c0db" "tx362a6d3308574fa9a1f3f-00693b8ece" "proxy-server 97888" 0.0329 "-" 96624 0
Dec 11 22:41:02 np0005556243.novalocal proxy-server[97888]: ::1 ::1 12/Dec/2025/03/41/02 PUT /v1/AUTH_402e63682d3749049fa8edf9e07dfd6e/gnocchi.a5a84668-11dc-4e98-992c-d88149e1c0db HTTP/1.0 201 - python-swiftclient-4.8.0 gAAAAABpO450Q4QS... - - - tx362a6d3308574fa9a1f3f-00693b8ece - 0.0551 - - 1765510862.529809713 1765510862.584900141 0 89ff87eb6954479d969b489941791c9f
Dec 11 22:41:02 np0005556243.novalocal container-server[96624]: ::1 - - [12/Dec/2025:03:41:02 +0000] "HEAD /3/187862/AUTH_402e63682d3749049fa8edf9e07dfd6e/gnocchi.a5a84668-11dc-4e98-992c-d88149e1c0db" 204 - "HEAD http://[::1]:8080/v1/AUTH_402e63682d3749049fa8edf9e07dfd6e/gnocchi.a5a84668-11dc-4e98-992c-d88149e1c0db" "tx155927161e894f93a4cd4-00693b8ece" "proxy-server 97888" 0.0020 "-" 96624 0
Dec 11 22:41:02 np0005556243.novalocal proxy-server[97888]: - - 12/Dec/2025/03/41/02 HEAD /v1/AUTH_402e63682d3749049fa8edf9e07dfd6e/gnocchi.a5a84668-11dc-4e98-992c-d88149e1c0db HTTP/1.0 204 - Swift - - - - tx155927161e894f93a4cd4-00693b8ece - 0.0058 CS - 1765510862.587913990 1765510862.593724489 0 -
Dec 11 22:41:02 np0005556243.novalocal container-server[96624]: ::1 - - [12/Dec/2025:03:41:02 +0000] "GET /1/187862/AUTH_402e63682d3749049fa8edf9e07dfd6e/gnocchi.a5a84668-11dc-4e98-992c-d88149e1c0db" 200 2 "GET https://[::1]:8080/v1/AUTH_402e63682d3749049fa8edf9e07dfd6e/gnocchi.a5a84668-11dc-4e98-992c-d88149e1c0db?format=json&states=listing" "tx155927161e894f93a4cd4-00693b8ece" "proxy-server 97888" 0.0036 "-" 96624 0
Dec 11 22:41:02 np0005556243.novalocal proxy-server[97888]: ::1 ::1 12/Dec/2025/03/41/02 GET /v1/AUTH_402e63682d3749049fa8edf9e07dfd6e/gnocchi.a5a84668-11dc-4e98-992c-d88149e1c0db%3Fformat%3Djson%26states%3Dlisting HTTP/1.0 200 - python-swiftclient-4.8.0 gAAAAABpO450Q4QS... - 2 - tx155927161e894f93a4cd4-00693b8ece - 0.0164 - - 1765510862.587348461 1765510862.603755951 0 89ff87eb6954479d969b489941791c9f
Dec 11 22:41:02 np0005556243.novalocal object-server[96957]: ::1 - - [12/Dec/2025:03:41:02 +0000] "GET /2/20188/AUTH_402e63682d3749049fa8edf9e07dfd6e/gnocchi.a5a84668-11dc-4e98-992c-d88149e1c0db/1764720000.0_mean_300.0_v3" 404 70 "GET https://[::1]:8080/v1/AUTH_402e63682d3749049fa8edf9e07dfd6e/gnocchi.a5a84668-11dc-4e98-992c-d88149e1c0db/1764720000.0_mean_300.0_v3" "tx8fdd0db4d0a6482aa9007-00693b8ece" "proxy-server 97888" 0.0006 "-" 96957 0
Dec 11 22:41:02 np0005556243.novalocal object-server[96958]: ::1 - - [12/Dec/2025:03:41:02 +0000] "GET /3/20188/AUTH_402e63682d3749049fa8edf9e07dfd6e/gnocchi.a5a84668-11dc-4e98-992c-d88149e1c0db/1764720000.0_mean_300.0_v3" 404 70 "GET https://[::1]:8080/v1/AUTH_402e63682d3749049fa8edf9e07dfd6e/gnocchi.a5a84668-11dc-4e98-992c-d88149e1c0db/1764720000.0_mean_300.0_v3" "tx8fdd0db4d0a6482aa9007-00693b8ece" "proxy-server 97888" 0.0005 "-" 96958 0
Dec 11 22:41:02 np0005556243.novalocal object-server[96957]: ::1 - - [12/Dec/2025:03:41:02 +0000] "GET /1/20188/AUTH_402e63682d3749049fa8edf9e07dfd6e/gnocchi.a5a84668-11dc-4e98-992c-d88149e1c0db/1764720000.0_mean_300.0_v3" 404 70 "GET https://[::1]:8080/v1/AUTH_402e63682d3749049fa8edf9e07dfd6e/gnocchi.a5a84668-11dc-4e98-992c-d88149e1c0db/1764720000.0_mean_300.0_v3" "tx8fdd0db4d0a6482aa9007-00693b8ece" "proxy-server 97888" 0.0005 "-" 96957 0
Dec 11 22:41:02 np0005556243.novalocal proxy-server[97888]: ::1 ::1 12/Dec/2025/03/41/02 GET /v1/AUTH_402e63682d3749049fa8edf9e07dfd6e/gnocchi.a5a84668-11dc-4e98-992c-d88149e1c0db/1764720000.0_mean_300.0_v3 HTTP/1.0 404 - python-swiftclient-4.8.0 gAAAAABpO450Q4QS... - 70 - tx8fdd0db4d0a6482aa9007-00693b8ece - 0.0143 - - 1765510862.606185198 1765510862.620519400 0 89ff87eb6954479d969b489941791c9f
Dec 11 22:41:02 np0005556243.novalocal container-server[96625]: ::1 - - [12/Dec/2025:03:41:02 +0000] "PUT /2/187862/AUTH_402e63682d3749049fa8edf9e07dfd6e/gnocchi.a5a84668-11dc-4e98-992c-d88149e1c0db/1764720000.0_mean_300.0_v3" 201 - "PUT http://[::1]:8080/2/20188/AUTH_402e63682d3749049fa8edf9e07dfd6e/gnocchi.a5a84668-11dc-4e98-992c-d88149e1c0db/1764720000.0_mean_300.0_v3" "tx6e22b1444df845c3ab93c-00693b8ece" "object-server 96958" 0.0006 "-" 96625 0
Dec 11 22:41:02 np0005556243.novalocal object-server[96958]: ::1 - - [12/Dec/2025:03:41:02 +0000] "PUT /2/20188/AUTH_402e63682d3749049fa8edf9e07dfd6e/gnocchi.a5a84668-11dc-4e98-992c-d88149e1c0db/1764720000.0_mean_300.0_v3" 201 - "PUT https://[::1]:8080/v1/AUTH_402e63682d3749049fa8edf9e07dfd6e/gnocchi.a5a84668-11dc-4e98-992c-d88149e1c0db/1764720000.0_mean_300.0_v3" "tx6e22b1444df845c3ab93c-00693b8ece" "proxy-server 97888" 0.0136 "-" 96958 0
Dec 11 22:41:02 np0005556243.novalocal container-server[96625]: ::1 - - [12/Dec/2025:03:41:02 +0000] "PUT /1/187862/AUTH_402e63682d3749049fa8edf9e07dfd6e/gnocchi.a5a84668-11dc-4e98-992c-d88149e1c0db/1764720000.0_mean_300.0_v3" 201 - "PUT http://[::1]:8080/1/20188/AUTH_402e63682d3749049fa8edf9e07dfd6e/gnocchi.a5a84668-11dc-4e98-992c-d88149e1c0db/1764720000.0_mean_300.0_v3" "tx6e22b1444df845c3ab93c-00693b8ece" "object-server 96958" 0.0004 "-" 96625 0
Dec 11 22:41:02 np0005556243.novalocal object-server[96958]: ::1 - - [12/Dec/2025:03:41:02 +0000] "PUT /1/20188/AUTH_402e63682d3749049fa8edf9e07dfd6e/gnocchi.a5a84668-11dc-4e98-992c-d88149e1c0db/1764720000.0_mean_300.0_v3" 201 - "PUT https://[::1]:8080/v1/AUTH_402e63682d3749049fa8edf9e07dfd6e/gnocchi.a5a84668-11dc-4e98-992c-d88149e1c0db/1764720000.0_mean_300.0_v3" "tx6e22b1444df845c3ab93c-00693b8ece" "proxy-server 97888" 0.0129 "-" 96958 0
Dec 11 22:41:02 np0005556243.novalocal container-server[96624]: ::1 - - [12/Dec/2025:03:41:02 +0000] "PUT /3/187862/AUTH_402e63682d3749049fa8edf9e07dfd6e/gnocchi.a5a84668-11dc-4e98-992c-d88149e1c0db/1764720000.0_mean_300.0_v3" 201 - "PUT http://[::1]:8080/3/20188/AUTH_402e63682d3749049fa8edf9e07dfd6e/gnocchi.a5a84668-11dc-4e98-992c-d88149e1c0db/1764720000.0_mean_300.0_v3" "tx6e22b1444df845c3ab93c-00693b8ece" "object-server 96957" 0.0009 "-" 96624 0
Dec 11 22:41:02 np0005556243.novalocal object-server[96957]: ::1 - - [12/Dec/2025:03:41:02 +0000] "PUT /3/20188/AUTH_402e63682d3749049fa8edf9e07dfd6e/gnocchi.a5a84668-11dc-4e98-992c-d88149e1c0db/1764720000.0_mean_300.0_v3" 201 - "PUT https://[::1]:8080/v1/AUTH_402e63682d3749049fa8edf9e07dfd6e/gnocchi.a5a84668-11dc-4e98-992c-d88149e1c0db/1764720000.0_mean_300.0_v3" "tx6e22b1444df845c3ab93c-00693b8ece" "proxy-server 97888" 0.0238 "-" 96957 0
Dec 11 22:41:02 np0005556243.novalocal proxy-server[97888]: ::1 ::1 12/Dec/2025/03/41/02 PUT /v1/AUTH_402e63682d3749049fa8edf9e07dfd6e/gnocchi.a5a84668-11dc-4e98-992c-d88149e1c0db/1764720000.0_mean_300.0_v3 HTTP/1.0 201 - python-swiftclient-4.8.0 gAAAAABpO450Q4QS... 16 - - tx6e22b1444df845c3ab93c-00693b8ece - 0.0307 - - 1765510862.622427702 1765510862.653105736 0 89ff87eb6954479d969b489941791c9f
Dec 11 22:41:02 np0005556243.novalocal container-server[96625]: ::1 - - [12/Dec/2025:03:41:02 +0000] "PUT /2/187862/AUTH_402e63682d3749049fa8edf9e07dfd6e/gnocchi.a5a84668-11dc-4e98-992c-d88149e1c0db/none_v3" 201 - "PUT http://[::1]:8080/3/246924/AUTH_402e63682d3749049fa8edf9e07dfd6e/gnocchi.a5a84668-11dc-4e98-992c-d88149e1c0db/none_v3" "tx18d1179e4e004075ab383-00693b8ece" "object-server 96958" 0.0005 "-" 96625 0
Dec 11 22:41:02 np0005556243.novalocal object-server[96958]: ::1 - - [12/Dec/2025:03:41:02 +0000] "PUT /3/246924/AUTH_402e63682d3749049fa8edf9e07dfd6e/gnocchi.a5a84668-11dc-4e98-992c-d88149e1c0db/none_v3" 201 - "PUT https://[::1]:8080/v1/AUTH_402e63682d3749049fa8edf9e07dfd6e/gnocchi.a5a84668-11dc-4e98-992c-d88149e1c0db/none_v3" "tx18d1179e4e004075ab383-00693b8ece" "proxy-server 97888" 0.0115 "-" 96958 0
Dec 11 22:41:02 np0005556243.novalocal container-server[96625]: ::1 - - [12/Dec/2025:03:41:02 +0000] "PUT /3/187862/AUTH_402e63682d3749049fa8edf9e07dfd6e/gnocchi.a5a84668-11dc-4e98-992c-d88149e1c0db/none_v3" 201 - "PUT http://[::1]:8080/2/246924/AUTH_402e63682d3749049fa8edf9e07dfd6e/gnocchi.a5a84668-11dc-4e98-992c-d88149e1c0db/none_v3" "tx18d1179e4e004075ab383-00693b8ece" "object-server 96957" 0.0004 "-" 96625 0
Dec 11 22:41:02 np0005556243.novalocal container-server[96624]: ::1 - - [12/Dec/2025:03:41:02 +0000] "PUT /1/187862/AUTH_402e63682d3749049fa8edf9e07dfd6e/gnocchi.a5a84668-11dc-4e98-992c-d88149e1c0db/none_v3" 201 - "PUT http://[::1]:8080/1/246924/AUTH_402e63682d3749049fa8edf9e07dfd6e/gnocchi.a5a84668-11dc-4e98-992c-d88149e1c0db/none_v3" "tx18d1179e4e004075ab383-00693b8ece" "object-server 96958" 0.0006 "-" 96624 0
Dec 11 22:41:02 np0005556243.novalocal object-server[96958]: ::1 - - [12/Dec/2025:03:41:02 +0000] "PUT /1/246924/AUTH_402e63682d3749049fa8edf9e07dfd6e/gnocchi.a5a84668-11dc-4e98-992c-d88149e1c0db/none_v3" 201 - "PUT https://[::1]:8080/v1/AUTH_402e63682d3749049fa8edf9e07dfd6e/gnocchi.a5a84668-11dc-4e98-992c-d88149e1c0db/none_v3" "tx18d1179e4e004075ab383-00693b8ece" "proxy-server 97888" 0.0113 "-" 96958 0
Dec 11 22:41:02 np0005556243.novalocal object-server[96957]: ::1 - - [12/Dec/2025:03:41:02 +0000] "PUT /2/246924/AUTH_402e63682d3749049fa8edf9e07dfd6e/gnocchi.a5a84668-11dc-4e98-992c-d88149e1c0db/none_v3" 201 - "PUT https://[::1]:8080/v1/AUTH_402e63682d3749049fa8edf9e07dfd6e/gnocchi.a5a84668-11dc-4e98-992c-d88149e1c0db/none_v3" "tx18d1179e4e004075ab383-00693b8ece" "proxy-server 97888" 0.0137 "-" 96957 0
Dec 11 22:41:02 np0005556243.novalocal proxy-server[97888]: ::1 ::1 12/Dec/2025/03/41/02 PUT /v1/AUTH_402e63682d3749049fa8edf9e07dfd6e/gnocchi.a5a84668-11dc-4e98-992c-d88149e1c0db/none_v3 HTTP/1.0 201 - python-swiftclient-4.8.0 gAAAAABpO450Q4QS... 22 - - tx18d1179e4e004075ab383-00693b8ece - 0.0208 - - 1765510862.654872179 1765510862.675694942 0 89ff87eb6954479d969b489941791c9f
Dec 11 22:41:02 np0005556243.novalocal container-server[96625]: ::1 - - [12/Dec/2025:03:41:02 +0000] "HEAD /1/203244/AUTH_402e63682d3749049fa8edf9e07dfd6e/gnocchi.d4ed836b-8a07-4377-8073-e11e705620e9" 404 - "HEAD http://[::1]:8080/v1/AUTH_402e63682d3749049fa8edf9e07dfd6e/gnocchi.d4ed836b-8a07-4377-8073-e11e705620e9" "tx2192d21e211d40a39cd12-00693b8ece" "proxy-server 97888" 0.0002 "-" 96625 0
Dec 11 22:41:02 np0005556243.novalocal container-server[96625]: ::1 - - [12/Dec/2025:03:41:02 +0000] "HEAD /3/203244/AUTH_402e63682d3749049fa8edf9e07dfd6e/gnocchi.d4ed836b-8a07-4377-8073-e11e705620e9" 404 - "HEAD http://[::1]:8080/v1/AUTH_402e63682d3749049fa8edf9e07dfd6e/gnocchi.d4ed836b-8a07-4377-8073-e11e705620e9" "tx2192d21e211d40a39cd12-00693b8ece" "proxy-server 97888" 0.0002 "-" 96625 0
Dec 11 22:41:02 np0005556243.novalocal container-server[96624]: ::1 - - [12/Dec/2025:03:41:02 +0000] "HEAD /2/203244/AUTH_402e63682d3749049fa8edf9e07dfd6e/gnocchi.d4ed836b-8a07-4377-8073-e11e705620e9" 404 - "HEAD http://[::1]:8080/v1/AUTH_402e63682d3749049fa8edf9e07dfd6e/gnocchi.d4ed836b-8a07-4377-8073-e11e705620e9" "tx2192d21e211d40a39cd12-00693b8ece" "proxy-server 97888" 0.0004 "-" 96624 0
Dec 11 22:41:02 np0005556243.novalocal proxy-server[97888]: - - 12/Dec/2025/03/41/02 HEAD /v1/AUTH_402e63682d3749049fa8edf9e07dfd6e/gnocchi.d4ed836b-8a07-4377-8073-e11e705620e9 HTTP/1.0 404 - Swift - - - - tx2192d21e211d40a39cd12-00693b8ece - 0.0097 CS - 1765510862.698486567 1765510862.708160162 0 -
Dec 11 22:41:02 np0005556243.novalocal object-server[96957]: ::1 - - [12/Dec/2025:03:41:02 +0000] "GET /1/178885/AUTH_402e63682d3749049fa8edf9e07dfd6e/gnocchi.d4ed836b-8a07-4377-8073-e11e705620e9/none_v3" 404 70 "GET https://[::1]:8080/v1/AUTH_402e63682d3749049fa8edf9e07dfd6e/gnocchi.d4ed836b-8a07-4377-8073-e11e705620e9/none_v3" "tx2192d21e211d40a39cd12-00693b8ece" "proxy-server 97888" 0.0005 "-" 96957 0
Dec 11 22:41:02 np0005556243.novalocal object-server[96958]: ::1 - - [12/Dec/2025:03:41:02 +0000] "GET /2/178885/AUTH_402e63682d3749049fa8edf9e07dfd6e/gnocchi.d4ed836b-8a07-4377-8073-e11e705620e9/none_v3" 404 70 "GET https://[::1]:8080/v1/AUTH_402e63682d3749049fa8edf9e07dfd6e/gnocchi.d4ed836b-8a07-4377-8073-e11e705620e9/none_v3" "tx2192d21e211d40a39cd12-00693b8ece" "proxy-server 97888" 0.0005 "-" 96958 0
Dec 11 22:41:02 np0005556243.novalocal object-server[96957]: ::1 - - [12/Dec/2025:03:41:02 +0000] "GET /3/178885/AUTH_402e63682d3749049fa8edf9e07dfd6e/gnocchi.d4ed836b-8a07-4377-8073-e11e705620e9/none_v3" 404 70 "GET https://[::1]:8080/v1/AUTH_402e63682d3749049fa8edf9e07dfd6e/gnocchi.d4ed836b-8a07-4377-8073-e11e705620e9/none_v3" "tx2192d21e211d40a39cd12-00693b8ece" "proxy-server 97888" 0.0003 "-" 96957 0
Dec 11 22:41:02 np0005556243.novalocal proxy-server[97888]: ::1 ::1 12/Dec/2025/03/41/02 GET /v1/AUTH_402e63682d3749049fa8edf9e07dfd6e/gnocchi.d4ed836b-8a07-4377-8073-e11e705620e9/none_v3 HTTP/1.0 404 - python-swiftclient-4.8.0 gAAAAABpO450Q4QS... - 70 - tx2192d21e211d40a39cd12-00693b8ece - 0.0238 - - 1765510862.697829723 1765510862.721590996 0 89ff87eb6954479d969b489941791c9f
Dec 11 22:41:02 np0005556243.novalocal account-server[96331]: ::1 - - [12/Dec/2025:03:41:02 +0000] "PUT /3/88245/AUTH_402e63682d3749049fa8edf9e07dfd6e/gnocchi.d4ed836b-8a07-4377-8073-e11e705620e9" 201 - "PUT http://[::1]:6001/2/203244/AUTH_402e63682d3749049fa8edf9e07dfd6e/gnocchi.d4ed836b-8a07-4377-8073-e11e705620e9" "tx6bc56f13a3114cd39fca0-00693b8ece" "container-server 96625" 0.0063 "-" 96331 0
Dec 11 22:41:02 np0005556243.novalocal container-server[96625]: ::1 - - [12/Dec/2025:03:41:02 +0000] "PUT /2/203244/AUTH_402e63682d3749049fa8edf9e07dfd6e/gnocchi.d4ed836b-8a07-4377-8073-e11e705620e9" 201 - "PUT https://[::1]:8080/v1/AUTH_402e63682d3749049fa8edf9e07dfd6e/gnocchi.d4ed836b-8a07-4377-8073-e11e705620e9" "tx6bc56f13a3114cd39fca0-00693b8ece" "proxy-server 97888" 0.0167 "-" 96625 0
Dec 11 22:41:02 np0005556243.novalocal account-server[96331]: ::1 - - [12/Dec/2025:03:41:02 +0000] "PUT /1/88245/AUTH_402e63682d3749049fa8edf9e07dfd6e/gnocchi.d4ed836b-8a07-4377-8073-e11e705620e9" 201 - "PUT http://[::1]:6001/1/203244/AUTH_402e63682d3749049fa8edf9e07dfd6e/gnocchi.d4ed836b-8a07-4377-8073-e11e705620e9" "tx6bc56f13a3114cd39fca0-00693b8ece" "container-server 96624" 0.0053 "-" 96331 0
Dec 11 22:41:02 np0005556243.novalocal container-server[96624]: ::1 - - [12/Dec/2025:03:41:02 +0000] "PUT /1/203244/AUTH_402e63682d3749049fa8edf9e07dfd6e/gnocchi.d4ed836b-8a07-4377-8073-e11e705620e9" 201 - "PUT https://[::1]:8080/v1/AUTH_402e63682d3749049fa8edf9e07dfd6e/gnocchi.d4ed836b-8a07-4377-8073-e11e705620e9" "tx6bc56f13a3114cd39fca0-00693b8ece" "proxy-server 97888" 0.0234 "-" 96624 0
Dec 11 22:41:02 np0005556243.novalocal account-server[96331]: ::1 - - [12/Dec/2025:03:41:02 +0000] "PUT /2/88245/AUTH_402e63682d3749049fa8edf9e07dfd6e/gnocchi.d4ed836b-8a07-4377-8073-e11e705620e9" 201 - "PUT http://[::1]:6001/3/203244/AUTH_402e63682d3749049fa8edf9e07dfd6e/gnocchi.d4ed836b-8a07-4377-8073-e11e705620e9" "tx6bc56f13a3114cd39fca0-00693b8ece" "container-server 96624" 0.0059 "-" 96331 0
Dec 11 22:41:02 np0005556243.novalocal container-server[96624]: ::1 - - [12/Dec/2025:03:41:02 +0000] "PUT /3/203244/AUTH_402e63682d3749049fa8edf9e07dfd6e/gnocchi.d4ed836b-8a07-4377-8073-e11e705620e9" 201 - "PUT https://[::1]:8080/v1/AUTH_402e63682d3749049fa8edf9e07dfd6e/gnocchi.d4ed836b-8a07-4377-8073-e11e705620e9" "tx6bc56f13a3114cd39fca0-00693b8ece" "proxy-server 97888" 0.0189 "-" 96624 0
Dec 11 22:41:02 np0005556243.novalocal proxy-server[97888]: ::1 ::1 12/Dec/2025/03/41/02 PUT /v1/AUTH_402e63682d3749049fa8edf9e07dfd6e/gnocchi.d4ed836b-8a07-4377-8073-e11e705620e9 HTTP/1.0 201 - python-swiftclient-4.8.0 gAAAAABpO450Q4QS... - - - tx6bc56f13a3114cd39fca0-00693b8ece - 0.0390 - - 1765510862.723901749 1765510862.762874365 0 89ff87eb6954479d969b489941791c9f
Dec 11 22:41:02 np0005556243.novalocal container-server[96624]: ::1 - - [12/Dec/2025:03:41:02 +0000] "HEAD /3/203244/AUTH_402e63682d3749049fa8edf9e07dfd6e/gnocchi.d4ed836b-8a07-4377-8073-e11e705620e9" 204 - "HEAD http://[::1]:8080/v1/AUTH_402e63682d3749049fa8edf9e07dfd6e/gnocchi.d4ed836b-8a07-4377-8073-e11e705620e9" "tx91aa91aef15a42ae9340d-00693b8ece" "proxy-server 97888" 0.0014 "-" 96624 0
Dec 11 22:41:02 np0005556243.novalocal proxy-server[97888]: - - 12/Dec/2025/03/41/02 HEAD /v1/AUTH_402e63682d3749049fa8edf9e07dfd6e/gnocchi.d4ed836b-8a07-4377-8073-e11e705620e9 HTTP/1.0 204 - Swift - - - - tx91aa91aef15a42ae9340d-00693b8ece - 0.0050 CS - 1765510862.766379118 1765510862.771338940 0 -
Dec 11 22:41:02 np0005556243.novalocal container-server[96625]: ::1 - - [12/Dec/2025:03:41:02 +0000] "GET /2/203244/AUTH_402e63682d3749049fa8edf9e07dfd6e/gnocchi.d4ed836b-8a07-4377-8073-e11e705620e9" 200 2 "GET https://[::1]:8080/v1/AUTH_402e63682d3749049fa8edf9e07dfd6e/gnocchi.d4ed836b-8a07-4377-8073-e11e705620e9?format=json&states=listing" "tx91aa91aef15a42ae9340d-00693b8ece" "proxy-server 97888" 0.0021 "-" 96625 0
Dec 11 22:41:02 np0005556243.novalocal proxy-server[97888]: ::1 ::1 12/Dec/2025/03/41/02 GET /v1/AUTH_402e63682d3749049fa8edf9e07dfd6e/gnocchi.d4ed836b-8a07-4377-8073-e11e705620e9%3Fformat%3Djson%26states%3Dlisting HTTP/1.0 200 - python-swiftclient-4.8.0 gAAAAABpO450Q4QS... - 2 - tx91aa91aef15a42ae9340d-00693b8ece - 0.0142 - - 1765510862.765704870 1765510862.779865026 0 89ff87eb6954479d969b489941791c9f
Dec 11 22:41:02 np0005556243.novalocal object-server[96958]: ::1 - - [12/Dec/2025:03:41:02 +0000] "GET /2/66337/AUTH_402e63682d3749049fa8edf9e07dfd6e/gnocchi.d4ed836b-8a07-4377-8073-e11e705620e9/1764720000.0_mean_300.0_v3" 404 70 "GET https://[::1]:8080/v1/AUTH_402e63682d3749049fa8edf9e07dfd6e/gnocchi.d4ed836b-8a07-4377-8073-e11e705620e9/1764720000.0_mean_300.0_v3" "tx15c72f84e4f24174ac397-00693b8ece" "proxy-server 97888" 0.0005 "-" 96958 0
Dec 11 22:41:02 np0005556243.novalocal object-server[96957]: ::1 - - [12/Dec/2025:03:41:02 +0000] "GET /1/66337/AUTH_402e63682d3749049fa8edf9e07dfd6e/gnocchi.d4ed836b-8a07-4377-8073-e11e705620e9/1764720000.0_mean_300.0_v3" 404 70 "GET https://[::1]:8080/v1/AUTH_402e63682d3749049fa8edf9e07dfd6e/gnocchi.d4ed836b-8a07-4377-8073-e11e705620e9/1764720000.0_mean_300.0_v3" "tx15c72f84e4f24174ac397-00693b8ece" "proxy-server 97888" 0.0005 "-" 96957 0
