Dec 11 22:39:34 np0005556243.novalocal object-server[96957]: ::1 - - [12/Dec/2025:03:39:34 +0000] "PUT /1/6230/AUTH_402e63682d3749049fa8edf9e07dfd6e/gnocchi.0cfb6d23-5286-473d-8060-0bff0469fbcf/none_v3" 201 - "PUT https://[::1]:8080/v1/AUTH_402e63682d3749049fa8edf9e07dfd6e/gnocchi.0cfb6d23-5286-473d-8060-0bff0469fbcf/none_v3" "tx33032efe3af64a56b6f1c-00693b8e76" "proxy-server 97888" 0.0147 "-" 96957 0
Dec 11 22:39:34 np0005556243.novalocal proxy-server[97888]: ::1 ::1 12/Dec/2025/03/39/34 PUT /v1/AUTH_402e63682d3749049fa8edf9e07dfd6e/gnocchi.0cfb6d23-5286-473d-8060-0bff0469fbcf/none_v3 HTTP/1.0 201 - python-swiftclient-4.8.0 gAAAAABpO450Q4QS... 22 - - tx33032efe3af64a56b6f1c-00693b8e76 - 0.0240 - - 1765510774.056578159 1765510774.080556393 0 89ff87eb6954479d969b489941791c9f
Dec 11 22:39:34 np0005556243.novalocal container-server[96625]: ::1 - - [12/Dec/2025:03:39:34 +0000] "PUT /3/175641/AUTH_402e63682d3749049fa8edf9e07dfd6e/gnocchi.affd6b57-36d4-4657-be3e-9ce75e6f3c4f/none_v3" 201 - "PUT http://[::1]:8080/1/83132/AUTH_402e63682d3749049fa8edf9e07dfd6e/gnocchi.affd6b57-36d4-4657-be3e-9ce75e6f3c4f/none_v3" "tx4dec1001b4ab48a0941a8-00693b8e76" "object-server 96957" 0.0009 "-" 96625 0
Dec 11 22:39:34 np0005556243.novalocal container-server[96624]: ::1 - - [12/Dec/2025:03:39:34 +0000] "PUT /1/175641/AUTH_402e63682d3749049fa8edf9e07dfd6e/gnocchi.affd6b57-36d4-4657-be3e-9ce75e6f3c4f/none_v3" 201 - "PUT http://[::1]:8080/3/83132/AUTH_402e63682d3749049fa8edf9e07dfd6e/gnocchi.affd6b57-36d4-4657-be3e-9ce75e6f3c4f/none_v3" "tx4dec1001b4ab48a0941a8-00693b8e76" "object-server 96957" 0.0006 "-" 96624 0
Dec 11 22:39:34 np0005556243.novalocal object-server[96957]: ::1 - - [12/Dec/2025:03:39:34 +0000] "PUT /1/83132/AUTH_402e63682d3749049fa8edf9e07dfd6e/gnocchi.affd6b57-36d4-4657-be3e-9ce75e6f3c4f/none_v3" 201 - "PUT https://[::1]:8080/v1/AUTH_402e63682d3749049fa8edf9e07dfd6e/gnocchi.affd6b57-36d4-4657-be3e-9ce75e6f3c4f/none_v3" "tx4dec1001b4ab48a0941a8-00693b8e76" "proxy-server 97888" 0.0135 "-" 96957 0
Dec 11 22:39:34 np0005556243.novalocal object-server[96957]: ::1 - - [12/Dec/2025:03:39:34 +0000] "PUT /3/83132/AUTH_402e63682d3749049fa8edf9e07dfd6e/gnocchi.affd6b57-36d4-4657-be3e-9ce75e6f3c4f/none_v3" 201 - "PUT https://[::1]:8080/v1/AUTH_402e63682d3749049fa8edf9e07dfd6e/gnocchi.affd6b57-36d4-4657-be3e-9ce75e6f3c4f/none_v3" "tx4dec1001b4ab48a0941a8-00693b8e76" "proxy-server 97888" 0.0161 "-" 96957 0
Dec 11 22:39:34 np0005556243.novalocal container-server[96625]: ::1 - - [12/Dec/2025:03:39:34 +0000] "PUT /2/175641/AUTH_402e63682d3749049fa8edf9e07dfd6e/gnocchi.affd6b57-36d4-4657-be3e-9ce75e6f3c4f/none_v3" 201 - "PUT http://[::1]:8080/2/83132/AUTH_402e63682d3749049fa8edf9e07dfd6e/gnocchi.affd6b57-36d4-4657-be3e-9ce75e6f3c4f/none_v3" "tx4dec1001b4ab48a0941a8-00693b8e76" "object-server 96957" 0.0010 "-" 96625 0
Dec 11 22:39:34 np0005556243.novalocal object-server[96957]: ::1 - - [12/Dec/2025:03:39:34 +0000] "PUT /2/83132/AUTH_402e63682d3749049fa8edf9e07dfd6e/gnocchi.affd6b57-36d4-4657-be3e-9ce75e6f3c4f/none_v3" 201 - "PUT https://[::1]:8080/v1/AUTH_402e63682d3749049fa8edf9e07dfd6e/gnocchi.affd6b57-36d4-4657-be3e-9ce75e6f3c4f/none_v3" "tx4dec1001b4ab48a0941a8-00693b8e76" "proxy-server 97888" 0.0156 "-" 96957 0
Dec 11 22:39:34 np0005556243.novalocal proxy-server[97888]: ::1 ::1 12/Dec/2025/03/39/34 PUT /v1/AUTH_402e63682d3749049fa8edf9e07dfd6e/gnocchi.affd6b57-36d4-4657-be3e-9ce75e6f3c4f/none_v3 HTTP/1.0 201 - python-swiftclient-4.8.0 gAAAAABpO450Q4QS... 22 - - tx4dec1001b4ab48a0941a8-00693b8e76 - 0.0265 - - 1765510774.083416939 1765510774.109961987 0 89ff87eb6954479d969b489941791c9f
Dec 11 22:39:34 np0005556243.novalocal account-replicator[96395]: Beginning replication run
Dec 11 22:39:34 np0005556243.novalocal account-replicator[96395]: Replication run OVER
Dec 11 22:39:34 np0005556243.novalocal account-replicator[96395]: Attempted to replicate 3 dbs in 0.18411 seconds (16.29498/s)
Dec 11 22:39:34 np0005556243.novalocal account-replicator[96395]: Removed 0 dbs
Dec 11 22:39:34 np0005556243.novalocal account-replicator[96395]: 6 successes, 0 failures
Dec 11 22:39:34 np0005556243.novalocal account-replicator[96395]: diff:0 diff_capped:0 empty:0 hashmatch:0 no_change:6 remote_merge:0 rsync:0 ts_repl:0
Dec 11 22:39:34 np0005556243.novalocal dnsmasq[103923]: read /var/lib/neutron/dhcp/6b12e66f-0bdd-4251-bb62-98d93a7ab0b6/addn_hosts - 2 addresses
Dec 11 22:39:34 np0005556243.novalocal dnsmasq-dhcp[103923]: read /var/lib/neutron/dhcp/6b12e66f-0bdd-4251-bb62-98d93a7ab0b6/host
Dec 11 22:39:34 np0005556243.novalocal dnsmasq-dhcp[103923]: read /var/lib/neutron/dhcp/6b12e66f-0bdd-4251-bb62-98d93a7ab0b6/opts
Dec 11 22:39:34 np0005556243.novalocal container-server[96625]: ::1 - - [12/Dec/2025:03:39:34 +0000] "HEAD /3/247486/AUTH_402e63682d3749049fa8edf9e07dfd6e/gnocchi.95649fef-3302-4698-a4a2-85cff2088f54" 404 - "HEAD http://[::1]:8080/v1/AUTH_402e63682d3749049fa8edf9e07dfd6e/gnocchi.95649fef-3302-4698-a4a2-85cff2088f54" "txac1fd4f00e7945ae8938f-00693b8e76" "proxy-server 97889" 0.0004 "-" 96625 0
Dec 11 22:39:34 np0005556243.novalocal container-server[96624]: ::1 - - [12/Dec/2025:03:39:34 +0000] "HEAD /1/247486/AUTH_402e63682d3749049fa8edf9e07dfd6e/gnocchi.95649fef-3302-4698-a4a2-85cff2088f54" 404 - "HEAD http://[::1]:8080/v1/AUTH_402e63682d3749049fa8edf9e07dfd6e/gnocchi.95649fef-3302-4698-a4a2-85cff2088f54" "txac1fd4f00e7945ae8938f-00693b8e76" "proxy-server 97889" 0.0003 "-" 96624 0
Dec 11 22:39:34 np0005556243.novalocal container-server[96624]: ::1 - - [12/Dec/2025:03:39:34 +0000] "HEAD /2/247486/AUTH_402e63682d3749049fa8edf9e07dfd6e/gnocchi.95649fef-3302-4698-a4a2-85cff2088f54" 404 - "HEAD http://[::1]:8080/v1/AUTH_402e63682d3749049fa8edf9e07dfd6e/gnocchi.95649fef-3302-4698-a4a2-85cff2088f54" "txac1fd4f00e7945ae8938f-00693b8e76" "proxy-server 97889" 0.0002 "-" 96624 0
Dec 11 22:39:34 np0005556243.novalocal proxy-server[97889]: - - 12/Dec/2025/03/39/34 HEAD /v1/AUTH_402e63682d3749049fa8edf9e07dfd6e/gnocchi.95649fef-3302-4698-a4a2-85cff2088f54 HTTP/1.0 404 - Swift - - - - txac1fd4f00e7945ae8938f-00693b8e76 - 0.0358 CS - 1765510774.752983093 1765510774.788801193 0 -
Dec 11 22:39:35 np0005556243.novalocal object-server[96958]: ::1 - - [12/Dec/2025:03:39:35 +0000] "GET /2/67605/AUTH_402e63682d3749049fa8edf9e07dfd6e/gnocchi.95649fef-3302-4698-a4a2-85cff2088f54/none_v3" 404 70 "GET https://[::1]:8080/v1/AUTH_402e63682d3749049fa8edf9e07dfd6e/gnocchi.95649fef-3302-4698-a4a2-85cff2088f54/none_v3" "txac1fd4f00e7945ae8938f-00693b8e76" "proxy-server 97889" 0.0004 "-" 96958 0
Dec 11 22:39:35 np0005556243.novalocal object-server[96957]: ::1 - - [12/Dec/2025:03:39:35 +0000] "GET /3/67605/AUTH_402e63682d3749049fa8edf9e07dfd6e/gnocchi.95649fef-3302-4698-a4a2-85cff2088f54/none_v3" 404 70 "GET https://[::1]:8080/v1/AUTH_402e63682d3749049fa8edf9e07dfd6e/gnocchi.95649fef-3302-4698-a4a2-85cff2088f54/none_v3" "txac1fd4f00e7945ae8938f-00693b8e76" "proxy-server 97889" 0.0005 "-" 96957 0
Dec 11 22:39:35 np0005556243.novalocal object-server[96958]: ::1 - - [12/Dec/2025:03:39:35 +0000] "GET /1/67605/AUTH_402e63682d3749049fa8edf9e07dfd6e/gnocchi.95649fef-3302-4698-a4a2-85cff2088f54/none_v3" 404 70 "GET https://[::1]:8080/v1/AUTH_402e63682d3749049fa8edf9e07dfd6e/gnocchi.95649fef-3302-4698-a4a2-85cff2088f54/none_v3" "txac1fd4f00e7945ae8938f-00693b8e76" "proxy-server 97889" 0.0003 "-" 96958 0
Dec 11 22:39:35 np0005556243.novalocal proxy-server[97889]: ::1 ::1 12/Dec/2025/03/39/35 GET /v1/AUTH_402e63682d3749049fa8edf9e07dfd6e/gnocchi.95649fef-3302-4698-a4a2-85cff2088f54/none_v3 HTTP/1.0 404 - python-swiftclient-4.8.0 gAAAAABpO452jeI2... - 70 - txac1fd4f00e7945ae8938f-00693b8e76 - 0.5383 - - 1765510774.732268095 1765510775.270529270 0 89ff87eb6954479d969b489941791c9f
Dec 11 22:39:35 np0005556243.novalocal account-server[96332]: ::1 - - [12/Dec/2025:03:39:35 +0000] "PUT /2/88245/AUTH_402e63682d3749049fa8edf9e07dfd6e/gnocchi.95649fef-3302-4698-a4a2-85cff2088f54" 201 - "PUT http://[::1]:6001/2/247486/AUTH_402e63682d3749049fa8edf9e07dfd6e/gnocchi.95649fef-3302-4698-a4a2-85cff2088f54" "txaf97c6291f224642ba570-00693b8e77" "container-server 96624" 0.0028 "-" 96332 0
Dec 11 22:39:35 np0005556243.novalocal container-server[96624]: ::1 - - [12/Dec/2025:03:39:35 +0000] "PUT /2/247486/AUTH_402e63682d3749049fa8edf9e07dfd6e/gnocchi.95649fef-3302-4698-a4a2-85cff2088f54" 201 - "PUT https://[::1]:8080/v1/AUTH_402e63682d3749049fa8edf9e07dfd6e/gnocchi.95649fef-3302-4698-a4a2-85cff2088f54" "txaf97c6291f224642ba570-00693b8e77" "proxy-server 97889" 0.0193 "-" 96624 0
Dec 11 22:39:35 np0005556243.novalocal account-server[96332]: ::1 - - [12/Dec/2025:03:39:35 +0000] "PUT /3/88245/AUTH_402e63682d3749049fa8edf9e07dfd6e/gnocchi.95649fef-3302-4698-a4a2-85cff2088f54" 201 - "PUT http://[::1]:6001/1/247486/AUTH_402e63682d3749049fa8edf9e07dfd6e/gnocchi.95649fef-3302-4698-a4a2-85cff2088f54" "txaf97c6291f224642ba570-00693b8e77" "container-server 96624" 0.0023 "-" 96332 0
Dec 11 22:39:35 np0005556243.novalocal container-server[96624]: ::1 - - [12/Dec/2025:03:39:35 +0000] "PUT /1/247486/AUTH_402e63682d3749049fa8edf9e07dfd6e/gnocchi.95649fef-3302-4698-a4a2-85cff2088f54" 201 - "PUT https://[::1]:8080/v1/AUTH_402e63682d3749049fa8edf9e07dfd6e/gnocchi.95649fef-3302-4698-a4a2-85cff2088f54" "txaf97c6291f224642ba570-00693b8e77" "proxy-server 97889" 0.0766 "-" 96624 0
Dec 11 22:39:35 np0005556243.novalocal account-server[96332]: ::1 - - [12/Dec/2025:03:39:35 +0000] "PUT /1/88245/AUTH_402e63682d3749049fa8edf9e07dfd6e/gnocchi.95649fef-3302-4698-a4a2-85cff2088f54" 201 - "PUT http://[::1]:6001/3/247486/AUTH_402e63682d3749049fa8edf9e07dfd6e/gnocchi.95649fef-3302-4698-a4a2-85cff2088f54" "txaf97c6291f224642ba570-00693b8e77" "container-server 96624" 0.0033 "-" 96332 0
Dec 11 22:39:35 np0005556243.novalocal container-server[96624]: ::1 - - [12/Dec/2025:03:39:35 +0000] "PUT /3/247486/AUTH_402e63682d3749049fa8edf9e07dfd6e/gnocchi.95649fef-3302-4698-a4a2-85cff2088f54" 201 - "PUT https://[::1]:8080/v1/AUTH_402e63682d3749049fa8edf9e07dfd6e/gnocchi.95649fef-3302-4698-a4a2-85cff2088f54" "txaf97c6291f224642ba570-00693b8e77" "proxy-server 97889" 0.0371 "-" 96624 0
Dec 11 22:39:35 np0005556243.novalocal proxy-server[97889]: ::1 ::1 12/Dec/2025/03/39/35 PUT /v1/AUTH_402e63682d3749049fa8edf9e07dfd6e/gnocchi.95649fef-3302-4698-a4a2-85cff2088f54 HTTP/1.0 201 - python-swiftclient-4.8.0 gAAAAABpO452jeI2... - - - txaf97c6291f224642ba570-00693b8e77 - 0.0943 - - 1765510775.279069185 1765510775.373373747 0 89ff87eb6954479d969b489941791c9f
Dec 11 22:39:35 np0005556243.novalocal container-server[96625]: ::1 - - [12/Dec/2025:03:39:35 +0000] "HEAD /2/247486/AUTH_402e63682d3749049fa8edf9e07dfd6e/gnocchi.95649fef-3302-4698-a4a2-85cff2088f54" 204 - "HEAD http://[::1]:8080/v1/AUTH_402e63682d3749049fa8edf9e07dfd6e/gnocchi.95649fef-3302-4698-a4a2-85cff2088f54" "tx12f7baea66dd43649d77e-00693b8e77" "proxy-server 97889" 0.0021 "-" 96625 0
Dec 11 22:39:35 np0005556243.novalocal proxy-server[97889]: - - 12/Dec/2025/03/39/35 HEAD /v1/AUTH_402e63682d3749049fa8edf9e07dfd6e/gnocchi.95649fef-3302-4698-a4a2-85cff2088f54 HTTP/1.0 204 - Swift - - - - tx12f7baea66dd43649d77e-00693b8e77 - 0.0073 CS - 1765510775.392260790 1765510775.399541616 0 -
Dec 11 22:39:35 np0005556243.novalocal container-server[96625]: ::1 - - [12/Dec/2025:03:39:35 +0000] "GET /3/247486/AUTH_402e63682d3749049fa8edf9e07dfd6e/gnocchi.95649fef-3302-4698-a4a2-85cff2088f54" 200 2 "GET https://[::1]:8080/v1/AUTH_402e63682d3749049fa8edf9e07dfd6e/gnocchi.95649fef-3302-4698-a4a2-85cff2088f54?format=json&states=listing" "tx12f7baea66dd43649d77e-00693b8e77" "proxy-server 97889" 0.0025 "-" 96625 0
Dec 11 22:39:35 np0005556243.novalocal proxy-server[97889]: ::1 ::1 12/Dec/2025/03/39/35 GET /v1/AUTH_402e63682d3749049fa8edf9e07dfd6e/gnocchi.95649fef-3302-4698-a4a2-85cff2088f54%3Fformat%3Djson%26states%3Dlisting HTTP/1.0 200 - python-swiftclient-4.8.0 gAAAAABpO452jeI2... - 2 - tx12f7baea66dd43649d77e-00693b8e77 - 0.0286 - - 1765510775.386576414 1765510775.415190458 0 89ff87eb6954479d969b489941791c9f
Dec 11 22:39:35 np0005556243.novalocal object-server[96958]: ::1 - - [12/Dec/2025:03:39:35 +0000] "GET /1/66967/AUTH_402e63682d3749049fa8edf9e07dfd6e/gnocchi.95649fef-3302-4698-a4a2-85cff2088f54/1764720000.0_mean_300.0_v3" 404 70 "GET https://[::1]:8080/v1/AUTH_402e63682d3749049fa8edf9e07dfd6e/gnocchi.95649fef-3302-4698-a4a2-85cff2088f54/1764720000.0_mean_300.0_v3" "tx669ff59726cb4bf49c086-00693b8e77" "proxy-server 97889" 0.0004 "-" 96958 0
Dec 11 22:39:35 np0005556243.novalocal object-server[96957]: ::1 - - [12/Dec/2025:03:39:35 +0000] "GET /3/66967/AUTH_402e63682d3749049fa8edf9e07dfd6e/gnocchi.95649fef-3302-4698-a4a2-85cff2088f54/1764720000.0_mean_300.0_v3" 404 70 "GET https://[::1]:8080/v1/AUTH_402e63682d3749049fa8edf9e07dfd6e/gnocchi.95649fef-3302-4698-a4a2-85cff2088f54/1764720000.0_mean_300.0_v3" "tx669ff59726cb4bf49c086-00693b8e77" "proxy-server 97889" 0.0005 "-" 96957 0
Dec 11 22:39:35 np0005556243.novalocal object-server[96958]: ::1 - - [12/Dec/2025:03:39:35 +0000] "GET /2/66967/AUTH_402e63682d3749049fa8edf9e07dfd6e/gnocchi.95649fef-3302-4698-a4a2-85cff2088f54/1764720000.0_mean_300.0_v3" 404 70 "GET https://[::1]:8080/v1/AUTH_402e63682d3749049fa8edf9e07dfd6e/gnocchi.95649fef-3302-4698-a4a2-85cff2088f54/1764720000.0_mean_300.0_v3" "tx669ff59726cb4bf49c086-00693b8e77" "proxy-server 97889" 0.0002 "-" 96958 0
Dec 11 22:39:35 np0005556243.novalocal proxy-server[97889]: ::1 ::1 12/Dec/2025/03/39/35 GET /v1/AUTH_402e63682d3749049fa8edf9e07dfd6e/gnocchi.95649fef-3302-4698-a4a2-85cff2088f54/1764720000.0_mean_300.0_v3 HTTP/1.0 404 - python-swiftclient-4.8.0 gAAAAABpO452jeI2... - 70 - tx669ff59726cb4bf49c086-00693b8e77 - 0.0164 - - 1765510775.420645952 1765510775.436998129 0 89ff87eb6954479d969b489941791c9f
Dec 11 22:39:35 np0005556243.novalocal container-server[96625]: ::1 - - [12/Dec/2025:03:39:35 +0000] "PUT /1/247486/AUTH_402e63682d3749049fa8edf9e07dfd6e/gnocchi.95649fef-3302-4698-a4a2-85cff2088f54/1764720000.0_mean_300.0_v3" 201 - "PUT http://[::1]:8080/3/66967/AUTH_402e63682d3749049fa8edf9e07dfd6e/gnocchi.95649fef-3302-4698-a4a2-85cff2088f54/1764720000.0_mean_300.0_v3" "tx8cb213ffd12e419ea2d17-00693b8e77" "object-server 96958" 0.0009 "-" 96625 0
Dec 11 22:39:35 np0005556243.novalocal container-server[96624]: ::1 - - [12/Dec/2025:03:39:35 +0000] "PUT /3/247486/AUTH_402e63682d3749049fa8edf9e07dfd6e/gnocchi.95649fef-3302-4698-a4a2-85cff2088f54/1764720000.0_mean_300.0_v3" 201 - "PUT http://[::1]:8080/2/66967/AUTH_402e63682d3749049fa8edf9e07dfd6e/gnocchi.95649fef-3302-4698-a4a2-85cff2088f54/1764720000.0_mean_300.0_v3" "tx8cb213ffd12e419ea2d17-00693b8e77" "object-server 96957" 0.0006 "-" 96624 0
Dec 11 22:39:35 np0005556243.novalocal object-server[96957]: ::1 - - [12/Dec/2025:03:39:35 +0000] "PUT /2/66967/AUTH_402e63682d3749049fa8edf9e07dfd6e/gnocchi.95649fef-3302-4698-a4a2-85cff2088f54/1764720000.0_mean_300.0_v3" 201 - "PUT https://[::1]:8080/v1/AUTH_402e63682d3749049fa8edf9e07dfd6e/gnocchi.95649fef-3302-4698-a4a2-85cff2088f54/1764720000.0_mean_300.0_v3" "tx8cb213ffd12e419ea2d17-00693b8e77" "proxy-server 97889" 0.0115 "-" 96957 0
Dec 11 22:39:35 np0005556243.novalocal object-server[96958]: ::1 - - [12/Dec/2025:03:39:35 +0000] "PUT /3/66967/AUTH_402e63682d3749049fa8edf9e07dfd6e/gnocchi.95649fef-3302-4698-a4a2-85cff2088f54/1764720000.0_mean_300.0_v3" 201 - "PUT https://[::1]:8080/v1/AUTH_402e63682d3749049fa8edf9e07dfd6e/gnocchi.95649fef-3302-4698-a4a2-85cff2088f54/1764720000.0_mean_300.0_v3" "tx8cb213ffd12e419ea2d17-00693b8e77" "proxy-server 97889" 0.0154 "-" 96958 0
Dec 11 22:39:35 np0005556243.novalocal container-server[96625]: ::1 - - [12/Dec/2025:03:39:35 +0000] "PUT /2/247486/AUTH_402e63682d3749049fa8edf9e07dfd6e/gnocchi.95649fef-3302-4698-a4a2-85cff2088f54/1764720000.0_mean_300.0_v3" 201 - "PUT http://[::1]:8080/1/66967/AUTH_402e63682d3749049fa8edf9e07dfd6e/gnocchi.95649fef-3302-4698-a4a2-85cff2088f54/1764720000.0_mean_300.0_v3" "tx8cb213ffd12e419ea2d17-00693b8e77" "object-server 96957" 0.0029 "-" 96625 0
Dec 11 22:39:35 np0005556243.novalocal object-server[96957]: ::1 - - [12/Dec/2025:03:39:35 +0000] "PUT /1/66967/AUTH_402e63682d3749049fa8edf9e07dfd6e/gnocchi.95649fef-3302-4698-a4a2-85cff2088f54/1764720000.0_mean_300.0_v3" 201 - "PUT https://[::1]:8080/v1/AUTH_402e63682d3749049fa8edf9e07dfd6e/gnocchi.95649fef-3302-4698-a4a2-85cff2088f54/1764720000.0_mean_300.0_v3" "tx8cb213ffd12e419ea2d17-00693b8e77" "proxy-server 97889" 0.0171 "-" 96957 0
Dec 11 22:39:35 np0005556243.novalocal proxy-server[97889]: ::1 ::1 12/Dec/2025/03/39/35 PUT /v1/AUTH_402e63682d3749049fa8edf9e07dfd6e/gnocchi.95649fef-3302-4698-a4a2-85cff2088f54/1764720000.0_mean_300.0_v3 HTTP/1.0 201 - python-swiftclient-4.8.0 gAAAAABpO452jeI2... 16 - - tx8cb213ffd12e419ea2d17-00693b8e77 - 0.0395 - - 1765510775.441873550 1765510775.481354713 0 89ff87eb6954479d969b489941791c9f
Dec 11 22:39:35 np0005556243.novalocal container-server[96625]: ::1 - - [12/Dec/2025:03:39:35 +0000] "PUT /2/247486/AUTH_402e63682d3749049fa8edf9e07dfd6e/gnocchi.95649fef-3302-4698-a4a2-85cff2088f54/none_v3" 201 - "PUT http://[::1]:8080/1/67605/AUTH_402e63682d3749049fa8edf9e07dfd6e/gnocchi.95649fef-3302-4698-a4a2-85cff2088f54/none_v3" "txe191acad808649529c6d2-00693b8e77" "object-server 96957" 0.0007 "-" 96625 0
Dec 11 22:39:35 np0005556243.novalocal object-server[96957]: ::1 - - [12/Dec/2025:03:39:35 +0000] "PUT /1/67605/AUTH_402e63682d3749049fa8edf9e07dfd6e/gnocchi.95649fef-3302-4698-a4a2-85cff2088f54/none_v3" 201 - "PUT https://[::1]:8080/v1/AUTH_402e63682d3749049fa8edf9e07dfd6e/gnocchi.95649fef-3302-4698-a4a2-85cff2088f54/none_v3" "txe191acad808649529c6d2-00693b8e77" "proxy-server 97889" 0.0159 "-" 96957 0
Dec 11 22:39:35 np0005556243.novalocal container-server[96625]: ::1 - - [12/Dec/2025:03:39:35 +0000] "PUT /3/247486/AUTH_402e63682d3749049fa8edf9e07dfd6e/gnocchi.95649fef-3302-4698-a4a2-85cff2088f54/none_v3" 201 - "PUT http://[::1]:8080/3/67605/AUTH_402e63682d3749049fa8edf9e07dfd6e/gnocchi.95649fef-3302-4698-a4a2-85cff2088f54/none_v3" "txe191acad808649529c6d2-00693b8e77" "object-server 96958" 0.0009 "-" 96625 0
Dec 11 22:39:35 np0005556243.novalocal object-server[96958]: ::1 - - [12/Dec/2025:03:39:35 +0000] "PUT /3/67605/AUTH_402e63682d3749049fa8edf9e07dfd6e/gnocchi.95649fef-3302-4698-a4a2-85cff2088f54/none_v3" 201 - "PUT https://[::1]:8080/v1/AUTH_402e63682d3749049fa8edf9e07dfd6e/gnocchi.95649fef-3302-4698-a4a2-85cff2088f54/none_v3" "txe191acad808649529c6d2-00693b8e77" "proxy-server 97889" 0.0169 "-" 96958 0
Dec 11 22:39:35 np0005556243.novalocal container-server[96625]: ::1 - - [12/Dec/2025:03:39:35 +0000] "PUT /1/247486/AUTH_402e63682d3749049fa8edf9e07dfd6e/gnocchi.95649fef-3302-4698-a4a2-85cff2088f54/none_v3" 201 - "PUT http://[::1]:8080/2/67605/AUTH_402e63682d3749049fa8edf9e07dfd6e/gnocchi.95649fef-3302-4698-a4a2-85cff2088f54/none_v3" "txe191acad808649529c6d2-00693b8e77" "object-server 96958" 0.0052 "-" 96625 0
Dec 11 22:39:35 np0005556243.novalocal object-server[96958]: ::1 - - [12/Dec/2025:03:39:35 +0000] "PUT /2/67605/AUTH_402e63682d3749049fa8edf9e07dfd6e/gnocchi.95649fef-3302-4698-a4a2-85cff2088f54/none_v3" 201 - "PUT https://[::1]:8080/v1/AUTH_402e63682d3749049fa8edf9e07dfd6e/gnocchi.95649fef-3302-4698-a4a2-85cff2088f54/none_v3" "txe191acad808649529c6d2-00693b8e77" "proxy-server 97889" 0.0259 "-" 96958 0
Dec 11 22:39:35 np0005556243.novalocal proxy-server[97889]: ::1 ::1 12/Dec/2025/03/39/35 PUT /v1/AUTH_402e63682d3749049fa8edf9e07dfd6e/gnocchi.95649fef-3302-4698-a4a2-85cff2088f54/none_v3 HTTP/1.0 201 - python-swiftclient-4.8.0 gAAAAABpO452jeI2... 22 - - txe191acad808649529c6d2-00693b8e77 - 0.0364 - - 1765510775.484223843 1765510775.520582676 0 89ff87eb6954479d969b489941791c9f
Dec 11 22:39:35 np0005556243.novalocal NetworkManager[859]: [1765510775.7544] manager: (qbr6cd5cb41-b2): new Bridge device (/org/freedesktop/NetworkManager/Devices/26)
Dec 11 22:39:35 np0005556243.novalocal NetworkManager[859]: [1765510775.7651] manager: (qvo6cd5cb41-b2): new Veth device (/org/freedesktop/NetworkManager/Devices/27)
Dec 11 22:39:35 np0005556243.novalocal NetworkManager[859]: [1765510775.7683] manager: (qvb6cd5cb41-b2): new Veth device (/org/freedesktop/NetworkManager/Devices/28)
Dec 11 22:39:35 np0005556243.novalocal NetworkManager[859]: [1765510775.7734] device (qvo6cd5cb41-b2): carrier: link connected
Dec 11 22:39:35 np0005556243.novalocal NetworkManager[859]: [1765510775.7752] device (qvb6cd5cb41-b2): carrier: link connected
Dec 11 22:39:35 np0005556243.novalocal kernel: qbr6cd5cb41-b2: port 1(qvb6cd5cb41-b2) entered blocking state
Dec 11 22:39:35 np0005556243.novalocal kernel: qbr6cd5cb41-b2: port 1(qvb6cd5cb41-b2) entered disabled state
Dec 11 22:39:35 np0005556243.novalocal kernel: qvb6cd5cb41-b2: entered allmulticast mode
Dec 11 22:39:35 np0005556243.novalocal kernel: qvb6cd5cb41-b2: entered promiscuous mode
Dec 11 22:39:35 np0005556243.novalocal kernel: qbr6cd5cb41-b2: port 1(qvb6cd5cb41-b2) entered blocking state
Dec 11 22:39:35 np0005556243.novalocal kernel: qbr6cd5cb41-b2: port 1(qvb6cd5cb41-b2) entered forwarding state
Dec 11 22:39:35 np0005556243.novalocal NetworkManager[859]: [1765510775.7835] device (qbr6cd5cb41-b2): carrier: link connected
Dec 11 22:39:35 np0005556243.novalocal kernel: qvo6cd5cb41-b2: entered promiscuous mode
Dec 11 22:39:35 np0005556243.novalocal systemd-udevd[104091]: Network interface NamePolicy= disabled on kernel command line.
Dec 11 22:39:35 np0005556243.novalocal systemd-udevd[104092]: Network interface NamePolicy= disabled on kernel command line.
Dec 11 22:39:35 np0005556243.novalocal systemd-udevd[104093]: Network interface NamePolicy= disabled on kernel command line.
Dec 11 22:39:35 np0005556243.novalocal NetworkManager[859]: [1765510775.8596] device (qbr6cd5cb41-b2): state change: unmanaged -> unavailable (reason 'connection-assumed', managed-type: 'external')
Dec 11 22:39:35 np0005556243.novalocal NetworkManager[859]: [1765510775.8602] device (qbr6cd5cb41-b2): state change: unavailable -> disconnected (reason 'connection-assumed', managed-type: 'external')
Dec 11 22:39:35 np0005556243.novalocal NetworkManager[859]: [1765510775.8610] device (qbr6cd5cb41-b2): Activation: starting connection 'qbr6cd5cb41-b2' (7a7da44f-5f5a-4ba8-bc68-7c4cbc8d5315)
Dec 11 22:39:35 np0005556243.novalocal NetworkManager[859]: [1765510775.8611] device (qbr6cd5cb41-b2): state change: disconnected -> prepare (reason 'none', managed-type: 'external')
Dec 11 22:39:35 np0005556243.novalocal NetworkManager[859]: [1765510775.8615] device (qbr6cd5cb41-b2): state change: prepare -> config (reason 'none', managed-type: 'external')
Dec 11 22:39:35 np0005556243.novalocal NetworkManager[859]: [1765510775.8617] device (qbr6cd5cb41-b2): state change: config -> ip-config (reason 'none', managed-type: 'external')
Dec 11 22:39:35 np0005556243.novalocal NetworkManager[859]: [1765510775.8619] device (qbr6cd5cb41-b2): state change: ip-config -> ip-check (reason 'none', managed-type: 'external')
Dec 11 22:39:35 np0005556243.novalocal NetworkManager[859]: [1765510775.8645] device (qbr6cd5cb41-b2): state change: ip-check -> secondaries (reason 'none', managed-type: 'external')
Dec 11 22:39:35 np0005556243.novalocal NetworkManager[859]: [1765510775.8647] device (qbr6cd5cb41-b2): state change: secondaries -> activated (reason 'none', managed-type: 'external')
Dec 11 22:39:35 np0005556243.novalocal NetworkManager[859]: [1765510775.8652] device (qbr6cd5cb41-b2): Activation: successful, device activated.
Dec 11 22:39:35 np0005556243.novalocal systemd[1]: iscsi.service: Unit cannot be reloaded because it is inactive.
Dec 11 22:39:37 np0005556243.novalocal kernel: qbr6cd5cb41-b2: port 2(tap6cd5cb41-b2) entered blocking state
Dec 11 22:39:37 np0005556243.novalocal kernel: qbr6cd5cb41-b2: port 2(tap6cd5cb41-b2) entered disabled state
Dec 11 22:39:37 np0005556243.novalocal kernel: tap6cd5cb41-b2: entered allmulticast mode
Dec 11 22:39:37 np0005556243.novalocal kernel: tap6cd5cb41-b2: entered promiscuous mode
Dec 11 22:39:37 np0005556243.novalocal kernel: qbr6cd5cb41-b2: port 2(tap6cd5cb41-b2) entered blocking state
Dec 11 22:39:37 np0005556243.novalocal kernel: qbr6cd5cb41-b2: port 2(tap6cd5cb41-b2) entered forwarding state
Dec 11 22:39:37 np0005556243.novalocal NetworkManager[859]: [1765510777.4267] manager: (tap6cd5cb41-b2): new Tun device (/org/freedesktop/NetworkManager/Devices/29)
Dec 11 22:39:37 np0005556243.novalocal systemd-udevd[104110]: Network interface NamePolicy= disabled on kernel command line.
Dec 11 22:39:37 np0005556243.novalocal virtqemud[99311]: Domain id=2 name='instance-00000002' uuid=c5410b26-69e7-42a5-9475-e21a53ed2139 is tainted: deprecated-config (machine type 'pc-i440fx-rhel7.6.0')
Dec 11 22:39:37 np0005556243.novalocal virtqemud[99311]: Domain id=2 name='instance-00000002' uuid=c5410b26-69e7-42a5-9475-e21a53ed2139 is tainted: deprecated-config (CPU model 'qemu64')
Dec 11 22:39:37 np0005556243.novalocal systemd-machined[93525]: New machine qemu-2-instance-00000002.
Dec 11 22:39:37 np0005556243.novalocal NetworkManager[859]: [1765510777.4641] device (tap6cd5cb41-b2): state change: unmanaged -> unavailable (reason 'connection-assumed', managed-type: 'external')
Dec 11 22:39:37 np0005556243.novalocal NetworkManager[859]: [1765510777.4657] device (tap6cd5cb41-b2): state change: unavailable -> disconnected (reason 'connection-assumed', managed-type: 'external')
Dec 11 22:39:37 np0005556243.novalocal NetworkManager[859]: [1765510777.4672] device (tap6cd5cb41-b2): Activation: starting connection 'tap6cd5cb41-b2' (b99bbb78-33f2-47fb-90a1-d1e2ade13115)
Dec 11 22:39:37 np0005556243.novalocal NetworkManager[859]: [1765510777.4676] device (tap6cd5cb41-b2): state change: disconnected -> prepare (reason 'none', managed-type: 'external')
Dec 11 22:39:37 np0005556243.novalocal NetworkManager[859]: [1765510777.4685] device (tap6cd5cb41-b2): state change: prepare -> config (reason 'none', managed-type: 'external')
Dec 11 22:39:37 np0005556243.novalocal NetworkManager[859]: [1765510777.4693] device (tap6cd5cb41-b2): state change: config -> ip-config (reason 'none', managed-type: 'external')
Dec 11 22:39:37 np0005556243.novalocal NetworkManager[859]: [1765510777.4698] device (qbr6cd5cb41-b2): bridge port tap6cd5cb41-b2 was attached
Dec 11 22:39:37 np0005556243.novalocal NetworkManager[859]: [1765510777.4700] device (tap6cd5cb41-b2): Activation: connection 'tap6cd5cb41-b2' attached as port, continuing activation
Dec 11 22:39:37 np0005556243.novalocal NetworkManager[859]: [1765510777.4705] device (tap6cd5cb41-b2): state change: ip-config -> ip-check (reason 'none', managed-type: 'external')
Dec 11 22:39:37 np0005556243.novalocal systemd[1]: Started Virtual Machine qemu-2-instance-00000002.
Dec 11 22:39:37 np0005556243.novalocal NetworkManager[859]: [1765510777.4739] device (tap6cd5cb41-b2): state change: ip-check -> secondaries (reason 'none', managed-type: 'external')
Dec 11 22:39:37 np0005556243.novalocal NetworkManager[859]: [1765510777.4748] device (tap6cd5cb41-b2): state change: secondaries -> activated (reason 'none', managed-type: 'external')
Dec 11 22:39:37 np0005556243.novalocal NetworkManager[859]: [1765510777.4773] device (tap6cd5cb41-b2): Activation: successful, device activated.
Dec 11 22:39:37 np0005556243.novalocal systemd[1]: iscsi.service: Unit cannot be reloaded because it is inactive.
Dec 11 22:39:40 np0005556243.novalocal dnsmasq-dhcp[103412]: DHCPDISCOVER(tap4dabcf9c-d1) fa:16:3e:5d:f4:38
Dec 11 22:39:40 np0005556243.novalocal dnsmasq-dhcp[103412]: DHCPOFFER(tap4dabcf9c-d1) 10.100.0.3 fa:16:3e:5d:f4:38
Dec 11 22:39:40 np0005556243.novalocal dnsmasq-dhcp[103412]: DHCPREQUEST(tap4dabcf9c-d1) 10.100.0.3 fa:16:3e:5d:f4:38
Dec 11 22:39:40 np0005556243.novalocal dnsmasq-dhcp[103412]: DHCPACK(tap4dabcf9c-d1) 10.100.0.3 fa:16:3e:5d:f4:38 host-10-100-0-3
Dec 11 22:39:41 np0005556243.novalocal object-auditor[102897]: Begin object audit "forever" mode (ZBF)
Dec 11 22:39:41 np0005556243.novalocal object-auditor[102897]: Object audit (ZBF). Since Fri Dec 12 03:39:41 2025: Locally: 1 passed, 0 quarantined, 0 errors, files/sec: 157.18, bytes/sec: 0.00, Total time: 0.01, Auditing time: 0.00, Rate: 0.00
Dec 11 22:39:41 np0005556243.novalocal object-auditor[102897]: Object audit (ZBF) "forever" mode completed: 0.71s. Total quarantined: 0, Total errors: 0, Total files/sec: 50.90, Total bytes/sec: 0.00, Auditing time: 0.69, Rate: 0.98
Dec 11 22:39:41 np0005556243.novalocal container-server[96624]: ::1 - - [12/Dec/2025:03:39:41 +0000] "HEAD /2/251579/AUTH_402e63682d3749049fa8edf9e07dfd6e/gnocchi.a1cd8f9a-8f21-4c93-865a-444ba4c64a86" 404 - "HEAD http://[::1]:8080/v1/AUTH_402e63682d3749049fa8edf9e07dfd6e/gnocchi.a1cd8f9a-8f21-4c93-865a-444ba4c64a86" "tx9627d5242e76433188319-00693b8e7d" "proxy-server 97888" 0.0003 "-" 96624 0
Dec 11 22:39:41 np0005556243.novalocal container-server[96624]: ::1 - - [12/Dec/2025:03:39:41 +0000] "HEAD /1/251579/AUTH_402e63682d3749049fa8edf9e07dfd6e/gnocchi.a1cd8f9a-8f21-4c93-865a-444ba4c64a86" 404 - "HEAD http://[::1]:8080/v1/AUTH_402e63682d3749049fa8edf9e07dfd6e/gnocchi.a1cd8f9a-8f21-4c93-865a-444ba4c64a86" "tx9627d5242e76433188319-00693b8e7d" "proxy-server 97888" 0.0002 "-" 96624 0
Dec 11 22:39:41 np0005556243.novalocal container-server[96625]: ::1 - - [12/Dec/2025:03:39:41 +0000] "HEAD /3/251579/AUTH_402e63682d3749049fa8edf9e07dfd6e/gnocchi.a1cd8f9a-8f21-4c93-865a-444ba4c64a86" 404 - "HEAD http://[::1]:8080/v1/AUTH_402e63682d3749049fa8edf9e07dfd6e/gnocchi.a1cd8f9a-8f21-4c93-865a-444ba4c64a86" "tx9627d5242e76433188319-00693b8e7d" "proxy-server 97888" 0.0005 "-" 96625 0
Dec 11 22:39:41 np0005556243.novalocal proxy-server[97888]: - - 12/Dec/2025/03/39/41 HEAD /v1/AUTH_402e63682d3749049fa8edf9e07dfd6e/gnocchi.a1cd8f9a-8f21-4c93-865a-444ba4c64a86 HTTP/1.0 404 - Swift - - - - tx9627d5242e76433188319-00693b8e7d - 0.0082 CS - 1765510781.963118792 1765510781.971340895 0 -
Dec 11 22:39:41 np0005556243.novalocal object-server[96958]: ::1 - - [12/Dec/2025:03:39:41 +0000] "GET /1/152286/AUTH_402e63682d3749049fa8edf9e07dfd6e/gnocchi.a1cd8f9a-8f21-4c93-865a-444ba4c64a86/none_v3" 404 70 "GET https://[::1]:8080/v1/AUTH_402e63682d3749049fa8edf9e07dfd6e/gnocchi.a1cd8f9a-8f21-4c93-865a-444ba4c64a86/none_v3" "tx9627d5242e76433188319-00693b8e7d" "proxy-server 97888" 0.0005 "-" 96958 0
Dec 11 22:39:41 np0005556243.novalocal object-server[96958]: ::1 - - [12/Dec/2025:03:39:41 +0000] "GET /3/152286/AUTH_402e63682d3749049fa8edf9e07dfd6e/gnocchi.a1cd8f9a-8f21-4c93-865a-444ba4c64a86/none_v3" 404 70 "GET https://[::1]:8080/v1/AUTH_402e63682d3749049fa8edf9e07dfd6e/gnocchi.a1cd8f9a-8f21-4c93-865a-444ba4c64a86/none_v3" "tx9627d5242e76433188319-00693b8e7d" "proxy-server 97888" 0.0003 "-" 96958 0
Dec 11 22:39:41 np0005556243.novalocal object-server[96958]: ::1 - - [12/Dec/2025:03:39:41 +0000] "GET /2/152286/AUTH_402e63682d3749049fa8edf9e07dfd6e/gnocchi.a1cd8f9a-8f21-4c93-865a-444ba4c64a86/none_v3" 404 70 "GET https://[::1]:8080/v1/AUTH_402e63682d3749049fa8edf9e07dfd6e/gnocchi.a1cd8f9a-8f21-4c93-865a-444ba4c64a86/none_v3" "tx9627d5242e76433188319-00693b8e7d" "proxy-server 97888" 0.0003 "-" 96958 0
Dec 11 22:39:41 np0005556243.novalocal proxy-server[97888]: ::1 ::1 12/Dec/2025/03/39/41 GET /v1/AUTH_402e63682d3749049fa8edf9e07dfd6e/gnocchi.a1cd8f9a-8f21-4c93-865a-444ba4c64a86/none_v3 HTTP/1.0 404 - python-swiftclient-4.8.0 gAAAAABpO450Q4QS... - 70 - tx9627d5242e76433188319-00693b8e7d - 0.0199 - - 1765510781.962332249 1765510781.982226610 0 89ff87eb6954479d969b489941791c9f
Dec 11 22:39:42 np0005556243.novalocal account-server[96332]: ::1 - - [12/Dec/2025:03:39:42 +0000] "PUT /2/88245/AUTH_402e63682d3749049fa8edf9e07dfd6e/gnocchi.a1cd8f9a-8f21-4c93-865a-444ba4c64a86" 201 - "PUT http://[::1]:6001/2/251579/AUTH_402e63682d3749049fa8edf9e07dfd6e/gnocchi.a1cd8f9a-8f21-4c93-865a-444ba4c64a86" "txa898d0bd0cc74d6fb9b34-00693b8e7d" "container-server 96624" 0.0059 "-" 96332 0
Dec 11 22:39:42 np0005556243.novalocal container-server[96624]: ::1 - - [12/Dec/2025:03:39:42 +0000] "PUT /2/251579/AUTH_402e63682d3749049fa8edf9e07dfd6e/gnocchi.a1cd8f9a-8f21-4c93-865a-444ba4c64a86" 201 - "PUT https://[::1]:8080/v1/AUTH_402e63682d3749049fa8edf9e07dfd6e/gnocchi.a1cd8f9a-8f21-4c93-865a-444ba4c64a86" "txa898d0bd0cc74d6fb9b34-00693b8e7d" "proxy-server 97888" 0.0166 "-" 96624 0
Dec 11 22:39:42 np0005556243.novalocal account-server[96331]: ::1 - - [12/Dec/2025:03:39:42 +0000] "PUT /1/88245/AUTH_402e63682d3749049fa8edf9e07dfd6e/gnocchi.a1cd8f9a-8f21-4c93-865a-444ba4c64a86" 201 - "PUT http://[::1]:6001/1/251579/AUTH_402e63682d3749049fa8edf9e07dfd6e/gnocchi.a1cd8f9a-8f21-4c93-865a-444ba4c64a86" "txa898d0bd0cc74d6fb9b34-00693b8e7d" "container-server 96625" 0.0080 "-" 96331 0
Dec 11 22:39:42 np0005556243.novalocal account-server[96332]: ::1 - - [12/Dec/2025:03:39:42 +0000] "PUT /3/88245/AUTH_402e63682d3749049fa8edf9e07dfd6e/gnocchi.a1cd8f9a-8f21-4c93-865a-444ba4c64a86" 201 - "PUT http://[::1]:6001/3/251579/AUTH_402e63682d3749049fa8edf9e07dfd6e/gnocchi.a1cd8f9a-8f21-4c93-865a-444ba4c64a86" "txa898d0bd0cc74d6fb9b34-00693b8e7d" "container-server 96625" 0.0063 "-" 96332 0
Dec 11 22:39:42 np0005556243.novalocal container-server[96625]: ::1 - - [12/Dec/2025:03:39:42 +0000] "PUT /1/251579/AUTH_402e63682d3749049fa8edf9e07dfd6e/gnocchi.a1cd8f9a-8f21-4c93-865a-444ba4c64a86" 201 - "PUT https://[::1]:8080/v1/AUTH_402e63682d3749049fa8edf9e07dfd6e/gnocchi.a1cd8f9a-8f21-4c93-865a-444ba4c64a86" "txa898d0bd0cc74d6fb9b34-00693b8e7d" "proxy-server 97888" 0.0390 "-" 96625 0
Dec 11 22:39:42 np0005556243.novalocal container-server[96625]: ::1 - - [12/Dec/2025:03:39:42 +0000] "PUT /3/251579/AUTH_402e63682d3749049fa8edf9e07dfd6e/gnocchi.a1cd8f9a-8f21-4c93-865a-444ba4c64a86" 201 - "PUT https://[::1]:8080/v1/AUTH_402e63682d3749049fa8edf9e07dfd6e/gnocchi.a1cd8f9a-8f21-4c93-865a-444ba4c64a86" "txa898d0bd0cc74d6fb9b34-00693b8e7d" "proxy-server 97888" 0.0240 "-" 96625 0
Dec 11 22:39:42 np0005556243.novalocal proxy-server[97888]: ::1 ::1 12/Dec/2025/03/39/42 PUT /v1/AUTH_402e63682d3749049fa8edf9e07dfd6e/gnocchi.a1cd8f9a-8f21-4c93-865a-444ba4c64a86 HTTP/1.0 201 - python-swiftclient-4.8.0 gAAAAABpO450Q4QS... - - - txa898d0bd0cc74d6fb9b34-00693b8e7d - 0.0492 - - 1765510781.984377146 1765510782.033563614 0 89ff87eb6954479d969b489941791c9f
Dec 11 22:39:42 np0005556243.novalocal container-server[96625]: ::1 - - [12/Dec/2025:03:39:42 +0000] "HEAD /2/251579/AUTH_402e63682d3749049fa8edf9e07dfd6e/gnocchi.a1cd8f9a-8f21-4c93-865a-444ba4c64a86" 204 - "HEAD http://[::1]:8080/v1/AUTH_402e63682d3749049fa8edf9e07dfd6e/gnocchi.a1cd8f9a-8f21-4c93-865a-444ba4c64a86" "tx8ed7e3d7f99a424f92a81-00693b8e7e" "proxy-server 97888" 0.0020 "-" 96625 0
Dec 11 22:39:42 np0005556243.novalocal proxy-server[97888]: - - 12/Dec/2025/03/39/42 HEAD /v1/AUTH_402e63682d3749049fa8edf9e07dfd6e/gnocchi.a1cd8f9a-8f21-4c93-865a-444ba4c64a86 HTTP/1.0 204 - Swift - - - - tx8ed7e3d7f99a424f92a81-00693b8e7e - 0.0051 CS - 1765510782.036750078 1765510782.041833162 0 -
Dec 11 22:39:42 np0005556243.novalocal container-server[96625]: ::1 - - [12/Dec/2025:03:39:42 +0000] "GET /2/251579/AUTH_402e63682d3749049fa8edf9e07dfd6e/gnocchi.a1cd8f9a-8f21-4c93-865a-444ba4c64a86" 200 2 "GET https://[::1]:8080/v1/AUTH_402e63682d3749049fa8edf9e07dfd6e/gnocchi.a1cd8f9a-8f21-4c93-865a-444ba4c64a86?format=json&states=listing" "tx8ed7e3d7f99a424f92a81-00693b8e7e" "proxy-server 97888" 0.0031 "-" 96625 0
Dec 11 22:39:42 np0005556243.novalocal proxy-server[97888]: ::1 ::1 12/Dec/2025/03/39/42 GET /v1/AUTH_402e63682d3749049fa8edf9e07dfd6e/gnocchi.a1cd8f9a-8f21-4c93-865a-444ba4c64a86%3Fformat%3Djson%26states%3Dlisting HTTP/1.0 200 - python-swiftclient-4.8.0 gAAAAABpO450Q4QS... - 2 - tx8ed7e3d7f99a424f92a81-00693b8e7e - 0.0142 - - 1765510782.036056042 1765510782.050228596 0 89ff87eb6954479d969b489941791c9f
Dec 11 22:39:42 np0005556243.novalocal object-server[96958]: ::1 - - [12/Dec/2025:03:39:42 +0000] "GET /1/216701/AUTH_402e63682d3749049fa8edf9e07dfd6e/gnocchi.a1cd8f9a-8f21-4c93-865a-444ba4c64a86/1764720000.0_mean_300.0_v3" 404 70 "GET https://[::1]:8080/v1/AUTH_402e63682d3749049fa8edf9e07dfd6e/gnocchi.a1cd8f9a-8f21-4c93-865a-444ba4c64a86/1764720000.0_mean_300.0_v3" "txc40082eeebae47f38bbfb-00693b8e7e" "proxy-server 97888" 0.0005 "-" 96958 0
Dec 11 22:39:42 np0005556243.novalocal object-server[96957]: ::1 - - [12/Dec/2025:03:39:42 +0000] "GET /3/216701/AUTH_402e63682d3749049fa8edf9e07dfd6e/gnocchi.a1cd8f9a-8f21-4c93-865a-444ba4c64a86/1764720000.0_mean_300.0_v3" 404 70 "GET https://[::1]:8080/v1/AUTH_402e63682d3749049fa8edf9e07dfd6e/gnocchi.a1cd8f9a-8f21-4c93-865a-444ba4c64a86/1764720000.0_mean_300.0_v3" "txc40082eeebae47f38bbfb-00693b8e7e" "proxy-server 97888" 0.0004 "-" 96957 0
Dec 11 22:39:42 np0005556243.novalocal object-server[96958]: ::1 - - [12/Dec/2025:03:39:42 +0000] "GET /2/216701/AUTH_402e63682d3749049fa8edf9e07dfd6e/gnocchi.a1cd8f9a-8f21-4c93-865a-444ba4c64a86/1764720000.0_mean_300.0_v3" 404 70 "GET https://[::1]:8080/v1/AUTH_402e63682d3749049fa8edf9e07dfd6e/gnocchi.a1cd8f9a-8f21-4c93-865a-444ba4c64a86/1764720000.0_mean_300.0_v3" "txc40082eeebae47f38bbfb-00693b8e7e" "proxy-server 97888" 0.0003 "-" 96958 0
Dec 11 22:39:42 np0005556243.novalocal proxy-server[97888]: ::1 ::1 12/Dec/2025/03/39/42 GET /v1/AUTH_402e63682d3749049fa8edf9e07dfd6e/gnocchi.a1cd8f9a-8f21-4c93-865a-444ba4c64a86/1764720000.0_mean_300.0_v3 HTTP/1.0 404 - python-swiftclient-4.8.0 gAAAAABpO450Q4QS... - 70 - txc40082eeebae47f38bbfb-00693b8e7e - 0.0117 - - 1765510782.052507162 1765510782.064215899 0 89ff87eb6954479d969b489941791c9f
Dec 11 22:39:42 np0005556243.novalocal container-server[96625]: ::1 - - [12/Dec/2025:03:39:42 +0000] "PUT /1/251579/AUTH_402e63682d3749049fa8edf9e07dfd6e/gnocchi.a1cd8f9a-8f21-4c93-865a-444ba4c64a86/1764720000.0_mean_300.0_v3" 201 - "PUT http://[::1]:8080/3/216701/AUTH_402e63682d3749049fa8edf9e07dfd6e/gnocchi.a1cd8f9a-8f21-4c93-865a-444ba4c64a86/1764720000.0_mean_300.0_v3" "txea607f846f71428ea2621-00693b8e7e" "object-server 96957" 0.0008 "-" 96625 0
Dec 11 22:39:42 np0005556243.novalocal object-server[96957]: ::1 - - [12/Dec/2025:03:39:42 +0000] "PUT /3/216701/AUTH_402e63682d3749049fa8edf9e07dfd6e/gnocchi.a1cd8f9a-8f21-4c93-865a-444ba4c64a86/1764720000.0_mean_300.0_v3" 201 - "PUT https://[::1]:8080/v1/AUTH_402e63682d3749049fa8edf9e07dfd6e/gnocchi.a1cd8f9a-8f21-4c93-865a-444ba4c64a86/1764720000.0_mean_300.0_v3" "txea607f846f71428ea2621-00693b8e7e" "proxy-server 97888" 0.0156 "-" 96957 0
Dec 11 22:39:42 np0005556243.novalocal container-server[96624]: ::1 - - [12/Dec/2025:03:39:42 +0000] "PUT /2/251579/AUTH_402e63682d3749049fa8edf9e07dfd6e/gnocchi.a1cd8f9a-8f21-4c93-865a-444ba4c64a86/1764720000.0_mean_300.0_v3" 201 - "PUT http://[::1]:8080/1/216701/AUTH_402e63682d3749049fa8edf9e07dfd6e/gnocchi.a1cd8f9a-8f21-4c93-865a-444ba4c64a86/1764720000.0_mean_300.0_v3" "txea607f846f71428ea2621-00693b8e7e" "object-server 96958" 0.0007 "-" 96624 0
Dec 11 22:39:42 np0005556243.novalocal container-server[96625]: ::1 - - [12/Dec/2025:03:39:42 +0000] "PUT /3/251579/AUTH_402e63682d3749049fa8edf9e07dfd6e/gnocchi.a1cd8f9a-8f21-4c93-865a-444ba4c64a86/1764720000.0_mean_300.0_v3" 201 - "PUT http://[::1]:8080/2/216701/AUTH_402e63682d3749049fa8edf9e07dfd6e/gnocchi.a1cd8f9a-8f21-4c93-865a-444ba4c64a86/1764720000.0_mean_300.0_v3" "txea607f846f71428ea2621-00693b8e7e" "object-server 96958" 0.0008 "-" 96625 0
Dec 11 22:39:42 np0005556243.novalocal object-server[96958]: ::1 - - [12/Dec/2025:03:39:42 +0000] "PUT /1/216701/AUTH_402e63682d3749049fa8edf9e07dfd6e/gnocchi.a1cd8f9a-8f21-4c93-865a-444ba4c64a86/1764720000.0_mean_300.0_v3" 201 - "PUT https://[::1]:8080/v1/AUTH_402e63682d3749049fa8edf9e07dfd6e/gnocchi.a1cd8f9a-8f21-4c93-865a-444ba4c64a86/1764720000.0_mean_300.0_v3" "txea607f846f71428ea2621-00693b8e7e" "proxy-server 97888" 0.0168 "-" 96958 0
Dec 11 22:39:42 np0005556243.novalocal object-server[96958]: ::1 - - [12/Dec/2025:03:39:42 +0000] "PUT /2/216701/AUTH_402e63682d3749049fa8edf9e07dfd6e/gnocchi.a1cd8f9a-8f21-4c93-865a-444ba4c64a86/1764720000.0_mean_300.0_v3" 201 - "PUT https://[::1]:8080/v1/AUTH_402e63682d3749049fa8edf9e07dfd6e/gnocchi.a1cd8f9a-8f21-4c93-865a-444ba4c64a86/1764720000.0_mean_300.0_v3" "txea607f846f71428ea2621-00693b8e7e" "proxy-server 97888" 0.0212 "-" 96958 0
Dec 11 22:39:42 np0005556243.novalocal proxy-server[97888]: ::1 ::1 12/Dec/2025/03/39/42 PUT /v1/AUTH_402e63682d3749049fa8edf9e07dfd6e/gnocchi.a1cd8f9a-8f21-4c93-865a-444ba4c64a86/1764720000.0_mean_300.0_v3 HTTP/1.0 201 - python-swiftclient-4.8.0 gAAAAABpO450Q4QS... 16 - - txea607f846f71428ea2621-00693b8e7e - 0.0298 - - 1765510782.067070246 1765510782.096874714 0 89ff87eb6954479d969b489941791c9f
Dec 11 22:39:42 np0005556243.novalocal container-server[96624]: ::1 - - [12/Dec/2025:03:39:42 +0000] "PUT /3/251579/AUTH_402e63682d3749049fa8edf9e07dfd6e/gnocchi.a1cd8f9a-8f21-4c93-865a-444ba4c64a86/none_v3" 201 - "PUT http://[::1]:8080/1/152286/AUTH_402e63682d3749049fa8edf9e07dfd6e/gnocchi.a1cd8f9a-8f21-4c93-865a-444ba4c64a86/none_v3" "txf102c2c1daa34a138c1e7-00693b8e7e" "object-server 96958" 0.0007 "-" 96624 0
Dec 11 22:39:42 np0005556243.novalocal object-server[96958]: ::1 - - [12/Dec/2025:03:39:42 +0000] "PUT /1/152286/AUTH_402e63682d3749049fa8edf9e07dfd6e/gnocchi.a1cd8f9a-8f21-4c93-865a-444ba4c64a86/none_v3" 201 - "PUT https://[::1]:8080/v1/AUTH_402e63682d3749049fa8edf9e07dfd6e/gnocchi.a1cd8f9a-8f21-4c93-865a-444ba4c64a86/none_v3" "txf102c2c1daa34a138c1e7-00693b8e7e" "proxy-server 97888" 0.0115 "-" 96958 0
Dec 11 22:39:42 np0005556243.novalocal container-server[96624]: ::1 - - [12/Dec/2025:03:39:42 +0000] "PUT /2/251579/AUTH_402e63682d3749049fa8edf9e07dfd6e/gnocchi.a1cd8f9a-8f21-4c93-865a-444ba4c64a86/none_v3" 201 - "PUT http://[::1]:8080/2/152286/AUTH_402e63682d3749049fa8edf9e07dfd6e/gnocchi.a1cd8f9a-8f21-4c93-865a-444ba4c64a86/none_v3" "txf102c2c1daa34a138c1e7-00693b8e7e" "object-server 96957" 0.0005 "-" 96624 0
Dec 11 22:39:42 np0005556243.novalocal object-server[96957]: ::1 - - [12/Dec/2025:03:39:42 +0000] "PUT /2/152286/AUTH_402e63682d3749049fa8edf9e07dfd6e/gnocchi.a1cd8f9a-8f21-4c93-865a-444ba4c64a86/none_v3" 201 - "PUT https://[::1]:8080/v1/AUTH_402e63682d3749049fa8edf9e07dfd6e/gnocchi.a1cd8f9a-8f21-4c93-865a-444ba4c64a86/none_v3" "txf102c2c1daa34a138c1e7-00693b8e7e" "proxy-server 97888" 0.0112 "-" 96957 0
Dec 11 22:39:42 np0005556243.novalocal container-server[96625]: ::1 - - [12/Dec/2025:03:39:42 +0000] "PUT /1/251579/AUTH_402e63682d3749049fa8edf9e07dfd6e/gnocchi.a1cd8f9a-8f21-4c93-865a-444ba4c64a86/none_v3" 201 - "PUT http://[::1]:8080/3/152286/AUTH_402e63682d3749049fa8edf9e07dfd6e/gnocchi.a1cd8f9a-8f21-4c93-865a-444ba4c64a86/none_v3" "txf102c2c1daa34a138c1e7-00693b8e7e" "object-server 96957" 0.0005 "-" 96625 0
Dec 11 22:39:42 np0005556243.novalocal object-server[96957]: ::1 - - [12/Dec/2025:03:39:42 +0000] "PUT /3/152286/AUTH_402e63682d3749049fa8edf9e07dfd6e/gnocchi.a1cd8f9a-8f21-4c93-865a-444ba4c64a86/none_v3" 201 - "PUT https://[::1]:8080/v1/AUTH_402e63682d3749049fa8edf9e07dfd6e/gnocchi.a1cd8f9a-8f21-4c93-865a-444ba4c64a86/none_v3" "txf102c2c1daa34a138c1e7-00693b8e7e" "proxy-server 97888" 0.0159 "-" 96957 0
Dec 11 22:39:42 np0005556243.novalocal proxy-server[97888]: ::1 ::1 12/Dec/2025/03/39/42 PUT /v1/AUTH_402e63682d3749049fa8edf9e07dfd6e/gnocchi.a1cd8f9a-8f21-4c93-865a-444ba4c64a86/none_v3 HTTP/1.0 201 - python-swiftclient-4.8.0 gAAAAABpO450Q4QS... 22 - - txf102c2c1daa34a138c1e7-00693b8e7e - 0.0240 - - 1765510782.099589825 1765510782.123551846 0 89ff87eb6954479d969b489941791c9f
Dec 11 22:39:42 np0005556243.novalocal container-server[96624]: ::1 - - [12/Dec/2025:03:39:42 +0000] "HEAD /2/64964/AUTH_402e63682d3749049fa8edf9e07dfd6e/gnocchi.3da64547-cf34-4d02-a82e-fea14a432f15" 404 - "HEAD http://[::1]:8080/v1/AUTH_402e63682d3749049fa8edf9e07dfd6e/gnocchi.3da64547-cf34-4d02-a82e-fea14a432f15" "tx2448c2587e5249ed9685e-00693b8e7e" "proxy-server 97888" 0.0003 "-" 96624 0
Dec 11 22:39:42 np0005556243.novalocal container-server[96624]: ::1 - - [12/Dec/2025:03:39:42 +0000] "HEAD /1/64964/AUTH_402e63682d3749049fa8edf9e07dfd6e/gnocchi.3da64547-cf34-4d02-a82e-fea14a432f15" 404 - "HEAD http://[::1]:8080/v1/AUTH_402e63682d3749049fa8edf9e07dfd6e/gnocchi.3da64547-cf34-4d02-a82e-fea14a432f15" "tx2448c2587e5249ed9685e-00693b8e7e" "proxy-server 97888" 0.0003 "-" 96624 0
Dec 11 22:39:42 np0005556243.novalocal container-server[96624]: ::1 - - [12/Dec/2025:03:39:42 +0000] "HEAD /3/64964/AUTH_402e63682d3749049fa8edf9e07dfd6e/gnocchi.3da64547-cf34-4d02-a82e-fea14a432f15" 404 - "HEAD http://[::1]:8080/v1/AUTH_402e63682d3749049fa8edf9e07dfd6e/gnocchi.3da64547-cf34-4d02-a82e-fea14a432f15" "tx2448c2587e5249ed9685e-00693b8e7e" "proxy-server 97888" 0.0002 "-" 96624 0
Dec 11 22:39:42 np0005556243.novalocal proxy-server[97888]: - - 12/Dec/2025/03/39/42 HEAD /v1/AUTH_402e63682d3749049fa8edf9e07dfd6e/gnocchi.3da64547-cf34-4d02-a82e-fea14a432f15 HTTP/1.0 404 - Swift - - - - tx2448c2587e5249ed9685e-00693b8e7e - 0.0085 CS - 1765510782.151189089 1765510782.159732342 0 -
Dec 11 22:39:42 np0005556243.novalocal object-server[96958]: ::1 - - [12/Dec/2025:03:39:42 +0000] "GET /2/34317/AUTH_402e63682d3749049fa8edf9e07dfd6e/gnocchi.3da64547-cf34-4d02-a82e-fea14a432f15/none_v3" 404 70 "GET https://[::1]:8080/v1/AUTH_402e63682d3749049fa8edf9e07dfd6e/gnocchi.3da64547-cf34-4d02-a82e-fea14a432f15/none_v3" "tx2448c2587e5249ed9685e-00693b8e7e" "proxy-server 97888" 0.0004 "-" 96958 0
Dec 11 22:39:42 np0005556243.novalocal object-server[96958]: ::1 - - [12/Dec/2025:03:39:42 +0000] "GET /3/34317/AUTH_402e63682d3749049fa8edf9e07dfd6e/gnocchi.3da64547-cf34-4d02-a82e-fea14a432f15/none_v3" 404 70 "GET https://[::1]:8080/v1/AUTH_402e63682d3749049fa8edf9e07dfd6e/gnocchi.3da64547-cf34-4d02-a82e-fea14a432f15/none_v3" "tx2448c2587e5249ed9685e-00693b8e7e" "proxy-server 97888" 0.0002 "-" 96958 0
Dec 11 22:39:42 np0005556243.novalocal object-server[96958]: ::1 - - [12/Dec/2025:03:39:42 +0000] "GET /1/34317/AUTH_402e63682d3749049fa8edf9e07dfd6e/gnocchi.3da64547-cf34-4d02-a82e-fea14a432f15/none_v3" 404 70 "GET https://[::1]:8080/v1/AUTH_402e63682d3749049fa8edf9e07dfd6e/gnocchi.3da64547-cf34-4d02-a82e-fea14a432f15/none_v3" "tx2448c2587e5249ed9685e-00693b8e7e" "proxy-server 97888" 0.0002 "-" 96958 0
Dec 11 22:39:42 np0005556243.novalocal proxy-server[97888]: ::1 ::1 12/Dec/2025/03/39/42 GET /v1/AUTH_402e63682d3749049fa8edf9e07dfd6e/gnocchi.3da64547-cf34-4d02-a82e-fea14a432f15/none_v3 HTTP/1.0 404 - python-swiftclient-4.8.0 gAAAAABpO450Q4QS... - 70 - tx2448c2587e5249ed9685e-00693b8e7e - 0.0185 - - 1765510782.149989605 1765510782.168515444 0 89ff87eb6954479d969b489941791c9f
Dec 11 22:39:42 np0005556243.novalocal account-server[96332]: ::1 - - [12/Dec/2025:03:39:42 +0000] "PUT /3/88245/AUTH_402e63682d3749049fa8edf9e07dfd6e/gnocchi.3da64547-cf34-4d02-a82e-fea14a432f15" 201 - "PUT http://[::1]:6001/1/64964/AUTH_402e63682d3749049fa8edf9e07dfd6e/gnocchi.3da64547-cf34-4d02-a82e-fea14a432f15" "txba7502e93a7e4bbe89f9c-00693b8e7e" "container-server 96624" 0.0060 "-" 96332 0
Dec 11 22:39:42 np0005556243.novalocal container-server[96624]: ::1 - - [12/Dec/2025:03:39:42 +0000] "PUT /1/64964/AUTH_402e63682d3749049fa8edf9e07dfd6e/gnocchi.3da64547-cf34-4d02-a82e-fea14a432f15" 201 - "PUT https://[::1]:8080/v1/AUTH_402e63682d3749049fa8edf9e07dfd6e/gnocchi.3da64547-cf34-4d02-a82e-fea14a432f15" "txba7502e93a7e4bbe89f9c-00693b8e7e" "proxy-server 97888" 0.0155 "-" 96624 0
Dec 11 22:39:42 np0005556243.novalocal account-server[96331]: ::1 - - [12/Dec/2025:03:39:42 +0000] "PUT /2/88245/AUTH_402e63682d3749049fa8edf9e07dfd6e/gnocchi.3da64547-cf34-4d02-a82e-fea14a432f15" 201 - "PUT http://[::1]:6001/2/64964/AUTH_402e63682d3749049fa8edf9e07dfd6e/gnocchi.3da64547-cf34-4d02-a82e-fea14a432f15" "txba7502e93a7e4bbe89f9c-00693b8e7e" "container-server 96625" 0.0054 "-" 96331 0
Dec 11 22:39:42 np0005556243.novalocal container-server[96625]: ::1 - - [12/Dec/2025:03:39:42 +0000] "PUT /2/64964/AUTH_402e63682d3749049fa8edf9e07dfd6e/gnocchi.3da64547-cf34-4d02-a82e-fea14a432f15" 201 - "PUT https://[::1]:8080/v1/AUTH_402e63682d3749049fa8edf9e07dfd6e/gnocchi.3da64547-cf34-4d02-a82e-fea14a432f15" "txba7502e93a7e4bbe89f9c-00693b8e7e" "proxy-server 97888" 0.0333 "-" 96625 0
Dec 11 22:39:42 np0005556243.novalocal account-server[96331]: ::1 - - [12/Dec/2025:03:39:42 +0000] "PUT /1/88245/AUTH_402e63682d3749049fa8edf9e07dfd6e/gnocchi.3da64547-cf34-4d02-a82e-fea14a432f15" 201 - "PUT http://[::1]:6001/3/64964/AUTH_402e63682d3749049fa8edf9e07dfd6e/gnocchi.3da64547-cf34-4d02-a82e-fea14a432f15" "txba7502e93a7e4bbe89f9c-00693b8e7e" "container-server 96625" 0.0052 "-" 96331 0
Dec 11 22:39:42 np0005556243.novalocal container-server[96625]: ::1 - - [12/Dec/2025:03:39:42 +0000] "PUT /3/64964/AUTH_402e63682d3749049fa8edf9e07dfd6e/gnocchi.3da64547-cf34-4d02-a82e-fea14a432f15" 201 - "PUT https://[::1]:8080/v1/AUTH_402e63682d3749049fa8edf9e07dfd6e/gnocchi.3da64547-cf34-4d02-a82e-fea14a432f15" "txba7502e93a7e4bbe89f9c-00693b8e7e" "proxy-server 97888" 0.0233 "-" 96625 0
Dec 11 22:39:42 np0005556243.novalocal proxy-server[97888]: ::1 ::1 12/Dec/2025/03/39/42 PUT /v1/AUTH_402e63682d3749049fa8edf9e07dfd6e/gnocchi.3da64547-cf34-4d02-a82e-fea14a432f15 HTTP/1.0 201 - python-swiftclient-4.8.0 gAAAAABpO450Q4QS... - - - txba7502e93a7e4bbe89f9c-00693b8e7e - 0.0500 - - 1765510782.170782089 1765510782.220802784 0 89ff87eb6954479d969b489941791c9f
Dec 11 22:39:42 np0005556243.novalocal container-server[96625]: ::1 - - [12/Dec/2025:03:39:42 +0000] "HEAD /2/64964/AUTH_402e63682d3749049fa8edf9e07dfd6e/gnocchi.3da64547-cf34-4d02-a82e-fea14a432f15" 204 - "HEAD http://[::1]:8080/v1/AUTH_402e63682d3749049fa8edf9e07dfd6e/gnocchi.3da64547-cf34-4d02-a82e-fea14a432f15" "txef70357183114875a0535-00693b8e7e" "proxy-server 97888" 0.0013 "-" 96625 0
Dec 11 22:39:42 np0005556243.novalocal proxy-server[97888]: - - 12/Dec/2025/03/39/42 HEAD /v1/AUTH_402e63682d3749049fa8edf9e07dfd6e/gnocchi.3da64547-cf34-4d02-a82e-fea14a432f15 HTTP/1.0 204 - Swift - - - - txef70357183114875a0535-00693b8e7e - 0.0053 CS - 1765510782.226134777 1765510782.231410980 0 -
