Dec 11 22:40:22 np0005556243.novalocal object-server[96957]: ::1 - - [12/Dec/2025:03:40:22 +0000] "GET /3/4195/AUTH_402e63682d3749049fa8edf9e07dfd6e/gnocchi.8eb777a9-f6e6-4f01-a489-0edd5e5ee9ac/1764720000.0_mean_300.0_v3" 404 70 "GET https://[::1]:8080/v1/AUTH_402e63682d3749049fa8edf9e07dfd6e/gnocchi.8eb777a9-f6e6-4f01-a489-0edd5e5ee9ac/1764720000.0_mean_300.0_v3" "tx28802af6dc8f40ad967a8-00693b8ea6" "proxy-server 97888" 0.0005 "-" 96957 0
Dec 11 22:40:22 np0005556243.novalocal object-server[96957]: ::1 - - [12/Dec/2025:03:40:22 +0000] "GET /2/4195/AUTH_402e63682d3749049fa8edf9e07dfd6e/gnocchi.8eb777a9-f6e6-4f01-a489-0edd5e5ee9ac/1764720000.0_mean_300.0_v3" 404 70 "GET https://[::1]:8080/v1/AUTH_402e63682d3749049fa8edf9e07dfd6e/gnocchi.8eb777a9-f6e6-4f01-a489-0edd5e5ee9ac/1764720000.0_mean_300.0_v3" "tx28802af6dc8f40ad967a8-00693b8ea6" "proxy-server 97888" 0.0004 "-" 96957 0
Dec 11 22:40:22 np0005556243.novalocal object-server[96958]: ::1 - - [12/Dec/2025:03:40:22 +0000] "GET /1/4195/AUTH_402e63682d3749049fa8edf9e07dfd6e/gnocchi.8eb777a9-f6e6-4f01-a489-0edd5e5ee9ac/1764720000.0_mean_300.0_v3" 404 70 "GET https://[::1]:8080/v1/AUTH_402e63682d3749049fa8edf9e07dfd6e/gnocchi.8eb777a9-f6e6-4f01-a489-0edd5e5ee9ac/1764720000.0_mean_300.0_v3" "tx28802af6dc8f40ad967a8-00693b8ea6" "proxy-server 97888" 0.0008 "-" 96958 0
Dec 11 22:40:22 np0005556243.novalocal proxy-server[97888]: ::1 ::1 12/Dec/2025/03/40/22 GET /v1/AUTH_402e63682d3749049fa8edf9e07dfd6e/gnocchi.8eb777a9-f6e6-4f01-a489-0edd5e5ee9ac/1764720000.0_mean_300.0_v3 HTTP/1.0 404 - python-swiftclient-4.8.0 gAAAAABpO450Q4QS... - 70 - tx28802af6dc8f40ad967a8-00693b8ea6 - 0.0173 - - 1765510822.394902229 1765510822.412226915 0 89ff87eb6954479d969b489941791c9f
Dec 11 22:40:22 np0005556243.novalocal container-server[96625]: ::1 - - [12/Dec/2025:03:40:22 +0000] "PUT /1/132759/AUTH_402e63682d3749049fa8edf9e07dfd6e/gnocchi.8eb777a9-f6e6-4f01-a489-0edd5e5ee9ac/1764720000.0_mean_300.0_v3" 201 - "PUT http://[::1]:8080/2/4195/AUTH_402e63682d3749049fa8edf9e07dfd6e/gnocchi.8eb777a9-f6e6-4f01-a489-0edd5e5ee9ac/1764720000.0_mean_300.0_v3" "txeb3facdb18364b969b299-00693b8ea6" "object-server 96958" 0.0014 "-" 96625 0
Dec 11 22:40:22 np0005556243.novalocal object-server[96958]: ::1 - - [12/Dec/2025:03:40:22 +0000] "PUT /2/4195/AUTH_402e63682d3749049fa8edf9e07dfd6e/gnocchi.8eb777a9-f6e6-4f01-a489-0edd5e5ee9ac/1764720000.0_mean_300.0_v3" 201 - "PUT https://[::1]:8080/v1/AUTH_402e63682d3749049fa8edf9e07dfd6e/gnocchi.8eb777a9-f6e6-4f01-a489-0edd5e5ee9ac/1764720000.0_mean_300.0_v3" "txeb3facdb18364b969b299-00693b8ea6" "proxy-server 97888" 0.0205 "-" 96958 0
Dec 11 22:40:22 np0005556243.novalocal container-server[96625]: ::1 - - [12/Dec/2025:03:40:22 +0000] "PUT /3/132759/AUTH_402e63682d3749049fa8edf9e07dfd6e/gnocchi.8eb777a9-f6e6-4f01-a489-0edd5e5ee9ac/1764720000.0_mean_300.0_v3" 201 - "PUT http://[::1]:8080/1/4195/AUTH_402e63682d3749049fa8edf9e07dfd6e/gnocchi.8eb777a9-f6e6-4f01-a489-0edd5e5ee9ac/1764720000.0_mean_300.0_v3" "txeb3facdb18364b969b299-00693b8ea6" "object-server 96957" 0.0011 "-" 96625 0
Dec 11 22:40:22 np0005556243.novalocal object-server[96957]: ::1 - - [12/Dec/2025:03:40:22 +0000] "PUT /1/4195/AUTH_402e63682d3749049fa8edf9e07dfd6e/gnocchi.8eb777a9-f6e6-4f01-a489-0edd5e5ee9ac/1764720000.0_mean_300.0_v3" 201 - "PUT https://[::1]:8080/v1/AUTH_402e63682d3749049fa8edf9e07dfd6e/gnocchi.8eb777a9-f6e6-4f01-a489-0edd5e5ee9ac/1764720000.0_mean_300.0_v3" "txeb3facdb18364b969b299-00693b8ea6" "proxy-server 97888" 0.0255 "-" 96957 0
Dec 11 22:40:22 np0005556243.novalocal container-server[96625]: ::1 - - [12/Dec/2025:03:40:22 +0000] "PUT /2/132759/AUTH_402e63682d3749049fa8edf9e07dfd6e/gnocchi.8eb777a9-f6e6-4f01-a489-0edd5e5ee9ac/1764720000.0_mean_300.0_v3" 201 - "PUT http://[::1]:8080/3/4195/AUTH_402e63682d3749049fa8edf9e07dfd6e/gnocchi.8eb777a9-f6e6-4f01-a489-0edd5e5ee9ac/1764720000.0_mean_300.0_v3" "txeb3facdb18364b969b299-00693b8ea6" "object-server 96957" 0.0013 "-" 96625 0
Dec 11 22:40:22 np0005556243.novalocal object-server[96957]: ::1 - - [12/Dec/2025:03:40:22 +0000] "PUT /3/4195/AUTH_402e63682d3749049fa8edf9e07dfd6e/gnocchi.8eb777a9-f6e6-4f01-a489-0edd5e5ee9ac/1764720000.0_mean_300.0_v3" 201 - "PUT https://[::1]:8080/v1/AUTH_402e63682d3749049fa8edf9e07dfd6e/gnocchi.8eb777a9-f6e6-4f01-a489-0edd5e5ee9ac/1764720000.0_mean_300.0_v3" "txeb3facdb18364b969b299-00693b8ea6" "proxy-server 97888" 0.0275 "-" 96957 0
Dec 11 22:40:22 np0005556243.novalocal proxy-server[97888]: ::1 ::1 12/Dec/2025/03/40/22 PUT /v1/AUTH_402e63682d3749049fa8edf9e07dfd6e/gnocchi.8eb777a9-f6e6-4f01-a489-0edd5e5ee9ac/1764720000.0_mean_300.0_v3 HTTP/1.0 201 - python-swiftclient-4.8.0 gAAAAABpO450Q4QS... 16 - - txeb3facdb18364b969b299-00693b8ea6 - 0.0398 - - 1765510822.415915012 1765510822.455688238 0 89ff87eb6954479d969b489941791c9f
Dec 11 22:40:22 np0005556243.novalocal container-server[96625]: ::1 - - [12/Dec/2025:03:40:22 +0000] "PUT /3/132759/AUTH_402e63682d3749049fa8edf9e07dfd6e/gnocchi.8eb777a9-f6e6-4f01-a489-0edd5e5ee9ac/none_v3" 201 - "PUT http://[::1]:8080/1/9626/AUTH_402e63682d3749049fa8edf9e07dfd6e/gnocchi.8eb777a9-f6e6-4f01-a489-0edd5e5ee9ac/none_v3" "tx34d0c31661fc4560b4fb5-00693b8ea6" "object-server 96957" 0.0009 "-" 96625 0
Dec 11 22:40:22 np0005556243.novalocal object-server[96957]: ::1 - - [12/Dec/2025:03:40:22 +0000] "PUT /1/9626/AUTH_402e63682d3749049fa8edf9e07dfd6e/gnocchi.8eb777a9-f6e6-4f01-a489-0edd5e5ee9ac/none_v3" 201 - "PUT https://[::1]:8080/v1/AUTH_402e63682d3749049fa8edf9e07dfd6e/gnocchi.8eb777a9-f6e6-4f01-a489-0edd5e5ee9ac/none_v3" "tx34d0c31661fc4560b4fb5-00693b8ea6" "proxy-server 97888" 0.0150 "-" 96957 0
Dec 11 22:40:22 np0005556243.novalocal container-server[96624]: ::1 - - [12/Dec/2025:03:40:22 +0000] "PUT /1/132759/AUTH_402e63682d3749049fa8edf9e07dfd6e/gnocchi.8eb777a9-f6e6-4f01-a489-0edd5e5ee9ac/none_v3" 201 - "PUT http://[::1]:8080/3/9626/AUTH_402e63682d3749049fa8edf9e07dfd6e/gnocchi.8eb777a9-f6e6-4f01-a489-0edd5e5ee9ac/none_v3" "tx34d0c31661fc4560b4fb5-00693b8ea6" "object-server 96957" 0.0008 "-" 96624 0
Dec 11 22:40:22 np0005556243.novalocal object-server[96957]: ::1 - - [12/Dec/2025:03:40:22 +0000] "PUT /3/9626/AUTH_402e63682d3749049fa8edf9e07dfd6e/gnocchi.8eb777a9-f6e6-4f01-a489-0edd5e5ee9ac/none_v3" 201 - "PUT https://[::1]:8080/v1/AUTH_402e63682d3749049fa8edf9e07dfd6e/gnocchi.8eb777a9-f6e6-4f01-a489-0edd5e5ee9ac/none_v3" "tx34d0c31661fc4560b4fb5-00693b8ea6" "proxy-server 97888" 0.0228 "-" 96957 0
Dec 11 22:40:22 np0005556243.novalocal container-server[96624]: ::1 - - [12/Dec/2025:03:40:22 +0000] "PUT /2/132759/AUTH_402e63682d3749049fa8edf9e07dfd6e/gnocchi.8eb777a9-f6e6-4f01-a489-0edd5e5ee9ac/none_v3" 201 - "PUT http://[::1]:8080/2/9626/AUTH_402e63682d3749049fa8edf9e07dfd6e/gnocchi.8eb777a9-f6e6-4f01-a489-0edd5e5ee9ac/none_v3" "tx34d0c31661fc4560b4fb5-00693b8ea6" "object-server 96958" 0.0022 "-" 96624 0
Dec 11 22:40:22 np0005556243.novalocal object-server[96958]: ::1 - - [12/Dec/2025:03:40:22 +0000] "PUT /2/9626/AUTH_402e63682d3749049fa8edf9e07dfd6e/gnocchi.8eb777a9-f6e6-4f01-a489-0edd5e5ee9ac/none_v3" 201 - "PUT https://[::1]:8080/v1/AUTH_402e63682d3749049fa8edf9e07dfd6e/gnocchi.8eb777a9-f6e6-4f01-a489-0edd5e5ee9ac/none_v3" "tx34d0c31661fc4560b4fb5-00693b8ea6" "proxy-server 97888" 0.0274 "-" 96958 0
Dec 11 22:40:22 np0005556243.novalocal proxy-server[97888]: ::1 ::1 12/Dec/2025/03/40/22 PUT /v1/AUTH_402e63682d3749049fa8edf9e07dfd6e/gnocchi.8eb777a9-f6e6-4f01-a489-0edd5e5ee9ac/none_v3 HTTP/1.0 201 - python-swiftclient-4.8.0 gAAAAABpO450Q4QS... 22 - - tx34d0c31661fc4560b4fb5-00693b8ea6 - 0.0398 - - 1765510822.459869862 1765510822.499667645 0 89ff87eb6954479d969b489941791c9f
Dec 11 22:40:22 np0005556243.novalocal container-server[96625]: ::1 - - [12/Dec/2025:03:40:22 +0000] "HEAD /2/179942/AUTH_402e63682d3749049fa8edf9e07dfd6e/gnocchi.3d0fc1cf-20d1-49e2-9982-a9f8e8055c41" 404 - "HEAD http://[::1]:8080/v1/AUTH_402e63682d3749049fa8edf9e07dfd6e/gnocchi.3d0fc1cf-20d1-49e2-9982-a9f8e8055c41" "tx032f02b5c6554cdea03c8-00693b8ea6" "proxy-server 97888" 0.0005 "-" 96625 0
Dec 11 22:40:22 np0005556243.novalocal container-server[96625]: ::1 - - [12/Dec/2025:03:40:22 +0000] "HEAD /1/179942/AUTH_402e63682d3749049fa8edf9e07dfd6e/gnocchi.3d0fc1cf-20d1-49e2-9982-a9f8e8055c41" 404 - "HEAD http://[::1]:8080/v1/AUTH_402e63682d3749049fa8edf9e07dfd6e/gnocchi.3d0fc1cf-20d1-49e2-9982-a9f8e8055c41" "tx032f02b5c6554cdea03c8-00693b8ea6" "proxy-server 97888" 0.0003 "-" 96625 0
Dec 11 22:40:22 np0005556243.novalocal container-server[96624]: ::1 - - [12/Dec/2025:03:40:22 +0000] "HEAD /3/179942/AUTH_402e63682d3749049fa8edf9e07dfd6e/gnocchi.3d0fc1cf-20d1-49e2-9982-a9f8e8055c41" 404 - "HEAD http://[::1]:8080/v1/AUTH_402e63682d3749049fa8edf9e07dfd6e/gnocchi.3d0fc1cf-20d1-49e2-9982-a9f8e8055c41" "tx032f02b5c6554cdea03c8-00693b8ea6" "proxy-server 97888" 0.0004 "-" 96624 0
Dec 11 22:40:22 np0005556243.novalocal proxy-server[97888]: - - 12/Dec/2025/03/40/22 HEAD /v1/AUTH_402e63682d3749049fa8edf9e07dfd6e/gnocchi.3d0fc1cf-20d1-49e2-9982-a9f8e8055c41 HTTP/1.0 404 - Swift - - - - tx032f02b5c6554cdea03c8-00693b8ea6 - 0.0115 CS - 1765510822.570365667 1765510822.581834078 0 -
Dec 11 22:40:22 np0005556243.novalocal object-server[96958]: ::1 - - [12/Dec/2025:03:40:22 +0000] "GET /3/187603/AUTH_402e63682d3749049fa8edf9e07dfd6e/gnocchi.3d0fc1cf-20d1-49e2-9982-a9f8e8055c41/none_v3" 404 70 "GET https://[::1]:8080/v1/AUTH_402e63682d3749049fa8edf9e07dfd6e/gnocchi.3d0fc1cf-20d1-49e2-9982-a9f8e8055c41/none_v3" "tx032f02b5c6554cdea03c8-00693b8ea6" "proxy-server 97888" 0.0008 "-" 96958 0
Dec 11 22:40:22 np0005556243.novalocal object-server[96958]: ::1 - - [12/Dec/2025:03:40:22 +0000] "GET /1/187603/AUTH_402e63682d3749049fa8edf9e07dfd6e/gnocchi.3d0fc1cf-20d1-49e2-9982-a9f8e8055c41/none_v3" 404 70 "GET https://[::1]:8080/v1/AUTH_402e63682d3749049fa8edf9e07dfd6e/gnocchi.3d0fc1cf-20d1-49e2-9982-a9f8e8055c41/none_v3" "tx032f02b5c6554cdea03c8-00693b8ea6" "proxy-server 97888" 0.0004 "-" 96958 0
Dec 11 22:40:22 np0005556243.novalocal object-server[96957]: ::1 - - [12/Dec/2025:03:40:22 +0000] "GET /2/187603/AUTH_402e63682d3749049fa8edf9e07dfd6e/gnocchi.3d0fc1cf-20d1-49e2-9982-a9f8e8055c41/none_v3" 404 70 "GET https://[::1]:8080/v1/AUTH_402e63682d3749049fa8edf9e07dfd6e/gnocchi.3d0fc1cf-20d1-49e2-9982-a9f8e8055c41/none_v3" "tx032f02b5c6554cdea03c8-00693b8ea6" "proxy-server 97888" 0.0005 "-" 96957 0
Dec 11 22:40:22 np0005556243.novalocal proxy-server[97888]: ::1 ::1 12/Dec/2025/03/40/22 GET /v1/AUTH_402e63682d3749049fa8edf9e07dfd6e/gnocchi.3d0fc1cf-20d1-49e2-9982-a9f8e8055c41/none_v3 HTTP/1.0 404 - python-swiftclient-4.8.0 gAAAAABpO450Q4QS... - 70 - tx032f02b5c6554cdea03c8-00693b8ea6 - 0.0310 - - 1765510822.569378376 1765510822.600375414 0 89ff87eb6954479d969b489941791c9f
Dec 11 22:40:22 np0005556243.novalocal account-server[96332]: ::1 - - [12/Dec/2025:03:40:22 +0000] "PUT /1/88245/AUTH_402e63682d3749049fa8edf9e07dfd6e/gnocchi.3d0fc1cf-20d1-49e2-9982-a9f8e8055c41" 201 - "PUT http://[::1]:6001/1/179942/AUTH_402e63682d3749049fa8edf9e07dfd6e/gnocchi.3d0fc1cf-20d1-49e2-9982-a9f8e8055c41" "txc0a04ea9c7074878bf152-00693b8ea6" "container-server 96625" 0.0043 "-" 96332 0
Dec 11 22:40:22 np0005556243.novalocal account-server[96331]: ::1 - - [12/Dec/2025:03:40:22 +0000] "PUT /3/88245/AUTH_402e63682d3749049fa8edf9e07dfd6e/gnocchi.3d0fc1cf-20d1-49e2-9982-a9f8e8055c41" 201 - "PUT http://[::1]:6001/3/179942/AUTH_402e63682d3749049fa8edf9e07dfd6e/gnocchi.3d0fc1cf-20d1-49e2-9982-a9f8e8055c41" "txc0a04ea9c7074878bf152-00693b8ea6" "container-server 96624" 0.0062 "-" 96331 0
Dec 11 22:40:22 np0005556243.novalocal container-server[96624]: ::1 - - [12/Dec/2025:03:40:22 +0000] "PUT /3/179942/AUTH_402e63682d3749049fa8edf9e07dfd6e/gnocchi.3d0fc1cf-20d1-49e2-9982-a9f8e8055c41" 201 - "PUT https://[::1]:8080/v1/AUTH_402e63682d3749049fa8edf9e07dfd6e/gnocchi.3d0fc1cf-20d1-49e2-9982-a9f8e8055c41" "txc0a04ea9c7074878bf152-00693b8ea6" "proxy-server 97888" 0.0379 "-" 96624 0
Dec 11 22:40:22 np0005556243.novalocal container-server[96625]: ::1 - - [12/Dec/2025:03:40:22 +0000] "PUT /1/179942/AUTH_402e63682d3749049fa8edf9e07dfd6e/gnocchi.3d0fc1cf-20d1-49e2-9982-a9f8e8055c41" 201 - "PUT https://[::1]:8080/v1/AUTH_402e63682d3749049fa8edf9e07dfd6e/gnocchi.3d0fc1cf-20d1-49e2-9982-a9f8e8055c41" "txc0a04ea9c7074878bf152-00693b8ea6" "proxy-server 97888" 0.0399 "-" 96625 0
Dec 11 22:40:22 np0005556243.novalocal account-server[96331]: ::1 - - [12/Dec/2025:03:40:22 +0000] "PUT /2/88245/AUTH_402e63682d3749049fa8edf9e07dfd6e/gnocchi.3d0fc1cf-20d1-49e2-9982-a9f8e8055c41" 201 - "PUT http://[::1]:6001/2/179942/AUTH_402e63682d3749049fa8edf9e07dfd6e/gnocchi.3d0fc1cf-20d1-49e2-9982-a9f8e8055c41" "txc0a04ea9c7074878bf152-00693b8ea6" "container-server 96625" 0.0053 "-" 96331 0
Dec 11 22:40:22 np0005556243.novalocal container-server[96625]: ::1 - - [12/Dec/2025:03:40:22 +0000] "PUT /2/179942/AUTH_402e63682d3749049fa8edf9e07dfd6e/gnocchi.3d0fc1cf-20d1-49e2-9982-a9f8e8055c41" 201 - "PUT https://[::1]:8080/v1/AUTH_402e63682d3749049fa8edf9e07dfd6e/gnocchi.3d0fc1cf-20d1-49e2-9982-a9f8e8055c41" "txc0a04ea9c7074878bf152-00693b8ea6" "proxy-server 97888" 0.0194 "-" 96625 0
Dec 11 22:40:22 np0005556243.novalocal proxy-server[97888]: ::1 ::1 12/Dec/2025/03/40/22 PUT /v1/AUTH_402e63682d3749049fa8edf9e07dfd6e/gnocchi.3d0fc1cf-20d1-49e2-9982-a9f8e8055c41 HTTP/1.0 201 - python-swiftclient-4.8.0 gAAAAABpO450Q4QS... - - - txc0a04ea9c7074878bf152-00693b8ea6 - 0.0580 - - 1765510822.604162216 1765510822.662166357 0 89ff87eb6954479d969b489941791c9f
Dec 11 22:40:22 np0005556243.novalocal container-server[96625]: ::1 - - [12/Dec/2025:03:40:22 +0000] "HEAD /2/179942/AUTH_402e63682d3749049fa8edf9e07dfd6e/gnocchi.3d0fc1cf-20d1-49e2-9982-a9f8e8055c41" 204 - "HEAD http://[::1]:8080/v1/AUTH_402e63682d3749049fa8edf9e07dfd6e/gnocchi.3d0fc1cf-20d1-49e2-9982-a9f8e8055c41" "tx13b3d9a415d3468bb1587-00693b8ea6" "proxy-server 97888" 0.0021 "-" 96625 0
Dec 11 22:40:22 np0005556243.novalocal proxy-server[97888]: - - 12/Dec/2025/03/40/22 HEAD /v1/AUTH_402e63682d3749049fa8edf9e07dfd6e/gnocchi.3d0fc1cf-20d1-49e2-9982-a9f8e8055c41 HTTP/1.0 204 - Swift - - - - tx13b3d9a415d3468bb1587-00693b8ea6 - 0.0071 CS - 1765510822.667774200 1765510822.674864054 0 -
Dec 11 22:40:22 np0005556243.novalocal container-server[96625]: ::1 - - [12/Dec/2025:03:40:22 +0000] "GET /1/179942/AUTH_402e63682d3749049fa8edf9e07dfd6e/gnocchi.3d0fc1cf-20d1-49e2-9982-a9f8e8055c41" 200 2 "GET https://[::1]:8080/v1/AUTH_402e63682d3749049fa8edf9e07dfd6e/gnocchi.3d0fc1cf-20d1-49e2-9982-a9f8e8055c41?format=json&states=listing" "tx13b3d9a415d3468bb1587-00693b8ea6" "proxy-server 97888" 0.0032 "-" 96625 0
Dec 11 22:40:22 np0005556243.novalocal proxy-server[97888]: ::1 ::1 12/Dec/2025/03/40/22 GET /v1/AUTH_402e63682d3749049fa8edf9e07dfd6e/gnocchi.3d0fc1cf-20d1-49e2-9982-a9f8e8055c41%3Fformat%3Djson%26states%3Dlisting HTTP/1.0 200 - python-swiftclient-4.8.0 gAAAAABpO450Q4QS... - 2 - tx13b3d9a415d3468bb1587-00693b8ea6 - 0.0214 - - 1765510822.666654110 1765510822.688012838 0 89ff87eb6954479d969b489941791c9f
Dec 11 22:40:22 np0005556243.novalocal object-server[96958]: ::1 - - [12/Dec/2025:03:40:22 +0000] "GET /2/124158/AUTH_402e63682d3749049fa8edf9e07dfd6e/gnocchi.3d0fc1cf-20d1-49e2-9982-a9f8e8055c41/1764720000.0_mean_300.0_v3" 404 70 "GET https://[::1]:8080/v1/AUTH_402e63682d3749049fa8edf9e07dfd6e/gnocchi.3d0fc1cf-20d1-49e2-9982-a9f8e8055c41/1764720000.0_mean_300.0_v3" "txf57202134a234489aa94d-00693b8ea6" "proxy-server 97888" 0.0005 "-" 96958 0
Dec 11 22:40:22 np0005556243.novalocal object-server[96958]: ::1 - - [12/Dec/2025:03:40:22 +0000] "GET /3/124158/AUTH_402e63682d3749049fa8edf9e07dfd6e/gnocchi.3d0fc1cf-20d1-49e2-9982-a9f8e8055c41/1764720000.0_mean_300.0_v3" 404 70 "GET https://[::1]:8080/v1/AUTH_402e63682d3749049fa8edf9e07dfd6e/gnocchi.3d0fc1cf-20d1-49e2-9982-a9f8e8055c41/1764720000.0_mean_300.0_v3" "txf57202134a234489aa94d-00693b8ea6" "proxy-server 97888" 0.0004 "-" 96958 0
Dec 11 22:40:22 np0005556243.novalocal object-server[96957]: ::1 - - [12/Dec/2025:03:40:22 +0000] "GET /1/124158/AUTH_402e63682d3749049fa8edf9e07dfd6e/gnocchi.3d0fc1cf-20d1-49e2-9982-a9f8e8055c41/1764720000.0_mean_300.0_v3" 404 70 "GET https://[::1]:8080/v1/AUTH_402e63682d3749049fa8edf9e07dfd6e/gnocchi.3d0fc1cf-20d1-49e2-9982-a9f8e8055c41/1764720000.0_mean_300.0_v3" "txf57202134a234489aa94d-00693b8ea6" "proxy-server 97888" 0.0005 "-" 96957 0
Dec 11 22:40:22 np0005556243.novalocal proxy-server[97888]: ::1 ::1 12/Dec/2025/03/40/22 GET /v1/AUTH_402e63682d3749049fa8edf9e07dfd6e/gnocchi.3d0fc1cf-20d1-49e2-9982-a9f8e8055c41/1764720000.0_mean_300.0_v3 HTTP/1.0 404 - python-swiftclient-4.8.0 gAAAAABpO450Q4QS... - 70 - txf57202134a234489aa94d-00693b8ea6 - 0.0191 - - 1765510822.692582846 1765510822.711648941 0 89ff87eb6954479d969b489941791c9f
Dec 11 22:40:22 np0005556243.novalocal container-server[96625]: ::1 - - [12/Dec/2025:03:40:22 +0000] "PUT /2/179942/AUTH_402e63682d3749049fa8edf9e07dfd6e/gnocchi.3d0fc1cf-20d1-49e2-9982-a9f8e8055c41/1764720000.0_mean_300.0_v3" 201 - "PUT http://[::1]:8080/1/124158/AUTH_402e63682d3749049fa8edf9e07dfd6e/gnocchi.3d0fc1cf-20d1-49e2-9982-a9f8e8055c41/1764720000.0_mean_300.0_v3" "tx18a444938d8b4684bac87-00693b8ea6" "object-server 96958" 0.0009 "-" 96625 0
Dec 11 22:40:22 np0005556243.novalocal container-server[96624]: ::1 - - [12/Dec/2025:03:40:22 +0000] "PUT /1/179942/AUTH_402e63682d3749049fa8edf9e07dfd6e/gnocchi.3d0fc1cf-20d1-49e2-9982-a9f8e8055c41/1764720000.0_mean_300.0_v3" 201 - "PUT http://[::1]:8080/3/124158/AUTH_402e63682d3749049fa8edf9e07dfd6e/gnocchi.3d0fc1cf-20d1-49e2-9982-a9f8e8055c41/1764720000.0_mean_300.0_v3" "tx18a444938d8b4684bac87-00693b8ea6" "object-server 96958" 0.0009 "-" 96624 0
Dec 11 22:40:22 np0005556243.novalocal object-server[96958]: ::1 - - [12/Dec/2025:03:40:22 +0000] "PUT /1/124158/AUTH_402e63682d3749049fa8edf9e07dfd6e/gnocchi.3d0fc1cf-20d1-49e2-9982-a9f8e8055c41/1764720000.0_mean_300.0_v3" 201 - "PUT https://[::1]:8080/v1/AUTH_402e63682d3749049fa8edf9e07dfd6e/gnocchi.3d0fc1cf-20d1-49e2-9982-a9f8e8055c41/1764720000.0_mean_300.0_v3" "tx18a444938d8b4684bac87-00693b8ea6" "proxy-server 97888" 0.0158 "-" 96958 0
Dec 11 22:40:22 np0005556243.novalocal container-server[96625]: ::1 - - [12/Dec/2025:03:40:22 +0000] "PUT /3/179942/AUTH_402e63682d3749049fa8edf9e07dfd6e/gnocchi.3d0fc1cf-20d1-49e2-9982-a9f8e8055c41/1764720000.0_mean_300.0_v3" 201 - "PUT http://[::1]:8080/2/124158/AUTH_402e63682d3749049fa8edf9e07dfd6e/gnocchi.3d0fc1cf-20d1-49e2-9982-a9f8e8055c41/1764720000.0_mean_300.0_v3" "tx18a444938d8b4684bac87-00693b8ea6" "object-server 96958" 0.0007 "-" 96625 0
Dec 11 22:40:22 np0005556243.novalocal object-server[96958]: ::1 - - [12/Dec/2025:03:40:22 +0000] "PUT /3/124158/AUTH_402e63682d3749049fa8edf9e07dfd6e/gnocchi.3d0fc1cf-20d1-49e2-9982-a9f8e8055c41/1764720000.0_mean_300.0_v3" 201 - "PUT https://[::1]:8080/v1/AUTH_402e63682d3749049fa8edf9e07dfd6e/gnocchi.3d0fc1cf-20d1-49e2-9982-a9f8e8055c41/1764720000.0_mean_300.0_v3" "tx18a444938d8b4684bac87-00693b8ea6" "proxy-server 97888" 0.0231 "-" 96958 0
Dec 11 22:40:22 np0005556243.novalocal object-server[96958]: ::1 - - [12/Dec/2025:03:40:22 +0000] "PUT /2/124158/AUTH_402e63682d3749049fa8edf9e07dfd6e/gnocchi.3d0fc1cf-20d1-49e2-9982-a9f8e8055c41/1764720000.0_mean_300.0_v3" 201 - "PUT https://[::1]:8080/v1/AUTH_402e63682d3749049fa8edf9e07dfd6e/gnocchi.3d0fc1cf-20d1-49e2-9982-a9f8e8055c41/1764720000.0_mean_300.0_v3" "tx18a444938d8b4684bac87-00693b8ea6" "proxy-server 97888" 0.0216 "-" 96958 0
Dec 11 22:40:22 np0005556243.novalocal proxy-server[97888]: ::1 ::1 12/Dec/2025/03/40/22 PUT /v1/AUTH_402e63682d3749049fa8edf9e07dfd6e/gnocchi.3d0fc1cf-20d1-49e2-9982-a9f8e8055c41/1764720000.0_mean_300.0_v3 HTTP/1.0 201 - python-swiftclient-4.8.0 gAAAAABpO450Q4QS... 16 - - tx18a444938d8b4684bac87-00693b8ea6 - 0.0377 - - 1765510822.716046333 1765510822.753786087 0 89ff87eb6954479d969b489941791c9f
Dec 11 22:40:22 np0005556243.novalocal container-server[96625]: ::1 - - [12/Dec/2025:03:40:22 +0000] "PUT /2/179942/AUTH_402e63682d3749049fa8edf9e07dfd6e/gnocchi.3d0fc1cf-20d1-49e2-9982-a9f8e8055c41/none_v3" 201 - "PUT http://[::1]:8080/3/187603/AUTH_402e63682d3749049fa8edf9e07dfd6e/gnocchi.3d0fc1cf-20d1-49e2-9982-a9f8e8055c41/none_v3" "tx169efe5666f245fa98ed1-00693b8ea6" "object-server 96958" 0.0008 "-" 96625 0
Dec 11 22:40:22 np0005556243.novalocal object-server[96958]: ::1 - - [12/Dec/2025:03:40:22 +0000] "PUT /3/187603/AUTH_402e63682d3749049fa8edf9e07dfd6e/gnocchi.3d0fc1cf-20d1-49e2-9982-a9f8e8055c41/none_v3" 201 - "PUT https://[::1]:8080/v1/AUTH_402e63682d3749049fa8edf9e07dfd6e/gnocchi.3d0fc1cf-20d1-49e2-9982-a9f8e8055c41/none_v3" "tx169efe5666f245fa98ed1-00693b8ea6" "proxy-server 97888" 0.0160 "-" 96958 0
Dec 11 22:40:22 np0005556243.novalocal container-server[96625]: ::1 - - [12/Dec/2025:03:40:22 +0000] "PUT /1/179942/AUTH_402e63682d3749049fa8edf9e07dfd6e/gnocchi.3d0fc1cf-20d1-49e2-9982-a9f8e8055c41/none_v3" 201 - "PUT http://[::1]:8080/1/187603/AUTH_402e63682d3749049fa8edf9e07dfd6e/gnocchi.3d0fc1cf-20d1-49e2-9982-a9f8e8055c41/none_v3" "tx169efe5666f245fa98ed1-00693b8ea6" "object-server 96957" 0.0007 "-" 96625 0
Dec 11 22:40:22 np0005556243.novalocal object-server[96957]: ::1 - - [12/Dec/2025:03:40:22 +0000] "PUT /1/187603/AUTH_402e63682d3749049fa8edf9e07dfd6e/gnocchi.3d0fc1cf-20d1-49e2-9982-a9f8e8055c41/none_v3" 201 - "PUT https://[::1]:8080/v1/AUTH_402e63682d3749049fa8edf9e07dfd6e/gnocchi.3d0fc1cf-20d1-49e2-9982-a9f8e8055c41/none_v3" "tx169efe5666f245fa98ed1-00693b8ea6" "proxy-server 97888" 0.0179 "-" 96957 0
Dec 11 22:40:22 np0005556243.novalocal container-server[96625]: ::1 - - [12/Dec/2025:03:40:22 +0000] "PUT /3/179942/AUTH_402e63682d3749049fa8edf9e07dfd6e/gnocchi.3d0fc1cf-20d1-49e2-9982-a9f8e8055c41/none_v3" 201 - "PUT http://[::1]:8080/2/187603/AUTH_402e63682d3749049fa8edf9e07dfd6e/gnocchi.3d0fc1cf-20d1-49e2-9982-a9f8e8055c41/none_v3" "tx169efe5666f245fa98ed1-00693b8ea6" "object-server 96957" 0.0006 "-" 96625 0
Dec 11 22:40:22 np0005556243.novalocal object-server[96957]: ::1 - - [12/Dec/2025:03:40:22 +0000] "PUT /2/187603/AUTH_402e63682d3749049fa8edf9e07dfd6e/gnocchi.3d0fc1cf-20d1-49e2-9982-a9f8e8055c41/none_v3" 201 - "PUT https://[::1]:8080/v1/AUTH_402e63682d3749049fa8edf9e07dfd6e/gnocchi.3d0fc1cf-20d1-49e2-9982-a9f8e8055c41/none_v3" "tx169efe5666f245fa98ed1-00693b8ea6" "proxy-server 97888" 0.0175 "-" 96957 0
Dec 11 22:40:22 np0005556243.novalocal proxy-server[97888]: ::1 ::1 12/Dec/2025/03/40/22 PUT /v1/AUTH_402e63682d3749049fa8edf9e07dfd6e/gnocchi.3d0fc1cf-20d1-49e2-9982-a9f8e8055c41/none_v3 HTTP/1.0 201 - python-swiftclient-4.8.0 gAAAAABpO450Q4QS... 22 - - tx169efe5666f245fa98ed1-00693b8ea6 - 0.0320 - - 1765510822.757446766 1765510822.789415836 0 89ff87eb6954479d969b489941791c9f
Dec 11 22:40:22 np0005556243.novalocal container-server[96624]: ::1 - - [12/Dec/2025:03:40:22 +0000] "HEAD /2/103401/AUTH_402e63682d3749049fa8edf9e07dfd6e/gnocchi.7dc2ef2c-6279-4e5e-8080-8f2e15153e54" 404 - "HEAD http://[::1]:8080/v1/AUTH_402e63682d3749049fa8edf9e07dfd6e/gnocchi.7dc2ef2c-6279-4e5e-8080-8f2e15153e54" "tx24a931576b6740a08229c-00693b8ea6" "proxy-server 97888" 0.0003 "-" 96624 0
Dec 11 22:40:22 np0005556243.novalocal container-server[96624]: ::1 - - [12/Dec/2025:03:40:22 +0000] "HEAD /3/103401/AUTH_402e63682d3749049fa8edf9e07dfd6e/gnocchi.7dc2ef2c-6279-4e5e-8080-8f2e15153e54" 404 - "HEAD http://[::1]:8080/v1/AUTH_402e63682d3749049fa8edf9e07dfd6e/gnocchi.7dc2ef2c-6279-4e5e-8080-8f2e15153e54" "tx24a931576b6740a08229c-00693b8ea6" "proxy-server 97888" 0.0002 "-" 96624 0
Dec 11 22:40:22 np0005556243.novalocal container-server[96625]: ::1 - - [12/Dec/2025:03:40:22 +0000] "HEAD /1/103401/AUTH_402e63682d3749049fa8edf9e07dfd6e/gnocchi.7dc2ef2c-6279-4e5e-8080-8f2e15153e54" 404 - "HEAD http://[::1]:8080/v1/AUTH_402e63682d3749049fa8edf9e07dfd6e/gnocchi.7dc2ef2c-6279-4e5e-8080-8f2e15153e54" "tx24a931576b6740a08229c-00693b8ea6" "proxy-server 97888" 0.0005 "-" 96625 0
Dec 11 22:40:22 np0005556243.novalocal proxy-server[97888]: - - 12/Dec/2025/03/40/22 HEAD /v1/AUTH_402e63682d3749049fa8edf9e07dfd6e/gnocchi.7dc2ef2c-6279-4e5e-8080-8f2e15153e54 HTTP/1.0 404 - Swift - - - - tx24a931576b6740a08229c-00693b8ea6 - 0.0104 CS - 1765510822.836468220 1765510822.846871376 0 -
Dec 11 22:40:22 np0005556243.novalocal object-server[96958]: ::1 - - [12/Dec/2025:03:40:22 +0000] "GET /2/238281/AUTH_402e63682d3749049fa8edf9e07dfd6e/gnocchi.7dc2ef2c-6279-4e5e-8080-8f2e15153e54/none_v3" 404 70 "GET https://[::1]:8080/v1/AUTH_402e63682d3749049fa8edf9e07dfd6e/gnocchi.7dc2ef2c-6279-4e5e-8080-8f2e15153e54/none_v3" "tx24a931576b6740a08229c-00693b8ea6" "proxy-server 97888" 0.0009 "-" 96958 0
Dec 11 22:40:22 np0005556243.novalocal object-server[96957]: ::1 - - [12/Dec/2025:03:40:22 +0000] "GET /3/238281/AUTH_402e63682d3749049fa8edf9e07dfd6e/gnocchi.7dc2ef2c-6279-4e5e-8080-8f2e15153e54/none_v3" 404 70 "GET https://[::1]:8080/v1/AUTH_402e63682d3749049fa8edf9e07dfd6e/gnocchi.7dc2ef2c-6279-4e5e-8080-8f2e15153e54/none_v3" "tx24a931576b6740a08229c-00693b8ea6" "proxy-server 97888" 0.0005 "-" 96957 0
Dec 11 22:40:22 np0005556243.novalocal object-server[96958]: ::1 - - [12/Dec/2025:03:40:22 +0000] "GET /1/238281/AUTH_402e63682d3749049fa8edf9e07dfd6e/gnocchi.7dc2ef2c-6279-4e5e-8080-8f2e15153e54/none_v3" 404 70 "GET https://[::1]:8080/v1/AUTH_402e63682d3749049fa8edf9e07dfd6e/gnocchi.7dc2ef2c-6279-4e5e-8080-8f2e15153e54/none_v3" "tx24a931576b6740a08229c-00693b8ea6" "proxy-server 97888" 0.0004 "-" 96958 0
Dec 11 22:40:22 np0005556243.novalocal proxy-server[97888]: ::1 ::1 12/Dec/2025/03/40/22 GET /v1/AUTH_402e63682d3749049fa8edf9e07dfd6e/gnocchi.7dc2ef2c-6279-4e5e-8080-8f2e15153e54/none_v3 HTTP/1.0 404 - python-swiftclient-4.8.0 gAAAAABpO450Q4QS... - 70 - tx24a931576b6740a08229c-00693b8ea6 - 0.0285 - - 1765510822.835462093 1765510822.863935232 0 89ff87eb6954479d969b489941791c9f
Dec 11 22:40:22 np0005556243.novalocal account-server[96332]: ::1 - - [12/Dec/2025:03:40:22 +0000] "PUT /2/88245/AUTH_402e63682d3749049fa8edf9e07dfd6e/gnocchi.7dc2ef2c-6279-4e5e-8080-8f2e15153e54" 201 - "PUT http://[::1]:6001/2/103401/AUTH_402e63682d3749049fa8edf9e07dfd6e/gnocchi.7dc2ef2c-6279-4e5e-8080-8f2e15153e54" "txdfe714ac921c4d9595104-00693b8ea6" "container-server 96624" 0.0045 "-" 96332 0
Dec 11 22:40:22 np0005556243.novalocal container-server[96624]: ::1 - - [12/Dec/2025:03:40:22 +0000] "PUT /2/103401/AUTH_402e63682d3749049fa8edf9e07dfd6e/gnocchi.7dc2ef2c-6279-4e5e-8080-8f2e15153e54" 201 - "PUT https://[::1]:8080/v1/AUTH_402e63682d3749049fa8edf9e07dfd6e/gnocchi.7dc2ef2c-6279-4e5e-8080-8f2e15153e54" "txdfe714ac921c4d9595104-00693b8ea6" "proxy-server 97888" 0.0131 "-" 96624 0
Dec 11 22:40:22 np0005556243.novalocal account-server[96331]: ::1 - - [12/Dec/2025:03:40:22 +0000] "PUT /1/88245/AUTH_402e63682d3749049fa8edf9e07dfd6e/gnocchi.7dc2ef2c-6279-4e5e-8080-8f2e15153e54" 201 - "PUT http://[::1]:6001/1/103401/AUTH_402e63682d3749049fa8edf9e07dfd6e/gnocchi.7dc2ef2c-6279-4e5e-8080-8f2e15153e54" "txdfe714ac921c4d9595104-00693b8ea6" "container-server 96625" 0.0112 "-" 96331 0
Dec 11 22:40:22 np0005556243.novalocal container-server[96625]: ::1 - - [12/Dec/2025:03:40:22 +0000] "PUT /1/103401/AUTH_402e63682d3749049fa8edf9e07dfd6e/gnocchi.7dc2ef2c-6279-4e5e-8080-8f2e15153e54" 201 - "PUT https://[::1]:8080/v1/AUTH_402e63682d3749049fa8edf9e07dfd6e/gnocchi.7dc2ef2c-6279-4e5e-8080-8f2e15153e54" "txdfe714ac921c4d9595104-00693b8ea6" "proxy-server 97888" 0.0294 "-" 96625 0
Dec 11 22:40:22 np0005556243.novalocal account-server[96331]: ::1 - - [12/Dec/2025:03:40:22 +0000] "PUT /3/88245/AUTH_402e63682d3749049fa8edf9e07dfd6e/gnocchi.7dc2ef2c-6279-4e5e-8080-8f2e15153e54" 201 - "PUT http://[::1]:6001/3/103401/AUTH_402e63682d3749049fa8edf9e07dfd6e/gnocchi.7dc2ef2c-6279-4e5e-8080-8f2e15153e54" "txdfe714ac921c4d9595104-00693b8ea6" "container-server 96625" 0.0057 "-" 96331 0
Dec 11 22:40:22 np0005556243.novalocal container-server[96625]: ::1 - - [12/Dec/2025:03:40:22 +0000] "PUT /3/103401/AUTH_402e63682d3749049fa8edf9e07dfd6e/gnocchi.7dc2ef2c-6279-4e5e-8080-8f2e15153e54" 201 - "PUT https://[::1]:8080/v1/AUTH_402e63682d3749049fa8edf9e07dfd6e/gnocchi.7dc2ef2c-6279-4e5e-8080-8f2e15153e54" "txdfe714ac921c4d9595104-00693b8ea6" "proxy-server 97888" 0.0219 "-" 96625 0
Dec 11 22:40:22 np0005556243.novalocal proxy-server[97888]: ::1 ::1 12/Dec/2025/03/40/22 PUT /v1/AUTH_402e63682d3749049fa8edf9e07dfd6e/gnocchi.7dc2ef2c-6279-4e5e-8080-8f2e15153e54 HTTP/1.0 201 - python-swiftclient-4.8.0 gAAAAABpO450Q4QS... - - - txdfe714ac921c4d9595104-00693b8ea6 - 0.0461 - - 1765510822.870510101 1765510822.916604042 0 89ff87eb6954479d969b489941791c9f
Dec 11 22:40:22 np0005556243.novalocal container-server[96624]: ::1 - - [12/Dec/2025:03:40:22 +0000] "HEAD /1/103401/AUTH_402e63682d3749049fa8edf9e07dfd6e/gnocchi.7dc2ef2c-6279-4e5e-8080-8f2e15153e54" 204 - "HEAD http://[::1]:8080/v1/AUTH_402e63682d3749049fa8edf9e07dfd6e/gnocchi.7dc2ef2c-6279-4e5e-8080-8f2e15153e54" "tx2edd2898672d436094af0-00693b8ea6" "proxy-server 97888" 0.0010 "-" 96624 0
Dec 11 22:40:22 np0005556243.novalocal proxy-server[97888]: - - 12/Dec/2025/03/40/22 HEAD /v1/AUTH_402e63682d3749049fa8edf9e07dfd6e/gnocchi.7dc2ef2c-6279-4e5e-8080-8f2e15153e54 HTTP/1.0 204 - Swift - - - - tx2edd2898672d436094af0-00693b8ea6 - 0.0049 CS - 1765510822.921886683 1765510822.926826954 0 -
Dec 11 22:40:22 np0005556243.novalocal container-server[96625]: ::1 - - [12/Dec/2025:03:40:22 +0000] "GET /3/103401/AUTH_402e63682d3749049fa8edf9e07dfd6e/gnocchi.7dc2ef2c-6279-4e5e-8080-8f2e15153e54" 200 2 "GET https://[::1]:8080/v1/AUTH_402e63682d3749049fa8edf9e07dfd6e/gnocchi.7dc2ef2c-6279-4e5e-8080-8f2e15153e54?format=json&states=listing" "tx2edd2898672d436094af0-00693b8ea6" "proxy-server 97888" 0.0036 "-" 96625 0
Dec 11 22:40:22 np0005556243.novalocal proxy-server[97888]: ::1 ::1 12/Dec/2025/03/40/22 GET /v1/AUTH_402e63682d3749049fa8edf9e07dfd6e/gnocchi.7dc2ef2c-6279-4e5e-8080-8f2e15153e54%3Fformat%3Djson%26states%3Dlisting HTTP/1.0 200 - python-swiftclient-4.8.0 gAAAAABpO450Q4QS... - 2 - tx2edd2898672d436094af0-00693b8ea6 - 0.0189 - - 1765510822.920966387 1765510822.939877748 0 89ff87eb6954479d969b489941791c9f
Dec 11 22:40:22 np0005556243.novalocal object-server[96958]: ::1 - - [12/Dec/2025:03:40:22 +0000] "GET /2/124774/AUTH_402e63682d3749049fa8edf9e07dfd6e/gnocchi.7dc2ef2c-6279-4e5e-8080-8f2e15153e54/1764720000.0_mean_300.0_v3" 404 70 "GET https://[::1]:8080/v1/AUTH_402e63682d3749049fa8edf9e07dfd6e/gnocchi.7dc2ef2c-6279-4e5e-8080-8f2e15153e54/1764720000.0_mean_300.0_v3" "tx7a4447c557544c72b5186-00693b8ea6" "proxy-server 97888" 0.0002 "-" 96958 0
Dec 11 22:40:22 np0005556243.novalocal object-server[96957]: ::1 - - [12/Dec/2025:03:40:22 +0000] "GET /3/124774/AUTH_402e63682d3749049fa8edf9e07dfd6e/gnocchi.7dc2ef2c-6279-4e5e-8080-8f2e15153e54/1764720000.0_mean_300.0_v3" 404 70 "GET https://[::1]:8080/v1/AUTH_402e63682d3749049fa8edf9e07dfd6e/gnocchi.7dc2ef2c-6279-4e5e-8080-8f2e15153e54/1764720000.0_mean_300.0_v3" "tx7a4447c557544c72b5186-00693b8ea6" "proxy-server 97888" 0.0005 "-" 96957 0
Dec 11 22:40:22 np0005556243.novalocal object-server[96957]: ::1 - - [12/Dec/2025:03:40:22 +0000] "GET /1/124774/AUTH_402e63682d3749049fa8edf9e07dfd6e/gnocchi.7dc2ef2c-6279-4e5e-8080-8f2e15153e54/1764720000.0_mean_300.0_v3" 404 70 "GET https://[::1]:8080/v1/AUTH_402e63682d3749049fa8edf9e07dfd6e/gnocchi.7dc2ef2c-6279-4e5e-8080-8f2e15153e54/1764720000.0_mean_300.0_v3" "tx7a4447c557544c72b5186-00693b8ea6" "proxy-server 97888" 0.0003 "-" 96957 0
Dec 11 22:40:22 np0005556243.novalocal proxy-server[97888]: ::1 ::1 12/Dec/2025/03/40/22 GET /v1/AUTH_402e63682d3749049fa8edf9e07dfd6e/gnocchi.7dc2ef2c-6279-4e5e-8080-8f2e15153e54/1764720000.0_mean_300.0_v3 HTTP/1.0 404 - python-swiftclient-4.8.0 gAAAAABpO450Q4QS... - 70 - tx7a4447c557544c72b5186-00693b8ea6 - 0.0150 - - 1765510822.944670677 1765510822.959673882 0 89ff87eb6954479d969b489941791c9f
Dec 11 22:40:22 np0005556243.novalocal container-server[96625]: ::1 - - [12/Dec/2025:03:40:22 +0000] "PUT /1/103401/AUTH_402e63682d3749049fa8edf9e07dfd6e/gnocchi.7dc2ef2c-6279-4e5e-8080-8f2e15153e54/1764720000.0_mean_300.0_v3" 201 - "PUT http://[::1]:8080/2/124774/AUTH_402e63682d3749049fa8edf9e07dfd6e/gnocchi.7dc2ef2c-6279-4e5e-8080-8f2e15153e54/1764720000.0_mean_300.0_v3" "tx30bc6c2ed9d143569b129-00693b8ea6" "object-server 96957" 0.0015 "-" 96625 0
Dec 11 22:40:22 np0005556243.novalocal object-server[96957]: ::1 - - [12/Dec/2025:03:40:22 +0000] "PUT /2/124774/AUTH_402e63682d3749049fa8edf9e07dfd6e/gnocchi.7dc2ef2c-6279-4e5e-8080-8f2e15153e54/1764720000.0_mean_300.0_v3" 201 - "PUT https://[::1]:8080/v1/AUTH_402e63682d3749049fa8edf9e07dfd6e/gnocchi.7dc2ef2c-6279-4e5e-8080-8f2e15153e54/1764720000.0_mean_300.0_v3" "tx30bc6c2ed9d143569b129-00693b8ea6" "proxy-server 97888" 0.0232 "-" 96957 0
Dec 11 22:40:23 np0005556243.novalocal container-server[96625]: ::1 - - [12/Dec/2025:03:40:23 +0000] "PUT /3/103401/AUTH_402e63682d3749049fa8edf9e07dfd6e/gnocchi.7dc2ef2c-6279-4e5e-8080-8f2e15153e54/1764720000.0_mean_300.0_v3" 201 - "PUT http://[::1]:8080/3/124774/AUTH_402e63682d3749049fa8edf9e07dfd6e/gnocchi.7dc2ef2c-6279-4e5e-8080-8f2e15153e54/1764720000.0_mean_300.0_v3" "tx30bc6c2ed9d143569b129-00693b8ea6" "object-server 96958" 0.0008 "-" 96625 0
Dec 11 22:40:23 np0005556243.novalocal container-server[96624]: ::1 - - [12/Dec/2025:03:40:23 +0000] "PUT /2/103401/AUTH_402e63682d3749049fa8edf9e07dfd6e/gnocchi.7dc2ef2c-6279-4e5e-8080-8f2e15153e54/1764720000.0_mean_300.0_v3" 201 - "PUT http://[::1]:8080/1/124774/AUTH_402e63682d3749049fa8edf9e07dfd6e/gnocchi.7dc2ef2c-6279-4e5e-8080-8f2e15153e54/1764720000.0_mean_300.0_v3" "tx30bc6c2ed9d143569b129-00693b8ea6" "object-server 96958" 0.0010 "-" 96624 0
Dec 11 22:40:23 np0005556243.novalocal object-server[96958]: ::1 - - [12/Dec/2025:03:40:23 +0000] "PUT /3/124774/AUTH_402e63682d3749049fa8edf9e07dfd6e/gnocchi.7dc2ef2c-6279-4e5e-8080-8f2e15153e54/1764720000.0_mean_300.0_v3" 201 - "PUT https://[::1]:8080/v1/AUTH_402e63682d3749049fa8edf9e07dfd6e/gnocchi.7dc2ef2c-6279-4e5e-8080-8f2e15153e54/1764720000.0_mean_300.0_v3" "tx30bc6c2ed9d143569b129-00693b8ea6" "proxy-server 97888" 0.0316 "-" 96958 0
Dec 11 22:40:23 np0005556243.novalocal object-server[96958]: ::1 - - [12/Dec/2025:03:40:23 +0000] "PUT /1/124774/AUTH_402e63682d3749049fa8edf9e07dfd6e/gnocchi.7dc2ef2c-6279-4e5e-8080-8f2e15153e54/1764720000.0_mean_300.0_v3" 201 - "PUT https://[::1]:8080/v1/AUTH_402e63682d3749049fa8edf9e07dfd6e/gnocchi.7dc2ef2c-6279-4e5e-8080-8f2e15153e54/1764720000.0_mean_300.0_v3" "tx30bc6c2ed9d143569b129-00693b8ea6" "proxy-server 97888" 0.0362 "-" 96958 0
Dec 11 22:40:23 np0005556243.novalocal proxy-server[97888]: ::1 ::1 12/Dec/2025/03/40/23 PUT /v1/AUTH_402e63682d3749049fa8edf9e07dfd6e/gnocchi.7dc2ef2c-6279-4e5e-8080-8f2e15153e54/1764720000.0_mean_300.0_v3 HTTP/1.0 201 - python-swiftclient-4.8.0 gAAAAABpO450Q4QS... 16 - - tx30bc6c2ed9d143569b129-00693b8ea6 - 0.0479 - - 1765510822.964191914 1765510823.012081146 0 89ff87eb6954479d969b489941791c9f
Dec 11 22:40:23 np0005556243.novalocal container-server[96625]: ::1 - - [12/Dec/2025:03:40:23 +0000] "PUT /2/103401/AUTH_402e63682d3749049fa8edf9e07dfd6e/gnocchi.7dc2ef2c-6279-4e5e-8080-8f2e15153e54/none_v3" 201 - "PUT http://[::1]:8080/2/238281/AUTH_402e63682d3749049fa8edf9e07dfd6e/gnocchi.7dc2ef2c-6279-4e5e-8080-8f2e15153e54/none_v3" "tx20e13e4f3e1f47b8a8036-00693b8ea7" "object-server 96957" 0.0013 "-" 96625 0
Dec 11 22:40:23 np0005556243.novalocal object-server[96957]: ::1 - - [12/Dec/2025:03:40:23 +0000] "PUT /2/238281/AUTH_402e63682d3749049fa8edf9e07dfd6e/gnocchi.7dc2ef2c-6279-4e5e-8080-8f2e15153e54/none_v3" 201 - "PUT https://[::1]:8080/v1/AUTH_402e63682d3749049fa8edf9e07dfd6e/gnocchi.7dc2ef2c-6279-4e5e-8080-8f2e15153e54/none_v3" "tx20e13e4f3e1f47b8a8036-00693b8ea7" "proxy-server 97888" 0.0195 "-" 96957 0
Dec 11 22:40:23 np0005556243.novalocal container-server[96625]: ::1 - - [12/Dec/2025:03:40:23 +0000] "PUT /1/103401/AUTH_402e63682d3749049fa8edf9e07dfd6e/gnocchi.7dc2ef2c-6279-4e5e-8080-8f2e15153e54/none_v3" 201 - "PUT http://[::1]:8080/1/238281/AUTH_402e63682d3749049fa8edf9e07dfd6e/gnocchi.7dc2ef2c-6279-4e5e-8080-8f2e15153e54/none_v3" "tx20e13e4f3e1f47b8a8036-00693b8ea7" "object-server 96958" 0.0006 "-" 96625 0
Dec 11 22:40:23 np0005556243.novalocal container-server[96624]: ::1 - - [12/Dec/2025:03:40:23 +0000] "PUT /3/103401/AUTH_402e63682d3749049fa8edf9e07dfd6e/gnocchi.7dc2ef2c-6279-4e5e-8080-8f2e15153e54/none_v3" 201 - "PUT http://[::1]:8080/3/238281/AUTH_402e63682d3749049fa8edf9e07dfd6e/gnocchi.7dc2ef2c-6279-4e5e-8080-8f2e15153e54/none_v3" "tx20e13e4f3e1f47b8a8036-00693b8ea7" "object-server 96958" 0.0008 "-" 96624 0
Dec 11 22:40:23 np0005556243.novalocal object-server[96958]: ::1 - - [12/Dec/2025:03:40:23 +0000] "PUT /1/238281/AUTH_402e63682d3749049fa8edf9e07dfd6e/gnocchi.7dc2ef2c-6279-4e5e-8080-8f2e15153e54/none_v3" 201 - "PUT https://[::1]:8080/v1/AUTH_402e63682d3749049fa8edf9e07dfd6e/gnocchi.7dc2ef2c-6279-4e5e-8080-8f2e15153e54/none_v3" "tx20e13e4f3e1f47b8a8036-00693b8ea7" "proxy-server 97888" 0.0175 "-" 96958 0
Dec 11 22:40:23 np0005556243.novalocal object-server[96958]: ::1 - - [12/Dec/2025:03:40:23 +0000] "PUT /3/238281/AUTH_402e63682d3749049fa8edf9e07dfd6e/gnocchi.7dc2ef2c-6279-4e5e-8080-8f2e15153e54/none_v3" 201 - "PUT https://[::1]:8080/v1/AUTH_402e63682d3749049fa8edf9e07dfd6e/gnocchi.7dc2ef2c-6279-4e5e-8080-8f2e15153e54/none_v3" "tx20e13e4f3e1f47b8a8036-00693b8ea7" "proxy-server 97888" 0.0227 "-" 96958 0
Dec 11 22:40:23 np0005556243.novalocal proxy-server[97888]: ::1 ::1 12/Dec/2025/03/40/23 PUT /v1/AUTH_402e63682d3749049fa8edf9e07dfd6e/gnocchi.7dc2ef2c-6279-4e5e-8080-8f2e15153e54/none_v3 HTTP/1.0 201 - python-swiftclient-4.8.0 gAAAAABpO450Q4QS... 22 - - tx20e13e4f3e1f47b8a8036-00693b8ea7 - 0.0346 - - 1765510823.015827179 1765510823.050454855 0 89ff87eb6954479d969b489941791c9f
Dec 11 22:40:23 np0005556243.novalocal container-server[96624]: ::1 - - [12/Dec/2025:03:40:23 +0000] "HEAD /2/223573/AUTH_402e63682d3749049fa8edf9e07dfd6e/gnocchi.25fdf1fb-5f6e-417e-893b-53d48fb05af2" 404 - "HEAD http://[::1]:8080/v1/AUTH_402e63682d3749049fa8edf9e07dfd6e/gnocchi.25fdf1fb-5f6e-417e-893b-53d48fb05af2" "tx3059fd508f03426d84c51-00693b8ea7" "proxy-server 97888" 0.0003 "-" 96624 0
Dec 11 22:40:23 np0005556243.novalocal container-server[96624]: ::1 - - [12/Dec/2025:03:40:23 +0000] "HEAD /1/223573/AUTH_402e63682d3749049fa8edf9e07dfd6e/gnocchi.25fdf1fb-5f6e-417e-893b-53d48fb05af2" 404 - "HEAD http://[::1]:8080/v1/AUTH_402e63682d3749049fa8edf9e07dfd6e/gnocchi.25fdf1fb-5f6e-417e-893b-53d48fb05af2" "tx3059fd508f03426d84c51-00693b8ea7" "proxy-server 97888" 0.0001 "-" 96624 0
Dec 11 22:40:23 np0005556243.novalocal container-server[96625]: ::1 - - [12/Dec/2025:03:40:23 +0000] "HEAD /3/223573/AUTH_402e63682d3749049fa8edf9e07dfd6e/gnocchi.25fdf1fb-5f6e-417e-893b-53d48fb05af2" 404 - "HEAD http://[::1]:8080/v1/AUTH_402e63682d3749049fa8edf9e07dfd6e/gnocchi.25fdf1fb-5f6e-417e-893b-53d48fb05af2" "tx3059fd508f03426d84c51-00693b8ea7" "proxy-server 97888" 0.0003 "-" 96625 0
Dec 11 22:40:23 np0005556243.novalocal proxy-server[97888]: - - 12/Dec/2025/03/40/23 HEAD /v1/AUTH_402e63682d3749049fa8edf9e07dfd6e/gnocchi.25fdf1fb-5f6e-417e-893b-53d48fb05af2 HTTP/1.0 404 - Swift - - - - tx3059fd508f03426d84c51-00693b8ea7 - 0.0113 CS - 1765510823.121978283 1765510823.133313417 0 -
Dec 11 22:40:23 np0005556243.novalocal object-server[96957]: ::1 - - [12/Dec/2025:03:40:23 +0000] "GET /3/119897/AUTH_402e63682d3749049fa8edf9e07dfd6e/gnocchi.25fdf1fb-5f6e-417e-893b-53d48fb05af2/none_v3" 404 70 "GET https://[::1]:8080/v1/AUTH_402e63682d3749049fa8edf9e07dfd6e/gnocchi.25fdf1fb-5f6e-417e-893b-53d48fb05af2/none_v3" "tx3059fd508f03426d84c51-00693b8ea7" "proxy-server 97888" 0.0005 "-" 96957 0
Dec 11 22:40:23 np0005556243.novalocal object-server[96957]: ::1 - - [12/Dec/2025:03:40:23 +0000] "GET /2/119897/AUTH_402e63682d3749049fa8edf9e07dfd6e/gnocchi.25fdf1fb-5f6e-417e-893b-53d48fb05af2/none_v3" 404 70 "GET https://[::1]:8080/v1/AUTH_402e63682d3749049fa8edf9e07dfd6e/gnocchi.25fdf1fb-5f6e-417e-893b-53d48fb05af2/none_v3" "tx3059fd508f03426d84c51-00693b8ea7" "proxy-server 97888" 0.0005 "-" 96957 0
Dec 11 22:40:23 np0005556243.novalocal object-server[96957]: ::1 - - [12/Dec/2025:03:40:23 +0000] "GET /1/119897/AUTH_402e63682d3749049fa8edf9e07dfd6e/gnocchi.25fdf1fb-5f6e-417e-893b-53d48fb05af2/none_v3" 404 70 "GET https://[::1]:8080/v1/AUTH_402e63682d3749049fa8edf9e07dfd6e/gnocchi.25fdf1fb-5f6e-417e-893b-53d48fb05af2/none_v3" "tx3059fd508f03426d84c51-00693b8ea7" "proxy-server 97888" 0.0004 "-" 96957 0
Dec 11 22:40:23 np0005556243.novalocal proxy-server[97888]: ::1 ::1 12/Dec/2025/03/40/23 GET /v1/AUTH_402e63682d3749049fa8edf9e07dfd6e/gnocchi.25fdf1fb-5f6e-417e-893b-53d48fb05af2/none_v3 HTTP/1.0 404 - python-swiftclient-4.8.0 gAAAAABpO450Q4QS... - 70 - tx3059fd508f03426d84c51-00693b8ea7 - 0.0295 - - 1765510823.120980740 1765510823.150478125 0 89ff87eb6954479d969b489941791c9f
Dec 11 22:40:23 np0005556243.novalocal account-server[96331]: ::1 - - [12/Dec/2025:03:40:23 +0000] "PUT /3/88245/AUTH_402e63682d3749049fa8edf9e07dfd6e/gnocchi.25fdf1fb-5f6e-417e-893b-53d48fb05af2" 201 - "PUT http://[::1]:6001/1/223573/AUTH_402e63682d3749049fa8edf9e07dfd6e/gnocchi.25fdf1fb-5f6e-417e-893b-53d48fb05af2" "tx1659ad3299d4441aa62bb-00693b8ea7" "container-server 96625" 0.0054 "-" 96331 0
Dec 11 22:40:23 np0005556243.novalocal container-server[96625]: ::1 - - [12/Dec/2025:03:40:23 +0000] "PUT /1/223573/AUTH_402e63682d3749049fa8edf9e07dfd6e/gnocchi.25fdf1fb-5f6e-417e-893b-53d48fb05af2" 201 - "PUT https://[::1]:8080/v1/AUTH_402e63682d3749049fa8edf9e07dfd6e/gnocchi.25fdf1fb-5f6e-417e-893b-53d48fb05af2" "tx1659ad3299d4441aa62bb-00693b8ea7" "proxy-server 97888" 0.0181 "-" 96625 0
Dec 11 22:40:23 np0005556243.novalocal account-server[96331]: ::1 - - [12/Dec/2025:03:40:23 +0000] "PUT /2/88245/AUTH_402e63682d3749049fa8edf9e07dfd6e/gnocchi.25fdf1fb-5f6e-417e-893b-53d48fb05af2" 201 - "PUT http://[::1]:6001/3/223573/AUTH_402e63682d3749049fa8edf9e07dfd6e/gnocchi.25fdf1fb-5f6e-417e-893b-53d48fb05af2" "tx1659ad3299d4441aa62bb-00693b8ea7" "container-server 96624" 0.0051 "-" 96331 0
Dec 11 22:40:23 np0005556243.novalocal container-server[96624]: ::1 - - [12/Dec/2025:03:40:23 +0000] "PUT /3/223573/AUTH_402e63682d3749049fa8edf9e07dfd6e/gnocchi.25fdf1fb-5f6e-417e-893b-53d48fb05af2" 201 - "PUT https://[::1]:8080/v1/AUTH_402e63682d3749049fa8edf9e07dfd6e/gnocchi.25fdf1fb-5f6e-417e-893b-53d48fb05af2" "tx1659ad3299d4441aa62bb-00693b8ea7" "proxy-server 97888" 0.0209 "-" 96624 0
Dec 11 22:40:23 np0005556243.novalocal account-server[96331]: ::1 - - [12/Dec/2025:03:40:23 +0000] "PUT /1/88245/AUTH_402e63682d3749049fa8edf9e07dfd6e/gnocchi.25fdf1fb-5f6e-417e-893b-53d48fb05af2" 201 - "PUT http://[::1]:6001/2/223573/AUTH_402e63682d3749049fa8edf9e07dfd6e/gnocchi.25fdf1fb-5f6e-417e-893b-53d48fb05af2" "tx1659ad3299d4441aa62bb-00693b8ea7" "container-server 96624" 0.0059 "-" 96331 0
Dec 11 22:40:23 np0005556243.novalocal container-server[96624]: ::1 - - [12/Dec/2025:03:40:23 +0000] "PUT /2/223573/AUTH_402e63682d3749049fa8edf9e07dfd6e/gnocchi.25fdf1fb-5f6e-417e-893b-53d48fb05af2" 201 - "PUT https://[::1]:8080/v1/AUTH_402e63682d3749049fa8edf9e07dfd6e/gnocchi.25fdf1fb-5f6e-417e-893b-53d48fb05af2" "tx1659ad3299d4441aa62bb-00693b8ea7" "proxy-server 97888" 0.0393 "-" 96624 0
Dec 11 22:40:23 np0005556243.novalocal proxy-server[97888]: ::1 ::1 12/Dec/2025/03/40/23 PUT /v1/AUTH_402e63682d3749049fa8edf9e07dfd6e/gnocchi.25fdf1fb-5f6e-417e-893b-53d48fb05af2 HTTP/1.0 201 - python-swiftclient-4.8.0 gAAAAABpO450Q4QS... - - - tx1659ad3299d4441aa62bb-00693b8ea7 - 0.0480 - - 1765510823.153394461 1765510823.201421499 0 89ff87eb6954479d969b489941791c9f
Dec 11 22:40:23 np0005556243.novalocal container-server[96625]: ::1 - - [12/Dec/2025:03:40:23 +0000] "HEAD /2/223573/AUTH_402e63682d3749049fa8edf9e07dfd6e/gnocchi.25fdf1fb-5f6e-417e-893b-53d48fb05af2" 204 - "HEAD http://[::1]:8080/v1/AUTH_402e63682d3749049fa8edf9e07dfd6e/gnocchi.25fdf1fb-5f6e-417e-893b-53d48fb05af2" "tx2f7bfbe5ec2741ea9738b-00693b8ea7" "proxy-server 97888" 0.0013 "-" 96625 0
Dec 11 22:40:23 np0005556243.novalocal proxy-server[97888]: - - 12/Dec/2025/03/40/23 HEAD /v1/AUTH_402e63682d3749049fa8edf9e07dfd6e/gnocchi.25fdf1fb-5f6e-417e-893b-53d48fb05af2 HTTP/1.0 204 - Swift - - - - tx2f7bfbe5ec2741ea9738b-00693b8ea7 - 0.0041 CS - 1765510823.204993010 1765510823.209057570 0 -
Dec 11 22:40:23 np0005556243.novalocal container-server[96625]: ::1 - - [12/Dec/2025:03:40:23 +0000] "GET /3/223573/AUTH_402e63682d3749049fa8edf9e07dfd6e/gnocchi.25fdf1fb-5f6e-417e-893b-53d48fb05af2" 200 2 "GET https://[::1]:8080/v1/AUTH_402e63682d3749049fa8edf9e07dfd6e/gnocchi.25fdf1fb-5f6e-417e-893b-53d48fb05af2?format=json&states=listing" "tx2f7bfbe5ec2741ea9738b-00693b8ea7" "proxy-server 97888" 0.0020 "-" 96625 0
Dec 11 22:40:23 np0005556243.novalocal proxy-server[97888]: ::1 ::1 12/Dec/2025/03/40/23 GET /v1/AUTH_402e63682d3749049fa8edf9e07dfd6e/gnocchi.25fdf1fb-5f6e-417e-893b-53d48fb05af2%3Fformat%3Djson%26states%3Dlisting HTTP/1.0 200 - python-swiftclient-4.8.0 gAAAAABpO450Q4QS... - 2 - tx2f7bfbe5ec2741ea9738b-00693b8ea7 - 0.0128 - - 1765510823.204443932 1765510823.217282772 0 89ff87eb6954479d969b489941791c9f
Dec 11 22:40:23 np0005556243.novalocal object-server[96957]: ::1 - - [12/Dec/2025:03:40:23 +0000] "GET /2/209799/AUTH_402e63682d3749049fa8edf9e07dfd6e/gnocchi.25fdf1fb-5f6e-417e-893b-53d48fb05af2/1764720000.0_mean_300.0_v3" 404 70 "GET https://[::1]:8080/v1/AUTH_402e63682d3749049fa8edf9e07dfd6e/gnocchi.25fdf1fb-5f6e-417e-893b-53d48fb05af2/1764720000.0_mean_300.0_v3" "tx713952fd8ad641d3af0b7-00693b8ea7" "proxy-server 97888" 0.0006 "-" 96957 0
Dec 11 22:40:23 np0005556243.novalocal object-server[96958]: ::1 - - [12/Dec/2025:03:40:23 +0000] "GET /3/209799/AUTH_402e63682d3749049fa8edf9e07dfd6e/gnocchi.25fdf1fb-5f6e-417e-893b-53d48fb05af2/1764720000.0_mean_300.0_v3" 404 70 "GET https://[::1]:8080/v1/AUTH_402e63682d3749049fa8edf9e07dfd6e/gnocchi.25fdf1fb-5f6e-417e-893b-53d48fb05af2/1764720000.0_mean_300.0_v3" "tx713952fd8ad641d3af0b7-00693b8ea7" "proxy-server 97888" 0.0005 "-" 96958 0
Dec 11 22:40:23 np0005556243.novalocal object-server[96958]: ::1 - - [12/Dec/2025:03:40:23 +0000] "GET /1/209799/AUTH_402e63682d3749049fa8edf9e07dfd6e/gnocchi.25fdf1fb-5f6e-417e-893b-53d48fb05af2/1764720000.0_mean_300.0_v3" 404 70 "GET https://[::1]:8080/v1/AUTH_402e63682d3749049fa8edf9e07dfd6e/gnocchi.25fdf1fb-5f6e-417e-893b-53d48fb05af2/1764720000.0_mean_300.0_v3" "tx713952fd8ad641d3af0b7-00693b8ea7" "proxy-server 97888" 0.0002 "-" 96958 0
Dec 11 22:40:23 np0005556243.novalocal proxy-server[97888]: ::1 ::1 12/Dec/2025/03/40/23 GET /v1/AUTH_402e63682d3749049fa8edf9e07dfd6e/gnocchi.25fdf1fb-5f6e-417e-893b-53d48fb05af2/1764720000.0_mean_300.0_v3 HTTP/1.0 404 - python-swiftclient-4.8.0 gAAAAABpO450Q4QS... - 70 - tx713952fd8ad641d3af0b7-00693b8ea7 - 0.0145 - - 1765510823.220086813 1765510823.234629869 0 89ff87eb6954479d969b489941791c9f
Dec 11 22:40:23 np0005556243.novalocal container-server[96625]: ::1 - - [12/Dec/2025:03:40:23 +0000] "PUT /2/223573/AUTH_402e63682d3749049fa8edf9e07dfd6e/gnocchi.25fdf1fb-5f6e-417e-893b-53d48fb05af2/1764720000.0_mean_300.0_v3" 201 - "PUT http://[::1]:8080/2/209799/AUTH_402e63682d3749049fa8edf9e07dfd6e/gnocchi.25fdf1fb-5f6e-417e-893b-53d48fb05af2/1764720000.0_mean_300.0_v3" "tx4efb4388e0da48d196740-00693b8ea7" "object-server 96957" 0.0010 "-" 96625 0
Dec 11 22:40:23 np0005556243.novalocal object-server[96957]: ::1 - - [12/Dec/2025:03:40:23 +0000] "PUT /2/209799/AUTH_402e63682d3749049fa8edf9e07dfd6e/gnocchi.25fdf1fb-5f6e-417e-893b-53d48fb05af2/1764720000.0_mean_300.0_v3" 201 - "PUT https://[::1]:8080/v1/AUTH_402e63682d3749049fa8edf9e07dfd6e/gnocchi.25fdf1fb-5f6e-417e-893b-53d48fb05af2/1764720000.0_mean_300.0_v3" "tx4efb4388e0da48d196740-00693b8ea7" "proxy-server 97888" 0.0138 "-" 96957 0
Dec 11 22:40:23 np0005556243.novalocal container-server[96624]: ::1 - - [12/Dec/2025:03:40:23 +0000] "PUT /3/223573/AUTH_402e63682d3749049fa8edf9e07dfd6e/gnocchi.25fdf1fb-5f6e-417e-893b-53d48fb05af2/1764720000.0_mean_300.0_v3" 201 - "PUT http://[::1]:8080/1/209799/AUTH_402e63682d3749049fa8edf9e07dfd6e/gnocchi.25fdf1fb-5f6e-417e-893b-53d48fb05af2/1764720000.0_mean_300.0_v3" "tx4efb4388e0da48d196740-00693b8ea7" "object-server 96957" 0.0009 "-" 96624 0
Dec 11 22:40:23 np0005556243.novalocal object-server[96957]: ::1 - - [12/Dec/2025:03:40:23 +0000] "PUT /1/209799/AUTH_402e63682d3749049fa8edf9e07dfd6e/gnocchi.25fdf1fb-5f6e-417e-893b-53d48fb05af2/1764720000.0_mean_300.0_v3" 201 - "PUT https://[::1]:8080/v1/AUTH_402e63682d3749049fa8edf9e07dfd6e/gnocchi.25fdf1fb-5f6e-417e-893b-53d48fb05af2/1764720000.0_mean_300.0_v3" "tx4efb4388e0da48d196740-00693b8ea7" "proxy-server 97888" 0.0136 "-" 96957 0
Dec 11 22:40:23 np0005556243.novalocal container-server[96624]: ::1 - - [12/Dec/2025:03:40:23 +0000] "PUT /1/223573/AUTH_402e63682d3749049fa8edf9e07dfd6e/gnocchi.25fdf1fb-5f6e-417e-893b-53d48fb05af2/1764720000.0_mean_300.0_v3" 201 - "PUT http://[::1]:8080/3/209799/AUTH_402e63682d3749049fa8edf9e07dfd6e/gnocchi.25fdf1fb-5f6e-417e-893b-53d48fb05af2/1764720000.0_mean_300.0_v3" "tx4efb4388e0da48d196740-00693b8ea7" "object-server 96957" 0.0008 "-" 96624 0
Dec 11 22:40:23 np0005556243.novalocal object-server[96957]: ::1 - - [12/Dec/2025:03:40:23 +0000] "PUT /3/209799/AUTH_402e63682d3749049fa8edf9e07dfd6e/gnocchi.25fdf1fb-5f6e-417e-893b-53d48fb05af2/1764720000.0_mean_300.0_v3" 201 - "PUT https://[::1]:8080/v1/AUTH_402e63682d3749049fa8edf9e07dfd6e/gnocchi.25fdf1fb-5f6e-417e-893b-53d48fb05af2/1764720000.0_mean_300.0_v3" "tx4efb4388e0da48d196740-00693b8ea7" "proxy-server 97888" 0.0197 "-" 96957 0
Dec 11 22:40:23 np0005556243.novalocal proxy-server[97888]: ::1 ::1 12/Dec/2025/03/40/23 PUT /v1/AUTH_402e63682d3749049fa8edf9e07dfd6e/gnocchi.25fdf1fb-5f6e-417e-893b-53d48fb05af2/1764720000.0_mean_300.0_v3 HTTP/1.0 201 - python-swiftclient-4.8.0 gAAAAABpO450Q4QS... 16 - - tx4efb4388e0da48d196740-00693b8ea7 - 0.0269 - - 1765510823.238491058 1765510823.265395403 0 89ff87eb6954479d969b489941791c9f
