Dec 11 22:40:49 np0005556243.novalocal container-server[96624]: ::1 - - [12/Dec/2025:03:40:49 +0000] "PUT /2/104017/AUTH_402e63682d3749049fa8edf9e07dfd6e/gnocchi.ab02a225-1907-4ad1-98e1-74e6b8270913/none_v3" 201 - "PUT http://[::1]:8080/3/40812/AUTH_402e63682d3749049fa8edf9e07dfd6e/gnocchi.ab02a225-1907-4ad1-98e1-74e6b8270913/none_v3" "tx7e8ccd1fff434877a9639-00693b8ec1" "object-server 96958" 0.0005 "-" 96624 0
Dec 11 22:40:49 np0005556243.novalocal object-server[96958]: ::1 - - [12/Dec/2025:03:40:49 +0000] "PUT /3/40812/AUTH_402e63682d3749049fa8edf9e07dfd6e/gnocchi.ab02a225-1907-4ad1-98e1-74e6b8270913/none_v3" 201 - "PUT https://[::1]:8080/v1/AUTH_402e63682d3749049fa8edf9e07dfd6e/gnocchi.ab02a225-1907-4ad1-98e1-74e6b8270913/none_v3" "tx7e8ccd1fff434877a9639-00693b8ec1" "proxy-server 97889" 0.0130 "-" 96958 0
Dec 11 22:40:49 np0005556243.novalocal container-server[96624]: ::1 - - [12/Dec/2025:03:40:49 +0000] "PUT /1/104017/AUTH_402e63682d3749049fa8edf9e07dfd6e/gnocchi.ab02a225-1907-4ad1-98e1-74e6b8270913/none_v3" 201 - "PUT http://[::1]:8080/1/40812/AUTH_402e63682d3749049fa8edf9e07dfd6e/gnocchi.ab02a225-1907-4ad1-98e1-74e6b8270913/none_v3" "tx7e8ccd1fff434877a9639-00693b8ec1" "object-server 96957" 0.0003 "-" 96624 0
Dec 11 22:40:49 np0005556243.novalocal object-server[96957]: ::1 - - [12/Dec/2025:03:40:49 +0000] "PUT /2/40812/AUTH_402e63682d3749049fa8edf9e07dfd6e/gnocchi.ab02a225-1907-4ad1-98e1-74e6b8270913/none_v3" 201 - "PUT https://[::1]:8080/v1/AUTH_402e63682d3749049fa8edf9e07dfd6e/gnocchi.ab02a225-1907-4ad1-98e1-74e6b8270913/none_v3" "tx7e8ccd1fff434877a9639-00693b8ec1" "proxy-server 97889" 0.0126 "-" 96957 0
Dec 11 22:40:49 np0005556243.novalocal object-server[96957]: ::1 - - [12/Dec/2025:03:40:49 +0000] "PUT /1/40812/AUTH_402e63682d3749049fa8edf9e07dfd6e/gnocchi.ab02a225-1907-4ad1-98e1-74e6b8270913/none_v3" 201 - "PUT https://[::1]:8080/v1/AUTH_402e63682d3749049fa8edf9e07dfd6e/gnocchi.ab02a225-1907-4ad1-98e1-74e6b8270913/none_v3" "tx7e8ccd1fff434877a9639-00693b8ec1" "proxy-server 97889" 0.0160 "-" 96957 0
Dec 11 22:40:49 np0005556243.novalocal proxy-server[97889]: ::1 ::1 12/Dec/2025/03/40/49 PUT /v1/AUTH_402e63682d3749049fa8edf9e07dfd6e/gnocchi.ab02a225-1907-4ad1-98e1-74e6b8270913/none_v3 HTTP/1.0 201 - python-swiftclient-4.8.0 gAAAAABpO452jeI2... 60 - - tx7e8ccd1fff434877a9639-00693b8ec1 - 0.0261 - - 1765510849.013346672 1765510849.039473295 0 89ff87eb6954479d969b489941791c9f
Dec 11 22:40:49 np0005556243.novalocal object-server[96957]: ::1 - - [12/Dec/2025:03:40:49 +0000] "GET /2/21215/AUTH_402e63682d3749049fa8edf9e07dfd6e/gnocchi.29a77a18-598d-48b2-ab97-486af3f85d3e/none_v3" 200 51 "GET https://[::1]:8080/v1/AUTH_402e63682d3749049fa8edf9e07dfd6e/gnocchi.29a77a18-598d-48b2-ab97-486af3f85d3e/none_v3" "tx26f8bcf1b9604004ac615-00693b8ec1" "proxy-server 97889" 0.0007 "-" 96957 0
Dec 11 22:40:49 np0005556243.novalocal proxy-server[97889]: ::1 ::1 12/Dec/2025/03/40/49 GET /v1/AUTH_402e63682d3749049fa8edf9e07dfd6e/gnocchi.29a77a18-598d-48b2-ab97-486af3f85d3e/none_v3 HTTP/1.0 200 - python-swiftclient-4.8.0 gAAAAABpO452jeI2... - 51 - tx26f8bcf1b9604004ac615-00693b8ec1 - 0.0115 - - 1765510849.099339008 1765510849.110827684 0 89ff87eb6954479d969b489941791c9f
Dec 11 22:40:49 np0005556243.novalocal container-server[96624]: ::1 - - [12/Dec/2025:03:40:49 +0000] "GET /3/45743/AUTH_402e63682d3749049fa8edf9e07dfd6e/gnocchi.29a77a18-598d-48b2-ab97-486af3f85d3e" 200 357 "GET https://[::1]:8080/v1/AUTH_402e63682d3749049fa8edf9e07dfd6e/gnocchi.29a77a18-598d-48b2-ab97-486af3f85d3e?format=json&states=listing" "txbbda5e38f5314e60a050a-00693b8ec1" "proxy-server 97889" 0.0071 "-" 96624 0
Dec 11 22:40:49 np0005556243.novalocal proxy-server[97889]: ::1 ::1 12/Dec/2025/03/40/49 GET /v1/AUTH_402e63682d3749049fa8edf9e07dfd6e/gnocchi.29a77a18-598d-48b2-ab97-486af3f85d3e%3Fformat%3Djson%26states%3Dlisting HTTP/1.0 200 - python-swiftclient-4.8.0 gAAAAABpO452jeI2... - 357 - txbbda5e38f5314e60a050a-00693b8ec1 - 0.0165 - - 1765510849.115322113 1765510849.131790638 0 89ff87eb6954479d969b489941791c9f
Dec 11 22:40:49 np0005556243.novalocal container-server[96625]: ::1 - - [12/Dec/2025:03:40:49 +0000] "GET /2/45743/AUTH_402e63682d3749049fa8edf9e07dfd6e/gnocchi.29a77a18-598d-48b2-ab97-486af3f85d3e" 200 2 "GET https://[::1]:8080/v1/AUTH_402e63682d3749049fa8edf9e07dfd6e/gnocchi.29a77a18-598d-48b2-ab97-486af3f85d3e?format=json&marker=none_v3&states=listing" "tx063bb59d104b491fa1239-00693b8ec1" "proxy-server 97889" 0.0064 "-" 96625 0
Dec 11 22:40:49 np0005556243.novalocal proxy-server[97889]: ::1 ::1 12/Dec/2025/03/40/49 GET /v1/AUTH_402e63682d3749049fa8edf9e07dfd6e/gnocchi.29a77a18-598d-48b2-ab97-486af3f85d3e%3Fformat%3Djson%26marker%3Dnone_v3%26states%3Dlisting HTTP/1.0 200 - python-swiftclient-4.8.0 gAAAAABpO452jeI2... - 2 - tx063bb59d104b491fa1239-00693b8ec1 - 0.0255 - - 1765510849.135652065 1765510849.161130190 0 89ff87eb6954479d969b489941791c9f
Dec 11 22:40:49 np0005556243.novalocal object-server[96957]: ::1 - - [12/Dec/2025:03:40:49 +0000] "GET /1/165124/AUTH_402e63682d3749049fa8edf9e07dfd6e/gnocchi.29a77a18-598d-48b2-ab97-486af3f85d3e/1764720000.0_mean_300.0_v3" 200 23 "GET https://[::1]:8080/v1/AUTH_402e63682d3749049fa8edf9e07dfd6e/gnocchi.29a77a18-598d-48b2-ab97-486af3f85d3e/1764720000.0_mean_300.0_v3" "tx7184891f32344508a758b-00693b8ec1" "proxy-server 97889" 0.0006 "-" 96957 0
Dec 11 22:40:49 np0005556243.novalocal proxy-server[97889]: ::1 ::1 12/Dec/2025/03/40/49 GET /v1/AUTH_402e63682d3749049fa8edf9e07dfd6e/gnocchi.29a77a18-598d-48b2-ab97-486af3f85d3e/1764720000.0_mean_300.0_v3 HTTP/1.0 200 - python-swiftclient-4.8.0 gAAAAABpO452jeI2... - 23 - tx7184891f32344508a758b-00693b8ec1 - 0.0078 - - 1765510849.170170307 1765510849.177989483 0 89ff87eb6954479d969b489941791c9f
Dec 11 22:40:49 np0005556243.novalocal container-server[96624]: ::1 - - [12/Dec/2025:03:40:49 +0000] "PUT /3/45743/AUTH_402e63682d3749049fa8edf9e07dfd6e/gnocchi.29a77a18-598d-48b2-ab97-486af3f85d3e/1764720000.0_mean_300.0_v3" 201 - "PUT http://[::1]:8080/1/165124/AUTH_402e63682d3749049fa8edf9e07dfd6e/gnocchi.29a77a18-598d-48b2-ab97-486af3f85d3e/1764720000.0_mean_300.0_v3" "tx8010a502e87e4ef39080c-00693b8ec1" "object-server 96957" 0.0004 "-" 96624 0
Dec 11 22:40:49 np0005556243.novalocal object-server[96957]: ::1 - - [12/Dec/2025:03:40:49 +0000] "PUT /1/165124/AUTH_402e63682d3749049fa8edf9e07dfd6e/gnocchi.29a77a18-598d-48b2-ab97-486af3f85d3e/1764720000.0_mean_300.0_v3" 201 - "PUT https://[::1]:8080/v1/AUTH_402e63682d3749049fa8edf9e07dfd6e/gnocchi.29a77a18-598d-48b2-ab97-486af3f85d3e/1764720000.0_mean_300.0_v3" "tx8010a502e87e4ef39080c-00693b8ec1" "proxy-server 97889" 0.0124 "-" 96957 0
Dec 11 22:40:49 np0005556243.novalocal container-server[96624]: ::1 - - [12/Dec/2025:03:40:49 +0000] "PUT /2/45743/AUTH_402e63682d3749049fa8edf9e07dfd6e/gnocchi.29a77a18-598d-48b2-ab97-486af3f85d3e/1764720000.0_mean_300.0_v3" 201 - "PUT http://[::1]:8080/3/165124/AUTH_402e63682d3749049fa8edf9e07dfd6e/gnocchi.29a77a18-598d-48b2-ab97-486af3f85d3e/1764720000.0_mean_300.0_v3" "tx8010a502e87e4ef39080c-00693b8ec1" "object-server 96958" 0.0004 "-" 96624 0
Dec 11 22:40:49 np0005556243.novalocal object-server[96958]: ::1 - - [12/Dec/2025:03:40:49 +0000] "PUT /3/165124/AUTH_402e63682d3749049fa8edf9e07dfd6e/gnocchi.29a77a18-598d-48b2-ab97-486af3f85d3e/1764720000.0_mean_300.0_v3" 201 - "PUT https://[::1]:8080/v1/AUTH_402e63682d3749049fa8edf9e07dfd6e/gnocchi.29a77a18-598d-48b2-ab97-486af3f85d3e/1764720000.0_mean_300.0_v3" "tx8010a502e87e4ef39080c-00693b8ec1" "proxy-server 97889" 0.0137 "-" 96958 0
Dec 11 22:40:49 np0005556243.novalocal container-server[96624]: ::1 - - [12/Dec/2025:03:40:49 +0000] "PUT /1/45743/AUTH_402e63682d3749049fa8edf9e07dfd6e/gnocchi.29a77a18-598d-48b2-ab97-486af3f85d3e/1764720000.0_mean_300.0_v3" 201 - "PUT http://[::1]:8080/2/165124/AUTH_402e63682d3749049fa8edf9e07dfd6e/gnocchi.29a77a18-598d-48b2-ab97-486af3f85d3e/1764720000.0_mean_300.0_v3" "tx8010a502e87e4ef39080c-00693b8ec1" "object-server 96957" 0.0003 "-" 96624 0
Dec 11 22:40:49 np0005556243.novalocal object-server[96957]: ::1 - - [12/Dec/2025:03:40:49 +0000] "PUT /2/165124/AUTH_402e63682d3749049fa8edf9e07dfd6e/gnocchi.29a77a18-598d-48b2-ab97-486af3f85d3e/1764720000.0_mean_300.0_v3" 201 - "PUT https://[::1]:8080/v1/AUTH_402e63682d3749049fa8edf9e07dfd6e/gnocchi.29a77a18-598d-48b2-ab97-486af3f85d3e/1764720000.0_mean_300.0_v3" "tx8010a502e87e4ef39080c-00693b8ec1" "proxy-server 97889" 0.0134 "-" 96957 0
Dec 11 22:40:49 np0005556243.novalocal proxy-server[97889]: ::1 ::1 12/Dec/2025/03/40/49 PUT /v1/AUTH_402e63682d3749049fa8edf9e07dfd6e/gnocchi.29a77a18-598d-48b2-ab97-486af3f85d3e/1764720000.0_mean_300.0_v3 HTTP/1.0 201 - python-swiftclient-4.8.0 gAAAAABpO452jeI2... 23 - - tx8010a502e87e4ef39080c-00693b8ec1 - 0.0216 - - 1765510849.180877209 1765510849.202432156 0 89ff87eb6954479d969b489941791c9f
Dec 11 22:40:49 np0005556243.novalocal container-server[96625]: ::1 - - [12/Dec/2025:03:40:49 +0000] "PUT /2/45743/AUTH_402e63682d3749049fa8edf9e07dfd6e/gnocchi.29a77a18-598d-48b2-ab97-486af3f85d3e/none_v3" 201 - "PUT http://[::1]:8080/3/21215/AUTH_402e63682d3749049fa8edf9e07dfd6e/gnocchi.29a77a18-598d-48b2-ab97-486af3f85d3e/none_v3" "tx77364657a39e4eda8c394-00693b8ec1" "object-server 96958" 0.0004 "-" 96625 0
Dec 11 22:40:49 np0005556243.novalocal object-server[96958]: ::1 - - [12/Dec/2025:03:40:49 +0000] "PUT /3/21215/AUTH_402e63682d3749049fa8edf9e07dfd6e/gnocchi.29a77a18-598d-48b2-ab97-486af3f85d3e/none_v3" 201 - "PUT https://[::1]:8080/v1/AUTH_402e63682d3749049fa8edf9e07dfd6e/gnocchi.29a77a18-598d-48b2-ab97-486af3f85d3e/none_v3" "tx77364657a39e4eda8c394-00693b8ec1" "proxy-server 97889" 0.0091 "-" 96958 0
Dec 11 22:40:49 np0005556243.novalocal container-server[96625]: ::1 - - [12/Dec/2025:03:40:49 +0000] "PUT /1/45743/AUTH_402e63682d3749049fa8edf9e07dfd6e/gnocchi.29a77a18-598d-48b2-ab97-486af3f85d3e/none_v3" 201 - "PUT http://[::1]:8080/2/21215/AUTH_402e63682d3749049fa8edf9e07dfd6e/gnocchi.29a77a18-598d-48b2-ab97-486af3f85d3e/none_v3" "tx77364657a39e4eda8c394-00693b8ec1" "object-server 96957" 0.0003 "-" 96625 0
Dec 11 22:40:49 np0005556243.novalocal object-server[96957]: ::1 - - [12/Dec/2025:03:40:49 +0000] "PUT /2/21215/AUTH_402e63682d3749049fa8edf9e07dfd6e/gnocchi.29a77a18-598d-48b2-ab97-486af3f85d3e/none_v3" 201 - "PUT https://[::1]:8080/v1/AUTH_402e63682d3749049fa8edf9e07dfd6e/gnocchi.29a77a18-598d-48b2-ab97-486af3f85d3e/none_v3" "tx77364657a39e4eda8c394-00693b8ec1" "proxy-server 97889" 0.0101 "-" 96957 0
Dec 11 22:40:49 np0005556243.novalocal container-server[96624]: ::1 - - [12/Dec/2025:03:40:49 +0000] "PUT /3/45743/AUTH_402e63682d3749049fa8edf9e07dfd6e/gnocchi.29a77a18-598d-48b2-ab97-486af3f85d3e/none_v3" 201 - "PUT http://[::1]:8080/1/21215/AUTH_402e63682d3749049fa8edf9e07dfd6e/gnocchi.29a77a18-598d-48b2-ab97-486af3f85d3e/none_v3" "tx77364657a39e4eda8c394-00693b8ec1" "object-server 96958" 0.0005 "-" 96624 0
Dec 11 22:40:49 np0005556243.novalocal object-server[96958]: ::1 - - [12/Dec/2025:03:40:49 +0000] "PUT /1/21215/AUTH_402e63682d3749049fa8edf9e07dfd6e/gnocchi.29a77a18-598d-48b2-ab97-486af3f85d3e/none_v3" 201 - "PUT https://[::1]:8080/v1/AUTH_402e63682d3749049fa8edf9e07dfd6e/gnocchi.29a77a18-598d-48b2-ab97-486af3f85d3e/none_v3" "tx77364657a39e4eda8c394-00693b8ec1" "proxy-server 97889" 0.0108 "-" 96958 0
Dec 11 22:40:49 np0005556243.novalocal proxy-server[97889]: ::1 ::1 12/Dec/2025/03/40/49 PUT /v1/AUTH_402e63682d3749049fa8edf9e07dfd6e/gnocchi.29a77a18-598d-48b2-ab97-486af3f85d3e/none_v3 HTTP/1.0 201 - python-swiftclient-4.8.0 gAAAAABpO452jeI2... 60 - - tx77364657a39e4eda8c394-00693b8ec1 - 0.0186 - - 1765510849.204580784 1765510849.223220587 0 89ff87eb6954479d969b489941791c9f
Dec 11 22:40:49 np0005556243.novalocal object-server[96957]: ::1 - - [12/Dec/2025:03:40:49 +0000] "GET /1/6230/AUTH_402e63682d3749049fa8edf9e07dfd6e/gnocchi.0cfb6d23-5286-473d-8060-0bff0469fbcf/none_v3" 200 50 "GET https://[::1]:8080/v1/AUTH_402e63682d3749049fa8edf9e07dfd6e/gnocchi.0cfb6d23-5286-473d-8060-0bff0469fbcf/none_v3" "tx5ce1624bc2b8412799606-00693b8ec1" "proxy-server 97889" 0.0006 "-" 96957 0
Dec 11 22:40:49 np0005556243.novalocal proxy-server[97889]: ::1 ::1 12/Dec/2025/03/40/49 GET /v1/AUTH_402e63682d3749049fa8edf9e07dfd6e/gnocchi.0cfb6d23-5286-473d-8060-0bff0469fbcf/none_v3 HTTP/1.0 200 - python-swiftclient-4.8.0 gAAAAABpO452jeI2... - 50 - tx5ce1624bc2b8412799606-00693b8ec1 - 0.0072 - - 1765510849.248113155 1765510849.255326509 0 89ff87eb6954479d969b489941791c9f
Dec 11 22:40:49 np0005556243.novalocal object-server[96957]: ::1 - - [12/Dec/2025:03:40:49 +0000] "GET /2/83132/AUTH_402e63682d3749049fa8edf9e07dfd6e/gnocchi.affd6b57-36d4-4657-be3e-9ce75e6f3c4f/none_v3" 200 44 "GET https://[::1]:8080/v1/AUTH_402e63682d3749049fa8edf9e07dfd6e/gnocchi.affd6b57-36d4-4657-be3e-9ce75e6f3c4f/none_v3" "tx2e509030d57e449eaa97e-00693b8ec1" "proxy-server 97889" 0.0008 "-" 96957 0
Dec 11 22:40:49 np0005556243.novalocal proxy-server[97889]: ::1 ::1 12/Dec/2025/03/40/49 GET /v1/AUTH_402e63682d3749049fa8edf9e07dfd6e/gnocchi.affd6b57-36d4-4657-be3e-9ce75e6f3c4f/none_v3 HTTP/1.0 200 - python-swiftclient-4.8.0 gAAAAABpO452jeI2... - 44 - tx2e509030d57e449eaa97e-00693b8ec1 - 0.0057 - - 1765510849.256916761 1765510849.262652159 0 89ff87eb6954479d969b489941791c9f
Dec 11 22:40:49 np0005556243.novalocal container-server[96625]: ::1 - - [12/Dec/2025:03:40:49 +0000] "GET /3/233561/AUTH_402e63682d3749049fa8edf9e07dfd6e/gnocchi.0cfb6d23-5286-473d-8060-0bff0469fbcf" 200 357 "GET https://[::1]:8080/v1/AUTH_402e63682d3749049fa8edf9e07dfd6e/gnocchi.0cfb6d23-5286-473d-8060-0bff0469fbcf?format=json&states=listing" "txf70e8e4c8582416ca58d5-00693b8ec1" "proxy-server 97889" 0.0083 "-" 96625 0
Dec 11 22:40:49 np0005556243.novalocal proxy-server[97889]: ::1 ::1 12/Dec/2025/03/40/49 GET /v1/AUTH_402e63682d3749049fa8edf9e07dfd6e/gnocchi.0cfb6d23-5286-473d-8060-0bff0469fbcf%3Fformat%3Djson%26states%3Dlisting HTTP/1.0 200 - python-swiftclient-4.8.0 gAAAAABpO452jeI2... - 357 - txf70e8e4c8582416ca58d5-00693b8ec1 - 0.0148 - - 1765510849.264726639 1765510849.279523134 0 89ff87eb6954479d969b489941791c9f
Dec 11 22:40:49 np0005556243.novalocal container-server[96624]: ::1 - - [12/Dec/2025:03:40:49 +0000] "GET /1/233561/AUTH_402e63682d3749049fa8edf9e07dfd6e/gnocchi.0cfb6d23-5286-473d-8060-0bff0469fbcf" 200 2 "GET https://[::1]:8080/v1/AUTH_402e63682d3749049fa8edf9e07dfd6e/gnocchi.0cfb6d23-5286-473d-8060-0bff0469fbcf?format=json&marker=none_v3&states=listing" "tx51beff13bed240fb8388f-00693b8ec1" "proxy-server 97889" 0.0069 "-" 96624 0
Dec 11 22:40:49 np0005556243.novalocal proxy-server[97889]: ::1 ::1 12/Dec/2025/03/40/49 GET /v1/AUTH_402e63682d3749049fa8edf9e07dfd6e/gnocchi.0cfb6d23-5286-473d-8060-0bff0469fbcf%3Fformat%3Djson%26marker%3Dnone_v3%26states%3Dlisting HTTP/1.0 200 - python-swiftclient-4.8.0 gAAAAABpO452jeI2... - 2 - tx51beff13bed240fb8388f-00693b8ec1 - 0.0140 - - 1765510849.281565905 1765510849.295549631 0 89ff87eb6954479d969b489941791c9f
Dec 11 22:40:49 np0005556243.novalocal container-server[96625]: ::1 - - [12/Dec/2025:03:40:49 +0000] "GET /3/175641/AUTH_402e63682d3749049fa8edf9e07dfd6e/gnocchi.affd6b57-36d4-4657-be3e-9ce75e6f3c4f" 200 357 "GET https://[::1]:8080/v1/AUTH_402e63682d3749049fa8edf9e07dfd6e/gnocchi.affd6b57-36d4-4657-be3e-9ce75e6f3c4f?format=json&states=listing" "txa1f002a75a5c4c8799174-00693b8ec1" "proxy-server 97889" 0.0075 "-" 96625 0
Dec 11 22:40:49 np0005556243.novalocal proxy-server[97889]: ::1 ::1 12/Dec/2025/03/40/49 GET /v1/AUTH_402e63682d3749049fa8edf9e07dfd6e/gnocchi.affd6b57-36d4-4657-be3e-9ce75e6f3c4f%3Fformat%3Djson%26states%3Dlisting HTTP/1.0 200 - python-swiftclient-4.8.0 gAAAAABpO452jeI2... - 357 - txa1f002a75a5c4c8799174-00693b8ec1 - 0.0173 - - 1765510849.299152613 1765510849.316410303 0 89ff87eb6954479d969b489941791c9f
Dec 11 22:40:49 np0005556243.novalocal container-server[96625]: ::1 - - [12/Dec/2025:03:40:49 +0000] "GET /3/175641/AUTH_402e63682d3749049fa8edf9e07dfd6e/gnocchi.affd6b57-36d4-4657-be3e-9ce75e6f3c4f" 200 2 "GET https://[::1]:8080/v1/AUTH_402e63682d3749049fa8edf9e07dfd6e/gnocchi.affd6b57-36d4-4657-be3e-9ce75e6f3c4f?format=json&marker=none_v3&states=listing" "txeec61f6bd4b349a591219-00693b8ec1" "proxy-server 97889" 0.0019 "-" 96625 0
Dec 11 22:40:49 np0005556243.novalocal proxy-server[97889]: ::1 ::1 12/Dec/2025/03/40/49 GET /v1/AUTH_402e63682d3749049fa8edf9e07dfd6e/gnocchi.affd6b57-36d4-4657-be3e-9ce75e6f3c4f%3Fformat%3Djson%26marker%3Dnone_v3%26states%3Dlisting HTTP/1.0 200 - python-swiftclient-4.8.0 gAAAAABpO452jeI2... - 2 - txeec61f6bd4b349a591219-00693b8ec1 - 0.0159 - - 1765510849.319390059 1765510849.335325241 0 89ff87eb6954479d969b489941791c9f
Dec 11 22:40:49 np0005556243.novalocal object-server[96957]: ::1 - - [12/Dec/2025:03:40:49 +0000] "GET /2/7658/AUTH_402e63682d3749049fa8edf9e07dfd6e/gnocchi.0cfb6d23-5286-473d-8060-0bff0469fbcf/1764720000.0_mean_300.0_v3" 200 22 "GET https://[::1]:8080/v1/AUTH_402e63682d3749049fa8edf9e07dfd6e/gnocchi.0cfb6d23-5286-473d-8060-0bff0469fbcf/1764720000.0_mean_300.0_v3" "tx14180668289e49bd971e8-00693b8ec1" "proxy-server 97889" 0.0011 "-" 96957 0
Dec 11 22:40:49 np0005556243.novalocal proxy-server[97889]: ::1 ::1 12/Dec/2025/03/40/49 GET /v1/AUTH_402e63682d3749049fa8edf9e07dfd6e/gnocchi.0cfb6d23-5286-473d-8060-0bff0469fbcf/1764720000.0_mean_300.0_v3 HTTP/1.0 200 - python-swiftclient-4.8.0 gAAAAABpO452jeI2... - 22 - tx14180668289e49bd971e8-00693b8ec1 - 0.0094 - - 1765510849.339004517 1765510849.348454237 0 89ff87eb6954479d969b489941791c9f
Dec 11 22:40:49 np0005556243.novalocal object-server[96957]: ::1 - - [12/Dec/2025:03:40:49 +0000] "GET /1/199926/AUTH_402e63682d3749049fa8edf9e07dfd6e/gnocchi.affd6b57-36d4-4657-be3e-9ce75e6f3c4f/1764720000.0_mean_300.0_v3" 200 18 "GET https://[::1]:8080/v1/AUTH_402e63682d3749049fa8edf9e07dfd6e/gnocchi.affd6b57-36d4-4657-be3e-9ce75e6f3c4f/1764720000.0_mean_300.0_v3" "txded3fc4234db45ce92572-00693b8ec1" "proxy-server 97889" 0.0010 "-" 96957 0
Dec 11 22:40:49 np0005556243.novalocal proxy-server[97889]: ::1 ::1 12/Dec/2025/03/40/49 GET /v1/AUTH_402e63682d3749049fa8edf9e07dfd6e/gnocchi.affd6b57-36d4-4657-be3e-9ce75e6f3c4f/1764720000.0_mean_300.0_v3 HTTP/1.0 200 - python-swiftclient-4.8.0 gAAAAABpO452jeI2... - 18 - txded3fc4234db45ce92572-00693b8ec1 - 0.0063 - - 1765510849.351316214 1765510849.357639074 0 89ff87eb6954479d969b489941791c9f
Dec 11 22:40:49 np0005556243.novalocal container-server[96624]: ::1 - - [12/Dec/2025:03:40:49 +0000] "PUT /3/233561/AUTH_402e63682d3749049fa8edf9e07dfd6e/gnocchi.0cfb6d23-5286-473d-8060-0bff0469fbcf/1764720000.0_mean_300.0_v3" 201 - "PUT http://[::1]:8080/2/7658/AUTH_402e63682d3749049fa8edf9e07dfd6e/gnocchi.0cfb6d23-5286-473d-8060-0bff0469fbcf/1764720000.0_mean_300.0_v3" "tx9872dce2c249448e95149-00693b8ec1" "object-server 96957" 0.0011 "-" 96624 0
Dec 11 22:40:49 np0005556243.novalocal object-server[96957]: ::1 - - [12/Dec/2025:03:40:49 +0000] "PUT /2/7658/AUTH_402e63682d3749049fa8edf9e07dfd6e/gnocchi.0cfb6d23-5286-473d-8060-0bff0469fbcf/1764720000.0_mean_300.0_v3" 201 - "PUT https://[::1]:8080/v1/AUTH_402e63682d3749049fa8edf9e07dfd6e/gnocchi.0cfb6d23-5286-473d-8060-0bff0469fbcf/1764720000.0_mean_300.0_v3" "tx9872dce2c249448e95149-00693b8ec1" "proxy-server 97889" 0.0142 "-" 96957 0
Dec 11 22:40:49 np0005556243.novalocal container-server[96624]: ::1 - - [12/Dec/2025:03:40:49 +0000] "PUT /2/233561/AUTH_402e63682d3749049fa8edf9e07dfd6e/gnocchi.0cfb6d23-5286-473d-8060-0bff0469fbcf/1764720000.0_mean_300.0_v3" 201 - "PUT http://[::1]:8080/3/7658/AUTH_402e63682d3749049fa8edf9e07dfd6e/gnocchi.0cfb6d23-5286-473d-8060-0bff0469fbcf/1764720000.0_mean_300.0_v3" "tx9872dce2c249448e95149-00693b8ec1" "object-server 96957" 0.0011 "-" 96624 0
Dec 11 22:40:49 np0005556243.novalocal object-server[96957]: ::1 - - [12/Dec/2025:03:40:49 +0000] "PUT /3/7658/AUTH_402e63682d3749049fa8edf9e07dfd6e/gnocchi.0cfb6d23-5286-473d-8060-0bff0469fbcf/1764720000.0_mean_300.0_v3" 201 - "PUT https://[::1]:8080/v1/AUTH_402e63682d3749049fa8edf9e07dfd6e/gnocchi.0cfb6d23-5286-473d-8060-0bff0469fbcf/1764720000.0_mean_300.0_v3" "tx9872dce2c249448e95149-00693b8ec1" "proxy-server 97889" 0.0191 "-" 96957 0
Dec 11 22:40:49 np0005556243.novalocal container-server[96624]: ::1 - - [12/Dec/2025:03:40:49 +0000] "PUT /1/233561/AUTH_402e63682d3749049fa8edf9e07dfd6e/gnocchi.0cfb6d23-5286-473d-8060-0bff0469fbcf/1764720000.0_mean_300.0_v3" 201 - "PUT http://[::1]:8080/1/7658/AUTH_402e63682d3749049fa8edf9e07dfd6e/gnocchi.0cfb6d23-5286-473d-8060-0bff0469fbcf/1764720000.0_mean_300.0_v3" "tx9872dce2c249448e95149-00693b8ec1" "object-server 96957" 0.0014 "-" 96624 0
Dec 11 22:40:49 np0005556243.novalocal object-server[96957]: ::1 - - [12/Dec/2025:03:40:49 +0000] "PUT /1/7658/AUTH_402e63682d3749049fa8edf9e07dfd6e/gnocchi.0cfb6d23-5286-473d-8060-0bff0469fbcf/1764720000.0_mean_300.0_v3" 201 - "PUT https://[::1]:8080/v1/AUTH_402e63682d3749049fa8edf9e07dfd6e/gnocchi.0cfb6d23-5286-473d-8060-0bff0469fbcf/1764720000.0_mean_300.0_v3" "tx9872dce2c249448e95149-00693b8ec1" "proxy-server 97889" 0.0251 "-" 96957 0
Dec 11 22:40:49 np0005556243.novalocal proxy-server[97889]: ::1 ::1 12/Dec/2025/03/40/49 PUT /v1/AUTH_402e63682d3749049fa8edf9e07dfd6e/gnocchi.0cfb6d23-5286-473d-8060-0bff0469fbcf/1764720000.0_mean_300.0_v3 HTTP/1.0 201 - python-swiftclient-4.8.0 gAAAAABpO452jeI2... 22 - - tx9872dce2c249448e95149-00693b8ec1 - 0.0307 - - 1765510849.361227989 1765510849.391960621 0 89ff87eb6954479d969b489941791c9f
Dec 11 22:40:49 np0005556243.novalocal container-server[96625]: ::1 - - [12/Dec/2025:03:40:49 +0000] "PUT /3/175641/AUTH_402e63682d3749049fa8edf9e07dfd6e/gnocchi.affd6b57-36d4-4657-be3e-9ce75e6f3c4f/1764720000.0_mean_300.0_v3" 201 - "PUT http://[::1]:8080/1/199926/AUTH_402e63682d3749049fa8edf9e07dfd6e/gnocchi.affd6b57-36d4-4657-be3e-9ce75e6f3c4f/1764720000.0_mean_300.0_v3" "txb6bd810e210a4fbd87215-00693b8ec1" "object-server 96957" 0.0004 "-" 96625 0
Dec 11 22:40:49 np0005556243.novalocal container-server[96625]: ::1 - - [12/Dec/2025:03:40:49 +0000] "PUT /2/175641/AUTH_402e63682d3749049fa8edf9e07dfd6e/gnocchi.affd6b57-36d4-4657-be3e-9ce75e6f3c4f/1764720000.0_mean_300.0_v3" 201 - "PUT http://[::1]:8080/3/199926/AUTH_402e63682d3749049fa8edf9e07dfd6e/gnocchi.affd6b57-36d4-4657-be3e-9ce75e6f3c4f/1764720000.0_mean_300.0_v3" "txb6bd810e210a4fbd87215-00693b8ec1" "object-server 96958" 0.0003 "-" 96625 0
Dec 11 22:40:49 np0005556243.novalocal object-server[96957]: ::1 - - [12/Dec/2025:03:40:49 +0000] "PUT /1/199926/AUTH_402e63682d3749049fa8edf9e07dfd6e/gnocchi.affd6b57-36d4-4657-be3e-9ce75e6f3c4f/1764720000.0_mean_300.0_v3" 201 - "PUT https://[::1]:8080/v1/AUTH_402e63682d3749049fa8edf9e07dfd6e/gnocchi.affd6b57-36d4-4657-be3e-9ce75e6f3c4f/1764720000.0_mean_300.0_v3" "txb6bd810e210a4fbd87215-00693b8ec1" "proxy-server 97889" 0.0120 "-" 96957 0
Dec 11 22:40:49 np0005556243.novalocal object-server[96958]: ::1 - - [12/Dec/2025:03:40:49 +0000] "PUT /3/199926/AUTH_402e63682d3749049fa8edf9e07dfd6e/gnocchi.affd6b57-36d4-4657-be3e-9ce75e6f3c4f/1764720000.0_mean_300.0_v3" 201 - "PUT https://[::1]:8080/v1/AUTH_402e63682d3749049fa8edf9e07dfd6e/gnocchi.affd6b57-36d4-4657-be3e-9ce75e6f3c4f/1764720000.0_mean_300.0_v3" "txb6bd810e210a4fbd87215-00693b8ec1" "proxy-server 97889" 0.0121 "-" 96958 0
Dec 11 22:40:49 np0005556243.novalocal container-server[96624]: ::1 - - [12/Dec/2025:03:40:49 +0000] "PUT /1/175641/AUTH_402e63682d3749049fa8edf9e07dfd6e/gnocchi.affd6b57-36d4-4657-be3e-9ce75e6f3c4f/1764720000.0_mean_300.0_v3" 201 - "PUT http://[::1]:8080/2/199926/AUTH_402e63682d3749049fa8edf9e07dfd6e/gnocchi.affd6b57-36d4-4657-be3e-9ce75e6f3c4f/1764720000.0_mean_300.0_v3" "txb6bd810e210a4fbd87215-00693b8ec1" "object-server 96957" 0.0010 "-" 96624 0
Dec 11 22:40:49 np0005556243.novalocal object-server[96957]: ::1 - - [12/Dec/2025:03:40:49 +0000] "PUT /2/199926/AUTH_402e63682d3749049fa8edf9e07dfd6e/gnocchi.affd6b57-36d4-4657-be3e-9ce75e6f3c4f/1764720000.0_mean_300.0_v3" 201 - "PUT https://[::1]:8080/v1/AUTH_402e63682d3749049fa8edf9e07dfd6e/gnocchi.affd6b57-36d4-4657-be3e-9ce75e6f3c4f/1764720000.0_mean_300.0_v3" "txb6bd810e210a4fbd87215-00693b8ec1" "proxy-server 97889" 0.0133 "-" 96957 0
Dec 11 22:40:49 np0005556243.novalocal proxy-server[97889]: ::1 ::1 12/Dec/2025/03/40/49 PUT /v1/AUTH_402e63682d3749049fa8edf9e07dfd6e/gnocchi.affd6b57-36d4-4657-be3e-9ce75e6f3c4f/1764720000.0_mean_300.0_v3 HTTP/1.0 201 - python-swiftclient-4.8.0 gAAAAABpO452jeI2... 18 - - txb6bd810e210a4fbd87215-00693b8ec1 - 0.0265 - - 1765510849.394690752 1765510849.421164274 0 89ff87eb6954479d969b489941791c9f
Dec 11 22:40:49 np0005556243.novalocal container-server[96625]: ::1 - - [12/Dec/2025:03:40:49 +0000] "PUT /2/233561/AUTH_402e63682d3749049fa8edf9e07dfd6e/gnocchi.0cfb6d23-5286-473d-8060-0bff0469fbcf/none_v3" 201 - "PUT http://[::1]:8080/1/6230/AUTH_402e63682d3749049fa8edf9e07dfd6e/gnocchi.0cfb6d23-5286-473d-8060-0bff0469fbcf/none_v3" "tx01e91a7886684434a4206-00693b8ec1" "object-server 96958" 0.0005 "-" 96625 0
Dec 11 22:40:49 np0005556243.novalocal object-server[96958]: ::1 - - [12/Dec/2025:03:40:49 +0000] "PUT /1/6230/AUTH_402e63682d3749049fa8edf9e07dfd6e/gnocchi.0cfb6d23-5286-473d-8060-0bff0469fbcf/none_v3" 201 - "PUT https://[::1]:8080/v1/AUTH_402e63682d3749049fa8edf9e07dfd6e/gnocchi.0cfb6d23-5286-473d-8060-0bff0469fbcf/none_v3" "tx01e91a7886684434a4206-00693b8ec1" "proxy-server 97889" 0.0086 "-" 96958 0
Dec 11 22:40:49 np0005556243.novalocal container-server[96624]: ::1 - - [12/Dec/2025:03:40:49 +0000] "PUT /3/233561/AUTH_402e63682d3749049fa8edf9e07dfd6e/gnocchi.0cfb6d23-5286-473d-8060-0bff0469fbcf/none_v3" 201 - "PUT http://[::1]:8080/3/6230/AUTH_402e63682d3749049fa8edf9e07dfd6e/gnocchi.0cfb6d23-5286-473d-8060-0bff0469fbcf/none_v3" "tx01e91a7886684434a4206-00693b8ec1" "object-server 96958" 0.0009 "-" 96624 0
Dec 11 22:40:49 np0005556243.novalocal object-server[96958]: ::1 - - [12/Dec/2025:03:40:49 +0000] "PUT /3/6230/AUTH_402e63682d3749049fa8edf9e07dfd6e/gnocchi.0cfb6d23-5286-473d-8060-0bff0469fbcf/none_v3" 201 - "PUT https://[::1]:8080/v1/AUTH_402e63682d3749049fa8edf9e07dfd6e/gnocchi.0cfb6d23-5286-473d-8060-0bff0469fbcf/none_v3" "tx01e91a7886684434a4206-00693b8ec1" "proxy-server 97889" 0.0111 "-" 96958 0
Dec 11 22:40:49 np0005556243.novalocal container-server[96624]: ::1 - - [12/Dec/2025:03:40:49 +0000] "PUT /1/233561/AUTH_402e63682d3749049fa8edf9e07dfd6e/gnocchi.0cfb6d23-5286-473d-8060-0bff0469fbcf/none_v3" 201 - "PUT http://[::1]:8080/2/6230/AUTH_402e63682d3749049fa8edf9e07dfd6e/gnocchi.0cfb6d23-5286-473d-8060-0bff0469fbcf/none_v3" "tx01e91a7886684434a4206-00693b8ec1" "object-server 96957" 0.0006 "-" 96624 0
Dec 11 22:40:49 np0005556243.novalocal object-server[96957]: ::1 - - [12/Dec/2025:03:40:49 +0000] "PUT /2/6230/AUTH_402e63682d3749049fa8edf9e07dfd6e/gnocchi.0cfb6d23-5286-473d-8060-0bff0469fbcf/none_v3" 201 - "PUT https://[::1]:8080/v1/AUTH_402e63682d3749049fa8edf9e07dfd6e/gnocchi.0cfb6d23-5286-473d-8060-0bff0469fbcf/none_v3" "tx01e91a7886684434a4206-00693b8ec1" "proxy-server 97889" 0.0133 "-" 96957 0
Dec 11 22:40:49 np0005556243.novalocal proxy-server[97889]: ::1 ::1 12/Dec/2025/03/40/49 PUT /v1/AUTH_402e63682d3749049fa8edf9e07dfd6e/gnocchi.0cfb6d23-5286-473d-8060-0bff0469fbcf/none_v3 HTTP/1.0 201 - python-swiftclient-4.8.0 gAAAAABpO452jeI2... 59 - - tx01e91a7886684434a4206-00693b8ec1 - 0.0235 - - 1765510849.425084114 1765510849.448628426 0 89ff87eb6954479d969b489941791c9f
Dec 11 22:40:49 np0005556243.novalocal container-server[96624]: ::1 - - [12/Dec/2025:03:40:49 +0000] "PUT /1/175641/AUTH_402e63682d3749049fa8edf9e07dfd6e/gnocchi.affd6b57-36d4-4657-be3e-9ce75e6f3c4f/none_v3" 201 - "PUT http://[::1]:8080/3/83132/AUTH_402e63682d3749049fa8edf9e07dfd6e/gnocchi.affd6b57-36d4-4657-be3e-9ce75e6f3c4f/none_v3" "tx1e36d1d20afe42d6b0123-00693b8ec1" "object-server 96957" 0.0007 "-" 96624 0
Dec 11 22:40:49 np0005556243.novalocal object-server[96957]: ::1 - - [12/Dec/2025:03:40:49 +0000] "PUT /3/83132/AUTH_402e63682d3749049fa8edf9e07dfd6e/gnocchi.affd6b57-36d4-4657-be3e-9ce75e6f3c4f/none_v3" 201 - "PUT https://[::1]:8080/v1/AUTH_402e63682d3749049fa8edf9e07dfd6e/gnocchi.affd6b57-36d4-4657-be3e-9ce75e6f3c4f/none_v3" "tx1e36d1d20afe42d6b0123-00693b8ec1" "proxy-server 97889" 0.0111 "-" 96957 0
Dec 11 22:40:49 np0005556243.novalocal container-server[96625]: ::1 - - [12/Dec/2025:03:40:49 +0000] "PUT /2/175641/AUTH_402e63682d3749049fa8edf9e07dfd6e/gnocchi.affd6b57-36d4-4657-be3e-9ce75e6f3c4f/none_v3" 201 - "PUT http://[::1]:8080/2/83132/AUTH_402e63682d3749049fa8edf9e07dfd6e/gnocchi.affd6b57-36d4-4657-be3e-9ce75e6f3c4f/none_v3" "tx1e36d1d20afe42d6b0123-00693b8ec1" "object-server 96958" 0.0004 "-" 96625 0
Dec 11 22:40:49 np0005556243.novalocal container-server[96624]: ::1 - - [12/Dec/2025:03:40:49 +0000] "PUT /3/175641/AUTH_402e63682d3749049fa8edf9e07dfd6e/gnocchi.affd6b57-36d4-4657-be3e-9ce75e6f3c4f/none_v3" 201 - "PUT http://[::1]:8080/1/83132/AUTH_402e63682d3749049fa8edf9e07dfd6e/gnocchi.affd6b57-36d4-4657-be3e-9ce75e6f3c4f/none_v3" "tx1e36d1d20afe42d6b0123-00693b8ec1" "object-server 96958" 0.0013 "-" 96624 0
Dec 11 22:40:49 np0005556243.novalocal object-server[96958]: ::1 - - [12/Dec/2025:03:40:49 +0000] "PUT /2/83132/AUTH_402e63682d3749049fa8edf9e07dfd6e/gnocchi.affd6b57-36d4-4657-be3e-9ce75e6f3c4f/none_v3" 201 - "PUT https://[::1]:8080/v1/AUTH_402e63682d3749049fa8edf9e07dfd6e/gnocchi.affd6b57-36d4-4657-be3e-9ce75e6f3c4f/none_v3" "tx1e36d1d20afe42d6b0123-00693b8ec1" "proxy-server 97889" 0.0149 "-" 96958 0
Dec 11 22:40:49 np0005556243.novalocal object-server[96958]: ::1 - - [12/Dec/2025:03:40:49 +0000] "PUT /1/83132/AUTH_402e63682d3749049fa8edf9e07dfd6e/gnocchi.affd6b57-36d4-4657-be3e-9ce75e6f3c4f/none_v3" 201 - "PUT https://[::1]:8080/v1/AUTH_402e63682d3749049fa8edf9e07dfd6e/gnocchi.affd6b57-36d4-4657-be3e-9ce75e6f3c4f/none_v3" "tx1e36d1d20afe42d6b0123-00693b8ec1" "proxy-server 97889" 0.0149 "-" 96958 0
Dec 11 22:40:49 np0005556243.novalocal proxy-server[97889]: ::1 ::1 12/Dec/2025/03/40/49 PUT /v1/AUTH_402e63682d3749049fa8edf9e07dfd6e/gnocchi.affd6b57-36d4-4657-be3e-9ce75e6f3c4f/none_v3 HTTP/1.0 201 - python-swiftclient-4.8.0 gAAAAABpO452jeI2... 52 - - tx1e36d1d20afe42d6b0123-00693b8ec1 - 0.0261 - - 1765510849.452215195 1765510849.478269339 0 89ff87eb6954479d969b489941791c9f
Dec 11 22:40:49 np0005556243.novalocal dnsmasq[105256]: read /var/lib/neutron/dhcp/629d80b2-3b51-437c-b99d-a9e7d908a4e7/addn_hosts - 1 addresses
Dec 11 22:40:49 np0005556243.novalocal dnsmasq-dhcp[105256]: read /var/lib/neutron/dhcp/629d80b2-3b51-437c-b99d-a9e7d908a4e7/host
Dec 11 22:40:49 np0005556243.novalocal dnsmasq-dhcp[105256]: read /var/lib/neutron/dhcp/629d80b2-3b51-437c-b99d-a9e7d908a4e7/opts
Dec 11 22:40:49 np0005556243.novalocal kernel: qr-201f85e0-0f: entered promiscuous mode
Dec 11 22:40:49 np0005556243.novalocal NetworkManager[859]: [1765510849.8048] manager: (qr-201f85e0-0f): 'openvswitch' plugin not available; creating generic device
Dec 11 22:40:49 np0005556243.novalocal NetworkManager[859]: [1765510849.8068] manager: (qr-201f85e0-0f): new Generic device (/org/freedesktop/NetworkManager/Devices/39)
Dec 11 22:40:49 np0005556243.novalocal virtnodedevd[99761]: ethtool ioctl error on qr-201f85e0-0f: No such device
Dec 11 22:40:49 np0005556243.novalocal virtnodedevd[99761]: ethtool ioctl error on qr-201f85e0-0f: No such device
Dec 11 22:40:49 np0005556243.novalocal virtnodedevd[99761]: ethtool ioctl error on qr-201f85e0-0f: No such device
Dec 11 22:40:49 np0005556243.novalocal virtnodedevd[99761]: ethtool ioctl error on qr-201f85e0-0f: No such device
Dec 11 22:40:49 np0005556243.novalocal virtnodedevd[99761]: ethtool ioctl error on qr-201f85e0-0f: No such device
Dec 11 22:40:49 np0005556243.novalocal virtnodedevd[99761]: ethtool ioctl error on qr-201f85e0-0f: No such device
Dec 11 22:40:49 np0005556243.novalocal virtnodedevd[99761]: ethtool ioctl error on qr-201f85e0-0f: No such device
Dec 11 22:40:49 np0005556243.novalocal virtnodedevd[99761]: ethtool ioctl error on qr-201f85e0-0f: No such device
Dec 11 22:40:50 np0005556243.novalocal dnsmasq[105256]: read /var/lib/neutron/dhcp/629d80b2-3b51-437c-b99d-a9e7d908a4e7/addn_hosts - 1 addresses
Dec 11 22:40:50 np0005556243.novalocal dnsmasq-dhcp[105256]: read /var/lib/neutron/dhcp/629d80b2-3b51-437c-b99d-a9e7d908a4e7/host
Dec 11 22:40:50 np0005556243.novalocal dnsmasq-dhcp[105256]: read /var/lib/neutron/dhcp/629d80b2-3b51-437c-b99d-a9e7d908a4e7/opts
Dec 11 22:40:52 np0005556243.novalocal dnsmasq[105256]: read /var/lib/neutron/dhcp/629d80b2-3b51-437c-b99d-a9e7d908a4e7/addn_hosts - 1 addresses
Dec 11 22:40:52 np0005556243.novalocal dnsmasq-dhcp[105256]: read /var/lib/neutron/dhcp/629d80b2-3b51-437c-b99d-a9e7d908a4e7/host
Dec 11 22:40:52 np0005556243.novalocal dnsmasq-dhcp[105256]: read /var/lib/neutron/dhcp/629d80b2-3b51-437c-b99d-a9e7d908a4e7/opts
Dec 11 22:40:52 np0005556243.novalocal dnsmasq-dhcp[103412]: DHCPRELEASE(tap4dabcf9c-d1) 10.100.0.1 fa:16:3e:c8:47:6d
Dec 11 22:40:52 np0005556243.novalocal systemd[1]: NetworkManager-dispatcher.service: Deactivated successfully.
Dec 11 22:40:53 np0005556243.novalocal kernel: qr-80384abf-e8: left promiscuous mode
Dec 11 22:40:53 np0005556243.novalocal dnsmasq[103412]: read /var/lib/neutron/dhcp/a0a57ac0-81af-4f8d-90d2-da85b3ed0e72/addn_hosts - 0 addresses
Dec 11 22:40:53 np0005556243.novalocal dnsmasq-dhcp[103412]: read /var/lib/neutron/dhcp/a0a57ac0-81af-4f8d-90d2-da85b3ed0e72/host
Dec 11 22:40:53 np0005556243.novalocal dnsmasq-dhcp[103412]: read /var/lib/neutron/dhcp/a0a57ac0-81af-4f8d-90d2-da85b3ed0e72/opts
Dec 11 22:40:53 np0005556243.novalocal dnsmasq[103412]: exiting on receipt of SIGTERM
Dec 11 22:40:53 np0005556243.novalocal kernel: tap4dabcf9c-d1: left promiscuous mode
Dec 11 22:40:54 np0005556243.novalocal kernel: qg-f3ed60a9-93: left promiscuous mode
Dec 11 22:40:54 np0005556243.novalocal systemd[1]: run-netns-qrouter\x2d91a35bcd\x2daad7\x2d484e\x2da1b5\x2ddd0e71657af4.mount: Deactivated successfully.
Dec 11 22:40:54 np0005556243.novalocal systemd[1]: run-netns-qdhcp\x2da0a57ac0\x2d81af\x2d4f8d\x2d90d2\x2dda85b3ed0e72.mount: Deactivated successfully.
Dec 11 22:40:54 np0005556243.novalocal dnsmasq[105256]: read /var/lib/neutron/dhcp/629d80b2-3b51-437c-b99d-a9e7d908a4e7/addn_hosts - 2 addresses
Dec 11 22:40:54 np0005556243.novalocal dnsmasq-dhcp[105256]: read /var/lib/neutron/dhcp/629d80b2-3b51-437c-b99d-a9e7d908a4e7/host
Dec 11 22:40:54 np0005556243.novalocal dnsmasq-dhcp[105256]: read /var/lib/neutron/dhcp/629d80b2-3b51-437c-b99d-a9e7d908a4e7/opts
Dec 11 22:40:57 np0005556243.novalocal NetworkManager[859]: [1765510857.3855] manager: (qbref64ce63-96): new Bridge device (/org/freedesktop/NetworkManager/Devices/40)
Dec 11 22:40:57 np0005556243.novalocal NetworkManager[859]: [1765510857.4121] manager: (qvoef64ce63-96): new Veth device (/org/freedesktop/NetworkManager/Devices/41)
Dec 11 22:40:57 np0005556243.novalocal NetworkManager[859]: [1765510857.4139] manager: (qvbef64ce63-96): new Veth device (/org/freedesktop/NetworkManager/Devices/42)
Dec 11 22:40:57 np0005556243.novalocal NetworkManager[859]: [1765510857.4259] device (qvoef64ce63-96): carrier: link connected
Dec 11 22:40:57 np0005556243.novalocal NetworkManager[859]: [1765510857.4265] device (qvbef64ce63-96): carrier: link connected
Dec 11 22:40:57 np0005556243.novalocal kernel: qbref64ce63-96: port 1(qvbef64ce63-96) entered blocking state
Dec 11 22:40:57 np0005556243.novalocal kernel: qbref64ce63-96: port 1(qvbef64ce63-96) entered disabled state
Dec 11 22:40:57 np0005556243.novalocal kernel: qvbef64ce63-96: entered allmulticast mode
Dec 11 22:40:57 np0005556243.novalocal kernel: qvbef64ce63-96: entered promiscuous mode
Dec 11 22:40:57 np0005556243.novalocal kernel: qbref64ce63-96: port 1(qvbef64ce63-96) entered blocking state
Dec 11 22:40:57 np0005556243.novalocal kernel: qbref64ce63-96: port 1(qvbef64ce63-96) entered forwarding state
Dec 11 22:40:57 np0005556243.novalocal NetworkManager[859]: [1765510857.4387] device (qbref64ce63-96): carrier: link connected
Dec 11 22:40:57 np0005556243.novalocal systemd-udevd[105488]: Network interface NamePolicy= disabled on kernel command line.
Dec 11 22:40:57 np0005556243.novalocal systemd-udevd[105489]: Network interface NamePolicy= disabled on kernel command line.
Dec 11 22:40:57 np0005556243.novalocal kernel: qvoef64ce63-96: entered promiscuous mode
Dec 11 22:40:57 np0005556243.novalocal systemd-udevd[105490]: Network interface NamePolicy= disabled on kernel command line.
Dec 11 22:40:57 np0005556243.novalocal NetworkManager[859]: [1765510857.5070] device (qbref64ce63-96): state change: unmanaged -> unavailable (reason 'connection-assumed', managed-type: 'external')
Dec 11 22:40:57 np0005556243.novalocal NetworkManager[859]: [1765510857.5074] device (qbref64ce63-96): state change: unavailable -> disconnected (reason 'connection-assumed', managed-type: 'external')
Dec 11 22:40:57 np0005556243.novalocal NetworkManager[859]: [1765510857.5079] device (qbref64ce63-96): Activation: starting connection 'qbref64ce63-96' (142ac933-1282-4dd1-a440-992ccd81e012)
Dec 11 22:40:57 np0005556243.novalocal NetworkManager[859]: [1765510857.5080] device (qbref64ce63-96): state change: disconnected -> prepare (reason 'none', managed-type: 'external')
Dec 11 22:40:57 np0005556243.novalocal NetworkManager[859]: [1765510857.5081] device (qbref64ce63-96): state change: prepare -> config (reason 'none', managed-type: 'external')
Dec 11 22:40:57 np0005556243.novalocal NetworkManager[859]: [1765510857.5082] device (qbref64ce63-96): state change: config -> ip-config (reason 'none', managed-type: 'external')
Dec 11 22:40:57 np0005556243.novalocal NetworkManager[859]: [1765510857.5084] device (qbref64ce63-96): state change: ip-config -> ip-check (reason 'none', managed-type: 'external')
Dec 11 22:40:57 np0005556243.novalocal systemd[1]: Starting Network Manager Script Dispatcher Service...
Dec 11 22:40:57 np0005556243.novalocal systemd[1]: Started Network Manager Script Dispatcher Service.
Dec 11 22:40:57 np0005556243.novalocal NetworkManager[859]: [1765510857.5322] device (qbref64ce63-96): state change: ip-check -> secondaries (reason 'none', managed-type: 'external')
Dec 11 22:40:57 np0005556243.novalocal NetworkManager[859]: [1765510857.5324] device (qbref64ce63-96): state change: secondaries -> activated (reason 'none', managed-type: 'external')
Dec 11 22:40:57 np0005556243.novalocal NetworkManager[859]: [1765510857.5327] device (qbref64ce63-96): Activation: successful, device activated.
Dec 11 22:40:57 np0005556243.novalocal systemd[1]: iscsi.service: Unit cannot be reloaded because it is inactive.
Dec 11 22:40:57 np0005556243.novalocal kernel: tap80b31109-33: entered promiscuous mode
Dec 11 22:40:57 np0005556243.novalocal NetworkManager[859]: [1765510857.9763] manager: (tap80b31109-33): 'openvswitch' plugin not available; creating generic device
Dec 11 22:40:57 np0005556243.novalocal NetworkManager[859]: [1765510857.9786] manager: (tap80b31109-33): new Generic device (/org/freedesktop/NetworkManager/Devices/43)
Dec 11 22:40:58 np0005556243.novalocal kernel: qg-82e61024-15: entered promiscuous mode
Dec 11 22:40:58 np0005556243.novalocal NetworkManager[859]: [1765510858.6845] manager: (qg-82e61024-15): 'openvswitch' plugin not available; creating generic device
Dec 11 22:40:58 np0005556243.novalocal NetworkManager[859]: [1765510858.6860] manager: (qg-82e61024-15): new Generic device (/org/freedesktop/NetworkManager/Devices/44)
Dec 11 22:40:58 np0005556243.novalocal virtnodedevd[99761]: ethtool ioctl error on qg-82e61024-15: No such device
Dec 11 22:40:58 np0005556243.novalocal virtnodedevd[99761]: ethtool ioctl error on qg-82e61024-15: No such device
Dec 11 22:40:58 np0005556243.novalocal virtnodedevd[99761]: ethtool ioctl error on qg-82e61024-15: No such device
Dec 11 22:40:58 np0005556243.novalocal virtnodedevd[99761]: ethtool ioctl error on qg-82e61024-15: No such device
Dec 11 22:40:58 np0005556243.novalocal virtnodedevd[99761]: ethtool ioctl error on qg-82e61024-15: No such device
Dec 11 22:40:58 np0005556243.novalocal virtnodedevd[99761]: ethtool ioctl error on qg-82e61024-15: No such device
Dec 11 22:40:58 np0005556243.novalocal virtnodedevd[99761]: ethtool ioctl error on qg-82e61024-15: No such device
Dec 11 22:40:58 np0005556243.novalocal virtnodedevd[99761]: ethtool ioctl error on qg-82e61024-15: No such device
Dec 11 22:40:59 np0005556243.novalocal kernel: qbref64ce63-96: port 2(tapef64ce63-96) entered blocking state
Dec 11 22:40:59 np0005556243.novalocal kernel: qbref64ce63-96: port 2(tapef64ce63-96) entered disabled state
Dec 11 22:40:59 np0005556243.novalocal kernel: tapef64ce63-96: entered allmulticast mode
Dec 11 22:40:59 np0005556243.novalocal kernel: tapef64ce63-96: entered promiscuous mode
Dec 11 22:40:59 np0005556243.novalocal NetworkManager[859]: [1765510859.0819] manager: (tapef64ce63-96): new Tun device (/org/freedesktop/NetworkManager/Devices/45)
Dec 11 22:40:59 np0005556243.novalocal kernel: qbref64ce63-96: port 2(tapef64ce63-96) entered blocking state
Dec 11 22:40:59 np0005556243.novalocal kernel: qbref64ce63-96: port 2(tapef64ce63-96) entered forwarding state
Dec 11 22:40:59 np0005556243.novalocal virtqemud[99311]: Domain id=4 name='instance-00000004' uuid=ae2277e1-25ef-4086-9430-d7191f2d397a is tainted: deprecated-config (machine type 'pc-i440fx-rhel7.6.0')
Dec 11 22:40:59 np0005556243.novalocal virtqemud[99311]: Domain id=4 name='instance-00000004' uuid=ae2277e1-25ef-4086-9430-d7191f2d397a is tainted: deprecated-config (CPU model 'qemu64')
Dec 11 22:40:59 np0005556243.novalocal NetworkManager[859]: [1765510859.0981] device (tapef64ce63-96): state change: unmanaged -> unavailable (reason 'connection-assumed', managed-type: 'external')
Dec 11 22:40:59 np0005556243.novalocal NetworkManager[859]: [1765510859.0986] device (tapef64ce63-96): state change: unavailable -> disconnected (reason 'connection-assumed', managed-type: 'external')
Dec 11 22:40:59 np0005556243.novalocal NetworkManager[859]: [1765510859.0991] device (tapef64ce63-96): Activation: starting connection 'tapef64ce63-96' (2ac777fb-c044-40b3-92c2-77d351c61296)
Dec 11 22:40:59 np0005556243.novalocal NetworkManager[859]: [1765510859.0992] device (tapef64ce63-96): state change: disconnected -> prepare (reason 'none', managed-type: 'external')
Dec 11 22:40:59 np0005556243.novalocal NetworkManager[859]: [1765510859.0994] device (tapef64ce63-96): state change: prepare -> config (reason 'none', managed-type: 'external')
Dec 11 22:40:59 np0005556243.novalocal NetworkManager[859]: [1765510859.0995] device (tapef64ce63-96): state change: config -> ip-config (reason 'none', managed-type: 'external')
Dec 11 22:40:59 np0005556243.novalocal NetworkManager[859]: [1765510859.0996] device (qbref64ce63-96): bridge port tapef64ce63-96 was attached
Dec 11 22:40:59 np0005556243.novalocal NetworkManager[859]: [1765510859.0997] device (tapef64ce63-96): Activation: connection 'tapef64ce63-96' attached as port, continuing activation
Dec 11 22:40:59 np0005556243.novalocal NetworkManager[859]: [1765510859.0998] device (tapef64ce63-96): state change: ip-config -> ip-check (reason 'none', managed-type: 'external')
Dec 11 22:40:59 np0005556243.novalocal NetworkManager[859]: [1765510859.1027] device (tapef64ce63-96): state change: ip-check -> secondaries (reason 'none', managed-type: 'external')
Dec 11 22:40:59 np0005556243.novalocal NetworkManager[859]: [1765510859.1028] device (tapef64ce63-96): state change: secondaries -> activated (reason 'none', managed-type: 'external')
Dec 11 22:40:59 np0005556243.novalocal NetworkManager[859]: [1765510859.1032] device (tapef64ce63-96): Activation: successful, device activated.
Dec 11 22:40:59 np0005556243.novalocal systemd-machined[93525]: New machine qemu-4-instance-00000004.
Dec 11 22:40:59 np0005556243.novalocal systemd[1]: Started Virtual Machine qemu-4-instance-00000004.
Dec 11 22:40:59 np0005556243.novalocal systemd[1]: iscsi.service: Unit cannot be reloaded because it is inactive.
Dec 11 22:40:59 np0005556243.novalocal dnsmasq[105657]: started, version 2.85 cachesize 150
Dec 11 22:40:59 np0005556243.novalocal dnsmasq[105657]: DNS service limited to local subnets
Dec 11 22:40:59 np0005556243.novalocal dnsmasq[105657]: compile time options: IPv6 GNU-getopt DBus no-UBus no-i18n IDN2 DHCP DHCPv6 no-Lua TFTP no-conntrack ipset auth cryptohash DNSSEC loop-detect inotify dumpfile
Dec 11 22:40:59 np0005556243.novalocal dnsmasq[105657]: warning: no upstream servers configured
Dec 11 22:40:59 np0005556243.novalocal dnsmasq-dhcp[105657]: DHCP, static leases only on 10.100.0.0, lease time 1d
Dec 11 22:40:59 np0005556243.novalocal dnsmasq[105657]: read /var/lib/neutron/dhcp/0ed90eaa-6213-4096-93be-0bbe7e2bf97f/addn_hosts - 0 addresses
Dec 11 22:40:59 np0005556243.novalocal dnsmasq-dhcp[105657]: read /var/lib/neutron/dhcp/0ed90eaa-6213-4096-93be-0bbe7e2bf97f/host
Dec 11 22:40:59 np0005556243.novalocal dnsmasq-dhcp[105657]: read /var/lib/neutron/dhcp/0ed90eaa-6213-4096-93be-0bbe7e2bf97f/opts
Dec 11 22:41:00 np0005556243.novalocal systemd[1]: Starting system activity accounting tool...
Dec 11 22:41:00 np0005556243.novalocal systemd[1]: sysstat-collect.service: Deactivated successfully.
Dec 11 22:41:00 np0005556243.novalocal systemd[1]: Finished system activity accounting tool.
Dec 11 22:41:00 np0005556243.novalocal dnsmasq[105657]: read /var/lib/neutron/dhcp/0ed90eaa-6213-4096-93be-0bbe7e2bf97f/addn_hosts - 1 addresses
Dec 11 22:41:00 np0005556243.novalocal dnsmasq-dhcp[105657]: read /var/lib/neutron/dhcp/0ed90eaa-6213-4096-93be-0bbe7e2bf97f/host
Dec 11 22:41:00 np0005556243.novalocal dnsmasq-dhcp[105657]: read /var/lib/neutron/dhcp/0ed90eaa-6213-4096-93be-0bbe7e2bf97f/opts
Dec 11 22:41:00 np0005556243.novalocal kernel: qr-e56892b9-f6: entered promiscuous mode
Dec 11 22:41:00 np0005556243.novalocal NetworkManager[859]: [1765510860.8945] manager: (qr-e56892b9-f6): 'openvswitch' plugin not available; creating generic device
Dec 11 22:41:00 np0005556243.novalocal NetworkManager[859]: [1765510860.9001] manager: (qr-e56892b9-f6): new Generic device (/org/freedesktop/NetworkManager/Devices/46)
Dec 11 22:41:02 np0005556243.novalocal dnsmasq[105657]: read /var/lib/neutron/dhcp/0ed90eaa-6213-4096-93be-0bbe7e2bf97f/addn_hosts - 1 addresses
Dec 11 22:41:02 np0005556243.novalocal dnsmasq-dhcp[105657]: read /var/lib/neutron/dhcp/0ed90eaa-6213-4096-93be-0bbe7e2bf97f/host
Dec 11 22:41:02 np0005556243.novalocal dnsmasq-dhcp[105657]: read /var/lib/neutron/dhcp/0ed90eaa-6213-4096-93be-0bbe7e2bf97f/opts
Dec 11 22:41:02 np0005556243.novalocal container-server[96625]: ::1 - - [12/Dec/2025:03:41:02 +0000] "HEAD /3/233268/AUTH_402e63682d3749049fa8edf9e07dfd6e/gnocchi.02d7f0f1-39f2-4f6e-aa23-7b27b0783515" 404 - "HEAD http://[::1]:8080/v1/AUTH_402e63682d3749049fa8edf9e07dfd6e/gnocchi.02d7f0f1-39f2-4f6e-aa23-7b27b0783515" "tx9b4d70c355a045e7b7512-00693b8ece" "proxy-server 97888" 0.0004 "-" 96625 0
Dec 11 22:41:02 np0005556243.novalocal container-server[96625]: ::1 - - [12/Dec/2025:03:41:02 +0000] "HEAD /2/233268/AUTH_402e63682d3749049fa8edf9e07dfd6e/gnocchi.02d7f0f1-39f2-4f6e-aa23-7b27b0783515" 404 - "HEAD http://[::1]:8080/v1/AUTH_402e63682d3749049fa8edf9e07dfd6e/gnocchi.02d7f0f1-39f2-4f6e-aa23-7b27b0783515" "tx9b4d70c355a045e7b7512-00693b8ece" "proxy-server 97888" 0.0002 "-" 96625 0
Dec 11 22:41:02 np0005556243.novalocal container-server[96625]: ::1 - - [12/Dec/2025:03:41:02 +0000] "HEAD /1/233268/AUTH_402e63682d3749049fa8edf9e07dfd6e/gnocchi.02d7f0f1-39f2-4f6e-aa23-7b27b0783515" 404 - "HEAD http://[::1]:8080/v1/AUTH_402e63682d3749049fa8edf9e07dfd6e/gnocchi.02d7f0f1-39f2-4f6e-aa23-7b27b0783515" "tx9b4d70c355a045e7b7512-00693b8ece" "proxy-server 97888" 0.0002 "-" 96625 0
Dec 11 22:41:02 np0005556243.novalocal proxy-server[97888]: - - 12/Dec/2025/03/41/02 HEAD /v1/AUTH_402e63682d3749049fa8edf9e07dfd6e/gnocchi.02d7f0f1-39f2-4f6e-aa23-7b27b0783515 HTTP/1.0 404 - Swift - - - - tx9b4d70c355a045e7b7512-00693b8ece - 0.0179 CS - 1765510862.017525434 1765510862.035445929 0 -
Dec 11 22:41:02 np0005556243.novalocal object-server[96957]: ::1 - - [12/Dec/2025:03:41:02 +0000] "GET /1/110248/AUTH_402e63682d3749049fa8edf9e07dfd6e/gnocchi.02d7f0f1-39f2-4f6e-aa23-7b27b0783515/none_v3" 404 70 "GET https://[::1]:8080/v1/AUTH_402e63682d3749049fa8edf9e07dfd6e/gnocchi.02d7f0f1-39f2-4f6e-aa23-7b27b0783515/none_v3" "tx9b4d70c355a045e7b7512-00693b8ece" "proxy-server 97888" 0.0003 "-" 96957 0
Dec 11 22:41:02 np0005556243.novalocal object-server[96958]: ::1 - - [12/Dec/2025:03:41:02 +0000] "GET /3/110248/AUTH_402e63682d3749049fa8edf9e07dfd6e/gnocchi.02d7f0f1-39f2-4f6e-aa23-7b27b0783515/none_v3" 404 70 "GET https://[::1]:8080/v1/AUTH_402e63682d3749049fa8edf9e07dfd6e/gnocchi.02d7f0f1-39f2-4f6e-aa23-7b27b0783515/none_v3" "tx9b4d70c355a045e7b7512-00693b8ece" "proxy-server 97888" 0.0005 "-" 96958 0
Dec 11 22:41:02 np0005556243.novalocal object-server[96958]: ::1 - - [12/Dec/2025:03:41:02 +0000] "GET /2/110248/AUTH_402e63682d3749049fa8edf9e07dfd6e/gnocchi.02d7f0f1-39f2-4f6e-aa23-7b27b0783515/none_v3" 404 70 "GET https://[::1]:8080/v1/AUTH_402e63682d3749049fa8edf9e07dfd6e/gnocchi.02d7f0f1-39f2-4f6e-aa23-7b27b0783515/none_v3" "tx9b4d70c355a045e7b7512-00693b8ece" "proxy-server 97888" 0.0005 "-" 96958 0
Dec 11 22:41:02 np0005556243.novalocal proxy-server[97888]: ::1 ::1 12/Dec/2025/03/41/02 GET /v1/AUTH_402e63682d3749049fa8edf9e07dfd6e/gnocchi.02d7f0f1-39f2-4f6e-aa23-7b27b0783515/none_v3 HTTP/1.0 404 - python-swiftclient-4.8.0 gAAAAABpO450Q4QS... - 70 - tx9b4d70c355a045e7b7512-00693b8ece - 0.0467 - - 1765510862.015645027 1765510862.062362432 0 89ff87eb6954479d969b489941791c9f
Dec 11 22:41:02 np0005556243.novalocal account-server[96332]: ::1 - - [12/Dec/2025:03:41:02 +0000] "PUT /1/88245/AUTH_402e63682d3749049fa8edf9e07dfd6e/gnocchi.02d7f0f1-39f2-4f6e-aa23-7b27b0783515" 201 - "PUT http://[::1]:6001/3/233268/AUTH_402e63682d3749049fa8edf9e07dfd6e/gnocchi.02d7f0f1-39f2-4f6e-aa23-7b27b0783515" "txf9af371423f5466694838-00693b8ece" "container-server 96625" 0.0010 "-" 96332 0
