Dec 11 22:41:07 np0005556243.novalocal proxy-server[97888]: ::1 ::1 12/Dec/2025/03/41/07 GET /v1/AUTH_402e63682d3749049fa8edf9e07dfd6e/gnocchi.00193a57-f940-49e2-9e19-574c36a165ba/none_v3 HTTP/1.0 404 - python-swiftclient-4.8.0 gAAAAABpO450Q4QS... - 70 - txdab445a424a949c99cfe7-00693b8ed3 - 0.0266 - - 1765510867.257775784 1765510867.284355164 0 89ff87eb6954479d969b489941791c9f
Dec 11 22:41:07 np0005556243.novalocal account-server[96331]: ::1 - - [12/Dec/2025:03:41:07 +0000] "PUT /3/88245/AUTH_402e63682d3749049fa8edf9e07dfd6e/gnocchi.00193a57-f940-49e2-9e19-574c36a165ba" 201 - "PUT http://[::1]:6001/3/38617/AUTH_402e63682d3749049fa8edf9e07dfd6e/gnocchi.00193a57-f940-49e2-9e19-574c36a165ba" "txbb1a7a54977146d1bc41b-00693b8ed3" "container-server 96625" 0.0042 "-" 96331 0
Dec 11 22:41:07 np0005556243.novalocal container-server[96625]: ::1 - - [12/Dec/2025:03:41:07 +0000] "PUT /3/38617/AUTH_402e63682d3749049fa8edf9e07dfd6e/gnocchi.00193a57-f940-49e2-9e19-574c36a165ba" 201 - "PUT https://[::1]:8080/v1/AUTH_402e63682d3749049fa8edf9e07dfd6e/gnocchi.00193a57-f940-49e2-9e19-574c36a165ba" "txbb1a7a54977146d1bc41b-00693b8ed3" "proxy-server 97888" 0.0176 "-" 96625 0
Dec 11 22:41:07 np0005556243.novalocal account-server[96331]: ::1 - - [12/Dec/2025:03:41:07 +0000] "PUT /1/88245/AUTH_402e63682d3749049fa8edf9e07dfd6e/gnocchi.00193a57-f940-49e2-9e19-574c36a165ba" 201 - "PUT http://[::1]:6001/2/38617/AUTH_402e63682d3749049fa8edf9e07dfd6e/gnocchi.00193a57-f940-49e2-9e19-574c36a165ba" "txbb1a7a54977146d1bc41b-00693b8ed3" "container-server 96624" 0.0044 "-" 96331 0
Dec 11 22:41:07 np0005556243.novalocal container-server[96624]: ::1 - - [12/Dec/2025:03:41:07 +0000] "PUT /2/38617/AUTH_402e63682d3749049fa8edf9e07dfd6e/gnocchi.00193a57-f940-49e2-9e19-574c36a165ba" 201 - "PUT https://[::1]:8080/v1/AUTH_402e63682d3749049fa8edf9e07dfd6e/gnocchi.00193a57-f940-49e2-9e19-574c36a165ba" "txbb1a7a54977146d1bc41b-00693b8ed3" "proxy-server 97888" 0.0198 "-" 96624 0
Dec 11 22:41:07 np0005556243.novalocal account-server[96332]: ::1 - - [12/Dec/2025:03:41:07 +0000] "PUT /2/88245/AUTH_402e63682d3749049fa8edf9e07dfd6e/gnocchi.00193a57-f940-49e2-9e19-574c36a165ba" 201 - "PUT http://[::1]:6001/1/38617/AUTH_402e63682d3749049fa8edf9e07dfd6e/gnocchi.00193a57-f940-49e2-9e19-574c36a165ba" "txbb1a7a54977146d1bc41b-00693b8ed3" "container-server 96624" 0.0063 "-" 96332 0
Dec 11 22:41:07 np0005556243.novalocal container-server[96624]: ::1 - - [12/Dec/2025:03:41:07 +0000] "PUT /1/38617/AUTH_402e63682d3749049fa8edf9e07dfd6e/gnocchi.00193a57-f940-49e2-9e19-574c36a165ba" 201 - "PUT https://[::1]:8080/v1/AUTH_402e63682d3749049fa8edf9e07dfd6e/gnocchi.00193a57-f940-49e2-9e19-574c36a165ba" "txbb1a7a54977146d1bc41b-00693b8ed3" "proxy-server 97888" 0.0317 "-" 96624 0
Dec 11 22:41:07 np0005556243.novalocal proxy-server[97888]: ::1 ::1 12/Dec/2025/03/41/07 PUT /v1/AUTH_402e63682d3749049fa8edf9e07dfd6e/gnocchi.00193a57-f940-49e2-9e19-574c36a165ba HTTP/1.0 201 - python-swiftclient-4.8.0 gAAAAABpO450Q4QS... - - - txbb1a7a54977146d1bc41b-00693b8ed3 - 0.0410 - - 1765510867.287646294 1765510867.328682899 0 89ff87eb6954479d969b489941791c9f
Dec 11 22:41:07 np0005556243.novalocal container-server[96624]: ::1 - - [12/Dec/2025:03:41:07 +0000] "HEAD /2/38617/AUTH_402e63682d3749049fa8edf9e07dfd6e/gnocchi.00193a57-f940-49e2-9e19-574c36a165ba" 204 - "HEAD http://[::1]:8080/v1/AUTH_402e63682d3749049fa8edf9e07dfd6e/gnocchi.00193a57-f940-49e2-9e19-574c36a165ba" "tx0562e89e1a204bedbda1e-00693b8ed3" "proxy-server 97888" 0.0023 "-" 96624 0
Dec 11 22:41:07 np0005556243.novalocal proxy-server[97888]: - - 12/Dec/2025/03/41/07 HEAD /v1/AUTH_402e63682d3749049fa8edf9e07dfd6e/gnocchi.00193a57-f940-49e2-9e19-574c36a165ba HTTP/1.0 204 - Swift - - - - tx0562e89e1a204bedbda1e-00693b8ed3 - 0.0061 CS - 1765510867.333824873 1765510867.339930773 0 -
Dec 11 22:41:07 np0005556243.novalocal container-server[96625]: ::1 - - [12/Dec/2025:03:41:07 +0000] "GET /1/38617/AUTH_402e63682d3749049fa8edf9e07dfd6e/gnocchi.00193a57-f940-49e2-9e19-574c36a165ba" 200 2 "GET https://[::1]:8080/v1/AUTH_402e63682d3749049fa8edf9e07dfd6e/gnocchi.00193a57-f940-49e2-9e19-574c36a165ba?format=json&states=listing" "tx0562e89e1a204bedbda1e-00693b8ed3" "proxy-server 97888" 0.0044 "-" 96625 0
Dec 11 22:41:07 np0005556243.novalocal proxy-server[97888]: ::1 ::1 12/Dec/2025/03/41/07 GET /v1/AUTH_402e63682d3749049fa8edf9e07dfd6e/gnocchi.00193a57-f940-49e2-9e19-574c36a165ba%3Fformat%3Djson%26states%3Dlisting HTTP/1.0 200 - python-swiftclient-4.8.0 gAAAAABpO450Q4QS... - 2 - tx0562e89e1a204bedbda1e-00693b8ed3 - 0.0186 - - 1765510867.333086014 1765510867.351646185 0 89ff87eb6954479d969b489941791c9f
Dec 11 22:41:07 np0005556243.novalocal object-server[96957]: ::1 - - [12/Dec/2025:03:41:07 +0000] "GET /3/104043/AUTH_402e63682d3749049fa8edf9e07dfd6e/gnocchi.00193a57-f940-49e2-9e19-574c36a165ba/1764720000.0_mean_300.0_v3" 404 70 "GET https://[::1]:8080/v1/AUTH_402e63682d3749049fa8edf9e07dfd6e/gnocchi.00193a57-f940-49e2-9e19-574c36a165ba/1764720000.0_mean_300.0_v3" "txf81f1e87f8264ea8957c1-00693b8ed3" "proxy-server 97888" 0.0005 "-" 96957 0
Dec 11 22:41:07 np0005556243.novalocal object-server[96958]: ::1 - - [12/Dec/2025:03:41:07 +0000] "GET /1/104043/AUTH_402e63682d3749049fa8edf9e07dfd6e/gnocchi.00193a57-f940-49e2-9e19-574c36a165ba/1764720000.0_mean_300.0_v3" 404 70 "GET https://[::1]:8080/v1/AUTH_402e63682d3749049fa8edf9e07dfd6e/gnocchi.00193a57-f940-49e2-9e19-574c36a165ba/1764720000.0_mean_300.0_v3" "txf81f1e87f8264ea8957c1-00693b8ed3" "proxy-server 97888" 0.0003 "-" 96958 0
Dec 11 22:41:07 np0005556243.novalocal object-server[96958]: ::1 - - [12/Dec/2025:03:41:07 +0000] "GET /2/104043/AUTH_402e63682d3749049fa8edf9e07dfd6e/gnocchi.00193a57-f940-49e2-9e19-574c36a165ba/1764720000.0_mean_300.0_v3" 404 70 "GET https://[::1]:8080/v1/AUTH_402e63682d3749049fa8edf9e07dfd6e/gnocchi.00193a57-f940-49e2-9e19-574c36a165ba/1764720000.0_mean_300.0_v3" "txf81f1e87f8264ea8957c1-00693b8ed3" "proxy-server 97888" 0.0002 "-" 96958 0
Dec 11 22:41:07 np0005556243.novalocal proxy-server[97888]: ::1 ::1 12/Dec/2025/03/41/07 GET /v1/AUTH_402e63682d3749049fa8edf9e07dfd6e/gnocchi.00193a57-f940-49e2-9e19-574c36a165ba/1764720000.0_mean_300.0_v3 HTTP/1.0 404 - python-swiftclient-4.8.0 gAAAAABpO450Q4QS... - 70 - txf81f1e87f8264ea8957c1-00693b8ed3 - 0.0167 - - 1765510867.355488300 1765510867.372228384 0 89ff87eb6954479d969b489941791c9f
Dec 11 22:41:07 np0005556243.novalocal container-server[96625]: ::1 - - [12/Dec/2025:03:41:07 +0000] "PUT /2/38617/AUTH_402e63682d3749049fa8edf9e07dfd6e/gnocchi.00193a57-f940-49e2-9e19-574c36a165ba/1764720000.0_mean_300.0_v3" 201 - "PUT http://[::1]:8080/3/104043/AUTH_402e63682d3749049fa8edf9e07dfd6e/gnocchi.00193a57-f940-49e2-9e19-574c36a165ba/1764720000.0_mean_300.0_v3" "tx437570d68d014dab8c045-00693b8ed3" "object-server 96958" 0.0009 "-" 96625 0
Dec 11 22:41:07 np0005556243.novalocal object-server[96958]: ::1 - - [12/Dec/2025:03:41:07 +0000] "PUT /3/104043/AUTH_402e63682d3749049fa8edf9e07dfd6e/gnocchi.00193a57-f940-49e2-9e19-574c36a165ba/1764720000.0_mean_300.0_v3" 201 - "PUT https://[::1]:8080/v1/AUTH_402e63682d3749049fa8edf9e07dfd6e/gnocchi.00193a57-f940-49e2-9e19-574c36a165ba/1764720000.0_mean_300.0_v3" "tx437570d68d014dab8c045-00693b8ed3" "proxy-server 97888" 0.0141 "-" 96958 0
Dec 11 22:41:07 np0005556243.novalocal container-server[96625]: ::1 - - [12/Dec/2025:03:41:07 +0000] "PUT /1/38617/AUTH_402e63682d3749049fa8edf9e07dfd6e/gnocchi.00193a57-f940-49e2-9e19-574c36a165ba/1764720000.0_mean_300.0_v3" 201 - "PUT http://[::1]:8080/1/104043/AUTH_402e63682d3749049fa8edf9e07dfd6e/gnocchi.00193a57-f940-49e2-9e19-574c36a165ba/1764720000.0_mean_300.0_v3" "tx437570d68d014dab8c045-00693b8ed3" "object-server 96957" 0.0008 "-" 96625 0
Dec 11 22:41:07 np0005556243.novalocal object-server[96957]: ::1 - - [12/Dec/2025:03:41:07 +0000] "PUT /1/104043/AUTH_402e63682d3749049fa8edf9e07dfd6e/gnocchi.00193a57-f940-49e2-9e19-574c36a165ba/1764720000.0_mean_300.0_v3" 201 - "PUT https://[::1]:8080/v1/AUTH_402e63682d3749049fa8edf9e07dfd6e/gnocchi.00193a57-f940-49e2-9e19-574c36a165ba/1764720000.0_mean_300.0_v3" "tx437570d68d014dab8c045-00693b8ed3" "proxy-server 97888" 0.0165 "-" 96957 0
Dec 11 22:41:07 np0005556243.novalocal container-server[96625]: ::1 - - [12/Dec/2025:03:41:07 +0000] "PUT /3/38617/AUTH_402e63682d3749049fa8edf9e07dfd6e/gnocchi.00193a57-f940-49e2-9e19-574c36a165ba/1764720000.0_mean_300.0_v3" 201 - "PUT http://[::1]:8080/2/104043/AUTH_402e63682d3749049fa8edf9e07dfd6e/gnocchi.00193a57-f940-49e2-9e19-574c36a165ba/1764720000.0_mean_300.0_v3" "tx437570d68d014dab8c045-00693b8ed3" "object-server 96957" 0.0009 "-" 96625 0
Dec 11 22:41:07 np0005556243.novalocal object-server[96957]: ::1 - - [12/Dec/2025:03:41:07 +0000] "PUT /2/104043/AUTH_402e63682d3749049fa8edf9e07dfd6e/gnocchi.00193a57-f940-49e2-9e19-574c36a165ba/1764720000.0_mean_300.0_v3" 201 - "PUT https://[::1]:8080/v1/AUTH_402e63682d3749049fa8edf9e07dfd6e/gnocchi.00193a57-f940-49e2-9e19-574c36a165ba/1764720000.0_mean_300.0_v3" "tx437570d68d014dab8c045-00693b8ed3" "proxy-server 97888" 0.0246 "-" 96957 0
Dec 11 22:41:07 np0005556243.novalocal proxy-server[97888]: ::1 ::1 12/Dec/2025/03/41/07 PUT /v1/AUTH_402e63682d3749049fa8edf9e07dfd6e/gnocchi.00193a57-f940-49e2-9e19-574c36a165ba/1764720000.0_mean_300.0_v3 HTTP/1.0 201 - python-swiftclient-4.8.0 gAAAAABpO450Q4QS... 16 - - tx437570d68d014dab8c045-00693b8ed3 - 0.0344 - - 1765510867.375329733 1765510867.409718990 0 89ff87eb6954479d969b489941791c9f
Dec 11 22:41:07 np0005556243.novalocal container-server[96624]: ::1 - - [12/Dec/2025:03:41:07 +0000] "PUT /2/38617/AUTH_402e63682d3749049fa8edf9e07dfd6e/gnocchi.00193a57-f940-49e2-9e19-574c36a165ba/none_v3" 201 - "PUT http://[::1]:8080/2/48320/AUTH_402e63682d3749049fa8edf9e07dfd6e/gnocchi.00193a57-f940-49e2-9e19-574c36a165ba/none_v3" "tx9b87b43c8c4644f88cc03-00693b8ed3" "object-server 96957" 0.0006 "-" 96624 0
Dec 11 22:41:07 np0005556243.novalocal container-server[96624]: ::1 - - [12/Dec/2025:03:41:07 +0000] "PUT /1/38617/AUTH_402e63682d3749049fa8edf9e07dfd6e/gnocchi.00193a57-f940-49e2-9e19-574c36a165ba/none_v3" 201 - "PUT http://[::1]:8080/3/48320/AUTH_402e63682d3749049fa8edf9e07dfd6e/gnocchi.00193a57-f940-49e2-9e19-574c36a165ba/none_v3" "tx9b87b43c8c4644f88cc03-00693b8ed3" "object-server 96958" 0.0004 "-" 96624 0
Dec 11 22:41:07 np0005556243.novalocal object-server[96957]: ::1 - - [12/Dec/2025:03:41:07 +0000] "PUT /2/48320/AUTH_402e63682d3749049fa8edf9e07dfd6e/gnocchi.00193a57-f940-49e2-9e19-574c36a165ba/none_v3" 201 - "PUT https://[::1]:8080/v1/AUTH_402e63682d3749049fa8edf9e07dfd6e/gnocchi.00193a57-f940-49e2-9e19-574c36a165ba/none_v3" "tx9b87b43c8c4644f88cc03-00693b8ed3" "proxy-server 97888" 0.0165 "-" 96957 0
Dec 11 22:41:07 np0005556243.novalocal container-server[96625]: ::1 - - [12/Dec/2025:03:41:07 +0000] "PUT /3/38617/AUTH_402e63682d3749049fa8edf9e07dfd6e/gnocchi.00193a57-f940-49e2-9e19-574c36a165ba/none_v3" 201 - "PUT http://[::1]:8080/1/48320/AUTH_402e63682d3749049fa8edf9e07dfd6e/gnocchi.00193a57-f940-49e2-9e19-574c36a165ba/none_v3" "tx9b87b43c8c4644f88cc03-00693b8ed3" "object-server 96957" 0.0007 "-" 96625 0
Dec 11 22:41:07 np0005556243.novalocal object-server[96958]: ::1 - - [12/Dec/2025:03:41:07 +0000] "PUT /3/48320/AUTH_402e63682d3749049fa8edf9e07dfd6e/gnocchi.00193a57-f940-49e2-9e19-574c36a165ba/none_v3" 201 - "PUT https://[::1]:8080/v1/AUTH_402e63682d3749049fa8edf9e07dfd6e/gnocchi.00193a57-f940-49e2-9e19-574c36a165ba/none_v3" "tx9b87b43c8c4644f88cc03-00693b8ed3" "proxy-server 97888" 0.0174 "-" 96958 0
Dec 11 22:41:07 np0005556243.novalocal object-server[96957]: ::1 - - [12/Dec/2025:03:41:07 +0000] "PUT /1/48320/AUTH_402e63682d3749049fa8edf9e07dfd6e/gnocchi.00193a57-f940-49e2-9e19-574c36a165ba/none_v3" 201 - "PUT https://[::1]:8080/v1/AUTH_402e63682d3749049fa8edf9e07dfd6e/gnocchi.00193a57-f940-49e2-9e19-574c36a165ba/none_v3" "tx9b87b43c8c4644f88cc03-00693b8ed3" "proxy-server 97888" 0.0153 "-" 96957 0
Dec 11 22:41:07 np0005556243.novalocal proxy-server[97888]: ::1 ::1 12/Dec/2025/03/41/07 PUT /v1/AUTH_402e63682d3749049fa8edf9e07dfd6e/gnocchi.00193a57-f940-49e2-9e19-574c36a165ba/none_v3 HTTP/1.0 201 - python-swiftclient-4.8.0 gAAAAABpO450Q4QS... 22 - - tx9b87b43c8c4644f88cc03-00693b8ed3 - 0.0263 - - 1765510867.412055254 1765510867.438400507 0 89ff87eb6954479d969b489941791c9f
Dec 11 22:41:07 np0005556243.novalocal container-server[96625]: ::1 - - [12/Dec/2025:03:41:07 +0000] "HEAD /3/222144/AUTH_402e63682d3749049fa8edf9e07dfd6e/gnocchi.a72b31f2-f08f-4a05-adf2-510b0921f63e" 404 - "HEAD http://[::1]:8080/v1/AUTH_402e63682d3749049fa8edf9e07dfd6e/gnocchi.a72b31f2-f08f-4a05-adf2-510b0921f63e" "tx27fdb5be19e241699ab9f-00693b8ed3" "proxy-server 97888" 0.0004 "-" 96625 0
Dec 11 22:41:07 np0005556243.novalocal container-server[96624]: ::1 - - [12/Dec/2025:03:41:07 +0000] "HEAD /2/222144/AUTH_402e63682d3749049fa8edf9e07dfd6e/gnocchi.a72b31f2-f08f-4a05-adf2-510b0921f63e" 404 - "HEAD http://[::1]:8080/v1/AUTH_402e63682d3749049fa8edf9e07dfd6e/gnocchi.a72b31f2-f08f-4a05-adf2-510b0921f63e" "tx27fdb5be19e241699ab9f-00693b8ed3" "proxy-server 97888" 0.0003 "-" 96624 0
Dec 11 22:41:07 np0005556243.novalocal container-server[96625]: ::1 - - [12/Dec/2025:03:41:07 +0000] "HEAD /1/222144/AUTH_402e63682d3749049fa8edf9e07dfd6e/gnocchi.a72b31f2-f08f-4a05-adf2-510b0921f63e" 404 - "HEAD http://[::1]:8080/v1/AUTH_402e63682d3749049fa8edf9e07dfd6e/gnocchi.a72b31f2-f08f-4a05-adf2-510b0921f63e" "tx27fdb5be19e241699ab9f-00693b8ed3" "proxy-server 97888" 0.0004 "-" 96625 0
Dec 11 22:41:07 np0005556243.novalocal proxy-server[97888]: - - 12/Dec/2025/03/41/07 HEAD /v1/AUTH_402e63682d3749049fa8edf9e07dfd6e/gnocchi.a72b31f2-f08f-4a05-adf2-510b0921f63e HTTP/1.0 404 - Swift - - - - tx27fdb5be19e241699ab9f-00693b8ed3 - 0.0110 CS - 1765510867.453319788 1765510867.464301586 0 -
Dec 11 22:41:07 np0005556243.novalocal object-server[96957]: ::1 - - [12/Dec/2025:03:41:07 +0000] "GET /3/53600/AUTH_402e63682d3749049fa8edf9e07dfd6e/gnocchi.a72b31f2-f08f-4a05-adf2-510b0921f63e/none_v3" 404 70 "GET https://[::1]:8080/v1/AUTH_402e63682d3749049fa8edf9e07dfd6e/gnocchi.a72b31f2-f08f-4a05-adf2-510b0921f63e/none_v3" "tx27fdb5be19e241699ab9f-00693b8ed3" "proxy-server 97888" 0.0007 "-" 96957 0
Dec 11 22:41:07 np0005556243.novalocal object-server[96957]: ::1 - - [12/Dec/2025:03:41:07 +0000] "GET /2/53600/AUTH_402e63682d3749049fa8edf9e07dfd6e/gnocchi.a72b31f2-f08f-4a05-adf2-510b0921f63e/none_v3" 404 70 "GET https://[::1]:8080/v1/AUTH_402e63682d3749049fa8edf9e07dfd6e/gnocchi.a72b31f2-f08f-4a05-adf2-510b0921f63e/none_v3" "tx27fdb5be19e241699ab9f-00693b8ed3" "proxy-server 97888" 0.0003 "-" 96957 0
Dec 11 22:41:07 np0005556243.novalocal object-server[96958]: ::1 - - [12/Dec/2025:03:41:07 +0000] "GET /1/53600/AUTH_402e63682d3749049fa8edf9e07dfd6e/gnocchi.a72b31f2-f08f-4a05-adf2-510b0921f63e/none_v3" 404 70 "GET https://[::1]:8080/v1/AUTH_402e63682d3749049fa8edf9e07dfd6e/gnocchi.a72b31f2-f08f-4a05-adf2-510b0921f63e/none_v3" "tx27fdb5be19e241699ab9f-00693b8ed3" "proxy-server 97888" 0.0003 "-" 96958 0
Dec 11 22:41:07 np0005556243.novalocal proxy-server[97888]: ::1 ::1 12/Dec/2025/03/41/07 GET /v1/AUTH_402e63682d3749049fa8edf9e07dfd6e/gnocchi.a72b31f2-f08f-4a05-adf2-510b0921f63e/none_v3 HTTP/1.0 404 - python-swiftclient-4.8.0 gAAAAABpO450Q4QS... - 70 - tx27fdb5be19e241699ab9f-00693b8ed3 - 0.0726 - - 1765510867.452469110 1765510867.525060654 0 89ff87eb6954479d969b489941791c9f
Dec 11 22:41:07 np0005556243.novalocal account-server[96332]: ::1 - - [12/Dec/2025:03:41:07 +0000] "PUT /2/88245/AUTH_402e63682d3749049fa8edf9e07dfd6e/gnocchi.a72b31f2-f08f-4a05-adf2-510b0921f63e" 201 - "PUT http://[::1]:6001/2/222144/AUTH_402e63682d3749049fa8edf9e07dfd6e/gnocchi.a72b31f2-f08f-4a05-adf2-510b0921f63e" "tx27548be7d7174977b60ae-00693b8ed3" "container-server 96625" 0.0176 "-" 96332 0
Dec 11 22:41:07 np0005556243.novalocal container-server[96625]: ::1 - - [12/Dec/2025:03:41:07 +0000] "PUT /2/222144/AUTH_402e63682d3749049fa8edf9e07dfd6e/gnocchi.a72b31f2-f08f-4a05-adf2-510b0921f63e" 201 - "PUT https://[::1]:8080/v1/AUTH_402e63682d3749049fa8edf9e07dfd6e/gnocchi.a72b31f2-f08f-4a05-adf2-510b0921f63e" "tx27548be7d7174977b60ae-00693b8ed3" "proxy-server 97888" 0.0329 "-" 96625 0
Dec 11 22:41:07 np0005556243.novalocal account-server[96331]: ::1 - - [12/Dec/2025:03:41:07 +0000] "PUT /3/88245/AUTH_402e63682d3749049fa8edf9e07dfd6e/gnocchi.a72b31f2-f08f-4a05-adf2-510b0921f63e" 201 - "PUT http://[::1]:6001/1/222144/AUTH_402e63682d3749049fa8edf9e07dfd6e/gnocchi.a72b31f2-f08f-4a05-adf2-510b0921f63e" "tx27548be7d7174977b60ae-00693b8ed3" "container-server 96624" 0.0081 "-" 96331 0
Dec 11 22:41:07 np0005556243.novalocal container-server[96624]: ::1 - - [12/Dec/2025:03:41:07 +0000] "PUT /1/222144/AUTH_402e63682d3749049fa8edf9e07dfd6e/gnocchi.a72b31f2-f08f-4a05-adf2-510b0921f63e" 201 - "PUT https://[::1]:8080/v1/AUTH_402e63682d3749049fa8edf9e07dfd6e/gnocchi.a72b31f2-f08f-4a05-adf2-510b0921f63e" "tx27548be7d7174977b60ae-00693b8ed3" "proxy-server 97888" 0.0354 "-" 96624 0
Dec 11 22:41:07 np0005556243.novalocal account-server[96331]: ::1 - - [12/Dec/2025:03:41:07 +0000] "PUT /1/88245/AUTH_402e63682d3749049fa8edf9e07dfd6e/gnocchi.a72b31f2-f08f-4a05-adf2-510b0921f63e" 201 - "PUT http://[::1]:6001/3/222144/AUTH_402e63682d3749049fa8edf9e07dfd6e/gnocchi.a72b31f2-f08f-4a05-adf2-510b0921f63e" "tx27548be7d7174977b60ae-00693b8ed3" "container-server 96624" 0.0076 "-" 96331 0
Dec 11 22:41:07 np0005556243.novalocal container-server[96624]: ::1 - - [12/Dec/2025:03:41:07 +0000] "PUT /3/222144/AUTH_402e63682d3749049fa8edf9e07dfd6e/gnocchi.a72b31f2-f08f-4a05-adf2-510b0921f63e" 201 - "PUT https://[::1]:8080/v1/AUTH_402e63682d3749049fa8edf9e07dfd6e/gnocchi.a72b31f2-f08f-4a05-adf2-510b0921f63e" "tx27548be7d7174977b60ae-00693b8ed3" "proxy-server 97888" 0.0539 "-" 96624 0
Dec 11 22:41:07 np0005556243.novalocal proxy-server[97888]: ::1 ::1 12/Dec/2025/03/41/07 PUT /v1/AUTH_402e63682d3749049fa8edf9e07dfd6e/gnocchi.a72b31f2-f08f-4a05-adf2-510b0921f63e HTTP/1.0 201 - python-swiftclient-4.8.0 gAAAAABpO450Q4QS... - - - tx27548be7d7174977b60ae-00693b8ed3 - 0.0669 - - 1765510867.528887033 1765510867.595802546 0 89ff87eb6954479d969b489941791c9f
Dec 11 22:41:07 np0005556243.novalocal container-server[96624]: ::1 - - [12/Dec/2025:03:41:07 +0000] "HEAD /2/222144/AUTH_402e63682d3749049fa8edf9e07dfd6e/gnocchi.a72b31f2-f08f-4a05-adf2-510b0921f63e" 204 - "HEAD http://[::1]:8080/v1/AUTH_402e63682d3749049fa8edf9e07dfd6e/gnocchi.a72b31f2-f08f-4a05-adf2-510b0921f63e" "tx73310d4adef04230a8d15-00693b8ed3" "proxy-server 97888" 0.0015 "-" 96624 0
Dec 11 22:41:07 np0005556243.novalocal proxy-server[97888]: - - 12/Dec/2025/03/41/07 HEAD /v1/AUTH_402e63682d3749049fa8edf9e07dfd6e/gnocchi.a72b31f2-f08f-4a05-adf2-510b0921f63e HTTP/1.0 204 - Swift - - - - tx73310d4adef04230a8d15-00693b8ed3 - 0.0082 CS - 1765510867.602636814 1765510867.610813856 0 -
Dec 11 22:41:07 np0005556243.novalocal container-server[96625]: ::1 - - [12/Dec/2025:03:41:07 +0000] "GET /1/222144/AUTH_402e63682d3749049fa8edf9e07dfd6e/gnocchi.a72b31f2-f08f-4a05-adf2-510b0921f63e" 200 2 "GET https://[::1]:8080/v1/AUTH_402e63682d3749049fa8edf9e07dfd6e/gnocchi.a72b31f2-f08f-4a05-adf2-510b0921f63e?format=json&states=listing" "tx73310d4adef04230a8d15-00693b8ed3" "proxy-server 97888" 0.0038 "-" 96625 0
Dec 11 22:41:07 np0005556243.novalocal proxy-server[97888]: ::1 ::1 12/Dec/2025/03/41/07 GET /v1/AUTH_402e63682d3749049fa8edf9e07dfd6e/gnocchi.a72b31f2-f08f-4a05-adf2-510b0921f63e%3Fformat%3Djson%26states%3Dlisting HTTP/1.0 200 - python-swiftclient-4.8.0 gAAAAABpO450Q4QS... - 2 - tx73310d4adef04230a8d15-00693b8ed3 - 0.0270 - - 1765510867.599775791 1765510867.626776457 0 89ff87eb6954479d969b489941791c9f
Dec 11 22:41:07 np0005556243.novalocal object-server[96957]: ::1 - - [12/Dec/2025:03:41:07 +0000] "GET /3/196482/AUTH_402e63682d3749049fa8edf9e07dfd6e/gnocchi.a72b31f2-f08f-4a05-adf2-510b0921f63e/1764720000.0_mean_300.0_v3" 404 70 "GET https://[::1]:8080/v1/AUTH_402e63682d3749049fa8edf9e07dfd6e/gnocchi.a72b31f2-f08f-4a05-adf2-510b0921f63e/1764720000.0_mean_300.0_v3" "tx2bbc572832ca47598459c-00693b8ed3" "proxy-server 97888" 0.0004 "-" 96957 0
Dec 11 22:41:07 np0005556243.novalocal object-server[96958]: ::1 - - [12/Dec/2025:03:41:07 +0000] "GET /2/196482/AUTH_402e63682d3749049fa8edf9e07dfd6e/gnocchi.a72b31f2-f08f-4a05-adf2-510b0921f63e/1764720000.0_mean_300.0_v3" 404 70 "GET https://[::1]:8080/v1/AUTH_402e63682d3749049fa8edf9e07dfd6e/gnocchi.a72b31f2-f08f-4a05-adf2-510b0921f63e/1764720000.0_mean_300.0_v3" "tx2bbc572832ca47598459c-00693b8ed3" "proxy-server 97888" 0.0004 "-" 96958 0
Dec 11 22:41:07 np0005556243.novalocal object-server[96958]: ::1 - - [12/Dec/2025:03:41:07 +0000] "GET /1/196482/AUTH_402e63682d3749049fa8edf9e07dfd6e/gnocchi.a72b31f2-f08f-4a05-adf2-510b0921f63e/1764720000.0_mean_300.0_v3" 404 70 "GET https://[::1]:8080/v1/AUTH_402e63682d3749049fa8edf9e07dfd6e/gnocchi.a72b31f2-f08f-4a05-adf2-510b0921f63e/1764720000.0_mean_300.0_v3" "tx2bbc572832ca47598459c-00693b8ed3" "proxy-server 97888" 0.0005 "-" 96958 0
Dec 11 22:41:07 np0005556243.novalocal proxy-server[97888]: ::1 ::1 12/Dec/2025/03/41/07 GET /v1/AUTH_402e63682d3749049fa8edf9e07dfd6e/gnocchi.a72b31f2-f08f-4a05-adf2-510b0921f63e/1764720000.0_mean_300.0_v3 HTTP/1.0 404 - python-swiftclient-4.8.0 gAAAAABpO450Q4QS... - 70 - tx2bbc572832ca47598459c-00693b8ed3 - 0.0187 - - 1765510867.631650925 1765510867.650366545 0 89ff87eb6954479d969b489941791c9f
Dec 11 22:41:07 np0005556243.novalocal container-server[96625]: ::1 - - [12/Dec/2025:03:41:07 +0000] "PUT /3/222144/AUTH_402e63682d3749049fa8edf9e07dfd6e/gnocchi.a72b31f2-f08f-4a05-adf2-510b0921f63e/1764720000.0_mean_300.0_v3" 201 - "PUT http://[::1]:8080/3/196482/AUTH_402e63682d3749049fa8edf9e07dfd6e/gnocchi.a72b31f2-f08f-4a05-adf2-510b0921f63e/1764720000.0_mean_300.0_v3" "tx6ba46d9c6e634b68a416c-00693b8ed3" "object-server 96958" 0.0009 "-" 96625 0
Dec 11 22:41:07 np0005556243.novalocal container-server[96624]: ::1 - - [12/Dec/2025:03:41:07 +0000] "PUT /1/222144/AUTH_402e63682d3749049fa8edf9e07dfd6e/gnocchi.a72b31f2-f08f-4a05-adf2-510b0921f63e/1764720000.0_mean_300.0_v3" 201 - "PUT http://[::1]:8080/2/196482/AUTH_402e63682d3749049fa8edf9e07dfd6e/gnocchi.a72b31f2-f08f-4a05-adf2-510b0921f63e/1764720000.0_mean_300.0_v3" "tx6ba46d9c6e634b68a416c-00693b8ed3" "object-server 96957" 0.0006 "-" 96624 0
Dec 11 22:41:07 np0005556243.novalocal container-server[96625]: ::1 - - [12/Dec/2025:03:41:07 +0000] "PUT /2/222144/AUTH_402e63682d3749049fa8edf9e07dfd6e/gnocchi.a72b31f2-f08f-4a05-adf2-510b0921f63e/1764720000.0_mean_300.0_v3" 201 - "PUT http://[::1]:8080/1/196482/AUTH_402e63682d3749049fa8edf9e07dfd6e/gnocchi.a72b31f2-f08f-4a05-adf2-510b0921f63e/1764720000.0_mean_300.0_v3" "tx6ba46d9c6e634b68a416c-00693b8ed3" "object-server 96957" 0.0010 "-" 96625 0
Dec 11 22:41:07 np0005556243.novalocal object-server[96957]: ::1 - - [12/Dec/2025:03:41:07 +0000] "PUT /2/196482/AUTH_402e63682d3749049fa8edf9e07dfd6e/gnocchi.a72b31f2-f08f-4a05-adf2-510b0921f63e/1764720000.0_mean_300.0_v3" 201 - "PUT https://[::1]:8080/v1/AUTH_402e63682d3749049fa8edf9e07dfd6e/gnocchi.a72b31f2-f08f-4a05-adf2-510b0921f63e/1764720000.0_mean_300.0_v3" "tx6ba46d9c6e634b68a416c-00693b8ed3" "proxy-server 97888" 0.0134 "-" 96957 0
Dec 11 22:41:07 np0005556243.novalocal object-server[96958]: ::1 - - [12/Dec/2025:03:41:07 +0000] "PUT /3/196482/AUTH_402e63682d3749049fa8edf9e07dfd6e/gnocchi.a72b31f2-f08f-4a05-adf2-510b0921f63e/1764720000.0_mean_300.0_v3" 201 - "PUT https://[::1]:8080/v1/AUTH_402e63682d3749049fa8edf9e07dfd6e/gnocchi.a72b31f2-f08f-4a05-adf2-510b0921f63e/1764720000.0_mean_300.0_v3" "tx6ba46d9c6e634b68a416c-00693b8ed3" "proxy-server 97888" 0.0159 "-" 96958 0
Dec 11 22:41:07 np0005556243.novalocal object-server[96957]: ::1 - - [12/Dec/2025:03:41:07 +0000] "PUT /1/196482/AUTH_402e63682d3749049fa8edf9e07dfd6e/gnocchi.a72b31f2-f08f-4a05-adf2-510b0921f63e/1764720000.0_mean_300.0_v3" 201 - "PUT https://[::1]:8080/v1/AUTH_402e63682d3749049fa8edf9e07dfd6e/gnocchi.a72b31f2-f08f-4a05-adf2-510b0921f63e/1764720000.0_mean_300.0_v3" "tx6ba46d9c6e634b68a416c-00693b8ed3" "proxy-server 97888" 0.0169 "-" 96957 0
Dec 11 22:41:07 np0005556243.novalocal proxy-server[97888]: ::1 ::1 12/Dec/2025/03/41/07 PUT /v1/AUTH_402e63682d3749049fa8edf9e07dfd6e/gnocchi.a72b31f2-f08f-4a05-adf2-510b0921f63e/1764720000.0_mean_300.0_v3 HTTP/1.0 201 - python-swiftclient-4.8.0 gAAAAABpO450Q4QS... 16 - - tx6ba46d9c6e634b68a416c-00693b8ed3 - 0.0292 - - 1765510867.653723240 1765510867.682969570 0 89ff87eb6954479d969b489941791c9f
Dec 11 22:41:07 np0005556243.novalocal container-server[96624]: ::1 - - [12/Dec/2025:03:41:07 +0000] "PUT /1/222144/AUTH_402e63682d3749049fa8edf9e07dfd6e/gnocchi.a72b31f2-f08f-4a05-adf2-510b0921f63e/none_v3" 201 - "PUT http://[::1]:8080/1/53600/AUTH_402e63682d3749049fa8edf9e07dfd6e/gnocchi.a72b31f2-f08f-4a05-adf2-510b0921f63e/none_v3" "tx878a2e888a86436c8a591-00693b8ed3" "object-server 96958" 0.0005 "-" 96624 0
Dec 11 22:41:07 np0005556243.novalocal container-server[96625]: ::1 - - [12/Dec/2025:03:41:07 +0000] "PUT /3/222144/AUTH_402e63682d3749049fa8edf9e07dfd6e/gnocchi.a72b31f2-f08f-4a05-adf2-510b0921f63e/none_v3" 201 - "PUT http://[::1]:8080/2/53600/AUTH_402e63682d3749049fa8edf9e07dfd6e/gnocchi.a72b31f2-f08f-4a05-adf2-510b0921f63e/none_v3" "tx878a2e888a86436c8a591-00693b8ed3" "object-server 96957" 0.0009 "-" 96625 0
Dec 11 22:41:07 np0005556243.novalocal object-server[96957]: ::1 - - [12/Dec/2025:03:41:07 +0000] "PUT /2/53600/AUTH_402e63682d3749049fa8edf9e07dfd6e/gnocchi.a72b31f2-f08f-4a05-adf2-510b0921f63e/none_v3" 201 - "PUT https://[::1]:8080/v1/AUTH_402e63682d3749049fa8edf9e07dfd6e/gnocchi.a72b31f2-f08f-4a05-adf2-510b0921f63e/none_v3" "tx878a2e888a86436c8a591-00693b8ed3" "proxy-server 97888" 0.0182 "-" 96957 0
Dec 11 22:41:07 np0005556243.novalocal container-server[96624]: ::1 - - [12/Dec/2025:03:41:07 +0000] "PUT /2/222144/AUTH_402e63682d3749049fa8edf9e07dfd6e/gnocchi.a72b31f2-f08f-4a05-adf2-510b0921f63e/none_v3" 201 - "PUT http://[::1]:8080/3/53600/AUTH_402e63682d3749049fa8edf9e07dfd6e/gnocchi.a72b31f2-f08f-4a05-adf2-510b0921f63e/none_v3" "tx878a2e888a86436c8a591-00693b8ed3" "object-server 96958" 0.0004 "-" 96624 0
Dec 11 22:41:07 np0005556243.novalocal object-server[96958]: ::1 - - [12/Dec/2025:03:41:07 +0000] "PUT /1/53600/AUTH_402e63682d3749049fa8edf9e07dfd6e/gnocchi.a72b31f2-f08f-4a05-adf2-510b0921f63e/none_v3" 201 - "PUT https://[::1]:8080/v1/AUTH_402e63682d3749049fa8edf9e07dfd6e/gnocchi.a72b31f2-f08f-4a05-adf2-510b0921f63e/none_v3" "tx878a2e888a86436c8a591-00693b8ed3" "proxy-server 97888" 0.0206 "-" 96958 0
Dec 11 22:41:07 np0005556243.novalocal object-server[96958]: ::1 - - [12/Dec/2025:03:41:07 +0000] "PUT /3/53600/AUTH_402e63682d3749049fa8edf9e07dfd6e/gnocchi.a72b31f2-f08f-4a05-adf2-510b0921f63e/none_v3" 201 - "PUT https://[::1]:8080/v1/AUTH_402e63682d3749049fa8edf9e07dfd6e/gnocchi.a72b31f2-f08f-4a05-adf2-510b0921f63e/none_v3" "tx878a2e888a86436c8a591-00693b8ed3" "proxy-server 97888" 0.0193 "-" 96958 0
Dec 11 22:41:07 np0005556243.novalocal proxy-server[97888]: ::1 ::1 12/Dec/2025/03/41/07 PUT /v1/AUTH_402e63682d3749049fa8edf9e07dfd6e/gnocchi.a72b31f2-f08f-4a05-adf2-510b0921f63e/none_v3 HTTP/1.0 201 - python-swiftclient-4.8.0 gAAAAABpO450Q4QS... 22 - - tx878a2e888a86436c8a591-00693b8ed3 - 0.0291 - - 1765510867.686118364 1765510867.715217590 0 89ff87eb6954479d969b489941791c9f
Dec 11 22:41:07 np0005556243.novalocal container-server[96625]: ::1 - - [12/Dec/2025:03:41:07 +0000] "HEAD /1/113203/AUTH_402e63682d3749049fa8edf9e07dfd6e/gnocchi.ebd695a6-3391-470b-9640-efed874fb5c3" 404 - "HEAD http://[::1]:8080/v1/AUTH_402e63682d3749049fa8edf9e07dfd6e/gnocchi.ebd695a6-3391-470b-9640-efed874fb5c3" "txf43ef19f6a544ba5b2a6e-00693b8ed3" "proxy-server 97888" 0.0006 "-" 96625 0
Dec 11 22:41:07 np0005556243.novalocal container-server[96625]: ::1 - - [12/Dec/2025:03:41:07 +0000] "HEAD /3/113203/AUTH_402e63682d3749049fa8edf9e07dfd6e/gnocchi.ebd695a6-3391-470b-9640-efed874fb5c3" 404 - "HEAD http://[::1]:8080/v1/AUTH_402e63682d3749049fa8edf9e07dfd6e/gnocchi.ebd695a6-3391-470b-9640-efed874fb5c3" "txf43ef19f6a544ba5b2a6e-00693b8ed3" "proxy-server 97888" 0.0006 "-" 96625 0
Dec 11 22:41:07 np0005556243.novalocal container-server[96625]: ::1 - - [12/Dec/2025:03:41:07 +0000] "HEAD /2/113203/AUTH_402e63682d3749049fa8edf9e07dfd6e/gnocchi.ebd695a6-3391-470b-9640-efed874fb5c3" 404 - "HEAD http://[::1]:8080/v1/AUTH_402e63682d3749049fa8edf9e07dfd6e/gnocchi.ebd695a6-3391-470b-9640-efed874fb5c3" "txf43ef19f6a544ba5b2a6e-00693b8ed3" "proxy-server 97888" 0.0005 "-" 96625 0
Dec 11 22:41:07 np0005556243.novalocal proxy-server[97888]: - - 12/Dec/2025/03/41/07 HEAD /v1/AUTH_402e63682d3749049fa8edf9e07dfd6e/gnocchi.ebd695a6-3391-470b-9640-efed874fb5c3 HTTP/1.0 404 - Swift - - - - txf43ef19f6a544ba5b2a6e-00693b8ed3 - 0.0145 CS - 1765510867.743489742 1765510867.758019924 0 -
Dec 11 22:41:07 np0005556243.novalocal object-server[96958]: ::1 - - [12/Dec/2025:03:41:07 +0000] "GET /2/119078/AUTH_402e63682d3749049fa8edf9e07dfd6e/gnocchi.ebd695a6-3391-470b-9640-efed874fb5c3/none_v3" 404 70 "GET https://[::1]:8080/v1/AUTH_402e63682d3749049fa8edf9e07dfd6e/gnocchi.ebd695a6-3391-470b-9640-efed874fb5c3/none_v3" "txf43ef19f6a544ba5b2a6e-00693b8ed3" "proxy-server 97888" 0.0002 "-" 96958 0
Dec 11 22:41:07 np0005556243.novalocal object-server[96958]: ::1 - - [12/Dec/2025:03:41:07 +0000] "GET /3/119078/AUTH_402e63682d3749049fa8edf9e07dfd6e/gnocchi.ebd695a6-3391-470b-9640-efed874fb5c3/none_v3" 404 70 "GET https://[::1]:8080/v1/AUTH_402e63682d3749049fa8edf9e07dfd6e/gnocchi.ebd695a6-3391-470b-9640-efed874fb5c3/none_v3" "txf43ef19f6a544ba5b2a6e-00693b8ed3" "proxy-server 97888" 0.0002 "-" 96958 0
Dec 11 22:41:07 np0005556243.novalocal object-server[96958]: ::1 - - [12/Dec/2025:03:41:07 +0000] "GET /1/119078/AUTH_402e63682d3749049fa8edf9e07dfd6e/gnocchi.ebd695a6-3391-470b-9640-efed874fb5c3/none_v3" 404 70 "GET https://[::1]:8080/v1/AUTH_402e63682d3749049fa8edf9e07dfd6e/gnocchi.ebd695a6-3391-470b-9640-efed874fb5c3/none_v3" "txf43ef19f6a544ba5b2a6e-00693b8ed3" "proxy-server 97888" 0.0002 "-" 96958 0
Dec 11 22:41:07 np0005556243.novalocal proxy-server[97888]: ::1 ::1 12/Dec/2025/03/41/07 GET /v1/AUTH_402e63682d3749049fa8edf9e07dfd6e/gnocchi.ebd695a6-3391-470b-9640-efed874fb5c3/none_v3 HTTP/1.0 404 - python-swiftclient-4.8.0 gAAAAABpO450Q4QS... - 70 - txf43ef19f6a544ba5b2a6e-00693b8ed3 - 0.0318 - - 1765510867.742519140 1765510867.774360418 0 89ff87eb6954479d969b489941791c9f
Dec 11 22:41:07 np0005556243.novalocal account-server[96331]: ::1 - - [12/Dec/2025:03:41:07 +0000] "PUT /1/88245/AUTH_402e63682d3749049fa8edf9e07dfd6e/gnocchi.ebd695a6-3391-470b-9640-efed874fb5c3" 201 - "PUT http://[::1]:6001/1/113203/AUTH_402e63682d3749049fa8edf9e07dfd6e/gnocchi.ebd695a6-3391-470b-9640-efed874fb5c3" "tx251c2924fc8b418b9591e-00693b8ed3" "container-server 96625" 0.0102 "-" 96331 0
Dec 11 22:41:07 np0005556243.novalocal container-server[96625]: ::1 - - [12/Dec/2025:03:41:07 +0000] "PUT /1/113203/AUTH_402e63682d3749049fa8edf9e07dfd6e/gnocchi.ebd695a6-3391-470b-9640-efed874fb5c3" 201 - "PUT https://[::1]:8080/v1/AUTH_402e63682d3749049fa8edf9e07dfd6e/gnocchi.ebd695a6-3391-470b-9640-efed874fb5c3" "tx251c2924fc8b418b9591e-00693b8ed3" "proxy-server 97888" 0.0319 "-" 96625 0
Dec 11 22:41:07 np0005556243.novalocal account-server[96332]: ::1 - - [12/Dec/2025:03:41:07 +0000] "PUT /2/88245/AUTH_402e63682d3749049fa8edf9e07dfd6e/gnocchi.ebd695a6-3391-470b-9640-efed874fb5c3" 201 - "PUT http://[::1]:6001/3/113203/AUTH_402e63682d3749049fa8edf9e07dfd6e/gnocchi.ebd695a6-3391-470b-9640-efed874fb5c3" "tx251c2924fc8b418b9591e-00693b8ed3" "container-server 96624" 0.0078 "-" 96332 0
Dec 11 22:41:07 np0005556243.novalocal container-server[96624]: ::1 - - [12/Dec/2025:03:41:07 +0000] "PUT /3/113203/AUTH_402e63682d3749049fa8edf9e07dfd6e/gnocchi.ebd695a6-3391-470b-9640-efed874fb5c3" 201 - "PUT https://[::1]:8080/v1/AUTH_402e63682d3749049fa8edf9e07dfd6e/gnocchi.ebd695a6-3391-470b-9640-efed874fb5c3" "tx251c2924fc8b418b9591e-00693b8ed3" "proxy-server 97888" 0.0413 "-" 96624 0
Dec 11 22:41:07 np0005556243.novalocal account-server[96332]: ::1 - - [12/Dec/2025:03:41:07 +0000] "PUT /3/88245/AUTH_402e63682d3749049fa8edf9e07dfd6e/gnocchi.ebd695a6-3391-470b-9640-efed874fb5c3" 201 - "PUT http://[::1]:6001/2/113203/AUTH_402e63682d3749049fa8edf9e07dfd6e/gnocchi.ebd695a6-3391-470b-9640-efed874fb5c3" "tx251c2924fc8b418b9591e-00693b8ed3" "container-server 96624" 0.0076 "-" 96332 0
Dec 11 22:41:07 np0005556243.novalocal container-server[96624]: ::1 - - [12/Dec/2025:03:41:07 +0000] "PUT /2/113203/AUTH_402e63682d3749049fa8edf9e07dfd6e/gnocchi.ebd695a6-3391-470b-9640-efed874fb5c3" 201 - "PUT https://[::1]:8080/v1/AUTH_402e63682d3749049fa8edf9e07dfd6e/gnocchi.ebd695a6-3391-470b-9640-efed874fb5c3" "tx251c2924fc8b418b9591e-00693b8ed3" "proxy-server 97888" 0.0296 "-" 96624 0
Dec 11 22:41:07 np0005556243.novalocal proxy-server[97888]: ::1 ::1 12/Dec/2025/03/41/07 PUT /v1/AUTH_402e63682d3749049fa8edf9e07dfd6e/gnocchi.ebd695a6-3391-470b-9640-efed874fb5c3 HTTP/1.0 201 - python-swiftclient-4.8.0 gAAAAABpO450Q4QS... - - - tx251c2924fc8b418b9591e-00693b8ed3 - 0.0625 - - 1765510867.778907299 1765510867.841383934 0 89ff87eb6954479d969b489941791c9f
Dec 11 22:41:07 np0005556243.novalocal container-server[96625]: ::1 - - [12/Dec/2025:03:41:07 +0000] "HEAD /2/113203/AUTH_402e63682d3749049fa8edf9e07dfd6e/gnocchi.ebd695a6-3391-470b-9640-efed874fb5c3" 204 - "HEAD http://[::1]:8080/v1/AUTH_402e63682d3749049fa8edf9e07dfd6e/gnocchi.ebd695a6-3391-470b-9640-efed874fb5c3" "tx66d1cbdb26a1476597b0d-00693b8ed3" "proxy-server 97888" 0.0023 "-" 96625 0
Dec 11 22:41:07 np0005556243.novalocal proxy-server[97888]: - - 12/Dec/2025/03/41/07 HEAD /v1/AUTH_402e63682d3749049fa8edf9e07dfd6e/gnocchi.ebd695a6-3391-470b-9640-efed874fb5c3 HTTP/1.0 204 - Swift - - - - tx66d1cbdb26a1476597b0d-00693b8ed3 - 0.0074 CS - 1765510867.848281622 1765510867.855705023 0 -
Dec 11 22:41:07 np0005556243.novalocal container-server[96624]: ::1 - - [12/Dec/2025:03:41:07 +0000] "GET /1/113203/AUTH_402e63682d3749049fa8edf9e07dfd6e/gnocchi.ebd695a6-3391-470b-9640-efed874fb5c3" 200 2 "GET https://[::1]:8080/v1/AUTH_402e63682d3749049fa8edf9e07dfd6e/gnocchi.ebd695a6-3391-470b-9640-efed874fb5c3?format=json&states=listing" "tx66d1cbdb26a1476597b0d-00693b8ed3" "proxy-server 97888" 0.0039 "-" 96624 0
Dec 11 22:41:07 np0005556243.novalocal proxy-server[97888]: ::1 ::1 12/Dec/2025/03/41/07 GET /v1/AUTH_402e63682d3749049fa8edf9e07dfd6e/gnocchi.ebd695a6-3391-470b-9640-efed874fb5c3%3Fformat%3Djson%26states%3Dlisting HTTP/1.0 200 - python-swiftclient-4.8.0 gAAAAABpO450Q4QS... - 2 - tx66d1cbdb26a1476597b0d-00693b8ed3 - 0.0247 - - 1765510867.846317291 1765510867.871026993 0 89ff87eb6954479d969b489941791c9f
Dec 11 22:41:07 np0005556243.novalocal object-server[96957]: ::1 - - [12/Dec/2025:03:41:07 +0000] "GET /1/13353/AUTH_402e63682d3749049fa8edf9e07dfd6e/gnocchi.ebd695a6-3391-470b-9640-efed874fb5c3/1764720000.0_mean_300.0_v3" 404 70 "GET https://[::1]:8080/v1/AUTH_402e63682d3749049fa8edf9e07dfd6e/gnocchi.ebd695a6-3391-470b-9640-efed874fb5c3/1764720000.0_mean_300.0_v3" "tx1cfd04d33ded4a05a7376-00693b8ed3" "proxy-server 97888" 0.0004 "-" 96957 0
Dec 11 22:41:07 np0005556243.novalocal object-server[96957]: ::1 - - [12/Dec/2025:03:41:07 +0000] "GET /2/13353/AUTH_402e63682d3749049fa8edf9e07dfd6e/gnocchi.ebd695a6-3391-470b-9640-efed874fb5c3/1764720000.0_mean_300.0_v3" 404 70 "GET https://[::1]:8080/v1/AUTH_402e63682d3749049fa8edf9e07dfd6e/gnocchi.ebd695a6-3391-470b-9640-efed874fb5c3/1764720000.0_mean_300.0_v3" "tx1cfd04d33ded4a05a7376-00693b8ed3" "proxy-server 97888" 0.0003 "-" 96957 0
Dec 11 22:41:07 np0005556243.novalocal object-server[96958]: ::1 - - [12/Dec/2025:03:41:07 +0000] "GET /3/13353/AUTH_402e63682d3749049fa8edf9e07dfd6e/gnocchi.ebd695a6-3391-470b-9640-efed874fb5c3/1764720000.0_mean_300.0_v3" 404 70 "GET https://[::1]:8080/v1/AUTH_402e63682d3749049fa8edf9e07dfd6e/gnocchi.ebd695a6-3391-470b-9640-efed874fb5c3/1764720000.0_mean_300.0_v3" "tx1cfd04d33ded4a05a7376-00693b8ed3" "proxy-server 97888" 0.0003 "-" 96958 0
Dec 11 22:41:07 np0005556243.novalocal proxy-server[97888]: ::1 ::1 12/Dec/2025/03/41/07 GET /v1/AUTH_402e63682d3749049fa8edf9e07dfd6e/gnocchi.ebd695a6-3391-470b-9640-efed874fb5c3/1764720000.0_mean_300.0_v3 HTTP/1.0 404 - python-swiftclient-4.8.0 gAAAAABpO450Q4QS... - 70 - tx1cfd04d33ded4a05a7376-00693b8ed3 - 0.0204 - - 1765510867.877620935 1765510867.898023844 0 89ff87eb6954479d969b489941791c9f
Dec 11 22:41:07 np0005556243.novalocal container-server[96625]: ::1 - - [12/Dec/2025:03:41:07 +0000] "PUT /3/113203/AUTH_402e63682d3749049fa8edf9e07dfd6e/gnocchi.ebd695a6-3391-470b-9640-efed874fb5c3/1764720000.0_mean_300.0_v3" 201 - "PUT http://[::1]:8080/1/13353/AUTH_402e63682d3749049fa8edf9e07dfd6e/gnocchi.ebd695a6-3391-470b-9640-efed874fb5c3/1764720000.0_mean_300.0_v3" "txff892de1dfb44194bd00f-00693b8ed3" "object-server 96958" 0.0008 "-" 96625 0
Dec 11 22:41:07 np0005556243.novalocal container-server[96624]: ::1 - - [12/Dec/2025:03:41:07 +0000] "PUT /1/113203/AUTH_402e63682d3749049fa8edf9e07dfd6e/gnocchi.ebd695a6-3391-470b-9640-efed874fb5c3/1764720000.0_mean_300.0_v3" 201 - "PUT http://[::1]:8080/2/13353/AUTH_402e63682d3749049fa8edf9e07dfd6e/gnocchi.ebd695a6-3391-470b-9640-efed874fb5c3/1764720000.0_mean_300.0_v3" "txff892de1dfb44194bd00f-00693b8ed3" "object-server 96958" 0.0010 "-" 96624 0
Dec 11 22:41:07 np0005556243.novalocal object-server[96958]: ::1 - - [12/Dec/2025:03:41:07 +0000] "PUT /1/13353/AUTH_402e63682d3749049fa8edf9e07dfd6e/gnocchi.ebd695a6-3391-470b-9640-efed874fb5c3/1764720000.0_mean_300.0_v3" 201 - "PUT https://[::1]:8080/v1/AUTH_402e63682d3749049fa8edf9e07dfd6e/gnocchi.ebd695a6-3391-470b-9640-efed874fb5c3/1764720000.0_mean_300.0_v3" "txff892de1dfb44194bd00f-00693b8ed3" "proxy-server 97888" 0.0102 "-" 96958 0
Dec 11 22:41:07 np0005556243.novalocal object-server[96958]: ::1 - - [12/Dec/2025:03:41:07 +0000] "PUT /2/13353/AUTH_402e63682d3749049fa8edf9e07dfd6e/gnocchi.ebd695a6-3391-470b-9640-efed874fb5c3/1764720000.0_mean_300.0_v3" 201 - "PUT https://[::1]:8080/v1/AUTH_402e63682d3749049fa8edf9e07dfd6e/gnocchi.ebd695a6-3391-470b-9640-efed874fb5c3/1764720000.0_mean_300.0_v3" "txff892de1dfb44194bd00f-00693b8ed3" "proxy-server 97888" 0.0120 "-" 96958 0
Dec 11 22:41:07 np0005556243.novalocal container-server[96625]: ::1 - - [12/Dec/2025:03:41:07 +0000] "PUT /2/113203/AUTH_402e63682d3749049fa8edf9e07dfd6e/gnocchi.ebd695a6-3391-470b-9640-efed874fb5c3/1764720000.0_mean_300.0_v3" 201 - "PUT http://[::1]:8080/3/13353/AUTH_402e63682d3749049fa8edf9e07dfd6e/gnocchi.ebd695a6-3391-470b-9640-efed874fb5c3/1764720000.0_mean_300.0_v3" "txff892de1dfb44194bd00f-00693b8ed3" "object-server 96957" 0.0008 "-" 96625 0
Dec 11 22:41:07 np0005556243.novalocal object-server[96957]: ::1 - - [12/Dec/2025:03:41:07 +0000] "PUT /3/13353/AUTH_402e63682d3749049fa8edf9e07dfd6e/gnocchi.ebd695a6-3391-470b-9640-efed874fb5c3/1764720000.0_mean_300.0_v3" 201 - "PUT https://[::1]:8080/v1/AUTH_402e63682d3749049fa8edf9e07dfd6e/gnocchi.ebd695a6-3391-470b-9640-efed874fb5c3/1764720000.0_mean_300.0_v3" "txff892de1dfb44194bd00f-00693b8ed3" "proxy-server 97888" 0.0131 "-" 96957 0
Dec 11 22:41:07 np0005556243.novalocal proxy-server[97888]: ::1 ::1 12/Dec/2025/03/41/07 PUT /v1/AUTH_402e63682d3749049fa8edf9e07dfd6e/gnocchi.ebd695a6-3391-470b-9640-efed874fb5c3/1764720000.0_mean_300.0_v3 HTTP/1.0 201 - python-swiftclient-4.8.0 gAAAAABpO450Q4QS... 16 - - txff892de1dfb44194bd00f-00693b8ed3 - 0.0242 - - 1765510867.903177023 1765510867.927370310 0 89ff87eb6954479d969b489941791c9f
Dec 11 22:41:07 np0005556243.novalocal container-server[96624]: ::1 - - [12/Dec/2025:03:41:07 +0000] "PUT /3/113203/AUTH_402e63682d3749049fa8edf9e07dfd6e/gnocchi.ebd695a6-3391-470b-9640-efed874fb5c3/none_v3" 201 - "PUT http://[::1]:8080/1/119078/AUTH_402e63682d3749049fa8edf9e07dfd6e/gnocchi.ebd695a6-3391-470b-9640-efed874fb5c3/none_v3" "txa94c580f5d044135b3fb0-00693b8ed3" "object-server 96957" 0.0008 "-" 96624 0
Dec 11 22:41:07 np0005556243.novalocal object-server[96957]: ::1 - - [12/Dec/2025:03:41:07 +0000] "PUT /1/119078/AUTH_402e63682d3749049fa8edf9e07dfd6e/gnocchi.ebd695a6-3391-470b-9640-efed874fb5c3/none_v3" 201 - "PUT https://[::1]:8080/v1/AUTH_402e63682d3749049fa8edf9e07dfd6e/gnocchi.ebd695a6-3391-470b-9640-efed874fb5c3/none_v3" "txa94c580f5d044135b3fb0-00693b8ed3" "proxy-server 97888" 0.0307 "-" 96957 0
Dec 11 22:41:07 np0005556243.novalocal container-server[96625]: ::1 - - [12/Dec/2025:03:41:07 +0000] "PUT /2/113203/AUTH_402e63682d3749049fa8edf9e07dfd6e/gnocchi.ebd695a6-3391-470b-9640-efed874fb5c3/none_v3" 201 - "PUT http://[::1]:8080/3/119078/AUTH_402e63682d3749049fa8edf9e07dfd6e/gnocchi.ebd695a6-3391-470b-9640-efed874fb5c3/none_v3" "txa94c580f5d044135b3fb0-00693b8ed3" "object-server 96957" 0.0005 "-" 96625 0
Dec 11 22:41:07 np0005556243.novalocal object-server[96957]: ::1 - - [12/Dec/2025:03:41:07 +0000] "PUT /3/119078/AUTH_402e63682d3749049fa8edf9e07dfd6e/gnocchi.ebd695a6-3391-470b-9640-efed874fb5c3/none_v3" 201 - "PUT https://[::1]:8080/v1/AUTH_402e63682d3749049fa8edf9e07dfd6e/gnocchi.ebd695a6-3391-470b-9640-efed874fb5c3/none_v3" "txa94c580f5d044135b3fb0-00693b8ed3" "proxy-server 97888" 0.0402 "-" 96957 0
Dec 11 22:41:07 np0005556243.novalocal container-server[96625]: ::1 - - [12/Dec/2025:03:41:07 +0000] "PUT /1/113203/AUTH_402e63682d3749049fa8edf9e07dfd6e/gnocchi.ebd695a6-3391-470b-9640-efed874fb5c3/none_v3" 201 - "PUT http://[::1]:8080/2/119078/AUTH_402e63682d3749049fa8edf9e07dfd6e/gnocchi.ebd695a6-3391-470b-9640-efed874fb5c3/none_v3" "txa94c580f5d044135b3fb0-00693b8ed3" "object-server 96957" 0.0004 "-" 96625 0
Dec 11 22:41:07 np0005556243.novalocal object-server[96957]: ::1 - - [12/Dec/2025:03:41:07 +0000] "PUT /2/119078/AUTH_402e63682d3749049fa8edf9e07dfd6e/gnocchi.ebd695a6-3391-470b-9640-efed874fb5c3/none_v3" 201 - "PUT https://[::1]:8080/v1/AUTH_402e63682d3749049fa8edf9e07dfd6e/gnocchi.ebd695a6-3391-470b-9640-efed874fb5c3/none_v3" "txa94c580f5d044135b3fb0-00693b8ed3" "proxy-server 97888" 0.0392 "-" 96957 0
Dec 11 22:41:07 np0005556243.novalocal proxy-server[97888]: ::1 ::1 12/Dec/2025/03/41/07 PUT /v1/AUTH_402e63682d3749049fa8edf9e07dfd6e/gnocchi.ebd695a6-3391-470b-9640-efed874fb5c3/none_v3 HTTP/1.0 201 - python-swiftclient-4.8.0 gAAAAABpO450Q4QS... 22 - - txa94c580f5d044135b3fb0-00693b8ed3 - 0.0502 - - 1765510867.931353331 1765510867.981594801 0 89ff87eb6954479d969b489941791c9f
Dec 11 22:41:08 np0005556243.novalocal container-server[96625]: ::1 - - [12/Dec/2025:03:41:08 +0000] "HEAD /1/73867/AUTH_402e63682d3749049fa8edf9e07dfd6e/gnocchi.1eee6f10-43f3-47bc-8dc6-fb6c790c30e4" 404 - "HEAD http://[::1]:8080/v1/AUTH_402e63682d3749049fa8edf9e07dfd6e/gnocchi.1eee6f10-43f3-47bc-8dc6-fb6c790c30e4" "tx3704955147bd427aad510-00693b8ed4" "proxy-server 97888" 0.0003 "-" 96625 0
Dec 11 22:41:08 np0005556243.novalocal container-server[96624]: ::1 - - [12/Dec/2025:03:41:08 +0000] "HEAD /2/73867/AUTH_402e63682d3749049fa8edf9e07dfd6e/gnocchi.1eee6f10-43f3-47bc-8dc6-fb6c790c30e4" 404 - "HEAD http://[::1]:8080/v1/AUTH_402e63682d3749049fa8edf9e07dfd6e/gnocchi.1eee6f10-43f3-47bc-8dc6-fb6c790c30e4" "tx3704955147bd427aad510-00693b8ed4" "proxy-server 97888" 0.0003 "-" 96624 0
Dec 11 22:41:08 np0005556243.novalocal container-server[96624]: ::1 - - [12/Dec/2025:03:41:08 +0000] "HEAD /3/73867/AUTH_402e63682d3749049fa8edf9e07dfd6e/gnocchi.1eee6f10-43f3-47bc-8dc6-fb6c790c30e4" 404 - "HEAD http://[::1]:8080/v1/AUTH_402e63682d3749049fa8edf9e07dfd6e/gnocchi.1eee6f10-43f3-47bc-8dc6-fb6c790c30e4" "tx3704955147bd427aad510-00693b8ed4" "proxy-server 97888" 0.0002 "-" 96624 0
Dec 11 22:41:08 np0005556243.novalocal proxy-server[97888]: - - 12/Dec/2025/03/41/08 HEAD /v1/AUTH_402e63682d3749049fa8edf9e07dfd6e/gnocchi.1eee6f10-43f3-47bc-8dc6-fb6c790c30e4 HTTP/1.0 404 - Swift - - - - tx3704955147bd427aad510-00693b8ed4 - 0.0143 CS - 1765510868.047140121 1765510868.061451197 0 -
Dec 11 22:41:08 np0005556243.novalocal object-server[96958]: ::1 - - [12/Dec/2025:03:41:08 +0000] "GET /2/65595/AUTH_402e63682d3749049fa8edf9e07dfd6e/gnocchi.1eee6f10-43f3-47bc-8dc6-fb6c790c30e4/none_v3" 404 70 "GET https://[::1]:8080/v1/AUTH_402e63682d3749049fa8edf9e07dfd6e/gnocchi.1eee6f10-43f3-47bc-8dc6-fb6c790c30e4/none_v3" "tx3704955147bd427aad510-00693b8ed4" "proxy-server 97888" 0.0003 "-" 96958 0
Dec 11 22:41:08 np0005556243.novalocal object-server[96958]: ::1 - - [12/Dec/2025:03:41:08 +0000] "GET /1/65595/AUTH_402e63682d3749049fa8edf9e07dfd6e/gnocchi.1eee6f10-43f3-47bc-8dc6-fb6c790c30e4/none_v3" 404 70 "GET https://[::1]:8080/v1/AUTH_402e63682d3749049fa8edf9e07dfd6e/gnocchi.1eee6f10-43f3-47bc-8dc6-fb6c790c30e4/none_v3" "tx3704955147bd427aad510-00693b8ed4" "proxy-server 97888" 0.0002 "-" 96958 0
Dec 11 22:41:08 np0005556243.novalocal object-server[96957]: ::1 - - [12/Dec/2025:03:41:08 +0000] "GET /3/65595/AUTH_402e63682d3749049fa8edf9e07dfd6e/gnocchi.1eee6f10-43f3-47bc-8dc6-fb6c790c30e4/none_v3" 404 70 "GET https://[::1]:8080/v1/AUTH_402e63682d3749049fa8edf9e07dfd6e/gnocchi.1eee6f10-43f3-47bc-8dc6-fb6c790c30e4/none_v3" "tx3704955147bd427aad510-00693b8ed4" "proxy-server 97888" 0.0003 "-" 96957 0
Dec 11 22:41:08 np0005556243.novalocal proxy-server[97888]: ::1 ::1 12/Dec/2025/03/41/08 GET /v1/AUTH_402e63682d3749049fa8edf9e07dfd6e/gnocchi.1eee6f10-43f3-47bc-8dc6-fb6c790c30e4/none_v3 HTTP/1.0 404 - python-swiftclient-4.8.0 gAAAAABpO450Q4QS... - 70 - tx3704955147bd427aad510-00693b8ed4 - 0.0356 - - 1765510868.045561314 1765510868.081152916 0 89ff87eb6954479d969b489941791c9f
Dec 11 22:41:08 np0005556243.novalocal account-server[96331]: ::1 - - [12/Dec/2025:03:41:08 +0000] "PUT /1/88245/AUTH_402e63682d3749049fa8edf9e07dfd6e/gnocchi.1eee6f10-43f3-47bc-8dc6-fb6c790c30e4" 201 - "PUT http://[::1]:6001/1/73867/AUTH_402e63682d3749049fa8edf9e07dfd6e/gnocchi.1eee6f10-43f3-47bc-8dc6-fb6c790c30e4" "txfc1d204c80114669b57f7-00693b8ed4" "container-server 96625" 0.0042 "-" 96331 0
Dec 11 22:41:08 np0005556243.novalocal container-server[96625]: ::1 - - [12/Dec/2025:03:41:08 +0000] "PUT /1/73867/AUTH_402e63682d3749049fa8edf9e07dfd6e/gnocchi.1eee6f10-43f3-47bc-8dc6-fb6c790c30e4" 201 - "PUT https://[::1]:8080/v1/AUTH_402e63682d3749049fa8edf9e07dfd6e/gnocchi.1eee6f10-43f3-47bc-8dc6-fb6c790c30e4" "txfc1d204c80114669b57f7-00693b8ed4" "proxy-server 97888" 0.0164 "-" 96625 0
Dec 11 22:41:08 np0005556243.novalocal account-server[96331]: ::1 - - [12/Dec/2025:03:41:08 +0000] "PUT /2/88245/AUTH_402e63682d3749049fa8edf9e07dfd6e/gnocchi.1eee6f10-43f3-47bc-8dc6-fb6c790c30e4" 201 - "PUT http://[::1]:6001/3/73867/AUTH_402e63682d3749049fa8edf9e07dfd6e/gnocchi.1eee6f10-43f3-47bc-8dc6-fb6c790c30e4" "txfc1d204c80114669b57f7-00693b8ed4" "container-server 96624" 0.0143 "-" 96331 0
Dec 11 22:41:08 np0005556243.novalocal container-server[96624]: ::1 - - [12/Dec/2025:03:41:08 +0000] "PUT /3/73867/AUTH_402e63682d3749049fa8edf9e07dfd6e/gnocchi.1eee6f10-43f3-47bc-8dc6-fb6c790c30e4" 201 - "PUT https://[::1]:8080/v1/AUTH_402e63682d3749049fa8edf9e07dfd6e/gnocchi.1eee6f10-43f3-47bc-8dc6-fb6c790c30e4" "txfc1d204c80114669b57f7-00693b8ed4" "proxy-server 97888" 0.0347 "-" 96624 0
Dec 11 22:41:08 np0005556243.novalocal account-server[96332]: ::1 - - [12/Dec/2025:03:41:08 +0000] "PUT /3/88245/AUTH_402e63682d3749049fa8edf9e07dfd6e/gnocchi.1eee6f10-43f3-47bc-8dc6-fb6c790c30e4" 201 - "PUT http://[::1]:6001/2/73867/AUTH_402e63682d3749049fa8edf9e07dfd6e/gnocchi.1eee6f10-43f3-47bc-8dc6-fb6c790c30e4" "txfc1d204c80114669b57f7-00693b8ed4" "container-server 96624" 0.0158 "-" 96332 0
Dec 11 22:41:08 np0005556243.novalocal container-server[96624]: ::1 - - [12/Dec/2025:03:41:08 +0000] "PUT /2/73867/AUTH_402e63682d3749049fa8edf9e07dfd6e/gnocchi.1eee6f10-43f3-47bc-8dc6-fb6c790c30e4" 201 - "PUT https://[::1]:8080/v1/AUTH_402e63682d3749049fa8edf9e07dfd6e/gnocchi.1eee6f10-43f3-47bc-8dc6-fb6c790c30e4" "txfc1d204c80114669b57f7-00693b8ed4" "proxy-server 97888" 0.0497 "-" 96624 0
Dec 11 22:41:08 np0005556243.novalocal proxy-server[97888]: ::1 ::1 12/Dec/2025/03/41/08 PUT /v1/AUTH_402e63682d3749049fa8edf9e07dfd6e/gnocchi.1eee6f10-43f3-47bc-8dc6-fb6c790c30e4 HTTP/1.0 201 - python-swiftclient-4.8.0 gAAAAABpO450Q4QS... - - - txfc1d204c80114669b57f7-00693b8ed4 - 0.0625 - - 1765510868.085399628 1765510868.147855043 0 89ff87eb6954479d969b489941791c9f
Dec 11 22:41:08 np0005556243.novalocal container-server[96624]: ::1 - - [12/Dec/2025:03:41:08 +0000] "HEAD /1/73867/AUTH_402e63682d3749049fa8edf9e07dfd6e/gnocchi.1eee6f10-43f3-47bc-8dc6-fb6c790c30e4" 204 - "HEAD http://[::1]:8080/v1/AUTH_402e63682d3749049fa8edf9e07dfd6e/gnocchi.1eee6f10-43f3-47bc-8dc6-fb6c790c30e4" "tx4d56ebf903ab4379be0bd-00693b8ed4" "proxy-server 97888" 0.0010 "-" 96624 0
Dec 11 22:41:08 np0005556243.novalocal proxy-server[97888]: - - 12/Dec/2025/03/41/08 HEAD /v1/AUTH_402e63682d3749049fa8edf9e07dfd6e/gnocchi.1eee6f10-43f3-47bc-8dc6-fb6c790c30e4 HTTP/1.0 204 - Swift - - - - tx4d56ebf903ab4379be0bd-00693b8ed4 - 0.0049 CS - 1765510868.152992964 1765510868.157911777 0 -
Dec 11 22:41:08 np0005556243.novalocal container-server[96624]: ::1 - - [12/Dec/2025:03:41:08 +0000] "GET /2/73867/AUTH_402e63682d3749049fa8edf9e07dfd6e/gnocchi.1eee6f10-43f3-47bc-8dc6-fb6c790c30e4" 200 2 "GET https://[::1]:8080/v1/AUTH_402e63682d3749049fa8edf9e07dfd6e/gnocchi.1eee6f10-43f3-47bc-8dc6-fb6c790c30e4?format=json&states=listing" "tx4d56ebf903ab4379be0bd-00693b8ed4" "proxy-server 97888" 0.0015 "-" 96624 0
Dec 11 22:41:08 np0005556243.novalocal proxy-server[97888]: ::1 ::1 12/Dec/2025/03/41/08 GET /v1/AUTH_402e63682d3749049fa8edf9e07dfd6e/gnocchi.1eee6f10-43f3-47bc-8dc6-fb6c790c30e4%3Fformat%3Djson%26states%3Dlisting HTTP/1.0 200 - python-swiftclient-4.8.0 gAAAAABpO450Q4QS... - 2 - tx4d56ebf903ab4379be0bd-00693b8ed4 - 0.0179 - - 1765510868.152021408 1765510868.169888258 0 89ff87eb6954479d969b489941791c9f
