Dec 11 22:40:12 np0005556243.novalocal container-server[96624]: ::1 - - [12/Dec/2025:03:40:12 +0000] "PUT /1/7676/AUTH_402e63682d3749049fa8edf9e07dfd6e/gnocchi.40f25281-6bd1-42fb-8e25-0d150915c027/1764720000.0_mean_300.0_v3" 201 - "PUT http://[::1]:8080/2/108146/AUTH_402e63682d3749049fa8edf9e07dfd6e/gnocchi.40f25281-6bd1-42fb-8e25-0d150915c027/1764720000.0_mean_300.0_v3" "txd0c3770f9dcd44fa9627f-00693b8e9c" "object-server 96957" 0.0007 "-" 96624 0
Dec 11 22:40:12 np0005556243.novalocal object-server[96957]: ::1 - - [12/Dec/2025:03:40:12 +0000] "PUT /2/108146/AUTH_402e63682d3749049fa8edf9e07dfd6e/gnocchi.40f25281-6bd1-42fb-8e25-0d150915c027/1764720000.0_mean_300.0_v3" 201 - "PUT https://[::1]:8080/v1/AUTH_402e63682d3749049fa8edf9e07dfd6e/gnocchi.40f25281-6bd1-42fb-8e25-0d150915c027/1764720000.0_mean_300.0_v3" "txd0c3770f9dcd44fa9627f-00693b8e9c" "proxy-server 97888" 0.0231 "-" 96957 0
Dec 11 22:40:12 np0005556243.novalocal container-server[96624]: ::1 - - [12/Dec/2025:03:40:12 +0000] "PUT /2/7676/AUTH_402e63682d3749049fa8edf9e07dfd6e/gnocchi.40f25281-6bd1-42fb-8e25-0d150915c027/1764720000.0_mean_300.0_v3" 201 - "PUT http://[::1]:8080/3/108146/AUTH_402e63682d3749049fa8edf9e07dfd6e/gnocchi.40f25281-6bd1-42fb-8e25-0d150915c027/1764720000.0_mean_300.0_v3" "txd0c3770f9dcd44fa9627f-00693b8e9c" "object-server 96957" 0.0005 "-" 96624 0
Dec 11 22:40:12 np0005556243.novalocal container-server[96625]: ::1 - - [12/Dec/2025:03:40:12 +0000] "PUT /3/7676/AUTH_402e63682d3749049fa8edf9e07dfd6e/gnocchi.40f25281-6bd1-42fb-8e25-0d150915c027/1764720000.0_mean_300.0_v3" 201 - "PUT http://[::1]:8080/1/108146/AUTH_402e63682d3749049fa8edf9e07dfd6e/gnocchi.40f25281-6bd1-42fb-8e25-0d150915c027/1764720000.0_mean_300.0_v3" "txd0c3770f9dcd44fa9627f-00693b8e9c" "object-server 96957" 0.0008 "-" 96625 0
Dec 11 22:40:12 np0005556243.novalocal object-server[96957]: ::1 - - [12/Dec/2025:03:40:12 +0000] "PUT /3/108146/AUTH_402e63682d3749049fa8edf9e07dfd6e/gnocchi.40f25281-6bd1-42fb-8e25-0d150915c027/1764720000.0_mean_300.0_v3" 201 - "PUT https://[::1]:8080/v1/AUTH_402e63682d3749049fa8edf9e07dfd6e/gnocchi.40f25281-6bd1-42fb-8e25-0d150915c027/1764720000.0_mean_300.0_v3" "txd0c3770f9dcd44fa9627f-00693b8e9c" "proxy-server 97888" 0.0223 "-" 96957 0
Dec 11 22:40:12 np0005556243.novalocal object-server[96957]: ::1 - - [12/Dec/2025:03:40:12 +0000] "PUT /1/108146/AUTH_402e63682d3749049fa8edf9e07dfd6e/gnocchi.40f25281-6bd1-42fb-8e25-0d150915c027/1764720000.0_mean_300.0_v3" 201 - "PUT https://[::1]:8080/v1/AUTH_402e63682d3749049fa8edf9e07dfd6e/gnocchi.40f25281-6bd1-42fb-8e25-0d150915c027/1764720000.0_mean_300.0_v3" "txd0c3770f9dcd44fa9627f-00693b8e9c" "proxy-server 97888" 0.0215 "-" 96957 0
Dec 11 22:40:12 np0005556243.novalocal proxy-server[97888]: ::1 ::1 12/Dec/2025/03/40/12 PUT /v1/AUTH_402e63682d3749049fa8edf9e07dfd6e/gnocchi.40f25281-6bd1-42fb-8e25-0d150915c027/1764720000.0_mean_300.0_v3 HTTP/1.0 201 - python-swiftclient-4.8.0 gAAAAABpO450Q4QS... 16 - - txd0c3770f9dcd44fa9627f-00693b8e9c - 0.0406 - - 1765510812.500829697 1765510812.541390657 0 89ff87eb6954479d969b489941791c9f
Dec 11 22:40:12 np0005556243.novalocal container-server[96624]: ::1 - - [12/Dec/2025:03:40:12 +0000] "PUT /1/7676/AUTH_402e63682d3749049fa8edf9e07dfd6e/gnocchi.40f25281-6bd1-42fb-8e25-0d150915c027/none_v3" 201 - "PUT http://[::1]:8080/3/121377/AUTH_402e63682d3749049fa8edf9e07dfd6e/gnocchi.40f25281-6bd1-42fb-8e25-0d150915c027/none_v3" "tx8ffbfd3c4ca649a780f72-00693b8e9c" "object-server 96957" 0.0006 "-" 96624 0
Dec 11 22:40:12 np0005556243.novalocal container-server[96624]: ::1 - - [12/Dec/2025:03:40:12 +0000] "PUT /3/7676/AUTH_402e63682d3749049fa8edf9e07dfd6e/gnocchi.40f25281-6bd1-42fb-8e25-0d150915c027/none_v3" 201 - "PUT http://[::1]:8080/1/121377/AUTH_402e63682d3749049fa8edf9e07dfd6e/gnocchi.40f25281-6bd1-42fb-8e25-0d150915c027/none_v3" "tx8ffbfd3c4ca649a780f72-00693b8e9c" "object-server 96958" 0.0005 "-" 96624 0
Dec 11 22:40:12 np0005556243.novalocal object-server[96957]: ::1 - - [12/Dec/2025:03:40:12 +0000] "PUT /3/121377/AUTH_402e63682d3749049fa8edf9e07dfd6e/gnocchi.40f25281-6bd1-42fb-8e25-0d150915c027/none_v3" 201 - "PUT https://[::1]:8080/v1/AUTH_402e63682d3749049fa8edf9e07dfd6e/gnocchi.40f25281-6bd1-42fb-8e25-0d150915c027/none_v3" "tx8ffbfd3c4ca649a780f72-00693b8e9c" "proxy-server 97888" 0.0147 "-" 96957 0
Dec 11 22:40:12 np0005556243.novalocal container-server[96625]: ::1 - - [12/Dec/2025:03:40:12 +0000] "PUT /2/7676/AUTH_402e63682d3749049fa8edf9e07dfd6e/gnocchi.40f25281-6bd1-42fb-8e25-0d150915c027/none_v3" 201 - "PUT http://[::1]:8080/2/121377/AUTH_402e63682d3749049fa8edf9e07dfd6e/gnocchi.40f25281-6bd1-42fb-8e25-0d150915c027/none_v3" "tx8ffbfd3c4ca649a780f72-00693b8e9c" "object-server 96958" 0.0007 "-" 96625 0
Dec 11 22:40:12 np0005556243.novalocal object-server[96958]: ::1 - - [12/Dec/2025:03:40:12 +0000] "PUT /1/121377/AUTH_402e63682d3749049fa8edf9e07dfd6e/gnocchi.40f25281-6bd1-42fb-8e25-0d150915c027/none_v3" 201 - "PUT https://[::1]:8080/v1/AUTH_402e63682d3749049fa8edf9e07dfd6e/gnocchi.40f25281-6bd1-42fb-8e25-0d150915c027/none_v3" "tx8ffbfd3c4ca649a780f72-00693b8e9c" "proxy-server 97888" 0.0148 "-" 96958 0
Dec 11 22:40:12 np0005556243.novalocal object-server[96958]: ::1 - - [12/Dec/2025:03:40:12 +0000] "PUT /2/121377/AUTH_402e63682d3749049fa8edf9e07dfd6e/gnocchi.40f25281-6bd1-42fb-8e25-0d150915c027/none_v3" 201 - "PUT https://[::1]:8080/v1/AUTH_402e63682d3749049fa8edf9e07dfd6e/gnocchi.40f25281-6bd1-42fb-8e25-0d150915c027/none_v3" "tx8ffbfd3c4ca649a780f72-00693b8e9c" "proxy-server 97888" 0.0181 "-" 96958 0
Dec 11 22:40:12 np0005556243.novalocal proxy-server[97888]: ::1 ::1 12/Dec/2025/03/40/12 PUT /v1/AUTH_402e63682d3749049fa8edf9e07dfd6e/gnocchi.40f25281-6bd1-42fb-8e25-0d150915c027/none_v3 HTTP/1.0 201 - python-swiftclient-4.8.0 gAAAAABpO450Q4QS... 22 - - tx8ffbfd3c4ca649a780f72-00693b8e9c - 0.0309 - - 1765510812.546034336 1765510812.576961756 0 89ff87eb6954479d969b489941791c9f
Dec 11 22:40:12 np0005556243.novalocal container-server[96624]: ::1 - - [12/Dec/2025:03:40:12 +0000] "HEAD /3/193716/AUTH_402e63682d3749049fa8edf9e07dfd6e/gnocchi.edae0715-57ba-494d-8844-988c48ef31ac" 404 - "HEAD http://[::1]:8080/v1/AUTH_402e63682d3749049fa8edf9e07dfd6e/gnocchi.edae0715-57ba-494d-8844-988c48ef31ac" "txa3a84099a0cb4b3aaef00-00693b8e9c" "proxy-server 97888" 0.0004 "-" 96624 0
Dec 11 22:40:12 np0005556243.novalocal container-server[96625]: ::1 - - [12/Dec/2025:03:40:12 +0000] "HEAD /2/193716/AUTH_402e63682d3749049fa8edf9e07dfd6e/gnocchi.edae0715-57ba-494d-8844-988c48ef31ac" 404 - "HEAD http://[::1]:8080/v1/AUTH_402e63682d3749049fa8edf9e07dfd6e/gnocchi.edae0715-57ba-494d-8844-988c48ef31ac" "txa3a84099a0cb4b3aaef00-00693b8e9c" "proxy-server 97888" 0.0004 "-" 96625 0
Dec 11 22:40:12 np0005556243.novalocal container-server[96625]: ::1 - - [12/Dec/2025:03:40:12 +0000] "HEAD /1/193716/AUTH_402e63682d3749049fa8edf9e07dfd6e/gnocchi.edae0715-57ba-494d-8844-988c48ef31ac" 404 - "HEAD http://[::1]:8080/v1/AUTH_402e63682d3749049fa8edf9e07dfd6e/gnocchi.edae0715-57ba-494d-8844-988c48ef31ac" "txa3a84099a0cb4b3aaef00-00693b8e9c" "proxy-server 97888" 0.0003 "-" 96625 0
Dec 11 22:40:12 np0005556243.novalocal proxy-server[97888]: - - 12/Dec/2025/03/40/12 HEAD /v1/AUTH_402e63682d3749049fa8edf9e07dfd6e/gnocchi.edae0715-57ba-494d-8844-988c48ef31ac HTTP/1.0 404 - Swift - - - - txa3a84099a0cb4b3aaef00-00693b8e9c - 0.0105 CS - 1765510812.602364779 1765510812.612870216 0 -
Dec 11 22:40:12 np0005556243.novalocal object-server[96958]: ::1 - - [12/Dec/2025:03:40:12 +0000] "GET /2/132295/AUTH_402e63682d3749049fa8edf9e07dfd6e/gnocchi.edae0715-57ba-494d-8844-988c48ef31ac/none_v3" 404 70 "GET https://[::1]:8080/v1/AUTH_402e63682d3749049fa8edf9e07dfd6e/gnocchi.edae0715-57ba-494d-8844-988c48ef31ac/none_v3" "txa3a84099a0cb4b3aaef00-00693b8e9c" "proxy-server 97888" 0.0005 "-" 96958 0
Dec 11 22:40:12 np0005556243.novalocal object-server[96957]: ::1 - - [12/Dec/2025:03:40:12 +0000] "GET /1/132295/AUTH_402e63682d3749049fa8edf9e07dfd6e/gnocchi.edae0715-57ba-494d-8844-988c48ef31ac/none_v3" 404 70 "GET https://[::1]:8080/v1/AUTH_402e63682d3749049fa8edf9e07dfd6e/gnocchi.edae0715-57ba-494d-8844-988c48ef31ac/none_v3" "txa3a84099a0cb4b3aaef00-00693b8e9c" "proxy-server 97888" 0.0015 "-" 96957 0
Dec 11 22:40:12 np0005556243.novalocal object-server[96958]: ::1 - - [12/Dec/2025:03:40:12 +0000] "GET /3/132295/AUTH_402e63682d3749049fa8edf9e07dfd6e/gnocchi.edae0715-57ba-494d-8844-988c48ef31ac/none_v3" 404 70 "GET https://[::1]:8080/v1/AUTH_402e63682d3749049fa8edf9e07dfd6e/gnocchi.edae0715-57ba-494d-8844-988c48ef31ac/none_v3" "txa3a84099a0cb4b3aaef00-00693b8e9c" "proxy-server 97888" 0.0004 "-" 96958 0
Dec 11 22:40:12 np0005556243.novalocal proxy-server[97888]: ::1 ::1 12/Dec/2025/03/40/12 GET /v1/AUTH_402e63682d3749049fa8edf9e07dfd6e/gnocchi.edae0715-57ba-494d-8844-988c48ef31ac/none_v3 HTTP/1.0 404 - python-swiftclient-4.8.0 gAAAAABpO450Q4QS... - 70 - txa3a84099a0cb4b3aaef00-00693b8e9c - 0.0284 - - 1765510812.601327181 1765510812.629715204 0 89ff87eb6954479d969b489941791c9f
Dec 11 22:40:12 np0005556243.novalocal account-server[96331]: ::1 - - [12/Dec/2025:03:40:12 +0000] "PUT /1/88245/AUTH_402e63682d3749049fa8edf9e07dfd6e/gnocchi.edae0715-57ba-494d-8844-988c48ef31ac" 201 - "PUT http://[::1]:6001/1/193716/AUTH_402e63682d3749049fa8edf9e07dfd6e/gnocchi.edae0715-57ba-494d-8844-988c48ef31ac" "tx0fa4f2783b664c47befcb-00693b8e9c" "container-server 96625" 0.0073 "-" 96331 0
Dec 11 22:40:12 np0005556243.novalocal container-server[96625]: ::1 - - [12/Dec/2025:03:40:12 +0000] "PUT /1/193716/AUTH_402e63682d3749049fa8edf9e07dfd6e/gnocchi.edae0715-57ba-494d-8844-988c48ef31ac" 201 - "PUT https://[::1]:8080/v1/AUTH_402e63682d3749049fa8edf9e07dfd6e/gnocchi.edae0715-57ba-494d-8844-988c48ef31ac" "tx0fa4f2783b664c47befcb-00693b8e9c" "proxy-server 97888" 0.0234 "-" 96625 0
Dec 11 22:40:12 np0005556243.novalocal account-server[96332]: ::1 - - [12/Dec/2025:03:40:12 +0000] "PUT /3/88245/AUTH_402e63682d3749049fa8edf9e07dfd6e/gnocchi.edae0715-57ba-494d-8844-988c48ef31ac" 201 - "PUT http://[::1]:6001/3/193716/AUTH_402e63682d3749049fa8edf9e07dfd6e/gnocchi.edae0715-57ba-494d-8844-988c48ef31ac" "tx0fa4f2783b664c47befcb-00693b8e9c" "container-server 96624" 0.0081 "-" 96332 0
Dec 11 22:40:12 np0005556243.novalocal container-server[96624]: ::1 - - [12/Dec/2025:03:40:12 +0000] "PUT /3/193716/AUTH_402e63682d3749049fa8edf9e07dfd6e/gnocchi.edae0715-57ba-494d-8844-988c48ef31ac" 201 - "PUT https://[::1]:8080/v1/AUTH_402e63682d3749049fa8edf9e07dfd6e/gnocchi.edae0715-57ba-494d-8844-988c48ef31ac" "tx0fa4f2783b664c47befcb-00693b8e9c" "proxy-server 97888" 0.0206 "-" 96624 0
Dec 11 22:40:12 np0005556243.novalocal account-server[96332]: ::1 - - [12/Dec/2025:03:40:12 +0000] "PUT /2/88245/AUTH_402e63682d3749049fa8edf9e07dfd6e/gnocchi.edae0715-57ba-494d-8844-988c48ef31ac" 201 - "PUT http://[::1]:6001/2/193716/AUTH_402e63682d3749049fa8edf9e07dfd6e/gnocchi.edae0715-57ba-494d-8844-988c48ef31ac" "tx0fa4f2783b664c47befcb-00693b8e9c" "container-server 96624" 0.0078 "-" 96332 0
Dec 11 22:40:12 np0005556243.novalocal container-server[96624]: ::1 - - [12/Dec/2025:03:40:12 +0000] "PUT /2/193716/AUTH_402e63682d3749049fa8edf9e07dfd6e/gnocchi.edae0715-57ba-494d-8844-988c48ef31ac" 201 - "PUT https://[::1]:8080/v1/AUTH_402e63682d3749049fa8edf9e07dfd6e/gnocchi.edae0715-57ba-494d-8844-988c48ef31ac" "tx0fa4f2783b664c47befcb-00693b8e9c" "proxy-server 97888" 0.0430 "-" 96624 0
Dec 11 22:40:12 np0005556243.novalocal proxy-server[97888]: ::1 ::1 12/Dec/2025/03/40/12 PUT /v1/AUTH_402e63682d3749049fa8edf9e07dfd6e/gnocchi.edae0715-57ba-494d-8844-988c48ef31ac HTTP/1.0 201 - python-swiftclient-4.8.0 gAAAAABpO450Q4QS... - - - tx0fa4f2783b664c47befcb-00693b8e9c - 0.0526 - - 1765510812.634272337 1765510812.686881304 0 89ff87eb6954479d969b489941791c9f
Dec 11 22:40:12 np0005556243.novalocal container-server[96624]: ::1 - - [12/Dec/2025:03:40:12 +0000] "HEAD /1/193716/AUTH_402e63682d3749049fa8edf9e07dfd6e/gnocchi.edae0715-57ba-494d-8844-988c48ef31ac" 204 - "HEAD http://[::1]:8080/v1/AUTH_402e63682d3749049fa8edf9e07dfd6e/gnocchi.edae0715-57ba-494d-8844-988c48ef31ac" "tx100ed2a9c61d4e9398eec-00693b8e9c" "proxy-server 97888" 0.0014 "-" 96624 0
Dec 11 22:40:12 np0005556243.novalocal proxy-server[97888]: - - 12/Dec/2025/03/40/12 HEAD /v1/AUTH_402e63682d3749049fa8edf9e07dfd6e/gnocchi.edae0715-57ba-494d-8844-988c48ef31ac HTTP/1.0 204 - Swift - - - - tx100ed2a9c61d4e9398eec-00693b8e9c - 0.0052 CS - 1765510812.693650961 1765510812.698863506 0 -
Dec 11 22:40:12 np0005556243.novalocal container-server[96624]: ::1 - - [12/Dec/2025:03:40:12 +0000] "GET /3/193716/AUTH_402e63682d3749049fa8edf9e07dfd6e/gnocchi.edae0715-57ba-494d-8844-988c48ef31ac" 200 2 "GET https://[::1]:8080/v1/AUTH_402e63682d3749049fa8edf9e07dfd6e/gnocchi.edae0715-57ba-494d-8844-988c48ef31ac?format=json&states=listing" "tx100ed2a9c61d4e9398eec-00693b8e9c" "proxy-server 97888" 0.0022 "-" 96624 0
Dec 11 22:40:12 np0005556243.novalocal proxy-server[97888]: ::1 ::1 12/Dec/2025/03/40/12 GET /v1/AUTH_402e63682d3749049fa8edf9e07dfd6e/gnocchi.edae0715-57ba-494d-8844-988c48ef31ac%3Fformat%3Djson%26states%3Dlisting HTTP/1.0 200 - python-swiftclient-4.8.0 gAAAAABpO450Q4QS... - 2 - tx100ed2a9c61d4e9398eec-00693b8e9c - 0.0164 - - 1765510812.692767859 1765510812.709156275 0 89ff87eb6954479d969b489941791c9f
Dec 11 22:40:12 np0005556243.novalocal object-server[96957]: ::1 - - [12/Dec/2025:03:40:12 +0000] "GET /1/141910/AUTH_402e63682d3749049fa8edf9e07dfd6e/gnocchi.edae0715-57ba-494d-8844-988c48ef31ac/1764720000.0_mean_300.0_v3" 404 70 "GET https://[::1]:8080/v1/AUTH_402e63682d3749049fa8edf9e07dfd6e/gnocchi.edae0715-57ba-494d-8844-988c48ef31ac/1764720000.0_mean_300.0_v3" "tx739e65edd1d2404d849cf-00693b8e9c" "proxy-server 97888" 0.0006 "-" 96957 0
Dec 11 22:40:12 np0005556243.novalocal object-server[96957]: ::1 - - [12/Dec/2025:03:40:12 +0000] "GET /2/141910/AUTH_402e63682d3749049fa8edf9e07dfd6e/gnocchi.edae0715-57ba-494d-8844-988c48ef31ac/1764720000.0_mean_300.0_v3" 404 70 "GET https://[::1]:8080/v1/AUTH_402e63682d3749049fa8edf9e07dfd6e/gnocchi.edae0715-57ba-494d-8844-988c48ef31ac/1764720000.0_mean_300.0_v3" "tx739e65edd1d2404d849cf-00693b8e9c" "proxy-server 97888" 0.0004 "-" 96957 0
Dec 11 22:40:12 np0005556243.novalocal object-server[96957]: ::1 - - [12/Dec/2025:03:40:12 +0000] "GET /3/141910/AUTH_402e63682d3749049fa8edf9e07dfd6e/gnocchi.edae0715-57ba-494d-8844-988c48ef31ac/1764720000.0_mean_300.0_v3" 404 70 "GET https://[::1]:8080/v1/AUTH_402e63682d3749049fa8edf9e07dfd6e/gnocchi.edae0715-57ba-494d-8844-988c48ef31ac/1764720000.0_mean_300.0_v3" "tx739e65edd1d2404d849cf-00693b8e9c" "proxy-server 97888" 0.0004 "-" 96957 0
Dec 11 22:40:12 np0005556243.novalocal proxy-server[97888]: ::1 ::1 12/Dec/2025/03/40/12 GET /v1/AUTH_402e63682d3749049fa8edf9e07dfd6e/gnocchi.edae0715-57ba-494d-8844-988c48ef31ac/1764720000.0_mean_300.0_v3 HTTP/1.0 404 - python-swiftclient-4.8.0 gAAAAABpO450Q4QS... - 70 - tx739e65edd1d2404d849cf-00693b8e9c - 0.0189 - - 1765510812.715006113 1765510812.733952999 0 89ff87eb6954479d969b489941791c9f
Dec 11 22:40:12 np0005556243.novalocal container-server[96624]: ::1 - - [12/Dec/2025:03:40:12 +0000] "PUT /2/193716/AUTH_402e63682d3749049fa8edf9e07dfd6e/gnocchi.edae0715-57ba-494d-8844-988c48ef31ac/1764720000.0_mean_300.0_v3" 201 - "PUT http://[::1]:8080/1/141910/AUTH_402e63682d3749049fa8edf9e07dfd6e/gnocchi.edae0715-57ba-494d-8844-988c48ef31ac/1764720000.0_mean_300.0_v3" "txb27975b3c7b446fd995de-00693b8e9c" "object-server 96957" 0.0007 "-" 96624 0
Dec 11 22:40:12 np0005556243.novalocal object-server[96957]: ::1 - - [12/Dec/2025:03:40:12 +0000] "PUT /1/141910/AUTH_402e63682d3749049fa8edf9e07dfd6e/gnocchi.edae0715-57ba-494d-8844-988c48ef31ac/1764720000.0_mean_300.0_v3" 201 - "PUT https://[::1]:8080/v1/AUTH_402e63682d3749049fa8edf9e07dfd6e/gnocchi.edae0715-57ba-494d-8844-988c48ef31ac/1764720000.0_mean_300.0_v3" "txb27975b3c7b446fd995de-00693b8e9c" "proxy-server 97888" 0.0125 "-" 96957 0
Dec 11 22:40:12 np0005556243.novalocal container-server[96624]: ::1 - - [12/Dec/2025:03:40:12 +0000] "PUT /3/193716/AUTH_402e63682d3749049fa8edf9e07dfd6e/gnocchi.edae0715-57ba-494d-8844-988c48ef31ac/1764720000.0_mean_300.0_v3" 201 - "PUT http://[::1]:8080/2/141910/AUTH_402e63682d3749049fa8edf9e07dfd6e/gnocchi.edae0715-57ba-494d-8844-988c48ef31ac/1764720000.0_mean_300.0_v3" "txb27975b3c7b446fd995de-00693b8e9c" "object-server 96958" 0.0004 "-" 96624 0
Dec 11 22:40:12 np0005556243.novalocal object-server[96958]: ::1 - - [12/Dec/2025:03:40:12 +0000] "PUT /2/141910/AUTH_402e63682d3749049fa8edf9e07dfd6e/gnocchi.edae0715-57ba-494d-8844-988c48ef31ac/1764720000.0_mean_300.0_v3" 201 - "PUT https://[::1]:8080/v1/AUTH_402e63682d3749049fa8edf9e07dfd6e/gnocchi.edae0715-57ba-494d-8844-988c48ef31ac/1764720000.0_mean_300.0_v3" "txb27975b3c7b446fd995de-00693b8e9c" "proxy-server 97888" 0.0123 "-" 96958 0
Dec 11 22:40:12 np0005556243.novalocal container-server[96625]: ::1 - - [12/Dec/2025:03:40:12 +0000] "PUT /1/193716/AUTH_402e63682d3749049fa8edf9e07dfd6e/gnocchi.edae0715-57ba-494d-8844-988c48ef31ac/1764720000.0_mean_300.0_v3" 201 - "PUT http://[::1]:8080/3/141910/AUTH_402e63682d3749049fa8edf9e07dfd6e/gnocchi.edae0715-57ba-494d-8844-988c48ef31ac/1764720000.0_mean_300.0_v3" "txb27975b3c7b446fd995de-00693b8e9c" "object-server 96958" 0.0009 "-" 96625 0
Dec 11 22:40:12 np0005556243.novalocal object-server[96958]: ::1 - - [12/Dec/2025:03:40:12 +0000] "PUT /3/141910/AUTH_402e63682d3749049fa8edf9e07dfd6e/gnocchi.edae0715-57ba-494d-8844-988c48ef31ac/1764720000.0_mean_300.0_v3" 201 - "PUT https://[::1]:8080/v1/AUTH_402e63682d3749049fa8edf9e07dfd6e/gnocchi.edae0715-57ba-494d-8844-988c48ef31ac/1764720000.0_mean_300.0_v3" "txb27975b3c7b446fd995de-00693b8e9c" "proxy-server 97888" 0.0188 "-" 96958 0
Dec 11 22:40:12 np0005556243.novalocal proxy-server[97888]: ::1 ::1 12/Dec/2025/03/40/12 PUT /v1/AUTH_402e63682d3749049fa8edf9e07dfd6e/gnocchi.edae0715-57ba-494d-8844-988c48ef31ac/1764720000.0_mean_300.0_v3 HTTP/1.0 201 - python-swiftclient-4.8.0 gAAAAABpO450Q4QS... 16 - - txb27975b3c7b446fd995de-00693b8e9c - 0.0309 - - 1765510812.738311768 1765510812.769217968 0 89ff87eb6954479d969b489941791c9f
Dec 11 22:40:12 np0005556243.novalocal container-server[96624]: ::1 - - [12/Dec/2025:03:40:12 +0000] "PUT /2/193716/AUTH_402e63682d3749049fa8edf9e07dfd6e/gnocchi.edae0715-57ba-494d-8844-988c48ef31ac/none_v3" 201 - "PUT http://[::1]:8080/2/132295/AUTH_402e63682d3749049fa8edf9e07dfd6e/gnocchi.edae0715-57ba-494d-8844-988c48ef31ac/none_v3" "txb622a8b8d841464e999f5-00693b8e9c" "object-server 96957" 0.0004 "-" 96624 0
Dec 11 22:40:12 np0005556243.novalocal object-server[96957]: ::1 - - [12/Dec/2025:03:40:12 +0000] "PUT /2/132295/AUTH_402e63682d3749049fa8edf9e07dfd6e/gnocchi.edae0715-57ba-494d-8844-988c48ef31ac/none_v3" 201 - "PUT https://[::1]:8080/v1/AUTH_402e63682d3749049fa8edf9e07dfd6e/gnocchi.edae0715-57ba-494d-8844-988c48ef31ac/none_v3" "txb622a8b8d841464e999f5-00693b8e9c" "proxy-server 97888" 0.0113 "-" 96957 0
Dec 11 22:40:12 np0005556243.novalocal container-server[96625]: ::1 - - [12/Dec/2025:03:40:12 +0000] "PUT /3/193716/AUTH_402e63682d3749049fa8edf9e07dfd6e/gnocchi.edae0715-57ba-494d-8844-988c48ef31ac/none_v3" 201 - "PUT http://[::1]:8080/3/132295/AUTH_402e63682d3749049fa8edf9e07dfd6e/gnocchi.edae0715-57ba-494d-8844-988c48ef31ac/none_v3" "txb622a8b8d841464e999f5-00693b8e9c" "object-server 96958" 0.0006 "-" 96625 0
Dec 11 22:40:12 np0005556243.novalocal object-server[96958]: ::1 - - [12/Dec/2025:03:40:12 +0000] "PUT /3/132295/AUTH_402e63682d3749049fa8edf9e07dfd6e/gnocchi.edae0715-57ba-494d-8844-988c48ef31ac/none_v3" 201 - "PUT https://[::1]:8080/v1/AUTH_402e63682d3749049fa8edf9e07dfd6e/gnocchi.edae0715-57ba-494d-8844-988c48ef31ac/none_v3" "txb622a8b8d841464e999f5-00693b8e9c" "proxy-server 97888" 0.0114 "-" 96958 0
Dec 11 22:40:12 np0005556243.novalocal container-server[96624]: ::1 - - [12/Dec/2025:03:40:12 +0000] "PUT /1/193716/AUTH_402e63682d3749049fa8edf9e07dfd6e/gnocchi.edae0715-57ba-494d-8844-988c48ef31ac/none_v3" 201 - "PUT http://[::1]:8080/1/132295/AUTH_402e63682d3749049fa8edf9e07dfd6e/gnocchi.edae0715-57ba-494d-8844-988c48ef31ac/none_v3" "txb622a8b8d841464e999f5-00693b8e9c" "object-server 96958" 0.0005 "-" 96624 0
Dec 11 22:40:12 np0005556243.novalocal object-server[96958]: ::1 - - [12/Dec/2025:03:40:12 +0000] "PUT /1/132295/AUTH_402e63682d3749049fa8edf9e07dfd6e/gnocchi.edae0715-57ba-494d-8844-988c48ef31ac/none_v3" 201 - "PUT https://[::1]:8080/v1/AUTH_402e63682d3749049fa8edf9e07dfd6e/gnocchi.edae0715-57ba-494d-8844-988c48ef31ac/none_v3" "txb622a8b8d841464e999f5-00693b8e9c" "proxy-server 97888" 0.0174 "-" 96958 0
Dec 11 22:40:12 np0005556243.novalocal proxy-server[97888]: ::1 ::1 12/Dec/2025/03/40/12 PUT /v1/AUTH_402e63682d3749049fa8edf9e07dfd6e/gnocchi.edae0715-57ba-494d-8844-988c48ef31ac/none_v3 HTTP/1.0 201 - python-swiftclient-4.8.0 gAAAAABpO450Q4QS... 22 - - txb622a8b8d841464e999f5-00693b8e9c - 0.0303 - - 1765510812.773121834 1765510812.803392410 0 89ff87eb6954479d969b489941791c9f
Dec 11 22:40:12 np0005556243.novalocal container-server[96624]: ::1 - - [12/Dec/2025:03:40:12 +0000] "HEAD /3/249188/AUTH_402e63682d3749049fa8edf9e07dfd6e/gnocchi.f0c9dd78-71ea-4b3a-8101-eb6e1c5a66be" 404 - "HEAD http://[::1]:8080/v1/AUTH_402e63682d3749049fa8edf9e07dfd6e/gnocchi.f0c9dd78-71ea-4b3a-8101-eb6e1c5a66be" "txff5c2768d9d1435c86b71-00693b8e9c" "proxy-server 97888" 0.0003 "-" 96624 0
Dec 11 22:40:12 np0005556243.novalocal container-server[96624]: ::1 - - [12/Dec/2025:03:40:12 +0000] "HEAD /2/249188/AUTH_402e63682d3749049fa8edf9e07dfd6e/gnocchi.f0c9dd78-71ea-4b3a-8101-eb6e1c5a66be" 404 - "HEAD http://[::1]:8080/v1/AUTH_402e63682d3749049fa8edf9e07dfd6e/gnocchi.f0c9dd78-71ea-4b3a-8101-eb6e1c5a66be" "txff5c2768d9d1435c86b71-00693b8e9c" "proxy-server 97888" 0.0003 "-" 96624 0
Dec 11 22:40:12 np0005556243.novalocal container-server[96624]: ::1 - - [12/Dec/2025:03:40:12 +0000] "HEAD /1/249188/AUTH_402e63682d3749049fa8edf9e07dfd6e/gnocchi.f0c9dd78-71ea-4b3a-8101-eb6e1c5a66be" 404 - "HEAD http://[::1]:8080/v1/AUTH_402e63682d3749049fa8edf9e07dfd6e/gnocchi.f0c9dd78-71ea-4b3a-8101-eb6e1c5a66be" "txff5c2768d9d1435c86b71-00693b8e9c" "proxy-server 97888" 0.0002 "-" 96624 0
Dec 11 22:40:12 np0005556243.novalocal proxy-server[97888]: - - 12/Dec/2025/03/40/12 HEAD /v1/AUTH_402e63682d3749049fa8edf9e07dfd6e/gnocchi.f0c9dd78-71ea-4b3a-8101-eb6e1c5a66be HTTP/1.0 404 - Swift - - - - txff5c2768d9d1435c86b71-00693b8e9c - 0.0114 CS - 1765510812.839496613 1765510812.850872755 0 -
Dec 11 22:40:12 np0005556243.novalocal object-server[96957]: ::1 - - [12/Dec/2025:03:40:12 +0000] "GET /3/84997/AUTH_402e63682d3749049fa8edf9e07dfd6e/gnocchi.f0c9dd78-71ea-4b3a-8101-eb6e1c5a66be/none_v3" 404 70 "GET https://[::1]:8080/v1/AUTH_402e63682d3749049fa8edf9e07dfd6e/gnocchi.f0c9dd78-71ea-4b3a-8101-eb6e1c5a66be/none_v3" "txff5c2768d9d1435c86b71-00693b8e9c" "proxy-server 97888" 0.0005 "-" 96957 0
Dec 11 22:40:12 np0005556243.novalocal object-server[96957]: ::1 - - [12/Dec/2025:03:40:12 +0000] "GET /2/84997/AUTH_402e63682d3749049fa8edf9e07dfd6e/gnocchi.f0c9dd78-71ea-4b3a-8101-eb6e1c5a66be/none_v3" 404 70 "GET https://[::1]:8080/v1/AUTH_402e63682d3749049fa8edf9e07dfd6e/gnocchi.f0c9dd78-71ea-4b3a-8101-eb6e1c5a66be/none_v3" "txff5c2768d9d1435c86b71-00693b8e9c" "proxy-server 97888" 0.0002 "-" 96957 0
Dec 11 22:40:12 np0005556243.novalocal object-server[96958]: ::1 - - [12/Dec/2025:03:40:12 +0000] "GET /1/84997/AUTH_402e63682d3749049fa8edf9e07dfd6e/gnocchi.f0c9dd78-71ea-4b3a-8101-eb6e1c5a66be/none_v3" 404 70 "GET https://[::1]:8080/v1/AUTH_402e63682d3749049fa8edf9e07dfd6e/gnocchi.f0c9dd78-71ea-4b3a-8101-eb6e1c5a66be/none_v3" "txff5c2768d9d1435c86b71-00693b8e9c" "proxy-server 97888" 0.0005 "-" 96958 0
Dec 11 22:40:12 np0005556243.novalocal proxy-server[97888]: ::1 ::1 12/Dec/2025/03/40/12 GET /v1/AUTH_402e63682d3749049fa8edf9e07dfd6e/gnocchi.f0c9dd78-71ea-4b3a-8101-eb6e1c5a66be/none_v3 HTTP/1.0 404 - python-swiftclient-4.8.0 gAAAAABpO450Q4QS... - 70 - txff5c2768d9d1435c86b71-00693b8e9c - 0.0295 - - 1765510812.838394642 1765510812.867864370 0 89ff87eb6954479d969b489941791c9f
Dec 11 22:40:12 np0005556243.novalocal account-server[96332]: ::1 - - [12/Dec/2025:03:40:12 +0000] "PUT /2/88245/AUTH_402e63682d3749049fa8edf9e07dfd6e/gnocchi.f0c9dd78-71ea-4b3a-8101-eb6e1c5a66be" 201 - "PUT http://[::1]:6001/2/249188/AUTH_402e63682d3749049fa8edf9e07dfd6e/gnocchi.f0c9dd78-71ea-4b3a-8101-eb6e1c5a66be" "txb027854bb2c74f45984ad-00693b8e9c" "container-server 96624" 0.0082 "-" 96332 0
Dec 11 22:40:12 np0005556243.novalocal account-server[96331]: ::1 - - [12/Dec/2025:03:40:12 +0000] "PUT /1/88245/AUTH_402e63682d3749049fa8edf9e07dfd6e/gnocchi.f0c9dd78-71ea-4b3a-8101-eb6e1c5a66be" 201 - "PUT http://[::1]:6001/1/249188/AUTH_402e63682d3749049fa8edf9e07dfd6e/gnocchi.f0c9dd78-71ea-4b3a-8101-eb6e1c5a66be" "txb027854bb2c74f45984ad-00693b8e9c" "container-server 96625" 0.0071 "-" 96331 0
Dec 11 22:40:12 np0005556243.novalocal container-server[96624]: ::1 - - [12/Dec/2025:03:40:12 +0000] "PUT /2/249188/AUTH_402e63682d3749049fa8edf9e07dfd6e/gnocchi.f0c9dd78-71ea-4b3a-8101-eb6e1c5a66be" 201 - "PUT https://[::1]:8080/v1/AUTH_402e63682d3749049fa8edf9e07dfd6e/gnocchi.f0c9dd78-71ea-4b3a-8101-eb6e1c5a66be" "txb027854bb2c74f45984ad-00693b8e9c" "proxy-server 97888" 0.0263 "-" 96624 0
Dec 11 22:40:12 np0005556243.novalocal container-server[96625]: ::1 - - [12/Dec/2025:03:40:12 +0000] "PUT /1/249188/AUTH_402e63682d3749049fa8edf9e07dfd6e/gnocchi.f0c9dd78-71ea-4b3a-8101-eb6e1c5a66be" 201 - "PUT https://[::1]:8080/v1/AUTH_402e63682d3749049fa8edf9e07dfd6e/gnocchi.f0c9dd78-71ea-4b3a-8101-eb6e1c5a66be" "txb027854bb2c74f45984ad-00693b8e9c" "proxy-server 97888" 0.0266 "-" 96625 0
Dec 11 22:40:12 np0005556243.novalocal account-server[96332]: ::1 - - [12/Dec/2025:03:40:12 +0000] "PUT /3/88245/AUTH_402e63682d3749049fa8edf9e07dfd6e/gnocchi.f0c9dd78-71ea-4b3a-8101-eb6e1c5a66be" 201 - "PUT http://[::1]:6001/3/249188/AUTH_402e63682d3749049fa8edf9e07dfd6e/gnocchi.f0c9dd78-71ea-4b3a-8101-eb6e1c5a66be" "txb027854bb2c74f45984ad-00693b8e9c" "container-server 96624" 0.0055 "-" 96332 0
Dec 11 22:40:12 np0005556243.novalocal container-server[96624]: ::1 - - [12/Dec/2025:03:40:12 +0000] "PUT /3/249188/AUTH_402e63682d3749049fa8edf9e07dfd6e/gnocchi.f0c9dd78-71ea-4b3a-8101-eb6e1c5a66be" 201 - "PUT https://[::1]:8080/v1/AUTH_402e63682d3749049fa8edf9e07dfd6e/gnocchi.f0c9dd78-71ea-4b3a-8101-eb6e1c5a66be" "txb027854bb2c74f45984ad-00693b8e9c" "proxy-server 97888" 0.0199 "-" 96624 0
Dec 11 22:40:12 np0005556243.novalocal proxy-server[97888]: ::1 ::1 12/Dec/2025/03/40/12 PUT /v1/AUTH_402e63682d3749049fa8edf9e07dfd6e/gnocchi.f0c9dd78-71ea-4b3a-8101-eb6e1c5a66be HTTP/1.0 201 - python-swiftclient-4.8.0 gAAAAABpO450Q4QS... - - - txb027854bb2c74f45984ad-00693b8e9c - 0.0447 - - 1765510812.871096373 1765510812.915831327 0 89ff87eb6954479d969b489941791c9f
Dec 11 22:40:12 np0005556243.novalocal container-server[96624]: ::1 - - [12/Dec/2025:03:40:12 +0000] "HEAD /2/249188/AUTH_402e63682d3749049fa8edf9e07dfd6e/gnocchi.f0c9dd78-71ea-4b3a-8101-eb6e1c5a66be" 204 - "HEAD http://[::1]:8080/v1/AUTH_402e63682d3749049fa8edf9e07dfd6e/gnocchi.f0c9dd78-71ea-4b3a-8101-eb6e1c5a66be" "tx27005d023d204b0e96e4f-00693b8e9c" "proxy-server 97888" 0.0017 "-" 96624 0
Dec 11 22:40:12 np0005556243.novalocal proxy-server[97888]: - - 12/Dec/2025/03/40/12 HEAD /v1/AUTH_402e63682d3749049fa8edf9e07dfd6e/gnocchi.f0c9dd78-71ea-4b3a-8101-eb6e1c5a66be HTTP/1.0 204 - Swift - - - - tx27005d023d204b0e96e4f-00693b8e9c - 0.0063 CS - 1765510812.922737122 1765510812.929003000 0 -
Dec 11 22:40:12 np0005556243.novalocal container-server[96625]: ::1 - - [12/Dec/2025:03:40:12 +0000] "GET /1/249188/AUTH_402e63682d3749049fa8edf9e07dfd6e/gnocchi.f0c9dd78-71ea-4b3a-8101-eb6e1c5a66be" 200 2 "GET https://[::1]:8080/v1/AUTH_402e63682d3749049fa8edf9e07dfd6e/gnocchi.f0c9dd78-71ea-4b3a-8101-eb6e1c5a66be?format=json&states=listing" "tx27005d023d204b0e96e4f-00693b8e9c" "proxy-server 97888" 0.0046 "-" 96625 0
Dec 11 22:40:12 np0005556243.novalocal proxy-server[97888]: ::1 ::1 12/Dec/2025/03/40/12 GET /v1/AUTH_402e63682d3749049fa8edf9e07dfd6e/gnocchi.f0c9dd78-71ea-4b3a-8101-eb6e1c5a66be%3Fformat%3Djson%26states%3Dlisting HTTP/1.0 200 - python-swiftclient-4.8.0 gAAAAABpO450Q4QS... - 2 - tx27005d023d204b0e96e4f-00693b8e9c - 0.0310 - - 1765510812.921734810 1765510812.952757359 0 89ff87eb6954479d969b489941791c9f
Dec 11 22:40:12 np0005556243.novalocal object-server[96957]: ::1 - - [12/Dec/2025:03:40:12 +0000] "GET /2/46632/AUTH_402e63682d3749049fa8edf9e07dfd6e/gnocchi.f0c9dd78-71ea-4b3a-8101-eb6e1c5a66be/1764720000.0_mean_300.0_v3" 404 70 "GET https://[::1]:8080/v1/AUTH_402e63682d3749049fa8edf9e07dfd6e/gnocchi.f0c9dd78-71ea-4b3a-8101-eb6e1c5a66be/1764720000.0_mean_300.0_v3" "txb2e93a6ae2a64e15be656-00693b8e9c" "proxy-server 97888" 0.0006 "-" 96957 0
Dec 11 22:40:12 np0005556243.novalocal object-server[96958]: ::1 - - [12/Dec/2025:03:40:12 +0000] "GET /1/46632/AUTH_402e63682d3749049fa8edf9e07dfd6e/gnocchi.f0c9dd78-71ea-4b3a-8101-eb6e1c5a66be/1764720000.0_mean_300.0_v3" 404 70 "GET https://[::1]:8080/v1/AUTH_402e63682d3749049fa8edf9e07dfd6e/gnocchi.f0c9dd78-71ea-4b3a-8101-eb6e1c5a66be/1764720000.0_mean_300.0_v3" "txb2e93a6ae2a64e15be656-00693b8e9c" "proxy-server 97888" 0.0005 "-" 96958 0
Dec 11 22:40:12 np0005556243.novalocal object-server[96957]: ::1 - - [12/Dec/2025:03:40:12 +0000] "GET /3/46632/AUTH_402e63682d3749049fa8edf9e07dfd6e/gnocchi.f0c9dd78-71ea-4b3a-8101-eb6e1c5a66be/1764720000.0_mean_300.0_v3" 404 70 "GET https://[::1]:8080/v1/AUTH_402e63682d3749049fa8edf9e07dfd6e/gnocchi.f0c9dd78-71ea-4b3a-8101-eb6e1c5a66be/1764720000.0_mean_300.0_v3" "txb2e93a6ae2a64e15be656-00693b8e9c" "proxy-server 97888" 0.0004 "-" 96957 0
Dec 11 22:40:12 np0005556243.novalocal proxy-server[97888]: ::1 ::1 12/Dec/2025/03/40/12 GET /v1/AUTH_402e63682d3749049fa8edf9e07dfd6e/gnocchi.f0c9dd78-71ea-4b3a-8101-eb6e1c5a66be/1764720000.0_mean_300.0_v3 HTTP/1.0 404 - python-swiftclient-4.8.0 gAAAAABpO450Q4QS... - 70 - txb2e93a6ae2a64e15be656-00693b8e9c - 0.0210 - - 1765510812.959175587 1765510812.980168343 0 89ff87eb6954479d969b489941791c9f
Dec 11 22:40:13 np0005556243.novalocal container-server[96624]: ::1 - - [12/Dec/2025:03:40:13 +0000] "PUT /3/249188/AUTH_402e63682d3749049fa8edf9e07dfd6e/gnocchi.f0c9dd78-71ea-4b3a-8101-eb6e1c5a66be/1764720000.0_mean_300.0_v3" 201 - "PUT http://[::1]:8080/2/46632/AUTH_402e63682d3749049fa8edf9e07dfd6e/gnocchi.f0c9dd78-71ea-4b3a-8101-eb6e1c5a66be/1764720000.0_mean_300.0_v3" "txea59bfb3f18b4f1aa22bb-00693b8e9c" "object-server 96957" 0.0005 "-" 96624 0
Dec 11 22:40:13 np0005556243.novalocal container-server[96625]: ::1 - - [12/Dec/2025:03:40:13 +0000] "PUT /1/249188/AUTH_402e63682d3749049fa8edf9e07dfd6e/gnocchi.f0c9dd78-71ea-4b3a-8101-eb6e1c5a66be/1764720000.0_mean_300.0_v3" 201 - "PUT http://[::1]:8080/3/46632/AUTH_402e63682d3749049fa8edf9e07dfd6e/gnocchi.f0c9dd78-71ea-4b3a-8101-eb6e1c5a66be/1764720000.0_mean_300.0_v3" "txea59bfb3f18b4f1aa22bb-00693b8e9c" "object-server 96957" 0.0009 "-" 96625 0
Dec 11 22:40:13 np0005556243.novalocal object-server[96957]: ::1 - - [12/Dec/2025:03:40:13 +0000] "PUT /2/46632/AUTH_402e63682d3749049fa8edf9e07dfd6e/gnocchi.f0c9dd78-71ea-4b3a-8101-eb6e1c5a66be/1764720000.0_mean_300.0_v3" 201 - "PUT https://[::1]:8080/v1/AUTH_402e63682d3749049fa8edf9e07dfd6e/gnocchi.f0c9dd78-71ea-4b3a-8101-eb6e1c5a66be/1764720000.0_mean_300.0_v3" "txea59bfb3f18b4f1aa22bb-00693b8e9c" "proxy-server 97888" 0.0172 "-" 96957 0
Dec 11 22:40:13 np0005556243.novalocal container-server[96625]: ::1 - - [12/Dec/2025:03:40:13 +0000] "PUT /2/249188/AUTH_402e63682d3749049fa8edf9e07dfd6e/gnocchi.f0c9dd78-71ea-4b3a-8101-eb6e1c5a66be/1764720000.0_mean_300.0_v3" 201 - "PUT http://[::1]:8080/1/46632/AUTH_402e63682d3749049fa8edf9e07dfd6e/gnocchi.f0c9dd78-71ea-4b3a-8101-eb6e1c5a66be/1764720000.0_mean_300.0_v3" "txea59bfb3f18b4f1aa22bb-00693b8e9c" "object-server 96957" 0.0007 "-" 96625 0
Dec 11 22:40:13 np0005556243.novalocal object-server[96957]: ::1 - - [12/Dec/2025:03:40:13 +0000] "PUT /3/46632/AUTH_402e63682d3749049fa8edf9e07dfd6e/gnocchi.f0c9dd78-71ea-4b3a-8101-eb6e1c5a66be/1764720000.0_mean_300.0_v3" 201 - "PUT https://[::1]:8080/v1/AUTH_402e63682d3749049fa8edf9e07dfd6e/gnocchi.f0c9dd78-71ea-4b3a-8101-eb6e1c5a66be/1764720000.0_mean_300.0_v3" "txea59bfb3f18b4f1aa22bb-00693b8e9c" "proxy-server 97888" 0.0252 "-" 96957 0
Dec 11 22:40:13 np0005556243.novalocal object-server[96957]: ::1 - - [12/Dec/2025:03:40:13 +0000] "PUT /1/46632/AUTH_402e63682d3749049fa8edf9e07dfd6e/gnocchi.f0c9dd78-71ea-4b3a-8101-eb6e1c5a66be/1764720000.0_mean_300.0_v3" 201 - "PUT https://[::1]:8080/v1/AUTH_402e63682d3749049fa8edf9e07dfd6e/gnocchi.f0c9dd78-71ea-4b3a-8101-eb6e1c5a66be/1764720000.0_mean_300.0_v3" "txea59bfb3f18b4f1aa22bb-00693b8e9c" "proxy-server 97888" 0.0242 "-" 96957 0
Dec 11 22:40:13 np0005556243.novalocal proxy-server[97888]: ::1 ::1 12/Dec/2025/03/40/13 PUT /v1/AUTH_402e63682d3749049fa8edf9e07dfd6e/gnocchi.f0c9dd78-71ea-4b3a-8101-eb6e1c5a66be/1764720000.0_mean_300.0_v3 HTTP/1.0 201 - python-swiftclient-4.8.0 gAAAAABpO450Q4QS... 16 - - txea59bfb3f18b4f1aa22bb-00693b8e9c - 0.0430 - - 1765510812.985075474 1765510813.028047085 0 89ff87eb6954479d969b489941791c9f
Dec 11 22:40:13 np0005556243.novalocal container-server[96624]: ::1 - - [12/Dec/2025:03:40:13 +0000] "PUT /3/249188/AUTH_402e63682d3749049fa8edf9e07dfd6e/gnocchi.f0c9dd78-71ea-4b3a-8101-eb6e1c5a66be/none_v3" 201 - "PUT http://[::1]:8080/3/84997/AUTH_402e63682d3749049fa8edf9e07dfd6e/gnocchi.f0c9dd78-71ea-4b3a-8101-eb6e1c5a66be/none_v3" "txbb8768d8e1be4805a53ad-00693b8e9d" "object-server 96958" 0.0006 "-" 96624 0
Dec 11 22:40:13 np0005556243.novalocal container-server[96625]: ::1 - - [12/Dec/2025:03:40:13 +0000] "PUT /2/249188/AUTH_402e63682d3749049fa8edf9e07dfd6e/gnocchi.f0c9dd78-71ea-4b3a-8101-eb6e1c5a66be/none_v3" 201 - "PUT http://[::1]:8080/1/84997/AUTH_402e63682d3749049fa8edf9e07dfd6e/gnocchi.f0c9dd78-71ea-4b3a-8101-eb6e1c5a66be/none_v3" "txbb8768d8e1be4805a53ad-00693b8e9d" "object-server 96957" 0.0008 "-" 96625 0
Dec 11 22:40:13 np0005556243.novalocal container-server[96624]: ::1 - - [12/Dec/2025:03:40:13 +0000] "PUT /1/249188/AUTH_402e63682d3749049fa8edf9e07dfd6e/gnocchi.f0c9dd78-71ea-4b3a-8101-eb6e1c5a66be/none_v3" 201 - "PUT http://[::1]:8080/2/84997/AUTH_402e63682d3749049fa8edf9e07dfd6e/gnocchi.f0c9dd78-71ea-4b3a-8101-eb6e1c5a66be/none_v3" "txbb8768d8e1be4805a53ad-00693b8e9d" "object-server 96958" 0.0004 "-" 96624 0
Dec 11 22:40:13 np0005556243.novalocal object-server[96958]: ::1 - - [12/Dec/2025:03:40:13 +0000] "PUT /3/84997/AUTH_402e63682d3749049fa8edf9e07dfd6e/gnocchi.f0c9dd78-71ea-4b3a-8101-eb6e1c5a66be/none_v3" 201 - "PUT https://[::1]:8080/v1/AUTH_402e63682d3749049fa8edf9e07dfd6e/gnocchi.f0c9dd78-71ea-4b3a-8101-eb6e1c5a66be/none_v3" "txbb8768d8e1be4805a53ad-00693b8e9d" "proxy-server 97888" 0.0187 "-" 96958 0
Dec 11 22:40:13 np0005556243.novalocal object-server[96958]: ::1 - - [12/Dec/2025:03:40:13 +0000] "PUT /2/84997/AUTH_402e63682d3749049fa8edf9e07dfd6e/gnocchi.f0c9dd78-71ea-4b3a-8101-eb6e1c5a66be/none_v3" 201 - "PUT https://[::1]:8080/v1/AUTH_402e63682d3749049fa8edf9e07dfd6e/gnocchi.f0c9dd78-71ea-4b3a-8101-eb6e1c5a66be/none_v3" "txbb8768d8e1be4805a53ad-00693b8e9d" "proxy-server 97888" 0.0179 "-" 96958 0
Dec 11 22:40:13 np0005556243.novalocal object-server[96957]: ::1 - - [12/Dec/2025:03:40:13 +0000] "PUT /1/84997/AUTH_402e63682d3749049fa8edf9e07dfd6e/gnocchi.f0c9dd78-71ea-4b3a-8101-eb6e1c5a66be/none_v3" 201 - "PUT https://[::1]:8080/v1/AUTH_402e63682d3749049fa8edf9e07dfd6e/gnocchi.f0c9dd78-71ea-4b3a-8101-eb6e1c5a66be/none_v3" "txbb8768d8e1be4805a53ad-00693b8e9d" "proxy-server 97888" 0.0215 "-" 96957 0
Dec 11 22:40:13 np0005556243.novalocal proxy-server[97888]: ::1 ::1 12/Dec/2025/03/40/13 PUT /v1/AUTH_402e63682d3749049fa8edf9e07dfd6e/gnocchi.f0c9dd78-71ea-4b3a-8101-eb6e1c5a66be/none_v3 HTTP/1.0 201 - python-swiftclient-4.8.0 gAAAAABpO450Q4QS... 22 - - txbb8768d8e1be4805a53ad-00693b8e9d - 0.0345 - - 1765510813.033499241 1765510813.068029165 0 89ff87eb6954479d969b489941791c9f
Dec 11 22:40:13 np0005556243.novalocal container-server[96625]: ::1 - - [12/Dec/2025:03:40:13 +0000] "HEAD /3/142311/AUTH_402e63682d3749049fa8edf9e07dfd6e/gnocchi.bc8aa69d-508c-4207-8410-241207aa00ca" 404 - "HEAD http://[::1]:8080/v1/AUTH_402e63682d3749049fa8edf9e07dfd6e/gnocchi.bc8aa69d-508c-4207-8410-241207aa00ca" "tx8df152546bf74db5a98cb-00693b8e9d" "proxy-server 97888" 0.0005 "-" 96625 0
Dec 11 22:40:13 np0005556243.novalocal container-server[96624]: ::1 - - [12/Dec/2025:03:40:13 +0000] "HEAD /2/142311/AUTH_402e63682d3749049fa8edf9e07dfd6e/gnocchi.bc8aa69d-508c-4207-8410-241207aa00ca" 404 - "HEAD http://[::1]:8080/v1/AUTH_402e63682d3749049fa8edf9e07dfd6e/gnocchi.bc8aa69d-508c-4207-8410-241207aa00ca" "tx8df152546bf74db5a98cb-00693b8e9d" "proxy-server 97888" 0.0004 "-" 96624 0
Dec 11 22:40:13 np0005556243.novalocal container-server[96624]: ::1 - - [12/Dec/2025:03:40:13 +0000] "HEAD /1/142311/AUTH_402e63682d3749049fa8edf9e07dfd6e/gnocchi.bc8aa69d-508c-4207-8410-241207aa00ca" 404 - "HEAD http://[::1]:8080/v1/AUTH_402e63682d3749049fa8edf9e07dfd6e/gnocchi.bc8aa69d-508c-4207-8410-241207aa00ca" "tx8df152546bf74db5a98cb-00693b8e9d" "proxy-server 97888" 0.0003 "-" 96624 0
Dec 11 22:40:13 np0005556243.novalocal proxy-server[97888]: - - 12/Dec/2025/03/40/13 HEAD /v1/AUTH_402e63682d3749049fa8edf9e07dfd6e/gnocchi.bc8aa69d-508c-4207-8410-241207aa00ca HTTP/1.0 404 - Swift - - - - tx8df152546bf74db5a98cb-00693b8e9d - 0.0144 CS - 1765510813.092355490 1765510813.106716633 0 -
Dec 11 22:40:13 np0005556243.novalocal object-server[96957]: ::1 - - [12/Dec/2025:03:40:13 +0000] "GET /1/122408/AUTH_402e63682d3749049fa8edf9e07dfd6e/gnocchi.bc8aa69d-508c-4207-8410-241207aa00ca/none_v3" 404 70 "GET https://[::1]:8080/v1/AUTH_402e63682d3749049fa8edf9e07dfd6e/gnocchi.bc8aa69d-508c-4207-8410-241207aa00ca/none_v3" "tx8df152546bf74db5a98cb-00693b8e9d" "proxy-server 97888" 0.0005 "-" 96957 0
Dec 11 22:40:13 np0005556243.novalocal object-server[96958]: ::1 - - [12/Dec/2025:03:40:13 +0000] "GET /2/122408/AUTH_402e63682d3749049fa8edf9e07dfd6e/gnocchi.bc8aa69d-508c-4207-8410-241207aa00ca/none_v3" 404 70 "GET https://[::1]:8080/v1/AUTH_402e63682d3749049fa8edf9e07dfd6e/gnocchi.bc8aa69d-508c-4207-8410-241207aa00ca/none_v3" "tx8df152546bf74db5a98cb-00693b8e9d" "proxy-server 97888" 0.0005 "-" 96958 0
Dec 11 22:40:13 np0005556243.novalocal object-server[96958]: ::1 - - [12/Dec/2025:03:40:13 +0000] "GET /3/122408/AUTH_402e63682d3749049fa8edf9e07dfd6e/gnocchi.bc8aa69d-508c-4207-8410-241207aa00ca/none_v3" 404 70 "GET https://[::1]:8080/v1/AUTH_402e63682d3749049fa8edf9e07dfd6e/gnocchi.bc8aa69d-508c-4207-8410-241207aa00ca/none_v3" "tx8df152546bf74db5a98cb-00693b8e9d" "proxy-server 97888" 0.0004 "-" 96958 0
Dec 11 22:40:13 np0005556243.novalocal proxy-server[97888]: ::1 ::1 12/Dec/2025/03/40/13 GET /v1/AUTH_402e63682d3749049fa8edf9e07dfd6e/gnocchi.bc8aa69d-508c-4207-8410-241207aa00ca/none_v3 HTTP/1.0 404 - python-swiftclient-4.8.0 gAAAAABpO450Q4QS... - 70 - tx8df152546bf74db5a98cb-00693b8e9d - 0.0370 - - 1765510813.091339111 1765510813.128326654 0 89ff87eb6954479d969b489941791c9f
Dec 11 22:40:13 np0005556243.novalocal account-server[96332]: ::1 - - [12/Dec/2025:03:40:13 +0000] "PUT /1/88245/AUTH_402e63682d3749049fa8edf9e07dfd6e/gnocchi.bc8aa69d-508c-4207-8410-241207aa00ca" 201 - "PUT http://[::1]:6001/3/142311/AUTH_402e63682d3749049fa8edf9e07dfd6e/gnocchi.bc8aa69d-508c-4207-8410-241207aa00ca" "txc6e9ded32b39446689f84-00693b8e9d" "container-server 96624" 0.0048 "-" 96332 0
Dec 11 22:40:13 np0005556243.novalocal container-server[96624]: ::1 - - [12/Dec/2025:03:40:13 +0000] "PUT /3/142311/AUTH_402e63682d3749049fa8edf9e07dfd6e/gnocchi.bc8aa69d-508c-4207-8410-241207aa00ca" 201 - "PUT https://[::1]:8080/v1/AUTH_402e63682d3749049fa8edf9e07dfd6e/gnocchi.bc8aa69d-508c-4207-8410-241207aa00ca" "txc6e9ded32b39446689f84-00693b8e9d" "proxy-server 97888" 0.0180 "-" 96624 0
Dec 11 22:40:13 np0005556243.novalocal account-server[96331]: ::1 - - [12/Dec/2025:03:40:13 +0000] "PUT /2/88245/AUTH_402e63682d3749049fa8edf9e07dfd6e/gnocchi.bc8aa69d-508c-4207-8410-241207aa00ca" 201 - "PUT http://[::1]:6001/2/142311/AUTH_402e63682d3749049fa8edf9e07dfd6e/gnocchi.bc8aa69d-508c-4207-8410-241207aa00ca" "txc6e9ded32b39446689f84-00693b8e9d" "container-server 96625" 0.0070 "-" 96331 0
Dec 11 22:40:13 np0005556243.novalocal container-server[96625]: ::1 - - [12/Dec/2025:03:40:13 +0000] "PUT /2/142311/AUTH_402e63682d3749049fa8edf9e07dfd6e/gnocchi.bc8aa69d-508c-4207-8410-241207aa00ca" 201 - "PUT https://[::1]:8080/v1/AUTH_402e63682d3749049fa8edf9e07dfd6e/gnocchi.bc8aa69d-508c-4207-8410-241207aa00ca" "txc6e9ded32b39446689f84-00693b8e9d" "proxy-server 97888" 0.0252 "-" 96625 0
Dec 11 22:40:13 np0005556243.novalocal account-server[96331]: ::1 - - [12/Dec/2025:03:40:13 +0000] "PUT /3/88245/AUTH_402e63682d3749049fa8edf9e07dfd6e/gnocchi.bc8aa69d-508c-4207-8410-241207aa00ca" 201 - "PUT http://[::1]:6001/1/142311/AUTH_402e63682d3749049fa8edf9e07dfd6e/gnocchi.bc8aa69d-508c-4207-8410-241207aa00ca" "txc6e9ded32b39446689f84-00693b8e9d" "container-server 96625" 0.0087 "-" 96331 0
Dec 11 22:40:13 np0005556243.novalocal container-server[96625]: ::1 - - [12/Dec/2025:03:40:13 +0000] "PUT /1/142311/AUTH_402e63682d3749049fa8edf9e07dfd6e/gnocchi.bc8aa69d-508c-4207-8410-241207aa00ca" 201 - "PUT https://[::1]:8080/v1/AUTH_402e63682d3749049fa8edf9e07dfd6e/gnocchi.bc8aa69d-508c-4207-8410-241207aa00ca" "txc6e9ded32b39446689f84-00693b8e9d" "proxy-server 97888" 0.0190 "-" 96625 0
Dec 11 22:40:13 np0005556243.novalocal proxy-server[97888]: ::1 ::1 12/Dec/2025/03/40/13 PUT /v1/AUTH_402e63682d3749049fa8edf9e07dfd6e/gnocchi.bc8aa69d-508c-4207-8410-241207aa00ca HTTP/1.0 201 - python-swiftclient-4.8.0 gAAAAABpO450Q4QS... - - - txc6e9ded32b39446689f84-00693b8e9d - 0.0488 - - 1765510813.131560564 1765510813.180377007 0 89ff87eb6954479d969b489941791c9f
Dec 11 22:40:13 np0005556243.novalocal container-server[96624]: ::1 - - [12/Dec/2025:03:40:13 +0000] "HEAD /1/142311/AUTH_402e63682d3749049fa8edf9e07dfd6e/gnocchi.bc8aa69d-508c-4207-8410-241207aa00ca" 204 - "HEAD http://[::1]:8080/v1/AUTH_402e63682d3749049fa8edf9e07dfd6e/gnocchi.bc8aa69d-508c-4207-8410-241207aa00ca" "tx8471cd7c2521426d8e0b0-00693b8e9d" "proxy-server 97888" 0.0027 "-" 96624 0
Dec 11 22:40:13 np0005556243.novalocal proxy-server[97888]: - - 12/Dec/2025/03/40/13 HEAD /v1/AUTH_402e63682d3749049fa8edf9e07dfd6e/gnocchi.bc8aa69d-508c-4207-8410-241207aa00ca HTTP/1.0 204 - Swift - - - - tx8471cd7c2521426d8e0b0-00693b8e9d - 0.0089 CS - 1765510813.186853647 1765510813.195767879 0 -
Dec 11 22:40:13 np0005556243.novalocal container-server[96625]: ::1 - - [12/Dec/2025:03:40:13 +0000] "GET /3/142311/AUTH_402e63682d3749049fa8edf9e07dfd6e/gnocchi.bc8aa69d-508c-4207-8410-241207aa00ca" 200 2 "GET https://[::1]:8080/v1/AUTH_402e63682d3749049fa8edf9e07dfd6e/gnocchi.bc8aa69d-508c-4207-8410-241207aa00ca?format=json&states=listing" "tx8471cd7c2521426d8e0b0-00693b8e9d" "proxy-server 97888" 0.0042 "-" 96625 0
Dec 11 22:40:13 np0005556243.novalocal proxy-server[97888]: ::1 ::1 12/Dec/2025/03/40/13 GET /v1/AUTH_402e63682d3749049fa8edf9e07dfd6e/gnocchi.bc8aa69d-508c-4207-8410-241207aa00ca%3Fformat%3Djson%26states%3Dlisting HTTP/1.0 200 - python-swiftclient-4.8.0 gAAAAABpO450Q4QS... - 2 - tx8471cd7c2521426d8e0b0-00693b8e9d - 0.0242 - - 1765510813.185821772 1765510813.209986210 0 89ff87eb6954479d969b489941791c9f
Dec 11 22:40:13 np0005556243.novalocal object-server[96957]: ::1 - - [12/Dec/2025:03:40:13 +0000] "GET /2/24722/AUTH_402e63682d3749049fa8edf9e07dfd6e/gnocchi.bc8aa69d-508c-4207-8410-241207aa00ca/1764720000.0_mean_300.0_v3" 404 70 "GET https://[::1]:8080/v1/AUTH_402e63682d3749049fa8edf9e07dfd6e/gnocchi.bc8aa69d-508c-4207-8410-241207aa00ca/1764720000.0_mean_300.0_v3" "txc0e2cbe2dbf944429ce17-00693b8e9d" "proxy-server 97888" 0.0005 "-" 96957 0
Dec 11 22:40:13 np0005556243.novalocal object-server[96957]: ::1 - - [12/Dec/2025:03:40:13 +0000] "GET /1/24722/AUTH_402e63682d3749049fa8edf9e07dfd6e/gnocchi.bc8aa69d-508c-4207-8410-241207aa00ca/1764720000.0_mean_300.0_v3" 404 70 "GET https://[::1]:8080/v1/AUTH_402e63682d3749049fa8edf9e07dfd6e/gnocchi.bc8aa69d-508c-4207-8410-241207aa00ca/1764720000.0_mean_300.0_v3" "txc0e2cbe2dbf944429ce17-00693b8e9d" "proxy-server 97888" 0.0004 "-" 96957 0
Dec 11 22:40:13 np0005556243.novalocal object-server[96957]: ::1 - - [12/Dec/2025:03:40:13 +0000] "GET /3/24722/AUTH_402e63682d3749049fa8edf9e07dfd6e/gnocchi.bc8aa69d-508c-4207-8410-241207aa00ca/1764720000.0_mean_300.0_v3" 404 70 "GET https://[::1]:8080/v1/AUTH_402e63682d3749049fa8edf9e07dfd6e/gnocchi.bc8aa69d-508c-4207-8410-241207aa00ca/1764720000.0_mean_300.0_v3" "txc0e2cbe2dbf944429ce17-00693b8e9d" "proxy-server 97888" 0.0003 "-" 96957 0
Dec 11 22:40:13 np0005556243.novalocal proxy-server[97888]: ::1 ::1 12/Dec/2025/03/40/13 GET /v1/AUTH_402e63682d3749049fa8edf9e07dfd6e/gnocchi.bc8aa69d-508c-4207-8410-241207aa00ca/1764720000.0_mean_300.0_v3 HTTP/1.0 404 - python-swiftclient-4.8.0 gAAAAABpO450Q4QS... - 70 - txc0e2cbe2dbf944429ce17-00693b8e9d - 0.0171 - - 1765510813.214894772 1765510813.232022047 0 89ff87eb6954479d969b489941791c9f
Dec 11 22:40:13 np0005556243.novalocal container-server[96625]: ::1 - - [12/Dec/2025:03:40:13 +0000] "PUT /3/142311/AUTH_402e63682d3749049fa8edf9e07dfd6e/gnocchi.bc8aa69d-508c-4207-8410-241207aa00ca/1764720000.0_mean_300.0_v3" 201 - "PUT http://[::1]:8080/1/24722/AUTH_402e63682d3749049fa8edf9e07dfd6e/gnocchi.bc8aa69d-508c-4207-8410-241207aa00ca/1764720000.0_mean_300.0_v3" "tx9b3520d2d6d0414aa9a62-00693b8e9d" "object-server 96957" 0.0009 "-" 96625 0
Dec 11 22:40:13 np0005556243.novalocal object-server[96957]: ::1 - - [12/Dec/2025:03:40:13 +0000] "PUT /1/24722/AUTH_402e63682d3749049fa8edf9e07dfd6e/gnocchi.bc8aa69d-508c-4207-8410-241207aa00ca/1764720000.0_mean_300.0_v3" 201 - "PUT https://[::1]:8080/v1/AUTH_402e63682d3749049fa8edf9e07dfd6e/gnocchi.bc8aa69d-508c-4207-8410-241207aa00ca/1764720000.0_mean_300.0_v3" "tx9b3520d2d6d0414aa9a62-00693b8e9d" "proxy-server 97888" 0.0185 "-" 96957 0
Dec 11 22:40:13 np0005556243.novalocal container-server[96624]: ::1 - - [12/Dec/2025:03:40:13 +0000] "PUT /1/142311/AUTH_402e63682d3749049fa8edf9e07dfd6e/gnocchi.bc8aa69d-508c-4207-8410-241207aa00ca/1764720000.0_mean_300.0_v3" 201 - "PUT http://[::1]:8080/3/24722/AUTH_402e63682d3749049fa8edf9e07dfd6e/gnocchi.bc8aa69d-508c-4207-8410-241207aa00ca/1764720000.0_mean_300.0_v3" "tx9b3520d2d6d0414aa9a62-00693b8e9d" "object-server 96958" 0.0011 "-" 96624 0
Dec 11 22:40:13 np0005556243.novalocal object-server[96958]: ::1 - - [12/Dec/2025:03:40:13 +0000] "PUT /3/24722/AUTH_402e63682d3749049fa8edf9e07dfd6e/gnocchi.bc8aa69d-508c-4207-8410-241207aa00ca/1764720000.0_mean_300.0_v3" 201 - "PUT https://[::1]:8080/v1/AUTH_402e63682d3749049fa8edf9e07dfd6e/gnocchi.bc8aa69d-508c-4207-8410-241207aa00ca/1764720000.0_mean_300.0_v3" "tx9b3520d2d6d0414aa9a62-00693b8e9d" "proxy-server 97888" 0.0213 "-" 96958 0
Dec 11 22:40:13 np0005556243.novalocal container-server[96624]: ::1 - - [12/Dec/2025:03:40:13 +0000] "PUT /2/142311/AUTH_402e63682d3749049fa8edf9e07dfd6e/gnocchi.bc8aa69d-508c-4207-8410-241207aa00ca/1764720000.0_mean_300.0_v3" 201 - "PUT http://[::1]:8080/2/24722/AUTH_402e63682d3749049fa8edf9e07dfd6e/gnocchi.bc8aa69d-508c-4207-8410-241207aa00ca/1764720000.0_mean_300.0_v3" "tx9b3520d2d6d0414aa9a62-00693b8e9d" "object-server 96958" 0.0009 "-" 96624 0
Dec 11 22:40:13 np0005556243.novalocal object-server[96958]: ::1 - - [12/Dec/2025:03:40:13 +0000] "PUT /2/24722/AUTH_402e63682d3749049fa8edf9e07dfd6e/gnocchi.bc8aa69d-508c-4207-8410-241207aa00ca/1764720000.0_mean_300.0_v3" 201 - "PUT https://[::1]:8080/v1/AUTH_402e63682d3749049fa8edf9e07dfd6e/gnocchi.bc8aa69d-508c-4207-8410-241207aa00ca/1764720000.0_mean_300.0_v3" "tx9b3520d2d6d0414aa9a62-00693b8e9d" "proxy-server 97888" 0.0226 "-" 96958 0
Dec 11 22:40:13 np0005556243.novalocal proxy-server[97888]: ::1 ::1 12/Dec/2025/03/40/13 PUT /v1/AUTH_402e63682d3749049fa8edf9e07dfd6e/gnocchi.bc8aa69d-508c-4207-8410-241207aa00ca/1764720000.0_mean_300.0_v3 HTTP/1.0 201 - python-swiftclient-4.8.0 gAAAAABpO450Q4QS... 16 - - tx9b3520d2d6d0414aa9a62-00693b8e9d - 0.0382 - - 1765510813.236354828 1765510813.274506807 0 89ff87eb6954479d969b489941791c9f
Dec 11 22:40:13 np0005556243.novalocal container-server[96625]: ::1 - - [12/Dec/2025:03:40:13 +0000] "PUT /2/142311/AUTH_402e63682d3749049fa8edf9e07dfd6e/gnocchi.bc8aa69d-508c-4207-8410-241207aa00ca/none_v3" 201 - "PUT http://[::1]:8080/1/122408/AUTH_402e63682d3749049fa8edf9e07dfd6e/gnocchi.bc8aa69d-508c-4207-8410-241207aa00ca/none_v3" "tx15ab135866004290b95f4-00693b8e9d" "object-server 96957" 0.0008 "-" 96625 0
Dec 11 22:40:13 np0005556243.novalocal object-server[96957]: ::1 - - [12/Dec/2025:03:40:13 +0000] "PUT /1/122408/AUTH_402e63682d3749049fa8edf9e07dfd6e/gnocchi.bc8aa69d-508c-4207-8410-241207aa00ca/none_v3" 201 - "PUT https://[::1]:8080/v1/AUTH_402e63682d3749049fa8edf9e07dfd6e/gnocchi.bc8aa69d-508c-4207-8410-241207aa00ca/none_v3" "tx15ab135866004290b95f4-00693b8e9d" "proxy-server 97888" 0.0137 "-" 96957 0
Dec 11 22:40:13 np0005556243.novalocal container-server[96625]: ::1 - - [12/Dec/2025:03:40:13 +0000] "PUT /3/142311/AUTH_402e63682d3749049fa8edf9e07dfd6e/gnocchi.bc8aa69d-508c-4207-8410-241207aa00ca/none_v3" 201 - "PUT http://[::1]:8080/2/122408/AUTH_402e63682d3749049fa8edf9e07dfd6e/gnocchi.bc8aa69d-508c-4207-8410-241207aa00ca/none_v3" "tx15ab135866004290b95f4-00693b8e9d" "object-server 96958" 0.0006 "-" 96625 0
Dec 11 22:40:13 np0005556243.novalocal object-server[96958]: ::1 - - [12/Dec/2025:03:40:13 +0000] "PUT /2/122408/AUTH_402e63682d3749049fa8edf9e07dfd6e/gnocchi.bc8aa69d-508c-4207-8410-241207aa00ca/none_v3" 201 - "PUT https://[::1]:8080/v1/AUTH_402e63682d3749049fa8edf9e07dfd6e/gnocchi.bc8aa69d-508c-4207-8410-241207aa00ca/none_v3" "tx15ab135866004290b95f4-00693b8e9d" "proxy-server 97888" 0.0163 "-" 96958 0
