Dec 11 22:39:43 np0005556243.novalocal object-server[96958]: ::1 - - [12/Dec/2025:03:39:43 +0000] "PUT /1/131154/AUTH_402e63682d3749049fa8edf9e07dfd6e/gnocchi.6de57897-f21e-4239-a276-f713af07997e/1764720000.0_mean_300.0_v3" 201 - "PUT https://[::1]:8080/v1/AUTH_402e63682d3749049fa8edf9e07dfd6e/gnocchi.6de57897-f21e-4239-a276-f713af07997e/1764720000.0_mean_300.0_v3" "tx75ab1a8f373547c0a9f64-00693b8e7f" "proxy-server 97888" 0.0132 "-" 96958 0
Dec 11 22:39:43 np0005556243.novalocal proxy-server[97888]: ::1 ::1 12/Dec/2025/03/39/43 PUT /v1/AUTH_402e63682d3749049fa8edf9e07dfd6e/gnocchi.6de57897-f21e-4239-a276-f713af07997e/1764720000.0_mean_300.0_v3 HTTP/1.0 201 - python-swiftclient-4.8.0 gAAAAABpO450Q4QS... 16 - - tx75ab1a8f373547c0a9f64-00693b8e7f - 0.0260 - - 1765510783.049329042 1765510783.075322151 0 89ff87eb6954479d969b489941791c9f
Dec 11 22:39:43 np0005556243.novalocal container-server[96624]: ::1 - - [12/Dec/2025:03:39:43 +0000] "PUT /3/90057/AUTH_402e63682d3749049fa8edf9e07dfd6e/gnocchi.6de57897-f21e-4239-a276-f713af07997e/none_v3" 201 - "PUT http://[::1]:8080/1/17429/AUTH_402e63682d3749049fa8edf9e07dfd6e/gnocchi.6de57897-f21e-4239-a276-f713af07997e/none_v3" "tx7f2c00f263aa4fdc8554d-00693b8e7f" "object-server 96957" 0.0008 "-" 96624 0
Dec 11 22:39:43 np0005556243.novalocal object-server[96957]: ::1 - - [12/Dec/2025:03:39:43 +0000] "PUT /1/17429/AUTH_402e63682d3749049fa8edf9e07dfd6e/gnocchi.6de57897-f21e-4239-a276-f713af07997e/none_v3" 201 - "PUT https://[::1]:8080/v1/AUTH_402e63682d3749049fa8edf9e07dfd6e/gnocchi.6de57897-f21e-4239-a276-f713af07997e/none_v3" "tx7f2c00f263aa4fdc8554d-00693b8e7f" "proxy-server 97888" 0.0141 "-" 96957 0
Dec 11 22:39:43 np0005556243.novalocal container-server[96624]: ::1 - - [12/Dec/2025:03:39:43 +0000] "PUT /2/90057/AUTH_402e63682d3749049fa8edf9e07dfd6e/gnocchi.6de57897-f21e-4239-a276-f713af07997e/none_v3" 201 - "PUT http://[::1]:8080/3/17429/AUTH_402e63682d3749049fa8edf9e07dfd6e/gnocchi.6de57897-f21e-4239-a276-f713af07997e/none_v3" "tx7f2c00f263aa4fdc8554d-00693b8e7f" "object-server 96958" 0.0007 "-" 96624 0
Dec 11 22:39:43 np0005556243.novalocal object-server[96958]: ::1 - - [12/Dec/2025:03:39:43 +0000] "PUT /3/17429/AUTH_402e63682d3749049fa8edf9e07dfd6e/gnocchi.6de57897-f21e-4239-a276-f713af07997e/none_v3" 201 - "PUT https://[::1]:8080/v1/AUTH_402e63682d3749049fa8edf9e07dfd6e/gnocchi.6de57897-f21e-4239-a276-f713af07997e/none_v3" "tx7f2c00f263aa4fdc8554d-00693b8e7f" "proxy-server 97888" 0.0143 "-" 96958 0
Dec 11 22:39:43 np0005556243.novalocal container-server[96624]: ::1 - - [12/Dec/2025:03:39:43 +0000] "PUT /1/90057/AUTH_402e63682d3749049fa8edf9e07dfd6e/gnocchi.6de57897-f21e-4239-a276-f713af07997e/none_v3" 201 - "PUT http://[::1]:8080/2/17429/AUTH_402e63682d3749049fa8edf9e07dfd6e/gnocchi.6de57897-f21e-4239-a276-f713af07997e/none_v3" "tx7f2c00f263aa4fdc8554d-00693b8e7f" "object-server 96957" 0.0008 "-" 96624 0
Dec 11 22:39:43 np0005556243.novalocal object-server[96957]: ::1 - - [12/Dec/2025:03:39:43 +0000] "PUT /2/17429/AUTH_402e63682d3749049fa8edf9e07dfd6e/gnocchi.6de57897-f21e-4239-a276-f713af07997e/none_v3" 201 - "PUT https://[::1]:8080/v1/AUTH_402e63682d3749049fa8edf9e07dfd6e/gnocchi.6de57897-f21e-4239-a276-f713af07997e/none_v3" "tx7f2c00f263aa4fdc8554d-00693b8e7f" "proxy-server 97888" 0.0195 "-" 96957 0
Dec 11 22:39:43 np0005556243.novalocal proxy-server[97888]: ::1 ::1 12/Dec/2025/03/39/43 PUT /v1/AUTH_402e63682d3749049fa8edf9e07dfd6e/gnocchi.6de57897-f21e-4239-a276-f713af07997e/none_v3 HTTP/1.0 201 - python-swiftclient-4.8.0 gAAAAABpO450Q4QS... 22 - - tx7f2c00f263aa4fdc8554d-00693b8e7f - 0.0307 - - 1765510783.079230309 1765510783.109979153 0 89ff87eb6954479d969b489941791c9f
Dec 11 22:39:43 np0005556243.novalocal account-server[96331]: ::1 - - [12/Dec/2025:03:39:43 +0000] "HEAD /3/249817/.misplaced_objects" 404 - "HEAD http://localhost/v1/.misplaced_objects?format=json" "txd6714471ed5846289c6f9-00693b8e7f" "Swift Container Reconciler" 0.0003 "-" 96331 -
Dec 11 22:39:43 np0005556243.novalocal account-server[96332]: ::1 - - [12/Dec/2025:03:39:43 +0000] "HEAD /2/249817/.misplaced_objects" 404 - "HEAD http://localhost/v1/.misplaced_objects?format=json" "txd6714471ed5846289c6f9-00693b8e7f" "Swift Container Reconciler" 0.0005 "-" 96332 -
Dec 11 22:39:43 np0005556243.novalocal account-server[96331]: ::1 - - [12/Dec/2025:03:39:43 +0000] "HEAD /1/249817/.misplaced_objects" 404 - "HEAD http://localhost/v1/.misplaced_objects?format=json" "txd6714471ed5846289c6f9-00693b8e7f" "Swift Container Reconciler" 0.0002 "-" 96331 -
Dec 11 22:39:43 np0005556243.novalocal container-reconciler-ic[92363]: - - 12/Dec/2025/03/39/43 HEAD /v1/.misplaced_objects%3Fformat%3Djson HTTP/1.0 404 - Swift - - - - txd6714471ed5846289c6f9-00693b8e7f - 0.0119 GET_ACCOUNT_INFO - 1765510783.295419455 1765510783.307323456 - -
Dec 11 22:39:43 np0005556243.novalocal container-server[96624]: ::1 - - [12/Dec/2025:03:39:43 +0000] "GET /2/26681/.misplaced_objects/1765508400" 404 - "GET http://localhost/v1/.misplaced_objects/1765508400?format=json&marker=&end_marker=&prefix=&states=listing" "txd6714471ed5846289c6f9-00693b8e7f" "Swift Container Reconciler" 0.0005 "-" 96624 0
Dec 11 22:39:43 np0005556243.novalocal container-server[96625]: ::1 - - [12/Dec/2025:03:39:43 +0000] "GET /1/26681/.misplaced_objects/1765508400" 404 - "GET http://localhost/v1/.misplaced_objects/1765508400?format=json&marker=&end_marker=&prefix=&states=listing" "txd6714471ed5846289c6f9-00693b8e7f" "Swift Container Reconciler" 0.0004 "-" 96625 0
Dec 11 22:39:43 np0005556243.novalocal container-server[96624]: ::1 - - [12/Dec/2025:03:39:43 +0000] "GET /3/26681/.misplaced_objects/1765508400" 404 - "GET http://localhost/v1/.misplaced_objects/1765508400?format=json&marker=&end_marker=&prefix=&states=listing" "txd6714471ed5846289c6f9-00693b8e7f" "Swift Container Reconciler" 0.0003 "-" 96624 0
Dec 11 22:39:43 np0005556243.novalocal container-reconciler-ic[92363]: - - 12/Dec/2025/03/39/43 GET /v1/.misplaced_objects/1765508400%3Fformat%3Djson%26marker%3D%26end_marker%3D%26prefix%3D%26states%3Dlisting HTTP/1.0 404 - Swift%20Container%20Reconciler - - 70 - txd6714471ed5846289c6f9-00693b8e7f - 0.0248 - - 1765510783.293995619 1765510783.318786144 0 -
Dec 11 22:39:43 np0005556243.novalocal account-server[96332]: ::1 - - [12/Dec/2025:03:39:43 +0000] "GET /1/249817/.misplaced_objects" 404 - "GET http://localhost/v1/.misplaced_objects?format=json&marker=&end_marker=&prefix=" "txb0b9c0aeb4b24fb884145-00693b8e7f" "Swift Container Reconciler" 0.0003 "-" 96332 -
Dec 11 22:39:43 np0005556243.novalocal account-server[96332]: ::1 - - [12/Dec/2025:03:39:43 +0000] "GET /3/249817/.misplaced_objects" 404 - "GET http://localhost/v1/.misplaced_objects?format=json&marker=&end_marker=&prefix=" "txb0b9c0aeb4b24fb884145-00693b8e7f" "Swift Container Reconciler" 0.0002 "-" 96332 -
Dec 11 22:39:43 np0005556243.novalocal account-server[96332]: ::1 - - [12/Dec/2025:03:39:43 +0000] "GET /2/249817/.misplaced_objects" 404 - "GET http://localhost/v1/.misplaced_objects?format=json&marker=&end_marker=&prefix=" "txb0b9c0aeb4b24fb884145-00693b8e7f" "Swift Container Reconciler" 0.0002 "-" 96332 -
Dec 11 22:39:43 np0005556243.novalocal container-reconciler-ic[92363]: - - 12/Dec/2025/03/39/43 GET /v1/.misplaced_objects%3Fformat%3Djson%26marker%3D%26end_marker%3D%26prefix%3D HTTP/1.0 404 - Swift%20Container%20Reconciler - - - - txb0b9c0aeb4b24fb884145-00693b8e7f - 0.0108 - - 1765510783.319898605 1765510783.330730200 - -
Dec 11 22:39:43 np0005556243.novalocal container-reconciler[92363]: Reconciler Stats: {}
Dec 11 22:39:43 np0005556243.novalocal container-reconciler[92363]: sleeping between intervals (30.0s)
Dec 11 22:39:43 np0005556243.novalocal container-sharder[95987]: Container sharder cycle starting, auto-sharding False
Dec 11 22:39:44 np0005556243.novalocal container-sharder[95987]: Since Fri Dec 12 03:39:43 2025 visited - attempted:0 success:0 failure:0 skipped:33 completed:0
Dec 11 22:39:44 np0005556243.novalocal container-sharder[95987]: Since Fri Dec 12 03:39:43 2025 scanned - attempted:0 success:0 failure:0 found:0 min_time:0 max_time:0
Dec 11 22:39:44 np0005556243.novalocal container-sharder[95987]: Since Fri Dec 12 03:39:43 2025 created - attempted:0 success:0 failure:0
Dec 11 22:39:44 np0005556243.novalocal container-sharder[95987]: Since Fri Dec 12 03:39:43 2025 cleaved - attempted:0 success:0 failure:0 min_time:0 max_time:0
Dec 11 22:39:44 np0005556243.novalocal container-sharder[95987]: Since Fri Dec 12 03:39:43 2025 misplaced - attempted:0 success:0 failure:0 found:0 placed:0 unplaced:0
Dec 11 22:39:44 np0005556243.novalocal container-sharder[95987]: Since Fri Dec 12 03:39:43 2025 audit_root - attempted:0 success:0 failure:0 has_overlap:0 num_overlap:0
Dec 11 22:39:44 np0005556243.novalocal container-sharder[95987]: Since Fri Dec 12 03:39:43 2025 audit_shard - attempted:0 success:0 failure:0
Dec 11 22:39:44 np0005556243.novalocal container-sharder[95987]: Container sharder cycle completed: 0.66s
Dec 11 22:39:44 np0005556243.novalocal container-replicator[96688]: Beginning replication run
Dec 11 22:39:45 np0005556243.novalocal container-replicator[96688]: Replication run OVER
Dec 11 22:39:45 np0005556243.novalocal container-replicator[96688]: Attempted to replicate 33 dbs in 0.74860 seconds (44.08244/s)
Dec 11 22:39:45 np0005556243.novalocal container-replicator[96688]: Removed 0 dbs
Dec 11 22:39:45 np0005556243.novalocal container-replicator[96688]: 66 successes, 0 failures
Dec 11 22:39:45 np0005556243.novalocal container-replicator[96688]: diff:0 diff_capped:0 empty:0 hashmatch:0 no_change:66 remote_merge:0 rsync:0 ts_repl:0
Dec 11 22:39:47 np0005556243.novalocal object-reconstructor[96183]: Starting object reconstruction pass.
Dec 11 22:39:47 np0005556243.novalocal object-reconstructor[96183]: Nothing reconstructed for 0.0003249645233154297 seconds.
Dec 11 22:39:47 np0005556243.novalocal object-reconstructor[96183]: Object reconstruction complete. (0.00 minutes)
Dec 11 22:39:47 np0005556243.novalocal systemd[1]: NetworkManager-dispatcher.service: Deactivated successfully.
Dec 11 22:39:49 np0005556243.novalocal systemd[1]: Starting SETroubleshoot daemon for processing new SELinux denial logs...
Dec 11 22:39:49 np0005556243.novalocal kernel: qbr6cd5cb41-b2: port 2(tap6cd5cb41-b2) entered disabled state
Dec 11 22:39:49 np0005556243.novalocal kernel: tap6cd5cb41-b2 (unregistering): left allmulticast mode
Dec 11 22:39:49 np0005556243.novalocal kernel: tap6cd5cb41-b2 (unregistering): left promiscuous mode
Dec 11 22:39:49 np0005556243.novalocal kernel: qbr6cd5cb41-b2: port 2(tap6cd5cb41-b2) entered disabled state
Dec 11 22:39:49 np0005556243.novalocal NetworkManager[859]: [1765510789.9918] device (tap6cd5cb41-b2): state change: activated -> unmanaged (reason 'unmanaged', managed-type: 'removed')
Dec 11 22:39:49 np0005556243.novalocal NetworkManager[859]: [1765510789.9922] device (tap6cd5cb41-b2): released from controller device qbr6cd5cb41-b2
Dec 11 22:39:50 np0005556243.novalocal systemd[1]: Starting Network Manager Script Dispatcher Service...
Dec 11 22:39:50 np0005556243.novalocal systemd[1]: Started Network Manager Script Dispatcher Service.
Dec 11 22:39:50 np0005556243.novalocal systemd[1]: machine-qemu\x2d2\x2dinstance\x2d00000002.scope: Deactivated successfully.
Dec 11 22:39:50 np0005556243.novalocal systemd[1]: machine-qemu\x2d2\x2dinstance\x2d00000002.scope: Consumed 11.495s CPU time.
Dec 11 22:39:50 np0005556243.novalocal systemd-machined[93525]: Machine qemu-2-instance-00000002 terminated.
Dec 11 22:39:50 np0005556243.novalocal systemd[1]: Started SETroubleshoot daemon for processing new SELinux denial logs.
Dec 11 22:39:50 np0005556243.novalocal kernel: qvb6cd5cb41-b2: left allmulticast mode
Dec 11 22:39:50 np0005556243.novalocal kernel: qvb6cd5cb41-b2: left promiscuous mode
Dec 11 22:39:50 np0005556243.novalocal kernel: qbr6cd5cb41-b2: port 1(qvb6cd5cb41-b2) entered disabled state
Dec 11 22:39:50 np0005556243.novalocal NetworkManager[859]: [1765510790.7533] device (qbr6cd5cb41-b2): bridge port qvb6cd5cb41-b2 was detached
Dec 11 22:39:50 np0005556243.novalocal NetworkManager[859]: [1765510790.7547] device (qbr6cd5cb41-b2): state change: activated -> unmanaged (reason 'unmanaged', managed-type: 'removed')
Dec 11 22:39:50 np0005556243.novalocal kernel: qvo6cd5cb41-b2: left promiscuous mode
Dec 11 22:39:50 np0005556243.novalocal systemd[1]: Started dbus-:1.1-org.fedoraproject.SetroubleshootPrivileged@10.service.
Dec 11 22:39:51 np0005556243.novalocal object-server[96958]: ::1 - - [12/Dec/2025:03:39:51 +0000] "GET /2/152286/AUTH_402e63682d3749049fa8edf9e07dfd6e/gnocchi.a1cd8f9a-8f21-4c93-865a-444ba4c64a86/none_v3" 200 22 "GET https://[::1]:8080/v1/AUTH_402e63682d3749049fa8edf9e07dfd6e/gnocchi.a1cd8f9a-8f21-4c93-865a-444ba4c64a86/none_v3" "tx9b0ae89f5bcf49e298811-00693b8e87" "proxy-server 97888" 0.0016 "-" 96958 0
Dec 11 22:39:51 np0005556243.novalocal proxy-server[97888]: ::1 ::1 12/Dec/2025/03/39/51 GET /v1/AUTH_402e63682d3749049fa8edf9e07dfd6e/gnocchi.a1cd8f9a-8f21-4c93-865a-444ba4c64a86/none_v3 HTTP/1.0 200 - python-swiftclient-4.8.0 gAAAAABpO450Q4QS... - 22 - tx9b0ae89f5bcf49e298811-00693b8e87 - 0.0115 - - 1765510791.968057394 1765510791.979605675 0 89ff87eb6954479d969b489941791c9f
Dec 11 22:39:52 np0005556243.novalocal container-server[96624]: ::1 - - [12/Dec/2025:03:39:52 +0000] "GET /2/251579/AUTH_402e63682d3749049fa8edf9e07dfd6e/gnocchi.a1cd8f9a-8f21-4c93-865a-444ba4c64a86" 200 357 "GET https://[::1]:8080/v1/AUTH_402e63682d3749049fa8edf9e07dfd6e/gnocchi.a1cd8f9a-8f21-4c93-865a-444ba4c64a86?format=json&states=listing" "tx928b8a32e3b34ecf8fa93-00693b8e87" "proxy-server 97888" 0.0076 "-" 96624 0
Dec 11 22:39:52 np0005556243.novalocal proxy-server[97888]: ::1 ::1 12/Dec/2025/03/39/52 GET /v1/AUTH_402e63682d3749049fa8edf9e07dfd6e/gnocchi.a1cd8f9a-8f21-4c93-865a-444ba4c64a86%3Fformat%3Djson%26states%3Dlisting HTTP/1.0 200 - python-swiftclient-4.8.0 gAAAAABpO450Q4QS... - 357 - tx928b8a32e3b34ecf8fa93-00693b8e87 - 0.0181 - - 1765510791.988401413 1765510792.006495714 0 89ff87eb6954479d969b489941791c9f
Dec 11 22:39:52 np0005556243.novalocal container-server[96624]: ::1 - - [12/Dec/2025:03:39:52 +0000] "GET /1/251579/AUTH_402e63682d3749049fa8edf9e07dfd6e/gnocchi.a1cd8f9a-8f21-4c93-865a-444ba4c64a86" 200 2 "GET https://[::1]:8080/v1/AUTH_402e63682d3749049fa8edf9e07dfd6e/gnocchi.a1cd8f9a-8f21-4c93-865a-444ba4c64a86?format=json&marker=none_v3&states=listing" "txbc1fa724dd1e4671b5908-00693b8e88" "proxy-server 97888" 0.0140 "-" 96624 0
Dec 11 22:39:52 np0005556243.novalocal proxy-server[97888]: ::1 ::1 12/Dec/2025/03/39/52 GET /v1/AUTH_402e63682d3749049fa8edf9e07dfd6e/gnocchi.a1cd8f9a-8f21-4c93-865a-444ba4c64a86%3Fformat%3Djson%26marker%3Dnone_v3%26states%3Dlisting HTTP/1.0 200 - python-swiftclient-4.8.0 gAAAAABpO450Q4QS... - 2 - txbc1fa724dd1e4671b5908-00693b8e88 - 0.0207 - - 1765510792.010749102 1765510792.031407833 0 89ff87eb6954479d969b489941791c9f
Dec 11 22:39:52 np0005556243.novalocal object-server[96957]: ::1 - - [12/Dec/2025:03:39:52 +0000] "GET /3/216701/AUTH_402e63682d3749049fa8edf9e07dfd6e/gnocchi.a1cd8f9a-8f21-4c93-865a-444ba4c64a86/1764720000.0_mean_300.0_v3" 200 16 "GET https://[::1]:8080/v1/AUTH_402e63682d3749049fa8edf9e07dfd6e/gnocchi.a1cd8f9a-8f21-4c93-865a-444ba4c64a86/1764720000.0_mean_300.0_v3" "tx0775fdff40cb4c20946c9-00693b8e88" "proxy-server 97888" 0.0025 "-" 96957 0
Dec 11 22:39:52 np0005556243.novalocal proxy-server[97888]: ::1 ::1 12/Dec/2025/03/39/52 GET /v1/AUTH_402e63682d3749049fa8edf9e07dfd6e/gnocchi.a1cd8f9a-8f21-4c93-865a-444ba4c64a86/1764720000.0_mean_300.0_v3 HTTP/1.0 200 - python-swiftclient-4.8.0 gAAAAABpO450Q4QS... - 16 - tx0775fdff40cb4c20946c9-00693b8e88 - 0.0089 - - 1765510792.039151192 1765510792.048027039 0 89ff87eb6954479d969b489941791c9f
Dec 11 22:39:52 np0005556243.novalocal container-server[96625]: ::1 - - [12/Dec/2025:03:39:52 +0000] "PUT /1/251579/AUTH_402e63682d3749049fa8edf9e07dfd6e/gnocchi.a1cd8f9a-8f21-4c93-865a-444ba4c64a86/1764720000.0_mean_300.0_v3" 201 - "PUT http://[::1]:8080/3/216701/AUTH_402e63682d3749049fa8edf9e07dfd6e/gnocchi.a1cd8f9a-8f21-4c93-865a-444ba4c64a86/1764720000.0_mean_300.0_v3" "tx97362cd095e9443a94d8c-00693b8e88" "object-server 96958" 0.0005 "-" 96625 0
Dec 11 22:39:52 np0005556243.novalocal object-server[96958]: ::1 - - [12/Dec/2025:03:39:52 +0000] "PUT /3/216701/AUTH_402e63682d3749049fa8edf9e07dfd6e/gnocchi.a1cd8f9a-8f21-4c93-865a-444ba4c64a86/1764720000.0_mean_300.0_v3" 201 - "PUT https://[::1]:8080/v1/AUTH_402e63682d3749049fa8edf9e07dfd6e/gnocchi.a1cd8f9a-8f21-4c93-865a-444ba4c64a86/1764720000.0_mean_300.0_v3" "tx97362cd095e9443a94d8c-00693b8e88" "proxy-server 97888" 0.0141 "-" 96958 0
Dec 11 22:39:52 np0005556243.novalocal container-server[96624]: ::1 - - [12/Dec/2025:03:39:52 +0000] "PUT /3/251579/AUTH_402e63682d3749049fa8edf9e07dfd6e/gnocchi.a1cd8f9a-8f21-4c93-865a-444ba4c64a86/1764720000.0_mean_300.0_v3" 201 - "PUT http://[::1]:8080/1/216701/AUTH_402e63682d3749049fa8edf9e07dfd6e/gnocchi.a1cd8f9a-8f21-4c93-865a-444ba4c64a86/1764720000.0_mean_300.0_v3" "tx97362cd095e9443a94d8c-00693b8e88" "object-server 96957" 0.0013 "-" 96624 0
Dec 11 22:39:52 np0005556243.novalocal object-server[96957]: ::1 - - [12/Dec/2025:03:39:52 +0000] "PUT /1/216701/AUTH_402e63682d3749049fa8edf9e07dfd6e/gnocchi.a1cd8f9a-8f21-4c93-865a-444ba4c64a86/1764720000.0_mean_300.0_v3" 201 - "PUT https://[::1]:8080/v1/AUTH_402e63682d3749049fa8edf9e07dfd6e/gnocchi.a1cd8f9a-8f21-4c93-865a-444ba4c64a86/1764720000.0_mean_300.0_v3" "tx97362cd095e9443a94d8c-00693b8e88" "proxy-server 97888" 0.0183 "-" 96957 0
Dec 11 22:39:52 np0005556243.novalocal container-server[96624]: ::1 - - [12/Dec/2025:03:39:52 +0000] "PUT /2/251579/AUTH_402e63682d3749049fa8edf9e07dfd6e/gnocchi.a1cd8f9a-8f21-4c93-865a-444ba4c64a86/1764720000.0_mean_300.0_v3" 201 - "PUT http://[::1]:8080/2/216701/AUTH_402e63682d3749049fa8edf9e07dfd6e/gnocchi.a1cd8f9a-8f21-4c93-865a-444ba4c64a86/1764720000.0_mean_300.0_v3" "tx97362cd095e9443a94d8c-00693b8e88" "object-server 96957" 0.0010 "-" 96624 0
Dec 11 22:39:52 np0005556243.novalocal object-server[96957]: ::1 - - [12/Dec/2025:03:39:52 +0000] "PUT /2/216701/AUTH_402e63682d3749049fa8edf9e07dfd6e/gnocchi.a1cd8f9a-8f21-4c93-865a-444ba4c64a86/1764720000.0_mean_300.0_v3" 201 - "PUT https://[::1]:8080/v1/AUTH_402e63682d3749049fa8edf9e07dfd6e/gnocchi.a1cd8f9a-8f21-4c93-865a-444ba4c64a86/1764720000.0_mean_300.0_v3" "tx97362cd095e9443a94d8c-00693b8e88" "proxy-server 97888" 0.0186 "-" 96957 0
Dec 11 22:39:52 np0005556243.novalocal proxy-server[97888]: ::1 ::1 12/Dec/2025/03/39/52 PUT /v1/AUTH_402e63682d3749049fa8edf9e07dfd6e/gnocchi.a1cd8f9a-8f21-4c93-865a-444ba4c64a86/1764720000.0_mean_300.0_v3 HTTP/1.0 201 - python-swiftclient-4.8.0 gAAAAABpO450Q4QS... 16 - - tx97362cd095e9443a94d8c-00693b8e88 - 0.0291 - - 1765510792.050622463 1765510792.079756498 0 89ff87eb6954479d969b489941791c9f
Dec 11 22:39:52 np0005556243.novalocal container-server[96625]: ::1 - - [12/Dec/2025:03:39:52 +0000] "PUT /1/251579/AUTH_402e63682d3749049fa8edf9e07dfd6e/gnocchi.a1cd8f9a-8f21-4c93-865a-444ba4c64a86/none_v3" 201 - "PUT http://[::1]:8080/3/152286/AUTH_402e63682d3749049fa8edf9e07dfd6e/gnocchi.a1cd8f9a-8f21-4c93-865a-444ba4c64a86/none_v3" "tx29617ba156ae400a8132b-00693b8e88" "object-server 96957" 0.0004 "-" 96625 0
Dec 11 22:39:52 np0005556243.novalocal object-server[96957]: ::1 - - [12/Dec/2025:03:39:52 +0000] "PUT /3/152286/AUTH_402e63682d3749049fa8edf9e07dfd6e/gnocchi.a1cd8f9a-8f21-4c93-865a-444ba4c64a86/none_v3" 201 - "PUT https://[::1]:8080/v1/AUTH_402e63682d3749049fa8edf9e07dfd6e/gnocchi.a1cd8f9a-8f21-4c93-865a-444ba4c64a86/none_v3" "tx29617ba156ae400a8132b-00693b8e88" "proxy-server 97888" 0.0180 "-" 96957 0
Dec 11 22:39:52 np0005556243.novalocal container-server[96624]: ::1 - - [12/Dec/2025:03:39:52 +0000] "PUT /2/251579/AUTH_402e63682d3749049fa8edf9e07dfd6e/gnocchi.a1cd8f9a-8f21-4c93-865a-444ba4c64a86/none_v3" 201 - "PUT http://[::1]:8080/2/152286/AUTH_402e63682d3749049fa8edf9e07dfd6e/gnocchi.a1cd8f9a-8f21-4c93-865a-444ba4c64a86/none_v3" "tx29617ba156ae400a8132b-00693b8e88" "object-server 96958" 0.0011 "-" 96624 0
Dec 11 22:39:52 np0005556243.novalocal container-server[96625]: ::1 - - [12/Dec/2025:03:39:52 +0000] "PUT /3/251579/AUTH_402e63682d3749049fa8edf9e07dfd6e/gnocchi.a1cd8f9a-8f21-4c93-865a-444ba4c64a86/none_v3" 201 - "PUT http://[::1]:8080/1/152286/AUTH_402e63682d3749049fa8edf9e07dfd6e/gnocchi.a1cd8f9a-8f21-4c93-865a-444ba4c64a86/none_v3" "tx29617ba156ae400a8132b-00693b8e88" "object-server 96958" 0.0003 "-" 96625 0
Dec 11 22:39:52 np0005556243.novalocal object-server[96958]: ::1 - - [12/Dec/2025:03:39:52 +0000] "PUT /2/152286/AUTH_402e63682d3749049fa8edf9e07dfd6e/gnocchi.a1cd8f9a-8f21-4c93-865a-444ba4c64a86/none_v3" 201 - "PUT https://[::1]:8080/v1/AUTH_402e63682d3749049fa8edf9e07dfd6e/gnocchi.a1cd8f9a-8f21-4c93-865a-444ba4c64a86/none_v3" "tx29617ba156ae400a8132b-00693b8e88" "proxy-server 97888" 0.0196 "-" 96958 0
Dec 11 22:39:52 np0005556243.novalocal object-server[96958]: ::1 - - [12/Dec/2025:03:39:52 +0000] "PUT /1/152286/AUTH_402e63682d3749049fa8edf9e07dfd6e/gnocchi.a1cd8f9a-8f21-4c93-865a-444ba4c64a86/none_v3" 201 - "PUT https://[::1]:8080/v1/AUTH_402e63682d3749049fa8edf9e07dfd6e/gnocchi.a1cd8f9a-8f21-4c93-865a-444ba4c64a86/none_v3" "tx29617ba156ae400a8132b-00693b8e88" "proxy-server 97888" 0.0146 "-" 96958 0
Dec 11 22:39:52 np0005556243.novalocal proxy-server[97888]: ::1 ::1 12/Dec/2025/03/39/52 PUT /v1/AUTH_402e63682d3749049fa8edf9e07dfd6e/gnocchi.a1cd8f9a-8f21-4c93-865a-444ba4c64a86/none_v3 HTTP/1.0 201 - python-swiftclient-4.8.0 gAAAAABpO450Q4QS... 32 - - tx29617ba156ae400a8132b-00693b8e88 - 0.0311 - - 1765510792.090407848 1765510792.121497393 0 89ff87eb6954479d969b489941791c9f
Dec 11 22:39:52 np0005556243.novalocal object-server[96958]: ::1 - - [12/Dec/2025:03:39:52 +0000] "GET /2/34317/AUTH_402e63682d3749049fa8edf9e07dfd6e/gnocchi.3da64547-cf34-4d02-a82e-fea14a432f15/none_v3" 200 22 "GET https://[::1]:8080/v1/AUTH_402e63682d3749049fa8edf9e07dfd6e/gnocchi.3da64547-cf34-4d02-a82e-fea14a432f15/none_v3" "tx456b1bd9b28948bba8fa0-00693b8e88" "proxy-server 97888" 0.0010 "-" 96958 0
Dec 11 22:39:52 np0005556243.novalocal proxy-server[97888]: ::1 ::1 12/Dec/2025/03/39/52 GET /v1/AUTH_402e63682d3749049fa8edf9e07dfd6e/gnocchi.3da64547-cf34-4d02-a82e-fea14a432f15/none_v3 HTTP/1.0 200 - python-swiftclient-4.8.0 gAAAAABpO450Q4QS... - 22 - tx456b1bd9b28948bba8fa0-00693b8e88 - 0.0102 - - 1765510792.155463219 1765510792.165673256 0 89ff87eb6954479d969b489941791c9f
Dec 11 22:39:52 np0005556243.novalocal setroubleshoot[104243]: SELinux is preventing /usr/sbin/httpd from read access on the file 60934b15fc5d1822c7ed5e2e2476941d5a5e4ba3cea8d513080acebda8887a68. For complete SELinux messages run: sealert -l e55fb431-ac70-48c6-ae0a-09735d223160
Dec 11 22:39:52 np0005556243.novalocal container-server[96625]: ::1 - - [12/Dec/2025:03:39:52 +0000] "GET /2/64964/AUTH_402e63682d3749049fa8edf9e07dfd6e/gnocchi.3da64547-cf34-4d02-a82e-fea14a432f15" 200 357 "GET https://[::1]:8080/v1/AUTH_402e63682d3749049fa8edf9e07dfd6e/gnocchi.3da64547-cf34-4d02-a82e-fea14a432f15?format=json&states=listing" "txb7e53d73aeb44ede8bb56-00693b8e88" "proxy-server 97888" 0.0028 "-" 96625 0
Dec 11 22:39:52 np0005556243.novalocal proxy-server[97888]: ::1 ::1 12/Dec/2025/03/39/52 GET /v1/AUTH_402e63682d3749049fa8edf9e07dfd6e/gnocchi.3da64547-cf34-4d02-a82e-fea14a432f15%3Fformat%3Djson%26states%3Dlisting HTTP/1.0 200 - python-swiftclient-4.8.0 gAAAAABpO450Q4QS... - 357 - txb7e53d73aeb44ede8bb56-00693b8e88 - 0.0114 - - 1765510792.170727730 1765510792.182098866 0 89ff87eb6954479d969b489941791c9f
Dec 11 22:39:52 np0005556243.novalocal setroubleshoot[104243]: SELinux is preventing /usr/sbin/httpd from read access on the file 60934b15fc5d1822c7ed5e2e2476941d5a5e4ba3cea8d513080acebda8887a68. ***** Plugin catchall (100. confidence) suggests ************************** If you believe that httpd should be allowed read access on the 60934b15fc5d1822c7ed5e2e2476941d5a5e4ba3cea8d513080acebda8887a68 file by default. Then you should report this as a bug. You can generate a local policy module to allow this access. Do allow this access for now by executing: # ausearch -c 'httpd' --raw | audit2allow -M my-httpd # semodule -X 300 -i my-httpd.pp
Dec 11 22:39:52 np0005556243.novalocal container-server[96624]: ::1 - - [12/Dec/2025:03:39:52 +0000] "GET /1/64964/AUTH_402e63682d3749049fa8edf9e07dfd6e/gnocchi.3da64547-cf34-4d02-a82e-fea14a432f15" 200 2 "GET https://[::1]:8080/v1/AUTH_402e63682d3749049fa8edf9e07dfd6e/gnocchi.3da64547-cf34-4d02-a82e-fea14a432f15?format=json&marker=none_v3&states=listing" "txb164d6f9bb654b448bc77-00693b8e88" "proxy-server 97888" 0.0026 "-" 96624 0
Dec 11 22:39:52 np0005556243.novalocal proxy-server[97888]: ::1 ::1 12/Dec/2025/03/39/52 GET /v1/AUTH_402e63682d3749049fa8edf9e07dfd6e/gnocchi.3da64547-cf34-4d02-a82e-fea14a432f15%3Fformat%3Djson%26marker%3Dnone_v3%26states%3Dlisting HTTP/1.0 200 - python-swiftclient-4.8.0 gAAAAABpO450Q4QS... - 2 - txb164d6f9bb654b448bc77-00693b8e88 - 0.0122 - - 1765510792.185101748 1765510792.197297812 0 89ff87eb6954479d969b489941791c9f
Dec 11 22:39:52 np0005556243.novalocal object-server[96958]: ::1 - - [12/Dec/2025:03:39:52 +0000] "GET /2/123269/AUTH_402e63682d3749049fa8edf9e07dfd6e/gnocchi.3da64547-cf34-4d02-a82e-fea14a432f15/1764720000.0_mean_300.0_v3" 200 16 "GET https://[::1]:8080/v1/AUTH_402e63682d3749049fa8edf9e07dfd6e/gnocchi.3da64547-cf34-4d02-a82e-fea14a432f15/1764720000.0_mean_300.0_v3" "txcc0990d01e304fe59f62c-00693b8e88" "proxy-server 97888" 0.0010 "-" 96958 0
Dec 11 22:39:52 np0005556243.novalocal haproxy-metadata-proxy-91a35bcd-aad7-484e-a1b5-dd0e71657af4[103221]: ::ffff:10.100.0.3:34790 [11/Dec/2025:22:39:47.523] listener listener/metadata 0/0/0/4684/4684 200 97 - - ---- 1/1/0/0/0 0/0 "GET /2009-04-04/meta-data/instance-id HTTP/1.1"
Dec 11 22:39:52 np0005556243.novalocal proxy-server[97888]: ::1 ::1 12/Dec/2025/03/39/52 GET /v1/AUTH_402e63682d3749049fa8edf9e07dfd6e/gnocchi.3da64547-cf34-4d02-a82e-fea14a432f15/1764720000.0_mean_300.0_v3 HTTP/1.0 200 - python-swiftclient-4.8.0 gAAAAABpO450Q4QS... - 16 - txcc0990d01e304fe59f62c-00693b8e88 - 0.0102 - - 1765510792.200994730 1765510792.211226702 0 89ff87eb6954479d969b489941791c9f
Dec 11 22:39:52 np0005556243.novalocal dnsmasq[103923]: read /var/lib/neutron/dhcp/6b12e66f-0bdd-4251-bb62-98d93a7ab0b6/addn_hosts - 1 addresses
Dec 11 22:39:52 np0005556243.novalocal dnsmasq-dhcp[103923]: read /var/lib/neutron/dhcp/6b12e66f-0bdd-4251-bb62-98d93a7ab0b6/host
Dec 11 22:39:52 np0005556243.novalocal dnsmasq-dhcp[103923]: read /var/lib/neutron/dhcp/6b12e66f-0bdd-4251-bb62-98d93a7ab0b6/opts
Dec 11 22:39:52 np0005556243.novalocal container-server[96625]: ::1 - - [12/Dec/2025:03:39:52 +0000] "PUT /2/64964/AUTH_402e63682d3749049fa8edf9e07dfd6e/gnocchi.3da64547-cf34-4d02-a82e-fea14a432f15/1764720000.0_mean_300.0_v3" 201 - "PUT http://[::1]:8080/3/123269/AUTH_402e63682d3749049fa8edf9e07dfd6e/gnocchi.3da64547-cf34-4d02-a82e-fea14a432f15/1764720000.0_mean_300.0_v3" "tx2835175438f04ff4ba736-00693b8e88" "object-server 96957" 0.0006 "-" 96625 0
Dec 11 22:39:52 np0005556243.novalocal object-server[96957]: ::1 - - [12/Dec/2025:03:39:52 +0000] "PUT /3/123269/AUTH_402e63682d3749049fa8edf9e07dfd6e/gnocchi.3da64547-cf34-4d02-a82e-fea14a432f15/1764720000.0_mean_300.0_v3" 201 - "PUT https://[::1]:8080/v1/AUTH_402e63682d3749049fa8edf9e07dfd6e/gnocchi.3da64547-cf34-4d02-a82e-fea14a432f15/1764720000.0_mean_300.0_v3" "tx2835175438f04ff4ba736-00693b8e88" "proxy-server 97888" 0.0134 "-" 96957 0
Dec 11 22:39:52 np0005556243.novalocal container-server[96624]: ::1 - - [12/Dec/2025:03:39:52 +0000] "PUT /1/64964/AUTH_402e63682d3749049fa8edf9e07dfd6e/gnocchi.3da64547-cf34-4d02-a82e-fea14a432f15/1764720000.0_mean_300.0_v3" 201 - "PUT http://[::1]:8080/2/123269/AUTH_402e63682d3749049fa8edf9e07dfd6e/gnocchi.3da64547-cf34-4d02-a82e-fea14a432f15/1764720000.0_mean_300.0_v3" "tx2835175438f04ff4ba736-00693b8e88" "object-server 96958" 0.0008 "-" 96624 0
Dec 11 22:39:52 np0005556243.novalocal object-server[96958]: ::1 - - [12/Dec/2025:03:39:52 +0000] "PUT /2/123269/AUTH_402e63682d3749049fa8edf9e07dfd6e/gnocchi.3da64547-cf34-4d02-a82e-fea14a432f15/1764720000.0_mean_300.0_v3" 201 - "PUT https://[::1]:8080/v1/AUTH_402e63682d3749049fa8edf9e07dfd6e/gnocchi.3da64547-cf34-4d02-a82e-fea14a432f15/1764720000.0_mean_300.0_v3" "tx2835175438f04ff4ba736-00693b8e88" "proxy-server 97888" 0.0219 "-" 96958 0
Dec 11 22:39:52 np0005556243.novalocal container-server[96624]: ::1 - - [12/Dec/2025:03:39:52 +0000] "PUT /3/64964/AUTH_402e63682d3749049fa8edf9e07dfd6e/gnocchi.3da64547-cf34-4d02-a82e-fea14a432f15/1764720000.0_mean_300.0_v3" 201 - "PUT http://[::1]:8080/1/123269/AUTH_402e63682d3749049fa8edf9e07dfd6e/gnocchi.3da64547-cf34-4d02-a82e-fea14a432f15/1764720000.0_mean_300.0_v3" "tx2835175438f04ff4ba736-00693b8e88" "object-server 96957" 0.0006 "-" 96624 0
Dec 11 22:39:52 np0005556243.novalocal object-server[96957]: ::1 - - [12/Dec/2025:03:39:52 +0000] "PUT /1/123269/AUTH_402e63682d3749049fa8edf9e07dfd6e/gnocchi.3da64547-cf34-4d02-a82e-fea14a432f15/1764720000.0_mean_300.0_v3" 201 - "PUT https://[::1]:8080/v1/AUTH_402e63682d3749049fa8edf9e07dfd6e/gnocchi.3da64547-cf34-4d02-a82e-fea14a432f15/1764720000.0_mean_300.0_v3" "tx2835175438f04ff4ba736-00693b8e88" "proxy-server 97888" 0.0278 "-" 96957 0
Dec 11 22:39:52 np0005556243.novalocal proxy-server[97888]: ::1 ::1 12/Dec/2025/03/39/52 PUT /v1/AUTH_402e63682d3749049fa8edf9e07dfd6e/gnocchi.3da64547-cf34-4d02-a82e-fea14a432f15/1764720000.0_mean_300.0_v3 HTTP/1.0 201 - python-swiftclient-4.8.0 gAAAAABpO450Q4QS... 16 - - tx2835175438f04ff4ba736-00693b8e88 - 0.0423 - - 1765510792.223059654 1765510792.265336990 0 89ff87eb6954479d969b489941791c9f
Dec 11 22:39:52 np0005556243.novalocal container-server[96624]: ::1 - - [12/Dec/2025:03:39:52 +0000] "PUT /3/64964/AUTH_402e63682d3749049fa8edf9e07dfd6e/gnocchi.3da64547-cf34-4d02-a82e-fea14a432f15/none_v3" 201 - "PUT http://[::1]:8080/3/34317/AUTH_402e63682d3749049fa8edf9e07dfd6e/gnocchi.3da64547-cf34-4d02-a82e-fea14a432f15/none_v3" "txfb41ea67b02f483db37b2-00693b8e88" "object-server 96957" 0.0007 "-" 96624 0
Dec 11 22:39:52 np0005556243.novalocal container-server[96625]: ::1 - - [12/Dec/2025:03:39:52 +0000] "PUT /2/64964/AUTH_402e63682d3749049fa8edf9e07dfd6e/gnocchi.3da64547-cf34-4d02-a82e-fea14a432f15/none_v3" 201 - "PUT http://[::1]:8080/1/34317/AUTH_402e63682d3749049fa8edf9e07dfd6e/gnocchi.3da64547-cf34-4d02-a82e-fea14a432f15/none_v3" "txfb41ea67b02f483db37b2-00693b8e88" "object-server 96957" 0.0005 "-" 96625 0
Dec 11 22:39:52 np0005556243.novalocal object-server[96957]: ::1 - - [12/Dec/2025:03:39:52 +0000] "PUT /1/34317/AUTH_402e63682d3749049fa8edf9e07dfd6e/gnocchi.3da64547-cf34-4d02-a82e-fea14a432f15/none_v3" 201 - "PUT https://[::1]:8080/v1/AUTH_402e63682d3749049fa8edf9e07dfd6e/gnocchi.3da64547-cf34-4d02-a82e-fea14a432f15/none_v3" "txfb41ea67b02f483db37b2-00693b8e88" "proxy-server 97888" 0.0123 "-" 96957 0
Dec 11 22:39:52 np0005556243.novalocal container-server[96625]: ::1 - - [12/Dec/2025:03:39:52 +0000] "PUT /1/64964/AUTH_402e63682d3749049fa8edf9e07dfd6e/gnocchi.3da64547-cf34-4d02-a82e-fea14a432f15/none_v3" 201 - "PUT http://[::1]:8080/2/34317/AUTH_402e63682d3749049fa8edf9e07dfd6e/gnocchi.3da64547-cf34-4d02-a82e-fea14a432f15/none_v3" "txfb41ea67b02f483db37b2-00693b8e88" "object-server 96958" 0.0003 "-" 96625 0
Dec 11 22:39:52 np0005556243.novalocal object-server[96957]: ::1 - - [12/Dec/2025:03:39:52 +0000] "PUT /3/34317/AUTH_402e63682d3749049fa8edf9e07dfd6e/gnocchi.3da64547-cf34-4d02-a82e-fea14a432f15/none_v3" 201 - "PUT https://[::1]:8080/v1/AUTH_402e63682d3749049fa8edf9e07dfd6e/gnocchi.3da64547-cf34-4d02-a82e-fea14a432f15/none_v3" "txfb41ea67b02f483db37b2-00693b8e88" "proxy-server 97888" 0.0119 "-" 96957 0
Dec 11 22:39:52 np0005556243.novalocal object-server[96958]: ::1 - - [12/Dec/2025:03:39:52 +0000] "PUT /2/34317/AUTH_402e63682d3749049fa8edf9e07dfd6e/gnocchi.3da64547-cf34-4d02-a82e-fea14a432f15/none_v3" 201 - "PUT https://[::1]:8080/v1/AUTH_402e63682d3749049fa8edf9e07dfd6e/gnocchi.3da64547-cf34-4d02-a82e-fea14a432f15/none_v3" "txfb41ea67b02f483db37b2-00693b8e88" "proxy-server 97888" 0.0172 "-" 96958 0
Dec 11 22:39:52 np0005556243.novalocal proxy-server[97888]: ::1 ::1 12/Dec/2025/03/39/52 PUT /v1/AUTH_402e63682d3749049fa8edf9e07dfd6e/gnocchi.3da64547-cf34-4d02-a82e-fea14a432f15/none_v3 HTTP/1.0 201 - python-swiftclient-4.8.0 gAAAAABpO450Q4QS... 32 - - txfb41ea67b02f483db37b2-00693b8e88 - 0.0284 - - 1765510792.268588066 1765510792.296953678 0 89ff87eb6954479d969b489941791c9f
Dec 11 22:39:52 np0005556243.novalocal setroubleshoot[104243]: failed to retrieve rpm info for path '/var/lib/nova/.cache/python-entrypoints/60934b15fc5d1822c7ed5e2e2476941d5a5e4ba3cea8d513080acebda8887a68':
Dec 11 22:39:52 np0005556243.novalocal setroubleshoot[104243]: SELinux is preventing /usr/sbin/httpd from open access on the file /var/lib/nova/.cache/python-entrypoints/60934b15fc5d1822c7ed5e2e2476941d5a5e4ba3cea8d513080acebda8887a68. For complete SELinux messages run: sealert -l 403a1599-032e-466c-8630-9021e5e3fad1
Dec 11 22:39:52 np0005556243.novalocal setroubleshoot[104243]: SELinux is preventing /usr/sbin/httpd from open access on the file /var/lib/nova/.cache/python-entrypoints/60934b15fc5d1822c7ed5e2e2476941d5a5e4ba3cea8d513080acebda8887a68. ***** Plugin catchall (100. confidence) suggests ************************** If you believe that httpd should be allowed open access on the 60934b15fc5d1822c7ed5e2e2476941d5a5e4ba3cea8d513080acebda8887a68 file by default. Then you should report this as a bug. You can generate a local policy module to allow this access. Do allow this access for now by executing: # ausearch -c 'httpd' --raw | audit2allow -M my-httpd # semodule -X 300 -i my-httpd.pp
Dec 11 22:39:52 np0005556243.novalocal setroubleshoot[104243]: SELinux is preventing /usr/sbin/httpd from getattr access on the file /var/lib/nova/.cache/python-entrypoints/60934b15fc5d1822c7ed5e2e2476941d5a5e4ba3cea8d513080acebda8887a68. For complete SELinux messages run: sealert -l 9b144410-f013-4ef5-9bea-0ec2ebe024bd
Dec 11 22:39:52 np0005556243.novalocal setroubleshoot[104243]: SELinux is preventing /usr/sbin/httpd from getattr access on the file /var/lib/nova/.cache/python-entrypoints/60934b15fc5d1822c7ed5e2e2476941d5a5e4ba3cea8d513080acebda8887a68. ***** Plugin catchall (100. confidence) suggests ************************** If you believe that httpd should be allowed getattr access on the 60934b15fc5d1822c7ed5e2e2476941d5a5e4ba3cea8d513080acebda8887a68 file by default. Then you should report this as a bug. You can generate a local policy module to allow this access. Do allow this access for now by executing: # ausearch -c 'httpd' --raw | audit2allow -M my-httpd # semodule -X 300 -i my-httpd.pp
Dec 11 22:39:52 np0005556243.novalocal setroubleshoot[104243]: SELinux is preventing /usr/sbin/httpd from ioctl access on the file /var/lib/nova/.cache/python-entrypoints/60934b15fc5d1822c7ed5e2e2476941d5a5e4ba3cea8d513080acebda8887a68. For complete SELinux messages run: sealert -l d770ffea-90e9-4e3c-9c70-71447d031e81
Dec 11 22:39:52 np0005556243.novalocal object-server[96957]: ::1 - - [12/Dec/2025:03:39:52 +0000] "GET /3/31402/AUTH_402e63682d3749049fa8edf9e07dfd6e/gnocchi.dfc74319-0ec1-461f-bafc-7f8081dee958/none_v3" 200 22 "GET https://[::1]:8080/v1/AUTH_402e63682d3749049fa8edf9e07dfd6e/gnocchi.dfc74319-0ec1-461f-bafc-7f8081dee958/none_v3" "txc1404fe122594df783333-00693b8e88" "proxy-server 97888" 0.0009 "-" 96957 0
Dec 11 22:39:52 np0005556243.novalocal proxy-server[97888]: ::1 ::1 12/Dec/2025/03/39/52 GET /v1/AUTH_402e63682d3749049fa8edf9e07dfd6e/gnocchi.dfc74319-0ec1-461f-bafc-7f8081dee958/none_v3 HTTP/1.0 200 - python-swiftclient-4.8.0 gAAAAABpO450Q4QS... - 22 - txc1404fe122594df783333-00693b8e88 - 0.0076 - - 1765510792.380833864 1765510792.388394594 0 89ff87eb6954479d969b489941791c9f
Dec 11 22:39:52 np0005556243.novalocal setroubleshoot[104243]: SELinux is preventing /usr/sbin/httpd from ioctl access on the file /var/lib/nova/.cache/python-entrypoints/60934b15fc5d1822c7ed5e2e2476941d5a5e4ba3cea8d513080acebda8887a68. ***** Plugin catchall (100. confidence) suggests ************************** If you believe that httpd should be allowed ioctl access on the 60934b15fc5d1822c7ed5e2e2476941d5a5e4ba3cea8d513080acebda8887a68 file by default. Then you should report this as a bug. You can generate a local policy module to allow this access. Do allow this access for now by executing: # ausearch -c 'httpd' --raw | audit2allow -M my-httpd # semodule -X 300 -i my-httpd.pp
Dec 11 22:39:52 np0005556243.novalocal container-server[96625]: ::1 - - [12/Dec/2025:03:39:52 +0000] "GET /3/53632/AUTH_402e63682d3749049fa8edf9e07dfd6e/gnocchi.dfc74319-0ec1-461f-bafc-7f8081dee958" 200 357 "GET https://[::1]:8080/v1/AUTH_402e63682d3749049fa8edf9e07dfd6e/gnocchi.dfc74319-0ec1-461f-bafc-7f8081dee958?format=json&states=listing" "tx97bb6532eea24bc6818c0-00693b8e88" "proxy-server 97888" 0.0038 "-" 96625 0
Dec 11 22:39:52 np0005556243.novalocal proxy-server[97888]: ::1 ::1 12/Dec/2025/03/39/52 GET /v1/AUTH_402e63682d3749049fa8edf9e07dfd6e/gnocchi.dfc74319-0ec1-461f-bafc-7f8081dee958%3Fformat%3Djson%26states%3Dlisting HTTP/1.0 200 - python-swiftclient-4.8.0 gAAAAABpO450Q4QS... - 357 - tx97bb6532eea24bc6818c0-00693b8e88 - 0.0102 - - 1765510792.391808748 1765510792.401959658 0 89ff87eb6954479d969b489941791c9f
Dec 11 22:39:52 np0005556243.novalocal container-server[96625]: ::1 - - [12/Dec/2025:03:39:52 +0000] "GET /2/53632/AUTH_402e63682d3749049fa8edf9e07dfd6e/gnocchi.dfc74319-0ec1-461f-bafc-7f8081dee958" 200 2 "GET https://[::1]:8080/v1/AUTH_402e63682d3749049fa8edf9e07dfd6e/gnocchi.dfc74319-0ec1-461f-bafc-7f8081dee958?format=json&marker=none_v3&states=listing" "tx12a10129b8e14b75bfb32-00693b8e88" "proxy-server 97888" 0.0024 "-" 96625 0
Dec 11 22:39:52 np0005556243.novalocal proxy-server[97888]: ::1 ::1 12/Dec/2025/03/39/52 GET /v1/AUTH_402e63682d3749049fa8edf9e07dfd6e/gnocchi.dfc74319-0ec1-461f-bafc-7f8081dee958%3Fformat%3Djson%26marker%3Dnone_v3%26states%3Dlisting HTTP/1.0 200 - python-swiftclient-4.8.0 gAAAAABpO450Q4QS... - 2 - tx12a10129b8e14b75bfb32-00693b8e88 - 0.0080 - - 1765510792.404511690 1765510792.412487268 0 89ff87eb6954479d969b489941791c9f
Dec 11 22:39:52 np0005556243.novalocal object-server[96957]: ::1 - - [12/Dec/2025:03:39:52 +0000] "GET /2/234811/AUTH_402e63682d3749049fa8edf9e07dfd6e/gnocchi.dfc74319-0ec1-461f-bafc-7f8081dee958/1764720000.0_mean_300.0_v3" 200 16 "GET https://[::1]:8080/v1/AUTH_402e63682d3749049fa8edf9e07dfd6e/gnocchi.dfc74319-0ec1-461f-bafc-7f8081dee958/1764720000.0_mean_300.0_v3" "tx89f3f0223312488383583-00693b8e88" "proxy-server 97888" 0.0009 "-" 96957 0
Dec 11 22:39:52 np0005556243.novalocal proxy-server[97888]: ::1 ::1 12/Dec/2025/03/39/52 GET /v1/AUTH_402e63682d3749049fa8edf9e07dfd6e/gnocchi.dfc74319-0ec1-461f-bafc-7f8081dee958/1764720000.0_mean_300.0_v3 HTTP/1.0 200 - python-swiftclient-4.8.0 gAAAAABpO450Q4QS... - 16 - tx89f3f0223312488383583-00693b8e88 - 0.0063 - - 1765510792.415711641 1765510792.422053099 0 89ff87eb6954479d969b489941791c9f
Dec 11 22:39:52 np0005556243.novalocal container-server[96625]: ::1 - - [12/Dec/2025:03:39:52 +0000] "PUT /2/53632/AUTH_402e63682d3749049fa8edf9e07dfd6e/gnocchi.dfc74319-0ec1-461f-bafc-7f8081dee958/1764720000.0_mean_300.0_v3" 201 - "PUT http://[::1]:8080/1/234811/AUTH_402e63682d3749049fa8edf9e07dfd6e/gnocchi.dfc74319-0ec1-461f-bafc-7f8081dee958/1764720000.0_mean_300.0_v3" "tx854afcaf038f415baa373-00693b8e88" "object-server 96957" 0.0005 "-" 96625 0
Dec 11 22:39:52 np0005556243.novalocal object-server[96957]: ::1 - - [12/Dec/2025:03:39:52 +0000] "PUT /1/234811/AUTH_402e63682d3749049fa8edf9e07dfd6e/gnocchi.dfc74319-0ec1-461f-bafc-7f8081dee958/1764720000.0_mean_300.0_v3" 201 - "PUT https://[::1]:8080/v1/AUTH_402e63682d3749049fa8edf9e07dfd6e/gnocchi.dfc74319-0ec1-461f-bafc-7f8081dee958/1764720000.0_mean_300.0_v3" "tx854afcaf038f415baa373-00693b8e88" "proxy-server 97888" 0.0080 "-" 96957 0
Dec 11 22:39:52 np0005556243.novalocal container-server[96625]: ::1 - - [12/Dec/2025:03:39:52 +0000] "PUT /1/53632/AUTH_402e63682d3749049fa8edf9e07dfd6e/gnocchi.dfc74319-0ec1-461f-bafc-7f8081dee958/1764720000.0_mean_300.0_v3" 201 - "PUT http://[::1]:8080/2/234811/AUTH_402e63682d3749049fa8edf9e07dfd6e/gnocchi.dfc74319-0ec1-461f-bafc-7f8081dee958/1764720000.0_mean_300.0_v3" "tx854afcaf038f415baa373-00693b8e88" "object-server 96958" 0.0006 "-" 96625 0
Dec 11 22:39:52 np0005556243.novalocal container-server[96625]: ::1 - - [12/Dec/2025:03:39:52 +0000] "PUT /3/53632/AUTH_402e63682d3749049fa8edf9e07dfd6e/gnocchi.dfc74319-0ec1-461f-bafc-7f8081dee958/1764720000.0_mean_300.0_v3" 201 - "PUT http://[::1]:8080/3/234811/AUTH_402e63682d3749049fa8edf9e07dfd6e/gnocchi.dfc74319-0ec1-461f-bafc-7f8081dee958/1764720000.0_mean_300.0_v3" "tx854afcaf038f415baa373-00693b8e88" "object-server 96958" 0.0004 "-" 96625 0
Dec 11 22:39:52 np0005556243.novalocal object-server[96958]: ::1 - - [12/Dec/2025:03:39:52 +0000] "PUT /2/234811/AUTH_402e63682d3749049fa8edf9e07dfd6e/gnocchi.dfc74319-0ec1-461f-bafc-7f8081dee958/1764720000.0_mean_300.0_v3" 201 - "PUT https://[::1]:8080/v1/AUTH_402e63682d3749049fa8edf9e07dfd6e/gnocchi.dfc74319-0ec1-461f-bafc-7f8081dee958/1764720000.0_mean_300.0_v3" "tx854afcaf038f415baa373-00693b8e88" "proxy-server 97888" 0.0140 "-" 96958 0
Dec 11 22:39:52 np0005556243.novalocal object-server[96958]: ::1 - - [12/Dec/2025:03:39:52 +0000] "PUT /3/234811/AUTH_402e63682d3749049fa8edf9e07dfd6e/gnocchi.dfc74319-0ec1-461f-bafc-7f8081dee958/1764720000.0_mean_300.0_v3" 201 - "PUT https://[::1]:8080/v1/AUTH_402e63682d3749049fa8edf9e07dfd6e/gnocchi.dfc74319-0ec1-461f-bafc-7f8081dee958/1764720000.0_mean_300.0_v3" "tx854afcaf038f415baa373-00693b8e88" "proxy-server 97888" 0.0136 "-" 96958 0
Dec 11 22:39:52 np0005556243.novalocal proxy-server[97888]: ::1 ::1 12/Dec/2025/03/39/52 PUT /v1/AUTH_402e63682d3749049fa8edf9e07dfd6e/gnocchi.dfc74319-0ec1-461f-bafc-7f8081dee958/1764720000.0_mean_300.0_v3 HTTP/1.0 201 - python-swiftclient-4.8.0 gAAAAABpO450Q4QS... 16 - - tx854afcaf038f415baa373-00693b8e88 - 0.0242 - - 1765510792.425588131 1765510792.449742317 0 89ff87eb6954479d969b489941791c9f
Dec 11 22:39:52 np0005556243.novalocal container-server[96625]: ::1 - - [12/Dec/2025:03:39:52 +0000] "PUT /2/53632/AUTH_402e63682d3749049fa8edf9e07dfd6e/gnocchi.dfc74319-0ec1-461f-bafc-7f8081dee958/none_v3" 201 - "PUT http://[::1]:8080/3/31402/AUTH_402e63682d3749049fa8edf9e07dfd6e/gnocchi.dfc74319-0ec1-461f-bafc-7f8081dee958/none_v3" "tx9396347963e844c594477-00693b8e88" "object-server 96958" 0.0006 "-" 96625 0
Dec 11 22:39:52 np0005556243.novalocal container-server[96624]: ::1 - - [12/Dec/2025:03:39:52 +0000] "PUT /1/53632/AUTH_402e63682d3749049fa8edf9e07dfd6e/gnocchi.dfc74319-0ec1-461f-bafc-7f8081dee958/none_v3" 201 - "PUT http://[::1]:8080/1/31402/AUTH_402e63682d3749049fa8edf9e07dfd6e/gnocchi.dfc74319-0ec1-461f-bafc-7f8081dee958/none_v3" "tx9396347963e844c594477-00693b8e88" "object-server 96958" 0.0007 "-" 96624 0
Dec 11 22:39:52 np0005556243.novalocal container-server[96625]: ::1 - - [12/Dec/2025:03:39:52 +0000] "PUT /3/53632/AUTH_402e63682d3749049fa8edf9e07dfd6e/gnocchi.dfc74319-0ec1-461f-bafc-7f8081dee958/none_v3" 201 - "PUT http://[::1]:8080/2/31402/AUTH_402e63682d3749049fa8edf9e07dfd6e/gnocchi.dfc74319-0ec1-461f-bafc-7f8081dee958/none_v3" "tx9396347963e844c594477-00693b8e88" "object-server 96958" 0.0003 "-" 96625 0
Dec 11 22:39:52 np0005556243.novalocal object-server[96958]: ::1 - - [12/Dec/2025:03:39:52 +0000] "PUT /1/31402/AUTH_402e63682d3749049fa8edf9e07dfd6e/gnocchi.dfc74319-0ec1-461f-bafc-7f8081dee958/none_v3" 201 - "PUT https://[::1]:8080/v1/AUTH_402e63682d3749049fa8edf9e07dfd6e/gnocchi.dfc74319-0ec1-461f-bafc-7f8081dee958/none_v3" "tx9396347963e844c594477-00693b8e88" "proxy-server 97888" 0.0157 "-" 96958 0
Dec 11 22:39:52 np0005556243.novalocal object-server[96958]: ::1 - - [12/Dec/2025:03:39:52 +0000] "PUT /3/31402/AUTH_402e63682d3749049fa8edf9e07dfd6e/gnocchi.dfc74319-0ec1-461f-bafc-7f8081dee958/none_v3" 201 - "PUT https://[::1]:8080/v1/AUTH_402e63682d3749049fa8edf9e07dfd6e/gnocchi.dfc74319-0ec1-461f-bafc-7f8081dee958/none_v3" "tx9396347963e844c594477-00693b8e88" "proxy-server 97888" 0.0148 "-" 96958 0
Dec 11 22:39:52 np0005556243.novalocal object-server[96958]: ::1 - - [12/Dec/2025:03:39:52 +0000] "PUT /2/31402/AUTH_402e63682d3749049fa8edf9e07dfd6e/gnocchi.dfc74319-0ec1-461f-bafc-7f8081dee958/none_v3" 201 - "PUT https://[::1]:8080/v1/AUTH_402e63682d3749049fa8edf9e07dfd6e/gnocchi.dfc74319-0ec1-461f-bafc-7f8081dee958/none_v3" "tx9396347963e844c594477-00693b8e88" "proxy-server 97888" 0.0209 "-" 96958 0
Dec 11 22:39:52 np0005556243.novalocal proxy-server[97888]: ::1 ::1 12/Dec/2025/03/39/52 PUT /v1/AUTH_402e63682d3749049fa8edf9e07dfd6e/gnocchi.dfc74319-0ec1-461f-bafc-7f8081dee958/none_v3 HTTP/1.0 201 - python-swiftclient-4.8.0 gAAAAABpO450Q4QS... 27 - - tx9396347963e844c594477-00693b8e88 - 0.0278 - - 1765510792.451802969 1765510792.479585171 0 89ff87eb6954479d969b489941791c9f
Dec 11 22:39:52 np0005556243.novalocal object-server[96957]: ::1 - - [12/Dec/2025:03:39:52 +0000] "GET /2/17429/AUTH_402e63682d3749049fa8edf9e07dfd6e/gnocchi.6de57897-f21e-4239-a276-f713af07997e/none_v3" 200 22 "GET https://[::1]:8080/v1/AUTH_402e63682d3749049fa8edf9e07dfd6e/gnocchi.6de57897-f21e-4239-a276-f713af07997e/none_v3" "tx0eb307b20d6c45988a1af-00693b8e88" "proxy-server 97888" 0.0013 "-" 96957 0
Dec 11 22:39:52 np0005556243.novalocal proxy-server[97888]: ::1 ::1 12/Dec/2025/03/39/52 GET /v1/AUTH_402e63682d3749049fa8edf9e07dfd6e/gnocchi.6de57897-f21e-4239-a276-f713af07997e/none_v3 HTTP/1.0 200 - python-swiftclient-4.8.0 gAAAAABpO450Q4QS... - 22 - tx0eb307b20d6c45988a1af-00693b8e88 - 0.0077 - - 1765510792.526382685 1765510792.534034491 0 89ff87eb6954479d969b489941791c9f
Dec 11 22:39:52 np0005556243.novalocal container-server[96625]: ::1 - - [12/Dec/2025:03:39:52 +0000] "GET /2/90057/AUTH_402e63682d3749049fa8edf9e07dfd6e/gnocchi.6de57897-f21e-4239-a276-f713af07997e" 200 357 "GET https://[::1]:8080/v1/AUTH_402e63682d3749049fa8edf9e07dfd6e/gnocchi.6de57897-f21e-4239-a276-f713af07997e?format=json&states=listing" "txc7463c72cab74163ae397-00693b8e88" "proxy-server 97888" 0.0021 "-" 96625 0
Dec 11 22:39:52 np0005556243.novalocal proxy-server[97888]: ::1 ::1 12/Dec/2025/03/39/52 GET /v1/AUTH_402e63682d3749049fa8edf9e07dfd6e/gnocchi.6de57897-f21e-4239-a276-f713af07997e%3Fformat%3Djson%26states%3Dlisting HTTP/1.0 200 - python-swiftclient-4.8.0 gAAAAABpO450Q4QS... - 357 - txc7463c72cab74163ae397-00693b8e88 - 0.0071 - - 1765510792.536388397 1765510792.543508291 0 89ff87eb6954479d969b489941791c9f
Dec 11 22:39:52 np0005556243.novalocal container-server[96624]: ::1 - - [12/Dec/2025:03:39:52 +0000] "GET /2/90057/AUTH_402e63682d3749049fa8edf9e07dfd6e/gnocchi.6de57897-f21e-4239-a276-f713af07997e" 200 2 "GET https://[::1]:8080/v1/AUTH_402e63682d3749049fa8edf9e07dfd6e/gnocchi.6de57897-f21e-4239-a276-f713af07997e?format=json&marker=none_v3&states=listing" "tx05a3df79719a4fd99ee5b-00693b8e88" "proxy-server 97888" 0.0023 "-" 96624 0
Dec 11 22:39:52 np0005556243.novalocal proxy-server[97888]: ::1 ::1 12/Dec/2025/03/39/52 GET /v1/AUTH_402e63682d3749049fa8edf9e07dfd6e/gnocchi.6de57897-f21e-4239-a276-f713af07997e%3Fformat%3Djson%26marker%3Dnone_v3%26states%3Dlisting HTTP/1.0 200 - python-swiftclient-4.8.0 gAAAAABpO450Q4QS... - 2 - tx05a3df79719a4fd99ee5b-00693b8e88 - 0.0069 - - 1765510792.545071602 1765510792.551999331 0 89ff87eb6954479d969b489941791c9f
Dec 11 22:39:52 np0005556243.novalocal object-server[96957]: ::1 - - [12/Dec/2025:03:39:52 +0000] "GET /2/131154/AUTH_402e63682d3749049fa8edf9e07dfd6e/gnocchi.6de57897-f21e-4239-a276-f713af07997e/1764720000.0_mean_300.0_v3" 200 16 "GET https://[::1]:8080/v1/AUTH_402e63682d3749049fa8edf9e07dfd6e/gnocchi.6de57897-f21e-4239-a276-f713af07997e/1764720000.0_mean_300.0_v3" "txce34a6fe6b5340d193aa7-00693b8e88" "proxy-server 97888" 0.0009 "-" 96957 0
Dec 11 22:39:52 np0005556243.novalocal proxy-server[97888]: ::1 ::1 12/Dec/2025/03/39/52 GET /v1/AUTH_402e63682d3749049fa8edf9e07dfd6e/gnocchi.6de57897-f21e-4239-a276-f713af07997e/1764720000.0_mean_300.0_v3 HTTP/1.0 200 - python-swiftclient-4.8.0 gAAAAABpO450Q4QS... - 16 - txce34a6fe6b5340d193aa7-00693b8e88 - 0.0059 - - 1765510792.553962708 1765510792.559847832 0 89ff87eb6954479d969b489941791c9f
Dec 11 22:39:52 np0005556243.novalocal container-server[96625]: ::1 - - [12/Dec/2025:03:39:52 +0000] "PUT /2/90057/AUTH_402e63682d3749049fa8edf9e07dfd6e/gnocchi.6de57897-f21e-4239-a276-f713af07997e/1764720000.0_mean_300.0_v3" 201 - "PUT http://[::1]:8080/3/131154/AUTH_402e63682d3749049fa8edf9e07dfd6e/gnocchi.6de57897-f21e-4239-a276-f713af07997e/1764720000.0_mean_300.0_v3" "tx941913c42ec64b7095794-00693b8e88" "object-server 96957" 0.0005 "-" 96625 0
Dec 11 22:39:52 np0005556243.novalocal container-server[96624]: ::1 - - [12/Dec/2025:03:39:52 +0000] "PUT /1/90057/AUTH_402e63682d3749049fa8edf9e07dfd6e/gnocchi.6de57897-f21e-4239-a276-f713af07997e/1764720000.0_mean_300.0_v3" 201 - "PUT http://[::1]:8080/2/131154/AUTH_402e63682d3749049fa8edf9e07dfd6e/gnocchi.6de57897-f21e-4239-a276-f713af07997e/1764720000.0_mean_300.0_v3" "tx941913c42ec64b7095794-00693b8e88" "object-server 96957" 0.0004 "-" 96624 0
Dec 11 22:39:52 np0005556243.novalocal object-server[96957]: ::1 - - [12/Dec/2025:03:39:52 +0000] "PUT /3/131154/AUTH_402e63682d3749049fa8edf9e07dfd6e/gnocchi.6de57897-f21e-4239-a276-f713af07997e/1764720000.0_mean_300.0_v3" 201 - "PUT https://[::1]:8080/v1/AUTH_402e63682d3749049fa8edf9e07dfd6e/gnocchi.6de57897-f21e-4239-a276-f713af07997e/1764720000.0_mean_300.0_v3" "tx941913c42ec64b7095794-00693b8e88" "proxy-server 97888" 0.0136 "-" 96957 0
