Dec 11 22:41:09 np0005556243.novalocal object-server[96958]: ::1 - - [12/Dec/2025:03:41:09 +0000] "PUT /1/174133/AUTH_402e63682d3749049fa8edf9e07dfd6e/gnocchi.aa6a4c73-5798-420b-a2e9-f706bdcc9943/1764720000.0_mean_300.0_v3" 201 - "PUT https://[::1]:8080/v1/AUTH_402e63682d3749049fa8edf9e07dfd6e/gnocchi.aa6a4c73-5798-420b-a2e9-f706bdcc9943/1764720000.0_mean_300.0_v3" "txb4b52a5de4a9445cbf097-00693b8ed5" "proxy-server 97889" 0.0152 "-" 96958 0
Dec 11 22:41:09 np0005556243.novalocal container-server[96625]: ::1 - - [12/Dec/2025:03:41:09 +0000] "PUT /1/251621/AUTH_402e63682d3749049fa8edf9e07dfd6e/gnocchi.aa6a4c73-5798-420b-a2e9-f706bdcc9943/1764720000.0_mean_300.0_v3" 201 - "PUT http://[::1]:8080/2/174133/AUTH_402e63682d3749049fa8edf9e07dfd6e/gnocchi.aa6a4c73-5798-420b-a2e9-f706bdcc9943/1764720000.0_mean_300.0_v3" "txb4b52a5de4a9445cbf097-00693b8ed5" "object-server 96958" 0.0008 "-" 96625 0
Dec 11 22:41:09 np0005556243.novalocal object-server[96958]: ::1 - - [12/Dec/2025:03:41:09 +0000] "PUT /2/174133/AUTH_402e63682d3749049fa8edf9e07dfd6e/gnocchi.aa6a4c73-5798-420b-a2e9-f706bdcc9943/1764720000.0_mean_300.0_v3" 201 - "PUT https://[::1]:8080/v1/AUTH_402e63682d3749049fa8edf9e07dfd6e/gnocchi.aa6a4c73-5798-420b-a2e9-f706bdcc9943/1764720000.0_mean_300.0_v3" "txb4b52a5de4a9445cbf097-00693b8ed5" "proxy-server 97889" 0.0217 "-" 96958 0
Dec 11 22:41:09 np0005556243.novalocal container-server[96625]: ::1 - - [12/Dec/2025:03:41:09 +0000] "PUT /2/251621/AUTH_402e63682d3749049fa8edf9e07dfd6e/gnocchi.aa6a4c73-5798-420b-a2e9-f706bdcc9943/1764720000.0_mean_300.0_v3" 201 - "PUT http://[::1]:8080/3/174133/AUTH_402e63682d3749049fa8edf9e07dfd6e/gnocchi.aa6a4c73-5798-420b-a2e9-f706bdcc9943/1764720000.0_mean_300.0_v3" "txb4b52a5de4a9445cbf097-00693b8ed5" "object-server 96957" 0.0005 "-" 96625 0
Dec 11 22:41:09 np0005556243.novalocal object-server[96957]: ::1 - - [12/Dec/2025:03:41:09 +0000] "PUT /3/174133/AUTH_402e63682d3749049fa8edf9e07dfd6e/gnocchi.aa6a4c73-5798-420b-a2e9-f706bdcc9943/1764720000.0_mean_300.0_v3" 201 - "PUT https://[::1]:8080/v1/AUTH_402e63682d3749049fa8edf9e07dfd6e/gnocchi.aa6a4c73-5798-420b-a2e9-f706bdcc9943/1764720000.0_mean_300.0_v3" "txb4b52a5de4a9445cbf097-00693b8ed5" "proxy-server 97889" 0.0236 "-" 96957 0
Dec 11 22:41:09 np0005556243.novalocal proxy-server[97889]: ::1 ::1 12/Dec/2025/03/41/09 PUT /v1/AUTH_402e63682d3749049fa8edf9e07dfd6e/gnocchi.aa6a4c73-5798-420b-a2e9-f706bdcc9943/1764720000.0_mean_300.0_v3 HTTP/1.0 201 - python-swiftclient-4.8.0 gAAAAABpO452jeI2... 16 - - txb4b52a5de4a9445cbf097-00693b8ed5 - 0.0356 - - 1765510869.361820698 1765510869.397454262 0 89ff87eb6954479d969b489941791c9f
Dec 11 22:41:09 np0005556243.novalocal sudo[105915]: pam_unix(sudo:session): session closed for user root
Dec 11 22:41:09 np0005556243.novalocal systemd[1]: session-c109.scope: Deactivated successfully.
Dec 11 22:41:09 np0005556243.novalocal container-server[96625]: ::1 - - [12/Dec/2025:03:41:09 +0000] "PUT /1/251621/AUTH_402e63682d3749049fa8edf9e07dfd6e/gnocchi.aa6a4c73-5798-420b-a2e9-f706bdcc9943/none_v3" 201 - "PUT http://[::1]:8080/1/35052/AUTH_402e63682d3749049fa8edf9e07dfd6e/gnocchi.aa6a4c73-5798-420b-a2e9-f706bdcc9943/none_v3" "txa0da650ebd534f46ad959-00693b8ed5" "object-server 96957" 0.0006 "-" 96625 0
Dec 11 22:41:09 np0005556243.novalocal object-server[96957]: ::1 - - [12/Dec/2025:03:41:09 +0000] "PUT /1/35052/AUTH_402e63682d3749049fa8edf9e07dfd6e/gnocchi.aa6a4c73-5798-420b-a2e9-f706bdcc9943/none_v3" 201 - "PUT https://[::1]:8080/v1/AUTH_402e63682d3749049fa8edf9e07dfd6e/gnocchi.aa6a4c73-5798-420b-a2e9-f706bdcc9943/none_v3" "txa0da650ebd534f46ad959-00693b8ed5" "proxy-server 97889" 0.0397 "-" 96957 0
Dec 11 22:41:09 np0005556243.novalocal container-server[96624]: ::1 - - [12/Dec/2025:03:41:09 +0000] "PUT /3/251621/AUTH_402e63682d3749049fa8edf9e07dfd6e/gnocchi.aa6a4c73-5798-420b-a2e9-f706bdcc9943/none_v3" 201 - "PUT http://[::1]:8080/3/35052/AUTH_402e63682d3749049fa8edf9e07dfd6e/gnocchi.aa6a4c73-5798-420b-a2e9-f706bdcc9943/none_v3" "txa0da650ebd534f46ad959-00693b8ed5" "object-server 96958" 0.0008 "-" 96624 0
Dec 11 22:41:09 np0005556243.novalocal container-server[96625]: ::1 - - [12/Dec/2025:03:41:09 +0000] "PUT /2/251621/AUTH_402e63682d3749049fa8edf9e07dfd6e/gnocchi.aa6a4c73-5798-420b-a2e9-f706bdcc9943/none_v3" 201 - "PUT http://[::1]:8080/2/35052/AUTH_402e63682d3749049fa8edf9e07dfd6e/gnocchi.aa6a4c73-5798-420b-a2e9-f706bdcc9943/none_v3" "txa0da650ebd534f46ad959-00693b8ed5" "object-server 96957" 0.0004 "-" 96625 0
Dec 11 22:41:09 np0005556243.novalocal object-server[96958]: ::1 - - [12/Dec/2025:03:41:09 +0000] "PUT /3/35052/AUTH_402e63682d3749049fa8edf9e07dfd6e/gnocchi.aa6a4c73-5798-420b-a2e9-f706bdcc9943/none_v3" 201 - "PUT https://[::1]:8080/v1/AUTH_402e63682d3749049fa8edf9e07dfd6e/gnocchi.aa6a4c73-5798-420b-a2e9-f706bdcc9943/none_v3" "txa0da650ebd534f46ad959-00693b8ed5" "proxy-server 97889" 0.0409 "-" 96958 0
Dec 11 22:41:09 np0005556243.novalocal object-server[96957]: ::1 - - [12/Dec/2025:03:41:09 +0000] "PUT /2/35052/AUTH_402e63682d3749049fa8edf9e07dfd6e/gnocchi.aa6a4c73-5798-420b-a2e9-f706bdcc9943/none_v3" 201 - "PUT https://[::1]:8080/v1/AUTH_402e63682d3749049fa8edf9e07dfd6e/gnocchi.aa6a4c73-5798-420b-a2e9-f706bdcc9943/none_v3" "txa0da650ebd534f46ad959-00693b8ed5" "proxy-server 97889" 0.0405 "-" 96957 0
Dec 11 22:41:09 np0005556243.novalocal proxy-server[97889]: ::1 ::1 12/Dec/2025/03/41/09 PUT /v1/AUTH_402e63682d3749049fa8edf9e07dfd6e/gnocchi.aa6a4c73-5798-420b-a2e9-f706bdcc9943/none_v3 HTTP/1.0 201 - python-swiftclient-4.8.0 gAAAAABpO452jeI2... 22 - - txa0da650ebd534f46ad959-00693b8ed5 - 0.0520 - - 1765510869.400916815 1765510869.452961683 0 89ff87eb6954479d969b489941791c9f
Dec 11 22:41:09 np0005556243.novalocal sudo[105922]: cinder : PWD=/ ; USER=root ; COMMAND=/usr/bin/cinder-rootwrap /etc/cinder/rootwrap.conf dd count=0 if=/var/lib/cinder/conversion/image_fetch_fb1eea66-d5ce-43fc-99af-181d54d60195_pcb6qa3vnp0005556243.novalocal@BACKEND_1 of=/dev/mapper/cinder--volumes-volume--0bc2a043--69cf--4f3c--8d2c--ec08f635bf93 oflag=direct
Dec 11 22:41:09 np0005556243.novalocal container-server[96624]: ::1 - - [12/Dec/2025:03:41:09 +0000] "HEAD /2/158967/AUTH_402e63682d3749049fa8edf9e07dfd6e/gnocchi.27007665-09c2-4eb5-a7bc-286ebdd3fe4a" 404 - "HEAD http://[::1]:8080/v1/AUTH_402e63682d3749049fa8edf9e07dfd6e/gnocchi.27007665-09c2-4eb5-a7bc-286ebdd3fe4a" "txd11b6a51215849b9a1a8c-00693b8ed5" "proxy-server 97889" 0.0004 "-" 96624 0
Dec 11 22:41:09 np0005556243.novalocal container-server[96625]: ::1 - - [12/Dec/2025:03:41:09 +0000] "HEAD /3/158967/AUTH_402e63682d3749049fa8edf9e07dfd6e/gnocchi.27007665-09c2-4eb5-a7bc-286ebdd3fe4a" 404 - "HEAD http://[::1]:8080/v1/AUTH_402e63682d3749049fa8edf9e07dfd6e/gnocchi.27007665-09c2-4eb5-a7bc-286ebdd3fe4a" "txd11b6a51215849b9a1a8c-00693b8ed5" "proxy-server 97889" 0.0003 "-" 96625 0
Dec 11 22:41:09 np0005556243.novalocal container-server[96625]: ::1 - - [12/Dec/2025:03:41:09 +0000] "HEAD /1/158967/AUTH_402e63682d3749049fa8edf9e07dfd6e/gnocchi.27007665-09c2-4eb5-a7bc-286ebdd3fe4a" 404 - "HEAD http://[::1]:8080/v1/AUTH_402e63682d3749049fa8edf9e07dfd6e/gnocchi.27007665-09c2-4eb5-a7bc-286ebdd3fe4a" "txd11b6a51215849b9a1a8c-00693b8ed5" "proxy-server 97889" 0.0002 "-" 96625 0
Dec 11 22:41:09 np0005556243.novalocal proxy-server[97889]: - - 12/Dec/2025/03/41/09 HEAD /v1/AUTH_402e63682d3749049fa8edf9e07dfd6e/gnocchi.27007665-09c2-4eb5-a7bc-286ebdd3fe4a HTTP/1.0 404 - Swift - - - - txd11b6a51215849b9a1a8c-00693b8ed5 - 0.0086 CS - 1765510869.475812912 1765510869.484409094 0 -
Dec 11 22:41:09 np0005556243.novalocal systemd[1]: Started Session c110 of User root.
Dec 11 22:41:09 np0005556243.novalocal object-server[96958]: ::1 - - [12/Dec/2025:03:41:09 +0000] "GET /1/122828/AUTH_402e63682d3749049fa8edf9e07dfd6e/gnocchi.27007665-09c2-4eb5-a7bc-286ebdd3fe4a/none_v3" 404 70 "GET https://[::1]:8080/v1/AUTH_402e63682d3749049fa8edf9e07dfd6e/gnocchi.27007665-09c2-4eb5-a7bc-286ebdd3fe4a/none_v3" "txd11b6a51215849b9a1a8c-00693b8ed5" "proxy-server 97889" 0.0004 "-" 96958 0
Dec 11 22:41:09 np0005556243.novalocal sudo[105922]: pam_unix(sudo:session): session opened for user root(uid=0) by (uid=165)
Dec 11 22:41:09 np0005556243.novalocal object-server[96957]: ::1 - - [12/Dec/2025:03:41:09 +0000] "GET /2/122828/AUTH_402e63682d3749049fa8edf9e07dfd6e/gnocchi.27007665-09c2-4eb5-a7bc-286ebdd3fe4a/none_v3" 404 70 "GET https://[::1]:8080/v1/AUTH_402e63682d3749049fa8edf9e07dfd6e/gnocchi.27007665-09c2-4eb5-a7bc-286ebdd3fe4a/none_v3" "txd11b6a51215849b9a1a8c-00693b8ed5" "proxy-server 97889" 0.0004 "-" 96957 0
Dec 11 22:41:09 np0005556243.novalocal object-server[96957]: ::1 - - [12/Dec/2025:03:41:09 +0000] "GET /3/122828/AUTH_402e63682d3749049fa8edf9e07dfd6e/gnocchi.27007665-09c2-4eb5-a7bc-286ebdd3fe4a/none_v3" 404 70 "GET https://[::1]:8080/v1/AUTH_402e63682d3749049fa8edf9e07dfd6e/gnocchi.27007665-09c2-4eb5-a7bc-286ebdd3fe4a/none_v3" "txd11b6a51215849b9a1a8c-00693b8ed5" "proxy-server 97889" 0.0002 "-" 96957 0
Dec 11 22:41:09 np0005556243.novalocal proxy-server[97889]: ::1 ::1 12/Dec/2025/03/41/09 GET /v1/AUTH_402e63682d3749049fa8edf9e07dfd6e/gnocchi.27007665-09c2-4eb5-a7bc-286ebdd3fe4a/none_v3 HTTP/1.0 404 - python-swiftclient-4.8.0 gAAAAABpO452jeI2... - 70 - txd11b6a51215849b9a1a8c-00693b8ed5 - 0.0291 - - 1765510869.470696926 1765510869.499759436 0 89ff87eb6954479d969b489941791c9f
Dec 11 22:41:09 np0005556243.novalocal account-server[96332]: ::1 - - [12/Dec/2025:03:41:09 +0000] "PUT /1/88245/AUTH_402e63682d3749049fa8edf9e07dfd6e/gnocchi.27007665-09c2-4eb5-a7bc-286ebdd3fe4a" 201 - "PUT http://[::1]:6001/1/158967/AUTH_402e63682d3749049fa8edf9e07dfd6e/gnocchi.27007665-09c2-4eb5-a7bc-286ebdd3fe4a" "tx6be0ee184cb0473999329-00693b8ed5" "container-server 96624" 0.0054 "-" 96332 0
Dec 11 22:41:09 np0005556243.novalocal container-server[96624]: ::1 - - [12/Dec/2025:03:41:09 +0000] "PUT /1/158967/AUTH_402e63682d3749049fa8edf9e07dfd6e/gnocchi.27007665-09c2-4eb5-a7bc-286ebdd3fe4a" 201 - "PUT https://[::1]:8080/v1/AUTH_402e63682d3749049fa8edf9e07dfd6e/gnocchi.27007665-09c2-4eb5-a7bc-286ebdd3fe4a" "tx6be0ee184cb0473999329-00693b8ed5" "proxy-server 97889" 0.0195 "-" 96624 0
Dec 11 22:41:09 np0005556243.novalocal account-server[96332]: ::1 - - [12/Dec/2025:03:41:09 +0000] "PUT /2/88245/AUTH_402e63682d3749049fa8edf9e07dfd6e/gnocchi.27007665-09c2-4eb5-a7bc-286ebdd3fe4a" 201 - "PUT http://[::1]:6001/2/158967/AUTH_402e63682d3749049fa8edf9e07dfd6e/gnocchi.27007665-09c2-4eb5-a7bc-286ebdd3fe4a" "tx6be0ee184cb0473999329-00693b8ed5" "container-server 96625" 0.0052 "-" 96332 0
Dec 11 22:41:09 np0005556243.novalocal container-server[96625]: ::1 - - [12/Dec/2025:03:41:09 +0000] "PUT /2/158967/AUTH_402e63682d3749049fa8edf9e07dfd6e/gnocchi.27007665-09c2-4eb5-a7bc-286ebdd3fe4a" 201 - "PUT https://[::1]:8080/v1/AUTH_402e63682d3749049fa8edf9e07dfd6e/gnocchi.27007665-09c2-4eb5-a7bc-286ebdd3fe4a" "tx6be0ee184cb0473999329-00693b8ed5" "proxy-server 97889" 0.0263 "-" 96625 0
Dec 11 22:41:09 np0005556243.novalocal account-server[96332]: ::1 - - [12/Dec/2025:03:41:09 +0000] "PUT /3/88245/AUTH_402e63682d3749049fa8edf9e07dfd6e/gnocchi.27007665-09c2-4eb5-a7bc-286ebdd3fe4a" 201 - "PUT http://[::1]:6001/3/158967/AUTH_402e63682d3749049fa8edf9e07dfd6e/gnocchi.27007665-09c2-4eb5-a7bc-286ebdd3fe4a" "tx6be0ee184cb0473999329-00693b8ed5" "container-server 96625" 0.0052 "-" 96332 0
Dec 11 22:41:09 np0005556243.novalocal container-server[96625]: ::1 - - [12/Dec/2025:03:41:09 +0000] "PUT /3/158967/AUTH_402e63682d3749049fa8edf9e07dfd6e/gnocchi.27007665-09c2-4eb5-a7bc-286ebdd3fe4a" 201 - "PUT https://[::1]:8080/v1/AUTH_402e63682d3749049fa8edf9e07dfd6e/gnocchi.27007665-09c2-4eb5-a7bc-286ebdd3fe4a" "tx6be0ee184cb0473999329-00693b8ed5" "proxy-server 97889" 0.0220 "-" 96625 0
Dec 11 22:41:09 np0005556243.novalocal proxy-server[97889]: ::1 ::1 12/Dec/2025/03/41/09 PUT /v1/AUTH_402e63682d3749049fa8edf9e07dfd6e/gnocchi.27007665-09c2-4eb5-a7bc-286ebdd3fe4a HTTP/1.0 201 - python-swiftclient-4.8.0 gAAAAABpO452jeI2... - - - tx6be0ee184cb0473999329-00693b8ed5 - 0.0483 - - 1765510869.502926826 1765510869.551205397 0 89ff87eb6954479d969b489941791c9f
Dec 11 22:41:09 np0005556243.novalocal container-server[96624]: ::1 - - [12/Dec/2025:03:41:09 +0000] "HEAD /2/158967/AUTH_402e63682d3749049fa8edf9e07dfd6e/gnocchi.27007665-09c2-4eb5-a7bc-286ebdd3fe4a" 204 - "HEAD http://[::1]:8080/v1/AUTH_402e63682d3749049fa8edf9e07dfd6e/gnocchi.27007665-09c2-4eb5-a7bc-286ebdd3fe4a" "txe07cc13c03f3440d82811-00693b8ed5" "proxy-server 97889" 0.0019 "-" 96624 0
Dec 11 22:41:09 np0005556243.novalocal proxy-server[97889]: - - 12/Dec/2025/03/41/09 HEAD /v1/AUTH_402e63682d3749049fa8edf9e07dfd6e/gnocchi.27007665-09c2-4eb5-a7bc-286ebdd3fe4a HTTP/1.0 204 - Swift - - - - txe07cc13c03f3440d82811-00693b8ed5 - 0.0057 CS - 1765510869.555438519 1765510869.561093807 0 -
Dec 11 22:41:09 np0005556243.novalocal container-server[96624]: ::1 - - [12/Dec/2025:03:41:09 +0000] "GET /1/158967/AUTH_402e63682d3749049fa8edf9e07dfd6e/gnocchi.27007665-09c2-4eb5-a7bc-286ebdd3fe4a" 200 2 "GET https://[::1]:8080/v1/AUTH_402e63682d3749049fa8edf9e07dfd6e/gnocchi.27007665-09c2-4eb5-a7bc-286ebdd3fe4a?format=json&states=listing" "txe07cc13c03f3440d82811-00693b8ed5" "proxy-server 97889" 0.0032 "-" 96624 0
Dec 11 22:41:09 np0005556243.novalocal proxy-server[97889]: ::1 ::1 12/Dec/2025/03/41/09 GET /v1/AUTH_402e63682d3749049fa8edf9e07dfd6e/gnocchi.27007665-09c2-4eb5-a7bc-286ebdd3fe4a%3Fformat%3Djson%26states%3Dlisting HTTP/1.0 200 - python-swiftclient-4.8.0 gAAAAABpO452jeI2... - 2 - txe07cc13c03f3440d82811-00693b8ed5 - 0.0162 - - 1765510869.554733038 1765510869.570980310 0 89ff87eb6954479d969b489941791c9f
Dec 11 22:41:09 np0005556243.novalocal object-server[96957]: ::1 - - [12/Dec/2025:03:41:09 +0000] "GET /2/106380/AUTH_402e63682d3749049fa8edf9e07dfd6e/gnocchi.27007665-09c2-4eb5-a7bc-286ebdd3fe4a/1764720000.0_mean_300.0_v3" 404 70 "GET https://[::1]:8080/v1/AUTH_402e63682d3749049fa8edf9e07dfd6e/gnocchi.27007665-09c2-4eb5-a7bc-286ebdd3fe4a/1764720000.0_mean_300.0_v3" "txf966071b148d4d3faee7d-00693b8ed5" "proxy-server 97889" 0.0004 "-" 96957 0
Dec 11 22:41:09 np0005556243.novalocal object-server[96957]: ::1 - - [12/Dec/2025:03:41:09 +0000] "GET /3/106380/AUTH_402e63682d3749049fa8edf9e07dfd6e/gnocchi.27007665-09c2-4eb5-a7bc-286ebdd3fe4a/1764720000.0_mean_300.0_v3" 404 70 "GET https://[::1]:8080/v1/AUTH_402e63682d3749049fa8edf9e07dfd6e/gnocchi.27007665-09c2-4eb5-a7bc-286ebdd3fe4a/1764720000.0_mean_300.0_v3" "txf966071b148d4d3faee7d-00693b8ed5" "proxy-server 97889" 0.0002 "-" 96957 0
Dec 11 22:41:09 np0005556243.novalocal object-server[96958]: ::1 - - [12/Dec/2025:03:41:09 +0000] "GET /1/106380/AUTH_402e63682d3749049fa8edf9e07dfd6e/gnocchi.27007665-09c2-4eb5-a7bc-286ebdd3fe4a/1764720000.0_mean_300.0_v3" 404 70 "GET https://[::1]:8080/v1/AUTH_402e63682d3749049fa8edf9e07dfd6e/gnocchi.27007665-09c2-4eb5-a7bc-286ebdd3fe4a/1764720000.0_mean_300.0_v3" "txf966071b148d4d3faee7d-00693b8ed5" "proxy-server 97889" 0.0005 "-" 96958 0
Dec 11 22:41:09 np0005556243.novalocal proxy-server[97889]: ::1 ::1 12/Dec/2025/03/41/09 GET /v1/AUTH_402e63682d3749049fa8edf9e07dfd6e/gnocchi.27007665-09c2-4eb5-a7bc-286ebdd3fe4a/1764720000.0_mean_300.0_v3 HTTP/1.0 404 - python-swiftclient-4.8.0 gAAAAABpO452jeI2... - 70 - txf966071b148d4d3faee7d-00693b8ed5 - 0.0137 - - 1765510869.574075460 1765510869.587764502 0 89ff87eb6954479d969b489941791c9f
Dec 11 22:41:09 np0005556243.novalocal container-server[96624]: ::1 - - [12/Dec/2025:03:41:09 +0000] "PUT /1/158967/AUTH_402e63682d3749049fa8edf9e07dfd6e/gnocchi.27007665-09c2-4eb5-a7bc-286ebdd3fe4a/1764720000.0_mean_300.0_v3" 201 - "PUT http://[::1]:8080/3/106380/AUTH_402e63682d3749049fa8edf9e07dfd6e/gnocchi.27007665-09c2-4eb5-a7bc-286ebdd3fe4a/1764720000.0_mean_300.0_v3" "txef42eec34aae4127b62e6-00693b8ed5" "object-server 96957" 0.0007 "-" 96624 0
Dec 11 22:41:09 np0005556243.novalocal container-server[96625]: ::1 - - [12/Dec/2025:03:41:09 +0000] "PUT /3/158967/AUTH_402e63682d3749049fa8edf9e07dfd6e/gnocchi.27007665-09c2-4eb5-a7bc-286ebdd3fe4a/1764720000.0_mean_300.0_v3" 201 - "PUT http://[::1]:8080/1/106380/AUTH_402e63682d3749049fa8edf9e07dfd6e/gnocchi.27007665-09c2-4eb5-a7bc-286ebdd3fe4a/1764720000.0_mean_300.0_v3" "txef42eec34aae4127b62e6-00693b8ed5" "object-server 96958" 0.0008 "-" 96625 0
Dec 11 22:41:09 np0005556243.novalocal object-server[96957]: ::1 - - [12/Dec/2025:03:41:09 +0000] "PUT /3/106380/AUTH_402e63682d3749049fa8edf9e07dfd6e/gnocchi.27007665-09c2-4eb5-a7bc-286ebdd3fe4a/1764720000.0_mean_300.0_v3" 201 - "PUT https://[::1]:8080/v1/AUTH_402e63682d3749049fa8edf9e07dfd6e/gnocchi.27007665-09c2-4eb5-a7bc-286ebdd3fe4a/1764720000.0_mean_300.0_v3" "txef42eec34aae4127b62e6-00693b8ed5" "proxy-server 97889" 0.0164 "-" 96957 0
Dec 11 22:41:09 np0005556243.novalocal object-server[96958]: ::1 - - [12/Dec/2025:03:41:09 +0000] "PUT /1/106380/AUTH_402e63682d3749049fa8edf9e07dfd6e/gnocchi.27007665-09c2-4eb5-a7bc-286ebdd3fe4a/1764720000.0_mean_300.0_v3" 201 - "PUT https://[::1]:8080/v1/AUTH_402e63682d3749049fa8edf9e07dfd6e/gnocchi.27007665-09c2-4eb5-a7bc-286ebdd3fe4a/1764720000.0_mean_300.0_v3" "txef42eec34aae4127b62e6-00693b8ed5" "proxy-server 97889" 0.0141 "-" 96958 0
Dec 11 22:41:09 np0005556243.novalocal container-server[96625]: ::1 - - [12/Dec/2025:03:41:09 +0000] "PUT /2/158967/AUTH_402e63682d3749049fa8edf9e07dfd6e/gnocchi.27007665-09c2-4eb5-a7bc-286ebdd3fe4a/1764720000.0_mean_300.0_v3" 201 - "PUT http://[::1]:8080/2/106380/AUTH_402e63682d3749049fa8edf9e07dfd6e/gnocchi.27007665-09c2-4eb5-a7bc-286ebdd3fe4a/1764720000.0_mean_300.0_v3" "txef42eec34aae4127b62e6-00693b8ed5" "object-server 96958" 0.0004 "-" 96625 0
Dec 11 22:41:09 np0005556243.novalocal object-server[96958]: ::1 - - [12/Dec/2025:03:41:09 +0000] "PUT /2/106380/AUTH_402e63682d3749049fa8edf9e07dfd6e/gnocchi.27007665-09c2-4eb5-a7bc-286ebdd3fe4a/1764720000.0_mean_300.0_v3" 201 - "PUT https://[::1]:8080/v1/AUTH_402e63682d3749049fa8edf9e07dfd6e/gnocchi.27007665-09c2-4eb5-a7bc-286ebdd3fe4a/1764720000.0_mean_300.0_v3" "txef42eec34aae4127b62e6-00693b8ed5" "proxy-server 97889" 0.0185 "-" 96958 0
Dec 11 22:41:09 np0005556243.novalocal proxy-server[97889]: ::1 ::1 12/Dec/2025/03/41/09 PUT /v1/AUTH_402e63682d3749049fa8edf9e07dfd6e/gnocchi.27007665-09c2-4eb5-a7bc-286ebdd3fe4a/1764720000.0_mean_300.0_v3 HTTP/1.0 201 - python-swiftclient-4.8.0 gAAAAABpO452jeI2... 16 - - txef42eec34aae4127b62e6-00693b8ed5 - 0.0292 - - 1765510869.591306686 1765510869.620458126 0 89ff87eb6954479d969b489941791c9f
Dec 11 22:41:09 np0005556243.novalocal container-server[96624]: ::1 - - [12/Dec/2025:03:41:09 +0000] "PUT /3/158967/AUTH_402e63682d3749049fa8edf9e07dfd6e/gnocchi.27007665-09c2-4eb5-a7bc-286ebdd3fe4a/none_v3" 201 - "PUT http://[::1]:8080/3/122828/AUTH_402e63682d3749049fa8edf9e07dfd6e/gnocchi.27007665-09c2-4eb5-a7bc-286ebdd3fe4a/none_v3" "tx5b59a4187e0b4fe788463-00693b8ed5" "object-server 96957" 0.0007 "-" 96624 0
Dec 11 22:41:09 np0005556243.novalocal container-server[96625]: ::1 - - [12/Dec/2025:03:41:09 +0000] "PUT /2/158967/AUTH_402e63682d3749049fa8edf9e07dfd6e/gnocchi.27007665-09c2-4eb5-a7bc-286ebdd3fe4a/none_v3" 201 - "PUT http://[::1]:8080/2/122828/AUTH_402e63682d3749049fa8edf9e07dfd6e/gnocchi.27007665-09c2-4eb5-a7bc-286ebdd3fe4a/none_v3" "tx5b59a4187e0b4fe788463-00693b8ed5" "object-server 96958" 0.0008 "-" 96625 0
Dec 11 22:41:09 np0005556243.novalocal container-server[96624]: ::1 - - [12/Dec/2025:03:41:09 +0000] "PUT /1/158967/AUTH_402e63682d3749049fa8edf9e07dfd6e/gnocchi.27007665-09c2-4eb5-a7bc-286ebdd3fe4a/none_v3" 201 - "PUT http://[::1]:8080/1/122828/AUTH_402e63682d3749049fa8edf9e07dfd6e/gnocchi.27007665-09c2-4eb5-a7bc-286ebdd3fe4a/none_v3" "tx5b59a4187e0b4fe788463-00693b8ed5" "object-server 96957" 0.0009 "-" 96624 0
Dec 11 22:41:09 np0005556243.novalocal object-server[96957]: ::1 - - [12/Dec/2025:03:41:09 +0000] "PUT /3/122828/AUTH_402e63682d3749049fa8edf9e07dfd6e/gnocchi.27007665-09c2-4eb5-a7bc-286ebdd3fe4a/none_v3" 201 - "PUT https://[::1]:8080/v1/AUTH_402e63682d3749049fa8edf9e07dfd6e/gnocchi.27007665-09c2-4eb5-a7bc-286ebdd3fe4a/none_v3" "tx5b59a4187e0b4fe788463-00693b8ed5" "proxy-server 97889" 0.0144 "-" 96957 0
Dec 11 22:41:09 np0005556243.novalocal object-server[96957]: ::1 - - [12/Dec/2025:03:41:09 +0000] "PUT /1/122828/AUTH_402e63682d3749049fa8edf9e07dfd6e/gnocchi.27007665-09c2-4eb5-a7bc-286ebdd3fe4a/none_v3" 201 - "PUT https://[::1]:8080/v1/AUTH_402e63682d3749049fa8edf9e07dfd6e/gnocchi.27007665-09c2-4eb5-a7bc-286ebdd3fe4a/none_v3" "tx5b59a4187e0b4fe788463-00693b8ed5" "proxy-server 97889" 0.0180 "-" 96957 0
Dec 11 22:41:09 np0005556243.novalocal object-server[96958]: ::1 - - [12/Dec/2025:03:41:09 +0000] "PUT /2/122828/AUTH_402e63682d3749049fa8edf9e07dfd6e/gnocchi.27007665-09c2-4eb5-a7bc-286ebdd3fe4a/none_v3" 201 - "PUT https://[::1]:8080/v1/AUTH_402e63682d3749049fa8edf9e07dfd6e/gnocchi.27007665-09c2-4eb5-a7bc-286ebdd3fe4a/none_v3" "tx5b59a4187e0b4fe788463-00693b8ed5" "proxy-server 97889" 0.0193 "-" 96958 0
Dec 11 22:41:09 np0005556243.novalocal proxy-server[97889]: ::1 ::1 12/Dec/2025/03/41/09 PUT /v1/AUTH_402e63682d3749049fa8edf9e07dfd6e/gnocchi.27007665-09c2-4eb5-a7bc-286ebdd3fe4a/none_v3 HTTP/1.0 201 - python-swiftclient-4.8.0 gAAAAABpO452jeI2... 22 - - tx5b59a4187e0b4fe788463-00693b8ed5 - 0.0302 - - 1765510869.623892069 1765510869.654134750 0 89ff87eb6954479d969b489941791c9f
Dec 11 22:41:09 np0005556243.novalocal container-server[96625]: ::1 - - [12/Dec/2025:03:41:09 +0000] "HEAD /3/255108/AUTH_402e63682d3749049fa8edf9e07dfd6e/gnocchi.3c98b332-0f09-4343-8edc-3221cca33fd5" 404 - "HEAD http://[::1]:8080/v1/AUTH_402e63682d3749049fa8edf9e07dfd6e/gnocchi.3c98b332-0f09-4343-8edc-3221cca33fd5" "tx47dca24703004d5ab89e2-00693b8ed5" "proxy-server 97889" 0.0005 "-" 96625 0
Dec 11 22:41:09 np0005556243.novalocal container-server[96625]: ::1 - - [12/Dec/2025:03:41:09 +0000] "HEAD /1/255108/AUTH_402e63682d3749049fa8edf9e07dfd6e/gnocchi.3c98b332-0f09-4343-8edc-3221cca33fd5" 404 - "HEAD http://[::1]:8080/v1/AUTH_402e63682d3749049fa8edf9e07dfd6e/gnocchi.3c98b332-0f09-4343-8edc-3221cca33fd5" "tx47dca24703004d5ab89e2-00693b8ed5" "proxy-server 97889" 0.0004 "-" 96625 0
Dec 11 22:41:09 np0005556243.novalocal container-server[96624]: ::1 - - [12/Dec/2025:03:41:09 +0000] "HEAD /2/255108/AUTH_402e63682d3749049fa8edf9e07dfd6e/gnocchi.3c98b332-0f09-4343-8edc-3221cca33fd5" 404 - "HEAD http://[::1]:8080/v1/AUTH_402e63682d3749049fa8edf9e07dfd6e/gnocchi.3c98b332-0f09-4343-8edc-3221cca33fd5" "tx47dca24703004d5ab89e2-00693b8ed5" "proxy-server 97889" 0.0004 "-" 96624 0
Dec 11 22:41:09 np0005556243.novalocal proxy-server[97889]: - - 12/Dec/2025/03/41/09 HEAD /v1/AUTH_402e63682d3749049fa8edf9e07dfd6e/gnocchi.3c98b332-0f09-4343-8edc-3221cca33fd5 HTTP/1.0 404 - Swift - - - - tx47dca24703004d5ab89e2-00693b8ed5 - 0.0113 CS - 1765510869.679002762 1765510869.690288544 0 -
Dec 11 22:41:09 np0005556243.novalocal object-server[96957]: ::1 - - [12/Dec/2025:03:41:09 +0000] "GET /1/33888/AUTH_402e63682d3749049fa8edf9e07dfd6e/gnocchi.3c98b332-0f09-4343-8edc-3221cca33fd5/none_v3" 404 70 "GET https://[::1]:8080/v1/AUTH_402e63682d3749049fa8edf9e07dfd6e/gnocchi.3c98b332-0f09-4343-8edc-3221cca33fd5/none_v3" "tx47dca24703004d5ab89e2-00693b8ed5" "proxy-server 97889" 0.0005 "-" 96957 0
Dec 11 22:41:09 np0005556243.novalocal object-server[96958]: ::1 - - [12/Dec/2025:03:41:09 +0000] "GET /3/33888/AUTH_402e63682d3749049fa8edf9e07dfd6e/gnocchi.3c98b332-0f09-4343-8edc-3221cca33fd5/none_v3" 404 70 "GET https://[::1]:8080/v1/AUTH_402e63682d3749049fa8edf9e07dfd6e/gnocchi.3c98b332-0f09-4343-8edc-3221cca33fd5/none_v3" "tx47dca24703004d5ab89e2-00693b8ed5" "proxy-server 97889" 0.0005 "-" 96958 0
Dec 11 22:41:09 np0005556243.novalocal object-server[96957]: ::1 - - [12/Dec/2025:03:41:09 +0000] "GET /2/33888/AUTH_402e63682d3749049fa8edf9e07dfd6e/gnocchi.3c98b332-0f09-4343-8edc-3221cca33fd5/none_v3" 404 70 "GET https://[::1]:8080/v1/AUTH_402e63682d3749049fa8edf9e07dfd6e/gnocchi.3c98b332-0f09-4343-8edc-3221cca33fd5/none_v3" "tx47dca24703004d5ab89e2-00693b8ed5" "proxy-server 97889" 0.0005 "-" 96957 0
Dec 11 22:41:09 np0005556243.novalocal proxy-server[97889]: ::1 ::1 12/Dec/2025/03/41/09 GET /v1/AUTH_402e63682d3749049fa8edf9e07dfd6e/gnocchi.3c98b332-0f09-4343-8edc-3221cca33fd5/none_v3 HTTP/1.0 404 - python-swiftclient-4.8.0 gAAAAABpO452jeI2... - 70 - tx47dca24703004d5ab89e2-00693b8ed5 - 0.0443 - - 1765510869.678101778 1765510869.722357988 0 89ff87eb6954479d969b489941791c9f
Dec 11 22:41:09 np0005556243.novalocal sudo[105922]: pam_unix(sudo:session): session closed for user root
Dec 11 22:41:09 np0005556243.novalocal systemd[1]: session-c110.scope: Deactivated successfully.
Dec 11 22:41:09 np0005556243.novalocal account-server[96332]: ::1 - - [12/Dec/2025:03:41:09 +0000] "PUT /3/88245/AUTH_402e63682d3749049fa8edf9e07dfd6e/gnocchi.3c98b332-0f09-4343-8edc-3221cca33fd5" 201 - "PUT http://[::1]:6001/1/255108/AUTH_402e63682d3749049fa8edf9e07dfd6e/gnocchi.3c98b332-0f09-4343-8edc-3221cca33fd5" "txca358b669c1041a5ba4fa-00693b8ed5" "container-server 96624" 0.0059 "-" 96332 0
Dec 11 22:41:09 np0005556243.novalocal container-server[96624]: ::1 - - [12/Dec/2025:03:41:09 +0000] "PUT /1/255108/AUTH_402e63682d3749049fa8edf9e07dfd6e/gnocchi.3c98b332-0f09-4343-8edc-3221cca33fd5" 201 - "PUT https://[::1]:8080/v1/AUTH_402e63682d3749049fa8edf9e07dfd6e/gnocchi.3c98b332-0f09-4343-8edc-3221cca33fd5" "txca358b669c1041a5ba4fa-00693b8ed5" "proxy-server 97889" 0.0379 "-" 96624 0
Dec 11 22:41:09 np0005556243.novalocal account-server[96332]: ::1 - - [12/Dec/2025:03:41:09 +0000] "PUT /2/88245/AUTH_402e63682d3749049fa8edf9e07dfd6e/gnocchi.3c98b332-0f09-4343-8edc-3221cca33fd5" 201 - "PUT http://[::1]:6001/3/255108/AUTH_402e63682d3749049fa8edf9e07dfd6e/gnocchi.3c98b332-0f09-4343-8edc-3221cca33fd5" "txca358b669c1041a5ba4fa-00693b8ed5" "container-server 96624" 0.0072 "-" 96332 0
Dec 11 22:41:09 np0005556243.novalocal container-server[96624]: ::1 - - [12/Dec/2025:03:41:09 +0000] "PUT /3/255108/AUTH_402e63682d3749049fa8edf9e07dfd6e/gnocchi.3c98b332-0f09-4343-8edc-3221cca33fd5" 201 - "PUT https://[::1]:8080/v1/AUTH_402e63682d3749049fa8edf9e07dfd6e/gnocchi.3c98b332-0f09-4343-8edc-3221cca33fd5" "txca358b669c1041a5ba4fa-00693b8ed5" "proxy-server 97889" 0.0206 "-" 96624 0
Dec 11 22:41:09 np0005556243.novalocal account-server[96332]: ::1 - - [12/Dec/2025:03:41:09 +0000] "PUT /1/88245/AUTH_402e63682d3749049fa8edf9e07dfd6e/gnocchi.3c98b332-0f09-4343-8edc-3221cca33fd5" 201 - "PUT http://[::1]:6001/2/255108/AUTH_402e63682d3749049fa8edf9e07dfd6e/gnocchi.3c98b332-0f09-4343-8edc-3221cca33fd5" "txca358b669c1041a5ba4fa-00693b8ed5" "container-server 96624" 0.0056 "-" 96332 0
Dec 11 22:41:09 np0005556243.novalocal container-server[96624]: ::1 - - [12/Dec/2025:03:41:09 +0000] "PUT /2/255108/AUTH_402e63682d3749049fa8edf9e07dfd6e/gnocchi.3c98b332-0f09-4343-8edc-3221cca33fd5" 201 - "PUT https://[::1]:8080/v1/AUTH_402e63682d3749049fa8edf9e07dfd6e/gnocchi.3c98b332-0f09-4343-8edc-3221cca33fd5" "txca358b669c1041a5ba4fa-00693b8ed5" "proxy-server 97889" 0.0393 "-" 96624 0
Dec 11 22:41:09 np0005556243.novalocal proxy-server[97889]: ::1 ::1 12/Dec/2025/03/41/09 PUT /v1/AUTH_402e63682d3749049fa8edf9e07dfd6e/gnocchi.3c98b332-0f09-4343-8edc-3221cca33fd5 HTTP/1.0 201 - python-swiftclient-4.8.0 gAAAAABpO452jeI2... - - - txca358b669c1041a5ba4fa-00693b8ed5 - 0.0666 - - 1765510869.727937698 1765510869.794570446 0 89ff87eb6954479d969b489941791c9f
Dec 11 22:41:09 np0005556243.novalocal sudo[105926]: cinder : PWD=/ ; USER=root ; COMMAND=/usr/bin/cinder-rootwrap /etc/cinder/rootwrap.conf qemu-img convert -O raw -t none -f qcow2 /var/lib/cinder/conversion/image_fetch_fb1eea66-d5ce-43fc-99af-181d54d60195_pcb6qa3vnp0005556243.novalocal@BACKEND_1 /dev/mapper/cinder--volumes-volume--0bc2a043--69cf--4f3c--8d2c--ec08f635bf93
Dec 11 22:41:09 np0005556243.novalocal container-server[96624]: ::1 - - [12/Dec/2025:03:41:09 +0000] "HEAD /2/255108/AUTH_402e63682d3749049fa8edf9e07dfd6e/gnocchi.3c98b332-0f09-4343-8edc-3221cca33fd5" 204 - "HEAD http://[::1]:8080/v1/AUTH_402e63682d3749049fa8edf9e07dfd6e/gnocchi.3c98b332-0f09-4343-8edc-3221cca33fd5" "txee2f70a757fa4926b0714-00693b8ed5" "proxy-server 97889" 0.0019 "-" 96624 0
Dec 11 22:41:09 np0005556243.novalocal proxy-server[97889]: - - 12/Dec/2025/03/41/09 HEAD /v1/AUTH_402e63682d3749049fa8edf9e07dfd6e/gnocchi.3c98b332-0f09-4343-8edc-3221cca33fd5 HTTP/1.0 204 - Swift - - - - txee2f70a757fa4926b0714-00693b8ed5 - 0.0054 CS - 1765510869.801706314 1765510869.807130575 0 -
Dec 11 22:41:09 np0005556243.novalocal systemd[1]: Started Session c111 of User root.
Dec 11 22:41:09 np0005556243.novalocal container-server[96625]: ::1 - - [12/Dec/2025:03:41:09 +0000] "GET /1/255108/AUTH_402e63682d3749049fa8edf9e07dfd6e/gnocchi.3c98b332-0f09-4343-8edc-3221cca33fd5" 200 2 "GET https://[::1]:8080/v1/AUTH_402e63682d3749049fa8edf9e07dfd6e/gnocchi.3c98b332-0f09-4343-8edc-3221cca33fd5?format=json&states=listing" "txee2f70a757fa4926b0714-00693b8ed5" "proxy-server 97889" 0.0035 "-" 96625 0
Dec 11 22:41:09 np0005556243.novalocal proxy-server[97889]: ::1 ::1 12/Dec/2025/03/41/09 GET /v1/AUTH_402e63682d3749049fa8edf9e07dfd6e/gnocchi.3c98b332-0f09-4343-8edc-3221cca33fd5%3Fformat%3Djson%26states%3Dlisting HTTP/1.0 200 - python-swiftclient-4.8.0 gAAAAABpO452jeI2... - 2 - txee2f70a757fa4926b0714-00693b8ed5 - 0.0192 - - 1765510869.799465418 1765510869.818690538 0 89ff87eb6954479d969b489941791c9f
Dec 11 22:41:09 np0005556243.novalocal sudo[105926]: pam_unix(sudo:session): session opened for user root(uid=0) by (uid=165)
Dec 11 22:41:09 np0005556243.novalocal object-server[96958]: ::1 - - [12/Dec/2025:03:41:09 +0000] "GET /2/217887/AUTH_402e63682d3749049fa8edf9e07dfd6e/gnocchi.3c98b332-0f09-4343-8edc-3221cca33fd5/1764720000.0_mean_300.0_v3" 404 70 "GET https://[::1]:8080/v1/AUTH_402e63682d3749049fa8edf9e07dfd6e/gnocchi.3c98b332-0f09-4343-8edc-3221cca33fd5/1764720000.0_mean_300.0_v3" "tx5069676b932b4b0ab1261-00693b8ed5" "proxy-server 97889" 0.0004 "-" 96958 0
Dec 11 22:41:09 np0005556243.novalocal object-server[96958]: ::1 - - [12/Dec/2025:03:41:09 +0000] "GET /1/217887/AUTH_402e63682d3749049fa8edf9e07dfd6e/gnocchi.3c98b332-0f09-4343-8edc-3221cca33fd5/1764720000.0_mean_300.0_v3" 404 70 "GET https://[::1]:8080/v1/AUTH_402e63682d3749049fa8edf9e07dfd6e/gnocchi.3c98b332-0f09-4343-8edc-3221cca33fd5/1764720000.0_mean_300.0_v3" "tx5069676b932b4b0ab1261-00693b8ed5" "proxy-server 97889" 0.0002 "-" 96958 0
Dec 11 22:41:09 np0005556243.novalocal object-server[96957]: ::1 - - [12/Dec/2025:03:41:09 +0000] "GET /3/217887/AUTH_402e63682d3749049fa8edf9e07dfd6e/gnocchi.3c98b332-0f09-4343-8edc-3221cca33fd5/1764720000.0_mean_300.0_v3" 404 70 "GET https://[::1]:8080/v1/AUTH_402e63682d3749049fa8edf9e07dfd6e/gnocchi.3c98b332-0f09-4343-8edc-3221cca33fd5/1764720000.0_mean_300.0_v3" "tx5069676b932b4b0ab1261-00693b8ed5" "proxy-server 97889" 0.0005 "-" 96957 0
Dec 11 22:41:09 np0005556243.novalocal proxy-server[97889]: ::1 ::1 12/Dec/2025/03/41/09 GET /v1/AUTH_402e63682d3749049fa8edf9e07dfd6e/gnocchi.3c98b332-0f09-4343-8edc-3221cca33fd5/1764720000.0_mean_300.0_v3 HTTP/1.0 404 - python-swiftclient-4.8.0 gAAAAABpO452jeI2... - 70 - tx5069676b932b4b0ab1261-00693b8ed5 - 0.0127 - - 1765510869.823209763 1765510869.835892200 0 89ff87eb6954479d969b489941791c9f
Dec 11 22:41:09 np0005556243.novalocal dnsmasq-dhcp[105256]: DHCPDISCOVER(tapaad2b0db-4b) fa:16:3e:18:0b:13
Dec 11 22:41:09 np0005556243.novalocal dnsmasq-dhcp[105256]: DHCPOFFER(tapaad2b0db-4b) 10.100.0.8 fa:16:3e:18:0b:13
Dec 11 22:41:09 np0005556243.novalocal dnsmasq-dhcp[105256]: DHCPREQUEST(tapaad2b0db-4b) 10.100.0.8 fa:16:3e:18:0b:13
Dec 11 22:41:09 np0005556243.novalocal dnsmasq-dhcp[105256]: DHCPACK(tapaad2b0db-4b) 10.100.0.8 fa:16:3e:18:0b:13 host-10-100-0-8
Dec 11 22:41:09 np0005556243.novalocal container-server[96625]: ::1 - - [12/Dec/2025:03:41:09 +0000] "PUT /2/255108/AUTH_402e63682d3749049fa8edf9e07dfd6e/gnocchi.3c98b332-0f09-4343-8edc-3221cca33fd5/1764720000.0_mean_300.0_v3" 201 - "PUT http://[::1]:8080/3/217887/AUTH_402e63682d3749049fa8edf9e07dfd6e/gnocchi.3c98b332-0f09-4343-8edc-3221cca33fd5/1764720000.0_mean_300.0_v3" "tx6d8322303ab34052a6a1b-00693b8ed5" "object-server 96957" 0.0009 "-" 96625 0
Dec 11 22:41:09 np0005556243.novalocal object-server[96957]: ::1 - - [12/Dec/2025:03:41:09 +0000] "PUT /3/217887/AUTH_402e63682d3749049fa8edf9e07dfd6e/gnocchi.3c98b332-0f09-4343-8edc-3221cca33fd5/1764720000.0_mean_300.0_v3" 201 - "PUT https://[::1]:8080/v1/AUTH_402e63682d3749049fa8edf9e07dfd6e/gnocchi.3c98b332-0f09-4343-8edc-3221cca33fd5/1764720000.0_mean_300.0_v3" "tx6d8322303ab34052a6a1b-00693b8ed5" "proxy-server 97889" 0.0161 "-" 96957 0
Dec 11 22:41:09 np0005556243.novalocal container-server[96625]: ::1 - - [12/Dec/2025:03:41:09 +0000] "PUT /3/255108/AUTH_402e63682d3749049fa8edf9e07dfd6e/gnocchi.3c98b332-0f09-4343-8edc-3221cca33fd5/1764720000.0_mean_300.0_v3" 201 - "PUT http://[::1]:8080/1/217887/AUTH_402e63682d3749049fa8edf9e07dfd6e/gnocchi.3c98b332-0f09-4343-8edc-3221cca33fd5/1764720000.0_mean_300.0_v3" "tx6d8322303ab34052a6a1b-00693b8ed5" "object-server 96957" 0.0010 "-" 96625 0
Dec 11 22:41:09 np0005556243.novalocal object-server[96957]: ::1 - - [12/Dec/2025:03:41:09 +0000] "PUT /1/217887/AUTH_402e63682d3749049fa8edf9e07dfd6e/gnocchi.3c98b332-0f09-4343-8edc-3221cca33fd5/1764720000.0_mean_300.0_v3" 201 - "PUT https://[::1]:8080/v1/AUTH_402e63682d3749049fa8edf9e07dfd6e/gnocchi.3c98b332-0f09-4343-8edc-3221cca33fd5/1764720000.0_mean_300.0_v3" "tx6d8322303ab34052a6a1b-00693b8ed5" "proxy-server 97889" 0.0223 "-" 96957 0
Dec 11 22:41:09 np0005556243.novalocal container-server[96625]: ::1 - - [12/Dec/2025:03:41:09 +0000] "PUT /1/255108/AUTH_402e63682d3749049fa8edf9e07dfd6e/gnocchi.3c98b332-0f09-4343-8edc-3221cca33fd5/1764720000.0_mean_300.0_v3" 201 - "PUT http://[::1]:8080/2/217887/AUTH_402e63682d3749049fa8edf9e07dfd6e/gnocchi.3c98b332-0f09-4343-8edc-3221cca33fd5/1764720000.0_mean_300.0_v3" "tx6d8322303ab34052a6a1b-00693b8ed5" "object-server 96957" 0.0007 "-" 96625 0
Dec 11 22:41:09 np0005556243.novalocal object-server[96957]: ::1 - - [12/Dec/2025:03:41:09 +0000] "PUT /2/217887/AUTH_402e63682d3749049fa8edf9e07dfd6e/gnocchi.3c98b332-0f09-4343-8edc-3221cca33fd5/1764720000.0_mean_300.0_v3" 201 - "PUT https://[::1]:8080/v1/AUTH_402e63682d3749049fa8edf9e07dfd6e/gnocchi.3c98b332-0f09-4343-8edc-3221cca33fd5/1764720000.0_mean_300.0_v3" "tx6d8322303ab34052a6a1b-00693b8ed5" "proxy-server 97889" 0.0343 "-" 96957 0
Dec 11 22:41:09 np0005556243.novalocal proxy-server[97889]: ::1 ::1 12/Dec/2025/03/41/09 PUT /v1/AUTH_402e63682d3749049fa8edf9e07dfd6e/gnocchi.3c98b332-0f09-4343-8edc-3221cca33fd5/1764720000.0_mean_300.0_v3 HTTP/1.0 201 - python-swiftclient-4.8.0 gAAAAABpO452jeI2... 16 - - tx6d8322303ab34052a6a1b-00693b8ed5 - 0.0430 - - 1765510869.839384317 1765510869.882348776 0 89ff87eb6954479d969b489941791c9f
Dec 11 22:41:09 np0005556243.novalocal container-server[96625]: ::1 - - [12/Dec/2025:03:41:09 +0000] "PUT /2/255108/AUTH_402e63682d3749049fa8edf9e07dfd6e/gnocchi.3c98b332-0f09-4343-8edc-3221cca33fd5/none_v3" 201 - "PUT http://[::1]:8080/1/33888/AUTH_402e63682d3749049fa8edf9e07dfd6e/gnocchi.3c98b332-0f09-4343-8edc-3221cca33fd5/none_v3" "txb5993b6a123a4ac094ab1-00693b8ed5" "object-server 96957" 0.0007 "-" 96625 0
Dec 11 22:41:09 np0005556243.novalocal object-server[96957]: ::1 - - [12/Dec/2025:03:41:09 +0000] "PUT /1/33888/AUTH_402e63682d3749049fa8edf9e07dfd6e/gnocchi.3c98b332-0f09-4343-8edc-3221cca33fd5/none_v3" 201 - "PUT https://[::1]:8080/v1/AUTH_402e63682d3749049fa8edf9e07dfd6e/gnocchi.3c98b332-0f09-4343-8edc-3221cca33fd5/none_v3" "txb5993b6a123a4ac094ab1-00693b8ed5" "proxy-server 97889" 0.0125 "-" 96957 0
Dec 11 22:41:09 np0005556243.novalocal container-server[96625]: ::1 - - [12/Dec/2025:03:41:09 +0000] "PUT /3/255108/AUTH_402e63682d3749049fa8edf9e07dfd6e/gnocchi.3c98b332-0f09-4343-8edc-3221cca33fd5/none_v3" 201 - "PUT http://[::1]:8080/3/33888/AUTH_402e63682d3749049fa8edf9e07dfd6e/gnocchi.3c98b332-0f09-4343-8edc-3221cca33fd5/none_v3" "txb5993b6a123a4ac094ab1-00693b8ed5" "object-server 96957" 0.0006 "-" 96625 0
Dec 11 22:41:09 np0005556243.novalocal object-server[96957]: ::1 - - [12/Dec/2025:03:41:09 +0000] "PUT /3/33888/AUTH_402e63682d3749049fa8edf9e07dfd6e/gnocchi.3c98b332-0f09-4343-8edc-3221cca33fd5/none_v3" 201 - "PUT https://[::1]:8080/v1/AUTH_402e63682d3749049fa8edf9e07dfd6e/gnocchi.3c98b332-0f09-4343-8edc-3221cca33fd5/none_v3" "txb5993b6a123a4ac094ab1-00693b8ed5" "proxy-server 97889" 0.0205 "-" 96957 0
Dec 11 22:41:09 np0005556243.novalocal container-server[96624]: ::1 - - [12/Dec/2025:03:41:09 +0000] "PUT /1/255108/AUTH_402e63682d3749049fa8edf9e07dfd6e/gnocchi.3c98b332-0f09-4343-8edc-3221cca33fd5/none_v3" 201 - "PUT http://[::1]:8080/2/33888/AUTH_402e63682d3749049fa8edf9e07dfd6e/gnocchi.3c98b332-0f09-4343-8edc-3221cca33fd5/none_v3" "txb5993b6a123a4ac094ab1-00693b8ed5" "object-server 96957" 0.0008 "-" 96624 0
Dec 11 22:41:09 np0005556243.novalocal object-server[96957]: ::1 - - [12/Dec/2025:03:41:09 +0000] "PUT /2/33888/AUTH_402e63682d3749049fa8edf9e07dfd6e/gnocchi.3c98b332-0f09-4343-8edc-3221cca33fd5/none_v3" 201 - "PUT https://[::1]:8080/v1/AUTH_402e63682d3749049fa8edf9e07dfd6e/gnocchi.3c98b332-0f09-4343-8edc-3221cca33fd5/none_v3" "txb5993b6a123a4ac094ab1-00693b8ed5" "proxy-server 97889" 0.0243 "-" 96957 0
Dec 11 22:41:09 np0005556243.novalocal proxy-server[97889]: ::1 ::1 12/Dec/2025/03/41/09 PUT /v1/AUTH_402e63682d3749049fa8edf9e07dfd6e/gnocchi.3c98b332-0f09-4343-8edc-3221cca33fd5/none_v3 HTTP/1.0 201 - python-swiftclient-4.8.0 gAAAAABpO452jeI2... 22 - - txb5993b6a123a4ac094ab1-00693b8ed5 - 0.0316 - - 1765510869.885829449 1765510869.917443514 0 89ff87eb6954479d969b489941791c9f
Dec 11 22:41:09 np0005556243.novalocal container-server[96624]: ::1 - - [12/Dec/2025:03:41:09 +0000] "HEAD /1/33865/AUTH_402e63682d3749049fa8edf9e07dfd6e/gnocchi.f043e30f-aaf7-4742-9331-c9c29e48d85b" 404 - "HEAD http://[::1]:8080/v1/AUTH_402e63682d3749049fa8edf9e07dfd6e/gnocchi.f043e30f-aaf7-4742-9331-c9c29e48d85b" "txade55c9fff004e1599cad-00693b8ed5" "proxy-server 97889" 0.0004 "-" 96624 0
Dec 11 22:41:09 np0005556243.novalocal container-server[96624]: ::1 - - [12/Dec/2025:03:41:09 +0000] "HEAD /3/33865/AUTH_402e63682d3749049fa8edf9e07dfd6e/gnocchi.f043e30f-aaf7-4742-9331-c9c29e48d85b" 404 - "HEAD http://[::1]:8080/v1/AUTH_402e63682d3749049fa8edf9e07dfd6e/gnocchi.f043e30f-aaf7-4742-9331-c9c29e48d85b" "txade55c9fff004e1599cad-00693b8ed5" "proxy-server 97889" 0.0003 "-" 96624 0
Dec 11 22:41:09 np0005556243.novalocal container-server[96624]: ::1 - - [12/Dec/2025:03:41:09 +0000] "HEAD /2/33865/AUTH_402e63682d3749049fa8edf9e07dfd6e/gnocchi.f043e30f-aaf7-4742-9331-c9c29e48d85b" 404 - "HEAD http://[::1]:8080/v1/AUTH_402e63682d3749049fa8edf9e07dfd6e/gnocchi.f043e30f-aaf7-4742-9331-c9c29e48d85b" "txade55c9fff004e1599cad-00693b8ed5" "proxy-server 97889" 0.0003 "-" 96624 0
Dec 11 22:41:09 np0005556243.novalocal proxy-server[97889]: - - 12/Dec/2025/03/41/09 HEAD /v1/AUTH_402e63682d3749049fa8edf9e07dfd6e/gnocchi.f043e30f-aaf7-4742-9331-c9c29e48d85b HTTP/1.0 404 - Swift - - - - txade55c9fff004e1599cad-00693b8ed5 - 0.0090 CS - 1765510869.931894541 1765510869.940918922 0 -
Dec 11 22:41:09 np0005556243.novalocal object-server[96957]: ::1 - - [12/Dec/2025:03:41:09 +0000] "GET /1/187433/AUTH_402e63682d3749049fa8edf9e07dfd6e/gnocchi.f043e30f-aaf7-4742-9331-c9c29e48d85b/none_v3" 404 70 "GET https://[::1]:8080/v1/AUTH_402e63682d3749049fa8edf9e07dfd6e/gnocchi.f043e30f-aaf7-4742-9331-c9c29e48d85b/none_v3" "txade55c9fff004e1599cad-00693b8ed5" "proxy-server 97889" 0.0004 "-" 96957 0
Dec 11 22:41:09 np0005556243.novalocal object-server[96957]: ::1 - - [12/Dec/2025:03:41:09 +0000] "GET /2/187433/AUTH_402e63682d3749049fa8edf9e07dfd6e/gnocchi.f043e30f-aaf7-4742-9331-c9c29e48d85b/none_v3" 404 70 "GET https://[::1]:8080/v1/AUTH_402e63682d3749049fa8edf9e07dfd6e/gnocchi.f043e30f-aaf7-4742-9331-c9c29e48d85b/none_v3" "txade55c9fff004e1599cad-00693b8ed5" "proxy-server 97889" 0.0002 "-" 96957 0
Dec 11 22:41:09 np0005556243.novalocal object-server[96958]: ::1 - - [12/Dec/2025:03:41:09 +0000] "GET /3/187433/AUTH_402e63682d3749049fa8edf9e07dfd6e/gnocchi.f043e30f-aaf7-4742-9331-c9c29e48d85b/none_v3" 404 70 "GET https://[::1]:8080/v1/AUTH_402e63682d3749049fa8edf9e07dfd6e/gnocchi.f043e30f-aaf7-4742-9331-c9c29e48d85b/none_v3" "txade55c9fff004e1599cad-00693b8ed5" "proxy-server 97889" 0.0005 "-" 96958 0
Dec 11 22:41:09 np0005556243.novalocal proxy-server[97889]: ::1 ::1 12/Dec/2025/03/41/09 GET /v1/AUTH_402e63682d3749049fa8edf9e07dfd6e/gnocchi.f043e30f-aaf7-4742-9331-c9c29e48d85b/none_v3 HTTP/1.0 404 - python-swiftclient-4.8.0 gAAAAABpO452jeI2... - 70 - txade55c9fff004e1599cad-00693b8ed5 - 0.0295 - - 1765510869.931219101 1765510869.960680008 0 89ff87eb6954479d969b489941791c9f
Dec 11 22:41:10 np0005556243.novalocal account-server[96331]: ::1 - - [12/Dec/2025:03:41:10 +0000] "PUT /3/88245/AUTH_402e63682d3749049fa8edf9e07dfd6e/gnocchi.f043e30f-aaf7-4742-9331-c9c29e48d85b" 201 - "PUT http://[::1]:6001/1/33865/AUTH_402e63682d3749049fa8edf9e07dfd6e/gnocchi.f043e30f-aaf7-4742-9331-c9c29e48d85b" "tx32bbff4a33444d57b06b8-00693b8ed5" "container-server 96625" 0.0243 "-" 96331 0
Dec 11 22:41:10 np0005556243.novalocal container-server[96625]: ::1 - - [12/Dec/2025:03:41:10 +0000] "PUT /1/33865/AUTH_402e63682d3749049fa8edf9e07dfd6e/gnocchi.f043e30f-aaf7-4742-9331-c9c29e48d85b" 201 - "PUT https://[::1]:8080/v1/AUTH_402e63682d3749049fa8edf9e07dfd6e/gnocchi.f043e30f-aaf7-4742-9331-c9c29e48d85b" "tx32bbff4a33444d57b06b8-00693b8ed5" "proxy-server 97889" 0.0369 "-" 96625 0
Dec 11 22:41:10 np0005556243.novalocal account-server[96331]: ::1 - - [12/Dec/2025:03:41:10 +0000] "PUT /2/88245/AUTH_402e63682d3749049fa8edf9e07dfd6e/gnocchi.f043e30f-aaf7-4742-9331-c9c29e48d85b" 201 - "PUT http://[::1]:6001/2/33865/AUTH_402e63682d3749049fa8edf9e07dfd6e/gnocchi.f043e30f-aaf7-4742-9331-c9c29e48d85b" "tx32bbff4a33444d57b06b8-00693b8ed5" "container-server 96624" 0.0056 "-" 96331 0
Dec 11 22:41:10 np0005556243.novalocal container-server[96624]: ::1 - - [12/Dec/2025:03:41:10 +0000] "PUT /2/33865/AUTH_402e63682d3749049fa8edf9e07dfd6e/gnocchi.f043e30f-aaf7-4742-9331-c9c29e48d85b" 201 - "PUT https://[::1]:8080/v1/AUTH_402e63682d3749049fa8edf9e07dfd6e/gnocchi.f043e30f-aaf7-4742-9331-c9c29e48d85b" "tx32bbff4a33444d57b06b8-00693b8ed5" "proxy-server 97889" 0.0505 "-" 96624 0
Dec 11 22:41:10 np0005556243.novalocal account-server[96332]: ::1 - - [12/Dec/2025:03:41:10 +0000] "PUT /1/88245/AUTH_402e63682d3749049fa8edf9e07dfd6e/gnocchi.f043e30f-aaf7-4742-9331-c9c29e48d85b" 201 - "PUT http://[::1]:6001/3/33865/AUTH_402e63682d3749049fa8edf9e07dfd6e/gnocchi.f043e30f-aaf7-4742-9331-c9c29e48d85b" "tx32bbff4a33444d57b06b8-00693b8ed5" "container-server 96624" 0.0050 "-" 96332 0
Dec 11 22:41:10 np0005556243.novalocal container-server[96624]: ::1 - - [12/Dec/2025:03:41:10 +0000] "PUT /3/33865/AUTH_402e63682d3749049fa8edf9e07dfd6e/gnocchi.f043e30f-aaf7-4742-9331-c9c29e48d85b" 201 - "PUT https://[::1]:8080/v1/AUTH_402e63682d3749049fa8edf9e07dfd6e/gnocchi.f043e30f-aaf7-4742-9331-c9c29e48d85b" "tx32bbff4a33444d57b06b8-00693b8ed5" "proxy-server 97889" 0.0389 "-" 96624 0
Dec 11 22:41:10 np0005556243.novalocal proxy-server[97889]: ::1 ::1 12/Dec/2025/03/41/10 PUT /v1/AUTH_402e63682d3749049fa8edf9e07dfd6e/gnocchi.f043e30f-aaf7-4742-9331-c9c29e48d85b HTTP/1.0 201 - python-swiftclient-4.8.0 gAAAAABpO452jeI2... - - - tx32bbff4a33444d57b06b8-00693b8ed5 - 0.0615 - - 1765510869.962964535 1765510870.024441957 0 89ff87eb6954479d969b489941791c9f
Dec 11 22:41:10 np0005556243.novalocal container-server[96625]: ::1 - - [12/Dec/2025:03:41:10 +0000] "HEAD /2/33865/AUTH_402e63682d3749049fa8edf9e07dfd6e/gnocchi.f043e30f-aaf7-4742-9331-c9c29e48d85b" 204 - "HEAD http://[::1]:8080/v1/AUTH_402e63682d3749049fa8edf9e07dfd6e/gnocchi.f043e30f-aaf7-4742-9331-c9c29e48d85b" "tx619eef265add4a378c29d-00693b8ed6" "proxy-server 97889" 0.0013 "-" 96625 0
Dec 11 22:41:10 np0005556243.novalocal proxy-server[97889]: - - 12/Dec/2025/03/41/10 HEAD /v1/AUTH_402e63682d3749049fa8edf9e07dfd6e/gnocchi.f043e30f-aaf7-4742-9331-c9c29e48d85b HTTP/1.0 204 - Swift - - - - tx619eef265add4a378c29d-00693b8ed6 - 0.0042 CS - 1765510870.028136492 1765510870.032304287 0 -
Dec 11 22:41:10 np0005556243.novalocal container-server[96625]: ::1 - - [12/Dec/2025:03:41:10 +0000] "GET /1/33865/AUTH_402e63682d3749049fa8edf9e07dfd6e/gnocchi.f043e30f-aaf7-4742-9331-c9c29e48d85b" 200 2 "GET https://[::1]:8080/v1/AUTH_402e63682d3749049fa8edf9e07dfd6e/gnocchi.f043e30f-aaf7-4742-9331-c9c29e48d85b?format=json&states=listing" "tx619eef265add4a378c29d-00693b8ed6" "proxy-server 97889" 0.0031 "-" 96625 0
Dec 11 22:41:10 np0005556243.novalocal proxy-server[97889]: ::1 ::1 12/Dec/2025/03/41/10 GET /v1/AUTH_402e63682d3749049fa8edf9e07dfd6e/gnocchi.f043e30f-aaf7-4742-9331-c9c29e48d85b%3Fformat%3Djson%26states%3Dlisting HTTP/1.0 200 - python-swiftclient-4.8.0 gAAAAABpO452jeI2... - 2 - tx619eef265add4a378c29d-00693b8ed6 - 0.0163 - - 1765510870.027420759 1765510870.043675423 0 89ff87eb6954479d969b489941791c9f
Dec 11 22:41:10 np0005556243.novalocal object-server[96958]: ::1 - - [12/Dec/2025:03:41:10 +0000] "GET /1/108341/AUTH_402e63682d3749049fa8edf9e07dfd6e/gnocchi.f043e30f-aaf7-4742-9331-c9c29e48d85b/1764720000.0_mean_300.0_v3" 404 70 "GET https://[::1]:8080/v1/AUTH_402e63682d3749049fa8edf9e07dfd6e/gnocchi.f043e30f-aaf7-4742-9331-c9c29e48d85b/1764720000.0_mean_300.0_v3" "txb3a68693e983405cbb7d7-00693b8ed6" "proxy-server 97889" 0.0003 "-" 96958 0
Dec 11 22:41:10 np0005556243.novalocal object-server[96957]: ::1 - - [12/Dec/2025:03:41:10 +0000] "GET /2/108341/AUTH_402e63682d3749049fa8edf9e07dfd6e/gnocchi.f043e30f-aaf7-4742-9331-c9c29e48d85b/1764720000.0_mean_300.0_v3" 404 70 "GET https://[::1]:8080/v1/AUTH_402e63682d3749049fa8edf9e07dfd6e/gnocchi.f043e30f-aaf7-4742-9331-c9c29e48d85b/1764720000.0_mean_300.0_v3" "txb3a68693e983405cbb7d7-00693b8ed6" "proxy-server 97889" 0.0006 "-" 96957 0
Dec 11 22:41:10 np0005556243.novalocal object-server[96957]: ::1 - - [12/Dec/2025:03:41:10 +0000] "GET /3/108341/AUTH_402e63682d3749049fa8edf9e07dfd6e/gnocchi.f043e30f-aaf7-4742-9331-c9c29e48d85b/1764720000.0_mean_300.0_v3" 404 70 "GET https://[::1]:8080/v1/AUTH_402e63682d3749049fa8edf9e07dfd6e/gnocchi.f043e30f-aaf7-4742-9331-c9c29e48d85b/1764720000.0_mean_300.0_v3" "txb3a68693e983405cbb7d7-00693b8ed6" "proxy-server 97889" 0.0003 "-" 96957 0
Dec 11 22:41:10 np0005556243.novalocal proxy-server[97889]: ::1 ::1 12/Dec/2025/03/41/10 GET /v1/AUTH_402e63682d3749049fa8edf9e07dfd6e/gnocchi.f043e30f-aaf7-4742-9331-c9c29e48d85b/1764720000.0_mean_300.0_v3 HTTP/1.0 404 - python-swiftclient-4.8.0 gAAAAABpO452jeI2... - 70 - txb3a68693e983405cbb7d7-00693b8ed6 - 0.0103 - - 1765510870.050606251 1765510870.060930490 0 89ff87eb6954479d969b489941791c9f
Dec 11 22:41:10 np0005556243.novalocal container-server[96624]: ::1 - - [12/Dec/2025:03:41:10 +0000] "PUT /2/33865/AUTH_402e63682d3749049fa8edf9e07dfd6e/gnocchi.f043e30f-aaf7-4742-9331-c9c29e48d85b/1764720000.0_mean_300.0_v3" 201 - "PUT http://[::1]:8080/2/108341/AUTH_402e63682d3749049fa8edf9e07dfd6e/gnocchi.f043e30f-aaf7-4742-9331-c9c29e48d85b/1764720000.0_mean_300.0_v3" "txe10f5d27370844019eac9-00693b8ed6" "object-server 96958" 0.0006 "-" 96624 0
Dec 11 22:41:10 np0005556243.novalocal object-server[96958]: ::1 - - [12/Dec/2025:03:41:10 +0000] "PUT /2/108341/AUTH_402e63682d3749049fa8edf9e07dfd6e/gnocchi.f043e30f-aaf7-4742-9331-c9c29e48d85b/1764720000.0_mean_300.0_v3" 201 - "PUT https://[::1]:8080/v1/AUTH_402e63682d3749049fa8edf9e07dfd6e/gnocchi.f043e30f-aaf7-4742-9331-c9c29e48d85b/1764720000.0_mean_300.0_v3" "txe10f5d27370844019eac9-00693b8ed6" "proxy-server 97889" 0.0100 "-" 96958 0
Dec 11 22:41:10 np0005556243.novalocal container-server[96625]: ::1 - - [12/Dec/2025:03:41:10 +0000] "PUT /1/33865/AUTH_402e63682d3749049fa8edf9e07dfd6e/gnocchi.f043e30f-aaf7-4742-9331-c9c29e48d85b/1764720000.0_mean_300.0_v3" 201 - "PUT http://[::1]:8080/3/108341/AUTH_402e63682d3749049fa8edf9e07dfd6e/gnocchi.f043e30f-aaf7-4742-9331-c9c29e48d85b/1764720000.0_mean_300.0_v3" "txe10f5d27370844019eac9-00693b8ed6" "object-server 96957" 0.0007 "-" 96625 0
Dec 11 22:41:10 np0005556243.novalocal container-server[96624]: ::1 - - [12/Dec/2025:03:41:10 +0000] "PUT /3/33865/AUTH_402e63682d3749049fa8edf9e07dfd6e/gnocchi.f043e30f-aaf7-4742-9331-c9c29e48d85b/1764720000.0_mean_300.0_v3" 201 - "PUT http://[::1]:8080/1/108341/AUTH_402e63682d3749049fa8edf9e07dfd6e/gnocchi.f043e30f-aaf7-4742-9331-c9c29e48d85b/1764720000.0_mean_300.0_v3" "txe10f5d27370844019eac9-00693b8ed6" "object-server 96957" 0.0004 "-" 96624 0
Dec 11 22:41:10 np0005556243.novalocal object-server[96957]: ::1 - - [12/Dec/2025:03:41:10 +0000] "PUT /3/108341/AUTH_402e63682d3749049fa8edf9e07dfd6e/gnocchi.f043e30f-aaf7-4742-9331-c9c29e48d85b/1764720000.0_mean_300.0_v3" 201 - "PUT https://[::1]:8080/v1/AUTH_402e63682d3749049fa8edf9e07dfd6e/gnocchi.f043e30f-aaf7-4742-9331-c9c29e48d85b/1764720000.0_mean_300.0_v3" "txe10f5d27370844019eac9-00693b8ed6" "proxy-server 97889" 0.0106 "-" 96957 0
Dec 11 22:41:10 np0005556243.novalocal object-server[96957]: ::1 - - [12/Dec/2025:03:41:10 +0000] "PUT /1/108341/AUTH_402e63682d3749049fa8edf9e07dfd6e/gnocchi.f043e30f-aaf7-4742-9331-c9c29e48d85b/1764720000.0_mean_300.0_v3" 201 - "PUT https://[::1]:8080/v1/AUTH_402e63682d3749049fa8edf9e07dfd6e/gnocchi.f043e30f-aaf7-4742-9331-c9c29e48d85b/1764720000.0_mean_300.0_v3" "txe10f5d27370844019eac9-00693b8ed6" "proxy-server 97889" 0.0129 "-" 96957 0
Dec 11 22:41:10 np0005556243.novalocal proxy-server[97889]: ::1 ::1 12/Dec/2025/03/41/10 PUT /v1/AUTH_402e63682d3749049fa8edf9e07dfd6e/gnocchi.f043e30f-aaf7-4742-9331-c9c29e48d85b/1764720000.0_mean_300.0_v3 HTTP/1.0 201 - python-swiftclient-4.8.0 gAAAAABpO452jeI2... 16 - - txe10f5d27370844019eac9-00693b8ed6 - 0.0180 - - 1765510870.064922810 1765510870.082960367 0 89ff87eb6954479d969b489941791c9f
