Dec 11 22:40:23 np0005556243.novalocal container-server[96625]: ::1 - - [12/Dec/2025:03:40:23 +0000] "PUT /2/223573/AUTH_402e63682d3749049fa8edf9e07dfd6e/gnocchi.25fdf1fb-5f6e-417e-893b-53d48fb05af2/none_v3" 201 - "PUT http://[::1]:8080/2/119897/AUTH_402e63682d3749049fa8edf9e07dfd6e/gnocchi.25fdf1fb-5f6e-417e-893b-53d48fb05af2/none_v3" "tx06dddf6614514a8c971bf-00693b8ea7" "object-server 96958" 0.0009 "-" 96625 0
Dec 11 22:40:23 np0005556243.novalocal container-server[96624]: ::1 - - [12/Dec/2025:03:40:23 +0000] "PUT /3/223573/AUTH_402e63682d3749049fa8edf9e07dfd6e/gnocchi.25fdf1fb-5f6e-417e-893b-53d48fb05af2/none_v3" 201 - "PUT http://[::1]:8080/3/119897/AUTH_402e63682d3749049fa8edf9e07dfd6e/gnocchi.25fdf1fb-5f6e-417e-893b-53d48fb05af2/none_v3" "tx06dddf6614514a8c971bf-00693b8ea7" "object-server 96957" 0.0007 "-" 96624 0
Dec 11 22:40:23 np0005556243.novalocal object-server[96958]: ::1 - - [12/Dec/2025:03:40:23 +0000] "PUT /2/119897/AUTH_402e63682d3749049fa8edf9e07dfd6e/gnocchi.25fdf1fb-5f6e-417e-893b-53d48fb05af2/none_v3" 201 - "PUT https://[::1]:8080/v1/AUTH_402e63682d3749049fa8edf9e07dfd6e/gnocchi.25fdf1fb-5f6e-417e-893b-53d48fb05af2/none_v3" "tx06dddf6614514a8c971bf-00693b8ea7" "proxy-server 97888" 0.0142 "-" 96958 0
Dec 11 22:40:23 np0005556243.novalocal container-server[96625]: ::1 - - [12/Dec/2025:03:40:23 +0000] "PUT /1/223573/AUTH_402e63682d3749049fa8edf9e07dfd6e/gnocchi.25fdf1fb-5f6e-417e-893b-53d48fb05af2/none_v3" 201 - "PUT http://[::1]:8080/1/119897/AUTH_402e63682d3749049fa8edf9e07dfd6e/gnocchi.25fdf1fb-5f6e-417e-893b-53d48fb05af2/none_v3" "tx06dddf6614514a8c971bf-00693b8ea7" "object-server 96957" 0.0007 "-" 96625 0
Dec 11 22:40:23 np0005556243.novalocal object-server[96957]: ::1 - - [12/Dec/2025:03:40:23 +0000] "PUT /3/119897/AUTH_402e63682d3749049fa8edf9e07dfd6e/gnocchi.25fdf1fb-5f6e-417e-893b-53d48fb05af2/none_v3" 201 - "PUT https://[::1]:8080/v1/AUTH_402e63682d3749049fa8edf9e07dfd6e/gnocchi.25fdf1fb-5f6e-417e-893b-53d48fb05af2/none_v3" "tx06dddf6614514a8c971bf-00693b8ea7" "proxy-server 97888" 0.0124 "-" 96957 0
Dec 11 22:40:23 np0005556243.novalocal object-server[96957]: ::1 - - [12/Dec/2025:03:40:23 +0000] "PUT /1/119897/AUTH_402e63682d3749049fa8edf9e07dfd6e/gnocchi.25fdf1fb-5f6e-417e-893b-53d48fb05af2/none_v3" 201 - "PUT https://[::1]:8080/v1/AUTH_402e63682d3749049fa8edf9e07dfd6e/gnocchi.25fdf1fb-5f6e-417e-893b-53d48fb05af2/none_v3" "tx06dddf6614514a8c971bf-00693b8ea7" "proxy-server 97888" 0.0159 "-" 96957 0
Dec 11 22:40:23 np0005556243.novalocal proxy-server[97888]: ::1 ::1 12/Dec/2025/03/40/23 PUT /v1/AUTH_402e63682d3749049fa8edf9e07dfd6e/gnocchi.25fdf1fb-5f6e-417e-893b-53d48fb05af2/none_v3 HTTP/1.0 201 - python-swiftclient-4.8.0 gAAAAABpO450Q4QS... 22 - - tx06dddf6614514a8c971bf-00693b8ea7 - 0.0238 - - 1765510823.268497467 1765510823.292298555 0 89ff87eb6954479d969b489941791c9f
Dec 11 22:40:23 np0005556243.novalocal object-server[96958]: ::1 - - [12/Dec/2025:03:40:23 +0000] "GET /3/40812/AUTH_402e63682d3749049fa8edf9e07dfd6e/gnocchi.ab02a225-1907-4ad1-98e1-74e6b8270913/none_v3" 200 22 "GET https://[::1]:8080/v1/AUTH_402e63682d3749049fa8edf9e07dfd6e/gnocchi.ab02a225-1907-4ad1-98e1-74e6b8270913/none_v3" "tx0387d7ecbe42437d9a64b-00693b8ea7" "proxy-server 97889" 0.0021 "-" 96958 0
Dec 11 22:40:23 np0005556243.novalocal proxy-server[97889]: ::1 ::1 12/Dec/2025/03/40/23 GET /v1/AUTH_402e63682d3749049fa8edf9e07dfd6e/gnocchi.ab02a225-1907-4ad1-98e1-74e6b8270913/none_v3 HTTP/1.0 200 - python-swiftclient-4.8.0 gAAAAABpO452jeI2... - 22 - tx0387d7ecbe42437d9a64b-00693b8ea7 - 0.0177 - - 1765510823.936306953 1765510823.953966856 0 89ff87eb6954479d969b489941791c9f
Dec 11 22:40:23 np0005556243.novalocal container-server[96624]: ::1 - - [12/Dec/2025:03:40:23 +0000] "GET /1/104017/AUTH_402e63682d3749049fa8edf9e07dfd6e/gnocchi.ab02a225-1907-4ad1-98e1-74e6b8270913" 200 357 "GET https://[::1]:8080/v1/AUTH_402e63682d3749049fa8edf9e07dfd6e/gnocchi.ab02a225-1907-4ad1-98e1-74e6b8270913?format=json&states=listing" "txc1b423f4b3434cccae405-00693b8ea7" "proxy-server 97889" 0.0038 "-" 96624 0
Dec 11 22:40:23 np0005556243.novalocal proxy-server[97889]: ::1 ::1 12/Dec/2025/03/40/23 GET /v1/AUTH_402e63682d3749049fa8edf9e07dfd6e/gnocchi.ab02a225-1907-4ad1-98e1-74e6b8270913%3Fformat%3Djson%26states%3Dlisting HTTP/1.0 200 - python-swiftclient-4.8.0 gAAAAABpO452jeI2... - 357 - txc1b423f4b3434cccae405-00693b8ea7 - 0.0167 - - 1765510823.961847782 1765510823.978506804 0 89ff87eb6954479d969b489941791c9f
Dec 11 22:40:23 np0005556243.novalocal container-server[96624]: ::1 - - [12/Dec/2025:03:40:23 +0000] "GET /1/104017/AUTH_402e63682d3749049fa8edf9e07dfd6e/gnocchi.ab02a225-1907-4ad1-98e1-74e6b8270913" 200 2 "GET https://[::1]:8080/v1/AUTH_402e63682d3749049fa8edf9e07dfd6e/gnocchi.ab02a225-1907-4ad1-98e1-74e6b8270913?format=json&marker=none_v3&states=listing" "tx5322ec6631ac43259ab2a-00693b8ea7" "proxy-server 97889" 0.0039 "-" 96624 0
Dec 11 22:40:23 np0005556243.novalocal proxy-server[97889]: ::1 ::1 12/Dec/2025/03/40/23 GET /v1/AUTH_402e63682d3749049fa8edf9e07dfd6e/gnocchi.ab02a225-1907-4ad1-98e1-74e6b8270913%3Fformat%3Djson%26marker%3Dnone_v3%26states%3Dlisting HTTP/1.0 200 - python-swiftclient-4.8.0 gAAAAABpO452jeI2... - 2 - tx5322ec6631ac43259ab2a-00693b8ea7 - 0.0162 - - 1765510823.982701063 1765510823.998854160 0 89ff87eb6954479d969b489941791c9f
Dec 11 22:40:24 np0005556243.novalocal object-server[96958]: ::1 - - [12/Dec/2025:03:40:24 +0000] "GET /1/1648/AUTH_402e63682d3749049fa8edf9e07dfd6e/gnocchi.ab02a225-1907-4ad1-98e1-74e6b8270913/1764720000.0_mean_300.0_v3" 200 16 "GET https://[::1]:8080/v1/AUTH_402e63682d3749049fa8edf9e07dfd6e/gnocchi.ab02a225-1907-4ad1-98e1-74e6b8270913/1764720000.0_mean_300.0_v3" "tx97162084197f4faf88a00-00693b8ea8" "proxy-server 97889" 0.0015 "-" 96958 0
Dec 11 22:40:24 np0005556243.novalocal proxy-server[97889]: ::1 ::1 12/Dec/2025/03/40/24 GET /v1/AUTH_402e63682d3749049fa8edf9e07dfd6e/gnocchi.ab02a225-1907-4ad1-98e1-74e6b8270913/1764720000.0_mean_300.0_v3 HTTP/1.0 200 - python-swiftclient-4.8.0 gAAAAABpO452jeI2... - 16 - tx97162084197f4faf88a00-00693b8ea8 - 0.0137 - - 1765510824.007712603 1765510824.021389723 0 89ff87eb6954479d969b489941791c9f
Dec 11 22:40:24 np0005556243.novalocal container-server[96624]: ::1 - - [12/Dec/2025:03:40:24 +0000] "PUT /2/104017/AUTH_402e63682d3749049fa8edf9e07dfd6e/gnocchi.ab02a225-1907-4ad1-98e1-74e6b8270913/1764720000.0_mean_300.0_v3" 201 - "PUT http://[::1]:8080/1/1648/AUTH_402e63682d3749049fa8edf9e07dfd6e/gnocchi.ab02a225-1907-4ad1-98e1-74e6b8270913/1764720000.0_mean_300.0_v3" "tx1f52f64f81984acc8d88a-00693b8ea8" "object-server 96957" 0.0010 "-" 96624 0
Dec 11 22:40:24 np0005556243.novalocal object-server[96957]: ::1 - - [12/Dec/2025:03:40:24 +0000] "PUT /1/1648/AUTH_402e63682d3749049fa8edf9e07dfd6e/gnocchi.ab02a225-1907-4ad1-98e1-74e6b8270913/1764720000.0_mean_300.0_v3" 201 - "PUT https://[::1]:8080/v1/AUTH_402e63682d3749049fa8edf9e07dfd6e/gnocchi.ab02a225-1907-4ad1-98e1-74e6b8270913/1764720000.0_mean_300.0_v3" "tx1f52f64f81984acc8d88a-00693b8ea8" "proxy-server 97889" 0.0201 "-" 96957 0
Dec 11 22:40:24 np0005556243.novalocal container-server[96625]: ::1 - - [12/Dec/2025:03:40:24 +0000] "PUT /3/104017/AUTH_402e63682d3749049fa8edf9e07dfd6e/gnocchi.ab02a225-1907-4ad1-98e1-74e6b8270913/1764720000.0_mean_300.0_v3" 201 - "PUT http://[::1]:8080/2/1648/AUTH_402e63682d3749049fa8edf9e07dfd6e/gnocchi.ab02a225-1907-4ad1-98e1-74e6b8270913/1764720000.0_mean_300.0_v3" "tx1f52f64f81984acc8d88a-00693b8ea8" "object-server 96958" 0.0006 "-" 96625 0
Dec 11 22:40:24 np0005556243.novalocal object-server[96958]: ::1 - - [12/Dec/2025:03:40:24 +0000] "PUT /2/1648/AUTH_402e63682d3749049fa8edf9e07dfd6e/gnocchi.ab02a225-1907-4ad1-98e1-74e6b8270913/1764720000.0_mean_300.0_v3" 201 - "PUT https://[::1]:8080/v1/AUTH_402e63682d3749049fa8edf9e07dfd6e/gnocchi.ab02a225-1907-4ad1-98e1-74e6b8270913/1764720000.0_mean_300.0_v3" "tx1f52f64f81984acc8d88a-00693b8ea8" "proxy-server 97889" 0.0163 "-" 96958 0
Dec 11 22:40:24 np0005556243.novalocal container-server[96624]: ::1 - - [12/Dec/2025:03:40:24 +0000] "PUT /1/104017/AUTH_402e63682d3749049fa8edf9e07dfd6e/gnocchi.ab02a225-1907-4ad1-98e1-74e6b8270913/1764720000.0_mean_300.0_v3" 201 - "PUT http://[::1]:8080/3/1648/AUTH_402e63682d3749049fa8edf9e07dfd6e/gnocchi.ab02a225-1907-4ad1-98e1-74e6b8270913/1764720000.0_mean_300.0_v3" "tx1f52f64f81984acc8d88a-00693b8ea8" "object-server 96958" 0.0007 "-" 96624 0
Dec 11 22:40:24 np0005556243.novalocal object-server[96958]: ::1 - - [12/Dec/2025:03:40:24 +0000] "PUT /3/1648/AUTH_402e63682d3749049fa8edf9e07dfd6e/gnocchi.ab02a225-1907-4ad1-98e1-74e6b8270913/1764720000.0_mean_300.0_v3" 201 - "PUT https://[::1]:8080/v1/AUTH_402e63682d3749049fa8edf9e07dfd6e/gnocchi.ab02a225-1907-4ad1-98e1-74e6b8270913/1764720000.0_mean_300.0_v3" "tx1f52f64f81984acc8d88a-00693b8ea8" "proxy-server 97889" 0.0257 "-" 96958 0
Dec 11 22:40:24 np0005556243.novalocal proxy-server[97889]: ::1 ::1 12/Dec/2025/03/40/24 PUT /v1/AUTH_402e63682d3749049fa8edf9e07dfd6e/gnocchi.ab02a225-1907-4ad1-98e1-74e6b8270913/1764720000.0_mean_300.0_v3 HTTP/1.0 201 - python-swiftclient-4.8.0 gAAAAABpO452jeI2... 23 - - tx1f52f64f81984acc8d88a-00693b8ea8 - 0.0437 - - 1765510824.027846336 1765510824.071540117 0 89ff87eb6954479d969b489941791c9f
Dec 11 22:40:24 np0005556243.novalocal container-server[96625]: ::1 - - [12/Dec/2025:03:40:24 +0000] "PUT /1/104017/AUTH_402e63682d3749049fa8edf9e07dfd6e/gnocchi.ab02a225-1907-4ad1-98e1-74e6b8270913/none_v3" 201 - "PUT http://[::1]:8080/1/40812/AUTH_402e63682d3749049fa8edf9e07dfd6e/gnocchi.ab02a225-1907-4ad1-98e1-74e6b8270913/none_v3" "tx1708dabda0d54af5bd6d2-00693b8ea8" "object-server 96958" 0.0006 "-" 96625 0
Dec 11 22:40:24 np0005556243.novalocal container-server[96625]: ::1 - - [12/Dec/2025:03:40:24 +0000] "PUT /2/104017/AUTH_402e63682d3749049fa8edf9e07dfd6e/gnocchi.ab02a225-1907-4ad1-98e1-74e6b8270913/none_v3" 201 - "PUT http://[::1]:8080/2/40812/AUTH_402e63682d3749049fa8edf9e07dfd6e/gnocchi.ab02a225-1907-4ad1-98e1-74e6b8270913/none_v3" "tx1708dabda0d54af5bd6d2-00693b8ea8" "object-server 96957" 0.0005 "-" 96625 0
Dec 11 22:40:24 np0005556243.novalocal object-server[96958]: ::1 - - [12/Dec/2025:03:40:24 +0000] "PUT /1/40812/AUTH_402e63682d3749049fa8edf9e07dfd6e/gnocchi.ab02a225-1907-4ad1-98e1-74e6b8270913/none_v3" 201 - "PUT https://[::1]:8080/v1/AUTH_402e63682d3749049fa8edf9e07dfd6e/gnocchi.ab02a225-1907-4ad1-98e1-74e6b8270913/none_v3" "tx1708dabda0d54af5bd6d2-00693b8ea8" "proxy-server 97889" 0.0147 "-" 96958 0
Dec 11 22:40:24 np0005556243.novalocal object-server[96957]: ::1 - - [12/Dec/2025:03:40:24 +0000] "PUT /2/40812/AUTH_402e63682d3749049fa8edf9e07dfd6e/gnocchi.ab02a225-1907-4ad1-98e1-74e6b8270913/none_v3" 201 - "PUT https://[::1]:8080/v1/AUTH_402e63682d3749049fa8edf9e07dfd6e/gnocchi.ab02a225-1907-4ad1-98e1-74e6b8270913/none_v3" "tx1708dabda0d54af5bd6d2-00693b8ea8" "proxy-server 97889" 0.0142 "-" 96957 0
Dec 11 22:40:24 np0005556243.novalocal container-server[96625]: ::1 - - [12/Dec/2025:03:40:24 +0000] "PUT /3/104017/AUTH_402e63682d3749049fa8edf9e07dfd6e/gnocchi.ab02a225-1907-4ad1-98e1-74e6b8270913/none_v3" 201 - "PUT http://[::1]:8080/3/40812/AUTH_402e63682d3749049fa8edf9e07dfd6e/gnocchi.ab02a225-1907-4ad1-98e1-74e6b8270913/none_v3" "tx1708dabda0d54af5bd6d2-00693b8ea8" "object-server 96957" 0.0005 "-" 96625 0
Dec 11 22:40:24 np0005556243.novalocal object-server[96957]: ::1 - - [12/Dec/2025:03:40:24 +0000] "PUT /3/40812/AUTH_402e63682d3749049fa8edf9e07dfd6e/gnocchi.ab02a225-1907-4ad1-98e1-74e6b8270913/none_v3" 201 - "PUT https://[::1]:8080/v1/AUTH_402e63682d3749049fa8edf9e07dfd6e/gnocchi.ab02a225-1907-4ad1-98e1-74e6b8270913/none_v3" "tx1708dabda0d54af5bd6d2-00693b8ea8" "proxy-server 97889" 0.0184 "-" 96957 0
Dec 11 22:40:24 np0005556243.novalocal proxy-server[97889]: ::1 ::1 12/Dec/2025/03/40/24 PUT /v1/AUTH_402e63682d3749049fa8edf9e07dfd6e/gnocchi.ab02a225-1907-4ad1-98e1-74e6b8270913/none_v3 HTTP/1.0 201 - python-swiftclient-4.8.0 gAAAAABpO452jeI2... 22 - - tx1708dabda0d54af5bd6d2-00693b8ea8 - 0.0320 - - 1765510824.077639818 1765510824.109688997 0 89ff87eb6954479d969b489941791c9f
Dec 11 22:40:24 np0005556243.novalocal object-server[96958]: ::1 - - [12/Dec/2025:03:40:24 +0000] "GET /1/21215/AUTH_402e63682d3749049fa8edf9e07dfd6e/gnocchi.29a77a18-598d-48b2-ab97-486af3f85d3e/none_v3" 200 22 "GET https://[::1]:8080/v1/AUTH_402e63682d3749049fa8edf9e07dfd6e/gnocchi.29a77a18-598d-48b2-ab97-486af3f85d3e/none_v3" "txdd9d8abfba2a41358044e-00693b8ea8" "proxy-server 97889" 0.0014 "-" 96958 0
Dec 11 22:40:24 np0005556243.novalocal proxy-server[97889]: ::1 ::1 12/Dec/2025/03/40/24 GET /v1/AUTH_402e63682d3749049fa8edf9e07dfd6e/gnocchi.29a77a18-598d-48b2-ab97-486af3f85d3e/none_v3 HTTP/1.0 200 - python-swiftclient-4.8.0 gAAAAABpO452jeI2... - 22 - txdd9d8abfba2a41358044e-00693b8ea8 - 0.0158 - - 1765510824.199176073 1765510824.214998722 0 89ff87eb6954479d969b489941791c9f
Dec 11 22:40:24 np0005556243.novalocal container-server[96624]: ::1 - - [12/Dec/2025:03:40:24 +0000] "GET /3/45743/AUTH_402e63682d3749049fa8edf9e07dfd6e/gnocchi.29a77a18-598d-48b2-ab97-486af3f85d3e" 200 357 "GET https://[::1]:8080/v1/AUTH_402e63682d3749049fa8edf9e07dfd6e/gnocchi.29a77a18-598d-48b2-ab97-486af3f85d3e?format=json&states=listing" "tx1124a0c459364079ae827-00693b8ea8" "proxy-server 97889" 0.0046 "-" 96624 0
Dec 11 22:40:24 np0005556243.novalocal proxy-server[97889]: ::1 ::1 12/Dec/2025/03/40/24 GET /v1/AUTH_402e63682d3749049fa8edf9e07dfd6e/gnocchi.29a77a18-598d-48b2-ab97-486af3f85d3e%3Fformat%3Djson%26states%3Dlisting HTTP/1.0 200 - python-swiftclient-4.8.0 gAAAAABpO452jeI2... - 357 - tx1124a0c459364079ae827-00693b8ea8 - 0.0163 - - 1765510824.218788385 1765510824.235040188 0 89ff87eb6954479d969b489941791c9f
Dec 11 22:40:24 np0005556243.novalocal container-server[96625]: ::1 - - [12/Dec/2025:03:40:24 +0000] "GET /2/45743/AUTH_402e63682d3749049fa8edf9e07dfd6e/gnocchi.29a77a18-598d-48b2-ab97-486af3f85d3e" 200 2 "GET https://[::1]:8080/v1/AUTH_402e63682d3749049fa8edf9e07dfd6e/gnocchi.29a77a18-598d-48b2-ab97-486af3f85d3e?format=json&marker=none_v3&states=listing" "tx872f520567c64ed2a3c6a-00693b8ea8" "proxy-server 97889" 0.0043 "-" 96625 0
Dec 11 22:40:24 np0005556243.novalocal proxy-server[97889]: ::1 ::1 12/Dec/2025/03/40/24 GET /v1/AUTH_402e63682d3749049fa8edf9e07dfd6e/gnocchi.29a77a18-598d-48b2-ab97-486af3f85d3e%3Fformat%3Djson%26marker%3Dnone_v3%26states%3Dlisting HTTP/1.0 200 - python-swiftclient-4.8.0 gAAAAABpO452jeI2... - 2 - tx872f520567c64ed2a3c6a-00693b8ea8 - 0.0153 - - 1765510824.238852024 1765510824.254129887 0 89ff87eb6954479d969b489941791c9f
Dec 11 22:40:24 np0005556243.novalocal object-server[96958]: ::1 - - [12/Dec/2025:03:40:24 +0000] "GET /3/165124/AUTH_402e63682d3749049fa8edf9e07dfd6e/gnocchi.29a77a18-598d-48b2-ab97-486af3f85d3e/1764720000.0_mean_300.0_v3" 200 16 "GET https://[::1]:8080/v1/AUTH_402e63682d3749049fa8edf9e07dfd6e/gnocchi.29a77a18-598d-48b2-ab97-486af3f85d3e/1764720000.0_mean_300.0_v3" "tx2fe0174c0d98439899c2a-00693b8ea8" "proxy-server 97889" 0.0010 "-" 96958 0
Dec 11 22:40:24 np0005556243.novalocal proxy-server[97889]: ::1 ::1 12/Dec/2025/03/40/24 GET /v1/AUTH_402e63682d3749049fa8edf9e07dfd6e/gnocchi.29a77a18-598d-48b2-ab97-486af3f85d3e/1764720000.0_mean_300.0_v3 HTTP/1.0 200 - python-swiftclient-4.8.0 gAAAAABpO452jeI2... - 16 - tx2fe0174c0d98439899c2a-00693b8ea8 - 0.0106 - - 1765510824.263656378 1765510824.274229527 0 89ff87eb6954479d969b489941791c9f
Dec 11 22:40:24 np0005556243.novalocal container-server[96624]: ::1 - - [12/Dec/2025:03:40:24 +0000] "PUT /2/45743/AUTH_402e63682d3749049fa8edf9e07dfd6e/gnocchi.29a77a18-598d-48b2-ab97-486af3f85d3e/1764720000.0_mean_300.0_v3" 201 - "PUT http://[::1]:8080/1/165124/AUTH_402e63682d3749049fa8edf9e07dfd6e/gnocchi.29a77a18-598d-48b2-ab97-486af3f85d3e/1764720000.0_mean_300.0_v3" "tx118566c9dcbf412d8e63c-00693b8ea8" "object-server 96958" 0.0008 "-" 96624 0
Dec 11 22:40:24 np0005556243.novalocal container-server[96625]: ::1 - - [12/Dec/2025:03:40:24 +0000] "PUT /3/45743/AUTH_402e63682d3749049fa8edf9e07dfd6e/gnocchi.29a77a18-598d-48b2-ab97-486af3f85d3e/1764720000.0_mean_300.0_v3" 201 - "PUT http://[::1]:8080/3/165124/AUTH_402e63682d3749049fa8edf9e07dfd6e/gnocchi.29a77a18-598d-48b2-ab97-486af3f85d3e/1764720000.0_mean_300.0_v3" "tx118566c9dcbf412d8e63c-00693b8ea8" "object-server 96957" 0.0009 "-" 96625 0
Dec 11 22:40:24 np0005556243.novalocal object-server[96958]: ::1 - - [12/Dec/2025:03:40:24 +0000] "PUT /1/165124/AUTH_402e63682d3749049fa8edf9e07dfd6e/gnocchi.29a77a18-598d-48b2-ab97-486af3f85d3e/1764720000.0_mean_300.0_v3" 201 - "PUT https://[::1]:8080/v1/AUTH_402e63682d3749049fa8edf9e07dfd6e/gnocchi.29a77a18-598d-48b2-ab97-486af3f85d3e/1764720000.0_mean_300.0_v3" "tx118566c9dcbf412d8e63c-00693b8ea8" "proxy-server 97889" 0.0171 "-" 96958 0
Dec 11 22:40:24 np0005556243.novalocal object-server[96957]: ::1 - - [12/Dec/2025:03:40:24 +0000] "PUT /3/165124/AUTH_402e63682d3749049fa8edf9e07dfd6e/gnocchi.29a77a18-598d-48b2-ab97-486af3f85d3e/1764720000.0_mean_300.0_v3" 201 - "PUT https://[::1]:8080/v1/AUTH_402e63682d3749049fa8edf9e07dfd6e/gnocchi.29a77a18-598d-48b2-ab97-486af3f85d3e/1764720000.0_mean_300.0_v3" "tx118566c9dcbf412d8e63c-00693b8ea8" "proxy-server 97889" 0.0165 "-" 96957 0
Dec 11 22:40:24 np0005556243.novalocal container-server[96625]: ::1 - - [12/Dec/2025:03:40:24 +0000] "PUT /1/45743/AUTH_402e63682d3749049fa8edf9e07dfd6e/gnocchi.29a77a18-598d-48b2-ab97-486af3f85d3e/1764720000.0_mean_300.0_v3" 201 - "PUT http://[::1]:8080/2/165124/AUTH_402e63682d3749049fa8edf9e07dfd6e/gnocchi.29a77a18-598d-48b2-ab97-486af3f85d3e/1764720000.0_mean_300.0_v3" "tx118566c9dcbf412d8e63c-00693b8ea8" "object-server 96958" 0.0005 "-" 96625 0
Dec 11 22:40:24 np0005556243.novalocal object-server[96958]: ::1 - - [12/Dec/2025:03:40:24 +0000] "PUT /2/165124/AUTH_402e63682d3749049fa8edf9e07dfd6e/gnocchi.29a77a18-598d-48b2-ab97-486af3f85d3e/1764720000.0_mean_300.0_v3" 201 - "PUT https://[::1]:8080/v1/AUTH_402e63682d3749049fa8edf9e07dfd6e/gnocchi.29a77a18-598d-48b2-ab97-486af3f85d3e/1764720000.0_mean_300.0_v3" "tx118566c9dcbf412d8e63c-00693b8ea8" "proxy-server 97889" 0.0187 "-" 96958 0
Dec 11 22:40:24 np0005556243.novalocal proxy-server[97889]: ::1 ::1 12/Dec/2025/03/40/24 PUT /v1/AUTH_402e63682d3749049fa8edf9e07dfd6e/gnocchi.29a77a18-598d-48b2-ab97-486af3f85d3e/1764720000.0_mean_300.0_v3 HTTP/1.0 201 - python-swiftclient-4.8.0 gAAAAABpO452jeI2... 23 - - tx118566c9dcbf412d8e63c-00693b8ea8 - 0.0328 - - 1765510824.278966427 1765510824.311805725 0 89ff87eb6954479d969b489941791c9f
Dec 11 22:40:24 np0005556243.novalocal container-server[96625]: ::1 - - [12/Dec/2025:03:40:24 +0000] "PUT /2/45743/AUTH_402e63682d3749049fa8edf9e07dfd6e/gnocchi.29a77a18-598d-48b2-ab97-486af3f85d3e/none_v3" 201 - "PUT http://[::1]:8080/2/21215/AUTH_402e63682d3749049fa8edf9e07dfd6e/gnocchi.29a77a18-598d-48b2-ab97-486af3f85d3e/none_v3" "tx4a4c572711da4d06ac864-00693b8ea8" "object-server 96958" 0.0009 "-" 96625 0
Dec 11 22:40:24 np0005556243.novalocal container-server[96624]: ::1 - - [12/Dec/2025:03:40:24 +0000] "PUT /3/45743/AUTH_402e63682d3749049fa8edf9e07dfd6e/gnocchi.29a77a18-598d-48b2-ab97-486af3f85d3e/none_v3" 201 - "PUT http://[::1]:8080/1/21215/AUTH_402e63682d3749049fa8edf9e07dfd6e/gnocchi.29a77a18-598d-48b2-ab97-486af3f85d3e/none_v3" "tx4a4c572711da4d06ac864-00693b8ea8" "object-server 96957" 0.0007 "-" 96624 0
Dec 11 22:40:24 np0005556243.novalocal object-server[96957]: ::1 - - [12/Dec/2025:03:40:24 +0000] "PUT /1/21215/AUTH_402e63682d3749049fa8edf9e07dfd6e/gnocchi.29a77a18-598d-48b2-ab97-486af3f85d3e/none_v3" 201 - "PUT https://[::1]:8080/v1/AUTH_402e63682d3749049fa8edf9e07dfd6e/gnocchi.29a77a18-598d-48b2-ab97-486af3f85d3e/none_v3" "tx4a4c572711da4d06ac864-00693b8ea8" "proxy-server 97889" 0.0158 "-" 96957 0
Dec 11 22:40:24 np0005556243.novalocal container-server[96624]: ::1 - - [12/Dec/2025:03:40:24 +0000] "PUT /1/45743/AUTH_402e63682d3749049fa8edf9e07dfd6e/gnocchi.29a77a18-598d-48b2-ab97-486af3f85d3e/none_v3" 201 - "PUT http://[::1]:8080/3/21215/AUTH_402e63682d3749049fa8edf9e07dfd6e/gnocchi.29a77a18-598d-48b2-ab97-486af3f85d3e/none_v3" "tx4a4c572711da4d06ac864-00693b8ea8" "object-server 96957" 0.0006 "-" 96624 0
Dec 11 22:40:24 np0005556243.novalocal object-server[96957]: ::1 - - [12/Dec/2025:03:40:24 +0000] "PUT /3/21215/AUTH_402e63682d3749049fa8edf9e07dfd6e/gnocchi.29a77a18-598d-48b2-ab97-486af3f85d3e/none_v3" 201 - "PUT https://[::1]:8080/v1/AUTH_402e63682d3749049fa8edf9e07dfd6e/gnocchi.29a77a18-598d-48b2-ab97-486af3f85d3e/none_v3" "tx4a4c572711da4d06ac864-00693b8ea8" "proxy-server 97889" 0.0157 "-" 96957 0
Dec 11 22:40:24 np0005556243.novalocal object-server[96958]: ::1 - - [12/Dec/2025:03:40:24 +0000] "PUT /2/21215/AUTH_402e63682d3749049fa8edf9e07dfd6e/gnocchi.29a77a18-598d-48b2-ab97-486af3f85d3e/none_v3" 201 - "PUT https://[::1]:8080/v1/AUTH_402e63682d3749049fa8edf9e07dfd6e/gnocchi.29a77a18-598d-48b2-ab97-486af3f85d3e/none_v3" "tx4a4c572711da4d06ac864-00693b8ea8" "proxy-server 97889" 0.0181 "-" 96958 0
Dec 11 22:40:24 np0005556243.novalocal proxy-server[97889]: ::1 ::1 12/Dec/2025/03/40/24 PUT /v1/AUTH_402e63682d3749049fa8edf9e07dfd6e/gnocchi.29a77a18-598d-48b2-ab97-486af3f85d3e/none_v3 HTTP/1.0 201 - python-swiftclient-4.8.0 gAAAAABpO452jeI2... 22 - - tx4a4c572711da4d06ac864-00693b8ea8 - 0.0292 - - 1765510824.317178726 1765510824.346407652 0 89ff87eb6954479d969b489941791c9f
Dec 11 22:40:24 np0005556243.novalocal object-server[96957]: ::1 - - [12/Dec/2025:03:40:24 +0000] "GET /1/6230/AUTH_402e63682d3749049fa8edf9e07dfd6e/gnocchi.0cfb6d23-5286-473d-8060-0bff0469fbcf/none_v3" 200 22 "GET https://[::1]:8080/v1/AUTH_402e63682d3749049fa8edf9e07dfd6e/gnocchi.0cfb6d23-5286-473d-8060-0bff0469fbcf/none_v3" "txe607f94651414142a3523-00693b8ea8" "proxy-server 97889" 0.0011 "-" 96957 0
Dec 11 22:40:24 np0005556243.novalocal proxy-server[97889]: ::1 ::1 12/Dec/2025/03/40/24 GET /v1/AUTH_402e63682d3749049fa8edf9e07dfd6e/gnocchi.0cfb6d23-5286-473d-8060-0bff0469fbcf/none_v3 HTTP/1.0 200 - python-swiftclient-4.8.0 gAAAAABpO452jeI2... - 22 - txe607f94651414142a3523-00693b8ea8 - 0.0090 - - 1765510824.386638641 1765510824.395644903 0 89ff87eb6954479d969b489941791c9f
Dec 11 22:40:24 np0005556243.novalocal object-server[96957]: ::1 - - [12/Dec/2025:03:40:24 +0000] "GET /1/83132/AUTH_402e63682d3749049fa8edf9e07dfd6e/gnocchi.affd6b57-36d4-4657-be3e-9ce75e6f3c4f/none_v3" 200 22 "GET https://[::1]:8080/v1/AUTH_402e63682d3749049fa8edf9e07dfd6e/gnocchi.affd6b57-36d4-4657-be3e-9ce75e6f3c4f/none_v3" "tx3c40584ace8e4711ae9bf-00693b8ea8" "proxy-server 97889" 0.0010 "-" 96957 0
Dec 11 22:40:24 np0005556243.novalocal proxy-server[97889]: ::1 ::1 12/Dec/2025/03/40/24 GET /v1/AUTH_402e63682d3749049fa8edf9e07dfd6e/gnocchi.affd6b57-36d4-4657-be3e-9ce75e6f3c4f/none_v3 HTTP/1.0 200 - python-swiftclient-4.8.0 gAAAAABpO452jeI2... - 22 - tx3c40584ace8e4711ae9bf-00693b8ea8 - 0.0073 - - 1765510824.398211241 1765510824.405558586 0 89ff87eb6954479d969b489941791c9f
Dec 11 22:40:24 np0005556243.novalocal container-server[96625]: ::1 - - [12/Dec/2025:03:40:24 +0000] "GET /3/233561/AUTH_402e63682d3749049fa8edf9e07dfd6e/gnocchi.0cfb6d23-5286-473d-8060-0bff0469fbcf" 200 357 "GET https://[::1]:8080/v1/AUTH_402e63682d3749049fa8edf9e07dfd6e/gnocchi.0cfb6d23-5286-473d-8060-0bff0469fbcf?format=json&states=listing" "tx837550542d264a56b7fb9-00693b8ea8" "proxy-server 97889" 0.0049 "-" 96625 0
Dec 11 22:40:24 np0005556243.novalocal proxy-server[97889]: ::1 ::1 12/Dec/2025/03/40/24 GET /v1/AUTH_402e63682d3749049fa8edf9e07dfd6e/gnocchi.0cfb6d23-5286-473d-8060-0bff0469fbcf%3Fformat%3Djson%26states%3Dlisting HTTP/1.0 200 - python-swiftclient-4.8.0 gAAAAABpO452jeI2... - 357 - tx837550542d264a56b7fb9-00693b8ea8 - 0.0124 - - 1765510824.408952475 1765510824.421378851 0 89ff87eb6954479d969b489941791c9f
Dec 11 22:40:24 np0005556243.novalocal container-server[96625]: ::1 - - [12/Dec/2025:03:40:24 +0000] "GET /1/233561/AUTH_402e63682d3749049fa8edf9e07dfd6e/gnocchi.0cfb6d23-5286-473d-8060-0bff0469fbcf" 200 2 "GET https://[::1]:8080/v1/AUTH_402e63682d3749049fa8edf9e07dfd6e/gnocchi.0cfb6d23-5286-473d-8060-0bff0469fbcf?format=json&marker=none_v3&states=listing" "tx0b9465b904e04dfbba7e1-00693b8ea8" "proxy-server 97889" 0.0022 "-" 96625 0
Dec 11 22:40:24 np0005556243.novalocal proxy-server[97889]: ::1 ::1 12/Dec/2025/03/40/24 GET /v1/AUTH_402e63682d3749049fa8edf9e07dfd6e/gnocchi.0cfb6d23-5286-473d-8060-0bff0469fbcf%3Fformat%3Djson%26marker%3Dnone_v3%26states%3Dlisting HTTP/1.0 200 - python-swiftclient-4.8.0 gAAAAABpO452jeI2... - 2 - tx0b9465b904e04dfbba7e1-00693b8ea8 - 0.0088 - - 1765510824.424278021 1765510824.433053255 0 89ff87eb6954479d969b489941791c9f
Dec 11 22:40:24 np0005556243.novalocal container-server[96624]: ::1 - - [12/Dec/2025:03:40:24 +0000] "GET /3/175641/AUTH_402e63682d3749049fa8edf9e07dfd6e/gnocchi.affd6b57-36d4-4657-be3e-9ce75e6f3c4f" 200 357 "GET https://[::1]:8080/v1/AUTH_402e63682d3749049fa8edf9e07dfd6e/gnocchi.affd6b57-36d4-4657-be3e-9ce75e6f3c4f?format=json&states=listing" "tx9bcf8733a3e94b90b4c5a-00693b8ea8" "proxy-server 97889" 0.0040 "-" 96624 0
Dec 11 22:40:24 np0005556243.novalocal proxy-server[97889]: ::1 ::1 12/Dec/2025/03/40/24 GET /v1/AUTH_402e63682d3749049fa8edf9e07dfd6e/gnocchi.affd6b57-36d4-4657-be3e-9ce75e6f3c4f%3Fformat%3Djson%26states%3Dlisting HTTP/1.0 200 - python-swiftclient-4.8.0 gAAAAABpO452jeI2... - 357 - tx9bcf8733a3e94b90b4c5a-00693b8ea8 - 0.0167 - - 1765510824.437743425 1765510824.454408884 0 89ff87eb6954479d969b489941791c9f
Dec 11 22:40:24 np0005556243.novalocal container-server[96624]: ::1 - - [12/Dec/2025:03:40:24 +0000] "GET /2/175641/AUTH_402e63682d3749049fa8edf9e07dfd6e/gnocchi.affd6b57-36d4-4657-be3e-9ce75e6f3c4f" 200 2 "GET https://[::1]:8080/v1/AUTH_402e63682d3749049fa8edf9e07dfd6e/gnocchi.affd6b57-36d4-4657-be3e-9ce75e6f3c4f?format=json&marker=none_v3&states=listing" "txd15eda88557842f985323-00693b8ea8" "proxy-server 97889" 0.0035 "-" 96624 0
Dec 11 22:40:24 np0005556243.novalocal proxy-server[97889]: ::1 ::1 12/Dec/2025/03/40/24 GET /v1/AUTH_402e63682d3749049fa8edf9e07dfd6e/gnocchi.affd6b57-36d4-4657-be3e-9ce75e6f3c4f%3Fformat%3Djson%26marker%3Dnone_v3%26states%3Dlisting HTTP/1.0 200 - python-swiftclient-4.8.0 gAAAAABpO452jeI2... - 2 - txd15eda88557842f985323-00693b8ea8 - 0.0115 - - 1765510824.457428217 1765510824.468889713 0 89ff87eb6954479d969b489941791c9f
Dec 11 22:40:24 np0005556243.novalocal object-server[96957]: ::1 - - [12/Dec/2025:03:40:24 +0000] "GET /2/7658/AUTH_402e63682d3749049fa8edf9e07dfd6e/gnocchi.0cfb6d23-5286-473d-8060-0bff0469fbcf/1764720000.0_mean_300.0_v3" 200 16 "GET https://[::1]:8080/v1/AUTH_402e63682d3749049fa8edf9e07dfd6e/gnocchi.0cfb6d23-5286-473d-8060-0bff0469fbcf/1764720000.0_mean_300.0_v3" "tx05613c2404894753b5770-00693b8ea8" "proxy-server 97889" 0.0011 "-" 96957 0
Dec 11 22:40:24 np0005556243.novalocal proxy-server[97889]: ::1 ::1 12/Dec/2025/03/40/24 GET /v1/AUTH_402e63682d3749049fa8edf9e07dfd6e/gnocchi.0cfb6d23-5286-473d-8060-0bff0469fbcf/1764720000.0_mean_300.0_v3 HTTP/1.0 200 - python-swiftclient-4.8.0 gAAAAABpO452jeI2... - 16 - tx05613c2404894753b5770-00693b8ea8 - 0.0092 - - 1765510824.472610474 1765510824.481828928 0 89ff87eb6954479d969b489941791c9f
Dec 11 22:40:24 np0005556243.novalocal object-server[96957]: ::1 - - [12/Dec/2025:03:40:24 +0000] "GET /1/199926/AUTH_402e63682d3749049fa8edf9e07dfd6e/gnocchi.affd6b57-36d4-4657-be3e-9ce75e6f3c4f/1764720000.0_mean_300.0_v3" 200 16 "GET https://[::1]:8080/v1/AUTH_402e63682d3749049fa8edf9e07dfd6e/gnocchi.affd6b57-36d4-4657-be3e-9ce75e6f3c4f/1764720000.0_mean_300.0_v3" "txc9ca2c46ea2d487080d54-00693b8ea8" "proxy-server 97889" 0.0010 "-" 96957 0
Dec 11 22:40:24 np0005556243.novalocal proxy-server[97889]: ::1 ::1 12/Dec/2025/03/40/24 GET /v1/AUTH_402e63682d3749049fa8edf9e07dfd6e/gnocchi.affd6b57-36d4-4657-be3e-9ce75e6f3c4f/1764720000.0_mean_300.0_v3 HTTP/1.0 200 - python-swiftclient-4.8.0 gAAAAABpO452jeI2... - 16 - txc9ca2c46ea2d487080d54-00693b8ea8 - 0.0071 - - 1765510824.484345913 1765510824.491495132 0 89ff87eb6954479d969b489941791c9f
Dec 11 22:40:24 np0005556243.novalocal container-server[96624]: ::1 - - [12/Dec/2025:03:40:24 +0000] "PUT /3/233561/AUTH_402e63682d3749049fa8edf9e07dfd6e/gnocchi.0cfb6d23-5286-473d-8060-0bff0469fbcf/1764720000.0_mean_300.0_v3" 201 - "PUT http://[::1]:8080/2/7658/AUTH_402e63682d3749049fa8edf9e07dfd6e/gnocchi.0cfb6d23-5286-473d-8060-0bff0469fbcf/1764720000.0_mean_300.0_v3" "tx30fecc6a302d49d683810-00693b8ea8" "object-server 96958" 0.0008 "-" 96624 0
Dec 11 22:40:24 np0005556243.novalocal object-server[96958]: ::1 - - [12/Dec/2025:03:40:24 +0000] "PUT /2/7658/AUTH_402e63682d3749049fa8edf9e07dfd6e/gnocchi.0cfb6d23-5286-473d-8060-0bff0469fbcf/1764720000.0_mean_300.0_v3" 201 - "PUT https://[::1]:8080/v1/AUTH_402e63682d3749049fa8edf9e07dfd6e/gnocchi.0cfb6d23-5286-473d-8060-0bff0469fbcf/1764720000.0_mean_300.0_v3" "tx30fecc6a302d49d683810-00693b8ea8" "proxy-server 97889" 0.0128 "-" 96958 0
Dec 11 22:40:24 np0005556243.novalocal container-server[96625]: ::1 - - [12/Dec/2025:03:40:24 +0000] "PUT /2/233561/AUTH_402e63682d3749049fa8edf9e07dfd6e/gnocchi.0cfb6d23-5286-473d-8060-0bff0469fbcf/1764720000.0_mean_300.0_v3" 201 - "PUT http://[::1]:8080/1/7658/AUTH_402e63682d3749049fa8edf9e07dfd6e/gnocchi.0cfb6d23-5286-473d-8060-0bff0469fbcf/1764720000.0_mean_300.0_v3" "tx30fecc6a302d49d683810-00693b8ea8" "object-server 96957" 0.0006 "-" 96625 0
Dec 11 22:40:24 np0005556243.novalocal container-server[96625]: ::1 - - [12/Dec/2025:03:40:24 +0000] "PUT /1/233561/AUTH_402e63682d3749049fa8edf9e07dfd6e/gnocchi.0cfb6d23-5286-473d-8060-0bff0469fbcf/1764720000.0_mean_300.0_v3" 201 - "PUT http://[::1]:8080/3/7658/AUTH_402e63682d3749049fa8edf9e07dfd6e/gnocchi.0cfb6d23-5286-473d-8060-0bff0469fbcf/1764720000.0_mean_300.0_v3" "tx30fecc6a302d49d683810-00693b8ea8" "object-server 96957" 0.0004 "-" 96625 0
Dec 11 22:40:24 np0005556243.novalocal object-server[96957]: ::1 - - [12/Dec/2025:03:40:24 +0000] "PUT /1/7658/AUTH_402e63682d3749049fa8edf9e07dfd6e/gnocchi.0cfb6d23-5286-473d-8060-0bff0469fbcf/1764720000.0_mean_300.0_v3" 201 - "PUT https://[::1]:8080/v1/AUTH_402e63682d3749049fa8edf9e07dfd6e/gnocchi.0cfb6d23-5286-473d-8060-0bff0469fbcf/1764720000.0_mean_300.0_v3" "tx30fecc6a302d49d683810-00693b8ea8" "proxy-server 97889" 0.0122 "-" 96957 0
Dec 11 22:40:24 np0005556243.novalocal object-server[96957]: ::1 - - [12/Dec/2025:03:40:24 +0000] "PUT /3/7658/AUTH_402e63682d3749049fa8edf9e07dfd6e/gnocchi.0cfb6d23-5286-473d-8060-0bff0469fbcf/1764720000.0_mean_300.0_v3" 201 - "PUT https://[::1]:8080/v1/AUTH_402e63682d3749049fa8edf9e07dfd6e/gnocchi.0cfb6d23-5286-473d-8060-0bff0469fbcf/1764720000.0_mean_300.0_v3" "tx30fecc6a302d49d683810-00693b8ea8" "proxy-server 97889" 0.0160 "-" 96957 0
Dec 11 22:40:24 np0005556243.novalocal proxy-server[97889]: ::1 ::1 12/Dec/2025/03/40/24 PUT /v1/AUTH_402e63682d3749049fa8edf9e07dfd6e/gnocchi.0cfb6d23-5286-473d-8060-0bff0469fbcf/1764720000.0_mean_300.0_v3 HTTP/1.0 201 - python-swiftclient-4.8.0 gAAAAABpO452jeI2... 22 - - tx30fecc6a302d49d683810-00693b8ea8 - 0.0236 - - 1765510824.494911671 1765510824.518532038 0 89ff87eb6954479d969b489941791c9f
Dec 11 22:40:24 np0005556243.novalocal container-server[96624]: ::1 - - [12/Dec/2025:03:40:24 +0000] "PUT /2/175641/AUTH_402e63682d3749049fa8edf9e07dfd6e/gnocchi.affd6b57-36d4-4657-be3e-9ce75e6f3c4f/1764720000.0_mean_300.0_v3" 201 - "PUT http://[::1]:8080/2/199926/AUTH_402e63682d3749049fa8edf9e07dfd6e/gnocchi.affd6b57-36d4-4657-be3e-9ce75e6f3c4f/1764720000.0_mean_300.0_v3" "txd74ed1c259294785bbfa6-00693b8ea8" "object-server 96957" 0.0007 "-" 96624 0
Dec 11 22:40:24 np0005556243.novalocal object-server[96957]: ::1 - - [12/Dec/2025:03:40:24 +0000] "PUT /2/199926/AUTH_402e63682d3749049fa8edf9e07dfd6e/gnocchi.affd6b57-36d4-4657-be3e-9ce75e6f3c4f/1764720000.0_mean_300.0_v3" 201 - "PUT https://[::1]:8080/v1/AUTH_402e63682d3749049fa8edf9e07dfd6e/gnocchi.affd6b57-36d4-4657-be3e-9ce75e6f3c4f/1764720000.0_mean_300.0_v3" "txd74ed1c259294785bbfa6-00693b8ea8" "proxy-server 97889" 0.0113 "-" 96957 0
Dec 11 22:40:24 np0005556243.novalocal container-server[96625]: ::1 - - [12/Dec/2025:03:40:24 +0000] "PUT /1/175641/AUTH_402e63682d3749049fa8edf9e07dfd6e/gnocchi.affd6b57-36d4-4657-be3e-9ce75e6f3c4f/1764720000.0_mean_300.0_v3" 201 - "PUT http://[::1]:8080/3/199926/AUTH_402e63682d3749049fa8edf9e07dfd6e/gnocchi.affd6b57-36d4-4657-be3e-9ce75e6f3c4f/1764720000.0_mean_300.0_v3" "txd74ed1c259294785bbfa6-00693b8ea8" "object-server 96957" 0.0017 "-" 96625 0
Dec 11 22:40:24 np0005556243.novalocal object-server[96957]: ::1 - - [12/Dec/2025:03:40:24 +0000] "PUT /3/199926/AUTH_402e63682d3749049fa8edf9e07dfd6e/gnocchi.affd6b57-36d4-4657-be3e-9ce75e6f3c4f/1764720000.0_mean_300.0_v3" 201 - "PUT https://[::1]:8080/v1/AUTH_402e63682d3749049fa8edf9e07dfd6e/gnocchi.affd6b57-36d4-4657-be3e-9ce75e6f3c4f/1764720000.0_mean_300.0_v3" "txd74ed1c259294785bbfa6-00693b8ea8" "proxy-server 97889" 0.0168 "-" 96957 0
Dec 11 22:40:24 np0005556243.novalocal container-server[96625]: ::1 - - [12/Dec/2025:03:40:24 +0000] "PUT /3/175641/AUTH_402e63682d3749049fa8edf9e07dfd6e/gnocchi.affd6b57-36d4-4657-be3e-9ce75e6f3c4f/1764720000.0_mean_300.0_v3" 201 - "PUT http://[::1]:8080/1/199926/AUTH_402e63682d3749049fa8edf9e07dfd6e/gnocchi.affd6b57-36d4-4657-be3e-9ce75e6f3c4f/1764720000.0_mean_300.0_v3" "txd74ed1c259294785bbfa6-00693b8ea8" "object-server 96958" 0.0016 "-" 96625 0
Dec 11 22:40:24 np0005556243.novalocal object-server[96958]: ::1 - - [12/Dec/2025:03:40:24 +0000] "PUT /1/199926/AUTH_402e63682d3749049fa8edf9e07dfd6e/gnocchi.affd6b57-36d4-4657-be3e-9ce75e6f3c4f/1764720000.0_mean_300.0_v3" 201 - "PUT https://[::1]:8080/v1/AUTH_402e63682d3749049fa8edf9e07dfd6e/gnocchi.affd6b57-36d4-4657-be3e-9ce75e6f3c4f/1764720000.0_mean_300.0_v3" "txd74ed1c259294785bbfa6-00693b8ea8" "proxy-server 97889" 0.0264 "-" 96958 0
Dec 11 22:40:24 np0005556243.novalocal proxy-server[97889]: ::1 ::1 12/Dec/2025/03/40/24 PUT /v1/AUTH_402e63682d3749049fa8edf9e07dfd6e/gnocchi.affd6b57-36d4-4657-be3e-9ce75e6f3c4f/1764720000.0_mean_300.0_v3 HTTP/1.0 201 - python-swiftclient-4.8.0 gAAAAABpO452jeI2... 18 - - txd74ed1c259294785bbfa6-00693b8ea8 - 0.0346 - - 1765510824.522934437 1765510824.557531595 0 89ff87eb6954479d969b489941791c9f
Dec 11 22:40:24 np0005556243.novalocal container-server[96625]: ::1 - - [12/Dec/2025:03:40:24 +0000] "PUT /1/233561/AUTH_402e63682d3749049fa8edf9e07dfd6e/gnocchi.0cfb6d23-5286-473d-8060-0bff0469fbcf/none_v3" 201 - "PUT http://[::1]:8080/1/6230/AUTH_402e63682d3749049fa8edf9e07dfd6e/gnocchi.0cfb6d23-5286-473d-8060-0bff0469fbcf/none_v3" "tx237cdc48a2f7449b9887e-00693b8ea8" "object-server 96957" 0.0005 "-" 96625 0
Dec 11 22:40:24 np0005556243.novalocal container-server[96625]: ::1 - - [12/Dec/2025:03:40:24 +0000] "PUT /2/233561/AUTH_402e63682d3749049fa8edf9e07dfd6e/gnocchi.0cfb6d23-5286-473d-8060-0bff0469fbcf/none_v3" 201 - "PUT http://[::1]:8080/3/6230/AUTH_402e63682d3749049fa8edf9e07dfd6e/gnocchi.0cfb6d23-5286-473d-8060-0bff0469fbcf/none_v3" "tx237cdc48a2f7449b9887e-00693b8ea8" "object-server 96958" 0.0004 "-" 96625 0
Dec 11 22:40:24 np0005556243.novalocal object-server[96957]: ::1 - - [12/Dec/2025:03:40:24 +0000] "PUT /1/6230/AUTH_402e63682d3749049fa8edf9e07dfd6e/gnocchi.0cfb6d23-5286-473d-8060-0bff0469fbcf/none_v3" 201 - "PUT https://[::1]:8080/v1/AUTH_402e63682d3749049fa8edf9e07dfd6e/gnocchi.0cfb6d23-5286-473d-8060-0bff0469fbcf/none_v3" "tx237cdc48a2f7449b9887e-00693b8ea8" "proxy-server 97889" 0.0126 "-" 96957 0
Dec 11 22:40:24 np0005556243.novalocal object-server[96958]: ::1 - - [12/Dec/2025:03:40:24 +0000] "PUT /3/6230/AUTH_402e63682d3749049fa8edf9e07dfd6e/gnocchi.0cfb6d23-5286-473d-8060-0bff0469fbcf/none_v3" 201 - "PUT https://[::1]:8080/v1/AUTH_402e63682d3749049fa8edf9e07dfd6e/gnocchi.0cfb6d23-5286-473d-8060-0bff0469fbcf/none_v3" "tx237cdc48a2f7449b9887e-00693b8ea8" "proxy-server 97889" 0.0131 "-" 96958 0
Dec 11 22:40:24 np0005556243.novalocal container-server[96625]: ::1 - - [12/Dec/2025:03:40:24 +0000] "PUT /3/233561/AUTH_402e63682d3749049fa8edf9e07dfd6e/gnocchi.0cfb6d23-5286-473d-8060-0bff0469fbcf/none_v3" 201 - "PUT http://[::1]:8080/2/6230/AUTH_402e63682d3749049fa8edf9e07dfd6e/gnocchi.0cfb6d23-5286-473d-8060-0bff0469fbcf/none_v3" "tx237cdc48a2f7449b9887e-00693b8ea8" "object-server 96958" 0.0012 "-" 96625 0
Dec 11 22:40:24 np0005556243.novalocal object-server[96958]: ::1 - - [12/Dec/2025:03:40:24 +0000] "PUT /2/6230/AUTH_402e63682d3749049fa8edf9e07dfd6e/gnocchi.0cfb6d23-5286-473d-8060-0bff0469fbcf/none_v3" 201 - "PUT https://[::1]:8080/v1/AUTH_402e63682d3749049fa8edf9e07dfd6e/gnocchi.0cfb6d23-5286-473d-8060-0bff0469fbcf/none_v3" "tx237cdc48a2f7449b9887e-00693b8ea8" "proxy-server 97889" 0.0172 "-" 96958 0
Dec 11 22:40:24 np0005556243.novalocal proxy-server[97889]: ::1 ::1 12/Dec/2025/03/40/24 PUT /v1/AUTH_402e63682d3749049fa8edf9e07dfd6e/gnocchi.0cfb6d23-5286-473d-8060-0bff0469fbcf/none_v3 HTTP/1.0 201 - python-swiftclient-4.8.0 gAAAAABpO452jeI2... 22 - - tx237cdc48a2f7449b9887e-00693b8ea8 - 0.0245 - - 1765510824.561318636 1765510824.585854769 0 89ff87eb6954479d969b489941791c9f
Dec 11 22:40:24 np0005556243.novalocal container-server[96624]: ::1 - - [12/Dec/2025:03:40:24 +0000] "PUT /1/175641/AUTH_402e63682d3749049fa8edf9e07dfd6e/gnocchi.affd6b57-36d4-4657-be3e-9ce75e6f3c4f/none_v3" 201 - "PUT http://[::1]:8080/3/83132/AUTH_402e63682d3749049fa8edf9e07dfd6e/gnocchi.affd6b57-36d4-4657-be3e-9ce75e6f3c4f/none_v3" "tx3c29ae711ae344b7851cc-00693b8ea8" "object-server 96957" 0.0005 "-" 96624 0
Dec 11 22:40:24 np0005556243.novalocal object-server[96957]: ::1 - - [12/Dec/2025:03:40:24 +0000] "PUT /3/83132/AUTH_402e63682d3749049fa8edf9e07dfd6e/gnocchi.affd6b57-36d4-4657-be3e-9ce75e6f3c4f/none_v3" 201 - "PUT https://[::1]:8080/v1/AUTH_402e63682d3749049fa8edf9e07dfd6e/gnocchi.affd6b57-36d4-4657-be3e-9ce75e6f3c4f/none_v3" "tx3c29ae711ae344b7851cc-00693b8ea8" "proxy-server 97889" 0.0161 "-" 96957 0
Dec 11 22:40:24 np0005556243.novalocal container-server[96625]: ::1 - - [12/Dec/2025:03:40:24 +0000] "PUT /2/175641/AUTH_402e63682d3749049fa8edf9e07dfd6e/gnocchi.affd6b57-36d4-4657-be3e-9ce75e6f3c4f/none_v3" 201 - "PUT http://[::1]:8080/2/83132/AUTH_402e63682d3749049fa8edf9e07dfd6e/gnocchi.affd6b57-36d4-4657-be3e-9ce75e6f3c4f/none_v3" "tx3c29ae711ae344b7851cc-00693b8ea8" "object-server 96958" 0.0007 "-" 96625 0
Dec 11 22:40:24 np0005556243.novalocal container-server[96625]: ::1 - - [12/Dec/2025:03:40:24 +0000] "PUT /3/175641/AUTH_402e63682d3749049fa8edf9e07dfd6e/gnocchi.affd6b57-36d4-4657-be3e-9ce75e6f3c4f/none_v3" 201 - "PUT http://[::1]:8080/1/83132/AUTH_402e63682d3749049fa8edf9e07dfd6e/gnocchi.affd6b57-36d4-4657-be3e-9ce75e6f3c4f/none_v3" "tx3c29ae711ae344b7851cc-00693b8ea8" "object-server 96957" 0.0004 "-" 96625 0
Dec 11 22:40:24 np0005556243.novalocal object-server[96958]: ::1 - - [12/Dec/2025:03:40:24 +0000] "PUT /2/83132/AUTH_402e63682d3749049fa8edf9e07dfd6e/gnocchi.affd6b57-36d4-4657-be3e-9ce75e6f3c4f/none_v3" 201 - "PUT https://[::1]:8080/v1/AUTH_402e63682d3749049fa8edf9e07dfd6e/gnocchi.affd6b57-36d4-4657-be3e-9ce75e6f3c4f/none_v3" "tx3c29ae711ae344b7851cc-00693b8ea8" "proxy-server 97889" 0.0191 "-" 96958 0
Dec 11 22:40:24 np0005556243.novalocal object-server[96957]: ::1 - - [12/Dec/2025:03:40:24 +0000] "PUT /1/83132/AUTH_402e63682d3749049fa8edf9e07dfd6e/gnocchi.affd6b57-36d4-4657-be3e-9ce75e6f3c4f/none_v3" 201 - "PUT https://[::1]:8080/v1/AUTH_402e63682d3749049fa8edf9e07dfd6e/gnocchi.affd6b57-36d4-4657-be3e-9ce75e6f3c4f/none_v3" "tx3c29ae711ae344b7851cc-00693b8ea8" "proxy-server 97889" 0.0181 "-" 96957 0
Dec 11 22:40:24 np0005556243.novalocal proxy-server[97889]: ::1 ::1 12/Dec/2025/03/40/24 PUT /v1/AUTH_402e63682d3749049fa8edf9e07dfd6e/gnocchi.affd6b57-36d4-4657-be3e-9ce75e6f3c4f/none_v3 HTTP/1.0 201 - python-swiftclient-4.8.0 gAAAAABpO452jeI2... 22 - - tx3c29ae711ae344b7851cc-00693b8ea8 - 0.0294 - - 1765510824.589782476 1765510824.619144917 0 89ff87eb6954479d969b489941791c9f
Dec 11 22:40:25 np0005556243.novalocal object-auditor[104755]: Object audit (ALL) "forever" mode completed: 12.97s. Total quarantined: 0, Total errors: 0, Total files/sec: 8.79, Total bytes/sec: 9910623.99, Auditing time: 12.94, Rate: 1.00
Dec 11 22:40:28 np0005556243.novalocal systemd[1]: NetworkManager-dispatcher.service: Deactivated successfully.
Dec 11 22:40:31 np0005556243.novalocal dnsmasq-dhcp[104604]: DHCPDISCOVER(tapcd76f4a7-ad) fa:16:3e:cc:24:8f
Dec 11 22:40:31 np0005556243.novalocal dnsmasq-dhcp[104604]: DHCPOFFER(tapcd76f4a7-ad) 10.100.0.3 fa:16:3e:cc:24:8f
Dec 11 22:40:31 np0005556243.novalocal dnsmasq-dhcp[104604]: DHCPREQUEST(tapcd76f4a7-ad) 10.100.0.3 fa:16:3e:cc:24:8f
Dec 11 22:40:31 np0005556243.novalocal dnsmasq-dhcp[104604]: DHCPACK(tapcd76f4a7-ad) 10.100.0.3 fa:16:3e:cc:24:8f host-10-100-0-3
Dec 11 22:40:31 np0005556243.novalocal kernel: qbr925db338-11: port 2(tap925db338-11) entered disabled state
Dec 11 22:40:31 np0005556243.novalocal kernel: tap925db338-11 (unregistering): left allmulticast mode
Dec 11 22:40:31 np0005556243.novalocal kernel: tap925db338-11 (unregistering): left promiscuous mode
Dec 11 22:40:31 np0005556243.novalocal kernel: qbr925db338-11: port 2(tap925db338-11) entered disabled state
Dec 11 22:40:31 np0005556243.novalocal NetworkManager[859]: [1765510831.3112] device (tap925db338-11): state change: activated -> unmanaged (reason 'unmanaged', managed-type: 'removed')
Dec 11 22:40:31 np0005556243.novalocal NetworkManager[859]: [1765510831.3119] device (tap925db338-11): released from controller device qbr925db338-11
Dec 11 22:40:31 np0005556243.novalocal systemd[1]: Starting Network Manager Script Dispatcher Service...
Dec 11 22:40:31 np0005556243.novalocal systemd[1]: machine-qemu\x2d3\x2dinstance\x2d00000003.scope: Deactivated successfully.
Dec 11 22:40:31 np0005556243.novalocal systemd[1]: machine-qemu\x2d3\x2dinstance\x2d00000003.scope: Consumed 12.169s CPU time.
Dec 11 22:40:31 np0005556243.novalocal systemd-machined[93525]: Machine qemu-3-instance-00000003 terminated.
Dec 11 22:40:31 np0005556243.novalocal systemd[1]: Started Network Manager Script Dispatcher Service.
Dec 11 22:40:32 np0005556243.novalocal object-server[96957]: ::1 - - [12/Dec/2025:03:40:32 +0000] "GET /2/40812/AUTH_402e63682d3749049fa8edf9e07dfd6e/gnocchi.ab02a225-1907-4ad1-98e1-74e6b8270913/none_v3" 200 22 "GET https://[::1]:8080/v1/AUTH_402e63682d3749049fa8edf9e07dfd6e/gnocchi.ab02a225-1907-4ad1-98e1-74e6b8270913/none_v3" "tx3c8f99e31e3c49a7a43f9-00693b8eaf" "proxy-server 97888" 0.0013 "-" 96957 0
Dec 11 22:40:32 np0005556243.novalocal proxy-server[97888]: ::1 ::1 12/Dec/2025/03/40/32 GET /v1/AUTH_402e63682d3749049fa8edf9e07dfd6e/gnocchi.ab02a225-1907-4ad1-98e1-74e6b8270913/none_v3 HTTP/1.0 200 - python-swiftclient-4.8.0 gAAAAABpO450Q4QS... - 22 - tx3c8f99e31e3c49a7a43f9-00693b8eaf - 0.0085 - - 1765510832.000070333 1765510832.008608580 0 89ff87eb6954479d969b489941791c9f
Dec 11 22:40:32 np0005556243.novalocal container-server[96625]: ::1 - - [12/Dec/2025:03:40:32 +0000] "GET /2/104017/AUTH_402e63682d3749049fa8edf9e07dfd6e/gnocchi.ab02a225-1907-4ad1-98e1-74e6b8270913" 200 357 "GET https://[::1]:8080/v1/AUTH_402e63682d3749049fa8edf9e07dfd6e/gnocchi.ab02a225-1907-4ad1-98e1-74e6b8270913?format=json&states=listing" "txbd3ec161a1524129aea23-00693b8eb0" "proxy-server 97888" 0.0096 "-" 96625 0
Dec 11 22:40:32 np0005556243.novalocal proxy-server[97888]: ::1 ::1 12/Dec/2025/03/40/32 GET /v1/AUTH_402e63682d3749049fa8edf9e07dfd6e/gnocchi.ab02a225-1907-4ad1-98e1-74e6b8270913%3Fformat%3Djson%26states%3Dlisting HTTP/1.0 200 - python-swiftclient-4.8.0 gAAAAABpO450Q4QS... - 357 - txbd3ec161a1524129aea23-00693b8eb0 - 0.0168 - - 1765510832.011432886 1765510832.028195381 0 89ff87eb6954479d969b489941791c9f
Dec 11 22:40:32 np0005556243.novalocal container-server[96624]: ::1 - - [12/Dec/2025:03:40:32 +0000] "GET /2/104017/AUTH_402e63682d3749049fa8edf9e07dfd6e/gnocchi.ab02a225-1907-4ad1-98e1-74e6b8270913" 200 2 "GET https://[::1]:8080/v1/AUTH_402e63682d3749049fa8edf9e07dfd6e/gnocchi.ab02a225-1907-4ad1-98e1-74e6b8270913?format=json&marker=none_v3&states=listing" "tx5cf9997d27dd4ab3ab31e-00693b8eb0" "proxy-server 97888" 0.0040 "-" 96624 0
Dec 11 22:40:32 np0005556243.novalocal proxy-server[97888]: ::1 ::1 12/Dec/2025/03/40/32 GET /v1/AUTH_402e63682d3749049fa8edf9e07dfd6e/gnocchi.ab02a225-1907-4ad1-98e1-74e6b8270913%3Fformat%3Djson%26marker%3Dnone_v3%26states%3Dlisting HTTP/1.0 200 - python-swiftclient-4.8.0 gAAAAABpO450Q4QS... - 2 - tx5cf9997d27dd4ab3ab31e-00693b8eb0 - 0.0159 - - 1765510832.031193256 1765510832.047119141 0 89ff87eb6954479d969b489941791c9f
Dec 11 22:40:32 np0005556243.novalocal kernel: qvb925db338-11: left allmulticast mode
Dec 11 22:40:32 np0005556243.novalocal kernel: qvb925db338-11: left promiscuous mode
Dec 11 22:40:32 np0005556243.novalocal kernel: qbr925db338-11: port 1(qvb925db338-11) entered disabled state
Dec 11 22:40:32 np0005556243.novalocal object-server[96957]: ::1 - - [12/Dec/2025:03:40:32 +0000] "GET /3/1648/AUTH_402e63682d3749049fa8edf9e07dfd6e/gnocchi.ab02a225-1907-4ad1-98e1-74e6b8270913/1764720000.0_mean_300.0_v3" 200 23 "GET https://[::1]:8080/v1/AUTH_402e63682d3749049fa8edf9e07dfd6e/gnocchi.ab02a225-1907-4ad1-98e1-74e6b8270913/1764720000.0_mean_300.0_v3" "txcfaeab1ec3b64a1bb39b8-00693b8eb0" "proxy-server 97888" 0.0011 "-" 96957 0
Dec 11 22:40:32 np0005556243.novalocal proxy-server[97888]: ::1 ::1 12/Dec/2025/03/40/32 GET /v1/AUTH_402e63682d3749049fa8edf9e07dfd6e/gnocchi.ab02a225-1907-4ad1-98e1-74e6b8270913/1764720000.0_mean_300.0_v3 HTTP/1.0 200 - python-swiftclient-4.8.0 gAAAAABpO450Q4QS... - 23 - txcfaeab1ec3b64a1bb39b8-00693b8eb0 - 0.0074 - - 1765510832.051145792 1765510832.058563232 0 89ff87eb6954479d969b489941791c9f
Dec 11 22:40:32 np0005556243.novalocal NetworkManager[859]: [1765510832.0819] device (qbr925db338-11): bridge port qvb925db338-11 was detached
Dec 11 22:40:32 np0005556243.novalocal container-server[96624]: ::1 - - [12/Dec/2025:03:40:32 +0000] "PUT /2/104017/AUTH_402e63682d3749049fa8edf9e07dfd6e/gnocchi.ab02a225-1907-4ad1-98e1-74e6b8270913/1764720000.0_mean_300.0_v3" 201 - "PUT http://[::1]:8080/3/1648/AUTH_402e63682d3749049fa8edf9e07dfd6e/gnocchi.ab02a225-1907-4ad1-98e1-74e6b8270913/1764720000.0_mean_300.0_v3" "tx93a0142e6f0c41f7babbd-00693b8eb0" "object-server 96958" 0.0015 "-" 96624 0
Dec 11 22:40:32 np0005556243.novalocal container-server[96625]: ::1 - - [12/Dec/2025:03:40:32 +0000] "PUT /3/104017/AUTH_402e63682d3749049fa8edf9e07dfd6e/gnocchi.ab02a225-1907-4ad1-98e1-74e6b8270913/1764720000.0_mean_300.0_v3" 201 - "PUT http://[::1]:8080/2/1648/AUTH_402e63682d3749049fa8edf9e07dfd6e/gnocchi.ab02a225-1907-4ad1-98e1-74e6b8270913/1764720000.0_mean_300.0_v3" "tx93a0142e6f0c41f7babbd-00693b8eb0" "object-server 96957" 0.0005 "-" 96625 0
Dec 11 22:40:32 np0005556243.novalocal object-server[96958]: ::1 - - [12/Dec/2025:03:40:32 +0000] "PUT /3/1648/AUTH_402e63682d3749049fa8edf9e07dfd6e/gnocchi.ab02a225-1907-4ad1-98e1-74e6b8270913/1764720000.0_mean_300.0_v3" 201 - "PUT https://[::1]:8080/v1/AUTH_402e63682d3749049fa8edf9e07dfd6e/gnocchi.ab02a225-1907-4ad1-98e1-74e6b8270913/1764720000.0_mean_300.0_v3" "tx93a0142e6f0c41f7babbd-00693b8eb0" "proxy-server 97888" 0.0181 "-" 96958 0
Dec 11 22:40:32 np0005556243.novalocal NetworkManager[859]: [1765510832.0873] device (qbr925db338-11): state change: activated -> unmanaged (reason 'unmanaged', managed-type: 'removed')
Dec 11 22:40:32 np0005556243.novalocal object-server[96957]: ::1 - - [12/Dec/2025:03:40:32 +0000] "PUT /2/1648/AUTH_402e63682d3749049fa8edf9e07dfd6e/gnocchi.ab02a225-1907-4ad1-98e1-74e6b8270913/1764720000.0_mean_300.0_v3" 201 - "PUT https://[::1]:8080/v1/AUTH_402e63682d3749049fa8edf9e07dfd6e/gnocchi.ab02a225-1907-4ad1-98e1-74e6b8270913/1764720000.0_mean_300.0_v3" "tx93a0142e6f0c41f7babbd-00693b8eb0" "proxy-server 97888" 0.0172 "-" 96957 0
Dec 11 22:40:32 np0005556243.novalocal container-server[96625]: ::1 - - [12/Dec/2025:03:40:32 +0000] "PUT /1/104017/AUTH_402e63682d3749049fa8edf9e07dfd6e/gnocchi.ab02a225-1907-4ad1-98e1-74e6b8270913/1764720000.0_mean_300.0_v3" 201 - "PUT http://[::1]:8080/1/1648/AUTH_402e63682d3749049fa8edf9e07dfd6e/gnocchi.ab02a225-1907-4ad1-98e1-74e6b8270913/1764720000.0_mean_300.0_v3" "tx93a0142e6f0c41f7babbd-00693b8eb0" "object-server 96957" 0.0003 "-" 96625 0
Dec 11 22:40:32 np0005556243.novalocal kernel: qvo925db338-11: left promiscuous mode
Dec 11 22:40:32 np0005556243.novalocal object-server[96957]: ::1 - - [12/Dec/2025:03:40:32 +0000] "PUT /1/1648/AUTH_402e63682d3749049fa8edf9e07dfd6e/gnocchi.ab02a225-1907-4ad1-98e1-74e6b8270913/1764720000.0_mean_300.0_v3" 201 - "PUT https://[::1]:8080/v1/AUTH_402e63682d3749049fa8edf9e07dfd6e/gnocchi.ab02a225-1907-4ad1-98e1-74e6b8270913/1764720000.0_mean_300.0_v3" "tx93a0142e6f0c41f7babbd-00693b8eb0" "proxy-server 97888" 0.0223 "-" 96957 0
Dec 11 22:40:32 np0005556243.novalocal proxy-server[97888]: ::1 ::1 12/Dec/2025/03/40/32 PUT /v1/AUTH_402e63682d3749049fa8edf9e07dfd6e/gnocchi.ab02a225-1907-4ad1-98e1-74e6b8270913/1764720000.0_mean_300.0_v3 HTTP/1.0 201 - python-swiftclient-4.8.0 gAAAAABpO450Q4QS... 23 - - tx93a0142e6f0c41f7babbd-00693b8eb0 - 0.0332 - - 1765510832.061811209 1765510832.094977856 0 89ff87eb6954479d969b489941791c9f
Dec 11 22:40:32 np0005556243.novalocal container-server[96625]: ::1 - - [12/Dec/2025:03:40:32 +0000] "PUT /1/104017/AUTH_402e63682d3749049fa8edf9e07dfd6e/gnocchi.ab02a225-1907-4ad1-98e1-74e6b8270913/none_v3" 201 - "PUT http://[::1]:8080/3/40812/AUTH_402e63682d3749049fa8edf9e07dfd6e/gnocchi.ab02a225-1907-4ad1-98e1-74e6b8270913/none_v3" "tx331904a6c9494e5fb7b9b-00693b8eb0" "object-server 96957" 0.0005 "-" 96625 0
Dec 11 22:40:32 np0005556243.novalocal container-server[96624]: ::1 - - [12/Dec/2025:03:40:32 +0000] "PUT /2/104017/AUTH_402e63682d3749049fa8edf9e07dfd6e/gnocchi.ab02a225-1907-4ad1-98e1-74e6b8270913/none_v3" 201 - "PUT http://[::1]:8080/2/40812/AUTH_402e63682d3749049fa8edf9e07dfd6e/gnocchi.ab02a225-1907-4ad1-98e1-74e6b8270913/none_v3" "tx331904a6c9494e5fb7b9b-00693b8eb0" "object-server 96958" 0.0007 "-" 96624 0
