Dec 11 22:40:32 np0005556243.novalocal proxy-server[97888]: ::1 ::1 12/Dec/2025/03/40/32 GET /v1/AUTH_402e63682d3749049fa8edf9e07dfd6e/gnocchi.7dc2ef2c-6279-4e5e-8080-8f2e15153e54%3Fformat%3Djson%26states%3Dlisting HTTP/1.0 200 - python-swiftclient-4.8.0 gAAAAABpO450Q4QS... - 357 - tx9deed341ddc94cb9906a0-00693b8eb0 - 0.0173 - - 1765510832.910265923 1765510832.927552700 0 89ff87eb6954479d969b489941791c9f
Dec 11 22:40:32 np0005556243.novalocal container-server[96624]: ::1 - - [12/Dec/2025:03:40:32 +0000] "GET /2/103401/AUTH_402e63682d3749049fa8edf9e07dfd6e/gnocchi.7dc2ef2c-6279-4e5e-8080-8f2e15153e54" 200 2 "GET https://[::1]:8080/v1/AUTH_402e63682d3749049fa8edf9e07dfd6e/gnocchi.7dc2ef2c-6279-4e5e-8080-8f2e15153e54?format=json&marker=none_v3&states=listing" "tx04ec35ffa57b402da140f-00693b8eb0" "proxy-server 97888" 0.0019 "-" 96624 0
Dec 11 22:40:32 np0005556243.novalocal proxy-server[97888]: ::1 ::1 12/Dec/2025/03/40/32 GET /v1/AUTH_402e63682d3749049fa8edf9e07dfd6e/gnocchi.7dc2ef2c-6279-4e5e-8080-8f2e15153e54%3Fformat%3Djson%26marker%3Dnone_v3%26states%3Dlisting HTTP/1.0 200 - python-swiftclient-4.8.0 gAAAAABpO450Q4QS... - 2 - tx04ec35ffa57b402da140f-00693b8eb0 - 0.0084 - - 1765510832.930809975 1765510832.939220190 0 89ff87eb6954479d969b489941791c9f
Dec 11 22:40:32 np0005556243.novalocal object-server[96957]: ::1 - - [12/Dec/2025:03:40:32 +0000] "GET /2/124774/AUTH_402e63682d3749049fa8edf9e07dfd6e/gnocchi.7dc2ef2c-6279-4e5e-8080-8f2e15153e54/1764720000.0_mean_300.0_v3" 200 16 "GET https://[::1]:8080/v1/AUTH_402e63682d3749049fa8edf9e07dfd6e/gnocchi.7dc2ef2c-6279-4e5e-8080-8f2e15153e54/1764720000.0_mean_300.0_v3" "txda56db9dd9dc418589dfb-00693b8eb0" "proxy-server 97888" 0.0011 "-" 96957 0
Dec 11 22:40:32 np0005556243.novalocal proxy-server[97888]: ::1 ::1 12/Dec/2025/03/40/32 GET /v1/AUTH_402e63682d3749049fa8edf9e07dfd6e/gnocchi.7dc2ef2c-6279-4e5e-8080-8f2e15153e54/1764720000.0_mean_300.0_v3 HTTP/1.0 200 - python-swiftclient-4.8.0 gAAAAABpO450Q4QS... - 16 - txda56db9dd9dc418589dfb-00693b8eb0 - 0.0078 - - 1765510832.943690300 1765510832.951448202 0 89ff87eb6954479d969b489941791c9f
Dec 11 22:40:32 np0005556243.novalocal container-server[96624]: ::1 - - [12/Dec/2025:03:40:32 +0000] "PUT /3/103401/AUTH_402e63682d3749049fa8edf9e07dfd6e/gnocchi.7dc2ef2c-6279-4e5e-8080-8f2e15153e54/1764720000.0_mean_300.0_v3" 201 - "PUT http://[::1]:8080/2/124774/AUTH_402e63682d3749049fa8edf9e07dfd6e/gnocchi.7dc2ef2c-6279-4e5e-8080-8f2e15153e54/1764720000.0_mean_300.0_v3" "tx73b6c08b3b514f02a1eaa-00693b8eb0" "object-server 96958" 0.0005 "-" 96624 0
Dec 11 22:40:32 np0005556243.novalocal object-server[96958]: ::1 - - [12/Dec/2025:03:40:32 +0000] "PUT /2/124774/AUTH_402e63682d3749049fa8edf9e07dfd6e/gnocchi.7dc2ef2c-6279-4e5e-8080-8f2e15153e54/1764720000.0_mean_300.0_v3" 201 - "PUT https://[::1]:8080/v1/AUTH_402e63682d3749049fa8edf9e07dfd6e/gnocchi.7dc2ef2c-6279-4e5e-8080-8f2e15153e54/1764720000.0_mean_300.0_v3" "tx73b6c08b3b514f02a1eaa-00693b8eb0" "proxy-server 97888" 0.0103 "-" 96958 0
Dec 11 22:40:32 np0005556243.novalocal container-server[96625]: ::1 - - [12/Dec/2025:03:40:32 +0000] "PUT /2/103401/AUTH_402e63682d3749049fa8edf9e07dfd6e/gnocchi.7dc2ef2c-6279-4e5e-8080-8f2e15153e54/1764720000.0_mean_300.0_v3" 201 - "PUT http://[::1]:8080/3/124774/AUTH_402e63682d3749049fa8edf9e07dfd6e/gnocchi.7dc2ef2c-6279-4e5e-8080-8f2e15153e54/1764720000.0_mean_300.0_v3" "tx73b6c08b3b514f02a1eaa-00693b8eb0" "object-server 96957" 0.0012 "-" 96625 0
Dec 11 22:40:32 np0005556243.novalocal object-server[96957]: ::1 - - [12/Dec/2025:03:40:32 +0000] "PUT /3/124774/AUTH_402e63682d3749049fa8edf9e07dfd6e/gnocchi.7dc2ef2c-6279-4e5e-8080-8f2e15153e54/1764720000.0_mean_300.0_v3" 201 - "PUT https://[::1]:8080/v1/AUTH_402e63682d3749049fa8edf9e07dfd6e/gnocchi.7dc2ef2c-6279-4e5e-8080-8f2e15153e54/1764720000.0_mean_300.0_v3" "tx73b6c08b3b514f02a1eaa-00693b8eb0" "proxy-server 97888" 0.0140 "-" 96957 0
Dec 11 22:40:32 np0005556243.novalocal container-server[96625]: ::1 - - [12/Dec/2025:03:40:32 +0000] "PUT /1/103401/AUTH_402e63682d3749049fa8edf9e07dfd6e/gnocchi.7dc2ef2c-6279-4e5e-8080-8f2e15153e54/1764720000.0_mean_300.0_v3" 201 - "PUT http://[::1]:8080/1/124774/AUTH_402e63682d3749049fa8edf9e07dfd6e/gnocchi.7dc2ef2c-6279-4e5e-8080-8f2e15153e54/1764720000.0_mean_300.0_v3" "tx73b6c08b3b514f02a1eaa-00693b8eb0" "object-server 96958" 0.0014 "-" 96625 0
Dec 11 22:40:32 np0005556243.novalocal object-server[96958]: ::1 - - [12/Dec/2025:03:40:32 +0000] "PUT /1/124774/AUTH_402e63682d3749049fa8edf9e07dfd6e/gnocchi.7dc2ef2c-6279-4e5e-8080-8f2e15153e54/1764720000.0_mean_300.0_v3" 201 - "PUT https://[::1]:8080/v1/AUTH_402e63682d3749049fa8edf9e07dfd6e/gnocchi.7dc2ef2c-6279-4e5e-8080-8f2e15153e54/1764720000.0_mean_300.0_v3" "tx73b6c08b3b514f02a1eaa-00693b8eb0" "proxy-server 97888" 0.0168 "-" 96958 0
Dec 11 22:40:32 np0005556243.novalocal proxy-server[97888]: ::1 ::1 12/Dec/2025/03/40/32 PUT /v1/AUTH_402e63682d3749049fa8edf9e07dfd6e/gnocchi.7dc2ef2c-6279-4e5e-8080-8f2e15153e54/1764720000.0_mean_300.0_v3 HTTP/1.0 201 - python-swiftclient-4.8.0 gAAAAABpO450Q4QS... 16 - - tx73b6c08b3b514f02a1eaa-00693b8eb0 - 0.0243 - - 1765510832.954963923 1765510832.979285479 0 89ff87eb6954479d969b489941791c9f
Dec 11 22:40:32 np0005556243.novalocal container-server[96624]: ::1 - - [12/Dec/2025:03:40:32 +0000] "PUT /1/103401/AUTH_402e63682d3749049fa8edf9e07dfd6e/gnocchi.7dc2ef2c-6279-4e5e-8080-8f2e15153e54/none_v3" 201 - "PUT http://[::1]:8080/3/238281/AUTH_402e63682d3749049fa8edf9e07dfd6e/gnocchi.7dc2ef2c-6279-4e5e-8080-8f2e15153e54/none_v3" "txcc5af18d04824b6bb801c-00693b8eb0" "object-server 96957" 0.0004 "-" 96624 0
Dec 11 22:40:32 np0005556243.novalocal container-server[96625]: ::1 - - [12/Dec/2025:03:40:32 +0000] "PUT /3/103401/AUTH_402e63682d3749049fa8edf9e07dfd6e/gnocchi.7dc2ef2c-6279-4e5e-8080-8f2e15153e54/none_v3" 201 - "PUT http://[::1]:8080/2/238281/AUTH_402e63682d3749049fa8edf9e07dfd6e/gnocchi.7dc2ef2c-6279-4e5e-8080-8f2e15153e54/none_v3" "txcc5af18d04824b6bb801c-00693b8eb0" "object-server 96957" 0.0008 "-" 96625 0
Dec 11 22:40:33 np0005556243.novalocal object-server[96957]: ::1 - - [12/Dec/2025:03:40:33 +0000] "PUT /3/238281/AUTH_402e63682d3749049fa8edf9e07dfd6e/gnocchi.7dc2ef2c-6279-4e5e-8080-8f2e15153e54/none_v3" 201 - "PUT https://[::1]:8080/v1/AUTH_402e63682d3749049fa8edf9e07dfd6e/gnocchi.7dc2ef2c-6279-4e5e-8080-8f2e15153e54/none_v3" "txcc5af18d04824b6bb801c-00693b8eb0" "proxy-server 97888" 0.0121 "-" 96957 0
Dec 11 22:40:33 np0005556243.novalocal object-server[96957]: ::1 - - [12/Dec/2025:03:40:33 +0000] "PUT /2/238281/AUTH_402e63682d3749049fa8edf9e07dfd6e/gnocchi.7dc2ef2c-6279-4e5e-8080-8f2e15153e54/none_v3" 201 - "PUT https://[::1]:8080/v1/AUTH_402e63682d3749049fa8edf9e07dfd6e/gnocchi.7dc2ef2c-6279-4e5e-8080-8f2e15153e54/none_v3" "txcc5af18d04824b6bb801c-00693b8eb0" "proxy-server 97888" 0.0114 "-" 96957 0
Dec 11 22:40:33 np0005556243.novalocal container-server[96625]: ::1 - - [12/Dec/2025:03:40:33 +0000] "PUT /2/103401/AUTH_402e63682d3749049fa8edf9e07dfd6e/gnocchi.7dc2ef2c-6279-4e5e-8080-8f2e15153e54/none_v3" 201 - "PUT http://[::1]:8080/1/238281/AUTH_402e63682d3749049fa8edf9e07dfd6e/gnocchi.7dc2ef2c-6279-4e5e-8080-8f2e15153e54/none_v3" "txcc5af18d04824b6bb801c-00693b8eb0" "object-server 96957" 0.0006 "-" 96625 0
Dec 11 22:40:33 np0005556243.novalocal object-server[96957]: ::1 - - [12/Dec/2025:03:40:33 +0000] "PUT /1/238281/AUTH_402e63682d3749049fa8edf9e07dfd6e/gnocchi.7dc2ef2c-6279-4e5e-8080-8f2e15153e54/none_v3" 201 - "PUT https://[::1]:8080/v1/AUTH_402e63682d3749049fa8edf9e07dfd6e/gnocchi.7dc2ef2c-6279-4e5e-8080-8f2e15153e54/none_v3" "txcc5af18d04824b6bb801c-00693b8eb0" "proxy-server 97888" 0.0111 "-" 96957 0
Dec 11 22:40:33 np0005556243.novalocal proxy-server[97888]: ::1 ::1 12/Dec/2025/03/40/33 PUT /v1/AUTH_402e63682d3749049fa8edf9e07dfd6e/gnocchi.7dc2ef2c-6279-4e5e-8080-8f2e15153e54/none_v3 HTTP/1.0 201 - python-swiftclient-4.8.0 gAAAAABpO450Q4QS... 32 - - txcc5af18d04824b6bb801c-00693b8eb0 - 0.0203 - - 1765510832.982591629 1765510833.002900839 0 89ff87eb6954479d969b489941791c9f
Dec 11 22:40:33 np0005556243.novalocal dnsmasq-dhcp[104604]: DHCPRELEASE(tapcd76f4a7-ad) 10.100.0.3 fa:16:3e:cc:24:8f
Dec 11 22:40:33 np0005556243.novalocal dnsmasq-dhcp[104604]: DHCPRELEASE(tapcd76f4a7-ad) 10.100.0.3 fa:16:3e:cc:24:8f unknown lease
Dec 11 22:40:33 np0005556243.novalocal object-server[96957]: ::1 - - [12/Dec/2025:03:40:33 +0000] "GET /1/119897/AUTH_402e63682d3749049fa8edf9e07dfd6e/gnocchi.25fdf1fb-5f6e-417e-893b-53d48fb05af2/none_v3" 200 22 "GET https://[::1]:8080/v1/AUTH_402e63682d3749049fa8edf9e07dfd6e/gnocchi.25fdf1fb-5f6e-417e-893b-53d48fb05af2/none_v3" "tx813f991866eb4d6b9ca51-00693b8eb1" "proxy-server 97888" 0.0008 "-" 96957 0
Dec 11 22:40:33 np0005556243.novalocal proxy-server[97888]: ::1 ::1 12/Dec/2025/03/40/33 GET /v1/AUTH_402e63682d3749049fa8edf9e07dfd6e/gnocchi.25fdf1fb-5f6e-417e-893b-53d48fb05af2/none_v3 HTTP/1.0 200 - python-swiftclient-4.8.0 gAAAAABpO450Q4QS... - 22 - tx813f991866eb4d6b9ca51-00693b8eb1 - 0.0089 - - 1765510833.061975479 1765510833.070829391 0 89ff87eb6954479d969b489941791c9f
Dec 11 22:40:33 np0005556243.novalocal container-server[96625]: ::1 - - [12/Dec/2025:03:40:33 +0000] "GET /2/223573/AUTH_402e63682d3749049fa8edf9e07dfd6e/gnocchi.25fdf1fb-5f6e-417e-893b-53d48fb05af2" 200 357 "GET https://[::1]:8080/v1/AUTH_402e63682d3749049fa8edf9e07dfd6e/gnocchi.25fdf1fb-5f6e-417e-893b-53d48fb05af2?format=json&states=listing" "tx21c472b1da7e416aa8c59-00693b8eb1" "proxy-server 97888" 0.0095 "-" 96625 0
Dec 11 22:40:33 np0005556243.novalocal proxy-server[97888]: ::1 ::1 12/Dec/2025/03/40/33 GET /v1/AUTH_402e63682d3749049fa8edf9e07dfd6e/gnocchi.25fdf1fb-5f6e-417e-893b-53d48fb05af2%3Fformat%3Djson%26states%3Dlisting HTTP/1.0 200 - python-swiftclient-4.8.0 gAAAAABpO450Q4QS... - 357 - tx21c472b1da7e416aa8c59-00693b8eb1 - 0.0183 - - 1765510833.077127695 1765510833.095397711 0 89ff87eb6954479d969b489941791c9f
Dec 11 22:40:33 np0005556243.novalocal container-server[96624]: ::1 - - [12/Dec/2025:03:40:33 +0000] "GET /2/223573/AUTH_402e63682d3749049fa8edf9e07dfd6e/gnocchi.25fdf1fb-5f6e-417e-893b-53d48fb05af2" 200 2 "GET https://[::1]:8080/v1/AUTH_402e63682d3749049fa8edf9e07dfd6e/gnocchi.25fdf1fb-5f6e-417e-893b-53d48fb05af2?format=json&marker=none_v3&states=listing" "tx5dbd7f0e6eaf4f309c990-00693b8eb1" "proxy-server 97888" 0.0026 "-" 96624 0
Dec 11 22:40:33 np0005556243.novalocal proxy-server[97888]: ::1 ::1 12/Dec/2025/03/40/33 GET /v1/AUTH_402e63682d3749049fa8edf9e07dfd6e/gnocchi.25fdf1fb-5f6e-417e-893b-53d48fb05af2%3Fformat%3Djson%26marker%3Dnone_v3%26states%3Dlisting HTTP/1.0 200 - python-swiftclient-4.8.0 gAAAAABpO450Q4QS... - 2 - tx5dbd7f0e6eaf4f309c990-00693b8eb1 - 0.0142 - - 1765510833.099779367 1765510833.113938093 0 89ff87eb6954479d969b489941791c9f
Dec 11 22:40:33 np0005556243.novalocal object-server[96957]: ::1 - - [12/Dec/2025:03:40:33 +0000] "GET /1/209799/AUTH_402e63682d3749049fa8edf9e07dfd6e/gnocchi.25fdf1fb-5f6e-417e-893b-53d48fb05af2/1764720000.0_mean_300.0_v3" 200 16 "GET https://[::1]:8080/v1/AUTH_402e63682d3749049fa8edf9e07dfd6e/gnocchi.25fdf1fb-5f6e-417e-893b-53d48fb05af2/1764720000.0_mean_300.0_v3" "tx444d41ffcaa24196bb7e0-00693b8eb1" "proxy-server 97888" 0.0008 "-" 96957 0
Dec 11 22:40:33 np0005556243.novalocal proxy-server[97888]: ::1 ::1 12/Dec/2025/03/40/33 GET /v1/AUTH_402e63682d3749049fa8edf9e07dfd6e/gnocchi.25fdf1fb-5f6e-417e-893b-53d48fb05af2/1764720000.0_mean_300.0_v3 HTTP/1.0 200 - python-swiftclient-4.8.0 gAAAAABpO450Q4QS... - 16 - tx444d41ffcaa24196bb7e0-00693b8eb1 - 0.0097 - - 1765510833.121320486 1765510833.130989075 0 89ff87eb6954479d969b489941791c9f
Dec 11 22:40:33 np0005556243.novalocal container-server[96625]: ::1 - - [12/Dec/2025:03:40:33 +0000] "PUT /2/223573/AUTH_402e63682d3749049fa8edf9e07dfd6e/gnocchi.25fdf1fb-5f6e-417e-893b-53d48fb05af2/1764720000.0_mean_300.0_v3" 201 - "PUT http://[::1]:8080/1/209799/AUTH_402e63682d3749049fa8edf9e07dfd6e/gnocchi.25fdf1fb-5f6e-417e-893b-53d48fb05af2/1764720000.0_mean_300.0_v3" "txf1c7ccec41ed4320a6d7c-00693b8eb1" "object-server 96958" 0.0007 "-" 96625 0
Dec 11 22:40:33 np0005556243.novalocal object-server[96958]: ::1 - - [12/Dec/2025:03:40:33 +0000] "PUT /1/209799/AUTH_402e63682d3749049fa8edf9e07dfd6e/gnocchi.25fdf1fb-5f6e-417e-893b-53d48fb05af2/1764720000.0_mean_300.0_v3" 201 - "PUT https://[::1]:8080/v1/AUTH_402e63682d3749049fa8edf9e07dfd6e/gnocchi.25fdf1fb-5f6e-417e-893b-53d48fb05af2/1764720000.0_mean_300.0_v3" "txf1c7ccec41ed4320a6d7c-00693b8eb1" "proxy-server 97888" 0.0125 "-" 96958 0
Dec 11 22:40:33 np0005556243.novalocal container-server[96625]: ::1 - - [12/Dec/2025:03:40:33 +0000] "PUT /3/223573/AUTH_402e63682d3749049fa8edf9e07dfd6e/gnocchi.25fdf1fb-5f6e-417e-893b-53d48fb05af2/1764720000.0_mean_300.0_v3" 201 - "PUT http://[::1]:8080/3/209799/AUTH_402e63682d3749049fa8edf9e07dfd6e/gnocchi.25fdf1fb-5f6e-417e-893b-53d48fb05af2/1764720000.0_mean_300.0_v3" "txf1c7ccec41ed4320a6d7c-00693b8eb1" "object-server 96957" 0.0009 "-" 96625 0
Dec 11 22:40:33 np0005556243.novalocal object-server[96957]: ::1 - - [12/Dec/2025:03:40:33 +0000] "PUT /3/209799/AUTH_402e63682d3749049fa8edf9e07dfd6e/gnocchi.25fdf1fb-5f6e-417e-893b-53d48fb05af2/1764720000.0_mean_300.0_v3" 201 - "PUT https://[::1]:8080/v1/AUTH_402e63682d3749049fa8edf9e07dfd6e/gnocchi.25fdf1fb-5f6e-417e-893b-53d48fb05af2/1764720000.0_mean_300.0_v3" "txf1c7ccec41ed4320a6d7c-00693b8eb1" "proxy-server 97888" 0.0147 "-" 96957 0
Dec 11 22:40:33 np0005556243.novalocal container-server[96624]: ::1 - - [12/Dec/2025:03:40:33 +0000] "PUT /1/223573/AUTH_402e63682d3749049fa8edf9e07dfd6e/gnocchi.25fdf1fb-5f6e-417e-893b-53d48fb05af2/1764720000.0_mean_300.0_v3" 201 - "PUT http://[::1]:8080/2/209799/AUTH_402e63682d3749049fa8edf9e07dfd6e/gnocchi.25fdf1fb-5f6e-417e-893b-53d48fb05af2/1764720000.0_mean_300.0_v3" "txf1c7ccec41ed4320a6d7c-00693b8eb1" "object-server 96958" 0.0006 "-" 96624 0
Dec 11 22:40:33 np0005556243.novalocal object-server[96958]: ::1 - - [12/Dec/2025:03:40:33 +0000] "PUT /2/209799/AUTH_402e63682d3749049fa8edf9e07dfd6e/gnocchi.25fdf1fb-5f6e-417e-893b-53d48fb05af2/1764720000.0_mean_300.0_v3" 201 - "PUT https://[::1]:8080/v1/AUTH_402e63682d3749049fa8edf9e07dfd6e/gnocchi.25fdf1fb-5f6e-417e-893b-53d48fb05af2/1764720000.0_mean_300.0_v3" "txf1c7ccec41ed4320a6d7c-00693b8eb1" "proxy-server 97888" 0.0179 "-" 96958 0
Dec 11 22:40:33 np0005556243.novalocal proxy-server[97888]: ::1 ::1 12/Dec/2025/03/40/33 PUT /v1/AUTH_402e63682d3749049fa8edf9e07dfd6e/gnocchi.25fdf1fb-5f6e-417e-893b-53d48fb05af2/1764720000.0_mean_300.0_v3 HTTP/1.0 201 - python-swiftclient-4.8.0 gAAAAABpO450Q4QS... 16 - - txf1c7ccec41ed4320a6d7c-00693b8eb1 - 0.0289 - - 1765510833.135742426 1765510833.164593220 0 89ff87eb6954479d969b489941791c9f
Dec 11 22:40:33 np0005556243.novalocal container-server[96624]: ::1 - - [12/Dec/2025:03:40:33 +0000] "PUT /1/223573/AUTH_402e63682d3749049fa8edf9e07dfd6e/gnocchi.25fdf1fb-5f6e-417e-893b-53d48fb05af2/none_v3" 201 - "PUT http://[::1]:8080/3/119897/AUTH_402e63682d3749049fa8edf9e07dfd6e/gnocchi.25fdf1fb-5f6e-417e-893b-53d48fb05af2/none_v3" "tx612aa39c565941808440a-00693b8eb1" "object-server 96957" 0.0005 "-" 96624 0
Dec 11 22:40:33 np0005556243.novalocal object-server[96957]: ::1 - - [12/Dec/2025:03:40:33 +0000] "PUT /3/119897/AUTH_402e63682d3749049fa8edf9e07dfd6e/gnocchi.25fdf1fb-5f6e-417e-893b-53d48fb05af2/none_v3" 201 - "PUT https://[::1]:8080/v1/AUTH_402e63682d3749049fa8edf9e07dfd6e/gnocchi.25fdf1fb-5f6e-417e-893b-53d48fb05af2/none_v3" "tx612aa39c565941808440a-00693b8eb1" "proxy-server 97888" 0.0109 "-" 96957 0
Dec 11 22:40:33 np0005556243.novalocal container-server[96625]: ::1 - - [12/Dec/2025:03:40:33 +0000] "PUT /2/223573/AUTH_402e63682d3749049fa8edf9e07dfd6e/gnocchi.25fdf1fb-5f6e-417e-893b-53d48fb05af2/none_v3" 201 - "PUT http://[::1]:8080/1/119897/AUTH_402e63682d3749049fa8edf9e07dfd6e/gnocchi.25fdf1fb-5f6e-417e-893b-53d48fb05af2/none_v3" "tx612aa39c565941808440a-00693b8eb1" "object-server 96958" 0.0011 "-" 96625 0
Dec 11 22:40:33 np0005556243.novalocal object-server[96958]: ::1 - - [12/Dec/2025:03:40:33 +0000] "PUT /1/119897/AUTH_402e63682d3749049fa8edf9e07dfd6e/gnocchi.25fdf1fb-5f6e-417e-893b-53d48fb05af2/none_v3" 201 - "PUT https://[::1]:8080/v1/AUTH_402e63682d3749049fa8edf9e07dfd6e/gnocchi.25fdf1fb-5f6e-417e-893b-53d48fb05af2/none_v3" "tx612aa39c565941808440a-00693b8eb1" "proxy-server 97888" 0.0132 "-" 96958 0
Dec 11 22:40:33 np0005556243.novalocal container-server[96625]: ::1 - - [12/Dec/2025:03:40:33 +0000] "PUT /3/223573/AUTH_402e63682d3749049fa8edf9e07dfd6e/gnocchi.25fdf1fb-5f6e-417e-893b-53d48fb05af2/none_v3" 201 - "PUT http://[::1]:8080/2/119897/AUTH_402e63682d3749049fa8edf9e07dfd6e/gnocchi.25fdf1fb-5f6e-417e-893b-53d48fb05af2/none_v3" "tx612aa39c565941808440a-00693b8eb1" "object-server 96958" 0.0011 "-" 96625 0
Dec 11 22:40:33 np0005556243.novalocal object-server[96958]: ::1 - - [12/Dec/2025:03:40:33 +0000] "PUT /2/119897/AUTH_402e63682d3749049fa8edf9e07dfd6e/gnocchi.25fdf1fb-5f6e-417e-893b-53d48fb05af2/none_v3" 201 - "PUT https://[::1]:8080/v1/AUTH_402e63682d3749049fa8edf9e07dfd6e/gnocchi.25fdf1fb-5f6e-417e-893b-53d48fb05af2/none_v3" "tx612aa39c565941808440a-00693b8eb1" "proxy-server 97888" 0.0145 "-" 96958 0
Dec 11 22:40:33 np0005556243.novalocal proxy-server[97888]: ::1 ::1 12/Dec/2025/03/40/33 PUT /v1/AUTH_402e63682d3749049fa8edf9e07dfd6e/gnocchi.25fdf1fb-5f6e-417e-893b-53d48fb05af2/none_v3 HTTP/1.0 201 - python-swiftclient-4.8.0 gAAAAABpO450Q4QS... 31 - - tx612aa39c565941808440a-00693b8eb1 - 0.0239 - - 1765510833.168220758 1765510833.192079782 0 89ff87eb6954479d969b489941791c9f
Dec 11 22:40:33 np0005556243.novalocal dnsmasq[104604]: read /var/lib/neutron/dhcp/4a94000d-de3a-407d-8de2-a2915566a91b/addn_hosts - 1 addresses
Dec 11 22:40:33 np0005556243.novalocal dnsmasq-dhcp[104604]: read /var/lib/neutron/dhcp/4a94000d-de3a-407d-8de2-a2915566a91b/host
Dec 11 22:40:33 np0005556243.novalocal dnsmasq-dhcp[104604]: read /var/lib/neutron/dhcp/4a94000d-de3a-407d-8de2-a2915566a91b/opts
Dec 11 22:40:34 np0005556243.novalocal account-replicator[96395]: Beginning replication run
Dec 11 22:40:34 np0005556243.novalocal account-replicator[96395]: Replication run OVER
Dec 11 22:40:34 np0005556243.novalocal account-replicator[96395]: Attempted to replicate 3 dbs in 0.06326 seconds (47.42016/s)
Dec 11 22:40:34 np0005556243.novalocal account-replicator[96395]: Removed 0 dbs
Dec 11 22:40:34 np0005556243.novalocal account-replicator[96395]: 6 successes, 0 failures
Dec 11 22:40:34 np0005556243.novalocal account-replicator[96395]: diff:0 diff_capped:0 empty:0 hashmatch:0 no_change:6 remote_merge:0 rsync:0 ts_repl:0
Dec 11 22:40:34 np0005556243.novalocal object-replicator[97021]: Starting object replication pass.
Dec 11 22:40:36 np0005556243.novalocal object-replicator[97021]: 156/156 (100.00%) partitions replicated in 2.05s (76.20/sec, 0s remaining)
Dec 11 22:40:36 np0005556243.novalocal object-replicator[97021]: 312 successes, 0 failures
Dec 11 22:40:36 np0005556243.novalocal object-replicator[97021]: 156 suffixes checked - 24.36% hashed, 0.00% synced
Dec 11 22:40:36 np0005556243.novalocal object-replicator[97021]: Partition times: max 0.0501s, min 0.0048s, med 0.0074s
Dec 11 22:40:36 np0005556243.novalocal object-replicator[97021]: Object replication complete. (0.03 minutes)
Dec 11 22:40:37 np0005556243.novalocal object-server[96957]: ::1 - - [12/Dec/2025:03:40:37 +0000] "GET /2/9626/AUTH_402e63682d3749049fa8edf9e07dfd6e/gnocchi.8eb777a9-f6e6-4f01-a489-0edd5e5ee9ac/none_v3" 200 32 "GET https://[::1]:8080/v1/AUTH_402e63682d3749049fa8edf9e07dfd6e/gnocchi.8eb777a9-f6e6-4f01-a489-0edd5e5ee9ac/none_v3" "txc2e992d3c9974ad58d579-00693b8eb5" "proxy-server 97888" 0.0012 "-" 96957 0
Dec 11 22:40:37 np0005556243.novalocal proxy-server[97888]: ::1 ::1 12/Dec/2025/03/40/37 GET /v1/AUTH_402e63682d3749049fa8edf9e07dfd6e/gnocchi.8eb777a9-f6e6-4f01-a489-0edd5e5ee9ac/none_v3 HTTP/1.0 200 - python-swiftclient-4.8.0 gAAAAABpO450Q4QS... - 32 - txc2e992d3c9974ad58d579-00693b8eb5 - 0.0114 - - 1765510837.028927326 1765510837.040339470 0 89ff87eb6954479d969b489941791c9f
Dec 11 22:40:37 np0005556243.novalocal container-server[96625]: ::1 - - [12/Dec/2025:03:40:37 +0000] "GET /2/132759/AUTH_402e63682d3749049fa8edf9e07dfd6e/gnocchi.8eb777a9-f6e6-4f01-a489-0edd5e5ee9ac" 200 357 "GET https://[::1]:8080/v1/AUTH_402e63682d3749049fa8edf9e07dfd6e/gnocchi.8eb777a9-f6e6-4f01-a489-0edd5e5ee9ac?format=json&states=listing" "txb6371890a9924cd28fd97-00693b8eb5" "proxy-server 97888" 0.0093 "-" 96625 0
Dec 11 22:40:37 np0005556243.novalocal proxy-server[97888]: ::1 ::1 12/Dec/2025/03/40/37 GET /v1/AUTH_402e63682d3749049fa8edf9e07dfd6e/gnocchi.8eb777a9-f6e6-4f01-a489-0edd5e5ee9ac%3Fformat%3Djson%26states%3Dlisting HTTP/1.0 200 - python-swiftclient-4.8.0 gAAAAABpO450Q4QS... - 357 - txb6371890a9924cd28fd97-00693b8eb5 - 0.0208 - - 1765510837.044894934 1765510837.065709352 0 89ff87eb6954479d969b489941791c9f
Dec 11 22:40:37 np0005556243.novalocal container-server[96625]: ::1 - - [12/Dec/2025:03:40:37 +0000] "GET /2/132759/AUTH_402e63682d3749049fa8edf9e07dfd6e/gnocchi.8eb777a9-f6e6-4f01-a489-0edd5e5ee9ac" 200 2 "GET https://[::1]:8080/v1/AUTH_402e63682d3749049fa8edf9e07dfd6e/gnocchi.8eb777a9-f6e6-4f01-a489-0edd5e5ee9ac?format=json&marker=none_v3&states=listing" "tx95cadb33a9dd4d61a7c1f-00693b8eb5" "proxy-server 97888" 0.0023 "-" 96625 0
Dec 11 22:40:37 np0005556243.novalocal proxy-server[97888]: ::1 ::1 12/Dec/2025/03/40/37 GET /v1/AUTH_402e63682d3749049fa8edf9e07dfd6e/gnocchi.8eb777a9-f6e6-4f01-a489-0edd5e5ee9ac%3Fformat%3Djson%26marker%3Dnone_v3%26states%3Dlisting HTTP/1.0 200 - python-swiftclient-4.8.0 gAAAAABpO450Q4QS... - 2 - tx95cadb33a9dd4d61a7c1f-00693b8eb5 - 0.0125 - - 1765510837.070084095 1765510837.082571983 0 89ff87eb6954479d969b489941791c9f
Dec 11 22:40:37 np0005556243.novalocal object-server[96957]: ::1 - - [12/Dec/2025:03:40:37 +0000] "GET /2/4195/AUTH_402e63682d3749049fa8edf9e07dfd6e/gnocchi.8eb777a9-f6e6-4f01-a489-0edd5e5ee9ac/1764720000.0_mean_300.0_v3" 200 16 "GET https://[::1]:8080/v1/AUTH_402e63682d3749049fa8edf9e07dfd6e/gnocchi.8eb777a9-f6e6-4f01-a489-0edd5e5ee9ac/1764720000.0_mean_300.0_v3" "tx60d85ce9f1b643ac81208-00693b8eb5" "proxy-server 97888" 0.0011 "-" 96957 0
Dec 11 22:40:37 np0005556243.novalocal proxy-server[97888]: ::1 ::1 12/Dec/2025/03/40/37 GET /v1/AUTH_402e63682d3749049fa8edf9e07dfd6e/gnocchi.8eb777a9-f6e6-4f01-a489-0edd5e5ee9ac/1764720000.0_mean_300.0_v3 HTTP/1.0 200 - python-swiftclient-4.8.0 gAAAAABpO450Q4QS... - 16 - tx60d85ce9f1b643ac81208-00693b8eb5 - 0.0114 - - 1765510837.087484360 1765510837.098925591 0 89ff87eb6954479d969b489941791c9f
Dec 11 22:40:37 np0005556243.novalocal container-server[96625]: ::1 - - [12/Dec/2025:03:40:37 +0000] "PUT /2/132759/AUTH_402e63682d3749049fa8edf9e07dfd6e/gnocchi.8eb777a9-f6e6-4f01-a489-0edd5e5ee9ac/1764720000.0_mean_300.0_v3" 201 - "PUT http://[::1]:8080/3/4195/AUTH_402e63682d3749049fa8edf9e07dfd6e/gnocchi.8eb777a9-f6e6-4f01-a489-0edd5e5ee9ac/1764720000.0_mean_300.0_v3" "tx5a6d54598c354b578f0c0-00693b8eb5" "object-server 96958" 0.0005 "-" 96625 0
Dec 11 22:40:37 np0005556243.novalocal container-server[96624]: ::1 - - [12/Dec/2025:03:40:37 +0000] "PUT /1/132759/AUTH_402e63682d3749049fa8edf9e07dfd6e/gnocchi.8eb777a9-f6e6-4f01-a489-0edd5e5ee9ac/1764720000.0_mean_300.0_v3" 201 - "PUT http://[::1]:8080/2/4195/AUTH_402e63682d3749049fa8edf9e07dfd6e/gnocchi.8eb777a9-f6e6-4f01-a489-0edd5e5ee9ac/1764720000.0_mean_300.0_v3" "tx5a6d54598c354b578f0c0-00693b8eb5" "object-server 96957" 0.0014 "-" 96624 0
Dec 11 22:40:37 np0005556243.novalocal object-server[96958]: ::1 - - [12/Dec/2025:03:40:37 +0000] "PUT /3/4195/AUTH_402e63682d3749049fa8edf9e07dfd6e/gnocchi.8eb777a9-f6e6-4f01-a489-0edd5e5ee9ac/1764720000.0_mean_300.0_v3" 201 - "PUT https://[::1]:8080/v1/AUTH_402e63682d3749049fa8edf9e07dfd6e/gnocchi.8eb777a9-f6e6-4f01-a489-0edd5e5ee9ac/1764720000.0_mean_300.0_v3" "tx5a6d54598c354b578f0c0-00693b8eb5" "proxy-server 97888" 0.0189 "-" 96958 0
Dec 11 22:40:37 np0005556243.novalocal object-server[96957]: ::1 - - [12/Dec/2025:03:40:37 +0000] "PUT /2/4195/AUTH_402e63682d3749049fa8edf9e07dfd6e/gnocchi.8eb777a9-f6e6-4f01-a489-0edd5e5ee9ac/1764720000.0_mean_300.0_v3" 201 - "PUT https://[::1]:8080/v1/AUTH_402e63682d3749049fa8edf9e07dfd6e/gnocchi.8eb777a9-f6e6-4f01-a489-0edd5e5ee9ac/1764720000.0_mean_300.0_v3" "tx5a6d54598c354b578f0c0-00693b8eb5" "proxy-server 97888" 0.0174 "-" 96957 0
Dec 11 22:40:37 np0005556243.novalocal container-server[96624]: ::1 - - [12/Dec/2025:03:40:37 +0000] "PUT /3/132759/AUTH_402e63682d3749049fa8edf9e07dfd6e/gnocchi.8eb777a9-f6e6-4f01-a489-0edd5e5ee9ac/1764720000.0_mean_300.0_v3" 201 - "PUT http://[::1]:8080/1/4195/AUTH_402e63682d3749049fa8edf9e07dfd6e/gnocchi.8eb777a9-f6e6-4f01-a489-0edd5e5ee9ac/1764720000.0_mean_300.0_v3" "tx5a6d54598c354b578f0c0-00693b8eb5" "object-server 96958" 0.0007 "-" 96624 0
Dec 11 22:40:37 np0005556243.novalocal object-server[96958]: ::1 - - [12/Dec/2025:03:40:37 +0000] "PUT /1/4195/AUTH_402e63682d3749049fa8edf9e07dfd6e/gnocchi.8eb777a9-f6e6-4f01-a489-0edd5e5ee9ac/1764720000.0_mean_300.0_v3" 201 - "PUT https://[::1]:8080/v1/AUTH_402e63682d3749049fa8edf9e07dfd6e/gnocchi.8eb777a9-f6e6-4f01-a489-0edd5e5ee9ac/1764720000.0_mean_300.0_v3" "tx5a6d54598c354b578f0c0-00693b8eb5" "proxy-server 97888" 0.0219 "-" 96958 0
Dec 11 22:40:37 np0005556243.novalocal proxy-server[97888]: ::1 ::1 12/Dec/2025/03/40/37 PUT /v1/AUTH_402e63682d3749049fa8edf9e07dfd6e/gnocchi.8eb777a9-f6e6-4f01-a489-0edd5e5ee9ac/1764720000.0_mean_300.0_v3 HTTP/1.0 201 - python-swiftclient-4.8.0 gAAAAABpO450Q4QS... 16 - - tx5a6d54598c354b578f0c0-00693b8eb5 - 0.0400 - - 1765510837.103547573 1765510837.143576384 0 89ff87eb6954479d969b489941791c9f
Dec 11 22:40:37 np0005556243.novalocal container-server[96625]: ::1 - - [12/Dec/2025:03:40:37 +0000] "PUT /2/132759/AUTH_402e63682d3749049fa8edf9e07dfd6e/gnocchi.8eb777a9-f6e6-4f01-a489-0edd5e5ee9ac/none_v3" 201 - "PUT http://[::1]:8080/1/9626/AUTH_402e63682d3749049fa8edf9e07dfd6e/gnocchi.8eb777a9-f6e6-4f01-a489-0edd5e5ee9ac/none_v3" "txe1e0dff4d7f84aaca6307-00693b8eb5" "object-server 96958" 0.0007 "-" 96625 0
Dec 11 22:40:37 np0005556243.novalocal container-server[96624]: ::1 - - [12/Dec/2025:03:40:37 +0000] "PUT /3/132759/AUTH_402e63682d3749049fa8edf9e07dfd6e/gnocchi.8eb777a9-f6e6-4f01-a489-0edd5e5ee9ac/none_v3" 201 - "PUT http://[::1]:8080/3/9626/AUTH_402e63682d3749049fa8edf9e07dfd6e/gnocchi.8eb777a9-f6e6-4f01-a489-0edd5e5ee9ac/none_v3" "txe1e0dff4d7f84aaca6307-00693b8eb5" "object-server 96957" 0.0009 "-" 96624 0
Dec 11 22:40:37 np0005556243.novalocal container-server[96625]: ::1 - - [12/Dec/2025:03:40:37 +0000] "PUT /1/132759/AUTH_402e63682d3749049fa8edf9e07dfd6e/gnocchi.8eb777a9-f6e6-4f01-a489-0edd5e5ee9ac/none_v3" 201 - "PUT http://[::1]:8080/2/9626/AUTH_402e63682d3749049fa8edf9e07dfd6e/gnocchi.8eb777a9-f6e6-4f01-a489-0edd5e5ee9ac/none_v3" "txe1e0dff4d7f84aaca6307-00693b8eb5" "object-server 96957" 0.0003 "-" 96625 0
Dec 11 22:40:37 np0005556243.novalocal object-server[96958]: ::1 - - [12/Dec/2025:03:40:37 +0000] "PUT /1/9626/AUTH_402e63682d3749049fa8edf9e07dfd6e/gnocchi.8eb777a9-f6e6-4f01-a489-0edd5e5ee9ac/none_v3" 201 - "PUT https://[::1]:8080/v1/AUTH_402e63682d3749049fa8edf9e07dfd6e/gnocchi.8eb777a9-f6e6-4f01-a489-0edd5e5ee9ac/none_v3" "txe1e0dff4d7f84aaca6307-00693b8eb5" "proxy-server 97888" 0.0142 "-" 96958 0
Dec 11 22:40:37 np0005556243.novalocal object-server[96957]: ::1 - - [12/Dec/2025:03:40:37 +0000] "PUT /3/9626/AUTH_402e63682d3749049fa8edf9e07dfd6e/gnocchi.8eb777a9-f6e6-4f01-a489-0edd5e5ee9ac/none_v3" 201 - "PUT https://[::1]:8080/v1/AUTH_402e63682d3749049fa8edf9e07dfd6e/gnocchi.8eb777a9-f6e6-4f01-a489-0edd5e5ee9ac/none_v3" "txe1e0dff4d7f84aaca6307-00693b8eb5" "proxy-server 97888" 0.0142 "-" 96957 0
Dec 11 22:40:37 np0005556243.novalocal object-server[96957]: ::1 - - [12/Dec/2025:03:40:37 +0000] "PUT /2/9626/AUTH_402e63682d3749049fa8edf9e07dfd6e/gnocchi.8eb777a9-f6e6-4f01-a489-0edd5e5ee9ac/none_v3" 201 - "PUT https://[::1]:8080/v1/AUTH_402e63682d3749049fa8edf9e07dfd6e/gnocchi.8eb777a9-f6e6-4f01-a489-0edd5e5ee9ac/none_v3" "txe1e0dff4d7f84aaca6307-00693b8eb5" "proxy-server 97888" 0.0133 "-" 96957 0
Dec 11 22:40:37 np0005556243.novalocal proxy-server[97888]: ::1 ::1 12/Dec/2025/03/40/37 PUT /v1/AUTH_402e63682d3749049fa8edf9e07dfd6e/gnocchi.8eb777a9-f6e6-4f01-a489-0edd5e5ee9ac/none_v3 HTTP/1.0 201 - python-swiftclient-4.8.0 gAAAAABpO450Q4QS... 45 - - txe1e0dff4d7f84aaca6307-00693b8eb5 - 0.0282 - - 1765510837.147635221 1765510837.175796032 0 89ff87eb6954479d969b489941791c9f
Dec 11 22:40:37 np0005556243.novalocal object-server[96958]: ::1 - - [12/Dec/2025:03:40:37 +0000] "GET /1/187603/AUTH_402e63682d3749049fa8edf9e07dfd6e/gnocchi.3d0fc1cf-20d1-49e2-9982-a9f8e8055c41/none_v3" 200 27 "GET https://[::1]:8080/v1/AUTH_402e63682d3749049fa8edf9e07dfd6e/gnocchi.3d0fc1cf-20d1-49e2-9982-a9f8e8055c41/none_v3" "tx2f7d054812114d95ac6b7-00693b8eb5" "proxy-server 97888" 0.0014 "-" 96958 0
Dec 11 22:40:37 np0005556243.novalocal proxy-server[97888]: ::1 ::1 12/Dec/2025/03/40/37 GET /v1/AUTH_402e63682d3749049fa8edf9e07dfd6e/gnocchi.3d0fc1cf-20d1-49e2-9982-a9f8e8055c41/none_v3 HTTP/1.0 200 - python-swiftclient-4.8.0 gAAAAABpO450Q4QS... - 27 - tx2f7d054812114d95ac6b7-00693b8eb5 - 0.0123 - - 1765510837.216726303 1765510837.229038000 0 89ff87eb6954479d969b489941791c9f
Dec 11 22:40:37 np0005556243.novalocal container-server[96625]: ::1 - - [12/Dec/2025:03:40:37 +0000] "GET /3/179942/AUTH_402e63682d3749049fa8edf9e07dfd6e/gnocchi.3d0fc1cf-20d1-49e2-9982-a9f8e8055c41" 200 357 "GET https://[::1]:8080/v1/AUTH_402e63682d3749049fa8edf9e07dfd6e/gnocchi.3d0fc1cf-20d1-49e2-9982-a9f8e8055c41?format=json&states=listing" "tx49adc55bfa6b4c45a8f7d-00693b8eb5" "proxy-server 97888" 0.0117 "-" 96625 0
Dec 11 22:40:37 np0005556243.novalocal proxy-server[97888]: ::1 ::1 12/Dec/2025/03/40/37 GET /v1/AUTH_402e63682d3749049fa8edf9e07dfd6e/gnocchi.3d0fc1cf-20d1-49e2-9982-a9f8e8055c41%3Fformat%3Djson%26states%3Dlisting HTTP/1.0 200 - python-swiftclient-4.8.0 gAAAAABpO450Q4QS... - 357 - tx49adc55bfa6b4c45a8f7d-00693b8eb5 - 0.0226 - - 1765510837.233504295 1765510837.256110191 0 89ff87eb6954479d969b489941791c9f
Dec 11 22:40:37 np0005556243.novalocal container-server[96624]: ::1 - - [12/Dec/2025:03:40:37 +0000] "GET /3/179942/AUTH_402e63682d3749049fa8edf9e07dfd6e/gnocchi.3d0fc1cf-20d1-49e2-9982-a9f8e8055c41" 200 2 "GET https://[::1]:8080/v1/AUTH_402e63682d3749049fa8edf9e07dfd6e/gnocchi.3d0fc1cf-20d1-49e2-9982-a9f8e8055c41?format=json&marker=none_v3&states=listing" "tx1bbdadcc76524909a71ff-00693b8eb5" "proxy-server 97888" 0.0055 "-" 96624 0
Dec 11 22:40:37 np0005556243.novalocal proxy-server[97888]: ::1 ::1 12/Dec/2025/03/40/37 GET /v1/AUTH_402e63682d3749049fa8edf9e07dfd6e/gnocchi.3d0fc1cf-20d1-49e2-9982-a9f8e8055c41%3Fformat%3Djson%26marker%3Dnone_v3%26states%3Dlisting HTTP/1.0 200 - python-swiftclient-4.8.0 gAAAAABpO450Q4QS... - 2 - tx1bbdadcc76524909a71ff-00693b8eb5 - 0.0170 - - 1765510837.259898663 1765510837.276853800 0 89ff87eb6954479d969b489941791c9f
Dec 11 22:40:37 np0005556243.novalocal object-server[96957]: ::1 - - [12/Dec/2025:03:40:37 +0000] "GET /2/124158/AUTH_402e63682d3749049fa8edf9e07dfd6e/gnocchi.3d0fc1cf-20d1-49e2-9982-a9f8e8055c41/1764720000.0_mean_300.0_v3" 200 16 "GET https://[::1]:8080/v1/AUTH_402e63682d3749049fa8edf9e07dfd6e/gnocchi.3d0fc1cf-20d1-49e2-9982-a9f8e8055c41/1764720000.0_mean_300.0_v3" "txd95f41f3ce3b4e2d91ad2-00693b8eb5" "proxy-server 97888" 0.0012 "-" 96957 0
Dec 11 22:40:37 np0005556243.novalocal proxy-server[97888]: ::1 ::1 12/Dec/2025/03/40/37 GET /v1/AUTH_402e63682d3749049fa8edf9e07dfd6e/gnocchi.3d0fc1cf-20d1-49e2-9982-a9f8e8055c41/1764720000.0_mean_300.0_v3 HTTP/1.0 200 - python-swiftclient-4.8.0 gAAAAABpO450Q4QS... - 16 - txd95f41f3ce3b4e2d91ad2-00693b8eb5 - 0.0112 - - 1765510837.281466961 1765510837.292622805 0 89ff87eb6954479d969b489941791c9f
Dec 11 22:40:37 np0005556243.novalocal container-server[96625]: ::1 - - [12/Dec/2025:03:40:37 +0000] "PUT /1/179942/AUTH_402e63682d3749049fa8edf9e07dfd6e/gnocchi.3d0fc1cf-20d1-49e2-9982-a9f8e8055c41/1764720000.0_mean_300.0_v3" 201 - "PUT http://[::1]:8080/3/124158/AUTH_402e63682d3749049fa8edf9e07dfd6e/gnocchi.3d0fc1cf-20d1-49e2-9982-a9f8e8055c41/1764720000.0_mean_300.0_v3" "tx474d335521b443ffa0e37-00693b8eb5" "object-server 96958" 0.0009 "-" 96625 0
Dec 11 22:40:37 np0005556243.novalocal object-server[96958]: ::1 - - [12/Dec/2025:03:40:37 +0000] "PUT /3/124158/AUTH_402e63682d3749049fa8edf9e07dfd6e/gnocchi.3d0fc1cf-20d1-49e2-9982-a9f8e8055c41/1764720000.0_mean_300.0_v3" 201 - "PUT https://[::1]:8080/v1/AUTH_402e63682d3749049fa8edf9e07dfd6e/gnocchi.3d0fc1cf-20d1-49e2-9982-a9f8e8055c41/1764720000.0_mean_300.0_v3" "tx474d335521b443ffa0e37-00693b8eb5" "proxy-server 97888" 0.0148 "-" 96958 0
Dec 11 22:40:37 np0005556243.novalocal container-server[96625]: ::1 - - [12/Dec/2025:03:40:37 +0000] "PUT /2/179942/AUTH_402e63682d3749049fa8edf9e07dfd6e/gnocchi.3d0fc1cf-20d1-49e2-9982-a9f8e8055c41/1764720000.0_mean_300.0_v3" 201 - "PUT http://[::1]:8080/1/124158/AUTH_402e63682d3749049fa8edf9e07dfd6e/gnocchi.3d0fc1cf-20d1-49e2-9982-a9f8e8055c41/1764720000.0_mean_300.0_v3" "tx474d335521b443ffa0e37-00693b8eb5" "object-server 96957" 0.0007 "-" 96625 0
Dec 11 22:40:37 np0005556243.novalocal object-server[96957]: ::1 - - [12/Dec/2025:03:40:37 +0000] "PUT /1/124158/AUTH_402e63682d3749049fa8edf9e07dfd6e/gnocchi.3d0fc1cf-20d1-49e2-9982-a9f8e8055c41/1764720000.0_mean_300.0_v3" 201 - "PUT https://[::1]:8080/v1/AUTH_402e63682d3749049fa8edf9e07dfd6e/gnocchi.3d0fc1cf-20d1-49e2-9982-a9f8e8055c41/1764720000.0_mean_300.0_v3" "tx474d335521b443ffa0e37-00693b8eb5" "proxy-server 97888" 0.0177 "-" 96957 0
Dec 11 22:40:37 np0005556243.novalocal container-server[96625]: ::1 - - [12/Dec/2025:03:40:37 +0000] "PUT /3/179942/AUTH_402e63682d3749049fa8edf9e07dfd6e/gnocchi.3d0fc1cf-20d1-49e2-9982-a9f8e8055c41/1764720000.0_mean_300.0_v3" 201 - "PUT http://[::1]:8080/2/124158/AUTH_402e63682d3749049fa8edf9e07dfd6e/gnocchi.3d0fc1cf-20d1-49e2-9982-a9f8e8055c41/1764720000.0_mean_300.0_v3" "tx474d335521b443ffa0e37-00693b8eb5" "object-server 96957" 0.0007 "-" 96625 0
Dec 11 22:40:37 np0005556243.novalocal object-server[96957]: ::1 - - [12/Dec/2025:03:40:37 +0000] "PUT /2/124158/AUTH_402e63682d3749049fa8edf9e07dfd6e/gnocchi.3d0fc1cf-20d1-49e2-9982-a9f8e8055c41/1764720000.0_mean_300.0_v3" 201 - "PUT https://[::1]:8080/v1/AUTH_402e63682d3749049fa8edf9e07dfd6e/gnocchi.3d0fc1cf-20d1-49e2-9982-a9f8e8055c41/1764720000.0_mean_300.0_v3" "tx474d335521b443ffa0e37-00693b8eb5" "proxy-server 97888" 0.0175 "-" 96957 0
Dec 11 22:40:37 np0005556243.novalocal proxy-server[97888]: ::1 ::1 12/Dec/2025/03/40/37 PUT /v1/AUTH_402e63682d3749049fa8edf9e07dfd6e/gnocchi.3d0fc1cf-20d1-49e2-9982-a9f8e8055c41/1764720000.0_mean_300.0_v3 HTTP/1.0 201 - python-swiftclient-4.8.0 gAAAAABpO450Q4QS... 16 - - tx474d335521b443ffa0e37-00693b8eb5 - 0.0305 - - 1765510837.296467304 1765510837.326974154 0 89ff87eb6954479d969b489941791c9f
Dec 11 22:40:37 np0005556243.novalocal container-server[96625]: ::1 - - [12/Dec/2025:03:40:37 +0000] "PUT /1/179942/AUTH_402e63682d3749049fa8edf9e07dfd6e/gnocchi.3d0fc1cf-20d1-49e2-9982-a9f8e8055c41/none_v3" 201 - "PUT http://[::1]:8080/3/187603/AUTH_402e63682d3749049fa8edf9e07dfd6e/gnocchi.3d0fc1cf-20d1-49e2-9982-a9f8e8055c41/none_v3" "txa6925450f88940278ba4f-00693b8eb5" "object-server 96957" 0.0009 "-" 96625 0
Dec 11 22:40:37 np0005556243.novalocal object-server[96957]: ::1 - - [12/Dec/2025:03:40:37 +0000] "PUT /3/187603/AUTH_402e63682d3749049fa8edf9e07dfd6e/gnocchi.3d0fc1cf-20d1-49e2-9982-a9f8e8055c41/none_v3" 201 - "PUT https://[::1]:8080/v1/AUTH_402e63682d3749049fa8edf9e07dfd6e/gnocchi.3d0fc1cf-20d1-49e2-9982-a9f8e8055c41/none_v3" "txa6925450f88940278ba4f-00693b8eb5" "proxy-server 97888" 0.0160 "-" 96957 0
Dec 11 22:40:37 np0005556243.novalocal container-server[96624]: ::1 - - [12/Dec/2025:03:40:37 +0000] "PUT /3/179942/AUTH_402e63682d3749049fa8edf9e07dfd6e/gnocchi.3d0fc1cf-20d1-49e2-9982-a9f8e8055c41/none_v3" 201 - "PUT http://[::1]:8080/1/187603/AUTH_402e63682d3749049fa8edf9e07dfd6e/gnocchi.3d0fc1cf-20d1-49e2-9982-a9f8e8055c41/none_v3" "txa6925450f88940278ba4f-00693b8eb5" "object-server 96957" 0.0009 "-" 96624 0
Dec 11 22:40:37 np0005556243.novalocal container-server[96625]: ::1 - - [12/Dec/2025:03:40:37 +0000] "PUT /2/179942/AUTH_402e63682d3749049fa8edf9e07dfd6e/gnocchi.3d0fc1cf-20d1-49e2-9982-a9f8e8055c41/none_v3" 201 - "PUT http://[::1]:8080/2/187603/AUTH_402e63682d3749049fa8edf9e07dfd6e/gnocchi.3d0fc1cf-20d1-49e2-9982-a9f8e8055c41/none_v3" "txa6925450f88940278ba4f-00693b8eb5" "object-server 96957" 0.0006 "-" 96625 0
Dec 11 22:40:37 np0005556243.novalocal object-server[96957]: ::1 - - [12/Dec/2025:03:40:37 +0000] "PUT /1/187603/AUTH_402e63682d3749049fa8edf9e07dfd6e/gnocchi.3d0fc1cf-20d1-49e2-9982-a9f8e8055c41/none_v3" 201 - "PUT https://[::1]:8080/v1/AUTH_402e63682d3749049fa8edf9e07dfd6e/gnocchi.3d0fc1cf-20d1-49e2-9982-a9f8e8055c41/none_v3" "txa6925450f88940278ba4f-00693b8eb5" "proxy-server 97888" 0.0200 "-" 96957 0
Dec 11 22:40:37 np0005556243.novalocal object-server[96957]: ::1 - - [12/Dec/2025:03:40:37 +0000] "PUT /2/187603/AUTH_402e63682d3749049fa8edf9e07dfd6e/gnocchi.3d0fc1cf-20d1-49e2-9982-a9f8e8055c41/none_v3" 201 - "PUT https://[::1]:8080/v1/AUTH_402e63682d3749049fa8edf9e07dfd6e/gnocchi.3d0fc1cf-20d1-49e2-9982-a9f8e8055c41/none_v3" "txa6925450f88940278ba4f-00693b8eb5" "proxy-server 97888" 0.0234 "-" 96957 0
Dec 11 22:40:37 np0005556243.novalocal proxy-server[97888]: ::1 ::1 12/Dec/2025/03/40/37 PUT /v1/AUTH_402e63682d3749049fa8edf9e07dfd6e/gnocchi.3d0fc1cf-20d1-49e2-9982-a9f8e8055c41/none_v3 HTTP/1.0 201 - python-swiftclient-4.8.0 gAAAAABpO450Q4QS... 36 - - txa6925450f88940278ba4f-00693b8eb5 - 0.0345 - - 1765510837.331652403 1765510837.366172791 0 89ff87eb6954479d969b489941791c9f
Dec 11 22:40:37 np0005556243.novalocal object-server[96957]: ::1 - - [12/Dec/2025:03:40:37 +0000] "GET /2/238281/AUTH_402e63682d3749049fa8edf9e07dfd6e/gnocchi.7dc2ef2c-6279-4e5e-8080-8f2e15153e54/none_v3" 200 32 "GET https://[::1]:8080/v1/AUTH_402e63682d3749049fa8edf9e07dfd6e/gnocchi.7dc2ef2c-6279-4e5e-8080-8f2e15153e54/none_v3" "txde3c6a58af274ebf964d4-00693b8eb5" "proxy-server 97888" 0.0008 "-" 96957 0
Dec 11 22:40:37 np0005556243.novalocal proxy-server[97888]: ::1 ::1 12/Dec/2025/03/40/37 GET /v1/AUTH_402e63682d3749049fa8edf9e07dfd6e/gnocchi.7dc2ef2c-6279-4e5e-8080-8f2e15153e54/none_v3 HTTP/1.0 200 - python-swiftclient-4.8.0 gAAAAABpO450Q4QS... - 32 - txde3c6a58af274ebf964d4-00693b8eb5 - 0.0097 - - 1765510837.404528618 1765510837.414221048 0 89ff87eb6954479d969b489941791c9f
Dec 11 22:40:37 np0005556243.novalocal container-server[96624]: ::1 - - [12/Dec/2025:03:40:37 +0000] "GET /3/103401/AUTH_402e63682d3749049fa8edf9e07dfd6e/gnocchi.7dc2ef2c-6279-4e5e-8080-8f2e15153e54" 200 357 "GET https://[::1]:8080/v1/AUTH_402e63682d3749049fa8edf9e07dfd6e/gnocchi.7dc2ef2c-6279-4e5e-8080-8f2e15153e54?format=json&states=listing" "tx1273bb248f10435899dab-00693b8eb5" "proxy-server 97888" 0.0135 "-" 96624 0
Dec 11 22:40:37 np0005556243.novalocal proxy-server[97888]: ::1 ::1 12/Dec/2025/03/40/37 GET /v1/AUTH_402e63682d3749049fa8edf9e07dfd6e/gnocchi.7dc2ef2c-6279-4e5e-8080-8f2e15153e54%3Fformat%3Djson%26states%3Dlisting HTTP/1.0 200 - python-swiftclient-4.8.0 gAAAAABpO450Q4QS... - 357 - tx1273bb248f10435899dab-00693b8eb5 - 0.0242 - - 1765510837.417808294 1765510837.442035913 0 89ff87eb6954479d969b489941791c9f
Dec 11 22:40:37 np0005556243.novalocal container-server[96624]: ::1 - - [12/Dec/2025:03:40:37 +0000] "GET /3/103401/AUTH_402e63682d3749049fa8edf9e07dfd6e/gnocchi.7dc2ef2c-6279-4e5e-8080-8f2e15153e54" 200 2 "GET https://[::1]:8080/v1/AUTH_402e63682d3749049fa8edf9e07dfd6e/gnocchi.7dc2ef2c-6279-4e5e-8080-8f2e15153e54?format=json&marker=none_v3&states=listing" "tx07335a5c7ddf40a294e24-00693b8eb5" "proxy-server 97888" 0.0044 "-" 96624 0
Dec 11 22:40:37 np0005556243.novalocal proxy-server[97888]: ::1 ::1 12/Dec/2025/03/40/37 GET /v1/AUTH_402e63682d3749049fa8edf9e07dfd6e/gnocchi.7dc2ef2c-6279-4e5e-8080-8f2e15153e54%3Fformat%3Djson%26marker%3Dnone_v3%26states%3Dlisting HTTP/1.0 200 - python-swiftclient-4.8.0 gAAAAABpO450Q4QS... - 2 - tx07335a5c7ddf40a294e24-00693b8eb5 - 0.0145 - - 1765510837.445014715 1765510837.459465742 0 89ff87eb6954479d969b489941791c9f
Dec 11 22:40:37 np0005556243.novalocal object-server[96957]: ::1 - - [12/Dec/2025:03:40:37 +0000] "GET /3/124774/AUTH_402e63682d3749049fa8edf9e07dfd6e/gnocchi.7dc2ef2c-6279-4e5e-8080-8f2e15153e54/1764720000.0_mean_300.0_v3" 200 16 "GET https://[::1]:8080/v1/AUTH_402e63682d3749049fa8edf9e07dfd6e/gnocchi.7dc2ef2c-6279-4e5e-8080-8f2e15153e54/1764720000.0_mean_300.0_v3" "txe17b54254ed94257b565c-00693b8eb5" "proxy-server 97888" 0.0013 "-" 96957 0
Dec 11 22:40:37 np0005556243.novalocal proxy-server[97888]: ::1 ::1 12/Dec/2025/03/40/37 GET /v1/AUTH_402e63682d3749049fa8edf9e07dfd6e/gnocchi.7dc2ef2c-6279-4e5e-8080-8f2e15153e54/1764720000.0_mean_300.0_v3 HTTP/1.0 200 - python-swiftclient-4.8.0 gAAAAABpO450Q4QS... - 16 - txe17b54254ed94257b565c-00693b8eb5 - 0.0100 - - 1765510837.463374138 1765510837.473328114 0 89ff87eb6954479d969b489941791c9f
Dec 11 22:40:37 np0005556243.novalocal container-server[96625]: ::1 - - [12/Dec/2025:03:40:37 +0000] "PUT /1/103401/AUTH_402e63682d3749049fa8edf9e07dfd6e/gnocchi.7dc2ef2c-6279-4e5e-8080-8f2e15153e54/1764720000.0_mean_300.0_v3" 201 - "PUT http://[::1]:8080/3/124774/AUTH_402e63682d3749049fa8edf9e07dfd6e/gnocchi.7dc2ef2c-6279-4e5e-8080-8f2e15153e54/1764720000.0_mean_300.0_v3" "tx026a924a0beb4105877a5-00693b8eb5" "object-server 96957" 0.0005 "-" 96625 0
Dec 11 22:40:37 np0005556243.novalocal object-server[96957]: ::1 - - [12/Dec/2025:03:40:37 +0000] "PUT /3/124774/AUTH_402e63682d3749049fa8edf9e07dfd6e/gnocchi.7dc2ef2c-6279-4e5e-8080-8f2e15153e54/1764720000.0_mean_300.0_v3" 201 - "PUT https://[::1]:8080/v1/AUTH_402e63682d3749049fa8edf9e07dfd6e/gnocchi.7dc2ef2c-6279-4e5e-8080-8f2e15153e54/1764720000.0_mean_300.0_v3" "tx026a924a0beb4105877a5-00693b8eb5" "proxy-server 97888" 0.0131 "-" 96957 0
Dec 11 22:40:37 np0005556243.novalocal container-server[96625]: ::1 - - [12/Dec/2025:03:40:37 +0000] "PUT /3/103401/AUTH_402e63682d3749049fa8edf9e07dfd6e/gnocchi.7dc2ef2c-6279-4e5e-8080-8f2e15153e54/1764720000.0_mean_300.0_v3" 201 - "PUT http://[::1]:8080/1/124774/AUTH_402e63682d3749049fa8edf9e07dfd6e/gnocchi.7dc2ef2c-6279-4e5e-8080-8f2e15153e54/1764720000.0_mean_300.0_v3" "tx026a924a0beb4105877a5-00693b8eb5" "object-server 96958" 0.0004 "-" 96625 0
Dec 11 22:40:37 np0005556243.novalocal container-server[96624]: ::1 - - [12/Dec/2025:03:40:37 +0000] "PUT /2/103401/AUTH_402e63682d3749049fa8edf9e07dfd6e/gnocchi.7dc2ef2c-6279-4e5e-8080-8f2e15153e54/1764720000.0_mean_300.0_v3" 201 - "PUT http://[::1]:8080/2/124774/AUTH_402e63682d3749049fa8edf9e07dfd6e/gnocchi.7dc2ef2c-6279-4e5e-8080-8f2e15153e54/1764720000.0_mean_300.0_v3" "tx026a924a0beb4105877a5-00693b8eb5" "object-server 96958" 0.0009 "-" 96624 0
Dec 11 22:40:37 np0005556243.novalocal object-server[96958]: ::1 - - [12/Dec/2025:03:40:37 +0000] "PUT /1/124774/AUTH_402e63682d3749049fa8edf9e07dfd6e/gnocchi.7dc2ef2c-6279-4e5e-8080-8f2e15153e54/1764720000.0_mean_300.0_v3" 201 - "PUT https://[::1]:8080/v1/AUTH_402e63682d3749049fa8edf9e07dfd6e/gnocchi.7dc2ef2c-6279-4e5e-8080-8f2e15153e54/1764720000.0_mean_300.0_v3" "tx026a924a0beb4105877a5-00693b8eb5" "proxy-server 97888" 0.0168 "-" 96958 0
Dec 11 22:40:37 np0005556243.novalocal object-server[96958]: ::1 - - [12/Dec/2025:03:40:37 +0000] "PUT /2/124774/AUTH_402e63682d3749049fa8edf9e07dfd6e/gnocchi.7dc2ef2c-6279-4e5e-8080-8f2e15153e54/1764720000.0_mean_300.0_v3" 201 - "PUT https://[::1]:8080/v1/AUTH_402e63682d3749049fa8edf9e07dfd6e/gnocchi.7dc2ef2c-6279-4e5e-8080-8f2e15153e54/1764720000.0_mean_300.0_v3" "tx026a924a0beb4105877a5-00693b8eb5" "proxy-server 97888" 0.0159 "-" 96958 0
Dec 11 22:40:37 np0005556243.novalocal proxy-server[97888]: ::1 ::1 12/Dec/2025/03/40/37 PUT /v1/AUTH_402e63682d3749049fa8edf9e07dfd6e/gnocchi.7dc2ef2c-6279-4e5e-8080-8f2e15153e54/1764720000.0_mean_300.0_v3 HTTP/1.0 201 - python-swiftclient-4.8.0 gAAAAABpO450Q4QS... 16 - - tx026a924a0beb4105877a5-00693b8eb5 - 0.0303 - - 1765510837.476232767 1765510837.506493092 0 89ff87eb6954479d969b489941791c9f
Dec 11 22:40:37 np0005556243.novalocal container-server[96625]: ::1 - - [12/Dec/2025:03:40:37 +0000] "PUT /2/103401/AUTH_402e63682d3749049fa8edf9e07dfd6e/gnocchi.7dc2ef2c-6279-4e5e-8080-8f2e15153e54/none_v3" 201 - "PUT http://[::1]:8080/3/238281/AUTH_402e63682d3749049fa8edf9e07dfd6e/gnocchi.7dc2ef2c-6279-4e5e-8080-8f2e15153e54/none_v3" "txc4f9d0d481524a4c838cc-00693b8eb5" "object-server 96957" 0.0008 "-" 96625 0
Dec 11 22:40:37 np0005556243.novalocal object-server[96957]: ::1 - - [12/Dec/2025:03:40:37 +0000] "PUT /3/238281/AUTH_402e63682d3749049fa8edf9e07dfd6e/gnocchi.7dc2ef2c-6279-4e5e-8080-8f2e15153e54/none_v3" 201 - "PUT https://[::1]:8080/v1/AUTH_402e63682d3749049fa8edf9e07dfd6e/gnocchi.7dc2ef2c-6279-4e5e-8080-8f2e15153e54/none_v3" "txc4f9d0d481524a4c838cc-00693b8eb5" "proxy-server 97888" 0.0156 "-" 96957 0
Dec 11 22:40:37 np0005556243.novalocal container-server[96624]: ::1 - - [12/Dec/2025:03:40:37 +0000] "PUT /3/103401/AUTH_402e63682d3749049fa8edf9e07dfd6e/gnocchi.7dc2ef2c-6279-4e5e-8080-8f2e15153e54/none_v3" 201 - "PUT http://[::1]:8080/2/238281/AUTH_402e63682d3749049fa8edf9e07dfd6e/gnocchi.7dc2ef2c-6279-4e5e-8080-8f2e15153e54/none_v3" "txc4f9d0d481524a4c838cc-00693b8eb5" "object-server 96957" 0.0008 "-" 96624 0
Dec 11 22:40:37 np0005556243.novalocal object-server[96957]: ::1 - - [12/Dec/2025:03:40:37 +0000] "PUT /2/238281/AUTH_402e63682d3749049fa8edf9e07dfd6e/gnocchi.7dc2ef2c-6279-4e5e-8080-8f2e15153e54/none_v3" 201 - "PUT https://[::1]:8080/v1/AUTH_402e63682d3749049fa8edf9e07dfd6e/gnocchi.7dc2ef2c-6279-4e5e-8080-8f2e15153e54/none_v3" "txc4f9d0d481524a4c838cc-00693b8eb5" "proxy-server 97888" 0.0151 "-" 96957 0
Dec 11 22:40:37 np0005556243.novalocal container-server[96625]: ::1 - - [12/Dec/2025:03:40:37 +0000] "PUT /1/103401/AUTH_402e63682d3749049fa8edf9e07dfd6e/gnocchi.7dc2ef2c-6279-4e5e-8080-8f2e15153e54/none_v3" 201 - "PUT http://[::1]:8080/1/238281/AUTH_402e63682d3749049fa8edf9e07dfd6e/gnocchi.7dc2ef2c-6279-4e5e-8080-8f2e15153e54/none_v3" "txc4f9d0d481524a4c838cc-00693b8eb5" "object-server 96957" 0.0007 "-" 96625 0
Dec 11 22:40:37 np0005556243.novalocal object-server[96957]: ::1 - - [12/Dec/2025:03:40:37 +0000] "PUT /1/238281/AUTH_402e63682d3749049fa8edf9e07dfd6e/gnocchi.7dc2ef2c-6279-4e5e-8080-8f2e15153e54/none_v3" 201 - "PUT https://[::1]:8080/v1/AUTH_402e63682d3749049fa8edf9e07dfd6e/gnocchi.7dc2ef2c-6279-4e5e-8080-8f2e15153e54/none_v3" "txc4f9d0d481524a4c838cc-00693b8eb5" "proxy-server 97888" 0.0145 "-" 96957 0
Dec 11 22:40:37 np0005556243.novalocal proxy-server[97888]: ::1 ::1 12/Dec/2025/03/40/37 PUT /v1/AUTH_402e63682d3749049fa8edf9e07dfd6e/gnocchi.7dc2ef2c-6279-4e5e-8080-8f2e15153e54/none_v3 HTTP/1.0 201 - python-swiftclient-4.8.0 gAAAAABpO450Q4QS... 45 - - txc4f9d0d481524a4c838cc-00693b8eb5 - 0.0275 - - 1765510837.510567904 1765510837.538107634 0 89ff87eb6954479d969b489941791c9f
Dec 11 22:40:37 np0005556243.novalocal object-server[96957]: ::1 - - [12/Dec/2025:03:40:37 +0000] "GET /2/119897/AUTH_402e63682d3749049fa8edf9e07dfd6e/gnocchi.25fdf1fb-5f6e-417e-893b-53d48fb05af2/none_v3" 200 31 "GET https://[::1]:8080/v1/AUTH_402e63682d3749049fa8edf9e07dfd6e/gnocchi.25fdf1fb-5f6e-417e-893b-53d48fb05af2/none_v3" "tx18306ee7c6a8477f803a0-00693b8eb5" "proxy-server 97888" 0.0010 "-" 96957 0
Dec 11 22:40:37 np0005556243.novalocal proxy-server[97888]: ::1 ::1 12/Dec/2025/03/40/37 GET /v1/AUTH_402e63682d3749049fa8edf9e07dfd6e/gnocchi.25fdf1fb-5f6e-417e-893b-53d48fb05af2/none_v3 HTTP/1.0 200 - python-swiftclient-4.8.0 gAAAAABpO450Q4QS... - 31 - tx18306ee7c6a8477f803a0-00693b8eb5 - 0.0102 - - 1765510837.583971739 1765510837.594181061 0 89ff87eb6954479d969b489941791c9f
Dec 11 22:40:37 np0005556243.novalocal container-server[96624]: ::1 - - [12/Dec/2025:03:40:37 +0000] "GET /2/223573/AUTH_402e63682d3749049fa8edf9e07dfd6e/gnocchi.25fdf1fb-5f6e-417e-893b-53d48fb05af2" 200 357 "GET https://[::1]:8080/v1/AUTH_402e63682d3749049fa8edf9e07dfd6e/gnocchi.25fdf1fb-5f6e-417e-893b-53d48fb05af2?format=json&states=listing" "tx91886e5d9649441392415-00693b8eb5" "proxy-server 97888" 0.0097 "-" 96624 0
Dec 11 22:40:37 np0005556243.novalocal proxy-server[97888]: ::1 ::1 12/Dec/2025/03/40/37 GET /v1/AUTH_402e63682d3749049fa8edf9e07dfd6e/gnocchi.25fdf1fb-5f6e-417e-893b-53d48fb05af2%3Fformat%3Djson%26states%3Dlisting HTTP/1.0 200 - python-swiftclient-4.8.0 gAAAAABpO450Q4QS... - 357 - tx91886e5d9649441392415-00693b8eb5 - 0.0188 - - 1765510837.598816395 1765510837.617614508 0 89ff87eb6954479d969b489941791c9f
Dec 11 22:40:37 np0005556243.novalocal container-server[96624]: ::1 - - [12/Dec/2025:03:40:37 +0000] "GET /2/223573/AUTH_402e63682d3749049fa8edf9e07dfd6e/gnocchi.25fdf1fb-5f6e-417e-893b-53d48fb05af2" 200 2 "GET https://[::1]:8080/v1/AUTH_402e63682d3749049fa8edf9e07dfd6e/gnocchi.25fdf1fb-5f6e-417e-893b-53d48fb05af2?format=json&marker=none_v3&states=listing" "txe42a80b2cd7f4cfd8b392-00693b8eb5" "proxy-server 97888" 0.0037 "-" 96624 0
Dec 11 22:40:37 np0005556243.novalocal proxy-server[97888]: ::1 ::1 12/Dec/2025/03/40/37 GET /v1/AUTH_402e63682d3749049fa8edf9e07dfd6e/gnocchi.25fdf1fb-5f6e-417e-893b-53d48fb05af2%3Fformat%3Djson%26marker%3Dnone_v3%26states%3Dlisting HTTP/1.0 200 - python-swiftclient-4.8.0 gAAAAABpO450Q4QS... - 2 - txe42a80b2cd7f4cfd8b392-00693b8eb5 - 0.0117 - - 1765510837.621508360 1765510837.633180857 0 89ff87eb6954479d969b489941791c9f
Dec 11 22:40:37 np0005556243.novalocal object-server[96957]: ::1 - - [12/Dec/2025:03:40:37 +0000] "GET /1/209799/AUTH_402e63682d3749049fa8edf9e07dfd6e/gnocchi.25fdf1fb-5f6e-417e-893b-53d48fb05af2/1764720000.0_mean_300.0_v3" 200 16 "GET https://[::1]:8080/v1/AUTH_402e63682d3749049fa8edf9e07dfd6e/gnocchi.25fdf1fb-5f6e-417e-893b-53d48fb05af2/1764720000.0_mean_300.0_v3" "tx1d961e798ff54b3f9c16a-00693b8eb5" "proxy-server 97888" 0.0008 "-" 96957 0
