Dec 11 22:40:13 np0005556243.novalocal container-server[96624]: ::1 - - [12/Dec/2025:03:40:13 +0000] "PUT /1/142311/AUTH_402e63682d3749049fa8edf9e07dfd6e/gnocchi.bc8aa69d-508c-4207-8410-241207aa00ca/none_v3" 201 - "PUT http://[::1]:8080/3/122408/AUTH_402e63682d3749049fa8edf9e07dfd6e/gnocchi.bc8aa69d-508c-4207-8410-241207aa00ca/none_v3" "tx15ab135866004290b95f4-00693b8e9d" "object-server 96957" 0.0011 "-" 96624 0
Dec 11 22:40:13 np0005556243.novalocal object-server[96957]: ::1 - - [12/Dec/2025:03:40:13 +0000] "PUT /3/122408/AUTH_402e63682d3749049fa8edf9e07dfd6e/gnocchi.bc8aa69d-508c-4207-8410-241207aa00ca/none_v3" 201 - "PUT https://[::1]:8080/v1/AUTH_402e63682d3749049fa8edf9e07dfd6e/gnocchi.bc8aa69d-508c-4207-8410-241207aa00ca/none_v3" "tx15ab135866004290b95f4-00693b8e9d" "proxy-server 97888" 0.0240 "-" 96957 0
Dec 11 22:40:13 np0005556243.novalocal proxy-server[97888]: ::1 ::1 12/Dec/2025/03/40/13 PUT /v1/AUTH_402e63682d3749049fa8edf9e07dfd6e/gnocchi.bc8aa69d-508c-4207-8410-241207aa00ca/none_v3 HTTP/1.0 201 - python-swiftclient-4.8.0 gAAAAABpO450Q4QS... 22 - - tx15ab135866004290b95f4-00693b8e9d - 0.0384 - - 1765510813.278697968 1765510813.317128420 0 89ff87eb6954479d969b489941791c9f
Dec 11 22:40:13 np0005556243.novalocal container-server[96625]: ::1 - - [12/Dec/2025:03:40:13 +0000] "HEAD /2/32887/AUTH_402e63682d3749049fa8edf9e07dfd6e/gnocchi.83f9a350-61a0-4738-8593-51a8fe9403cd" 404 - "HEAD http://[::1]:8080/v1/AUTH_402e63682d3749049fa8edf9e07dfd6e/gnocchi.83f9a350-61a0-4738-8593-51a8fe9403cd" "tx00d05b9f4661424688230-00693b8e9d" "proxy-server 97888" 0.0004 "-" 96625 0
Dec 11 22:40:13 np0005556243.novalocal container-server[96625]: ::1 - - [12/Dec/2025:03:40:13 +0000] "HEAD /3/32887/AUTH_402e63682d3749049fa8edf9e07dfd6e/gnocchi.83f9a350-61a0-4738-8593-51a8fe9403cd" 404 - "HEAD http://[::1]:8080/v1/AUTH_402e63682d3749049fa8edf9e07dfd6e/gnocchi.83f9a350-61a0-4738-8593-51a8fe9403cd" "tx00d05b9f4661424688230-00693b8e9d" "proxy-server 97888" 0.0004 "-" 96625 0
Dec 11 22:40:13 np0005556243.novalocal container-server[96625]: ::1 - - [12/Dec/2025:03:40:13 +0000] "HEAD /1/32887/AUTH_402e63682d3749049fa8edf9e07dfd6e/gnocchi.83f9a350-61a0-4738-8593-51a8fe9403cd" 404 - "HEAD http://[::1]:8080/v1/AUTH_402e63682d3749049fa8edf9e07dfd6e/gnocchi.83f9a350-61a0-4738-8593-51a8fe9403cd" "tx00d05b9f4661424688230-00693b8e9d" "proxy-server 97888" 0.0003 "-" 96625 0
Dec 11 22:40:13 np0005556243.novalocal proxy-server[97888]: - - 12/Dec/2025/03/40/13 HEAD /v1/AUTH_402e63682d3749049fa8edf9e07dfd6e/gnocchi.83f9a350-61a0-4738-8593-51a8fe9403cd HTTP/1.0 404 - Swift - - - - tx00d05b9f4661424688230-00693b8e9d - 0.0116 CS - 1765510813.332322836 1765510813.343873024 0 -
Dec 11 22:40:13 np0005556243.novalocal object-server[96957]: ::1 - - [12/Dec/2025:03:40:13 +0000] "GET /3/113831/AUTH_402e63682d3749049fa8edf9e07dfd6e/gnocchi.83f9a350-61a0-4738-8593-51a8fe9403cd/none_v3" 404 70 "GET https://[::1]:8080/v1/AUTH_402e63682d3749049fa8edf9e07dfd6e/gnocchi.83f9a350-61a0-4738-8593-51a8fe9403cd/none_v3" "tx00d05b9f4661424688230-00693b8e9d" "proxy-server 97888" 0.0005 "-" 96957 0
Dec 11 22:40:13 np0005556243.novalocal object-server[96957]: ::1 - - [12/Dec/2025:03:40:13 +0000] "GET /2/113831/AUTH_402e63682d3749049fa8edf9e07dfd6e/gnocchi.83f9a350-61a0-4738-8593-51a8fe9403cd/none_v3" 404 70 "GET https://[::1]:8080/v1/AUTH_402e63682d3749049fa8edf9e07dfd6e/gnocchi.83f9a350-61a0-4738-8593-51a8fe9403cd/none_v3" "tx00d05b9f4661424688230-00693b8e9d" "proxy-server 97888" 0.0003 "-" 96957 0
Dec 11 22:40:13 np0005556243.novalocal object-server[96957]: ::1 - - [12/Dec/2025:03:40:13 +0000] "GET /1/113831/AUTH_402e63682d3749049fa8edf9e07dfd6e/gnocchi.83f9a350-61a0-4738-8593-51a8fe9403cd/none_v3" 404 70 "GET https://[::1]:8080/v1/AUTH_402e63682d3749049fa8edf9e07dfd6e/gnocchi.83f9a350-61a0-4738-8593-51a8fe9403cd/none_v3" "tx00d05b9f4661424688230-00693b8e9d" "proxy-server 97888" 0.0003 "-" 96957 0
Dec 11 22:40:13 np0005556243.novalocal proxy-server[97888]: ::1 ::1 12/Dec/2025/03/40/13 GET /v1/AUTH_402e63682d3749049fa8edf9e07dfd6e/gnocchi.83f9a350-61a0-4738-8593-51a8fe9403cd/none_v3 HTTP/1.0 404 - python-swiftclient-4.8.0 gAAAAABpO450Q4QS... - 70 - tx00d05b9f4661424688230-00693b8e9d - 0.0290 - - 1765510813.331388950 1765510813.360368490 0 89ff87eb6954479d969b489941791c9f
Dec 11 22:40:13 np0005556243.novalocal account-server[96331]: ::1 - - [12/Dec/2025:03:40:13 +0000] "HEAD /1/249817/.misplaced_objects" 404 - "HEAD http://localhost/v1/.misplaced_objects?format=json" "tx69f26452b0e94c7bbe032-00693b8e9d" "Swift Container Reconciler" 0.0005 "-" 96331 -
Dec 11 22:40:13 np0005556243.novalocal account-server[96331]: ::1 - - [12/Dec/2025:03:40:13 +0000] "HEAD /3/249817/.misplaced_objects" 404 - "HEAD http://localhost/v1/.misplaced_objects?format=json" "tx69f26452b0e94c7bbe032-00693b8e9d" "Swift Container Reconciler" 0.0003 "-" 96331 -
Dec 11 22:40:13 np0005556243.novalocal account-server[96331]: ::1 - - [12/Dec/2025:03:40:13 +0000] "HEAD /2/249817/.misplaced_objects" 404 - "HEAD http://localhost/v1/.misplaced_objects?format=json" "tx69f26452b0e94c7bbe032-00693b8e9d" "Swift Container Reconciler" 0.0003 "-" 96331 -
Dec 11 22:40:13 np0005556243.novalocal container-reconciler-ic[92363]: - - 12/Dec/2025/03/40/13 HEAD /v1/.misplaced_objects%3Fformat%3Djson HTTP/1.0 404 - Swift - - - - tx69f26452b0e94c7bbe032-00693b8e9d - 0.0114 GET_ACCOUNT_INFO - 1765510813.363351583 1765510813.374781370 - -
Dec 11 22:40:13 np0005556243.novalocal container-server[96625]: ::1 - - [12/Dec/2025:03:40:13 +0000] "GET /3/26681/.misplaced_objects/1765508400" 404 - "GET http://localhost/v1/.misplaced_objects/1765508400?format=json&marker=&end_marker=&prefix=&states=listing" "tx69f26452b0e94c7bbe032-00693b8e9d" "Swift Container Reconciler" 0.0005 "-" 96625 0
Dec 11 22:40:13 np0005556243.novalocal account-server[96331]: ::1 - - [12/Dec/2025:03:40:13 +0000] "PUT /1/88245/AUTH_402e63682d3749049fa8edf9e07dfd6e/gnocchi.83f9a350-61a0-4738-8593-51a8fe9403cd" 201 - "PUT http://[::1]:6001/2/32887/AUTH_402e63682d3749049fa8edf9e07dfd6e/gnocchi.83f9a350-61a0-4738-8593-51a8fe9403cd" "txee5c41c96a7a46d0be4b0-00693b8e9d" "container-server 96625" 0.0069 "-" 96331 0
Dec 11 22:40:13 np0005556243.novalocal container-server[96625]: ::1 - - [12/Dec/2025:03:40:13 +0000] "GET /1/26681/.misplaced_objects/1765508400" 404 - "GET http://localhost/v1/.misplaced_objects/1765508400?format=json&marker=&end_marker=&prefix=&states=listing" "tx69f26452b0e94c7bbe032-00693b8e9d" "Swift Container Reconciler" 0.0005 "-" 96625 0
Dec 11 22:40:13 np0005556243.novalocal container-server[96625]: ::1 - - [12/Dec/2025:03:40:13 +0000] "PUT /2/32887/AUTH_402e63682d3749049fa8edf9e07dfd6e/gnocchi.83f9a350-61a0-4738-8593-51a8fe9403cd" 201 - "PUT https://[::1]:8080/v1/AUTH_402e63682d3749049fa8edf9e07dfd6e/gnocchi.83f9a350-61a0-4738-8593-51a8fe9403cd" "txee5c41c96a7a46d0be4b0-00693b8e9d" "proxy-server 97888" 0.0298 "-" 96625 0
Dec 11 22:40:13 np0005556243.novalocal container-server[96624]: ::1 - - [12/Dec/2025:03:40:13 +0000] "GET /2/26681/.misplaced_objects/1765508400" 404 - "GET http://localhost/v1/.misplaced_objects/1765508400?format=json&marker=&end_marker=&prefix=&states=listing" "tx69f26452b0e94c7bbe032-00693b8e9d" "Swift Container Reconciler" 0.0004 "-" 96624 0
Dec 11 22:40:13 np0005556243.novalocal container-reconciler-ic[92363]: - - 12/Dec/2025/03/40/13 GET /v1/.misplaced_objects/1765508400%3Fformat%3Djson%26marker%3D%26end_marker%3D%26prefix%3D%26states%3Dlisting HTTP/1.0 404 - Swift%20Container%20Reconciler - - 70 - tx69f26452b0e94c7bbe032-00693b8e9d - 0.0915 - - 1765510813.361896515 1765510813.453419924 0 -
Dec 11 22:40:13 np0005556243.novalocal account-server[96331]: ::1 - - [12/Dec/2025:03:40:13 +0000] "PUT /2/88245/AUTH_402e63682d3749049fa8edf9e07dfd6e/gnocchi.83f9a350-61a0-4738-8593-51a8fe9403cd" 201 - "PUT http://[::1]:6001/1/32887/AUTH_402e63682d3749049fa8edf9e07dfd6e/gnocchi.83f9a350-61a0-4738-8593-51a8fe9403cd" "txee5c41c96a7a46d0be4b0-00693b8e9d" "container-server 96625" 0.0415 "-" 96331 0
Dec 11 22:40:13 np0005556243.novalocal container-server[96625]: ::1 - - [12/Dec/2025:03:40:13 +0000] "PUT /1/32887/AUTH_402e63682d3749049fa8edf9e07dfd6e/gnocchi.83f9a350-61a0-4738-8593-51a8fe9403cd" 201 - "PUT https://[::1]:8080/v1/AUTH_402e63682d3749049fa8edf9e07dfd6e/gnocchi.83f9a350-61a0-4738-8593-51a8fe9403cd" "txee5c41c96a7a46d0be4b0-00693b8e9d" "proxy-server 97888" 0.0586 "-" 96625 0
Dec 11 22:40:13 np0005556243.novalocal account-server[96331]: ::1 - - [12/Dec/2025:03:40:13 +0000] "PUT /3/88245/AUTH_402e63682d3749049fa8edf9e07dfd6e/gnocchi.83f9a350-61a0-4738-8593-51a8fe9403cd" 201 - "PUT http://[::1]:6001/3/32887/AUTH_402e63682d3749049fa8edf9e07dfd6e/gnocchi.83f9a350-61a0-4738-8593-51a8fe9403cd" "txee5c41c96a7a46d0be4b0-00693b8e9d" "container-server 96624" 0.0079 "-" 96331 0
Dec 11 22:40:13 np0005556243.novalocal container-server[96624]: ::1 - - [12/Dec/2025:03:40:13 +0000] "PUT /3/32887/AUTH_402e63682d3749049fa8edf9e07dfd6e/gnocchi.83f9a350-61a0-4738-8593-51a8fe9403cd" 201 - "PUT https://[::1]:8080/v1/AUTH_402e63682d3749049fa8edf9e07dfd6e/gnocchi.83f9a350-61a0-4738-8593-51a8fe9403cd" "txee5c41c96a7a46d0be4b0-00693b8e9d" "proxy-server 97888" 0.0852 "-" 96624 0
Dec 11 22:40:13 np0005556243.novalocal proxy-server[97888]: ::1 ::1 12/Dec/2025/03/40/13 PUT /v1/AUTH_402e63682d3749049fa8edf9e07dfd6e/gnocchi.83f9a350-61a0-4738-8593-51a8fe9403cd HTTP/1.0 201 - python-swiftclient-4.8.0 gAAAAABpO450Q4QS... - - - txee5c41c96a7a46d0be4b0-00693b8e9d - 0.1016 - - 1765510813.365103960 1765510813.466752768 0 89ff87eb6954479d969b489941791c9f
Dec 11 22:40:13 np0005556243.novalocal account-server[96331]: ::1 - - [12/Dec/2025:03:40:13 +0000] "GET /3/249817/.misplaced_objects" 404 - "GET http://localhost/v1/.misplaced_objects?format=json&marker=&end_marker=&prefix=" "tx42e986b3f1444e5882268-00693b8e9d" "Swift Container Reconciler" 0.0039 "-" 96331 -
Dec 11 22:40:13 np0005556243.novalocal account-server[96331]: ::1 - - [12/Dec/2025:03:40:13 +0000] "GET /2/249817/.misplaced_objects" 404 - "GET http://localhost/v1/.misplaced_objects?format=json&marker=&end_marker=&prefix=" "tx42e986b3f1444e5882268-00693b8e9d" "Swift Container Reconciler" 0.0006 "-" 96331 -
Dec 11 22:40:13 np0005556243.novalocal container-server[96625]: ::1 - - [12/Dec/2025:03:40:13 +0000] "HEAD /3/32887/AUTH_402e63682d3749049fa8edf9e07dfd6e/gnocchi.83f9a350-61a0-4738-8593-51a8fe9403cd" 204 - "HEAD http://[::1]:8080/v1/AUTH_402e63682d3749049fa8edf9e07dfd6e/gnocchi.83f9a350-61a0-4738-8593-51a8fe9403cd" "tx219158e9c2064f1b9a17c-00693b8e9d" "proxy-server 97888" 0.0015 "-" 96625 0
Dec 11 22:40:13 np0005556243.novalocal account-server[96332]: ::1 - - [12/Dec/2025:03:40:13 +0000] "GET /1/249817/.misplaced_objects" 404 - "GET http://localhost/v1/.misplaced_objects?format=json&marker=&end_marker=&prefix=" "tx42e986b3f1444e5882268-00693b8e9d" "Swift Container Reconciler" 0.0004 "-" 96332 -
Dec 11 22:40:13 np0005556243.novalocal proxy-server[97888]: - - 12/Dec/2025/03/40/13 HEAD /v1/AUTH_402e63682d3749049fa8edf9e07dfd6e/gnocchi.83f9a350-61a0-4738-8593-51a8fe9403cd HTTP/1.0 204 - Swift - - - - tx219158e9c2064f1b9a17c-00693b8e9d - 0.0059 CS - 1765510813.471325397 1765510813.477221727 0 -
Dec 11 22:40:13 np0005556243.novalocal container-reconciler-ic[92363]: - - 12/Dec/2025/03/40/13 GET /v1/.misplaced_objects%3Fformat%3Djson%26marker%3D%26end_marker%3D%26prefix%3D HTTP/1.0 404 - Swift%20Container%20Reconciler - - - - tx42e986b3f1444e5882268-00693b8e9d - 0.0253 - - 1765510813.454033613 1765510813.479290485 - -
Dec 11 22:40:13 np0005556243.novalocal container-reconciler[92363]: Reconciler Stats: {}
Dec 11 22:40:13 np0005556243.novalocal container-reconciler[92363]: sleeping between intervals (30.0s)
Dec 11 22:40:13 np0005556243.novalocal container-server[96624]: ::1 - - [12/Dec/2025:03:40:13 +0000] "GET /3/32887/AUTH_402e63682d3749049fa8edf9e07dfd6e/gnocchi.83f9a350-61a0-4738-8593-51a8fe9403cd" 200 2 "GET https://[::1]:8080/v1/AUTH_402e63682d3749049fa8edf9e07dfd6e/gnocchi.83f9a350-61a0-4738-8593-51a8fe9403cd?format=json&states=listing" "tx219158e9c2064f1b9a17c-00693b8e9d" "proxy-server 97888" 0.0024 "-" 96624 0
Dec 11 22:40:13 np0005556243.novalocal proxy-server[97888]: ::1 ::1 12/Dec/2025/03/40/13 GET /v1/AUTH_402e63682d3749049fa8edf9e07dfd6e/gnocchi.83f9a350-61a0-4738-8593-51a8fe9403cd%3Fformat%3Djson%26states%3Dlisting HTTP/1.0 200 - python-swiftclient-4.8.0 gAAAAABpO450Q4QS... - 2 - tx219158e9c2064f1b9a17c-00693b8e9d - 0.0170 - - 1765510813.470387697 1765510813.487394094 0 89ff87eb6954479d969b489941791c9f
Dec 11 22:40:13 np0005556243.novalocal object-server[96957]: ::1 - - [12/Dec/2025:03:40:13 +0000] "GET /3/227285/AUTH_402e63682d3749049fa8edf9e07dfd6e/gnocchi.83f9a350-61a0-4738-8593-51a8fe9403cd/1764720000.0_mean_300.0_v3" 404 70 "GET https://[::1]:8080/v1/AUTH_402e63682d3749049fa8edf9e07dfd6e/gnocchi.83f9a350-61a0-4738-8593-51a8fe9403cd/1764720000.0_mean_300.0_v3" "tx30d17eb86d9144358e65c-00693b8e9d" "proxy-server 97888" 0.0004 "-" 96957 0
Dec 11 22:40:13 np0005556243.novalocal object-server[96957]: ::1 - - [12/Dec/2025:03:40:13 +0000] "GET /2/227285/AUTH_402e63682d3749049fa8edf9e07dfd6e/gnocchi.83f9a350-61a0-4738-8593-51a8fe9403cd/1764720000.0_mean_300.0_v3" 404 70 "GET https://[::1]:8080/v1/AUTH_402e63682d3749049fa8edf9e07dfd6e/gnocchi.83f9a350-61a0-4738-8593-51a8fe9403cd/1764720000.0_mean_300.0_v3" "tx30d17eb86d9144358e65c-00693b8e9d" "proxy-server 97888" 0.0005 "-" 96957 0
Dec 11 22:40:13 np0005556243.novalocal object-server[96957]: ::1 - - [12/Dec/2025:03:40:13 +0000] "GET /1/227285/AUTH_402e63682d3749049fa8edf9e07dfd6e/gnocchi.83f9a350-61a0-4738-8593-51a8fe9403cd/1764720000.0_mean_300.0_v3" 404 70 "GET https://[::1]:8080/v1/AUTH_402e63682d3749049fa8edf9e07dfd6e/gnocchi.83f9a350-61a0-4738-8593-51a8fe9403cd/1764720000.0_mean_300.0_v3" "tx30d17eb86d9144358e65c-00693b8e9d" "proxy-server 97888" 0.0004 "-" 96957 0
Dec 11 22:40:13 np0005556243.novalocal proxy-server[97888]: ::1 ::1 12/Dec/2025/03/40/13 GET /v1/AUTH_402e63682d3749049fa8edf9e07dfd6e/gnocchi.83f9a350-61a0-4738-8593-51a8fe9403cd/1764720000.0_mean_300.0_v3 HTTP/1.0 404 - python-swiftclient-4.8.0 gAAAAABpO450Q4QS... - 70 - tx30d17eb86d9144358e65c-00693b8e9d - 0.0151 - - 1765510813.493590117 1765510813.508714914 0 89ff87eb6954479d969b489941791c9f
Dec 11 22:40:13 np0005556243.novalocal container-server[96624]: ::1 - - [12/Dec/2025:03:40:13 +0000] "PUT /2/32887/AUTH_402e63682d3749049fa8edf9e07dfd6e/gnocchi.83f9a350-61a0-4738-8593-51a8fe9403cd/1764720000.0_mean_300.0_v3" 201 - "PUT http://[::1]:8080/2/227285/AUTH_402e63682d3749049fa8edf9e07dfd6e/gnocchi.83f9a350-61a0-4738-8593-51a8fe9403cd/1764720000.0_mean_300.0_v3" "txf4d8aa044b904f1c8b8de-00693b8e9d" "object-server 96958" 0.0009 "-" 96624 0
Dec 11 22:40:13 np0005556243.novalocal container-server[96625]: ::1 - - [12/Dec/2025:03:40:13 +0000] "PUT /1/32887/AUTH_402e63682d3749049fa8edf9e07dfd6e/gnocchi.83f9a350-61a0-4738-8593-51a8fe9403cd/1764720000.0_mean_300.0_v3" 201 - "PUT http://[::1]:8080/3/227285/AUTH_402e63682d3749049fa8edf9e07dfd6e/gnocchi.83f9a350-61a0-4738-8593-51a8fe9403cd/1764720000.0_mean_300.0_v3" "txf4d8aa044b904f1c8b8de-00693b8e9d" "object-server 96957" 0.0007 "-" 96625 0
Dec 11 22:40:13 np0005556243.novalocal object-server[96958]: ::1 - - [12/Dec/2025:03:40:13 +0000] "PUT /2/227285/AUTH_402e63682d3749049fa8edf9e07dfd6e/gnocchi.83f9a350-61a0-4738-8593-51a8fe9403cd/1764720000.0_mean_300.0_v3" 201 - "PUT https://[::1]:8080/v1/AUTH_402e63682d3749049fa8edf9e07dfd6e/gnocchi.83f9a350-61a0-4738-8593-51a8fe9403cd/1764720000.0_mean_300.0_v3" "txf4d8aa044b904f1c8b8de-00693b8e9d" "proxy-server 97888" 0.0143 "-" 96958 0
Dec 11 22:40:13 np0005556243.novalocal object-server[96957]: ::1 - - [12/Dec/2025:03:40:13 +0000] "PUT /3/227285/AUTH_402e63682d3749049fa8edf9e07dfd6e/gnocchi.83f9a350-61a0-4738-8593-51a8fe9403cd/1764720000.0_mean_300.0_v3" 201 - "PUT https://[::1]:8080/v1/AUTH_402e63682d3749049fa8edf9e07dfd6e/gnocchi.83f9a350-61a0-4738-8593-51a8fe9403cd/1764720000.0_mean_300.0_v3" "txf4d8aa044b904f1c8b8de-00693b8e9d" "proxy-server 97888" 0.0145 "-" 96957 0
Dec 11 22:40:13 np0005556243.novalocal container-server[96624]: ::1 - - [12/Dec/2025:03:40:13 +0000] "PUT /3/32887/AUTH_402e63682d3749049fa8edf9e07dfd6e/gnocchi.83f9a350-61a0-4738-8593-51a8fe9403cd/1764720000.0_mean_300.0_v3" 201 - "PUT http://[::1]:8080/1/227285/AUTH_402e63682d3749049fa8edf9e07dfd6e/gnocchi.83f9a350-61a0-4738-8593-51a8fe9403cd/1764720000.0_mean_300.0_v3" "txf4d8aa044b904f1c8b8de-00693b8e9d" "object-server 96957" 0.0007 "-" 96624 0
Dec 11 22:40:13 np0005556243.novalocal object-server[96957]: ::1 - - [12/Dec/2025:03:40:13 +0000] "PUT /1/227285/AUTH_402e63682d3749049fa8edf9e07dfd6e/gnocchi.83f9a350-61a0-4738-8593-51a8fe9403cd/1764720000.0_mean_300.0_v3" 201 - "PUT https://[::1]:8080/v1/AUTH_402e63682d3749049fa8edf9e07dfd6e/gnocchi.83f9a350-61a0-4738-8593-51a8fe9403cd/1764720000.0_mean_300.0_v3" "txf4d8aa044b904f1c8b8de-00693b8e9d" "proxy-server 97888" 0.0149 "-" 96957 0
Dec 11 22:40:13 np0005556243.novalocal proxy-server[97888]: ::1 ::1 12/Dec/2025/03/40/13 PUT /v1/AUTH_402e63682d3749049fa8edf9e07dfd6e/gnocchi.83f9a350-61a0-4738-8593-51a8fe9403cd/1764720000.0_mean_300.0_v3 HTTP/1.0 201 - python-swiftclient-4.8.0 gAAAAABpO450Q4QS... 16 - - txf4d8aa044b904f1c8b8de-00693b8e9d - 0.0242 - - 1765510813.511844635 1765510813.536034107 0 89ff87eb6954479d969b489941791c9f
Dec 11 22:40:13 np0005556243.novalocal container-server[96624]: ::1 - - [12/Dec/2025:03:40:13 +0000] "PUT /2/32887/AUTH_402e63682d3749049fa8edf9e07dfd6e/gnocchi.83f9a350-61a0-4738-8593-51a8fe9403cd/none_v3" 201 - "PUT http://[::1]:8080/2/113831/AUTH_402e63682d3749049fa8edf9e07dfd6e/gnocchi.83f9a350-61a0-4738-8593-51a8fe9403cd/none_v3" "txdff99bf540f84d90a2fda-00693b8e9d" "object-server 96957" 0.0010 "-" 96624 0
Dec 11 22:40:13 np0005556243.novalocal object-server[96957]: ::1 - - [12/Dec/2025:03:40:13 +0000] "PUT /2/113831/AUTH_402e63682d3749049fa8edf9e07dfd6e/gnocchi.83f9a350-61a0-4738-8593-51a8fe9403cd/none_v3" 201 - "PUT https://[::1]:8080/v1/AUTH_402e63682d3749049fa8edf9e07dfd6e/gnocchi.83f9a350-61a0-4738-8593-51a8fe9403cd/none_v3" "txdff99bf540f84d90a2fda-00693b8e9d" "proxy-server 97888" 0.0126 "-" 96957 0
Dec 11 22:40:13 np0005556243.novalocal container-server[96624]: ::1 - - [12/Dec/2025:03:40:13 +0000] "PUT /1/32887/AUTH_402e63682d3749049fa8edf9e07dfd6e/gnocchi.83f9a350-61a0-4738-8593-51a8fe9403cd/none_v3" 201 - "PUT http://[::1]:8080/1/113831/AUTH_402e63682d3749049fa8edf9e07dfd6e/gnocchi.83f9a350-61a0-4738-8593-51a8fe9403cd/none_v3" "txdff99bf540f84d90a2fda-00693b8e9d" "object-server 96958" 0.0008 "-" 96624 0
Dec 11 22:40:13 np0005556243.novalocal container-server[96624]: ::1 - - [12/Dec/2025:03:40:13 +0000] "PUT /3/32887/AUTH_402e63682d3749049fa8edf9e07dfd6e/gnocchi.83f9a350-61a0-4738-8593-51a8fe9403cd/none_v3" 201 - "PUT http://[::1]:8080/3/113831/AUTH_402e63682d3749049fa8edf9e07dfd6e/gnocchi.83f9a350-61a0-4738-8593-51a8fe9403cd/none_v3" "txdff99bf540f84d90a2fda-00693b8e9d" "object-server 96958" 0.0013 "-" 96624 0
Dec 11 22:40:13 np0005556243.novalocal object-server[96958]: ::1 - - [12/Dec/2025:03:40:13 +0000] "PUT /1/113831/AUTH_402e63682d3749049fa8edf9e07dfd6e/gnocchi.83f9a350-61a0-4738-8593-51a8fe9403cd/none_v3" 201 - "PUT https://[::1]:8080/v1/AUTH_402e63682d3749049fa8edf9e07dfd6e/gnocchi.83f9a350-61a0-4738-8593-51a8fe9403cd/none_v3" "txdff99bf540f84d90a2fda-00693b8e9d" "proxy-server 97888" 0.0149 "-" 96958 0
Dec 11 22:40:13 np0005556243.novalocal object-server[96958]: ::1 - - [12/Dec/2025:03:40:13 +0000] "PUT /3/113831/AUTH_402e63682d3749049fa8edf9e07dfd6e/gnocchi.83f9a350-61a0-4738-8593-51a8fe9403cd/none_v3" 201 - "PUT https://[::1]:8080/v1/AUTH_402e63682d3749049fa8edf9e07dfd6e/gnocchi.83f9a350-61a0-4738-8593-51a8fe9403cd/none_v3" "txdff99bf540f84d90a2fda-00693b8e9d" "proxy-server 97888" 0.0181 "-" 96958 0
Dec 11 22:40:13 np0005556243.novalocal proxy-server[97888]: ::1 ::1 12/Dec/2025/03/40/13 PUT /v1/AUTH_402e63682d3749049fa8edf9e07dfd6e/gnocchi.83f9a350-61a0-4738-8593-51a8fe9403cd/none_v3 HTTP/1.0 201 - python-swiftclient-4.8.0 gAAAAABpO450Q4QS... 22 - - txdff99bf540f84d90a2fda-00693b8e9d - 0.0269 - - 1765510813.538630962 1765510813.565488815 0 89ff87eb6954479d969b489941791c9f
Dec 11 22:40:13 np0005556243.novalocal container-server[96624]: ::1 - - [12/Dec/2025:03:40:13 +0000] "HEAD /3/50557/AUTH_402e63682d3749049fa8edf9e07dfd6e/gnocchi.42f8ac86-b77d-480b-9ca6-e6167abb4771" 404 - "HEAD http://[::1]:8080/v1/AUTH_402e63682d3749049fa8edf9e07dfd6e/gnocchi.42f8ac86-b77d-480b-9ca6-e6167abb4771" "tx58cd6603bea74e4192ce5-00693b8e9d" "proxy-server 97888" 0.0004 "-" 96624 0
Dec 11 22:40:13 np0005556243.novalocal container-server[96624]: ::1 - - [12/Dec/2025:03:40:13 +0000] "HEAD /1/50557/AUTH_402e63682d3749049fa8edf9e07dfd6e/gnocchi.42f8ac86-b77d-480b-9ca6-e6167abb4771" 404 - "HEAD http://[::1]:8080/v1/AUTH_402e63682d3749049fa8edf9e07dfd6e/gnocchi.42f8ac86-b77d-480b-9ca6-e6167abb4771" "tx58cd6603bea74e4192ce5-00693b8e9d" "proxy-server 97888" 0.0003 "-" 96624 0
Dec 11 22:40:13 np0005556243.novalocal container-server[96625]: ::1 - - [12/Dec/2025:03:40:13 +0000] "HEAD /2/50557/AUTH_402e63682d3749049fa8edf9e07dfd6e/gnocchi.42f8ac86-b77d-480b-9ca6-e6167abb4771" 404 - "HEAD http://[::1]:8080/v1/AUTH_402e63682d3749049fa8edf9e07dfd6e/gnocchi.42f8ac86-b77d-480b-9ca6-e6167abb4771" "tx58cd6603bea74e4192ce5-00693b8e9d" "proxy-server 97888" 0.0002 "-" 96625 0
Dec 11 22:40:13 np0005556243.novalocal proxy-server[97888]: - - 12/Dec/2025/03/40/13 HEAD /v1/AUTH_402e63682d3749049fa8edf9e07dfd6e/gnocchi.42f8ac86-b77d-480b-9ca6-e6167abb4771 HTTP/1.0 404 - Swift - - - - tx58cd6603bea74e4192ce5-00693b8e9d - 0.0088 CS - 1765510813.613520861 1765510813.622369766 0 -
Dec 11 22:40:13 np0005556243.novalocal object-server[96957]: ::1 - - [12/Dec/2025:03:40:13 +0000] "GET /1/177322/AUTH_402e63682d3749049fa8edf9e07dfd6e/gnocchi.42f8ac86-b77d-480b-9ca6-e6167abb4771/none_v3" 404 70 "GET https://[::1]:8080/v1/AUTH_402e63682d3749049fa8edf9e07dfd6e/gnocchi.42f8ac86-b77d-480b-9ca6-e6167abb4771/none_v3" "tx58cd6603bea74e4192ce5-00693b8e9d" "proxy-server 97888" 0.0004 "-" 96957 0
Dec 11 22:40:13 np0005556243.novalocal object-server[96958]: ::1 - - [12/Dec/2025:03:40:13 +0000] "GET /2/177322/AUTH_402e63682d3749049fa8edf9e07dfd6e/gnocchi.42f8ac86-b77d-480b-9ca6-e6167abb4771/none_v3" 404 70 "GET https://[::1]:8080/v1/AUTH_402e63682d3749049fa8edf9e07dfd6e/gnocchi.42f8ac86-b77d-480b-9ca6-e6167abb4771/none_v3" "tx58cd6603bea74e4192ce5-00693b8e9d" "proxy-server 97888" 0.0005 "-" 96958 0
Dec 11 22:40:13 np0005556243.novalocal object-server[96957]: ::1 - - [12/Dec/2025:03:40:13 +0000] "GET /3/177322/AUTH_402e63682d3749049fa8edf9e07dfd6e/gnocchi.42f8ac86-b77d-480b-9ca6-e6167abb4771/none_v3" 404 70 "GET https://[::1]:8080/v1/AUTH_402e63682d3749049fa8edf9e07dfd6e/gnocchi.42f8ac86-b77d-480b-9ca6-e6167abb4771/none_v3" "tx58cd6603bea74e4192ce5-00693b8e9d" "proxy-server 97888" 0.0004 "-" 96957 0
Dec 11 22:40:13 np0005556243.novalocal proxy-server[97888]: ::1 ::1 12/Dec/2025/03/40/13 GET /v1/AUTH_402e63682d3749049fa8edf9e07dfd6e/gnocchi.42f8ac86-b77d-480b-9ca6-e6167abb4771/none_v3 HTTP/1.0 404 - python-swiftclient-4.8.0 gAAAAABpO450Q4QS... - 70 - tx58cd6603bea74e4192ce5-00693b8e9d - 0.0236 - - 1765510813.612323761 1765510813.635956764 0 89ff87eb6954479d969b489941791c9f
Dec 11 22:40:13 np0005556243.novalocal account-server[96331]: ::1 - - [12/Dec/2025:03:40:13 +0000] "PUT /3/88245/AUTH_402e63682d3749049fa8edf9e07dfd6e/gnocchi.42f8ac86-b77d-480b-9ca6-e6167abb4771" 201 - "PUT http://[::1]:6001/3/50557/AUTH_402e63682d3749049fa8edf9e07dfd6e/gnocchi.42f8ac86-b77d-480b-9ca6-e6167abb4771" "tx2acc9a0a86144099b0de9-00693b8e9d" "container-server 96625" 0.0056 "-" 96331 0
Dec 11 22:40:13 np0005556243.novalocal container-server[96625]: ::1 - - [12/Dec/2025:03:40:13 +0000] "PUT /3/50557/AUTH_402e63682d3749049fa8edf9e07dfd6e/gnocchi.42f8ac86-b77d-480b-9ca6-e6167abb4771" 201 - "PUT https://[::1]:8080/v1/AUTH_402e63682d3749049fa8edf9e07dfd6e/gnocchi.42f8ac86-b77d-480b-9ca6-e6167abb4771" "tx2acc9a0a86144099b0de9-00693b8e9d" "proxy-server 97888" 0.0172 "-" 96625 0
Dec 11 22:40:13 np0005556243.novalocal account-server[96331]: ::1 - - [12/Dec/2025:03:40:13 +0000] "PUT /1/88245/AUTH_402e63682d3749049fa8edf9e07dfd6e/gnocchi.42f8ac86-b77d-480b-9ca6-e6167abb4771" 201 - "PUT http://[::1]:6001/1/50557/AUTH_402e63682d3749049fa8edf9e07dfd6e/gnocchi.42f8ac86-b77d-480b-9ca6-e6167abb4771" "tx2acc9a0a86144099b0de9-00693b8e9d" "container-server 96624" 0.0037 "-" 96331 0
Dec 11 22:40:13 np0005556243.novalocal account-server[96332]: ::1 - - [12/Dec/2025:03:40:13 +0000] "PUT /2/88245/AUTH_402e63682d3749049fa8edf9e07dfd6e/gnocchi.42f8ac86-b77d-480b-9ca6-e6167abb4771" 201 - "PUT http://[::1]:6001/2/50557/AUTH_402e63682d3749049fa8edf9e07dfd6e/gnocchi.42f8ac86-b77d-480b-9ca6-e6167abb4771" "tx2acc9a0a86144099b0de9-00693b8e9d" "container-server 96624" 0.0045 "-" 96332 0
Dec 11 22:40:13 np0005556243.novalocal container-server[96624]: ::1 - - [12/Dec/2025:03:40:13 +0000] "PUT /1/50557/AUTH_402e63682d3749049fa8edf9e07dfd6e/gnocchi.42f8ac86-b77d-480b-9ca6-e6167abb4771" 201 - "PUT https://[::1]:8080/v1/AUTH_402e63682d3749049fa8edf9e07dfd6e/gnocchi.42f8ac86-b77d-480b-9ca6-e6167abb4771" "tx2acc9a0a86144099b0de9-00693b8e9d" "proxy-server 97888" 0.0169 "-" 96624 0
Dec 11 22:40:13 np0005556243.novalocal container-server[96624]: ::1 - - [12/Dec/2025:03:40:13 +0000] "PUT /2/50557/AUTH_402e63682d3749049fa8edf9e07dfd6e/gnocchi.42f8ac86-b77d-480b-9ca6-e6167abb4771" 201 - "PUT https://[::1]:8080/v1/AUTH_402e63682d3749049fa8edf9e07dfd6e/gnocchi.42f8ac86-b77d-480b-9ca6-e6167abb4771" "tx2acc9a0a86144099b0de9-00693b8e9d" "proxy-server 97888" 0.0312 "-" 96624 0
Dec 11 22:40:13 np0005556243.novalocal proxy-server[97888]: ::1 ::1 12/Dec/2025/03/40/13 PUT /v1/AUTH_402e63682d3749049fa8edf9e07dfd6e/gnocchi.42f8ac86-b77d-480b-9ca6-e6167abb4771 HTTP/1.0 201 - python-swiftclient-4.8.0 gAAAAABpO450Q4QS... - - - tx2acc9a0a86144099b0de9-00693b8e9d - 0.0384 - - 1765510813.638266802 1765510813.676668882 0 89ff87eb6954479d969b489941791c9f
Dec 11 22:40:13 np0005556243.novalocal container-server[96625]: ::1 - - [12/Dec/2025:03:40:13 +0000] "HEAD /1/50557/AUTH_402e63682d3749049fa8edf9e07dfd6e/gnocchi.42f8ac86-b77d-480b-9ca6-e6167abb4771" 204 - "HEAD http://[::1]:8080/v1/AUTH_402e63682d3749049fa8edf9e07dfd6e/gnocchi.42f8ac86-b77d-480b-9ca6-e6167abb4771" "txdacbadeaaeeb4d3f8a5e0-00693b8e9d" "proxy-server 97888" 0.0015 "-" 96625 0
Dec 11 22:40:13 np0005556243.novalocal proxy-server[97888]: - - 12/Dec/2025/03/40/13 HEAD /v1/AUTH_402e63682d3749049fa8edf9e07dfd6e/gnocchi.42f8ac86-b77d-480b-9ca6-e6167abb4771 HTTP/1.0 204 - Swift - - - - txdacbadeaaeeb4d3f8a5e0-00693b8e9d - 0.0049 CS - 1765510813.680819273 1765510813.685682535 0 -
Dec 11 22:40:13 np0005556243.novalocal container-server[96624]: ::1 - - [12/Dec/2025:03:40:13 +0000] "GET /3/50557/AUTH_402e63682d3749049fa8edf9e07dfd6e/gnocchi.42f8ac86-b77d-480b-9ca6-e6167abb4771" 200 2 "GET https://[::1]:8080/v1/AUTH_402e63682d3749049fa8edf9e07dfd6e/gnocchi.42f8ac86-b77d-480b-9ca6-e6167abb4771?format=json&states=listing" "txdacbadeaaeeb4d3f8a5e0-00693b8e9d" "proxy-server 97888" 0.0023 "-" 96624 0
Dec 11 22:40:13 np0005556243.novalocal proxy-server[97888]: ::1 ::1 12/Dec/2025/03/40/13 GET /v1/AUTH_402e63682d3749049fa8edf9e07dfd6e/gnocchi.42f8ac86-b77d-480b-9ca6-e6167abb4771%3Fformat%3Djson%26states%3Dlisting HTTP/1.0 200 - python-swiftclient-4.8.0 gAAAAABpO450Q4QS... - 2 - txdacbadeaaeeb4d3f8a5e0-00693b8e9d - 0.0142 - - 1765510813.680181026 1765510813.694407463 0 89ff87eb6954479d969b489941791c9f
Dec 11 22:40:13 np0005556243.novalocal object-server[96958]: ::1 - - [12/Dec/2025:03:40:13 +0000] "GET /3/243129/AUTH_402e63682d3749049fa8edf9e07dfd6e/gnocchi.42f8ac86-b77d-480b-9ca6-e6167abb4771/1764720000.0_mean_300.0_v3" 404 70 "GET https://[::1]:8080/v1/AUTH_402e63682d3749049fa8edf9e07dfd6e/gnocchi.42f8ac86-b77d-480b-9ca6-e6167abb4771/1764720000.0_mean_300.0_v3" "txc3c9730d14ef4fdbb4c3a-00693b8e9d" "proxy-server 97888" 0.0003 "-" 96958 0
Dec 11 22:40:13 np0005556243.novalocal object-server[96958]: ::1 - - [12/Dec/2025:03:40:13 +0000] "GET /2/243129/AUTH_402e63682d3749049fa8edf9e07dfd6e/gnocchi.42f8ac86-b77d-480b-9ca6-e6167abb4771/1764720000.0_mean_300.0_v3" 404 70 "GET https://[::1]:8080/v1/AUTH_402e63682d3749049fa8edf9e07dfd6e/gnocchi.42f8ac86-b77d-480b-9ca6-e6167abb4771/1764720000.0_mean_300.0_v3" "txc3c9730d14ef4fdbb4c3a-00693b8e9d" "proxy-server 97888" 0.0002 "-" 96958 0
Dec 11 22:40:13 np0005556243.novalocal object-server[96958]: ::1 - - [12/Dec/2025:03:40:13 +0000] "GET /1/243129/AUTH_402e63682d3749049fa8edf9e07dfd6e/gnocchi.42f8ac86-b77d-480b-9ca6-e6167abb4771/1764720000.0_mean_300.0_v3" 404 70 "GET https://[::1]:8080/v1/AUTH_402e63682d3749049fa8edf9e07dfd6e/gnocchi.42f8ac86-b77d-480b-9ca6-e6167abb4771/1764720000.0_mean_300.0_v3" "txc3c9730d14ef4fdbb4c3a-00693b8e9d" "proxy-server 97888" 0.0002 "-" 96958 0
Dec 11 22:40:13 np0005556243.novalocal proxy-server[97888]: ::1 ::1 12/Dec/2025/03/40/13 GET /v1/AUTH_402e63682d3749049fa8edf9e07dfd6e/gnocchi.42f8ac86-b77d-480b-9ca6-e6167abb4771/1764720000.0_mean_300.0_v3 HTTP/1.0 404 - python-swiftclient-4.8.0 gAAAAABpO450Q4QS... - 70 - txc3c9730d14ef4fdbb4c3a-00693b8e9d - 0.0098 - - 1765510813.698079348 1765510813.707909346 0 89ff87eb6954479d969b489941791c9f
Dec 11 22:40:13 np0005556243.novalocal container-server[96624]: ::1 - - [12/Dec/2025:03:40:13 +0000] "PUT /2/50557/AUTH_402e63682d3749049fa8edf9e07dfd6e/gnocchi.42f8ac86-b77d-480b-9ca6-e6167abb4771/1764720000.0_mean_300.0_v3" 201 - "PUT http://[::1]:8080/1/243129/AUTH_402e63682d3749049fa8edf9e07dfd6e/gnocchi.42f8ac86-b77d-480b-9ca6-e6167abb4771/1764720000.0_mean_300.0_v3" "tx59b3ad79ff7f4ae4b006c-00693b8e9d" "object-server 96958" 0.0008 "-" 96624 0
Dec 11 22:40:13 np0005556243.novalocal object-server[96958]: ::1 - - [12/Dec/2025:03:40:13 +0000] "PUT /1/243129/AUTH_402e63682d3749049fa8edf9e07dfd6e/gnocchi.42f8ac86-b77d-480b-9ca6-e6167abb4771/1764720000.0_mean_300.0_v3" 201 - "PUT https://[::1]:8080/v1/AUTH_402e63682d3749049fa8edf9e07dfd6e/gnocchi.42f8ac86-b77d-480b-9ca6-e6167abb4771/1764720000.0_mean_300.0_v3" "tx59b3ad79ff7f4ae4b006c-00693b8e9d" "proxy-server 97888" 0.0110 "-" 96958 0
Dec 11 22:40:13 np0005556243.novalocal container-server[96625]: ::1 - - [12/Dec/2025:03:40:13 +0000] "PUT /1/50557/AUTH_402e63682d3749049fa8edf9e07dfd6e/gnocchi.42f8ac86-b77d-480b-9ca6-e6167abb4771/1764720000.0_mean_300.0_v3" 201 - "PUT http://[::1]:8080/2/243129/AUTH_402e63682d3749049fa8edf9e07dfd6e/gnocchi.42f8ac86-b77d-480b-9ca6-e6167abb4771/1764720000.0_mean_300.0_v3" "tx59b3ad79ff7f4ae4b006c-00693b8e9d" "object-server 96958" 0.0012 "-" 96625 0
Dec 11 22:40:13 np0005556243.novalocal object-server[96958]: ::1 - - [12/Dec/2025:03:40:13 +0000] "PUT /2/243129/AUTH_402e63682d3749049fa8edf9e07dfd6e/gnocchi.42f8ac86-b77d-480b-9ca6-e6167abb4771/1764720000.0_mean_300.0_v3" 201 - "PUT https://[::1]:8080/v1/AUTH_402e63682d3749049fa8edf9e07dfd6e/gnocchi.42f8ac86-b77d-480b-9ca6-e6167abb4771/1764720000.0_mean_300.0_v3" "tx59b3ad79ff7f4ae4b006c-00693b8e9d" "proxy-server 97888" 0.0130 "-" 96958 0
Dec 11 22:40:13 np0005556243.novalocal container-server[96624]: ::1 - - [12/Dec/2025:03:40:13 +0000] "PUT /3/50557/AUTH_402e63682d3749049fa8edf9e07dfd6e/gnocchi.42f8ac86-b77d-480b-9ca6-e6167abb4771/1764720000.0_mean_300.0_v3" 201 - "PUT http://[::1]:8080/3/243129/AUTH_402e63682d3749049fa8edf9e07dfd6e/gnocchi.42f8ac86-b77d-480b-9ca6-e6167abb4771/1764720000.0_mean_300.0_v3" "tx59b3ad79ff7f4ae4b006c-00693b8e9d" "object-server 96957" 0.0003 "-" 96624 0
Dec 11 22:40:13 np0005556243.novalocal object-server[96957]: ::1 - - [12/Dec/2025:03:40:13 +0000] "PUT /3/243129/AUTH_402e63682d3749049fa8edf9e07dfd6e/gnocchi.42f8ac86-b77d-480b-9ca6-e6167abb4771/1764720000.0_mean_300.0_v3" 201 - "PUT https://[::1]:8080/v1/AUTH_402e63682d3749049fa8edf9e07dfd6e/gnocchi.42f8ac86-b77d-480b-9ca6-e6167abb4771/1764720000.0_mean_300.0_v3" "tx59b3ad79ff7f4ae4b006c-00693b8e9d" "proxy-server 97888" 0.0141 "-" 96957 0
Dec 11 22:40:13 np0005556243.novalocal proxy-server[97888]: ::1 ::1 12/Dec/2025/03/40/13 PUT /v1/AUTH_402e63682d3749049fa8edf9e07dfd6e/gnocchi.42f8ac86-b77d-480b-9ca6-e6167abb4771/1764720000.0_mean_300.0_v3 HTTP/1.0 201 - python-swiftclient-4.8.0 gAAAAABpO450Q4QS... 16 - - tx59b3ad79ff7f4ae4b006c-00693b8e9d - 0.0224 - - 1765510813.712333918 1765510813.734745264 0 89ff87eb6954479d969b489941791c9f
Dec 11 22:40:13 np0005556243.novalocal container-server[96625]: ::1 - - [12/Dec/2025:03:40:13 +0000] "PUT /2/50557/AUTH_402e63682d3749049fa8edf9e07dfd6e/gnocchi.42f8ac86-b77d-480b-9ca6-e6167abb4771/none_v3" 201 - "PUT http://[::1]:8080/1/177322/AUTH_402e63682d3749049fa8edf9e07dfd6e/gnocchi.42f8ac86-b77d-480b-9ca6-e6167abb4771/none_v3" "tx5e97065b391646c895919-00693b8e9d" "object-server 96958" 0.0008 "-" 96625 0
Dec 11 22:40:13 np0005556243.novalocal object-server[96958]: ::1 - - [12/Dec/2025:03:40:13 +0000] "PUT /1/177322/AUTH_402e63682d3749049fa8edf9e07dfd6e/gnocchi.42f8ac86-b77d-480b-9ca6-e6167abb4771/none_v3" 201 - "PUT https://[::1]:8080/v1/AUTH_402e63682d3749049fa8edf9e07dfd6e/gnocchi.42f8ac86-b77d-480b-9ca6-e6167abb4771/none_v3" "tx5e97065b391646c895919-00693b8e9d" "proxy-server 97888" 0.0124 "-" 96958 0
Dec 11 22:40:13 np0005556243.novalocal container-server[96624]: ::1 - - [12/Dec/2025:03:40:13 +0000] "PUT /3/50557/AUTH_402e63682d3749049fa8edf9e07dfd6e/gnocchi.42f8ac86-b77d-480b-9ca6-e6167abb4771/none_v3" 201 - "PUT http://[::1]:8080/2/177322/AUTH_402e63682d3749049fa8edf9e07dfd6e/gnocchi.42f8ac86-b77d-480b-9ca6-e6167abb4771/none_v3" "tx5e97065b391646c895919-00693b8e9d" "object-server 96958" 0.0011 "-" 96624 0
Dec 11 22:40:13 np0005556243.novalocal container-server[96625]: ::1 - - [12/Dec/2025:03:40:13 +0000] "PUT /1/50557/AUTH_402e63682d3749049fa8edf9e07dfd6e/gnocchi.42f8ac86-b77d-480b-9ca6-e6167abb4771/none_v3" 201 - "PUT http://[::1]:8080/3/177322/AUTH_402e63682d3749049fa8edf9e07dfd6e/gnocchi.42f8ac86-b77d-480b-9ca6-e6167abb4771/none_v3" "tx5e97065b391646c895919-00693b8e9d" "object-server 96957" 0.0009 "-" 96625 0
Dec 11 22:40:13 np0005556243.novalocal object-server[96958]: ::1 - - [12/Dec/2025:03:40:13 +0000] "PUT /2/177322/AUTH_402e63682d3749049fa8edf9e07dfd6e/gnocchi.42f8ac86-b77d-480b-9ca6-e6167abb4771/none_v3" 201 - "PUT https://[::1]:8080/v1/AUTH_402e63682d3749049fa8edf9e07dfd6e/gnocchi.42f8ac86-b77d-480b-9ca6-e6167abb4771/none_v3" "tx5e97065b391646c895919-00693b8e9d" "proxy-server 97888" 0.0131 "-" 96958 0
Dec 11 22:40:13 np0005556243.novalocal object-server[96957]: ::1 - - [12/Dec/2025:03:40:13 +0000] "PUT /3/177322/AUTH_402e63682d3749049fa8edf9e07dfd6e/gnocchi.42f8ac86-b77d-480b-9ca6-e6167abb4771/none_v3" 201 - "PUT https://[::1]:8080/v1/AUTH_402e63682d3749049fa8edf9e07dfd6e/gnocchi.42f8ac86-b77d-480b-9ca6-e6167abb4771/none_v3" "tx5e97065b391646c895919-00693b8e9d" "proxy-server 97888" 0.0158 "-" 96957 0
Dec 11 22:40:13 np0005556243.novalocal proxy-server[97888]: ::1 ::1 12/Dec/2025/03/40/13 PUT /v1/AUTH_402e63682d3749049fa8edf9e07dfd6e/gnocchi.42f8ac86-b77d-480b-9ca6-e6167abb4771/none_v3 HTTP/1.0 201 - python-swiftclient-4.8.0 gAAAAABpO450Q4QS... 22 - - tx5e97065b391646c895919-00693b8e9d - 0.0237 - - 1765510813.738503218 1765510813.762218475 0 89ff87eb6954479d969b489941791c9f
Dec 11 22:40:13 np0005556243.novalocal container-server[96625]: ::1 - - [12/Dec/2025:03:40:13 +0000] "HEAD /3/159832/AUTH_402e63682d3749049fa8edf9e07dfd6e/gnocchi.2dcf2eb4-eb1a-4b26-b18f-6c066a81d572" 404 - "HEAD http://[::1]:8080/v1/AUTH_402e63682d3749049fa8edf9e07dfd6e/gnocchi.2dcf2eb4-eb1a-4b26-b18f-6c066a81d572" "tx65b06326d6694f4783467-00693b8e9d" "proxy-server 97888" 0.0004 "-" 96625 0
Dec 11 22:40:13 np0005556243.novalocal container-server[96625]: ::1 - - [12/Dec/2025:03:40:13 +0000] "HEAD /2/159832/AUTH_402e63682d3749049fa8edf9e07dfd6e/gnocchi.2dcf2eb4-eb1a-4b26-b18f-6c066a81d572" 404 - "HEAD http://[::1]:8080/v1/AUTH_402e63682d3749049fa8edf9e07dfd6e/gnocchi.2dcf2eb4-eb1a-4b26-b18f-6c066a81d572" "tx65b06326d6694f4783467-00693b8e9d" "proxy-server 97888" 0.0003 "-" 96625 0
Dec 11 22:40:13 np0005556243.novalocal container-server[96625]: ::1 - - [12/Dec/2025:03:40:13 +0000] "HEAD /1/159832/AUTH_402e63682d3749049fa8edf9e07dfd6e/gnocchi.2dcf2eb4-eb1a-4b26-b18f-6c066a81d572" 404 - "HEAD http://[::1]:8080/v1/AUTH_402e63682d3749049fa8edf9e07dfd6e/gnocchi.2dcf2eb4-eb1a-4b26-b18f-6c066a81d572" "tx65b06326d6694f4783467-00693b8e9d" "proxy-server 97888" 0.0003 "-" 96625 0
Dec 11 22:40:13 np0005556243.novalocal proxy-server[97888]: - - 12/Dec/2025/03/40/13 HEAD /v1/AUTH_402e63682d3749049fa8edf9e07dfd6e/gnocchi.2dcf2eb4-eb1a-4b26-b18f-6c066a81d572 HTTP/1.0 404 - Swift - - - - tx65b06326d6694f4783467-00693b8e9d - 0.0097 CS - 1765510813.775306463 1765510813.784970760 0 -
Dec 11 22:40:13 np0005556243.novalocal object-server[96958]: ::1 - - [12/Dec/2025:03:40:13 +0000] "GET /2/242622/AUTH_402e63682d3749049fa8edf9e07dfd6e/gnocchi.2dcf2eb4-eb1a-4b26-b18f-6c066a81d572/none_v3" 404 70 "GET https://[::1]:8080/v1/AUTH_402e63682d3749049fa8edf9e07dfd6e/gnocchi.2dcf2eb4-eb1a-4b26-b18f-6c066a81d572/none_v3" "tx65b06326d6694f4783467-00693b8e9d" "proxy-server 97888" 0.0002 "-" 96958 0
Dec 11 22:40:13 np0005556243.novalocal object-server[96958]: ::1 - - [12/Dec/2025:03:40:13 +0000] "GET /3/242622/AUTH_402e63682d3749049fa8edf9e07dfd6e/gnocchi.2dcf2eb4-eb1a-4b26-b18f-6c066a81d572/none_v3" 404 70 "GET https://[::1]:8080/v1/AUTH_402e63682d3749049fa8edf9e07dfd6e/gnocchi.2dcf2eb4-eb1a-4b26-b18f-6c066a81d572/none_v3" "tx65b06326d6694f4783467-00693b8e9d" "proxy-server 97888" 0.0002 "-" 96958 0
Dec 11 22:40:13 np0005556243.novalocal object-server[96958]: ::1 - - [12/Dec/2025:03:40:13 +0000] "GET /1/242622/AUTH_402e63682d3749049fa8edf9e07dfd6e/gnocchi.2dcf2eb4-eb1a-4b26-b18f-6c066a81d572/none_v3" 404 70 "GET https://[::1]:8080/v1/AUTH_402e63682d3749049fa8edf9e07dfd6e/gnocchi.2dcf2eb4-eb1a-4b26-b18f-6c066a81d572/none_v3" "tx65b06326d6694f4783467-00693b8e9d" "proxy-server 97888" 0.0003 "-" 96958 0
Dec 11 22:40:13 np0005556243.novalocal proxy-server[97888]: ::1 ::1 12/Dec/2025/03/40/13 GET /v1/AUTH_402e63682d3749049fa8edf9e07dfd6e/gnocchi.2dcf2eb4-eb1a-4b26-b18f-6c066a81d572/none_v3 HTTP/1.0 404 - python-swiftclient-4.8.0 gAAAAABpO450Q4QS... - 70 - tx65b06326d6694f4783467-00693b8e9d - 0.0195 - - 1765510813.774717093 1765510813.794183969 0 89ff87eb6954479d969b489941791c9f
Dec 11 22:40:13 np0005556243.novalocal account-server[96331]: ::1 - - [12/Dec/2025:03:40:13 +0000] "PUT /1/88245/AUTH_402e63682d3749049fa8edf9e07dfd6e/gnocchi.2dcf2eb4-eb1a-4b26-b18f-6c066a81d572" 201 - "PUT http://[::1]:6001/1/159832/AUTH_402e63682d3749049fa8edf9e07dfd6e/gnocchi.2dcf2eb4-eb1a-4b26-b18f-6c066a81d572" "txd1f21dad7c8a41da84997-00693b8e9d" "container-server 96625" 0.0041 "-" 96331 0
Dec 11 22:40:13 np0005556243.novalocal container-server[96625]: ::1 - - [12/Dec/2025:03:40:13 +0000] "PUT /1/159832/AUTH_402e63682d3749049fa8edf9e07dfd6e/gnocchi.2dcf2eb4-eb1a-4b26-b18f-6c066a81d572" 201 - "PUT https://[::1]:8080/v1/AUTH_402e63682d3749049fa8edf9e07dfd6e/gnocchi.2dcf2eb4-eb1a-4b26-b18f-6c066a81d572" "txd1f21dad7c8a41da84997-00693b8e9d" "proxy-server 97888" 0.0258 "-" 96625 0
Dec 11 22:40:13 np0005556243.novalocal account-server[96331]: ::1 - - [12/Dec/2025:03:40:13 +0000] "PUT /3/88245/AUTH_402e63682d3749049fa8edf9e07dfd6e/gnocchi.2dcf2eb4-eb1a-4b26-b18f-6c066a81d572" 201 - "PUT http://[::1]:6001/2/159832/AUTH_402e63682d3749049fa8edf9e07dfd6e/gnocchi.2dcf2eb4-eb1a-4b26-b18f-6c066a81d572" "txd1f21dad7c8a41da84997-00693b8e9d" "container-server 96624" 0.0039 "-" 96331 0
Dec 11 22:40:13 np0005556243.novalocal container-server[96624]: ::1 - - [12/Dec/2025:03:40:13 +0000] "PUT /2/159832/AUTH_402e63682d3749049fa8edf9e07dfd6e/gnocchi.2dcf2eb4-eb1a-4b26-b18f-6c066a81d572" 201 - "PUT https://[::1]:8080/v1/AUTH_402e63682d3749049fa8edf9e07dfd6e/gnocchi.2dcf2eb4-eb1a-4b26-b18f-6c066a81d572" "txd1f21dad7c8a41da84997-00693b8e9d" "proxy-server 97888" 0.0382 "-" 96624 0
Dec 11 22:40:13 np0005556243.novalocal account-server[96332]: ::1 - - [12/Dec/2025:03:40:13 +0000] "PUT /2/88245/AUTH_402e63682d3749049fa8edf9e07dfd6e/gnocchi.2dcf2eb4-eb1a-4b26-b18f-6c066a81d572" 201 - "PUT http://[::1]:6001/3/159832/AUTH_402e63682d3749049fa8edf9e07dfd6e/gnocchi.2dcf2eb4-eb1a-4b26-b18f-6c066a81d572" "txd1f21dad7c8a41da84997-00693b8e9d" "container-server 96624" 0.0058 "-" 96332 0
Dec 11 22:40:13 np0005556243.novalocal container-server[96624]: ::1 - - [12/Dec/2025:03:40:13 +0000] "PUT /3/159832/AUTH_402e63682d3749049fa8edf9e07dfd6e/gnocchi.2dcf2eb4-eb1a-4b26-b18f-6c066a81d572" 201 - "PUT https://[::1]:8080/v1/AUTH_402e63682d3749049fa8edf9e07dfd6e/gnocchi.2dcf2eb4-eb1a-4b26-b18f-6c066a81d572" "txd1f21dad7c8a41da84997-00693b8e9d" "proxy-server 97888" 0.0235 "-" 96624 0
Dec 11 22:40:13 np0005556243.novalocal proxy-server[97888]: ::1 ::1 12/Dec/2025/03/40/13 PUT /v1/AUTH_402e63682d3749049fa8edf9e07dfd6e/gnocchi.2dcf2eb4-eb1a-4b26-b18f-6c066a81d572 HTTP/1.0 201 - python-swiftclient-4.8.0 gAAAAABpO450Q4QS... - - - txd1f21dad7c8a41da84997-00693b8e9d - 0.0479 - - 1765510813.797193527 1765510813.845054150 0 89ff87eb6954479d969b489941791c9f
Dec 11 22:40:13 np0005556243.novalocal container-server[96625]: ::1 - - [12/Dec/2025:03:40:13 +0000] "HEAD /3/159832/AUTH_402e63682d3749049fa8edf9e07dfd6e/gnocchi.2dcf2eb4-eb1a-4b26-b18f-6c066a81d572" 204 - "HEAD http://[::1]:8080/v1/AUTH_402e63682d3749049fa8edf9e07dfd6e/gnocchi.2dcf2eb4-eb1a-4b26-b18f-6c066a81d572" "tx2fb787ac09414e028e824-00693b8e9d" "proxy-server 97888" 0.0025 "-" 96625 0
Dec 11 22:40:13 np0005556243.novalocal proxy-server[97888]: - - 12/Dec/2025/03/40/13 HEAD /v1/AUTH_402e63682d3749049fa8edf9e07dfd6e/gnocchi.2dcf2eb4-eb1a-4b26-b18f-6c066a81d572 HTTP/1.0 204 - Swift - - - - tx2fb787ac09414e028e824-00693b8e9d - 0.0066 CS - 1765510813.853515148 1765510813.860078096 0 -
Dec 11 22:40:13 np0005556243.novalocal container-server[96625]: ::1 - - [12/Dec/2025:03:40:13 +0000] "GET /1/159832/AUTH_402e63682d3749049fa8edf9e07dfd6e/gnocchi.2dcf2eb4-eb1a-4b26-b18f-6c066a81d572" 200 2 "GET https://[::1]:8080/v1/AUTH_402e63682d3749049fa8edf9e07dfd6e/gnocchi.2dcf2eb4-eb1a-4b26-b18f-6c066a81d572?format=json&states=listing" "tx2fb787ac09414e028e824-00693b8e9d" "proxy-server 97888" 0.0039 "-" 96625 0
Dec 11 22:40:13 np0005556243.novalocal proxy-server[97888]: ::1 ::1 12/Dec/2025/03/40/13 GET /v1/AUTH_402e63682d3749049fa8edf9e07dfd6e/gnocchi.2dcf2eb4-eb1a-4b26-b18f-6c066a81d572%3Fformat%3Djson%26states%3Dlisting HTTP/1.0 200 - python-swiftclient-4.8.0 gAAAAABpO450Q4QS... - 2 - tx2fb787ac09414e028e824-00693b8e9d - 0.0185 - - 1765510813.851455212 1765510813.869969845 0 89ff87eb6954479d969b489941791c9f
Dec 11 22:40:13 np0005556243.novalocal object-auditor[104754]: Object audit (ZBF) "forever" mode completed: 1.66s. Total quarantined: 0, Total errors: 0, Total files/sec: 50.46, Total bytes/sec: 0.00, Auditing time: 1.64, Rate: 0.99
Dec 11 22:40:13 np0005556243.novalocal object-server[96957]: ::1 - - [12/Dec/2025:03:40:13 +0000] "GET /1/172186/AUTH_402e63682d3749049fa8edf9e07dfd6e/gnocchi.2dcf2eb4-eb1a-4b26-b18f-6c066a81d572/1764720000.0_mean_300.0_v3" 404 70 "GET https://[::1]:8080/v1/AUTH_402e63682d3749049fa8edf9e07dfd6e/gnocchi.2dcf2eb4-eb1a-4b26-b18f-6c066a81d572/1764720000.0_mean_300.0_v3" "tx56b69631cc6b4772bceb0-00693b8e9d" "proxy-server 97888" 0.0006 "-" 96957 0
Dec 11 22:40:13 np0005556243.novalocal object-server[96957]: ::1 - - [12/Dec/2025:03:40:13 +0000] "GET /3/172186/AUTH_402e63682d3749049fa8edf9e07dfd6e/gnocchi.2dcf2eb4-eb1a-4b26-b18f-6c066a81d572/1764720000.0_mean_300.0_v3" 404 70 "GET https://[::1]:8080/v1/AUTH_402e63682d3749049fa8edf9e07dfd6e/gnocchi.2dcf2eb4-eb1a-4b26-b18f-6c066a81d572/1764720000.0_mean_300.0_v3" "tx56b69631cc6b4772bceb0-00693b8e9d" "proxy-server 97888" 0.0005 "-" 96957 0
Dec 11 22:40:13 np0005556243.novalocal object-server[96958]: ::1 - - [12/Dec/2025:03:40:13 +0000] "GET /2/172186/AUTH_402e63682d3749049fa8edf9e07dfd6e/gnocchi.2dcf2eb4-eb1a-4b26-b18f-6c066a81d572/1764720000.0_mean_300.0_v3" 404 70 "GET https://[::1]:8080/v1/AUTH_402e63682d3749049fa8edf9e07dfd6e/gnocchi.2dcf2eb4-eb1a-4b26-b18f-6c066a81d572/1764720000.0_mean_300.0_v3" "tx56b69631cc6b4772bceb0-00693b8e9d" "proxy-server 97888" 0.0004 "-" 96958 0
Dec 11 22:40:13 np0005556243.novalocal proxy-server[97888]: ::1 ::1 12/Dec/2025/03/40/13 GET /v1/AUTH_402e63682d3749049fa8edf9e07dfd6e/gnocchi.2dcf2eb4-eb1a-4b26-b18f-6c066a81d572/1764720000.0_mean_300.0_v3 HTTP/1.0 404 - python-swiftclient-4.8.0 gAAAAABpO450Q4QS... - 70 - tx56b69631cc6b4772bceb0-00693b8e9d - 0.0228 - - 1765510813.874276638 1765510813.897126198 0 89ff87eb6954479d969b489941791c9f
Dec 11 22:40:13 np0005556243.novalocal container-sharder[95987]: Container sharder cycle starting, auto-sharding False
Dec 11 22:40:13 np0005556243.novalocal container-server[96625]: ::1 - - [12/Dec/2025:03:40:13 +0000] "PUT /2/159832/AUTH_402e63682d3749049fa8edf9e07dfd6e/gnocchi.2dcf2eb4-eb1a-4b26-b18f-6c066a81d572/1764720000.0_mean_300.0_v3" 201 - "PUT http://[::1]:8080/1/172186/AUTH_402e63682d3749049fa8edf9e07dfd6e/gnocchi.2dcf2eb4-eb1a-4b26-b18f-6c066a81d572/1764720000.0_mean_300.0_v3" "tx7fddf4815c0b402e87b56-00693b8e9d" "object-server 96958" 0.0009 "-" 96625 0
Dec 11 22:40:13 np0005556243.novalocal object-server[96958]: ::1 - - [12/Dec/2025:03:40:13 +0000] "PUT /1/172186/AUTH_402e63682d3749049fa8edf9e07dfd6e/gnocchi.2dcf2eb4-eb1a-4b26-b18f-6c066a81d572/1764720000.0_mean_300.0_v3" 201 - "PUT https://[::1]:8080/v1/AUTH_402e63682d3749049fa8edf9e07dfd6e/gnocchi.2dcf2eb4-eb1a-4b26-b18f-6c066a81d572/1764720000.0_mean_300.0_v3" "tx7fddf4815c0b402e87b56-00693b8e9d" "proxy-server 97888" 0.0148 "-" 96958 0
Dec 11 22:40:13 np0005556243.novalocal dnsmasq[104604]: read /var/lib/neutron/dhcp/4a94000d-de3a-407d-8de2-a2915566a91b/addn_hosts - 2 addresses
Dec 11 22:40:13 np0005556243.novalocal dnsmasq-dhcp[104604]: read /var/lib/neutron/dhcp/4a94000d-de3a-407d-8de2-a2915566a91b/host
Dec 11 22:40:13 np0005556243.novalocal dnsmasq-dhcp[104604]: read /var/lib/neutron/dhcp/4a94000d-de3a-407d-8de2-a2915566a91b/opts
Dec 11 22:40:13 np0005556243.novalocal container-server[96624]: ::1 - - [12/Dec/2025:03:40:13 +0000] "PUT /3/159832/AUTH_402e63682d3749049fa8edf9e07dfd6e/gnocchi.2dcf2eb4-eb1a-4b26-b18f-6c066a81d572/1764720000.0_mean_300.0_v3" 201 - "PUT http://[::1]:8080/2/172186/AUTH_402e63682d3749049fa8edf9e07dfd6e/gnocchi.2dcf2eb4-eb1a-4b26-b18f-6c066a81d572/1764720000.0_mean_300.0_v3" "tx7fddf4815c0b402e87b56-00693b8e9d" "object-server 96958" 0.0037 "-" 96624 0
Dec 11 22:40:13 np0005556243.novalocal object-server[96958]: ::1 - - [12/Dec/2025:03:40:13 +0000] "PUT /2/172186/AUTH_402e63682d3749049fa8edf9e07dfd6e/gnocchi.2dcf2eb4-eb1a-4b26-b18f-6c066a81d572/1764720000.0_mean_300.0_v3" 201 - "PUT https://[::1]:8080/v1/AUTH_402e63682d3749049fa8edf9e07dfd6e/gnocchi.2dcf2eb4-eb1a-4b26-b18f-6c066a81d572/1764720000.0_mean_300.0_v3" "tx7fddf4815c0b402e87b56-00693b8e9d" "proxy-server 97888" 0.0205 "-" 96958 0
Dec 11 22:40:13 np0005556243.novalocal container-server[96624]: ::1 - - [12/Dec/2025:03:40:13 +0000] "PUT /1/159832/AUTH_402e63682d3749049fa8edf9e07dfd6e/gnocchi.2dcf2eb4-eb1a-4b26-b18f-6c066a81d572/1764720000.0_mean_300.0_v3" 201 - "PUT http://[::1]:8080/3/172186/AUTH_402e63682d3749049fa8edf9e07dfd6e/gnocchi.2dcf2eb4-eb1a-4b26-b18f-6c066a81d572/1764720000.0_mean_300.0_v3" "tx7fddf4815c0b402e87b56-00693b8e9d" "object-server 96958" 0.0008 "-" 96624 0
Dec 11 22:40:13 np0005556243.novalocal object-server[96958]: ::1 - - [12/Dec/2025:03:40:13 +0000] "PUT /3/172186/AUTH_402e63682d3749049fa8edf9e07dfd6e/gnocchi.2dcf2eb4-eb1a-4b26-b18f-6c066a81d572/1764720000.0_mean_300.0_v3" 201 - "PUT https://[::1]:8080/v1/AUTH_402e63682d3749049fa8edf9e07dfd6e/gnocchi.2dcf2eb4-eb1a-4b26-b18f-6c066a81d572/1764720000.0_mean_300.0_v3" "tx7fddf4815c0b402e87b56-00693b8e9d" "proxy-server 97888" 0.0214 "-" 96958 0
Dec 11 22:40:13 np0005556243.novalocal proxy-server[97888]: ::1 ::1 12/Dec/2025/03/40/13 PUT /v1/AUTH_402e63682d3749049fa8edf9e07dfd6e/gnocchi.2dcf2eb4-eb1a-4b26-b18f-6c066a81d572/1764720000.0_mean_300.0_v3 HTTP/1.0 201 - python-swiftclient-4.8.0 gAAAAABpO450Q4QS... 16 - - tx7fddf4815c0b402e87b56-00693b8e9d - 0.0310 - - 1765510813.900419474 1765510813.931402683 0 89ff87eb6954479d969b489941791c9f
Dec 11 22:40:13 np0005556243.novalocal container-server[96625]: ::1 - - [12/Dec/2025:03:40:13 +0000] "PUT /1/159832/AUTH_402e63682d3749049fa8edf9e07dfd6e/gnocchi.2dcf2eb4-eb1a-4b26-b18f-6c066a81d572/none_v3" 201 - "PUT http://[::1]:8080/3/242622/AUTH_402e63682d3749049fa8edf9e07dfd6e/gnocchi.2dcf2eb4-eb1a-4b26-b18f-6c066a81d572/none_v3" "tx958e6de41ff94fb0a41f6-00693b8e9d" "object-server 96957" 0.0010 "-" 96625 0
Dec 11 22:40:13 np0005556243.novalocal container-server[96624]: ::1 - - [12/Dec/2025:03:40:13 +0000] "PUT /3/159832/AUTH_402e63682d3749049fa8edf9e07dfd6e/gnocchi.2dcf2eb4-eb1a-4b26-b18f-6c066a81d572/none_v3" 201 - "PUT http://[::1]:8080/2/242622/AUTH_402e63682d3749049fa8edf9e07dfd6e/gnocchi.2dcf2eb4-eb1a-4b26-b18f-6c066a81d572/none_v3" "tx958e6de41ff94fb0a41f6-00693b8e9d" "object-server 96957" 0.0011 "-" 96624 0
Dec 11 22:40:13 np0005556243.novalocal object-server[96957]: ::1 - - [12/Dec/2025:03:40:13 +0000] "PUT /3/242622/AUTH_402e63682d3749049fa8edf9e07dfd6e/gnocchi.2dcf2eb4-eb1a-4b26-b18f-6c066a81d572/none_v3" 201 - "PUT https://[::1]:8080/v1/AUTH_402e63682d3749049fa8edf9e07dfd6e/gnocchi.2dcf2eb4-eb1a-4b26-b18f-6c066a81d572/none_v3" "tx958e6de41ff94fb0a41f6-00693b8e9d" "proxy-server 97888" 0.0224 "-" 96957 0
Dec 11 22:40:13 np0005556243.novalocal container-server[96624]: ::1 - - [12/Dec/2025:03:40:13 +0000] "PUT /2/159832/AUTH_402e63682d3749049fa8edf9e07dfd6e/gnocchi.2dcf2eb4-eb1a-4b26-b18f-6c066a81d572/none_v3" 201 - "PUT http://[::1]:8080/1/242622/AUTH_402e63682d3749049fa8edf9e07dfd6e/gnocchi.2dcf2eb4-eb1a-4b26-b18f-6c066a81d572/none_v3" "tx958e6de41ff94fb0a41f6-00693b8e9d" "object-server 96958" 0.0007 "-" 96624 0
