Dec 11 22:41:08 np0005556243.novalocal object-server[96957]: ::1 - - [12/Dec/2025:03:41:08 +0000] "GET /3/87422/AUTH_402e63682d3749049fa8edf9e07dfd6e/gnocchi.1eee6f10-43f3-47bc-8dc6-fb6c790c30e4/1764720000.0_mean_300.0_v3" 404 70 "GET https://[::1]:8080/v1/AUTH_402e63682d3749049fa8edf9e07dfd6e/gnocchi.1eee6f10-43f3-47bc-8dc6-fb6c790c30e4/1764720000.0_mean_300.0_v3" "tx396213032c4e4117a7031-00693b8ed4" "proxy-server 97888" 0.0003 "-" 96957 0
Dec 11 22:41:08 np0005556243.novalocal object-server[96958]: ::1 - - [12/Dec/2025:03:41:08 +0000] "GET /1/87422/AUTH_402e63682d3749049fa8edf9e07dfd6e/gnocchi.1eee6f10-43f3-47bc-8dc6-fb6c790c30e4/1764720000.0_mean_300.0_v3" 404 70 "GET https://[::1]:8080/v1/AUTH_402e63682d3749049fa8edf9e07dfd6e/gnocchi.1eee6f10-43f3-47bc-8dc6-fb6c790c30e4/1764720000.0_mean_300.0_v3" "tx396213032c4e4117a7031-00693b8ed4" "proxy-server 97888" 0.0005 "-" 96958 0
Dec 11 22:41:08 np0005556243.novalocal object-server[96958]: ::1 - - [12/Dec/2025:03:41:08 +0000] "GET /2/87422/AUTH_402e63682d3749049fa8edf9e07dfd6e/gnocchi.1eee6f10-43f3-47bc-8dc6-fb6c790c30e4/1764720000.0_mean_300.0_v3" 404 70 "GET https://[::1]:8080/v1/AUTH_402e63682d3749049fa8edf9e07dfd6e/gnocchi.1eee6f10-43f3-47bc-8dc6-fb6c790c30e4/1764720000.0_mean_300.0_v3" "tx396213032c4e4117a7031-00693b8ed4" "proxy-server 97888" 0.0004 "-" 96958 0
Dec 11 22:41:08 np0005556243.novalocal proxy-server[97888]: ::1 ::1 12/Dec/2025/03/41/08 GET /v1/AUTH_402e63682d3749049fa8edf9e07dfd6e/gnocchi.1eee6f10-43f3-47bc-8dc6-fb6c790c30e4/1764720000.0_mean_300.0_v3 HTTP/1.0 404 - python-swiftclient-4.8.0 gAAAAABpO450Q4QS... - 70 - tx396213032c4e4117a7031-00693b8ed4 - 0.0203 - - 1765510868.174653769 1765510868.194997549 0 89ff87eb6954479d969b489941791c9f
Dec 11 22:41:08 np0005556243.novalocal container-server[96624]: ::1 - - [12/Dec/2025:03:41:08 +0000] "PUT /1/73867/AUTH_402e63682d3749049fa8edf9e07dfd6e/gnocchi.1eee6f10-43f3-47bc-8dc6-fb6c790c30e4/1764720000.0_mean_300.0_v3" 201 - "PUT http://[::1]:8080/2/87422/AUTH_402e63682d3749049fa8edf9e07dfd6e/gnocchi.1eee6f10-43f3-47bc-8dc6-fb6c790c30e4/1764720000.0_mean_300.0_v3" "txda4beb8bdd914ac3a3e25-00693b8ed4" "object-server 96958" 0.0005 "-" 96624 0
Dec 11 22:41:08 np0005556243.novalocal object-server[96958]: ::1 - - [12/Dec/2025:03:41:08 +0000] "PUT /2/87422/AUTH_402e63682d3749049fa8edf9e07dfd6e/gnocchi.1eee6f10-43f3-47bc-8dc6-fb6c790c30e4/1764720000.0_mean_300.0_v3" 201 - "PUT https://[::1]:8080/v1/AUTH_402e63682d3749049fa8edf9e07dfd6e/gnocchi.1eee6f10-43f3-47bc-8dc6-fb6c790c30e4/1764720000.0_mean_300.0_v3" "txda4beb8bdd914ac3a3e25-00693b8ed4" "proxy-server 97888" 0.0094 "-" 96958 0
Dec 11 22:41:08 np0005556243.novalocal container-server[96624]: ::1 - - [12/Dec/2025:03:41:08 +0000] "PUT /3/73867/AUTH_402e63682d3749049fa8edf9e07dfd6e/gnocchi.1eee6f10-43f3-47bc-8dc6-fb6c790c30e4/1764720000.0_mean_300.0_v3" 201 - "PUT http://[::1]:8080/3/87422/AUTH_402e63682d3749049fa8edf9e07dfd6e/gnocchi.1eee6f10-43f3-47bc-8dc6-fb6c790c30e4/1764720000.0_mean_300.0_v3" "txda4beb8bdd914ac3a3e25-00693b8ed4" "object-server 96958" 0.0003 "-" 96624 0
Dec 11 22:41:08 np0005556243.novalocal object-server[96958]: ::1 - - [12/Dec/2025:03:41:08 +0000] "PUT /3/87422/AUTH_402e63682d3749049fa8edf9e07dfd6e/gnocchi.1eee6f10-43f3-47bc-8dc6-fb6c790c30e4/1764720000.0_mean_300.0_v3" 201 - "PUT https://[::1]:8080/v1/AUTH_402e63682d3749049fa8edf9e07dfd6e/gnocchi.1eee6f10-43f3-47bc-8dc6-fb6c790c30e4/1764720000.0_mean_300.0_v3" "txda4beb8bdd914ac3a3e25-00693b8ed4" "proxy-server 97888" 0.0097 "-" 96958 0
Dec 11 22:41:08 np0005556243.novalocal container-server[96624]: ::1 - - [12/Dec/2025:03:41:08 +0000] "PUT /2/73867/AUTH_402e63682d3749049fa8edf9e07dfd6e/gnocchi.1eee6f10-43f3-47bc-8dc6-fb6c790c30e4/1764720000.0_mean_300.0_v3" 201 - "PUT http://[::1]:8080/1/87422/AUTH_402e63682d3749049fa8edf9e07dfd6e/gnocchi.1eee6f10-43f3-47bc-8dc6-fb6c790c30e4/1764720000.0_mean_300.0_v3" "txda4beb8bdd914ac3a3e25-00693b8ed4" "object-server 96958" 0.0003 "-" 96624 0
Dec 11 22:41:08 np0005556243.novalocal object-server[96958]: ::1 - - [12/Dec/2025:03:41:08 +0000] "PUT /1/87422/AUTH_402e63682d3749049fa8edf9e07dfd6e/gnocchi.1eee6f10-43f3-47bc-8dc6-fb6c790c30e4/1764720000.0_mean_300.0_v3" 201 - "PUT https://[::1]:8080/v1/AUTH_402e63682d3749049fa8edf9e07dfd6e/gnocchi.1eee6f10-43f3-47bc-8dc6-fb6c790c30e4/1764720000.0_mean_300.0_v3" "txda4beb8bdd914ac3a3e25-00693b8ed4" "proxy-server 97888" 0.0126 "-" 96958 0
Dec 11 22:41:08 np0005556243.novalocal proxy-server[97888]: ::1 ::1 12/Dec/2025/03/41/08 PUT /v1/AUTH_402e63682d3749049fa8edf9e07dfd6e/gnocchi.1eee6f10-43f3-47bc-8dc6-fb6c790c30e4/1764720000.0_mean_300.0_v3 HTTP/1.0 201 - python-swiftclient-4.8.0 gAAAAABpO450Q4QS... 16 - - txda4beb8bdd914ac3a3e25-00693b8ed4 - 0.0244 - - 1765510868.199313402 1765510868.223716497 0 89ff87eb6954479d969b489941791c9f
Dec 11 22:41:08 np0005556243.novalocal container-server[96625]: ::1 - - [12/Dec/2025:03:41:08 +0000] "PUT /2/73867/AUTH_402e63682d3749049fa8edf9e07dfd6e/gnocchi.1eee6f10-43f3-47bc-8dc6-fb6c790c30e4/none_v3" 201 - "PUT http://[::1]:8080/1/65595/AUTH_402e63682d3749049fa8edf9e07dfd6e/gnocchi.1eee6f10-43f3-47bc-8dc6-fb6c790c30e4/none_v3" "tx9b62951cfb83409db1e89-00693b8ed4" "object-server 96958" 0.0005 "-" 96625 0
Dec 11 22:41:08 np0005556243.novalocal object-server[96958]: ::1 - - [12/Dec/2025:03:41:08 +0000] "PUT /1/65595/AUTH_402e63682d3749049fa8edf9e07dfd6e/gnocchi.1eee6f10-43f3-47bc-8dc6-fb6c790c30e4/none_v3" 201 - "PUT https://[::1]:8080/v1/AUTH_402e63682d3749049fa8edf9e07dfd6e/gnocchi.1eee6f10-43f3-47bc-8dc6-fb6c790c30e4/none_v3" "tx9b62951cfb83409db1e89-00693b8ed4" "proxy-server 97888" 0.0098 "-" 96958 0
Dec 11 22:41:08 np0005556243.novalocal container-server[96624]: ::1 - - [12/Dec/2025:03:41:08 +0000] "PUT /3/73867/AUTH_402e63682d3749049fa8edf9e07dfd6e/gnocchi.1eee6f10-43f3-47bc-8dc6-fb6c790c30e4/none_v3" 201 - "PUT http://[::1]:8080/3/65595/AUTH_402e63682d3749049fa8edf9e07dfd6e/gnocchi.1eee6f10-43f3-47bc-8dc6-fb6c790c30e4/none_v3" "tx9b62951cfb83409db1e89-00693b8ed4" "object-server 96958" 0.0004 "-" 96624 0
Dec 11 22:41:08 np0005556243.novalocal container-server[96625]: ::1 - - [12/Dec/2025:03:41:08 +0000] "PUT /1/73867/AUTH_402e63682d3749049fa8edf9e07dfd6e/gnocchi.1eee6f10-43f3-47bc-8dc6-fb6c790c30e4/none_v3" 201 - "PUT http://[::1]:8080/2/65595/AUTH_402e63682d3749049fa8edf9e07dfd6e/gnocchi.1eee6f10-43f3-47bc-8dc6-fb6c790c30e4/none_v3" "tx9b62951cfb83409db1e89-00693b8ed4" "object-server 96958" 0.0004 "-" 96625 0
Dec 11 22:41:08 np0005556243.novalocal object-server[96958]: ::1 - - [12/Dec/2025:03:41:08 +0000] "PUT /3/65595/AUTH_402e63682d3749049fa8edf9e07dfd6e/gnocchi.1eee6f10-43f3-47bc-8dc6-fb6c790c30e4/none_v3" 201 - "PUT https://[::1]:8080/v1/AUTH_402e63682d3749049fa8edf9e07dfd6e/gnocchi.1eee6f10-43f3-47bc-8dc6-fb6c790c30e4/none_v3" "tx9b62951cfb83409db1e89-00693b8ed4" "proxy-server 97888" 0.0134 "-" 96958 0
Dec 11 22:41:08 np0005556243.novalocal object-server[96958]: ::1 - - [12/Dec/2025:03:41:08 +0000] "PUT /2/65595/AUTH_402e63682d3749049fa8edf9e07dfd6e/gnocchi.1eee6f10-43f3-47bc-8dc6-fb6c790c30e4/none_v3" 201 - "PUT https://[::1]:8080/v1/AUTH_402e63682d3749049fa8edf9e07dfd6e/gnocchi.1eee6f10-43f3-47bc-8dc6-fb6c790c30e4/none_v3" "tx9b62951cfb83409db1e89-00693b8ed4" "proxy-server 97888" 0.0174 "-" 96958 0
Dec 11 22:41:08 np0005556243.novalocal proxy-server[97888]: ::1 ::1 12/Dec/2025/03/41/08 PUT /v1/AUTH_402e63682d3749049fa8edf9e07dfd6e/gnocchi.1eee6f10-43f3-47bc-8dc6-fb6c790c30e4/none_v3 HTTP/1.0 201 - python-swiftclient-4.8.0 gAAAAABpO450Q4QS... 22 - - tx9b62951cfb83409db1e89-00693b8ed4 - 0.0282 - - 1765510868.226482868 1765510868.254670382 0 89ff87eb6954479d969b489941791c9f
Dec 11 22:41:08 np0005556243.novalocal container-server[96625]: ::1 - - [12/Dec/2025:03:41:08 +0000] "HEAD /3/78558/AUTH_402e63682d3749049fa8edf9e07dfd6e/gnocchi.257de85f-020a-4b65-aa3d-40ffd1eef5f4" 404 - "HEAD http://[::1]:8080/v1/AUTH_402e63682d3749049fa8edf9e07dfd6e/gnocchi.257de85f-020a-4b65-aa3d-40ffd1eef5f4" "tx31fd706f8d9b44ad93415-00693b8ed4" "proxy-server 97888" 0.0003 "-" 96625 0
Dec 11 22:41:08 np0005556243.novalocal container-server[96625]: ::1 - - [12/Dec/2025:03:41:08 +0000] "HEAD /2/78558/AUTH_402e63682d3749049fa8edf9e07dfd6e/gnocchi.257de85f-020a-4b65-aa3d-40ffd1eef5f4" 404 - "HEAD http://[::1]:8080/v1/AUTH_402e63682d3749049fa8edf9e07dfd6e/gnocchi.257de85f-020a-4b65-aa3d-40ffd1eef5f4" "tx31fd706f8d9b44ad93415-00693b8ed4" "proxy-server 97888" 0.0002 "-" 96625 0
Dec 11 22:41:08 np0005556243.novalocal container-server[96624]: ::1 - - [12/Dec/2025:03:41:08 +0000] "HEAD /1/78558/AUTH_402e63682d3749049fa8edf9e07dfd6e/gnocchi.257de85f-020a-4b65-aa3d-40ffd1eef5f4" 404 - "HEAD http://[::1]:8080/v1/AUTH_402e63682d3749049fa8edf9e07dfd6e/gnocchi.257de85f-020a-4b65-aa3d-40ffd1eef5f4" "tx31fd706f8d9b44ad93415-00693b8ed4" "proxy-server 97888" 0.0002 "-" 96624 0
Dec 11 22:41:08 np0005556243.novalocal proxy-server[97888]: - - 12/Dec/2025/03/41/08 HEAD /v1/AUTH_402e63682d3749049fa8edf9e07dfd6e/gnocchi.257de85f-020a-4b65-aa3d-40ffd1eef5f4 HTTP/1.0 404 - Swift - - - - tx31fd706f8d9b44ad93415-00693b8ed4 - 0.0085 CS - 1765510868.279833555 1765510868.288301229 0 -
Dec 11 22:41:08 np0005556243.novalocal object-server[96957]: ::1 - - [12/Dec/2025:03:41:08 +0000] "GET /3/66639/AUTH_402e63682d3749049fa8edf9e07dfd6e/gnocchi.257de85f-020a-4b65-aa3d-40ffd1eef5f4/none_v3" 404 70 "GET https://[::1]:8080/v1/AUTH_402e63682d3749049fa8edf9e07dfd6e/gnocchi.257de85f-020a-4b65-aa3d-40ffd1eef5f4/none_v3" "tx31fd706f8d9b44ad93415-00693b8ed4" "proxy-server 97888" 0.0004 "-" 96957 0
Dec 11 22:41:08 np0005556243.novalocal object-server[96958]: ::1 - - [12/Dec/2025:03:41:08 +0000] "GET /2/66639/AUTH_402e63682d3749049fa8edf9e07dfd6e/gnocchi.257de85f-020a-4b65-aa3d-40ffd1eef5f4/none_v3" 404 70 "GET https://[::1]:8080/v1/AUTH_402e63682d3749049fa8edf9e07dfd6e/gnocchi.257de85f-020a-4b65-aa3d-40ffd1eef5f4/none_v3" "tx31fd706f8d9b44ad93415-00693b8ed4" "proxy-server 97888" 0.0003 "-" 96958 0
Dec 11 22:41:08 np0005556243.novalocal object-server[96958]: ::1 - - [12/Dec/2025:03:41:08 +0000] "GET /1/66639/AUTH_402e63682d3749049fa8edf9e07dfd6e/gnocchi.257de85f-020a-4b65-aa3d-40ffd1eef5f4/none_v3" 404 70 "GET https://[::1]:8080/v1/AUTH_402e63682d3749049fa8edf9e07dfd6e/gnocchi.257de85f-020a-4b65-aa3d-40ffd1eef5f4/none_v3" "tx31fd706f8d9b44ad93415-00693b8ed4" "proxy-server 97888" 0.0003 "-" 96958 0
Dec 11 22:41:08 np0005556243.novalocal proxy-server[97888]: ::1 ::1 12/Dec/2025/03/41/08 GET /v1/AUTH_402e63682d3749049fa8edf9e07dfd6e/gnocchi.257de85f-020a-4b65-aa3d-40ffd1eef5f4/none_v3 HTTP/1.0 404 - python-swiftclient-4.8.0 gAAAAABpO450Q4QS... - 70 - tx31fd706f8d9b44ad93415-00693b8ed4 - 0.0216 - - 1765510868.279167652 1765510868.300728798 0 89ff87eb6954479d969b489941791c9f
Dec 11 22:41:08 np0005556243.novalocal account-server[96331]: ::1 - - [12/Dec/2025:03:41:08 +0000] "PUT /2/88245/AUTH_402e63682d3749049fa8edf9e07dfd6e/gnocchi.257de85f-020a-4b65-aa3d-40ffd1eef5f4" 201 - "PUT http://[::1]:6001/2/78558/AUTH_402e63682d3749049fa8edf9e07dfd6e/gnocchi.257de85f-020a-4b65-aa3d-40ffd1eef5f4" "txbfb6d17d960441bd9a9bb-00693b8ed4" "container-server 96624" 0.0048 "-" 96331 0
Dec 11 22:41:08 np0005556243.novalocal container-server[96624]: ::1 - - [12/Dec/2025:03:41:08 +0000] "PUT /2/78558/AUTH_402e63682d3749049fa8edf9e07dfd6e/gnocchi.257de85f-020a-4b65-aa3d-40ffd1eef5f4" 201 - "PUT https://[::1]:8080/v1/AUTH_402e63682d3749049fa8edf9e07dfd6e/gnocchi.257de85f-020a-4b65-aa3d-40ffd1eef5f4" "txbfb6d17d960441bd9a9bb-00693b8ed4" "proxy-server 97888" 0.0183 "-" 96624 0
Dec 11 22:41:08 np0005556243.novalocal account-server[96332]: ::1 - - [12/Dec/2025:03:41:08 +0000] "PUT /1/88245/AUTH_402e63682d3749049fa8edf9e07dfd6e/gnocchi.257de85f-020a-4b65-aa3d-40ffd1eef5f4" 201 - "PUT http://[::1]:6001/1/78558/AUTH_402e63682d3749049fa8edf9e07dfd6e/gnocchi.257de85f-020a-4b65-aa3d-40ffd1eef5f4" "txbfb6d17d960441bd9a9bb-00693b8ed4" "container-server 96624" 0.0045 "-" 96332 0
Dec 11 22:41:08 np0005556243.novalocal container-server[96624]: ::1 - - [12/Dec/2025:03:41:08 +0000] "PUT /1/78558/AUTH_402e63682d3749049fa8edf9e07dfd6e/gnocchi.257de85f-020a-4b65-aa3d-40ffd1eef5f4" 201 - "PUT https://[::1]:8080/v1/AUTH_402e63682d3749049fa8edf9e07dfd6e/gnocchi.257de85f-020a-4b65-aa3d-40ffd1eef5f4" "txbfb6d17d960441bd9a9bb-00693b8ed4" "proxy-server 97888" 0.0177 "-" 96624 0
Dec 11 22:41:08 np0005556243.novalocal sudo[105903]: cinder : PWD=/ ; USER=root ; COMMAND=/usr/bin/cinder-rootwrap /etc/cinder/rootwrap.conf env LC_ALL=C qemu-img info -f raw --output=json /var/lib/cinder/conversion/image_download_fb1eea66-d5ce-43fc-99af-181d54d60195_1eiwfr24
Dec 11 22:41:08 np0005556243.novalocal account-server[96332]: ::1 - - [12/Dec/2025:03:41:08 +0000] "PUT /3/88245/AUTH_402e63682d3749049fa8edf9e07dfd6e/gnocchi.257de85f-020a-4b65-aa3d-40ffd1eef5f4" 201 - "PUT http://[::1]:6001/3/78558/AUTH_402e63682d3749049fa8edf9e07dfd6e/gnocchi.257de85f-020a-4b65-aa3d-40ffd1eef5f4" "txbfb6d17d960441bd9a9bb-00693b8ed4" "container-server 96624" 0.0057 "-" 96332 0
Dec 11 22:41:08 np0005556243.novalocal container-server[96624]: ::1 - - [12/Dec/2025:03:41:08 +0000] "PUT /3/78558/AUTH_402e63682d3749049fa8edf9e07dfd6e/gnocchi.257de85f-020a-4b65-aa3d-40ffd1eef5f4" 201 - "PUT https://[::1]:8080/v1/AUTH_402e63682d3749049fa8edf9e07dfd6e/gnocchi.257de85f-020a-4b65-aa3d-40ffd1eef5f4" "txbfb6d17d960441bd9a9bb-00693b8ed4" "proxy-server 97888" 0.0181 "-" 96624 0
Dec 11 22:41:08 np0005556243.novalocal proxy-server[97888]: ::1 ::1 12/Dec/2025/03/41/08 PUT /v1/AUTH_402e63682d3749049fa8edf9e07dfd6e/gnocchi.257de85f-020a-4b65-aa3d-40ffd1eef5f4 HTTP/1.0 201 - python-swiftclient-4.8.0 gAAAAABpO450Q4QS... - - - txbfb6d17d960441bd9a9bb-00693b8ed4 - 0.0382 - - 1765510868.304357290 1765510868.342544317 0 89ff87eb6954479d969b489941791c9f
Dec 11 22:41:08 np0005556243.novalocal container-server[96625]: ::1 - - [12/Dec/2025:03:41:08 +0000] "HEAD /1/78558/AUTH_402e63682d3749049fa8edf9e07dfd6e/gnocchi.257de85f-020a-4b65-aa3d-40ffd1eef5f4" 204 - "HEAD http://[::1]:8080/v1/AUTH_402e63682d3749049fa8edf9e07dfd6e/gnocchi.257de85f-020a-4b65-aa3d-40ffd1eef5f4" "tx1d032027dea94fa7a8448-00693b8ed4" "proxy-server 97888" 0.0013 "-" 96625 0
Dec 11 22:41:08 np0005556243.novalocal proxy-server[97888]: - - 12/Dec/2025/03/41/08 HEAD /v1/AUTH_402e63682d3749049fa8edf9e07dfd6e/gnocchi.257de85f-020a-4b65-aa3d-40ffd1eef5f4 HTTP/1.0 204 - Swift - - - - tx1d032027dea94fa7a8448-00693b8ed4 - 0.0050 CS - 1765510868.346689463 1765510868.351666927 0 -
Dec 11 22:41:08 np0005556243.novalocal systemd[1]: Started Session c107 of User root.
Dec 11 22:41:08 np0005556243.novalocal container-server[96624]: ::1 - - [12/Dec/2025:03:41:08 +0000] "GET /3/78558/AUTH_402e63682d3749049fa8edf9e07dfd6e/gnocchi.257de85f-020a-4b65-aa3d-40ffd1eef5f4" 200 2 "GET https://[::1]:8080/v1/AUTH_402e63682d3749049fa8edf9e07dfd6e/gnocchi.257de85f-020a-4b65-aa3d-40ffd1eef5f4?format=json&states=listing" "tx1d032027dea94fa7a8448-00693b8ed4" "proxy-server 97888" 0.0016 "-" 96624 0
Dec 11 22:41:08 np0005556243.novalocal proxy-server[97888]: ::1 ::1 12/Dec/2025/03/41/08 GET /v1/AUTH_402e63682d3749049fa8edf9e07dfd6e/gnocchi.257de85f-020a-4b65-aa3d-40ffd1eef5f4%3Fformat%3Djson%26states%3Dlisting HTTP/1.0 200 - python-swiftclient-4.8.0 gAAAAABpO450Q4QS... - 2 - tx1d032027dea94fa7a8448-00693b8ed4 - 0.0141 - - 1765510868.346104145 1765510868.360202789 0 89ff87eb6954479d969b489941791c9f
Dec 11 22:41:08 np0005556243.novalocal sudo[105903]: pam_unix(sudo:session): session opened for user root(uid=0) by (uid=165)
Dec 11 22:41:08 np0005556243.novalocal object-server[96957]: ::1 - - [12/Dec/2025:03:41:08 +0000] "GET /2/102016/AUTH_402e63682d3749049fa8edf9e07dfd6e/gnocchi.257de85f-020a-4b65-aa3d-40ffd1eef5f4/1764720000.0_mean_300.0_v3" 404 70 "GET https://[::1]:8080/v1/AUTH_402e63682d3749049fa8edf9e07dfd6e/gnocchi.257de85f-020a-4b65-aa3d-40ffd1eef5f4/1764720000.0_mean_300.0_v3" "tx0e6d28dda0d74c669dec3-00693b8ed4" "proxy-server 97888" 0.0008 "-" 96957 0
Dec 11 22:41:08 np0005556243.novalocal object-server[96957]: ::1 - - [12/Dec/2025:03:41:08 +0000] "GET /3/102016/AUTH_402e63682d3749049fa8edf9e07dfd6e/gnocchi.257de85f-020a-4b65-aa3d-40ffd1eef5f4/1764720000.0_mean_300.0_v3" 404 70 "GET https://[::1]:8080/v1/AUTH_402e63682d3749049fa8edf9e07dfd6e/gnocchi.257de85f-020a-4b65-aa3d-40ffd1eef5f4/1764720000.0_mean_300.0_v3" "tx0e6d28dda0d74c669dec3-00693b8ed4" "proxy-server 97888" 0.0007 "-" 96957 0
Dec 11 22:41:08 np0005556243.novalocal object-server[96957]: ::1 - - [12/Dec/2025:03:41:08 +0000] "GET /1/102016/AUTH_402e63682d3749049fa8edf9e07dfd6e/gnocchi.257de85f-020a-4b65-aa3d-40ffd1eef5f4/1764720000.0_mean_300.0_v3" 404 70 "GET https://[::1]:8080/v1/AUTH_402e63682d3749049fa8edf9e07dfd6e/gnocchi.257de85f-020a-4b65-aa3d-40ffd1eef5f4/1764720000.0_mean_300.0_v3" "tx0e6d28dda0d74c669dec3-00693b8ed4" "proxy-server 97888" 0.0003 "-" 96957 0
Dec 11 22:41:08 np0005556243.novalocal proxy-server[97888]: ::1 ::1 12/Dec/2025/03/41/08 GET /v1/AUTH_402e63682d3749049fa8edf9e07dfd6e/gnocchi.257de85f-020a-4b65-aa3d-40ffd1eef5f4/1764720000.0_mean_300.0_v3 HTTP/1.0 404 - python-swiftclient-4.8.0 gAAAAABpO450Q4QS... - 70 - tx0e6d28dda0d74c669dec3-00693b8ed4 - 0.0211 - - 1765510868.364129305 1765510868.385186672 0 89ff87eb6954479d969b489941791c9f
Dec 11 22:41:08 np0005556243.novalocal container-server[96625]: ::1 - - [12/Dec/2025:03:41:08 +0000] "PUT /3/78558/AUTH_402e63682d3749049fa8edf9e07dfd6e/gnocchi.257de85f-020a-4b65-aa3d-40ffd1eef5f4/1764720000.0_mean_300.0_v3" 201 - "PUT http://[::1]:8080/2/102016/AUTH_402e63682d3749049fa8edf9e07dfd6e/gnocchi.257de85f-020a-4b65-aa3d-40ffd1eef5f4/1764720000.0_mean_300.0_v3" "tx4cfafc71617c4f9290365-00693b8ed4" "object-server 96958" 0.0005 "-" 96625 0
Dec 11 22:41:08 np0005556243.novalocal object-server[96958]: ::1 - - [12/Dec/2025:03:41:08 +0000] "PUT /2/102016/AUTH_402e63682d3749049fa8edf9e07dfd6e/gnocchi.257de85f-020a-4b65-aa3d-40ffd1eef5f4/1764720000.0_mean_300.0_v3" 201 - "PUT https://[::1]:8080/v1/AUTH_402e63682d3749049fa8edf9e07dfd6e/gnocchi.257de85f-020a-4b65-aa3d-40ffd1eef5f4/1764720000.0_mean_300.0_v3" "tx4cfafc71617c4f9290365-00693b8ed4" "proxy-server 97888" 0.0116 "-" 96958 0
Dec 11 22:41:08 np0005556243.novalocal container-server[96625]: ::1 - - [12/Dec/2025:03:41:08 +0000] "PUT /1/78558/AUTH_402e63682d3749049fa8edf9e07dfd6e/gnocchi.257de85f-020a-4b65-aa3d-40ffd1eef5f4/1764720000.0_mean_300.0_v3" 201 - "PUT http://[::1]:8080/1/102016/AUTH_402e63682d3749049fa8edf9e07dfd6e/gnocchi.257de85f-020a-4b65-aa3d-40ffd1eef5f4/1764720000.0_mean_300.0_v3" "tx4cfafc71617c4f9290365-00693b8ed4" "object-server 96957" 0.0004 "-" 96625 0
Dec 11 22:41:08 np0005556243.novalocal object-server[96957]: ::1 - - [12/Dec/2025:03:41:08 +0000] "PUT /1/102016/AUTH_402e63682d3749049fa8edf9e07dfd6e/gnocchi.257de85f-020a-4b65-aa3d-40ffd1eef5f4/1764720000.0_mean_300.0_v3" 201 - "PUT https://[::1]:8080/v1/AUTH_402e63682d3749049fa8edf9e07dfd6e/gnocchi.257de85f-020a-4b65-aa3d-40ffd1eef5f4/1764720000.0_mean_300.0_v3" "tx4cfafc71617c4f9290365-00693b8ed4" "proxy-server 97888" 0.0127 "-" 96957 0
Dec 11 22:41:08 np0005556243.novalocal container-server[96625]: ::1 - - [12/Dec/2025:03:41:08 +0000] "PUT /2/78558/AUTH_402e63682d3749049fa8edf9e07dfd6e/gnocchi.257de85f-020a-4b65-aa3d-40ffd1eef5f4/1764720000.0_mean_300.0_v3" 201 - "PUT http://[::1]:8080/3/102016/AUTH_402e63682d3749049fa8edf9e07dfd6e/gnocchi.257de85f-020a-4b65-aa3d-40ffd1eef5f4/1764720000.0_mean_300.0_v3" "tx4cfafc71617c4f9290365-00693b8ed4" "object-server 96957" 0.0003 "-" 96625 0
Dec 11 22:41:08 np0005556243.novalocal object-server[96957]: ::1 - - [12/Dec/2025:03:41:08 +0000] "PUT /3/102016/AUTH_402e63682d3749049fa8edf9e07dfd6e/gnocchi.257de85f-020a-4b65-aa3d-40ffd1eef5f4/1764720000.0_mean_300.0_v3" 201 - "PUT https://[::1]:8080/v1/AUTH_402e63682d3749049fa8edf9e07dfd6e/gnocchi.257de85f-020a-4b65-aa3d-40ffd1eef5f4/1764720000.0_mean_300.0_v3" "tx4cfafc71617c4f9290365-00693b8ed4" "proxy-server 97888" 0.0160 "-" 96957 0
Dec 11 22:41:08 np0005556243.novalocal proxy-server[97888]: ::1 ::1 12/Dec/2025/03/41/08 PUT /v1/AUTH_402e63682d3749049fa8edf9e07dfd6e/gnocchi.257de85f-020a-4b65-aa3d-40ffd1eef5f4/1764720000.0_mean_300.0_v3 HTTP/1.0 201 - python-swiftclient-4.8.0 gAAAAABpO450Q4QS... 16 - - tx4cfafc71617c4f9290365-00693b8ed4 - 0.0246 - - 1765510868.388801813 1765510868.413426399 0 89ff87eb6954479d969b489941791c9f
Dec 11 22:41:08 np0005556243.novalocal container-server[96624]: ::1 - - [12/Dec/2025:03:41:08 +0000] "PUT /1/78558/AUTH_402e63682d3749049fa8edf9e07dfd6e/gnocchi.257de85f-020a-4b65-aa3d-40ffd1eef5f4/none_v3" 201 - "PUT http://[::1]:8080/3/66639/AUTH_402e63682d3749049fa8edf9e07dfd6e/gnocchi.257de85f-020a-4b65-aa3d-40ffd1eef5f4/none_v3" "tx7f46a0ef833b4d569eab0-00693b8ed4" "object-server 96958" 0.0006 "-" 96624 0
Dec 11 22:41:08 np0005556243.novalocal object-server[96958]: ::1 - - [12/Dec/2025:03:41:08 +0000] "PUT /3/66639/AUTH_402e63682d3749049fa8edf9e07dfd6e/gnocchi.257de85f-020a-4b65-aa3d-40ffd1eef5f4/none_v3" 201 - "PUT https://[::1]:8080/v1/AUTH_402e63682d3749049fa8edf9e07dfd6e/gnocchi.257de85f-020a-4b65-aa3d-40ffd1eef5f4/none_v3" "tx7f46a0ef833b4d569eab0-00693b8ed4" "proxy-server 97888" 0.0124 "-" 96958 0
Dec 11 22:41:08 np0005556243.novalocal container-server[96624]: ::1 - - [12/Dec/2025:03:41:08 +0000] "PUT /2/78558/AUTH_402e63682d3749049fa8edf9e07dfd6e/gnocchi.257de85f-020a-4b65-aa3d-40ffd1eef5f4/none_v3" 201 - "PUT http://[::1]:8080/1/66639/AUTH_402e63682d3749049fa8edf9e07dfd6e/gnocchi.257de85f-020a-4b65-aa3d-40ffd1eef5f4/none_v3" "tx7f46a0ef833b4d569eab0-00693b8ed4" "object-server 96957" 0.0004 "-" 96624 0
Dec 11 22:41:08 np0005556243.novalocal object-server[96957]: ::1 - - [12/Dec/2025:03:41:08 +0000] "PUT /1/66639/AUTH_402e63682d3749049fa8edf9e07dfd6e/gnocchi.257de85f-020a-4b65-aa3d-40ffd1eef5f4/none_v3" 201 - "PUT https://[::1]:8080/v1/AUTH_402e63682d3749049fa8edf9e07dfd6e/gnocchi.257de85f-020a-4b65-aa3d-40ffd1eef5f4/none_v3" "tx7f46a0ef833b4d569eab0-00693b8ed4" "proxy-server 97888" 0.0121 "-" 96957 0
Dec 11 22:41:08 np0005556243.novalocal container-server[96624]: ::1 - - [12/Dec/2025:03:41:08 +0000] "PUT /3/78558/AUTH_402e63682d3749049fa8edf9e07dfd6e/gnocchi.257de85f-020a-4b65-aa3d-40ffd1eef5f4/none_v3" 201 - "PUT http://[::1]:8080/2/66639/AUTH_402e63682d3749049fa8edf9e07dfd6e/gnocchi.257de85f-020a-4b65-aa3d-40ffd1eef5f4/none_v3" "tx7f46a0ef833b4d569eab0-00693b8ed4" "object-server 96957" 0.0005 "-" 96624 0
Dec 11 22:41:08 np0005556243.novalocal object-server[96957]: ::1 - - [12/Dec/2025:03:41:08 +0000] "PUT /2/66639/AUTH_402e63682d3749049fa8edf9e07dfd6e/gnocchi.257de85f-020a-4b65-aa3d-40ffd1eef5f4/none_v3" 201 - "PUT https://[::1]:8080/v1/AUTH_402e63682d3749049fa8edf9e07dfd6e/gnocchi.257de85f-020a-4b65-aa3d-40ffd1eef5f4/none_v3" "tx7f46a0ef833b4d569eab0-00693b8ed4" "proxy-server 97888" 0.0177 "-" 96957 0
Dec 11 22:41:08 np0005556243.novalocal proxy-server[97888]: ::1 ::1 12/Dec/2025/03/41/08 PUT /v1/AUTH_402e63682d3749049fa8edf9e07dfd6e/gnocchi.257de85f-020a-4b65-aa3d-40ffd1eef5f4/none_v3 HTTP/1.0 201 - python-swiftclient-4.8.0 gAAAAABpO450Q4QS... 22 - - tx7f46a0ef833b4d569eab0-00693b8ed4 - 0.0318 - - 1765510868.416238546 1765510868.448049545 0 89ff87eb6954479d969b489941791c9f
Dec 11 22:41:08 np0005556243.novalocal sudo[105903]: pam_unix(sudo:session): session closed for user root
Dec 11 22:41:08 np0005556243.novalocal systemd[1]: session-c107.scope: Deactivated successfully.
Dec 11 22:41:08 np0005556243.novalocal sudo[105908]: cinder : PWD=/ ; USER=root ; COMMAND=/usr/bin/cinder-rootwrap /etc/cinder/rootwrap.conf env LC_ALL=C qemu-img info -f luks --output=json /var/lib/cinder/conversion/image_download_fb1eea66-d5ce-43fc-99af-181d54d60195_1eiwfr24
Dec 11 22:41:08 np0005556243.novalocal systemd[1]: Started Session c108 of User root.
Dec 11 22:41:08 np0005556243.novalocal sudo[105908]: pam_unix(sudo:session): session opened for user root(uid=0) by (uid=165)
Dec 11 22:41:08 np0005556243.novalocal object-replicator[97021]: 186/186 (100.00%) partitions replicated in 2.14s (86.79/sec, 0s remaining)
Dec 11 22:41:08 np0005556243.novalocal object-replicator[97021]: 372 successes, 0 failures
Dec 11 22:41:08 np0005556243.novalocal object-replicator[97021]: 186 suffixes checked - 13.98% hashed, 0.00% synced
Dec 11 22:41:08 np0005556243.novalocal object-replicator[97021]: Partition times: max 0.0719s, min 0.0031s, med 0.0071s
Dec 11 22:41:08 np0005556243.novalocal object-replicator[97021]: Object replication complete. (0.04 minutes)
Dec 11 22:41:08 np0005556243.novalocal container-server[96625]: ::1 - - [12/Dec/2025:03:41:08 +0000] "HEAD /2/72516/AUTH_402e63682d3749049fa8edf9e07dfd6e/gnocchi.8941028a-a7df-4a63-95ab-47ab44421726" 404 - "HEAD http://[::1]:8080/v1/AUTH_402e63682d3749049fa8edf9e07dfd6e/gnocchi.8941028a-a7df-4a63-95ab-47ab44421726" "tx09281340ae3e4c2c8f5d1-00693b8ed4" "proxy-server 97889" 0.0003 "-" 96625 0
Dec 11 22:41:08 np0005556243.novalocal container-server[96624]: ::1 - - [12/Dec/2025:03:41:08 +0000] "HEAD /3/72516/AUTH_402e63682d3749049fa8edf9e07dfd6e/gnocchi.8941028a-a7df-4a63-95ab-47ab44421726" 404 - "HEAD http://[::1]:8080/v1/AUTH_402e63682d3749049fa8edf9e07dfd6e/gnocchi.8941028a-a7df-4a63-95ab-47ab44421726" "tx09281340ae3e4c2c8f5d1-00693b8ed4" "proxy-server 97889" 0.0005 "-" 96624 0
Dec 11 22:41:08 np0005556243.novalocal container-server[96624]: ::1 - - [12/Dec/2025:03:41:08 +0000] "HEAD /1/72516/AUTH_402e63682d3749049fa8edf9e07dfd6e/gnocchi.8941028a-a7df-4a63-95ab-47ab44421726" 404 - "HEAD http://[::1]:8080/v1/AUTH_402e63682d3749049fa8edf9e07dfd6e/gnocchi.8941028a-a7df-4a63-95ab-47ab44421726" "tx09281340ae3e4c2c8f5d1-00693b8ed4" "proxy-server 97889" 0.0003 "-" 96624 0
Dec 11 22:41:08 np0005556243.novalocal proxy-server[97889]: - - 12/Dec/2025/03/41/08 HEAD /v1/AUTH_402e63682d3749049fa8edf9e07dfd6e/gnocchi.8941028a-a7df-4a63-95ab-47ab44421726 HTTP/1.0 404 - Swift - - - - tx09281340ae3e4c2c8f5d1-00693b8ed4 - 0.0089 CS - 1765510868.932203293 1765510868.941105604 0 -
Dec 11 22:41:08 np0005556243.novalocal object-server[96958]: ::1 - - [12/Dec/2025:03:41:08 +0000] "GET /1/261224/AUTH_402e63682d3749049fa8edf9e07dfd6e/gnocchi.8941028a-a7df-4a63-95ab-47ab44421726/none_v3" 404 70 "GET https://[::1]:8080/v1/AUTH_402e63682d3749049fa8edf9e07dfd6e/gnocchi.8941028a-a7df-4a63-95ab-47ab44421726/none_v3" "tx09281340ae3e4c2c8f5d1-00693b8ed4" "proxy-server 97889" 0.0003 "-" 96958 0
Dec 11 22:41:08 np0005556243.novalocal object-server[96958]: ::1 - - [12/Dec/2025:03:41:08 +0000] "GET /2/261224/AUTH_402e63682d3749049fa8edf9e07dfd6e/gnocchi.8941028a-a7df-4a63-95ab-47ab44421726/none_v3" 404 70 "GET https://[::1]:8080/v1/AUTH_402e63682d3749049fa8edf9e07dfd6e/gnocchi.8941028a-a7df-4a63-95ab-47ab44421726/none_v3" "tx09281340ae3e4c2c8f5d1-00693b8ed4" "proxy-server 97889" 0.0002 "-" 96958 0
Dec 11 22:41:08 np0005556243.novalocal object-server[96957]: ::1 - - [12/Dec/2025:03:41:08 +0000] "GET /3/261224/AUTH_402e63682d3749049fa8edf9e07dfd6e/gnocchi.8941028a-a7df-4a63-95ab-47ab44421726/none_v3" 404 70 "GET https://[::1]:8080/v1/AUTH_402e63682d3749049fa8edf9e07dfd6e/gnocchi.8941028a-a7df-4a63-95ab-47ab44421726/none_v3" "tx09281340ae3e4c2c8f5d1-00693b8ed4" "proxy-server 97889" 0.0003 "-" 96957 0
Dec 11 22:41:08 np0005556243.novalocal proxy-server[97889]: ::1 ::1 12/Dec/2025/03/41/08 GET /v1/AUTH_402e63682d3749049fa8edf9e07dfd6e/gnocchi.8941028a-a7df-4a63-95ab-47ab44421726/none_v3 HTTP/1.0 404 - python-swiftclient-4.8.0 gAAAAABpO452jeI2... - 70 - tx09281340ae3e4c2c8f5d1-00693b8ed4 - 0.0197 - - 1765510868.931404591 1765510868.951145411 0 89ff87eb6954479d969b489941791c9f
Dec 11 22:41:09 np0005556243.novalocal sudo[105908]: pam_unix(sudo:session): session closed for user root
Dec 11 22:41:09 np0005556243.novalocal systemd[1]: session-c108.scope: Deactivated successfully.
Dec 11 22:41:09 np0005556243.novalocal account-server[96331]: ::1 - - [12/Dec/2025:03:41:09 +0000] "PUT /2/88245/AUTH_402e63682d3749049fa8edf9e07dfd6e/gnocchi.8941028a-a7df-4a63-95ab-47ab44421726" 201 - "PUT http://[::1]:6001/2/72516/AUTH_402e63682d3749049fa8edf9e07dfd6e/gnocchi.8941028a-a7df-4a63-95ab-47ab44421726" "tx1c47d857c572403ca1944-00693b8ed4" "container-server 96625" 0.0052 "-" 96331 0
Dec 11 22:41:09 np0005556243.novalocal account-server[96332]: ::1 - - [12/Dec/2025:03:41:09 +0000] "PUT /3/88245/AUTH_402e63682d3749049fa8edf9e07dfd6e/gnocchi.8941028a-a7df-4a63-95ab-47ab44421726" 201 - "PUT http://[::1]:6001/1/72516/AUTH_402e63682d3749049fa8edf9e07dfd6e/gnocchi.8941028a-a7df-4a63-95ab-47ab44421726" "tx1c47d857c572403ca1944-00693b8ed4" "container-server 96625" 0.0049 "-" 96332 0
Dec 11 22:41:09 np0005556243.novalocal container-server[96625]: ::1 - - [12/Dec/2025:03:41:09 +0000] "PUT /2/72516/AUTH_402e63682d3749049fa8edf9e07dfd6e/gnocchi.8941028a-a7df-4a63-95ab-47ab44421726" 201 - "PUT https://[::1]:8080/v1/AUTH_402e63682d3749049fa8edf9e07dfd6e/gnocchi.8941028a-a7df-4a63-95ab-47ab44421726" "tx1c47d857c572403ca1944-00693b8ed4" "proxy-server 97889" 0.1014 "-" 96625 0
Dec 11 22:41:09 np0005556243.novalocal container-server[96625]: ::1 - - [12/Dec/2025:03:41:09 +0000] "PUT /1/72516/AUTH_402e63682d3749049fa8edf9e07dfd6e/gnocchi.8941028a-a7df-4a63-95ab-47ab44421726" 201 - "PUT https://[::1]:8080/v1/AUTH_402e63682d3749049fa8edf9e07dfd6e/gnocchi.8941028a-a7df-4a63-95ab-47ab44421726" "tx1c47d857c572403ca1944-00693b8ed4" "proxy-server 97889" 0.0205 "-" 96625 0
Dec 11 22:41:09 np0005556243.novalocal account-server[96332]: ::1 - - [12/Dec/2025:03:41:09 +0000] "PUT /1/88245/AUTH_402e63682d3749049fa8edf9e07dfd6e/gnocchi.8941028a-a7df-4a63-95ab-47ab44421726" 201 - "PUT http://[::1]:6001/3/72516/AUTH_402e63682d3749049fa8edf9e07dfd6e/gnocchi.8941028a-a7df-4a63-95ab-47ab44421726" "tx1c47d857c572403ca1944-00693b8ed4" "container-server 96625" 0.0042 "-" 96332 0
Dec 11 22:41:09 np0005556243.novalocal container-server[96625]: ::1 - - [12/Dec/2025:03:41:09 +0000] "PUT /3/72516/AUTH_402e63682d3749049fa8edf9e07dfd6e/gnocchi.8941028a-a7df-4a63-95ab-47ab44421726" 201 - "PUT https://[::1]:8080/v1/AUTH_402e63682d3749049fa8edf9e07dfd6e/gnocchi.8941028a-a7df-4a63-95ab-47ab44421726" "tx1c47d857c572403ca1944-00693b8ed4" "proxy-server 97889" 0.0365 "-" 96625 0
Dec 11 22:41:09 np0005556243.novalocal proxy-server[97889]: ::1 ::1 12/Dec/2025/03/41/09 PUT /v1/AUTH_402e63682d3749049fa8edf9e07dfd6e/gnocchi.8941028a-a7df-4a63-95ab-47ab44421726 HTTP/1.0 201 - python-swiftclient-4.8.0 gAAAAABpO452jeI2... - - - tx1c47d857c572403ca1944-00693b8ed4 - 0.1140 - - 1765510868.953425407 1765510869.067456722 0 89ff87eb6954479d969b489941791c9f
Dec 11 22:41:09 np0005556243.novalocal container-server[96625]: ::1 - - [12/Dec/2025:03:41:09 +0000] "HEAD /1/72516/AUTH_402e63682d3749049fa8edf9e07dfd6e/gnocchi.8941028a-a7df-4a63-95ab-47ab44421726" 204 - "HEAD http://[::1]:8080/v1/AUTH_402e63682d3749049fa8edf9e07dfd6e/gnocchi.8941028a-a7df-4a63-95ab-47ab44421726" "tx5f6a5d2c34664883bb26c-00693b8ed5" "proxy-server 97889" 0.0020 "-" 96625 0
Dec 11 22:41:09 np0005556243.novalocal proxy-server[97889]: - - 12/Dec/2025/03/41/09 HEAD /v1/AUTH_402e63682d3749049fa8edf9e07dfd6e/gnocchi.8941028a-a7df-4a63-95ab-47ab44421726 HTTP/1.0 204 - Swift - - - - tx5f6a5d2c34664883bb26c-00693b8ed5 - 0.0054 CS - 1765510869.071063519 1765510869.076450825 0 -
Dec 11 22:41:09 np0005556243.novalocal container-server[96625]: ::1 - - [12/Dec/2025:03:41:09 +0000] "GET /3/72516/AUTH_402e63682d3749049fa8edf9e07dfd6e/gnocchi.8941028a-a7df-4a63-95ab-47ab44421726" 200 2 "GET https://[::1]:8080/v1/AUTH_402e63682d3749049fa8edf9e07dfd6e/gnocchi.8941028a-a7df-4a63-95ab-47ab44421726?format=json&states=listing" "tx5f6a5d2c34664883bb26c-00693b8ed5" "proxy-server 97889" 0.0034 "-" 96625 0
Dec 11 22:41:09 np0005556243.novalocal proxy-server[97889]: ::1 ::1 12/Dec/2025/03/41/09 GET /v1/AUTH_402e63682d3749049fa8edf9e07dfd6e/gnocchi.8941028a-a7df-4a63-95ab-47ab44421726%3Fformat%3Djson%26states%3Dlisting HTTP/1.0 200 - python-swiftclient-4.8.0 gAAAAABpO452jeI2... - 2 - tx5f6a5d2c34664883bb26c-00693b8ed5 - 0.0167 - - 1765510869.070465803 1765510869.087169170 0 89ff87eb6954479d969b489941791c9f
Dec 11 22:41:09 np0005556243.novalocal object-server[96958]: ::1 - - [12/Dec/2025:03:41:09 +0000] "GET /3/110363/AUTH_402e63682d3749049fa8edf9e07dfd6e/gnocchi.8941028a-a7df-4a63-95ab-47ab44421726/1764720000.0_mean_300.0_v3" 404 70 "GET https://[::1]:8080/v1/AUTH_402e63682d3749049fa8edf9e07dfd6e/gnocchi.8941028a-a7df-4a63-95ab-47ab44421726/1764720000.0_mean_300.0_v3" "tx57880b7c2edd444bad1b5-00693b8ed5" "proxy-server 97889" 0.0004 "-" 96958 0
Dec 11 22:41:09 np0005556243.novalocal object-server[96957]: ::1 - - [12/Dec/2025:03:41:09 +0000] "GET /1/110363/AUTH_402e63682d3749049fa8edf9e07dfd6e/gnocchi.8941028a-a7df-4a63-95ab-47ab44421726/1764720000.0_mean_300.0_v3" 404 70 "GET https://[::1]:8080/v1/AUTH_402e63682d3749049fa8edf9e07dfd6e/gnocchi.8941028a-a7df-4a63-95ab-47ab44421726/1764720000.0_mean_300.0_v3" "tx57880b7c2edd444bad1b5-00693b8ed5" "proxy-server 97889" 0.0004 "-" 96957 0
Dec 11 22:41:09 np0005556243.novalocal object-server[96958]: ::1 - - [12/Dec/2025:03:41:09 +0000] "GET /2/110363/AUTH_402e63682d3749049fa8edf9e07dfd6e/gnocchi.8941028a-a7df-4a63-95ab-47ab44421726/1764720000.0_mean_300.0_v3" 404 70 "GET https://[::1]:8080/v1/AUTH_402e63682d3749049fa8edf9e07dfd6e/gnocchi.8941028a-a7df-4a63-95ab-47ab44421726/1764720000.0_mean_300.0_v3" "tx57880b7c2edd444bad1b5-00693b8ed5" "proxy-server 97889" 0.0003 "-" 96958 0
Dec 11 22:41:09 np0005556243.novalocal proxy-server[97889]: ::1 ::1 12/Dec/2025/03/41/09 GET /v1/AUTH_402e63682d3749049fa8edf9e07dfd6e/gnocchi.8941028a-a7df-4a63-95ab-47ab44421726/1764720000.0_mean_300.0_v3 HTTP/1.0 404 - python-swiftclient-4.8.0 gAAAAABpO452jeI2... - 70 - tx57880b7c2edd444bad1b5-00693b8ed5 - 0.0132 - - 1765510869.090681076 1765510869.103909731 0 89ff87eb6954479d969b489941791c9f
Dec 11 22:41:09 np0005556243.novalocal sudo[105915]: cinder : PWD=/ ; USER=root ; COMMAND=/usr/bin/cinder-rootwrap /etc/cinder/rootwrap.conf env LC_ALL=C qemu-img info -f qcow2 --output=json /var/lib/cinder/conversion/image_fetch_fb1eea66-d5ce-43fc-99af-181d54d60195_pcb6qa3vnp0005556243.novalocal@BACKEND_1
Dec 11 22:41:09 np0005556243.novalocal container-server[96625]: ::1 - - [12/Dec/2025:03:41:09 +0000] "PUT /1/72516/AUTH_402e63682d3749049fa8edf9e07dfd6e/gnocchi.8941028a-a7df-4a63-95ab-47ab44421726/1764720000.0_mean_300.0_v3" 201 - "PUT http://[::1]:8080/3/110363/AUTH_402e63682d3749049fa8edf9e07dfd6e/gnocchi.8941028a-a7df-4a63-95ab-47ab44421726/1764720000.0_mean_300.0_v3" "tx007e31c6828645d7a01ca-00693b8ed5" "object-server 96958" 0.0009 "-" 96625 0
Dec 11 22:41:09 np0005556243.novalocal object-server[96958]: ::1 - - [12/Dec/2025:03:41:09 +0000] "PUT /3/110363/AUTH_402e63682d3749049fa8edf9e07dfd6e/gnocchi.8941028a-a7df-4a63-95ab-47ab44421726/1764720000.0_mean_300.0_v3" 201 - "PUT https://[::1]:8080/v1/AUTH_402e63682d3749049fa8edf9e07dfd6e/gnocchi.8941028a-a7df-4a63-95ab-47ab44421726/1764720000.0_mean_300.0_v3" "tx007e31c6828645d7a01ca-00693b8ed5" "proxy-server 97889" 0.0123 "-" 96958 0
Dec 11 22:41:09 np0005556243.novalocal container-server[96625]: ::1 - - [12/Dec/2025:03:41:09 +0000] "PUT /3/72516/AUTH_402e63682d3749049fa8edf9e07dfd6e/gnocchi.8941028a-a7df-4a63-95ab-47ab44421726/1764720000.0_mean_300.0_v3" 201 - "PUT http://[::1]:8080/1/110363/AUTH_402e63682d3749049fa8edf9e07dfd6e/gnocchi.8941028a-a7df-4a63-95ab-47ab44421726/1764720000.0_mean_300.0_v3" "tx007e31c6828645d7a01ca-00693b8ed5" "object-server 96957" 0.0010 "-" 96625 0
Dec 11 22:41:09 np0005556243.novalocal object-server[96957]: ::1 - - [12/Dec/2025:03:41:09 +0000] "PUT /1/110363/AUTH_402e63682d3749049fa8edf9e07dfd6e/gnocchi.8941028a-a7df-4a63-95ab-47ab44421726/1764720000.0_mean_300.0_v3" 201 - "PUT https://[::1]:8080/v1/AUTH_402e63682d3749049fa8edf9e07dfd6e/gnocchi.8941028a-a7df-4a63-95ab-47ab44421726/1764720000.0_mean_300.0_v3" "tx007e31c6828645d7a01ca-00693b8ed5" "proxy-server 97889" 0.0141 "-" 96957 0
Dec 11 22:41:09 np0005556243.novalocal container-server[96625]: ::1 - - [12/Dec/2025:03:41:09 +0000] "PUT /2/72516/AUTH_402e63682d3749049fa8edf9e07dfd6e/gnocchi.8941028a-a7df-4a63-95ab-47ab44421726/1764720000.0_mean_300.0_v3" 201 - "PUT http://[::1]:8080/2/110363/AUTH_402e63682d3749049fa8edf9e07dfd6e/gnocchi.8941028a-a7df-4a63-95ab-47ab44421726/1764720000.0_mean_300.0_v3" "tx007e31c6828645d7a01ca-00693b8ed5" "object-server 96957" 0.0013 "-" 96625 0
Dec 11 22:41:09 np0005556243.novalocal object-server[96957]: ::1 - - [12/Dec/2025:03:41:09 +0000] "PUT /2/110363/AUTH_402e63682d3749049fa8edf9e07dfd6e/gnocchi.8941028a-a7df-4a63-95ab-47ab44421726/1764720000.0_mean_300.0_v3" 201 - "PUT https://[::1]:8080/v1/AUTH_402e63682d3749049fa8edf9e07dfd6e/gnocchi.8941028a-a7df-4a63-95ab-47ab44421726/1764720000.0_mean_300.0_v3" "tx007e31c6828645d7a01ca-00693b8ed5" "proxy-server 97889" 0.0184 "-" 96957 0
Dec 11 22:41:09 np0005556243.novalocal proxy-server[97889]: ::1 ::1 12/Dec/2025/03/41/09 PUT /v1/AUTH_402e63682d3749049fa8edf9e07dfd6e/gnocchi.8941028a-a7df-4a63-95ab-47ab44421726/1764720000.0_mean_300.0_v3 HTTP/1.0 201 - python-swiftclient-4.8.0 gAAAAABpO452jeI2... 16 - - tx007e31c6828645d7a01ca-00693b8ed5 - 0.0255 - - 1765510869.106724262 1765510869.132207870 0 89ff87eb6954479d969b489941791c9f
Dec 11 22:41:09 np0005556243.novalocal systemd[1]: Started Session c109 of User root.
Dec 11 22:41:09 np0005556243.novalocal sudo[105915]: pam_unix(sudo:session): session opened for user root(uid=0) by (uid=165)
Dec 11 22:41:09 np0005556243.novalocal container-server[96625]: ::1 - - [12/Dec/2025:03:41:09 +0000] "PUT /2/72516/AUTH_402e63682d3749049fa8edf9e07dfd6e/gnocchi.8941028a-a7df-4a63-95ab-47ab44421726/none_v3" 201 - "PUT http://[::1]:8080/2/261224/AUTH_402e63682d3749049fa8edf9e07dfd6e/gnocchi.8941028a-a7df-4a63-95ab-47ab44421726/none_v3" "txc8f34db77b3c44c197e38-00693b8ed5" "object-server 96957" 0.0009 "-" 96625 0
Dec 11 22:41:09 np0005556243.novalocal container-server[96624]: ::1 - - [12/Dec/2025:03:41:09 +0000] "PUT /1/72516/AUTH_402e63682d3749049fa8edf9e07dfd6e/gnocchi.8941028a-a7df-4a63-95ab-47ab44421726/none_v3" 201 - "PUT http://[::1]:8080/3/261224/AUTH_402e63682d3749049fa8edf9e07dfd6e/gnocchi.8941028a-a7df-4a63-95ab-47ab44421726/none_v3" "txc8f34db77b3c44c197e38-00693b8ed5" "object-server 96958" 0.0008 "-" 96624 0
Dec 11 22:41:09 np0005556243.novalocal object-server[96958]: ::1 - - [12/Dec/2025:03:41:09 +0000] "PUT /3/261224/AUTH_402e63682d3749049fa8edf9e07dfd6e/gnocchi.8941028a-a7df-4a63-95ab-47ab44421726/none_v3" 201 - "PUT https://[::1]:8080/v1/AUTH_402e63682d3749049fa8edf9e07dfd6e/gnocchi.8941028a-a7df-4a63-95ab-47ab44421726/none_v3" "txc8f34db77b3c44c197e38-00693b8ed5" "proxy-server 97889" 0.0137 "-" 96958 0
Dec 11 22:41:09 np0005556243.novalocal object-server[96957]: ::1 - - [12/Dec/2025:03:41:09 +0000] "PUT /2/261224/AUTH_402e63682d3749049fa8edf9e07dfd6e/gnocchi.8941028a-a7df-4a63-95ab-47ab44421726/none_v3" 201 - "PUT https://[::1]:8080/v1/AUTH_402e63682d3749049fa8edf9e07dfd6e/gnocchi.8941028a-a7df-4a63-95ab-47ab44421726/none_v3" "txc8f34db77b3c44c197e38-00693b8ed5" "proxy-server 97889" 0.0135 "-" 96957 0
Dec 11 22:41:09 np0005556243.novalocal container-server[96625]: ::1 - - [12/Dec/2025:03:41:09 +0000] "PUT /3/72516/AUTH_402e63682d3749049fa8edf9e07dfd6e/gnocchi.8941028a-a7df-4a63-95ab-47ab44421726/none_v3" 201 - "PUT http://[::1]:8080/1/261224/AUTH_402e63682d3749049fa8edf9e07dfd6e/gnocchi.8941028a-a7df-4a63-95ab-47ab44421726/none_v3" "txc8f34db77b3c44c197e38-00693b8ed5" "object-server 96958" 0.0016 "-" 96625 0
Dec 11 22:41:09 np0005556243.novalocal object-server[96958]: ::1 - - [12/Dec/2025:03:41:09 +0000] "PUT /1/261224/AUTH_402e63682d3749049fa8edf9e07dfd6e/gnocchi.8941028a-a7df-4a63-95ab-47ab44421726/none_v3" 201 - "PUT https://[::1]:8080/v1/AUTH_402e63682d3749049fa8edf9e07dfd6e/gnocchi.8941028a-a7df-4a63-95ab-47ab44421726/none_v3" "txc8f34db77b3c44c197e38-00693b8ed5" "proxy-server 97889" 0.0152 "-" 96958 0
Dec 11 22:41:09 np0005556243.novalocal proxy-server[97889]: ::1 ::1 12/Dec/2025/03/41/09 PUT /v1/AUTH_402e63682d3749049fa8edf9e07dfd6e/gnocchi.8941028a-a7df-4a63-95ab-47ab44421726/none_v3 HTTP/1.0 201 - python-swiftclient-4.8.0 gAAAAABpO452jeI2... 22 - - txc8f34db77b3c44c197e38-00693b8ed5 - 0.0239 - - 1765510869.135264874 1765510869.159129858 0 89ff87eb6954479d969b489941791c9f
Dec 11 22:41:09 np0005556243.novalocal container-server[96624]: ::1 - - [12/Dec/2025:03:41:09 +0000] "HEAD /2/251621/AUTH_402e63682d3749049fa8edf9e07dfd6e/gnocchi.aa6a4c73-5798-420b-a2e9-f706bdcc9943" 404 - "HEAD http://[::1]:8080/v1/AUTH_402e63682d3749049fa8edf9e07dfd6e/gnocchi.aa6a4c73-5798-420b-a2e9-f706bdcc9943" "tx2d99c3e4a0db4f82a921f-00693b8ed5" "proxy-server 97889" 0.0005 "-" 96624 0
Dec 11 22:41:09 np0005556243.novalocal container-server[96625]: ::1 - - [12/Dec/2025:03:41:09 +0000] "HEAD /3/251621/AUTH_402e63682d3749049fa8edf9e07dfd6e/gnocchi.aa6a4c73-5798-420b-a2e9-f706bdcc9943" 404 - "HEAD http://[::1]:8080/v1/AUTH_402e63682d3749049fa8edf9e07dfd6e/gnocchi.aa6a4c73-5798-420b-a2e9-f706bdcc9943" "tx2d99c3e4a0db4f82a921f-00693b8ed5" "proxy-server 97889" 0.0004 "-" 96625 0
Dec 11 22:41:09 np0005556243.novalocal container-server[96624]: ::1 - - [12/Dec/2025:03:41:09 +0000] "HEAD /1/251621/AUTH_402e63682d3749049fa8edf9e07dfd6e/gnocchi.aa6a4c73-5798-420b-a2e9-f706bdcc9943" 404 - "HEAD http://[::1]:8080/v1/AUTH_402e63682d3749049fa8edf9e07dfd6e/gnocchi.aa6a4c73-5798-420b-a2e9-f706bdcc9943" "tx2d99c3e4a0db4f82a921f-00693b8ed5" "proxy-server 97889" 0.0005 "-" 96624 0
Dec 11 22:41:09 np0005556243.novalocal proxy-server[97889]: - - 12/Dec/2025/03/41/09 HEAD /v1/AUTH_402e63682d3749049fa8edf9e07dfd6e/gnocchi.aa6a4c73-5798-420b-a2e9-f706bdcc9943 HTTP/1.0 404 - Swift - - - - tx2d99c3e4a0db4f82a921f-00693b8ed5 - 0.0122 CS - 1765510869.211652040 1765510869.223869324 0 -
Dec 11 22:41:09 np0005556243.novalocal object-server[96958]: ::1 - - [12/Dec/2025:03:41:09 +0000] "GET /3/35052/AUTH_402e63682d3749049fa8edf9e07dfd6e/gnocchi.aa6a4c73-5798-420b-a2e9-f706bdcc9943/none_v3" 404 70 "GET https://[::1]:8080/v1/AUTH_402e63682d3749049fa8edf9e07dfd6e/gnocchi.aa6a4c73-5798-420b-a2e9-f706bdcc9943/none_v3" "tx2d99c3e4a0db4f82a921f-00693b8ed5" "proxy-server 97889" 0.0004 "-" 96958 0
Dec 11 22:41:09 np0005556243.novalocal object-server[96958]: ::1 - - [12/Dec/2025:03:41:09 +0000] "GET /2/35052/AUTH_402e63682d3749049fa8edf9e07dfd6e/gnocchi.aa6a4c73-5798-420b-a2e9-f706bdcc9943/none_v3" 404 70 "GET https://[::1]:8080/v1/AUTH_402e63682d3749049fa8edf9e07dfd6e/gnocchi.aa6a4c73-5798-420b-a2e9-f706bdcc9943/none_v3" "tx2d99c3e4a0db4f82a921f-00693b8ed5" "proxy-server 97889" 0.0002 "-" 96958 0
Dec 11 22:41:09 np0005556243.novalocal object-server[96958]: ::1 - - [12/Dec/2025:03:41:09 +0000] "GET /1/35052/AUTH_402e63682d3749049fa8edf9e07dfd6e/gnocchi.aa6a4c73-5798-420b-a2e9-f706bdcc9943/none_v3" 404 70 "GET https://[::1]:8080/v1/AUTH_402e63682d3749049fa8edf9e07dfd6e/gnocchi.aa6a4c73-5798-420b-a2e9-f706bdcc9943/none_v3" "tx2d99c3e4a0db4f82a921f-00693b8ed5" "proxy-server 97889" 0.0002 "-" 96958 0
Dec 11 22:41:09 np0005556243.novalocal proxy-server[97889]: ::1 ::1 12/Dec/2025/03/41/09 GET /v1/AUTH_402e63682d3749049fa8edf9e07dfd6e/gnocchi.aa6a4c73-5798-420b-a2e9-f706bdcc9943/none_v3 HTTP/1.0 404 - python-swiftclient-4.8.0 gAAAAABpO452jeI2... - 70 - tx2d99c3e4a0db4f82a921f-00693b8ed5 - 0.0271 - - 1765510869.210380554 1765510869.237476349 0 89ff87eb6954479d969b489941791c9f
Dec 11 22:41:09 np0005556243.novalocal systemd[1]: NetworkManager-dispatcher.service: Deactivated successfully.
Dec 11 22:41:09 np0005556243.novalocal account-server[96331]: ::1 - - [12/Dec/2025:03:41:09 +0000] "PUT /2/88245/AUTH_402e63682d3749049fa8edf9e07dfd6e/gnocchi.aa6a4c73-5798-420b-a2e9-f706bdcc9943" 201 - "PUT http://[::1]:6001/1/251621/AUTH_402e63682d3749049fa8edf9e07dfd6e/gnocchi.aa6a4c73-5798-420b-a2e9-f706bdcc9943" "tx0b81fee31f4146e89a47c-00693b8ed5" "container-server 96625" 0.0062 "-" 96331 0
Dec 11 22:41:09 np0005556243.novalocal container-server[96625]: ::1 - - [12/Dec/2025:03:41:09 +0000] "PUT /1/251621/AUTH_402e63682d3749049fa8edf9e07dfd6e/gnocchi.aa6a4c73-5798-420b-a2e9-f706bdcc9943" 201 - "PUT https://[::1]:8080/v1/AUTH_402e63682d3749049fa8edf9e07dfd6e/gnocchi.aa6a4c73-5798-420b-a2e9-f706bdcc9943" "tx0b81fee31f4146e89a47c-00693b8ed5" "proxy-server 97889" 0.0168 "-" 96625 0
Dec 11 22:41:09 np0005556243.novalocal account-server[96332]: ::1 - - [12/Dec/2025:03:41:09 +0000] "PUT /1/88245/AUTH_402e63682d3749049fa8edf9e07dfd6e/gnocchi.aa6a4c73-5798-420b-a2e9-f706bdcc9943" 201 - "PUT http://[::1]:6001/3/251621/AUTH_402e63682d3749049fa8edf9e07dfd6e/gnocchi.aa6a4c73-5798-420b-a2e9-f706bdcc9943" "tx0b81fee31f4146e89a47c-00693b8ed5" "container-server 96624" 0.0132 "-" 96332 0
Dec 11 22:41:09 np0005556243.novalocal container-server[96624]: ::1 - - [12/Dec/2025:03:41:09 +0000] "PUT /3/251621/AUTH_402e63682d3749049fa8edf9e07dfd6e/gnocchi.aa6a4c73-5798-420b-a2e9-f706bdcc9943" 201 - "PUT https://[::1]:8080/v1/AUTH_402e63682d3749049fa8edf9e07dfd6e/gnocchi.aa6a4c73-5798-420b-a2e9-f706bdcc9943" "tx0b81fee31f4146e89a47c-00693b8ed5" "proxy-server 97889" 0.0318 "-" 96624 0
Dec 11 22:41:09 np0005556243.novalocal account-server[96332]: ::1 - - [12/Dec/2025:03:41:09 +0000] "PUT /3/88245/AUTH_402e63682d3749049fa8edf9e07dfd6e/gnocchi.aa6a4c73-5798-420b-a2e9-f706bdcc9943" 201 - "PUT http://[::1]:6001/2/251621/AUTH_402e63682d3749049fa8edf9e07dfd6e/gnocchi.aa6a4c73-5798-420b-a2e9-f706bdcc9943" "tx0b81fee31f4146e89a47c-00693b8ed5" "container-server 96625" 0.0039 "-" 96332 0
Dec 11 22:41:09 np0005556243.novalocal container-server[96625]: ::1 - - [12/Dec/2025:03:41:09 +0000] "PUT /2/251621/AUTH_402e63682d3749049fa8edf9e07dfd6e/gnocchi.aa6a4c73-5798-420b-a2e9-f706bdcc9943" 201 - "PUT https://[::1]:8080/v1/AUTH_402e63682d3749049fa8edf9e07dfd6e/gnocchi.aa6a4c73-5798-420b-a2e9-f706bdcc9943" "tx0b81fee31f4146e89a47c-00693b8ed5" "proxy-server 97889" 0.0400 "-" 96625 0
Dec 11 22:41:09 np0005556243.novalocal proxy-server[97889]: ::1 ::1 12/Dec/2025/03/41/09 PUT /v1/AUTH_402e63682d3749049fa8edf9e07dfd6e/gnocchi.aa6a4c73-5798-420b-a2e9-f706bdcc9943 HTTP/1.0 201 - python-swiftclient-4.8.0 gAAAAABpO452jeI2... - - - tx0b81fee31f4146e89a47c-00693b8ed5 - 0.0488 - - 1765510869.243665934 1765510869.292471409 0 89ff87eb6954479d969b489941791c9f
Dec 11 22:41:09 np0005556243.novalocal container-server[96624]: ::1 - - [12/Dec/2025:03:41:09 +0000] "HEAD /1/251621/AUTH_402e63682d3749049fa8edf9e07dfd6e/gnocchi.aa6a4c73-5798-420b-a2e9-f706bdcc9943" 204 - "HEAD http://[::1]:8080/v1/AUTH_402e63682d3749049fa8edf9e07dfd6e/gnocchi.aa6a4c73-5798-420b-a2e9-f706bdcc9943" "txb3b30fa36eb94ed795229-00693b8ed5" "proxy-server 97889" 0.0050 "-" 96624 0
Dec 11 22:41:09 np0005556243.novalocal proxy-server[97889]: - - 12/Dec/2025/03/41/09 HEAD /v1/AUTH_402e63682d3749049fa8edf9e07dfd6e/gnocchi.aa6a4c73-5798-420b-a2e9-f706bdcc9943 HTTP/1.0 204 - Swift - - - - txb3b30fa36eb94ed795229-00693b8ed5 - 0.0265 CS - 1765510869.299110651 1765510869.325642586 0 -
Dec 11 22:41:09 np0005556243.novalocal container-server[96624]: ::1 - - [12/Dec/2025:03:41:09 +0000] "GET /1/251621/AUTH_402e63682d3749049fa8edf9e07dfd6e/gnocchi.aa6a4c73-5798-420b-a2e9-f706bdcc9943" 200 2 "GET https://[::1]:8080/v1/AUTH_402e63682d3749049fa8edf9e07dfd6e/gnocchi.aa6a4c73-5798-420b-a2e9-f706bdcc9943?format=json&states=listing" "txb3b30fa36eb94ed795229-00693b8ed5" "proxy-server 97889" 0.0051 "-" 96624 0
Dec 11 22:41:09 np0005556243.novalocal proxy-server[97889]: ::1 ::1 12/Dec/2025/03/41/09 GET /v1/AUTH_402e63682d3749049fa8edf9e07dfd6e/gnocchi.aa6a4c73-5798-420b-a2e9-f706bdcc9943%3Fformat%3Djson%26states%3Dlisting HTTP/1.0 200 - python-swiftclient-4.8.0 gAAAAABpO452jeI2... - 2 - txb3b30fa36eb94ed795229-00693b8ed5 - 0.0425 - - 1765510869.298129559 1765510869.340580940 0 89ff87eb6954479d969b489941791c9f
Dec 11 22:41:09 np0005556243.novalocal object-server[96957]: ::1 - - [12/Dec/2025:03:41:09 +0000] "GET /3/174133/AUTH_402e63682d3749049fa8edf9e07dfd6e/gnocchi.aa6a4c73-5798-420b-a2e9-f706bdcc9943/1764720000.0_mean_300.0_v3" 404 70 "GET https://[::1]:8080/v1/AUTH_402e63682d3749049fa8edf9e07dfd6e/gnocchi.aa6a4c73-5798-420b-a2e9-f706bdcc9943/1764720000.0_mean_300.0_v3" "tx0043c33a1fce4f09b272c-00693b8ed5" "proxy-server 97889" 0.0004 "-" 96957 0
Dec 11 22:41:09 np0005556243.novalocal object-server[96958]: ::1 - - [12/Dec/2025:03:41:09 +0000] "GET /2/174133/AUTH_402e63682d3749049fa8edf9e07dfd6e/gnocchi.aa6a4c73-5798-420b-a2e9-f706bdcc9943/1764720000.0_mean_300.0_v3" 404 70 "GET https://[::1]:8080/v1/AUTH_402e63682d3749049fa8edf9e07dfd6e/gnocchi.aa6a4c73-5798-420b-a2e9-f706bdcc9943/1764720000.0_mean_300.0_v3" "tx0043c33a1fce4f09b272c-00693b8ed5" "proxy-server 97889" 0.0003 "-" 96958 0
Dec 11 22:41:09 np0005556243.novalocal object-server[96958]: ::1 - - [12/Dec/2025:03:41:09 +0000] "GET /1/174133/AUTH_402e63682d3749049fa8edf9e07dfd6e/gnocchi.aa6a4c73-5798-420b-a2e9-f706bdcc9943/1764720000.0_mean_300.0_v3" 404 70 "GET https://[::1]:8080/v1/AUTH_402e63682d3749049fa8edf9e07dfd6e/gnocchi.aa6a4c73-5798-420b-a2e9-f706bdcc9943/1764720000.0_mean_300.0_v3" "tx0043c33a1fce4f09b272c-00693b8ed5" "proxy-server 97889" 0.0002 "-" 96958 0
Dec 11 22:41:09 np0005556243.novalocal proxy-server[97889]: ::1 ::1 12/Dec/2025/03/41/09 GET /v1/AUTH_402e63682d3749049fa8edf9e07dfd6e/gnocchi.aa6a4c73-5798-420b-a2e9-f706bdcc9943/1764720000.0_mean_300.0_v3 HTTP/1.0 404 - python-swiftclient-4.8.0 gAAAAABpO452jeI2... - 70 - tx0043c33a1fce4f09b272c-00693b8ed5 - 0.0139 - - 1765510869.344825506 1765510869.358718872 0 89ff87eb6954479d969b489941791c9f
Dec 11 22:41:09 np0005556243.novalocal container-server[96624]: ::1 - - [12/Dec/2025:03:41:09 +0000] "PUT /3/251621/AUTH_402e63682d3749049fa8edf9e07dfd6e/gnocchi.aa6a4c73-5798-420b-a2e9-f706bdcc9943/1764720000.0_mean_300.0_v3" 201 - "PUT http://[::1]:8080/1/174133/AUTH_402e63682d3749049fa8edf9e07dfd6e/gnocchi.aa6a4c73-5798-420b-a2e9-f706bdcc9943/1764720000.0_mean_300.0_v3" "txb4b52a5de4a9445cbf097-00693b8ed5" "object-server 96958" 0.0010 "-" 96624 0
