Dec 11 22:40:37 np0005556243.novalocal proxy-server[97888]: ::1 ::1 12/Dec/2025/03/40/37 GET /v1/AUTH_402e63682d3749049fa8edf9e07dfd6e/gnocchi.25fdf1fb-5f6e-417e-893b-53d48fb05af2/1764720000.0_mean_300.0_v3 HTTP/1.0 200 - python-swiftclient-4.8.0 gAAAAABpO450Q4QS... - 16 - tx1d961e798ff54b3f9c16a-00693b8eb5 - 0.0083 - - 1765510837.637545824 1765510837.645814180 0 89ff87eb6954479d969b489941791c9f
Dec 11 22:40:37 np0005556243.novalocal container-server[96624]: ::1 - - [12/Dec/2025:03:40:37 +0000] "PUT /1/223573/AUTH_402e63682d3749049fa8edf9e07dfd6e/gnocchi.25fdf1fb-5f6e-417e-893b-53d48fb05af2/1764720000.0_mean_300.0_v3" 201 - "PUT http://[::1]:8080/3/209799/AUTH_402e63682d3749049fa8edf9e07dfd6e/gnocchi.25fdf1fb-5f6e-417e-893b-53d48fb05af2/1764720000.0_mean_300.0_v3" "tx69757249fae34f46854ba-00693b8eb5" "object-server 96957" 0.0008 "-" 96624 0
Dec 11 22:40:37 np0005556243.novalocal object-server[96957]: ::1 - - [12/Dec/2025:03:40:37 +0000] "PUT /3/209799/AUTH_402e63682d3749049fa8edf9e07dfd6e/gnocchi.25fdf1fb-5f6e-417e-893b-53d48fb05af2/1764720000.0_mean_300.0_v3" 201 - "PUT https://[::1]:8080/v1/AUTH_402e63682d3749049fa8edf9e07dfd6e/gnocchi.25fdf1fb-5f6e-417e-893b-53d48fb05af2/1764720000.0_mean_300.0_v3" "tx69757249fae34f46854ba-00693b8eb5" "proxy-server 97888" 0.0135 "-" 96957 0
Dec 11 22:40:37 np0005556243.novalocal container-server[96624]: ::1 - - [12/Dec/2025:03:40:37 +0000] "PUT /2/223573/AUTH_402e63682d3749049fa8edf9e07dfd6e/gnocchi.25fdf1fb-5f6e-417e-893b-53d48fb05af2/1764720000.0_mean_300.0_v3" 201 - "PUT http://[::1]:8080/1/209799/AUTH_402e63682d3749049fa8edf9e07dfd6e/gnocchi.25fdf1fb-5f6e-417e-893b-53d48fb05af2/1764720000.0_mean_300.0_v3" "tx69757249fae34f46854ba-00693b8eb5" "object-server 96958" 0.0006 "-" 96624 0
Dec 11 22:40:37 np0005556243.novalocal container-server[96625]: ::1 - - [12/Dec/2025:03:40:37 +0000] "PUT /3/223573/AUTH_402e63682d3749049fa8edf9e07dfd6e/gnocchi.25fdf1fb-5f6e-417e-893b-53d48fb05af2/1764720000.0_mean_300.0_v3" 201 - "PUT http://[::1]:8080/2/209799/AUTH_402e63682d3749049fa8edf9e07dfd6e/gnocchi.25fdf1fb-5f6e-417e-893b-53d48fb05af2/1764720000.0_mean_300.0_v3" "tx69757249fae34f46854ba-00693b8eb5" "object-server 96957" 0.0008 "-" 96625 0
Dec 11 22:40:37 np0005556243.novalocal object-server[96957]: ::1 - - [12/Dec/2025:03:40:37 +0000] "PUT /2/209799/AUTH_402e63682d3749049fa8edf9e07dfd6e/gnocchi.25fdf1fb-5f6e-417e-893b-53d48fb05af2/1764720000.0_mean_300.0_v3" 201 - "PUT https://[::1]:8080/v1/AUTH_402e63682d3749049fa8edf9e07dfd6e/gnocchi.25fdf1fb-5f6e-417e-893b-53d48fb05af2/1764720000.0_mean_300.0_v3" "tx69757249fae34f46854ba-00693b8eb5" "proxy-server 97888" 0.0168 "-" 96957 0
Dec 11 22:40:37 np0005556243.novalocal object-server[96958]: ::1 - - [12/Dec/2025:03:40:37 +0000] "PUT /1/209799/AUTH_402e63682d3749049fa8edf9e07dfd6e/gnocchi.25fdf1fb-5f6e-417e-893b-53d48fb05af2/1764720000.0_mean_300.0_v3" 201 - "PUT https://[::1]:8080/v1/AUTH_402e63682d3749049fa8edf9e07dfd6e/gnocchi.25fdf1fb-5f6e-417e-893b-53d48fb05af2/1764720000.0_mean_300.0_v3" "tx69757249fae34f46854ba-00693b8eb5" "proxy-server 97888" 0.0169 "-" 96958 0
Dec 11 22:40:37 np0005556243.novalocal proxy-server[97888]: ::1 ::1 12/Dec/2025/03/40/37 PUT /v1/AUTH_402e63682d3749049fa8edf9e07dfd6e/gnocchi.25fdf1fb-5f6e-417e-893b-53d48fb05af2/1764720000.0_mean_300.0_v3 HTTP/1.0 201 - python-swiftclient-4.8.0 gAAAAABpO450Q4QS... 16 - - tx69757249fae34f46854ba-00693b8eb5 - 0.0300 - - 1765510837.650197506 1765510837.680180788 0 89ff87eb6954479d969b489941791c9f
Dec 11 22:40:37 np0005556243.novalocal container-server[96624]: ::1 - - [12/Dec/2025:03:40:37 +0000] "PUT /2/223573/AUTH_402e63682d3749049fa8edf9e07dfd6e/gnocchi.25fdf1fb-5f6e-417e-893b-53d48fb05af2/none_v3" 201 - "PUT http://[::1]:8080/1/119897/AUTH_402e63682d3749049fa8edf9e07dfd6e/gnocchi.25fdf1fb-5f6e-417e-893b-53d48fb05af2/none_v3" "txf7ccc03bd3324a8591c94-00693b8eb5" "object-server 96958" 0.0008 "-" 96624 0
Dec 11 22:40:37 np0005556243.novalocal container-server[96625]: ::1 - - [12/Dec/2025:03:40:37 +0000] "PUT /1/223573/AUTH_402e63682d3749049fa8edf9e07dfd6e/gnocchi.25fdf1fb-5f6e-417e-893b-53d48fb05af2/none_v3" 201 - "PUT http://[::1]:8080/2/119897/AUTH_402e63682d3749049fa8edf9e07dfd6e/gnocchi.25fdf1fb-5f6e-417e-893b-53d48fb05af2/none_v3" "txf7ccc03bd3324a8591c94-00693b8eb5" "object-server 96958" 0.0008 "-" 96625 0
Dec 11 22:40:37 np0005556243.novalocal object-server[96958]: ::1 - - [12/Dec/2025:03:40:37 +0000] "PUT /1/119897/AUTH_402e63682d3749049fa8edf9e07dfd6e/gnocchi.25fdf1fb-5f6e-417e-893b-53d48fb05af2/none_v3" 201 - "PUT https://[::1]:8080/v1/AUTH_402e63682d3749049fa8edf9e07dfd6e/gnocchi.25fdf1fb-5f6e-417e-893b-53d48fb05af2/none_v3" "txf7ccc03bd3324a8591c94-00693b8eb5" "proxy-server 97888" 0.0190 "-" 96958 0
Dec 11 22:40:37 np0005556243.novalocal object-server[96958]: ::1 - - [12/Dec/2025:03:40:37 +0000] "PUT /2/119897/AUTH_402e63682d3749049fa8edf9e07dfd6e/gnocchi.25fdf1fb-5f6e-417e-893b-53d48fb05af2/none_v3" 201 - "PUT https://[::1]:8080/v1/AUTH_402e63682d3749049fa8edf9e07dfd6e/gnocchi.25fdf1fb-5f6e-417e-893b-53d48fb05af2/none_v3" "txf7ccc03bd3324a8591c94-00693b8eb5" "proxy-server 97888" 0.0196 "-" 96958 0
Dec 11 22:40:37 np0005556243.novalocal container-server[96624]: ::1 - - [12/Dec/2025:03:40:37 +0000] "PUT /3/223573/AUTH_402e63682d3749049fa8edf9e07dfd6e/gnocchi.25fdf1fb-5f6e-417e-893b-53d48fb05af2/none_v3" 201 - "PUT http://[::1]:8080/3/119897/AUTH_402e63682d3749049fa8edf9e07dfd6e/gnocchi.25fdf1fb-5f6e-417e-893b-53d48fb05af2/none_v3" "txf7ccc03bd3324a8591c94-00693b8eb5" "object-server 96958" 0.0008 "-" 96624 0
Dec 11 22:40:37 np0005556243.novalocal object-server[96958]: ::1 - - [12/Dec/2025:03:40:37 +0000] "PUT /3/119897/AUTH_402e63682d3749049fa8edf9e07dfd6e/gnocchi.25fdf1fb-5f6e-417e-893b-53d48fb05af2/none_v3" 201 - "PUT https://[::1]:8080/v1/AUTH_402e63682d3749049fa8edf9e07dfd6e/gnocchi.25fdf1fb-5f6e-417e-893b-53d48fb05af2/none_v3" "txf7ccc03bd3324a8591c94-00693b8eb5" "proxy-server 97888" 0.0292 "-" 96958 0
Dec 11 22:40:37 np0005556243.novalocal proxy-server[97888]: ::1 ::1 12/Dec/2025/03/40/37 PUT /v1/AUTH_402e63682d3749049fa8edf9e07dfd6e/gnocchi.25fdf1fb-5f6e-417e-893b-53d48fb05af2/none_v3 HTTP/1.0 201 - python-swiftclient-4.8.0 gAAAAABpO450Q4QS... 43 - - txf7ccc03bd3324a8591c94-00693b8eb5 - 0.0400 - - 1765510837.684154034 1765510837.724128008 0 89ff87eb6954479d969b489941791c9f
Dec 11 22:40:41 np0005556243.novalocal dnsmasq[104604]: read /var/lib/neutron/dhcp/4a94000d-de3a-407d-8de2-a2915566a91b/addn_hosts - 0 addresses
Dec 11 22:40:41 np0005556243.novalocal dnsmasq-dhcp[104604]: read /var/lib/neutron/dhcp/4a94000d-de3a-407d-8de2-a2915566a91b/host
Dec 11 22:40:41 np0005556243.novalocal dnsmasq-dhcp[104604]: read /var/lib/neutron/dhcp/4a94000d-de3a-407d-8de2-a2915566a91b/opts
Dec 11 22:40:41 np0005556243.novalocal object-server[96957]: ::1 - - [12/Dec/2025:03:40:41 +0000] "GET /2/40812/AUTH_402e63682d3749049fa8edf9e07dfd6e/gnocchi.ab02a225-1907-4ad1-98e1-74e6b8270913/none_v3" 200 32 "GET https://[::1]:8080/v1/AUTH_402e63682d3749049fa8edf9e07dfd6e/gnocchi.ab02a225-1907-4ad1-98e1-74e6b8270913/none_v3" "txc7cc0393e1624df8a54d1-00693b8eb9" "proxy-server 97888" 0.0006 "-" 96957 0
Dec 11 22:40:41 np0005556243.novalocal proxy-server[97888]: ::1 ::1 12/Dec/2025/03/40/41 GET /v1/AUTH_402e63682d3749049fa8edf9e07dfd6e/gnocchi.ab02a225-1907-4ad1-98e1-74e6b8270913/none_v3 HTTP/1.0 200 - python-swiftclient-4.8.0 gAAAAABpO450Q4QS... - 32 - txc7cc0393e1624df8a54d1-00693b8eb9 - 0.0098 - - 1765510841.980748892 1765510841.990589857 0 89ff87eb6954479d969b489941791c9f
Dec 11 22:40:42 np0005556243.novalocal kernel: qbr43f1feb8-79: port 2(tap43f1feb8-79) entered disabled state
Dec 11 22:40:42 np0005556243.novalocal container-server[96624]: ::1 - - [12/Dec/2025:03:40:42 +0000] "GET /1/104017/AUTH_402e63682d3749049fa8edf9e07dfd6e/gnocchi.ab02a225-1907-4ad1-98e1-74e6b8270913" 200 357 "GET https://[::1]:8080/v1/AUTH_402e63682d3749049fa8edf9e07dfd6e/gnocchi.ab02a225-1907-4ad1-98e1-74e6b8270913?format=json&states=listing" "tx17ea120e7e9a47f69143e-00693b8eb9" "proxy-server 97888" 0.0084 "-" 96624 0
Dec 11 22:40:42 np0005556243.novalocal kernel: tap43f1feb8-79 (unregistering): left allmulticast mode
Dec 11 22:40:42 np0005556243.novalocal kernel: tap43f1feb8-79 (unregistering): left promiscuous mode
Dec 11 22:40:42 np0005556243.novalocal kernel: qbr43f1feb8-79: port 2(tap43f1feb8-79) entered disabled state
Dec 11 22:40:42 np0005556243.novalocal proxy-server[97888]: ::1 ::1 12/Dec/2025/03/40/42 GET /v1/AUTH_402e63682d3749049fa8edf9e07dfd6e/gnocchi.ab02a225-1907-4ad1-98e1-74e6b8270913%3Fformat%3Djson%26states%3Dlisting HTTP/1.0 200 - python-swiftclient-4.8.0 gAAAAABpO450Q4QS... - 357 - tx17ea120e7e9a47f69143e-00693b8eb9 - 0.0170 - - 1765510841.994067669 1765510842.011116266 0 89ff87eb6954479d969b489941791c9f
Dec 11 22:40:42 np0005556243.novalocal NetworkManager[859]: [1765510842.0183] device (tap43f1feb8-79): state change: activated -> unmanaged (reason 'unmanaged', managed-type: 'removed')
Dec 11 22:40:42 np0005556243.novalocal NetworkManager[859]: [1765510842.0187] device (tap43f1feb8-79): released from controller device qbr43f1feb8-79
Dec 11 22:40:42 np0005556243.novalocal container-server[96624]: ::1 - - [12/Dec/2025:03:40:42 +0000] "GET /1/104017/AUTH_402e63682d3749049fa8edf9e07dfd6e/gnocchi.ab02a225-1907-4ad1-98e1-74e6b8270913" 200 2 "GET https://[::1]:8080/v1/AUTH_402e63682d3749049fa8edf9e07dfd6e/gnocchi.ab02a225-1907-4ad1-98e1-74e6b8270913?format=json&marker=none_v3&states=listing" "txed5a57259c854a609359d-00693b8eba" "proxy-server 97888" 0.0059 "-" 96624 0
Dec 11 22:40:42 np0005556243.novalocal proxy-server[97888]: ::1 ::1 12/Dec/2025/03/40/42 GET /v1/AUTH_402e63682d3749049fa8edf9e07dfd6e/gnocchi.ab02a225-1907-4ad1-98e1-74e6b8270913%3Fformat%3Djson%26marker%3Dnone_v3%26states%3Dlisting HTTP/1.0 200 - python-swiftclient-4.8.0 gAAAAABpO450Q4QS... - 2 - txed5a57259c854a609359d-00693b8eba - 0.0183 - - 1765510842.016668081 1765510842.034964561 0 89ff87eb6954479d969b489941791c9f
Dec 11 22:40:42 np0005556243.novalocal systemd[1]: machine-qemu\x2d1\x2dinstance\x2d00000001.scope: Deactivated successfully.
Dec 11 22:40:42 np0005556243.novalocal systemd[1]: machine-qemu\x2d1\x2dinstance\x2d00000001.scope: Consumed 20.668s CPU time.
Dec 11 22:40:42 np0005556243.novalocal object-server[96958]: ::1 - - [12/Dec/2025:03:40:42 +0000] "GET /1/1648/AUTH_402e63682d3749049fa8edf9e07dfd6e/gnocchi.ab02a225-1907-4ad1-98e1-74e6b8270913/1764720000.0_mean_300.0_v3" 200 23 "GET https://[::1]:8080/v1/AUTH_402e63682d3749049fa8edf9e07dfd6e/gnocchi.ab02a225-1907-4ad1-98e1-74e6b8270913/1764720000.0_mean_300.0_v3" "tx9d4017400ba645968330a-00693b8eba" "proxy-server 97888" 0.0011 "-" 96958 0
Dec 11 22:40:42 np0005556243.novalocal systemd-machined[93525]: Machine qemu-1-instance-00000001 terminated.
Dec 11 22:40:42 np0005556243.novalocal proxy-server[97888]: ::1 ::1 12/Dec/2025/03/40/42 GET /v1/AUTH_402e63682d3749049fa8edf9e07dfd6e/gnocchi.ab02a225-1907-4ad1-98e1-74e6b8270913/1764720000.0_mean_300.0_v3 HTTP/1.0 200 - python-swiftclient-4.8.0 gAAAAABpO450Q4QS... - 23 - tx9d4017400ba645968330a-00693b8eba - 0.0179 - - 1765510842.040780783 1765510842.058653593 0 89ff87eb6954479d969b489941791c9f
Dec 11 22:40:42 np0005556243.novalocal container-server[96625]: ::1 - - [12/Dec/2025:03:40:42 +0000] "PUT /2/104017/AUTH_402e63682d3749049fa8edf9e07dfd6e/gnocchi.ab02a225-1907-4ad1-98e1-74e6b8270913/1764720000.0_mean_300.0_v3" 201 - "PUT http://[::1]:8080/1/1648/AUTH_402e63682d3749049fa8edf9e07dfd6e/gnocchi.ab02a225-1907-4ad1-98e1-74e6b8270913/1764720000.0_mean_300.0_v3" "tx1ddd8f0540004133a93e3-00693b8eba" "object-server 96957" 0.0008 "-" 96625 0
Dec 11 22:40:42 np0005556243.novalocal container-server[96624]: ::1 - - [12/Dec/2025:03:40:42 +0000] "PUT /3/104017/AUTH_402e63682d3749049fa8edf9e07dfd6e/gnocchi.ab02a225-1907-4ad1-98e1-74e6b8270913/1764720000.0_mean_300.0_v3" 201 - "PUT http://[::1]:8080/2/1648/AUTH_402e63682d3749049fa8edf9e07dfd6e/gnocchi.ab02a225-1907-4ad1-98e1-74e6b8270913/1764720000.0_mean_300.0_v3" "tx1ddd8f0540004133a93e3-00693b8eba" "object-server 96957" 0.0006 "-" 96624 0
Dec 11 22:40:42 np0005556243.novalocal container-server[96624]: ::1 - - [12/Dec/2025:03:40:42 +0000] "PUT /1/104017/AUTH_402e63682d3749049fa8edf9e07dfd6e/gnocchi.ab02a225-1907-4ad1-98e1-74e6b8270913/1764720000.0_mean_300.0_v3" 201 - "PUT http://[::1]:8080/3/1648/AUTH_402e63682d3749049fa8edf9e07dfd6e/gnocchi.ab02a225-1907-4ad1-98e1-74e6b8270913/1764720000.0_mean_300.0_v3" "tx1ddd8f0540004133a93e3-00693b8eba" "object-server 96958" 0.0004 "-" 96624 0
Dec 11 22:40:42 np0005556243.novalocal object-server[96958]: ::1 - - [12/Dec/2025:03:40:42 +0000] "PUT /3/1648/AUTH_402e63682d3749049fa8edf9e07dfd6e/gnocchi.ab02a225-1907-4ad1-98e1-74e6b8270913/1764720000.0_mean_300.0_v3" 201 - "PUT https://[::1]:8080/v1/AUTH_402e63682d3749049fa8edf9e07dfd6e/gnocchi.ab02a225-1907-4ad1-98e1-74e6b8270913/1764720000.0_mean_300.0_v3" "tx1ddd8f0540004133a93e3-00693b8eba" "proxy-server 97888" 0.0151 "-" 96958 0
Dec 11 22:40:42 np0005556243.novalocal object-server[96957]: ::1 - - [12/Dec/2025:03:40:42 +0000] "PUT /2/1648/AUTH_402e63682d3749049fa8edf9e07dfd6e/gnocchi.ab02a225-1907-4ad1-98e1-74e6b8270913/1764720000.0_mean_300.0_v3" 201 - "PUT https://[::1]:8080/v1/AUTH_402e63682d3749049fa8edf9e07dfd6e/gnocchi.ab02a225-1907-4ad1-98e1-74e6b8270913/1764720000.0_mean_300.0_v3" "tx1ddd8f0540004133a93e3-00693b8eba" "proxy-server 97888" 0.0147 "-" 96957 0
Dec 11 22:40:42 np0005556243.novalocal object-server[96957]: ::1 - - [12/Dec/2025:03:40:42 +0000] "PUT /1/1648/AUTH_402e63682d3749049fa8edf9e07dfd6e/gnocchi.ab02a225-1907-4ad1-98e1-74e6b8270913/1764720000.0_mean_300.0_v3" 201 - "PUT https://[::1]:8080/v1/AUTH_402e63682d3749049fa8edf9e07dfd6e/gnocchi.ab02a225-1907-4ad1-98e1-74e6b8270913/1764720000.0_mean_300.0_v3" "tx1ddd8f0540004133a93e3-00693b8eba" "proxy-server 97888" 0.0169 "-" 96957 0
Dec 11 22:40:42 np0005556243.novalocal proxy-server[97888]: ::1 ::1 12/Dec/2025/03/40/42 PUT /v1/AUTH_402e63682d3749049fa8edf9e07dfd6e/gnocchi.ab02a225-1907-4ad1-98e1-74e6b8270913/1764720000.0_mean_300.0_v3 HTTP/1.0 201 - python-swiftclient-4.8.0 gAAAAABpO450Q4QS... 23 - - tx1ddd8f0540004133a93e3-00693b8eba - 0.0304 - - 1765510842.062012434 1765510842.092392683 0 89ff87eb6954479d969b489941791c9f
Dec 11 22:40:42 np0005556243.novalocal container-server[96624]: ::1 - - [12/Dec/2025:03:40:42 +0000] "PUT /3/104017/AUTH_402e63682d3749049fa8edf9e07dfd6e/gnocchi.ab02a225-1907-4ad1-98e1-74e6b8270913/none_v3" 201 - "PUT http://[::1]:8080/1/40812/AUTH_402e63682d3749049fa8edf9e07dfd6e/gnocchi.ab02a225-1907-4ad1-98e1-74e6b8270913/none_v3" "tx17af00ea23c9416bb72e5-00693b8eba" "object-server 96957" 0.0006 "-" 96624 0
Dec 11 22:40:42 np0005556243.novalocal object-server[96957]: ::1 - - [12/Dec/2025:03:40:42 +0000] "PUT /1/40812/AUTH_402e63682d3749049fa8edf9e07dfd6e/gnocchi.ab02a225-1907-4ad1-98e1-74e6b8270913/none_v3" 201 - "PUT https://[::1]:8080/v1/AUTH_402e63682d3749049fa8edf9e07dfd6e/gnocchi.ab02a225-1907-4ad1-98e1-74e6b8270913/none_v3" "tx17af00ea23c9416bb72e5-00693b8eba" "proxy-server 97888" 0.0108 "-" 96957 0
Dec 11 22:40:42 np0005556243.novalocal container-server[96624]: ::1 - - [12/Dec/2025:03:40:42 +0000] "PUT /1/104017/AUTH_402e63682d3749049fa8edf9e07dfd6e/gnocchi.ab02a225-1907-4ad1-98e1-74e6b8270913/none_v3" 201 - "PUT http://[::1]:8080/2/40812/AUTH_402e63682d3749049fa8edf9e07dfd6e/gnocchi.ab02a225-1907-4ad1-98e1-74e6b8270913/none_v3" "tx17af00ea23c9416bb72e5-00693b8eba" "object-server 96958" 0.0003 "-" 96624 0
Dec 11 22:40:42 np0005556243.novalocal object-server[96958]: ::1 - - [12/Dec/2025:03:40:42 +0000] "PUT /2/40812/AUTH_402e63682d3749049fa8edf9e07dfd6e/gnocchi.ab02a225-1907-4ad1-98e1-74e6b8270913/none_v3" 201 - "PUT https://[::1]:8080/v1/AUTH_402e63682d3749049fa8edf9e07dfd6e/gnocchi.ab02a225-1907-4ad1-98e1-74e6b8270913/none_v3" "tx17af00ea23c9416bb72e5-00693b8eba" "proxy-server 97888" 0.0106 "-" 96958 0
Dec 11 22:40:42 np0005556243.novalocal container-server[96624]: ::1 - - [12/Dec/2025:03:40:42 +0000] "PUT /2/104017/AUTH_402e63682d3749049fa8edf9e07dfd6e/gnocchi.ab02a225-1907-4ad1-98e1-74e6b8270913/none_v3" 201 - "PUT http://[::1]:8080/3/40812/AUTH_402e63682d3749049fa8edf9e07dfd6e/gnocchi.ab02a225-1907-4ad1-98e1-74e6b8270913/none_v3" "tx17af00ea23c9416bb72e5-00693b8eba" "object-server 96958" 0.0007 "-" 96624 0
Dec 11 22:40:42 np0005556243.novalocal object-server[96958]: ::1 - - [12/Dec/2025:03:40:42 +0000] "PUT /3/40812/AUTH_402e63682d3749049fa8edf9e07dfd6e/gnocchi.ab02a225-1907-4ad1-98e1-74e6b8270913/none_v3" 201 - "PUT https://[::1]:8080/v1/AUTH_402e63682d3749049fa8edf9e07dfd6e/gnocchi.ab02a225-1907-4ad1-98e1-74e6b8270913/none_v3" "tx17af00ea23c9416bb72e5-00693b8eba" "proxy-server 97888" 0.0136 "-" 96958 0
Dec 11 22:40:42 np0005556243.novalocal proxy-server[97888]: ::1 ::1 12/Dec/2025/03/40/42 PUT /v1/AUTH_402e63682d3749049fa8edf9e07dfd6e/gnocchi.ab02a225-1907-4ad1-98e1-74e6b8270913/none_v3 HTTP/1.0 201 - python-swiftclient-4.8.0 gAAAAABpO450Q4QS... 46 - - tx17af00ea23c9416bb72e5-00693b8eba - 0.0240 - - 1765510842.096446037 1765510842.120411634 0 89ff87eb6954479d969b489941791c9f
Dec 11 22:40:42 np0005556243.novalocal object-server[96958]: ::1 - - [12/Dec/2025:03:40:42 +0000] "GET /1/21215/AUTH_402e63682d3749049fa8edf9e07dfd6e/gnocchi.29a77a18-598d-48b2-ab97-486af3f85d3e/none_v3" 200 32 "GET https://[::1]:8080/v1/AUTH_402e63682d3749049fa8edf9e07dfd6e/gnocchi.29a77a18-598d-48b2-ab97-486af3f85d3e/none_v3" "tx5725306932f9493c8581e-00693b8eba" "proxy-server 97888" 0.0007 "-" 96958 0
Dec 11 22:40:42 np0005556243.novalocal proxy-server[97888]: ::1 ::1 12/Dec/2025/03/40/42 GET /v1/AUTH_402e63682d3749049fa8edf9e07dfd6e/gnocchi.29a77a18-598d-48b2-ab97-486af3f85d3e/none_v3 HTTP/1.0 200 - python-swiftclient-4.8.0 gAAAAABpO450Q4QS... - 32 - tx5725306932f9493c8581e-00693b8eba - 0.0064 - - 1765510842.190421343 1765510842.196831226 0 89ff87eb6954479d969b489941791c9f
Dec 11 22:40:42 np0005556243.novalocal container-server[96624]: ::1 - - [12/Dec/2025:03:40:42 +0000] "GET /2/45743/AUTH_402e63682d3749049fa8edf9e07dfd6e/gnocchi.29a77a18-598d-48b2-ab97-486af3f85d3e" 200 357 "GET https://[::1]:8080/v1/AUTH_402e63682d3749049fa8edf9e07dfd6e/gnocchi.29a77a18-598d-48b2-ab97-486af3f85d3e?format=json&states=listing" "tx42ce162adad14b82bf0dc-00693b8eba" "proxy-server 97888" 0.0090 "-" 96624 0
Dec 11 22:40:42 np0005556243.novalocal proxy-server[97888]: ::1 ::1 12/Dec/2025/03/40/42 GET /v1/AUTH_402e63682d3749049fa8edf9e07dfd6e/gnocchi.29a77a18-598d-48b2-ab97-486af3f85d3e%3Fformat%3Djson%26states%3Dlisting HTTP/1.0 200 - python-swiftclient-4.8.0 gAAAAABpO450Q4QS... - 357 - tx42ce162adad14b82bf0dc-00693b8eba - 0.0159 - - 1765510842.199676275 1765510842.215568542 0 89ff87eb6954479d969b489941791c9f
Dec 11 22:40:42 np0005556243.novalocal container-server[96625]: ::1 - - [12/Dec/2025:03:40:42 +0000] "GET /1/45743/AUTH_402e63682d3749049fa8edf9e07dfd6e/gnocchi.29a77a18-598d-48b2-ab97-486af3f85d3e" 200 2 "GET https://[::1]:8080/v1/AUTH_402e63682d3749049fa8edf9e07dfd6e/gnocchi.29a77a18-598d-48b2-ab97-486af3f85d3e?format=json&marker=none_v3&states=listing" "tx1483be565d2e4d0da22c4-00693b8eba" "proxy-server 97888" 0.0070 "-" 96625 0
Dec 11 22:40:42 np0005556243.novalocal proxy-server[97888]: ::1 ::1 12/Dec/2025/03/40/42 GET /v1/AUTH_402e63682d3749049fa8edf9e07dfd6e/gnocchi.29a77a18-598d-48b2-ab97-486af3f85d3e%3Fformat%3Djson%26marker%3Dnone_v3%26states%3Dlisting HTTP/1.0 200 - python-swiftclient-4.8.0 gAAAAABpO450Q4QS... - 2 - tx1483be565d2e4d0da22c4-00693b8eba - 0.0142 - - 1765510842.219077110 1765510842.233261347 0 89ff87eb6954479d969b489941791c9f
Dec 11 22:40:42 np0005556243.novalocal kernel: qr-cbbde18f-6c: left promiscuous mode
Dec 11 22:40:42 np0005556243.novalocal object-server[96958]: ::1 - - [12/Dec/2025:03:40:42 +0000] "GET /2/165124/AUTH_402e63682d3749049fa8edf9e07dfd6e/gnocchi.29a77a18-598d-48b2-ab97-486af3f85d3e/1764720000.0_mean_300.0_v3" 200 23 "GET https://[::1]:8080/v1/AUTH_402e63682d3749049fa8edf9e07dfd6e/gnocchi.29a77a18-598d-48b2-ab97-486af3f85d3e/1764720000.0_mean_300.0_v3" "txa1ce0548e8624bb887ca9-00693b8eba" "proxy-server 97888" 0.0006 "-" 96958 0
Dec 11 22:40:42 np0005556243.novalocal proxy-server[97888]: ::1 ::1 12/Dec/2025/03/40/42 GET /v1/AUTH_402e63682d3749049fa8edf9e07dfd6e/gnocchi.29a77a18-598d-48b2-ab97-486af3f85d3e/1764720000.0_mean_300.0_v3 HTTP/1.0 200 - python-swiftclient-4.8.0 gAAAAABpO450Q4QS... - 23 - txa1ce0548e8624bb887ca9-00693b8eba - 0.0070 - - 1765510842.275890112 1765510842.282854080 0 89ff87eb6954479d969b489941791c9f
Dec 11 22:40:42 np0005556243.novalocal container-server[96625]: ::1 - - [12/Dec/2025:03:40:42 +0000] "PUT /2/45743/AUTH_402e63682d3749049fa8edf9e07dfd6e/gnocchi.29a77a18-598d-48b2-ab97-486af3f85d3e/1764720000.0_mean_300.0_v3" 201 - "PUT http://[::1]:8080/3/165124/AUTH_402e63682d3749049fa8edf9e07dfd6e/gnocchi.29a77a18-598d-48b2-ab97-486af3f85d3e/1764720000.0_mean_300.0_v3" "txb39513d30fe24c8bb93f7-00693b8eba" "object-server 96958" 0.0007 "-" 96625 0
Dec 11 22:40:42 np0005556243.novalocal object-server[96958]: ::1 - - [12/Dec/2025:03:40:42 +0000] "PUT /3/165124/AUTH_402e63682d3749049fa8edf9e07dfd6e/gnocchi.29a77a18-598d-48b2-ab97-486af3f85d3e/1764720000.0_mean_300.0_v3" 201 - "PUT https://[::1]:8080/v1/AUTH_402e63682d3749049fa8edf9e07dfd6e/gnocchi.29a77a18-598d-48b2-ab97-486af3f85d3e/1764720000.0_mean_300.0_v3" "txb39513d30fe24c8bb93f7-00693b8eba" "proxy-server 97888" 0.0082 "-" 96958 0
Dec 11 22:40:42 np0005556243.novalocal container-server[96625]: ::1 - - [12/Dec/2025:03:40:42 +0000] "PUT /1/45743/AUTH_402e63682d3749049fa8edf9e07dfd6e/gnocchi.29a77a18-598d-48b2-ab97-486af3f85d3e/1764720000.0_mean_300.0_v3" 201 - "PUT http://[::1]:8080/1/165124/AUTH_402e63682d3749049fa8edf9e07dfd6e/gnocchi.29a77a18-598d-48b2-ab97-486af3f85d3e/1764720000.0_mean_300.0_v3" "txb39513d30fe24c8bb93f7-00693b8eba" "object-server 96958" 0.0003 "-" 96625 0
Dec 11 22:40:42 np0005556243.novalocal object-server[96958]: ::1 - - [12/Dec/2025:03:40:42 +0000] "PUT /1/165124/AUTH_402e63682d3749049fa8edf9e07dfd6e/gnocchi.29a77a18-598d-48b2-ab97-486af3f85d3e/1764720000.0_mean_300.0_v3" 201 - "PUT https://[::1]:8080/v1/AUTH_402e63682d3749049fa8edf9e07dfd6e/gnocchi.29a77a18-598d-48b2-ab97-486af3f85d3e/1764720000.0_mean_300.0_v3" "txb39513d30fe24c8bb93f7-00693b8eba" "proxy-server 97888" 0.0104 "-" 96958 0
Dec 11 22:40:42 np0005556243.novalocal container-server[96625]: ::1 - - [12/Dec/2025:03:40:42 +0000] "PUT /3/45743/AUTH_402e63682d3749049fa8edf9e07dfd6e/gnocchi.29a77a18-598d-48b2-ab97-486af3f85d3e/1764720000.0_mean_300.0_v3" 201 - "PUT http://[::1]:8080/2/165124/AUTH_402e63682d3749049fa8edf9e07dfd6e/gnocchi.29a77a18-598d-48b2-ab97-486af3f85d3e/1764720000.0_mean_300.0_v3" "txb39513d30fe24c8bb93f7-00693b8eba" "object-server 96957" 0.0004 "-" 96625 0
Dec 11 22:40:42 np0005556243.novalocal object-server[96957]: ::1 - - [12/Dec/2025:03:40:42 +0000] "PUT /2/165124/AUTH_402e63682d3749049fa8edf9e07dfd6e/gnocchi.29a77a18-598d-48b2-ab97-486af3f85d3e/1764720000.0_mean_300.0_v3" 201 - "PUT https://[::1]:8080/v1/AUTH_402e63682d3749049fa8edf9e07dfd6e/gnocchi.29a77a18-598d-48b2-ab97-486af3f85d3e/1764720000.0_mean_300.0_v3" "txb39513d30fe24c8bb93f7-00693b8eba" "proxy-server 97888" 0.0115 "-" 96957 0
Dec 11 22:40:42 np0005556243.novalocal proxy-server[97888]: ::1 ::1 12/Dec/2025/03/40/42 PUT /v1/AUTH_402e63682d3749049fa8edf9e07dfd6e/gnocchi.29a77a18-598d-48b2-ab97-486af3f85d3e/1764720000.0_mean_300.0_v3 HTTP/1.0 201 - python-swiftclient-4.8.0 gAAAAABpO450Q4QS... 23 - - txb39513d30fe24c8bb93f7-00693b8eba - 0.0197 - - 1765510842.285310984 1765510842.304976702 0 89ff87eb6954479d969b489941791c9f
Dec 11 22:40:42 np0005556243.novalocal container-server[96624]: ::1 - - [12/Dec/2025:03:40:42 +0000] "PUT /2/45743/AUTH_402e63682d3749049fa8edf9e07dfd6e/gnocchi.29a77a18-598d-48b2-ab97-486af3f85d3e/none_v3" 201 - "PUT http://[::1]:8080/1/21215/AUTH_402e63682d3749049fa8edf9e07dfd6e/gnocchi.29a77a18-598d-48b2-ab97-486af3f85d3e/none_v3" "tx338e4087b87e4e4dbcebf-00693b8eba" "object-server 96957" 0.0004 "-" 96624 0
Dec 11 22:40:42 np0005556243.novalocal container-server[96624]: ::1 - - [12/Dec/2025:03:40:42 +0000] "PUT /3/45743/AUTH_402e63682d3749049fa8edf9e07dfd6e/gnocchi.29a77a18-598d-48b2-ab97-486af3f85d3e/none_v3" 201 - "PUT http://[::1]:8080/2/21215/AUTH_402e63682d3749049fa8edf9e07dfd6e/gnocchi.29a77a18-598d-48b2-ab97-486af3f85d3e/none_v3" "tx338e4087b87e4e4dbcebf-00693b8eba" "object-server 96958" 0.0003 "-" 96624 0
Dec 11 22:40:42 np0005556243.novalocal object-server[96957]: ::1 - - [12/Dec/2025:03:40:42 +0000] "PUT /1/21215/AUTH_402e63682d3749049fa8edf9e07dfd6e/gnocchi.29a77a18-598d-48b2-ab97-486af3f85d3e/none_v3" 201 - "PUT https://[::1]:8080/v1/AUTH_402e63682d3749049fa8edf9e07dfd6e/gnocchi.29a77a18-598d-48b2-ab97-486af3f85d3e/none_v3" "tx338e4087b87e4e4dbcebf-00693b8eba" "proxy-server 97888" 0.0079 "-" 96957 0
Dec 11 22:40:42 np0005556243.novalocal object-server[96958]: ::1 - - [12/Dec/2025:03:40:42 +0000] "PUT /2/21215/AUTH_402e63682d3749049fa8edf9e07dfd6e/gnocchi.29a77a18-598d-48b2-ab97-486af3f85d3e/none_v3" 201 - "PUT https://[::1]:8080/v1/AUTH_402e63682d3749049fa8edf9e07dfd6e/gnocchi.29a77a18-598d-48b2-ab97-486af3f85d3e/none_v3" "tx338e4087b87e4e4dbcebf-00693b8eba" "proxy-server 97888" 0.0081 "-" 96958 0
Dec 11 22:40:42 np0005556243.novalocal container-server[96624]: ::1 - - [12/Dec/2025:03:40:42 +0000] "PUT /1/45743/AUTH_402e63682d3749049fa8edf9e07dfd6e/gnocchi.29a77a18-598d-48b2-ab97-486af3f85d3e/none_v3" 201 - "PUT http://[::1]:8080/3/21215/AUTH_402e63682d3749049fa8edf9e07dfd6e/gnocchi.29a77a18-598d-48b2-ab97-486af3f85d3e/none_v3" "tx338e4087b87e4e4dbcebf-00693b8eba" "object-server 96958" 0.0003 "-" 96624 0
Dec 11 22:40:42 np0005556243.novalocal object-server[96958]: ::1 - - [12/Dec/2025:03:40:42 +0000] "PUT /3/21215/AUTH_402e63682d3749049fa8edf9e07dfd6e/gnocchi.29a77a18-598d-48b2-ab97-486af3f85d3e/none_v3" 201 - "PUT https://[::1]:8080/v1/AUTH_402e63682d3749049fa8edf9e07dfd6e/gnocchi.29a77a18-598d-48b2-ab97-486af3f85d3e/none_v3" "tx338e4087b87e4e4dbcebf-00693b8eba" "proxy-server 97888" 0.0101 "-" 96958 0
Dec 11 22:40:42 np0005556243.novalocal proxy-server[97888]: ::1 ::1 12/Dec/2025/03/40/42 PUT /v1/AUTH_402e63682d3749049fa8edf9e07dfd6e/gnocchi.29a77a18-598d-48b2-ab97-486af3f85d3e/none_v3 HTTP/1.0 201 - python-swiftclient-4.8.0 gAAAAABpO450Q4QS... 46 - - tx338e4087b87e4e4dbcebf-00693b8eba - 0.0167 - - 1765510842.307291031 1765510842.323961496 0 89ff87eb6954479d969b489941791c9f
Dec 11 22:40:42 np0005556243.novalocal object-server[96957]: ::1 - - [12/Dec/2025:03:40:42 +0000] "GET /1/6230/AUTH_402e63682d3749049fa8edf9e07dfd6e/gnocchi.0cfb6d23-5286-473d-8060-0bff0469fbcf/none_v3" 200 31 "GET https://[::1]:8080/v1/AUTH_402e63682d3749049fa8edf9e07dfd6e/gnocchi.0cfb6d23-5286-473d-8060-0bff0469fbcf/none_v3" "txb2f668cb37b54b05ab267-00693b8eba" "proxy-server 97888" 0.0007 "-" 96957 0
Dec 11 22:40:42 np0005556243.novalocal proxy-server[97888]: ::1 ::1 12/Dec/2025/03/40/42 GET /v1/AUTH_402e63682d3749049fa8edf9e07dfd6e/gnocchi.0cfb6d23-5286-473d-8060-0bff0469fbcf/none_v3 HTTP/1.0 200 - python-swiftclient-4.8.0 gAAAAABpO450Q4QS... - 31 - txb2f668cb37b54b05ab267-00693b8eba - 0.0068 - - 1765510842.344700575 1765510842.351483822 0 89ff87eb6954479d969b489941791c9f
Dec 11 22:40:42 np0005556243.novalocal object-server[96957]: ::1 - - [12/Dec/2025:03:40:42 +0000] "GET /1/83132/AUTH_402e63682d3749049fa8edf9e07dfd6e/gnocchi.affd6b57-36d4-4657-be3e-9ce75e6f3c4f/none_v3" 200 27 "GET https://[::1]:8080/v1/AUTH_402e63682d3749049fa8edf9e07dfd6e/gnocchi.affd6b57-36d4-4657-be3e-9ce75e6f3c4f/none_v3" "txa3babeeb0693404db3812-00693b8eba" "proxy-server 97888" 0.0005 "-" 96957 0
Dec 11 22:40:42 np0005556243.novalocal proxy-server[97888]: ::1 ::1 12/Dec/2025/03/40/42 GET /v1/AUTH_402e63682d3749049fa8edf9e07dfd6e/gnocchi.affd6b57-36d4-4657-be3e-9ce75e6f3c4f/none_v3 HTTP/1.0 200 - python-swiftclient-4.8.0 gAAAAABpO450Q4QS... - 27 - txa3babeeb0693404db3812-00693b8eba - 0.0049 - - 1765510842.353751659 1765510842.358628273 0 89ff87eb6954479d969b489941791c9f
Dec 11 22:40:42 np0005556243.novalocal container-server[96625]: ::1 - - [12/Dec/2025:03:40:42 +0000] "GET /2/233561/AUTH_402e63682d3749049fa8edf9e07dfd6e/gnocchi.0cfb6d23-5286-473d-8060-0bff0469fbcf" 200 357 "GET https://[::1]:8080/v1/AUTH_402e63682d3749049fa8edf9e07dfd6e/gnocchi.0cfb6d23-5286-473d-8060-0bff0469fbcf?format=json&states=listing" "tx11b74ba48408436aa23a2-00693b8eba" "proxy-server 97888" 0.0076 "-" 96625 0
Dec 11 22:40:42 np0005556243.novalocal proxy-server[97888]: ::1 ::1 12/Dec/2025/03/40/42 GET /v1/AUTH_402e63682d3749049fa8edf9e07dfd6e/gnocchi.0cfb6d23-5286-473d-8060-0bff0469fbcf%3Fformat%3Djson%26states%3Dlisting HTTP/1.0 200 - python-swiftclient-4.8.0 gAAAAABpO450Q4QS... - 357 - tx11b74ba48408436aa23a2-00693b8eba - 0.0128 - - 1765510842.361103773 1765510842.373865128 0 89ff87eb6954479d969b489941791c9f
Dec 11 22:40:42 np0005556243.novalocal container-server[96624]: ::1 - - [12/Dec/2025:03:40:42 +0000] "GET /3/233561/AUTH_402e63682d3749049fa8edf9e07dfd6e/gnocchi.0cfb6d23-5286-473d-8060-0bff0469fbcf" 200 2 "GET https://[::1]:8080/v1/AUTH_402e63682d3749049fa8edf9e07dfd6e/gnocchi.0cfb6d23-5286-473d-8060-0bff0469fbcf?format=json&marker=none_v3&states=listing" "tx360be9b551084618933e1-00693b8eba" "proxy-server 97888" 0.0072 "-" 96624 0
Dec 11 22:40:42 np0005556243.novalocal kernel: qg-dbd2baf8-f9: left promiscuous mode
Dec 11 22:40:42 np0005556243.novalocal proxy-server[97888]: ::1 ::1 12/Dec/2025/03/40/42 GET /v1/AUTH_402e63682d3749049fa8edf9e07dfd6e/gnocchi.0cfb6d23-5286-473d-8060-0bff0469fbcf%3Fformat%3Djson%26marker%3Dnone_v3%26states%3Dlisting HTTP/1.0 200 - python-swiftclient-4.8.0 gAAAAABpO450Q4QS... - 2 - tx360be9b551084618933e1-00693b8eba - 0.0140 - - 1765510842.376529455 1765510842.390578747 0 89ff87eb6954479d969b489941791c9f
Dec 11 22:40:42 np0005556243.novalocal container-server[96625]: ::1 - - [12/Dec/2025:03:40:42 +0000] "GET /2/175641/AUTH_402e63682d3749049fa8edf9e07dfd6e/gnocchi.affd6b57-36d4-4657-be3e-9ce75e6f3c4f" 200 357 "GET https://[::1]:8080/v1/AUTH_402e63682d3749049fa8edf9e07dfd6e/gnocchi.affd6b57-36d4-4657-be3e-9ce75e6f3c4f?format=json&states=listing" "tx5100ee7c38a24e4bb8c95-00693b8eba" "proxy-server 97888" 0.0062 "-" 96625 0
Dec 11 22:40:42 np0005556243.novalocal proxy-server[97888]: ::1 ::1 12/Dec/2025/03/40/42 GET /v1/AUTH_402e63682d3749049fa8edf9e07dfd6e/gnocchi.affd6b57-36d4-4657-be3e-9ce75e6f3c4f%3Fformat%3Djson%26states%3Dlisting HTTP/1.0 200 - python-swiftclient-4.8.0 gAAAAABpO450Q4QS... - 357 - tx5100ee7c38a24e4bb8c95-00693b8eba - 0.0118 - - 1765510842.394181013 1765510842.406018257 0 89ff87eb6954479d969b489941791c9f
Dec 11 22:40:42 np0005556243.novalocal container-server[96624]: ::1 - - [12/Dec/2025:03:40:42 +0000] "GET /3/175641/AUTH_402e63682d3749049fa8edf9e07dfd6e/gnocchi.affd6b57-36d4-4657-be3e-9ce75e6f3c4f" 200 2 "GET https://[::1]:8080/v1/AUTH_402e63682d3749049fa8edf9e07dfd6e/gnocchi.affd6b57-36d4-4657-be3e-9ce75e6f3c4f?format=json&marker=none_v3&states=listing" "txb7ccab80ff45452e89e7e-00693b8eba" "proxy-server 97888" 0.0134 "-" 96624 0
Dec 11 22:40:42 np0005556243.novalocal proxy-server[97888]: ::1 ::1 12/Dec/2025/03/40/42 GET /v1/AUTH_402e63682d3749049fa8edf9e07dfd6e/gnocchi.affd6b57-36d4-4657-be3e-9ce75e6f3c4f%3Fformat%3Djson%26marker%3Dnone_v3%26states%3Dlisting HTTP/1.0 200 - python-swiftclient-4.8.0 gAAAAABpO450Q4QS... - 2 - txb7ccab80ff45452e89e7e-00693b8eba - 0.0190 - - 1765510842.408141136 1765510842.427160263 0 89ff87eb6954479d969b489941791c9f
Dec 11 22:40:42 np0005556243.novalocal object-server[96958]: ::1 - - [12/Dec/2025:03:40:42 +0000] "GET /2/7658/AUTH_402e63682d3749049fa8edf9e07dfd6e/gnocchi.0cfb6d23-5286-473d-8060-0bff0469fbcf/1764720000.0_mean_300.0_v3" 200 22 "GET https://[::1]:8080/v1/AUTH_402e63682d3749049fa8edf9e07dfd6e/gnocchi.0cfb6d23-5286-473d-8060-0bff0469fbcf/1764720000.0_mean_300.0_v3" "tx4bf64d46109b4c298c947-00693b8eba" "proxy-server 97888" 0.0008 "-" 96958 0
Dec 11 22:40:42 np0005556243.novalocal proxy-server[97888]: ::1 ::1 12/Dec/2025/03/40/42 GET /v1/AUTH_402e63682d3749049fa8edf9e07dfd6e/gnocchi.0cfb6d23-5286-473d-8060-0bff0469fbcf/1764720000.0_mean_300.0_v3 HTTP/1.0 200 - python-swiftclient-4.8.0 gAAAAABpO450Q4QS... - 22 - tx4bf64d46109b4c298c947-00693b8eba - 0.0063 - - 1765510842.430380821 1765510842.436700344 0 89ff87eb6954479d969b489941791c9f
Dec 11 22:40:42 np0005556243.novalocal object-server[96957]: ::1 - - [12/Dec/2025:03:40:42 +0000] "GET /3/199926/AUTH_402e63682d3749049fa8edf9e07dfd6e/gnocchi.affd6b57-36d4-4657-be3e-9ce75e6f3c4f/1764720000.0_mean_300.0_v3" 200 18 "GET https://[::1]:8080/v1/AUTH_402e63682d3749049fa8edf9e07dfd6e/gnocchi.affd6b57-36d4-4657-be3e-9ce75e6f3c4f/1764720000.0_mean_300.0_v3" "tx5133cc2d7ff54730ac8fa-00693b8eba" "proxy-server 97888" 0.0007 "-" 96957 0
Dec 11 22:40:42 np0005556243.novalocal proxy-server[97888]: ::1 ::1 12/Dec/2025/03/40/42 GET /v1/AUTH_402e63682d3749049fa8edf9e07dfd6e/gnocchi.affd6b57-36d4-4657-be3e-9ce75e6f3c4f/1764720000.0_mean_300.0_v3 HTTP/1.0 200 - python-swiftclient-4.8.0 gAAAAABpO450Q4QS... - 18 - tx5133cc2d7ff54730ac8fa-00693b8eba - 0.0073 - - 1765510842.439656258 1765510842.446951628 0 89ff87eb6954479d969b489941791c9f
Dec 11 22:40:42 np0005556243.novalocal systemd[1]: run-netns-qrouter\x2d7a9a3769\x2d49e2\x2d4f5e\x2d9051\x2dde0674fa5356.mount: Deactivated successfully.
Dec 11 22:40:42 np0005556243.novalocal container-server[96624]: ::1 - - [12/Dec/2025:03:40:42 +0000] "PUT /3/233561/AUTH_402e63682d3749049fa8edf9e07dfd6e/gnocchi.0cfb6d23-5286-473d-8060-0bff0469fbcf/1764720000.0_mean_300.0_v3" 201 - "PUT http://[::1]:8080/1/7658/AUTH_402e63682d3749049fa8edf9e07dfd6e/gnocchi.0cfb6d23-5286-473d-8060-0bff0469fbcf/1764720000.0_mean_300.0_v3" "txa7815238f63b4969927e3-00693b8eba" "object-server 96957" 0.0005 "-" 96624 0
Dec 11 22:40:42 np0005556243.novalocal object-server[96957]: ::1 - - [12/Dec/2025:03:40:42 +0000] "PUT /1/7658/AUTH_402e63682d3749049fa8edf9e07dfd6e/gnocchi.0cfb6d23-5286-473d-8060-0bff0469fbcf/1764720000.0_mean_300.0_v3" 201 - "PUT https://[::1]:8080/v1/AUTH_402e63682d3749049fa8edf9e07dfd6e/gnocchi.0cfb6d23-5286-473d-8060-0bff0469fbcf/1764720000.0_mean_300.0_v3" "txa7815238f63b4969927e3-00693b8eba" "proxy-server 97888" 0.0089 "-" 96957 0
Dec 11 22:40:42 np0005556243.novalocal container-server[96625]: ::1 - - [12/Dec/2025:03:40:42 +0000] "PUT /2/233561/AUTH_402e63682d3749049fa8edf9e07dfd6e/gnocchi.0cfb6d23-5286-473d-8060-0bff0469fbcf/1764720000.0_mean_300.0_v3" 201 - "PUT http://[::1]:8080/2/7658/AUTH_402e63682d3749049fa8edf9e07dfd6e/gnocchi.0cfb6d23-5286-473d-8060-0bff0469fbcf/1764720000.0_mean_300.0_v3" "txa7815238f63b4969927e3-00693b8eba" "object-server 96958" 0.0005 "-" 96625 0
Dec 11 22:40:42 np0005556243.novalocal object-server[96958]: ::1 - - [12/Dec/2025:03:40:42 +0000] "PUT /2/7658/AUTH_402e63682d3749049fa8edf9e07dfd6e/gnocchi.0cfb6d23-5286-473d-8060-0bff0469fbcf/1764720000.0_mean_300.0_v3" 201 - "PUT https://[::1]:8080/v1/AUTH_402e63682d3749049fa8edf9e07dfd6e/gnocchi.0cfb6d23-5286-473d-8060-0bff0469fbcf/1764720000.0_mean_300.0_v3" "txa7815238f63b4969927e3-00693b8eba" "proxy-server 97888" 0.0104 "-" 96958 0
Dec 11 22:40:42 np0005556243.novalocal container-server[96625]: ::1 - - [12/Dec/2025:03:40:42 +0000] "PUT /1/233561/AUTH_402e63682d3749049fa8edf9e07dfd6e/gnocchi.0cfb6d23-5286-473d-8060-0bff0469fbcf/1764720000.0_mean_300.0_v3" 201 - "PUT http://[::1]:8080/3/7658/AUTH_402e63682d3749049fa8edf9e07dfd6e/gnocchi.0cfb6d23-5286-473d-8060-0bff0469fbcf/1764720000.0_mean_300.0_v3" "txa7815238f63b4969927e3-00693b8eba" "object-server 96958" 0.0003 "-" 96625 0
Dec 11 22:40:42 np0005556243.novalocal object-server[96958]: ::1 - - [12/Dec/2025:03:40:42 +0000] "PUT /3/7658/AUTH_402e63682d3749049fa8edf9e07dfd6e/gnocchi.0cfb6d23-5286-473d-8060-0bff0469fbcf/1764720000.0_mean_300.0_v3" 201 - "PUT https://[::1]:8080/v1/AUTH_402e63682d3749049fa8edf9e07dfd6e/gnocchi.0cfb6d23-5286-473d-8060-0bff0469fbcf/1764720000.0_mean_300.0_v3" "txa7815238f63b4969927e3-00693b8eba" "proxy-server 97888" 0.0110 "-" 96958 0
Dec 11 22:40:42 np0005556243.novalocal proxy-server[97888]: ::1 ::1 12/Dec/2025/03/40/42 PUT /v1/AUTH_402e63682d3749049fa8edf9e07dfd6e/gnocchi.0cfb6d23-5286-473d-8060-0bff0469fbcf/1764720000.0_mean_300.0_v3 HTTP/1.0 201 - python-swiftclient-4.8.0 gAAAAABpO450Q4QS... 22 - - txa7815238f63b4969927e3-00693b8eba - 0.0214 - - 1765510842.450323820 1765510842.471690655 0 89ff87eb6954479d969b489941791c9f
Dec 11 22:40:42 np0005556243.novalocal container-server[96625]: ::1 - - [12/Dec/2025:03:40:42 +0000] "PUT /2/175641/AUTH_402e63682d3749049fa8edf9e07dfd6e/gnocchi.affd6b57-36d4-4657-be3e-9ce75e6f3c4f/1764720000.0_mean_300.0_v3" 201 - "PUT http://[::1]:8080/3/199926/AUTH_402e63682d3749049fa8edf9e07dfd6e/gnocchi.affd6b57-36d4-4657-be3e-9ce75e6f3c4f/1764720000.0_mean_300.0_v3" "tx1eb6419d6e474c61a8a72-00693b8eba" "object-server 96957" 0.0006 "-" 96625 0
Dec 11 22:40:42 np0005556243.novalocal container-server[96624]: ::1 - - [12/Dec/2025:03:40:42 +0000] "PUT /3/175641/AUTH_402e63682d3749049fa8edf9e07dfd6e/gnocchi.affd6b57-36d4-4657-be3e-9ce75e6f3c4f/1764720000.0_mean_300.0_v3" 201 - "PUT http://[::1]:8080/1/199926/AUTH_402e63682d3749049fa8edf9e07dfd6e/gnocchi.affd6b57-36d4-4657-be3e-9ce75e6f3c4f/1764720000.0_mean_300.0_v3" "tx1eb6419d6e474c61a8a72-00693b8eba" "object-server 96957" 0.0004 "-" 96624 0
Dec 11 22:40:42 np0005556243.novalocal object-server[96957]: ::1 - - [12/Dec/2025:03:40:42 +0000] "PUT /3/199926/AUTH_402e63682d3749049fa8edf9e07dfd6e/gnocchi.affd6b57-36d4-4657-be3e-9ce75e6f3c4f/1764720000.0_mean_300.0_v3" 201 - "PUT https://[::1]:8080/v1/AUTH_402e63682d3749049fa8edf9e07dfd6e/gnocchi.affd6b57-36d4-4657-be3e-9ce75e6f3c4f/1764720000.0_mean_300.0_v3" "tx1eb6419d6e474c61a8a72-00693b8eba" "proxy-server 97888" 0.0092 "-" 96957 0
Dec 11 22:40:42 np0005556243.novalocal container-server[96624]: ::1 - - [12/Dec/2025:03:40:42 +0000] "PUT /1/175641/AUTH_402e63682d3749049fa8edf9e07dfd6e/gnocchi.affd6b57-36d4-4657-be3e-9ce75e6f3c4f/1764720000.0_mean_300.0_v3" 201 - "PUT http://[::1]:8080/2/199926/AUTH_402e63682d3749049fa8edf9e07dfd6e/gnocchi.affd6b57-36d4-4657-be3e-9ce75e6f3c4f/1764720000.0_mean_300.0_v3" "tx1eb6419d6e474c61a8a72-00693b8eba" "object-server 96958" 0.0003 "-" 96624 0
Dec 11 22:40:42 np0005556243.novalocal object-server[96957]: ::1 - - [12/Dec/2025:03:40:42 +0000] "PUT /1/199926/AUTH_402e63682d3749049fa8edf9e07dfd6e/gnocchi.affd6b57-36d4-4657-be3e-9ce75e6f3c4f/1764720000.0_mean_300.0_v3" 201 - "PUT https://[::1]:8080/v1/AUTH_402e63682d3749049fa8edf9e07dfd6e/gnocchi.affd6b57-36d4-4657-be3e-9ce75e6f3c4f/1764720000.0_mean_300.0_v3" "tx1eb6419d6e474c61a8a72-00693b8eba" "proxy-server 97888" 0.0080 "-" 96957 0
Dec 11 22:40:42 np0005556243.novalocal object-server[96958]: ::1 - - [12/Dec/2025:03:40:42 +0000] "PUT /2/199926/AUTH_402e63682d3749049fa8edf9e07dfd6e/gnocchi.affd6b57-36d4-4657-be3e-9ce75e6f3c4f/1764720000.0_mean_300.0_v3" 201 - "PUT https://[::1]:8080/v1/AUTH_402e63682d3749049fa8edf9e07dfd6e/gnocchi.affd6b57-36d4-4657-be3e-9ce75e6f3c4f/1764720000.0_mean_300.0_v3" "tx1eb6419d6e474c61a8a72-00693b8eba" "proxy-server 97888" 0.0100 "-" 96958 0
Dec 11 22:40:42 np0005556243.novalocal proxy-server[97888]: ::1 ::1 12/Dec/2025/03/40/42 PUT /v1/AUTH_402e63682d3749049fa8edf9e07dfd6e/gnocchi.affd6b57-36d4-4657-be3e-9ce75e6f3c4f/1764720000.0_mean_300.0_v3 HTTP/1.0 201 - python-swiftclient-4.8.0 gAAAAABpO450Q4QS... 18 - - tx1eb6419d6e474c61a8a72-00693b8eba - 0.0190 - - 1765510842.474036694 1765510842.493070364 0 89ff87eb6954479d969b489941791c9f
Dec 11 22:40:42 np0005556243.novalocal container-server[96624]: ::1 - - [12/Dec/2025:03:40:42 +0000] "PUT /1/233561/AUTH_402e63682d3749049fa8edf9e07dfd6e/gnocchi.0cfb6d23-5286-473d-8060-0bff0469fbcf/none_v3" 201 - "PUT http://[::1]:8080/2/6230/AUTH_402e63682d3749049fa8edf9e07dfd6e/gnocchi.0cfb6d23-5286-473d-8060-0bff0469fbcf/none_v3" "txe31894cc474f4d2894497-00693b8eba" "object-server 96957" 0.0003 "-" 96624 0
Dec 11 22:40:42 np0005556243.novalocal object-server[96957]: ::1 - - [12/Dec/2025:03:40:42 +0000] "PUT /2/6230/AUTH_402e63682d3749049fa8edf9e07dfd6e/gnocchi.0cfb6d23-5286-473d-8060-0bff0469fbcf/none_v3" 201 - "PUT https://[::1]:8080/v1/AUTH_402e63682d3749049fa8edf9e07dfd6e/gnocchi.0cfb6d23-5286-473d-8060-0bff0469fbcf/none_v3" "txe31894cc474f4d2894497-00693b8eba" "proxy-server 97888" 0.0097 "-" 96957 0
Dec 11 22:40:42 np0005556243.novalocal container-server[96625]: ::1 - - [12/Dec/2025:03:40:42 +0000] "PUT /3/233561/AUTH_402e63682d3749049fa8edf9e07dfd6e/gnocchi.0cfb6d23-5286-473d-8060-0bff0469fbcf/none_v3" 201 - "PUT http://[::1]:8080/3/6230/AUTH_402e63682d3749049fa8edf9e07dfd6e/gnocchi.0cfb6d23-5286-473d-8060-0bff0469fbcf/none_v3" "txe31894cc474f4d2894497-00693b8eba" "object-server 96958" 0.0006 "-" 96625 0
Dec 11 22:40:42 np0005556243.novalocal object-server[96958]: ::1 - - [12/Dec/2025:03:40:42 +0000] "PUT /3/6230/AUTH_402e63682d3749049fa8edf9e07dfd6e/gnocchi.0cfb6d23-5286-473d-8060-0bff0469fbcf/none_v3" 201 - "PUT https://[::1]:8080/v1/AUTH_402e63682d3749049fa8edf9e07dfd6e/gnocchi.0cfb6d23-5286-473d-8060-0bff0469fbcf/none_v3" "txe31894cc474f4d2894497-00693b8eba" "proxy-server 97888" 0.0100 "-" 96958 0
Dec 11 22:40:42 np0005556243.novalocal container-server[96624]: ::1 - - [12/Dec/2025:03:40:42 +0000] "PUT /2/233561/AUTH_402e63682d3749049fa8edf9e07dfd6e/gnocchi.0cfb6d23-5286-473d-8060-0bff0469fbcf/none_v3" 201 - "PUT http://[::1]:8080/1/6230/AUTH_402e63682d3749049fa8edf9e07dfd6e/gnocchi.0cfb6d23-5286-473d-8060-0bff0469fbcf/none_v3" "txe31894cc474f4d2894497-00693b8eba" "object-server 96958" 0.0005 "-" 96624 0
Dec 11 22:40:42 np0005556243.novalocal object-server[96958]: ::1 - - [12/Dec/2025:03:40:42 +0000] "PUT /1/6230/AUTH_402e63682d3749049fa8edf9e07dfd6e/gnocchi.0cfb6d23-5286-473d-8060-0bff0469fbcf/none_v3" 201 - "PUT https://[::1]:8080/v1/AUTH_402e63682d3749049fa8edf9e07dfd6e/gnocchi.0cfb6d23-5286-473d-8060-0bff0469fbcf/none_v3" "txe31894cc474f4d2894497-00693b8eba" "proxy-server 97888" 0.0125 "-" 96958 0
Dec 11 22:40:42 np0005556243.novalocal proxy-server[97888]: ::1 ::1 12/Dec/2025/03/40/42 PUT /v1/AUTH_402e63682d3749049fa8edf9e07dfd6e/gnocchi.0cfb6d23-5286-473d-8060-0bff0469fbcf/none_v3 HTTP/1.0 201 - python-swiftclient-4.8.0 gAAAAABpO450Q4QS... 44 - - txe31894cc474f4d2894497-00693b8eba - 0.0187 - - 1765510842.495364666 1765510842.514108181 0 89ff87eb6954479d969b489941791c9f
Dec 11 22:40:42 np0005556243.novalocal container-server[96625]: ::1 - - [12/Dec/2025:03:40:42 +0000] "PUT /1/175641/AUTH_402e63682d3749049fa8edf9e07dfd6e/gnocchi.affd6b57-36d4-4657-be3e-9ce75e6f3c4f/none_v3" 201 - "PUT http://[::1]:8080/2/83132/AUTH_402e63682d3749049fa8edf9e07dfd6e/gnocchi.affd6b57-36d4-4657-be3e-9ce75e6f3c4f/none_v3" "tx8ed2e5894d754f5c95b41-00693b8eba" "object-server 96958" 0.0004 "-" 96625 0
Dec 11 22:40:42 np0005556243.novalocal object-server[96958]: ::1 - - [12/Dec/2025:03:40:42 +0000] "PUT /2/83132/AUTH_402e63682d3749049fa8edf9e07dfd6e/gnocchi.affd6b57-36d4-4657-be3e-9ce75e6f3c4f/none_v3" 201 - "PUT https://[::1]:8080/v1/AUTH_402e63682d3749049fa8edf9e07dfd6e/gnocchi.affd6b57-36d4-4657-be3e-9ce75e6f3c4f/none_v3" "tx8ed2e5894d754f5c95b41-00693b8eba" "proxy-server 97888" 0.0114 "-" 96958 0
Dec 11 22:40:42 np0005556243.novalocal container-server[96625]: ::1 - - [12/Dec/2025:03:40:42 +0000] "PUT /2/175641/AUTH_402e63682d3749049fa8edf9e07dfd6e/gnocchi.affd6b57-36d4-4657-be3e-9ce75e6f3c4f/none_v3" 201 - "PUT http://[::1]:8080/3/83132/AUTH_402e63682d3749049fa8edf9e07dfd6e/gnocchi.affd6b57-36d4-4657-be3e-9ce75e6f3c4f/none_v3" "tx8ed2e5894d754f5c95b41-00693b8eba" "object-server 96957" 0.0004 "-" 96625 0
Dec 11 22:40:42 np0005556243.novalocal container-server[96625]: ::1 - - [12/Dec/2025:03:40:42 +0000] "PUT /3/175641/AUTH_402e63682d3749049fa8edf9e07dfd6e/gnocchi.affd6b57-36d4-4657-be3e-9ce75e6f3c4f/none_v3" 201 - "PUT http://[::1]:8080/1/83132/AUTH_402e63682d3749049fa8edf9e07dfd6e/gnocchi.affd6b57-36d4-4657-be3e-9ce75e6f3c4f/none_v3" "tx8ed2e5894d754f5c95b41-00693b8eba" "object-server 96957" 0.0003 "-" 96625 0
Dec 11 22:40:42 np0005556243.novalocal object-server[96957]: ::1 - - [12/Dec/2025:03:40:42 +0000] "PUT /3/83132/AUTH_402e63682d3749049fa8edf9e07dfd6e/gnocchi.affd6b57-36d4-4657-be3e-9ce75e6f3c4f/none_v3" 201 - "PUT https://[::1]:8080/v1/AUTH_402e63682d3749049fa8edf9e07dfd6e/gnocchi.affd6b57-36d4-4657-be3e-9ce75e6f3c4f/none_v3" "tx8ed2e5894d754f5c95b41-00693b8eba" "proxy-server 97888" 0.0142 "-" 96957 0
Dec 11 22:40:42 np0005556243.novalocal object-server[96957]: ::1 - - [12/Dec/2025:03:40:42 +0000] "PUT /1/83132/AUTH_402e63682d3749049fa8edf9e07dfd6e/gnocchi.affd6b57-36d4-4657-be3e-9ce75e6f3c4f/none_v3" 201 - "PUT https://[::1]:8080/v1/AUTH_402e63682d3749049fa8edf9e07dfd6e/gnocchi.affd6b57-36d4-4657-be3e-9ce75e6f3c4f/none_v3" "tx8ed2e5894d754f5c95b41-00693b8eba" "proxy-server 97888" 0.0133 "-" 96957 0
Dec 11 22:40:42 np0005556243.novalocal proxy-server[97888]: ::1 ::1 12/Dec/2025/03/40/42 PUT /v1/AUTH_402e63682d3749049fa8edf9e07dfd6e/gnocchi.affd6b57-36d4-4657-be3e-9ce75e6f3c4f/none_v3 HTTP/1.0 201 - python-swiftclient-4.8.0 gAAAAABpO450Q4QS... 37 - - tx8ed2e5894d754f5c95b41-00693b8eba - 0.0218 - - 1765510842.516063452 1765510842.537877083 0 89ff87eb6954479d969b489941791c9f
Dec 11 22:40:42 np0005556243.novalocal dnsmasq[104604]: exiting on receipt of SIGTERM
Dec 11 22:40:42 np0005556243.novalocal kernel: tapcd76f4a7-ad: left promiscuous mode
Dec 11 22:40:42 np0005556243.novalocal kernel: qvb43f1feb8-79: left allmulticast mode
Dec 11 22:40:42 np0005556243.novalocal kernel: qvb43f1feb8-79: left promiscuous mode
Dec 11 22:40:42 np0005556243.novalocal kernel: qbr43f1feb8-79: port 1(qvb43f1feb8-79) entered disabled state
Dec 11 22:40:42 np0005556243.novalocal NetworkManager[859]: [1765510842.8179] device (qbr43f1feb8-79): bridge port qvb43f1feb8-79 was detached
Dec 11 22:40:42 np0005556243.novalocal NetworkManager[859]: [1765510842.8188] device (qbr43f1feb8-79): state change: activated -> unmanaged (reason 'unmanaged', managed-type: 'removed')
Dec 11 22:40:42 np0005556243.novalocal kernel: qvo43f1feb8-79: left promiscuous mode
Dec 11 22:40:43 np0005556243.novalocal systemd[1]: run-netns-qdhcp\x2d4a94000d\x2dde3a\x2d407d\x2d8de2\x2da2915566a91b.mount: Deactivated successfully.
Dec 11 22:40:43 np0005556243.novalocal account-server[96332]: ::1 - - [12/Dec/2025:03:40:43 +0000] "HEAD /1/249817/.misplaced_objects" 404 - "HEAD http://localhost/v1/.misplaced_objects?format=json" "tx2d2ac147dcf544d4ab813-00693b8ebb" "Swift Container Reconciler" 0.0005 "-" 96332 -
Dec 11 22:40:43 np0005556243.novalocal account-server[96331]: ::1 - - [12/Dec/2025:03:40:43 +0000] "HEAD /2/249817/.misplaced_objects" 404 - "HEAD http://localhost/v1/.misplaced_objects?format=json" "tx2d2ac147dcf544d4ab813-00693b8ebb" "Swift Container Reconciler" 0.0004 "-" 96331 -
Dec 11 22:40:43 np0005556243.novalocal account-server[96332]: ::1 - - [12/Dec/2025:03:40:43 +0000] "HEAD /3/249817/.misplaced_objects" 404 - "HEAD http://localhost/v1/.misplaced_objects?format=json" "tx2d2ac147dcf544d4ab813-00693b8ebb" "Swift Container Reconciler" 0.0004 "-" 96332 -
Dec 11 22:40:43 np0005556243.novalocal container-reconciler-ic[92363]: - - 12/Dec/2025/03/40/43 HEAD /v1/.misplaced_objects%3Fformat%3Djson HTTP/1.0 404 - Swift - - - - tx2d2ac147dcf544d4ab813-00693b8ebb - 0.0124 GET_ACCOUNT_INFO - 1765510843.511419296 1765510843.523785591 - -
Dec 11 22:40:43 np0005556243.novalocal container-server[96625]: ::1 - - [12/Dec/2025:03:40:43 +0000] "GET /3/26681/.misplaced_objects/1765508400" 404 - "GET http://localhost/v1/.misplaced_objects/1765508400?format=json&marker=&end_marker=&prefix=&states=listing" "tx2d2ac147dcf544d4ab813-00693b8ebb" "Swift Container Reconciler" 0.0005 "-" 96625 0
Dec 11 22:40:43 np0005556243.novalocal container-server[96625]: ::1 - - [12/Dec/2025:03:40:43 +0000] "GET /1/26681/.misplaced_objects/1765508400" 404 - "GET http://localhost/v1/.misplaced_objects/1765508400?format=json&marker=&end_marker=&prefix=&states=listing" "tx2d2ac147dcf544d4ab813-00693b8ebb" "Swift Container Reconciler" 0.0005 "-" 96625 0
Dec 11 22:40:43 np0005556243.novalocal container-server[96624]: ::1 - - [12/Dec/2025:03:40:43 +0000] "GET /2/26681/.misplaced_objects/1765508400" 404 - "GET http://localhost/v1/.misplaced_objects/1765508400?format=json&marker=&end_marker=&prefix=&states=listing" "tx2d2ac147dcf544d4ab813-00693b8ebb" "Swift Container Reconciler" 0.0006 "-" 96624 0
Dec 11 22:40:43 np0005556243.novalocal container-reconciler-ic[92363]: - - 12/Dec/2025/03/40/43 GET /v1/.misplaced_objects/1765508400%3Fformat%3Djson%26marker%3D%26end_marker%3D%26prefix%3D%26states%3Dlisting HTTP/1.0 404 - Swift%20Container%20Reconciler - - 70 - tx2d2ac147dcf544d4ab813-00693b8ebb - 0.0273 - - 1765510843.510087013 1765510843.537405252 0 -
Dec 11 22:40:43 np0005556243.novalocal account-server[96332]: ::1 - - [12/Dec/2025:03:40:43 +0000] "GET /3/249817/.misplaced_objects" 404 - "GET http://localhost/v1/.misplaced_objects?format=json&marker=&end_marker=&prefix=" "txf4d9959f30af46788124f-00693b8ebb" "Swift Container Reconciler" 0.0004 "-" 96332 -
Dec 11 22:40:43 np0005556243.novalocal account-server[96332]: ::1 - - [12/Dec/2025:03:40:43 +0000] "GET /1/249817/.misplaced_objects" 404 - "GET http://localhost/v1/.misplaced_objects?format=json&marker=&end_marker=&prefix=" "txf4d9959f30af46788124f-00693b8ebb" "Swift Container Reconciler" 0.0005 "-" 96332 -
Dec 11 22:40:43 np0005556243.novalocal account-server[96332]: ::1 - - [12/Dec/2025:03:40:43 +0000] "GET /2/249817/.misplaced_objects" 404 - "GET http://localhost/v1/.misplaced_objects?format=json&marker=&end_marker=&prefix=" "txf4d9959f30af46788124f-00693b8ebb" "Swift Container Reconciler" 0.0004 "-" 96332 -
