Dec 11 22:40:32 np0005556243.novalocal object-server[96957]: ::1 - - [12/Dec/2025:03:40:32 +0000] "PUT /3/40812/AUTH_402e63682d3749049fa8edf9e07dfd6e/gnocchi.ab02a225-1907-4ad1-98e1-74e6b8270913/none_v3" 201 - "PUT https://[::1]:8080/v1/AUTH_402e63682d3749049fa8edf9e07dfd6e/gnocchi.ab02a225-1907-4ad1-98e1-74e6b8270913/none_v3" "tx331904a6c9494e5fb7b9b-00693b8eb0" "proxy-server 97888" 0.0171 "-" 96957 0
Dec 11 22:40:32 np0005556243.novalocal object-server[96958]: ::1 - - [12/Dec/2025:03:40:32 +0000] "PUT /2/40812/AUTH_402e63682d3749049fa8edf9e07dfd6e/gnocchi.ab02a225-1907-4ad1-98e1-74e6b8270913/none_v3" 201 - "PUT https://[::1]:8080/v1/AUTH_402e63682d3749049fa8edf9e07dfd6e/gnocchi.ab02a225-1907-4ad1-98e1-74e6b8270913/none_v3" "tx331904a6c9494e5fb7b9b-00693b8eb0" "proxy-server 97888" 0.0156 "-" 96958 0
Dec 11 22:40:32 np0005556243.novalocal container-server[96625]: ::1 - - [12/Dec/2025:03:40:32 +0000] "PUT /3/104017/AUTH_402e63682d3749049fa8edf9e07dfd6e/gnocchi.ab02a225-1907-4ad1-98e1-74e6b8270913/none_v3" 201 - "PUT http://[::1]:8080/1/40812/AUTH_402e63682d3749049fa8edf9e07dfd6e/gnocchi.ab02a225-1907-4ad1-98e1-74e6b8270913/none_v3" "tx331904a6c9494e5fb7b9b-00693b8eb0" "object-server 96957" 0.0003 "-" 96625 0
Dec 11 22:40:32 np0005556243.novalocal object-server[96957]: ::1 - - [12/Dec/2025:03:40:32 +0000] "PUT /1/40812/AUTH_402e63682d3749049fa8edf9e07dfd6e/gnocchi.ab02a225-1907-4ad1-98e1-74e6b8270913/none_v3" 201 - "PUT https://[::1]:8080/v1/AUTH_402e63682d3749049fa8edf9e07dfd6e/gnocchi.ab02a225-1907-4ad1-98e1-74e6b8270913/none_v3" "tx331904a6c9494e5fb7b9b-00693b8eb0" "proxy-server 97888" 0.0206 "-" 96957 0
Dec 11 22:40:32 np0005556243.novalocal proxy-server[97888]: ::1 ::1 12/Dec/2025/03/40/32 PUT /v1/AUTH_402e63682d3749049fa8edf9e07dfd6e/gnocchi.ab02a225-1907-4ad1-98e1-74e6b8270913/none_v3 HTTP/1.0 201 - python-swiftclient-4.8.0 gAAAAABpO450Q4QS... 32 - - tx331904a6c9494e5fb7b9b-00693b8eb0 - 0.0319 - - 1765510832.098010063 1765510832.129952192 0 89ff87eb6954479d969b489941791c9f
Dec 11 22:40:32 np0005556243.novalocal object-server[96958]: ::1 - - [12/Dec/2025:03:40:32 +0000] "GET /2/9626/AUTH_402e63682d3749049fa8edf9e07dfd6e/gnocchi.8eb777a9-f6e6-4f01-a489-0edd5e5ee9ac/none_v3" 200 22 "GET https://[::1]:8080/v1/AUTH_402e63682d3749049fa8edf9e07dfd6e/gnocchi.8eb777a9-f6e6-4f01-a489-0edd5e5ee9ac/none_v3" "txc9c427dcad274992a2e83-00693b8eb0" "proxy-server 97888" 0.0009 "-" 96958 0
Dec 11 22:40:32 np0005556243.novalocal proxy-server[97888]: ::1 ::1 12/Dec/2025/03/40/32 GET /v1/AUTH_402e63682d3749049fa8edf9e07dfd6e/gnocchi.8eb777a9-f6e6-4f01-a489-0edd5e5ee9ac/none_v3 HTTP/1.0 200 - python-swiftclient-4.8.0 gAAAAABpO450Q4QS... - 22 - txc9c427dcad274992a2e83-00693b8eb0 - 0.0086 - - 1765510832.170855284 1765510832.179470062 0 89ff87eb6954479d969b489941791c9f
Dec 11 22:40:32 np0005556243.novalocal container-server[96625]: ::1 - - [12/Dec/2025:03:40:32 +0000] "GET /3/132759/AUTH_402e63682d3749049fa8edf9e07dfd6e/gnocchi.8eb777a9-f6e6-4f01-a489-0edd5e5ee9ac" 200 357 "GET https://[::1]:8080/v1/AUTH_402e63682d3749049fa8edf9e07dfd6e/gnocchi.8eb777a9-f6e6-4f01-a489-0edd5e5ee9ac?format=json&states=listing" "tx59eec07c5b564b1dadbfa-00693b8eb0" "proxy-server 97888" 0.0061 "-" 96625 0
Dec 11 22:40:32 np0005556243.novalocal proxy-server[97888]: ::1 ::1 12/Dec/2025/03/40/32 GET /v1/AUTH_402e63682d3749049fa8edf9e07dfd6e/gnocchi.8eb777a9-f6e6-4f01-a489-0edd5e5ee9ac%3Fformat%3Djson%26states%3Dlisting HTTP/1.0 200 - python-swiftclient-4.8.0 gAAAAABpO450Q4QS... - 357 - tx59eec07c5b564b1dadbfa-00693b8eb0 - 0.0135 - - 1765510832.182684422 1765510832.196186066 0 89ff87eb6954479d969b489941791c9f
Dec 11 22:40:32 np0005556243.novalocal container-server[96624]: ::1 - - [12/Dec/2025:03:40:32 +0000] "GET /3/132759/AUTH_402e63682d3749049fa8edf9e07dfd6e/gnocchi.8eb777a9-f6e6-4f01-a489-0edd5e5ee9ac" 200 2 "GET https://[::1]:8080/v1/AUTH_402e63682d3749049fa8edf9e07dfd6e/gnocchi.8eb777a9-f6e6-4f01-a489-0edd5e5ee9ac?format=json&marker=none_v3&states=listing" "tx0c3fe29b5e794d73ab76c-00693b8eb0" "proxy-server 97888" 0.0030 "-" 96624 0
Dec 11 22:40:32 np0005556243.novalocal proxy-server[97888]: ::1 ::1 12/Dec/2025/03/40/32 GET /v1/AUTH_402e63682d3749049fa8edf9e07dfd6e/gnocchi.8eb777a9-f6e6-4f01-a489-0edd5e5ee9ac%3Fformat%3Djson%26marker%3Dnone_v3%26states%3Dlisting HTTP/1.0 200 - python-swiftclient-4.8.0 gAAAAABpO450Q4QS... - 2 - tx0c3fe29b5e794d73ab76c-00693b8eb0 - 0.0112 - - 1765510832.199429274 1765510832.210668325 0 89ff87eb6954479d969b489941791c9f
Dec 11 22:40:32 np0005556243.novalocal object-server[96958]: ::1 - - [12/Dec/2025:03:40:32 +0000] "GET /3/4195/AUTH_402e63682d3749049fa8edf9e07dfd6e/gnocchi.8eb777a9-f6e6-4f01-a489-0edd5e5ee9ac/1764720000.0_mean_300.0_v3" 200 16 "GET https://[::1]:8080/v1/AUTH_402e63682d3749049fa8edf9e07dfd6e/gnocchi.8eb777a9-f6e6-4f01-a489-0edd5e5ee9ac/1764720000.0_mean_300.0_v3" "tx098afda335834b9cb68e0-00693b8eb0" "proxy-server 97888" 0.0010 "-" 96958 0
Dec 11 22:40:32 np0005556243.novalocal proxy-server[97888]: ::1 ::1 12/Dec/2025/03/40/32 GET /v1/AUTH_402e63682d3749049fa8edf9e07dfd6e/gnocchi.8eb777a9-f6e6-4f01-a489-0edd5e5ee9ac/1764720000.0_mean_300.0_v3 HTTP/1.0 200 - python-swiftclient-4.8.0 gAAAAABpO450Q4QS... - 16 - tx098afda335834b9cb68e0-00693b8eb0 - 0.0070 - - 1765510832.213609934 1765510832.220581532 0 89ff87eb6954479d969b489941791c9f
Dec 11 22:40:32 np0005556243.novalocal container-server[96625]: ::1 - - [12/Dec/2025:03:40:32 +0000] "PUT /2/132759/AUTH_402e63682d3749049fa8edf9e07dfd6e/gnocchi.8eb777a9-f6e6-4f01-a489-0edd5e5ee9ac/1764720000.0_mean_300.0_v3" 201 - "PUT http://[::1]:8080/1/4195/AUTH_402e63682d3749049fa8edf9e07dfd6e/gnocchi.8eb777a9-f6e6-4f01-a489-0edd5e5ee9ac/1764720000.0_mean_300.0_v3" "tx34450275168e48efbfe4e-00693b8eb0" "object-server 96957" 0.0005 "-" 96625 0
Dec 11 22:40:32 np0005556243.novalocal container-server[96625]: ::1 - - [12/Dec/2025:03:40:32 +0000] "PUT /1/132759/AUTH_402e63682d3749049fa8edf9e07dfd6e/gnocchi.8eb777a9-f6e6-4f01-a489-0edd5e5ee9ac/1764720000.0_mean_300.0_v3" 201 - "PUT http://[::1]:8080/2/4195/AUTH_402e63682d3749049fa8edf9e07dfd6e/gnocchi.8eb777a9-f6e6-4f01-a489-0edd5e5ee9ac/1764720000.0_mean_300.0_v3" "tx34450275168e48efbfe4e-00693b8eb0" "object-server 96957" 0.0003 "-" 96625 0
Dec 11 22:40:32 np0005556243.novalocal object-server[96957]: ::1 - - [12/Dec/2025:03:40:32 +0000] "PUT /1/4195/AUTH_402e63682d3749049fa8edf9e07dfd6e/gnocchi.8eb777a9-f6e6-4f01-a489-0edd5e5ee9ac/1764720000.0_mean_300.0_v3" 201 - "PUT https://[::1]:8080/v1/AUTH_402e63682d3749049fa8edf9e07dfd6e/gnocchi.8eb777a9-f6e6-4f01-a489-0edd5e5ee9ac/1764720000.0_mean_300.0_v3" "tx34450275168e48efbfe4e-00693b8eb0" "proxy-server 97888" 0.0112 "-" 96957 0
Dec 11 22:40:32 np0005556243.novalocal object-server[96957]: ::1 - - [12/Dec/2025:03:40:32 +0000] "PUT /2/4195/AUTH_402e63682d3749049fa8edf9e07dfd6e/gnocchi.8eb777a9-f6e6-4f01-a489-0edd5e5ee9ac/1764720000.0_mean_300.0_v3" 201 - "PUT https://[::1]:8080/v1/AUTH_402e63682d3749049fa8edf9e07dfd6e/gnocchi.8eb777a9-f6e6-4f01-a489-0edd5e5ee9ac/1764720000.0_mean_300.0_v3" "tx34450275168e48efbfe4e-00693b8eb0" "proxy-server 97888" 0.0107 "-" 96957 0
Dec 11 22:40:32 np0005556243.novalocal container-server[96624]: ::1 - - [12/Dec/2025:03:40:32 +0000] "PUT /3/132759/AUTH_402e63682d3749049fa8edf9e07dfd6e/gnocchi.8eb777a9-f6e6-4f01-a489-0edd5e5ee9ac/1764720000.0_mean_300.0_v3" 201 - "PUT http://[::1]:8080/3/4195/AUTH_402e63682d3749049fa8edf9e07dfd6e/gnocchi.8eb777a9-f6e6-4f01-a489-0edd5e5ee9ac/1764720000.0_mean_300.0_v3" "tx34450275168e48efbfe4e-00693b8eb0" "object-server 96957" 0.0009 "-" 96624 0
Dec 11 22:40:32 np0005556243.novalocal object-server[96957]: ::1 - - [12/Dec/2025:03:40:32 +0000] "PUT /3/4195/AUTH_402e63682d3749049fa8edf9e07dfd6e/gnocchi.8eb777a9-f6e6-4f01-a489-0edd5e5ee9ac/1764720000.0_mean_300.0_v3" 201 - "PUT https://[::1]:8080/v1/AUTH_402e63682d3749049fa8edf9e07dfd6e/gnocchi.8eb777a9-f6e6-4f01-a489-0edd5e5ee9ac/1764720000.0_mean_300.0_v3" "tx34450275168e48efbfe4e-00693b8eb0" "proxy-server 97888" 0.0168 "-" 96957 0
Dec 11 22:40:32 np0005556243.novalocal proxy-server[97888]: ::1 ::1 12/Dec/2025/03/40/32 PUT /v1/AUTH_402e63682d3749049fa8edf9e07dfd6e/gnocchi.8eb777a9-f6e6-4f01-a489-0edd5e5ee9ac/1764720000.0_mean_300.0_v3 HTTP/1.0 201 - python-swiftclient-4.8.0 gAAAAABpO450Q4QS... 16 - - tx34450275168e48efbfe4e-00693b8eb0 - 0.0251 - - 1765510832.222648621 1765510832.247755766 0 89ff87eb6954479d969b489941791c9f
Dec 11 22:40:32 np0005556243.novalocal container-server[96625]: ::1 - - [12/Dec/2025:03:40:32 +0000] "PUT /2/132759/AUTH_402e63682d3749049fa8edf9e07dfd6e/gnocchi.8eb777a9-f6e6-4f01-a489-0edd5e5ee9ac/none_v3" 201 - "PUT http://[::1]:8080/2/9626/AUTH_402e63682d3749049fa8edf9e07dfd6e/gnocchi.8eb777a9-f6e6-4f01-a489-0edd5e5ee9ac/none_v3" "tx8daf91c934184b6c9c03e-00693b8eb0" "object-server 96957" 0.0005 "-" 96625 0
Dec 11 22:40:32 np0005556243.novalocal container-server[96625]: ::1 - - [12/Dec/2025:03:40:32 +0000] "PUT /3/132759/AUTH_402e63682d3749049fa8edf9e07dfd6e/gnocchi.8eb777a9-f6e6-4f01-a489-0edd5e5ee9ac/none_v3" 201 - "PUT http://[::1]:8080/3/9626/AUTH_402e63682d3749049fa8edf9e07dfd6e/gnocchi.8eb777a9-f6e6-4f01-a489-0edd5e5ee9ac/none_v3" "tx8daf91c934184b6c9c03e-00693b8eb0" "object-server 96958" 0.0003 "-" 96625 0
Dec 11 22:40:32 np0005556243.novalocal object-server[96958]: ::1 - - [12/Dec/2025:03:40:32 +0000] "PUT /3/9626/AUTH_402e63682d3749049fa8edf9e07dfd6e/gnocchi.8eb777a9-f6e6-4f01-a489-0edd5e5ee9ac/none_v3" 201 - "PUT https://[::1]:8080/v1/AUTH_402e63682d3749049fa8edf9e07dfd6e/gnocchi.8eb777a9-f6e6-4f01-a489-0edd5e5ee9ac/none_v3" "tx8daf91c934184b6c9c03e-00693b8eb0" "proxy-server 97888" 0.0118 "-" 96958 0
Dec 11 22:40:32 np0005556243.novalocal object-server[96957]: ::1 - - [12/Dec/2025:03:40:32 +0000] "PUT /2/9626/AUTH_402e63682d3749049fa8edf9e07dfd6e/gnocchi.8eb777a9-f6e6-4f01-a489-0edd5e5ee9ac/none_v3" 201 - "PUT https://[::1]:8080/v1/AUTH_402e63682d3749049fa8edf9e07dfd6e/gnocchi.8eb777a9-f6e6-4f01-a489-0edd5e5ee9ac/none_v3" "tx8daf91c934184b6c9c03e-00693b8eb0" "proxy-server 97888" 0.0140 "-" 96957 0
Dec 11 22:40:32 np0005556243.novalocal container-server[96624]: ::1 - - [12/Dec/2025:03:40:32 +0000] "PUT /1/132759/AUTH_402e63682d3749049fa8edf9e07dfd6e/gnocchi.8eb777a9-f6e6-4f01-a489-0edd5e5ee9ac/none_v3" 201 - "PUT http://[::1]:8080/1/9626/AUTH_402e63682d3749049fa8edf9e07dfd6e/gnocchi.8eb777a9-f6e6-4f01-a489-0edd5e5ee9ac/none_v3" "tx8daf91c934184b6c9c03e-00693b8eb0" "object-server 96958" 0.0014 "-" 96624 0
Dec 11 22:40:32 np0005556243.novalocal object-server[96958]: ::1 - - [12/Dec/2025:03:40:32 +0000] "PUT /1/9626/AUTH_402e63682d3749049fa8edf9e07dfd6e/gnocchi.8eb777a9-f6e6-4f01-a489-0edd5e5ee9ac/none_v3" 201 - "PUT https://[::1]:8080/v1/AUTH_402e63682d3749049fa8edf9e07dfd6e/gnocchi.8eb777a9-f6e6-4f01-a489-0edd5e5ee9ac/none_v3" "tx8daf91c934184b6c9c03e-00693b8eb0" "proxy-server 97888" 0.0169 "-" 96958 0
Dec 11 22:40:32 np0005556243.novalocal proxy-server[97888]: ::1 ::1 12/Dec/2025/03/40/32 PUT /v1/AUTH_402e63682d3749049fa8edf9e07dfd6e/gnocchi.8eb777a9-f6e6-4f01-a489-0edd5e5ee9ac/none_v3 HTTP/1.0 201 - python-swiftclient-4.8.0 gAAAAABpO450Q4QS... 32 - - tx8daf91c934184b6c9c03e-00693b8eb0 - 0.0309 - - 1765510832.251286507 1765510832.282193661 0 89ff87eb6954479d969b489941791c9f
Dec 11 22:40:32 np0005556243.novalocal dnsmasq[103412]: read /var/lib/neutron/dhcp/a0a57ac0-81af-4f8d-90d2-da85b3ed0e72/addn_hosts - 2 addresses
Dec 11 22:40:32 np0005556243.novalocal dnsmasq-dhcp[103412]: read /var/lib/neutron/dhcp/a0a57ac0-81af-4f8d-90d2-da85b3ed0e72/host
Dec 11 22:40:32 np0005556243.novalocal dnsmasq-dhcp[103412]: read /var/lib/neutron/dhcp/a0a57ac0-81af-4f8d-90d2-da85b3ed0e72/opts
Dec 11 22:40:32 np0005556243.novalocal object-server[96958]: ::1 - - [12/Dec/2025:03:40:32 +0000] "GET /3/21215/AUTH_402e63682d3749049fa8edf9e07dfd6e/gnocchi.29a77a18-598d-48b2-ab97-486af3f85d3e/none_v3" 200 22 "GET https://[::1]:8080/v1/AUTH_402e63682d3749049fa8edf9e07dfd6e/gnocchi.29a77a18-598d-48b2-ab97-486af3f85d3e/none_v3" "tx3144dd109336401eb3157-00693b8eb0" "proxy-server 97888" 0.0011 "-" 96958 0
Dec 11 22:40:32 np0005556243.novalocal proxy-server[97888]: ::1 ::1 12/Dec/2025/03/40/32 GET /v1/AUTH_402e63682d3749049fa8edf9e07dfd6e/gnocchi.29a77a18-598d-48b2-ab97-486af3f85d3e/none_v3 HTTP/1.0 200 - python-swiftclient-4.8.0 gAAAAABpO450Q4QS... - 22 - tx3144dd109336401eb3157-00693b8eb0 - 0.0124 - - 1765510832.322703838 1765510832.335089922 0 89ff87eb6954479d969b489941791c9f
Dec 11 22:40:32 np0005556243.novalocal container-server[96624]: ::1 - - [12/Dec/2025:03:40:32 +0000] "GET /1/45743/AUTH_402e63682d3749049fa8edf9e07dfd6e/gnocchi.29a77a18-598d-48b2-ab97-486af3f85d3e" 200 357 "GET https://[::1]:8080/v1/AUTH_402e63682d3749049fa8edf9e07dfd6e/gnocchi.29a77a18-598d-48b2-ab97-486af3f85d3e?format=json&states=listing" "tx5f3370eac31546ea8f5bb-00693b8eb0" "proxy-server 97888" 0.0085 "-" 96624 0
Dec 11 22:40:32 np0005556243.novalocal proxy-server[97888]: ::1 ::1 12/Dec/2025/03/40/32 GET /v1/AUTH_402e63682d3749049fa8edf9e07dfd6e/gnocchi.29a77a18-598d-48b2-ab97-486af3f85d3e%3Fformat%3Djson%26states%3Dlisting HTTP/1.0 200 - python-swiftclient-4.8.0 gAAAAABpO450Q4QS... - 357 - tx5f3370eac31546ea8f5bb-00693b8eb0 - 0.0187 - - 1765510832.340225458 1765510832.358920097 0 89ff87eb6954479d969b489941791c9f
Dec 11 22:40:32 np0005556243.novalocal container-server[96624]: ::1 - - [12/Dec/2025:03:40:32 +0000] "GET /3/45743/AUTH_402e63682d3749049fa8edf9e07dfd6e/gnocchi.29a77a18-598d-48b2-ab97-486af3f85d3e" 200 2 "GET https://[::1]:8080/v1/AUTH_402e63682d3749049fa8edf9e07dfd6e/gnocchi.29a77a18-598d-48b2-ab97-486af3f85d3e?format=json&marker=none_v3&states=listing" "txbd547161bb9f4316a5ba5-00693b8eb0" "proxy-server 97888" 0.0091 "-" 96624 0
Dec 11 22:40:32 np0005556243.novalocal proxy-server[97888]: ::1 ::1 12/Dec/2025/03/40/32 GET /v1/AUTH_402e63682d3749049fa8edf9e07dfd6e/gnocchi.29a77a18-598d-48b2-ab97-486af3f85d3e%3Fformat%3Djson%26marker%3Dnone_v3%26states%3Dlisting HTTP/1.0 200 - python-swiftclient-4.8.0 gAAAAABpO450Q4QS... - 2 - txbd547161bb9f4316a5ba5-00693b8eb0 - 0.0174 - - 1765510832.362776995 1765510832.380190611 0 89ff87eb6954479d969b489941791c9f
Dec 11 22:40:32 np0005556243.novalocal object-server[96957]: ::1 - - [12/Dec/2025:03:40:32 +0000] "GET /2/165124/AUTH_402e63682d3749049fa8edf9e07dfd6e/gnocchi.29a77a18-598d-48b2-ab97-486af3f85d3e/1764720000.0_mean_300.0_v3" 200 23 "GET https://[::1]:8080/v1/AUTH_402e63682d3749049fa8edf9e07dfd6e/gnocchi.29a77a18-598d-48b2-ab97-486af3f85d3e/1764720000.0_mean_300.0_v3" "txb57c509389c44f8b958a8-00693b8eb0" "proxy-server 97888" 0.0007 "-" 96957 0
Dec 11 22:40:32 np0005556243.novalocal proxy-server[97888]: ::1 ::1 12/Dec/2025/03/40/32 GET /v1/AUTH_402e63682d3749049fa8edf9e07dfd6e/gnocchi.29a77a18-598d-48b2-ab97-486af3f85d3e/1764720000.0_mean_300.0_v3 HTTP/1.0 200 - python-swiftclient-4.8.0 gAAAAABpO450Q4QS... - 23 - txb57c509389c44f8b958a8-00693b8eb0 - 0.0057 - - 1765510832.383931160 1765510832.389679193 0 89ff87eb6954479d969b489941791c9f
Dec 11 22:40:32 np0005556243.novalocal container-server[96624]: ::1 - - [12/Dec/2025:03:40:32 +0000] "PUT /1/45743/AUTH_402e63682d3749049fa8edf9e07dfd6e/gnocchi.29a77a18-598d-48b2-ab97-486af3f85d3e/1764720000.0_mean_300.0_v3" 201 - "PUT http://[::1]:8080/2/165124/AUTH_402e63682d3749049fa8edf9e07dfd6e/gnocchi.29a77a18-598d-48b2-ab97-486af3f85d3e/1764720000.0_mean_300.0_v3" "tx6126b420a7874b0289c95-00693b8eb0" "object-server 96958" 0.0007 "-" 96624 0
Dec 11 22:40:32 np0005556243.novalocal container-server[96625]: ::1 - - [12/Dec/2025:03:40:32 +0000] "PUT /3/45743/AUTH_402e63682d3749049fa8edf9e07dfd6e/gnocchi.29a77a18-598d-48b2-ab97-486af3f85d3e/1764720000.0_mean_300.0_v3" 201 - "PUT http://[::1]:8080/3/165124/AUTH_402e63682d3749049fa8edf9e07dfd6e/gnocchi.29a77a18-598d-48b2-ab97-486af3f85d3e/1764720000.0_mean_300.0_v3" "tx6126b420a7874b0289c95-00693b8eb0" "object-server 96958" 0.0011 "-" 96625 0
Dec 11 22:40:32 np0005556243.novalocal object-server[96958]: ::1 - - [12/Dec/2025:03:40:32 +0000] "PUT /2/165124/AUTH_402e63682d3749049fa8edf9e07dfd6e/gnocchi.29a77a18-598d-48b2-ab97-486af3f85d3e/1764720000.0_mean_300.0_v3" 201 - "PUT https://[::1]:8080/v1/AUTH_402e63682d3749049fa8edf9e07dfd6e/gnocchi.29a77a18-598d-48b2-ab97-486af3f85d3e/1764720000.0_mean_300.0_v3" "tx6126b420a7874b0289c95-00693b8eb0" "proxy-server 97888" 0.0192 "-" 96958 0
Dec 11 22:40:32 np0005556243.novalocal container-server[96625]: ::1 - - [12/Dec/2025:03:40:32 +0000] "PUT /2/45743/AUTH_402e63682d3749049fa8edf9e07dfd6e/gnocchi.29a77a18-598d-48b2-ab97-486af3f85d3e/1764720000.0_mean_300.0_v3" 201 - "PUT http://[::1]:8080/1/165124/AUTH_402e63682d3749049fa8edf9e07dfd6e/gnocchi.29a77a18-598d-48b2-ab97-486af3f85d3e/1764720000.0_mean_300.0_v3" "tx6126b420a7874b0289c95-00693b8eb0" "object-server 96958" 0.0003 "-" 96625 0
Dec 11 22:40:32 np0005556243.novalocal object-server[96958]: ::1 - - [12/Dec/2025:03:40:32 +0000] "PUT /3/165124/AUTH_402e63682d3749049fa8edf9e07dfd6e/gnocchi.29a77a18-598d-48b2-ab97-486af3f85d3e/1764720000.0_mean_300.0_v3" 201 - "PUT https://[::1]:8080/v1/AUTH_402e63682d3749049fa8edf9e07dfd6e/gnocchi.29a77a18-598d-48b2-ab97-486af3f85d3e/1764720000.0_mean_300.0_v3" "tx6126b420a7874b0289c95-00693b8eb0" "proxy-server 97888" 0.0149 "-" 96958 0
Dec 11 22:40:32 np0005556243.novalocal object-server[96958]: ::1 - - [12/Dec/2025:03:40:32 +0000] "PUT /1/165124/AUTH_402e63682d3749049fa8edf9e07dfd6e/gnocchi.29a77a18-598d-48b2-ab97-486af3f85d3e/1764720000.0_mean_300.0_v3" 201 - "PUT https://[::1]:8080/v1/AUTH_402e63682d3749049fa8edf9e07dfd6e/gnocchi.29a77a18-598d-48b2-ab97-486af3f85d3e/1764720000.0_mean_300.0_v3" "tx6126b420a7874b0289c95-00693b8eb0" "proxy-server 97888" 0.0190 "-" 96958 0
Dec 11 22:40:32 np0005556243.novalocal proxy-server[97888]: ::1 ::1 12/Dec/2025/03/40/32 PUT /v1/AUTH_402e63682d3749049fa8edf9e07dfd6e/gnocchi.29a77a18-598d-48b2-ab97-486af3f85d3e/1764720000.0_mean_300.0_v3 HTTP/1.0 201 - python-swiftclient-4.8.0 gAAAAABpO450Q4QS... 23 - - tx6126b420a7874b0289c95-00693b8eb0 - 0.0274 - - 1765510832.392668009 1765510832.420023918 0 89ff87eb6954479d969b489941791c9f
Dec 11 22:40:32 np0005556243.novalocal container-server[96624]: ::1 - - [12/Dec/2025:03:40:32 +0000] "PUT /1/45743/AUTH_402e63682d3749049fa8edf9e07dfd6e/gnocchi.29a77a18-598d-48b2-ab97-486af3f85d3e/none_v3" 201 - "PUT http://[::1]:8080/3/21215/AUTH_402e63682d3749049fa8edf9e07dfd6e/gnocchi.29a77a18-598d-48b2-ab97-486af3f85d3e/none_v3" "tx241cd06479a0411aba46d-00693b8eb0" "object-server 96958" 0.0005 "-" 96624 0
Dec 11 22:40:32 np0005556243.novalocal object-server[96958]: ::1 - - [12/Dec/2025:03:40:32 +0000] "PUT /3/21215/AUTH_402e63682d3749049fa8edf9e07dfd6e/gnocchi.29a77a18-598d-48b2-ab97-486af3f85d3e/none_v3" 201 - "PUT https://[::1]:8080/v1/AUTH_402e63682d3749049fa8edf9e07dfd6e/gnocchi.29a77a18-598d-48b2-ab97-486af3f85d3e/none_v3" "tx241cd06479a0411aba46d-00693b8eb0" "proxy-server 97888" 0.0139 "-" 96958 0
Dec 11 22:40:32 np0005556243.novalocal container-server[96625]: ::1 - - [12/Dec/2025:03:40:32 +0000] "PUT /3/45743/AUTH_402e63682d3749049fa8edf9e07dfd6e/gnocchi.29a77a18-598d-48b2-ab97-486af3f85d3e/none_v3" 201 - "PUT http://[::1]:8080/2/21215/AUTH_402e63682d3749049fa8edf9e07dfd6e/gnocchi.29a77a18-598d-48b2-ab97-486af3f85d3e/none_v3" "tx241cd06479a0411aba46d-00693b8eb0" "object-server 96958" 0.0005 "-" 96625 0
Dec 11 22:40:32 np0005556243.novalocal object-server[96958]: ::1 - - [12/Dec/2025:03:40:32 +0000] "PUT /2/21215/AUTH_402e63682d3749049fa8edf9e07dfd6e/gnocchi.29a77a18-598d-48b2-ab97-486af3f85d3e/none_v3" 201 - "PUT https://[::1]:8080/v1/AUTH_402e63682d3749049fa8edf9e07dfd6e/gnocchi.29a77a18-598d-48b2-ab97-486af3f85d3e/none_v3" "tx241cd06479a0411aba46d-00693b8eb0" "proxy-server 97888" 0.0146 "-" 96958 0
Dec 11 22:40:32 np0005556243.novalocal container-server[96625]: ::1 - - [12/Dec/2025:03:40:32 +0000] "PUT /2/45743/AUTH_402e63682d3749049fa8edf9e07dfd6e/gnocchi.29a77a18-598d-48b2-ab97-486af3f85d3e/none_v3" 201 - "PUT http://[::1]:8080/1/21215/AUTH_402e63682d3749049fa8edf9e07dfd6e/gnocchi.29a77a18-598d-48b2-ab97-486af3f85d3e/none_v3" "tx241cd06479a0411aba46d-00693b8eb0" "object-server 96958" 0.0004 "-" 96625 0
Dec 11 22:40:32 np0005556243.novalocal object-server[96958]: ::1 - - [12/Dec/2025:03:40:32 +0000] "PUT /1/21215/AUTH_402e63682d3749049fa8edf9e07dfd6e/gnocchi.29a77a18-598d-48b2-ab97-486af3f85d3e/none_v3" 201 - "PUT https://[::1]:8080/v1/AUTH_402e63682d3749049fa8edf9e07dfd6e/gnocchi.29a77a18-598d-48b2-ab97-486af3f85d3e/none_v3" "tx241cd06479a0411aba46d-00693b8eb0" "proxy-server 97888" 0.0144 "-" 96958 0
Dec 11 22:40:32 np0005556243.novalocal proxy-server[97888]: ::1 ::1 12/Dec/2025/03/40/32 PUT /v1/AUTH_402e63682d3749049fa8edf9e07dfd6e/gnocchi.29a77a18-598d-48b2-ab97-486af3f85d3e/none_v3 HTTP/1.0 201 - python-swiftclient-4.8.0 gAAAAABpO450Q4QS... 32 - - tx241cd06479a0411aba46d-00693b8eb0 - 0.0253 - - 1765510832.423068047 1765510832.448380947 0 89ff87eb6954479d969b489941791c9f
Dec 11 22:40:32 np0005556243.novalocal object-server[96958]: ::1 - - [12/Dec/2025:03:40:32 +0000] "GET /1/187603/AUTH_402e63682d3749049fa8edf9e07dfd6e/gnocchi.3d0fc1cf-20d1-49e2-9982-a9f8e8055c41/none_v3" 200 22 "GET https://[::1]:8080/v1/AUTH_402e63682d3749049fa8edf9e07dfd6e/gnocchi.3d0fc1cf-20d1-49e2-9982-a9f8e8055c41/none_v3" "txf93a1757b7ea440d96694-00693b8eb0" "proxy-server 97888" 0.0010 "-" 96958 0
Dec 11 22:40:32 np0005556243.novalocal proxy-server[97888]: ::1 ::1 12/Dec/2025/03/40/32 GET /v1/AUTH_402e63682d3749049fa8edf9e07dfd6e/gnocchi.3d0fc1cf-20d1-49e2-9982-a9f8e8055c41/none_v3 HTTP/1.0 200 - python-swiftclient-4.8.0 gAAAAABpO450Q4QS... - 22 - txf93a1757b7ea440d96694-00693b8eb0 - 0.0111 - - 1765510832.470874310 1765510832.481971979 0 89ff87eb6954479d969b489941791c9f
Dec 11 22:40:32 np0005556243.novalocal container-server[96624]: ::1 - - [12/Dec/2025:03:40:32 +0000] "GET /1/179942/AUTH_402e63682d3749049fa8edf9e07dfd6e/gnocchi.3d0fc1cf-20d1-49e2-9982-a9f8e8055c41" 200 357 "GET https://[::1]:8080/v1/AUTH_402e63682d3749049fa8edf9e07dfd6e/gnocchi.3d0fc1cf-20d1-49e2-9982-a9f8e8055c41?format=json&states=listing" "txeafffdad24094a1a8067f-00693b8eb0" "proxy-server 97888" 0.0091 "-" 96624 0
Dec 11 22:40:32 np0005556243.novalocal proxy-server[97888]: ::1 ::1 12/Dec/2025/03/40/32 GET /v1/AUTH_402e63682d3749049fa8edf9e07dfd6e/gnocchi.3d0fc1cf-20d1-49e2-9982-a9f8e8055c41%3Fformat%3Djson%26states%3Dlisting HTTP/1.0 200 - python-swiftclient-4.8.0 gAAAAABpO450Q4QS... - 357 - txeafffdad24094a1a8067f-00693b8eb0 - 0.0198 - - 1765510832.489368916 1765510832.509188414 0 89ff87eb6954479d969b489941791c9f
Dec 11 22:40:32 np0005556243.novalocal container-server[96625]: ::1 - - [12/Dec/2025:03:40:32 +0000] "GET /3/179942/AUTH_402e63682d3749049fa8edf9e07dfd6e/gnocchi.3d0fc1cf-20d1-49e2-9982-a9f8e8055c41" 200 2 "GET https://[::1]:8080/v1/AUTH_402e63682d3749049fa8edf9e07dfd6e/gnocchi.3d0fc1cf-20d1-49e2-9982-a9f8e8055c41?format=json&marker=none_v3&states=listing" "txa43e4ac0899b44188c191-00693b8eb0" "proxy-server 97888" 0.0090 "-" 96625 0
Dec 11 22:40:32 np0005556243.novalocal proxy-server[97888]: ::1 ::1 12/Dec/2025/03/40/32 GET /v1/AUTH_402e63682d3749049fa8edf9e07dfd6e/gnocchi.3d0fc1cf-20d1-49e2-9982-a9f8e8055c41%3Fformat%3Djson%26marker%3Dnone_v3%26states%3Dlisting HTTP/1.0 200 - python-swiftclient-4.8.0 gAAAAABpO450Q4QS... - 2 - txa43e4ac0899b44188c191-00693b8eb0 - 0.0195 - - 1765510832.513172150 1765510832.532636881 0 89ff87eb6954479d969b489941791c9f
Dec 11 22:40:32 np0005556243.novalocal object-server[96957]: ::1 - - [12/Dec/2025:03:40:32 +0000] "GET /1/124158/AUTH_402e63682d3749049fa8edf9e07dfd6e/gnocchi.3d0fc1cf-20d1-49e2-9982-a9f8e8055c41/1764720000.0_mean_300.0_v3" 200 16 "GET https://[::1]:8080/v1/AUTH_402e63682d3749049fa8edf9e07dfd6e/gnocchi.3d0fc1cf-20d1-49e2-9982-a9f8e8055c41/1764720000.0_mean_300.0_v3" "tx8573a9a39e224aeb8e50a-00693b8eb0" "proxy-server 97888" 0.0008 "-" 96957 0
Dec 11 22:40:32 np0005556243.novalocal proxy-server[97888]: ::1 ::1 12/Dec/2025/03/40/32 GET /v1/AUTH_402e63682d3749049fa8edf9e07dfd6e/gnocchi.3d0fc1cf-20d1-49e2-9982-a9f8e8055c41/1764720000.0_mean_300.0_v3 HTTP/1.0 200 - python-swiftclient-4.8.0 gAAAAABpO450Q4QS... - 16 - tx8573a9a39e224aeb8e50a-00693b8eb0 - 0.0082 - - 1765510832.538077354 1765510832.546252728 0 89ff87eb6954479d969b489941791c9f
Dec 11 22:40:32 np0005556243.novalocal container-server[96625]: ::1 - - [12/Dec/2025:03:40:32 +0000] "PUT /1/179942/AUTH_402e63682d3749049fa8edf9e07dfd6e/gnocchi.3d0fc1cf-20d1-49e2-9982-a9f8e8055c41/1764720000.0_mean_300.0_v3" 201 - "PUT http://[::1]:8080/2/124158/AUTH_402e63682d3749049fa8edf9e07dfd6e/gnocchi.3d0fc1cf-20d1-49e2-9982-a9f8e8055c41/1764720000.0_mean_300.0_v3" "txe52f0ea26fd74c0cb8016-00693b8eb0" "object-server 96957" 0.0008 "-" 96625 0
Dec 11 22:40:32 np0005556243.novalocal object-server[96957]: ::1 - - [12/Dec/2025:03:40:32 +0000] "PUT /2/124158/AUTH_402e63682d3749049fa8edf9e07dfd6e/gnocchi.3d0fc1cf-20d1-49e2-9982-a9f8e8055c41/1764720000.0_mean_300.0_v3" 201 - "PUT https://[::1]:8080/v1/AUTH_402e63682d3749049fa8edf9e07dfd6e/gnocchi.3d0fc1cf-20d1-49e2-9982-a9f8e8055c41/1764720000.0_mean_300.0_v3" "txe52f0ea26fd74c0cb8016-00693b8eb0" "proxy-server 97888" 0.0106 "-" 96957 0
Dec 11 22:40:32 np0005556243.novalocal container-server[96624]: ::1 - - [12/Dec/2025:03:40:32 +0000] "PUT /3/179942/AUTH_402e63682d3749049fa8edf9e07dfd6e/gnocchi.3d0fc1cf-20d1-49e2-9982-a9f8e8055c41/1764720000.0_mean_300.0_v3" 201 - "PUT http://[::1]:8080/1/124158/AUTH_402e63682d3749049fa8edf9e07dfd6e/gnocchi.3d0fc1cf-20d1-49e2-9982-a9f8e8055c41/1764720000.0_mean_300.0_v3" "txe52f0ea26fd74c0cb8016-00693b8eb0" "object-server 96958" 0.0011 "-" 96624 0
Dec 11 22:40:32 np0005556243.novalocal object-server[96958]: ::1 - - [12/Dec/2025:03:40:32 +0000] "PUT /1/124158/AUTH_402e63682d3749049fa8edf9e07dfd6e/gnocchi.3d0fc1cf-20d1-49e2-9982-a9f8e8055c41/1764720000.0_mean_300.0_v3" 201 - "PUT https://[::1]:8080/v1/AUTH_402e63682d3749049fa8edf9e07dfd6e/gnocchi.3d0fc1cf-20d1-49e2-9982-a9f8e8055c41/1764720000.0_mean_300.0_v3" "txe52f0ea26fd74c0cb8016-00693b8eb0" "proxy-server 97888" 0.0153 "-" 96958 0
Dec 11 22:40:32 np0005556243.novalocal container-server[96625]: ::1 - - [12/Dec/2025:03:40:32 +0000] "PUT /2/179942/AUTH_402e63682d3749049fa8edf9e07dfd6e/gnocchi.3d0fc1cf-20d1-49e2-9982-a9f8e8055c41/1764720000.0_mean_300.0_v3" 201 - "PUT http://[::1]:8080/3/124158/AUTH_402e63682d3749049fa8edf9e07dfd6e/gnocchi.3d0fc1cf-20d1-49e2-9982-a9f8e8055c41/1764720000.0_mean_300.0_v3" "txe52f0ea26fd74c0cb8016-00693b8eb0" "object-server 96958" 0.0006 "-" 96625 0
Dec 11 22:40:32 np0005556243.novalocal object-server[96958]: ::1 - - [12/Dec/2025:03:40:32 +0000] "PUT /3/124158/AUTH_402e63682d3749049fa8edf9e07dfd6e/gnocchi.3d0fc1cf-20d1-49e2-9982-a9f8e8055c41/1764720000.0_mean_300.0_v3" 201 - "PUT https://[::1]:8080/v1/AUTH_402e63682d3749049fa8edf9e07dfd6e/gnocchi.3d0fc1cf-20d1-49e2-9982-a9f8e8055c41/1764720000.0_mean_300.0_v3" "txe52f0ea26fd74c0cb8016-00693b8eb0" "proxy-server 97888" 0.0189 "-" 96958 0
Dec 11 22:40:32 np0005556243.novalocal proxy-server[97888]: ::1 ::1 12/Dec/2025/03/40/32 PUT /v1/AUTH_402e63682d3749049fa8edf9e07dfd6e/gnocchi.3d0fc1cf-20d1-49e2-9982-a9f8e8055c41/1764720000.0_mean_300.0_v3 HTTP/1.0 201 - python-swiftclient-4.8.0 gAAAAABpO450Q4QS... 16 - - txe52f0ea26fd74c0cb8016-00693b8eb0 - 0.0294 - - 1765510832.550540209 1765510832.579907179 0 89ff87eb6954479d969b489941791c9f
Dec 11 22:40:32 np0005556243.novalocal container-server[96625]: ::1 - - [12/Dec/2025:03:40:32 +0000] "PUT /2/179942/AUTH_402e63682d3749049fa8edf9e07dfd6e/gnocchi.3d0fc1cf-20d1-49e2-9982-a9f8e8055c41/none_v3" 201 - "PUT http://[::1]:8080/1/187603/AUTH_402e63682d3749049fa8edf9e07dfd6e/gnocchi.3d0fc1cf-20d1-49e2-9982-a9f8e8055c41/none_v3" "tx1033f45692ed447c96f7d-00693b8eb0" "object-server 96958" 0.0010 "-" 96625 0
Dec 11 22:40:32 np0005556243.novalocal container-server[96624]: ::1 - - [12/Dec/2025:03:40:32 +0000] "PUT /3/179942/AUTH_402e63682d3749049fa8edf9e07dfd6e/gnocchi.3d0fc1cf-20d1-49e2-9982-a9f8e8055c41/none_v3" 201 - "PUT http://[::1]:8080/3/187603/AUTH_402e63682d3749049fa8edf9e07dfd6e/gnocchi.3d0fc1cf-20d1-49e2-9982-a9f8e8055c41/none_v3" "tx1033f45692ed447c96f7d-00693b8eb0" "object-server 96957" 0.0006 "-" 96624 0
Dec 11 22:40:32 np0005556243.novalocal object-server[96958]: ::1 - - [12/Dec/2025:03:40:32 +0000] "PUT /1/187603/AUTH_402e63682d3749049fa8edf9e07dfd6e/gnocchi.3d0fc1cf-20d1-49e2-9982-a9f8e8055c41/none_v3" 201 - "PUT https://[::1]:8080/v1/AUTH_402e63682d3749049fa8edf9e07dfd6e/gnocchi.3d0fc1cf-20d1-49e2-9982-a9f8e8055c41/none_v3" "tx1033f45692ed447c96f7d-00693b8eb0" "proxy-server 97888" 0.0127 "-" 96958 0
Dec 11 22:40:32 np0005556243.novalocal object-server[96957]: ::1 - - [12/Dec/2025:03:40:32 +0000] "PUT /3/187603/AUTH_402e63682d3749049fa8edf9e07dfd6e/gnocchi.3d0fc1cf-20d1-49e2-9982-a9f8e8055c41/none_v3" 201 - "PUT https://[::1]:8080/v1/AUTH_402e63682d3749049fa8edf9e07dfd6e/gnocchi.3d0fc1cf-20d1-49e2-9982-a9f8e8055c41/none_v3" "tx1033f45692ed447c96f7d-00693b8eb0" "proxy-server 97888" 0.0123 "-" 96957 0
Dec 11 22:40:32 np0005556243.novalocal container-server[96625]: ::1 - - [12/Dec/2025:03:40:32 +0000] "PUT /1/179942/AUTH_402e63682d3749049fa8edf9e07dfd6e/gnocchi.3d0fc1cf-20d1-49e2-9982-a9f8e8055c41/none_v3" 201 - "PUT http://[::1]:8080/2/187603/AUTH_402e63682d3749049fa8edf9e07dfd6e/gnocchi.3d0fc1cf-20d1-49e2-9982-a9f8e8055c41/none_v3" "tx1033f45692ed447c96f7d-00693b8eb0" "object-server 96957" 0.0006 "-" 96625 0
Dec 11 22:40:32 np0005556243.novalocal object-server[96957]: ::1 - - [12/Dec/2025:03:40:32 +0000] "PUT /2/187603/AUTH_402e63682d3749049fa8edf9e07dfd6e/gnocchi.3d0fc1cf-20d1-49e2-9982-a9f8e8055c41/none_v3" 201 - "PUT https://[::1]:8080/v1/AUTH_402e63682d3749049fa8edf9e07dfd6e/gnocchi.3d0fc1cf-20d1-49e2-9982-a9f8e8055c41/none_v3" "tx1033f45692ed447c96f7d-00693b8eb0" "proxy-server 97888" 0.0149 "-" 96957 0
Dec 11 22:40:32 np0005556243.novalocal proxy-server[97888]: ::1 ::1 12/Dec/2025/03/40/32 PUT /v1/AUTH_402e63682d3749049fa8edf9e07dfd6e/gnocchi.3d0fc1cf-20d1-49e2-9982-a9f8e8055c41/none_v3 HTTP/1.0 201 - python-swiftclient-4.8.0 gAAAAABpO450Q4QS... 27 - - tx1033f45692ed447c96f7d-00693b8eb0 - 0.0256 - - 1765510832.583714962 1765510832.609292507 0 89ff87eb6954479d969b489941791c9f
Dec 11 22:40:32 np0005556243.novalocal object-server[96958]: ::1 - - [12/Dec/2025:03:40:32 +0000] "GET /1/6230/AUTH_402e63682d3749049fa8edf9e07dfd6e/gnocchi.0cfb6d23-5286-473d-8060-0bff0469fbcf/none_v3" 200 22 "GET https://[::1]:8080/v1/AUTH_402e63682d3749049fa8edf9e07dfd6e/gnocchi.0cfb6d23-5286-473d-8060-0bff0469fbcf/none_v3" "tx67f75bcb931c42358749c-00693b8eb0" "proxy-server 97888" 0.0007 "-" 96958 0
Dec 11 22:40:32 np0005556243.novalocal proxy-server[97888]: ::1 ::1 12/Dec/2025/03/40/32 GET /v1/AUTH_402e63682d3749049fa8edf9e07dfd6e/gnocchi.0cfb6d23-5286-473d-8060-0bff0469fbcf/none_v3 HTTP/1.0 200 - python-swiftclient-4.8.0 gAAAAABpO450Q4QS... - 22 - tx67f75bcb931c42358749c-00693b8eb0 - 0.0068 - - 1765510832.635843992 1765510832.642636061 0 89ff87eb6954479d969b489941791c9f
Dec 11 22:40:32 np0005556243.novalocal object-server[96957]: ::1 - - [12/Dec/2025:03:40:32 +0000] "GET /1/83132/AUTH_402e63682d3749049fa8edf9e07dfd6e/gnocchi.affd6b57-36d4-4657-be3e-9ce75e6f3c4f/none_v3" 200 22 "GET https://[::1]:8080/v1/AUTH_402e63682d3749049fa8edf9e07dfd6e/gnocchi.affd6b57-36d4-4657-be3e-9ce75e6f3c4f/none_v3" "tx71ace54e2b464e468d9fb-00693b8eb0" "proxy-server 97888" 0.0007 "-" 96957 0
Dec 11 22:40:32 np0005556243.novalocal proxy-server[97888]: ::1 ::1 12/Dec/2025/03/40/32 GET /v1/AUTH_402e63682d3749049fa8edf9e07dfd6e/gnocchi.affd6b57-36d4-4657-be3e-9ce75e6f3c4f/none_v3 HTTP/1.0 200 - python-swiftclient-4.8.0 gAAAAABpO450Q4QS... - 22 - tx71ace54e2b464e468d9fb-00693b8eb0 - 0.0075 - - 1765510832.645149946 1765510832.652682543 0 89ff87eb6954479d969b489941791c9f
Dec 11 22:40:32 np0005556243.novalocal container-server[96624]: ::1 - - [12/Dec/2025:03:40:32 +0000] "GET /2/233561/AUTH_402e63682d3749049fa8edf9e07dfd6e/gnocchi.0cfb6d23-5286-473d-8060-0bff0469fbcf" 200 357 "GET https://[::1]:8080/v1/AUTH_402e63682d3749049fa8edf9e07dfd6e/gnocchi.0cfb6d23-5286-473d-8060-0bff0469fbcf?format=json&states=listing" "txf783c875750749239b390-00693b8eb0" "proxy-server 97888" 0.0103 "-" 96624 0
Dec 11 22:40:32 np0005556243.novalocal proxy-server[97888]: ::1 ::1 12/Dec/2025/03/40/32 GET /v1/AUTH_402e63682d3749049fa8edf9e07dfd6e/gnocchi.0cfb6d23-5286-473d-8060-0bff0469fbcf%3Fformat%3Djson%26states%3Dlisting HTTP/1.0 200 - python-swiftclient-4.8.0 gAAAAABpO450Q4QS... - 357 - txf783c875750749239b390-00693b8eb0 - 0.0205 - - 1765510832.656289339 1765510832.676832199 0 89ff87eb6954479d969b489941791c9f
Dec 11 22:40:32 np0005556243.novalocal container-server[96625]: ::1 - - [12/Dec/2025:03:40:32 +0000] "GET /2/233561/AUTH_402e63682d3749049fa8edf9e07dfd6e/gnocchi.0cfb6d23-5286-473d-8060-0bff0469fbcf" 200 2 "GET https://[::1]:8080/v1/AUTH_402e63682d3749049fa8edf9e07dfd6e/gnocchi.0cfb6d23-5286-473d-8060-0bff0469fbcf?format=json&marker=none_v3&states=listing" "tx4d41e8fbe6a349fdad7a1-00693b8eb0" "proxy-server 97888" 0.0041 "-" 96625 0
Dec 11 22:40:32 np0005556243.novalocal proxy-server[97888]: ::1 ::1 12/Dec/2025/03/40/32 GET /v1/AUTH_402e63682d3749049fa8edf9e07dfd6e/gnocchi.0cfb6d23-5286-473d-8060-0bff0469fbcf%3Fformat%3Djson%26marker%3Dnone_v3%26states%3Dlisting HTTP/1.0 200 - python-swiftclient-4.8.0 gAAAAABpO450Q4QS... - 2 - tx4d41e8fbe6a349fdad7a1-00693b8eb0 - 0.0143 - - 1765510832.680537701 1765510832.694847584 0 89ff87eb6954479d969b489941791c9f
Dec 11 22:40:32 np0005556243.novalocal container-server[96624]: ::1 - - [12/Dec/2025:03:40:32 +0000] "GET /3/175641/AUTH_402e63682d3749049fa8edf9e07dfd6e/gnocchi.affd6b57-36d4-4657-be3e-9ce75e6f3c4f" 200 357 "GET https://[::1]:8080/v1/AUTH_402e63682d3749049fa8edf9e07dfd6e/gnocchi.affd6b57-36d4-4657-be3e-9ce75e6f3c4f?format=json&states=listing" "tx8193620592fe409ba4860-00693b8eb0" "proxy-server 97888" 0.0096 "-" 96624 0
Dec 11 22:40:32 np0005556243.novalocal proxy-server[97888]: ::1 ::1 12/Dec/2025/03/40/32 GET /v1/AUTH_402e63682d3749049fa8edf9e07dfd6e/gnocchi.affd6b57-36d4-4657-be3e-9ce75e6f3c4f%3Fformat%3Djson%26states%3Dlisting HTTP/1.0 200 - python-swiftclient-4.8.0 gAAAAABpO450Q4QS... - 357 - tx8193620592fe409ba4860-00693b8eb0 - 0.0190 - - 1765510832.699350119 1765510832.718372822 0 89ff87eb6954479d969b489941791c9f
Dec 11 22:40:32 np0005556243.novalocal container-server[96625]: ::1 - - [12/Dec/2025:03:40:32 +0000] "GET /1/175641/AUTH_402e63682d3749049fa8edf9e07dfd6e/gnocchi.affd6b57-36d4-4657-be3e-9ce75e6f3c4f" 200 2 "GET https://[::1]:8080/v1/AUTH_402e63682d3749049fa8edf9e07dfd6e/gnocchi.affd6b57-36d4-4657-be3e-9ce75e6f3c4f?format=json&marker=none_v3&states=listing" "txfd205afd18514828a1cbe-00693b8eb0" "proxy-server 97888" 0.0102 "-" 96625 0
Dec 11 22:40:32 np0005556243.novalocal proxy-server[97888]: ::1 ::1 12/Dec/2025/03/40/32 GET /v1/AUTH_402e63682d3749049fa8edf9e07dfd6e/gnocchi.affd6b57-36d4-4657-be3e-9ce75e6f3c4f%3Fformat%3Djson%26marker%3Dnone_v3%26states%3Dlisting HTTP/1.0 200 - python-swiftclient-4.8.0 gAAAAABpO450Q4QS... - 2 - txfd205afd18514828a1cbe-00693b8eb0 - 0.0209 - - 1765510832.721822977 1765510832.742697239 0 89ff87eb6954479d969b489941791c9f
Dec 11 22:40:32 np0005556243.novalocal object-server[96958]: ::1 - - [12/Dec/2025:03:40:32 +0000] "GET /2/7658/AUTH_402e63682d3749049fa8edf9e07dfd6e/gnocchi.0cfb6d23-5286-473d-8060-0bff0469fbcf/1764720000.0_mean_300.0_v3" 200 22 "GET https://[::1]:8080/v1/AUTH_402e63682d3749049fa8edf9e07dfd6e/gnocchi.0cfb6d23-5286-473d-8060-0bff0469fbcf/1764720000.0_mean_300.0_v3" "txb0a4266ae918479cb89d0-00693b8eb0" "proxy-server 97888" 0.0009 "-" 96958 0
Dec 11 22:40:32 np0005556243.novalocal proxy-server[97888]: ::1 ::1 12/Dec/2025/03/40/32 GET /v1/AUTH_402e63682d3749049fa8edf9e07dfd6e/gnocchi.0cfb6d23-5286-473d-8060-0bff0469fbcf/1764720000.0_mean_300.0_v3 HTTP/1.0 200 - python-swiftclient-4.8.0 gAAAAABpO450Q4QS... - 22 - txb0a4266ae918479cb89d0-00693b8eb0 - 0.0079 - - 1765510832.746520281 1765510832.754416466 0 89ff87eb6954479d969b489941791c9f
Dec 11 22:40:32 np0005556243.novalocal object-server[96957]: ::1 - - [12/Dec/2025:03:40:32 +0000] "GET /1/199926/AUTH_402e63682d3749049fa8edf9e07dfd6e/gnocchi.affd6b57-36d4-4657-be3e-9ce75e6f3c4f/1764720000.0_mean_300.0_v3" 200 18 "GET https://[::1]:8080/v1/AUTH_402e63682d3749049fa8edf9e07dfd6e/gnocchi.affd6b57-36d4-4657-be3e-9ce75e6f3c4f/1764720000.0_mean_300.0_v3" "tx96706595c9934579a66d9-00693b8eb0" "proxy-server 97888" 0.0013 "-" 96957 0
Dec 11 22:40:32 np0005556243.novalocal proxy-server[97888]: ::1 ::1 12/Dec/2025/03/40/32 GET /v1/AUTH_402e63682d3749049fa8edf9e07dfd6e/gnocchi.affd6b57-36d4-4657-be3e-9ce75e6f3c4f/1764720000.0_mean_300.0_v3 HTTP/1.0 200 - python-swiftclient-4.8.0 gAAAAABpO450Q4QS... - 18 - tx96706595c9934579a66d9-00693b8eb0 - 0.0087 - - 1765510832.756744385 1765510832.765458107 0 89ff87eb6954479d969b489941791c9f
Dec 11 22:40:32 np0005556243.novalocal container-server[96624]: ::1 - - [12/Dec/2025:03:40:32 +0000] "PUT /1/233561/AUTH_402e63682d3749049fa8edf9e07dfd6e/gnocchi.0cfb6d23-5286-473d-8060-0bff0469fbcf/1764720000.0_mean_300.0_v3" 201 - "PUT http://[::1]:8080/3/7658/AUTH_402e63682d3749049fa8edf9e07dfd6e/gnocchi.0cfb6d23-5286-473d-8060-0bff0469fbcf/1764720000.0_mean_300.0_v3" "txe448b36fefb344ea84dc3-00693b8eb0" "object-server 96958" 0.0006 "-" 96624 0
Dec 11 22:40:32 np0005556243.novalocal object-server[96958]: ::1 - - [12/Dec/2025:03:40:32 +0000] "PUT /3/7658/AUTH_402e63682d3749049fa8edf9e07dfd6e/gnocchi.0cfb6d23-5286-473d-8060-0bff0469fbcf/1764720000.0_mean_300.0_v3" 201 - "PUT https://[::1]:8080/v1/AUTH_402e63682d3749049fa8edf9e07dfd6e/gnocchi.0cfb6d23-5286-473d-8060-0bff0469fbcf/1764720000.0_mean_300.0_v3" "txe448b36fefb344ea84dc3-00693b8eb0" "proxy-server 97888" 0.0113 "-" 96958 0
Dec 11 22:40:32 np0005556243.novalocal container-server[96625]: ::1 - - [12/Dec/2025:03:40:32 +0000] "PUT /3/233561/AUTH_402e63682d3749049fa8edf9e07dfd6e/gnocchi.0cfb6d23-5286-473d-8060-0bff0469fbcf/1764720000.0_mean_300.0_v3" 201 - "PUT http://[::1]:8080/2/7658/AUTH_402e63682d3749049fa8edf9e07dfd6e/gnocchi.0cfb6d23-5286-473d-8060-0bff0469fbcf/1764720000.0_mean_300.0_v3" "txe448b36fefb344ea84dc3-00693b8eb0" "object-server 96958" 0.0009 "-" 96625 0
Dec 11 22:40:32 np0005556243.novalocal object-server[96958]: ::1 - - [12/Dec/2025:03:40:32 +0000] "PUT /2/7658/AUTH_402e63682d3749049fa8edf9e07dfd6e/gnocchi.0cfb6d23-5286-473d-8060-0bff0469fbcf/1764720000.0_mean_300.0_v3" 201 - "PUT https://[::1]:8080/v1/AUTH_402e63682d3749049fa8edf9e07dfd6e/gnocchi.0cfb6d23-5286-473d-8060-0bff0469fbcf/1764720000.0_mean_300.0_v3" "txe448b36fefb344ea84dc3-00693b8eb0" "proxy-server 97888" 0.0110 "-" 96958 0
Dec 11 22:40:32 np0005556243.novalocal container-server[96625]: ::1 - - [12/Dec/2025:03:40:32 +0000] "PUT /2/233561/AUTH_402e63682d3749049fa8edf9e07dfd6e/gnocchi.0cfb6d23-5286-473d-8060-0bff0469fbcf/1764720000.0_mean_300.0_v3" 201 - "PUT http://[::1]:8080/1/7658/AUTH_402e63682d3749049fa8edf9e07dfd6e/gnocchi.0cfb6d23-5286-473d-8060-0bff0469fbcf/1764720000.0_mean_300.0_v3" "txe448b36fefb344ea84dc3-00693b8eb0" "object-server 96957" 0.0012 "-" 96625 0
Dec 11 22:40:32 np0005556243.novalocal object-server[96957]: ::1 - - [12/Dec/2025:03:40:32 +0000] "PUT /1/7658/AUTH_402e63682d3749049fa8edf9e07dfd6e/gnocchi.0cfb6d23-5286-473d-8060-0bff0469fbcf/1764720000.0_mean_300.0_v3" 201 - "PUT https://[::1]:8080/v1/AUTH_402e63682d3749049fa8edf9e07dfd6e/gnocchi.0cfb6d23-5286-473d-8060-0bff0469fbcf/1764720000.0_mean_300.0_v3" "txe448b36fefb344ea84dc3-00693b8eb0" "proxy-server 97888" 0.0155 "-" 96957 0
Dec 11 22:40:32 np0005556243.novalocal proxy-server[97888]: ::1 ::1 12/Dec/2025/03/40/32 PUT /v1/AUTH_402e63682d3749049fa8edf9e07dfd6e/gnocchi.0cfb6d23-5286-473d-8060-0bff0469fbcf/1764720000.0_mean_300.0_v3 HTTP/1.0 201 - python-swiftclient-4.8.0 gAAAAABpO450Q4QS... 22 - - txe448b36fefb344ea84dc3-00693b8eb0 - 0.0247 - - 1765510832.768398762 1765510832.793054581 0 89ff87eb6954479d969b489941791c9f
Dec 11 22:40:32 np0005556243.novalocal container-server[96624]: ::1 - - [12/Dec/2025:03:40:32 +0000] "PUT /1/175641/AUTH_402e63682d3749049fa8edf9e07dfd6e/gnocchi.affd6b57-36d4-4657-be3e-9ce75e6f3c4f/1764720000.0_mean_300.0_v3" 201 - "PUT http://[::1]:8080/3/199926/AUTH_402e63682d3749049fa8edf9e07dfd6e/gnocchi.affd6b57-36d4-4657-be3e-9ce75e6f3c4f/1764720000.0_mean_300.0_v3" "txe2bf6a73caa8413786b3b-00693b8eb0" "object-server 96958" 0.0007 "-" 96624 0
Dec 11 22:40:32 np0005556243.novalocal object-server[96958]: ::1 - - [12/Dec/2025:03:40:32 +0000] "PUT /3/199926/AUTH_402e63682d3749049fa8edf9e07dfd6e/gnocchi.affd6b57-36d4-4657-be3e-9ce75e6f3c4f/1764720000.0_mean_300.0_v3" 201 - "PUT https://[::1]:8080/v1/AUTH_402e63682d3749049fa8edf9e07dfd6e/gnocchi.affd6b57-36d4-4657-be3e-9ce75e6f3c4f/1764720000.0_mean_300.0_v3" "txe2bf6a73caa8413786b3b-00693b8eb0" "proxy-server 97888" 0.0147 "-" 96958 0
Dec 11 22:40:32 np0005556243.novalocal container-server[96625]: ::1 - - [12/Dec/2025:03:40:32 +0000] "PUT /3/175641/AUTH_402e63682d3749049fa8edf9e07dfd6e/gnocchi.affd6b57-36d4-4657-be3e-9ce75e6f3c4f/1764720000.0_mean_300.0_v3" 201 - "PUT http://[::1]:8080/2/199926/AUTH_402e63682d3749049fa8edf9e07dfd6e/gnocchi.affd6b57-36d4-4657-be3e-9ce75e6f3c4f/1764720000.0_mean_300.0_v3" "txe2bf6a73caa8413786b3b-00693b8eb0" "object-server 96957" 0.0010 "-" 96625 0
Dec 11 22:40:32 np0005556243.novalocal object-server[96957]: ::1 - - [12/Dec/2025:03:40:32 +0000] "PUT /2/199926/AUTH_402e63682d3749049fa8edf9e07dfd6e/gnocchi.affd6b57-36d4-4657-be3e-9ce75e6f3c4f/1764720000.0_mean_300.0_v3" 201 - "PUT https://[::1]:8080/v1/AUTH_402e63682d3749049fa8edf9e07dfd6e/gnocchi.affd6b57-36d4-4657-be3e-9ce75e6f3c4f/1764720000.0_mean_300.0_v3" "txe2bf6a73caa8413786b3b-00693b8eb0" "proxy-server 97888" 0.0169 "-" 96957 0
Dec 11 22:40:32 np0005556243.novalocal container-server[96625]: ::1 - - [12/Dec/2025:03:40:32 +0000] "PUT /2/175641/AUTH_402e63682d3749049fa8edf9e07dfd6e/gnocchi.affd6b57-36d4-4657-be3e-9ce75e6f3c4f/1764720000.0_mean_300.0_v3" 201 - "PUT http://[::1]:8080/1/199926/AUTH_402e63682d3749049fa8edf9e07dfd6e/gnocchi.affd6b57-36d4-4657-be3e-9ce75e6f3c4f/1764720000.0_mean_300.0_v3" "txe2bf6a73caa8413786b3b-00693b8eb0" "object-server 96958" 0.0007 "-" 96625 0
Dec 11 22:40:32 np0005556243.novalocal object-server[96958]: ::1 - - [12/Dec/2025:03:40:32 +0000] "PUT /1/199926/AUTH_402e63682d3749049fa8edf9e07dfd6e/gnocchi.affd6b57-36d4-4657-be3e-9ce75e6f3c4f/1764720000.0_mean_300.0_v3" 201 - "PUT https://[::1]:8080/v1/AUTH_402e63682d3749049fa8edf9e07dfd6e/gnocchi.affd6b57-36d4-4657-be3e-9ce75e6f3c4f/1764720000.0_mean_300.0_v3" "txe2bf6a73caa8413786b3b-00693b8eb0" "proxy-server 97888" 0.0174 "-" 96958 0
Dec 11 22:40:32 np0005556243.novalocal proxy-server[97888]: ::1 ::1 12/Dec/2025/03/40/32 PUT /v1/AUTH_402e63682d3749049fa8edf9e07dfd6e/gnocchi.affd6b57-36d4-4657-be3e-9ce75e6f3c4f/1764720000.0_mean_300.0_v3 HTTP/1.0 201 - python-swiftclient-4.8.0 gAAAAABpO450Q4QS... 18 - - txe2bf6a73caa8413786b3b-00693b8eb0 - 0.0270 - - 1765510832.796832800 1765510832.823880672 0 89ff87eb6954479d969b489941791c9f
Dec 11 22:40:32 np0005556243.novalocal container-server[96624]: ::1 - - [12/Dec/2025:03:40:32 +0000] "PUT /3/233561/AUTH_402e63682d3749049fa8edf9e07dfd6e/gnocchi.0cfb6d23-5286-473d-8060-0bff0469fbcf/none_v3" 201 - "PUT http://[::1]:8080/1/6230/AUTH_402e63682d3749049fa8edf9e07dfd6e/gnocchi.0cfb6d23-5286-473d-8060-0bff0469fbcf/none_v3" "txb5a632eaec854dc98c06f-00693b8eb0" "object-server 96958" 0.0007 "-" 96624 0
Dec 11 22:40:32 np0005556243.novalocal object-server[96958]: ::1 - - [12/Dec/2025:03:40:32 +0000] "PUT /1/6230/AUTH_402e63682d3749049fa8edf9e07dfd6e/gnocchi.0cfb6d23-5286-473d-8060-0bff0469fbcf/none_v3" 201 - "PUT https://[::1]:8080/v1/AUTH_402e63682d3749049fa8edf9e07dfd6e/gnocchi.0cfb6d23-5286-473d-8060-0bff0469fbcf/none_v3" "txb5a632eaec854dc98c06f-00693b8eb0" "proxy-server 97888" 0.0151 "-" 96958 0
Dec 11 22:40:32 np0005556243.novalocal container-server[96625]: ::1 - - [12/Dec/2025:03:40:32 +0000] "PUT /2/233561/AUTH_402e63682d3749049fa8edf9e07dfd6e/gnocchi.0cfb6d23-5286-473d-8060-0bff0469fbcf/none_v3" 201 - "PUT http://[::1]:8080/3/6230/AUTH_402e63682d3749049fa8edf9e07dfd6e/gnocchi.0cfb6d23-5286-473d-8060-0bff0469fbcf/none_v3" "txb5a632eaec854dc98c06f-00693b8eb0" "object-server 96957" 0.0009 "-" 96625 0
Dec 11 22:40:32 np0005556243.novalocal object-server[96957]: ::1 - - [12/Dec/2025:03:40:32 +0000] "PUT /3/6230/AUTH_402e63682d3749049fa8edf9e07dfd6e/gnocchi.0cfb6d23-5286-473d-8060-0bff0469fbcf/none_v3" 201 - "PUT https://[::1]:8080/v1/AUTH_402e63682d3749049fa8edf9e07dfd6e/gnocchi.0cfb6d23-5286-473d-8060-0bff0469fbcf/none_v3" "txb5a632eaec854dc98c06f-00693b8eb0" "proxy-server 97888" 0.0149 "-" 96957 0
Dec 11 22:40:32 np0005556243.novalocal container-server[96625]: ::1 - - [12/Dec/2025:03:40:32 +0000] "PUT /1/233561/AUTH_402e63682d3749049fa8edf9e07dfd6e/gnocchi.0cfb6d23-5286-473d-8060-0bff0469fbcf/none_v3" 201 - "PUT http://[::1]:8080/2/6230/AUTH_402e63682d3749049fa8edf9e07dfd6e/gnocchi.0cfb6d23-5286-473d-8060-0bff0469fbcf/none_v3" "txb5a632eaec854dc98c06f-00693b8eb0" "object-server 96957" 0.0011 "-" 96625 0
Dec 11 22:40:32 np0005556243.novalocal object-server[96957]: ::1 - - [12/Dec/2025:03:40:32 +0000] "PUT /2/6230/AUTH_402e63682d3749049fa8edf9e07dfd6e/gnocchi.0cfb6d23-5286-473d-8060-0bff0469fbcf/none_v3" 201 - "PUT https://[::1]:8080/v1/AUTH_402e63682d3749049fa8edf9e07dfd6e/gnocchi.0cfb6d23-5286-473d-8060-0bff0469fbcf/none_v3" "txb5a632eaec854dc98c06f-00693b8eb0" "proxy-server 97888" 0.0202 "-" 96957 0
Dec 11 22:40:32 np0005556243.novalocal proxy-server[97888]: ::1 ::1 12/Dec/2025/03/40/32 PUT /v1/AUTH_402e63682d3749049fa8edf9e07dfd6e/gnocchi.0cfb6d23-5286-473d-8060-0bff0469fbcf/none_v3 HTTP/1.0 201 - python-swiftclient-4.8.0 gAAAAABpO450Q4QS... 31 - - txb5a632eaec854dc98c06f-00693b8eb0 - 0.0273 - - 1765510832.826488733 1765510832.853790760 0 89ff87eb6954479d969b489941791c9f
Dec 11 22:40:32 np0005556243.novalocal container-server[96624]: ::1 - - [12/Dec/2025:03:40:32 +0000] "PUT /2/175641/AUTH_402e63682d3749049fa8edf9e07dfd6e/gnocchi.affd6b57-36d4-4657-be3e-9ce75e6f3c4f/none_v3" 201 - "PUT http://[::1]:8080/2/83132/AUTH_402e63682d3749049fa8edf9e07dfd6e/gnocchi.affd6b57-36d4-4657-be3e-9ce75e6f3c4f/none_v3" "tx6dd18e9fae0f4ad787d53-00693b8eb0" "object-server 96958" 0.0006 "-" 96624 0
Dec 11 22:40:32 np0005556243.novalocal object-server[96958]: ::1 - - [12/Dec/2025:03:40:32 +0000] "PUT /2/83132/AUTH_402e63682d3749049fa8edf9e07dfd6e/gnocchi.affd6b57-36d4-4657-be3e-9ce75e6f3c4f/none_v3" 201 - "PUT https://[::1]:8080/v1/AUTH_402e63682d3749049fa8edf9e07dfd6e/gnocchi.affd6b57-36d4-4657-be3e-9ce75e6f3c4f/none_v3" "tx6dd18e9fae0f4ad787d53-00693b8eb0" "proxy-server 97888" 0.0107 "-" 96958 0
Dec 11 22:40:32 np0005556243.novalocal container-server[96624]: ::1 - - [12/Dec/2025:03:40:32 +0000] "PUT /3/175641/AUTH_402e63682d3749049fa8edf9e07dfd6e/gnocchi.affd6b57-36d4-4657-be3e-9ce75e6f3c4f/none_v3" 201 - "PUT http://[::1]:8080/1/83132/AUTH_402e63682d3749049fa8edf9e07dfd6e/gnocchi.affd6b57-36d4-4657-be3e-9ce75e6f3c4f/none_v3" "tx6dd18e9fae0f4ad787d53-00693b8eb0" "object-server 96957" 0.0004 "-" 96624 0
Dec 11 22:40:32 np0005556243.novalocal object-server[96957]: ::1 - - [12/Dec/2025:03:40:32 +0000] "PUT /1/83132/AUTH_402e63682d3749049fa8edf9e07dfd6e/gnocchi.affd6b57-36d4-4657-be3e-9ce75e6f3c4f/none_v3" 201 - "PUT https://[::1]:8080/v1/AUTH_402e63682d3749049fa8edf9e07dfd6e/gnocchi.affd6b57-36d4-4657-be3e-9ce75e6f3c4f/none_v3" "tx6dd18e9fae0f4ad787d53-00693b8eb0" "proxy-server 97888" 0.0111 "-" 96957 0
Dec 11 22:40:32 np0005556243.novalocal container-server[96624]: ::1 - - [12/Dec/2025:03:40:32 +0000] "PUT /1/175641/AUTH_402e63682d3749049fa8edf9e07dfd6e/gnocchi.affd6b57-36d4-4657-be3e-9ce75e6f3c4f/none_v3" 201 - "PUT http://[::1]:8080/3/83132/AUTH_402e63682d3749049fa8edf9e07dfd6e/gnocchi.affd6b57-36d4-4657-be3e-9ce75e6f3c4f/none_v3" "tx6dd18e9fae0f4ad787d53-00693b8eb0" "object-server 96957" 0.0005 "-" 96624 0
Dec 11 22:40:32 np0005556243.novalocal object-server[96957]: ::1 - - [12/Dec/2025:03:40:32 +0000] "PUT /3/83132/AUTH_402e63682d3749049fa8edf9e07dfd6e/gnocchi.affd6b57-36d4-4657-be3e-9ce75e6f3c4f/none_v3" 201 - "PUT https://[::1]:8080/v1/AUTH_402e63682d3749049fa8edf9e07dfd6e/gnocchi.affd6b57-36d4-4657-be3e-9ce75e6f3c4f/none_v3" "tx6dd18e9fae0f4ad787d53-00693b8eb0" "proxy-server 97888" 0.0140 "-" 96957 0
Dec 11 22:40:32 np0005556243.novalocal proxy-server[97888]: ::1 ::1 12/Dec/2025/03/40/32 PUT /v1/AUTH_402e63682d3749049fa8edf9e07dfd6e/gnocchi.affd6b57-36d4-4657-be3e-9ce75e6f3c4f/none_v3 HTTP/1.0 201 - python-swiftclient-4.8.0 gAAAAABpO450Q4QS... 27 - - tx6dd18e9fae0f4ad787d53-00693b8eb0 - 0.0219 - - 1765510832.856742620 1765510832.878619432 0 89ff87eb6954479d969b489941791c9f
Dec 11 22:40:32 np0005556243.novalocal object-server[96958]: ::1 - - [12/Dec/2025:03:40:32 +0000] "GET /2/238281/AUTH_402e63682d3749049fa8edf9e07dfd6e/gnocchi.7dc2ef2c-6279-4e5e-8080-8f2e15153e54/none_v3" 200 22 "GET https://[::1]:8080/v1/AUTH_402e63682d3749049fa8edf9e07dfd6e/gnocchi.7dc2ef2c-6279-4e5e-8080-8f2e15153e54/none_v3" "tx36e8273dcfad4f1b9c878-00693b8eb0" "proxy-server 97888" 0.0008 "-" 96958 0
Dec 11 22:40:32 np0005556243.novalocal proxy-server[97888]: ::1 ::1 12/Dec/2025/03/40/32 GET /v1/AUTH_402e63682d3749049fa8edf9e07dfd6e/gnocchi.7dc2ef2c-6279-4e5e-8080-8f2e15153e54/none_v3 HTTP/1.0 200 - python-swiftclient-4.8.0 gAAAAABpO450Q4QS... - 22 - tx36e8273dcfad4f1b9c878-00693b8eb0 - 0.0070 - - 1765510832.898434877 1765510832.905441046 0 89ff87eb6954479d969b489941791c9f
Dec 11 22:40:32 np0005556243.novalocal container-server[96625]: ::1 - - [12/Dec/2025:03:40:32 +0000] "GET /2/103401/AUTH_402e63682d3749049fa8edf9e07dfd6e/gnocchi.7dc2ef2c-6279-4e5e-8080-8f2e15153e54" 200 357 "GET https://[::1]:8080/v1/AUTH_402e63682d3749049fa8edf9e07dfd6e/gnocchi.7dc2ef2c-6279-4e5e-8080-8f2e15153e54?format=json&states=listing" "tx9deed341ddc94cb9906a0-00693b8eb0" "proxy-server 97888" 0.0092 "-" 96625 0
