Dec 11 22:39:52 np0005556243.novalocal object-server[96957]: ::1 - - [12/Dec/2025:03:39:52 +0000] "PUT /2/131154/AUTH_402e63682d3749049fa8edf9e07dfd6e/gnocchi.6de57897-f21e-4239-a276-f713af07997e/1764720000.0_mean_300.0_v3" 201 - "PUT https://[::1]:8080/v1/AUTH_402e63682d3749049fa8edf9e07dfd6e/gnocchi.6de57897-f21e-4239-a276-f713af07997e/1764720000.0_mean_300.0_v3" "tx941913c42ec64b7095794-00693b8e88" "proxy-server 97888" 0.0167 "-" 96957 0
Dec 11 22:39:52 np0005556243.novalocal container-server[96624]: ::1 - - [12/Dec/2025:03:39:52 +0000] "PUT /3/90057/AUTH_402e63682d3749049fa8edf9e07dfd6e/gnocchi.6de57897-f21e-4239-a276-f713af07997e/1764720000.0_mean_300.0_v3" 201 - "PUT http://[::1]:8080/1/131154/AUTH_402e63682d3749049fa8edf9e07dfd6e/gnocchi.6de57897-f21e-4239-a276-f713af07997e/1764720000.0_mean_300.0_v3" "tx941913c42ec64b7095794-00693b8e88" "object-server 96957" 0.0008 "-" 96624 0
Dec 11 22:39:52 np0005556243.novalocal object-server[96957]: ::1 - - [12/Dec/2025:03:39:52 +0000] "PUT /1/131154/AUTH_402e63682d3749049fa8edf9e07dfd6e/gnocchi.6de57897-f21e-4239-a276-f713af07997e/1764720000.0_mean_300.0_v3" 201 - "PUT https://[::1]:8080/v1/AUTH_402e63682d3749049fa8edf9e07dfd6e/gnocchi.6de57897-f21e-4239-a276-f713af07997e/1764720000.0_mean_300.0_v3" "tx941913c42ec64b7095794-00693b8e88" "proxy-server 97888" 0.0155 "-" 96957 0
Dec 11 22:39:52 np0005556243.novalocal proxy-server[97888]: ::1 ::1 12/Dec/2025/03/39/52 PUT /v1/AUTH_402e63682d3749049fa8edf9e07dfd6e/gnocchi.6de57897-f21e-4239-a276-f713af07997e/1764720000.0_mean_300.0_v3 HTTP/1.0 201 - python-swiftclient-4.8.0 gAAAAABpO450Q4QS... 16 - - tx941913c42ec64b7095794-00693b8e88 - 0.0257 - - 1765510792.561434031 1765510792.587153912 0 89ff87eb6954479d969b489941791c9f
Dec 11 22:39:52 np0005556243.novalocal container-server[96624]: ::1 - - [12/Dec/2025:03:39:52 +0000] "PUT /2/90057/AUTH_402e63682d3749049fa8edf9e07dfd6e/gnocchi.6de57897-f21e-4239-a276-f713af07997e/none_v3" 201 - "PUT http://[::1]:8080/2/17429/AUTH_402e63682d3749049fa8edf9e07dfd6e/gnocchi.6de57897-f21e-4239-a276-f713af07997e/none_v3" "tx6ff003e22aad4cedbe4b2-00693b8e88" "object-server 96957" 0.0007 "-" 96624 0
Dec 11 22:39:52 np0005556243.novalocal container-server[96625]: ::1 - - [12/Dec/2025:03:39:52 +0000] "PUT /3/90057/AUTH_402e63682d3749049fa8edf9e07dfd6e/gnocchi.6de57897-f21e-4239-a276-f713af07997e/none_v3" 201 - "PUT http://[::1]:8080/1/17429/AUTH_402e63682d3749049fa8edf9e07dfd6e/gnocchi.6de57897-f21e-4239-a276-f713af07997e/none_v3" "tx6ff003e22aad4cedbe4b2-00693b8e88" "object-server 96958" 0.0004 "-" 96625 0
Dec 11 22:39:52 np0005556243.novalocal object-server[96958]: ::1 - - [12/Dec/2025:03:39:52 +0000] "PUT /1/17429/AUTH_402e63682d3749049fa8edf9e07dfd6e/gnocchi.6de57897-f21e-4239-a276-f713af07997e/none_v3" 201 - "PUT https://[::1]:8080/v1/AUTH_402e63682d3749049fa8edf9e07dfd6e/gnocchi.6de57897-f21e-4239-a276-f713af07997e/none_v3" "tx6ff003e22aad4cedbe4b2-00693b8e88" "proxy-server 97888" 0.0129 "-" 96958 0
Dec 11 22:39:52 np0005556243.novalocal object-server[96957]: ::1 - - [12/Dec/2025:03:39:52 +0000] "PUT /2/17429/AUTH_402e63682d3749049fa8edf9e07dfd6e/gnocchi.6de57897-f21e-4239-a276-f713af07997e/none_v3" 201 - "PUT https://[::1]:8080/v1/AUTH_402e63682d3749049fa8edf9e07dfd6e/gnocchi.6de57897-f21e-4239-a276-f713af07997e/none_v3" "tx6ff003e22aad4cedbe4b2-00693b8e88" "proxy-server 97888" 0.0143 "-" 96957 0
Dec 11 22:39:52 np0005556243.novalocal container-server[96624]: ::1 - - [12/Dec/2025:03:39:52 +0000] "PUT /1/90057/AUTH_402e63682d3749049fa8edf9e07dfd6e/gnocchi.6de57897-f21e-4239-a276-f713af07997e/none_v3" 201 - "PUT http://[::1]:8080/3/17429/AUTH_402e63682d3749049fa8edf9e07dfd6e/gnocchi.6de57897-f21e-4239-a276-f713af07997e/none_v3" "tx6ff003e22aad4cedbe4b2-00693b8e88" "object-server 96958" 0.0006 "-" 96624 0
Dec 11 22:39:52 np0005556243.novalocal object-server[96958]: ::1 - - [12/Dec/2025:03:39:52 +0000] "PUT /3/17429/AUTH_402e63682d3749049fa8edf9e07dfd6e/gnocchi.6de57897-f21e-4239-a276-f713af07997e/none_v3" 201 - "PUT https://[::1]:8080/v1/AUTH_402e63682d3749049fa8edf9e07dfd6e/gnocchi.6de57897-f21e-4239-a276-f713af07997e/none_v3" "tx6ff003e22aad4cedbe4b2-00693b8e88" "proxy-server 97888" 0.0125 "-" 96958 0
Dec 11 22:39:52 np0005556243.novalocal proxy-server[97888]: ::1 ::1 12/Dec/2025/03/39/52 PUT /v1/AUTH_402e63682d3749049fa8edf9e07dfd6e/gnocchi.6de57897-f21e-4239-a276-f713af07997e/none_v3 HTTP/1.0 201 - python-swiftclient-4.8.0 gAAAAABpO450Q4QS... 31 - - tx6ff003e22aad4cedbe4b2-00693b8e88 - 0.0214 - - 1765510792.589024305 1765510792.610447884 0 89ff87eb6954479d969b489941791c9f
Dec 11 22:39:53 np0005556243.novalocal object-server[96958]: ::1 - - [12/Dec/2025:03:39:53 +0000] "GET /2/152286/AUTH_402e63682d3749049fa8edf9e07dfd6e/gnocchi.a1cd8f9a-8f21-4c93-865a-444ba4c64a86/none_v3" 200 32 "GET https://[::1]:8080/v1/AUTH_402e63682d3749049fa8edf9e07dfd6e/gnocchi.a1cd8f9a-8f21-4c93-865a-444ba4c64a86/none_v3" "tx607d92e4c6d9430f84f69-00693b8e89" "proxy-server 97889" 0.0012 "-" 96958 0
Dec 11 22:39:53 np0005556243.novalocal proxy-server[97889]: ::1 ::1 12/Dec/2025/03/39/53 GET /v1/AUTH_402e63682d3749049fa8edf9e07dfd6e/gnocchi.a1cd8f9a-8f21-4c93-865a-444ba4c64a86/none_v3 HTTP/1.0 200 - python-swiftclient-4.8.0 gAAAAABpO452jeI2... - 32 - tx607d92e4c6d9430f84f69-00693b8e89 - 0.0140 - - 1765510793.891389370 1765510793.905372620 0 89ff87eb6954479d969b489941791c9f
Dec 11 22:39:53 np0005556243.novalocal container-server[96625]: ::1 - - [12/Dec/2025:03:39:53 +0000] "GET /2/251579/AUTH_402e63682d3749049fa8edf9e07dfd6e/gnocchi.a1cd8f9a-8f21-4c93-865a-444ba4c64a86" 200 357 "GET https://[::1]:8080/v1/AUTH_402e63682d3749049fa8edf9e07dfd6e/gnocchi.a1cd8f9a-8f21-4c93-865a-444ba4c64a86?format=json&states=listing" "tx2581792177b64598a36b2-00693b8e89" "proxy-server 97889" 0.0383 "-" 96625 0
Dec 11 22:39:53 np0005556243.novalocal proxy-server[97889]: ::1 ::1 12/Dec/2025/03/39/53 GET /v1/AUTH_402e63682d3749049fa8edf9e07dfd6e/gnocchi.a1cd8f9a-8f21-4c93-865a-444ba4c64a86%3Fformat%3Djson%26states%3Dlisting HTTP/1.0 200 - python-swiftclient-4.8.0 gAAAAABpO452jeI2... - 357 - tx2581792177b64598a36b2-00693b8e89 - 0.0486 - - 1765510793.910752296 1765510793.959383249 0 89ff87eb6954479d969b489941791c9f
Dec 11 22:39:53 np0005556243.novalocal container-server[96625]: ::1 - - [12/Dec/2025:03:39:53 +0000] "GET /1/251579/AUTH_402e63682d3749049fa8edf9e07dfd6e/gnocchi.a1cd8f9a-8f21-4c93-865a-444ba4c64a86" 200 2 "GET https://[::1]:8080/v1/AUTH_402e63682d3749049fa8edf9e07dfd6e/gnocchi.a1cd8f9a-8f21-4c93-865a-444ba4c64a86?format=json&marker=none_v3&states=listing" "tx06acff6559824cc2ba8ef-00693b8e89" "proxy-server 97889" 0.0073 "-" 96625 0
Dec 11 22:39:53 np0005556243.novalocal proxy-server[97889]: ::1 ::1 12/Dec/2025/03/39/53 GET /v1/AUTH_402e63682d3749049fa8edf9e07dfd6e/gnocchi.a1cd8f9a-8f21-4c93-865a-444ba4c64a86%3Fformat%3Djson%26marker%3Dnone_v3%26states%3Dlisting HTTP/1.0 200 - python-swiftclient-4.8.0 gAAAAABpO452jeI2... - 2 - tx06acff6559824cc2ba8ef-00693b8e89 - 0.0167 - - 1765510793.964978695 1765510793.981669903 0 89ff87eb6954479d969b489941791c9f
Dec 11 22:39:53 np0005556243.novalocal object-server[96957]: ::1 - - [12/Dec/2025:03:39:53 +0000] "GET /2/216701/AUTH_402e63682d3749049fa8edf9e07dfd6e/gnocchi.a1cd8f9a-8f21-4c93-865a-444ba4c64a86/1764720000.0_mean_300.0_v3" 200 16 "GET https://[::1]:8080/v1/AUTH_402e63682d3749049fa8edf9e07dfd6e/gnocchi.a1cd8f9a-8f21-4c93-865a-444ba4c64a86/1764720000.0_mean_300.0_v3" "tx80197acbb3f04b92b87e8-00693b8e89" "proxy-server 97889" 0.0012 "-" 96957 0
Dec 11 22:39:53 np0005556243.novalocal proxy-server[97889]: ::1 ::1 12/Dec/2025/03/39/53 GET /v1/AUTH_402e63682d3749049fa8edf9e07dfd6e/gnocchi.a1cd8f9a-8f21-4c93-865a-444ba4c64a86/1764720000.0_mean_300.0_v3 HTTP/1.0 200 - python-swiftclient-4.8.0 gAAAAABpO452jeI2... - 16 - tx80197acbb3f04b92b87e8-00693b8e89 - 0.0105 - - 1765510793.986267805 1765510793.996787786 0 89ff87eb6954479d969b489941791c9f
Dec 11 22:39:54 np0005556243.novalocal container-server[96625]: ::1 - - [12/Dec/2025:03:39:54 +0000] "PUT /3/251579/AUTH_402e63682d3749049fa8edf9e07dfd6e/gnocchi.a1cd8f9a-8f21-4c93-865a-444ba4c64a86/1764720000.0_mean_300.0_v3" 201 - "PUT http://[::1]:8080/1/216701/AUTH_402e63682d3749049fa8edf9e07dfd6e/gnocchi.a1cd8f9a-8f21-4c93-865a-444ba4c64a86/1764720000.0_mean_300.0_v3" "tx15e01daa5dd84ff0bc882-00693b8e8a" "object-server 96958" 0.0008 "-" 96625 0
Dec 11 22:39:54 np0005556243.novalocal object-server[96958]: ::1 - - [12/Dec/2025:03:39:54 +0000] "PUT /1/216701/AUTH_402e63682d3749049fa8edf9e07dfd6e/gnocchi.a1cd8f9a-8f21-4c93-865a-444ba4c64a86/1764720000.0_mean_300.0_v3" 201 - "PUT https://[::1]:8080/v1/AUTH_402e63682d3749049fa8edf9e07dfd6e/gnocchi.a1cd8f9a-8f21-4c93-865a-444ba4c64a86/1764720000.0_mean_300.0_v3" "tx15e01daa5dd84ff0bc882-00693b8e8a" "proxy-server 97889" 0.0158 "-" 96958 0
Dec 11 22:39:54 np0005556243.novalocal container-server[96625]: ::1 - - [12/Dec/2025:03:39:54 +0000] "PUT /1/251579/AUTH_402e63682d3749049fa8edf9e07dfd6e/gnocchi.a1cd8f9a-8f21-4c93-865a-444ba4c64a86/1764720000.0_mean_300.0_v3" 201 - "PUT http://[::1]:8080/2/216701/AUTH_402e63682d3749049fa8edf9e07dfd6e/gnocchi.a1cd8f9a-8f21-4c93-865a-444ba4c64a86/1764720000.0_mean_300.0_v3" "tx15e01daa5dd84ff0bc882-00693b8e8a" "object-server 96957" 0.0006 "-" 96625 0
Dec 11 22:39:54 np0005556243.novalocal object-server[96957]: ::1 - - [12/Dec/2025:03:39:54 +0000] "PUT /2/216701/AUTH_402e63682d3749049fa8edf9e07dfd6e/gnocchi.a1cd8f9a-8f21-4c93-865a-444ba4c64a86/1764720000.0_mean_300.0_v3" 201 - "PUT https://[::1]:8080/v1/AUTH_402e63682d3749049fa8edf9e07dfd6e/gnocchi.a1cd8f9a-8f21-4c93-865a-444ba4c64a86/1764720000.0_mean_300.0_v3" "tx15e01daa5dd84ff0bc882-00693b8e8a" "proxy-server 97889" 0.0153 "-" 96957 0
Dec 11 22:39:54 np0005556243.novalocal container-server[96625]: ::1 - - [12/Dec/2025:03:39:54 +0000] "PUT /2/251579/AUTH_402e63682d3749049fa8edf9e07dfd6e/gnocchi.a1cd8f9a-8f21-4c93-865a-444ba4c64a86/1764720000.0_mean_300.0_v3" 201 - "PUT http://[::1]:8080/3/216701/AUTH_402e63682d3749049fa8edf9e07dfd6e/gnocchi.a1cd8f9a-8f21-4c93-865a-444ba4c64a86/1764720000.0_mean_300.0_v3" "tx15e01daa5dd84ff0bc882-00693b8e8a" "object-server 96957" 0.0010 "-" 96625 0
Dec 11 22:39:54 np0005556243.novalocal object-server[96957]: ::1 - - [12/Dec/2025:03:39:54 +0000] "PUT /3/216701/AUTH_402e63682d3749049fa8edf9e07dfd6e/gnocchi.a1cd8f9a-8f21-4c93-865a-444ba4c64a86/1764720000.0_mean_300.0_v3" 201 - "PUT https://[::1]:8080/v1/AUTH_402e63682d3749049fa8edf9e07dfd6e/gnocchi.a1cd8f9a-8f21-4c93-865a-444ba4c64a86/1764720000.0_mean_300.0_v3" "tx15e01daa5dd84ff0bc882-00693b8e8a" "proxy-server 97889" 0.0194 "-" 96957 0
Dec 11 22:39:54 np0005556243.novalocal proxy-server[97889]: ::1 ::1 12/Dec/2025/03/39/54 PUT /v1/AUTH_402e63682d3749049fa8edf9e07dfd6e/gnocchi.a1cd8f9a-8f21-4c93-865a-444ba4c64a86/1764720000.0_mean_300.0_v3 HTTP/1.0 201 - python-swiftclient-4.8.0 gAAAAABpO452jeI2... 16 - - tx15e01daa5dd84ff0bc882-00693b8e8a - 0.0326 - - 1765510794.002134562 1765510794.034755945 0 89ff87eb6954479d969b489941791c9f
Dec 11 22:39:54 np0005556243.novalocal container-server[96625]: ::1 - - [12/Dec/2025:03:39:54 +0000] "PUT /1/251579/AUTH_402e63682d3749049fa8edf9e07dfd6e/gnocchi.a1cd8f9a-8f21-4c93-865a-444ba4c64a86/none_v3" 201 - "PUT http://[::1]:8080/3/152286/AUTH_402e63682d3749049fa8edf9e07dfd6e/gnocchi.a1cd8f9a-8f21-4c93-865a-444ba4c64a86/none_v3" "tx6be8012a93884b3eb5b90-00693b8e8a" "object-server 96958" 0.0007 "-" 96625 0
Dec 11 22:39:54 np0005556243.novalocal object-server[96958]: ::1 - - [12/Dec/2025:03:39:54 +0000] "PUT /3/152286/AUTH_402e63682d3749049fa8edf9e07dfd6e/gnocchi.a1cd8f9a-8f21-4c93-865a-444ba4c64a86/none_v3" 201 - "PUT https://[::1]:8080/v1/AUTH_402e63682d3749049fa8edf9e07dfd6e/gnocchi.a1cd8f9a-8f21-4c93-865a-444ba4c64a86/none_v3" "tx6be8012a93884b3eb5b90-00693b8e8a" "proxy-server 97889" 0.0163 "-" 96958 0
Dec 11 22:39:54 np0005556243.novalocal container-server[96624]: ::1 - - [12/Dec/2025:03:39:54 +0000] "PUT /2/251579/AUTH_402e63682d3749049fa8edf9e07dfd6e/gnocchi.a1cd8f9a-8f21-4c93-865a-444ba4c64a86/none_v3" 201 - "PUT http://[::1]:8080/2/152286/AUTH_402e63682d3749049fa8edf9e07dfd6e/gnocchi.a1cd8f9a-8f21-4c93-865a-444ba4c64a86/none_v3" "tx6be8012a93884b3eb5b90-00693b8e8a" "object-server 96957" 0.0005 "-" 96624 0
Dec 11 22:39:54 np0005556243.novalocal container-server[96625]: ::1 - - [12/Dec/2025:03:39:54 +0000] "PUT /3/251579/AUTH_402e63682d3749049fa8edf9e07dfd6e/gnocchi.a1cd8f9a-8f21-4c93-865a-444ba4c64a86/none_v3" 201 - "PUT http://[::1]:8080/1/152286/AUTH_402e63682d3749049fa8edf9e07dfd6e/gnocchi.a1cd8f9a-8f21-4c93-865a-444ba4c64a86/none_v3" "tx6be8012a93884b3eb5b90-00693b8e8a" "object-server 96957" 0.0006 "-" 96625 0
Dec 11 22:39:54 np0005556243.novalocal object-server[96957]: ::1 - - [12/Dec/2025:03:39:54 +0000] "PUT /2/152286/AUTH_402e63682d3749049fa8edf9e07dfd6e/gnocchi.a1cd8f9a-8f21-4c93-865a-444ba4c64a86/none_v3" 201 - "PUT https://[::1]:8080/v1/AUTH_402e63682d3749049fa8edf9e07dfd6e/gnocchi.a1cd8f9a-8f21-4c93-865a-444ba4c64a86/none_v3" "tx6be8012a93884b3eb5b90-00693b8e8a" "proxy-server 97889" 0.0176 "-" 96957 0
Dec 11 22:39:54 np0005556243.novalocal object-server[96957]: ::1 - - [12/Dec/2025:03:39:54 +0000] "PUT /1/152286/AUTH_402e63682d3749049fa8edf9e07dfd6e/gnocchi.a1cd8f9a-8f21-4c93-865a-444ba4c64a86/none_v3" 201 - "PUT https://[::1]:8080/v1/AUTH_402e63682d3749049fa8edf9e07dfd6e/gnocchi.a1cd8f9a-8f21-4c93-865a-444ba4c64a86/none_v3" "tx6be8012a93884b3eb5b90-00693b8e8a" "proxy-server 97889" 0.0173 "-" 96957 0
Dec 11 22:39:54 np0005556243.novalocal proxy-server[97889]: ::1 ::1 12/Dec/2025/03/39/54 PUT /v1/AUTH_402e63682d3749049fa8edf9e07dfd6e/gnocchi.a1cd8f9a-8f21-4c93-865a-444ba4c64a86/none_v3 HTTP/1.0 201 - python-swiftclient-4.8.0 gAAAAABpO452jeI2... 45 - - tx6be8012a93884b3eb5b90-00693b8e8a - 0.0335 - - 1765510794.039183140 1765510794.072729826 0 89ff87eb6954479d969b489941791c9f
Dec 11 22:39:54 np0005556243.novalocal object-server[96957]: ::1 - - [12/Dec/2025:03:39:54 +0000] "GET /1/34317/AUTH_402e63682d3749049fa8edf9e07dfd6e/gnocchi.3da64547-cf34-4d02-a82e-fea14a432f15/none_v3" 200 32 "GET https://[::1]:8080/v1/AUTH_402e63682d3749049fa8edf9e07dfd6e/gnocchi.3da64547-cf34-4d02-a82e-fea14a432f15/none_v3" "tx6b92bbe213b34f058bcb5-00693b8e8a" "proxy-server 97889" 0.0012 "-" 96957 0
Dec 11 22:39:54 np0005556243.novalocal proxy-server[97889]: ::1 ::1 12/Dec/2025/03/39/54 GET /v1/AUTH_402e63682d3749049fa8edf9e07dfd6e/gnocchi.3da64547-cf34-4d02-a82e-fea14a432f15/none_v3 HTTP/1.0 200 - python-swiftclient-4.8.0 gAAAAABpO452jeI2... - 32 - tx6b92bbe213b34f058bcb5-00693b8e8a - 0.0108 - - 1765510794.109386444 1765510794.120197773 0 89ff87eb6954479d969b489941791c9f
Dec 11 22:39:54 np0005556243.novalocal container-server[96625]: ::1 - - [12/Dec/2025:03:39:54 +0000] "GET /2/64964/AUTH_402e63682d3749049fa8edf9e07dfd6e/gnocchi.3da64547-cf34-4d02-a82e-fea14a432f15" 200 357 "GET https://[::1]:8080/v1/AUTH_402e63682d3749049fa8edf9e07dfd6e/gnocchi.3da64547-cf34-4d02-a82e-fea14a432f15?format=json&states=listing" "txc7199d3941ba497089b5f-00693b8e8a" "proxy-server 97889" 0.0118 "-" 96625 0
Dec 11 22:39:54 np0005556243.novalocal proxy-server[97889]: ::1 ::1 12/Dec/2025/03/39/54 GET /v1/AUTH_402e63682d3749049fa8edf9e07dfd6e/gnocchi.3da64547-cf34-4d02-a82e-fea14a432f15%3Fformat%3Djson%26states%3Dlisting HTTP/1.0 200 - python-swiftclient-4.8.0 gAAAAABpO452jeI2... - 357 - txc7199d3941ba497089b5f-00693b8e8a - 0.0230 - - 1765510794.123704910 1765510794.146748066 0 89ff87eb6954479d969b489941791c9f
Dec 11 22:39:54 np0005556243.novalocal container-server[96625]: ::1 - - [12/Dec/2025:03:39:54 +0000] "GET /3/64964/AUTH_402e63682d3749049fa8edf9e07dfd6e/gnocchi.3da64547-cf34-4d02-a82e-fea14a432f15" 200 2 "GET https://[::1]:8080/v1/AUTH_402e63682d3749049fa8edf9e07dfd6e/gnocchi.3da64547-cf34-4d02-a82e-fea14a432f15?format=json&marker=none_v3&states=listing" "txabd9a7f87a6f4b6099945-00693b8e8a" "proxy-server 97889" 0.0087 "-" 96625 0
Dec 11 22:39:54 np0005556243.novalocal proxy-server[97889]: ::1 ::1 12/Dec/2025/03/39/54 GET /v1/AUTH_402e63682d3749049fa8edf9e07dfd6e/gnocchi.3da64547-cf34-4d02-a82e-fea14a432f15%3Fformat%3Djson%26marker%3Dnone_v3%26states%3Dlisting HTTP/1.0 200 - python-swiftclient-4.8.0 gAAAAABpO452jeI2... - 2 - txabd9a7f87a6f4b6099945-00693b8e8a - 0.0231 - - 1765510794.149972916 1765510794.173092365 0 89ff87eb6954479d969b489941791c9f
Dec 11 22:39:54 np0005556243.novalocal object-server[96957]: ::1 - - [12/Dec/2025:03:39:54 +0000] "GET /2/123269/AUTH_402e63682d3749049fa8edf9e07dfd6e/gnocchi.3da64547-cf34-4d02-a82e-fea14a432f15/1764720000.0_mean_300.0_v3" 200 16 "GET https://[::1]:8080/v1/AUTH_402e63682d3749049fa8edf9e07dfd6e/gnocchi.3da64547-cf34-4d02-a82e-fea14a432f15/1764720000.0_mean_300.0_v3" "tx89135c2a59ab47e097e1f-00693b8e8a" "proxy-server 97889" 0.0012 "-" 96957 0
Dec 11 22:39:54 np0005556243.novalocal proxy-server[97889]: ::1 ::1 12/Dec/2025/03/39/54 GET /v1/AUTH_402e63682d3749049fa8edf9e07dfd6e/gnocchi.3da64547-cf34-4d02-a82e-fea14a432f15/1764720000.0_mean_300.0_v3 HTTP/1.0 200 - python-swiftclient-4.8.0 gAAAAABpO452jeI2... - 16 - tx89135c2a59ab47e097e1f-00693b8e8a - 0.0106 - - 1765510794.176650047 1765510794.187297344 0 89ff87eb6954479d969b489941791c9f
Dec 11 22:39:54 np0005556243.novalocal setroubleshoot[104243]: SELinux is preventing /usr/sbin/httpd from read access on the file 60934b15fc5d1822c7ed5e2e2476941d5a5e4ba3cea8d513080acebda8887a68. For complete SELinux messages run: sealert -l e55fb431-ac70-48c6-ae0a-09735d223160
Dec 11 22:39:54 np0005556243.novalocal setroubleshoot[104243]: SELinux is preventing /usr/sbin/httpd from read access on the file 60934b15fc5d1822c7ed5e2e2476941d5a5e4ba3cea8d513080acebda8887a68. ***** Plugin catchall (100. confidence) suggests ************************** If you believe that httpd should be allowed read access on the 60934b15fc5d1822c7ed5e2e2476941d5a5e4ba3cea8d513080acebda8887a68 file by default. Then you should report this as a bug. You can generate a local policy module to allow this access. Do allow this access for now by executing: # ausearch -c 'httpd' --raw | audit2allow -M my-httpd # semodule -X 300 -i my-httpd.pp
Dec 11 22:39:54 np0005556243.novalocal container-server[96624]: ::1 - - [12/Dec/2025:03:39:54 +0000] "PUT /3/64964/AUTH_402e63682d3749049fa8edf9e07dfd6e/gnocchi.3da64547-cf34-4d02-a82e-fea14a432f15/1764720000.0_mean_300.0_v3" 201 - "PUT http://[::1]:8080/1/123269/AUTH_402e63682d3749049fa8edf9e07dfd6e/gnocchi.3da64547-cf34-4d02-a82e-fea14a432f15/1764720000.0_mean_300.0_v3" "tx3ae2db052aab4f05a011c-00693b8e8a" "object-server 96957" 0.0006 "-" 96624 0
Dec 11 22:39:54 np0005556243.novalocal container-server[96624]: ::1 - - [12/Dec/2025:03:39:54 +0000] "PUT /2/64964/AUTH_402e63682d3749049fa8edf9e07dfd6e/gnocchi.3da64547-cf34-4d02-a82e-fea14a432f15/1764720000.0_mean_300.0_v3" 201 - "PUT http://[::1]:8080/3/123269/AUTH_402e63682d3749049fa8edf9e07dfd6e/gnocchi.3da64547-cf34-4d02-a82e-fea14a432f15/1764720000.0_mean_300.0_v3" "tx3ae2db052aab4f05a011c-00693b8e8a" "object-server 96957" 0.0003 "-" 96624 0
Dec 11 22:39:54 np0005556243.novalocal object-server[96957]: ::1 - - [12/Dec/2025:03:39:54 +0000] "PUT /1/123269/AUTH_402e63682d3749049fa8edf9e07dfd6e/gnocchi.3da64547-cf34-4d02-a82e-fea14a432f15/1764720000.0_mean_300.0_v3" 201 - "PUT https://[::1]:8080/v1/AUTH_402e63682d3749049fa8edf9e07dfd6e/gnocchi.3da64547-cf34-4d02-a82e-fea14a432f15/1764720000.0_mean_300.0_v3" "tx3ae2db052aab4f05a011c-00693b8e8a" "proxy-server 97889" 0.0174 "-" 96957 0
Dec 11 22:39:54 np0005556243.novalocal object-server[96957]: ::1 - - [12/Dec/2025:03:39:54 +0000] "PUT /3/123269/AUTH_402e63682d3749049fa8edf9e07dfd6e/gnocchi.3da64547-cf34-4d02-a82e-fea14a432f15/1764720000.0_mean_300.0_v3" 201 - "PUT https://[::1]:8080/v1/AUTH_402e63682d3749049fa8edf9e07dfd6e/gnocchi.3da64547-cf34-4d02-a82e-fea14a432f15/1764720000.0_mean_300.0_v3" "tx3ae2db052aab4f05a011c-00693b8e8a" "proxy-server 97889" 0.0153 "-" 96957 0
Dec 11 22:39:54 np0005556243.novalocal container-server[96624]: ::1 - - [12/Dec/2025:03:39:54 +0000] "PUT /1/64964/AUTH_402e63682d3749049fa8edf9e07dfd6e/gnocchi.3da64547-cf34-4d02-a82e-fea14a432f15/1764720000.0_mean_300.0_v3" 201 - "PUT http://[::1]:8080/2/123269/AUTH_402e63682d3749049fa8edf9e07dfd6e/gnocchi.3da64547-cf34-4d02-a82e-fea14a432f15/1764720000.0_mean_300.0_v3" "tx3ae2db052aab4f05a011c-00693b8e8a" "object-server 96957" 0.0003 "-" 96624 0
Dec 11 22:39:54 np0005556243.novalocal setroubleshoot[104243]: SELinux is preventing /usr/sbin/httpd from open access on the file /var/lib/nova/.cache/python-entrypoints/60934b15fc5d1822c7ed5e2e2476941d5a5e4ba3cea8d513080acebda8887a68. For complete SELinux messages run: sealert -l 403a1599-032e-466c-8630-9021e5e3fad1
Dec 11 22:39:54 np0005556243.novalocal object-server[96957]: ::1 - - [12/Dec/2025:03:39:54 +0000] "PUT /2/123269/AUTH_402e63682d3749049fa8edf9e07dfd6e/gnocchi.3da64547-cf34-4d02-a82e-fea14a432f15/1764720000.0_mean_300.0_v3" 201 - "PUT https://[::1]:8080/v1/AUTH_402e63682d3749049fa8edf9e07dfd6e/gnocchi.3da64547-cf34-4d02-a82e-fea14a432f15/1764720000.0_mean_300.0_v3" "tx3ae2db052aab4f05a011c-00693b8e8a" "proxy-server 97889" 0.0134 "-" 96957 0
Dec 11 22:39:54 np0005556243.novalocal proxy-server[97889]: ::1 ::1 12/Dec/2025/03/39/54 PUT /v1/AUTH_402e63682d3749049fa8edf9e07dfd6e/gnocchi.3da64547-cf34-4d02-a82e-fea14a432f15/1764720000.0_mean_300.0_v3 HTTP/1.0 201 - python-swiftclient-4.8.0 gAAAAABpO452jeI2... 16 - - tx3ae2db052aab4f05a011c-00693b8e8a - 0.0324 - - 1765510794.190981627 1765510794.223417521 0 89ff87eb6954479d969b489941791c9f
Dec 11 22:39:54 np0005556243.novalocal setroubleshoot[104243]: SELinux is preventing /usr/sbin/httpd from open access on the file /var/lib/nova/.cache/python-entrypoints/60934b15fc5d1822c7ed5e2e2476941d5a5e4ba3cea8d513080acebda8887a68. ***** Plugin catchall (100. confidence) suggests ************************** If you believe that httpd should be allowed open access on the 60934b15fc5d1822c7ed5e2e2476941d5a5e4ba3cea8d513080acebda8887a68 file by default. Then you should report this as a bug. You can generate a local policy module to allow this access. Do allow this access for now by executing: # ausearch -c 'httpd' --raw | audit2allow -M my-httpd # semodule -X 300 -i my-httpd.pp
Dec 11 22:39:54 np0005556243.novalocal container-server[96624]: ::1 - - [12/Dec/2025:03:39:54 +0000] "PUT /2/64964/AUTH_402e63682d3749049fa8edf9e07dfd6e/gnocchi.3da64547-cf34-4d02-a82e-fea14a432f15/none_v3" 201 - "PUT http://[::1]:8080/3/34317/AUTH_402e63682d3749049fa8edf9e07dfd6e/gnocchi.3da64547-cf34-4d02-a82e-fea14a432f15/none_v3" "txe74c00ed789f45f58fdf8-00693b8e8a" "object-server 96957" 0.0004 "-" 96624 0
Dec 11 22:39:54 np0005556243.novalocal object-server[96957]: ::1 - - [12/Dec/2025:03:39:54 +0000] "PUT /3/34317/AUTH_402e63682d3749049fa8edf9e07dfd6e/gnocchi.3da64547-cf34-4d02-a82e-fea14a432f15/none_v3" 201 - "PUT https://[::1]:8080/v1/AUTH_402e63682d3749049fa8edf9e07dfd6e/gnocchi.3da64547-cf34-4d02-a82e-fea14a432f15/none_v3" "txe74c00ed789f45f58fdf8-00693b8e8a" "proxy-server 97889" 0.0089 "-" 96957 0
Dec 11 22:39:54 np0005556243.novalocal container-server[96624]: ::1 - - [12/Dec/2025:03:39:54 +0000] "PUT /1/64964/AUTH_402e63682d3749049fa8edf9e07dfd6e/gnocchi.3da64547-cf34-4d02-a82e-fea14a432f15/none_v3" 201 - "PUT http://[::1]:8080/2/34317/AUTH_402e63682d3749049fa8edf9e07dfd6e/gnocchi.3da64547-cf34-4d02-a82e-fea14a432f15/none_v3" "txe74c00ed789f45f58fdf8-00693b8e8a" "object-server 96957" 0.0003 "-" 96624 0
Dec 11 22:39:54 np0005556243.novalocal object-server[96957]: ::1 - - [12/Dec/2025:03:39:54 +0000] "PUT /2/34317/AUTH_402e63682d3749049fa8edf9e07dfd6e/gnocchi.3da64547-cf34-4d02-a82e-fea14a432f15/none_v3" 201 - "PUT https://[::1]:8080/v1/AUTH_402e63682d3749049fa8edf9e07dfd6e/gnocchi.3da64547-cf34-4d02-a82e-fea14a432f15/none_v3" "txe74c00ed789f45f58fdf8-00693b8e8a" "proxy-server 97889" 0.0109 "-" 96957 0
Dec 11 22:39:54 np0005556243.novalocal container-server[96625]: ::1 - - [12/Dec/2025:03:39:54 +0000] "PUT /3/64964/AUTH_402e63682d3749049fa8edf9e07dfd6e/gnocchi.3da64547-cf34-4d02-a82e-fea14a432f15/none_v3" 201 - "PUT http://[::1]:8080/1/34317/AUTH_402e63682d3749049fa8edf9e07dfd6e/gnocchi.3da64547-cf34-4d02-a82e-fea14a432f15/none_v3" "txe74c00ed789f45f58fdf8-00693b8e8a" "object-server 96958" 0.0010 "-" 96625 0
Dec 11 22:39:54 np0005556243.novalocal object-server[96958]: ::1 - - [12/Dec/2025:03:39:54 +0000] "PUT /1/34317/AUTH_402e63682d3749049fa8edf9e07dfd6e/gnocchi.3da64547-cf34-4d02-a82e-fea14a432f15/none_v3" 201 - "PUT https://[::1]:8080/v1/AUTH_402e63682d3749049fa8edf9e07dfd6e/gnocchi.3da64547-cf34-4d02-a82e-fea14a432f15/none_v3" "txe74c00ed789f45f58fdf8-00693b8e8a" "proxy-server 97889" 0.0138 "-" 96958 0
Dec 11 22:39:54 np0005556243.novalocal setroubleshoot[104243]: SELinux is preventing /usr/sbin/httpd from getattr access on the file /var/lib/nova/.cache/python-entrypoints/60934b15fc5d1822c7ed5e2e2476941d5a5e4ba3cea8d513080acebda8887a68. For complete SELinux messages run: sealert -l 9b144410-f013-4ef5-9bea-0ec2ebe024bd
Dec 11 22:39:54 np0005556243.novalocal proxy-server[97889]: ::1 ::1 12/Dec/2025/03/39/54 PUT /v1/AUTH_402e63682d3749049fa8edf9e07dfd6e/gnocchi.3da64547-cf34-4d02-a82e-fea14a432f15/none_v3 HTTP/1.0 201 - python-swiftclient-4.8.0 gAAAAABpO452jeI2... 45 - - txe74c00ed789f45f58fdf8-00693b8e8a - 0.0258 - - 1765510794.226569653 1765510794.252335310 0 89ff87eb6954479d969b489941791c9f
Dec 11 22:39:54 np0005556243.novalocal setroubleshoot[104243]: SELinux is preventing /usr/sbin/httpd from getattr access on the file /var/lib/nova/.cache/python-entrypoints/60934b15fc5d1822c7ed5e2e2476941d5a5e4ba3cea8d513080acebda8887a68. ***** Plugin catchall (100. confidence) suggests ************************** If you believe that httpd should be allowed getattr access on the 60934b15fc5d1822c7ed5e2e2476941d5a5e4ba3cea8d513080acebda8887a68 file by default. Then you should report this as a bug. You can generate a local policy module to allow this access. Do allow this access for now by executing: # ausearch -c 'httpd' --raw | audit2allow -M my-httpd # semodule -X 300 -i my-httpd.pp
Dec 11 22:39:54 np0005556243.novalocal object-server[96957]: ::1 - - [12/Dec/2025:03:39:54 +0000] "GET /2/31402/AUTH_402e63682d3749049fa8edf9e07dfd6e/gnocchi.dfc74319-0ec1-461f-bafc-7f8081dee958/none_v3" 200 27 "GET https://[::1]:8080/v1/AUTH_402e63682d3749049fa8edf9e07dfd6e/gnocchi.dfc74319-0ec1-461f-bafc-7f8081dee958/none_v3" "tx5d75d4e37ef444f8915b5-00693b8e8a" "proxy-server 97889" 0.0008 "-" 96957 0
Dec 11 22:39:54 np0005556243.novalocal proxy-server[97889]: ::1 ::1 12/Dec/2025/03/39/54 GET /v1/AUTH_402e63682d3749049fa8edf9e07dfd6e/gnocchi.dfc74319-0ec1-461f-bafc-7f8081dee958/none_v3 HTTP/1.0 200 - python-swiftclient-4.8.0 gAAAAABpO452jeI2... - 27 - tx5d75d4e37ef444f8915b5-00693b8e8a - 0.0100 - - 1765510794.340572357 1765510794.350531816 0 89ff87eb6954479d969b489941791c9f
Dec 11 22:39:54 np0005556243.novalocal container-server[96625]: ::1 - - [12/Dec/2025:03:39:54 +0000] "GET /1/53632/AUTH_402e63682d3749049fa8edf9e07dfd6e/gnocchi.dfc74319-0ec1-461f-bafc-7f8081dee958" 200 357 "GET https://[::1]:8080/v1/AUTH_402e63682d3749049fa8edf9e07dfd6e/gnocchi.dfc74319-0ec1-461f-bafc-7f8081dee958?format=json&states=listing" "tx327f2d2e3678415ab5aa2-00693b8e8a" "proxy-server 97889" 0.0091 "-" 96625 0
Dec 11 22:39:54 np0005556243.novalocal proxy-server[97889]: ::1 ::1 12/Dec/2025/03/39/54 GET /v1/AUTH_402e63682d3749049fa8edf9e07dfd6e/gnocchi.dfc74319-0ec1-461f-bafc-7f8081dee958%3Fformat%3Djson%26states%3Dlisting HTTP/1.0 200 - python-swiftclient-4.8.0 gAAAAABpO452jeI2... - 357 - tx327f2d2e3678415ab5aa2-00693b8e8a - 0.0187 - - 1765510794.354383707 1765510794.373111010 0 89ff87eb6954479d969b489941791c9f
Dec 11 22:39:54 np0005556243.novalocal container-server[96625]: ::1 - - [12/Dec/2025:03:39:54 +0000] "GET /2/53632/AUTH_402e63682d3749049fa8edf9e07dfd6e/gnocchi.dfc74319-0ec1-461f-bafc-7f8081dee958" 200 2 "GET https://[::1]:8080/v1/AUTH_402e63682d3749049fa8edf9e07dfd6e/gnocchi.dfc74319-0ec1-461f-bafc-7f8081dee958?format=json&marker=none_v3&states=listing" "txa9d06dc843e34b18ba3c0-00693b8e8a" "proxy-server 97889" 0.0084 "-" 96625 0
Dec 11 22:39:54 np0005556243.novalocal proxy-server[97889]: ::1 ::1 12/Dec/2025/03/39/54 GET /v1/AUTH_402e63682d3749049fa8edf9e07dfd6e/gnocchi.dfc74319-0ec1-461f-bafc-7f8081dee958%3Fformat%3Djson%26marker%3Dnone_v3%26states%3Dlisting HTTP/1.0 200 - python-swiftclient-4.8.0 gAAAAABpO452jeI2... - 2 - txa9d06dc843e34b18ba3c0-00693b8e8a - 0.0176 - - 1765510794.377942324 1765510794.395564795 0 89ff87eb6954479d969b489941791c9f
Dec 11 22:39:54 np0005556243.novalocal object-server[96957]: ::1 - - [12/Dec/2025:03:39:54 +0000] "GET /3/234811/AUTH_402e63682d3749049fa8edf9e07dfd6e/gnocchi.dfc74319-0ec1-461f-bafc-7f8081dee958/1764720000.0_mean_300.0_v3" 200 16 "GET https://[::1]:8080/v1/AUTH_402e63682d3749049fa8edf9e07dfd6e/gnocchi.dfc74319-0ec1-461f-bafc-7f8081dee958/1764720000.0_mean_300.0_v3" "tx163ce124842d4b3898c2d-00693b8e8a" "proxy-server 97889" 0.0008 "-" 96957 0
Dec 11 22:39:54 np0005556243.novalocal proxy-server[97889]: ::1 ::1 12/Dec/2025/03/39/54 GET /v1/AUTH_402e63682d3749049fa8edf9e07dfd6e/gnocchi.dfc74319-0ec1-461f-bafc-7f8081dee958/1764720000.0_mean_300.0_v3 HTTP/1.0 200 - python-swiftclient-4.8.0 gAAAAABpO452jeI2... - 16 - tx163ce124842d4b3898c2d-00693b8e8a - 0.0089 - - 1765510794.401311636 1765510794.410198450 0 89ff87eb6954479d969b489941791c9f
Dec 11 22:39:54 np0005556243.novalocal container-server[96624]: ::1 - - [12/Dec/2025:03:39:54 +0000] "PUT /3/53632/AUTH_402e63682d3749049fa8edf9e07dfd6e/gnocchi.dfc74319-0ec1-461f-bafc-7f8081dee958/1764720000.0_mean_300.0_v3" 201 - "PUT http://[::1]:8080/2/234811/AUTH_402e63682d3749049fa8edf9e07dfd6e/gnocchi.dfc74319-0ec1-461f-bafc-7f8081dee958/1764720000.0_mean_300.0_v3" "tx4990dc8986a748ecbb316-00693b8e8a" "object-server 96958" 0.0008 "-" 96624 0
Dec 11 22:39:54 np0005556243.novalocal object-server[96958]: ::1 - - [12/Dec/2025:03:39:54 +0000] "PUT /2/234811/AUTH_402e63682d3749049fa8edf9e07dfd6e/gnocchi.dfc74319-0ec1-461f-bafc-7f8081dee958/1764720000.0_mean_300.0_v3" 201 - "PUT https://[::1]:8080/v1/AUTH_402e63682d3749049fa8edf9e07dfd6e/gnocchi.dfc74319-0ec1-461f-bafc-7f8081dee958/1764720000.0_mean_300.0_v3" "tx4990dc8986a748ecbb316-00693b8e8a" "proxy-server 97889" 0.0341 "-" 96958 0
Dec 11 22:39:54 np0005556243.novalocal container-server[96625]: ::1 - - [12/Dec/2025:03:39:54 +0000] "PUT /2/53632/AUTH_402e63682d3749049fa8edf9e07dfd6e/gnocchi.dfc74319-0ec1-461f-bafc-7f8081dee958/1764720000.0_mean_300.0_v3" 201 - "PUT http://[::1]:8080/3/234811/AUTH_402e63682d3749049fa8edf9e07dfd6e/gnocchi.dfc74319-0ec1-461f-bafc-7f8081dee958/1764720000.0_mean_300.0_v3" "tx4990dc8986a748ecbb316-00693b8e8a" "object-server 96958" 0.0050 "-" 96625 0
Dec 11 22:39:54 np0005556243.novalocal object-server[96958]: ::1 - - [12/Dec/2025:03:39:54 +0000] "PUT /3/234811/AUTH_402e63682d3749049fa8edf9e07dfd6e/gnocchi.dfc74319-0ec1-461f-bafc-7f8081dee958/1764720000.0_mean_300.0_v3" 201 - "PUT https://[::1]:8080/v1/AUTH_402e63682d3749049fa8edf9e07dfd6e/gnocchi.dfc74319-0ec1-461f-bafc-7f8081dee958/1764720000.0_mean_300.0_v3" "tx4990dc8986a748ecbb316-00693b8e8a" "proxy-server 97889" 0.0196 "-" 96958 0
Dec 11 22:39:54 np0005556243.novalocal container-server[96625]: ::1 - - [12/Dec/2025:03:39:54 +0000] "PUT /1/53632/AUTH_402e63682d3749049fa8edf9e07dfd6e/gnocchi.dfc74319-0ec1-461f-bafc-7f8081dee958/1764720000.0_mean_300.0_v3" 201 - "PUT http://[::1]:8080/1/234811/AUTH_402e63682d3749049fa8edf9e07dfd6e/gnocchi.dfc74319-0ec1-461f-bafc-7f8081dee958/1764720000.0_mean_300.0_v3" "tx4990dc8986a748ecbb316-00693b8e8a" "object-server 96958" 0.0006 "-" 96625 0
Dec 11 22:39:54 np0005556243.novalocal object-server[96958]: ::1 - - [12/Dec/2025:03:39:54 +0000] "PUT /1/234811/AUTH_402e63682d3749049fa8edf9e07dfd6e/gnocchi.dfc74319-0ec1-461f-bafc-7f8081dee958/1764720000.0_mean_300.0_v3" 201 - "PUT https://[::1]:8080/v1/AUTH_402e63682d3749049fa8edf9e07dfd6e/gnocchi.dfc74319-0ec1-461f-bafc-7f8081dee958/1764720000.0_mean_300.0_v3" "tx4990dc8986a748ecbb316-00693b8e8a" "proxy-server 97889" 0.0388 "-" 96958 0
Dec 11 22:39:54 np0005556243.novalocal proxy-server[97889]: ::1 ::1 12/Dec/2025/03/39/54 PUT /v1/AUTH_402e63682d3749049fa8edf9e07dfd6e/gnocchi.dfc74319-0ec1-461f-bafc-7f8081dee958/1764720000.0_mean_300.0_v3 HTTP/1.0 201 - python-swiftclient-4.8.0 gAAAAABpO452jeI2... 16 - - tx4990dc8986a748ecbb316-00693b8e8a - 0.0531 - - 1765510794.413881779 1765510794.466971874 0 89ff87eb6954479d969b489941791c9f
Dec 11 22:39:54 np0005556243.novalocal container-server[96625]: ::1 - - [12/Dec/2025:03:39:54 +0000] "PUT /3/53632/AUTH_402e63682d3749049fa8edf9e07dfd6e/gnocchi.dfc74319-0ec1-461f-bafc-7f8081dee958/none_v3" 201 - "PUT http://[::1]:8080/3/31402/AUTH_402e63682d3749049fa8edf9e07dfd6e/gnocchi.dfc74319-0ec1-461f-bafc-7f8081dee958/none_v3" "tx3a5c1622ad664f808b478-00693b8e8a" "object-server 96957" 0.0008 "-" 96625 0
Dec 11 22:39:54 np0005556243.novalocal object-server[96957]: ::1 - - [12/Dec/2025:03:39:54 +0000] "PUT /3/31402/AUTH_402e63682d3749049fa8edf9e07dfd6e/gnocchi.dfc74319-0ec1-461f-bafc-7f8081dee958/none_v3" 201 - "PUT https://[::1]:8080/v1/AUTH_402e63682d3749049fa8edf9e07dfd6e/gnocchi.dfc74319-0ec1-461f-bafc-7f8081dee958/none_v3" "tx3a5c1622ad664f808b478-00693b8e8a" "proxy-server 97889" 0.0116 "-" 96957 0
Dec 11 22:39:54 np0005556243.novalocal container-server[96625]: ::1 - - [12/Dec/2025:03:39:54 +0000] "PUT /2/53632/AUTH_402e63682d3749049fa8edf9e07dfd6e/gnocchi.dfc74319-0ec1-461f-bafc-7f8081dee958/none_v3" 201 - "PUT http://[::1]:8080/2/31402/AUTH_402e63682d3749049fa8edf9e07dfd6e/gnocchi.dfc74319-0ec1-461f-bafc-7f8081dee958/none_v3" "tx3a5c1622ad664f808b478-00693b8e8a" "object-server 96958" 0.0006 "-" 96625 0
Dec 11 22:39:54 np0005556243.novalocal object-server[96958]: ::1 - - [12/Dec/2025:03:39:54 +0000] "PUT /2/31402/AUTH_402e63682d3749049fa8edf9e07dfd6e/gnocchi.dfc74319-0ec1-461f-bafc-7f8081dee958/none_v3" 201 - "PUT https://[::1]:8080/v1/AUTH_402e63682d3749049fa8edf9e07dfd6e/gnocchi.dfc74319-0ec1-461f-bafc-7f8081dee958/none_v3" "tx3a5c1622ad664f808b478-00693b8e8a" "proxy-server 97889" 0.0167 "-" 96958 0
Dec 11 22:39:54 np0005556243.novalocal container-server[96625]: ::1 - - [12/Dec/2025:03:39:54 +0000] "PUT /1/53632/AUTH_402e63682d3749049fa8edf9e07dfd6e/gnocchi.dfc74319-0ec1-461f-bafc-7f8081dee958/none_v3" 201 - "PUT http://[::1]:8080/1/31402/AUTH_402e63682d3749049fa8edf9e07dfd6e/gnocchi.dfc74319-0ec1-461f-bafc-7f8081dee958/none_v3" "tx3a5c1622ad664f808b478-00693b8e8a" "object-server 96958" 0.0006 "-" 96625 0
Dec 11 22:39:54 np0005556243.novalocal object-server[96958]: ::1 - - [12/Dec/2025:03:39:54 +0000] "PUT /1/31402/AUTH_402e63682d3749049fa8edf9e07dfd6e/gnocchi.dfc74319-0ec1-461f-bafc-7f8081dee958/none_v3" 201 - "PUT https://[::1]:8080/v1/AUTH_402e63682d3749049fa8edf9e07dfd6e/gnocchi.dfc74319-0ec1-461f-bafc-7f8081dee958/none_v3" "tx3a5c1622ad664f808b478-00693b8e8a" "proxy-server 97889" 0.0163 "-" 96958 0
Dec 11 22:39:54 np0005556243.novalocal proxy-server[97889]: ::1 ::1 12/Dec/2025/03/39/54 PUT /v1/AUTH_402e63682d3749049fa8edf9e07dfd6e/gnocchi.dfc74319-0ec1-461f-bafc-7f8081dee958/none_v3 HTTP/1.0 201 - python-swiftclient-4.8.0 gAAAAABpO452jeI2... 36 - - tx3a5c1622ad664f808b478-00693b8e8a - 0.0290 - - 1765510794.473621845 1765510794.502606392 0 89ff87eb6954479d969b489941791c9f
Dec 11 22:39:54 np0005556243.novalocal object-server[96957]: ::1 - - [12/Dec/2025:03:39:54 +0000] "GET /3/17429/AUTH_402e63682d3749049fa8edf9e07dfd6e/gnocchi.6de57897-f21e-4239-a276-f713af07997e/none_v3" 200 31 "GET https://[::1]:8080/v1/AUTH_402e63682d3749049fa8edf9e07dfd6e/gnocchi.6de57897-f21e-4239-a276-f713af07997e/none_v3" "txb8f9b144be934bea9c9d1-00693b8e8a" "proxy-server 97889" 0.0011 "-" 96957 0
Dec 11 22:39:54 np0005556243.novalocal proxy-server[97889]: ::1 ::1 12/Dec/2025/03/39/54 GET /v1/AUTH_402e63682d3749049fa8edf9e07dfd6e/gnocchi.6de57897-f21e-4239-a276-f713af07997e/none_v3 HTTP/1.0 200 - python-swiftclient-4.8.0 gAAAAABpO452jeI2... - 31 - txb8f9b144be934bea9c9d1-00693b8e8a - 0.0114 - - 1765510794.581067085 1765510794.592462301 0 89ff87eb6954479d969b489941791c9f
Dec 11 22:39:54 np0005556243.novalocal container-server[96624]: ::1 - - [12/Dec/2025:03:39:54 +0000] "GET /3/90057/AUTH_402e63682d3749049fa8edf9e07dfd6e/gnocchi.6de57897-f21e-4239-a276-f713af07997e" 200 357 "GET https://[::1]:8080/v1/AUTH_402e63682d3749049fa8edf9e07dfd6e/gnocchi.6de57897-f21e-4239-a276-f713af07997e?format=json&states=listing" "txe3c11f3ecc1d43a8b4886-00693b8e8a" "proxy-server 97889" 0.0255 "-" 96624 0
Dec 11 22:39:54 np0005556243.novalocal proxy-server[97889]: ::1 ::1 12/Dec/2025/03/39/54 GET /v1/AUTH_402e63682d3749049fa8edf9e07dfd6e/gnocchi.6de57897-f21e-4239-a276-f713af07997e%3Fformat%3Djson%26states%3Dlisting HTTP/1.0 200 - python-swiftclient-4.8.0 gAAAAABpO452jeI2... - 357 - txe3c11f3ecc1d43a8b4886-00693b8e8a - 0.0375 - - 1765510794.597126007 1765510794.634577036 0 89ff87eb6954479d969b489941791c9f
Dec 11 22:39:54 np0005556243.novalocal container-server[96624]: ::1 - - [12/Dec/2025:03:39:54 +0000] "GET /3/90057/AUTH_402e63682d3749049fa8edf9e07dfd6e/gnocchi.6de57897-f21e-4239-a276-f713af07997e" 200 2 "GET https://[::1]:8080/v1/AUTH_402e63682d3749049fa8edf9e07dfd6e/gnocchi.6de57897-f21e-4239-a276-f713af07997e?format=json&marker=none_v3&states=listing" "tx5098cfcdca0d40348b43e-00693b8e8a" "proxy-server 97889" 0.0039 "-" 96624 0
Dec 11 22:39:54 np0005556243.novalocal proxy-server[97889]: ::1 ::1 12/Dec/2025/03/39/54 GET /v1/AUTH_402e63682d3749049fa8edf9e07dfd6e/gnocchi.6de57897-f21e-4239-a276-f713af07997e%3Fformat%3Djson%26marker%3Dnone_v3%26states%3Dlisting HTTP/1.0 200 - python-swiftclient-4.8.0 gAAAAABpO452jeI2... - 2 - tx5098cfcdca0d40348b43e-00693b8e8a - 0.0147 - - 1765510794.641855001 1765510794.656586409 0 89ff87eb6954479d969b489941791c9f
Dec 11 22:39:54 np0005556243.novalocal object-server[96958]: ::1 - - [12/Dec/2025:03:39:54 +0000] "GET /3/131154/AUTH_402e63682d3749049fa8edf9e07dfd6e/gnocchi.6de57897-f21e-4239-a276-f713af07997e/1764720000.0_mean_300.0_v3" 200 16 "GET https://[::1]:8080/v1/AUTH_402e63682d3749049fa8edf9e07dfd6e/gnocchi.6de57897-f21e-4239-a276-f713af07997e/1764720000.0_mean_300.0_v3" "txb068052c90524953b7f14-00693b8e8a" "proxy-server 97889" 0.0012 "-" 96958 0
Dec 11 22:39:54 np0005556243.novalocal proxy-server[97889]: ::1 ::1 12/Dec/2025/03/39/54 GET /v1/AUTH_402e63682d3749049fa8edf9e07dfd6e/gnocchi.6de57897-f21e-4239-a276-f713af07997e/1764720000.0_mean_300.0_v3 HTTP/1.0 200 - python-swiftclient-4.8.0 gAAAAABpO452jeI2... - 16 - txb068052c90524953b7f14-00693b8e8a - 0.0101 - - 1765510794.661682129 1765510794.671793699 0 89ff87eb6954479d969b489941791c9f
Dec 11 22:39:54 np0005556243.novalocal container-server[96625]: ::1 - - [12/Dec/2025:03:39:54 +0000] "PUT /3/90057/AUTH_402e63682d3749049fa8edf9e07dfd6e/gnocchi.6de57897-f21e-4239-a276-f713af07997e/1764720000.0_mean_300.0_v3" 201 - "PUT http://[::1]:8080/1/131154/AUTH_402e63682d3749049fa8edf9e07dfd6e/gnocchi.6de57897-f21e-4239-a276-f713af07997e/1764720000.0_mean_300.0_v3" "txd8eccf1fc00546fc9c307-00693b8e8a" "object-server 96957" 0.0006 "-" 96625 0
Dec 11 22:39:54 np0005556243.novalocal container-server[96625]: ::1 - - [12/Dec/2025:03:39:54 +0000] "PUT /1/90057/AUTH_402e63682d3749049fa8edf9e07dfd6e/gnocchi.6de57897-f21e-4239-a276-f713af07997e/1764720000.0_mean_300.0_v3" 201 - "PUT http://[::1]:8080/2/131154/AUTH_402e63682d3749049fa8edf9e07dfd6e/gnocchi.6de57897-f21e-4239-a276-f713af07997e/1764720000.0_mean_300.0_v3" "txd8eccf1fc00546fc9c307-00693b8e8a" "object-server 96958" 0.0004 "-" 96625 0
Dec 11 22:39:54 np0005556243.novalocal object-server[96958]: ::1 - - [12/Dec/2025:03:39:54 +0000] "PUT /2/131154/AUTH_402e63682d3749049fa8edf9e07dfd6e/gnocchi.6de57897-f21e-4239-a276-f713af07997e/1764720000.0_mean_300.0_v3" 201 - "PUT https://[::1]:8080/v1/AUTH_402e63682d3749049fa8edf9e07dfd6e/gnocchi.6de57897-f21e-4239-a276-f713af07997e/1764720000.0_mean_300.0_v3" "txd8eccf1fc00546fc9c307-00693b8e8a" "proxy-server 97889" 0.0230 "-" 96958 0
Dec 11 22:39:54 np0005556243.novalocal container-server[96625]: ::1 - - [12/Dec/2025:03:39:54 +0000] "PUT /2/90057/AUTH_402e63682d3749049fa8edf9e07dfd6e/gnocchi.6de57897-f21e-4239-a276-f713af07997e/1764720000.0_mean_300.0_v3" 201 - "PUT http://[::1]:8080/3/131154/AUTH_402e63682d3749049fa8edf9e07dfd6e/gnocchi.6de57897-f21e-4239-a276-f713af07997e/1764720000.0_mean_300.0_v3" "txd8eccf1fc00546fc9c307-00693b8e8a" "object-server 96958" 0.0004 "-" 96625 0
Dec 11 22:39:54 np0005556243.novalocal object-server[96957]: ::1 - - [12/Dec/2025:03:39:54 +0000] "PUT /1/131154/AUTH_402e63682d3749049fa8edf9e07dfd6e/gnocchi.6de57897-f21e-4239-a276-f713af07997e/1764720000.0_mean_300.0_v3" 201 - "PUT https://[::1]:8080/v1/AUTH_402e63682d3749049fa8edf9e07dfd6e/gnocchi.6de57897-f21e-4239-a276-f713af07997e/1764720000.0_mean_300.0_v3" "txd8eccf1fc00546fc9c307-00693b8e8a" "proxy-server 97889" 0.0264 "-" 96957 0
Dec 11 22:39:54 np0005556243.novalocal object-server[96958]: ::1 - - [12/Dec/2025:03:39:54 +0000] "PUT /3/131154/AUTH_402e63682d3749049fa8edf9e07dfd6e/gnocchi.6de57897-f21e-4239-a276-f713af07997e/1764720000.0_mean_300.0_v3" 201 - "PUT https://[::1]:8080/v1/AUTH_402e63682d3749049fa8edf9e07dfd6e/gnocchi.6de57897-f21e-4239-a276-f713af07997e/1764720000.0_mean_300.0_v3" "txd8eccf1fc00546fc9c307-00693b8e8a" "proxy-server 97889" 0.0224 "-" 96958 0
Dec 11 22:39:54 np0005556243.novalocal proxy-server[97889]: ::1 ::1 12/Dec/2025/03/39/54 PUT /v1/AUTH_402e63682d3749049fa8edf9e07dfd6e/gnocchi.6de57897-f21e-4239-a276-f713af07997e/1764720000.0_mean_300.0_v3 HTTP/1.0 201 - python-swiftclient-4.8.0 gAAAAABpO452jeI2... 16 - - txd8eccf1fc00546fc9c307-00693b8e8a - 0.0390 - - 1765510794.675050259 1765510794.714004755 0 89ff87eb6954479d969b489941791c9f
Dec 11 22:39:54 np0005556243.novalocal container-server[96625]: ::1 - - [12/Dec/2025:03:39:54 +0000] "PUT /2/90057/AUTH_402e63682d3749049fa8edf9e07dfd6e/gnocchi.6de57897-f21e-4239-a276-f713af07997e/none_v3" 201 - "PUT http://[::1]:8080/1/17429/AUTH_402e63682d3749049fa8edf9e07dfd6e/gnocchi.6de57897-f21e-4239-a276-f713af07997e/none_v3" "txd5830b1039734186b96e0-00693b8e8a" "object-server 96958" 0.0007 "-" 96625 0
Dec 11 22:39:54 np0005556243.novalocal object-server[96958]: ::1 - - [12/Dec/2025:03:39:54 +0000] "PUT /1/17429/AUTH_402e63682d3749049fa8edf9e07dfd6e/gnocchi.6de57897-f21e-4239-a276-f713af07997e/none_v3" 201 - "PUT https://[::1]:8080/v1/AUTH_402e63682d3749049fa8edf9e07dfd6e/gnocchi.6de57897-f21e-4239-a276-f713af07997e/none_v3" "txd5830b1039734186b96e0-00693b8e8a" "proxy-server 97889" 0.0167 "-" 96958 0
Dec 11 22:39:54 np0005556243.novalocal container-server[96624]: ::1 - - [12/Dec/2025:03:39:54 +0000] "PUT /3/90057/AUTH_402e63682d3749049fa8edf9e07dfd6e/gnocchi.6de57897-f21e-4239-a276-f713af07997e/none_v3" 201 - "PUT http://[::1]:8080/2/17429/AUTH_402e63682d3749049fa8edf9e07dfd6e/gnocchi.6de57897-f21e-4239-a276-f713af07997e/none_v3" "txd5830b1039734186b96e0-00693b8e8a" "object-server 96957" 0.0008 "-" 96624 0
Dec 11 22:39:54 np0005556243.novalocal container-server[96625]: ::1 - - [12/Dec/2025:03:39:54 +0000] "PUT /1/90057/AUTH_402e63682d3749049fa8edf9e07dfd6e/gnocchi.6de57897-f21e-4239-a276-f713af07997e/none_v3" 201 - "PUT http://[::1]:8080/3/17429/AUTH_402e63682d3749049fa8edf9e07dfd6e/gnocchi.6de57897-f21e-4239-a276-f713af07997e/none_v3" "txd5830b1039734186b96e0-00693b8e8a" "object-server 96957" 0.0005 "-" 96625 0
Dec 11 22:39:54 np0005556243.novalocal object-server[96957]: ::1 - - [12/Dec/2025:03:39:54 +0000] "PUT /2/17429/AUTH_402e63682d3749049fa8edf9e07dfd6e/gnocchi.6de57897-f21e-4239-a276-f713af07997e/none_v3" 201 - "PUT https://[::1]:8080/v1/AUTH_402e63682d3749049fa8edf9e07dfd6e/gnocchi.6de57897-f21e-4239-a276-f713af07997e/none_v3" "txd5830b1039734186b96e0-00693b8e8a" "proxy-server 97889" 0.0155 "-" 96957 0
Dec 11 22:39:54 np0005556243.novalocal object-server[96957]: ::1 - - [12/Dec/2025:03:39:54 +0000] "PUT /3/17429/AUTH_402e63682d3749049fa8edf9e07dfd6e/gnocchi.6de57897-f21e-4239-a276-f713af07997e/none_v3" 201 - "PUT https://[::1]:8080/v1/AUTH_402e63682d3749049fa8edf9e07dfd6e/gnocchi.6de57897-f21e-4239-a276-f713af07997e/none_v3" "txd5830b1039734186b96e0-00693b8e8a" "proxy-server 97889" 0.0190 "-" 96957 0
Dec 11 22:39:54 np0005556243.novalocal proxy-server[97889]: ::1 ::1 12/Dec/2025/03/39/54 PUT /v1/AUTH_402e63682d3749049fa8edf9e07dfd6e/gnocchi.6de57897-f21e-4239-a276-f713af07997e/none_v3 HTTP/1.0 201 - python-swiftclient-4.8.0 gAAAAABpO452jeI2... 43 - - txd5830b1039734186b96e0-00693b8e8a - 0.0302 - - 1765510794.718871355 1765510794.749092579 0 89ff87eb6954479d969b489941791c9f
Dec 11 22:39:55 np0005556243.novalocal setroubleshoot[104243]: SELinux is preventing /usr/sbin/httpd from ioctl access on the file /var/lib/nova/.cache/python-entrypoints/60934b15fc5d1822c7ed5e2e2476941d5a5e4ba3cea8d513080acebda8887a68. For complete SELinux messages run: sealert -l d770ffea-90e9-4e3c-9c70-71447d031e81
Dec 11 22:39:55 np0005556243.novalocal setroubleshoot[104243]: SELinux is preventing /usr/sbin/httpd from ioctl access on the file /var/lib/nova/.cache/python-entrypoints/60934b15fc5d1822c7ed5e2e2476941d5a5e4ba3cea8d513080acebda8887a68. ***** Plugin catchall (100. confidence) suggests ************************** If you believe that httpd should be allowed ioctl access on the 60934b15fc5d1822c7ed5e2e2476941d5a5e4ba3cea8d513080acebda8887a68 file by default. Then you should report this as a bug. You can generate a local policy module to allow this access. Do allow this access for now by executing: # ausearch -c 'httpd' --raw | audit2allow -M my-httpd # semodule -X 300 -i my-httpd.pp
Dec 11 22:39:55 np0005556243.novalocal haproxy-metadata-proxy-91a35bcd-aad7-484e-a1b5-dd0e71657af4[103221]: ::ffff:10.100.0.3:34058 [11/Dec/2025:22:39:52.293] listener listener/metadata 0/0/0/3678/3678 200 114 - - ---- 1/1/0/0/0 0/0 "GET /2009-04-04/meta-data/public-keys HTTP/1.1"
Dec 11 22:39:57 np0005556243.novalocal haproxy-metadata-proxy-91a35bcd-aad7-484e-a1b5-dd0e71657af4[103221]: ::ffff:10.100.0.3:34072 [11/Dec/2025:22:39:56.028] listener listener/metadata 0/0/0/1024/1024 200 292 - - ---- 1/1/0/0/0 0/0 "GET /2009-04-04/meta-data/public-keys/0/openssh-key HTTP/1.1"
Dec 11 22:39:58 np0005556243.novalocal haproxy-metadata-proxy-91a35bcd-aad7-484e-a1b5-dd0e71657af4[103221]: ::ffff:10.100.0.3:34082 [11/Dec/2025:22:39:57.127] listener listener/metadata 0/0/0/1024/1024 200 97 - - ---- 1/1/0/0/0 0/0 "GET /2009-04-04/meta-data/instance-id HTTP/1.1"
Dec 11 22:39:59 np0005556243.novalocal haproxy-metadata-proxy-91a35bcd-aad7-484e-a1b5-dd0e71657af4[103221]: ::ffff:10.100.0.3:34090 [11/Dec/2025:22:39:58.223] listener listener/metadata 0/0/0/1025/1025 200 87 - - ---- 1/1/0/0/0 0/0 "GET /2009-04-04/meta-data/ami-launch-index HTTP/1.1"
Dec 11 22:40:00 np0005556243.novalocal systemd[1]: Starting system activity accounting tool...
Dec 11 22:40:00 np0005556243.novalocal sudo[104412]: neutron : PWD=/ ; USER=root ; COMMAND=/usr/bin/neutron-rootwrap /etc/neutron/rootwrap.conf privsep-helper --config-file /usr/share/neutron/neutron-dist.conf --config-file /etc/neutron/neutron.conf --config-file /etc/neutron/dhcp_agent.ini --config-dir /etc/neutron/conf.d/neutron-dhcp-agent --privsep_context neutron.privileged.dhcp_release_cmd --privsep_sock_path /tmp/tmp3ti97a0n/privsep.sock
Dec 11 22:40:00 np0005556243.novalocal systemd[1]: sysstat-collect.service: Deactivated successfully.
Dec 11 22:40:00 np0005556243.novalocal systemd[1]: Finished system activity accounting tool.
Dec 11 22:40:00 np0005556243.novalocal haproxy-metadata-proxy-91a35bcd-aad7-484e-a1b5-dd0e71657af4[103221]: ::ffff:10.100.0.3:34094 [11/Dec/2025:22:39:59.315] listener listener/metadata 0/0/0/1026/1026 200 93 - - ---- 1/1/0/0/0 0/0 "GET /2009-04-04/meta-data/instance-type HTTP/1.1"
Dec 11 22:40:00 np0005556243.novalocal systemd[1]: Started Session c94 of User root.
Dec 11 22:40:00 np0005556243.novalocal sudo[104412]: pam_unix(sudo:session): session opened for user root(uid=0) by (uid=981)
Dec 11 22:40:00 np0005556243.novalocal systemd[1]: NetworkManager-dispatcher.service: Deactivated successfully.
Dec 11 22:40:01 np0005556243.novalocal kernel: qr-d73287a5-76: left promiscuous mode
Dec 11 22:40:01 np0005556243.novalocal sudo[104412]: pam_unix(sudo:session): session closed for user root
Dec 11 22:40:01 np0005556243.novalocal haproxy-metadata-proxy-91a35bcd-aad7-484e-a1b5-dd0e71657af4[103221]: ::ffff:10.100.0.3:34108 [11/Dec/2025:22:40:00.417] listener listener/metadata 0/0/0/1028/1028 200 97 - - ---- 1/1/0/0/0 0/0 "GET /2009-04-04/meta-data/local-ipv4 HTTP/1.1"
Dec 11 22:40:01 np0005556243.novalocal dnsmasq-dhcp[103923]: DHCPRELEASE(tap0b3e34de-3e) 10.100.0.1 fa:16:3e:d9:3d:ea
Dec 11 22:40:01 np0005556243.novalocal kernel: qg-3be4f72c-5f: left promiscuous mode
Dec 11 22:40:01 np0005556243.novalocal systemd[1]: run-netns-qrouter\x2de853512b\x2d1830\x2d40f4\x2d8e6b\x2dbe0e6e3e944b.mount: Deactivated successfully.
Dec 11 22:40:02 np0005556243.novalocal dnsmasq[103923]: read /var/lib/neutron/dhcp/6b12e66f-0bdd-4251-bb62-98d93a7ab0b6/addn_hosts - 0 addresses
Dec 11 22:40:02 np0005556243.novalocal dnsmasq-dhcp[103923]: read /var/lib/neutron/dhcp/6b12e66f-0bdd-4251-bb62-98d93a7ab0b6/host
Dec 11 22:40:02 np0005556243.novalocal dnsmasq-dhcp[103923]: read /var/lib/neutron/dhcp/6b12e66f-0bdd-4251-bb62-98d93a7ab0b6/opts
Dec 11 22:40:02 np0005556243.novalocal haproxy-metadata-proxy-91a35bcd-aad7-484e-a1b5-dd0e71657af4[103221]: ::ffff:10.100.0.3:34114 [11/Dec/2025:22:40:01.485] listener listener/metadata 0/0/0/1030/1030 200 99 - - ---- 1/1/0/0/0 0/0 "GET /2009-04-04/meta-data/public-ipv4 HTTP/1.1"
Dec 11 22:40:02 np0005556243.novalocal dnsmasq[103923]: exiting on receipt of SIGTERM
Dec 11 22:40:02 np0005556243.novalocal kernel: tap0b3e34de-3e: left promiscuous mode
Dec 11 22:40:03 np0005556243.novalocal systemd[1]: run-netns-qdhcp\x2d6b12e66f\x2d0bdd\x2d4251\x2dbb62\x2d98d93a7ab0b6.mount: Deactivated successfully.
