Dec 11 22:40:43 np0005556243.novalocal container-reconciler-ic[92363]: - - 12/Dec/2025/03/40/43 GET /v1/.misplaced_objects%3Fformat%3Djson%26marker%3D%26end_marker%3D%26prefix%3D HTTP/1.0 404 - Swift%20Container%20Reconciler - - - - txf4d9959f30af46788124f-00693b8ebb - 0.0115 - - 1765510843.538362265 1765510843.549832106 - -
Dec 11 22:40:43 np0005556243.novalocal container-reconciler[92363]: Reconciler Stats: {}
Dec 11 22:40:43 np0005556243.novalocal container-reconciler[92363]: sleeping between intervals (30.0s)
Dec 11 22:40:43 np0005556243.novalocal dnsmasq-dhcp[103412]: DHCPRELEASE(tap4dabcf9c-d1) 10.100.0.3 fa:16:3e:5d:f4:38
Dec 11 22:40:43 np0005556243.novalocal dnsmasq-dhcp[103412]: DHCPRELEASE(tap4dabcf9c-d1) 10.100.0.3 fa:16:3e:5d:f4:38 unknown lease
Dec 11 22:40:43 np0005556243.novalocal container-sharder[95987]: Container sharder cycle starting, auto-sharding False
Dec 11 22:40:44 np0005556243.novalocal object-auditor[104765]: Begin object audit "forever" mode (ZBF)
Dec 11 22:40:44 np0005556243.novalocal object-auditor[104765]: Object audit (ZBF). Since Fri Dec 12 03:40:44 2025: Locally: 1 passed, 0 quarantined, 0 errors, files/sec: 276.05, bytes/sec: 0.00, Total time: 0.00, Auditing time: 0.00, Rate: 0.00
Dec 11 22:40:44 np0005556243.novalocal dnsmasq[103412]: read /var/lib/neutron/dhcp/a0a57ac0-81af-4f8d-90d2-da85b3ed0e72/addn_hosts - 1 addresses
Dec 11 22:40:44 np0005556243.novalocal dnsmasq-dhcp[103412]: read /var/lib/neutron/dhcp/a0a57ac0-81af-4f8d-90d2-da85b3ed0e72/host
Dec 11 22:40:44 np0005556243.novalocal dnsmasq-dhcp[103412]: read /var/lib/neutron/dhcp/a0a57ac0-81af-4f8d-90d2-da85b3ed0e72/opts
Dec 11 22:40:44 np0005556243.novalocal container-replicator[96688]: Beginning replication run
Dec 11 22:40:45 np0005556243.novalocal container-sharder[95987]: Since Fri Dec 12 03:40:43 2025 visited - attempted:0 success:0 failure:0 skipped:78 completed:0
Dec 11 22:40:45 np0005556243.novalocal container-sharder[95987]: Since Fri Dec 12 03:40:43 2025 scanned - attempted:0 success:0 failure:0 found:0 min_time:0 max_time:0
Dec 11 22:40:45 np0005556243.novalocal container-sharder[95987]: Since Fri Dec 12 03:40:43 2025 created - attempted:0 success:0 failure:0
Dec 11 22:40:45 np0005556243.novalocal container-sharder[95987]: Since Fri Dec 12 03:40:43 2025 cleaved - attempted:0 success:0 failure:0 min_time:0 max_time:0
Dec 11 22:40:45 np0005556243.novalocal container-sharder[95987]: Since Fri Dec 12 03:40:43 2025 misplaced - attempted:0 success:0 failure:0 found:0 placed:0 unplaced:0
Dec 11 22:40:45 np0005556243.novalocal container-sharder[95987]: Since Fri Dec 12 03:40:43 2025 audit_root - attempted:0 success:0 failure:0 has_overlap:0 num_overlap:0
Dec 11 22:40:45 np0005556243.novalocal container-sharder[95987]: Since Fri Dec 12 03:40:43 2025 audit_shard - attempted:0 success:0 failure:0
Dec 11 22:40:45 np0005556243.novalocal container-sharder[95987]: Container sharder cycle completed: 1.55s
Dec 11 22:40:46 np0005556243.novalocal container-replicator[96688]: Replication run OVER
Dec 11 22:40:46 np0005556243.novalocal container-replicator[96688]: Attempted to replicate 78 dbs in 1.59445 seconds (48.91961/s)
Dec 11 22:40:46 np0005556243.novalocal container-replicator[96688]: Removed 0 dbs
Dec 11 22:40:46 np0005556243.novalocal container-replicator[96688]: 156 successes, 0 failures
Dec 11 22:40:46 np0005556243.novalocal container-replicator[96688]: diff:0 diff_capped:0 empty:0 hashmatch:0 no_change:156 remote_merge:0 rsync:0 ts_repl:0
Dec 11 22:40:46 np0005556243.novalocal kernel: tapaad2b0db-4b: entered promiscuous mode
Dec 11 22:40:46 np0005556243.novalocal NetworkManager[859]: [1765510846.8292] manager: (tapaad2b0db-4b): 'openvswitch' plugin not available; creating generic device
Dec 11 22:40:46 np0005556243.novalocal NetworkManager[859]: [1765510846.8308] manager: (tapaad2b0db-4b): new Generic device (/org/freedesktop/NetworkManager/Devices/37)
Dec 11 22:40:46 np0005556243.novalocal object-server[96958]: ::1 - - [12/Dec/2025:03:40:46 +0000] "GET /2/40812/AUTH_402e63682d3749049fa8edf9e07dfd6e/gnocchi.ab02a225-1907-4ad1-98e1-74e6b8270913/none_v3" 200 46 "GET https://[::1]:8080/v1/AUTH_402e63682d3749049fa8edf9e07dfd6e/gnocchi.ab02a225-1907-4ad1-98e1-74e6b8270913/none_v3" "tx9750f5354d09426fa735e-00693b8ebe" "proxy-server 97888" 0.0010 "-" 96958 0
Dec 11 22:40:46 np0005556243.novalocal proxy-server[97888]: ::1 ::1 12/Dec/2025/03/40/46 GET /v1/AUTH_402e63682d3749049fa8edf9e07dfd6e/gnocchi.ab02a225-1907-4ad1-98e1-74e6b8270913/none_v3 HTTP/1.0 200 - python-swiftclient-4.8.0 gAAAAABpO450Q4QS... - 46 - tx9750f5354d09426fa735e-00693b8ebe - 0.0075 - - 1765510846.977798700 1765510846.985290289 0 89ff87eb6954479d969b489941791c9f
Dec 11 22:40:46 np0005556243.novalocal container-server[96625]: ::1 - - [12/Dec/2025:03:40:46 +0000] "GET /2/104017/AUTH_402e63682d3749049fa8edf9e07dfd6e/gnocchi.ab02a225-1907-4ad1-98e1-74e6b8270913" 200 357 "GET https://[::1]:8080/v1/AUTH_402e63682d3749049fa8edf9e07dfd6e/gnocchi.ab02a225-1907-4ad1-98e1-74e6b8270913?format=json&states=listing" "txfce1de9b0e3e4225985e8-00693b8ebe" "proxy-server 97888" 0.0044 "-" 96625 0
Dec 11 22:40:46 np0005556243.novalocal proxy-server[97888]: ::1 ::1 12/Dec/2025/03/40/46 GET /v1/AUTH_402e63682d3749049fa8edf9e07dfd6e/gnocchi.ab02a225-1907-4ad1-98e1-74e6b8270913%3Fformat%3Djson%26states%3Dlisting HTTP/1.0 200 - python-swiftclient-4.8.0 gAAAAABpO450Q4QS... - 357 - txfce1de9b0e3e4225985e8-00693b8ebe - 0.0108 - - 1765510846.987662077 1765510846.998501301 0 89ff87eb6954479d969b489941791c9f
Dec 11 22:40:47 np0005556243.novalocal container-server[96624]: ::1 - - [12/Dec/2025:03:40:47 +0000] "GET /1/104017/AUTH_402e63682d3749049fa8edf9e07dfd6e/gnocchi.ab02a225-1907-4ad1-98e1-74e6b8270913" 200 2 "GET https://[::1]:8080/v1/AUTH_402e63682d3749049fa8edf9e07dfd6e/gnocchi.ab02a225-1907-4ad1-98e1-74e6b8270913?format=json&marker=none_v3&states=listing" "tx14959bfadae64d2c95a9e-00693b8ebf" "proxy-server 97888" 0.0023 "-" 96624 0
Dec 11 22:40:47 np0005556243.novalocal proxy-server[97888]: ::1 ::1 12/Dec/2025/03/40/47 GET /v1/AUTH_402e63682d3749049fa8edf9e07dfd6e/gnocchi.ab02a225-1907-4ad1-98e1-74e6b8270913%3Fformat%3Djson%26marker%3Dnone_v3%26states%3Dlisting HTTP/1.0 200 - python-swiftclient-4.8.0 gAAAAABpO450Q4QS... - 2 - tx14959bfadae64d2c95a9e-00693b8ebf - 0.0066 - - 1765510847.000489712 1765510847.007065058 0 89ff87eb6954479d969b489941791c9f
Dec 11 22:40:47 np0005556243.novalocal object-server[96957]: ::1 - - [12/Dec/2025:03:40:47 +0000] "GET /1/1648/AUTH_402e63682d3749049fa8edf9e07dfd6e/gnocchi.ab02a225-1907-4ad1-98e1-74e6b8270913/1764720000.0_mean_300.0_v3" 200 23 "GET https://[::1]:8080/v1/AUTH_402e63682d3749049fa8edf9e07dfd6e/gnocchi.ab02a225-1907-4ad1-98e1-74e6b8270913/1764720000.0_mean_300.0_v3" "tx7e998db44758485d80564-00693b8ebf" "proxy-server 97888" 0.0006 "-" 96957 0
Dec 11 22:40:47 np0005556243.novalocal proxy-server[97888]: ::1 ::1 12/Dec/2025/03/40/47 GET /v1/AUTH_402e63682d3749049fa8edf9e07dfd6e/gnocchi.ab02a225-1907-4ad1-98e1-74e6b8270913/1764720000.0_mean_300.0_v3 HTTP/1.0 200 - python-swiftclient-4.8.0 gAAAAABpO450Q4QS... - 23 - tx7e998db44758485d80564-00693b8ebf - 0.0047 - - 1765510847.009313107 1765510847.014011621 0 89ff87eb6954479d969b489941791c9f
Dec 11 22:40:47 np0005556243.novalocal container-server[96625]: ::1 - - [12/Dec/2025:03:40:47 +0000] "PUT /3/104017/AUTH_402e63682d3749049fa8edf9e07dfd6e/gnocchi.ab02a225-1907-4ad1-98e1-74e6b8270913/1764720000.0_mean_300.0_v3" 201 - "PUT http://[::1]:8080/3/1648/AUTH_402e63682d3749049fa8edf9e07dfd6e/gnocchi.ab02a225-1907-4ad1-98e1-74e6b8270913/1764720000.0_mean_300.0_v3" "txb4567e738e6540269240e-00693b8ebf" "object-server 96957" 0.0005 "-" 96625 0
Dec 11 22:40:47 np0005556243.novalocal object-server[96957]: ::1 - - [12/Dec/2025:03:40:47 +0000] "PUT /3/1648/AUTH_402e63682d3749049fa8edf9e07dfd6e/gnocchi.ab02a225-1907-4ad1-98e1-74e6b8270913/1764720000.0_mean_300.0_v3" 201 - "PUT https://[::1]:8080/v1/AUTH_402e63682d3749049fa8edf9e07dfd6e/gnocchi.ab02a225-1907-4ad1-98e1-74e6b8270913/1764720000.0_mean_300.0_v3" "txb4567e738e6540269240e-00693b8ebf" "proxy-server 97888" 0.0129 "-" 96957 0
Dec 11 22:40:47 np0005556243.novalocal container-server[96625]: ::1 - - [12/Dec/2025:03:40:47 +0000] "PUT /2/104017/AUTH_402e63682d3749049fa8edf9e07dfd6e/gnocchi.ab02a225-1907-4ad1-98e1-74e6b8270913/1764720000.0_mean_300.0_v3" 201 - "PUT http://[::1]:8080/2/1648/AUTH_402e63682d3749049fa8edf9e07dfd6e/gnocchi.ab02a225-1907-4ad1-98e1-74e6b8270913/1764720000.0_mean_300.0_v3" "txb4567e738e6540269240e-00693b8ebf" "object-server 96957" 0.0004 "-" 96625 0
Dec 11 22:40:47 np0005556243.novalocal object-server[96957]: ::1 - - [12/Dec/2025:03:40:47 +0000] "PUT /2/1648/AUTH_402e63682d3749049fa8edf9e07dfd6e/gnocchi.ab02a225-1907-4ad1-98e1-74e6b8270913/1764720000.0_mean_300.0_v3" 201 - "PUT https://[::1]:8080/v1/AUTH_402e63682d3749049fa8edf9e07dfd6e/gnocchi.ab02a225-1907-4ad1-98e1-74e6b8270913/1764720000.0_mean_300.0_v3" "txb4567e738e6540269240e-00693b8ebf" "proxy-server 97888" 0.0149 "-" 96957 0
Dec 11 22:40:47 np0005556243.novalocal container-server[96624]: ::1 - - [12/Dec/2025:03:40:47 +0000] "PUT /1/104017/AUTH_402e63682d3749049fa8edf9e07dfd6e/gnocchi.ab02a225-1907-4ad1-98e1-74e6b8270913/1764720000.0_mean_300.0_v3" 201 - "PUT http://[::1]:8080/1/1648/AUTH_402e63682d3749049fa8edf9e07dfd6e/gnocchi.ab02a225-1907-4ad1-98e1-74e6b8270913/1764720000.0_mean_300.0_v3" "txb4567e738e6540269240e-00693b8ebf" "object-server 96958" 0.0006 "-" 96624 0
Dec 11 22:40:47 np0005556243.novalocal object-server[96958]: ::1 - - [12/Dec/2025:03:40:47 +0000] "PUT /1/1648/AUTH_402e63682d3749049fa8edf9e07dfd6e/gnocchi.ab02a225-1907-4ad1-98e1-74e6b8270913/1764720000.0_mean_300.0_v3" 201 - "PUT https://[::1]:8080/v1/AUTH_402e63682d3749049fa8edf9e07dfd6e/gnocchi.ab02a225-1907-4ad1-98e1-74e6b8270913/1764720000.0_mean_300.0_v3" "txb4567e738e6540269240e-00693b8ebf" "proxy-server 97888" 0.0209 "-" 96958 0
Dec 11 22:40:47 np0005556243.novalocal proxy-server[97888]: ::1 ::1 12/Dec/2025/03/40/47 PUT /v1/AUTH_402e63682d3749049fa8edf9e07dfd6e/gnocchi.ab02a225-1907-4ad1-98e1-74e6b8270913/1764720000.0_mean_300.0_v3 HTTP/1.0 201 - python-swiftclient-4.8.0 gAAAAABpO450Q4QS... 23 - - txb4567e738e6540269240e-00693b8ebf - 0.0263 - - 1765510847.016206026 1765510847.042517662 0 89ff87eb6954479d969b489941791c9f
Dec 11 22:40:47 np0005556243.novalocal container-server[96625]: ::1 - - [12/Dec/2025:03:40:47 +0000] "PUT /3/104017/AUTH_402e63682d3749049fa8edf9e07dfd6e/gnocchi.ab02a225-1907-4ad1-98e1-74e6b8270913/none_v3" 201 - "PUT http://[::1]:8080/1/40812/AUTH_402e63682d3749049fa8edf9e07dfd6e/gnocchi.ab02a225-1907-4ad1-98e1-74e6b8270913/none_v3" "tx574a342e34764bbabd8e1-00693b8ebf" "object-server 96958" 0.0003 "-" 96625 0
Dec 11 22:40:47 np0005556243.novalocal object-server[96958]: ::1 - - [12/Dec/2025:03:40:47 +0000] "PUT /1/40812/AUTH_402e63682d3749049fa8edf9e07dfd6e/gnocchi.ab02a225-1907-4ad1-98e1-74e6b8270913/none_v3" 201 - "PUT https://[::1]:8080/v1/AUTH_402e63682d3749049fa8edf9e07dfd6e/gnocchi.ab02a225-1907-4ad1-98e1-74e6b8270913/none_v3" "tx574a342e34764bbabd8e1-00693b8ebf" "proxy-server 97888" 0.0077 "-" 96958 0
Dec 11 22:40:47 np0005556243.novalocal container-server[96625]: ::1 - - [12/Dec/2025:03:40:47 +0000] "PUT /2/104017/AUTH_402e63682d3749049fa8edf9e07dfd6e/gnocchi.ab02a225-1907-4ad1-98e1-74e6b8270913/none_v3" 201 - "PUT http://[::1]:8080/2/40812/AUTH_402e63682d3749049fa8edf9e07dfd6e/gnocchi.ab02a225-1907-4ad1-98e1-74e6b8270913/none_v3" "tx574a342e34764bbabd8e1-00693b8ebf" "object-server 96957" 0.0003 "-" 96625 0
Dec 11 22:40:47 np0005556243.novalocal container-server[96624]: ::1 - - [12/Dec/2025:03:40:47 +0000] "PUT /1/104017/AUTH_402e63682d3749049fa8edf9e07dfd6e/gnocchi.ab02a225-1907-4ad1-98e1-74e6b8270913/none_v3" 201 - "PUT http://[::1]:8080/3/40812/AUTH_402e63682d3749049fa8edf9e07dfd6e/gnocchi.ab02a225-1907-4ad1-98e1-74e6b8270913/none_v3" "tx574a342e34764bbabd8e1-00693b8ebf" "object-server 96957" 0.0006 "-" 96624 0
Dec 11 22:40:47 np0005556243.novalocal object-server[96957]: ::1 - - [12/Dec/2025:03:40:47 +0000] "PUT /2/40812/AUTH_402e63682d3749049fa8edf9e07dfd6e/gnocchi.ab02a225-1907-4ad1-98e1-74e6b8270913/none_v3" 201 - "PUT https://[::1]:8080/v1/AUTH_402e63682d3749049fa8edf9e07dfd6e/gnocchi.ab02a225-1907-4ad1-98e1-74e6b8270913/none_v3" "tx574a342e34764bbabd8e1-00693b8ebf" "proxy-server 97888" 0.0093 "-" 96957 0
Dec 11 22:40:47 np0005556243.novalocal object-server[96957]: ::1 - - [12/Dec/2025:03:40:47 +0000] "PUT /3/40812/AUTH_402e63682d3749049fa8edf9e07dfd6e/gnocchi.ab02a225-1907-4ad1-98e1-74e6b8270913/none_v3" 201 - "PUT https://[::1]:8080/v1/AUTH_402e63682d3749049fa8edf9e07dfd6e/gnocchi.ab02a225-1907-4ad1-98e1-74e6b8270913/none_v3" "tx574a342e34764bbabd8e1-00693b8ebf" "proxy-server 97888" 0.0088 "-" 96957 0
Dec 11 22:40:47 np0005556243.novalocal proxy-server[97888]: ::1 ::1 12/Dec/2025/03/40/47 PUT /v1/AUTH_402e63682d3749049fa8edf9e07dfd6e/gnocchi.ab02a225-1907-4ad1-98e1-74e6b8270913/none_v3 HTTP/1.0 201 - python-swiftclient-4.8.0 gAAAAABpO450Q4QS... 51 - - tx574a342e34764bbabd8e1-00693b8ebf - 0.0163 - - 1765510847.044894695 1765510847.061148643 0 89ff87eb6954479d969b489941791c9f
Dec 11 22:40:47 np0005556243.novalocal object-server[96958]: ::1 - - [12/Dec/2025:03:40:47 +0000] "GET /3/21215/AUTH_402e63682d3749049fa8edf9e07dfd6e/gnocchi.29a77a18-598d-48b2-ab97-486af3f85d3e/none_v3" 200 46 "GET https://[::1]:8080/v1/AUTH_402e63682d3749049fa8edf9e07dfd6e/gnocchi.29a77a18-598d-48b2-ab97-486af3f85d3e/none_v3" "tx69dbff9c709442b39bdd1-00693b8ebf" "proxy-server 97888" 0.0010 "-" 96958 0
Dec 11 22:40:47 np0005556243.novalocal proxy-server[97888]: ::1 ::1 12/Dec/2025/03/40/47 GET /v1/AUTH_402e63682d3749049fa8edf9e07dfd6e/gnocchi.29a77a18-598d-48b2-ab97-486af3f85d3e/none_v3 HTTP/1.0 200 - python-swiftclient-4.8.0 gAAAAABpO450Q4QS... - 46 - tx69dbff9c709442b39bdd1-00693b8ebf - 0.0074 - - 1765510847.110734224 1765510847.118182898 0 89ff87eb6954479d969b489941791c9f
Dec 11 22:40:47 np0005556243.novalocal container-server[96624]: ::1 - - [12/Dec/2025:03:40:47 +0000] "GET /3/45743/AUTH_402e63682d3749049fa8edf9e07dfd6e/gnocchi.29a77a18-598d-48b2-ab97-486af3f85d3e" 200 357 "GET https://[::1]:8080/v1/AUTH_402e63682d3749049fa8edf9e07dfd6e/gnocchi.29a77a18-598d-48b2-ab97-486af3f85d3e?format=json&states=listing" "tx557fa5c9a2984a0fad916-00693b8ebf" "proxy-server 97888" 0.0018 "-" 96624 0
Dec 11 22:40:47 np0005556243.novalocal proxy-server[97888]: ::1 ::1 12/Dec/2025/03/40/47 GET /v1/AUTH_402e63682d3749049fa8edf9e07dfd6e/gnocchi.29a77a18-598d-48b2-ab97-486af3f85d3e%3Fformat%3Djson%26states%3Dlisting HTTP/1.0 200 - python-swiftclient-4.8.0 gAAAAABpO450Q4QS... - 357 - tx557fa5c9a2984a0fad916-00693b8ebf - 0.0076 - - 1765510847.120518684 1765510847.128139734 0 89ff87eb6954479d969b489941791c9f
Dec 11 22:40:47 np0005556243.novalocal container-server[96624]: ::1 - - [12/Dec/2025:03:40:47 +0000] "GET /3/45743/AUTH_402e63682d3749049fa8edf9e07dfd6e/gnocchi.29a77a18-598d-48b2-ab97-486af3f85d3e" 200 2 "GET https://[::1]:8080/v1/AUTH_402e63682d3749049fa8edf9e07dfd6e/gnocchi.29a77a18-598d-48b2-ab97-486af3f85d3e?format=json&marker=none_v3&states=listing" "txd8c214975a9d485ea57bb-00693b8ebf" "proxy-server 97888" 0.0014 "-" 96624 0
Dec 11 22:40:47 np0005556243.novalocal proxy-server[97888]: ::1 ::1 12/Dec/2025/03/40/47 GET /v1/AUTH_402e63682d3749049fa8edf9e07dfd6e/gnocchi.29a77a18-598d-48b2-ab97-486af3f85d3e%3Fformat%3Djson%26marker%3Dnone_v3%26states%3Dlisting HTTP/1.0 200 - python-swiftclient-4.8.0 gAAAAABpO450Q4QS... - 2 - txd8c214975a9d485ea57bb-00693b8ebf - 0.0068 - - 1765510847.129956245 1765510847.136759520 0 89ff87eb6954479d969b489941791c9f
Dec 11 22:40:47 np0005556243.novalocal object-server[96957]: ::1 - - [12/Dec/2025:03:40:47 +0000] "GET /2/165124/AUTH_402e63682d3749049fa8edf9e07dfd6e/gnocchi.29a77a18-598d-48b2-ab97-486af3f85d3e/1764720000.0_mean_300.0_v3" 200 23 "GET https://[::1]:8080/v1/AUTH_402e63682d3749049fa8edf9e07dfd6e/gnocchi.29a77a18-598d-48b2-ab97-486af3f85d3e/1764720000.0_mean_300.0_v3" "tx9cdb4e43d286436184f1f-00693b8ebf" "proxy-server 97888" 0.0007 "-" 96957 0
Dec 11 22:40:47 np0005556243.novalocal proxy-server[97888]: ::1 ::1 12/Dec/2025/03/40/47 GET /v1/AUTH_402e63682d3749049fa8edf9e07dfd6e/gnocchi.29a77a18-598d-48b2-ab97-486af3f85d3e/1764720000.0_mean_300.0_v3 HTTP/1.0 200 - python-swiftclient-4.8.0 gAAAAABpO450Q4QS... - 23 - tx9cdb4e43d286436184f1f-00693b8ebf - 0.0064 - - 1765510847.139020205 1765510847.145380974 0 89ff87eb6954479d969b489941791c9f
Dec 11 22:40:47 np0005556243.novalocal container-server[96624]: ::1 - - [12/Dec/2025:03:40:47 +0000] "PUT /2/45743/AUTH_402e63682d3749049fa8edf9e07dfd6e/gnocchi.29a77a18-598d-48b2-ab97-486af3f85d3e/1764720000.0_mean_300.0_v3" 201 - "PUT http://[::1]:8080/3/165124/AUTH_402e63682d3749049fa8edf9e07dfd6e/gnocchi.29a77a18-598d-48b2-ab97-486af3f85d3e/1764720000.0_mean_300.0_v3" "tx7ecb6d5fe20c4ceeb6717-00693b8ebf" "object-server 96957" 0.0004 "-" 96624 0
Dec 11 22:40:47 np0005556243.novalocal container-server[96624]: ::1 - - [12/Dec/2025:03:40:47 +0000] "PUT /3/45743/AUTH_402e63682d3749049fa8edf9e07dfd6e/gnocchi.29a77a18-598d-48b2-ab97-486af3f85d3e/1764720000.0_mean_300.0_v3" 201 - "PUT http://[::1]:8080/2/165124/AUTH_402e63682d3749049fa8edf9e07dfd6e/gnocchi.29a77a18-598d-48b2-ab97-486af3f85d3e/1764720000.0_mean_300.0_v3" "tx7ecb6d5fe20c4ceeb6717-00693b8ebf" "object-server 96957" 0.0003 "-" 96624 0
Dec 11 22:40:47 np0005556243.novalocal object-server[96957]: ::1 - - [12/Dec/2025:03:40:47 +0000] "PUT /3/165124/AUTH_402e63682d3749049fa8edf9e07dfd6e/gnocchi.29a77a18-598d-48b2-ab97-486af3f85d3e/1764720000.0_mean_300.0_v3" 201 - "PUT https://[::1]:8080/v1/AUTH_402e63682d3749049fa8edf9e07dfd6e/gnocchi.29a77a18-598d-48b2-ab97-486af3f85d3e/1764720000.0_mean_300.0_v3" "tx7ecb6d5fe20c4ceeb6717-00693b8ebf" "proxy-server 97888" 0.0168 "-" 96957 0
Dec 11 22:40:47 np0005556243.novalocal object-server[96957]: ::1 - - [12/Dec/2025:03:40:47 +0000] "PUT /2/165124/AUTH_402e63682d3749049fa8edf9e07dfd6e/gnocchi.29a77a18-598d-48b2-ab97-486af3f85d3e/1764720000.0_mean_300.0_v3" 201 - "PUT https://[::1]:8080/v1/AUTH_402e63682d3749049fa8edf9e07dfd6e/gnocchi.29a77a18-598d-48b2-ab97-486af3f85d3e/1764720000.0_mean_300.0_v3" "tx7ecb6d5fe20c4ceeb6717-00693b8ebf" "proxy-server 97888" 0.0165 "-" 96957 0
Dec 11 22:40:47 np0005556243.novalocal container-server[96625]: ::1 - - [12/Dec/2025:03:40:47 +0000] "PUT /1/45743/AUTH_402e63682d3749049fa8edf9e07dfd6e/gnocchi.29a77a18-598d-48b2-ab97-486af3f85d3e/1764720000.0_mean_300.0_v3" 201 - "PUT http://[::1]:8080/1/165124/AUTH_402e63682d3749049fa8edf9e07dfd6e/gnocchi.29a77a18-598d-48b2-ab97-486af3f85d3e/1764720000.0_mean_300.0_v3" "tx7ecb6d5fe20c4ceeb6717-00693b8ebf" "object-server 96957" 0.0005 "-" 96625 0
Dec 11 22:40:47 np0005556243.novalocal object-server[96957]: ::1 - - [12/Dec/2025:03:40:47 +0000] "PUT /1/165124/AUTH_402e63682d3749049fa8edf9e07dfd6e/gnocchi.29a77a18-598d-48b2-ab97-486af3f85d3e/1764720000.0_mean_300.0_v3" 201 - "PUT https://[::1]:8080/v1/AUTH_402e63682d3749049fa8edf9e07dfd6e/gnocchi.29a77a18-598d-48b2-ab97-486af3f85d3e/1764720000.0_mean_300.0_v3" "tx7ecb6d5fe20c4ceeb6717-00693b8ebf" "proxy-server 97888" 0.0175 "-" 96957 0
Dec 11 22:40:47 np0005556243.novalocal proxy-server[97888]: ::1 ::1 12/Dec/2025/03/40/47 PUT /v1/AUTH_402e63682d3749049fa8edf9e07dfd6e/gnocchi.29a77a18-598d-48b2-ab97-486af3f85d3e/1764720000.0_mean_300.0_v3 HTTP/1.0 201 - python-swiftclient-4.8.0 gAAAAABpO450Q4QS... 23 - - tx7ecb6d5fe20c4ceeb6717-00693b8ebf - 0.0267 - - 1765510847.147182703 1765510847.173872471 0 89ff87eb6954479d969b489941791c9f
Dec 11 22:40:47 np0005556243.novalocal container-server[96624]: ::1 - - [12/Dec/2025:03:40:47 +0000] "PUT /2/45743/AUTH_402e63682d3749049fa8edf9e07dfd6e/gnocchi.29a77a18-598d-48b2-ab97-486af3f85d3e/none_v3" 201 - "PUT http://[::1]:8080/1/21215/AUTH_402e63682d3749049fa8edf9e07dfd6e/gnocchi.29a77a18-598d-48b2-ab97-486af3f85d3e/none_v3" "tx81ba4fe281b2458d9fab2-00693b8ebf" "object-server 96957" 0.0006 "-" 96624 0
Dec 11 22:40:47 np0005556243.novalocal object-server[96957]: ::1 - - [12/Dec/2025:03:40:47 +0000] "PUT /1/21215/AUTH_402e63682d3749049fa8edf9e07dfd6e/gnocchi.29a77a18-598d-48b2-ab97-486af3f85d3e/none_v3" 201 - "PUT https://[::1]:8080/v1/AUTH_402e63682d3749049fa8edf9e07dfd6e/gnocchi.29a77a18-598d-48b2-ab97-486af3f85d3e/none_v3" "tx81ba4fe281b2458d9fab2-00693b8ebf" "proxy-server 97888" 0.0118 "-" 96957 0
Dec 11 22:40:47 np0005556243.novalocal container-server[96624]: ::1 - - [12/Dec/2025:03:40:47 +0000] "PUT /1/45743/AUTH_402e63682d3749049fa8edf9e07dfd6e/gnocchi.29a77a18-598d-48b2-ab97-486af3f85d3e/none_v3" 201 - "PUT http://[::1]:8080/2/21215/AUTH_402e63682d3749049fa8edf9e07dfd6e/gnocchi.29a77a18-598d-48b2-ab97-486af3f85d3e/none_v3" "tx81ba4fe281b2458d9fab2-00693b8ebf" "object-server 96957" 0.0003 "-" 96624 0
Dec 11 22:40:47 np0005556243.novalocal container-server[96624]: ::1 - - [12/Dec/2025:03:40:47 +0000] "PUT /3/45743/AUTH_402e63682d3749049fa8edf9e07dfd6e/gnocchi.29a77a18-598d-48b2-ab97-486af3f85d3e/none_v3" 201 - "PUT http://[::1]:8080/3/21215/AUTH_402e63682d3749049fa8edf9e07dfd6e/gnocchi.29a77a18-598d-48b2-ab97-486af3f85d3e/none_v3" "tx81ba4fe281b2458d9fab2-00693b8ebf" "object-server 96957" 0.0004 "-" 96624 0
Dec 11 22:40:47 np0005556243.novalocal object-server[96957]: ::1 - - [12/Dec/2025:03:40:47 +0000] "PUT /2/21215/AUTH_402e63682d3749049fa8edf9e07dfd6e/gnocchi.29a77a18-598d-48b2-ab97-486af3f85d3e/none_v3" 201 - "PUT https://[::1]:8080/v1/AUTH_402e63682d3749049fa8edf9e07dfd6e/gnocchi.29a77a18-598d-48b2-ab97-486af3f85d3e/none_v3" "tx81ba4fe281b2458d9fab2-00693b8ebf" "proxy-server 97888" 0.0161 "-" 96957 0
Dec 11 22:40:47 np0005556243.novalocal object-server[96957]: ::1 - - [12/Dec/2025:03:40:47 +0000] "PUT /3/21215/AUTH_402e63682d3749049fa8edf9e07dfd6e/gnocchi.29a77a18-598d-48b2-ab97-486af3f85d3e/none_v3" 201 - "PUT https://[::1]:8080/v1/AUTH_402e63682d3749049fa8edf9e07dfd6e/gnocchi.29a77a18-598d-48b2-ab97-486af3f85d3e/none_v3" "tx81ba4fe281b2458d9fab2-00693b8ebf" "proxy-server 97888" 0.0161 "-" 96957 0
Dec 11 22:40:47 np0005556243.novalocal proxy-server[97888]: ::1 ::1 12/Dec/2025/03/40/47 PUT /v1/AUTH_402e63682d3749049fa8edf9e07dfd6e/gnocchi.29a77a18-598d-48b2-ab97-486af3f85d3e/none_v3 HTTP/1.0 201 - python-swiftclient-4.8.0 gAAAAABpO450Q4QS... 51 - - tx81ba4fe281b2458d9fab2-00693b8ebf - 0.0250 - - 1765510847.176145554 1765510847.201113701 0 89ff87eb6954479d969b489941791c9f
Dec 11 22:40:47 np0005556243.novalocal object-auditor[104765]: Object audit (ZBF) "forever" mode completed: 3.10s. Total quarantined: 0, Total errors: 0, Total files/sec: 50.26, Total bytes/sec: 0.00, Auditing time: 3.07, Rate: 0.99
Dec 11 22:40:47 np0005556243.novalocal object-server[96958]: ::1 - - [12/Dec/2025:03:40:47 +0000] "GET /2/6230/AUTH_402e63682d3749049fa8edf9e07dfd6e/gnocchi.0cfb6d23-5286-473d-8060-0bff0469fbcf/none_v3" 200 44 "GET https://[::1]:8080/v1/AUTH_402e63682d3749049fa8edf9e07dfd6e/gnocchi.0cfb6d23-5286-473d-8060-0bff0469fbcf/none_v3" "tx3c81d583bf4a4826a9419-00693b8ebf" "proxy-server 97888" 0.0007 "-" 96958 0
Dec 11 22:40:47 np0005556243.novalocal proxy-server[97888]: ::1 ::1 12/Dec/2025/03/40/47 GET /v1/AUTH_402e63682d3749049fa8edf9e07dfd6e/gnocchi.0cfb6d23-5286-473d-8060-0bff0469fbcf/none_v3 HTTP/1.0 200 - python-swiftclient-4.8.0 gAAAAABpO450Q4QS... - 44 - tx3c81d583bf4a4826a9419-00693b8ebf - 0.0067 - - 1765510847.224767685 1765510847.231463909 0 89ff87eb6954479d969b489941791c9f
Dec 11 22:40:47 np0005556243.novalocal object-server[96957]: ::1 - - [12/Dec/2025:03:40:47 +0000] "GET /3/83132/AUTH_402e63682d3749049fa8edf9e07dfd6e/gnocchi.affd6b57-36d4-4657-be3e-9ce75e6f3c4f/none_v3" 200 37 "GET https://[::1]:8080/v1/AUTH_402e63682d3749049fa8edf9e07dfd6e/gnocchi.affd6b57-36d4-4657-be3e-9ce75e6f3c4f/none_v3" "txda07435635344106b3f59-00693b8ebf" "proxy-server 97888" 0.0006 "-" 96957 0
Dec 11 22:40:47 np0005556243.novalocal proxy-server[97888]: ::1 ::1 12/Dec/2025/03/40/47 GET /v1/AUTH_402e63682d3749049fa8edf9e07dfd6e/gnocchi.affd6b57-36d4-4657-be3e-9ce75e6f3c4f/none_v3 HTTP/1.0 200 - python-swiftclient-4.8.0 gAAAAABpO450Q4QS... - 37 - txda07435635344106b3f59-00693b8ebf - 0.0059 - - 1765510847.233713388 1765510847.239642382 0 89ff87eb6954479d969b489941791c9f
Dec 11 22:40:47 np0005556243.novalocal container-server[96624]: ::1 - - [12/Dec/2025:03:40:47 +0000] "GET /3/233561/AUTH_402e63682d3749049fa8edf9e07dfd6e/gnocchi.0cfb6d23-5286-473d-8060-0bff0469fbcf" 200 357 "GET https://[::1]:8080/v1/AUTH_402e63682d3749049fa8edf9e07dfd6e/gnocchi.0cfb6d23-5286-473d-8060-0bff0469fbcf?format=json&states=listing" "tx0722edce8fdb4dae818e1-00693b8ebf" "proxy-server 97888" 0.0019 "-" 96624 0
Dec 11 22:40:47 np0005556243.novalocal proxy-server[97888]: ::1 ::1 12/Dec/2025/03/40/47 GET /v1/AUTH_402e63682d3749049fa8edf9e07dfd6e/gnocchi.0cfb6d23-5286-473d-8060-0bff0469fbcf%3Fformat%3Djson%26states%3Dlisting HTTP/1.0 200 - python-swiftclient-4.8.0 gAAAAABpO450Q4QS... - 357 - tx0722edce8fdb4dae818e1-00693b8ebf - 0.0081 - - 1765510847.242729187 1765510847.250806332 0 89ff87eb6954479d969b489941791c9f
Dec 11 22:40:47 np0005556243.novalocal container-server[96624]: ::1 - - [12/Dec/2025:03:40:47 +0000] "GET /3/233561/AUTH_402e63682d3749049fa8edf9e07dfd6e/gnocchi.0cfb6d23-5286-473d-8060-0bff0469fbcf" 200 2 "GET https://[::1]:8080/v1/AUTH_402e63682d3749049fa8edf9e07dfd6e/gnocchi.0cfb6d23-5286-473d-8060-0bff0469fbcf?format=json&marker=none_v3&states=listing" "txfaf351ae77f44bb4a9de5-00693b8ebf" "proxy-server 97888" 0.0015 "-" 96624 0
Dec 11 22:40:47 np0005556243.novalocal proxy-server[97888]: ::1 ::1 12/Dec/2025/03/40/47 GET /v1/AUTH_402e63682d3749049fa8edf9e07dfd6e/gnocchi.0cfb6d23-5286-473d-8060-0bff0469fbcf%3Fformat%3Djson%26marker%3Dnone_v3%26states%3Dlisting HTTP/1.0 200 - python-swiftclient-4.8.0 gAAAAABpO450Q4QS... - 2 - txfaf351ae77f44bb4a9de5-00693b8ebf - 0.0071 - - 1765510847.252882719 1765510847.259982109 0 89ff87eb6954479d969b489941791c9f
Dec 11 22:40:47 np0005556243.novalocal container-server[96624]: ::1 - - [12/Dec/2025:03:40:47 +0000] "GET /1/175641/AUTH_402e63682d3749049fa8edf9e07dfd6e/gnocchi.affd6b57-36d4-4657-be3e-9ce75e6f3c4f" 200 357 "GET https://[::1]:8080/v1/AUTH_402e63682d3749049fa8edf9e07dfd6e/gnocchi.affd6b57-36d4-4657-be3e-9ce75e6f3c4f?format=json&states=listing" "txd7f672a649fa4c399ab6b-00693b8ebf" "proxy-server 97888" 0.0017 "-" 96624 0
Dec 11 22:40:47 np0005556243.novalocal proxy-server[97888]: ::1 ::1 12/Dec/2025/03/40/47 GET /v1/AUTH_402e63682d3749049fa8edf9e07dfd6e/gnocchi.affd6b57-36d4-4657-be3e-9ce75e6f3c4f%3Fformat%3Djson%26states%3Dlisting HTTP/1.0 200 - python-swiftclient-4.8.0 gAAAAABpO450Q4QS... - 357 - txd7f672a649fa4c399ab6b-00693b8ebf - 0.0082 - - 1765510847.263295889 1765510847.271525145 0 89ff87eb6954479d969b489941791c9f
Dec 11 22:40:47 np0005556243.novalocal container-server[96625]: ::1 - - [12/Dec/2025:03:40:47 +0000] "GET /2/175641/AUTH_402e63682d3749049fa8edf9e07dfd6e/gnocchi.affd6b57-36d4-4657-be3e-9ce75e6f3c4f" 200 2 "GET https://[::1]:8080/v1/AUTH_402e63682d3749049fa8edf9e07dfd6e/gnocchi.affd6b57-36d4-4657-be3e-9ce75e6f3c4f?format=json&marker=none_v3&states=listing" "txb2d4ea162b994274ab82d-00693b8ebf" "proxy-server 97888" 0.0020 "-" 96625 0
Dec 11 22:40:47 np0005556243.novalocal proxy-server[97888]: ::1 ::1 12/Dec/2025/03/40/47 GET /v1/AUTH_402e63682d3749049fa8edf9e07dfd6e/gnocchi.affd6b57-36d4-4657-be3e-9ce75e6f3c4f%3Fformat%3Djson%26marker%3Dnone_v3%26states%3Dlisting HTTP/1.0 200 - python-swiftclient-4.8.0 gAAAAABpO450Q4QS... - 2 - txb2d4ea162b994274ab82d-00693b8ebf - 0.0077 - - 1765510847.273678303 1765510847.281384706 0 89ff87eb6954479d969b489941791c9f
Dec 11 22:40:47 np0005556243.novalocal object-server[96957]: ::1 - - [12/Dec/2025:03:40:47 +0000] "GET /3/7658/AUTH_402e63682d3749049fa8edf9e07dfd6e/gnocchi.0cfb6d23-5286-473d-8060-0bff0469fbcf/1764720000.0_mean_300.0_v3" 200 22 "GET https://[::1]:8080/v1/AUTH_402e63682d3749049fa8edf9e07dfd6e/gnocchi.0cfb6d23-5286-473d-8060-0bff0469fbcf/1764720000.0_mean_300.0_v3" "txea8f28ced195434ab1bbf-00693b8ebf" "proxy-server 97888" 0.0007 "-" 96957 0
Dec 11 22:40:47 np0005556243.novalocal proxy-server[97888]: ::1 ::1 12/Dec/2025/03/40/47 GET /v1/AUTH_402e63682d3749049fa8edf9e07dfd6e/gnocchi.0cfb6d23-5286-473d-8060-0bff0469fbcf/1764720000.0_mean_300.0_v3 HTTP/1.0 200 - python-swiftclient-4.8.0 gAAAAABpO450Q4QS... - 22 - txea8f28ced195434ab1bbf-00693b8ebf - 0.0059 - - 1765510847.284141541 1765510847.290030479 0 89ff87eb6954479d969b489941791c9f
Dec 11 22:40:47 np0005556243.novalocal object-server[96958]: ::1 - - [12/Dec/2025:03:40:47 +0000] "GET /1/199926/AUTH_402e63682d3749049fa8edf9e07dfd6e/gnocchi.affd6b57-36d4-4657-be3e-9ce75e6f3c4f/1764720000.0_mean_300.0_v3" 200 18 "GET https://[::1]:8080/v1/AUTH_402e63682d3749049fa8edf9e07dfd6e/gnocchi.affd6b57-36d4-4657-be3e-9ce75e6f3c4f/1764720000.0_mean_300.0_v3" "tx1d0389153fe64d3b83183-00693b8ebf" "proxy-server 97888" 0.0006 "-" 96958 0
Dec 11 22:40:47 np0005556243.novalocal proxy-server[97888]: ::1 ::1 12/Dec/2025/03/40/47 GET /v1/AUTH_402e63682d3749049fa8edf9e07dfd6e/gnocchi.affd6b57-36d4-4657-be3e-9ce75e6f3c4f/1764720000.0_mean_300.0_v3 HTTP/1.0 200 - python-swiftclient-4.8.0 gAAAAABpO450Q4QS... - 18 - tx1d0389153fe64d3b83183-00693b8ebf - 0.0057 - - 1765510847.292891026 1765510847.298614502 0 89ff87eb6954479d969b489941791c9f
Dec 11 22:40:47 np0005556243.novalocal object-reconstructor[96183]: Starting object reconstruction pass.
Dec 11 22:40:47 np0005556243.novalocal object-reconstructor[96183]: Nothing reconstructed for 0.0004119873046875 seconds.
Dec 11 22:40:47 np0005556243.novalocal object-reconstructor[96183]: Object reconstruction complete. (0.00 minutes)
Dec 11 22:40:47 np0005556243.novalocal container-server[96624]: ::1 - - [12/Dec/2025:03:40:47 +0000] "PUT /2/233561/AUTH_402e63682d3749049fa8edf9e07dfd6e/gnocchi.0cfb6d23-5286-473d-8060-0bff0469fbcf/1764720000.0_mean_300.0_v3" 201 - "PUT http://[::1]:8080/1/7658/AUTH_402e63682d3749049fa8edf9e07dfd6e/gnocchi.0cfb6d23-5286-473d-8060-0bff0469fbcf/1764720000.0_mean_300.0_v3" "tx0e4b067ae37b4906a872c-00693b8ebf" "object-server 96957" 0.0004 "-" 96624 0
Dec 11 22:40:47 np0005556243.novalocal object-server[96957]: ::1 - - [12/Dec/2025:03:40:47 +0000] "PUT /1/7658/AUTH_402e63682d3749049fa8edf9e07dfd6e/gnocchi.0cfb6d23-5286-473d-8060-0bff0469fbcf/1764720000.0_mean_300.0_v3" 201 - "PUT https://[::1]:8080/v1/AUTH_402e63682d3749049fa8edf9e07dfd6e/gnocchi.0cfb6d23-5286-473d-8060-0bff0469fbcf/1764720000.0_mean_300.0_v3" "tx0e4b067ae37b4906a872c-00693b8ebf" "proxy-server 97888" 0.0099 "-" 96957 0
Dec 11 22:40:47 np0005556243.novalocal container-server[96624]: ::1 - - [12/Dec/2025:03:40:47 +0000] "PUT /3/233561/AUTH_402e63682d3749049fa8edf9e07dfd6e/gnocchi.0cfb6d23-5286-473d-8060-0bff0469fbcf/1764720000.0_mean_300.0_v3" 201 - "PUT http://[::1]:8080/2/7658/AUTH_402e63682d3749049fa8edf9e07dfd6e/gnocchi.0cfb6d23-5286-473d-8060-0bff0469fbcf/1764720000.0_mean_300.0_v3" "tx0e4b067ae37b4906a872c-00693b8ebf" "object-server 96957" 0.0004 "-" 96624 0
Dec 11 22:40:47 np0005556243.novalocal container-server[96624]: ::1 - - [12/Dec/2025:03:40:47 +0000] "PUT /1/233561/AUTH_402e63682d3749049fa8edf9e07dfd6e/gnocchi.0cfb6d23-5286-473d-8060-0bff0469fbcf/1764720000.0_mean_300.0_v3" 201 - "PUT http://[::1]:8080/3/7658/AUTH_402e63682d3749049fa8edf9e07dfd6e/gnocchi.0cfb6d23-5286-473d-8060-0bff0469fbcf/1764720000.0_mean_300.0_v3" "tx0e4b067ae37b4906a872c-00693b8ebf" "object-server 96957" 0.0004 "-" 96624 0
Dec 11 22:40:47 np0005556243.novalocal object-server[96957]: ::1 - - [12/Dec/2025:03:40:47 +0000] "PUT /2/7658/AUTH_402e63682d3749049fa8edf9e07dfd6e/gnocchi.0cfb6d23-5286-473d-8060-0bff0469fbcf/1764720000.0_mean_300.0_v3" 201 - "PUT https://[::1]:8080/v1/AUTH_402e63682d3749049fa8edf9e07dfd6e/gnocchi.0cfb6d23-5286-473d-8060-0bff0469fbcf/1764720000.0_mean_300.0_v3" "tx0e4b067ae37b4906a872c-00693b8ebf" "proxy-server 97888" 0.0122 "-" 96957 0
Dec 11 22:40:47 np0005556243.novalocal object-server[96957]: ::1 - - [12/Dec/2025:03:40:47 +0000] "PUT /3/7658/AUTH_402e63682d3749049fa8edf9e07dfd6e/gnocchi.0cfb6d23-5286-473d-8060-0bff0469fbcf/1764720000.0_mean_300.0_v3" 201 - "PUT https://[::1]:8080/v1/AUTH_402e63682d3749049fa8edf9e07dfd6e/gnocchi.0cfb6d23-5286-473d-8060-0bff0469fbcf/1764720000.0_mean_300.0_v3" "tx0e4b067ae37b4906a872c-00693b8ebf" "proxy-server 97888" 0.0136 "-" 96957 0
Dec 11 22:40:47 np0005556243.novalocal proxy-server[97888]: ::1 ::1 12/Dec/2025/03/40/47 PUT /v1/AUTH_402e63682d3749049fa8edf9e07dfd6e/gnocchi.0cfb6d23-5286-473d-8060-0bff0469fbcf/1764720000.0_mean_300.0_v3 HTTP/1.0 201 - python-swiftclient-4.8.0 gAAAAABpO450Q4QS... 22 - - tx0e4b067ae37b4906a872c-00693b8ebf - 0.0206 - - 1765510847.300803900 1765510847.321393967 0 89ff87eb6954479d969b489941791c9f
Dec 11 22:40:47 np0005556243.novalocal container-server[96624]: ::1 - - [12/Dec/2025:03:40:47 +0000] "PUT /2/175641/AUTH_402e63682d3749049fa8edf9e07dfd6e/gnocchi.affd6b57-36d4-4657-be3e-9ce75e6f3c4f/1764720000.0_mean_300.0_v3" 201 - "PUT http://[::1]:8080/1/199926/AUTH_402e63682d3749049fa8edf9e07dfd6e/gnocchi.affd6b57-36d4-4657-be3e-9ce75e6f3c4f/1764720000.0_mean_300.0_v3" "tx509fdd2f617f489286fc3-00693b8ebf" "object-server 96958" 0.0004 "-" 96624 0
Dec 11 22:40:47 np0005556243.novalocal object-server[96958]: ::1 - - [12/Dec/2025:03:40:47 +0000] "PUT /1/199926/AUTH_402e63682d3749049fa8edf9e07dfd6e/gnocchi.affd6b57-36d4-4657-be3e-9ce75e6f3c4f/1764720000.0_mean_300.0_v3" 201 - "PUT https://[::1]:8080/v1/AUTH_402e63682d3749049fa8edf9e07dfd6e/gnocchi.affd6b57-36d4-4657-be3e-9ce75e6f3c4f/1764720000.0_mean_300.0_v3" "tx509fdd2f617f489286fc3-00693b8ebf" "proxy-server 97888" 0.0101 "-" 96958 0
Dec 11 22:40:47 np0005556243.novalocal container-server[96624]: ::1 - - [12/Dec/2025:03:40:47 +0000] "PUT /1/175641/AUTH_402e63682d3749049fa8edf9e07dfd6e/gnocchi.affd6b57-36d4-4657-be3e-9ce75e6f3c4f/1764720000.0_mean_300.0_v3" 201 - "PUT http://[::1]:8080/3/199926/AUTH_402e63682d3749049fa8edf9e07dfd6e/gnocchi.affd6b57-36d4-4657-be3e-9ce75e6f3c4f/1764720000.0_mean_300.0_v3" "tx509fdd2f617f489286fc3-00693b8ebf" "object-server 96957" 0.0003 "-" 96624 0
Dec 11 22:40:47 np0005556243.novalocal object-server[96957]: ::1 - - [12/Dec/2025:03:40:47 +0000] "PUT /3/199926/AUTH_402e63682d3749049fa8edf9e07dfd6e/gnocchi.affd6b57-36d4-4657-be3e-9ce75e6f3c4f/1764720000.0_mean_300.0_v3" 201 - "PUT https://[::1]:8080/v1/AUTH_402e63682d3749049fa8edf9e07dfd6e/gnocchi.affd6b57-36d4-4657-be3e-9ce75e6f3c4f/1764720000.0_mean_300.0_v3" "tx509fdd2f617f489286fc3-00693b8ebf" "proxy-server 97888" 0.0114 "-" 96957 0
Dec 11 22:40:47 np0005556243.novalocal container-server[96625]: ::1 - - [12/Dec/2025:03:40:47 +0000] "PUT /3/175641/AUTH_402e63682d3749049fa8edf9e07dfd6e/gnocchi.affd6b57-36d4-4657-be3e-9ce75e6f3c4f/1764720000.0_mean_300.0_v3" 201 - "PUT http://[::1]:8080/2/199926/AUTH_402e63682d3749049fa8edf9e07dfd6e/gnocchi.affd6b57-36d4-4657-be3e-9ce75e6f3c4f/1764720000.0_mean_300.0_v3" "tx509fdd2f617f489286fc3-00693b8ebf" "object-server 96958" 0.0005 "-" 96625 0
Dec 11 22:40:47 np0005556243.novalocal object-server[96958]: ::1 - - [12/Dec/2025:03:40:47 +0000] "PUT /2/199926/AUTH_402e63682d3749049fa8edf9e07dfd6e/gnocchi.affd6b57-36d4-4657-be3e-9ce75e6f3c4f/1764720000.0_mean_300.0_v3" 201 - "PUT https://[::1]:8080/v1/AUTH_402e63682d3749049fa8edf9e07dfd6e/gnocchi.affd6b57-36d4-4657-be3e-9ce75e6f3c4f/1764720000.0_mean_300.0_v3" "tx509fdd2f617f489286fc3-00693b8ebf" "proxy-server 97888" 0.0119 "-" 96958 0
Dec 11 22:40:47 np0005556243.novalocal proxy-server[97888]: ::1 ::1 12/Dec/2025/03/40/47 PUT /v1/AUTH_402e63682d3749049fa8edf9e07dfd6e/gnocchi.affd6b57-36d4-4657-be3e-9ce75e6f3c4f/1764720000.0_mean_300.0_v3 HTTP/1.0 201 - python-swiftclient-4.8.0 gAAAAABpO450Q4QS... 18 - - tx509fdd2f617f489286fc3-00693b8ebf - 0.0262 - - 1765510847.329603434 1765510847.355759859 0 89ff87eb6954479d969b489941791c9f
Dec 11 22:40:47 np0005556243.novalocal container-server[96625]: ::1 - - [12/Dec/2025:03:40:47 +0000] "PUT /2/233561/AUTH_402e63682d3749049fa8edf9e07dfd6e/gnocchi.0cfb6d23-5286-473d-8060-0bff0469fbcf/none_v3" 201 - "PUT http://[::1]:8080/2/6230/AUTH_402e63682d3749049fa8edf9e07dfd6e/gnocchi.0cfb6d23-5286-473d-8060-0bff0469fbcf/none_v3" "tx2e476f3ae106434caa947-00693b8ebf" "object-server 96957" 0.0005 "-" 96625 0
Dec 11 22:40:47 np0005556243.novalocal object-server[96957]: ::1 - - [12/Dec/2025:03:40:47 +0000] "PUT /2/6230/AUTH_402e63682d3749049fa8edf9e07dfd6e/gnocchi.0cfb6d23-5286-473d-8060-0bff0469fbcf/none_v3" 201 - "PUT https://[::1]:8080/v1/AUTH_402e63682d3749049fa8edf9e07dfd6e/gnocchi.0cfb6d23-5286-473d-8060-0bff0469fbcf/none_v3" "tx2e476f3ae106434caa947-00693b8ebf" "proxy-server 97888" 0.0122 "-" 96957 0
Dec 11 22:40:47 np0005556243.novalocal container-server[96625]: ::1 - - [12/Dec/2025:03:40:47 +0000] "PUT /3/233561/AUTH_402e63682d3749049fa8edf9e07dfd6e/gnocchi.0cfb6d23-5286-473d-8060-0bff0469fbcf/none_v3" 201 - "PUT http://[::1]:8080/1/6230/AUTH_402e63682d3749049fa8edf9e07dfd6e/gnocchi.0cfb6d23-5286-473d-8060-0bff0469fbcf/none_v3" "tx2e476f3ae106434caa947-00693b8ebf" "object-server 96957" 0.0003 "-" 96625 0
Dec 11 22:40:47 np0005556243.novalocal object-server[96957]: ::1 - - [12/Dec/2025:03:40:47 +0000] "PUT /1/6230/AUTH_402e63682d3749049fa8edf9e07dfd6e/gnocchi.0cfb6d23-5286-473d-8060-0bff0469fbcf/none_v3" 201 - "PUT https://[::1]:8080/v1/AUTH_402e63682d3749049fa8edf9e07dfd6e/gnocchi.0cfb6d23-5286-473d-8060-0bff0469fbcf/none_v3" "tx2e476f3ae106434caa947-00693b8ebf" "proxy-server 97888" 0.0147 "-" 96957 0
Dec 11 22:40:47 np0005556243.novalocal container-server[96625]: ::1 - - [12/Dec/2025:03:40:47 +0000] "PUT /1/233561/AUTH_402e63682d3749049fa8edf9e07dfd6e/gnocchi.0cfb6d23-5286-473d-8060-0bff0469fbcf/none_v3" 201 - "PUT http://[::1]:8080/3/6230/AUTH_402e63682d3749049fa8edf9e07dfd6e/gnocchi.0cfb6d23-5286-473d-8060-0bff0469fbcf/none_v3" "tx2e476f3ae106434caa947-00693b8ebf" "object-server 96957" 0.0003 "-" 96625 0
Dec 11 22:40:47 np0005556243.novalocal object-server[96957]: ::1 - - [12/Dec/2025:03:40:47 +0000] "PUT /3/6230/AUTH_402e63682d3749049fa8edf9e07dfd6e/gnocchi.0cfb6d23-5286-473d-8060-0bff0469fbcf/none_v3" 201 - "PUT https://[::1]:8080/v1/AUTH_402e63682d3749049fa8edf9e07dfd6e/gnocchi.0cfb6d23-5286-473d-8060-0bff0469fbcf/none_v3" "tx2e476f3ae106434caa947-00693b8ebf" "proxy-server 97888" 0.0156 "-" 96957 0
Dec 11 22:40:47 np0005556243.novalocal proxy-server[97888]: ::1 ::1 12/Dec/2025/03/40/47 PUT /v1/AUTH_402e63682d3749049fa8edf9e07dfd6e/gnocchi.0cfb6d23-5286-473d-8060-0bff0469fbcf/none_v3 HTTP/1.0 201 - python-swiftclient-4.8.0 gAAAAABpO450Q4QS... 50 - - tx2e476f3ae106434caa947-00693b8ebf - 0.0259 - - 1765510847.358645678 1765510847.384589195 0 89ff87eb6954479d969b489941791c9f
Dec 11 22:40:47 np0005556243.novalocal container-server[96624]: ::1 - - [12/Dec/2025:03:40:47 +0000] "PUT /2/175641/AUTH_402e63682d3749049fa8edf9e07dfd6e/gnocchi.affd6b57-36d4-4657-be3e-9ce75e6f3c4f/none_v3" 201 - "PUT http://[::1]:8080/1/83132/AUTH_402e63682d3749049fa8edf9e07dfd6e/gnocchi.affd6b57-36d4-4657-be3e-9ce75e6f3c4f/none_v3" "tx45d5b6b9805549e599dda-00693b8ebf" "object-server 96958" 0.0004 "-" 96624 0
Dec 11 22:40:47 np0005556243.novalocal object-server[96958]: ::1 - - [12/Dec/2025:03:40:47 +0000] "PUT /1/83132/AUTH_402e63682d3749049fa8edf9e07dfd6e/gnocchi.affd6b57-36d4-4657-be3e-9ce75e6f3c4f/none_v3" 201 - "PUT https://[::1]:8080/v1/AUTH_402e63682d3749049fa8edf9e07dfd6e/gnocchi.affd6b57-36d4-4657-be3e-9ce75e6f3c4f/none_v3" "tx45d5b6b9805549e599dda-00693b8ebf" "proxy-server 97888" 0.0099 "-" 96958 0
Dec 11 22:40:47 np0005556243.novalocal container-server[96625]: ::1 - - [12/Dec/2025:03:40:47 +0000] "PUT /3/175641/AUTH_402e63682d3749049fa8edf9e07dfd6e/gnocchi.affd6b57-36d4-4657-be3e-9ce75e6f3c4f/none_v3" 201 - "PUT http://[::1]:8080/3/83132/AUTH_402e63682d3749049fa8edf9e07dfd6e/gnocchi.affd6b57-36d4-4657-be3e-9ce75e6f3c4f/none_v3" "tx45d5b6b9805549e599dda-00693b8ebf" "object-server 96958" 0.0003 "-" 96625 0
Dec 11 22:40:47 np0005556243.novalocal container-server[96624]: ::1 - - [12/Dec/2025:03:40:47 +0000] "PUT /1/175641/AUTH_402e63682d3749049fa8edf9e07dfd6e/gnocchi.affd6b57-36d4-4657-be3e-9ce75e6f3c4f/none_v3" 201 - "PUT http://[::1]:8080/2/83132/AUTH_402e63682d3749049fa8edf9e07dfd6e/gnocchi.affd6b57-36d4-4657-be3e-9ce75e6f3c4f/none_v3" "tx45d5b6b9805549e599dda-00693b8ebf" "object-server 96958" 0.0003 "-" 96624 0
Dec 11 22:40:47 np0005556243.novalocal object-server[96958]: ::1 - - [12/Dec/2025:03:40:47 +0000] "PUT /3/83132/AUTH_402e63682d3749049fa8edf9e07dfd6e/gnocchi.affd6b57-36d4-4657-be3e-9ce75e6f3c4f/none_v3" 201 - "PUT https://[::1]:8080/v1/AUTH_402e63682d3749049fa8edf9e07dfd6e/gnocchi.affd6b57-36d4-4657-be3e-9ce75e6f3c4f/none_v3" "tx45d5b6b9805549e599dda-00693b8ebf" "proxy-server 97888" 0.0133 "-" 96958 0
Dec 11 22:40:47 np0005556243.novalocal object-server[96958]: ::1 - - [12/Dec/2025:03:40:47 +0000] "PUT /2/83132/AUTH_402e63682d3749049fa8edf9e07dfd6e/gnocchi.affd6b57-36d4-4657-be3e-9ce75e6f3c4f/none_v3" 201 - "PUT https://[::1]:8080/v1/AUTH_402e63682d3749049fa8edf9e07dfd6e/gnocchi.affd6b57-36d4-4657-be3e-9ce75e6f3c4f/none_v3" "tx45d5b6b9805549e599dda-00693b8ebf" "proxy-server 97888" 0.0158 "-" 96958 0
Dec 11 22:40:47 np0005556243.novalocal proxy-server[97888]: ::1 ::1 12/Dec/2025/03/40/47 PUT /v1/AUTH_402e63682d3749049fa8edf9e07dfd6e/gnocchi.affd6b57-36d4-4657-be3e-9ce75e6f3c4f/none_v3 HTTP/1.0 201 - python-swiftclient-4.8.0 gAAAAABpO450Q4QS... 44 - - tx45d5b6b9805549e599dda-00693b8ebf - 0.0221 - - 1765510847.386512756 1765510847.408652782 0 89ff87eb6954479d969b489941791c9f
Dec 11 22:40:47 np0005556243.novalocal kernel: qg-42b80638-81: entered promiscuous mode
Dec 11 22:40:47 np0005556243.novalocal systemd-udevd[105185]: Network interface NamePolicy= disabled on kernel command line.
Dec 11 22:40:47 np0005556243.novalocal NetworkManager[859]: [1765510847.4834] manager: (qg-42b80638-81): 'openvswitch' plugin not available; creating generic device
Dec 11 22:40:47 np0005556243.novalocal NetworkManager[859]: [1765510847.4853] manager: (qg-42b80638-81): new Generic device (/org/freedesktop/NetworkManager/Devices/38)
Dec 11 22:40:48 np0005556243.novalocal dnsmasq[105256]: started, version 2.85 cachesize 150
Dec 11 22:40:48 np0005556243.novalocal dnsmasq[105256]: DNS service limited to local subnets
Dec 11 22:40:48 np0005556243.novalocal dnsmasq[105256]: compile time options: IPv6 GNU-getopt DBus no-UBus no-i18n IDN2 DHCP DHCPv6 no-Lua TFTP no-conntrack ipset auth cryptohash DNSSEC loop-detect inotify dumpfile
Dec 11 22:40:48 np0005556243.novalocal dnsmasq[105256]: warning: no upstream servers configured
Dec 11 22:40:48 np0005556243.novalocal dnsmasq-dhcp[105256]: DHCP, static leases only on 10.100.0.0, lease time 1d
Dec 11 22:40:48 np0005556243.novalocal dnsmasq[105256]: read /var/lib/neutron/dhcp/629d80b2-3b51-437c-b99d-a9e7d908a4e7/addn_hosts - 0 addresses
Dec 11 22:40:48 np0005556243.novalocal dnsmasq-dhcp[105256]: read /var/lib/neutron/dhcp/629d80b2-3b51-437c-b99d-a9e7d908a4e7/host
Dec 11 22:40:48 np0005556243.novalocal dnsmasq-dhcp[105256]: read /var/lib/neutron/dhcp/629d80b2-3b51-437c-b99d-a9e7d908a4e7/opts
Dec 11 22:40:48 np0005556243.novalocal object-server[96958]: ::1 - - [12/Dec/2025:03:40:48 +0000] "GET /1/40812/AUTH_402e63682d3749049fa8edf9e07dfd6e/gnocchi.ab02a225-1907-4ad1-98e1-74e6b8270913/none_v3" 200 51 "GET https://[::1]:8080/v1/AUTH_402e63682d3749049fa8edf9e07dfd6e/gnocchi.ab02a225-1907-4ad1-98e1-74e6b8270913/none_v3" "txeb61ee20ebf04dd090543-00693b8ec0" "proxy-server 97889" 0.0009 "-" 96958 0
Dec 11 22:40:48 np0005556243.novalocal proxy-server[97889]: ::1 ::1 12/Dec/2025/03/40/48 GET /v1/AUTH_402e63682d3749049fa8edf9e07dfd6e/gnocchi.ab02a225-1907-4ad1-98e1-74e6b8270913/none_v3 HTTP/1.0 200 - python-swiftclient-4.8.0 gAAAAABpO452jeI2... - 51 - txeb61ee20ebf04dd090543-00693b8ec0 - 0.0094 - - 1765510848.914401054 1765510848.923794746 0 89ff87eb6954479d969b489941791c9f
Dec 11 22:40:48 np0005556243.novalocal container-server[96625]: ::1 - - [12/Dec/2025:03:40:48 +0000] "GET /3/104017/AUTH_402e63682d3749049fa8edf9e07dfd6e/gnocchi.ab02a225-1907-4ad1-98e1-74e6b8270913" 200 357 "GET https://[::1]:8080/v1/AUTH_402e63682d3749049fa8edf9e07dfd6e/gnocchi.ab02a225-1907-4ad1-98e1-74e6b8270913?format=json&states=listing" "txdc7e45b9594e45b0a2871-00693b8ec0" "proxy-server 97889" 0.0055 "-" 96625 0
Dec 11 22:40:48 np0005556243.novalocal proxy-server[97889]: ::1 ::1 12/Dec/2025/03/40/48 GET /v1/AUTH_402e63682d3749049fa8edf9e07dfd6e/gnocchi.ab02a225-1907-4ad1-98e1-74e6b8270913%3Fformat%3Djson%26states%3Dlisting HTTP/1.0 200 - python-swiftclient-4.8.0 gAAAAABpO452jeI2... - 357 - txdc7e45b9594e45b0a2871-00693b8ec0 - 0.0136 - - 1765510848.928353071 1765510848.941956520 0 89ff87eb6954479d969b489941791c9f
Dec 11 22:40:48 np0005556243.novalocal container-server[96625]: ::1 - - [12/Dec/2025:03:40:48 +0000] "GET /1/104017/AUTH_402e63682d3749049fa8edf9e07dfd6e/gnocchi.ab02a225-1907-4ad1-98e1-74e6b8270913" 200 2 "GET https://[::1]:8080/v1/AUTH_402e63682d3749049fa8edf9e07dfd6e/gnocchi.ab02a225-1907-4ad1-98e1-74e6b8270913?format=json&marker=none_v3&states=listing" "tx2d046d3f1a9141ef8d837-00693b8ec0" "proxy-server 97889" 0.0061 "-" 96625 0
Dec 11 22:40:48 np0005556243.novalocal proxy-server[97889]: ::1 ::1 12/Dec/2025/03/40/48 GET /v1/AUTH_402e63682d3749049fa8edf9e07dfd6e/gnocchi.ab02a225-1907-4ad1-98e1-74e6b8270913%3Fformat%3Djson%26marker%3Dnone_v3%26states%3Dlisting HTTP/1.0 200 - python-swiftclient-4.8.0 gAAAAABpO452jeI2... - 2 - tx2d046d3f1a9141ef8d837-00693b8ec0 - 0.0143 - - 1765510848.945446968 1765510848.959778070 0 89ff87eb6954479d969b489941791c9f
Dec 11 22:40:48 np0005556243.novalocal object-server[96958]: ::1 - - [12/Dec/2025:03:40:48 +0000] "GET /3/1648/AUTH_402e63682d3749049fa8edf9e07dfd6e/gnocchi.ab02a225-1907-4ad1-98e1-74e6b8270913/1764720000.0_mean_300.0_v3" 200 23 "GET https://[::1]:8080/v1/AUTH_402e63682d3749049fa8edf9e07dfd6e/gnocchi.ab02a225-1907-4ad1-98e1-74e6b8270913/1764720000.0_mean_300.0_v3" "tx2b1105dd75864d6d8d26a-00693b8ec0" "proxy-server 97889" 0.0008 "-" 96958 0
Dec 11 22:40:48 np0005556243.novalocal proxy-server[97889]: ::1 ::1 12/Dec/2025/03/40/48 GET /v1/AUTH_402e63682d3749049fa8edf9e07dfd6e/gnocchi.ab02a225-1907-4ad1-98e1-74e6b8270913/1764720000.0_mean_300.0_v3 HTTP/1.0 200 - python-swiftclient-4.8.0 gAAAAABpO452jeI2... - 23 - tx2b1105dd75864d6d8d26a-00693b8ec0 - 0.0083 - - 1765510848.964492798 1765510848.972820759 0 89ff87eb6954479d969b489941791c9f
Dec 11 22:40:49 np0005556243.novalocal container-server[96625]: ::1 - - [12/Dec/2025:03:40:49 +0000] "PUT /2/104017/AUTH_402e63682d3749049fa8edf9e07dfd6e/gnocchi.ab02a225-1907-4ad1-98e1-74e6b8270913/1764720000.0_mean_300.0_v3" 201 - "PUT http://[::1]:8080/3/1648/AUTH_402e63682d3749049fa8edf9e07dfd6e/gnocchi.ab02a225-1907-4ad1-98e1-74e6b8270913/1764720000.0_mean_300.0_v3" "tx8c834c60435e4e9cbdce1-00693b8ec0" "object-server 96957" 0.0005 "-" 96625 0
Dec 11 22:40:49 np0005556243.novalocal container-server[96624]: ::1 - - [12/Dec/2025:03:40:49 +0000] "PUT /1/104017/AUTH_402e63682d3749049fa8edf9e07dfd6e/gnocchi.ab02a225-1907-4ad1-98e1-74e6b8270913/1764720000.0_mean_300.0_v3" 201 - "PUT http://[::1]:8080/1/1648/AUTH_402e63682d3749049fa8edf9e07dfd6e/gnocchi.ab02a225-1907-4ad1-98e1-74e6b8270913/1764720000.0_mean_300.0_v3" "tx8c834c60435e4e9cbdce1-00693b8ec0" "object-server 96957" 0.0010 "-" 96624 0
Dec 11 22:40:49 np0005556243.novalocal object-server[96957]: ::1 - - [12/Dec/2025:03:40:49 +0000] "PUT /3/1648/AUTH_402e63682d3749049fa8edf9e07dfd6e/gnocchi.ab02a225-1907-4ad1-98e1-74e6b8270913/1764720000.0_mean_300.0_v3" 201 - "PUT https://[::1]:8080/v1/AUTH_402e63682d3749049fa8edf9e07dfd6e/gnocchi.ab02a225-1907-4ad1-98e1-74e6b8270913/1764720000.0_mean_300.0_v3" "tx8c834c60435e4e9cbdce1-00693b8ec0" "proxy-server 97889" 0.0148 "-" 96957 0
Dec 11 22:40:49 np0005556243.novalocal object-server[96957]: ::1 - - [12/Dec/2025:03:40:49 +0000] "PUT /1/1648/AUTH_402e63682d3749049fa8edf9e07dfd6e/gnocchi.ab02a225-1907-4ad1-98e1-74e6b8270913/1764720000.0_mean_300.0_v3" 201 - "PUT https://[::1]:8080/v1/AUTH_402e63682d3749049fa8edf9e07dfd6e/gnocchi.ab02a225-1907-4ad1-98e1-74e6b8270913/1764720000.0_mean_300.0_v3" "tx8c834c60435e4e9cbdce1-00693b8ec0" "proxy-server 97889" 0.0198 "-" 96957 0
Dec 11 22:40:49 np0005556243.novalocal container-server[96624]: ::1 - - [12/Dec/2025:03:40:49 +0000] "PUT /3/104017/AUTH_402e63682d3749049fa8edf9e07dfd6e/gnocchi.ab02a225-1907-4ad1-98e1-74e6b8270913/1764720000.0_mean_300.0_v3" 201 - "PUT http://[::1]:8080/2/1648/AUTH_402e63682d3749049fa8edf9e07dfd6e/gnocchi.ab02a225-1907-4ad1-98e1-74e6b8270913/1764720000.0_mean_300.0_v3" "tx8c834c60435e4e9cbdce1-00693b8ec0" "object-server 96957" 0.0008 "-" 96624 0
Dec 11 22:40:49 np0005556243.novalocal object-server[96957]: ::1 - - [12/Dec/2025:03:40:49 +0000] "PUT /2/1648/AUTH_402e63682d3749049fa8edf9e07dfd6e/gnocchi.ab02a225-1907-4ad1-98e1-74e6b8270913/1764720000.0_mean_300.0_v3" 201 - "PUT https://[::1]:8080/v1/AUTH_402e63682d3749049fa8edf9e07dfd6e/gnocchi.ab02a225-1907-4ad1-98e1-74e6b8270913/1764720000.0_mean_300.0_v3" "tx8c834c60435e4e9cbdce1-00693b8ec0" "proxy-server 97889" 0.0220 "-" 96957 0
Dec 11 22:40:49 np0005556243.novalocal proxy-server[97889]: ::1 ::1 12/Dec/2025/03/40/49 PUT /v1/AUTH_402e63682d3749049fa8edf9e07dfd6e/gnocchi.ab02a225-1907-4ad1-98e1-74e6b8270913/1764720000.0_mean_300.0_v3 HTTP/1.0 201 - python-swiftclient-4.8.0 gAAAAABpO452jeI2... 23 - - tx8c834c60435e4e9cbdce1-00693b8ec0 - 0.0337 - - 1765510848.976628304 1765510849.010373592 0 89ff87eb6954479d969b489941791c9f
Dec 11 22:40:49 np0005556243.novalocal container-server[96625]: ::1 - - [12/Dec/2025:03:40:49 +0000] "PUT /3/104017/AUTH_402e63682d3749049fa8edf9e07dfd6e/gnocchi.ab02a225-1907-4ad1-98e1-74e6b8270913/none_v3" 201 - "PUT http://[::1]:8080/2/40812/AUTH_402e63682d3749049fa8edf9e07dfd6e/gnocchi.ab02a225-1907-4ad1-98e1-74e6b8270913/none_v3" "tx7e8ccd1fff434877a9639-00693b8ec1" "object-server 96957" 0.0005 "-" 96625 0
