Jan 26 19:01:40 standalone account-server[127677]: 172.20.0.100 - - [26/Jan/2026:19:01:40 +0000] "PUT /d1/322/AUTH_f458f38cec3a490abb06bb131bd8a9ef/gnocchi.25881eb8-38d4-47e5-b6bd-30fed4e9534a" 201 - "-" "-" "container-updater 2" 0.0005 "-" 19 0
Jan 26 19:01:40 standalone account-server[127677]: 172.20.0.100 - - [26/Jan/2026:19:01:40 +0000] "PUT /d1/322/AUTH_f458f38cec3a490abb06bb131bd8a9ef/gnocchi.b64bed0b-2312-4003-8a0a-cec1100b6b67" 201 - "-" "-" "container-updater 2" 0.0005 "-" 19 0
Jan 26 19:01:40 standalone container-server[127678]: Container update sweep completed: 0.87s
Jan 26 19:01:43 standalone container-server[127794]: 172.20.0.100 - - [26/Jan/2026:19:01:43 +0000] "HEAD /d1/736/AUTH_f458f38cec3a490abb06bb131bd8a9ef/gnocchi.548b8dde-7c50-44cc-9eae-25a696c523e1" 404 - "HEAD http://172.18.0.2:8080/v1/AUTH_f458f38cec3a490abb06bb131bd8a9ef/gnocchi.548b8dde-7c50-44cc-9eae-25a696c523e1?format=json&states=listing" "txee59fc70d701404fbcbda-006977ba17" "proxy-server 20" 0.0005 "-" 21 0
Jan 26 19:01:43 standalone object-server[127938]: 172.20.0.100 - - [26/Jan/2026:19:01:43 +0000] "GET /d1/651/AUTH_f458f38cec3a490abb06bb131bd8a9ef/gnocchi.548b8dde-7c50-44cc-9eae-25a696c523e1/none_v3" 404 70 "GET http://172.18.0.2:8080/v1/AUTH_f458f38cec3a490abb06bb131bd8a9ef/gnocchi.548b8dde-7c50-44cc-9eae-25a696c523e1/none_v3" "txee59fc70d701404fbcbda-006977ba17" "proxy-server 20" 0.0008 "-" 24 0
Jan 26 19:01:43 standalone proxy-server[129985]: 172.18.0.2 172.18.0.100 26/Jan/2026/19/01/43 GET /v1/AUTH_f458f38cec3a490abb06bb131bd8a9ef/gnocchi.548b8dde-7c50-44cc-9eae-25a696c523e1/none_v3 HTTP/1.0 404 - python-swiftclient-3.11.1 gAAAAABpd7mmKgIl... - 70 - txee59fc70d701404fbcbda-006977ba17 - 0.0097 - - 1769454103.478510857 1769454103.488202095 0
Jan 26 19:01:43 standalone account-server[127703]: 172.20.0.100 - - [26/Jan/2026:19:01:43 +0000] "PUT /d1/322/AUTH_f458f38cec3a490abb06bb131bd8a9ef/gnocchi.548b8dde-7c50-44cc-9eae-25a696c523e1" 201 - "PUT http://172.20.0.100:6001/d1/736/AUTH_f458f38cec3a490abb06bb131bd8a9ef/gnocchi.548b8dde-7c50-44cc-9eae-25a696c523e1" "tx77cfd95cbf6a4cfda1204-006977ba17" "container-server 23" 0.0079 "-" 21 0
Jan 26 19:01:43 standalone container-server[127808]: 172.20.0.100 - - [26/Jan/2026:19:01:43 +0000] "PUT /d1/736/AUTH_f458f38cec3a490abb06bb131bd8a9ef/gnocchi.548b8dde-7c50-44cc-9eae-25a696c523e1" 201 - "PUT http://172.18.0.2:8080/v1/AUTH_f458f38cec3a490abb06bb131bd8a9ef/gnocchi.548b8dde-7c50-44cc-9eae-25a696c523e1" "tx77cfd95cbf6a4cfda1204-006977ba17" "proxy-server 20" 0.0178 "-" 23 0
Jan 26 19:01:43 standalone proxy-server[129985]: 172.18.0.2 172.18.0.100 26/Jan/2026/19/01/43 PUT /v1/AUTH_f458f38cec3a490abb06bb131bd8a9ef/gnocchi.548b8dde-7c50-44cc-9eae-25a696c523e1 HTTP/1.0 201 - python-swiftclient-3.11.1 gAAAAABpd7mmKgIl... - - - tx77cfd95cbf6a4cfda1204-006977ba17 - 0.0213 - - 1769454103.492632151 1769454103.513894320 0
Jan 26 19:01:43 standalone container-server[127802]: 172.20.0.100 - - [26/Jan/2026:19:01:43 +0000] "HEAD /d1/736/AUTH_f458f38cec3a490abb06bb131bd8a9ef/gnocchi.548b8dde-7c50-44cc-9eae-25a696c523e1" 204 - "HEAD http://172.18.0.2:8080/v1/AUTH_f458f38cec3a490abb06bb131bd8a9ef/gnocchi.548b8dde-7c50-44cc-9eae-25a696c523e1?format=json&states=listing" "txb2ade0d01fb04b56a8cf3-006977ba17" "proxy-server 20" 0.0022 "-" 22 0
Jan 26 19:01:43 standalone proxy-server[129985]: - - 26/Jan/2026/19/01/43 HEAD /v1/AUTH_f458f38cec3a490abb06bb131bd8a9ef/gnocchi.548b8dde-7c50-44cc-9eae-25a696c523e1%3Fformat%3Djson%26states%3Dlisting HTTP/1.0 204 - Swift - - - - txb2ade0d01fb04b56a8cf3-006977ba17 - 0.0053 RL - 1769454103.518678665 1769454103.524008989 0
Jan 26 19:01:43 standalone container-server[127792]: 172.20.0.100 - - [26/Jan/2026:19:01:43 +0000] "GET /d1/736/AUTH_f458f38cec3a490abb06bb131bd8a9ef/gnocchi.548b8dde-7c50-44cc-9eae-25a696c523e1" 200 2 "GET http://172.18.0.2:8080/v1/AUTH_f458f38cec3a490abb06bb131bd8a9ef/gnocchi.548b8dde-7c50-44cc-9eae-25a696c523e1?format=json&states=listing" "txb2ade0d01fb04b56a8cf3-006977ba17" "proxy-server 20" 0.0033 "-" 20 0
Jan 26 19:01:43 standalone proxy-server[129985]: 172.18.0.2 172.18.0.100 26/Jan/2026/19/01/43 GET /v1/AUTH_f458f38cec3a490abb06bb131bd8a9ef/gnocchi.548b8dde-7c50-44cc-9eae-25a696c523e1%3Fformat%3Djson%26states%3Dlisting HTTP/1.0 200 - python-swiftclient-3.11.1 gAAAAABpd7mmKgIl... - 2 - txb2ade0d01fb04b56a8cf3-006977ba17 - 0.0146 - - 1769454103.517837286 1769454103.532402277 0
Jan 26 19:01:43 standalone object-server[127947]: 172.20.0.100 - - [26/Jan/2026:19:01:43 +0000] "GET /d1/196/AUTH_f458f38cec3a490abb06bb131bd8a9ef/gnocchi.548b8dde-7c50-44cc-9eae-25a696c523e1/1769040000.0_mean_300.0_v3" 404 70 "GET http://172.18.0.2:8080/v1/AUTH_f458f38cec3a490abb06bb131bd8a9ef/gnocchi.548b8dde-7c50-44cc-9eae-25a696c523e1/1769040000.0_mean_300.0_v3" "txa1e880639f704ef1aff29-006977ba17" "proxy-server 20" 0.0003 "-" 25 0
Jan 26 19:01:43 standalone proxy-server[129985]: 172.18.0.2 172.18.0.100 26/Jan/2026/19/01/43 GET /v1/AUTH_f458f38cec3a490abb06bb131bd8a9ef/gnocchi.548b8dde-7c50-44cc-9eae-25a696c523e1/1769040000.0_mean_300.0_v3 HTTP/1.0 404 - python-swiftclient-3.11.1 gAAAAABpd7mmKgIl... - 70 - txa1e880639f704ef1aff29-006977ba17 - 0.0040 - - 1769454103.537374496 1769454103.541407585 0
Jan 26 19:01:43 standalone container-server[127802]: 172.20.0.100 - - [26/Jan/2026:19:01:43 +0000] "PUT /d1/736/AUTH_f458f38cec3a490abb06bb131bd8a9ef/gnocchi.548b8dde-7c50-44cc-9eae-25a696c523e1/1769040000.0_mean_300.0_v3" 201 - "PUT http://172.18.0.2:8080/d1/196/AUTH_f458f38cec3a490abb06bb131bd8a9ef/gnocchi.548b8dde-7c50-44cc-9eae-25a696c523e1/1769040000.0_mean_300.0_v3" "tx75ce7d5b37d243b8a79a1-006977ba17" "object-server 22" 0.0010 "-" 22 0
Jan 26 19:01:43 standalone object-server[127928]: 172.20.0.100 - - [26/Jan/2026:19:01:43 +0000] "PUT /d1/196/AUTH_f458f38cec3a490abb06bb131bd8a9ef/gnocchi.548b8dde-7c50-44cc-9eae-25a696c523e1/1769040000.0_mean_300.0_v3" 201 - "PUT http://172.18.0.2:8080/v1/AUTH_f458f38cec3a490abb06bb131bd8a9ef/gnocchi.548b8dde-7c50-44cc-9eae-25a696c523e1/1769040000.0_mean_300.0_v3" "tx75ce7d5b37d243b8a79a1-006977ba17" "proxy-server 20" 0.0114 "-" 22 0
Jan 26 19:01:43 standalone proxy-server[129985]: 172.18.0.2 172.18.0.100 26/Jan/2026/19/01/43 PUT /v1/AUTH_f458f38cec3a490abb06bb131bd8a9ef/gnocchi.548b8dde-7c50-44cc-9eae-25a696c523e1/1769040000.0_mean_300.0_v3 HTTP/1.0 201 - python-swiftclient-3.11.1 gAAAAABpd7mmKgIl... 16 - - tx75ce7d5b37d243b8a79a1-006977ba17 - 0.0155 - - 1769454103.544744968 1769454103.560228348 0
Jan 26 19:01:43 standalone container-server[127792]: 172.20.0.100 - - [26/Jan/2026:19:01:43 +0000] "PUT /d1/736/AUTH_f458f38cec3a490abb06bb131bd8a9ef/gnocchi.548b8dde-7c50-44cc-9eae-25a696c523e1/none_v3" 201 - "PUT http://172.18.0.2:8080/d1/651/AUTH_f458f38cec3a490abb06bb131bd8a9ef/gnocchi.548b8dde-7c50-44cc-9eae-25a696c523e1/none_v3" "txd1738eeb3d5843d2b4b93-006977ba17" "object-server 22" 0.0009 "-" 20 0
Jan 26 19:01:43 standalone object-server[127928]: 172.20.0.100 - - [26/Jan/2026:19:01:43 +0000] "PUT /d1/651/AUTH_f458f38cec3a490abb06bb131bd8a9ef/gnocchi.548b8dde-7c50-44cc-9eae-25a696c523e1/none_v3" 201 - "PUT http://172.18.0.2:8080/v1/AUTH_f458f38cec3a490abb06bb131bd8a9ef/gnocchi.548b8dde-7c50-44cc-9eae-25a696c523e1/none_v3" "txd1738eeb3d5843d2b4b93-006977ba17" "proxy-server 20" 0.0097 "-" 22 0
Jan 26 19:01:43 standalone proxy-server[129985]: 172.18.0.2 172.18.0.100 26/Jan/2026/19/01/43 PUT /v1/AUTH_f458f38cec3a490abb06bb131bd8a9ef/gnocchi.548b8dde-7c50-44cc-9eae-25a696c523e1/none_v3 HTTP/1.0 201 - python-swiftclient-3.11.1 gAAAAABpd7mmKgIl... 22 - - txd1738eeb3d5843d2b4b93-006977ba17 - 0.0136 - - 1769454103.563023329 1769454103.576616764 0
Jan 26 19:01:44 standalone object-server[127932]: 172.20.0.100 - - [26/Jan/2026:19:01:44 +0000] "GET /d1/651/AUTH_f458f38cec3a490abb06bb131bd8a9ef/gnocchi.548b8dde-7c50-44cc-9eae-25a696c523e1/none_v3" 200 22 "GET http://172.18.0.2:8080/v1/AUTH_f458f38cec3a490abb06bb131bd8a9ef/gnocchi.548b8dde-7c50-44cc-9eae-25a696c523e1/none_v3" "tx7773542e50af4b159d07a-006977ba18" "proxy-server 20" 0.0012 "-" 23 0
Jan 26 19:01:44 standalone proxy-server[129985]: 172.18.0.2 172.18.0.100 26/Jan/2026/19/01/44 GET /v1/AUTH_f458f38cec3a490abb06bb131bd8a9ef/gnocchi.548b8dde-7c50-44cc-9eae-25a696c523e1/none_v3 HTTP/1.0 200 - python-swiftclient-3.11.1 gAAAAABpd7mmKgIl... - 22 - tx7773542e50af4b159d07a-006977ba18 - 0.0108 - - 1769454104.313164949 1769454104.323935986 0
Jan 26 19:01:44 standalone container-server[127808]: 172.20.0.100 - - [26/Jan/2026:19:01:44 +0000] "GET /d1/736/AUTH_f458f38cec3a490abb06bb131bd8a9ef/gnocchi.548b8dde-7c50-44cc-9eae-25a696c523e1" 200 357 "GET http://172.18.0.2:8080/v1/AUTH_f458f38cec3a490abb06bb131bd8a9ef/gnocchi.548b8dde-7c50-44cc-9eae-25a696c523e1?format=json&states=listing" "tx83891e39ab5e4ca196f56-006977ba18" "proxy-server 20" 0.0194 "-" 23 0
Jan 26 19:01:44 standalone proxy-server[129985]: 172.18.0.2 172.18.0.100 26/Jan/2026/19/01/44 GET /v1/AUTH_f458f38cec3a490abb06bb131bd8a9ef/gnocchi.548b8dde-7c50-44cc-9eae-25a696c523e1%3Fformat%3Djson%26states%3Dlisting HTTP/1.0 200 - python-swiftclient-3.11.1 gAAAAABpd7mmKgIl... - 357 - tx83891e39ab5e4ca196f56-006977ba18 - 0.0303 - - 1769454104.329255342 1769454104.359536648 0
Jan 26 19:01:44 standalone container-server[127802]: 172.20.0.100 - - [26/Jan/2026:19:01:44 +0000] "GET /d1/736/AUTH_f458f38cec3a490abb06bb131bd8a9ef/gnocchi.548b8dde-7c50-44cc-9eae-25a696c523e1" 200 2 "GET http://172.18.0.2:8080/v1/AUTH_f458f38cec3a490abb06bb131bd8a9ef/gnocchi.548b8dde-7c50-44cc-9eae-25a696c523e1?format=json&marker=none_v3&states=listing" "txd7c296b085e944cf87ebe-006977ba18" "proxy-server 20" 0.0036 "-" 22 0
Jan 26 19:01:44 standalone proxy-server[129985]: 172.18.0.2 172.18.0.100 26/Jan/2026/19/01/44 GET /v1/AUTH_f458f38cec3a490abb06bb131bd8a9ef/gnocchi.548b8dde-7c50-44cc-9eae-25a696c523e1%3Fformat%3Djson%26marker%3Dnone_v3%26states%3Dlisting HTTP/1.0 200 - python-swiftclient-3.11.1 gAAAAABpd7mmKgIl... - 2 - txd7c296b085e944cf87ebe-006977ba18 - 0.0130 - - 1769454104.364193678 1769454104.377199173 0
Jan 26 19:01:44 standalone object-server[127938]: 172.20.0.100 - - [26/Jan/2026:19:01:44 +0000] "GET /d1/196/AUTH_f458f38cec3a490abb06bb131bd8a9ef/gnocchi.548b8dde-7c50-44cc-9eae-25a696c523e1/1769040000.0_mean_300.0_v3" 200 16 "GET http://172.18.0.2:8080/v1/AUTH_f458f38cec3a490abb06bb131bd8a9ef/gnocchi.548b8dde-7c50-44cc-9eae-25a696c523e1/1769040000.0_mean_300.0_v3" "tx1cbb5cab1cba4aec984a5-006977ba18" "proxy-server 20" 0.0010 "-" 24 0
Jan 26 19:01:44 standalone proxy-server[129985]: 172.18.0.2 172.18.0.100 26/Jan/2026/19/01/44 GET /v1/AUTH_f458f38cec3a490abb06bb131bd8a9ef/gnocchi.548b8dde-7c50-44cc-9eae-25a696c523e1/1769040000.0_mean_300.0_v3 HTTP/1.0 200 - python-swiftclient-3.11.1 gAAAAABpd7mmKgIl... - 16 - tx1cbb5cab1cba4aec984a5-006977ba18 - 0.0091 - - 1769454104.382272720 1769454104.391361713 0
Jan 26 19:01:44 standalone container-server[127794]: 172.20.0.100 - - [26/Jan/2026:19:01:44 +0000] "PUT /d1/736/AUTH_f458f38cec3a490abb06bb131bd8a9ef/gnocchi.548b8dde-7c50-44cc-9eae-25a696c523e1/1769040000.0_mean_300.0_v3" 201 - "PUT http://172.18.0.2:8080/d1/196/AUTH_f458f38cec3a490abb06bb131bd8a9ef/gnocchi.548b8dde-7c50-44cc-9eae-25a696c523e1/1769040000.0_mean_300.0_v3" "tx892f57a778b04bf19a5cb-006977ba18" "object-server 23" 0.0005 "-" 21 0
Jan 26 19:01:44 standalone object-server[127932]: 172.20.0.100 - - [26/Jan/2026:19:01:44 +0000] "PUT /d1/196/AUTH_f458f38cec3a490abb06bb131bd8a9ef/gnocchi.548b8dde-7c50-44cc-9eae-25a696c523e1/1769040000.0_mean_300.0_v3" 201 - "PUT http://172.18.0.2:8080/v1/AUTH_f458f38cec3a490abb06bb131bd8a9ef/gnocchi.548b8dde-7c50-44cc-9eae-25a696c523e1/1769040000.0_mean_300.0_v3" "tx892f57a778b04bf19a5cb-006977ba18" "proxy-server 20" 0.0111 "-" 23 0
Jan 26 19:01:44 standalone proxy-server[129985]: 172.18.0.2 172.18.0.100 26/Jan/2026/19/01/44 PUT /v1/AUTH_f458f38cec3a490abb06bb131bd8a9ef/gnocchi.548b8dde-7c50-44cc-9eae-25a696c523e1/1769040000.0_mean_300.0_v3 HTTP/1.0 201 - python-swiftclient-3.11.1 gAAAAABpd7mmKgIl... 16 - - tx892f57a778b04bf19a5cb-006977ba18 - 0.0187 - - 1769454104.395527840 1769454104.414258242 0
Jan 26 19:01:44 standalone container-server[127808]: 172.20.0.100 - - [26/Jan/2026:19:01:44 +0000] "PUT /d1/736/AUTH_f458f38cec3a490abb06bb131bd8a9ef/gnocchi.548b8dde-7c50-44cc-9eae-25a696c523e1/none_v3" 201 - "PUT http://172.18.0.2:8080/d1/651/AUTH_f458f38cec3a490abb06bb131bd8a9ef/gnocchi.548b8dde-7c50-44cc-9eae-25a696c523e1/none_v3" "txf84c16ccc6154227a6e84-006977ba18" "object-server 24" 0.0008 "-" 23 0
Jan 26 19:01:44 standalone object-server[127938]: 172.20.0.100 - - [26/Jan/2026:19:01:44 +0000] "PUT /d1/651/AUTH_f458f38cec3a490abb06bb131bd8a9ef/gnocchi.548b8dde-7c50-44cc-9eae-25a696c523e1/none_v3" 201 - "PUT http://172.18.0.2:8080/v1/AUTH_f458f38cec3a490abb06bb131bd8a9ef/gnocchi.548b8dde-7c50-44cc-9eae-25a696c523e1/none_v3" "txf84c16ccc6154227a6e84-006977ba18" "proxy-server 20" 0.0121 "-" 24 0
Jan 26 19:01:44 standalone proxy-server[129985]: 172.18.0.2 172.18.0.100 26/Jan/2026/19/01/44 PUT /v1/AUTH_f458f38cec3a490abb06bb131bd8a9ef/gnocchi.548b8dde-7c50-44cc-9eae-25a696c523e1/none_v3 HTTP/1.0 201 - python-swiftclient-3.11.1 gAAAAABpd7mmKgIl... 31 - - txf84c16ccc6154227a6e84-006977ba18 - 0.0200 - - 1769454104.418123722 1769454104.438094139 0
Jan 26 19:01:53 standalone account-server[127709]: 172.20.0.100 - - [26/Jan/2026:19:01:53 +0000] "HEAD /d1/322/AUTH_f458f38cec3a490abb06bb131bd8a9ef" 204 - "HEAD http://172.18.0.2:8080/v1/AUTH_f458f38cec3a490abb06bb131bd8a9ef?format=json" "txfc6cd3274dc04dbaa5ba5-006977ba21" "proxy-server 20" 0.0074 "-" 22 -
Jan 26 19:01:53 standalone proxy-server[129985]: - - 26/Jan/2026/19/01/53 HEAD /v1/AUTH_f458f38cec3a490abb06bb131bd8a9ef%3Fformat%3Djson HTTP/1.0 204 - Swift - - - - txfc6cd3274dc04dbaa5ba5-006977ba21 - 0.0113 RL - 1769454113.089360476 1769454113.100652456 -
Jan 26 19:01:53 standalone object-server[127938]: 172.20.0.100 - - [26/Jan/2026:19:01:53 +0000] "GET /d1/137/AUTH_f458f38cec3a490abb06bb131bd8a9ef/gnocchi.027b4f55-25d5-47ce-9f36-a4b0bc8a4ba6/none_v3" 200 32 "GET http://172.18.0.2:8080/v1/AUTH_f458f38cec3a490abb06bb131bd8a9ef/gnocchi.027b4f55-25d5-47ce-9f36-a4b0bc8a4ba6/none_v3" "txfc6cd3274dc04dbaa5ba5-006977ba21" "proxy-server 20" 0.0019 "-" 24 0
Jan 26 19:01:53 standalone proxy-server[129985]: 172.18.0.2 172.18.0.100 26/Jan/2026/19/01/53 GET /v1/AUTH_f458f38cec3a490abb06bb131bd8a9ef/gnocchi.027b4f55-25d5-47ce-9f36-a4b0bc8a4ba6/none_v3 HTTP/1.0 200 - python-swiftclient-3.11.1 gAAAAABpd7mmKgIl... - 32 - txfc6cd3274dc04dbaa5ba5-006977ba21 - 0.0232 - - 1769454113.088712692 1769454113.111919165 0
Jan 26 19:01:53 standalone container-server[127802]: 172.20.0.100 - - [26/Jan/2026:19:01:53 +0000] "GET /d1/265/AUTH_f458f38cec3a490abb06bb131bd8a9ef/gnocchi.027b4f55-25d5-47ce-9f36-a4b0bc8a4ba6" 200 357 "GET http://172.18.0.2:8080/v1/AUTH_f458f38cec3a490abb06bb131bd8a9ef/gnocchi.027b4f55-25d5-47ce-9f36-a4b0bc8a4ba6?format=json&states=listing" "tx90dd3fcb10e34af78aa98-006977ba21" "proxy-server 20" 0.0043 "-" 22 0
Jan 26 19:01:53 standalone proxy-server[129985]: 172.18.0.2 172.18.0.100 26/Jan/2026/19/01/53 GET /v1/AUTH_f458f38cec3a490abb06bb131bd8a9ef/gnocchi.027b4f55-25d5-47ce-9f36-a4b0bc8a4ba6%3Fformat%3Djson%26states%3Dlisting HTTP/1.0 200 - python-swiftclient-3.11.1 gAAAAABpd7mmKgIl... - 357 - tx90dd3fcb10e34af78aa98-006977ba21 - 0.0100 - - 1769454113.119294643 1769454113.129319906 0
Jan 26 19:01:53 standalone container-server[127802]: 172.20.0.100 - - [26/Jan/2026:19:01:53 +0000] "GET /d1/265/AUTH_f458f38cec3a490abb06bb131bd8a9ef/gnocchi.027b4f55-25d5-47ce-9f36-a4b0bc8a4ba6" 200 2 "GET http://172.18.0.2:8080/v1/AUTH_f458f38cec3a490abb06bb131bd8a9ef/gnocchi.027b4f55-25d5-47ce-9f36-a4b0bc8a4ba6?format=json&marker=none_v3&states=listing" "tx860b32abc3dd4d8bb00d5-006977ba21" "proxy-server 20" 0.0036 "-" 22 0
Jan 26 19:01:53 standalone proxy-server[129985]: 172.18.0.2 172.18.0.100 26/Jan/2026/19/01/53 GET /v1/AUTH_f458f38cec3a490abb06bb131bd8a9ef/gnocchi.027b4f55-25d5-47ce-9f36-a4b0bc8a4ba6%3Fformat%3Djson%26marker%3Dnone_v3%26states%3Dlisting HTTP/1.0 200 - python-swiftclient-3.11.1 gAAAAABpd7mmKgIl... - 2 - tx860b32abc3dd4d8bb00d5-006977ba21 - 0.0133 - - 1769454113.133776426 1769454113.147087812 0
Jan 26 19:01:53 standalone object-server[127938]: 172.20.0.100 - - [26/Jan/2026:19:01:53 +0000] "GET /d1/9/AUTH_f458f38cec3a490abb06bb131bd8a9ef/gnocchi.027b4f55-25d5-47ce-9f36-a4b0bc8a4ba6/1769040000.0_mean_300.0_v3" 200 16 "GET http://172.18.0.2:8080/v1/AUTH_f458f38cec3a490abb06bb131bd8a9ef/gnocchi.027b4f55-25d5-47ce-9f36-a4b0bc8a4ba6/1769040000.0_mean_300.0_v3" "txa3cb5ef85a394f6396de3-006977ba21" "proxy-server 20" 0.0012 "-" 24 0
Jan 26 19:01:53 standalone proxy-server[129985]: 172.18.0.2 172.18.0.100 26/Jan/2026/19/01/53 GET /v1/AUTH_f458f38cec3a490abb06bb131bd8a9ef/gnocchi.027b4f55-25d5-47ce-9f36-a4b0bc8a4ba6/1769040000.0_mean_300.0_v3 HTTP/1.0 200 - python-swiftclient-3.11.1 gAAAAABpd7mmKgIl... - 16 - txa3cb5ef85a394f6396de3-006977ba21 - 0.0089 - - 1769454113.153256893 1769454113.162146807 0
Jan 26 19:01:53 standalone container-server[127808]: 172.20.0.100 - - [26/Jan/2026:19:01:53 +0000] "PUT /d1/265/AUTH_f458f38cec3a490abb06bb131bd8a9ef/gnocchi.027b4f55-25d5-47ce-9f36-a4b0bc8a4ba6/1769040000.0_mean_300.0_v3" 201 - "PUT http://172.18.0.2:8080/d1/9/AUTH_f458f38cec3a490abb06bb131bd8a9ef/gnocchi.027b4f55-25d5-47ce-9f36-a4b0bc8a4ba6/1769040000.0_mean_300.0_v3" "tx85a79d787298459ebf963-006977ba21" "object-server 24" 0.0008 "-" 23 0
Jan 26 19:01:53 standalone object-server[127938]: 172.20.0.100 - - [26/Jan/2026:19:01:53 +0000] "PUT /d1/9/AUTH_f458f38cec3a490abb06bb131bd8a9ef/gnocchi.027b4f55-25d5-47ce-9f36-a4b0bc8a4ba6/1769040000.0_mean_300.0_v3" 201 - "PUT http://172.18.0.2:8080/v1/AUTH_f458f38cec3a490abb06bb131bd8a9ef/gnocchi.027b4f55-25d5-47ce-9f36-a4b0bc8a4ba6/1769040000.0_mean_300.0_v3" "tx85a79d787298459ebf963-006977ba21" "proxy-server 20" 0.0108 "-" 24 0
Jan 26 19:01:53 standalone proxy-server[129985]: 172.18.0.2 172.18.0.100 26/Jan/2026/19/01/53 PUT /v1/AUTH_f458f38cec3a490abb06bb131bd8a9ef/gnocchi.027b4f55-25d5-47ce-9f36-a4b0bc8a4ba6/1769040000.0_mean_300.0_v3 HTTP/1.0 201 - python-swiftclient-3.11.1 gAAAAABpd7mmKgIl... 16 - - tx85a79d787298459ebf963-006977ba21 - 0.0156 - - 1769454113.165072441 1769454113.180715561 0
Jan 26 19:01:53 standalone container-server[127792]: 172.20.0.100 - - [26/Jan/2026:19:01:53 +0000] "PUT /d1/265/AUTH_f458f38cec3a490abb06bb131bd8a9ef/gnocchi.027b4f55-25d5-47ce-9f36-a4b0bc8a4ba6/none_v3" 201 - "PUT http://172.18.0.2:8080/d1/137/AUTH_f458f38cec3a490abb06bb131bd8a9ef/gnocchi.027b4f55-25d5-47ce-9f36-a4b0bc8a4ba6/none_v3" "tx271f00388f20404c94c4a-006977ba21" "object-server 23" 0.0007 "-" 20 0
Jan 26 19:01:53 standalone object-server[127932]: 172.20.0.100 - - [26/Jan/2026:19:01:53 +0000] "PUT /d1/137/AUTH_f458f38cec3a490abb06bb131bd8a9ef/gnocchi.027b4f55-25d5-47ce-9f36-a4b0bc8a4ba6/none_v3" 201 - "PUT http://172.18.0.2:8080/v1/AUTH_f458f38cec3a490abb06bb131bd8a9ef/gnocchi.027b4f55-25d5-47ce-9f36-a4b0bc8a4ba6/none_v3" "tx271f00388f20404c94c4a-006977ba21" "proxy-server 20" 0.0085 "-" 23 0
Jan 26 19:01:53 standalone proxy-server[129985]: 172.18.0.2 172.18.0.100 26/Jan/2026/19/01/53 PUT /v1/AUTH_f458f38cec3a490abb06bb131bd8a9ef/gnocchi.027b4f55-25d5-47ce-9f36-a4b0bc8a4ba6/none_v3 HTTP/1.0 201 - python-swiftclient-3.11.1 gAAAAABpd7mmKgIl... 46 - - tx271f00388f20404c94c4a-006977ba21 - 0.0152 - - 1769454113.184017181 1769454113.199263334 0
Jan 26 19:01:54 standalone object-server[127928]: 172.20.0.100 - - [26/Jan/2026:19:01:54 +0000] "GET /d1/137/AUTH_f458f38cec3a490abb06bb131bd8a9ef/gnocchi.027b4f55-25d5-47ce-9f36-a4b0bc8a4ba6/none_v3" 200 46 "GET http://172.18.0.2:8080/v1/AUTH_f458f38cec3a490abb06bb131bd8a9ef/gnocchi.027b4f55-25d5-47ce-9f36-a4b0bc8a4ba6/none_v3" "txcc2009f212fc4b2ab3270-006977ba22" "proxy-server 20" 0.0008 "-" 22 0
Jan 26 19:01:54 standalone proxy-server[129985]: 172.18.0.2 172.18.0.100 26/Jan/2026/19/01/54 GET /v1/AUTH_f458f38cec3a490abb06bb131bd8a9ef/gnocchi.027b4f55-25d5-47ce-9f36-a4b0bc8a4ba6/none_v3 HTTP/1.0 200 - python-swiftclient-3.11.1 gAAAAABpd7mmKgIl... - 46 - txcc2009f212fc4b2ab3270-006977ba22 - 0.0066 - - 1769454114.026531935 1769454114.033157587 0
Jan 26 19:01:54 standalone container-server[127802]: 172.20.0.100 - - [26/Jan/2026:19:01:54 +0000] "GET /d1/265/AUTH_f458f38cec3a490abb06bb131bd8a9ef/gnocchi.027b4f55-25d5-47ce-9f36-a4b0bc8a4ba6" 200 357 "GET http://172.18.0.2:8080/v1/AUTH_f458f38cec3a490abb06bb131bd8a9ef/gnocchi.027b4f55-25d5-47ce-9f36-a4b0bc8a4ba6?format=json&states=listing" "txad30f67de07a45c7b3436-006977ba22" "proxy-server 20" 0.0172 "-" 22 0
Jan 26 19:01:54 standalone proxy-server[129985]: 172.18.0.2 172.18.0.100 26/Jan/2026/19/01/54 GET /v1/AUTH_f458f38cec3a490abb06bb131bd8a9ef/gnocchi.027b4f55-25d5-47ce-9f36-a4b0bc8a4ba6%3Fformat%3Djson%26states%3Dlisting HTTP/1.0 200 - python-swiftclient-3.11.1 gAAAAABpd7mmKgIl... - 357 - txad30f67de07a45c7b3436-006977ba22 - 0.0264 - - 1769454114.039257765 1769454114.065620899 0
Jan 26 19:01:54 standalone container-server[127808]: 172.20.0.100 - - [26/Jan/2026:19:01:54 +0000] "GET /d1/265/AUTH_f458f38cec3a490abb06bb131bd8a9ef/gnocchi.027b4f55-25d5-47ce-9f36-a4b0bc8a4ba6" 200 2 "GET http://172.18.0.2:8080/v1/AUTH_f458f38cec3a490abb06bb131bd8a9ef/gnocchi.027b4f55-25d5-47ce-9f36-a4b0bc8a4ba6?format=json&marker=none_v3&states=listing" "tx322a5d42b15544f4a6dba-006977ba22" "proxy-server 20" 0.0032 "-" 23 0
Jan 26 19:01:54 standalone proxy-server[129985]: 172.18.0.2 172.18.0.100 26/Jan/2026/19/01/54 GET /v1/AUTH_f458f38cec3a490abb06bb131bd8a9ef/gnocchi.027b4f55-25d5-47ce-9f36-a4b0bc8a4ba6%3Fformat%3Djson%26marker%3Dnone_v3%26states%3Dlisting HTTP/1.0 200 - python-swiftclient-3.11.1 gAAAAABpd7mmKgIl... - 2 - tx322a5d42b15544f4a6dba-006977ba22 - 0.0119 - - 1769454114.069681883 1769454114.081562996 0
Jan 26 19:01:54 standalone object-server[127928]: 172.20.0.100 - - [26/Jan/2026:19:01:54 +0000] "GET /d1/9/AUTH_f458f38cec3a490abb06bb131bd8a9ef/gnocchi.027b4f55-25d5-47ce-9f36-a4b0bc8a4ba6/1769040000.0_mean_300.0_v3" 200 16 "GET http://172.18.0.2:8080/v1/AUTH_f458f38cec3a490abb06bb131bd8a9ef/gnocchi.027b4f55-25d5-47ce-9f36-a4b0bc8a4ba6/1769040000.0_mean_300.0_v3" "tx9a0ea4a93e764b0f8a0b7-006977ba22" "proxy-server 20" 0.0006 "-" 22 0
Jan 26 19:01:54 standalone proxy-server[129985]: 172.18.0.2 172.18.0.100 26/Jan/2026/19/01/54 GET /v1/AUTH_f458f38cec3a490abb06bb131bd8a9ef/gnocchi.027b4f55-25d5-47ce-9f36-a4b0bc8a4ba6/1769040000.0_mean_300.0_v3 HTTP/1.0 200 - python-swiftclient-3.11.1 gAAAAABpd7mmKgIl... - 16 - tx9a0ea4a93e764b0f8a0b7-006977ba22 - 0.0070 - - 1769454114.085608482 1769454114.092596531 0
Jan 26 19:01:54 standalone container-server[127792]: 172.20.0.100 - - [26/Jan/2026:19:01:54 +0000] "PUT /d1/265/AUTH_f458f38cec3a490abb06bb131bd8a9ef/gnocchi.027b4f55-25d5-47ce-9f36-a4b0bc8a4ba6/1769040000.0_mean_300.0_v3" 201 - "PUT http://172.18.0.2:8080/d1/9/AUTH_f458f38cec3a490abb06bb131bd8a9ef/gnocchi.027b4f55-25d5-47ce-9f36-a4b0bc8a4ba6/1769040000.0_mean_300.0_v3" "tx186d948434d644b2b0ead-006977ba22" "object-server 25" 0.0007 "-" 20 0
Jan 26 19:01:54 standalone object-server[127947]: 172.20.0.100 - - [26/Jan/2026:19:01:54 +0000] "PUT /d1/9/AUTH_f458f38cec3a490abb06bb131bd8a9ef/gnocchi.027b4f55-25d5-47ce-9f36-a4b0bc8a4ba6/1769040000.0_mean_300.0_v3" 201 - "PUT http://172.18.0.2:8080/v1/AUTH_f458f38cec3a490abb06bb131bd8a9ef/gnocchi.027b4f55-25d5-47ce-9f36-a4b0bc8a4ba6/1769040000.0_mean_300.0_v3" "tx186d948434d644b2b0ead-006977ba22" "proxy-server 20" 0.0118 "-" 25 0
Jan 26 19:01:54 standalone proxy-server[129985]: 172.18.0.2 172.18.0.100 26/Jan/2026/19/01/54 PUT /v1/AUTH_f458f38cec3a490abb06bb131bd8a9ef/gnocchi.027b4f55-25d5-47ce-9f36-a4b0bc8a4ba6/1769040000.0_mean_300.0_v3 HTTP/1.0 201 - python-swiftclient-3.11.1 gAAAAABpd7mmKgIl... 16 - - tx186d948434d644b2b0ead-006977ba22 - 0.0191 - - 1769454114.095605612 1769454114.114664555 0
Jan 26 19:01:54 standalone container-server[127808]: 172.20.0.100 - - [26/Jan/2026:19:01:54 +0000] "PUT /d1/265/AUTH_f458f38cec3a490abb06bb131bd8a9ef/gnocchi.027b4f55-25d5-47ce-9f36-a4b0bc8a4ba6/none_v3" 201 - "PUT http://172.18.0.2:8080/d1/137/AUTH_f458f38cec3a490abb06bb131bd8a9ef/gnocchi.027b4f55-25d5-47ce-9f36-a4b0bc8a4ba6/none_v3" "tx147ec6fa69a447a08c431-006977ba22" "object-server 22" 0.0005 "-" 23 0
Jan 26 19:01:54 standalone object-server[127928]: 172.20.0.100 - - [26/Jan/2026:19:01:54 +0000] "PUT /d1/137/AUTH_f458f38cec3a490abb06bb131bd8a9ef/gnocchi.027b4f55-25d5-47ce-9f36-a4b0bc8a4ba6/none_v3" 201 - "PUT http://172.18.0.2:8080/v1/AUTH_f458f38cec3a490abb06bb131bd8a9ef/gnocchi.027b4f55-25d5-47ce-9f36-a4b0bc8a4ba6/none_v3" "tx147ec6fa69a447a08c431-006977ba22" "proxy-server 20" 0.0080 "-" 22 0
Jan 26 19:01:54 standalone proxy-server[129985]: 172.18.0.2 172.18.0.100 26/Jan/2026/19/01/54 PUT /v1/AUTH_f458f38cec3a490abb06bb131bd8a9ef/gnocchi.027b4f55-25d5-47ce-9f36-a4b0bc8a4ba6/none_v3 HTTP/1.0 201 - python-swiftclient-3.11.1 gAAAAABpd7mmKgIl... 51 - - tx147ec6fa69a447a08c431-006977ba22 - 0.0138 - - 1769454114.118564129 1769454114.132346630 0
Jan 26 19:01:54 standalone object-server[127947]: 172.20.0.100 - - [26/Jan/2026:19:01:54 +0000] "GET /d1/300/AUTH_f458f38cec3a490abb06bb131bd8a9ef/gnocchi.79035955-0f4c-485f-8f59-4dc4379e2f03/none_v3" 200 22 "GET http://172.18.0.2:8080/v1/AUTH_f458f38cec3a490abb06bb131bd8a9ef/gnocchi.79035955-0f4c-485f-8f59-4dc4379e2f03/none_v3" "tx7b1f0349e28647efa8b49-006977ba22" "proxy-server 20" 0.0010 "-" 25 0
Jan 26 19:01:54 standalone proxy-server[129985]: 172.18.0.2 172.18.0.100 26/Jan/2026/19/01/54 GET /v1/AUTH_f458f38cec3a490abb06bb131bd8a9ef/gnocchi.79035955-0f4c-485f-8f59-4dc4379e2f03/none_v3 HTTP/1.0 200 - python-swiftclient-3.11.1 gAAAAABpd7mmKgIl... - 22 - tx7b1f0349e28647efa8b49-006977ba22 - 0.0084 - - 1769454114.142266035 1769454114.150672674 0
Jan 26 19:01:54 standalone container-server[127794]: 172.20.0.100 - - [26/Jan/2026:19:01:54 +0000] "GET /d1/216/AUTH_f458f38cec3a490abb06bb131bd8a9ef/gnocchi.79035955-0f4c-485f-8f59-4dc4379e2f03" 200 357 "GET http://172.18.0.2:8080/v1/AUTH_f458f38cec3a490abb06bb131bd8a9ef/gnocchi.79035955-0f4c-485f-8f59-4dc4379e2f03?format=json&states=listing" "txe4c0593d5fab44edb32cc-006977ba22" "proxy-server 20" 0.0019 "-" 21 0
Jan 26 19:01:54 standalone proxy-server[129985]: 172.18.0.2 172.18.0.100 26/Jan/2026/19/01/54 GET /v1/AUTH_f458f38cec3a490abb06bb131bd8a9ef/gnocchi.79035955-0f4c-485f-8f59-4dc4379e2f03%3Fformat%3Djson%26states%3Dlisting HTTP/1.0 200 - python-swiftclient-3.11.1 gAAAAABpd7mmKgIl... - 357 - txe4c0593d5fab44edb32cc-006977ba22 - 0.0089 - - 1769454114.153860807 1769454114.162741423 0
Jan 26 19:01:54 standalone container-server[127808]: 172.20.0.100 - - [26/Jan/2026:19:01:54 +0000] "GET /d1/216/AUTH_f458f38cec3a490abb06bb131bd8a9ef/gnocchi.79035955-0f4c-485f-8f59-4dc4379e2f03" 200 2 "GET http://172.18.0.2:8080/v1/AUTH_f458f38cec3a490abb06bb131bd8a9ef/gnocchi.79035955-0f4c-485f-8f59-4dc4379e2f03?format=json&marker=none_v3&states=listing" "txb68eb8979d0c4a3caac82-006977ba22" "proxy-server 20" 0.0024 "-" 23 0
Jan 26 19:01:54 standalone proxy-server[129985]: 172.18.0.2 172.18.0.100 26/Jan/2026/19/01/54 GET /v1/AUTH_f458f38cec3a490abb06bb131bd8a9ef/gnocchi.79035955-0f4c-485f-8f59-4dc4379e2f03%3Fformat%3Djson%26marker%3Dnone_v3%26states%3Dlisting HTTP/1.0 200 - python-swiftclient-3.11.1 gAAAAABpd7mmKgIl... - 2 - txb68eb8979d0c4a3caac82-006977ba22 - 0.0105 - - 1769454114.165601730 1769454114.176051855 0
Jan 26 19:01:54 standalone object-server[127932]: 172.20.0.100 - - [26/Jan/2026:19:01:54 +0000] "GET /d1/227/AUTH_f458f38cec3a490abb06bb131bd8a9ef/gnocchi.79035955-0f4c-485f-8f59-4dc4379e2f03/1769040000.0_mean_300.0_v3" 200 16 "GET http://172.18.0.2:8080/v1/AUTH_f458f38cec3a490abb06bb131bd8a9ef/gnocchi.79035955-0f4c-485f-8f59-4dc4379e2f03/1769040000.0_mean_300.0_v3" "tx84a0a992f45448d5b944f-006977ba22" "proxy-server 20" 0.0006 "-" 23 0
Jan 26 19:01:54 standalone proxy-server[129985]: 172.18.0.2 172.18.0.100 26/Jan/2026/19/01/54 GET /v1/AUTH_f458f38cec3a490abb06bb131bd8a9ef/gnocchi.79035955-0f4c-485f-8f59-4dc4379e2f03/1769040000.0_mean_300.0_v3 HTTP/1.0 200 - python-swiftclient-3.11.1 gAAAAABpd7mmKgIl... - 16 - tx84a0a992f45448d5b944f-006977ba22 - 0.0070 - - 1769454114.179289818 1769454114.186244965 0
Jan 26 19:01:54 standalone container-server[127792]: 172.20.0.100 - - [26/Jan/2026:19:01:54 +0000] "PUT /d1/216/AUTH_f458f38cec3a490abb06bb131bd8a9ef/gnocchi.79035955-0f4c-485f-8f59-4dc4379e2f03/1769040000.0_mean_300.0_v3" 201 - "PUT http://172.18.0.2:8080/d1/227/AUTH_f458f38cec3a490abb06bb131bd8a9ef/gnocchi.79035955-0f4c-485f-8f59-4dc4379e2f03/1769040000.0_mean_300.0_v3" "txe4d6f83b2ae342d6a6502-006977ba22" "object-server 23" 0.0008 "-" 20 0
Jan 26 19:01:54 standalone object-server[127932]: 172.20.0.100 - - [26/Jan/2026:19:01:54 +0000] "PUT /d1/227/AUTH_f458f38cec3a490abb06bb131bd8a9ef/gnocchi.79035955-0f4c-485f-8f59-4dc4379e2f03/1769040000.0_mean_300.0_v3" 201 - "PUT http://172.18.0.2:8080/v1/AUTH_f458f38cec3a490abb06bb131bd8a9ef/gnocchi.79035955-0f4c-485f-8f59-4dc4379e2f03/1769040000.0_mean_300.0_v3" "txe4d6f83b2ae342d6a6502-006977ba22" "proxy-server 20" 0.0085 "-" 23 0
Jan 26 19:01:54 standalone proxy-server[129985]: 172.18.0.2 172.18.0.100 26/Jan/2026/19/01/54 PUT /v1/AUTH_f458f38cec3a490abb06bb131bd8a9ef/gnocchi.79035955-0f4c-485f-8f59-4dc4379e2f03/1769040000.0_mean_300.0_v3 HTTP/1.0 201 - python-swiftclient-3.11.1 gAAAAABpd7mmKgIl... 16 - - txe4d6f83b2ae342d6a6502-006977ba22 - 0.0177 - - 1769454114.189312220 1769454114.207033873 0
Jan 26 19:01:54 standalone container-server[127794]: 172.20.0.100 - - [26/Jan/2026:19:01:54 +0000] "PUT /d1/216/AUTH_f458f38cec3a490abb06bb131bd8a9ef/gnocchi.79035955-0f4c-485f-8f59-4dc4379e2f03/none_v3" 201 - "PUT http://172.18.0.2:8080/d1/300/AUTH_f458f38cec3a490abb06bb131bd8a9ef/gnocchi.79035955-0f4c-485f-8f59-4dc4379e2f03/none_v3" "tx174446e5be1544a88e08b-006977ba22" "object-server 24" 0.0005 "-" 21 0
Jan 26 19:01:54 standalone object-server[127938]: 172.20.0.100 - - [26/Jan/2026:19:01:54 +0000] "PUT /d1/300/AUTH_f458f38cec3a490abb06bb131bd8a9ef/gnocchi.79035955-0f4c-485f-8f59-4dc4379e2f03/none_v3" 201 - "PUT http://172.18.0.2:8080/v1/AUTH_f458f38cec3a490abb06bb131bd8a9ef/gnocchi.79035955-0f4c-485f-8f59-4dc4379e2f03/none_v3" "tx174446e5be1544a88e08b-006977ba22" "proxy-server 20" 0.0140 "-" 24 0
Jan 26 19:01:54 standalone proxy-server[129985]: 172.18.0.2 172.18.0.100 26/Jan/2026/19/01/54 PUT /v1/AUTH_f458f38cec3a490abb06bb131bd8a9ef/gnocchi.79035955-0f4c-485f-8f59-4dc4379e2f03/none_v3 HTTP/1.0 201 - python-swiftclient-3.11.1 gAAAAABpd7mmKgIl... 32 - - tx174446e5be1544a88e08b-006977ba22 - 0.0221 - - 1769454114.209629774 1769454114.231697083 0
Jan 26 19:01:54 standalone object-server[127938]: 172.20.0.100 - - [26/Jan/2026:19:01:54 +0000] "GET /d1/7/AUTH_f458f38cec3a490abb06bb131bd8a9ef/gnocchi.b64bed0b-2312-4003-8a0a-cec1100b6b67/none_v3" 200 22 "GET http://172.18.0.2:8080/v1/AUTH_f458f38cec3a490abb06bb131bd8a9ef/gnocchi.b64bed0b-2312-4003-8a0a-cec1100b6b67/none_v3" "tx6034d3d82e8b4704b4a54-006977ba22" "proxy-server 20" 0.0011 "-" 24 0
Jan 26 19:01:54 standalone proxy-server[129985]: 172.18.0.2 172.18.0.100 26/Jan/2026/19/01/54 GET /v1/AUTH_f458f38cec3a490abb06bb131bd8a9ef/gnocchi.b64bed0b-2312-4003-8a0a-cec1100b6b67/none_v3 HTTP/1.0 200 - python-swiftclient-3.11.1 gAAAAABpd7mmKgIl... - 22 - tx6034d3d82e8b4704b4a54-006977ba22 - 0.0086 - - 1769454114.241638899 1769454114.250242233 0
Jan 26 19:01:54 standalone container-server[127794]: 172.20.0.100 - - [26/Jan/2026:19:01:54 +0000] "GET /d1/291/AUTH_f458f38cec3a490abb06bb131bd8a9ef/gnocchi.b64bed0b-2312-4003-8a0a-cec1100b6b67" 200 357 "GET http://172.18.0.2:8080/v1/AUTH_f458f38cec3a490abb06bb131bd8a9ef/gnocchi.b64bed0b-2312-4003-8a0a-cec1100b6b67?format=json&states=listing" "tx9b924ed9d6ca4a3abab61-006977ba22" "proxy-server 20" 0.0018 "-" 21 0
Jan 26 19:01:54 standalone proxy-server[129985]: 172.18.0.2 172.18.0.100 26/Jan/2026/19/01/54 GET /v1/AUTH_f458f38cec3a490abb06bb131bd8a9ef/gnocchi.b64bed0b-2312-4003-8a0a-cec1100b6b67%3Fformat%3Djson%26states%3Dlisting HTTP/1.0 200 - python-swiftclient-3.11.1 gAAAAABpd7mmKgIl... - 357 - tx9b924ed9d6ca4a3abab61-006977ba22 - 0.0108 - - 1769454114.253992558 1769454114.264751196 0
Jan 26 19:01:54 standalone container-server[127792]: 172.20.0.100 - - [26/Jan/2026:19:01:54 +0000] "GET /d1/291/AUTH_f458f38cec3a490abb06bb131bd8a9ef/gnocchi.b64bed0b-2312-4003-8a0a-cec1100b6b67" 200 2 "GET http://172.18.0.2:8080/v1/AUTH_f458f38cec3a490abb06bb131bd8a9ef/gnocchi.b64bed0b-2312-4003-8a0a-cec1100b6b67?format=json&marker=none_v3&states=listing" "tx87f0a448f19f45b981448-006977ba22" "proxy-server 20" 0.0024 "-" 20 0
Jan 26 19:01:54 standalone proxy-server[129985]: 172.18.0.2 172.18.0.100 26/Jan/2026/19/01/54 GET /v1/AUTH_f458f38cec3a490abb06bb131bd8a9ef/gnocchi.b64bed0b-2312-4003-8a0a-cec1100b6b67%3Fformat%3Djson%26marker%3Dnone_v3%26states%3Dlisting HTTP/1.0 200 - python-swiftclient-3.11.1 gAAAAABpd7mmKgIl... - 2 - tx87f0a448f19f45b981448-006977ba22 - 0.0131 - - 1769454114.268924713 1769454114.282013416 0
Jan 26 19:01:54 standalone object-server[127947]: 172.20.0.100 - - [26/Jan/2026:19:01:54 +0000] "GET /d1/18/AUTH_f458f38cec3a490abb06bb131bd8a9ef/gnocchi.b64bed0b-2312-4003-8a0a-cec1100b6b67/1769040000.0_mean_300.0_v3" 200 16 "GET http://172.18.0.2:8080/v1/AUTH_f458f38cec3a490abb06bb131bd8a9ef/gnocchi.b64bed0b-2312-4003-8a0a-cec1100b6b67/1769040000.0_mean_300.0_v3" "tx4bc3df7264f94e2080be3-006977ba22" "proxy-server 20" 0.0011 "-" 25 0
Jan 26 19:01:54 standalone proxy-server[129985]: 172.18.0.2 172.18.0.100 26/Jan/2026/19/01/54 GET /v1/AUTH_f458f38cec3a490abb06bb131bd8a9ef/gnocchi.b64bed0b-2312-4003-8a0a-cec1100b6b67/1769040000.0_mean_300.0_v3 HTTP/1.0 200 - python-swiftclient-3.11.1 gAAAAABpd7mmKgIl... - 16 - tx4bc3df7264f94e2080be3-006977ba22 - 0.0096 - - 1769454114.285558701 1769454114.295172453 0
Jan 26 19:01:54 standalone container-server[127808]: 172.20.0.100 - - [26/Jan/2026:19:01:54 +0000] "PUT /d1/291/AUTH_f458f38cec3a490abb06bb131bd8a9ef/gnocchi.b64bed0b-2312-4003-8a0a-cec1100b6b67/1769040000.0_mean_300.0_v3" 201 - "PUT http://172.18.0.2:8080/d1/18/AUTH_f458f38cec3a490abb06bb131bd8a9ef/gnocchi.b64bed0b-2312-4003-8a0a-cec1100b6b67/1769040000.0_mean_300.0_v3" "txb16fd881aa6b4e4ca2d4a-006977ba22" "object-server 23" 0.0006 "-" 23 0
Jan 26 19:01:54 standalone object-server[127932]: 172.20.0.100 - - [26/Jan/2026:19:01:54 +0000] "PUT /d1/18/AUTH_f458f38cec3a490abb06bb131bd8a9ef/gnocchi.b64bed0b-2312-4003-8a0a-cec1100b6b67/1769040000.0_mean_300.0_v3" 201 - "PUT http://172.18.0.2:8080/v1/AUTH_f458f38cec3a490abb06bb131bd8a9ef/gnocchi.b64bed0b-2312-4003-8a0a-cec1100b6b67/1769040000.0_mean_300.0_v3" "txb16fd881aa6b4e4ca2d4a-006977ba22" "proxy-server 20" 0.0153 "-" 23 0
Jan 26 19:01:54 standalone proxy-server[129985]: 172.18.0.2 172.18.0.100 26/Jan/2026/19/01/54 PUT /v1/AUTH_f458f38cec3a490abb06bb131bd8a9ef/gnocchi.b64bed0b-2312-4003-8a0a-cec1100b6b67/1769040000.0_mean_300.0_v3 HTTP/1.0 201 - python-swiftclient-3.11.1 gAAAAABpd7mmKgIl... 16 - - txb16fd881aa6b4e4ca2d4a-006977ba22 - 0.0234 - - 1769454114.299699306 1769454114.323141813 0
Jan 26 19:01:54 standalone container-server[127794]: 172.20.0.100 - - [26/Jan/2026:19:01:54 +0000] "PUT /d1/291/AUTH_f458f38cec3a490abb06bb131bd8a9ef/gnocchi.b64bed0b-2312-4003-8a0a-cec1100b6b67/none_v3" 201 - "PUT http://172.18.0.2:8080/d1/7/AUTH_f458f38cec3a490abb06bb131bd8a9ef/gnocchi.b64bed0b-2312-4003-8a0a-cec1100b6b67/none_v3" "tx3b05df867cc44aa7a2d86-006977ba22" "object-server 25" 0.0004 "-" 21 0
Jan 26 19:01:54 standalone object-server[127947]: 172.20.0.100 - - [26/Jan/2026:19:01:54 +0000] "PUT /d1/7/AUTH_f458f38cec3a490abb06bb131bd8a9ef/gnocchi.b64bed0b-2312-4003-8a0a-cec1100b6b67/none_v3" 201 - "PUT http://172.18.0.2:8080/v1/AUTH_f458f38cec3a490abb06bb131bd8a9ef/gnocchi.b64bed0b-2312-4003-8a0a-cec1100b6b67/none_v3" "tx3b05df867cc44aa7a2d86-006977ba22" "proxy-server 20" 0.0100 "-" 25 0
Jan 26 19:01:54 standalone proxy-server[129985]: 172.18.0.2 172.18.0.100 26/Jan/2026/19/01/54 PUT /v1/AUTH_f458f38cec3a490abb06bb131bd8a9ef/gnocchi.b64bed0b-2312-4003-8a0a-cec1100b6b67/none_v3 HTTP/1.0 201 - python-swiftclient-3.11.1 gAAAAABpd7mmKgIl... 32 - - tx3b05df867cc44aa7a2d86-006977ba22 - 0.0155 - - 1769454114.325343132 1769454114.340860367 0
Jan 26 19:01:54 standalone object-server[127932]: 172.20.0.100 - - [26/Jan/2026:19:01:54 +0000] "GET /d1/196/AUTH_f458f38cec3a490abb06bb131bd8a9ef/gnocchi.25881eb8-38d4-47e5-b6bd-30fed4e9534a/none_v3" 200 22 "GET http://172.18.0.2:8080/v1/AUTH_f458f38cec3a490abb06bb131bd8a9ef/gnocchi.25881eb8-38d4-47e5-b6bd-30fed4e9534a/none_v3" "tx95bc1bd5ba3c489c842ee-006977ba22" "proxy-server 20" 0.0008 "-" 23 0
Jan 26 19:01:54 standalone proxy-server[129985]: 172.18.0.2 172.18.0.100 26/Jan/2026/19/01/54 GET /v1/AUTH_f458f38cec3a490abb06bb131bd8a9ef/gnocchi.25881eb8-38d4-47e5-b6bd-30fed4e9534a/none_v3 HTTP/1.0 200 - python-swiftclient-3.11.1 gAAAAABpd7mmKgIl... - 22 - tx95bc1bd5ba3c489c842ee-006977ba22 - 0.0063 - - 1769454114.352922201 1769454114.359222889 0
Jan 26 19:01:54 standalone container-server[127802]: 172.20.0.100 - - [26/Jan/2026:19:01:54 +0000] "GET /d1/954/AUTH_f458f38cec3a490abb06bb131bd8a9ef/gnocchi.25881eb8-38d4-47e5-b6bd-30fed4e9534a" 200 357 "GET http://172.18.0.2:8080/v1/AUTH_f458f38cec3a490abb06bb131bd8a9ef/gnocchi.25881eb8-38d4-47e5-b6bd-30fed4e9534a?format=json&states=listing" "tx5a6af290f28a43f0a3e59-006977ba22" "proxy-server 20" 0.0025 "-" 22 0
Jan 26 19:01:54 standalone proxy-server[129985]: 172.18.0.2 172.18.0.100 26/Jan/2026/19/01/54 GET /v1/AUTH_f458f38cec3a490abb06bb131bd8a9ef/gnocchi.25881eb8-38d4-47e5-b6bd-30fed4e9534a%3Fformat%3Djson%26states%3Dlisting HTTP/1.0 200 - python-swiftclient-3.11.1 gAAAAABpd7mmKgIl... - 357 - tx5a6af290f28a43f0a3e59-006977ba22 - 0.0074 - - 1769454114.362542391 1769454114.369898796 0
Jan 26 19:01:54 standalone container-server[127794]: 172.20.0.100 - - [26/Jan/2026:19:01:54 +0000] "GET /d1/954/AUTH_f458f38cec3a490abb06bb131bd8a9ef/gnocchi.25881eb8-38d4-47e5-b6bd-30fed4e9534a" 200 2 "GET http://172.18.0.2:8080/v1/AUTH_f458f38cec3a490abb06bb131bd8a9ef/gnocchi.25881eb8-38d4-47e5-b6bd-30fed4e9534a?format=json&marker=none_v3&states=listing" "tx4a6540fa724c419b8fd82-006977ba22" "proxy-server 20" 0.0018 "-" 21 0
Jan 26 19:01:54 standalone proxy-server[129985]: 172.18.0.2 172.18.0.100 26/Jan/2026/19/01/54 GET /v1/AUTH_f458f38cec3a490abb06bb131bd8a9ef/gnocchi.25881eb8-38d4-47e5-b6bd-30fed4e9534a%3Fformat%3Djson%26marker%3Dnone_v3%26states%3Dlisting HTTP/1.0 200 - python-swiftclient-3.11.1 gAAAAABpd7mmKgIl... - 2 - tx4a6540fa724c419b8fd82-006977ba22 - 0.0072 - - 1769454114.371841192 1769454114.379009962 0
Jan 26 19:01:54 standalone object-server[127928]: 172.20.0.100 - - [26/Jan/2026:19:01:54 +0000] "GET /d1/348/AUTH_f458f38cec3a490abb06bb131bd8a9ef/gnocchi.25881eb8-38d4-47e5-b6bd-30fed4e9534a/1769040000.0_mean_300.0_v3" 200 16 "GET http://172.18.0.2:8080/v1/AUTH_f458f38cec3a490abb06bb131bd8a9ef/gnocchi.25881eb8-38d4-47e5-b6bd-30fed4e9534a/1769040000.0_mean_300.0_v3" "tx5d7aa640e8ac4e78839be-006977ba22" "proxy-server 20" 0.0006 "-" 22 0
Jan 26 19:01:54 standalone proxy-server[129985]: 172.18.0.2 172.18.0.100 26/Jan/2026/19/01/54 GET /v1/AUTH_f458f38cec3a490abb06bb131bd8a9ef/gnocchi.25881eb8-38d4-47e5-b6bd-30fed4e9534a/1769040000.0_mean_300.0_v3 HTTP/1.0 200 - python-swiftclient-3.11.1 gAAAAABpd7mmKgIl... - 16 - tx5d7aa640e8ac4e78839be-006977ba22 - 0.0050 - - 1769454114.384170055 1769454114.389187574 0
Jan 26 19:01:54 standalone container-server[127808]: 172.20.0.100 - - [26/Jan/2026:19:01:54 +0000] "PUT /d1/954/AUTH_f458f38cec3a490abb06bb131bd8a9ef/gnocchi.25881eb8-38d4-47e5-b6bd-30fed4e9534a/1769040000.0_mean_300.0_v3" 201 - "PUT http://172.18.0.2:8080/d1/348/AUTH_f458f38cec3a490abb06bb131bd8a9ef/gnocchi.25881eb8-38d4-47e5-b6bd-30fed4e9534a/1769040000.0_mean_300.0_v3" "tx0a518095db3d44a6977cf-006977ba22" "object-server 24" 0.0006 "-" 23 0
Jan 26 19:01:54 standalone object-server[127938]: 172.20.0.100 - - [26/Jan/2026:19:01:54 +0000] "PUT /d1/348/AUTH_f458f38cec3a490abb06bb131bd8a9ef/gnocchi.25881eb8-38d4-47e5-b6bd-30fed4e9534a/1769040000.0_mean_300.0_v3" 201 - "PUT http://172.18.0.2:8080/v1/AUTH_f458f38cec3a490abb06bb131bd8a9ef/gnocchi.25881eb8-38d4-47e5-b6bd-30fed4e9534a/1769040000.0_mean_300.0_v3" "tx0a518095db3d44a6977cf-006977ba22" "proxy-server 20" 0.0109 "-" 24 0
Jan 26 19:01:54 standalone proxy-server[129985]: 172.18.0.2 172.18.0.100 26/Jan/2026/19/01/54 PUT /v1/AUTH_f458f38cec3a490abb06bb131bd8a9ef/gnocchi.25881eb8-38d4-47e5-b6bd-30fed4e9534a/1769040000.0_mean_300.0_v3 HTTP/1.0 201 - python-swiftclient-3.11.1 gAAAAABpd7mmKgIl... 16 - - tx0a518095db3d44a6977cf-006977ba22 - 0.0157 - - 1769454114.392356634 1769454114.408011913 0
Jan 26 19:01:54 standalone container-server[127808]: 172.20.0.100 - - [26/Jan/2026:19:01:54 +0000] "PUT /d1/954/AUTH_f458f38cec3a490abb06bb131bd8a9ef/gnocchi.25881eb8-38d4-47e5-b6bd-30fed4e9534a/none_v3" 201 - "PUT http://172.18.0.2:8080/d1/196/AUTH_f458f38cec3a490abb06bb131bd8a9ef/gnocchi.25881eb8-38d4-47e5-b6bd-30fed4e9534a/none_v3" "tx92a381c195624d278f4d2-006977ba22" "object-server 25" 0.0004 "-" 23 0
Jan 26 19:01:54 standalone object-server[127947]: 172.20.0.100 - - [26/Jan/2026:19:01:54 +0000] "PUT /d1/196/AUTH_f458f38cec3a490abb06bb131bd8a9ef/gnocchi.25881eb8-38d4-47e5-b6bd-30fed4e9534a/none_v3" 201 - "PUT http://172.18.0.2:8080/v1/AUTH_f458f38cec3a490abb06bb131bd8a9ef/gnocchi.25881eb8-38d4-47e5-b6bd-30fed4e9534a/none_v3" "tx92a381c195624d278f4d2-006977ba22" "proxy-server 20" 0.0092 "-" 25 0
Jan 26 19:01:54 standalone proxy-server[129985]: 172.18.0.2 172.18.0.100 26/Jan/2026/19/01/54 PUT /v1/AUTH_f458f38cec3a490abb06bb131bd8a9ef/gnocchi.25881eb8-38d4-47e5-b6bd-30fed4e9534a/none_v3 HTTP/1.0 201 - python-swiftclient-3.11.1 gAAAAABpd7mmKgIl... 32 - - tx92a381c195624d278f4d2-006977ba22 - 0.0139 - - 1769454114.411425114 1769454114.425278664 0
Jan 26 19:01:54 standalone object-server[127947]: 172.20.0.100 - - [26/Jan/2026:19:01:54 +0000] "GET /d1/371/AUTH_f458f38cec3a490abb06bb131bd8a9ef/gnocchi.5113e577-614d-4a18-a8e9-a25db0d2aebe/none_v3" 200 22 "GET http://172.18.0.2:8080/v1/AUTH_f458f38cec3a490abb06bb131bd8a9ef/gnocchi.5113e577-614d-4a18-a8e9-a25db0d2aebe/none_v3" "tx19bb0acd05cf49e685102-006977ba22" "proxy-server 20" 0.0007 "-" 25 0
Jan 26 19:01:54 standalone proxy-server[129985]: 172.18.0.2 172.18.0.100 26/Jan/2026/19/01/54 GET /v1/AUTH_f458f38cec3a490abb06bb131bd8a9ef/gnocchi.5113e577-614d-4a18-a8e9-a25db0d2aebe/none_v3 HTTP/1.0 200 - python-swiftclient-3.11.1 gAAAAABpd7mmKgIl... - 22 - tx19bb0acd05cf49e685102-006977ba22 - 0.0075 - - 1769454114.437508583 1769454114.444993496 0
Jan 26 19:01:54 standalone container-server[127792]: 172.20.0.100 - - [26/Jan/2026:19:01:54 +0000] "GET /d1/285/AUTH_f458f38cec3a490abb06bb131bd8a9ef/gnocchi.5113e577-614d-4a18-a8e9-a25db0d2aebe" 200 357 "GET http://172.18.0.2:8080/v1/AUTH_f458f38cec3a490abb06bb131bd8a9ef/gnocchi.5113e577-614d-4a18-a8e9-a25db0d2aebe?format=json&states=listing" "tx89f02f6ccb0b49828ee5d-006977ba22" "proxy-server 20" 0.0024 "-" 20 0
Jan 26 19:01:54 standalone proxy-server[129985]: 172.18.0.2 172.18.0.100 26/Jan/2026/19/01/54 GET /v1/AUTH_f458f38cec3a490abb06bb131bd8a9ef/gnocchi.5113e577-614d-4a18-a8e9-a25db0d2aebe%3Fformat%3Djson%26states%3Dlisting HTTP/1.0 200 - python-swiftclient-3.11.1 gAAAAABpd7mmKgIl... - 357 - tx89f02f6ccb0b49828ee5d-006977ba22 - 0.0140 - - 1769454114.449931860 1769454114.463927269 0
Jan 26 19:01:54 standalone container-server[127808]: 172.20.0.100 - - [26/Jan/2026:19:01:54 +0000] "GET /d1/285/AUTH_f458f38cec3a490abb06bb131bd8a9ef/gnocchi.5113e577-614d-4a18-a8e9-a25db0d2aebe" 200 2 "GET http://172.18.0.2:8080/v1/AUTH_f458f38cec3a490abb06bb131bd8a9ef/gnocchi.5113e577-614d-4a18-a8e9-a25db0d2aebe?format=json&marker=none_v3&states=listing" "txea9f108beee4414fb6a2a-006977ba22" "proxy-server 20" 0.0021 "-" 23 0
Jan 26 19:01:54 standalone proxy-server[129985]: 172.18.0.2 172.18.0.100 26/Jan/2026/19/01/54 GET /v1/AUTH_f458f38cec3a490abb06bb131bd8a9ef/gnocchi.5113e577-614d-4a18-a8e9-a25db0d2aebe%3Fformat%3Djson%26marker%3Dnone_v3%26states%3Dlisting HTTP/1.0 200 - python-swiftclient-3.11.1 gAAAAABpd7mmKgIl... - 2 - txea9f108beee4414fb6a2a-006977ba22 - 0.0099 - - 1769454114.467685938 1769454114.477601290 0
Jan 26 19:01:54 standalone object-server[127938]: 172.20.0.100 - - [26/Jan/2026:19:01:54 +0000] "GET /d1/372/AUTH_f458f38cec3a490abb06bb131bd8a9ef/gnocchi.5113e577-614d-4a18-a8e9-a25db0d2aebe/1769040000.0_mean_300.0_v3" 200 16 "GET http://172.18.0.2:8080/v1/AUTH_f458f38cec3a490abb06bb131bd8a9ef/gnocchi.5113e577-614d-4a18-a8e9-a25db0d2aebe/1769040000.0_mean_300.0_v3" "tx071ca2f8022546979fe5c-006977ba22" "proxy-server 20" 0.0011 "-" 24 0
Jan 26 19:01:54 standalone proxy-server[129985]: 172.18.0.2 172.18.0.100 26/Jan/2026/19/01/54 GET /v1/AUTH_f458f38cec3a490abb06bb131bd8a9ef/gnocchi.5113e577-614d-4a18-a8e9-a25db0d2aebe/1769040000.0_mean_300.0_v3 HTTP/1.0 200 - python-swiftclient-3.11.1 gAAAAABpd7mmKgIl... - 16 - tx071ca2f8022546979fe5c-006977ba22 - 0.0093 - - 1769454114.482464075 1769454114.491754055 0
Jan 26 19:01:54 standalone container-server[127792]: 172.20.0.100 - - [26/Jan/2026:19:01:54 +0000] "PUT /d1/285/AUTH_f458f38cec3a490abb06bb131bd8a9ef/gnocchi.5113e577-614d-4a18-a8e9-a25db0d2aebe/1769040000.0_mean_300.0_v3" 201 - "PUT http://172.18.0.2:8080/d1/372/AUTH_f458f38cec3a490abb06bb131bd8a9ef/gnocchi.5113e577-614d-4a18-a8e9-a25db0d2aebe/1769040000.0_mean_300.0_v3" "txce3f6557c7e840789bc07-006977ba22" "object-server 25" 0.0005 "-" 20 0
Jan 26 19:01:54 standalone object-server[127947]: 172.20.0.100 - - [26/Jan/2026:19:01:54 +0000] "PUT /d1/372/AUTH_f458f38cec3a490abb06bb131bd8a9ef/gnocchi.5113e577-614d-4a18-a8e9-a25db0d2aebe/1769040000.0_mean_300.0_v3" 201 - "PUT http://172.18.0.2:8080/v1/AUTH_f458f38cec3a490abb06bb131bd8a9ef/gnocchi.5113e577-614d-4a18-a8e9-a25db0d2aebe/1769040000.0_mean_300.0_v3" "txce3f6557c7e840789bc07-006977ba22" "proxy-server 20" 0.0081 "-" 25 0
Jan 26 19:01:54 standalone proxy-server[129985]: 172.18.0.2 172.18.0.100 26/Jan/2026/19/01/54 PUT /v1/AUTH_f458f38cec3a490abb06bb131bd8a9ef/gnocchi.5113e577-614d-4a18-a8e9-a25db0d2aebe/1769040000.0_mean_300.0_v3 HTTP/1.0 201 - python-swiftclient-3.11.1 gAAAAABpd7mmKgIl... 16 - - txce3f6557c7e840789bc07-006977ba22 - 0.0146 - - 1769454114.495695114 1769454114.510267973 0
Jan 26 19:01:54 standalone container-server[127794]: 172.20.0.100 - - [26/Jan/2026:19:01:54 +0000] "PUT /d1/285/AUTH_f458f38cec3a490abb06bb131bd8a9ef/gnocchi.5113e577-614d-4a18-a8e9-a25db0d2aebe/none_v3" 201 - "PUT http://172.18.0.2:8080/d1/371/AUTH_f458f38cec3a490abb06bb131bd8a9ef/gnocchi.5113e577-614d-4a18-a8e9-a25db0d2aebe/none_v3" "txd8fe297dfe5048b4be7a2-006977ba22" "object-server 22" 0.0005 "-" 21 0
Jan 26 19:01:54 standalone object-server[127928]: 172.20.0.100 - - [26/Jan/2026:19:01:54 +0000] "PUT /d1/371/AUTH_f458f38cec3a490abb06bb131bd8a9ef/gnocchi.5113e577-614d-4a18-a8e9-a25db0d2aebe/none_v3" 201 - "PUT http://172.18.0.2:8080/v1/AUTH_f458f38cec3a490abb06bb131bd8a9ef/gnocchi.5113e577-614d-4a18-a8e9-a25db0d2aebe/none_v3" "txd8fe297dfe5048b4be7a2-006977ba22" "proxy-server 20" 0.0086 "-" 22 0
Jan 26 19:01:54 standalone proxy-server[129985]: 172.18.0.2 172.18.0.100 26/Jan/2026/19/01/54 PUT /v1/AUTH_f458f38cec3a490abb06bb131bd8a9ef/gnocchi.5113e577-614d-4a18-a8e9-a25db0d2aebe/none_v3 HTTP/1.0 201 - python-swiftclient-3.11.1 gAAAAABpd7mmKgIl... 32 - - txd8fe297dfe5048b4be7a2-006977ba22 - 0.0148 - - 1769454114.513713837 1769454114.528501034 0
Jan 26 19:01:57 standalone container-server[127802]: 172.20.0.100 - - [26/Jan/2026:19:01:57 +0000] "HEAD /d1/632/AUTH_f458f38cec3a490abb06bb131bd8a9ef/gnocchi.63659a73-8707-4810-b819-efcb6d4285bb" 404 - "HEAD http://172.18.0.2:8080/v1/AUTH_f458f38cec3a490abb06bb131bd8a9ef/gnocchi.63659a73-8707-4810-b819-efcb6d4285bb?format=json&states=listing" "tx6434d5dbc81e437ab20b4-006977ba25" "proxy-server 20" 0.0006 "-" 22 0
Jan 26 19:01:57 standalone object-server[127932]: 172.20.0.100 - - [26/Jan/2026:19:01:57 +0000] "GET /d1/448/AUTH_f458f38cec3a490abb06bb131bd8a9ef/gnocchi.63659a73-8707-4810-b819-efcb6d4285bb/none_v3" 404 70 "GET http://172.18.0.2:8080/v1/AUTH_f458f38cec3a490abb06bb131bd8a9ef/gnocchi.63659a73-8707-4810-b819-efcb6d4285bb/none_v3" "tx6434d5dbc81e437ab20b4-006977ba25" "proxy-server 20" 0.0007 "-" 23 0
Jan 26 19:01:57 standalone proxy-server[129985]: 172.18.0.2 172.18.0.100 26/Jan/2026/19/01/57 GET /v1/AUTH_f458f38cec3a490abb06bb131bd8a9ef/gnocchi.63659a73-8707-4810-b819-efcb6d4285bb/none_v3 HTTP/1.0 404 - python-swiftclient-3.11.1 gAAAAABpd7mmKgIl... - 70 - tx6434d5dbc81e437ab20b4-006977ba25 - 0.0163 - - 1769454117.683614016 1769454117.699954033 0
Jan 26 19:01:57 standalone account-server[127677]: 172.20.0.100 - - [26/Jan/2026:19:01:57 +0000] "PUT /d1/322/AUTH_f458f38cec3a490abb06bb131bd8a9ef/gnocchi.63659a73-8707-4810-b819-efcb6d4285bb" 201 - "PUT http://172.20.0.100:6001/d1/632/AUTH_f458f38cec3a490abb06bb131bd8a9ef/gnocchi.63659a73-8707-4810-b819-efcb6d4285bb" "txb0fc723f5fa44289afe27-006977ba25" "container-server 22" 0.0021 "-" 19 0
Jan 26 19:01:57 standalone container-server[127802]: 172.20.0.100 - - [26/Jan/2026:19:01:57 +0000] "PUT /d1/632/AUTH_f458f38cec3a490abb06bb131bd8a9ef/gnocchi.63659a73-8707-4810-b819-efcb6d4285bb" 201 - "PUT http://172.18.0.2:8080/v1/AUTH_f458f38cec3a490abb06bb131bd8a9ef/gnocchi.63659a73-8707-4810-b819-efcb6d4285bb" "txb0fc723f5fa44289afe27-006977ba25" "proxy-server 20" 0.0244 "-" 22 0
Jan 26 19:01:57 standalone proxy-server[129985]: 172.18.0.2 172.18.0.100 26/Jan/2026/19/01/57 PUT /v1/AUTH_f458f38cec3a490abb06bb131bd8a9ef/gnocchi.63659a73-8707-4810-b819-efcb6d4285bb HTTP/1.0 201 - python-swiftclient-3.11.1 gAAAAABpd7mmKgIl... - - - txb0fc723f5fa44289afe27-006977ba25 - 0.0333 - - 1769454117.708878040 1769454117.742156744 0
