Jan 26 18:47:40 standalone account-server[127329]: Starting 2
Jan 26 18:47:41 standalone account-server[127468]: Started child 19 from parent 2
Jan 26 18:47:41 standalone account-server[127468]: Started child 20 from parent 2
Jan 26 18:47:41 standalone account-server[127468]: Started child 21 from parent 2
Jan 26 18:47:41 standalone account-server[127468]: Started child 22 from parent 2
Jan 26 18:47:41 standalone object-expirer[127615]: Starting 2
Jan 26 18:47:41 standalone object-expirer[127615]: Option auto_create_account_prefix is deprecated. Configure auto_create_account_prefix under the swift-constraints section of swift.conf. This option will be ignored in a future release.
Jan 26 18:47:41 standalone container-server[127527]: Option allow_versions is deprecated. Configure the versioned_writes middleware in the proxy-server instead. This option will be ignored in a future release.
Jan 26 18:47:41 standalone container-server[127792]: Option allow_versions is deprecated. Configure the versioned_writes middleware in the proxy-server instead. This option will be ignored in a future release.
Jan 26 18:47:41 standalone container-server[127527]: Started child 20 from parent 2
Jan 26 18:47:41 standalone container-server[127794]: Option allow_versions is deprecated. Configure the versioned_writes middleware in the proxy-server instead. This option will be ignored in a future release.
Jan 26 18:47:41 standalone container-server[127527]: Started child 21 from parent 2
Jan 26 18:47:41 standalone container-server[127802]: Option allow_versions is deprecated. Configure the versioned_writes middleware in the proxy-server instead. This option will be ignored in a future release.
Jan 26 18:47:41 standalone container-server[127527]: Started child 22 from parent 2
Jan 26 18:47:41 standalone container-server[127808]: Option allow_versions is deprecated. Configure the versioned_writes middleware in the proxy-server instead. This option will be ignored in a future release.
Jan 26 18:47:41 standalone container-server[127527]: Started child 23 from parent 2
Jan 26 18:47:41 standalone container-server[127678]: Starting 2
Jan 26 18:47:41 standalone object-server[127806]: Started child 22 from parent 2
Jan 26 18:47:42 standalone object-server[127806]: Started child 23 from parent 2
Jan 26 18:47:42 standalone object-server[127806]: Started child 24 from parent 2
Jan 26 18:47:42 standalone object-server[127806]: Started child 25 from parent 2
Jan 26 18:47:42 standalone object-server[127867]: Starting 2
Jan 26 18:47:48 standalone proxy-server[129686]: Starting Keystone auth_token middleware
Jan 26 18:47:48 standalone proxy-server[129686]: AuthToken middleware is set with keystone_authtoken.service_token_roles_required set to False. This is backwards compatible but deprecated behaviour. Please set this to True.
Jan 26 18:47:48 standalone proxy-server[129985]: Starting Keystone auth_token middleware
Jan 26 18:47:48 standalone proxy-server[129985]: STDERR: The option "bind_port" is not known to keystonemiddleware
Jan 26 18:47:48 standalone proxy-server[129985]: STDERR: The option "workers" is not known to keystonemiddleware
Jan 26 18:47:48 standalone proxy-server[129985]: STDERR: The option "user" is not known to keystonemiddleware
Jan 26 18:47:48 standalone proxy-server[129985]: STDERR: The option "bind_ip" is not known to keystonemiddleware
Jan 26 18:47:48 standalone proxy-server[129985]: STDERR: The option "log_name" is not known to keystonemiddleware
Jan 26 18:47:48 standalone proxy-server[129985]: STDERR: The option "log_facility" is not known to keystonemiddleware
Jan 26 18:47:48 standalone proxy-server[129985]: STDERR: The option "log_level" is not known to keystonemiddleware
Jan 26 18:47:48 standalone proxy-server[129985]: STDERR: The option "log_headers" is not known to keystonemiddleware
Jan 26 18:47:48 standalone proxy-server[129985]: STDERR: The option "log_address" is not known to keystonemiddleware
Jan 26 18:47:48 standalone proxy-server[129985]: STDERR: The option "project_name" is not known to keystonemiddleware
Jan 26 18:47:48 standalone proxy-server[129985]: STDERR: The option "username" is not known to keystonemiddleware
Jan 26 18:47:48 standalone proxy-server[129985]: STDERR: The option "password" is not known to keystonemiddleware
Jan 26 18:47:48 standalone proxy-server[129985]: STDERR: The option "auth_url" is not known to keystonemiddleware
Jan 26 18:47:48 standalone proxy-server[129985]: STDERR: The option "signing_dir" is not known to keystonemiddleware
Jan 26 18:47:48 standalone proxy-server[129985]: STDERR: The option "project_domain_id" is not known to keystonemiddleware
Jan 26 18:47:48 standalone proxy-server[129985]: STDERR: The option "user_domain_id" is not known to keystonemiddleware
Jan 26 18:47:48 standalone proxy-server[129985]: STDERR: The option "__name__" is not known to keystonemiddleware
Jan 26 18:47:48 standalone proxy-server[129985]: AuthToken middleware is set with keystone_authtoken.service_token_roles_required set to False. This is backwards compatible but deprecated behaviour. Please set this to True.
Jan 26 18:47:48 standalone proxy-server[129686]: Started child 20 from parent 2
Jan 26 18:49:18 standalone account-server[127709]: 172.20.0.100 - - [26/Jan/2026:18:49:18 +0000] "HEAD /d1/697/.expiring_objects" 404 - "HEAD http://localhost/v1/.expiring_objects?format=json" "txb0b8aa8f95ec4b11b720b-006977b72e" "proxy-server 2" 0.0015 "-" 22 -
Jan 26 18:49:18 standalone object-expirer[127615]: Pass completed in 0s; 0 objects expired (txn: txb0b8aa8f95ec4b11b720b-006977b72e)
Jan 26 18:51:06 standalone object-server[127867]: Begin object update sweep
Jan 26 18:51:06 standalone object-server[152481]: Object update sweep starting on /srv/node/d1 (pid: 11)
Jan 26 18:51:06 standalone object-server[152481]: Object update sweep completed on /srv/node/d1 in 0.00s seconds:, 0 successes, 0 failures, 0 quarantines, 0 unlinks, 0 errors, 0 redirects (pid: 11)
Jan 26 18:51:06 standalone object-server[152481]: Object update sweep of d1 completed: 0.00s, 0 successes, 0 failures, 0 quarantines, 0 unlinks, 0 errors, 0 redirects
Jan 26 18:51:06 standalone object-server[127867]: Object update sweep completed: 0.08s
Jan 26 18:51:39 standalone container-server[127678]: Begin container update sweep
Jan 26 18:51:39 standalone container-server[127678]: Container update sweep completed: 0.00s
Jan 26 18:51:40 standalone account-server[127703]: 172.20.0.100 - - [26/Jan/2026:18:51:40 +0000] "HEAD /d1/697/.expiring_objects" 404 - "HEAD http://localhost/v1/.expiring_objects?format=json" "tx52f9793143db4535a61c0-006977b7bc" "proxy-server 2" 0.0017 "-" 21 -
Jan 26 18:51:40 standalone object-expirer[127615]: Pass completed in 0s; 0 objects expired (txn: tx52f9793143db4535a61c0-006977b7bc)
Jan 26 18:53:03 standalone account-server[127329]: Devices pass completed: 0.00s
Jan 26 18:55:53 standalone account-server[127677]: 172.20.0.100 - - [26/Jan/2026:18:55:53 +0000] "HEAD /d1/697/.expiring_objects" 404 - "HEAD http://localhost/v1/.expiring_objects?format=json" "txc1fa43d24b1444c3a2cbd-006977b8b9" "proxy-server 2" 0.0009 "-" 19 -
Jan 26 18:55:53 standalone object-expirer[127615]: Pass completed in 0s; 0 objects expired (txn: txc1fa43d24b1444c3a2cbd-006977b8b9)
Jan 26 18:56:06 standalone object-server[127867]: Begin object update sweep
Jan 26 18:56:06 standalone object-server[193544]: Object update sweep starting on /srv/node/d1 (pid: 13)
Jan 26 18:56:06 standalone object-server[193544]: Object update sweep completed on /srv/node/d1 in 0.00s seconds:, 0 successes, 0 failures, 0 quarantines, 0 unlinks, 0 errors, 0 redirects (pid: 13)
Jan 26 18:56:06 standalone object-server[193544]: Object update sweep of d1 completed: 0.00s, 0 successes, 0 failures, 0 quarantines, 0 unlinks, 0 errors, 0 redirects
Jan 26 18:56:06 standalone object-server[127867]: Object update sweep completed: 0.10s
Jan 26 18:56:07 standalone account-server[127677]: 172.20.0.100 - - [26/Jan/2026:18:56:07 +0000] "HEAD /d1/697/.expiring_objects" 404 - "HEAD http://localhost/v1/.expiring_objects?format=json" "txf4f51e1f20954f13adb57-006977b8c7" "proxy-server 2" 0.0003 "-" 19 -
Jan 26 18:56:07 standalone object-expirer[127615]: Pass completed in 0s; 0 objects expired (txn: txf4f51e1f20954f13adb57-006977b8c7)
Jan 26 18:56:39 standalone container-server[127678]: Begin container update sweep
Jan 26 18:56:39 standalone container-server[127678]: Container update sweep completed: 0.00s
Jan 26 18:59:06 standalone account-server[127691]: 172.20.0.100 - - [26/Jan/2026:18:59:06 +0000] "HEAD /d1/697/.expiring_objects" 404 - "HEAD http://localhost/v1/.expiring_objects?format=json" "tx9150b0fe71ef41a7a344f-006977b97a" "proxy-server 2" 0.0017 "-" 20 -
Jan 26 18:59:06 standalone object-expirer[127615]: Pass completed in 0s; 0 objects expired (txn: tx9150b0fe71ef41a7a344f-006977b97a)
Jan 26 18:59:50 standalone account-server[127677]: 172.20.0.100 - - [26/Jan/2026:18:59:50 +0000] "HEAD /d1/322/AUTH_f458f38cec3a490abb06bb131bd8a9ef" 404 - "HEAD http://172.18.0.2:8080/v1/AUTH_f458f38cec3a490abb06bb131bd8a9ef?format=json" "tx9e207fe9907c4e67bff0f-006977b9a6" "proxy-server 20" 0.0006 "-" 19 -
Jan 26 18:59:50 standalone proxy-server[129985]: - - 26/Jan/2026/18/59/50 HEAD /v1/AUTH_f458f38cec3a490abb06bb131bd8a9ef%3Fformat%3Djson HTTP/1.0 200 - Swift - - - - tx9e207fe9907c4e67bff0f-006977b9a6 - 0.0077 RL - 1769453990.165365219 1769453990.173104286 -
Jan 26 18:59:50 standalone object-server[127932]: 172.20.0.100 - - [26/Jan/2026:18:59:50 +0000] "GET /d1/471/AUTH_f458f38cec3a490abb06bb131bd8a9ef/gnocchi.6c103556-017f-42da-9845-db82d982616e/none_v3" 404 70 "GET http://172.18.0.2:8080/v1/AUTH_f458f38cec3a490abb06bb131bd8a9ef/gnocchi.6c103556-017f-42da-9845-db82d982616e/none_v3" "tx9e207fe9907c4e67bff0f-006977b9a6" "proxy-server 20" 0.0015 "-" 23 0
Jan 26 18:59:50 standalone proxy-server[129985]: 172.18.0.2 172.18.0.100 26/Jan/2026/18/59/50 GET /v1/AUTH_f458f38cec3a490abb06bb131bd8a9ef/gnocchi.6c103556-017f-42da-9845-db82d982616e/none_v3 HTTP/1.0 404 - python-swiftclient-3.11.1 gAAAAABpd7mmKgIl... - 70 - tx9e207fe9907c4e67bff0f-006977b9a6 - 0.4486 - - 1769453990.160448551 1769453990.609057188 0
Jan 26 18:59:50 standalone account-server[127691]: 172.20.0.100 - - [26/Jan/2026:18:59:50 +0000] "PUT /d1/322/AUTH_f458f38cec3a490abb06bb131bd8a9ef" 201 - "-" "txf5c9ba52f08044f0a3ed7-006977b9a6" "-" 0.0186 "-" 20 -
Jan 26 18:59:50 standalone proxy-server[129985]: autocreate account '/AUTH_f458f38cec3a490abb06bb131bd8a9ef' (txn: txf5c9ba52f08044f0a3ed7-006977b9a6)
Jan 26 18:59:50 standalone account-server[127691]: 172.20.0.100 - - [26/Jan/2026:18:59:50 +0000] "HEAD /d1/322/AUTH_f458f38cec3a490abb06bb131bd8a9ef" 204 - "HEAD http://172.18.0.2:8080/v1/AUTH_f458f38cec3a490abb06bb131bd8a9ef?format=json" "txf5c9ba52f08044f0a3ed7-006977b9a6" "proxy-server 20" 0.0018 "-" 20 -
Jan 26 18:59:50 standalone account-server[127691]: 172.20.0.100 - - [26/Jan/2026:18:59:50 +0000] "PUT /d1/322/AUTH_f458f38cec3a490abb06bb131bd8a9ef/gnocchi.6c103556-017f-42da-9845-db82d982616e" 201 - "PUT http://172.20.0.100:6001/d1/634/AUTH_f458f38cec3a490abb06bb131bd8a9ef/gnocchi.6c103556-017f-42da-9845-db82d982616e" "txf5c9ba52f08044f0a3ed7-006977b9a6" "container-server 20" 0.0016 "-" 20 0
Jan 26 18:59:50 standalone container-server[127792]: 172.20.0.100 - - [26/Jan/2026:18:59:50 +0000] "PUT /d1/634/AUTH_f458f38cec3a490abb06bb131bd8a9ef/gnocchi.6c103556-017f-42da-9845-db82d982616e" 201 - "PUT http://172.18.0.2:8080/v1/AUTH_f458f38cec3a490abb06bb131bd8a9ef/gnocchi.6c103556-017f-42da-9845-db82d982616e" "txf5c9ba52f08044f0a3ed7-006977b9a6" "proxy-server 20" 0.0132 "-" 20 0
Jan 26 18:59:50 standalone proxy-server[129985]: 172.18.0.2 172.18.0.100 26/Jan/2026/18/59/50 PUT /v1/AUTH_f458f38cec3a490abb06bb131bd8a9ef/gnocchi.6c103556-017f-42da-9845-db82d982616e HTTP/1.0 201 - python-swiftclient-3.11.1 gAAAAABpd7mmKgIl... - - - txf5c9ba52f08044f0a3ed7-006977b9a6 - 0.0515 - - 1769453990.612591982 1769453990.664082289 0
Jan 26 18:59:50 standalone container-server[127794]: 172.20.0.100 - - [26/Jan/2026:18:59:50 +0000] "HEAD /d1/634/AUTH_f458f38cec3a490abb06bb131bd8a9ef/gnocchi.6c103556-017f-42da-9845-db82d982616e" 204 - "HEAD http://172.18.0.2:8080/v1/AUTH_f458f38cec3a490abb06bb131bd8a9ef/gnocchi.6c103556-017f-42da-9845-db82d982616e?format=json&states=listing" "txbb07aa55311a41eda2903-006977b9a6" "proxy-server 20" 0.0024 "-" 21 0
Jan 26 18:59:50 standalone proxy-server[129985]: - - 26/Jan/2026/18/59/50 HEAD /v1/AUTH_f458f38cec3a490abb06bb131bd8a9ef/gnocchi.6c103556-017f-42da-9845-db82d982616e%3Fformat%3Djson%26states%3Dlisting HTTP/1.0 204 - Swift - - - - txbb07aa55311a41eda2903-006977b9a6 - 0.0063 RL - 1769453990.669425249 1769453990.675771713 0
Jan 26 18:59:50 standalone container-server[127802]: 172.20.0.100 - - [26/Jan/2026:18:59:50 +0000] "GET /d1/634/AUTH_f458f38cec3a490abb06bb131bd8a9ef/gnocchi.6c103556-017f-42da-9845-db82d982616e" 200 2 "GET http://172.18.0.2:8080/v1/AUTH_f458f38cec3a490abb06bb131bd8a9ef/gnocchi.6c103556-017f-42da-9845-db82d982616e?format=json&states=listing" "txbb07aa55311a41eda2903-006977b9a6" "proxy-server 20" 0.0065 "-" 22 0
Jan 26 18:59:50 standalone proxy-server[129985]: 172.18.0.2 172.18.0.100 26/Jan/2026/18/59/50 GET /v1/AUTH_f458f38cec3a490abb06bb131bd8a9ef/gnocchi.6c103556-017f-42da-9845-db82d982616e%3Fformat%3Djson%26states%3Dlisting HTTP/1.0 200 - python-swiftclient-3.11.1 gAAAAABpd7mmKgIl... - 2 - txbb07aa55311a41eda2903-006977b9a6 - 0.0235 - - 1769453990.667873621 1769453990.691373348 0
Jan 26 18:59:50 standalone object-server[127947]: 172.20.0.100 - - [26/Jan/2026:18:59:50 +0000] "GET /d1/276/AUTH_f458f38cec3a490abb06bb131bd8a9ef/gnocchi.6c103556-017f-42da-9845-db82d982616e/1769040000.0_mean_300.0_v3" 404 70 "GET http://172.18.0.2:8080/v1/AUTH_f458f38cec3a490abb06bb131bd8a9ef/gnocchi.6c103556-017f-42da-9845-db82d982616e/1769040000.0_mean_300.0_v3" "tx3670f56618754d82b89f2-006977b9a6" "proxy-server 20" 0.0015 "-" 25 0
Jan 26 18:59:50 standalone proxy-server[129985]: 172.18.0.2 172.18.0.100 26/Jan/2026/18/59/50 GET /v1/AUTH_f458f38cec3a490abb06bb131bd8a9ef/gnocchi.6c103556-017f-42da-9845-db82d982616e/1769040000.0_mean_300.0_v3 HTTP/1.0 404 - python-swiftclient-3.11.1 gAAAAABpd7mmKgIl... - 70 - tx3670f56618754d82b89f2-006977b9a6 - 0.0104 - - 1769453990.696532011 1769453990.706886053 0
Jan 26 18:59:50 standalone container-server[127808]: 172.20.0.100 - - [26/Jan/2026:18:59:50 +0000] "PUT /d1/634/AUTH_f458f38cec3a490abb06bb131bd8a9ef/gnocchi.6c103556-017f-42da-9845-db82d982616e/1769040000.0_mean_300.0_v3" 201 - "PUT http://172.18.0.2:8080/d1/276/AUTH_f458f38cec3a490abb06bb131bd8a9ef/gnocchi.6c103556-017f-42da-9845-db82d982616e/1769040000.0_mean_300.0_v3" "tx1b4c6d0d31ea47e8a5076-006977b9a6" "object-server 22" 0.0010 "-" 23 0
Jan 26 18:59:50 standalone object-server[127928]: 172.20.0.100 - - [26/Jan/2026:18:59:50 +0000] "PUT /d1/276/AUTH_f458f38cec3a490abb06bb131bd8a9ef/gnocchi.6c103556-017f-42da-9845-db82d982616e/1769040000.0_mean_300.0_v3" 201 - "PUT http://172.18.0.2:8080/v1/AUTH_f458f38cec3a490abb06bb131bd8a9ef/gnocchi.6c103556-017f-42da-9845-db82d982616e/1769040000.0_mean_300.0_v3" "tx1b4c6d0d31ea47e8a5076-006977b9a6" "proxy-server 20" 0.0368 "-" 22 0
Jan 26 18:59:50 standalone proxy-server[129985]: 172.18.0.2 172.18.0.100 26/Jan/2026/18/59/50 PUT /v1/AUTH_f458f38cec3a490abb06bb131bd8a9ef/gnocchi.6c103556-017f-42da-9845-db82d982616e/1769040000.0_mean_300.0_v3 HTTP/1.0 201 - python-swiftclient-3.11.1 gAAAAABpd7mmKgIl... 16 - - tx1b4c6d0d31ea47e8a5076-006977b9a6 - 0.0469 - - 1769453990.710727692 1769453990.757671833 0
Jan 26 18:59:50 standalone container-server[127792]: 172.20.0.100 - - [26/Jan/2026:18:59:50 +0000] "PUT /d1/634/AUTH_f458f38cec3a490abb06bb131bd8a9ef/gnocchi.6c103556-017f-42da-9845-db82d982616e/none_v3" 201 - "PUT http://172.18.0.2:8080/d1/471/AUTH_f458f38cec3a490abb06bb131bd8a9ef/gnocchi.6c103556-017f-42da-9845-db82d982616e/none_v3" "tx8a69ec8dbfc740f3a3934-006977b9a6" "object-server 23" 0.0006 "-" 20 0
Jan 26 18:59:50 standalone object-server[127932]: 172.20.0.100 - - [26/Jan/2026:18:59:50 +0000] "PUT /d1/471/AUTH_f458f38cec3a490abb06bb131bd8a9ef/gnocchi.6c103556-017f-42da-9845-db82d982616e/none_v3" 201 - "PUT http://172.18.0.2:8080/v1/AUTH_f458f38cec3a490abb06bb131bd8a9ef/gnocchi.6c103556-017f-42da-9845-db82d982616e/none_v3" "tx8a69ec8dbfc740f3a3934-006977b9a6" "proxy-server 20" 0.0303 "-" 23 0
Jan 26 18:59:50 standalone proxy-server[129985]: 172.18.0.2 172.18.0.100 26/Jan/2026/18/59/50 PUT /v1/AUTH_f458f38cec3a490abb06bb131bd8a9ef/gnocchi.6c103556-017f-42da-9845-db82d982616e/none_v3 HTTP/1.0 201 - python-swiftclient-3.11.1 gAAAAABpd7mmKgIl... 22 - - tx8a69ec8dbfc740f3a3934-006977b9a6 - 0.0393 - - 1769453990.761158705 1769453990.800470591 0
Jan 26 19:00:20 standalone object-server[127938]: 172.20.0.100 - - [26/Jan/2026:19:00:20 +0000] "GET /d1/471/AUTH_f458f38cec3a490abb06bb131bd8a9ef/gnocchi.6c103556-017f-42da-9845-db82d982616e/none_v3" 200 22 "GET http://172.18.0.2:8080/v1/AUTH_f458f38cec3a490abb06bb131bd8a9ef/gnocchi.6c103556-017f-42da-9845-db82d982616e/none_v3" "tx53185ebc56b849d3b71bb-006977b9c4" "proxy-server 20" 0.0023 "-" 24 0
Jan 26 19:00:20 standalone proxy-server[129985]: 172.18.0.2 172.18.0.100 26/Jan/2026/19/00/20 GET /v1/AUTH_f458f38cec3a490abb06bb131bd8a9ef/gnocchi.6c103556-017f-42da-9845-db82d982616e/none_v3 HTTP/1.0 200 - python-swiftclient-3.11.1 gAAAAABpd7mmKgIl... - 22 - tx53185ebc56b849d3b71bb-006977b9c4 - 0.0152 - - 1769454020.018488646 1769454020.033666372 0
Jan 26 19:00:20 standalone container-server[127794]: 172.20.0.100 - - [26/Jan/2026:19:00:20 +0000] "GET /d1/634/AUTH_f458f38cec3a490abb06bb131bd8a9ef/gnocchi.6c103556-017f-42da-9845-db82d982616e" 200 357 "GET http://172.18.0.2:8080/v1/AUTH_f458f38cec3a490abb06bb131bd8a9ef/gnocchi.6c103556-017f-42da-9845-db82d982616e?format=json&states=listing" "txd977deee39d6433fa51a8-006977b9c4" "proxy-server 20" 0.0131 "-" 21 0
Jan 26 19:00:20 standalone proxy-server[129985]: 172.18.0.2 172.18.0.100 26/Jan/2026/19/00/20 GET /v1/AUTH_f458f38cec3a490abb06bb131bd8a9ef/gnocchi.6c103556-017f-42da-9845-db82d982616e%3Fformat%3Djson%26states%3Dlisting HTTP/1.0 200 - python-swiftclient-3.11.1 gAAAAABpd7mmKgIl... - 357 - txd977deee39d6433fa51a8-006977b9c4 - 0.0192 - - 1769454020.037101030 1769454020.056347370 0
Jan 26 19:00:20 standalone container-server[127792]: 172.20.0.100 - - [26/Jan/2026:19:00:20 +0000] "GET /d1/634/AUTH_f458f38cec3a490abb06bb131bd8a9ef/gnocchi.6c103556-017f-42da-9845-db82d982616e" 200 2 "GET http://172.18.0.2:8080/v1/AUTH_f458f38cec3a490abb06bb131bd8a9ef/gnocchi.6c103556-017f-42da-9845-db82d982616e?format=json&marker=none_v3&states=listing" "tx0b1981ee6f8d42b4a4ea9-006977b9c4" "proxy-server 20" 0.0024 "-" 20 0
Jan 26 19:00:20 standalone proxy-server[129985]: 172.18.0.2 172.18.0.100 26/Jan/2026/19/00/20 GET /v1/AUTH_f458f38cec3a490abb06bb131bd8a9ef/gnocchi.6c103556-017f-42da-9845-db82d982616e%3Fformat%3Djson%26marker%3Dnone_v3%26states%3Dlisting HTTP/1.0 200 - python-swiftclient-3.11.1 gAAAAABpd7mmKgIl... - 2 - tx0b1981ee6f8d42b4a4ea9-006977b9c4 - 0.0075 - - 1769454020.058599472 1769454020.066111088 0
Jan 26 19:00:20 standalone object-server[127938]: 172.20.0.100 - - [26/Jan/2026:19:00:20 +0000] "GET /d1/276/AUTH_f458f38cec3a490abb06bb131bd8a9ef/gnocchi.6c103556-017f-42da-9845-db82d982616e/1769040000.0_mean_300.0_v3" 200 16 "GET http://172.18.0.2:8080/v1/AUTH_f458f38cec3a490abb06bb131bd8a9ef/gnocchi.6c103556-017f-42da-9845-db82d982616e/1769040000.0_mean_300.0_v3" "tx2f6c98075d164ce496c3d-006977b9c4" "proxy-server 20" 0.0014 "-" 24 0
Jan 26 19:00:20 standalone proxy-server[129985]: 172.18.0.2 172.18.0.100 26/Jan/2026/19/00/20 GET /v1/AUTH_f458f38cec3a490abb06bb131bd8a9ef/gnocchi.6c103556-017f-42da-9845-db82d982616e/1769040000.0_mean_300.0_v3 HTTP/1.0 200 - python-swiftclient-3.11.1 gAAAAABpd7mmKgIl... - 16 - tx2f6c98075d164ce496c3d-006977b9c4 - 0.0076 - - 1769454020.068972349 1769454020.076551914 0
Jan 26 19:00:20 standalone container-server[127792]: 172.20.0.100 - - [26/Jan/2026:19:00:20 +0000] "PUT /d1/634/AUTH_f458f38cec3a490abb06bb131bd8a9ef/gnocchi.6c103556-017f-42da-9845-db82d982616e/1769040000.0_mean_300.0_v3" 201 - "PUT http://172.18.0.2:8080/d1/276/AUTH_f458f38cec3a490abb06bb131bd8a9ef/gnocchi.6c103556-017f-42da-9845-db82d982616e/1769040000.0_mean_300.0_v3" "tx944bef006d684a20a0373-006977b9c4" "object-server 22" 0.0005 "-" 20 0
Jan 26 19:00:20 standalone object-server[127928]: 172.20.0.100 - - [26/Jan/2026:19:00:20 +0000] "PUT /d1/276/AUTH_f458f38cec3a490abb06bb131bd8a9ef/gnocchi.6c103556-017f-42da-9845-db82d982616e/1769040000.0_mean_300.0_v3" 201 - "PUT http://172.18.0.2:8080/v1/AUTH_f458f38cec3a490abb06bb131bd8a9ef/gnocchi.6c103556-017f-42da-9845-db82d982616e/1769040000.0_mean_300.0_v3" "tx944bef006d684a20a0373-006977b9c4" "proxy-server 20" 0.0098 "-" 22 0
Jan 26 19:00:20 standalone proxy-server[129985]: 172.18.0.2 172.18.0.100 26/Jan/2026/19/00/20 PUT /v1/AUTH_f458f38cec3a490abb06bb131bd8a9ef/gnocchi.6c103556-017f-42da-9845-db82d982616e/1769040000.0_mean_300.0_v3 HTTP/1.0 201 - python-swiftclient-3.11.1 gAAAAABpd7mmKgIl... 16 - - tx944bef006d684a20a0373-006977b9c4 - 0.0152 - - 1769454020.078942537 1769454020.094170809 0
Jan 26 19:00:20 standalone container-server[127802]: 172.20.0.100 - - [26/Jan/2026:19:00:20 +0000] "PUT /d1/634/AUTH_f458f38cec3a490abb06bb131bd8a9ef/gnocchi.6c103556-017f-42da-9845-db82d982616e/none_v3" 201 - "PUT http://172.18.0.2:8080/d1/471/AUTH_f458f38cec3a490abb06bb131bd8a9ef/gnocchi.6c103556-017f-42da-9845-db82d982616e/none_v3" "tx7206889ea94b4af9ac472-006977b9c4" "object-server 23" 0.0005 "-" 22 0
Jan 26 19:00:20 standalone object-server[127932]: 172.20.0.100 - - [26/Jan/2026:19:00:20 +0000] "PUT /d1/471/AUTH_f458f38cec3a490abb06bb131bd8a9ef/gnocchi.6c103556-017f-42da-9845-db82d982616e/none_v3" 201 - "PUT http://172.18.0.2:8080/v1/AUTH_f458f38cec3a490abb06bb131bd8a9ef/gnocchi.6c103556-017f-42da-9845-db82d982616e/none_v3" "tx7206889ea94b4af9ac472-006977b9c4" "proxy-server 20" 0.0176 "-" 23 0
Jan 26 19:00:20 standalone proxy-server[129985]: 172.18.0.2 172.18.0.100 26/Jan/2026/19/00/20 PUT /v1/AUTH_f458f38cec3a490abb06bb131bd8a9ef/gnocchi.6c103556-017f-42da-9845-db82d982616e/none_v3 HTTP/1.0 201 - python-swiftclient-3.11.1 gAAAAABpd7mmKgIl... 32 - - tx7206889ea94b4af9ac472-006977b9c4 - 0.0250 - - 1769454020.096895456 1769454020.121944904 0
Jan 26 19:00:24 standalone account-server[127703]: 172.20.0.100 - - [26/Jan/2026:19:00:24 +0000] "HEAD /d1/697/.expiring_objects" 404 - "HEAD http://localhost/v1/.expiring_objects?format=json" "txc09b9e03b94d4b4b91dc3-006977b9c8" "proxy-server 2" 0.0007 "-" 21 -
Jan 26 19:00:24 standalone object-expirer[127615]: Pass completed in 0s; 0 objects expired (txn: txc09b9e03b94d4b4b91dc3-006977b9c8)
Jan 26 19:00:36 standalone account-server[127691]: 172.20.0.100 - - [26/Jan/2026:19:00:36 +0000] "HEAD /d1/697/.expiring_objects" 404 - "HEAD http://localhost/v1/.expiring_objects?format=json" "tx2f3ea59fd2034740ad9ed-006977b9d4" "proxy-server 2" 0.0007 "-" 20 -
Jan 26 19:00:36 standalone object-expirer[127615]: Pass completed in 0s; 0 objects expired (txn: tx2f3ea59fd2034740ad9ed-006977b9d4)
Jan 26 19:00:50 standalone account-server[127709]: 172.20.0.100 - - [26/Jan/2026:19:00:50 +0000] "HEAD /d1/322/AUTH_f458f38cec3a490abb06bb131bd8a9ef" 204 - "HEAD http://172.18.0.2:8080/v1/AUTH_f458f38cec3a490abb06bb131bd8a9ef?format=json" "tx9b08d6652f57450fba3ae-006977b9e2" "proxy-server 20" 0.0167 "-" 22 -
Jan 26 19:00:50 standalone proxy-server[129985]: - - 26/Jan/2026/19/00/50 HEAD /v1/AUTH_f458f38cec3a490abb06bb131bd8a9ef%3Fformat%3Djson HTTP/1.0 204 - Swift - - - - tx9b08d6652f57450fba3ae-006977b9e2 - 0.0275 RL - 1769454050.380036354 1769454050.407540321 -
Jan 26 19:00:50 standalone container-server[127792]: 172.20.0.100 - - [26/Jan/2026:19:00:50 +0000] "HEAD /d1/381/AUTH_f458f38cec3a490abb06bb131bd8a9ef/gnocchi.248c0c93-415f-4fb2-a5bf-9e6c0277e0aa" 404 - "HEAD http://172.18.0.2:8080/v1/AUTH_f458f38cec3a490abb06bb131bd8a9ef/gnocchi.248c0c93-415f-4fb2-a5bf-9e6c0277e0aa?format=json&states=listing" "tx9b08d6652f57450fba3ae-006977b9e2" "proxy-server 20" 0.0006 "-" 20 0
Jan 26 19:00:50 standalone object-server[127938]: 172.20.0.100 - - [26/Jan/2026:19:00:50 +0000] "GET /d1/1020/AUTH_f458f38cec3a490abb06bb131bd8a9ef/gnocchi.248c0c93-415f-4fb2-a5bf-9e6c0277e0aa/none_v3" 404 70 "GET http://172.18.0.2:8080/v1/AUTH_f458f38cec3a490abb06bb131bd8a9ef/gnocchi.248c0c93-415f-4fb2-a5bf-9e6c0277e0aa/none_v3" "tx9b08d6652f57450fba3ae-006977b9e2" "proxy-server 20" 0.0006 "-" 24 0
Jan 26 19:00:50 standalone proxy-server[129985]: 172.18.0.2 172.18.0.100 26/Jan/2026/19/00/50 GET /v1/AUTH_f458f38cec3a490abb06bb131bd8a9ef/gnocchi.248c0c93-415f-4fb2-a5bf-9e6c0277e0aa/none_v3 HTTP/1.0 404 - python-swiftclient-3.11.1 gAAAAABpd7mmKgIl... - 70 - tx9b08d6652f57450fba3ae-006977b9e2 - 0.0450 - - 1769454050.378933191 1769454050.423898697 0
Jan 26 19:00:50 standalone account-server[127709]: 172.20.0.100 - - [26/Jan/2026:19:00:50 +0000] "PUT /d1/322/AUTH_f458f38cec3a490abb06bb131bd8a9ef/gnocchi.248c0c93-415f-4fb2-a5bf-9e6c0277e0aa" 201 - "PUT http://172.20.0.100:6001/d1/381/AUTH_f458f38cec3a490abb06bb131bd8a9ef/gnocchi.248c0c93-415f-4fb2-a5bf-9e6c0277e0aa" "tx331ef6fd503547a9bc955-006977b9e2" "container-server 23" 0.0019 "-" 22 0
Jan 26 19:00:50 standalone container-server[127808]: 172.20.0.100 - - [26/Jan/2026:19:00:50 +0000] "PUT /d1/381/AUTH_f458f38cec3a490abb06bb131bd8a9ef/gnocchi.248c0c93-415f-4fb2-a5bf-9e6c0277e0aa" 201 - "PUT http://172.18.0.2:8080/v1/AUTH_f458f38cec3a490abb06bb131bd8a9ef/gnocchi.248c0c93-415f-4fb2-a5bf-9e6c0277e0aa" "tx331ef6fd503547a9bc955-006977b9e2" "proxy-server 20" 0.0151 "-" 23 0
Jan 26 19:00:50 standalone proxy-server[129985]: 172.18.0.2 172.18.0.100 26/Jan/2026/19/00/50 PUT /v1/AUTH_f458f38cec3a490abb06bb131bd8a9ef/gnocchi.248c0c93-415f-4fb2-a5bf-9e6c0277e0aa HTTP/1.0 201 - python-swiftclient-3.11.1 gAAAAABpd7mmKgIl... - - - tx331ef6fd503547a9bc955-006977b9e2 - 0.0194 - - 1769454050.426657200 1769454050.446090698 0
Jan 26 19:00:50 standalone container-server[127792]: 172.20.0.100 - - [26/Jan/2026:19:00:50 +0000] "HEAD /d1/381/AUTH_f458f38cec3a490abb06bb131bd8a9ef/gnocchi.248c0c93-415f-4fb2-a5bf-9e6c0277e0aa" 204 - "HEAD http://172.18.0.2:8080/v1/AUTH_f458f38cec3a490abb06bb131bd8a9ef/gnocchi.248c0c93-415f-4fb2-a5bf-9e6c0277e0aa?format=json&states=listing" "tx9669c9b5d6884d02a2468-006977b9e2" "proxy-server 20" 0.0020 "-" 20 0
Jan 26 19:00:50 standalone proxy-server[129985]: - - 26/Jan/2026/19/00/50 HEAD /v1/AUTH_f458f38cec3a490abb06bb131bd8a9ef/gnocchi.248c0c93-415f-4fb2-a5bf-9e6c0277e0aa%3Fformat%3Djson%26states%3Dlisting HTTP/1.0 204 - Swift - - - - tx9669c9b5d6884d02a2468-006977b9e2 - 0.0052 RL - 1769454050.455650330 1769454050.460848331 0
Jan 26 19:00:50 standalone container-server[127794]: 172.20.0.100 - - [26/Jan/2026:19:00:50 +0000] "GET /d1/381/AUTH_f458f38cec3a490abb06bb131bd8a9ef/gnocchi.248c0c93-415f-4fb2-a5bf-9e6c0277e0aa" 200 2 "GET http://172.18.0.2:8080/v1/AUTH_f458f38cec3a490abb06bb131bd8a9ef/gnocchi.248c0c93-415f-4fb2-a5bf-9e6c0277e0aa?format=json&states=listing" "tx9669c9b5d6884d02a2468-006977b9e2" "proxy-server 20" 0.0022 "-" 21 0
Jan 26 19:00:50 standalone proxy-server[129985]: 172.18.0.2 172.18.0.100 26/Jan/2026/19/00/50 GET /v1/AUTH_f458f38cec3a490abb06bb131bd8a9ef/gnocchi.248c0c93-415f-4fb2-a5bf-9e6c0277e0aa%3Fformat%3Djson%26states%3Dlisting HTTP/1.0 200 - python-swiftclient-3.11.1 gAAAAABpd7mmKgIl... - 2 - tx9669c9b5d6884d02a2468-006977b9e2 - 0.0159 - - 1769454050.454847813 1769454050.470713615 0
Jan 26 19:00:50 standalone object-server[127938]: 172.20.0.100 - - [26/Jan/2026:19:00:50 +0000] "GET /d1/297/AUTH_f458f38cec3a490abb06bb131bd8a9ef/gnocchi.248c0c93-415f-4fb2-a5bf-9e6c0277e0aa/1769040000.0_mean_300.0_v3" 404 70 "GET http://172.18.0.2:8080/v1/AUTH_f458f38cec3a490abb06bb131bd8a9ef/gnocchi.248c0c93-415f-4fb2-a5bf-9e6c0277e0aa/1769040000.0_mean_300.0_v3" "tx53745cb08433429e9ab11-006977b9e2" "proxy-server 20" 0.0004 "-" 24 0
Jan 26 19:00:50 standalone proxy-server[129985]: 172.18.0.2 172.18.0.100 26/Jan/2026/19/00/50 GET /v1/AUTH_f458f38cec3a490abb06bb131bd8a9ef/gnocchi.248c0c93-415f-4fb2-a5bf-9e6c0277e0aa/1769040000.0_mean_300.0_v3 HTTP/1.0 404 - python-swiftclient-3.11.1 gAAAAABpd7mmKgIl... - 70 - tx53745cb08433429e9ab11-006977b9e2 - 0.0059 - - 1769454050.474382877 1769454050.480255604 0
Jan 26 19:00:50 standalone container-server[127802]: 172.20.0.100 - - [26/Jan/2026:19:00:50 +0000] "PUT /d1/381/AUTH_f458f38cec3a490abb06bb131bd8a9ef/gnocchi.248c0c93-415f-4fb2-a5bf-9e6c0277e0aa/1769040000.0_mean_300.0_v3" 201 - "PUT http://172.18.0.2:8080/d1/297/AUTH_f458f38cec3a490abb06bb131bd8a9ef/gnocchi.248c0c93-415f-4fb2-a5bf-9e6c0277e0aa/1769040000.0_mean_300.0_v3" "txb05431e959474c08b861a-006977b9e2" "object-server 22" 0.0005 "-" 22 0
Jan 26 19:00:50 standalone object-server[127928]: 172.20.0.100 - - [26/Jan/2026:19:00:50 +0000] "PUT /d1/297/AUTH_f458f38cec3a490abb06bb131bd8a9ef/gnocchi.248c0c93-415f-4fb2-a5bf-9e6c0277e0aa/1769040000.0_mean_300.0_v3" 201 - "PUT http://172.18.0.2:8080/v1/AUTH_f458f38cec3a490abb06bb131bd8a9ef/gnocchi.248c0c93-415f-4fb2-a5bf-9e6c0277e0aa/1769040000.0_mean_300.0_v3" "txb05431e959474c08b861a-006977b9e2" "proxy-server 20" 0.0116 "-" 22 0
Jan 26 19:00:50 standalone proxy-server[129985]: 172.18.0.2 172.18.0.100 26/Jan/2026/19/00/50 PUT /v1/AUTH_f458f38cec3a490abb06bb131bd8a9ef/gnocchi.248c0c93-415f-4fb2-a5bf-9e6c0277e0aa/1769040000.0_mean_300.0_v3 HTTP/1.0 201 - python-swiftclient-3.11.1 gAAAAABpd7mmKgIl... 16 - - txb05431e959474c08b861a-006977b9e2 - 0.0169 - - 1769454050.483076811 1769454050.500019312 0
Jan 26 19:00:50 standalone container-server[127808]: 172.20.0.100 - - [26/Jan/2026:19:00:50 +0000] "PUT /d1/381/AUTH_f458f38cec3a490abb06bb131bd8a9ef/gnocchi.248c0c93-415f-4fb2-a5bf-9e6c0277e0aa/none_v3" 201 - "PUT http://172.18.0.2:8080/d1/1020/AUTH_f458f38cec3a490abb06bb131bd8a9ef/gnocchi.248c0c93-415f-4fb2-a5bf-9e6c0277e0aa/none_v3" "tx16a32c0854504ef2abc93-006977b9e2" "object-server 22" 0.0006 "-" 23 0
Jan 26 19:00:50 standalone object-server[127928]: 172.20.0.100 - - [26/Jan/2026:19:00:50 +0000] "PUT /d1/1020/AUTH_f458f38cec3a490abb06bb131bd8a9ef/gnocchi.248c0c93-415f-4fb2-a5bf-9e6c0277e0aa/none_v3" 201 - "PUT http://172.18.0.2:8080/v1/AUTH_f458f38cec3a490abb06bb131bd8a9ef/gnocchi.248c0c93-415f-4fb2-a5bf-9e6c0277e0aa/none_v3" "tx16a32c0854504ef2abc93-006977b9e2" "proxy-server 20" 0.0086 "-" 22 0
Jan 26 19:00:50 standalone proxy-server[129985]: 172.18.0.2 172.18.0.100 26/Jan/2026/19/00/50 PUT /v1/AUTH_f458f38cec3a490abb06bb131bd8a9ef/gnocchi.248c0c93-415f-4fb2-a5bf-9e6c0277e0aa/none_v3 HTTP/1.0 201 - python-swiftclient-3.11.1 gAAAAABpd7mmKgIl... 22 - - tx16a32c0854504ef2abc93-006977b9e2 - 0.0150 - - 1769454050.502968788 1769454050.518009901 0
Jan 26 19:00:50 standalone container-server[127794]: 172.20.0.100 - - [26/Jan/2026:19:00:50 +0000] "HEAD /d1/667/AUTH_f458f38cec3a490abb06bb131bd8a9ef/gnocchi.3ebc9ac8-b862-4673-aee4-e6423b5e7a37" 404 - "HEAD http://172.18.0.2:8080/v1/AUTH_f458f38cec3a490abb06bb131bd8a9ef/gnocchi.3ebc9ac8-b862-4673-aee4-e6423b5e7a37?format=json&states=listing" "tx556dca025a1843d3bc39b-006977b9e2" "proxy-server 20" 0.0004 "-" 21 0
Jan 26 19:00:50 standalone object-server[127947]: 172.20.0.100 - - [26/Jan/2026:19:00:50 +0000] "GET /d1/891/AUTH_f458f38cec3a490abb06bb131bd8a9ef/gnocchi.3ebc9ac8-b862-4673-aee4-e6423b5e7a37/none_v3" 404 70 "GET http://172.18.0.2:8080/v1/AUTH_f458f38cec3a490abb06bb131bd8a9ef/gnocchi.3ebc9ac8-b862-4673-aee4-e6423b5e7a37/none_v3" "tx556dca025a1843d3bc39b-006977b9e2" "proxy-server 20" 0.0005 "-" 25 0
Jan 26 19:00:50 standalone proxy-server[129985]: 172.18.0.2 172.18.0.100 26/Jan/2026/19/00/50 GET /v1/AUTH_f458f38cec3a490abb06bb131bd8a9ef/gnocchi.3ebc9ac8-b862-4673-aee4-e6423b5e7a37/none_v3 HTTP/1.0 404 - python-swiftclient-3.11.1 gAAAAABpd7mmKgIl... - 70 - tx556dca025a1843d3bc39b-006977b9e2 - 0.0094 - - 1769454050.527218580 1769454050.536655188 0
Jan 26 19:00:50 standalone account-server[127709]: 172.20.0.100 - - [26/Jan/2026:19:00:50 +0000] "PUT /d1/322/AUTH_f458f38cec3a490abb06bb131bd8a9ef/gnocchi.3ebc9ac8-b862-4673-aee4-e6423b5e7a37" 201 - "PUT http://172.20.0.100:6001/d1/667/AUTH_f458f38cec3a490abb06bb131bd8a9ef/gnocchi.3ebc9ac8-b862-4673-aee4-e6423b5e7a37" "tx8020278b66fc4e2ca2433-006977b9e2" "container-server 21" 0.0059 "-" 22 0
Jan 26 19:00:50 standalone container-server[127794]: 172.20.0.100 - - [26/Jan/2026:19:00:50 +0000] "PUT /d1/667/AUTH_f458f38cec3a490abb06bb131bd8a9ef/gnocchi.3ebc9ac8-b862-4673-aee4-e6423b5e7a37" 201 - "PUT http://172.18.0.2:8080/v1/AUTH_f458f38cec3a490abb06bb131bd8a9ef/gnocchi.3ebc9ac8-b862-4673-aee4-e6423b5e7a37" "tx8020278b66fc4e2ca2433-006977b9e2" "proxy-server 20" 0.0163 "-" 21 0
Jan 26 19:00:50 standalone proxy-server[129985]: 172.18.0.2 172.18.0.100 26/Jan/2026/19/00/50 PUT /v1/AUTH_f458f38cec3a490abb06bb131bd8a9ef/gnocchi.3ebc9ac8-b862-4673-aee4-e6423b5e7a37 HTTP/1.0 201 - python-swiftclient-3.11.1 gAAAAABpd7mmKgIl... - - - tx8020278b66fc4e2ca2433-006977b9e2 - 0.0231 - - 1769454050.539289713 1769454050.562408209 0
Jan 26 19:00:50 standalone container-server[127794]: 172.20.0.100 - - [26/Jan/2026:19:00:50 +0000] "HEAD /d1/667/AUTH_f458f38cec3a490abb06bb131bd8a9ef/gnocchi.3ebc9ac8-b862-4673-aee4-e6423b5e7a37" 204 - "HEAD http://172.18.0.2:8080/v1/AUTH_f458f38cec3a490abb06bb131bd8a9ef/gnocchi.3ebc9ac8-b862-4673-aee4-e6423b5e7a37?format=json&states=listing" "txb47f0ea4f686484892da6-006977b9e2" "proxy-server 20" 0.0012 "-" 21 0
Jan 26 19:00:50 standalone proxy-server[129985]: - - 26/Jan/2026/19/00/50 HEAD /v1/AUTH_f458f38cec3a490abb06bb131bd8a9ef/gnocchi.3ebc9ac8-b862-4673-aee4-e6423b5e7a37%3Fformat%3Djson%26states%3Dlisting HTTP/1.0 204 - Swift - - - - txb47f0ea4f686484892da6-006977b9e2 - 0.0053 RL - 1769454050.567790985 1769454050.573057890 0
Jan 26 19:00:50 standalone container-server[127802]: 172.20.0.100 - - [26/Jan/2026:19:00:50 +0000] "GET /d1/667/AUTH_f458f38cec3a490abb06bb131bd8a9ef/gnocchi.3ebc9ac8-b862-4673-aee4-e6423b5e7a37" 200 2 "GET http://172.18.0.2:8080/v1/AUTH_f458f38cec3a490abb06bb131bd8a9ef/gnocchi.3ebc9ac8-b862-4673-aee4-e6423b5e7a37?format=json&states=listing" "txb47f0ea4f686484892da6-006977b9e2" "proxy-server 20" 0.0017 "-" 22 0
Jan 26 19:00:50 standalone proxy-server[129985]: 172.18.0.2 172.18.0.100 26/Jan/2026/19/00/50 GET /v1/AUTH_f458f38cec3a490abb06bb131bd8a9ef/gnocchi.3ebc9ac8-b862-4673-aee4-e6423b5e7a37%3Fformat%3Djson%26states%3Dlisting HTTP/1.0 200 - python-swiftclient-3.11.1 gAAAAABpd7mmKgIl... - 2 - txb47f0ea4f686484892da6-006977b9e2 - 0.0165 - - 1769454050.566195726 1769454050.582733631 0
Jan 26 19:00:50 standalone object-server[127938]: 172.20.0.100 - - [26/Jan/2026:19:00:50 +0000] "GET /d1/550/AUTH_f458f38cec3a490abb06bb131bd8a9ef/gnocchi.3ebc9ac8-b862-4673-aee4-e6423b5e7a37/1769040000.0_mean_300.0_v3" 404 70 "GET http://172.18.0.2:8080/v1/AUTH_f458f38cec3a490abb06bb131bd8a9ef/gnocchi.3ebc9ac8-b862-4673-aee4-e6423b5e7a37/1769040000.0_mean_300.0_v3" "tx40d6c4322c834fceb441d-006977b9e2" "proxy-server 20" 0.0003 "-" 24 0
Jan 26 19:00:50 standalone proxy-server[129985]: 172.18.0.2 172.18.0.100 26/Jan/2026/19/00/50 GET /v1/AUTH_f458f38cec3a490abb06bb131bd8a9ef/gnocchi.3ebc9ac8-b862-4673-aee4-e6423b5e7a37/1769040000.0_mean_300.0_v3 HTTP/1.0 404 - python-swiftclient-3.11.1 gAAAAABpd7mmKgIl... - 70 - tx40d6c4322c834fceb441d-006977b9e2 - 0.0103 - - 1769454050.586267233 1769454050.596593618 0
Jan 26 19:00:50 standalone container-server[127792]: 172.20.0.100 - - [26/Jan/2026:19:00:50 +0000] "PUT /d1/667/AUTH_f458f38cec3a490abb06bb131bd8a9ef/gnocchi.3ebc9ac8-b862-4673-aee4-e6423b5e7a37/1769040000.0_mean_300.0_v3" 201 - "PUT http://172.18.0.2:8080/d1/550/AUTH_f458f38cec3a490abb06bb131bd8a9ef/gnocchi.3ebc9ac8-b862-4673-aee4-e6423b5e7a37/1769040000.0_mean_300.0_v3" "txd239cf52bafb4c3da3bb9-006977b9e2" "object-server 24" 0.0006 "-" 20 0
Jan 26 19:00:50 standalone object-server[127938]: 172.20.0.100 - - [26/Jan/2026:19:00:50 +0000] "PUT /d1/550/AUTH_f458f38cec3a490abb06bb131bd8a9ef/gnocchi.3ebc9ac8-b862-4673-aee4-e6423b5e7a37/1769040000.0_mean_300.0_v3" 201 - "PUT http://172.18.0.2:8080/v1/AUTH_f458f38cec3a490abb06bb131bd8a9ef/gnocchi.3ebc9ac8-b862-4673-aee4-e6423b5e7a37/1769040000.0_mean_300.0_v3" "txd239cf52bafb4c3da3bb9-006977b9e2" "proxy-server 20" 0.0231 "-" 24 0
Jan 26 19:00:50 standalone proxy-server[129985]: 172.18.0.2 172.18.0.100 26/Jan/2026/19/00/50 PUT /v1/AUTH_f458f38cec3a490abb06bb131bd8a9ef/gnocchi.3ebc9ac8-b862-4673-aee4-e6423b5e7a37/1769040000.0_mean_300.0_v3 HTTP/1.0 201 - python-swiftclient-3.11.1 gAAAAABpd7mmKgIl... 16 - - txd239cf52bafb4c3da3bb9-006977b9e2 - 0.0309 - - 1769454050.603493929 1769454050.634431601 0
Jan 26 19:00:50 standalone container-server[127808]: 172.20.0.100 - - [26/Jan/2026:19:00:50 +0000] "PUT /d1/667/AUTH_f458f38cec3a490abb06bb131bd8a9ef/gnocchi.3ebc9ac8-b862-4673-aee4-e6423b5e7a37/none_v3" 201 - "PUT http://172.18.0.2:8080/d1/891/AUTH_f458f38cec3a490abb06bb131bd8a9ef/gnocchi.3ebc9ac8-b862-4673-aee4-e6423b5e7a37/none_v3" "tx2a06b6dbfb6b478d92a6d-006977b9e2" "object-server 25" 0.0005 "-" 23 0
Jan 26 19:00:50 standalone object-server[127947]: 172.20.0.100 - - [26/Jan/2026:19:00:50 +0000] "PUT /d1/891/AUTH_f458f38cec3a490abb06bb131bd8a9ef/gnocchi.3ebc9ac8-b862-4673-aee4-e6423b5e7a37/none_v3" 201 - "PUT http://172.18.0.2:8080/v1/AUTH_f458f38cec3a490abb06bb131bd8a9ef/gnocchi.3ebc9ac8-b862-4673-aee4-e6423b5e7a37/none_v3" "tx2a06b6dbfb6b478d92a6d-006977b9e2" "proxy-server 20" 0.0321 "-" 25 0
Jan 26 19:00:50 standalone proxy-server[129985]: 172.18.0.2 172.18.0.100 26/Jan/2026/19/00/50 PUT /v1/AUTH_f458f38cec3a490abb06bb131bd8a9ef/gnocchi.3ebc9ac8-b862-4673-aee4-e6423b5e7a37/none_v3 HTTP/1.0 201 - python-swiftclient-3.11.1 gAAAAABpd7mmKgIl... 22 - - tx2a06b6dbfb6b478d92a6d-006977b9e2 - 0.0406 - - 1769454050.637526512 1769454050.678126574 0
Jan 26 19:00:59 standalone container-server[127808]: 172.20.0.100 - - [26/Jan/2026:19:00:59 +0000] "HEAD /d1/954/AUTH_f458f38cec3a490abb06bb131bd8a9ef/gnocchi.25881eb8-38d4-47e5-b6bd-30fed4e9534a" 404 - "HEAD http://172.18.0.2:8080/v1/AUTH_f458f38cec3a490abb06bb131bd8a9ef/gnocchi.25881eb8-38d4-47e5-b6bd-30fed4e9534a?format=json&states=listing" "tx4b998cffa47f4a698aae7-006977b9eb" "proxy-server 20" 0.0007 "-" 23 0
Jan 26 19:00:59 standalone object-server[127938]: 172.20.0.100 - - [26/Jan/2026:19:00:59 +0000] "GET /d1/196/AUTH_f458f38cec3a490abb06bb131bd8a9ef/gnocchi.25881eb8-38d4-47e5-b6bd-30fed4e9534a/none_v3" 404 70 "GET http://172.18.0.2:8080/v1/AUTH_f458f38cec3a490abb06bb131bd8a9ef/gnocchi.25881eb8-38d4-47e5-b6bd-30fed4e9534a/none_v3" "tx4b998cffa47f4a698aae7-006977b9eb" "proxy-server 20" 0.0007 "-" 24 0
Jan 26 19:00:59 standalone proxy-server[129985]: 172.18.0.2 172.18.0.100 26/Jan/2026/19/00/59 GET /v1/AUTH_f458f38cec3a490abb06bb131bd8a9ef/gnocchi.25881eb8-38d4-47e5-b6bd-30fed4e9534a/none_v3 HTTP/1.0 404 - python-swiftclient-3.11.1 gAAAAABpd7mmKgIl... - 70 - tx4b998cffa47f4a698aae7-006977b9eb - 0.0126 - - 1769454059.616631269 1769454059.629256964 0
Jan 26 19:00:59 standalone account-server[127703]: 172.20.0.100 - - [26/Jan/2026:19:00:59 +0000] "PUT /d1/322/AUTH_f458f38cec3a490abb06bb131bd8a9ef/gnocchi.25881eb8-38d4-47e5-b6bd-30fed4e9534a" 201 - "PUT http://172.20.0.100:6001/d1/954/AUTH_f458f38cec3a490abb06bb131bd8a9ef/gnocchi.25881eb8-38d4-47e5-b6bd-30fed4e9534a" "tx3605e5ad9c3d460883768-006977b9eb" "container-server 20" 0.0057 "-" 21 0
Jan 26 19:00:59 standalone container-server[127792]: 172.20.0.100 - - [26/Jan/2026:19:00:59 +0000] "PUT /d1/954/AUTH_f458f38cec3a490abb06bb131bd8a9ef/gnocchi.25881eb8-38d4-47e5-b6bd-30fed4e9534a" 201 - "PUT http://172.18.0.2:8080/v1/AUTH_f458f38cec3a490abb06bb131bd8a9ef/gnocchi.25881eb8-38d4-47e5-b6bd-30fed4e9534a" "tx3605e5ad9c3d460883768-006977b9eb" "proxy-server 20" 0.0157 "-" 20 0
Jan 26 19:00:59 standalone proxy-server[129985]: 172.18.0.2 172.18.0.100 26/Jan/2026/19/00/59 PUT /v1/AUTH_f458f38cec3a490abb06bb131bd8a9ef/gnocchi.25881eb8-38d4-47e5-b6bd-30fed4e9534a HTTP/1.0 201 - python-swiftclient-3.11.1 gAAAAABpd7mmKgIl... - - - tx3605e5ad9c3d460883768-006977b9eb - 0.0192 - - 1769454059.632351160 1769454059.651566744 0
Jan 26 19:00:59 standalone container-server[127802]: 172.20.0.100 - - [26/Jan/2026:19:00:59 +0000] "HEAD /d1/954/AUTH_f458f38cec3a490abb06bb131bd8a9ef/gnocchi.25881eb8-38d4-47e5-b6bd-30fed4e9534a" 204 - "HEAD http://172.18.0.2:8080/v1/AUTH_f458f38cec3a490abb06bb131bd8a9ef/gnocchi.25881eb8-38d4-47e5-b6bd-30fed4e9534a?format=json&states=listing" "tx916cbb462c9d419a82351-006977b9eb" "proxy-server 20" 0.0013 "-" 22 0
Jan 26 19:00:59 standalone proxy-server[129985]: - - 26/Jan/2026/19/00/59 HEAD /v1/AUTH_f458f38cec3a490abb06bb131bd8a9ef/gnocchi.25881eb8-38d4-47e5-b6bd-30fed4e9534a%3Fformat%3Djson%26states%3Dlisting HTTP/1.0 204 - Swift - - - - tx916cbb462c9d419a82351-006977b9eb - 0.0041 RL - 1769454059.655409336 1769454059.659546375 0
Jan 26 19:00:59 standalone container-server[127794]: 172.20.0.100 - - [26/Jan/2026:19:00:59 +0000] "GET /d1/954/AUTH_f458f38cec3a490abb06bb131bd8a9ef/gnocchi.25881eb8-38d4-47e5-b6bd-30fed4e9534a" 200 2 "GET http://172.18.0.2:8080/v1/AUTH_f458f38cec3a490abb06bb131bd8a9ef/gnocchi.25881eb8-38d4-47e5-b6bd-30fed4e9534a?format=json&states=listing" "tx916cbb462c9d419a82351-006977b9eb" "proxy-server 20" 0.0021 "-" 21 0
Jan 26 19:00:59 standalone proxy-server[129985]: 172.18.0.2 172.18.0.100 26/Jan/2026/19/00/59 GET /v1/AUTH_f458f38cec3a490abb06bb131bd8a9ef/gnocchi.25881eb8-38d4-47e5-b6bd-30fed4e9534a%3Fformat%3Djson%26states%3Dlisting HTTP/1.0 200 - python-swiftclient-3.11.1 gAAAAABpd7mmKgIl... - 2 - tx916cbb462c9d419a82351-006977b9eb - 0.0116 - - 1769454059.654587030 1769454059.666155815 0
Jan 26 19:00:59 standalone object-server[127938]: 172.20.0.100 - - [26/Jan/2026:19:00:59 +0000] "GET /d1/348/AUTH_f458f38cec3a490abb06bb131bd8a9ef/gnocchi.25881eb8-38d4-47e5-b6bd-30fed4e9534a/1769040000.0_mean_300.0_v3" 404 70 "GET http://172.18.0.2:8080/v1/AUTH_f458f38cec3a490abb06bb131bd8a9ef/gnocchi.25881eb8-38d4-47e5-b6bd-30fed4e9534a/1769040000.0_mean_300.0_v3" "tx36c73217d4d246aa9c336-006977b9eb" "proxy-server 20" 0.0004 "-" 24 0
Jan 26 19:00:59 standalone proxy-server[129985]: 172.18.0.2 172.18.0.100 26/Jan/2026/19/00/59 GET /v1/AUTH_f458f38cec3a490abb06bb131bd8a9ef/gnocchi.25881eb8-38d4-47e5-b6bd-30fed4e9534a/1769040000.0_mean_300.0_v3 HTTP/1.0 404 - python-swiftclient-3.11.1 gAAAAABpd7mmKgIl... - 70 - tx36c73217d4d246aa9c336-006977b9eb - 0.0060 - - 1769454059.669488192 1769454059.675532579 0
Jan 26 19:00:59 standalone container-server[127792]: 172.20.0.100 - - [26/Jan/2026:19:00:59 +0000] "PUT /d1/954/AUTH_f458f38cec3a490abb06bb131bd8a9ef/gnocchi.25881eb8-38d4-47e5-b6bd-30fed4e9534a/1769040000.0_mean_300.0_v3" 201 - "PUT http://172.18.0.2:8080/d1/348/AUTH_f458f38cec3a490abb06bb131bd8a9ef/gnocchi.25881eb8-38d4-47e5-b6bd-30fed4e9534a/1769040000.0_mean_300.0_v3" "txb7e7127fe4034c29a2853-006977b9eb" "object-server 24" 0.0006 "-" 20 0
Jan 26 19:00:59 standalone object-server[127938]: 172.20.0.100 - - [26/Jan/2026:19:00:59 +0000] "PUT /d1/348/AUTH_f458f38cec3a490abb06bb131bd8a9ef/gnocchi.25881eb8-38d4-47e5-b6bd-30fed4e9534a/1769040000.0_mean_300.0_v3" 201 - "PUT http://172.18.0.2:8080/v1/AUTH_f458f38cec3a490abb06bb131bd8a9ef/gnocchi.25881eb8-38d4-47e5-b6bd-30fed4e9534a/1769040000.0_mean_300.0_v3" "txb7e7127fe4034c29a2853-006977b9eb" "proxy-server 20" 0.0092 "-" 24 0
Jan 26 19:00:59 standalone proxy-server[129985]: 172.18.0.2 172.18.0.100 26/Jan/2026/19/00/59 PUT /v1/AUTH_f458f38cec3a490abb06bb131bd8a9ef/gnocchi.25881eb8-38d4-47e5-b6bd-30fed4e9534a/1769040000.0_mean_300.0_v3 HTTP/1.0 201 - python-swiftclient-3.11.1 gAAAAABpd7mmKgIl... 16 - - txb7e7127fe4034c29a2853-006977b9eb - 0.0127 - - 1769454059.677861452 1769454059.690541029 0
Jan 26 19:00:59 standalone container-server[127808]: 172.20.0.100 - - [26/Jan/2026:19:00:59 +0000] "PUT /d1/954/AUTH_f458f38cec3a490abb06bb131bd8a9ef/gnocchi.25881eb8-38d4-47e5-b6bd-30fed4e9534a/none_v3" 201 - "PUT http://172.18.0.2:8080/d1/196/AUTH_f458f38cec3a490abb06bb131bd8a9ef/gnocchi.25881eb8-38d4-47e5-b6bd-30fed4e9534a/none_v3" "txba11957f84c84afd82f77-006977b9eb" "object-server 25" 0.0006 "-" 23 0
Jan 26 19:00:59 standalone object-server[127947]: 172.20.0.100 - - [26/Jan/2026:19:00:59 +0000] "PUT /d1/196/AUTH_f458f38cec3a490abb06bb131bd8a9ef/gnocchi.25881eb8-38d4-47e5-b6bd-30fed4e9534a/none_v3" 201 - "PUT http://172.18.0.2:8080/v1/AUTH_f458f38cec3a490abb06bb131bd8a9ef/gnocchi.25881eb8-38d4-47e5-b6bd-30fed4e9534a/none_v3" "txba11957f84c84afd82f77-006977b9eb" "proxy-server 20" 0.0171 "-" 25 0
Jan 26 19:00:59 standalone proxy-server[129985]: 172.18.0.2 172.18.0.100 26/Jan/2026/19/00/59 PUT /v1/AUTH_f458f38cec3a490abb06bb131bd8a9ef/gnocchi.25881eb8-38d4-47e5-b6bd-30fed4e9534a/none_v3 HTTP/1.0 201 - python-swiftclient-3.11.1 gAAAAABpd7mmKgIl... 22 - - txba11957f84c84afd82f77-006977b9eb - 0.0259 - - 1769454059.692307711 1769454059.718171597 0
Jan 26 19:00:59 standalone container-server[127792]: 172.20.0.100 - - [26/Jan/2026:19:00:59 +0000] "HEAD /d1/216/AUTH_f458f38cec3a490abb06bb131bd8a9ef/gnocchi.79035955-0f4c-485f-8f59-4dc4379e2f03" 404 - "HEAD http://172.18.0.2:8080/v1/AUTH_f458f38cec3a490abb06bb131bd8a9ef/gnocchi.79035955-0f4c-485f-8f59-4dc4379e2f03?format=json&states=listing" "txa6e1d07cdecf40278a1e1-006977b9eb" "proxy-server 20" 0.0006 "-" 20 0
Jan 26 19:00:59 standalone object-server[127932]: 172.20.0.100 - - [26/Jan/2026:19:00:59 +0000] "GET /d1/300/AUTH_f458f38cec3a490abb06bb131bd8a9ef/gnocchi.79035955-0f4c-485f-8f59-4dc4379e2f03/none_v3" 404 70 "GET http://172.18.0.2:8080/v1/AUTH_f458f38cec3a490abb06bb131bd8a9ef/gnocchi.79035955-0f4c-485f-8f59-4dc4379e2f03/none_v3" "txa6e1d07cdecf40278a1e1-006977b9eb" "proxy-server 20" 0.0003 "-" 23 0
Jan 26 19:00:59 standalone proxy-server[129985]: 172.18.0.2 172.18.0.100 26/Jan/2026/19/00/59 GET /v1/AUTH_f458f38cec3a490abb06bb131bd8a9ef/gnocchi.79035955-0f4c-485f-8f59-4dc4379e2f03/none_v3 HTTP/1.0 404 - python-swiftclient-3.11.1 gAAAAABpd7mmKgIl... - 70 - txa6e1d07cdecf40278a1e1-006977b9eb - 0.0080 - - 1769454059.732655048 1769454059.740643263 0
Jan 26 19:00:59 standalone account-server[127691]: 172.20.0.100 - - [26/Jan/2026:19:00:59 +0000] "PUT /d1/322/AUTH_f458f38cec3a490abb06bb131bd8a9ef/gnocchi.79035955-0f4c-485f-8f59-4dc4379e2f03" 201 - "PUT http://172.20.0.100:6001/d1/216/AUTH_f458f38cec3a490abb06bb131bd8a9ef/gnocchi.79035955-0f4c-485f-8f59-4dc4379e2f03" "tx64ffd2663dbd416aa62df-006977b9eb" "container-server 22" 0.0062 "-" 20 0
Jan 26 19:00:59 standalone container-server[127802]: 172.20.0.100 - - [26/Jan/2026:19:00:59 +0000] "PUT /d1/216/AUTH_f458f38cec3a490abb06bb131bd8a9ef/gnocchi.79035955-0f4c-485f-8f59-4dc4379e2f03" 201 - "PUT http://172.18.0.2:8080/v1/AUTH_f458f38cec3a490abb06bb131bd8a9ef/gnocchi.79035955-0f4c-485f-8f59-4dc4379e2f03" "tx64ffd2663dbd416aa62df-006977b9eb" "proxy-server 20" 0.0230 "-" 22 0
Jan 26 19:00:59 standalone proxy-server[129985]: 172.18.0.2 172.18.0.100 26/Jan/2026/19/00/59 PUT /v1/AUTH_f458f38cec3a490abb06bb131bd8a9ef/gnocchi.79035955-0f4c-485f-8f59-4dc4379e2f03 HTTP/1.0 201 - python-swiftclient-3.11.1 gAAAAABpd7mmKgIl... - - - tx64ffd2663dbd416aa62df-006977b9eb - 0.0284 - - 1769454059.743012905 1769454059.771381617 0
Jan 26 19:00:59 standalone container-server[127794]: 172.20.0.100 - - [26/Jan/2026:19:00:59 +0000] "HEAD /d1/216/AUTH_f458f38cec3a490abb06bb131bd8a9ef/gnocchi.79035955-0f4c-485f-8f59-4dc4379e2f03" 204 - "HEAD http://172.18.0.2:8080/v1/AUTH_f458f38cec3a490abb06bb131bd8a9ef/gnocchi.79035955-0f4c-485f-8f59-4dc4379e2f03?format=json&states=listing" "txb740c4dd2c8547a6b8ab4-006977b9eb" "proxy-server 20" 0.0013 "-" 21 0
Jan 26 19:00:59 standalone proxy-server[129985]: - - 26/Jan/2026/19/00/59 HEAD /v1/AUTH_f458f38cec3a490abb06bb131bd8a9ef/gnocchi.79035955-0f4c-485f-8f59-4dc4379e2f03%3Fformat%3Djson%26states%3Dlisting HTTP/1.0 204 - Swift - - - - txb740c4dd2c8547a6b8ab4-006977b9eb - 0.0042 RL - 1769454059.775488853 1769454059.779663324 0
Jan 26 19:00:59 standalone container-server[127792]: 172.20.0.100 - - [26/Jan/2026:19:00:59 +0000] "GET /d1/216/AUTH_f458f38cec3a490abb06bb131bd8a9ef/gnocchi.79035955-0f4c-485f-8f59-4dc4379e2f03" 200 2 "GET http://172.18.0.2:8080/v1/AUTH_f458f38cec3a490abb06bb131bd8a9ef/gnocchi.79035955-0f4c-485f-8f59-4dc4379e2f03?format=json&states=listing" "txb740c4dd2c8547a6b8ab4-006977b9eb" "proxy-server 20" 0.0017 "-" 20 0
Jan 26 19:00:59 standalone proxy-server[129985]: 172.18.0.2 172.18.0.100 26/Jan/2026/19/00/59 GET /v1/AUTH_f458f38cec3a490abb06bb131bd8a9ef/gnocchi.79035955-0f4c-485f-8f59-4dc4379e2f03%3Fformat%3Djson%26states%3Dlisting HTTP/1.0 200 - python-swiftclient-3.11.1 gAAAAABpd7mmKgIl... - 2 - txb740c4dd2c8547a6b8ab4-006977b9eb - 0.0112 - - 1769454059.774564981 1769454059.785734415 0
Jan 26 19:00:59 standalone object-server[127947]: 172.20.0.100 - - [26/Jan/2026:19:00:59 +0000] "GET /d1/227/AUTH_f458f38cec3a490abb06bb131bd8a9ef/gnocchi.79035955-0f4c-485f-8f59-4dc4379e2f03/1769040000.0_mean_300.0_v3" 404 70 "GET http://172.18.0.2:8080/v1/AUTH_f458f38cec3a490abb06bb131bd8a9ef/gnocchi.79035955-0f4c-485f-8f59-4dc4379e2f03/1769040000.0_mean_300.0_v3" "tx556f4572080b4c33a6f3b-006977b9eb" "proxy-server 20" 0.0003 "-" 25 0
Jan 26 19:00:59 standalone proxy-server[129985]: 172.18.0.2 172.18.0.100 26/Jan/2026/19/00/59 GET /v1/AUTH_f458f38cec3a490abb06bb131bd8a9ef/gnocchi.79035955-0f4c-485f-8f59-4dc4379e2f03/1769040000.0_mean_300.0_v3 HTTP/1.0 404 - python-swiftclient-3.11.1 gAAAAABpd7mmKgIl... - 70 - tx556f4572080b4c33a6f3b-006977b9eb - 0.0046 - - 1769454059.788978338 1769454059.793541193 0
