Jan 26 19:02:37 standalone container-server[127808]: 172.20.0.100 - - [26/Jan/2026:19:02:37 +0000] "PUT /d1/480/AUTH_f458f38cec3a490abb06bb131bd8a9ef/gnocchi.8603da1a-b420-444d-85f1-b5b74281d8ea/1769040000.0_mean_300.0_v3" 201 - "PUT http://172.18.0.2:8080/d1/202/AUTH_f458f38cec3a490abb06bb131bd8a9ef/gnocchi.8603da1a-b420-444d-85f1-b5b74281d8ea/1769040000.0_mean_300.0_v3" "txa4f4ff373b054f8ca9e0e-006977ba4d" "object-server 24" 0.0006 "-" 23 0
Jan 26 19:02:37 standalone object-server[127938]: 172.20.0.100 - - [26/Jan/2026:19:02:37 +0000] "PUT /d1/202/AUTH_f458f38cec3a490abb06bb131bd8a9ef/gnocchi.8603da1a-b420-444d-85f1-b5b74281d8ea/1769040000.0_mean_300.0_v3" 201 - "PUT http://172.18.0.2:8080/v1/AUTH_f458f38cec3a490abb06bb131bd8a9ef/gnocchi.8603da1a-b420-444d-85f1-b5b74281d8ea/1769040000.0_mean_300.0_v3" "txa4f4ff373b054f8ca9e0e-006977ba4d" "proxy-server 20" 0.0173 "-" 24 0
Jan 26 19:02:37 standalone proxy-server[129985]: 172.18.0.2 172.18.0.100 26/Jan/2026/19/02/37 PUT /v1/AUTH_f458f38cec3a490abb06bb131bd8a9ef/gnocchi.8603da1a-b420-444d-85f1-b5b74281d8ea/1769040000.0_mean_300.0_v3 HTTP/1.0 201 - python-swiftclient-3.11.1 gAAAAABpd7mmKgIl... 16 - - txa4f4ff373b054f8ca9e0e-006977ba4d - 0.0247 - - 1769454157.694943666 1769454157.719635248 0
Jan 26 19:02:37 standalone container-server[127792]: 172.20.0.100 - - [26/Jan/2026:19:02:37 +0000] "PUT /d1/480/AUTH_f458f38cec3a490abb06bb131bd8a9ef/gnocchi.8603da1a-b420-444d-85f1-b5b74281d8ea/none_v3" 201 - "PUT http://172.18.0.2:8080/d1/698/AUTH_f458f38cec3a490abb06bb131bd8a9ef/gnocchi.8603da1a-b420-444d-85f1-b5b74281d8ea/none_v3" "tx239236d0e97244dd86e0d-006977ba4d" "object-server 23" 0.0009 "-" 20 0
Jan 26 19:02:37 standalone object-server[127932]: 172.20.0.100 - - [26/Jan/2026:19:02:37 +0000] "PUT /d1/698/AUTH_f458f38cec3a490abb06bb131bd8a9ef/gnocchi.8603da1a-b420-444d-85f1-b5b74281d8ea/none_v3" 201 - "PUT http://172.18.0.2:8080/v1/AUTH_f458f38cec3a490abb06bb131bd8a9ef/gnocchi.8603da1a-b420-444d-85f1-b5b74281d8ea/none_v3" "tx239236d0e97244dd86e0d-006977ba4d" "proxy-server 20" 0.0123 "-" 23 0
Jan 26 19:02:37 standalone proxy-server[129985]: 172.18.0.2 172.18.0.100 26/Jan/2026/19/02/37 PUT /v1/AUTH_f458f38cec3a490abb06bb131bd8a9ef/gnocchi.8603da1a-b420-444d-85f1-b5b74281d8ea/none_v3 HTTP/1.0 201 - python-swiftclient-3.11.1 gAAAAABpd7mmKgIl... 22 - - tx239236d0e97244dd86e0d-006977ba4d - 0.0196 - - 1769454157.722428083 1769454157.742021561 0
Jan 26 19:02:37 standalone container-server[127802]: 172.20.0.100 - - [26/Jan/2026:19:02:37 +0000] "HEAD /d1/777/AUTH_f458f38cec3a490abb06bb131bd8a9ef/gnocchi.88fb7cee-a707-4af0-93ac-2ae48ff428eb" 404 - "HEAD http://172.18.0.2:8080/v1/AUTH_f458f38cec3a490abb06bb131bd8a9ef/gnocchi.88fb7cee-a707-4af0-93ac-2ae48ff428eb?format=json&states=listing" "tx58916ea509084b39afcb6-006977ba4d" "proxy-server 20" 0.0006 "-" 22 0
Jan 26 19:02:37 standalone object-server[127932]: 172.20.0.100 - - [26/Jan/2026:19:02:37 +0000] "GET /d1/502/AUTH_f458f38cec3a490abb06bb131bd8a9ef/gnocchi.88fb7cee-a707-4af0-93ac-2ae48ff428eb/none_v3" 404 70 "GET http://172.18.0.2:8080/v1/AUTH_f458f38cec3a490abb06bb131bd8a9ef/gnocchi.88fb7cee-a707-4af0-93ac-2ae48ff428eb/none_v3" "tx58916ea509084b39afcb6-006977ba4d" "proxy-server 20" 0.0003 "-" 23 0
Jan 26 19:02:37 standalone proxy-server[129985]: 172.18.0.2 172.18.0.100 26/Jan/2026/19/02/37 GET /v1/AUTH_f458f38cec3a490abb06bb131bd8a9ef/gnocchi.88fb7cee-a707-4af0-93ac-2ae48ff428eb/none_v3 HTTP/1.0 404 - python-swiftclient-3.11.1 gAAAAABpd7mmKgIl... - 70 - tx58916ea509084b39afcb6-006977ba4d - 0.0120 - - 1769454157.752007723 1769454157.764047146 0
Jan 26 19:02:37 standalone account-server[127709]: 172.20.0.100 - - [26/Jan/2026:19:02:37 +0000] "PUT /d1/322/AUTH_f458f38cec3a490abb06bb131bd8a9ef/gnocchi.88fb7cee-a707-4af0-93ac-2ae48ff428eb" 201 - "PUT http://172.20.0.100:6001/d1/777/AUTH_f458f38cec3a490abb06bb131bd8a9ef/gnocchi.88fb7cee-a707-4af0-93ac-2ae48ff428eb" "txd029653f7c2c46a5bafc9-006977ba4d" "container-server 22" 0.0058 "-" 22 0
Jan 26 19:02:37 standalone container-server[127802]: 172.20.0.100 - - [26/Jan/2026:19:02:37 +0000] "PUT /d1/777/AUTH_f458f38cec3a490abb06bb131bd8a9ef/gnocchi.88fb7cee-a707-4af0-93ac-2ae48ff428eb" 201 - "PUT http://172.18.0.2:8080/v1/AUTH_f458f38cec3a490abb06bb131bd8a9ef/gnocchi.88fb7cee-a707-4af0-93ac-2ae48ff428eb" "txd029653f7c2c46a5bafc9-006977ba4d" "proxy-server 20" 0.0187 "-" 22 0
Jan 26 19:02:37 standalone proxy-server[129985]: 172.18.0.2 172.18.0.100 26/Jan/2026/19/02/37 PUT /v1/AUTH_f458f38cec3a490abb06bb131bd8a9ef/gnocchi.88fb7cee-a707-4af0-93ac-2ae48ff428eb HTTP/1.0 201 - python-swiftclient-3.11.1 gAAAAABpd7mmKgIl... - - - txd029653f7c2c46a5bafc9-006977ba4d - 0.0253 - - 1769454157.766788960 1769454157.792094231 0
Jan 26 19:02:37 standalone container-server[127802]: 172.20.0.100 - - [26/Jan/2026:19:02:37 +0000] "HEAD /d1/777/AUTH_f458f38cec3a490abb06bb131bd8a9ef/gnocchi.88fb7cee-a707-4af0-93ac-2ae48ff428eb" 204 - "HEAD http://172.18.0.2:8080/v1/AUTH_f458f38cec3a490abb06bb131bd8a9ef/gnocchi.88fb7cee-a707-4af0-93ac-2ae48ff428eb?format=json&states=listing" "tx017f217e10044dbf93cbb-006977ba4d" "proxy-server 20" 0.0021 "-" 22 0
Jan 26 19:02:37 standalone proxy-server[129985]: - - 26/Jan/2026/19/02/37 HEAD /v1/AUTH_f458f38cec3a490abb06bb131bd8a9ef/gnocchi.88fb7cee-a707-4af0-93ac-2ae48ff428eb%3Fformat%3Djson%26states%3Dlisting HTTP/1.0 204 - Swift - - - - tx017f217e10044dbf93cbb-006977ba4d - 0.0065 RL - 1769454157.797267437 1769454157.803808689 0
Jan 26 19:02:37 standalone container-server[127792]: 172.20.0.100 - - [26/Jan/2026:19:02:37 +0000] "GET /d1/777/AUTH_f458f38cec3a490abb06bb131bd8a9ef/gnocchi.88fb7cee-a707-4af0-93ac-2ae48ff428eb" 200 2 "GET http://172.18.0.2:8080/v1/AUTH_f458f38cec3a490abb06bb131bd8a9ef/gnocchi.88fb7cee-a707-4af0-93ac-2ae48ff428eb?format=json&states=listing" "tx017f217e10044dbf93cbb-006977ba4d" "proxy-server 20" 0.0036 "-" 20 0
Jan 26 19:02:37 standalone proxy-server[129985]: 172.18.0.2 172.18.0.100 26/Jan/2026/19/02/37 GET /v1/AUTH_f458f38cec3a490abb06bb131bd8a9ef/gnocchi.88fb7cee-a707-4af0-93ac-2ae48ff428eb%3Fformat%3Djson%26states%3Dlisting HTTP/1.0 200 - python-swiftclient-3.11.1 gAAAAABpd7mmKgIl... - 2 - tx017f217e10044dbf93cbb-006977ba4d - 0.0208 - - 1769454157.795647860 1769454157.816480875 0
Jan 26 19:02:37 standalone object-server[127938]: 172.20.0.100 - - [26/Jan/2026:19:02:37 +0000] "GET /d1/320/AUTH_f458f38cec3a490abb06bb131bd8a9ef/gnocchi.88fb7cee-a707-4af0-93ac-2ae48ff428eb/1769040000.0_mean_300.0_v3" 404 70 "GET http://172.18.0.2:8080/v1/AUTH_f458f38cec3a490abb06bb131bd8a9ef/gnocchi.88fb7cee-a707-4af0-93ac-2ae48ff428eb/1769040000.0_mean_300.0_v3" "txfd11fc9c853340b49b0fd-006977ba4d" "proxy-server 20" 0.0005 "-" 24 0
Jan 26 19:02:37 standalone proxy-server[129985]: 172.18.0.2 172.18.0.100 26/Jan/2026/19/02/37 GET /v1/AUTH_f458f38cec3a490abb06bb131bd8a9ef/gnocchi.88fb7cee-a707-4af0-93ac-2ae48ff428eb/1769040000.0_mean_300.0_v3 HTTP/1.0 404 - python-swiftclient-3.11.1 gAAAAABpd7mmKgIl... - 70 - txfd11fc9c853340b49b0fd-006977ba4d - 0.0083 - - 1769454157.820366621 1769454157.828686953 0
Jan 26 19:02:37 standalone container-server[127808]: 172.20.0.100 - - [26/Jan/2026:19:02:37 +0000] "PUT /d1/777/AUTH_f458f38cec3a490abb06bb131bd8a9ef/gnocchi.88fb7cee-a707-4af0-93ac-2ae48ff428eb/1769040000.0_mean_300.0_v3" 201 - "PUT http://172.18.0.2:8080/d1/320/AUTH_f458f38cec3a490abb06bb131bd8a9ef/gnocchi.88fb7cee-a707-4af0-93ac-2ae48ff428eb/1769040000.0_mean_300.0_v3" "tx21343df335a0412985988-006977ba4d" "object-server 24" 0.0005 "-" 23 0
Jan 26 19:02:37 standalone object-server[127938]: 172.20.0.100 - - [26/Jan/2026:19:02:37 +0000] "PUT /d1/320/AUTH_f458f38cec3a490abb06bb131bd8a9ef/gnocchi.88fb7cee-a707-4af0-93ac-2ae48ff428eb/1769040000.0_mean_300.0_v3" 201 - "PUT http://172.18.0.2:8080/v1/AUTH_f458f38cec3a490abb06bb131bd8a9ef/gnocchi.88fb7cee-a707-4af0-93ac-2ae48ff428eb/1769040000.0_mean_300.0_v3" "tx21343df335a0412985988-006977ba4d" "proxy-server 20" 0.0094 "-" 24 0
Jan 26 19:02:37 standalone proxy-server[129985]: 172.18.0.2 172.18.0.100 26/Jan/2026/19/02/37 PUT /v1/AUTH_f458f38cec3a490abb06bb131bd8a9ef/gnocchi.88fb7cee-a707-4af0-93ac-2ae48ff428eb/1769040000.0_mean_300.0_v3 HTTP/1.0 201 - python-swiftclient-3.11.1 gAAAAABpd7mmKgIl... 16 - - tx21343df335a0412985988-006977ba4d - 0.0171 - - 1769454157.832881451 1769454157.850025177 0
Jan 26 19:02:37 standalone container-server[127794]: 172.20.0.100 - - [26/Jan/2026:19:02:37 +0000] "PUT /d1/777/AUTH_f458f38cec3a490abb06bb131bd8a9ef/gnocchi.88fb7cee-a707-4af0-93ac-2ae48ff428eb/none_v3" 201 - "PUT http://172.18.0.2:8080/d1/502/AUTH_f458f38cec3a490abb06bb131bd8a9ef/gnocchi.88fb7cee-a707-4af0-93ac-2ae48ff428eb/none_v3" "tx426e4c317e104d4fb5ca0-006977ba4d" "object-server 25" 0.0008 "-" 21 0
Jan 26 19:02:37 standalone object-server[127947]: 172.20.0.100 - - [26/Jan/2026:19:02:37 +0000] "PUT /d1/502/AUTH_f458f38cec3a490abb06bb131bd8a9ef/gnocchi.88fb7cee-a707-4af0-93ac-2ae48ff428eb/none_v3" 201 - "PUT http://172.18.0.2:8080/v1/AUTH_f458f38cec3a490abb06bb131bd8a9ef/gnocchi.88fb7cee-a707-4af0-93ac-2ae48ff428eb/none_v3" "tx426e4c317e104d4fb5ca0-006977ba4d" "proxy-server 20" 0.0108 "-" 25 0
Jan 26 19:02:37 standalone proxy-server[129985]: 172.18.0.2 172.18.0.100 26/Jan/2026/19/02/37 PUT /v1/AUTH_f458f38cec3a490abb06bb131bd8a9ef/gnocchi.88fb7cee-a707-4af0-93ac-2ae48ff428eb/none_v3 HTTP/1.0 201 - python-swiftclient-3.11.1 gAAAAABpd7mmKgIl... 22 - - tx426e4c317e104d4fb5ca0-006977ba4d - 0.0180 - - 1769454157.853480339 1769454157.871477365 0
Jan 26 19:02:37 standalone container-server[127794]: 172.20.0.100 - - [26/Jan/2026:19:02:37 +0000] "HEAD /d1/1012/AUTH_f458f38cec3a490abb06bb131bd8a9ef/gnocchi.d435b193-e0dc-4cfe-abdf-e498a596c2ef" 404 - "HEAD http://172.18.0.2:8080/v1/AUTH_f458f38cec3a490abb06bb131bd8a9ef/gnocchi.d435b193-e0dc-4cfe-abdf-e498a596c2ef?format=json&states=listing" "tx88c57dfab3334cecbee04-006977ba4d" "proxy-server 20" 0.0005 "-" 21 0
Jan 26 19:02:37 standalone object-server[127938]: 172.20.0.100 - - [26/Jan/2026:19:02:37 +0000] "GET /d1/130/AUTH_f458f38cec3a490abb06bb131bd8a9ef/gnocchi.d435b193-e0dc-4cfe-abdf-e498a596c2ef/none_v3" 404 70 "GET http://172.18.0.2:8080/v1/AUTH_f458f38cec3a490abb06bb131bd8a9ef/gnocchi.d435b193-e0dc-4cfe-abdf-e498a596c2ef/none_v3" "tx88c57dfab3334cecbee04-006977ba4d" "proxy-server 20" 0.0004 "-" 24 0
Jan 26 19:02:37 standalone proxy-server[129985]: 172.18.0.2 172.18.0.100 26/Jan/2026/19/02/37 GET /v1/AUTH_f458f38cec3a490abb06bb131bd8a9ef/gnocchi.d435b193-e0dc-4cfe-abdf-e498a596c2ef/none_v3 HTTP/1.0 404 - python-swiftclient-3.11.1 gAAAAABpd7mmKgIl... - 70 - tx88c57dfab3334cecbee04-006977ba4d - 0.0143 - - 1769454157.894897938 1769454157.909156084 0
Jan 26 19:02:37 standalone account-server[127703]: 172.20.0.100 - - [26/Jan/2026:19:02:37 +0000] "PUT /d1/322/AUTH_f458f38cec3a490abb06bb131bd8a9ef/gnocchi.d435b193-e0dc-4cfe-abdf-e498a596c2ef" 201 - "PUT http://172.20.0.100:6001/d1/1012/AUTH_f458f38cec3a490abb06bb131bd8a9ef/gnocchi.d435b193-e0dc-4cfe-abdf-e498a596c2ef" "txdd1db2ec10664acca2302-006977ba4d" "container-server 20" 0.0058 "-" 21 0
Jan 26 19:02:37 standalone container-server[127792]: 172.20.0.100 - - [26/Jan/2026:19:02:37 +0000] "PUT /d1/1012/AUTH_f458f38cec3a490abb06bb131bd8a9ef/gnocchi.d435b193-e0dc-4cfe-abdf-e498a596c2ef" 201 - "PUT http://172.18.0.2:8080/v1/AUTH_f458f38cec3a490abb06bb131bd8a9ef/gnocchi.d435b193-e0dc-4cfe-abdf-e498a596c2ef" "txdd1db2ec10664acca2302-006977ba4d" "proxy-server 20" 0.0209 "-" 20 0
Jan 26 19:02:37 standalone proxy-server[129985]: 172.18.0.2 172.18.0.100 26/Jan/2026/19/02/37 PUT /v1/AUTH_f458f38cec3a490abb06bb131bd8a9ef/gnocchi.d435b193-e0dc-4cfe-abdf-e498a596c2ef HTTP/1.0 201 - python-swiftclient-3.11.1 gAAAAABpd7mmKgIl... - - - txdd1db2ec10664acca2302-006977ba4d - 0.0282 - - 1769454157.913186073 1769454157.941420794 0
Jan 26 19:02:37 standalone container-server[127792]: 172.20.0.100 - - [26/Jan/2026:19:02:37 +0000] "HEAD /d1/1012/AUTH_f458f38cec3a490abb06bb131bd8a9ef/gnocchi.d435b193-e0dc-4cfe-abdf-e498a596c2ef" 204 - "HEAD http://172.18.0.2:8080/v1/AUTH_f458f38cec3a490abb06bb131bd8a9ef/gnocchi.d435b193-e0dc-4cfe-abdf-e498a596c2ef?format=json&states=listing" "tx7daa9ff21b464718b8a33-006977ba4d" "proxy-server 20" 0.0020 "-" 20 0
Jan 26 19:02:37 standalone proxy-server[129985]: - - 26/Jan/2026/19/02/37 HEAD /v1/AUTH_f458f38cec3a490abb06bb131bd8a9ef/gnocchi.d435b193-e0dc-4cfe-abdf-e498a596c2ef%3Fformat%3Djson%26states%3Dlisting HTTP/1.0 204 - Swift - - - - tx7daa9ff21b464718b8a33-006977ba4d - 0.0063 RL - 1769454157.947316647 1769454157.953665257 0
Jan 26 19:02:37 standalone container-server[127808]: 172.20.0.100 - - [26/Jan/2026:19:02:37 +0000] "GET /d1/1012/AUTH_f458f38cec3a490abb06bb131bd8a9ef/gnocchi.d435b193-e0dc-4cfe-abdf-e498a596c2ef" 200 2 "GET http://172.18.0.2:8080/v1/AUTH_f458f38cec3a490abb06bb131bd8a9ef/gnocchi.d435b193-e0dc-4cfe-abdf-e498a596c2ef?format=json&states=listing" "tx7daa9ff21b464718b8a33-006977ba4d" "proxy-server 20" 0.0024 "-" 23 0
Jan 26 19:02:37 standalone proxy-server[129985]: 172.18.0.2 172.18.0.100 26/Jan/2026/19/02/37 GET /v1/AUTH_f458f38cec3a490abb06bb131bd8a9ef/gnocchi.d435b193-e0dc-4cfe-abdf-e498a596c2ef%3Fformat%3Djson%26states%3Dlisting HTTP/1.0 200 - python-swiftclient-3.11.1 gAAAAABpd7mmKgIl... - 2 - tx7daa9ff21b464718b8a33-006977ba4d - 0.0177 - - 1769454157.945861816 1769454157.963600874 0
Jan 26 19:02:37 standalone object-server[127938]: 172.20.0.100 - - [26/Jan/2026:19:02:37 +0000] "GET /d1/234/AUTH_f458f38cec3a490abb06bb131bd8a9ef/gnocchi.d435b193-e0dc-4cfe-abdf-e498a596c2ef/1769040000.0_mean_300.0_v3" 404 70 "GET http://172.18.0.2:8080/v1/AUTH_f458f38cec3a490abb06bb131bd8a9ef/gnocchi.d435b193-e0dc-4cfe-abdf-e498a596c2ef/1769040000.0_mean_300.0_v3" "tx3882011f3cb24969adeba-006977ba4d" "proxy-server 20" 0.0005 "-" 24 0
Jan 26 19:02:37 standalone proxy-server[129985]: 172.18.0.2 172.18.0.100 26/Jan/2026/19/02/37 GET /v1/AUTH_f458f38cec3a490abb06bb131bd8a9ef/gnocchi.d435b193-e0dc-4cfe-abdf-e498a596c2ef/1769040000.0_mean_300.0_v3 HTTP/1.0 404 - python-swiftclient-3.11.1 gAAAAABpd7mmKgIl... - 70 - tx3882011f3cb24969adeba-006977ba4d - 0.0112 - - 1769454157.969589233 1769454157.980748892 0
Jan 26 19:02:38 standalone container-server[127794]: 172.20.0.100 - - [26/Jan/2026:19:02:38 +0000] "PUT /d1/1012/AUTH_f458f38cec3a490abb06bb131bd8a9ef/gnocchi.d435b193-e0dc-4cfe-abdf-e498a596c2ef/1769040000.0_mean_300.0_v3" 201 - "PUT http://172.18.0.2:8080/d1/234/AUTH_f458f38cec3a490abb06bb131bd8a9ef/gnocchi.d435b193-e0dc-4cfe-abdf-e498a596c2ef/1769040000.0_mean_300.0_v3" "tx9d6565764b444662a9abb-006977ba4e" "object-server 25" 0.0012 "-" 21 0
Jan 26 19:02:38 standalone object-server[127947]: 172.20.0.100 - - [26/Jan/2026:19:02:38 +0000] "PUT /d1/234/AUTH_f458f38cec3a490abb06bb131bd8a9ef/gnocchi.d435b193-e0dc-4cfe-abdf-e498a596c2ef/1769040000.0_mean_300.0_v3" 201 - "PUT http://172.18.0.2:8080/v1/AUTH_f458f38cec3a490abb06bb131bd8a9ef/gnocchi.d435b193-e0dc-4cfe-abdf-e498a596c2ef/1769040000.0_mean_300.0_v3" "tx9d6565764b444662a9abb-006977ba4e" "proxy-server 20" 0.0121 "-" 25 0
Jan 26 19:02:38 standalone proxy-server[129985]: 172.18.0.2 172.18.0.100 26/Jan/2026/19/02/38 PUT /v1/AUTH_f458f38cec3a490abb06bb131bd8a9ef/gnocchi.d435b193-e0dc-4cfe-abdf-e498a596c2ef/1769040000.0_mean_300.0_v3 HTTP/1.0 201 - python-swiftclient-3.11.1 gAAAAABpd7mmKgIl... 16 - - tx9d6565764b444662a9abb-006977ba4e - 0.0264 - - 1769454158.023092985 1769454158.049456120 0
Jan 26 19:02:38 standalone container-server[127808]: 172.20.0.100 - - [26/Jan/2026:19:02:38 +0000] "PUT /d1/1012/AUTH_f458f38cec3a490abb06bb131bd8a9ef/gnocchi.d435b193-e0dc-4cfe-abdf-e498a596c2ef/none_v3" 201 - "PUT http://172.18.0.2:8080/d1/130/AUTH_f458f38cec3a490abb06bb131bd8a9ef/gnocchi.d435b193-e0dc-4cfe-abdf-e498a596c2ef/none_v3" "txba911b97c25d47d883ad9-006977ba4e" "object-server 25" 0.0006 "-" 23 0
Jan 26 19:02:38 standalone object-server[127947]: 172.20.0.100 - - [26/Jan/2026:19:02:38 +0000] "PUT /d1/130/AUTH_f458f38cec3a490abb06bb131bd8a9ef/gnocchi.d435b193-e0dc-4cfe-abdf-e498a596c2ef/none_v3" 201 - "PUT http://172.18.0.2:8080/v1/AUTH_f458f38cec3a490abb06bb131bd8a9ef/gnocchi.d435b193-e0dc-4cfe-abdf-e498a596c2ef/none_v3" "txba911b97c25d47d883ad9-006977ba4e" "proxy-server 20" 0.0117 "-" 25 0
Jan 26 19:02:38 standalone proxy-server[129985]: 172.18.0.2 172.18.0.100 26/Jan/2026/19/02/38 PUT /v1/AUTH_f458f38cec3a490abb06bb131bd8a9ef/gnocchi.d435b193-e0dc-4cfe-abdf-e498a596c2ef/none_v3 HTTP/1.0 201 - python-swiftclient-3.11.1 gAAAAABpd7mmKgIl... 22 - - txba911b97c25d47d883ad9-006977ba4e - 0.0202 - - 1769454158.055182219 1769454158.075351477 0
Jan 26 19:02:38 standalone container-server[127794]: 172.20.0.100 - - [26/Jan/2026:19:02:38 +0000] "HEAD /d1/206/AUTH_f458f38cec3a490abb06bb131bd8a9ef/gnocchi.0178fa9f-440d-4c5f-ae42-06d4775826f1" 404 - "HEAD http://172.18.0.2:8080/v1/AUTH_f458f38cec3a490abb06bb131bd8a9ef/gnocchi.0178fa9f-440d-4c5f-ae42-06d4775826f1?format=json&states=listing" "tx69b897c868f7460bb7f72-006977ba4e" "proxy-server 20" 0.0007 "-" 21 0
Jan 26 19:02:38 standalone object-server[127932]: 172.20.0.100 - - [26/Jan/2026:19:02:38 +0000] "GET /d1/617/AUTH_f458f38cec3a490abb06bb131bd8a9ef/gnocchi.0178fa9f-440d-4c5f-ae42-06d4775826f1/none_v3" 404 70 "GET http://172.18.0.2:8080/v1/AUTH_f458f38cec3a490abb06bb131bd8a9ef/gnocchi.0178fa9f-440d-4c5f-ae42-06d4775826f1/none_v3" "tx69b897c868f7460bb7f72-006977ba4e" "proxy-server 20" 0.0005 "-" 23 0
Jan 26 19:02:38 standalone proxy-server[129985]: 172.18.0.2 172.18.0.100 26/Jan/2026/19/02/38 GET /v1/AUTH_f458f38cec3a490abb06bb131bd8a9ef/gnocchi.0178fa9f-440d-4c5f-ae42-06d4775826f1/none_v3 HTTP/1.0 404 - python-swiftclient-3.11.1 gAAAAABpd7mmKgIl... - 70 - tx69b897c868f7460bb7f72-006977ba4e - 0.0163 - - 1769454158.089776039 1769454158.106087446 0
Jan 26 19:02:38 standalone account-server[127709]: 172.20.0.100 - - [26/Jan/2026:19:02:38 +0000] "PUT /d1/322/AUTH_f458f38cec3a490abb06bb131bd8a9ef/gnocchi.0178fa9f-440d-4c5f-ae42-06d4775826f1" 201 - "PUT http://172.20.0.100:6001/d1/206/AUTH_f458f38cec3a490abb06bb131bd8a9ef/gnocchi.0178fa9f-440d-4c5f-ae42-06d4775826f1" "tx7807d6bf050948b196314-006977ba4e" "container-server 23" 0.0059 "-" 22 0
Jan 26 19:02:38 standalone container-server[127808]: 172.20.0.100 - - [26/Jan/2026:19:02:38 +0000] "PUT /d1/206/AUTH_f458f38cec3a490abb06bb131bd8a9ef/gnocchi.0178fa9f-440d-4c5f-ae42-06d4775826f1" 201 - "PUT http://172.18.0.2:8080/v1/AUTH_f458f38cec3a490abb06bb131bd8a9ef/gnocchi.0178fa9f-440d-4c5f-ae42-06d4775826f1" "tx7807d6bf050948b196314-006977ba4e" "proxy-server 20" 0.0181 "-" 23 0
Jan 26 19:02:38 standalone proxy-server[129985]: 172.18.0.2 172.18.0.100 26/Jan/2026/19/02/38 PUT /v1/AUTH_f458f38cec3a490abb06bb131bd8a9ef/gnocchi.0178fa9f-440d-4c5f-ae42-06d4775826f1 HTTP/1.0 201 - python-swiftclient-3.11.1 gAAAAABpd7mmKgIl... - - - tx7807d6bf050948b196314-006977ba4e - 0.0244 - - 1769454158.109561205 1769454158.133917332 0
Jan 26 19:02:38 standalone container-server[127792]: 172.20.0.100 - - [26/Jan/2026:19:02:38 +0000] "HEAD /d1/206/AUTH_f458f38cec3a490abb06bb131bd8a9ef/gnocchi.0178fa9f-440d-4c5f-ae42-06d4775826f1" 204 - "HEAD http://172.18.0.2:8080/v1/AUTH_f458f38cec3a490abb06bb131bd8a9ef/gnocchi.0178fa9f-440d-4c5f-ae42-06d4775826f1?format=json&states=listing" "txba82b5a106534b6c9b989-006977ba4e" "proxy-server 20" 0.0024 "-" 20 0
Jan 26 19:02:38 standalone proxy-server[129985]: - - 26/Jan/2026/19/02/38 HEAD /v1/AUTH_f458f38cec3a490abb06bb131bd8a9ef/gnocchi.0178fa9f-440d-4c5f-ae42-06d4775826f1%3Fformat%3Djson%26states%3Dlisting HTTP/1.0 204 - Swift - - - - txba82b5a106534b6c9b989-006977ba4e - 0.0084 RL - 1769454158.143559933 1769454158.151923180 0
Jan 26 19:02:38 standalone container-server[127794]: 172.20.0.100 - - [26/Jan/2026:19:02:38 +0000] "GET /d1/206/AUTH_f458f38cec3a490abb06bb131bd8a9ef/gnocchi.0178fa9f-440d-4c5f-ae42-06d4775826f1" 200 2 "GET http://172.18.0.2:8080/v1/AUTH_f458f38cec3a490abb06bb131bd8a9ef/gnocchi.0178fa9f-440d-4c5f-ae42-06d4775826f1?format=json&states=listing" "txba82b5a106534b6c9b989-006977ba4e" "proxy-server 20" 0.0037 "-" 21 0
Jan 26 19:02:38 standalone proxy-server[129985]: 172.18.0.2 172.18.0.100 26/Jan/2026/19/02/38 GET /v1/AUTH_f458f38cec3a490abb06bb131bd8a9ef/gnocchi.0178fa9f-440d-4c5f-ae42-06d4775826f1%3Fformat%3Djson%26states%3Dlisting HTTP/1.0 200 - python-swiftclient-3.11.1 gAAAAABpd7mmKgIl... - 2 - txba82b5a106534b6c9b989-006977ba4e - 0.0245 - - 1769454158.141500473 1769454158.165997505 0
Jan 26 19:02:38 standalone object-server[127947]: 172.20.0.100 - - [26/Jan/2026:19:02:38 +0000] "GET /d1/488/AUTH_f458f38cec3a490abb06bb131bd8a9ef/gnocchi.0178fa9f-440d-4c5f-ae42-06d4775826f1/1769040000.0_mean_300.0_v3" 404 70 "GET http://172.18.0.2:8080/v1/AUTH_f458f38cec3a490abb06bb131bd8a9ef/gnocchi.0178fa9f-440d-4c5f-ae42-06d4775826f1/1769040000.0_mean_300.0_v3" "tx81fd1bb689824fb08c9b3-006977ba4e" "proxy-server 20" 0.0005 "-" 25 0
Jan 26 19:02:38 standalone proxy-server[129985]: 172.18.0.2 172.18.0.100 26/Jan/2026/19/02/38 GET /v1/AUTH_f458f38cec3a490abb06bb131bd8a9ef/gnocchi.0178fa9f-440d-4c5f-ae42-06d4775826f1/1769040000.0_mean_300.0_v3 HTTP/1.0 404 - python-swiftclient-3.11.1 gAAAAABpd7mmKgIl... - 70 - tx81fd1bb689824fb08c9b3-006977ba4e - 0.0082 - - 1769454158.173732758 1769454158.181891680 0
Jan 26 19:02:38 standalone container-server[127794]: 172.20.0.100 - - [26/Jan/2026:19:02:38 +0000] "PUT /d1/206/AUTH_f458f38cec3a490abb06bb131bd8a9ef/gnocchi.0178fa9f-440d-4c5f-ae42-06d4775826f1/1769040000.0_mean_300.0_v3" 201 - "PUT http://172.18.0.2:8080/d1/488/AUTH_f458f38cec3a490abb06bb131bd8a9ef/gnocchi.0178fa9f-440d-4c5f-ae42-06d4775826f1/1769040000.0_mean_300.0_v3" "tx7851c3c7c37e4d0195612-006977ba4e" "object-server 24" 0.0010 "-" 21 0
Jan 26 19:02:38 standalone object-server[127938]: 172.20.0.100 - - [26/Jan/2026:19:02:38 +0000] "PUT /d1/488/AUTH_f458f38cec3a490abb06bb131bd8a9ef/gnocchi.0178fa9f-440d-4c5f-ae42-06d4775826f1/1769040000.0_mean_300.0_v3" 201 - "PUT http://172.18.0.2:8080/v1/AUTH_f458f38cec3a490abb06bb131bd8a9ef/gnocchi.0178fa9f-440d-4c5f-ae42-06d4775826f1/1769040000.0_mean_300.0_v3" "tx7851c3c7c37e4d0195612-006977ba4e" "proxy-server 20" 0.0119 "-" 24 0
Jan 26 19:02:38 standalone proxy-server[129985]: 172.18.0.2 172.18.0.100 26/Jan/2026/19/02/38 PUT /v1/AUTH_f458f38cec3a490abb06bb131bd8a9ef/gnocchi.0178fa9f-440d-4c5f-ae42-06d4775826f1/1769040000.0_mean_300.0_v3 HTTP/1.0 201 - python-swiftclient-3.11.1 gAAAAABpd7mmKgIl... 16 - - tx7851c3c7c37e4d0195612-006977ba4e - 0.0192 - - 1769454158.186023235 1769454158.205247164 0
Jan 26 19:02:38 standalone container-server[127802]: 172.20.0.100 - - [26/Jan/2026:19:02:38 +0000] "PUT /d1/206/AUTH_f458f38cec3a490abb06bb131bd8a9ef/gnocchi.0178fa9f-440d-4c5f-ae42-06d4775826f1/none_v3" 201 - "PUT http://172.18.0.2:8080/d1/617/AUTH_f458f38cec3a490abb06bb131bd8a9ef/gnocchi.0178fa9f-440d-4c5f-ae42-06d4775826f1/none_v3" "tx34eda37ff92c406cbf5df-006977ba4e" "object-server 22" 0.0005 "-" 22 0
Jan 26 19:02:38 standalone object-server[127928]: 172.20.0.100 - - [26/Jan/2026:19:02:38 +0000] "PUT /d1/617/AUTH_f458f38cec3a490abb06bb131bd8a9ef/gnocchi.0178fa9f-440d-4c5f-ae42-06d4775826f1/none_v3" 201 - "PUT http://172.18.0.2:8080/v1/AUTH_f458f38cec3a490abb06bb131bd8a9ef/gnocchi.0178fa9f-440d-4c5f-ae42-06d4775826f1/none_v3" "tx34eda37ff92c406cbf5df-006977ba4e" "proxy-server 20" 0.0099 "-" 22 0
Jan 26 19:02:38 standalone proxy-server[129985]: 172.18.0.2 172.18.0.100 26/Jan/2026/19/02/38 PUT /v1/AUTH_f458f38cec3a490abb06bb131bd8a9ef/gnocchi.0178fa9f-440d-4c5f-ae42-06d4775826f1/none_v3 HTTP/1.0 201 - python-swiftclient-3.11.1 gAAAAABpd7mmKgIl... 22 - - tx34eda37ff92c406cbf5df-006977ba4e - 0.0175 - - 1769454158.210911989 1769454158.228457451 0
Jan 26 19:02:38 standalone container-server[127802]: 172.20.0.100 - - [26/Jan/2026:19:02:38 +0000] "HEAD /d1/629/AUTH_f458f38cec3a490abb06bb131bd8a9ef/gnocchi.1bba43ab-1eee-4a80-8cb6-1c0a0039e3f4" 404 - "HEAD http://172.18.0.2:8080/v1/AUTH_f458f38cec3a490abb06bb131bd8a9ef/gnocchi.1bba43ab-1eee-4a80-8cb6-1c0a0039e3f4?format=json&states=listing" "tx7eb0eb7acd5849bf813a7-006977ba4e" "proxy-server 20" 0.0003 "-" 22 0
Jan 26 19:02:38 standalone object-server[127932]: 172.20.0.100 - - [26/Jan/2026:19:02:38 +0000] "GET /d1/216/AUTH_f458f38cec3a490abb06bb131bd8a9ef/gnocchi.1bba43ab-1eee-4a80-8cb6-1c0a0039e3f4/none_v3" 404 70 "GET http://172.18.0.2:8080/v1/AUTH_f458f38cec3a490abb06bb131bd8a9ef/gnocchi.1bba43ab-1eee-4a80-8cb6-1c0a0039e3f4/none_v3" "tx7eb0eb7acd5849bf813a7-006977ba4e" "proxy-server 20" 0.0005 "-" 23 0
Jan 26 19:02:38 standalone proxy-server[129985]: 172.18.0.2 172.18.0.100 26/Jan/2026/19/02/38 GET /v1/AUTH_f458f38cec3a490abb06bb131bd8a9ef/gnocchi.1bba43ab-1eee-4a80-8cb6-1c0a0039e3f4/none_v3 HTTP/1.0 404 - python-swiftclient-3.11.1 gAAAAABpd7mmKgIl... - 70 - tx7eb0eb7acd5849bf813a7-006977ba4e - 0.0128 - - 1769454158.246580124 1769454158.259408236 0
Jan 26 19:02:38 standalone account-server[127703]: 172.20.0.100 - - [26/Jan/2026:19:02:38 +0000] "PUT /d1/322/AUTH_f458f38cec3a490abb06bb131bd8a9ef/gnocchi.1bba43ab-1eee-4a80-8cb6-1c0a0039e3f4" 201 - "PUT http://172.20.0.100:6001/d1/629/AUTH_f458f38cec3a490abb06bb131bd8a9ef/gnocchi.1bba43ab-1eee-4a80-8cb6-1c0a0039e3f4" "txc36b3d59c274476db064f-006977ba4e" "container-server 20" 0.0059 "-" 21 0
Jan 26 19:02:38 standalone container-server[127792]: 172.20.0.100 - - [26/Jan/2026:19:02:38 +0000] "PUT /d1/629/AUTH_f458f38cec3a490abb06bb131bd8a9ef/gnocchi.1bba43ab-1eee-4a80-8cb6-1c0a0039e3f4" 201 - "PUT http://172.18.0.2:8080/v1/AUTH_f458f38cec3a490abb06bb131bd8a9ef/gnocchi.1bba43ab-1eee-4a80-8cb6-1c0a0039e3f4" "txc36b3d59c274476db064f-006977ba4e" "proxy-server 20" 0.0177 "-" 20 0
Jan 26 19:02:38 standalone proxy-server[129985]: 172.18.0.2 172.18.0.100 26/Jan/2026/19/02/38 PUT /v1/AUTH_f458f38cec3a490abb06bb131bd8a9ef/gnocchi.1bba43ab-1eee-4a80-8cb6-1c0a0039e3f4 HTTP/1.0 201 - python-swiftclient-3.11.1 gAAAAABpd7mmKgIl... - - - txc36b3d59c274476db064f-006977ba4e - 0.0235 - - 1769454158.262976885 1769454158.286427021 0
Jan 26 19:02:38 standalone container-server[127794]: 172.20.0.100 - - [26/Jan/2026:19:02:38 +0000] "HEAD /d1/629/AUTH_f458f38cec3a490abb06bb131bd8a9ef/gnocchi.1bba43ab-1eee-4a80-8cb6-1c0a0039e3f4" 204 - "HEAD http://172.18.0.2:8080/v1/AUTH_f458f38cec3a490abb06bb131bd8a9ef/gnocchi.1bba43ab-1eee-4a80-8cb6-1c0a0039e3f4?format=json&states=listing" "txadbfb0cf73a1458d9cc12-006977ba4e" "proxy-server 20" 0.0022 "-" 21 0
Jan 26 19:02:38 standalone proxy-server[129985]: - - 26/Jan/2026/19/02/38 HEAD /v1/AUTH_f458f38cec3a490abb06bb131bd8a9ef/gnocchi.1bba43ab-1eee-4a80-8cb6-1c0a0039e3f4%3Fformat%3Djson%26states%3Dlisting HTTP/1.0 204 - Swift - - - - txadbfb0cf73a1458d9cc12-006977ba4e - 0.0069 RL - 1769454158.292697906 1769454158.299604893 0
Jan 26 19:02:38 standalone container-server[127808]: 172.20.0.100 - - [26/Jan/2026:19:02:38 +0000] "GET /d1/629/AUTH_f458f38cec3a490abb06bb131bd8a9ef/gnocchi.1bba43ab-1eee-4a80-8cb6-1c0a0039e3f4" 200 2 "GET http://172.18.0.2:8080/v1/AUTH_f458f38cec3a490abb06bb131bd8a9ef/gnocchi.1bba43ab-1eee-4a80-8cb6-1c0a0039e3f4?format=json&states=listing" "txadbfb0cf73a1458d9cc12-006977ba4e" "proxy-server 20" 0.0040 "-" 23 0
Jan 26 19:02:38 standalone proxy-server[129985]: 172.18.0.2 172.18.0.100 26/Jan/2026/19/02/38 GET /v1/AUTH_f458f38cec3a490abb06bb131bd8a9ef/gnocchi.1bba43ab-1eee-4a80-8cb6-1c0a0039e3f4%3Fformat%3Djson%26states%3Dlisting HTTP/1.0 200 - python-swiftclient-3.11.1 gAAAAABpd7mmKgIl... - 2 - txadbfb0cf73a1458d9cc12-006977ba4e - 0.0218 - - 1769454158.291056871 1769454158.312854528 0
Jan 26 19:02:38 standalone object-server[127938]: 172.20.0.100 - - [26/Jan/2026:19:02:38 +0000] "GET /d1/836/AUTH_f458f38cec3a490abb06bb131bd8a9ef/gnocchi.1bba43ab-1eee-4a80-8cb6-1c0a0039e3f4/1769040000.0_mean_300.0_v3" 404 70 "GET http://172.18.0.2:8080/v1/AUTH_f458f38cec3a490abb06bb131bd8a9ef/gnocchi.1bba43ab-1eee-4a80-8cb6-1c0a0039e3f4/1769040000.0_mean_300.0_v3" "tx97e809e2c50443538950a-006977ba4e" "proxy-server 20" 0.0005 "-" 24 0
Jan 26 19:02:38 standalone proxy-server[129985]: 172.18.0.2 172.18.0.100 26/Jan/2026/19/02/38 GET /v1/AUTH_f458f38cec3a490abb06bb131bd8a9ef/gnocchi.1bba43ab-1eee-4a80-8cb6-1c0a0039e3f4/1769040000.0_mean_300.0_v3 HTTP/1.0 404 - python-swiftclient-3.11.1 gAAAAABpd7mmKgIl... - 70 - tx97e809e2c50443538950a-006977ba4e - 0.0077 - - 1769454158.317296743 1769454158.324980736 0
Jan 26 19:02:38 standalone container-server[127792]: 172.20.0.100 - - [26/Jan/2026:19:02:38 +0000] "PUT /d1/629/AUTH_f458f38cec3a490abb06bb131bd8a9ef/gnocchi.1bba43ab-1eee-4a80-8cb6-1c0a0039e3f4/1769040000.0_mean_300.0_v3" 201 - "PUT http://172.18.0.2:8080/d1/836/AUTH_f458f38cec3a490abb06bb131bd8a9ef/gnocchi.1bba43ab-1eee-4a80-8cb6-1c0a0039e3f4/1769040000.0_mean_300.0_v3" "txfc31672f9837435bb96d5-006977ba4e" "object-server 22" 0.0009 "-" 20 0
Jan 26 19:02:38 standalone object-server[127928]: 172.20.0.100 - - [26/Jan/2026:19:02:38 +0000] "PUT /d1/836/AUTH_f458f38cec3a490abb06bb131bd8a9ef/gnocchi.1bba43ab-1eee-4a80-8cb6-1c0a0039e3f4/1769040000.0_mean_300.0_v3" 201 - "PUT http://172.18.0.2:8080/v1/AUTH_f458f38cec3a490abb06bb131bd8a9ef/gnocchi.1bba43ab-1eee-4a80-8cb6-1c0a0039e3f4/1769040000.0_mean_300.0_v3" "txfc31672f9837435bb96d5-006977ba4e" "proxy-server 20" 0.0107 "-" 22 0
Jan 26 19:02:38 standalone proxy-server[129985]: 172.18.0.2 172.18.0.100 26/Jan/2026/19/02/38 PUT /v1/AUTH_f458f38cec3a490abb06bb131bd8a9ef/gnocchi.1bba43ab-1eee-4a80-8cb6-1c0a0039e3f4/1769040000.0_mean_300.0_v3 HTTP/1.0 201 - python-swiftclient-3.11.1 gAAAAABpd7mmKgIl... 16 - - txfc31672f9837435bb96d5-006977ba4e - 0.0181 - - 1769454158.328834295 1769454158.346928120 0
Jan 26 19:02:38 standalone container-server[127792]: 172.20.0.100 - - [26/Jan/2026:19:02:38 +0000] "PUT /d1/629/AUTH_f458f38cec3a490abb06bb131bd8a9ef/gnocchi.1bba43ab-1eee-4a80-8cb6-1c0a0039e3f4/none_v3" 201 - "PUT http://172.18.0.2:8080/d1/216/AUTH_f458f38cec3a490abb06bb131bd8a9ef/gnocchi.1bba43ab-1eee-4a80-8cb6-1c0a0039e3f4/none_v3" "tx854f328fb45a4a018041d-006977ba4e" "object-server 22" 0.0006 "-" 20 0
Jan 26 19:02:38 standalone object-server[127928]: 172.20.0.100 - - [26/Jan/2026:19:02:38 +0000] "PUT /d1/216/AUTH_f458f38cec3a490abb06bb131bd8a9ef/gnocchi.1bba43ab-1eee-4a80-8cb6-1c0a0039e3f4/none_v3" 201 - "PUT http://172.18.0.2:8080/v1/AUTH_f458f38cec3a490abb06bb131bd8a9ef/gnocchi.1bba43ab-1eee-4a80-8cb6-1c0a0039e3f4/none_v3" "tx854f328fb45a4a018041d-006977ba4e" "proxy-server 20" 0.0105 "-" 22 0
Jan 26 19:02:38 standalone proxy-server[129985]: 172.18.0.2 172.18.0.100 26/Jan/2026/19/02/38 PUT /v1/AUTH_f458f38cec3a490abb06bb131bd8a9ef/gnocchi.1bba43ab-1eee-4a80-8cb6-1c0a0039e3f4/none_v3 HTTP/1.0 201 - python-swiftclient-3.11.1 gAAAAABpd7mmKgIl... 22 - - tx854f328fb45a4a018041d-006977ba4e - 0.0179 - - 1769454158.350383520 1769454158.368250608 0
Jan 26 19:02:38 standalone container-server[127792]: 172.20.0.100 - - [26/Jan/2026:19:02:38 +0000] "HEAD /d1/687/AUTH_f458f38cec3a490abb06bb131bd8a9ef/gnocchi.2775fa0e-9a2b-4a4e-8dc9-529341ae7879" 404 - "HEAD http://172.18.0.2:8080/v1/AUTH_f458f38cec3a490abb06bb131bd8a9ef/gnocchi.2775fa0e-9a2b-4a4e-8dc9-529341ae7879?format=json&states=listing" "tx385f487d8201447bbc305-006977ba4e" "proxy-server 20" 0.0005 "-" 20 0
Jan 26 19:02:38 standalone object-server[127947]: 172.20.0.100 - - [26/Jan/2026:19:02:38 +0000] "GET /d1/236/AUTH_f458f38cec3a490abb06bb131bd8a9ef/gnocchi.2775fa0e-9a2b-4a4e-8dc9-529341ae7879/none_v3" 404 70 "GET http://172.18.0.2:8080/v1/AUTH_f458f38cec3a490abb06bb131bd8a9ef/gnocchi.2775fa0e-9a2b-4a4e-8dc9-529341ae7879/none_v3" "tx385f487d8201447bbc305-006977ba4e" "proxy-server 20" 0.0005 "-" 25 0
Jan 26 19:02:38 standalone proxy-server[129985]: 172.18.0.2 172.18.0.100 26/Jan/2026/19/02/38 GET /v1/AUTH_f458f38cec3a490abb06bb131bd8a9ef/gnocchi.2775fa0e-9a2b-4a4e-8dc9-529341ae7879/none_v3 HTTP/1.0 404 - python-swiftclient-3.11.1 gAAAAABpd7mmKgIl... - 70 - tx385f487d8201447bbc305-006977ba4e - 0.0117 - - 1769454158.385859489 1769454158.397579670 0
Jan 26 19:02:38 standalone account-server[127677]: 172.20.0.100 - - [26/Jan/2026:19:02:38 +0000] "PUT /d1/322/AUTH_f458f38cec3a490abb06bb131bd8a9ef/gnocchi.2775fa0e-9a2b-4a4e-8dc9-529341ae7879" 201 - "PUT http://172.20.0.100:6001/d1/687/AUTH_f458f38cec3a490abb06bb131bd8a9ef/gnocchi.2775fa0e-9a2b-4a4e-8dc9-529341ae7879" "tx6c4cfb94aba34148b8c2d-006977ba4e" "container-server 23" 0.0057 "-" 19 0
Jan 26 19:02:38 standalone container-server[127808]: 172.20.0.100 - - [26/Jan/2026:19:02:38 +0000] "PUT /d1/687/AUTH_f458f38cec3a490abb06bb131bd8a9ef/gnocchi.2775fa0e-9a2b-4a4e-8dc9-529341ae7879" 201 - "PUT http://172.18.0.2:8080/v1/AUTH_f458f38cec3a490abb06bb131bd8a9ef/gnocchi.2775fa0e-9a2b-4a4e-8dc9-529341ae7879" "tx6c4cfb94aba34148b8c2d-006977ba4e" "proxy-server 20" 0.0193 "-" 23 0
Jan 26 19:02:38 standalone proxy-server[129985]: 172.18.0.2 172.18.0.100 26/Jan/2026/19/02/38 PUT /v1/AUTH_f458f38cec3a490abb06bb131bd8a9ef/gnocchi.2775fa0e-9a2b-4a4e-8dc9-529341ae7879 HTTP/1.0 201 - python-swiftclient-3.11.1 gAAAAABpd7mmKgIl... - - - tx6c4cfb94aba34148b8c2d-006977ba4e - 0.0257 - - 1769454158.400970936 1769454158.426677704 0
Jan 26 19:02:38 standalone container-server[127802]: 172.20.0.100 - - [26/Jan/2026:19:02:38 +0000] "HEAD /d1/687/AUTH_f458f38cec3a490abb06bb131bd8a9ef/gnocchi.2775fa0e-9a2b-4a4e-8dc9-529341ae7879" 204 - "HEAD http://172.18.0.2:8080/v1/AUTH_f458f38cec3a490abb06bb131bd8a9ef/gnocchi.2775fa0e-9a2b-4a4e-8dc9-529341ae7879?format=json&states=listing" "tx4abe04974ee54f83ac28b-006977ba4e" "proxy-server 20" 0.0021 "-" 22 0
Jan 26 19:02:38 standalone proxy-server[129985]: - - 26/Jan/2026/19/02/38 HEAD /v1/AUTH_f458f38cec3a490abb06bb131bd8a9ef/gnocchi.2775fa0e-9a2b-4a4e-8dc9-529341ae7879%3Fformat%3Djson%26states%3Dlisting HTTP/1.0 204 - Swift - - - - tx4abe04974ee54f83ac28b-006977ba4e - 0.0068 RL - 1769454158.432543278 1769454158.439302921 0
Jan 26 19:02:38 standalone container-server[127794]: 172.20.0.100 - - [26/Jan/2026:19:02:38 +0000] "GET /d1/687/AUTH_f458f38cec3a490abb06bb131bd8a9ef/gnocchi.2775fa0e-9a2b-4a4e-8dc9-529341ae7879" 200 2 "GET http://172.18.0.2:8080/v1/AUTH_f458f38cec3a490abb06bb131bd8a9ef/gnocchi.2775fa0e-9a2b-4a4e-8dc9-529341ae7879?format=json&states=listing" "tx4abe04974ee54f83ac28b-006977ba4e" "proxy-server 20" 0.0032 "-" 21 0
Jan 26 19:02:38 standalone proxy-server[129985]: 172.18.0.2 172.18.0.100 26/Jan/2026/19/02/38 GET /v1/AUTH_f458f38cec3a490abb06bb131bd8a9ef/gnocchi.2775fa0e-9a2b-4a4e-8dc9-529341ae7879%3Fformat%3Djson%26states%3Dlisting HTTP/1.0 200 - python-swiftclient-3.11.1 gAAAAABpd7mmKgIl... - 2 - tx4abe04974ee54f83ac28b-006977ba4e - 0.0194 - - 1769454158.430782318 1769454158.450173616 0
Jan 26 19:02:38 standalone object-server[127928]: 172.20.0.100 - - [26/Jan/2026:19:02:38 +0000] "GET /d1/944/AUTH_f458f38cec3a490abb06bb131bd8a9ef/gnocchi.2775fa0e-9a2b-4a4e-8dc9-529341ae7879/1769040000.0_mean_300.0_v3" 404 70 "GET http://172.18.0.2:8080/v1/AUTH_f458f38cec3a490abb06bb131bd8a9ef/gnocchi.2775fa0e-9a2b-4a4e-8dc9-529341ae7879/1769040000.0_mean_300.0_v3" "txe5dc07fc118442408f002-006977ba4e" "proxy-server 20" 0.0006 "-" 22 0
Jan 26 19:02:38 standalone proxy-server[129985]: 172.18.0.2 172.18.0.100 26/Jan/2026/19/02/38 GET /v1/AUTH_f458f38cec3a490abb06bb131bd8a9ef/gnocchi.2775fa0e-9a2b-4a4e-8dc9-529341ae7879/1769040000.0_mean_300.0_v3 HTTP/1.0 404 - python-swiftclient-3.11.1 gAAAAABpd7mmKgIl... - 70 - txe5dc07fc118442408f002-006977ba4e - 0.0079 - - 1769454158.454446077 1769454158.462392807 0
Jan 26 19:02:38 standalone container-server[127794]: 172.20.0.100 - - [26/Jan/2026:19:02:38 +0000] "PUT /d1/687/AUTH_f458f38cec3a490abb06bb131bd8a9ef/gnocchi.2775fa0e-9a2b-4a4e-8dc9-529341ae7879/1769040000.0_mean_300.0_v3" 201 - "PUT http://172.18.0.2:8080/d1/944/AUTH_f458f38cec3a490abb06bb131bd8a9ef/gnocchi.2775fa0e-9a2b-4a4e-8dc9-529341ae7879/1769040000.0_mean_300.0_v3" "txb7f98e63339a494fb7d66-006977ba4e" "object-server 23" 0.0008 "-" 21 0
Jan 26 19:02:38 standalone object-server[127932]: 172.20.0.100 - - [26/Jan/2026:19:02:38 +0000] "PUT /d1/944/AUTH_f458f38cec3a490abb06bb131bd8a9ef/gnocchi.2775fa0e-9a2b-4a4e-8dc9-529341ae7879/1769040000.0_mean_300.0_v3" 201 - "PUT http://172.18.0.2:8080/v1/AUTH_f458f38cec3a490abb06bb131bd8a9ef/gnocchi.2775fa0e-9a2b-4a4e-8dc9-529341ae7879/1769040000.0_mean_300.0_v3" "txb7f98e63339a494fb7d66-006977ba4e" "proxy-server 20" 0.0159 "-" 23 0
Jan 26 19:02:38 standalone proxy-server[129985]: 172.18.0.2 172.18.0.100 26/Jan/2026/19/02/38 PUT /v1/AUTH_f458f38cec3a490abb06bb131bd8a9ef/gnocchi.2775fa0e-9a2b-4a4e-8dc9-529341ae7879/1769040000.0_mean_300.0_v3 HTTP/1.0 201 - python-swiftclient-3.11.1 gAAAAABpd7mmKgIl... 16 - - txb7f98e63339a494fb7d66-006977ba4e - 0.0238 - - 1769454158.466648817 1769454158.490442038 0
Jan 26 19:02:38 standalone container-server[127802]: 172.20.0.100 - - [26/Jan/2026:19:02:38 +0000] "PUT /d1/687/AUTH_f458f38cec3a490abb06bb131bd8a9ef/gnocchi.2775fa0e-9a2b-4a4e-8dc9-529341ae7879/none_v3" 201 - "PUT http://172.18.0.2:8080/d1/236/AUTH_f458f38cec3a490abb06bb131bd8a9ef/gnocchi.2775fa0e-9a2b-4a4e-8dc9-529341ae7879/none_v3" "tx1b4d08c3e5e849958e468-006977ba4e" "object-server 23" 0.0008 "-" 22 0
Jan 26 19:02:38 standalone object-server[127932]: 172.20.0.100 - - [26/Jan/2026:19:02:38 +0000] "PUT /d1/236/AUTH_f458f38cec3a490abb06bb131bd8a9ef/gnocchi.2775fa0e-9a2b-4a4e-8dc9-529341ae7879/none_v3" 201 - "PUT http://172.18.0.2:8080/v1/AUTH_f458f38cec3a490abb06bb131bd8a9ef/gnocchi.2775fa0e-9a2b-4a4e-8dc9-529341ae7879/none_v3" "tx1b4d08c3e5e849958e468-006977ba4e" "proxy-server 20" 0.0121 "-" 23 0
Jan 26 19:02:38 standalone proxy-server[129985]: 172.18.0.2 172.18.0.100 26/Jan/2026/19/02/38 PUT /v1/AUTH_f458f38cec3a490abb06bb131bd8a9ef/gnocchi.2775fa0e-9a2b-4a4e-8dc9-529341ae7879/none_v3 HTTP/1.0 201 - python-swiftclient-3.11.1 gAAAAABpd7mmKgIl... 22 - - tx1b4d08c3e5e849958e468-006977ba4e - 0.0200 - - 1769454158.494234085 1769454158.514262199 0
Jan 26 19:02:38 standalone container-server[127794]: 172.20.0.100 - - [26/Jan/2026:19:02:38 +0000] "HEAD /d1/669/AUTH_f458f38cec3a490abb06bb131bd8a9ef/gnocchi.13c19db3-0e37-4be1-a31b-95dc497955fd" 404 - "HEAD http://172.18.0.2:8080/v1/AUTH_f458f38cec3a490abb06bb131bd8a9ef/gnocchi.13c19db3-0e37-4be1-a31b-95dc497955fd?format=json&states=listing" "tx44f6e63568484f8cb8e4f-006977ba4e" "proxy-server 20" 0.0005 "-" 21 0
Jan 26 19:02:38 standalone object-server[127938]: 172.20.0.100 - - [26/Jan/2026:19:02:38 +0000] "GET /d1/473/AUTH_f458f38cec3a490abb06bb131bd8a9ef/gnocchi.13c19db3-0e37-4be1-a31b-95dc497955fd/none_v3" 404 70 "GET http://172.18.0.2:8080/v1/AUTH_f458f38cec3a490abb06bb131bd8a9ef/gnocchi.13c19db3-0e37-4be1-a31b-95dc497955fd/none_v3" "tx44f6e63568484f8cb8e4f-006977ba4e" "proxy-server 20" 0.0005 "-" 24 0
Jan 26 19:02:38 standalone proxy-server[129985]: 172.18.0.2 172.18.0.100 26/Jan/2026/19/02/38 GET /v1/AUTH_f458f38cec3a490abb06bb131bd8a9ef/gnocchi.13c19db3-0e37-4be1-a31b-95dc497955fd/none_v3 HTTP/1.0 404 - python-swiftclient-3.11.1 gAAAAABpd7mmKgIl... - 70 - tx44f6e63568484f8cb8e4f-006977ba4e - 0.0125 - - 1769454158.530977488 1769454158.543453932 0
Jan 26 19:02:38 standalone account-server[127677]: 172.20.0.100 - - [26/Jan/2026:19:02:38 +0000] "PUT /d1/322/AUTH_f458f38cec3a490abb06bb131bd8a9ef/gnocchi.13c19db3-0e37-4be1-a31b-95dc497955fd" 201 - "PUT http://172.20.0.100:6001/d1/669/AUTH_f458f38cec3a490abb06bb131bd8a9ef/gnocchi.13c19db3-0e37-4be1-a31b-95dc497955fd" "tx4d7069b167574fc4ba460-006977ba4e" "container-server 22" 0.0055 "-" 19 0
Jan 26 19:02:38 standalone container-server[127802]: 172.20.0.100 - - [26/Jan/2026:19:02:38 +0000] "PUT /d1/669/AUTH_f458f38cec3a490abb06bb131bd8a9ef/gnocchi.13c19db3-0e37-4be1-a31b-95dc497955fd" 201 - "PUT http://172.18.0.2:8080/v1/AUTH_f458f38cec3a490abb06bb131bd8a9ef/gnocchi.13c19db3-0e37-4be1-a31b-95dc497955fd" "tx4d7069b167574fc4ba460-006977ba4e" "proxy-server 20" 0.0207 "-" 22 0
Jan 26 19:02:38 standalone proxy-server[129985]: 172.18.0.2 172.18.0.100 26/Jan/2026/19/02/38 PUT /v1/AUTH_f458f38cec3a490abb06bb131bd8a9ef/gnocchi.13c19db3-0e37-4be1-a31b-95dc497955fd HTTP/1.0 201 - python-swiftclient-3.11.1 gAAAAABpd7mmKgIl... - - - tx4d7069b167574fc4ba460-006977ba4e - 0.0280 - - 1769454158.547694445 1769454158.575676203 0
Jan 26 19:02:38 standalone container-server[127802]: 172.20.0.100 - - [26/Jan/2026:19:02:38 +0000] "HEAD /d1/669/AUTH_f458f38cec3a490abb06bb131bd8a9ef/gnocchi.13c19db3-0e37-4be1-a31b-95dc497955fd" 204 - "HEAD http://172.18.0.2:8080/v1/AUTH_f458f38cec3a490abb06bb131bd8a9ef/gnocchi.13c19db3-0e37-4be1-a31b-95dc497955fd?format=json&states=listing" "tx019b3d694aec49c98573f-006977ba4e" "proxy-server 20" 0.0021 "-" 22 0
Jan 26 19:02:38 standalone proxy-server[129985]: - - 26/Jan/2026/19/02/38 HEAD /v1/AUTH_f458f38cec3a490abb06bb131bd8a9ef/gnocchi.13c19db3-0e37-4be1-a31b-95dc497955fd%3Fformat%3Djson%26states%3Dlisting HTTP/1.0 204 - Swift - - - - tx019b3d694aec49c98573f-006977ba4e - 0.0066 RL - 1769454158.581915855 1769454158.588492870 0
Jan 26 19:02:38 standalone container-server[127792]: 172.20.0.100 - - [26/Jan/2026:19:02:38 +0000] "GET /d1/669/AUTH_f458f38cec3a490abb06bb131bd8a9ef/gnocchi.13c19db3-0e37-4be1-a31b-95dc497955fd" 200 2 "GET http://172.18.0.2:8080/v1/AUTH_f458f38cec3a490abb06bb131bd8a9ef/gnocchi.13c19db3-0e37-4be1-a31b-95dc497955fd?format=json&states=listing" "tx019b3d694aec49c98573f-006977ba4e" "proxy-server 20" 0.0036 "-" 20 0
Jan 26 19:02:38 standalone proxy-server[129985]: 172.18.0.2 172.18.0.100 26/Jan/2026/19/02/38 GET /v1/AUTH_f458f38cec3a490abb06bb131bd8a9ef/gnocchi.13c19db3-0e37-4be1-a31b-95dc497955fd%3Fformat%3Djson%26states%3Dlisting HTTP/1.0 200 - python-swiftclient-3.11.1 gAAAAABpd7mmKgIl... - 2 - tx019b3d694aec49c98573f-006977ba4e - 0.0209 - - 1769454158.580076456 1769454158.601026058 0
Jan 26 19:02:38 standalone object-server[127932]: 172.20.0.100 - - [26/Jan/2026:19:02:38 +0000] "GET /d1/433/AUTH_f458f38cec3a490abb06bb131bd8a9ef/gnocchi.13c19db3-0e37-4be1-a31b-95dc497955fd/1769040000.0_mean_300.0_v3" 404 70 "GET http://172.18.0.2:8080/v1/AUTH_f458f38cec3a490abb06bb131bd8a9ef/gnocchi.13c19db3-0e37-4be1-a31b-95dc497955fd/1769040000.0_mean_300.0_v3" "txfa452ee0ea7f4e6fbf001-006977ba4e" "proxy-server 20" 0.0005 "-" 23 0
Jan 26 19:02:38 standalone proxy-server[129985]: 172.18.0.2 172.18.0.100 26/Jan/2026/19/02/38 GET /v1/AUTH_f458f38cec3a490abb06bb131bd8a9ef/gnocchi.13c19db3-0e37-4be1-a31b-95dc497955fd/1769040000.0_mean_300.0_v3 HTTP/1.0 404 - python-swiftclient-3.11.1 gAAAAABpd7mmKgIl... - 70 - txfa452ee0ea7f4e6fbf001-006977ba4e - 0.0081 - - 1769454158.605663776 1769454158.613769054 0
Jan 26 19:02:38 standalone container-server[127792]: 172.20.0.100 - - [26/Jan/2026:19:02:38 +0000] "PUT /d1/669/AUTH_f458f38cec3a490abb06bb131bd8a9ef/gnocchi.13c19db3-0e37-4be1-a31b-95dc497955fd/1769040000.0_mean_300.0_v3" 201 - "PUT http://172.18.0.2:8080/d1/433/AUTH_f458f38cec3a490abb06bb131bd8a9ef/gnocchi.13c19db3-0e37-4be1-a31b-95dc497955fd/1769040000.0_mean_300.0_v3" "tx814424f71b79434dae131-006977ba4e" "object-server 25" 0.0009 "-" 20 0
Jan 26 19:02:38 standalone object-server[127947]: 172.20.0.100 - - [26/Jan/2026:19:02:38 +0000] "PUT /d1/433/AUTH_f458f38cec3a490abb06bb131bd8a9ef/gnocchi.13c19db3-0e37-4be1-a31b-95dc497955fd/1769040000.0_mean_300.0_v3" 201 - "PUT http://172.18.0.2:8080/v1/AUTH_f458f38cec3a490abb06bb131bd8a9ef/gnocchi.13c19db3-0e37-4be1-a31b-95dc497955fd/1769040000.0_mean_300.0_v3" "tx814424f71b79434dae131-006977ba4e" "proxy-server 20" 0.0122 "-" 25 0
Jan 26 19:02:38 standalone proxy-server[129985]: 172.18.0.2 172.18.0.100 26/Jan/2026/19/02/38 PUT /v1/AUTH_f458f38cec3a490abb06bb131bd8a9ef/gnocchi.13c19db3-0e37-4be1-a31b-95dc497955fd/1769040000.0_mean_300.0_v3 HTTP/1.0 201 - python-swiftclient-3.11.1 gAAAAABpd7mmKgIl... 16 - - tx814424f71b79434dae131-006977ba4e - 0.0202 - - 1769454158.617944479 1769454158.638109446 0
Jan 26 19:02:38 standalone container-server[127792]: 172.20.0.100 - - [26/Jan/2026:19:02:38 +0000] "PUT /d1/669/AUTH_f458f38cec3a490abb06bb131bd8a9ef/gnocchi.13c19db3-0e37-4be1-a31b-95dc497955fd/none_v3" 201 - "PUT http://172.18.0.2:8080/d1/473/AUTH_f458f38cec3a490abb06bb131bd8a9ef/gnocchi.13c19db3-0e37-4be1-a31b-95dc497955fd/none_v3" "tx334b7f43bef542e3a5247-006977ba4e" "object-server 24" 0.0006 "-" 20 0
Jan 26 19:02:38 standalone object-server[127938]: 172.20.0.100 - - [26/Jan/2026:19:02:38 +0000] "PUT /d1/473/AUTH_f458f38cec3a490abb06bb131bd8a9ef/gnocchi.13c19db3-0e37-4be1-a31b-95dc497955fd/none_v3" 201 - "PUT http://172.18.0.2:8080/v1/AUTH_f458f38cec3a490abb06bb131bd8a9ef/gnocchi.13c19db3-0e37-4be1-a31b-95dc497955fd/none_v3" "tx334b7f43bef542e3a5247-006977ba4e" "proxy-server 20" 0.0102 "-" 24 0
Jan 26 19:02:38 standalone proxy-server[129985]: 172.18.0.2 172.18.0.100 26/Jan/2026/19/02/38 PUT /v1/AUTH_f458f38cec3a490abb06bb131bd8a9ef/gnocchi.13c19db3-0e37-4be1-a31b-95dc497955fd/none_v3 HTTP/1.0 201 - python-swiftclient-3.11.1 gAAAAABpd7mmKgIl... 22 - - tx334b7f43bef542e3a5247-006977ba4e - 0.0183 - - 1769454158.641766548 1769454158.660114288 0
Jan 26 19:02:38 standalone container-server[127808]: 172.20.0.100 - - [26/Jan/2026:19:02:38 +0000] "HEAD /d1/215/AUTH_f458f38cec3a490abb06bb131bd8a9ef/gnocchi.73ed88fa-eb18-4081-94f3-c2e6eaebb97f" 404 - "HEAD http://172.18.0.2:8080/v1/AUTH_f458f38cec3a490abb06bb131bd8a9ef/gnocchi.73ed88fa-eb18-4081-94f3-c2e6eaebb97f?format=json&states=listing" "tx3b3f2c0db2a24de7b9882-006977ba4e" "proxy-server 20" 0.0006 "-" 23 0
Jan 26 19:02:38 standalone object-server[127932]: 172.20.0.100 - - [26/Jan/2026:19:02:38 +0000] "GET /d1/571/AUTH_f458f38cec3a490abb06bb131bd8a9ef/gnocchi.73ed88fa-eb18-4081-94f3-c2e6eaebb97f/none_v3" 404 70 "GET http://172.18.0.2:8080/v1/AUTH_f458f38cec3a490abb06bb131bd8a9ef/gnocchi.73ed88fa-eb18-4081-94f3-c2e6eaebb97f/none_v3" "tx3b3f2c0db2a24de7b9882-006977ba4e" "proxy-server 20" 0.0006 "-" 23 0
Jan 26 19:02:38 standalone proxy-server[129985]: 172.18.0.2 172.18.0.100 26/Jan/2026/19/02/38 GET /v1/AUTH_f458f38cec3a490abb06bb131bd8a9ef/gnocchi.73ed88fa-eb18-4081-94f3-c2e6eaebb97f/none_v3 HTTP/1.0 404 - python-swiftclient-3.11.1 gAAAAABpd7mmKgIl... - 70 - tx3b3f2c0db2a24de7b9882-006977ba4e - 0.0156 - - 1769454158.680253029 1769454158.695885420 0
Jan 26 19:02:38 standalone account-server[127691]: 172.20.0.100 - - [26/Jan/2026:19:02:38 +0000] "PUT /d1/322/AUTH_f458f38cec3a490abb06bb131bd8a9ef/gnocchi.73ed88fa-eb18-4081-94f3-c2e6eaebb97f" 201 - "PUT http://172.20.0.100:6001/d1/215/AUTH_f458f38cec3a490abb06bb131bd8a9ef/gnocchi.73ed88fa-eb18-4081-94f3-c2e6eaebb97f" "tx9e1d3c78308348438ee48-006977ba4e" "container-server 23" 0.0061 "-" 20 0
Jan 26 19:02:38 standalone container-server[127808]: 172.20.0.100 - - [26/Jan/2026:19:02:38 +0000] "PUT /d1/215/AUTH_f458f38cec3a490abb06bb131bd8a9ef/gnocchi.73ed88fa-eb18-4081-94f3-c2e6eaebb97f" 201 - "PUT http://172.18.0.2:8080/v1/AUTH_f458f38cec3a490abb06bb131bd8a9ef/gnocchi.73ed88fa-eb18-4081-94f3-c2e6eaebb97f" "tx9e1d3c78308348438ee48-006977ba4e" "proxy-server 20" 0.0203 "-" 23 0
Jan 26 19:02:38 standalone proxy-server[129985]: 172.18.0.2 172.18.0.100 26/Jan/2026/19/02/38 PUT /v1/AUTH_f458f38cec3a490abb06bb131bd8a9ef/gnocchi.73ed88fa-eb18-4081-94f3-c2e6eaebb97f HTTP/1.0 201 - python-swiftclient-3.11.1 gAAAAABpd7mmKgIl... - - - tx9e1d3c78308348438ee48-006977ba4e - 0.0270 - - 1769454158.700716972 1769454158.727731705 0
Jan 26 19:02:38 standalone container-server[127802]: 172.20.0.100 - - [26/Jan/2026:19:02:38 +0000] "HEAD /d1/215/AUTH_f458f38cec3a490abb06bb131bd8a9ef/gnocchi.73ed88fa-eb18-4081-94f3-c2e6eaebb97f" 204 - "HEAD http://172.18.0.2:8080/v1/AUTH_f458f38cec3a490abb06bb131bd8a9ef/gnocchi.73ed88fa-eb18-4081-94f3-c2e6eaebb97f?format=json&states=listing" "txa6a0c88b5c3b44daa0bcd-006977ba4e" "proxy-server 20" 0.0024 "-" 22 0
Jan 26 19:02:38 standalone proxy-server[129985]: - - 26/Jan/2026/19/02/38 HEAD /v1/AUTH_f458f38cec3a490abb06bb131bd8a9ef/gnocchi.73ed88fa-eb18-4081-94f3-c2e6eaebb97f%3Fformat%3Djson%26states%3Dlisting HTTP/1.0 204 - Swift - - - - txa6a0c88b5c3b44daa0bcd-006977ba4e - 0.0075 RL - 1769454158.734586477 1769454158.742076874 0
Jan 26 19:02:38 standalone container-server[127792]: 172.20.0.100 - - [26/Jan/2026:19:02:38 +0000] "GET /d1/215/AUTH_f458f38cec3a490abb06bb131bd8a9ef/gnocchi.73ed88fa-eb18-4081-94f3-c2e6eaebb97f" 200 2 "GET http://172.18.0.2:8080/v1/AUTH_f458f38cec3a490abb06bb131bd8a9ef/gnocchi.73ed88fa-eb18-4081-94f3-c2e6eaebb97f?format=json&states=listing" "txa6a0c88b5c3b44daa0bcd-006977ba4e" "proxy-server 20" 0.0034 "-" 20 0
Jan 26 19:02:38 standalone proxy-server[129985]: 172.18.0.2 172.18.0.100 26/Jan/2026/19/02/38 GET /v1/AUTH_f458f38cec3a490abb06bb131bd8a9ef/gnocchi.73ed88fa-eb18-4081-94f3-c2e6eaebb97f%3Fformat%3Djson%26states%3Dlisting HTTP/1.0 200 - python-swiftclient-3.11.1 gAAAAABpd7mmKgIl... - 2 - txa6a0c88b5c3b44daa0bcd-006977ba4e - 0.0216 - - 1769454158.733091831 1769454158.754666328 0
Jan 26 19:02:38 standalone object-server[127938]: 172.20.0.100 - - [26/Jan/2026:19:02:38 +0000] "GET /d1/282/AUTH_f458f38cec3a490abb06bb131bd8a9ef/gnocchi.73ed88fa-eb18-4081-94f3-c2e6eaebb97f/1769040000.0_mean_300.0_v3" 404 70 "GET http://172.18.0.2:8080/v1/AUTH_f458f38cec3a490abb06bb131bd8a9ef/gnocchi.73ed88fa-eb18-4081-94f3-c2e6eaebb97f/1769040000.0_mean_300.0_v3" "tx90594fe3b84b41ea93b60-006977ba4e" "proxy-server 20" 0.0004 "-" 24 0
Jan 26 19:02:38 standalone proxy-server[129985]: 172.18.0.2 172.18.0.100 26/Jan/2026/19/02/38 GET /v1/AUTH_f458f38cec3a490abb06bb131bd8a9ef/gnocchi.73ed88fa-eb18-4081-94f3-c2e6eaebb97f/1769040000.0_mean_300.0_v3 HTTP/1.0 404 - python-swiftclient-3.11.1 gAAAAABpd7mmKgIl... - 70 - tx90594fe3b84b41ea93b60-006977ba4e - 0.0096 - - 1769454158.759450436 1769454158.769058228 0
Jan 26 19:02:38 standalone container-server[127794]: 172.20.0.100 - - [26/Jan/2026:19:02:38 +0000] "PUT /d1/215/AUTH_f458f38cec3a490abb06bb131bd8a9ef/gnocchi.73ed88fa-eb18-4081-94f3-c2e6eaebb97f/1769040000.0_mean_300.0_v3" 201 - "PUT http://172.18.0.2:8080/d1/282/AUTH_f458f38cec3a490abb06bb131bd8a9ef/gnocchi.73ed88fa-eb18-4081-94f3-c2e6eaebb97f/1769040000.0_mean_300.0_v3" "txc82ed9de190d490eacbe9-006977ba4e" "object-server 22" 0.0009 "-" 21 0
