Jan 26 19:00:59 standalone container-server[127794]: 172.20.0.100 - - [26/Jan/2026:19:00:59 +0000] "PUT /d1/216/AUTH_f458f38cec3a490abb06bb131bd8a9ef/gnocchi.79035955-0f4c-485f-8f59-4dc4379e2f03/1769040000.0_mean_300.0_v3" 201 - "PUT http://172.18.0.2:8080/d1/227/AUTH_f458f38cec3a490abb06bb131bd8a9ef/gnocchi.79035955-0f4c-485f-8f59-4dc4379e2f03/1769040000.0_mean_300.0_v3" "txc8e0b340b0e64c77a4739-006977b9eb" "object-server 24" 0.0007 "-" 21 0
Jan 26 19:00:59 standalone object-server[127938]: 172.20.0.100 - - [26/Jan/2026:19:00:59 +0000] "PUT /d1/227/AUTH_f458f38cec3a490abb06bb131bd8a9ef/gnocchi.79035955-0f4c-485f-8f59-4dc4379e2f03/1769040000.0_mean_300.0_v3" 201 - "PUT http://172.18.0.2:8080/v1/AUTH_f458f38cec3a490abb06bb131bd8a9ef/gnocchi.79035955-0f4c-485f-8f59-4dc4379e2f03/1769040000.0_mean_300.0_v3" "txc8e0b340b0e64c77a4739-006977b9eb" "proxy-server 20" 0.0084 "-" 24 0
Jan 26 19:00:59 standalone proxy-server[129985]: 172.18.0.2 172.18.0.100 26/Jan/2026/19/00/59 PUT /v1/AUTH_f458f38cec3a490abb06bb131bd8a9ef/gnocchi.79035955-0f4c-485f-8f59-4dc4379e2f03/1769040000.0_mean_300.0_v3 HTTP/1.0 201 - python-swiftclient-3.11.1 gAAAAABpd7mmKgIl... 16 - - txc8e0b340b0e64c77a4739-006977b9eb - 0.0414 - - 1769454059.795944691 1769454059.837333441 0
Jan 26 19:00:59 standalone container-server[127808]: 172.20.0.100 - - [26/Jan/2026:19:00:59 +0000] "PUT /d1/216/AUTH_f458f38cec3a490abb06bb131bd8a9ef/gnocchi.79035955-0f4c-485f-8f59-4dc4379e2f03/none_v3" 201 - "PUT http://172.18.0.2:8080/d1/300/AUTH_f458f38cec3a490abb06bb131bd8a9ef/gnocchi.79035955-0f4c-485f-8f59-4dc4379e2f03/none_v3" "txd157c42e528f46dba2559-006977b9eb" "object-server 22" 0.0007 "-" 23 0
Jan 26 19:00:59 standalone object-server[127928]: 172.20.0.100 - - [26/Jan/2026:19:00:59 +0000] "PUT /d1/300/AUTH_f458f38cec3a490abb06bb131bd8a9ef/gnocchi.79035955-0f4c-485f-8f59-4dc4379e2f03/none_v3" 201 - "PUT http://172.18.0.2:8080/v1/AUTH_f458f38cec3a490abb06bb131bd8a9ef/gnocchi.79035955-0f4c-485f-8f59-4dc4379e2f03/none_v3" "txd157c42e528f46dba2559-006977b9eb" "proxy-server 20" 0.0105 "-" 22 0
Jan 26 19:00:59 standalone proxy-server[129985]: 172.18.0.2 172.18.0.100 26/Jan/2026/19/00/59 PUT /v1/AUTH_f458f38cec3a490abb06bb131bd8a9ef/gnocchi.79035955-0f4c-485f-8f59-4dc4379e2f03/none_v3 HTTP/1.0 201 - python-swiftclient-3.11.1 gAAAAABpd7mmKgIl... 22 - - txd157c42e528f46dba2559-006977b9eb - 0.0184 - - 1769454059.839963198 1769454059.858364820 0
Jan 26 19:00:59 standalone container-server[127792]: 172.20.0.100 - - [26/Jan/2026:19:00:59 +0000] "HEAD /d1/291/AUTH_f458f38cec3a490abb06bb131bd8a9ef/gnocchi.b64bed0b-2312-4003-8a0a-cec1100b6b67" 404 - "HEAD http://172.18.0.2:8080/v1/AUTH_f458f38cec3a490abb06bb131bd8a9ef/gnocchi.b64bed0b-2312-4003-8a0a-cec1100b6b67?format=json&states=listing" "txdd13550abaad48c38405d-006977b9eb" "proxy-server 20" 0.0005 "-" 20 0
Jan 26 19:00:59 standalone object-server[127932]: 172.20.0.100 - - [26/Jan/2026:19:00:59 +0000] "GET /d1/7/AUTH_f458f38cec3a490abb06bb131bd8a9ef/gnocchi.b64bed0b-2312-4003-8a0a-cec1100b6b67/none_v3" 404 70 "GET http://172.18.0.2:8080/v1/AUTH_f458f38cec3a490abb06bb131bd8a9ef/gnocchi.b64bed0b-2312-4003-8a0a-cec1100b6b67/none_v3" "txdd13550abaad48c38405d-006977b9eb" "proxy-server 20" 0.0003 "-" 23 0
Jan 26 19:00:59 standalone proxy-server[129985]: 172.18.0.2 172.18.0.100 26/Jan/2026/19/00/59 GET /v1/AUTH_f458f38cec3a490abb06bb131bd8a9ef/gnocchi.b64bed0b-2312-4003-8a0a-cec1100b6b67/none_v3 HTTP/1.0 404 - python-swiftclient-3.11.1 gAAAAABpd7mmKgIl... - 70 - txdd13550abaad48c38405d-006977b9eb - 0.0081 - - 1769454059.867823601 1769454059.875945330 0
Jan 26 19:00:59 standalone account-server[127703]: 172.20.0.100 - - [26/Jan/2026:19:00:59 +0000] "PUT /d1/322/AUTH_f458f38cec3a490abb06bb131bd8a9ef/gnocchi.b64bed0b-2312-4003-8a0a-cec1100b6b67" 201 - "PUT http://172.20.0.100:6001/d1/291/AUTH_f458f38cec3a490abb06bb131bd8a9ef/gnocchi.b64bed0b-2312-4003-8a0a-cec1100b6b67" "txc8f6f7387bb44f1490019-006977b9eb" "container-server 23" 0.0049 "-" 21 0
Jan 26 19:00:59 standalone container-server[127808]: 172.20.0.100 - - [26/Jan/2026:19:00:59 +0000] "PUT /d1/291/AUTH_f458f38cec3a490abb06bb131bd8a9ef/gnocchi.b64bed0b-2312-4003-8a0a-cec1100b6b67" 201 - "PUT http://172.18.0.2:8080/v1/AUTH_f458f38cec3a490abb06bb131bd8a9ef/gnocchi.b64bed0b-2312-4003-8a0a-cec1100b6b67" "txc8f6f7387bb44f1490019-006977b9eb" "proxy-server 20" 0.0141 "-" 23 0
Jan 26 19:00:59 standalone proxy-server[129985]: 172.18.0.2 172.18.0.100 26/Jan/2026/19/00/59 PUT /v1/AUTH_f458f38cec3a490abb06bb131bd8a9ef/gnocchi.b64bed0b-2312-4003-8a0a-cec1100b6b67 HTTP/1.0 201 - python-swiftclient-3.11.1 gAAAAABpd7mmKgIl... - - - txc8f6f7387bb44f1490019-006977b9eb - 0.0191 - - 1769454059.878550529 1769454059.897677898 0
Jan 26 19:00:59 standalone container-server[127794]: 172.20.0.100 - - [26/Jan/2026:19:00:59 +0000] "HEAD /d1/291/AUTH_f458f38cec3a490abb06bb131bd8a9ef/gnocchi.b64bed0b-2312-4003-8a0a-cec1100b6b67" 204 - "HEAD http://172.18.0.2:8080/v1/AUTH_f458f38cec3a490abb06bb131bd8a9ef/gnocchi.b64bed0b-2312-4003-8a0a-cec1100b6b67?format=json&states=listing" "txe359bfea291c444886dc3-006977b9eb" "proxy-server 20" 0.0014 "-" 21 0
Jan 26 19:00:59 standalone proxy-server[129985]: - - 26/Jan/2026/19/00/59 HEAD /v1/AUTH_f458f38cec3a490abb06bb131bd8a9ef/gnocchi.b64bed0b-2312-4003-8a0a-cec1100b6b67%3Fformat%3Djson%26states%3Dlisting HTTP/1.0 204 - Swift - - - - txe359bfea291c444886dc3-006977b9eb - 0.0039 RL - 1769454059.901259184 1769454059.905207634 0
Jan 26 19:00:59 standalone container-server[127794]: 172.20.0.100 - - [26/Jan/2026:19:00:59 +0000] "GET /d1/291/AUTH_f458f38cec3a490abb06bb131bd8a9ef/gnocchi.b64bed0b-2312-4003-8a0a-cec1100b6b67" 200 2 "GET http://172.18.0.2:8080/v1/AUTH_f458f38cec3a490abb06bb131bd8a9ef/gnocchi.b64bed0b-2312-4003-8a0a-cec1100b6b67?format=json&states=listing" "txe359bfea291c444886dc3-006977b9eb" "proxy-server 20" 0.0020 "-" 21 0
Jan 26 19:00:59 standalone proxy-server[129985]: 172.18.0.2 172.18.0.100 26/Jan/2026/19/00/59 GET /v1/AUTH_f458f38cec3a490abb06bb131bd8a9ef/gnocchi.b64bed0b-2312-4003-8a0a-cec1100b6b67%3Fformat%3Djson%26states%3Dlisting HTTP/1.0 200 - python-swiftclient-3.11.1 gAAAAABpd7mmKgIl... - 2 - txe359bfea291c444886dc3-006977b9eb - 0.0109 - - 1769454059.900610209 1769454059.911470890 0
Jan 26 19:00:59 standalone object-server[127928]: 172.20.0.100 - - [26/Jan/2026:19:00:59 +0000] "GET /d1/18/AUTH_f458f38cec3a490abb06bb131bd8a9ef/gnocchi.b64bed0b-2312-4003-8a0a-cec1100b6b67/1769040000.0_mean_300.0_v3" 404 70 "GET http://172.18.0.2:8080/v1/AUTH_f458f38cec3a490abb06bb131bd8a9ef/gnocchi.b64bed0b-2312-4003-8a0a-cec1100b6b67/1769040000.0_mean_300.0_v3" "tx62d86ea6136a44e1a0d9f-006977b9eb" "proxy-server 20" 0.0004 "-" 22 0
Jan 26 19:00:59 standalone proxy-server[129985]: 172.18.0.2 172.18.0.100 26/Jan/2026/19/00/59 GET /v1/AUTH_f458f38cec3a490abb06bb131bd8a9ef/gnocchi.b64bed0b-2312-4003-8a0a-cec1100b6b67/1769040000.0_mean_300.0_v3 HTTP/1.0 404 - python-swiftclient-3.11.1 gAAAAABpd7mmKgIl... - 70 - tx62d86ea6136a44e1a0d9f-006977b9eb - 0.0047 - - 1769454059.914886713 1769454059.919541359 0
Jan 26 19:00:59 standalone container-server[127794]: 172.20.0.100 - - [26/Jan/2026:19:00:59 +0000] "PUT /d1/291/AUTH_f458f38cec3a490abb06bb131bd8a9ef/gnocchi.b64bed0b-2312-4003-8a0a-cec1100b6b67/1769040000.0_mean_300.0_v3" 201 - "PUT http://172.18.0.2:8080/d1/18/AUTH_f458f38cec3a490abb06bb131bd8a9ef/gnocchi.b64bed0b-2312-4003-8a0a-cec1100b6b67/1769040000.0_mean_300.0_v3" "txb05c9d0f10694951885c1-006977b9eb" "object-server 24" 0.0007 "-" 21 0
Jan 26 19:00:59 standalone object-server[127938]: 172.20.0.100 - - [26/Jan/2026:19:00:59 +0000] "PUT /d1/18/AUTH_f458f38cec3a490abb06bb131bd8a9ef/gnocchi.b64bed0b-2312-4003-8a0a-cec1100b6b67/1769040000.0_mean_300.0_v3" 201 - "PUT http://172.18.0.2:8080/v1/AUTH_f458f38cec3a490abb06bb131bd8a9ef/gnocchi.b64bed0b-2312-4003-8a0a-cec1100b6b67/1769040000.0_mean_300.0_v3" "txb05c9d0f10694951885c1-006977b9eb" "proxy-server 20" 0.0096 "-" 24 0
Jan 26 19:00:59 standalone proxy-server[129985]: 172.18.0.2 172.18.0.100 26/Jan/2026/19/00/59 PUT /v1/AUTH_f458f38cec3a490abb06bb131bd8a9ef/gnocchi.b64bed0b-2312-4003-8a0a-cec1100b6b67/1769040000.0_mean_300.0_v3 HTTP/1.0 201 - python-swiftclient-3.11.1 gAAAAABpd7mmKgIl... 16 - - txb05c9d0f10694951885c1-006977b9eb - 0.0144 - - 1769454059.922024012 1769454059.936378717 0
Jan 26 19:00:59 standalone container-server[127792]: 172.20.0.100 - - [26/Jan/2026:19:00:59 +0000] "PUT /d1/291/AUTH_f458f38cec3a490abb06bb131bd8a9ef/gnocchi.b64bed0b-2312-4003-8a0a-cec1100b6b67/none_v3" 201 - "PUT http://172.18.0.2:8080/d1/7/AUTH_f458f38cec3a490abb06bb131bd8a9ef/gnocchi.b64bed0b-2312-4003-8a0a-cec1100b6b67/none_v3" "tx2929aee6940141449d662-006977b9eb" "object-server 23" 0.0010 "-" 20 0
Jan 26 19:00:59 standalone object-server[127932]: 172.20.0.100 - - [26/Jan/2026:19:00:59 +0000] "PUT /d1/7/AUTH_f458f38cec3a490abb06bb131bd8a9ef/gnocchi.b64bed0b-2312-4003-8a0a-cec1100b6b67/none_v3" 201 - "PUT http://172.18.0.2:8080/v1/AUTH_f458f38cec3a490abb06bb131bd8a9ef/gnocchi.b64bed0b-2312-4003-8a0a-cec1100b6b67/none_v3" "tx2929aee6940141449d662-006977b9eb" "proxy-server 20" 0.0127 "-" 23 0
Jan 26 19:00:59 standalone proxy-server[129985]: 172.18.0.2 172.18.0.100 26/Jan/2026/19/00/59 PUT /v1/AUTH_f458f38cec3a490abb06bb131bd8a9ef/gnocchi.b64bed0b-2312-4003-8a0a-cec1100b6b67/none_v3 HTTP/1.0 201 - python-swiftclient-3.11.1 gAAAAABpd7mmKgIl... 22 - - tx2929aee6940141449d662-006977b9eb - 0.0166 - - 1769454059.938929081 1769454059.955500364 0
Jan 26 19:00:59 standalone container-server[127792]: 172.20.0.100 - - [26/Jan/2026:19:00:59 +0000] "HEAD /d1/298/AUTH_f458f38cec3a490abb06bb131bd8a9ef/gnocchi.b77e5773-7e75-45ad-a610-39277c2c797a" 404 - "HEAD http://172.18.0.2:8080/v1/AUTH_f458f38cec3a490abb06bb131bd8a9ef/gnocchi.b77e5773-7e75-45ad-a610-39277c2c797a?format=json&states=listing" "txa2eb02d235c7470f9405a-006977b9eb" "proxy-server 20" 0.0008 "-" 20 0
Jan 26 19:00:59 standalone object-server[127947]: 172.20.0.100 - - [26/Jan/2026:19:00:59 +0000] "GET /d1/294/AUTH_f458f38cec3a490abb06bb131bd8a9ef/gnocchi.b77e5773-7e75-45ad-a610-39277c2c797a/none_v3" 404 70 "GET http://172.18.0.2:8080/v1/AUTH_f458f38cec3a490abb06bb131bd8a9ef/gnocchi.b77e5773-7e75-45ad-a610-39277c2c797a/none_v3" "txa2eb02d235c7470f9405a-006977b9eb" "proxy-server 20" 0.0004 "-" 25 0
Jan 26 19:00:59 standalone proxy-server[129985]: 172.18.0.2 172.18.0.100 26/Jan/2026/19/00/59 GET /v1/AUTH_f458f38cec3a490abb06bb131bd8a9ef/gnocchi.b77e5773-7e75-45ad-a610-39277c2c797a/none_v3 HTTP/1.0 404 - python-swiftclient-3.11.1 gAAAAABpd7mmKgIl... - 70 - txa2eb02d235c7470f9405a-006977b9eb - 0.0138 - - 1769454059.968065023 1769454059.981829405 0
Jan 26 19:01:00 standalone account-server[127677]: 172.20.0.100 - - [26/Jan/2026:19:01:00 +0000] "PUT /d1/322/AUTH_f458f38cec3a490abb06bb131bd8a9ef/gnocchi.b77e5773-7e75-45ad-a610-39277c2c797a" 201 - "PUT http://172.20.0.100:6001/d1/298/AUTH_f458f38cec3a490abb06bb131bd8a9ef/gnocchi.b77e5773-7e75-45ad-a610-39277c2c797a" "txdea0522914f84f71a88db-006977b9eb" "container-server 21" 0.0057 "-" 19 0
Jan 26 19:01:00 standalone container-server[127794]: 172.20.0.100 - - [26/Jan/2026:19:01:00 +0000] "PUT /d1/298/AUTH_f458f38cec3a490abb06bb131bd8a9ef/gnocchi.b77e5773-7e75-45ad-a610-39277c2c797a" 201 - "PUT http://172.18.0.2:8080/v1/AUTH_f458f38cec3a490abb06bb131bd8a9ef/gnocchi.b77e5773-7e75-45ad-a610-39277c2c797a" "txdea0522914f84f71a88db-006977b9eb" "proxy-server 20" 0.0183 "-" 21 0
Jan 26 19:01:00 standalone proxy-server[129985]: 172.18.0.2 172.18.0.100 26/Jan/2026/19/01/00 PUT /v1/AUTH_f458f38cec3a490abb06bb131bd8a9ef/gnocchi.b77e5773-7e75-45ad-a610-39277c2c797a HTTP/1.0 201 - python-swiftclient-3.11.1 gAAAAABpd7mmKgIl... - - - txdea0522914f84f71a88db-006977b9eb - 0.0233 - - 1769454059.984110832 1769454060.007440567 0
Jan 26 19:01:00 standalone container-server[127802]: 172.20.0.100 - - [26/Jan/2026:19:01:00 +0000] "HEAD /d1/298/AUTH_f458f38cec3a490abb06bb131bd8a9ef/gnocchi.b77e5773-7e75-45ad-a610-39277c2c797a" 204 - "HEAD http://172.18.0.2:8080/v1/AUTH_f458f38cec3a490abb06bb131bd8a9ef/gnocchi.b77e5773-7e75-45ad-a610-39277c2c797a?format=json&states=listing" "tx8758a697e1704c92b52f2-006977b9ec" "proxy-server 20" 0.0019 "-" 22 0
Jan 26 19:01:00 standalone proxy-server[129985]: - - 26/Jan/2026/19/01/00 HEAD /v1/AUTH_f458f38cec3a490abb06bb131bd8a9ef/gnocchi.b77e5773-7e75-45ad-a610-39277c2c797a%3Fformat%3Djson%26states%3Dlisting HTTP/1.0 204 - Swift - - - - tx8758a697e1704c92b52f2-006977b9ec - 0.0052 RL - 1769454060.014979601 1769454060.020181656 0
Jan 26 19:01:00 standalone container-server[127802]: 172.20.0.100 - - [26/Jan/2026:19:01:00 +0000] "GET /d1/298/AUTH_f458f38cec3a490abb06bb131bd8a9ef/gnocchi.b77e5773-7e75-45ad-a610-39277c2c797a" 200 2 "GET http://172.18.0.2:8080/v1/AUTH_f458f38cec3a490abb06bb131bd8a9ef/gnocchi.b77e5773-7e75-45ad-a610-39277c2c797a?format=json&states=listing" "tx8758a697e1704c92b52f2-006977b9ec" "proxy-server 20" 0.0018 "-" 22 0
Jan 26 19:01:00 standalone proxy-server[129985]: 172.18.0.2 172.18.0.100 26/Jan/2026/19/01/00 GET /v1/AUTH_f458f38cec3a490abb06bb131bd8a9ef/gnocchi.b77e5773-7e75-45ad-a610-39277c2c797a%3Fformat%3Djson%26states%3Dlisting HTTP/1.0 200 - python-swiftclient-3.11.1 gAAAAABpd7mmKgIl... - 2 - tx8758a697e1704c92b52f2-006977b9ec - 0.0440 - - 1769454060.013999701 1769454060.057968855 0
Jan 26 19:01:00 standalone object-server[127938]: 172.20.0.100 - - [26/Jan/2026:19:01:00 +0000] "GET /d1/209/AUTH_f458f38cec3a490abb06bb131bd8a9ef/gnocchi.b77e5773-7e75-45ad-a610-39277c2c797a/1769040000.0_mean_300.0_v3" 404 70 "GET http://172.18.0.2:8080/v1/AUTH_f458f38cec3a490abb06bb131bd8a9ef/gnocchi.b77e5773-7e75-45ad-a610-39277c2c797a/1769040000.0_mean_300.0_v3" "tx836ccf81a4994697ae776-006977b9ec" "proxy-server 20" 0.0003 "-" 24 0
Jan 26 19:01:00 standalone proxy-server[129985]: 172.18.0.2 172.18.0.100 26/Jan/2026/19/01/00 GET /v1/AUTH_f458f38cec3a490abb06bb131bd8a9ef/gnocchi.b77e5773-7e75-45ad-a610-39277c2c797a/1769040000.0_mean_300.0_v3 HTTP/1.0 404 - python-swiftclient-3.11.1 gAAAAABpd7mmKgIl... - 70 - tx836ccf81a4994697ae776-006977b9ec - 0.0052 - - 1769454060.061748028 1769454060.066931009 0
Jan 26 19:01:00 standalone container-server[127808]: 172.20.0.100 - - [26/Jan/2026:19:01:00 +0000] "PUT /d1/298/AUTH_f458f38cec3a490abb06bb131bd8a9ef/gnocchi.b77e5773-7e75-45ad-a610-39277c2c797a/1769040000.0_mean_300.0_v3" 201 - "PUT http://172.18.0.2:8080/d1/209/AUTH_f458f38cec3a490abb06bb131bd8a9ef/gnocchi.b77e5773-7e75-45ad-a610-39277c2c797a/1769040000.0_mean_300.0_v3" "tx436e7daec73d40918a414-006977b9ec" "object-server 25" 0.0008 "-" 23 0
Jan 26 19:01:00 standalone object-server[127947]: 172.20.0.100 - - [26/Jan/2026:19:01:00 +0000] "PUT /d1/209/AUTH_f458f38cec3a490abb06bb131bd8a9ef/gnocchi.b77e5773-7e75-45ad-a610-39277c2c797a/1769040000.0_mean_300.0_v3" 201 - "PUT http://172.18.0.2:8080/v1/AUTH_f458f38cec3a490abb06bb131bd8a9ef/gnocchi.b77e5773-7e75-45ad-a610-39277c2c797a/1769040000.0_mean_300.0_v3" "tx436e7daec73d40918a414-006977b9ec" "proxy-server 20" 0.0115 "-" 25 0
Jan 26 19:01:00 standalone proxy-server[129985]: 172.18.0.2 172.18.0.100 26/Jan/2026/19/01/00 PUT /v1/AUTH_f458f38cec3a490abb06bb131bd8a9ef/gnocchi.b77e5773-7e75-45ad-a610-39277c2c797a/1769040000.0_mean_300.0_v3 HTTP/1.0 201 - python-swiftclient-3.11.1 gAAAAABpd7mmKgIl... 16 - - tx436e7daec73d40918a414-006977b9ec - 0.0159 - - 1769454060.070127010 1769454060.086066961 0
Jan 26 19:01:00 standalone container-server[127794]: 172.20.0.100 - - [26/Jan/2026:19:01:00 +0000] "PUT /d1/298/AUTH_f458f38cec3a490abb06bb131bd8a9ef/gnocchi.b77e5773-7e75-45ad-a610-39277c2c797a/none_v3" 201 - "PUT http://172.18.0.2:8080/d1/294/AUTH_f458f38cec3a490abb06bb131bd8a9ef/gnocchi.b77e5773-7e75-45ad-a610-39277c2c797a/none_v3" "txe9134c09141c42baa641f-006977b9ec" "object-server 24" 0.0008 "-" 21 0
Jan 26 19:01:00 standalone object-server[127938]: 172.20.0.100 - - [26/Jan/2026:19:01:00 +0000] "PUT /d1/294/AUTH_f458f38cec3a490abb06bb131bd8a9ef/gnocchi.b77e5773-7e75-45ad-a610-39277c2c797a/none_v3" 201 - "PUT http://172.18.0.2:8080/v1/AUTH_f458f38cec3a490abb06bb131bd8a9ef/gnocchi.b77e5773-7e75-45ad-a610-39277c2c797a/none_v3" "txe9134c09141c42baa641f-006977b9ec" "proxy-server 20" 0.0116 "-" 24 0
Jan 26 19:01:00 standalone proxy-server[129985]: 172.18.0.2 172.18.0.100 26/Jan/2026/19/01/00 PUT /v1/AUTH_f458f38cec3a490abb06bb131bd8a9ef/gnocchi.b77e5773-7e75-45ad-a610-39277c2c797a/none_v3 HTTP/1.0 201 - python-swiftclient-3.11.1 gAAAAABpd7mmKgIl... 22 - - txe9134c09141c42baa641f-006977b9ec - 0.0168 - - 1769454060.089014053 1769454060.105827093 0
Jan 26 19:01:00 standalone container-server[127792]: 172.20.0.100 - - [26/Jan/2026:19:01:00 +0000] "HEAD /d1/285/AUTH_f458f38cec3a490abb06bb131bd8a9ef/gnocchi.5113e577-614d-4a18-a8e9-a25db0d2aebe" 404 - "HEAD http://172.18.0.2:8080/v1/AUTH_f458f38cec3a490abb06bb131bd8a9ef/gnocchi.5113e577-614d-4a18-a8e9-a25db0d2aebe?format=json&states=listing" "txe5b41af9bdfb42b88daad-006977b9ec" "proxy-server 20" 0.0005 "-" 20 0
Jan 26 19:01:00 standalone object-server[127928]: 172.20.0.100 - - [26/Jan/2026:19:01:00 +0000] "GET /d1/371/AUTH_f458f38cec3a490abb06bb131bd8a9ef/gnocchi.5113e577-614d-4a18-a8e9-a25db0d2aebe/none_v3" 404 70 "GET http://172.18.0.2:8080/v1/AUTH_f458f38cec3a490abb06bb131bd8a9ef/gnocchi.5113e577-614d-4a18-a8e9-a25db0d2aebe/none_v3" "txe5b41af9bdfb42b88daad-006977b9ec" "proxy-server 20" 0.0006 "-" 22 0
Jan 26 19:01:00 standalone proxy-server[129985]: 172.18.0.2 172.18.0.100 26/Jan/2026/19/01/00 GET /v1/AUTH_f458f38cec3a490abb06bb131bd8a9ef/gnocchi.5113e577-614d-4a18-a8e9-a25db0d2aebe/none_v3 HTTP/1.0 404 - python-swiftclient-3.11.1 gAAAAABpd7mmKgIl... - 70 - txe5b41af9bdfb42b88daad-006977b9ec - 0.0128 - - 1769454060.115421295 1769454060.128259897 0
Jan 26 19:01:00 standalone account-server[127691]: 172.20.0.100 - - [26/Jan/2026:19:01:00 +0000] "PUT /d1/322/AUTH_f458f38cec3a490abb06bb131bd8a9ef/gnocchi.5113e577-614d-4a18-a8e9-a25db0d2aebe" 201 - "PUT http://172.20.0.100:6001/d1/285/AUTH_f458f38cec3a490abb06bb131bd8a9ef/gnocchi.5113e577-614d-4a18-a8e9-a25db0d2aebe" "tx0c6bf83f38fd4bdea309a-006977b9ec" "container-server 22" 0.0060 "-" 20 0
Jan 26 19:01:00 standalone container-server[127802]: 172.20.0.100 - - [26/Jan/2026:19:01:00 +0000] "PUT /d1/285/AUTH_f458f38cec3a490abb06bb131bd8a9ef/gnocchi.5113e577-614d-4a18-a8e9-a25db0d2aebe" 201 - "PUT http://172.18.0.2:8080/v1/AUTH_f458f38cec3a490abb06bb131bd8a9ef/gnocchi.5113e577-614d-4a18-a8e9-a25db0d2aebe" "tx0c6bf83f38fd4bdea309a-006977b9ec" "proxy-server 20" 0.0178 "-" 22 0
Jan 26 19:01:00 standalone proxy-server[129985]: 172.18.0.2 172.18.0.100 26/Jan/2026/19/01/00 PUT /v1/AUTH_f458f38cec3a490abb06bb131bd8a9ef/gnocchi.5113e577-614d-4a18-a8e9-a25db0d2aebe HTTP/1.0 201 - python-swiftclient-3.11.1 gAAAAABpd7mmKgIl... - - - tx0c6bf83f38fd4bdea309a-006977b9ec - 0.0237 - - 1769454060.131278753 1769454060.154979229 0
Jan 26 19:01:00 standalone container-server[127802]: 172.20.0.100 - - [26/Jan/2026:19:01:00 +0000] "HEAD /d1/285/AUTH_f458f38cec3a490abb06bb131bd8a9ef/gnocchi.5113e577-614d-4a18-a8e9-a25db0d2aebe" 204 - "HEAD http://172.18.0.2:8080/v1/AUTH_f458f38cec3a490abb06bb131bd8a9ef/gnocchi.5113e577-614d-4a18-a8e9-a25db0d2aebe?format=json&states=listing" "tx920c093738ec44958d528-006977b9ec" "proxy-server 20" 0.0011 "-" 22 0
Jan 26 19:01:00 standalone proxy-server[129985]: - - 26/Jan/2026/19/01/00 HEAD /v1/AUTH_f458f38cec3a490abb06bb131bd8a9ef/gnocchi.5113e577-614d-4a18-a8e9-a25db0d2aebe%3Fformat%3Djson%26states%3Dlisting HTTP/1.0 204 - Swift - - - - tx920c093738ec44958d528-006977b9ec - 0.0065 RL - 1769454060.159118652 1769454060.165652752 0
Jan 26 19:01:00 standalone container-server[127792]: 172.20.0.100 - - [26/Jan/2026:19:01:00 +0000] "GET /d1/285/AUTH_f458f38cec3a490abb06bb131bd8a9ef/gnocchi.5113e577-614d-4a18-a8e9-a25db0d2aebe" 200 2 "GET http://172.18.0.2:8080/v1/AUTH_f458f38cec3a490abb06bb131bd8a9ef/gnocchi.5113e577-614d-4a18-a8e9-a25db0d2aebe?format=json&states=listing" "tx920c093738ec44958d528-006977b9ec" "proxy-server 20" 0.0030 "-" 20 0
Jan 26 19:01:00 standalone proxy-server[129985]: 172.18.0.2 172.18.0.100 26/Jan/2026/19/01/00 GET /v1/AUTH_f458f38cec3a490abb06bb131bd8a9ef/gnocchi.5113e577-614d-4a18-a8e9-a25db0d2aebe%3Fformat%3Djson%26states%3Dlisting HTTP/1.0 200 - python-swiftclient-3.11.1 gAAAAABpd7mmKgIl... - 2 - tx920c093738ec44958d528-006977b9ec - 0.0182 - - 1769454060.158144951 1769454060.176317215 0
Jan 26 19:01:00 standalone object-server[127947]: 172.20.0.100 - - [26/Jan/2026:19:01:00 +0000] "GET /d1/372/AUTH_f458f38cec3a490abb06bb131bd8a9ef/gnocchi.5113e577-614d-4a18-a8e9-a25db0d2aebe/1769040000.0_mean_300.0_v3" 404 70 "GET http://172.18.0.2:8080/v1/AUTH_f458f38cec3a490abb06bb131bd8a9ef/gnocchi.5113e577-614d-4a18-a8e9-a25db0d2aebe/1769040000.0_mean_300.0_v3" "tx1e443a4f27a7427593964-006977b9ec" "proxy-server 20" 0.0005 "-" 25 0
Jan 26 19:01:00 standalone proxy-server[129985]: 172.18.0.2 172.18.0.100 26/Jan/2026/19/01/00 GET /v1/AUTH_f458f38cec3a490abb06bb131bd8a9ef/gnocchi.5113e577-614d-4a18-a8e9-a25db0d2aebe/1769040000.0_mean_300.0_v3 HTTP/1.0 404 - python-swiftclient-3.11.1 gAAAAABpd7mmKgIl... - 70 - tx1e443a4f27a7427593964-006977b9ec - 0.0081 - - 1769454060.180733204 1769454060.188783407 0
Jan 26 19:01:00 standalone container-server[127802]: 172.20.0.100 - - [26/Jan/2026:19:01:00 +0000] "PUT /d1/285/AUTH_f458f38cec3a490abb06bb131bd8a9ef/gnocchi.5113e577-614d-4a18-a8e9-a25db0d2aebe/1769040000.0_mean_300.0_v3" 201 - "PUT http://172.18.0.2:8080/d1/372/AUTH_f458f38cec3a490abb06bb131bd8a9ef/gnocchi.5113e577-614d-4a18-a8e9-a25db0d2aebe/1769040000.0_mean_300.0_v3" "txda3a9bc10eb140c5af82f-006977b9ec" "object-server 23" 0.0007 "-" 22 0
Jan 26 19:01:00 standalone object-server[127932]: 172.20.0.100 - - [26/Jan/2026:19:01:00 +0000] "PUT /d1/372/AUTH_f458f38cec3a490abb06bb131bd8a9ef/gnocchi.5113e577-614d-4a18-a8e9-a25db0d2aebe/1769040000.0_mean_300.0_v3" 201 - "PUT http://172.18.0.2:8080/v1/AUTH_f458f38cec3a490abb06bb131bd8a9ef/gnocchi.5113e577-614d-4a18-a8e9-a25db0d2aebe/1769040000.0_mean_300.0_v3" "txda3a9bc10eb140c5af82f-006977b9ec" "proxy-server 20" 0.0109 "-" 23 0
Jan 26 19:01:00 standalone proxy-server[129985]: 172.18.0.2 172.18.0.100 26/Jan/2026/19/01/00 PUT /v1/AUTH_f458f38cec3a490abb06bb131bd8a9ef/gnocchi.5113e577-614d-4a18-a8e9-a25db0d2aebe/1769040000.0_mean_300.0_v3 HTTP/1.0 201 - python-swiftclient-3.11.1 gAAAAABpd7mmKgIl... 16 - - txda3a9bc10eb140c5af82f-006977b9ec - 0.0179 - - 1769454060.192101002 1769454060.210005045 0
Jan 26 19:01:00 standalone container-server[127792]: 172.20.0.100 - - [26/Jan/2026:19:01:00 +0000] "PUT /d1/285/AUTH_f458f38cec3a490abb06bb131bd8a9ef/gnocchi.5113e577-614d-4a18-a8e9-a25db0d2aebe/none_v3" 201 - "PUT http://172.18.0.2:8080/d1/371/AUTH_f458f38cec3a490abb06bb131bd8a9ef/gnocchi.5113e577-614d-4a18-a8e9-a25db0d2aebe/none_v3" "tx1475b6bbc23743e58f365-006977b9ec" "object-server 22" 0.0006 "-" 20 0
Jan 26 19:01:00 standalone object-server[127928]: 172.20.0.100 - - [26/Jan/2026:19:01:00 +0000] "PUT /d1/371/AUTH_f458f38cec3a490abb06bb131bd8a9ef/gnocchi.5113e577-614d-4a18-a8e9-a25db0d2aebe/none_v3" 201 - "PUT http://172.18.0.2:8080/v1/AUTH_f458f38cec3a490abb06bb131bd8a9ef/gnocchi.5113e577-614d-4a18-a8e9-a25db0d2aebe/none_v3" "tx1475b6bbc23743e58f365-006977b9ec" "proxy-server 20" 0.0123 "-" 22 0
Jan 26 19:01:00 standalone proxy-server[129985]: 172.18.0.2 172.18.0.100 26/Jan/2026/19/01/00 PUT /v1/AUTH_f458f38cec3a490abb06bb131bd8a9ef/gnocchi.5113e577-614d-4a18-a8e9-a25db0d2aebe/none_v3 HTTP/1.0 201 - python-swiftclient-3.11.1 gAAAAABpd7mmKgIl... 22 - - tx1475b6bbc23743e58f365-006977b9ec - 0.0200 - - 1769454060.213917017 1769454060.233876705 0
Jan 26 19:01:06 standalone object-server[127867]: Begin object update sweep
Jan 26 19:01:06 standalone object-server[230434]: Object update sweep starting on /srv/node/d1 (pid: 14)
Jan 26 19:01:06 standalone object-server[230434]: Object update sweep completed on /srv/node/d1 in 0.00s seconds:, 0 successes, 0 failures, 0 quarantines, 0 unlinks, 0 errors, 0 redirects (pid: 14)
Jan 26 19:01:06 standalone object-server[230434]: Object update sweep of d1 completed: 0.00s, 0 successes, 0 failures, 0 quarantines, 0 unlinks, 0 errors, 0 redirects
Jan 26 19:01:06 standalone object-server[127867]: Object update sweep completed: 0.07s
Jan 26 19:01:28 standalone container-server[127794]: 172.20.0.100 - - [26/Jan/2026:19:01:28 +0000] "HEAD /d1/265/AUTH_f458f38cec3a490abb06bb131bd8a9ef/gnocchi.027b4f55-25d5-47ce-9f36-a4b0bc8a4ba6" 404 - "HEAD http://172.18.0.2:8080/v1/AUTH_f458f38cec3a490abb06bb131bd8a9ef/gnocchi.027b4f55-25d5-47ce-9f36-a4b0bc8a4ba6?format=json&states=listing" "txbb9ae1ea5f63469594b2a-006977ba08" "proxy-server 20" 0.0006 "-" 21 0
Jan 26 19:01:28 standalone object-server[127938]: 172.20.0.100 - - [26/Jan/2026:19:01:28 +0000] "GET /d1/137/AUTH_f458f38cec3a490abb06bb131bd8a9ef/gnocchi.027b4f55-25d5-47ce-9f36-a4b0bc8a4ba6/none_v3" 404 70 "GET http://172.18.0.2:8080/v1/AUTH_f458f38cec3a490abb06bb131bd8a9ef/gnocchi.027b4f55-25d5-47ce-9f36-a4b0bc8a4ba6/none_v3" "txbb9ae1ea5f63469594b2a-006977ba08" "proxy-server 20" 0.0011 "-" 24 0
Jan 26 19:01:28 standalone proxy-server[129985]: 172.18.0.2 172.18.0.100 26/Jan/2026/19/01/28 GET /v1/AUTH_f458f38cec3a490abb06bb131bd8a9ef/gnocchi.027b4f55-25d5-47ce-9f36-a4b0bc8a4ba6/none_v3 HTTP/1.0 404 - python-swiftclient-3.11.1 gAAAAABpd7mmKgIl... - 70 - txbb9ae1ea5f63469594b2a-006977ba08 - 0.0159 - - 1769454088.729507446 1769454088.745378494 0
Jan 26 19:01:28 standalone account-server[127691]: 172.20.0.100 - - [26/Jan/2026:19:01:28 +0000] "PUT /d1/322/AUTH_f458f38cec3a490abb06bb131bd8a9ef/gnocchi.027b4f55-25d5-47ce-9f36-a4b0bc8a4ba6" 201 - "PUT http://172.20.0.100:6001/d1/265/AUTH_f458f38cec3a490abb06bb131bd8a9ef/gnocchi.027b4f55-25d5-47ce-9f36-a4b0bc8a4ba6" "txeaad0a487e3044299142b-006977ba08" "container-server 21" 0.0049 "-" 20 0
Jan 26 19:01:28 standalone container-server[127794]: 172.20.0.100 - - [26/Jan/2026:19:01:28 +0000] "PUT /d1/265/AUTH_f458f38cec3a490abb06bb131bd8a9ef/gnocchi.027b4f55-25d5-47ce-9f36-a4b0bc8a4ba6" 201 - "PUT http://172.18.0.2:8080/v1/AUTH_f458f38cec3a490abb06bb131bd8a9ef/gnocchi.027b4f55-25d5-47ce-9f36-a4b0bc8a4ba6" "txeaad0a487e3044299142b-006977ba08" "proxy-server 20" 0.0185 "-" 21 0
Jan 26 19:01:28 standalone proxy-server[129985]: 172.18.0.2 172.18.0.100 26/Jan/2026/19/01/28 PUT /v1/AUTH_f458f38cec3a490abb06bb131bd8a9ef/gnocchi.027b4f55-25d5-47ce-9f36-a4b0bc8a4ba6 HTTP/1.0 201 - python-swiftclient-3.11.1 gAAAAABpd7mmKgIl... - - - txeaad0a487e3044299142b-006977ba08 - 0.0236 - - 1769454088.750540733 1769454088.774150133 0
Jan 26 19:01:28 standalone container-server[127794]: 172.20.0.100 - - [26/Jan/2026:19:01:28 +0000] "HEAD /d1/265/AUTH_f458f38cec3a490abb06bb131bd8a9ef/gnocchi.027b4f55-25d5-47ce-9f36-a4b0bc8a4ba6" 204 - "HEAD http://172.18.0.2:8080/v1/AUTH_f458f38cec3a490abb06bb131bd8a9ef/gnocchi.027b4f55-25d5-47ce-9f36-a4b0bc8a4ba6?format=json&states=listing" "txdf384300e88a4ffeb0e2d-006977ba08" "proxy-server 20" 0.0014 "-" 21 0
Jan 26 19:01:28 standalone proxy-server[129985]: - - 26/Jan/2026/19/01/28 HEAD /v1/AUTH_f458f38cec3a490abb06bb131bd8a9ef/gnocchi.027b4f55-25d5-47ce-9f36-a4b0bc8a4ba6%3Fformat%3Djson%26states%3Dlisting HTTP/1.0 204 - Swift - - - - txdf384300e88a4ffeb0e2d-006977ba08 - 0.0045 RL - 1769454088.778697968 1769454088.783226967 0
Jan 26 19:01:28 standalone container-server[127794]: 172.20.0.100 - - [26/Jan/2026:19:01:28 +0000] "GET /d1/265/AUTH_f458f38cec3a490abb06bb131bd8a9ef/gnocchi.027b4f55-25d5-47ce-9f36-a4b0bc8a4ba6" 200 2 "GET http://172.18.0.2:8080/v1/AUTH_f458f38cec3a490abb06bb131bd8a9ef/gnocchi.027b4f55-25d5-47ce-9f36-a4b0bc8a4ba6?format=json&states=listing" "txdf384300e88a4ffeb0e2d-006977ba08" "proxy-server 20" 0.0019 "-" 21 0
Jan 26 19:01:28 standalone proxy-server[129985]: 172.18.0.2 172.18.0.100 26/Jan/2026/19/01/28 GET /v1/AUTH_f458f38cec3a490abb06bb131bd8a9ef/gnocchi.027b4f55-25d5-47ce-9f36-a4b0bc8a4ba6%3Fformat%3Djson%26states%3Dlisting HTTP/1.0 200 - python-swiftclient-3.11.1 gAAAAABpd7mmKgIl... - 2 - txdf384300e88a4ffeb0e2d-006977ba08 - 0.0132 - - 1769454088.777021885 1769454088.790241241 0
Jan 26 19:01:28 standalone object-server[127932]: 172.20.0.100 - - [26/Jan/2026:19:01:28 +0000] "GET /d1/9/AUTH_f458f38cec3a490abb06bb131bd8a9ef/gnocchi.027b4f55-25d5-47ce-9f36-a4b0bc8a4ba6/1769040000.0_mean_300.0_v3" 404 70 "GET http://172.18.0.2:8080/v1/AUTH_f458f38cec3a490abb06bb131bd8a9ef/gnocchi.027b4f55-25d5-47ce-9f36-a4b0bc8a4ba6/1769040000.0_mean_300.0_v3" "txd33c1fa07f0e42b5be683-006977ba08" "proxy-server 20" 0.0006 "-" 23 0
Jan 26 19:01:28 standalone proxy-server[129985]: 172.18.0.2 172.18.0.100 26/Jan/2026/19/01/28 GET /v1/AUTH_f458f38cec3a490abb06bb131bd8a9ef/gnocchi.027b4f55-25d5-47ce-9f36-a4b0bc8a4ba6/1769040000.0_mean_300.0_v3 HTTP/1.0 404 - python-swiftclient-3.11.1 gAAAAABpd7mmKgIl... - 70 - txd33c1fa07f0e42b5be683-006977ba08 - 0.0063 - - 1769454088.800304174 1769454088.806561232 0
Jan 26 19:01:28 standalone container-server[127792]: 172.20.0.100 - - [26/Jan/2026:19:01:28 +0000] "PUT /d1/265/AUTH_f458f38cec3a490abb06bb131bd8a9ef/gnocchi.027b4f55-25d5-47ce-9f36-a4b0bc8a4ba6/1769040000.0_mean_300.0_v3" 201 - "PUT http://172.18.0.2:8080/d1/9/AUTH_f458f38cec3a490abb06bb131bd8a9ef/gnocchi.027b4f55-25d5-47ce-9f36-a4b0bc8a4ba6/1769040000.0_mean_300.0_v3" "tx9397036f609448f391b85-006977ba08" "object-server 25" 0.0006 "-" 20 0
Jan 26 19:01:28 standalone object-server[127947]: 172.20.0.100 - - [26/Jan/2026:19:01:28 +0000] "PUT /d1/9/AUTH_f458f38cec3a490abb06bb131bd8a9ef/gnocchi.027b4f55-25d5-47ce-9f36-a4b0bc8a4ba6/1769040000.0_mean_300.0_v3" 201 - "PUT http://172.18.0.2:8080/v1/AUTH_f458f38cec3a490abb06bb131bd8a9ef/gnocchi.027b4f55-25d5-47ce-9f36-a4b0bc8a4ba6/1769040000.0_mean_300.0_v3" "tx9397036f609448f391b85-006977ba08" "proxy-server 20" 0.0109 "-" 25 0
Jan 26 19:01:28 standalone proxy-server[129985]: 172.18.0.2 172.18.0.100 26/Jan/2026/19/01/28 PUT /v1/AUTH_f458f38cec3a490abb06bb131bd8a9ef/gnocchi.027b4f55-25d5-47ce-9f36-a4b0bc8a4ba6/1769040000.0_mean_300.0_v3 HTTP/1.0 201 - python-swiftclient-3.11.1 gAAAAABpd7mmKgIl... 16 - - tx9397036f609448f391b85-006977ba08 - 0.0157 - - 1769454088.809493065 1769454088.825212955 0
Jan 26 19:01:28 standalone container-server[127808]: 172.20.0.100 - - [26/Jan/2026:19:01:28 +0000] "PUT /d1/265/AUTH_f458f38cec3a490abb06bb131bd8a9ef/gnocchi.027b4f55-25d5-47ce-9f36-a4b0bc8a4ba6/none_v3" 201 - "PUT http://172.18.0.2:8080/d1/137/AUTH_f458f38cec3a490abb06bb131bd8a9ef/gnocchi.027b4f55-25d5-47ce-9f36-a4b0bc8a4ba6/none_v3" "txc4c6895b1b8b4dfba8e82-006977ba08" "object-server 25" 0.0006 "-" 23 0
Jan 26 19:01:28 standalone object-server[127947]: 172.20.0.100 - - [26/Jan/2026:19:01:28 +0000] "PUT /d1/137/AUTH_f458f38cec3a490abb06bb131bd8a9ef/gnocchi.027b4f55-25d5-47ce-9f36-a4b0bc8a4ba6/none_v3" 201 - "PUT http://172.18.0.2:8080/v1/AUTH_f458f38cec3a490abb06bb131bd8a9ef/gnocchi.027b4f55-25d5-47ce-9f36-a4b0bc8a4ba6/none_v3" "txc4c6895b1b8b4dfba8e82-006977ba08" "proxy-server 20" 0.0125 "-" 25 0
Jan 26 19:01:28 standalone proxy-server[129985]: 172.18.0.2 172.18.0.100 26/Jan/2026/19/01/28 PUT /v1/AUTH_f458f38cec3a490abb06bb131bd8a9ef/gnocchi.027b4f55-25d5-47ce-9f36-a4b0bc8a4ba6/none_v3 HTTP/1.0 201 - python-swiftclient-3.11.1 gAAAAABpd7mmKgIl... 22 - - txc4c6895b1b8b4dfba8e82-006977ba08 - 0.0176 - - 1769454088.827917099 1769454088.845493793 0
Jan 26 19:01:28 standalone object-server[127947]: 172.20.0.100 - - [26/Jan/2026:19:01:28 +0000] "GET /d1/1020/AUTH_f458f38cec3a490abb06bb131bd8a9ef/gnocchi.248c0c93-415f-4fb2-a5bf-9e6c0277e0aa/none_v3" 200 22 "GET http://172.18.0.2:8080/v1/AUTH_f458f38cec3a490abb06bb131bd8a9ef/gnocchi.248c0c93-415f-4fb2-a5bf-9e6c0277e0aa/none_v3" "txe49b622c77ad419a83ff4-006977ba08" "proxy-server 20" 0.0008 "-" 25 0
Jan 26 19:01:28 standalone proxy-server[129985]: 172.18.0.2 172.18.0.100 26/Jan/2026/19/01/28 GET /v1/AUTH_f458f38cec3a490abb06bb131bd8a9ef/gnocchi.248c0c93-415f-4fb2-a5bf-9e6c0277e0aa/none_v3 HTTP/1.0 200 - python-swiftclient-3.11.1 gAAAAABpd7mmKgIl... - 22 - txe49b622c77ad419a83ff4-006977ba08 - 0.0132 - - 1769454088.974905014 1769454088.988102198 0
Jan 26 19:01:29 standalone container-server[127792]: 172.20.0.100 - - [26/Jan/2026:19:01:29 +0000] "GET /d1/381/AUTH_f458f38cec3a490abb06bb131bd8a9ef/gnocchi.248c0c93-415f-4fb2-a5bf-9e6c0277e0aa" 200 357 "GET http://172.18.0.2:8080/v1/AUTH_f458f38cec3a490abb06bb131bd8a9ef/gnocchi.248c0c93-415f-4fb2-a5bf-9e6c0277e0aa?format=json&states=listing" "txbad1b4dd5bc347709719f-006977ba08" "proxy-server 20" 0.0179 "-" 20 0
Jan 26 19:01:29 standalone proxy-server[129985]: 172.18.0.2 172.18.0.100 26/Jan/2026/19/01/29 GET /v1/AUTH_f458f38cec3a490abb06bb131bd8a9ef/gnocchi.248c0c93-415f-4fb2-a5bf-9e6c0277e0aa%3Fformat%3Djson%26states%3Dlisting HTTP/1.0 200 - python-swiftclient-3.11.1 gAAAAABpd7mmKgIl... - 357 - txbad1b4dd5bc347709719f-006977ba08 - 0.0262 - - 1769454088.990884066 1769454089.017096758 0
Jan 26 19:01:29 standalone container-server[127794]: 172.20.0.100 - - [26/Jan/2026:19:01:29 +0000] "GET /d1/381/AUTH_f458f38cec3a490abb06bb131bd8a9ef/gnocchi.248c0c93-415f-4fb2-a5bf-9e6c0277e0aa" 200 2 "GET http://172.18.0.2:8080/v1/AUTH_f458f38cec3a490abb06bb131bd8a9ef/gnocchi.248c0c93-415f-4fb2-a5bf-9e6c0277e0aa?format=json&marker=none_v3&states=listing" "txf67ef4255fa04d94a26e9-006977ba09" "proxy-server 20" 0.0027 "-" 21 0
Jan 26 19:01:29 standalone proxy-server[129985]: 172.18.0.2 172.18.0.100 26/Jan/2026/19/01/29 GET /v1/AUTH_f458f38cec3a490abb06bb131bd8a9ef/gnocchi.248c0c93-415f-4fb2-a5bf-9e6c0277e0aa%3Fformat%3Djson%26marker%3Dnone_v3%26states%3Dlisting HTTP/1.0 200 - python-swiftclient-3.11.1 gAAAAABpd7mmKgIl... - 2 - txf67ef4255fa04d94a26e9-006977ba09 - 0.0229 - - 1769454089.019290924 1769454089.042161942 0
Jan 26 19:01:29 standalone object-server[127947]: 172.20.0.100 - - [26/Jan/2026:19:01:29 +0000] "GET /d1/297/AUTH_f458f38cec3a490abb06bb131bd8a9ef/gnocchi.248c0c93-415f-4fb2-a5bf-9e6c0277e0aa/1769040000.0_mean_300.0_v3" 200 16 "GET http://172.18.0.2:8080/v1/AUTH_f458f38cec3a490abb06bb131bd8a9ef/gnocchi.248c0c93-415f-4fb2-a5bf-9e6c0277e0aa/1769040000.0_mean_300.0_v3" "tx1dbae0f9b45c4236bd092-006977ba09" "proxy-server 20" 0.0006 "-" 25 0
Jan 26 19:01:29 standalone proxy-server[129985]: 172.18.0.2 172.18.0.100 26/Jan/2026/19/01/29 GET /v1/AUTH_f458f38cec3a490abb06bb131bd8a9ef/gnocchi.248c0c93-415f-4fb2-a5bf-9e6c0277e0aa/1769040000.0_mean_300.0_v3 HTTP/1.0 200 - python-swiftclient-3.11.1 gAAAAABpd7mmKgIl... - 16 - tx1dbae0f9b45c4236bd092-006977ba09 - 0.0108 - - 1769454089.050015926 1769454089.060786247 0
Jan 26 19:01:29 standalone container-server[127794]: 172.20.0.100 - - [26/Jan/2026:19:01:29 +0000] "PUT /d1/381/AUTH_f458f38cec3a490abb06bb131bd8a9ef/gnocchi.248c0c93-415f-4fb2-a5bf-9e6c0277e0aa/1769040000.0_mean_300.0_v3" 201 - "PUT http://172.18.0.2:8080/d1/297/AUTH_f458f38cec3a490abb06bb131bd8a9ef/gnocchi.248c0c93-415f-4fb2-a5bf-9e6c0277e0aa/1769040000.0_mean_300.0_v3" "txca4fa73bfed848cabc2fa-006977ba09" "object-server 24" 0.0006 "-" 21 0
Jan 26 19:01:29 standalone object-server[127938]: 172.20.0.100 - - [26/Jan/2026:19:01:29 +0000] "PUT /d1/297/AUTH_f458f38cec3a490abb06bb131bd8a9ef/gnocchi.248c0c93-415f-4fb2-a5bf-9e6c0277e0aa/1769040000.0_mean_300.0_v3" 201 - "PUT http://172.18.0.2:8080/v1/AUTH_f458f38cec3a490abb06bb131bd8a9ef/gnocchi.248c0c93-415f-4fb2-a5bf-9e6c0277e0aa/1769040000.0_mean_300.0_v3" "txca4fa73bfed848cabc2fa-006977ba09" "proxy-server 20" 0.0097 "-" 24 0
Jan 26 19:01:29 standalone proxy-server[129985]: 172.18.0.2 172.18.0.100 26/Jan/2026/19/01/29 PUT /v1/AUTH_f458f38cec3a490abb06bb131bd8a9ef/gnocchi.248c0c93-415f-4fb2-a5bf-9e6c0277e0aa/1769040000.0_mean_300.0_v3 HTTP/1.0 201 - python-swiftclient-3.11.1 gAAAAABpd7mmKgIl... 16 - - txca4fa73bfed848cabc2fa-006977ba09 - 0.0193 - - 1769454089.065037012 1769454089.084336996 0
Jan 26 19:01:29 standalone container-server[127808]: 172.20.0.100 - - [26/Jan/2026:19:01:29 +0000] "PUT /d1/381/AUTH_f458f38cec3a490abb06bb131bd8a9ef/gnocchi.248c0c93-415f-4fb2-a5bf-9e6c0277e0aa/none_v3" 201 - "PUT http://172.18.0.2:8080/d1/1020/AUTH_f458f38cec3a490abb06bb131bd8a9ef/gnocchi.248c0c93-415f-4fb2-a5bf-9e6c0277e0aa/none_v3" "txba20a11e3c4c46bbafbb7-006977ba09" "object-server 23" 0.0006 "-" 23 0
Jan 26 19:01:29 standalone object-server[127932]: 172.20.0.100 - - [26/Jan/2026:19:01:29 +0000] "PUT /d1/1020/AUTH_f458f38cec3a490abb06bb131bd8a9ef/gnocchi.248c0c93-415f-4fb2-a5bf-9e6c0277e0aa/none_v3" 201 - "PUT http://172.18.0.2:8080/v1/AUTH_f458f38cec3a490abb06bb131bd8a9ef/gnocchi.248c0c93-415f-4fb2-a5bf-9e6c0277e0aa/none_v3" "txba20a11e3c4c46bbafbb7-006977ba09" "proxy-server 20" 0.0126 "-" 23 0
Jan 26 19:01:29 standalone proxy-server[129985]: 172.18.0.2 172.18.0.100 26/Jan/2026/19/01/29 PUT /v1/AUTH_f458f38cec3a490abb06bb131bd8a9ef/gnocchi.248c0c93-415f-4fb2-a5bf-9e6c0277e0aa/none_v3 HTTP/1.0 201 - python-swiftclient-3.11.1 gAAAAABpd7mmKgIl... 33 - - txba20a11e3c4c46bbafbb7-006977ba09 - 0.0177 - - 1769454089.086857557 1769454089.104584694 0
Jan 26 19:01:29 standalone object-server[127938]: 172.20.0.100 - - [26/Jan/2026:19:01:29 +0000] "GET /d1/891/AUTH_f458f38cec3a490abb06bb131bd8a9ef/gnocchi.3ebc9ac8-b862-4673-aee4-e6423b5e7a37/none_v3" 200 22 "GET http://172.18.0.2:8080/v1/AUTH_f458f38cec3a490abb06bb131bd8a9ef/gnocchi.3ebc9ac8-b862-4673-aee4-e6423b5e7a37/none_v3" "tx10e5f892f66841ffbc255-006977ba09" "proxy-server 20" 0.0009 "-" 24 0
Jan 26 19:01:29 standalone proxy-server[129985]: 172.18.0.2 172.18.0.100 26/Jan/2026/19/01/29 GET /v1/AUTH_f458f38cec3a490abb06bb131bd8a9ef/gnocchi.3ebc9ac8-b862-4673-aee4-e6423b5e7a37/none_v3 HTTP/1.0 200 - python-swiftclient-3.11.1 gAAAAABpd7mmKgIl... - 22 - tx10e5f892f66841ffbc255-006977ba09 - 0.0108 - - 1769454089.118633986 1769454089.129450798 0
Jan 26 19:01:29 standalone container-server[127792]: 172.20.0.100 - - [26/Jan/2026:19:01:29 +0000] "GET /d1/667/AUTH_f458f38cec3a490abb06bb131bd8a9ef/gnocchi.3ebc9ac8-b862-4673-aee4-e6423b5e7a37" 200 357 "GET http://172.18.0.2:8080/v1/AUTH_f458f38cec3a490abb06bb131bd8a9ef/gnocchi.3ebc9ac8-b862-4673-aee4-e6423b5e7a37?format=json&states=listing" "tx3fc2d64361fa42a79fbeb-006977ba09" "proxy-server 20" 0.0074 "-" 20 0
Jan 26 19:01:29 standalone proxy-server[129985]: 172.18.0.2 172.18.0.100 26/Jan/2026/19/01/29 GET /v1/AUTH_f458f38cec3a490abb06bb131bd8a9ef/gnocchi.3ebc9ac8-b862-4673-aee4-e6423b5e7a37%3Fformat%3Djson%26states%3Dlisting HTTP/1.0 200 - python-swiftclient-3.11.1 gAAAAABpd7mmKgIl... - 357 - tx3fc2d64361fa42a79fbeb-006977ba09 - 0.0153 - - 1769454089.132866144 1769454089.148134470 0
Jan 26 19:01:29 standalone container-server[127792]: 172.20.0.100 - - [26/Jan/2026:19:01:29 +0000] "GET /d1/667/AUTH_f458f38cec3a490abb06bb131bd8a9ef/gnocchi.3ebc9ac8-b862-4673-aee4-e6423b5e7a37" 200 2 "GET http://172.18.0.2:8080/v1/AUTH_f458f38cec3a490abb06bb131bd8a9ef/gnocchi.3ebc9ac8-b862-4673-aee4-e6423b5e7a37?format=json&marker=none_v3&states=listing" "txdb725f6bc7904a069cb80-006977ba09" "proxy-server 20" 0.0020 "-" 20 0
Jan 26 19:01:29 standalone proxy-server[129985]: 172.18.0.2 172.18.0.100 26/Jan/2026/19/01/29 GET /v1/AUTH_f458f38cec3a490abb06bb131bd8a9ef/gnocchi.3ebc9ac8-b862-4673-aee4-e6423b5e7a37%3Fformat%3Djson%26marker%3Dnone_v3%26states%3Dlisting HTTP/1.0 200 - python-swiftclient-3.11.1 gAAAAABpd7mmKgIl... - 2 - txdb725f6bc7904a069cb80-006977ba09 - 0.0072 - - 1769454089.150369644 1769454089.157539606 0
Jan 26 19:01:29 standalone object-server[127947]: 172.20.0.100 - - [26/Jan/2026:19:01:29 +0000] "GET /d1/550/AUTH_f458f38cec3a490abb06bb131bd8a9ef/gnocchi.3ebc9ac8-b862-4673-aee4-e6423b5e7a37/1769040000.0_mean_300.0_v3" 200 16 "GET http://172.18.0.2:8080/v1/AUTH_f458f38cec3a490abb06bb131bd8a9ef/gnocchi.3ebc9ac8-b862-4673-aee4-e6423b5e7a37/1769040000.0_mean_300.0_v3" "tx513b7b1ef34c4a92995e3-006977ba09" "proxy-server 20" 0.0007 "-" 25 0
Jan 26 19:01:29 standalone proxy-server[129985]: 172.18.0.2 172.18.0.100 26/Jan/2026/19/01/29 GET /v1/AUTH_f458f38cec3a490abb06bb131bd8a9ef/gnocchi.3ebc9ac8-b862-4673-aee4-e6423b5e7a37/1769040000.0_mean_300.0_v3 HTTP/1.0 200 - python-swiftclient-3.11.1 gAAAAABpd7mmKgIl... - 16 - tx513b7b1ef34c4a92995e3-006977ba09 - 0.0075 - - 1769454089.163341284 1769454089.170885086 0
Jan 26 19:01:29 standalone container-server[127808]: 172.20.0.100 - - [26/Jan/2026:19:01:29 +0000] "PUT /d1/667/AUTH_f458f38cec3a490abb06bb131bd8a9ef/gnocchi.3ebc9ac8-b862-4673-aee4-e6423b5e7a37/1769040000.0_mean_300.0_v3" 201 - "PUT http://172.18.0.2:8080/d1/550/AUTH_f458f38cec3a490abb06bb131bd8a9ef/gnocchi.3ebc9ac8-b862-4673-aee4-e6423b5e7a37/1769040000.0_mean_300.0_v3" "tx44054395931946a889a45-006977ba09" "object-server 25" 0.0006 "-" 23 0
Jan 26 19:01:29 standalone object-server[127947]: 172.20.0.100 - - [26/Jan/2026:19:01:29 +0000] "PUT /d1/550/AUTH_f458f38cec3a490abb06bb131bd8a9ef/gnocchi.3ebc9ac8-b862-4673-aee4-e6423b5e7a37/1769040000.0_mean_300.0_v3" 201 - "PUT http://172.18.0.2:8080/v1/AUTH_f458f38cec3a490abb06bb131bd8a9ef/gnocchi.3ebc9ac8-b862-4673-aee4-e6423b5e7a37/1769040000.0_mean_300.0_v3" "tx44054395931946a889a45-006977ba09" "proxy-server 20" 0.0151 "-" 25 0
Jan 26 19:01:29 standalone proxy-server[129985]: 172.18.0.2 172.18.0.100 26/Jan/2026/19/01/29 PUT /v1/AUTH_f458f38cec3a490abb06bb131bd8a9ef/gnocchi.3ebc9ac8-b862-4673-aee4-e6423b5e7a37/1769040000.0_mean_300.0_v3 HTTP/1.0 201 - python-swiftclient-3.11.1 gAAAAABpd7mmKgIl... 16 - - tx44054395931946a889a45-006977ba09 - 0.0207 - - 1769454089.176229715 1769454089.196947813 0
Jan 26 19:01:29 standalone container-server[127802]: 172.20.0.100 - - [26/Jan/2026:19:01:29 +0000] "PUT /d1/667/AUTH_f458f38cec3a490abb06bb131bd8a9ef/gnocchi.3ebc9ac8-b862-4673-aee4-e6423b5e7a37/none_v3" 201 - "PUT http://172.18.0.2:8080/d1/891/AUTH_f458f38cec3a490abb06bb131bd8a9ef/gnocchi.3ebc9ac8-b862-4673-aee4-e6423b5e7a37/none_v3" "tx3d39eeb20ae0451bb80bf-006977ba09" "object-server 25" 0.0005 "-" 22 0
Jan 26 19:01:29 standalone object-server[127947]: 172.20.0.100 - - [26/Jan/2026:19:01:29 +0000] "PUT /d1/891/AUTH_f458f38cec3a490abb06bb131bd8a9ef/gnocchi.3ebc9ac8-b862-4673-aee4-e6423b5e7a37/none_v3" 201 - "PUT http://172.18.0.2:8080/v1/AUTH_f458f38cec3a490abb06bb131bd8a9ef/gnocchi.3ebc9ac8-b862-4673-aee4-e6423b5e7a37/none_v3" "tx3d39eeb20ae0451bb80bf-006977ba09" "proxy-server 20" 0.0102 "-" 25 0
Jan 26 19:01:29 standalone proxy-server[129985]: 172.18.0.2 172.18.0.100 26/Jan/2026/19/01/29 PUT /v1/AUTH_f458f38cec3a490abb06bb131bd8a9ef/gnocchi.3ebc9ac8-b862-4673-aee4-e6423b5e7a37/none_v3 HTTP/1.0 201 - python-swiftclient-3.11.1 gAAAAABpd7mmKgIl... 33 - - tx3d39eeb20ae0451bb80bf-006977ba09 - 0.0186 - - 1769454089.200833082 1769454089.219409466 0
Jan 26 19:01:33 standalone object-server[127928]: 172.20.0.100 - - [26/Jan/2026:19:01:33 +0000] "GET /d1/137/AUTH_f458f38cec3a490abb06bb131bd8a9ef/gnocchi.027b4f55-25d5-47ce-9f36-a4b0bc8a4ba6/none_v3" 200 22 "GET http://172.18.0.2:8080/v1/AUTH_f458f38cec3a490abb06bb131bd8a9ef/gnocchi.027b4f55-25d5-47ce-9f36-a4b0bc8a4ba6/none_v3" "tx750dd52e3c564d2ba352c-006977ba0d" "proxy-server 20" 0.0012 "-" 22 0
Jan 26 19:01:33 standalone proxy-server[129985]: 172.18.0.2 172.18.0.100 26/Jan/2026/19/01/33 GET /v1/AUTH_f458f38cec3a490abb06bb131bd8a9ef/gnocchi.027b4f55-25d5-47ce-9f36-a4b0bc8a4ba6/none_v3 HTTP/1.0 200 - python-swiftclient-3.11.1 gAAAAABpd7mmKgIl... - 22 - tx750dd52e3c564d2ba352c-006977ba0d - 0.0094 - - 1769454093.176694155 1769454093.186061382 0
Jan 26 19:01:33 standalone container-server[127794]: 172.20.0.100 - - [26/Jan/2026:19:01:33 +0000] "GET /d1/265/AUTH_f458f38cec3a490abb06bb131bd8a9ef/gnocchi.027b4f55-25d5-47ce-9f36-a4b0bc8a4ba6" 200 357 "GET http://172.18.0.2:8080/v1/AUTH_f458f38cec3a490abb06bb131bd8a9ef/gnocchi.027b4f55-25d5-47ce-9f36-a4b0bc8a4ba6?format=json&states=listing" "tx9140cde31b45449ba6c3e-006977ba0d" "proxy-server 20" 0.0128 "-" 21 0
Jan 26 19:01:33 standalone proxy-server[129985]: 172.18.0.2 172.18.0.100 26/Jan/2026/19/01/33 GET /v1/AUTH_f458f38cec3a490abb06bb131bd8a9ef/gnocchi.027b4f55-25d5-47ce-9f36-a4b0bc8a4ba6%3Fformat%3Djson%26states%3Dlisting HTTP/1.0 200 - python-swiftclient-3.11.1 gAAAAABpd7mmKgIl... - 357 - tx9140cde31b45449ba6c3e-006977ba0d - 0.0217 - - 1769454093.191247463 1769454093.212988377 0
Jan 26 19:01:33 standalone container-server[127802]: 172.20.0.100 - - [26/Jan/2026:19:01:33 +0000] "GET /d1/265/AUTH_f458f38cec3a490abb06bb131bd8a9ef/gnocchi.027b4f55-25d5-47ce-9f36-a4b0bc8a4ba6" 200 2 "GET http://172.18.0.2:8080/v1/AUTH_f458f38cec3a490abb06bb131bd8a9ef/gnocchi.027b4f55-25d5-47ce-9f36-a4b0bc8a4ba6?format=json&marker=none_v3&states=listing" "txc303630e4bc84badb6bdf-006977ba0d" "proxy-server 20" 0.0035 "-" 22 0
Jan 26 19:01:33 standalone proxy-server[129985]: 172.18.0.2 172.18.0.100 26/Jan/2026/19/01/33 GET /v1/AUTH_f458f38cec3a490abb06bb131bd8a9ef/gnocchi.027b4f55-25d5-47ce-9f36-a4b0bc8a4ba6%3Fformat%3Djson%26marker%3Dnone_v3%26states%3Dlisting HTTP/1.0 200 - python-swiftclient-3.11.1 gAAAAABpd7mmKgIl... - 2 - txc303630e4bc84badb6bdf-006977ba0d - 0.0139 - - 1769454093.216685534 1769454093.230591059 0
Jan 26 19:01:33 standalone object-server[127932]: 172.20.0.100 - - [26/Jan/2026:19:01:33 +0000] "GET /d1/9/AUTH_f458f38cec3a490abb06bb131bd8a9ef/gnocchi.027b4f55-25d5-47ce-9f36-a4b0bc8a4ba6/1769040000.0_mean_300.0_v3" 200 16 "GET http://172.18.0.2:8080/v1/AUTH_f458f38cec3a490abb06bb131bd8a9ef/gnocchi.027b4f55-25d5-47ce-9f36-a4b0bc8a4ba6/1769040000.0_mean_300.0_v3" "tx58d4b27a68694536b9e79-006977ba0d" "proxy-server 20" 0.0014 "-" 23 0
Jan 26 19:01:33 standalone proxy-server[129985]: 172.18.0.2 172.18.0.100 26/Jan/2026/19/01/33 GET /v1/AUTH_f458f38cec3a490abb06bb131bd8a9ef/gnocchi.027b4f55-25d5-47ce-9f36-a4b0bc8a4ba6/1769040000.0_mean_300.0_v3 HTTP/1.0 200 - python-swiftclient-3.11.1 gAAAAABpd7mmKgIl... - 16 - tx58d4b27a68694536b9e79-006977ba0d - 0.0124 - - 1769454093.235573530 1769454093.247929096 0
Jan 26 19:01:33 standalone container-server[127802]: 172.20.0.100 - - [26/Jan/2026:19:01:33 +0000] "PUT /d1/265/AUTH_f458f38cec3a490abb06bb131bd8a9ef/gnocchi.027b4f55-25d5-47ce-9f36-a4b0bc8a4ba6/1769040000.0_mean_300.0_v3" 201 - "PUT http://172.18.0.2:8080/d1/9/AUTH_f458f38cec3a490abb06bb131bd8a9ef/gnocchi.027b4f55-25d5-47ce-9f36-a4b0bc8a4ba6/1769040000.0_mean_300.0_v3" "txc60a74042f4a450abc3e9-006977ba0d" "object-server 24" 0.0009 "-" 22 0
Jan 26 19:01:33 standalone object-server[127938]: 172.20.0.100 - - [26/Jan/2026:19:01:33 +0000] "PUT /d1/9/AUTH_f458f38cec3a490abb06bb131bd8a9ef/gnocchi.027b4f55-25d5-47ce-9f36-a4b0bc8a4ba6/1769040000.0_mean_300.0_v3" 201 - "PUT http://172.18.0.2:8080/v1/AUTH_f458f38cec3a490abb06bb131bd8a9ef/gnocchi.027b4f55-25d5-47ce-9f36-a4b0bc8a4ba6/1769040000.0_mean_300.0_v3" "txc60a74042f4a450abc3e9-006977ba0d" "proxy-server 20" 0.0128 "-" 24 0
Jan 26 19:01:33 standalone proxy-server[129985]: 172.18.0.2 172.18.0.100 26/Jan/2026/19/01/33 PUT /v1/AUTH_f458f38cec3a490abb06bb131bd8a9ef/gnocchi.027b4f55-25d5-47ce-9f36-a4b0bc8a4ba6/1769040000.0_mean_300.0_v3 HTTP/1.0 201 - python-swiftclient-3.11.1 gAAAAABpd7mmKgIl... 16 - - txc60a74042f4a450abc3e9-006977ba0d - 0.0192 - - 1769454093.253046989 1769454093.272235632 0
Jan 26 19:01:33 standalone container-server[127792]: 172.20.0.100 - - [26/Jan/2026:19:01:33 +0000] "PUT /d1/265/AUTH_f458f38cec3a490abb06bb131bd8a9ef/gnocchi.027b4f55-25d5-47ce-9f36-a4b0bc8a4ba6/none_v3" 201 - "PUT http://172.18.0.2:8080/d1/137/AUTH_f458f38cec3a490abb06bb131bd8a9ef/gnocchi.027b4f55-25d5-47ce-9f36-a4b0bc8a4ba6/none_v3" "txd1072771d9074e8294b21-006977ba0d" "object-server 24" 0.0008 "-" 20 0
Jan 26 19:01:33 standalone object-server[127938]: 172.20.0.100 - - [26/Jan/2026:19:01:33 +0000] "PUT /d1/137/AUTH_f458f38cec3a490abb06bb131bd8a9ef/gnocchi.027b4f55-25d5-47ce-9f36-a4b0bc8a4ba6/none_v3" 201 - "PUT http://172.18.0.2:8080/v1/AUTH_f458f38cec3a490abb06bb131bd8a9ef/gnocchi.027b4f55-25d5-47ce-9f36-a4b0bc8a4ba6/none_v3" "txd1072771d9074e8294b21-006977ba0d" "proxy-server 20" 0.0106 "-" 24 0
Jan 26 19:01:33 standalone proxy-server[129985]: 172.18.0.2 172.18.0.100 26/Jan/2026/19/01/33 PUT /v1/AUTH_f458f38cec3a490abb06bb131bd8a9ef/gnocchi.027b4f55-25d5-47ce-9f36-a4b0bc8a4ba6/none_v3 HTTP/1.0 201 - python-swiftclient-3.11.1 gAAAAABpd7mmKgIl... 32 - - txd1072771d9074e8294b21-006977ba0d - 0.0158 - - 1769454093.275417566 1769454093.291249752 0
Jan 26 19:01:39 standalone container-server[127678]: Begin container update sweep
Jan 26 19:01:39 standalone account-server[127709]: 172.20.0.100 - - [26/Jan/2026:19:01:39 +0000] "PUT /d1/322/AUTH_f458f38cec3a490abb06bb131bd8a9ef/gnocchi.248c0c93-415f-4fb2-a5bf-9e6c0277e0aa" 201 - "-" "-" "container-updater 2" 0.0011 "-" 22 0
Jan 26 19:01:39 standalone account-server[127709]: 172.20.0.100 - - [26/Jan/2026:19:01:39 +0000] "PUT /d1/322/AUTH_f458f38cec3a490abb06bb131bd8a9ef/gnocchi.b77e5773-7e75-45ad-a610-39277c2c797a" 201 - "-" "-" "container-updater 2" 0.0006 "-" 22 0
Jan 26 19:01:39 standalone account-server[127677]: 172.20.0.100 - - [26/Jan/2026:19:01:39 +0000] "PUT /d1/322/AUTH_f458f38cec3a490abb06bb131bd8a9ef/gnocchi.79035955-0f4c-485f-8f59-4dc4379e2f03" 201 - "-" "-" "container-updater 2" 0.0004 "-" 19 0
Jan 26 19:01:40 standalone account-server[127709]: 172.20.0.100 - - [26/Jan/2026:19:01:40 +0000] "PUT /d1/322/AUTH_f458f38cec3a490abb06bb131bd8a9ef/gnocchi.5113e577-614d-4a18-a8e9-a25db0d2aebe" 201 - "-" "-" "container-updater 2" 0.0007 "-" 22 0
Jan 26 19:01:40 standalone account-server[127703]: 172.20.0.100 - - [26/Jan/2026:19:01:40 +0000] "PUT /d1/322/AUTH_f458f38cec3a490abb06bb131bd8a9ef/gnocchi.3ebc9ac8-b862-4673-aee4-e6423b5e7a37" 201 - "-" "-" "container-updater 2" 0.0009 "-" 21 0
Jan 26 19:01:40 standalone account-server[127703]: 172.20.0.100 - - [26/Jan/2026:19:01:40 +0000] "PUT /d1/322/AUTH_f458f38cec3a490abb06bb131bd8a9ef/gnocchi.027b4f55-25d5-47ce-9f36-a4b0bc8a4ba6" 201 - "-" "-" "container-updater 2" 0.0004 "-" 21 0
Jan 26 19:01:40 standalone account-server[127677]: 172.20.0.100 - - [26/Jan/2026:19:01:40 +0000] "PUT /d1/322/AUTH_f458f38cec3a490abb06bb131bd8a9ef/gnocchi.6c103556-017f-42da-9845-db82d982616e" 201 - "-" "-" "container-updater 2" 0.0004 "-" 19 0
