Oct 04 14:44:15 np0005470878.novalocal container-server[93384]: ::1 - - [04/Oct/2025:18:44:15 +0000] "GET /3/259507/AUTH_3c12f327ec924e3c89731d403fb9bd42/gnocchi.c76453b2-1514-4cc5-b214-a5523576dd69" 200 2 "GET https://[::1]:8080/v1/AUTH_3c12f327ec924e3c89731d403fb9bd42/gnocchi.c76453b2-1514-4cc5-b214-a5523576dd69?format=json&marker=none_v3&states=listing" "txb8a19679550d42ff835f3-0068e16aff" "proxy-server 94717" 0.0162 "-" 93384 0
Oct 04 14:44:15 np0005470878.novalocal proxy-server[94717]: ::1 ::1 04/Oct/2025/18/44/15 GET /v1/AUTH_3c12f327ec924e3c89731d403fb9bd42/gnocchi.c76453b2-1514-4cc5-b214-a5523576dd69%3Fformat%3Djson%26marker%3Dnone_v3%26states%3Dlisting HTTP/1.0 200 - python-swiftclient-4.7.0 gAAAAABo4Wq9xl3N... - 2 - txb8a19679550d42ff835f3-0068e16aff - 0.0217 - - 1759603455.077251673 1759603455.098988533 0
Oct 04 14:44:15 np0005470878.novalocal object-server[93716]: ::1 - - [04/Oct/2025:18:44:15 +0000] "GET /3/33730/AUTH_3c12f327ec924e3c89731d403fb9bd42/gnocchi.c76453b2-1514-4cc5-b214-a5523576dd69/1759320000.0_mean_300.0_v3" 200 16 "GET https://[::1]:8080/v1/AUTH_3c12f327ec924e3c89731d403fb9bd42/gnocchi.c76453b2-1514-4cc5-b214-a5523576dd69/1759320000.0_mean_300.0_v3" "txfc689cf6cceb47c992f9f-0068e16aff" "proxy-server 94717" 0.0007 "-" 93716 0
Oct 04 14:44:15 np0005470878.novalocal proxy-server[94717]: ::1 ::1 04/Oct/2025/18/44/15 GET /v1/AUTH_3c12f327ec924e3c89731d403fb9bd42/gnocchi.c76453b2-1514-4cc5-b214-a5523576dd69/1759320000.0_mean_300.0_v3 HTTP/1.0 200 - python-swiftclient-4.7.0 gAAAAABo4Wq9xl3N... - 16 - txfc689cf6cceb47c992f9f-0068e16aff - 0.0071 - - 1759603455.102229357 1759603455.109362125 0
Oct 04 14:44:15 np0005470878.novalocal container-server[93383]: ::1 - - [04/Oct/2025:18:44:15 +0000] "PUT /3/54317/AUTH_3c12f327ec924e3c89731d403fb9bd42/gnocchi.054b7898-cdb6-4197-b1a3-d7b8601d8ad8/none_v3" 201 - "PUT http://[::1]:8080/2/133436/AUTH_3c12f327ec924e3c89731d403fb9bd42/gnocchi.054b7898-cdb6-4197-b1a3-d7b8601d8ad8/none_v3" "tx7950d4b6bc9f4f44af188-0068e16aff" "object-server 93716" 0.0005 "-" 93383 0
Oct 04 14:44:15 np0005470878.novalocal object-server[93716]: ::1 - - [04/Oct/2025:18:44:15 +0000] "PUT /2/133436/AUTH_3c12f327ec924e3c89731d403fb9bd42/gnocchi.054b7898-cdb6-4197-b1a3-d7b8601d8ad8/none_v3" 201 - "PUT https://[::1]:8080/v1/AUTH_3c12f327ec924e3c89731d403fb9bd42/gnocchi.054b7898-cdb6-4197-b1a3-d7b8601d8ad8/none_v3" "tx7950d4b6bc9f4f44af188-0068e16aff" "proxy-server 94716" 0.0130 "-" 93716 0
Oct 04 14:44:15 np0005470878.novalocal container-server[93384]: ::1 - - [04/Oct/2025:18:44:15 +0000] "PUT /2/54317/AUTH_3c12f327ec924e3c89731d403fb9bd42/gnocchi.054b7898-cdb6-4197-b1a3-d7b8601d8ad8/none_v3" 201 - "PUT http://[::1]:8080/1/133436/AUTH_3c12f327ec924e3c89731d403fb9bd42/gnocchi.054b7898-cdb6-4197-b1a3-d7b8601d8ad8/none_v3" "tx7950d4b6bc9f4f44af188-0068e16aff" "object-server 93716" 0.0003 "-" 93384 0
Oct 04 14:44:15 np0005470878.novalocal object-server[93716]: ::1 - - [04/Oct/2025:18:44:15 +0000] "PUT /1/133436/AUTH_3c12f327ec924e3c89731d403fb9bd42/gnocchi.054b7898-cdb6-4197-b1a3-d7b8601d8ad8/none_v3" 201 - "PUT https://[::1]:8080/v1/AUTH_3c12f327ec924e3c89731d403fb9bd42/gnocchi.054b7898-cdb6-4197-b1a3-d7b8601d8ad8/none_v3" "tx7950d4b6bc9f4f44af188-0068e16aff" "proxy-server 94716" 0.0117 "-" 93716 0
Oct 04 14:44:15 np0005470878.novalocal container-server[93384]: ::1 - - [04/Oct/2025:18:44:15 +0000] "PUT /1/54317/AUTH_3c12f327ec924e3c89731d403fb9bd42/gnocchi.054b7898-cdb6-4197-b1a3-d7b8601d8ad8/none_v3" 201 - "PUT http://[::1]:8080/3/133436/AUTH_3c12f327ec924e3c89731d403fb9bd42/gnocchi.054b7898-cdb6-4197-b1a3-d7b8601d8ad8/none_v3" "tx7950d4b6bc9f4f44af188-0068e16aff" "object-server 93716" 0.0003 "-" 93384 0
Oct 04 14:44:15 np0005470878.novalocal object-server[93716]: ::1 - - [04/Oct/2025:18:44:15 +0000] "PUT /3/133436/AUTH_3c12f327ec924e3c89731d403fb9bd42/gnocchi.054b7898-cdb6-4197-b1a3-d7b8601d8ad8/none_v3" 201 - "PUT https://[::1]:8080/v1/AUTH_3c12f327ec924e3c89731d403fb9bd42/gnocchi.054b7898-cdb6-4197-b1a3-d7b8601d8ad8/none_v3" "tx7950d4b6bc9f4f44af188-0068e16aff" "proxy-server 94716" 0.0149 "-" 93716 0
Oct 04 14:44:15 np0005470878.novalocal proxy-server[94716]: ::1 ::1 04/Oct/2025/18/44/15 PUT /v1/AUTH_3c12f327ec924e3c89731d403fb9bd42/gnocchi.054b7898-cdb6-4197-b1a3-d7b8601d8ad8/none_v3 HTTP/1.0 201 - python-swiftclient-4.7.0 gAAAAABo4WrHdnea... 22 - - tx7950d4b6bc9f4f44af188-0068e16aff - 0.0228 - - 1759603455.095084190 1759603455.117850065 0
Oct 04 14:44:15 np0005470878.novalocal container-server[93384]: ::1 - - [04/Oct/2025:18:44:15 +0000] "PUT /1/259507/AUTH_3c12f327ec924e3c89731d403fb9bd42/gnocchi.c76453b2-1514-4cc5-b214-a5523576dd69/1759320000.0_mean_300.0_v3" 201 - "PUT http://[::1]:8080/1/33730/AUTH_3c12f327ec924e3c89731d403fb9bd42/gnocchi.c76453b2-1514-4cc5-b214-a5523576dd69/1759320000.0_mean_300.0_v3" "tx63a4d95d2d034ef3906be-0068e16aff" "object-server 93716" 0.0005 "-" 93384 0
Oct 04 14:44:15 np0005470878.novalocal container-server[93383]: ::1 - - [04/Oct/2025:18:44:15 +0000] "PUT /2/259507/AUTH_3c12f327ec924e3c89731d403fb9bd42/gnocchi.c76453b2-1514-4cc5-b214-a5523576dd69/1759320000.0_mean_300.0_v3" 201 - "PUT http://[::1]:8080/3/33730/AUTH_3c12f327ec924e3c89731d403fb9bd42/gnocchi.c76453b2-1514-4cc5-b214-a5523576dd69/1759320000.0_mean_300.0_v3" "tx63a4d95d2d034ef3906be-0068e16aff" "object-server 93716" 0.0004 "-" 93383 0
Oct 04 14:44:15 np0005470878.novalocal object-server[93716]: ::1 - - [04/Oct/2025:18:44:15 +0000] "PUT /1/33730/AUTH_3c12f327ec924e3c89731d403fb9bd42/gnocchi.c76453b2-1514-4cc5-b214-a5523576dd69/1759320000.0_mean_300.0_v3" 201 - "PUT https://[::1]:8080/v1/AUTH_3c12f327ec924e3c89731d403fb9bd42/gnocchi.c76453b2-1514-4cc5-b214-a5523576dd69/1759320000.0_mean_300.0_v3" "tx63a4d95d2d034ef3906be-0068e16aff" "proxy-server 94717" 0.0105 "-" 93716 0
Oct 04 14:44:15 np0005470878.novalocal container-server[93383]: ::1 - - [04/Oct/2025:18:44:15 +0000] "PUT /3/259507/AUTH_3c12f327ec924e3c89731d403fb9bd42/gnocchi.c76453b2-1514-4cc5-b214-a5523576dd69/1759320000.0_mean_300.0_v3" 201 - "PUT http://[::1]:8080/2/33730/AUTH_3c12f327ec924e3c89731d403fb9bd42/gnocchi.c76453b2-1514-4cc5-b214-a5523576dd69/1759320000.0_mean_300.0_v3" "tx63a4d95d2d034ef3906be-0068e16aff" "object-server 93717" 0.0003 "-" 93383 0
Oct 04 14:44:15 np0005470878.novalocal object-server[93716]: ::1 - - [04/Oct/2025:18:44:15 +0000] "PUT /3/33730/AUTH_3c12f327ec924e3c89731d403fb9bd42/gnocchi.c76453b2-1514-4cc5-b214-a5523576dd69/1759320000.0_mean_300.0_v3" 201 - "PUT https://[::1]:8080/v1/AUTH_3c12f327ec924e3c89731d403fb9bd42/gnocchi.c76453b2-1514-4cc5-b214-a5523576dd69/1759320000.0_mean_300.0_v3" "tx63a4d95d2d034ef3906be-0068e16aff" "proxy-server 94717" 0.0100 "-" 93716 0
Oct 04 14:44:15 np0005470878.novalocal object-server[93717]: ::1 - - [04/Oct/2025:18:44:15 +0000] "PUT /2/33730/AUTH_3c12f327ec924e3c89731d403fb9bd42/gnocchi.c76453b2-1514-4cc5-b214-a5523576dd69/1759320000.0_mean_300.0_v3" 201 - "PUT https://[::1]:8080/v1/AUTH_3c12f327ec924e3c89731d403fb9bd42/gnocchi.c76453b2-1514-4cc5-b214-a5523576dd69/1759320000.0_mean_300.0_v3" "tx63a4d95d2d034ef3906be-0068e16aff" "proxy-server 94717" 0.0134 "-" 93717 0
Oct 04 14:44:15 np0005470878.novalocal proxy-server[94717]: ::1 ::1 04/Oct/2025/18/44/15 PUT /v1/AUTH_3c12f327ec924e3c89731d403fb9bd42/gnocchi.c76453b2-1514-4cc5-b214-a5523576dd69/1759320000.0_mean_300.0_v3 HTTP/1.0 201 - python-swiftclient-4.7.0 gAAAAABo4Wq9xl3N... 16 - - tx63a4d95d2d034ef3906be-0068e16aff - 0.0226 - - 1759603455.113646746 1759603455.136199474 0
Oct 04 14:44:15 np0005470878.novalocal container-server[93383]: ::1 - - [04/Oct/2025:18:44:15 +0000] "HEAD /2/79710/AUTH_3c12f327ec924e3c89731d403fb9bd42/gnocchi.c5f4e116-4560-4862-8b7c-cc948d5b956a" 404 - "HEAD http://[::1]:8080/v1/AUTH_3c12f327ec924e3c89731d403fb9bd42/gnocchi.c5f4e116-4560-4862-8b7c-cc948d5b956a" "tx6f8edb03657c4be3bdd57-0068e16aff" "proxy-server 94716" 0.0003 "-" 93383 0
Oct 04 14:44:15 np0005470878.novalocal container-server[93383]: ::1 - - [04/Oct/2025:18:44:15 +0000] "HEAD /1/79710/AUTH_3c12f327ec924e3c89731d403fb9bd42/gnocchi.c5f4e116-4560-4862-8b7c-cc948d5b956a" 404 - "HEAD http://[::1]:8080/v1/AUTH_3c12f327ec924e3c89731d403fb9bd42/gnocchi.c5f4e116-4560-4862-8b7c-cc948d5b956a" "tx6f8edb03657c4be3bdd57-0068e16aff" "proxy-server 94716" 0.0001 "-" 93383 0
Oct 04 14:44:15 np0005470878.novalocal container-server[93383]: ::1 - - [04/Oct/2025:18:44:15 +0000] "HEAD /3/79710/AUTH_3c12f327ec924e3c89731d403fb9bd42/gnocchi.c5f4e116-4560-4862-8b7c-cc948d5b956a" 404 - "HEAD http://[::1]:8080/v1/AUTH_3c12f327ec924e3c89731d403fb9bd42/gnocchi.c5f4e116-4560-4862-8b7c-cc948d5b956a" "tx6f8edb03657c4be3bdd57-0068e16aff" "proxy-server 94716" 0.0001 "-" 93383 0
Oct 04 14:44:15 np0005470878.novalocal proxy-server[94716]: - - 04/Oct/2025/18/44/15 HEAD /v1/AUTH_3c12f327ec924e3c89731d403fb9bd42/gnocchi.c5f4e116-4560-4862-8b7c-cc948d5b956a HTTP/1.0 404 - Swift - - - - tx6f8edb03657c4be3bdd57-0068e16aff - 0.0100 CS - 1759603455.142182589 1759603455.152151346 0
Oct 04 14:44:15 np0005470878.novalocal container-server[93384]: ::1 - - [04/Oct/2025:18:44:15 +0000] "PUT /3/259507/AUTH_3c12f327ec924e3c89731d403fb9bd42/gnocchi.c76453b2-1514-4cc5-b214-a5523576dd69/none_v3" 201 - "PUT http://[::1]:8080/1/4752/AUTH_3c12f327ec924e3c89731d403fb9bd42/gnocchi.c76453b2-1514-4cc5-b214-a5523576dd69/none_v3" "txca9e9696d17a4305aef62-0068e16aff" "object-server 93716" 0.0004 "-" 93384 0
Oct 04 14:44:15 np0005470878.novalocal object-server[93716]: ::1 - - [04/Oct/2025:18:44:15 +0000] "GET /1/197914/AUTH_3c12f327ec924e3c89731d403fb9bd42/gnocchi.c5f4e116-4560-4862-8b7c-cc948d5b956a/none_v3" 404 70 "GET https://[::1]:8080/v1/AUTH_3c12f327ec924e3c89731d403fb9bd42/gnocchi.c5f4e116-4560-4862-8b7c-cc948d5b956a/none_v3" "tx6f8edb03657c4be3bdd57-0068e16aff" "proxy-server 94716" 0.0003 "-" 93716 0
Oct 04 14:44:15 np0005470878.novalocal object-server[93716]: ::1 - - [04/Oct/2025:18:44:15 +0000] "PUT /1/4752/AUTH_3c12f327ec924e3c89731d403fb9bd42/gnocchi.c76453b2-1514-4cc5-b214-a5523576dd69/none_v3" 201 - "PUT https://[::1]:8080/v1/AUTH_3c12f327ec924e3c89731d403fb9bd42/gnocchi.c76453b2-1514-4cc5-b214-a5523576dd69/none_v3" "txca9e9696d17a4305aef62-0068e16aff" "proxy-server 94717" 0.0125 "-" 93716 0
Oct 04 14:44:15 np0005470878.novalocal container-server[93384]: ::1 - - [04/Oct/2025:18:44:15 +0000] "PUT /1/259507/AUTH_3c12f327ec924e3c89731d403fb9bd42/gnocchi.c76453b2-1514-4cc5-b214-a5523576dd69/none_v3" 201 - "PUT http://[::1]:8080/3/4752/AUTH_3c12f327ec924e3c89731d403fb9bd42/gnocchi.c76453b2-1514-4cc5-b214-a5523576dd69/none_v3" "txca9e9696d17a4305aef62-0068e16aff" "object-server 93716" 0.0003 "-" 93384 0
Oct 04 14:44:15 np0005470878.novalocal object-server[93716]: ::1 - - [04/Oct/2025:18:44:15 +0000] "PUT /3/4752/AUTH_3c12f327ec924e3c89731d403fb9bd42/gnocchi.c76453b2-1514-4cc5-b214-a5523576dd69/none_v3" 201 - "PUT https://[::1]:8080/v1/AUTH_3c12f327ec924e3c89731d403fb9bd42/gnocchi.c76453b2-1514-4cc5-b214-a5523576dd69/none_v3" "txca9e9696d17a4305aef62-0068e16aff" "proxy-server 94717" 0.0133 "-" 93716 0
Oct 04 14:44:15 np0005470878.novalocal object-server[93717]: ::1 - - [04/Oct/2025:18:44:15 +0000] "GET /2/197914/AUTH_3c12f327ec924e3c89731d403fb9bd42/gnocchi.c5f4e116-4560-4862-8b7c-cc948d5b956a/none_v3" 404 70 "GET https://[::1]:8080/v1/AUTH_3c12f327ec924e3c89731d403fb9bd42/gnocchi.c5f4e116-4560-4862-8b7c-cc948d5b956a/none_v3" "tx6f8edb03657c4be3bdd57-0068e16aff" "proxy-server 94716" 0.0005 "-" 93717 0
Oct 04 14:44:15 np0005470878.novalocal container-server[93384]: ::1 - - [04/Oct/2025:18:44:15 +0000] "PUT /2/259507/AUTH_3c12f327ec924e3c89731d403fb9bd42/gnocchi.c76453b2-1514-4cc5-b214-a5523576dd69/none_v3" 201 - "PUT http://[::1]:8080/2/4752/AUTH_3c12f327ec924e3c89731d403fb9bd42/gnocchi.c76453b2-1514-4cc5-b214-a5523576dd69/none_v3" "txca9e9696d17a4305aef62-0068e16aff" "object-server 93716" 0.0002 "-" 93384 0
Oct 04 14:44:15 np0005470878.novalocal object-server[93716]: ::1 - - [04/Oct/2025:18:44:15 +0000] "PUT /2/4752/AUTH_3c12f327ec924e3c89731d403fb9bd42/gnocchi.c76453b2-1514-4cc5-b214-a5523576dd69/none_v3" 201 - "PUT https://[::1]:8080/v1/AUTH_3c12f327ec924e3c89731d403fb9bd42/gnocchi.c76453b2-1514-4cc5-b214-a5523576dd69/none_v3" "txca9e9696d17a4305aef62-0068e16aff" "proxy-server 94717" 0.0163 "-" 93716 0
Oct 04 14:44:15 np0005470878.novalocal object-server[93716]: ::1 - - [04/Oct/2025:18:44:15 +0000] "GET /3/197914/AUTH_3c12f327ec924e3c89731d403fb9bd42/gnocchi.c5f4e116-4560-4862-8b7c-cc948d5b956a/none_v3" 404 70 "GET https://[::1]:8080/v1/AUTH_3c12f327ec924e3c89731d403fb9bd42/gnocchi.c5f4e116-4560-4862-8b7c-cc948d5b956a/none_v3" "tx6f8edb03657c4be3bdd57-0068e16aff" "proxy-server 94716" 0.0002 "-" 93716 0
Oct 04 14:44:15 np0005470878.novalocal proxy-server[94717]: ::1 ::1 04/Oct/2025/18/44/15 PUT /v1/AUTH_3c12f327ec924e3c89731d403fb9bd42/gnocchi.c76453b2-1514-4cc5-b214-a5523576dd69/none_v3 HTTP/1.0 201 - python-swiftclient-4.7.0 gAAAAABo4Wq9xl3N... 36 - - txca9e9696d17a4305aef62-0068e16aff - 0.0272 - - 1759603455.139202595 1759603455.166359663 0
Oct 04 14:44:15 np0005470878.novalocal proxy-server[94716]: ::1 ::1 04/Oct/2025/18/44/15 GET /v1/AUTH_3c12f327ec924e3c89731d403fb9bd42/gnocchi.c5f4e116-4560-4862-8b7c-cc948d5b956a/none_v3 HTTP/1.0 404 - python-swiftclient-4.7.0 gAAAAABo4WrHdnea... - 70 - tx6f8edb03657c4be3bdd57-0068e16aff - 0.0252 - - 1759603455.141560793 1759603455.166781664 0
Oct 04 14:44:15 np0005470878.novalocal container-server[93383]: ::1 - - [04/Oct/2025:18:44:15 +0000] "HEAD /1/65249/AUTH_3c12f327ec924e3c89731d403fb9bd42/gnocchi.afcc3f98-7493-4228-becd-48688b5f37eb" 404 - "HEAD http://[::1]:8080/v1/AUTH_3c12f327ec924e3c89731d403fb9bd42/gnocchi.afcc3f98-7493-4228-becd-48688b5f37eb" "txcfc22a1833524a6298deb-0068e16aff" "proxy-server 94717" 0.0002 "-" 93383 0
Oct 04 14:44:15 np0005470878.novalocal container-server[93384]: ::1 - - [04/Oct/2025:18:44:15 +0000] "HEAD /3/65249/AUTH_3c12f327ec924e3c89731d403fb9bd42/gnocchi.afcc3f98-7493-4228-becd-48688b5f37eb" 404 - "HEAD http://[::1]:8080/v1/AUTH_3c12f327ec924e3c89731d403fb9bd42/gnocchi.afcc3f98-7493-4228-becd-48688b5f37eb" "txcfc22a1833524a6298deb-0068e16aff" "proxy-server 94717" 0.0002 "-" 93384 0
Oct 04 14:44:15 np0005470878.novalocal container-server[93383]: ::1 - - [04/Oct/2025:18:44:15 +0000] "HEAD /2/65249/AUTH_3c12f327ec924e3c89731d403fb9bd42/gnocchi.afcc3f98-7493-4228-becd-48688b5f37eb" 404 - "HEAD http://[::1]:8080/v1/AUTH_3c12f327ec924e3c89731d403fb9bd42/gnocchi.afcc3f98-7493-4228-becd-48688b5f37eb" "txcfc22a1833524a6298deb-0068e16aff" "proxy-server 94717" 0.0002 "-" 93383 0
Oct 04 14:44:15 np0005470878.novalocal proxy-server[94717]: - - 04/Oct/2025/18/44/15 HEAD /v1/AUTH_3c12f327ec924e3c89731d403fb9bd42/gnocchi.afcc3f98-7493-4228-becd-48688b5f37eb HTTP/1.0 404 - Swift - - - - txcfc22a1833524a6298deb-0068e16aff - 0.0207 CS - 1759603455.175414562 1759603455.196091890 0
Oct 04 14:44:15 np0005470878.novalocal account-server[93089]: ::1 - - [04/Oct/2025:18:44:15 +0000] "PUT /3/140569/AUTH_3c12f327ec924e3c89731d403fb9bd42/gnocchi.c5f4e116-4560-4862-8b7c-cc948d5b956a" 201 - "PUT http://[::1]:6001/2/79710/AUTH_3c12f327ec924e3c89731d403fb9bd42/gnocchi.c5f4e116-4560-4862-8b7c-cc948d5b956a" "tx9bf87593081a4e63b4076-0068e16aff" "container-server 93383" 0.0103 "-" 93089 0
Oct 04 14:44:15 np0005470878.novalocal container-server[93383]: ::1 - - [04/Oct/2025:18:44:15 +0000] "PUT /2/79710/AUTH_3c12f327ec924e3c89731d403fb9bd42/gnocchi.c5f4e116-4560-4862-8b7c-cc948d5b956a" 201 - "PUT https://[::1]:8080/v1/AUTH_3c12f327ec924e3c89731d403fb9bd42/gnocchi.c5f4e116-4560-4862-8b7c-cc948d5b956a" "tx9bf87593081a4e63b4076-0068e16aff" "proxy-server 94716" 0.0245 "-" 93383 0
Oct 04 14:44:15 np0005470878.novalocal account-server[93088]: ::1 - - [04/Oct/2025:18:44:15 +0000] "PUT /1/140569/AUTH_3c12f327ec924e3c89731d403fb9bd42/gnocchi.c5f4e116-4560-4862-8b7c-cc948d5b956a" 201 - "PUT http://[::1]:6001/3/79710/AUTH_3c12f327ec924e3c89731d403fb9bd42/gnocchi.c5f4e116-4560-4862-8b7c-cc948d5b956a" "tx9bf87593081a4e63b4076-0068e16aff" "container-server 93384" 0.0109 "-" 93088 0
Oct 04 14:44:15 np0005470878.novalocal container-server[93384]: ::1 - - [04/Oct/2025:18:44:15 +0000] "PUT /3/79710/AUTH_3c12f327ec924e3c89731d403fb9bd42/gnocchi.c5f4e116-4560-4862-8b7c-cc948d5b956a" 201 - "PUT https://[::1]:8080/v1/AUTH_3c12f327ec924e3c89731d403fb9bd42/gnocchi.c5f4e116-4560-4862-8b7c-cc948d5b956a" "tx9bf87593081a4e63b4076-0068e16aff" "proxy-server 94716" 0.0198 "-" 93384 0
Oct 04 14:44:15 np0005470878.novalocal object-server[93717]: ::1 - - [04/Oct/2025:18:44:15 +0000] "GET /2/238104/AUTH_3c12f327ec924e3c89731d403fb9bd42/gnocchi.afcc3f98-7493-4228-becd-48688b5f37eb/none_v3" 404 70 "GET https://[::1]:8080/v1/AUTH_3c12f327ec924e3c89731d403fb9bd42/gnocchi.afcc3f98-7493-4228-becd-48688b5f37eb/none_v3" "txcfc22a1833524a6298deb-0068e16aff" "proxy-server 94717" 0.0003 "-" 93717 0
Oct 04 14:44:15 np0005470878.novalocal object-server[93716]: ::1 - - [04/Oct/2025:18:44:15 +0000] "GET /1/238104/AUTH_3c12f327ec924e3c89731d403fb9bd42/gnocchi.afcc3f98-7493-4228-becd-48688b5f37eb/none_v3" 404 70 "GET https://[::1]:8080/v1/AUTH_3c12f327ec924e3c89731d403fb9bd42/gnocchi.afcc3f98-7493-4228-becd-48688b5f37eb/none_v3" "txcfc22a1833524a6298deb-0068e16aff" "proxy-server 94717" 0.0004 "-" 93716 0
Oct 04 14:44:15 np0005470878.novalocal account-server[93089]: ::1 - - [04/Oct/2025:18:44:15 +0000] "PUT /2/140569/AUTH_3c12f327ec924e3c89731d403fb9bd42/gnocchi.c5f4e116-4560-4862-8b7c-cc948d5b956a" 201 - "PUT http://[::1]:6001/1/79710/AUTH_3c12f327ec924e3c89731d403fb9bd42/gnocchi.c5f4e116-4560-4862-8b7c-cc948d5b956a" "tx9bf87593081a4e63b4076-0068e16aff" "container-server 93384" 0.0088 "-" 93089 0
Oct 04 14:44:15 np0005470878.novalocal container-server[93384]: ::1 - - [04/Oct/2025:18:44:15 +0000] "PUT /1/79710/AUTH_3c12f327ec924e3c89731d403fb9bd42/gnocchi.c5f4e116-4560-4862-8b7c-cc948d5b956a" 201 - "PUT https://[::1]:8080/v1/AUTH_3c12f327ec924e3c89731d403fb9bd42/gnocchi.c5f4e116-4560-4862-8b7c-cc948d5b956a" "tx9bf87593081a4e63b4076-0068e16aff" "proxy-server 94716" 0.0352 "-" 93384 0
Oct 04 14:44:15 np0005470878.novalocal object-server[93717]: ::1 - - [04/Oct/2025:18:44:15 +0000] "GET /3/238104/AUTH_3c12f327ec924e3c89731d403fb9bd42/gnocchi.afcc3f98-7493-4228-becd-48688b5f37eb/none_v3" 404 70 "GET https://[::1]:8080/v1/AUTH_3c12f327ec924e3c89731d403fb9bd42/gnocchi.afcc3f98-7493-4228-becd-48688b5f37eb/none_v3" "txcfc22a1833524a6298deb-0068e16aff" "proxy-server 94717" 0.0002 "-" 93717 0
Oct 04 14:44:15 np0005470878.novalocal proxy-server[94716]: ::1 ::1 04/Oct/2025/18/44/15 PUT /v1/AUTH_3c12f327ec924e3c89731d403fb9bd42/gnocchi.c5f4e116-4560-4862-8b7c-cc948d5b956a HTTP/1.0 201 - python-swiftclient-4.7.0 gAAAAABo4WrHdnea... - - - tx9bf87593081a4e63b4076-0068e16aff - 0.0418 - - 1759603455.169739008 1759603455.211561680 0
Oct 04 14:44:15 np0005470878.novalocal proxy-server[94717]: ::1 ::1 04/Oct/2025/18/44/15 GET /v1/AUTH_3c12f327ec924e3c89731d403fb9bd42/gnocchi.afcc3f98-7493-4228-becd-48688b5f37eb/none_v3 HTTP/1.0 404 - python-swiftclient-4.7.0 gAAAAABo4Wq9xl3N... - 70 - txcfc22a1833524a6298deb-0068e16aff - 0.0379 - - 1759603455.174365759 1759603455.212245464 0
Oct 04 14:44:15 np0005470878.novalocal container-server[93384]: ::1 - - [04/Oct/2025:18:44:15 +0000] "HEAD /1/79710/AUTH_3c12f327ec924e3c89731d403fb9bd42/gnocchi.c5f4e116-4560-4862-8b7c-cc948d5b956a" 204 - "HEAD http://[::1]:8080/v1/AUTH_3c12f327ec924e3c89731d403fb9bd42/gnocchi.c5f4e116-4560-4862-8b7c-cc948d5b956a" "tx5080aeaa7e89406fa29c0-0068e16aff" "proxy-server 94716" 0.0009 "-" 93384 0
Oct 04 14:44:15 np0005470878.novalocal proxy-server[94716]: - - 04/Oct/2025/18/44/15 HEAD /v1/AUTH_3c12f327ec924e3c89731d403fb9bd42/gnocchi.c5f4e116-4560-4862-8b7c-cc948d5b956a HTTP/1.0 204 - Swift - - - - tx5080aeaa7e89406fa29c0-0068e16aff - 0.0036 CS - 1759603455.215002060 1759603455.218597889 0
Oct 04 14:44:15 np0005470878.novalocal container-server[93384]: ::1 - - [04/Oct/2025:18:44:15 +0000] "GET /1/79710/AUTH_3c12f327ec924e3c89731d403fb9bd42/gnocchi.c5f4e116-4560-4862-8b7c-cc948d5b956a" 200 2 "GET https://[::1]:8080/v1/AUTH_3c12f327ec924e3c89731d403fb9bd42/gnocchi.c5f4e116-4560-4862-8b7c-cc948d5b956a?format=json&states=listing" "tx5080aeaa7e89406fa29c0-0068e16aff" "proxy-server 94716" 0.0015 "-" 93384 0
Oct 04 14:44:15 np0005470878.novalocal proxy-server[94716]: ::1 ::1 04/Oct/2025/18/44/15 GET /v1/AUTH_3c12f327ec924e3c89731d403fb9bd42/gnocchi.c5f4e116-4560-4862-8b7c-cc948d5b956a%3Fformat%3Djson%26states%3Dlisting HTTP/1.0 200 - python-swiftclient-4.7.0 gAAAAABo4WrHdnea... - 2 - tx5080aeaa7e89406fa29c0-0068e16aff - 0.0111 - - 1759603455.214481115 1759603455.225556374 0
Oct 04 14:44:15 np0005470878.novalocal object-server[93716]: ::1 - - [04/Oct/2025:18:44:15 +0000] "GET /2/226046/AUTH_3c12f327ec924e3c89731d403fb9bd42/gnocchi.c5f4e116-4560-4862-8b7c-cc948d5b956a/1759320000.0_mean_300.0_v3" 404 70 "GET https://[::1]:8080/v1/AUTH_3c12f327ec924e3c89731d403fb9bd42/gnocchi.c5f4e116-4560-4862-8b7c-cc948d5b956a/1759320000.0_mean_300.0_v3" "tx090aa30176f6462fbc2a0-0068e16aff" "proxy-server 94716" 0.0004 "-" 93716 0
Oct 04 14:44:15 np0005470878.novalocal account-server[93089]: ::1 - - [04/Oct/2025:18:44:15 +0000] "PUT /3/140569/AUTH_3c12f327ec924e3c89731d403fb9bd42/gnocchi.afcc3f98-7493-4228-becd-48688b5f37eb" 201 - "PUT http://[::1]:6001/3/65249/AUTH_3c12f327ec924e3c89731d403fb9bd42/gnocchi.afcc3f98-7493-4228-becd-48688b5f37eb" "tx1a14e7626340480a809e1-0068e16aff" "container-server 93384" 0.0033 "-" 93089 0
Oct 04 14:44:15 np0005470878.novalocal object-server[93717]: ::1 - - [04/Oct/2025:18:44:15 +0000] "GET /1/226046/AUTH_3c12f327ec924e3c89731d403fb9bd42/gnocchi.c5f4e116-4560-4862-8b7c-cc948d5b956a/1759320000.0_mean_300.0_v3" 404 70 "GET https://[::1]:8080/v1/AUTH_3c12f327ec924e3c89731d403fb9bd42/gnocchi.c5f4e116-4560-4862-8b7c-cc948d5b956a/1759320000.0_mean_300.0_v3" "tx090aa30176f6462fbc2a0-0068e16aff" "proxy-server 94716" 0.0003 "-" 93717 0
Oct 04 14:44:15 np0005470878.novalocal container-server[93384]: ::1 - - [04/Oct/2025:18:44:15 +0000] "PUT /3/65249/AUTH_3c12f327ec924e3c89731d403fb9bd42/gnocchi.afcc3f98-7493-4228-becd-48688b5f37eb" 201 - "PUT https://[::1]:8080/v1/AUTH_3c12f327ec924e3c89731d403fb9bd42/gnocchi.afcc3f98-7493-4228-becd-48688b5f37eb" "tx1a14e7626340480a809e1-0068e16aff" "proxy-server 94717" 0.0103 "-" 93384 0
Oct 04 14:44:15 np0005470878.novalocal object-server[93716]: ::1 - - [04/Oct/2025:18:44:15 +0000] "GET /3/226046/AUTH_3c12f327ec924e3c89731d403fb9bd42/gnocchi.c5f4e116-4560-4862-8b7c-cc948d5b956a/1759320000.0_mean_300.0_v3" 404 70 "GET https://[::1]:8080/v1/AUTH_3c12f327ec924e3c89731d403fb9bd42/gnocchi.c5f4e116-4560-4862-8b7c-cc948d5b956a/1759320000.0_mean_300.0_v3" "tx090aa30176f6462fbc2a0-0068e16aff" "proxy-server 94716" 0.0002 "-" 93716 0
Oct 04 14:44:15 np0005470878.novalocal proxy-server[94716]: ::1 ::1 04/Oct/2025/18/44/15 GET /v1/AUTH_3c12f327ec924e3c89731d403fb9bd42/gnocchi.c5f4e116-4560-4862-8b7c-cc948d5b956a/1759320000.0_mean_300.0_v3 HTTP/1.0 404 - python-swiftclient-4.7.0 gAAAAABo4WrHdnea... - 70 - tx090aa30176f6462fbc2a0-0068e16aff - 0.0122 - - 1759603455.228475809 1759603455.240659237 0
Oct 04 14:44:15 np0005470878.novalocal account-server[93089]: ::1 - - [04/Oct/2025:18:44:15 +0000] "PUT /1/140569/AUTH_3c12f327ec924e3c89731d403fb9bd42/gnocchi.afcc3f98-7493-4228-becd-48688b5f37eb" 201 - "PUT http://[::1]:6001/2/65249/AUTH_3c12f327ec924e3c89731d403fb9bd42/gnocchi.afcc3f98-7493-4228-becd-48688b5f37eb" "tx1a14e7626340480a809e1-0068e16aff" "container-server 93383" 0.0095 "-" 93089 0
Oct 04 14:44:15 np0005470878.novalocal container-server[93383]: ::1 - - [04/Oct/2025:18:44:15 +0000] "PUT /2/65249/AUTH_3c12f327ec924e3c89731d403fb9bd42/gnocchi.afcc3f98-7493-4228-becd-48688b5f37eb" 201 - "PUT https://[::1]:8080/v1/AUTH_3c12f327ec924e3c89731d403fb9bd42/gnocchi.afcc3f98-7493-4228-becd-48688b5f37eb" "tx1a14e7626340480a809e1-0068e16aff" "proxy-server 94717" 0.0259 "-" 93383 0
Oct 04 14:44:15 np0005470878.novalocal account-server[93089]: ::1 - - [04/Oct/2025:18:44:15 +0000] "PUT /2/140569/AUTH_3c12f327ec924e3c89731d403fb9bd42/gnocchi.afcc3f98-7493-4228-becd-48688b5f37eb" 201 - "PUT http://[::1]:6001/1/65249/AUTH_3c12f327ec924e3c89731d403fb9bd42/gnocchi.afcc3f98-7493-4228-becd-48688b5f37eb" "tx1a14e7626340480a809e1-0068e16aff" "container-server 93383" 0.0043 "-" 93089 0
Oct 04 14:44:15 np0005470878.novalocal container-server[93383]: ::1 - - [04/Oct/2025:18:44:15 +0000] "PUT /1/65249/AUTH_3c12f327ec924e3c89731d403fb9bd42/gnocchi.afcc3f98-7493-4228-becd-48688b5f37eb" 201 - "PUT https://[::1]:8080/v1/AUTH_3c12f327ec924e3c89731d403fb9bd42/gnocchi.afcc3f98-7493-4228-becd-48688b5f37eb" "tx1a14e7626340480a809e1-0068e16aff" "proxy-server 94717" 0.0193 "-" 93383 0
Oct 04 14:44:15 np0005470878.novalocal container-server[93384]: ::1 - - [04/Oct/2025:18:44:15 +0000] "PUT /3/79710/AUTH_3c12f327ec924e3c89731d403fb9bd42/gnocchi.c5f4e116-4560-4862-8b7c-cc948d5b956a/1759320000.0_mean_300.0_v3" 201 - "PUT http://[::1]:8080/3/226046/AUTH_3c12f327ec924e3c89731d403fb9bd42/gnocchi.c5f4e116-4560-4862-8b7c-cc948d5b956a/1759320000.0_mean_300.0_v3" "txa26ed56a12d441c892095-0068e16aff" "object-server 93716" 0.0004 "-" 93384 0
Oct 04 14:44:15 np0005470878.novalocal proxy-server[94717]: ::1 ::1 04/Oct/2025/18/44/15 PUT /v1/AUTH_3c12f327ec924e3c89731d403fb9bd42/gnocchi.afcc3f98-7493-4228-becd-48688b5f37eb HTTP/1.0 201 - python-swiftclient-4.7.0 gAAAAABo4Wq9xl3N... - - - tx1a14e7626340480a809e1-0068e16aff - 0.0432 - - 1759603455.218310595 1759603455.261467695 0
Oct 04 14:44:15 np0005470878.novalocal object-server[93716]: ::1 - - [04/Oct/2025:18:44:15 +0000] "PUT /3/226046/AUTH_3c12f327ec924e3c89731d403fb9bd42/gnocchi.c5f4e116-4560-4862-8b7c-cc948d5b956a/1759320000.0_mean_300.0_v3" 201 - "PUT https://[::1]:8080/v1/AUTH_3c12f327ec924e3c89731d403fb9bd42/gnocchi.c5f4e116-4560-4862-8b7c-cc948d5b956a/1759320000.0_mean_300.0_v3" "txa26ed56a12d441c892095-0068e16aff" "proxy-server 94716" 0.0112 "-" 93716 0
Oct 04 14:44:15 np0005470878.novalocal container-server[93384]: ::1 - - [04/Oct/2025:18:44:15 +0000] "PUT /1/79710/AUTH_3c12f327ec924e3c89731d403fb9bd42/gnocchi.c5f4e116-4560-4862-8b7c-cc948d5b956a/1759320000.0_mean_300.0_v3" 201 - "PUT http://[::1]:8080/1/226046/AUTH_3c12f327ec924e3c89731d403fb9bd42/gnocchi.c5f4e116-4560-4862-8b7c-cc948d5b956a/1759320000.0_mean_300.0_v3" "txa26ed56a12d441c892095-0068e16aff" "object-server 93716" 0.0003 "-" 93384 0
Oct 04 14:44:15 np0005470878.novalocal object-server[93716]: ::1 - - [04/Oct/2025:18:44:15 +0000] "PUT /1/226046/AUTH_3c12f327ec924e3c89731d403fb9bd42/gnocchi.c5f4e116-4560-4862-8b7c-cc948d5b956a/1759320000.0_mean_300.0_v3" 201 - "PUT https://[::1]:8080/v1/AUTH_3c12f327ec924e3c89731d403fb9bd42/gnocchi.c5f4e116-4560-4862-8b7c-cc948d5b956a/1759320000.0_mean_300.0_v3" "txa26ed56a12d441c892095-0068e16aff" "proxy-server 94716" 0.0145 "-" 93716 0
Oct 04 14:44:15 np0005470878.novalocal container-server[93383]: ::1 - - [04/Oct/2025:18:44:15 +0000] "PUT /2/79710/AUTH_3c12f327ec924e3c89731d403fb9bd42/gnocchi.c5f4e116-4560-4862-8b7c-cc948d5b956a/1759320000.0_mean_300.0_v3" 201 - "PUT http://[::1]:8080/2/226046/AUTH_3c12f327ec924e3c89731d403fb9bd42/gnocchi.c5f4e116-4560-4862-8b7c-cc948d5b956a/1759320000.0_mean_300.0_v3" "txa26ed56a12d441c892095-0068e16aff" "object-server 93716" 0.0017 "-" 93383 0
Oct 04 14:44:15 np0005470878.novalocal object-server[93716]: ::1 - - [04/Oct/2025:18:44:15 +0000] "PUT /2/226046/AUTH_3c12f327ec924e3c89731d403fb9bd42/gnocchi.c5f4e116-4560-4862-8b7c-cc948d5b956a/1759320000.0_mean_300.0_v3" 201 - "PUT https://[::1]:8080/v1/AUTH_3c12f327ec924e3c89731d403fb9bd42/gnocchi.c5f4e116-4560-4862-8b7c-cc948d5b956a/1759320000.0_mean_300.0_v3" "txa26ed56a12d441c892095-0068e16aff" "proxy-server 94716" 0.0226 "-" 93716 0
Oct 04 14:44:15 np0005470878.novalocal proxy-server[94716]: ::1 ::1 04/Oct/2025/18/44/15 PUT /v1/AUTH_3c12f327ec924e3c89731d403fb9bd42/gnocchi.c5f4e116-4560-4862-8b7c-cc948d5b956a/1759320000.0_mean_300.0_v3 HTTP/1.0 201 - python-swiftclient-4.7.0 gAAAAABo4WrHdnea... 16 - - txa26ed56a12d441c892095-0068e16aff - 0.0287 - - 1759603455.242926598 1759603455.271666527 0
Oct 04 14:44:15 np0005470878.novalocal container-server[93383]: ::1 - - [04/Oct/2025:18:44:15 +0000] "HEAD /3/65249/AUTH_3c12f327ec924e3c89731d403fb9bd42/gnocchi.afcc3f98-7493-4228-becd-48688b5f37eb" 204 - "HEAD http://[::1]:8080/v1/AUTH_3c12f327ec924e3c89731d403fb9bd42/gnocchi.afcc3f98-7493-4228-becd-48688b5f37eb" "tx7ca3ebe899624c248187c-0068e16aff" "proxy-server 94717" 0.0022 "-" 93383 0
Oct 04 14:44:15 np0005470878.novalocal proxy-server[94717]: - - 04/Oct/2025/18/44/15 HEAD /v1/AUTH_3c12f327ec924e3c89731d403fb9bd42/gnocchi.afcc3f98-7493-4228-becd-48688b5f37eb HTTP/1.0 204 - Swift - - - - tx7ca3ebe899624c248187c-0068e16aff - 0.0092 CS - 1759603455.266893148 1759603455.276135445 0
Oct 04 14:44:15 np0005470878.novalocal container-server[93384]: ::1 - - [04/Oct/2025:18:44:15 +0000] "GET /1/65249/AUTH_3c12f327ec924e3c89731d403fb9bd42/gnocchi.afcc3f98-7493-4228-becd-48688b5f37eb" 200 2 "GET https://[::1]:8080/v1/AUTH_3c12f327ec924e3c89731d403fb9bd42/gnocchi.afcc3f98-7493-4228-becd-48688b5f37eb?format=json&states=listing" "tx7ca3ebe899624c248187c-0068e16aff" "proxy-server 94717" 0.0018 "-" 93384 0
Oct 04 14:44:15 np0005470878.novalocal proxy-server[94717]: ::1 ::1 04/Oct/2025/18/44/15 GET /v1/AUTH_3c12f327ec924e3c89731d403fb9bd42/gnocchi.afcc3f98-7493-4228-becd-48688b5f37eb%3Fformat%3Djson%26states%3Dlisting HTTP/1.0 200 - python-swiftclient-4.7.0 gAAAAABo4Wq9xl3N... - 2 - tx7ca3ebe899624c248187c-0068e16aff - 0.0226 - - 1759603455.265996695 1759603455.288598061 0
Oct 04 14:44:15 np0005470878.novalocal container-server[93384]: ::1 - - [04/Oct/2025:18:44:15 +0000] "PUT /1/79710/AUTH_3c12f327ec924e3c89731d403fb9bd42/gnocchi.c5f4e116-4560-4862-8b7c-cc948d5b956a/none_v3" 201 - "PUT http://[::1]:8080/1/197914/AUTH_3c12f327ec924e3c89731d403fb9bd42/gnocchi.c5f4e116-4560-4862-8b7c-cc948d5b956a/none_v3" "tx4774b1370ea040ac8daa4-0068e16aff" "object-server 93716" 0.0004 "-" 93384 0
Oct 04 14:44:15 np0005470878.novalocal object-server[93716]: ::1 - - [04/Oct/2025:18:44:15 +0000] "PUT /1/197914/AUTH_3c12f327ec924e3c89731d403fb9bd42/gnocchi.c5f4e116-4560-4862-8b7c-cc948d5b956a/none_v3" 201 - "PUT https://[::1]:8080/v1/AUTH_3c12f327ec924e3c89731d403fb9bd42/gnocchi.c5f4e116-4560-4862-8b7c-cc948d5b956a/none_v3" "tx4774b1370ea040ac8daa4-0068e16aff" "proxy-server 94716" 0.0147 "-" 93716 0
Oct 04 14:44:15 np0005470878.novalocal container-server[93384]: ::1 - - [04/Oct/2025:18:44:15 +0000] "PUT /2/79710/AUTH_3c12f327ec924e3c89731d403fb9bd42/gnocchi.c5f4e116-4560-4862-8b7c-cc948d5b956a/none_v3" 201 - "PUT http://[::1]:8080/3/197914/AUTH_3c12f327ec924e3c89731d403fb9bd42/gnocchi.c5f4e116-4560-4862-8b7c-cc948d5b956a/none_v3" "tx4774b1370ea040ac8daa4-0068e16aff" "object-server 93717" 0.0007 "-" 93384 0
Oct 04 14:44:15 np0005470878.novalocal object-server[93717]: ::1 - - [04/Oct/2025:18:44:15 +0000] "PUT /3/197914/AUTH_3c12f327ec924e3c89731d403fb9bd42/gnocchi.c5f4e116-4560-4862-8b7c-cc948d5b956a/none_v3" 201 - "PUT https://[::1]:8080/v1/AUTH_3c12f327ec924e3c89731d403fb9bd42/gnocchi.c5f4e116-4560-4862-8b7c-cc948d5b956a/none_v3" "tx4774b1370ea040ac8daa4-0068e16aff" "proxy-server 94716" 0.0109 "-" 93717 0
Oct 04 14:44:15 np0005470878.novalocal container-server[93383]: ::1 - - [04/Oct/2025:18:44:15 +0000] "PUT /3/79710/AUTH_3c12f327ec924e3c89731d403fb9bd42/gnocchi.c5f4e116-4560-4862-8b7c-cc948d5b956a/none_v3" 201 - "PUT http://[::1]:8080/2/197914/AUTH_3c12f327ec924e3c89731d403fb9bd42/gnocchi.c5f4e116-4560-4862-8b7c-cc948d5b956a/none_v3" "tx4774b1370ea040ac8daa4-0068e16aff" "object-server 93717" 0.0021 "-" 93383 0
Oct 04 14:44:15 np0005470878.novalocal object-server[93717]: ::1 - - [04/Oct/2025:18:44:15 +0000] "PUT /2/197914/AUTH_3c12f327ec924e3c89731d403fb9bd42/gnocchi.c5f4e116-4560-4862-8b7c-cc948d5b956a/none_v3" 201 - "PUT https://[::1]:8080/v1/AUTH_3c12f327ec924e3c89731d403fb9bd42/gnocchi.c5f4e116-4560-4862-8b7c-cc948d5b956a/none_v3" "tx4774b1370ea040ac8daa4-0068e16aff" "proxy-server 94716" 0.0197 "-" 93717 0
Oct 04 14:44:15 np0005470878.novalocal proxy-server[94716]: ::1 ::1 04/Oct/2025/18/44/15 PUT /v1/AUTH_3c12f327ec924e3c89731d403fb9bd42/gnocchi.c5f4e116-4560-4862-8b7c-cc948d5b956a/none_v3 HTTP/1.0 201 - python-swiftclient-4.7.0 gAAAAABo4WrHdnea... 22 - - tx4774b1370ea040ac8daa4-0068e16aff - 0.0274 - - 1759603455.273777246 1759603455.301194429 0
Oct 04 14:44:15 np0005470878.novalocal object-server[93716]: ::1 - - [04/Oct/2025:18:44:15 +0000] "GET /2/65198/AUTH_3c12f327ec924e3c89731d403fb9bd42/gnocchi.afcc3f98-7493-4228-becd-48688b5f37eb/1759320000.0_mean_300.0_v3" 404 70 "GET https://[::1]:8080/v1/AUTH_3c12f327ec924e3c89731d403fb9bd42/gnocchi.afcc3f98-7493-4228-becd-48688b5f37eb/1759320000.0_mean_300.0_v3" "tx512c98eaffca43edb424e-0068e16aff" "proxy-server 94717" 0.0004 "-" 93716 0
Oct 04 14:44:15 np0005470878.novalocal object-server[93716]: ::1 - - [04/Oct/2025:18:44:15 +0000] "GET /3/65198/AUTH_3c12f327ec924e3c89731d403fb9bd42/gnocchi.afcc3f98-7493-4228-becd-48688b5f37eb/1759320000.0_mean_300.0_v3" 404 70 "GET https://[::1]:8080/v1/AUTH_3c12f327ec924e3c89731d403fb9bd42/gnocchi.afcc3f98-7493-4228-becd-48688b5f37eb/1759320000.0_mean_300.0_v3" "tx512c98eaffca43edb424e-0068e16aff" "proxy-server 94717" 0.0003 "-" 93716 0
Oct 04 14:44:15 np0005470878.novalocal object-server[93717]: ::1 - - [04/Oct/2025:18:44:15 +0000] "GET /1/65198/AUTH_3c12f327ec924e3c89731d403fb9bd42/gnocchi.afcc3f98-7493-4228-becd-48688b5f37eb/1759320000.0_mean_300.0_v3" 404 70 "GET https://[::1]:8080/v1/AUTH_3c12f327ec924e3c89731d403fb9bd42/gnocchi.afcc3f98-7493-4228-becd-48688b5f37eb/1759320000.0_mean_300.0_v3" "tx512c98eaffca43edb424e-0068e16aff" "proxy-server 94717" 0.0003 "-" 93717 0
Oct 04 14:44:15 np0005470878.novalocal proxy-server[94717]: ::1 ::1 04/Oct/2025/18/44/15 GET /v1/AUTH_3c12f327ec924e3c89731d403fb9bd42/gnocchi.afcc3f98-7493-4228-becd-48688b5f37eb/1759320000.0_mean_300.0_v3 HTTP/1.0 404 - python-swiftclient-4.7.0 gAAAAABo4Wq9xl3N... - 70 - tx512c98eaffca43edb424e-0068e16aff - 0.0218 - - 1759603455.294775486 1759603455.316599607 0
Oct 04 14:44:15 np0005470878.novalocal container-server[93383]: ::1 - - [04/Oct/2025:18:44:15 +0000] "HEAD /3/122886/AUTH_3c12f327ec924e3c89731d403fb9bd42/gnocchi.5905eab7-2283-4df9-baed-2412cce504f4" 404 - "HEAD http://[::1]:8080/v1/AUTH_3c12f327ec924e3c89731d403fb9bd42/gnocchi.5905eab7-2283-4df9-baed-2412cce504f4" "tx1565cc2ddf5d49a792cc2-0068e16aff" "proxy-server 94716" 0.0005 "-" 93383 0
Oct 04 14:44:15 np0005470878.novalocal container-server[93383]: ::1 - - [04/Oct/2025:18:44:15 +0000] "HEAD /1/122886/AUTH_3c12f327ec924e3c89731d403fb9bd42/gnocchi.5905eab7-2283-4df9-baed-2412cce504f4" 404 - "HEAD http://[::1]:8080/v1/AUTH_3c12f327ec924e3c89731d403fb9bd42/gnocchi.5905eab7-2283-4df9-baed-2412cce504f4" "tx1565cc2ddf5d49a792cc2-0068e16aff" "proxy-server 94716" 0.0003 "-" 93383 0
Oct 04 14:44:15 np0005470878.novalocal container-server[93383]: ::1 - - [04/Oct/2025:18:44:15 +0000] "HEAD /2/122886/AUTH_3c12f327ec924e3c89731d403fb9bd42/gnocchi.5905eab7-2283-4df9-baed-2412cce504f4" 404 - "HEAD http://[::1]:8080/v1/AUTH_3c12f327ec924e3c89731d403fb9bd42/gnocchi.5905eab7-2283-4df9-baed-2412cce504f4" "tx1565cc2ddf5d49a792cc2-0068e16aff" "proxy-server 94716" 0.0006 "-" 93383 0
Oct 04 14:44:15 np0005470878.novalocal proxy-server[94716]: - - 04/Oct/2025/18/44/15 HEAD /v1/AUTH_3c12f327ec924e3c89731d403fb9bd42/gnocchi.5905eab7-2283-4df9-baed-2412cce504f4 HTTP/1.0 404 - Swift - - - - tx1565cc2ddf5d49a792cc2-0068e16aff - 0.0111 CS - 1759603455.318706274 1759603455.329830170 0
Oct 04 14:44:15 np0005470878.novalocal object-server[93717]: ::1 - - [04/Oct/2025:18:44:15 +0000] "GET /2/188266/AUTH_3c12f327ec924e3c89731d403fb9bd42/gnocchi.5905eab7-2283-4df9-baed-2412cce504f4/none_v3" 404 70 "GET https://[::1]:8080/v1/AUTH_3c12f327ec924e3c89731d403fb9bd42/gnocchi.5905eab7-2283-4df9-baed-2412cce504f4/none_v3" "tx1565cc2ddf5d49a792cc2-0068e16aff" "proxy-server 94716" 0.0002 "-" 93717 0
Oct 04 14:44:15 np0005470878.novalocal object-server[93717]: ::1 - - [04/Oct/2025:18:44:15 +0000] "GET /3/188266/AUTH_3c12f327ec924e3c89731d403fb9bd42/gnocchi.5905eab7-2283-4df9-baed-2412cce504f4/none_v3" 404 70 "GET https://[::1]:8080/v1/AUTH_3c12f327ec924e3c89731d403fb9bd42/gnocchi.5905eab7-2283-4df9-baed-2412cce504f4/none_v3" "tx1565cc2ddf5d49a792cc2-0068e16aff" "proxy-server 94716" 0.0002 "-" 93717 0
Oct 04 14:44:15 np0005470878.novalocal object-server[93716]: ::1 - - [04/Oct/2025:18:44:15 +0000] "GET /1/188266/AUTH_3c12f327ec924e3c89731d403fb9bd42/gnocchi.5905eab7-2283-4df9-baed-2412cce504f4/none_v3" 404 70 "GET https://[::1]:8080/v1/AUTH_3c12f327ec924e3c89731d403fb9bd42/gnocchi.5905eab7-2283-4df9-baed-2412cce504f4/none_v3" "tx1565cc2ddf5d49a792cc2-0068e16aff" "proxy-server 94716" 0.0015 "-" 93716 0
Oct 04 14:44:15 np0005470878.novalocal container-server[93384]: ::1 - - [04/Oct/2025:18:44:15 +0000] "PUT /3/65249/AUTH_3c12f327ec924e3c89731d403fb9bd42/gnocchi.afcc3f98-7493-4228-becd-48688b5f37eb/1759320000.0_mean_300.0_v3" 201 - "PUT http://[::1]:8080/3/65198/AUTH_3c12f327ec924e3c89731d403fb9bd42/gnocchi.afcc3f98-7493-4228-becd-48688b5f37eb/1759320000.0_mean_300.0_v3" "txb2f95e9b96aa45979c0ad-0068e16aff" "object-server 93717" 0.0005 "-" 93384 0
Oct 04 14:44:15 np0005470878.novalocal proxy-server[94716]: ::1 ::1 04/Oct/2025/18/44/15 GET /v1/AUTH_3c12f327ec924e3c89731d403fb9bd42/gnocchi.5905eab7-2283-4df9-baed-2412cce504f4/none_v3 HTTP/1.0 404 - python-swiftclient-4.7.0 gAAAAABo4WrHdnea... - 70 - tx1565cc2ddf5d49a792cc2-0068e16aff - 0.0250 - - 1759603455.318056822 1759603455.343046904 0
Oct 04 14:44:15 np0005470878.novalocal object-server[93717]: ::1 - - [04/Oct/2025:18:44:15 +0000] "PUT /3/65198/AUTH_3c12f327ec924e3c89731d403fb9bd42/gnocchi.afcc3f98-7493-4228-becd-48688b5f37eb/1759320000.0_mean_300.0_v3" 201 - "PUT https://[::1]:8080/v1/AUTH_3c12f327ec924e3c89731d403fb9bd42/gnocchi.afcc3f98-7493-4228-becd-48688b5f37eb/1759320000.0_mean_300.0_v3" "txb2f95e9b96aa45979c0ad-0068e16aff" "proxy-server 94717" 0.0170 "-" 93717 0
Oct 04 14:44:15 np0005470878.novalocal container-server[93384]: ::1 - - [04/Oct/2025:18:44:15 +0000] "PUT /2/65249/AUTH_3c12f327ec924e3c89731d403fb9bd42/gnocchi.afcc3f98-7493-4228-becd-48688b5f37eb/1759320000.0_mean_300.0_v3" 201 - "PUT http://[::1]:8080/2/65198/AUTH_3c12f327ec924e3c89731d403fb9bd42/gnocchi.afcc3f98-7493-4228-becd-48688b5f37eb/1759320000.0_mean_300.0_v3" "txb2f95e9b96aa45979c0ad-0068e16aff" "object-server 93716" 0.0003 "-" 93384 0
Oct 04 14:44:15 np0005470878.novalocal object-server[93716]: ::1 - - [04/Oct/2025:18:44:15 +0000] "PUT /2/65198/AUTH_3c12f327ec924e3c89731d403fb9bd42/gnocchi.afcc3f98-7493-4228-becd-48688b5f37eb/1759320000.0_mean_300.0_v3" 201 - "PUT https://[::1]:8080/v1/AUTH_3c12f327ec924e3c89731d403fb9bd42/gnocchi.afcc3f98-7493-4228-becd-48688b5f37eb/1759320000.0_mean_300.0_v3" "txb2f95e9b96aa45979c0ad-0068e16aff" "proxy-server 94717" 0.0192 "-" 93716 0
Oct 04 14:44:15 np0005470878.novalocal container-server[93383]: ::1 - - [04/Oct/2025:18:44:15 +0000] "PUT /1/65249/AUTH_3c12f327ec924e3c89731d403fb9bd42/gnocchi.afcc3f98-7493-4228-becd-48688b5f37eb/1759320000.0_mean_300.0_v3" 201 - "PUT http://[::1]:8080/1/65198/AUTH_3c12f327ec924e3c89731d403fb9bd42/gnocchi.afcc3f98-7493-4228-becd-48688b5f37eb/1759320000.0_mean_300.0_v3" "txb2f95e9b96aa45979c0ad-0068e16aff" "object-server 93716" 0.0010 "-" 93383 0
Oct 04 14:44:15 np0005470878.novalocal object-server[93716]: ::1 - - [04/Oct/2025:18:44:15 +0000] "PUT /1/65198/AUTH_3c12f327ec924e3c89731d403fb9bd42/gnocchi.afcc3f98-7493-4228-becd-48688b5f37eb/1759320000.0_mean_300.0_v3" 201 - "PUT https://[::1]:8080/v1/AUTH_3c12f327ec924e3c89731d403fb9bd42/gnocchi.afcc3f98-7493-4228-becd-48688b5f37eb/1759320000.0_mean_300.0_v3" "txb2f95e9b96aa45979c0ad-0068e16aff" "proxy-server 94717" 0.0208 "-" 93716 0
Oct 04 14:44:15 np0005470878.novalocal proxy-server[94717]: ::1 ::1 04/Oct/2025/18/44/15 PUT /v1/AUTH_3c12f327ec924e3c89731d403fb9bd42/gnocchi.afcc3f98-7493-4228-becd-48688b5f37eb/1759320000.0_mean_300.0_v3 HTTP/1.0 201 - python-swiftclient-4.7.0 gAAAAABo4Wq9xl3N... 16 - - txb2f95e9b96aa45979c0ad-0068e16aff - 0.0323 - - 1759603455.320697308 1759603455.352996826 0
Oct 04 14:44:15 np0005470878.novalocal account-server[93088]: ::1 - - [04/Oct/2025:18:44:15 +0000] "PUT /1/140569/AUTH_3c12f327ec924e3c89731d403fb9bd42/gnocchi.5905eab7-2283-4df9-baed-2412cce504f4" 201 - "PUT http://[::1]:6001/1/122886/AUTH_3c12f327ec924e3c89731d403fb9bd42/gnocchi.5905eab7-2283-4df9-baed-2412cce504f4" "tx1efa1c1901094cbb824f7-0068e16aff" "container-server 93383" 0.0071 "-" 93088 0
Oct 04 14:44:15 np0005470878.novalocal container-server[93383]: ::1 - - [04/Oct/2025:18:44:15 +0000] "PUT /1/122886/AUTH_3c12f327ec924e3c89731d403fb9bd42/gnocchi.5905eab7-2283-4df9-baed-2412cce504f4" 201 - "PUT https://[::1]:8080/v1/AUTH_3c12f327ec924e3c89731d403fb9bd42/gnocchi.5905eab7-2283-4df9-baed-2412cce504f4" "tx1efa1c1901094cbb824f7-0068e16aff" "proxy-server 94716" 0.0237 "-" 93383 0
Oct 04 14:44:15 np0005470878.novalocal account-server[93089]: ::1 - - [04/Oct/2025:18:44:15 +0000] "PUT /2/140569/AUTH_3c12f327ec924e3c89731d403fb9bd42/gnocchi.5905eab7-2283-4df9-baed-2412cce504f4" 201 - "PUT http://[::1]:6001/3/122886/AUTH_3c12f327ec924e3c89731d403fb9bd42/gnocchi.5905eab7-2283-4df9-baed-2412cce504f4" "tx1efa1c1901094cbb824f7-0068e16aff" "container-server 93384" 0.0068 "-" 93089 0
Oct 04 14:44:15 np0005470878.novalocal container-server[93384]: ::1 - - [04/Oct/2025:18:44:15 +0000] "PUT /3/65249/AUTH_3c12f327ec924e3c89731d403fb9bd42/gnocchi.afcc3f98-7493-4228-becd-48688b5f37eb/none_v3" 201 - "PUT http://[::1]:8080/1/238104/AUTH_3c12f327ec924e3c89731d403fb9bd42/gnocchi.afcc3f98-7493-4228-becd-48688b5f37eb/none_v3" "tx3a9c8938a2a04061bd7fe-0068e16aff" "object-server 93717" 0.0024 "-" 93384 0
Oct 04 14:44:15 np0005470878.novalocal object-server[93717]: ::1 - - [04/Oct/2025:18:44:15 +0000] "PUT /1/238104/AUTH_3c12f327ec924e3c89731d403fb9bd42/gnocchi.afcc3f98-7493-4228-becd-48688b5f37eb/none_v3" 201 - "PUT https://[::1]:8080/v1/AUTH_3c12f327ec924e3c89731d403fb9bd42/gnocchi.afcc3f98-7493-4228-becd-48688b5f37eb/none_v3" "tx3a9c8938a2a04061bd7fe-0068e16aff" "proxy-server 94717" 0.0160 "-" 93717 0
Oct 04 14:44:15 np0005470878.novalocal container-server[93384]: ::1 - - [04/Oct/2025:18:44:15 +0000] "PUT /3/122886/AUTH_3c12f327ec924e3c89731d403fb9bd42/gnocchi.5905eab7-2283-4df9-baed-2412cce504f4" 201 - "PUT https://[::1]:8080/v1/AUTH_3c12f327ec924e3c89731d403fb9bd42/gnocchi.5905eab7-2283-4df9-baed-2412cce504f4" "tx1efa1c1901094cbb824f7-0068e16aff" "proxy-server 94716" 0.0176 "-" 93384 0
Oct 04 14:44:15 np0005470878.novalocal account-server[93088]: ::1 - - [04/Oct/2025:18:44:15 +0000] "PUT /3/140569/AUTH_3c12f327ec924e3c89731d403fb9bd42/gnocchi.5905eab7-2283-4df9-baed-2412cce504f4" 201 - "PUT http://[::1]:6001/2/122886/AUTH_3c12f327ec924e3c89731d403fb9bd42/gnocchi.5905eab7-2283-4df9-baed-2412cce504f4" "tx1efa1c1901094cbb824f7-0068e16aff" "container-server 93384" 0.0037 "-" 93088 0
Oct 04 14:44:15 np0005470878.novalocal container-server[93383]: ::1 - - [04/Oct/2025:18:44:15 +0000] "PUT /1/65249/AUTH_3c12f327ec924e3c89731d403fb9bd42/gnocchi.afcc3f98-7493-4228-becd-48688b5f37eb/none_v3" 201 - "PUT http://[::1]:8080/2/238104/AUTH_3c12f327ec924e3c89731d403fb9bd42/gnocchi.afcc3f98-7493-4228-becd-48688b5f37eb/none_v3" "tx3a9c8938a2a04061bd7fe-0068e16aff" "object-server 93716" 0.0012 "-" 93383 0
Oct 04 14:44:15 np0005470878.novalocal container-server[93384]: ::1 - - [04/Oct/2025:18:44:15 +0000] "PUT /2/122886/AUTH_3c12f327ec924e3c89731d403fb9bd42/gnocchi.5905eab7-2283-4df9-baed-2412cce504f4" 201 - "PUT https://[::1]:8080/v1/AUTH_3c12f327ec924e3c89731d403fb9bd42/gnocchi.5905eab7-2283-4df9-baed-2412cce504f4" "tx1efa1c1901094cbb824f7-0068e16aff" "proxy-server 94716" 0.0300 "-" 93384 0
Oct 04 14:44:15 np0005470878.novalocal object-server[93716]: ::1 - - [04/Oct/2025:18:44:15 +0000] "PUT /2/238104/AUTH_3c12f327ec924e3c89731d403fb9bd42/gnocchi.afcc3f98-7493-4228-becd-48688b5f37eb/none_v3" 201 - "PUT https://[::1]:8080/v1/AUTH_3c12f327ec924e3c89731d403fb9bd42/gnocchi.afcc3f98-7493-4228-becd-48688b5f37eb/none_v3" "tx3a9c8938a2a04061bd7fe-0068e16aff" "proxy-server 94717" 0.0160 "-" 93716 0
Oct 04 14:44:15 np0005470878.novalocal proxy-server[94716]: ::1 ::1 04/Oct/2025/18/44/15 PUT /v1/AUTH_3c12f327ec924e3c89731d403fb9bd42/gnocchi.5905eab7-2283-4df9-baed-2412cce504f4 HTTP/1.0 201 - python-swiftclient-4.7.0 gAAAAABo4WrHdnea... - - - tx1efa1c1901094cbb824f7-0068e16aff - 0.0358 - - 1759603455.346359730 1759603455.382142067 0
Oct 04 14:44:15 np0005470878.novalocal container-server[93383]: ::1 - - [04/Oct/2025:18:44:15 +0000] "PUT /2/65249/AUTH_3c12f327ec924e3c89731d403fb9bd42/gnocchi.afcc3f98-7493-4228-becd-48688b5f37eb/none_v3" 201 - "PUT http://[::1]:8080/3/238104/AUTH_3c12f327ec924e3c89731d403fb9bd42/gnocchi.afcc3f98-7493-4228-becd-48688b5f37eb/none_v3" "tx3a9c8938a2a04061bd7fe-0068e16aff" "object-server 93716" 0.0015 "-" 93383 0
Oct 04 14:44:15 np0005470878.novalocal object-server[93716]: ::1 - - [04/Oct/2025:18:44:15 +0000] "PUT /3/238104/AUTH_3c12f327ec924e3c89731d403fb9bd42/gnocchi.afcc3f98-7493-4228-becd-48688b5f37eb/none_v3" 201 - "PUT https://[::1]:8080/v1/AUTH_3c12f327ec924e3c89731d403fb9bd42/gnocchi.afcc3f98-7493-4228-becd-48688b5f37eb/none_v3" "tx3a9c8938a2a04061bd7fe-0068e16aff" "proxy-server 94717" 0.0208 "-" 93716 0
Oct 04 14:44:15 np0005470878.novalocal proxy-server[94717]: ::1 ::1 04/Oct/2025/18/44/15 PUT /v1/AUTH_3c12f327ec924e3c89731d403fb9bd42/gnocchi.afcc3f98-7493-4228-becd-48688b5f37eb/none_v3 HTTP/1.0 201 - python-swiftclient-4.7.0 gAAAAABo4Wq9xl3N... 22 - - tx3a9c8938a2a04061bd7fe-0068e16aff - 0.0292 - - 1759603455.356472969 1759603455.385645390 0
Oct 04 14:44:15 np0005470878.novalocal container-server[93383]: ::1 - - [04/Oct/2025:18:44:15 +0000] "HEAD /1/122886/AUTH_3c12f327ec924e3c89731d403fb9bd42/gnocchi.5905eab7-2283-4df9-baed-2412cce504f4" 204 - "HEAD http://[::1]:8080/v1/AUTH_3c12f327ec924e3c89731d403fb9bd42/gnocchi.5905eab7-2283-4df9-baed-2412cce504f4" "txd30e3ae37d1349ae878e3-0068e16aff" "proxy-server 94716" 0.0064 "-" 93383 0
Oct 04 14:44:15 np0005470878.novalocal proxy-server[94716]: - - 04/Oct/2025/18/44/15 HEAD /v1/AUTH_3c12f327ec924e3c89731d403fb9bd42/gnocchi.5905eab7-2283-4df9-baed-2412cce504f4 HTTP/1.0 204 - Swift - - - - txd30e3ae37d1349ae878e3-0068e16aff - 0.0223 CS - 1759603455.385933876 1759603455.408208847 0
Oct 04 14:44:15 np0005470878.novalocal container-server[93383]: ::1 - - [04/Oct/2025:18:44:15 +0000] "GET /3/122886/AUTH_3c12f327ec924e3c89731d403fb9bd42/gnocchi.5905eab7-2283-4df9-baed-2412cce504f4" 200 2 "GET https://[::1]:8080/v1/AUTH_3c12f327ec924e3c89731d403fb9bd42/gnocchi.5905eab7-2283-4df9-baed-2412cce504f4?format=json&states=listing" "txd30e3ae37d1349ae878e3-0068e16aff" "proxy-server 94716" 0.0040 "-" 93383 0
Oct 04 14:44:15 np0005470878.novalocal proxy-server[94716]: ::1 ::1 04/Oct/2025/18/44/15 GET /v1/AUTH_3c12f327ec924e3c89731d403fb9bd42/gnocchi.5905eab7-2283-4df9-baed-2412cce504f4%3Fformat%3Djson%26states%3Dlisting HTTP/1.0 200 - python-swiftclient-4.7.0 gAAAAABo4WrHdnea... - 2 - txd30e3ae37d1349ae878e3-0068e16aff - 0.0358 - - 1759603455.385385990 1759603455.421201229 0
Oct 04 14:44:15 np0005470878.novalocal object-server[93717]: ::1 - - [04/Oct/2025:18:44:15 +0000] "GET /1/91141/AUTH_3c12f327ec924e3c89731d403fb9bd42/gnocchi.5905eab7-2283-4df9-baed-2412cce504f4/1759320000.0_mean_300.0_v3" 404 70 "GET https://[::1]:8080/v1/AUTH_3c12f327ec924e3c89731d403fb9bd42/gnocchi.5905eab7-2283-4df9-baed-2412cce504f4/1759320000.0_mean_300.0_v3" "txa5cea39fc283498dbf6a7-0068e16aff" "proxy-server 94716" 0.0003 "-" 93717 0
Oct 04 14:44:15 np0005470878.novalocal container-server[93383]: ::1 - - [04/Oct/2025:18:44:15 +0000] "HEAD /3/112399/AUTH_3c12f327ec924e3c89731d403fb9bd42/gnocchi.ca05f136-41ed-41ad-b6a5-346b6031da79" 404 - "HEAD http://[::1]:8080/v1/AUTH_3c12f327ec924e3c89731d403fb9bd42/gnocchi.ca05f136-41ed-41ad-b6a5-346b6031da79" "tx01ebfcd12a6644518349a-0068e16aff" "proxy-server 94717" 0.0005 "-" 93383 0
Oct 04 14:44:15 np0005470878.novalocal object-server[93717]: ::1 - - [04/Oct/2025:18:44:15 +0000] "GET /2/91141/AUTH_3c12f327ec924e3c89731d403fb9bd42/gnocchi.5905eab7-2283-4df9-baed-2412cce504f4/1759320000.0_mean_300.0_v3" 404 70 "GET https://[::1]:8080/v1/AUTH_3c12f327ec924e3c89731d403fb9bd42/gnocchi.5905eab7-2283-4df9-baed-2412cce504f4/1759320000.0_mean_300.0_v3" "txa5cea39fc283498dbf6a7-0068e16aff" "proxy-server 94716" 0.0002 "-" 93717 0
Oct 04 14:44:15 np0005470878.novalocal object-server[93717]: ::1 - - [04/Oct/2025:18:44:15 +0000] "GET /3/91141/AUTH_3c12f327ec924e3c89731d403fb9bd42/gnocchi.5905eab7-2283-4df9-baed-2412cce504f4/1759320000.0_mean_300.0_v3" 404 70 "GET https://[::1]:8080/v1/AUTH_3c12f327ec924e3c89731d403fb9bd42/gnocchi.5905eab7-2283-4df9-baed-2412cce504f4/1759320000.0_mean_300.0_v3" "txa5cea39fc283498dbf6a7-0068e16aff" "proxy-server 94716" 0.0002 "-" 93717 0
Oct 04 14:44:15 np0005470878.novalocal container-server[93384]: ::1 - - [04/Oct/2025:18:44:15 +0000] "HEAD /1/112399/AUTH_3c12f327ec924e3c89731d403fb9bd42/gnocchi.ca05f136-41ed-41ad-b6a5-346b6031da79" 404 - "HEAD http://[::1]:8080/v1/AUTH_3c12f327ec924e3c89731d403fb9bd42/gnocchi.ca05f136-41ed-41ad-b6a5-346b6031da79" "tx01ebfcd12a6644518349a-0068e16aff" "proxy-server 94717" 0.0003 "-" 93384 0
Oct 04 14:44:15 np0005470878.novalocal proxy-server[94716]: ::1 ::1 04/Oct/2025/18/44/15 GET /v1/AUTH_3c12f327ec924e3c89731d403fb9bd42/gnocchi.5905eab7-2283-4df9-baed-2412cce504f4/1759320000.0_mean_300.0_v3 HTTP/1.0 404 - python-swiftclient-4.7.0 gAAAAABo4WrHdnea... - 70 - txa5cea39fc283498dbf6a7-0068e16aff - 0.0089 - - 1759603455.423635721 1759603455.432581663 0
