Oct 04 14:43:43 np0005470878.novalocal container-server[93384]: ::1 - - [04/Oct/2025:18:43:43 +0000] "PUT /3/146624/AUTH_3c12f327ec924e3c89731d403fb9bd42/gnocchi.d1a943ac-1b5d-4e35-90da-7bfd22ba2a17/none_v3" 201 - "PUT http://[::1]:8080/1/84479/AUTH_3c12f327ec924e3c89731d403fb9bd42/gnocchi.d1a943ac-1b5d-4e35-90da-7bfd22ba2a17/none_v3" "txae9e1e3136f94deba772b-0068e16adf" "object-server 93717" 0.0008 "-" 93384 0
Oct 04 14:43:43 np0005470878.novalocal container-server[93383]: ::1 - - [04/Oct/2025:18:43:43 +0000] "PUT /2/146624/AUTH_3c12f327ec924e3c89731d403fb9bd42/gnocchi.d1a943ac-1b5d-4e35-90da-7bfd22ba2a17/none_v3" 201 - "PUT http://[::1]:8080/3/84479/AUTH_3c12f327ec924e3c89731d403fb9bd42/gnocchi.d1a943ac-1b5d-4e35-90da-7bfd22ba2a17/none_v3" "txae9e1e3136f94deba772b-0068e16adf" "object-server 93717" 0.0003 "-" 93383 0
Oct 04 14:43:43 np0005470878.novalocal object-server[93717]: ::1 - - [04/Oct/2025:18:43:43 +0000] "PUT /2/84479/AUTH_3c12f327ec924e3c89731d403fb9bd42/gnocchi.d1a943ac-1b5d-4e35-90da-7bfd22ba2a17/none_v3" 201 - "PUT https://[::1]:8080/v1/AUTH_3c12f327ec924e3c89731d403fb9bd42/gnocchi.d1a943ac-1b5d-4e35-90da-7bfd22ba2a17/none_v3" "txae9e1e3136f94deba772b-0068e16adf" "proxy-server 94716" 0.0170 "-" 93717 0
Oct 04 14:43:43 np0005470878.novalocal object-server[93717]: ::1 - - [04/Oct/2025:18:43:43 +0000] "PUT /1/84479/AUTH_3c12f327ec924e3c89731d403fb9bd42/gnocchi.d1a943ac-1b5d-4e35-90da-7bfd22ba2a17/none_v3" 201 - "PUT https://[::1]:8080/v1/AUTH_3c12f327ec924e3c89731d403fb9bd42/gnocchi.d1a943ac-1b5d-4e35-90da-7bfd22ba2a17/none_v3" "txae9e1e3136f94deba772b-0068e16adf" "proxy-server 94716" 0.0192 "-" 93717 0
Oct 04 14:43:43 np0005470878.novalocal object-server[93717]: ::1 - - [04/Oct/2025:18:43:43 +0000] "PUT /3/84479/AUTH_3c12f327ec924e3c89731d403fb9bd42/gnocchi.d1a943ac-1b5d-4e35-90da-7bfd22ba2a17/none_v3" 201 - "PUT https://[::1]:8080/v1/AUTH_3c12f327ec924e3c89731d403fb9bd42/gnocchi.d1a943ac-1b5d-4e35-90da-7bfd22ba2a17/none_v3" "txae9e1e3136f94deba772b-0068e16adf" "proxy-server 94716" 0.0166 "-" 93717 0
Oct 04 14:43:43 np0005470878.novalocal proxy-server[94716]: ::1 ::1 04/Oct/2025/18/43/43 PUT /v1/AUTH_3c12f327ec924e3c89731d403fb9bd42/gnocchi.d1a943ac-1b5d-4e35-90da-7bfd22ba2a17/none_v3 HTTP/1.0 201 - python-swiftclient-4.7.0 gAAAAABo4WrHdnea... 33 - - txae9e1e3136f94deba772b-0068e16adf - 0.0340 - - 1759603423.192018509 1759603423.226066828 0
Oct 04 14:43:43 np0005470878.novalocal object-server[93717]: ::1 - - [04/Oct/2025:18:43:43 +0000] "GET /1/166771/AUTH_3c12f327ec924e3c89731d403fb9bd42/gnocchi.a56ab7cf-f7f6-48b9-a2dd-2dfc247d201e/none_v3" 200 22 "GET https://[::1]:8080/v1/AUTH_3c12f327ec924e3c89731d403fb9bd42/gnocchi.a56ab7cf-f7f6-48b9-a2dd-2dfc247d201e/none_v3" "txf8c689dddd974ad2a2540-0068e16adf" "proxy-server 94716" 0.0008 "-" 93717 0
Oct 04 14:43:43 np0005470878.novalocal proxy-server[94716]: ::1 ::1 04/Oct/2025/18/43/43 GET /v1/AUTH_3c12f327ec924e3c89731d403fb9bd42/gnocchi.a56ab7cf-f7f6-48b9-a2dd-2dfc247d201e/none_v3 HTTP/1.0 200 - python-swiftclient-4.7.0 gAAAAABo4WrHdnea... - 22 - txf8c689dddd974ad2a2540-0068e16adf - 0.0115 - - 1759603423.244529247 1759603423.256074429 0
Oct 04 14:43:43 np0005470878.novalocal container-server[93383]: ::1 - - [04/Oct/2025:18:43:43 +0000] "GET /2/164220/AUTH_3c12f327ec924e3c89731d403fb9bd42/gnocchi.a56ab7cf-f7f6-48b9-a2dd-2dfc247d201e" 200 357 "GET https://[::1]:8080/v1/AUTH_3c12f327ec924e3c89731d403fb9bd42/gnocchi.a56ab7cf-f7f6-48b9-a2dd-2dfc247d201e?format=json&states=listing" "tx8e59178d2a0648cfb173b-0068e16adf" "proxy-server 94716" 0.0020 "-" 93383 0
Oct 04 14:43:43 np0005470878.novalocal container-server[93384]: ::1 - - [04/Oct/2025:18:43:43 +0000] "PUT /3/246933/AUTH_3c12f327ec924e3c89731d403fb9bd42/gnocchi.112b5308-14b0-4ce3-aa28-0d4f418ebb9b/1759320000.0_mean_300.0_v3" 201 - "PUT http://[::1]:8080/3/143861/AUTH_3c12f327ec924e3c89731d403fb9bd42/gnocchi.112b5308-14b0-4ce3-aa28-0d4f418ebb9b/1759320000.0_mean_300.0_v3" "tx42cbeee600394764855f8-0068e16adf" "object-server 93716" 0.0006 "-" 93384 0
Oct 04 14:43:43 np0005470878.novalocal proxy-server[94716]: ::1 ::1 04/Oct/2025/18/43/43 GET /v1/AUTH_3c12f327ec924e3c89731d403fb9bd42/gnocchi.a56ab7cf-f7f6-48b9-a2dd-2dfc247d201e%3Fformat%3Djson%26states%3Dlisting HTTP/1.0 200 - python-swiftclient-4.7.0 gAAAAABo4WrHdnea... - 357 - tx8e59178d2a0648cfb173b-0068e16adf - 0.0106 - - 1759603423.260596991 1759603423.271147251 0
Oct 04 14:43:43 np0005470878.novalocal object-server[93716]: ::1 - - [04/Oct/2025:18:43:43 +0000] "PUT /3/143861/AUTH_3c12f327ec924e3c89731d403fb9bd42/gnocchi.112b5308-14b0-4ce3-aa28-0d4f418ebb9b/1759320000.0_mean_300.0_v3" 201 - "PUT https://[::1]:8080/v1/AUTH_3c12f327ec924e3c89731d403fb9bd42/gnocchi.112b5308-14b0-4ce3-aa28-0d4f418ebb9b/1759320000.0_mean_300.0_v3" "tx42cbeee600394764855f8-0068e16adf" "proxy-server 94717" 0.0383 "-" 93716 0
Oct 04 14:43:43 np0005470878.novalocal container-server[93384]: ::1 - - [04/Oct/2025:18:43:43 +0000] "PUT /1/246933/AUTH_3c12f327ec924e3c89731d403fb9bd42/gnocchi.112b5308-14b0-4ce3-aa28-0d4f418ebb9b/1759320000.0_mean_300.0_v3" 201 - "PUT http://[::1]:8080/2/143861/AUTH_3c12f327ec924e3c89731d403fb9bd42/gnocchi.112b5308-14b0-4ce3-aa28-0d4f418ebb9b/1759320000.0_mean_300.0_v3" "tx42cbeee600394764855f8-0068e16adf" "object-server 93716" 0.0004 "-" 93384 0
Oct 04 14:43:43 np0005470878.novalocal container-server[93383]: ::1 - - [04/Oct/2025:18:43:43 +0000] "PUT /2/246933/AUTH_3c12f327ec924e3c89731d403fb9bd42/gnocchi.112b5308-14b0-4ce3-aa28-0d4f418ebb9b/1759320000.0_mean_300.0_v3" 201 - "PUT http://[::1]:8080/1/143861/AUTH_3c12f327ec924e3c89731d403fb9bd42/gnocchi.112b5308-14b0-4ce3-aa28-0d4f418ebb9b/1759320000.0_mean_300.0_v3" "tx42cbeee600394764855f8-0068e16adf" "object-server 93716" 0.0004 "-" 93383 0
Oct 04 14:43:43 np0005470878.novalocal object-server[93716]: ::1 - - [04/Oct/2025:18:43:43 +0000] "PUT /2/143861/AUTH_3c12f327ec924e3c89731d403fb9bd42/gnocchi.112b5308-14b0-4ce3-aa28-0d4f418ebb9b/1759320000.0_mean_300.0_v3" 201 - "PUT https://[::1]:8080/v1/AUTH_3c12f327ec924e3c89731d403fb9bd42/gnocchi.112b5308-14b0-4ce3-aa28-0d4f418ebb9b/1759320000.0_mean_300.0_v3" "tx42cbeee600394764855f8-0068e16adf" "proxy-server 94717" 0.0390 "-" 93716 0
Oct 04 14:43:43 np0005470878.novalocal object-server[93716]: ::1 - - [04/Oct/2025:18:43:43 +0000] "PUT /1/143861/AUTH_3c12f327ec924e3c89731d403fb9bd42/gnocchi.112b5308-14b0-4ce3-aa28-0d4f418ebb9b/1759320000.0_mean_300.0_v3" 201 - "PUT https://[::1]:8080/v1/AUTH_3c12f327ec924e3c89731d403fb9bd42/gnocchi.112b5308-14b0-4ce3-aa28-0d4f418ebb9b/1759320000.0_mean_300.0_v3" "tx42cbeee600394764855f8-0068e16adf" "proxy-server 94717" 0.0363 "-" 93716 0
Oct 04 14:43:43 np0005470878.novalocal proxy-server[94717]: ::1 ::1 04/Oct/2025/18/43/43 PUT /v1/AUTH_3c12f327ec924e3c89731d403fb9bd42/gnocchi.112b5308-14b0-4ce3-aa28-0d4f418ebb9b/1759320000.0_mean_300.0_v3 HTTP/1.0 201 - python-swiftclient-4.7.0 gAAAAABo4Wq9xl3N... 16 - - tx42cbeee600394764855f8-0068e16adf - 0.0648 - - 1759603423.217659950 1759603423.282483816 0
Oct 04 14:43:43 np0005470878.novalocal container-server[93384]: ::1 - - [04/Oct/2025:18:43:43 +0000] "GET /2/164220/AUTH_3c12f327ec924e3c89731d403fb9bd42/gnocchi.a56ab7cf-f7f6-48b9-a2dd-2dfc247d201e" 200 2 "GET https://[::1]:8080/v1/AUTH_3c12f327ec924e3c89731d403fb9bd42/gnocchi.a56ab7cf-f7f6-48b9-a2dd-2dfc247d201e?format=json&marker=none_v3&states=listing" "tx3c6719171d5543b19079d-0068e16adf" "proxy-server 94716" 0.0018 "-" 93384 0
Oct 04 14:43:43 np0005470878.novalocal proxy-server[94716]: ::1 ::1 04/Oct/2025/18/43/43 GET /v1/AUTH_3c12f327ec924e3c89731d403fb9bd42/gnocchi.a56ab7cf-f7f6-48b9-a2dd-2dfc247d201e%3Fformat%3Djson%26marker%3Dnone_v3%26states%3Dlisting HTTP/1.0 200 - python-swiftclient-4.7.0 gAAAAABo4WrHdnea... - 2 - tx3c6719171d5543b19079d-0068e16adf - 0.0108 - - 1759603423.274247169 1759603423.285075426 0
Oct 04 14:43:43 np0005470878.novalocal object-server[93717]: ::1 - - [04/Oct/2025:18:43:43 +0000] "GET /2/178679/AUTH_3c12f327ec924e3c89731d403fb9bd42/gnocchi.a56ab7cf-f7f6-48b9-a2dd-2dfc247d201e/1759320000.0_mean_300.0_v3" 200 16 "GET https://[::1]:8080/v1/AUTH_3c12f327ec924e3c89731d403fb9bd42/gnocchi.a56ab7cf-f7f6-48b9-a2dd-2dfc247d201e/1759320000.0_mean_300.0_v3" "tx48f8b18766924130a193d-0068e16adf" "proxy-server 94716" 0.0007 "-" 93717 0
Oct 04 14:43:43 np0005470878.novalocal proxy-server[94716]: ::1 ::1 04/Oct/2025/18/43/43 GET /v1/AUTH_3c12f327ec924e3c89731d403fb9bd42/gnocchi.a56ab7cf-f7f6-48b9-a2dd-2dfc247d201e/1759320000.0_mean_300.0_v3 HTTP/1.0 200 - python-swiftclient-4.7.0 gAAAAABo4WrHdnea... - 16 - tx48f8b18766924130a193d-0068e16adf - 0.0215 - - 1759603423.291079998 1759603423.312613726 0
Oct 04 14:43:43 np0005470878.novalocal container-server[93384]: ::1 - - [04/Oct/2025:18:43:43 +0000] "PUT /1/246933/AUTH_3c12f327ec924e3c89731d403fb9bd42/gnocchi.112b5308-14b0-4ce3-aa28-0d4f418ebb9b/none_v3" 201 - "PUT http://[::1]:8080/3/110577/AUTH_3c12f327ec924e3c89731d403fb9bd42/gnocchi.112b5308-14b0-4ce3-aa28-0d4f418ebb9b/none_v3" "txc33d8890d78f490b952a6-0068e16adf" "object-server 93716" 0.0009 "-" 93384 0
Oct 04 14:43:43 np0005470878.novalocal object-server[93716]: ::1 - - [04/Oct/2025:18:43:43 +0000] "PUT /3/110577/AUTH_3c12f327ec924e3c89731d403fb9bd42/gnocchi.112b5308-14b0-4ce3-aa28-0d4f418ebb9b/none_v3" 201 - "PUT https://[::1]:8080/v1/AUTH_3c12f327ec924e3c89731d403fb9bd42/gnocchi.112b5308-14b0-4ce3-aa28-0d4f418ebb9b/none_v3" "txc33d8890d78f490b952a6-0068e16adf" "proxy-server 94717" 0.0294 "-" 93716 0
Oct 04 14:43:43 np0005470878.novalocal container-server[93383]: ::1 - - [04/Oct/2025:18:43:43 +0000] "PUT /3/246933/AUTH_3c12f327ec924e3c89731d403fb9bd42/gnocchi.112b5308-14b0-4ce3-aa28-0d4f418ebb9b/none_v3" 201 - "PUT http://[::1]:8080/2/110577/AUTH_3c12f327ec924e3c89731d403fb9bd42/gnocchi.112b5308-14b0-4ce3-aa28-0d4f418ebb9b/none_v3" "txc33d8890d78f490b952a6-0068e16adf" "object-server 93717" 0.0004 "-" 93383 0
Oct 04 14:43:43 np0005470878.novalocal container-server[93384]: ::1 - - [04/Oct/2025:18:43:43 +0000] "PUT /2/246933/AUTH_3c12f327ec924e3c89731d403fb9bd42/gnocchi.112b5308-14b0-4ce3-aa28-0d4f418ebb9b/none_v3" 201 - "PUT http://[::1]:8080/1/110577/AUTH_3c12f327ec924e3c89731d403fb9bd42/gnocchi.112b5308-14b0-4ce3-aa28-0d4f418ebb9b/none_v3" "txc33d8890d78f490b952a6-0068e16adf" "object-server 93717" 0.0004 "-" 93384 0
Oct 04 14:43:43 np0005470878.novalocal object-server[93717]: ::1 - - [04/Oct/2025:18:43:43 +0000] "PUT /2/110577/AUTH_3c12f327ec924e3c89731d403fb9bd42/gnocchi.112b5308-14b0-4ce3-aa28-0d4f418ebb9b/none_v3" 201 - "PUT https://[::1]:8080/v1/AUTH_3c12f327ec924e3c89731d403fb9bd42/gnocchi.112b5308-14b0-4ce3-aa28-0d4f418ebb9b/none_v3" "txc33d8890d78f490b952a6-0068e16adf" "proxy-server 94717" 0.0252 "-" 93717 0
Oct 04 14:43:43 np0005470878.novalocal object-server[93717]: ::1 - - [04/Oct/2025:18:43:43 +0000] "PUT /1/110577/AUTH_3c12f327ec924e3c89731d403fb9bd42/gnocchi.112b5308-14b0-4ce3-aa28-0d4f418ebb9b/none_v3" 201 - "PUT https://[::1]:8080/v1/AUTH_3c12f327ec924e3c89731d403fb9bd42/gnocchi.112b5308-14b0-4ce3-aa28-0d4f418ebb9b/none_v3" "txc33d8890d78f490b952a6-0068e16adf" "proxy-server 94717" 0.0250 "-" 93717 0
Oct 04 14:43:43 np0005470878.novalocal proxy-server[94717]: ::1 ::1 04/Oct/2025/18/43/43 PUT /v1/AUTH_3c12f327ec924e3c89731d403fb9bd42/gnocchi.112b5308-14b0-4ce3-aa28-0d4f418ebb9b/none_v3 HTTP/1.0 201 - python-swiftclient-4.7.0 gAAAAABo4Wq9xl3N... 69 - - txc33d8890d78f490b952a6-0068e16adf - 0.0476 - - 1759603423.286370277 1759603423.334004164 0
Oct 04 14:43:43 np0005470878.novalocal container-server[93383]: ::1 - - [04/Oct/2025:18:43:43 +0000] "PUT /2/164220/AUTH_3c12f327ec924e3c89731d403fb9bd42/gnocchi.a56ab7cf-f7f6-48b9-a2dd-2dfc247d201e/1759320000.0_mean_300.0_v3" 201 - "PUT http://[::1]:8080/3/178679/AUTH_3c12f327ec924e3c89731d403fb9bd42/gnocchi.a56ab7cf-f7f6-48b9-a2dd-2dfc247d201e/1759320000.0_mean_300.0_v3" "tx90d47cd9253f49f896cdd-0068e16adf" "object-server 93717" 0.0005 "-" 93383 0
Oct 04 14:43:43 np0005470878.novalocal container-server[93384]: ::1 - - [04/Oct/2025:18:43:43 +0000] "PUT /3/164220/AUTH_3c12f327ec924e3c89731d403fb9bd42/gnocchi.a56ab7cf-f7f6-48b9-a2dd-2dfc247d201e/1759320000.0_mean_300.0_v3" 201 - "PUT http://[::1]:8080/1/178679/AUTH_3c12f327ec924e3c89731d403fb9bd42/gnocchi.a56ab7cf-f7f6-48b9-a2dd-2dfc247d201e/1759320000.0_mean_300.0_v3" "tx90d47cd9253f49f896cdd-0068e16adf" "object-server 93717" 0.0005 "-" 93384 0
Oct 04 14:43:43 np0005470878.novalocal container-server[93383]: ::1 - - [04/Oct/2025:18:43:43 +0000] "PUT /1/164220/AUTH_3c12f327ec924e3c89731d403fb9bd42/gnocchi.a56ab7cf-f7f6-48b9-a2dd-2dfc247d201e/1759320000.0_mean_300.0_v3" 201 - "PUT http://[::1]:8080/2/178679/AUTH_3c12f327ec924e3c89731d403fb9bd42/gnocchi.a56ab7cf-f7f6-48b9-a2dd-2dfc247d201e/1759320000.0_mean_300.0_v3" "tx90d47cd9253f49f896cdd-0068e16adf" "object-server 93717" 0.0003 "-" 93383 0
Oct 04 14:43:43 np0005470878.novalocal object-server[93717]: ::1 - - [04/Oct/2025:18:43:43 +0000] "PUT /3/178679/AUTH_3c12f327ec924e3c89731d403fb9bd42/gnocchi.a56ab7cf-f7f6-48b9-a2dd-2dfc247d201e/1759320000.0_mean_300.0_v3" 201 - "PUT https://[::1]:8080/v1/AUTH_3c12f327ec924e3c89731d403fb9bd42/gnocchi.a56ab7cf-f7f6-48b9-a2dd-2dfc247d201e/1759320000.0_mean_300.0_v3" "tx90d47cd9253f49f896cdd-0068e16adf" "proxy-server 94716" 0.0232 "-" 93717 0
Oct 04 14:43:43 np0005470878.novalocal object-server[93717]: ::1 - - [04/Oct/2025:18:43:43 +0000] "PUT /1/178679/AUTH_3c12f327ec924e3c89731d403fb9bd42/gnocchi.a56ab7cf-f7f6-48b9-a2dd-2dfc247d201e/1759320000.0_mean_300.0_v3" 201 - "PUT https://[::1]:8080/v1/AUTH_3c12f327ec924e3c89731d403fb9bd42/gnocchi.a56ab7cf-f7f6-48b9-a2dd-2dfc247d201e/1759320000.0_mean_300.0_v3" "tx90d47cd9253f49f896cdd-0068e16adf" "proxy-server 94716" 0.0290 "-" 93717 0
Oct 04 14:43:43 np0005470878.novalocal object-server[93717]: ::1 - - [04/Oct/2025:18:43:43 +0000] "PUT /2/178679/AUTH_3c12f327ec924e3c89731d403fb9bd42/gnocchi.a56ab7cf-f7f6-48b9-a2dd-2dfc247d201e/1759320000.0_mean_300.0_v3" 201 - "PUT https://[::1]:8080/v1/AUTH_3c12f327ec924e3c89731d403fb9bd42/gnocchi.a56ab7cf-f7f6-48b9-a2dd-2dfc247d201e/1759320000.0_mean_300.0_v3" "tx90d47cd9253f49f896cdd-0068e16adf" "proxy-server 94716" 0.0263 "-" 93717 0
Oct 04 14:43:43 np0005470878.novalocal proxy-server[94716]: ::1 ::1 04/Oct/2025/18/43/43 PUT /v1/AUTH_3c12f327ec924e3c89731d403fb9bd42/gnocchi.a56ab7cf-f7f6-48b9-a2dd-2dfc247d201e/1759320000.0_mean_300.0_v3 HTTP/1.0 201 - python-swiftclient-4.7.0 gAAAAABo4WrHdnea... 16 - - tx90d47cd9253f49f896cdd-0068e16adf - 0.0393 - - 1759603423.315341234 1759603423.354644537 0
Oct 04 14:43:43 np0005470878.novalocal dnsmasq[100477]: read /var/lib/neutron/dhcp/494b22e7-be42-4916-91ff-d2cd8718457e/addn_hosts - 0 addresses
Oct 04 14:43:43 np0005470878.novalocal dnsmasq-dhcp[100477]: read /var/lib/neutron/dhcp/494b22e7-be42-4916-91ff-d2cd8718457e/host
Oct 04 14:43:43 np0005470878.novalocal dnsmasq-dhcp[100477]: read /var/lib/neutron/dhcp/494b22e7-be42-4916-91ff-d2cd8718457e/opts
Oct 04 14:43:43 np0005470878.novalocal object-server[93717]: ::1 - - [04/Oct/2025:18:43:43 +0000] "GET /3/196411/AUTH_3c12f327ec924e3c89731d403fb9bd42/gnocchi.49aac128-5c8c-4358-9aa6-4ac9d8f6b9c1/none_v3" 200 46 "GET https://[::1]:8080/v1/AUTH_3c12f327ec924e3c89731d403fb9bd42/gnocchi.49aac128-5c8c-4358-9aa6-4ac9d8f6b9c1/none_v3" "txc736173708a5451ca67de-0068e16adf" "proxy-server 94717" 0.0009 "-" 93717 0
Oct 04 14:43:43 np0005470878.novalocal container-server[93384]: ::1 - - [04/Oct/2025:18:43:43 +0000] "PUT /1/164220/AUTH_3c12f327ec924e3c89731d403fb9bd42/gnocchi.a56ab7cf-f7f6-48b9-a2dd-2dfc247d201e/none_v3" 201 - "PUT http://[::1]:8080/2/166771/AUTH_3c12f327ec924e3c89731d403fb9bd42/gnocchi.a56ab7cf-f7f6-48b9-a2dd-2dfc247d201e/none_v3" "tx750d2aebebfb48599276b-0068e16adf" "object-server 93717" 0.0004 "-" 93384 0
Oct 04 14:43:43 np0005470878.novalocal proxy-server[94717]: ::1 ::1 04/Oct/2025/18/43/43 GET /v1/AUTH_3c12f327ec924e3c89731d403fb9bd42/gnocchi.49aac128-5c8c-4358-9aa6-4ac9d8f6b9c1/none_v3 HTTP/1.0 200 - python-swiftclient-4.7.0 gAAAAABo4Wq9xl3N... - 46 - txc736173708a5451ca67de-0068e16adf - 0.0068 - - 1759603423.374531031 1759603423.381334543 0
Oct 04 14:43:43 np0005470878.novalocal object-server[93717]: ::1 - - [04/Oct/2025:18:43:43 +0000] "PUT /2/166771/AUTH_3c12f327ec924e3c89731d403fb9bd42/gnocchi.a56ab7cf-f7f6-48b9-a2dd-2dfc247d201e/none_v3" 201 - "PUT https://[::1]:8080/v1/AUTH_3c12f327ec924e3c89731d403fb9bd42/gnocchi.a56ab7cf-f7f6-48b9-a2dd-2dfc247d201e/none_v3" "tx750d2aebebfb48599276b-0068e16adf" "proxy-server 94716" 0.0202 "-" 93717 0
Oct 04 14:43:43 np0005470878.novalocal container-server[93383]: ::1 - - [04/Oct/2025:18:43:43 +0000] "PUT /2/164220/AUTH_3c12f327ec924e3c89731d403fb9bd42/gnocchi.a56ab7cf-f7f6-48b9-a2dd-2dfc247d201e/none_v3" 201 - "PUT http://[::1]:8080/3/166771/AUTH_3c12f327ec924e3c89731d403fb9bd42/gnocchi.a56ab7cf-f7f6-48b9-a2dd-2dfc247d201e/none_v3" "tx750d2aebebfb48599276b-0068e16adf" "object-server 93716" 0.0004 "-" 93383 0
Oct 04 14:43:43 np0005470878.novalocal object-server[93716]: ::1 - - [04/Oct/2025:18:43:43 +0000] "PUT /3/166771/AUTH_3c12f327ec924e3c89731d403fb9bd42/gnocchi.a56ab7cf-f7f6-48b9-a2dd-2dfc247d201e/none_v3" 201 - "PUT https://[::1]:8080/v1/AUTH_3c12f327ec924e3c89731d403fb9bd42/gnocchi.a56ab7cf-f7f6-48b9-a2dd-2dfc247d201e/none_v3" "tx750d2aebebfb48599276b-0068e16adf" "proxy-server 94716" 0.0217 "-" 93716 0
Oct 04 14:43:43 np0005470878.novalocal container-server[93384]: ::1 - - [04/Oct/2025:18:43:43 +0000] "PUT /3/164220/AUTH_3c12f327ec924e3c89731d403fb9bd42/gnocchi.a56ab7cf-f7f6-48b9-a2dd-2dfc247d201e/none_v3" 201 - "PUT http://[::1]:8080/1/166771/AUTH_3c12f327ec924e3c89731d403fb9bd42/gnocchi.a56ab7cf-f7f6-48b9-a2dd-2dfc247d201e/none_v3" "tx750d2aebebfb48599276b-0068e16adf" "object-server 93716" 0.0026 "-" 93384 0
Oct 04 14:43:43 np0005470878.novalocal object-server[93716]: ::1 - - [04/Oct/2025:18:43:43 +0000] "PUT /1/166771/AUTH_3c12f327ec924e3c89731d403fb9bd42/gnocchi.a56ab7cf-f7f6-48b9-a2dd-2dfc247d201e/none_v3" 201 - "PUT https://[::1]:8080/v1/AUTH_3c12f327ec924e3c89731d403fb9bd42/gnocchi.a56ab7cf-f7f6-48b9-a2dd-2dfc247d201e/none_v3" "tx750d2aebebfb48599276b-0068e16adf" "proxy-server 94716" 0.0178 "-" 93716 0
Oct 04 14:43:43 np0005470878.novalocal proxy-server[94716]: ::1 ::1 04/Oct/2025/18/43/43 PUT /v1/AUTH_3c12f327ec924e3c89731d403fb9bd42/gnocchi.a56ab7cf-f7f6-48b9-a2dd-2dfc247d201e/none_v3 HTTP/1.0 201 - python-swiftclient-4.7.0 gAAAAABo4WrHdnea... 38 - - tx750d2aebebfb48599276b-0068e16adf - 0.0314 - - 1759603423.357113361 1759603423.388536930 0
Oct 04 14:43:43 np0005470878.novalocal container-server[93384]: ::1 - - [04/Oct/2025:18:43:43 +0000] "GET /1/169883/AUTH_3c12f327ec924e3c89731d403fb9bd42/gnocchi.49aac128-5c8c-4358-9aa6-4ac9d8f6b9c1" 200 357 "GET https://[::1]:8080/v1/AUTH_3c12f327ec924e3c89731d403fb9bd42/gnocchi.49aac128-5c8c-4358-9aa6-4ac9d8f6b9c1?format=json&states=listing" "tx401f5374f6474186975e7-0068e16adf" "proxy-server 94717" 0.0121 "-" 93384 0
Oct 04 14:43:43 np0005470878.novalocal proxy-server[94717]: ::1 ::1 04/Oct/2025/18/43/43 GET /v1/AUTH_3c12f327ec924e3c89731d403fb9bd42/gnocchi.49aac128-5c8c-4358-9aa6-4ac9d8f6b9c1%3Fformat%3Djson%26states%3Dlisting HTTP/1.0 200 - python-swiftclient-4.7.0 gAAAAABo4Wq9xl3N... - 357 - tx401f5374f6474186975e7-0068e16adf - 0.0232 - - 1759603423.390716791 1759603423.413942099 0
Oct 04 14:43:43 np0005470878.novalocal container-server[93383]: ::1 - - [04/Oct/2025:18:43:43 +0000] "GET /2/169883/AUTH_3c12f327ec924e3c89731d403fb9bd42/gnocchi.49aac128-5c8c-4358-9aa6-4ac9d8f6b9c1" 200 2 "GET https://[::1]:8080/v1/AUTH_3c12f327ec924e3c89731d403fb9bd42/gnocchi.49aac128-5c8c-4358-9aa6-4ac9d8f6b9c1?format=json&marker=none_v3&states=listing" "txb25e44637b0447968044a-0068e16adf" "proxy-server 94717" 0.0076 "-" 93383 0
Oct 04 14:43:43 np0005470878.novalocal proxy-server[94717]: ::1 ::1 04/Oct/2025/18/43/43 GET /v1/AUTH_3c12f327ec924e3c89731d403fb9bd42/gnocchi.49aac128-5c8c-4358-9aa6-4ac9d8f6b9c1%3Fformat%3Djson%26marker%3Dnone_v3%26states%3Dlisting HTTP/1.0 200 - python-swiftclient-4.7.0 gAAAAABo4Wq9xl3N... - 2 - txb25e44637b0447968044a-0068e16adf - 0.0124 - - 1759603423.415773630 1759603423.428125381 0
Oct 04 14:43:43 np0005470878.novalocal object-server[93716]: ::1 - - [04/Oct/2025:18:43:43 +0000] "GET /2/120444/AUTH_3c12f327ec924e3c89731d403fb9bd42/gnocchi.49aac128-5c8c-4358-9aa6-4ac9d8f6b9c1/1759320000.0_mean_300.0_v3" 200 16 "GET https://[::1]:8080/v1/AUTH_3c12f327ec924e3c89731d403fb9bd42/gnocchi.49aac128-5c8c-4358-9aa6-4ac9d8f6b9c1/1759320000.0_mean_300.0_v3" "tx4b3fab029c7c4d08a88ee-0068e16adf" "proxy-server 94717" 0.0050 "-" 93716 0
Oct 04 14:43:43 np0005470878.novalocal object-server[93717]: ::1 - - [04/Oct/2025:18:43:43 +0000] "GET /1/44948/AUTH_3c12f327ec924e3c89731d403fb9bd42/gnocchi.3f2454e5-acb1-4d19-9a68-018e868d0946/none_v3" 200 37 "GET https://[::1]:8080/v1/AUTH_3c12f327ec924e3c89731d403fb9bd42/gnocchi.3f2454e5-acb1-4d19-9a68-018e868d0946/none_v3" "tx37f69cffff8b44d797fb5-0068e16adf" "proxy-server 94716" 0.0006 "-" 93717 0
Oct 04 14:43:43 np0005470878.novalocal proxy-server[94717]: ::1 ::1 04/Oct/2025/18/43/43 GET /v1/AUTH_3c12f327ec924e3c89731d403fb9bd42/gnocchi.49aac128-5c8c-4358-9aa6-4ac9d8f6b9c1/1759320000.0_mean_300.0_v3 HTTP/1.0 200 - python-swiftclient-4.7.0 gAAAAABo4Wq9xl3N... - 16 - tx4b3fab029c7c4d08a88ee-0068e16adf - 0.0122 - - 1759603423.435405493 1759603423.447588682 0
Oct 04 14:43:43 np0005470878.novalocal proxy-server[94716]: ::1 ::1 04/Oct/2025/18/43/43 GET /v1/AUTH_3c12f327ec924e3c89731d403fb9bd42/gnocchi.3f2454e5-acb1-4d19-9a68-018e868d0946/none_v3 HTTP/1.0 200 - python-swiftclient-4.7.0 gAAAAABo4WrHdnea... - 37 - tx37f69cffff8b44d797fb5-0068e16adf - 0.0085 - - 1759603423.440668344 1759603423.449179173 0
Oct 04 14:43:43 np0005470878.novalocal container-server[93383]: ::1 - - [04/Oct/2025:18:43:43 +0000] "PUT /3/169883/AUTH_3c12f327ec924e3c89731d403fb9bd42/gnocchi.49aac128-5c8c-4358-9aa6-4ac9d8f6b9c1/1759320000.0_mean_300.0_v3" 201 - "PUT http://[::1]:8080/3/120444/AUTH_3c12f327ec924e3c89731d403fb9bd42/gnocchi.49aac128-5c8c-4358-9aa6-4ac9d8f6b9c1/1759320000.0_mean_300.0_v3" "tx63386834fcda4ab99dfc0-0068e16adf" "object-server 93717" 0.0007 "-" 93383 0
Oct 04 14:43:43 np0005470878.novalocal object-server[93717]: ::1 - - [04/Oct/2025:18:43:43 +0000] "PUT /3/120444/AUTH_3c12f327ec924e3c89731d403fb9bd42/gnocchi.49aac128-5c8c-4358-9aa6-4ac9d8f6b9c1/1759320000.0_mean_300.0_v3" 201 - "PUT https://[::1]:8080/v1/AUTH_3c12f327ec924e3c89731d403fb9bd42/gnocchi.49aac128-5c8c-4358-9aa6-4ac9d8f6b9c1/1759320000.0_mean_300.0_v3" "tx63386834fcda4ab99dfc0-0068e16adf" "proxy-server 94717" 0.0354 "-" 93717 0
Oct 04 14:43:43 np0005470878.novalocal container-server[93383]: ::1 - - [04/Oct/2025:18:43:43 +0000] "PUT /1/169883/AUTH_3c12f327ec924e3c89731d403fb9bd42/gnocchi.49aac128-5c8c-4358-9aa6-4ac9d8f6b9c1/1759320000.0_mean_300.0_v3" 201 - "PUT http://[::1]:8080/2/120444/AUTH_3c12f327ec924e3c89731d403fb9bd42/gnocchi.49aac128-5c8c-4358-9aa6-4ac9d8f6b9c1/1759320000.0_mean_300.0_v3" "tx63386834fcda4ab99dfc0-0068e16adf" "object-server 93717" 0.0003 "-" 93383 0
Oct 04 14:43:43 np0005470878.novalocal object-server[93717]: ::1 - - [04/Oct/2025:18:43:43 +0000] "PUT /2/120444/AUTH_3c12f327ec924e3c89731d403fb9bd42/gnocchi.49aac128-5c8c-4358-9aa6-4ac9d8f6b9c1/1759320000.0_mean_300.0_v3" 201 - "PUT https://[::1]:8080/v1/AUTH_3c12f327ec924e3c89731d403fb9bd42/gnocchi.49aac128-5c8c-4358-9aa6-4ac9d8f6b9c1/1759320000.0_mean_300.0_v3" "tx63386834fcda4ab99dfc0-0068e16adf" "proxy-server 94717" 0.0375 "-" 93717 0
Oct 04 14:43:43 np0005470878.novalocal container-server[93383]: ::1 - - [04/Oct/2025:18:43:43 +0000] "GET /1/172714/AUTH_3c12f327ec924e3c89731d403fb9bd42/gnocchi.3f2454e5-acb1-4d19-9a68-018e868d0946" 200 357 "GET https://[::1]:8080/v1/AUTH_3c12f327ec924e3c89731d403fb9bd42/gnocchi.3f2454e5-acb1-4d19-9a68-018e868d0946?format=json&states=listing" "tx4e8981aec1614dafbc0b8-0068e16adf" "proxy-server 94716" 0.0300 "-" 93383 0
Oct 04 14:43:43 np0005470878.novalocal container-server[93383]: ::1 - - [04/Oct/2025:18:43:43 +0000] "PUT /2/169883/AUTH_3c12f327ec924e3c89731d403fb9bd42/gnocchi.49aac128-5c8c-4358-9aa6-4ac9d8f6b9c1/1759320000.0_mean_300.0_v3" 201 - "PUT http://[::1]:8080/1/120444/AUTH_3c12f327ec924e3c89731d403fb9bd42/gnocchi.49aac128-5c8c-4358-9aa6-4ac9d8f6b9c1/1759320000.0_mean_300.0_v3" "tx63386834fcda4ab99dfc0-0068e16adf" "object-server 93717" 0.0003 "-" 93383 0
Oct 04 14:43:43 np0005470878.novalocal object-server[93717]: ::1 - - [04/Oct/2025:18:43:43 +0000] "PUT /1/120444/AUTH_3c12f327ec924e3c89731d403fb9bd42/gnocchi.49aac128-5c8c-4358-9aa6-4ac9d8f6b9c1/1759320000.0_mean_300.0_v3" 201 - "PUT https://[::1]:8080/v1/AUTH_3c12f327ec924e3c89731d403fb9bd42/gnocchi.49aac128-5c8c-4358-9aa6-4ac9d8f6b9c1/1759320000.0_mean_300.0_v3" "tx63386834fcda4ab99dfc0-0068e16adf" "proxy-server 94717" 0.0395 "-" 93717 0
Oct 04 14:43:43 np0005470878.novalocal proxy-server[94717]: ::1 ::1 04/Oct/2025/18/43/43 PUT /v1/AUTH_3c12f327ec924e3c89731d403fb9bd42/gnocchi.49aac128-5c8c-4358-9aa6-4ac9d8f6b9c1/1759320000.0_mean_300.0_v3 HTTP/1.0 201 - python-swiftclient-4.7.0 gAAAAABo4Wq9xl3N... 16 - - tx63386834fcda4ab99dfc0-0068e16adf - 0.0483 - - 1759603423.449434280 1759603423.497746229 0
Oct 04 14:43:43 np0005470878.novalocal proxy-server[94716]: ::1 ::1 04/Oct/2025/18/43/43 GET /v1/AUTH_3c12f327ec924e3c89731d403fb9bd42/gnocchi.3f2454e5-acb1-4d19-9a68-018e868d0946%3Fformat%3Djson%26states%3Dlisting HTTP/1.0 200 - python-swiftclient-4.7.0 gAAAAABo4WrHdnea... - 357 - tx4e8981aec1614dafbc0b8-0068e16adf - 0.0410 - - 1759603423.458314180 1759603423.499359846 0
Oct 04 14:43:43 np0005470878.novalocal container-server[93383]: ::1 - - [04/Oct/2025:18:43:43 +0000] "GET /2/172714/AUTH_3c12f327ec924e3c89731d403fb9bd42/gnocchi.3f2454e5-acb1-4d19-9a68-018e868d0946" 200 2 "GET https://[::1]:8080/v1/AUTH_3c12f327ec924e3c89731d403fb9bd42/gnocchi.3f2454e5-acb1-4d19-9a68-018e868d0946?format=json&marker=none_v3&states=listing" "tx86da3d4685d14e40ba736-0068e16adf" "proxy-server 94716" 0.0067 "-" 93383 0
Oct 04 14:43:43 np0005470878.novalocal proxy-server[94716]: ::1 ::1 04/Oct/2025/18/43/43 GET /v1/AUTH_3c12f327ec924e3c89731d403fb9bd42/gnocchi.3f2454e5-acb1-4d19-9a68-018e868d0946%3Fformat%3Djson%26marker%3Dnone_v3%26states%3Dlisting HTTP/1.0 200 - python-swiftclient-4.7.0 gAAAAABo4WrHdnea... - 2 - tx86da3d4685d14e40ba736-0068e16adf - 0.0143 - - 1759603423.506000280 1759603423.520322561 0
Oct 04 14:43:43 np0005470878.novalocal container-server[93384]: ::1 - - [04/Oct/2025:18:43:43 +0000] "PUT /3/169883/AUTH_3c12f327ec924e3c89731d403fb9bd42/gnocchi.49aac128-5c8c-4358-9aa6-4ac9d8f6b9c1/none_v3" 201 - "PUT http://[::1]:8080/3/196411/AUTH_3c12f327ec924e3c89731d403fb9bd42/gnocchi.49aac128-5c8c-4358-9aa6-4ac9d8f6b9c1/none_v3" "tx0ee42c3e7c40474cbdc1b-0068e16adf" "object-server 93717" 0.0007 "-" 93384 0
Oct 04 14:43:43 np0005470878.novalocal object-server[93717]: ::1 - - [04/Oct/2025:18:43:43 +0000] "PUT /3/196411/AUTH_3c12f327ec924e3c89731d403fb9bd42/gnocchi.49aac128-5c8c-4358-9aa6-4ac9d8f6b9c1/none_v3" 201 - "PUT https://[::1]:8080/v1/AUTH_3c12f327ec924e3c89731d403fb9bd42/gnocchi.49aac128-5c8c-4358-9aa6-4ac9d8f6b9c1/none_v3" "tx0ee42c3e7c40474cbdc1b-0068e16adf" "proxy-server 94717" 0.0135 "-" 93717 0
Oct 04 14:43:43 np0005470878.novalocal container-server[93383]: ::1 - - [04/Oct/2025:18:43:43 +0000] "PUT /1/169883/AUTH_3c12f327ec924e3c89731d403fb9bd42/gnocchi.49aac128-5c8c-4358-9aa6-4ac9d8f6b9c1/none_v3" 201 - "PUT http://[::1]:8080/1/196411/AUTH_3c12f327ec924e3c89731d403fb9bd42/gnocchi.49aac128-5c8c-4358-9aa6-4ac9d8f6b9c1/none_v3" "tx0ee42c3e7c40474cbdc1b-0068e16adf" "object-server 93716" 0.0004 "-" 93383 0
Oct 04 14:43:43 np0005470878.novalocal object-server[93716]: ::1 - - [04/Oct/2025:18:43:43 +0000] "PUT /1/196411/AUTH_3c12f327ec924e3c89731d403fb9bd42/gnocchi.49aac128-5c8c-4358-9aa6-4ac9d8f6b9c1/none_v3" 201 - "PUT https://[::1]:8080/v1/AUTH_3c12f327ec924e3c89731d403fb9bd42/gnocchi.49aac128-5c8c-4358-9aa6-4ac9d8f6b9c1/none_v3" "tx0ee42c3e7c40474cbdc1b-0068e16adf" "proxy-server 94717" 0.0159 "-" 93716 0
Oct 04 14:43:43 np0005470878.novalocal container-server[93383]: ::1 - - [04/Oct/2025:18:43:43 +0000] "PUT /2/169883/AUTH_3c12f327ec924e3c89731d403fb9bd42/gnocchi.49aac128-5c8c-4358-9aa6-4ac9d8f6b9c1/none_v3" 201 - "PUT http://[::1]:8080/2/196411/AUTH_3c12f327ec924e3c89731d403fb9bd42/gnocchi.49aac128-5c8c-4358-9aa6-4ac9d8f6b9c1/none_v3" "tx0ee42c3e7c40474cbdc1b-0068e16adf" "object-server 93717" 0.0003 "-" 93383 0
Oct 04 14:43:43 np0005470878.novalocal object-server[93717]: ::1 - - [04/Oct/2025:18:43:43 +0000] "PUT /2/196411/AUTH_3c12f327ec924e3c89731d403fb9bd42/gnocchi.49aac128-5c8c-4358-9aa6-4ac9d8f6b9c1/none_v3" 201 - "PUT https://[::1]:8080/v1/AUTH_3c12f327ec924e3c89731d403fb9bd42/gnocchi.49aac128-5c8c-4358-9aa6-4ac9d8f6b9c1/none_v3" "tx0ee42c3e7c40474cbdc1b-0068e16adf" "proxy-server 94717" 0.0158 "-" 93717 0
Oct 04 14:43:43 np0005470878.novalocal object-server[93716]: ::1 - - [04/Oct/2025:18:43:43 +0000] "GET /1/94240/AUTH_3c12f327ec924e3c89731d403fb9bd42/gnocchi.3f2454e5-acb1-4d19-9a68-018e868d0946/1759320000.0_mean_300.0_v3" 200 16 "GET https://[::1]:8080/v1/AUTH_3c12f327ec924e3c89731d403fb9bd42/gnocchi.3f2454e5-acb1-4d19-9a68-018e868d0946/1759320000.0_mean_300.0_v3" "txddf86e5aa449456b9605c-0068e16adf" "proxy-server 94716" 0.0008 "-" 93716 0
Oct 04 14:43:43 np0005470878.novalocal proxy-server[94717]: ::1 ::1 04/Oct/2025/18/43/43 PUT /v1/AUTH_3c12f327ec924e3c89731d403fb9bd42/gnocchi.49aac128-5c8c-4358-9aa6-4ac9d8f6b9c1/none_v3 HTTP/1.0 201 - python-swiftclient-4.7.0 gAAAAABo4Wq9xl3N... 51 - - tx0ee42c3e7c40474cbdc1b-0068e16adf - 0.0299 - - 1759603423.501494884 1759603423.531410456 0
Oct 04 14:43:43 np0005470878.novalocal proxy-server[94716]: ::1 ::1 04/Oct/2025/18/43/43 GET /v1/AUTH_3c12f327ec924e3c89731d403fb9bd42/gnocchi.3f2454e5-acb1-4d19-9a68-018e868d0946/1759320000.0_mean_300.0_v3 HTTP/1.0 200 - python-swiftclient-4.7.0 gAAAAABo4WrHdnea... - 16 - txddf86e5aa449456b9605c-0068e16adf - 0.0093 - - 1759603423.523613930 1759603423.532920361 0
Oct 04 14:43:43 np0005470878.novalocal container-server[93384]: ::1 - - [04/Oct/2025:18:43:43 +0000] "PUT /3/172714/AUTH_3c12f327ec924e3c89731d403fb9bd42/gnocchi.3f2454e5-acb1-4d19-9a68-018e868d0946/1759320000.0_mean_300.0_v3" 201 - "PUT http://[::1]:8080/2/94240/AUTH_3c12f327ec924e3c89731d403fb9bd42/gnocchi.3f2454e5-acb1-4d19-9a68-018e868d0946/1759320000.0_mean_300.0_v3" "txfbf99714b6c34ce780021-0068e16adf" "object-server 93717" 0.0008 "-" 93384 0
Oct 04 14:43:43 np0005470878.novalocal container-server[93383]: ::1 - - [04/Oct/2025:18:43:43 +0000] "PUT /2/172714/AUTH_3c12f327ec924e3c89731d403fb9bd42/gnocchi.3f2454e5-acb1-4d19-9a68-018e868d0946/1759320000.0_mean_300.0_v3" 201 - "PUT http://[::1]:8080/1/94240/AUTH_3c12f327ec924e3c89731d403fb9bd42/gnocchi.3f2454e5-acb1-4d19-9a68-018e868d0946/1759320000.0_mean_300.0_v3" "txfbf99714b6c34ce780021-0068e16adf" "object-server 93716" 0.0004 "-" 93383 0
Oct 04 14:43:43 np0005470878.novalocal dnsmasq[100477]: exiting on receipt of SIGTERM
Oct 04 14:43:43 np0005470878.novalocal object-server[93717]: ::1 - - [04/Oct/2025:18:43:43 +0000] "PUT /2/94240/AUTH_3c12f327ec924e3c89731d403fb9bd42/gnocchi.3f2454e5-acb1-4d19-9a68-018e868d0946/1759320000.0_mean_300.0_v3" 201 - "PUT https://[::1]:8080/v1/AUTH_3c12f327ec924e3c89731d403fb9bd42/gnocchi.3f2454e5-acb1-4d19-9a68-018e868d0946/1759320000.0_mean_300.0_v3" "txfbf99714b6c34ce780021-0068e16adf" "proxy-server 94716" 0.0147 "-" 93717 0
Oct 04 14:43:43 np0005470878.novalocal container-server[93384]: ::1 - - [04/Oct/2025:18:43:43 +0000] "PUT /1/172714/AUTH_3c12f327ec924e3c89731d403fb9bd42/gnocchi.3f2454e5-acb1-4d19-9a68-018e868d0946/1759320000.0_mean_300.0_v3" 201 - "PUT http://[::1]:8080/3/94240/AUTH_3c12f327ec924e3c89731d403fb9bd42/gnocchi.3f2454e5-acb1-4d19-9a68-018e868d0946/1759320000.0_mean_300.0_v3" "txfbf99714b6c34ce780021-0068e16adf" "object-server 93716" 0.0004 "-" 93384 0
Oct 04 14:43:43 np0005470878.novalocal object-server[93716]: ::1 - - [04/Oct/2025:18:43:43 +0000] "PUT /1/94240/AUTH_3c12f327ec924e3c89731d403fb9bd42/gnocchi.3f2454e5-acb1-4d19-9a68-018e868d0946/1759320000.0_mean_300.0_v3" 201 - "PUT https://[::1]:8080/v1/AUTH_3c12f327ec924e3c89731d403fb9bd42/gnocchi.3f2454e5-acb1-4d19-9a68-018e868d0946/1759320000.0_mean_300.0_v3" "txfbf99714b6c34ce780021-0068e16adf" "proxy-server 94716" 0.0160 "-" 93716 0
Oct 04 14:43:43 np0005470878.novalocal object-server[93716]: ::1 - - [04/Oct/2025:18:43:43 +0000] "PUT /3/94240/AUTH_3c12f327ec924e3c89731d403fb9bd42/gnocchi.3f2454e5-acb1-4d19-9a68-018e868d0946/1759320000.0_mean_300.0_v3" 201 - "PUT https://[::1]:8080/v1/AUTH_3c12f327ec924e3c89731d403fb9bd42/gnocchi.3f2454e5-acb1-4d19-9a68-018e868d0946/1759320000.0_mean_300.0_v3" "txfbf99714b6c34ce780021-0068e16adf" "proxy-server 94716" 0.0155 "-" 93716 0
Oct 04 14:43:43 np0005470878.novalocal proxy-server[94716]: ::1 ::1 04/Oct/2025/18/43/43 PUT /v1/AUTH_3c12f327ec924e3c89731d403fb9bd42/gnocchi.3f2454e5-acb1-4d19-9a68-018e868d0946/1759320000.0_mean_300.0_v3 HTTP/1.0 201 - python-swiftclient-4.7.0 gAAAAABo4WrHdnea... 16 - - txfbf99714b6c34ce780021-0068e16adf - 0.0274 - - 1759603423.535126448 1759603423.562493086 0
Oct 04 14:43:43 np0005470878.novalocal kernel: tapc90d4c14-92: left promiscuous mode
Oct 04 14:43:43 np0005470878.novalocal container-server[93384]: ::1 - - [04/Oct/2025:18:43:43 +0000] "PUT /1/172714/AUTH_3c12f327ec924e3c89731d403fb9bd42/gnocchi.3f2454e5-acb1-4d19-9a68-018e868d0946/none_v3" 201 - "PUT http://[::1]:8080/1/44948/AUTH_3c12f327ec924e3c89731d403fb9bd42/gnocchi.3f2454e5-acb1-4d19-9a68-018e868d0946/none_v3" "tx608164ab4c1f4b0987cdc-0068e16adf" "object-server 93717" 0.0010 "-" 93384 0
Oct 04 14:43:43 np0005470878.novalocal container-server[93384]: ::1 - - [04/Oct/2025:18:43:43 +0000] "PUT /3/172714/AUTH_3c12f327ec924e3c89731d403fb9bd42/gnocchi.3f2454e5-acb1-4d19-9a68-018e868d0946/none_v3" 201 - "PUT http://[::1]:8080/3/44948/AUTH_3c12f327ec924e3c89731d403fb9bd42/gnocchi.3f2454e5-acb1-4d19-9a68-018e868d0946/none_v3" "tx608164ab4c1f4b0987cdc-0068e16adf" "object-server 93716" 0.0006 "-" 93384 0
Oct 04 14:43:43 np0005470878.novalocal container-server[93383]: ::1 - - [04/Oct/2025:18:43:43 +0000] "PUT /2/172714/AUTH_3c12f327ec924e3c89731d403fb9bd42/gnocchi.3f2454e5-acb1-4d19-9a68-018e868d0946/none_v3" 201 - "PUT http://[::1]:8080/2/44948/AUTH_3c12f327ec924e3c89731d403fb9bd42/gnocchi.3f2454e5-acb1-4d19-9a68-018e868d0946/none_v3" "tx608164ab4c1f4b0987cdc-0068e16adf" "object-server 93716" 0.0004 "-" 93383 0
Oct 04 14:43:43 np0005470878.novalocal object-server[93716]: ::1 - - [04/Oct/2025:18:43:43 +0000] "PUT /3/44948/AUTH_3c12f327ec924e3c89731d403fb9bd42/gnocchi.3f2454e5-acb1-4d19-9a68-018e868d0946/none_v3" 201 - "PUT https://[::1]:8080/v1/AUTH_3c12f327ec924e3c89731d403fb9bd42/gnocchi.3f2454e5-acb1-4d19-9a68-018e868d0946/none_v3" "tx608164ab4c1f4b0987cdc-0068e16adf" "proxy-server 94716" 0.0121 "-" 93716 0
Oct 04 14:43:43 np0005470878.novalocal object-server[93717]: ::1 - - [04/Oct/2025:18:43:43 +0000] "PUT /1/44948/AUTH_3c12f327ec924e3c89731d403fb9bd42/gnocchi.3f2454e5-acb1-4d19-9a68-018e868d0946/none_v3" 201 - "PUT https://[::1]:8080/v1/AUTH_3c12f327ec924e3c89731d403fb9bd42/gnocchi.3f2454e5-acb1-4d19-9a68-018e868d0946/none_v3" "tx608164ab4c1f4b0987cdc-0068e16adf" "proxy-server 94716" 0.0127 "-" 93717 0
Oct 04 14:43:43 np0005470878.novalocal object-server[93716]: ::1 - - [04/Oct/2025:18:43:43 +0000] "PUT /2/44948/AUTH_3c12f327ec924e3c89731d403fb9bd42/gnocchi.3f2454e5-acb1-4d19-9a68-018e868d0946/none_v3" 201 - "PUT https://[::1]:8080/v1/AUTH_3c12f327ec924e3c89731d403fb9bd42/gnocchi.3f2454e5-acb1-4d19-9a68-018e868d0946/none_v3" "tx608164ab4c1f4b0987cdc-0068e16adf" "proxy-server 94716" 0.0114 "-" 93716 0
Oct 04 14:43:43 np0005470878.novalocal proxy-server[94716]: ::1 ::1 04/Oct/2025/18/43/43 PUT /v1/AUTH_3c12f327ec924e3c89731d403fb9bd42/gnocchi.3f2454e5-acb1-4d19-9a68-018e868d0946/none_v3 HTTP/1.0 201 - python-swiftclient-4.7.0 gAAAAABo4WrHdnea... 44 - - tx608164ab4c1f4b0987cdc-0068e16adf - 0.0198 - - 1759603423.564748287 1759603423.584595919 0
Oct 04 14:43:43 np0005470878.novalocal object-server[93716]: ::1 - - [04/Oct/2025:18:43:43 +0000] "GET /3/149873/AUTH_3c12f327ec924e3c89731d403fb9bd42/gnocchi.d7595d45-8f2a-473c-a6d4-728722e790dc/none_v3" 200 22 "GET https://[::1]:8080/v1/AUTH_3c12f327ec924e3c89731d403fb9bd42/gnocchi.d7595d45-8f2a-473c-a6d4-728722e790dc/none_v3" "tx9942adf89d10409383a7e-0068e16adf" "proxy-server 94717" 0.0008 "-" 93716 0
Oct 04 14:43:43 np0005470878.novalocal proxy-server[94717]: ::1 ::1 04/Oct/2025/18/43/43 GET /v1/AUTH_3c12f327ec924e3c89731d403fb9bd42/gnocchi.d7595d45-8f2a-473c-a6d4-728722e790dc/none_v3 HTTP/1.0 200 - python-swiftclient-4.7.0 gAAAAABo4Wq9xl3N... - 22 - tx9942adf89d10409383a7e-0068e16adf - 0.0072 - - 1759603423.598821402 1759603423.605997562 0
Oct 04 14:43:43 np0005470878.novalocal container-server[93384]: ::1 - - [04/Oct/2025:18:43:43 +0000] "GET /3/169204/AUTH_3c12f327ec924e3c89731d403fb9bd42/gnocchi.d7595d45-8f2a-473c-a6d4-728722e790dc" 200 357 "GET https://[::1]:8080/v1/AUTH_3c12f327ec924e3c89731d403fb9bd42/gnocchi.d7595d45-8f2a-473c-a6d4-728722e790dc?format=json&states=listing" "tx2661ecccbe57491aa0882-0068e16adf" "proxy-server 94717" 0.0023 "-" 93384 0
Oct 04 14:43:43 np0005470878.novalocal proxy-server[94717]: ::1 ::1 04/Oct/2025/18/43/43 GET /v1/AUTH_3c12f327ec924e3c89731d403fb9bd42/gnocchi.d7595d45-8f2a-473c-a6d4-728722e790dc%3Fformat%3Djson%26states%3Dlisting HTTP/1.0 200 - python-swiftclient-4.7.0 gAAAAABo4Wq9xl3N... - 357 - tx2661ecccbe57491aa0882-0068e16adf - 0.0079 - - 1759603423.609877348 1759603423.617752075 0
Oct 04 14:43:43 np0005470878.novalocal container-server[93383]: ::1 - - [04/Oct/2025:18:43:43 +0000] "GET /3/169204/AUTH_3c12f327ec924e3c89731d403fb9bd42/gnocchi.d7595d45-8f2a-473c-a6d4-728722e790dc" 200 2 "GET https://[::1]:8080/v1/AUTH_3c12f327ec924e3c89731d403fb9bd42/gnocchi.d7595d45-8f2a-473c-a6d4-728722e790dc?format=json&marker=none_v3&states=listing" "tx44feac31afce4171a15fd-0068e16adf" "proxy-server 94717" 0.0019 "-" 93383 0
Oct 04 14:43:43 np0005470878.novalocal proxy-server[94717]: ::1 ::1 04/Oct/2025/18/43/43 GET /v1/AUTH_3c12f327ec924e3c89731d403fb9bd42/gnocchi.d7595d45-8f2a-473c-a6d4-728722e790dc%3Fformat%3Djson%26marker%3Dnone_v3%26states%3Dlisting HTTP/1.0 200 - python-swiftclient-4.7.0 gAAAAABo4Wq9xl3N... - 2 - tx44feac31afce4171a15fd-0068e16adf - 0.0087 - - 1759603423.620092392 1759603423.628771067 0
Oct 04 14:43:43 np0005470878.novalocal object-server[93717]: ::1 - - [04/Oct/2025:18:43:43 +0000] "GET /1/21188/AUTH_3c12f327ec924e3c89731d403fb9bd42/gnocchi.d7595d45-8f2a-473c-a6d4-728722e790dc/1759320000.0_mean_300.0_v3" 200 16 "GET https://[::1]:8080/v1/AUTH_3c12f327ec924e3c89731d403fb9bd42/gnocchi.d7595d45-8f2a-473c-a6d4-728722e790dc/1759320000.0_mean_300.0_v3" "txe284ac92a92a44228ba19-0068e16adf" "proxy-server 94717" 0.0006 "-" 93717 0
Oct 04 14:43:43 np0005470878.novalocal proxy-server[94717]: ::1 ::1 04/Oct/2025/18/43/43 GET /v1/AUTH_3c12f327ec924e3c89731d403fb9bd42/gnocchi.d7595d45-8f2a-473c-a6d4-728722e790dc/1759320000.0_mean_300.0_v3 HTTP/1.0 200 - python-swiftclient-4.7.0 gAAAAABo4Wq9xl3N... - 16 - txe284ac92a92a44228ba19-0068e16adf - 0.0068 - - 1759603423.636803865 1759603423.643607616 0
Oct 04 14:43:43 np0005470878.novalocal object-server[93716]: ::1 - - [04/Oct/2025:18:43:43 +0000] "GET /3/76643/AUTH_3c12f327ec924e3c89731d403fb9bd42/gnocchi.d1ae3f10-1145-4ddc-85c2-de9ad61b036b/none_v3" 200 22 "GET https://[::1]:8080/v1/AUTH_3c12f327ec924e3c89731d403fb9bd42/gnocchi.d1ae3f10-1145-4ddc-85c2-de9ad61b036b/none_v3" "tx3db1e38be8354802a2c3a-0068e16adf" "proxy-server 94716" 0.0006 "-" 93716 0
Oct 04 14:43:43 np0005470878.novalocal proxy-server[94716]: ::1 ::1 04/Oct/2025/18/43/43 GET /v1/AUTH_3c12f327ec924e3c89731d403fb9bd42/gnocchi.d1ae3f10-1145-4ddc-85c2-de9ad61b036b/none_v3 HTTP/1.0 200 - python-swiftclient-4.7.0 gAAAAABo4WrHdnea... - 22 - tx3db1e38be8354802a2c3a-0068e16adf - 0.0058 - - 1759603423.647087574 1759603423.652936459 0
Oct 04 14:43:43 np0005470878.novalocal container-server[93383]: ::1 - - [04/Oct/2025:18:43:43 +0000] "GET /2/169983/AUTH_3c12f327ec924e3c89731d403fb9bd42/gnocchi.d1ae3f10-1145-4ddc-85c2-de9ad61b036b" 200 357 "GET https://[::1]:8080/v1/AUTH_3c12f327ec924e3c89731d403fb9bd42/gnocchi.d1ae3f10-1145-4ddc-85c2-de9ad61b036b?format=json&states=listing" "txcbb08e8506b34069934e0-0068e16adf" "proxy-server 94716" 0.0033 "-" 93383 0
Oct 04 14:43:43 np0005470878.novalocal container-server[93383]: ::1 - - [04/Oct/2025:18:43:43 +0000] "PUT /2/169204/AUTH_3c12f327ec924e3c89731d403fb9bd42/gnocchi.d7595d45-8f2a-473c-a6d4-728722e790dc/1759320000.0_mean_300.0_v3" 201 - "PUT http://[::1]:8080/2/21188/AUTH_3c12f327ec924e3c89731d403fb9bd42/gnocchi.d7595d45-8f2a-473c-a6d4-728722e790dc/1759320000.0_mean_300.0_v3" "txeb1f367d96b1455184565-0068e16adf" "object-server 93716" 0.0009 "-" 93383 0
Oct 04 14:43:43 np0005470878.novalocal proxy-server[94716]: ::1 ::1 04/Oct/2025/18/43/43 GET /v1/AUTH_3c12f327ec924e3c89731d403fb9bd42/gnocchi.d1ae3f10-1145-4ddc-85c2-de9ad61b036b%3Fformat%3Djson%26states%3Dlisting HTTP/1.0 200 - python-swiftclient-4.7.0 gAAAAABo4WrHdnea... - 357 - txcbb08e8506b34069934e0-0068e16adf - 0.0092 - - 1759603423.656720400 1759603423.665900469 0
Oct 04 14:43:43 np0005470878.novalocal object-server[93716]: ::1 - - [04/Oct/2025:18:43:43 +0000] "PUT /2/21188/AUTH_3c12f327ec924e3c89731d403fb9bd42/gnocchi.d7595d45-8f2a-473c-a6d4-728722e790dc/1759320000.0_mean_300.0_v3" 201 - "PUT https://[::1]:8080/v1/AUTH_3c12f327ec924e3c89731d403fb9bd42/gnocchi.d7595d45-8f2a-473c-a6d4-728722e790dc/1759320000.0_mean_300.0_v3" "txeb1f367d96b1455184565-0068e16adf" "proxy-server 94717" 0.0084 "-" 93716 0
Oct 04 14:43:43 np0005470878.novalocal container-server[93383]: ::1 - - [04/Oct/2025:18:43:43 +0000] "PUT /3/169204/AUTH_3c12f327ec924e3c89731d403fb9bd42/gnocchi.d7595d45-8f2a-473c-a6d4-728722e790dc/1759320000.0_mean_300.0_v3" 201 - "PUT http://[::1]:8080/1/21188/AUTH_3c12f327ec924e3c89731d403fb9bd42/gnocchi.d7595d45-8f2a-473c-a6d4-728722e790dc/1759320000.0_mean_300.0_v3" "txeb1f367d96b1455184565-0068e16adf" "object-server 93717" 0.0015 "-" 93383 0
Oct 04 14:43:43 np0005470878.novalocal object-server[93717]: ::1 - - [04/Oct/2025:18:43:43 +0000] "PUT /1/21188/AUTH_3c12f327ec924e3c89731d403fb9bd42/gnocchi.d7595d45-8f2a-473c-a6d4-728722e790dc/1759320000.0_mean_300.0_v3" 201 - "PUT https://[::1]:8080/v1/AUTH_3c12f327ec924e3c89731d403fb9bd42/gnocchi.d7595d45-8f2a-473c-a6d4-728722e790dc/1759320000.0_mean_300.0_v3" "txeb1f367d96b1455184565-0068e16adf" "proxy-server 94717" 0.0161 "-" 93717 0
Oct 04 14:43:43 np0005470878.novalocal container-server[93383]: ::1 - - [04/Oct/2025:18:43:43 +0000] "PUT /1/169204/AUTH_3c12f327ec924e3c89731d403fb9bd42/gnocchi.d7595d45-8f2a-473c-a6d4-728722e790dc/1759320000.0_mean_300.0_v3" 201 - "PUT http://[::1]:8080/3/21188/AUTH_3c12f327ec924e3c89731d403fb9bd42/gnocchi.d7595d45-8f2a-473c-a6d4-728722e790dc/1759320000.0_mean_300.0_v3" "txeb1f367d96b1455184565-0068e16adf" "object-server 93717" 0.0003 "-" 93383 0
Oct 04 14:43:43 np0005470878.novalocal object-server[93717]: ::1 - - [04/Oct/2025:18:43:43 +0000] "PUT /3/21188/AUTH_3c12f327ec924e3c89731d403fb9bd42/gnocchi.d7595d45-8f2a-473c-a6d4-728722e790dc/1759320000.0_mean_300.0_v3" 201 - "PUT https://[::1]:8080/v1/AUTH_3c12f327ec924e3c89731d403fb9bd42/gnocchi.d7595d45-8f2a-473c-a6d4-728722e790dc/1759320000.0_mean_300.0_v3" "txeb1f367d96b1455184565-0068e16adf" "proxy-server 94717" 0.0163 "-" 93717 0
Oct 04 14:43:43 np0005470878.novalocal proxy-server[94717]: ::1 ::1 04/Oct/2025/18/43/43 PUT /v1/AUTH_3c12f327ec924e3c89731d403fb9bd42/gnocchi.d7595d45-8f2a-473c-a6d4-728722e790dc/1759320000.0_mean_300.0_v3 HTTP/1.0 201 - python-swiftclient-4.7.0 gAAAAABo4Wq9xl3N... 16 - - txeb1f367d96b1455184565-0068e16adf - 0.0261 - - 1759603423.649924040 1759603423.676062346 0
Oct 04 14:43:43 np0005470878.novalocal container-server[93383]: ::1 - - [04/Oct/2025:18:43:43 +0000] "GET /1/169983/AUTH_3c12f327ec924e3c89731d403fb9bd42/gnocchi.d1ae3f10-1145-4ddc-85c2-de9ad61b036b" 200 2 "GET https://[::1]:8080/v1/AUTH_3c12f327ec924e3c89731d403fb9bd42/gnocchi.d1ae3f10-1145-4ddc-85c2-de9ad61b036b?format=json&marker=none_v3&states=listing" "tx50cdfd5ccdba4340aa491-0068e16adf" "proxy-server 94716" 0.0017 "-" 93383 0
Oct 04 14:43:43 np0005470878.novalocal proxy-server[94716]: ::1 ::1 04/Oct/2025/18/43/43 GET /v1/AUTH_3c12f327ec924e3c89731d403fb9bd42/gnocchi.d1ae3f10-1145-4ddc-85c2-de9ad61b036b%3Fformat%3Djson%26marker%3Dnone_v3%26states%3Dlisting HTTP/1.0 200 - python-swiftclient-4.7.0 gAAAAABo4WrHdnea... - 2 - tx50cdfd5ccdba4340aa491-0068e16adf - 0.0104 - - 1759603423.669588804 1759603423.679959297 0
Oct 04 14:43:43 np0005470878.novalocal object-server[93717]: ::1 - - [04/Oct/2025:18:43:43 +0000] "GET /3/72670/AUTH_3c12f327ec924e3c89731d403fb9bd42/gnocchi.d1ae3f10-1145-4ddc-85c2-de9ad61b036b/1759320000.0_mean_300.0_v3" 200 16 "GET https://[::1]:8080/v1/AUTH_3c12f327ec924e3c89731d403fb9bd42/gnocchi.d1ae3f10-1145-4ddc-85c2-de9ad61b036b/1759320000.0_mean_300.0_v3" "tx10fad34c9cba40edae2df-0068e16adf" "proxy-server 94716" 0.0004 "-" 93717 0
Oct 04 14:43:43 np0005470878.novalocal proxy-server[94716]: ::1 ::1 04/Oct/2025/18/43/43 GET /v1/AUTH_3c12f327ec924e3c89731d403fb9bd42/gnocchi.d1ae3f10-1145-4ddc-85c2-de9ad61b036b/1759320000.0_mean_300.0_v3 HTTP/1.0 200 - python-swiftclient-4.7.0 gAAAAABo4WrHdnea... - 16 - tx10fad34c9cba40edae2df-0068e16adf - 0.0074 - - 1759603423.683465481 1759603423.690840483 0
Oct 04 14:43:43 np0005470878.novalocal container-server[93383]: ::1 - - [04/Oct/2025:18:43:43 +0000] "PUT /2/169204/AUTH_3c12f327ec924e3c89731d403fb9bd42/gnocchi.d7595d45-8f2a-473c-a6d4-728722e790dc/none_v3" 201 - "PUT http://[::1]:8080/1/149873/AUTH_3c12f327ec924e3c89731d403fb9bd42/gnocchi.d7595d45-8f2a-473c-a6d4-728722e790dc/none_v3" "txce1b7d56a7d448b8b1dd8-0068e16adf" "object-server 93717" 0.0004 "-" 93383 0
Oct 04 14:43:43 np0005470878.novalocal container-server[93384]: ::1 - - [04/Oct/2025:18:43:43 +0000] "PUT /3/169204/AUTH_3c12f327ec924e3c89731d403fb9bd42/gnocchi.d7595d45-8f2a-473c-a6d4-728722e790dc/none_v3" 201 - "PUT http://[::1]:8080/3/149873/AUTH_3c12f327ec924e3c89731d403fb9bd42/gnocchi.d7595d45-8f2a-473c-a6d4-728722e790dc/none_v3" "txce1b7d56a7d448b8b1dd8-0068e16adf" "object-server 93717" 0.0005 "-" 93384 0
Oct 04 14:43:43 np0005470878.novalocal object-server[93717]: ::1 - - [04/Oct/2025:18:43:43 +0000] "PUT /1/149873/AUTH_3c12f327ec924e3c89731d403fb9bd42/gnocchi.d7595d45-8f2a-473c-a6d4-728722e790dc/none_v3" 201 - "PUT https://[::1]:8080/v1/AUTH_3c12f327ec924e3c89731d403fb9bd42/gnocchi.d7595d45-8f2a-473c-a6d4-728722e790dc/none_v3" "txce1b7d56a7d448b8b1dd8-0068e16adf" "proxy-server 94717" 0.0123 "-" 93717 0
Oct 04 14:43:43 np0005470878.novalocal object-server[93717]: ::1 - - [04/Oct/2025:18:43:43 +0000] "PUT /3/149873/AUTH_3c12f327ec924e3c89731d403fb9bd42/gnocchi.d7595d45-8f2a-473c-a6d4-728722e790dc/none_v3" 201 - "PUT https://[::1]:8080/v1/AUTH_3c12f327ec924e3c89731d403fb9bd42/gnocchi.d7595d45-8f2a-473c-a6d4-728722e790dc/none_v3" "txce1b7d56a7d448b8b1dd8-0068e16adf" "proxy-server 94717" 0.0106 "-" 93717 0
Oct 04 14:43:43 np0005470878.novalocal container-server[93383]: ::1 - - [04/Oct/2025:18:43:43 +0000] "PUT /1/169204/AUTH_3c12f327ec924e3c89731d403fb9bd42/gnocchi.d7595d45-8f2a-473c-a6d4-728722e790dc/none_v3" 201 - "PUT http://[::1]:8080/2/149873/AUTH_3c12f327ec924e3c89731d403fb9bd42/gnocchi.d7595d45-8f2a-473c-a6d4-728722e790dc/none_v3" "txce1b7d56a7d448b8b1dd8-0068e16adf" "object-server 93716" 0.0005 "-" 93383 0
Oct 04 14:43:43 np0005470878.novalocal object-server[93716]: ::1 - - [04/Oct/2025:18:43:43 +0000] "PUT /2/149873/AUTH_3c12f327ec924e3c89731d403fb9bd42/gnocchi.d7595d45-8f2a-473c-a6d4-728722e790dc/none_v3" 201 - "PUT https://[::1]:8080/v1/AUTH_3c12f327ec924e3c89731d403fb9bd42/gnocchi.d7595d45-8f2a-473c-a6d4-728722e790dc/none_v3" "txce1b7d56a7d448b8b1dd8-0068e16adf" "proxy-server 94717" 0.0246 "-" 93716 0
Oct 04 14:43:43 np0005470878.novalocal container-server[93383]: ::1 - - [04/Oct/2025:18:43:43 +0000] "PUT /1/169983/AUTH_3c12f327ec924e3c89731d403fb9bd42/gnocchi.d1ae3f10-1145-4ddc-85c2-de9ad61b036b/1759320000.0_mean_300.0_v3" 201 - "PUT http://[::1]:8080/3/72670/AUTH_3c12f327ec924e3c89731d403fb9bd42/gnocchi.d1ae3f10-1145-4ddc-85c2-de9ad61b036b/1759320000.0_mean_300.0_v3" "tx8ba9c4a99d9c49b4932fb-0068e16adf" "object-server 93716" 0.0003 "-" 93383 0
Oct 04 14:43:43 np0005470878.novalocal object-server[93716]: ::1 - - [04/Oct/2025:18:43:43 +0000] "PUT /3/72670/AUTH_3c12f327ec924e3c89731d403fb9bd42/gnocchi.d1ae3f10-1145-4ddc-85c2-de9ad61b036b/1759320000.0_mean_300.0_v3" 201 - "PUT https://[::1]:8080/v1/AUTH_3c12f327ec924e3c89731d403fb9bd42/gnocchi.d1ae3f10-1145-4ddc-85c2-de9ad61b036b/1759320000.0_mean_300.0_v3" "tx8ba9c4a99d9c49b4932fb-0068e16adf" "proxy-server 94716" 0.0103 "-" 93716 0
Oct 04 14:43:43 np0005470878.novalocal container-server[93384]: ::1 - - [04/Oct/2025:18:43:43 +0000] "PUT /3/169983/AUTH_3c12f327ec924e3c89731d403fb9bd42/gnocchi.d1ae3f10-1145-4ddc-85c2-de9ad61b036b/1759320000.0_mean_300.0_v3" 201 - "PUT http://[::1]:8080/2/72670/AUTH_3c12f327ec924e3c89731d403fb9bd42/gnocchi.d1ae3f10-1145-4ddc-85c2-de9ad61b036b/1759320000.0_mean_300.0_v3" "tx8ba9c4a99d9c49b4932fb-0068e16adf" "object-server 93717" 0.0004 "-" 93384 0
Oct 04 14:43:43 np0005470878.novalocal object-server[93717]: ::1 - - [04/Oct/2025:18:43:43 +0000] "PUT /2/72670/AUTH_3c12f327ec924e3c89731d403fb9bd42/gnocchi.d1ae3f10-1145-4ddc-85c2-de9ad61b036b/1759320000.0_mean_300.0_v3" 201 - "PUT https://[::1]:8080/v1/AUTH_3c12f327ec924e3c89731d403fb9bd42/gnocchi.d1ae3f10-1145-4ddc-85c2-de9ad61b036b/1759320000.0_mean_300.0_v3" "tx8ba9c4a99d9c49b4932fb-0068e16adf" "proxy-server 94716" 0.0144 "-" 93717 0
