Oct 04 14:44:14 np0005470878.novalocal container-server[93384]: ::1 - - [04/Oct/2025:18:44:14 +0000] "HEAD /3/168621/AUTH_3c12f327ec924e3c89731d403fb9bd42/gnocchi.07fb2e9e-4969-4a64-8ab5-811ceca32447" 404 - "HEAD http://[::1]:8080/v1/AUTH_3c12f327ec924e3c89731d403fb9bd42/gnocchi.07fb2e9e-4969-4a64-8ab5-811ceca32447" "tx39c18b8ea4f1450db91b2-0068e16afe" "proxy-server 94717" 0.0003 "-" 93384 0
Oct 04 14:44:14 np0005470878.novalocal account-server[93089]: ::1 - - [04/Oct/2025:18:44:14 +0000] "PUT /1/140569/AUTH_3c12f327ec924e3c89731d403fb9bd42/gnocchi.0ce2a7af-c5c6-4929-b47a-b94987d5cf43" 201 - "PUT http://[::1]:6001/3/31310/AUTH_3c12f327ec924e3c89731d403fb9bd42/gnocchi.0ce2a7af-c5c6-4929-b47a-b94987d5cf43" "tx3d3b420bb9804806abf7c-0068e16afe" "container-server 93384" 0.0043 "-" 93089 0
Oct 04 14:44:14 np0005470878.novalocal container-server[93384]: ::1 - - [04/Oct/2025:18:44:14 +0000] "PUT /3/31310/AUTH_3c12f327ec924e3c89731d403fb9bd42/gnocchi.0ce2a7af-c5c6-4929-b47a-b94987d5cf43" 201 - "PUT https://[::1]:8080/v1/AUTH_3c12f327ec924e3c89731d403fb9bd42/gnocchi.0ce2a7af-c5c6-4929-b47a-b94987d5cf43" "tx3d3b420bb9804806abf7c-0068e16afe" "proxy-server 94716" 0.0247 "-" 93384 0
Oct 04 14:44:14 np0005470878.novalocal account-server[93088]: ::1 - - [04/Oct/2025:18:44:14 +0000] "PUT /3/140569/AUTH_3c12f327ec924e3c89731d403fb9bd42/gnocchi.0ce2a7af-c5c6-4929-b47a-b94987d5cf43" 201 - "PUT http://[::1]:6001/1/31310/AUTH_3c12f327ec924e3c89731d403fb9bd42/gnocchi.0ce2a7af-c5c6-4929-b47a-b94987d5cf43" "tx3d3b420bb9804806abf7c-0068e16afe" "container-server 93383" 0.0052 "-" 93088 0
Oct 04 14:44:14 np0005470878.novalocal container-server[93383]: ::1 - - [04/Oct/2025:18:44:14 +0000] "HEAD /2/168621/AUTH_3c12f327ec924e3c89731d403fb9bd42/gnocchi.07fb2e9e-4969-4a64-8ab5-811ceca32447" 404 - "HEAD http://[::1]:8080/v1/AUTH_3c12f327ec924e3c89731d403fb9bd42/gnocchi.07fb2e9e-4969-4a64-8ab5-811ceca32447" "tx39c18b8ea4f1450db91b2-0068e16afe" "proxy-server 94717" 0.0016 "-" 93383 0
Oct 04 14:44:14 np0005470878.novalocal container-server[93383]: ::1 - - [04/Oct/2025:18:44:14 +0000] "PUT /1/31310/AUTH_3c12f327ec924e3c89731d403fb9bd42/gnocchi.0ce2a7af-c5c6-4929-b47a-b94987d5cf43" 201 - "PUT https://[::1]:8080/v1/AUTH_3c12f327ec924e3c89731d403fb9bd42/gnocchi.0ce2a7af-c5c6-4929-b47a-b94987d5cf43" "tx3d3b420bb9804806abf7c-0068e16afe" "proxy-server 94716" 0.0295 "-" 93383 0
Oct 04 14:44:14 np0005470878.novalocal account-server[93088]: ::1 - - [04/Oct/2025:18:44:14 +0000] "PUT /2/140569/AUTH_3c12f327ec924e3c89731d403fb9bd42/gnocchi.0ce2a7af-c5c6-4929-b47a-b94987d5cf43" 201 - "PUT http://[::1]:6001/2/31310/AUTH_3c12f327ec924e3c89731d403fb9bd42/gnocchi.0ce2a7af-c5c6-4929-b47a-b94987d5cf43" "tx3d3b420bb9804806abf7c-0068e16afe" "container-server 93383" 0.0051 "-" 93088 0
Oct 04 14:44:14 np0005470878.novalocal container-server[93383]: ::1 - - [04/Oct/2025:18:44:14 +0000] "PUT /2/31310/AUTH_3c12f327ec924e3c89731d403fb9bd42/gnocchi.0ce2a7af-c5c6-4929-b47a-b94987d5cf43" 201 - "PUT https://[::1]:8080/v1/AUTH_3c12f327ec924e3c89731d403fb9bd42/gnocchi.0ce2a7af-c5c6-4929-b47a-b94987d5cf43" "tx3d3b420bb9804806abf7c-0068e16afe" "proxy-server 94716" 0.0256 "-" 93383 0
Oct 04 14:44:14 np0005470878.novalocal container-server[93384]: ::1 - - [04/Oct/2025:18:44:14 +0000] "HEAD /1/168621/AUTH_3c12f327ec924e3c89731d403fb9bd42/gnocchi.07fb2e9e-4969-4a64-8ab5-811ceca32447" 404 - "HEAD http://[::1]:8080/v1/AUTH_3c12f327ec924e3c89731d403fb9bd42/gnocchi.07fb2e9e-4969-4a64-8ab5-811ceca32447" "tx39c18b8ea4f1450db91b2-0068e16afe" "proxy-server 94717" 0.0010 "-" 93384 0
Oct 04 14:44:14 np0005470878.novalocal proxy-server[94716]: ::1 ::1 04/Oct/2025/18/44/14 PUT /v1/AUTH_3c12f327ec924e3c89731d403fb9bd42/gnocchi.0ce2a7af-c5c6-4929-b47a-b94987d5cf43 HTTP/1.0 201 - python-swiftclient-4.7.0 gAAAAABo4WrHdnea... - - - tx3d3b420bb9804806abf7c-0068e16afe - 0.0426 - - 1759603454.312567711 1759603454.355143785 0
Oct 04 14:44:14 np0005470878.novalocal proxy-server[94717]: - - 04/Oct/2025/18/44/14 HEAD /v1/AUTH_3c12f327ec924e3c89731d403fb9bd42/gnocchi.07fb2e9e-4969-4a64-8ab5-811ceca32447 HTTP/1.0 404 - Swift - - - - tx39c18b8ea4f1450db91b2-0068e16afe - 0.0298 CS - 1759603454.326071024 1759603454.355836868 0
Oct 04 14:44:14 np0005470878.novalocal object-server[93716]: ::1 - - [04/Oct/2025:18:44:14 +0000] "GET /1/256998/AUTH_3c12f327ec924e3c89731d403fb9bd42/gnocchi.07fb2e9e-4969-4a64-8ab5-811ceca32447/none_v3" 404 70 "GET https://[::1]:8080/v1/AUTH_3c12f327ec924e3c89731d403fb9bd42/gnocchi.07fb2e9e-4969-4a64-8ab5-811ceca32447/none_v3" "tx39c18b8ea4f1450db91b2-0068e16afe" "proxy-server 94717" 0.0003 "-" 93716 0
Oct 04 14:44:14 np0005470878.novalocal object-server[93716]: ::1 - - [04/Oct/2025:18:44:14 +0000] "GET /3/256998/AUTH_3c12f327ec924e3c89731d403fb9bd42/gnocchi.07fb2e9e-4969-4a64-8ab5-811ceca32447/none_v3" 404 70 "GET https://[::1]:8080/v1/AUTH_3c12f327ec924e3c89731d403fb9bd42/gnocchi.07fb2e9e-4969-4a64-8ab5-811ceca32447/none_v3" "tx39c18b8ea4f1450db91b2-0068e16afe" "proxy-server 94717" 0.0002 "-" 93716 0
Oct 04 14:44:14 np0005470878.novalocal object-server[93717]: ::1 - - [04/Oct/2025:18:44:14 +0000] "GET /2/256998/AUTH_3c12f327ec924e3c89731d403fb9bd42/gnocchi.07fb2e9e-4969-4a64-8ab5-811ceca32447/none_v3" 404 70 "GET https://[::1]:8080/v1/AUTH_3c12f327ec924e3c89731d403fb9bd42/gnocchi.07fb2e9e-4969-4a64-8ab5-811ceca32447/none_v3" "tx39c18b8ea4f1450db91b2-0068e16afe" "proxy-server 94717" 0.0003 "-" 93717 0
Oct 04 14:44:14 np0005470878.novalocal proxy-server[94717]: ::1 ::1 04/Oct/2025/18/44/14 GET /v1/AUTH_3c12f327ec924e3c89731d403fb9bd42/gnocchi.07fb2e9e-4969-4a64-8ab5-811ceca32447/none_v3 HTTP/1.0 404 - python-swiftclient-4.7.0 gAAAAABo4Wq9xl3N... - 70 - tx39c18b8ea4f1450db91b2-0068e16afe - 0.0423 - - 1759603454.325557470 1759603454.367835999 0
Oct 04 14:44:14 np0005470878.novalocal container-server[93383]: ::1 - - [04/Oct/2025:18:44:14 +0000] "HEAD /3/10845/AUTH_3c12f327ec924e3c89731d403fb9bd42/gnocchi.bfce1d2a-322d-4a83-8f08-e14f665386c3" 404 - "HEAD http://[::1]:8080/v1/AUTH_3c12f327ec924e3c89731d403fb9bd42/gnocchi.bfce1d2a-322d-4a83-8f08-e14f665386c3" "tx4fccd5249add4421bdf04-0068e16afe" "proxy-server 94716" 0.0003 "-" 93383 0
Oct 04 14:44:14 np0005470878.novalocal container-server[93384]: ::1 - - [04/Oct/2025:18:44:14 +0000] "HEAD /2/10845/AUTH_3c12f327ec924e3c89731d403fb9bd42/gnocchi.bfce1d2a-322d-4a83-8f08-e14f665386c3" 404 - "HEAD http://[::1]:8080/v1/AUTH_3c12f327ec924e3c89731d403fb9bd42/gnocchi.bfce1d2a-322d-4a83-8f08-e14f665386c3" "tx4fccd5249add4421bdf04-0068e16afe" "proxy-server 94716" 0.0004 "-" 93384 0
Oct 04 14:44:14 np0005470878.novalocal container-server[93384]: ::1 - - [04/Oct/2025:18:44:14 +0000] "HEAD /1/10845/AUTH_3c12f327ec924e3c89731d403fb9bd42/gnocchi.bfce1d2a-322d-4a83-8f08-e14f665386c3" 404 - "HEAD http://[::1]:8080/v1/AUTH_3c12f327ec924e3c89731d403fb9bd42/gnocchi.bfce1d2a-322d-4a83-8f08-e14f665386c3" "tx4fccd5249add4421bdf04-0068e16afe" "proxy-server 94716" 0.0003 "-" 93384 0
Oct 04 14:44:14 np0005470878.novalocal proxy-server[94716]: - - 04/Oct/2025/18/44/14 HEAD /v1/AUTH_3c12f327ec924e3c89731d403fb9bd42/gnocchi.bfce1d2a-322d-4a83-8f08-e14f665386c3 HTTP/1.0 404 - Swift - - - - tx4fccd5249add4421bdf04-0068e16afe - 0.0180 CS - 1759603454.357788563 1759603454.375750542 0
Oct 04 14:44:14 np0005470878.novalocal object-server[93716]: ::1 - - [04/Oct/2025:18:44:14 +0000] "GET /3/147824/AUTH_3c12f327ec924e3c89731d403fb9bd42/gnocchi.bfce1d2a-322d-4a83-8f08-e14f665386c3/none_v3" 404 70 "GET https://[::1]:8080/v1/AUTH_3c12f327ec924e3c89731d403fb9bd42/gnocchi.bfce1d2a-322d-4a83-8f08-e14f665386c3/none_v3" "tx4fccd5249add4421bdf04-0068e16afe" "proxy-server 94716" 0.0003 "-" 93716 0
Oct 04 14:44:14 np0005470878.novalocal object-server[93717]: ::1 - - [04/Oct/2025:18:44:14 +0000] "GET /1/147824/AUTH_3c12f327ec924e3c89731d403fb9bd42/gnocchi.bfce1d2a-322d-4a83-8f08-e14f665386c3/none_v3" 404 70 "GET https://[::1]:8080/v1/AUTH_3c12f327ec924e3c89731d403fb9bd42/gnocchi.bfce1d2a-322d-4a83-8f08-e14f665386c3/none_v3" "tx4fccd5249add4421bdf04-0068e16afe" "proxy-server 94716" 0.0004 "-" 93717 0
Oct 04 14:44:14 np0005470878.novalocal object-server[93716]: ::1 - - [04/Oct/2025:18:44:14 +0000] "GET /2/147824/AUTH_3c12f327ec924e3c89731d403fb9bd42/gnocchi.bfce1d2a-322d-4a83-8f08-e14f665386c3/none_v3" 404 70 "GET https://[::1]:8080/v1/AUTH_3c12f327ec924e3c89731d403fb9bd42/gnocchi.bfce1d2a-322d-4a83-8f08-e14f665386c3/none_v3" "tx4fccd5249add4421bdf04-0068e16afe" "proxy-server 94716" 0.0003 "-" 93716 0
Oct 04 14:44:14 np0005470878.novalocal proxy-server[94716]: ::1 ::1 04/Oct/2025/18/44/14 GET /v1/AUTH_3c12f327ec924e3c89731d403fb9bd42/gnocchi.bfce1d2a-322d-4a83-8f08-e14f665386c3/none_v3 HTTP/1.0 404 - python-swiftclient-4.7.0 gAAAAABo4WrHdnea... - 70 - tx4fccd5249add4421bdf04-0068e16afe - 0.0299 - - 1759603454.357351065 1759603454.387204170 0
Oct 04 14:44:14 np0005470878.novalocal account-server[93088]: ::1 - - [04/Oct/2025:18:44:14 +0000] "PUT /2/140569/AUTH_3c12f327ec924e3c89731d403fb9bd42/gnocchi.07fb2e9e-4969-4a64-8ab5-811ceca32447" 201 - "PUT http://[::1]:6001/2/168621/AUTH_3c12f327ec924e3c89731d403fb9bd42/gnocchi.07fb2e9e-4969-4a64-8ab5-811ceca32447" "tx92313be966f64c1f99172-0068e16afe" "container-server 93384" 0.0048 "-" 93088 0
Oct 04 14:44:14 np0005470878.novalocal account-server[93088]: ::1 - - [04/Oct/2025:18:44:14 +0000] "PUT /1/140569/AUTH_3c12f327ec924e3c89731d403fb9bd42/gnocchi.07fb2e9e-4969-4a64-8ab5-811ceca32447" 201 - "PUT http://[::1]:6001/1/168621/AUTH_3c12f327ec924e3c89731d403fb9bd42/gnocchi.07fb2e9e-4969-4a64-8ab5-811ceca32447" "tx92313be966f64c1f99172-0068e16afe" "container-server 93383" 0.0118 "-" 93088 0
Oct 04 14:44:14 np0005470878.novalocal account-server[93089]: ::1 - - [04/Oct/2025:18:44:14 +0000] "PUT /3/140569/AUTH_3c12f327ec924e3c89731d403fb9bd42/gnocchi.07fb2e9e-4969-4a64-8ab5-811ceca32447" 201 - "PUT http://[::1]:6001/3/168621/AUTH_3c12f327ec924e3c89731d403fb9bd42/gnocchi.07fb2e9e-4969-4a64-8ab5-811ceca32447" "tx92313be966f64c1f99172-0068e16afe" "container-server 93383" 0.0197 "-" 93089 0
Oct 04 14:44:14 np0005470878.novalocal container-server[93383]: ::1 - - [04/Oct/2025:18:44:14 +0000] "PUT /3/168621/AUTH_3c12f327ec924e3c89731d403fb9bd42/gnocchi.07fb2e9e-4969-4a64-8ab5-811ceca32447" 201 - "PUT https://[::1]:8080/v1/AUTH_3c12f327ec924e3c89731d403fb9bd42/gnocchi.07fb2e9e-4969-4a64-8ab5-811ceca32447" "tx92313be966f64c1f99172-0068e16afe" "proxy-server 94717" 0.0385 "-" 93383 0
Oct 04 14:44:14 np0005470878.novalocal container-server[93383]: ::1 - - [04/Oct/2025:18:44:14 +0000] "PUT /1/168621/AUTH_3c12f327ec924e3c89731d403fb9bd42/gnocchi.07fb2e9e-4969-4a64-8ab5-811ceca32447" 201 - "PUT https://[::1]:8080/v1/AUTH_3c12f327ec924e3c89731d403fb9bd42/gnocchi.07fb2e9e-4969-4a64-8ab5-811ceca32447" "tx92313be966f64c1f99172-0068e16afe" "proxy-server 94717" 0.0299 "-" 93383 0
Oct 04 14:44:14 np0005470878.novalocal container-server[93384]: ::1 - - [04/Oct/2025:18:44:14 +0000] "PUT /2/168621/AUTH_3c12f327ec924e3c89731d403fb9bd42/gnocchi.07fb2e9e-4969-4a64-8ab5-811ceca32447" 201 - "PUT https://[::1]:8080/v1/AUTH_3c12f327ec924e3c89731d403fb9bd42/gnocchi.07fb2e9e-4969-4a64-8ab5-811ceca32447" "tx92313be966f64c1f99172-0068e16afe" "proxy-server 94717" 0.0426 "-" 93384 0
Oct 04 14:44:14 np0005470878.novalocal proxy-server[94717]: ::1 ::1 04/Oct/2025/18/44/14 PUT /v1/AUTH_3c12f327ec924e3c89731d403fb9bd42/gnocchi.07fb2e9e-4969-4a64-8ab5-811ceca32447 HTTP/1.0 201 - python-swiftclient-4.7.0 gAAAAABo4Wq9xl3N... - - - tx92313be966f64c1f99172-0068e16afe - 0.0525 - - 1759603454.372524261 1759603454.424979448 0
Oct 04 14:44:14 np0005470878.novalocal account-server[93088]: ::1 - - [04/Oct/2025:18:44:14 +0000] "PUT /2/140569/AUTH_3c12f327ec924e3c89731d403fb9bd42/gnocchi.bfce1d2a-322d-4a83-8f08-e14f665386c3" 201 - "PUT http://[::1]:6001/3/10845/AUTH_3c12f327ec924e3c89731d403fb9bd42/gnocchi.bfce1d2a-322d-4a83-8f08-e14f665386c3" "txa2048c716e264236aa0e5-0068e16afe" "container-server 93383" 0.0048 "-" 93088 0
Oct 04 14:44:14 np0005470878.novalocal container-server[93383]: ::1 - - [04/Oct/2025:18:44:14 +0000] "PUT /3/10845/AUTH_3c12f327ec924e3c89731d403fb9bd42/gnocchi.bfce1d2a-322d-4a83-8f08-e14f665386c3" 201 - "PUT https://[::1]:8080/v1/AUTH_3c12f327ec924e3c89731d403fb9bd42/gnocchi.bfce1d2a-322d-4a83-8f08-e14f665386c3" "txa2048c716e264236aa0e5-0068e16afe" "proxy-server 94716" 0.0296 "-" 93383 0
Oct 04 14:44:14 np0005470878.novalocal container-server[93383]: ::1 - - [04/Oct/2025:18:44:14 +0000] "HEAD /3/168621/AUTH_3c12f327ec924e3c89731d403fb9bd42/gnocchi.07fb2e9e-4969-4a64-8ab5-811ceca32447" 204 - "HEAD http://[::1]:8080/v1/AUTH_3c12f327ec924e3c89731d403fb9bd42/gnocchi.07fb2e9e-4969-4a64-8ab5-811ceca32447" "tx16c17a120eeb4aa593014-0068e16afe" "proxy-server 94717" 0.0011 "-" 93383 0
Oct 04 14:44:14 np0005470878.novalocal proxy-server[94717]: - - 04/Oct/2025/18/44/14 HEAD /v1/AUTH_3c12f327ec924e3c89731d403fb9bd42/gnocchi.07fb2e9e-4969-4a64-8ab5-811ceca32447 HTTP/1.0 204 - Swift - - - - tx16c17a120eeb4aa593014-0068e16afe - 0.0038 CS - 1759603454.428131580 1759603454.431939602 0
Oct 04 14:44:14 np0005470878.novalocal account-server[93088]: ::1 - - [04/Oct/2025:18:44:14 +0000] "PUT /3/140569/AUTH_3c12f327ec924e3c89731d403fb9bd42/gnocchi.bfce1d2a-322d-4a83-8f08-e14f665386c3" 201 - "PUT http://[::1]:6001/1/10845/AUTH_3c12f327ec924e3c89731d403fb9bd42/gnocchi.bfce1d2a-322d-4a83-8f08-e14f665386c3" "txa2048c716e264236aa0e5-0068e16afe" "container-server 93384" 0.0080 "-" 93088 0
Oct 04 14:44:14 np0005470878.novalocal container-server[93384]: ::1 - - [04/Oct/2025:18:44:14 +0000] "GET /1/168621/AUTH_3c12f327ec924e3c89731d403fb9bd42/gnocchi.07fb2e9e-4969-4a64-8ab5-811ceca32447" 200 2 "GET https://[::1]:8080/v1/AUTH_3c12f327ec924e3c89731d403fb9bd42/gnocchi.07fb2e9e-4969-4a64-8ab5-811ceca32447?format=json&states=listing" "tx16c17a120eeb4aa593014-0068e16afe" "proxy-server 94717" 0.0024 "-" 93384 0
Oct 04 14:44:14 np0005470878.novalocal container-server[93384]: ::1 - - [04/Oct/2025:18:44:14 +0000] "PUT /1/10845/AUTH_3c12f327ec924e3c89731d403fb9bd42/gnocchi.bfce1d2a-322d-4a83-8f08-e14f665386c3" 201 - "PUT https://[::1]:8080/v1/AUTH_3c12f327ec924e3c89731d403fb9bd42/gnocchi.bfce1d2a-322d-4a83-8f08-e14f665386c3" "txa2048c716e264236aa0e5-0068e16afe" "proxy-server 94716" 0.0445 "-" 93384 0
Oct 04 14:44:14 np0005470878.novalocal proxy-server[94717]: ::1 ::1 04/Oct/2025/18/44/14 GET /v1/AUTH_3c12f327ec924e3c89731d403fb9bd42/gnocchi.07fb2e9e-4969-4a64-8ab5-811ceca32447%3Fformat%3Djson%26states%3Dlisting HTTP/1.0 200 - python-swiftclient-4.7.0 gAAAAABo4Wq9xl3N... - 2 - tx16c17a120eeb4aa593014-0068e16afe - 0.0121 - - 1759603454.427651405 1759603454.439727783 0
Oct 04 14:44:14 np0005470878.novalocal account-server[93088]: ::1 - - [04/Oct/2025:18:44:14 +0000] "PUT /1/140569/AUTH_3c12f327ec924e3c89731d403fb9bd42/gnocchi.bfce1d2a-322d-4a83-8f08-e14f665386c3" 201 - "PUT http://[::1]:6001/2/10845/AUTH_3c12f327ec924e3c89731d403fb9bd42/gnocchi.bfce1d2a-322d-4a83-8f08-e14f665386c3" "txa2048c716e264236aa0e5-0068e16afe" "container-server 93384" 0.0079 "-" 93088 0
Oct 04 14:44:14 np0005470878.novalocal container-server[93384]: ::1 - - [04/Oct/2025:18:44:14 +0000] "PUT /2/10845/AUTH_3c12f327ec924e3c89731d403fb9bd42/gnocchi.bfce1d2a-322d-4a83-8f08-e14f665386c3" 201 - "PUT https://[::1]:8080/v1/AUTH_3c12f327ec924e3c89731d403fb9bd42/gnocchi.bfce1d2a-322d-4a83-8f08-e14f665386c3" "txa2048c716e264236aa0e5-0068e16afe" "proxy-server 94716" 0.0368 "-" 93384 0
Oct 04 14:44:14 np0005470878.novalocal proxy-server[94716]: ::1 ::1 04/Oct/2025/18/44/14 PUT /v1/AUTH_3c12f327ec924e3c89731d403fb9bd42/gnocchi.bfce1d2a-322d-4a83-8f08-e14f665386c3 HTTP/1.0 201 - python-swiftclient-4.7.0 gAAAAABo4WrHdnea... - - - txa2048c716e264236aa0e5-0068e16afe - 0.0583 - - 1759603454.389493942 1759603454.447753429 0
Oct 04 14:44:14 np0005470878.novalocal object-server[93717]: ::1 - - [04/Oct/2025:18:44:14 +0000] "GET /1/106662/AUTH_3c12f327ec924e3c89731d403fb9bd42/gnocchi.07fb2e9e-4969-4a64-8ab5-811ceca32447/1759320000.0_mean_300.0_v3" 404 70 "GET https://[::1]:8080/v1/AUTH_3c12f327ec924e3c89731d403fb9bd42/gnocchi.07fb2e9e-4969-4a64-8ab5-811ceca32447/1759320000.0_mean_300.0_v3" "tx207362f6256e409dbb003-0068e16afe" "proxy-server 94717" 0.0004 "-" 93717 0
Oct 04 14:44:14 np0005470878.novalocal object-server[93717]: ::1 - - [04/Oct/2025:18:44:14 +0000] "GET /3/106662/AUTH_3c12f327ec924e3c89731d403fb9bd42/gnocchi.07fb2e9e-4969-4a64-8ab5-811ceca32447/1759320000.0_mean_300.0_v3" 404 70 "GET https://[::1]:8080/v1/AUTH_3c12f327ec924e3c89731d403fb9bd42/gnocchi.07fb2e9e-4969-4a64-8ab5-811ceca32447/1759320000.0_mean_300.0_v3" "tx207362f6256e409dbb003-0068e16afe" "proxy-server 94717" 0.0002 "-" 93717 0
Oct 04 14:44:14 np0005470878.novalocal object-server[93716]: ::1 - - [04/Oct/2025:18:44:14 +0000] "GET /2/106662/AUTH_3c12f327ec924e3c89731d403fb9bd42/gnocchi.07fb2e9e-4969-4a64-8ab5-811ceca32447/1759320000.0_mean_300.0_v3" 404 70 "GET https://[::1]:8080/v1/AUTH_3c12f327ec924e3c89731d403fb9bd42/gnocchi.07fb2e9e-4969-4a64-8ab5-811ceca32447/1759320000.0_mean_300.0_v3" "tx207362f6256e409dbb003-0068e16afe" "proxy-server 94717" 0.0003 "-" 93716 0
Oct 04 14:44:14 np0005470878.novalocal container-server[93383]: ::1 - - [04/Oct/2025:18:44:14 +0000] "HEAD /1/31310/AUTH_3c12f327ec924e3c89731d403fb9bd42/gnocchi.0ce2a7af-c5c6-4929-b47a-b94987d5cf43" 204 - "HEAD http://[::1]:8080/v1/AUTH_3c12f327ec924e3c89731d403fb9bd42/gnocchi.0ce2a7af-c5c6-4929-b47a-b94987d5cf43" "tx35167cb8633a4327b72a8-0068e16afe" "proxy-server 94716" 0.0027 "-" 93383 0
Oct 04 14:44:14 np0005470878.novalocal proxy-server[94717]: ::1 ::1 04/Oct/2025/18/44/14 GET /v1/AUTH_3c12f327ec924e3c89731d403fb9bd42/gnocchi.07fb2e9e-4969-4a64-8ab5-811ceca32447/1759320000.0_mean_300.0_v3 HTTP/1.0 404 - python-swiftclient-4.7.0 gAAAAABo4Wq9xl3N... - 70 - tx207362f6256e409dbb003-0068e16afe - 0.0131 - - 1759603454.442609072 1759603454.455666780 0
Oct 04 14:44:14 np0005470878.novalocal proxy-server[94716]: - - 04/Oct/2025/18/44/14 HEAD /v1/AUTH_3c12f327ec924e3c89731d403fb9bd42/gnocchi.0ce2a7af-c5c6-4929-b47a-b94987d5cf43 HTTP/1.0 204 - Swift - - - - tx35167cb8633a4327b72a8-0068e16afe - 0.0069 CS - 1759603454.450856209 1759603454.457784414 0
Oct 04 14:44:14 np0005470878.novalocal container-server[93383]: ::1 - - [04/Oct/2025:18:44:14 +0000] "GET /1/31310/AUTH_3c12f327ec924e3c89731d403fb9bd42/gnocchi.0ce2a7af-c5c6-4929-b47a-b94987d5cf43" 200 2 "GET https://[::1]:8080/v1/AUTH_3c12f327ec924e3c89731d403fb9bd42/gnocchi.0ce2a7af-c5c6-4929-b47a-b94987d5cf43?format=json&states=listing" "tx35167cb8633a4327b72a8-0068e16afe" "proxy-server 94716" 0.0036 "-" 93383 0
Oct 04 14:44:14 np0005470878.novalocal proxy-server[94716]: ::1 ::1 04/Oct/2025/18/44/14 GET /v1/AUTH_3c12f327ec924e3c89731d403fb9bd42/gnocchi.0ce2a7af-c5c6-4929-b47a-b94987d5cf43%3Fformat%3Djson%26states%3Dlisting HTTP/1.0 200 - python-swiftclient-4.7.0 gAAAAABo4WrHdnea... - 2 - tx35167cb8633a4327b72a8-0068e16afe - 0.0167 - - 1759603454.450323105 1759603454.466975212 0
Oct 04 14:44:14 np0005470878.novalocal container-server[93384]: ::1 - - [04/Oct/2025:18:44:14 +0000] "HEAD /2/10845/AUTH_3c12f327ec924e3c89731d403fb9bd42/gnocchi.bfce1d2a-322d-4a83-8f08-e14f665386c3" 204 - "HEAD http://[::1]:8080/v1/AUTH_3c12f327ec924e3c89731d403fb9bd42/gnocchi.bfce1d2a-322d-4a83-8f08-e14f665386c3" "tx9f9515224b544d5ea59f6-0068e16afe" "proxy-server 94716" 0.0014 "-" 93384 0
Oct 04 14:44:14 np0005470878.novalocal proxy-server[94716]: - - 04/Oct/2025/18/44/14 HEAD /v1/AUTH_3c12f327ec924e3c89731d403fb9bd42/gnocchi.bfce1d2a-322d-4a83-8f08-e14f665386c3 HTTP/1.0 204 - Swift - - - - tx9f9515224b544d5ea59f6-0068e16afe - 0.0043 CS - 1759603454.470615864 1759603454.474869013 0
Oct 04 14:44:14 np0005470878.novalocal container-server[93383]: ::1 - - [04/Oct/2025:18:44:14 +0000] "PUT /1/168621/AUTH_3c12f327ec924e3c89731d403fb9bd42/gnocchi.07fb2e9e-4969-4a64-8ab5-811ceca32447/1759320000.0_mean_300.0_v3" 201 - "PUT http://[::1]:8080/1/106662/AUTH_3c12f327ec924e3c89731d403fb9bd42/gnocchi.07fb2e9e-4969-4a64-8ab5-811ceca32447/1759320000.0_mean_300.0_v3" "txbec29d48eddb4dee83d05-0068e16afe" "object-server 93716" 0.0005 "-" 93383 0
Oct 04 14:44:14 np0005470878.novalocal object-server[93716]: ::1 - - [04/Oct/2025:18:44:14 +0000] "PUT /1/106662/AUTH_3c12f327ec924e3c89731d403fb9bd42/gnocchi.07fb2e9e-4969-4a64-8ab5-811ceca32447/1759320000.0_mean_300.0_v3" 201 - "PUT https://[::1]:8080/v1/AUTH_3c12f327ec924e3c89731d403fb9bd42/gnocchi.07fb2e9e-4969-4a64-8ab5-811ceca32447/1759320000.0_mean_300.0_v3" "txbec29d48eddb4dee83d05-0068e16afe" "proxy-server 94717" 0.0132 "-" 93716 0
Oct 04 14:44:14 np0005470878.novalocal container-server[93384]: ::1 - - [04/Oct/2025:18:44:14 +0000] "GET /3/10845/AUTH_3c12f327ec924e3c89731d403fb9bd42/gnocchi.bfce1d2a-322d-4a83-8f08-e14f665386c3" 200 2 "GET https://[::1]:8080/v1/AUTH_3c12f327ec924e3c89731d403fb9bd42/gnocchi.bfce1d2a-322d-4a83-8f08-e14f665386c3?format=json&states=listing" "tx9f9515224b544d5ea59f6-0068e16afe" "proxy-server 94716" 0.0024 "-" 93384 0
Oct 04 14:44:14 np0005470878.novalocal container-server[93384]: ::1 - - [04/Oct/2025:18:44:14 +0000] "PUT /3/168621/AUTH_3c12f327ec924e3c89731d403fb9bd42/gnocchi.07fb2e9e-4969-4a64-8ab5-811ceca32447/1759320000.0_mean_300.0_v3" 201 - "PUT http://[::1]:8080/2/106662/AUTH_3c12f327ec924e3c89731d403fb9bd42/gnocchi.07fb2e9e-4969-4a64-8ab5-811ceca32447/1759320000.0_mean_300.0_v3" "txbec29d48eddb4dee83d05-0068e16afe" "object-server 93717" 0.0006 "-" 93384 0
Oct 04 14:44:14 np0005470878.novalocal proxy-server[94716]: ::1 ::1 04/Oct/2025/18/44/14 GET /v1/AUTH_3c12f327ec924e3c89731d403fb9bd42/gnocchi.bfce1d2a-322d-4a83-8f08-e14f665386c3%3Fformat%3Djson%26states%3Dlisting HTTP/1.0 200 - python-swiftclient-4.7.0 gAAAAABo4WrHdnea... - 2 - tx9f9515224b544d5ea59f6-0068e16afe - 0.0122 - - 1759603454.470093012 1759603454.482341528 0
Oct 04 14:44:14 np0005470878.novalocal object-server[93717]: ::1 - - [04/Oct/2025:18:44:14 +0000] "PUT /2/106662/AUTH_3c12f327ec924e3c89731d403fb9bd42/gnocchi.07fb2e9e-4969-4a64-8ab5-811ceca32447/1759320000.0_mean_300.0_v3" 201 - "PUT https://[::1]:8080/v1/AUTH_3c12f327ec924e3c89731d403fb9bd42/gnocchi.07fb2e9e-4969-4a64-8ab5-811ceca32447/1759320000.0_mean_300.0_v3" "txbec29d48eddb4dee83d05-0068e16afe" "proxy-server 94717" 0.0188 "-" 93717 0
Oct 04 14:44:14 np0005470878.novalocal object-server[93716]: ::1 - - [04/Oct/2025:18:44:14 +0000] "GET /3/211580/AUTH_3c12f327ec924e3c89731d403fb9bd42/gnocchi.0ce2a7af-c5c6-4929-b47a-b94987d5cf43/1759320000.0_mean_300.0_v3" 404 70 "GET https://[::1]:8080/v1/AUTH_3c12f327ec924e3c89731d403fb9bd42/gnocchi.0ce2a7af-c5c6-4929-b47a-b94987d5cf43/1759320000.0_mean_300.0_v3" "tx962e5f0a67684969838a7-0068e16afe" "proxy-server 94716" 0.0003 "-" 93716 0
Oct 04 14:44:14 np0005470878.novalocal container-server[93383]: ::1 - - [04/Oct/2025:18:44:14 +0000] "PUT /2/168621/AUTH_3c12f327ec924e3c89731d403fb9bd42/gnocchi.07fb2e9e-4969-4a64-8ab5-811ceca32447/1759320000.0_mean_300.0_v3" 201 - "PUT http://[::1]:8080/3/106662/AUTH_3c12f327ec924e3c89731d403fb9bd42/gnocchi.07fb2e9e-4969-4a64-8ab5-811ceca32447/1759320000.0_mean_300.0_v3" "txbec29d48eddb4dee83d05-0068e16afe" "object-server 93717" 0.0005 "-" 93383 0
Oct 04 14:44:14 np0005470878.novalocal object-server[93717]: ::1 - - [04/Oct/2025:18:44:14 +0000] "GET /2/211580/AUTH_3c12f327ec924e3c89731d403fb9bd42/gnocchi.0ce2a7af-c5c6-4929-b47a-b94987d5cf43/1759320000.0_mean_300.0_v3" 404 70 "GET https://[::1]:8080/v1/AUTH_3c12f327ec924e3c89731d403fb9bd42/gnocchi.0ce2a7af-c5c6-4929-b47a-b94987d5cf43/1759320000.0_mean_300.0_v3" "tx962e5f0a67684969838a7-0068e16afe" "proxy-server 94716" 0.0003 "-" 93717 0
Oct 04 14:44:14 np0005470878.novalocal object-server[93717]: ::1 - - [04/Oct/2025:18:44:14 +0000] "PUT /3/106662/AUTH_3c12f327ec924e3c89731d403fb9bd42/gnocchi.07fb2e9e-4969-4a64-8ab5-811ceca32447/1759320000.0_mean_300.0_v3" 201 - "PUT https://[::1]:8080/v1/AUTH_3c12f327ec924e3c89731d403fb9bd42/gnocchi.07fb2e9e-4969-4a64-8ab5-811ceca32447/1759320000.0_mean_300.0_v3" "txbec29d48eddb4dee83d05-0068e16afe" "proxy-server 94717" 0.0402 "-" 93717 0
Oct 04 14:44:14 np0005470878.novalocal object-server[93717]: ::1 - - [04/Oct/2025:18:44:14 +0000] "GET /1/211580/AUTH_3c12f327ec924e3c89731d403fb9bd42/gnocchi.0ce2a7af-c5c6-4929-b47a-b94987d5cf43/1759320000.0_mean_300.0_v3" 404 70 "GET https://[::1]:8080/v1/AUTH_3c12f327ec924e3c89731d403fb9bd42/gnocchi.0ce2a7af-c5c6-4929-b47a-b94987d5cf43/1759320000.0_mean_300.0_v3" "tx962e5f0a67684969838a7-0068e16afe" "proxy-server 94716" 0.0002 "-" 93717 0
Oct 04 14:44:14 np0005470878.novalocal proxy-server[94717]: ::1 ::1 04/Oct/2025/18/44/14 PUT /v1/AUTH_3c12f327ec924e3c89731d403fb9bd42/gnocchi.07fb2e9e-4969-4a64-8ab5-811ceca32447/1759320000.0_mean_300.0_v3 HTTP/1.0 201 - python-swiftclient-4.7.0 gAAAAABo4Wq9xl3N... 16 - - txbec29d48eddb4dee83d05-0068e16afe - 0.0463 - - 1759603454.457890749 1759603454.504143715 0
Oct 04 14:44:14 np0005470878.novalocal proxy-server[94716]: ::1 ::1 04/Oct/2025/18/44/14 GET /v1/AUTH_3c12f327ec924e3c89731d403fb9bd42/gnocchi.0ce2a7af-c5c6-4929-b47a-b94987d5cf43/1759320000.0_mean_300.0_v3 HTTP/1.0 404 - python-swiftclient-4.7.0 gAAAAABo4WrHdnea... - 70 - tx962e5f0a67684969838a7-0068e16afe - 0.0219 - - 1759603454.484972715 1759603454.506905794 0
Oct 04 14:44:14 np0005470878.novalocal object-server[93716]: ::1 - - [04/Oct/2025:18:44:14 +0000] "GET /1/166947/AUTH_3c12f327ec924e3c89731d403fb9bd42/gnocchi.bfce1d2a-322d-4a83-8f08-e14f665386c3/1759320000.0_mean_300.0_v3" 404 70 "GET https://[::1]:8080/v1/AUTH_3c12f327ec924e3c89731d403fb9bd42/gnocchi.bfce1d2a-322d-4a83-8f08-e14f665386c3/1759320000.0_mean_300.0_v3" "tx6f52eb8c38dd416b88a9a-0068e16afe" "proxy-server 94716" 0.0002 "-" 93716 0
Oct 04 14:44:14 np0005470878.novalocal object-server[93716]: ::1 - - [04/Oct/2025:18:44:14 +0000] "GET /2/166947/AUTH_3c12f327ec924e3c89731d403fb9bd42/gnocchi.bfce1d2a-322d-4a83-8f08-e14f665386c3/1759320000.0_mean_300.0_v3" 404 70 "GET https://[::1]:8080/v1/AUTH_3c12f327ec924e3c89731d403fb9bd42/gnocchi.bfce1d2a-322d-4a83-8f08-e14f665386c3/1759320000.0_mean_300.0_v3" "tx6f52eb8c38dd416b88a9a-0068e16afe" "proxy-server 94716" 0.0003 "-" 93716 0
Oct 04 14:44:14 np0005470878.novalocal object-server[93717]: ::1 - - [04/Oct/2025:18:44:14 +0000] "GET /3/166947/AUTH_3c12f327ec924e3c89731d403fb9bd42/gnocchi.bfce1d2a-322d-4a83-8f08-e14f665386c3/1759320000.0_mean_300.0_v3" 404 70 "GET https://[::1]:8080/v1/AUTH_3c12f327ec924e3c89731d403fb9bd42/gnocchi.bfce1d2a-322d-4a83-8f08-e14f665386c3/1759320000.0_mean_300.0_v3" "tx6f52eb8c38dd416b88a9a-0068e16afe" "proxy-server 94716" 0.0002 "-" 93717 0
Oct 04 14:44:14 np0005470878.novalocal proxy-server[94716]: ::1 ::1 04/Oct/2025/18/44/14 GET /v1/AUTH_3c12f327ec924e3c89731d403fb9bd42/gnocchi.bfce1d2a-322d-4a83-8f08-e14f665386c3/1759320000.0_mean_300.0_v3 HTTP/1.0 404 - python-swiftclient-4.7.0 gAAAAABo4WrHdnea... - 70 - tx6f52eb8c38dd416b88a9a-0068e16afe - 0.0111 - - 1759603454.509020329 1759603454.520082951 0
Oct 04 14:44:14 np0005470878.novalocal container-server[93383]: ::1 - - [04/Oct/2025:18:44:14 +0000] "PUT /3/168621/AUTH_3c12f327ec924e3c89731d403fb9bd42/gnocchi.07fb2e9e-4969-4a64-8ab5-811ceca32447/none_v3" 201 - "PUT http://[::1]:8080/2/256998/AUTH_3c12f327ec924e3c89731d403fb9bd42/gnocchi.07fb2e9e-4969-4a64-8ab5-811ceca32447/none_v3" "tx9de1b95a1c86417a968fb-0068e16afe" "object-server 93716" 0.0006 "-" 93383 0
Oct 04 14:44:14 np0005470878.novalocal container-server[93383]: ::1 - - [04/Oct/2025:18:44:14 +0000] "PUT /2/168621/AUTH_3c12f327ec924e3c89731d403fb9bd42/gnocchi.07fb2e9e-4969-4a64-8ab5-811ceca32447/none_v3" 201 - "PUT http://[::1]:8080/3/256998/AUTH_3c12f327ec924e3c89731d403fb9bd42/gnocchi.07fb2e9e-4969-4a64-8ab5-811ceca32447/none_v3" "tx9de1b95a1c86417a968fb-0068e16afe" "object-server 93716" 0.0004 "-" 93383 0
Oct 04 14:44:14 np0005470878.novalocal object-server[93716]: ::1 - - [04/Oct/2025:18:44:14 +0000] "PUT /3/256998/AUTH_3c12f327ec924e3c89731d403fb9bd42/gnocchi.07fb2e9e-4969-4a64-8ab5-811ceca32447/none_v3" 201 - "PUT https://[::1]:8080/v1/AUTH_3c12f327ec924e3c89731d403fb9bd42/gnocchi.07fb2e9e-4969-4a64-8ab5-811ceca32447/none_v3" "tx9de1b95a1c86417a968fb-0068e16afe" "proxy-server 94717" 0.0203 "-" 93716 0
Oct 04 14:44:14 np0005470878.novalocal object-server[93716]: ::1 - - [04/Oct/2025:18:44:14 +0000] "PUT /2/256998/AUTH_3c12f327ec924e3c89731d403fb9bd42/gnocchi.07fb2e9e-4969-4a64-8ab5-811ceca32447/none_v3" 201 - "PUT https://[::1]:8080/v1/AUTH_3c12f327ec924e3c89731d403fb9bd42/gnocchi.07fb2e9e-4969-4a64-8ab5-811ceca32447/none_v3" "tx9de1b95a1c86417a968fb-0068e16afe" "proxy-server 94717" 0.0223 "-" 93716 0
Oct 04 14:44:14 np0005470878.novalocal container-server[93383]: ::1 - - [04/Oct/2025:18:44:14 +0000] "PUT /1/168621/AUTH_3c12f327ec924e3c89731d403fb9bd42/gnocchi.07fb2e9e-4969-4a64-8ab5-811ceca32447/none_v3" 201 - "PUT http://[::1]:8080/1/256998/AUTH_3c12f327ec924e3c89731d403fb9bd42/gnocchi.07fb2e9e-4969-4a64-8ab5-811ceca32447/none_v3" "tx9de1b95a1c86417a968fb-0068e16afe" "object-server 93717" 0.0004 "-" 93383 0
Oct 04 14:44:14 np0005470878.novalocal object-server[93717]: ::1 - - [04/Oct/2025:18:44:14 +0000] "PUT /1/256998/AUTH_3c12f327ec924e3c89731d403fb9bd42/gnocchi.07fb2e9e-4969-4a64-8ab5-811ceca32447/none_v3" 201 - "PUT https://[::1]:8080/v1/AUTH_3c12f327ec924e3c89731d403fb9bd42/gnocchi.07fb2e9e-4969-4a64-8ab5-811ceca32447/none_v3" "tx9de1b95a1c86417a968fb-0068e16afe" "proxy-server 94717" 0.0248 "-" 93717 0
Oct 04 14:44:14 np0005470878.novalocal proxy-server[94717]: ::1 ::1 04/Oct/2025/18/44/14 PUT /v1/AUTH_3c12f327ec924e3c89731d403fb9bd42/gnocchi.07fb2e9e-4969-4a64-8ab5-811ceca32447/none_v3 HTTP/1.0 201 - python-swiftclient-4.7.0 gAAAAABo4Wq9xl3N... 22 - - tx9de1b95a1c86417a968fb-0068e16afe - 0.0311 - - 1759603454.506515265 1759603454.537604570 0
Oct 04 14:44:14 np0005470878.novalocal container-server[93383]: ::1 - - [04/Oct/2025:18:44:14 +0000] "PUT /3/31310/AUTH_3c12f327ec924e3c89731d403fb9bd42/gnocchi.0ce2a7af-c5c6-4929-b47a-b94987d5cf43/1759320000.0_mean_300.0_v3" 201 - "PUT http://[::1]:8080/3/211580/AUTH_3c12f327ec924e3c89731d403fb9bd42/gnocchi.0ce2a7af-c5c6-4929-b47a-b94987d5cf43/1759320000.0_mean_300.0_v3" "tx232442ba54234b9e9590a-0068e16afe" "object-server 93717" 0.0007 "-" 93383 0
Oct 04 14:44:14 np0005470878.novalocal object-server[93717]: ::1 - - [04/Oct/2025:18:44:14 +0000] "PUT /3/211580/AUTH_3c12f327ec924e3c89731d403fb9bd42/gnocchi.0ce2a7af-c5c6-4929-b47a-b94987d5cf43/1759320000.0_mean_300.0_v3" 201 - "PUT https://[::1]:8080/v1/AUTH_3c12f327ec924e3c89731d403fb9bd42/gnocchi.0ce2a7af-c5c6-4929-b47a-b94987d5cf43/1759320000.0_mean_300.0_v3" "tx232442ba54234b9e9590a-0068e16afe" "proxy-server 94716" 0.0182 "-" 93717 0
Oct 04 14:44:14 np0005470878.novalocal container-server[93383]: ::1 - - [04/Oct/2025:18:44:14 +0000] "PUT /1/31310/AUTH_3c12f327ec924e3c89731d403fb9bd42/gnocchi.0ce2a7af-c5c6-4929-b47a-b94987d5cf43/1759320000.0_mean_300.0_v3" 201 - "PUT http://[::1]:8080/1/211580/AUTH_3c12f327ec924e3c89731d403fb9bd42/gnocchi.0ce2a7af-c5c6-4929-b47a-b94987d5cf43/1759320000.0_mean_300.0_v3" "tx232442ba54234b9e9590a-0068e16afe" "object-server 93717" 0.0005 "-" 93383 0
Oct 04 14:44:14 np0005470878.novalocal object-server[93717]: ::1 - - [04/Oct/2025:18:44:14 +0000] "PUT /1/211580/AUTH_3c12f327ec924e3c89731d403fb9bd42/gnocchi.0ce2a7af-c5c6-4929-b47a-b94987d5cf43/1759320000.0_mean_300.0_v3" 201 - "PUT https://[::1]:8080/v1/AUTH_3c12f327ec924e3c89731d403fb9bd42/gnocchi.0ce2a7af-c5c6-4929-b47a-b94987d5cf43/1759320000.0_mean_300.0_v3" "tx232442ba54234b9e9590a-0068e16afe" "proxy-server 94716" 0.0182 "-" 93717 0
Oct 04 14:44:14 np0005470878.novalocal container-server[93383]: ::1 - - [04/Oct/2025:18:44:14 +0000] "PUT /2/31310/AUTH_3c12f327ec924e3c89731d403fb9bd42/gnocchi.0ce2a7af-c5c6-4929-b47a-b94987d5cf43/1759320000.0_mean_300.0_v3" 201 - "PUT http://[::1]:8080/2/211580/AUTH_3c12f327ec924e3c89731d403fb9bd42/gnocchi.0ce2a7af-c5c6-4929-b47a-b94987d5cf43/1759320000.0_mean_300.0_v3" "tx232442ba54234b9e9590a-0068e16afe" "object-server 93717" 0.0005 "-" 93383 0
Oct 04 14:44:14 np0005470878.novalocal object-server[93717]: ::1 - - [04/Oct/2025:18:44:14 +0000] "PUT /2/211580/AUTH_3c12f327ec924e3c89731d403fb9bd42/gnocchi.0ce2a7af-c5c6-4929-b47a-b94987d5cf43/1759320000.0_mean_300.0_v3" 201 - "PUT https://[::1]:8080/v1/AUTH_3c12f327ec924e3c89731d403fb9bd42/gnocchi.0ce2a7af-c5c6-4929-b47a-b94987d5cf43/1759320000.0_mean_300.0_v3" "tx232442ba54234b9e9590a-0068e16afe" "proxy-server 94716" 0.0162 "-" 93717 0
Oct 04 14:44:14 np0005470878.novalocal proxy-server[94716]: ::1 ::1 04/Oct/2025/18/44/14 PUT /v1/AUTH_3c12f327ec924e3c89731d403fb9bd42/gnocchi.0ce2a7af-c5c6-4929-b47a-b94987d5cf43/1759320000.0_mean_300.0_v3 HTTP/1.0 201 - python-swiftclient-4.7.0 gAAAAABo4WrHdnea... 16 - - tx232442ba54234b9e9590a-0068e16afe - 0.0272 - - 1759603454.522474527 1759603454.549641132 0
Oct 04 14:44:14 np0005470878.novalocal container-server[93384]: ::1 - - [04/Oct/2025:18:44:14 +0000] "HEAD /3/96143/AUTH_3c12f327ec924e3c89731d403fb9bd42/gnocchi.91ed4653-c476-4df6-bbaa-4396cfcc2049" 404 - "HEAD http://[::1]:8080/v1/AUTH_3c12f327ec924e3c89731d403fb9bd42/gnocchi.91ed4653-c476-4df6-bbaa-4396cfcc2049" "tx37e805d591fc48b889abe-0068e16afe" "proxy-server 94717" 0.0005 "-" 93384 0
Oct 04 14:44:14 np0005470878.novalocal container-server[93384]: ::1 - - [04/Oct/2025:18:44:14 +0000] "HEAD /1/96143/AUTH_3c12f327ec924e3c89731d403fb9bd42/gnocchi.91ed4653-c476-4df6-bbaa-4396cfcc2049" 404 - "HEAD http://[::1]:8080/v1/AUTH_3c12f327ec924e3c89731d403fb9bd42/gnocchi.91ed4653-c476-4df6-bbaa-4396cfcc2049" "tx37e805d591fc48b889abe-0068e16afe" "proxy-server 94717" 0.0003 "-" 93384 0
Oct 04 14:44:14 np0005470878.novalocal container-server[93384]: ::1 - - [04/Oct/2025:18:44:14 +0000] "HEAD /2/96143/AUTH_3c12f327ec924e3c89731d403fb9bd42/gnocchi.91ed4653-c476-4df6-bbaa-4396cfcc2049" 404 - "HEAD http://[::1]:8080/v1/AUTH_3c12f327ec924e3c89731d403fb9bd42/gnocchi.91ed4653-c476-4df6-bbaa-4396cfcc2049" "tx37e805d591fc48b889abe-0068e16afe" "proxy-server 94717" 0.0003 "-" 93384 0
Oct 04 14:44:14 np0005470878.novalocal proxy-server[94717]: - - 04/Oct/2025/18/44/14 HEAD /v1/AUTH_3c12f327ec924e3c89731d403fb9bd42/gnocchi.91ed4653-c476-4df6-bbaa-4396cfcc2049 HTTP/1.0 404 - Swift - - - - tx37e805d591fc48b889abe-0068e16afe - 0.0131 CS - 1759603454.546537876 1759603454.559605598 0
Oct 04 14:44:14 np0005470878.novalocal object-server[93717]: ::1 - - [04/Oct/2025:18:44:14 +0000] "GET /3/36399/AUTH_3c12f327ec924e3c89731d403fb9bd42/gnocchi.91ed4653-c476-4df6-bbaa-4396cfcc2049/none_v3" 404 70 "GET https://[::1]:8080/v1/AUTH_3c12f327ec924e3c89731d403fb9bd42/gnocchi.91ed4653-c476-4df6-bbaa-4396cfcc2049/none_v3" "tx37e805d591fc48b889abe-0068e16afe" "proxy-server 94717" 0.0005 "-" 93717 0
Oct 04 14:44:14 np0005470878.novalocal object-server[93716]: ::1 - - [04/Oct/2025:18:44:14 +0000] "GET /1/36399/AUTH_3c12f327ec924e3c89731d403fb9bd42/gnocchi.91ed4653-c476-4df6-bbaa-4396cfcc2049/none_v3" 404 70 "GET https://[::1]:8080/v1/AUTH_3c12f327ec924e3c89731d403fb9bd42/gnocchi.91ed4653-c476-4df6-bbaa-4396cfcc2049/none_v3" "tx37e805d591fc48b889abe-0068e16afe" "proxy-server 94717" 0.0003 "-" 93716 0
Oct 04 14:44:14 np0005470878.novalocal object-server[93717]: ::1 - - [04/Oct/2025:18:44:14 +0000] "GET /2/36399/AUTH_3c12f327ec924e3c89731d403fb9bd42/gnocchi.91ed4653-c476-4df6-bbaa-4396cfcc2049/none_v3" 404 70 "GET https://[::1]:8080/v1/AUTH_3c12f327ec924e3c89731d403fb9bd42/gnocchi.91ed4653-c476-4df6-bbaa-4396cfcc2049/none_v3" "tx37e805d591fc48b889abe-0068e16afe" "proxy-server 94717" 0.0004 "-" 93717 0
Oct 04 14:44:14 np0005470878.novalocal proxy-server[94717]: ::1 ::1 04/Oct/2025/18/44/14 GET /v1/AUTH_3c12f327ec924e3c89731d403fb9bd42/gnocchi.91ed4653-c476-4df6-bbaa-4396cfcc2049/none_v3 HTTP/1.0 404 - python-swiftclient-4.7.0 gAAAAABo4Wq9xl3N... - 70 - tx37e805d591fc48b889abe-0068e16afe - 0.0281 - - 1759603454.545904398 1759603454.574043036 0
Oct 04 14:44:14 np0005470878.novalocal container-server[93383]: ::1 - - [04/Oct/2025:18:44:14 +0000] "PUT /1/10845/AUTH_3c12f327ec924e3c89731d403fb9bd42/gnocchi.bfce1d2a-322d-4a83-8f08-e14f665386c3/1759320000.0_mean_300.0_v3" 201 - "PUT http://[::1]:8080/1/166947/AUTH_3c12f327ec924e3c89731d403fb9bd42/gnocchi.bfce1d2a-322d-4a83-8f08-e14f665386c3/1759320000.0_mean_300.0_v3" "tx0d9b7f96bdbc46c492b71-0068e16afe" "object-server 93716" 0.0006 "-" 93383 0
Oct 04 14:44:14 np0005470878.novalocal object-server[93716]: ::1 - - [04/Oct/2025:18:44:14 +0000] "PUT /1/166947/AUTH_3c12f327ec924e3c89731d403fb9bd42/gnocchi.bfce1d2a-322d-4a83-8f08-e14f665386c3/1759320000.0_mean_300.0_v3" 201 - "PUT https://[::1]:8080/v1/AUTH_3c12f327ec924e3c89731d403fb9bd42/gnocchi.bfce1d2a-322d-4a83-8f08-e14f665386c3/1759320000.0_mean_300.0_v3" "tx0d9b7f96bdbc46c492b71-0068e16afe" "proxy-server 94716" 0.0397 "-" 93716 0
Oct 04 14:44:14 np0005470878.novalocal account-server[93089]: ::1 - - [04/Oct/2025:18:44:14 +0000] "PUT /1/140569/AUTH_3c12f327ec924e3c89731d403fb9bd42/gnocchi.91ed4653-c476-4df6-bbaa-4396cfcc2049" 201 - "PUT http://[::1]:6001/1/96143/AUTH_3c12f327ec924e3c89731d403fb9bd42/gnocchi.91ed4653-c476-4df6-bbaa-4396cfcc2049" "txff7400961ee642b888f03-0068e16afe" "container-server 93383" 0.0044 "-" 93089 0
Oct 04 14:44:14 np0005470878.novalocal container-server[93383]: ::1 - - [04/Oct/2025:18:44:14 +0000] "PUT /1/96143/AUTH_3c12f327ec924e3c89731d403fb9bd42/gnocchi.91ed4653-c476-4df6-bbaa-4396cfcc2049" 201 - "PUT https://[::1]:8080/v1/AUTH_3c12f327ec924e3c89731d403fb9bd42/gnocchi.91ed4653-c476-4df6-bbaa-4396cfcc2049" "txff7400961ee642b888f03-0068e16afe" "proxy-server 94717" 0.0196 "-" 93383 0
Oct 04 14:44:14 np0005470878.novalocal container-server[93384]: ::1 - - [04/Oct/2025:18:44:14 +0000] "PUT /2/10845/AUTH_3c12f327ec924e3c89731d403fb9bd42/gnocchi.bfce1d2a-322d-4a83-8f08-e14f665386c3/1759320000.0_mean_300.0_v3" 201 - "PUT http://[::1]:8080/2/166947/AUTH_3c12f327ec924e3c89731d403fb9bd42/gnocchi.bfce1d2a-322d-4a83-8f08-e14f665386c3/1759320000.0_mean_300.0_v3" "tx0d9b7f96bdbc46c492b71-0068e16afe" "object-server 93716" 0.0007 "-" 93384 0
Oct 04 14:44:14 np0005470878.novalocal object-server[93716]: ::1 - - [04/Oct/2025:18:44:14 +0000] "PUT /2/166947/AUTH_3c12f327ec924e3c89731d403fb9bd42/gnocchi.bfce1d2a-322d-4a83-8f08-e14f665386c3/1759320000.0_mean_300.0_v3" 201 - "PUT https://[::1]:8080/v1/AUTH_3c12f327ec924e3c89731d403fb9bd42/gnocchi.bfce1d2a-322d-4a83-8f08-e14f665386c3/1759320000.0_mean_300.0_v3" "tx0d9b7f96bdbc46c492b71-0068e16afe" "proxy-server 94716" 0.0504 "-" 93716 0
Oct 04 14:44:14 np0005470878.novalocal container-server[93384]: ::1 - - [04/Oct/2025:18:44:14 +0000] "PUT /3/10845/AUTH_3c12f327ec924e3c89731d403fb9bd42/gnocchi.bfce1d2a-322d-4a83-8f08-e14f665386c3/1759320000.0_mean_300.0_v3" 201 - "PUT http://[::1]:8080/3/166947/AUTH_3c12f327ec924e3c89731d403fb9bd42/gnocchi.bfce1d2a-322d-4a83-8f08-e14f665386c3/1759320000.0_mean_300.0_v3" "tx0d9b7f96bdbc46c492b71-0068e16afe" "object-server 93716" 0.0007 "-" 93384 0
Oct 04 14:44:14 np0005470878.novalocal object-server[93716]: ::1 - - [04/Oct/2025:18:44:14 +0000] "PUT /3/166947/AUTH_3c12f327ec924e3c89731d403fb9bd42/gnocchi.bfce1d2a-322d-4a83-8f08-e14f665386c3/1759320000.0_mean_300.0_v3" 201 - "PUT https://[::1]:8080/v1/AUTH_3c12f327ec924e3c89731d403fb9bd42/gnocchi.bfce1d2a-322d-4a83-8f08-e14f665386c3/1759320000.0_mean_300.0_v3" "tx0d9b7f96bdbc46c492b71-0068e16afe" "proxy-server 94716" 0.0488 "-" 93716 0
Oct 04 14:44:14 np0005470878.novalocal account-server[93089]: ::1 - - [04/Oct/2025:18:44:14 +0000] "PUT /2/140569/AUTH_3c12f327ec924e3c89731d403fb9bd42/gnocchi.91ed4653-c476-4df6-bbaa-4396cfcc2049" 201 - "PUT http://[::1]:6001/2/96143/AUTH_3c12f327ec924e3c89731d403fb9bd42/gnocchi.91ed4653-c476-4df6-bbaa-4396cfcc2049" "txff7400961ee642b888f03-0068e16afe" "container-server 93384" 0.0058 "-" 93089 0
Oct 04 14:44:14 np0005470878.novalocal proxy-server[94716]: ::1 ::1 04/Oct/2025/18/44/14 PUT /v1/AUTH_3c12f327ec924e3c89731d403fb9bd42/gnocchi.bfce1d2a-322d-4a83-8f08-e14f665386c3/1759320000.0_mean_300.0_v3 HTTP/1.0 201 - python-swiftclient-4.7.0 gAAAAABo4WrHdnea... 16 - - tx0d9b7f96bdbc46c492b71-0068e16afe - 0.0583 - - 1759603454.551696777 1759603454.610034466 0
Oct 04 14:44:14 np0005470878.novalocal container-server[93384]: ::1 - - [04/Oct/2025:18:44:14 +0000] "PUT /2/96143/AUTH_3c12f327ec924e3c89731d403fb9bd42/gnocchi.91ed4653-c476-4df6-bbaa-4396cfcc2049" 201 - "PUT https://[::1]:8080/v1/AUTH_3c12f327ec924e3c89731d403fb9bd42/gnocchi.91ed4653-c476-4df6-bbaa-4396cfcc2049" "txff7400961ee642b888f03-0068e16afe" "proxy-server 94717" 0.0187 "-" 93384 0
Oct 04 14:44:14 np0005470878.novalocal account-server[93088]: ::1 - - [04/Oct/2025:18:44:14 +0000] "PUT /3/140569/AUTH_3c12f327ec924e3c89731d403fb9bd42/gnocchi.91ed4653-c476-4df6-bbaa-4396cfcc2049" 201 - "PUT http://[::1]:6001/3/96143/AUTH_3c12f327ec924e3c89731d403fb9bd42/gnocchi.91ed4653-c476-4df6-bbaa-4396cfcc2049" "txff7400961ee642b888f03-0068e16afe" "container-server 93384" 0.0080 "-" 93088 0
Oct 04 14:44:14 np0005470878.novalocal container-server[93384]: ::1 - - [04/Oct/2025:18:44:14 +0000] "PUT /3/96143/AUTH_3c12f327ec924e3c89731d403fb9bd42/gnocchi.91ed4653-c476-4df6-bbaa-4396cfcc2049" 201 - "PUT https://[::1]:8080/v1/AUTH_3c12f327ec924e3c89731d403fb9bd42/gnocchi.91ed4653-c476-4df6-bbaa-4396cfcc2049" "txff7400961ee642b888f03-0068e16afe" "proxy-server 94717" 0.0325 "-" 93384 0
Oct 04 14:44:14 np0005470878.novalocal proxy-server[94717]: ::1 ::1 04/Oct/2025/18/44/14 PUT /v1/AUTH_3c12f327ec924e3c89731d403fb9bd42/gnocchi.91ed4653-c476-4df6-bbaa-4396cfcc2049 HTTP/1.0 201 - python-swiftclient-4.7.0 gAAAAABo4Wq9xl3N... - - - txff7400961ee642b888f03-0068e16afe - 0.0472 - - 1759603454.576314926 1759603454.623487234 0
Oct 04 14:44:14 np0005470878.novalocal container-server[93384]: ::1 - - [04/Oct/2025:18:44:14 +0000] "HEAD /2/96143/AUTH_3c12f327ec924e3c89731d403fb9bd42/gnocchi.91ed4653-c476-4df6-bbaa-4396cfcc2049" 204 - "HEAD http://[::1]:8080/v1/AUTH_3c12f327ec924e3c89731d403fb9bd42/gnocchi.91ed4653-c476-4df6-bbaa-4396cfcc2049" "tx751e33aa4dc341de86731-0068e16afe" "proxy-server 94717" 0.0028 "-" 93384 0
Oct 04 14:44:14 np0005470878.novalocal proxy-server[94717]: - - 04/Oct/2025/18/44/14 HEAD /v1/AUTH_3c12f327ec924e3c89731d403fb9bd42/gnocchi.91ed4653-c476-4df6-bbaa-4396cfcc2049 HTTP/1.0 204 - Swift - - - - tx751e33aa4dc341de86731-0068e16afe - 0.0080 CS - 1759603454.628091335 1759603454.636134386 0
Oct 04 14:44:14 np0005470878.novalocal container-server[93384]: ::1 - - [04/Oct/2025:18:44:14 +0000] "GET /2/96143/AUTH_3c12f327ec924e3c89731d403fb9bd42/gnocchi.91ed4653-c476-4df6-bbaa-4396cfcc2049" 200 2 "GET https://[::1]:8080/v1/AUTH_3c12f327ec924e3c89731d403fb9bd42/gnocchi.91ed4653-c476-4df6-bbaa-4396cfcc2049?format=json&states=listing" "tx751e33aa4dc341de86731-0068e16afe" "proxy-server 94717" 0.0035 "-" 93384 0
Oct 04 14:44:14 np0005470878.novalocal proxy-server[94717]: ::1 ::1 04/Oct/2025/18/44/14 GET /v1/AUTH_3c12f327ec924e3c89731d403fb9bd42/gnocchi.91ed4653-c476-4df6-bbaa-4396cfcc2049%3Fformat%3Djson%26states%3Dlisting HTTP/1.0 200 - python-swiftclient-4.7.0 gAAAAABo4Wq9xl3N... - 2 - tx751e33aa4dc341de86731-0068e16afe - 0.0292 - - 1759603454.627303123 1759603454.656506777 0
Oct 04 14:44:14 np0005470878.novalocal container-server[93384]: ::1 - - [04/Oct/2025:18:44:14 +0000] "PUT /3/31310/AUTH_3c12f327ec924e3c89731d403fb9bd42/gnocchi.0ce2a7af-c5c6-4929-b47a-b94987d5cf43/none_v3" 201 - "PUT http://[::1]:8080/3/31783/AUTH_3c12f327ec924e3c89731d403fb9bd42/gnocchi.0ce2a7af-c5c6-4929-b47a-b94987d5cf43/none_v3" "txa06826bd83ff40a4a2854-0068e16afe" "object-server 93716" 0.0028 "-" 93384 0
Oct 04 14:44:14 np0005470878.novalocal container-server[93384]: ::1 - - [04/Oct/2025:18:44:14 +0000] "PUT /1/31310/AUTH_3c12f327ec924e3c89731d403fb9bd42/gnocchi.0ce2a7af-c5c6-4929-b47a-b94987d5cf43/none_v3" 201 - "PUT http://[::1]:8080/1/31783/AUTH_3c12f327ec924e3c89731d403fb9bd42/gnocchi.0ce2a7af-c5c6-4929-b47a-b94987d5cf43/none_v3" "txa06826bd83ff40a4a2854-0068e16afe" "object-server 93717" 0.0006 "-" 93384 0
Oct 04 14:44:14 np0005470878.novalocal object-server[93716]: ::1 - - [04/Oct/2025:18:44:14 +0000] "PUT /3/31783/AUTH_3c12f327ec924e3c89731d403fb9bd42/gnocchi.0ce2a7af-c5c6-4929-b47a-b94987d5cf43/none_v3" 201 - "PUT https://[::1]:8080/v1/AUTH_3c12f327ec924e3c89731d403fb9bd42/gnocchi.0ce2a7af-c5c6-4929-b47a-b94987d5cf43/none_v3" "txa06826bd83ff40a4a2854-0068e16afe" "proxy-server 94716" 0.0309 "-" 93716 0
Oct 04 14:44:14 np0005470878.novalocal container-server[93384]: ::1 - - [04/Oct/2025:18:44:14 +0000] "PUT /2/31310/AUTH_3c12f327ec924e3c89731d403fb9bd42/gnocchi.0ce2a7af-c5c6-4929-b47a-b94987d5cf43/none_v3" 201 - "PUT http://[::1]:8080/2/31783/AUTH_3c12f327ec924e3c89731d403fb9bd42/gnocchi.0ce2a7af-c5c6-4929-b47a-b94987d5cf43/none_v3" "txa06826bd83ff40a4a2854-0068e16afe" "object-server 93717" 0.0006 "-" 93384 0
Oct 04 14:44:14 np0005470878.novalocal object-server[93717]: ::1 - - [04/Oct/2025:18:44:14 +0000] "PUT /1/31783/AUTH_3c12f327ec924e3c89731d403fb9bd42/gnocchi.0ce2a7af-c5c6-4929-b47a-b94987d5cf43/none_v3" 201 - "PUT https://[::1]:8080/v1/AUTH_3c12f327ec924e3c89731d403fb9bd42/gnocchi.0ce2a7af-c5c6-4929-b47a-b94987d5cf43/none_v3" "txa06826bd83ff40a4a2854-0068e16afe" "proxy-server 94716" 0.0315 "-" 93717 0
Oct 04 14:44:14 np0005470878.novalocal object-server[93717]: ::1 - - [04/Oct/2025:18:44:14 +0000] "PUT /2/31783/AUTH_3c12f327ec924e3c89731d403fb9bd42/gnocchi.0ce2a7af-c5c6-4929-b47a-b94987d5cf43/none_v3" 201 - "PUT https://[::1]:8080/v1/AUTH_3c12f327ec924e3c89731d403fb9bd42/gnocchi.0ce2a7af-c5c6-4929-b47a-b94987d5cf43/none_v3" "txa06826bd83ff40a4a2854-0068e16afe" "proxy-server 94716" 0.0302 "-" 93717 0
Oct 04 14:44:14 np0005470878.novalocal proxy-server[94716]: ::1 ::1 04/Oct/2025/18/44/14 PUT /v1/AUTH_3c12f327ec924e3c89731d403fb9bd42/gnocchi.0ce2a7af-c5c6-4929-b47a-b94987d5cf43/none_v3 HTTP/1.0 201 - python-swiftclient-4.7.0 gAAAAABo4WrHdnea... 22 - - txa06826bd83ff40a4a2854-0068e16afe - 0.0493 - - 1759603454.614665270 1759603454.663975000 0
Oct 04 14:44:14 np0005470878.novalocal object-server[93717]: ::1 - - [04/Oct/2025:18:44:14 +0000] "GET /2/103601/AUTH_3c12f327ec924e3c89731d403fb9bd42/gnocchi.91ed4653-c476-4df6-bbaa-4396cfcc2049/1759320000.0_mean_300.0_v3" 404 70 "GET https://[::1]:8080/v1/AUTH_3c12f327ec924e3c89731d403fb9bd42/gnocchi.91ed4653-c476-4df6-bbaa-4396cfcc2049/1759320000.0_mean_300.0_v3" "tx5f895cd662bf4d9eaf61c-0068e16afe" "proxy-server 94717" 0.0006 "-" 93717 0
Oct 04 14:44:14 np0005470878.novalocal object-server[93717]: ::1 - - [04/Oct/2025:18:44:14 +0000] "GET /1/103601/AUTH_3c12f327ec924e3c89731d403fb9bd42/gnocchi.91ed4653-c476-4df6-bbaa-4396cfcc2049/1759320000.0_mean_300.0_v3" 404 70 "GET https://[::1]:8080/v1/AUTH_3c12f327ec924e3c89731d403fb9bd42/gnocchi.91ed4653-c476-4df6-bbaa-4396cfcc2049/1759320000.0_mean_300.0_v3" "tx5f895cd662bf4d9eaf61c-0068e16afe" "proxy-server 94717" 0.0003 "-" 93717 0
Oct 04 14:44:14 np0005470878.novalocal object-server[93717]: ::1 - - [04/Oct/2025:18:44:14 +0000] "GET /3/103601/AUTH_3c12f327ec924e3c89731d403fb9bd42/gnocchi.91ed4653-c476-4df6-bbaa-4396cfcc2049/1759320000.0_mean_300.0_v3" 404 70 "GET https://[::1]:8080/v1/AUTH_3c12f327ec924e3c89731d403fb9bd42/gnocchi.91ed4653-c476-4df6-bbaa-4396cfcc2049/1759320000.0_mean_300.0_v3" "tx5f895cd662bf4d9eaf61c-0068e16afe" "proxy-server 94717" 0.0007 "-" 93717 0
Oct 04 14:44:14 np0005470878.novalocal proxy-server[94717]: ::1 ::1 04/Oct/2025/18/44/14 GET /v1/AUTH_3c12f327ec924e3c89731d403fb9bd42/gnocchi.91ed4653-c476-4df6-bbaa-4396cfcc2049/1759320000.0_mean_300.0_v3 HTTP/1.0 404 - python-swiftclient-4.7.0 gAAAAABo4Wq9xl3N... - 70 - tx5f895cd662bf4d9eaf61c-0068e16afe - 0.0241 - - 1759603454.660797119 1759603454.684857845 0
Oct 04 14:44:14 np0005470878.novalocal container-server[93383]: ::1 - - [04/Oct/2025:18:44:14 +0000] "PUT /1/10845/AUTH_3c12f327ec924e3c89731d403fb9bd42/gnocchi.bfce1d2a-322d-4a83-8f08-e14f665386c3/none_v3" 201 - "PUT http://[::1]:8080/1/147824/AUTH_3c12f327ec924e3c89731d403fb9bd42/gnocchi.bfce1d2a-322d-4a83-8f08-e14f665386c3/none_v3" "tx173ee7826cc045c7b5899-0068e16afe" "object-server 93716" 0.0005 "-" 93383 0
Oct 04 14:44:14 np0005470878.novalocal object-server[93716]: ::1 - - [04/Oct/2025:18:44:14 +0000] "PUT /1/147824/AUTH_3c12f327ec924e3c89731d403fb9bd42/gnocchi.bfce1d2a-322d-4a83-8f08-e14f665386c3/none_v3" 201 - "PUT https://[::1]:8080/v1/AUTH_3c12f327ec924e3c89731d403fb9bd42/gnocchi.bfce1d2a-322d-4a83-8f08-e14f665386c3/none_v3" "tx173ee7826cc045c7b5899-0068e16afe" "proxy-server 94716" 0.0189 "-" 93716 0
Oct 04 14:44:14 np0005470878.novalocal container-server[93384]: ::1 - - [04/Oct/2025:18:44:14 +0000] "PUT /3/10845/AUTH_3c12f327ec924e3c89731d403fb9bd42/gnocchi.bfce1d2a-322d-4a83-8f08-e14f665386c3/none_v3" 201 - "PUT http://[::1]:8080/2/147824/AUTH_3c12f327ec924e3c89731d403fb9bd42/gnocchi.bfce1d2a-322d-4a83-8f08-e14f665386c3/none_v3" "tx173ee7826cc045c7b5899-0068e16afe" "object-server 93717" 0.0005 "-" 93384 0
Oct 04 14:44:14 np0005470878.novalocal object-server[93717]: ::1 - - [04/Oct/2025:18:44:14 +0000] "PUT /2/147824/AUTH_3c12f327ec924e3c89731d403fb9bd42/gnocchi.bfce1d2a-322d-4a83-8f08-e14f665386c3/none_v3" 201 - "PUT https://[::1]:8080/v1/AUTH_3c12f327ec924e3c89731d403fb9bd42/gnocchi.bfce1d2a-322d-4a83-8f08-e14f665386c3/none_v3" "tx173ee7826cc045c7b5899-0068e16afe" "proxy-server 94716" 0.0228 "-" 93717 0
Oct 04 14:44:14 np0005470878.novalocal container-server[93383]: ::1 - - [04/Oct/2025:18:44:14 +0000] "PUT /2/10845/AUTH_3c12f327ec924e3c89731d403fb9bd42/gnocchi.bfce1d2a-322d-4a83-8f08-e14f665386c3/none_v3" 201 - "PUT http://[::1]:8080/3/147824/AUTH_3c12f327ec924e3c89731d403fb9bd42/gnocchi.bfce1d2a-322d-4a83-8f08-e14f665386c3/none_v3" "tx173ee7826cc045c7b5899-0068e16afe" "object-server 93716" 0.0005 "-" 93383 0
