Oct 04 14:44:14 np0005470878.novalocal object-server[93716]: ::1 - - [04/Oct/2025:18:44:14 +0000] "PUT /3/147824/AUTH_3c12f327ec924e3c89731d403fb9bd42/gnocchi.bfce1d2a-322d-4a83-8f08-e14f665386c3/none_v3" 201 - "PUT https://[::1]:8080/v1/AUTH_3c12f327ec924e3c89731d403fb9bd42/gnocchi.bfce1d2a-322d-4a83-8f08-e14f665386c3/none_v3" "tx173ee7826cc045c7b5899-0068e16afe" "proxy-server 94716" 0.0298 "-" 93716 0
Oct 04 14:44:14 np0005470878.novalocal proxy-server[94716]: ::1 ::1 04/Oct/2025/18/44/14 PUT /v1/AUTH_3c12f327ec924e3c89731d403fb9bd42/gnocchi.bfce1d2a-322d-4a83-8f08-e14f665386c3/none_v3 HTTP/1.0 201 - python-swiftclient-4.7.0 gAAAAABo4WrHdnea... 22 - - tx173ee7826cc045c7b5899-0068e16afe - 0.0371 - - 1759603454.667439222 1759603454.704550028 0
Oct 04 14:44:14 np0005470878.novalocal container-server[93384]: ::1 - - [04/Oct/2025:18:44:14 +0000] "PUT /2/96143/AUTH_3c12f327ec924e3c89731d403fb9bd42/gnocchi.91ed4653-c476-4df6-bbaa-4396cfcc2049/1759320000.0_mean_300.0_v3" 201 - "PUT http://[::1]:8080/1/103601/AUTH_3c12f327ec924e3c89731d403fb9bd42/gnocchi.91ed4653-c476-4df6-bbaa-4396cfcc2049/1759320000.0_mean_300.0_v3" "tx615f51eef5ad45329c99b-0068e16afe" "object-server 93716" 0.0005 "-" 93384 0
Oct 04 14:44:14 np0005470878.novalocal object-server[93716]: ::1 - - [04/Oct/2025:18:44:14 +0000] "PUT /1/103601/AUTH_3c12f327ec924e3c89731d403fb9bd42/gnocchi.91ed4653-c476-4df6-bbaa-4396cfcc2049/1759320000.0_mean_300.0_v3" 201 - "PUT https://[::1]:8080/v1/AUTH_3c12f327ec924e3c89731d403fb9bd42/gnocchi.91ed4653-c476-4df6-bbaa-4396cfcc2049/1759320000.0_mean_300.0_v3" "tx615f51eef5ad45329c99b-0068e16afe" "proxy-server 94717" 0.0147 "-" 93716 0
Oct 04 14:44:14 np0005470878.novalocal container-server[93384]: ::1 - - [04/Oct/2025:18:44:14 +0000] "PUT /1/96143/AUTH_3c12f327ec924e3c89731d403fb9bd42/gnocchi.91ed4653-c476-4df6-bbaa-4396cfcc2049/1759320000.0_mean_300.0_v3" 201 - "PUT http://[::1]:8080/2/103601/AUTH_3c12f327ec924e3c89731d403fb9bd42/gnocchi.91ed4653-c476-4df6-bbaa-4396cfcc2049/1759320000.0_mean_300.0_v3" "tx615f51eef5ad45329c99b-0068e16afe" "object-server 93716" 0.0006 "-" 93384 0
Oct 04 14:44:14 np0005470878.novalocal object-server[93716]: ::1 - - [04/Oct/2025:18:44:14 +0000] "PUT /2/103601/AUTH_3c12f327ec924e3c89731d403fb9bd42/gnocchi.91ed4653-c476-4df6-bbaa-4396cfcc2049/1759320000.0_mean_300.0_v3" 201 - "PUT https://[::1]:8080/v1/AUTH_3c12f327ec924e3c89731d403fb9bd42/gnocchi.91ed4653-c476-4df6-bbaa-4396cfcc2049/1759320000.0_mean_300.0_v3" "tx615f51eef5ad45329c99b-0068e16afe" "proxy-server 94717" 0.0180 "-" 93716 0
Oct 04 14:44:14 np0005470878.novalocal container-server[93384]: ::1 - - [04/Oct/2025:18:44:14 +0000] "PUT /3/96143/AUTH_3c12f327ec924e3c89731d403fb9bd42/gnocchi.91ed4653-c476-4df6-bbaa-4396cfcc2049/1759320000.0_mean_300.0_v3" 201 - "PUT http://[::1]:8080/3/103601/AUTH_3c12f327ec924e3c89731d403fb9bd42/gnocchi.91ed4653-c476-4df6-bbaa-4396cfcc2049/1759320000.0_mean_300.0_v3" "tx615f51eef5ad45329c99b-0068e16afe" "object-server 93717" 0.0007 "-" 93384 0
Oct 04 14:44:14 np0005470878.novalocal object-server[93717]: ::1 - - [04/Oct/2025:18:44:14 +0000] "PUT /3/103601/AUTH_3c12f327ec924e3c89731d403fb9bd42/gnocchi.91ed4653-c476-4df6-bbaa-4396cfcc2049/1759320000.0_mean_300.0_v3" 201 - "PUT https://[::1]:8080/v1/AUTH_3c12f327ec924e3c89731d403fb9bd42/gnocchi.91ed4653-c476-4df6-bbaa-4396cfcc2049/1759320000.0_mean_300.0_v3" "tx615f51eef5ad45329c99b-0068e16afe" "proxy-server 94717" 0.0218 "-" 93717 0
Oct 04 14:44:14 np0005470878.novalocal proxy-server[94717]: ::1 ::1 04/Oct/2025/18/44/14 PUT /v1/AUTH_3c12f327ec924e3c89731d403fb9bd42/gnocchi.91ed4653-c476-4df6-bbaa-4396cfcc2049/1759320000.0_mean_300.0_v3 HTTP/1.0 201 - python-swiftclient-4.7.0 gAAAAABo4Wq9xl3N... 16 - - tx615f51eef5ad45329c99b-0068e16afe - 0.0299 - - 1759603454.689597845 1759603454.719501734 0
Oct 04 14:44:14 np0005470878.novalocal container-server[93384]: ::1 - - [04/Oct/2025:18:44:14 +0000] "HEAD /3/185181/AUTH_3c12f327ec924e3c89731d403fb9bd42/gnocchi.62f6f5bb-24fd-443e-a2dc-2218142ce1cb" 404 - "HEAD http://[::1]:8080/v1/AUTH_3c12f327ec924e3c89731d403fb9bd42/gnocchi.62f6f5bb-24fd-443e-a2dc-2218142ce1cb" "tx57b3a30b8db84aaf9b748-0068e16afe" "proxy-server 94716" 0.0017 "-" 93384 0
Oct 04 14:44:14 np0005470878.novalocal container-server[93383]: ::1 - - [04/Oct/2025:18:44:14 +0000] "HEAD /1/185181/AUTH_3c12f327ec924e3c89731d403fb9bd42/gnocchi.62f6f5bb-24fd-443e-a2dc-2218142ce1cb" 404 - "HEAD http://[::1]:8080/v1/AUTH_3c12f327ec924e3c89731d403fb9bd42/gnocchi.62f6f5bb-24fd-443e-a2dc-2218142ce1cb" "tx57b3a30b8db84aaf9b748-0068e16afe" "proxy-server 94716" 0.0003 "-" 93383 0
Oct 04 14:44:14 np0005470878.novalocal container-server[93384]: ::1 - - [04/Oct/2025:18:44:14 +0000] "HEAD /2/185181/AUTH_3c12f327ec924e3c89731d403fb9bd42/gnocchi.62f6f5bb-24fd-443e-a2dc-2218142ce1cb" 404 - "HEAD http://[::1]:8080/v1/AUTH_3c12f327ec924e3c89731d403fb9bd42/gnocchi.62f6f5bb-24fd-443e-a2dc-2218142ce1cb" "tx57b3a30b8db84aaf9b748-0068e16afe" "proxy-server 94716" 0.0003 "-" 93384 0
Oct 04 14:44:14 np0005470878.novalocal proxy-server[94716]: - - 04/Oct/2025/18/44/14 HEAD /v1/AUTH_3c12f327ec924e3c89731d403fb9bd42/gnocchi.62f6f5bb-24fd-443e-a2dc-2218142ce1cb HTTP/1.0 404 - Swift - - - - tx57b3a30b8db84aaf9b748-0068e16afe - 0.0100 CS - 1759603454.724924564 1759603454.734931231 0
Oct 04 14:44:14 np0005470878.novalocal object-server[93716]: ::1 - - [04/Oct/2025:18:44:14 +0000] "GET /1/145112/AUTH_3c12f327ec924e3c89731d403fb9bd42/gnocchi.62f6f5bb-24fd-443e-a2dc-2218142ce1cb/none_v3" 404 70 "GET https://[::1]:8080/v1/AUTH_3c12f327ec924e3c89731d403fb9bd42/gnocchi.62f6f5bb-24fd-443e-a2dc-2218142ce1cb/none_v3" "tx57b3a30b8db84aaf9b748-0068e16afe" "proxy-server 94716" 0.0003 "-" 93716 0
Oct 04 14:44:14 np0005470878.novalocal object-server[93717]: ::1 - - [04/Oct/2025:18:44:14 +0000] "GET /2/145112/AUTH_3c12f327ec924e3c89731d403fb9bd42/gnocchi.62f6f5bb-24fd-443e-a2dc-2218142ce1cb/none_v3" 404 70 "GET https://[::1]:8080/v1/AUTH_3c12f327ec924e3c89731d403fb9bd42/gnocchi.62f6f5bb-24fd-443e-a2dc-2218142ce1cb/none_v3" "tx57b3a30b8db84aaf9b748-0068e16afe" "proxy-server 94716" 0.0006 "-" 93717 0
Oct 04 14:44:14 np0005470878.novalocal object-server[93716]: ::1 - - [04/Oct/2025:18:44:14 +0000] "GET /3/145112/AUTH_3c12f327ec924e3c89731d403fb9bd42/gnocchi.62f6f5bb-24fd-443e-a2dc-2218142ce1cb/none_v3" 404 70 "GET https://[::1]:8080/v1/AUTH_3c12f327ec924e3c89731d403fb9bd42/gnocchi.62f6f5bb-24fd-443e-a2dc-2218142ce1cb/none_v3" "tx57b3a30b8db84aaf9b748-0068e16afe" "proxy-server 94716" 0.0003 "-" 93716 0
Oct 04 14:44:14 np0005470878.novalocal proxy-server[94716]: ::1 ::1 04/Oct/2025/18/44/14 GET /v1/AUTH_3c12f327ec924e3c89731d403fb9bd42/gnocchi.62f6f5bb-24fd-443e-a2dc-2218142ce1cb/none_v3 HTTP/1.0 404 - python-swiftclient-4.7.0 gAAAAABo4WrHdnea... - 70 - tx57b3a30b8db84aaf9b748-0068e16afe - 0.0230 - - 1759603454.724411249 1759603454.747446299 0
Oct 04 14:44:14 np0005470878.novalocal container-server[93383]: ::1 - - [04/Oct/2025:18:44:14 +0000] "PUT /2/96143/AUTH_3c12f327ec924e3c89731d403fb9bd42/gnocchi.91ed4653-c476-4df6-bbaa-4396cfcc2049/none_v3" 201 - "PUT http://[::1]:8080/2/36399/AUTH_3c12f327ec924e3c89731d403fb9bd42/gnocchi.91ed4653-c476-4df6-bbaa-4396cfcc2049/none_v3" "tx7d5f4b1418c5480b9c24d-0068e16afe" "object-server 93716" 0.0005 "-" 93383 0
Oct 04 14:44:14 np0005470878.novalocal object-server[93716]: ::1 - - [04/Oct/2025:18:44:14 +0000] "PUT /2/36399/AUTH_3c12f327ec924e3c89731d403fb9bd42/gnocchi.91ed4653-c476-4df6-bbaa-4396cfcc2049/none_v3" 201 - "PUT https://[::1]:8080/v1/AUTH_3c12f327ec924e3c89731d403fb9bd42/gnocchi.91ed4653-c476-4df6-bbaa-4396cfcc2049/none_v3" "tx7d5f4b1418c5480b9c24d-0068e16afe" "proxy-server 94717" 0.0203 "-" 93716 0
Oct 04 14:44:14 np0005470878.novalocal container-server[93384]: ::1 - - [04/Oct/2025:18:44:14 +0000] "PUT /3/96143/AUTH_3c12f327ec924e3c89731d403fb9bd42/gnocchi.91ed4653-c476-4df6-bbaa-4396cfcc2049/none_v3" 201 - "PUT http://[::1]:8080/3/36399/AUTH_3c12f327ec924e3c89731d403fb9bd42/gnocchi.91ed4653-c476-4df6-bbaa-4396cfcc2049/none_v3" "tx7d5f4b1418c5480b9c24d-0068e16afe" "object-server 93717" 0.0007 "-" 93384 0
Oct 04 14:44:14 np0005470878.novalocal object-server[93717]: ::1 - - [04/Oct/2025:18:44:14 +0000] "PUT /3/36399/AUTH_3c12f327ec924e3c89731d403fb9bd42/gnocchi.91ed4653-c476-4df6-bbaa-4396cfcc2049/none_v3" 201 - "PUT https://[::1]:8080/v1/AUTH_3c12f327ec924e3c89731d403fb9bd42/gnocchi.91ed4653-c476-4df6-bbaa-4396cfcc2049/none_v3" "tx7d5f4b1418c5480b9c24d-0068e16afe" "proxy-server 94717" 0.0192 "-" 93717 0
Oct 04 14:44:14 np0005470878.novalocal container-server[93384]: ::1 - - [04/Oct/2025:18:44:14 +0000] "PUT /1/96143/AUTH_3c12f327ec924e3c89731d403fb9bd42/gnocchi.91ed4653-c476-4df6-bbaa-4396cfcc2049/none_v3" 201 - "PUT http://[::1]:8080/1/36399/AUTH_3c12f327ec924e3c89731d403fb9bd42/gnocchi.91ed4653-c476-4df6-bbaa-4396cfcc2049/none_v3" "tx7d5f4b1418c5480b9c24d-0068e16afe" "object-server 93717" 0.0006 "-" 93384 0
Oct 04 14:44:14 np0005470878.novalocal object-server[93717]: ::1 - - [04/Oct/2025:18:44:14 +0000] "PUT /1/36399/AUTH_3c12f327ec924e3c89731d403fb9bd42/gnocchi.91ed4653-c476-4df6-bbaa-4396cfcc2049/none_v3" 201 - "PUT https://[::1]:8080/v1/AUTH_3c12f327ec924e3c89731d403fb9bd42/gnocchi.91ed4653-c476-4df6-bbaa-4396cfcc2049/none_v3" "tx7d5f4b1418c5480b9c24d-0068e16afe" "proxy-server 94717" 0.0240 "-" 93717 0
Oct 04 14:44:14 np0005470878.novalocal proxy-server[94717]: ::1 ::1 04/Oct/2025/18/44/14 PUT /v1/AUTH_3c12f327ec924e3c89731d403fb9bd42/gnocchi.91ed4653-c476-4df6-bbaa-4396cfcc2049/none_v3 HTTP/1.0 201 - python-swiftclient-4.7.0 gAAAAABo4Wq9xl3N... 22 - - tx7d5f4b1418c5480b9c24d-0068e16afe - 0.0325 - - 1759603454.721663952 1759603454.754203320 0
Oct 04 14:44:14 np0005470878.novalocal account-server[93088]: ::1 - - [04/Oct/2025:18:44:14 +0000] "PUT /2/140569/AUTH_3c12f327ec924e3c89731d403fb9bd42/gnocchi.62f6f5bb-24fd-443e-a2dc-2218142ce1cb" 201 - "PUT http://[::1]:6001/3/185181/AUTH_3c12f327ec924e3c89731d403fb9bd42/gnocchi.62f6f5bb-24fd-443e-a2dc-2218142ce1cb" "txd2697ab35e4f45d580a65-0068e16afe" "container-server 93384" 0.0078 "-" 93088 0
Oct 04 14:44:14 np0005470878.novalocal container-server[93384]: ::1 - - [04/Oct/2025:18:44:14 +0000] "PUT /3/185181/AUTH_3c12f327ec924e3c89731d403fb9bd42/gnocchi.62f6f5bb-24fd-443e-a2dc-2218142ce1cb" 201 - "PUT https://[::1]:8080/v1/AUTH_3c12f327ec924e3c89731d403fb9bd42/gnocchi.62f6f5bb-24fd-443e-a2dc-2218142ce1cb" "txd2697ab35e4f45d580a65-0068e16afe" "proxy-server 94716" 0.0223 "-" 93384 0
Oct 04 14:44:14 np0005470878.novalocal container-server[93383]: ::1 - - [04/Oct/2025:18:44:14 +0000] "HEAD /1/36655/AUTH_3c12f327ec924e3c89731d403fb9bd42/gnocchi.ea2dcd31-daa2-4d2b-9e8c-fc12ca759c57" 404 - "HEAD http://[::1]:8080/v1/AUTH_3c12f327ec924e3c89731d403fb9bd42/gnocchi.ea2dcd31-daa2-4d2b-9e8c-fc12ca759c57" "tx58c00b6372524a638c261-0068e16afe" "proxy-server 94717" 0.0003 "-" 93383 0
Oct 04 14:44:14 np0005470878.novalocal account-server[93089]: ::1 - - [04/Oct/2025:18:44:14 +0000] "PUT /1/140569/AUTH_3c12f327ec924e3c89731d403fb9bd42/gnocchi.62f6f5bb-24fd-443e-a2dc-2218142ce1cb" 201 - "PUT http://[::1]:6001/2/185181/AUTH_3c12f327ec924e3c89731d403fb9bd42/gnocchi.62f6f5bb-24fd-443e-a2dc-2218142ce1cb" "txd2697ab35e4f45d580a65-0068e16afe" "container-server 93383" 0.0051 "-" 93089 0
Oct 04 14:44:14 np0005470878.novalocal container-server[93384]: ::1 - - [04/Oct/2025:18:44:14 +0000] "HEAD /3/36655/AUTH_3c12f327ec924e3c89731d403fb9bd42/gnocchi.ea2dcd31-daa2-4d2b-9e8c-fc12ca759c57" 404 - "HEAD http://[::1]:8080/v1/AUTH_3c12f327ec924e3c89731d403fb9bd42/gnocchi.ea2dcd31-daa2-4d2b-9e8c-fc12ca759c57" "tx58c00b6372524a638c261-0068e16afe" "proxy-server 94717" 0.0004 "-" 93384 0
Oct 04 14:44:14 np0005470878.novalocal container-server[93383]: ::1 - - [04/Oct/2025:18:44:14 +0000] "PUT /2/185181/AUTH_3c12f327ec924e3c89731d403fb9bd42/gnocchi.62f6f5bb-24fd-443e-a2dc-2218142ce1cb" 201 - "PUT https://[::1]:8080/v1/AUTH_3c12f327ec924e3c89731d403fb9bd42/gnocchi.62f6f5bb-24fd-443e-a2dc-2218142ce1cb" "txd2697ab35e4f45d580a65-0068e16afe" "proxy-server 94716" 0.0156 "-" 93383 0
Oct 04 14:44:14 np0005470878.novalocal container-server[93383]: ::1 - - [04/Oct/2025:18:44:14 +0000] "HEAD /2/36655/AUTH_3c12f327ec924e3c89731d403fb9bd42/gnocchi.ea2dcd31-daa2-4d2b-9e8c-fc12ca759c57" 404 - "HEAD http://[::1]:8080/v1/AUTH_3c12f327ec924e3c89731d403fb9bd42/gnocchi.ea2dcd31-daa2-4d2b-9e8c-fc12ca759c57" "tx58c00b6372524a638c261-0068e16afe" "proxy-server 94717" 0.0002 "-" 93383 0
Oct 04 14:44:14 np0005470878.novalocal proxy-server[94717]: - - 04/Oct/2025/18/44/14 HEAD /v1/AUTH_3c12f327ec924e3c89731d403fb9bd42/gnocchi.ea2dcd31-daa2-4d2b-9e8c-fc12ca759c57 HTTP/1.0 404 - Swift - - - - tx58c00b6372524a638c261-0068e16afe - 0.0089 CS - 1759603454.774877071 1759603454.783794880 0
Oct 04 14:44:14 np0005470878.novalocal account-server[93088]: ::1 - - [04/Oct/2025:18:44:14 +0000] "PUT /3/140569/AUTH_3c12f327ec924e3c89731d403fb9bd42/gnocchi.62f6f5bb-24fd-443e-a2dc-2218142ce1cb" 201 - "PUT http://[::1]:6001/1/185181/AUTH_3c12f327ec924e3c89731d403fb9bd42/gnocchi.62f6f5bb-24fd-443e-a2dc-2218142ce1cb" "txd2697ab35e4f45d580a65-0068e16afe" "container-server 93383" 0.0078 "-" 93088 0
Oct 04 14:44:14 np0005470878.novalocal container-server[93383]: ::1 - - [04/Oct/2025:18:44:14 +0000] "PUT /1/185181/AUTH_3c12f327ec924e3c89731d403fb9bd42/gnocchi.62f6f5bb-24fd-443e-a2dc-2218142ce1cb" 201 - "PUT https://[::1]:8080/v1/AUTH_3c12f327ec924e3c89731d403fb9bd42/gnocchi.62f6f5bb-24fd-443e-a2dc-2218142ce1cb" "txd2697ab35e4f45d580a65-0068e16afe" "proxy-server 94716" 0.0294 "-" 93383 0
Oct 04 14:44:14 np0005470878.novalocal proxy-server[94716]: ::1 ::1 04/Oct/2025/18/44/14 PUT /v1/AUTH_3c12f327ec924e3c89731d403fb9bd42/gnocchi.62f6f5bb-24fd-443e-a2dc-2218142ce1cb HTTP/1.0 201 - python-swiftclient-4.7.0 gAAAAABo4WrHdnea... - - - txd2697ab35e4f45d580a65-0068e16afe - 0.0377 - - 1759603454.749500275 1759603454.787239075 0
Oct 04 14:44:14 np0005470878.novalocal object-server[93717]: ::1 - - [04/Oct/2025:18:44:14 +0000] "GET /3/98175/AUTH_3c12f327ec924e3c89731d403fb9bd42/gnocchi.ea2dcd31-daa2-4d2b-9e8c-fc12ca759c57/none_v3" 404 70 "GET https://[::1]:8080/v1/AUTH_3c12f327ec924e3c89731d403fb9bd42/gnocchi.ea2dcd31-daa2-4d2b-9e8c-fc12ca759c57/none_v3" "tx58c00b6372524a638c261-0068e16afe" "proxy-server 94717" 0.0006 "-" 93717 0
Oct 04 14:44:14 np0005470878.novalocal object-server[93716]: ::1 - - [04/Oct/2025:18:44:14 +0000] "GET /2/98175/AUTH_3c12f327ec924e3c89731d403fb9bd42/gnocchi.ea2dcd31-daa2-4d2b-9e8c-fc12ca759c57/none_v3" 404 70 "GET https://[::1]:8080/v1/AUTH_3c12f327ec924e3c89731d403fb9bd42/gnocchi.ea2dcd31-daa2-4d2b-9e8c-fc12ca759c57/none_v3" "tx58c00b6372524a638c261-0068e16afe" "proxy-server 94717" 0.0004 "-" 93716 0
Oct 04 14:44:14 np0005470878.novalocal container-server[93383]: ::1 - - [04/Oct/2025:18:44:14 +0000] "HEAD /2/185181/AUTH_3c12f327ec924e3c89731d403fb9bd42/gnocchi.62f6f5bb-24fd-443e-a2dc-2218142ce1cb" 204 - "HEAD http://[::1]:8080/v1/AUTH_3c12f327ec924e3c89731d403fb9bd42/gnocchi.62f6f5bb-24fd-443e-a2dc-2218142ce1cb" "txde80e720aeba41b2be09d-0068e16afe" "proxy-server 94716" 0.0013 "-" 93383 0
Oct 04 14:44:14 np0005470878.novalocal proxy-server[94716]: - - 04/Oct/2025/18/44/14 HEAD /v1/AUTH_3c12f327ec924e3c89731d403fb9bd42/gnocchi.62f6f5bb-24fd-443e-a2dc-2218142ce1cb HTTP/1.0 204 - Swift - - - - txde80e720aeba41b2be09d-0068e16afe - 0.0058 CS - 1759603454.790429592 1759603454.796187401 0
Oct 04 14:44:14 np0005470878.novalocal object-server[93716]: ::1 - - [04/Oct/2025:18:44:14 +0000] "GET /1/98175/AUTH_3c12f327ec924e3c89731d403fb9bd42/gnocchi.ea2dcd31-daa2-4d2b-9e8c-fc12ca759c57/none_v3" 404 70 "GET https://[::1]:8080/v1/AUTH_3c12f327ec924e3c89731d403fb9bd42/gnocchi.ea2dcd31-daa2-4d2b-9e8c-fc12ca759c57/none_v3" "tx58c00b6372524a638c261-0068e16afe" "proxy-server 94717" 0.0003 "-" 93716 0
Oct 04 14:44:14 np0005470878.novalocal proxy-server[94717]: ::1 ::1 04/Oct/2025/18/44/14 GET /v1/AUTH_3c12f327ec924e3c89731d403fb9bd42/gnocchi.ea2dcd31-daa2-4d2b-9e8c-fc12ca759c57/none_v3 HTTP/1.0 404 - python-swiftclient-4.7.0 gAAAAABo4Wq9xl3N... - 70 - tx58c00b6372524a638c261-0068e16afe - 0.0235 - - 1759603454.774211884 1759603454.797732115 0
Oct 04 14:44:14 np0005470878.novalocal container-server[93384]: ::1 - - [04/Oct/2025:18:44:14 +0000] "GET /3/185181/AUTH_3c12f327ec924e3c89731d403fb9bd42/gnocchi.62f6f5bb-24fd-443e-a2dc-2218142ce1cb" 200 2 "GET https://[::1]:8080/v1/AUTH_3c12f327ec924e3c89731d403fb9bd42/gnocchi.62f6f5bb-24fd-443e-a2dc-2218142ce1cb?format=json&states=listing" "txde80e720aeba41b2be09d-0068e16afe" "proxy-server 94716" 0.0017 "-" 93384 0
Oct 04 14:44:14 np0005470878.novalocal proxy-server[94716]: ::1 ::1 04/Oct/2025/18/44/14 GET /v1/AUTH_3c12f327ec924e3c89731d403fb9bd42/gnocchi.62f6f5bb-24fd-443e-a2dc-2218142ce1cb%3Fformat%3Djson%26states%3Dlisting HTTP/1.0 200 - python-swiftclient-4.7.0 gAAAAABo4WrHdnea... - 2 - txde80e720aeba41b2be09d-0068e16afe - 0.0146 - - 1759603454.789907455 1759603454.804546118 0
Oct 04 14:44:14 np0005470878.novalocal object-server[93717]: ::1 - - [04/Oct/2025:18:44:14 +0000] "GET /3/183358/AUTH_3c12f327ec924e3c89731d403fb9bd42/gnocchi.62f6f5bb-24fd-443e-a2dc-2218142ce1cb/1759320000.0_mean_300.0_v3" 404 70 "GET https://[::1]:8080/v1/AUTH_3c12f327ec924e3c89731d403fb9bd42/gnocchi.62f6f5bb-24fd-443e-a2dc-2218142ce1cb/1759320000.0_mean_300.0_v3" "tx1981850344334bd6b3c06-0068e16afe" "proxy-server 94716" 0.0005 "-" 93717 0
Oct 04 14:44:14 np0005470878.novalocal object-server[93716]: ::1 - - [04/Oct/2025:18:44:14 +0000] "GET /1/183358/AUTH_3c12f327ec924e3c89731d403fb9bd42/gnocchi.62f6f5bb-24fd-443e-a2dc-2218142ce1cb/1759320000.0_mean_300.0_v3" 404 70 "GET https://[::1]:8080/v1/AUTH_3c12f327ec924e3c89731d403fb9bd42/gnocchi.62f6f5bb-24fd-443e-a2dc-2218142ce1cb/1759320000.0_mean_300.0_v3" "tx1981850344334bd6b3c06-0068e16afe" "proxy-server 94716" 0.0003 "-" 93716 0
Oct 04 14:44:14 np0005470878.novalocal object-server[93717]: ::1 - - [04/Oct/2025:18:44:14 +0000] "GET /2/183358/AUTH_3c12f327ec924e3c89731d403fb9bd42/gnocchi.62f6f5bb-24fd-443e-a2dc-2218142ce1cb/1759320000.0_mean_300.0_v3" 404 70 "GET https://[::1]:8080/v1/AUTH_3c12f327ec924e3c89731d403fb9bd42/gnocchi.62f6f5bb-24fd-443e-a2dc-2218142ce1cb/1759320000.0_mean_300.0_v3" "tx1981850344334bd6b3c06-0068e16afe" "proxy-server 94716" 0.0005 "-" 93717 0
Oct 04 14:44:14 np0005470878.novalocal proxy-server[94716]: ::1 ::1 04/Oct/2025/18/44/14 GET /v1/AUTH_3c12f327ec924e3c89731d403fb9bd42/gnocchi.62f6f5bb-24fd-443e-a2dc-2218142ce1cb/1759320000.0_mean_300.0_v3 HTTP/1.0 404 - python-swiftclient-4.7.0 gAAAAABo4WrHdnea... - 70 - tx1981850344334bd6b3c06-0068e16afe - 0.0143 - - 1759603454.807783604 1759603454.822043896 0
Oct 04 14:44:14 np0005470878.novalocal account-server[93088]: ::1 - - [04/Oct/2025:18:44:14 +0000] "PUT /3/140569/AUTH_3c12f327ec924e3c89731d403fb9bd42/gnocchi.ea2dcd31-daa2-4d2b-9e8c-fc12ca759c57" 201 - "PUT http://[::1]:6001/1/36655/AUTH_3c12f327ec924e3c89731d403fb9bd42/gnocchi.ea2dcd31-daa2-4d2b-9e8c-fc12ca759c57" "tx044cd29bc3d64b649f66e-0068e16afe" "container-server 93383" 0.0061 "-" 93088 0
Oct 04 14:44:14 np0005470878.novalocal container-server[93383]: ::1 - - [04/Oct/2025:18:44:14 +0000] "PUT /1/36655/AUTH_3c12f327ec924e3c89731d403fb9bd42/gnocchi.ea2dcd31-daa2-4d2b-9e8c-fc12ca759c57" 201 - "PUT https://[::1]:8080/v1/AUTH_3c12f327ec924e3c89731d403fb9bd42/gnocchi.ea2dcd31-daa2-4d2b-9e8c-fc12ca759c57" "tx044cd29bc3d64b649f66e-0068e16afe" "proxy-server 94717" 0.0275 "-" 93383 0
Oct 04 14:44:14 np0005470878.novalocal account-server[93088]: ::1 - - [04/Oct/2025:18:44:14 +0000] "PUT /2/140569/AUTH_3c12f327ec924e3c89731d403fb9bd42/gnocchi.ea2dcd31-daa2-4d2b-9e8c-fc12ca759c57" 201 - "PUT http://[::1]:6001/3/36655/AUTH_3c12f327ec924e3c89731d403fb9bd42/gnocchi.ea2dcd31-daa2-4d2b-9e8c-fc12ca759c57" "tx044cd29bc3d64b649f66e-0068e16afe" "container-server 93384" 0.0058 "-" 93088 0
Oct 04 14:44:14 np0005470878.novalocal container-server[93384]: ::1 - - [04/Oct/2025:18:44:14 +0000] "PUT /3/36655/AUTH_3c12f327ec924e3c89731d403fb9bd42/gnocchi.ea2dcd31-daa2-4d2b-9e8c-fc12ca759c57" 201 - "PUT https://[::1]:8080/v1/AUTH_3c12f327ec924e3c89731d403fb9bd42/gnocchi.ea2dcd31-daa2-4d2b-9e8c-fc12ca759c57" "tx044cd29bc3d64b649f66e-0068e16afe" "proxy-server 94717" 0.0346 "-" 93384 0
Oct 04 14:44:14 np0005470878.novalocal container-server[93383]: ::1 - - [04/Oct/2025:18:44:14 +0000] "PUT /2/185181/AUTH_3c12f327ec924e3c89731d403fb9bd42/gnocchi.62f6f5bb-24fd-443e-a2dc-2218142ce1cb/1759320000.0_mean_300.0_v3" 201 - "PUT http://[::1]:8080/1/183358/AUTH_3c12f327ec924e3c89731d403fb9bd42/gnocchi.62f6f5bb-24fd-443e-a2dc-2218142ce1cb/1759320000.0_mean_300.0_v3" "tx217f831286d74ee08d83a-0068e16afe" "object-server 93716" 0.0006 "-" 93383 0
Oct 04 14:44:14 np0005470878.novalocal object-server[93716]: ::1 - - [04/Oct/2025:18:44:14 +0000] "PUT /1/183358/AUTH_3c12f327ec924e3c89731d403fb9bd42/gnocchi.62f6f5bb-24fd-443e-a2dc-2218142ce1cb/1759320000.0_mean_300.0_v3" 201 - "PUT https://[::1]:8080/v1/AUTH_3c12f327ec924e3c89731d403fb9bd42/gnocchi.62f6f5bb-24fd-443e-a2dc-2218142ce1cb/1759320000.0_mean_300.0_v3" "tx217f831286d74ee08d83a-0068e16afe" "proxy-server 94716" 0.0114 "-" 93716 0
Oct 04 14:44:14 np0005470878.novalocal container-server[93384]: ::1 - - [04/Oct/2025:18:44:14 +0000] "PUT /1/185181/AUTH_3c12f327ec924e3c89731d403fb9bd42/gnocchi.62f6f5bb-24fd-443e-a2dc-2218142ce1cb/1759320000.0_mean_300.0_v3" 201 - "PUT http://[::1]:8080/3/183358/AUTH_3c12f327ec924e3c89731d403fb9bd42/gnocchi.62f6f5bb-24fd-443e-a2dc-2218142ce1cb/1759320000.0_mean_300.0_v3" "tx217f831286d74ee08d83a-0068e16afe" "object-server 93716" 0.0008 "-" 93384 0
Oct 04 14:44:14 np0005470878.novalocal object-server[93716]: ::1 - - [04/Oct/2025:18:44:14 +0000] "PUT /3/183358/AUTH_3c12f327ec924e3c89731d403fb9bd42/gnocchi.62f6f5bb-24fd-443e-a2dc-2218142ce1cb/1759320000.0_mean_300.0_v3" 201 - "PUT https://[::1]:8080/v1/AUTH_3c12f327ec924e3c89731d403fb9bd42/gnocchi.62f6f5bb-24fd-443e-a2dc-2218142ce1cb/1759320000.0_mean_300.0_v3" "tx217f831286d74ee08d83a-0068e16afe" "proxy-server 94716" 0.0144 "-" 93716 0
Oct 04 14:44:14 np0005470878.novalocal container-server[93384]: ::1 - - [04/Oct/2025:18:44:14 +0000] "PUT /3/185181/AUTH_3c12f327ec924e3c89731d403fb9bd42/gnocchi.62f6f5bb-24fd-443e-a2dc-2218142ce1cb/1759320000.0_mean_300.0_v3" 201 - "PUT http://[::1]:8080/2/183358/AUTH_3c12f327ec924e3c89731d403fb9bd42/gnocchi.62f6f5bb-24fd-443e-a2dc-2218142ce1cb/1759320000.0_mean_300.0_v3" "tx217f831286d74ee08d83a-0068e16afe" "object-server 93716" 0.0007 "-" 93384 0
Oct 04 14:44:14 np0005470878.novalocal account-server[93089]: ::1 - - [04/Oct/2025:18:44:14 +0000] "PUT /1/140569/AUTH_3c12f327ec924e3c89731d403fb9bd42/gnocchi.ea2dcd31-daa2-4d2b-9e8c-fc12ca759c57" 201 - "PUT http://[::1]:6001/2/36655/AUTH_3c12f327ec924e3c89731d403fb9bd42/gnocchi.ea2dcd31-daa2-4d2b-9e8c-fc12ca759c57" "tx044cd29bc3d64b649f66e-0068e16afe" "container-server 93384" 0.0063 "-" 93089 0
Oct 04 14:44:14 np0005470878.novalocal object-server[93716]: ::1 - - [04/Oct/2025:18:44:14 +0000] "PUT /2/183358/AUTH_3c12f327ec924e3c89731d403fb9bd42/gnocchi.62f6f5bb-24fd-443e-a2dc-2218142ce1cb/1759320000.0_mean_300.0_v3" 201 - "PUT https://[::1]:8080/v1/AUTH_3c12f327ec924e3c89731d403fb9bd42/gnocchi.62f6f5bb-24fd-443e-a2dc-2218142ce1cb/1759320000.0_mean_300.0_v3" "tx217f831286d74ee08d83a-0068e16afe" "proxy-server 94716" 0.0198 "-" 93716 0
Oct 04 14:44:14 np0005470878.novalocal container-server[93384]: ::1 - - [04/Oct/2025:18:44:14 +0000] "PUT /2/36655/AUTH_3c12f327ec924e3c89731d403fb9bd42/gnocchi.ea2dcd31-daa2-4d2b-9e8c-fc12ca759c57" 201 - "PUT https://[::1]:8080/v1/AUTH_3c12f327ec924e3c89731d403fb9bd42/gnocchi.ea2dcd31-daa2-4d2b-9e8c-fc12ca759c57" "tx044cd29bc3d64b649f66e-0068e16afe" "proxy-server 94717" 0.0244 "-" 93384 0
Oct 04 14:44:14 np0005470878.novalocal proxy-server[94716]: ::1 ::1 04/Oct/2025/18/44/14 PUT /v1/AUTH_3c12f327ec924e3c89731d403fb9bd42/gnocchi.62f6f5bb-24fd-443e-a2dc-2218142ce1cb/1759320000.0_mean_300.0_v3 HTTP/1.0 201 - python-swiftclient-4.7.0 gAAAAABo4WrHdnea... 16 - - tx217f831286d74ee08d83a-0068e16afe - 0.0251 - - 1759603454.824007750 1759603454.849062443 0
Oct 04 14:44:14 np0005470878.novalocal proxy-server[94717]: ::1 ::1 04/Oct/2025/18/44/14 PUT /v1/AUTH_3c12f327ec924e3c89731d403fb9bd42/gnocchi.ea2dcd31-daa2-4d2b-9e8c-fc12ca759c57 HTTP/1.0 201 - python-swiftclient-4.7.0 gAAAAABo4Wq9xl3N... - - - tx044cd29bc3d64b649f66e-0068e16afe - 0.0505 - - 1759603454.800094128 1759603454.850572348 0
Oct 04 14:44:14 np0005470878.novalocal container-server[93384]: ::1 - - [04/Oct/2025:18:44:14 +0000] "HEAD /3/36655/AUTH_3c12f327ec924e3c89731d403fb9bd42/gnocchi.ea2dcd31-daa2-4d2b-9e8c-fc12ca759c57" 204 - "HEAD http://[::1]:8080/v1/AUTH_3c12f327ec924e3c89731d403fb9bd42/gnocchi.ea2dcd31-daa2-4d2b-9e8c-fc12ca759c57" "tx24d0ea8a5e1347f2998e5-0068e16afe" "proxy-server 94717" 0.0020 "-" 93384 0
Oct 04 14:44:14 np0005470878.novalocal proxy-server[94717]: - - 04/Oct/2025/18/44/14 HEAD /v1/AUTH_3c12f327ec924e3c89731d403fb9bd42/gnocchi.ea2dcd31-daa2-4d2b-9e8c-fc12ca759c57 HTTP/1.0 204 - Swift - - - - tx24d0ea8a5e1347f2998e5-0068e16afe - 0.0096 CS - 1759603454.863127470 1759603454.872731686 0
Oct 04 14:44:14 np0005470878.novalocal container-server[93383]: ::1 - - [04/Oct/2025:18:44:14 +0000] "PUT /1/185181/AUTH_3c12f327ec924e3c89731d403fb9bd42/gnocchi.62f6f5bb-24fd-443e-a2dc-2218142ce1cb/none_v3" 201 - "PUT http://[::1]:8080/1/145112/AUTH_3c12f327ec924e3c89731d403fb9bd42/gnocchi.62f6f5bb-24fd-443e-a2dc-2218142ce1cb/none_v3" "txf2e7dac41d7a478284cb0-0068e16afe" "object-server 93716" 0.0007 "-" 93383 0
Oct 04 14:44:14 np0005470878.novalocal container-server[93384]: ::1 - - [04/Oct/2025:18:44:14 +0000] "GET /3/36655/AUTH_3c12f327ec924e3c89731d403fb9bd42/gnocchi.ea2dcd31-daa2-4d2b-9e8c-fc12ca759c57" 200 2 "GET https://[::1]:8080/v1/AUTH_3c12f327ec924e3c89731d403fb9bd42/gnocchi.ea2dcd31-daa2-4d2b-9e8c-fc12ca759c57?format=json&states=listing" "tx24d0ea8a5e1347f2998e5-0068e16afe" "proxy-server 94717" 0.0041 "-" 93384 0
Oct 04 14:44:14 np0005470878.novalocal object-server[93716]: ::1 - - [04/Oct/2025:18:44:14 +0000] "PUT /1/145112/AUTH_3c12f327ec924e3c89731d403fb9bd42/gnocchi.62f6f5bb-24fd-443e-a2dc-2218142ce1cb/none_v3" 201 - "PUT https://[::1]:8080/v1/AUTH_3c12f327ec924e3c89731d403fb9bd42/gnocchi.62f6f5bb-24fd-443e-a2dc-2218142ce1cb/none_v3" "txf2e7dac41d7a478284cb0-0068e16afe" "proxy-server 94716" 0.0217 "-" 93716 0
Oct 04 14:44:14 np0005470878.novalocal proxy-server[94717]: ::1 ::1 04/Oct/2025/18/44/14 GET /v1/AUTH_3c12f327ec924e3c89731d403fb9bd42/gnocchi.ea2dcd31-daa2-4d2b-9e8c-fc12ca759c57%3Fformat%3Djson%26states%3Dlisting HTTP/1.0 200 - python-swiftclient-4.7.0 gAAAAABo4Wq9xl3N... - 2 - tx24d0ea8a5e1347f2998e5-0068e16afe - 0.0254 - - 1759603454.858399391 1759603454.883787155 0
Oct 04 14:44:14 np0005470878.novalocal container-server[93383]: ::1 - - [04/Oct/2025:18:44:14 +0000] "PUT /2/185181/AUTH_3c12f327ec924e3c89731d403fb9bd42/gnocchi.62f6f5bb-24fd-443e-a2dc-2218142ce1cb/none_v3" 201 - "PUT http://[::1]:8080/3/145112/AUTH_3c12f327ec924e3c89731d403fb9bd42/gnocchi.62f6f5bb-24fd-443e-a2dc-2218142ce1cb/none_v3" "txf2e7dac41d7a478284cb0-0068e16afe" "object-server 93717" 0.0011 "-" 93383 0
Oct 04 14:44:14 np0005470878.novalocal object-server[93717]: ::1 - - [04/Oct/2025:18:44:14 +0000] "PUT /3/145112/AUTH_3c12f327ec924e3c89731d403fb9bd42/gnocchi.62f6f5bb-24fd-443e-a2dc-2218142ce1cb/none_v3" 201 - "PUT https://[::1]:8080/v1/AUTH_3c12f327ec924e3c89731d403fb9bd42/gnocchi.62f6f5bb-24fd-443e-a2dc-2218142ce1cb/none_v3" "txf2e7dac41d7a478284cb0-0068e16afe" "proxy-server 94716" 0.0333 "-" 93717 0
Oct 04 14:44:14 np0005470878.novalocal container-server[93383]: ::1 - - [04/Oct/2025:18:44:14 +0000] "PUT /3/185181/AUTH_3c12f327ec924e3c89731d403fb9bd42/gnocchi.62f6f5bb-24fd-443e-a2dc-2218142ce1cb/none_v3" 201 - "PUT http://[::1]:8080/2/145112/AUTH_3c12f327ec924e3c89731d403fb9bd42/gnocchi.62f6f5bb-24fd-443e-a2dc-2218142ce1cb/none_v3" "txf2e7dac41d7a478284cb0-0068e16afe" "object-server 93717" 0.0008 "-" 93383 0
Oct 04 14:44:14 np0005470878.novalocal object-server[93717]: ::1 - - [04/Oct/2025:18:44:14 +0000] "GET /1/2319/AUTH_3c12f327ec924e3c89731d403fb9bd42/gnocchi.ea2dcd31-daa2-4d2b-9e8c-fc12ca759c57/1759320000.0_mean_300.0_v3" 404 70 "GET https://[::1]:8080/v1/AUTH_3c12f327ec924e3c89731d403fb9bd42/gnocchi.ea2dcd31-daa2-4d2b-9e8c-fc12ca759c57/1759320000.0_mean_300.0_v3" "tx5b3195095dc14b709068d-0068e16afe" "proxy-server 94717" 0.0004 "-" 93717 0
Oct 04 14:44:14 np0005470878.novalocal object-server[93717]: ::1 - - [04/Oct/2025:18:44:14 +0000] "PUT /2/145112/AUTH_3c12f327ec924e3c89731d403fb9bd42/gnocchi.62f6f5bb-24fd-443e-a2dc-2218142ce1cb/none_v3" 201 - "PUT https://[::1]:8080/v1/AUTH_3c12f327ec924e3c89731d403fb9bd42/gnocchi.62f6f5bb-24fd-443e-a2dc-2218142ce1cb/none_v3" "txf2e7dac41d7a478284cb0-0068e16afe" "proxy-server 94716" 0.0401 "-" 93717 0
Oct 04 14:44:14 np0005470878.novalocal proxy-server[94716]: ::1 ::1 04/Oct/2025/18/44/14 PUT /v1/AUTH_3c12f327ec924e3c89731d403fb9bd42/gnocchi.62f6f5bb-24fd-443e-a2dc-2218142ce1cb/none_v3 HTTP/1.0 201 - python-swiftclient-4.7.0 gAAAAABo4WrHdnea... 22 - - txf2e7dac41d7a478284cb0-0068e16afe - 0.0513 - - 1759603454.850906610 1759603454.902192354 0
Oct 04 14:44:14 np0005470878.novalocal object-server[93716]: ::1 - - [04/Oct/2025:18:44:14 +0000] "GET /3/2319/AUTH_3c12f327ec924e3c89731d403fb9bd42/gnocchi.ea2dcd31-daa2-4d2b-9e8c-fc12ca759c57/1759320000.0_mean_300.0_v3" 404 70 "GET https://[::1]:8080/v1/AUTH_3c12f327ec924e3c89731d403fb9bd42/gnocchi.ea2dcd31-daa2-4d2b-9e8c-fc12ca759c57/1759320000.0_mean_300.0_v3" "tx5b3195095dc14b709068d-0068e16afe" "proxy-server 94717" 0.0004 "-" 93716 0
Oct 04 14:44:14 np0005470878.novalocal object-server[93716]: ::1 - - [04/Oct/2025:18:44:14 +0000] "GET /2/2319/AUTH_3c12f327ec924e3c89731d403fb9bd42/gnocchi.ea2dcd31-daa2-4d2b-9e8c-fc12ca759c57/1759320000.0_mean_300.0_v3" 404 70 "GET https://[::1]:8080/v1/AUTH_3c12f327ec924e3c89731d403fb9bd42/gnocchi.ea2dcd31-daa2-4d2b-9e8c-fc12ca759c57/1759320000.0_mean_300.0_v3" "tx5b3195095dc14b709068d-0068e16afe" "proxy-server 94717" 0.0002 "-" 93716 0
Oct 04 14:44:14 np0005470878.novalocal proxy-server[94717]: ::1 ::1 04/Oct/2025/18/44/14 GET /v1/AUTH_3c12f327ec924e3c89731d403fb9bd42/gnocchi.ea2dcd31-daa2-4d2b-9e8c-fc12ca759c57/1759320000.0_mean_300.0_v3 HTTP/1.0 404 - python-swiftclient-4.7.0 gAAAAABo4Wq9xl3N... - 70 - tx5b3195095dc14b709068d-0068e16afe - 0.0245 - - 1759603454.886896133 1759603454.911376238 0
Oct 04 14:44:14 np0005470878.novalocal container-server[93384]: ::1 - - [04/Oct/2025:18:44:14 +0000] "HEAD /2/54317/AUTH_3c12f327ec924e3c89731d403fb9bd42/gnocchi.054b7898-cdb6-4197-b1a3-d7b8601d8ad8" 404 - "HEAD http://[::1]:8080/v1/AUTH_3c12f327ec924e3c89731d403fb9bd42/gnocchi.054b7898-cdb6-4197-b1a3-d7b8601d8ad8" "txe3879c56d2bf4928bf7a8-0068e16afe" "proxy-server 94716" 0.0004 "-" 93384 0
Oct 04 14:44:14 np0005470878.novalocal container-server[93383]: ::1 - - [04/Oct/2025:18:44:14 +0000] "HEAD /3/54317/AUTH_3c12f327ec924e3c89731d403fb9bd42/gnocchi.054b7898-cdb6-4197-b1a3-d7b8601d8ad8" 404 - "HEAD http://[::1]:8080/v1/AUTH_3c12f327ec924e3c89731d403fb9bd42/gnocchi.054b7898-cdb6-4197-b1a3-d7b8601d8ad8" "txe3879c56d2bf4928bf7a8-0068e16afe" "proxy-server 94716" 0.0005 "-" 93383 0
Oct 04 14:44:14 np0005470878.novalocal container-server[93384]: ::1 - - [04/Oct/2025:18:44:14 +0000] "HEAD /1/54317/AUTH_3c12f327ec924e3c89731d403fb9bd42/gnocchi.054b7898-cdb6-4197-b1a3-d7b8601d8ad8" 404 - "HEAD http://[::1]:8080/v1/AUTH_3c12f327ec924e3c89731d403fb9bd42/gnocchi.054b7898-cdb6-4197-b1a3-d7b8601d8ad8" "txe3879c56d2bf4928bf7a8-0068e16afe" "proxy-server 94716" 0.0002 "-" 93384 0
Oct 04 14:44:14 np0005470878.novalocal proxy-server[94716]: - - 04/Oct/2025/18/44/14 HEAD /v1/AUTH_3c12f327ec924e3c89731d403fb9bd42/gnocchi.054b7898-cdb6-4197-b1a3-d7b8601d8ad8 HTTP/1.0 404 - Swift - - - - txe3879c56d2bf4928bf7a8-0068e16afe - 0.0105 CS - 1759603454.929468870 1759603454.939946890 0
Oct 04 14:44:14 np0005470878.novalocal object-server[93717]: ::1 - - [04/Oct/2025:18:44:14 +0000] "GET /2/133436/AUTH_3c12f327ec924e3c89731d403fb9bd42/gnocchi.054b7898-cdb6-4197-b1a3-d7b8601d8ad8/none_v3" 404 70 "GET https://[::1]:8080/v1/AUTH_3c12f327ec924e3c89731d403fb9bd42/gnocchi.054b7898-cdb6-4197-b1a3-d7b8601d8ad8/none_v3" "txe3879c56d2bf4928bf7a8-0068e16afe" "proxy-server 94716" 0.0003 "-" 93717 0
Oct 04 14:44:14 np0005470878.novalocal object-server[93717]: ::1 - - [04/Oct/2025:18:44:14 +0000] "GET /3/133436/AUTH_3c12f327ec924e3c89731d403fb9bd42/gnocchi.054b7898-cdb6-4197-b1a3-d7b8601d8ad8/none_v3" 404 70 "GET https://[::1]:8080/v1/AUTH_3c12f327ec924e3c89731d403fb9bd42/gnocchi.054b7898-cdb6-4197-b1a3-d7b8601d8ad8/none_v3" "txe3879c56d2bf4928bf7a8-0068e16afe" "proxy-server 94716" 0.0002 "-" 93717 0
Oct 04 14:44:14 np0005470878.novalocal container-server[93383]: ::1 - - [04/Oct/2025:18:44:14 +0000] "PUT /1/36655/AUTH_3c12f327ec924e3c89731d403fb9bd42/gnocchi.ea2dcd31-daa2-4d2b-9e8c-fc12ca759c57/1759320000.0_mean_300.0_v3" 201 - "PUT http://[::1]:8080/3/2319/AUTH_3c12f327ec924e3c89731d403fb9bd42/gnocchi.ea2dcd31-daa2-4d2b-9e8c-fc12ca759c57/1759320000.0_mean_300.0_v3" "tx1554295c22f149f887c00-0068e16afe" "object-server 93717" 0.0006 "-" 93383 0
Oct 04 14:44:14 np0005470878.novalocal object-server[93717]: ::1 - - [04/Oct/2025:18:44:14 +0000] "PUT /3/2319/AUTH_3c12f327ec924e3c89731d403fb9bd42/gnocchi.ea2dcd31-daa2-4d2b-9e8c-fc12ca759c57/1759320000.0_mean_300.0_v3" 201 - "PUT https://[::1]:8080/v1/AUTH_3c12f327ec924e3c89731d403fb9bd42/gnocchi.ea2dcd31-daa2-4d2b-9e8c-fc12ca759c57/1759320000.0_mean_300.0_v3" "tx1554295c22f149f887c00-0068e16afe" "proxy-server 94717" 0.0180 "-" 93717 0
Oct 04 14:44:14 np0005470878.novalocal container-server[93383]: ::1 - - [04/Oct/2025:18:44:14 +0000] "PUT /2/36655/AUTH_3c12f327ec924e3c89731d403fb9bd42/gnocchi.ea2dcd31-daa2-4d2b-9e8c-fc12ca759c57/1759320000.0_mean_300.0_v3" 201 - "PUT http://[::1]:8080/2/2319/AUTH_3c12f327ec924e3c89731d403fb9bd42/gnocchi.ea2dcd31-daa2-4d2b-9e8c-fc12ca759c57/1759320000.0_mean_300.0_v3" "tx1554295c22f149f887c00-0068e16afe" "object-server 93717" 0.0003 "-" 93383 0
Oct 04 14:44:14 np0005470878.novalocal object-server[93717]: ::1 - - [04/Oct/2025:18:44:14 +0000] "PUT /2/2319/AUTH_3c12f327ec924e3c89731d403fb9bd42/gnocchi.ea2dcd31-daa2-4d2b-9e8c-fc12ca759c57/1759320000.0_mean_300.0_v3" 201 - "PUT https://[::1]:8080/v1/AUTH_3c12f327ec924e3c89731d403fb9bd42/gnocchi.ea2dcd31-daa2-4d2b-9e8c-fc12ca759c57/1759320000.0_mean_300.0_v3" "tx1554295c22f149f887c00-0068e16afe" "proxy-server 94717" 0.0174 "-" 93717 0
Oct 04 14:44:14 np0005470878.novalocal container-server[93383]: ::1 - - [04/Oct/2025:18:44:14 +0000] "PUT /3/36655/AUTH_3c12f327ec924e3c89731d403fb9bd42/gnocchi.ea2dcd31-daa2-4d2b-9e8c-fc12ca759c57/1759320000.0_mean_300.0_v3" 201 - "PUT http://[::1]:8080/1/2319/AUTH_3c12f327ec924e3c89731d403fb9bd42/gnocchi.ea2dcd31-daa2-4d2b-9e8c-fc12ca759c57/1759320000.0_mean_300.0_v3" "tx1554295c22f149f887c00-0068e16afe" "object-server 93716" 0.0003 "-" 93383 0
Oct 04 14:44:14 np0005470878.novalocal object-server[93716]: ::1 - - [04/Oct/2025:18:44:14 +0000] "GET /1/133436/AUTH_3c12f327ec924e3c89731d403fb9bd42/gnocchi.054b7898-cdb6-4197-b1a3-d7b8601d8ad8/none_v3" 404 70 "GET https://[::1]:8080/v1/AUTH_3c12f327ec924e3c89731d403fb9bd42/gnocchi.054b7898-cdb6-4197-b1a3-d7b8601d8ad8/none_v3" "txe3879c56d2bf4928bf7a8-0068e16afe" "proxy-server 94716" 0.0005 "-" 93716 0
Oct 04 14:44:14 np0005470878.novalocal object-server[93716]: ::1 - - [04/Oct/2025:18:44:14 +0000] "PUT /1/2319/AUTH_3c12f327ec924e3c89731d403fb9bd42/gnocchi.ea2dcd31-daa2-4d2b-9e8c-fc12ca759c57/1759320000.0_mean_300.0_v3" 201 - "PUT https://[::1]:8080/v1/AUTH_3c12f327ec924e3c89731d403fb9bd42/gnocchi.ea2dcd31-daa2-4d2b-9e8c-fc12ca759c57/1759320000.0_mean_300.0_v3" "tx1554295c22f149f887c00-0068e16afe" "proxy-server 94717" 0.0191 "-" 93716 0
Oct 04 14:44:14 np0005470878.novalocal proxy-server[94716]: ::1 ::1 04/Oct/2025/18/44/14 GET /v1/AUTH_3c12f327ec924e3c89731d403fb9bd42/gnocchi.054b7898-cdb6-4197-b1a3-d7b8601d8ad8/none_v3 HTTP/1.0 404 - python-swiftclient-4.7.0 gAAAAABo4WrHdnea... - 70 - txe3879c56d2bf4928bf7a8-0068e16afe - 0.0250 - - 1759603454.928701401 1759603454.953725815 0
Oct 04 14:44:14 np0005470878.novalocal proxy-server[94717]: ::1 ::1 04/Oct/2025/18/44/14 PUT /v1/AUTH_3c12f327ec924e3c89731d403fb9bd42/gnocchi.ea2dcd31-daa2-4d2b-9e8c-fc12ca759c57/1759320000.0_mean_300.0_v3 HTTP/1.0 201 - python-swiftclient-4.7.0 gAAAAABo4Wq9xl3N... 16 - - tx1554295c22f149f887c00-0068e16afe - 0.0379 - - 1759603454.916464090 1759603454.954323769 0
Oct 04 14:44:15 np0005470878.novalocal container-server[93383]: ::1 - - [04/Oct/2025:18:44:15 +0000] "PUT /1/36655/AUTH_3c12f327ec924e3c89731d403fb9bd42/gnocchi.ea2dcd31-daa2-4d2b-9e8c-fc12ca759c57/none_v3" 201 - "PUT http://[::1]:8080/3/98175/AUTH_3c12f327ec924e3c89731d403fb9bd42/gnocchi.ea2dcd31-daa2-4d2b-9e8c-fc12ca759c57/none_v3" "txd7f1151682cd4c10ac37e-0068e16afe" "object-server 93716" 0.0004 "-" 93383 0
Oct 04 14:44:15 np0005470878.novalocal object-server[93716]: ::1 - - [04/Oct/2025:18:44:15 +0000] "PUT /3/98175/AUTH_3c12f327ec924e3c89731d403fb9bd42/gnocchi.ea2dcd31-daa2-4d2b-9e8c-fc12ca759c57/none_v3" 201 - "PUT https://[::1]:8080/v1/AUTH_3c12f327ec924e3c89731d403fb9bd42/gnocchi.ea2dcd31-daa2-4d2b-9e8c-fc12ca759c57/none_v3" "txd7f1151682cd4c10ac37e-0068e16afe" "proxy-server 94717" 0.0339 "-" 93716 0
Oct 04 14:44:15 np0005470878.novalocal account-server[93088]: ::1 - - [04/Oct/2025:18:44:15 +0000] "PUT /3/140569/AUTH_3c12f327ec924e3c89731d403fb9bd42/gnocchi.054b7898-cdb6-4197-b1a3-d7b8601d8ad8" 201 - "PUT http://[::1]:6001/2/54317/AUTH_3c12f327ec924e3c89731d403fb9bd42/gnocchi.054b7898-cdb6-4197-b1a3-d7b8601d8ad8" "tx3b723230693c4750b62dd-0068e16afe" "container-server 93383" 0.0083 "-" 93088 0
Oct 04 14:44:15 np0005470878.novalocal container-server[93383]: ::1 - - [04/Oct/2025:18:44:15 +0000] "PUT /2/54317/AUTH_3c12f327ec924e3c89731d403fb9bd42/gnocchi.054b7898-cdb6-4197-b1a3-d7b8601d8ad8" 201 - "PUT https://[::1]:8080/v1/AUTH_3c12f327ec924e3c89731d403fb9bd42/gnocchi.054b7898-cdb6-4197-b1a3-d7b8601d8ad8" "tx3b723230693c4750b62dd-0068e16afe" "proxy-server 94716" 0.0440 "-" 93383 0
Oct 04 14:44:15 np0005470878.novalocal account-server[93089]: ::1 - - [04/Oct/2025:18:44:15 +0000] "PUT /1/140569/AUTH_3c12f327ec924e3c89731d403fb9bd42/gnocchi.054b7898-cdb6-4197-b1a3-d7b8601d8ad8" 201 - "PUT http://[::1]:6001/3/54317/AUTH_3c12f327ec924e3c89731d403fb9bd42/gnocchi.054b7898-cdb6-4197-b1a3-d7b8601d8ad8" "tx3b723230693c4750b62dd-0068e16afe" "container-server 93384" 0.0053 "-" 93089 0
Oct 04 14:44:15 np0005470878.novalocal container-server[93384]: ::1 - - [04/Oct/2025:18:44:15 +0000] "PUT /2/36655/AUTH_3c12f327ec924e3c89731d403fb9bd42/gnocchi.ea2dcd31-daa2-4d2b-9e8c-fc12ca759c57/none_v3" 201 - "PUT http://[::1]:8080/1/98175/AUTH_3c12f327ec924e3c89731d403fb9bd42/gnocchi.ea2dcd31-daa2-4d2b-9e8c-fc12ca759c57/none_v3" "txd7f1151682cd4c10ac37e-0068e16afe" "object-server 93717" 0.0005 "-" 93384 0
Oct 04 14:44:15 np0005470878.novalocal account-server[93089]: ::1 - - [04/Oct/2025:18:44:15 +0000] "PUT /2/140569/AUTH_3c12f327ec924e3c89731d403fb9bd42/gnocchi.054b7898-cdb6-4197-b1a3-d7b8601d8ad8" 201 - "PUT http://[::1]:6001/1/54317/AUTH_3c12f327ec924e3c89731d403fb9bd42/gnocchi.054b7898-cdb6-4197-b1a3-d7b8601d8ad8" "tx3b723230693c4750b62dd-0068e16afe" "container-server 93384" 0.0033 "-" 93089 0
Oct 04 14:44:15 np0005470878.novalocal container-server[93384]: ::1 - - [04/Oct/2025:18:44:15 +0000] "PUT /3/36655/AUTH_3c12f327ec924e3c89731d403fb9bd42/gnocchi.ea2dcd31-daa2-4d2b-9e8c-fc12ca759c57/none_v3" 201 - "PUT http://[::1]:8080/2/98175/AUTH_3c12f327ec924e3c89731d403fb9bd42/gnocchi.ea2dcd31-daa2-4d2b-9e8c-fc12ca759c57/none_v3" "txd7f1151682cd4c10ac37e-0068e16afe" "object-server 93717" 0.0007 "-" 93384 0
Oct 04 14:44:15 np0005470878.novalocal container-server[93384]: ::1 - - [04/Oct/2025:18:44:15 +0000] "PUT /3/54317/AUTH_3c12f327ec924e3c89731d403fb9bd42/gnocchi.054b7898-cdb6-4197-b1a3-d7b8601d8ad8" 201 - "PUT https://[::1]:8080/v1/AUTH_3c12f327ec924e3c89731d403fb9bd42/gnocchi.054b7898-cdb6-4197-b1a3-d7b8601d8ad8" "tx3b723230693c4750b62dd-0068e16afe" "proxy-server 94716" 0.0188 "-" 93384 0
Oct 04 14:44:15 np0005470878.novalocal container-server[93384]: ::1 - - [04/Oct/2025:18:44:15 +0000] "PUT /1/54317/AUTH_3c12f327ec924e3c89731d403fb9bd42/gnocchi.054b7898-cdb6-4197-b1a3-d7b8601d8ad8" 201 - "PUT https://[::1]:8080/v1/AUTH_3c12f327ec924e3c89731d403fb9bd42/gnocchi.054b7898-cdb6-4197-b1a3-d7b8601d8ad8" "tx3b723230693c4750b62dd-0068e16afe" "proxy-server 94716" 0.0570 "-" 93384 0
Oct 04 14:44:15 np0005470878.novalocal proxy-server[94716]: ::1 ::1 04/Oct/2025/18/44/15 PUT /v1/AUTH_3c12f327ec924e3c89731d403fb9bd42/gnocchi.054b7898-cdb6-4197-b1a3-d7b8601d8ad8 HTTP/1.0 201 - python-swiftclient-4.7.0 gAAAAABo4WrHdnea... - - - tx3b723230693c4750b62dd-0068e16afe - 0.0652 - - 1759603454.957045555 1759603455.022211075 0
Oct 04 14:44:15 np0005470878.novalocal object-server[93717]: ::1 - - [04/Oct/2025:18:44:15 +0000] "PUT /2/98175/AUTH_3c12f327ec924e3c89731d403fb9bd42/gnocchi.ea2dcd31-daa2-4d2b-9e8c-fc12ca759c57/none_v3" 201 - "PUT https://[::1]:8080/v1/AUTH_3c12f327ec924e3c89731d403fb9bd42/gnocchi.ea2dcd31-daa2-4d2b-9e8c-fc12ca759c57/none_v3" "txd7f1151682cd4c10ac37e-0068e16afe" "proxy-server 94717" 0.0526 "-" 93717 0
Oct 04 14:44:15 np0005470878.novalocal object-server[93717]: ::1 - - [04/Oct/2025:18:44:15 +0000] "PUT /1/98175/AUTH_3c12f327ec924e3c89731d403fb9bd42/gnocchi.ea2dcd31-daa2-4d2b-9e8c-fc12ca759c57/none_v3" 201 - "PUT https://[::1]:8080/v1/AUTH_3c12f327ec924e3c89731d403fb9bd42/gnocchi.ea2dcd31-daa2-4d2b-9e8c-fc12ca759c57/none_v3" "txd7f1151682cd4c10ac37e-0068e16afe" "proxy-server 94717" 0.0543 "-" 93717 0
Oct 04 14:44:15 np0005470878.novalocal proxy-server[94717]: ::1 ::1 04/Oct/2025/18/44/15 PUT /v1/AUTH_3c12f327ec924e3c89731d403fb9bd42/gnocchi.ea2dcd31-daa2-4d2b-9e8c-fc12ca759c57/none_v3 HTTP/1.0 201 - python-swiftclient-4.7.0 gAAAAABo4Wq9xl3N... 22 - - txd7f1151682cd4c10ac37e-0068e16afe - 0.0664 - - 1759603454.957457066 1759603455.023835659 0
Oct 04 14:44:15 np0005470878.novalocal container-server[93384]: ::1 - - [04/Oct/2025:18:44:15 +0000] "HEAD /3/54317/AUTH_3c12f327ec924e3c89731d403fb9bd42/gnocchi.054b7898-cdb6-4197-b1a3-d7b8601d8ad8" 204 - "HEAD http://[::1]:8080/v1/AUTH_3c12f327ec924e3c89731d403fb9bd42/gnocchi.054b7898-cdb6-4197-b1a3-d7b8601d8ad8" "txc23282d13f954fc1a652f-0068e16aff" "proxy-server 94716" 0.0020 "-" 93384 0
Oct 04 14:44:15 np0005470878.novalocal proxy-server[94716]: - - 04/Oct/2025/18/44/15 HEAD /v1/AUTH_3c12f327ec924e3c89731d403fb9bd42/gnocchi.054b7898-cdb6-4197-b1a3-d7b8601d8ad8 HTTP/1.0 204 - Swift - - - - txc23282d13f954fc1a652f-0068e16aff - 0.0055 CS - 1759603455.026056528 1759603455.031538725 0
Oct 04 14:44:15 np0005470878.novalocal container-server[93384]: ::1 - - [04/Oct/2025:18:44:15 +0000] "GET /1/54317/AUTH_3c12f327ec924e3c89731d403fb9bd42/gnocchi.054b7898-cdb6-4197-b1a3-d7b8601d8ad8" 200 2 "GET https://[::1]:8080/v1/AUTH_3c12f327ec924e3c89731d403fb9bd42/gnocchi.054b7898-cdb6-4197-b1a3-d7b8601d8ad8?format=json&states=listing" "txc23282d13f954fc1a652f-0068e16aff" "proxy-server 94716" 0.0018 "-" 93384 0
Oct 04 14:44:15 np0005470878.novalocal proxy-server[94716]: ::1 ::1 04/Oct/2025/18/44/15 GET /v1/AUTH_3c12f327ec924e3c89731d403fb9bd42/gnocchi.054b7898-cdb6-4197-b1a3-d7b8601d8ad8%3Fformat%3Djson%26states%3Dlisting HTTP/1.0 200 - python-swiftclient-4.7.0 gAAAAABo4WrHdnea... - 2 - txc23282d13f954fc1a652f-0068e16aff - 0.0220 - - 1759603455.025452375 1759603455.047483206 0
Oct 04 14:44:15 np0005470878.novalocal object-server[93716]: ::1 - - [04/Oct/2025:18:44:15 +0000] "GET /3/4752/AUTH_3c12f327ec924e3c89731d403fb9bd42/gnocchi.c76453b2-1514-4cc5-b214-a5523576dd69/none_v3" 200 22 "GET https://[::1]:8080/v1/AUTH_3c12f327ec924e3c89731d403fb9bd42/gnocchi.c76453b2-1514-4cc5-b214-a5523576dd69/none_v3" "tx8c98087392024021a2ad0-0068e16aff" "proxy-server 94717" 0.0009 "-" 93716 0
Oct 04 14:44:15 np0005470878.novalocal object-server[93716]: ::1 - - [04/Oct/2025:18:44:15 +0000] "GET /1/203368/AUTH_3c12f327ec924e3c89731d403fb9bd42/gnocchi.054b7898-cdb6-4197-b1a3-d7b8601d8ad8/1759320000.0_mean_300.0_v3" 404 70 "GET https://[::1]:8080/v1/AUTH_3c12f327ec924e3c89731d403fb9bd42/gnocchi.054b7898-cdb6-4197-b1a3-d7b8601d8ad8/1759320000.0_mean_300.0_v3" "txe200c211ffaa47a59d517-0068e16aff" "proxy-server 94716" 0.0002 "-" 93716 0
Oct 04 14:44:15 np0005470878.novalocal proxy-server[94717]: ::1 ::1 04/Oct/2025/18/44/15 GET /v1/AUTH_3c12f327ec924e3c89731d403fb9bd42/gnocchi.c76453b2-1514-4cc5-b214-a5523576dd69/none_v3 HTTP/1.0 200 - python-swiftclient-4.7.0 gAAAAABo4Wq9xl3N... - 22 - tx8c98087392024021a2ad0-0068e16aff - 0.0079 - - 1759603455.047367096 1759603455.055227757 0
Oct 04 14:44:15 np0005470878.novalocal object-server[93717]: ::1 - - [04/Oct/2025:18:44:15 +0000] "GET /3/203368/AUTH_3c12f327ec924e3c89731d403fb9bd42/gnocchi.054b7898-cdb6-4197-b1a3-d7b8601d8ad8/1759320000.0_mean_300.0_v3" 404 70 "GET https://[::1]:8080/v1/AUTH_3c12f327ec924e3c89731d403fb9bd42/gnocchi.054b7898-cdb6-4197-b1a3-d7b8601d8ad8/1759320000.0_mean_300.0_v3" "txe200c211ffaa47a59d517-0068e16aff" "proxy-server 94716" 0.0006 "-" 93717 0
Oct 04 14:44:15 np0005470878.novalocal object-server[93717]: ::1 - - [04/Oct/2025:18:44:15 +0000] "GET /2/203368/AUTH_3c12f327ec924e3c89731d403fb9bd42/gnocchi.054b7898-cdb6-4197-b1a3-d7b8601d8ad8/1759320000.0_mean_300.0_v3" 404 70 "GET https://[::1]:8080/v1/AUTH_3c12f327ec924e3c89731d403fb9bd42/gnocchi.054b7898-cdb6-4197-b1a3-d7b8601d8ad8/1759320000.0_mean_300.0_v3" "txe200c211ffaa47a59d517-0068e16aff" "proxy-server 94716" 0.0004 "-" 93717 0
Oct 04 14:44:15 np0005470878.novalocal proxy-server[94716]: ::1 ::1 04/Oct/2025/18/44/15 GET /v1/AUTH_3c12f327ec924e3c89731d403fb9bd42/gnocchi.054b7898-cdb6-4197-b1a3-d7b8601d8ad8/1759320000.0_mean_300.0_v3 HTTP/1.0 404 - python-swiftclient-4.7.0 gAAAAABo4WrHdnea... - 70 - txe200c211ffaa47a59d517-0068e16aff - 0.0133 - - 1759603455.050586462 1759603455.063905239 0
Oct 04 14:44:15 np0005470878.novalocal container-server[93384]: ::1 - - [04/Oct/2025:18:44:15 +0000] "GET /1/259507/AUTH_3c12f327ec924e3c89731d403fb9bd42/gnocchi.c76453b2-1514-4cc5-b214-a5523576dd69" 200 357 "GET https://[::1]:8080/v1/AUTH_3c12f327ec924e3c89731d403fb9bd42/gnocchi.c76453b2-1514-4cc5-b214-a5523576dd69?format=json&states=listing" "tx5e7441d544254366848dd-0068e16aff" "proxy-server 94717" 0.0078 "-" 93384 0
Oct 04 14:44:15 np0005470878.novalocal proxy-server[94717]: ::1 ::1 04/Oct/2025/18/44/15 GET /v1/AUTH_3c12f327ec924e3c89731d403fb9bd42/gnocchi.c76453b2-1514-4cc5-b214-a5523576dd69%3Fformat%3Djson%26states%3Dlisting HTTP/1.0 200 - python-swiftclient-4.7.0 gAAAAABo4Wq9xl3N... - 357 - tx5e7441d544254366848dd-0068e16aff - 0.0151 - - 1759603455.059997559 1759603455.075067282 0
Oct 04 14:44:15 np0005470878.novalocal container-server[93384]: ::1 - - [04/Oct/2025:18:44:15 +0000] "PUT /1/54317/AUTH_3c12f327ec924e3c89731d403fb9bd42/gnocchi.054b7898-cdb6-4197-b1a3-d7b8601d8ad8/1759320000.0_mean_300.0_v3" 201 - "PUT http://[::1]:8080/3/203368/AUTH_3c12f327ec924e3c89731d403fb9bd42/gnocchi.054b7898-cdb6-4197-b1a3-d7b8601d8ad8/1759320000.0_mean_300.0_v3" "tx748579709c7642258871f-0068e16aff" "object-server 93716" 0.0004 "-" 93384 0
Oct 04 14:44:15 np0005470878.novalocal object-server[93716]: ::1 - - [04/Oct/2025:18:44:15 +0000] "PUT /3/203368/AUTH_3c12f327ec924e3c89731d403fb9bd42/gnocchi.054b7898-cdb6-4197-b1a3-d7b8601d8ad8/1759320000.0_mean_300.0_v3" 201 - "PUT https://[::1]:8080/v1/AUTH_3c12f327ec924e3c89731d403fb9bd42/gnocchi.054b7898-cdb6-4197-b1a3-d7b8601d8ad8/1759320000.0_mean_300.0_v3" "tx748579709c7642258871f-0068e16aff" "proxy-server 94716" 0.0121 "-" 93716 0
Oct 04 14:44:15 np0005470878.novalocal container-server[93384]: ::1 - - [04/Oct/2025:18:44:15 +0000] "PUT /2/54317/AUTH_3c12f327ec924e3c89731d403fb9bd42/gnocchi.054b7898-cdb6-4197-b1a3-d7b8601d8ad8/1759320000.0_mean_300.0_v3" 201 - "PUT http://[::1]:8080/1/203368/AUTH_3c12f327ec924e3c89731d403fb9bd42/gnocchi.054b7898-cdb6-4197-b1a3-d7b8601d8ad8/1759320000.0_mean_300.0_v3" "tx748579709c7642258871f-0068e16aff" "object-server 93717" 0.0003 "-" 93384 0
Oct 04 14:44:15 np0005470878.novalocal container-server[93384]: ::1 - - [04/Oct/2025:18:44:15 +0000] "PUT /3/54317/AUTH_3c12f327ec924e3c89731d403fb9bd42/gnocchi.054b7898-cdb6-4197-b1a3-d7b8601d8ad8/1759320000.0_mean_300.0_v3" 201 - "PUT http://[::1]:8080/2/203368/AUTH_3c12f327ec924e3c89731d403fb9bd42/gnocchi.054b7898-cdb6-4197-b1a3-d7b8601d8ad8/1759320000.0_mean_300.0_v3" "tx748579709c7642258871f-0068e16aff" "object-server 93717" 0.0003 "-" 93384 0
Oct 04 14:44:15 np0005470878.novalocal object-server[93717]: ::1 - - [04/Oct/2025:18:44:15 +0000] "PUT /1/203368/AUTH_3c12f327ec924e3c89731d403fb9bd42/gnocchi.054b7898-cdb6-4197-b1a3-d7b8601d8ad8/1759320000.0_mean_300.0_v3" 201 - "PUT https://[::1]:8080/v1/AUTH_3c12f327ec924e3c89731d403fb9bd42/gnocchi.054b7898-cdb6-4197-b1a3-d7b8601d8ad8/1759320000.0_mean_300.0_v3" "tx748579709c7642258871f-0068e16aff" "proxy-server 94716" 0.0176 "-" 93717 0
Oct 04 14:44:15 np0005470878.novalocal object-server[93717]: ::1 - - [04/Oct/2025:18:44:15 +0000] "PUT /2/203368/AUTH_3c12f327ec924e3c89731d403fb9bd42/gnocchi.054b7898-cdb6-4197-b1a3-d7b8601d8ad8/1759320000.0_mean_300.0_v3" 201 - "PUT https://[::1]:8080/v1/AUTH_3c12f327ec924e3c89731d403fb9bd42/gnocchi.054b7898-cdb6-4197-b1a3-d7b8601d8ad8/1759320000.0_mean_300.0_v3" "tx748579709c7642258871f-0068e16aff" "proxy-server 94716" 0.0155 "-" 93717 0
Oct 04 14:44:15 np0005470878.novalocal proxy-server[94716]: ::1 ::1 04/Oct/2025/18/44/15 PUT /v1/AUTH_3c12f327ec924e3c89731d403fb9bd42/gnocchi.054b7898-cdb6-4197-b1a3-d7b8601d8ad8/1759320000.0_mean_300.0_v3 HTTP/1.0 201 - python-swiftclient-4.7.0 gAAAAABo4WrHdnea... 16 - - tx748579709c7642258871f-0068e16aff - 0.0260 - - 1759603455.066531420 1759603455.092535973 0
