Oct 04 14:43:28 np0005470878.novalocal proxy-server[94716]: - - 04/Oct/2025/18/43/28 HEAD /v1/AUTH_3c12f327ec924e3c89731d403fb9bd42/gnocchi.d1ae3f10-1145-4ddc-85c2-de9ad61b036b HTTP/1.0 404 - Swift - - - - txb7414de0d9094b13a3eb1-0068e16ad0 - 0.0079 CS - 1759603408.860973597 1759603408.868853807 0
Oct 04 14:43:28 np0005470878.novalocal object-server[93717]: ::1 - - [04/Oct/2025:18:43:28 +0000] "PUT /1/21188/AUTH_3c12f327ec924e3c89731d403fb9bd42/gnocchi.d7595d45-8f2a-473c-a6d4-728722e790dc/1759320000.0_mean_300.0_v3" 201 - "PUT https://[::1]:8080/v1/AUTH_3c12f327ec924e3c89731d403fb9bd42/gnocchi.d7595d45-8f2a-473c-a6d4-728722e790dc/1759320000.0_mean_300.0_v3" "txb3cce544165f4f2db7069-0068e16ad0" "proxy-server 94717" 0.0153 "-" 93717 0
Oct 04 14:43:28 np0005470878.novalocal container-server[93383]: ::1 - - [04/Oct/2025:18:43:28 +0000] "PUT /1/169204/AUTH_3c12f327ec924e3c89731d403fb9bd42/gnocchi.d7595d45-8f2a-473c-a6d4-728722e790dc/1759320000.0_mean_300.0_v3" 201 - "PUT http://[::1]:8080/3/21188/AUTH_3c12f327ec924e3c89731d403fb9bd42/gnocchi.d7595d45-8f2a-473c-a6d4-728722e790dc/1759320000.0_mean_300.0_v3" "txb3cce544165f4f2db7069-0068e16ad0" "object-server 93716" 0.0003 "-" 93383 0
Oct 04 14:43:28 np0005470878.novalocal object-server[93716]: ::1 - - [04/Oct/2025:18:43:28 +0000] "PUT /3/21188/AUTH_3c12f327ec924e3c89731d403fb9bd42/gnocchi.d7595d45-8f2a-473c-a6d4-728722e790dc/1759320000.0_mean_300.0_v3" 201 - "PUT https://[::1]:8080/v1/AUTH_3c12f327ec924e3c89731d403fb9bd42/gnocchi.d7595d45-8f2a-473c-a6d4-728722e790dc/1759320000.0_mean_300.0_v3" "txb3cce544165f4f2db7069-0068e16ad0" "proxy-server 94717" 0.0171 "-" 93716 0
Oct 04 14:43:28 np0005470878.novalocal proxy-server[94717]: ::1 ::1 04/Oct/2025/18/43/28 PUT /v1/AUTH_3c12f327ec924e3c89731d403fb9bd42/gnocchi.d7595d45-8f2a-473c-a6d4-728722e790dc/1759320000.0_mean_300.0_v3 HTTP/1.0 201 - python-swiftclient-4.7.0 gAAAAABo4Wq9xl3N... 16 - - txb3cce544165f4f2db7069-0068e16ad0 - 0.0222 - - 1759603408.849977255 1759603408.872177362 0
Oct 04 14:43:28 np0005470878.novalocal object-server[93717]: ::1 - - [04/Oct/2025:18:43:28 +0000] "GET /1/76643/AUTH_3c12f327ec924e3c89731d403fb9bd42/gnocchi.d1ae3f10-1145-4ddc-85c2-de9ad61b036b/none_v3" 404 70 "GET https://[::1]:8080/v1/AUTH_3c12f327ec924e3c89731d403fb9bd42/gnocchi.d1ae3f10-1145-4ddc-85c2-de9ad61b036b/none_v3" "txb7414de0d9094b13a3eb1-0068e16ad0" "proxy-server 94716" 0.0002 "-" 93717 0
Oct 04 14:43:28 np0005470878.novalocal object-server[93717]: ::1 - - [04/Oct/2025:18:43:28 +0000] "GET /2/76643/AUTH_3c12f327ec924e3c89731d403fb9bd42/gnocchi.d1ae3f10-1145-4ddc-85c2-de9ad61b036b/none_v3" 404 70 "GET https://[::1]:8080/v1/AUTH_3c12f327ec924e3c89731d403fb9bd42/gnocchi.d1ae3f10-1145-4ddc-85c2-de9ad61b036b/none_v3" "txb7414de0d9094b13a3eb1-0068e16ad0" "proxy-server 94716" 0.0001 "-" 93717 0
Oct 04 14:43:28 np0005470878.novalocal object-server[93717]: ::1 - - [04/Oct/2025:18:43:28 +0000] "GET /3/76643/AUTH_3c12f327ec924e3c89731d403fb9bd42/gnocchi.d1ae3f10-1145-4ddc-85c2-de9ad61b036b/none_v3" 404 70 "GET https://[::1]:8080/v1/AUTH_3c12f327ec924e3c89731d403fb9bd42/gnocchi.d1ae3f10-1145-4ddc-85c2-de9ad61b036b/none_v3" "txb7414de0d9094b13a3eb1-0068e16ad0" "proxy-server 94716" 0.0002 "-" 93717 0
Oct 04 14:43:28 np0005470878.novalocal proxy-server[94716]: ::1 ::1 04/Oct/2025/18/43/28 GET /v1/AUTH_3c12f327ec924e3c89731d403fb9bd42/gnocchi.d1ae3f10-1145-4ddc-85c2-de9ad61b036b/none_v3 HTTP/1.0 404 - python-swiftclient-4.7.0 gAAAAABo4WrHdnea... - 70 - txb7414de0d9094b13a3eb1-0068e16ad0 - 0.0176 - - 1759603408.860253334 1759603408.877900124 0
Oct 04 14:43:28 np0005470878.novalocal container-server[93383]: ::1 - - [04/Oct/2025:18:43:28 +0000] "PUT /3/169204/AUTH_3c12f327ec924e3c89731d403fb9bd42/gnocchi.d7595d45-8f2a-473c-a6d4-728722e790dc/none_v3" 201 - "PUT http://[::1]:8080/1/149873/AUTH_3c12f327ec924e3c89731d403fb9bd42/gnocchi.d7595d45-8f2a-473c-a6d4-728722e790dc/none_v3" "txa689705d745a41679ef62-0068e16ad0" "object-server 93717" 0.0004 "-" 93383 0
Oct 04 14:43:28 np0005470878.novalocal object-server[93717]: ::1 - - [04/Oct/2025:18:43:28 +0000] "PUT /1/149873/AUTH_3c12f327ec924e3c89731d403fb9bd42/gnocchi.d7595d45-8f2a-473c-a6d4-728722e790dc/none_v3" 201 - "PUT https://[::1]:8080/v1/AUTH_3c12f327ec924e3c89731d403fb9bd42/gnocchi.d7595d45-8f2a-473c-a6d4-728722e790dc/none_v3" "txa689705d745a41679ef62-0068e16ad0" "proxy-server 94717" 0.0121 "-" 93717 0
Oct 04 14:43:28 np0005470878.novalocal container-server[93383]: ::1 - - [04/Oct/2025:18:43:28 +0000] "PUT /2/169204/AUTH_3c12f327ec924e3c89731d403fb9bd42/gnocchi.d7595d45-8f2a-473c-a6d4-728722e790dc/none_v3" 201 - "PUT http://[::1]:8080/2/149873/AUTH_3c12f327ec924e3c89731d403fb9bd42/gnocchi.d7595d45-8f2a-473c-a6d4-728722e790dc/none_v3" "txa689705d745a41679ef62-0068e16ad0" "object-server 93717" 0.0008 "-" 93383 0
Oct 04 14:43:28 np0005470878.novalocal object-server[93717]: ::1 - - [04/Oct/2025:18:43:28 +0000] "PUT /2/149873/AUTH_3c12f327ec924e3c89731d403fb9bd42/gnocchi.d7595d45-8f2a-473c-a6d4-728722e790dc/none_v3" 201 - "PUT https://[::1]:8080/v1/AUTH_3c12f327ec924e3c89731d403fb9bd42/gnocchi.d7595d45-8f2a-473c-a6d4-728722e790dc/none_v3" "txa689705d745a41679ef62-0068e16ad0" "proxy-server 94717" 0.0164 "-" 93717 0
Oct 04 14:43:28 np0005470878.novalocal container-server[93384]: ::1 - - [04/Oct/2025:18:43:28 +0000] "PUT /1/169204/AUTH_3c12f327ec924e3c89731d403fb9bd42/gnocchi.d7595d45-8f2a-473c-a6d4-728722e790dc/none_v3" 201 - "PUT http://[::1]:8080/3/149873/AUTH_3c12f327ec924e3c89731d403fb9bd42/gnocchi.d7595d45-8f2a-473c-a6d4-728722e790dc/none_v3" "txa689705d745a41679ef62-0068e16ad0" "object-server 93717" 0.0004 "-" 93384 0
Oct 04 14:43:28 np0005470878.novalocal object-server[93717]: ::1 - - [04/Oct/2025:18:43:28 +0000] "PUT /3/149873/AUTH_3c12f327ec924e3c89731d403fb9bd42/gnocchi.d7595d45-8f2a-473c-a6d4-728722e790dc/none_v3" 201 - "PUT https://[::1]:8080/v1/AUTH_3c12f327ec924e3c89731d403fb9bd42/gnocchi.d7595d45-8f2a-473c-a6d4-728722e790dc/none_v3" "txa689705d745a41679ef62-0068e16ad0" "proxy-server 94717" 0.0395 "-" 93717 0
Oct 04 14:43:28 np0005470878.novalocal account-server[93088]: ::1 - - [04/Oct/2025:18:43:28 +0000] "PUT /3/140569/AUTH_3c12f327ec924e3c89731d403fb9bd42/gnocchi.d1ae3f10-1145-4ddc-85c2-de9ad61b036b" 201 - "PUT http://[::1]:6001/2/169983/AUTH_3c12f327ec924e3c89731d403fb9bd42/gnocchi.d1ae3f10-1145-4ddc-85c2-de9ad61b036b" "tx1eb49183a66d4de3857fc-0068e16ad0" "container-server 93384" 0.0041 "-" 93088 0
Oct 04 14:43:28 np0005470878.novalocal account-server[93089]: ::1 - - [04/Oct/2025:18:43:28 +0000] "PUT /1/140569/AUTH_3c12f327ec924e3c89731d403fb9bd42/gnocchi.d1ae3f10-1145-4ddc-85c2-de9ad61b036b" 201 - "PUT http://[::1]:6001/3/169983/AUTH_3c12f327ec924e3c89731d403fb9bd42/gnocchi.d1ae3f10-1145-4ddc-85c2-de9ad61b036b" "tx1eb49183a66d4de3857fc-0068e16ad0" "container-server 93384" 0.0034 "-" 93089 0
Oct 04 14:43:28 np0005470878.novalocal container-server[93384]: ::1 - - [04/Oct/2025:18:43:28 +0000] "PUT /2/169983/AUTH_3c12f327ec924e3c89731d403fb9bd42/gnocchi.d1ae3f10-1145-4ddc-85c2-de9ad61b036b" 201 - "PUT https://[::1]:8080/v1/AUTH_3c12f327ec924e3c89731d403fb9bd42/gnocchi.d1ae3f10-1145-4ddc-85c2-de9ad61b036b" "tx1eb49183a66d4de3857fc-0068e16ad0" "proxy-server 94716" 0.0394 "-" 93384 0
Oct 04 14:43:28 np0005470878.novalocal container-server[93384]: ::1 - - [04/Oct/2025:18:43:28 +0000] "PUT /3/169983/AUTH_3c12f327ec924e3c89731d403fb9bd42/gnocchi.d1ae3f10-1145-4ddc-85c2-de9ad61b036b" 201 - "PUT https://[::1]:8080/v1/AUTH_3c12f327ec924e3c89731d403fb9bd42/gnocchi.d1ae3f10-1145-4ddc-85c2-de9ad61b036b" "tx1eb49183a66d4de3857fc-0068e16ad0" "proxy-server 94716" 0.0271 "-" 93384 0
Oct 04 14:43:28 np0005470878.novalocal proxy-server[94717]: ::1 ::1 04/Oct/2025/18/43/28 PUT /v1/AUTH_3c12f327ec924e3c89731d403fb9bd42/gnocchi.d7595d45-8f2a-473c-a6d4-728722e790dc/none_v3 HTTP/1.0 201 - python-swiftclient-4.7.0 gAAAAABo4Wq9xl3N... 22 - - txa689705d745a41679ef62-0068e16ad0 - 0.0485 - - 1759603408.874670267 1759603408.923204660 0
Oct 04 14:43:28 np0005470878.novalocal account-server[93089]: ::1 - - [04/Oct/2025:18:43:28 +0000] "PUT /2/140569/AUTH_3c12f327ec924e3c89731d403fb9bd42/gnocchi.d1ae3f10-1145-4ddc-85c2-de9ad61b036b" 201 - "PUT http://[::1]:6001/1/169983/AUTH_3c12f327ec924e3c89731d403fb9bd42/gnocchi.d1ae3f10-1145-4ddc-85c2-de9ad61b036b" "tx1eb49183a66d4de3857fc-0068e16ad0" "container-server 93384" 0.0127 "-" 93089 0
Oct 04 14:43:28 np0005470878.novalocal container-server[93384]: ::1 - - [04/Oct/2025:18:43:28 +0000] "PUT /1/169983/AUTH_3c12f327ec924e3c89731d403fb9bd42/gnocchi.d1ae3f10-1145-4ddc-85c2-de9ad61b036b" 201 - "PUT https://[::1]:8080/v1/AUTH_3c12f327ec924e3c89731d403fb9bd42/gnocchi.d1ae3f10-1145-4ddc-85c2-de9ad61b036b" "tx1eb49183a66d4de3857fc-0068e16ad0" "proxy-server 94716" 0.0286 "-" 93384 0
Oct 04 14:43:28 np0005470878.novalocal proxy-server[94716]: ::1 ::1 04/Oct/2025/18/43/28 PUT /v1/AUTH_3c12f327ec924e3c89731d403fb9bd42/gnocchi.d1ae3f10-1145-4ddc-85c2-de9ad61b036b HTTP/1.0 201 - python-swiftclient-4.7.0 gAAAAABo4WrHdnea... - - - tx1eb49183a66d4de3857fc-0068e16ad0 - 0.0601 - - 1759603408.880134821 1759603408.940185547 0
Oct 04 14:43:28 np0005470878.novalocal container-server[93384]: ::1 - - [04/Oct/2025:18:43:28 +0000] "HEAD /1/169983/AUTH_3c12f327ec924e3c89731d403fb9bd42/gnocchi.d1ae3f10-1145-4ddc-85c2-de9ad61b036b" 204 - "HEAD http://[::1]:8080/v1/AUTH_3c12f327ec924e3c89731d403fb9bd42/gnocchi.d1ae3f10-1145-4ddc-85c2-de9ad61b036b" "tx50a5b6e5857f4ad8a30ce-0068e16ad0" "proxy-server 94716" 0.0022 "-" 93384 0
Oct 04 14:43:28 np0005470878.novalocal proxy-server[94716]: - - 04/Oct/2025/18/43/28 HEAD /v1/AUTH_3c12f327ec924e3c89731d403fb9bd42/gnocchi.d1ae3f10-1145-4ddc-85c2-de9ad61b036b HTTP/1.0 204 - Swift - - - - tx50a5b6e5857f4ad8a30ce-0068e16ad0 - 0.0072 CS - 1759603408.945576906 1759603408.952817678 0
Oct 04 14:43:28 np0005470878.novalocal container-server[93383]: ::1 - - [04/Oct/2025:18:43:28 +0000] "GET /2/169983/AUTH_3c12f327ec924e3c89731d403fb9bd42/gnocchi.d1ae3f10-1145-4ddc-85c2-de9ad61b036b" 200 2 "GET https://[::1]:8080/v1/AUTH_3c12f327ec924e3c89731d403fb9bd42/gnocchi.d1ae3f10-1145-4ddc-85c2-de9ad61b036b?format=json&states=listing" "tx50a5b6e5857f4ad8a30ce-0068e16ad0" "proxy-server 94716" 0.0030 "-" 93383 0
Oct 04 14:43:28 np0005470878.novalocal proxy-server[94716]: ::1 ::1 04/Oct/2025/18/43/28 GET /v1/AUTH_3c12f327ec924e3c89731d403fb9bd42/gnocchi.d1ae3f10-1145-4ddc-85c2-de9ad61b036b%3Fformat%3Djson%26states%3Dlisting HTTP/1.0 200 - python-swiftclient-4.7.0 gAAAAABo4WrHdnea... - 2 - tx50a5b6e5857f4ad8a30ce-0068e16ad0 - 0.0205 - - 1759603408.943754673 1759603408.964242935 0
Oct 04 14:43:28 np0005470878.novalocal container-server[93384]: ::1 - - [04/Oct/2025:18:43:28 +0000] "HEAD /3/104068/AUTH_3c12f327ec924e3c89731d403fb9bd42/gnocchi.932dd21f-8c9d-4deb-9bd2-aef9f60e4275" 404 - "HEAD http://[::1]:8080/v1/AUTH_3c12f327ec924e3c89731d403fb9bd42/gnocchi.932dd21f-8c9d-4deb-9bd2-aef9f60e4275" "tx69454a1d5be840669568f-0068e16ad0" "proxy-server 94717" 0.0003 "-" 93384 0
Oct 04 14:43:28 np0005470878.novalocal container-server[93384]: ::1 - - [04/Oct/2025:18:43:28 +0000] "HEAD /1/104068/AUTH_3c12f327ec924e3c89731d403fb9bd42/gnocchi.932dd21f-8c9d-4deb-9bd2-aef9f60e4275" 404 - "HEAD http://[::1]:8080/v1/AUTH_3c12f327ec924e3c89731d403fb9bd42/gnocchi.932dd21f-8c9d-4deb-9bd2-aef9f60e4275" "tx69454a1d5be840669568f-0068e16ad0" "proxy-server 94717" 0.0002 "-" 93384 0
Oct 04 14:43:28 np0005470878.novalocal container-server[93384]: ::1 - - [04/Oct/2025:18:43:28 +0000] "HEAD /2/104068/AUTH_3c12f327ec924e3c89731d403fb9bd42/gnocchi.932dd21f-8c9d-4deb-9bd2-aef9f60e4275" 404 - "HEAD http://[::1]:8080/v1/AUTH_3c12f327ec924e3c89731d403fb9bd42/gnocchi.932dd21f-8c9d-4deb-9bd2-aef9f60e4275" "tx69454a1d5be840669568f-0068e16ad0" "proxy-server 94717" 0.0002 "-" 93384 0
Oct 04 14:43:28 np0005470878.novalocal proxy-server[94717]: - - 04/Oct/2025/18/43/28 HEAD /v1/AUTH_3c12f327ec924e3c89731d403fb9bd42/gnocchi.932dd21f-8c9d-4deb-9bd2-aef9f60e4275 HTTP/1.0 404 - Swift - - - - tx69454a1d5be840669568f-0068e16ad0 - 0.0063 CS - 1759603408.962291956 1759603408.968613148 0
Oct 04 14:43:28 np0005470878.novalocal object-server[93717]: ::1 - - [04/Oct/2025:18:43:28 +0000] "GET /2/258275/AUTH_3c12f327ec924e3c89731d403fb9bd42/gnocchi.932dd21f-8c9d-4deb-9bd2-aef9f60e4275/none_v3" 404 70 "GET https://[::1]:8080/v1/AUTH_3c12f327ec924e3c89731d403fb9bd42/gnocchi.932dd21f-8c9d-4deb-9bd2-aef9f60e4275/none_v3" "tx69454a1d5be840669568f-0068e16ad0" "proxy-server 94717" 0.0003 "-" 93717 0
Oct 04 14:43:28 np0005470878.novalocal object-server[93717]: ::1 - - [04/Oct/2025:18:43:28 +0000] "GET /2/72670/AUTH_3c12f327ec924e3c89731d403fb9bd42/gnocchi.d1ae3f10-1145-4ddc-85c2-de9ad61b036b/1759320000.0_mean_300.0_v3" 404 70 "GET https://[::1]:8080/v1/AUTH_3c12f327ec924e3c89731d403fb9bd42/gnocchi.d1ae3f10-1145-4ddc-85c2-de9ad61b036b/1759320000.0_mean_300.0_v3" "tx1ddf8540ec0f48169ba78-0068e16ad0" "proxy-server 94716" 0.0001 "-" 93717 0
Oct 04 14:43:28 np0005470878.novalocal object-server[93717]: ::1 - - [04/Oct/2025:18:43:28 +0000] "GET /3/258275/AUTH_3c12f327ec924e3c89731d403fb9bd42/gnocchi.932dd21f-8c9d-4deb-9bd2-aef9f60e4275/none_v3" 404 70 "GET https://[::1]:8080/v1/AUTH_3c12f327ec924e3c89731d403fb9bd42/gnocchi.932dd21f-8c9d-4deb-9bd2-aef9f60e4275/none_v3" "tx69454a1d5be840669568f-0068e16ad0" "proxy-server 94717" 0.0001 "-" 93717 0
Oct 04 14:43:28 np0005470878.novalocal object-server[93717]: ::1 - - [04/Oct/2025:18:43:28 +0000] "GET /1/72670/AUTH_3c12f327ec924e3c89731d403fb9bd42/gnocchi.d1ae3f10-1145-4ddc-85c2-de9ad61b036b/1759320000.0_mean_300.0_v3" 404 70 "GET https://[::1]:8080/v1/AUTH_3c12f327ec924e3c89731d403fb9bd42/gnocchi.d1ae3f10-1145-4ddc-85c2-de9ad61b036b/1759320000.0_mean_300.0_v3" "tx1ddf8540ec0f48169ba78-0068e16ad0" "proxy-server 94716" 0.0001 "-" 93717 0
Oct 04 14:43:28 np0005470878.novalocal object-server[93717]: ::1 - - [04/Oct/2025:18:43:28 +0000] "GET /1/258275/AUTH_3c12f327ec924e3c89731d403fb9bd42/gnocchi.932dd21f-8c9d-4deb-9bd2-aef9f60e4275/none_v3" 404 70 "GET https://[::1]:8080/v1/AUTH_3c12f327ec924e3c89731d403fb9bd42/gnocchi.932dd21f-8c9d-4deb-9bd2-aef9f60e4275/none_v3" "tx69454a1d5be840669568f-0068e16ad0" "proxy-server 94717" 0.0001 "-" 93717 0
Oct 04 14:43:28 np0005470878.novalocal object-server[93717]: ::1 - - [04/Oct/2025:18:43:28 +0000] "GET /3/72670/AUTH_3c12f327ec924e3c89731d403fb9bd42/gnocchi.d1ae3f10-1145-4ddc-85c2-de9ad61b036b/1759320000.0_mean_300.0_v3" 404 70 "GET https://[::1]:8080/v1/AUTH_3c12f327ec924e3c89731d403fb9bd42/gnocchi.d1ae3f10-1145-4ddc-85c2-de9ad61b036b/1759320000.0_mean_300.0_v3" "tx1ddf8540ec0f48169ba78-0068e16ad0" "proxy-server 94716" 0.0001 "-" 93717 0
Oct 04 14:43:28 np0005470878.novalocal proxy-server[94717]: ::1 ::1 04/Oct/2025/18/43/28 GET /v1/AUTH_3c12f327ec924e3c89731d403fb9bd42/gnocchi.932dd21f-8c9d-4deb-9bd2-aef9f60e4275/none_v3 HTTP/1.0 404 - python-swiftclient-4.7.0 gAAAAABo4Wq9xl3N... - 70 - tx69454a1d5be840669568f-0068e16ad0 - 0.0173 - - 1759603408.961146593 1759603408.978436470 0
Oct 04 14:43:28 np0005470878.novalocal proxy-server[94716]: ::1 ::1 04/Oct/2025/18/43/28 GET /v1/AUTH_3c12f327ec924e3c89731d403fb9bd42/gnocchi.d1ae3f10-1145-4ddc-85c2-de9ad61b036b/1759320000.0_mean_300.0_v3 HTTP/1.0 404 - python-swiftclient-4.7.0 gAAAAABo4WrHdnea... - 70 - tx1ddf8540ec0f48169ba78-0068e16ad0 - 0.0120 - - 1759603408.967638493 1759603408.979608297 0
Oct 04 14:43:29 np0005470878.novalocal account-server[93089]: ::1 - - [04/Oct/2025:18:43:29 +0000] "PUT /1/140569/AUTH_3c12f327ec924e3c89731d403fb9bd42/gnocchi.932dd21f-8c9d-4deb-9bd2-aef9f60e4275" 201 - "PUT http://[::1]:6001/1/104068/AUTH_3c12f327ec924e3c89731d403fb9bd42/gnocchi.932dd21f-8c9d-4deb-9bd2-aef9f60e4275" "txc604f02e3525414cbaf27-0068e16ad0" "container-server 93384" 0.0080 "-" 93089 0
Oct 04 14:43:29 np0005470878.novalocal container-server[93384]: ::1 - - [04/Oct/2025:18:43:29 +0000] "PUT /1/104068/AUTH_3c12f327ec924e3c89731d403fb9bd42/gnocchi.932dd21f-8c9d-4deb-9bd2-aef9f60e4275" 201 - "PUT https://[::1]:8080/v1/AUTH_3c12f327ec924e3c89731d403fb9bd42/gnocchi.932dd21f-8c9d-4deb-9bd2-aef9f60e4275" "txc604f02e3525414cbaf27-0068e16ad0" "proxy-server 94717" 0.0212 "-" 93384 0
Oct 04 14:43:29 np0005470878.novalocal container-server[93383]: ::1 - - [04/Oct/2025:18:43:29 +0000] "PUT /1/169983/AUTH_3c12f327ec924e3c89731d403fb9bd42/gnocchi.d1ae3f10-1145-4ddc-85c2-de9ad61b036b/1759320000.0_mean_300.0_v3" 201 - "PUT http://[::1]:8080/1/72670/AUTH_3c12f327ec924e3c89731d403fb9bd42/gnocchi.d1ae3f10-1145-4ddc-85c2-de9ad61b036b/1759320000.0_mean_300.0_v3" "txf3446d0dea7c425b90d8b-0068e16ad0" "object-server 93716" 0.0006 "-" 93383 0
Oct 04 14:43:29 np0005470878.novalocal container-server[93384]: ::1 - - [04/Oct/2025:18:43:29 +0000] "PUT /3/169983/AUTH_3c12f327ec924e3c89731d403fb9bd42/gnocchi.d1ae3f10-1145-4ddc-85c2-de9ad61b036b/1759320000.0_mean_300.0_v3" 201 - "PUT http://[::1]:8080/3/72670/AUTH_3c12f327ec924e3c89731d403fb9bd42/gnocchi.d1ae3f10-1145-4ddc-85c2-de9ad61b036b/1759320000.0_mean_300.0_v3" "txf3446d0dea7c425b90d8b-0068e16ad0" "object-server 93716" 0.0006 "-" 93384 0
Oct 04 14:43:29 np0005470878.novalocal object-server[93716]: ::1 - - [04/Oct/2025:18:43:29 +0000] "PUT /1/72670/AUTH_3c12f327ec924e3c89731d403fb9bd42/gnocchi.d1ae3f10-1145-4ddc-85c2-de9ad61b036b/1759320000.0_mean_300.0_v3" 201 - "PUT https://[::1]:8080/v1/AUTH_3c12f327ec924e3c89731d403fb9bd42/gnocchi.d1ae3f10-1145-4ddc-85c2-de9ad61b036b/1759320000.0_mean_300.0_v3" "txf3446d0dea7c425b90d8b-0068e16ad0" "proxy-server 94716" 0.0203 "-" 93716 0
Oct 04 14:43:29 np0005470878.novalocal account-server[93089]: ::1 - - [04/Oct/2025:18:43:29 +0000] "PUT /3/140569/AUTH_3c12f327ec924e3c89731d403fb9bd42/gnocchi.932dd21f-8c9d-4deb-9bd2-aef9f60e4275" 201 - "PUT http://[::1]:6001/2/104068/AUTH_3c12f327ec924e3c89731d403fb9bd42/gnocchi.932dd21f-8c9d-4deb-9bd2-aef9f60e4275" "txc604f02e3525414cbaf27-0068e16ad0" "container-server 93383" 0.0050 "-" 93089 0
Oct 04 14:43:29 np0005470878.novalocal account-server[93088]: ::1 - - [04/Oct/2025:18:43:29 +0000] "PUT /2/140569/AUTH_3c12f327ec924e3c89731d403fb9bd42/gnocchi.932dd21f-8c9d-4deb-9bd2-aef9f60e4275" 201 - "PUT http://[::1]:6001/3/104068/AUTH_3c12f327ec924e3c89731d403fb9bd42/gnocchi.932dd21f-8c9d-4deb-9bd2-aef9f60e4275" "txc604f02e3525414cbaf27-0068e16ad0" "container-server 93383" 0.0054 "-" 93088 0
Oct 04 14:43:29 np0005470878.novalocal container-server[93383]: ::1 - - [04/Oct/2025:18:43:29 +0000] "PUT /2/104068/AUTH_3c12f327ec924e3c89731d403fb9bd42/gnocchi.932dd21f-8c9d-4deb-9bd2-aef9f60e4275" 201 - "PUT https://[::1]:8080/v1/AUTH_3c12f327ec924e3c89731d403fb9bd42/gnocchi.932dd21f-8c9d-4deb-9bd2-aef9f60e4275" "txc604f02e3525414cbaf27-0068e16ad0" "proxy-server 94717" 0.0283 "-" 93383 0
Oct 04 14:43:29 np0005470878.novalocal object-server[93716]: ::1 - - [04/Oct/2025:18:43:29 +0000] "PUT /3/72670/AUTH_3c12f327ec924e3c89731d403fb9bd42/gnocchi.d1ae3f10-1145-4ddc-85c2-de9ad61b036b/1759320000.0_mean_300.0_v3" 201 - "PUT https://[::1]:8080/v1/AUTH_3c12f327ec924e3c89731d403fb9bd42/gnocchi.d1ae3f10-1145-4ddc-85c2-de9ad61b036b/1759320000.0_mean_300.0_v3" "txf3446d0dea7c425b90d8b-0068e16ad0" "proxy-server 94716" 0.0199 "-" 93716 0
Oct 04 14:43:29 np0005470878.novalocal container-server[93383]: ::1 - - [04/Oct/2025:18:43:29 +0000] "PUT /3/104068/AUTH_3c12f327ec924e3c89731d403fb9bd42/gnocchi.932dd21f-8c9d-4deb-9bd2-aef9f60e4275" 201 - "PUT https://[::1]:8080/v1/AUTH_3c12f327ec924e3c89731d403fb9bd42/gnocchi.932dd21f-8c9d-4deb-9bd2-aef9f60e4275" "txc604f02e3525414cbaf27-0068e16ad0" "proxy-server 94717" 0.0221 "-" 93383 0
Oct 04 14:43:29 np0005470878.novalocal container-server[93384]: ::1 - - [04/Oct/2025:18:43:29 +0000] "PUT /2/169983/AUTH_3c12f327ec924e3c89731d403fb9bd42/gnocchi.d1ae3f10-1145-4ddc-85c2-de9ad61b036b/1759320000.0_mean_300.0_v3" 201 - "PUT http://[::1]:8080/2/72670/AUTH_3c12f327ec924e3c89731d403fb9bd42/gnocchi.d1ae3f10-1145-4ddc-85c2-de9ad61b036b/1759320000.0_mean_300.0_v3" "txf3446d0dea7c425b90d8b-0068e16ad0" "object-server 93717" 0.0008 "-" 93384 0
Oct 04 14:43:29 np0005470878.novalocal proxy-server[94717]: ::1 ::1 04/Oct/2025/18/43/29 PUT /v1/AUTH_3c12f327ec924e3c89731d403fb9bd42/gnocchi.932dd21f-8c9d-4deb-9bd2-aef9f60e4275 HTTP/1.0 201 - python-swiftclient-4.7.0 gAAAAABo4Wq9xl3N... - - - txc604f02e3525414cbaf27-0068e16ad0 - 0.0339 - - 1759603408.980531693 1759603409.014457226 0
Oct 04 14:43:29 np0005470878.novalocal object-server[93717]: ::1 - - [04/Oct/2025:18:43:29 +0000] "PUT /2/72670/AUTH_3c12f327ec924e3c89731d403fb9bd42/gnocchi.d1ae3f10-1145-4ddc-85c2-de9ad61b036b/1759320000.0_mean_300.0_v3" 201 - "PUT https://[::1]:8080/v1/AUTH_3c12f327ec924e3c89731d403fb9bd42/gnocchi.d1ae3f10-1145-4ddc-85c2-de9ad61b036b/1759320000.0_mean_300.0_v3" "txf3446d0dea7c425b90d8b-0068e16ad0" "proxy-server 94716" 0.0223 "-" 93717 0
Oct 04 14:43:29 np0005470878.novalocal proxy-server[94716]: ::1 ::1 04/Oct/2025/18/43/29 PUT /v1/AUTH_3c12f327ec924e3c89731d403fb9bd42/gnocchi.d1ae3f10-1145-4ddc-85c2-de9ad61b036b/1759320000.0_mean_300.0_v3 HTTP/1.0 201 - python-swiftclient-4.7.0 gAAAAABo4WrHdnea... 16 - - txf3446d0dea7c425b90d8b-0068e16ad0 - 0.0341 - - 1759603408.982330084 1759603409.016395807 0
Oct 04 14:43:29 np0005470878.novalocal container-server[93384]: ::1 - - [04/Oct/2025:18:43:29 +0000] "HEAD /1/104068/AUTH_3c12f327ec924e3c89731d403fb9bd42/gnocchi.932dd21f-8c9d-4deb-9bd2-aef9f60e4275" 204 - "HEAD http://[::1]:8080/v1/AUTH_3c12f327ec924e3c89731d403fb9bd42/gnocchi.932dd21f-8c9d-4deb-9bd2-aef9f60e4275" "tx5eca541d840b4323b5149-0068e16ad1" "proxy-server 94717" 0.0015 "-" 93384 0
Oct 04 14:43:29 np0005470878.novalocal proxy-server[94717]: - - 04/Oct/2025/18/43/29 HEAD /v1/AUTH_3c12f327ec924e3c89731d403fb9bd42/gnocchi.932dd21f-8c9d-4deb-9bd2-aef9f60e4275 HTTP/1.0 204 - Swift - - - - tx5eca541d840b4323b5149-0068e16ad1 - 0.0040 CS - 1759603409.017901897 1759603409.021892786 0
Oct 04 14:43:29 np0005470878.novalocal container-server[93383]: ::1 - - [04/Oct/2025:18:43:29 +0000] "GET /1/104068/AUTH_3c12f327ec924e3c89731d403fb9bd42/gnocchi.932dd21f-8c9d-4deb-9bd2-aef9f60e4275" 200 2 "GET https://[::1]:8080/v1/AUTH_3c12f327ec924e3c89731d403fb9bd42/gnocchi.932dd21f-8c9d-4deb-9bd2-aef9f60e4275?format=json&states=listing" "tx5eca541d840b4323b5149-0068e16ad1" "proxy-server 94717" 0.0026 "-" 93383 0
Oct 04 14:43:29 np0005470878.novalocal proxy-server[94717]: ::1 ::1 04/Oct/2025/18/43/29 GET /v1/AUTH_3c12f327ec924e3c89731d403fb9bd42/gnocchi.932dd21f-8c9d-4deb-9bd2-aef9f60e4275%3Fformat%3Djson%26states%3Dlisting HTTP/1.0 200 - python-swiftclient-4.7.0 gAAAAABo4Wq9xl3N... - 2 - tx5eca541d840b4323b5149-0068e16ad1 - 0.0132 - - 1759603409.017513752 1759603409.030751228 0
Oct 04 14:43:29 np0005470878.novalocal object-server[93716]: ::1 - - [04/Oct/2025:18:43:29 +0000] "GET /2/167816/AUTH_3c12f327ec924e3c89731d403fb9bd42/gnocchi.932dd21f-8c9d-4deb-9bd2-aef9f60e4275/1759320000.0_mean_300.0_v3" 404 70 "GET https://[::1]:8080/v1/AUTH_3c12f327ec924e3c89731d403fb9bd42/gnocchi.932dd21f-8c9d-4deb-9bd2-aef9f60e4275/1759320000.0_mean_300.0_v3" "tx1b918ce04ea7461db6b2c-0068e16ad1" "proxy-server 94717" 0.0005 "-" 93716 0
Oct 04 14:43:29 np0005470878.novalocal object-server[93716]: ::1 - - [04/Oct/2025:18:43:29 +0000] "GET /3/167816/AUTH_3c12f327ec924e3c89731d403fb9bd42/gnocchi.932dd21f-8c9d-4deb-9bd2-aef9f60e4275/1759320000.0_mean_300.0_v3" 404 70 "GET https://[::1]:8080/v1/AUTH_3c12f327ec924e3c89731d403fb9bd42/gnocchi.932dd21f-8c9d-4deb-9bd2-aef9f60e4275/1759320000.0_mean_300.0_v3" "tx1b918ce04ea7461db6b2c-0068e16ad1" "proxy-server 94717" 0.0003 "-" 93716 0
Oct 04 14:43:29 np0005470878.novalocal object-server[93717]: ::1 - - [04/Oct/2025:18:43:29 +0000] "GET /1/167816/AUTH_3c12f327ec924e3c89731d403fb9bd42/gnocchi.932dd21f-8c9d-4deb-9bd2-aef9f60e4275/1759320000.0_mean_300.0_v3" 404 70 "GET https://[::1]:8080/v1/AUTH_3c12f327ec924e3c89731d403fb9bd42/gnocchi.932dd21f-8c9d-4deb-9bd2-aef9f60e4275/1759320000.0_mean_300.0_v3" "tx1b918ce04ea7461db6b2c-0068e16ad1" "proxy-server 94717" 0.0004 "-" 93717 0
Oct 04 14:43:29 np0005470878.novalocal proxy-server[94717]: ::1 ::1 04/Oct/2025/18/43/29 GET /v1/AUTH_3c12f327ec924e3c89731d403fb9bd42/gnocchi.932dd21f-8c9d-4deb-9bd2-aef9f60e4275/1759320000.0_mean_300.0_v3 HTTP/1.0 404 - python-swiftclient-4.7.0 gAAAAABo4Wq9xl3N... - 70 - tx1b918ce04ea7461db6b2c-0068e16ad1 - 0.0105 - - 1759603409.034131765 1759603409.044595003 0
Oct 04 14:43:29 np0005470878.novalocal container-server[93384]: ::1 - - [04/Oct/2025:18:43:29 +0000] "PUT /3/169983/AUTH_3c12f327ec924e3c89731d403fb9bd42/gnocchi.d1ae3f10-1145-4ddc-85c2-de9ad61b036b/none_v3" 201 - "PUT http://[::1]:8080/3/76643/AUTH_3c12f327ec924e3c89731d403fb9bd42/gnocchi.d1ae3f10-1145-4ddc-85c2-de9ad61b036b/none_v3" "tx9caa346d1b6e4076bd622-0068e16ad1" "object-server 93716" 0.0006 "-" 93384 0
Oct 04 14:43:29 np0005470878.novalocal object-server[93716]: ::1 - - [04/Oct/2025:18:43:29 +0000] "PUT /3/76643/AUTH_3c12f327ec924e3c89731d403fb9bd42/gnocchi.d1ae3f10-1145-4ddc-85c2-de9ad61b036b/none_v3" 201 - "PUT https://[::1]:8080/v1/AUTH_3c12f327ec924e3c89731d403fb9bd42/gnocchi.d1ae3f10-1145-4ddc-85c2-de9ad61b036b/none_v3" "tx9caa346d1b6e4076bd622-0068e16ad1" "proxy-server 94716" 0.0241 "-" 93716 0
Oct 04 14:43:29 np0005470878.novalocal container-server[93383]: ::1 - - [04/Oct/2025:18:43:29 +0000] "PUT /1/169983/AUTH_3c12f327ec924e3c89731d403fb9bd42/gnocchi.d1ae3f10-1145-4ddc-85c2-de9ad61b036b/none_v3" 201 - "PUT http://[::1]:8080/1/76643/AUTH_3c12f327ec924e3c89731d403fb9bd42/gnocchi.d1ae3f10-1145-4ddc-85c2-de9ad61b036b/none_v3" "tx9caa346d1b6e4076bd622-0068e16ad1" "object-server 93716" 0.0011 "-" 93383 0
Oct 04 14:43:29 np0005470878.novalocal object-server[93716]: ::1 - - [04/Oct/2025:18:43:29 +0000] "PUT /1/76643/AUTH_3c12f327ec924e3c89731d403fb9bd42/gnocchi.d1ae3f10-1145-4ddc-85c2-de9ad61b036b/none_v3" 201 - "PUT https://[::1]:8080/v1/AUTH_3c12f327ec924e3c89731d403fb9bd42/gnocchi.d1ae3f10-1145-4ddc-85c2-de9ad61b036b/none_v3" "tx9caa346d1b6e4076bd622-0068e16ad1" "proxy-server 94716" 0.0424 "-" 93716 0
Oct 04 14:43:29 np0005470878.novalocal container-server[93383]: ::1 - - [04/Oct/2025:18:43:29 +0000] "PUT /2/169983/AUTH_3c12f327ec924e3c89731d403fb9bd42/gnocchi.d1ae3f10-1145-4ddc-85c2-de9ad61b036b/none_v3" 201 - "PUT http://[::1]:8080/2/76643/AUTH_3c12f327ec924e3c89731d403fb9bd42/gnocchi.d1ae3f10-1145-4ddc-85c2-de9ad61b036b/none_v3" "tx9caa346d1b6e4076bd622-0068e16ad1" "object-server 93716" 0.0019 "-" 93383 0
Oct 04 14:43:29 np0005470878.novalocal object-server[93716]: ::1 - - [04/Oct/2025:18:43:29 +0000] "PUT /2/76643/AUTH_3c12f327ec924e3c89731d403fb9bd42/gnocchi.d1ae3f10-1145-4ddc-85c2-de9ad61b036b/none_v3" 201 - "PUT https://[::1]:8080/v1/AUTH_3c12f327ec924e3c89731d403fb9bd42/gnocchi.d1ae3f10-1145-4ddc-85c2-de9ad61b036b/none_v3" "tx9caa346d1b6e4076bd622-0068e16ad1" "proxy-server 94716" 0.0516 "-" 93716 0
Oct 04 14:43:29 np0005470878.novalocal proxy-server[94716]: ::1 ::1 04/Oct/2025/18/43/29 PUT /v1/AUTH_3c12f327ec924e3c89731d403fb9bd42/gnocchi.d1ae3f10-1145-4ddc-85c2-de9ad61b036b/none_v3 HTTP/1.0 201 - python-swiftclient-4.7.0 gAAAAABo4WrHdnea... 22 - - tx9caa346d1b6e4076bd622-0068e16ad1 - 0.0570 - - 1759603409.018415451 1759603409.075368643 0
Oct 04 14:43:29 np0005470878.novalocal container-server[93383]: ::1 - - [04/Oct/2025:18:43:29 +0000] "PUT /3/104068/AUTH_3c12f327ec924e3c89731d403fb9bd42/gnocchi.932dd21f-8c9d-4deb-9bd2-aef9f60e4275/1759320000.0_mean_300.0_v3" 201 - "PUT http://[::1]:8080/1/167816/AUTH_3c12f327ec924e3c89731d403fb9bd42/gnocchi.932dd21f-8c9d-4deb-9bd2-aef9f60e4275/1759320000.0_mean_300.0_v3" "tx32cacf502ddb4527bedc6-0068e16ad1" "object-server 93716" 0.0010 "-" 93383 0
Oct 04 14:43:29 np0005470878.novalocal object-server[93716]: ::1 - - [04/Oct/2025:18:43:29 +0000] "PUT /1/167816/AUTH_3c12f327ec924e3c89731d403fb9bd42/gnocchi.932dd21f-8c9d-4deb-9bd2-aef9f60e4275/1759320000.0_mean_300.0_v3" 201 - "PUT https://[::1]:8080/v1/AUTH_3c12f327ec924e3c89731d403fb9bd42/gnocchi.932dd21f-8c9d-4deb-9bd2-aef9f60e4275/1759320000.0_mean_300.0_v3" "tx32cacf502ddb4527bedc6-0068e16ad1" "proxy-server 94717" 0.0228 "-" 93716 0
Oct 04 14:43:29 np0005470878.novalocal container-server[93383]: ::1 - - [04/Oct/2025:18:43:29 +0000] "PUT /1/104068/AUTH_3c12f327ec924e3c89731d403fb9bd42/gnocchi.932dd21f-8c9d-4deb-9bd2-aef9f60e4275/1759320000.0_mean_300.0_v3" 201 - "PUT http://[::1]:8080/3/167816/AUTH_3c12f327ec924e3c89731d403fb9bd42/gnocchi.932dd21f-8c9d-4deb-9bd2-aef9f60e4275/1759320000.0_mean_300.0_v3" "tx32cacf502ddb4527bedc6-0068e16ad1" "object-server 93716" 0.0013 "-" 93383 0
Oct 04 14:43:29 np0005470878.novalocal object-server[93716]: ::1 - - [04/Oct/2025:18:43:29 +0000] "PUT /3/167816/AUTH_3c12f327ec924e3c89731d403fb9bd42/gnocchi.932dd21f-8c9d-4deb-9bd2-aef9f60e4275/1759320000.0_mean_300.0_v3" 201 - "PUT https://[::1]:8080/v1/AUTH_3c12f327ec924e3c89731d403fb9bd42/gnocchi.932dd21f-8c9d-4deb-9bd2-aef9f60e4275/1759320000.0_mean_300.0_v3" "tx32cacf502ddb4527bedc6-0068e16ad1" "proxy-server 94717" 0.0269 "-" 93716 0
Oct 04 14:43:29 np0005470878.novalocal container-server[93383]: ::1 - - [04/Oct/2025:18:43:29 +0000] "PUT /2/104068/AUTH_3c12f327ec924e3c89731d403fb9bd42/gnocchi.932dd21f-8c9d-4deb-9bd2-aef9f60e4275/1759320000.0_mean_300.0_v3" 201 - "PUT http://[::1]:8080/2/167816/AUTH_3c12f327ec924e3c89731d403fb9bd42/gnocchi.932dd21f-8c9d-4deb-9bd2-aef9f60e4275/1759320000.0_mean_300.0_v3" "tx32cacf502ddb4527bedc6-0068e16ad1" "object-server 93716" 0.0010 "-" 93383 0
Oct 04 14:43:29 np0005470878.novalocal object-server[93716]: ::1 - - [04/Oct/2025:18:43:29 +0000] "PUT /2/167816/AUTH_3c12f327ec924e3c89731d403fb9bd42/gnocchi.932dd21f-8c9d-4deb-9bd2-aef9f60e4275/1759320000.0_mean_300.0_v3" 201 - "PUT https://[::1]:8080/v1/AUTH_3c12f327ec924e3c89731d403fb9bd42/gnocchi.932dd21f-8c9d-4deb-9bd2-aef9f60e4275/1759320000.0_mean_300.0_v3" "tx32cacf502ddb4527bedc6-0068e16ad1" "proxy-server 94717" 0.0347 "-" 93716 0
Oct 04 14:43:29 np0005470878.novalocal proxy-server[94717]: ::1 ::1 04/Oct/2025/18/43/29 PUT /v1/AUTH_3c12f327ec924e3c89731d403fb9bd42/gnocchi.932dd21f-8c9d-4deb-9bd2-aef9f60e4275/1759320000.0_mean_300.0_v3 HTTP/1.0 201 - python-swiftclient-4.7.0 gAAAAABo4Wq9xl3N... 16 - - tx32cacf502ddb4527bedc6-0068e16ad1 - 0.0419 - - 1759603409.047468901 1759603409.089324951 0
Oct 04 14:43:29 np0005470878.novalocal container-server[93384]: ::1 - - [04/Oct/2025:18:43:29 +0000] "HEAD /1/254755/AUTH_3c12f327ec924e3c89731d403fb9bd42/gnocchi.9e3e7fa9-0a31-4a4a-a685-d2ba0e1ae1f8" 404 - "HEAD http://[::1]:8080/v1/AUTH_3c12f327ec924e3c89731d403fb9bd42/gnocchi.9e3e7fa9-0a31-4a4a-a685-d2ba0e1ae1f8" "txed312c756f7d41c5950a9-0068e16ad1" "proxy-server 94716" 0.0003 "-" 93384 0
Oct 04 14:43:29 np0005470878.novalocal container-server[93383]: ::1 - - [04/Oct/2025:18:43:29 +0000] "PUT /3/104068/AUTH_3c12f327ec924e3c89731d403fb9bd42/gnocchi.932dd21f-8c9d-4deb-9bd2-aef9f60e4275/none_v3" 201 - "PUT http://[::1]:8080/2/258275/AUTH_3c12f327ec924e3c89731d403fb9bd42/gnocchi.932dd21f-8c9d-4deb-9bd2-aef9f60e4275/none_v3" "tx57426d556c0f4fc99a92f-0068e16ad1" "object-server 93717" 0.0005 "-" 93383 0
Oct 04 14:43:29 np0005470878.novalocal object-server[93717]: ::1 - - [04/Oct/2025:18:43:29 +0000] "PUT /2/258275/AUTH_3c12f327ec924e3c89731d403fb9bd42/gnocchi.932dd21f-8c9d-4deb-9bd2-aef9f60e4275/none_v3" 201 - "PUT https://[::1]:8080/v1/AUTH_3c12f327ec924e3c89731d403fb9bd42/gnocchi.932dd21f-8c9d-4deb-9bd2-aef9f60e4275/none_v3" "tx57426d556c0f4fc99a92f-0068e16ad1" "proxy-server 94717" 0.0138 "-" 93717 0
Oct 04 14:43:29 np0005470878.novalocal container-server[93384]: ::1 - - [04/Oct/2025:18:43:29 +0000] "PUT /1/104068/AUTH_3c12f327ec924e3c89731d403fb9bd42/gnocchi.932dd21f-8c9d-4deb-9bd2-aef9f60e4275/none_v3" 201 - "PUT http://[::1]:8080/1/258275/AUTH_3c12f327ec924e3c89731d403fb9bd42/gnocchi.932dd21f-8c9d-4deb-9bd2-aef9f60e4275/none_v3" "tx57426d556c0f4fc99a92f-0068e16ad1" "object-server 93716" 0.0004 "-" 93384 0
Oct 04 14:43:29 np0005470878.novalocal container-server[93384]: ::1 - - [04/Oct/2025:18:43:29 +0000] "HEAD /3/254755/AUTH_3c12f327ec924e3c89731d403fb9bd42/gnocchi.9e3e7fa9-0a31-4a4a-a685-d2ba0e1ae1f8" 404 - "HEAD http://[::1]:8080/v1/AUTH_3c12f327ec924e3c89731d403fb9bd42/gnocchi.9e3e7fa9-0a31-4a4a-a685-d2ba0e1ae1f8" "txed312c756f7d41c5950a9-0068e16ad1" "proxy-server 94716" 0.0002 "-" 93384 0
Oct 04 14:43:29 np0005470878.novalocal object-server[93716]: ::1 - - [04/Oct/2025:18:43:29 +0000] "PUT /1/258275/AUTH_3c12f327ec924e3c89731d403fb9bd42/gnocchi.932dd21f-8c9d-4deb-9bd2-aef9f60e4275/none_v3" 201 - "PUT https://[::1]:8080/v1/AUTH_3c12f327ec924e3c89731d403fb9bd42/gnocchi.932dd21f-8c9d-4deb-9bd2-aef9f60e4275/none_v3" "tx57426d556c0f4fc99a92f-0068e16ad1" "proxy-server 94717" 0.0148 "-" 93716 0
Oct 04 14:43:29 np0005470878.novalocal container-server[93383]: ::1 - - [04/Oct/2025:18:43:29 +0000] "PUT /2/104068/AUTH_3c12f327ec924e3c89731d403fb9bd42/gnocchi.932dd21f-8c9d-4deb-9bd2-aef9f60e4275/none_v3" 201 - "PUT http://[::1]:8080/3/258275/AUTH_3c12f327ec924e3c89731d403fb9bd42/gnocchi.932dd21f-8c9d-4deb-9bd2-aef9f60e4275/none_v3" "tx57426d556c0f4fc99a92f-0068e16ad1" "object-server 93716" 0.0005 "-" 93383 0
Oct 04 14:43:29 np0005470878.novalocal object-server[93716]: ::1 - - [04/Oct/2025:18:43:29 +0000] "PUT /3/258275/AUTH_3c12f327ec924e3c89731d403fb9bd42/gnocchi.932dd21f-8c9d-4deb-9bd2-aef9f60e4275/none_v3" 201 - "PUT https://[::1]:8080/v1/AUTH_3c12f327ec924e3c89731d403fb9bd42/gnocchi.932dd21f-8c9d-4deb-9bd2-aef9f60e4275/none_v3" "tx57426d556c0f4fc99a92f-0068e16ad1" "proxy-server 94717" 0.0144 "-" 93716 0
Oct 04 14:43:29 np0005470878.novalocal proxy-server[94717]: ::1 ::1 04/Oct/2025/18/43/29 PUT /v1/AUTH_3c12f327ec924e3c89731d403fb9bd42/gnocchi.932dd21f-8c9d-4deb-9bd2-aef9f60e4275/none_v3 HTTP/1.0 201 - python-swiftclient-4.7.0 gAAAAABo4Wq9xl3N... 22 - - tx57426d556c0f4fc99a92f-0068e16ad1 - 0.0219 - - 1759603409.091289997 1759603409.113179207 0
Oct 04 14:43:29 np0005470878.novalocal container-server[93384]: ::1 - - [04/Oct/2025:18:43:29 +0000] "HEAD /2/254755/AUTH_3c12f327ec924e3c89731d403fb9bd42/gnocchi.9e3e7fa9-0a31-4a4a-a685-d2ba0e1ae1f8" 404 - "HEAD http://[::1]:8080/v1/AUTH_3c12f327ec924e3c89731d403fb9bd42/gnocchi.9e3e7fa9-0a31-4a4a-a685-d2ba0e1ae1f8" "txed312c756f7d41c5950a9-0068e16ad1" "proxy-server 94716" 0.0002 "-" 93384 0
Oct 04 14:43:29 np0005470878.novalocal proxy-server[94716]: - - 04/Oct/2025/18/43/29 HEAD /v1/AUTH_3c12f327ec924e3c89731d403fb9bd42/gnocchi.9e3e7fa9-0a31-4a4a-a685-d2ba0e1ae1f8 HTTP/1.0 404 - Swift - - - - txed312c756f7d41c5950a9-0068e16ad1 - 0.0117 CS - 1759603409.104727983 1759603409.116446733 0
Oct 04 14:43:29 np0005470878.novalocal object-server[93717]: ::1 - - [04/Oct/2025:18:43:29 +0000] "GET /1/178013/AUTH_3c12f327ec924e3c89731d403fb9bd42/gnocchi.9e3e7fa9-0a31-4a4a-a685-d2ba0e1ae1f8/none_v3" 404 70 "GET https://[::1]:8080/v1/AUTH_3c12f327ec924e3c89731d403fb9bd42/gnocchi.9e3e7fa9-0a31-4a4a-a685-d2ba0e1ae1f8/none_v3" "txed312c756f7d41c5950a9-0068e16ad1" "proxy-server 94716" 0.0004 "-" 93717 0
Oct 04 14:43:29 np0005470878.novalocal object-server[93716]: ::1 - - [04/Oct/2025:18:43:29 +0000] "GET /3/178013/AUTH_3c12f327ec924e3c89731d403fb9bd42/gnocchi.9e3e7fa9-0a31-4a4a-a685-d2ba0e1ae1f8/none_v3" 404 70 "GET https://[::1]:8080/v1/AUTH_3c12f327ec924e3c89731d403fb9bd42/gnocchi.9e3e7fa9-0a31-4a4a-a685-d2ba0e1ae1f8/none_v3" "txed312c756f7d41c5950a9-0068e16ad1" "proxy-server 94716" 0.0004 "-" 93716 0
Oct 04 14:43:29 np0005470878.novalocal object-server[93716]: ::1 - - [04/Oct/2025:18:43:29 +0000] "GET /2/178013/AUTH_3c12f327ec924e3c89731d403fb9bd42/gnocchi.9e3e7fa9-0a31-4a4a-a685-d2ba0e1ae1f8/none_v3" 404 70 "GET https://[::1]:8080/v1/AUTH_3c12f327ec924e3c89731d403fb9bd42/gnocchi.9e3e7fa9-0a31-4a4a-a685-d2ba0e1ae1f8/none_v3" "txed312c756f7d41c5950a9-0068e16ad1" "proxy-server 94716" 0.0003 "-" 93716 0
Oct 04 14:43:29 np0005470878.novalocal proxy-server[94716]: ::1 ::1 04/Oct/2025/18/43/29 GET /v1/AUTH_3c12f327ec924e3c89731d403fb9bd42/gnocchi.9e3e7fa9-0a31-4a4a-a685-d2ba0e1ae1f8/none_v3 HTTP/1.0 404 - python-swiftclient-4.7.0 gAAAAABo4WrHdnea... - 70 - txed312c756f7d41c5950a9-0068e16ad1 - 0.0253 - - 1759603409.104065895 1759603409.129392147 0
Oct 04 14:43:29 np0005470878.novalocal account-server[93088]: ::1 - - [04/Oct/2025:18:43:29 +0000] "PUT /1/140569/AUTH_3c12f327ec924e3c89731d403fb9bd42/gnocchi.9e3e7fa9-0a31-4a4a-a685-d2ba0e1ae1f8" 201 - "PUT http://[::1]:6001/3/254755/AUTH_3c12f327ec924e3c89731d403fb9bd42/gnocchi.9e3e7fa9-0a31-4a4a-a685-d2ba0e1ae1f8" "txeef5bf4629ec4b49bbdb2-0068e16ad1" "container-server 93383" 0.0036 "-" 93088 0
Oct 04 14:43:29 np0005470878.novalocal container-server[93383]: ::1 - - [04/Oct/2025:18:43:29 +0000] "PUT /3/254755/AUTH_3c12f327ec924e3c89731d403fb9bd42/gnocchi.9e3e7fa9-0a31-4a4a-a685-d2ba0e1ae1f8" 201 - "PUT https://[::1]:8080/v1/AUTH_3c12f327ec924e3c89731d403fb9bd42/gnocchi.9e3e7fa9-0a31-4a4a-a685-d2ba0e1ae1f8" "txeef5bf4629ec4b49bbdb2-0068e16ad1" "proxy-server 94716" 0.0151 "-" 93383 0
Oct 04 14:43:29 np0005470878.novalocal account-server[93089]: ::1 - - [04/Oct/2025:18:43:29 +0000] "PUT /2/140569/AUTH_3c12f327ec924e3c89731d403fb9bd42/gnocchi.9e3e7fa9-0a31-4a4a-a685-d2ba0e1ae1f8" 201 - "PUT http://[::1]:6001/1/254755/AUTH_3c12f327ec924e3c89731d403fb9bd42/gnocchi.9e3e7fa9-0a31-4a4a-a685-d2ba0e1ae1f8" "txeef5bf4629ec4b49bbdb2-0068e16ad1" "container-server 93384" 0.0040 "-" 93089 0
Oct 04 14:43:29 np0005470878.novalocal container-server[93384]: ::1 - - [04/Oct/2025:18:43:29 +0000] "PUT /1/254755/AUTH_3c12f327ec924e3c89731d403fb9bd42/gnocchi.9e3e7fa9-0a31-4a4a-a685-d2ba0e1ae1f8" 201 - "PUT https://[::1]:8080/v1/AUTH_3c12f327ec924e3c89731d403fb9bd42/gnocchi.9e3e7fa9-0a31-4a4a-a685-d2ba0e1ae1f8" "txeef5bf4629ec4b49bbdb2-0068e16ad1" "proxy-server 94716" 0.0113 "-" 93384 0
Oct 04 14:43:29 np0005470878.novalocal account-server[93089]: ::1 - - [04/Oct/2025:18:43:29 +0000] "PUT /3/140569/AUTH_3c12f327ec924e3c89731d403fb9bd42/gnocchi.9e3e7fa9-0a31-4a4a-a685-d2ba0e1ae1f8" 201 - "PUT http://[::1]:6001/2/254755/AUTH_3c12f327ec924e3c89731d403fb9bd42/gnocchi.9e3e7fa9-0a31-4a4a-a685-d2ba0e1ae1f8" "txeef5bf4629ec4b49bbdb2-0068e16ad1" "container-server 93384" 0.0054 "-" 93089 0
Oct 04 14:43:29 np0005470878.novalocal container-server[93384]: ::1 - - [04/Oct/2025:18:43:29 +0000] "PUT /2/254755/AUTH_3c12f327ec924e3c89731d403fb9bd42/gnocchi.9e3e7fa9-0a31-4a4a-a685-d2ba0e1ae1f8" 201 - "PUT https://[::1]:8080/v1/AUTH_3c12f327ec924e3c89731d403fb9bd42/gnocchi.9e3e7fa9-0a31-4a4a-a685-d2ba0e1ae1f8" "txeef5bf4629ec4b49bbdb2-0068e16ad1" "proxy-server 94716" 0.0391 "-" 93384 0
Oct 04 14:43:29 np0005470878.novalocal proxy-server[94716]: ::1 ::1 04/Oct/2025/18/43/29 PUT /v1/AUTH_3c12f327ec924e3c89731d403fb9bd42/gnocchi.9e3e7fa9-0a31-4a4a-a685-d2ba0e1ae1f8 HTTP/1.0 201 - python-swiftclient-4.7.0 gAAAAABo4WrHdnea... - - - txeef5bf4629ec4b49bbdb2-0068e16ad1 - 0.0463 - - 1759603409.132808447 1759603409.179106474 0
Oct 04 14:43:29 np0005470878.novalocal container-server[93383]: ::1 - - [04/Oct/2025:18:43:29 +0000] "HEAD /2/254755/AUTH_3c12f327ec924e3c89731d403fb9bd42/gnocchi.9e3e7fa9-0a31-4a4a-a685-d2ba0e1ae1f8" 204 - "HEAD http://[::1]:8080/v1/AUTH_3c12f327ec924e3c89731d403fb9bd42/gnocchi.9e3e7fa9-0a31-4a4a-a685-d2ba0e1ae1f8" "tx0faf499604cc4a75af5a4-0068e16ad1" "proxy-server 94716" 0.0062 "-" 93383 0
Oct 04 14:43:29 np0005470878.novalocal proxy-server[94716]: - - 04/Oct/2025/18/43/29 HEAD /v1/AUTH_3c12f327ec924e3c89731d403fb9bd42/gnocchi.9e3e7fa9-0a31-4a4a-a685-d2ba0e1ae1f8 HTTP/1.0 204 - Swift - - - - tx0faf499604cc4a75af5a4-0068e16ad1 - 0.0105 CS - 1759603409.184544563 1759603409.195089579 0
Oct 04 14:43:29 np0005470878.novalocal container-server[93383]: ::1 - - [04/Oct/2025:18:43:29 +0000] "GET /1/254755/AUTH_3c12f327ec924e3c89731d403fb9bd42/gnocchi.9e3e7fa9-0a31-4a4a-a685-d2ba0e1ae1f8" 200 2 "GET https://[::1]:8080/v1/AUTH_3c12f327ec924e3c89731d403fb9bd42/gnocchi.9e3e7fa9-0a31-4a4a-a685-d2ba0e1ae1f8?format=json&states=listing" "tx0faf499604cc4a75af5a4-0068e16ad1" "proxy-server 94716" 0.0057 "-" 93383 0
Oct 04 14:43:29 np0005470878.novalocal proxy-server[94716]: ::1 ::1 04/Oct/2025/18/43/29 GET /v1/AUTH_3c12f327ec924e3c89731d403fb9bd42/gnocchi.9e3e7fa9-0a31-4a4a-a685-d2ba0e1ae1f8%3Fformat%3Djson%26states%3Dlisting HTTP/1.0 200 - python-swiftclient-4.7.0 gAAAAABo4WrHdnea... - 2 - tx0faf499604cc4a75af5a4-0068e16ad1 - 0.0259 - - 1759603409.183562994 1759603409.209460497 0
Oct 04 14:43:29 np0005470878.novalocal object-server[93717]: ::1 - - [04/Oct/2025:18:43:29 +0000] "GET /1/107175/AUTH_3c12f327ec924e3c89731d403fb9bd42/gnocchi.9e3e7fa9-0a31-4a4a-a685-d2ba0e1ae1f8/1759320000.0_mean_300.0_v3" 404 70 "GET https://[::1]:8080/v1/AUTH_3c12f327ec924e3c89731d403fb9bd42/gnocchi.9e3e7fa9-0a31-4a4a-a685-d2ba0e1ae1f8/1759320000.0_mean_300.0_v3" "txa415f82946994b549a560-0068e16ad1" "proxy-server 94716" 0.0004 "-" 93717 0
Oct 04 14:43:29 np0005470878.novalocal object-server[93716]: ::1 - - [04/Oct/2025:18:43:29 +0000] "GET /3/107175/AUTH_3c12f327ec924e3c89731d403fb9bd42/gnocchi.9e3e7fa9-0a31-4a4a-a685-d2ba0e1ae1f8/1759320000.0_mean_300.0_v3" 404 70 "GET https://[::1]:8080/v1/AUTH_3c12f327ec924e3c89731d403fb9bd42/gnocchi.9e3e7fa9-0a31-4a4a-a685-d2ba0e1ae1f8/1759320000.0_mean_300.0_v3" "txa415f82946994b549a560-0068e16ad1" "proxy-server 94716" 0.0011 "-" 93716 0
Oct 04 14:43:29 np0005470878.novalocal object-server[93717]: ::1 - - [04/Oct/2025:18:43:29 +0000] "GET /2/107175/AUTH_3c12f327ec924e3c89731d403fb9bd42/gnocchi.9e3e7fa9-0a31-4a4a-a685-d2ba0e1ae1f8/1759320000.0_mean_300.0_v3" 404 70 "GET https://[::1]:8080/v1/AUTH_3c12f327ec924e3c89731d403fb9bd42/gnocchi.9e3e7fa9-0a31-4a4a-a685-d2ba0e1ae1f8/1759320000.0_mean_300.0_v3" "txa415f82946994b549a560-0068e16ad1" "proxy-server 94716" 0.0004 "-" 93717 0
Oct 04 14:43:29 np0005470878.novalocal proxy-server[94716]: ::1 ::1 04/Oct/2025/18/43/29 GET /v1/AUTH_3c12f327ec924e3c89731d403fb9bd42/gnocchi.9e3e7fa9-0a31-4a4a-a685-d2ba0e1ae1f8/1759320000.0_mean_300.0_v3 HTTP/1.0 404 - python-swiftclient-4.7.0 gAAAAABo4WrHdnea... - 70 - txa415f82946994b549a560-0068e16ad1 - 0.0155 - - 1759603409.214452267 1759603409.229918480 0
Oct 04 14:43:29 np0005470878.novalocal container-server[93383]: ::1 - - [04/Oct/2025:18:43:29 +0000] "PUT /1/254755/AUTH_3c12f327ec924e3c89731d403fb9bd42/gnocchi.9e3e7fa9-0a31-4a4a-a685-d2ba0e1ae1f8/1759320000.0_mean_300.0_v3" 201 - "PUT http://[::1]:8080/3/107175/AUTH_3c12f327ec924e3c89731d403fb9bd42/gnocchi.9e3e7fa9-0a31-4a4a-a685-d2ba0e1ae1f8/1759320000.0_mean_300.0_v3" "tx087a3c5d3ce34bdda8abd-0068e16ad1" "object-server 93716" 0.0008 "-" 93383 0
Oct 04 14:43:29 np0005470878.novalocal object-server[93716]: ::1 - - [04/Oct/2025:18:43:29 +0000] "PUT /3/107175/AUTH_3c12f327ec924e3c89731d403fb9bd42/gnocchi.9e3e7fa9-0a31-4a4a-a685-d2ba0e1ae1f8/1759320000.0_mean_300.0_v3" 201 - "PUT https://[::1]:8080/v1/AUTH_3c12f327ec924e3c89731d403fb9bd42/gnocchi.9e3e7fa9-0a31-4a4a-a685-d2ba0e1ae1f8/1759320000.0_mean_300.0_v3" "tx087a3c5d3ce34bdda8abd-0068e16ad1" "proxy-server 94716" 0.0216 "-" 93716 0
Oct 04 14:43:29 np0005470878.novalocal container-server[93384]: ::1 - - [04/Oct/2025:18:43:29 +0000] "PUT /2/254755/AUTH_3c12f327ec924e3c89731d403fb9bd42/gnocchi.9e3e7fa9-0a31-4a4a-a685-d2ba0e1ae1f8/1759320000.0_mean_300.0_v3" 201 - "PUT http://[::1]:8080/2/107175/AUTH_3c12f327ec924e3c89731d403fb9bd42/gnocchi.9e3e7fa9-0a31-4a4a-a685-d2ba0e1ae1f8/1759320000.0_mean_300.0_v3" "tx087a3c5d3ce34bdda8abd-0068e16ad1" "object-server 93716" 0.0008 "-" 93384 0
Oct 04 14:43:29 np0005470878.novalocal object-server[93716]: ::1 - - [04/Oct/2025:18:43:29 +0000] "PUT /2/107175/AUTH_3c12f327ec924e3c89731d403fb9bd42/gnocchi.9e3e7fa9-0a31-4a4a-a685-d2ba0e1ae1f8/1759320000.0_mean_300.0_v3" 201 - "PUT https://[::1]:8080/v1/AUTH_3c12f327ec924e3c89731d403fb9bd42/gnocchi.9e3e7fa9-0a31-4a4a-a685-d2ba0e1ae1f8/1759320000.0_mean_300.0_v3" "tx087a3c5d3ce34bdda8abd-0068e16ad1" "proxy-server 94716" 0.0239 "-" 93716 0
Oct 04 14:43:29 np0005470878.novalocal container-server[93384]: ::1 - - [04/Oct/2025:18:43:29 +0000] "PUT /3/254755/AUTH_3c12f327ec924e3c89731d403fb9bd42/gnocchi.9e3e7fa9-0a31-4a4a-a685-d2ba0e1ae1f8/1759320000.0_mean_300.0_v3" 201 - "PUT http://[::1]:8080/1/107175/AUTH_3c12f327ec924e3c89731d403fb9bd42/gnocchi.9e3e7fa9-0a31-4a4a-a685-d2ba0e1ae1f8/1759320000.0_mean_300.0_v3" "tx087a3c5d3ce34bdda8abd-0068e16ad1" "object-server 93716" 0.0007 "-" 93384 0
Oct 04 14:43:29 np0005470878.novalocal object-server[93716]: ::1 - - [04/Oct/2025:18:43:29 +0000] "PUT /1/107175/AUTH_3c12f327ec924e3c89731d403fb9bd42/gnocchi.9e3e7fa9-0a31-4a4a-a685-d2ba0e1ae1f8/1759320000.0_mean_300.0_v3" 201 - "PUT https://[::1]:8080/v1/AUTH_3c12f327ec924e3c89731d403fb9bd42/gnocchi.9e3e7fa9-0a31-4a4a-a685-d2ba0e1ae1f8/1759320000.0_mean_300.0_v3" "tx087a3c5d3ce34bdda8abd-0068e16ad1" "proxy-server 94716" 0.0241 "-" 93716 0
Oct 04 14:43:29 np0005470878.novalocal proxy-server[94716]: ::1 ::1 04/Oct/2025/18/43/29 PUT /v1/AUTH_3c12f327ec924e3c89731d403fb9bd42/gnocchi.9e3e7fa9-0a31-4a4a-a685-d2ba0e1ae1f8/1759320000.0_mean_300.0_v3 HTTP/1.0 201 - python-swiftclient-4.7.0 gAAAAABo4WrHdnea... 16 - - tx087a3c5d3ce34bdda8abd-0068e16ad1 - 0.0428 - - 1759603409.233852863 1759603409.276660919 0
Oct 04 14:43:29 np0005470878.novalocal container-server[93383]: ::1 - - [04/Oct/2025:18:43:29 +0000] "PUT /1/254755/AUTH_3c12f327ec924e3c89731d403fb9bd42/gnocchi.9e3e7fa9-0a31-4a4a-a685-d2ba0e1ae1f8/none_v3" 201 - "PUT http://[::1]:8080/3/178013/AUTH_3c12f327ec924e3c89731d403fb9bd42/gnocchi.9e3e7fa9-0a31-4a4a-a685-d2ba0e1ae1f8/none_v3" "txd7692b828c334ec8bed14-0068e16ad1" "object-server 93716" 0.0019 "-" 93383 0
Oct 04 14:43:29 np0005470878.novalocal object-server[93716]: ::1 - - [04/Oct/2025:18:43:29 +0000] "PUT /3/178013/AUTH_3c12f327ec924e3c89731d403fb9bd42/gnocchi.9e3e7fa9-0a31-4a4a-a685-d2ba0e1ae1f8/none_v3" 201 - "PUT https://[::1]:8080/v1/AUTH_3c12f327ec924e3c89731d403fb9bd42/gnocchi.9e3e7fa9-0a31-4a4a-a685-d2ba0e1ae1f8/none_v3" "txd7692b828c334ec8bed14-0068e16ad1" "proxy-server 94716" 0.0205 "-" 93716 0
Oct 04 14:43:29 np0005470878.novalocal container-server[93383]: ::1 - - [04/Oct/2025:18:43:29 +0000] "PUT /3/254755/AUTH_3c12f327ec924e3c89731d403fb9bd42/gnocchi.9e3e7fa9-0a31-4a4a-a685-d2ba0e1ae1f8/none_v3" 201 - "PUT http://[::1]:8080/1/178013/AUTH_3c12f327ec924e3c89731d403fb9bd42/gnocchi.9e3e7fa9-0a31-4a4a-a685-d2ba0e1ae1f8/none_v3" "txd7692b828c334ec8bed14-0068e16ad1" "object-server 93716" 0.0014 "-" 93383 0
Oct 04 14:43:29 np0005470878.novalocal object-server[93716]: ::1 - - [04/Oct/2025:18:43:29 +0000] "PUT /1/178013/AUTH_3c12f327ec924e3c89731d403fb9bd42/gnocchi.9e3e7fa9-0a31-4a4a-a685-d2ba0e1ae1f8/none_v3" 201 - "PUT https://[::1]:8080/v1/AUTH_3c12f327ec924e3c89731d403fb9bd42/gnocchi.9e3e7fa9-0a31-4a4a-a685-d2ba0e1ae1f8/none_v3" "txd7692b828c334ec8bed14-0068e16ad1" "proxy-server 94716" 0.0240 "-" 93716 0
Oct 04 14:43:29 np0005470878.novalocal container-server[93383]: ::1 - - [04/Oct/2025:18:43:29 +0000] "PUT /2/254755/AUTH_3c12f327ec924e3c89731d403fb9bd42/gnocchi.9e3e7fa9-0a31-4a4a-a685-d2ba0e1ae1f8/none_v3" 201 - "PUT http://[::1]:8080/2/178013/AUTH_3c12f327ec924e3c89731d403fb9bd42/gnocchi.9e3e7fa9-0a31-4a4a-a685-d2ba0e1ae1f8/none_v3" "txd7692b828c334ec8bed14-0068e16ad1" "object-server 93717" 0.0014 "-" 93383 0
Oct 04 14:43:29 np0005470878.novalocal object-server[93717]: ::1 - - [04/Oct/2025:18:43:29 +0000] "PUT /2/178013/AUTH_3c12f327ec924e3c89731d403fb9bd42/gnocchi.9e3e7fa9-0a31-4a4a-a685-d2ba0e1ae1f8/none_v3" 201 - "PUT https://[::1]:8080/v1/AUTH_3c12f327ec924e3c89731d403fb9bd42/gnocchi.9e3e7fa9-0a31-4a4a-a685-d2ba0e1ae1f8/none_v3" "txd7692b828c334ec8bed14-0068e16ad1" "proxy-server 94716" 0.0277 "-" 93717 0
Oct 04 14:43:29 np0005470878.novalocal proxy-server[94716]: ::1 ::1 04/Oct/2025/18/43/29 PUT /v1/AUTH_3c12f327ec924e3c89731d403fb9bd42/gnocchi.9e3e7fa9-0a31-4a4a-a685-d2ba0e1ae1f8/none_v3 HTTP/1.0 201 - python-swiftclient-4.7.0 gAAAAABo4WrHdnea... 22 - - txd7692b828c334ec8bed14-0068e16ad1 - 0.0340 - - 1759603409.279580355 1759603409.313603163 0
Oct 04 14:43:29 np0005470878.novalocal sshd-session[101452]: Received disconnect from 193.46.255.33 port 26164:11: [preauth]
Oct 04 14:43:29 np0005470878.novalocal sshd-session[101452]: Disconnected from authenticating user root 193.46.255.33 port 26164 [preauth]
Oct 04 14:43:30 np0005470878.novalocal dnsmasq-dhcp[100734]: DHCPDISCOVER(tap2fb05aa8-08) fa:16:3e:39:21:f3
Oct 04 14:43:30 np0005470878.novalocal dnsmasq-dhcp[100734]: DHCPOFFER(tap2fb05aa8-08) 10.100.0.3 fa:16:3e:39:21:f3
Oct 04 14:43:30 np0005470878.novalocal dnsmasq-dhcp[100734]: DHCPREQUEST(tap2fb05aa8-08) 10.100.0.3 fa:16:3e:39:21:f3
Oct 04 14:43:30 np0005470878.novalocal dnsmasq-dhcp[100734]: DHCPACK(tap2fb05aa8-08) 10.100.0.3 fa:16:3e:39:21:f3 host-10-100-0-3
Oct 04 14:43:31 np0005470878.novalocal kernel: qbr94d9c27a-df: port 2(tap94d9c27a-df) entered disabled state
Oct 04 14:43:31 np0005470878.novalocal kernel: tap94d9c27a-df (unregistering): left allmulticast mode
Oct 04 14:43:31 np0005470878.novalocal kernel: tap94d9c27a-df (unregistering): left promiscuous mode
Oct 04 14:43:31 np0005470878.novalocal kernel: qbr94d9c27a-df: port 2(tap94d9c27a-df) entered disabled state
Oct 04 14:43:31 np0005470878.novalocal NetworkManager[861]: [1759603411.4059] device (tap94d9c27a-df): state change: activated -> unmanaged (reason 'unmanaged', managed-type: 'removed')
Oct 04 14:43:31 np0005470878.novalocal NetworkManager[861]: [1759603411.4072] device (tap94d9c27a-df): released from controller device qbr94d9c27a-df
Oct 04 14:43:31 np0005470878.novalocal systemd[1]: machine-qemu\x2d2\x2dinstance\x2d00000002.scope: Deactivated successfully.
Oct 04 14:43:31 np0005470878.novalocal systemd[1]: machine-qemu\x2d2\x2dinstance\x2d00000002.scope: Consumed 4.199s CPU time.
Oct 04 14:43:31 np0005470878.novalocal systemd-machined[90285]: Machine qemu-2-instance-00000002 terminated.
Oct 04 14:43:31 np0005470878.novalocal kernel: MODE SENSE: unimplemented page/subpage: 0x0a/0x05
Oct 04 14:43:31 np0005470878.novalocal kernel: GPT:Primary header thinks Alt. header is not at the end of the disk.
