Oct 04 14:43:31 np0005470878.novalocal kernel: GPT:229375 != 2097151
Oct 04 14:43:31 np0005470878.novalocal kernel: GPT:Alternate GPT header not at the end of the disk.
Oct 04 14:43:31 np0005470878.novalocal kernel: GPT:229375 != 2097151
Oct 04 14:43:31 np0005470878.novalocal kernel: GPT: Use GNU Parted to correct GPT errors.
Oct 04 14:43:31 np0005470878.novalocal kernel: sda: sda1 sda15
Oct 04 14:43:31 np0005470878.novalocal kernel: MODE SENSE: unimplemented page/subpage: 0x0a/0x05
Oct 04 14:43:31 np0005470878.novalocal kernel: GPT:Primary header thinks Alt. header is not at the end of the disk.
Oct 04 14:43:31 np0005470878.novalocal kernel: GPT:229375 != 2097151
Oct 04 14:43:31 np0005470878.novalocal kernel: GPT:Alternate GPT header not at the end of the disk.
Oct 04 14:43:31 np0005470878.novalocal kernel: GPT:229375 != 2097151
Oct 04 14:43:31 np0005470878.novalocal kernel: GPT: Use GNU Parted to correct GPT errors.
Oct 04 14:43:31 np0005470878.novalocal kernel: sda: sda1 sda15
Oct 04 14:43:31 np0005470878.novalocal kernel: MODE SENSE: unimplemented page/subpage: 0x0a/0x05
Oct 04 14:43:31 np0005470878.novalocal kernel: GPT:Primary header thinks Alt. header is not at the end of the disk.
Oct 04 14:43:31 np0005470878.novalocal kernel: GPT:229375 != 2097151
Oct 04 14:43:31 np0005470878.novalocal kernel: GPT:Alternate GPT header not at the end of the disk.
Oct 04 14:43:31 np0005470878.novalocal kernel: GPT:229375 != 2097151
Oct 04 14:43:31 np0005470878.novalocal kernel: GPT: Use GNU Parted to correct GPT errors.
Oct 04 14:43:31 np0005470878.novalocal kernel: sda: sda1 sda15
Oct 04 14:43:31 np0005470878.novalocal kernel: MODE SENSE: unimplemented page/subpage: 0x0a/0x05
Oct 04 14:43:31 np0005470878.novalocal kernel: GPT:Primary header thinks Alt. header is not at the end of the disk.
Oct 04 14:43:31 np0005470878.novalocal kernel: GPT:229375 != 2097151
Oct 04 14:43:31 np0005470878.novalocal kernel: GPT:Alternate GPT header not at the end of the disk.
Oct 04 14:43:31 np0005470878.novalocal kernel: GPT:229375 != 2097151
Oct 04 14:43:31 np0005470878.novalocal kernel: GPT: Use GNU Parted to correct GPT errors.
Oct 04 14:43:31 np0005470878.novalocal kernel: sda: sda1 sda15
Oct 04 14:43:32 np0005470878.novalocal kernel: qvb94d9c27a-df: left allmulticast mode
Oct 04 14:43:32 np0005470878.novalocal kernel: qvb94d9c27a-df: left promiscuous mode
Oct 04 14:43:32 np0005470878.novalocal kernel: qbr94d9c27a-df: port 1(qvb94d9c27a-df) entered disabled state
Oct 04 14:43:32 np0005470878.novalocal NetworkManager[861]: [1759603412.2128] device (qbr94d9c27a-df): bridge port qvb94d9c27a-df was detached
Oct 04 14:43:32 np0005470878.novalocal NetworkManager[861]: [1759603412.2141] device (qbr94d9c27a-df): state change: activated -> unmanaged (reason 'unmanaged', managed-type: 'removed')
Oct 04 14:43:32 np0005470878.novalocal kernel: qvo94d9c27a-df: left promiscuous mode
Oct 04 14:43:32 np0005470878.novalocal account-replicator[93152]: Beginning replication run
Oct 04 14:43:32 np0005470878.novalocal account-replicator[93152]: Replication run OVER
Oct 04 14:43:32 np0005470878.novalocal account-replicator[93152]: Attempted to replicate 3 dbs in 0.09246 seconds (32.44813/s)
Oct 04 14:43:32 np0005470878.novalocal account-replicator[93152]: Removed 0 dbs
Oct 04 14:43:32 np0005470878.novalocal account-replicator[93152]: 6 successes, 0 failures
Oct 04 14:43:32 np0005470878.novalocal account-replicator[93152]: diff:0 diff_capped:0 empty:0 hashmatch:0 no_change:6 remote_merge:0 rsync:0 ts_repl:0
Oct 04 14:43:32 np0005470878.novalocal container-replicator[93449]: Beginning replication run
Oct 04 14:43:32 np0005470878.novalocal kernel: sd 2:0:0:0: [sda] Synchronizing SCSI cache
Oct 04 14:43:32 np0005470878.novalocal kernel: scsi 2:0:0:0: alua: Detached
Oct 04 14:43:32 np0005470878.novalocal iscsid[75759]: iscsid: Connection1:0 to [target: iqn.2010-10.org.openstack:volume-e9903a5c-20ea-497e-a5a1-3a9b64ceae22, portal: ::1,3260] through [iface: default] is shutdown.
Oct 04 14:43:33 np0005470878.novalocal container-server[93383]: ::1 - - [04/Oct/2025:18:43:33 +0000] "HEAD /2/187270/AUTH_3c12f327ec924e3c89731d403fb9bd42/gnocchi.a5d795ae-f1b2-4531-b1f7-32e5dc9fba81" 404 - "HEAD http://[::1]:8080/v1/AUTH_3c12f327ec924e3c89731d403fb9bd42/gnocchi.a5d795ae-f1b2-4531-b1f7-32e5dc9fba81" "txec11c5e999e5479b855ae-0068e16ad5" "proxy-server 94717" 0.0005 "-" 93383 0
Oct 04 14:43:33 np0005470878.novalocal container-server[93383]: ::1 - - [04/Oct/2025:18:43:33 +0000] "HEAD /1/187270/AUTH_3c12f327ec924e3c89731d403fb9bd42/gnocchi.a5d795ae-f1b2-4531-b1f7-32e5dc9fba81" 404 - "HEAD http://[::1]:8080/v1/AUTH_3c12f327ec924e3c89731d403fb9bd42/gnocchi.a5d795ae-f1b2-4531-b1f7-32e5dc9fba81" "txec11c5e999e5479b855ae-0068e16ad5" "proxy-server 94717" 0.0003 "-" 93383 0
Oct 04 14:43:33 np0005470878.novalocal container-server[93383]: ::1 - - [04/Oct/2025:18:43:33 +0000] "HEAD /3/187270/AUTH_3c12f327ec924e3c89731d403fb9bd42/gnocchi.a5d795ae-f1b2-4531-b1f7-32e5dc9fba81" 404 - "HEAD http://[::1]:8080/v1/AUTH_3c12f327ec924e3c89731d403fb9bd42/gnocchi.a5d795ae-f1b2-4531-b1f7-32e5dc9fba81" "txec11c5e999e5479b855ae-0068e16ad5" "proxy-server 94717" 0.0003 "-" 93383 0
Oct 04 14:43:33 np0005470878.novalocal proxy-server[94717]: - - 04/Oct/2025/18/43/33 HEAD /v1/AUTH_3c12f327ec924e3c89731d403fb9bd42/gnocchi.a5d795ae-f1b2-4531-b1f7-32e5dc9fba81 HTTP/1.0 404 - Swift - - - - txec11c5e999e5479b855ae-0068e16ad5 - 0.0099 CS - 1759603413.012773037 1759603413.022706747 0
Oct 04 14:43:33 np0005470878.novalocal object-server[93717]: ::1 - - [04/Oct/2025:18:43:33 +0000] "GET /2/50378/AUTH_3c12f327ec924e3c89731d403fb9bd42/gnocchi.a5d795ae-f1b2-4531-b1f7-32e5dc9fba81/none_v3" 404 70 "GET https://[::1]:8080/v1/AUTH_3c12f327ec924e3c89731d403fb9bd42/gnocchi.a5d795ae-f1b2-4531-b1f7-32e5dc9fba81/none_v3" "txec11c5e999e5479b855ae-0068e16ad5" "proxy-server 94717" 0.0005 "-" 93717 0
Oct 04 14:43:33 np0005470878.novalocal object-server[93717]: ::1 - - [04/Oct/2025:18:43:33 +0000] "GET /3/50378/AUTH_3c12f327ec924e3c89731d403fb9bd42/gnocchi.a5d795ae-f1b2-4531-b1f7-32e5dc9fba81/none_v3" 404 70 "GET https://[::1]:8080/v1/AUTH_3c12f327ec924e3c89731d403fb9bd42/gnocchi.a5d795ae-f1b2-4531-b1f7-32e5dc9fba81/none_v3" "txec11c5e999e5479b855ae-0068e16ad5" "proxy-server 94717" 0.0004 "-" 93717 0
Oct 04 14:43:33 np0005470878.novalocal object-server[93716]: ::1 - - [04/Oct/2025:18:43:33 +0000] "GET /1/50378/AUTH_3c12f327ec924e3c89731d403fb9bd42/gnocchi.a5d795ae-f1b2-4531-b1f7-32e5dc9fba81/none_v3" 404 70 "GET https://[::1]:8080/v1/AUTH_3c12f327ec924e3c89731d403fb9bd42/gnocchi.a5d795ae-f1b2-4531-b1f7-32e5dc9fba81/none_v3" "txec11c5e999e5479b855ae-0068e16ad5" "proxy-server 94717" 0.0005 "-" 93716 0
Oct 04 14:43:33 np0005470878.novalocal proxy-server[94717]: ::1 ::1 04/Oct/2025/18/43/33 GET /v1/AUTH_3c12f327ec924e3c89731d403fb9bd42/gnocchi.a5d795ae-f1b2-4531-b1f7-32e5dc9fba81/none_v3 HTTP/1.0 404 - python-swiftclient-4.7.0 gAAAAABo4Wq9xl3N... - 70 - txec11c5e999e5479b855ae-0068e16ad5 - 0.0258 - - 1759603413.010658503 1759603413.036431074 0
Oct 04 14:43:33 np0005470878.novalocal account-server[93089]: ::1 - - [04/Oct/2025:18:43:33 +0000] "PUT /1/140569/AUTH_3c12f327ec924e3c89731d403fb9bd42/gnocchi.a5d795ae-f1b2-4531-b1f7-32e5dc9fba81" 201 - "PUT http://[::1]:6001/2/187270/AUTH_3c12f327ec924e3c89731d403fb9bd42/gnocchi.a5d795ae-f1b2-4531-b1f7-32e5dc9fba81" "tx4a6b80694a264ce9be4ce-0068e16ad5" "container-server 93383" 0.0017 "-" 93089 0
Oct 04 14:43:33 np0005470878.novalocal container-server[93383]: ::1 - - [04/Oct/2025:18:43:33 +0000] "PUT /2/187270/AUTH_3c12f327ec924e3c89731d403fb9bd42/gnocchi.a5d795ae-f1b2-4531-b1f7-32e5dc9fba81" 201 - "PUT https://[::1]:8080/v1/AUTH_3c12f327ec924e3c89731d403fb9bd42/gnocchi.a5d795ae-f1b2-4531-b1f7-32e5dc9fba81" "tx4a6b80694a264ce9be4ce-0068e16ad5" "proxy-server 94717" 0.0135 "-" 93383 0
Oct 04 14:43:33 np0005470878.novalocal account-server[93088]: ::1 - - [04/Oct/2025:18:43:33 +0000] "PUT /2/140569/AUTH_3c12f327ec924e3c89731d403fb9bd42/gnocchi.a5d795ae-f1b2-4531-b1f7-32e5dc9fba81" 201 - "PUT http://[::1]:6001/1/187270/AUTH_3c12f327ec924e3c89731d403fb9bd42/gnocchi.a5d795ae-f1b2-4531-b1f7-32e5dc9fba81" "tx4a6b80694a264ce9be4ce-0068e16ad5" "container-server 93384" 0.0016 "-" 93088 0
Oct 04 14:43:33 np0005470878.novalocal container-server[93384]: ::1 - - [04/Oct/2025:18:43:33 +0000] "PUT /1/187270/AUTH_3c12f327ec924e3c89731d403fb9bd42/gnocchi.a5d795ae-f1b2-4531-b1f7-32e5dc9fba81" 201 - "PUT https://[::1]:8080/v1/AUTH_3c12f327ec924e3c89731d403fb9bd42/gnocchi.a5d795ae-f1b2-4531-b1f7-32e5dc9fba81" "tx4a6b80694a264ce9be4ce-0068e16ad5" "proxy-server 94717" 0.0359 "-" 93384 0
Oct 04 14:43:33 np0005470878.novalocal account-server[93088]: ::1 - - [04/Oct/2025:18:43:33 +0000] "PUT /3/140569/AUTH_3c12f327ec924e3c89731d403fb9bd42/gnocchi.a5d795ae-f1b2-4531-b1f7-32e5dc9fba81" 201 - "PUT http://[::1]:6001/3/187270/AUTH_3c12f327ec924e3c89731d403fb9bd42/gnocchi.a5d795ae-f1b2-4531-b1f7-32e5dc9fba81" "tx4a6b80694a264ce9be4ce-0068e16ad5" "container-server 93384" 0.0016 "-" 93088 0
Oct 04 14:43:33 np0005470878.novalocal container-server[93384]: ::1 - - [04/Oct/2025:18:43:33 +0000] "PUT /3/187270/AUTH_3c12f327ec924e3c89731d403fb9bd42/gnocchi.a5d795ae-f1b2-4531-b1f7-32e5dc9fba81" 201 - "PUT https://[::1]:8080/v1/AUTH_3c12f327ec924e3c89731d403fb9bd42/gnocchi.a5d795ae-f1b2-4531-b1f7-32e5dc9fba81" "tx4a6b80694a264ce9be4ce-0068e16ad5" "proxy-server 94717" 0.0296 "-" 93384 0
Oct 04 14:43:33 np0005470878.novalocal proxy-server[94717]: ::1 ::1 04/Oct/2025/18/43/33 PUT /v1/AUTH_3c12f327ec924e3c89731d403fb9bd42/gnocchi.a5d795ae-f1b2-4531-b1f7-32e5dc9fba81 HTTP/1.0 201 - python-swiftclient-4.7.0 gAAAAABo4Wq9xl3N... - - - tx4a6b80694a264ce9be4ce-0068e16ad5 - 0.0547 - - 1759603413.039185524 1759603413.093935013 0
Oct 04 14:43:33 np0005470878.novalocal container-server[93383]: ::1 - - [04/Oct/2025:18:43:33 +0000] "HEAD /2/187270/AUTH_3c12f327ec924e3c89731d403fb9bd42/gnocchi.a5d795ae-f1b2-4531-b1f7-32e5dc9fba81" 204 - "HEAD http://[::1]:8080/v1/AUTH_3c12f327ec924e3c89731d403fb9bd42/gnocchi.a5d795ae-f1b2-4531-b1f7-32e5dc9fba81" "txf2643b5093f3465081344-0068e16ad5" "proxy-server 94717" 0.0021 "-" 93383 0
Oct 04 14:43:33 np0005470878.novalocal container-server[93384]: ::1 - - [04/Oct/2025:18:43:33 +0000] "HEAD /3/170239/AUTH_3c12f327ec924e3c89731d403fb9bd42/gnocchi.fe1801e5-8a20-47b8-b604-bffbd99f2b0d" 404 - "HEAD http://[::1]:8080/v1/AUTH_3c12f327ec924e3c89731d403fb9bd42/gnocchi.fe1801e5-8a20-47b8-b604-bffbd99f2b0d" "txddaab5f0b9334f4094175-0068e16ad5" "proxy-server 94716" 0.0003 "-" 93384 0
Oct 04 14:43:33 np0005470878.novalocal proxy-server[94717]: - - 04/Oct/2025/18/43/33 HEAD /v1/AUTH_3c12f327ec924e3c89731d403fb9bd42/gnocchi.a5d795ae-f1b2-4531-b1f7-32e5dc9fba81 HTTP/1.0 204 - Swift - - - - txf2643b5093f3465081344-0068e16ad5 - 0.0075 CS - 1759603413.099869728 1759603413.107399702 0
Oct 04 14:43:33 np0005470878.novalocal container-server[93383]: ::1 - - [04/Oct/2025:18:43:33 +0000] "HEAD /1/170239/AUTH_3c12f327ec924e3c89731d403fb9bd42/gnocchi.fe1801e5-8a20-47b8-b604-bffbd99f2b0d" 404 - "HEAD http://[::1]:8080/v1/AUTH_3c12f327ec924e3c89731d403fb9bd42/gnocchi.fe1801e5-8a20-47b8-b604-bffbd99f2b0d" "txddaab5f0b9334f4094175-0068e16ad5" "proxy-server 94716" 0.0003 "-" 93383 0
Oct 04 14:43:33 np0005470878.novalocal container-server[93383]: ::1 - - [04/Oct/2025:18:43:33 +0000] "HEAD /2/170239/AUTH_3c12f327ec924e3c89731d403fb9bd42/gnocchi.fe1801e5-8a20-47b8-b604-bffbd99f2b0d" 404 - "HEAD http://[::1]:8080/v1/AUTH_3c12f327ec924e3c89731d403fb9bd42/gnocchi.fe1801e5-8a20-47b8-b604-bffbd99f2b0d" "txddaab5f0b9334f4094175-0068e16ad5" "proxy-server 94716" 0.0003 "-" 93383 0
Oct 04 14:43:33 np0005470878.novalocal proxy-server[94716]: - - 04/Oct/2025/18/43/33 HEAD /v1/AUTH_3c12f327ec924e3c89731d403fb9bd42/gnocchi.fe1801e5-8a20-47b8-b604-bffbd99f2b0d HTTP/1.0 404 - Swift - - - - txddaab5f0b9334f4094175-0068e16ad5 - 0.0110 CS - 1759603413.101718903 1759603413.112717628 0
Oct 04 14:43:33 np0005470878.novalocal container-server[93383]: ::1 - - [04/Oct/2025:18:43:33 +0000] "GET /1/187270/AUTH_3c12f327ec924e3c89731d403fb9bd42/gnocchi.a5d795ae-f1b2-4531-b1f7-32e5dc9fba81" 200 2 "GET https://[::1]:8080/v1/AUTH_3c12f327ec924e3c89731d403fb9bd42/gnocchi.a5d795ae-f1b2-4531-b1f7-32e5dc9fba81?format=json&states=listing" "txf2643b5093f3465081344-0068e16ad5" "proxy-server 94717" 0.0033 "-" 93383 0
Oct 04 14:43:33 np0005470878.novalocal object-server[93717]: ::1 - - [04/Oct/2025:18:43:33 +0000] "GET /1/256246/AUTH_3c12f327ec924e3c89731d403fb9bd42/gnocchi.fe1801e5-8a20-47b8-b604-bffbd99f2b0d/none_v3" 404 70 "GET https://[::1]:8080/v1/AUTH_3c12f327ec924e3c89731d403fb9bd42/gnocchi.fe1801e5-8a20-47b8-b604-bffbd99f2b0d/none_v3" "txddaab5f0b9334f4094175-0068e16ad5" "proxy-server 94716" 0.0004 "-" 93717 0
Oct 04 14:43:33 np0005470878.novalocal proxy-server[94717]: ::1 ::1 04/Oct/2025/18/43/33 GET /v1/AUTH_3c12f327ec924e3c89731d403fb9bd42/gnocchi.a5d795ae-f1b2-4531-b1f7-32e5dc9fba81%3Fformat%3Djson%26states%3Dlisting HTTP/1.0 200 - python-swiftclient-4.7.0 gAAAAABo4Wq9xl3N... - 2 - txf2643b5093f3465081344-0068e16ad5 - 0.0235 - - 1759603413.097754478 1759603413.121303082 0
Oct 04 14:43:33 np0005470878.novalocal object-server[93716]: ::1 - - [04/Oct/2025:18:43:33 +0000] "GET /2/256246/AUTH_3c12f327ec924e3c89731d403fb9bd42/gnocchi.fe1801e5-8a20-47b8-b604-bffbd99f2b0d/none_v3" 404 70 "GET https://[::1]:8080/v1/AUTH_3c12f327ec924e3c89731d403fb9bd42/gnocchi.fe1801e5-8a20-47b8-b604-bffbd99f2b0d/none_v3" "txddaab5f0b9334f4094175-0068e16ad5" "proxy-server 94716" 0.0004 "-" 93716 0
Oct 04 14:43:33 np0005470878.novalocal object-server[93717]: ::1 - - [04/Oct/2025:18:43:33 +0000] "GET /3/256246/AUTH_3c12f327ec924e3c89731d403fb9bd42/gnocchi.fe1801e5-8a20-47b8-b604-bffbd99f2b0d/none_v3" 404 70 "GET https://[::1]:8080/v1/AUTH_3c12f327ec924e3c89731d403fb9bd42/gnocchi.fe1801e5-8a20-47b8-b604-bffbd99f2b0d/none_v3" "txddaab5f0b9334f4094175-0068e16ad5" "proxy-server 94716" 0.0004 "-" 93717 0
Oct 04 14:43:33 np0005470878.novalocal proxy-server[94716]: ::1 ::1 04/Oct/2025/18/43/33 GET /v1/AUTH_3c12f327ec924e3c89731d403fb9bd42/gnocchi.fe1801e5-8a20-47b8-b604-bffbd99f2b0d/none_v3 HTTP/1.0 404 - python-swiftclient-4.7.0 gAAAAABo4WrHdnea... - 70 - txddaab5f0b9334f4094175-0068e16ad5 - 0.0268 - - 1759603413.100474596 1759603413.127306700 0
Oct 04 14:43:33 np0005470878.novalocal object-server[93717]: ::1 - - [04/Oct/2025:18:43:33 +0000] "GET /3/136058/AUTH_3c12f327ec924e3c89731d403fb9bd42/gnocchi.a5d795ae-f1b2-4531-b1f7-32e5dc9fba81/1759320000.0_mean_300.0_v3" 404 70 "GET https://[::1]:8080/v1/AUTH_3c12f327ec924e3c89731d403fb9bd42/gnocchi.a5d795ae-f1b2-4531-b1f7-32e5dc9fba81/1759320000.0_mean_300.0_v3" "tx5e145d8770dc4e569a45a-0068e16ad5" "proxy-server 94717" 0.0003 "-" 93717 0
Oct 04 14:43:33 np0005470878.novalocal object-server[93716]: ::1 - - [04/Oct/2025:18:43:33 +0000] "GET /2/136058/AUTH_3c12f327ec924e3c89731d403fb9bd42/gnocchi.a5d795ae-f1b2-4531-b1f7-32e5dc9fba81/1759320000.0_mean_300.0_v3" 404 70 "GET https://[::1]:8080/v1/AUTH_3c12f327ec924e3c89731d403fb9bd42/gnocchi.a5d795ae-f1b2-4531-b1f7-32e5dc9fba81/1759320000.0_mean_300.0_v3" "tx5e145d8770dc4e569a45a-0068e16ad5" "proxy-server 94717" 0.0005 "-" 93716 0
Oct 04 14:43:33 np0005470878.novalocal object-server[93717]: ::1 - - [04/Oct/2025:18:43:33 +0000] "GET /1/136058/AUTH_3c12f327ec924e3c89731d403fb9bd42/gnocchi.a5d795ae-f1b2-4531-b1f7-32e5dc9fba81/1759320000.0_mean_300.0_v3" 404 70 "GET https://[::1]:8080/v1/AUTH_3c12f327ec924e3c89731d403fb9bd42/gnocchi.a5d795ae-f1b2-4531-b1f7-32e5dc9fba81/1759320000.0_mean_300.0_v3" "tx5e145d8770dc4e569a45a-0068e16ad5" "proxy-server 94717" 0.0003 "-" 93717 0
Oct 04 14:43:33 np0005470878.novalocal proxy-server[94717]: ::1 ::1 04/Oct/2025/18/43/33 GET /v1/AUTH_3c12f327ec924e3c89731d403fb9bd42/gnocchi.a5d795ae-f1b2-4531-b1f7-32e5dc9fba81/1759320000.0_mean_300.0_v3 HTTP/1.0 404 - python-swiftclient-4.7.0 gAAAAABo4Wq9xl3N... - 70 - tx5e145d8770dc4e569a45a-0068e16ad5 - 0.0192 - - 1759603413.127234221 1759603413.146477222 0
Oct 04 14:43:33 np0005470878.novalocal account-server[93089]: ::1 - - [04/Oct/2025:18:43:33 +0000] "PUT /3/140569/AUTH_3c12f327ec924e3c89731d403fb9bd42/gnocchi.fe1801e5-8a20-47b8-b604-bffbd99f2b0d" 201 - "PUT http://[::1]:6001/1/170239/AUTH_3c12f327ec924e3c89731d403fb9bd42/gnocchi.fe1801e5-8a20-47b8-b604-bffbd99f2b0d" "txa2341f0003d640f289dd7-0068e16ad5" "container-server 93384" 0.0125 "-" 93089 0
Oct 04 14:43:33 np0005470878.novalocal container-server[93384]: ::1 - - [04/Oct/2025:18:43:33 +0000] "PUT /1/170239/AUTH_3c12f327ec924e3c89731d403fb9bd42/gnocchi.fe1801e5-8a20-47b8-b604-bffbd99f2b0d" 201 - "PUT https://[::1]:8080/v1/AUTH_3c12f327ec924e3c89731d403fb9bd42/gnocchi.fe1801e5-8a20-47b8-b604-bffbd99f2b0d" "txa2341f0003d640f289dd7-0068e16ad5" "proxy-server 94716" 0.0260 "-" 93384 0
Oct 04 14:43:33 np0005470878.novalocal account-server[93088]: ::1 - - [04/Oct/2025:18:43:33 +0000] "PUT /1/140569/AUTH_3c12f327ec924e3c89731d403fb9bd42/gnocchi.fe1801e5-8a20-47b8-b604-bffbd99f2b0d" 201 - "PUT http://[::1]:6001/3/170239/AUTH_3c12f327ec924e3c89731d403fb9bd42/gnocchi.fe1801e5-8a20-47b8-b604-bffbd99f2b0d" "txa2341f0003d640f289dd7-0068e16ad5" "container-server 93383" 0.0117 "-" 93088 0
Oct 04 14:43:33 np0005470878.novalocal container-server[93383]: ::1 - - [04/Oct/2025:18:43:33 +0000] "PUT /3/170239/AUTH_3c12f327ec924e3c89731d403fb9bd42/gnocchi.fe1801e5-8a20-47b8-b604-bffbd99f2b0d" 201 - "PUT https://[::1]:8080/v1/AUTH_3c12f327ec924e3c89731d403fb9bd42/gnocchi.fe1801e5-8a20-47b8-b604-bffbd99f2b0d" "txa2341f0003d640f289dd7-0068e16ad5" "proxy-server 94716" 0.0303 "-" 93383 0
Oct 04 14:43:33 np0005470878.novalocal account-server[93088]: ::1 - - [04/Oct/2025:18:43:33 +0000] "PUT /2/140569/AUTH_3c12f327ec924e3c89731d403fb9bd42/gnocchi.fe1801e5-8a20-47b8-b604-bffbd99f2b0d" 201 - "PUT http://[::1]:6001/2/170239/AUTH_3c12f327ec924e3c89731d403fb9bd42/gnocchi.fe1801e5-8a20-47b8-b604-bffbd99f2b0d" "txa2341f0003d640f289dd7-0068e16ad5" "container-server 93384" 0.0046 "-" 93088 0
Oct 04 14:43:33 np0005470878.novalocal container-server[93384]: ::1 - - [04/Oct/2025:18:43:33 +0000] "PUT /2/170239/AUTH_3c12f327ec924e3c89731d403fb9bd42/gnocchi.fe1801e5-8a20-47b8-b604-bffbd99f2b0d" 201 - "PUT https://[::1]:8080/v1/AUTH_3c12f327ec924e3c89731d403fb9bd42/gnocchi.fe1801e5-8a20-47b8-b604-bffbd99f2b0d" "txa2341f0003d640f289dd7-0068e16ad5" "proxy-server 94716" 0.0233 "-" 93384 0
Oct 04 14:43:33 np0005470878.novalocal container-server[93383]: ::1 - - [04/Oct/2025:18:43:33 +0000] "PUT /3/187270/AUTH_3c12f327ec924e3c89731d403fb9bd42/gnocchi.a5d795ae-f1b2-4531-b1f7-32e5dc9fba81/1759320000.0_mean_300.0_v3" 201 - "PUT http://[::1]:8080/2/136058/AUTH_3c12f327ec924e3c89731d403fb9bd42/gnocchi.a5d795ae-f1b2-4531-b1f7-32e5dc9fba81/1759320000.0_mean_300.0_v3" "tx390a104d561e4cdba43ce-0068e16ad5" "object-server 93717" 0.0008 "-" 93383 0
Oct 04 14:43:33 np0005470878.novalocal proxy-server[94716]: ::1 ::1 04/Oct/2025/18/43/33 PUT /v1/AUTH_3c12f327ec924e3c89731d403fb9bd42/gnocchi.fe1801e5-8a20-47b8-b604-bffbd99f2b0d HTTP/1.0 201 - python-swiftclient-4.7.0 gAAAAABo4WrHdnea... - - - txa2341f0003d640f289dd7-0068e16ad5 - 0.0460 - - 1759603413.132077932 1759603413.178037405 0
Oct 04 14:43:33 np0005470878.novalocal object-server[93717]: ::1 - - [04/Oct/2025:18:43:33 +0000] "PUT /2/136058/AUTH_3c12f327ec924e3c89731d403fb9bd42/gnocchi.a5d795ae-f1b2-4531-b1f7-32e5dc9fba81/1759320000.0_mean_300.0_v3" 201 - "PUT https://[::1]:8080/v1/AUTH_3c12f327ec924e3c89731d403fb9bd42/gnocchi.a5d795ae-f1b2-4531-b1f7-32e5dc9fba81/1759320000.0_mean_300.0_v3" "tx390a104d561e4cdba43ce-0068e16ad5" "proxy-server 94717" 0.0156 "-" 93717 0
Oct 04 14:43:33 np0005470878.novalocal container-server[93384]: ::1 - - [04/Oct/2025:18:43:33 +0000] "PUT /1/187270/AUTH_3c12f327ec924e3c89731d403fb9bd42/gnocchi.a5d795ae-f1b2-4531-b1f7-32e5dc9fba81/1759320000.0_mean_300.0_v3" 201 - "PUT http://[::1]:8080/1/136058/AUTH_3c12f327ec924e3c89731d403fb9bd42/gnocchi.a5d795ae-f1b2-4531-b1f7-32e5dc9fba81/1759320000.0_mean_300.0_v3" "tx390a104d561e4cdba43ce-0068e16ad5" "object-server 93716" 0.0008 "-" 93384 0
Oct 04 14:43:33 np0005470878.novalocal container-server[93383]: ::1 - - [04/Oct/2025:18:43:33 +0000] "PUT /2/187270/AUTH_3c12f327ec924e3c89731d403fb9bd42/gnocchi.a5d795ae-f1b2-4531-b1f7-32e5dc9fba81/1759320000.0_mean_300.0_v3" 201 - "PUT http://[::1]:8080/3/136058/AUTH_3c12f327ec924e3c89731d403fb9bd42/gnocchi.a5d795ae-f1b2-4531-b1f7-32e5dc9fba81/1759320000.0_mean_300.0_v3" "tx390a104d561e4cdba43ce-0068e16ad5" "object-server 93717" 0.0007 "-" 93383 0
Oct 04 14:43:33 np0005470878.novalocal object-server[93717]: ::1 - - [04/Oct/2025:18:43:33 +0000] "PUT /3/136058/AUTH_3c12f327ec924e3c89731d403fb9bd42/gnocchi.a5d795ae-f1b2-4531-b1f7-32e5dc9fba81/1759320000.0_mean_300.0_v3" 201 - "PUT https://[::1]:8080/v1/AUTH_3c12f327ec924e3c89731d403fb9bd42/gnocchi.a5d795ae-f1b2-4531-b1f7-32e5dc9fba81/1759320000.0_mean_300.0_v3" "tx390a104d561e4cdba43ce-0068e16ad5" "proxy-server 94717" 0.0159 "-" 93717 0
Oct 04 14:43:33 np0005470878.novalocal object-server[93716]: ::1 - - [04/Oct/2025:18:43:33 +0000] "PUT /1/136058/AUTH_3c12f327ec924e3c89731d403fb9bd42/gnocchi.a5d795ae-f1b2-4531-b1f7-32e5dc9fba81/1759320000.0_mean_300.0_v3" 201 - "PUT https://[::1]:8080/v1/AUTH_3c12f327ec924e3c89731d403fb9bd42/gnocchi.a5d795ae-f1b2-4531-b1f7-32e5dc9fba81/1759320000.0_mean_300.0_v3" "tx390a104d561e4cdba43ce-0068e16ad5" "proxy-server 94717" 0.0182 "-" 93716 0
Oct 04 14:43:33 np0005470878.novalocal proxy-server[94717]: ::1 ::1 04/Oct/2025/18/43/33 PUT /v1/AUTH_3c12f327ec924e3c89731d403fb9bd42/gnocchi.a5d795ae-f1b2-4531-b1f7-32e5dc9fba81/1759320000.0_mean_300.0_v3 HTTP/1.0 201 - python-swiftclient-4.7.0 gAAAAABo4Wq9xl3N... 16 - - tx390a104d561e4cdba43ce-0068e16ad5 - 0.0320 - - 1759603413.150250912 1759603413.182221413 0
Oct 04 14:43:33 np0005470878.novalocal container-server[93384]: ::1 - - [04/Oct/2025:18:43:33 +0000] "HEAD /3/170239/AUTH_3c12f327ec924e3c89731d403fb9bd42/gnocchi.fe1801e5-8a20-47b8-b604-bffbd99f2b0d" 204 - "HEAD http://[::1]:8080/v1/AUTH_3c12f327ec924e3c89731d403fb9bd42/gnocchi.fe1801e5-8a20-47b8-b604-bffbd99f2b0d" "tx27d597076351499389241-0068e16ad5" "proxy-server 94716" 0.0015 "-" 93384 0
Oct 04 14:43:33 np0005470878.novalocal proxy-server[94716]: - - 04/Oct/2025/18/43/33 HEAD /v1/AUTH_3c12f327ec924e3c89731d403fb9bd42/gnocchi.fe1801e5-8a20-47b8-b604-bffbd99f2b0d HTTP/1.0 204 - Swift - - - - tx27d597076351499389241-0068e16ad5 - 0.0112 CS - 1759603413.183511019 1759603413.194740057 0
Oct 04 14:43:33 np0005470878.novalocal container-server[93384]: ::1 - - [04/Oct/2025:18:43:33 +0000] "PUT /3/187270/AUTH_3c12f327ec924e3c89731d403fb9bd42/gnocchi.a5d795ae-f1b2-4531-b1f7-32e5dc9fba81/none_v3" 201 - "PUT http://[::1]:8080/1/50378/AUTH_3c12f327ec924e3c89731d403fb9bd42/gnocchi.a5d795ae-f1b2-4531-b1f7-32e5dc9fba81/none_v3" "tx28d08add9fe64288816dc-0068e16ad5" "object-server 93717" 0.0005 "-" 93384 0
Oct 04 14:43:33 np0005470878.novalocal container-server[93383]: ::1 - - [04/Oct/2025:18:43:33 +0000] "GET /2/170239/AUTH_3c12f327ec924e3c89731d403fb9bd42/gnocchi.fe1801e5-8a20-47b8-b604-bffbd99f2b0d" 200 2 "GET https://[::1]:8080/v1/AUTH_3c12f327ec924e3c89731d403fb9bd42/gnocchi.fe1801e5-8a20-47b8-b604-bffbd99f2b0d?format=json&states=listing" "tx27d597076351499389241-0068e16ad5" "proxy-server 94716" 0.0032 "-" 93383 0
Oct 04 14:43:33 np0005470878.novalocal object-server[93717]: ::1 - - [04/Oct/2025:18:43:33 +0000] "PUT /1/50378/AUTH_3c12f327ec924e3c89731d403fb9bd42/gnocchi.a5d795ae-f1b2-4531-b1f7-32e5dc9fba81/none_v3" 201 - "PUT https://[::1]:8080/v1/AUTH_3c12f327ec924e3c89731d403fb9bd42/gnocchi.a5d795ae-f1b2-4531-b1f7-32e5dc9fba81/none_v3" "tx28d08add9fe64288816dc-0068e16ad5" "proxy-server 94717" 0.0138 "-" 93717 0
Oct 04 14:43:33 np0005470878.novalocal proxy-server[94716]: ::1 ::1 04/Oct/2025/18/43/33 GET /v1/AUTH_3c12f327ec924e3c89731d403fb9bd42/gnocchi.fe1801e5-8a20-47b8-b604-bffbd99f2b0d%3Fformat%3Djson%26states%3Dlisting HTTP/1.0 200 - python-swiftclient-4.7.0 gAAAAABo4WrHdnea... - 2 - tx27d597076351499389241-0068e16ad5 - 0.0250 - - 1759603413.182732821 1759603413.207772255 0
Oct 04 14:43:33 np0005470878.novalocal object-server[93717]: ::1 - - [04/Oct/2025:18:43:33 +0000] "GET /3/145631/AUTH_3c12f327ec924e3c89731d403fb9bd42/gnocchi.fe1801e5-8a20-47b8-b604-bffbd99f2b0d/1759320000.0_mean_300.0_v3" 404 70 "GET https://[::1]:8080/v1/AUTH_3c12f327ec924e3c89731d403fb9bd42/gnocchi.fe1801e5-8a20-47b8-b604-bffbd99f2b0d/1759320000.0_mean_300.0_v3" "tx0cb49b2b05b04b23aa106-0068e16ad5" "proxy-server 94716" 0.0005 "-" 93717 0
Oct 04 14:43:33 np0005470878.novalocal container-server[93383]: ::1 - - [04/Oct/2025:18:43:33 +0000] "PUT /1/187270/AUTH_3c12f327ec924e3c89731d403fb9bd42/gnocchi.a5d795ae-f1b2-4531-b1f7-32e5dc9fba81/none_v3" 201 - "PUT http://[::1]:8080/3/50378/AUTH_3c12f327ec924e3c89731d403fb9bd42/gnocchi.a5d795ae-f1b2-4531-b1f7-32e5dc9fba81/none_v3" "tx28d08add9fe64288816dc-0068e16ad5" "object-server 93716" 0.0007 "-" 93383 0
Oct 04 14:43:33 np0005470878.novalocal object-server[93716]: ::1 - - [04/Oct/2025:18:43:33 +0000] "GET /2/145631/AUTH_3c12f327ec924e3c89731d403fb9bd42/gnocchi.fe1801e5-8a20-47b8-b604-bffbd99f2b0d/1759320000.0_mean_300.0_v3" 404 70 "GET https://[::1]:8080/v1/AUTH_3c12f327ec924e3c89731d403fb9bd42/gnocchi.fe1801e5-8a20-47b8-b604-bffbd99f2b0d/1759320000.0_mean_300.0_v3" "tx0cb49b2b05b04b23aa106-0068e16ad5" "proxy-server 94716" 0.0010 "-" 93716 0
Oct 04 14:43:33 np0005470878.novalocal container-server[93383]: ::1 - - [04/Oct/2025:18:43:33 +0000] "PUT /2/187270/AUTH_3c12f327ec924e3c89731d403fb9bd42/gnocchi.a5d795ae-f1b2-4531-b1f7-32e5dc9fba81/none_v3" 201 - "PUT http://[::1]:8080/2/50378/AUTH_3c12f327ec924e3c89731d403fb9bd42/gnocchi.a5d795ae-f1b2-4531-b1f7-32e5dc9fba81/none_v3" "tx28d08add9fe64288816dc-0068e16ad5" "object-server 93716" 0.0009 "-" 93383 0
Oct 04 14:43:33 np0005470878.novalocal object-server[93716]: ::1 - - [04/Oct/2025:18:43:33 +0000] "PUT /3/50378/AUTH_3c12f327ec924e3c89731d403fb9bd42/gnocchi.a5d795ae-f1b2-4531-b1f7-32e5dc9fba81/none_v3" 201 - "PUT https://[::1]:8080/v1/AUTH_3c12f327ec924e3c89731d403fb9bd42/gnocchi.a5d795ae-f1b2-4531-b1f7-32e5dc9fba81/none_v3" "tx28d08add9fe64288816dc-0068e16ad5" "proxy-server 94717" 0.0311 "-" 93716 0
Oct 04 14:43:33 np0005470878.novalocal object-server[93716]: ::1 - - [04/Oct/2025:18:43:33 +0000] "PUT /2/50378/AUTH_3c12f327ec924e3c89731d403fb9bd42/gnocchi.a5d795ae-f1b2-4531-b1f7-32e5dc9fba81/none_v3" 201 - "PUT https://[::1]:8080/v1/AUTH_3c12f327ec924e3c89731d403fb9bd42/gnocchi.a5d795ae-f1b2-4531-b1f7-32e5dc9fba81/none_v3" "tx28d08add9fe64288816dc-0068e16ad5" "proxy-server 94717" 0.0291 "-" 93716 0
Oct 04 14:43:33 np0005470878.novalocal proxy-server[94717]: ::1 ::1 04/Oct/2025/18/43/33 PUT /v1/AUTH_3c12f327ec924e3c89731d403fb9bd42/gnocchi.a5d795ae-f1b2-4531-b1f7-32e5dc9fba81/none_v3 HTTP/1.0 201 - python-swiftclient-4.7.0 gAAAAABo4Wq9xl3N... 31 - - tx28d08add9fe64288816dc-0068e16ad5 - 0.0406 - - 1759603413.185403109 1759603413.226045847 0
Oct 04 14:43:33 np0005470878.novalocal object-server[93716]: ::1 - - [04/Oct/2025:18:43:33 +0000] "GET /1/145631/AUTH_3c12f327ec924e3c89731d403fb9bd42/gnocchi.fe1801e5-8a20-47b8-b604-bffbd99f2b0d/1759320000.0_mean_300.0_v3" 404 70 "GET https://[::1]:8080/v1/AUTH_3c12f327ec924e3c89731d403fb9bd42/gnocchi.fe1801e5-8a20-47b8-b604-bffbd99f2b0d/1759320000.0_mean_300.0_v3" "tx0cb49b2b05b04b23aa106-0068e16ad5" "proxy-server 94716" 0.0003 "-" 93716 0
Oct 04 14:43:33 np0005470878.novalocal proxy-server[94716]: ::1 ::1 04/Oct/2025/18/43/33 GET /v1/AUTH_3c12f327ec924e3c89731d403fb9bd42/gnocchi.fe1801e5-8a20-47b8-b604-bffbd99f2b0d/1759320000.0_mean_300.0_v3 HTTP/1.0 404 - python-swiftclient-4.7.0 gAAAAABo4WrHdnea... - 70 - tx0cb49b2b05b04b23aa106-0068e16ad5 - 0.0153 - - 1759603413.212847710 1759603413.228120804 0
Oct 04 14:43:33 np0005470878.novalocal container-server[93384]: ::1 - - [04/Oct/2025:18:43:33 +0000] "PUT /1/170239/AUTH_3c12f327ec924e3c89731d403fb9bd42/gnocchi.fe1801e5-8a20-47b8-b604-bffbd99f2b0d/1759320000.0_mean_300.0_v3" 201 - "PUT http://[::1]:8080/1/145631/AUTH_3c12f327ec924e3c89731d403fb9bd42/gnocchi.fe1801e5-8a20-47b8-b604-bffbd99f2b0d/1759320000.0_mean_300.0_v3" "txc8b5e631771e496a8ee23-0068e16ad5" "object-server 93717" 0.0009 "-" 93384 0
Oct 04 14:43:33 np0005470878.novalocal object-server[93717]: ::1 - - [04/Oct/2025:18:43:33 +0000] "PUT /1/145631/AUTH_3c12f327ec924e3c89731d403fb9bd42/gnocchi.fe1801e5-8a20-47b8-b604-bffbd99f2b0d/1759320000.0_mean_300.0_v3" 201 - "PUT https://[::1]:8080/v1/AUTH_3c12f327ec924e3c89731d403fb9bd42/gnocchi.fe1801e5-8a20-47b8-b604-bffbd99f2b0d/1759320000.0_mean_300.0_v3" "txc8b5e631771e496a8ee23-0068e16ad5" "proxy-server 94716" 0.0178 "-" 93717 0
Oct 04 14:43:33 np0005470878.novalocal container-server[93384]: ::1 - - [04/Oct/2025:18:43:33 +0000] "PUT /3/170239/AUTH_3c12f327ec924e3c89731d403fb9bd42/gnocchi.fe1801e5-8a20-47b8-b604-bffbd99f2b0d/1759320000.0_mean_300.0_v3" 201 - "PUT http://[::1]:8080/3/145631/AUTH_3c12f327ec924e3c89731d403fb9bd42/gnocchi.fe1801e5-8a20-47b8-b604-bffbd99f2b0d/1759320000.0_mean_300.0_v3" "txc8b5e631771e496a8ee23-0068e16ad5" "object-server 93716" 0.0005 "-" 93384 0
Oct 04 14:43:33 np0005470878.novalocal object-server[93716]: ::1 - - [04/Oct/2025:18:43:33 +0000] "PUT /3/145631/AUTH_3c12f327ec924e3c89731d403fb9bd42/gnocchi.fe1801e5-8a20-47b8-b604-bffbd99f2b0d/1759320000.0_mean_300.0_v3" 201 - "PUT https://[::1]:8080/v1/AUTH_3c12f327ec924e3c89731d403fb9bd42/gnocchi.fe1801e5-8a20-47b8-b604-bffbd99f2b0d/1759320000.0_mean_300.0_v3" "txc8b5e631771e496a8ee23-0068e16ad5" "proxy-server 94716" 0.0230 "-" 93716 0
Oct 04 14:43:33 np0005470878.novalocal container-server[93384]: ::1 - - [04/Oct/2025:18:43:33 +0000] "PUT /2/170239/AUTH_3c12f327ec924e3c89731d403fb9bd42/gnocchi.fe1801e5-8a20-47b8-b604-bffbd99f2b0d/1759320000.0_mean_300.0_v3" 201 - "PUT http://[::1]:8080/2/145631/AUTH_3c12f327ec924e3c89731d403fb9bd42/gnocchi.fe1801e5-8a20-47b8-b604-bffbd99f2b0d/1759320000.0_mean_300.0_v3" "txc8b5e631771e496a8ee23-0068e16ad5" "object-server 93716" 0.0005 "-" 93384 0
Oct 04 14:43:33 np0005470878.novalocal object-server[93716]: ::1 - - [04/Oct/2025:18:43:33 +0000] "PUT /2/145631/AUTH_3c12f327ec924e3c89731d403fb9bd42/gnocchi.fe1801e5-8a20-47b8-b604-bffbd99f2b0d/1759320000.0_mean_300.0_v3" 201 - "PUT https://[::1]:8080/v1/AUTH_3c12f327ec924e3c89731d403fb9bd42/gnocchi.fe1801e5-8a20-47b8-b604-bffbd99f2b0d/1759320000.0_mean_300.0_v3" "txc8b5e631771e496a8ee23-0068e16ad5" "proxy-server 94716" 0.0276 "-" 93716 0
Oct 04 14:43:33 np0005470878.novalocal proxy-server[94716]: ::1 ::1 04/Oct/2025/18/43/33 PUT /v1/AUTH_3c12f327ec924e3c89731d403fb9bd42/gnocchi.fe1801e5-8a20-47b8-b604-bffbd99f2b0d/1759320000.0_mean_300.0_v3 HTTP/1.0 201 - python-swiftclient-4.7.0 gAAAAABo4WrHdnea... 16 - - txc8b5e631771e496a8ee23-0068e16ad5 - 0.0384 - - 1759603413.231658697 1759603413.270033360 0
Oct 04 14:43:33 np0005470878.novalocal container-server[93384]: ::1 - - [04/Oct/2025:18:43:33 +0000] "PUT /3/170239/AUTH_3c12f327ec924e3c89731d403fb9bd42/gnocchi.fe1801e5-8a20-47b8-b604-bffbd99f2b0d/none_v3" 201 - "PUT http://[::1]:8080/2/256246/AUTH_3c12f327ec924e3c89731d403fb9bd42/gnocchi.fe1801e5-8a20-47b8-b604-bffbd99f2b0d/none_v3" "txaa8f75845ee14804ac773-0068e16ad5" "object-server 93716" 0.0005 "-" 93384 0
Oct 04 14:43:33 np0005470878.novalocal object-server[93716]: ::1 - - [04/Oct/2025:18:43:33 +0000] "PUT /2/256246/AUTH_3c12f327ec924e3c89731d403fb9bd42/gnocchi.fe1801e5-8a20-47b8-b604-bffbd99f2b0d/none_v3" 201 - "PUT https://[::1]:8080/v1/AUTH_3c12f327ec924e3c89731d403fb9bd42/gnocchi.fe1801e5-8a20-47b8-b604-bffbd99f2b0d/none_v3" "txaa8f75845ee14804ac773-0068e16ad5" "proxy-server 94716" 0.0132 "-" 93716 0
Oct 04 14:43:33 np0005470878.novalocal container-server[93384]: ::1 - - [04/Oct/2025:18:43:33 +0000] "HEAD /3/169883/AUTH_3c12f327ec924e3c89731d403fb9bd42/gnocchi.49aac128-5c8c-4358-9aa6-4ac9d8f6b9c1" 404 - "HEAD http://[::1]:8080/v1/AUTH_3c12f327ec924e3c89731d403fb9bd42/gnocchi.49aac128-5c8c-4358-9aa6-4ac9d8f6b9c1" "tx6236204ab3f241f1b7f57-0068e16ad5" "proxy-server 94717" 0.0002 "-" 93384 0
Oct 04 14:43:33 np0005470878.novalocal container-server[93384]: ::1 - - [04/Oct/2025:18:43:33 +0000] "PUT /1/170239/AUTH_3c12f327ec924e3c89731d403fb9bd42/gnocchi.fe1801e5-8a20-47b8-b604-bffbd99f2b0d/none_v3" 201 - "PUT http://[::1]:8080/1/256246/AUTH_3c12f327ec924e3c89731d403fb9bd42/gnocchi.fe1801e5-8a20-47b8-b604-bffbd99f2b0d/none_v3" "txaa8f75845ee14804ac773-0068e16ad5" "object-server 93716" 0.0004 "-" 93384 0
Oct 04 14:43:33 np0005470878.novalocal object-server[93716]: ::1 - - [04/Oct/2025:18:43:33 +0000] "PUT /1/256246/AUTH_3c12f327ec924e3c89731d403fb9bd42/gnocchi.fe1801e5-8a20-47b8-b604-bffbd99f2b0d/none_v3" 201 - "PUT https://[::1]:8080/v1/AUTH_3c12f327ec924e3c89731d403fb9bd42/gnocchi.fe1801e5-8a20-47b8-b604-bffbd99f2b0d/none_v3" "txaa8f75845ee14804ac773-0068e16ad5" "proxy-server 94716" 0.0190 "-" 93716 0
Oct 04 14:43:33 np0005470878.novalocal container-server[93384]: ::1 - - [04/Oct/2025:18:43:33 +0000] "PUT /2/170239/AUTH_3c12f327ec924e3c89731d403fb9bd42/gnocchi.fe1801e5-8a20-47b8-b604-bffbd99f2b0d/none_v3" 201 - "PUT http://[::1]:8080/3/256246/AUTH_3c12f327ec924e3c89731d403fb9bd42/gnocchi.fe1801e5-8a20-47b8-b604-bffbd99f2b0d/none_v3" "txaa8f75845ee14804ac773-0068e16ad5" "object-server 93716" 0.0005 "-" 93384 0
Oct 04 14:43:33 np0005470878.novalocal container-server[93383]: ::1 - - [04/Oct/2025:18:43:33 +0000] "HEAD /1/169883/AUTH_3c12f327ec924e3c89731d403fb9bd42/gnocchi.49aac128-5c8c-4358-9aa6-4ac9d8f6b9c1" 404 - "HEAD http://[::1]:8080/v1/AUTH_3c12f327ec924e3c89731d403fb9bd42/gnocchi.49aac128-5c8c-4358-9aa6-4ac9d8f6b9c1" "tx6236204ab3f241f1b7f57-0068e16ad5" "proxy-server 94717" 0.0005 "-" 93383 0
Oct 04 14:43:33 np0005470878.novalocal object-server[93716]: ::1 - - [04/Oct/2025:18:43:33 +0000] "PUT /3/256246/AUTH_3c12f327ec924e3c89731d403fb9bd42/gnocchi.fe1801e5-8a20-47b8-b604-bffbd99f2b0d/none_v3" 201 - "PUT https://[::1]:8080/v1/AUTH_3c12f327ec924e3c89731d403fb9bd42/gnocchi.fe1801e5-8a20-47b8-b604-bffbd99f2b0d/none_v3" "txaa8f75845ee14804ac773-0068e16ad5" "proxy-server 94716" 0.0227 "-" 93716 0
Oct 04 14:43:33 np0005470878.novalocal container-server[93384]: ::1 - - [04/Oct/2025:18:43:33 +0000] "HEAD /2/169883/AUTH_3c12f327ec924e3c89731d403fb9bd42/gnocchi.49aac128-5c8c-4358-9aa6-4ac9d8f6b9c1" 404 - "HEAD http://[::1]:8080/v1/AUTH_3c12f327ec924e3c89731d403fb9bd42/gnocchi.49aac128-5c8c-4358-9aa6-4ac9d8f6b9c1" "tx6236204ab3f241f1b7f57-0068e16ad5" "proxy-server 94717" 0.0003 "-" 93384 0
Oct 04 14:43:33 np0005470878.novalocal proxy-server[94716]: ::1 ::1 04/Oct/2025/18/43/33 PUT /v1/AUTH_3c12f327ec924e3c89731d403fb9bd42/gnocchi.fe1801e5-8a20-47b8-b604-bffbd99f2b0d/none_v3 HTTP/1.0 201 - python-swiftclient-4.7.0 gAAAAABo4WrHdnea... 22 - - txaa8f75845ee14804ac773-0068e16ad5 - 0.0315 - - 1759603413.273162603 1759603413.304659605 0
Oct 04 14:43:33 np0005470878.novalocal proxy-server[94717]: - - 04/Oct/2025/18/43/33 HEAD /v1/AUTH_3c12f327ec924e3c89731d403fb9bd42/gnocchi.49aac128-5c8c-4358-9aa6-4ac9d8f6b9c1 HTTP/1.0 404 - Swift - - - - tx6236204ab3f241f1b7f57-0068e16ad5 - 0.0081 CS - 1759603413.297763586 1759603413.305835962 0
Oct 04 14:43:33 np0005470878.novalocal object-server[93716]: ::1 - - [04/Oct/2025:18:43:33 +0000] "GET /3/196411/AUTH_3c12f327ec924e3c89731d403fb9bd42/gnocchi.49aac128-5c8c-4358-9aa6-4ac9d8f6b9c1/none_v3" 404 70 "GET https://[::1]:8080/v1/AUTH_3c12f327ec924e3c89731d403fb9bd42/gnocchi.49aac128-5c8c-4358-9aa6-4ac9d8f6b9c1/none_v3" "tx6236204ab3f241f1b7f57-0068e16ad5" "proxy-server 94717" 0.0004 "-" 93716 0
Oct 04 14:43:33 np0005470878.novalocal object-server[93716]: ::1 - - [04/Oct/2025:18:43:33 +0000] "GET /2/196411/AUTH_3c12f327ec924e3c89731d403fb9bd42/gnocchi.49aac128-5c8c-4358-9aa6-4ac9d8f6b9c1/none_v3" 404 70 "GET https://[::1]:8080/v1/AUTH_3c12f327ec924e3c89731d403fb9bd42/gnocchi.49aac128-5c8c-4358-9aa6-4ac9d8f6b9c1/none_v3" "tx6236204ab3f241f1b7f57-0068e16ad5" "proxy-server 94717" 0.0003 "-" 93716 0
Oct 04 14:43:33 np0005470878.novalocal object-server[93717]: ::1 - - [04/Oct/2025:18:43:33 +0000] "GET /1/196411/AUTH_3c12f327ec924e3c89731d403fb9bd42/gnocchi.49aac128-5c8c-4358-9aa6-4ac9d8f6b9c1/none_v3" 404 70 "GET https://[::1]:8080/v1/AUTH_3c12f327ec924e3c89731d403fb9bd42/gnocchi.49aac128-5c8c-4358-9aa6-4ac9d8f6b9c1/none_v3" "tx6236204ab3f241f1b7f57-0068e16ad5" "proxy-server 94717" 0.0004 "-" 93717 0
Oct 04 14:43:33 np0005470878.novalocal proxy-server[94717]: ::1 ::1 04/Oct/2025/18/43/33 GET /v1/AUTH_3c12f327ec924e3c89731d403fb9bd42/gnocchi.49aac128-5c8c-4358-9aa6-4ac9d8f6b9c1/none_v3 HTTP/1.0 404 - python-swiftclient-4.7.0 gAAAAABo4Wq9xl3N... - 70 - tx6236204ab3f241f1b7f57-0068e16ad5 - 0.0202 - - 1759603413.297093868 1759603413.317297697 0
Oct 04 14:43:33 np0005470878.novalocal account-server[93089]: ::1 - - [04/Oct/2025:18:43:33 +0000] "PUT /3/140569/AUTH_3c12f327ec924e3c89731d403fb9bd42/gnocchi.49aac128-5c8c-4358-9aa6-4ac9d8f6b9c1" 201 - "PUT http://[::1]:6001/1/169883/AUTH_3c12f327ec924e3c89731d403fb9bd42/gnocchi.49aac128-5c8c-4358-9aa6-4ac9d8f6b9c1" "tx3d79bf723e174a97b6b68-0068e16ad5" "container-server 93384" 0.0043 "-" 93089 0
Oct 04 14:43:33 np0005470878.novalocal container-server[93384]: ::1 - - [04/Oct/2025:18:43:33 +0000] "PUT /1/169883/AUTH_3c12f327ec924e3c89731d403fb9bd42/gnocchi.49aac128-5c8c-4358-9aa6-4ac9d8f6b9c1" 201 - "PUT https://[::1]:8080/v1/AUTH_3c12f327ec924e3c89731d403fb9bd42/gnocchi.49aac128-5c8c-4358-9aa6-4ac9d8f6b9c1" "tx3d79bf723e174a97b6b68-0068e16ad5" "proxy-server 94717" 0.0132 "-" 93384 0
Oct 04 14:43:33 np0005470878.novalocal account-server[93088]: ::1 - - [04/Oct/2025:18:43:33 +0000] "PUT /2/140569/AUTH_3c12f327ec924e3c89731d403fb9bd42/gnocchi.49aac128-5c8c-4358-9aa6-4ac9d8f6b9c1" 201 - "PUT http://[::1]:6001/2/169883/AUTH_3c12f327ec924e3c89731d403fb9bd42/gnocchi.49aac128-5c8c-4358-9aa6-4ac9d8f6b9c1" "tx3d79bf723e174a97b6b68-0068e16ad5" "container-server 93383" 0.0048 "-" 93088 0
Oct 04 14:43:33 np0005470878.novalocal account-server[93089]: ::1 - - [04/Oct/2025:18:43:33 +0000] "PUT /1/140569/AUTH_3c12f327ec924e3c89731d403fb9bd42/gnocchi.49aac128-5c8c-4358-9aa6-4ac9d8f6b9c1" 201 - "PUT http://[::1]:6001/3/169883/AUTH_3c12f327ec924e3c89731d403fb9bd42/gnocchi.49aac128-5c8c-4358-9aa6-4ac9d8f6b9c1" "tx3d79bf723e174a97b6b68-0068e16ad5" "container-server 93383" 0.0045 "-" 93089 0
Oct 04 14:43:33 np0005470878.novalocal container-server[93383]: ::1 - - [04/Oct/2025:18:43:33 +0000] "PUT /3/169883/AUTH_3c12f327ec924e3c89731d403fb9bd42/gnocchi.49aac128-5c8c-4358-9aa6-4ac9d8f6b9c1" 201 - "PUT https://[::1]:8080/v1/AUTH_3c12f327ec924e3c89731d403fb9bd42/gnocchi.49aac128-5c8c-4358-9aa6-4ac9d8f6b9c1" "tx3d79bf723e174a97b6b68-0068e16ad5" "proxy-server 94717" 0.0164 "-" 93383 0
Oct 04 14:43:33 np0005470878.novalocal container-server[93383]: ::1 - - [04/Oct/2025:18:43:33 +0000] "PUT /2/169883/AUTH_3c12f327ec924e3c89731d403fb9bd42/gnocchi.49aac128-5c8c-4358-9aa6-4ac9d8f6b9c1" 201 - "PUT https://[::1]:8080/v1/AUTH_3c12f327ec924e3c89731d403fb9bd42/gnocchi.49aac128-5c8c-4358-9aa6-4ac9d8f6b9c1" "tx3d79bf723e174a97b6b68-0068e16ad5" "proxy-server 94717" 0.0246 "-" 93383 0
Oct 04 14:43:33 np0005470878.novalocal proxy-server[94717]: ::1 ::1 04/Oct/2025/18/43/33 PUT /v1/AUTH_3c12f327ec924e3c89731d403fb9bd42/gnocchi.49aac128-5c8c-4358-9aa6-4ac9d8f6b9c1 HTTP/1.0 201 - python-swiftclient-4.7.0 gAAAAABo4Wq9xl3N... - - - tx3d79bf723e174a97b6b68-0068e16ad5 - 0.0307 - - 1759603413.319443226 1759603413.350192547 0
Oct 04 14:43:33 np0005470878.novalocal container-server[93383]: ::1 - - [04/Oct/2025:18:43:33 +0000] "HEAD /2/169883/AUTH_3c12f327ec924e3c89731d403fb9bd42/gnocchi.49aac128-5c8c-4358-9aa6-4ac9d8f6b9c1" 204 - "HEAD http://[::1]:8080/v1/AUTH_3c12f327ec924e3c89731d403fb9bd42/gnocchi.49aac128-5c8c-4358-9aa6-4ac9d8f6b9c1" "tx8663b894cfba4e64ae389-0068e16ad5" "proxy-server 94717" 0.0015 "-" 93383 0
Oct 04 14:43:33 np0005470878.novalocal proxy-server[94717]: - - 04/Oct/2025/18/43/33 HEAD /v1/AUTH_3c12f327ec924e3c89731d403fb9bd42/gnocchi.49aac128-5c8c-4358-9aa6-4ac9d8f6b9c1 HTTP/1.0 204 - Swift - - - - tx8663b894cfba4e64ae389-0068e16ad5 - 0.0053 CS - 1759603413.353915215 1759603413.359185219 0
Oct 04 14:43:33 np0005470878.novalocal container-server[93384]: ::1 - - [04/Oct/2025:18:43:33 +0000] "GET /3/169883/AUTH_3c12f327ec924e3c89731d403fb9bd42/gnocchi.49aac128-5c8c-4358-9aa6-4ac9d8f6b9c1" 200 2 "GET https://[::1]:8080/v1/AUTH_3c12f327ec924e3c89731d403fb9bd42/gnocchi.49aac128-5c8c-4358-9aa6-4ac9d8f6b9c1?format=json&states=listing" "tx8663b894cfba4e64ae389-0068e16ad5" "proxy-server 94717" 0.0025 "-" 93384 0
Oct 04 14:43:33 np0005470878.novalocal proxy-server[94717]: ::1 ::1 04/Oct/2025/18/43/33 GET /v1/AUTH_3c12f327ec924e3c89731d403fb9bd42/gnocchi.49aac128-5c8c-4358-9aa6-4ac9d8f6b9c1%3Fformat%3Djson%26states%3Dlisting HTTP/1.0 200 - python-swiftclient-4.7.0 gAAAAABo4Wq9xl3N... - 2 - tx8663b894cfba4e64ae389-0068e16ad5 - 0.0145 - - 1759603413.353375435 1759603413.367911339 0
Oct 04 14:43:33 np0005470878.novalocal object-server[93717]: ::1 - - [04/Oct/2025:18:43:33 +0000] "GET /1/120444/AUTH_3c12f327ec924e3c89731d403fb9bd42/gnocchi.49aac128-5c8c-4358-9aa6-4ac9d8f6b9c1/1759320000.0_mean_300.0_v3" 404 70 "GET https://[::1]:8080/v1/AUTH_3c12f327ec924e3c89731d403fb9bd42/gnocchi.49aac128-5c8c-4358-9aa6-4ac9d8f6b9c1/1759320000.0_mean_300.0_v3" "txbd746788a6564ba9a0ab7-0068e16ad5" "proxy-server 94717" 0.0003 "-" 93717 0
Oct 04 14:43:33 np0005470878.novalocal object-server[93717]: ::1 - - [04/Oct/2025:18:43:33 +0000] "GET /2/120444/AUTH_3c12f327ec924e3c89731d403fb9bd42/gnocchi.49aac128-5c8c-4358-9aa6-4ac9d8f6b9c1/1759320000.0_mean_300.0_v3" 404 70 "GET https://[::1]:8080/v1/AUTH_3c12f327ec924e3c89731d403fb9bd42/gnocchi.49aac128-5c8c-4358-9aa6-4ac9d8f6b9c1/1759320000.0_mean_300.0_v3" "txbd746788a6564ba9a0ab7-0068e16ad5" "proxy-server 94717" 0.0002 "-" 93717 0
Oct 04 14:43:33 np0005470878.novalocal container-server[93384]: ::1 - - [04/Oct/2025:18:43:33 +0000] "HEAD /2/172714/AUTH_3c12f327ec924e3c89731d403fb9bd42/gnocchi.3f2454e5-acb1-4d19-9a68-018e868d0946" 404 - "HEAD http://[::1]:8080/v1/AUTH_3c12f327ec924e3c89731d403fb9bd42/gnocchi.3f2454e5-acb1-4d19-9a68-018e868d0946" "tx264517b556d042beb36c6-0068e16ad5" "proxy-server 94716" 0.0003 "-" 93384 0
Oct 04 14:43:33 np0005470878.novalocal object-server[93716]: ::1 - - [04/Oct/2025:18:43:33 +0000] "GET /3/120444/AUTH_3c12f327ec924e3c89731d403fb9bd42/gnocchi.49aac128-5c8c-4358-9aa6-4ac9d8f6b9c1/1759320000.0_mean_300.0_v3" 404 70 "GET https://[::1]:8080/v1/AUTH_3c12f327ec924e3c89731d403fb9bd42/gnocchi.49aac128-5c8c-4358-9aa6-4ac9d8f6b9c1/1759320000.0_mean_300.0_v3" "txbd746788a6564ba9a0ab7-0068e16ad5" "proxy-server 94717" 0.0003 "-" 93716 0
Oct 04 14:43:33 np0005470878.novalocal proxy-server[94717]: ::1 ::1 04/Oct/2025/18/43/33 GET /v1/AUTH_3c12f327ec924e3c89731d403fb9bd42/gnocchi.49aac128-5c8c-4358-9aa6-4ac9d8f6b9c1/1759320000.0_mean_300.0_v3 HTTP/1.0 404 - python-swiftclient-4.7.0 gAAAAABo4Wq9xl3N... - 70 - txbd746788a6564ba9a0ab7-0068e16ad5 - 0.0175 - - 1759603413.371651411 1759603413.389193296 0
Oct 04 14:43:33 np0005470878.novalocal container-server[93383]: ::1 - - [04/Oct/2025:18:43:33 +0000] "HEAD /1/172714/AUTH_3c12f327ec924e3c89731d403fb9bd42/gnocchi.3f2454e5-acb1-4d19-9a68-018e868d0946" 404 - "HEAD http://[::1]:8080/v1/AUTH_3c12f327ec924e3c89731d403fb9bd42/gnocchi.3f2454e5-acb1-4d19-9a68-018e868d0946" "tx264517b556d042beb36c6-0068e16ad5" "proxy-server 94716" 0.0005 "-" 93383 0
Oct 04 14:43:33 np0005470878.novalocal container-server[93384]: ::1 - - [04/Oct/2025:18:43:33 +0000] "HEAD /3/172714/AUTH_3c12f327ec924e3c89731d403fb9bd42/gnocchi.3f2454e5-acb1-4d19-9a68-018e868d0946" 404 - "HEAD http://[::1]:8080/v1/AUTH_3c12f327ec924e3c89731d403fb9bd42/gnocchi.3f2454e5-acb1-4d19-9a68-018e868d0946" "tx264517b556d042beb36c6-0068e16ad5" "proxy-server 94716" 0.0002 "-" 93384 0
Oct 04 14:43:33 np0005470878.novalocal proxy-server[94716]: - - 04/Oct/2025/18/43/33 HEAD /v1/AUTH_3c12f327ec924e3c89731d403fb9bd42/gnocchi.3f2454e5-acb1-4d19-9a68-018e868d0946 HTTP/1.0 404 - Swift - - - - tx264517b556d042beb36c6-0068e16ad5 - 0.0121 CS - 1759603413.381114483 1759603413.393231630 0
Oct 04 14:43:33 np0005470878.novalocal object-server[93716]: ::1 - - [04/Oct/2025:18:43:33 +0000] "GET /1/44948/AUTH_3c12f327ec924e3c89731d403fb9bd42/gnocchi.3f2454e5-acb1-4d19-9a68-018e868d0946/none_v3" 404 70 "GET https://[::1]:8080/v1/AUTH_3c12f327ec924e3c89731d403fb9bd42/gnocchi.3f2454e5-acb1-4d19-9a68-018e868d0946/none_v3" "tx264517b556d042beb36c6-0068e16ad5" "proxy-server 94716" 0.0002 "-" 93716 0
Oct 04 14:43:33 np0005470878.novalocal object-server[93717]: ::1 - - [04/Oct/2025:18:43:33 +0000] "GET /2/44948/AUTH_3c12f327ec924e3c89731d403fb9bd42/gnocchi.3f2454e5-acb1-4d19-9a68-018e868d0946/none_v3" 404 70 "GET https://[::1]:8080/v1/AUTH_3c12f327ec924e3c89731d403fb9bd42/gnocchi.3f2454e5-acb1-4d19-9a68-018e868d0946/none_v3" "tx264517b556d042beb36c6-0068e16ad5" "proxy-server 94716" 0.0005 "-" 93717 0
Oct 04 14:43:33 np0005470878.novalocal object-server[93716]: ::1 - - [04/Oct/2025:18:43:33 +0000] "GET /3/44948/AUTH_3c12f327ec924e3c89731d403fb9bd42/gnocchi.3f2454e5-acb1-4d19-9a68-018e868d0946/none_v3" 404 70 "GET https://[::1]:8080/v1/AUTH_3c12f327ec924e3c89731d403fb9bd42/gnocchi.3f2454e5-acb1-4d19-9a68-018e868d0946/none_v3" "tx264517b556d042beb36c6-0068e16ad5" "proxy-server 94716" 0.0002 "-" 93716 0
Oct 04 14:43:33 np0005470878.novalocal proxy-server[94716]: ::1 ::1 04/Oct/2025/18/43/33 GET /v1/AUTH_3c12f327ec924e3c89731d403fb9bd42/gnocchi.3f2454e5-acb1-4d19-9a68-018e868d0946/none_v3 HTTP/1.0 404 - python-swiftclient-4.7.0 gAAAAABo4WrHdnea... - 70 - tx264517b556d042beb36c6-0068e16ad5 - 0.0260 - - 1759603413.380552530 1759603413.406583309 0
Oct 04 14:43:33 np0005470878.novalocal container-server[93384]: ::1 - - [04/Oct/2025:18:43:33 +0000] "PUT /2/169883/AUTH_3c12f327ec924e3c89731d403fb9bd42/gnocchi.49aac128-5c8c-4358-9aa6-4ac9d8f6b9c1/1759320000.0_mean_300.0_v3" 201 - "PUT http://[::1]:8080/1/120444/AUTH_3c12f327ec924e3c89731d403fb9bd42/gnocchi.49aac128-5c8c-4358-9aa6-4ac9d8f6b9c1/1759320000.0_mean_300.0_v3" "tx23626d55d2d44cf1b7a97-0068e16ad5" "object-server 93716" 0.0006 "-" 93384 0
Oct 04 14:43:33 np0005470878.novalocal object-server[93716]: ::1 - - [04/Oct/2025:18:43:33 +0000] "PUT /1/120444/AUTH_3c12f327ec924e3c89731d403fb9bd42/gnocchi.49aac128-5c8c-4358-9aa6-4ac9d8f6b9c1/1759320000.0_mean_300.0_v3" 201 - "PUT https://[::1]:8080/v1/AUTH_3c12f327ec924e3c89731d403fb9bd42/gnocchi.49aac128-5c8c-4358-9aa6-4ac9d8f6b9c1/1759320000.0_mean_300.0_v3" "tx23626d55d2d44cf1b7a97-0068e16ad5" "proxy-server 94717" 0.0126 "-" 93716 0
Oct 04 14:43:33 np0005470878.novalocal container-server[93384]: ::1 - - [04/Oct/2025:18:43:33 +0000] "PUT /1/169883/AUTH_3c12f327ec924e3c89731d403fb9bd42/gnocchi.49aac128-5c8c-4358-9aa6-4ac9d8f6b9c1/1759320000.0_mean_300.0_v3" 201 - "PUT http://[::1]:8080/2/120444/AUTH_3c12f327ec924e3c89731d403fb9bd42/gnocchi.49aac128-5c8c-4358-9aa6-4ac9d8f6b9c1/1759320000.0_mean_300.0_v3" "tx23626d55d2d44cf1b7a97-0068e16ad5" "object-server 93717" 0.0005 "-" 93384 0
Oct 04 14:43:33 np0005470878.novalocal container-server[93383]: ::1 - - [04/Oct/2025:18:43:33 +0000] "PUT /3/169883/AUTH_3c12f327ec924e3c89731d403fb9bd42/gnocchi.49aac128-5c8c-4358-9aa6-4ac9d8f6b9c1/1759320000.0_mean_300.0_v3" 201 - "PUT http://[::1]:8080/3/120444/AUTH_3c12f327ec924e3c89731d403fb9bd42/gnocchi.49aac128-5c8c-4358-9aa6-4ac9d8f6b9c1/1759320000.0_mean_300.0_v3" "tx23626d55d2d44cf1b7a97-0068e16ad5" "object-server 93717" 0.0007 "-" 93383 0
Oct 04 14:43:33 np0005470878.novalocal object-server[93717]: ::1 - - [04/Oct/2025:18:43:33 +0000] "PUT /2/120444/AUTH_3c12f327ec924e3c89731d403fb9bd42/gnocchi.49aac128-5c8c-4358-9aa6-4ac9d8f6b9c1/1759320000.0_mean_300.0_v3" 201 - "PUT https://[::1]:8080/v1/AUTH_3c12f327ec924e3c89731d403fb9bd42/gnocchi.49aac128-5c8c-4358-9aa6-4ac9d8f6b9c1/1759320000.0_mean_300.0_v3" "tx23626d55d2d44cf1b7a97-0068e16ad5" "proxy-server 94717" 0.0248 "-" 93717 0
Oct 04 14:43:33 np0005470878.novalocal object-server[93717]: ::1 - - [04/Oct/2025:18:43:33 +0000] "PUT /3/120444/AUTH_3c12f327ec924e3c89731d403fb9bd42/gnocchi.49aac128-5c8c-4358-9aa6-4ac9d8f6b9c1/1759320000.0_mean_300.0_v3" 201 - "PUT https://[::1]:8080/v1/AUTH_3c12f327ec924e3c89731d403fb9bd42/gnocchi.49aac128-5c8c-4358-9aa6-4ac9d8f6b9c1/1759320000.0_mean_300.0_v3" "tx23626d55d2d44cf1b7a97-0068e16ad5" "proxy-server 94717" 0.0246 "-" 93717 0
Oct 04 14:43:33 np0005470878.novalocal account-server[93088]: ::1 - - [04/Oct/2025:18:43:33 +0000] "PUT /2/140569/AUTH_3c12f327ec924e3c89731d403fb9bd42/gnocchi.3f2454e5-acb1-4d19-9a68-018e868d0946" 201 - "PUT http://[::1]:6001/3/172714/AUTH_3c12f327ec924e3c89731d403fb9bd42/gnocchi.3f2454e5-acb1-4d19-9a68-018e868d0946" "tx07fd84673ac1445180d40-0068e16ad5" "container-server 93383" 0.0062 "-" 93088 0
Oct 04 14:43:33 np0005470878.novalocal proxy-server[94717]: ::1 ::1 04/Oct/2025/18/43/33 PUT /v1/AUTH_3c12f327ec924e3c89731d403fb9bd42/gnocchi.49aac128-5c8c-4358-9aa6-4ac9d8f6b9c1/1759320000.0_mean_300.0_v3 HTTP/1.0 201 - python-swiftclient-4.7.0 gAAAAABo4Wq9xl3N... 16 - - tx23626d55d2d44cf1b7a97-0068e16ad5 - 0.0446 - - 1759603413.393061638 1759603413.437629700 0
Oct 04 14:43:33 np0005470878.novalocal container-server[93383]: ::1 - - [04/Oct/2025:18:43:33 +0000] "PUT /3/172714/AUTH_3c12f327ec924e3c89731d403fb9bd42/gnocchi.3f2454e5-acb1-4d19-9a68-018e868d0946" 201 - "PUT https://[::1]:8080/v1/AUTH_3c12f327ec924e3c89731d403fb9bd42/gnocchi.3f2454e5-acb1-4d19-9a68-018e868d0946" "tx07fd84673ac1445180d40-0068e16ad5" "proxy-server 94716" 0.0201 "-" 93383 0
Oct 04 14:43:33 np0005470878.novalocal account-server[93089]: ::1 - - [04/Oct/2025:18:43:33 +0000] "PUT /1/140569/AUTH_3c12f327ec924e3c89731d403fb9bd42/gnocchi.3f2454e5-acb1-4d19-9a68-018e868d0946" 201 - "PUT http://[::1]:6001/2/172714/AUTH_3c12f327ec924e3c89731d403fb9bd42/gnocchi.3f2454e5-acb1-4d19-9a68-018e868d0946" "tx07fd84673ac1445180d40-0068e16ad5" "container-server 93384" 0.0077 "-" 93089 0
