Oct 04 14:43:28 np0005470878.novalocal container-server[93383]: ::1 - - [04/Oct/2025:18:43:28 +0000] "HEAD /3/146624/AUTH_3c12f327ec924e3c89731d403fb9bd42/gnocchi.d1a943ac-1b5d-4e35-90da-7bfd22ba2a17" 404 - "HEAD http://[::1]:8080/v1/AUTH_3c12f327ec924e3c89731d403fb9bd42/gnocchi.d1a943ac-1b5d-4e35-90da-7bfd22ba2a17" "tx4e40b6ca087640aba8a32-0068e16ad0" "proxy-server 94717" 0.0005 "-" 93383 0
Oct 04 14:43:28 np0005470878.novalocal proxy-server[94717]: - - 04/Oct/2025/18/43/28 HEAD /v1/AUTH_3c12f327ec924e3c89731d403fb9bd42/gnocchi.d1a943ac-1b5d-4e35-90da-7bfd22ba2a17 HTTP/1.0 404 - Swift - - - - tx4e40b6ca087640aba8a32-0068e16ad0 - 0.0103 CS - 1759603408.023334980 1759603408.033618450 0
Oct 04 14:43:28 np0005470878.novalocal object-server[93717]: ::1 - - [04/Oct/2025:18:43:28 +0000] "GET /2/84479/AUTH_3c12f327ec924e3c89731d403fb9bd42/gnocchi.d1a943ac-1b5d-4e35-90da-7bfd22ba2a17/none_v3" 404 70 "GET https://[::1]:8080/v1/AUTH_3c12f327ec924e3c89731d403fb9bd42/gnocchi.d1a943ac-1b5d-4e35-90da-7bfd22ba2a17/none_v3" "tx4e40b6ca087640aba8a32-0068e16ad0" "proxy-server 94717" 0.0004 "-" 93717 0
Oct 04 14:43:28 np0005470878.novalocal object-server[93716]: ::1 - - [04/Oct/2025:18:43:28 +0000] "GET /3/84479/AUTH_3c12f327ec924e3c89731d403fb9bd42/gnocchi.d1a943ac-1b5d-4e35-90da-7bfd22ba2a17/none_v3" 404 70 "GET https://[::1]:8080/v1/AUTH_3c12f327ec924e3c89731d403fb9bd42/gnocchi.d1a943ac-1b5d-4e35-90da-7bfd22ba2a17/none_v3" "tx4e40b6ca087640aba8a32-0068e16ad0" "proxy-server 94717" 0.0003 "-" 93716 0
Oct 04 14:43:28 np0005470878.novalocal object-server[93716]: ::1 - - [04/Oct/2025:18:43:28 +0000] "GET /1/84479/AUTH_3c12f327ec924e3c89731d403fb9bd42/gnocchi.d1a943ac-1b5d-4e35-90da-7bfd22ba2a17/none_v3" 404 70 "GET https://[::1]:8080/v1/AUTH_3c12f327ec924e3c89731d403fb9bd42/gnocchi.d1a943ac-1b5d-4e35-90da-7bfd22ba2a17/none_v3" "tx4e40b6ca087640aba8a32-0068e16ad0" "proxy-server 94717" 0.0002 "-" 93716 0
Oct 04 14:43:28 np0005470878.novalocal proxy-server[94717]: ::1 ::1 04/Oct/2025/18/43/28 GET /v1/AUTH_3c12f327ec924e3c89731d403fb9bd42/gnocchi.d1a943ac-1b5d-4e35-90da-7bfd22ba2a17/none_v3 HTTP/1.0 404 - python-swiftclient-4.7.0 gAAAAABo4Wq9xl3N... - 70 - tx4e40b6ca087640aba8a32-0068e16ad0 - 0.0244 - - 1759603408.021994352 1759603408.046437025 0
Oct 04 14:43:28 np0005470878.novalocal account-server[93088]: ::1 - - [04/Oct/2025:18:43:28 +0000] "PUT /2/140569/AUTH_3c12f327ec924e3c89731d403fb9bd42/gnocchi.d1a943ac-1b5d-4e35-90da-7bfd22ba2a17" 201 - "PUT http://[::1]:6001/1/146624/AUTH_3c12f327ec924e3c89731d403fb9bd42/gnocchi.d1a943ac-1b5d-4e35-90da-7bfd22ba2a17" "txdb417616c1b74062ac5d1-0068e16ad0" "container-server 93384" 0.0083 "-" 93088 0
Oct 04 14:43:28 np0005470878.novalocal container-server[93384]: ::1 - - [04/Oct/2025:18:43:28 +0000] "PUT /1/146624/AUTH_3c12f327ec924e3c89731d403fb9bd42/gnocchi.d1a943ac-1b5d-4e35-90da-7bfd22ba2a17" 201 - "PUT https://[::1]:8080/v1/AUTH_3c12f327ec924e3c89731d403fb9bd42/gnocchi.d1a943ac-1b5d-4e35-90da-7bfd22ba2a17" "txdb417616c1b74062ac5d1-0068e16ad0" "proxy-server 94717" 0.0315 "-" 93384 0
Oct 04 14:43:28 np0005470878.novalocal account-server[93088]: ::1 - - [04/Oct/2025:18:43:28 +0000] "PUT /1/140569/AUTH_3c12f327ec924e3c89731d403fb9bd42/gnocchi.d1a943ac-1b5d-4e35-90da-7bfd22ba2a17" 201 - "PUT http://[::1]:6001/2/146624/AUTH_3c12f327ec924e3c89731d403fb9bd42/gnocchi.d1a943ac-1b5d-4e35-90da-7bfd22ba2a17" "txdb417616c1b74062ac5d1-0068e16ad0" "container-server 93383" 0.0066 "-" 93088 0
Oct 04 14:43:28 np0005470878.novalocal account-server[93089]: ::1 - - [04/Oct/2025:18:43:28 +0000] "PUT /3/140569/AUTH_3c12f327ec924e3c89731d403fb9bd42/gnocchi.d1a943ac-1b5d-4e35-90da-7bfd22ba2a17" 201 - "PUT http://[::1]:6001/3/146624/AUTH_3c12f327ec924e3c89731d403fb9bd42/gnocchi.d1a943ac-1b5d-4e35-90da-7bfd22ba2a17" "txdb417616c1b74062ac5d1-0068e16ad0" "container-server 93383" 0.0088 "-" 93089 0
Oct 04 14:43:28 np0005470878.novalocal container-server[93383]: ::1 - - [04/Oct/2025:18:43:28 +0000] "PUT /2/146624/AUTH_3c12f327ec924e3c89731d403fb9bd42/gnocchi.d1a943ac-1b5d-4e35-90da-7bfd22ba2a17" 201 - "PUT https://[::1]:8080/v1/AUTH_3c12f327ec924e3c89731d403fb9bd42/gnocchi.d1a943ac-1b5d-4e35-90da-7bfd22ba2a17" "txdb417616c1b74062ac5d1-0068e16ad0" "proxy-server 94717" 0.0203 "-" 93383 0
Oct 04 14:43:28 np0005470878.novalocal container-server[93383]: ::1 - - [04/Oct/2025:18:43:28 +0000] "PUT /3/146624/AUTH_3c12f327ec924e3c89731d403fb9bd42/gnocchi.d1a943ac-1b5d-4e35-90da-7bfd22ba2a17" 201 - "PUT https://[::1]:8080/v1/AUTH_3c12f327ec924e3c89731d403fb9bd42/gnocchi.d1a943ac-1b5d-4e35-90da-7bfd22ba2a17" "txdb417616c1b74062ac5d1-0068e16ad0" "proxy-server 94717" 0.0441 "-" 93383 0
Oct 04 14:43:28 np0005470878.novalocal proxy-server[94717]: ::1 ::1 04/Oct/2025/18/43/28 PUT /v1/AUTH_3c12f327ec924e3c89731d403fb9bd42/gnocchi.d1a943ac-1b5d-4e35-90da-7bfd22ba2a17 HTTP/1.0 201 - python-swiftclient-4.7.0 gAAAAABo4Wq9xl3N... - - - txdb417616c1b74062ac5d1-0068e16ad0 - 0.0515 - - 1759603408.049619198 1759603408.101100683 0
Oct 04 14:43:28 np0005470878.novalocal container-server[93384]: ::1 - - [04/Oct/2025:18:43:28 +0000] "HEAD /1/146624/AUTH_3c12f327ec924e3c89731d403fb9bd42/gnocchi.d1a943ac-1b5d-4e35-90da-7bfd22ba2a17" 204 - "HEAD http://[::1]:8080/v1/AUTH_3c12f327ec924e3c89731d403fb9bd42/gnocchi.d1a943ac-1b5d-4e35-90da-7bfd22ba2a17" "txf70756d89eed466b989ac-0068e16ad0" "proxy-server 94717" 0.0020 "-" 93384 0
Oct 04 14:43:28 np0005470878.novalocal proxy-server[94717]: - - 04/Oct/2025/18/43/28 HEAD /v1/AUTH_3c12f327ec924e3c89731d403fb9bd42/gnocchi.d1a943ac-1b5d-4e35-90da-7bfd22ba2a17 HTTP/1.0 204 - Swift - - - - txf70756d89eed466b989ac-0068e16ad0 - 0.0092 CS - 1759603408.107357264 1759603408.116603613 0
Oct 04 14:43:28 np0005470878.novalocal container-server[93384]: ::1 - - [04/Oct/2025:18:43:28 +0000] "HEAD /2/146357/AUTH_3c12f327ec924e3c89731d403fb9bd42/gnocchi.fbf0e6ad-dc06-44f3-a368-6bfd91bee89b" 404 - "HEAD http://[::1]:8080/v1/AUTH_3c12f327ec924e3c89731d403fb9bd42/gnocchi.fbf0e6ad-dc06-44f3-a368-6bfd91bee89b" "txbd42a0176b524ecfbb7d8-0068e16ad0" "proxy-server 94716" 0.0003 "-" 93384 0
Oct 04 14:43:28 np0005470878.novalocal container-server[93384]: ::1 - - [04/Oct/2025:18:43:28 +0000] "HEAD /1/146357/AUTH_3c12f327ec924e3c89731d403fb9bd42/gnocchi.fbf0e6ad-dc06-44f3-a368-6bfd91bee89b" 404 - "HEAD http://[::1]:8080/v1/AUTH_3c12f327ec924e3c89731d403fb9bd42/gnocchi.fbf0e6ad-dc06-44f3-a368-6bfd91bee89b" "txbd42a0176b524ecfbb7d8-0068e16ad0" "proxy-server 94716" 0.0003 "-" 93384 0
Oct 04 14:43:28 np0005470878.novalocal container-server[93383]: ::1 - - [04/Oct/2025:18:43:28 +0000] "HEAD /3/146357/AUTH_3c12f327ec924e3c89731d403fb9bd42/gnocchi.fbf0e6ad-dc06-44f3-a368-6bfd91bee89b" 404 - "HEAD http://[::1]:8080/v1/AUTH_3c12f327ec924e3c89731d403fb9bd42/gnocchi.fbf0e6ad-dc06-44f3-a368-6bfd91bee89b" "txbd42a0176b524ecfbb7d8-0068e16ad0" "proxy-server 94716" 0.0006 "-" 93383 0
Oct 04 14:43:28 np0005470878.novalocal proxy-server[94716]: - - 04/Oct/2025/18/43/28 HEAD /v1/AUTH_3c12f327ec924e3c89731d403fb9bd42/gnocchi.fbf0e6ad-dc06-44f3-a368-6bfd91bee89b HTTP/1.0 404 - Swift - - - - txbd42a0176b524ecfbb7d8-0068e16ad0 - 0.0120 CS - 1759603408.114006042 1759603408.125959635 0
Oct 04 14:43:28 np0005470878.novalocal container-server[93384]: ::1 - - [04/Oct/2025:18:43:28 +0000] "GET /3/146624/AUTH_3c12f327ec924e3c89731d403fb9bd42/gnocchi.d1a943ac-1b5d-4e35-90da-7bfd22ba2a17" 200 2 "GET https://[::1]:8080/v1/AUTH_3c12f327ec924e3c89731d403fb9bd42/gnocchi.d1a943ac-1b5d-4e35-90da-7bfd22ba2a17?format=json&states=listing" "txf70756d89eed466b989ac-0068e16ad0" "proxy-server 94717" 0.0047 "-" 93384 0
Oct 04 14:43:28 np0005470878.novalocal object-server[93716]: ::1 - - [04/Oct/2025:18:43:28 +0000] "GET /1/189854/AUTH_3c12f327ec924e3c89731d403fb9bd42/gnocchi.fbf0e6ad-dc06-44f3-a368-6bfd91bee89b/none_v3" 404 70 "GET https://[::1]:8080/v1/AUTH_3c12f327ec924e3c89731d403fb9bd42/gnocchi.fbf0e6ad-dc06-44f3-a368-6bfd91bee89b/none_v3" "txbd42a0176b524ecfbb7d8-0068e16ad0" "proxy-server 94716" 0.0004 "-" 93716 0
Oct 04 14:43:28 np0005470878.novalocal proxy-server[94717]: ::1 ::1 04/Oct/2025/18/43/28 GET /v1/AUTH_3c12f327ec924e3c89731d403fb9bd42/gnocchi.d1a943ac-1b5d-4e35-90da-7bfd22ba2a17%3Fformat%3Djson%26states%3Dlisting HTTP/1.0 200 - python-swiftclient-4.7.0 gAAAAABo4Wq9xl3N... - 2 - txf70756d89eed466b989ac-0068e16ad0 - 0.0266 - - 1759603408.105618477 1759603408.132201195 0
Oct 04 14:43:28 np0005470878.novalocal object-server[93717]: ::1 - - [04/Oct/2025:18:43:28 +0000] "GET /2/189854/AUTH_3c12f327ec924e3c89731d403fb9bd42/gnocchi.fbf0e6ad-dc06-44f3-a368-6bfd91bee89b/none_v3" 404 70 "GET https://[::1]:8080/v1/AUTH_3c12f327ec924e3c89731d403fb9bd42/gnocchi.fbf0e6ad-dc06-44f3-a368-6bfd91bee89b/none_v3" "txbd42a0176b524ecfbb7d8-0068e16ad0" "proxy-server 94716" 0.0003 "-" 93717 0
Oct 04 14:43:28 np0005470878.novalocal object-server[93717]: ::1 - - [04/Oct/2025:18:43:28 +0000] "GET /3/189854/AUTH_3c12f327ec924e3c89731d403fb9bd42/gnocchi.fbf0e6ad-dc06-44f3-a368-6bfd91bee89b/none_v3" 404 70 "GET https://[::1]:8080/v1/AUTH_3c12f327ec924e3c89731d403fb9bd42/gnocchi.fbf0e6ad-dc06-44f3-a368-6bfd91bee89b/none_v3" "txbd42a0176b524ecfbb7d8-0068e16ad0" "proxy-server 94716" 0.0002 "-" 93717 0
Oct 04 14:43:28 np0005470878.novalocal proxy-server[94716]: ::1 ::1 04/Oct/2025/18/43/28 GET /v1/AUTH_3c12f327ec924e3c89731d403fb9bd42/gnocchi.fbf0e6ad-dc06-44f3-a368-6bfd91bee89b/none_v3 HTTP/1.0 404 - python-swiftclient-4.7.0 gAAAAABo4WrHdnea... - 70 - txbd42a0176b524ecfbb7d8-0068e16ad0 - 0.0262 - - 1759603408.112832546 1759603408.139065266 0
Oct 04 14:43:28 np0005470878.novalocal object-server[93716]: ::1 - - [04/Oct/2025:18:43:28 +0000] "GET /3/189995/AUTH_3c12f327ec924e3c89731d403fb9bd42/gnocchi.d1a943ac-1b5d-4e35-90da-7bfd22ba2a17/1759320000.0_mean_300.0_v3" 404 70 "GET https://[::1]:8080/v1/AUTH_3c12f327ec924e3c89731d403fb9bd42/gnocchi.d1a943ac-1b5d-4e35-90da-7bfd22ba2a17/1759320000.0_mean_300.0_v3" "tx4e3979f4ef1c4ff0acd7a-0068e16ad0" "proxy-server 94717" 0.0004 "-" 93716 0
Oct 04 14:43:28 np0005470878.novalocal object-server[93717]: ::1 - - [04/Oct/2025:18:43:28 +0000] "GET /1/189995/AUTH_3c12f327ec924e3c89731d403fb9bd42/gnocchi.d1a943ac-1b5d-4e35-90da-7bfd22ba2a17/1759320000.0_mean_300.0_v3" 404 70 "GET https://[::1]:8080/v1/AUTH_3c12f327ec924e3c89731d403fb9bd42/gnocchi.d1a943ac-1b5d-4e35-90da-7bfd22ba2a17/1759320000.0_mean_300.0_v3" "tx4e3979f4ef1c4ff0acd7a-0068e16ad0" "proxy-server 94717" 0.0003 "-" 93717 0
Oct 04 14:43:28 np0005470878.novalocal object-server[93717]: ::1 - - [04/Oct/2025:18:43:28 +0000] "GET /2/189995/AUTH_3c12f327ec924e3c89731d403fb9bd42/gnocchi.d1a943ac-1b5d-4e35-90da-7bfd22ba2a17/1759320000.0_mean_300.0_v3" 404 70 "GET https://[::1]:8080/v1/AUTH_3c12f327ec924e3c89731d403fb9bd42/gnocchi.d1a943ac-1b5d-4e35-90da-7bfd22ba2a17/1759320000.0_mean_300.0_v3" "tx4e3979f4ef1c4ff0acd7a-0068e16ad0" "proxy-server 94717" 0.0002 "-" 93717 0
Oct 04 14:43:28 np0005470878.novalocal proxy-server[94717]: ::1 ::1 04/Oct/2025/18/43/28 GET /v1/AUTH_3c12f327ec924e3c89731d403fb9bd42/gnocchi.d1a943ac-1b5d-4e35-90da-7bfd22ba2a17/1759320000.0_mean_300.0_v3 HTTP/1.0 404 - python-swiftclient-4.7.0 gAAAAABo4Wq9xl3N... - 70 - tx4e3979f4ef1c4ff0acd7a-0068e16ad0 - 0.0144 - - 1759603408.138151884 1759603408.152598619 0
Oct 04 14:43:28 np0005470878.novalocal account-server[93089]: ::1 - - [04/Oct/2025:18:43:28 +0000] "PUT /1/140569/AUTH_3c12f327ec924e3c89731d403fb9bd42/gnocchi.fbf0e6ad-dc06-44f3-a368-6bfd91bee89b" 201 - "PUT http://[::1]:6001/2/146357/AUTH_3c12f327ec924e3c89731d403fb9bd42/gnocchi.fbf0e6ad-dc06-44f3-a368-6bfd91bee89b" "txa1b3f8424fba4466945a6-0068e16ad0" "container-server 93384" 0.0034 "-" 93089 0
Oct 04 14:43:28 np0005470878.novalocal account-server[93088]: ::1 - - [04/Oct/2025:18:43:28 +0000] "PUT /3/140569/AUTH_3c12f327ec924e3c89731d403fb9bd42/gnocchi.fbf0e6ad-dc06-44f3-a368-6bfd91bee89b" 201 - "PUT http://[::1]:6001/1/146357/AUTH_3c12f327ec924e3c89731d403fb9bd42/gnocchi.fbf0e6ad-dc06-44f3-a368-6bfd91bee89b" "txa1b3f8424fba4466945a6-0068e16ad0" "container-server 93383" 0.0054 "-" 93088 0
Oct 04 14:43:28 np0005470878.novalocal container-server[93384]: ::1 - - [04/Oct/2025:18:43:28 +0000] "PUT /2/146357/AUTH_3c12f327ec924e3c89731d403fb9bd42/gnocchi.fbf0e6ad-dc06-44f3-a368-6bfd91bee89b" 201 - "PUT https://[::1]:8080/v1/AUTH_3c12f327ec924e3c89731d403fb9bd42/gnocchi.fbf0e6ad-dc06-44f3-a368-6bfd91bee89b" "txa1b3f8424fba4466945a6-0068e16ad0" "proxy-server 94716" 0.0121 "-" 93384 0
Oct 04 14:43:28 np0005470878.novalocal container-server[93383]: ::1 - - [04/Oct/2025:18:43:28 +0000] "PUT /1/146357/AUTH_3c12f327ec924e3c89731d403fb9bd42/gnocchi.fbf0e6ad-dc06-44f3-a368-6bfd91bee89b" 201 - "PUT https://[::1]:8080/v1/AUTH_3c12f327ec924e3c89731d403fb9bd42/gnocchi.fbf0e6ad-dc06-44f3-a368-6bfd91bee89b" "txa1b3f8424fba4466945a6-0068e16ad0" "proxy-server 94716" 0.0185 "-" 93383 0
Oct 04 14:43:28 np0005470878.novalocal account-server[93089]: ::1 - - [04/Oct/2025:18:43:28 +0000] "PUT /2/140569/AUTH_3c12f327ec924e3c89731d403fb9bd42/gnocchi.fbf0e6ad-dc06-44f3-a368-6bfd91bee89b" 201 - "PUT http://[::1]:6001/3/146357/AUTH_3c12f327ec924e3c89731d403fb9bd42/gnocchi.fbf0e6ad-dc06-44f3-a368-6bfd91bee89b" "txa1b3f8424fba4466945a6-0068e16ad0" "container-server 93383" 0.0038 "-" 93089 0
Oct 04 14:43:28 np0005470878.novalocal container-server[93383]: ::1 - - [04/Oct/2025:18:43:28 +0000] "PUT /3/146357/AUTH_3c12f327ec924e3c89731d403fb9bd42/gnocchi.fbf0e6ad-dc06-44f3-a368-6bfd91bee89b" 201 - "PUT https://[::1]:8080/v1/AUTH_3c12f327ec924e3c89731d403fb9bd42/gnocchi.fbf0e6ad-dc06-44f3-a368-6bfd91bee89b" "txa1b3f8424fba4466945a6-0068e16ad0" "proxy-server 94716" 0.0167 "-" 93383 0
Oct 04 14:43:28 np0005470878.novalocal proxy-server[94716]: ::1 ::1 04/Oct/2025/18/43/28 PUT /v1/AUTH_3c12f327ec924e3c89731d403fb9bd42/gnocchi.fbf0e6ad-dc06-44f3-a368-6bfd91bee89b HTTP/1.0 201 - python-swiftclient-4.7.0 gAAAAABo4WrHdnea... - - - txa1b3f8424fba4466945a6-0068e16ad0 - 0.0387 - - 1759603408.141774178 1759603408.180469275 0
Oct 04 14:43:28 np0005470878.novalocal container-server[93383]: ::1 - - [04/Oct/2025:18:43:28 +0000] "PUT /2/146624/AUTH_3c12f327ec924e3c89731d403fb9bd42/gnocchi.d1a943ac-1b5d-4e35-90da-7bfd22ba2a17/1759320000.0_mean_300.0_v3" 201 - "PUT http://[::1]:8080/2/189995/AUTH_3c12f327ec924e3c89731d403fb9bd42/gnocchi.d1a943ac-1b5d-4e35-90da-7bfd22ba2a17/1759320000.0_mean_300.0_v3" "tx0bb601ddf78e4fa3b2056-0068e16ad0" "object-server 93717" 0.0009 "-" 93383 0
Oct 04 14:43:28 np0005470878.novalocal container-server[93384]: ::1 - - [04/Oct/2025:18:43:28 +0000] "PUT /3/146624/AUTH_3c12f327ec924e3c89731d403fb9bd42/gnocchi.d1a943ac-1b5d-4e35-90da-7bfd22ba2a17/1759320000.0_mean_300.0_v3" 201 - "PUT http://[::1]:8080/1/189995/AUTH_3c12f327ec924e3c89731d403fb9bd42/gnocchi.d1a943ac-1b5d-4e35-90da-7bfd22ba2a17/1759320000.0_mean_300.0_v3" "tx0bb601ddf78e4fa3b2056-0068e16ad0" "object-server 93716" 0.0005 "-" 93384 0
Oct 04 14:43:28 np0005470878.novalocal object-server[93717]: ::1 - - [04/Oct/2025:18:43:28 +0000] "PUT /2/189995/AUTH_3c12f327ec924e3c89731d403fb9bd42/gnocchi.d1a943ac-1b5d-4e35-90da-7bfd22ba2a17/1759320000.0_mean_300.0_v3" 201 - "PUT https://[::1]:8080/v1/AUTH_3c12f327ec924e3c89731d403fb9bd42/gnocchi.d1a943ac-1b5d-4e35-90da-7bfd22ba2a17/1759320000.0_mean_300.0_v3" "tx0bb601ddf78e4fa3b2056-0068e16ad0" "proxy-server 94717" 0.0151 "-" 93717 0
Oct 04 14:43:28 np0005470878.novalocal object-server[93716]: ::1 - - [04/Oct/2025:18:43:28 +0000] "PUT /1/189995/AUTH_3c12f327ec924e3c89731d403fb9bd42/gnocchi.d1a943ac-1b5d-4e35-90da-7bfd22ba2a17/1759320000.0_mean_300.0_v3" 201 - "PUT https://[::1]:8080/v1/AUTH_3c12f327ec924e3c89731d403fb9bd42/gnocchi.d1a943ac-1b5d-4e35-90da-7bfd22ba2a17/1759320000.0_mean_300.0_v3" "tx0bb601ddf78e4fa3b2056-0068e16ad0" "proxy-server 94717" 0.0168 "-" 93716 0
Oct 04 14:43:28 np0005470878.novalocal container-server[93384]: ::1 - - [04/Oct/2025:18:43:28 +0000] "PUT /1/146624/AUTH_3c12f327ec924e3c89731d403fb9bd42/gnocchi.d1a943ac-1b5d-4e35-90da-7bfd22ba2a17/1759320000.0_mean_300.0_v3" 201 - "PUT http://[::1]:8080/3/189995/AUTH_3c12f327ec924e3c89731d403fb9bd42/gnocchi.d1a943ac-1b5d-4e35-90da-7bfd22ba2a17/1759320000.0_mean_300.0_v3" "tx0bb601ddf78e4fa3b2056-0068e16ad0" "object-server 93717" 0.0003 "-" 93384 0
Oct 04 14:43:28 np0005470878.novalocal object-server[93717]: ::1 - - [04/Oct/2025:18:43:28 +0000] "PUT /3/189995/AUTH_3c12f327ec924e3c89731d403fb9bd42/gnocchi.d1a943ac-1b5d-4e35-90da-7bfd22ba2a17/1759320000.0_mean_300.0_v3" 201 - "PUT https://[::1]:8080/v1/AUTH_3c12f327ec924e3c89731d403fb9bd42/gnocchi.d1a943ac-1b5d-4e35-90da-7bfd22ba2a17/1759320000.0_mean_300.0_v3" "tx0bb601ddf78e4fa3b2056-0068e16ad0" "proxy-server 94717" 0.0187 "-" 93717 0
Oct 04 14:43:28 np0005470878.novalocal container-server[93384]: ::1 - - [04/Oct/2025:18:43:28 +0000] "HEAD /1/146357/AUTH_3c12f327ec924e3c89731d403fb9bd42/gnocchi.fbf0e6ad-dc06-44f3-a368-6bfd91bee89b" 204 - "HEAD http://[::1]:8080/v1/AUTH_3c12f327ec924e3c89731d403fb9bd42/gnocchi.fbf0e6ad-dc06-44f3-a368-6bfd91bee89b" "tx8b07ece1ee6b49ca82219-0068e16ad0" "proxy-server 94716" 0.0015 "-" 93384 0
Oct 04 14:43:28 np0005470878.novalocal proxy-server[94717]: ::1 ::1 04/Oct/2025/18/43/28 PUT /v1/AUTH_3c12f327ec924e3c89731d403fb9bd42/gnocchi.d1a943ac-1b5d-4e35-90da-7bfd22ba2a17/1759320000.0_mean_300.0_v3 HTTP/1.0 201 - python-swiftclient-4.7.0 gAAAAABo4Wq9xl3N... 16 - - tx0bb601ddf78e4fa3b2056-0068e16ad0 - 0.0408 - - 1759603408.156446218 1759603408.197242737 0
Oct 04 14:43:28 np0005470878.novalocal proxy-server[94716]: - - 04/Oct/2025/18/43/28 HEAD /v1/AUTH_3c12f327ec924e3c89731d403fb9bd42/gnocchi.fbf0e6ad-dc06-44f3-a368-6bfd91bee89b HTTP/1.0 204 - Swift - - - - tx8b07ece1ee6b49ca82219-0068e16ad0 - 0.0094 CS - 1759603408.189937115 1759603408.199317217 0
Oct 04 14:43:28 np0005470878.novalocal container-server[93383]: ::1 - - [04/Oct/2025:18:43:28 +0000] "GET /1/146357/AUTH_3c12f327ec924e3c89731d403fb9bd42/gnocchi.fbf0e6ad-dc06-44f3-a368-6bfd91bee89b" 200 2 "GET https://[::1]:8080/v1/AUTH_3c12f327ec924e3c89731d403fb9bd42/gnocchi.fbf0e6ad-dc06-44f3-a368-6bfd91bee89b?format=json&states=listing" "tx8b07ece1ee6b49ca82219-0068e16ad0" "proxy-server 94716" 0.0042 "-" 93383 0
Oct 04 14:43:28 np0005470878.novalocal proxy-server[94716]: ::1 ::1 04/Oct/2025/18/43/28 GET /v1/AUTH_3c12f327ec924e3c89731d403fb9bd42/gnocchi.fbf0e6ad-dc06-44f3-a368-6bfd91bee89b%3Fformat%3Djson%26states%3Dlisting HTTP/1.0 200 - python-swiftclient-4.7.0 gAAAAABo4WrHdnea... - 2 - tx8b07ece1ee6b49ca82219-0068e16ad0 - 0.0296 - - 1759603408.187043190 1759603408.216616154 0
Oct 04 14:43:28 np0005470878.novalocal container-server[93384]: ::1 - - [04/Oct/2025:18:43:28 +0000] "PUT /3/146624/AUTH_3c12f327ec924e3c89731d403fb9bd42/gnocchi.d1a943ac-1b5d-4e35-90da-7bfd22ba2a17/none_v3" 201 - "PUT http://[::1]:8080/3/84479/AUTH_3c12f327ec924e3c89731d403fb9bd42/gnocchi.d1a943ac-1b5d-4e35-90da-7bfd22ba2a17/none_v3" "tx1f76b7226487427ba45ff-0068e16ad0" "object-server 93716" 0.0006 "-" 93384 0
Oct 04 14:43:28 np0005470878.novalocal object-server[93716]: ::1 - - [04/Oct/2025:18:43:28 +0000] "PUT /3/84479/AUTH_3c12f327ec924e3c89731d403fb9bd42/gnocchi.d1a943ac-1b5d-4e35-90da-7bfd22ba2a17/none_v3" 201 - "PUT https://[::1]:8080/v1/AUTH_3c12f327ec924e3c89731d403fb9bd42/gnocchi.d1a943ac-1b5d-4e35-90da-7bfd22ba2a17/none_v3" "tx1f76b7226487427ba45ff-0068e16ad0" "proxy-server 94717" 0.0097 "-" 93716 0
Oct 04 14:43:28 np0005470878.novalocal container-server[93383]: ::1 - - [04/Oct/2025:18:43:28 +0000] "PUT /1/146624/AUTH_3c12f327ec924e3c89731d403fb9bd42/gnocchi.d1a943ac-1b5d-4e35-90da-7bfd22ba2a17/none_v3" 201 - "PUT http://[::1]:8080/2/84479/AUTH_3c12f327ec924e3c89731d403fb9bd42/gnocchi.d1a943ac-1b5d-4e35-90da-7bfd22ba2a17/none_v3" "tx1f76b7226487427ba45ff-0068e16ad0" "object-server 93716" 0.0011 "-" 93383 0
Oct 04 14:43:28 np0005470878.novalocal object-server[93716]: ::1 - - [04/Oct/2025:18:43:28 +0000] "PUT /2/84479/AUTH_3c12f327ec924e3c89731d403fb9bd42/gnocchi.d1a943ac-1b5d-4e35-90da-7bfd22ba2a17/none_v3" 201 - "PUT https://[::1]:8080/v1/AUTH_3c12f327ec924e3c89731d403fb9bd42/gnocchi.d1a943ac-1b5d-4e35-90da-7bfd22ba2a17/none_v3" "tx1f76b7226487427ba45ff-0068e16ad0" "proxy-server 94717" 0.0185 "-" 93716 0
Oct 04 14:43:28 np0005470878.novalocal container-server[93383]: ::1 - - [04/Oct/2025:18:43:28 +0000] "PUT /2/146624/AUTH_3c12f327ec924e3c89731d403fb9bd42/gnocchi.d1a943ac-1b5d-4e35-90da-7bfd22ba2a17/none_v3" 201 - "PUT http://[::1]:8080/1/84479/AUTH_3c12f327ec924e3c89731d403fb9bd42/gnocchi.d1a943ac-1b5d-4e35-90da-7bfd22ba2a17/none_v3" "tx1f76b7226487427ba45ff-0068e16ad0" "object-server 93717" 0.0023 "-" 93383 0
Oct 04 14:43:28 np0005470878.novalocal object-server[93717]: ::1 - - [04/Oct/2025:18:43:28 +0000] "PUT /1/84479/AUTH_3c12f327ec924e3c89731d403fb9bd42/gnocchi.d1a943ac-1b5d-4e35-90da-7bfd22ba2a17/none_v3" 201 - "PUT https://[::1]:8080/v1/AUTH_3c12f327ec924e3c89731d403fb9bd42/gnocchi.d1a943ac-1b5d-4e35-90da-7bfd22ba2a17/none_v3" "tx1f76b7226487427ba45ff-0068e16ad0" "proxy-server 94717" 0.0221 "-" 93717 0
Oct 04 14:43:28 np0005470878.novalocal proxy-server[94717]: ::1 ::1 04/Oct/2025/18/43/28 PUT /v1/AUTH_3c12f327ec924e3c89731d403fb9bd42/gnocchi.d1a943ac-1b5d-4e35-90da-7bfd22ba2a17/none_v3 HTTP/1.0 201 - python-swiftclient-4.7.0 gAAAAABo4Wq9xl3N... 22 - - tx1f76b7226487427ba45ff-0068e16ad0 - 0.0336 - - 1759603408.202111483 1759603408.235743761 0
Oct 04 14:43:28 np0005470878.novalocal container-server[93384]: ::1 - - [04/Oct/2025:18:43:28 +0000] "HEAD /3/164220/AUTH_3c12f327ec924e3c89731d403fb9bd42/gnocchi.a56ab7cf-f7f6-48b9-a2dd-2dfc247d201e" 404 - "HEAD http://[::1]:8080/v1/AUTH_3c12f327ec924e3c89731d403fb9bd42/gnocchi.a56ab7cf-f7f6-48b9-a2dd-2dfc247d201e" "tx15056a2c0de342d596517-0068e16ad0" "proxy-server 94717" 0.0003 "-" 93384 0
Oct 04 14:43:28 np0005470878.novalocal object-server[93716]: ::1 - - [04/Oct/2025:18:43:28 +0000] "GET /1/52313/AUTH_3c12f327ec924e3c89731d403fb9bd42/gnocchi.fbf0e6ad-dc06-44f3-a368-6bfd91bee89b/1759320000.0_mean_300.0_v3" 404 70 "GET https://[::1]:8080/v1/AUTH_3c12f327ec924e3c89731d403fb9bd42/gnocchi.fbf0e6ad-dc06-44f3-a368-6bfd91bee89b/1759320000.0_mean_300.0_v3" "tx2a7b70cfc2384eca8dbeb-0068e16ad0" "proxy-server 94716" 0.0004 "-" 93716 0
Oct 04 14:43:28 np0005470878.novalocal container-server[93384]: ::1 - - [04/Oct/2025:18:43:28 +0000] "HEAD /2/164220/AUTH_3c12f327ec924e3c89731d403fb9bd42/gnocchi.a56ab7cf-f7f6-48b9-a2dd-2dfc247d201e" 404 - "HEAD http://[::1]:8080/v1/AUTH_3c12f327ec924e3c89731d403fb9bd42/gnocchi.a56ab7cf-f7f6-48b9-a2dd-2dfc247d201e" "tx15056a2c0de342d596517-0068e16ad0" "proxy-server 94717" 0.0006 "-" 93384 0
Oct 04 14:43:28 np0005470878.novalocal container-server[93384]: ::1 - - [04/Oct/2025:18:43:28 +0000] "HEAD /1/164220/AUTH_3c12f327ec924e3c89731d403fb9bd42/gnocchi.a56ab7cf-f7f6-48b9-a2dd-2dfc247d201e" 404 - "HEAD http://[::1]:8080/v1/AUTH_3c12f327ec924e3c89731d403fb9bd42/gnocchi.a56ab7cf-f7f6-48b9-a2dd-2dfc247d201e" "tx15056a2c0de342d596517-0068e16ad0" "proxy-server 94717" 0.0002 "-" 93384 0
Oct 04 14:43:28 np0005470878.novalocal proxy-server[94717]: - - 04/Oct/2025/18/43/28 HEAD /v1/AUTH_3c12f327ec924e3c89731d403fb9bd42/gnocchi.a56ab7cf-f7f6-48b9-a2dd-2dfc247d201e HTTP/1.0 404 - Swift - - - - tx15056a2c0de342d596517-0068e16ad0 - 0.0156 CS - 1759603408.264054298 1759603408.279659748 0
Oct 04 14:43:28 np0005470878.novalocal object-server[93716]: ::1 - - [04/Oct/2025:18:43:28 +0000] "GET /2/52313/AUTH_3c12f327ec924e3c89731d403fb9bd42/gnocchi.fbf0e6ad-dc06-44f3-a368-6bfd91bee89b/1759320000.0_mean_300.0_v3" 404 70 "GET https://[::1]:8080/v1/AUTH_3c12f327ec924e3c89731d403fb9bd42/gnocchi.fbf0e6ad-dc06-44f3-a368-6bfd91bee89b/1759320000.0_mean_300.0_v3" "tx2a7b70cfc2384eca8dbeb-0068e16ad0" "proxy-server 94716" 0.0004 "-" 93716 0
Oct 04 14:43:28 np0005470878.novalocal object-server[93717]: ::1 - - [04/Oct/2025:18:43:28 +0000] "GET /3/52313/AUTH_3c12f327ec924e3c89731d403fb9bd42/gnocchi.fbf0e6ad-dc06-44f3-a368-6bfd91bee89b/1759320000.0_mean_300.0_v3" 404 70 "GET https://[::1]:8080/v1/AUTH_3c12f327ec924e3c89731d403fb9bd42/gnocchi.fbf0e6ad-dc06-44f3-a368-6bfd91bee89b/1759320000.0_mean_300.0_v3" "tx2a7b70cfc2384eca8dbeb-0068e16ad0" "proxy-server 94716" 0.0003 "-" 93717 0
Oct 04 14:43:28 np0005470878.novalocal proxy-server[94716]: ::1 ::1 04/Oct/2025/18/43/28 GET /v1/AUTH_3c12f327ec924e3c89731d403fb9bd42/gnocchi.fbf0e6ad-dc06-44f3-a368-6bfd91bee89b/1759320000.0_mean_300.0_v3 HTTP/1.0 404 - python-swiftclient-4.7.0 gAAAAABo4WrHdnea... - 70 - tx2a7b70cfc2384eca8dbeb-0068e16ad0 - 0.0555 - - 1759603408.233394623 1759603408.288913012 0
Oct 04 14:43:28 np0005470878.novalocal object-server[93716]: ::1 - - [04/Oct/2025:18:43:28 +0000] "GET /3/166771/AUTH_3c12f327ec924e3c89731d403fb9bd42/gnocchi.a56ab7cf-f7f6-48b9-a2dd-2dfc247d201e/none_v3" 404 70 "GET https://[::1]:8080/v1/AUTH_3c12f327ec924e3c89731d403fb9bd42/gnocchi.a56ab7cf-f7f6-48b9-a2dd-2dfc247d201e/none_v3" "tx15056a2c0de342d596517-0068e16ad0" "proxy-server 94717" 0.0005 "-" 93716 0
Oct 04 14:43:28 np0005470878.novalocal object-server[93716]: ::1 - - [04/Oct/2025:18:43:28 +0000] "GET /2/166771/AUTH_3c12f327ec924e3c89731d403fb9bd42/gnocchi.a56ab7cf-f7f6-48b9-a2dd-2dfc247d201e/none_v3" 404 70 "GET https://[::1]:8080/v1/AUTH_3c12f327ec924e3c89731d403fb9bd42/gnocchi.a56ab7cf-f7f6-48b9-a2dd-2dfc247d201e/none_v3" "tx15056a2c0de342d596517-0068e16ad0" "proxy-server 94717" 0.0003 "-" 93716 0
Oct 04 14:43:28 np0005470878.novalocal object-server[93717]: ::1 - - [04/Oct/2025:18:43:28 +0000] "GET /1/166771/AUTH_3c12f327ec924e3c89731d403fb9bd42/gnocchi.a56ab7cf-f7f6-48b9-a2dd-2dfc247d201e/none_v3" 404 70 "GET https://[::1]:8080/v1/AUTH_3c12f327ec924e3c89731d403fb9bd42/gnocchi.a56ab7cf-f7f6-48b9-a2dd-2dfc247d201e/none_v3" "tx15056a2c0de342d596517-0068e16ad0" "proxy-server 94717" 0.0002 "-" 93717 0
Oct 04 14:43:28 np0005470878.novalocal proxy-server[94717]: ::1 ::1 04/Oct/2025/18/43/28 GET /v1/AUTH_3c12f327ec924e3c89731d403fb9bd42/gnocchi.a56ab7cf-f7f6-48b9-a2dd-2dfc247d201e/none_v3 HTTP/1.0 404 - python-swiftclient-4.7.0 gAAAAABo4Wq9xl3N... - 70 - tx15056a2c0de342d596517-0068e16ad0 - 0.0381 - - 1759603408.262680769 1759603408.300732374 0
Oct 04 14:43:28 np0005470878.novalocal container-server[93383]: ::1 - - [04/Oct/2025:18:43:28 +0000] "PUT /1/146357/AUTH_3c12f327ec924e3c89731d403fb9bd42/gnocchi.fbf0e6ad-dc06-44f3-a368-6bfd91bee89b/1759320000.0_mean_300.0_v3" 201 - "PUT http://[::1]:8080/1/52313/AUTH_3c12f327ec924e3c89731d403fb9bd42/gnocchi.fbf0e6ad-dc06-44f3-a368-6bfd91bee89b/1759320000.0_mean_300.0_v3" "tx1cf9226077b14ed6ab6dc-0068e16ad0" "object-server 93717" 0.0008 "-" 93383 0
Oct 04 14:43:28 np0005470878.novalocal object-server[93717]: ::1 - - [04/Oct/2025:18:43:28 +0000] "PUT /1/52313/AUTH_3c12f327ec924e3c89731d403fb9bd42/gnocchi.fbf0e6ad-dc06-44f3-a368-6bfd91bee89b/1759320000.0_mean_300.0_v3" 201 - "PUT https://[::1]:8080/v1/AUTH_3c12f327ec924e3c89731d403fb9bd42/gnocchi.fbf0e6ad-dc06-44f3-a368-6bfd91bee89b/1759320000.0_mean_300.0_v3" "tx1cf9226077b14ed6ab6dc-0068e16ad0" "proxy-server 94716" 0.0133 "-" 93717 0
Oct 04 14:43:28 np0005470878.novalocal container-server[93383]: ::1 - - [04/Oct/2025:18:43:28 +0000] "PUT /3/146357/AUTH_3c12f327ec924e3c89731d403fb9bd42/gnocchi.fbf0e6ad-dc06-44f3-a368-6bfd91bee89b/1759320000.0_mean_300.0_v3" 201 - "PUT http://[::1]:8080/3/52313/AUTH_3c12f327ec924e3c89731d403fb9bd42/gnocchi.fbf0e6ad-dc06-44f3-a368-6bfd91bee89b/1759320000.0_mean_300.0_v3" "tx1cf9226077b14ed6ab6dc-0068e16ad0" "object-server 93716" 0.0010 "-" 93383 0
Oct 04 14:43:28 np0005470878.novalocal object-server[93716]: ::1 - - [04/Oct/2025:18:43:28 +0000] "PUT /3/52313/AUTH_3c12f327ec924e3c89731d403fb9bd42/gnocchi.fbf0e6ad-dc06-44f3-a368-6bfd91bee89b/1759320000.0_mean_300.0_v3" 201 - "PUT https://[::1]:8080/v1/AUTH_3c12f327ec924e3c89731d403fb9bd42/gnocchi.fbf0e6ad-dc06-44f3-a368-6bfd91bee89b/1759320000.0_mean_300.0_v3" "tx1cf9226077b14ed6ab6dc-0068e16ad0" "proxy-server 94716" 0.0150 "-" 93716 0
Oct 04 14:43:28 np0005470878.novalocal container-server[93384]: ::1 - - [04/Oct/2025:18:43:28 +0000] "PUT /2/146357/AUTH_3c12f327ec924e3c89731d403fb9bd42/gnocchi.fbf0e6ad-dc06-44f3-a368-6bfd91bee89b/1759320000.0_mean_300.0_v3" 201 - "PUT http://[::1]:8080/2/52313/AUTH_3c12f327ec924e3c89731d403fb9bd42/gnocchi.fbf0e6ad-dc06-44f3-a368-6bfd91bee89b/1759320000.0_mean_300.0_v3" "tx1cf9226077b14ed6ab6dc-0068e16ad0" "object-server 93717" 0.0017 "-" 93384 0
Oct 04 14:43:28 np0005470878.novalocal object-server[93717]: ::1 - - [04/Oct/2025:18:43:28 +0000] "PUT /2/52313/AUTH_3c12f327ec924e3c89731d403fb9bd42/gnocchi.fbf0e6ad-dc06-44f3-a368-6bfd91bee89b/1759320000.0_mean_300.0_v3" 201 - "PUT https://[::1]:8080/v1/AUTH_3c12f327ec924e3c89731d403fb9bd42/gnocchi.fbf0e6ad-dc06-44f3-a368-6bfd91bee89b/1759320000.0_mean_300.0_v3" "tx1cf9226077b14ed6ab6dc-0068e16ad0" "proxy-server 94716" 0.0209 "-" 93717 0
Oct 04 14:43:28 np0005470878.novalocal proxy-server[94716]: ::1 ::1 04/Oct/2025/18/43/28 PUT /v1/AUTH_3c12f327ec924e3c89731d403fb9bd42/gnocchi.fbf0e6ad-dc06-44f3-a368-6bfd91bee89b/1759320000.0_mean_300.0_v3 HTTP/1.0 201 - python-swiftclient-4.7.0 gAAAAABo4WrHdnea... 16 - - tx1cf9226077b14ed6ab6dc-0068e16ad0 - 0.0289 - - 1759603408.294203281 1759603408.323127031 0
Oct 04 14:43:28 np0005470878.novalocal account-server[93089]: ::1 - - [04/Oct/2025:18:43:28 +0000] "PUT /2/140569/AUTH_3c12f327ec924e3c89731d403fb9bd42/gnocchi.a56ab7cf-f7f6-48b9-a2dd-2dfc247d201e" 201 - "PUT http://[::1]:6001/3/164220/AUTH_3c12f327ec924e3c89731d403fb9bd42/gnocchi.a56ab7cf-f7f6-48b9-a2dd-2dfc247d201e" "txc47e23a003f645d98f379-0068e16ad0" "container-server 93383" 0.0053 "-" 93089 0
Oct 04 14:43:28 np0005470878.novalocal container-server[93383]: ::1 - - [04/Oct/2025:18:43:28 +0000] "PUT /3/164220/AUTH_3c12f327ec924e3c89731d403fb9bd42/gnocchi.a56ab7cf-f7f6-48b9-a2dd-2dfc247d201e" 201 - "PUT https://[::1]:8080/v1/AUTH_3c12f327ec924e3c89731d403fb9bd42/gnocchi.a56ab7cf-f7f6-48b9-a2dd-2dfc247d201e" "txc47e23a003f645d98f379-0068e16ad0" "proxy-server 94717" 0.0189 "-" 93383 0
Oct 04 14:43:28 np0005470878.novalocal account-server[93089]: ::1 - - [04/Oct/2025:18:43:28 +0000] "PUT /3/140569/AUTH_3c12f327ec924e3c89731d403fb9bd42/gnocchi.a56ab7cf-f7f6-48b9-a2dd-2dfc247d201e" 201 - "PUT http://[::1]:6001/1/164220/AUTH_3c12f327ec924e3c89731d403fb9bd42/gnocchi.a56ab7cf-f7f6-48b9-a2dd-2dfc247d201e" "txc47e23a003f645d98f379-0068e16ad0" "container-server 93383" 0.0048 "-" 93089 0
Oct 04 14:43:28 np0005470878.novalocal container-server[93383]: ::1 - - [04/Oct/2025:18:43:28 +0000] "PUT /1/164220/AUTH_3c12f327ec924e3c89731d403fb9bd42/gnocchi.a56ab7cf-f7f6-48b9-a2dd-2dfc247d201e" 201 - "PUT https://[::1]:8080/v1/AUTH_3c12f327ec924e3c89731d403fb9bd42/gnocchi.a56ab7cf-f7f6-48b9-a2dd-2dfc247d201e" "txc47e23a003f645d98f379-0068e16ad0" "proxy-server 94717" 0.0165 "-" 93383 0
Oct 04 14:43:28 np0005470878.novalocal container-server[93383]: ::1 - - [04/Oct/2025:18:43:28 +0000] "PUT /3/146357/AUTH_3c12f327ec924e3c89731d403fb9bd42/gnocchi.fbf0e6ad-dc06-44f3-a368-6bfd91bee89b/none_v3" 201 - "PUT http://[::1]:8080/1/189854/AUTH_3c12f327ec924e3c89731d403fb9bd42/gnocchi.fbf0e6ad-dc06-44f3-a368-6bfd91bee89b/none_v3" "txbada8ed0f8934dbc9ddde-0068e16ad0" "object-server 93717" 0.0005 "-" 93383 0
Oct 04 14:43:28 np0005470878.novalocal object-server[93717]: ::1 - - [04/Oct/2025:18:43:28 +0000] "PUT /1/189854/AUTH_3c12f327ec924e3c89731d403fb9bd42/gnocchi.fbf0e6ad-dc06-44f3-a368-6bfd91bee89b/none_v3" 201 - "PUT https://[::1]:8080/v1/AUTH_3c12f327ec924e3c89731d403fb9bd42/gnocchi.fbf0e6ad-dc06-44f3-a368-6bfd91bee89b/none_v3" "txbada8ed0f8934dbc9ddde-0068e16ad0" "proxy-server 94716" 0.0090 "-" 93717 0
Oct 04 14:43:28 np0005470878.novalocal container-server[93383]: ::1 - - [04/Oct/2025:18:43:28 +0000] "PUT /1/146357/AUTH_3c12f327ec924e3c89731d403fb9bd42/gnocchi.fbf0e6ad-dc06-44f3-a368-6bfd91bee89b/none_v3" 201 - "PUT http://[::1]:8080/3/189854/AUTH_3c12f327ec924e3c89731d403fb9bd42/gnocchi.fbf0e6ad-dc06-44f3-a368-6bfd91bee89b/none_v3" "txbada8ed0f8934dbc9ddde-0068e16ad0" "object-server 93716" 0.0004 "-" 93383 0
Oct 04 14:43:28 np0005470878.novalocal account-server[93089]: ::1 - - [04/Oct/2025:18:43:28 +0000] "PUT /1/140569/AUTH_3c12f327ec924e3c89731d403fb9bd42/gnocchi.a56ab7cf-f7f6-48b9-a2dd-2dfc247d201e" 201 - "PUT http://[::1]:6001/2/164220/AUTH_3c12f327ec924e3c89731d403fb9bd42/gnocchi.a56ab7cf-f7f6-48b9-a2dd-2dfc247d201e" "txc47e23a003f645d98f379-0068e16ad0" "container-server 93384" 0.0052 "-" 93089 0
Oct 04 14:43:28 np0005470878.novalocal object-server[93716]: ::1 - - [04/Oct/2025:18:43:28 +0000] "PUT /3/189854/AUTH_3c12f327ec924e3c89731d403fb9bd42/gnocchi.fbf0e6ad-dc06-44f3-a368-6bfd91bee89b/none_v3" 201 - "PUT https://[::1]:8080/v1/AUTH_3c12f327ec924e3c89731d403fb9bd42/gnocchi.fbf0e6ad-dc06-44f3-a368-6bfd91bee89b/none_v3" "txbada8ed0f8934dbc9ddde-0068e16ad0" "proxy-server 94716" 0.0156 "-" 93716 0
Oct 04 14:43:28 np0005470878.novalocal container-server[93384]: ::1 - - [04/Oct/2025:18:43:28 +0000] "PUT /2/146357/AUTH_3c12f327ec924e3c89731d403fb9bd42/gnocchi.fbf0e6ad-dc06-44f3-a368-6bfd91bee89b/none_v3" 201 - "PUT http://[::1]:8080/2/189854/AUTH_3c12f327ec924e3c89731d403fb9bd42/gnocchi.fbf0e6ad-dc06-44f3-a368-6bfd91bee89b/none_v3" "txbada8ed0f8934dbc9ddde-0068e16ad0" "object-server 93716" 0.0006 "-" 93384 0
Oct 04 14:43:28 np0005470878.novalocal object-server[93716]: ::1 - - [04/Oct/2025:18:43:28 +0000] "PUT /2/189854/AUTH_3c12f327ec924e3c89731d403fb9bd42/gnocchi.fbf0e6ad-dc06-44f3-a368-6bfd91bee89b/none_v3" 201 - "PUT https://[::1]:8080/v1/AUTH_3c12f327ec924e3c89731d403fb9bd42/gnocchi.fbf0e6ad-dc06-44f3-a368-6bfd91bee89b/none_v3" "txbada8ed0f8934dbc9ddde-0068e16ad0" "proxy-server 94716" 0.0153 "-" 93716 0
Oct 04 14:43:28 np0005470878.novalocal container-server[93384]: ::1 - - [04/Oct/2025:18:43:28 +0000] "PUT /2/164220/AUTH_3c12f327ec924e3c89731d403fb9bd42/gnocchi.a56ab7cf-f7f6-48b9-a2dd-2dfc247d201e" 201 - "PUT https://[::1]:8080/v1/AUTH_3c12f327ec924e3c89731d403fb9bd42/gnocchi.a56ab7cf-f7f6-48b9-a2dd-2dfc247d201e" "txc47e23a003f645d98f379-0068e16ad0" "proxy-server 94717" 0.0288 "-" 93384 0
Oct 04 14:43:28 np0005470878.novalocal proxy-server[94716]: ::1 ::1 04/Oct/2025/18/43/28 PUT /v1/AUTH_3c12f327ec924e3c89731d403fb9bd42/gnocchi.fbf0e6ad-dc06-44f3-a368-6bfd91bee89b/none_v3 HTTP/1.0 201 - python-swiftclient-4.7.0 gAAAAABo4WrHdnea... 22 - - txbada8ed0f8934dbc9ddde-0068e16ad0 - 0.0263 - - 1759603408.327247381 1759603408.353597164 0
Oct 04 14:43:28 np0005470878.novalocal proxy-server[94717]: ::1 ::1 04/Oct/2025/18/43/28 PUT /v1/AUTH_3c12f327ec924e3c89731d403fb9bd42/gnocchi.a56ab7cf-f7f6-48b9-a2dd-2dfc247d201e HTTP/1.0 201 - python-swiftclient-4.7.0 gAAAAABo4Wq9xl3N... - - - txc47e23a003f645d98f379-0068e16ad0 - 0.0645 - - 1759603408.303902626 1759603408.368435144 0
Oct 04 14:43:28 np0005470878.novalocal container-server[93383]: ::1 - - [04/Oct/2025:18:43:28 +0000] "HEAD /3/164220/AUTH_3c12f327ec924e3c89731d403fb9bd42/gnocchi.a56ab7cf-f7f6-48b9-a2dd-2dfc247d201e" 204 - "HEAD http://[::1]:8080/v1/AUTH_3c12f327ec924e3c89731d403fb9bd42/gnocchi.a56ab7cf-f7f6-48b9-a2dd-2dfc247d201e" "txbaf2d7a6093747a6b8f76-0068e16ad0" "proxy-server 94717" 0.0015 "-" 93383 0
Oct 04 14:43:28 np0005470878.novalocal proxy-server[94717]: - - 04/Oct/2025/18/43/28 HEAD /v1/AUTH_3c12f327ec924e3c89731d403fb9bd42/gnocchi.a56ab7cf-f7f6-48b9-a2dd-2dfc247d201e HTTP/1.0 204 - Swift - - - - txbaf2d7a6093747a6b8f76-0068e16ad0 - 0.0059 CS - 1759603408.373371601 1759603408.379226208 0
Oct 04 14:43:28 np0005470878.novalocal container-server[93384]: ::1 - - [04/Oct/2025:18:43:28 +0000] "GET /2/164220/AUTH_3c12f327ec924e3c89731d403fb9bd42/gnocchi.a56ab7cf-f7f6-48b9-a2dd-2dfc247d201e" 200 2 "GET https://[::1]:8080/v1/AUTH_3c12f327ec924e3c89731d403fb9bd42/gnocchi.a56ab7cf-f7f6-48b9-a2dd-2dfc247d201e?format=json&states=listing" "txbaf2d7a6093747a6b8f76-0068e16ad0" "proxy-server 94717" 0.0032 "-" 93384 0
Oct 04 14:43:28 np0005470878.novalocal proxy-server[94717]: ::1 ::1 04/Oct/2025/18/43/28 GET /v1/AUTH_3c12f327ec924e3c89731d403fb9bd42/gnocchi.a56ab7cf-f7f6-48b9-a2dd-2dfc247d201e%3Fformat%3Djson%26states%3Dlisting HTTP/1.0 200 - python-swiftclient-4.7.0 gAAAAABo4Wq9xl3N... - 2 - txbaf2d7a6093747a6b8f76-0068e16ad0 - 0.0162 - - 1759603408.372579575 1759603408.388769865 0
Oct 04 14:43:28 np0005470878.novalocal object-server[93717]: ::1 - - [04/Oct/2025:18:43:28 +0000] "GET /2/178679/AUTH_3c12f327ec924e3c89731d403fb9bd42/gnocchi.a56ab7cf-f7f6-48b9-a2dd-2dfc247d201e/1759320000.0_mean_300.0_v3" 404 70 "GET https://[::1]:8080/v1/AUTH_3c12f327ec924e3c89731d403fb9bd42/gnocchi.a56ab7cf-f7f6-48b9-a2dd-2dfc247d201e/1759320000.0_mean_300.0_v3" "tx9e1bb9f9bf584f8b9880f-0068e16ad0" "proxy-server 94717" 0.0003 "-" 93717 0
Oct 04 14:43:28 np0005470878.novalocal object-server[93717]: ::1 - - [04/Oct/2025:18:43:28 +0000] "GET /1/178679/AUTH_3c12f327ec924e3c89731d403fb9bd42/gnocchi.a56ab7cf-f7f6-48b9-a2dd-2dfc247d201e/1759320000.0_mean_300.0_v3" 404 70 "GET https://[::1]:8080/v1/AUTH_3c12f327ec924e3c89731d403fb9bd42/gnocchi.a56ab7cf-f7f6-48b9-a2dd-2dfc247d201e/1759320000.0_mean_300.0_v3" "tx9e1bb9f9bf584f8b9880f-0068e16ad0" "proxy-server 94717" 0.0004 "-" 93717 0
Oct 04 14:43:28 np0005470878.novalocal object-server[93717]: ::1 - - [04/Oct/2025:18:43:28 +0000] "GET /3/178679/AUTH_3c12f327ec924e3c89731d403fb9bd42/gnocchi.a56ab7cf-f7f6-48b9-a2dd-2dfc247d201e/1759320000.0_mean_300.0_v3" 404 70 "GET https://[::1]:8080/v1/AUTH_3c12f327ec924e3c89731d403fb9bd42/gnocchi.a56ab7cf-f7f6-48b9-a2dd-2dfc247d201e/1759320000.0_mean_300.0_v3" "tx9e1bb9f9bf584f8b9880f-0068e16ad0" "proxy-server 94717" 0.0004 "-" 93717 0
Oct 04 14:43:28 np0005470878.novalocal container-server[93383]: ::1 - - [04/Oct/2025:18:43:28 +0000] "HEAD /1/197120/AUTH_3c12f327ec924e3c89731d403fb9bd42/gnocchi.9b5768db-1024-40e8-80be-114928977fbd" 404 - "HEAD http://[::1]:8080/v1/AUTH_3c12f327ec924e3c89731d403fb9bd42/gnocchi.9b5768db-1024-40e8-80be-114928977fbd" "txc709b2b64eea4a8591354-0068e16ad0" "proxy-server 94716" 0.0003 "-" 93383 0
Oct 04 14:43:28 np0005470878.novalocal proxy-server[94717]: ::1 ::1 04/Oct/2025/18/43/28 GET /v1/AUTH_3c12f327ec924e3c89731d403fb9bd42/gnocchi.a56ab7cf-f7f6-48b9-a2dd-2dfc247d201e/1759320000.0_mean_300.0_v3 HTTP/1.0 404 - python-swiftclient-4.7.0 gAAAAABo4Wq9xl3N... - 70 - tx9e1bb9f9bf584f8b9880f-0068e16ad0 - 0.0156 - - 1759603408.392199278 1759603408.407832861 0
Oct 04 14:43:28 np0005470878.novalocal container-server[93383]: ::1 - - [04/Oct/2025:18:43:28 +0000] "HEAD /2/197120/AUTH_3c12f327ec924e3c89731d403fb9bd42/gnocchi.9b5768db-1024-40e8-80be-114928977fbd" 404 - "HEAD http://[::1]:8080/v1/AUTH_3c12f327ec924e3c89731d403fb9bd42/gnocchi.9b5768db-1024-40e8-80be-114928977fbd" "txc709b2b64eea4a8591354-0068e16ad0" "proxy-server 94716" 0.0001 "-" 93383 0
Oct 04 14:43:28 np0005470878.novalocal container-server[93384]: ::1 - - [04/Oct/2025:18:43:28 +0000] "HEAD /3/197120/AUTH_3c12f327ec924e3c89731d403fb9bd42/gnocchi.9b5768db-1024-40e8-80be-114928977fbd" 404 - "HEAD http://[::1]:8080/v1/AUTH_3c12f327ec924e3c89731d403fb9bd42/gnocchi.9b5768db-1024-40e8-80be-114928977fbd" "txc709b2b64eea4a8591354-0068e16ad0" "proxy-server 94716" 0.0003 "-" 93384 0
Oct 04 14:43:28 np0005470878.novalocal proxy-server[94716]: - - 04/Oct/2025/18/43/28 HEAD /v1/AUTH_3c12f327ec924e3c89731d403fb9bd42/gnocchi.9b5768db-1024-40e8-80be-114928977fbd HTTP/1.0 404 - Swift - - - - txc709b2b64eea4a8591354-0068e16ad0 - 0.0157 CS - 1759603408.400558233 1759603408.416264772 0
Oct 04 14:43:28 np0005470878.novalocal object-server[93717]: ::1 - - [04/Oct/2025:18:43:28 +0000] "GET /3/214242/AUTH_3c12f327ec924e3c89731d403fb9bd42/gnocchi.9b5768db-1024-40e8-80be-114928977fbd/none_v3" 404 70 "GET https://[::1]:8080/v1/AUTH_3c12f327ec924e3c89731d403fb9bd42/gnocchi.9b5768db-1024-40e8-80be-114928977fbd/none_v3" "txc709b2b64eea4a8591354-0068e16ad0" "proxy-server 94716" 0.0002 "-" 93717 0
Oct 04 14:43:28 np0005470878.novalocal object-server[93716]: ::1 - - [04/Oct/2025:18:43:28 +0000] "GET /2/214242/AUTH_3c12f327ec924e3c89731d403fb9bd42/gnocchi.9b5768db-1024-40e8-80be-114928977fbd/none_v3" 404 70 "GET https://[::1]:8080/v1/AUTH_3c12f327ec924e3c89731d403fb9bd42/gnocchi.9b5768db-1024-40e8-80be-114928977fbd/none_v3" "txc709b2b64eea4a8591354-0068e16ad0" "proxy-server 94716" 0.0004 "-" 93716 0
Oct 04 14:43:28 np0005470878.novalocal container-server[93383]: ::1 - - [04/Oct/2025:18:43:28 +0000] "PUT /3/164220/AUTH_3c12f327ec924e3c89731d403fb9bd42/gnocchi.a56ab7cf-f7f6-48b9-a2dd-2dfc247d201e/1759320000.0_mean_300.0_v3" 201 - "PUT http://[::1]:8080/2/178679/AUTH_3c12f327ec924e3c89731d403fb9bd42/gnocchi.a56ab7cf-f7f6-48b9-a2dd-2dfc247d201e/1759320000.0_mean_300.0_v3" "txc6e56eea673f4dab8d09a-0068e16ad0" "object-server 93717" 0.0004 "-" 93383 0
Oct 04 14:43:28 np0005470878.novalocal object-server[93717]: ::1 - - [04/Oct/2025:18:43:28 +0000] "PUT /2/178679/AUTH_3c12f327ec924e3c89731d403fb9bd42/gnocchi.a56ab7cf-f7f6-48b9-a2dd-2dfc247d201e/1759320000.0_mean_300.0_v3" 201 - "PUT https://[::1]:8080/v1/AUTH_3c12f327ec924e3c89731d403fb9bd42/gnocchi.a56ab7cf-f7f6-48b9-a2dd-2dfc247d201e/1759320000.0_mean_300.0_v3" "txc6e56eea673f4dab8d09a-0068e16ad0" "proxy-server 94717" 0.0099 "-" 93717 0
Oct 04 14:43:28 np0005470878.novalocal container-server[93384]: ::1 - - [04/Oct/2025:18:43:28 +0000] "PUT /1/164220/AUTH_3c12f327ec924e3c89731d403fb9bd42/gnocchi.a56ab7cf-f7f6-48b9-a2dd-2dfc247d201e/1759320000.0_mean_300.0_v3" 201 - "PUT http://[::1]:8080/1/178679/AUTH_3c12f327ec924e3c89731d403fb9bd42/gnocchi.a56ab7cf-f7f6-48b9-a2dd-2dfc247d201e/1759320000.0_mean_300.0_v3" "txc6e56eea673f4dab8d09a-0068e16ad0" "object-server 93717" 0.0008 "-" 93384 0
Oct 04 14:43:28 np0005470878.novalocal container-server[93383]: ::1 - - [04/Oct/2025:18:43:28 +0000] "PUT /2/164220/AUTH_3c12f327ec924e3c89731d403fb9bd42/gnocchi.a56ab7cf-f7f6-48b9-a2dd-2dfc247d201e/1759320000.0_mean_300.0_v3" 201 - "PUT http://[::1]:8080/3/178679/AUTH_3c12f327ec924e3c89731d403fb9bd42/gnocchi.a56ab7cf-f7f6-48b9-a2dd-2dfc247d201e/1759320000.0_mean_300.0_v3" "txc6e56eea673f4dab8d09a-0068e16ad0" "object-server 93717" 0.0003 "-" 93383 0
Oct 04 14:43:28 np0005470878.novalocal object-server[93717]: ::1 - - [04/Oct/2025:18:43:28 +0000] "PUT /1/178679/AUTH_3c12f327ec924e3c89731d403fb9bd42/gnocchi.a56ab7cf-f7f6-48b9-a2dd-2dfc247d201e/1759320000.0_mean_300.0_v3" 201 - "PUT https://[::1]:8080/v1/AUTH_3c12f327ec924e3c89731d403fb9bd42/gnocchi.a56ab7cf-f7f6-48b9-a2dd-2dfc247d201e/1759320000.0_mean_300.0_v3" "txc6e56eea673f4dab8d09a-0068e16ad0" "proxy-server 94717" 0.0137 "-" 93717 0
Oct 04 14:43:28 np0005470878.novalocal object-server[93717]: ::1 - - [04/Oct/2025:18:43:28 +0000] "PUT /3/178679/AUTH_3c12f327ec924e3c89731d403fb9bd42/gnocchi.a56ab7cf-f7f6-48b9-a2dd-2dfc247d201e/1759320000.0_mean_300.0_v3" 201 - "PUT https://[::1]:8080/v1/AUTH_3c12f327ec924e3c89731d403fb9bd42/gnocchi.a56ab7cf-f7f6-48b9-a2dd-2dfc247d201e/1759320000.0_mean_300.0_v3" "txc6e56eea673f4dab8d09a-0068e16ad0" "proxy-server 94717" 0.0131 "-" 93717 0
Oct 04 14:43:28 np0005470878.novalocal proxy-server[94717]: ::1 ::1 04/Oct/2025/18/43/28 PUT /v1/AUTH_3c12f327ec924e3c89731d403fb9bd42/gnocchi.a56ab7cf-f7f6-48b9-a2dd-2dfc247d201e/1759320000.0_mean_300.0_v3 HTTP/1.0 201 - python-swiftclient-4.7.0 gAAAAABo4Wq9xl3N... 16 - - txc6e56eea673f4dab8d09a-0068e16ad0 - 0.0218 - - 1759603408.410939455 1759603408.432727098 0
Oct 04 14:43:28 np0005470878.novalocal object-server[93717]: ::1 - - [04/Oct/2025:18:43:28 +0000] "GET /1/214242/AUTH_3c12f327ec924e3c89731d403fb9bd42/gnocchi.9b5768db-1024-40e8-80be-114928977fbd/none_v3" 404 70 "GET https://[::1]:8080/v1/AUTH_3c12f327ec924e3c89731d403fb9bd42/gnocchi.9b5768db-1024-40e8-80be-114928977fbd/none_v3" "txc709b2b64eea4a8591354-0068e16ad0" "proxy-server 94716" 0.0002 "-" 93717 0
Oct 04 14:43:28 np0005470878.novalocal proxy-server[94716]: ::1 ::1 04/Oct/2025/18/43/28 GET /v1/AUTH_3c12f327ec924e3c89731d403fb9bd42/gnocchi.9b5768db-1024-40e8-80be-114928977fbd/none_v3 HTTP/1.0 404 - python-swiftclient-4.7.0 gAAAAABo4WrHdnea... - 70 - txc709b2b64eea4a8591354-0068e16ad0 - 0.0368 - - 1759603408.399684668 1759603408.436533213 0
Oct 04 14:43:28 np0005470878.novalocal container-server[93383]: ::1 - - [04/Oct/2025:18:43:28 +0000] "PUT /3/164220/AUTH_3c12f327ec924e3c89731d403fb9bd42/gnocchi.a56ab7cf-f7f6-48b9-a2dd-2dfc247d201e/none_v3" 201 - "PUT http://[::1]:8080/1/166771/AUTH_3c12f327ec924e3c89731d403fb9bd42/gnocchi.a56ab7cf-f7f6-48b9-a2dd-2dfc247d201e/none_v3" "tx397a8b68e0514d6492f2c-0068e16ad0" "object-server 93717" 0.0006 "-" 93383 0
Oct 04 14:43:28 np0005470878.novalocal object-server[93717]: ::1 - - [04/Oct/2025:18:43:28 +0000] "PUT /1/166771/AUTH_3c12f327ec924e3c89731d403fb9bd42/gnocchi.a56ab7cf-f7f6-48b9-a2dd-2dfc247d201e/none_v3" 201 - "PUT https://[::1]:8080/v1/AUTH_3c12f327ec924e3c89731d403fb9bd42/gnocchi.a56ab7cf-f7f6-48b9-a2dd-2dfc247d201e/none_v3" "tx397a8b68e0514d6492f2c-0068e16ad0" "proxy-server 94717" 0.0095 "-" 93717 0
Oct 04 14:43:28 np0005470878.novalocal container-server[93383]: ::1 - - [04/Oct/2025:18:43:28 +0000] "PUT /1/164220/AUTH_3c12f327ec924e3c89731d403fb9bd42/gnocchi.a56ab7cf-f7f6-48b9-a2dd-2dfc247d201e/none_v3" 201 - "PUT http://[::1]:8080/2/166771/AUTH_3c12f327ec924e3c89731d403fb9bd42/gnocchi.a56ab7cf-f7f6-48b9-a2dd-2dfc247d201e/none_v3" "tx397a8b68e0514d6492f2c-0068e16ad0" "object-server 93717" 0.0003 "-" 93383 0
Oct 04 14:43:28 np0005470878.novalocal object-server[93717]: ::1 - - [04/Oct/2025:18:43:28 +0000] "PUT /2/166771/AUTH_3c12f327ec924e3c89731d403fb9bd42/gnocchi.a56ab7cf-f7f6-48b9-a2dd-2dfc247d201e/none_v3" 201 - "PUT https://[::1]:8080/v1/AUTH_3c12f327ec924e3c89731d403fb9bd42/gnocchi.a56ab7cf-f7f6-48b9-a2dd-2dfc247d201e/none_v3" "tx397a8b68e0514d6492f2c-0068e16ad0" "proxy-server 94717" 0.0189 "-" 93717 0
Oct 04 14:43:28 np0005470878.novalocal account-server[93089]: ::1 - - [04/Oct/2025:18:43:28 +0000] "PUT /3/140569/AUTH_3c12f327ec924e3c89731d403fb9bd42/gnocchi.9b5768db-1024-40e8-80be-114928977fbd" 201 - "PUT http://[::1]:6001/2/197120/AUTH_3c12f327ec924e3c89731d403fb9bd42/gnocchi.9b5768db-1024-40e8-80be-114928977fbd" "tx8f0d7d45e0904060a029a-0068e16ad0" "container-server 93383" 0.0045 "-" 93089 0
Oct 04 14:43:28 np0005470878.novalocal container-server[93383]: ::1 - - [04/Oct/2025:18:43:28 +0000] "PUT /2/197120/AUTH_3c12f327ec924e3c89731d403fb9bd42/gnocchi.9b5768db-1024-40e8-80be-114928977fbd" 201 - "PUT https://[::1]:8080/v1/AUTH_3c12f327ec924e3c89731d403fb9bd42/gnocchi.9b5768db-1024-40e8-80be-114928977fbd" "tx8f0d7d45e0904060a029a-0068e16ad0" "proxy-server 94716" 0.0158 "-" 93383 0
Oct 04 14:43:28 np0005470878.novalocal container-server[93384]: ::1 - - [04/Oct/2025:18:43:28 +0000] "PUT /2/164220/AUTH_3c12f327ec924e3c89731d403fb9bd42/gnocchi.a56ab7cf-f7f6-48b9-a2dd-2dfc247d201e/none_v3" 201 - "PUT http://[::1]:8080/3/166771/AUTH_3c12f327ec924e3c89731d403fb9bd42/gnocchi.a56ab7cf-f7f6-48b9-a2dd-2dfc247d201e/none_v3" "tx397a8b68e0514d6492f2c-0068e16ad0" "object-server 93716" 0.0005 "-" 93384 0
Oct 04 14:43:28 np0005470878.novalocal object-server[93716]: ::1 - - [04/Oct/2025:18:43:28 +0000] "PUT /3/166771/AUTH_3c12f327ec924e3c89731d403fb9bd42/gnocchi.a56ab7cf-f7f6-48b9-a2dd-2dfc247d201e/none_v3" 201 - "PUT https://[::1]:8080/v1/AUTH_3c12f327ec924e3c89731d403fb9bd42/gnocchi.a56ab7cf-f7f6-48b9-a2dd-2dfc247d201e/none_v3" "tx397a8b68e0514d6492f2c-0068e16ad0" "proxy-server 94717" 0.0305 "-" 93716 0
Oct 04 14:43:28 np0005470878.novalocal proxy-server[94717]: ::1 ::1 04/Oct/2025/18/43/28 PUT /v1/AUTH_3c12f327ec924e3c89731d403fb9bd42/gnocchi.a56ab7cf-f7f6-48b9-a2dd-2dfc247d201e/none_v3 HTTP/1.0 201 - python-swiftclient-4.7.0 gAAAAABo4Wq9xl3N... 22 - - tx397a8b68e0514d6492f2c-0068e16ad0 - 0.0378 - - 1759603408.435999393 1759603408.473774910 0
Oct 04 14:43:28 np0005470878.novalocal account-server[93088]: ::1 - - [04/Oct/2025:18:43:28 +0000] "PUT /2/140569/AUTH_3c12f327ec924e3c89731d403fb9bd42/gnocchi.9b5768db-1024-40e8-80be-114928977fbd" 201 - "PUT http://[::1]:6001/3/197120/AUTH_3c12f327ec924e3c89731d403fb9bd42/gnocchi.9b5768db-1024-40e8-80be-114928977fbd" "tx8f0d7d45e0904060a029a-0068e16ad0" "container-server 93384" 0.0035 "-" 93088 0
Oct 04 14:43:28 np0005470878.novalocal account-server[93089]: ::1 - - [04/Oct/2025:18:43:28 +0000] "PUT /1/140569/AUTH_3c12f327ec924e3c89731d403fb9bd42/gnocchi.9b5768db-1024-40e8-80be-114928977fbd" 201 - "PUT http://[::1]:6001/1/197120/AUTH_3c12f327ec924e3c89731d403fb9bd42/gnocchi.9b5768db-1024-40e8-80be-114928977fbd" "tx8f0d7d45e0904060a029a-0068e16ad0" "container-server 93384" 0.0049 "-" 93089 0
Oct 04 14:43:28 np0005470878.novalocal container-server[93384]: ::1 - - [04/Oct/2025:18:43:28 +0000] "PUT /3/197120/AUTH_3c12f327ec924e3c89731d403fb9bd42/gnocchi.9b5768db-1024-40e8-80be-114928977fbd" 201 - "PUT https://[::1]:8080/v1/AUTH_3c12f327ec924e3c89731d403fb9bd42/gnocchi.9b5768db-1024-40e8-80be-114928977fbd" "tx8f0d7d45e0904060a029a-0068e16ad0" "proxy-server 94716" 0.0320 "-" 93384 0
Oct 04 14:43:28 np0005470878.novalocal container-server[93384]: ::1 - - [04/Oct/2025:18:43:28 +0000] "PUT /1/197120/AUTH_3c12f327ec924e3c89731d403fb9bd42/gnocchi.9b5768db-1024-40e8-80be-114928977fbd" 201 - "PUT https://[::1]:8080/v1/AUTH_3c12f327ec924e3c89731d403fb9bd42/gnocchi.9b5768db-1024-40e8-80be-114928977fbd" "tx8f0d7d45e0904060a029a-0068e16ad0" "proxy-server 94716" 0.0277 "-" 93384 0
Oct 04 14:43:28 np0005470878.novalocal proxy-server[94716]: ::1 ::1 04/Oct/2025/18/43/28 PUT /v1/AUTH_3c12f327ec924e3c89731d403fb9bd42/gnocchi.9b5768db-1024-40e8-80be-114928977fbd HTTP/1.0 201 - python-swiftclient-4.7.0 gAAAAABo4WrHdnea... - - - tx8f0d7d45e0904060a029a-0068e16ad0 - 0.0512 - - 1759603408.440721750 1759603408.491875410 0
Oct 04 14:43:28 np0005470878.novalocal container-server[93383]: ::1 - - [04/Oct/2025:18:43:28 +0000] "HEAD /3/197120/AUTH_3c12f327ec924e3c89731d403fb9bd42/gnocchi.9b5768db-1024-40e8-80be-114928977fbd" 204 - "HEAD http://[::1]:8080/v1/AUTH_3c12f327ec924e3c89731d403fb9bd42/gnocchi.9b5768db-1024-40e8-80be-114928977fbd" "tx97f3672d59e14579acea0-0068e16ad0" "proxy-server 94716" 0.0017 "-" 93383 0
