Oct 04 14:44:15 np0005470878.novalocal container-server[93384]: ::1 - - [04/Oct/2025:18:44:15 +0000] "HEAD /2/112399/AUTH_3c12f327ec924e3c89731d403fb9bd42/gnocchi.ca05f136-41ed-41ad-b6a5-346b6031da79" 404 - "HEAD http://[::1]:8080/v1/AUTH_3c12f327ec924e3c89731d403fb9bd42/gnocchi.ca05f136-41ed-41ad-b6a5-346b6031da79" "tx01ebfcd12a6644518349a-0068e16aff" "proxy-server 94717" 0.0002 "-" 93384 0
Oct 04 14:44:15 np0005470878.novalocal proxy-server[94717]: - - 04/Oct/2025/18/44/15 HEAD /v1/AUTH_3c12f327ec924e3c89731d403fb9bd42/gnocchi.ca05f136-41ed-41ad-b6a5-346b6031da79 HTTP/1.0 404 - Swift - - - - tx01ebfcd12a6644518349a-0068e16aff - 0.0135 CS - 1759603455.424236298 1759603455.437730312 0
Oct 04 14:44:15 np0005470878.novalocal object-server[93716]: ::1 - - [04/Oct/2025:18:44:15 +0000] "GET /2/191216/AUTH_3c12f327ec924e3c89731d403fb9bd42/gnocchi.ca05f136-41ed-41ad-b6a5-346b6031da79/none_v3" 404 70 "GET https://[::1]:8080/v1/AUTH_3c12f327ec924e3c89731d403fb9bd42/gnocchi.ca05f136-41ed-41ad-b6a5-346b6031da79/none_v3" "tx01ebfcd12a6644518349a-0068e16aff" "proxy-server 94717" 0.0004 "-" 93716 0
Oct 04 14:44:15 np0005470878.novalocal object-server[93717]: ::1 - - [04/Oct/2025:18:44:15 +0000] "GET /3/191216/AUTH_3c12f327ec924e3c89731d403fb9bd42/gnocchi.ca05f136-41ed-41ad-b6a5-346b6031da79/none_v3" 404 70 "GET https://[::1]:8080/v1/AUTH_3c12f327ec924e3c89731d403fb9bd42/gnocchi.ca05f136-41ed-41ad-b6a5-346b6031da79/none_v3" "tx01ebfcd12a6644518349a-0068e16aff" "proxy-server 94717" 0.0002 "-" 93717 0
Oct 04 14:44:15 np0005470878.novalocal container-server[93383]: ::1 - - [04/Oct/2025:18:44:15 +0000] "PUT /1/122886/AUTH_3c12f327ec924e3c89731d403fb9bd42/gnocchi.5905eab7-2283-4df9-baed-2412cce504f4/1759320000.0_mean_300.0_v3" 201 - "PUT http://[::1]:8080/1/91141/AUTH_3c12f327ec924e3c89731d403fb9bd42/gnocchi.5905eab7-2283-4df9-baed-2412cce504f4/1759320000.0_mean_300.0_v3" "tx9b4425112dbb47baba66c-0068e16aff" "object-server 93717" 0.0011 "-" 93383 0
Oct 04 14:44:15 np0005470878.novalocal object-server[93717]: ::1 - - [04/Oct/2025:18:44:15 +0000] "GET /1/191216/AUTH_3c12f327ec924e3c89731d403fb9bd42/gnocchi.ca05f136-41ed-41ad-b6a5-346b6031da79/none_v3" 404 70 "GET https://[::1]:8080/v1/AUTH_3c12f327ec924e3c89731d403fb9bd42/gnocchi.ca05f136-41ed-41ad-b6a5-346b6031da79/none_v3" "tx01ebfcd12a6644518349a-0068e16aff" "proxy-server 94717" 0.0002 "-" 93717 0
Oct 04 14:44:15 np0005470878.novalocal object-server[93717]: ::1 - - [04/Oct/2025:18:44:15 +0000] "PUT /1/91141/AUTH_3c12f327ec924e3c89731d403fb9bd42/gnocchi.5905eab7-2283-4df9-baed-2412cce504f4/1759320000.0_mean_300.0_v3" 201 - "PUT https://[::1]:8080/v1/AUTH_3c12f327ec924e3c89731d403fb9bd42/gnocchi.5905eab7-2283-4df9-baed-2412cce504f4/1759320000.0_mean_300.0_v3" "tx9b4425112dbb47baba66c-0068e16aff" "proxy-server 94716" 0.0164 "-" 93717 0
Oct 04 14:44:15 np0005470878.novalocal container-server[93384]: ::1 - - [04/Oct/2025:18:44:15 +0000] "PUT /2/122886/AUTH_3c12f327ec924e3c89731d403fb9bd42/gnocchi.5905eab7-2283-4df9-baed-2412cce504f4/1759320000.0_mean_300.0_v3" 201 - "PUT http://[::1]:8080/3/91141/AUTH_3c12f327ec924e3c89731d403fb9bd42/gnocchi.5905eab7-2283-4df9-baed-2412cce504f4/1759320000.0_mean_300.0_v3" "tx9b4425112dbb47baba66c-0068e16aff" "object-server 93716" 0.0005 "-" 93384 0
Oct 04 14:44:15 np0005470878.novalocal container-server[93384]: ::1 - - [04/Oct/2025:18:44:15 +0000] "PUT /3/122886/AUTH_3c12f327ec924e3c89731d403fb9bd42/gnocchi.5905eab7-2283-4df9-baed-2412cce504f4/1759320000.0_mean_300.0_v3" 201 - "PUT http://[::1]:8080/2/91141/AUTH_3c12f327ec924e3c89731d403fb9bd42/gnocchi.5905eab7-2283-4df9-baed-2412cce504f4/1759320000.0_mean_300.0_v3" "tx9b4425112dbb47baba66c-0068e16aff" "object-server 93716" 0.0003 "-" 93384 0
Oct 04 14:44:15 np0005470878.novalocal proxy-server[94717]: ::1 ::1 04/Oct/2025/18/44/15 GET /v1/AUTH_3c12f327ec924e3c89731d403fb9bd42/gnocchi.ca05f136-41ed-41ad-b6a5-346b6031da79/none_v3 HTTP/1.0 404 - python-swiftclient-4.7.0 gAAAAABo4Wq9xl3N... - 70 - tx01ebfcd12a6644518349a-0068e16aff - 0.0365 - - 1759603455.423228502 1759603455.459722757 0
Oct 04 14:44:15 np0005470878.novalocal object-server[93716]: ::1 - - [04/Oct/2025:18:44:15 +0000] "PUT /3/91141/AUTH_3c12f327ec924e3c89731d403fb9bd42/gnocchi.5905eab7-2283-4df9-baed-2412cce504f4/1759320000.0_mean_300.0_v3" 201 - "PUT https://[::1]:8080/v1/AUTH_3c12f327ec924e3c89731d403fb9bd42/gnocchi.5905eab7-2283-4df9-baed-2412cce504f4/1759320000.0_mean_300.0_v3" "tx9b4425112dbb47baba66c-0068e16aff" "proxy-server 94716" 0.0176 "-" 93716 0
Oct 04 14:44:15 np0005470878.novalocal object-server[93716]: ::1 - - [04/Oct/2025:18:44:15 +0000] "PUT /2/91141/AUTH_3c12f327ec924e3c89731d403fb9bd42/gnocchi.5905eab7-2283-4df9-baed-2412cce504f4/1759320000.0_mean_300.0_v3" 201 - "PUT https://[::1]:8080/v1/AUTH_3c12f327ec924e3c89731d403fb9bd42/gnocchi.5905eab7-2283-4df9-baed-2412cce504f4/1759320000.0_mean_300.0_v3" "tx9b4425112dbb47baba66c-0068e16aff" "proxy-server 94716" 0.0173 "-" 93716 0
Oct 04 14:44:15 np0005470878.novalocal proxy-server[94716]: ::1 ::1 04/Oct/2025/18/44/15 PUT /v1/AUTH_3c12f327ec924e3c89731d403fb9bd42/gnocchi.5905eab7-2283-4df9-baed-2412cce504f4/1759320000.0_mean_300.0_v3 HTTP/1.0 201 - python-swiftclient-4.7.0 gAAAAABo4WrHdnea... 16 - - tx9b4425112dbb47baba66c-0068e16aff - 0.0290 - - 1759603455.434499025 1759603455.463517904 0
Oct 04 14:44:15 np0005470878.novalocal account-server[93088]: ::1 - - [04/Oct/2025:18:44:15 +0000] "PUT /2/140569/AUTH_3c12f327ec924e3c89731d403fb9bd42/gnocchi.ca05f136-41ed-41ad-b6a5-346b6031da79" 201 - "PUT http://[::1]:6001/1/112399/AUTH_3c12f327ec924e3c89731d403fb9bd42/gnocchi.ca05f136-41ed-41ad-b6a5-346b6031da79" "tx43db9f2ae04d4db9bc3d3-0068e16aff" "container-server 93384" 0.0038 "-" 93088 0
Oct 04 14:44:15 np0005470878.novalocal account-server[93089]: ::1 - - [04/Oct/2025:18:44:15 +0000] "PUT /1/140569/AUTH_3c12f327ec924e3c89731d403fb9bd42/gnocchi.ca05f136-41ed-41ad-b6a5-346b6031da79" 201 - "PUT http://[::1]:6001/3/112399/AUTH_3c12f327ec924e3c89731d403fb9bd42/gnocchi.ca05f136-41ed-41ad-b6a5-346b6031da79" "tx43db9f2ae04d4db9bc3d3-0068e16aff" "container-server 93383" 0.0092 "-" 93089 0
Oct 04 14:44:15 np0005470878.novalocal container-server[93383]: ::1 - - [04/Oct/2025:18:44:15 +0000] "PUT /3/112399/AUTH_3c12f327ec924e3c89731d403fb9bd42/gnocchi.ca05f136-41ed-41ad-b6a5-346b6031da79" 201 - "PUT https://[::1]:8080/v1/AUTH_3c12f327ec924e3c89731d403fb9bd42/gnocchi.ca05f136-41ed-41ad-b6a5-346b6031da79" "tx43db9f2ae04d4db9bc3d3-0068e16aff" "proxy-server 94717" 0.0213 "-" 93383 0
Oct 04 14:44:15 np0005470878.novalocal container-server[93384]: ::1 - - [04/Oct/2025:18:44:15 +0000] "PUT /1/112399/AUTH_3c12f327ec924e3c89731d403fb9bd42/gnocchi.ca05f136-41ed-41ad-b6a5-346b6031da79" 201 - "PUT https://[::1]:8080/v1/AUTH_3c12f327ec924e3c89731d403fb9bd42/gnocchi.ca05f136-41ed-41ad-b6a5-346b6031da79" "tx43db9f2ae04d4db9bc3d3-0068e16aff" "proxy-server 94717" 0.0224 "-" 93384 0
Oct 04 14:44:15 np0005470878.novalocal container-server[93384]: ::1 - - [04/Oct/2025:18:44:15 +0000] "PUT /3/122886/AUTH_3c12f327ec924e3c89731d403fb9bd42/gnocchi.5905eab7-2283-4df9-baed-2412cce504f4/none_v3" 201 - "PUT http://[::1]:8080/3/188266/AUTH_3c12f327ec924e3c89731d403fb9bd42/gnocchi.5905eab7-2283-4df9-baed-2412cce504f4/none_v3" "tx107f722aa24d454dae09a-0068e16aff" "object-server 93716" 0.0003 "-" 93384 0
Oct 04 14:44:15 np0005470878.novalocal account-server[93088]: ::1 - - [04/Oct/2025:18:44:15 +0000] "PUT /3/140569/AUTH_3c12f327ec924e3c89731d403fb9bd42/gnocchi.ca05f136-41ed-41ad-b6a5-346b6031da79" 201 - "PUT http://[::1]:6001/2/112399/AUTH_3c12f327ec924e3c89731d403fb9bd42/gnocchi.ca05f136-41ed-41ad-b6a5-346b6031da79" "tx43db9f2ae04d4db9bc3d3-0068e16aff" "container-server 93384" 0.0034 "-" 93088 0
Oct 04 14:44:15 np0005470878.novalocal container-server[93384]: ::1 - - [04/Oct/2025:18:44:15 +0000] "PUT /2/112399/AUTH_3c12f327ec924e3c89731d403fb9bd42/gnocchi.ca05f136-41ed-41ad-b6a5-346b6031da79" 201 - "PUT https://[::1]:8080/v1/AUTH_3c12f327ec924e3c89731d403fb9bd42/gnocchi.ca05f136-41ed-41ad-b6a5-346b6031da79" "tx43db9f2ae04d4db9bc3d3-0068e16aff" "proxy-server 94717" 0.0196 "-" 93384 0
Oct 04 14:44:15 np0005470878.novalocal object-server[93716]: ::1 - - [04/Oct/2025:18:44:15 +0000] "PUT /3/188266/AUTH_3c12f327ec924e3c89731d403fb9bd42/gnocchi.5905eab7-2283-4df9-baed-2412cce504f4/none_v3" 201 - "PUT https://[::1]:8080/v1/AUTH_3c12f327ec924e3c89731d403fb9bd42/gnocchi.5905eab7-2283-4df9-baed-2412cce504f4/none_v3" "tx107f722aa24d454dae09a-0068e16aff" "proxy-server 94716" 0.0243 "-" 93716 0
Oct 04 14:44:15 np0005470878.novalocal proxy-server[94717]: ::1 ::1 04/Oct/2025/18/44/15 PUT /v1/AUTH_3c12f327ec924e3c89731d403fb9bd42/gnocchi.ca05f136-41ed-41ad-b6a5-346b6031da79 HTTP/1.0 201 - python-swiftclient-4.7.0 gAAAAABo4Wq9xl3N... - - - tx43db9f2ae04d4db9bc3d3-0068e16aff - 0.0364 - - 1759603455.463256598 1759603455.499693394 0
Oct 04 14:44:15 np0005470878.novalocal container-server[93383]: ::1 - - [04/Oct/2025:18:44:15 +0000] "PUT /2/122886/AUTH_3c12f327ec924e3c89731d403fb9bd42/gnocchi.5905eab7-2283-4df9-baed-2412cce504f4/none_v3" 201 - "PUT http://[::1]:8080/1/188266/AUTH_3c12f327ec924e3c89731d403fb9bd42/gnocchi.5905eab7-2283-4df9-baed-2412cce504f4/none_v3" "tx107f722aa24d454dae09a-0068e16aff" "object-server 93716" 0.0008 "-" 93383 0
Oct 04 14:44:15 np0005470878.novalocal container-server[93383]: ::1 - - [04/Oct/2025:18:44:15 +0000] "PUT /1/122886/AUTH_3c12f327ec924e3c89731d403fb9bd42/gnocchi.5905eab7-2283-4df9-baed-2412cce504f4/none_v3" 201 - "PUT http://[::1]:8080/2/188266/AUTH_3c12f327ec924e3c89731d403fb9bd42/gnocchi.5905eab7-2283-4df9-baed-2412cce504f4/none_v3" "tx107f722aa24d454dae09a-0068e16aff" "object-server 93716" 0.0003 "-" 93383 0
Oct 04 14:44:15 np0005470878.novalocal object-server[93716]: ::1 - - [04/Oct/2025:18:44:15 +0000] "PUT /1/188266/AUTH_3c12f327ec924e3c89731d403fb9bd42/gnocchi.5905eab7-2283-4df9-baed-2412cce504f4/none_v3" 201 - "PUT https://[::1]:8080/v1/AUTH_3c12f327ec924e3c89731d403fb9bd42/gnocchi.5905eab7-2283-4df9-baed-2412cce504f4/none_v3" "tx107f722aa24d454dae09a-0068e16aff" "proxy-server 94716" 0.0311 "-" 93716 0
Oct 04 14:44:15 np0005470878.novalocal object-server[93716]: ::1 - - [04/Oct/2025:18:44:15 +0000] "PUT /2/188266/AUTH_3c12f327ec924e3c89731d403fb9bd42/gnocchi.5905eab7-2283-4df9-baed-2412cce504f4/none_v3" 201 - "PUT https://[::1]:8080/v1/AUTH_3c12f327ec924e3c89731d403fb9bd42/gnocchi.5905eab7-2283-4df9-baed-2412cce504f4/none_v3" "tx107f722aa24d454dae09a-0068e16aff" "proxy-server 94716" 0.0277 "-" 93716 0
Oct 04 14:44:15 np0005470878.novalocal proxy-server[94716]: ::1 ::1 04/Oct/2025/18/44/15 PUT /v1/AUTH_3c12f327ec924e3c89731d403fb9bd42/gnocchi.5905eab7-2283-4df9-baed-2412cce504f4/none_v3 HTTP/1.0 201 - python-swiftclient-4.7.0 gAAAAABo4WrHdnea... 22 - - tx107f722aa24d454dae09a-0068e16aff - 0.0392 - - 1759603455.465537786 1759603455.504769325 0
Oct 04 14:44:15 np0005470878.novalocal container-server[93384]: ::1 - - [04/Oct/2025:18:44:15 +0000] "HEAD /2/112399/AUTH_3c12f327ec924e3c89731d403fb9bd42/gnocchi.ca05f136-41ed-41ad-b6a5-346b6031da79" 204 - "HEAD http://[::1]:8080/v1/AUTH_3c12f327ec924e3c89731d403fb9bd42/gnocchi.ca05f136-41ed-41ad-b6a5-346b6031da79" "tx7b963770967548e696ba4-0068e16aff" "proxy-server 94717" 0.0017 "-" 93384 0
Oct 04 14:44:15 np0005470878.novalocal proxy-server[94717]: - - 04/Oct/2025/18/44/15 HEAD /v1/AUTH_3c12f327ec924e3c89731d403fb9bd42/gnocchi.ca05f136-41ed-41ad-b6a5-346b6031da79 HTTP/1.0 204 - Swift - - - - tx7b963770967548e696ba4-0068e16aff - 0.0063 CS - 1759603455.505550146 1759603455.511899710 0
Oct 04 14:44:15 np0005470878.novalocal container-server[93384]: ::1 - - [04/Oct/2025:18:44:15 +0000] "GET /3/112399/AUTH_3c12f327ec924e3c89731d403fb9bd42/gnocchi.ca05f136-41ed-41ad-b6a5-346b6031da79" 200 2 "GET https://[::1]:8080/v1/AUTH_3c12f327ec924e3c89731d403fb9bd42/gnocchi.ca05f136-41ed-41ad-b6a5-346b6031da79?format=json&states=listing" "tx7b963770967548e696ba4-0068e16aff" "proxy-server 94717" 0.0015 "-" 93384 0
Oct 04 14:44:15 np0005470878.novalocal proxy-server[94717]: ::1 ::1 04/Oct/2025/18/44/15 GET /v1/AUTH_3c12f327ec924e3c89731d403fb9bd42/gnocchi.ca05f136-41ed-41ad-b6a5-346b6031da79%3Fformat%3Djson%26states%3Dlisting HTTP/1.0 200 - python-swiftclient-4.7.0 gAAAAABo4Wq9xl3N... - 2 - tx7b963770967548e696ba4-0068e16aff - 0.0206 - - 1759603455.503945589 1759603455.524592638 0
Oct 04 14:44:15 np0005470878.novalocal object-server[93716]: ::1 - - [04/Oct/2025:18:44:15 +0000] "GET /1/95916/AUTH_3c12f327ec924e3c89731d403fb9bd42/gnocchi.ca05f136-41ed-41ad-b6a5-346b6031da79/1759320000.0_mean_300.0_v3" 404 70 "GET https://[::1]:8080/v1/AUTH_3c12f327ec924e3c89731d403fb9bd42/gnocchi.ca05f136-41ed-41ad-b6a5-346b6031da79/1759320000.0_mean_300.0_v3" "tx8b6e2c8b84a542ac9b629-0068e16aff" "proxy-server 94717" 0.0006 "-" 93716 0
Oct 04 14:44:15 np0005470878.novalocal object-server[93716]: ::1 - - [04/Oct/2025:18:44:15 +0000] "GET /3/95916/AUTH_3c12f327ec924e3c89731d403fb9bd42/gnocchi.ca05f136-41ed-41ad-b6a5-346b6031da79/1759320000.0_mean_300.0_v3" 404 70 "GET https://[::1]:8080/v1/AUTH_3c12f327ec924e3c89731d403fb9bd42/gnocchi.ca05f136-41ed-41ad-b6a5-346b6031da79/1759320000.0_mean_300.0_v3" "tx8b6e2c8b84a542ac9b629-0068e16aff" "proxy-server 94717" 0.0004 "-" 93716 0
Oct 04 14:44:15 np0005470878.novalocal object-server[93717]: ::1 - - [04/Oct/2025:18:44:15 +0000] "GET /2/95916/AUTH_3c12f327ec924e3c89731d403fb9bd42/gnocchi.ca05f136-41ed-41ad-b6a5-346b6031da79/1759320000.0_mean_300.0_v3" 404 70 "GET https://[::1]:8080/v1/AUTH_3c12f327ec924e3c89731d403fb9bd42/gnocchi.ca05f136-41ed-41ad-b6a5-346b6031da79/1759320000.0_mean_300.0_v3" "tx8b6e2c8b84a542ac9b629-0068e16aff" "proxy-server 94717" 0.0002 "-" 93717 0
Oct 04 14:44:15 np0005470878.novalocal proxy-server[94717]: ::1 ::1 04/Oct/2025/18/44/15 GET /v1/AUTH_3c12f327ec924e3c89731d403fb9bd42/gnocchi.ca05f136-41ed-41ad-b6a5-346b6031da79/1759320000.0_mean_300.0_v3 HTTP/1.0 404 - python-swiftclient-4.7.0 gAAAAABo4Wq9xl3N... - 70 - tx8b6e2c8b84a542ac9b629-0068e16aff - 0.0193 - - 1759603455.528072357 1759603455.547407866 0
Oct 04 14:44:15 np0005470878.novalocal container-server[93383]: ::1 - - [04/Oct/2025:18:44:15 +0000] "PUT /3/112399/AUTH_3c12f327ec924e3c89731d403fb9bd42/gnocchi.ca05f136-41ed-41ad-b6a5-346b6031da79/1759320000.0_mean_300.0_v3" 201 - "PUT http://[::1]:8080/1/95916/AUTH_3c12f327ec924e3c89731d403fb9bd42/gnocchi.ca05f136-41ed-41ad-b6a5-346b6031da79/1759320000.0_mean_300.0_v3" "txdb2a6c504c964ca2a6a3c-0068e16aff" "object-server 93717" 0.0009 "-" 93383 0
Oct 04 14:44:15 np0005470878.novalocal object-server[93717]: ::1 - - [04/Oct/2025:18:44:15 +0000] "PUT /1/95916/AUTH_3c12f327ec924e3c89731d403fb9bd42/gnocchi.ca05f136-41ed-41ad-b6a5-346b6031da79/1759320000.0_mean_300.0_v3" 201 - "PUT https://[::1]:8080/v1/AUTH_3c12f327ec924e3c89731d403fb9bd42/gnocchi.ca05f136-41ed-41ad-b6a5-346b6031da79/1759320000.0_mean_300.0_v3" "txdb2a6c504c964ca2a6a3c-0068e16aff" "proxy-server 94717" 0.0108 "-" 93717 0
Oct 04 14:44:15 np0005470878.novalocal container-server[93383]: ::1 - - [04/Oct/2025:18:44:15 +0000] "PUT /1/112399/AUTH_3c12f327ec924e3c89731d403fb9bd42/gnocchi.ca05f136-41ed-41ad-b6a5-346b6031da79/1759320000.0_mean_300.0_v3" 201 - "PUT http://[::1]:8080/3/95916/AUTH_3c12f327ec924e3c89731d403fb9bd42/gnocchi.ca05f136-41ed-41ad-b6a5-346b6031da79/1759320000.0_mean_300.0_v3" "txdb2a6c504c964ca2a6a3c-0068e16aff" "object-server 93717" 0.0004 "-" 93383 0
Oct 04 14:44:15 np0005470878.novalocal object-server[93717]: ::1 - - [04/Oct/2025:18:44:15 +0000] "PUT /3/95916/AUTH_3c12f327ec924e3c89731d403fb9bd42/gnocchi.ca05f136-41ed-41ad-b6a5-346b6031da79/1759320000.0_mean_300.0_v3" 201 - "PUT https://[::1]:8080/v1/AUTH_3c12f327ec924e3c89731d403fb9bd42/gnocchi.ca05f136-41ed-41ad-b6a5-346b6031da79/1759320000.0_mean_300.0_v3" "txdb2a6c504c964ca2a6a3c-0068e16aff" "proxy-server 94717" 0.0104 "-" 93717 0
Oct 04 14:44:15 np0005470878.novalocal container-server[93383]: ::1 - - [04/Oct/2025:18:44:15 +0000] "PUT /2/112399/AUTH_3c12f327ec924e3c89731d403fb9bd42/gnocchi.ca05f136-41ed-41ad-b6a5-346b6031da79/1759320000.0_mean_300.0_v3" 201 - "PUT http://[::1]:8080/2/95916/AUTH_3c12f327ec924e3c89731d403fb9bd42/gnocchi.ca05f136-41ed-41ad-b6a5-346b6031da79/1759320000.0_mean_300.0_v3" "txdb2a6c504c964ca2a6a3c-0068e16aff" "object-server 93716" 0.0004 "-" 93383 0
Oct 04 14:44:15 np0005470878.novalocal object-server[93716]: ::1 - - [04/Oct/2025:18:44:15 +0000] "PUT /2/95916/AUTH_3c12f327ec924e3c89731d403fb9bd42/gnocchi.ca05f136-41ed-41ad-b6a5-346b6031da79/1759320000.0_mean_300.0_v3" 201 - "PUT https://[::1]:8080/v1/AUTH_3c12f327ec924e3c89731d403fb9bd42/gnocchi.ca05f136-41ed-41ad-b6a5-346b6031da79/1759320000.0_mean_300.0_v3" "txdb2a6c504c964ca2a6a3c-0068e16aff" "proxy-server 94717" 0.0123 "-" 93716 0
Oct 04 14:44:15 np0005470878.novalocal proxy-server[94717]: ::1 ::1 04/Oct/2025/18/44/15 PUT /v1/AUTH_3c12f327ec924e3c89731d403fb9bd42/gnocchi.ca05f136-41ed-41ad-b6a5-346b6031da79/1759320000.0_mean_300.0_v3 HTTP/1.0 201 - python-swiftclient-4.7.0 gAAAAABo4Wq9xl3N... 16 - - txdb2a6c504c964ca2a6a3c-0068e16aff - 0.0193 - - 1759603455.550886631 1759603455.570163727 0
Oct 04 14:44:15 np0005470878.novalocal container-server[93384]: ::1 - - [04/Oct/2025:18:44:15 +0000] "PUT /2/112399/AUTH_3c12f327ec924e3c89731d403fb9bd42/gnocchi.ca05f136-41ed-41ad-b6a5-346b6031da79/none_v3" 201 - "PUT http://[::1]:8080/2/191216/AUTH_3c12f327ec924e3c89731d403fb9bd42/gnocchi.ca05f136-41ed-41ad-b6a5-346b6031da79/none_v3" "tx4d32b3fe4eb04ae0a8110-0068e16aff" "object-server 93716" 0.0005 "-" 93384 0
Oct 04 14:44:15 np0005470878.novalocal object-server[93716]: ::1 - - [04/Oct/2025:18:44:15 +0000] "PUT /2/191216/AUTH_3c12f327ec924e3c89731d403fb9bd42/gnocchi.ca05f136-41ed-41ad-b6a5-346b6031da79/none_v3" 201 - "PUT https://[::1]:8080/v1/AUTH_3c12f327ec924e3c89731d403fb9bd42/gnocchi.ca05f136-41ed-41ad-b6a5-346b6031da79/none_v3" "tx4d32b3fe4eb04ae0a8110-0068e16aff" "proxy-server 94717" 0.0098 "-" 93716 0
Oct 04 14:44:15 np0005470878.novalocal container-server[93384]: ::1 - - [04/Oct/2025:18:44:15 +0000] "PUT /3/112399/AUTH_3c12f327ec924e3c89731d403fb9bd42/gnocchi.ca05f136-41ed-41ad-b6a5-346b6031da79/none_v3" 201 - "PUT http://[::1]:8080/3/191216/AUTH_3c12f327ec924e3c89731d403fb9bd42/gnocchi.ca05f136-41ed-41ad-b6a5-346b6031da79/none_v3" "tx4d32b3fe4eb04ae0a8110-0068e16aff" "object-server 93717" 0.0003 "-" 93384 0
Oct 04 14:44:15 np0005470878.novalocal object-server[93717]: ::1 - - [04/Oct/2025:18:44:15 +0000] "PUT /3/191216/AUTH_3c12f327ec924e3c89731d403fb9bd42/gnocchi.ca05f136-41ed-41ad-b6a5-346b6031da79/none_v3" 201 - "PUT https://[::1]:8080/v1/AUTH_3c12f327ec924e3c89731d403fb9bd42/gnocchi.ca05f136-41ed-41ad-b6a5-346b6031da79/none_v3" "tx4d32b3fe4eb04ae0a8110-0068e16aff" "proxy-server 94717" 0.0097 "-" 93717 0
Oct 04 14:44:15 np0005470878.novalocal container-server[93384]: ::1 - - [04/Oct/2025:18:44:15 +0000] "PUT /1/112399/AUTH_3c12f327ec924e3c89731d403fb9bd42/gnocchi.ca05f136-41ed-41ad-b6a5-346b6031da79/none_v3" 201 - "PUT http://[::1]:8080/1/191216/AUTH_3c12f327ec924e3c89731d403fb9bd42/gnocchi.ca05f136-41ed-41ad-b6a5-346b6031da79/none_v3" "tx4d32b3fe4eb04ae0a8110-0068e16aff" "object-server 93717" 0.0003 "-" 93384 0
Oct 04 14:44:15 np0005470878.novalocal object-server[93717]: ::1 - - [04/Oct/2025:18:44:15 +0000] "PUT /1/191216/AUTH_3c12f327ec924e3c89731d403fb9bd42/gnocchi.ca05f136-41ed-41ad-b6a5-346b6031da79/none_v3" 201 - "PUT https://[::1]:8080/v1/AUTH_3c12f327ec924e3c89731d403fb9bd42/gnocchi.ca05f136-41ed-41ad-b6a5-346b6031da79/none_v3" "tx4d32b3fe4eb04ae0a8110-0068e16aff" "proxy-server 94717" 0.0119 "-" 93717 0
Oct 04 14:44:15 np0005470878.novalocal proxy-server[94717]: ::1 ::1 04/Oct/2025/18/44/15 PUT /v1/AUTH_3c12f327ec924e3c89731d403fb9bd42/gnocchi.ca05f136-41ed-41ad-b6a5-346b6031da79/none_v3 HTTP/1.0 201 - python-swiftclient-4.7.0 gAAAAABo4Wq9xl3N... 22 - - tx4d32b3fe4eb04ae0a8110-0068e16aff - 0.0168 - - 1759603455.571866035 1759603455.588663816 0
Oct 04 14:44:18 np0005470878.novalocal object-server[93717]: ::1 - - [04/Oct/2025:18:44:18 +0000] "GET /2/21756/AUTH_3c12f327ec924e3c89731d403fb9bd42/gnocchi.2ccea72e-d772-41c4-9952-a4470c316605/none_v3" 200 31 "GET https://[::1]:8080/v1/AUTH_3c12f327ec924e3c89731d403fb9bd42/gnocchi.2ccea72e-d772-41c4-9952-a4470c316605/none_v3" "txaf45a2ddd7d342b390dce-0068e16b02" "proxy-server 94717" 0.0009 "-" 93717 0
Oct 04 14:44:18 np0005470878.novalocal proxy-server[94717]: ::1 ::1 04/Oct/2025/18/44/18 GET /v1/AUTH_3c12f327ec924e3c89731d403fb9bd42/gnocchi.2ccea72e-d772-41c4-9952-a4470c316605/none_v3 HTTP/1.0 200 - python-swiftclient-4.7.0 gAAAAABo4Wq9xl3N... - 31 - txaf45a2ddd7d342b390dce-0068e16b02 - 0.0112 - - 1759603458.014027357 1759603458.025223255 0
Oct 04 14:44:18 np0005470878.novalocal container-server[93384]: ::1 - - [04/Oct/2025:18:44:18 +0000] "GET /3/213050/AUTH_3c12f327ec924e3c89731d403fb9bd42/gnocchi.2ccea72e-d772-41c4-9952-a4470c316605" 200 357 "GET https://[::1]:8080/v1/AUTH_3c12f327ec924e3c89731d403fb9bd42/gnocchi.2ccea72e-d772-41c4-9952-a4470c316605?format=json&states=listing" "tx7653609e75b64c4ea3c69-0068e16b02" "proxy-server 94717" 0.0102 "-" 93384 0
Oct 04 14:44:18 np0005470878.novalocal proxy-server[94717]: ::1 ::1 04/Oct/2025/18/44/18 GET /v1/AUTH_3c12f327ec924e3c89731d403fb9bd42/gnocchi.2ccea72e-d772-41c4-9952-a4470c316605%3Fformat%3Djson%26states%3Dlisting HTTP/1.0 200 - python-swiftclient-4.7.0 gAAAAABo4Wq9xl3N... - 357 - tx7653609e75b64c4ea3c69-0068e16b02 - 0.0286 - - 1759603458.031875610 1759603458.060515642 0
Oct 04 14:44:18 np0005470878.novalocal container-server[93384]: ::1 - - [04/Oct/2025:18:44:18 +0000] "GET /3/213050/AUTH_3c12f327ec924e3c89731d403fb9bd42/gnocchi.2ccea72e-d772-41c4-9952-a4470c316605" 200 2 "GET https://[::1]:8080/v1/AUTH_3c12f327ec924e3c89731d403fb9bd42/gnocchi.2ccea72e-d772-41c4-9952-a4470c316605?format=json&marker=none_v3&states=listing" "tx1930685f66e848068d9ee-0068e16b02" "proxy-server 94717" 0.0040 "-" 93384 0
Oct 04 14:44:18 np0005470878.novalocal proxy-server[94717]: ::1 ::1 04/Oct/2025/18/44/18 GET /v1/AUTH_3c12f327ec924e3c89731d403fb9bd42/gnocchi.2ccea72e-d772-41c4-9952-a4470c316605%3Fformat%3Djson%26marker%3Dnone_v3%26states%3Dlisting HTTP/1.0 200 - python-swiftclient-4.7.0 gAAAAABo4Wq9xl3N... - 2 - tx1930685f66e848068d9ee-0068e16b02 - 0.0141 - - 1759603458.065408230 1759603458.079539776 0
Oct 04 14:44:18 np0005470878.novalocal object-server[93716]: ::1 - - [04/Oct/2025:18:44:18 +0000] "GET /1/213926/AUTH_3c12f327ec924e3c89731d403fb9bd42/gnocchi.2d712368-9550-49f2-b348-f44629a99902/none_v3" 200 22 "GET https://[::1]:8080/v1/AUTH_3c12f327ec924e3c89731d403fb9bd42/gnocchi.2d712368-9550-49f2-b348-f44629a99902/none_v3" "tx729d9a0771464534a1499-0068e16b02" "proxy-server 94716" 0.0017 "-" 93716 0
Oct 04 14:44:18 np0005470878.novalocal proxy-server[94716]: ::1 ::1 04/Oct/2025/18/44/18 GET /v1/AUTH_3c12f327ec924e3c89731d403fb9bd42/gnocchi.2d712368-9550-49f2-b348-f44629a99902/none_v3 HTTP/1.0 200 - python-swiftclient-4.7.0 gAAAAABo4WrHdnea... - 22 - tx729d9a0771464534a1499-0068e16b02 - 0.0170 - - 1759603458.071519375 1759603458.088549614 0
Oct 04 14:44:18 np0005470878.novalocal object-server[93717]: ::1 - - [04/Oct/2025:18:44:18 +0000] "GET /1/165619/AUTH_3c12f327ec924e3c89731d403fb9bd42/gnocchi.2ccea72e-d772-41c4-9952-a4470c316605/1759320000.0_mean_300.0_v3" 200 16 "GET https://[::1]:8080/v1/AUTH_3c12f327ec924e3c89731d403fb9bd42/gnocchi.2ccea72e-d772-41c4-9952-a4470c316605/1759320000.0_mean_300.0_v3" "txa1aa037c5d4d44a8baff6-0068e16b02" "proxy-server 94717" 0.0010 "-" 93717 0
Oct 04 14:44:18 np0005470878.novalocal proxy-server[94717]: ::1 ::1 04/Oct/2025/18/44/18 GET /v1/AUTH_3c12f327ec924e3c89731d403fb9bd42/gnocchi.2ccea72e-d772-41c4-9952-a4470c316605/1759320000.0_mean_300.0_v3 HTTP/1.0 200 - python-swiftclient-4.7.0 gAAAAABo4Wq9xl3N... - 16 - txa1aa037c5d4d44a8baff6-0068e16b02 - 0.0143 - - 1759603458.086261749 1759603458.100529432 0
Oct 04 14:44:18 np0005470878.novalocal container-server[93383]: ::1 - - [04/Oct/2025:18:44:18 +0000] "GET /1/69595/AUTH_3c12f327ec924e3c89731d403fb9bd42/gnocchi.2d712368-9550-49f2-b348-f44629a99902" 200 357 "GET https://[::1]:8080/v1/AUTH_3c12f327ec924e3c89731d403fb9bd42/gnocchi.2d712368-9550-49f2-b348-f44629a99902?format=json&states=listing" "txa5bc89ccfbe345948be48-0068e16b02" "proxy-server 94716" 0.0057 "-" 93383 0
Oct 04 14:44:18 np0005470878.novalocal proxy-server[94716]: ::1 ::1 04/Oct/2025/18/44/18 GET /v1/AUTH_3c12f327ec924e3c89731d403fb9bd42/gnocchi.2d712368-9550-49f2-b348-f44629a99902%3Fformat%3Djson%26states%3Dlisting HTTP/1.0 200 - python-swiftclient-4.7.0 gAAAAABo4WrHdnea... - 357 - txa5bc89ccfbe345948be48-0068e16b02 - 0.0161 - - 1759603458.093568325 1759603458.109704018 0
Oct 04 14:44:18 np0005470878.novalocal container-server[93383]: ::1 - - [04/Oct/2025:18:44:18 +0000] "GET /3/69595/AUTH_3c12f327ec924e3c89731d403fb9bd42/gnocchi.2d712368-9550-49f2-b348-f44629a99902" 200 2 "GET https://[::1]:8080/v1/AUTH_3c12f327ec924e3c89731d403fb9bd42/gnocchi.2d712368-9550-49f2-b348-f44629a99902?format=json&marker=none_v3&states=listing" "tx798cd606734b4a1997cf5-0068e16b02" "proxy-server 94716" 0.0038 "-" 93383 0
Oct 04 14:44:18 np0005470878.novalocal proxy-server[94716]: ::1 ::1 04/Oct/2025/18/44/18 GET /v1/AUTH_3c12f327ec924e3c89731d403fb9bd42/gnocchi.2d712368-9550-49f2-b348-f44629a99902%3Fformat%3Djson%26marker%3Dnone_v3%26states%3Dlisting HTTP/1.0 200 - python-swiftclient-4.7.0 gAAAAABo4WrHdnea... - 2 - tx798cd606734b4a1997cf5-0068e16b02 - 0.0138 - - 1759603458.113859415 1759603458.127614498 0
Oct 04 14:44:18 np0005470878.novalocal container-server[93384]: ::1 - - [04/Oct/2025:18:44:18 +0000] "PUT /2/213050/AUTH_3c12f327ec924e3c89731d403fb9bd42/gnocchi.2ccea72e-d772-41c4-9952-a4470c316605/1759320000.0_mean_300.0_v3" 201 - "PUT http://[::1]:8080/3/165619/AUTH_3c12f327ec924e3c89731d403fb9bd42/gnocchi.2ccea72e-d772-41c4-9952-a4470c316605/1759320000.0_mean_300.0_v3" "tx8e97321708c24f039f9e1-0068e16b02" "object-server 93717" 0.0014 "-" 93384 0
Oct 04 14:44:18 np0005470878.novalocal object-server[93717]: ::1 - - [04/Oct/2025:18:44:18 +0000] "PUT /3/165619/AUTH_3c12f327ec924e3c89731d403fb9bd42/gnocchi.2ccea72e-d772-41c4-9952-a4470c316605/1759320000.0_mean_300.0_v3" 201 - "PUT https://[::1]:8080/v1/AUTH_3c12f327ec924e3c89731d403fb9bd42/gnocchi.2ccea72e-d772-41c4-9952-a4470c316605/1759320000.0_mean_300.0_v3" "tx8e97321708c24f039f9e1-0068e16b02" "proxy-server 94717" 0.0198 "-" 93717 0
Oct 04 14:44:18 np0005470878.novalocal container-server[93383]: ::1 - - [04/Oct/2025:18:44:18 +0000] "PUT /1/213050/AUTH_3c12f327ec924e3c89731d403fb9bd42/gnocchi.2ccea72e-d772-41c4-9952-a4470c316605/1759320000.0_mean_300.0_v3" 201 - "PUT http://[::1]:8080/2/165619/AUTH_3c12f327ec924e3c89731d403fb9bd42/gnocchi.2ccea72e-d772-41c4-9952-a4470c316605/1759320000.0_mean_300.0_v3" "tx8e97321708c24f039f9e1-0068e16b02" "object-server 93716" 0.0007 "-" 93383 0
Oct 04 14:44:18 np0005470878.novalocal container-server[93383]: ::1 - - [04/Oct/2025:18:44:18 +0000] "PUT /3/213050/AUTH_3c12f327ec924e3c89731d403fb9bd42/gnocchi.2ccea72e-d772-41c4-9952-a4470c316605/1759320000.0_mean_300.0_v3" 201 - "PUT http://[::1]:8080/1/165619/AUTH_3c12f327ec924e3c89731d403fb9bd42/gnocchi.2ccea72e-d772-41c4-9952-a4470c316605/1759320000.0_mean_300.0_v3" "tx8e97321708c24f039f9e1-0068e16b02" "object-server 93716" 0.0004 "-" 93383 0
Oct 04 14:44:18 np0005470878.novalocal object-server[93716]: ::1 - - [04/Oct/2025:18:44:18 +0000] "PUT /2/165619/AUTH_3c12f327ec924e3c89731d403fb9bd42/gnocchi.2ccea72e-d772-41c4-9952-a4470c316605/1759320000.0_mean_300.0_v3" 201 - "PUT https://[::1]:8080/v1/AUTH_3c12f327ec924e3c89731d403fb9bd42/gnocchi.2ccea72e-d772-41c4-9952-a4470c316605/1759320000.0_mean_300.0_v3" "tx8e97321708c24f039f9e1-0068e16b02" "proxy-server 94717" 0.0148 "-" 93716 0
Oct 04 14:44:18 np0005470878.novalocal object-server[93716]: ::1 - - [04/Oct/2025:18:44:18 +0000] "GET /1/153878/AUTH_3c12f327ec924e3c89731d403fb9bd42/gnocchi.2d712368-9550-49f2-b348-f44629a99902/1759320000.0_mean_300.0_v3" 200 16 "GET https://[::1]:8080/v1/AUTH_3c12f327ec924e3c89731d403fb9bd42/gnocchi.2d712368-9550-49f2-b348-f44629a99902/1759320000.0_mean_300.0_v3" "tx0a8cd5aa6dd8467ebe2d8-0068e16b02" "proxy-server 94716" 0.0007 "-" 93716 0
Oct 04 14:44:18 np0005470878.novalocal object-server[93716]: ::1 - - [04/Oct/2025:18:44:18 +0000] "PUT /1/165619/AUTH_3c12f327ec924e3c89731d403fb9bd42/gnocchi.2ccea72e-d772-41c4-9952-a4470c316605/1759320000.0_mean_300.0_v3" 201 - "PUT https://[::1]:8080/v1/AUTH_3c12f327ec924e3c89731d403fb9bd42/gnocchi.2ccea72e-d772-41c4-9952-a4470c316605/1759320000.0_mean_300.0_v3" "tx8e97321708c24f039f9e1-0068e16b02" "proxy-server 94717" 0.0269 "-" 93716 0
Oct 04 14:44:18 np0005470878.novalocal proxy-server[94716]: ::1 ::1 04/Oct/2025/18/44/18 GET /v1/AUTH_3c12f327ec924e3c89731d403fb9bd42/gnocchi.2d712368-9550-49f2-b348-f44629a99902/1759320000.0_mean_300.0_v3 HTTP/1.0 200 - python-swiftclient-4.7.0 gAAAAABo4WrHdnea... - 16 - tx0a8cd5aa6dd8467ebe2d8-0068e16b02 - 0.0099 - - 1759603458.134802341 1759603458.144696474 0
Oct 04 14:44:18 np0005470878.novalocal proxy-server[94717]: ::1 ::1 04/Oct/2025/18/44/18 PUT /v1/AUTH_3c12f327ec924e3c89731d403fb9bd42/gnocchi.2ccea72e-d772-41c4-9952-a4470c316605/1759320000.0_mean_300.0_v3 HTTP/1.0 201 - python-swiftclient-4.7.0 gAAAAABo4Wq9xl3N... 16 - - tx8e97321708c24f039f9e1-0068e16b02 - 0.0396 - - 1759603458.105817318 1759603458.145465374 0
Oct 04 14:44:18 np0005470878.novalocal container-server[93384]: ::1 - - [04/Oct/2025:18:44:18 +0000] "PUT /3/69595/AUTH_3c12f327ec924e3c89731d403fb9bd42/gnocchi.2d712368-9550-49f2-b348-f44629a99902/1759320000.0_mean_300.0_v3" 201 - "PUT http://[::1]:8080/3/153878/AUTH_3c12f327ec924e3c89731d403fb9bd42/gnocchi.2d712368-9550-49f2-b348-f44629a99902/1759320000.0_mean_300.0_v3" "txe39e1ad66b7d48c88c43a-0068e16b02" "object-server 93717" 0.0013 "-" 93384 0
Oct 04 14:44:18 np0005470878.novalocal object-server[93717]: ::1 - - [04/Oct/2025:18:44:18 +0000] "PUT /3/153878/AUTH_3c12f327ec924e3c89731d403fb9bd42/gnocchi.2d712368-9550-49f2-b348-f44629a99902/1759320000.0_mean_300.0_v3" 201 - "PUT https://[::1]:8080/v1/AUTH_3c12f327ec924e3c89731d403fb9bd42/gnocchi.2d712368-9550-49f2-b348-f44629a99902/1759320000.0_mean_300.0_v3" "txe39e1ad66b7d48c88c43a-0068e16b02" "proxy-server 94716" 0.0169 "-" 93717 0
Oct 04 14:44:18 np0005470878.novalocal container-server[93384]: ::1 - - [04/Oct/2025:18:44:18 +0000] "PUT /2/69595/AUTH_3c12f327ec924e3c89731d403fb9bd42/gnocchi.2d712368-9550-49f2-b348-f44629a99902/1759320000.0_mean_300.0_v3" 201 - "PUT http://[::1]:8080/2/153878/AUTH_3c12f327ec924e3c89731d403fb9bd42/gnocchi.2d712368-9550-49f2-b348-f44629a99902/1759320000.0_mean_300.0_v3" "txe39e1ad66b7d48c88c43a-0068e16b02" "object-server 93716" 0.0006 "-" 93384 0
Oct 04 14:44:18 np0005470878.novalocal object-server[93716]: ::1 - - [04/Oct/2025:18:44:18 +0000] "PUT /2/153878/AUTH_3c12f327ec924e3c89731d403fb9bd42/gnocchi.2d712368-9550-49f2-b348-f44629a99902/1759320000.0_mean_300.0_v3" 201 - "PUT https://[::1]:8080/v1/AUTH_3c12f327ec924e3c89731d403fb9bd42/gnocchi.2d712368-9550-49f2-b348-f44629a99902/1759320000.0_mean_300.0_v3" "txe39e1ad66b7d48c88c43a-0068e16b02" "proxy-server 94716" 0.0253 "-" 93716 0
Oct 04 14:44:18 np0005470878.novalocal container-server[93384]: ::1 - - [04/Oct/2025:18:44:18 +0000] "PUT /3/213050/AUTH_3c12f327ec924e3c89731d403fb9bd42/gnocchi.2ccea72e-d772-41c4-9952-a4470c316605/none_v3" 201 - "PUT http://[::1]:8080/3/21756/AUTH_3c12f327ec924e3c89731d403fb9bd42/gnocchi.2ccea72e-d772-41c4-9952-a4470c316605/none_v3" "txbe68bd8b22b6431bab0e7-0068e16b02" "object-server 93716" 0.0008 "-" 93384 0
Oct 04 14:44:18 np0005470878.novalocal container-server[93383]: ::1 - - [04/Oct/2025:18:44:18 +0000] "PUT /2/213050/AUTH_3c12f327ec924e3c89731d403fb9bd42/gnocchi.2ccea72e-d772-41c4-9952-a4470c316605/none_v3" 201 - "PUT http://[::1]:8080/1/21756/AUTH_3c12f327ec924e3c89731d403fb9bd42/gnocchi.2ccea72e-d772-41c4-9952-a4470c316605/none_v3" "txbe68bd8b22b6431bab0e7-0068e16b02" "object-server 93716" 0.0011 "-" 93383 0
Oct 04 14:44:18 np0005470878.novalocal object-server[93716]: ::1 - - [04/Oct/2025:18:44:18 +0000] "PUT /3/21756/AUTH_3c12f327ec924e3c89731d403fb9bd42/gnocchi.2ccea72e-d772-41c4-9952-a4470c316605/none_v3" 201 - "PUT https://[::1]:8080/v1/AUTH_3c12f327ec924e3c89731d403fb9bd42/gnocchi.2ccea72e-d772-41c4-9952-a4470c316605/none_v3" "txbe68bd8b22b6431bab0e7-0068e16b02" "proxy-server 94717" 0.0275 "-" 93716 0
Oct 04 14:44:18 np0005470878.novalocal object-server[93716]: ::1 - - [04/Oct/2025:18:44:18 +0000] "PUT /1/21756/AUTH_3c12f327ec924e3c89731d403fb9bd42/gnocchi.2ccea72e-d772-41c4-9952-a4470c316605/none_v3" 201 - "PUT https://[::1]:8080/v1/AUTH_3c12f327ec924e3c89731d403fb9bd42/gnocchi.2ccea72e-d772-41c4-9952-a4470c316605/none_v3" "txbe68bd8b22b6431bab0e7-0068e16b02" "proxy-server 94717" 0.0245 "-" 93716 0
Oct 04 14:44:18 np0005470878.novalocal container-server[93384]: ::1 - - [04/Oct/2025:18:44:18 +0000] "PUT /1/69595/AUTH_3c12f327ec924e3c89731d403fb9bd42/gnocchi.2d712368-9550-49f2-b348-f44629a99902/1759320000.0_mean_300.0_v3" 201 - "PUT http://[::1]:8080/1/153878/AUTH_3c12f327ec924e3c89731d403fb9bd42/gnocchi.2d712368-9550-49f2-b348-f44629a99902/1759320000.0_mean_300.0_v3" "txe39e1ad66b7d48c88c43a-0068e16b02" "object-server 93716" 0.0014 "-" 93384 0
Oct 04 14:44:18 np0005470878.novalocal object-server[93716]: ::1 - - [04/Oct/2025:18:44:18 +0000] "PUT /1/153878/AUTH_3c12f327ec924e3c89731d403fb9bd42/gnocchi.2d712368-9550-49f2-b348-f44629a99902/1759320000.0_mean_300.0_v3" 201 - "PUT https://[::1]:8080/v1/AUTH_3c12f327ec924e3c89731d403fb9bd42/gnocchi.2d712368-9550-49f2-b348-f44629a99902/1759320000.0_mean_300.0_v3" "txe39e1ad66b7d48c88c43a-0068e16b02" "proxy-server 94716" 0.0351 "-" 93716 0
Oct 04 14:44:18 np0005470878.novalocal container-server[93384]: ::1 - - [04/Oct/2025:18:44:18 +0000] "PUT /1/213050/AUTH_3c12f327ec924e3c89731d403fb9bd42/gnocchi.2ccea72e-d772-41c4-9952-a4470c316605/none_v3" 201 - "PUT http://[::1]:8080/2/21756/AUTH_3c12f327ec924e3c89731d403fb9bd42/gnocchi.2ccea72e-d772-41c4-9952-a4470c316605/none_v3" "txbe68bd8b22b6431bab0e7-0068e16b02" "object-server 93716" 0.0016 "-" 93384 0
Oct 04 14:44:18 np0005470878.novalocal proxy-server[94716]: ::1 ::1 04/Oct/2025/18/44/18 PUT /v1/AUTH_3c12f327ec924e3c89731d403fb9bd42/gnocchi.2d712368-9550-49f2-b348-f44629a99902/1759320000.0_mean_300.0_v3 HTTP/1.0 201 - python-swiftclient-4.7.0 gAAAAABo4WrHdnea... 16 - - txe39e1ad66b7d48c88c43a-0068e16b02 - 0.0469 - - 1759603458.149754763 1759603458.196676493 0
Oct 04 14:44:18 np0005470878.novalocal object-server[93716]: ::1 - - [04/Oct/2025:18:44:18 +0000] "PUT /2/21756/AUTH_3c12f327ec924e3c89731d403fb9bd42/gnocchi.2ccea72e-d772-41c4-9952-a4470c316605/none_v3" 201 - "PUT https://[::1]:8080/v1/AUTH_3c12f327ec924e3c89731d403fb9bd42/gnocchi.2ccea72e-d772-41c4-9952-a4470c316605/none_v3" "txbe68bd8b22b6431bab0e7-0068e16b02" "proxy-server 94717" 0.0347 "-" 93716 0
Oct 04 14:44:18 np0005470878.novalocal proxy-server[94717]: ::1 ::1 04/Oct/2025/18/44/18 PUT /v1/AUTH_3c12f327ec924e3c89731d403fb9bd42/gnocchi.2ccea72e-d772-41c4-9952-a4470c316605/none_v3 HTTP/1.0 201 - python-swiftclient-4.7.0 gAAAAABo4Wq9xl3N... 43 - - txbe68bd8b22b6431bab0e7-0068e16b02 - 0.0488 - - 1759603458.154442549 1759603458.203267336 0
Oct 04 14:44:18 np0005470878.novalocal container-server[93384]: ::1 - - [04/Oct/2025:18:44:18 +0000] "PUT /1/69595/AUTH_3c12f327ec924e3c89731d403fb9bd42/gnocchi.2d712368-9550-49f2-b348-f44629a99902/none_v3" 201 - "PUT http://[::1]:8080/1/213926/AUTH_3c12f327ec924e3c89731d403fb9bd42/gnocchi.2d712368-9550-49f2-b348-f44629a99902/none_v3" "txf8199e41b922437f9f7f6-0068e16b02" "object-server 93717" 0.0010 "-" 93384 0
Oct 04 14:44:18 np0005470878.novalocal object-server[93717]: ::1 - - [04/Oct/2025:18:44:18 +0000] "PUT /1/213926/AUTH_3c12f327ec924e3c89731d403fb9bd42/gnocchi.2d712368-9550-49f2-b348-f44629a99902/none_v3" 201 - "PUT https://[::1]:8080/v1/AUTH_3c12f327ec924e3c89731d403fb9bd42/gnocchi.2d712368-9550-49f2-b348-f44629a99902/none_v3" "txf8199e41b922437f9f7f6-0068e16b02" "proxy-server 94716" 0.0148 "-" 93717 0
Oct 04 14:44:18 np0005470878.novalocal container-server[93384]: ::1 - - [04/Oct/2025:18:44:18 +0000] "PUT /3/69595/AUTH_3c12f327ec924e3c89731d403fb9bd42/gnocchi.2d712368-9550-49f2-b348-f44629a99902/none_v3" 201 - "PUT http://[::1]:8080/3/213926/AUTH_3c12f327ec924e3c89731d403fb9bd42/gnocchi.2d712368-9550-49f2-b348-f44629a99902/none_v3" "txf8199e41b922437f9f7f6-0068e16b02" "object-server 93716" 0.0008 "-" 93384 0
Oct 04 14:44:18 np0005470878.novalocal object-server[93716]: ::1 - - [04/Oct/2025:18:44:18 +0000] "PUT /3/213926/AUTH_3c12f327ec924e3c89731d403fb9bd42/gnocchi.2d712368-9550-49f2-b348-f44629a99902/none_v3" 201 - "PUT https://[::1]:8080/v1/AUTH_3c12f327ec924e3c89731d403fb9bd42/gnocchi.2d712368-9550-49f2-b348-f44629a99902/none_v3" "txf8199e41b922437f9f7f6-0068e16b02" "proxy-server 94716" 0.0148 "-" 93716 0
Oct 04 14:44:18 np0005470878.novalocal container-server[93384]: ::1 - - [04/Oct/2025:18:44:18 +0000] "PUT /2/69595/AUTH_3c12f327ec924e3c89731d403fb9bd42/gnocchi.2d712368-9550-49f2-b348-f44629a99902/none_v3" 201 - "PUT http://[::1]:8080/2/213926/AUTH_3c12f327ec924e3c89731d403fb9bd42/gnocchi.2d712368-9550-49f2-b348-f44629a99902/none_v3" "txf8199e41b922437f9f7f6-0068e16b02" "object-server 93716" 0.0007 "-" 93384 0
Oct 04 14:44:18 np0005470878.novalocal object-server[93716]: ::1 - - [04/Oct/2025:18:44:18 +0000] "PUT /2/213926/AUTH_3c12f327ec924e3c89731d403fb9bd42/gnocchi.2d712368-9550-49f2-b348-f44629a99902/none_v3" 201 - "PUT https://[::1]:8080/v1/AUTH_3c12f327ec924e3c89731d403fb9bd42/gnocchi.2d712368-9550-49f2-b348-f44629a99902/none_v3" "txf8199e41b922437f9f7f6-0068e16b02" "proxy-server 94716" 0.0203 "-" 93716 0
Oct 04 14:44:18 np0005470878.novalocal proxy-server[94716]: ::1 ::1 04/Oct/2025/18/44/18 PUT /v1/AUTH_3c12f327ec924e3c89731d403fb9bd42/gnocchi.2d712368-9550-49f2-b348-f44629a99902/none_v3 HTTP/1.0 201 - python-swiftclient-4.7.0 gAAAAABo4WrHdnea... 32 - - txf8199e41b922437f9f7f6-0068e16b02 - 0.0322 - - 1759603458.199980021 1759603458.232166290 0
Oct 04 14:44:18 np0005470878.novalocal object-server[93717]: ::1 - - [04/Oct/2025:18:44:18 +0000] "GET /1/67050/AUTH_3c12f327ec924e3c89731d403fb9bd42/gnocchi.9628eb99-4569-4c69-ad2e-065b1751ca93/none_v3" 200 32 "GET https://[::1]:8080/v1/AUTH_3c12f327ec924e3c89731d403fb9bd42/gnocchi.9628eb99-4569-4c69-ad2e-065b1751ca93/none_v3" "txf4678b96cba6420fa86c6-0068e16b02" "proxy-server 94717" 0.0009 "-" 93717 0
Oct 04 14:44:18 np0005470878.novalocal proxy-server[94717]: ::1 ::1 04/Oct/2025/18/44/18 GET /v1/AUTH_3c12f327ec924e3c89731d403fb9bd42/gnocchi.9628eb99-4569-4c69-ad2e-065b1751ca93/none_v3 HTTP/1.0 200 - python-swiftclient-4.7.0 gAAAAABo4Wq9xl3N... - 32 - txf4678b96cba6420fa86c6-0068e16b02 - 0.0133 - - 1759603458.250081539 1759603458.263375044 0
Oct 04 14:44:18 np0005470878.novalocal object-server[93716]: ::1 - - [04/Oct/2025:18:44:18 +0000] "GET /2/3215/AUTH_3c12f327ec924e3c89731d403fb9bd42/gnocchi.265ab4c2-a75a-424e-a34b-1e5ed3073f16/none_v3" 200 22 "GET https://[::1]:8080/v1/AUTH_3c12f327ec924e3c89731d403fb9bd42/gnocchi.265ab4c2-a75a-424e-a34b-1e5ed3073f16/none_v3" "tx22ad1bac920b4d06b95e9-0068e16b02" "proxy-server 94716" 0.0011 "-" 93716 0
Oct 04 14:44:18 np0005470878.novalocal proxy-server[94716]: ::1 ::1 04/Oct/2025/18/44/18 GET /v1/AUTH_3c12f327ec924e3c89731d403fb9bd42/gnocchi.265ab4c2-a75a-424e-a34b-1e5ed3073f16/none_v3 HTTP/1.0 200 - python-swiftclient-4.7.0 gAAAAABo4WrHdnea... - 22 - tx22ad1bac920b4d06b95e9-0068e16b02 - 0.0107 - - 1759603458.269007206 1759603458.279750586 0
Oct 04 14:44:18 np0005470878.novalocal container-server[93384]: ::1 - - [04/Oct/2025:18:44:18 +0000] "GET /2/80020/AUTH_3c12f327ec924e3c89731d403fb9bd42/gnocchi.9628eb99-4569-4c69-ad2e-065b1751ca93" 200 357 "GET https://[::1]:8080/v1/AUTH_3c12f327ec924e3c89731d403fb9bd42/gnocchi.9628eb99-4569-4c69-ad2e-065b1751ca93?format=json&states=listing" "tx27adb0b18c4146d1b2de2-0068e16b02" "proxy-server 94717" 0.0108 "-" 93384 0
Oct 04 14:44:18 np0005470878.novalocal proxy-server[94717]: ::1 ::1 04/Oct/2025/18/44/18 GET /v1/AUTH_3c12f327ec924e3c89731d403fb9bd42/gnocchi.9628eb99-4569-4c69-ad2e-065b1751ca93%3Fformat%3Djson%26states%3Dlisting HTTP/1.0 200 - python-swiftclient-4.7.0 gAAAAABo4Wq9xl3N... - 357 - tx27adb0b18c4146d1b2de2-0068e16b02 - 0.0229 - - 1759603458.268127680 1759603458.291027546 0
Oct 04 14:44:18 np0005470878.novalocal container-server[93383]: ::1 - - [04/Oct/2025:18:44:18 +0000] "GET /2/5547/AUTH_3c12f327ec924e3c89731d403fb9bd42/gnocchi.265ab4c2-a75a-424e-a34b-1e5ed3073f16" 200 357 "GET https://[::1]:8080/v1/AUTH_3c12f327ec924e3c89731d403fb9bd42/gnocchi.265ab4c2-a75a-424e-a34b-1e5ed3073f16?format=json&states=listing" "tx11e9c76225cf4ac6b62f6-0068e16b02" "proxy-server 94716" 0.0039 "-" 93383 0
Oct 04 14:44:18 np0005470878.novalocal proxy-server[94716]: ::1 ::1 04/Oct/2025/18/44/18 GET /v1/AUTH_3c12f327ec924e3c89731d403fb9bd42/gnocchi.265ab4c2-a75a-424e-a34b-1e5ed3073f16%3Fformat%3Djson%26states%3Dlisting HTTP/1.0 200 - python-swiftclient-4.7.0 gAAAAABo4WrHdnea... - 357 - tx11e9c76225cf4ac6b62f6-0068e16b02 - 0.0156 - - 1759603458.288773775 1759603458.304381132 0
Oct 04 14:44:18 np0005470878.novalocal container-server[93383]: ::1 - - [04/Oct/2025:18:44:18 +0000] "GET /3/80020/AUTH_3c12f327ec924e3c89731d403fb9bd42/gnocchi.9628eb99-4569-4c69-ad2e-065b1751ca93" 200 2 "GET https://[::1]:8080/v1/AUTH_3c12f327ec924e3c89731d403fb9bd42/gnocchi.9628eb99-4569-4c69-ad2e-065b1751ca93?format=json&marker=none_v3&states=listing" "txf12d071d5ae344a194d49-0068e16b02" "proxy-server 94717" 0.0089 "-" 93383 0
Oct 04 14:44:18 np0005470878.novalocal proxy-server[94717]: ::1 ::1 04/Oct/2025/18/44/18 GET /v1/AUTH_3c12f327ec924e3c89731d403fb9bd42/gnocchi.9628eb99-4569-4c69-ad2e-065b1751ca93%3Fformat%3Djson%26marker%3Dnone_v3%26states%3Dlisting HTTP/1.0 200 - python-swiftclient-4.7.0 gAAAAABo4Wq9xl3N... - 2 - txf12d071d5ae344a194d49-0068e16b02 - 0.0210 - - 1759603458.294228077 1759603458.315180063 0
Oct 04 14:44:18 np0005470878.novalocal container-server[93383]: ::1 - - [04/Oct/2025:18:44:18 +0000] "GET /1/5547/AUTH_3c12f327ec924e3c89731d403fb9bd42/gnocchi.265ab4c2-a75a-424e-a34b-1e5ed3073f16" 200 2 "GET https://[::1]:8080/v1/AUTH_3c12f327ec924e3c89731d403fb9bd42/gnocchi.265ab4c2-a75a-424e-a34b-1e5ed3073f16?format=json&marker=none_v3&states=listing" "tx1644e6ed24fc4ace8e065-0068e16b02" "proxy-server 94716" 0.0033 "-" 93383 0
Oct 04 14:44:18 np0005470878.novalocal proxy-server[94716]: ::1 ::1 04/Oct/2025/18/44/18 GET /v1/AUTH_3c12f327ec924e3c89731d403fb9bd42/gnocchi.265ab4c2-a75a-424e-a34b-1e5ed3073f16%3Fformat%3Djson%26marker%3Dnone_v3%26states%3Dlisting HTTP/1.0 200 - python-swiftclient-4.7.0 gAAAAABo4WrHdnea... - 2 - tx1644e6ed24fc4ace8e065-0068e16b02 - 0.0136 - - 1759603458.307316542 1759603458.320941687 0
Oct 04 14:44:18 np0005470878.novalocal object-server[93716]: ::1 - - [04/Oct/2025:18:44:18 +0000] "GET /1/222882/AUTH_3c12f327ec924e3c89731d403fb9bd42/gnocchi.9628eb99-4569-4c69-ad2e-065b1751ca93/1759320000.0_mean_300.0_v3" 200 16 "GET https://[::1]:8080/v1/AUTH_3c12f327ec924e3c89731d403fb9bd42/gnocchi.9628eb99-4569-4c69-ad2e-065b1751ca93/1759320000.0_mean_300.0_v3" "txd782b61f45824e47832bc-0068e16b02" "proxy-server 94717" 0.0011 "-" 93716 0
Oct 04 14:44:18 np0005470878.novalocal proxy-server[94717]: ::1 ::1 04/Oct/2025/18/44/18 GET /v1/AUTH_3c12f327ec924e3c89731d403fb9bd42/gnocchi.9628eb99-4569-4c69-ad2e-065b1751ca93/1759320000.0_mean_300.0_v3 HTTP/1.0 200 - python-swiftclient-4.7.0 gAAAAABo4Wq9xl3N... - 16 - txd782b61f45824e47832bc-0068e16b02 - 0.0095 - - 1759603458.319237947 1759603458.328765631 0
Oct 04 14:44:18 np0005470878.novalocal object-server[93717]: ::1 - - [04/Oct/2025:18:44:18 +0000] "GET /2/232576/AUTH_3c12f327ec924e3c89731d403fb9bd42/gnocchi.265ab4c2-a75a-424e-a34b-1e5ed3073f16/1759320000.0_mean_300.0_v3" 200 16 "GET https://[::1]:8080/v1/AUTH_3c12f327ec924e3c89731d403fb9bd42/gnocchi.265ab4c2-a75a-424e-a34b-1e5ed3073f16/1759320000.0_mean_300.0_v3" "tx93f34092055b48178d915-0068e16b02" "proxy-server 94716" 0.0009 "-" 93717 0
Oct 04 14:44:18 np0005470878.novalocal proxy-server[94716]: ::1 ::1 04/Oct/2025/18/44/18 GET /v1/AUTH_3c12f327ec924e3c89731d403fb9bd42/gnocchi.265ab4c2-a75a-424e-a34b-1e5ed3073f16/1759320000.0_mean_300.0_v3 HTTP/1.0 200 - python-swiftclient-4.7.0 gAAAAABo4WrHdnea... - 16 - tx93f34092055b48178d915-0068e16b02 - 0.0099 - - 1759603458.324991703 1759603458.334896326 0
Oct 04 14:44:18 np0005470878.novalocal container-server[93384]: ::1 - - [04/Oct/2025:18:44:18 +0000] "PUT /3/80020/AUTH_3c12f327ec924e3c89731d403fb9bd42/gnocchi.9628eb99-4569-4c69-ad2e-065b1751ca93/1759320000.0_mean_300.0_v3" 201 - "PUT http://[::1]:8080/3/222882/AUTH_3c12f327ec924e3c89731d403fb9bd42/gnocchi.9628eb99-4569-4c69-ad2e-065b1751ca93/1759320000.0_mean_300.0_v3" "txe37dbf62b5fb46109a4d9-0068e16b02" "object-server 93716" 0.0011 "-" 93384 0
Oct 04 14:44:18 np0005470878.novalocal object-server[93716]: ::1 - - [04/Oct/2025:18:44:18 +0000] "PUT /3/222882/AUTH_3c12f327ec924e3c89731d403fb9bd42/gnocchi.9628eb99-4569-4c69-ad2e-065b1751ca93/1759320000.0_mean_300.0_v3" 201 - "PUT https://[::1]:8080/v1/AUTH_3c12f327ec924e3c89731d403fb9bd42/gnocchi.9628eb99-4569-4c69-ad2e-065b1751ca93/1759320000.0_mean_300.0_v3" "txe37dbf62b5fb46109a4d9-0068e16b02" "proxy-server 94717" 0.0128 "-" 93716 0
Oct 04 14:44:18 np0005470878.novalocal container-server[93384]: ::1 - - [04/Oct/2025:18:44:18 +0000] "PUT /2/80020/AUTH_3c12f327ec924e3c89731d403fb9bd42/gnocchi.9628eb99-4569-4c69-ad2e-065b1751ca93/1759320000.0_mean_300.0_v3" 201 - "PUT http://[::1]:8080/1/222882/AUTH_3c12f327ec924e3c89731d403fb9bd42/gnocchi.9628eb99-4569-4c69-ad2e-065b1751ca93/1759320000.0_mean_300.0_v3" "txe37dbf62b5fb46109a4d9-0068e16b02" "object-server 93716" 0.0011 "-" 93384 0
Oct 04 14:44:18 np0005470878.novalocal object-server[93716]: ::1 - - [04/Oct/2025:18:44:18 +0000] "PUT /1/222882/AUTH_3c12f327ec924e3c89731d403fb9bd42/gnocchi.9628eb99-4569-4c69-ad2e-065b1751ca93/1759320000.0_mean_300.0_v3" 201 - "PUT https://[::1]:8080/v1/AUTH_3c12f327ec924e3c89731d403fb9bd42/gnocchi.9628eb99-4569-4c69-ad2e-065b1751ca93/1759320000.0_mean_300.0_v3" "txe37dbf62b5fb46109a4d9-0068e16b02" "proxy-server 94717" 0.0200 "-" 93716 0
Oct 04 14:44:18 np0005470878.novalocal container-server[93384]: ::1 - - [04/Oct/2025:18:44:18 +0000] "PUT /1/80020/AUTH_3c12f327ec924e3c89731d403fb9bd42/gnocchi.9628eb99-4569-4c69-ad2e-065b1751ca93/1759320000.0_mean_300.0_v3" 201 - "PUT http://[::1]:8080/2/222882/AUTH_3c12f327ec924e3c89731d403fb9bd42/gnocchi.9628eb99-4569-4c69-ad2e-065b1751ca93/1759320000.0_mean_300.0_v3" "txe37dbf62b5fb46109a4d9-0068e16b02" "object-server 93716" 0.0008 "-" 93384 0
Oct 04 14:44:18 np0005470878.novalocal object-server[93716]: ::1 - - [04/Oct/2025:18:44:18 +0000] "PUT /2/222882/AUTH_3c12f327ec924e3c89731d403fb9bd42/gnocchi.9628eb99-4569-4c69-ad2e-065b1751ca93/1759320000.0_mean_300.0_v3" 201 - "PUT https://[::1]:8080/v1/AUTH_3c12f327ec924e3c89731d403fb9bd42/gnocchi.9628eb99-4569-4c69-ad2e-065b1751ca93/1759320000.0_mean_300.0_v3" "txe37dbf62b5fb46109a4d9-0068e16b02" "proxy-server 94717" 0.0201 "-" 93716 0
Oct 04 14:44:18 np0005470878.novalocal proxy-server[94717]: ::1 ::1 04/Oct/2025/18/44/18 PUT /v1/AUTH_3c12f327ec924e3c89731d403fb9bd42/gnocchi.9628eb99-4569-4c69-ad2e-065b1751ca93/1759320000.0_mean_300.0_v3 HTTP/1.0 201 - python-swiftclient-4.7.0 gAAAAABo4Wq9xl3N... 16 - - txe37dbf62b5fb46109a4d9-0068e16b02 - 0.0307 - - 1759603458.332141399 1759603458.362840891 0
Oct 04 14:44:18 np0005470878.novalocal container-server[93383]: ::1 - - [04/Oct/2025:18:44:18 +0000] "PUT /3/5547/AUTH_3c12f327ec924e3c89731d403fb9bd42/gnocchi.265ab4c2-a75a-424e-a34b-1e5ed3073f16/1759320000.0_mean_300.0_v3" 201 - "PUT http://[::1]:8080/2/232576/AUTH_3c12f327ec924e3c89731d403fb9bd42/gnocchi.265ab4c2-a75a-424e-a34b-1e5ed3073f16/1759320000.0_mean_300.0_v3" "txbcdecbac68a947e08af68-0068e16b02" "object-server 93717" 0.0010 "-" 93383 0
Oct 04 14:44:18 np0005470878.novalocal container-server[93383]: ::1 - - [04/Oct/2025:18:44:18 +0000] "PUT /2/5547/AUTH_3c12f327ec924e3c89731d403fb9bd42/gnocchi.265ab4c2-a75a-424e-a34b-1e5ed3073f16/1759320000.0_mean_300.0_v3" 201 - "PUT http://[::1]:8080/1/232576/AUTH_3c12f327ec924e3c89731d403fb9bd42/gnocchi.265ab4c2-a75a-424e-a34b-1e5ed3073f16/1759320000.0_mean_300.0_v3" "txbcdecbac68a947e08af68-0068e16b02" "object-server 93717" 0.0006 "-" 93383 0
Oct 04 14:44:18 np0005470878.novalocal object-server[93717]: ::1 - - [04/Oct/2025:18:44:18 +0000] "PUT /2/232576/AUTH_3c12f327ec924e3c89731d403fb9bd42/gnocchi.265ab4c2-a75a-424e-a34b-1e5ed3073f16/1759320000.0_mean_300.0_v3" 201 - "PUT https://[::1]:8080/v1/AUTH_3c12f327ec924e3c89731d403fb9bd42/gnocchi.265ab4c2-a75a-424e-a34b-1e5ed3073f16/1759320000.0_mean_300.0_v3" "txbcdecbac68a947e08af68-0068e16b02" "proxy-server 94716" 0.0211 "-" 93717 0
Oct 04 14:44:18 np0005470878.novalocal object-server[93717]: ::1 - - [04/Oct/2025:18:44:18 +0000] "PUT /1/232576/AUTH_3c12f327ec924e3c89731d403fb9bd42/gnocchi.265ab4c2-a75a-424e-a34b-1e5ed3073f16/1759320000.0_mean_300.0_v3" 201 - "PUT https://[::1]:8080/v1/AUTH_3c12f327ec924e3c89731d403fb9bd42/gnocchi.265ab4c2-a75a-424e-a34b-1e5ed3073f16/1759320000.0_mean_300.0_v3" "txbcdecbac68a947e08af68-0068e16b02" "proxy-server 94716" 0.0293 "-" 93717 0
Oct 04 14:44:18 np0005470878.novalocal container-server[93384]: ::1 - - [04/Oct/2025:18:44:18 +0000] "PUT /1/5547/AUTH_3c12f327ec924e3c89731d403fb9bd42/gnocchi.265ab4c2-a75a-424e-a34b-1e5ed3073f16/1759320000.0_mean_300.0_v3" 201 - "PUT http://[::1]:8080/3/232576/AUTH_3c12f327ec924e3c89731d403fb9bd42/gnocchi.265ab4c2-a75a-424e-a34b-1e5ed3073f16/1759320000.0_mean_300.0_v3" "txbcdecbac68a947e08af68-0068e16b02" "object-server 93717" 0.0011 "-" 93384 0
