Oct 04 14:44:03 np0005470878.novalocal proxy-server[94717]: - - 04/Oct/2025/18/44/03 HEAD /v1/AUTH_3c12f327ec924e3c89731d403fb9bd42%3Fformat%3Djson HTTP/1.0 204 - Swift - - - - tx43b51676c9f44ab197c1c-0068e16af3 - 0.0119 CS - 1759603443.017650127 1759603443.029506207 -
Oct 04 14:44:03 np0005470878.novalocal container-server[93384]: ::1 - - [04/Oct/2025:18:44:03 +0000] "HEAD /2/213050/AUTH_3c12f327ec924e3c89731d403fb9bd42/gnocchi.2ccea72e-d772-41c4-9952-a4470c316605" 404 - "HEAD http://[::1]:8080/v1/AUTH_3c12f327ec924e3c89731d403fb9bd42/gnocchi.2ccea72e-d772-41c4-9952-a4470c316605" "tx43b51676c9f44ab197c1c-0068e16af3" "proxy-server 94717" 0.0003 "-" 93384 0
Oct 04 14:44:03 np0005470878.novalocal container-server[93383]: ::1 - - [04/Oct/2025:18:44:03 +0000] "HEAD /3/213050/AUTH_3c12f327ec924e3c89731d403fb9bd42/gnocchi.2ccea72e-d772-41c4-9952-a4470c316605" 404 - "HEAD http://[::1]:8080/v1/AUTH_3c12f327ec924e3c89731d403fb9bd42/gnocchi.2ccea72e-d772-41c4-9952-a4470c316605" "tx43b51676c9f44ab197c1c-0068e16af3" "proxy-server 94717" 0.0006 "-" 93383 0
Oct 04 14:44:03 np0005470878.novalocal container-server[93383]: ::1 - - [04/Oct/2025:18:44:03 +0000] "HEAD /1/213050/AUTH_3c12f327ec924e3c89731d403fb9bd42/gnocchi.2ccea72e-d772-41c4-9952-a4470c316605" 404 - "HEAD http://[::1]:8080/v1/AUTH_3c12f327ec924e3c89731d403fb9bd42/gnocchi.2ccea72e-d772-41c4-9952-a4470c316605" "tx43b51676c9f44ab197c1c-0068e16af3" "proxy-server 94717" 0.0004 "-" 93383 0
Oct 04 14:44:03 np0005470878.novalocal proxy-server[94717]: - - 04/Oct/2025/18/44/03 HEAD /v1/AUTH_3c12f327ec924e3c89731d403fb9bd42/gnocchi.2ccea72e-d772-41c4-9952-a4470c316605 HTTP/1.0 404 - Swift - - - - tx43b51676c9f44ab197c1c-0068e16af3 - 0.0137 CS - 1759603443.031335115 1759603443.045009851 0
Oct 04 14:44:03 np0005470878.novalocal object-server[93717]: ::1 - - [04/Oct/2025:18:44:03 +0000] "GET /1/21756/AUTH_3c12f327ec924e3c89731d403fb9bd42/gnocchi.2ccea72e-d772-41c4-9952-a4470c316605/none_v3" 404 70 "GET https://[::1]:8080/v1/AUTH_3c12f327ec924e3c89731d403fb9bd42/gnocchi.2ccea72e-d772-41c4-9952-a4470c316605/none_v3" "tx43b51676c9f44ab197c1c-0068e16af3" "proxy-server 94717" 0.0005 "-" 93717 0
Oct 04 14:44:03 np0005470878.novalocal object-server[93716]: ::1 - - [04/Oct/2025:18:44:03 +0000] "GET /3/21756/AUTH_3c12f327ec924e3c89731d403fb9bd42/gnocchi.2ccea72e-d772-41c4-9952-a4470c316605/none_v3" 404 70 "GET https://[::1]:8080/v1/AUTH_3c12f327ec924e3c89731d403fb9bd42/gnocchi.2ccea72e-d772-41c4-9952-a4470c316605/none_v3" "tx43b51676c9f44ab197c1c-0068e16af3" "proxy-server 94717" 0.0006 "-" 93716 0
Oct 04 14:44:03 np0005470878.novalocal object-server[93717]: ::1 - - [04/Oct/2025:18:44:03 +0000] "GET /2/21756/AUTH_3c12f327ec924e3c89731d403fb9bd42/gnocchi.2ccea72e-d772-41c4-9952-a4470c316605/none_v3" 404 70 "GET https://[::1]:8080/v1/AUTH_3c12f327ec924e3c89731d403fb9bd42/gnocchi.2ccea72e-d772-41c4-9952-a4470c316605/none_v3" "tx43b51676c9f44ab197c1c-0068e16af3" "proxy-server 94717" 0.0004 "-" 93717 0
Oct 04 14:44:03 np0005470878.novalocal proxy-server[94717]: ::1 ::1 04/Oct/2025/18/44/03 GET /v1/AUTH_3c12f327ec924e3c89731d403fb9bd42/gnocchi.2ccea72e-d772-41c4-9952-a4470c316605/none_v3 HTTP/1.0 404 - python-swiftclient-4.7.0 gAAAAABo4Wq9xl3N... - 70 - tx43b51676c9f44ab197c1c-0068e16af3 - 0.0546 - - 1759603443.016410589 1759603443.071039200 0
Oct 04 14:44:03 np0005470878.novalocal account-server[93089]: ::1 - - [04/Oct/2025:18:44:03 +0000] "PUT /2/140569/AUTH_3c12f327ec924e3c89731d403fb9bd42/gnocchi.2ccea72e-d772-41c4-9952-a4470c316605" 201 - "PUT http://[::1]:6001/2/213050/AUTH_3c12f327ec924e3c89731d403fb9bd42/gnocchi.2ccea72e-d772-41c4-9952-a4470c316605" "tx54db2a6744a8482da6c1c-0068e16af3" "container-server 93383" 0.0041 "-" 93089 0
Oct 04 14:44:03 np0005470878.novalocal account-server[93088]: ::1 - - [04/Oct/2025:18:44:03 +0000] "PUT /3/140569/AUTH_3c12f327ec924e3c89731d403fb9bd42/gnocchi.2ccea72e-d772-41c4-9952-a4470c316605" 201 - "PUT http://[::1]:6001/3/213050/AUTH_3c12f327ec924e3c89731d403fb9bd42/gnocchi.2ccea72e-d772-41c4-9952-a4470c316605" "tx54db2a6744a8482da6c1c-0068e16af3" "container-server 93383" 0.0039 "-" 93088 0
Oct 04 14:44:03 np0005470878.novalocal container-server[93383]: ::1 - - [04/Oct/2025:18:44:03 +0000] "HEAD /2/80020/AUTH_3c12f327ec924e3c89731d403fb9bd42/gnocchi.9628eb99-4569-4c69-ad2e-065b1751ca93" 404 - "HEAD http://[::1]:8080/v1/AUTH_3c12f327ec924e3c89731d403fb9bd42/gnocchi.9628eb99-4569-4c69-ad2e-065b1751ca93" "tx774f674d81354aa8b04d5-0068e16af3" "proxy-server 94716" 0.0004 "-" 93383 0
Oct 04 14:44:03 np0005470878.novalocal container-server[93383]: ::1 - - [04/Oct/2025:18:44:03 +0000] "PUT /2/213050/AUTH_3c12f327ec924e3c89731d403fb9bd42/gnocchi.2ccea72e-d772-41c4-9952-a4470c316605" 201 - "PUT https://[::1]:8080/v1/AUTH_3c12f327ec924e3c89731d403fb9bd42/gnocchi.2ccea72e-d772-41c4-9952-a4470c316605" "tx54db2a6744a8482da6c1c-0068e16af3" "proxy-server 94717" 0.0406 "-" 93383 0
Oct 04 14:44:03 np0005470878.novalocal container-server[93383]: ::1 - - [04/Oct/2025:18:44:03 +0000] "PUT /3/213050/AUTH_3c12f327ec924e3c89731d403fb9bd42/gnocchi.2ccea72e-d772-41c4-9952-a4470c316605" 201 - "PUT https://[::1]:8080/v1/AUTH_3c12f327ec924e3c89731d403fb9bd42/gnocchi.2ccea72e-d772-41c4-9952-a4470c316605" "tx54db2a6744a8482da6c1c-0068e16af3" "proxy-server 94717" 0.0575 "-" 93383 0
Oct 04 14:44:03 np0005470878.novalocal account-server[93088]: ::1 - - [04/Oct/2025:18:44:03 +0000] "PUT /1/140569/AUTH_3c12f327ec924e3c89731d403fb9bd42/gnocchi.2ccea72e-d772-41c4-9952-a4470c316605" 201 - "PUT http://[::1]:6001/1/213050/AUTH_3c12f327ec924e3c89731d403fb9bd42/gnocchi.2ccea72e-d772-41c4-9952-a4470c316605" "tx54db2a6744a8482da6c1c-0068e16af3" "container-server 93383" 0.0016 "-" 93088 0
Oct 04 14:44:03 np0005470878.novalocal container-server[93383]: ::1 - - [04/Oct/2025:18:44:03 +0000] "PUT /1/213050/AUTH_3c12f327ec924e3c89731d403fb9bd42/gnocchi.2ccea72e-d772-41c4-9952-a4470c316605" 201 - "PUT https://[::1]:8080/v1/AUTH_3c12f327ec924e3c89731d403fb9bd42/gnocchi.2ccea72e-d772-41c4-9952-a4470c316605" "tx54db2a6744a8482da6c1c-0068e16af3" "proxy-server 94717" 0.0297 "-" 93383 0
Oct 04 14:44:03 np0005470878.novalocal container-server[93384]: ::1 - - [04/Oct/2025:18:44:03 +0000] "HEAD /1/80020/AUTH_3c12f327ec924e3c89731d403fb9bd42/gnocchi.9628eb99-4569-4c69-ad2e-065b1751ca93" 404 - "HEAD http://[::1]:8080/v1/AUTH_3c12f327ec924e3c89731d403fb9bd42/gnocchi.9628eb99-4569-4c69-ad2e-065b1751ca93" "tx774f674d81354aa8b04d5-0068e16af3" "proxy-server 94716" 0.0008 "-" 93384 0
Oct 04 14:44:03 np0005470878.novalocal proxy-server[94717]: ::1 ::1 04/Oct/2025/18/44/03 PUT /v1/AUTH_3c12f327ec924e3c89731d403fb9bd42/gnocchi.2ccea72e-d772-41c4-9952-a4470c316605 HTTP/1.0 201 - python-swiftclient-4.7.0 gAAAAABo4Wq9xl3N... - - - tx54db2a6744a8482da6c1c-0068e16af3 - 0.0830 - - 1759603443.074711323 1759603443.157679319 0
Oct 04 14:44:03 np0005470878.novalocal container-server[93383]: ::1 - - [04/Oct/2025:18:44:03 +0000] "HEAD /3/80020/AUTH_3c12f327ec924e3c89731d403fb9bd42/gnocchi.9628eb99-4569-4c69-ad2e-065b1751ca93" 404 - "HEAD http://[::1]:8080/v1/AUTH_3c12f327ec924e3c89731d403fb9bd42/gnocchi.9628eb99-4569-4c69-ad2e-065b1751ca93" "tx774f674d81354aa8b04d5-0068e16af3" "proxy-server 94716" 0.0005 "-" 93383 0
Oct 04 14:44:03 np0005470878.novalocal proxy-server[94716]: - - 04/Oct/2025/18/44/03 HEAD /v1/AUTH_3c12f327ec924e3c89731d403fb9bd42/gnocchi.9628eb99-4569-4c69-ad2e-065b1751ca93 HTTP/1.0 404 - Swift - - - - tx774f674d81354aa8b04d5-0068e16af3 - 0.0584 CS - 1759603443.102954388 1759603443.161313534 0
Oct 04 14:44:03 np0005470878.novalocal object-server[93717]: ::1 - - [04/Oct/2025:18:44:03 +0000] "GET /1/67050/AUTH_3c12f327ec924e3c89731d403fb9bd42/gnocchi.9628eb99-4569-4c69-ad2e-065b1751ca93/none_v3" 404 70 "GET https://[::1]:8080/v1/AUTH_3c12f327ec924e3c89731d403fb9bd42/gnocchi.9628eb99-4569-4c69-ad2e-065b1751ca93/none_v3" "tx774f674d81354aa8b04d5-0068e16af3" "proxy-server 94716" 0.0004 "-" 93717 0
Oct 04 14:44:03 np0005470878.novalocal object-server[93716]: ::1 - - [04/Oct/2025:18:44:03 +0000] "GET /2/67050/AUTH_3c12f327ec924e3c89731d403fb9bd42/gnocchi.9628eb99-4569-4c69-ad2e-065b1751ca93/none_v3" 404 70 "GET https://[::1]:8080/v1/AUTH_3c12f327ec924e3c89731d403fb9bd42/gnocchi.9628eb99-4569-4c69-ad2e-065b1751ca93/none_v3" "tx774f674d81354aa8b04d5-0068e16af3" "proxy-server 94716" 0.0004 "-" 93716 0
Oct 04 14:44:03 np0005470878.novalocal object-server[93716]: ::1 - - [04/Oct/2025:18:44:03 +0000] "GET /3/67050/AUTH_3c12f327ec924e3c89731d403fb9bd42/gnocchi.9628eb99-4569-4c69-ad2e-065b1751ca93/none_v3" 404 70 "GET https://[::1]:8080/v1/AUTH_3c12f327ec924e3c89731d403fb9bd42/gnocchi.9628eb99-4569-4c69-ad2e-065b1751ca93/none_v3" "tx774f674d81354aa8b04d5-0068e16af3" "proxy-server 94716" 0.0002 "-" 93716 0
Oct 04 14:44:03 np0005470878.novalocal proxy-server[94716]: ::1 ::1 04/Oct/2025/18/44/03 GET /v1/AUTH_3c12f327ec924e3c89731d403fb9bd42/gnocchi.9628eb99-4569-4c69-ad2e-065b1751ca93/none_v3 HTTP/1.0 404 - python-swiftclient-4.7.0 gAAAAABo4WrHdnea... - 70 - tx774f674d81354aa8b04d5-0068e16af3 - 0.0740 - - 1759603443.102093458 1759603443.176057339 0
Oct 04 14:44:03 np0005470878.novalocal container-server[93384]: ::1 - - [04/Oct/2025:18:44:03 +0000] "HEAD /3/213050/AUTH_3c12f327ec924e3c89731d403fb9bd42/gnocchi.2ccea72e-d772-41c4-9952-a4470c316605" 204 - "HEAD http://[::1]:8080/v1/AUTH_3c12f327ec924e3c89731d403fb9bd42/gnocchi.2ccea72e-d772-41c4-9952-a4470c316605" "tx87c696aaf6ab4d37b314a-0068e16af3" "proxy-server 94717" 0.0030 "-" 93384 0
Oct 04 14:44:03 np0005470878.novalocal proxy-server[94717]: - - 04/Oct/2025/18/44/03 HEAD /v1/AUTH_3c12f327ec924e3c89731d403fb9bd42/gnocchi.2ccea72e-d772-41c4-9952-a4470c316605 HTTP/1.0 204 - Swift - - - - tx87c696aaf6ab4d37b314a-0068e16af3 - 0.0177 CS - 1759603443.165269613 1759603443.182996988 0
Oct 04 14:44:03 np0005470878.novalocal account-server[93089]: ::1 - - [04/Oct/2025:18:44:03 +0000] "PUT /3/140569/AUTH_3c12f327ec924e3c89731d403fb9bd42/gnocchi.9628eb99-4569-4c69-ad2e-065b1751ca93" 201 - "PUT http://[::1]:6001/3/80020/AUTH_3c12f327ec924e3c89731d403fb9bd42/gnocchi.9628eb99-4569-4c69-ad2e-065b1751ca93" "tx04703f9cb539438984216-0068e16af3" "container-server 93383" 0.0049 "-" 93089 0
Oct 04 14:44:03 np0005470878.novalocal container-server[93383]: ::1 - - [04/Oct/2025:18:44:03 +0000] "PUT /3/80020/AUTH_3c12f327ec924e3c89731d403fb9bd42/gnocchi.9628eb99-4569-4c69-ad2e-065b1751ca93" 201 - "PUT https://[::1]:8080/v1/AUTH_3c12f327ec924e3c89731d403fb9bd42/gnocchi.9628eb99-4569-4c69-ad2e-065b1751ca93" "tx04703f9cb539438984216-0068e16af3" "proxy-server 94716" 0.0231 "-" 93383 0
Oct 04 14:44:03 np0005470878.novalocal container-server[93384]: ::1 - - [04/Oct/2025:18:44:03 +0000] "GET /1/213050/AUTH_3c12f327ec924e3c89731d403fb9bd42/gnocchi.2ccea72e-d772-41c4-9952-a4470c316605" 200 2 "GET https://[::1]:8080/v1/AUTH_3c12f327ec924e3c89731d403fb9bd42/gnocchi.2ccea72e-d772-41c4-9952-a4470c316605?format=json&states=listing" "tx87c696aaf6ab4d37b314a-0068e16af3" "proxy-server 94717" 0.0041 "-" 93384 0
Oct 04 14:44:03 np0005470878.novalocal account-server[93088]: ::1 - - [04/Oct/2025:18:44:03 +0000] "PUT /2/140569/AUTH_3c12f327ec924e3c89731d403fb9bd42/gnocchi.9628eb99-4569-4c69-ad2e-065b1751ca93" 201 - "PUT http://[::1]:6001/2/80020/AUTH_3c12f327ec924e3c89731d403fb9bd42/gnocchi.9628eb99-4569-4c69-ad2e-065b1751ca93" "tx04703f9cb539438984216-0068e16af3" "container-server 93384" 0.0072 "-" 93088 0
Oct 04 14:44:03 np0005470878.novalocal proxy-server[94717]: ::1 ::1 04/Oct/2025/18/44/03 GET /v1/AUTH_3c12f327ec924e3c89731d403fb9bd42/gnocchi.2ccea72e-d772-41c4-9952-a4470c316605%3Fformat%3Djson%26states%3Dlisting HTTP/1.0 200 - python-swiftclient-4.7.0 gAAAAABo4Wq9xl3N... - 2 - tx87c696aaf6ab4d37b314a-0068e16af3 - 0.0506 - - 1759603443.164142609 1759603443.214789391 0
Oct 04 14:44:03 np0005470878.novalocal account-server[93089]: ::1 - - [04/Oct/2025:18:44:03 +0000] "PUT /1/140569/AUTH_3c12f327ec924e3c89731d403fb9bd42/gnocchi.9628eb99-4569-4c69-ad2e-065b1751ca93" 201 - "PUT http://[::1]:6001/1/80020/AUTH_3c12f327ec924e3c89731d403fb9bd42/gnocchi.9628eb99-4569-4c69-ad2e-065b1751ca93" "tx04703f9cb539438984216-0068e16af3" "container-server 93383" 0.0089 "-" 93089 0
Oct 04 14:44:03 np0005470878.novalocal container-server[93384]: ::1 - - [04/Oct/2025:18:44:03 +0000] "PUT /2/80020/AUTH_3c12f327ec924e3c89731d403fb9bd42/gnocchi.9628eb99-4569-4c69-ad2e-065b1751ca93" 201 - "PUT https://[::1]:8080/v1/AUTH_3c12f327ec924e3c89731d403fb9bd42/gnocchi.9628eb99-4569-4c69-ad2e-065b1751ca93" "tx04703f9cb539438984216-0068e16af3" "proxy-server 94716" 0.0350 "-" 93384 0
Oct 04 14:44:03 np0005470878.novalocal container-server[93383]: ::1 - - [04/Oct/2025:18:44:03 +0000] "PUT /1/80020/AUTH_3c12f327ec924e3c89731d403fb9bd42/gnocchi.9628eb99-4569-4c69-ad2e-065b1751ca93" 201 - "PUT https://[::1]:8080/v1/AUTH_3c12f327ec924e3c89731d403fb9bd42/gnocchi.9628eb99-4569-4c69-ad2e-065b1751ca93" "tx04703f9cb539438984216-0068e16af3" "proxy-server 94716" 0.0230 "-" 93383 0
Oct 04 14:44:03 np0005470878.novalocal haproxy-metadata-proxy-27a1367f-7b77-41ac-b9ab-950eec0d91bf[100546]: ::ffff:10.100.0.3:36592 [04/Oct/2025:14:44:02.198] listener listener/metadata 0/0/0/1023/1023 200 94 - - ---- 1/1/0/0/0 0/0 "GET /2009-04-04/meta-data/block-device-mapping/root HTTP/1.1"
Oct 04 14:44:03 np0005470878.novalocal proxy-server[94716]: ::1 ::1 04/Oct/2025/18/44/03 PUT /v1/AUTH_3c12f327ec924e3c89731d403fb9bd42/gnocchi.9628eb99-4569-4c69-ad2e-065b1751ca93 HTTP/1.0 201 - python-swiftclient-4.7.0 gAAAAABo4WrHdnea... - - - tx04703f9cb539438984216-0068e16af3 - 0.0436 - - 1759603443.179325104 1759603443.222908020 0
Oct 04 14:44:03 np0005470878.novalocal object-server[93717]: ::1 - - [04/Oct/2025:18:44:03 +0000] "GET /2/165619/AUTH_3c12f327ec924e3c89731d403fb9bd42/gnocchi.2ccea72e-d772-41c4-9952-a4470c316605/1759320000.0_mean_300.0_v3" 404 70 "GET https://[::1]:8080/v1/AUTH_3c12f327ec924e3c89731d403fb9bd42/gnocchi.2ccea72e-d772-41c4-9952-a4470c316605/1759320000.0_mean_300.0_v3" "txad6639f953e2420a87c7a-0068e16af3" "proxy-server 94717" 0.0003 "-" 93717 0
Oct 04 14:44:03 np0005470878.novalocal object-server[93717]: ::1 - - [04/Oct/2025:18:44:03 +0000] "GET /3/165619/AUTH_3c12f327ec924e3c89731d403fb9bd42/gnocchi.2ccea72e-d772-41c4-9952-a4470c316605/1759320000.0_mean_300.0_v3" 404 70 "GET https://[::1]:8080/v1/AUTH_3c12f327ec924e3c89731d403fb9bd42/gnocchi.2ccea72e-d772-41c4-9952-a4470c316605/1759320000.0_mean_300.0_v3" "txad6639f953e2420a87c7a-0068e16af3" "proxy-server 94717" 0.0002 "-" 93717 0
Oct 04 14:44:03 np0005470878.novalocal container-server[93384]: ::1 - - [04/Oct/2025:18:44:03 +0000] "HEAD /1/80020/AUTH_3c12f327ec924e3c89731d403fb9bd42/gnocchi.9628eb99-4569-4c69-ad2e-065b1751ca93" 204 - "HEAD http://[::1]:8080/v1/AUTH_3c12f327ec924e3c89731d403fb9bd42/gnocchi.9628eb99-4569-4c69-ad2e-065b1751ca93" "tx25c9308e66e54707967bf-0068e16af3" "proxy-server 94716" 0.0012 "-" 93384 0
Oct 04 14:44:03 np0005470878.novalocal object-server[93717]: ::1 - - [04/Oct/2025:18:44:03 +0000] "GET /1/165619/AUTH_3c12f327ec924e3c89731d403fb9bd42/gnocchi.2ccea72e-d772-41c4-9952-a4470c316605/1759320000.0_mean_300.0_v3" 404 70 "GET https://[::1]:8080/v1/AUTH_3c12f327ec924e3c89731d403fb9bd42/gnocchi.2ccea72e-d772-41c4-9952-a4470c316605/1759320000.0_mean_300.0_v3" "txad6639f953e2420a87c7a-0068e16af3" "proxy-server 94717" 0.0002 "-" 93717 0
Oct 04 14:44:03 np0005470878.novalocal proxy-server[94717]: ::1 ::1 04/Oct/2025/18/44/03 GET /v1/AUTH_3c12f327ec924e3c89731d403fb9bd42/gnocchi.2ccea72e-d772-41c4-9952-a4470c316605/1759320000.0_mean_300.0_v3 HTTP/1.0 404 - python-swiftclient-4.7.0 gAAAAABo4Wq9xl3N... - 70 - txad6639f953e2420a87c7a-0068e16af3 - 0.0138 - - 1759603443.218643188 1759603443.232421398 0
Oct 04 14:44:03 np0005470878.novalocal proxy-server[94716]: - - 04/Oct/2025/18/44/03 HEAD /v1/AUTH_3c12f327ec924e3c89731d403fb9bd42/gnocchi.9628eb99-4569-4c69-ad2e-065b1751ca93 HTTP/1.0 204 - Swift - - - - tx25c9308e66e54707967bf-0068e16af3 - 0.0060 CS - 1759603443.227061987 1759603443.233072281 0
Oct 04 14:44:03 np0005470878.novalocal container-server[93383]: ::1 - - [04/Oct/2025:18:44:03 +0000] "GET /1/80020/AUTH_3c12f327ec924e3c89731d403fb9bd42/gnocchi.9628eb99-4569-4c69-ad2e-065b1751ca93" 200 2 "GET https://[::1]:8080/v1/AUTH_3c12f327ec924e3c89731d403fb9bd42/gnocchi.9628eb99-4569-4c69-ad2e-065b1751ca93?format=json&states=listing" "tx25c9308e66e54707967bf-0068e16af3" "proxy-server 94716" 0.0015 "-" 93383 0
Oct 04 14:44:03 np0005470878.novalocal proxy-server[94716]: ::1 ::1 04/Oct/2025/18/44/03 GET /v1/AUTH_3c12f327ec924e3c89731d403fb9bd42/gnocchi.9628eb99-4569-4c69-ad2e-065b1751ca93%3Fformat%3Djson%26states%3Dlisting HTTP/1.0 200 - python-swiftclient-4.7.0 gAAAAABo4WrHdnea... - 2 - tx25c9308e66e54707967bf-0068e16af3 - 0.0229 - - 1759603443.226522207 1759603443.249471188 0
Oct 04 14:44:03 np0005470878.novalocal container-server[93383]: ::1 - - [04/Oct/2025:18:44:03 +0000] "PUT /2/213050/AUTH_3c12f327ec924e3c89731d403fb9bd42/gnocchi.2ccea72e-d772-41c4-9952-a4470c316605/1759320000.0_mean_300.0_v3" 201 - "PUT http://[::1]:8080/1/165619/AUTH_3c12f327ec924e3c89731d403fb9bd42/gnocchi.2ccea72e-d772-41c4-9952-a4470c316605/1759320000.0_mean_300.0_v3" "tx70105ab510b94b9997c5b-0068e16af3" "object-server 93717" 0.0006 "-" 93383 0
Oct 04 14:44:03 np0005470878.novalocal container-server[93384]: ::1 - - [04/Oct/2025:18:44:03 +0000] "PUT /1/213050/AUTH_3c12f327ec924e3c89731d403fb9bd42/gnocchi.2ccea72e-d772-41c4-9952-a4470c316605/1759320000.0_mean_300.0_v3" 201 - "PUT http://[::1]:8080/3/165619/AUTH_3c12f327ec924e3c89731d403fb9bd42/gnocchi.2ccea72e-d772-41c4-9952-a4470c316605/1759320000.0_mean_300.0_v3" "tx70105ab510b94b9997c5b-0068e16af3" "object-server 93717" 0.0010 "-" 93384 0
Oct 04 14:44:03 np0005470878.novalocal object-server[93717]: ::1 - - [04/Oct/2025:18:44:03 +0000] "PUT /1/165619/AUTH_3c12f327ec924e3c89731d403fb9bd42/gnocchi.2ccea72e-d772-41c4-9952-a4470c316605/1759320000.0_mean_300.0_v3" 201 - "PUT https://[::1]:8080/v1/AUTH_3c12f327ec924e3c89731d403fb9bd42/gnocchi.2ccea72e-d772-41c4-9952-a4470c316605/1759320000.0_mean_300.0_v3" "tx70105ab510b94b9997c5b-0068e16af3" "proxy-server 94717" 0.0137 "-" 93717 0
Oct 04 14:44:03 np0005470878.novalocal object-server[93717]: ::1 - - [04/Oct/2025:18:44:03 +0000] "PUT /3/165619/AUTH_3c12f327ec924e3c89731d403fb9bd42/gnocchi.2ccea72e-d772-41c4-9952-a4470c316605/1759320000.0_mean_300.0_v3" 201 - "PUT https://[::1]:8080/v1/AUTH_3c12f327ec924e3c89731d403fb9bd42/gnocchi.2ccea72e-d772-41c4-9952-a4470c316605/1759320000.0_mean_300.0_v3" "tx70105ab510b94b9997c5b-0068e16af3" "proxy-server 94717" 0.0126 "-" 93717 0
Oct 04 14:44:03 np0005470878.novalocal container-server[93384]: ::1 - - [04/Oct/2025:18:44:03 +0000] "PUT /3/213050/AUTH_3c12f327ec924e3c89731d403fb9bd42/gnocchi.2ccea72e-d772-41c4-9952-a4470c316605/1759320000.0_mean_300.0_v3" 201 - "PUT http://[::1]:8080/2/165619/AUTH_3c12f327ec924e3c89731d403fb9bd42/gnocchi.2ccea72e-d772-41c4-9952-a4470c316605/1759320000.0_mean_300.0_v3" "tx70105ab510b94b9997c5b-0068e16af3" "object-server 93716" 0.0010 "-" 93384 0
Oct 04 14:44:03 np0005470878.novalocal object-server[93716]: ::1 - - [04/Oct/2025:18:44:03 +0000] "PUT /2/165619/AUTH_3c12f327ec924e3c89731d403fb9bd42/gnocchi.2ccea72e-d772-41c4-9952-a4470c316605/1759320000.0_mean_300.0_v3" 201 - "PUT https://[::1]:8080/v1/AUTH_3c12f327ec924e3c89731d403fb9bd42/gnocchi.2ccea72e-d772-41c4-9952-a4470c316605/1759320000.0_mean_300.0_v3" "tx70105ab510b94b9997c5b-0068e16af3" "proxy-server 94717" 0.0175 "-" 93716 0
Oct 04 14:44:03 np0005470878.novalocal proxy-server[94717]: ::1 ::1 04/Oct/2025/18/44/03 PUT /v1/AUTH_3c12f327ec924e3c89731d403fb9bd42/gnocchi.2ccea72e-d772-41c4-9952-a4470c316605/1759320000.0_mean_300.0_v3 HTTP/1.0 201 - python-swiftclient-4.7.0 gAAAAABo4Wq9xl3N... 16 - - tx70105ab510b94b9997c5b-0068e16af3 - 0.0255 - - 1759603443.235306263 1759603443.260758638 0
Oct 04 14:44:03 np0005470878.novalocal object-server[93717]: ::1 - - [04/Oct/2025:18:44:03 +0000] "GET /3/222882/AUTH_3c12f327ec924e3c89731d403fb9bd42/gnocchi.9628eb99-4569-4c69-ad2e-065b1751ca93/1759320000.0_mean_300.0_v3" 404 70 "GET https://[::1]:8080/v1/AUTH_3c12f327ec924e3c89731d403fb9bd42/gnocchi.9628eb99-4569-4c69-ad2e-065b1751ca93/1759320000.0_mean_300.0_v3" "txc89baedaa91d4a1692721-0068e16af3" "proxy-server 94716" 0.0005 "-" 93717 0
Oct 04 14:44:03 np0005470878.novalocal object-server[93716]: ::1 - - [04/Oct/2025:18:44:03 +0000] "GET /2/222882/AUTH_3c12f327ec924e3c89731d403fb9bd42/gnocchi.9628eb99-4569-4c69-ad2e-065b1751ca93/1759320000.0_mean_300.0_v3" 404 70 "GET https://[::1]:8080/v1/AUTH_3c12f327ec924e3c89731d403fb9bd42/gnocchi.9628eb99-4569-4c69-ad2e-065b1751ca93/1759320000.0_mean_300.0_v3" "txc89baedaa91d4a1692721-0068e16af3" "proxy-server 94716" 0.0003 "-" 93716 0
Oct 04 14:44:03 np0005470878.novalocal object-server[93716]: ::1 - - [04/Oct/2025:18:44:03 +0000] "GET /1/222882/AUTH_3c12f327ec924e3c89731d403fb9bd42/gnocchi.9628eb99-4569-4c69-ad2e-065b1751ca93/1759320000.0_mean_300.0_v3" 404 70 "GET https://[::1]:8080/v1/AUTH_3c12f327ec924e3c89731d403fb9bd42/gnocchi.9628eb99-4569-4c69-ad2e-065b1751ca93/1759320000.0_mean_300.0_v3" "txc89baedaa91d4a1692721-0068e16af3" "proxy-server 94716" 0.0002 "-" 93716 0
Oct 04 14:44:03 np0005470878.novalocal proxy-server[94716]: ::1 ::1 04/Oct/2025/18/44/03 GET /v1/AUTH_3c12f327ec924e3c89731d403fb9bd42/gnocchi.9628eb99-4569-4c69-ad2e-065b1751ca93/1759320000.0_mean_300.0_v3 HTTP/1.0 404 - python-swiftclient-4.7.0 gAAAAABo4WrHdnea... - 70 - txc89baedaa91d4a1692721-0068e16af3 - 0.0143 - - 1759603443.256098986 1759603443.270432711 0
Oct 04 14:44:03 np0005470878.novalocal container-server[93384]: ::1 - - [04/Oct/2025:18:44:03 +0000] "PUT /2/213050/AUTH_3c12f327ec924e3c89731d403fb9bd42/gnocchi.2ccea72e-d772-41c4-9952-a4470c316605/none_v3" 201 - "PUT http://[::1]:8080/1/21756/AUTH_3c12f327ec924e3c89731d403fb9bd42/gnocchi.2ccea72e-d772-41c4-9952-a4470c316605/none_v3" "txe69fe5e630624399b0adb-0068e16af3" "object-server 93716" 0.0005 "-" 93384 0
Oct 04 14:44:03 np0005470878.novalocal container-server[93383]: ::1 - - [04/Oct/2025:18:44:03 +0000] "PUT /3/213050/AUTH_3c12f327ec924e3c89731d403fb9bd42/gnocchi.2ccea72e-d772-41c4-9952-a4470c316605/none_v3" 201 - "PUT http://[::1]:8080/2/21756/AUTH_3c12f327ec924e3c89731d403fb9bd42/gnocchi.2ccea72e-d772-41c4-9952-a4470c316605/none_v3" "txe69fe5e630624399b0adb-0068e16af3" "object-server 93717" 0.0004 "-" 93383 0
Oct 04 14:44:03 np0005470878.novalocal object-server[93716]: ::1 - - [04/Oct/2025:18:44:03 +0000] "PUT /1/21756/AUTH_3c12f327ec924e3c89731d403fb9bd42/gnocchi.2ccea72e-d772-41c4-9952-a4470c316605/none_v3" 201 - "PUT https://[::1]:8080/v1/AUTH_3c12f327ec924e3c89731d403fb9bd42/gnocchi.2ccea72e-d772-41c4-9952-a4470c316605/none_v3" "txe69fe5e630624399b0adb-0068e16af3" "proxy-server 94717" 0.0120 "-" 93716 0
Oct 04 14:44:03 np0005470878.novalocal object-server[93717]: ::1 - - [04/Oct/2025:18:44:03 +0000] "PUT /2/21756/AUTH_3c12f327ec924e3c89731d403fb9bd42/gnocchi.2ccea72e-d772-41c4-9952-a4470c316605/none_v3" 201 - "PUT https://[::1]:8080/v1/AUTH_3c12f327ec924e3c89731d403fb9bd42/gnocchi.2ccea72e-d772-41c4-9952-a4470c316605/none_v3" "txe69fe5e630624399b0adb-0068e16af3" "proxy-server 94717" 0.0125 "-" 93717 0
Oct 04 14:44:03 np0005470878.novalocal container-server[93384]: ::1 - - [04/Oct/2025:18:44:03 +0000] "PUT /1/213050/AUTH_3c12f327ec924e3c89731d403fb9bd42/gnocchi.2ccea72e-d772-41c4-9952-a4470c316605/none_v3" 201 - "PUT http://[::1]:8080/3/21756/AUTH_3c12f327ec924e3c89731d403fb9bd42/gnocchi.2ccea72e-d772-41c4-9952-a4470c316605/none_v3" "txe69fe5e630624399b0adb-0068e16af3" "object-server 93717" 0.0004 "-" 93384 0
Oct 04 14:44:03 np0005470878.novalocal object-server[93717]: ::1 - - [04/Oct/2025:18:44:03 +0000] "PUT /3/21756/AUTH_3c12f327ec924e3c89731d403fb9bd42/gnocchi.2ccea72e-d772-41c4-9952-a4470c316605/none_v3" 201 - "PUT https://[::1]:8080/v1/AUTH_3c12f327ec924e3c89731d403fb9bd42/gnocchi.2ccea72e-d772-41c4-9952-a4470c316605/none_v3" "txe69fe5e630624399b0adb-0068e16af3" "proxy-server 94717" 0.0165 "-" 93717 0
Oct 04 14:44:03 np0005470878.novalocal proxy-server[94717]: ::1 ::1 04/Oct/2025/18/44/03 PUT /v1/AUTH_3c12f327ec924e3c89731d403fb9bd42/gnocchi.2ccea72e-d772-41c4-9952-a4470c316605/none_v3 HTTP/1.0 201 - python-swiftclient-4.7.0 gAAAAABo4Wq9xl3N... 22 - - txe69fe5e630624399b0adb-0068e16af3 - 0.0236 - - 1759603443.265512466 1759603443.289129734 0
Oct 04 14:44:03 np0005470878.novalocal container-server[93384]: ::1 - - [04/Oct/2025:18:44:03 +0000] "PUT /3/80020/AUTH_3c12f327ec924e3c89731d403fb9bd42/gnocchi.9628eb99-4569-4c69-ad2e-065b1751ca93/1759320000.0_mean_300.0_v3" 201 - "PUT http://[::1]:8080/1/222882/AUTH_3c12f327ec924e3c89731d403fb9bd42/gnocchi.9628eb99-4569-4c69-ad2e-065b1751ca93/1759320000.0_mean_300.0_v3" "tx7aff79db03024e5994ca4-0068e16af3" "object-server 93716" 0.0174 "-" 93384 0
Oct 04 14:44:03 np0005470878.novalocal object-server[93716]: ::1 - - [04/Oct/2025:18:44:03 +0000] "PUT /1/222882/AUTH_3c12f327ec924e3c89731d403fb9bd42/gnocchi.9628eb99-4569-4c69-ad2e-065b1751ca93/1759320000.0_mean_300.0_v3" 201 - "PUT https://[::1]:8080/v1/AUTH_3c12f327ec924e3c89731d403fb9bd42/gnocchi.9628eb99-4569-4c69-ad2e-065b1751ca93/1759320000.0_mean_300.0_v3" "tx7aff79db03024e5994ca4-0068e16af3" "proxy-server 94716" 0.0307 "-" 93716 0
Oct 04 14:44:03 np0005470878.novalocal container-server[93384]: ::1 - - [04/Oct/2025:18:44:03 +0000] "PUT /2/80020/AUTH_3c12f327ec924e3c89731d403fb9bd42/gnocchi.9628eb99-4569-4c69-ad2e-065b1751ca93/1759320000.0_mean_300.0_v3" 201 - "PUT http://[::1]:8080/3/222882/AUTH_3c12f327ec924e3c89731d403fb9bd42/gnocchi.9628eb99-4569-4c69-ad2e-065b1751ca93/1759320000.0_mean_300.0_v3" "tx7aff79db03024e5994ca4-0068e16af3" "object-server 93717" 0.0007 "-" 93384 0
Oct 04 14:44:03 np0005470878.novalocal object-server[93717]: ::1 - - [04/Oct/2025:18:44:03 +0000] "PUT /3/222882/AUTH_3c12f327ec924e3c89731d403fb9bd42/gnocchi.9628eb99-4569-4c69-ad2e-065b1751ca93/1759320000.0_mean_300.0_v3" 201 - "PUT https://[::1]:8080/v1/AUTH_3c12f327ec924e3c89731d403fb9bd42/gnocchi.9628eb99-4569-4c69-ad2e-065b1751ca93/1759320000.0_mean_300.0_v3" "tx7aff79db03024e5994ca4-0068e16af3" "proxy-server 94716" 0.0329 "-" 93717 0
Oct 04 14:44:03 np0005470878.novalocal container-server[93384]: ::1 - - [04/Oct/2025:18:44:03 +0000] "PUT /1/80020/AUTH_3c12f327ec924e3c89731d403fb9bd42/gnocchi.9628eb99-4569-4c69-ad2e-065b1751ca93/1759320000.0_mean_300.0_v3" 201 - "PUT http://[::1]:8080/2/222882/AUTH_3c12f327ec924e3c89731d403fb9bd42/gnocchi.9628eb99-4569-4c69-ad2e-065b1751ca93/1759320000.0_mean_300.0_v3" "tx7aff79db03024e5994ca4-0068e16af3" "object-server 93716" 0.0008 "-" 93384 0
Oct 04 14:44:03 np0005470878.novalocal object-server[93716]: ::1 - - [04/Oct/2025:18:44:03 +0000] "PUT /2/222882/AUTH_3c12f327ec924e3c89731d403fb9bd42/gnocchi.9628eb99-4569-4c69-ad2e-065b1751ca93/1759320000.0_mean_300.0_v3" 201 - "PUT https://[::1]:8080/v1/AUTH_3c12f327ec924e3c89731d403fb9bd42/gnocchi.9628eb99-4569-4c69-ad2e-065b1751ca93/1759320000.0_mean_300.0_v3" "tx7aff79db03024e5994ca4-0068e16af3" "proxy-server 94716" 0.0402 "-" 93716 0
Oct 04 14:44:03 np0005470878.novalocal proxy-server[94716]: ::1 ::1 04/Oct/2025/18/44/03 PUT /v1/AUTH_3c12f327ec924e3c89731d403fb9bd42/gnocchi.9628eb99-4569-4c69-ad2e-065b1751ca93/1759320000.0_mean_300.0_v3 HTTP/1.0 201 - python-swiftclient-4.7.0 gAAAAABo4WrHdnea... 16 - - tx7aff79db03024e5994ca4-0068e16af3 - 0.0525 - - 1759603443.273889303 1759603443.326368570 0
Oct 04 14:44:03 np0005470878.novalocal container-server[93383]: ::1 - - [04/Oct/2025:18:44:03 +0000] "PUT /1/80020/AUTH_3c12f327ec924e3c89731d403fb9bd42/gnocchi.9628eb99-4569-4c69-ad2e-065b1751ca93/none_v3" 201 - "PUT http://[::1]:8080/3/67050/AUTH_3c12f327ec924e3c89731d403fb9bd42/gnocchi.9628eb99-4569-4c69-ad2e-065b1751ca93/none_v3" "tx5a5f0639ed8a434db8bf0-0068e16af3" "object-server 93716" 0.0004 "-" 93383 0
Oct 04 14:44:03 np0005470878.novalocal object-server[93716]: ::1 - - [04/Oct/2025:18:44:03 +0000] "PUT /3/67050/AUTH_3c12f327ec924e3c89731d403fb9bd42/gnocchi.9628eb99-4569-4c69-ad2e-065b1751ca93/none_v3" 201 - "PUT https://[::1]:8080/v1/AUTH_3c12f327ec924e3c89731d403fb9bd42/gnocchi.9628eb99-4569-4c69-ad2e-065b1751ca93/none_v3" "tx5a5f0639ed8a434db8bf0-0068e16af3" "proxy-server 94716" 0.0104 "-" 93716 0
Oct 04 14:44:03 np0005470878.novalocal container-server[93383]: ::1 - - [04/Oct/2025:18:44:03 +0000] "PUT /2/80020/AUTH_3c12f327ec924e3c89731d403fb9bd42/gnocchi.9628eb99-4569-4c69-ad2e-065b1751ca93/none_v3" 201 - "PUT http://[::1]:8080/2/67050/AUTH_3c12f327ec924e3c89731d403fb9bd42/gnocchi.9628eb99-4569-4c69-ad2e-065b1751ca93/none_v3" "tx5a5f0639ed8a434db8bf0-0068e16af3" "object-server 93716" 0.0003 "-" 93383 0
Oct 04 14:44:03 np0005470878.novalocal container-server[93384]: ::1 - - [04/Oct/2025:18:44:03 +0000] "PUT /3/80020/AUTH_3c12f327ec924e3c89731d403fb9bd42/gnocchi.9628eb99-4569-4c69-ad2e-065b1751ca93/none_v3" 201 - "PUT http://[::1]:8080/1/67050/AUTH_3c12f327ec924e3c89731d403fb9bd42/gnocchi.9628eb99-4569-4c69-ad2e-065b1751ca93/none_v3" "tx5a5f0639ed8a434db8bf0-0068e16af3" "object-server 93717" 0.0006 "-" 93384 0
Oct 04 14:44:03 np0005470878.novalocal object-server[93716]: ::1 - - [04/Oct/2025:18:44:03 +0000] "PUT /2/67050/AUTH_3c12f327ec924e3c89731d403fb9bd42/gnocchi.9628eb99-4569-4c69-ad2e-065b1751ca93/none_v3" 201 - "PUT https://[::1]:8080/v1/AUTH_3c12f327ec924e3c89731d403fb9bd42/gnocchi.9628eb99-4569-4c69-ad2e-065b1751ca93/none_v3" "tx5a5f0639ed8a434db8bf0-0068e16af3" "proxy-server 94716" 0.0128 "-" 93716 0
Oct 04 14:44:03 np0005470878.novalocal object-server[93717]: ::1 - - [04/Oct/2025:18:44:03 +0000] "PUT /1/67050/AUTH_3c12f327ec924e3c89731d403fb9bd42/gnocchi.9628eb99-4569-4c69-ad2e-065b1751ca93/none_v3" 201 - "PUT https://[::1]:8080/v1/AUTH_3c12f327ec924e3c89731d403fb9bd42/gnocchi.9628eb99-4569-4c69-ad2e-065b1751ca93/none_v3" "tx5a5f0639ed8a434db8bf0-0068e16af3" "proxy-server 94716" 0.0130 "-" 93717 0
Oct 04 14:44:03 np0005470878.novalocal container-server[93384]: ::1 - - [04/Oct/2025:18:44:03 +0000] "HEAD /1/236101/AUTH_3c12f327ec924e3c89731d403fb9bd42/gnocchi.2943351d-c78e-4f54-97dd-41437f834e27" 404 - "HEAD http://[::1]:8080/v1/AUTH_3c12f327ec924e3c89731d403fb9bd42/gnocchi.2943351d-c78e-4f54-97dd-41437f834e27" "tx692d42e68d13492b9a66b-0068e16af3" "proxy-server 94717" 0.0003 "-" 93384 0
Oct 04 14:44:03 np0005470878.novalocal proxy-server[94716]: ::1 ::1 04/Oct/2025/18/44/03 PUT /v1/AUTH_3c12f327ec924e3c89731d403fb9bd42/gnocchi.9628eb99-4569-4c69-ad2e-065b1751ca93/none_v3 HTTP/1.0 201 - python-swiftclient-4.7.0 gAAAAABo4WrHdnea... 22 - - tx5a5f0639ed8a434db8bf0-0068e16af3 - 0.0208 - - 1759603443.329324484 1759603443.350090265 0
Oct 04 14:44:03 np0005470878.novalocal container-server[93383]: ::1 - - [04/Oct/2025:18:44:03 +0000] "HEAD /2/236101/AUTH_3c12f327ec924e3c89731d403fb9bd42/gnocchi.2943351d-c78e-4f54-97dd-41437f834e27" 404 - "HEAD http://[::1]:8080/v1/AUTH_3c12f327ec924e3c89731d403fb9bd42/gnocchi.2943351d-c78e-4f54-97dd-41437f834e27" "tx692d42e68d13492b9a66b-0068e16af3" "proxy-server 94717" 0.0004 "-" 93383 0
Oct 04 14:44:03 np0005470878.novalocal container-server[93383]: ::1 - - [04/Oct/2025:18:44:03 +0000] "HEAD /3/236101/AUTH_3c12f327ec924e3c89731d403fb9bd42/gnocchi.2943351d-c78e-4f54-97dd-41437f834e27" 404 - "HEAD http://[::1]:8080/v1/AUTH_3c12f327ec924e3c89731d403fb9bd42/gnocchi.2943351d-c78e-4f54-97dd-41437f834e27" "tx692d42e68d13492b9a66b-0068e16af3" "proxy-server 94717" 0.0028 "-" 93383 0
Oct 04 14:44:03 np0005470878.novalocal proxy-server[94717]: - - 04/Oct/2025/18/44/03 HEAD /v1/AUTH_3c12f327ec924e3c89731d403fb9bd42/gnocchi.2943351d-c78e-4f54-97dd-41437f834e27 HTTP/1.0 404 - Swift - - - - tx692d42e68d13492b9a66b-0068e16af3 - 0.0185 CS - 1759603443.342931986 1759603443.361478329 0
Oct 04 14:44:03 np0005470878.novalocal object-server[93717]: ::1 - - [04/Oct/2025:18:44:03 +0000] "GET /3/136267/AUTH_3c12f327ec924e3c89731d403fb9bd42/gnocchi.2943351d-c78e-4f54-97dd-41437f834e27/none_v3" 404 70 "GET https://[::1]:8080/v1/AUTH_3c12f327ec924e3c89731d403fb9bd42/gnocchi.2943351d-c78e-4f54-97dd-41437f834e27/none_v3" "tx692d42e68d13492b9a66b-0068e16af3" "proxy-server 94717" 0.0004 "-" 93717 0
Oct 04 14:44:03 np0005470878.novalocal object-server[93716]: ::1 - - [04/Oct/2025:18:44:03 +0000] "GET /1/136267/AUTH_3c12f327ec924e3c89731d403fb9bd42/gnocchi.2943351d-c78e-4f54-97dd-41437f834e27/none_v3" 404 70 "GET https://[::1]:8080/v1/AUTH_3c12f327ec924e3c89731d403fb9bd42/gnocchi.2943351d-c78e-4f54-97dd-41437f834e27/none_v3" "tx692d42e68d13492b9a66b-0068e16af3" "proxy-server 94717" 0.0003 "-" 93716 0
Oct 04 14:44:03 np0005470878.novalocal object-server[93717]: ::1 - - [04/Oct/2025:18:44:03 +0000] "GET /2/136267/AUTH_3c12f327ec924e3c89731d403fb9bd42/gnocchi.2943351d-c78e-4f54-97dd-41437f834e27/none_v3" 404 70 "GET https://[::1]:8080/v1/AUTH_3c12f327ec924e3c89731d403fb9bd42/gnocchi.2943351d-c78e-4f54-97dd-41437f834e27/none_v3" "tx692d42e68d13492b9a66b-0068e16af3" "proxy-server 94717" 0.0003 "-" 93717 0
Oct 04 14:44:03 np0005470878.novalocal proxy-server[94717]: ::1 ::1 04/Oct/2025/18/44/03 GET /v1/AUTH_3c12f327ec924e3c89731d403fb9bd42/gnocchi.2943351d-c78e-4f54-97dd-41437f834e27/none_v3 HTTP/1.0 404 - python-swiftclient-4.7.0 gAAAAABo4Wq9xl3N... - 70 - tx692d42e68d13492b9a66b-0068e16af3 - 0.0298 - - 1759603443.342219114 1759603443.371982574 0
Oct 04 14:44:03 np0005470878.novalocal account-server[93088]: ::1 - - [04/Oct/2025:18:44:03 +0000] "PUT /1/140569/AUTH_3c12f327ec924e3c89731d403fb9bd42/gnocchi.2943351d-c78e-4f54-97dd-41437f834e27" 201 - "PUT http://[::1]:6001/3/236101/AUTH_3c12f327ec924e3c89731d403fb9bd42/gnocchi.2943351d-c78e-4f54-97dd-41437f834e27" "txf04359104ebd4c15a2619-0068e16af3" "container-server 93383" 0.0039 "-" 93088 0
Oct 04 14:44:03 np0005470878.novalocal container-server[93383]: ::1 - - [04/Oct/2025:18:44:03 +0000] "PUT /3/236101/AUTH_3c12f327ec924e3c89731d403fb9bd42/gnocchi.2943351d-c78e-4f54-97dd-41437f834e27" 201 - "PUT https://[::1]:8080/v1/AUTH_3c12f327ec924e3c89731d403fb9bd42/gnocchi.2943351d-c78e-4f54-97dd-41437f834e27" "txf04359104ebd4c15a2619-0068e16af3" "proxy-server 94717" 0.0144 "-" 93383 0
Oct 04 14:44:03 np0005470878.novalocal account-server[93089]: ::1 - - [04/Oct/2025:18:44:03 +0000] "PUT /2/140569/AUTH_3c12f327ec924e3c89731d403fb9bd42/gnocchi.2943351d-c78e-4f54-97dd-41437f834e27" 201 - "PUT http://[::1]:6001/1/236101/AUTH_3c12f327ec924e3c89731d403fb9bd42/gnocchi.2943351d-c78e-4f54-97dd-41437f834e27" "txf04359104ebd4c15a2619-0068e16af3" "container-server 93384" 0.0031 "-" 93089 0
Oct 04 14:44:03 np0005470878.novalocal container-server[93384]: ::1 - - [04/Oct/2025:18:44:03 +0000] "PUT /1/236101/AUTH_3c12f327ec924e3c89731d403fb9bd42/gnocchi.2943351d-c78e-4f54-97dd-41437f834e27" 201 - "PUT https://[::1]:8080/v1/AUTH_3c12f327ec924e3c89731d403fb9bd42/gnocchi.2943351d-c78e-4f54-97dd-41437f834e27" "txf04359104ebd4c15a2619-0068e16af3" "proxy-server 94717" 0.0148 "-" 93384 0
Oct 04 14:44:03 np0005470878.novalocal account-server[93089]: ::1 - - [04/Oct/2025:18:44:03 +0000] "PUT /3/140569/AUTH_3c12f327ec924e3c89731d403fb9bd42/gnocchi.2943351d-c78e-4f54-97dd-41437f834e27" 201 - "PUT http://[::1]:6001/2/236101/AUTH_3c12f327ec924e3c89731d403fb9bd42/gnocchi.2943351d-c78e-4f54-97dd-41437f834e27" "txf04359104ebd4c15a2619-0068e16af3" "container-server 93384" 0.0034 "-" 93089 0
Oct 04 14:44:03 np0005470878.novalocal container-server[93384]: ::1 - - [04/Oct/2025:18:44:03 +0000] "PUT /2/236101/AUTH_3c12f327ec924e3c89731d403fb9bd42/gnocchi.2943351d-c78e-4f54-97dd-41437f834e27" 201 - "PUT https://[::1]:8080/v1/AUTH_3c12f327ec924e3c89731d403fb9bd42/gnocchi.2943351d-c78e-4f54-97dd-41437f834e27" "txf04359104ebd4c15a2619-0068e16af3" "proxy-server 94717" 0.0293 "-" 93384 0
Oct 04 14:44:03 np0005470878.novalocal proxy-server[94717]: ::1 ::1 04/Oct/2025/18/44/03 PUT /v1/AUTH_3c12f327ec924e3c89731d403fb9bd42/gnocchi.2943351d-c78e-4f54-97dd-41437f834e27 HTTP/1.0 201 - python-swiftclient-4.7.0 gAAAAABo4Wq9xl3N... - - - txf04359104ebd4c15a2619-0068e16af3 - 0.0351 - - 1759603443.374718666 1759603443.409788847 0
Oct 04 14:44:03 np0005470878.novalocal container-server[93383]: ::1 - - [04/Oct/2025:18:44:03 +0000] "HEAD /3/194875/AUTH_3c12f327ec924e3c89731d403fb9bd42/gnocchi.483d2cca-86c5-4efc-9372-1baa942576d2" 404 - "HEAD http://[::1]:8080/v1/AUTH_3c12f327ec924e3c89731d403fb9bd42/gnocchi.483d2cca-86c5-4efc-9372-1baa942576d2" "tx4110c8b0d23640e5b7d40-0068e16af3" "proxy-server 94716" 0.0003 "-" 93383 0
Oct 04 14:44:03 np0005470878.novalocal container-server[93384]: ::1 - - [04/Oct/2025:18:44:03 +0000] "HEAD /1/194875/AUTH_3c12f327ec924e3c89731d403fb9bd42/gnocchi.483d2cca-86c5-4efc-9372-1baa942576d2" 404 - "HEAD http://[::1]:8080/v1/AUTH_3c12f327ec924e3c89731d403fb9bd42/gnocchi.483d2cca-86c5-4efc-9372-1baa942576d2" "tx4110c8b0d23640e5b7d40-0068e16af3" "proxy-server 94716" 0.0004 "-" 93384 0
Oct 04 14:44:03 np0005470878.novalocal container-server[93383]: ::1 - - [04/Oct/2025:18:44:03 +0000] "HEAD /1/236101/AUTH_3c12f327ec924e3c89731d403fb9bd42/gnocchi.2943351d-c78e-4f54-97dd-41437f834e27" 204 - "HEAD http://[::1]:8080/v1/AUTH_3c12f327ec924e3c89731d403fb9bd42/gnocchi.2943351d-c78e-4f54-97dd-41437f834e27" "tx17c2b6d5698a482e966d6-0068e16af3" "proxy-server 94717" 0.0012 "-" 93383 0
Oct 04 14:44:03 np0005470878.novalocal proxy-server[94717]: - - 04/Oct/2025/18/44/03 HEAD /v1/AUTH_3c12f327ec924e3c89731d403fb9bd42/gnocchi.2943351d-c78e-4f54-97dd-41437f834e27 HTTP/1.0 204 - Swift - - - - tx17c2b6d5698a482e966d6-0068e16af3 - 0.0041 CS - 1759603443.412907600 1759603443.417024851 0
Oct 04 14:44:03 np0005470878.novalocal container-server[93383]: ::1 - - [04/Oct/2025:18:44:03 +0000] "HEAD /2/194875/AUTH_3c12f327ec924e3c89731d403fb9bd42/gnocchi.483d2cca-86c5-4efc-9372-1baa942576d2" 404 - "HEAD http://[::1]:8080/v1/AUTH_3c12f327ec924e3c89731d403fb9bd42/gnocchi.483d2cca-86c5-4efc-9372-1baa942576d2" "tx4110c8b0d23640e5b7d40-0068e16af3" "proxy-server 94716" 0.0002 "-" 93383 0
Oct 04 14:44:03 np0005470878.novalocal proxy-server[94716]: - - 04/Oct/2025/18/44/03 HEAD /v1/AUTH_3c12f327ec924e3c89731d403fb9bd42/gnocchi.483d2cca-86c5-4efc-9372-1baa942576d2 HTTP/1.0 404 - Swift - - - - tx4110c8b0d23640e5b7d40-0068e16af3 - 0.0119 CS - 1759603443.406777143 1759603443.418692589 0
Oct 04 14:44:03 np0005470878.novalocal container-server[93383]: ::1 - - [04/Oct/2025:18:44:03 +0000] "GET /2/236101/AUTH_3c12f327ec924e3c89731d403fb9bd42/gnocchi.2943351d-c78e-4f54-97dd-41437f834e27" 200 2 "GET https://[::1]:8080/v1/AUTH_3c12f327ec924e3c89731d403fb9bd42/gnocchi.2943351d-c78e-4f54-97dd-41437f834e27?format=json&states=listing" "tx17c2b6d5698a482e966d6-0068e16af3" "proxy-server 94717" 0.0017 "-" 93383 0
Oct 04 14:44:03 np0005470878.novalocal object-server[93716]: ::1 - - [04/Oct/2025:18:44:03 +0000] "GET /3/205333/AUTH_3c12f327ec924e3c89731d403fb9bd42/gnocchi.483d2cca-86c5-4efc-9372-1baa942576d2/none_v3" 404 70 "GET https://[::1]:8080/v1/AUTH_3c12f327ec924e3c89731d403fb9bd42/gnocchi.483d2cca-86c5-4efc-9372-1baa942576d2/none_v3" "tx4110c8b0d23640e5b7d40-0068e16af3" "proxy-server 94716" 0.0004 "-" 93716 0
Oct 04 14:44:03 np0005470878.novalocal proxy-server[94717]: ::1 ::1 04/Oct/2025/18/44/03 GET /v1/AUTH_3c12f327ec924e3c89731d403fb9bd42/gnocchi.2943351d-c78e-4f54-97dd-41437f834e27%3Fformat%3Djson%26states%3Dlisting HTTP/1.0 200 - python-swiftclient-4.7.0 gAAAAABo4Wq9xl3N... - 2 - tx17c2b6d5698a482e966d6-0068e16af3 - 0.0122 - - 1759603443.412457943 1759603443.424656868 0
Oct 04 14:44:03 np0005470878.novalocal object-server[93716]: ::1 - - [04/Oct/2025:18:44:03 +0000] "GET /1/205333/AUTH_3c12f327ec924e3c89731d403fb9bd42/gnocchi.483d2cca-86c5-4efc-9372-1baa942576d2/none_v3" 404 70 "GET https://[::1]:8080/v1/AUTH_3c12f327ec924e3c89731d403fb9bd42/gnocchi.483d2cca-86c5-4efc-9372-1baa942576d2/none_v3" "tx4110c8b0d23640e5b7d40-0068e16af3" "proxy-server 94716" 0.0002 "-" 93716 0
Oct 04 14:44:03 np0005470878.novalocal object-server[93716]: ::1 - - [04/Oct/2025:18:44:03 +0000] "GET /2/205333/AUTH_3c12f327ec924e3c89731d403fb9bd42/gnocchi.483d2cca-86c5-4efc-9372-1baa942576d2/none_v3" 404 70 "GET https://[::1]:8080/v1/AUTH_3c12f327ec924e3c89731d403fb9bd42/gnocchi.483d2cca-86c5-4efc-9372-1baa942576d2/none_v3" "tx4110c8b0d23640e5b7d40-0068e16af3" "proxy-server 94716" 0.0002 "-" 93716 0
Oct 04 14:44:03 np0005470878.novalocal proxy-server[94716]: ::1 ::1 04/Oct/2025/18/44/03 GET /v1/AUTH_3c12f327ec924e3c89731d403fb9bd42/gnocchi.483d2cca-86c5-4efc-9372-1baa942576d2/none_v3 HTTP/1.0 404 - python-swiftclient-4.7.0 gAAAAABo4WrHdnea... - 70 - tx4110c8b0d23640e5b7d40-0068e16af3 - 0.0216 - - 1759603443.406177282 1759603443.427799702 0
Oct 04 14:44:03 np0005470878.novalocal object-server[93716]: ::1 - - [04/Oct/2025:18:44:03 +0000] "GET /1/174442/AUTH_3c12f327ec924e3c89731d403fb9bd42/gnocchi.2943351d-c78e-4f54-97dd-41437f834e27/1759320000.0_mean_300.0_v3" 404 70 "GET https://[::1]:8080/v1/AUTH_3c12f327ec924e3c89731d403fb9bd42/gnocchi.2943351d-c78e-4f54-97dd-41437f834e27/1759320000.0_mean_300.0_v3" "txf182423d9a4c423eadd41-0068e16af3" "proxy-server 94717" 0.0002 "-" 93716 0
Oct 04 14:44:03 np0005470878.novalocal object-server[93717]: ::1 - - [04/Oct/2025:18:44:03 +0000] "GET /3/174442/AUTH_3c12f327ec924e3c89731d403fb9bd42/gnocchi.2943351d-c78e-4f54-97dd-41437f834e27/1759320000.0_mean_300.0_v3" 404 70 "GET https://[::1]:8080/v1/AUTH_3c12f327ec924e3c89731d403fb9bd42/gnocchi.2943351d-c78e-4f54-97dd-41437f834e27/1759320000.0_mean_300.0_v3" "txf182423d9a4c423eadd41-0068e16af3" "proxy-server 94717" 0.0003 "-" 93717 0
Oct 04 14:44:03 np0005470878.novalocal object-server[93717]: ::1 - - [04/Oct/2025:18:44:03 +0000] "GET /2/174442/AUTH_3c12f327ec924e3c89731d403fb9bd42/gnocchi.2943351d-c78e-4f54-97dd-41437f834e27/1759320000.0_mean_300.0_v3" 404 70 "GET https://[::1]:8080/v1/AUTH_3c12f327ec924e3c89731d403fb9bd42/gnocchi.2943351d-c78e-4f54-97dd-41437f834e27/1759320000.0_mean_300.0_v3" "txf182423d9a4c423eadd41-0068e16af3" "proxy-server 94717" 0.0002 "-" 93717 0
Oct 04 14:44:03 np0005470878.novalocal proxy-server[94717]: ::1 ::1 04/Oct/2025/18/44/03 GET /v1/AUTH_3c12f327ec924e3c89731d403fb9bd42/gnocchi.2943351d-c78e-4f54-97dd-41437f834e27/1759320000.0_mean_300.0_v3 HTTP/1.0 404 - python-swiftclient-4.7.0 gAAAAABo4Wq9xl3N... - 70 - txf182423d9a4c423eadd41-0068e16af3 - 0.0115 - - 1759603443.427454948 1759603443.438997030 0
Oct 04 14:44:03 np0005470878.novalocal account-server[93089]: ::1 - - [04/Oct/2025:18:44:03 +0000] "PUT /2/140569/AUTH_3c12f327ec924e3c89731d403fb9bd42/gnocchi.483d2cca-86c5-4efc-9372-1baa942576d2" 201 - "PUT http://[::1]:6001/2/194875/AUTH_3c12f327ec924e3c89731d403fb9bd42/gnocchi.483d2cca-86c5-4efc-9372-1baa942576d2" "txe1523bbba6bb4ce9ab9c8-0068e16af3" "container-server 93383" 0.0097 "-" 93089 0
Oct 04 14:44:03 np0005470878.novalocal container-server[93383]: ::1 - - [04/Oct/2025:18:44:03 +0000] "PUT /2/194875/AUTH_3c12f327ec924e3c89731d403fb9bd42/gnocchi.483d2cca-86c5-4efc-9372-1baa942576d2" 201 - "PUT https://[::1]:8080/v1/AUTH_3c12f327ec924e3c89731d403fb9bd42/gnocchi.483d2cca-86c5-4efc-9372-1baa942576d2" "txe1523bbba6bb4ce9ab9c8-0068e16af3" "proxy-server 94716" 0.0185 "-" 93383 0
Oct 04 14:44:03 np0005470878.novalocal container-server[93383]: ::1 - - [04/Oct/2025:18:44:03 +0000] "PUT /1/236101/AUTH_3c12f327ec924e3c89731d403fb9bd42/gnocchi.2943351d-c78e-4f54-97dd-41437f834e27/1759320000.0_mean_300.0_v3" 201 - "PUT http://[::1]:8080/1/174442/AUTH_3c12f327ec924e3c89731d403fb9bd42/gnocchi.2943351d-c78e-4f54-97dd-41437f834e27/1759320000.0_mean_300.0_v3" "tx6831349be3f748a4ba668-0068e16af3" "object-server 93717" 0.0004 "-" 93383 0
Oct 04 14:44:03 np0005470878.novalocal object-server[93717]: ::1 - - [04/Oct/2025:18:44:03 +0000] "PUT /1/174442/AUTH_3c12f327ec924e3c89731d403fb9bd42/gnocchi.2943351d-c78e-4f54-97dd-41437f834e27/1759320000.0_mean_300.0_v3" 201 - "PUT https://[::1]:8080/v1/AUTH_3c12f327ec924e3c89731d403fb9bd42/gnocchi.2943351d-c78e-4f54-97dd-41437f834e27/1759320000.0_mean_300.0_v3" "tx6831349be3f748a4ba668-0068e16af3" "proxy-server 94717" 0.0097 "-" 93717 0
Oct 04 14:44:03 np0005470878.novalocal container-server[93383]: ::1 - - [04/Oct/2025:18:44:03 +0000] "PUT /3/236101/AUTH_3c12f327ec924e3c89731d403fb9bd42/gnocchi.2943351d-c78e-4f54-97dd-41437f834e27/1759320000.0_mean_300.0_v3" 201 - "PUT http://[::1]:8080/2/174442/AUTH_3c12f327ec924e3c89731d403fb9bd42/gnocchi.2943351d-c78e-4f54-97dd-41437f834e27/1759320000.0_mean_300.0_v3" "tx6831349be3f748a4ba668-0068e16af3" "object-server 93716" 0.0004 "-" 93383 0
Oct 04 14:44:03 np0005470878.novalocal object-server[93716]: ::1 - - [04/Oct/2025:18:44:03 +0000] "PUT /2/174442/AUTH_3c12f327ec924e3c89731d403fb9bd42/gnocchi.2943351d-c78e-4f54-97dd-41437f834e27/1759320000.0_mean_300.0_v3" 201 - "PUT https://[::1]:8080/v1/AUTH_3c12f327ec924e3c89731d403fb9bd42/gnocchi.2943351d-c78e-4f54-97dd-41437f834e27/1759320000.0_mean_300.0_v3" "tx6831349be3f748a4ba668-0068e16af3" "proxy-server 94717" 0.0084 "-" 93716 0
Oct 04 14:44:03 np0005470878.novalocal container-server[93383]: ::1 - - [04/Oct/2025:18:44:03 +0000] "PUT /2/236101/AUTH_3c12f327ec924e3c89731d403fb9bd42/gnocchi.2943351d-c78e-4f54-97dd-41437f834e27/1759320000.0_mean_300.0_v3" 201 - "PUT http://[::1]:8080/3/174442/AUTH_3c12f327ec924e3c89731d403fb9bd42/gnocchi.2943351d-c78e-4f54-97dd-41437f834e27/1759320000.0_mean_300.0_v3" "tx6831349be3f748a4ba668-0068e16af3" "object-server 93716" 0.0003 "-" 93383 0
Oct 04 14:44:03 np0005470878.novalocal object-server[93716]: ::1 - - [04/Oct/2025:18:44:03 +0000] "PUT /3/174442/AUTH_3c12f327ec924e3c89731d403fb9bd42/gnocchi.2943351d-c78e-4f54-97dd-41437f834e27/1759320000.0_mean_300.0_v3" 201 - "PUT https://[::1]:8080/v1/AUTH_3c12f327ec924e3c89731d403fb9bd42/gnocchi.2943351d-c78e-4f54-97dd-41437f834e27/1759320000.0_mean_300.0_v3" "tx6831349be3f748a4ba668-0068e16af3" "proxy-server 94717" 0.0139 "-" 93716 0
Oct 04 14:44:03 np0005470878.novalocal proxy-server[94717]: ::1 ::1 04/Oct/2025/18/44/03 PUT /v1/AUTH_3c12f327ec924e3c89731d403fb9bd42/gnocchi.2943351d-c78e-4f54-97dd-41437f834e27/1759320000.0_mean_300.0_v3 HTTP/1.0 201 - python-swiftclient-4.7.0 gAAAAABo4Wq9xl3N... 16 - - tx6831349be3f748a4ba668-0068e16af3 - 0.0199 - - 1759603443.441591501 1759603443.461521149 0
Oct 04 14:44:03 np0005470878.novalocal account-server[93088]: ::1 - - [04/Oct/2025:18:44:03 +0000] "PUT /1/140569/AUTH_3c12f327ec924e3c89731d403fb9bd42/gnocchi.483d2cca-86c5-4efc-9372-1baa942576d2" 201 - "PUT http://[::1]:6001/1/194875/AUTH_3c12f327ec924e3c89731d403fb9bd42/gnocchi.483d2cca-86c5-4efc-9372-1baa942576d2" "txe1523bbba6bb4ce9ab9c8-0068e16af3" "container-server 93384" 0.0061 "-" 93088 0
Oct 04 14:44:03 np0005470878.novalocal container-server[93384]: ::1 - - [04/Oct/2025:18:44:03 +0000] "PUT /1/194875/AUTH_3c12f327ec924e3c89731d403fb9bd42/gnocchi.483d2cca-86c5-4efc-9372-1baa942576d2" 201 - "PUT https://[::1]:8080/v1/AUTH_3c12f327ec924e3c89731d403fb9bd42/gnocchi.483d2cca-86c5-4efc-9372-1baa942576d2" "txe1523bbba6bb4ce9ab9c8-0068e16af3" "proxy-server 94716" 0.0277 "-" 93384 0
Oct 04 14:44:03 np0005470878.novalocal account-server[93089]: ::1 - - [04/Oct/2025:18:44:03 +0000] "PUT /3/140569/AUTH_3c12f327ec924e3c89731d403fb9bd42/gnocchi.483d2cca-86c5-4efc-9372-1baa942576d2" 201 - "PUT http://[::1]:6001/3/194875/AUTH_3c12f327ec924e3c89731d403fb9bd42/gnocchi.483d2cca-86c5-4efc-9372-1baa942576d2" "txe1523bbba6bb4ce9ab9c8-0068e16af3" "container-server 93384" 0.0078 "-" 93089 0
Oct 04 14:44:03 np0005470878.novalocal container-server[93384]: ::1 - - [04/Oct/2025:18:44:03 +0000] "PUT /3/194875/AUTH_3c12f327ec924e3c89731d403fb9bd42/gnocchi.483d2cca-86c5-4efc-9372-1baa942576d2" 201 - "PUT https://[::1]:8080/v1/AUTH_3c12f327ec924e3c89731d403fb9bd42/gnocchi.483d2cca-86c5-4efc-9372-1baa942576d2" "txe1523bbba6bb4ce9ab9c8-0068e16af3" "proxy-server 94716" 0.0239 "-" 93384 0
Oct 04 14:44:03 np0005470878.novalocal proxy-server[94716]: ::1 ::1 04/Oct/2025/18/44/03 PUT /v1/AUTH_3c12f327ec924e3c89731d403fb9bd42/gnocchi.483d2cca-86c5-4efc-9372-1baa942576d2 HTTP/1.0 201 - python-swiftclient-4.7.0 gAAAAABo4WrHdnea... - - - txe1523bbba6bb4ce9ab9c8-0068e16af3 - 0.0407 - - 1759603443.430683136 1759603443.471359730 0
Oct 04 14:44:03 np0005470878.novalocal container-server[93383]: ::1 - - [04/Oct/2025:18:44:03 +0000] "PUT /1/236101/AUTH_3c12f327ec924e3c89731d403fb9bd42/gnocchi.2943351d-c78e-4f54-97dd-41437f834e27/none_v3" 201 - "PUT http://[::1]:8080/1/136267/AUTH_3c12f327ec924e3c89731d403fb9bd42/gnocchi.2943351d-c78e-4f54-97dd-41437f834e27/none_v3" "txc852ce1f2530415e817c8-0068e16af3" "object-server 93717" 0.0004 "-" 93383 0
Oct 04 14:44:03 np0005470878.novalocal object-server[93717]: ::1 - - [04/Oct/2025:18:44:03 +0000] "PUT /1/136267/AUTH_3c12f327ec924e3c89731d403fb9bd42/gnocchi.2943351d-c78e-4f54-97dd-41437f834e27/none_v3" 201 - "PUT https://[::1]:8080/v1/AUTH_3c12f327ec924e3c89731d403fb9bd42/gnocchi.2943351d-c78e-4f54-97dd-41437f834e27/none_v3" "txc852ce1f2530415e817c8-0068e16af3" "proxy-server 94717" 0.0083 "-" 93717 0
Oct 04 14:44:03 np0005470878.novalocal container-server[93383]: ::1 - - [04/Oct/2025:18:44:03 +0000] "PUT /3/236101/AUTH_3c12f327ec924e3c89731d403fb9bd42/gnocchi.2943351d-c78e-4f54-97dd-41437f834e27/none_v3" 201 - "PUT http://[::1]:8080/3/136267/AUTH_3c12f327ec924e3c89731d403fb9bd42/gnocchi.2943351d-c78e-4f54-97dd-41437f834e27/none_v3" "txc852ce1f2530415e817c8-0068e16af3" "object-server 93716" 0.0003 "-" 93383 0
Oct 04 14:44:03 np0005470878.novalocal object-server[93716]: ::1 - - [04/Oct/2025:18:44:03 +0000] "PUT /3/136267/AUTH_3c12f327ec924e3c89731d403fb9bd42/gnocchi.2943351d-c78e-4f54-97dd-41437f834e27/none_v3" 201 - "PUT https://[::1]:8080/v1/AUTH_3c12f327ec924e3c89731d403fb9bd42/gnocchi.2943351d-c78e-4f54-97dd-41437f834e27/none_v3" "txc852ce1f2530415e817c8-0068e16af3" "proxy-server 94717" 0.0077 "-" 93716 0
