Oct 04 14:43:23 np0005470878.novalocal account-server[93088]: ::1 - - [04/Oct/2025:18:43:23 +0000] "PUT /3/140569/AUTH_3c12f327ec924e3c89731d403fb9bd42/gnocchi.265ab4c2-a75a-424e-a34b-1e5ed3073f16" 201 - "PUT http://[::1]:6001/3/5547/AUTH_3c12f327ec924e3c89731d403fb9bd42/gnocchi.265ab4c2-a75a-424e-a34b-1e5ed3073f16" "tx8a2b9f53aa1f4945bab8d-0068e16acb" "container-server 93383" 0.0095 "-" 93088 0
Oct 04 14:43:23 np0005470878.novalocal account-server[93089]: ::1 - - [04/Oct/2025:18:43:23 +0000] "PUT /1/140569/AUTH_3c12f327ec924e3c89731d403fb9bd42/gnocchi.265ab4c2-a75a-424e-a34b-1e5ed3073f16" 201 - "PUT http://[::1]:6001/2/5547/AUTH_3c12f327ec924e3c89731d403fb9bd42/gnocchi.265ab4c2-a75a-424e-a34b-1e5ed3073f16" "tx8a2b9f53aa1f4945bab8d-0068e16acb" "container-server 93383" 0.0060 "-" 93089 0
Oct 04 14:43:23 np0005470878.novalocal container-server[93383]: ::1 - - [04/Oct/2025:18:43:23 +0000] "PUT /2/5547/AUTH_3c12f327ec924e3c89731d403fb9bd42/gnocchi.265ab4c2-a75a-424e-a34b-1e5ed3073f16" 201 - "PUT https://[::1]:8080/v1/AUTH_3c12f327ec924e3c89731d403fb9bd42/gnocchi.265ab4c2-a75a-424e-a34b-1e5ed3073f16" "tx8a2b9f53aa1f4945bab8d-0068e16acb" "proxy-server 94716" 0.0281 "-" 93383 0
Oct 04 14:43:23 np0005470878.novalocal container-server[93383]: ::1 - - [04/Oct/2025:18:43:23 +0000] "PUT /3/5547/AUTH_3c12f327ec924e3c89731d403fb9bd42/gnocchi.265ab4c2-a75a-424e-a34b-1e5ed3073f16" 201 - "PUT https://[::1]:8080/v1/AUTH_3c12f327ec924e3c89731d403fb9bd42/gnocchi.265ab4c2-a75a-424e-a34b-1e5ed3073f16" "tx8a2b9f53aa1f4945bab8d-0068e16acb" "proxy-server 94716" 0.0508 "-" 93383 0
Oct 04 14:43:23 np0005470878.novalocal proxy-server[94716]: ::1 ::1 04/Oct/2025/18/43/23 PUT /v1/AUTH_3c12f327ec924e3c89731d403fb9bd42/gnocchi.265ab4c2-a75a-424e-a34b-1e5ed3073f16 HTTP/1.0 201 - python-swiftclient-4.7.0 gAAAAABo4WrHdnea... - - - tx8a2b9f53aa1f4945bab8d-0068e16acb - 0.0648 - - 1759603403.156376839 1759603403.221141338 0
Oct 04 14:43:23 np0005470878.novalocal container-server[93383]: ::1 - - [04/Oct/2025:18:43:23 +0000] "HEAD /3/5547/AUTH_3c12f327ec924e3c89731d403fb9bd42/gnocchi.265ab4c2-a75a-424e-a34b-1e5ed3073f16" 204 - "HEAD http://[::1]:8080/v1/AUTH_3c12f327ec924e3c89731d403fb9bd42/gnocchi.265ab4c2-a75a-424e-a34b-1e5ed3073f16" "tx3d5861f0eddb43eabba87-0068e16acb" "proxy-server 94716" 0.0020 "-" 93383 0
Oct 04 14:43:23 np0005470878.novalocal proxy-server[94716]: - - 04/Oct/2025/18/43/23 HEAD /v1/AUTH_3c12f327ec924e3c89731d403fb9bd42/gnocchi.265ab4c2-a75a-424e-a34b-1e5ed3073f16 HTTP/1.0 204 - Swift - - - - tx3d5861f0eddb43eabba87-0068e16acb - 0.0074 CS - 1759603403.226777315 1759603403.234210968 0
Oct 04 14:43:23 np0005470878.novalocal container-server[93383]: ::1 - - [04/Oct/2025:18:43:23 +0000] "GET /1/5547/AUTH_3c12f327ec924e3c89731d403fb9bd42/gnocchi.265ab4c2-a75a-424e-a34b-1e5ed3073f16" 200 2 "GET https://[::1]:8080/v1/AUTH_3c12f327ec924e3c89731d403fb9bd42/gnocchi.265ab4c2-a75a-424e-a34b-1e5ed3073f16?format=json&states=listing" "tx3d5861f0eddb43eabba87-0068e16acb" "proxy-server 94716" 0.0031 "-" 93383 0
Oct 04 14:43:23 np0005470878.novalocal proxy-server[94716]: ::1 ::1 04/Oct/2025/18/43/23 GET /v1/AUTH_3c12f327ec924e3c89731d403fb9bd42/gnocchi.265ab4c2-a75a-424e-a34b-1e5ed3073f16%3Fformat%3Djson%26states%3Dlisting HTTP/1.0 200 - python-swiftclient-4.7.0 gAAAAABo4WrHdnea... - 2 - tx3d5861f0eddb43eabba87-0068e16acb - 0.0221 - - 1759603403.225623846 1759603403.247742414 0
Oct 04 14:43:23 np0005470878.novalocal container-server[93383]: ::1 - - [04/Oct/2025:18:43:23 +0000] "PUT /3/69595/AUTH_3c12f327ec924e3c89731d403fb9bd42/gnocchi.2d712368-9550-49f2-b348-f44629a99902/none_v3" 201 - "PUT http://[::1]:8080/1/213926/AUTH_3c12f327ec924e3c89731d403fb9bd42/gnocchi.2d712368-9550-49f2-b348-f44629a99902/none_v3" "tx5d3e8675e74449159b45c-0068e16acb" "object-server 93716" 0.0007 "-" 93383 0
Oct 04 14:43:23 np0005470878.novalocal object-server[93716]: ::1 - - [04/Oct/2025:18:43:23 +0000] "GET /2/232576/AUTH_3c12f327ec924e3c89731d403fb9bd42/gnocchi.265ab4c2-a75a-424e-a34b-1e5ed3073f16/1759320000.0_mean_300.0_v3" 404 70 "GET https://[::1]:8080/v1/AUTH_3c12f327ec924e3c89731d403fb9bd42/gnocchi.265ab4c2-a75a-424e-a34b-1e5ed3073f16/1759320000.0_mean_300.0_v3" "txe5a721d1ea2c4a6dafeec-0068e16acb" "proxy-server 94716" 0.0003 "-" 93716 0
Oct 04 14:43:23 np0005470878.novalocal container-server[93383]: ::1 - - [04/Oct/2025:18:43:23 +0000] "PUT /1/69595/AUTH_3c12f327ec924e3c89731d403fb9bd42/gnocchi.2d712368-9550-49f2-b348-f44629a99902/none_v3" 201 - "PUT http://[::1]:8080/2/213926/AUTH_3c12f327ec924e3c89731d403fb9bd42/gnocchi.2d712368-9550-49f2-b348-f44629a99902/none_v3" "tx5d3e8675e74449159b45c-0068e16acb" "object-server 93717" 0.0006 "-" 93383 0
Oct 04 14:43:23 np0005470878.novalocal object-server[93716]: ::1 - - [04/Oct/2025:18:43:23 +0000] "PUT /1/213926/AUTH_3c12f327ec924e3c89731d403fb9bd42/gnocchi.2d712368-9550-49f2-b348-f44629a99902/none_v3" 201 - "PUT https://[::1]:8080/v1/AUTH_3c12f327ec924e3c89731d403fb9bd42/gnocchi.2d712368-9550-49f2-b348-f44629a99902/none_v3" "tx5d3e8675e74449159b45c-0068e16acb" "proxy-server 94717" 0.0111 "-" 93716 0
Oct 04 14:43:23 np0005470878.novalocal object-server[93717]: ::1 - - [04/Oct/2025:18:43:23 +0000] "PUT /2/213926/AUTH_3c12f327ec924e3c89731d403fb9bd42/gnocchi.2d712368-9550-49f2-b348-f44629a99902/none_v3" 201 - "PUT https://[::1]:8080/v1/AUTH_3c12f327ec924e3c89731d403fb9bd42/gnocchi.2d712368-9550-49f2-b348-f44629a99902/none_v3" "tx5d3e8675e74449159b45c-0068e16acb" "proxy-server 94717" 0.0114 "-" 93717 0
Oct 04 14:43:23 np0005470878.novalocal container-server[93384]: ::1 - - [04/Oct/2025:18:43:23 +0000] "PUT /2/69595/AUTH_3c12f327ec924e3c89731d403fb9bd42/gnocchi.2d712368-9550-49f2-b348-f44629a99902/none_v3" 201 - "PUT http://[::1]:8080/3/213926/AUTH_3c12f327ec924e3c89731d403fb9bd42/gnocchi.2d712368-9550-49f2-b348-f44629a99902/none_v3" "tx5d3e8675e74449159b45c-0068e16acb" "object-server 93717" 0.0010 "-" 93384 0
Oct 04 14:43:23 np0005470878.novalocal object-server[93717]: ::1 - - [04/Oct/2025:18:43:23 +0000] "PUT /3/213926/AUTH_3c12f327ec924e3c89731d403fb9bd42/gnocchi.2d712368-9550-49f2-b348-f44629a99902/none_v3" 201 - "PUT https://[::1]:8080/v1/AUTH_3c12f327ec924e3c89731d403fb9bd42/gnocchi.2d712368-9550-49f2-b348-f44629a99902/none_v3" "tx5d3e8675e74449159b45c-0068e16acb" "proxy-server 94717" 0.0115 "-" 93717 0
Oct 04 14:43:23 np0005470878.novalocal proxy-server[94717]: ::1 ::1 04/Oct/2025/18/43/23 PUT /v1/AUTH_3c12f327ec924e3c89731d403fb9bd42/gnocchi.2d712368-9550-49f2-b348-f44629a99902/none_v3 HTTP/1.0 201 - python-swiftclient-4.7.0 gAAAAABo4Wq9xl3N... 22 - - tx5d3e8675e74449159b45c-0068e16acb - 0.0479 - - 1759603403.214307785 1759603403.262222767 0
Oct 04 14:43:23 np0005470878.novalocal object-server[93717]: ::1 - - [04/Oct/2025:18:43:23 +0000] "GET /3/232576/AUTH_3c12f327ec924e3c89731d403fb9bd42/gnocchi.265ab4c2-a75a-424e-a34b-1e5ed3073f16/1759320000.0_mean_300.0_v3" 404 70 "GET https://[::1]:8080/v1/AUTH_3c12f327ec924e3c89731d403fb9bd42/gnocchi.265ab4c2-a75a-424e-a34b-1e5ed3073f16/1759320000.0_mean_300.0_v3" "txe5a721d1ea2c4a6dafeec-0068e16acb" "proxy-server 94716" 0.0002 "-" 93717 0
Oct 04 14:43:23 np0005470878.novalocal object-server[93717]: ::1 - - [04/Oct/2025:18:43:23 +0000] "GET /1/232576/AUTH_3c12f327ec924e3c89731d403fb9bd42/gnocchi.265ab4c2-a75a-424e-a34b-1e5ed3073f16/1759320000.0_mean_300.0_v3" 404 70 "GET https://[::1]:8080/v1/AUTH_3c12f327ec924e3c89731d403fb9bd42/gnocchi.265ab4c2-a75a-424e-a34b-1e5ed3073f16/1759320000.0_mean_300.0_v3" "txe5a721d1ea2c4a6dafeec-0068e16acb" "proxy-server 94716" 0.0002 "-" 93717 0
Oct 04 14:43:23 np0005470878.novalocal proxy-server[94716]: ::1 ::1 04/Oct/2025/18/43/23 GET /v1/AUTH_3c12f327ec924e3c89731d403fb9bd42/gnocchi.265ab4c2-a75a-424e-a34b-1e5ed3073f16/1759320000.0_mean_300.0_v3 HTTP/1.0 404 - python-swiftclient-4.7.0 gAAAAABo4WrHdnea... - 70 - txe5a721d1ea2c4a6dafeec-0068e16acb - 0.0156 - - 1759603403.252420902 1759603403.268063307 0
Oct 04 14:43:23 np0005470878.novalocal container-server[93384]: ::1 - - [04/Oct/2025:18:43:23 +0000] "PUT /2/5547/AUTH_3c12f327ec924e3c89731d403fb9bd42/gnocchi.265ab4c2-a75a-424e-a34b-1e5ed3073f16/1759320000.0_mean_300.0_v3" 201 - "PUT http://[::1]:8080/3/232576/AUTH_3c12f327ec924e3c89731d403fb9bd42/gnocchi.265ab4c2-a75a-424e-a34b-1e5ed3073f16/1759320000.0_mean_300.0_v3" "tx46e616cf6467418499ff8-0068e16acb" "object-server 93716" 0.0008 "-" 93384 0
Oct 04 14:43:23 np0005470878.novalocal container-server[93383]: ::1 - - [04/Oct/2025:18:43:23 +0000] "PUT /3/5547/AUTH_3c12f327ec924e3c89731d403fb9bd42/gnocchi.265ab4c2-a75a-424e-a34b-1e5ed3073f16/1759320000.0_mean_300.0_v3" 201 - "PUT http://[::1]:8080/2/232576/AUTH_3c12f327ec924e3c89731d403fb9bd42/gnocchi.265ab4c2-a75a-424e-a34b-1e5ed3073f16/1759320000.0_mean_300.0_v3" "tx46e616cf6467418499ff8-0068e16acb" "object-server 93717" 0.0008 "-" 93383 0
Oct 04 14:43:23 np0005470878.novalocal object-server[93716]: ::1 - - [04/Oct/2025:18:43:23 +0000] "PUT /3/232576/AUTH_3c12f327ec924e3c89731d403fb9bd42/gnocchi.265ab4c2-a75a-424e-a34b-1e5ed3073f16/1759320000.0_mean_300.0_v3" 201 - "PUT https://[::1]:8080/v1/AUTH_3c12f327ec924e3c89731d403fb9bd42/gnocchi.265ab4c2-a75a-424e-a34b-1e5ed3073f16/1759320000.0_mean_300.0_v3" "tx46e616cf6467418499ff8-0068e16acb" "proxy-server 94716" 0.0126 "-" 93716 0
Oct 04 14:43:23 np0005470878.novalocal object-server[93717]: ::1 - - [04/Oct/2025:18:43:23 +0000] "PUT /2/232576/AUTH_3c12f327ec924e3c89731d403fb9bd42/gnocchi.265ab4c2-a75a-424e-a34b-1e5ed3073f16/1759320000.0_mean_300.0_v3" 201 - "PUT https://[::1]:8080/v1/AUTH_3c12f327ec924e3c89731d403fb9bd42/gnocchi.265ab4c2-a75a-424e-a34b-1e5ed3073f16/1759320000.0_mean_300.0_v3" "tx46e616cf6467418499ff8-0068e16acb" "proxy-server 94716" 0.0127 "-" 93717 0
Oct 04 14:43:23 np0005470878.novalocal container-server[93383]: ::1 - - [04/Oct/2025:18:43:23 +0000] "PUT /1/5547/AUTH_3c12f327ec924e3c89731d403fb9bd42/gnocchi.265ab4c2-a75a-424e-a34b-1e5ed3073f16/1759320000.0_mean_300.0_v3" 201 - "PUT http://[::1]:8080/1/232576/AUTH_3c12f327ec924e3c89731d403fb9bd42/gnocchi.265ab4c2-a75a-424e-a34b-1e5ed3073f16/1759320000.0_mean_300.0_v3" "tx46e616cf6467418499ff8-0068e16acb" "object-server 93716" 0.0007 "-" 93383 0
Oct 04 14:43:23 np0005470878.novalocal object-server[93716]: ::1 - - [04/Oct/2025:18:43:23 +0000] "PUT /1/232576/AUTH_3c12f327ec924e3c89731d403fb9bd42/gnocchi.265ab4c2-a75a-424e-a34b-1e5ed3073f16/1759320000.0_mean_300.0_v3" 201 - "PUT https://[::1]:8080/v1/AUTH_3c12f327ec924e3c89731d403fb9bd42/gnocchi.265ab4c2-a75a-424e-a34b-1e5ed3073f16/1759320000.0_mean_300.0_v3" "tx46e616cf6467418499ff8-0068e16acb" "proxy-server 94716" 0.0133 "-" 93716 0
Oct 04 14:43:23 np0005470878.novalocal proxy-server[94716]: ::1 ::1 04/Oct/2025/18/43/23 PUT /v1/AUTH_3c12f327ec924e3c89731d403fb9bd42/gnocchi.265ab4c2-a75a-424e-a34b-1e5ed3073f16/1759320000.0_mean_300.0_v3 HTTP/1.0 201 - python-swiftclient-4.7.0 gAAAAABo4WrHdnea... 16 - - tx46e616cf6467418499ff8-0068e16acb - 0.0292 - - 1759603403.272916555 1759603403.302088737 0
Oct 04 14:43:23 np0005470878.novalocal container-server[93383]: ::1 - - [04/Oct/2025:18:43:23 +0000] "HEAD /2/114253/AUTH_3c12f327ec924e3c89731d403fb9bd42/gnocchi.c1ed0043-94a8-4c42-a34a-9205f9f64817" 404 - "HEAD http://[::1]:8080/v1/AUTH_3c12f327ec924e3c89731d403fb9bd42/gnocchi.c1ed0043-94a8-4c42-a34a-9205f9f64817" "tx04a2c944f426491898ff3-0068e16acb" "proxy-server 94717" 0.0004 "-" 93383 0
Oct 04 14:43:23 np0005470878.novalocal container-server[93383]: ::1 - - [04/Oct/2025:18:43:23 +0000] "HEAD /3/114253/AUTH_3c12f327ec924e3c89731d403fb9bd42/gnocchi.c1ed0043-94a8-4c42-a34a-9205f9f64817" 404 - "HEAD http://[::1]:8080/v1/AUTH_3c12f327ec924e3c89731d403fb9bd42/gnocchi.c1ed0043-94a8-4c42-a34a-9205f9f64817" "tx04a2c944f426491898ff3-0068e16acb" "proxy-server 94717" 0.0003 "-" 93383 0
Oct 04 14:43:23 np0005470878.novalocal container-server[93384]: ::1 - - [04/Oct/2025:18:43:23 +0000] "HEAD /1/114253/AUTH_3c12f327ec924e3c89731d403fb9bd42/gnocchi.c1ed0043-94a8-4c42-a34a-9205f9f64817" 404 - "HEAD http://[::1]:8080/v1/AUTH_3c12f327ec924e3c89731d403fb9bd42/gnocchi.c1ed0043-94a8-4c42-a34a-9205f9f64817" "tx04a2c944f426491898ff3-0068e16acb" "proxy-server 94717" 0.0010 "-" 93384 0
Oct 04 14:43:23 np0005470878.novalocal container-server[93383]: ::1 - - [04/Oct/2025:18:43:23 +0000] "PUT /2/5547/AUTH_3c12f327ec924e3c89731d403fb9bd42/gnocchi.265ab4c2-a75a-424e-a34b-1e5ed3073f16/none_v3" 201 - "PUT http://[::1]:8080/1/3215/AUTH_3c12f327ec924e3c89731d403fb9bd42/gnocchi.265ab4c2-a75a-424e-a34b-1e5ed3073f16/none_v3" "tx50a1fcf1a3a5481a8b88f-0068e16acb" "object-server 93716" 0.0007 "-" 93383 0
Oct 04 14:43:23 np0005470878.novalocal object-server[93716]: ::1 - - [04/Oct/2025:18:43:23 +0000] "PUT /1/3215/AUTH_3c12f327ec924e3c89731d403fb9bd42/gnocchi.265ab4c2-a75a-424e-a34b-1e5ed3073f16/none_v3" 201 - "PUT https://[::1]:8080/v1/AUTH_3c12f327ec924e3c89731d403fb9bd42/gnocchi.265ab4c2-a75a-424e-a34b-1e5ed3073f16/none_v3" "tx50a1fcf1a3a5481a8b88f-0068e16acb" "proxy-server 94716" 0.0124 "-" 93716 0
Oct 04 14:43:23 np0005470878.novalocal proxy-server[94717]: - - 04/Oct/2025/18/43/23 HEAD /v1/AUTH_3c12f327ec924e3c89731d403fb9bd42/gnocchi.c1ed0043-94a8-4c42-a34a-9205f9f64817 HTTP/1.0 404 - Swift - - - - tx04a2c944f426491898ff3-0068e16acb - 0.0149 CS - 1759603403.311435223 1759603403.326303959 0
Oct 04 14:43:23 np0005470878.novalocal container-server[93383]: ::1 - - [04/Oct/2025:18:43:23 +0000] "PUT /3/5547/AUTH_3c12f327ec924e3c89731d403fb9bd42/gnocchi.265ab4c2-a75a-424e-a34b-1e5ed3073f16/none_v3" 201 - "PUT http://[::1]:8080/3/3215/AUTH_3c12f327ec924e3c89731d403fb9bd42/gnocchi.265ab4c2-a75a-424e-a34b-1e5ed3073f16/none_v3" "tx50a1fcf1a3a5481a8b88f-0068e16acb" "object-server 93717" 0.0006 "-" 93383 0
Oct 04 14:43:23 np0005470878.novalocal object-server[93717]: ::1 - - [04/Oct/2025:18:43:23 +0000] "PUT /3/3215/AUTH_3c12f327ec924e3c89731d403fb9bd42/gnocchi.265ab4c2-a75a-424e-a34b-1e5ed3073f16/none_v3" 201 - "PUT https://[::1]:8080/v1/AUTH_3c12f327ec924e3c89731d403fb9bd42/gnocchi.265ab4c2-a75a-424e-a34b-1e5ed3073f16/none_v3" "tx50a1fcf1a3a5481a8b88f-0068e16acb" "proxy-server 94716" 0.0135 "-" 93717 0
Oct 04 14:43:23 np0005470878.novalocal container-server[93383]: ::1 - - [04/Oct/2025:18:43:23 +0000] "PUT /1/5547/AUTH_3c12f327ec924e3c89731d403fb9bd42/gnocchi.265ab4c2-a75a-424e-a34b-1e5ed3073f16/none_v3" 201 - "PUT http://[::1]:8080/2/3215/AUTH_3c12f327ec924e3c89731d403fb9bd42/gnocchi.265ab4c2-a75a-424e-a34b-1e5ed3073f16/none_v3" "tx50a1fcf1a3a5481a8b88f-0068e16acb" "object-server 93717" 0.0006 "-" 93383 0
Oct 04 14:43:23 np0005470878.novalocal object-server[93717]: ::1 - - [04/Oct/2025:18:43:23 +0000] "PUT /2/3215/AUTH_3c12f327ec924e3c89731d403fb9bd42/gnocchi.265ab4c2-a75a-424e-a34b-1e5ed3073f16/none_v3" 201 - "PUT https://[::1]:8080/v1/AUTH_3c12f327ec924e3c89731d403fb9bd42/gnocchi.265ab4c2-a75a-424e-a34b-1e5ed3073f16/none_v3" "tx50a1fcf1a3a5481a8b88f-0068e16acb" "proxy-server 94716" 0.0179 "-" 93717 0
Oct 04 14:43:23 np0005470878.novalocal proxy-server[94716]: ::1 ::1 04/Oct/2025/18/43/23 PUT /v1/AUTH_3c12f327ec924e3c89731d403fb9bd42/gnocchi.265ab4c2-a75a-424e-a34b-1e5ed3073f16/none_v3 HTTP/1.0 201 - python-swiftclient-4.7.0 gAAAAABo4WrHdnea... 22 - - tx50a1fcf1a3a5481a8b88f-0068e16acb - 0.0268 - - 1759603403.305197477 1759603403.332035065 0
Oct 04 14:43:23 np0005470878.novalocal object-server[93716]: ::1 - - [04/Oct/2025:18:43:23 +0000] "GET /1/9456/AUTH_3c12f327ec924e3c89731d403fb9bd42/gnocchi.c1ed0043-94a8-4c42-a34a-9205f9f64817/none_v3" 404 70 "GET https://[::1]:8080/v1/AUTH_3c12f327ec924e3c89731d403fb9bd42/gnocchi.c1ed0043-94a8-4c42-a34a-9205f9f64817/none_v3" "tx04a2c944f426491898ff3-0068e16acb" "proxy-server 94717" 0.0003 "-" 93716 0
Oct 04 14:43:23 np0005470878.novalocal object-server[93716]: ::1 - - [04/Oct/2025:18:43:23 +0000] "GET /2/9456/AUTH_3c12f327ec924e3c89731d403fb9bd42/gnocchi.c1ed0043-94a8-4c42-a34a-9205f9f64817/none_v3" 404 70 "GET https://[::1]:8080/v1/AUTH_3c12f327ec924e3c89731d403fb9bd42/gnocchi.c1ed0043-94a8-4c42-a34a-9205f9f64817/none_v3" "tx04a2c944f426491898ff3-0068e16acb" "proxy-server 94717" 0.0003 "-" 93716 0
Oct 04 14:43:23 np0005470878.novalocal object-server[93717]: ::1 - - [04/Oct/2025:18:43:23 +0000] "GET /3/9456/AUTH_3c12f327ec924e3c89731d403fb9bd42/gnocchi.c1ed0043-94a8-4c42-a34a-9205f9f64817/none_v3" 404 70 "GET https://[::1]:8080/v1/AUTH_3c12f327ec924e3c89731d403fb9bd42/gnocchi.c1ed0043-94a8-4c42-a34a-9205f9f64817/none_v3" "tx04a2c944f426491898ff3-0068e16acb" "proxy-server 94717" 0.0004 "-" 93717 0
Oct 04 14:43:23 np0005470878.novalocal proxy-server[94717]: ::1 ::1 04/Oct/2025/18/43/23 GET /v1/AUTH_3c12f327ec924e3c89731d403fb9bd42/gnocchi.c1ed0043-94a8-4c42-a34a-9205f9f64817/none_v3 HTTP/1.0 404 - python-swiftclient-4.7.0 gAAAAABo4Wq9xl3N... - 70 - tx04a2c944f426491898ff3-0068e16acb - 0.0317 - - 1759603403.310109138 1759603403.341829777 0
Oct 04 14:43:23 np0005470878.novalocal object-server[93716]: ::1 - - [04/Oct/2025:18:43:23 +0000] "GET /1/110577/AUTH_3c12f327ec924e3c89731d403fb9bd42/gnocchi.112b5308-14b0-4ce3-aa28-0d4f418ebb9b/none_v3" 200 46 "GET https://[::1]:8080/v1/AUTH_3c12f327ec924e3c89731d403fb9bd42/gnocchi.112b5308-14b0-4ce3-aa28-0d4f418ebb9b/none_v3" "tx66bd78fd7ef3464688a54-0068e16acb" "proxy-server 94716" 0.0011 "-" 93716 0
Oct 04 14:43:23 np0005470878.novalocal proxy-server[94716]: ::1 ::1 04/Oct/2025/18/43/23 GET /v1/AUTH_3c12f327ec924e3c89731d403fb9bd42/gnocchi.112b5308-14b0-4ce3-aa28-0d4f418ebb9b/none_v3 HTTP/1.0 200 - python-swiftclient-4.7.0 gAAAAABo4WrHdnea... - 46 - tx66bd78fd7ef3464688a54-0068e16acb - 0.0103 - - 1759603403.349730253 1759603403.360049963 0
Oct 04 14:43:23 np0005470878.novalocal account-server[93089]: ::1 - - [04/Oct/2025:18:43:23 +0000] "PUT /2/140569/AUTH_3c12f327ec924e3c89731d403fb9bd42/gnocchi.c1ed0043-94a8-4c42-a34a-9205f9f64817" 201 - "PUT http://[::1]:6001/1/114253/AUTH_3c12f327ec924e3c89731d403fb9bd42/gnocchi.c1ed0043-94a8-4c42-a34a-9205f9f64817" "txa34f205c10ea4b12a6667-0068e16acb" "container-server 93384" 0.0050 "-" 93089 0
Oct 04 14:43:23 np0005470878.novalocal container-server[93384]: ::1 - - [04/Oct/2025:18:43:23 +0000] "PUT /1/114253/AUTH_3c12f327ec924e3c89731d403fb9bd42/gnocchi.c1ed0043-94a8-4c42-a34a-9205f9f64817" 201 - "PUT https://[::1]:8080/v1/AUTH_3c12f327ec924e3c89731d403fb9bd42/gnocchi.c1ed0043-94a8-4c42-a34a-9205f9f64817" "txa34f205c10ea4b12a6667-0068e16acb" "proxy-server 94717" 0.0198 "-" 93384 0
Oct 04 14:43:23 np0005470878.novalocal container-server[93384]: ::1 - - [04/Oct/2025:18:43:23 +0000] "GET /2/246933/AUTH_3c12f327ec924e3c89731d403fb9bd42/gnocchi.112b5308-14b0-4ce3-aa28-0d4f418ebb9b" 200 357 "GET https://[::1]:8080/v1/AUTH_3c12f327ec924e3c89731d403fb9bd42/gnocchi.112b5308-14b0-4ce3-aa28-0d4f418ebb9b?format=json&states=listing" "tx67c64705caae42d48b167-0068e16acb" "proxy-server 94716" 0.0049 "-" 93384 0
Oct 04 14:43:23 np0005470878.novalocal account-server[93088]: ::1 - - [04/Oct/2025:18:43:23 +0000] "PUT /3/140569/AUTH_3c12f327ec924e3c89731d403fb9bd42/gnocchi.c1ed0043-94a8-4c42-a34a-9205f9f64817" 201 - "PUT http://[::1]:6001/2/114253/AUTH_3c12f327ec924e3c89731d403fb9bd42/gnocchi.c1ed0043-94a8-4c42-a34a-9205f9f64817" "txa34f205c10ea4b12a6667-0068e16acb" "container-server 93383" 0.0058 "-" 93088 0
Oct 04 14:43:23 np0005470878.novalocal proxy-server[94716]: ::1 ::1 04/Oct/2025/18/43/23 GET /v1/AUTH_3c12f327ec924e3c89731d403fb9bd42/gnocchi.112b5308-14b0-4ce3-aa28-0d4f418ebb9b%3Fformat%3Djson%26states%3Dlisting HTTP/1.0 200 - python-swiftclient-4.7.0 gAAAAABo4WrHdnea... - 357 - tx67c64705caae42d48b167-0068e16acb - 0.0128 - - 1759603403.370666504 1759603403.383436203 0
Oct 04 14:43:23 np0005470878.novalocal container-server[93383]: ::1 - - [04/Oct/2025:18:43:23 +0000] "PUT /2/114253/AUTH_3c12f327ec924e3c89731d403fb9bd42/gnocchi.c1ed0043-94a8-4c42-a34a-9205f9f64817" 201 - "PUT https://[::1]:8080/v1/AUTH_3c12f327ec924e3c89731d403fb9bd42/gnocchi.c1ed0043-94a8-4c42-a34a-9205f9f64817" "txa34f205c10ea4b12a6667-0068e16acb" "proxy-server 94717" 0.0351 "-" 93383 0
Oct 04 14:43:23 np0005470878.novalocal account-server[93088]: ::1 - - [04/Oct/2025:18:43:23 +0000] "PUT /1/140569/AUTH_3c12f327ec924e3c89731d403fb9bd42/gnocchi.c1ed0043-94a8-4c42-a34a-9205f9f64817" 201 - "PUT http://[::1]:6001/3/114253/AUTH_3c12f327ec924e3c89731d403fb9bd42/gnocchi.c1ed0043-94a8-4c42-a34a-9205f9f64817" "txa34f205c10ea4b12a6667-0068e16acb" "container-server 93383" 0.0045 "-" 93088 0
Oct 04 14:43:23 np0005470878.novalocal container-server[93383]: ::1 - - [04/Oct/2025:18:43:23 +0000] "GET /3/246933/AUTH_3c12f327ec924e3c89731d403fb9bd42/gnocchi.112b5308-14b0-4ce3-aa28-0d4f418ebb9b" 200 2 "GET https://[::1]:8080/v1/AUTH_3c12f327ec924e3c89731d403fb9bd42/gnocchi.112b5308-14b0-4ce3-aa28-0d4f418ebb9b?format=json&marker=none_v3&states=listing" "tx6d1a5e3046614810a626a-0068e16acb" "proxy-server 94716" 0.0042 "-" 93383 0
Oct 04 14:43:23 np0005470878.novalocal container-server[93383]: ::1 - - [04/Oct/2025:18:43:23 +0000] "PUT /3/114253/AUTH_3c12f327ec924e3c89731d403fb9bd42/gnocchi.c1ed0043-94a8-4c42-a34a-9205f9f64817" 201 - "PUT https://[::1]:8080/v1/AUTH_3c12f327ec924e3c89731d403fb9bd42/gnocchi.c1ed0043-94a8-4c42-a34a-9205f9f64817" "txa34f205c10ea4b12a6667-0068e16acb" "proxy-server 94717" 0.0226 "-" 93383 0
Oct 04 14:43:23 np0005470878.novalocal proxy-server[94716]: ::1 ::1 04/Oct/2025/18/43/23 GET /v1/AUTH_3c12f327ec924e3c89731d403fb9bd42/gnocchi.112b5308-14b0-4ce3-aa28-0d4f418ebb9b%3Fformat%3Djson%26marker%3Dnone_v3%26states%3Dlisting HTTP/1.0 200 - python-swiftclient-4.7.0 gAAAAABo4WrHdnea... - 2 - tx6d1a5e3046614810a626a-0068e16acb - 0.0112 - - 1759603403.387723446 1759603403.398925781 0
Oct 04 14:43:23 np0005470878.novalocal proxy-server[94717]: ::1 ::1 04/Oct/2025/18/43/23 PUT /v1/AUTH_3c12f327ec924e3c89731d403fb9bd42/gnocchi.c1ed0043-94a8-4c42-a34a-9205f9f64817 HTTP/1.0 201 - python-swiftclient-4.7.0 gAAAAABo4Wq9xl3N... - - - txa34f205c10ea4b12a6667-0068e16acb - 0.0554 - - 1759603403.345743656 1759603403.401137590 0
Oct 04 14:43:23 np0005470878.novalocal container-server[93384]: ::1 - - [04/Oct/2025:18:43:23 +0000] "HEAD /3/114253/AUTH_3c12f327ec924e3c89731d403fb9bd42/gnocchi.c1ed0043-94a8-4c42-a34a-9205f9f64817" 204 - "HEAD http://[::1]:8080/v1/AUTH_3c12f327ec924e3c89731d403fb9bd42/gnocchi.c1ed0043-94a8-4c42-a34a-9205f9f64817" "tx83488c8881844e27a1fff-0068e16acb" "proxy-server 94717" 0.0021 "-" 93384 0
Oct 04 14:43:23 np0005470878.novalocal object-server[93716]: ::1 - - [04/Oct/2025:18:43:23 +0000] "GET /1/143861/AUTH_3c12f327ec924e3c89731d403fb9bd42/gnocchi.112b5308-14b0-4ce3-aa28-0d4f418ebb9b/1759320000.0_mean_300.0_v3" 200 16 "GET https://[::1]:8080/v1/AUTH_3c12f327ec924e3c89731d403fb9bd42/gnocchi.112b5308-14b0-4ce3-aa28-0d4f418ebb9b/1759320000.0_mean_300.0_v3" "tx2ba1bf90015c44d38f74e-0068e16acb" "proxy-server 94716" 0.0018 "-" 93716 0
Oct 04 14:43:23 np0005470878.novalocal proxy-server[94717]: - - 04/Oct/2025/18/43/23 HEAD /v1/AUTH_3c12f327ec924e3c89731d403fb9bd42/gnocchi.c1ed0043-94a8-4c42-a34a-9205f9f64817 HTTP/1.0 204 - Swift - - - - tx83488c8881844e27a1fff-0068e16acb - 0.0070 CS - 1759603403.406262636 1759603403.413258314 0
Oct 04 14:43:23 np0005470878.novalocal proxy-server[94716]: ::1 ::1 04/Oct/2025/18/43/23 GET /v1/AUTH_3c12f327ec924e3c89731d403fb9bd42/gnocchi.112b5308-14b0-4ce3-aa28-0d4f418ebb9b/1759320000.0_mean_300.0_v3 HTTP/1.0 200 - python-swiftclient-4.7.0 gAAAAABo4WrHdnea... - 16 - tx2ba1bf90015c44d38f74e-0068e16acb - 0.0106 - - 1759603403.405401707 1759603403.415952921 0
Oct 04 14:43:23 np0005470878.novalocal container-server[93384]: ::1 - - [04/Oct/2025:18:43:23 +0000] "GET /3/114253/AUTH_3c12f327ec924e3c89731d403fb9bd42/gnocchi.c1ed0043-94a8-4c42-a34a-9205f9f64817" 200 2 "GET https://[::1]:8080/v1/AUTH_3c12f327ec924e3c89731d403fb9bd42/gnocchi.c1ed0043-94a8-4c42-a34a-9205f9f64817?format=json&states=listing" "tx83488c8881844e27a1fff-0068e16acb" "proxy-server 94717" 0.0033 "-" 93384 0
Oct 04 14:43:23 np0005470878.novalocal proxy-server[94717]: ::1 ::1 04/Oct/2025/18/43/23 GET /v1/AUTH_3c12f327ec924e3c89731d403fb9bd42/gnocchi.c1ed0043-94a8-4c42-a34a-9205f9f64817%3Fformat%3Djson%26states%3Dlisting HTTP/1.0 200 - python-swiftclient-4.7.0 gAAAAABo4Wq9xl3N... - 2 - tx83488c8881844e27a1fff-0068e16acb - 0.0204 - - 1759603403.405406475 1759603403.425823689 0
Oct 04 14:43:23 np0005470878.novalocal object-server[93716]: ::1 - - [04/Oct/2025:18:43:23 +0000] "GET /3/195693/AUTH_3c12f327ec924e3c89731d403fb9bd42/gnocchi.c1ed0043-94a8-4c42-a34a-9205f9f64817/1759320000.0_mean_300.0_v3" 404 70 "GET https://[::1]:8080/v1/AUTH_3c12f327ec924e3c89731d403fb9bd42/gnocchi.c1ed0043-94a8-4c42-a34a-9205f9f64817/1759320000.0_mean_300.0_v3" "txafd7e4f088d848179cc72-0068e16acb" "proxy-server 94717" 0.0011 "-" 93716 0
Oct 04 14:43:23 np0005470878.novalocal container-server[93384]: ::1 - - [04/Oct/2025:18:43:23 +0000] "PUT /2/246933/AUTH_3c12f327ec924e3c89731d403fb9bd42/gnocchi.112b5308-14b0-4ce3-aa28-0d4f418ebb9b/1759320000.0_mean_300.0_v3" 201 - "PUT http://[::1]:8080/3/143861/AUTH_3c12f327ec924e3c89731d403fb9bd42/gnocchi.112b5308-14b0-4ce3-aa28-0d4f418ebb9b/1759320000.0_mean_300.0_v3" "txd9cba3e4d4aa42bab1c3f-0068e16acb" "object-server 93717" 0.0008 "-" 93384 0
Oct 04 14:43:23 np0005470878.novalocal object-server[93717]: ::1 - - [04/Oct/2025:18:43:23 +0000] "PUT /3/143861/AUTH_3c12f327ec924e3c89731d403fb9bd42/gnocchi.112b5308-14b0-4ce3-aa28-0d4f418ebb9b/1759320000.0_mean_300.0_v3" 201 - "PUT https://[::1]:8080/v1/AUTH_3c12f327ec924e3c89731d403fb9bd42/gnocchi.112b5308-14b0-4ce3-aa28-0d4f418ebb9b/1759320000.0_mean_300.0_v3" "txd9cba3e4d4aa42bab1c3f-0068e16acb" "proxy-server 94716" 0.0155 "-" 93717 0
Oct 04 14:43:23 np0005470878.novalocal container-server[93383]: ::1 - - [04/Oct/2025:18:43:23 +0000] "PUT /1/246933/AUTH_3c12f327ec924e3c89731d403fb9bd42/gnocchi.112b5308-14b0-4ce3-aa28-0d4f418ebb9b/1759320000.0_mean_300.0_v3" 201 - "PUT http://[::1]:8080/2/143861/AUTH_3c12f327ec924e3c89731d403fb9bd42/gnocchi.112b5308-14b0-4ce3-aa28-0d4f418ebb9b/1759320000.0_mean_300.0_v3" "txd9cba3e4d4aa42bab1c3f-0068e16acb" "object-server 93717" 0.0010 "-" 93383 0
Oct 04 14:43:23 np0005470878.novalocal object-server[93717]: ::1 - - [04/Oct/2025:18:43:23 +0000] "PUT /2/143861/AUTH_3c12f327ec924e3c89731d403fb9bd42/gnocchi.112b5308-14b0-4ce3-aa28-0d4f418ebb9b/1759320000.0_mean_300.0_v3" 201 - "PUT https://[::1]:8080/v1/AUTH_3c12f327ec924e3c89731d403fb9bd42/gnocchi.112b5308-14b0-4ce3-aa28-0d4f418ebb9b/1759320000.0_mean_300.0_v3" "txd9cba3e4d4aa42bab1c3f-0068e16acb" "proxy-server 94716" 0.0148 "-" 93717 0
Oct 04 14:43:23 np0005470878.novalocal object-server[93716]: ::1 - - [04/Oct/2025:18:43:23 +0000] "GET /1/195693/AUTH_3c12f327ec924e3c89731d403fb9bd42/gnocchi.c1ed0043-94a8-4c42-a34a-9205f9f64817/1759320000.0_mean_300.0_v3" 404 70 "GET https://[::1]:8080/v1/AUTH_3c12f327ec924e3c89731d403fb9bd42/gnocchi.c1ed0043-94a8-4c42-a34a-9205f9f64817/1759320000.0_mean_300.0_v3" "txafd7e4f088d848179cc72-0068e16acb" "proxy-server 94717" 0.0004 "-" 93716 0
Oct 04 14:43:23 np0005470878.novalocal container-server[93384]: ::1 - - [04/Oct/2025:18:43:23 +0000] "PUT /3/246933/AUTH_3c12f327ec924e3c89731d403fb9bd42/gnocchi.112b5308-14b0-4ce3-aa28-0d4f418ebb9b/1759320000.0_mean_300.0_v3" 201 - "PUT http://[::1]:8080/1/143861/AUTH_3c12f327ec924e3c89731d403fb9bd42/gnocchi.112b5308-14b0-4ce3-aa28-0d4f418ebb9b/1759320000.0_mean_300.0_v3" "txd9cba3e4d4aa42bab1c3f-0068e16acb" "object-server 93716" 0.0007 "-" 93384 0
Oct 04 14:43:23 np0005470878.novalocal object-server[93716]: ::1 - - [04/Oct/2025:18:43:23 +0000] "GET /2/195693/AUTH_3c12f327ec924e3c89731d403fb9bd42/gnocchi.c1ed0043-94a8-4c42-a34a-9205f9f64817/1759320000.0_mean_300.0_v3" 404 70 "GET https://[::1]:8080/v1/AUTH_3c12f327ec924e3c89731d403fb9bd42/gnocchi.c1ed0043-94a8-4c42-a34a-9205f9f64817/1759320000.0_mean_300.0_v3" "txafd7e4f088d848179cc72-0068e16acb" "proxy-server 94717" 0.0006 "-" 93716 0
Oct 04 14:43:23 np0005470878.novalocal proxy-server[94717]: ::1 ::1 04/Oct/2025/18/43/23 GET /v1/AUTH_3c12f327ec924e3c89731d403fb9bd42/gnocchi.c1ed0043-94a8-4c42-a34a-9205f9f64817/1759320000.0_mean_300.0_v3 HTTP/1.0 404 - python-swiftclient-4.7.0 gAAAAABo4Wq9xl3N... - 70 - txafd7e4f088d848179cc72-0068e16acb - 0.0187 - - 1759603403.429978371 1759603403.448658705 0
Oct 04 14:43:23 np0005470878.novalocal object-server[93716]: ::1 - - [04/Oct/2025:18:43:23 +0000] "PUT /1/143861/AUTH_3c12f327ec924e3c89731d403fb9bd42/gnocchi.112b5308-14b0-4ce3-aa28-0d4f418ebb9b/1759320000.0_mean_300.0_v3" 201 - "PUT https://[::1]:8080/v1/AUTH_3c12f327ec924e3c89731d403fb9bd42/gnocchi.112b5308-14b0-4ce3-aa28-0d4f418ebb9b/1759320000.0_mean_300.0_v3" "txd9cba3e4d4aa42bab1c3f-0068e16acb" "proxy-server 94716" 0.0222 "-" 93716 0
Oct 04 14:43:23 np0005470878.novalocal proxy-server[94716]: ::1 ::1 04/Oct/2025/18/43/23 PUT /v1/AUTH_3c12f327ec924e3c89731d403fb9bd42/gnocchi.112b5308-14b0-4ce3-aa28-0d4f418ebb9b/1759320000.0_mean_300.0_v3 HTTP/1.0 201 - python-swiftclient-4.7.0 gAAAAABo4WrHdnea... 16 - - txd9cba3e4d4aa42bab1c3f-0068e16acb - 0.0309 - - 1759603403.419359446 1759603403.450245380 0
Oct 04 14:43:23 np0005470878.novalocal container-server[93383]: ::1 - - [04/Oct/2025:18:43:23 +0000] "PUT /2/114253/AUTH_3c12f327ec924e3c89731d403fb9bd42/gnocchi.c1ed0043-94a8-4c42-a34a-9205f9f64817/1759320000.0_mean_300.0_v3" 201 - "PUT http://[::1]:8080/2/195693/AUTH_3c12f327ec924e3c89731d403fb9bd42/gnocchi.c1ed0043-94a8-4c42-a34a-9205f9f64817/1759320000.0_mean_300.0_v3" "tx7f2392f1b3484ec1a7731-0068e16acb" "object-server 93716" 0.0009 "-" 93383 0
Oct 04 14:43:23 np0005470878.novalocal object-server[93716]: ::1 - - [04/Oct/2025:18:43:23 +0000] "PUT /2/195693/AUTH_3c12f327ec924e3c89731d403fb9bd42/gnocchi.c1ed0043-94a8-4c42-a34a-9205f9f64817/1759320000.0_mean_300.0_v3" 201 - "PUT https://[::1]:8080/v1/AUTH_3c12f327ec924e3c89731d403fb9bd42/gnocchi.c1ed0043-94a8-4c42-a34a-9205f9f64817/1759320000.0_mean_300.0_v3" "tx7f2392f1b3484ec1a7731-0068e16acb" "proxy-server 94717" 0.0110 "-" 93716 0
Oct 04 14:43:23 np0005470878.novalocal container-server[93384]: ::1 - - [04/Oct/2025:18:43:23 +0000] "PUT /2/246933/AUTH_3c12f327ec924e3c89731d403fb9bd42/gnocchi.112b5308-14b0-4ce3-aa28-0d4f418ebb9b/none_v3" 201 - "PUT http://[::1]:8080/2/110577/AUTH_3c12f327ec924e3c89731d403fb9bd42/gnocchi.112b5308-14b0-4ce3-aa28-0d4f418ebb9b/none_v3" "tx78dc8a1083c249899418c-0068e16acb" "object-server 93717" 0.0007 "-" 93384 0
Oct 04 14:43:23 np0005470878.novalocal container-server[93383]: ::1 - - [04/Oct/2025:18:43:23 +0000] "PUT /3/246933/AUTH_3c12f327ec924e3c89731d403fb9bd42/gnocchi.112b5308-14b0-4ce3-aa28-0d4f418ebb9b/none_v3" 201 - "PUT http://[::1]:8080/1/110577/AUTH_3c12f327ec924e3c89731d403fb9bd42/gnocchi.112b5308-14b0-4ce3-aa28-0d4f418ebb9b/none_v3" "tx78dc8a1083c249899418c-0068e16acb" "object-server 93717" 0.0007 "-" 93383 0
Oct 04 14:43:23 np0005470878.novalocal object-server[93717]: ::1 - - [04/Oct/2025:18:43:23 +0000] "PUT /2/110577/AUTH_3c12f327ec924e3c89731d403fb9bd42/gnocchi.112b5308-14b0-4ce3-aa28-0d4f418ebb9b/none_v3" 201 - "PUT https://[::1]:8080/v1/AUTH_3c12f327ec924e3c89731d403fb9bd42/gnocchi.112b5308-14b0-4ce3-aa28-0d4f418ebb9b/none_v3" "tx78dc8a1083c249899418c-0068e16acb" "proxy-server 94716" 0.0134 "-" 93717 0
Oct 04 14:43:23 np0005470878.novalocal object-server[93717]: ::1 - - [04/Oct/2025:18:43:23 +0000] "PUT /1/110577/AUTH_3c12f327ec924e3c89731d403fb9bd42/gnocchi.112b5308-14b0-4ce3-aa28-0d4f418ebb9b/none_v3" 201 - "PUT https://[::1]:8080/v1/AUTH_3c12f327ec924e3c89731d403fb9bd42/gnocchi.112b5308-14b0-4ce3-aa28-0d4f418ebb9b/none_v3" "tx78dc8a1083c249899418c-0068e16acb" "proxy-server 94716" 0.0208 "-" 93717 0
Oct 04 14:43:23 np0005470878.novalocal container-server[93383]: ::1 - - [04/Oct/2025:18:43:23 +0000] "PUT /1/114253/AUTH_3c12f327ec924e3c89731d403fb9bd42/gnocchi.c1ed0043-94a8-4c42-a34a-9205f9f64817/1759320000.0_mean_300.0_v3" 201 - "PUT http://[::1]:8080/1/195693/AUTH_3c12f327ec924e3c89731d403fb9bd42/gnocchi.c1ed0043-94a8-4c42-a34a-9205f9f64817/1759320000.0_mean_300.0_v3" "tx7f2392f1b3484ec1a7731-0068e16acb" "object-server 93717" 0.0007 "-" 93383 0
Oct 04 14:43:23 np0005470878.novalocal object-server[93717]: ::1 - - [04/Oct/2025:18:43:23 +0000] "PUT /1/195693/AUTH_3c12f327ec924e3c89731d403fb9bd42/gnocchi.c1ed0043-94a8-4c42-a34a-9205f9f64817/1759320000.0_mean_300.0_v3" 201 - "PUT https://[::1]:8080/v1/AUTH_3c12f327ec924e3c89731d403fb9bd42/gnocchi.c1ed0043-94a8-4c42-a34a-9205f9f64817/1759320000.0_mean_300.0_v3" "tx7f2392f1b3484ec1a7731-0068e16acb" "proxy-server 94717" 0.0266 "-" 93717 0
Oct 04 14:43:23 np0005470878.novalocal container-server[93383]: ::1 - - [04/Oct/2025:18:43:23 +0000] "PUT /1/246933/AUTH_3c12f327ec924e3c89731d403fb9bd42/gnocchi.112b5308-14b0-4ce3-aa28-0d4f418ebb9b/none_v3" 201 - "PUT http://[::1]:8080/3/110577/AUTH_3c12f327ec924e3c89731d403fb9bd42/gnocchi.112b5308-14b0-4ce3-aa28-0d4f418ebb9b/none_v3" "tx78dc8a1083c249899418c-0068e16acb" "object-server 93717" 0.0006 "-" 93383 0
Oct 04 14:43:23 np0005470878.novalocal object-server[93717]: ::1 - - [04/Oct/2025:18:43:23 +0000] "PUT /3/110577/AUTH_3c12f327ec924e3c89731d403fb9bd42/gnocchi.112b5308-14b0-4ce3-aa28-0d4f418ebb9b/none_v3" 201 - "PUT https://[::1]:8080/v1/AUTH_3c12f327ec924e3c89731d403fb9bd42/gnocchi.112b5308-14b0-4ce3-aa28-0d4f418ebb9b/none_v3" "tx78dc8a1083c249899418c-0068e16acb" "proxy-server 94716" 0.0223 "-" 93717 0
Oct 04 14:43:23 np0005470878.novalocal proxy-server[94716]: ::1 ::1 04/Oct/2025/18/43/23 PUT /v1/AUTH_3c12f327ec924e3c89731d403fb9bd42/gnocchi.112b5308-14b0-4ce3-aa28-0d4f418ebb9b/none_v3 HTTP/1.0 201 - python-swiftclient-4.7.0 gAAAAABo4WrHdnea... 52 - - tx78dc8a1083c249899418c-0068e16acb - 0.0351 - - 1759603403.453919888 1759603403.489063740 0
Oct 04 14:43:23 np0005470878.novalocal container-server[93384]: ::1 - - [04/Oct/2025:18:43:23 +0000] "PUT /3/114253/AUTH_3c12f327ec924e3c89731d403fb9bd42/gnocchi.c1ed0043-94a8-4c42-a34a-9205f9f64817/1759320000.0_mean_300.0_v3" 201 - "PUT http://[::1]:8080/3/195693/AUTH_3c12f327ec924e3c89731d403fb9bd42/gnocchi.c1ed0043-94a8-4c42-a34a-9205f9f64817/1759320000.0_mean_300.0_v3" "tx7f2392f1b3484ec1a7731-0068e16acb" "object-server 93717" 0.0051 "-" 93384 0
Oct 04 14:43:23 np0005470878.novalocal object-server[93717]: ::1 - - [04/Oct/2025:18:43:23 +0000] "PUT /3/195693/AUTH_3c12f327ec924e3c89731d403fb9bd42/gnocchi.c1ed0043-94a8-4c42-a34a-9205f9f64817/1759320000.0_mean_300.0_v3" 201 - "PUT https://[::1]:8080/v1/AUTH_3c12f327ec924e3c89731d403fb9bd42/gnocchi.c1ed0043-94a8-4c42-a34a-9205f9f64817/1759320000.0_mean_300.0_v3" "tx7f2392f1b3484ec1a7731-0068e16acb" "proxy-server 94717" 0.0299 "-" 93717 0
Oct 04 14:43:23 np0005470878.novalocal proxy-server[94717]: ::1 ::1 04/Oct/2025/18/43/23 PUT /v1/AUTH_3c12f327ec924e3c89731d403fb9bd42/gnocchi.c1ed0043-94a8-4c42-a34a-9205f9f64817/1759320000.0_mean_300.0_v3 HTTP/1.0 201 - python-swiftclient-4.7.0 gAAAAABo4Wq9xl3N... 16 - - tx7f2392f1b3484ec1a7731-0068e16acb - 0.0392 - - 1759603403.452022791 1759603403.491219282 0
Oct 04 14:43:23 np0005470878.novalocal container-server[93383]: ::1 - - [04/Oct/2025:18:43:23 +0000] "PUT /1/114253/AUTH_3c12f327ec924e3c89731d403fb9bd42/gnocchi.c1ed0043-94a8-4c42-a34a-9205f9f64817/none_v3" 201 - "PUT http://[::1]:8080/2/9456/AUTH_3c12f327ec924e3c89731d403fb9bd42/gnocchi.c1ed0043-94a8-4c42-a34a-9205f9f64817/none_v3" "tx2b8782b2186b48dcac514-0068e16acb" "object-server 93716" 0.0008 "-" 93383 0
Oct 04 14:43:23 np0005470878.novalocal container-server[93384]: ::1 - - [04/Oct/2025:18:43:23 +0000] "PUT /3/114253/AUTH_3c12f327ec924e3c89731d403fb9bd42/gnocchi.c1ed0043-94a8-4c42-a34a-9205f9f64817/none_v3" 201 - "PUT http://[::1]:8080/3/9456/AUTH_3c12f327ec924e3c89731d403fb9bd42/gnocchi.c1ed0043-94a8-4c42-a34a-9205f9f64817/none_v3" "tx2b8782b2186b48dcac514-0068e16acb" "object-server 93717" 0.0006 "-" 93384 0
Oct 04 14:43:23 np0005470878.novalocal object-server[93716]: ::1 - - [04/Oct/2025:18:43:23 +0000] "PUT /2/9456/AUTH_3c12f327ec924e3c89731d403fb9bd42/gnocchi.c1ed0043-94a8-4c42-a34a-9205f9f64817/none_v3" 201 - "PUT https://[::1]:8080/v1/AUTH_3c12f327ec924e3c89731d403fb9bd42/gnocchi.c1ed0043-94a8-4c42-a34a-9205f9f64817/none_v3" "tx2b8782b2186b48dcac514-0068e16acb" "proxy-server 94717" 0.0120 "-" 93716 0
Oct 04 14:43:23 np0005470878.novalocal object-server[93717]: ::1 - - [04/Oct/2025:18:43:23 +0000] "PUT /3/9456/AUTH_3c12f327ec924e3c89731d403fb9bd42/gnocchi.c1ed0043-94a8-4c42-a34a-9205f9f64817/none_v3" 201 - "PUT https://[::1]:8080/v1/AUTH_3c12f327ec924e3c89731d403fb9bd42/gnocchi.c1ed0043-94a8-4c42-a34a-9205f9f64817/none_v3" "tx2b8782b2186b48dcac514-0068e16acb" "proxy-server 94717" 0.0123 "-" 93717 0
Oct 04 14:43:23 np0005470878.novalocal container-server[93383]: ::1 - - [04/Oct/2025:18:43:23 +0000] "PUT /2/114253/AUTH_3c12f327ec924e3c89731d403fb9bd42/gnocchi.c1ed0043-94a8-4c42-a34a-9205f9f64817/none_v3" 201 - "PUT http://[::1]:8080/1/9456/AUTH_3c12f327ec924e3c89731d403fb9bd42/gnocchi.c1ed0043-94a8-4c42-a34a-9205f9f64817/none_v3" "tx2b8782b2186b48dcac514-0068e16acb" "object-server 93716" 0.0007 "-" 93383 0
Oct 04 14:43:23 np0005470878.novalocal object-server[93716]: ::1 - - [04/Oct/2025:18:43:23 +0000] "PUT /1/9456/AUTH_3c12f327ec924e3c89731d403fb9bd42/gnocchi.c1ed0043-94a8-4c42-a34a-9205f9f64817/none_v3" 201 - "PUT https://[::1]:8080/v1/AUTH_3c12f327ec924e3c89731d403fb9bd42/gnocchi.c1ed0043-94a8-4c42-a34a-9205f9f64817/none_v3" "tx2b8782b2186b48dcac514-0068e16acb" "proxy-server 94717" 0.0119 "-" 93716 0
Oct 04 14:43:23 np0005470878.novalocal proxy-server[94717]: ::1 ::1 04/Oct/2025/18/43/23 PUT /v1/AUTH_3c12f327ec924e3c89731d403fb9bd42/gnocchi.c1ed0043-94a8-4c42-a34a-9205f9f64817/none_v3 HTTP/1.0 201 - python-swiftclient-4.7.0 gAAAAABo4Wq9xl3N... 22 - - tx2b8782b2186b48dcac514-0068e16acb - 0.0208 - - 1759603403.494193077 1759603403.514961243 0
Oct 04 14:43:24 np0005470878.novalocal systemd-udevd[101268]: Network interface NamePolicy= disabled on kernel command line.
Oct 04 14:43:24 np0005470878.novalocal systemd-udevd[101270]: Network interface NamePolicy= disabled on kernel command line.
Oct 04 14:43:24 np0005470878.novalocal systemd-udevd[101272]: Network interface NamePolicy= disabled on kernel command line.
Oct 04 14:43:24 np0005470878.novalocal NetworkManager[861]: [1759603404.1792] manager: (qbr94d9c27a-df): new Bridge device (/org/freedesktop/NetworkManager/Devices/25)
Oct 04 14:43:24 np0005470878.novalocal NetworkManager[861]: [1759603404.1813] device (qvo94d9c27a-df): carrier: link connected
Oct 04 14:43:24 np0005470878.novalocal NetworkManager[861]: [1759603404.1819] manager: (qvo94d9c27a-df): new Veth device (/org/freedesktop/NetworkManager/Devices/26)
Oct 04 14:43:24 np0005470878.novalocal NetworkManager[861]: [1759603404.1840] device (qvb94d9c27a-df): carrier: link connected
Oct 04 14:43:24 np0005470878.novalocal NetworkManager[861]: [1759603404.1845] manager: (qvb94d9c27a-df): new Veth device (/org/freedesktop/NetworkManager/Devices/27)
Oct 04 14:43:24 np0005470878.novalocal kernel: qbr94d9c27a-df: port 1(qvb94d9c27a-df) entered blocking state
Oct 04 14:43:24 np0005470878.novalocal kernel: qbr94d9c27a-df: port 1(qvb94d9c27a-df) entered disabled state
Oct 04 14:43:24 np0005470878.novalocal kernel: qvb94d9c27a-df: entered allmulticast mode
Oct 04 14:43:24 np0005470878.novalocal kernel: qvb94d9c27a-df: entered promiscuous mode
Oct 04 14:43:24 np0005470878.novalocal kernel: qbr94d9c27a-df: port 1(qvb94d9c27a-df) entered blocking state
Oct 04 14:43:24 np0005470878.novalocal kernel: qbr94d9c27a-df: port 1(qvb94d9c27a-df) entered forwarding state
Oct 04 14:43:24 np0005470878.novalocal NetworkManager[861]: [1759603404.1935] device (qbr94d9c27a-df): carrier: link connected
Oct 04 14:43:24 np0005470878.novalocal kernel: qvo94d9c27a-df: entered promiscuous mode
Oct 04 14:43:24 np0005470878.novalocal NetworkManager[861]: [1759603404.2269] device (qbr94d9c27a-df): state change: unmanaged -> unavailable (reason 'connection-assumed', managed-type: 'external')
Oct 04 14:43:24 np0005470878.novalocal NetworkManager[861]: [1759603404.2285] device (qbr94d9c27a-df): state change: unavailable -> disconnected (reason 'connection-assumed', managed-type: 'external')
Oct 04 14:43:24 np0005470878.novalocal NetworkManager[861]: [1759603404.2295] device (qbr94d9c27a-df): Activation: starting connection 'qbr94d9c27a-df' (88610177-fae0-4138-9e39-392747cb6ec1)
Oct 04 14:43:24 np0005470878.novalocal NetworkManager[861]: [1759603404.2302] device (qbr94d9c27a-df): state change: disconnected -> prepare (reason 'none', managed-type: 'external')
Oct 04 14:43:24 np0005470878.novalocal NetworkManager[861]: [1759603404.2307] device (qbr94d9c27a-df): state change: prepare -> config (reason 'none', managed-type: 'external')
Oct 04 14:43:24 np0005470878.novalocal NetworkManager[861]: [1759603404.2311] device (qbr94d9c27a-df): state change: config -> ip-config (reason 'none', managed-type: 'external')
Oct 04 14:43:24 np0005470878.novalocal NetworkManager[861]: [1759603404.2318] device (qbr94d9c27a-df): state change: ip-config -> ip-check (reason 'none', managed-type: 'external')
Oct 04 14:43:24 np0005470878.novalocal systemd[1]: Starting Network Manager Script Dispatcher Service...
Oct 04 14:43:24 np0005470878.novalocal systemd[1]: Started Network Manager Script Dispatcher Service.
Oct 04 14:43:24 np0005470878.novalocal NetworkManager[861]: [1759603404.2573] device (qbr94d9c27a-df): state change: ip-check -> secondaries (reason 'none', managed-type: 'external')
Oct 04 14:43:24 np0005470878.novalocal NetworkManager[861]: [1759603404.2575] device (qbr94d9c27a-df): state change: secondaries -> activated (reason 'none', managed-type: 'external')
Oct 04 14:43:24 np0005470878.novalocal NetworkManager[861]: [1759603404.2583] device (qbr94d9c27a-df): Activation: successful, device activated.
Oct 04 14:43:24 np0005470878.novalocal systemd[1]: iscsi.service: Unit cannot be reloaded because it is inactive.
Oct 04 14:43:25 np0005470878.novalocal kernel: qbr94d9c27a-df: port 2(tap94d9c27a-df) entered blocking state
Oct 04 14:43:25 np0005470878.novalocal kernel: qbr94d9c27a-df: port 2(tap94d9c27a-df) entered disabled state
Oct 04 14:43:25 np0005470878.novalocal kernel: tap94d9c27a-df: entered allmulticast mode
Oct 04 14:43:25 np0005470878.novalocal kernel: tap94d9c27a-df: entered promiscuous mode
Oct 04 14:43:25 np0005470878.novalocal kernel: qbr94d9c27a-df: port 2(tap94d9c27a-df) entered blocking state
Oct 04 14:43:25 np0005470878.novalocal kernel: qbr94d9c27a-df: port 2(tap94d9c27a-df) entered forwarding state
Oct 04 14:43:25 np0005470878.novalocal NetworkManager[861]: [1759603405.8216] manager: (tap94d9c27a-df): new Tun device (/org/freedesktop/NetworkManager/Devices/28)
Oct 04 14:43:25 np0005470878.novalocal virtqemud[96214]: Domain id=2 name='instance-00000002' uuid=2de43c22-c0d1-4659-9ea2-404df48e9f61 is tainted: deprecated-config (machine type 'pc-i440fx-rhel7.6.0')
Oct 04 14:43:25 np0005470878.novalocal virtqemud[96214]: Domain id=2 name='instance-00000002' uuid=2de43c22-c0d1-4659-9ea2-404df48e9f61 is tainted: deprecated-config (CPU model 'qemu64')
Oct 04 14:43:25 np0005470878.novalocal systemd-machined[90285]: New machine qemu-2-instance-00000002.
Oct 04 14:43:25 np0005470878.novalocal systemd[1]: Started Virtual Machine qemu-2-instance-00000002.
Oct 04 14:43:25 np0005470878.novalocal systemd-udevd[101384]: Network interface NamePolicy= disabled on kernel command line.
Oct 04 14:43:25 np0005470878.novalocal NetworkManager[861]: [1759603405.9309] device (tap94d9c27a-df): state change: unmanaged -> unavailable (reason 'connection-assumed', managed-type: 'external')
Oct 04 14:43:25 np0005470878.novalocal NetworkManager[861]: [1759603405.9336] device (tap94d9c27a-df): state change: unavailable -> disconnected (reason 'connection-assumed', managed-type: 'external')
Oct 04 14:43:25 np0005470878.novalocal NetworkManager[861]: [1759603405.9347] device (tap94d9c27a-df): Activation: starting connection 'tap94d9c27a-df' (957e778e-3d4f-4568-a87f-8e2a4934d93d)
Oct 04 14:43:25 np0005470878.novalocal NetworkManager[861]: [1759603405.9350] device (tap94d9c27a-df): state change: disconnected -> prepare (reason 'none', managed-type: 'external')
Oct 04 14:43:25 np0005470878.novalocal NetworkManager[861]: [1759603405.9356] device (tap94d9c27a-df): state change: prepare -> config (reason 'none', managed-type: 'external')
Oct 04 14:43:25 np0005470878.novalocal NetworkManager[861]: [1759603405.9364] device (tap94d9c27a-df): state change: config -> ip-config (reason 'none', managed-type: 'external')
Oct 04 14:43:25 np0005470878.novalocal NetworkManager[861]: [1759603405.9366] device (qbr94d9c27a-df): bridge port tap94d9c27a-df was attached
Oct 04 14:43:25 np0005470878.novalocal NetworkManager[861]: [1759603405.9366] device (tap94d9c27a-df): Activation: connection 'tap94d9c27a-df' attached as port, continuing activation
Oct 04 14:43:25 np0005470878.novalocal NetworkManager[861]: [1759603405.9369] device (tap94d9c27a-df): state change: ip-config -> ip-check (reason 'none', managed-type: 'external')
Oct 04 14:43:25 np0005470878.novalocal NetworkManager[861]: [1759603405.9441] device (tap94d9c27a-df): state change: ip-check -> secondaries (reason 'none', managed-type: 'external')
Oct 04 14:43:25 np0005470878.novalocal NetworkManager[861]: [1759603405.9445] device (tap94d9c27a-df): state change: secondaries -> activated (reason 'none', managed-type: 'external')
Oct 04 14:43:25 np0005470878.novalocal NetworkManager[861]: [1759603405.9458] device (tap94d9c27a-df): Activation: successful, device activated.
Oct 04 14:43:25 np0005470878.novalocal systemd[1]: iscsi.service: Unit cannot be reloaded because it is inactive.
Oct 04 14:43:26 np0005470878.novalocal sudo[101406]: cinder : PWD=/ ; USER=root ; COMMAND=/usr/bin/cinder-rootwrap /etc/cinder/rootwrap.conf env LC_ALL=C vgs --noheadings --unit=g -o name,size,free,lv_count,uuid --separator : --nosuffix cinder-volumes
Oct 04 14:43:26 np0005470878.novalocal systemd[1]: Started Session c125 of User root.
Oct 04 14:43:26 np0005470878.novalocal sudo[101406]: pam_unix(sudo:session): session opened for user root(uid=0) by (uid=165)
Oct 04 14:43:26 np0005470878.novalocal sudo[101406]: pam_unix(sudo:session): session closed for user root
Oct 04 14:43:26 np0005470878.novalocal systemd[1]: session-c125.scope: Deactivated successfully.
Oct 04 14:43:26 np0005470878.novalocal sudo[101413]: cinder : PWD=/ ; USER=root ; COMMAND=/usr/bin/cinder-rootwrap /etc/cinder/rootwrap.conf env LC_ALL=C lvs --noheadings --unit=g -o vg_name,name,size --nosuffix --readonly cinder-volumes
Oct 04 14:43:26 np0005470878.novalocal systemd[1]: Started Session c126 of User root.
Oct 04 14:43:26 np0005470878.novalocal sudo[101413]: pam_unix(sudo:session): session opened for user root(uid=0) by (uid=165)
Oct 04 14:43:26 np0005470878.novalocal object-replicator[93780]: Starting object replication pass.
Oct 04 14:43:26 np0005470878.novalocal sudo[101413]: pam_unix(sudo:session): session closed for user root
Oct 04 14:43:26 np0005470878.novalocal systemd[1]: session-c126.scope: Deactivated successfully.
Oct 04 14:43:26 np0005470878.novalocal sudo[101422]: cinder : PWD=/ ; USER=root ; COMMAND=/usr/bin/cinder-rootwrap /etc/cinder/rootwrap.conf env LC_ALL=C lvs --noheadings --unit=g -o size,data_percent --separator : --nosuffix /dev/cinder-volumes/cinder-volumes-pool
Oct 04 14:43:27 np0005470878.novalocal systemd[1]: Started Session c127 of User root.
Oct 04 14:43:27 np0005470878.novalocal sudo[101422]: pam_unix(sudo:session): session opened for user root(uid=0) by (uid=165)
Oct 04 14:43:27 np0005470878.novalocal sudo[101422]: pam_unix(sudo:session): session closed for user root
Oct 04 14:43:27 np0005470878.novalocal systemd[1]: session-c127.scope: Deactivated successfully.
Oct 04 14:43:27 np0005470878.novalocal sudo[101428]: cinder : PWD=/ ; USER=root ; COMMAND=/usr/bin/cinder-rootwrap /etc/cinder/rootwrap.conf env LC_ALL=C lvs --noheadings --unit=g -o vg_name,name,size --nosuffix --readonly cinder-volumes
Oct 04 14:43:27 np0005470878.novalocal systemd[1]: Started Session c128 of User root.
Oct 04 14:43:27 np0005470878.novalocal sudo[101428]: pam_unix(sudo:session): session opened for user root(uid=0) by (uid=165)
Oct 04 14:43:27 np0005470878.novalocal object-replicator[93780]: 42/42 (100.00%) partitions replicated in 0.92s (45.57/sec, 0s remaining)
Oct 04 14:43:27 np0005470878.novalocal object-replicator[93780]: 84 successes, 0 failures
Oct 04 14:43:27 np0005470878.novalocal object-replicator[93780]: 42 suffixes checked - 28.57% hashed, 0.00% synced
Oct 04 14:43:27 np0005470878.novalocal object-replicator[93780]: Partition times: max 0.2342s, min 0.0046s, med 0.0091s
Oct 04 14:43:27 np0005470878.novalocal object-replicator[93780]: Object replication complete. (0.02 minutes)
Oct 04 14:43:27 np0005470878.novalocal sudo[101428]: pam_unix(sudo:session): session closed for user root
Oct 04 14:43:27 np0005470878.novalocal systemd[1]: session-c128.scope: Deactivated successfully.
Oct 04 14:43:28 np0005470878.novalocal container-server[93383]: ::1 - - [04/Oct/2025:18:43:28 +0000] "HEAD /1/146624/AUTH_3c12f327ec924e3c89731d403fb9bd42/gnocchi.d1a943ac-1b5d-4e35-90da-7bfd22ba2a17" 404 - "HEAD http://[::1]:8080/v1/AUTH_3c12f327ec924e3c89731d403fb9bd42/gnocchi.d1a943ac-1b5d-4e35-90da-7bfd22ba2a17" "tx4e40b6ca087640aba8a32-0068e16ad0" "proxy-server 94717" 0.0005 "-" 93383 0
Oct 04 14:43:28 np0005470878.novalocal container-server[93384]: ::1 - - [04/Oct/2025:18:43:28 +0000] "HEAD /2/146624/AUTH_3c12f327ec924e3c89731d403fb9bd42/gnocchi.d1a943ac-1b5d-4e35-90da-7bfd22ba2a17" 404 - "HEAD http://[::1]:8080/v1/AUTH_3c12f327ec924e3c89731d403fb9bd42/gnocchi.d1a943ac-1b5d-4e35-90da-7bfd22ba2a17" "tx4e40b6ca087640aba8a32-0068e16ad0" "proxy-server 94717" 0.0002 "-" 93384 0
