Oct 04 14:44:13 np0005470878.novalocal proxy-server[94716]: ::1 ::1 04/Oct/2025/18/44/13 GET /v1/AUTH_3c12f327ec924e3c89731d403fb9bd42/gnocchi.053cc537-6fc3-479d-a13c-e7259f223806/1759320000.0_mean_300.0_v3 HTTP/1.0 404 - python-swiftclient-4.7.0 gAAAAABo4WrHdnea... - 70 - txcffdc563300e4c31be8ac-0068e16afd - 0.0144 - - 1759603453.189045429 1759603453.203472137 0
Oct 04 14:44:13 np0005470878.novalocal container-server[93383]: ::1 - - [04/Oct/2025:18:44:13 +0000] "PUT /2/213050/AUTH_3c12f327ec924e3c89731d403fb9bd42/gnocchi.2ccea72e-d772-41c4-9952-a4470c316605/none_v3" 201 - "PUT http://[::1]:8080/3/21756/AUTH_3c12f327ec924e3c89731d403fb9bd42/gnocchi.2ccea72e-d772-41c4-9952-a4470c316605/none_v3" "tx815016c9b53d445289501-0068e16afd" "object-server 93717" 0.0009 "-" 93383 0
Oct 04 14:44:13 np0005470878.novalocal object-server[93717]: ::1 - - [04/Oct/2025:18:44:13 +0000] "PUT /3/21756/AUTH_3c12f327ec924e3c89731d403fb9bd42/gnocchi.2ccea72e-d772-41c4-9952-a4470c316605/none_v3" 201 - "PUT https://[::1]:8080/v1/AUTH_3c12f327ec924e3c89731d403fb9bd42/gnocchi.2ccea72e-d772-41c4-9952-a4470c316605/none_v3" "tx815016c9b53d445289501-0068e16afd" "proxy-server 94717" 0.0152 "-" 93717 0
Oct 04 14:44:13 np0005470878.novalocal container-server[93384]: ::1 - - [04/Oct/2025:18:44:13 +0000] "PUT /1/213050/AUTH_3c12f327ec924e3c89731d403fb9bd42/gnocchi.2ccea72e-d772-41c4-9952-a4470c316605/none_v3" 201 - "PUT http://[::1]:8080/1/21756/AUTH_3c12f327ec924e3c89731d403fb9bd42/gnocchi.2ccea72e-d772-41c4-9952-a4470c316605/none_v3" "tx815016c9b53d445289501-0068e16afd" "object-server 93716" 0.0099 "-" 93384 0
Oct 04 14:44:13 np0005470878.novalocal object-server[93716]: ::1 - - [04/Oct/2025:18:44:13 +0000] "PUT /1/21756/AUTH_3c12f327ec924e3c89731d403fb9bd42/gnocchi.2ccea72e-d772-41c4-9952-a4470c316605/none_v3" 201 - "PUT https://[::1]:8080/v1/AUTH_3c12f327ec924e3c89731d403fb9bd42/gnocchi.2ccea72e-d772-41c4-9952-a4470c316605/none_v3" "tx815016c9b53d445289501-0068e16afd" "proxy-server 94717" 0.0184 "-" 93716 0
Oct 04 14:44:13 np0005470878.novalocal container-server[93384]: ::1 - - [04/Oct/2025:18:44:13 +0000] "PUT /3/213050/AUTH_3c12f327ec924e3c89731d403fb9bd42/gnocchi.2ccea72e-d772-41c4-9952-a4470c316605/none_v3" 201 - "PUT http://[::1]:8080/2/21756/AUTH_3c12f327ec924e3c89731d403fb9bd42/gnocchi.2ccea72e-d772-41c4-9952-a4470c316605/none_v3" "tx815016c9b53d445289501-0068e16afd" "object-server 93716" 0.0007 "-" 93384 0
Oct 04 14:44:13 np0005470878.novalocal object-server[93716]: ::1 - - [04/Oct/2025:18:44:13 +0000] "PUT /2/21756/AUTH_3c12f327ec924e3c89731d403fb9bd42/gnocchi.2ccea72e-d772-41c4-9952-a4470c316605/none_v3" 201 - "PUT https://[::1]:8080/v1/AUTH_3c12f327ec924e3c89731d403fb9bd42/gnocchi.2ccea72e-d772-41c4-9952-a4470c316605/none_v3" "tx815016c9b53d445289501-0068e16afd" "proxy-server 94717" 0.0227 "-" 93716 0
Oct 04 14:44:13 np0005470878.novalocal proxy-server[94717]: ::1 ::1 04/Oct/2025/18/44/13 PUT /v1/AUTH_3c12f327ec924e3c89731d403fb9bd42/gnocchi.2ccea72e-d772-41c4-9952-a4470c316605/none_v3 HTTP/1.0 201 - python-swiftclient-4.7.0 gAAAAABo4Wq9xl3N... 31 - - tx815016c9b53d445289501-0068e16afd - 0.0375 - - 1759603453.177323341 1759603453.214852571 0
Oct 04 14:44:13 np0005470878.novalocal container-server[93384]: ::1 - - [04/Oct/2025:18:44:13 +0000] "PUT /2/260425/AUTH_3c12f327ec924e3c89731d403fb9bd42/gnocchi.053cc537-6fc3-479d-a13c-e7259f223806/1759320000.0_mean_300.0_v3" 201 - "PUT http://[::1]:8080/3/154434/AUTH_3c12f327ec924e3c89731d403fb9bd42/gnocchi.053cc537-6fc3-479d-a13c-e7259f223806/1759320000.0_mean_300.0_v3" "txa379b4b64a71417b890ea-0068e16afd" "object-server 93717" 0.0009 "-" 93384 0
Oct 04 14:44:13 np0005470878.novalocal object-server[93717]: ::1 - - [04/Oct/2025:18:44:13 +0000] "PUT /3/154434/AUTH_3c12f327ec924e3c89731d403fb9bd42/gnocchi.053cc537-6fc3-479d-a13c-e7259f223806/1759320000.0_mean_300.0_v3" 201 - "PUT https://[::1]:8080/v1/AUTH_3c12f327ec924e3c89731d403fb9bd42/gnocchi.053cc537-6fc3-479d-a13c-e7259f223806/1759320000.0_mean_300.0_v3" "txa379b4b64a71417b890ea-0068e16afd" "proxy-server 94716" 0.0121 "-" 93717 0
Oct 04 14:44:13 np0005470878.novalocal container-server[93383]: ::1 - - [04/Oct/2025:18:44:13 +0000] "PUT /3/260425/AUTH_3c12f327ec924e3c89731d403fb9bd42/gnocchi.053cc537-6fc3-479d-a13c-e7259f223806/1759320000.0_mean_300.0_v3" 201 - "PUT http://[::1]:8080/2/154434/AUTH_3c12f327ec924e3c89731d403fb9bd42/gnocchi.053cc537-6fc3-479d-a13c-e7259f223806/1759320000.0_mean_300.0_v3" "txa379b4b64a71417b890ea-0068e16afd" "object-server 93716" 0.0009 "-" 93383 0
Oct 04 14:44:13 np0005470878.novalocal object-server[93716]: ::1 - - [04/Oct/2025:18:44:13 +0000] "PUT /2/154434/AUTH_3c12f327ec924e3c89731d403fb9bd42/gnocchi.053cc537-6fc3-479d-a13c-e7259f223806/1759320000.0_mean_300.0_v3" 201 - "PUT https://[::1]:8080/v1/AUTH_3c12f327ec924e3c89731d403fb9bd42/gnocchi.053cc537-6fc3-479d-a13c-e7259f223806/1759320000.0_mean_300.0_v3" "txa379b4b64a71417b890ea-0068e16afd" "proxy-server 94716" 0.0198 "-" 93716 0
Oct 04 14:44:13 np0005470878.novalocal container-server[93383]: ::1 - - [04/Oct/2025:18:44:13 +0000] "PUT /1/260425/AUTH_3c12f327ec924e3c89731d403fb9bd42/gnocchi.053cc537-6fc3-479d-a13c-e7259f223806/1759320000.0_mean_300.0_v3" 201 - "PUT http://[::1]:8080/1/154434/AUTH_3c12f327ec924e3c89731d403fb9bd42/gnocchi.053cc537-6fc3-479d-a13c-e7259f223806/1759320000.0_mean_300.0_v3" "txa379b4b64a71417b890ea-0068e16afd" "object-server 93717" 0.0008 "-" 93383 0
Oct 04 14:44:13 np0005470878.novalocal object-server[93717]: ::1 - - [04/Oct/2025:18:44:13 +0000] "PUT /1/154434/AUTH_3c12f327ec924e3c89731d403fb9bd42/gnocchi.053cc537-6fc3-479d-a13c-e7259f223806/1759320000.0_mean_300.0_v3" 201 - "PUT https://[::1]:8080/v1/AUTH_3c12f327ec924e3c89731d403fb9bd42/gnocchi.053cc537-6fc3-479d-a13c-e7259f223806/1759320000.0_mean_300.0_v3" "txa379b4b64a71417b890ea-0068e16afd" "proxy-server 94716" 0.0256 "-" 93717 0
Oct 04 14:44:13 np0005470878.novalocal proxy-server[94716]: ::1 ::1 04/Oct/2025/18/44/13 PUT /v1/AUTH_3c12f327ec924e3c89731d403fb9bd42/gnocchi.053cc537-6fc3-479d-a13c-e7259f223806/1759320000.0_mean_300.0_v3 HTTP/1.0 201 - python-swiftclient-4.7.0 gAAAAABo4WrHdnea... 16 - - txa379b4b64a71417b890ea-0068e16afd - 0.0339 - - 1759603453.208294153 1759603453.242174625 0
Oct 04 14:44:13 np0005470878.novalocal container-server[93384]: ::1 - - [04/Oct/2025:18:44:13 +0000] "HEAD /1/259447/AUTH_3c12f327ec924e3c89731d403fb9bd42/gnocchi.975a69d1-cf5a-4a63-9e1b-4e8f9385090b" 404 - "HEAD http://[::1]:8080/v1/AUTH_3c12f327ec924e3c89731d403fb9bd42/gnocchi.975a69d1-cf5a-4a63-9e1b-4e8f9385090b" "txe18b0d09612b4ab1ad4db-0068e16afd" "proxy-server 94717" 0.0004 "-" 93384 0
Oct 04 14:44:13 np0005470878.novalocal container-server[93383]: ::1 - - [04/Oct/2025:18:44:13 +0000] "HEAD /3/259447/AUTH_3c12f327ec924e3c89731d403fb9bd42/gnocchi.975a69d1-cf5a-4a63-9e1b-4e8f9385090b" 404 - "HEAD http://[::1]:8080/v1/AUTH_3c12f327ec924e3c89731d403fb9bd42/gnocchi.975a69d1-cf5a-4a63-9e1b-4e8f9385090b" "txe18b0d09612b4ab1ad4db-0068e16afd" "proxy-server 94717" 0.0003 "-" 93383 0
Oct 04 14:44:13 np0005470878.novalocal container-server[93384]: ::1 - - [04/Oct/2025:18:44:13 +0000] "HEAD /2/259447/AUTH_3c12f327ec924e3c89731d403fb9bd42/gnocchi.975a69d1-cf5a-4a63-9e1b-4e8f9385090b" 404 - "HEAD http://[::1]:8080/v1/AUTH_3c12f327ec924e3c89731d403fb9bd42/gnocchi.975a69d1-cf5a-4a63-9e1b-4e8f9385090b" "txe18b0d09612b4ab1ad4db-0068e16afd" "proxy-server 94717" 0.0004 "-" 93384 0
Oct 04 14:44:13 np0005470878.novalocal proxy-server[94717]: - - 04/Oct/2025/18/44/13 HEAD /v1/AUTH_3c12f327ec924e3c89731d403fb9bd42/gnocchi.975a69d1-cf5a-4a63-9e1b-4e8f9385090b HTTP/1.0 404 - Swift - - - - txe18b0d09612b4ab1ad4db-0068e16afd - 0.0133 CS - 1759603453.244449615 1759603453.257702351 0
Oct 04 14:44:13 np0005470878.novalocal container-server[93384]: ::1 - - [04/Oct/2025:18:44:13 +0000] "PUT /3/260425/AUTH_3c12f327ec924e3c89731d403fb9bd42/gnocchi.053cc537-6fc3-479d-a13c-e7259f223806/none_v3" 201 - "PUT http://[::1]:8080/1/230722/AUTH_3c12f327ec924e3c89731d403fb9bd42/gnocchi.053cc537-6fc3-479d-a13c-e7259f223806/none_v3" "txbb5adee158e446bc9e7eb-0068e16afd" "object-server 93717" 0.0009 "-" 93384 0
Oct 04 14:44:13 np0005470878.novalocal object-server[93717]: ::1 - - [04/Oct/2025:18:44:13 +0000] "PUT /1/230722/AUTH_3c12f327ec924e3c89731d403fb9bd42/gnocchi.053cc537-6fc3-479d-a13c-e7259f223806/none_v3" 201 - "PUT https://[::1]:8080/v1/AUTH_3c12f327ec924e3c89731d403fb9bd42/gnocchi.053cc537-6fc3-479d-a13c-e7259f223806/none_v3" "txbb5adee158e446bc9e7eb-0068e16afd" "proxy-server 94716" 0.0082 "-" 93717 0
Oct 04 14:44:13 np0005470878.novalocal container-server[93384]: ::1 - - [04/Oct/2025:18:44:13 +0000] "PUT /2/260425/AUTH_3c12f327ec924e3c89731d403fb9bd42/gnocchi.053cc537-6fc3-479d-a13c-e7259f223806/none_v3" 201 - "PUT http://[::1]:8080/3/230722/AUTH_3c12f327ec924e3c89731d403fb9bd42/gnocchi.053cc537-6fc3-479d-a13c-e7259f223806/none_v3" "txbb5adee158e446bc9e7eb-0068e16afd" "object-server 93716" 0.0006 "-" 93384 0
Oct 04 14:44:13 np0005470878.novalocal container-server[93383]: ::1 - - [04/Oct/2025:18:44:13 +0000] "PUT /1/260425/AUTH_3c12f327ec924e3c89731d403fb9bd42/gnocchi.053cc537-6fc3-479d-a13c-e7259f223806/none_v3" 201 - "PUT http://[::1]:8080/2/230722/AUTH_3c12f327ec924e3c89731d403fb9bd42/gnocchi.053cc537-6fc3-479d-a13c-e7259f223806/none_v3" "txbb5adee158e446bc9e7eb-0068e16afd" "object-server 93716" 0.0005 "-" 93383 0
Oct 04 14:44:13 np0005470878.novalocal object-server[93716]: ::1 - - [04/Oct/2025:18:44:13 +0000] "GET /1/164452/AUTH_3c12f327ec924e3c89731d403fb9bd42/gnocchi.975a69d1-cf5a-4a63-9e1b-4e8f9385090b/none_v3" 404 70 "GET https://[::1]:8080/v1/AUTH_3c12f327ec924e3c89731d403fb9bd42/gnocchi.975a69d1-cf5a-4a63-9e1b-4e8f9385090b/none_v3" "txe18b0d09612b4ab1ad4db-0068e16afd" "proxy-server 94717" 0.0002 "-" 93716 0
Oct 04 14:44:13 np0005470878.novalocal object-server[93716]: ::1 - - [04/Oct/2025:18:44:13 +0000] "PUT /3/230722/AUTH_3c12f327ec924e3c89731d403fb9bd42/gnocchi.053cc537-6fc3-479d-a13c-e7259f223806/none_v3" 201 - "PUT https://[::1]:8080/v1/AUTH_3c12f327ec924e3c89731d403fb9bd42/gnocchi.053cc537-6fc3-479d-a13c-e7259f223806/none_v3" "txbb5adee158e446bc9e7eb-0068e16afd" "proxy-server 94716" 0.0136 "-" 93716 0
Oct 04 14:44:13 np0005470878.novalocal object-server[93716]: ::1 - - [04/Oct/2025:18:44:13 +0000] "PUT /2/230722/AUTH_3c12f327ec924e3c89731d403fb9bd42/gnocchi.053cc537-6fc3-479d-a13c-e7259f223806/none_v3" 201 - "PUT https://[::1]:8080/v1/AUTH_3c12f327ec924e3c89731d403fb9bd42/gnocchi.053cc537-6fc3-479d-a13c-e7259f223806/none_v3" "txbb5adee158e446bc9e7eb-0068e16afd" "proxy-server 94716" 0.0126 "-" 93716 0
Oct 04 14:44:13 np0005470878.novalocal proxy-server[94716]: ::1 ::1 04/Oct/2025/18/44/13 PUT /v1/AUTH_3c12f327ec924e3c89731d403fb9bd42/gnocchi.053cc537-6fc3-479d-a13c-e7259f223806/none_v3 HTTP/1.0 201 - python-swiftclient-4.7.0 gAAAAABo4WrHdnea... 22 - - txbb5adee158e446bc9e7eb-0068e16afd - 0.0205 - - 1759603453.246194839 1759603453.266679287 0
Oct 04 14:44:13 np0005470878.novalocal object-server[93717]: ::1 - - [04/Oct/2025:18:44:13 +0000] "GET /3/164452/AUTH_3c12f327ec924e3c89731d403fb9bd42/gnocchi.975a69d1-cf5a-4a63-9e1b-4e8f9385090b/none_v3" 404 70 "GET https://[::1]:8080/v1/AUTH_3c12f327ec924e3c89731d403fb9bd42/gnocchi.975a69d1-cf5a-4a63-9e1b-4e8f9385090b/none_v3" "txe18b0d09612b4ab1ad4db-0068e16afd" "proxy-server 94717" 0.0005 "-" 93717 0
Oct 04 14:44:13 np0005470878.novalocal object-server[93716]: ::1 - - [04/Oct/2025:18:44:13 +0000] "GET /2/164452/AUTH_3c12f327ec924e3c89731d403fb9bd42/gnocchi.975a69d1-cf5a-4a63-9e1b-4e8f9385090b/none_v3" 404 70 "GET https://[::1]:8080/v1/AUTH_3c12f327ec924e3c89731d403fb9bd42/gnocchi.975a69d1-cf5a-4a63-9e1b-4e8f9385090b/none_v3" "txe18b0d09612b4ab1ad4db-0068e16afd" "proxy-server 94717" 0.0003 "-" 93716 0
Oct 04 14:44:13 np0005470878.novalocal proxy-server[94717]: ::1 ::1 04/Oct/2025/18/44/13 GET /v1/AUTH_3c12f327ec924e3c89731d403fb9bd42/gnocchi.975a69d1-cf5a-4a63-9e1b-4e8f9385090b/none_v3 HTTP/1.0 404 - python-swiftclient-4.7.0 gAAAAABo4Wq9xl3N... - 70 - txe18b0d09612b4ab1ad4db-0068e16afd - 0.0308 - - 1759603453.242955446 1759603453.273799181 0
Oct 04 14:44:13 np0005470878.novalocal object-server[93716]: ::1 - - [04/Oct/2025:18:44:13 +0000] "GET /1/67050/AUTH_3c12f327ec924e3c89731d403fb9bd42/gnocchi.9628eb99-4569-4c69-ad2e-065b1751ca93/none_v3" 200 22 "GET https://[::1]:8080/v1/AUTH_3c12f327ec924e3c89731d403fb9bd42/gnocchi.9628eb99-4569-4c69-ad2e-065b1751ca93/none_v3" "tx7afefbb0880f47b9a7347-0068e16afd" "proxy-server 94716" 0.0006 "-" 93716 0
Oct 04 14:44:13 np0005470878.novalocal proxy-server[94716]: ::1 ::1 04/Oct/2025/18/44/13 GET /v1/AUTH_3c12f327ec924e3c89731d403fb9bd42/gnocchi.9628eb99-4569-4c69-ad2e-065b1751ca93/none_v3 HTTP/1.0 200 - python-swiftclient-4.7.0 gAAAAABo4WrHdnea... - 22 - tx7afefbb0880f47b9a7347-0068e16afd - 0.0057 - - 1759603453.301474333 1759603453.307216644 0
Oct 04 14:44:13 np0005470878.novalocal account-server[93089]: ::1 - - [04/Oct/2025:18:44:13 +0000] "PUT /2/140569/AUTH_3c12f327ec924e3c89731d403fb9bd42/gnocchi.975a69d1-cf5a-4a63-9e1b-4e8f9385090b" 201 - "PUT http://[::1]:6001/3/259447/AUTH_3c12f327ec924e3c89731d403fb9bd42/gnocchi.975a69d1-cf5a-4a63-9e1b-4e8f9385090b" "tx6ec2e048af044d6d82e0d-0068e16afd" "container-server 93384" 0.0068 "-" 93089 0
Oct 04 14:44:13 np0005470878.novalocal container-server[93384]: ::1 - - [04/Oct/2025:18:44:13 +0000] "PUT /3/259447/AUTH_3c12f327ec924e3c89731d403fb9bd42/gnocchi.975a69d1-cf5a-4a63-9e1b-4e8f9385090b" 201 - "PUT https://[::1]:8080/v1/AUTH_3c12f327ec924e3c89731d403fb9bd42/gnocchi.975a69d1-cf5a-4a63-9e1b-4e8f9385090b" "tx6ec2e048af044d6d82e0d-0068e16afd" "proxy-server 94717" 0.0434 "-" 93384 0
Oct 04 14:44:13 np0005470878.novalocal account-server[93088]: ::1 - - [04/Oct/2025:18:44:13 +0000] "PUT /3/140569/AUTH_3c12f327ec924e3c89731d403fb9bd42/gnocchi.975a69d1-cf5a-4a63-9e1b-4e8f9385090b" 201 - "PUT http://[::1]:6001/2/259447/AUTH_3c12f327ec924e3c89731d403fb9bd42/gnocchi.975a69d1-cf5a-4a63-9e1b-4e8f9385090b" "tx6ec2e048af044d6d82e0d-0068e16afd" "container-server 93384" 0.0041 "-" 93088 0
Oct 04 14:44:13 np0005470878.novalocal container-server[93384]: ::1 - - [04/Oct/2025:18:44:13 +0000] "PUT /2/259447/AUTH_3c12f327ec924e3c89731d403fb9bd42/gnocchi.975a69d1-cf5a-4a63-9e1b-4e8f9385090b" 201 - "PUT https://[::1]:8080/v1/AUTH_3c12f327ec924e3c89731d403fb9bd42/gnocchi.975a69d1-cf5a-4a63-9e1b-4e8f9385090b" "tx6ec2e048af044d6d82e0d-0068e16afd" "proxy-server 94717" 0.0322 "-" 93384 0
Oct 04 14:44:13 np0005470878.novalocal account-server[93088]: ::1 - - [04/Oct/2025:18:44:13 +0000] "PUT /1/140569/AUTH_3c12f327ec924e3c89731d403fb9bd42/gnocchi.975a69d1-cf5a-4a63-9e1b-4e8f9385090b" 201 - "PUT http://[::1]:6001/1/259447/AUTH_3c12f327ec924e3c89731d403fb9bd42/gnocchi.975a69d1-cf5a-4a63-9e1b-4e8f9385090b" "tx6ec2e048af044d6d82e0d-0068e16afd" "container-server 93384" 0.0039 "-" 93088 0
Oct 04 14:44:13 np0005470878.novalocal container-server[93384]: ::1 - - [04/Oct/2025:18:44:13 +0000] "PUT /1/259447/AUTH_3c12f327ec924e3c89731d403fb9bd42/gnocchi.975a69d1-cf5a-4a63-9e1b-4e8f9385090b" 201 - "PUT https://[::1]:8080/v1/AUTH_3c12f327ec924e3c89731d403fb9bd42/gnocchi.975a69d1-cf5a-4a63-9e1b-4e8f9385090b" "tx6ec2e048af044d6d82e0d-0068e16afd" "proxy-server 94717" 0.0214 "-" 93384 0
Oct 04 14:44:13 np0005470878.novalocal proxy-server[94717]: ::1 ::1 04/Oct/2025/18/44/13 PUT /v1/AUTH_3c12f327ec924e3c89731d403fb9bd42/gnocchi.975a69d1-cf5a-4a63-9e1b-4e8f9385090b HTTP/1.0 201 - python-swiftclient-4.7.0 gAAAAABo4Wq9xl3N... - - - tx6ec2e048af044d6d82e0d-0068e16afd - 0.0647 - - 1759603453.278891087 1759603453.343552589 0
Oct 04 14:44:13 np0005470878.novalocal container-server[93384]: ::1 - - [04/Oct/2025:18:44:13 +0000] "GET /3/80020/AUTH_3c12f327ec924e3c89731d403fb9bd42/gnocchi.9628eb99-4569-4c69-ad2e-065b1751ca93" 200 357 "GET https://[::1]:8080/v1/AUTH_3c12f327ec924e3c89731d403fb9bd42/gnocchi.9628eb99-4569-4c69-ad2e-065b1751ca93?format=json&states=listing" "tx0f664f1b8c564fb785f3d-0068e16afd" "proxy-server 94716" 0.0140 "-" 93384 0
Oct 04 14:44:13 np0005470878.novalocal proxy-server[94716]: ::1 ::1 04/Oct/2025/18/44/13 GET /v1/AUTH_3c12f327ec924e3c89731d403fb9bd42/gnocchi.9628eb99-4569-4c69-ad2e-065b1751ca93%3Fformat%3Djson%26states%3Dlisting HTTP/1.0 200 - python-swiftclient-4.7.0 gAAAAABo4WrHdnea... - 357 - tx0f664f1b8c564fb785f3d-0068e16afd - 0.0399 - - 1759603453.312026262 1759603453.351879835 0
Oct 04 14:44:13 np0005470878.novalocal container-server[93383]: ::1 - - [04/Oct/2025:18:44:13 +0000] "HEAD /1/259447/AUTH_3c12f327ec924e3c89731d403fb9bd42/gnocchi.975a69d1-cf5a-4a63-9e1b-4e8f9385090b" 204 - "HEAD http://[::1]:8080/v1/AUTH_3c12f327ec924e3c89731d403fb9bd42/gnocchi.975a69d1-cf5a-4a63-9e1b-4e8f9385090b" "txcb7c00f2a027471b89ad8-0068e16afd" "proxy-server 94717" 0.0014 "-" 93383 0
Oct 04 14:44:13 np0005470878.novalocal proxy-server[94717]: - - 04/Oct/2025/18/44/13 HEAD /v1/AUTH_3c12f327ec924e3c89731d403fb9bd42/gnocchi.975a69d1-cf5a-4a63-9e1b-4e8f9385090b HTTP/1.0 204 - Swift - - - - txcb7c00f2a027471b89ad8-0068e16afd - 0.0068 CS - 1759603453.349698544 1759603453.356491089 0
Oct 04 14:44:13 np0005470878.novalocal container-server[93384]: ::1 - - [04/Oct/2025:18:44:13 +0000] "GET /3/259447/AUTH_3c12f327ec924e3c89731d403fb9bd42/gnocchi.975a69d1-cf5a-4a63-9e1b-4e8f9385090b" 200 2 "GET https://[::1]:8080/v1/AUTH_3c12f327ec924e3c89731d403fb9bd42/gnocchi.975a69d1-cf5a-4a63-9e1b-4e8f9385090b?format=json&states=listing" "txcb7c00f2a027471b89ad8-0068e16afd" "proxy-server 94717" 0.0036 "-" 93384 0
Oct 04 14:44:13 np0005470878.novalocal container-server[93383]: ::1 - - [04/Oct/2025:18:44:13 +0000] "GET /2/80020/AUTH_3c12f327ec924e3c89731d403fb9bd42/gnocchi.9628eb99-4569-4c69-ad2e-065b1751ca93" 200 2 "GET https://[::1]:8080/v1/AUTH_3c12f327ec924e3c89731d403fb9bd42/gnocchi.9628eb99-4569-4c69-ad2e-065b1751ca93?format=json&marker=none_v3&states=listing" "txdab0b47425b14928aa23a-0068e16afd" "proxy-server 94716" 0.0103 "-" 93383 0
Oct 04 14:44:13 np0005470878.novalocal proxy-server[94716]: ::1 ::1 04/Oct/2025/18/44/13 GET /v1/AUTH_3c12f327ec924e3c89731d403fb9bd42/gnocchi.9628eb99-4569-4c69-ad2e-065b1751ca93%3Fformat%3Djson%26marker%3Dnone_v3%26states%3Dlisting HTTP/1.0 200 - python-swiftclient-4.7.0 gAAAAABo4WrHdnea... - 2 - txdab0b47425b14928aa23a-0068e16afd - 0.0242 - - 1759603453.356526852 1759603453.380692244 0
Oct 04 14:44:13 np0005470878.novalocal proxy-server[94717]: ::1 ::1 04/Oct/2025/18/44/13 GET /v1/AUTH_3c12f327ec924e3c89731d403fb9bd42/gnocchi.975a69d1-cf5a-4a63-9e1b-4e8f9385090b%3Fformat%3Djson%26states%3Dlisting HTTP/1.0 200 - python-swiftclient-4.7.0 gAAAAABo4Wq9xl3N... - 2 - txcb7c00f2a027471b89ad8-0068e16afd - 0.0327 - - 1759603453.348595858 1759603453.381262064 0
Oct 04 14:44:13 np0005470878.novalocal object-server[93717]: ::1 - - [04/Oct/2025:18:44:13 +0000] "GET /3/73028/AUTH_3c12f327ec924e3c89731d403fb9bd42/gnocchi.975a69d1-cf5a-4a63-9e1b-4e8f9385090b/1759320000.0_mean_300.0_v3" 404 70 "GET https://[::1]:8080/v1/AUTH_3c12f327ec924e3c89731d403fb9bd42/gnocchi.975a69d1-cf5a-4a63-9e1b-4e8f9385090b/1759320000.0_mean_300.0_v3" "txc469e35dade54cdc96a5a-0068e16afd" "proxy-server 94717" 0.0004 "-" 93717 0
Oct 04 14:44:13 np0005470878.novalocal object-server[93716]: ::1 - - [04/Oct/2025:18:44:13 +0000] "GET /3/222882/AUTH_3c12f327ec924e3c89731d403fb9bd42/gnocchi.9628eb99-4569-4c69-ad2e-065b1751ca93/1759320000.0_mean_300.0_v3" 200 16 "GET https://[::1]:8080/v1/AUTH_3c12f327ec924e3c89731d403fb9bd42/gnocchi.9628eb99-4569-4c69-ad2e-065b1751ca93/1759320000.0_mean_300.0_v3" "txf0a291374a614adaa5e58-0068e16afd" "proxy-server 94716" 0.0010 "-" 93716 0
Oct 04 14:44:13 np0005470878.novalocal object-server[93717]: ::1 - - [04/Oct/2025:18:44:13 +0000] "GET /2/73028/AUTH_3c12f327ec924e3c89731d403fb9bd42/gnocchi.975a69d1-cf5a-4a63-9e1b-4e8f9385090b/1759320000.0_mean_300.0_v3" 404 70 "GET https://[::1]:8080/v1/AUTH_3c12f327ec924e3c89731d403fb9bd42/gnocchi.975a69d1-cf5a-4a63-9e1b-4e8f9385090b/1759320000.0_mean_300.0_v3" "txc469e35dade54cdc96a5a-0068e16afd" "proxy-server 94717" 0.0003 "-" 93717 0
Oct 04 14:44:13 np0005470878.novalocal object-server[93716]: ::1 - - [04/Oct/2025:18:44:13 +0000] "GET /1/73028/AUTH_3c12f327ec924e3c89731d403fb9bd42/gnocchi.975a69d1-cf5a-4a63-9e1b-4e8f9385090b/1759320000.0_mean_300.0_v3" 404 70 "GET https://[::1]:8080/v1/AUTH_3c12f327ec924e3c89731d403fb9bd42/gnocchi.975a69d1-cf5a-4a63-9e1b-4e8f9385090b/1759320000.0_mean_300.0_v3" "txc469e35dade54cdc96a5a-0068e16afd" "proxy-server 94717" 0.0003 "-" 93716 0
Oct 04 14:44:13 np0005470878.novalocal proxy-server[94716]: ::1 ::1 04/Oct/2025/18/44/13 GET /v1/AUTH_3c12f327ec924e3c89731d403fb9bd42/gnocchi.9628eb99-4569-4c69-ad2e-065b1751ca93/1759320000.0_mean_300.0_v3 HTTP/1.0 200 - python-swiftclient-4.7.0 gAAAAABo4WrHdnea... - 16 - txf0a291374a614adaa5e58-0068e16afd - 0.0123 - - 1759603453.390223026 1759603453.402548313 0
Oct 04 14:44:13 np0005470878.novalocal proxy-server[94717]: ::1 ::1 04/Oct/2025/18/44/13 GET /v1/AUTH_3c12f327ec924e3c89731d403fb9bd42/gnocchi.975a69d1-cf5a-4a63-9e1b-4e8f9385090b/1759320000.0_mean_300.0_v3 HTTP/1.0 404 - python-swiftclient-4.7.0 gAAAAABo4Wq9xl3N... - 70 - txc469e35dade54cdc96a5a-0068e16afd - 0.0171 - - 1759603453.386017561 1759603453.403147936 0
Oct 04 14:44:13 np0005470878.novalocal container-server[93383]: ::1 - - [04/Oct/2025:18:44:13 +0000] "PUT /1/259447/AUTH_3c12f327ec924e3c89731d403fb9bd42/gnocchi.975a69d1-cf5a-4a63-9e1b-4e8f9385090b/1759320000.0_mean_300.0_v3" 201 - "PUT http://[::1]:8080/3/73028/AUTH_3c12f327ec924e3c89731d403fb9bd42/gnocchi.975a69d1-cf5a-4a63-9e1b-4e8f9385090b/1759320000.0_mean_300.0_v3" "txb42170b8737b476ba02fa-0068e16afd" "object-server 93717" 0.0005 "-" 93383 0
Oct 04 14:44:13 np0005470878.novalocal object-server[93717]: ::1 - - [04/Oct/2025:18:44:13 +0000] "PUT /3/73028/AUTH_3c12f327ec924e3c89731d403fb9bd42/gnocchi.975a69d1-cf5a-4a63-9e1b-4e8f9385090b/1759320000.0_mean_300.0_v3" 201 - "PUT https://[::1]:8080/v1/AUTH_3c12f327ec924e3c89731d403fb9bd42/gnocchi.975a69d1-cf5a-4a63-9e1b-4e8f9385090b/1759320000.0_mean_300.0_v3" "txb42170b8737b476ba02fa-0068e16afd" "proxy-server 94717" 0.0124 "-" 93717 0
Oct 04 14:44:13 np0005470878.novalocal container-server[93383]: ::1 - - [04/Oct/2025:18:44:13 +0000] "PUT /2/259447/AUTH_3c12f327ec924e3c89731d403fb9bd42/gnocchi.975a69d1-cf5a-4a63-9e1b-4e8f9385090b/1759320000.0_mean_300.0_v3" 201 - "PUT http://[::1]:8080/2/73028/AUTH_3c12f327ec924e3c89731d403fb9bd42/gnocchi.975a69d1-cf5a-4a63-9e1b-4e8f9385090b/1759320000.0_mean_300.0_v3" "txb42170b8737b476ba02fa-0068e16afd" "object-server 93716" 0.0006 "-" 93383 0
Oct 04 14:44:13 np0005470878.novalocal object-server[93716]: ::1 - - [04/Oct/2025:18:44:13 +0000] "PUT /2/73028/AUTH_3c12f327ec924e3c89731d403fb9bd42/gnocchi.975a69d1-cf5a-4a63-9e1b-4e8f9385090b/1759320000.0_mean_300.0_v3" 201 - "PUT https://[::1]:8080/v1/AUTH_3c12f327ec924e3c89731d403fb9bd42/gnocchi.975a69d1-cf5a-4a63-9e1b-4e8f9385090b/1759320000.0_mean_300.0_v3" "txb42170b8737b476ba02fa-0068e16afd" "proxy-server 94717" 0.0185 "-" 93716 0
Oct 04 14:44:13 np0005470878.novalocal container-server[93384]: ::1 - - [04/Oct/2025:18:44:13 +0000] "PUT /3/259447/AUTH_3c12f327ec924e3c89731d403fb9bd42/gnocchi.975a69d1-cf5a-4a63-9e1b-4e8f9385090b/1759320000.0_mean_300.0_v3" 201 - "PUT http://[::1]:8080/1/73028/AUTH_3c12f327ec924e3c89731d403fb9bd42/gnocchi.975a69d1-cf5a-4a63-9e1b-4e8f9385090b/1759320000.0_mean_300.0_v3" "txb42170b8737b476ba02fa-0068e16afd" "object-server 93716" 0.0010 "-" 93384 0
Oct 04 14:44:13 np0005470878.novalocal object-server[93716]: ::1 - - [04/Oct/2025:18:44:13 +0000] "PUT /1/73028/AUTH_3c12f327ec924e3c89731d403fb9bd42/gnocchi.975a69d1-cf5a-4a63-9e1b-4e8f9385090b/1759320000.0_mean_300.0_v3" 201 - "PUT https://[::1]:8080/v1/AUTH_3c12f327ec924e3c89731d403fb9bd42/gnocchi.975a69d1-cf5a-4a63-9e1b-4e8f9385090b/1759320000.0_mean_300.0_v3" "txb42170b8737b476ba02fa-0068e16afd" "proxy-server 94717" 0.0176 "-" 93716 0
Oct 04 14:44:13 np0005470878.novalocal container-server[93383]: ::1 - - [04/Oct/2025:18:44:13 +0000] "PUT /1/80020/AUTH_3c12f327ec924e3c89731d403fb9bd42/gnocchi.9628eb99-4569-4c69-ad2e-065b1751ca93/1759320000.0_mean_300.0_v3" 201 - "PUT http://[::1]:8080/1/222882/AUTH_3c12f327ec924e3c89731d403fb9bd42/gnocchi.9628eb99-4569-4c69-ad2e-065b1751ca93/1759320000.0_mean_300.0_v3" "txffcd36f8248145b9bbfe0-0068e16afd" "object-server 93717" 0.0004 "-" 93383 0
Oct 04 14:44:13 np0005470878.novalocal object-server[93717]: ::1 - - [04/Oct/2025:18:44:13 +0000] "PUT /1/222882/AUTH_3c12f327ec924e3c89731d403fb9bd42/gnocchi.9628eb99-4569-4c69-ad2e-065b1751ca93/1759320000.0_mean_300.0_v3" 201 - "PUT https://[::1]:8080/v1/AUTH_3c12f327ec924e3c89731d403fb9bd42/gnocchi.9628eb99-4569-4c69-ad2e-065b1751ca93/1759320000.0_mean_300.0_v3" "txffcd36f8248145b9bbfe0-0068e16afd" "proxy-server 94716" 0.0209 "-" 93717 0
Oct 04 14:44:13 np0005470878.novalocal container-server[93384]: ::1 - - [04/Oct/2025:18:44:13 +0000] "PUT /2/80020/AUTH_3c12f327ec924e3c89731d403fb9bd42/gnocchi.9628eb99-4569-4c69-ad2e-065b1751ca93/1759320000.0_mean_300.0_v3" 201 - "PUT http://[::1]:8080/2/222882/AUTH_3c12f327ec924e3c89731d403fb9bd42/gnocchi.9628eb99-4569-4c69-ad2e-065b1751ca93/1759320000.0_mean_300.0_v3" "txffcd36f8248145b9bbfe0-0068e16afd" "object-server 93716" 0.0004 "-" 93384 0
Oct 04 14:44:13 np0005470878.novalocal proxy-server[94717]: ::1 ::1 04/Oct/2025/18/44/13 PUT /v1/AUTH_3c12f327ec924e3c89731d403fb9bd42/gnocchi.975a69d1-cf5a-4a63-9e1b-4e8f9385090b/1759320000.0_mean_300.0_v3 HTTP/1.0 201 - python-swiftclient-4.7.0 gAAAAABo4Wq9xl3N... 16 - - txb42170b8737b476ba02fa-0068e16afd - 0.0344 - - 1759603453.408255816 1759603453.442624331 0
Oct 04 14:44:13 np0005470878.novalocal object-server[93716]: ::1 - - [04/Oct/2025:18:44:13 +0000] "PUT /2/222882/AUTH_3c12f327ec924e3c89731d403fb9bd42/gnocchi.9628eb99-4569-4c69-ad2e-065b1751ca93/1759320000.0_mean_300.0_v3" 201 - "PUT https://[::1]:8080/v1/AUTH_3c12f327ec924e3c89731d403fb9bd42/gnocchi.9628eb99-4569-4c69-ad2e-065b1751ca93/1759320000.0_mean_300.0_v3" "txffcd36f8248145b9bbfe0-0068e16afd" "proxy-server 94716" 0.0183 "-" 93716 0
Oct 04 14:44:13 np0005470878.novalocal container-server[93383]: ::1 - - [04/Oct/2025:18:44:13 +0000] "PUT /3/80020/AUTH_3c12f327ec924e3c89731d403fb9bd42/gnocchi.9628eb99-4569-4c69-ad2e-065b1751ca93/1759320000.0_mean_300.0_v3" 201 - "PUT http://[::1]:8080/3/222882/AUTH_3c12f327ec924e3c89731d403fb9bd42/gnocchi.9628eb99-4569-4c69-ad2e-065b1751ca93/1759320000.0_mean_300.0_v3" "txffcd36f8248145b9bbfe0-0068e16afd" "object-server 93716" 0.0005 "-" 93383 0
Oct 04 14:44:13 np0005470878.novalocal object-server[93716]: ::1 - - [04/Oct/2025:18:44:13 +0000] "PUT /3/222882/AUTH_3c12f327ec924e3c89731d403fb9bd42/gnocchi.9628eb99-4569-4c69-ad2e-065b1751ca93/1759320000.0_mean_300.0_v3" 201 - "PUT https://[::1]:8080/v1/AUTH_3c12f327ec924e3c89731d403fb9bd42/gnocchi.9628eb99-4569-4c69-ad2e-065b1751ca93/1759320000.0_mean_300.0_v3" "txffcd36f8248145b9bbfe0-0068e16afd" "proxy-server 94716" 0.0183 "-" 93716 0
Oct 04 14:44:13 np0005470878.novalocal proxy-server[94716]: ::1 ::1 04/Oct/2025/18/44/13 PUT /v1/AUTH_3c12f327ec924e3c89731d403fb9bd42/gnocchi.9628eb99-4569-4c69-ad2e-065b1751ca93/1759320000.0_mean_300.0_v3 HTTP/1.0 201 - python-swiftclient-4.7.0 gAAAAABo4WrHdnea... 16 - - txffcd36f8248145b9bbfe0-0068e16afd - 0.0384 - - 1759603453.409313679 1759603453.447737694 0
Oct 04 14:44:13 np0005470878.novalocal container-server[93384]: ::1 - - [04/Oct/2025:18:44:13 +0000] "PUT /1/259447/AUTH_3c12f327ec924e3c89731d403fb9bd42/gnocchi.975a69d1-cf5a-4a63-9e1b-4e8f9385090b/none_v3" 201 - "PUT http://[::1]:8080/1/164452/AUTH_3c12f327ec924e3c89731d403fb9bd42/gnocchi.975a69d1-cf5a-4a63-9e1b-4e8f9385090b/none_v3" "tx190267a634e74234b767e-0068e16afd" "object-server 93717" 0.0005 "-" 93384 0
Oct 04 14:44:13 np0005470878.novalocal object-server[93717]: ::1 - - [04/Oct/2025:18:44:13 +0000] "PUT /1/164452/AUTH_3c12f327ec924e3c89731d403fb9bd42/gnocchi.975a69d1-cf5a-4a63-9e1b-4e8f9385090b/none_v3" 201 - "PUT https://[::1]:8080/v1/AUTH_3c12f327ec924e3c89731d403fb9bd42/gnocchi.975a69d1-cf5a-4a63-9e1b-4e8f9385090b/none_v3" "tx190267a634e74234b767e-0068e16afd" "proxy-server 94717" 0.0115 "-" 93717 0
Oct 04 14:44:13 np0005470878.novalocal container-server[93384]: ::1 - - [04/Oct/2025:18:44:13 +0000] "PUT /2/259447/AUTH_3c12f327ec924e3c89731d403fb9bd42/gnocchi.975a69d1-cf5a-4a63-9e1b-4e8f9385090b/none_v3" 201 - "PUT http://[::1]:8080/2/164452/AUTH_3c12f327ec924e3c89731d403fb9bd42/gnocchi.975a69d1-cf5a-4a63-9e1b-4e8f9385090b/none_v3" "tx190267a634e74234b767e-0068e16afd" "object-server 93717" 0.0008 "-" 93384 0
Oct 04 14:44:13 np0005470878.novalocal container-server[93383]: ::1 - - [04/Oct/2025:18:44:13 +0000] "PUT /2/80020/AUTH_3c12f327ec924e3c89731d403fb9bd42/gnocchi.9628eb99-4569-4c69-ad2e-065b1751ca93/none_v3" 201 - "PUT http://[::1]:8080/1/67050/AUTH_3c12f327ec924e3c89731d403fb9bd42/gnocchi.9628eb99-4569-4c69-ad2e-065b1751ca93/none_v3" "txec632779f2db44fa92992-0068e16afd" "object-server 93717" 0.0005 "-" 93383 0
Oct 04 14:44:13 np0005470878.novalocal object-server[93717]: ::1 - - [04/Oct/2025:18:44:13 +0000] "PUT /2/164452/AUTH_3c12f327ec924e3c89731d403fb9bd42/gnocchi.975a69d1-cf5a-4a63-9e1b-4e8f9385090b/none_v3" 201 - "PUT https://[::1]:8080/v1/AUTH_3c12f327ec924e3c89731d403fb9bd42/gnocchi.975a69d1-cf5a-4a63-9e1b-4e8f9385090b/none_v3" "tx190267a634e74234b767e-0068e16afd" "proxy-server 94717" 0.0118 "-" 93717 0
Oct 04 14:44:13 np0005470878.novalocal object-server[93717]: ::1 - - [04/Oct/2025:18:44:13 +0000] "PUT /1/67050/AUTH_3c12f327ec924e3c89731d403fb9bd42/gnocchi.9628eb99-4569-4c69-ad2e-065b1751ca93/none_v3" 201 - "PUT https://[::1]:8080/v1/AUTH_3c12f327ec924e3c89731d403fb9bd42/gnocchi.9628eb99-4569-4c69-ad2e-065b1751ca93/none_v3" "txec632779f2db44fa92992-0068e16afd" "proxy-server 94716" 0.0133 "-" 93717 0
Oct 04 14:44:13 np0005470878.novalocal container-server[93383]: ::1 - - [04/Oct/2025:18:44:13 +0000] "PUT /1/80020/AUTH_3c12f327ec924e3c89731d403fb9bd42/gnocchi.9628eb99-4569-4c69-ad2e-065b1751ca93/none_v3" 201 - "PUT http://[::1]:8080/2/67050/AUTH_3c12f327ec924e3c89731d403fb9bd42/gnocchi.9628eb99-4569-4c69-ad2e-065b1751ca93/none_v3" "txec632779f2db44fa92992-0068e16afd" "object-server 93716" 0.0004 "-" 93383 0
Oct 04 14:44:13 np0005470878.novalocal object-server[93716]: ::1 - - [04/Oct/2025:18:44:13 +0000] "PUT /2/67050/AUTH_3c12f327ec924e3c89731d403fb9bd42/gnocchi.9628eb99-4569-4c69-ad2e-065b1751ca93/none_v3" 201 - "PUT https://[::1]:8080/v1/AUTH_3c12f327ec924e3c89731d403fb9bd42/gnocchi.9628eb99-4569-4c69-ad2e-065b1751ca93/none_v3" "txec632779f2db44fa92992-0068e16afd" "proxy-server 94716" 0.0122 "-" 93716 0
Oct 04 14:44:13 np0005470878.novalocal container-server[93383]: ::1 - - [04/Oct/2025:18:44:13 +0000] "PUT /3/80020/AUTH_3c12f327ec924e3c89731d403fb9bd42/gnocchi.9628eb99-4569-4c69-ad2e-065b1751ca93/none_v3" 201 - "PUT http://[::1]:8080/3/67050/AUTH_3c12f327ec924e3c89731d403fb9bd42/gnocchi.9628eb99-4569-4c69-ad2e-065b1751ca93/none_v3" "txec632779f2db44fa92992-0068e16afd" "object-server 93716" 0.0004 "-" 93383 0
Oct 04 14:44:13 np0005470878.novalocal container-server[93384]: ::1 - - [04/Oct/2025:18:44:13 +0000] "PUT /3/259447/AUTH_3c12f327ec924e3c89731d403fb9bd42/gnocchi.975a69d1-cf5a-4a63-9e1b-4e8f9385090b/none_v3" 201 - "PUT http://[::1]:8080/3/164452/AUTH_3c12f327ec924e3c89731d403fb9bd42/gnocchi.975a69d1-cf5a-4a63-9e1b-4e8f9385090b/none_v3" "tx190267a634e74234b767e-0068e16afd" "object-server 93716" 0.0004 "-" 93384 0
Oct 04 14:44:13 np0005470878.novalocal object-server[93716]: ::1 - - [04/Oct/2025:18:44:13 +0000] "PUT /3/67050/AUTH_3c12f327ec924e3c89731d403fb9bd42/gnocchi.9628eb99-4569-4c69-ad2e-065b1751ca93/none_v3" 201 - "PUT https://[::1]:8080/v1/AUTH_3c12f327ec924e3c89731d403fb9bd42/gnocchi.9628eb99-4569-4c69-ad2e-065b1751ca93/none_v3" "txec632779f2db44fa92992-0068e16afd" "proxy-server 94716" 0.0174 "-" 93716 0
Oct 04 14:44:13 np0005470878.novalocal object-server[93716]: ::1 - - [04/Oct/2025:18:44:13 +0000] "PUT /3/164452/AUTH_3c12f327ec924e3c89731d403fb9bd42/gnocchi.975a69d1-cf5a-4a63-9e1b-4e8f9385090b/none_v3" 201 - "PUT https://[::1]:8080/v1/AUTH_3c12f327ec924e3c89731d403fb9bd42/gnocchi.975a69d1-cf5a-4a63-9e1b-4e8f9385090b/none_v3" "tx190267a634e74234b767e-0068e16afd" "proxy-server 94717" 0.0199 "-" 93716 0
Oct 04 14:44:13 np0005470878.novalocal proxy-server[94716]: ::1 ::1 04/Oct/2025/18/44/13 PUT /v1/AUTH_3c12f327ec924e3c89731d403fb9bd42/gnocchi.9628eb99-4569-4c69-ad2e-065b1751ca93/none_v3 HTTP/1.0 201 - python-swiftclient-4.7.0 gAAAAABo4WrHdnea... 32 - - txec632779f2db44fa92992-0068e16afd - 0.0277 - - 1759603453.450533628 1759603453.478199720 0
Oct 04 14:44:13 np0005470878.novalocal proxy-server[94717]: ::1 ::1 04/Oct/2025/18/44/13 PUT /v1/AUTH_3c12f327ec924e3c89731d403fb9bd42/gnocchi.975a69d1-cf5a-4a63-9e1b-4e8f9385090b/none_v3 HTTP/1.0 201 - python-swiftclient-4.7.0 gAAAAABo4Wq9xl3N... 22 - - tx190267a634e74234b767e-0068e16afd - 0.0335 - - 1759603453.446939945 1759603453.480452538 0
Oct 04 14:44:13 np0005470878.novalocal container-server[93383]: ::1 - - [04/Oct/2025:18:44:13 +0000] "HEAD /3/134218/AUTH_3c12f327ec924e3c89731d403fb9bd42/gnocchi.6bc33e5f-9c7e-4a58-a7db-f49732586996" 404 - "HEAD http://[::1]:8080/v1/AUTH_3c12f327ec924e3c89731d403fb9bd42/gnocchi.6bc33e5f-9c7e-4a58-a7db-f49732586996" "txc5c96b55de854b3ca2b4e-0068e16afd" "proxy-server 94716" 0.0003 "-" 93383 0
Oct 04 14:44:13 np0005470878.novalocal container-server[93384]: ::1 - - [04/Oct/2025:18:44:13 +0000] "HEAD /1/134218/AUTH_3c12f327ec924e3c89731d403fb9bd42/gnocchi.6bc33e5f-9c7e-4a58-a7db-f49732586996" 404 - "HEAD http://[::1]:8080/v1/AUTH_3c12f327ec924e3c89731d403fb9bd42/gnocchi.6bc33e5f-9c7e-4a58-a7db-f49732586996" "txc5c96b55de854b3ca2b4e-0068e16afd" "proxy-server 94716" 0.0005 "-" 93384 0
Oct 04 14:44:13 np0005470878.novalocal container-server[93384]: ::1 - - [04/Oct/2025:18:44:13 +0000] "HEAD /2/134218/AUTH_3c12f327ec924e3c89731d403fb9bd42/gnocchi.6bc33e5f-9c7e-4a58-a7db-f49732586996" 404 - "HEAD http://[::1]:8080/v1/AUTH_3c12f327ec924e3c89731d403fb9bd42/gnocchi.6bc33e5f-9c7e-4a58-a7db-f49732586996" "txc5c96b55de854b3ca2b4e-0068e16afd" "proxy-server 94716" 0.0009 "-" 93384 0
Oct 04 14:44:13 np0005470878.novalocal proxy-server[94716]: - - 04/Oct/2025/18/44/13 HEAD /v1/AUTH_3c12f327ec924e3c89731d403fb9bd42/gnocchi.6bc33e5f-9c7e-4a58-a7db-f49732586996 HTTP/1.0 404 - Swift - - - - txc5c96b55de854b3ca2b4e-0068e16afd - 0.0123 CS - 1759603453.493300438 1759603453.505639076 0
Oct 04 14:44:13 np0005470878.novalocal object-server[93717]: ::1 - - [04/Oct/2025:18:44:13 +0000] "GET /2/39875/AUTH_3c12f327ec924e3c89731d403fb9bd42/gnocchi.6bc33e5f-9c7e-4a58-a7db-f49732586996/none_v3" 404 70 "GET https://[::1]:8080/v1/AUTH_3c12f327ec924e3c89731d403fb9bd42/gnocchi.6bc33e5f-9c7e-4a58-a7db-f49732586996/none_v3" "txc5c96b55de854b3ca2b4e-0068e16afd" "proxy-server 94716" 0.0003 "-" 93717 0
Oct 04 14:44:13 np0005470878.novalocal object-server[93716]: ::1 - - [04/Oct/2025:18:44:13 +0000] "GET /1/39875/AUTH_3c12f327ec924e3c89731d403fb9bd42/gnocchi.6bc33e5f-9c7e-4a58-a7db-f49732586996/none_v3" 404 70 "GET https://[::1]:8080/v1/AUTH_3c12f327ec924e3c89731d403fb9bd42/gnocchi.6bc33e5f-9c7e-4a58-a7db-f49732586996/none_v3" "txc5c96b55de854b3ca2b4e-0068e16afd" "proxy-server 94716" 0.0004 "-" 93716 0
Oct 04 14:44:13 np0005470878.novalocal object-server[93717]: ::1 - - [04/Oct/2025:18:44:13 +0000] "GET /3/39875/AUTH_3c12f327ec924e3c89731d403fb9bd42/gnocchi.6bc33e5f-9c7e-4a58-a7db-f49732586996/none_v3" 404 70 "GET https://[::1]:8080/v1/AUTH_3c12f327ec924e3c89731d403fb9bd42/gnocchi.6bc33e5f-9c7e-4a58-a7db-f49732586996/none_v3" "txc5c96b55de854b3ca2b4e-0068e16afd" "proxy-server 94716" 0.0002 "-" 93717 0
Oct 04 14:44:13 np0005470878.novalocal proxy-server[94716]: ::1 ::1 04/Oct/2025/18/44/13 GET /v1/AUTH_3c12f327ec924e3c89731d403fb9bd42/gnocchi.6bc33e5f-9c7e-4a58-a7db-f49732586996/none_v3 HTTP/1.0 404 - python-swiftclient-4.7.0 gAAAAABo4WrHdnea... - 70 - txc5c96b55de854b3ca2b4e-0068e16afd - 0.0234 - - 1759603453.492572308 1759603453.515942574 0
Oct 04 14:44:13 np0005470878.novalocal account-server[93089]: ::1 - - [04/Oct/2025:18:44:13 +0000] "PUT /1/140569/AUTH_3c12f327ec924e3c89731d403fb9bd42/gnocchi.6bc33e5f-9c7e-4a58-a7db-f49732586996" 201 - "PUT http://[::1]:6001/1/134218/AUTH_3c12f327ec924e3c89731d403fb9bd42/gnocchi.6bc33e5f-9c7e-4a58-a7db-f49732586996" "tx0c5cd586f9834f29bbe04-0068e16afd" "container-server 93384" 0.0061 "-" 93089 0
Oct 04 14:44:13 np0005470878.novalocal container-server[93384]: ::1 - - [04/Oct/2025:18:44:13 +0000] "PUT /1/134218/AUTH_3c12f327ec924e3c89731d403fb9bd42/gnocchi.6bc33e5f-9c7e-4a58-a7db-f49732586996" 201 - "PUT https://[::1]:8080/v1/AUTH_3c12f327ec924e3c89731d403fb9bd42/gnocchi.6bc33e5f-9c7e-4a58-a7db-f49732586996" "tx0c5cd586f9834f29bbe04-0068e16afd" "proxy-server 94716" 0.0171 "-" 93384 0
Oct 04 14:44:13 np0005470878.novalocal container-server[93383]: ::1 - - [04/Oct/2025:18:44:13 +0000] "HEAD /3/43247/AUTH_3c12f327ec924e3c89731d403fb9bd42/gnocchi.0e8cec07-c998-4311-b9b5-be426d8e05a0" 404 - "HEAD http://[::1]:8080/v1/AUTH_3c12f327ec924e3c89731d403fb9bd42/gnocchi.0e8cec07-c998-4311-b9b5-be426d8e05a0" "txf5a516f22b8a4a4a8826c-0068e16afd" "proxy-server 94717" 0.0002 "-" 93383 0
Oct 04 14:44:13 np0005470878.novalocal container-server[93384]: ::1 - - [04/Oct/2025:18:44:13 +0000] "HEAD /2/43247/AUTH_3c12f327ec924e3c89731d403fb9bd42/gnocchi.0e8cec07-c998-4311-b9b5-be426d8e05a0" 404 - "HEAD http://[::1]:8080/v1/AUTH_3c12f327ec924e3c89731d403fb9bd42/gnocchi.0e8cec07-c998-4311-b9b5-be426d8e05a0" "txf5a516f22b8a4a4a8826c-0068e16afd" "proxy-server 94717" 0.0004 "-" 93384 0
Oct 04 14:44:13 np0005470878.novalocal account-server[93088]: ::1 - - [04/Oct/2025:18:44:13 +0000] "PUT /2/140569/AUTH_3c12f327ec924e3c89731d403fb9bd42/gnocchi.6bc33e5f-9c7e-4a58-a7db-f49732586996" 201 - "PUT http://[::1]:6001/2/134218/AUTH_3c12f327ec924e3c89731d403fb9bd42/gnocchi.6bc33e5f-9c7e-4a58-a7db-f49732586996" "tx0c5cd586f9834f29bbe04-0068e16afd" "container-server 93383" 0.0041 "-" 93088 0
Oct 04 14:44:13 np0005470878.novalocal account-server[93089]: ::1 - - [04/Oct/2025:18:44:13 +0000] "PUT /3/140569/AUTH_3c12f327ec924e3c89731d403fb9bd42/gnocchi.6bc33e5f-9c7e-4a58-a7db-f49732586996" 201 - "PUT http://[::1]:6001/3/134218/AUTH_3c12f327ec924e3c89731d403fb9bd42/gnocchi.6bc33e5f-9c7e-4a58-a7db-f49732586996" "tx0c5cd586f9834f29bbe04-0068e16afd" "container-server 93383" 0.0036 "-" 93089 0
Oct 04 14:44:13 np0005470878.novalocal container-server[93383]: ::1 - - [04/Oct/2025:18:44:13 +0000] "PUT /2/134218/AUTH_3c12f327ec924e3c89731d403fb9bd42/gnocchi.6bc33e5f-9c7e-4a58-a7db-f49732586996" 201 - "PUT https://[::1]:8080/v1/AUTH_3c12f327ec924e3c89731d403fb9bd42/gnocchi.6bc33e5f-9c7e-4a58-a7db-f49732586996" "tx0c5cd586f9834f29bbe04-0068e16afd" "proxy-server 94716" 0.0141 "-" 93383 0
Oct 04 14:44:13 np0005470878.novalocal container-server[93383]: ::1 - - [04/Oct/2025:18:44:13 +0000] "PUT /3/134218/AUTH_3c12f327ec924e3c89731d403fb9bd42/gnocchi.6bc33e5f-9c7e-4a58-a7db-f49732586996" 201 - "PUT https://[::1]:8080/v1/AUTH_3c12f327ec924e3c89731d403fb9bd42/gnocchi.6bc33e5f-9c7e-4a58-a7db-f49732586996" "tx0c5cd586f9834f29bbe04-0068e16afd" "proxy-server 94716" 0.0234 "-" 93383 0
Oct 04 14:44:13 np0005470878.novalocal container-server[93384]: ::1 - - [04/Oct/2025:18:44:13 +0000] "HEAD /1/43247/AUTH_3c12f327ec924e3c89731d403fb9bd42/gnocchi.0e8cec07-c998-4311-b9b5-be426d8e05a0" 404 - "HEAD http://[::1]:8080/v1/AUTH_3c12f327ec924e3c89731d403fb9bd42/gnocchi.0e8cec07-c998-4311-b9b5-be426d8e05a0" "txf5a516f22b8a4a4a8826c-0068e16afd" "proxy-server 94717" 0.0002 "-" 93384 0
Oct 04 14:44:13 np0005470878.novalocal proxy-server[94716]: ::1 ::1 04/Oct/2025/18/44/13 PUT /v1/AUTH_3c12f327ec924e3c89731d403fb9bd42/gnocchi.6bc33e5f-9c7e-4a58-a7db-f49732586996 HTTP/1.0 201 - python-swiftclient-4.7.0 gAAAAABo4WrHdnea... - - - tx0c5cd586f9834f29bbe04-0068e16afd - 0.0295 - - 1759603453.518377066 1759603453.547898531 0
Oct 04 14:44:13 np0005470878.novalocal proxy-server[94717]: - - 04/Oct/2025/18/44/13 HEAD /v1/AUTH_3c12f327ec924e3c89731d403fb9bd42/gnocchi.0e8cec07-c998-4311-b9b5-be426d8e05a0 HTTP/1.0 404 - Swift - - - - txf5a516f22b8a4a4a8826c-0068e16afd - 0.0350 CS - 1759603453.513363123 1759603453.548368931 0
Oct 04 14:44:13 np0005470878.novalocal container-server[93383]: ::1 - - [04/Oct/2025:18:44:13 +0000] "HEAD /3/134218/AUTH_3c12f327ec924e3c89731d403fb9bd42/gnocchi.6bc33e5f-9c7e-4a58-a7db-f49732586996" 204 - "HEAD http://[::1]:8080/v1/AUTH_3c12f327ec924e3c89731d403fb9bd42/gnocchi.6bc33e5f-9c7e-4a58-a7db-f49732586996" "tx272b3cebac204dd5bf6ae-0068e16afd" "proxy-server 94716" 0.0010 "-" 93383 0
Oct 04 14:44:13 np0005470878.novalocal object-server[93716]: ::1 - - [04/Oct/2025:18:44:13 +0000] "GET /2/124274/AUTH_3c12f327ec924e3c89731d403fb9bd42/gnocchi.0e8cec07-c998-4311-b9b5-be426d8e05a0/none_v3" 404 70 "GET https://[::1]:8080/v1/AUTH_3c12f327ec924e3c89731d403fb9bd42/gnocchi.0e8cec07-c998-4311-b9b5-be426d8e05a0/none_v3" "txf5a516f22b8a4a4a8826c-0068e16afd" "proxy-server 94717" 0.0003 "-" 93716 0
Oct 04 14:44:13 np0005470878.novalocal proxy-server[94716]: - - 04/Oct/2025/18/44/13 HEAD /v1/AUTH_3c12f327ec924e3c89731d403fb9bd42/gnocchi.6bc33e5f-9c7e-4a58-a7db-f49732586996 HTTP/1.0 204 - Swift - - - - tx272b3cebac204dd5bf6ae-0068e16afd - 0.0036 CS - 1759603453.551354885 1759603453.554981232 0
Oct 04 14:44:13 np0005470878.novalocal object-server[93716]: ::1 - - [04/Oct/2025:18:44:13 +0000] "GET /3/124274/AUTH_3c12f327ec924e3c89731d403fb9bd42/gnocchi.0e8cec07-c998-4311-b9b5-be426d8e05a0/none_v3" 404 70 "GET https://[::1]:8080/v1/AUTH_3c12f327ec924e3c89731d403fb9bd42/gnocchi.0e8cec07-c998-4311-b9b5-be426d8e05a0/none_v3" "txf5a516f22b8a4a4a8826c-0068e16afd" "proxy-server 94717" 0.0003 "-" 93716 0
Oct 04 14:44:13 np0005470878.novalocal object-server[93716]: ::1 - - [04/Oct/2025:18:44:13 +0000] "GET /1/124274/AUTH_3c12f327ec924e3c89731d403fb9bd42/gnocchi.0e8cec07-c998-4311-b9b5-be426d8e05a0/none_v3" 404 70 "GET https://[::1]:8080/v1/AUTH_3c12f327ec924e3c89731d403fb9bd42/gnocchi.0e8cec07-c998-4311-b9b5-be426d8e05a0/none_v3" "txf5a516f22b8a4a4a8826c-0068e16afd" "proxy-server 94717" 0.0002 "-" 93716 0
Oct 04 14:44:13 np0005470878.novalocal proxy-server[94717]: ::1 ::1 04/Oct/2025/18/44/13 GET /v1/AUTH_3c12f327ec924e3c89731d403fb9bd42/gnocchi.0e8cec07-c998-4311-b9b5-be426d8e05a0/none_v3 HTTP/1.0 404 - python-swiftclient-4.7.0 gAAAAABo4Wq9xl3N... - 70 - txf5a516f22b8a4a4a8826c-0068e16afd - 0.0526 - - 1759603453.512548208 1759603453.565136671 0
Oct 04 14:44:13 np0005470878.novalocal container-server[93384]: ::1 - - [04/Oct/2025:18:44:13 +0000] "GET /1/134218/AUTH_3c12f327ec924e3c89731d403fb9bd42/gnocchi.6bc33e5f-9c7e-4a58-a7db-f49732586996" 200 2 "GET https://[::1]:8080/v1/AUTH_3c12f327ec924e3c89731d403fb9bd42/gnocchi.6bc33e5f-9c7e-4a58-a7db-f49732586996?format=json&states=listing" "tx272b3cebac204dd5bf6ae-0068e16afd" "proxy-server 94716" 0.0016 "-" 93384 0
Oct 04 14:44:13 np0005470878.novalocal proxy-server[94716]: ::1 ::1 04/Oct/2025/18/44/13 GET /v1/AUTH_3c12f327ec924e3c89731d403fb9bd42/gnocchi.6bc33e5f-9c7e-4a58-a7db-f49732586996%3Fformat%3Djson%26states%3Dlisting HTTP/1.0 200 - python-swiftclient-4.7.0 gAAAAABo4WrHdnea... - 2 - tx272b3cebac204dd5bf6ae-0068e16afd - 0.0192 - - 1759603453.550760746 1759603453.569995880 0
Oct 04 14:44:13 np0005470878.novalocal object-server[93717]: ::1 - - [04/Oct/2025:18:44:13 +0000] "GET /1/124747/AUTH_3c12f327ec924e3c89731d403fb9bd42/gnocchi.6bc33e5f-9c7e-4a58-a7db-f49732586996/1759320000.0_mean_300.0_v3" 404 70 "GET https://[::1]:8080/v1/AUTH_3c12f327ec924e3c89731d403fb9bd42/gnocchi.6bc33e5f-9c7e-4a58-a7db-f49732586996/1759320000.0_mean_300.0_v3" "tx43086c10b99945e685967-0068e16afd" "proxy-server 94716" 0.0003 "-" 93717 0
Oct 04 14:44:13 np0005470878.novalocal object-server[93717]: ::1 - - [04/Oct/2025:18:44:13 +0000] "GET /2/124747/AUTH_3c12f327ec924e3c89731d403fb9bd42/gnocchi.6bc33e5f-9c7e-4a58-a7db-f49732586996/1759320000.0_mean_300.0_v3" 404 70 "GET https://[::1]:8080/v1/AUTH_3c12f327ec924e3c89731d403fb9bd42/gnocchi.6bc33e5f-9c7e-4a58-a7db-f49732586996/1759320000.0_mean_300.0_v3" "tx43086c10b99945e685967-0068e16afd" "proxy-server 94716" 0.0001 "-" 93717 0
Oct 04 14:44:13 np0005470878.novalocal object-server[93716]: ::1 - - [04/Oct/2025:18:44:13 +0000] "GET /3/124747/AUTH_3c12f327ec924e3c89731d403fb9bd42/gnocchi.6bc33e5f-9c7e-4a58-a7db-f49732586996/1759320000.0_mean_300.0_v3" 404 70 "GET https://[::1]:8080/v1/AUTH_3c12f327ec924e3c89731d403fb9bd42/gnocchi.6bc33e5f-9c7e-4a58-a7db-f49732586996/1759320000.0_mean_300.0_v3" "tx43086c10b99945e685967-0068e16afd" "proxy-server 94716" 0.0003 "-" 93716 0
Oct 04 14:44:13 np0005470878.novalocal proxy-server[94716]: ::1 ::1 04/Oct/2025/18/44/13 GET /v1/AUTH_3c12f327ec924e3c89731d403fb9bd42/gnocchi.6bc33e5f-9c7e-4a58-a7db-f49732586996/1759320000.0_mean_300.0_v3 HTTP/1.0 404 - python-swiftclient-4.7.0 gAAAAABo4WrHdnea... - 70 - tx43086c10b99945e685967-0068e16afd - 0.0097 - - 1759603453.572841883 1759603453.582576036 0
Oct 04 14:44:13 np0005470878.novalocal account-server[93088]: ::1 - - [04/Oct/2025:18:44:13 +0000] "PUT /3/140569/AUTH_3c12f327ec924e3c89731d403fb9bd42/gnocchi.0e8cec07-c998-4311-b9b5-be426d8e05a0" 201 - "PUT http://[::1]:6001/1/43247/AUTH_3c12f327ec924e3c89731d403fb9bd42/gnocchi.0e8cec07-c998-4311-b9b5-be426d8e05a0" "tx3d312067de934d908ff24-0068e16afd" "container-server 93383" 0.0038 "-" 93088 0
Oct 04 14:44:13 np0005470878.novalocal container-server[93383]: ::1 - - [04/Oct/2025:18:44:13 +0000] "PUT /1/43247/AUTH_3c12f327ec924e3c89731d403fb9bd42/gnocchi.0e8cec07-c998-4311-b9b5-be426d8e05a0" 201 - "PUT https://[::1]:8080/v1/AUTH_3c12f327ec924e3c89731d403fb9bd42/gnocchi.0e8cec07-c998-4311-b9b5-be426d8e05a0" "tx3d312067de934d908ff24-0068e16afd" "proxy-server 94717" 0.0109 "-" 93383 0
Oct 04 14:44:13 np0005470878.novalocal account-server[93088]: ::1 - - [04/Oct/2025:18:44:13 +0000] "PUT /2/140569/AUTH_3c12f327ec924e3c89731d403fb9bd42/gnocchi.0e8cec07-c998-4311-b9b5-be426d8e05a0" 201 - "PUT http://[::1]:6001/3/43247/AUTH_3c12f327ec924e3c89731d403fb9bd42/gnocchi.0e8cec07-c998-4311-b9b5-be426d8e05a0" "tx3d312067de934d908ff24-0068e16afd" "container-server 93384" 0.0051 "-" 93088 0
Oct 04 14:44:13 np0005470878.novalocal container-server[93384]: ::1 - - [04/Oct/2025:18:44:13 +0000] "PUT /3/43247/AUTH_3c12f327ec924e3c89731d403fb9bd42/gnocchi.0e8cec07-c998-4311-b9b5-be426d8e05a0" 201 - "PUT https://[::1]:8080/v1/AUTH_3c12f327ec924e3c89731d403fb9bd42/gnocchi.0e8cec07-c998-4311-b9b5-be426d8e05a0" "tx3d312067de934d908ff24-0068e16afd" "proxy-server 94717" 0.0173 "-" 93384 0
Oct 04 14:44:13 np0005470878.novalocal account-server[93089]: ::1 - - [04/Oct/2025:18:44:13 +0000] "PUT /1/140569/AUTH_3c12f327ec924e3c89731d403fb9bd42/gnocchi.0e8cec07-c998-4311-b9b5-be426d8e05a0" 201 - "PUT http://[::1]:6001/2/43247/AUTH_3c12f327ec924e3c89731d403fb9bd42/gnocchi.0e8cec07-c998-4311-b9b5-be426d8e05a0" "tx3d312067de934d908ff24-0068e16afd" "container-server 93384" 0.0033 "-" 93089 0
Oct 04 14:44:13 np0005470878.novalocal container-server[93384]: ::1 - - [04/Oct/2025:18:44:13 +0000] "PUT /2/43247/AUTH_3c12f327ec924e3c89731d403fb9bd42/gnocchi.0e8cec07-c998-4311-b9b5-be426d8e05a0" 201 - "PUT https://[::1]:8080/v1/AUTH_3c12f327ec924e3c89731d403fb9bd42/gnocchi.0e8cec07-c998-4311-b9b5-be426d8e05a0" "tx3d312067de934d908ff24-0068e16afd" "proxy-server 94717" 0.0124 "-" 93384 0
Oct 04 14:44:13 np0005470878.novalocal proxy-server[94717]: ::1 ::1 04/Oct/2025/18/44/13 PUT /v1/AUTH_3c12f327ec924e3c89731d403fb9bd42/gnocchi.0e8cec07-c998-4311-b9b5-be426d8e05a0 HTTP/1.0 201 - python-swiftclient-4.7.0 gAAAAABo4Wq9xl3N... - - - tx3d312067de934d908ff24-0068e16afd - 0.0293 - - 1759603453.567790747 1759603453.597050667 0
Oct 04 14:44:13 np0005470878.novalocal container-server[93384]: ::1 - - [04/Oct/2025:18:44:13 +0000] "HEAD /3/43247/AUTH_3c12f327ec924e3c89731d403fb9bd42/gnocchi.0e8cec07-c998-4311-b9b5-be426d8e05a0" 204 - "HEAD http://[::1]:8080/v1/AUTH_3c12f327ec924e3c89731d403fb9bd42/gnocchi.0e8cec07-c998-4311-b9b5-be426d8e05a0" "tx480dc97c0a854eba90163-0068e16afd" "proxy-server 94717" 0.0014 "-" 93384 0
Oct 04 14:44:13 np0005470878.novalocal container-server[93383]: ::1 - - [04/Oct/2025:18:44:13 +0000] "PUT /2/134218/AUTH_3c12f327ec924e3c89731d403fb9bd42/gnocchi.6bc33e5f-9c7e-4a58-a7db-f49732586996/1759320000.0_mean_300.0_v3" 201 - "PUT http://[::1]:8080/2/124747/AUTH_3c12f327ec924e3c89731d403fb9bd42/gnocchi.6bc33e5f-9c7e-4a58-a7db-f49732586996/1759320000.0_mean_300.0_v3" "tx02d67195e8bd4d0da2ea1-0068e16afd" "object-server 93717" 0.0006 "-" 93383 0
Oct 04 14:44:13 np0005470878.novalocal object-server[93717]: ::1 - - [04/Oct/2025:18:44:13 +0000] "PUT /2/124747/AUTH_3c12f327ec924e3c89731d403fb9bd42/gnocchi.6bc33e5f-9c7e-4a58-a7db-f49732586996/1759320000.0_mean_300.0_v3" 201 - "PUT https://[::1]:8080/v1/AUTH_3c12f327ec924e3c89731d403fb9bd42/gnocchi.6bc33e5f-9c7e-4a58-a7db-f49732586996/1759320000.0_mean_300.0_v3" "tx02d67195e8bd4d0da2ea1-0068e16afd" "proxy-server 94716" 0.0102 "-" 93717 0
Oct 04 14:44:13 np0005470878.novalocal proxy-server[94717]: - - 04/Oct/2025/18/44/13 HEAD /v1/AUTH_3c12f327ec924e3c89731d403fb9bd42/gnocchi.0e8cec07-c998-4311-b9b5-be426d8e05a0 HTTP/1.0 204 - Swift - - - - tx480dc97c0a854eba90163-0068e16afd - 0.0057 CS - 1759603453.600924730 1759603453.606574774 0
Oct 04 14:44:13 np0005470878.novalocal container-server[93384]: ::1 - - [04/Oct/2025:18:44:13 +0000] "PUT /1/134218/AUTH_3c12f327ec924e3c89731d403fb9bd42/gnocchi.6bc33e5f-9c7e-4a58-a7db-f49732586996/1759320000.0_mean_300.0_v3" 201 - "PUT http://[::1]:8080/1/124747/AUTH_3c12f327ec924e3c89731d403fb9bd42/gnocchi.6bc33e5f-9c7e-4a58-a7db-f49732586996/1759320000.0_mean_300.0_v3" "tx02d67195e8bd4d0da2ea1-0068e16afd" "object-server 93717" 0.0005 "-" 93384 0
