Oct 04 14:44:13 np0005470878.novalocal object-server[93717]: ::1 - - [04/Oct/2025:18:44:13 +0000] "PUT /1/124747/AUTH_3c12f327ec924e3c89731d403fb9bd42/gnocchi.6bc33e5f-9c7e-4a58-a7db-f49732586996/1759320000.0_mean_300.0_v3" 201 - "PUT https://[::1]:8080/v1/AUTH_3c12f327ec924e3c89731d403fb9bd42/gnocchi.6bc33e5f-9c7e-4a58-a7db-f49732586996/1759320000.0_mean_300.0_v3" "tx02d67195e8bd4d0da2ea1-0068e16afd" "proxy-server 94716" 0.0121 "-" 93717 0
Oct 04 14:44:13 np0005470878.novalocal container-server[93384]: ::1 - - [04/Oct/2025:18:44:13 +0000] "PUT /3/134218/AUTH_3c12f327ec924e3c89731d403fb9bd42/gnocchi.6bc33e5f-9c7e-4a58-a7db-f49732586996/1759320000.0_mean_300.0_v3" 201 - "PUT http://[::1]:8080/3/124747/AUTH_3c12f327ec924e3c89731d403fb9bd42/gnocchi.6bc33e5f-9c7e-4a58-a7db-f49732586996/1759320000.0_mean_300.0_v3" "tx02d67195e8bd4d0da2ea1-0068e16afd" "object-server 93717" 0.0003 "-" 93384 0
Oct 04 14:44:13 np0005470878.novalocal object-server[93717]: ::1 - - [04/Oct/2025:18:44:13 +0000] "PUT /3/124747/AUTH_3c12f327ec924e3c89731d403fb9bd42/gnocchi.6bc33e5f-9c7e-4a58-a7db-f49732586996/1759320000.0_mean_300.0_v3" 201 - "PUT https://[::1]:8080/v1/AUTH_3c12f327ec924e3c89731d403fb9bd42/gnocchi.6bc33e5f-9c7e-4a58-a7db-f49732586996/1759320000.0_mean_300.0_v3" "tx02d67195e8bd4d0da2ea1-0068e16afd" "proxy-server 94716" 0.0141 "-" 93717 0
Oct 04 14:44:13 np0005470878.novalocal proxy-server[94716]: ::1 ::1 04/Oct/2025/18/44/13 PUT /v1/AUTH_3c12f327ec924e3c89731d403fb9bd42/gnocchi.6bc33e5f-9c7e-4a58-a7db-f49732586996/1759320000.0_mean_300.0_v3 HTTP/1.0 201 - python-swiftclient-4.7.0 gAAAAABo4WrHdnea... 16 - - tx02d67195e8bd4d0da2ea1-0068e16afd - 0.0207 - - 1759603453.588637352 1759603453.609336376 0
Oct 04 14:44:13 np0005470878.novalocal container-server[93384]: ::1 - - [04/Oct/2025:18:44:13 +0000] "GET /1/43247/AUTH_3c12f327ec924e3c89731d403fb9bd42/gnocchi.0e8cec07-c998-4311-b9b5-be426d8e05a0" 200 2 "GET https://[::1]:8080/v1/AUTH_3c12f327ec924e3c89731d403fb9bd42/gnocchi.0e8cec07-c998-4311-b9b5-be426d8e05a0?format=json&states=listing" "tx480dc97c0a854eba90163-0068e16afd" "proxy-server 94717" 0.0026 "-" 93384 0
Oct 04 14:44:13 np0005470878.novalocal proxy-server[94717]: ::1 ::1 04/Oct/2025/18/44/13 GET /v1/AUTH_3c12f327ec924e3c89731d403fb9bd42/gnocchi.0e8cec07-c998-4311-b9b5-be426d8e05a0%3Fformat%3Djson%26states%3Dlisting HTTP/1.0 200 - python-swiftclient-4.7.0 gAAAAABo4Wq9xl3N... - 2 - tx480dc97c0a854eba90163-0068e16afd - 0.0175 - - 1759603453.600129128 1759603453.617644787 0
Oct 04 14:44:13 np0005470878.novalocal object-server[93717]: ::1 - - [04/Oct/2025:18:44:13 +0000] "GET /1/86669/AUTH_3c12f327ec924e3c89731d403fb9bd42/gnocchi.0e8cec07-c998-4311-b9b5-be426d8e05a0/1759320000.0_mean_300.0_v3" 404 70 "GET https://[::1]:8080/v1/AUTH_3c12f327ec924e3c89731d403fb9bd42/gnocchi.0e8cec07-c998-4311-b9b5-be426d8e05a0/1759320000.0_mean_300.0_v3" "txaa96e4df034b44c6bb0b0-0068e16afd" "proxy-server 94717" 0.0004 "-" 93717 0
Oct 04 14:44:13 np0005470878.novalocal object-server[93717]: ::1 - - [04/Oct/2025:18:44:13 +0000] "GET /3/86669/AUTH_3c12f327ec924e3c89731d403fb9bd42/gnocchi.0e8cec07-c998-4311-b9b5-be426d8e05a0/1759320000.0_mean_300.0_v3" 404 70 "GET https://[::1]:8080/v1/AUTH_3c12f327ec924e3c89731d403fb9bd42/gnocchi.0e8cec07-c998-4311-b9b5-be426d8e05a0/1759320000.0_mean_300.0_v3" "txaa96e4df034b44c6bb0b0-0068e16afd" "proxy-server 94717" 0.0002 "-" 93717 0
Oct 04 14:44:13 np0005470878.novalocal object-server[93717]: ::1 - - [04/Oct/2025:18:44:13 +0000] "GET /2/86669/AUTH_3c12f327ec924e3c89731d403fb9bd42/gnocchi.0e8cec07-c998-4311-b9b5-be426d8e05a0/1759320000.0_mean_300.0_v3" 404 70 "GET https://[::1]:8080/v1/AUTH_3c12f327ec924e3c89731d403fb9bd42/gnocchi.0e8cec07-c998-4311-b9b5-be426d8e05a0/1759320000.0_mean_300.0_v3" "txaa96e4df034b44c6bb0b0-0068e16afd" "proxy-server 94717" 0.0003 "-" 93717 0
Oct 04 14:44:13 np0005470878.novalocal container-server[93383]: ::1 - - [04/Oct/2025:18:44:13 +0000] "PUT /2/134218/AUTH_3c12f327ec924e3c89731d403fb9bd42/gnocchi.6bc33e5f-9c7e-4a58-a7db-f49732586996/none_v3" 201 - "PUT http://[::1]:8080/3/39875/AUTH_3c12f327ec924e3c89731d403fb9bd42/gnocchi.6bc33e5f-9c7e-4a58-a7db-f49732586996/none_v3" "txf8a69d77619941899c56d-0068e16afd" "object-server 93716" 0.0005 "-" 93383 0
Oct 04 14:44:13 np0005470878.novalocal object-server[93716]: ::1 - - [04/Oct/2025:18:44:13 +0000] "PUT /3/39875/AUTH_3c12f327ec924e3c89731d403fb9bd42/gnocchi.6bc33e5f-9c7e-4a58-a7db-f49732586996/none_v3" 201 - "PUT https://[::1]:8080/v1/AUTH_3c12f327ec924e3c89731d403fb9bd42/gnocchi.6bc33e5f-9c7e-4a58-a7db-f49732586996/none_v3" "txf8a69d77619941899c56d-0068e16afd" "proxy-server 94716" 0.0137 "-" 93716 0
Oct 04 14:44:13 np0005470878.novalocal container-server[93383]: ::1 - - [04/Oct/2025:18:44:13 +0000] "PUT /1/134218/AUTH_3c12f327ec924e3c89731d403fb9bd42/gnocchi.6bc33e5f-9c7e-4a58-a7db-f49732586996/none_v3" 201 - "PUT http://[::1]:8080/2/39875/AUTH_3c12f327ec924e3c89731d403fb9bd42/gnocchi.6bc33e5f-9c7e-4a58-a7db-f49732586996/none_v3" "txf8a69d77619941899c56d-0068e16afd" "object-server 93716" 0.0003 "-" 93383 0
Oct 04 14:44:13 np0005470878.novalocal proxy-server[94717]: ::1 ::1 04/Oct/2025/18/44/13 GET /v1/AUTH_3c12f327ec924e3c89731d403fb9bd42/gnocchi.0e8cec07-c998-4311-b9b5-be426d8e05a0/1759320000.0_mean_300.0_v3 HTTP/1.0 404 - python-swiftclient-4.7.0 gAAAAABo4Wq9xl3N... - 70 - txaa96e4df034b44c6bb0b0-0068e16afd - 0.0142 - - 1759603453.620603323 1759603453.634777784 0
Oct 04 14:44:13 np0005470878.novalocal container-server[93384]: ::1 - - [04/Oct/2025:18:44:13 +0000] "PUT /3/134218/AUTH_3c12f327ec924e3c89731d403fb9bd42/gnocchi.6bc33e5f-9c7e-4a58-a7db-f49732586996/none_v3" 201 - "PUT http://[::1]:8080/1/39875/AUTH_3c12f327ec924e3c89731d403fb9bd42/gnocchi.6bc33e5f-9c7e-4a58-a7db-f49732586996/none_v3" "txf8a69d77619941899c56d-0068e16afd" "object-server 93716" 0.0004 "-" 93384 0
Oct 04 14:44:13 np0005470878.novalocal object-server[93716]: ::1 - - [04/Oct/2025:18:44:13 +0000] "PUT /2/39875/AUTH_3c12f327ec924e3c89731d403fb9bd42/gnocchi.6bc33e5f-9c7e-4a58-a7db-f49732586996/none_v3" 201 - "PUT https://[::1]:8080/v1/AUTH_3c12f327ec924e3c89731d403fb9bd42/gnocchi.6bc33e5f-9c7e-4a58-a7db-f49732586996/none_v3" "txf8a69d77619941899c56d-0068e16afd" "proxy-server 94716" 0.0162 "-" 93716 0
Oct 04 14:44:13 np0005470878.novalocal object-server[93716]: ::1 - - [04/Oct/2025:18:44:13 +0000] "PUT /1/39875/AUTH_3c12f327ec924e3c89731d403fb9bd42/gnocchi.6bc33e5f-9c7e-4a58-a7db-f49732586996/none_v3" 201 - "PUT https://[::1]:8080/v1/AUTH_3c12f327ec924e3c89731d403fb9bd42/gnocchi.6bc33e5f-9c7e-4a58-a7db-f49732586996/none_v3" "txf8a69d77619941899c56d-0068e16afd" "proxy-server 94716" 0.0136 "-" 93716 0
Oct 04 14:44:13 np0005470878.novalocal proxy-server[94716]: ::1 ::1 04/Oct/2025/18/44/13 PUT /v1/AUTH_3c12f327ec924e3c89731d403fb9bd42/gnocchi.6bc33e5f-9c7e-4a58-a7db-f49732586996/none_v3 HTTP/1.0 201 - python-swiftclient-4.7.0 gAAAAABo4WrHdnea... 22 - - txf8a69d77619941899c56d-0068e16afd - 0.0247 - - 1759603453.612619162 1759603453.637330294 0
Oct 04 14:44:13 np0005470878.novalocal container-server[93384]: ::1 - - [04/Oct/2025:18:44:13 +0000] "PUT /2/43247/AUTH_3c12f327ec924e3c89731d403fb9bd42/gnocchi.0e8cec07-c998-4311-b9b5-be426d8e05a0/1759320000.0_mean_300.0_v3" 201 - "PUT http://[::1]:8080/3/86669/AUTH_3c12f327ec924e3c89731d403fb9bd42/gnocchi.0e8cec07-c998-4311-b9b5-be426d8e05a0/1759320000.0_mean_300.0_v3" "tx3d5701d7462a4acfaf010-0068e16afd" "object-server 93716" 0.0015 "-" 93384 0
Oct 04 14:44:13 np0005470878.novalocal container-server[93383]: ::1 - - [04/Oct/2025:18:44:13 +0000] "PUT /1/43247/AUTH_3c12f327ec924e3c89731d403fb9bd42/gnocchi.0e8cec07-c998-4311-b9b5-be426d8e05a0/1759320000.0_mean_300.0_v3" 201 - "PUT http://[::1]:8080/2/86669/AUTH_3c12f327ec924e3c89731d403fb9bd42/gnocchi.0e8cec07-c998-4311-b9b5-be426d8e05a0/1759320000.0_mean_300.0_v3" "tx3d5701d7462a4acfaf010-0068e16afd" "object-server 93717" 0.0005 "-" 93383 0
Oct 04 14:44:13 np0005470878.novalocal container-server[93384]: ::1 - - [04/Oct/2025:18:44:13 +0000] "PUT /3/43247/AUTH_3c12f327ec924e3c89731d403fb9bd42/gnocchi.0e8cec07-c998-4311-b9b5-be426d8e05a0/1759320000.0_mean_300.0_v3" 201 - "PUT http://[::1]:8080/1/86669/AUTH_3c12f327ec924e3c89731d403fb9bd42/gnocchi.0e8cec07-c998-4311-b9b5-be426d8e05a0/1759320000.0_mean_300.0_v3" "tx3d5701d7462a4acfaf010-0068e16afd" "object-server 93717" 0.0003 "-" 93384 0
Oct 04 14:44:13 np0005470878.novalocal object-server[93716]: ::1 - - [04/Oct/2025:18:44:13 +0000] "PUT /3/86669/AUTH_3c12f327ec924e3c89731d403fb9bd42/gnocchi.0e8cec07-c998-4311-b9b5-be426d8e05a0/1759320000.0_mean_300.0_v3" 201 - "PUT https://[::1]:8080/v1/AUTH_3c12f327ec924e3c89731d403fb9bd42/gnocchi.0e8cec07-c998-4311-b9b5-be426d8e05a0/1759320000.0_mean_300.0_v3" "tx3d5701d7462a4acfaf010-0068e16afd" "proxy-server 94717" 0.0123 "-" 93716 0
Oct 04 14:44:13 np0005470878.novalocal object-server[93717]: ::1 - - [04/Oct/2025:18:44:13 +0000] "PUT /2/86669/AUTH_3c12f327ec924e3c89731d403fb9bd42/gnocchi.0e8cec07-c998-4311-b9b5-be426d8e05a0/1759320000.0_mean_300.0_v3" 201 - "PUT https://[::1]:8080/v1/AUTH_3c12f327ec924e3c89731d403fb9bd42/gnocchi.0e8cec07-c998-4311-b9b5-be426d8e05a0/1759320000.0_mean_300.0_v3" "tx3d5701d7462a4acfaf010-0068e16afd" "proxy-server 94717" 0.0109 "-" 93717 0
Oct 04 14:44:13 np0005470878.novalocal object-server[93717]: ::1 - - [04/Oct/2025:18:44:13 +0000] "PUT /1/86669/AUTH_3c12f327ec924e3c89731d403fb9bd42/gnocchi.0e8cec07-c998-4311-b9b5-be426d8e05a0/1759320000.0_mean_300.0_v3" 201 - "PUT https://[::1]:8080/v1/AUTH_3c12f327ec924e3c89731d403fb9bd42/gnocchi.0e8cec07-c998-4311-b9b5-be426d8e05a0/1759320000.0_mean_300.0_v3" "tx3d5701d7462a4acfaf010-0068e16afd" "proxy-server 94717" 0.0138 "-" 93717 0
Oct 04 14:44:13 np0005470878.novalocal proxy-server[94717]: ::1 ::1 04/Oct/2025/18/44/13 PUT /v1/AUTH_3c12f327ec924e3c89731d403fb9bd42/gnocchi.0e8cec07-c998-4311-b9b5-be426d8e05a0/1759320000.0_mean_300.0_v3 HTTP/1.0 201 - python-swiftclient-4.7.0 gAAAAABo4Wq9xl3N... 16 - - tx3d5701d7462a4acfaf010-0068e16afd - 0.0226 - - 1759603453.641684771 1759603453.664263725 0
Oct 04 14:44:13 np0005470878.novalocal container-server[93383]: ::1 - - [04/Oct/2025:18:44:13 +0000] "HEAD /3/44981/AUTH_3c12f327ec924e3c89731d403fb9bd42/gnocchi.ce0a6021-fac1-411e-a8cc-97acccf3e6a4" 404 - "HEAD http://[::1]:8080/v1/AUTH_3c12f327ec924e3c89731d403fb9bd42/gnocchi.ce0a6021-fac1-411e-a8cc-97acccf3e6a4" "tx5a9a036890ed4e4dbadc7-0068e16afd" "proxy-server 94716" 0.0003 "-" 93383 0
Oct 04 14:44:13 np0005470878.novalocal container-server[93384]: ::1 - - [04/Oct/2025:18:44:13 +0000] "HEAD /1/44981/AUTH_3c12f327ec924e3c89731d403fb9bd42/gnocchi.ce0a6021-fac1-411e-a8cc-97acccf3e6a4" 404 - "HEAD http://[::1]:8080/v1/AUTH_3c12f327ec924e3c89731d403fb9bd42/gnocchi.ce0a6021-fac1-411e-a8cc-97acccf3e6a4" "tx5a9a036890ed4e4dbadc7-0068e16afd" "proxy-server 94716" 0.0002 "-" 93384 0
Oct 04 14:44:13 np0005470878.novalocal container-server[93384]: ::1 - - [04/Oct/2025:18:44:13 +0000] "HEAD /2/44981/AUTH_3c12f327ec924e3c89731d403fb9bd42/gnocchi.ce0a6021-fac1-411e-a8cc-97acccf3e6a4" 404 - "HEAD http://[::1]:8080/v1/AUTH_3c12f327ec924e3c89731d403fb9bd42/gnocchi.ce0a6021-fac1-411e-a8cc-97acccf3e6a4" "tx5a9a036890ed4e4dbadc7-0068e16afd" "proxy-server 94716" 0.0001 "-" 93384 0
Oct 04 14:44:13 np0005470878.novalocal proxy-server[94716]: - - 04/Oct/2025/18/44/13 HEAD /v1/AUTH_3c12f327ec924e3c89731d403fb9bd42/gnocchi.ce0a6021-fac1-411e-a8cc-97acccf3e6a4 HTTP/1.0 404 - Swift - - - - tx5a9a036890ed4e4dbadc7-0068e16afd - 0.0072 CS - 1759603453.663178921 1759603453.670387268 0
Oct 04 14:44:13 np0005470878.novalocal object-server[93716]: ::1 - - [04/Oct/2025:18:44:13 +0000] "GET /3/66415/AUTH_3c12f327ec924e3c89731d403fb9bd42/gnocchi.ce0a6021-fac1-411e-a8cc-97acccf3e6a4/none_v3" 404 70 "GET https://[::1]:8080/v1/AUTH_3c12f327ec924e3c89731d403fb9bd42/gnocchi.ce0a6021-fac1-411e-a8cc-97acccf3e6a4/none_v3" "tx5a9a036890ed4e4dbadc7-0068e16afd" "proxy-server 94716" 0.0002 "-" 93716 0
Oct 04 14:44:13 np0005470878.novalocal object-server[93717]: ::1 - - [04/Oct/2025:18:44:13 +0000] "GET /2/66415/AUTH_3c12f327ec924e3c89731d403fb9bd42/gnocchi.ce0a6021-fac1-411e-a8cc-97acccf3e6a4/none_v3" 404 70 "GET https://[::1]:8080/v1/AUTH_3c12f327ec924e3c89731d403fb9bd42/gnocchi.ce0a6021-fac1-411e-a8cc-97acccf3e6a4/none_v3" "tx5a9a036890ed4e4dbadc7-0068e16afd" "proxy-server 94716" 0.0005 "-" 93717 0
Oct 04 14:44:13 np0005470878.novalocal container-server[93383]: ::1 - - [04/Oct/2025:18:44:13 +0000] "PUT /1/43247/AUTH_3c12f327ec924e3c89731d403fb9bd42/gnocchi.0e8cec07-c998-4311-b9b5-be426d8e05a0/none_v3" 201 - "PUT http://[::1]:8080/3/124274/AUTH_3c12f327ec924e3c89731d403fb9bd42/gnocchi.0e8cec07-c998-4311-b9b5-be426d8e05a0/none_v3" "txc954a378bba6443caf0a1-0068e16afd" "object-server 93716" 0.0007 "-" 93383 0
Oct 04 14:44:13 np0005470878.novalocal object-server[93717]: ::1 - - [04/Oct/2025:18:44:13 +0000] "GET /1/66415/AUTH_3c12f327ec924e3c89731d403fb9bd42/gnocchi.ce0a6021-fac1-411e-a8cc-97acccf3e6a4/none_v3" 404 70 "GET https://[::1]:8080/v1/AUTH_3c12f327ec924e3c89731d403fb9bd42/gnocchi.ce0a6021-fac1-411e-a8cc-97acccf3e6a4/none_v3" "tx5a9a036890ed4e4dbadc7-0068e16afd" "proxy-server 94716" 0.0010 "-" 93717 0
Oct 04 14:44:13 np0005470878.novalocal object-server[93716]: ::1 - - [04/Oct/2025:18:44:13 +0000] "PUT /3/124274/AUTH_3c12f327ec924e3c89731d403fb9bd42/gnocchi.0e8cec07-c998-4311-b9b5-be426d8e05a0/none_v3" 201 - "PUT https://[::1]:8080/v1/AUTH_3c12f327ec924e3c89731d403fb9bd42/gnocchi.0e8cec07-c998-4311-b9b5-be426d8e05a0/none_v3" "txc954a378bba6443caf0a1-0068e16afd" "proxy-server 94717" 0.0105 "-" 93716 0
Oct 04 14:44:13 np0005470878.novalocal proxy-server[94716]: ::1 ::1 04/Oct/2025/18/44/13 GET /v1/AUTH_3c12f327ec924e3c89731d403fb9bd42/gnocchi.ce0a6021-fac1-411e-a8cc-97acccf3e6a4/none_v3 HTTP/1.0 404 - python-swiftclient-4.7.0 gAAAAABo4WrHdnea... - 70 - tx5a9a036890ed4e4dbadc7-0068e16afd - 0.0222 - - 1759603453.662619352 1759603453.684784651 0
Oct 04 14:44:13 np0005470878.novalocal container-server[93383]: ::1 - - [04/Oct/2025:18:44:13 +0000] "PUT /3/43247/AUTH_3c12f327ec924e3c89731d403fb9bd42/gnocchi.0e8cec07-c998-4311-b9b5-be426d8e05a0/none_v3" 201 - "PUT http://[::1]:8080/2/124274/AUTH_3c12f327ec924e3c89731d403fb9bd42/gnocchi.0e8cec07-c998-4311-b9b5-be426d8e05a0/none_v3" "txc954a378bba6443caf0a1-0068e16afd" "object-server 93717" 0.0004 "-" 93383 0
Oct 04 14:44:13 np0005470878.novalocal container-server[93384]: ::1 - - [04/Oct/2025:18:44:13 +0000] "PUT /2/43247/AUTH_3c12f327ec924e3c89731d403fb9bd42/gnocchi.0e8cec07-c998-4311-b9b5-be426d8e05a0/none_v3" 201 - "PUT http://[::1]:8080/1/124274/AUTH_3c12f327ec924e3c89731d403fb9bd42/gnocchi.0e8cec07-c998-4311-b9b5-be426d8e05a0/none_v3" "txc954a378bba6443caf0a1-0068e16afd" "object-server 93717" 0.0003 "-" 93384 0
Oct 04 14:44:13 np0005470878.novalocal object-server[93717]: ::1 - - [04/Oct/2025:18:44:13 +0000] "PUT /1/124274/AUTH_3c12f327ec924e3c89731d403fb9bd42/gnocchi.0e8cec07-c998-4311-b9b5-be426d8e05a0/none_v3" 201 - "PUT https://[::1]:8080/v1/AUTH_3c12f327ec924e3c89731d403fb9bd42/gnocchi.0e8cec07-c998-4311-b9b5-be426d8e05a0/none_v3" "txc954a378bba6443caf0a1-0068e16afd" "proxy-server 94717" 0.0144 "-" 93717 0
Oct 04 14:44:13 np0005470878.novalocal object-server[93717]: ::1 - - [04/Oct/2025:18:44:13 +0000] "PUT /2/124274/AUTH_3c12f327ec924e3c89731d403fb9bd42/gnocchi.0e8cec07-c998-4311-b9b5-be426d8e05a0/none_v3" 201 - "PUT https://[::1]:8080/v1/AUTH_3c12f327ec924e3c89731d403fb9bd42/gnocchi.0e8cec07-c998-4311-b9b5-be426d8e05a0/none_v3" "txc954a378bba6443caf0a1-0068e16afd" "proxy-server 94717" 0.0136 "-" 93717 0
Oct 04 14:44:13 np0005470878.novalocal proxy-server[94717]: ::1 ::1 04/Oct/2025/18/44/13 PUT /v1/AUTH_3c12f327ec924e3c89731d403fb9bd42/gnocchi.0e8cec07-c998-4311-b9b5-be426d8e05a0/none_v3 HTTP/1.0 201 - python-swiftclient-4.7.0 gAAAAABo4Wq9xl3N... 22 - - txc954a378bba6443caf0a1-0068e16afd - 0.0215 - - 1759603453.667239904 1759603453.688743591 0
Oct 04 14:44:13 np0005470878.novalocal container-server[93384]: ::1 - - [04/Oct/2025:18:44:13 +0000] "HEAD /2/109168/AUTH_3c12f327ec924e3c89731d403fb9bd42/gnocchi.61ec4395-d66f-4bff-aaf9-d7dffcc0c525" 404 - "HEAD http://[::1]:8080/v1/AUTH_3c12f327ec924e3c89731d403fb9bd42/gnocchi.61ec4395-d66f-4bff-aaf9-d7dffcc0c525" "txcd39e14697254df48e57e-0068e16afd" "proxy-server 94717" 0.0005 "-" 93384 0
Oct 04 14:44:13 np0005470878.novalocal account-server[93089]: ::1 - - [04/Oct/2025:18:44:13 +0000] "PUT /2/140569/AUTH_3c12f327ec924e3c89731d403fb9bd42/gnocchi.ce0a6021-fac1-411e-a8cc-97acccf3e6a4" 201 - "PUT http://[::1]:6001/3/44981/AUTH_3c12f327ec924e3c89731d403fb9bd42/gnocchi.ce0a6021-fac1-411e-a8cc-97acccf3e6a4" "tx3444fb56a332494caafb2-0068e16afd" "container-server 93383" 0.0047 "-" 93089 0
Oct 04 14:44:13 np0005470878.novalocal container-server[93384]: ::1 - - [04/Oct/2025:18:44:13 +0000] "HEAD /3/109168/AUTH_3c12f327ec924e3c89731d403fb9bd42/gnocchi.61ec4395-d66f-4bff-aaf9-d7dffcc0c525" 404 - "HEAD http://[::1]:8080/v1/AUTH_3c12f327ec924e3c89731d403fb9bd42/gnocchi.61ec4395-d66f-4bff-aaf9-d7dffcc0c525" "txcd39e14697254df48e57e-0068e16afd" "proxy-server 94717" 0.0002 "-" 93384 0
Oct 04 14:44:13 np0005470878.novalocal container-server[93384]: ::1 - - [04/Oct/2025:18:44:13 +0000] "HEAD /1/109168/AUTH_3c12f327ec924e3c89731d403fb9bd42/gnocchi.61ec4395-d66f-4bff-aaf9-d7dffcc0c525" 404 - "HEAD http://[::1]:8080/v1/AUTH_3c12f327ec924e3c89731d403fb9bd42/gnocchi.61ec4395-d66f-4bff-aaf9-d7dffcc0c525" "txcd39e14697254df48e57e-0068e16afd" "proxy-server 94717" 0.0001 "-" 93384 0
Oct 04 14:44:13 np0005470878.novalocal proxy-server[94717]: - - 04/Oct/2025/18/44/13 HEAD /v1/AUTH_3c12f327ec924e3c89731d403fb9bd42/gnocchi.61ec4395-d66f-4bff-aaf9-d7dffcc0c525 HTTP/1.0 404 - Swift - - - - txcd39e14697254df48e57e-0068e16afd - 0.0115 CS - 1759603453.701702356 1759603453.713212729 0
Oct 04 14:44:13 np0005470878.novalocal container-server[93383]: ::1 - - [04/Oct/2025:18:44:13 +0000] "PUT /3/44981/AUTH_3c12f327ec924e3c89731d403fb9bd42/gnocchi.ce0a6021-fac1-411e-a8cc-97acccf3e6a4" 201 - "PUT https://[::1]:8080/v1/AUTH_3c12f327ec924e3c89731d403fb9bd42/gnocchi.ce0a6021-fac1-411e-a8cc-97acccf3e6a4" "tx3444fb56a332494caafb2-0068e16afd" "proxy-server 94716" 0.0223 "-" 93383 0
Oct 04 14:44:13 np0005470878.novalocal account-server[93089]: ::1 - - [04/Oct/2025:18:44:13 +0000] "PUT /1/140569/AUTH_3c12f327ec924e3c89731d403fb9bd42/gnocchi.ce0a6021-fac1-411e-a8cc-97acccf3e6a4" 201 - "PUT http://[::1]:6001/1/44981/AUTH_3c12f327ec924e3c89731d403fb9bd42/gnocchi.ce0a6021-fac1-411e-a8cc-97acccf3e6a4" "tx3444fb56a332494caafb2-0068e16afd" "container-server 93383" 0.0029 "-" 93089 0
Oct 04 14:44:13 np0005470878.novalocal container-server[93383]: ::1 - - [04/Oct/2025:18:44:13 +0000] "PUT /1/44981/AUTH_3c12f327ec924e3c89731d403fb9bd42/gnocchi.ce0a6021-fac1-411e-a8cc-97acccf3e6a4" 201 - "PUT https://[::1]:8080/v1/AUTH_3c12f327ec924e3c89731d403fb9bd42/gnocchi.ce0a6021-fac1-411e-a8cc-97acccf3e6a4" "tx3444fb56a332494caafb2-0068e16afd" "proxy-server 94716" 0.0191 "-" 93383 0
Oct 04 14:44:13 np0005470878.novalocal object-server[93717]: ::1 - - [04/Oct/2025:18:44:13 +0000] "GET /2/253342/AUTH_3c12f327ec924e3c89731d403fb9bd42/gnocchi.61ec4395-d66f-4bff-aaf9-d7dffcc0c525/none_v3" 404 70 "GET https://[::1]:8080/v1/AUTH_3c12f327ec924e3c89731d403fb9bd42/gnocchi.61ec4395-d66f-4bff-aaf9-d7dffcc0c525/none_v3" "txcd39e14697254df48e57e-0068e16afd" "proxy-server 94717" 0.0004 "-" 93717 0
Oct 04 14:44:13 np0005470878.novalocal object-server[93716]: ::1 - - [04/Oct/2025:18:44:13 +0000] "GET /3/253342/AUTH_3c12f327ec924e3c89731d403fb9bd42/gnocchi.61ec4395-d66f-4bff-aaf9-d7dffcc0c525/none_v3" 404 70 "GET https://[::1]:8080/v1/AUTH_3c12f327ec924e3c89731d403fb9bd42/gnocchi.61ec4395-d66f-4bff-aaf9-d7dffcc0c525/none_v3" "txcd39e14697254df48e57e-0068e16afd" "proxy-server 94717" 0.0003 "-" 93716 0
Oct 04 14:44:13 np0005470878.novalocal account-server[93088]: ::1 - - [04/Oct/2025:18:44:13 +0000] "PUT /3/140569/AUTH_3c12f327ec924e3c89731d403fb9bd42/gnocchi.ce0a6021-fac1-411e-a8cc-97acccf3e6a4" 201 - "PUT http://[::1]:6001/2/44981/AUTH_3c12f327ec924e3c89731d403fb9bd42/gnocchi.ce0a6021-fac1-411e-a8cc-97acccf3e6a4" "tx3444fb56a332494caafb2-0068e16afd" "container-server 93383" 0.0044 "-" 93088 0
Oct 04 14:44:13 np0005470878.novalocal container-server[93383]: ::1 - - [04/Oct/2025:18:44:13 +0000] "PUT /2/44981/AUTH_3c12f327ec924e3c89731d403fb9bd42/gnocchi.ce0a6021-fac1-411e-a8cc-97acccf3e6a4" 201 - "PUT https://[::1]:8080/v1/AUTH_3c12f327ec924e3c89731d403fb9bd42/gnocchi.ce0a6021-fac1-411e-a8cc-97acccf3e6a4" "tx3444fb56a332494caafb2-0068e16afd" "proxy-server 94716" 0.0195 "-" 93383 0
Oct 04 14:44:13 np0005470878.novalocal object-server[93717]: ::1 - - [04/Oct/2025:18:44:13 +0000] "GET /1/253342/AUTH_3c12f327ec924e3c89731d403fb9bd42/gnocchi.61ec4395-d66f-4bff-aaf9-d7dffcc0c525/none_v3" 404 70 "GET https://[::1]:8080/v1/AUTH_3c12f327ec924e3c89731d403fb9bd42/gnocchi.61ec4395-d66f-4bff-aaf9-d7dffcc0c525/none_v3" "txcd39e14697254df48e57e-0068e16afd" "proxy-server 94717" 0.0002 "-" 93717 0
Oct 04 14:44:13 np0005470878.novalocal proxy-server[94716]: ::1 ::1 04/Oct/2025/18/44/13 PUT /v1/AUTH_3c12f327ec924e3c89731d403fb9bd42/gnocchi.ce0a6021-fac1-411e-a8cc-97acccf3e6a4 HTTP/1.0 201 - python-swiftclient-4.7.0 gAAAAABo4WrHdnea... - - - tx3444fb56a332494caafb2-0068e16afd - 0.0382 - - 1759603453.687433004 1759603453.725623846 0
Oct 04 14:44:13 np0005470878.novalocal proxy-server[94717]: ::1 ::1 04/Oct/2025/18/44/13 GET /v1/AUTH_3c12f327ec924e3c89731d403fb9bd42/gnocchi.61ec4395-d66f-4bff-aaf9-d7dffcc0c525/none_v3 HTTP/1.0 404 - python-swiftclient-4.7.0 gAAAAABo4Wq9xl3N... - 70 - txcd39e14697254df48e57e-0068e16afd - 0.0252 - - 1759603453.700858593 1759603453.726097822 0
Oct 04 14:44:13 np0005470878.novalocal dnsmasq[101889]: read /var/lib/neutron/dhcp/a5a1b76c-a523-445f-a911-e84dc6fcbc72/addn_hosts - 1 addresses
Oct 04 14:44:13 np0005470878.novalocal dnsmasq-dhcp[101889]: read /var/lib/neutron/dhcp/a5a1b76c-a523-445f-a911-e84dc6fcbc72/host
Oct 04 14:44:13 np0005470878.novalocal dnsmasq-dhcp[101889]: read /var/lib/neutron/dhcp/a5a1b76c-a523-445f-a911-e84dc6fcbc72/opts
Oct 04 14:44:13 np0005470878.novalocal container-server[93384]: ::1 - - [04/Oct/2025:18:44:13 +0000] "HEAD /1/44981/AUTH_3c12f327ec924e3c89731d403fb9bd42/gnocchi.ce0a6021-fac1-411e-a8cc-97acccf3e6a4" 204 - "HEAD http://[::1]:8080/v1/AUTH_3c12f327ec924e3c89731d403fb9bd42/gnocchi.ce0a6021-fac1-411e-a8cc-97acccf3e6a4" "tx1e68ea5593354feca3da8-0068e16afd" "proxy-server 94716" 0.0016 "-" 93384 0
Oct 04 14:44:13 np0005470878.novalocal proxy-server[94716]: - - 04/Oct/2025/18/44/13 HEAD /v1/AUTH_3c12f327ec924e3c89731d403fb9bd42/gnocchi.ce0a6021-fac1-411e-a8cc-97acccf3e6a4 HTTP/1.0 204 - Swift - - - - tx1e68ea5593354feca3da8-0068e16afd - 0.0077 CS - 1759603453.732729435 1759603453.740391016 0
Oct 04 14:44:13 np0005470878.novalocal account-server[93089]: ::1 - - [04/Oct/2025:18:44:13 +0000] "PUT /2/140569/AUTH_3c12f327ec924e3c89731d403fb9bd42/gnocchi.61ec4395-d66f-4bff-aaf9-d7dffcc0c525" 201 - "PUT http://[::1]:6001/1/109168/AUTH_3c12f327ec924e3c89731d403fb9bd42/gnocchi.61ec4395-d66f-4bff-aaf9-d7dffcc0c525" "txc8d5da8349b34739858ba-0068e16afd" "container-server 93383" 0.0036 "-" 93089 0
Oct 04 14:44:13 np0005470878.novalocal container-server[93384]: ::1 - - [04/Oct/2025:18:44:13 +0000] "GET /2/44981/AUTH_3c12f327ec924e3c89731d403fb9bd42/gnocchi.ce0a6021-fac1-411e-a8cc-97acccf3e6a4" 200 2 "GET https://[::1]:8080/v1/AUTH_3c12f327ec924e3c89731d403fb9bd42/gnocchi.ce0a6021-fac1-411e-a8cc-97acccf3e6a4?format=json&states=listing" "tx1e68ea5593354feca3da8-0068e16afd" "proxy-server 94716" 0.0021 "-" 93384 0
Oct 04 14:44:13 np0005470878.novalocal container-server[93383]: ::1 - - [04/Oct/2025:18:44:13 +0000] "PUT /1/109168/AUTH_3c12f327ec924e3c89731d403fb9bd42/gnocchi.61ec4395-d66f-4bff-aaf9-d7dffcc0c525" 201 - "PUT https://[::1]:8080/v1/AUTH_3c12f327ec924e3c89731d403fb9bd42/gnocchi.61ec4395-d66f-4bff-aaf9-d7dffcc0c525" "txc8d5da8349b34739858ba-0068e16afd" "proxy-server 94717" 0.0143 "-" 93383 0
Oct 04 14:44:13 np0005470878.novalocal account-server[93088]: ::1 - - [04/Oct/2025:18:44:13 +0000] "PUT /3/140569/AUTH_3c12f327ec924e3c89731d403fb9bd42/gnocchi.61ec4395-d66f-4bff-aaf9-d7dffcc0c525" 201 - "PUT http://[::1]:6001/3/109168/AUTH_3c12f327ec924e3c89731d403fb9bd42/gnocchi.61ec4395-d66f-4bff-aaf9-d7dffcc0c525" "txc8d5da8349b34739858ba-0068e16afd" "container-server 93383" 0.0083 "-" 93088 0
Oct 04 14:44:13 np0005470878.novalocal container-server[93383]: ::1 - - [04/Oct/2025:18:44:13 +0000] "PUT /3/109168/AUTH_3c12f327ec924e3c89731d403fb9bd42/gnocchi.61ec4395-d66f-4bff-aaf9-d7dffcc0c525" 201 - "PUT https://[::1]:8080/v1/AUTH_3c12f327ec924e3c89731d403fb9bd42/gnocchi.61ec4395-d66f-4bff-aaf9-d7dffcc0c525" "txc8d5da8349b34739858ba-0068e16afd" "proxy-server 94717" 0.0230 "-" 93383 0
Oct 04 14:44:13 np0005470878.novalocal proxy-server[94716]: ::1 ::1 04/Oct/2025/18/44/13 GET /v1/AUTH_3c12f327ec924e3c89731d403fb9bd42/gnocchi.ce0a6021-fac1-411e-a8cc-97acccf3e6a4%3Fformat%3Djson%26states%3Dlisting HTTP/1.0 200 - python-swiftclient-4.7.0 gAAAAABo4WrHdnea... - 2 - tx1e68ea5593354feca3da8-0068e16afd - 0.0279 - - 1759603453.732170343 1759603453.760055304 0
Oct 04 14:44:13 np0005470878.novalocal account-server[93088]: ::1 - - [04/Oct/2025:18:44:13 +0000] "PUT /1/140569/AUTH_3c12f327ec924e3c89731d403fb9bd42/gnocchi.61ec4395-d66f-4bff-aaf9-d7dffcc0c525" 201 - "PUT http://[::1]:6001/2/109168/AUTH_3c12f327ec924e3c89731d403fb9bd42/gnocchi.61ec4395-d66f-4bff-aaf9-d7dffcc0c525" "txc8d5da8349b34739858ba-0068e16afd" "container-server 93384" 0.0037 "-" 93088 0
Oct 04 14:44:13 np0005470878.novalocal container-server[93384]: ::1 - - [04/Oct/2025:18:44:13 +0000] "PUT /2/109168/AUTH_3c12f327ec924e3c89731d403fb9bd42/gnocchi.61ec4395-d66f-4bff-aaf9-d7dffcc0c525" 201 - "PUT https://[::1]:8080/v1/AUTH_3c12f327ec924e3c89731d403fb9bd42/gnocchi.61ec4395-d66f-4bff-aaf9-d7dffcc0c525" "txc8d5da8349b34739858ba-0068e16afd" "proxy-server 94717" 0.0258 "-" 93384 0
Oct 04 14:44:13 np0005470878.novalocal proxy-server[94717]: ::1 ::1 04/Oct/2025/18/44/13 PUT /v1/AUTH_3c12f327ec924e3c89731d403fb9bd42/gnocchi.61ec4395-d66f-4bff-aaf9-d7dffcc0c525 HTTP/1.0 201 - python-swiftclient-4.7.0 gAAAAABo4Wq9xl3N... - - - txc8d5da8349b34739858ba-0068e16afd - 0.0354 - - 1759603453.731817484 1759603453.767188787 0
Oct 04 14:44:13 np0005470878.novalocal object-server[93716]: ::1 - - [04/Oct/2025:18:44:13 +0000] "GET /1/252337/AUTH_3c12f327ec924e3c89731d403fb9bd42/gnocchi.ce0a6021-fac1-411e-a8cc-97acccf3e6a4/1759320000.0_mean_300.0_v3" 404 70 "GET https://[::1]:8080/v1/AUTH_3c12f327ec924e3c89731d403fb9bd42/gnocchi.ce0a6021-fac1-411e-a8cc-97acccf3e6a4/1759320000.0_mean_300.0_v3" "tx304d0cb394c0418da06d1-0068e16afd" "proxy-server 94716" 0.0004 "-" 93716 0
Oct 04 14:44:13 np0005470878.novalocal object-server[93716]: ::1 - - [04/Oct/2025:18:44:13 +0000] "GET /2/252337/AUTH_3c12f327ec924e3c89731d403fb9bd42/gnocchi.ce0a6021-fac1-411e-a8cc-97acccf3e6a4/1759320000.0_mean_300.0_v3" 404 70 "GET https://[::1]:8080/v1/AUTH_3c12f327ec924e3c89731d403fb9bd42/gnocchi.ce0a6021-fac1-411e-a8cc-97acccf3e6a4/1759320000.0_mean_300.0_v3" "tx304d0cb394c0418da06d1-0068e16afd" "proxy-server 94716" 0.0002 "-" 93716 0
Oct 04 14:44:13 np0005470878.novalocal container-server[93383]: ::1 - - [04/Oct/2025:18:44:13 +0000] "HEAD /1/109168/AUTH_3c12f327ec924e3c89731d403fb9bd42/gnocchi.61ec4395-d66f-4bff-aaf9-d7dffcc0c525" 204 - "HEAD http://[::1]:8080/v1/AUTH_3c12f327ec924e3c89731d403fb9bd42/gnocchi.61ec4395-d66f-4bff-aaf9-d7dffcc0c525" "txbeb735fb19e446f9be040-0068e16afd" "proxy-server 94717" 0.0015 "-" 93383 0
Oct 04 14:44:13 np0005470878.novalocal proxy-server[94717]: - - 04/Oct/2025/18/44/13 HEAD /v1/AUTH_3c12f327ec924e3c89731d403fb9bd42/gnocchi.61ec4395-d66f-4bff-aaf9-d7dffcc0c525 HTTP/1.0 204 - Swift - - - - txbeb735fb19e446f9be040-0068e16afd - 0.0042 CS - 1759603453.770418406 1759603453.774665117 0
Oct 04 14:44:13 np0005470878.novalocal object-server[93717]: ::1 - - [04/Oct/2025:18:44:13 +0000] "GET /3/252337/AUTH_3c12f327ec924e3c89731d403fb9bd42/gnocchi.ce0a6021-fac1-411e-a8cc-97acccf3e6a4/1759320000.0_mean_300.0_v3" 404 70 "GET https://[::1]:8080/v1/AUTH_3c12f327ec924e3c89731d403fb9bd42/gnocchi.ce0a6021-fac1-411e-a8cc-97acccf3e6a4/1759320000.0_mean_300.0_v3" "tx304d0cb394c0418da06d1-0068e16afd" "proxy-server 94716" 0.0004 "-" 93717 0
Oct 04 14:44:13 np0005470878.novalocal proxy-server[94716]: ::1 ::1 04/Oct/2025/18/44/13 GET /v1/AUTH_3c12f327ec924e3c89731d403fb9bd42/gnocchi.ce0a6021-fac1-411e-a8cc-97acccf3e6a4/1759320000.0_mean_300.0_v3 HTTP/1.0 404 - python-swiftclient-4.7.0 gAAAAABo4WrHdnea... - 70 - tx304d0cb394c0418da06d1-0068e16afd - 0.0150 - - 1759603453.764406443 1759603453.779377699 0
Oct 04 14:44:13 np0005470878.novalocal container-server[93383]: ::1 - - [04/Oct/2025:18:44:13 +0000] "GET /2/109168/AUTH_3c12f327ec924e3c89731d403fb9bd42/gnocchi.61ec4395-d66f-4bff-aaf9-d7dffcc0c525" 200 2 "GET https://[::1]:8080/v1/AUTH_3c12f327ec924e3c89731d403fb9bd42/gnocchi.61ec4395-d66f-4bff-aaf9-d7dffcc0c525?format=json&states=listing" "txbeb735fb19e446f9be040-0068e16afd" "proxy-server 94717" 0.0040 "-" 93383 0
Oct 04 14:44:13 np0005470878.novalocal proxy-server[94717]: ::1 ::1 04/Oct/2025/18/44/13 GET /v1/AUTH_3c12f327ec924e3c89731d403fb9bd42/gnocchi.61ec4395-d66f-4bff-aaf9-d7dffcc0c525%3Fformat%3Djson%26states%3Dlisting HTTP/1.0 200 - python-swiftclient-4.7.0 gAAAAABo4Wq9xl3N... - 2 - txbeb735fb19e446f9be040-0068e16afd - 0.0137 - - 1759603453.770002842 1759603453.783727407 0
Oct 04 14:44:13 np0005470878.novalocal object-server[93716]: ::1 - - [04/Oct/2025:18:44:13 +0000] "GET /1/110335/AUTH_3c12f327ec924e3c89731d403fb9bd42/gnocchi.61ec4395-d66f-4bff-aaf9-d7dffcc0c525/1759320000.0_mean_300.0_v3" 404 70 "GET https://[::1]:8080/v1/AUTH_3c12f327ec924e3c89731d403fb9bd42/gnocchi.61ec4395-d66f-4bff-aaf9-d7dffcc0c525/1759320000.0_mean_300.0_v3" "txf07c0e8e300a469bbd433-0068e16afd" "proxy-server 94717" 0.0003 "-" 93716 0
Oct 04 14:44:13 np0005470878.novalocal object-server[93716]: ::1 - - [04/Oct/2025:18:44:13 +0000] "GET /2/110335/AUTH_3c12f327ec924e3c89731d403fb9bd42/gnocchi.61ec4395-d66f-4bff-aaf9-d7dffcc0c525/1759320000.0_mean_300.0_v3" 404 70 "GET https://[::1]:8080/v1/AUTH_3c12f327ec924e3c89731d403fb9bd42/gnocchi.61ec4395-d66f-4bff-aaf9-d7dffcc0c525/1759320000.0_mean_300.0_v3" "txf07c0e8e300a469bbd433-0068e16afd" "proxy-server 94717" 0.0002 "-" 93716 0
Oct 04 14:44:13 np0005470878.novalocal object-server[93716]: ::1 - - [04/Oct/2025:18:44:13 +0000] "GET /3/110335/AUTH_3c12f327ec924e3c89731d403fb9bd42/gnocchi.61ec4395-d66f-4bff-aaf9-d7dffcc0c525/1759320000.0_mean_300.0_v3" 404 70 "GET https://[::1]:8080/v1/AUTH_3c12f327ec924e3c89731d403fb9bd42/gnocchi.61ec4395-d66f-4bff-aaf9-d7dffcc0c525/1759320000.0_mean_300.0_v3" "txf07c0e8e300a469bbd433-0068e16afd" "proxy-server 94717" 0.0002 "-" 93716 0
Oct 04 14:44:13 np0005470878.novalocal proxy-server[94717]: ::1 ::1 04/Oct/2025/18/44/13 GET /v1/AUTH_3c12f327ec924e3c89731d403fb9bd42/gnocchi.61ec4395-d66f-4bff-aaf9-d7dffcc0c525/1759320000.0_mean_300.0_v3 HTTP/1.0 404 - python-swiftclient-4.7.0 gAAAAABo4Wq9xl3N... - 70 - txf07c0e8e300a469bbd433-0068e16afd - 0.0083 - - 1759603453.786355257 1759603453.794616222 0
Oct 04 14:44:13 np0005470878.novalocal container-server[93383]: ::1 - - [04/Oct/2025:18:44:13 +0000] "PUT /3/44981/AUTH_3c12f327ec924e3c89731d403fb9bd42/gnocchi.ce0a6021-fac1-411e-a8cc-97acccf3e6a4/1759320000.0_mean_300.0_v3" 201 - "PUT http://[::1]:8080/2/252337/AUTH_3c12f327ec924e3c89731d403fb9bd42/gnocchi.ce0a6021-fac1-411e-a8cc-97acccf3e6a4/1759320000.0_mean_300.0_v3" "tx3ddab7892e4d484db950a-0068e16afd" "object-server 93717" 0.0007 "-" 93383 0
Oct 04 14:44:13 np0005470878.novalocal container-server[93383]: ::1 - - [04/Oct/2025:18:44:13 +0000] "PUT /1/44981/AUTH_3c12f327ec924e3c89731d403fb9bd42/gnocchi.ce0a6021-fac1-411e-a8cc-97acccf3e6a4/1759320000.0_mean_300.0_v3" 201 - "PUT http://[::1]:8080/3/252337/AUTH_3c12f327ec924e3c89731d403fb9bd42/gnocchi.ce0a6021-fac1-411e-a8cc-97acccf3e6a4/1759320000.0_mean_300.0_v3" "tx3ddab7892e4d484db950a-0068e16afd" "object-server 93716" 0.0004 "-" 93383 0
Oct 04 14:44:13 np0005470878.novalocal object-server[93717]: ::1 - - [04/Oct/2025:18:44:13 +0000] "PUT /2/252337/AUTH_3c12f327ec924e3c89731d403fb9bd42/gnocchi.ce0a6021-fac1-411e-a8cc-97acccf3e6a4/1759320000.0_mean_300.0_v3" 201 - "PUT https://[::1]:8080/v1/AUTH_3c12f327ec924e3c89731d403fb9bd42/gnocchi.ce0a6021-fac1-411e-a8cc-97acccf3e6a4/1759320000.0_mean_300.0_v3" "tx3ddab7892e4d484db950a-0068e16afd" "proxy-server 94716" 0.0128 "-" 93717 0
Oct 04 14:44:13 np0005470878.novalocal object-server[93716]: ::1 - - [04/Oct/2025:18:44:13 +0000] "PUT /3/252337/AUTH_3c12f327ec924e3c89731d403fb9bd42/gnocchi.ce0a6021-fac1-411e-a8cc-97acccf3e6a4/1759320000.0_mean_300.0_v3" 201 - "PUT https://[::1]:8080/v1/AUTH_3c12f327ec924e3c89731d403fb9bd42/gnocchi.ce0a6021-fac1-411e-a8cc-97acccf3e6a4/1759320000.0_mean_300.0_v3" "tx3ddab7892e4d484db950a-0068e16afd" "proxy-server 94716" 0.0181 "-" 93716 0
Oct 04 14:44:13 np0005470878.novalocal container-server[93384]: ::1 - - [04/Oct/2025:18:44:13 +0000] "PUT /3/109168/AUTH_3c12f327ec924e3c89731d403fb9bd42/gnocchi.61ec4395-d66f-4bff-aaf9-d7dffcc0c525/1759320000.0_mean_300.0_v3" 201 - "PUT http://[::1]:8080/2/110335/AUTH_3c12f327ec924e3c89731d403fb9bd42/gnocchi.61ec4395-d66f-4bff-aaf9-d7dffcc0c525/1759320000.0_mean_300.0_v3" "txfea5041e5b664b629939d-0068e16afd" "object-server 93717" 0.0041 "-" 93384 0
Oct 04 14:44:13 np0005470878.novalocal object-server[93717]: ::1 - - [04/Oct/2025:18:44:13 +0000] "PUT /2/110335/AUTH_3c12f327ec924e3c89731d403fb9bd42/gnocchi.61ec4395-d66f-4bff-aaf9-d7dffcc0c525/1759320000.0_mean_300.0_v3" 201 - "PUT https://[::1]:8080/v1/AUTH_3c12f327ec924e3c89731d403fb9bd42/gnocchi.61ec4395-d66f-4bff-aaf9-d7dffcc0c525/1759320000.0_mean_300.0_v3" "txfea5041e5b664b629939d-0068e16afd" "proxy-server 94717" 0.0238 "-" 93717 0
Oct 04 14:44:13 np0005470878.novalocal container-server[93383]: ::1 - - [04/Oct/2025:18:44:13 +0000] "PUT /2/109168/AUTH_3c12f327ec924e3c89731d403fb9bd42/gnocchi.61ec4395-d66f-4bff-aaf9-d7dffcc0c525/1759320000.0_mean_300.0_v3" 201 - "PUT http://[::1]:8080/1/110335/AUTH_3c12f327ec924e3c89731d403fb9bd42/gnocchi.61ec4395-d66f-4bff-aaf9-d7dffcc0c525/1759320000.0_mean_300.0_v3" "txfea5041e5b664b629939d-0068e16afd" "object-server 93716" 0.0004 "-" 93383 0
Oct 04 14:44:13 np0005470878.novalocal object-server[93716]: ::1 - - [04/Oct/2025:18:44:13 +0000] "PUT /1/110335/AUTH_3c12f327ec924e3c89731d403fb9bd42/gnocchi.61ec4395-d66f-4bff-aaf9-d7dffcc0c525/1759320000.0_mean_300.0_v3" 201 - "PUT https://[::1]:8080/v1/AUTH_3c12f327ec924e3c89731d403fb9bd42/gnocchi.61ec4395-d66f-4bff-aaf9-d7dffcc0c525/1759320000.0_mean_300.0_v3" "txfea5041e5b664b629939d-0068e16afd" "proxy-server 94717" 0.0244 "-" 93716 0
Oct 04 14:44:13 np0005470878.novalocal container-server[93384]: ::1 - - [04/Oct/2025:18:44:13 +0000] "PUT /2/44981/AUTH_3c12f327ec924e3c89731d403fb9bd42/gnocchi.ce0a6021-fac1-411e-a8cc-97acccf3e6a4/1759320000.0_mean_300.0_v3" 201 - "PUT http://[::1]:8080/1/252337/AUTH_3c12f327ec924e3c89731d403fb9bd42/gnocchi.ce0a6021-fac1-411e-a8cc-97acccf3e6a4/1759320000.0_mean_300.0_v3" "tx3ddab7892e4d484db950a-0068e16afd" "object-server 93716" 0.0006 "-" 93384 0
Oct 04 14:44:13 np0005470878.novalocal object-server[93716]: ::1 - - [04/Oct/2025:18:44:13 +0000] "PUT /1/252337/AUTH_3c12f327ec924e3c89731d403fb9bd42/gnocchi.ce0a6021-fac1-411e-a8cc-97acccf3e6a4/1759320000.0_mean_300.0_v3" 201 - "PUT https://[::1]:8080/v1/AUTH_3c12f327ec924e3c89731d403fb9bd42/gnocchi.ce0a6021-fac1-411e-a8cc-97acccf3e6a4/1759320000.0_mean_300.0_v3" "tx3ddab7892e4d484db950a-0068e16afd" "proxy-server 94716" 0.0346 "-" 93716 0
Oct 04 14:44:13 np0005470878.novalocal proxy-server[94716]: ::1 ::1 04/Oct/2025/18/44/13 PUT /v1/AUTH_3c12f327ec924e3c89731d403fb9bd42/gnocchi.ce0a6021-fac1-411e-a8cc-97acccf3e6a4/1759320000.0_mean_300.0_v3 HTTP/1.0 201 - python-swiftclient-4.7.0 gAAAAABo4WrHdnea... 16 - - tx3ddab7892e4d484db950a-0068e16afd - 0.0512 - - 1759603453.781951189 1759603453.833130598 0
Oct 04 14:44:13 np0005470878.novalocal container-server[93384]: ::1 - - [04/Oct/2025:18:44:13 +0000] "PUT /1/109168/AUTH_3c12f327ec924e3c89731d403fb9bd42/gnocchi.61ec4395-d66f-4bff-aaf9-d7dffcc0c525/1759320000.0_mean_300.0_v3" 201 - "PUT http://[::1]:8080/3/110335/AUTH_3c12f327ec924e3c89731d403fb9bd42/gnocchi.61ec4395-d66f-4bff-aaf9-d7dffcc0c525/1759320000.0_mean_300.0_v3" "txfea5041e5b664b629939d-0068e16afd" "object-server 93716" 0.0006 "-" 93384 0
Oct 04 14:44:13 np0005470878.novalocal object-server[93716]: ::1 - - [04/Oct/2025:18:44:13 +0000] "PUT /3/110335/AUTH_3c12f327ec924e3c89731d403fb9bd42/gnocchi.61ec4395-d66f-4bff-aaf9-d7dffcc0c525/1759320000.0_mean_300.0_v3" 201 - "PUT https://[::1]:8080/v1/AUTH_3c12f327ec924e3c89731d403fb9bd42/gnocchi.61ec4395-d66f-4bff-aaf9-d7dffcc0c525/1759320000.0_mean_300.0_v3" "txfea5041e5b664b629939d-0068e16afd" "proxy-server 94717" 0.0348 "-" 93716 0
Oct 04 14:44:13 np0005470878.novalocal proxy-server[94717]: ::1 ::1 04/Oct/2025/18/44/13 PUT /v1/AUTH_3c12f327ec924e3c89731d403fb9bd42/gnocchi.61ec4395-d66f-4bff-aaf9-d7dffcc0c525/1759320000.0_mean_300.0_v3 HTTP/1.0 201 - python-swiftclient-4.7.0 gAAAAABo4Wq9xl3N... 16 - - txfea5041e5b664b629939d-0068e16afd - 0.0401 - - 1759603453.796697378 1759603453.836749792 0
Oct 04 14:44:13 np0005470878.novalocal container-server[93383]: ::1 - - [04/Oct/2025:18:44:13 +0000] "PUT /2/44981/AUTH_3c12f327ec924e3c89731d403fb9bd42/gnocchi.ce0a6021-fac1-411e-a8cc-97acccf3e6a4/none_v3" 201 - "PUT http://[::1]:8080/2/66415/AUTH_3c12f327ec924e3c89731d403fb9bd42/gnocchi.ce0a6021-fac1-411e-a8cc-97acccf3e6a4/none_v3" "tx4c524107667e4c45846a6-0068e16afd" "object-server 93716" 0.0005 "-" 93383 0
Oct 04 14:44:13 np0005470878.novalocal object-server[93716]: ::1 - - [04/Oct/2025:18:44:13 +0000] "PUT /2/66415/AUTH_3c12f327ec924e3c89731d403fb9bd42/gnocchi.ce0a6021-fac1-411e-a8cc-97acccf3e6a4/none_v3" 201 - "PUT https://[::1]:8080/v1/AUTH_3c12f327ec924e3c89731d403fb9bd42/gnocchi.ce0a6021-fac1-411e-a8cc-97acccf3e6a4/none_v3" "tx4c524107667e4c45846a6-0068e16afd" "proxy-server 94716" 0.0212 "-" 93716 0
Oct 04 14:44:13 np0005470878.novalocal container-server[93384]: ::1 - - [04/Oct/2025:18:44:13 +0000] "PUT /1/44981/AUTH_3c12f327ec924e3c89731d403fb9bd42/gnocchi.ce0a6021-fac1-411e-a8cc-97acccf3e6a4/none_v3" 201 - "PUT http://[::1]:8080/3/66415/AUTH_3c12f327ec924e3c89731d403fb9bd42/gnocchi.ce0a6021-fac1-411e-a8cc-97acccf3e6a4/none_v3" "tx4c524107667e4c45846a6-0068e16afd" "object-server 93716" 0.0006 "-" 93384 0
Oct 04 14:44:13 np0005470878.novalocal object-server[93716]: ::1 - - [04/Oct/2025:18:44:13 +0000] "PUT /3/66415/AUTH_3c12f327ec924e3c89731d403fb9bd42/gnocchi.ce0a6021-fac1-411e-a8cc-97acccf3e6a4/none_v3" 201 - "PUT https://[::1]:8080/v1/AUTH_3c12f327ec924e3c89731d403fb9bd42/gnocchi.ce0a6021-fac1-411e-a8cc-97acccf3e6a4/none_v3" "tx4c524107667e4c45846a6-0068e16afd" "proxy-server 94716" 0.0249 "-" 93716 0
Oct 04 14:44:13 np0005470878.novalocal container-server[93384]: ::1 - - [04/Oct/2025:18:44:13 +0000] "PUT /3/44981/AUTH_3c12f327ec924e3c89731d403fb9bd42/gnocchi.ce0a6021-fac1-411e-a8cc-97acccf3e6a4/none_v3" 201 - "PUT http://[::1]:8080/1/66415/AUTH_3c12f327ec924e3c89731d403fb9bd42/gnocchi.ce0a6021-fac1-411e-a8cc-97acccf3e6a4/none_v3" "tx4c524107667e4c45846a6-0068e16afd" "object-server 93716" 0.0006 "-" 93384 0
Oct 04 14:44:13 np0005470878.novalocal object-server[93716]: ::1 - - [04/Oct/2025:18:44:13 +0000] "PUT /1/66415/AUTH_3c12f327ec924e3c89731d403fb9bd42/gnocchi.ce0a6021-fac1-411e-a8cc-97acccf3e6a4/none_v3" 201 - "PUT https://[::1]:8080/v1/AUTH_3c12f327ec924e3c89731d403fb9bd42/gnocchi.ce0a6021-fac1-411e-a8cc-97acccf3e6a4/none_v3" "tx4c524107667e4c45846a6-0068e16afd" "proxy-server 94716" 0.0287 "-" 93716 0
Oct 04 14:44:13 np0005470878.novalocal container-server[93384]: ::1 - - [04/Oct/2025:18:44:13 +0000] "PUT /2/109168/AUTH_3c12f327ec924e3c89731d403fb9bd42/gnocchi.61ec4395-d66f-4bff-aaf9-d7dffcc0c525/none_v3" 201 - "PUT http://[::1]:8080/3/253342/AUTH_3c12f327ec924e3c89731d403fb9bd42/gnocchi.61ec4395-d66f-4bff-aaf9-d7dffcc0c525/none_v3" "txff57e80fb9d54352a8d74-0068e16afd" "object-server 93716" 0.0005 "-" 93384 0
Oct 04 14:44:13 np0005470878.novalocal proxy-server[94716]: ::1 ::1 04/Oct/2025/18/44/13 PUT /v1/AUTH_3c12f327ec924e3c89731d403fb9bd42/gnocchi.ce0a6021-fac1-411e-a8cc-97acccf3e6a4/none_v3 HTTP/1.0 201 - python-swiftclient-4.7.0 gAAAAABo4WrHdnea... 22 - - tx4c524107667e4c45846a6-0068e16afd - 0.0366 - - 1759603453.835819960 1759603453.872434616 0
Oct 04 14:44:13 np0005470878.novalocal container-server[93384]: ::1 - - [04/Oct/2025:18:44:13 +0000] "PUT /3/109168/AUTH_3c12f327ec924e3c89731d403fb9bd42/gnocchi.61ec4395-d66f-4bff-aaf9-d7dffcc0c525/none_v3" 201 - "PUT http://[::1]:8080/2/253342/AUTH_3c12f327ec924e3c89731d403fb9bd42/gnocchi.61ec4395-d66f-4bff-aaf9-d7dffcc0c525/none_v3" "txff57e80fb9d54352a8d74-0068e16afd" "object-server 93716" 0.0003 "-" 93384 0
Oct 04 14:44:13 np0005470878.novalocal container-server[93384]: ::1 - - [04/Oct/2025:18:44:13 +0000] "PUT /1/109168/AUTH_3c12f327ec924e3c89731d403fb9bd42/gnocchi.61ec4395-d66f-4bff-aaf9-d7dffcc0c525/none_v3" 201 - "PUT http://[::1]:8080/1/253342/AUTH_3c12f327ec924e3c89731d403fb9bd42/gnocchi.61ec4395-d66f-4bff-aaf9-d7dffcc0c525/none_v3" "txff57e80fb9d54352a8d74-0068e16afd" "object-server 93716" 0.0003 "-" 93384 0
Oct 04 14:44:13 np0005470878.novalocal object-server[93716]: ::1 - - [04/Oct/2025:18:44:13 +0000] "PUT /3/253342/AUTH_3c12f327ec924e3c89731d403fb9bd42/gnocchi.61ec4395-d66f-4bff-aaf9-d7dffcc0c525/none_v3" 201 - "PUT https://[::1]:8080/v1/AUTH_3c12f327ec924e3c89731d403fb9bd42/gnocchi.61ec4395-d66f-4bff-aaf9-d7dffcc0c525/none_v3" "txff57e80fb9d54352a8d74-0068e16afd" "proxy-server 94717" 0.0245 "-" 93716 0
Oct 04 14:44:13 np0005470878.novalocal object-server[93716]: ::1 - - [04/Oct/2025:18:44:13 +0000] "PUT /2/253342/AUTH_3c12f327ec924e3c89731d403fb9bd42/gnocchi.61ec4395-d66f-4bff-aaf9-d7dffcc0c525/none_v3" 201 - "PUT https://[::1]:8080/v1/AUTH_3c12f327ec924e3c89731d403fb9bd42/gnocchi.61ec4395-d66f-4bff-aaf9-d7dffcc0c525/none_v3" "txff57e80fb9d54352a8d74-0068e16afd" "proxy-server 94717" 0.0335 "-" 93716 0
Oct 04 14:44:13 np0005470878.novalocal object-server[93716]: ::1 - - [04/Oct/2025:18:44:13 +0000] "PUT /1/253342/AUTH_3c12f327ec924e3c89731d403fb9bd42/gnocchi.61ec4395-d66f-4bff-aaf9-d7dffcc0c525/none_v3" 201 - "PUT https://[::1]:8080/v1/AUTH_3c12f327ec924e3c89731d403fb9bd42/gnocchi.61ec4395-d66f-4bff-aaf9-d7dffcc0c525/none_v3" "txff57e80fb9d54352a8d74-0068e16afd" "proxy-server 94717" 0.0338 "-" 93716 0
Oct 04 14:44:13 np0005470878.novalocal proxy-server[94717]: ::1 ::1 04/Oct/2025/18/44/13 PUT /v1/AUTH_3c12f327ec924e3c89731d403fb9bd42/gnocchi.61ec4395-d66f-4bff-aaf9-d7dffcc0c525/none_v3 HTTP/1.0 201 - python-swiftclient-4.7.0 gAAAAABo4Wq9xl3N... 22 - - txff57e80fb9d54352a8d74-0068e16afd - 0.0430 - - 1759603453.839047670 1759603453.882068396 0
Oct 04 14:44:13 np0005470878.novalocal object-server[93716]: ::1 - - [04/Oct/2025:18:44:13 +0000] "GET /2/136267/AUTH_3c12f327ec924e3c89731d403fb9bd42/gnocchi.2943351d-c78e-4f54-97dd-41437f834e27/none_v3" 200 22 "GET https://[::1]:8080/v1/AUTH_3c12f327ec924e3c89731d403fb9bd42/gnocchi.2943351d-c78e-4f54-97dd-41437f834e27/none_v3" "tx3ef94d6cbb334c33bd8b8-0068e16afd" "proxy-server 94716" 0.0008 "-" 93716 0
Oct 04 14:44:13 np0005470878.novalocal proxy-server[94716]: ::1 ::1 04/Oct/2025/18/44/13 GET /v1/AUTH_3c12f327ec924e3c89731d403fb9bd42/gnocchi.2943351d-c78e-4f54-97dd-41437f834e27/none_v3 HTTP/1.0 200 - python-swiftclient-4.7.0 gAAAAABo4WrHdnea... - 22 - tx3ef94d6cbb334c33bd8b8-0068e16afd - 0.0145 - - 1759603453.888841152 1759603453.903383017 0
Oct 04 14:44:13 np0005470878.novalocal container-server[93383]: ::1 - - [04/Oct/2025:18:44:13 +0000] "HEAD /1/209299/AUTH_3c12f327ec924e3c89731d403fb9bd42/gnocchi.f0796da9-0f55-41b2-b467-b0672ea6722f" 404 - "HEAD http://[::1]:8080/v1/AUTH_3c12f327ec924e3c89731d403fb9bd42/gnocchi.f0796da9-0f55-41b2-b467-b0672ea6722f" "tx824f0cb7c34a421781033-0068e16afd" "proxy-server 94717" 0.0002 "-" 93383 0
Oct 04 14:44:13 np0005470878.novalocal container-server[93383]: ::1 - - [04/Oct/2025:18:44:13 +0000] "HEAD /3/209299/AUTH_3c12f327ec924e3c89731d403fb9bd42/gnocchi.f0796da9-0f55-41b2-b467-b0672ea6722f" 404 - "HEAD http://[::1]:8080/v1/AUTH_3c12f327ec924e3c89731d403fb9bd42/gnocchi.f0796da9-0f55-41b2-b467-b0672ea6722f" "tx824f0cb7c34a421781033-0068e16afd" "proxy-server 94717" 0.0002 "-" 93383 0
Oct 04 14:44:13 np0005470878.novalocal container-server[93383]: ::1 - - [04/Oct/2025:18:44:13 +0000] "HEAD /2/209299/AUTH_3c12f327ec924e3c89731d403fb9bd42/gnocchi.f0796da9-0f55-41b2-b467-b0672ea6722f" 404 - "HEAD http://[::1]:8080/v1/AUTH_3c12f327ec924e3c89731d403fb9bd42/gnocchi.f0796da9-0f55-41b2-b467-b0672ea6722f" "tx824f0cb7c34a421781033-0068e16afd" "proxy-server 94717" 0.0002 "-" 93383 0
Oct 04 14:44:13 np0005470878.novalocal proxy-server[94717]: - - 04/Oct/2025/18/44/13 HEAD /v1/AUTH_3c12f327ec924e3c89731d403fb9bd42/gnocchi.f0796da9-0f55-41b2-b467-b0672ea6722f HTTP/1.0 404 - Swift - - - - tx824f0cb7c34a421781033-0068e16afd - 0.0120 CS - 1759603453.904583931 1759603453.916597366 0
Oct 04 14:44:13 np0005470878.novalocal container-server[93383]: ::1 - - [04/Oct/2025:18:44:13 +0000] "GET /1/236101/AUTH_3c12f327ec924e3c89731d403fb9bd42/gnocchi.2943351d-c78e-4f54-97dd-41437f834e27" 200 357 "GET https://[::1]:8080/v1/AUTH_3c12f327ec924e3c89731d403fb9bd42/gnocchi.2943351d-c78e-4f54-97dd-41437f834e27?format=json&states=listing" "txd0cd9ccf5748489eabe61-0068e16afd" "proxy-server 94716" 0.0112 "-" 93383 0
Oct 04 14:44:13 np0005470878.novalocal object-server[93716]: ::1 - - [04/Oct/2025:18:44:13 +0000] "GET /1/53680/AUTH_3c12f327ec924e3c89731d403fb9bd42/gnocchi.f0796da9-0f55-41b2-b467-b0672ea6722f/none_v3" 404 70 "GET https://[::1]:8080/v1/AUTH_3c12f327ec924e3c89731d403fb9bd42/gnocchi.f0796da9-0f55-41b2-b467-b0672ea6722f/none_v3" "tx824f0cb7c34a421781033-0068e16afd" "proxy-server 94717" 0.0006 "-" 93716 0
Oct 04 14:44:13 np0005470878.novalocal object-server[93716]: ::1 - - [04/Oct/2025:18:44:13 +0000] "GET /3/53680/AUTH_3c12f327ec924e3c89731d403fb9bd42/gnocchi.f0796da9-0f55-41b2-b467-b0672ea6722f/none_v3" 404 70 "GET https://[::1]:8080/v1/AUTH_3c12f327ec924e3c89731d403fb9bd42/gnocchi.f0796da9-0f55-41b2-b467-b0672ea6722f/none_v3" "tx824f0cb7c34a421781033-0068e16afd" "proxy-server 94717" 0.0002 "-" 93716 0
Oct 04 14:44:13 np0005470878.novalocal proxy-server[94716]: ::1 ::1 04/Oct/2025/18/44/13 GET /v1/AUTH_3c12f327ec924e3c89731d403fb9bd42/gnocchi.2943351d-c78e-4f54-97dd-41437f834e27%3Fformat%3Djson%26states%3Dlisting HTTP/1.0 200 - python-swiftclient-4.7.0 gAAAAABo4WrHdnea... - 357 - txd0cd9ccf5748489eabe61-0068e16afd - 0.0191 - - 1759603453.906382799 1759603453.925435066 0
Oct 04 14:44:13 np0005470878.novalocal object-server[93717]: ::1 - - [04/Oct/2025:18:44:13 +0000] "GET /2/53680/AUTH_3c12f327ec924e3c89731d403fb9bd42/gnocchi.f0796da9-0f55-41b2-b467-b0672ea6722f/none_v3" 404 70 "GET https://[::1]:8080/v1/AUTH_3c12f327ec924e3c89731d403fb9bd42/gnocchi.f0796da9-0f55-41b2-b467-b0672ea6722f/none_v3" "tx824f0cb7c34a421781033-0068e16afd" "proxy-server 94717" 0.0004 "-" 93717 0
Oct 04 14:44:13 np0005470878.novalocal proxy-server[94717]: ::1 ::1 04/Oct/2025/18/44/13 GET /v1/AUTH_3c12f327ec924e3c89731d403fb9bd42/gnocchi.f0796da9-0f55-41b2-b467-b0672ea6722f/none_v3 HTTP/1.0 404 - python-swiftclient-4.7.0 gAAAAABo4Wq9xl3N... - 70 - tx824f0cb7c34a421781033-0068e16afd - 0.0260 - - 1759603453.902725458 1759603453.928755283 0
Oct 04 14:44:13 np0005470878.novalocal account-server[93088]: ::1 - - [04/Oct/2025:18:44:13 +0000] "PUT /1/140569/AUTH_3c12f327ec924e3c89731d403fb9bd42/gnocchi.f0796da9-0f55-41b2-b467-b0672ea6722f" 201 - "PUT http://[::1]:6001/1/209299/AUTH_3c12f327ec924e3c89731d403fb9bd42/gnocchi.f0796da9-0f55-41b2-b467-b0672ea6722f" "tx96c4abfea65440f291a1d-0068e16afd" "container-server 93383" 0.0116 "-" 93088 0
Oct 04 14:44:13 np0005470878.novalocal container-server[93383]: ::1 - - [04/Oct/2025:18:44:13 +0000] "GET /1/236101/AUTH_3c12f327ec924e3c89731d403fb9bd42/gnocchi.2943351d-c78e-4f54-97dd-41437f834e27" 200 2 "GET https://[::1]:8080/v1/AUTH_3c12f327ec924e3c89731d403fb9bd42/gnocchi.2943351d-c78e-4f54-97dd-41437f834e27?format=json&marker=none_v3&states=listing" "tx4dd1edca78654790abc1e-0068e16afd" "proxy-server 94716" 0.0030 "-" 93383 0
Oct 04 14:44:13 np0005470878.novalocal container-server[93383]: ::1 - - [04/Oct/2025:18:44:13 +0000] "PUT /1/209299/AUTH_3c12f327ec924e3c89731d403fb9bd42/gnocchi.f0796da9-0f55-41b2-b467-b0672ea6722f" 201 - "PUT https://[::1]:8080/v1/AUTH_3c12f327ec924e3c89731d403fb9bd42/gnocchi.f0796da9-0f55-41b2-b467-b0672ea6722f" "tx96c4abfea65440f291a1d-0068e16afd" "proxy-server 94717" 0.0280 "-" 93383 0
Oct 04 14:44:13 np0005470878.novalocal proxy-server[94716]: ::1 ::1 04/Oct/2025/18/44/13 GET /v1/AUTH_3c12f327ec924e3c89731d403fb9bd42/gnocchi.2943351d-c78e-4f54-97dd-41437f834e27%3Fformat%3Djson%26marker%3Dnone_v3%26states%3Dlisting HTTP/1.0 200 - python-swiftclient-4.7.0 gAAAAABo4WrHdnea... - 2 - tx4dd1edca78654790abc1e-0068e16afd - 0.0428 - - 1759603453.928256035 1759603453.971025229 0
Oct 04 14:44:13 np0005470878.novalocal account-server[93089]: ::1 - - [04/Oct/2025:18:44:13 +0000] "PUT /3/140569/AUTH_3c12f327ec924e3c89731d403fb9bd42/gnocchi.f0796da9-0f55-41b2-b467-b0672ea6722f" 201 - "PUT http://[::1]:6001/2/209299/AUTH_3c12f327ec924e3c89731d403fb9bd42/gnocchi.f0796da9-0f55-41b2-b467-b0672ea6722f" "tx96c4abfea65440f291a1d-0068e16afd" "container-server 93383" 0.0070 "-" 93089 0
Oct 04 14:44:13 np0005470878.novalocal container-server[93383]: ::1 - - [04/Oct/2025:18:44:13 +0000] "PUT /2/209299/AUTH_3c12f327ec924e3c89731d403fb9bd42/gnocchi.f0796da9-0f55-41b2-b467-b0672ea6722f" 201 - "PUT https://[::1]:8080/v1/AUTH_3c12f327ec924e3c89731d403fb9bd42/gnocchi.f0796da9-0f55-41b2-b467-b0672ea6722f" "tx96c4abfea65440f291a1d-0068e16afd" "proxy-server 94717" 0.0304 "-" 93383 0
