Oct 04 14:44:13 np0005470878.novalocal account-server[93088]: ::1 - - [04/Oct/2025:18:44:13 +0000] "PUT /2/140569/AUTH_3c12f327ec924e3c89731d403fb9bd42/gnocchi.f0796da9-0f55-41b2-b467-b0672ea6722f" 201 - "PUT http://[::1]:6001/3/209299/AUTH_3c12f327ec924e3c89731d403fb9bd42/gnocchi.f0796da9-0f55-41b2-b467-b0672ea6722f" "tx96c4abfea65440f291a1d-0068e16afd" "container-server 93383" 0.0121 "-" 93088 0
Oct 04 14:44:13 np0005470878.novalocal container-server[93383]: ::1 - - [04/Oct/2025:18:44:13 +0000] "PUT /3/209299/AUTH_3c12f327ec924e3c89731d403fb9bd42/gnocchi.f0796da9-0f55-41b2-b467-b0672ea6722f" 201 - "PUT https://[::1]:8080/v1/AUTH_3c12f327ec924e3c89731d403fb9bd42/gnocchi.f0796da9-0f55-41b2-b467-b0672ea6722f" "tx96c4abfea65440f291a1d-0068e16afd" "proxy-server 94717" 0.0264 "-" 93383 0
Oct 04 14:44:13 np0005470878.novalocal proxy-server[94717]: ::1 ::1 04/Oct/2025/18/44/13 PUT /v1/AUTH_3c12f327ec924e3c89731d403fb9bd42/gnocchi.f0796da9-0f55-41b2-b467-b0672ea6722f HTTP/1.0 201 - python-swiftclient-4.7.0 gAAAAABo4Wq9xl3N... - - - tx96c4abfea65440f291a1d-0068e16afd - 0.0501 - - 1759603453.930751801 1759603453.980852127 0
Oct 04 14:44:13 np0005470878.novalocal object-server[93717]: ::1 - - [04/Oct/2025:18:44:13 +0000] "GET /2/174442/AUTH_3c12f327ec924e3c89731d403fb9bd42/gnocchi.2943351d-c78e-4f54-97dd-41437f834e27/1759320000.0_mean_300.0_v3" 200 16 "GET https://[::1]:8080/v1/AUTH_3c12f327ec924e3c89731d403fb9bd42/gnocchi.2943351d-c78e-4f54-97dd-41437f834e27/1759320000.0_mean_300.0_v3" "tx1c6f378c967140bb945ed-0068e16afd" "proxy-server 94716" 0.0010 "-" 93717 0
Oct 04 14:44:13 np0005470878.novalocal proxy-server[94716]: ::1 ::1 04/Oct/2025/18/44/13 GET /v1/AUTH_3c12f327ec924e3c89731d403fb9bd42/gnocchi.2943351d-c78e-4f54-97dd-41437f834e27/1759320000.0_mean_300.0_v3 HTTP/1.0 200 - python-swiftclient-4.7.0 gAAAAABo4WrHdnea... - 16 - tx1c6f378c967140bb945ed-0068e16afd - 0.0075 - - 1759603453.975841999 1759603453.983364820 0
Oct 04 14:44:13 np0005470878.novalocal container-server[93383]: ::1 - - [04/Oct/2025:18:44:13 +0000] "HEAD /1/209299/AUTH_3c12f327ec924e3c89731d403fb9bd42/gnocchi.f0796da9-0f55-41b2-b467-b0672ea6722f" 204 - "HEAD http://[::1]:8080/v1/AUTH_3c12f327ec924e3c89731d403fb9bd42/gnocchi.f0796da9-0f55-41b2-b467-b0672ea6722f" "tx4cf5862f63a64839bc210-0068e16afd" "proxy-server 94717" 0.0013 "-" 93383 0
Oct 04 14:44:13 np0005470878.novalocal proxy-server[94717]: - - 04/Oct/2025/18/44/13 HEAD /v1/AUTH_3c12f327ec924e3c89731d403fb9bd42/gnocchi.f0796da9-0f55-41b2-b467-b0672ea6722f HTTP/1.0 204 - Swift - - - - tx4cf5862f63a64839bc210-0068e16afd - 0.0050 CS - 1759603453.984852552 1759603453.989845037 0
Oct 04 14:44:14 np0005470878.novalocal container-server[93384]: ::1 - - [04/Oct/2025:18:44:14 +0000] "PUT /2/236101/AUTH_3c12f327ec924e3c89731d403fb9bd42/gnocchi.2943351d-c78e-4f54-97dd-41437f834e27/1759320000.0_mean_300.0_v3" 201 - "PUT http://[::1]:8080/3/174442/AUTH_3c12f327ec924e3c89731d403fb9bd42/gnocchi.2943351d-c78e-4f54-97dd-41437f834e27/1759320000.0_mean_300.0_v3" "txef74d6a1f96748bc8a846-0068e16afd" "object-server 93716" 0.0010 "-" 93384 0
Oct 04 14:44:14 np0005470878.novalocal container-server[93383]: ::1 - - [04/Oct/2025:18:44:14 +0000] "GET /3/209299/AUTH_3c12f327ec924e3c89731d403fb9bd42/gnocchi.f0796da9-0f55-41b2-b467-b0672ea6722f" 200 2 "GET https://[::1]:8080/v1/AUTH_3c12f327ec924e3c89731d403fb9bd42/gnocchi.f0796da9-0f55-41b2-b467-b0672ea6722f?format=json&states=listing" "tx4cf5862f63a64839bc210-0068e16afd" "proxy-server 94717" 0.0021 "-" 93383 0
Oct 04 14:44:14 np0005470878.novalocal object-server[93716]: ::1 - - [04/Oct/2025:18:44:14 +0000] "PUT /3/174442/AUTH_3c12f327ec924e3c89731d403fb9bd42/gnocchi.2943351d-c78e-4f54-97dd-41437f834e27/1759320000.0_mean_300.0_v3" 201 - "PUT https://[::1]:8080/v1/AUTH_3c12f327ec924e3c89731d403fb9bd42/gnocchi.2943351d-c78e-4f54-97dd-41437f834e27/1759320000.0_mean_300.0_v3" "txef74d6a1f96748bc8a846-0068e16afd" "proxy-server 94716" 0.0107 "-" 93716 0
Oct 04 14:44:14 np0005470878.novalocal container-server[93383]: ::1 - - [04/Oct/2025:18:44:14 +0000] "PUT /1/236101/AUTH_3c12f327ec924e3c89731d403fb9bd42/gnocchi.2943351d-c78e-4f54-97dd-41437f834e27/1759320000.0_mean_300.0_v3" 201 - "PUT http://[::1]:8080/1/174442/AUTH_3c12f327ec924e3c89731d403fb9bd42/gnocchi.2943351d-c78e-4f54-97dd-41437f834e27/1759320000.0_mean_300.0_v3" "txef74d6a1f96748bc8a846-0068e16afd" "object-server 93717" 0.0003 "-" 93383 0
Oct 04 14:44:14 np0005470878.novalocal object-server[93717]: ::1 - - [04/Oct/2025:18:44:14 +0000] "PUT /1/174442/AUTH_3c12f327ec924e3c89731d403fb9bd42/gnocchi.2943351d-c78e-4f54-97dd-41437f834e27/1759320000.0_mean_300.0_v3" 201 - "PUT https://[::1]:8080/v1/AUTH_3c12f327ec924e3c89731d403fb9bd42/gnocchi.2943351d-c78e-4f54-97dd-41437f834e27/1759320000.0_mean_300.0_v3" "txef74d6a1f96748bc8a846-0068e16afd" "proxy-server 94716" 0.0119 "-" 93717 0
Oct 04 14:44:14 np0005470878.novalocal container-server[93383]: ::1 - - [04/Oct/2025:18:44:14 +0000] "PUT /3/236101/AUTH_3c12f327ec924e3c89731d403fb9bd42/gnocchi.2943351d-c78e-4f54-97dd-41437f834e27/1759320000.0_mean_300.0_v3" 201 - "PUT http://[::1]:8080/2/174442/AUTH_3c12f327ec924e3c89731d403fb9bd42/gnocchi.2943351d-c78e-4f54-97dd-41437f834e27/1759320000.0_mean_300.0_v3" "txef74d6a1f96748bc8a846-0068e16afd" "object-server 93716" 0.0003 "-" 93383 0
Oct 04 14:44:14 np0005470878.novalocal proxy-server[94717]: ::1 ::1 04/Oct/2025/18/44/14 GET /v1/AUTH_3c12f327ec924e3c89731d403fb9bd42/gnocchi.f0796da9-0f55-41b2-b467-b0672ea6722f%3Fformat%3Djson%26states%3Dlisting HTTP/1.0 200 - python-swiftclient-4.7.0 gAAAAABo4Wq9xl3N... - 2 - tx4cf5862f63a64839bc210-0068e16afd - 0.0192 - - 1759603453.984069109 1759603454.003219128 0
Oct 04 14:44:14 np0005470878.novalocal object-server[93716]: ::1 - - [04/Oct/2025:18:44:14 +0000] "PUT /2/174442/AUTH_3c12f327ec924e3c89731d403fb9bd42/gnocchi.2943351d-c78e-4f54-97dd-41437f834e27/1759320000.0_mean_300.0_v3" 201 - "PUT https://[::1]:8080/v1/AUTH_3c12f327ec924e3c89731d403fb9bd42/gnocchi.2943351d-c78e-4f54-97dd-41437f834e27/1759320000.0_mean_300.0_v3" "txef74d6a1f96748bc8a846-0068e16afd" "proxy-server 94716" 0.0112 "-" 93716 0
Oct 04 14:44:14 np0005470878.novalocal proxy-server[94716]: ::1 ::1 04/Oct/2025/18/44/14 PUT /v1/AUTH_3c12f327ec924e3c89731d403fb9bd42/gnocchi.2943351d-c78e-4f54-97dd-41437f834e27/1759320000.0_mean_300.0_v3 HTTP/1.0 201 - python-swiftclient-4.7.0 gAAAAABo4WrHdnea... 16 - - txef74d6a1f96748bc8a846-0068e16afd - 0.0189 - - 1759603453.985779047 1759603454.004635572 0
Oct 04 14:44:14 np0005470878.novalocal object-server[93716]: ::1 - - [04/Oct/2025:18:44:14 +0000] "GET /1/122994/AUTH_3c12f327ec924e3c89731d403fb9bd42/gnocchi.f0796da9-0f55-41b2-b467-b0672ea6722f/1759320000.0_mean_300.0_v3" 404 70 "GET https://[::1]:8080/v1/AUTH_3c12f327ec924e3c89731d403fb9bd42/gnocchi.f0796da9-0f55-41b2-b467-b0672ea6722f/1759320000.0_mean_300.0_v3" "txf341add17e3041bebd49c-0068e16afe" "proxy-server 94717" 0.0003 "-" 93716 0
Oct 04 14:44:14 np0005470878.novalocal object-server[93716]: ::1 - - [04/Oct/2025:18:44:14 +0000] "GET /2/122994/AUTH_3c12f327ec924e3c89731d403fb9bd42/gnocchi.f0796da9-0f55-41b2-b467-b0672ea6722f/1759320000.0_mean_300.0_v3" 404 70 "GET https://[::1]:8080/v1/AUTH_3c12f327ec924e3c89731d403fb9bd42/gnocchi.f0796da9-0f55-41b2-b467-b0672ea6722f/1759320000.0_mean_300.0_v3" "txf341add17e3041bebd49c-0068e16afe" "proxy-server 94717" 0.0002 "-" 93716 0
Oct 04 14:44:14 np0005470878.novalocal object-server[93716]: ::1 - - [04/Oct/2025:18:44:14 +0000] "GET /3/122994/AUTH_3c12f327ec924e3c89731d403fb9bd42/gnocchi.f0796da9-0f55-41b2-b467-b0672ea6722f/1759320000.0_mean_300.0_v3" 404 70 "GET https://[::1]:8080/v1/AUTH_3c12f327ec924e3c89731d403fb9bd42/gnocchi.f0796da9-0f55-41b2-b467-b0672ea6722f/1759320000.0_mean_300.0_v3" "txf341add17e3041bebd49c-0068e16afe" "proxy-server 94717" 0.0009 "-" 93716 0
Oct 04 14:44:14 np0005470878.novalocal proxy-server[94717]: ::1 ::1 04/Oct/2025/18/44/14 GET /v1/AUTH_3c12f327ec924e3c89731d403fb9bd42/gnocchi.f0796da9-0f55-41b2-b467-b0672ea6722f/1759320000.0_mean_300.0_v3 HTTP/1.0 404 - python-swiftclient-4.7.0 gAAAAABo4Wq9xl3N... - 70 - txf341add17e3041bebd49c-0068e16afe - 0.0144 - - 1759603454.006375790 1759603454.020762920 0
Oct 04 14:44:14 np0005470878.novalocal container-server[93384]: ::1 - - [04/Oct/2025:18:44:14 +0000] "PUT /2/236101/AUTH_3c12f327ec924e3c89731d403fb9bd42/gnocchi.2943351d-c78e-4f54-97dd-41437f834e27/none_v3" 201 - "PUT http://[::1]:8080/2/136267/AUTH_3c12f327ec924e3c89731d403fb9bd42/gnocchi.2943351d-c78e-4f54-97dd-41437f834e27/none_v3" "tx3a584d4c6f344a3cbf7c2-0068e16afe" "object-server 93716" 0.0007 "-" 93384 0
Oct 04 14:44:14 np0005470878.novalocal object-server[93716]: ::1 - - [04/Oct/2025:18:44:14 +0000] "PUT /2/136267/AUTH_3c12f327ec924e3c89731d403fb9bd42/gnocchi.2943351d-c78e-4f54-97dd-41437f834e27/none_v3" 201 - "PUT https://[::1]:8080/v1/AUTH_3c12f327ec924e3c89731d403fb9bd42/gnocchi.2943351d-c78e-4f54-97dd-41437f834e27/none_v3" "tx3a584d4c6f344a3cbf7c2-0068e16afe" "proxy-server 94716" 0.0102 "-" 93716 0
Oct 04 14:44:14 np0005470878.novalocal container-server[93384]: ::1 - - [04/Oct/2025:18:44:14 +0000] "PUT /3/236101/AUTH_3c12f327ec924e3c89731d403fb9bd42/gnocchi.2943351d-c78e-4f54-97dd-41437f834e27/none_v3" 201 - "PUT http://[::1]:8080/3/136267/AUTH_3c12f327ec924e3c89731d403fb9bd42/gnocchi.2943351d-c78e-4f54-97dd-41437f834e27/none_v3" "tx3a584d4c6f344a3cbf7c2-0068e16afe" "object-server 93716" 0.0003 "-" 93384 0
Oct 04 14:44:14 np0005470878.novalocal object-server[93716]: ::1 - - [04/Oct/2025:18:44:14 +0000] "PUT /3/136267/AUTH_3c12f327ec924e3c89731d403fb9bd42/gnocchi.2943351d-c78e-4f54-97dd-41437f834e27/none_v3" 201 - "PUT https://[::1]:8080/v1/AUTH_3c12f327ec924e3c89731d403fb9bd42/gnocchi.2943351d-c78e-4f54-97dd-41437f834e27/none_v3" "tx3a584d4c6f344a3cbf7c2-0068e16afe" "proxy-server 94716" 0.0177 "-" 93716 0
Oct 04 14:44:14 np0005470878.novalocal container-server[93384]: ::1 - - [04/Oct/2025:18:44:14 +0000] "PUT /1/236101/AUTH_3c12f327ec924e3c89731d403fb9bd42/gnocchi.2943351d-c78e-4f54-97dd-41437f834e27/none_v3" 201 - "PUT http://[::1]:8080/1/136267/AUTH_3c12f327ec924e3c89731d403fb9bd42/gnocchi.2943351d-c78e-4f54-97dd-41437f834e27/none_v3" "tx3a584d4c6f344a3cbf7c2-0068e16afe" "object-server 93716" 0.0004 "-" 93384 0
Oct 04 14:44:14 np0005470878.novalocal object-server[93716]: ::1 - - [04/Oct/2025:18:44:14 +0000] "PUT /1/136267/AUTH_3c12f327ec924e3c89731d403fb9bd42/gnocchi.2943351d-c78e-4f54-97dd-41437f834e27/none_v3" 201 - "PUT https://[::1]:8080/v1/AUTH_3c12f327ec924e3c89731d403fb9bd42/gnocchi.2943351d-c78e-4f54-97dd-41437f834e27/none_v3" "tx3a584d4c6f344a3cbf7c2-0068e16afe" "proxy-server 94716" 0.0225 "-" 93716 0
Oct 04 14:44:14 np0005470878.novalocal proxy-server[94716]: ::1 ::1 04/Oct/2025/18/44/14 PUT /v1/AUTH_3c12f327ec924e3c89731d403fb9bd42/gnocchi.2943351d-c78e-4f54-97dd-41437f834e27/none_v3 HTTP/1.0 201 - python-swiftclient-4.7.0 gAAAAABo4WrHdnea... 32 - - tx3a584d4c6f344a3cbf7c2-0068e16afe - 0.0298 - - 1759603454.007730484 1759603454.037497759 0
Oct 04 14:44:14 np0005470878.novalocal container-server[93383]: ::1 - - [04/Oct/2025:18:44:14 +0000] "PUT /2/209299/AUTH_3c12f327ec924e3c89731d403fb9bd42/gnocchi.f0796da9-0f55-41b2-b467-b0672ea6722f/1759320000.0_mean_300.0_v3" 201 - "PUT http://[::1]:8080/1/122994/AUTH_3c12f327ec924e3c89731d403fb9bd42/gnocchi.f0796da9-0f55-41b2-b467-b0672ea6722f/1759320000.0_mean_300.0_v3" "tx45c0206d61f740eabef8b-0068e16afe" "object-server 93716" 0.0005 "-" 93383 0
Oct 04 14:44:14 np0005470878.novalocal object-server[93716]: ::1 - - [04/Oct/2025:18:44:14 +0000] "PUT /1/122994/AUTH_3c12f327ec924e3c89731d403fb9bd42/gnocchi.f0796da9-0f55-41b2-b467-b0672ea6722f/1759320000.0_mean_300.0_v3" 201 - "PUT https://[::1]:8080/v1/AUTH_3c12f327ec924e3c89731d403fb9bd42/gnocchi.f0796da9-0f55-41b2-b467-b0672ea6722f/1759320000.0_mean_300.0_v3" "tx45c0206d61f740eabef8b-0068e16afe" "proxy-server 94717" 0.0125 "-" 93716 0
Oct 04 14:44:14 np0005470878.novalocal container-server[93383]: ::1 - - [04/Oct/2025:18:44:14 +0000] "PUT /1/209299/AUTH_3c12f327ec924e3c89731d403fb9bd42/gnocchi.f0796da9-0f55-41b2-b467-b0672ea6722f/1759320000.0_mean_300.0_v3" 201 - "PUT http://[::1]:8080/2/122994/AUTH_3c12f327ec924e3c89731d403fb9bd42/gnocchi.f0796da9-0f55-41b2-b467-b0672ea6722f/1759320000.0_mean_300.0_v3" "tx45c0206d61f740eabef8b-0068e16afe" "object-server 93716" 0.0004 "-" 93383 0
Oct 04 14:44:14 np0005470878.novalocal object-server[93716]: ::1 - - [04/Oct/2025:18:44:14 +0000] "PUT /2/122994/AUTH_3c12f327ec924e3c89731d403fb9bd42/gnocchi.f0796da9-0f55-41b2-b467-b0672ea6722f/1759320000.0_mean_300.0_v3" 201 - "PUT https://[::1]:8080/v1/AUTH_3c12f327ec924e3c89731d403fb9bd42/gnocchi.f0796da9-0f55-41b2-b467-b0672ea6722f/1759320000.0_mean_300.0_v3" "tx45c0206d61f740eabef8b-0068e16afe" "proxy-server 94717" 0.0156 "-" 93716 0
Oct 04 14:44:14 np0005470878.novalocal container-server[93384]: ::1 - - [04/Oct/2025:18:44:14 +0000] "PUT /3/209299/AUTH_3c12f327ec924e3c89731d403fb9bd42/gnocchi.f0796da9-0f55-41b2-b467-b0672ea6722f/1759320000.0_mean_300.0_v3" 201 - "PUT http://[::1]:8080/3/122994/AUTH_3c12f327ec924e3c89731d403fb9bd42/gnocchi.f0796da9-0f55-41b2-b467-b0672ea6722f/1759320000.0_mean_300.0_v3" "tx45c0206d61f740eabef8b-0068e16afe" "object-server 93716" 0.0008 "-" 93384 0
Oct 04 14:44:14 np0005470878.novalocal object-server[93716]: ::1 - - [04/Oct/2025:18:44:14 +0000] "PUT /3/122994/AUTH_3c12f327ec924e3c89731d403fb9bd42/gnocchi.f0796da9-0f55-41b2-b467-b0672ea6722f/1759320000.0_mean_300.0_v3" 201 - "PUT https://[::1]:8080/v1/AUTH_3c12f327ec924e3c89731d403fb9bd42/gnocchi.f0796da9-0f55-41b2-b467-b0672ea6722f/1759320000.0_mean_300.0_v3" "tx45c0206d61f740eabef8b-0068e16afe" "proxy-server 94717" 0.0266 "-" 93716 0
Oct 04 14:44:14 np0005470878.novalocal proxy-server[94717]: ::1 ::1 04/Oct/2025/18/44/14 PUT /v1/AUTH_3c12f327ec924e3c89731d403fb9bd42/gnocchi.f0796da9-0f55-41b2-b467-b0672ea6722f/1759320000.0_mean_300.0_v3 HTTP/1.0 201 - python-swiftclient-4.7.0 gAAAAABo4Wq9xl3N... 16 - - tx45c0206d61f740eabef8b-0068e16afe - 0.0339 - - 1759603454.023901224 1759603454.057849646 0
Oct 04 14:44:14 np0005470878.novalocal container-server[93383]: ::1 - - [04/Oct/2025:18:44:14 +0000] "HEAD /1/122310/AUTH_3c12f327ec924e3c89731d403fb9bd42/gnocchi.1898e3d5-efeb-42c0-817f-cf1a9f960f35" 404 - "HEAD http://[::1]:8080/v1/AUTH_3c12f327ec924e3c89731d403fb9bd42/gnocchi.1898e3d5-efeb-42c0-817f-cf1a9f960f35" "txf66ccfb75290456393d11-0068e16afe" "proxy-server 94716" 0.0003 "-" 93383 0
Oct 04 14:44:14 np0005470878.novalocal container-server[93384]: ::1 - - [04/Oct/2025:18:44:14 +0000] "HEAD /3/122310/AUTH_3c12f327ec924e3c89731d403fb9bd42/gnocchi.1898e3d5-efeb-42c0-817f-cf1a9f960f35" 404 - "HEAD http://[::1]:8080/v1/AUTH_3c12f327ec924e3c89731d403fb9bd42/gnocchi.1898e3d5-efeb-42c0-817f-cf1a9f960f35" "txf66ccfb75290456393d11-0068e16afe" "proxy-server 94716" 0.0003 "-" 93384 0
Oct 04 14:44:14 np0005470878.novalocal container-server[93383]: ::1 - - [04/Oct/2025:18:44:14 +0000] "HEAD /2/122310/AUTH_3c12f327ec924e3c89731d403fb9bd42/gnocchi.1898e3d5-efeb-42c0-817f-cf1a9f960f35" 404 - "HEAD http://[::1]:8080/v1/AUTH_3c12f327ec924e3c89731d403fb9bd42/gnocchi.1898e3d5-efeb-42c0-817f-cf1a9f960f35" "txf66ccfb75290456393d11-0068e16afe" "proxy-server 94716" 0.0002 "-" 93383 0
Oct 04 14:44:14 np0005470878.novalocal proxy-server[94716]: - - 04/Oct/2025/18/44/14 HEAD /v1/AUTH_3c12f327ec924e3c89731d403fb9bd42/gnocchi.1898e3d5-efeb-42c0-817f-cf1a9f960f35 HTTP/1.0 404 - Swift - - - - txf66ccfb75290456393d11-0068e16afe - 0.0072 CS - 1759603454.064682245 1759603454.071913719 0
Oct 04 14:44:14 np0005470878.novalocal object-server[93717]: ::1 - - [04/Oct/2025:18:44:14 +0000] "GET /2/231900/AUTH_3c12f327ec924e3c89731d403fb9bd42/gnocchi.1898e3d5-efeb-42c0-817f-cf1a9f960f35/none_v3" 404 70 "GET https://[::1]:8080/v1/AUTH_3c12f327ec924e3c89731d403fb9bd42/gnocchi.1898e3d5-efeb-42c0-817f-cf1a9f960f35/none_v3" "txf66ccfb75290456393d11-0068e16afe" "proxy-server 94716" 0.0003 "-" 93717 0
Oct 04 14:44:14 np0005470878.novalocal object-server[93716]: ::1 - - [04/Oct/2025:18:44:14 +0000] "GET /1/231900/AUTH_3c12f327ec924e3c89731d403fb9bd42/gnocchi.1898e3d5-efeb-42c0-817f-cf1a9f960f35/none_v3" 404 70 "GET https://[::1]:8080/v1/AUTH_3c12f327ec924e3c89731d403fb9bd42/gnocchi.1898e3d5-efeb-42c0-817f-cf1a9f960f35/none_v3" "txf66ccfb75290456393d11-0068e16afe" "proxy-server 94716" 0.0003 "-" 93716 0
Oct 04 14:44:14 np0005470878.novalocal object-server[93716]: ::1 - - [04/Oct/2025:18:44:14 +0000] "GET /3/231900/AUTH_3c12f327ec924e3c89731d403fb9bd42/gnocchi.1898e3d5-efeb-42c0-817f-cf1a9f960f35/none_v3" 404 70 "GET https://[::1]:8080/v1/AUTH_3c12f327ec924e3c89731d403fb9bd42/gnocchi.1898e3d5-efeb-42c0-817f-cf1a9f960f35/none_v3" "txf66ccfb75290456393d11-0068e16afe" "proxy-server 94716" 0.0002 "-" 93716 0
Oct 04 14:44:14 np0005470878.novalocal proxy-server[94716]: ::1 ::1 04/Oct/2025/18/44/14 GET /v1/AUTH_3c12f327ec924e3c89731d403fb9bd42/gnocchi.1898e3d5-efeb-42c0-817f-cf1a9f960f35/none_v3 HTTP/1.0 404 - python-swiftclient-4.7.0 gAAAAABo4WrHdnea... - 70 - txf66ccfb75290456393d11-0068e16afe - 0.0179 - - 1759603454.064148188 1759603454.082057953 0
Oct 04 14:44:14 np0005470878.novalocal container-server[93383]: ::1 - - [04/Oct/2025:18:44:14 +0000] "PUT /1/209299/AUTH_3c12f327ec924e3c89731d403fb9bd42/gnocchi.f0796da9-0f55-41b2-b467-b0672ea6722f/none_v3" 201 - "PUT http://[::1]:8080/2/53680/AUTH_3c12f327ec924e3c89731d403fb9bd42/gnocchi.f0796da9-0f55-41b2-b467-b0672ea6722f/none_v3" "tx4ea4b562ad1a461ab919b-0068e16afe" "object-server 93716" 0.0007 "-" 93383 0
Oct 04 14:44:14 np0005470878.novalocal container-server[93384]: ::1 - - [04/Oct/2025:18:44:14 +0000] "PUT /3/209299/AUTH_3c12f327ec924e3c89731d403fb9bd42/gnocchi.f0796da9-0f55-41b2-b467-b0672ea6722f/none_v3" 201 - "PUT http://[::1]:8080/1/53680/AUTH_3c12f327ec924e3c89731d403fb9bd42/gnocchi.f0796da9-0f55-41b2-b467-b0672ea6722f/none_v3" "tx4ea4b562ad1a461ab919b-0068e16afe" "object-server 93716" 0.0004 "-" 93384 0
Oct 04 14:44:14 np0005470878.novalocal object-server[93716]: ::1 - - [04/Oct/2025:18:44:14 +0000] "PUT /2/53680/AUTH_3c12f327ec924e3c89731d403fb9bd42/gnocchi.f0796da9-0f55-41b2-b467-b0672ea6722f/none_v3" 201 - "PUT https://[::1]:8080/v1/AUTH_3c12f327ec924e3c89731d403fb9bd42/gnocchi.f0796da9-0f55-41b2-b467-b0672ea6722f/none_v3" "tx4ea4b562ad1a461ab919b-0068e16afe" "proxy-server 94717" 0.0224 "-" 93716 0
Oct 04 14:44:14 np0005470878.novalocal container-server[93383]: ::1 - - [04/Oct/2025:18:44:14 +0000] "PUT /2/209299/AUTH_3c12f327ec924e3c89731d403fb9bd42/gnocchi.f0796da9-0f55-41b2-b467-b0672ea6722f/none_v3" 201 - "PUT http://[::1]:8080/3/53680/AUTH_3c12f327ec924e3c89731d403fb9bd42/gnocchi.f0796da9-0f55-41b2-b467-b0672ea6722f/none_v3" "tx4ea4b562ad1a461ab919b-0068e16afe" "object-server 93717" 0.0003 "-" 93383 0
Oct 04 14:44:14 np0005470878.novalocal object-server[93716]: ::1 - - [04/Oct/2025:18:44:14 +0000] "PUT /1/53680/AUTH_3c12f327ec924e3c89731d403fb9bd42/gnocchi.f0796da9-0f55-41b2-b467-b0672ea6722f/none_v3" 201 - "PUT https://[::1]:8080/v1/AUTH_3c12f327ec924e3c89731d403fb9bd42/gnocchi.f0796da9-0f55-41b2-b467-b0672ea6722f/none_v3" "tx4ea4b562ad1a461ab919b-0068e16afe" "proxy-server 94717" 0.0217 "-" 93716 0
Oct 04 14:44:14 np0005470878.novalocal object-server[93717]: ::1 - - [04/Oct/2025:18:44:14 +0000] "PUT /3/53680/AUTH_3c12f327ec924e3c89731d403fb9bd42/gnocchi.f0796da9-0f55-41b2-b467-b0672ea6722f/none_v3" 201 - "PUT https://[::1]:8080/v1/AUTH_3c12f327ec924e3c89731d403fb9bd42/gnocchi.f0796da9-0f55-41b2-b467-b0672ea6722f/none_v3" "tx4ea4b562ad1a461ab919b-0068e16afe" "proxy-server 94717" 0.0179 "-" 93717 0
Oct 04 14:44:14 np0005470878.novalocal proxy-server[94717]: ::1 ::1 04/Oct/2025/18/44/14 PUT /v1/AUTH_3c12f327ec924e3c89731d403fb9bd42/gnocchi.f0796da9-0f55-41b2-b467-b0672ea6722f/none_v3 HTTP/1.0 201 - python-swiftclient-4.7.0 gAAAAABo4Wq9xl3N... 22 - - tx4ea4b562ad1a461ab919b-0068e16afe - 0.0307 - - 1759603454.060492754 1759603454.091184378 0
Oct 04 14:44:14 np0005470878.novalocal account-server[93089]: ::1 - - [04/Oct/2025:18:44:14 +0000] "PUT /3/140569/AUTH_3c12f327ec924e3c89731d403fb9bd42/gnocchi.1898e3d5-efeb-42c0-817f-cf1a9f960f35" 201 - "PUT http://[::1]:6001/3/122310/AUTH_3c12f327ec924e3c89731d403fb9bd42/gnocchi.1898e3d5-efeb-42c0-817f-cf1a9f960f35" "txaf0ec05201fa48f6867cd-0068e16afe" "container-server 93384" 0.0036 "-" 93089 0
Oct 04 14:44:14 np0005470878.novalocal container-server[93384]: ::1 - - [04/Oct/2025:18:44:14 +0000] "PUT /3/122310/AUTH_3c12f327ec924e3c89731d403fb9bd42/gnocchi.1898e3d5-efeb-42c0-817f-cf1a9f960f35" 201 - "PUT https://[::1]:8080/v1/AUTH_3c12f327ec924e3c89731d403fb9bd42/gnocchi.1898e3d5-efeb-42c0-817f-cf1a9f960f35" "txaf0ec05201fa48f6867cd-0068e16afe" "proxy-server 94716" 0.0242 "-" 93384 0
Oct 04 14:44:14 np0005470878.novalocal container-server[93384]: ::1 - - [04/Oct/2025:18:44:14 +0000] "HEAD /1/61721/AUTH_3c12f327ec924e3c89731d403fb9bd42/gnocchi.e35328f6-e212-4298-8e59-6ec1b95e78ba" 404 - "HEAD http://[::1]:8080/v1/AUTH_3c12f327ec924e3c89731d403fb9bd42/gnocchi.e35328f6-e212-4298-8e59-6ec1b95e78ba" "txede04a0a792d477899e84-0068e16afe" "proxy-server 94717" 0.0002 "-" 93384 0
Oct 04 14:44:14 np0005470878.novalocal account-server[93088]: ::1 - - [04/Oct/2025:18:44:14 +0000] "PUT /1/140569/AUTH_3c12f327ec924e3c89731d403fb9bd42/gnocchi.1898e3d5-efeb-42c0-817f-cf1a9f960f35" 201 - "PUT http://[::1]:6001/1/122310/AUTH_3c12f327ec924e3c89731d403fb9bd42/gnocchi.1898e3d5-efeb-42c0-817f-cf1a9f960f35" "txaf0ec05201fa48f6867cd-0068e16afe" "container-server 93384" 0.0045 "-" 93088 0
Oct 04 14:44:14 np0005470878.novalocal container-server[93384]: ::1 - - [04/Oct/2025:18:44:14 +0000] "PUT /1/122310/AUTH_3c12f327ec924e3c89731d403fb9bd42/gnocchi.1898e3d5-efeb-42c0-817f-cf1a9f960f35" 201 - "PUT https://[::1]:8080/v1/AUTH_3c12f327ec924e3c89731d403fb9bd42/gnocchi.1898e3d5-efeb-42c0-817f-cf1a9f960f35" "txaf0ec05201fa48f6867cd-0068e16afe" "proxy-server 94716" 0.0157 "-" 93384 0
Oct 04 14:44:14 np0005470878.novalocal account-server[93088]: ::1 - - [04/Oct/2025:18:44:14 +0000] "PUT /2/140569/AUTH_3c12f327ec924e3c89731d403fb9bd42/gnocchi.1898e3d5-efeb-42c0-817f-cf1a9f960f35" 201 - "PUT http://[::1]:6001/2/122310/AUTH_3c12f327ec924e3c89731d403fb9bd42/gnocchi.1898e3d5-efeb-42c0-817f-cf1a9f960f35" "txaf0ec05201fa48f6867cd-0068e16afe" "container-server 93384" 0.0040 "-" 93088 0
Oct 04 14:44:14 np0005470878.novalocal container-server[93384]: ::1 - - [04/Oct/2025:18:44:14 +0000] "PUT /2/122310/AUTH_3c12f327ec924e3c89731d403fb9bd42/gnocchi.1898e3d5-efeb-42c0-817f-cf1a9f960f35" 201 - "PUT https://[::1]:8080/v1/AUTH_3c12f327ec924e3c89731d403fb9bd42/gnocchi.1898e3d5-efeb-42c0-817f-cf1a9f960f35" "txaf0ec05201fa48f6867cd-0068e16afe" "proxy-server 94716" 0.0284 "-" 93384 0
Oct 04 14:44:14 np0005470878.novalocal proxy-server[94716]: ::1 ::1 04/Oct/2025/18/44/14 PUT /v1/AUTH_3c12f327ec924e3c89731d403fb9bd42/gnocchi.1898e3d5-efeb-42c0-817f-cf1a9f960f35 HTTP/1.0 201 - python-swiftclient-4.7.0 gAAAAABo4WrHdnea... - - - txaf0ec05201fa48f6867cd-0068e16afe - 0.0415 - - 1759603454.084411383 1759603454.125907183 0
Oct 04 14:44:14 np0005470878.novalocal container-server[93383]: ::1 - - [04/Oct/2025:18:44:14 +0000] "HEAD /3/61721/AUTH_3c12f327ec924e3c89731d403fb9bd42/gnocchi.e35328f6-e212-4298-8e59-6ec1b95e78ba" 404 - "HEAD http://[::1]:8080/v1/AUTH_3c12f327ec924e3c89731d403fb9bd42/gnocchi.e35328f6-e212-4298-8e59-6ec1b95e78ba" "txede04a0a792d477899e84-0068e16afe" "proxy-server 94717" 0.0003 "-" 93383 0
Oct 04 14:44:14 np0005470878.novalocal container-server[93383]: ::1 - - [04/Oct/2025:18:44:14 +0000] "HEAD /3/122310/AUTH_3c12f327ec924e3c89731d403fb9bd42/gnocchi.1898e3d5-efeb-42c0-817f-cf1a9f960f35" 204 - "HEAD http://[::1]:8080/v1/AUTH_3c12f327ec924e3c89731d403fb9bd42/gnocchi.1898e3d5-efeb-42c0-817f-cf1a9f960f35" "txceaa92b741204a4b95da1-0068e16afe" "proxy-server 94716" 0.0012 "-" 93383 0
Oct 04 14:44:14 np0005470878.novalocal container-server[93384]: ::1 - - [04/Oct/2025:18:44:14 +0000] "HEAD /2/61721/AUTH_3c12f327ec924e3c89731d403fb9bd42/gnocchi.e35328f6-e212-4298-8e59-6ec1b95e78ba" 404 - "HEAD http://[::1]:8080/v1/AUTH_3c12f327ec924e3c89731d403fb9bd42/gnocchi.e35328f6-e212-4298-8e59-6ec1b95e78ba" "txede04a0a792d477899e84-0068e16afe" "proxy-server 94717" 0.0002 "-" 93384 0
Oct 04 14:44:14 np0005470878.novalocal proxy-server[94716]: - - 04/Oct/2025/18/44/14 HEAD /v1/AUTH_3c12f327ec924e3c89731d403fb9bd42/gnocchi.1898e3d5-efeb-42c0-817f-cf1a9f960f35 HTTP/1.0 204 - Swift - - - - txceaa92b741204a4b95da1-0068e16afe - 0.0042 CS - 1759603454.129738569 1759603454.133911848 0
Oct 04 14:44:14 np0005470878.novalocal proxy-server[94717]: - - 04/Oct/2025/18/44/14 HEAD /v1/AUTH_3c12f327ec924e3c89731d403fb9bd42/gnocchi.e35328f6-e212-4298-8e59-6ec1b95e78ba HTTP/1.0 404 - Swift - - - - txede04a0a792d477899e84-0068e16afe - 0.0292 CS - 1759603454.107711077 1759603454.136956215 0
Oct 04 14:44:14 np0005470878.novalocal container-server[93383]: ::1 - - [04/Oct/2025:18:44:14 +0000] "GET /2/122310/AUTH_3c12f327ec924e3c89731d403fb9bd42/gnocchi.1898e3d5-efeb-42c0-817f-cf1a9f960f35" 200 2 "GET https://[::1]:8080/v1/AUTH_3c12f327ec924e3c89731d403fb9bd42/gnocchi.1898e3d5-efeb-42c0-817f-cf1a9f960f35?format=json&states=listing" "txceaa92b741204a4b95da1-0068e16afe" "proxy-server 94716" 0.0022 "-" 93383 0
Oct 04 14:44:14 np0005470878.novalocal proxy-server[94716]: ::1 ::1 04/Oct/2025/18/44/14 GET /v1/AUTH_3c12f327ec924e3c89731d403fb9bd42/gnocchi.1898e3d5-efeb-42c0-817f-cf1a9f960f35%3Fformat%3Djson%26states%3Dlisting HTTP/1.0 200 - python-swiftclient-4.7.0 gAAAAABo4WrHdnea... - 2 - txceaa92b741204a4b95da1-0068e16afe - 0.0129 - - 1759603454.129178047 1759603454.142031908 0
Oct 04 14:44:14 np0005470878.novalocal object-server[93717]: ::1 - - [04/Oct/2025:18:44:14 +0000] "GET /3/53873/AUTH_3c12f327ec924e3c89731d403fb9bd42/gnocchi.e35328f6-e212-4298-8e59-6ec1b95e78ba/none_v3" 404 70 "GET https://[::1]:8080/v1/AUTH_3c12f327ec924e3c89731d403fb9bd42/gnocchi.e35328f6-e212-4298-8e59-6ec1b95e78ba/none_v3" "txede04a0a792d477899e84-0068e16afe" "proxy-server 94717" 0.0005 "-" 93717 0
Oct 04 14:44:14 np0005470878.novalocal object-server[93716]: ::1 - - [04/Oct/2025:18:44:14 +0000] "GET /2/53873/AUTH_3c12f327ec924e3c89731d403fb9bd42/gnocchi.e35328f6-e212-4298-8e59-6ec1b95e78ba/none_v3" 404 70 "GET https://[::1]:8080/v1/AUTH_3c12f327ec924e3c89731d403fb9bd42/gnocchi.e35328f6-e212-4298-8e59-6ec1b95e78ba/none_v3" "txede04a0a792d477899e84-0068e16afe" "proxy-server 94717" 0.0004 "-" 93716 0
Oct 04 14:44:14 np0005470878.novalocal object-server[93717]: ::1 - - [04/Oct/2025:18:44:14 +0000] "GET /1/53873/AUTH_3c12f327ec924e3c89731d403fb9bd42/gnocchi.e35328f6-e212-4298-8e59-6ec1b95e78ba/none_v3" 404 70 "GET https://[::1]:8080/v1/AUTH_3c12f327ec924e3c89731d403fb9bd42/gnocchi.e35328f6-e212-4298-8e59-6ec1b95e78ba/none_v3" "txede04a0a792d477899e84-0068e16afe" "proxy-server 94717" 0.0014 "-" 93717 0
Oct 04 14:44:14 np0005470878.novalocal proxy-server[94717]: ::1 ::1 04/Oct/2025/18/44/14 GET /v1/AUTH_3c12f327ec924e3c89731d403fb9bd42/gnocchi.e35328f6-e212-4298-8e59-6ec1b95e78ba/none_v3 HTTP/1.0 404 - python-swiftclient-4.7.0 gAAAAABo4Wq9xl3N... - 70 - txede04a0a792d477899e84-0068e16afe - 0.0481 - - 1759603454.106608868 1759603454.154695988 0
Oct 04 14:44:14 np0005470878.novalocal object-server[93717]: ::1 - - [04/Oct/2025:18:44:14 +0000] "GET /3/160795/AUTH_3c12f327ec924e3c89731d403fb9bd42/gnocchi.1898e3d5-efeb-42c0-817f-cf1a9f960f35/1759320000.0_mean_300.0_v3" 404 70 "GET https://[::1]:8080/v1/AUTH_3c12f327ec924e3c89731d403fb9bd42/gnocchi.1898e3d5-efeb-42c0-817f-cf1a9f960f35/1759320000.0_mean_300.0_v3" "tx020f61ea2ed548eebeb6b-0068e16afe" "proxy-server 94716" 0.0004 "-" 93717 0
Oct 04 14:44:14 np0005470878.novalocal object-server[93717]: ::1 - - [04/Oct/2025:18:44:14 +0000] "GET /2/160795/AUTH_3c12f327ec924e3c89731d403fb9bd42/gnocchi.1898e3d5-efeb-42c0-817f-cf1a9f960f35/1759320000.0_mean_300.0_v3" 404 70 "GET https://[::1]:8080/v1/AUTH_3c12f327ec924e3c89731d403fb9bd42/gnocchi.1898e3d5-efeb-42c0-817f-cf1a9f960f35/1759320000.0_mean_300.0_v3" "tx020f61ea2ed548eebeb6b-0068e16afe" "proxy-server 94716" 0.0003 "-" 93717 0
Oct 04 14:44:14 np0005470878.novalocal object-server[93717]: ::1 - - [04/Oct/2025:18:44:14 +0000] "GET /1/160795/AUTH_3c12f327ec924e3c89731d403fb9bd42/gnocchi.1898e3d5-efeb-42c0-817f-cf1a9f960f35/1759320000.0_mean_300.0_v3" 404 70 "GET https://[::1]:8080/v1/AUTH_3c12f327ec924e3c89731d403fb9bd42/gnocchi.1898e3d5-efeb-42c0-817f-cf1a9f960f35/1759320000.0_mean_300.0_v3" "tx020f61ea2ed548eebeb6b-0068e16afe" "proxy-server 94716" 0.0005 "-" 93717 0
Oct 04 14:44:14 np0005470878.novalocal proxy-server[94716]: ::1 ::1 04/Oct/2025/18/44/14 GET /v1/AUTH_3c12f327ec924e3c89731d403fb9bd42/gnocchi.1898e3d5-efeb-42c0-817f-cf1a9f960f35/1759320000.0_mean_300.0_v3 HTTP/1.0 404 - python-swiftclient-4.7.0 gAAAAABo4WrHdnea... - 70 - tx020f61ea2ed548eebeb6b-0068e16afe - 0.0185 - - 1759603454.145543575 1759603454.164059162 0
Oct 04 14:44:14 np0005470878.novalocal account-server[93088]: ::1 - - [04/Oct/2025:18:44:14 +0000] "PUT /2/140569/AUTH_3c12f327ec924e3c89731d403fb9bd42/gnocchi.e35328f6-e212-4298-8e59-6ec1b95e78ba" 201 - "PUT http://[::1]:6001/1/61721/AUTH_3c12f327ec924e3c89731d403fb9bd42/gnocchi.e35328f6-e212-4298-8e59-6ec1b95e78ba" "tx19eedc8a30ed465d8a720-0068e16afe" "container-server 93384" 0.0040 "-" 93088 0
Oct 04 14:44:14 np0005470878.novalocal container-server[93384]: ::1 - - [04/Oct/2025:18:44:14 +0000] "PUT /1/61721/AUTH_3c12f327ec924e3c89731d403fb9bd42/gnocchi.e35328f6-e212-4298-8e59-6ec1b95e78ba" 201 - "PUT https://[::1]:8080/v1/AUTH_3c12f327ec924e3c89731d403fb9bd42/gnocchi.e35328f6-e212-4298-8e59-6ec1b95e78ba" "tx19eedc8a30ed465d8a720-0068e16afe" "proxy-server 94717" 0.0143 "-" 93384 0
Oct 04 14:44:14 np0005470878.novalocal account-server[93088]: ::1 - - [04/Oct/2025:18:44:14 +0000] "PUT /3/140569/AUTH_3c12f327ec924e3c89731d403fb9bd42/gnocchi.e35328f6-e212-4298-8e59-6ec1b95e78ba" 201 - "PUT http://[::1]:6001/3/61721/AUTH_3c12f327ec924e3c89731d403fb9bd42/gnocchi.e35328f6-e212-4298-8e59-6ec1b95e78ba" "tx19eedc8a30ed465d8a720-0068e16afe" "container-server 93383" 0.0051 "-" 93088 0
Oct 04 14:44:14 np0005470878.novalocal container-server[93383]: ::1 - - [04/Oct/2025:18:44:14 +0000] "PUT /3/61721/AUTH_3c12f327ec924e3c89731d403fb9bd42/gnocchi.e35328f6-e212-4298-8e59-6ec1b95e78ba" 201 - "PUT https://[::1]:8080/v1/AUTH_3c12f327ec924e3c89731d403fb9bd42/gnocchi.e35328f6-e212-4298-8e59-6ec1b95e78ba" "tx19eedc8a30ed465d8a720-0068e16afe" "proxy-server 94717" 0.0127 "-" 93383 0
Oct 04 14:44:14 np0005470878.novalocal account-server[93089]: ::1 - - [04/Oct/2025:18:44:14 +0000] "PUT /1/140569/AUTH_3c12f327ec924e3c89731d403fb9bd42/gnocchi.e35328f6-e212-4298-8e59-6ec1b95e78ba" 201 - "PUT http://[::1]:6001/2/61721/AUTH_3c12f327ec924e3c89731d403fb9bd42/gnocchi.e35328f6-e212-4298-8e59-6ec1b95e78ba" "tx19eedc8a30ed465d8a720-0068e16afe" "container-server 93383" 0.0125 "-" 93089 0
Oct 04 14:44:14 np0005470878.novalocal container-server[93383]: ::1 - - [04/Oct/2025:18:44:14 +0000] "PUT /2/61721/AUTH_3c12f327ec924e3c89731d403fb9bd42/gnocchi.e35328f6-e212-4298-8e59-6ec1b95e78ba" 201 - "PUT https://[::1]:8080/v1/AUTH_3c12f327ec924e3c89731d403fb9bd42/gnocchi.e35328f6-e212-4298-8e59-6ec1b95e78ba" "tx19eedc8a30ed465d8a720-0068e16afe" "proxy-server 94717" 0.0285 "-" 93383 0
Oct 04 14:44:14 np0005470878.novalocal proxy-server[94717]: ::1 ::1 04/Oct/2025/18/44/14 PUT /v1/AUTH_3c12f327ec924e3c89731d403fb9bd42/gnocchi.e35328f6-e212-4298-8e59-6ec1b95e78ba HTTP/1.0 201 - python-swiftclient-4.7.0 gAAAAABo4Wq9xl3N... - - - tx19eedc8a30ed465d8a720-0068e16afe - 0.0345 - - 1759603454.156912565 1759603454.191391468 0
Oct 04 14:44:14 np0005470878.novalocal container-server[93383]: ::1 - - [04/Oct/2025:18:44:14 +0000] "PUT /1/122310/AUTH_3c12f327ec924e3c89731d403fb9bd42/gnocchi.1898e3d5-efeb-42c0-817f-cf1a9f960f35/1759320000.0_mean_300.0_v3" 201 - "PUT http://[::1]:8080/3/160795/AUTH_3c12f327ec924e3c89731d403fb9bd42/gnocchi.1898e3d5-efeb-42c0-817f-cf1a9f960f35/1759320000.0_mean_300.0_v3" "tx0e1f35016bcc484c8ba79-0068e16afe" "object-server 93716" 0.0028 "-" 93383 0
Oct 04 14:44:14 np0005470878.novalocal container-server[93384]: ::1 - - [04/Oct/2025:18:44:14 +0000] "PUT /3/122310/AUTH_3c12f327ec924e3c89731d403fb9bd42/gnocchi.1898e3d5-efeb-42c0-817f-cf1a9f960f35/1759320000.0_mean_300.0_v3" 201 - "PUT http://[::1]:8080/1/160795/AUTH_3c12f327ec924e3c89731d403fb9bd42/gnocchi.1898e3d5-efeb-42c0-817f-cf1a9f960f35/1759320000.0_mean_300.0_v3" "tx0e1f35016bcc484c8ba79-0068e16afe" "object-server 93717" 0.0007 "-" 93384 0
Oct 04 14:44:14 np0005470878.novalocal object-server[93716]: ::1 - - [04/Oct/2025:18:44:14 +0000] "PUT /3/160795/AUTH_3c12f327ec924e3c89731d403fb9bd42/gnocchi.1898e3d5-efeb-42c0-817f-cf1a9f960f35/1759320000.0_mean_300.0_v3" 201 - "PUT https://[::1]:8080/v1/AUTH_3c12f327ec924e3c89731d403fb9bd42/gnocchi.1898e3d5-efeb-42c0-817f-cf1a9f960f35/1759320000.0_mean_300.0_v3" "tx0e1f35016bcc484c8ba79-0068e16afe" "proxy-server 94716" 0.0235 "-" 93716 0
Oct 04 14:44:14 np0005470878.novalocal container-server[93383]: ::1 - - [04/Oct/2025:18:44:14 +0000] "PUT /2/122310/AUTH_3c12f327ec924e3c89731d403fb9bd42/gnocchi.1898e3d5-efeb-42c0-817f-cf1a9f960f35/1759320000.0_mean_300.0_v3" 201 - "PUT http://[::1]:8080/2/160795/AUTH_3c12f327ec924e3c89731d403fb9bd42/gnocchi.1898e3d5-efeb-42c0-817f-cf1a9f960f35/1759320000.0_mean_300.0_v3" "tx0e1f35016bcc484c8ba79-0068e16afe" "object-server 93717" 0.0004 "-" 93383 0
Oct 04 14:44:14 np0005470878.novalocal object-server[93717]: ::1 - - [04/Oct/2025:18:44:14 +0000] "PUT /1/160795/AUTH_3c12f327ec924e3c89731d403fb9bd42/gnocchi.1898e3d5-efeb-42c0-817f-cf1a9f960f35/1759320000.0_mean_300.0_v3" 201 - "PUT https://[::1]:8080/v1/AUTH_3c12f327ec924e3c89731d403fb9bd42/gnocchi.1898e3d5-efeb-42c0-817f-cf1a9f960f35/1759320000.0_mean_300.0_v3" "tx0e1f35016bcc484c8ba79-0068e16afe" "proxy-server 94716" 0.0234 "-" 93717 0
Oct 04 14:44:14 np0005470878.novalocal container-server[93383]: ::1 - - [04/Oct/2025:18:44:14 +0000] "HEAD /1/61721/AUTH_3c12f327ec924e3c89731d403fb9bd42/gnocchi.e35328f6-e212-4298-8e59-6ec1b95e78ba" 204 - "HEAD http://[::1]:8080/v1/AUTH_3c12f327ec924e3c89731d403fb9bd42/gnocchi.e35328f6-e212-4298-8e59-6ec1b95e78ba" "tx194bebafb1864765aa174-0068e16afe" "proxy-server 94717" 0.0010 "-" 93383 0
Oct 04 14:44:14 np0005470878.novalocal object-server[93717]: ::1 - - [04/Oct/2025:18:44:14 +0000] "PUT /2/160795/AUTH_3c12f327ec924e3c89731d403fb9bd42/gnocchi.1898e3d5-efeb-42c0-817f-cf1a9f960f35/1759320000.0_mean_300.0_v3" 201 - "PUT https://[::1]:8080/v1/AUTH_3c12f327ec924e3c89731d403fb9bd42/gnocchi.1898e3d5-efeb-42c0-817f-cf1a9f960f35/1759320000.0_mean_300.0_v3" "tx0e1f35016bcc484c8ba79-0068e16afe" "proxy-server 94716" 0.0219 "-" 93717 0
Oct 04 14:44:14 np0005470878.novalocal proxy-server[94717]: - - 04/Oct/2025/18/44/14 HEAD /v1/AUTH_3c12f327ec924e3c89731d403fb9bd42/gnocchi.e35328f6-e212-4298-8e59-6ec1b95e78ba HTTP/1.0 204 - Swift - - - - tx194bebafb1864765aa174-0068e16afe - 0.0044 CS - 1759603454.194960356 1759603454.199368715 0
Oct 04 14:44:14 np0005470878.novalocal proxy-server[94716]: ::1 ::1 04/Oct/2025/18/44/14 PUT /v1/AUTH_3c12f327ec924e3c89731d403fb9bd42/gnocchi.1898e3d5-efeb-42c0-817f-cf1a9f960f35/1759320000.0_mean_300.0_v3 HTTP/1.0 201 - python-swiftclient-4.7.0 gAAAAABo4WrHdnea... 16 - - tx0e1f35016bcc484c8ba79-0068e16afe - 0.0329 - - 1759603454.166478634 1759603454.199338436 0
Oct 04 14:44:14 np0005470878.novalocal container-server[93383]: ::1 - - [04/Oct/2025:18:44:14 +0000] "GET /3/61721/AUTH_3c12f327ec924e3c89731d403fb9bd42/gnocchi.e35328f6-e212-4298-8e59-6ec1b95e78ba" 200 2 "GET https://[::1]:8080/v1/AUTH_3c12f327ec924e3c89731d403fb9bd42/gnocchi.e35328f6-e212-4298-8e59-6ec1b95e78ba?format=json&states=listing" "tx194bebafb1864765aa174-0068e16afe" "proxy-server 94717" 0.0019 "-" 93383 0
Oct 04 14:44:14 np0005470878.novalocal proxy-server[94717]: ::1 ::1 04/Oct/2025/18/44/14 GET /v1/AUTH_3c12f327ec924e3c89731d403fb9bd42/gnocchi.e35328f6-e212-4298-8e59-6ec1b95e78ba%3Fformat%3Djson%26states%3Dlisting HTTP/1.0 200 - python-swiftclient-4.7.0 gAAAAABo4Wq9xl3N... - 2 - tx194bebafb1864765aa174-0068e16afe - 0.0136 - - 1759603454.194221020 1759603454.207810879 0
Oct 04 14:44:14 np0005470878.novalocal object-server[93716]: ::1 - - [04/Oct/2025:18:44:14 +0000] "GET /3/228483/AUTH_3c12f327ec924e3c89731d403fb9bd42/gnocchi.e35328f6-e212-4298-8e59-6ec1b95e78ba/1759320000.0_mean_300.0_v3" 404 70 "GET https://[::1]:8080/v1/AUTH_3c12f327ec924e3c89731d403fb9bd42/gnocchi.e35328f6-e212-4298-8e59-6ec1b95e78ba/1759320000.0_mean_300.0_v3" "tx4bd1ee2582bf4c6bb663a-0068e16afe" "proxy-server 94717" 0.0003 "-" 93716 0
Oct 04 14:44:14 np0005470878.novalocal object-server[93716]: ::1 - - [04/Oct/2025:18:44:14 +0000] "GET /2/228483/AUTH_3c12f327ec924e3c89731d403fb9bd42/gnocchi.e35328f6-e212-4298-8e59-6ec1b95e78ba/1759320000.0_mean_300.0_v3" 404 70 "GET https://[::1]:8080/v1/AUTH_3c12f327ec924e3c89731d403fb9bd42/gnocchi.e35328f6-e212-4298-8e59-6ec1b95e78ba/1759320000.0_mean_300.0_v3" "tx4bd1ee2582bf4c6bb663a-0068e16afe" "proxy-server 94717" 0.0003 "-" 93716 0
Oct 04 14:44:14 np0005470878.novalocal object-server[93717]: ::1 - - [04/Oct/2025:18:44:14 +0000] "GET /1/228483/AUTH_3c12f327ec924e3c89731d403fb9bd42/gnocchi.e35328f6-e212-4298-8e59-6ec1b95e78ba/1759320000.0_mean_300.0_v3" 404 70 "GET https://[::1]:8080/v1/AUTH_3c12f327ec924e3c89731d403fb9bd42/gnocchi.e35328f6-e212-4298-8e59-6ec1b95e78ba/1759320000.0_mean_300.0_v3" "tx4bd1ee2582bf4c6bb663a-0068e16afe" "proxy-server 94717" 0.0007 "-" 93717 0
Oct 04 14:44:14 np0005470878.novalocal proxy-server[94717]: ::1 ::1 04/Oct/2025/18/44/14 GET /v1/AUTH_3c12f327ec924e3c89731d403fb9bd42/gnocchi.e35328f6-e212-4298-8e59-6ec1b95e78ba/1759320000.0_mean_300.0_v3 HTTP/1.0 404 - python-swiftclient-4.7.0 gAAAAABo4Wq9xl3N... - 70 - tx4bd1ee2582bf4c6bb663a-0068e16afe - 0.0127 - - 1759603454.210680485 1759603454.223330498 0
Oct 04 14:44:14 np0005470878.novalocal container-server[93384]: ::1 - - [04/Oct/2025:18:44:14 +0000] "PUT /3/122310/AUTH_3c12f327ec924e3c89731d403fb9bd42/gnocchi.1898e3d5-efeb-42c0-817f-cf1a9f960f35/none_v3" 201 - "PUT http://[::1]:8080/3/231900/AUTH_3c12f327ec924e3c89731d403fb9bd42/gnocchi.1898e3d5-efeb-42c0-817f-cf1a9f960f35/none_v3" "txd6f388bb5a2742328a072-0068e16afe" "object-server 93716" 0.0006 "-" 93384 0
Oct 04 14:44:14 np0005470878.novalocal object-server[93716]: ::1 - - [04/Oct/2025:18:44:14 +0000] "PUT /3/231900/AUTH_3c12f327ec924e3c89731d403fb9bd42/gnocchi.1898e3d5-efeb-42c0-817f-cf1a9f960f35/none_v3" 201 - "PUT https://[::1]:8080/v1/AUTH_3c12f327ec924e3c89731d403fb9bd42/gnocchi.1898e3d5-efeb-42c0-817f-cf1a9f960f35/none_v3" "txd6f388bb5a2742328a072-0068e16afe" "proxy-server 94716" 0.0195 "-" 93716 0
Oct 04 14:44:14 np0005470878.novalocal container-server[93384]: ::1 - - [04/Oct/2025:18:44:14 +0000] "PUT /1/122310/AUTH_3c12f327ec924e3c89731d403fb9bd42/gnocchi.1898e3d5-efeb-42c0-817f-cf1a9f960f35/none_v3" 201 - "PUT http://[::1]:8080/2/231900/AUTH_3c12f327ec924e3c89731d403fb9bd42/gnocchi.1898e3d5-efeb-42c0-817f-cf1a9f960f35/none_v3" "txd6f388bb5a2742328a072-0068e16afe" "object-server 93716" 0.0004 "-" 93384 0
Oct 04 14:44:14 np0005470878.novalocal object-server[93716]: ::1 - - [04/Oct/2025:18:44:14 +0000] "PUT /2/231900/AUTH_3c12f327ec924e3c89731d403fb9bd42/gnocchi.1898e3d5-efeb-42c0-817f-cf1a9f960f35/none_v3" 201 - "PUT https://[::1]:8080/v1/AUTH_3c12f327ec924e3c89731d403fb9bd42/gnocchi.1898e3d5-efeb-42c0-817f-cf1a9f960f35/none_v3" "txd6f388bb5a2742328a072-0068e16afe" "proxy-server 94716" 0.0235 "-" 93716 0
Oct 04 14:44:14 np0005470878.novalocal container-server[93383]: ::1 - - [04/Oct/2025:18:44:14 +0000] "PUT /2/122310/AUTH_3c12f327ec924e3c89731d403fb9bd42/gnocchi.1898e3d5-efeb-42c0-817f-cf1a9f960f35/none_v3" 201 - "PUT http://[::1]:8080/1/231900/AUTH_3c12f327ec924e3c89731d403fb9bd42/gnocchi.1898e3d5-efeb-42c0-817f-cf1a9f960f35/none_v3" "txd6f388bb5a2742328a072-0068e16afe" "object-server 93716" 0.0004 "-" 93383 0
Oct 04 14:44:14 np0005470878.novalocal object-server[93716]: ::1 - - [04/Oct/2025:18:44:14 +0000] "PUT /1/231900/AUTH_3c12f327ec924e3c89731d403fb9bd42/gnocchi.1898e3d5-efeb-42c0-817f-cf1a9f960f35/none_v3" 201 - "PUT https://[::1]:8080/v1/AUTH_3c12f327ec924e3c89731d403fb9bd42/gnocchi.1898e3d5-efeb-42c0-817f-cf1a9f960f35/none_v3" "txd6f388bb5a2742328a072-0068e16afe" "proxy-server 94716" 0.0336 "-" 93716 0
Oct 04 14:44:14 np0005470878.novalocal proxy-server[94716]: ::1 ::1 04/Oct/2025/18/44/14 PUT /v1/AUTH_3c12f327ec924e3c89731d403fb9bd42/gnocchi.1898e3d5-efeb-42c0-817f-cf1a9f960f35/none_v3 HTTP/1.0 201 - python-swiftclient-4.7.0 gAAAAABo4WrHdnea... 22 - - txd6f388bb5a2742328a072-0068e16afe - 0.0419 - - 1759603454.202194214 1759603454.244101524 0
Oct 04 14:44:14 np0005470878.novalocal container-server[93384]: ::1 - - [04/Oct/2025:18:44:14 +0000] "PUT /2/61721/AUTH_3c12f327ec924e3c89731d403fb9bd42/gnocchi.e35328f6-e212-4298-8e59-6ec1b95e78ba/1759320000.0_mean_300.0_v3" 201 - "PUT http://[::1]:8080/3/228483/AUTH_3c12f327ec924e3c89731d403fb9bd42/gnocchi.e35328f6-e212-4298-8e59-6ec1b95e78ba/1759320000.0_mean_300.0_v3" "tx52afb104d3304d819dca6-0068e16afe" "object-server 93716" 0.0005 "-" 93384 0
Oct 04 14:44:14 np0005470878.novalocal object-server[93716]: ::1 - - [04/Oct/2025:18:44:14 +0000] "PUT /3/228483/AUTH_3c12f327ec924e3c89731d403fb9bd42/gnocchi.e35328f6-e212-4298-8e59-6ec1b95e78ba/1759320000.0_mean_300.0_v3" 201 - "PUT https://[::1]:8080/v1/AUTH_3c12f327ec924e3c89731d403fb9bd42/gnocchi.e35328f6-e212-4298-8e59-6ec1b95e78ba/1759320000.0_mean_300.0_v3" "tx52afb104d3304d819dca6-0068e16afe" "proxy-server 94717" 0.0197 "-" 93716 0
Oct 04 14:44:14 np0005470878.novalocal container-server[93383]: ::1 - - [04/Oct/2025:18:44:14 +0000] "PUT /1/61721/AUTH_3c12f327ec924e3c89731d403fb9bd42/gnocchi.e35328f6-e212-4298-8e59-6ec1b95e78ba/1759320000.0_mean_300.0_v3" 201 - "PUT http://[::1]:8080/2/228483/AUTH_3c12f327ec924e3c89731d403fb9bd42/gnocchi.e35328f6-e212-4298-8e59-6ec1b95e78ba/1759320000.0_mean_300.0_v3" "tx52afb104d3304d819dca6-0068e16afe" "object-server 93716" 0.0011 "-" 93383 0
Oct 04 14:44:14 np0005470878.novalocal container-server[93384]: ::1 - - [04/Oct/2025:18:44:14 +0000] "PUT /3/61721/AUTH_3c12f327ec924e3c89731d403fb9bd42/gnocchi.e35328f6-e212-4298-8e59-6ec1b95e78ba/1759320000.0_mean_300.0_v3" 201 - "PUT http://[::1]:8080/1/228483/AUTH_3c12f327ec924e3c89731d403fb9bd42/gnocchi.e35328f6-e212-4298-8e59-6ec1b95e78ba/1759320000.0_mean_300.0_v3" "tx52afb104d3304d819dca6-0068e16afe" "object-server 93717" 0.0005 "-" 93384 0
Oct 04 14:44:14 np0005470878.novalocal object-server[93716]: ::1 - - [04/Oct/2025:18:44:14 +0000] "PUT /2/228483/AUTH_3c12f327ec924e3c89731d403fb9bd42/gnocchi.e35328f6-e212-4298-8e59-6ec1b95e78ba/1759320000.0_mean_300.0_v3" 201 - "PUT https://[::1]:8080/v1/AUTH_3c12f327ec924e3c89731d403fb9bd42/gnocchi.e35328f6-e212-4298-8e59-6ec1b95e78ba/1759320000.0_mean_300.0_v3" "tx52afb104d3304d819dca6-0068e16afe" "proxy-server 94717" 0.0232 "-" 93716 0
Oct 04 14:44:14 np0005470878.novalocal object-server[93717]: ::1 - - [04/Oct/2025:18:44:14 +0000] "PUT /1/228483/AUTH_3c12f327ec924e3c89731d403fb9bd42/gnocchi.e35328f6-e212-4298-8e59-6ec1b95e78ba/1759320000.0_mean_300.0_v3" 201 - "PUT https://[::1]:8080/v1/AUTH_3c12f327ec924e3c89731d403fb9bd42/gnocchi.e35328f6-e212-4298-8e59-6ec1b95e78ba/1759320000.0_mean_300.0_v3" "tx52afb104d3304d819dca6-0068e16afe" "proxy-server 94717" 0.0260 "-" 93717 0
Oct 04 14:44:14 np0005470878.novalocal proxy-server[94717]: ::1 ::1 04/Oct/2025/18/44/14 PUT /v1/AUTH_3c12f327ec924e3c89731d403fb9bd42/gnocchi.e35328f6-e212-4298-8e59-6ec1b95e78ba/1759320000.0_mean_300.0_v3 HTTP/1.0 201 - python-swiftclient-4.7.0 gAAAAABo4Wq9xl3N... 16 - - tx52afb104d3304d819dca6-0068e16afe - 0.0364 - - 1759603454.225786686 1759603454.262169361 0
Oct 04 14:44:14 np0005470878.novalocal container-server[93383]: ::1 - - [04/Oct/2025:18:44:14 +0000] "HEAD /1/31310/AUTH_3c12f327ec924e3c89731d403fb9bd42/gnocchi.0ce2a7af-c5c6-4929-b47a-b94987d5cf43" 404 - "HEAD http://[::1]:8080/v1/AUTH_3c12f327ec924e3c89731d403fb9bd42/gnocchi.0ce2a7af-c5c6-4929-b47a-b94987d5cf43" "tx10de922291fa4a7e9062b-0068e16afe" "proxy-server 94716" 0.0003 "-" 93383 0
Oct 04 14:44:14 np0005470878.novalocal container-server[93384]: ::1 - - [04/Oct/2025:18:44:14 +0000] "HEAD /3/31310/AUTH_3c12f327ec924e3c89731d403fb9bd42/gnocchi.0ce2a7af-c5c6-4929-b47a-b94987d5cf43" 404 - "HEAD http://[::1]:8080/v1/AUTH_3c12f327ec924e3c89731d403fb9bd42/gnocchi.0ce2a7af-c5c6-4929-b47a-b94987d5cf43" "tx10de922291fa4a7e9062b-0068e16afe" "proxy-server 94716" 0.0002 "-" 93384 0
Oct 04 14:44:14 np0005470878.novalocal container-server[93383]: ::1 - - [04/Oct/2025:18:44:14 +0000] "HEAD /2/31310/AUTH_3c12f327ec924e3c89731d403fb9bd42/gnocchi.0ce2a7af-c5c6-4929-b47a-b94987d5cf43" 404 - "HEAD http://[::1]:8080/v1/AUTH_3c12f327ec924e3c89731d403fb9bd42/gnocchi.0ce2a7af-c5c6-4929-b47a-b94987d5cf43" "tx10de922291fa4a7e9062b-0068e16afe" "proxy-server 94716" 0.0002 "-" 93383 0
Oct 04 14:44:14 np0005470878.novalocal proxy-server[94716]: - - 04/Oct/2025/18/44/14 HEAD /v1/AUTH_3c12f327ec924e3c89731d403fb9bd42/gnocchi.0ce2a7af-c5c6-4929-b47a-b94987d5cf43 HTTP/1.0 404 - Swift - - - - tx10de922291fa4a7e9062b-0068e16afe - 0.0087 CS - 1759603454.273197889 1759603454.281897545 0
Oct 04 14:44:14 np0005470878.novalocal container-server[93384]: ::1 - - [04/Oct/2025:18:44:14 +0000] "PUT /3/61721/AUTH_3c12f327ec924e3c89731d403fb9bd42/gnocchi.e35328f6-e212-4298-8e59-6ec1b95e78ba/none_v3" 201 - "PUT http://[::1]:8080/1/53873/AUTH_3c12f327ec924e3c89731d403fb9bd42/gnocchi.e35328f6-e212-4298-8e59-6ec1b95e78ba/none_v3" "txa501802fd93a4286b0b83-0068e16afe" "object-server 93716" 0.0003 "-" 93384 0
Oct 04 14:44:14 np0005470878.novalocal object-server[93716]: ::1 - - [04/Oct/2025:18:44:14 +0000] "PUT /1/53873/AUTH_3c12f327ec924e3c89731d403fb9bd42/gnocchi.e35328f6-e212-4298-8e59-6ec1b95e78ba/none_v3" 201 - "PUT https://[::1]:8080/v1/AUTH_3c12f327ec924e3c89731d403fb9bd42/gnocchi.e35328f6-e212-4298-8e59-6ec1b95e78ba/none_v3" "txa501802fd93a4286b0b83-0068e16afe" "proxy-server 94717" 0.0173 "-" 93716 0
Oct 04 14:44:14 np0005470878.novalocal container-server[93384]: ::1 - - [04/Oct/2025:18:44:14 +0000] "PUT /1/61721/AUTH_3c12f327ec924e3c89731d403fb9bd42/gnocchi.e35328f6-e212-4298-8e59-6ec1b95e78ba/none_v3" 201 - "PUT http://[::1]:8080/3/53873/AUTH_3c12f327ec924e3c89731d403fb9bd42/gnocchi.e35328f6-e212-4298-8e59-6ec1b95e78ba/none_v3" "txa501802fd93a4286b0b83-0068e16afe" "object-server 93717" 0.0003 "-" 93384 0
Oct 04 14:44:14 np0005470878.novalocal object-server[93717]: ::1 - - [04/Oct/2025:18:44:14 +0000] "PUT /3/53873/AUTH_3c12f327ec924e3c89731d403fb9bd42/gnocchi.e35328f6-e212-4298-8e59-6ec1b95e78ba/none_v3" 201 - "PUT https://[::1]:8080/v1/AUTH_3c12f327ec924e3c89731d403fb9bd42/gnocchi.e35328f6-e212-4298-8e59-6ec1b95e78ba/none_v3" "txa501802fd93a4286b0b83-0068e16afe" "proxy-server 94717" 0.0188 "-" 93717 0
Oct 04 14:44:14 np0005470878.novalocal object-server[93717]: ::1 - - [04/Oct/2025:18:44:14 +0000] "GET /2/31783/AUTH_3c12f327ec924e3c89731d403fb9bd42/gnocchi.0ce2a7af-c5c6-4929-b47a-b94987d5cf43/none_v3" 404 70 "GET https://[::1]:8080/v1/AUTH_3c12f327ec924e3c89731d403fb9bd42/gnocchi.0ce2a7af-c5c6-4929-b47a-b94987d5cf43/none_v3" "tx10de922291fa4a7e9062b-0068e16afe" "proxy-server 94716" 0.0003 "-" 93717 0
Oct 04 14:44:14 np0005470878.novalocal object-server[93717]: ::1 - - [04/Oct/2025:18:44:14 +0000] "GET /1/31783/AUTH_3c12f327ec924e3c89731d403fb9bd42/gnocchi.0ce2a7af-c5c6-4929-b47a-b94987d5cf43/none_v3" 404 70 "GET https://[::1]:8080/v1/AUTH_3c12f327ec924e3c89731d403fb9bd42/gnocchi.0ce2a7af-c5c6-4929-b47a-b94987d5cf43/none_v3" "tx10de922291fa4a7e9062b-0068e16afe" "proxy-server 94716" 0.0002 "-" 93717 0
Oct 04 14:44:14 np0005470878.novalocal container-server[93383]: ::1 - - [04/Oct/2025:18:44:14 +0000] "PUT /2/61721/AUTH_3c12f327ec924e3c89731d403fb9bd42/gnocchi.e35328f6-e212-4298-8e59-6ec1b95e78ba/none_v3" 201 - "PUT http://[::1]:8080/2/53873/AUTH_3c12f327ec924e3c89731d403fb9bd42/gnocchi.e35328f6-e212-4298-8e59-6ec1b95e78ba/none_v3" "txa501802fd93a4286b0b83-0068e16afe" "object-server 93717" 0.0006 "-" 93383 0
Oct 04 14:44:14 np0005470878.novalocal object-server[93717]: ::1 - - [04/Oct/2025:18:44:14 +0000] "PUT /2/53873/AUTH_3c12f327ec924e3c89731d403fb9bd42/gnocchi.e35328f6-e212-4298-8e59-6ec1b95e78ba/none_v3" 201 - "PUT https://[::1]:8080/v1/AUTH_3c12f327ec924e3c89731d403fb9bd42/gnocchi.e35328f6-e212-4298-8e59-6ec1b95e78ba/none_v3" "txa501802fd93a4286b0b83-0068e16afe" "proxy-server 94717" 0.0259 "-" 93717 0
Oct 04 14:44:14 np0005470878.novalocal object-server[93716]: ::1 - - [04/Oct/2025:18:44:14 +0000] "GET /3/31783/AUTH_3c12f327ec924e3c89731d403fb9bd42/gnocchi.0ce2a7af-c5c6-4929-b47a-b94987d5cf43/none_v3" 404 70 "GET https://[::1]:8080/v1/AUTH_3c12f327ec924e3c89731d403fb9bd42/gnocchi.0ce2a7af-c5c6-4929-b47a-b94987d5cf43/none_v3" "tx10de922291fa4a7e9062b-0068e16afe" "proxy-server 94716" 0.0003 "-" 93716 0
Oct 04 14:44:14 np0005470878.novalocal proxy-server[94717]: ::1 ::1 04/Oct/2025/18/44/14 PUT /v1/AUTH_3c12f327ec924e3c89731d403fb9bd42/gnocchi.e35328f6-e212-4298-8e59-6ec1b95e78ba/none_v3 HTTP/1.0 201 - python-swiftclient-4.7.0 gAAAAABo4Wq9xl3N... 22 - - txa501802fd93a4286b0b83-0068e16afe - 0.0413 - - 1759603454.264188051 1759603454.305508375 0
Oct 04 14:44:14 np0005470878.novalocal proxy-server[94716]: ::1 ::1 04/Oct/2025/18/44/14 GET /v1/AUTH_3c12f327ec924e3c89731d403fb9bd42/gnocchi.0ce2a7af-c5c6-4929-b47a-b94987d5cf43/none_v3 HTTP/1.0 404 - python-swiftclient-4.7.0 gAAAAABo4WrHdnea... - 70 - tx10de922291fa4a7e9062b-0068e16afe - 0.0332 - - 1759603454.272569895 1759603454.305725813 0
