Oct 04 14:43:28 np0005470878.novalocal proxy-server[94716]: - - 04/Oct/2025/18/43/28 HEAD /v1/AUTH_3c12f327ec924e3c89731d403fb9bd42/gnocchi.9b5768db-1024-40e8-80be-114928977fbd HTTP/1.0 204 - Swift - - - - tx97f3672d59e14579acea0-0068e16ad0 - 0.0059 CS - 1759603408.497377634 1759603408.503237486 0
Oct 04 14:43:28 np0005470878.novalocal container-server[93383]: ::1 - - [04/Oct/2025:18:43:28 +0000] "GET /1/197120/AUTH_3c12f327ec924e3c89731d403fb9bd42/gnocchi.9b5768db-1024-40e8-80be-114928977fbd" 200 2 "GET https://[::1]:8080/v1/AUTH_3c12f327ec924e3c89731d403fb9bd42/gnocchi.9b5768db-1024-40e8-80be-114928977fbd?format=json&states=listing" "tx97f3672d59e14579acea0-0068e16ad0" "proxy-server 94716" 0.0022 "-" 93383 0
Oct 04 14:43:28 np0005470878.novalocal proxy-server[94716]: ::1 ::1 04/Oct/2025/18/43/28 GET /v1/AUTH_3c12f327ec924e3c89731d403fb9bd42/gnocchi.9b5768db-1024-40e8-80be-114928977fbd%3Fformat%3Djson%26states%3Dlisting HTTP/1.0 200 - python-swiftclient-4.7.0 gAAAAABo4WrHdnea... - 2 - tx97f3672d59e14579acea0-0068e16ad0 - 0.0169 - - 1759603408.496634722 1759603408.513531923 0
Oct 04 14:43:28 np0005470878.novalocal object-server[93716]: ::1 - - [04/Oct/2025:18:43:28 +0000] "GET /3/206421/AUTH_3c12f327ec924e3c89731d403fb9bd42/gnocchi.9b5768db-1024-40e8-80be-114928977fbd/1759320000.0_mean_300.0_v3" 404 70 "GET https://[::1]:8080/v1/AUTH_3c12f327ec924e3c89731d403fb9bd42/gnocchi.9b5768db-1024-40e8-80be-114928977fbd/1759320000.0_mean_300.0_v3" "txe71dcd3f395f4e19aae1f-0068e16ad0" "proxy-server 94716" 0.0003 "-" 93716 0
Oct 04 14:43:28 np0005470878.novalocal object-server[93716]: ::1 - - [04/Oct/2025:18:43:28 +0000] "GET /1/206421/AUTH_3c12f327ec924e3c89731d403fb9bd42/gnocchi.9b5768db-1024-40e8-80be-114928977fbd/1759320000.0_mean_300.0_v3" 404 70 "GET https://[::1]:8080/v1/AUTH_3c12f327ec924e3c89731d403fb9bd42/gnocchi.9b5768db-1024-40e8-80be-114928977fbd/1759320000.0_mean_300.0_v3" "txe71dcd3f395f4e19aae1f-0068e16ad0" "proxy-server 94716" 0.0002 "-" 93716 0
Oct 04 14:43:28 np0005470878.novalocal object-server[93716]: ::1 - - [04/Oct/2025:18:43:28 +0000] "GET /2/206421/AUTH_3c12f327ec924e3c89731d403fb9bd42/gnocchi.9b5768db-1024-40e8-80be-114928977fbd/1759320000.0_mean_300.0_v3" 404 70 "GET https://[::1]:8080/v1/AUTH_3c12f327ec924e3c89731d403fb9bd42/gnocchi.9b5768db-1024-40e8-80be-114928977fbd/1759320000.0_mean_300.0_v3" "txe71dcd3f395f4e19aae1f-0068e16ad0" "proxy-server 94716" 0.0001 "-" 93716 0
Oct 04 14:43:28 np0005470878.novalocal container-server[93384]: ::1 - - [04/Oct/2025:18:43:28 +0000] "HEAD /1/15531/AUTH_3c12f327ec924e3c89731d403fb9bd42/gnocchi.872a6796-0cfc-41bf-b205-ce505c2eae4e" 404 - "HEAD http://[::1]:8080/v1/AUTH_3c12f327ec924e3c89731d403fb9bd42/gnocchi.872a6796-0cfc-41bf-b205-ce505c2eae4e" "tx0d971175d38146ff8e796-0068e16ad0" "proxy-server 94717" 0.0003 "-" 93384 0
Oct 04 14:43:28 np0005470878.novalocal container-server[93383]: ::1 - - [04/Oct/2025:18:43:28 +0000] "HEAD /2/15531/AUTH_3c12f327ec924e3c89731d403fb9bd42/gnocchi.872a6796-0cfc-41bf-b205-ce505c2eae4e" 404 - "HEAD http://[::1]:8080/v1/AUTH_3c12f327ec924e3c89731d403fb9bd42/gnocchi.872a6796-0cfc-41bf-b205-ce505c2eae4e" "tx0d971175d38146ff8e796-0068e16ad0" "proxy-server 94717" 0.0004 "-" 93383 0
Oct 04 14:43:28 np0005470878.novalocal proxy-server[94716]: ::1 ::1 04/Oct/2025/18/43/28 GET /v1/AUTH_3c12f327ec924e3c89731d403fb9bd42/gnocchi.9b5768db-1024-40e8-80be-114928977fbd/1759320000.0_mean_300.0_v3 HTTP/1.0 404 - python-swiftclient-4.7.0 gAAAAABo4WrHdnea... - 70 - txe71dcd3f395f4e19aae1f-0068e16ad0 - 0.0156 - - 1759603408.518217564 1759603408.533797264 0
Oct 04 14:43:28 np0005470878.novalocal container-server[93383]: ::1 - - [04/Oct/2025:18:43:28 +0000] "HEAD /3/15531/AUTH_3c12f327ec924e3c89731d403fb9bd42/gnocchi.872a6796-0cfc-41bf-b205-ce505c2eae4e" 404 - "HEAD http://[::1]:8080/v1/AUTH_3c12f327ec924e3c89731d403fb9bd42/gnocchi.872a6796-0cfc-41bf-b205-ce505c2eae4e" "tx0d971175d38146ff8e796-0068e16ad0" "proxy-server 94717" 0.0002 "-" 93383 0
Oct 04 14:43:28 np0005470878.novalocal proxy-server[94717]: - - 04/Oct/2025/18/43/28 HEAD /v1/AUTH_3c12f327ec924e3c89731d403fb9bd42/gnocchi.872a6796-0cfc-41bf-b205-ce505c2eae4e HTTP/1.0 404 - Swift - - - - tx0d971175d38146ff8e796-0068e16ad0 - 0.0082 CS - 1759603408.530360222 1759603408.538546085 0
Oct 04 14:43:28 np0005470878.novalocal object-server[93717]: ::1 - - [04/Oct/2025:18:43:28 +0000] "GET /2/139307/AUTH_3c12f327ec924e3c89731d403fb9bd42/gnocchi.872a6796-0cfc-41bf-b205-ce505c2eae4e/none_v3" 404 70 "GET https://[::1]:8080/v1/AUTH_3c12f327ec924e3c89731d403fb9bd42/gnocchi.872a6796-0cfc-41bf-b205-ce505c2eae4e/none_v3" "tx0d971175d38146ff8e796-0068e16ad0" "proxy-server 94717" 0.0003 "-" 93717 0
Oct 04 14:43:28 np0005470878.novalocal object-server[93717]: ::1 - - [04/Oct/2025:18:43:28 +0000] "GET /3/139307/AUTH_3c12f327ec924e3c89731d403fb9bd42/gnocchi.872a6796-0cfc-41bf-b205-ce505c2eae4e/none_v3" 404 70 "GET https://[::1]:8080/v1/AUTH_3c12f327ec924e3c89731d403fb9bd42/gnocchi.872a6796-0cfc-41bf-b205-ce505c2eae4e/none_v3" "tx0d971175d38146ff8e796-0068e16ad0" "proxy-server 94717" 0.0001 "-" 93717 0
Oct 04 14:43:28 np0005470878.novalocal object-server[93716]: ::1 - - [04/Oct/2025:18:43:28 +0000] "GET /1/139307/AUTH_3c12f327ec924e3c89731d403fb9bd42/gnocchi.872a6796-0cfc-41bf-b205-ce505c2eae4e/none_v3" 404 70 "GET https://[::1]:8080/v1/AUTH_3c12f327ec924e3c89731d403fb9bd42/gnocchi.872a6796-0cfc-41bf-b205-ce505c2eae4e/none_v3" "tx0d971175d38146ff8e796-0068e16ad0" "proxy-server 94717" 0.0002 "-" 93716 0
Oct 04 14:43:28 np0005470878.novalocal proxy-server[94717]: ::1 ::1 04/Oct/2025/18/43/28 GET /v1/AUTH_3c12f327ec924e3c89731d403fb9bd42/gnocchi.872a6796-0cfc-41bf-b205-ce505c2eae4e/none_v3 HTTP/1.0 404 - python-swiftclient-4.7.0 gAAAAABo4Wq9xl3N... - 70 - tx0d971175d38146ff8e796-0068e16ad0 - 0.0177 - - 1759603408.529286385 1759603408.547026873 0
Oct 04 14:43:28 np0005470878.novalocal container-server[93384]: ::1 - - [04/Oct/2025:18:43:28 +0000] "PUT /2/197120/AUTH_3c12f327ec924e3c89731d403fb9bd42/gnocchi.9b5768db-1024-40e8-80be-114928977fbd/1759320000.0_mean_300.0_v3" 201 - "PUT http://[::1]:8080/3/206421/AUTH_3c12f327ec924e3c89731d403fb9bd42/gnocchi.9b5768db-1024-40e8-80be-114928977fbd/1759320000.0_mean_300.0_v3" "tx660dfe0151ad4e8c9aa37-0068e16ad0" "object-server 93716" 0.0006 "-" 93384 0
Oct 04 14:43:28 np0005470878.novalocal object-server[93716]: ::1 - - [04/Oct/2025:18:43:28 +0000] "PUT /3/206421/AUTH_3c12f327ec924e3c89731d403fb9bd42/gnocchi.9b5768db-1024-40e8-80be-114928977fbd/1759320000.0_mean_300.0_v3" 201 - "PUT https://[::1]:8080/v1/AUTH_3c12f327ec924e3c89731d403fb9bd42/gnocchi.9b5768db-1024-40e8-80be-114928977fbd/1759320000.0_mean_300.0_v3" "tx660dfe0151ad4e8c9aa37-0068e16ad0" "proxy-server 94716" 0.0137 "-" 93716 0
Oct 04 14:43:28 np0005470878.novalocal container-server[93383]: ::1 - - [04/Oct/2025:18:43:28 +0000] "PUT /3/197120/AUTH_3c12f327ec924e3c89731d403fb9bd42/gnocchi.9b5768db-1024-40e8-80be-114928977fbd/1759320000.0_mean_300.0_v3" 201 - "PUT http://[::1]:8080/2/206421/AUTH_3c12f327ec924e3c89731d403fb9bd42/gnocchi.9b5768db-1024-40e8-80be-114928977fbd/1759320000.0_mean_300.0_v3" "tx660dfe0151ad4e8c9aa37-0068e16ad0" "object-server 93716" 0.0005 "-" 93383 0
Oct 04 14:43:28 np0005470878.novalocal container-server[93383]: ::1 - - [04/Oct/2025:18:43:28 +0000] "PUT /1/197120/AUTH_3c12f327ec924e3c89731d403fb9bd42/gnocchi.9b5768db-1024-40e8-80be-114928977fbd/1759320000.0_mean_300.0_v3" 201 - "PUT http://[::1]:8080/1/206421/AUTH_3c12f327ec924e3c89731d403fb9bd42/gnocchi.9b5768db-1024-40e8-80be-114928977fbd/1759320000.0_mean_300.0_v3" "tx660dfe0151ad4e8c9aa37-0068e16ad0" "object-server 93716" 0.0003 "-" 93383 0
Oct 04 14:43:28 np0005470878.novalocal object-server[93716]: ::1 - - [04/Oct/2025:18:43:28 +0000] "PUT /2/206421/AUTH_3c12f327ec924e3c89731d403fb9bd42/gnocchi.9b5768db-1024-40e8-80be-114928977fbd/1759320000.0_mean_300.0_v3" 201 - "PUT https://[::1]:8080/v1/AUTH_3c12f327ec924e3c89731d403fb9bd42/gnocchi.9b5768db-1024-40e8-80be-114928977fbd/1759320000.0_mean_300.0_v3" "tx660dfe0151ad4e8c9aa37-0068e16ad0" "proxy-server 94716" 0.0367 "-" 93716 0
Oct 04 14:43:28 np0005470878.novalocal object-server[93716]: ::1 - - [04/Oct/2025:18:43:28 +0000] "PUT /1/206421/AUTH_3c12f327ec924e3c89731d403fb9bd42/gnocchi.9b5768db-1024-40e8-80be-114928977fbd/1759320000.0_mean_300.0_v3" 201 - "PUT https://[::1]:8080/v1/AUTH_3c12f327ec924e3c89731d403fb9bd42/gnocchi.9b5768db-1024-40e8-80be-114928977fbd/1759320000.0_mean_300.0_v3" "tx660dfe0151ad4e8c9aa37-0068e16ad0" "proxy-server 94716" 0.0327 "-" 93716 0
Oct 04 14:43:28 np0005470878.novalocal proxy-server[94716]: ::1 ::1 04/Oct/2025/18/43/28 PUT /v1/AUTH_3c12f327ec924e3c89731d403fb9bd42/gnocchi.9b5768db-1024-40e8-80be-114928977fbd/1759320000.0_mean_300.0_v3 HTTP/1.0 201 - python-swiftclient-4.7.0 gAAAAABo4WrHdnea... 16 - - tx660dfe0151ad4e8c9aa37-0068e16ad0 - 0.0437 - - 1759603408.544398308 1759603408.588121176 0
Oct 04 14:43:28 np0005470878.novalocal account-server[93088]: ::1 - - [04/Oct/2025:18:43:28 +0000] "PUT /1/140569/AUTH_3c12f327ec924e3c89731d403fb9bd42/gnocchi.872a6796-0cfc-41bf-b205-ce505c2eae4e" 201 - "PUT http://[::1]:6001/3/15531/AUTH_3c12f327ec924e3c89731d403fb9bd42/gnocchi.872a6796-0cfc-41bf-b205-ce505c2eae4e" "tx4d10790e3a014ac2b5ae7-0068e16ad0" "container-server 93383" 0.0041 "-" 93088 0
Oct 04 14:43:28 np0005470878.novalocal container-server[93383]: ::1 - - [04/Oct/2025:18:43:28 +0000] "PUT /3/15531/AUTH_3c12f327ec924e3c89731d403fb9bd42/gnocchi.872a6796-0cfc-41bf-b205-ce505c2eae4e" 201 - "PUT https://[::1]:8080/v1/AUTH_3c12f327ec924e3c89731d403fb9bd42/gnocchi.872a6796-0cfc-41bf-b205-ce505c2eae4e" "tx4d10790e3a014ac2b5ae7-0068e16ad0" "proxy-server 94717" 0.0304 "-" 93383 0
Oct 04 14:43:28 np0005470878.novalocal account-server[93089]: ::1 - - [04/Oct/2025:18:43:28 +0000] "PUT /2/140569/AUTH_3c12f327ec924e3c89731d403fb9bd42/gnocchi.872a6796-0cfc-41bf-b205-ce505c2eae4e" 201 - "PUT http://[::1]:6001/1/15531/AUTH_3c12f327ec924e3c89731d403fb9bd42/gnocchi.872a6796-0cfc-41bf-b205-ce505c2eae4e" "tx4d10790e3a014ac2b5ae7-0068e16ad0" "container-server 93383" 0.0062 "-" 93089 0
Oct 04 14:43:28 np0005470878.novalocal container-server[93383]: ::1 - - [04/Oct/2025:18:43:28 +0000] "PUT /1/15531/AUTH_3c12f327ec924e3c89731d403fb9bd42/gnocchi.872a6796-0cfc-41bf-b205-ce505c2eae4e" 201 - "PUT https://[::1]:8080/v1/AUTH_3c12f327ec924e3c89731d403fb9bd42/gnocchi.872a6796-0cfc-41bf-b205-ce505c2eae4e" "tx4d10790e3a014ac2b5ae7-0068e16ad0" "proxy-server 94717" 0.0215 "-" 93383 0
Oct 04 14:43:28 np0005470878.novalocal account-server[93089]: ::1 - - [04/Oct/2025:18:43:28 +0000] "PUT /3/140569/AUTH_3c12f327ec924e3c89731d403fb9bd42/gnocchi.872a6796-0cfc-41bf-b205-ce505c2eae4e" 201 - "PUT http://[::1]:6001/2/15531/AUTH_3c12f327ec924e3c89731d403fb9bd42/gnocchi.872a6796-0cfc-41bf-b205-ce505c2eae4e" "tx4d10790e3a014ac2b5ae7-0068e16ad0" "container-server 93383" 0.0063 "-" 93089 0
Oct 04 14:43:28 np0005470878.novalocal container-server[93383]: ::1 - - [04/Oct/2025:18:43:28 +0000] "PUT /2/15531/AUTH_3c12f327ec924e3c89731d403fb9bd42/gnocchi.872a6796-0cfc-41bf-b205-ce505c2eae4e" 201 - "PUT https://[::1]:8080/v1/AUTH_3c12f327ec924e3c89731d403fb9bd42/gnocchi.872a6796-0cfc-41bf-b205-ce505c2eae4e" "tx4d10790e3a014ac2b5ae7-0068e16ad0" "proxy-server 94717" 0.0354 "-" 93383 0
Oct 04 14:43:28 np0005470878.novalocal proxy-server[94717]: ::1 ::1 04/Oct/2025/18/43/28 PUT /v1/AUTH_3c12f327ec924e3c89731d403fb9bd42/gnocchi.872a6796-0cfc-41bf-b205-ce505c2eae4e HTTP/1.0 201 - python-swiftclient-4.7.0 gAAAAABo4Wq9xl3N... - - - tx4d10790e3a014ac2b5ae7-0068e16ad0 - 0.0496 - - 1759603408.552539110 1759603408.602143049 0
Oct 04 14:43:28 np0005470878.novalocal container-server[93384]: ::1 - - [04/Oct/2025:18:43:28 +0000] "PUT /3/197120/AUTH_3c12f327ec924e3c89731d403fb9bd42/gnocchi.9b5768db-1024-40e8-80be-114928977fbd/none_v3" 201 - "PUT http://[::1]:8080/3/214242/AUTH_3c12f327ec924e3c89731d403fb9bd42/gnocchi.9b5768db-1024-40e8-80be-114928977fbd/none_v3" "tx0dc97a7af9a146d89d810-0068e16ad0" "object-server 93717" 0.0005 "-" 93384 0
Oct 04 14:43:28 np0005470878.novalocal object-server[93717]: ::1 - - [04/Oct/2025:18:43:28 +0000] "PUT /3/214242/AUTH_3c12f327ec924e3c89731d403fb9bd42/gnocchi.9b5768db-1024-40e8-80be-114928977fbd/none_v3" 201 - "PUT https://[::1]:8080/v1/AUTH_3c12f327ec924e3c89731d403fb9bd42/gnocchi.9b5768db-1024-40e8-80be-114928977fbd/none_v3" "tx0dc97a7af9a146d89d810-0068e16ad0" "proxy-server 94716" 0.0118 "-" 93717 0
Oct 04 14:43:28 np0005470878.novalocal container-server[93384]: ::1 - - [04/Oct/2025:18:43:28 +0000] "PUT /1/197120/AUTH_3c12f327ec924e3c89731d403fb9bd42/gnocchi.9b5768db-1024-40e8-80be-114928977fbd/none_v3" 201 - "PUT http://[::1]:8080/2/214242/AUTH_3c12f327ec924e3c89731d403fb9bd42/gnocchi.9b5768db-1024-40e8-80be-114928977fbd/none_v3" "tx0dc97a7af9a146d89d810-0068e16ad0" "object-server 93716" 0.0003 "-" 93384 0
Oct 04 14:43:28 np0005470878.novalocal container-server[93383]: ::1 - - [04/Oct/2025:18:43:28 +0000] "PUT /2/197120/AUTH_3c12f327ec924e3c89731d403fb9bd42/gnocchi.9b5768db-1024-40e8-80be-114928977fbd/none_v3" 201 - "PUT http://[::1]:8080/1/214242/AUTH_3c12f327ec924e3c89731d403fb9bd42/gnocchi.9b5768db-1024-40e8-80be-114928977fbd/none_v3" "tx0dc97a7af9a146d89d810-0068e16ad0" "object-server 93717" 0.0016 "-" 93383 0
Oct 04 14:43:28 np0005470878.novalocal object-server[93717]: ::1 - - [04/Oct/2025:18:43:28 +0000] "PUT /1/214242/AUTH_3c12f327ec924e3c89731d403fb9bd42/gnocchi.9b5768db-1024-40e8-80be-114928977fbd/none_v3" 201 - "PUT https://[::1]:8080/v1/AUTH_3c12f327ec924e3c89731d403fb9bd42/gnocchi.9b5768db-1024-40e8-80be-114928977fbd/none_v3" "tx0dc97a7af9a146d89d810-0068e16ad0" "proxy-server 94716" 0.0117 "-" 93717 0
Oct 04 14:43:28 np0005470878.novalocal container-server[93384]: ::1 - - [04/Oct/2025:18:43:28 +0000] "HEAD /1/15531/AUTH_3c12f327ec924e3c89731d403fb9bd42/gnocchi.872a6796-0cfc-41bf-b205-ce505c2eae4e" 204 - "HEAD http://[::1]:8080/v1/AUTH_3c12f327ec924e3c89731d403fb9bd42/gnocchi.872a6796-0cfc-41bf-b205-ce505c2eae4e" "tx7fb4e0e44c2344a790cdf-0068e16ad0" "proxy-server 94717" 0.0011 "-" 93384 0
Oct 04 14:43:28 np0005470878.novalocal object-server[93716]: ::1 - - [04/Oct/2025:18:43:28 +0000] "PUT /2/214242/AUTH_3c12f327ec924e3c89731d403fb9bd42/gnocchi.9b5768db-1024-40e8-80be-114928977fbd/none_v3" 201 - "PUT https://[::1]:8080/v1/AUTH_3c12f327ec924e3c89731d403fb9bd42/gnocchi.9b5768db-1024-40e8-80be-114928977fbd/none_v3" "tx0dc97a7af9a146d89d810-0068e16ad0" "proxy-server 94716" 0.0133 "-" 93716 0
Oct 04 14:43:28 np0005470878.novalocal proxy-server[94717]: - - 04/Oct/2025/18/43/28 HEAD /v1/AUTH_3c12f327ec924e3c89731d403fb9bd42/gnocchi.872a6796-0cfc-41bf-b205-ce505c2eae4e HTTP/1.0 204 - Swift - - - - tx7fb4e0e44c2344a790cdf-0068e16ad0 - 0.0053 CS - 1759603408.607117891 1759603408.612389088 0
Oct 04 14:43:28 np0005470878.novalocal proxy-server[94716]: ::1 ::1 04/Oct/2025/18/43/28 PUT /v1/AUTH_3c12f327ec924e3c89731d403fb9bd42/gnocchi.9b5768db-1024-40e8-80be-114928977fbd/none_v3 HTTP/1.0 201 - python-swiftclient-4.7.0 gAAAAABo4WrHdnea... 22 - - tx0dc97a7af9a146d89d810-0068e16ad0 - 0.0220 - - 1759603408.591004372 1759603408.613024473 0
Oct 04 14:43:28 np0005470878.novalocal container-server[93383]: ::1 - - [04/Oct/2025:18:43:28 +0000] "GET /3/15531/AUTH_3c12f327ec924e3c89731d403fb9bd42/gnocchi.872a6796-0cfc-41bf-b205-ce505c2eae4e" 200 2 "GET https://[::1]:8080/v1/AUTH_3c12f327ec924e3c89731d403fb9bd42/gnocchi.872a6796-0cfc-41bf-b205-ce505c2eae4e?format=json&states=listing" "tx7fb4e0e44c2344a790cdf-0068e16ad0" "proxy-server 94717" 0.0040 "-" 93383 0
Oct 04 14:43:28 np0005470878.novalocal proxy-server[94717]: ::1 ::1 04/Oct/2025/18/43/28 GET /v1/AUTH_3c12f327ec924e3c89731d403fb9bd42/gnocchi.872a6796-0cfc-41bf-b205-ce505c2eae4e%3Fformat%3Djson%26states%3Dlisting HTTP/1.0 200 - python-swiftclient-4.7.0 gAAAAABo4Wq9xl3N... - 2 - tx7fb4e0e44c2344a790cdf-0068e16ad0 - 0.0188 - - 1759603408.606213808 1759603408.624982357 0
Oct 04 14:43:28 np0005470878.novalocal object-server[93717]: ::1 - - [04/Oct/2025:18:43:28 +0000] "GET /3/163170/AUTH_3c12f327ec924e3c89731d403fb9bd42/gnocchi.872a6796-0cfc-41bf-b205-ce505c2eae4e/1759320000.0_mean_300.0_v3" 404 70 "GET https://[::1]:8080/v1/AUTH_3c12f327ec924e3c89731d403fb9bd42/gnocchi.872a6796-0cfc-41bf-b205-ce505c2eae4e/1759320000.0_mean_300.0_v3" "txdb131224b9214a4d9ff99-0068e16ad0" "proxy-server 94717" 0.0003 "-" 93717 0
Oct 04 14:43:28 np0005470878.novalocal object-server[93717]: ::1 - - [04/Oct/2025:18:43:28 +0000] "GET /2/163170/AUTH_3c12f327ec924e3c89731d403fb9bd42/gnocchi.872a6796-0cfc-41bf-b205-ce505c2eae4e/1759320000.0_mean_300.0_v3" 404 70 "GET https://[::1]:8080/v1/AUTH_3c12f327ec924e3c89731d403fb9bd42/gnocchi.872a6796-0cfc-41bf-b205-ce505c2eae4e/1759320000.0_mean_300.0_v3" "txdb131224b9214a4d9ff99-0068e16ad0" "proxy-server 94717" 0.0002 "-" 93717 0
Oct 04 14:43:28 np0005470878.novalocal container-server[93383]: ::1 - - [04/Oct/2025:18:43:28 +0000] "HEAD /1/166645/AUTH_3c12f327ec924e3c89731d403fb9bd42/gnocchi.469a6bd7-119b-4140-b34a-85efddd2f754" 404 - "HEAD http://[::1]:8080/v1/AUTH_3c12f327ec924e3c89731d403fb9bd42/gnocchi.469a6bd7-119b-4140-b34a-85efddd2f754" "tx0680205b8ed1431ebad63-0068e16ad0" "proxy-server 94716" 0.0003 "-" 93383 0
Oct 04 14:43:28 np0005470878.novalocal container-server[93384]: ::1 - - [04/Oct/2025:18:43:28 +0000] "HEAD /2/166645/AUTH_3c12f327ec924e3c89731d403fb9bd42/gnocchi.469a6bd7-119b-4140-b34a-85efddd2f754" 404 - "HEAD http://[::1]:8080/v1/AUTH_3c12f327ec924e3c89731d403fb9bd42/gnocchi.469a6bd7-119b-4140-b34a-85efddd2f754" "tx0680205b8ed1431ebad63-0068e16ad0" "proxy-server 94716" 0.0003 "-" 93384 0
Oct 04 14:43:28 np0005470878.novalocal object-server[93716]: ::1 - - [04/Oct/2025:18:43:28 +0000] "GET /1/163170/AUTH_3c12f327ec924e3c89731d403fb9bd42/gnocchi.872a6796-0cfc-41bf-b205-ce505c2eae4e/1759320000.0_mean_300.0_v3" 404 70 "GET https://[::1]:8080/v1/AUTH_3c12f327ec924e3c89731d403fb9bd42/gnocchi.872a6796-0cfc-41bf-b205-ce505c2eae4e/1759320000.0_mean_300.0_v3" "txdb131224b9214a4d9ff99-0068e16ad0" "proxy-server 94717" 0.0020 "-" 93716 0
Oct 04 14:43:28 np0005470878.novalocal container-server[93383]: ::1 - - [04/Oct/2025:18:43:28 +0000] "HEAD /3/166645/AUTH_3c12f327ec924e3c89731d403fb9bd42/gnocchi.469a6bd7-119b-4140-b34a-85efddd2f754" 404 - "HEAD http://[::1]:8080/v1/AUTH_3c12f327ec924e3c89731d403fb9bd42/gnocchi.469a6bd7-119b-4140-b34a-85efddd2f754" "tx0680205b8ed1431ebad63-0068e16ad0" "proxy-server 94716" 0.0002 "-" 93383 0
Oct 04 14:43:28 np0005470878.novalocal proxy-server[94717]: ::1 ::1 04/Oct/2025/18/43/28 GET /v1/AUTH_3c12f327ec924e3c89731d403fb9bd42/gnocchi.872a6796-0cfc-41bf-b205-ce505c2eae4e/1759320000.0_mean_300.0_v3 HTTP/1.0 404 - python-swiftclient-4.7.0 gAAAAABo4Wq9xl3N... - 70 - txdb131224b9214a4d9ff99-0068e16ad0 - 0.0151 - - 1759603408.628662348 1759603408.643805265 0
Oct 04 14:43:28 np0005470878.novalocal proxy-server[94716]: - - 04/Oct/2025/18/43/28 HEAD /v1/AUTH_3c12f327ec924e3c89731d403fb9bd42/gnocchi.469a6bd7-119b-4140-b34a-85efddd2f754 HTTP/1.0 404 - Swift - - - - tx0680205b8ed1431ebad63-0068e16ad0 - 0.0077 CS - 1759603408.636530638 1759603408.644184351 0
Oct 04 14:43:28 np0005470878.novalocal object-server[93716]: ::1 - - [04/Oct/2025:18:43:28 +0000] "GET /1/79282/AUTH_3c12f327ec924e3c89731d403fb9bd42/gnocchi.469a6bd7-119b-4140-b34a-85efddd2f754/none_v3" 404 70 "GET https://[::1]:8080/v1/AUTH_3c12f327ec924e3c89731d403fb9bd42/gnocchi.469a6bd7-119b-4140-b34a-85efddd2f754/none_v3" "tx0680205b8ed1431ebad63-0068e16ad0" "proxy-server 94716" 0.0004 "-" 93716 0
Oct 04 14:43:28 np0005470878.novalocal object-server[93716]: ::1 - - [04/Oct/2025:18:43:28 +0000] "GET /3/79282/AUTH_3c12f327ec924e3c89731d403fb9bd42/gnocchi.469a6bd7-119b-4140-b34a-85efddd2f754/none_v3" 404 70 "GET https://[::1]:8080/v1/AUTH_3c12f327ec924e3c89731d403fb9bd42/gnocchi.469a6bd7-119b-4140-b34a-85efddd2f754/none_v3" "tx0680205b8ed1431ebad63-0068e16ad0" "proxy-server 94716" 0.0002 "-" 93716 0
Oct 04 14:43:28 np0005470878.novalocal object-server[93717]: ::1 - - [04/Oct/2025:18:43:28 +0000] "GET /2/79282/AUTH_3c12f327ec924e3c89731d403fb9bd42/gnocchi.469a6bd7-119b-4140-b34a-85efddd2f754/none_v3" 404 70 "GET https://[::1]:8080/v1/AUTH_3c12f327ec924e3c89731d403fb9bd42/gnocchi.469a6bd7-119b-4140-b34a-85efddd2f754/none_v3" "tx0680205b8ed1431ebad63-0068e16ad0" "proxy-server 94716" 0.0003 "-" 93717 0
Oct 04 14:43:28 np0005470878.novalocal proxy-server[94716]: ::1 ::1 04/Oct/2025/18/43/28 GET /v1/AUTH_3c12f327ec924e3c89731d403fb9bd42/gnocchi.469a6bd7-119b-4140-b34a-85efddd2f754/none_v3 HTTP/1.0 404 - python-swiftclient-4.7.0 gAAAAABo4WrHdnea... - 70 - tx0680205b8ed1431ebad63-0068e16ad0 - 0.0192 - - 1759603408.634919882 1759603408.654112101 0
Oct 04 14:43:28 np0005470878.novalocal account-server[93089]: ::1 - - [04/Oct/2025:18:43:28 +0000] "PUT /1/140569/AUTH_3c12f327ec924e3c89731d403fb9bd42/gnocchi.469a6bd7-119b-4140-b34a-85efddd2f754" 201 - "PUT http://[::1]:6001/2/166645/AUTH_3c12f327ec924e3c89731d403fb9bd42/gnocchi.469a6bd7-119b-4140-b34a-85efddd2f754" "tx05b81c78812b4a8cbefd1-0068e16ad0" "container-server 93383" 0.0034 "-" 93089 0
Oct 04 14:43:28 np0005470878.novalocal container-server[93383]: ::1 - - [04/Oct/2025:18:43:28 +0000] "PUT /2/166645/AUTH_3c12f327ec924e3c89731d403fb9bd42/gnocchi.469a6bd7-119b-4140-b34a-85efddd2f754" 201 - "PUT https://[::1]:8080/v1/AUTH_3c12f327ec924e3c89731d403fb9bd42/gnocchi.469a6bd7-119b-4140-b34a-85efddd2f754" "tx05b81c78812b4a8cbefd1-0068e16ad0" "proxy-server 94716" 0.0109 "-" 93383 0
Oct 04 14:43:28 np0005470878.novalocal container-server[93383]: ::1 - - [04/Oct/2025:18:43:28 +0000] "PUT /3/15531/AUTH_3c12f327ec924e3c89731d403fb9bd42/gnocchi.872a6796-0cfc-41bf-b205-ce505c2eae4e/1759320000.0_mean_300.0_v3" 201 - "PUT http://[::1]:8080/3/163170/AUTH_3c12f327ec924e3c89731d403fb9bd42/gnocchi.872a6796-0cfc-41bf-b205-ce505c2eae4e/1759320000.0_mean_300.0_v3" "tx516c8784d05d42cc8e2aa-0068e16ad0" "object-server 93716" 0.0005 "-" 93383 0
Oct 04 14:43:28 np0005470878.novalocal object-server[93716]: ::1 - - [04/Oct/2025:18:43:28 +0000] "PUT /3/163170/AUTH_3c12f327ec924e3c89731d403fb9bd42/gnocchi.872a6796-0cfc-41bf-b205-ce505c2eae4e/1759320000.0_mean_300.0_v3" 201 - "PUT https://[::1]:8080/v1/AUTH_3c12f327ec924e3c89731d403fb9bd42/gnocchi.872a6796-0cfc-41bf-b205-ce505c2eae4e/1759320000.0_mean_300.0_v3" "tx516c8784d05d42cc8e2aa-0068e16ad0" "proxy-server 94717" 0.0231 "-" 93716 0
Oct 04 14:43:28 np0005470878.novalocal account-server[93089]: ::1 - - [04/Oct/2025:18:43:28 +0000] "PUT /3/140569/AUTH_3c12f327ec924e3c89731d403fb9bd42/gnocchi.469a6bd7-119b-4140-b34a-85efddd2f754" 201 - "PUT http://[::1]:6001/3/166645/AUTH_3c12f327ec924e3c89731d403fb9bd42/gnocchi.469a6bd7-119b-4140-b34a-85efddd2f754" "tx05b81c78812b4a8cbefd1-0068e16ad0" "container-server 93384" 0.0100 "-" 93089 0
Oct 04 14:43:28 np0005470878.novalocal container-server[93384]: ::1 - - [04/Oct/2025:18:43:28 +0000] "PUT /2/15531/AUTH_3c12f327ec924e3c89731d403fb9bd42/gnocchi.872a6796-0cfc-41bf-b205-ce505c2eae4e/1759320000.0_mean_300.0_v3" 201 - "PUT http://[::1]:8080/1/163170/AUTH_3c12f327ec924e3c89731d403fb9bd42/gnocchi.872a6796-0cfc-41bf-b205-ce505c2eae4e/1759320000.0_mean_300.0_v3" "tx516c8784d05d42cc8e2aa-0068e16ad0" "object-server 93716" 0.0008 "-" 93384 0
Oct 04 14:43:28 np0005470878.novalocal container-server[93384]: ::1 - - [04/Oct/2025:18:43:28 +0000] "PUT /1/15531/AUTH_3c12f327ec924e3c89731d403fb9bd42/gnocchi.872a6796-0cfc-41bf-b205-ce505c2eae4e/1759320000.0_mean_300.0_v3" 201 - "PUT http://[::1]:8080/2/163170/AUTH_3c12f327ec924e3c89731d403fb9bd42/gnocchi.872a6796-0cfc-41bf-b205-ce505c2eae4e/1759320000.0_mean_300.0_v3" "tx516c8784d05d42cc8e2aa-0068e16ad0" "object-server 93716" 0.0004 "-" 93384 0
Oct 04 14:43:28 np0005470878.novalocal container-server[93384]: ::1 - - [04/Oct/2025:18:43:28 +0000] "PUT /3/166645/AUTH_3c12f327ec924e3c89731d403fb9bd42/gnocchi.469a6bd7-119b-4140-b34a-85efddd2f754" 201 - "PUT https://[::1]:8080/v1/AUTH_3c12f327ec924e3c89731d403fb9bd42/gnocchi.469a6bd7-119b-4140-b34a-85efddd2f754" "tx05b81c78812b4a8cbefd1-0068e16ad0" "proxy-server 94716" 0.0254 "-" 93384 0
Oct 04 14:43:28 np0005470878.novalocal object-server[93716]: ::1 - - [04/Oct/2025:18:43:28 +0000] "PUT /2/163170/AUTH_3c12f327ec924e3c89731d403fb9bd42/gnocchi.872a6796-0cfc-41bf-b205-ce505c2eae4e/1759320000.0_mean_300.0_v3" 201 - "PUT https://[::1]:8080/v1/AUTH_3c12f327ec924e3c89731d403fb9bd42/gnocchi.872a6796-0cfc-41bf-b205-ce505c2eae4e/1759320000.0_mean_300.0_v3" "tx516c8784d05d42cc8e2aa-0068e16ad0" "proxy-server 94717" 0.0349 "-" 93716 0
Oct 04 14:43:28 np0005470878.novalocal object-server[93716]: ::1 - - [04/Oct/2025:18:43:28 +0000] "PUT /1/163170/AUTH_3c12f327ec924e3c89731d403fb9bd42/gnocchi.872a6796-0cfc-41bf-b205-ce505c2eae4e/1759320000.0_mean_300.0_v3" 201 - "PUT https://[::1]:8080/v1/AUTH_3c12f327ec924e3c89731d403fb9bd42/gnocchi.872a6796-0cfc-41bf-b205-ce505c2eae4e/1759320000.0_mean_300.0_v3" "tx516c8784d05d42cc8e2aa-0068e16ad0" "proxy-server 94717" 0.0340 "-" 93716 0
Oct 04 14:43:28 np0005470878.novalocal account-server[93089]: ::1 - - [04/Oct/2025:18:43:28 +0000] "PUT /2/140569/AUTH_3c12f327ec924e3c89731d403fb9bd42/gnocchi.469a6bd7-119b-4140-b34a-85efddd2f754" 201 - "PUT http://[::1]:6001/1/166645/AUTH_3c12f327ec924e3c89731d403fb9bd42/gnocchi.469a6bd7-119b-4140-b34a-85efddd2f754" "tx05b81c78812b4a8cbefd1-0068e16ad0" "container-server 93384" 0.0035 "-" 93089 0
Oct 04 14:43:28 np0005470878.novalocal proxy-server[94717]: ::1 ::1 04/Oct/2025/18/43/28 PUT /v1/AUTH_3c12f327ec924e3c89731d403fb9bd42/gnocchi.872a6796-0cfc-41bf-b205-ce505c2eae4e/1759320000.0_mean_300.0_v3 HTTP/1.0 201 - python-swiftclient-4.7.0 gAAAAABo4Wq9xl3N... 16 - - tx516c8784d05d42cc8e2aa-0068e16ad0 - 0.0434 - - 1759603408.646842480 1759603408.690223694 0
Oct 04 14:43:28 np0005470878.novalocal container-server[93384]: ::1 - - [04/Oct/2025:18:43:28 +0000] "PUT /1/166645/AUTH_3c12f327ec924e3c89731d403fb9bd42/gnocchi.469a6bd7-119b-4140-b34a-85efddd2f754" 201 - "PUT https://[::1]:8080/v1/AUTH_3c12f327ec924e3c89731d403fb9bd42/gnocchi.469a6bd7-119b-4140-b34a-85efddd2f754" "tx05b81c78812b4a8cbefd1-0068e16ad0" "proxy-server 94716" 0.0223 "-" 93384 0
Oct 04 14:43:28 np0005470878.novalocal proxy-server[94716]: ::1 ::1 04/Oct/2025/18/43/28 PUT /v1/AUTH_3c12f327ec924e3c89731d403fb9bd42/gnocchi.469a6bd7-119b-4140-b34a-85efddd2f754 HTTP/1.0 201 - python-swiftclient-4.7.0 gAAAAABo4WrHdnea... - - - tx05b81c78812b4a8cbefd1-0068e16ad0 - 0.0397 - - 1759603408.656176805 1759603408.695911646 0
Oct 04 14:43:28 np0005470878.novalocal container-server[93383]: ::1 - - [04/Oct/2025:18:43:28 +0000] "HEAD /2/166645/AUTH_3c12f327ec924e3c89731d403fb9bd42/gnocchi.469a6bd7-119b-4140-b34a-85efddd2f754" 204 - "HEAD http://[::1]:8080/v1/AUTH_3c12f327ec924e3c89731d403fb9bd42/gnocchi.469a6bd7-119b-4140-b34a-85efddd2f754" "txb80087d33ce644aa92a06-0068e16ad0" "proxy-server 94716" 0.0049 "-" 93383 0
Oct 04 14:43:28 np0005470878.novalocal proxy-server[94716]: - - 04/Oct/2025/18/43/28 HEAD /v1/AUTH_3c12f327ec924e3c89731d403fb9bd42/gnocchi.469a6bd7-119b-4140-b34a-85efddd2f754 HTTP/1.0 204 - Swift - - - - txb80087d33ce644aa92a06-0068e16ad0 - 0.0087 CS - 1759603408.701938391 1759603408.710681915 0
Oct 04 14:43:28 np0005470878.novalocal container-server[93383]: ::1 - - [04/Oct/2025:18:43:28 +0000] "PUT /3/15531/AUTH_3c12f327ec924e3c89731d403fb9bd42/gnocchi.872a6796-0cfc-41bf-b205-ce505c2eae4e/none_v3" 201 - "PUT http://[::1]:8080/2/139307/AUTH_3c12f327ec924e3c89731d403fb9bd42/gnocchi.872a6796-0cfc-41bf-b205-ce505c2eae4e/none_v3" "tx57f835431fea441d8f71e-0068e16ad0" "object-server 93716" 0.0004 "-" 93383 0
Oct 04 14:43:28 np0005470878.novalocal container-server[93384]: ::1 - - [04/Oct/2025:18:43:28 +0000] "PUT /1/15531/AUTH_3c12f327ec924e3c89731d403fb9bd42/gnocchi.872a6796-0cfc-41bf-b205-ce505c2eae4e/none_v3" 201 - "PUT http://[::1]:8080/1/139307/AUTH_3c12f327ec924e3c89731d403fb9bd42/gnocchi.872a6796-0cfc-41bf-b205-ce505c2eae4e/none_v3" "tx57f835431fea441d8f71e-0068e16ad0" "object-server 93717" 0.0005 "-" 93384 0
Oct 04 14:43:28 np0005470878.novalocal object-server[93717]: ::1 - - [04/Oct/2025:18:43:28 +0000] "PUT /1/139307/AUTH_3c12f327ec924e3c89731d403fb9bd42/gnocchi.872a6796-0cfc-41bf-b205-ce505c2eae4e/none_v3" 201 - "PUT https://[::1]:8080/v1/AUTH_3c12f327ec924e3c89731d403fb9bd42/gnocchi.872a6796-0cfc-41bf-b205-ce505c2eae4e/none_v3" "tx57f835431fea441d8f71e-0068e16ad0" "proxy-server 94717" 0.0175 "-" 93717 0
Oct 04 14:43:28 np0005470878.novalocal object-server[93716]: ::1 - - [04/Oct/2025:18:43:28 +0000] "PUT /2/139307/AUTH_3c12f327ec924e3c89731d403fb9bd42/gnocchi.872a6796-0cfc-41bf-b205-ce505c2eae4e/none_v3" 201 - "PUT https://[::1]:8080/v1/AUTH_3c12f327ec924e3c89731d403fb9bd42/gnocchi.872a6796-0cfc-41bf-b205-ce505c2eae4e/none_v3" "tx57f835431fea441d8f71e-0068e16ad0" "proxy-server 94717" 0.0180 "-" 93716 0
Oct 04 14:43:28 np0005470878.novalocal container-server[93384]: ::1 - - [04/Oct/2025:18:43:28 +0000] "PUT /2/15531/AUTH_3c12f327ec924e3c89731d403fb9bd42/gnocchi.872a6796-0cfc-41bf-b205-ce505c2eae4e/none_v3" 201 - "PUT http://[::1]:8080/3/139307/AUTH_3c12f327ec924e3c89731d403fb9bd42/gnocchi.872a6796-0cfc-41bf-b205-ce505c2eae4e/none_v3" "tx57f835431fea441d8f71e-0068e16ad0" "object-server 93716" 0.0003 "-" 93384 0
Oct 04 14:43:28 np0005470878.novalocal container-server[93384]: ::1 - - [04/Oct/2025:18:43:28 +0000] "GET /2/166645/AUTH_3c12f327ec924e3c89731d403fb9bd42/gnocchi.469a6bd7-119b-4140-b34a-85efddd2f754" 200 2 "GET https://[::1]:8080/v1/AUTH_3c12f327ec924e3c89731d403fb9bd42/gnocchi.469a6bd7-119b-4140-b34a-85efddd2f754?format=json&states=listing" "txb80087d33ce644aa92a06-0068e16ad0" "proxy-server 94716" 0.0027 "-" 93384 0
Oct 04 14:43:28 np0005470878.novalocal object-server[93716]: ::1 - - [04/Oct/2025:18:43:28 +0000] "PUT /3/139307/AUTH_3c12f327ec924e3c89731d403fb9bd42/gnocchi.872a6796-0cfc-41bf-b205-ce505c2eae4e/none_v3" 201 - "PUT https://[::1]:8080/v1/AUTH_3c12f327ec924e3c89731d403fb9bd42/gnocchi.872a6796-0cfc-41bf-b205-ce505c2eae4e/none_v3" "tx57f835431fea441d8f71e-0068e16ad0" "proxy-server 94717" 0.0209 "-" 93716 0
Oct 04 14:43:28 np0005470878.novalocal proxy-server[94717]: ::1 ::1 04/Oct/2025/18/43/28 PUT /v1/AUTH_3c12f327ec924e3c89731d403fb9bd42/gnocchi.872a6796-0cfc-41bf-b205-ce505c2eae4e/none_v3 HTTP/1.0 201 - python-swiftclient-4.7.0 gAAAAABo4Wq9xl3N... 22 - - tx57f835431fea441d8f71e-0068e16ad0 - 0.0295 - - 1759603408.693420649 1759603408.722969770 0
Oct 04 14:43:28 np0005470878.novalocal proxy-server[94716]: ::1 ::1 04/Oct/2025/18/43/28 GET /v1/AUTH_3c12f327ec924e3c89731d403fb9bd42/gnocchi.469a6bd7-119b-4140-b34a-85efddd2f754%3Fformat%3Djson%26states%3Dlisting HTTP/1.0 200 - python-swiftclient-4.7.0 gAAAAABo4WrHdnea... - 2 - txb80087d33ce644aa92a06-0068e16ad0 - 0.0230 - - 1759603408.700716257 1759603408.723742008 0
Oct 04 14:43:28 np0005470878.novalocal object-server[93716]: ::1 - - [04/Oct/2025:18:43:28 +0000] "GET /2/121885/AUTH_3c12f327ec924e3c89731d403fb9bd42/gnocchi.469a6bd7-119b-4140-b34a-85efddd2f754/1759320000.0_mean_300.0_v3" 404 70 "GET https://[::1]:8080/v1/AUTH_3c12f327ec924e3c89731d403fb9bd42/gnocchi.469a6bd7-119b-4140-b34a-85efddd2f754/1759320000.0_mean_300.0_v3" "tx1cfb8d1c4173464dab23e-0068e16ad0" "proxy-server 94716" 0.0003 "-" 93716 0
Oct 04 14:43:28 np0005470878.novalocal object-server[93717]: ::1 - - [04/Oct/2025:18:43:28 +0000] "GET /1/121885/AUTH_3c12f327ec924e3c89731d403fb9bd42/gnocchi.469a6bd7-119b-4140-b34a-85efddd2f754/1759320000.0_mean_300.0_v3" 404 70 "GET https://[::1]:8080/v1/AUTH_3c12f327ec924e3c89731d403fb9bd42/gnocchi.469a6bd7-119b-4140-b34a-85efddd2f754/1759320000.0_mean_300.0_v3" "tx1cfb8d1c4173464dab23e-0068e16ad0" "proxy-server 94716" 0.0003 "-" 93717 0
Oct 04 14:43:28 np0005470878.novalocal object-server[93716]: ::1 - - [04/Oct/2025:18:43:28 +0000] "GET /3/121885/AUTH_3c12f327ec924e3c89731d403fb9bd42/gnocchi.469a6bd7-119b-4140-b34a-85efddd2f754/1759320000.0_mean_300.0_v3" 404 70 "GET https://[::1]:8080/v1/AUTH_3c12f327ec924e3c89731d403fb9bd42/gnocchi.469a6bd7-119b-4140-b34a-85efddd2f754/1759320000.0_mean_300.0_v3" "tx1cfb8d1c4173464dab23e-0068e16ad0" "proxy-server 94716" 0.0003 "-" 93716 0
Oct 04 14:43:28 np0005470878.novalocal proxy-server[94716]: ::1 ::1 04/Oct/2025/18/43/28 GET /v1/AUTH_3c12f327ec924e3c89731d403fb9bd42/gnocchi.469a6bd7-119b-4140-b34a-85efddd2f754/1759320000.0_mean_300.0_v3 HTTP/1.0 404 - python-swiftclient-4.7.0 gAAAAABo4WrHdnea... - 70 - tx1cfb8d1c4173464dab23e-0068e16ad0 - 0.0178 - - 1759603408.726545811 1759603408.744297504 0
Oct 04 14:43:28 np0005470878.novalocal container-server[93384]: ::1 - - [04/Oct/2025:18:43:28 +0000] "HEAD /3/169204/AUTH_3c12f327ec924e3c89731d403fb9bd42/gnocchi.d7595d45-8f2a-473c-a6d4-728722e790dc" 404 - "HEAD http://[::1]:8080/v1/AUTH_3c12f327ec924e3c89731d403fb9bd42/gnocchi.d7595d45-8f2a-473c-a6d4-728722e790dc" "txb1c44a94bd78401a9fd10-0068e16ad0" "proxy-server 94717" 0.0003 "-" 93384 0
Oct 04 14:43:28 np0005470878.novalocal container-server[93384]: ::1 - - [04/Oct/2025:18:43:28 +0000] "HEAD /1/169204/AUTH_3c12f327ec924e3c89731d403fb9bd42/gnocchi.d7595d45-8f2a-473c-a6d4-728722e790dc" 404 - "HEAD http://[::1]:8080/v1/AUTH_3c12f327ec924e3c89731d403fb9bd42/gnocchi.d7595d45-8f2a-473c-a6d4-728722e790dc" "txb1c44a94bd78401a9fd10-0068e16ad0" "proxy-server 94717" 0.0002 "-" 93384 0
Oct 04 14:43:28 np0005470878.novalocal container-server[93383]: ::1 - - [04/Oct/2025:18:43:28 +0000] "HEAD /2/169204/AUTH_3c12f327ec924e3c89731d403fb9bd42/gnocchi.d7595d45-8f2a-473c-a6d4-728722e790dc" 404 - "HEAD http://[::1]:8080/v1/AUTH_3c12f327ec924e3c89731d403fb9bd42/gnocchi.d7595d45-8f2a-473c-a6d4-728722e790dc" "txb1c44a94bd78401a9fd10-0068e16ad0" "proxy-server 94717" 0.0003 "-" 93383 0
Oct 04 14:43:28 np0005470878.novalocal proxy-server[94717]: - - 04/Oct/2025/18/43/28 HEAD /v1/AUTH_3c12f327ec924e3c89731d403fb9bd42/gnocchi.d7595d45-8f2a-473c-a6d4-728722e790dc HTTP/1.0 404 - Swift - - - - txb1c44a94bd78401a9fd10-0068e16ad0 - 0.0069 CS - 1759603408.745151281 1759603408.752030611 0
Oct 04 14:43:28 np0005470878.novalocal object-server[93717]: ::1 - - [04/Oct/2025:18:43:28 +0000] "GET /1/149873/AUTH_3c12f327ec924e3c89731d403fb9bd42/gnocchi.d7595d45-8f2a-473c-a6d4-728722e790dc/none_v3" 404 70 "GET https://[::1]:8080/v1/AUTH_3c12f327ec924e3c89731d403fb9bd42/gnocchi.d7595d45-8f2a-473c-a6d4-728722e790dc/none_v3" "txb1c44a94bd78401a9fd10-0068e16ad0" "proxy-server 94717" 0.0003 "-" 93717 0
Oct 04 14:43:28 np0005470878.novalocal object-server[93717]: ::1 - - [04/Oct/2025:18:43:28 +0000] "GET /3/149873/AUTH_3c12f327ec924e3c89731d403fb9bd42/gnocchi.d7595d45-8f2a-473c-a6d4-728722e790dc/none_v3" 404 70 "GET https://[::1]:8080/v1/AUTH_3c12f327ec924e3c89731d403fb9bd42/gnocchi.d7595d45-8f2a-473c-a6d4-728722e790dc/none_v3" "txb1c44a94bd78401a9fd10-0068e16ad0" "proxy-server 94717" 0.0001 "-" 93717 0
Oct 04 14:43:28 np0005470878.novalocal object-server[93716]: ::1 - - [04/Oct/2025:18:43:28 +0000] "GET /2/149873/AUTH_3c12f327ec924e3c89731d403fb9bd42/gnocchi.d7595d45-8f2a-473c-a6d4-728722e790dc/none_v3" 404 70 "GET https://[::1]:8080/v1/AUTH_3c12f327ec924e3c89731d403fb9bd42/gnocchi.d7595d45-8f2a-473c-a6d4-728722e790dc/none_v3" "txb1c44a94bd78401a9fd10-0068e16ad0" "proxy-server 94717" 0.0003 "-" 93716 0
Oct 04 14:43:28 np0005470878.novalocal proxy-server[94717]: ::1 ::1 04/Oct/2025/18/43/28 GET /v1/AUTH_3c12f327ec924e3c89731d403fb9bd42/gnocchi.d7595d45-8f2a-473c-a6d4-728722e790dc/none_v3 HTTP/1.0 404 - python-swiftclient-4.7.0 gAAAAABo4Wq9xl3N... - 70 - txb1c44a94bd78401a9fd10-0068e16ad0 - 0.0192 - - 1759603408.744543314 1759603408.763741255 0
Oct 04 14:43:28 np0005470878.novalocal container-server[93384]: ::1 - - [04/Oct/2025:18:43:28 +0000] "PUT /2/166645/AUTH_3c12f327ec924e3c89731d403fb9bd42/gnocchi.469a6bd7-119b-4140-b34a-85efddd2f754/1759320000.0_mean_300.0_v3" 201 - "PUT http://[::1]:8080/3/121885/AUTH_3c12f327ec924e3c89731d403fb9bd42/gnocchi.469a6bd7-119b-4140-b34a-85efddd2f754/1759320000.0_mean_300.0_v3" "tx1d3c2b6ebbff4d6ba7902-0068e16ad0" "object-server 93717" 0.0006 "-" 93384 0
Oct 04 14:43:28 np0005470878.novalocal object-server[93717]: ::1 - - [04/Oct/2025:18:43:28 +0000] "PUT /3/121885/AUTH_3c12f327ec924e3c89731d403fb9bd42/gnocchi.469a6bd7-119b-4140-b34a-85efddd2f754/1759320000.0_mean_300.0_v3" 201 - "PUT https://[::1]:8080/v1/AUTH_3c12f327ec924e3c89731d403fb9bd42/gnocchi.469a6bd7-119b-4140-b34a-85efddd2f754/1759320000.0_mean_300.0_v3" "tx1d3c2b6ebbff4d6ba7902-0068e16ad0" "proxy-server 94716" 0.0185 "-" 93717 0
Oct 04 14:43:28 np0005470878.novalocal account-server[93088]: ::1 - - [04/Oct/2025:18:43:28 +0000] "PUT /2/140569/AUTH_3c12f327ec924e3c89731d403fb9bd42/gnocchi.d7595d45-8f2a-473c-a6d4-728722e790dc" 201 - "PUT http://[::1]:6001/2/169204/AUTH_3c12f327ec924e3c89731d403fb9bd42/gnocchi.d7595d45-8f2a-473c-a6d4-728722e790dc" "txec6bad71756d40da897c7-0068e16ad0" "container-server 93383" 0.0045 "-" 93088 0
Oct 04 14:43:28 np0005470878.novalocal account-server[93089]: ::1 - - [04/Oct/2025:18:43:28 +0000] "PUT /1/140569/AUTH_3c12f327ec924e3c89731d403fb9bd42/gnocchi.d7595d45-8f2a-473c-a6d4-728722e790dc" 201 - "PUT http://[::1]:6001/1/169204/AUTH_3c12f327ec924e3c89731d403fb9bd42/gnocchi.d7595d45-8f2a-473c-a6d4-728722e790dc" "txec6bad71756d40da897c7-0068e16ad0" "container-server 93383" 0.0050 "-" 93089 0
Oct 04 14:43:28 np0005470878.novalocal container-server[93383]: ::1 - - [04/Oct/2025:18:43:28 +0000] "PUT /3/166645/AUTH_3c12f327ec924e3c89731d403fb9bd42/gnocchi.469a6bd7-119b-4140-b34a-85efddd2f754/1759320000.0_mean_300.0_v3" 201 - "PUT http://[::1]:8080/1/121885/AUTH_3c12f327ec924e3c89731d403fb9bd42/gnocchi.469a6bd7-119b-4140-b34a-85efddd2f754/1759320000.0_mean_300.0_v3" "tx1d3c2b6ebbff4d6ba7902-0068e16ad0" "object-server 93716" 0.0004 "-" 93383 0
Oct 04 14:43:28 np0005470878.novalocal container-server[93383]: ::1 - - [04/Oct/2025:18:43:28 +0000] "PUT /1/166645/AUTH_3c12f327ec924e3c89731d403fb9bd42/gnocchi.469a6bd7-119b-4140-b34a-85efddd2f754/1759320000.0_mean_300.0_v3" 201 - "PUT http://[::1]:8080/2/121885/AUTH_3c12f327ec924e3c89731d403fb9bd42/gnocchi.469a6bd7-119b-4140-b34a-85efddd2f754/1759320000.0_mean_300.0_v3" "tx1d3c2b6ebbff4d6ba7902-0068e16ad0" "object-server 93717" 0.0003 "-" 93383 0
Oct 04 14:43:28 np0005470878.novalocal object-server[93716]: ::1 - - [04/Oct/2025:18:43:28 +0000] "PUT /1/121885/AUTH_3c12f327ec924e3c89731d403fb9bd42/gnocchi.469a6bd7-119b-4140-b34a-85efddd2f754/1759320000.0_mean_300.0_v3" 201 - "PUT https://[::1]:8080/v1/AUTH_3c12f327ec924e3c89731d403fb9bd42/gnocchi.469a6bd7-119b-4140-b34a-85efddd2f754/1759320000.0_mean_300.0_v3" "tx1d3c2b6ebbff4d6ba7902-0068e16ad0" "proxy-server 94716" 0.0376 "-" 93716 0
Oct 04 14:43:28 np0005470878.novalocal object-server[93717]: ::1 - - [04/Oct/2025:18:43:28 +0000] "PUT /2/121885/AUTH_3c12f327ec924e3c89731d403fb9bd42/gnocchi.469a6bd7-119b-4140-b34a-85efddd2f754/1759320000.0_mean_300.0_v3" 201 - "PUT https://[::1]:8080/v1/AUTH_3c12f327ec924e3c89731d403fb9bd42/gnocchi.469a6bd7-119b-4140-b34a-85efddd2f754/1759320000.0_mean_300.0_v3" "tx1d3c2b6ebbff4d6ba7902-0068e16ad0" "proxy-server 94716" 0.0420 "-" 93717 0
Oct 04 14:43:28 np0005470878.novalocal proxy-server[94716]: ::1 ::1 04/Oct/2025/18/43/28 PUT /v1/AUTH_3c12f327ec924e3c89731d403fb9bd42/gnocchi.469a6bd7-119b-4140-b34a-85efddd2f754/1759320000.0_mean_300.0_v3 HTTP/1.0 201 - python-swiftclient-4.7.0 gAAAAABo4WrHdnea... 16 - - tx1d3c2b6ebbff4d6ba7902-0068e16ad0 - 0.0511 - - 1759603408.755316257 1759603408.806453943 0
Oct 04 14:43:28 np0005470878.novalocal container-server[93383]: ::1 - - [04/Oct/2025:18:43:28 +0000] "PUT /1/169204/AUTH_3c12f327ec924e3c89731d403fb9bd42/gnocchi.d7595d45-8f2a-473c-a6d4-728722e790dc" 201 - "PUT https://[::1]:8080/v1/AUTH_3c12f327ec924e3c89731d403fb9bd42/gnocchi.d7595d45-8f2a-473c-a6d4-728722e790dc" "txec6bad71756d40da897c7-0068e16ad0" "proxy-server 94717" 0.0262 "-" 93383 0
Oct 04 14:43:28 np0005470878.novalocal container-server[93383]: ::1 - - [04/Oct/2025:18:43:28 +0000] "PUT /2/169204/AUTH_3c12f327ec924e3c89731d403fb9bd42/gnocchi.d7595d45-8f2a-473c-a6d4-728722e790dc" 201 - "PUT https://[::1]:8080/v1/AUTH_3c12f327ec924e3c89731d403fb9bd42/gnocchi.d7595d45-8f2a-473c-a6d4-728722e790dc" "txec6bad71756d40da897c7-0068e16ad0" "proxy-server 94717" 0.0381 "-" 93383 0
Oct 04 14:43:28 np0005470878.novalocal account-server[93089]: ::1 - - [04/Oct/2025:18:43:28 +0000] "PUT /3/140569/AUTH_3c12f327ec924e3c89731d403fb9bd42/gnocchi.d7595d45-8f2a-473c-a6d4-728722e790dc" 201 - "PUT http://[::1]:6001/3/169204/AUTH_3c12f327ec924e3c89731d403fb9bd42/gnocchi.d7595d45-8f2a-473c-a6d4-728722e790dc" "txec6bad71756d40da897c7-0068e16ad0" "container-server 93383" 0.0039 "-" 93089 0
Oct 04 14:43:28 np0005470878.novalocal container-server[93383]: ::1 - - [04/Oct/2025:18:43:28 +0000] "PUT /3/169204/AUTH_3c12f327ec924e3c89731d403fb9bd42/gnocchi.d7595d45-8f2a-473c-a6d4-728722e790dc" 201 - "PUT https://[::1]:8080/v1/AUTH_3c12f327ec924e3c89731d403fb9bd42/gnocchi.d7595d45-8f2a-473c-a6d4-728722e790dc" "txec6bad71756d40da897c7-0068e16ad0" "proxy-server 94717" 0.0198 "-" 93383 0
Oct 04 14:43:28 np0005470878.novalocal proxy-server[94717]: ::1 ::1 04/Oct/2025/18/43/28 PUT /v1/AUTH_3c12f327ec924e3c89731d403fb9bd42/gnocchi.d7595d45-8f2a-473c-a6d4-728722e790dc HTTP/1.0 201 - python-swiftclient-4.7.0 gAAAAABo4Wq9xl3N... - - - txec6bad71756d40da897c7-0068e16ad0 - 0.0509 - - 1759603408.765830517 1759603408.816773653 0
Oct 04 14:43:28 np0005470878.novalocal container-server[93383]: ::1 - - [04/Oct/2025:18:43:28 +0000] "HEAD /3/169204/AUTH_3c12f327ec924e3c89731d403fb9bd42/gnocchi.d7595d45-8f2a-473c-a6d4-728722e790dc" 204 - "HEAD http://[::1]:8080/v1/AUTH_3c12f327ec924e3c89731d403fb9bd42/gnocchi.d7595d45-8f2a-473c-a6d4-728722e790dc" "tx7415c593cc384a9dadea0-0068e16ad0" "proxy-server 94717" 0.0012 "-" 93383 0
Oct 04 14:43:28 np0005470878.novalocal proxy-server[94717]: - - 04/Oct/2025/18/43/28 HEAD /v1/AUTH_3c12f327ec924e3c89731d403fb9bd42/gnocchi.d7595d45-8f2a-473c-a6d4-728722e790dc HTTP/1.0 204 - Swift - - - - tx7415c593cc384a9dadea0-0068e16ad0 - 0.0038 CS - 1759603408.819798231 1759603408.823642731 0
Oct 04 14:43:28 np0005470878.novalocal container-server[93383]: ::1 - - [04/Oct/2025:18:43:28 +0000] "PUT /2/166645/AUTH_3c12f327ec924e3c89731d403fb9bd42/gnocchi.469a6bd7-119b-4140-b34a-85efddd2f754/none_v3" 201 - "PUT http://[::1]:8080/1/79282/AUTH_3c12f327ec924e3c89731d403fb9bd42/gnocchi.469a6bd7-119b-4140-b34a-85efddd2f754/none_v3" "tx8f6c446bf0d14354a8af9-0068e16ad0" "object-server 93716" 0.0003 "-" 93383 0
Oct 04 14:43:28 np0005470878.novalocal object-server[93716]: ::1 - - [04/Oct/2025:18:43:28 +0000] "PUT /1/79282/AUTH_3c12f327ec924e3c89731d403fb9bd42/gnocchi.469a6bd7-119b-4140-b34a-85efddd2f754/none_v3" 201 - "PUT https://[::1]:8080/v1/AUTH_3c12f327ec924e3c89731d403fb9bd42/gnocchi.469a6bd7-119b-4140-b34a-85efddd2f754/none_v3" "tx8f6c446bf0d14354a8af9-0068e16ad0" "proxy-server 94716" 0.0127 "-" 93716 0
Oct 04 14:43:28 np0005470878.novalocal container-server[93383]: ::1 - - [04/Oct/2025:18:43:28 +0000] "PUT /1/166645/AUTH_3c12f327ec924e3c89731d403fb9bd42/gnocchi.469a6bd7-119b-4140-b34a-85efddd2f754/none_v3" 201 - "PUT http://[::1]:8080/3/79282/AUTH_3c12f327ec924e3c89731d403fb9bd42/gnocchi.469a6bd7-119b-4140-b34a-85efddd2f754/none_v3" "tx8f6c446bf0d14354a8af9-0068e16ad0" "object-server 93717" 0.0005 "-" 93383 0
Oct 04 14:43:28 np0005470878.novalocal object-server[93717]: ::1 - - [04/Oct/2025:18:43:28 +0000] "PUT /3/79282/AUTH_3c12f327ec924e3c89731d403fb9bd42/gnocchi.469a6bd7-119b-4140-b34a-85efddd2f754/none_v3" 201 - "PUT https://[::1]:8080/v1/AUTH_3c12f327ec924e3c89731d403fb9bd42/gnocchi.469a6bd7-119b-4140-b34a-85efddd2f754/none_v3" "tx8f6c446bf0d14354a8af9-0068e16ad0" "proxy-server 94716" 0.0127 "-" 93717 0
Oct 04 14:43:28 np0005470878.novalocal container-server[93383]: ::1 - - [04/Oct/2025:18:43:28 +0000] "PUT /3/166645/AUTH_3c12f327ec924e3c89731d403fb9bd42/gnocchi.469a6bd7-119b-4140-b34a-85efddd2f754/none_v3" 201 - "PUT http://[::1]:8080/2/79282/AUTH_3c12f327ec924e3c89731d403fb9bd42/gnocchi.469a6bd7-119b-4140-b34a-85efddd2f754/none_v3" "tx8f6c446bf0d14354a8af9-0068e16ad0" "object-server 93717" 0.0003 "-" 93383 0
Oct 04 14:43:28 np0005470878.novalocal object-server[93717]: ::1 - - [04/Oct/2025:18:43:28 +0000] "PUT /2/79282/AUTH_3c12f327ec924e3c89731d403fb9bd42/gnocchi.469a6bd7-119b-4140-b34a-85efddd2f754/none_v3" 201 - "PUT https://[::1]:8080/v1/AUTH_3c12f327ec924e3c89731d403fb9bd42/gnocchi.469a6bd7-119b-4140-b34a-85efddd2f754/none_v3" "tx8f6c446bf0d14354a8af9-0068e16ad0" "proxy-server 94716" 0.0153 "-" 93717 0
Oct 04 14:43:28 np0005470878.novalocal proxy-server[94716]: ::1 ::1 04/Oct/2025/18/43/28 PUT /v1/AUTH_3c12f327ec924e3c89731d403fb9bd42/gnocchi.469a6bd7-119b-4140-b34a-85efddd2f754/none_v3 HTTP/1.0 201 - python-swiftclient-4.7.0 gAAAAABo4WrHdnea... 22 - - tx8f6c446bf0d14354a8af9-0068e16ad0 - 0.0212 - - 1759603408.808857679 1759603408.830098391 0
Oct 04 14:43:28 np0005470878.novalocal container-server[93383]: ::1 - - [04/Oct/2025:18:43:28 +0000] "GET /1/169204/AUTH_3c12f327ec924e3c89731d403fb9bd42/gnocchi.d7595d45-8f2a-473c-a6d4-728722e790dc" 200 2 "GET https://[::1]:8080/v1/AUTH_3c12f327ec924e3c89731d403fb9bd42/gnocchi.d7595d45-8f2a-473c-a6d4-728722e790dc?format=json&states=listing" "tx7415c593cc384a9dadea0-0068e16ad0" "proxy-server 94717" 0.0027 "-" 93383 0
Oct 04 14:43:28 np0005470878.novalocal proxy-server[94717]: ::1 ::1 04/Oct/2025/18/43/28 GET /v1/AUTH_3c12f327ec924e3c89731d403fb9bd42/gnocchi.d7595d45-8f2a-473c-a6d4-728722e790dc%3Fformat%3Djson%26states%3Dlisting HTTP/1.0 200 - python-swiftclient-4.7.0 gAAAAABo4Wq9xl3N... - 2 - tx7415c593cc384a9dadea0-0068e16ad0 - 0.0155 - - 1759603408.819353819 1759603408.834833384 0
Oct 04 14:43:28 np0005470878.novalocal object-server[93717]: ::1 - - [04/Oct/2025:18:43:28 +0000] "GET /1/21188/AUTH_3c12f327ec924e3c89731d403fb9bd42/gnocchi.d7595d45-8f2a-473c-a6d4-728722e790dc/1759320000.0_mean_300.0_v3" 404 70 "GET https://[::1]:8080/v1/AUTH_3c12f327ec924e3c89731d403fb9bd42/gnocchi.d7595d45-8f2a-473c-a6d4-728722e790dc/1759320000.0_mean_300.0_v3" "txfa2957af2615431cb3d1f-0068e16ad0" "proxy-server 94717" 0.0003 "-" 93717 0
Oct 04 14:43:28 np0005470878.novalocal object-server[93717]: ::1 - - [04/Oct/2025:18:43:28 +0000] "GET /3/21188/AUTH_3c12f327ec924e3c89731d403fb9bd42/gnocchi.d7595d45-8f2a-473c-a6d4-728722e790dc/1759320000.0_mean_300.0_v3" 404 70 "GET https://[::1]:8080/v1/AUTH_3c12f327ec924e3c89731d403fb9bd42/gnocchi.d7595d45-8f2a-473c-a6d4-728722e790dc/1759320000.0_mean_300.0_v3" "txfa2957af2615431cb3d1f-0068e16ad0" "proxy-server 94717" 0.0001 "-" 93717 0
Oct 04 14:43:28 np0005470878.novalocal object-server[93716]: ::1 - - [04/Oct/2025:18:43:28 +0000] "GET /2/21188/AUTH_3c12f327ec924e3c89731d403fb9bd42/gnocchi.d7595d45-8f2a-473c-a6d4-728722e790dc/1759320000.0_mean_300.0_v3" 404 70 "GET https://[::1]:8080/v1/AUTH_3c12f327ec924e3c89731d403fb9bd42/gnocchi.d7595d45-8f2a-473c-a6d4-728722e790dc/1759320000.0_mean_300.0_v3" "txfa2957af2615431cb3d1f-0068e16ad0" "proxy-server 94717" 0.0004 "-" 93716 0
Oct 04 14:43:28 np0005470878.novalocal proxy-server[94717]: ::1 ::1 04/Oct/2025/18/43/28 GET /v1/AUTH_3c12f327ec924e3c89731d403fb9bd42/gnocchi.d7595d45-8f2a-473c-a6d4-728722e790dc/1759320000.0_mean_300.0_v3 HTTP/1.0 404 - python-swiftclient-4.7.0 gAAAAABo4Wq9xl3N... - 70 - txfa2957af2615431cb3d1f-0068e16ad0 - 0.0092 - - 1759603408.838242292 1759603408.847445011 0
Oct 04 14:43:28 np0005470878.novalocal container-server[93383]: ::1 - - [04/Oct/2025:18:43:28 +0000] "HEAD /1/169983/AUTH_3c12f327ec924e3c89731d403fb9bd42/gnocchi.d1ae3f10-1145-4ddc-85c2-de9ad61b036b" 404 - "HEAD http://[::1]:8080/v1/AUTH_3c12f327ec924e3c89731d403fb9bd42/gnocchi.d1ae3f10-1145-4ddc-85c2-de9ad61b036b" "txb7414de0d9094b13a3eb1-0068e16ad0" "proxy-server 94716" 0.0003 "-" 93383 0
Oct 04 14:43:28 np0005470878.novalocal container-server[93383]: ::1 - - [04/Oct/2025:18:43:28 +0000] "HEAD /2/169983/AUTH_3c12f327ec924e3c89731d403fb9bd42/gnocchi.d1ae3f10-1145-4ddc-85c2-de9ad61b036b" 404 - "HEAD http://[::1]:8080/v1/AUTH_3c12f327ec924e3c89731d403fb9bd42/gnocchi.d1ae3f10-1145-4ddc-85c2-de9ad61b036b" "txb7414de0d9094b13a3eb1-0068e16ad0" "proxy-server 94716" 0.0002 "-" 93383 0
Oct 04 14:43:28 np0005470878.novalocal container-server[93383]: ::1 - - [04/Oct/2025:18:43:28 +0000] "PUT /2/169204/AUTH_3c12f327ec924e3c89731d403fb9bd42/gnocchi.d7595d45-8f2a-473c-a6d4-728722e790dc/1759320000.0_mean_300.0_v3" 201 - "PUT http://[::1]:8080/2/21188/AUTH_3c12f327ec924e3c89731d403fb9bd42/gnocchi.d7595d45-8f2a-473c-a6d4-728722e790dc/1759320000.0_mean_300.0_v3" "txb3cce544165f4f2db7069-0068e16ad0" "object-server 93716" 0.0004 "-" 93383 0
Oct 04 14:43:28 np0005470878.novalocal container-server[93383]: ::1 - - [04/Oct/2025:18:43:28 +0000] "HEAD /3/169983/AUTH_3c12f327ec924e3c89731d403fb9bd42/gnocchi.d1ae3f10-1145-4ddc-85c2-de9ad61b036b" 404 - "HEAD http://[::1]:8080/v1/AUTH_3c12f327ec924e3c89731d403fb9bd42/gnocchi.d1ae3f10-1145-4ddc-85c2-de9ad61b036b" "txb7414de0d9094b13a3eb1-0068e16ad0" "proxy-server 94716" 0.0002 "-" 93383 0
Oct 04 14:43:28 np0005470878.novalocal object-server[93716]: ::1 - - [04/Oct/2025:18:43:28 +0000] "PUT /2/21188/AUTH_3c12f327ec924e3c89731d403fb9bd42/gnocchi.d7595d45-8f2a-473c-a6d4-728722e790dc/1759320000.0_mean_300.0_v3" 201 - "PUT https://[::1]:8080/v1/AUTH_3c12f327ec924e3c89731d403fb9bd42/gnocchi.d7595d45-8f2a-473c-a6d4-728722e790dc/1759320000.0_mean_300.0_v3" "txb3cce544165f4f2db7069-0068e16ad0" "proxy-server 94717" 0.0120 "-" 93716 0
Oct 04 14:43:28 np0005470878.novalocal container-server[93383]: ::1 - - [04/Oct/2025:18:43:28 +0000] "PUT /3/169204/AUTH_3c12f327ec924e3c89731d403fb9bd42/gnocchi.d7595d45-8f2a-473c-a6d4-728722e790dc/1759320000.0_mean_300.0_v3" 201 - "PUT http://[::1]:8080/1/21188/AUTH_3c12f327ec924e3c89731d403fb9bd42/gnocchi.d7595d45-8f2a-473c-a6d4-728722e790dc/1759320000.0_mean_300.0_v3" "txb3cce544165f4f2db7069-0068e16ad0" "object-server 93717" 0.0003 "-" 93383 0
