Dec 3 18:17:22 standalone proxy-server[128730]: 172.18.0.2 172.18.0.100 03/Dec/2025/18/17/22 PUT /v1/AUTH_12ada9feb77b42d78af372daadbfa837/gnocchi.a8a67d26-e00b-4871-995b-b976c0ad6e0b/1764720000.0_mean_300.0_v3 HTTP/1.0 201 - python-swiftclient-3.11.1 gAAAAABpMH5jrfBV... 16 - - txe2b9b7c8547c4120962bb-0069307eb2 - 0.0239 - - 1764785842.282492399 1764785842.306405306 0
Dec 3 18:17:22 standalone container-server[126791]: 172.20.0.100 - - [03/Dec/2025:18:17:22 +0000] "PUT /d1/139/AUTH_12ada9feb77b42d78af372daadbfa837/gnocchi.a8a67d26-e00b-4871-995b-b976c0ad6e0b/none_v3" 201 - "PUT http://172.18.0.2:8080/d1/24/AUTH_12ada9feb77b42d78af372daadbfa837/gnocchi.a8a67d26-e00b-4871-995b-b976c0ad6e0b/none_v3" "txb7ee4e7efde2423bb4043-0069307eb2" "object-server 25" 0.0006 "-" 21 0
Dec 3 18:17:22 standalone object-server[127008]: 172.20.0.100 - - [03/Dec/2025:18:17:22 +0000] "PUT /d1/24/AUTH_12ada9feb77b42d78af372daadbfa837/gnocchi.a8a67d26-e00b-4871-995b-b976c0ad6e0b/none_v3" 201 - "PUT http://172.18.0.2:8080/v1/AUTH_12ada9feb77b42d78af372daadbfa837/gnocchi.a8a67d26-e00b-4871-995b-b976c0ad6e0b/none_v3" "txb7ee4e7efde2423bb4043-0069307eb2" "proxy-server 12" 0.0188 "-" 25 0
Dec 3 18:17:22 standalone proxy-server[128730]: 172.18.0.2 172.18.0.100 03/Dec/2025/18/17/22 PUT /v1/AUTH_12ada9feb77b42d78af372daadbfa837/gnocchi.a8a67d26-e00b-4871-995b-b976c0ad6e0b/none_v3 HTTP/1.0 201 - python-swiftclient-3.11.1 gAAAAABpMH5jrfBV... 22 - - txb7ee4e7efde2423bb4043-0069307eb2 - 0.0267 - - 1764785842.310476780 1764785842.337225914 0
Dec 3 18:17:22 standalone container-server[126788]: 172.20.0.100 - - [03/Dec/2025:18:17:22 +0000] "HEAD /d1/706/AUTH_12ada9feb77b42d78af372daadbfa837/gnocchi.f79be694-01c4-429a-bfed-6f2ab9e30c52" 404 - "HEAD http://172.18.0.2:8080/v1/AUTH_12ada9feb77b42d78af372daadbfa837/gnocchi.f79be694-01c4-429a-bfed-6f2ab9e30c52?format=json&states=listing" "txc08ca1e8378149098fb32-0069307eb2" "proxy-server 12" 0.0003 "-" 20 0
Dec 3 18:17:22 standalone object-server[127005]: 172.20.0.100 - - [03/Dec/2025:18:17:22 +0000] "GET /d1/64/AUTH_12ada9feb77b42d78af372daadbfa837/gnocchi.f79be694-01c4-429a-bfed-6f2ab9e30c52/none_v3" 404 70 "GET http://172.18.0.2:8080/v1/AUTH_12ada9feb77b42d78af372daadbfa837/gnocchi.f79be694-01c4-429a-bfed-6f2ab9e30c52/none_v3" "txc08ca1e8378149098fb32-0069307eb2" "proxy-server 12" 0.0003 "-" 23 0
Dec 3 18:17:22 standalone proxy-server[128730]: 172.18.0.2 172.18.0.100 03/Dec/2025/18/17/22 GET /v1/AUTH_12ada9feb77b42d78af372daadbfa837/gnocchi.f79be694-01c4-429a-bfed-6f2ab9e30c52/none_v3 HTTP/1.0 404 - python-swiftclient-3.11.1 gAAAAABpMH5jrfBV... - 70 - txc08ca1e8378149098fb32-0069307eb2 - 0.0102 - - 1764785842.346362114 1764785842.356609583 0
Dec 3 18:17:22 standalone account-server[126829]: 172.20.0.100 - - [03/Dec/2025:18:17:22 +0000] "PUT /d1/479/AUTH_12ada9feb77b42d78af372daadbfa837/gnocchi.f79be694-01c4-429a-bfed-6f2ab9e30c52" 201 - "PUT http://172.20.0.100:6001/d1/706/AUTH_12ada9feb77b42d78af372daadbfa837/gnocchi.f79be694-01c4-429a-bfed-6f2ab9e30c52" "txbc9ab20da84c46bc89c1b-0069307eb2" "container-server 21" 0.0049 "-" 21 0
Dec 3 18:17:22 standalone container-server[126791]: 172.20.0.100 - - [03/Dec/2025:18:17:22 +0000] "PUT /d1/706/AUTH_12ada9feb77b42d78af372daadbfa837/gnocchi.f79be694-01c4-429a-bfed-6f2ab9e30c52" 201 - "PUT http://172.18.0.2:8080/v1/AUTH_12ada9feb77b42d78af372daadbfa837/gnocchi.f79be694-01c4-429a-bfed-6f2ab9e30c52" "txbc9ab20da84c46bc89c1b-0069307eb2" "proxy-server 12" 0.0153 "-" 21 0
Dec 3 18:17:22 standalone proxy-server[128730]: 172.18.0.2 172.18.0.100 03/Dec/2025/18/17/22 PUT /v1/AUTH_12ada9feb77b42d78af372daadbfa837/gnocchi.f79be694-01c4-429a-bfed-6f2ab9e30c52 HTTP/1.0 201 - python-swiftclient-3.11.1 gAAAAABpMH5jrfBV... - - - txbc9ab20da84c46bc89c1b-0069307eb2 - 0.0227 - - 1764785842.362349749 1764785842.385016918 0
Dec 3 18:17:22 standalone container-server[126788]: 172.20.0.100 - - [03/Dec/2025:18:17:22 +0000] "HEAD /d1/706/AUTH_12ada9feb77b42d78af372daadbfa837/gnocchi.f79be694-01c4-429a-bfed-6f2ab9e30c52" 204 - "HEAD http://172.18.0.2:8080/v1/AUTH_12ada9feb77b42d78af372daadbfa837/gnocchi.f79be694-01c4-429a-bfed-6f2ab9e30c52?format=json&states=listing" "tx0de8938a981b43798222c-0069307eb2" "proxy-server 12" 0.0013 "-" 20 0
Dec 3 18:17:22 standalone proxy-server[128730]: - - 03/Dec/2025/18/17/22 HEAD /v1/AUTH_12ada9feb77b42d78af372daadbfa837/gnocchi.f79be694-01c4-429a-bfed-6f2ab9e30c52%3Fformat%3Djson%26states%3Dlisting HTTP/1.0 204 - Swift - - - - tx0de8938a981b43798222c-0069307eb2 - 0.0064 RL - 1764785842.389864445 1764785842.396246195 0
Dec 3 18:17:22 standalone container-server[126788]: 172.20.0.100 - - [03/Dec/2025:18:17:22 +0000] "GET /d1/706/AUTH_12ada9feb77b42d78af372daadbfa837/gnocchi.f79be694-01c4-429a-bfed-6f2ab9e30c52" 200 2 "GET http://172.18.0.2:8080/v1/AUTH_12ada9feb77b42d78af372daadbfa837/gnocchi.f79be694-01c4-429a-bfed-6f2ab9e30c52?format=json&states=listing" "tx0de8938a981b43798222c-0069307eb2" "proxy-server 12" 0.0018 "-" 20 0
Dec 3 18:17:22 standalone proxy-server[128730]: 172.18.0.2 172.18.0.100 03/Dec/2025/18/17/22 GET /v1/AUTH_12ada9feb77b42d78af372daadbfa837/gnocchi.f79be694-01c4-429a-bfed-6f2ab9e30c52%3Fformat%3Djson%26states%3Dlisting HTTP/1.0 200 - python-swiftclient-3.11.1 gAAAAABpMH5jrfBV... - 2 - tx0de8938a981b43798222c-0069307eb2 - 0.0156 - - 1764785842.388266325 1764785842.403905869 0
Dec 3 18:17:22 standalone object-server[127005]: 172.20.0.100 - - [03/Dec/2025:18:17:22 +0000] "GET /d1/152/AUTH_12ada9feb77b42d78af372daadbfa837/gnocchi.f79be694-01c4-429a-bfed-6f2ab9e30c52/1764720000.0_mean_300.0_v3" 404 70 "GET http://172.18.0.2:8080/v1/AUTH_12ada9feb77b42d78af372daadbfa837/gnocchi.f79be694-01c4-429a-bfed-6f2ab9e30c52/1764720000.0_mean_300.0_v3" "tx9dc63305157640b3a1b23-0069307eb2" "proxy-server 12" 0.0003 "-" 23 0
Dec 3 18:17:22 standalone proxy-server[128730]: 172.18.0.2 172.18.0.100 03/Dec/2025/18/17/22 GET /v1/AUTH_12ada9feb77b42d78af372daadbfa837/gnocchi.f79be694-01c4-429a-bfed-6f2ab9e30c52/1764720000.0_mean_300.0_v3 HTTP/1.0 404 - python-swiftclient-3.11.1 gAAAAABpMH5jrfBV... - 70 - tx9dc63305157640b3a1b23-0069307eb2 - 0.0058 - - 1764785842.408069611 1764785842.413821697 0
Dec 3 18:17:22 standalone container-server[126786]: 172.20.0.100 - - [03/Dec/2025:18:17:22 +0000] "PUT /d1/706/AUTH_12ada9feb77b42d78af372daadbfa837/gnocchi.f79be694-01c4-429a-bfed-6f2ab9e30c52/1764720000.0_mean_300.0_v3" 201 - "PUT http://172.18.0.2:8080/d1/152/AUTH_12ada9feb77b42d78af372daadbfa837/gnocchi.f79be694-01c4-429a-bfed-6f2ab9e30c52/1764720000.0_mean_300.0_v3" "tx8675e81e109448b58e8b9-0069307eb2" "object-server 23" 0.0007 "-" 19 0
Dec 3 18:17:22 standalone object-server[127005]: 172.20.0.100 - - [03/Dec/2025:18:17:22 +0000] "PUT /d1/152/AUTH_12ada9feb77b42d78af372daadbfa837/gnocchi.f79be694-01c4-429a-bfed-6f2ab9e30c52/1764720000.0_mean_300.0_v3" 201 - "PUT http://172.18.0.2:8080/v1/AUTH_12ada9feb77b42d78af372daadbfa837/gnocchi.f79be694-01c4-429a-bfed-6f2ab9e30c52/1764720000.0_mean_300.0_v3" "tx8675e81e109448b58e8b9-0069307eb2" "proxy-server 12" 0.0189 "-" 23 0
Dec 3 18:17:22 standalone proxy-server[128730]: 172.18.0.2 172.18.0.100 03/Dec/2025/18/17/22 PUT /v1/AUTH_12ada9feb77b42d78af372daadbfa837/gnocchi.f79be694-01c4-429a-bfed-6f2ab9e30c52/1764720000.0_mean_300.0_v3 HTTP/1.0 201 - python-swiftclient-3.11.1 gAAAAABpMH5jrfBV... 16 - - tx8675e81e109448b58e8b9-0069307eb2 - 0.0239 - - 1764785842.416498899 1764785842.440404892 0
Dec 3 18:17:22 standalone container-server[126791]: 172.20.0.100 - - [03/Dec/2025:18:17:22 +0000] "PUT /d1/706/AUTH_12ada9feb77b42d78af372daadbfa837/gnocchi.f79be694-01c4-429a-bfed-6f2ab9e30c52/none_v3" 201 - "PUT http://172.18.0.2:8080/d1/64/AUTH_12ada9feb77b42d78af372daadbfa837/gnocchi.f79be694-01c4-429a-bfed-6f2ab9e30c52/none_v3" "tx4de46c194e834accba1fa-0069307eb2" "object-server 22" 0.0005 "-" 21 0
Dec 3 18:17:22 standalone object-server[127003]: 172.20.0.100 - - [03/Dec/2025:18:17:22 +0000] "PUT /d1/64/AUTH_12ada9feb77b42d78af372daadbfa837/gnocchi.f79be694-01c4-429a-bfed-6f2ab9e30c52/none_v3" 201 - "PUT http://172.18.0.2:8080/v1/AUTH_12ada9feb77b42d78af372daadbfa837/gnocchi.f79be694-01c4-429a-bfed-6f2ab9e30c52/none_v3" "tx4de46c194e834accba1fa-0069307eb2" "proxy-server 12" 0.0168 "-" 22 0
Dec 3 18:17:22 standalone proxy-server[128730]: 172.18.0.2 172.18.0.100 03/Dec/2025/18/17/22 PUT /v1/AUTH_12ada9feb77b42d78af372daadbfa837/gnocchi.f79be694-01c4-429a-bfed-6f2ab9e30c52/none_v3 HTTP/1.0 201 - python-swiftclient-3.11.1 gAAAAABpMH5jrfBV... 22 - - tx4de46c194e834accba1fa-0069307eb2 - 0.0230 - - 1764785842.443206072 1764785842.466224670 0
Dec 3 18:17:22 standalone container-server[126786]: 172.20.0.100 - - [03/Dec/2025:18:17:22 +0000] "HEAD /d1/83/AUTH_12ada9feb77b42d78af372daadbfa837/gnocchi.19cfc433-479b-41e5-94ec-7eddd9424fa3" 404 - "HEAD http://172.18.0.2:8080/v1/AUTH_12ada9feb77b42d78af372daadbfa837/gnocchi.19cfc433-479b-41e5-94ec-7eddd9424fa3?format=json&states=listing" "tx8f79e2d1c3bc4253a4e51-0069307eb2" "proxy-server 12" 0.0003 "-" 19 0
Dec 3 18:17:22 standalone object-server[127006]: 172.20.0.100 - - [03/Dec/2025:18:17:22 +0000] "GET /d1/341/AUTH_12ada9feb77b42d78af372daadbfa837/gnocchi.19cfc433-479b-41e5-94ec-7eddd9424fa3/none_v3" 404 70 "GET http://172.18.0.2:8080/v1/AUTH_12ada9feb77b42d78af372daadbfa837/gnocchi.19cfc433-479b-41e5-94ec-7eddd9424fa3/none_v3" "tx8f79e2d1c3bc4253a4e51-0069307eb2" "proxy-server 12" 0.0006 "-" 24 0
Dec 3 18:17:22 standalone proxy-server[128730]: 172.18.0.2 172.18.0.100 03/Dec/2025/18/17/22 GET /v1/AUTH_12ada9feb77b42d78af372daadbfa837/gnocchi.19cfc433-479b-41e5-94ec-7eddd9424fa3/none_v3 HTTP/1.0 404 - python-swiftclient-3.11.1 gAAAAABpMH5jrfBV... - 70 - tx8f79e2d1c3bc4253a4e51-0069307eb2 - 0.0151 - - 1764785842.475576639 1764785842.490699291 0
Dec 3 18:17:22 standalone account-server[126831]: 172.20.0.100 - - [03/Dec/2025:18:17:22 +0000] "PUT /d1/479/AUTH_12ada9feb77b42d78af372daadbfa837/gnocchi.19cfc433-479b-41e5-94ec-7eddd9424fa3" 201 - "PUT http://172.20.0.100:6001/d1/83/AUTH_12ada9feb77b42d78af372daadbfa837/gnocchi.19cfc433-479b-41e5-94ec-7eddd9424fa3" "txc69930d0f6a14fe3aace5-0069307eb2" "container-server 19" 0.0094 "-" 22 0
Dec 3 18:17:22 standalone container-server[126786]: 172.20.0.100 - - [03/Dec/2025:18:17:22 +0000] "PUT /d1/83/AUTH_12ada9feb77b42d78af372daadbfa837/gnocchi.19cfc433-479b-41e5-94ec-7eddd9424fa3" 201 - "PUT http://172.18.0.2:8080/v1/AUTH_12ada9feb77b42d78af372daadbfa837/gnocchi.19cfc433-479b-41e5-94ec-7eddd9424fa3" "txc69930d0f6a14fe3aace5-0069307eb2" "proxy-server 12" 0.0219 "-" 19 0
Dec 3 18:17:22 standalone proxy-server[128730]: 172.18.0.2 172.18.0.100 03/Dec/2025/18/17/22 PUT /v1/AUTH_12ada9feb77b42d78af372daadbfa837/gnocchi.19cfc433-479b-41e5-94ec-7eddd9424fa3 HTTP/1.0 201 - python-swiftclient-3.11.1 gAAAAABpMH5jrfBV... - - - txc69930d0f6a14fe3aace5-0069307eb2 - 0.0299 - - 1764785842.493499994 1764785842.523359776 0
Dec 3 18:17:22 standalone container-server[126802]: 172.20.0.100 - - [03/Dec/2025:18:17:22 +0000] "HEAD /d1/83/AUTH_12ada9feb77b42d78af372daadbfa837/gnocchi.19cfc433-479b-41e5-94ec-7eddd9424fa3" 204 - "HEAD http://172.18.0.2:8080/v1/AUTH_12ada9feb77b42d78af372daadbfa837/gnocchi.19cfc433-479b-41e5-94ec-7eddd9424fa3?format=json&states=listing" "txe4da68d7e116489295542-0069307eb2" "proxy-server 12" 0.0011 "-" 22 0
Dec 3 18:17:22 standalone proxy-server[128730]: - - 03/Dec/2025/18/17/22 HEAD /v1/AUTH_12ada9feb77b42d78af372daadbfa837/gnocchi.19cfc433-479b-41e5-94ec-7eddd9424fa3%3Fformat%3Djson%26states%3Dlisting HTTP/1.0 204 - Swift - - - - txe4da68d7e116489295542-0069307eb2 - 0.0048 RL - 1764785842.527293205 1764785842.532109261 0
Dec 3 18:17:22 standalone container-server[126802]: 172.20.0.100 - - [03/Dec/2025:18:17:22 +0000] "GET /d1/83/AUTH_12ada9feb77b42d78af372daadbfa837/gnocchi.19cfc433-479b-41e5-94ec-7eddd9424fa3" 200 2 "GET http://172.18.0.2:8080/v1/AUTH_12ada9feb77b42d78af372daadbfa837/gnocchi.19cfc433-479b-41e5-94ec-7eddd9424fa3?format=json&states=listing" "txe4da68d7e116489295542-0069307eb2" "proxy-server 12" 0.0014 "-" 22 0
Dec 3 18:17:22 standalone proxy-server[128730]: 172.18.0.2 172.18.0.100 03/Dec/2025/18/17/22 GET /v1/AUTH_12ada9feb77b42d78af372daadbfa837/gnocchi.19cfc433-479b-41e5-94ec-7eddd9424fa3%3Fformat%3Djson%26states%3Dlisting HTTP/1.0 200 - python-swiftclient-3.11.1 gAAAAABpMH5jrfBV... - 2 - txe4da68d7e116489295542-0069307eb2 - 0.0116 - - 1764785842.526311636 1764785842.537890196 0
Dec 3 18:17:22 standalone object-server[127005]: 172.20.0.100 - - [03/Dec/2025:18:17:22 +0000] "GET /d1/166/AUTH_12ada9feb77b42d78af372daadbfa837/gnocchi.19cfc433-479b-41e5-94ec-7eddd9424fa3/1764720000.0_mean_300.0_v3" 404 70 "GET http://172.18.0.2:8080/v1/AUTH_12ada9feb77b42d78af372daadbfa837/gnocchi.19cfc433-479b-41e5-94ec-7eddd9424fa3/1764720000.0_mean_300.0_v3" "tx806eeedcf2104c5e874f9-0069307eb2" "proxy-server 12" 0.0003 "-" 23 0
Dec 3 18:17:22 standalone proxy-server[128730]: 172.18.0.2 172.18.0.100 03/Dec/2025/18/17/22 GET /v1/AUTH_12ada9feb77b42d78af372daadbfa837/gnocchi.19cfc433-479b-41e5-94ec-7eddd9424fa3/1764720000.0_mean_300.0_v3 HTTP/1.0 404 - python-swiftclient-3.11.1 gAAAAABpMH5jrfBV... - 70 - tx806eeedcf2104c5e874f9-0069307eb2 - 0.0046 - - 1764785842.541671276 1764785842.546277285 0
Dec 3 18:17:22 standalone container-server[126786]: 172.20.0.100 - - [03/Dec/2025:18:17:22 +0000] "PUT /d1/83/AUTH_12ada9feb77b42d78af372daadbfa837/gnocchi.19cfc433-479b-41e5-94ec-7eddd9424fa3/1764720000.0_mean_300.0_v3" 201 - "PUT http://172.18.0.2:8080/d1/166/AUTH_12ada9feb77b42d78af372daadbfa837/gnocchi.19cfc433-479b-41e5-94ec-7eddd9424fa3/1764720000.0_mean_300.0_v3" "tx3ee1741206af4005a8041-0069307eb2" "object-server 24" 0.0005 "-" 19 0
Dec 3 18:17:22 standalone object-server[127006]: 172.20.0.100 - - [03/Dec/2025:18:17:22 +0000] "PUT /d1/166/AUTH_12ada9feb77b42d78af372daadbfa837/gnocchi.19cfc433-479b-41e5-94ec-7eddd9424fa3/1764720000.0_mean_300.0_v3" 201 - "PUT http://172.18.0.2:8080/v1/AUTH_12ada9feb77b42d78af372daadbfa837/gnocchi.19cfc433-479b-41e5-94ec-7eddd9424fa3/1764720000.0_mean_300.0_v3" "tx3ee1741206af4005a8041-0069307eb2" "proxy-server 12" 0.0097 "-" 24 0
Dec 3 18:17:22 standalone proxy-server[128730]: 172.18.0.2 172.18.0.100 03/Dec/2025/18/17/22 PUT /v1/AUTH_12ada9feb77b42d78af372daadbfa837/gnocchi.19cfc433-479b-41e5-94ec-7eddd9424fa3/1764720000.0_mean_300.0_v3 HTTP/1.0 201 - python-swiftclient-3.11.1 gAAAAABpMH5jrfBV... 16 - - tx3ee1741206af4005a8041-0069307eb2 - 0.0150 - - 1764785842.549206018 1764785842.564160585 0
Dec 3 18:17:22 standalone container-server[126802]: 172.20.0.100 - - [03/Dec/2025:18:17:22 +0000] "PUT /d1/83/AUTH_12ada9feb77b42d78af372daadbfa837/gnocchi.19cfc433-479b-41e5-94ec-7eddd9424fa3/none_v3" 201 - "PUT http://172.18.0.2:8080/d1/341/AUTH_12ada9feb77b42d78af372daadbfa837/gnocchi.19cfc433-479b-41e5-94ec-7eddd9424fa3/none_v3" "tx6621300fae3d4c5b83245-0069307eb2" "object-server 22" 0.0005 "-" 22 0
Dec 3 18:17:22 standalone object-server[127003]: 172.20.0.100 - - [03/Dec/2025:18:17:22 +0000] "PUT /d1/341/AUTH_12ada9feb77b42d78af372daadbfa837/gnocchi.19cfc433-479b-41e5-94ec-7eddd9424fa3/none_v3" 201 - "PUT http://172.18.0.2:8080/v1/AUTH_12ada9feb77b42d78af372daadbfa837/gnocchi.19cfc433-479b-41e5-94ec-7eddd9424fa3/none_v3" "tx6621300fae3d4c5b83245-0069307eb2" "proxy-server 12" 0.0075 "-" 22 0
Dec 3 18:17:22 standalone proxy-server[128730]: 172.18.0.2 172.18.0.100 03/Dec/2025/18/17/22 PUT /v1/AUTH_12ada9feb77b42d78af372daadbfa837/gnocchi.19cfc433-479b-41e5-94ec-7eddd9424fa3/none_v3 HTTP/1.0 201 - python-swiftclient-3.11.1 gAAAAABpMH5jrfBV... 22 - - tx6621300fae3d4c5b83245-0069307eb2 - 0.0195 - - 1764785842.566482544 1764785842.585963964 0
Dec 3 18:17:22 standalone container-server[126802]: 172.20.0.100 - - [03/Dec/2025:18:17:22 +0000] "HEAD /d1/123/AUTH_12ada9feb77b42d78af372daadbfa837/gnocchi.0f780f87-2c15-4160-a9c4-9ee4c5b06e8a" 404 - "HEAD http://172.18.0.2:8080/v1/AUTH_12ada9feb77b42d78af372daadbfa837/gnocchi.0f780f87-2c15-4160-a9c4-9ee4c5b06e8a?format=json&states=listing" "txe08f75583dba4890a7d9d-0069307eb2" "proxy-server 12" 0.0004 "-" 22 0
Dec 3 18:17:22 standalone object-server[127006]: 172.20.0.100 - - [03/Dec/2025:18:17:22 +0000] "GET /d1/841/AUTH_12ada9feb77b42d78af372daadbfa837/gnocchi.0f780f87-2c15-4160-a9c4-9ee4c5b06e8a/none_v3" 404 70 "GET http://172.18.0.2:8080/v1/AUTH_12ada9feb77b42d78af372daadbfa837/gnocchi.0f780f87-2c15-4160-a9c4-9ee4c5b06e8a/none_v3" "txe08f75583dba4890a7d9d-0069307eb2" "proxy-server 12" 0.0007 "-" 24 0
Dec 3 18:17:22 standalone proxy-server[128730]: 172.18.0.2 172.18.0.100 03/Dec/2025/18/17/22 GET /v1/AUTH_12ada9feb77b42d78af372daadbfa837/gnocchi.0f780f87-2c15-4160-a9c4-9ee4c5b06e8a/none_v3 HTTP/1.0 404 - python-swiftclient-3.11.1 gAAAAABpMH5jrfBV... - 70 - txe08f75583dba4890a7d9d-0069307eb2 - 0.0207 - - 1764785842.639844418 1764785842.660521269 0
Dec 3 18:17:22 standalone account-server[126828]: 172.20.0.100 - - [03/Dec/2025:18:17:22 +0000] "PUT /d1/479/AUTH_12ada9feb77b42d78af372daadbfa837/gnocchi.0f780f87-2c15-4160-a9c4-9ee4c5b06e8a" 201 - "PUT http://172.20.0.100:6001/d1/123/AUTH_12ada9feb77b42d78af372daadbfa837/gnocchi.0f780f87-2c15-4160-a9c4-9ee4c5b06e8a" "tx25fe0f373c174bc6988c4-0069307eb2" "container-server 19" 0.0074 "-" 20 0
Dec 3 18:17:22 standalone container-server[126786]: 172.20.0.100 - - [03/Dec/2025:18:17:22 +0000] "PUT /d1/123/AUTH_12ada9feb77b42d78af372daadbfa837/gnocchi.0f780f87-2c15-4160-a9c4-9ee4c5b06e8a" 201 - "PUT http://172.18.0.2:8080/v1/AUTH_12ada9feb77b42d78af372daadbfa837/gnocchi.0f780f87-2c15-4160-a9c4-9ee4c5b06e8a" "tx25fe0f373c174bc6988c4-0069307eb2" "proxy-server 12" 0.0219 "-" 19 0
Dec 3 18:17:22 standalone proxy-server[128730]: 172.18.0.2 172.18.0.100 03/Dec/2025/18/17/22 PUT /v1/AUTH_12ada9feb77b42d78af372daadbfa837/gnocchi.0f780f87-2c15-4160-a9c4-9ee4c5b06e8a HTTP/1.0 201 - python-swiftclient-3.11.1 gAAAAABpMH5jrfBV... - - - tx25fe0f373c174bc6988c4-0069307eb2 - 0.0301 - - 1764785842.667160034 1764785842.697230339 0
Dec 3 18:17:22 standalone container-server[126788]: 172.20.0.100 - - [03/Dec/2025:18:17:22 +0000] "HEAD /d1/123/AUTH_12ada9feb77b42d78af372daadbfa837/gnocchi.0f780f87-2c15-4160-a9c4-9ee4c5b06e8a" 204 - "HEAD http://172.18.0.2:8080/v1/AUTH_12ada9feb77b42d78af372daadbfa837/gnocchi.0f780f87-2c15-4160-a9c4-9ee4c5b06e8a?format=json&states=listing" "txaf5d46c1ac1f484694b6b-0069307eb2" "proxy-server 12" 0.0012 "-" 20 0
Dec 3 18:17:22 standalone proxy-server[128730]: - - 03/Dec/2025/18/17/22 HEAD /v1/AUTH_12ada9feb77b42d78af372daadbfa837/gnocchi.0f780f87-2c15-4160-a9c4-9ee4c5b06e8a%3Fformat%3Djson%26states%3Dlisting HTTP/1.0 204 - Swift - - - - txaf5d46c1ac1f484694b6b-0069307eb2 - 0.0051 RL - 1764785842.705147743 1764785842.710258245 0
Dec 3 18:17:22 standalone container-server[126802]: 172.20.0.100 - - [03/Dec/2025:18:17:22 +0000] "GET /d1/123/AUTH_12ada9feb77b42d78af372daadbfa837/gnocchi.0f780f87-2c15-4160-a9c4-9ee4c5b06e8a" 200 2 "GET http://172.18.0.2:8080/v1/AUTH_12ada9feb77b42d78af372daadbfa837/gnocchi.0f780f87-2c15-4160-a9c4-9ee4c5b06e8a?format=json&states=listing" "txaf5d46c1ac1f484694b6b-0069307eb2" "proxy-server 12" 0.0017 "-" 22 0
Dec 3 18:17:22 standalone proxy-server[128730]: 172.18.0.2 172.18.0.100 03/Dec/2025/18/17/22 GET /v1/AUTH_12ada9feb77b42d78af372daadbfa837/gnocchi.0f780f87-2c15-4160-a9c4-9ee4c5b06e8a%3Fformat%3Djson%26states%3Dlisting HTTP/1.0 200 - python-swiftclient-3.11.1 gAAAAABpMH5jrfBV... - 2 - txaf5d46c1ac1f484694b6b-0069307eb2 - 0.0196 - - 1764785842.701281786 1764785842.720900059 0
Dec 3 18:17:22 standalone object-server[127003]: 172.20.0.100 - - [03/Dec/2025:18:17:22 +0000] "GET /d1/701/AUTH_12ada9feb77b42d78af372daadbfa837/gnocchi.0f780f87-2c15-4160-a9c4-9ee4c5b06e8a/1764720000.0_mean_300.0_v3" 404 70 "GET http://172.18.0.2:8080/v1/AUTH_12ada9feb77b42d78af372daadbfa837/gnocchi.0f780f87-2c15-4160-a9c4-9ee4c5b06e8a/1764720000.0_mean_300.0_v3" "tx83b33968b9a8427f88ba7-0069307eb2" "proxy-server 12" 0.0005 "-" 22 0
Dec 3 18:17:22 standalone proxy-server[128730]: 172.18.0.2 172.18.0.100 03/Dec/2025/18/17/22 GET /v1/AUTH_12ada9feb77b42d78af372daadbfa837/gnocchi.0f780f87-2c15-4160-a9c4-9ee4c5b06e8a/1764720000.0_mean_300.0_v3 HTTP/1.0 404 - python-swiftclient-3.11.1 gAAAAABpMH5jrfBV... - 70 - tx83b33968b9a8427f88ba7-0069307eb2 - 0.0138 - - 1764785842.729212523 1764785842.742967367 0
Dec 3 18:17:22 standalone container-server[126802]: 172.20.0.100 - - [03/Dec/2025:18:17:22 +0000] "PUT /d1/123/AUTH_12ada9feb77b42d78af372daadbfa837/gnocchi.0f780f87-2c15-4160-a9c4-9ee4c5b06e8a/1764720000.0_mean_300.0_v3" 201 - "PUT http://172.18.0.2:8080/d1/701/AUTH_12ada9feb77b42d78af372daadbfa837/gnocchi.0f780f87-2c15-4160-a9c4-9ee4c5b06e8a/1764720000.0_mean_300.0_v3" "txf1f553a02c0f44d6b9f14-0069307eb2" "object-server 25" 0.0007 "-" 22 0
Dec 3 18:17:22 standalone object-server[127008]: 172.20.0.100 - - [03/Dec/2025:18:17:22 +0000] "PUT /d1/701/AUTH_12ada9feb77b42d78af372daadbfa837/gnocchi.0f780f87-2c15-4160-a9c4-9ee4c5b06e8a/1764720000.0_mean_300.0_v3" 201 - "PUT http://172.18.0.2:8080/v1/AUTH_12ada9feb77b42d78af372daadbfa837/gnocchi.0f780f87-2c15-4160-a9c4-9ee4c5b06e8a/1764720000.0_mean_300.0_v3" "txf1f553a02c0f44d6b9f14-0069307eb2" "proxy-server 12" 0.0111 "-" 25 0
Dec 3 18:17:22 standalone proxy-server[128730]: 172.18.0.2 172.18.0.100 03/Dec/2025/18/17/22 PUT /v1/AUTH_12ada9feb77b42d78af372daadbfa837/gnocchi.0f780f87-2c15-4160-a9c4-9ee4c5b06e8a/1764720000.0_mean_300.0_v3 HTTP/1.0 201 - python-swiftclient-3.11.1 gAAAAABpMH5jrfBV... 16 - - txf1f553a02c0f44d6b9f14-0069307eb2 - 0.0257 - - 1764785842.748831272 1764785842.774501801 0
Dec 3 18:17:22 standalone container-server[126788]: 172.20.0.100 - - [03/Dec/2025:18:17:22 +0000] "PUT /d1/123/AUTH_12ada9feb77b42d78af372daadbfa837/gnocchi.0f780f87-2c15-4160-a9c4-9ee4c5b06e8a/none_v3" 201 - "PUT http://172.18.0.2:8080/d1/841/AUTH_12ada9feb77b42d78af372daadbfa837/gnocchi.0f780f87-2c15-4160-a9c4-9ee4c5b06e8a/none_v3" "tx3cb1dffef06c467190388-0069307eb2" "object-server 22" 0.0005 "-" 20 0
Dec 3 18:17:22 standalone object-server[127003]: 172.20.0.100 - - [03/Dec/2025:18:17:22 +0000] "PUT /d1/841/AUTH_12ada9feb77b42d78af372daadbfa837/gnocchi.0f780f87-2c15-4160-a9c4-9ee4c5b06e8a/none_v3" 201 - "PUT http://172.18.0.2:8080/v1/AUTH_12ada9feb77b42d78af372daadbfa837/gnocchi.0f780f87-2c15-4160-a9c4-9ee4c5b06e8a/none_v3" "tx3cb1dffef06c467190388-0069307eb2" "proxy-server 12" 0.0114 "-" 22 0
Dec 3 18:17:22 standalone proxy-server[128730]: 172.18.0.2 172.18.0.100 03/Dec/2025/18/17/22 PUT /v1/AUTH_12ada9feb77b42d78af372daadbfa837/gnocchi.0f780f87-2c15-4160-a9c4-9ee4c5b06e8a/none_v3 HTTP/1.0 201 - python-swiftclient-3.11.1 gAAAAABpMH5jrfBV... 22 - - tx3cb1dffef06c467190388-0069307eb2 - 0.0201 - - 1764785842.780021906 1764785842.800076723 0
Dec 3 18:17:37 standalone container-server[126788]: 172.20.0.100 - - [03/Dec/2025:18:17:37 +0000] "HEAD /d1/628/AUTH_12ada9feb77b42d78af372daadbfa837/gnocchi.f998c4df-0782-4b82-a5db-a4cbc725bb9c" 404 - "HEAD http://172.18.0.2:8080/v1/AUTH_12ada9feb77b42d78af372daadbfa837/gnocchi.f998c4df-0782-4b82-a5db-a4cbc725bb9c?format=json&states=listing" "txda8bceff6ae7454b8cf52-0069307ec1" "proxy-server 12" 0.0006 "-" 20 0
Dec 3 18:17:37 standalone object-server[127008]: 172.20.0.100 - - [03/Dec/2025:18:17:37 +0000] "GET /d1/668/AUTH_12ada9feb77b42d78af372daadbfa837/gnocchi.f998c4df-0782-4b82-a5db-a4cbc725bb9c/none_v3" 404 70 "GET http://172.18.0.2:8080/v1/AUTH_12ada9feb77b42d78af372daadbfa837/gnocchi.f998c4df-0782-4b82-a5db-a4cbc725bb9c/none_v3" "txda8bceff6ae7454b8cf52-0069307ec1" "proxy-server 12" 0.0007 "-" 25 0
Dec 3 18:17:37 standalone proxy-server[128730]: 172.18.0.2 172.18.0.100 03/Dec/2025/18/17/37 GET /v1/AUTH_12ada9feb77b42d78af372daadbfa837/gnocchi.f998c4df-0782-4b82-a5db-a4cbc725bb9c/none_v3 HTTP/1.0 404 - python-swiftclient-3.11.1 gAAAAABpMH5jrfBV... - 70 - txda8bceff6ae7454b8cf52-0069307ec1 - 0.0128 - - 1764785857.932760000 1764785857.945590258 0
Dec 3 18:17:37 standalone account-server[126835]: 172.20.0.100 - - [03/Dec/2025:18:17:37 +0000] "PUT /d1/479/AUTH_12ada9feb77b42d78af372daadbfa837/gnocchi.f998c4df-0782-4b82-a5db-a4cbc725bb9c" 201 - "PUT http://172.20.0.100:6001/d1/628/AUTH_12ada9feb77b42d78af372daadbfa837/gnocchi.f998c4df-0782-4b82-a5db-a4cbc725bb9c" "txec06bad3455b441385d61-0069307ec1" "container-server 20" 0.0068 "-" 23 0
Dec 3 18:17:37 standalone container-server[126788]: 172.20.0.100 - - [03/Dec/2025:18:17:37 +0000] "PUT /d1/628/AUTH_12ada9feb77b42d78af372daadbfa837/gnocchi.f998c4df-0782-4b82-a5db-a4cbc725bb9c" 201 - "PUT http://172.18.0.2:8080/v1/AUTH_12ada9feb77b42d78af372daadbfa837/gnocchi.f998c4df-0782-4b82-a5db-a4cbc725bb9c" "txec06bad3455b441385d61-0069307ec1" "proxy-server 12" 0.0196 "-" 20 0
Dec 3 18:17:37 standalone proxy-server[128730]: 172.18.0.2 172.18.0.100 03/Dec/2025/18/17/37 PUT /v1/AUTH_12ada9feb77b42d78af372daadbfa837/gnocchi.f998c4df-0782-4b82-a5db-a4cbc725bb9c HTTP/1.0 201 - python-swiftclient-3.11.1 gAAAAABpMH5jrfBV... - - - txec06bad3455b441385d61-0069307ec1 - 0.0250 - - 1764785857.949999809 1764785857.975042343 0
Dec 3 18:17:37 standalone container-server[126802]: 172.20.0.100 - - [03/Dec/2025:18:17:37 +0000] "HEAD /d1/628/AUTH_12ada9feb77b42d78af372daadbfa837/gnocchi.f998c4df-0782-4b82-a5db-a4cbc725bb9c" 204 - "HEAD http://172.18.0.2:8080/v1/AUTH_12ada9feb77b42d78af372daadbfa837/gnocchi.f998c4df-0782-4b82-a5db-a4cbc725bb9c?format=json&states=listing" "txd1e7704f9fe9486bb4548-0069307ec1" "proxy-server 12" 0.0024 "-" 22 0
Dec 3 18:17:37 standalone proxy-server[128730]: - - 03/Dec/2025/18/17/37 HEAD /v1/AUTH_12ada9feb77b42d78af372daadbfa837/gnocchi.f998c4df-0782-4b82-a5db-a4cbc725bb9c%3Fformat%3Djson%26states%3Dlisting HTTP/1.0 204 - Swift - - - - txd1e7704f9fe9486bb4548-0069307ec1 - 0.0065 RL - 1764785857.980957270 1764785857.987503052 0
Dec 3 18:17:37 standalone container-server[126791]: 172.20.0.100 - - [03/Dec/2025:18:17:37 +0000] "GET /d1/628/AUTH_12ada9feb77b42d78af372daadbfa837/gnocchi.f998c4df-0782-4b82-a5db-a4cbc725bb9c" 200 2 "GET http://172.18.0.2:8080/v1/AUTH_12ada9feb77b42d78af372daadbfa837/gnocchi.f998c4df-0782-4b82-a5db-a4cbc725bb9c?format=json&states=listing" "txd1e7704f9fe9486bb4548-0069307ec1" "proxy-server 12" 0.0036 "-" 21 0
Dec 3 18:17:37 standalone proxy-server[128730]: 172.18.0.2 172.18.0.100 03/Dec/2025/18/17/37 GET /v1/AUTH_12ada9feb77b42d78af372daadbfa837/gnocchi.f998c4df-0782-4b82-a5db-a4cbc725bb9c%3Fformat%3Djson%26states%3Dlisting HTTP/1.0 200 - python-swiftclient-3.11.1 gAAAAABpMH5jrfBV... - 2 - txd1e7704f9fe9486bb4548-0069307ec1 - 0.0189 - - 1764785857.979551792 1764785857.998459339 0
Dec 3 18:17:38 standalone object-server[127003]: 172.20.0.100 - - [03/Dec/2025:18:17:38 +0000] "GET /d1/428/AUTH_12ada9feb77b42d78af372daadbfa837/gnocchi.f998c4df-0782-4b82-a5db-a4cbc725bb9c/1764720000.0_mean_300.0_v3" 404 70 "GET http://172.18.0.2:8080/v1/AUTH_12ada9feb77b42d78af372daadbfa837/gnocchi.f998c4df-0782-4b82-a5db-a4cbc725bb9c/1764720000.0_mean_300.0_v3" "tx5e4eab7ecf7e44b1b89a8-0069307ec2" "proxy-server 12" 0.0003 "-" 22 0
Dec 3 18:17:38 standalone proxy-server[128730]: 172.18.0.2 172.18.0.100 03/Dec/2025/18/17/38 GET /v1/AUTH_12ada9feb77b42d78af372daadbfa837/gnocchi.f998c4df-0782-4b82-a5db-a4cbc725bb9c/1764720000.0_mean_300.0_v3 HTTP/1.0 404 - python-swiftclient-3.11.1 gAAAAABpMH5jrfBV... - 70 - tx5e4eab7ecf7e44b1b89a8-0069307ec2 - 0.0057 - - 1764785858.003761053 1764785858.009452581 0
Dec 3 18:17:38 standalone container-server[126786]: 172.20.0.100 - - [03/Dec/2025:18:17:38 +0000] "PUT /d1/628/AUTH_12ada9feb77b42d78af372daadbfa837/gnocchi.f998c4df-0782-4b82-a5db-a4cbc725bb9c/1764720000.0_mean_300.0_v3" 201 - "PUT http://172.18.0.2:8080/d1/428/AUTH_12ada9feb77b42d78af372daadbfa837/gnocchi.f998c4df-0782-4b82-a5db-a4cbc725bb9c/1764720000.0_mean_300.0_v3" "txcffdf6e3f63e44a1be715-0069307ec2" "object-server 25" 0.0007 "-" 19 0
Dec 3 18:17:38 standalone object-server[127008]: 172.20.0.100 - - [03/Dec/2025:18:17:38 +0000] "PUT /d1/428/AUTH_12ada9feb77b42d78af372daadbfa837/gnocchi.f998c4df-0782-4b82-a5db-a4cbc725bb9c/1764720000.0_mean_300.0_v3" 201 - "PUT http://172.18.0.2:8080/v1/AUTH_12ada9feb77b42d78af372daadbfa837/gnocchi.f998c4df-0782-4b82-a5db-a4cbc725bb9c/1764720000.0_mean_300.0_v3" "txcffdf6e3f63e44a1be715-0069307ec2" "proxy-server 12" 0.0134 "-" 25 0
Dec 3 18:17:38 standalone proxy-server[128730]: 172.18.0.2 172.18.0.100 03/Dec/2025/18/17/38 PUT /v1/AUTH_12ada9feb77b42d78af372daadbfa837/gnocchi.f998c4df-0782-4b82-a5db-a4cbc725bb9c/1764720000.0_mean_300.0_v3 HTTP/1.0 201 - python-swiftclient-3.11.1 gAAAAABpMH5jrfBV... 16 - - txcffdf6e3f63e44a1be715-0069307ec2 - 0.0220 - - 1764785858.017313480 1764785858.039319038 0
Dec 3 18:17:38 standalone container-server[126786]: 172.20.0.100 - - [03/Dec/2025:18:17:38 +0000] "PUT /d1/628/AUTH_12ada9feb77b42d78af372daadbfa837/gnocchi.f998c4df-0782-4b82-a5db-a4cbc725bb9c/none_v3" 201 - "PUT http://172.18.0.2:8080/d1/668/AUTH_12ada9feb77b42d78af372daadbfa837/gnocchi.f998c4df-0782-4b82-a5db-a4cbc725bb9c/none_v3" "tx0f6162aa911d4dc4b73cb-0069307ec2" "object-server 24" 0.0006 "-" 19 0
Dec 3 18:17:38 standalone object-server[127006]: 172.20.0.100 - - [03/Dec/2025:18:17:38 +0000] "PUT /d1/668/AUTH_12ada9feb77b42d78af372daadbfa837/gnocchi.f998c4df-0782-4b82-a5db-a4cbc725bb9c/none_v3" 201 - "PUT http://172.18.0.2:8080/v1/AUTH_12ada9feb77b42d78af372daadbfa837/gnocchi.f998c4df-0782-4b82-a5db-a4cbc725bb9c/none_v3" "tx0f6162aa911d4dc4b73cb-0069307ec2" "proxy-server 12" 0.0162 "-" 24 0
Dec 3 18:17:38 standalone proxy-server[128730]: 172.18.0.2 172.18.0.100 03/Dec/2025/18/17/38 PUT /v1/AUTH_12ada9feb77b42d78af372daadbfa837/gnocchi.f998c4df-0782-4b82-a5db-a4cbc725bb9c/none_v3 HTTP/1.0 201 - python-swiftclient-3.11.1 gAAAAABpMH5jrfBV... 22 - - tx0f6162aa911d4dc4b73cb-0069307ec2 - 0.0290 - - 1764785858.046496153 1764785858.075455427 0
Dec 3 18:17:38 standalone object-server[127005]: 172.20.0.100 - - [03/Dec/2025:18:17:38 +0000] "GET /d1/234/AUTH_12ada9feb77b42d78af372daadbfa837/gnocchi.06cbb25e-a366-491b-9721-bad6bd4ce910/none_v3" 200 22 "GET http://172.18.0.2:8080/v1/AUTH_12ada9feb77b42d78af372daadbfa837/gnocchi.06cbb25e-a366-491b-9721-bad6bd4ce910/none_v3" "tx138525ade0cc43e8b2b07-0069307ec2" "proxy-server 12" 0.0008 "-" 23 0
Dec 3 18:17:38 standalone proxy-server[128730]: 172.18.0.2 172.18.0.100 03/Dec/2025/18/17/38 GET /v1/AUTH_12ada9feb77b42d78af372daadbfa837/gnocchi.06cbb25e-a366-491b-9721-bad6bd4ce910/none_v3 HTTP/1.0 200 - python-swiftclient-3.11.1 gAAAAABpMH5jrfBV... - 22 - tx138525ade0cc43e8b2b07-0069307ec2 - 0.0088 - - 1764785858.128672838 1764785858.137476206 0
Dec 3 18:17:38 standalone container-server[126791]: 172.20.0.100 - - [03/Dec/2025:18:17:38 +0000] "GET /d1/603/AUTH_12ada9feb77b42d78af372daadbfa837/gnocchi.06cbb25e-a366-491b-9721-bad6bd4ce910" 200 357 "GET http://172.18.0.2:8080/v1/AUTH_12ada9feb77b42d78af372daadbfa837/gnocchi.06cbb25e-a366-491b-9721-bad6bd4ce910?format=json&states=listing" "tx08abcc2beccb4a1dbde5e-0069307ec2" "proxy-server 12" 0.0295 "-" 21 0
Dec 3 18:17:38 standalone proxy-server[128730]: 172.18.0.2 172.18.0.100 03/Dec/2025/18/17/38 GET /v1/AUTH_12ada9feb77b42d78af372daadbfa837/gnocchi.06cbb25e-a366-491b-9721-bad6bd4ce910%3Fformat%3Djson%26states%3Dlisting HTTP/1.0 200 - python-swiftclient-3.11.1 gAAAAABpMH5jrfBV... - 357 - tx08abcc2beccb4a1dbde5e-0069307ec2 - 0.0389 - - 1764785858.142110825 1764785858.180994272 0
Dec 3 18:17:38 standalone container-server[126788]: 172.20.0.100 - - [03/Dec/2025:18:17:38 +0000] "GET /d1/603/AUTH_12ada9feb77b42d78af372daadbfa837/gnocchi.06cbb25e-a366-491b-9721-bad6bd4ce910" 200 2 "GET http://172.18.0.2:8080/v1/AUTH_12ada9feb77b42d78af372daadbfa837/gnocchi.06cbb25e-a366-491b-9721-bad6bd4ce910?format=json&marker=none_v3&states=listing" "tx1998b657d5db4c148aca3-0069307ec2" "proxy-server 12" 0.0023 "-" 20 0
Dec 3 18:17:38 standalone proxy-server[128730]: 172.18.0.2 172.18.0.100 03/Dec/2025/18/17/38 GET /v1/AUTH_12ada9feb77b42d78af372daadbfa837/gnocchi.06cbb25e-a366-491b-9721-bad6bd4ce910%3Fformat%3Djson%26marker%3Dnone_v3%26states%3Dlisting HTTP/1.0 200 - python-swiftclient-3.11.1 gAAAAABpMH5jrfBV... - 2 - tx1998b657d5db4c148aca3-0069307ec2 - 0.0114 - - 1764785858.185403347 1764785858.196777582 0
Dec 3 18:17:38 standalone object-server[127003]: 172.20.0.100 - - [03/Dec/2025:18:17:38 +0000] "GET /d1/418/AUTH_12ada9feb77b42d78af372daadbfa837/gnocchi.06cbb25e-a366-491b-9721-bad6bd4ce910/1764720000.0_mean_300.0_v3" 200 16 "GET http://172.18.0.2:8080/v1/AUTH_12ada9feb77b42d78af372daadbfa837/gnocchi.06cbb25e-a366-491b-9721-bad6bd4ce910/1764720000.0_mean_300.0_v3" "tx93f96566bfa045699892c-0069307ec2" "proxy-server 12" 0.0007 "-" 22 0
Dec 3 18:17:38 standalone proxy-server[128730]: 172.18.0.2 172.18.0.100 03/Dec/2025/18/17/38 GET /v1/AUTH_12ada9feb77b42d78af372daadbfa837/gnocchi.06cbb25e-a366-491b-9721-bad6bd4ce910/1764720000.0_mean_300.0_v3 HTTP/1.0 200 - python-swiftclient-3.11.1 gAAAAABpMH5jrfBV... - 16 - tx93f96566bfa045699892c-0069307ec2 - 0.0115 - - 1764785858.202356815 1764785858.213849783 0
Dec 3 18:17:38 standalone container-server[126791]: 172.20.0.100 - - [03/Dec/2025:18:17:38 +0000] "PUT /d1/603/AUTH_12ada9feb77b42d78af372daadbfa837/gnocchi.06cbb25e-a366-491b-9721-bad6bd4ce910/1764720000.0_mean_300.0_v3" 201 - "PUT http://172.18.0.2:8080/d1/418/AUTH_12ada9feb77b42d78af372daadbfa837/gnocchi.06cbb25e-a366-491b-9721-bad6bd4ce910/1764720000.0_mean_300.0_v3" "tx83fcec7e54674545afde0-0069307ec2" "object-server 24" 0.0007 "-" 21 0
Dec 3 18:17:38 standalone object-server[127006]: 172.20.0.100 - - [03/Dec/2025:18:17:38 +0000] "PUT /d1/418/AUTH_12ada9feb77b42d78af372daadbfa837/gnocchi.06cbb25e-a366-491b-9721-bad6bd4ce910/1764720000.0_mean_300.0_v3" 201 - "PUT http://172.18.0.2:8080/v1/AUTH_12ada9feb77b42d78af372daadbfa837/gnocchi.06cbb25e-a366-491b-9721-bad6bd4ce910/1764720000.0_mean_300.0_v3" "tx83fcec7e54674545afde0-0069307ec2" "proxy-server 12" 0.0130 "-" 24 0
Dec 3 18:17:38 standalone proxy-server[128730]: 172.18.0.2 172.18.0.100 03/Dec/2025/18/17/38 PUT /v1/AUTH_12ada9feb77b42d78af372daadbfa837/gnocchi.06cbb25e-a366-491b-9721-bad6bd4ce910/1764720000.0_mean_300.0_v3 HTTP/1.0 201 - python-swiftclient-3.11.1 gAAAAABpMH5jrfBV... 16 - - tx83fcec7e54674545afde0-0069307ec2 - 0.0249 - - 1764785858.217307568 1764785858.242172241 0
Dec 3 18:17:38 standalone container-server[126791]: 172.20.0.100 - - [03/Dec/2025:18:17:38 +0000] "PUT /d1/603/AUTH_12ada9feb77b42d78af372daadbfa837/gnocchi.06cbb25e-a366-491b-9721-bad6bd4ce910/none_v3" 201 - "PUT http://172.18.0.2:8080/d1/234/AUTH_12ada9feb77b42d78af372daadbfa837/gnocchi.06cbb25e-a366-491b-9721-bad6bd4ce910/none_v3" "txfa5cd1d22716481089b8f-0069307ec2" "object-server 24" 0.0006 "-" 21 0
Dec 3 18:17:38 standalone object-server[127006]: 172.20.0.100 - - [03/Dec/2025:18:17:38 +0000] "PUT /d1/234/AUTH_12ada9feb77b42d78af372daadbfa837/gnocchi.06cbb25e-a366-491b-9721-bad6bd4ce910/none_v3" 201 - "PUT http://172.18.0.2:8080/v1/AUTH_12ada9feb77b42d78af372daadbfa837/gnocchi.06cbb25e-a366-491b-9721-bad6bd4ce910/none_v3" "txfa5cd1d22716481089b8f-0069307ec2" "proxy-server 12" 0.0115 "-" 24 0
Dec 3 18:17:38 standalone proxy-server[128730]: 172.18.0.2 172.18.0.100 03/Dec/2025/18/17/38 PUT /v1/AUTH_12ada9feb77b42d78af372daadbfa837/gnocchi.06cbb25e-a366-491b-9721-bad6bd4ce910/none_v3 HTTP/1.0 201 - python-swiftclient-3.11.1 gAAAAABpMH5jrfBV... 33 - - txfa5cd1d22716481089b8f-0069307ec2 - 0.0177 - - 1764785858.245929003 1764785858.263667345 0
Dec 3 18:17:38 standalone object-server[127006]: 172.20.0.100 - - [03/Dec/2025:18:17:38 +0000] "GET /d1/744/AUTH_12ada9feb77b42d78af372daadbfa837/gnocchi.ede2405d-10cf-41d3-9888-cb74ad0f4501/none_v3" 200 22 "GET http://172.18.0.2:8080/v1/AUTH_12ada9feb77b42d78af372daadbfa837/gnocchi.ede2405d-10cf-41d3-9888-cb74ad0f4501/none_v3" "tx469d293b58b043e09aa1b-0069307ec2" "proxy-server 12" 0.0012 "-" 24 0
Dec 3 18:17:38 standalone proxy-server[128730]: 172.18.0.2 172.18.0.100 03/Dec/2025/18/17/38 GET /v1/AUTH_12ada9feb77b42d78af372daadbfa837/gnocchi.ede2405d-10cf-41d3-9888-cb74ad0f4501/none_v3 HTTP/1.0 200 - python-swiftclient-3.11.1 gAAAAABpMH5jrfBV... - 22 - tx469d293b58b043e09aa1b-0069307ec2 - 0.0103 - - 1764785858.273666143 1764785858.283942223 0
Dec 3 18:17:38 standalone container-server[126786]: 172.20.0.100 - - [03/Dec/2025:18:17:38 +0000] "GET /d1/565/AUTH_12ada9feb77b42d78af372daadbfa837/gnocchi.ede2405d-10cf-41d3-9888-cb74ad0f4501" 200 357 "GET http://172.18.0.2:8080/v1/AUTH_12ada9feb77b42d78af372daadbfa837/gnocchi.ede2405d-10cf-41d3-9888-cb74ad0f4501?format=json&states=listing" "tx97f33abb29dc487ea570b-0069307ec2" "proxy-server 12" 0.0093 "-" 19 0
Dec 3 18:17:38 standalone proxy-server[128730]: 172.18.0.2 172.18.0.100 03/Dec/2025/18/17/38 GET /v1/AUTH_12ada9feb77b42d78af372daadbfa837/gnocchi.ede2405d-10cf-41d3-9888-cb74ad0f4501%3Fformat%3Djson%26states%3Dlisting HTTP/1.0 200 - python-swiftclient-3.11.1 gAAAAABpMH5jrfBV... - 357 - tx97f33abb29dc487ea570b-0069307ec2 - 0.0185 - - 1764785858.287478447 1764785858.305938005 0
Dec 3 18:17:38 standalone container-server[126802]: 172.20.0.100 - - [03/Dec/2025:18:17:38 +0000] "GET /d1/565/AUTH_12ada9feb77b42d78af372daadbfa837/gnocchi.ede2405d-10cf-41d3-9888-cb74ad0f4501" 200 2 "GET http://172.18.0.2:8080/v1/AUTH_12ada9feb77b42d78af372daadbfa837/gnocchi.ede2405d-10cf-41d3-9888-cb74ad0f4501?format=json&marker=none_v3&states=listing" "tx2d6d0a4408e24a9a8f77a-0069307ec2" "proxy-server 12" 0.0019 "-" 22 0
Dec 3 18:17:38 standalone proxy-server[128730]: 172.18.0.2 172.18.0.100 03/Dec/2025/18/17/38 GET /v1/AUTH_12ada9feb77b42d78af372daadbfa837/gnocchi.ede2405d-10cf-41d3-9888-cb74ad0f4501%3Fformat%3Djson%26marker%3Dnone_v3%26states%3Dlisting HTTP/1.0 200 - python-swiftclient-3.11.1 gAAAAABpMH5jrfBV... - 2 - tx2d6d0a4408e24a9a8f77a-0069307ec2 - 0.0091 - - 1764785858.308906078 1764785858.318029642 0
Dec 3 18:17:38 standalone object-server[127003]: 172.20.0.100 - - [03/Dec/2025:18:17:38 +0000] "GET /d1/244/AUTH_12ada9feb77b42d78af372daadbfa837/gnocchi.ede2405d-10cf-41d3-9888-cb74ad0f4501/1764720000.0_mean_300.0_v3" 200 16 "GET http://172.18.0.2:8080/v1/AUTH_12ada9feb77b42d78af372daadbfa837/gnocchi.ede2405d-10cf-41d3-9888-cb74ad0f4501/1764720000.0_mean_300.0_v3" "txab0f5596ce5b4a7f8d835-0069307ec2" "proxy-server 12" 0.0006 "-" 22 0
Dec 3 18:17:38 standalone proxy-server[128730]: 172.18.0.2 172.18.0.100 03/Dec/2025/18/17/38 GET /v1/AUTH_12ada9feb77b42d78af372daadbfa837/gnocchi.ede2405d-10cf-41d3-9888-cb74ad0f4501/1764720000.0_mean_300.0_v3 HTTP/1.0 200 - python-swiftclient-3.11.1 gAAAAABpMH5jrfBV... - 16 - txab0f5596ce5b4a7f8d835-0069307ec2 - 0.0105 - - 1764785858.322676897 1764785858.333175182 0
Dec 3 18:17:38 standalone container-server[126786]: 172.20.0.100 - - [03/Dec/2025:18:17:38 +0000] "PUT /d1/565/AUTH_12ada9feb77b42d78af372daadbfa837/gnocchi.ede2405d-10cf-41d3-9888-cb74ad0f4501/1764720000.0_mean_300.0_v3" 201 - "PUT http://172.18.0.2:8080/d1/244/AUTH_12ada9feb77b42d78af372daadbfa837/gnocchi.ede2405d-10cf-41d3-9888-cb74ad0f4501/1764720000.0_mean_300.0_v3" "txb7727ee715a846c5952ec-0069307ec2" "object-server 23" 0.0008 "-" 19 0
Dec 3 18:17:38 standalone object-server[127005]: 172.20.0.100 - - [03/Dec/2025:18:17:38 +0000] "PUT /d1/244/AUTH_12ada9feb77b42d78af372daadbfa837/gnocchi.ede2405d-10cf-41d3-9888-cb74ad0f4501/1764720000.0_mean_300.0_v3" 201 - "PUT http://172.18.0.2:8080/v1/AUTH_12ada9feb77b42d78af372daadbfa837/gnocchi.ede2405d-10cf-41d3-9888-cb74ad0f4501/1764720000.0_mean_300.0_v3" "txb7727ee715a846c5952ec-0069307ec2" "proxy-server 12" 0.0124 "-" 23 0
Dec 3 18:17:38 standalone proxy-server[128730]: 172.18.0.2 172.18.0.100 03/Dec/2025/18/17/38 PUT /v1/AUTH_12ada9feb77b42d78af372daadbfa837/gnocchi.ede2405d-10cf-41d3-9888-cb74ad0f4501/1764720000.0_mean_300.0_v3 HTTP/1.0 201 - python-swiftclient-3.11.1 gAAAAABpMH5jrfBV... 16 - - txb7727ee715a846c5952ec-0069307ec2 - 0.0209 - - 1764785858.337198734 1764785858.358119249 0
Dec 3 18:17:38 standalone container-server[126786]: 172.20.0.100 - - [03/Dec/2025:18:17:38 +0000] "PUT /d1/565/AUTH_12ada9feb77b42d78af372daadbfa837/gnocchi.ede2405d-10cf-41d3-9888-cb74ad0f4501/none_v3" 201 - "PUT http://172.18.0.2:8080/d1/744/AUTH_12ada9feb77b42d78af372daadbfa837/gnocchi.ede2405d-10cf-41d3-9888-cb74ad0f4501/none_v3" "tx9c471636dae8465090bc8-0069307ec2" "object-server 22" 0.0010 "-" 19 0
Dec 3 18:17:38 standalone object-server[127003]: 172.20.0.100 - - [03/Dec/2025:18:17:38 +0000] "PUT /d1/744/AUTH_12ada9feb77b42d78af372daadbfa837/gnocchi.ede2405d-10cf-41d3-9888-cb74ad0f4501/none_v3" 201 - "PUT http://172.18.0.2:8080/v1/AUTH_12ada9feb77b42d78af372daadbfa837/gnocchi.ede2405d-10cf-41d3-9888-cb74ad0f4501/none_v3" "tx9c471636dae8465090bc8-0069307ec2" "proxy-server 12" 0.0096 "-" 22 0
Dec 3 18:17:38 standalone proxy-server[128730]: 172.18.0.2 172.18.0.100 03/Dec/2025/18/17/38 PUT /v1/AUTH_12ada9feb77b42d78af372daadbfa837/gnocchi.ede2405d-10cf-41d3-9888-cb74ad0f4501/none_v3 HTTP/1.0 201 - python-swiftclient-3.11.1 gAAAAABpMH5jrfBV... 33 - - tx9c471636dae8465090bc8-0069307ec2 - 0.0171 - - 1764785858.362054110 1764785858.379176378 0
Dec 3 18:17:41 standalone object-server[127006]: 172.20.0.100 - - [03/Dec/2025:18:17:41 +0000] "GET /d1/668/AUTH_12ada9feb77b42d78af372daadbfa837/gnocchi.f998c4df-0782-4b82-a5db-a4cbc725bb9c/none_v3" 200 22 "GET http://172.18.0.2:8080/v1/AUTH_12ada9feb77b42d78af372daadbfa837/gnocchi.f998c4df-0782-4b82-a5db-a4cbc725bb9c/none_v3" "txabffe0d77d6846a7bb4c7-0069307ec5" "proxy-server 12" 0.0014 "-" 24 0
Dec 3 18:17:41 standalone proxy-server[128730]: 172.18.0.2 172.18.0.100 03/Dec/2025/18/17/41 GET /v1/AUTH_12ada9feb77b42d78af372daadbfa837/gnocchi.f998c4df-0782-4b82-a5db-a4cbc725bb9c/none_v3 HTTP/1.0 200 - python-swiftclient-3.11.1 gAAAAABpMH5jrfBV... - 22 - txabffe0d77d6846a7bb4c7-0069307ec5 - 0.0104 - - 1764785861.775273561 1764785861.785631180 0
Dec 3 18:17:41 standalone container-server[126786]: 172.20.0.100 - - [03/Dec/2025:18:17:41 +0000] "GET /d1/628/AUTH_12ada9feb77b42d78af372daadbfa837/gnocchi.f998c4df-0782-4b82-a5db-a4cbc725bb9c" 200 357 "GET http://172.18.0.2:8080/v1/AUTH_12ada9feb77b42d78af372daadbfa837/gnocchi.f998c4df-0782-4b82-a5db-a4cbc725bb9c?format=json&states=listing" "tx3be6b8416b6e45298f459-0069307ec5" "proxy-server 12" 0.0127 "-" 19 0
Dec 3 18:17:41 standalone proxy-server[128730]: 172.18.0.2 172.18.0.100 03/Dec/2025/18/17/41 GET /v1/AUTH_12ada9feb77b42d78af372daadbfa837/gnocchi.f998c4df-0782-4b82-a5db-a4cbc725bb9c%3Fformat%3Djson%26states%3Dlisting HTTP/1.0 200 - python-swiftclient-3.11.1 gAAAAABpMH5jrfBV... - 357 - tx3be6b8416b6e45298f459-0069307ec5 - 0.0215 - - 1764785861.789854765 1764785861.811319828 0
Dec 3 18:17:41 standalone container-server[126788]: 172.20.0.100 - - [03/Dec/2025:18:17:41 +0000] "GET /d1/628/AUTH_12ada9feb77b42d78af372daadbfa837/gnocchi.f998c4df-0782-4b82-a5db-a4cbc725bb9c" 200 2 "GET http://172.18.0.2:8080/v1/AUTH_12ada9feb77b42d78af372daadbfa837/gnocchi.f998c4df-0782-4b82-a5db-a4cbc725bb9c?format=json&marker=none_v3&states=listing" "txc4bf1069ec274286afb1c-0069307ec5" "proxy-server 12" 0.0026 "-" 20 0
Dec 3 18:17:41 standalone proxy-server[128730]: 172.18.0.2 172.18.0.100 03/Dec/2025/18/17/41 GET /v1/AUTH_12ada9feb77b42d78af372daadbfa837/gnocchi.f998c4df-0782-4b82-a5db-a4cbc725bb9c%3Fformat%3Djson%26marker%3Dnone_v3%26states%3Dlisting HTTP/1.0 200 - python-swiftclient-3.11.1 gAAAAABpMH5jrfBV... - 2 - txc4bf1069ec274286afb1c-0069307ec5 - 0.0198 - - 1764785861.815110922 1764785861.834954977 0
Dec 3 18:17:41 standalone object-server[127008]: 172.20.0.100 - - [03/Dec/2025:18:17:41 +0000] "GET /d1/428/AUTH_12ada9feb77b42d78af372daadbfa837/gnocchi.f998c4df-0782-4b82-a5db-a4cbc725bb9c/1764720000.0_mean_300.0_v3" 200 16 "GET http://172.18.0.2:8080/v1/AUTH_12ada9feb77b42d78af372daadbfa837/gnocchi.f998c4df-0782-4b82-a5db-a4cbc725bb9c/1764720000.0_mean_300.0_v3" "tx7e7e2622880b442f8dc33-0069307ec5" "proxy-server 12" 0.0012 "-" 25 0
Dec 3 18:17:41 standalone proxy-server[128730]: 172.18.0.2 172.18.0.100 03/Dec/2025/18/17/41 GET /v1/AUTH_12ada9feb77b42d78af372daadbfa837/gnocchi.f998c4df-0782-4b82-a5db-a4cbc725bb9c/1764720000.0_mean_300.0_v3 HTTP/1.0 200 - python-swiftclient-3.11.1 gAAAAABpMH5jrfBV... - 16 - tx7e7e2622880b442f8dc33-0069307ec5 - 0.0081 - - 1764785861.839109659 1764785861.847204924 0
Dec 3 18:17:41 standalone container-server[126788]: 172.20.0.100 - - [03/Dec/2025:18:17:41 +0000] "PUT /d1/628/AUTH_12ada9feb77b42d78af372daadbfa837/gnocchi.f998c4df-0782-4b82-a5db-a4cbc725bb9c/1764720000.0_mean_300.0_v3" 201 - "PUT http://172.18.0.2:8080/d1/428/AUTH_12ada9feb77b42d78af372daadbfa837/gnocchi.f998c4df-0782-4b82-a5db-a4cbc725bb9c/1764720000.0_mean_300.0_v3" "txc480547b9365412e95c5a-0069307ec5" "object-server 23" 0.0005 "-" 20 0
Dec 3 18:17:41 standalone object-server[127005]: 172.20.0.100 - - [03/Dec/2025:18:17:41 +0000] "PUT /d1/428/AUTH_12ada9feb77b42d78af372daadbfa837/gnocchi.f998c4df-0782-4b82-a5db-a4cbc725bb9c/1764720000.0_mean_300.0_v3" 201 - "PUT http://172.18.0.2:8080/v1/AUTH_12ada9feb77b42d78af372daadbfa837/gnocchi.f998c4df-0782-4b82-a5db-a4cbc725bb9c/1764720000.0_mean_300.0_v3" "txc480547b9365412e95c5a-0069307ec5" "proxy-server 12" 0.0101 "-" 23 0
Dec 3 18:17:41 standalone proxy-server[128730]: 172.18.0.2 172.18.0.100 03/Dec/2025/18/17/41 PUT /v1/AUTH_12ada9feb77b42d78af372daadbfa837/gnocchi.f998c4df-0782-4b82-a5db-a4cbc725bb9c/1764720000.0_mean_300.0_v3 HTTP/1.0 201 - python-swiftclient-3.11.1 gAAAAABpMH5jrfBV... 16 - - txc480547b9365412e95c5a-0069307ec5 - 0.0154 - - 1764785861.849457979 1764785861.864887476 0
Dec 3 18:17:41 standalone container-server[126788]: 172.20.0.100 - - [03/Dec/2025:18:17:41 +0000] "PUT /d1/628/AUTH_12ada9feb77b42d78af372daadbfa837/gnocchi.f998c4df-0782-4b82-a5db-a4cbc725bb9c/none_v3" 201 - "PUT http://172.18.0.2:8080/d1/668/AUTH_12ada9feb77b42d78af372daadbfa837/gnocchi.f998c4df-0782-4b82-a5db-a4cbc725bb9c/none_v3" "txe7e32751239a4fe1962fa-0069307ec5" "object-server 24" 0.0004 "-" 20 0
Dec 3 18:17:41 standalone object-server[127006]: 172.20.0.100 - - [03/Dec/2025:18:17:41 +0000] "PUT /d1/668/AUTH_12ada9feb77b42d78af372daadbfa837/gnocchi.f998c4df-0782-4b82-a5db-a4cbc725bb9c/none_v3" 201 - "PUT http://172.18.0.2:8080/v1/AUTH_12ada9feb77b42d78af372daadbfa837/gnocchi.f998c4df-0782-4b82-a5db-a4cbc725bb9c/none_v3" "txe7e32751239a4fe1962fa-0069307ec5" "proxy-server 12" 0.0097 "-" 24 0
Dec 3 18:17:41 standalone proxy-server[128730]: 172.18.0.2 172.18.0.100 03/Dec/2025/18/17/41 PUT /v1/AUTH_12ada9feb77b42d78af372daadbfa837/gnocchi.f998c4df-0782-4b82-a5db-a4cbc725bb9c/none_v3 HTTP/1.0 201 - python-swiftclient-3.11.1 gAAAAABpMH5jrfBV... 31 - - txe7e32751239a4fe1962fa-0069307ec5 - 0.0150 - - 1764785861.867381334 1764785861.882395506 0
Dec 3 18:17:52 standalone container-server[126788]: 172.20.0.100 - - [03/Dec/2025:18:17:52 +0000] "HEAD /d1/637/AUTH_12ada9feb77b42d78af372daadbfa837/gnocchi.55022aea-005f-427a-b974-e6017a8008dc" 404 - "HEAD http://172.18.0.2:8080/v1/AUTH_12ada9feb77b42d78af372daadbfa837/gnocchi.55022aea-005f-427a-b974-e6017a8008dc?format=json&states=listing" "txb01d1bcc5807484691173-0069307ed0" "proxy-server 12" 0.0005 "-" 20 0
Dec 3 18:17:52 standalone object-server[127005]: 172.20.0.100 - - [03/Dec/2025:18:17:52 +0000] "GET /d1/828/AUTH_12ada9feb77b42d78af372daadbfa837/gnocchi.55022aea-005f-427a-b974-e6017a8008dc/none_v3" 404 70 "GET http://172.18.0.2:8080/v1/AUTH_12ada9feb77b42d78af372daadbfa837/gnocchi.55022aea-005f-427a-b974-e6017a8008dc/none_v3" "txb01d1bcc5807484691173-0069307ed0" "proxy-server 12" 0.0008 "-" 23 0
Dec 3 18:17:52 standalone proxy-server[128730]: 172.18.0.2 172.18.0.100 03/Dec/2025/18/17/52 GET /v1/AUTH_12ada9feb77b42d78af372daadbfa837/gnocchi.55022aea-005f-427a-b974-e6017a8008dc/none_v3 HTTP/1.0 404 - python-swiftclient-3.11.1 gAAAAABpMH5jrfBV... - 70 - txb01d1bcc5807484691173-0069307ed0 - 0.0100 - - 1764785872.949196815 1764785872.959187508 0
Dec 3 18:17:52 standalone account-server[126828]: 172.20.0.100 - - [03/Dec/2025:18:17:52 +0000] "PUT /d1/479/AUTH_12ada9feb77b42d78af372daadbfa837/gnocchi.55022aea-005f-427a-b974-e6017a8008dc" 201 - "PUT http://172.20.0.100:6001/d1/637/AUTH_12ada9feb77b42d78af372daadbfa837/gnocchi.55022aea-005f-427a-b974-e6017a8008dc" "tx638bfd87ad0c4e86b8b7e-0069307ed0" "container-server 21" 0.0042 "-" 20 0
Dec 3 18:17:52 standalone container-server[126791]: 172.20.0.100 - - [03/Dec/2025:18:17:52 +0000] "PUT /d1/637/AUTH_12ada9feb77b42d78af372daadbfa837/gnocchi.55022aea-005f-427a-b974-e6017a8008dc" 201 - "PUT http://172.18.0.2:8080/v1/AUTH_12ada9feb77b42d78af372daadbfa837/gnocchi.55022aea-005f-427a-b974-e6017a8008dc" "tx638bfd87ad0c4e86b8b7e-0069307ed0" "proxy-server 12" 0.0137 "-" 21 0
Dec 3 18:17:52 standalone proxy-server[128730]: 172.18.0.2 172.18.0.100 03/Dec/2025/18/17/52 PUT /v1/AUTH_12ada9feb77b42d78af372daadbfa837/gnocchi.55022aea-005f-427a-b974-e6017a8008dc HTTP/1.0 201 - python-swiftclient-3.11.1 gAAAAABpMH5jrfBV... - - - tx638bfd87ad0c4e86b8b7e-0069307ed0 - 0.0186 - - 1764785872.961534977 1764785872.980141163 0
Dec 3 18:17:52 standalone container-server[126786]: 172.20.0.100 - - [03/Dec/2025:18:17:52 +0000] "HEAD /d1/637/AUTH_12ada9feb77b42d78af372daadbfa837/gnocchi.55022aea-005f-427a-b974-e6017a8008dc" 204 - "HEAD http://172.18.0.2:8080/v1/AUTH_12ada9feb77b42d78af372daadbfa837/gnocchi.55022aea-005f-427a-b974-e6017a8008dc?format=json&states=listing" "tx8fe044c0f8b54aa9ab4dc-0069307ed0" "proxy-server 12" 0.0012 "-" 19 0
Dec 3 18:17:52 standalone proxy-server[128730]: - - 03/Dec/2025/18/17/52 HEAD /v1/AUTH_12ada9feb77b42d78af372daadbfa837/gnocchi.55022aea-005f-427a-b974-e6017a8008dc%3Fformat%3Djson%26states%3Dlisting HTTP/1.0 204 - Swift - - - - tx8fe044c0f8b54aa9ab4dc-0069307ed0 - 0.0038 RL - 1764785872.983386040 1764785872.987159252 0
Dec 3 18:17:52 standalone container-server[126791]: 172.20.0.100 - - [03/Dec/2025:18:17:52 +0000] "GET /d1/637/AUTH_12ada9feb77b42d78af372daadbfa837/gnocchi.55022aea-005f-427a-b974-e6017a8008dc" 200 2 "GET http://172.18.0.2:8080/v1/AUTH_12ada9feb77b42d78af372daadbfa837/gnocchi.55022aea-005f-427a-b974-e6017a8008dc?format=json&states=listing" "tx8fe044c0f8b54aa9ab4dc-0069307ed0" "proxy-server 12" 0.0021 "-" 21 0
