Dec 3 18:22:25 standalone account-server[126831]: 172.20.0.100 - - [03/Dec/2025:18:22:25 +0000] "PUT /d1/479/AUTH_12ada9feb77b42d78af372daadbfa837/gnocchi.567415ca-c66e-4ffa-9e7c-9ba38fc8ce8f" 201 - "PUT http://172.20.0.100:6001/d1/975/AUTH_12ada9feb77b42d78af372daadbfa837/gnocchi.567415ca-c66e-4ffa-9e7c-9ba38fc8ce8f" "tx018c6c212d9d4b5da575c-0069307fe1" "container-server 20" 0.0062 "-" 22 0
Dec 3 18:22:25 standalone container-server[126788]: 172.20.0.100 - - [03/Dec/2025:18:22:25 +0000] "PUT /d1/975/AUTH_12ada9feb77b42d78af372daadbfa837/gnocchi.567415ca-c66e-4ffa-9e7c-9ba38fc8ce8f" 201 - "PUT http://172.18.0.2:8080/v1/AUTH_12ada9feb77b42d78af372daadbfa837/gnocchi.567415ca-c66e-4ffa-9e7c-9ba38fc8ce8f" "tx018c6c212d9d4b5da575c-0069307fe1" "proxy-server 12" 0.0197 "-" 20 0
Dec 3 18:22:25 standalone proxy-server[128730]: 172.18.0.2 172.18.0.100 03/Dec/2025/18/22/25 PUT /v1/AUTH_12ada9feb77b42d78af372daadbfa837/gnocchi.567415ca-c66e-4ffa-9e7c-9ba38fc8ce8f HTTP/1.0 201 - python-swiftclient-3.11.1 gAAAAABpMH5jrfBV... - - - tx018c6c212d9d4b5da575c-0069307fe1 - 0.0274 - - 1764786145.318340778 1764786145.345789671 0
Dec 3 18:22:25 standalone container-server[126788]: 172.20.0.100 - - [03/Dec/2025:18:22:25 +0000] "HEAD /d1/975/AUTH_12ada9feb77b42d78af372daadbfa837/gnocchi.567415ca-c66e-4ffa-9e7c-9ba38fc8ce8f" 204 - "HEAD http://172.18.0.2:8080/v1/AUTH_12ada9feb77b42d78af372daadbfa837/gnocchi.567415ca-c66e-4ffa-9e7c-9ba38fc8ce8f?format=json&states=listing" "tx0cf366f796ab4f09a044f-0069307fe1" "proxy-server 12" 0.0023 "-" 20 0
Dec 3 18:22:25 standalone proxy-server[128730]: - - 03/Dec/2025/18/22/25 HEAD /v1/AUTH_12ada9feb77b42d78af372daadbfa837/gnocchi.567415ca-c66e-4ffa-9e7c-9ba38fc8ce8f%3Fformat%3Djson%26states%3Dlisting HTTP/1.0 204 - Swift - - - - tx0cf366f796ab4f09a044f-0069307fe1 - 0.0073 RL - 1764786145.354545832 1764786145.361825228 0
Dec 3 18:22:25 standalone container-server[126791]: 172.20.0.100 - - [03/Dec/2025:18:22:25 +0000] "GET /d1/975/AUTH_12ada9feb77b42d78af372daadbfa837/gnocchi.567415ca-c66e-4ffa-9e7c-9ba38fc8ce8f" 200 2 "GET http://172.18.0.2:8080/v1/AUTH_12ada9feb77b42d78af372daadbfa837/gnocchi.567415ca-c66e-4ffa-9e7c-9ba38fc8ce8f?format=json&states=listing" "tx0cf366f796ab4f09a044f-0069307fe1" "proxy-server 12" 0.0035 "-" 21 0
Dec 3 18:22:25 standalone proxy-server[128730]: 172.18.0.2 172.18.0.100 03/Dec/2025/18/22/25 GET /v1/AUTH_12ada9feb77b42d78af372daadbfa837/gnocchi.567415ca-c66e-4ffa-9e7c-9ba38fc8ce8f%3Fformat%3Djson%26states%3Dlisting HTTP/1.0 200 - python-swiftclient-3.11.1 gAAAAABpMH5jrfBV... - 2 - tx0cf366f796ab4f09a044f-0069307fe1 - 0.0214 - - 1764786145.352905273 1764786145.374256372 0
Dec 3 18:22:25 standalone object-server[127006]: 172.20.0.100 - - [03/Dec/2025:18:22:25 +0000] "GET /d1/738/AUTH_12ada9feb77b42d78af372daadbfa837/gnocchi.567415ca-c66e-4ffa-9e7c-9ba38fc8ce8f/1764720000.0_mean_300.0_v3" 404 70 "GET http://172.18.0.2:8080/v1/AUTH_12ada9feb77b42d78af372daadbfa837/gnocchi.567415ca-c66e-4ffa-9e7c-9ba38fc8ce8f/1764720000.0_mean_300.0_v3" "txc7657fe226e947d294d15-0069307fe1" "proxy-server 12" 0.0005 "-" 24 0
Dec 3 18:22:25 standalone proxy-server[128730]: 172.18.0.2 172.18.0.100 03/Dec/2025/18/22/25 GET /v1/AUTH_12ada9feb77b42d78af372daadbfa837/gnocchi.567415ca-c66e-4ffa-9e7c-9ba38fc8ce8f/1764720000.0_mean_300.0_v3 HTTP/1.0 404 - python-swiftclient-3.11.1 gAAAAABpMH5jrfBV... - 70 - txc7657fe226e947d294d15-0069307fe1 - 0.0092 - - 1764786145.379848003 1764786145.389058352 0
Dec 3 18:22:25 standalone container-server[126802]: 172.20.0.100 - - [03/Dec/2025:18:22:25 +0000] "PUT /d1/975/AUTH_12ada9feb77b42d78af372daadbfa837/gnocchi.567415ca-c66e-4ffa-9e7c-9ba38fc8ce8f/1764720000.0_mean_300.0_v3" 201 - "PUT http://172.18.0.2:8080/d1/738/AUTH_12ada9feb77b42d78af372daadbfa837/gnocchi.567415ca-c66e-4ffa-9e7c-9ba38fc8ce8f/1764720000.0_mean_300.0_v3" "txabd626ed658549bc80894-0069307fe1" "object-server 22" 0.0010 "-" 22 0
Dec 3 18:22:25 standalone object-server[127003]: 172.20.0.100 - - [03/Dec/2025:18:22:25 +0000] "PUT /d1/738/AUTH_12ada9feb77b42d78af372daadbfa837/gnocchi.567415ca-c66e-4ffa-9e7c-9ba38fc8ce8f/1764720000.0_mean_300.0_v3" 201 - "PUT http://172.18.0.2:8080/v1/AUTH_12ada9feb77b42d78af372daadbfa837/gnocchi.567415ca-c66e-4ffa-9e7c-9ba38fc8ce8f/1764720000.0_mean_300.0_v3" "txabd626ed658549bc80894-0069307fe1" "proxy-server 12" 0.0118 "-" 22 0
Dec 3 18:22:25 standalone proxy-server[128730]: 172.18.0.2 172.18.0.100 03/Dec/2025/18/22/25 PUT /v1/AUTH_12ada9feb77b42d78af372daadbfa837/gnocchi.567415ca-c66e-4ffa-9e7c-9ba38fc8ce8f/1764720000.0_mean_300.0_v3 HTTP/1.0 201 - python-swiftclient-3.11.1 gAAAAABpMH5jrfBV... 16 - - txabd626ed658549bc80894-0069307fe1 - 0.0206 - - 1764786145.393358231 1764786145.413979530 0
Dec 3 18:22:25 standalone container-server[126786]: 172.20.0.100 - - [03/Dec/2025:18:22:25 +0000] "PUT /d1/975/AUTH_12ada9feb77b42d78af372daadbfa837/gnocchi.567415ca-c66e-4ffa-9e7c-9ba38fc8ce8f/none_v3" 201 - "PUT http://172.18.0.2:8080/d1/730/AUTH_12ada9feb77b42d78af372daadbfa837/gnocchi.567415ca-c66e-4ffa-9e7c-9ba38fc8ce8f/none_v3" "tx9a469e4079944fe988a11-0069307fe1" "object-server 23" 0.0009 "-" 19 0
Dec 3 18:22:25 standalone object-server[127005]: 172.20.0.100 - - [03/Dec/2025:18:22:25 +0000] "PUT /d1/730/AUTH_12ada9feb77b42d78af372daadbfa837/gnocchi.567415ca-c66e-4ffa-9e7c-9ba38fc8ce8f/none_v3" 201 - "PUT http://172.18.0.2:8080/v1/AUTH_12ada9feb77b42d78af372daadbfa837/gnocchi.567415ca-c66e-4ffa-9e7c-9ba38fc8ce8f/none_v3" "tx9a469e4079944fe988a11-0069307fe1" "proxy-server 12" 0.0128 "-" 23 0
Dec 3 18:22:25 standalone proxy-server[128730]: 172.18.0.2 172.18.0.100 03/Dec/2025/18/22/25 PUT /v1/AUTH_12ada9feb77b42d78af372daadbfa837/gnocchi.567415ca-c66e-4ffa-9e7c-9ba38fc8ce8f/none_v3 HTTP/1.0 201 - python-swiftclient-3.11.1 gAAAAABpMH5jrfBV... 22 - - tx9a469e4079944fe988a11-0069307fe1 - 0.0225 - - 1764786145.418811560 1764786145.441321611 0
Dec 3 18:22:25 standalone container-server[126791]: 172.20.0.100 - - [03/Dec/2025:18:22:25 +0000] "HEAD /d1/123/AUTH_12ada9feb77b42d78af372daadbfa837/gnocchi.0f780f87-2c15-4160-a9c4-9ee4c5b06e8a" 204 - "HEAD http://172.18.0.2:8080/v1/AUTH_12ada9feb77b42d78af372daadbfa837/gnocchi.0f780f87-2c15-4160-a9c4-9ee4c5b06e8a?format=json&states=listing" "txa6b55781b00743c4b8515-0069307fe1" "proxy-server 12" 0.0024 "-" 21 0
Dec 3 18:22:25 standalone object-server[127005]: 172.20.0.100 - - [03/Dec/2025:18:22:25 +0000] "GET /d1/841/AUTH_12ada9feb77b42d78af372daadbfa837/gnocchi.0f780f87-2c15-4160-a9c4-9ee4c5b06e8a/none_v3" 200 22 "GET http://172.18.0.2:8080/v1/AUTH_12ada9feb77b42d78af372daadbfa837/gnocchi.0f780f87-2c15-4160-a9c4-9ee4c5b06e8a/none_v3" "txa6b55781b00743c4b8515-0069307fe1" "proxy-server 12" 0.0011 "-" 23 0
Dec 3 18:22:25 standalone proxy-server[128730]: 172.18.0.2 172.18.0.100 03/Dec/2025/18/22/25 GET /v1/AUTH_12ada9feb77b42d78af372daadbfa837/gnocchi.0f780f87-2c15-4160-a9c4-9ee4c5b06e8a/none_v3 HTTP/1.0 200 - python-swiftclient-3.11.1 gAAAAABpMH5jrfBV... - 22 - txa6b55781b00743c4b8515-0069307fe1 - 0.0189 - - 1764786145.455493450 1764786145.474433422 0
Dec 3 18:22:25 standalone container-server[126788]: 172.20.0.100 - - [03/Dec/2025:18:22:25 +0000] "HEAD /d1/776/AUTH_12ada9feb77b42d78af372daadbfa837/gnocchi.12316adc-3450-495b-8ae7-5088de3b6f8a" 404 - "HEAD http://172.18.0.2:8080/v1/AUTH_12ada9feb77b42d78af372daadbfa837/gnocchi.12316adc-3450-495b-8ae7-5088de3b6f8a?format=json&states=listing" "tx447a5bea9c574e15843a7-0069307fe1" "proxy-server 12" 0.0007 "-" 20 0
Dec 3 18:22:25 standalone object-server[127005]: 172.20.0.100 - - [03/Dec/2025:18:22:25 +0000] "GET /d1/487/AUTH_12ada9feb77b42d78af372daadbfa837/gnocchi.12316adc-3450-495b-8ae7-5088de3b6f8a/none_v3" 404 70 "GET http://172.18.0.2:8080/v1/AUTH_12ada9feb77b42d78af372daadbfa837/gnocchi.12316adc-3450-495b-8ae7-5088de3b6f8a/none_v3" "tx447a5bea9c574e15843a7-0069307fe1" "proxy-server 12" 0.0004 "-" 23 0
Dec 3 18:22:25 standalone proxy-server[128730]: 172.18.0.2 172.18.0.100 03/Dec/2025/18/22/25 GET /v1/AUTH_12ada9feb77b42d78af372daadbfa837/gnocchi.12316adc-3450-495b-8ae7-5088de3b6f8a/none_v3 HTTP/1.0 404 - python-swiftclient-3.11.1 gAAAAABpMH5jrfBV... - 70 - tx447a5bea9c574e15843a7-0069307fe1 - 0.0149 - - 1764786145.479063749 1764786145.494011402 0
Dec 3 18:22:25 standalone account-server[126829]: 172.20.0.100 - - [03/Dec/2025:18:22:25 +0000] "PUT /d1/479/AUTH_12ada9feb77b42d78af372daadbfa837/gnocchi.12316adc-3450-495b-8ae7-5088de3b6f8a" 201 - "PUT http://172.20.0.100:6001/d1/776/AUTH_12ada9feb77b42d78af372daadbfa837/gnocchi.12316adc-3450-495b-8ae7-5088de3b6f8a" "txbb338e96253449d99322f-0069307fe1" "container-server 19" 0.0059 "-" 21 0
Dec 3 18:22:25 standalone container-server[126786]: 172.20.0.100 - - [03/Dec/2025:18:22:25 +0000] "PUT /d1/776/AUTH_12ada9feb77b42d78af372daadbfa837/gnocchi.12316adc-3450-495b-8ae7-5088de3b6f8a" 201 - "PUT http://172.18.0.2:8080/v1/AUTH_12ada9feb77b42d78af372daadbfa837/gnocchi.12316adc-3450-495b-8ae7-5088de3b6f8a" "txbb338e96253449d99322f-0069307fe1" "proxy-server 12" 0.0241 "-" 19 0
Dec 3 18:22:25 standalone proxy-server[128730]: 172.18.0.2 172.18.0.100 03/Dec/2025/18/22/25 PUT /v1/AUTH_12ada9feb77b42d78af372daadbfa837/gnocchi.12316adc-3450-495b-8ae7-5088de3b6f8a HTTP/1.0 201 - python-swiftclient-3.11.1 gAAAAABpMH5jrfBV... - - - txbb338e96253449d99322f-0069307fe1 - 0.0324 - - 1764786145.497842073 1764786145.530203819 0
Dec 3 18:22:25 standalone container-server[126802]: 172.20.0.100 - - [03/Dec/2025:18:22:25 +0000] "GET /d1/123/AUTH_12ada9feb77b42d78af372daadbfa837/gnocchi.0f780f87-2c15-4160-a9c4-9ee4c5b06e8a" 200 357 "GET http://172.18.0.2:8080/v1/AUTH_12ada9feb77b42d78af372daadbfa837/gnocchi.0f780f87-2c15-4160-a9c4-9ee4c5b06e8a?format=json&states=listing" "tx98b2e6381b8640c796fa9-0069307fe1" "proxy-server 12" 0.0043 "-" 22 0
Dec 3 18:22:25 standalone proxy-server[128730]: 172.18.0.2 172.18.0.100 03/Dec/2025/18/22/25 GET /v1/AUTH_12ada9feb77b42d78af372daadbfa837/gnocchi.0f780f87-2c15-4160-a9c4-9ee4c5b06e8a%3Fformat%3Djson%26states%3Dlisting HTTP/1.0 200 - python-swiftclient-3.11.1 gAAAAABpMH5jrfBV... - 357 - tx98b2e6381b8640c796fa9-0069307fe1 - 0.0148 - - 1764786145.535161972 1764786145.549995661 0
Dec 3 18:22:25 standalone container-server[126791]: 172.20.0.100 - - [03/Dec/2025:18:22:25 +0000] "GET /d1/123/AUTH_12ada9feb77b42d78af372daadbfa837/gnocchi.0f780f87-2c15-4160-a9c4-9ee4c5b06e8a" 200 2 "GET http://172.18.0.2:8080/v1/AUTH_12ada9feb77b42d78af372daadbfa837/gnocchi.0f780f87-2c15-4160-a9c4-9ee4c5b06e8a?format=json&marker=none_v3&states=listing" "txa12a74ff9b7d4ff79ffa9-0069307fe1" "proxy-server 12" 0.0045 "-" 21 0
Dec 3 18:22:25 standalone proxy-server[128730]: 172.18.0.2 172.18.0.100 03/Dec/2025/18/22/25 GET /v1/AUTH_12ada9feb77b42d78af372daadbfa837/gnocchi.0f780f87-2c15-4160-a9c4-9ee4c5b06e8a%3Fformat%3Djson%26marker%3Dnone_v3%26states%3Dlisting HTTP/1.0 200 - python-swiftclient-3.11.1 gAAAAABpMH5jrfBV... - 2 - txa12a74ff9b7d4ff79ffa9-0069307fe1 - 0.0143 - - 1764786145.555304766 1764786145.569607973 0
Dec 3 18:22:25 standalone container-server[126802]: 172.20.0.100 - - [03/Dec/2025:18:22:25 +0000] "HEAD /d1/776/AUTH_12ada9feb77b42d78af372daadbfa837/gnocchi.12316adc-3450-495b-8ae7-5088de3b6f8a" 204 - "HEAD http://172.18.0.2:8080/v1/AUTH_12ada9feb77b42d78af372daadbfa837/gnocchi.12316adc-3450-495b-8ae7-5088de3b6f8a?format=json&states=listing" "tx61e2b4fad56945cc95124-0069307fe1" "proxy-server 12" 0.0023 "-" 22 0
Dec 3 18:22:25 standalone proxy-server[128730]: - - 03/Dec/2025/18/22/25 HEAD /v1/AUTH_12ada9feb77b42d78af372daadbfa837/gnocchi.12316adc-3450-495b-8ae7-5088de3b6f8a%3Fformat%3Djson%26states%3Dlisting HTTP/1.0 204 - Swift - - - - tx61e2b4fad56945cc95124-0069307fe1 - 0.0073 RL - 1764786145.577204227 1764786145.584457159 0
Dec 3 18:22:25 standalone container-server[126791]: 172.20.0.100 - - [03/Dec/2025:18:22:25 +0000] "GET /d1/776/AUTH_12ada9feb77b42d78af372daadbfa837/gnocchi.12316adc-3450-495b-8ae7-5088de3b6f8a" 200 2 "GET http://172.18.0.2:8080/v1/AUTH_12ada9feb77b42d78af372daadbfa837/gnocchi.12316adc-3450-495b-8ae7-5088de3b6f8a?format=json&states=listing" "tx61e2b4fad56945cc95124-0069307fe1" "proxy-server 12" 0.0044 "-" 21 0
Dec 3 18:22:25 standalone proxy-server[128730]: 172.18.0.2 172.18.0.100 03/Dec/2025/18/22/25 GET /v1/AUTH_12ada9feb77b42d78af372daadbfa837/gnocchi.12316adc-3450-495b-8ae7-5088de3b6f8a%3Fformat%3Djson%26states%3Dlisting HTTP/1.0 200 - python-swiftclient-3.11.1 gAAAAABpMH5jrfBV... - 2 - tx61e2b4fad56945cc95124-0069307fe1 - 0.0232 - - 1764786145.575541019 1764786145.598746061 0
Dec 3 18:22:25 standalone object-server[127003]: 172.20.0.100 - - [03/Dec/2025:18:22:25 +0000] "GET /d1/701/AUTH_12ada9feb77b42d78af372daadbfa837/gnocchi.0f780f87-2c15-4160-a9c4-9ee4c5b06e8a/1764720000.0_mean_300.0_v3" 200 16 "GET http://172.18.0.2:8080/v1/AUTH_12ada9feb77b42d78af372daadbfa837/gnocchi.0f780f87-2c15-4160-a9c4-9ee4c5b06e8a/1764720000.0_mean_300.0_v3" "txe61d7cab64364b49ab60e-0069307fe1" "proxy-server 12" 0.0009 "-" 22 0
Dec 3 18:22:25 standalone proxy-server[128730]: 172.18.0.2 172.18.0.100 03/Dec/2025/18/22/25 GET /v1/AUTH_12ada9feb77b42d78af372daadbfa837/gnocchi.0f780f87-2c15-4160-a9c4-9ee4c5b06e8a/1764720000.0_mean_300.0_v3 HTTP/1.0 200 - python-swiftclient-3.11.1 gAAAAABpMH5jrfBV... - 16 - txe61d7cab64364b49ab60e-0069307fe1 - 0.0090 - - 1764786145.604634762 1764786145.613637924 0
Dec 3 18:22:25 standalone object-server[127006]: 172.20.0.100 - - [03/Dec/2025:18:22:25 +0000] "GET /d1/871/AUTH_12ada9feb77b42d78af372daadbfa837/gnocchi.12316adc-3450-495b-8ae7-5088de3b6f8a/1764720000.0_mean_300.0_v3" 404 70 "GET http://172.18.0.2:8080/v1/AUTH_12ada9feb77b42d78af372daadbfa837/gnocchi.12316adc-3450-495b-8ae7-5088de3b6f8a/1764720000.0_mean_300.0_v3" "tx941119b53391407e9c0d3-0069307fe1" "proxy-server 12" 0.0003 "-" 24 0
Dec 3 18:22:25 standalone proxy-server[128730]: 172.18.0.2 172.18.0.100 03/Dec/2025/18/22/25 GET /v1/AUTH_12ada9feb77b42d78af372daadbfa837/gnocchi.12316adc-3450-495b-8ae7-5088de3b6f8a/1764720000.0_mean_300.0_v3 HTTP/1.0 404 - python-swiftclient-3.11.1 gAAAAABpMH5jrfBV... - 70 - tx941119b53391407e9c0d3-0069307fe1 - 0.0081 - - 1764786145.617193937 1764786145.625263929 0
Dec 3 18:22:25 standalone container-server[126786]: 172.20.0.100 - - [03/Dec/2025:18:22:25 +0000] "PUT /d1/123/AUTH_12ada9feb77b42d78af372daadbfa837/gnocchi.0f780f87-2c15-4160-a9c4-9ee4c5b06e8a/1764720000.0_mean_300.0_v3" 201 - "PUT http://172.18.0.2:8080/d1/701/AUTH_12ada9feb77b42d78af372daadbfa837/gnocchi.0f780f87-2c15-4160-a9c4-9ee4c5b06e8a/1764720000.0_mean_300.0_v3" "tx030b6fbc5f6b4dcaaf49a-0069307fe1" "object-server 23" 0.0006 "-" 19 0
Dec 3 18:22:25 standalone object-server[127005]: 172.20.0.100 - - [03/Dec/2025:18:22:25 +0000] "PUT /d1/701/AUTH_12ada9feb77b42d78af372daadbfa837/gnocchi.0f780f87-2c15-4160-a9c4-9ee4c5b06e8a/1764720000.0_mean_300.0_v3" 201 - "PUT http://172.18.0.2:8080/v1/AUTH_12ada9feb77b42d78af372daadbfa837/gnocchi.0f780f87-2c15-4160-a9c4-9ee4c5b06e8a/1764720000.0_mean_300.0_v3" "tx030b6fbc5f6b4dcaaf49a-0069307fe1" "proxy-server 12" 0.0086 "-" 23 0
Dec 3 18:22:25 standalone proxy-server[128730]: 172.18.0.2 172.18.0.100 03/Dec/2025/18/22/25 PUT /v1/AUTH_12ada9feb77b42d78af372daadbfa837/gnocchi.0f780f87-2c15-4160-a9c4-9ee4c5b06e8a/1764720000.0_mean_300.0_v3 HTTP/1.0 201 - python-swiftclient-3.11.1 gAAAAABpMH5jrfBV... 27 - - tx030b6fbc5f6b4dcaaf49a-0069307fe1 - 0.0136 - - 1764786145.628375292 1764786145.642003536 0
Dec 3 18:22:25 standalone container-server[126786]: 172.20.0.100 - - [03/Dec/2025:18:22:25 +0000] "PUT /d1/776/AUTH_12ada9feb77b42d78af372daadbfa837/gnocchi.12316adc-3450-495b-8ae7-5088de3b6f8a/1764720000.0_mean_300.0_v3" 201 - "PUT http://172.18.0.2:8080/d1/871/AUTH_12ada9feb77b42d78af372daadbfa837/gnocchi.12316adc-3450-495b-8ae7-5088de3b6f8a/1764720000.0_mean_300.0_v3" "tx4cde9148109d4d7b9467d-0069307fe1" "object-server 25" 0.0004 "-" 19 0
Dec 3 18:22:25 standalone object-server[127008]: 172.20.0.100 - - [03/Dec/2025:18:22:25 +0000] "PUT /d1/871/AUTH_12ada9feb77b42d78af372daadbfa837/gnocchi.12316adc-3450-495b-8ae7-5088de3b6f8a/1764720000.0_mean_300.0_v3" 201 - "PUT http://172.18.0.2:8080/v1/AUTH_12ada9feb77b42d78af372daadbfa837/gnocchi.12316adc-3450-495b-8ae7-5088de3b6f8a/1764720000.0_mean_300.0_v3" "tx4cde9148109d4d7b9467d-0069307fe1" "proxy-server 12" 0.0113 "-" 25 0
Dec 3 18:22:25 standalone proxy-server[128730]: 172.18.0.2 172.18.0.100 03/Dec/2025/18/22/25 PUT /v1/AUTH_12ada9feb77b42d78af372daadbfa837/gnocchi.12316adc-3450-495b-8ae7-5088de3b6f8a/1764720000.0_mean_300.0_v3 HTTP/1.0 201 - python-swiftclient-3.11.1 gAAAAABpMH5jrfBV... 16 - - tx4cde9148109d4d7b9467d-0069307fe1 - 0.0187 - - 1764786145.644584894 1764786145.663304806 0
Dec 3 18:22:25 standalone container-server[126788]: 172.20.0.100 - - [03/Dec/2025:18:22:25 +0000] "PUT /d1/123/AUTH_12ada9feb77b42d78af372daadbfa837/gnocchi.0f780f87-2c15-4160-a9c4-9ee4c5b06e8a/none_v3" 201 - "PUT http://172.18.0.2:8080/d1/841/AUTH_12ada9feb77b42d78af372daadbfa837/gnocchi.0f780f87-2c15-4160-a9c4-9ee4c5b06e8a/none_v3" "tx93429697ca99484c9502c-0069307fe1" "object-server 24" 0.0005 "-" 20 0
Dec 3 18:22:25 standalone object-server[127006]: 172.20.0.100 - - [03/Dec/2025:18:22:25 +0000] "PUT /d1/841/AUTH_12ada9feb77b42d78af372daadbfa837/gnocchi.0f780f87-2c15-4160-a9c4-9ee4c5b06e8a/none_v3" 201 - "PUT http://172.18.0.2:8080/v1/AUTH_12ada9feb77b42d78af372daadbfa837/gnocchi.0f780f87-2c15-4160-a9c4-9ee4c5b06e8a/none_v3" "tx93429697ca99484c9502c-0069307fe1" "proxy-server 12" 0.0098 "-" 24 0
Dec 3 18:22:25 standalone proxy-server[128730]: 172.18.0.2 172.18.0.100 03/Dec/2025/18/22/25 PUT /v1/AUTH_12ada9feb77b42d78af372daadbfa837/gnocchi.0f780f87-2c15-4160-a9c4-9ee4c5b06e8a/none_v3 HTTP/1.0 201 - python-swiftclient-3.11.1 gAAAAABpMH5jrfBV... 22 - - tx93429697ca99484c9502c-0069307fe1 - 0.0163 - - 1764786145.665810108 1764786145.682104111 0
Dec 3 18:22:25 standalone container-server[126786]: 172.20.0.100 - - [03/Dec/2025:18:22:25 +0000] "PUT /d1/776/AUTH_12ada9feb77b42d78af372daadbfa837/gnocchi.12316adc-3450-495b-8ae7-5088de3b6f8a/none_v3" 201 - "PUT http://172.18.0.2:8080/d1/487/AUTH_12ada9feb77b42d78af372daadbfa837/gnocchi.12316adc-3450-495b-8ae7-5088de3b6f8a/none_v3" "tx685c8f27f2d24f04acde4-0069307fe1" "object-server 23" 0.0004 "-" 19 0
Dec 3 18:22:25 standalone object-server[127005]: 172.20.0.100 - - [03/Dec/2025:18:22:25 +0000] "PUT /d1/487/AUTH_12ada9feb77b42d78af372daadbfa837/gnocchi.12316adc-3450-495b-8ae7-5088de3b6f8a/none_v3" 201 - "PUT http://172.18.0.2:8080/v1/AUTH_12ada9feb77b42d78af372daadbfa837/gnocchi.12316adc-3450-495b-8ae7-5088de3b6f8a/none_v3" "tx685c8f27f2d24f04acde4-0069307fe1" "proxy-server 12" 0.0100 "-" 23 0
Dec 3 18:22:25 standalone proxy-server[128730]: 172.18.0.2 172.18.0.100 03/Dec/2025/18/22/25 PUT /v1/AUTH_12ada9feb77b42d78af372daadbfa837/gnocchi.12316adc-3450-495b-8ae7-5088de3b6f8a/none_v3 HTTP/1.0 201 - python-swiftclient-3.11.1 gAAAAABpMH5jrfBV... 22 - - tx685c8f27f2d24f04acde4-0069307fe1 - 0.0163 - - 1764786145.683933020 1764786145.700183630 0
Dec 3 18:22:25 standalone container-server[126788]: 172.20.0.100 - - [03/Dec/2025:18:22:25 +0000] "HEAD /d1/524/AUTH_12ada9feb77b42d78af372daadbfa837/gnocchi.98261396-02d4-4efc-98c1-e26bcc5ec6ad" 404 - "HEAD http://172.18.0.2:8080/v1/AUTH_12ada9feb77b42d78af372daadbfa837/gnocchi.98261396-02d4-4efc-98c1-e26bcc5ec6ad?format=json&states=listing" "tx9ba44a11c7974d96a4e4e-0069307fe1" "proxy-server 12" 0.0003 "-" 20 0
Dec 3 18:22:25 standalone object-server[127003]: 172.20.0.100 - - [03/Dec/2025:18:22:25 +0000] "GET /d1/551/AUTH_12ada9feb77b42d78af372daadbfa837/gnocchi.98261396-02d4-4efc-98c1-e26bcc5ec6ad/none_v3" 404 70 "GET http://172.18.0.2:8080/v1/AUTH_12ada9feb77b42d78af372daadbfa837/gnocchi.98261396-02d4-4efc-98c1-e26bcc5ec6ad/none_v3" "tx9ba44a11c7974d96a4e4e-0069307fe1" "proxy-server 12" 0.0005 "-" 22 0
Dec 3 18:22:25 standalone proxy-server[128730]: 172.18.0.2 172.18.0.100 03/Dec/2025/18/22/25 GET /v1/AUTH_12ada9feb77b42d78af372daadbfa837/gnocchi.98261396-02d4-4efc-98c1-e26bcc5ec6ad/none_v3 HTTP/1.0 404 - python-swiftclient-3.11.1 gAAAAABpMH5jrfBV... - 70 - tx9ba44a11c7974d96a4e4e-0069307fe1 - 0.0087 - - 1764786145.708274841 1764786145.717019320 0
Dec 3 18:22:25 standalone account-server[126828]: 172.20.0.100 - - [03/Dec/2025:18:22:25 +0000] "PUT /d1/479/AUTH_12ada9feb77b42d78af372daadbfa837/gnocchi.98261396-02d4-4efc-98c1-e26bcc5ec6ad" 201 - "PUT http://172.20.0.100:6001/d1/524/AUTH_12ada9feb77b42d78af372daadbfa837/gnocchi.98261396-02d4-4efc-98c1-e26bcc5ec6ad" "txe694408ad09746b880a2c-0069307fe1" "container-server 19" 0.0039 "-" 20 0
Dec 3 18:22:25 standalone container-server[126786]: 172.20.0.100 - - [03/Dec/2025:18:22:25 +0000] "PUT /d1/524/AUTH_12ada9feb77b42d78af372daadbfa837/gnocchi.98261396-02d4-4efc-98c1-e26bcc5ec6ad" 201 - "PUT http://172.18.0.2:8080/v1/AUTH_12ada9feb77b42d78af372daadbfa837/gnocchi.98261396-02d4-4efc-98c1-e26bcc5ec6ad" "txe694408ad09746b880a2c-0069307fe1" "proxy-server 12" 0.0153 "-" 19 0
Dec 3 18:22:25 standalone proxy-server[128730]: 172.18.0.2 172.18.0.100 03/Dec/2025/18/22/25 PUT /v1/AUTH_12ada9feb77b42d78af372daadbfa837/gnocchi.98261396-02d4-4efc-98c1-e26bcc5ec6ad HTTP/1.0 201 - python-swiftclient-3.11.1 gAAAAABpMH5jrfBV... - - - txe694408ad09746b880a2c-0069307fe1 - 0.0206 - - 1764786145.718819141 1764786145.739458084 0
Dec 3 18:22:25 standalone container-server[126802]: 172.20.0.100 - - [03/Dec/2025:18:22:25 +0000] "HEAD /d1/524/AUTH_12ada9feb77b42d78af372daadbfa837/gnocchi.98261396-02d4-4efc-98c1-e26bcc5ec6ad" 204 - "HEAD http://172.18.0.2:8080/v1/AUTH_12ada9feb77b42d78af372daadbfa837/gnocchi.98261396-02d4-4efc-98c1-e26bcc5ec6ad?format=json&states=listing" "tx35b8e36f4f7b4b2286f30-0069307fe1" "proxy-server 12" 0.0015 "-" 22 0
Dec 3 18:22:25 standalone proxy-server[128730]: - - 03/Dec/2025/18/22/25 HEAD /v1/AUTH_12ada9feb77b42d78af372daadbfa837/gnocchi.98261396-02d4-4efc-98c1-e26bcc5ec6ad%3Fformat%3Djson%26states%3Dlisting HTTP/1.0 204 - Swift - - - - tx35b8e36f4f7b4b2286f30-0069307fe1 - 0.0056 RL - 1764786145.746451616 1764786145.752063036 0
Dec 3 18:22:25 standalone container-server[126786]: 172.20.0.100 - - [03/Dec/2025:18:22:25 +0000] "GET /d1/524/AUTH_12ada9feb77b42d78af372daadbfa837/gnocchi.98261396-02d4-4efc-98c1-e26bcc5ec6ad" 200 2 "GET http://172.18.0.2:8080/v1/AUTH_12ada9feb77b42d78af372daadbfa837/gnocchi.98261396-02d4-4efc-98c1-e26bcc5ec6ad?format=json&states=listing" "tx35b8e36f4f7b4b2286f30-0069307fe1" "proxy-server 12" 0.0037 "-" 19 0
Dec 3 18:22:25 standalone proxy-server[128730]: 172.18.0.2 172.18.0.100 03/Dec/2025/18/22/25 GET /v1/AUTH_12ada9feb77b42d78af372daadbfa837/gnocchi.98261396-02d4-4efc-98c1-e26bcc5ec6ad%3Fformat%3Djson%26states%3Dlisting HTTP/1.0 200 - python-swiftclient-3.11.1 gAAAAABpMH5jrfBV... - 2 - tx35b8e36f4f7b4b2286f30-0069307fe1 - 0.0197 - - 1764786145.744830608 1764786145.764561415 0
Dec 3 18:22:25 standalone object-server[127008]: 172.20.0.100 - - [03/Dec/2025:18:22:25 +0000] "GET /d1/992/AUTH_12ada9feb77b42d78af372daadbfa837/gnocchi.98261396-02d4-4efc-98c1-e26bcc5ec6ad/1764720000.0_mean_300.0_v3" 404 70 "GET http://172.18.0.2:8080/v1/AUTH_12ada9feb77b42d78af372daadbfa837/gnocchi.98261396-02d4-4efc-98c1-e26bcc5ec6ad/1764720000.0_mean_300.0_v3" "tx8aaaca7af9cf478ca8ace-0069307fe1" "proxy-server 12" 0.0004 "-" 25 0
Dec 3 18:22:25 standalone proxy-server[128730]: 172.18.0.2 172.18.0.100 03/Dec/2025/18/22/25 GET /v1/AUTH_12ada9feb77b42d78af372daadbfa837/gnocchi.98261396-02d4-4efc-98c1-e26bcc5ec6ad/1764720000.0_mean_300.0_v3 HTTP/1.0 404 - python-swiftclient-3.11.1 gAAAAABpMH5jrfBV... - 70 - tx8aaaca7af9cf478ca8ace-0069307fe1 - 0.0074 - - 1764786145.769511700 1764786145.776915312 0
Dec 3 18:22:25 standalone container-server[126786]: 172.20.0.100 - - [03/Dec/2025:18:22:25 +0000] "PUT /d1/524/AUTH_12ada9feb77b42d78af372daadbfa837/gnocchi.98261396-02d4-4efc-98c1-e26bcc5ec6ad/1764720000.0_mean_300.0_v3" 201 - "PUT http://172.18.0.2:8080/d1/992/AUTH_12ada9feb77b42d78af372daadbfa837/gnocchi.98261396-02d4-4efc-98c1-e26bcc5ec6ad/1764720000.0_mean_300.0_v3" "tx5943c7f7034b446b87137-0069307fe1" "object-server 22" 0.0007 "-" 19 0
Dec 3 18:22:25 standalone object-server[127003]: 172.20.0.100 - - [03/Dec/2025:18:22:25 +0000] "PUT /d1/992/AUTH_12ada9feb77b42d78af372daadbfa837/gnocchi.98261396-02d4-4efc-98c1-e26bcc5ec6ad/1764720000.0_mean_300.0_v3" 201 - "PUT http://172.18.0.2:8080/v1/AUTH_12ada9feb77b42d78af372daadbfa837/gnocchi.98261396-02d4-4efc-98c1-e26bcc5ec6ad/1764720000.0_mean_300.0_v3" "tx5943c7f7034b446b87137-0069307fe1" "proxy-server 12" 0.0110 "-" 22 0
Dec 3 18:22:25 standalone proxy-server[128730]: 172.18.0.2 172.18.0.100 03/Dec/2025/18/22/25 PUT /v1/AUTH_12ada9feb77b42d78af372daadbfa837/gnocchi.98261396-02d4-4efc-98c1-e26bcc5ec6ad/1764720000.0_mean_300.0_v3 HTTP/1.0 201 - python-swiftclient-3.11.1 gAAAAABpMH5jrfBV... 16 - - tx5943c7f7034b446b87137-0069307fe1 - 0.0191 - - 1764786145.780823708 1764786145.799890995 0
Dec 3 18:22:25 standalone container-server[126791]: 172.20.0.100 - - [03/Dec/2025:18:22:25 +0000] "PUT /d1/524/AUTH_12ada9feb77b42d78af372daadbfa837/gnocchi.98261396-02d4-4efc-98c1-e26bcc5ec6ad/none_v3" 201 - "PUT http://172.18.0.2:8080/d1/551/AUTH_12ada9feb77b42d78af372daadbfa837/gnocchi.98261396-02d4-4efc-98c1-e26bcc5ec6ad/none_v3" "tx2546c6740c244466bbefb-0069307fe1" "object-server 25" 0.0012 "-" 21 0
Dec 3 18:22:25 standalone object-server[127008]: 172.20.0.100 - - [03/Dec/2025:18:22:25 +0000] "PUT /d1/551/AUTH_12ada9feb77b42d78af372daadbfa837/gnocchi.98261396-02d4-4efc-98c1-e26bcc5ec6ad/none_v3" 201 - "PUT http://172.18.0.2:8080/v1/AUTH_12ada9feb77b42d78af372daadbfa837/gnocchi.98261396-02d4-4efc-98c1-e26bcc5ec6ad/none_v3" "tx2546c6740c244466bbefb-0069307fe1" "proxy-server 12" 0.0162 "-" 25 0
Dec 3 18:22:25 standalone proxy-server[128730]: 172.18.0.2 172.18.0.100 03/Dec/2025/18/22/25 PUT /v1/AUTH_12ada9feb77b42d78af372daadbfa837/gnocchi.98261396-02d4-4efc-98c1-e26bcc5ec6ad/none_v3 HTTP/1.0 201 - python-swiftclient-3.11.1 gAAAAABpMH5jrfBV... 22 - - tx2546c6740c244466bbefb-0069307fe1 - 0.0242 - - 1764786145.805656672 1764786145.829833269 0
Dec 3 18:24:54 standalone container-server[126694]: Begin container update sweep
Dec 3 18:24:54 standalone account-server[126829]: 172.20.0.100 - - [03/Dec/2025:18:24:54 +0000] "PUT /d1/479/AUTH_12ada9feb77b42d78af372daadbfa837/gnocchi.93bf8a75-494a-4057-9122-17606a7ca360" 201 - "-" "-" "container-updater 2" 0.0010 "-" 21 0
Dec 3 18:24:54 standalone account-server[126829]: 172.20.0.100 - - [03/Dec/2025:18:24:54 +0000] "PUT /d1/479/AUTH_12ada9feb77b42d78af372daadbfa837/gnocchi.3b243e7c-6b49-40b8-a7b1-c2c539ce051e" 201 - "-" "-" "container-updater 2" 0.0006 "-" 21 0
Dec 3 18:24:55 standalone account-server[126831]: 172.20.0.100 - - [03/Dec/2025:18:24:55 +0000] "PUT /d1/479/AUTH_12ada9feb77b42d78af372daadbfa837/gnocchi.40794d41-b7b2-437d-9c4f-33d0158d3618" 201 - "-" "-" "container-updater 2" 0.0007 "-" 22 0
Dec 3 18:24:55 standalone account-server[126835]: 172.20.0.100 - - [03/Dec/2025:18:24:55 +0000] "PUT /d1/479/AUTH_12ada9feb77b42d78af372daadbfa837/gnocchi.567415ca-c66e-4ffa-9e7c-9ba38fc8ce8f" 201 - "-" "-" "container-updater 2" 0.0004 "-" 23 0
Dec 3 18:24:55 standalone account-server[126835]: 172.20.0.100 - - [03/Dec/2025:18:24:55 +0000] "PUT /d1/479/AUTH_12ada9feb77b42d78af372daadbfa837/gnocchi.f7fa7e34-0b78-4bff-ac98-f54241733f89" 201 - "-" "-" "container-updater 2" 0.0004 "-" 23 0
Dec 3 18:24:55 standalone account-server[126831]: 172.20.0.100 - - [03/Dec/2025:18:24:55 +0000] "PUT /d1/479/AUTH_12ada9feb77b42d78af372daadbfa837/gnocchi.ef087f90-2efc-4cf3-9038-52d115f32b9c" 201 - "-" "-" "container-updater 2" 0.0006 "-" 22 0
Dec 3 18:24:55 standalone account-server[126831]: 172.20.0.100 - - [03/Dec/2025:18:24:55 +0000] "PUT /d1/479/AUTH_12ada9feb77b42d78af372daadbfa837/gnocchi.19cfc433-479b-41e5-94ec-7eddd9424fa3" 201 - "-" "-" "container-updater 2" 0.0007 "-" 22 0
Dec 3 18:24:55 standalone account-server[126831]: 172.20.0.100 - - [03/Dec/2025:18:24:55 +0000] "PUT /d1/479/AUTH_12ada9feb77b42d78af372daadbfa837/gnocchi.a6f1dd7d-d642-4a74-8769-b3a2dc1cc56d" 201 - "-" "-" "container-updater 2" 0.0006 "-" 22 0
Dec 3 18:24:55 standalone account-server[126829]: 172.20.0.100 - - [03/Dec/2025:18:24:55 +0000] "PUT /d1/479/AUTH_12ada9feb77b42d78af372daadbfa837/gnocchi.6c2a4f84-dbb7-47da-9267-683aa2ca54d9" 201 - "-" "-" "container-updater 2" 0.0009 "-" 21 0
Dec 3 18:24:56 standalone account-server[126828]: 172.20.0.100 - - [03/Dec/2025:18:24:56 +0000] "PUT /d1/479/AUTH_12ada9feb77b42d78af372daadbfa837/gnocchi.f90a2677-a8be-4c6c-ba88-4549a02c6a80" 201 - "-" "-" "container-updater 2" 0.0008 "-" 20 0
Dec 3 18:24:56 standalone account-server[126828]: 172.20.0.100 - - [03/Dec/2025:18:24:56 +0000] "PUT /d1/479/AUTH_12ada9feb77b42d78af372daadbfa837/gnocchi.a8a67d26-e00b-4871-995b-b976c0ad6e0b" 201 - "-" "-" "container-updater 2" 0.0007 "-" 20 0
Dec 3 18:24:56 standalone account-server[126835]: 172.20.0.100 - - [03/Dec/2025:18:24:56 +0000] "PUT /d1/479/AUTH_12ada9feb77b42d78af372daadbfa837/gnocchi.b961c3a5-1bf4-41ea-9375-f9b0895f4b63" 201 - "-" "-" "container-updater 2" 0.0006 "-" 23 0
Dec 3 18:24:56 standalone account-server[126829]: 172.20.0.100 - - [03/Dec/2025:18:24:56 +0000] "PUT /d1/479/AUTH_12ada9feb77b42d78af372daadbfa837/gnocchi.6ae105b2-0ffa-4928-b11d-6f97ef49fad5" 201 - "-" "-" "container-updater 2" 0.0007 "-" 21 0
Dec 3 18:24:56 standalone account-server[126831]: 172.20.0.100 - - [03/Dec/2025:18:24:56 +0000] "PUT /d1/479/AUTH_12ada9feb77b42d78af372daadbfa837/gnocchi.54827d45-ff90-4e1d-a458-c383909fa766" 201 - "-" "-" "container-updater 2" 0.0007 "-" 22 0
Dec 3 18:24:56 standalone account-server[126829]: 172.20.0.100 - - [03/Dec/2025:18:24:56 +0000] "PUT /d1/479/AUTH_12ada9feb77b42d78af372daadbfa837/gnocchi.ca5f5ae2-758d-4636-8db5-149fbfd93110" 201 - "-" "-" "container-updater 2" 0.0005 "-" 21 0
Dec 3 18:24:56 standalone account-server[126828]: 172.20.0.100 - - [03/Dec/2025:18:24:56 +0000] "PUT /d1/479/AUTH_12ada9feb77b42d78af372daadbfa837/gnocchi.d319ca81-3da9-4ee4-8842-71bad26ece14" 201 - "-" "-" "container-updater 2" 0.0009 "-" 20 0
Dec 3 18:24:57 standalone account-server[126829]: 172.20.0.100 - - [03/Dec/2025:18:24:57 +0000] "PUT /d1/479/AUTH_12ada9feb77b42d78af372daadbfa837/gnocchi.be2bd515-969f-4141-ac36-df24c905af37" 201 - "-" "-" "container-updater 2" 0.0004 "-" 21 0
Dec 3 18:24:57 standalone account-server[126828]: 172.20.0.100 - - [03/Dec/2025:18:24:57 +0000] "PUT /d1/479/AUTH_12ada9feb77b42d78af372daadbfa837/gnocchi.814c6beb-5f65-4b32-987c-4beed9b278c0" 201 - "-" "-" "container-updater 2" 0.0004 "-" 20 0
Dec 3 18:24:57 standalone account-server[126835]: 172.20.0.100 - - [03/Dec/2025:18:24:57 +0000] "PUT /d1/479/AUTH_12ada9feb77b42d78af372daadbfa837/gnocchi.f79be694-01c4-429a-bfed-6f2ab9e30c52" 201 - "-" "-" "container-updater 2" 0.0004 "-" 23 0
Dec 3 18:24:57 standalone account-server[126831]: 172.20.0.100 - - [03/Dec/2025:18:24:57 +0000] "PUT /d1/479/AUTH_12ada9feb77b42d78af372daadbfa837/gnocchi.4020ed69-42c7-42f8-89b6-0df64bdbb1c2" 201 - "-" "-" "container-updater 2" 0.0007 "-" 22 0
Dec 3 18:24:57 standalone account-server[126831]: 172.20.0.100 - - [03/Dec/2025:18:24:57 +0000] "PUT /d1/479/AUTH_12ada9feb77b42d78af372daadbfa837/gnocchi.ebf7b408-4a14-4fcc-aeb2-a5ce9d0bb312" 201 - "-" "-" "container-updater 2" 0.0004 "-" 22 0
Dec 3 18:24:57 standalone account-server[126829]: 172.20.0.100 - - [03/Dec/2025:18:24:57 +0000] "PUT /d1/479/AUTH_12ada9feb77b42d78af372daadbfa837/gnocchi.468275a5-3edd-4dd4-bf99-835425a19ad8" 201 - "-" "-" "container-updater 2" 0.0007 "-" 21 0
Dec 3 18:24:57 standalone account-server[126829]: 172.20.0.100 - - [03/Dec/2025:18:24:57 +0000] "PUT /d1/479/AUTH_12ada9feb77b42d78af372daadbfa837/gnocchi.5d45c552-1d67-496d-a42c-5aa0e205feef" 201 - "-" "-" "container-updater 2" 0.0006 "-" 21 0
Dec 3 18:24:57 standalone account-server[126829]: 172.20.0.100 - - [03/Dec/2025:18:24:57 +0000] "PUT /d1/479/AUTH_12ada9feb77b42d78af372daadbfa837/gnocchi.5fd56bc7-70b4-4f43-9073-61e579fba677" 201 - "-" "-" "container-updater 2" 0.0006 "-" 21 0
Dec 3 18:24:57 standalone account-server[126831]: 172.20.0.100 - - [03/Dec/2025:18:24:57 +0000] "PUT /d1/479/AUTH_12ada9feb77b42d78af372daadbfa837/gnocchi.0f780f87-2c15-4160-a9c4-9ee4c5b06e8a" 201 - "-" "-" "container-updater 2" 0.0007 "-" 22 0
Dec 3 18:24:57 standalone account-server[126829]: 172.20.0.100 - - [03/Dec/2025:18:24:57 +0000] "PUT /d1/479/AUTH_12ada9feb77b42d78af372daadbfa837/gnocchi.8f0e55f4-1897-45d2-ad43-2b10e1bc977d" 201 - "-" "-" "container-updater 2" 0.0009 "-" 21 0
Dec 3 18:24:58 standalone account-server[126835]: 172.20.0.100 - - [03/Dec/2025:18:24:58 +0000] "PUT /d1/479/AUTH_12ada9feb77b42d78af372daadbfa837/gnocchi.3d398595-9470-4ddd-9231-ea474476f1f3" 201 - "-" "-" "container-updater 2" 0.0006 "-" 23 0
Dec 3 18:24:58 standalone account-server[126831]: 172.20.0.100 - - [03/Dec/2025:18:24:58 +0000] "PUT /d1/479/AUTH_12ada9feb77b42d78af372daadbfa837/gnocchi.12316adc-3450-495b-8ae7-5088de3b6f8a" 201 - "-" "-" "container-updater 2" 0.0006 "-" 22 0
Dec 3 18:24:58 standalone account-server[126828]: 172.20.0.100 - - [03/Dec/2025:18:24:58 +0000] "PUT /d1/479/AUTH_12ada9feb77b42d78af372daadbfa837/gnocchi.98261396-02d4-4efc-98c1-e26bcc5ec6ad" 201 - "-" "-" "container-updater 2" 0.0007 "-" 20 0
Dec 3 18:24:58 standalone account-server[126835]: 172.20.0.100 - - [03/Dec/2025:18:24:58 +0000] "PUT /d1/479/AUTH_12ada9feb77b42d78af372daadbfa837/gnocchi.1b518d7a-083e-4c08-8565-809d64a7ed4c" 201 - "-" "-" "container-updater 2" 0.0006 "-" 23 0
Dec 3 18:24:58 standalone account-server[126835]: 172.20.0.100 - - [03/Dec/2025:18:24:58 +0000] "PUT /d1/479/AUTH_12ada9feb77b42d78af372daadbfa837/gnocchi.13619652-f41d-4c32-891f-59c1cbec72ea" 201 - "-" "-" "container-updater 2" 0.0008 "-" 23 0
Dec 3 18:24:58 standalone account-server[126829]: 172.20.0.100 - - [03/Dec/2025:18:24:58 +0000] "PUT /d1/479/AUTH_12ada9feb77b42d78af372daadbfa837/gnocchi.ea9ee8e1-a9cb-413a-8ed6-6c3031b66a11" 201 - "-" "-" "container-updater 2" 0.0004 "-" 21 0
Dec 3 18:24:59 standalone container-server[126694]: Container update sweep completed: 4.30s
Dec 3 18:26:09 standalone account-server[126831]: 172.20.0.100 - - [03/Dec/2025:18:26:09 +0000] "HEAD /d1/251/.expiring_objects" 404 - "HEAD http://localhost/v1/.expiring_objects?format=json" "tx9f2018c9dcff47c2b6e91-00693080c1" "proxy-server 2" 0.0008 "-" 22 -
Dec 3 18:26:09 standalone object-expirer[126862]: Pass completed in 0s; 0 objects expired (txn: tx9f2018c9dcff47c2b6e91-00693080c1)
Dec 3 18:26:19 standalone account-server[126828]: 172.20.0.100 - - [03/Dec/2025:18:26:19 +0000] "HEAD /d1/251/.expiring_objects" 404 - "HEAD http://localhost/v1/.expiring_objects?format=json" "tx81d00726bbcd496c8f997-00693080cb" "proxy-server 2" 0.0009 "-" 20 -
Dec 3 18:26:19 standalone object-expirer[126862]: Pass completed in 0s; 0 objects expired (txn: tx81d00726bbcd496c8f997-00693080cb)
Dec 3 18:26:27 standalone object-server[126932]: Begin object update sweep
Dec 3 18:26:28 standalone object-server[295262]: Object update sweep starting on /srv/node/d1 (pid: 16)
Dec 3 18:26:28 standalone object-server[295262]: Object update sweep completed on /srv/node/d1 in 0.00s seconds:, 0 successes, 0 failures, 0 quarantines, 0 unlinks, 0 errors, 0 redirects (pid: 16)
Dec 3 18:26:28 standalone object-server[295262]: Object update sweep of d1 completed: 0.00s, 0 successes, 0 failures, 0 quarantines, 0 unlinks, 0 errors, 0 redirects
Dec 3 18:26:28 standalone object-server[126932]: Object update sweep completed: 0.08s
Dec 3 18:29:54 standalone container-server[126694]: Begin container update sweep
Dec 3 18:29:57 standalone container-server[126694]: Container update sweep completed: 3.08s
Dec 3 18:31:15 standalone account-server[126835]: 172.20.0.100 - - [03/Dec/2025:18:31:15 +0000] "HEAD /d1/251/.expiring_objects" 404 - "HEAD http://localhost/v1/.expiring_objects?format=json" "txbf62a142f7b8460db79c3-00693081f3" "proxy-server 2" 0.0005 "-" 23 -
Dec 3 18:31:15 standalone object-expirer[126862]: Pass completed in 0s; 0 objects expired (txn: txbf62a142f7b8460db79c3-00693081f3)
Dec 3 18:31:22 standalone account-server[126316]: Devices pass completed: 0.00s
Dec 3 18:31:28 standalone object-server[126932]: Begin object update sweep
Dec 3 18:31:28 standalone object-server[316822]: Object update sweep starting on /srv/node/d1 (pid: 17)
Dec 3 18:31:28 standalone object-server[316822]: Object update sweep completed on /srv/node/d1 in 0.00s seconds:, 0 successes, 0 failures, 0 quarantines, 0 unlinks, 0 errors, 0 redirects (pid: 17)
Dec 3 18:31:28 standalone object-server[316822]: Object update sweep of d1 completed: 0.00s, 0 successes, 0 failures, 0 quarantines, 0 unlinks, 0 errors, 0 redirects
Dec 3 18:31:28 standalone object-server[126932]: Object update sweep completed: 0.08s
Dec 3 18:34:02 standalone account-server[126828]: 172.20.0.100 - - [03/Dec/2025:18:34:02 +0000] "HEAD /d1/251/.expiring_objects" 404 - "HEAD http://localhost/v1/.expiring_objects?format=json" "txfff0ca0c95b24b85a4db8-006930829a" "proxy-server 2" 0.0005 "-" 20 -
Dec 3 18:34:02 standalone object-expirer[126862]: Pass completed in 0s; 0 objects expired (txn: txfff0ca0c95b24b85a4db8-006930829a)
Dec 3 18:34:54 standalone container-server[126694]: Begin container update sweep
Dec 3 18:34:58 standalone container-server[126694]: Container update sweep completed: 3.29s
Dec 3 18:35:16 standalone account-server[126829]: 172.20.0.100 - - [03/Dec/2025:18:35:16 +0000] "HEAD /d1/251/.expiring_objects" 404 - "HEAD http://localhost/v1/.expiring_objects?format=json" "tx557cca5e4fb942168e823-00693082e4" "proxy-server 2" 0.0006 "-" 21 -
Dec 3 18:35:16 standalone object-expirer[126862]: Pass completed in 0s; 0 objects expired (txn: tx557cca5e4fb942168e823-00693082e4)
Dec 3 18:36:28 standalone object-server[126932]: Begin object update sweep
Dec 3 18:36:28 standalone object-server[340649]: Object update sweep starting on /srv/node/d1 (pid: 18)
Dec 3 18:36:28 standalone object-server[340649]: Object update sweep completed on /srv/node/d1 in 0.00s seconds:, 0 successes, 0 failures, 0 quarantines, 0 unlinks, 0 errors, 0 redirects (pid: 18)
Dec 3 18:36:28 standalone object-server[340649]: Object update sweep of d1 completed: 0.00s, 0 successes, 0 failures, 0 quarantines, 0 unlinks, 0 errors, 0 redirects
Dec 3 18:36:28 standalone object-server[126932]: Object update sweep completed: 0.08s
Dec 3 18:36:39 standalone account-server[126829]: 172.20.0.100 - - [03/Dec/2025:18:36:39 +0000] "HEAD /d1/251/.expiring_objects" 404 - "HEAD http://localhost/v1/.expiring_objects?format=json" "tx96c59d3da4bc47c180383-0069308337" "proxy-server 2" 0.0008 "-" 21 -
Dec 3 18:36:39 standalone object-expirer[126862]: Pass completed in 0s; 0 objects expired (txn: tx96c59d3da4bc47c180383-0069308337)
Dec 3 18:39:54 standalone container-server[126694]: Begin container update sweep
Dec 3 18:39:58 standalone container-server[126694]: Container update sweep completed: 3.04s
Dec 3 18:39:58 standalone account-server[126831]: 172.20.0.100 - - [03/Dec/2025:18:39:58 +0000] "HEAD /d1/251/.expiring_objects" 404 - "HEAD http://localhost/v1/.expiring_objects?format=json" "tx414eed8601074f3bb7b1b-00693083fe" "proxy-server 2" 0.0004 "-" 22 -
Dec 3 18:39:58 standalone object-expirer[126862]: Pass completed in 0s; 0 objects expired (txn: tx414eed8601074f3bb7b1b-00693083fe)
Dec 3 18:41:28 standalone object-server[126932]: Begin object update sweep
Dec 3 18:41:28 standalone object-server[361638]: Object update sweep starting on /srv/node/d1 (pid: 19)
Dec 3 18:41:28 standalone object-server[361638]: Object update sweep completed on /srv/node/d1 in 0.00s seconds:, 0 successes, 0 failures, 0 quarantines, 0 unlinks, 0 errors, 0 redirects (pid: 19)
Dec 3 18:41:28 standalone object-server[361638]: Object update sweep of d1 completed: 0.00s, 0 successes, 0 failures, 0 quarantines, 0 unlinks, 0 errors, 0 redirects
Dec 3 18:41:28 standalone object-server[126932]: Object update sweep completed: 0.07s
Dec 3 18:41:51 standalone account-server[126835]: 172.20.0.100 - - [03/Dec/2025:18:41:51 +0000] "HEAD /d1/251/.expiring_objects" 404 - "HEAD http://localhost/v1/.expiring_objects?format=json" "tx08db19afa10442f085828-006930846f" "proxy-server 2" 0.0008 "-" 23 -
Dec 3 18:41:51 standalone object-expirer[126862]: Pass completed in 0s; 0 objects expired (txn: tx08db19afa10442f085828-006930846f)
Dec 3 18:42:17 standalone account-server[126835]: 172.20.0.100 - - [03/Dec/2025:18:42:17 +0000] "HEAD /d1/251/.expiring_objects" 404 - "HEAD http://localhost/v1/.expiring_objects?format=json" "txdb4c4d1749644357b0eb6-0069308489" "proxy-server 2" 0.0008 "-" 23 -
Dec 3 18:42:17 standalone object-expirer[126862]: Pass completed in 0s; 0 objects expired (txn: txdb4c4d1749644357b0eb6-0069308489)
Dec 3 18:43:43 standalone account-server[126828]: 172.20.0.100 - - [03/Dec/2025:18:43:43 +0000] "HEAD /d1/251/.expiring_objects" 404 - "HEAD http://localhost/v1/.expiring_objects?format=json" "txf67ca9c6256240299c7c3-00693084df" "proxy-server 2" 0.0008 "-" 20 -
Dec 3 18:43:43 standalone object-expirer[126862]: Pass completed in 0s; 0 objects expired (txn: txf67ca9c6256240299c7c3-00693084df)
Dec 3 18:43:50 standalone account-server[126831]: 172.20.0.100 - - [03/Dec/2025:18:43:50 +0000] "HEAD /d1/251/.expiring_objects" 404 - "HEAD http://localhost/v1/.expiring_objects?format=json" "tx44cb093e0c15401284a84-00693084e6" "proxy-server 2" 0.0006 "-" 22 -
Dec 3 18:43:50 standalone object-expirer[126862]: Pass completed in 0s; 0 objects expired (txn: tx44cb093e0c15401284a84-00693084e6)
Dec 3 18:44:55 standalone container-server[126694]: Begin container update sweep
Dec 3 18:44:58 standalone container-server[126694]: Container update sweep completed: 2.93s
Dec 3 18:45:17 standalone account-server[126828]: 172.20.0.100 - - [03/Dec/2025:18:45:17 +0000] "HEAD /d1/251/.expiring_objects" 404 - "HEAD http://localhost/v1/.expiring_objects?format=json" "txcab208456dc349b2a2da3-006930853d" "proxy-server 2" 0.0008 "-" 20 -
Dec 3 18:45:17 standalone object-expirer[126862]: Pass completed in 0s; 0 objects expired (txn: txcab208456dc349b2a2da3-006930853d)
Dec 3 18:46:28 standalone object-server[126932]: Begin object update sweep
Dec 3 18:46:28 standalone object-server[383133]: Object update sweep starting on /srv/node/d1 (pid: 20)
Dec 3 18:46:28 standalone object-server[383133]: Object update sweep completed on /srv/node/d1 in 0.00s seconds:, 0 successes, 0 failures, 0 quarantines, 0 unlinks, 0 errors, 0 redirects (pid: 20)
Dec 3 18:46:28 standalone object-server[383133]: Object update sweep of d1 completed: 0.00s, 0 successes, 0 failures, 0 quarantines, 0 unlinks, 0 errors, 0 redirects
Dec 3 18:46:28 standalone object-server[126932]: Object update sweep completed: 0.08s
Dec 3 18:48:28 standalone account-server[126829]: 172.20.0.100 - - [03/Dec/2025:18:48:28 +0000] "HEAD /d1/251/.expiring_objects" 404 - "HEAD http://localhost/v1/.expiring_objects?format=json" "txfeb8250e445844f2b88a6-00693085fc" "proxy-server 2" 0.0007 "-" 21 -
Dec 3 18:48:28 standalone object-expirer[126862]: Pass completed in 0s; 0 objects expired (txn: txfeb8250e445844f2b88a6-00693085fc)
Dec 3 18:49:55 standalone container-server[126694]: Begin container update sweep
Dec 3 18:49:57 standalone container-server[126694]: Container update sweep completed: 2.81s
Dec 3 18:50:00 standalone account-server[126831]: 172.20.0.100 - - [03/Dec/2025:18:50:00 +0000] "HEAD /d1/251/.expiring_objects" 404 - "HEAD http://localhost/v1/.expiring_objects?format=json" "tx3860f056f7534600a8288-0069308658" "proxy-server 2" 0.0006 "-" 22 -
Dec 3 18:50:00 standalone object-expirer[126862]: Pass completed in 0s; 0 objects expired (txn: tx3860f056f7534600a8288-0069308658)
Dec 3 18:51:28 standalone object-server[126932]: Begin object update sweep
Dec 3 18:51:28 standalone object-server[396829]: Object update sweep starting on /srv/node/d1 (pid: 21)
Dec 3 18:51:28 standalone object-server[396829]: Object update sweep completed on /srv/node/d1 in 0.00s seconds:, 0 successes, 0 failures, 0 quarantines, 0 unlinks, 0 errors, 0 redirects (pid: 21)
Dec 3 18:51:28 standalone object-server[396829]: Object update sweep of d1 completed: 0.00s, 0 successes, 0 failures, 0 quarantines, 0 unlinks, 0 errors, 0 redirects
Dec 3 18:51:28 standalone object-server[126932]: Object update sweep completed: 0.09s
Dec 3 18:52:53 standalone account-server[126829]: 172.20.0.100 - - [03/Dec/2025:18:52:53 +0000] "HEAD /d1/251/.expiring_objects" 404 - "HEAD http://localhost/v1/.expiring_objects?format=json" "tx9ad514f2b0b2485baaeb9-0069308705" "proxy-server 2" 0.0006 "-" 21 -
Dec 3 18:52:53 standalone object-expirer[126862]: Pass completed in 0s; 0 objects expired (txn: tx9ad514f2b0b2485baaeb9-0069308705)
Dec 3 18:54:55 standalone container-server[126694]: Begin container update sweep
Dec 3 18:54:59 standalone container-server[126694]: Container update sweep completed: 3.72s
Dec 3 18:55:59 standalone account-server[126828]: 172.20.0.100 - - [03/Dec/2025:18:55:59 +0000] "HEAD /d1/251/.expiring_objects" 404 - "HEAD http://localhost/v1/.expiring_objects?format=json" "tx16b6e8f6dbfc4cd8a0152-00693087bf" "proxy-server 2" 0.0008 "-" 20 -
Dec 3 18:55:59 standalone object-expirer[126862]: Pass completed in 0s; 0 objects expired (txn: tx16b6e8f6dbfc4cd8a0152-00693087bf)
Dec 3 18:56:28 standalone object-server[126932]: Begin object update sweep
Dec 3 18:56:28 standalone object-server[402327]: Object update sweep starting on /srv/node/d1 (pid: 22)
Dec 3 18:56:28 standalone object-server[402327]: Object update sweep completed on /srv/node/d1 in 0.00s seconds:, 0 successes, 0 failures, 0 quarantines, 0 unlinks, 0 errors, 0 redirects (pid: 22)
Dec 3 18:56:28 standalone object-server[402327]: Object update sweep of d1 completed: 0.00s, 0 successes, 0 failures, 0 quarantines, 0 unlinks, 0 errors, 0 redirects
Dec 3 18:56:28 standalone object-server[126932]: Object update sweep completed: 0.06s
Dec 3 18:57:04 standalone proxy-server[128630]: SIGTERM received (2)
Dec 3 18:57:04 standalone proxy-server[128630]: Exited (2)
Dec 3 18:57:24 standalone account-server[126835]: 172.20.0.100 - - [03/Dec/2025:18:57:24 +0000] "HEAD /d1/251/.expiring_objects" 404 - "HEAD http://localhost/v1/.expiring_objects?format=json" "tx38efb8572d6943c0a846f-0069308814" "proxy-server 2" 0.0010 "-" 23 -
Dec 3 18:57:24 standalone object-expirer[126862]: Pass completed in 0s; 0 objects expired (txn: tx38efb8572d6943c0a846f-0069308814)
Dec 3 18:59:55 standalone container-server[126694]: Begin container update sweep
Dec 3 18:59:58 standalone container-server[126694]: Container update sweep completed: 3.08s
Dec 3 19:01:28 standalone object-server[126932]: Begin object update sweep
Dec 3 19:01:28 standalone object-server[427506]: Object update sweep starting on /srv/node/d1 (pid: 23)
Dec 3 19:01:28 standalone object-server[427506]: Object update sweep completed on /srv/node/d1 in 0.00s seconds:, 0 successes, 0 failures, 0 quarantines, 0 unlinks, 0 errors, 0 redirects (pid: 23)
Dec 3 19:01:28 standalone object-server[427506]: Object update sweep of d1 completed: 0.00s, 0 successes, 0 failures, 0 quarantines, 0 unlinks, 0 errors, 0 redirects
Dec 3 19:01:28 standalone object-server[126932]: Object update sweep completed: 0.08s
Dec 3 19:02:16 standalone account-server[126831]: 172.20.0.100 - - [03/Dec/2025:19:02:16 +0000] "HEAD /d1/251/.expiring_objects" 404 - "HEAD http://localhost/v1/.expiring_objects?format=json" "txfe1156cea1e64c25af7f1-0069308938" "proxy-server 2" 0.0010 "-" 22 -
Dec 3 19:02:16 standalone object-expirer[126862]: Pass completed in 0s; 0 objects expired (txn: txfe1156cea1e64c25af7f1-0069308938)
Dec 3 19:03:23 standalone account-server[126835]: 172.20.0.100 - - [03/Dec/2025:19:03:23 +0000] "HEAD /d1/251/.expiring_objects" 404 - "HEAD http://localhost/v1/.expiring_objects?format=json" "txe35d12d0eebd4d4f9a067-006930897b" "proxy-server 2" 0.0008 "-" 23 -
Dec 3 19:03:23 standalone object-expirer[126862]: Pass completed in 0s; 0 objects expired (txn: txe35d12d0eebd4d4f9a067-006930897b)
Dec 3 19:04:55 standalone container-server[126694]: Begin container update sweep
Dec 3 19:04:58 standalone container-server[126694]: Container update sweep completed: 2.53s
Dec 3 19:05:33 standalone account-server[126828]: 172.20.0.100 - - [03/Dec/2025:19:05:33 +0000] "HEAD /d1/251/.expiring_objects" 404 - "HEAD http://localhost/v1/.expiring_objects?format=json" "tx73c8900d6ed94fc9896fc-00693089fd" "proxy-server 2" 0.0009 "-" 20 -
Dec 3 19:05:33 standalone object-expirer[126862]: Pass completed in 7s; 0 objects expired (txn: tx73c8900d6ed94fc9896fc-00693089fd)
Dec 3 19:06:27 standalone account-server[126828]: 172.20.0.100 - - [03/Dec/2025:19:06:27 +0000] "HEAD /d1/251/.expiring_objects" 404 - "HEAD http://localhost/v1/.expiring_objects?format=json" "txaf45089230cf478e93cd7-0069308a33" "proxy-server 2" 0.0007 "-" 20 -
Dec 3 19:06:27 standalone object-expirer[126862]: Pass completed in 0s; 0 objects expired (txn: txaf45089230cf478e93cd7-0069308a33)
Dec 3 19:06:28 standalone object-server[126932]: Begin object update sweep
Dec 3 19:06:28 standalone object-server[447482]: Object update sweep starting on /srv/node/d1 (pid: 24)
Dec 3 19:06:28 standalone object-server[447482]: Object update sweep completed on /srv/node/d1 in 0.00s seconds:, 0 successes, 0 failures, 0 quarantines, 0 unlinks, 0 errors, 0 redirects (pid: 24)
Dec 3 19:06:28 standalone object-server[447482]: Object update sweep of d1 completed: 0.00s, 0 successes, 0 failures, 0 quarantines, 0 unlinks, 0 errors, 0 redirects
Dec 3 19:06:28 standalone object-server[126932]: Object update sweep completed: 0.08s
Dec 3 19:08:14 standalone account-server[126835]: 172.20.0.100 - - [03/Dec/2025:19:08:14 +0000] "HEAD /d1/251/.expiring_objects" 404 - "HEAD http://localhost/v1/.expiring_objects?format=json" "txcbaa54d653a84ea3a66d3-0069308a9e" "proxy-server 2" 0.0003 "-" 23 -
Dec 3 19:08:14 standalone object-expirer[126862]: Pass completed in 0s; 0 objects expired (txn: txcbaa54d653a84ea3a66d3-0069308a9e)
