Dec 3 18:18:07 standalone object-server[127005]: 172.20.0.100 - - [03/Dec/2025:18:18:07 +0000] "GET /d1/234/AUTH_12ada9feb77b42d78af372daadbfa837/gnocchi.06cbb25e-a366-491b-9721-bad6bd4ce910/none_v3" 200 33 "GET http://172.18.0.2:8080/v1/AUTH_12ada9feb77b42d78af372daadbfa837/gnocchi.06cbb25e-a366-491b-9721-bad6bd4ce910/none_v3" "txa4465777bf0244d596e39-0069307edf" "proxy-server 12" 0.0013 "-" 23 0
Dec 3 18:18:07 standalone proxy-server[128730]: 172.18.0.2 172.18.0.100 03/Dec/2025/18/18/07 GET /v1/AUTH_12ada9feb77b42d78af372daadbfa837/gnocchi.06cbb25e-a366-491b-9721-bad6bd4ce910/none_v3 HTTP/1.0 200 - python-swiftclient-3.11.1 gAAAAABpMH5jrfBV... - 33 - txa4465777bf0244d596e39-0069307edf - 0.0108 - - 1764785887.126097202 1764785887.136932611 0
Dec 3 18:18:07 standalone container-server[126802]: 172.20.0.100 - - [03/Dec/2025:18:18:07 +0000] "GET /d1/603/AUTH_12ada9feb77b42d78af372daadbfa837/gnocchi.06cbb25e-a366-491b-9721-bad6bd4ce910" 200 357 "GET http://172.18.0.2:8080/v1/AUTH_12ada9feb77b42d78af372daadbfa837/gnocchi.06cbb25e-a366-491b-9721-bad6bd4ce910?format=json&states=listing" "tx83914566dbda455ea571f-0069307edf" "proxy-server 12" 0.0077 "-" 22 0
Dec 3 18:18:07 standalone proxy-server[128730]: 172.18.0.2 172.18.0.100 03/Dec/2025/18/18/07 GET /v1/AUTH_12ada9feb77b42d78af372daadbfa837/gnocchi.06cbb25e-a366-491b-9721-bad6bd4ce910%3Fformat%3Djson%26states%3Dlisting HTTP/1.0 200 - python-swiftclient-3.11.1 gAAAAABpMH5jrfBV... - 357 - tx83914566dbda455ea571f-0069307edf - 0.0156 - - 1764785887.140634298 1764785887.156188250 0
Dec 3 18:18:07 standalone container-server[126788]: 172.20.0.100 - - [03/Dec/2025:18:18:07 +0000] "GET /d1/603/AUTH_12ada9feb77b42d78af372daadbfa837/gnocchi.06cbb25e-a366-491b-9721-bad6bd4ce910" 200 2 "GET http://172.18.0.2:8080/v1/AUTH_12ada9feb77b42d78af372daadbfa837/gnocchi.06cbb25e-a366-491b-9721-bad6bd4ce910?format=json&marker=none_v3&states=listing" "tx58a4f10f0ec14b53b5724-0069307edf" "proxy-server 12" 0.0024 "-" 20 0
Dec 3 18:18:07 standalone proxy-server[128730]: 172.18.0.2 172.18.0.100 03/Dec/2025/18/18/07 GET /v1/AUTH_12ada9feb77b42d78af372daadbfa837/gnocchi.06cbb25e-a366-491b-9721-bad6bd4ce910%3Fformat%3Djson%26marker%3Dnone_v3%26states%3Dlisting HTTP/1.0 200 - python-swiftclient-3.11.1 gAAAAABpMH5jrfBV... - 2 - tx58a4f10f0ec14b53b5724-0069307edf - 0.0108 - - 1764785887.163485765 1764785887.174309731 0
Dec 3 18:18:07 standalone object-server[127008]: 172.20.0.100 - - [03/Dec/2025:18:18:07 +0000] "GET /d1/418/AUTH_12ada9feb77b42d78af372daadbfa837/gnocchi.06cbb25e-a366-491b-9721-bad6bd4ce910/1764720000.0_mean_300.0_v3" 200 16 "GET http://172.18.0.2:8080/v1/AUTH_12ada9feb77b42d78af372daadbfa837/gnocchi.06cbb25e-a366-491b-9721-bad6bd4ce910/1764720000.0_mean_300.0_v3" "tx8c3cf50a14804cebb3ad0-0069307edf" "proxy-server 12" 0.0011 "-" 25 0
Dec 3 18:18:07 standalone proxy-server[128730]: 172.18.0.2 172.18.0.100 03/Dec/2025/18/18/07 GET /v1/AUTH_12ada9feb77b42d78af372daadbfa837/gnocchi.06cbb25e-a366-491b-9721-bad6bd4ce910/1764720000.0_mean_300.0_v3 HTTP/1.0 200 - python-swiftclient-3.11.1 gAAAAABpMH5jrfBV... - 16 - tx8c3cf50a14804cebb3ad0-0069307edf - 0.0096 - - 1764785887.180137634 1764785887.189692974 0
Dec 3 18:18:07 standalone container-server[126791]: 172.20.0.100 - - [03/Dec/2025:18:18:07 +0000] "PUT /d1/603/AUTH_12ada9feb77b42d78af372daadbfa837/gnocchi.06cbb25e-a366-491b-9721-bad6bd4ce910/1764720000.0_mean_300.0_v3" 201 - "PUT http://172.18.0.2:8080/d1/418/AUTH_12ada9feb77b42d78af372daadbfa837/gnocchi.06cbb25e-a366-491b-9721-bad6bd4ce910/1764720000.0_mean_300.0_v3" "txd6725281c6084a8981e90-0069307edf" "object-server 23" 0.0005 "-" 21 0
Dec 3 18:18:07 standalone object-server[127005]: 172.20.0.100 - - [03/Dec/2025:18:18:07 +0000] "PUT /d1/418/AUTH_12ada9feb77b42d78af372daadbfa837/gnocchi.06cbb25e-a366-491b-9721-bad6bd4ce910/1764720000.0_mean_300.0_v3" 201 - "PUT http://172.18.0.2:8080/v1/AUTH_12ada9feb77b42d78af372daadbfa837/gnocchi.06cbb25e-a366-491b-9721-bad6bd4ce910/1764720000.0_mean_300.0_v3" "txd6725281c6084a8981e90-0069307edf" "proxy-server 12" 0.0100 "-" 23 0
Dec 3 18:18:07 standalone proxy-server[128730]: 172.18.0.2 172.18.0.100 03/Dec/2025/18/18/07 PUT /v1/AUTH_12ada9feb77b42d78af372daadbfa837/gnocchi.06cbb25e-a366-491b-9721-bad6bd4ce910/1764720000.0_mean_300.0_v3 HTTP/1.0 201 - python-swiftclient-3.11.1 gAAAAABpMH5jrfBV... 16 - - txd6725281c6084a8981e90-0069307edf - 0.0171 - - 1764785887.194932461 1764785887.212063074 0
Dec 3 18:18:07 standalone container-server[126786]: 172.20.0.100 - - [03/Dec/2025:18:18:07 +0000] "PUT /d1/603/AUTH_12ada9feb77b42d78af372daadbfa837/gnocchi.06cbb25e-a366-491b-9721-bad6bd4ce910/none_v3" 201 - "PUT http://172.18.0.2:8080/d1/234/AUTH_12ada9feb77b42d78af372daadbfa837/gnocchi.06cbb25e-a366-491b-9721-bad6bd4ce910/none_v3" "tx35b9ad18635d4278b3a1a-0069307edf" "object-server 23" 0.0008 "-" 19 0
Dec 3 18:18:07 standalone object-server[127005]: 172.20.0.100 - - [03/Dec/2025:18:18:07 +0000] "PUT /d1/234/AUTH_12ada9feb77b42d78af372daadbfa837/gnocchi.06cbb25e-a366-491b-9721-bad6bd4ce910/none_v3" 201 - "PUT http://172.18.0.2:8080/v1/AUTH_12ada9feb77b42d78af372daadbfa837/gnocchi.06cbb25e-a366-491b-9721-bad6bd4ce910/none_v3" "tx35b9ad18635d4278b3a1a-0069307edf" "proxy-server 12" 0.0102 "-" 23 0
Dec 3 18:18:07 standalone proxy-server[128730]: 172.18.0.2 172.18.0.100 03/Dec/2025/18/18/07 PUT /v1/AUTH_12ada9feb77b42d78af372daadbfa837/gnocchi.06cbb25e-a366-491b-9721-bad6bd4ce910/none_v3 HTTP/1.0 201 - python-swiftclient-3.11.1 gAAAAABpMH5jrfBV... 48 - - tx35b9ad18635d4278b3a1a-0069307edf - 0.0195 - - 1764785887.216329575 1764785887.235803366 0
Dec 3 18:18:07 standalone object-server[127006]: 172.20.0.100 - - [03/Dec/2025:18:18:07 +0000] "GET /d1/744/AUTH_12ada9feb77b42d78af372daadbfa837/gnocchi.ede2405d-10cf-41d3-9888-cb74ad0f4501/none_v3" 200 33 "GET http://172.18.0.2:8080/v1/AUTH_12ada9feb77b42d78af372daadbfa837/gnocchi.ede2405d-10cf-41d3-9888-cb74ad0f4501/none_v3" "tx0ef074cd264d41f986ee1-0069307edf" "proxy-server 12" 0.0009 "-" 24 0
Dec 3 18:18:07 standalone proxy-server[128730]: 172.18.0.2 172.18.0.100 03/Dec/2025/18/18/07 GET /v1/AUTH_12ada9feb77b42d78af372daadbfa837/gnocchi.ede2405d-10cf-41d3-9888-cb74ad0f4501/none_v3 HTTP/1.0 200 - python-swiftclient-3.11.1 gAAAAABpMH5jrfBV... - 33 - tx0ef074cd264d41f986ee1-0069307edf - 0.0082 - - 1764785887.248686314 1764785887.256873846 0
Dec 3 18:18:07 standalone container-server[126791]: 172.20.0.100 - - [03/Dec/2025:18:18:07 +0000] "GET /d1/565/AUTH_12ada9feb77b42d78af372daadbfa837/gnocchi.ede2405d-10cf-41d3-9888-cb74ad0f4501" 200 357 "GET http://172.18.0.2:8080/v1/AUTH_12ada9feb77b42d78af372daadbfa837/gnocchi.ede2405d-10cf-41d3-9888-cb74ad0f4501?format=json&states=listing" "tx5006212e2eeb46218c3f5-0069307edf" "proxy-server 12" 0.0080 "-" 21 0
Dec 3 18:18:07 standalone proxy-server[128730]: 172.18.0.2 172.18.0.100 03/Dec/2025/18/18/07 GET /v1/AUTH_12ada9feb77b42d78af372daadbfa837/gnocchi.ede2405d-10cf-41d3-9888-cb74ad0f4501%3Fformat%3Djson%26states%3Dlisting HTTP/1.0 200 - python-swiftclient-3.11.1 gAAAAABpMH5jrfBV... - 357 - tx5006212e2eeb46218c3f5-0069307edf - 0.0163 - - 1764785887.264199972 1764785887.280468702 0
Dec 3 18:18:07 standalone container-server[126791]: 172.20.0.100 - - [03/Dec/2025:18:18:07 +0000] "GET /d1/565/AUTH_12ada9feb77b42d78af372daadbfa837/gnocchi.ede2405d-10cf-41d3-9888-cb74ad0f4501" 200 2 "GET http://172.18.0.2:8080/v1/AUTH_12ada9feb77b42d78af372daadbfa837/gnocchi.ede2405d-10cf-41d3-9888-cb74ad0f4501?format=json&marker=none_v3&states=listing" "tx927865484e2046d893494-0069307edf" "proxy-server 12" 0.0024 "-" 21 0
Dec 3 18:18:07 standalone proxy-server[128730]: 172.18.0.2 172.18.0.100 03/Dec/2025/18/18/07 GET /v1/AUTH_12ada9feb77b42d78af372daadbfa837/gnocchi.ede2405d-10cf-41d3-9888-cb74ad0f4501%3Fformat%3Djson%26marker%3Dnone_v3%26states%3Dlisting HTTP/1.0 200 - python-swiftclient-3.11.1 gAAAAABpMH5jrfBV... - 2 - tx927865484e2046d893494-0069307edf - 0.0104 - - 1764785887.285011530 1764785887.295418262 0
Dec 3 18:18:07 standalone object-server[127003]: 172.20.0.100 - - [03/Dec/2025:18:18:07 +0000] "GET /d1/244/AUTH_12ada9feb77b42d78af372daadbfa837/gnocchi.ede2405d-10cf-41d3-9888-cb74ad0f4501/1764720000.0_mean_300.0_v3" 200 16 "GET http://172.18.0.2:8080/v1/AUTH_12ada9feb77b42d78af372daadbfa837/gnocchi.ede2405d-10cf-41d3-9888-cb74ad0f4501/1764720000.0_mean_300.0_v3" "tx85ba8752a0b64932802a2-0069307edf" "proxy-server 12" 0.0008 "-" 22 0
Dec 3 18:18:07 standalone proxy-server[128730]: 172.18.0.2 172.18.0.100 03/Dec/2025/18/18/07 GET /v1/AUTH_12ada9feb77b42d78af372daadbfa837/gnocchi.ede2405d-10cf-41d3-9888-cb74ad0f4501/1764720000.0_mean_300.0_v3 HTTP/1.0 200 - python-swiftclient-3.11.1 gAAAAABpMH5jrfBV... - 16 - tx85ba8752a0b64932802a2-0069307edf - 0.0081 - - 1764785887.300472260 1764785887.308579683 0
Dec 3 18:18:07 standalone container-server[126786]: 172.20.0.100 - - [03/Dec/2025:18:18:07 +0000] "PUT /d1/565/AUTH_12ada9feb77b42d78af372daadbfa837/gnocchi.ede2405d-10cf-41d3-9888-cb74ad0f4501/1764720000.0_mean_300.0_v3" 201 - "PUT http://172.18.0.2:8080/d1/244/AUTH_12ada9feb77b42d78af372daadbfa837/gnocchi.ede2405d-10cf-41d3-9888-cb74ad0f4501/1764720000.0_mean_300.0_v3" "tx3eef1cf6fa574acaaf45f-0069307edf" "object-server 24" 0.0008 "-" 19 0
Dec 3 18:18:07 standalone object-server[127006]: 172.20.0.100 - - [03/Dec/2025:18:18:07 +0000] "PUT /d1/244/AUTH_12ada9feb77b42d78af372daadbfa837/gnocchi.ede2405d-10cf-41d3-9888-cb74ad0f4501/1764720000.0_mean_300.0_v3" 201 - "PUT http://172.18.0.2:8080/v1/AUTH_12ada9feb77b42d78af372daadbfa837/gnocchi.ede2405d-10cf-41d3-9888-cb74ad0f4501/1764720000.0_mean_300.0_v3" "tx3eef1cf6fa574acaaf45f-0069307edf" "proxy-server 12" 0.0127 "-" 24 0
Dec 3 18:18:07 standalone proxy-server[128730]: 172.18.0.2 172.18.0.100 03/Dec/2025/18/18/07 PUT /v1/AUTH_12ada9feb77b42d78af372daadbfa837/gnocchi.ede2405d-10cf-41d3-9888-cb74ad0f4501/1764720000.0_mean_300.0_v3 HTTP/1.0 201 - python-swiftclient-3.11.1 gAAAAABpMH5jrfBV... 16 - - tx3eef1cf6fa574acaaf45f-0069307edf - 0.0207 - - 1764785887.312860966 1764785887.333593369 0
Dec 3 18:18:07 standalone container-server[126786]: 172.20.0.100 - - [03/Dec/2025:18:18:07 +0000] "PUT /d1/565/AUTH_12ada9feb77b42d78af372daadbfa837/gnocchi.ede2405d-10cf-41d3-9888-cb74ad0f4501/none_v3" 201 - "PUT http://172.18.0.2:8080/d1/744/AUTH_12ada9feb77b42d78af372daadbfa837/gnocchi.ede2405d-10cf-41d3-9888-cb74ad0f4501/none_v3" "tx88b986f113e8490f80568-0069307edf" "object-server 25" 0.0010 "-" 19 0
Dec 3 18:18:07 standalone object-server[127008]: 172.20.0.100 - - [03/Dec/2025:18:18:07 +0000] "PUT /d1/744/AUTH_12ada9feb77b42d78af372daadbfa837/gnocchi.ede2405d-10cf-41d3-9888-cb74ad0f4501/none_v3" 201 - "PUT http://172.18.0.2:8080/v1/AUTH_12ada9feb77b42d78af372daadbfa837/gnocchi.ede2405d-10cf-41d3-9888-cb74ad0f4501/none_v3" "tx88b986f113e8490f80568-0069307edf" "proxy-server 12" 0.0164 "-" 25 0
Dec 3 18:18:07 standalone proxy-server[128730]: 172.18.0.2 172.18.0.100 03/Dec/2025/18/18/07 PUT /v1/AUTH_12ada9feb77b42d78af372daadbfa837/gnocchi.ede2405d-10cf-41d3-9888-cb74ad0f4501/none_v3 HTTP/1.0 201 - python-swiftclient-3.11.1 gAAAAABpMH5jrfBV... 48 - - tx88b986f113e8490f80568-0069307edf - 0.0277 - - 1764785887.338342667 1764785887.366057158 0
Dec 3 18:18:08 standalone object-server[127008]: 172.20.0.100 - - [03/Dec/2025:18:18:08 +0000] "GET /d1/648/AUTH_12ada9feb77b42d78af372daadbfa837/gnocchi.a40dabba-b728-4164-a4f9-42e3eb85abc5/none_v3" 200 22 "GET http://172.18.0.2:8080/v1/AUTH_12ada9feb77b42d78af372daadbfa837/gnocchi.a40dabba-b728-4164-a4f9-42e3eb85abc5/none_v3" "tx0bf094a1780c4b889c25d-0069307ee0" "proxy-server 12" 0.0012 "-" 25 0
Dec 3 18:18:08 standalone proxy-server[128730]: 172.18.0.2 172.18.0.100 03/Dec/2025/18/18/08 GET /v1/AUTH_12ada9feb77b42d78af372daadbfa837/gnocchi.a40dabba-b728-4164-a4f9-42e3eb85abc5/none_v3 HTTP/1.0 200 - python-swiftclient-3.11.1 gAAAAABpMH5jrfBV... - 22 - tx0bf094a1780c4b889c25d-0069307ee0 - 0.0120 - - 1764785888.817837477 1764785888.829878092 0
Dec 3 18:18:08 standalone container-server[126802]: 172.20.0.100 - - [03/Dec/2025:18:18:08 +0000] "GET /d1/768/AUTH_12ada9feb77b42d78af372daadbfa837/gnocchi.a40dabba-b728-4164-a4f9-42e3eb85abc5" 200 357 "GET http://172.18.0.2:8080/v1/AUTH_12ada9feb77b42d78af372daadbfa837/gnocchi.a40dabba-b728-4164-a4f9-42e3eb85abc5?format=json&states=listing" "tx7d9abd2153114f38ad899-0069307ee0" "proxy-server 12" 0.0079 "-" 22 0
Dec 3 18:18:08 standalone proxy-server[128730]: 172.18.0.2 172.18.0.100 03/Dec/2025/18/18/08 GET /v1/AUTH_12ada9feb77b42d78af372daadbfa837/gnocchi.a40dabba-b728-4164-a4f9-42e3eb85abc5%3Fformat%3Djson%26states%3Dlisting HTTP/1.0 200 - python-swiftclient-3.11.1 gAAAAABpMH5jrfBV... - 357 - tx7d9abd2153114f38ad899-0069307ee0 - 0.0164 - - 1764785888.835389614 1764785888.851789474 0
Dec 3 18:18:08 standalone container-server[126786]: 172.20.0.100 - - [03/Dec/2025:18:18:08 +0000] "GET /d1/768/AUTH_12ada9feb77b42d78af372daadbfa837/gnocchi.a40dabba-b728-4164-a4f9-42e3eb85abc5" 200 2 "GET http://172.18.0.2:8080/v1/AUTH_12ada9feb77b42d78af372daadbfa837/gnocchi.a40dabba-b728-4164-a4f9-42e3eb85abc5?format=json&marker=none_v3&states=listing" "txce78d68d0629437b94581-0069307ee0" "proxy-server 12" 0.0047 "-" 19 0
Dec 3 18:18:08 standalone proxy-server[128730]: 172.18.0.2 172.18.0.100 03/Dec/2025/18/18/08 GET /v1/AUTH_12ada9feb77b42d78af372daadbfa837/gnocchi.a40dabba-b728-4164-a4f9-42e3eb85abc5%3Fformat%3Djson%26marker%3Dnone_v3%26states%3Dlisting HTTP/1.0 200 - python-swiftclient-3.11.1 gAAAAABpMH5jrfBV... - 2 - txce78d68d0629437b94581-0069307ee0 - 0.0139 - - 1764785888.856090546 1764785888.869976282 0
Dec 3 18:18:08 standalone object-server[127003]: 172.20.0.100 - - [03/Dec/2025:18:18:08 +0000] "GET /d1/983/AUTH_12ada9feb77b42d78af372daadbfa837/gnocchi.a40dabba-b728-4164-a4f9-42e3eb85abc5/1764720000.0_mean_300.0_v3" 200 16 "GET http://172.18.0.2:8080/v1/AUTH_12ada9feb77b42d78af372daadbfa837/gnocchi.a40dabba-b728-4164-a4f9-42e3eb85abc5/1764720000.0_mean_300.0_v3" "tx8b72c47328624c61bb454-0069307ee0" "proxy-server 12" 0.0013 "-" 22 0
Dec 3 18:18:08 standalone proxy-server[128730]: 172.18.0.2 172.18.0.100 03/Dec/2025/18/18/08 GET /v1/AUTH_12ada9feb77b42d78af372daadbfa837/gnocchi.a40dabba-b728-4164-a4f9-42e3eb85abc5/1764720000.0_mean_300.0_v3 HTTP/1.0 200 - python-swiftclient-3.11.1 gAAAAABpMH5jrfBV... - 16 - tx8b72c47328624c61bb454-0069307ee0 - 0.0092 - - 1764785888.875111580 1764785888.884269238 0
Dec 3 18:18:08 standalone container-server[126788]: 172.20.0.100 - - [03/Dec/2025:18:18:08 +0000] "PUT /d1/768/AUTH_12ada9feb77b42d78af372daadbfa837/gnocchi.a40dabba-b728-4164-a4f9-42e3eb85abc5/1764720000.0_mean_300.0_v3" 201 - "PUT http://172.18.0.2:8080/d1/983/AUTH_12ada9feb77b42d78af372daadbfa837/gnocchi.a40dabba-b728-4164-a4f9-42e3eb85abc5/1764720000.0_mean_300.0_v3" "tx5662857f25944150b7380-0069307ee0" "object-server 23" 0.0009 "-" 20 0
Dec 3 18:18:08 standalone object-server[127005]: 172.20.0.100 - - [03/Dec/2025:18:18:08 +0000] "PUT /d1/983/AUTH_12ada9feb77b42d78af372daadbfa837/gnocchi.a40dabba-b728-4164-a4f9-42e3eb85abc5/1764720000.0_mean_300.0_v3" 201 - "PUT http://172.18.0.2:8080/v1/AUTH_12ada9feb77b42d78af372daadbfa837/gnocchi.a40dabba-b728-4164-a4f9-42e3eb85abc5/1764720000.0_mean_300.0_v3" "tx5662857f25944150b7380-0069307ee0" "proxy-server 12" 0.0117 "-" 23 0
Dec 3 18:18:08 standalone proxy-server[128730]: 172.18.0.2 172.18.0.100 03/Dec/2025/18/18/08 PUT /v1/AUTH_12ada9feb77b42d78af372daadbfa837/gnocchi.a40dabba-b728-4164-a4f9-42e3eb85abc5/1764720000.0_mean_300.0_v3 HTTP/1.0 201 - python-swiftclient-3.11.1 gAAAAABpMH5jrfBV... 16 - - tx5662857f25944150b7380-0069307ee0 - 0.0220 - - 1764785888.891111374 1764785888.913106203 0
Dec 3 18:18:08 standalone container-server[126791]: 172.20.0.100 - - [03/Dec/2025:18:18:08 +0000] "PUT /d1/768/AUTH_12ada9feb77b42d78af372daadbfa837/gnocchi.a40dabba-b728-4164-a4f9-42e3eb85abc5/none_v3" 201 - "PUT http://172.18.0.2:8080/d1/648/AUTH_12ada9feb77b42d78af372daadbfa837/gnocchi.a40dabba-b728-4164-a4f9-42e3eb85abc5/none_v3" "tx3a98cafac80243a6aab50-0069307ee0" "object-server 22" 0.0009 "-" 21 0
Dec 3 18:18:08 standalone object-server[127003]: 172.20.0.100 - - [03/Dec/2025:18:18:08 +0000] "PUT /d1/648/AUTH_12ada9feb77b42d78af372daadbfa837/gnocchi.a40dabba-b728-4164-a4f9-42e3eb85abc5/none_v3" 201 - "PUT http://172.18.0.2:8080/v1/AUTH_12ada9feb77b42d78af372daadbfa837/gnocchi.a40dabba-b728-4164-a4f9-42e3eb85abc5/none_v3" "tx3a98cafac80243a6aab50-0069307ee0" "proxy-server 12" 0.0118 "-" 22 0
Dec 3 18:18:08 standalone proxy-server[128730]: 172.18.0.2 172.18.0.100 03/Dec/2025/18/18/08 PUT /v1/AUTH_12ada9feb77b42d78af372daadbfa837/gnocchi.a40dabba-b728-4164-a4f9-42e3eb85abc5/none_v3 HTTP/1.0 201 - python-swiftclient-3.11.1 gAAAAABpMH5jrfBV... 31 - - tx3a98cafac80243a6aab50-0069307ee0 - 0.0199 - - 1764785888.917183399 1764785888.937101126 0
Dec 3 18:18:16 standalone account-server[126829]: 172.20.0.100 - - [03/Dec/2025:18:18:16 +0000] "HEAD /d1/479/AUTH_12ada9feb77b42d78af372daadbfa837" 204 - "HEAD http://172.18.0.2:8080/v1/AUTH_12ada9feb77b42d78af372daadbfa837?format=json" "tx714ca21b412044e69b1a3-0069307ee8" "proxy-server 12" 0.0054 "-" 21 -
Dec 3 18:18:16 standalone proxy-server[128730]: - - 03/Dec/2025/18/18/16 HEAD /v1/AUTH_12ada9feb77b42d78af372daadbfa837%3Fformat%3Djson HTTP/1.0 204 - Swift - - - - tx714ca21b412044e69b1a3-0069307ee8 - 0.0118 RL - 1764785896.859450102 1764785896.871258736 -
Dec 3 18:18:16 standalone object-server[127006]: 172.20.0.100 - - [03/Dec/2025:18:18:16 +0000] "GET /d1/648/AUTH_12ada9feb77b42d78af372daadbfa837/gnocchi.a40dabba-b728-4164-a4f9-42e3eb85abc5/none_v3" 200 31 "GET http://172.18.0.2:8080/v1/AUTH_12ada9feb77b42d78af372daadbfa837/gnocchi.a40dabba-b728-4164-a4f9-42e3eb85abc5/none_v3" "tx714ca21b412044e69b1a3-0069307ee8" "proxy-server 12" 0.0017 "-" 24 0
Dec 3 18:18:16 standalone proxy-server[128730]: 172.18.0.2 172.18.0.100 03/Dec/2025/18/18/16 GET /v1/AUTH_12ada9feb77b42d78af372daadbfa837/gnocchi.a40dabba-b728-4164-a4f9-42e3eb85abc5/none_v3 HTTP/1.0 200 - python-swiftclient-3.11.1 gAAAAABpMH5jrfBV... - 31 - tx714ca21b412044e69b1a3-0069307ee8 - 0.0276 - - 1764785896.858247995 1764785896.885864973 0
Dec 3 18:18:16 standalone container-server[126788]: 172.20.0.100 - - [03/Dec/2025:18:18:16 +0000] "GET /d1/768/AUTH_12ada9feb77b42d78af372daadbfa837/gnocchi.a40dabba-b728-4164-a4f9-42e3eb85abc5" 200 357 "GET http://172.18.0.2:8080/v1/AUTH_12ada9feb77b42d78af372daadbfa837/gnocchi.a40dabba-b728-4164-a4f9-42e3eb85abc5?format=json&states=listing" "txecc820b15ddd495a8c2a2-0069307ee8" "proxy-server 12" 0.0075 "-" 20 0
Dec 3 18:18:16 standalone proxy-server[128730]: 172.18.0.2 172.18.0.100 03/Dec/2025/18/18/16 GET /v1/AUTH_12ada9feb77b42d78af372daadbfa837/gnocchi.a40dabba-b728-4164-a4f9-42e3eb85abc5%3Fformat%3Djson%26states%3Dlisting HTTP/1.0 200 - python-swiftclient-3.11.1 gAAAAABpMH5jrfBV... - 357 - txecc820b15ddd495a8c2a2-0069307ee8 - 0.0187 - - 1764785896.892922401 1764785896.911653519 0
Dec 3 18:18:16 standalone container-server[126788]: 172.20.0.100 - - [03/Dec/2025:18:18:16 +0000] "GET /d1/768/AUTH_12ada9feb77b42d78af372daadbfa837/gnocchi.a40dabba-b728-4164-a4f9-42e3eb85abc5" 200 2 "GET http://172.18.0.2:8080/v1/AUTH_12ada9feb77b42d78af372daadbfa837/gnocchi.a40dabba-b728-4164-a4f9-42e3eb85abc5?format=json&marker=none_v3&states=listing" "tx5f1d96a59c134cb7b46c1-0069307ee8" "proxy-server 12" 0.0027 "-" 20 0
Dec 3 18:18:16 standalone proxy-server[128730]: 172.18.0.2 172.18.0.100 03/Dec/2025/18/18/16 GET /v1/AUTH_12ada9feb77b42d78af372daadbfa837/gnocchi.a40dabba-b728-4164-a4f9-42e3eb85abc5%3Fformat%3Djson%26marker%3Dnone_v3%26states%3Dlisting HTTP/1.0 200 - python-swiftclient-3.11.1 gAAAAABpMH5jrfBV... - 2 - tx5f1d96a59c134cb7b46c1-0069307ee8 - 0.0142 - - 1764785896.916817188 1764785896.931007147 0
Dec 3 18:18:16 standalone object-server[127005]: 172.20.0.100 - - [03/Dec/2025:18:18:16 +0000] "GET /d1/983/AUTH_12ada9feb77b42d78af372daadbfa837/gnocchi.a40dabba-b728-4164-a4f9-42e3eb85abc5/1764720000.0_mean_300.0_v3" 200 16 "GET http://172.18.0.2:8080/v1/AUTH_12ada9feb77b42d78af372daadbfa837/gnocchi.a40dabba-b728-4164-a4f9-42e3eb85abc5/1764720000.0_mean_300.0_v3" "txfb8f1db6f47c4bf883276-0069307ee8" "proxy-server 12" 0.0013 "-" 23 0
Dec 3 18:18:16 standalone proxy-server[128730]: 172.18.0.2 172.18.0.100 03/Dec/2025/18/18/16 GET /v1/AUTH_12ada9feb77b42d78af372daadbfa837/gnocchi.a40dabba-b728-4164-a4f9-42e3eb85abc5/1764720000.0_mean_300.0_v3 HTTP/1.0 200 - python-swiftclient-3.11.1 gAAAAABpMH5jrfBV... - 16 - txfb8f1db6f47c4bf883276-0069307ee8 - 0.0131 - - 1764785896.937006950 1764785896.950116634 0
Dec 3 18:18:16 standalone container-server[126786]: 172.20.0.100 - - [03/Dec/2025:18:18:16 +0000] "PUT /d1/768/AUTH_12ada9feb77b42d78af372daadbfa837/gnocchi.a40dabba-b728-4164-a4f9-42e3eb85abc5/1764720000.0_mean_300.0_v3" 201 - "PUT http://172.18.0.2:8080/d1/983/AUTH_12ada9feb77b42d78af372daadbfa837/gnocchi.a40dabba-b728-4164-a4f9-42e3eb85abc5/1764720000.0_mean_300.0_v3" "tx61abe80e0b224eefaaa6e-0069307ee8" "object-server 25" 0.0006 "-" 19 0
Dec 3 18:18:16 standalone object-server[127008]: 172.20.0.100 - - [03/Dec/2025:18:18:16 +0000] "PUT /d1/983/AUTH_12ada9feb77b42d78af372daadbfa837/gnocchi.a40dabba-b728-4164-a4f9-42e3eb85abc5/1764720000.0_mean_300.0_v3" 201 - "PUT http://172.18.0.2:8080/v1/AUTH_12ada9feb77b42d78af372daadbfa837/gnocchi.a40dabba-b728-4164-a4f9-42e3eb85abc5/1764720000.0_mean_300.0_v3" "tx61abe80e0b224eefaaa6e-0069307ee8" "proxy-server 12" 0.0136 "-" 25 0
Dec 3 18:18:16 standalone proxy-server[128730]: 172.18.0.2 172.18.0.100 03/Dec/2025/18/18/16 PUT /v1/AUTH_12ada9feb77b42d78af372daadbfa837/gnocchi.a40dabba-b728-4164-a4f9-42e3eb85abc5/1764720000.0_mean_300.0_v3 HTTP/1.0 201 - python-swiftclient-3.11.1 gAAAAABpMH5jrfBV... 16 - - tx61abe80e0b224eefaaa6e-0069307ee8 - 0.0234 - - 1764785896.955529213 1764785896.978972673 0
Dec 3 18:18:16 standalone container-server[126802]: 172.20.0.100 - - [03/Dec/2025:18:18:16 +0000] "PUT /d1/768/AUTH_12ada9feb77b42d78af372daadbfa837/gnocchi.a40dabba-b728-4164-a4f9-42e3eb85abc5/none_v3" 201 - "PUT http://172.18.0.2:8080/d1/648/AUTH_12ada9feb77b42d78af372daadbfa837/gnocchi.a40dabba-b728-4164-a4f9-42e3eb85abc5/none_v3" "txbd118d20c3b641c3ade52-0069307ee8" "object-server 22" 0.0006 "-" 22 0
Dec 3 18:18:16 standalone object-server[127003]: 172.20.0.100 - - [03/Dec/2025:18:18:16 +0000] "PUT /d1/648/AUTH_12ada9feb77b42d78af372daadbfa837/gnocchi.a40dabba-b728-4164-a4f9-42e3eb85abc5/none_v3" 201 - "PUT http://172.18.0.2:8080/v1/AUTH_12ada9feb77b42d78af372daadbfa837/gnocchi.a40dabba-b728-4164-a4f9-42e3eb85abc5/none_v3" "txbd118d20c3b641c3ade52-0069307ee8" "proxy-server 12" 0.0089 "-" 22 0
Dec 3 18:18:16 standalone proxy-server[128730]: 172.18.0.2 172.18.0.100 03/Dec/2025/18/18/16 PUT /v1/AUTH_12ada9feb77b42d78af372daadbfa837/gnocchi.a40dabba-b728-4164-a4f9-42e3eb85abc5/none_v3 HTTP/1.0 201 - python-swiftclient-3.11.1 gAAAAABpMH5jrfBV... 46 - - txbd118d20c3b641c3ade52-0069307ee8 - 0.0152 - - 1764785896.983206987 1764785896.998358727 0
Dec 3 18:18:17 standalone object-server[127003]: 172.20.0.100 - - [03/Dec/2025:18:18:17 +0000] "GET /d1/648/AUTH_12ada9feb77b42d78af372daadbfa837/gnocchi.a40dabba-b728-4164-a4f9-42e3eb85abc5/none_v3" 200 46 "GET http://172.18.0.2:8080/v1/AUTH_12ada9feb77b42d78af372daadbfa837/gnocchi.a40dabba-b728-4164-a4f9-42e3eb85abc5/none_v3" "tx9ad4b44ada4542b194f76-0069307ee9" "proxy-server 12" 0.0007 "-" 22 0
Dec 3 18:18:17 standalone proxy-server[128730]: 172.18.0.2 172.18.0.100 03/Dec/2025/18/18/17 GET /v1/AUTH_12ada9feb77b42d78af372daadbfa837/gnocchi.a40dabba-b728-4164-a4f9-42e3eb85abc5/none_v3 HTTP/1.0 200 - python-swiftclient-3.11.1 gAAAAABpMH5jrfBV... - 46 - tx9ad4b44ada4542b194f76-0069307ee9 - 0.0099 - - 1764785897.496278524 1764785897.506159544 0
Dec 3 18:18:17 standalone container-server[126791]: 172.20.0.100 - - [03/Dec/2025:18:18:17 +0000] "GET /d1/768/AUTH_12ada9feb77b42d78af372daadbfa837/gnocchi.a40dabba-b728-4164-a4f9-42e3eb85abc5" 200 357 "GET http://172.18.0.2:8080/v1/AUTH_12ada9feb77b42d78af372daadbfa837/gnocchi.a40dabba-b728-4164-a4f9-42e3eb85abc5?format=json&states=listing" "tx8e60edcf41754ed3af852-0069307ee9" "proxy-server 12" 0.0084 "-" 21 0
Dec 3 18:18:17 standalone proxy-server[128730]: 172.18.0.2 172.18.0.100 03/Dec/2025/18/18/17 GET /v1/AUTH_12ada9feb77b42d78af372daadbfa837/gnocchi.a40dabba-b728-4164-a4f9-42e3eb85abc5%3Fformat%3Djson%26states%3Dlisting HTTP/1.0 200 - python-swiftclient-3.11.1 gAAAAABpMH5jrfBV... - 357 - tx8e60edcf41754ed3af852-0069307ee9 - 0.0177 - - 1764785897.511545420 1764785897.529259920 0
Dec 3 18:18:17 standalone container-server[126802]: 172.20.0.100 - - [03/Dec/2025:18:18:17 +0000] "GET /d1/768/AUTH_12ada9feb77b42d78af372daadbfa837/gnocchi.a40dabba-b728-4164-a4f9-42e3eb85abc5" 200 2 "GET http://172.18.0.2:8080/v1/AUTH_12ada9feb77b42d78af372daadbfa837/gnocchi.a40dabba-b728-4164-a4f9-42e3eb85abc5?format=json&marker=none_v3&states=listing" "txb2351731dee546929a254-0069307ee9" "proxy-server 12" 0.0025 "-" 22 0
Dec 3 18:18:17 standalone proxy-server[128730]: 172.18.0.2 172.18.0.100 03/Dec/2025/18/18/17 GET /v1/AUTH_12ada9feb77b42d78af372daadbfa837/gnocchi.a40dabba-b728-4164-a4f9-42e3eb85abc5%3Fformat%3Djson%26marker%3Dnone_v3%26states%3Dlisting HTTP/1.0 200 - python-swiftclient-3.11.1 gAAAAABpMH5jrfBV... - 2 - txb2351731dee546929a254-0069307ee9 - 0.0116 - - 1764785897.533552647 1764785897.545120955 0
Dec 3 18:18:17 standalone object-server[127003]: 172.20.0.100 - - [03/Dec/2025:18:18:17 +0000] "GET /d1/983/AUTH_12ada9feb77b42d78af372daadbfa837/gnocchi.a40dabba-b728-4164-a4f9-42e3eb85abc5/1764720000.0_mean_300.0_v3" 200 16 "GET http://172.18.0.2:8080/v1/AUTH_12ada9feb77b42d78af372daadbfa837/gnocchi.a40dabba-b728-4164-a4f9-42e3eb85abc5/1764720000.0_mean_300.0_v3" "tx7f88563d0a5e4cc5a88bd-0069307ee9" "proxy-server 12" 0.0006 "-" 22 0
Dec 3 18:18:17 standalone proxy-server[128730]: 172.18.0.2 172.18.0.100 03/Dec/2025/18/18/17 GET /v1/AUTH_12ada9feb77b42d78af372daadbfa837/gnocchi.a40dabba-b728-4164-a4f9-42e3eb85abc5/1764720000.0_mean_300.0_v3 HTTP/1.0 200 - python-swiftclient-3.11.1 gAAAAABpMH5jrfBV... - 16 - tx7f88563d0a5e4cc5a88bd-0069307ee9 - 0.0118 - - 1764785897.550081491 1764785897.561873436 0
Dec 3 18:18:17 standalone container-server[126786]: 172.20.0.100 - - [03/Dec/2025:18:18:17 +0000] "PUT /d1/768/AUTH_12ada9feb77b42d78af372daadbfa837/gnocchi.a40dabba-b728-4164-a4f9-42e3eb85abc5/1764720000.0_mean_300.0_v3" 201 - "PUT http://172.18.0.2:8080/d1/983/AUTH_12ada9feb77b42d78af372daadbfa837/gnocchi.a40dabba-b728-4164-a4f9-42e3eb85abc5/1764720000.0_mean_300.0_v3" "txdfed8edafc2a41e7aabac-0069307ee9" "object-server 24" 0.0007 "-" 19 0
Dec 3 18:18:17 standalone object-server[127006]: 172.20.0.100 - - [03/Dec/2025:18:18:17 +0000] "PUT /d1/983/AUTH_12ada9feb77b42d78af372daadbfa837/gnocchi.a40dabba-b728-4164-a4f9-42e3eb85abc5/1764720000.0_mean_300.0_v3" 201 - "PUT http://172.18.0.2:8080/v1/AUTH_12ada9feb77b42d78af372daadbfa837/gnocchi.a40dabba-b728-4164-a4f9-42e3eb85abc5/1764720000.0_mean_300.0_v3" "txdfed8edafc2a41e7aabac-0069307ee9" "proxy-server 12" 0.0104 "-" 24 0
Dec 3 18:18:17 standalone proxy-server[128730]: 172.18.0.2 172.18.0.100 03/Dec/2025/18/18/17 PUT /v1/AUTH_12ada9feb77b42d78af372daadbfa837/gnocchi.a40dabba-b728-4164-a4f9-42e3eb85abc5/1764720000.0_mean_300.0_v3 HTTP/1.0 201 - python-swiftclient-3.11.1 gAAAAABpMH5jrfBV... 16 - - txdfed8edafc2a41e7aabac-0069307ee9 - 0.0185 - - 1764785897.570084095 1764785897.588538408 0
Dec 3 18:18:17 standalone container-server[126791]: 172.20.0.100 - - [03/Dec/2025:18:18:17 +0000] "PUT /d1/768/AUTH_12ada9feb77b42d78af372daadbfa837/gnocchi.a40dabba-b728-4164-a4f9-42e3eb85abc5/none_v3" 201 - "PUT http://172.18.0.2:8080/d1/648/AUTH_12ada9feb77b42d78af372daadbfa837/gnocchi.a40dabba-b728-4164-a4f9-42e3eb85abc5/none_v3" "txe401d84f121b439395b67-0069307ee9" "object-server 25" 0.0005 "-" 21 0
Dec 3 18:18:17 standalone object-server[127008]: 172.20.0.100 - - [03/Dec/2025:18:18:17 +0000] "PUT /d1/648/AUTH_12ada9feb77b42d78af372daadbfa837/gnocchi.a40dabba-b728-4164-a4f9-42e3eb85abc5/none_v3" 201 - "PUT http://172.18.0.2:8080/v1/AUTH_12ada9feb77b42d78af372daadbfa837/gnocchi.a40dabba-b728-4164-a4f9-42e3eb85abc5/none_v3" "txe401d84f121b439395b67-0069307ee9" "proxy-server 12" 0.0096 "-" 25 0
Dec 3 18:18:17 standalone proxy-server[128730]: 172.18.0.2 172.18.0.100 03/Dec/2025/18/18/17 PUT /v1/AUTH_12ada9feb77b42d78af372daadbfa837/gnocchi.a40dabba-b728-4164-a4f9-42e3eb85abc5/none_v3 HTTP/1.0 201 - python-swiftclient-3.11.1 gAAAAABpMH5jrfBV... 51 - - txe401d84f121b439395b67-0069307ee9 - 0.0158 - - 1764785897.592286825 1764785897.608093977 0
Dec 3 18:18:17 standalone account-server[126829]: 172.20.0.100 - - [03/Dec/2025:18:18:17 +0000] "HEAD /d1/251/.expiring_objects" 404 - "HEAD http://localhost/v1/.expiring_objects?format=json" "txc747d6a083c14fa8b70e3-0069307ee9" "proxy-server 2" 0.0004 "-" 21 -
Dec 3 18:18:17 standalone object-expirer[126862]: Pass completed in 0s; 0 objects expired (txn: txc747d6a083c14fa8b70e3-0069307ee9)
Dec 3 18:18:20 standalone container-server[126791]: 172.20.0.100 - - [03/Dec/2025:18:18:20 +0000] "HEAD /d1/685/AUTH_12ada9feb77b42d78af372daadbfa837/gnocchi.2bcb8330-5d47-49c8-bf7f-a71d58872eab" 404 - "HEAD http://172.18.0.2:8080/v1/AUTH_12ada9feb77b42d78af372daadbfa837/gnocchi.2bcb8330-5d47-49c8-bf7f-a71d58872eab?format=json&states=listing" "tx1f1d5fbb5d554ab0a9632-0069307eec" "proxy-server 12" 0.0007 "-" 21 0
Dec 3 18:18:20 standalone object-server[127003]: 172.20.0.100 - - [03/Dec/2025:18:18:20 +0000] "GET /d1/273/AUTH_12ada9feb77b42d78af372daadbfa837/gnocchi.2bcb8330-5d47-49c8-bf7f-a71d58872eab/none_v3" 404 70 "GET http://172.18.0.2:8080/v1/AUTH_12ada9feb77b42d78af372daadbfa837/gnocchi.2bcb8330-5d47-49c8-bf7f-a71d58872eab/none_v3" "tx1f1d5fbb5d554ab0a9632-0069307eec" "proxy-server 12" 0.0008 "-" 22 0
Dec 3 18:18:20 standalone proxy-server[128730]: 172.18.0.2 172.18.0.100 03/Dec/2025/18/18/20 GET /v1/AUTH_12ada9feb77b42d78af372daadbfa837/gnocchi.2bcb8330-5d47-49c8-bf7f-a71d58872eab/none_v3 HTTP/1.0 404 - python-swiftclient-3.11.1 gAAAAABpMH5jrfBV... - 70 - tx1f1d5fbb5d554ab0a9632-0069307eec - 0.0122 - - 1764785900.169249535 1764785900.181459427 0
Dec 3 18:18:20 standalone account-server[126828]: 172.20.0.100 - - [03/Dec/2025:18:18:20 +0000] "PUT /d1/479/AUTH_12ada9feb77b42d78af372daadbfa837/gnocchi.2bcb8330-5d47-49c8-bf7f-a71d58872eab" 201 - "PUT http://172.20.0.100:6001/d1/685/AUTH_12ada9feb77b42d78af372daadbfa837/gnocchi.2bcb8330-5d47-49c8-bf7f-a71d58872eab" "txd123dc67058a4a78ae64c-0069307eec" "container-server 21" 0.0013 "-" 20 0
Dec 3 18:18:20 standalone container-server[126791]: 172.20.0.100 - - [03/Dec/2025:18:18:20 +0000] "PUT /d1/685/AUTH_12ada9feb77b42d78af372daadbfa837/gnocchi.2bcb8330-5d47-49c8-bf7f-a71d58872eab" 201 - "PUT http://172.18.0.2:8080/v1/AUTH_12ada9feb77b42d78af372daadbfa837/gnocchi.2bcb8330-5d47-49c8-bf7f-a71d58872eab" "txd123dc67058a4a78ae64c-0069307eec" "proxy-server 12" 0.0168 "-" 21 0
Dec 3 18:18:20 standalone proxy-server[128730]: 172.18.0.2 172.18.0.100 03/Dec/2025/18/18/20 PUT /v1/AUTH_12ada9feb77b42d78af372daadbfa837/gnocchi.2bcb8330-5d47-49c8-bf7f-a71d58872eab HTTP/1.0 201 - python-swiftclient-3.11.1 gAAAAABpMH5jrfBV... - - - txd123dc67058a4a78ae64c-0069307eec - 0.0212 - - 1764785900.184684277 1764785900.205856562 0
Dec 3 18:18:20 standalone container-server[126791]: 172.20.0.100 - - [03/Dec/2025:18:18:20 +0000] "HEAD /d1/685/AUTH_12ada9feb77b42d78af372daadbfa837/gnocchi.2bcb8330-5d47-49c8-bf7f-a71d58872eab" 204 - "HEAD http://172.18.0.2:8080/v1/AUTH_12ada9feb77b42d78af372daadbfa837/gnocchi.2bcb8330-5d47-49c8-bf7f-a71d58872eab?format=json&states=listing" "txb2a55cbe3260447588604-0069307eec" "proxy-server 12" 0.0014 "-" 21 0
Dec 3 18:18:20 standalone proxy-server[128730]: - - 03/Dec/2025/18/18/20 HEAD /v1/AUTH_12ada9feb77b42d78af372daadbfa837/gnocchi.2bcb8330-5d47-49c8-bf7f-a71d58872eab%3Fformat%3Djson%26states%3Dlisting HTTP/1.0 204 - Swift - - - - txb2a55cbe3260447588604-0069307eec - 0.0044 RL - 1764785900.211290836 1764785900.215650082 0
Dec 3 18:18:20 standalone container-server[126786]: 172.20.0.100 - - [03/Dec/2025:18:18:20 +0000] "GET /d1/685/AUTH_12ada9feb77b42d78af372daadbfa837/gnocchi.2bcb8330-5d47-49c8-bf7f-a71d58872eab" 200 2 "GET http://172.18.0.2:8080/v1/AUTH_12ada9feb77b42d78af372daadbfa837/gnocchi.2bcb8330-5d47-49c8-bf7f-a71d58872eab?format=json&states=listing" "txb2a55cbe3260447588604-0069307eec" "proxy-server 12" 0.0039 "-" 19 0
Dec 3 18:18:20 standalone proxy-server[128730]: 172.18.0.2 172.18.0.100 03/Dec/2025/18/18/20 GET /v1/AUTH_12ada9feb77b42d78af372daadbfa837/gnocchi.2bcb8330-5d47-49c8-bf7f-a71d58872eab%3Fformat%3Djson%26states%3Dlisting HTTP/1.0 200 - python-swiftclient-3.11.1 gAAAAABpMH5jrfBV... - 2 - txb2a55cbe3260447588604-0069307eec - 0.0184 - - 1764785900.209784746 1764785900.228224993 0
Dec 3 18:18:20 standalone object-server[127008]: 172.20.0.100 - - [03/Dec/2025:18:18:20 +0000] "GET /d1/86/AUTH_12ada9feb77b42d78af372daadbfa837/gnocchi.2bcb8330-5d47-49c8-bf7f-a71d58872eab/1764720000.0_mean_300.0_v3" 404 70 "GET http://172.18.0.2:8080/v1/AUTH_12ada9feb77b42d78af372daadbfa837/gnocchi.2bcb8330-5d47-49c8-bf7f-a71d58872eab/1764720000.0_mean_300.0_v3" "tx71c496b617864007ac6a1-0069307eec" "proxy-server 12" 0.0005 "-" 25 0
Dec 3 18:18:20 standalone proxy-server[128730]: 172.18.0.2 172.18.0.100 03/Dec/2025/18/18/20 GET /v1/AUTH_12ada9feb77b42d78af372daadbfa837/gnocchi.2bcb8330-5d47-49c8-bf7f-a71d58872eab/1764720000.0_mean_300.0_v3 HTTP/1.0 404 - python-swiftclient-3.11.1 gAAAAABpMH5jrfBV... - 70 - tx71c496b617864007ac6a1-0069307eec - 0.0062 - - 1764785900.233517408 1764785900.239721775 0
Dec 3 18:18:20 standalone container-server[126802]: 172.20.0.100 - - [03/Dec/2025:18:18:20 +0000] "PUT /d1/685/AUTH_12ada9feb77b42d78af372daadbfa837/gnocchi.2bcb8330-5d47-49c8-bf7f-a71d58872eab/1764720000.0_mean_300.0_v3" 201 - "PUT http://172.18.0.2:8080/d1/86/AUTH_12ada9feb77b42d78af372daadbfa837/gnocchi.2bcb8330-5d47-49c8-bf7f-a71d58872eab/1764720000.0_mean_300.0_v3" "txd862dbdcd61447c0bdc14-0069307eec" "object-server 23" 0.0007 "-" 22 0
Dec 3 18:18:20 standalone object-server[127005]: 172.20.0.100 - - [03/Dec/2025:18:18:20 +0000] "PUT /d1/86/AUTH_12ada9feb77b42d78af372daadbfa837/gnocchi.2bcb8330-5d47-49c8-bf7f-a71d58872eab/1764720000.0_mean_300.0_v3" 201 - "PUT http://172.18.0.2:8080/v1/AUTH_12ada9feb77b42d78af372daadbfa837/gnocchi.2bcb8330-5d47-49c8-bf7f-a71d58872eab/1764720000.0_mean_300.0_v3" "txd862dbdcd61447c0bdc14-0069307eec" "proxy-server 12" 0.0153 "-" 23 0
Dec 3 18:18:20 standalone proxy-server[128730]: 172.18.0.2 172.18.0.100 03/Dec/2025/18/18/20 PUT /v1/AUTH_12ada9feb77b42d78af372daadbfa837/gnocchi.2bcb8330-5d47-49c8-bf7f-a71d58872eab/1764720000.0_mean_300.0_v3 HTTP/1.0 201 - python-swiftclient-3.11.1 gAAAAABpMH5jrfBV... 16 - - txd862dbdcd61447c0bdc14-0069307eec - 0.0242 - - 1764785900.246588469 1764785900.270796061 0
Dec 3 18:18:20 standalone container-server[126788]: 172.20.0.100 - - [03/Dec/2025:18:18:20 +0000] "PUT /d1/685/AUTH_12ada9feb77b42d78af372daadbfa837/gnocchi.2bcb8330-5d47-49c8-bf7f-a71d58872eab/none_v3" 201 - "PUT http://172.18.0.2:8080/d1/273/AUTH_12ada9feb77b42d78af372daadbfa837/gnocchi.2bcb8330-5d47-49c8-bf7f-a71d58872eab/none_v3" "txe8dc325123864e18b5510-0069307eec" "object-server 25" 0.0006 "-" 20 0
Dec 3 18:18:20 standalone object-server[127008]: 172.20.0.100 - - [03/Dec/2025:18:18:20 +0000] "PUT /d1/273/AUTH_12ada9feb77b42d78af372daadbfa837/gnocchi.2bcb8330-5d47-49c8-bf7f-a71d58872eab/none_v3" 201 - "PUT http://172.18.0.2:8080/v1/AUTH_12ada9feb77b42d78af372daadbfa837/gnocchi.2bcb8330-5d47-49c8-bf7f-a71d58872eab/none_v3" "txe8dc325123864e18b5510-0069307eec" "proxy-server 12" 0.0090 "-" 25 0
Dec 3 18:18:20 standalone proxy-server[128730]: 172.18.0.2 172.18.0.100 03/Dec/2025/18/18/20 PUT /v1/AUTH_12ada9feb77b42d78af372daadbfa837/gnocchi.2bcb8330-5d47-49c8-bf7f-a71d58872eab/none_v3 HTTP/1.0 201 - python-swiftclient-3.11.1 gAAAAABpMH5jrfBV... 22 - - txe8dc325123864e18b5510-0069307eec - 0.0181 - - 1764785900.274868011 1764785900.293004751 0
Dec 3 18:18:20 standalone container-server[126788]: 172.20.0.100 - - [03/Dec/2025:18:18:20 +0000] "HEAD /d1/660/AUTH_12ada9feb77b42d78af372daadbfa837/gnocchi.d275535b-357f-44af-aed1-0e3e10be958d" 404 - "HEAD http://172.18.0.2:8080/v1/AUTH_12ada9feb77b42d78af372daadbfa837/gnocchi.d275535b-357f-44af-aed1-0e3e10be958d?format=json&states=listing" "txa5a8c0c418f54e018e6f6-0069307eec" "proxy-server 12" 0.0006 "-" 20 0
Dec 3 18:18:20 standalone object-server[127008]: 172.20.0.100 - - [03/Dec/2025:18:18:20 +0000] "GET /d1/873/AUTH_12ada9feb77b42d78af372daadbfa837/gnocchi.d275535b-357f-44af-aed1-0e3e10be958d/none_v3" 404 70 "GET http://172.18.0.2:8080/v1/AUTH_12ada9feb77b42d78af372daadbfa837/gnocchi.d275535b-357f-44af-aed1-0e3e10be958d/none_v3" "txa5a8c0c418f54e018e6f6-0069307eec" "proxy-server 12" 0.0003 "-" 25 0
Dec 3 18:18:20 standalone proxy-server[128730]: 172.18.0.2 172.18.0.100 03/Dec/2025/18/18/20 GET /v1/AUTH_12ada9feb77b42d78af372daadbfa837/gnocchi.d275535b-357f-44af-aed1-0e3e10be958d/none_v3 HTTP/1.0 404 - python-swiftclient-3.11.1 gAAAAABpMH5jrfBV... - 70 - txa5a8c0c418f54e018e6f6-0069307eec - 0.0097 - - 1764785900.310224056 1764785900.319921255 0
Dec 3 18:18:20 standalone account-server[126829]: 172.20.0.100 - - [03/Dec/2025:18:18:20 +0000] "PUT /d1/479/AUTH_12ada9feb77b42d78af372daadbfa837/gnocchi.d275535b-357f-44af-aed1-0e3e10be958d" 201 - "PUT http://172.20.0.100:6001/d1/660/AUTH_12ada9feb77b42d78af372daadbfa837/gnocchi.d275535b-357f-44af-aed1-0e3e10be958d" "txca3f49aaeadd4074bbf68-0069307eec" "container-server 22" 0.0041 "-" 21 0
Dec 3 18:18:20 standalone container-server[126802]: 172.20.0.100 - - [03/Dec/2025:18:18:20 +0000] "PUT /d1/660/AUTH_12ada9feb77b42d78af372daadbfa837/gnocchi.d275535b-357f-44af-aed1-0e3e10be958d" 201 - "PUT http://172.18.0.2:8080/v1/AUTH_12ada9feb77b42d78af372daadbfa837/gnocchi.d275535b-357f-44af-aed1-0e3e10be958d" "txca3f49aaeadd4074bbf68-0069307eec" "proxy-server 12" 0.0164 "-" 22 0
Dec 3 18:18:20 standalone proxy-server[128730]: 172.18.0.2 172.18.0.100 03/Dec/2025/18/18/20 PUT /v1/AUTH_12ada9feb77b42d78af372daadbfa837/gnocchi.d275535b-357f-44af-aed1-0e3e10be958d HTTP/1.0 201 - python-swiftclient-3.11.1 gAAAAABpMH5jrfBV... - - - txca3f49aaeadd4074bbf68-0069307eec - 0.0219 - - 1764785900.322673321 1764785900.344610453 0
Dec 3 18:18:20 standalone container-server[126802]: 172.20.0.100 - - [03/Dec/2025:18:18:20 +0000] "HEAD /d1/660/AUTH_12ada9feb77b42d78af372daadbfa837/gnocchi.d275535b-357f-44af-aed1-0e3e10be958d" 204 - "HEAD http://172.18.0.2:8080/v1/AUTH_12ada9feb77b42d78af372daadbfa837/gnocchi.d275535b-357f-44af-aed1-0e3e10be958d?format=json&states=listing" "tx3d880b36048b4ade805ed-0069307eec" "proxy-server 12" 0.0032 "-" 22 0
Dec 3 18:18:20 standalone proxy-server[128730]: - - 03/Dec/2025/18/18/20 HEAD /v1/AUTH_12ada9feb77b42d78af372daadbfa837/gnocchi.d275535b-357f-44af-aed1-0e3e10be958d%3Fformat%3Djson%26states%3Dlisting HTTP/1.0 204 - Swift - - - - tx3d880b36048b4ade805ed-0069307eec - 0.0075 RL - 1764785900.348698139 1764785900.356240749 0
Dec 3 18:18:20 standalone container-server[126788]: 172.20.0.100 - - [03/Dec/2025:18:18:20 +0000] "GET /d1/660/AUTH_12ada9feb77b42d78af372daadbfa837/gnocchi.d275535b-357f-44af-aed1-0e3e10be958d" 200 2 "GET http://172.18.0.2:8080/v1/AUTH_12ada9feb77b42d78af372daadbfa837/gnocchi.d275535b-357f-44af-aed1-0e3e10be958d?format=json&states=listing" "tx3d880b36048b4ade805ed-0069307eec" "proxy-server 12" 0.0033 "-" 20 0
Dec 3 18:18:20 standalone proxy-server[128730]: 172.18.0.2 172.18.0.100 03/Dec/2025/18/18/20 GET /v1/AUTH_12ada9feb77b42d78af372daadbfa837/gnocchi.d275535b-357f-44af-aed1-0e3e10be958d%3Fformat%3Djson%26states%3Dlisting HTTP/1.0 200 - python-swiftclient-3.11.1 gAAAAABpMH5jrfBV... - 2 - tx3d880b36048b4ade805ed-0069307eec - 0.0178 - - 1764785900.347629070 1764785900.365428925 0
Dec 3 18:18:20 standalone object-server[127003]: 172.20.0.100 - - [03/Dec/2025:18:18:20 +0000] "GET /d1/234/AUTH_12ada9feb77b42d78af372daadbfa837/gnocchi.d275535b-357f-44af-aed1-0e3e10be958d/1764720000.0_mean_300.0_v3" 404 70 "GET http://172.18.0.2:8080/v1/AUTH_12ada9feb77b42d78af372daadbfa837/gnocchi.d275535b-357f-44af-aed1-0e3e10be958d/1764720000.0_mean_300.0_v3" "tx051ad9c819fb436f82363-0069307eec" "proxy-server 12" 0.0003 "-" 22 0
Dec 3 18:18:20 standalone proxy-server[128730]: 172.18.0.2 172.18.0.100 03/Dec/2025/18/18/20 GET /v1/AUTH_12ada9feb77b42d78af372daadbfa837/gnocchi.d275535b-357f-44af-aed1-0e3e10be958d/1764720000.0_mean_300.0_v3 HTTP/1.0 404 - python-swiftclient-3.11.1 gAAAAABpMH5jrfBV... - 70 - tx051ad9c819fb436f82363-0069307eec - 0.0199 - - 1764785900.368486404 1764785900.388339281 0
Dec 3 18:18:20 standalone container-server[126802]: 172.20.0.100 - - [03/Dec/2025:18:18:20 +0000] "PUT /d1/660/AUTH_12ada9feb77b42d78af372daadbfa837/gnocchi.d275535b-357f-44af-aed1-0e3e10be958d/1764720000.0_mean_300.0_v3" 201 - "PUT http://172.18.0.2:8080/d1/234/AUTH_12ada9feb77b42d78af372daadbfa837/gnocchi.d275535b-357f-44af-aed1-0e3e10be958d/1764720000.0_mean_300.0_v3" "tx28310231e6684cfd9d5e1-0069307eec" "object-server 25" 0.0010 "-" 22 0
Dec 3 18:18:20 standalone object-server[127008]: 172.20.0.100 - - [03/Dec/2025:18:18:20 +0000] "PUT /d1/234/AUTH_12ada9feb77b42d78af372daadbfa837/gnocchi.d275535b-357f-44af-aed1-0e3e10be958d/1764720000.0_mean_300.0_v3" 201 - "PUT http://172.18.0.2:8080/v1/AUTH_12ada9feb77b42d78af372daadbfa837/gnocchi.d275535b-357f-44af-aed1-0e3e10be958d/1764720000.0_mean_300.0_v3" "tx28310231e6684cfd9d5e1-0069307eec" "proxy-server 12" 0.0115 "-" 25 0
Dec 3 18:18:20 standalone proxy-server[128730]: 172.18.0.2 172.18.0.100 03/Dec/2025/18/18/20 PUT /v1/AUTH_12ada9feb77b42d78af372daadbfa837/gnocchi.d275535b-357f-44af-aed1-0e3e10be958d/1764720000.0_mean_300.0_v3 HTTP/1.0 201 - python-swiftclient-3.11.1 gAAAAABpMH5jrfBV... 16 - - tx28310231e6684cfd9d5e1-0069307eec - 0.0212 - - 1764785900.391233444 1764785900.412454605 0
Dec 3 18:18:20 standalone container-server[126788]: 172.20.0.100 - - [03/Dec/2025:18:18:20 +0000] "PUT /d1/660/AUTH_12ada9feb77b42d78af372daadbfa837/gnocchi.d275535b-357f-44af-aed1-0e3e10be958d/none_v3" 201 - "PUT http://172.18.0.2:8080/d1/873/AUTH_12ada9feb77b42d78af372daadbfa837/gnocchi.d275535b-357f-44af-aed1-0e3e10be958d/none_v3" "tx87d1bf9e21064849a9c30-0069307eec" "object-server 23" 0.0009 "-" 20 0
Dec 3 18:18:20 standalone object-server[127005]: 172.20.0.100 - - [03/Dec/2025:18:18:20 +0000] "PUT /d1/873/AUTH_12ada9feb77b42d78af372daadbfa837/gnocchi.d275535b-357f-44af-aed1-0e3e10be958d/none_v3" 201 - "PUT http://172.18.0.2:8080/v1/AUTH_12ada9feb77b42d78af372daadbfa837/gnocchi.d275535b-357f-44af-aed1-0e3e10be958d/none_v3" "tx87d1bf9e21064849a9c30-0069307eec" "proxy-server 12" 0.0146 "-" 23 0
Dec 3 18:18:20 standalone proxy-server[128730]: 172.18.0.2 172.18.0.100 03/Dec/2025/18/18/20 PUT /v1/AUTH_12ada9feb77b42d78af372daadbfa837/gnocchi.d275535b-357f-44af-aed1-0e3e10be958d/none_v3 HTTP/1.0 201 - python-swiftclient-3.11.1 gAAAAABpMH5jrfBV... 22 - - tx87d1bf9e21064849a9c30-0069307eec - 0.0213 - - 1764785900.415171623 1764785900.436432362 0
Dec 3 18:18:20 standalone container-server[126791]: 172.20.0.100 - - [03/Dec/2025:18:18:20 +0000] "HEAD /d1/8/AUTH_12ada9feb77b42d78af372daadbfa837/gnocchi.cec8091f-6619-4bf3-819e-59bf2f3983d3" 404 - "HEAD http://172.18.0.2:8080/v1/AUTH_12ada9feb77b42d78af372daadbfa837/gnocchi.cec8091f-6619-4bf3-819e-59bf2f3983d3?format=json&states=listing" "tx1489f126fa0f4d17b9ff7-0069307eec" "proxy-server 12" 0.0009 "-" 21 0
Dec 3 18:18:20 standalone object-server[127005]: 172.20.0.100 - - [03/Dec/2025:18:18:20 +0000] "GET /d1/259/AUTH_12ada9feb77b42d78af372daadbfa837/gnocchi.cec8091f-6619-4bf3-819e-59bf2f3983d3/none_v3" 404 70 "GET http://172.18.0.2:8080/v1/AUTH_12ada9feb77b42d78af372daadbfa837/gnocchi.cec8091f-6619-4bf3-819e-59bf2f3983d3/none_v3" "tx1489f126fa0f4d17b9ff7-0069307eec" "proxy-server 12" 0.0007 "-" 23 0
Dec 3 18:18:20 standalone proxy-server[128730]: 172.18.0.2 172.18.0.100 03/Dec/2025/18/18/20 GET /v1/AUTH_12ada9feb77b42d78af372daadbfa837/gnocchi.cec8091f-6619-4bf3-819e-59bf2f3983d3/none_v3 HTTP/1.0 404 - python-swiftclient-3.11.1 gAAAAABpMH5jrfBV... - 70 - tx1489f126fa0f4d17b9ff7-0069307eec - 0.0173 - - 1764785900.461256266 1764785900.478572607 0
Dec 3 18:18:20 standalone account-server[126835]: 172.20.0.100 - - [03/Dec/2025:18:18:20 +0000] "PUT /d1/479/AUTH_12ada9feb77b42d78af372daadbfa837/gnocchi.cec8091f-6619-4bf3-819e-59bf2f3983d3" 201 - "PUT http://172.20.0.100:6001/d1/8/AUTH_12ada9feb77b42d78af372daadbfa837/gnocchi.cec8091f-6619-4bf3-819e-59bf2f3983d3" "txbdf6816de5b149c49f33a-0069307eec" "container-server 20" 0.0077 "-" 23 0
Dec 3 18:18:20 standalone container-server[126788]: 172.20.0.100 - - [03/Dec/2025:18:18:20 +0000] "PUT /d1/8/AUTH_12ada9feb77b42d78af372daadbfa837/gnocchi.cec8091f-6619-4bf3-819e-59bf2f3983d3" 201 - "PUT http://172.18.0.2:8080/v1/AUTH_12ada9feb77b42d78af372daadbfa837/gnocchi.cec8091f-6619-4bf3-819e-59bf2f3983d3" "txbdf6816de5b149c49f33a-0069307eec" "proxy-server 12" 0.0236 "-" 20 0
Dec 3 18:18:20 standalone proxy-server[128730]: 172.18.0.2 172.18.0.100 03/Dec/2025/18/18/20 PUT /v1/AUTH_12ada9feb77b42d78af372daadbfa837/gnocchi.cec8091f-6619-4bf3-819e-59bf2f3983d3 HTTP/1.0 201 - python-swiftclient-3.11.1 gAAAAABpMH5jrfBV... - - - txbdf6816de5b149c49f33a-0069307eec - 0.0353 - - 1764785900.484391451 1764785900.519697189 0
Dec 3 18:18:20 standalone container-server[126802]: 172.20.0.100 - - [03/Dec/2025:18:18:20 +0000] "HEAD /d1/8/AUTH_12ada9feb77b42d78af372daadbfa837/gnocchi.cec8091f-6619-4bf3-819e-59bf2f3983d3" 204 - "HEAD http://172.18.0.2:8080/v1/AUTH_12ada9feb77b42d78af372daadbfa837/gnocchi.cec8091f-6619-4bf3-819e-59bf2f3983d3?format=json&states=listing" "txfe74b4a341644daa90eb7-0069307eec" "proxy-server 12" 0.0024 "-" 22 0
Dec 3 18:18:20 standalone proxy-server[128730]: - - 03/Dec/2025/18/18/20 HEAD /v1/AUTH_12ada9feb77b42d78af372daadbfa837/gnocchi.cec8091f-6619-4bf3-819e-59bf2f3983d3%3Fformat%3Djson%26states%3Dlisting HTTP/1.0 204 - Swift - - - - txfe74b4a341644daa90eb7-0069307eec - 0.0078 RL - 1764785900.527044058 1764785900.534840822 0
Dec 3 18:18:20 standalone container-server[126791]: 172.20.0.100 - - [03/Dec/2025:18:18:20 +0000] "GET /d1/8/AUTH_12ada9feb77b42d78af372daadbfa837/gnocchi.cec8091f-6619-4bf3-819e-59bf2f3983d3" 200 2 "GET http://172.18.0.2:8080/v1/AUTH_12ada9feb77b42d78af372daadbfa837/gnocchi.cec8091f-6619-4bf3-819e-59bf2f3983d3?format=json&states=listing" "txfe74b4a341644daa90eb7-0069307eec" "proxy-server 12" 0.0046 "-" 21 0
Dec 3 18:18:20 standalone proxy-server[128730]: 172.18.0.2 172.18.0.100 03/Dec/2025/18/18/20 GET /v1/AUTH_12ada9feb77b42d78af372daadbfa837/gnocchi.cec8091f-6619-4bf3-819e-59bf2f3983d3%3Fformat%3Djson%26states%3Dlisting HTTP/1.0 200 - python-swiftclient-3.11.1 gAAAAABpMH5jrfBV... - 2 - txfe74b4a341644daa90eb7-0069307eec - 0.0245 - - 1764785900.524778605 1764785900.549288988 0
Dec 3 18:18:20 standalone object-server[127005]: 172.20.0.100 - - [03/Dec/2025:18:18:20 +0000] "GET /d1/421/AUTH_12ada9feb77b42d78af372daadbfa837/gnocchi.cec8091f-6619-4bf3-819e-59bf2f3983d3/1764720000.0_mean_300.0_v3" 404 70 "GET http://172.18.0.2:8080/v1/AUTH_12ada9feb77b42d78af372daadbfa837/gnocchi.cec8091f-6619-4bf3-819e-59bf2f3983d3/1764720000.0_mean_300.0_v3" "tx233276d8daa24e14ab95b-0069307eec" "proxy-server 12" 0.0008 "-" 23 0
Dec 3 18:18:20 standalone proxy-server[128730]: 172.18.0.2 172.18.0.100 03/Dec/2025/18/18/20 GET /v1/AUTH_12ada9feb77b42d78af372daadbfa837/gnocchi.cec8091f-6619-4bf3-819e-59bf2f3983d3/1764720000.0_mean_300.0_v3 HTTP/1.0 404 - python-swiftclient-3.11.1 gAAAAABpMH5jrfBV... - 70 - tx233276d8daa24e14ab95b-0069307eec - 0.0120 - - 1764785900.555458069 1764785900.567469597 0
Dec 3 18:18:20 standalone container-server[126786]: 172.20.0.100 - - [03/Dec/2025:18:18:20 +0000] "PUT /d1/8/AUTH_12ada9feb77b42d78af372daadbfa837/gnocchi.cec8091f-6619-4bf3-819e-59bf2f3983d3/1764720000.0_mean_300.0_v3" 201 - "PUT http://172.18.0.2:8080/d1/421/AUTH_12ada9feb77b42d78af372daadbfa837/gnocchi.cec8091f-6619-4bf3-819e-59bf2f3983d3/1764720000.0_mean_300.0_v3" "tx81855520ffbd4a14b7b97-0069307eec" "object-server 23" 0.0009 "-" 19 0
Dec 3 18:18:20 standalone object-server[127005]: 172.20.0.100 - - [03/Dec/2025:18:18:20 +0000] "PUT /d1/421/AUTH_12ada9feb77b42d78af372daadbfa837/gnocchi.cec8091f-6619-4bf3-819e-59bf2f3983d3/1764720000.0_mean_300.0_v3" 201 - "PUT http://172.18.0.2:8080/v1/AUTH_12ada9feb77b42d78af372daadbfa837/gnocchi.cec8091f-6619-4bf3-819e-59bf2f3983d3/1764720000.0_mean_300.0_v3" "tx81855520ffbd4a14b7b97-0069307eec" "proxy-server 12" 0.0144 "-" 23 0
Dec 3 18:18:20 standalone proxy-server[128730]: 172.18.0.2 172.18.0.100 03/Dec/2025/18/18/20 PUT /v1/AUTH_12ada9feb77b42d78af372daadbfa837/gnocchi.cec8091f-6619-4bf3-819e-59bf2f3983d3/1764720000.0_mean_300.0_v3 HTTP/1.0 201 - python-swiftclient-3.11.1 gAAAAABpMH5jrfBV... 16 - - tx81855520ffbd4a14b7b97-0069307eec - 0.0271 - - 1764785900.570892334 1764785900.597989798 0
Dec 3 18:18:20 standalone container-server[126791]: 172.20.0.100 - - [03/Dec/2025:18:18:20 +0000] "PUT /d1/8/AUTH_12ada9feb77b42d78af372daadbfa837/gnocchi.cec8091f-6619-4bf3-819e-59bf2f3983d3/none_v3" 201 - "PUT http://172.18.0.2:8080/d1/259/AUTH_12ada9feb77b42d78af372daadbfa837/gnocchi.cec8091f-6619-4bf3-819e-59bf2f3983d3/none_v3" "tx42fcff7dcdad4b8b947ce-0069307eec" "object-server 23" 0.0008 "-" 21 0
Dec 3 18:18:20 standalone object-server[127005]: 172.20.0.100 - - [03/Dec/2025:18:18:20 +0000] "PUT /d1/259/AUTH_12ada9feb77b42d78af372daadbfa837/gnocchi.cec8091f-6619-4bf3-819e-59bf2f3983d3/none_v3" 201 - "PUT http://172.18.0.2:8080/v1/AUTH_12ada9feb77b42d78af372daadbfa837/gnocchi.cec8091f-6619-4bf3-819e-59bf2f3983d3/none_v3" "tx42fcff7dcdad4b8b947ce-0069307eec" "proxy-server 12" 0.0212 "-" 23 0
