Dec 3 18:02:23 standalone account-server[126316]: Starting 2
Dec 3 18:02:24 standalone container-server[126530]: Option allow_versions is deprecated. Configure the versioned_writes middleware in the proxy-server instead. This option will be ignored in a future release.
Dec 3 18:02:24 standalone container-server[126786]: Option allow_versions is deprecated. Configure the versioned_writes middleware in the proxy-server instead. This option will be ignored in a future release.
Dec 3 18:02:24 standalone container-server[126530]: Started child 19 from parent 2
Dec 3 18:02:24 standalone container-server[126788]: Option allow_versions is deprecated. Configure the versioned_writes middleware in the proxy-server instead. This option will be ignored in a future release.
Dec 3 18:02:24 standalone container-server[126530]: Started child 20 from parent 2
Dec 3 18:02:24 standalone container-server[126791]: Option allow_versions is deprecated. Configure the versioned_writes middleware in the proxy-server instead. This option will be ignored in a future release.
Dec 3 18:02:24 standalone container-server[126530]: Started child 21 from parent 2
Dec 3 18:02:24 standalone container-server[126802]: Option allow_versions is deprecated. Configure the versioned_writes middleware in the proxy-server instead. This option will be ignored in a future release.
Dec 3 18:02:24 standalone container-server[126530]: Started child 22 from parent 2
Dec 3 18:02:24 standalone account-server[126420]: Started child 20 from parent 2
Dec 3 18:02:24 standalone account-server[126420]: Started child 21 from parent 2
Dec 3 18:02:24 standalone account-server[126420]: Started child 22 from parent 2
Dec 3 18:02:24 standalone account-server[126420]: Started child 23 from parent 2
Dec 3 18:02:24 standalone container-server[126694]: Starting 2
Dec 3 18:02:25 standalone object-expirer[126862]: Starting 2
Dec 3 18:02:25 standalone object-expirer[126862]: Option auto_create_account_prefix is deprecated. Configure auto_create_account_prefix under the swift-constraints section of swift.conf. This option will be ignored in a future release.
Dec 3 18:02:25 standalone object-server[126867]: Started child 22 from parent 2
Dec 3 18:02:25 standalone object-server[126867]: Started child 23 from parent 2
Dec 3 18:02:25 standalone object-server[126867]: Started child 24 from parent 2
Dec 3 18:02:25 standalone object-server[126867]: Started child 25 from parent 2
Dec 3 18:02:25 standalone object-server[126932]: Starting 2
Dec 3 18:02:31 standalone proxy-server[128630]: Starting Keystone auth_token middleware
Dec 3 18:02:31 standalone proxy-server[128630]: AuthToken middleware is set with keystone_authtoken.service_token_roles_required set to False. This is backwards compatible but deprecated behaviour. Please set this to True.
Dec 3 18:02:31 standalone proxy-server[128730]: Starting Keystone auth_token middleware
Dec 3 18:02:31 standalone proxy-server[128730]: STDERR: The option "bind_port" is not known to keystonemiddleware
Dec 3 18:02:31 standalone proxy-server[128730]: STDERR: The option "workers" is not known to keystonemiddleware
Dec 3 18:02:31 standalone proxy-server[128730]: STDERR: The option "user" is not known to keystonemiddleware
Dec 3 18:02:31 standalone proxy-server[128730]: STDERR: The option "bind_ip" is not known to keystonemiddleware
Dec 3 18:02:31 standalone proxy-server[128730]: STDERR: The option "log_name" is not known to keystonemiddleware
Dec 3 18:02:31 standalone proxy-server[128730]: STDERR: The option "log_facility" is not known to keystonemiddleware
Dec 3 18:02:31 standalone proxy-server[128730]: STDERR: The option "log_level" is not known to keystonemiddleware
Dec 3 18:02:31 standalone proxy-server[128730]: STDERR: The option "log_headers" is not known to keystonemiddleware
Dec 3 18:02:31 standalone proxy-server[128730]: STDERR: The option "log_address" is not known to keystonemiddleware
Dec 3 18:02:31 standalone proxy-server[128730]: STDERR: The option "project_name" is not known to keystonemiddleware
Dec 3 18:02:31 standalone proxy-server[128730]: STDERR: The option "username" is not known to keystonemiddleware
Dec 3 18:02:31 standalone proxy-server[128730]: STDERR: The option "password" is not known to keystonemiddleware
Dec 3 18:02:31 standalone proxy-server[128730]: STDERR: The option "auth_url" is not known to keystonemiddleware
Dec 3 18:02:31 standalone proxy-server[128730]: STDERR: The option "signing_dir" is not known to keystonemiddleware
Dec 3 18:02:31 standalone proxy-server[128730]: STDERR: The option "project_domain_id" is not known to keystonemiddleware
Dec 3 18:02:31 standalone proxy-server[128730]: STDERR: The option "user_domain_id" is not known to keystonemiddleware
Dec 3 18:02:31 standalone proxy-server[128730]: STDERR: The option "__name__" is not known to keystonemiddleware
Dec 3 18:02:31 standalone proxy-server[128730]: AuthToken middleware is set with keystone_authtoken.service_token_roles_required set to False. This is backwards compatible but deprecated behaviour. Please set this to True.
Dec 3 18:02:31 standalone proxy-server[128630]: Started child 12 from parent 2
Dec 3 18:04:54 standalone container-server[126694]: Begin container update sweep
Dec 3 18:04:54 standalone container-server[126694]: Container update sweep completed: 0.00s
Dec 3 18:05:59 standalone account-server[126835]: 172.20.0.100 - - [03/Dec/2025:18:05:59 +0000] "HEAD /d1/251/.expiring_objects" 404 - "HEAD http://localhost/v1/.expiring_objects?format=json" "tx279bac84e8c84f4082463-0069307c07" "proxy-server 2" 0.0012 "-" 23 -
Dec 3 18:05:59 standalone object-expirer[126862]: Pass completed in 0s; 0 objects expired (txn: tx279bac84e8c84f4082463-0069307c07)
Dec 3 18:06:27 standalone object-server[126932]: Begin object update sweep
Dec 3 18:06:27 standalone object-server[155641]: Object update sweep starting on /srv/node/d1 (pid: 11)
Dec 3 18:06:27 standalone object-server[155641]: Object update sweep completed on /srv/node/d1 in 0.00s seconds:, 0 successes, 0 failures, 0 quarantines, 0 unlinks, 0 errors, 0 redirects (pid: 11)
Dec 3 18:06:27 standalone object-server[155641]: Object update sweep of d1 completed: 0.00s, 0 successes, 0 failures, 0 quarantines, 0 unlinks, 0 errors, 0 redirects
Dec 3 18:06:27 standalone object-server[126932]: Object update sweep completed: 0.08s
Dec 3 18:08:10 standalone account-server[126829]: 172.20.0.100 - - [03/Dec/2025:18:08:10 +0000] "HEAD /d1/251/.expiring_objects" 404 - "HEAD http://localhost/v1/.expiring_objects?format=json" "txfe0e25a3d0b64c7fb3378-0069307c8a" "proxy-server 2" 0.0017 "-" 21 -
Dec 3 18:08:10 standalone object-expirer[126862]: Pass completed in 0s; 0 objects expired (txn: txfe0e25a3d0b64c7fb3378-0069307c8a)
Dec 3 18:09:54 standalone container-server[126694]: Begin container update sweep
Dec 3 18:09:54 standalone container-server[126694]: Container update sweep completed: 0.00s
Dec 3 18:11:27 standalone object-server[126932]: Begin object update sweep
Dec 3 18:11:27 standalone object-server[191998]: Object update sweep starting on /srv/node/d1 (pid: 13)
Dec 3 18:11:27 standalone object-server[191998]: Object update sweep completed on /srv/node/d1 in 0.00s seconds:, 0 successes, 0 failures, 0 quarantines, 0 unlinks, 0 errors, 0 redirects (pid: 13)
Dec 3 18:11:27 standalone object-server[191998]: Object update sweep of d1 completed: 0.00s, 0 successes, 0 failures, 0 quarantines, 0 unlinks, 0 errors, 0 redirects
Dec 3 18:11:27 standalone object-server[126932]: Object update sweep completed: 0.07s
Dec 3 18:11:58 standalone account-server[126829]: 172.20.0.100 - - [03/Dec/2025:18:11:58 +0000] "HEAD /d1/251/.expiring_objects" 404 - "HEAD http://localhost/v1/.expiring_objects?format=json" "txac4d50e3efab4a80b6fa5-0069307d6e" "proxy-server 2" 0.0007 "-" 21 -
Dec 3 18:11:58 standalone object-expirer[126862]: Pass completed in 0s; 0 objects expired (txn: txac4d50e3efab4a80b6fa5-0069307d6e)
Dec 3 18:12:46 standalone account-server[126835]: 172.20.0.100 - - [03/Dec/2025:18:12:46 +0000] "HEAD /d1/251/.expiring_objects" 404 - "HEAD http://localhost/v1/.expiring_objects?format=json" "tx8c1eface189642eb8fe1d-0069307d9e" "proxy-server 2" 0.0003 "-" 23 -
Dec 3 18:12:46 standalone object-expirer[126862]: Pass completed in 0s; 0 objects expired (txn: tx8c1eface189642eb8fe1d-0069307d9e)
Dec 3 18:14:54 standalone container-server[126694]: Begin container update sweep
Dec 3 18:14:54 standalone container-server[126694]: Container update sweep completed: 0.00s
Dec 3 18:15:40 standalone account-server[126831]: 172.20.0.100 - - [03/Dec/2025:18:15:40 +0000] "HEAD /d1/251/.expiring_objects" 404 - "HEAD http://localhost/v1/.expiring_objects?format=json" "tx77cce0ff357e48e887155-0069307e4c" "proxy-server 2" 0.0024 "-" 22 -
Dec 3 18:15:40 standalone object-expirer[126862]: Pass completed in 0s; 0 objects expired (txn: tx77cce0ff357e48e887155-0069307e4c)
Dec 3 18:16:03 standalone account-server[126828]: 172.20.0.100 - - [03/Dec/2025:18:16:03 +0000] "HEAD /d1/479/AUTH_12ada9feb77b42d78af372daadbfa837" 404 - "HEAD http://172.18.0.2:8080/v1/AUTH_12ada9feb77b42d78af372daadbfa837?format=json" "tx35cd60c2a36f4c898cccc-0069307e63" "proxy-server 12" 0.0009 "-" 20 -
Dec 3 18:16:03 standalone proxy-server[128730]: - - 03/Dec/2025/18/16/03 HEAD /v1/AUTH_12ada9feb77b42d78af372daadbfa837%3Fformat%3Djson HTTP/1.0 200 - Swift - - - - tx35cd60c2a36f4c898cccc-0069307e63 - 0.0063 RL - 1764785763.383098364 1764785763.389394522 -
Dec 3 18:16:03 standalone object-server[127006]: 172.20.0.100 - - [03/Dec/2025:18:16:03 +0000] "GET /d1/42/AUTH_12ada9feb77b42d78af372daadbfa837/gnocchi.c5280d65-651c-4014-a4b6-38b52e95c4de/none_v3" 404 70 "GET http://172.18.0.2:8080/v1/AUTH_12ada9feb77b42d78af372daadbfa837/gnocchi.c5280d65-651c-4014-a4b6-38b52e95c4de/none_v3" "tx35cd60c2a36f4c898cccc-0069307e63" "proxy-server 12" 0.0013 "-" 24 0
Dec 3 18:16:03 standalone proxy-server[128730]: 172.18.0.2 172.18.0.100 03/Dec/2025/18/16/03 GET /v1/AUTH_12ada9feb77b42d78af372daadbfa837/gnocchi.c5280d65-651c-4014-a4b6-38b52e95c4de/none_v3 HTTP/1.0 404 - python-swiftclient-3.11.1 gAAAAABpMH5jrfBV... - 70 - tx35cd60c2a36f4c898cccc-0069307e63 - 0.3818 - - 1764785763.379257679 1764785763.761029959 0
Dec 3 18:16:03 standalone account-server[126829]: 172.20.0.100 - - [03/Dec/2025:18:16:03 +0000] "PUT /d1/479/AUTH_12ada9feb77b42d78af372daadbfa837" 201 - "-" "tx16dcb4d339764a06a33c6-0069307e63" "-" 0.0171 "-" 21 -
Dec 3 18:16:03 standalone proxy-server[128730]: autocreate account '/AUTH_12ada9feb77b42d78af372daadbfa837' (txn: tx16dcb4d339764a06a33c6-0069307e63)
Dec 3 18:16:03 standalone account-server[126835]: 172.20.0.100 - - [03/Dec/2025:18:16:03 +0000] "HEAD /d1/479/AUTH_12ada9feb77b42d78af372daadbfa837" 204 - "HEAD http://172.18.0.2:8080/v1/AUTH_12ada9feb77b42d78af372daadbfa837?format=json" "tx16dcb4d339764a06a33c6-0069307e63" "proxy-server 12" 0.0016 "-" 23 -
Dec 3 18:16:03 standalone account-server[126829]: 172.20.0.100 - - [03/Dec/2025:18:16:03 +0000] "PUT /d1/479/AUTH_12ada9feb77b42d78af372daadbfa837/gnocchi.c5280d65-651c-4014-a4b6-38b52e95c4de" 201 - "PUT http://172.20.0.100:6001/d1/6/AUTH_12ada9feb77b42d78af372daadbfa837/gnocchi.c5280d65-651c-4014-a4b6-38b52e95c4de" "tx16dcb4d339764a06a33c6-0069307e63" "container-server 20" 0.0018 "-" 21 0
Dec 3 18:16:03 standalone container-server[126788]: 172.20.0.100 - - [03/Dec/2025:18:16:03 +0000] "PUT /d1/6/AUTH_12ada9feb77b42d78af372daadbfa837/gnocchi.c5280d65-651c-4014-a4b6-38b52e95c4de" 201 - "PUT http://172.18.0.2:8080/v1/AUTH_12ada9feb77b42d78af372daadbfa837/gnocchi.c5280d65-651c-4014-a4b6-38b52e95c4de" "tx16dcb4d339764a06a33c6-0069307e63" "proxy-server 12" 0.0261 "-" 20 0
Dec 3 18:16:03 standalone proxy-server[128730]: 172.18.0.2 172.18.0.100 03/Dec/2025/18/16/03 PUT /v1/AUTH_12ada9feb77b42d78af372daadbfa837/gnocchi.c5280d65-651c-4014-a4b6-38b52e95c4de HTTP/1.0 201 - python-swiftclient-3.11.1 gAAAAABpMH5jrfBV... - - - tx16dcb4d339764a06a33c6-0069307e63 - 0.0639 - - 1764785763.765236378 1764785763.829184771 0
Dec 3 18:16:03 standalone container-server[126788]: 172.20.0.100 - - [03/Dec/2025:18:16:03 +0000] "HEAD /d1/6/AUTH_12ada9feb77b42d78af372daadbfa837/gnocchi.c5280d65-651c-4014-a4b6-38b52e95c4de" 204 - "HEAD http://172.18.0.2:8080/v1/AUTH_12ada9feb77b42d78af372daadbfa837/gnocchi.c5280d65-651c-4014-a4b6-38b52e95c4de?format=json&states=listing" "txe74cb4a05e054af88ac78-0069307e63" "proxy-server 12" 0.0030 "-" 20 0
Dec 3 18:16:03 standalone proxy-server[128730]: - - 03/Dec/2025/18/16/03 HEAD /v1/AUTH_12ada9feb77b42d78af372daadbfa837/gnocchi.c5280d65-651c-4014-a4b6-38b52e95c4de%3Fformat%3Djson%26states%3Dlisting HTTP/1.0 204 - Swift - - - - txe74cb4a05e054af88ac78-0069307e63 - 0.0090 RL - 1764785763.838498354 1764785763.847456694 0
Dec 3 18:16:03 standalone container-server[126791]: 172.20.0.100 - - [03/Dec/2025:18:16:03 +0000] "GET /d1/6/AUTH_12ada9feb77b42d78af372daadbfa837/gnocchi.c5280d65-651c-4014-a4b6-38b52e95c4de" 200 2 "GET http://172.18.0.2:8080/v1/AUTH_12ada9feb77b42d78af372daadbfa837/gnocchi.c5280d65-651c-4014-a4b6-38b52e95c4de?format=json&states=listing" "txe74cb4a05e054af88ac78-0069307e63" "proxy-server 12" 0.0055 "-" 21 0
Dec 3 18:16:03 standalone proxy-server[128730]: 172.18.0.2 172.18.0.100 03/Dec/2025/18/16/03 GET /v1/AUTH_12ada9feb77b42d78af372daadbfa837/gnocchi.c5280d65-651c-4014-a4b6-38b52e95c4de%3Fformat%3Djson%26states%3Dlisting HTTP/1.0 200 - python-swiftclient-3.11.1 gAAAAABpMH5jrfBV... - 2 - txe74cb4a05e054af88ac78-0069307e63 - 0.0259 - - 1764785763.836131573 1764785763.861982822 0
Dec 3 18:16:03 standalone object-server[127005]: 172.20.0.100 - - [03/Dec/2025:18:16:03 +0000] "GET /d1/459/AUTH_12ada9feb77b42d78af372daadbfa837/gnocchi.c5280d65-651c-4014-a4b6-38b52e95c4de/1764720000.0_mean_300.0_v3" 404 70 "GET http://172.18.0.2:8080/v1/AUTH_12ada9feb77b42d78af372daadbfa837/gnocchi.c5280d65-651c-4014-a4b6-38b52e95c4de/1764720000.0_mean_300.0_v3" "tx8209e10af9734568bf9bc-0069307e63" "proxy-server 12" 0.0015 "-" 23 0
Dec 3 18:16:03 standalone proxy-server[128730]: 172.18.0.2 172.18.0.100 03/Dec/2025/18/16/03 GET /v1/AUTH_12ada9feb77b42d78af372daadbfa837/gnocchi.c5280d65-651c-4014-a4b6-38b52e95c4de/1764720000.0_mean_300.0_v3 HTTP/1.0 404 - python-swiftclient-3.11.1 gAAAAABpMH5jrfBV... - 70 - tx8209e10af9734568bf9bc-0069307e63 - 0.0102 - - 1764785763.868011475 1764785763.878189564 0
Dec 3 18:16:03 standalone container-server[126788]: 172.20.0.100 - - [03/Dec/2025:18:16:03 +0000] "PUT /d1/6/AUTH_12ada9feb77b42d78af372daadbfa837/gnocchi.c5280d65-651c-4014-a4b6-38b52e95c4de/1764720000.0_mean_300.0_v3" 201 - "PUT http://172.18.0.2:8080/d1/459/AUTH_12ada9feb77b42d78af372daadbfa837/gnocchi.c5280d65-651c-4014-a4b6-38b52e95c4de/1764720000.0_mean_300.0_v3" "tx111de994a92f49d9b3026-0069307e63" "object-server 25" 0.0011 "-" 20 0
Dec 3 18:16:03 standalone object-server[127008]: 172.20.0.100 - - [03/Dec/2025:18:16:03 +0000] "PUT /d1/459/AUTH_12ada9feb77b42d78af372daadbfa837/gnocchi.c5280d65-651c-4014-a4b6-38b52e95c4de/1764720000.0_mean_300.0_v3" 201 - "PUT http://172.18.0.2:8080/v1/AUTH_12ada9feb77b42d78af372daadbfa837/gnocchi.c5280d65-651c-4014-a4b6-38b52e95c4de/1764720000.0_mean_300.0_v3" "tx111de994a92f49d9b3026-0069307e63" "proxy-server 12" 0.0801 "-" 25 0
Dec 3 18:16:03 standalone proxy-server[128730]: 172.18.0.2 172.18.0.100 03/Dec/2025/18/16/03 PUT /v1/AUTH_12ada9feb77b42d78af372daadbfa837/gnocchi.c5280d65-651c-4014-a4b6-38b52e95c4de/1764720000.0_mean_300.0_v3 HTTP/1.0 201 - python-swiftclient-3.11.1 gAAAAABpMH5jrfBV... 16 - - tx111de994a92f49d9b3026-0069307e63 - 0.0904 - - 1764785763.882647276 1764785763.973081350 0
Dec 3 18:16:03 standalone container-server[126791]: 172.20.0.100 - - [03/Dec/2025:18:16:03 +0000] "PUT /d1/6/AUTH_12ada9feb77b42d78af372daadbfa837/gnocchi.c5280d65-651c-4014-a4b6-38b52e95c4de/none_v3" 201 - "PUT http://172.18.0.2:8080/d1/42/AUTH_12ada9feb77b42d78af372daadbfa837/gnocchi.c5280d65-651c-4014-a4b6-38b52e95c4de/none_v3" "tx8a634ee54a2046bda6679-0069307e63" "object-server 25" 0.0009 "-" 21 0
Dec 3 18:16:03 standalone object-server[127008]: 172.20.0.100 - - [03/Dec/2025:18:16:03 +0000] "PUT /d1/42/AUTH_12ada9feb77b42d78af372daadbfa837/gnocchi.c5280d65-651c-4014-a4b6-38b52e95c4de/none_v3" 201 - "PUT http://172.18.0.2:8080/v1/AUTH_12ada9feb77b42d78af372daadbfa837/gnocchi.c5280d65-651c-4014-a4b6-38b52e95c4de/none_v3" "tx8a634ee54a2046bda6679-0069307e63" "proxy-server 12" 0.0130 "-" 25 0
Dec 3 18:16:04 standalone proxy-server[128730]: 172.18.0.2 172.18.0.100 03/Dec/2025/18/16/03 PUT /v1/AUTH_12ada9feb77b42d78af372daadbfa837/gnocchi.c5280d65-651c-4014-a4b6-38b52e95c4de/none_v3 HTTP/1.0 201 - python-swiftclient-3.11.1 gAAAAABpMH5jrfBV... 22 - - tx8a634ee54a2046bda6679-0069307e63 - 0.0216 - - 1764785763.977976799 1764785763.999594927 0
Dec 3 18:16:27 standalone object-server[126932]: Begin object update sweep
Dec 3 18:16:27 standalone object-server[230077]: Object update sweep starting on /srv/node/d1 (pid: 14)
Dec 3 18:16:27 standalone object-server[230077]: Object update sweep completed on /srv/node/d1 in 0.00s seconds:, 0 successes, 0 failures, 0 quarantines, 0 unlinks, 0 errors, 0 redirects (pid: 14)
Dec 3 18:16:27 standalone object-server[230077]: Object update sweep of d1 completed: 0.00s, 0 successes, 0 failures, 0 quarantines, 0 unlinks, 0 errors, 0 redirects
Dec 3 18:16:27 standalone object-server[126932]: Object update sweep completed: 0.08s
Dec 3 18:16:33 standalone object-server[127008]: 172.20.0.100 - - [03/Dec/2025:18:16:33 +0000] "GET /d1/42/AUTH_12ada9feb77b42d78af372daadbfa837/gnocchi.c5280d65-651c-4014-a4b6-38b52e95c4de/none_v3" 200 22 "GET http://172.18.0.2:8080/v1/AUTH_12ada9feb77b42d78af372daadbfa837/gnocchi.c5280d65-651c-4014-a4b6-38b52e95c4de/none_v3" "txfcdaabcd9766418fa811c-0069307e81" "proxy-server 12" 0.0016 "-" 25 0
Dec 3 18:16:33 standalone proxy-server[128730]: 172.18.0.2 172.18.0.100 03/Dec/2025/18/16/33 GET /v1/AUTH_12ada9feb77b42d78af372daadbfa837/gnocchi.c5280d65-651c-4014-a4b6-38b52e95c4de/none_v3 HTTP/1.0 200 - python-swiftclient-3.11.1 gAAAAABpMH5jrfBV... - 22 - txfcdaabcd9766418fa811c-0069307e81 - 0.0087 - - 1764785793.102829456 1764785793.111563444 0
Dec 3 18:16:33 standalone container-server[126786]: 172.20.0.100 - - [03/Dec/2025:18:16:33 +0000] "GET /d1/6/AUTH_12ada9feb77b42d78af372daadbfa837/gnocchi.c5280d65-651c-4014-a4b6-38b52e95c4de" 200 357 "GET http://172.18.0.2:8080/v1/AUTH_12ada9feb77b42d78af372daadbfa837/gnocchi.c5280d65-651c-4014-a4b6-38b52e95c4de?format=json&states=listing" "txb6c14fb9adb4439b8979f-0069307e81" "proxy-server 12" 0.0233 "-" 19 0
Dec 3 18:16:33 standalone proxy-server[128730]: 172.18.0.2 172.18.0.100 03/Dec/2025/18/16/33 GET /v1/AUTH_12ada9feb77b42d78af372daadbfa837/gnocchi.c5280d65-651c-4014-a4b6-38b52e95c4de%3Fformat%3Djson%26states%3Dlisting HTTP/1.0 200 - python-swiftclient-3.11.1 gAAAAABpMH5jrfBV... - 357 - txb6c14fb9adb4439b8979f-0069307e81 - 0.0312 - - 1764785793.114695787 1764785793.145933628 0
Dec 3 18:16:33 standalone container-server[126786]: 172.20.0.100 - - [03/Dec/2025:18:16:33 +0000] "GET /d1/6/AUTH_12ada9feb77b42d78af372daadbfa837/gnocchi.c5280d65-651c-4014-a4b6-38b52e95c4de" 200 2 "GET http://172.18.0.2:8080/v1/AUTH_12ada9feb77b42d78af372daadbfa837/gnocchi.c5280d65-651c-4014-a4b6-38b52e95c4de?format=json&marker=none_v3&states=listing" "tx8f8e9e421c21490492a43-0069307e81" "proxy-server 12" 0.0039 "-" 19 0
Dec 3 18:16:33 standalone proxy-server[128730]: 172.18.0.2 172.18.0.100 03/Dec/2025/18/16/33 GET /v1/AUTH_12ada9feb77b42d78af372daadbfa837/gnocchi.c5280d65-651c-4014-a4b6-38b52e95c4de%3Fformat%3Djson%26marker%3Dnone_v3%26states%3Dlisting HTTP/1.0 200 - python-swiftclient-3.11.1 gAAAAABpMH5jrfBV... - 2 - tx8f8e9e421c21490492a43-0069307e81 - 0.0096 - - 1764785793.148842335 1764785793.158427715 0
Dec 3 18:16:33 standalone object-server[127003]: 172.20.0.100 - - [03/Dec/2025:18:16:33 +0000] "GET /d1/459/AUTH_12ada9feb77b42d78af372daadbfa837/gnocchi.c5280d65-651c-4014-a4b6-38b52e95c4de/1764720000.0_mean_300.0_v3" 200 16 "GET http://172.18.0.2:8080/v1/AUTH_12ada9feb77b42d78af372daadbfa837/gnocchi.c5280d65-651c-4014-a4b6-38b52e95c4de/1764720000.0_mean_300.0_v3" "tx6cc1a362199f49d6bbef1-0069307e81" "proxy-server 12" 0.0020 "-" 22 0
Dec 3 18:16:33 standalone proxy-server[128730]: 172.18.0.2 172.18.0.100 03/Dec/2025/18/16/33 GET /v1/AUTH_12ada9feb77b42d78af372daadbfa837/gnocchi.c5280d65-651c-4014-a4b6-38b52e95c4de/1764720000.0_mean_300.0_v3 HTTP/1.0 200 - python-swiftclient-3.11.1 gAAAAABpMH5jrfBV... - 16 - tx6cc1a362199f49d6bbef1-0069307e81 - 0.0141 - - 1764785793.162023783 1764785793.176090956 0
Dec 3 18:16:33 standalone container-server[126788]: 172.20.0.100 - - [03/Dec/2025:18:16:33 +0000] "PUT /d1/6/AUTH_12ada9feb77b42d78af372daadbfa837/gnocchi.c5280d65-651c-4014-a4b6-38b52e95c4de/1764720000.0_mean_300.0_v3" 201 - "PUT http://172.18.0.2:8080/d1/459/AUTH_12ada9feb77b42d78af372daadbfa837/gnocchi.c5280d65-651c-4014-a4b6-38b52e95c4de/1764720000.0_mean_300.0_v3" "txd8dcdd12258c4f7f844f7-0069307e81" "object-server 23" 0.0008 "-" 20 0
Dec 3 18:16:33 standalone object-server[127005]: 172.20.0.100 - - [03/Dec/2025:18:16:33 +0000] "PUT /d1/459/AUTH_12ada9feb77b42d78af372daadbfa837/gnocchi.c5280d65-651c-4014-a4b6-38b52e95c4de/1764720000.0_mean_300.0_v3" 201 - "PUT http://172.18.0.2:8080/v1/AUTH_12ada9feb77b42d78af372daadbfa837/gnocchi.c5280d65-651c-4014-a4b6-38b52e95c4de/1764720000.0_mean_300.0_v3" "txd8dcdd12258c4f7f844f7-0069307e81" "proxy-server 12" 0.0308 "-" 23 0
Dec 3 18:16:33 standalone proxy-server[128730]: 172.18.0.2 172.18.0.100 03/Dec/2025/18/16/33 PUT /v1/AUTH_12ada9feb77b42d78af372daadbfa837/gnocchi.c5280d65-651c-4014-a4b6-38b52e95c4de/1764720000.0_mean_300.0_v3 HTTP/1.0 201 - python-swiftclient-3.11.1 gAAAAABpMH5jrfBV... 16 - - txd8dcdd12258c4f7f844f7-0069307e81 - 0.0366 - - 1764785793.182199478 1764785793.218765020 0
Dec 3 18:16:33 standalone container-server[126791]: 172.20.0.100 - - [03/Dec/2025:18:16:33 +0000] "PUT /d1/6/AUTH_12ada9feb77b42d78af372daadbfa837/gnocchi.c5280d65-651c-4014-a4b6-38b52e95c4de/none_v3" 201 - "PUT http://172.18.0.2:8080/d1/42/AUTH_12ada9feb77b42d78af372daadbfa837/gnocchi.c5280d65-651c-4014-a4b6-38b52e95c4de/none_v3" "tx0a68f1a22316451e8068f-0069307e81" "object-server 23" 0.0005 "-" 21 0
Dec 3 18:16:33 standalone object-server[127005]: 172.20.0.100 - - [03/Dec/2025:18:16:33 +0000] "PUT /d1/42/AUTH_12ada9feb77b42d78af372daadbfa837/gnocchi.c5280d65-651c-4014-a4b6-38b52e95c4de/none_v3" 201 - "PUT http://172.18.0.2:8080/v1/AUTH_12ada9feb77b42d78af372daadbfa837/gnocchi.c5280d65-651c-4014-a4b6-38b52e95c4de/none_v3" "tx0a68f1a22316451e8068f-0069307e81" "proxy-server 12" 0.0101 "-" 23 0
Dec 3 18:16:33 standalone proxy-server[128730]: 172.18.0.2 172.18.0.100 03/Dec/2025/18/16/33 PUT /v1/AUTH_12ada9feb77b42d78af372daadbfa837/gnocchi.c5280d65-651c-4014-a4b6-38b52e95c4de/none_v3 HTTP/1.0 201 - python-swiftclient-3.11.1 gAAAAABpMH5jrfBV... 32 - - tx0a68f1a22316451e8068f-0069307e81 - 0.0155 - - 1764785793.221833229 1764785793.237322807 0
Dec 3 18:17:02 standalone container-server[126786]: 172.20.0.100 - - [03/Dec/2025:18:17:02 +0000] "HEAD /d1/603/AUTH_12ada9feb77b42d78af372daadbfa837/gnocchi.06cbb25e-a366-491b-9721-bad6bd4ce910" 404 - "HEAD http://172.18.0.2:8080/v1/AUTH_12ada9feb77b42d78af372daadbfa837/gnocchi.06cbb25e-a366-491b-9721-bad6bd4ce910?format=json&states=listing" "tx5f35bfa4d74042b398f0c-0069307e9e" "proxy-server 12" 0.0006 "-" 19 0
Dec 3 18:17:02 standalone object-server[127005]: 172.20.0.100 - - [03/Dec/2025:18:17:02 +0000] "GET /d1/234/AUTH_12ada9feb77b42d78af372daadbfa837/gnocchi.06cbb25e-a366-491b-9721-bad6bd4ce910/none_v3" 404 70 "GET http://172.18.0.2:8080/v1/AUTH_12ada9feb77b42d78af372daadbfa837/gnocchi.06cbb25e-a366-491b-9721-bad6bd4ce910/none_v3" "tx5f35bfa4d74042b398f0c-0069307e9e" "proxy-server 12" 0.0005 "-" 23 0
Dec 3 18:17:02 standalone proxy-server[128730]: 172.18.0.2 172.18.0.100 03/Dec/2025/18/17/02 GET /v1/AUTH_12ada9feb77b42d78af372daadbfa837/gnocchi.06cbb25e-a366-491b-9721-bad6bd4ce910/none_v3 HTTP/1.0 404 - python-swiftclient-3.11.1 gAAAAABpMH5jrfBV... - 70 - tx5f35bfa4d74042b398f0c-0069307e9e - 0.0146 - - 1764785822.273784637 1764785822.288366556 0
Dec 3 18:17:02 standalone account-server[126829]: 172.20.0.100 - - [03/Dec/2025:18:17:02 +0000] "PUT /d1/479/AUTH_12ada9feb77b42d78af372daadbfa837/gnocchi.06cbb25e-a366-491b-9721-bad6bd4ce910" 201 - "PUT http://172.20.0.100:6001/d1/603/AUTH_12ada9feb77b42d78af372daadbfa837/gnocchi.06cbb25e-a366-491b-9721-bad6bd4ce910" "txdf0deaf7d7034e338c7f2-0069307e9e" "container-server 22" 0.0060 "-" 21 0
Dec 3 18:17:02 standalone container-server[126802]: 172.20.0.100 - - [03/Dec/2025:18:17:02 +0000] "PUT /d1/603/AUTH_12ada9feb77b42d78af372daadbfa837/gnocchi.06cbb25e-a366-491b-9721-bad6bd4ce910" 201 - "PUT http://172.18.0.2:8080/v1/AUTH_12ada9feb77b42d78af372daadbfa837/gnocchi.06cbb25e-a366-491b-9721-bad6bd4ce910" "txdf0deaf7d7034e338c7f2-0069307e9e" "proxy-server 12" 0.0198 "-" 22 0
Dec 3 18:17:02 standalone proxy-server[128730]: 172.18.0.2 172.18.0.100 03/Dec/2025/18/17/02 PUT /v1/AUTH_12ada9feb77b42d78af372daadbfa837/gnocchi.06cbb25e-a366-491b-9721-bad6bd4ce910 HTTP/1.0 201 - python-swiftclient-3.11.1 gAAAAABpMH5jrfBV... - - - txdf0deaf7d7034e338c7f2-0069307e9e - 0.0261 - - 1764785822.293117523 1764785822.319191694 0
Dec 3 18:17:02 standalone container-server[126786]: 172.20.0.100 - - [03/Dec/2025:18:17:02 +0000] "HEAD /d1/603/AUTH_12ada9feb77b42d78af372daadbfa837/gnocchi.06cbb25e-a366-491b-9721-bad6bd4ce910" 204 - "HEAD http://172.18.0.2:8080/v1/AUTH_12ada9feb77b42d78af372daadbfa837/gnocchi.06cbb25e-a366-491b-9721-bad6bd4ce910?format=json&states=listing" "txb6442b6184384c77bbf94-0069307e9e" "proxy-server 12" 0.0027 "-" 19 0
Dec 3 18:17:02 standalone proxy-server[128730]: - - 03/Dec/2025/18/17/02 HEAD /v1/AUTH_12ada9feb77b42d78af372daadbfa837/gnocchi.06cbb25e-a366-491b-9721-bad6bd4ce910%3Fformat%3Djson%26states%3Dlisting HTTP/1.0 204 - Swift - - - - txb6442b6184384c77bbf94-0069307e9e - 0.0210 RL - 1764785822.327406168 1764785822.348395586 0
Dec 3 18:17:02 standalone container-server[126791]: 172.20.0.100 - - [03/Dec/2025:18:17:02 +0000] "GET /d1/603/AUTH_12ada9feb77b42d78af372daadbfa837/gnocchi.06cbb25e-a366-491b-9721-bad6bd4ce910" 200 2 "GET http://172.18.0.2:8080/v1/AUTH_12ada9feb77b42d78af372daadbfa837/gnocchi.06cbb25e-a366-491b-9721-bad6bd4ce910?format=json&states=listing" "txb6442b6184384c77bbf94-0069307e9e" "proxy-server 12" 0.0018 "-" 21 0
Dec 3 18:17:02 standalone proxy-server[128730]: 172.18.0.2 172.18.0.100 03/Dec/2025/18/17/02 GET /v1/AUTH_12ada9feb77b42d78af372daadbfa837/gnocchi.06cbb25e-a366-491b-9721-bad6bd4ce910%3Fformat%3Djson%26states%3Dlisting HTTP/1.0 200 - python-swiftclient-3.11.1 gAAAAABpMH5jrfBV... - 2 - txb6442b6184384c77bbf94-0069307e9e - 0.0354 - - 1764785822.325752497 1764785822.361191273 0
Dec 3 18:17:02 standalone object-server[127005]: 172.20.0.100 - - [03/Dec/2025:18:17:02 +0000] "GET /d1/418/AUTH_12ada9feb77b42d78af372daadbfa837/gnocchi.06cbb25e-a366-491b-9721-bad6bd4ce910/1764720000.0_mean_300.0_v3" 404 70 "GET http://172.18.0.2:8080/v1/AUTH_12ada9feb77b42d78af372daadbfa837/gnocchi.06cbb25e-a366-491b-9721-bad6bd4ce910/1764720000.0_mean_300.0_v3" "txebb16678d09942c69535d-0069307e9e" "proxy-server 12" 0.0004 "-" 23 0
Dec 3 18:17:02 standalone proxy-server[128730]: 172.18.0.2 172.18.0.100 03/Dec/2025/18/17/02 GET /v1/AUTH_12ada9feb77b42d78af372daadbfa837/gnocchi.06cbb25e-a366-491b-9721-bad6bd4ce910/1764720000.0_mean_300.0_v3 HTTP/1.0 404 - python-swiftclient-3.11.1 gAAAAABpMH5jrfBV... - 70 - txebb16678d09942c69535d-0069307e9e - 0.0063 - - 1764785822.368117332 1764785822.374458075 0
Dec 3 18:17:02 standalone container-server[126802]: 172.20.0.100 - - [03/Dec/2025:18:17:02 +0000] "PUT /d1/603/AUTH_12ada9feb77b42d78af372daadbfa837/gnocchi.06cbb25e-a366-491b-9721-bad6bd4ce910/1764720000.0_mean_300.0_v3" 201 - "PUT http://172.18.0.2:8080/d1/418/AUTH_12ada9feb77b42d78af372daadbfa837/gnocchi.06cbb25e-a366-491b-9721-bad6bd4ce910/1764720000.0_mean_300.0_v3" "tx445ea93cff534e659ba04-0069307e9e" "object-server 24" 0.0006 "-" 22 0
Dec 3 18:17:02 standalone object-server[127006]: 172.20.0.100 - - [03/Dec/2025:18:17:02 +0000] "PUT /d1/418/AUTH_12ada9feb77b42d78af372daadbfa837/gnocchi.06cbb25e-a366-491b-9721-bad6bd4ce910/1764720000.0_mean_300.0_v3" 201 - "PUT http://172.18.0.2:8080/v1/AUTH_12ada9feb77b42d78af372daadbfa837/gnocchi.06cbb25e-a366-491b-9721-bad6bd4ce910/1764720000.0_mean_300.0_v3" "tx445ea93cff534e659ba04-0069307e9e" "proxy-server 12" 0.0793 "-" 24 0
Dec 3 18:17:02 standalone proxy-server[128730]: 172.18.0.2 172.18.0.100 03/Dec/2025/18/17/02 PUT /v1/AUTH_12ada9feb77b42d78af372daadbfa837/gnocchi.06cbb25e-a366-491b-9721-bad6bd4ce910/1764720000.0_mean_300.0_v3 HTTP/1.0 201 - python-swiftclient-3.11.1 gAAAAABpMH5jrfBV... 16 - - tx445ea93cff534e659ba04-0069307e9e - 0.0863 - - 1764785822.377810717 1764785822.464108944 0
Dec 3 18:17:02 standalone container-server[126786]: 172.20.0.100 - - [03/Dec/2025:18:17:02 +0000] "PUT /d1/603/AUTH_12ada9feb77b42d78af372daadbfa837/gnocchi.06cbb25e-a366-491b-9721-bad6bd4ce910/none_v3" 201 - "PUT http://172.18.0.2:8080/d1/234/AUTH_12ada9feb77b42d78af372daadbfa837/gnocchi.06cbb25e-a366-491b-9721-bad6bd4ce910/none_v3" "tx90b8151fe3184188bba02-0069307e9e" "object-server 24" 0.0007 "-" 19 0
Dec 3 18:17:02 standalone object-server[127006]: 172.20.0.100 - - [03/Dec/2025:18:17:02 +0000] "PUT /d1/234/AUTH_12ada9feb77b42d78af372daadbfa837/gnocchi.06cbb25e-a366-491b-9721-bad6bd4ce910/none_v3" 201 - "PUT http://172.18.0.2:8080/v1/AUTH_12ada9feb77b42d78af372daadbfa837/gnocchi.06cbb25e-a366-491b-9721-bad6bd4ce910/none_v3" "tx90b8151fe3184188bba02-0069307e9e" "proxy-server 12" 0.0306 "-" 24 0
Dec 3 18:17:02 standalone proxy-server[128730]: 172.18.0.2 172.18.0.100 03/Dec/2025/18/17/02 PUT /v1/AUTH_12ada9feb77b42d78af372daadbfa837/gnocchi.06cbb25e-a366-491b-9721-bad6bd4ce910/none_v3 HTTP/1.0 201 - python-swiftclient-3.11.1 gAAAAABpMH5jrfBV... 22 - - tx90b8151fe3184188bba02-0069307e9e - 0.0379 - - 1764785822.468798876 1764785822.506702900 0
Dec 3 18:17:02 standalone container-server[126786]: 172.20.0.100 - - [03/Dec/2025:18:17:02 +0000] "HEAD /d1/565/AUTH_12ada9feb77b42d78af372daadbfa837/gnocchi.ede2405d-10cf-41d3-9888-cb74ad0f4501" 404 - "HEAD http://172.18.0.2:8080/v1/AUTH_12ada9feb77b42d78af372daadbfa837/gnocchi.ede2405d-10cf-41d3-9888-cb74ad0f4501?format=json&states=listing" "txa661c7bf3b0d46018a84d-0069307e9e" "proxy-server 12" 0.0003 "-" 19 0
Dec 3 18:17:02 standalone object-server[127005]: 172.20.0.100 - - [03/Dec/2025:18:17:02 +0000] "GET /d1/744/AUTH_12ada9feb77b42d78af372daadbfa837/gnocchi.ede2405d-10cf-41d3-9888-cb74ad0f4501/none_v3" 404 70 "GET http://172.18.0.2:8080/v1/AUTH_12ada9feb77b42d78af372daadbfa837/gnocchi.ede2405d-10cf-41d3-9888-cb74ad0f4501/none_v3" "txa661c7bf3b0d46018a84d-0069307e9e" "proxy-server 12" 0.0005 "-" 23 0
Dec 3 18:17:02 standalone proxy-server[128730]: 172.18.0.2 172.18.0.100 03/Dec/2025/18/17/02 GET /v1/AUTH_12ada9feb77b42d78af372daadbfa837/gnocchi.ede2405d-10cf-41d3-9888-cb74ad0f4501/none_v3 HTTP/1.0 404 - python-swiftclient-3.11.1 gAAAAABpMH5jrfBV... - 70 - txa661c7bf3b0d46018a84d-0069307e9e - 0.0097 - - 1764785822.515820503 1764785822.525564909 0
Dec 3 18:17:02 standalone account-server[126828]: 172.20.0.100 - - [03/Dec/2025:18:17:02 +0000] "PUT /d1/479/AUTH_12ada9feb77b42d78af372daadbfa837/gnocchi.ede2405d-10cf-41d3-9888-cb74ad0f4501" 201 - "PUT http://172.20.0.100:6001/d1/565/AUTH_12ada9feb77b42d78af372daadbfa837/gnocchi.ede2405d-10cf-41d3-9888-cb74ad0f4501" "txb2d9642875b04fe8adbcc-0069307e9e" "container-server 20" 0.0065 "-" 20 0
Dec 3 18:17:02 standalone container-server[126788]: 172.20.0.100 - - [03/Dec/2025:18:17:02 +0000] "PUT /d1/565/AUTH_12ada9feb77b42d78af372daadbfa837/gnocchi.ede2405d-10cf-41d3-9888-cb74ad0f4501" 201 - "PUT http://172.18.0.2:8080/v1/AUTH_12ada9feb77b42d78af372daadbfa837/gnocchi.ede2405d-10cf-41d3-9888-cb74ad0f4501" "txb2d9642875b04fe8adbcc-0069307e9e" "proxy-server 12" 0.0172 "-" 20 0
Dec 3 18:17:02 standalone proxy-server[128730]: 172.18.0.2 172.18.0.100 03/Dec/2025/18/17/02 PUT /v1/AUTH_12ada9feb77b42d78af372daadbfa837/gnocchi.ede2405d-10cf-41d3-9888-cb74ad0f4501 HTTP/1.0 201 - python-swiftclient-3.11.1 gAAAAABpMH5jrfBV... - - - txb2d9642875b04fe8adbcc-0069307e9e - 0.0221 - - 1764785822.528931141 1764785822.551074028 0
Dec 3 18:17:02 standalone container-server[126791]: 172.20.0.100 - - [03/Dec/2025:18:17:02 +0000] "HEAD /d1/565/AUTH_12ada9feb77b42d78af372daadbfa837/gnocchi.ede2405d-10cf-41d3-9888-cb74ad0f4501" 204 - "HEAD http://172.18.0.2:8080/v1/AUTH_12ada9feb77b42d78af372daadbfa837/gnocchi.ede2405d-10cf-41d3-9888-cb74ad0f4501?format=json&states=listing" "tx1ab039a5b1e146ccbe93c-0069307e9e" "proxy-server 12" 0.0015 "-" 21 0
Dec 3 18:17:02 standalone proxy-server[128730]: - - 03/Dec/2025/18/17/02 HEAD /v1/AUTH_12ada9feb77b42d78af372daadbfa837/gnocchi.ede2405d-10cf-41d3-9888-cb74ad0f4501%3Fformat%3Djson%26states%3Dlisting HTTP/1.0 204 - Swift - - - - tx1ab039a5b1e146ccbe93c-0069307e9e - 0.0050 RL - 1764785822.554673433 1764785822.559686899 0
Dec 3 18:17:02 standalone container-server[126802]: 172.20.0.100 - - [03/Dec/2025:18:17:02 +0000] "GET /d1/565/AUTH_12ada9feb77b42d78af372daadbfa837/gnocchi.ede2405d-10cf-41d3-9888-cb74ad0f4501" 200 2 "GET http://172.18.0.2:8080/v1/AUTH_12ada9feb77b42d78af372daadbfa837/gnocchi.ede2405d-10cf-41d3-9888-cb74ad0f4501?format=json&states=listing" "tx1ab039a5b1e146ccbe93c-0069307e9e" "proxy-server 12" 0.0033 "-" 22 0
Dec 3 18:17:02 standalone proxy-server[128730]: 172.18.0.2 172.18.0.100 03/Dec/2025/18/17/02 GET /v1/AUTH_12ada9feb77b42d78af372daadbfa837/gnocchi.ede2405d-10cf-41d3-9888-cb74ad0f4501%3Fformat%3Djson%26states%3Dlisting HTTP/1.0 200 - python-swiftclient-3.11.1 gAAAAABpMH5jrfBV... - 2 - tx1ab039a5b1e146ccbe93c-0069307e9e - 0.0149 - - 1764785822.553869486 1764785822.568751812 0
Dec 3 18:17:02 standalone object-server[127006]: 172.20.0.100 - - [03/Dec/2025:18:17:02 +0000] "GET /d1/244/AUTH_12ada9feb77b42d78af372daadbfa837/gnocchi.ede2405d-10cf-41d3-9888-cb74ad0f4501/1764720000.0_mean_300.0_v3" 404 70 "GET http://172.18.0.2:8080/v1/AUTH_12ada9feb77b42d78af372daadbfa837/gnocchi.ede2405d-10cf-41d3-9888-cb74ad0f4501/1764720000.0_mean_300.0_v3" "tx5654472d6fa14e5aa9df1-0069307e9e" "proxy-server 12" 0.0004 "-" 24 0
Dec 3 18:17:02 standalone proxy-server[128730]: 172.18.0.2 172.18.0.100 03/Dec/2025/18/17/02 GET /v1/AUTH_12ada9feb77b42d78af372daadbfa837/gnocchi.ede2405d-10cf-41d3-9888-cb74ad0f4501/1764720000.0_mean_300.0_v3 HTTP/1.0 404 - python-swiftclient-3.11.1 gAAAAABpMH5jrfBV... - 70 - tx5654472d6fa14e5aa9df1-0069307e9e - 0.0053 - - 1764785822.571887016 1764785822.577166557 0
Dec 3 18:17:02 standalone container-server[126786]: 172.20.0.100 - - [03/Dec/2025:18:17:02 +0000] "PUT /d1/565/AUTH_12ada9feb77b42d78af372daadbfa837/gnocchi.ede2405d-10cf-41d3-9888-cb74ad0f4501/1764720000.0_mean_300.0_v3" 201 - "PUT http://172.18.0.2:8080/d1/244/AUTH_12ada9feb77b42d78af372daadbfa837/gnocchi.ede2405d-10cf-41d3-9888-cb74ad0f4501/1764720000.0_mean_300.0_v3" "tx680936872e5c459984d89-0069307e9e" "object-server 22" 0.0007 "-" 19 0
Dec 3 18:17:02 standalone object-server[127003]: 172.20.0.100 - - [03/Dec/2025:18:17:02 +0000] "PUT /d1/244/AUTH_12ada9feb77b42d78af372daadbfa837/gnocchi.ede2405d-10cf-41d3-9888-cb74ad0f4501/1764720000.0_mean_300.0_v3" 201 - "PUT http://172.18.0.2:8080/v1/AUTH_12ada9feb77b42d78af372daadbfa837/gnocchi.ede2405d-10cf-41d3-9888-cb74ad0f4501/1764720000.0_mean_300.0_v3" "tx680936872e5c459984d89-0069307e9e" "proxy-server 12" 0.0179 "-" 22 0
Dec 3 18:17:02 standalone proxy-server[128730]: 172.18.0.2 172.18.0.100 03/Dec/2025/18/17/02 PUT /v1/AUTH_12ada9feb77b42d78af372daadbfa837/gnocchi.ede2405d-10cf-41d3-9888-cb74ad0f4501/1764720000.0_mean_300.0_v3 HTTP/1.0 201 - python-swiftclient-3.11.1 gAAAAABpMH5jrfBV... 16 - - tx680936872e5c459984d89-0069307e9e - 0.0227 - - 1764785822.580512285 1764785822.603228331 0
Dec 3 18:17:02 standalone container-server[126791]: 172.20.0.100 - - [03/Dec/2025:18:17:02 +0000] "PUT /d1/565/AUTH_12ada9feb77b42d78af372daadbfa837/gnocchi.ede2405d-10cf-41d3-9888-cb74ad0f4501/none_v3" 201 - "PUT http://172.18.0.2:8080/d1/744/AUTH_12ada9feb77b42d78af372daadbfa837/gnocchi.ede2405d-10cf-41d3-9888-cb74ad0f4501/none_v3" "tx4424fe5f637e4d81a800b-0069307e9e" "object-server 23" 0.0006 "-" 21 0
Dec 3 18:17:02 standalone object-server[127005]: 172.20.0.100 - - [03/Dec/2025:18:17:02 +0000] "PUT /d1/744/AUTH_12ada9feb77b42d78af372daadbfa837/gnocchi.ede2405d-10cf-41d3-9888-cb74ad0f4501/none_v3" 201 - "PUT http://172.18.0.2:8080/v1/AUTH_12ada9feb77b42d78af372daadbfa837/gnocchi.ede2405d-10cf-41d3-9888-cb74ad0f4501/none_v3" "tx4424fe5f637e4d81a800b-0069307e9e" "proxy-server 12" 0.0150 "-" 23 0
Dec 3 18:17:02 standalone proxy-server[128730]: 172.18.0.2 172.18.0.100 03/Dec/2025/18/17/02 PUT /v1/AUTH_12ada9feb77b42d78af372daadbfa837/gnocchi.ede2405d-10cf-41d3-9888-cb74ad0f4501/none_v3 HTTP/1.0 201 - python-swiftclient-3.11.1 gAAAAABpMH5jrfBV... 22 - - tx4424fe5f637e4d81a800b-0069307e9e - 0.0220 - - 1764785822.605562449 1764785822.627548218 0
Dec 3 18:17:04 standalone account-server[126829]: 172.20.0.100 - - [03/Dec/2025:18:17:04 +0000] "HEAD /d1/251/.expiring_objects" 404 - "HEAD http://localhost/v1/.expiring_objects?format=json" "tx137d4fceb03a459e88883-0069307ea0" "proxy-server 2" 0.0005 "-" 21 -
Dec 3 18:17:04 standalone object-expirer[126862]: Pass completed in 0s; 0 objects expired (txn: tx137d4fceb03a459e88883-0069307ea0)
Dec 3 18:17:09 standalone account-server[126835]: 172.20.0.100 - - [03/Dec/2025:18:17:09 +0000] "HEAD /d1/479/AUTH_12ada9feb77b42d78af372daadbfa837" 204 - "HEAD http://172.18.0.2:8080/v1/AUTH_12ada9feb77b42d78af372daadbfa837?format=json" "txc9176f4c575a4c19b7296-0069307ea5" "proxy-server 12" 0.0104 "-" 23 -
Dec 3 18:17:09 standalone proxy-server[128730]: - - 03/Dec/2025/18/17/09 HEAD /v1/AUTH_12ada9feb77b42d78af372daadbfa837%3Fformat%3Djson HTTP/1.0 204 - Swift - - - - txc9176f4c575a4c19b7296-0069307ea5 - 0.0166 RL - 1764785829.659427166 1764785829.676011086 -
Dec 3 18:17:09 standalone container-server[126802]: 172.20.0.100 - - [03/Dec/2025:18:17:09 +0000] "HEAD /d1/244/AUTH_12ada9feb77b42d78af372daadbfa837/gnocchi.f1dc5545-e85e-4f75-92ca-545a53e3323f" 404 - "HEAD http://172.18.0.2:8080/v1/AUTH_12ada9feb77b42d78af372daadbfa837/gnocchi.f1dc5545-e85e-4f75-92ca-545a53e3323f?format=json&states=listing" "txc9176f4c575a4c19b7296-0069307ea5" "proxy-server 12" 0.0005 "-" 22 0
Dec 3 18:17:09 standalone object-server[127003]: 172.20.0.100 - - [03/Dec/2025:18:17:09 +0000] "GET /d1/213/AUTH_12ada9feb77b42d78af372daadbfa837/gnocchi.f1dc5545-e85e-4f75-92ca-545a53e3323f/none_v3" 404 70 "GET http://172.18.0.2:8080/v1/AUTH_12ada9feb77b42d78af372daadbfa837/gnocchi.f1dc5545-e85e-4f75-92ca-545a53e3323f/none_v3" "txc9176f4c575a4c19b7296-0069307ea5" "proxy-server 12" 0.0010 "-" 22 0
Dec 3 18:17:09 standalone proxy-server[128730]: 172.18.0.2 172.18.0.100 03/Dec/2025/18/17/09 GET /v1/AUTH_12ada9feb77b42d78af372daadbfa837/gnocchi.f1dc5545-e85e-4f75-92ca-545a53e3323f/none_v3 HTTP/1.0 404 - python-swiftclient-3.11.1 gAAAAABpMH5jrfBV... - 70 - txc9176f4c575a4c19b7296-0069307ea5 - 0.0303 - - 1764785829.658670187 1764785829.688942909 0
Dec 3 18:17:09 standalone account-server[126829]: 172.20.0.100 - - [03/Dec/2025:18:17:09 +0000] "PUT /d1/479/AUTH_12ada9feb77b42d78af372daadbfa837/gnocchi.f1dc5545-e85e-4f75-92ca-545a53e3323f" 201 - "PUT http://172.20.0.100:6001/d1/244/AUTH_12ada9feb77b42d78af372daadbfa837/gnocchi.f1dc5545-e85e-4f75-92ca-545a53e3323f" "tx2371940c3a8e40469d6e6-0069307ea5" "container-server 19" 0.0010 "-" 21 0
Dec 3 18:17:09 standalone container-server[126786]: 172.20.0.100 - - [03/Dec/2025:18:17:09 +0000] "PUT /d1/244/AUTH_12ada9feb77b42d78af372daadbfa837/gnocchi.f1dc5545-e85e-4f75-92ca-545a53e3323f" 201 - "PUT http://172.18.0.2:8080/v1/AUTH_12ada9feb77b42d78af372daadbfa837/gnocchi.f1dc5545-e85e-4f75-92ca-545a53e3323f" "tx2371940c3a8e40469d6e6-0069307ea5" "proxy-server 12" 0.0113 "-" 19 0
Dec 3 18:17:09 standalone proxy-server[128730]: 172.18.0.2 172.18.0.100 03/Dec/2025/18/17/09 PUT /v1/AUTH_12ada9feb77b42d78af372daadbfa837/gnocchi.f1dc5545-e85e-4f75-92ca-545a53e3323f HTTP/1.0 201 - python-swiftclient-3.11.1 gAAAAABpMH5jrfBV... - - - tx2371940c3a8e40469d6e6-0069307ea5 - 0.0162 - - 1764785829.692371607 1764785829.708554983 0
Dec 3 18:17:09 standalone container-server[126786]: 172.20.0.100 - - [03/Dec/2025:18:17:09 +0000] "HEAD /d1/244/AUTH_12ada9feb77b42d78af372daadbfa837/gnocchi.f1dc5545-e85e-4f75-92ca-545a53e3323f" 204 - "HEAD http://172.18.0.2:8080/v1/AUTH_12ada9feb77b42d78af372daadbfa837/gnocchi.f1dc5545-e85e-4f75-92ca-545a53e3323f?format=json&states=listing" "tx4de7701904db4aab8d8c0-0069307ea5" "proxy-server 12" 0.0009 "-" 19 0
Dec 3 18:17:09 standalone proxy-server[128730]: - - 03/Dec/2025/18/17/09 HEAD /v1/AUTH_12ada9feb77b42d78af372daadbfa837/gnocchi.f1dc5545-e85e-4f75-92ca-545a53e3323f%3Fformat%3Djson%26states%3Dlisting HTTP/1.0 204 - Swift - - - - tx4de7701904db4aab8d8c0-0069307ea5 - 0.0043 RL - 1764785829.713383436 1764785829.717690706 0
Dec 3 18:17:09 standalone container-server[126788]: 172.20.0.100 - - [03/Dec/2025:18:17:09 +0000] "GET /d1/244/AUTH_12ada9feb77b42d78af372daadbfa837/gnocchi.f1dc5545-e85e-4f75-92ca-545a53e3323f" 200 2 "GET http://172.18.0.2:8080/v1/AUTH_12ada9feb77b42d78af372daadbfa837/gnocchi.f1dc5545-e85e-4f75-92ca-545a53e3323f?format=json&states=listing" "tx4de7701904db4aab8d8c0-0069307ea5" "proxy-server 12" 0.0024 "-" 20 0
Dec 3 18:17:09 standalone proxy-server[128730]: 172.18.0.2 172.18.0.100 03/Dec/2025/18/17/09 GET /v1/AUTH_12ada9feb77b42d78af372daadbfa837/gnocchi.f1dc5545-e85e-4f75-92ca-545a53e3323f%3Fformat%3Djson%26states%3Dlisting HTTP/1.0 200 - python-swiftclient-3.11.1 gAAAAABpMH5jrfBV... - 2 - tx4de7701904db4aab8d8c0-0069307ea5 - 0.0146 - - 1764785829.712122917 1764785829.726770639 0
Dec 3 18:17:09 standalone object-server[127005]: 172.20.0.100 - - [03/Dec/2025:18:17:09 +0000] "GET /d1/951/AUTH_12ada9feb77b42d78af372daadbfa837/gnocchi.f1dc5545-e85e-4f75-92ca-545a53e3323f/1764720000.0_mean_300.0_v3" 404 70 "GET http://172.18.0.2:8080/v1/AUTH_12ada9feb77b42d78af372daadbfa837/gnocchi.f1dc5545-e85e-4f75-92ca-545a53e3323f/1764720000.0_mean_300.0_v3" "tx7422af3a55eb4f83b48e0-0069307ea5" "proxy-server 12" 0.0003 "-" 23 0
Dec 3 18:17:09 standalone proxy-server[128730]: 172.18.0.2 172.18.0.100 03/Dec/2025/18/17/09 GET /v1/AUTH_12ada9feb77b42d78af372daadbfa837/gnocchi.f1dc5545-e85e-4f75-92ca-545a53e3323f/1764720000.0_mean_300.0_v3 HTTP/1.0 404 - python-swiftclient-3.11.1 gAAAAABpMH5jrfBV... - 70 - tx7422af3a55eb4f83b48e0-0069307ea5 - 0.0060 - - 1764785829.730252743 1764785829.736290216 0
Dec 3 18:17:09 standalone container-server[126802]: 172.20.0.100 - - [03/Dec/2025:18:17:09 +0000] "PUT /d1/244/AUTH_12ada9feb77b42d78af372daadbfa837/gnocchi.f1dc5545-e85e-4f75-92ca-545a53e3323f/1764720000.0_mean_300.0_v3" 201 - "PUT http://172.18.0.2:8080/d1/951/AUTH_12ada9feb77b42d78af372daadbfa837/gnocchi.f1dc5545-e85e-4f75-92ca-545a53e3323f/1764720000.0_mean_300.0_v3" "tx46d0d6e4122a43ad9cbea-0069307ea5" "object-server 25" 0.0008 "-" 22 0
Dec 3 18:17:09 standalone object-server[127008]: 172.20.0.100 - - [03/Dec/2025:18:17:09 +0000] "PUT /d1/951/AUTH_12ada9feb77b42d78af372daadbfa837/gnocchi.f1dc5545-e85e-4f75-92ca-545a53e3323f/1764720000.0_mean_300.0_v3" 201 - "PUT http://172.18.0.2:8080/v1/AUTH_12ada9feb77b42d78af372daadbfa837/gnocchi.f1dc5545-e85e-4f75-92ca-545a53e3323f/1764720000.0_mean_300.0_v3" "tx46d0d6e4122a43ad9cbea-0069307ea5" "proxy-server 12" 0.0133 "-" 25 0
Dec 3 18:17:09 standalone proxy-server[128730]: 172.18.0.2 172.18.0.100 03/Dec/2025/18/17/09 PUT /v1/AUTH_12ada9feb77b42d78af372daadbfa837/gnocchi.f1dc5545-e85e-4f75-92ca-545a53e3323f/1764720000.0_mean_300.0_v3 HTTP/1.0 201 - python-swiftclient-3.11.1 gAAAAABpMH5jrfBV... 16 - - tx46d0d6e4122a43ad9cbea-0069307ea5 - 0.0215 - - 1764785829.739472628 1764785829.761001587 0
Dec 3 18:17:09 standalone container-server[126788]: 172.20.0.100 - - [03/Dec/2025:18:17:09 +0000] "PUT /d1/244/AUTH_12ada9feb77b42d78af372daadbfa837/gnocchi.f1dc5545-e85e-4f75-92ca-545a53e3323f/none_v3" 201 - "PUT http://172.18.0.2:8080/d1/213/AUTH_12ada9feb77b42d78af372daadbfa837/gnocchi.f1dc5545-e85e-4f75-92ca-545a53e3323f/none_v3" "txba4f1e6782bc43a48d81a-0069307ea5" "object-server 24" 0.0005 "-" 20 0
Dec 3 18:17:09 standalone object-server[127006]: 172.20.0.100 - - [03/Dec/2025:18:17:09 +0000] "PUT /d1/213/AUTH_12ada9feb77b42d78af372daadbfa837/gnocchi.f1dc5545-e85e-4f75-92ca-545a53e3323f/none_v3" 201 - "PUT http://172.18.0.2:8080/v1/AUTH_12ada9feb77b42d78af372daadbfa837/gnocchi.f1dc5545-e85e-4f75-92ca-545a53e3323f/none_v3" "txba4f1e6782bc43a48d81a-0069307ea5" "proxy-server 12" 0.0081 "-" 24 0
Dec 3 18:17:09 standalone proxy-server[128730]: 172.18.0.2 172.18.0.100 03/Dec/2025/18/17/09 PUT /v1/AUTH_12ada9feb77b42d78af372daadbfa837/gnocchi.f1dc5545-e85e-4f75-92ca-545a53e3323f/none_v3 HTTP/1.0 201 - python-swiftclient-3.11.1 gAAAAABpMH5jrfBV... 22 - - txba4f1e6782bc43a48d81a-0069307ea5 - 0.0615 - - 1764785829.764531136 1764785829.826080561 0
Dec 3 18:17:09 standalone container-server[126786]: 172.20.0.100 - - [03/Dec/2025:18:17:09 +0000] "HEAD /d1/167/AUTH_12ada9feb77b42d78af372daadbfa837/gnocchi.9abdb72c-572c-41d5-948e-b3f880951e49" 404 - "HEAD http://172.18.0.2:8080/v1/AUTH_12ada9feb77b42d78af372daadbfa837/gnocchi.9abdb72c-572c-41d5-948e-b3f880951e49?format=json&states=listing" "tx98f3e57f10b843bb9915b-0069307ea5" "proxy-server 12" 0.0005 "-" 19 0
Dec 3 18:17:09 standalone object-server[127008]: 172.20.0.100 - - [03/Dec/2025:18:17:09 +0000] "GET /d1/241/AUTH_12ada9feb77b42d78af372daadbfa837/gnocchi.9abdb72c-572c-41d5-948e-b3f880951e49/none_v3" 404 70 "GET http://172.18.0.2:8080/v1/AUTH_12ada9feb77b42d78af372daadbfa837/gnocchi.9abdb72c-572c-41d5-948e-b3f880951e49/none_v3" "tx98f3e57f10b843bb9915b-0069307ea5" "proxy-server 12" 0.0003 "-" 25 0
Dec 3 18:17:09 standalone proxy-server[128730]: 172.18.0.2 172.18.0.100 03/Dec/2025/18/17/09 GET /v1/AUTH_12ada9feb77b42d78af372daadbfa837/gnocchi.9abdb72c-572c-41d5-948e-b3f880951e49/none_v3 HTTP/1.0 404 - python-swiftclient-3.11.1 gAAAAABpMH5jrfBV... - 70 - tx98f3e57f10b843bb9915b-0069307ea5 - 0.0091 - - 1764785829.854155779 1764785829.863300562 0
Dec 3 18:17:09 standalone account-server[126829]: 172.20.0.100 - - [03/Dec/2025:18:17:09 +0000] "PUT /d1/479/AUTH_12ada9feb77b42d78af372daadbfa837/gnocchi.9abdb72c-572c-41d5-948e-b3f880951e49" 201 - "PUT http://172.20.0.100:6001/d1/167/AUTH_12ada9feb77b42d78af372daadbfa837/gnocchi.9abdb72c-572c-41d5-948e-b3f880951e49" "tx804e0757680f47a880c7f-0069307ea5" "container-server 19" 0.0055 "-" 21 0
Dec 3 18:17:09 standalone container-server[126786]: 172.20.0.100 - - [03/Dec/2025:18:17:09 +0000] "PUT /d1/167/AUTH_12ada9feb77b42d78af372daadbfa837/gnocchi.9abdb72c-572c-41d5-948e-b3f880951e49" 201 - "PUT http://172.18.0.2:8080/v1/AUTH_12ada9feb77b42d78af372daadbfa837/gnocchi.9abdb72c-572c-41d5-948e-b3f880951e49" "tx804e0757680f47a880c7f-0069307ea5" "proxy-server 12" 0.0165 "-" 19 0
Dec 3 18:17:09 standalone proxy-server[128730]: 172.18.0.2 172.18.0.100 03/Dec/2025/18/17/09 PUT /v1/AUTH_12ada9feb77b42d78af372daadbfa837/gnocchi.9abdb72c-572c-41d5-948e-b3f880951e49 HTTP/1.0 201 - python-swiftclient-3.11.1 gAAAAABpMH5jrfBV... - - - tx804e0757680f47a880c7f-0069307ea5 - 0.0220 - - 1764785829.866230726 1764785829.888186455 0
Dec 3 18:17:09 standalone container-server[126791]: 172.20.0.100 - - [03/Dec/2025:18:17:09 +0000] "HEAD /d1/167/AUTH_12ada9feb77b42d78af372daadbfa837/gnocchi.9abdb72c-572c-41d5-948e-b3f880951e49" 204 - "HEAD http://172.18.0.2:8080/v1/AUTH_12ada9feb77b42d78af372daadbfa837/gnocchi.9abdb72c-572c-41d5-948e-b3f880951e49?format=json&states=listing" "tx033b9e916ca64d37bde6a-0069307ea5" "proxy-server 12" 0.0012 "-" 21 0
Dec 3 18:17:09 standalone proxy-server[128730]: - - 03/Dec/2025/18/17/09 HEAD /v1/AUTH_12ada9feb77b42d78af372daadbfa837/gnocchi.9abdb72c-572c-41d5-948e-b3f880951e49%3Fformat%3Djson%26states%3Dlisting HTTP/1.0 204 - Swift - - - - tx033b9e916ca64d37bde6a-0069307ea5 - 0.0051 RL - 1764785829.893785000 1764785829.898884773 0
Dec 3 18:17:09 standalone container-server[126791]: 172.20.0.100 - - [03/Dec/2025:18:17:09 +0000] "GET /d1/167/AUTH_12ada9feb77b42d78af372daadbfa837/gnocchi.9abdb72c-572c-41d5-948e-b3f880951e49" 200 2 "GET http://172.18.0.2:8080/v1/AUTH_12ada9feb77b42d78af372daadbfa837/gnocchi.9abdb72c-572c-41d5-948e-b3f880951e49?format=json&states=listing" "tx033b9e916ca64d37bde6a-0069307ea5" "proxy-server 12" 0.0017 "-" 21 0
Dec 3 18:17:09 standalone proxy-server[128730]: 172.18.0.2 172.18.0.100 03/Dec/2025/18/17/09 GET /v1/AUTH_12ada9feb77b42d78af372daadbfa837/gnocchi.9abdb72c-572c-41d5-948e-b3f880951e49%3Fformat%3Djson%26states%3Dlisting HTTP/1.0 200 - python-swiftclient-3.11.1 gAAAAABpMH5jrfBV... - 2 - tx033b9e916ca64d37bde6a-0069307ea5 - 0.0139 - - 1764785829.892043114 1764785829.905926466 0
Dec 3 18:17:09 standalone object-server[127005]: 172.20.0.100 - - [03/Dec/2025:18:17:09 +0000] "GET /d1/804/AUTH_12ada9feb77b42d78af372daadbfa837/gnocchi.9abdb72c-572c-41d5-948e-b3f880951e49/1764720000.0_mean_300.0_v3" 404 70 "GET http://172.18.0.2:8080/v1/AUTH_12ada9feb77b42d78af372daadbfa837/gnocchi.9abdb72c-572c-41d5-948e-b3f880951e49/1764720000.0_mean_300.0_v3" "tx42324d711d934b62929f0-0069307ea5" "proxy-server 12" 0.0006 "-" 23 0
Dec 3 18:17:09 standalone proxy-server[128730]: 172.18.0.2 172.18.0.100 03/Dec/2025/18/17/09 GET /v1/AUTH_12ada9feb77b42d78af372daadbfa837/gnocchi.9abdb72c-572c-41d5-948e-b3f880951e49/1764720000.0_mean_300.0_v3 HTTP/1.0 404 - python-swiftclient-3.11.1 gAAAAABpMH5jrfBV... - 70 - tx42324d711d934b62929f0-0069307ea5 - 0.0070 - - 1764785829.909057140 1764785829.916039228 0
