Dec 3 18:18:20 standalone proxy-server[128730]: 172.18.0.2 172.18.0.100 03/Dec/2025/18/18/20 PUT /v1/AUTH_12ada9feb77b42d78af372daadbfa837/gnocchi.cec8091f-6619-4bf3-819e-59bf2f3983d3/none_v3 HTTP/1.0 201 - python-swiftclient-3.11.1 gAAAAABpMH5jrfBV... 22 - - tx42fcff7dcdad4b8b947ce-0069307eec - 0.0338 - - 1764785900.601161480 1764785900.634930611 0
Dec 3 18:18:20 standalone container-server[126791]: 172.20.0.100 - - [03/Dec/2025:18:18:20 +0000] "HEAD /d1/892/AUTH_12ada9feb77b42d78af372daadbfa837/gnocchi.fa8e96e9-cabd-443d-9277-c62577d119b8" 404 - "HEAD http://172.18.0.2:8080/v1/AUTH_12ada9feb77b42d78af372daadbfa837/gnocchi.fa8e96e9-cabd-443d-9277-c62577d119b8?format=json&states=listing" "tx0f977c25bbfd48d2a4130-0069307eec" "proxy-server 12" 0.0006 "-" 21 0
Dec 3 18:18:20 standalone object-server[127008]: 172.20.0.100 - - [03/Dec/2025:18:18:20 +0000] "GET /d1/625/AUTH_12ada9feb77b42d78af372daadbfa837/gnocchi.fa8e96e9-cabd-443d-9277-c62577d119b8/none_v3" 404 70 "GET http://172.18.0.2:8080/v1/AUTH_12ada9feb77b42d78af372daadbfa837/gnocchi.fa8e96e9-cabd-443d-9277-c62577d119b8/none_v3" "tx0f977c25bbfd48d2a4130-0069307eec" "proxy-server 12" 0.0009 "-" 25 0
Dec 3 18:18:20 standalone proxy-server[128730]: 172.18.0.2 172.18.0.100 03/Dec/2025/18/18/20 GET /v1/AUTH_12ada9feb77b42d78af372daadbfa837/gnocchi.fa8e96e9-cabd-443d-9277-c62577d119b8/none_v3 HTTP/1.0 404 - python-swiftclient-3.11.1 gAAAAABpMH5jrfBV... - 70 - tx0f977c25bbfd48d2a4130-0069307eec - 0.0156 - - 1764785900.650310516 1764785900.665895462 0
Dec 3 18:18:20 standalone account-server[126835]: 172.20.0.100 - - [03/Dec/2025:18:18:20 +0000] "PUT /d1/479/AUTH_12ada9feb77b42d78af372daadbfa837/gnocchi.fa8e96e9-cabd-443d-9277-c62577d119b8" 201 - "PUT http://172.20.0.100:6001/d1/892/AUTH_12ada9feb77b42d78af372daadbfa837/gnocchi.fa8e96e9-cabd-443d-9277-c62577d119b8" "tx860603b15ab04edaa03e8-0069307eec" "container-server 22" 0.0076 "-" 23 0
Dec 3 18:18:20 standalone container-server[126802]: 172.20.0.100 - - [03/Dec/2025:18:18:20 +0000] "PUT /d1/892/AUTH_12ada9feb77b42d78af372daadbfa837/gnocchi.fa8e96e9-cabd-443d-9277-c62577d119b8" 201 - "PUT http://172.18.0.2:8080/v1/AUTH_12ada9feb77b42d78af372daadbfa837/gnocchi.fa8e96e9-cabd-443d-9277-c62577d119b8" "tx860603b15ab04edaa03e8-0069307eec" "proxy-server 12" 0.0181 "-" 22 0
Dec 3 18:18:20 standalone proxy-server[128730]: 172.18.0.2 172.18.0.100 03/Dec/2025/18/18/20 PUT /v1/AUTH_12ada9feb77b42d78af372daadbfa837/gnocchi.fa8e96e9-cabd-443d-9277-c62577d119b8 HTTP/1.0 201 - python-swiftclient-3.11.1 gAAAAABpMH5jrfBV... - - - tx860603b15ab04edaa03e8-0069307eec - 0.0240 - - 1764785900.669141531 1764785900.693163872 0
Dec 3 18:18:20 standalone container-server[126791]: 172.20.0.100 - - [03/Dec/2025:18:18:20 +0000] "HEAD /d1/892/AUTH_12ada9feb77b42d78af372daadbfa837/gnocchi.fa8e96e9-cabd-443d-9277-c62577d119b8" 204 - "HEAD http://172.18.0.2:8080/v1/AUTH_12ada9feb77b42d78af372daadbfa837/gnocchi.fa8e96e9-cabd-443d-9277-c62577d119b8?format=json&states=listing" "tx38b9727cd16b464bb0b8f-0069307eec" "proxy-server 12" 0.0025 "-" 21 0
Dec 3 18:18:20 standalone proxy-server[128730]: - - 03/Dec/2025/18/18/20 HEAD /v1/AUTH_12ada9feb77b42d78af372daadbfa837/gnocchi.fa8e96e9-cabd-443d-9277-c62577d119b8%3Fformat%3Djson%26states%3Dlisting HTTP/1.0 204 - Swift - - - - tx38b9727cd16b464bb0b8f-0069307eec - 0.0077 RL - 1764785900.698502064 1764785900.706235409 0
Dec 3 18:18:20 standalone container-server[126791]: 172.20.0.100 - - [03/Dec/2025:18:18:20 +0000] "GET /d1/892/AUTH_12ada9feb77b42d78af372daadbfa837/gnocchi.fa8e96e9-cabd-443d-9277-c62577d119b8" 200 2 "GET http://172.18.0.2:8080/v1/AUTH_12ada9feb77b42d78af372daadbfa837/gnocchi.fa8e96e9-cabd-443d-9277-c62577d119b8?format=json&states=listing" "tx38b9727cd16b464bb0b8f-0069307eec" "proxy-server 12" 0.0033 "-" 21 0
Dec 3 18:18:20 standalone proxy-server[128730]: 172.18.0.2 172.18.0.100 03/Dec/2025/18/18/20 GET /v1/AUTH_12ada9feb77b42d78af372daadbfa837/gnocchi.fa8e96e9-cabd-443d-9277-c62577d119b8%3Fformat%3Djson%26states%3Dlisting HTTP/1.0 200 - python-swiftclient-3.11.1 gAAAAABpMH5jrfBV... - 2 - tx38b9727cd16b464bb0b8f-0069307eec - 0.0213 - - 1764785900.696747303 1764785900.718002081 0
Dec 3 18:18:20 standalone object-server[127005]: 172.20.0.100 - - [03/Dec/2025:18:18:20 +0000] "GET /d1/173/AUTH_12ada9feb77b42d78af372daadbfa837/gnocchi.fa8e96e9-cabd-443d-9277-c62577d119b8/1764720000.0_mean_300.0_v3" 404 70 "GET http://172.18.0.2:8080/v1/AUTH_12ada9feb77b42d78af372daadbfa837/gnocchi.fa8e96e9-cabd-443d-9277-c62577d119b8/1764720000.0_mean_300.0_v3" "txed318f7276584863a988d-0069307eec" "proxy-server 12" 0.0009 "-" 23 0
Dec 3 18:18:20 standalone proxy-server[128730]: 172.18.0.2 172.18.0.100 03/Dec/2025/18/18/20 GET /v1/AUTH_12ada9feb77b42d78af372daadbfa837/gnocchi.fa8e96e9-cabd-443d-9277-c62577d119b8/1764720000.0_mean_300.0_v3 HTTP/1.0 404 - python-swiftclient-3.11.1 gAAAAABpMH5jrfBV... - 70 - txed318f7276584863a988d-0069307eec - 0.0092 - - 1764785900.722235203 1764785900.731456995 0
Dec 3 18:18:20 standalone container-server[126786]: 172.20.0.100 - - [03/Dec/2025:18:18:20 +0000] "PUT /d1/892/AUTH_12ada9feb77b42d78af372daadbfa837/gnocchi.fa8e96e9-cabd-443d-9277-c62577d119b8/1764720000.0_mean_300.0_v3" 201 - "PUT http://172.18.0.2:8080/d1/173/AUTH_12ada9feb77b42d78af372daadbfa837/gnocchi.fa8e96e9-cabd-443d-9277-c62577d119b8/1764720000.0_mean_300.0_v3" "txa2ca5c71332d4f88a9512-0069307eec" "object-server 23" 0.0007 "-" 19 0
Dec 3 18:18:20 standalone object-server[127005]: 172.20.0.100 - - [03/Dec/2025:18:18:20 +0000] "PUT /d1/173/AUTH_12ada9feb77b42d78af372daadbfa837/gnocchi.fa8e96e9-cabd-443d-9277-c62577d119b8/1764720000.0_mean_300.0_v3" 201 - "PUT http://172.18.0.2:8080/v1/AUTH_12ada9feb77b42d78af372daadbfa837/gnocchi.fa8e96e9-cabd-443d-9277-c62577d119b8/1764720000.0_mean_300.0_v3" "txa2ca5c71332d4f88a9512-0069307eec" "proxy-server 12" 0.0132 "-" 23 0
Dec 3 18:18:20 standalone proxy-server[128730]: 172.18.0.2 172.18.0.100 03/Dec/2025/18/18/20 PUT /v1/AUTH_12ada9feb77b42d78af372daadbfa837/gnocchi.fa8e96e9-cabd-443d-9277-c62577d119b8/1764720000.0_mean_300.0_v3 HTTP/1.0 201 - python-swiftclient-3.11.1 gAAAAABpMH5jrfBV... 16 - - txa2ca5c71332d4f88a9512-0069307eec - 0.0218 - - 1764785900.735532522 1764785900.757326365 0
Dec 3 18:18:20 standalone container-server[126791]: 172.20.0.100 - - [03/Dec/2025:18:18:20 +0000] "PUT /d1/892/AUTH_12ada9feb77b42d78af372daadbfa837/gnocchi.fa8e96e9-cabd-443d-9277-c62577d119b8/none_v3" 201 - "PUT http://172.18.0.2:8080/d1/625/AUTH_12ada9feb77b42d78af372daadbfa837/gnocchi.fa8e96e9-cabd-443d-9277-c62577d119b8/none_v3" "tx17dfd4fd50da401280380-0069307eec" "object-server 25" 0.0008 "-" 21 0
Dec 3 18:18:20 standalone object-server[127008]: 172.20.0.100 - - [03/Dec/2025:18:18:20 +0000] "PUT /d1/625/AUTH_12ada9feb77b42d78af372daadbfa837/gnocchi.fa8e96e9-cabd-443d-9277-c62577d119b8/none_v3" 201 - "PUT http://172.18.0.2:8080/v1/AUTH_12ada9feb77b42d78af372daadbfa837/gnocchi.fa8e96e9-cabd-443d-9277-c62577d119b8/none_v3" "tx17dfd4fd50da401280380-0069307eec" "proxy-server 12" 0.0141 "-" 25 0
Dec 3 18:18:20 standalone proxy-server[128730]: 172.18.0.2 172.18.0.100 03/Dec/2025/18/18/20 PUT /v1/AUTH_12ada9feb77b42d78af372daadbfa837/gnocchi.fa8e96e9-cabd-443d-9277-c62577d119b8/none_v3 HTTP/1.0 201 - python-swiftclient-3.11.1 gAAAAABpMH5jrfBV... 22 - - tx17dfd4fd50da401280380-0069307eec - 0.0292 - - 1764785900.759952068 1764785900.789124966 0
Dec 3 18:18:20 standalone container-server[126788]: 172.20.0.100 - - [03/Dec/2025:18:18:20 +0000] "HEAD /d1/785/AUTH_12ada9feb77b42d78af372daadbfa837/gnocchi.bcff1604-edbc-4ad9-96b1-5c22a4294f2d" 404 - "HEAD http://172.18.0.2:8080/v1/AUTH_12ada9feb77b42d78af372daadbfa837/gnocchi.bcff1604-edbc-4ad9-96b1-5c22a4294f2d?format=json&states=listing" "txa4f4de5800a54346b2f77-0069307eec" "proxy-server 12" 0.0006 "-" 20 0
Dec 3 18:18:20 standalone object-server[127006]: 172.20.0.100 - - [03/Dec/2025:18:18:20 +0000] "GET /d1/873/AUTH_12ada9feb77b42d78af372daadbfa837/gnocchi.bcff1604-edbc-4ad9-96b1-5c22a4294f2d/none_v3" 404 70 "GET http://172.18.0.2:8080/v1/AUTH_12ada9feb77b42d78af372daadbfa837/gnocchi.bcff1604-edbc-4ad9-96b1-5c22a4294f2d/none_v3" "txa4f4de5800a54346b2f77-0069307eec" "proxy-server 12" 0.0004 "-" 24 0
Dec 3 18:18:20 standalone proxy-server[128730]: 172.18.0.2 172.18.0.100 03/Dec/2025/18/18/20 GET /v1/AUTH_12ada9feb77b42d78af372daadbfa837/gnocchi.bcff1604-edbc-4ad9-96b1-5c22a4294f2d/none_v3 HTTP/1.0 404 - python-swiftclient-3.11.1 gAAAAABpMH5jrfBV... - 70 - txa4f4de5800a54346b2f77-0069307eec - 0.0154 - - 1764785900.802547455 1764785900.817924023 0
Dec 3 18:18:20 standalone account-server[126831]: 172.20.0.100 - - [03/Dec/2025:18:18:20 +0000] "PUT /d1/479/AUTH_12ada9feb77b42d78af372daadbfa837/gnocchi.bcff1604-edbc-4ad9-96b1-5c22a4294f2d" 201 - "PUT http://172.20.0.100:6001/d1/785/AUTH_12ada9feb77b42d78af372daadbfa837/gnocchi.bcff1604-edbc-4ad9-96b1-5c22a4294f2d" "tx466fc1f5ac504409af5f5-0069307eec" "container-server 20" 0.0071 "-" 22 0
Dec 3 18:18:20 standalone container-server[126788]: 172.20.0.100 - - [03/Dec/2025:18:18:20 +0000] "PUT /d1/785/AUTH_12ada9feb77b42d78af372daadbfa837/gnocchi.bcff1604-edbc-4ad9-96b1-5c22a4294f2d" 201 - "PUT http://172.18.0.2:8080/v1/AUTH_12ada9feb77b42d78af372daadbfa837/gnocchi.bcff1604-edbc-4ad9-96b1-5c22a4294f2d" "tx466fc1f5ac504409af5f5-0069307eec" "proxy-server 12" 0.0251 "-" 20 0
Dec 3 18:18:20 standalone proxy-server[128730]: 172.18.0.2 172.18.0.100 03/Dec/2025/18/18/20 PUT /v1/AUTH_12ada9feb77b42d78af372daadbfa837/gnocchi.bcff1604-edbc-4ad9-96b1-5c22a4294f2d HTTP/1.0 201 - python-swiftclient-3.11.1 gAAAAABpMH5jrfBV... - - - tx466fc1f5ac504409af5f5-0069307eec - 0.0351 - - 1764785900.821414232 1764785900.856507540 0
Dec 3 18:18:20 standalone container-server[126788]: 172.20.0.100 - - [03/Dec/2025:18:18:20 +0000] "HEAD /d1/785/AUTH_12ada9feb77b42d78af372daadbfa837/gnocchi.bcff1604-edbc-4ad9-96b1-5c22a4294f2d" 204 - "HEAD http://172.18.0.2:8080/v1/AUTH_12ada9feb77b42d78af372daadbfa837/gnocchi.bcff1604-edbc-4ad9-96b1-5c22a4294f2d?format=json&states=listing" "txa98f5cbecfab45b2b6fd5-0069307eec" "proxy-server 12" 0.0018 "-" 20 0
Dec 3 18:18:20 standalone proxy-server[128730]: - - 03/Dec/2025/18/18/20 HEAD /v1/AUTH_12ada9feb77b42d78af372daadbfa837/gnocchi.bcff1604-edbc-4ad9-96b1-5c22a4294f2d%3Fformat%3Djson%26states%3Dlisting HTTP/1.0 204 - Swift - - - - txa98f5cbecfab45b2b6fd5-0069307eec - 0.0062 RL - 1764785900.864276171 1764785900.870438814 0
Dec 3 18:18:20 standalone container-server[126786]: 172.20.0.100 - - [03/Dec/2025:18:18:20 +0000] "GET /d1/785/AUTH_12ada9feb77b42d78af372daadbfa837/gnocchi.bcff1604-edbc-4ad9-96b1-5c22a4294f2d" 200 2 "GET http://172.18.0.2:8080/v1/AUTH_12ada9feb77b42d78af372daadbfa837/gnocchi.bcff1604-edbc-4ad9-96b1-5c22a4294f2d?format=json&states=listing" "txa98f5cbecfab45b2b6fd5-0069307eec" "proxy-server 12" 0.0024 "-" 19 0
Dec 3 18:18:20 standalone proxy-server[128730]: 172.18.0.2 172.18.0.100 03/Dec/2025/18/18/20 GET /v1/AUTH_12ada9feb77b42d78af372daadbfa837/gnocchi.bcff1604-edbc-4ad9-96b1-5c22a4294f2d%3Fformat%3Djson%26states%3Dlisting HTTP/1.0 200 - python-swiftclient-3.11.1 gAAAAABpMH5jrfBV... - 2 - txa98f5cbecfab45b2b6fd5-0069307eec - 0.0188 - - 1764785900.862828493 1764785900.881661415 0
Dec 3 18:18:20 standalone object-server[127008]: 172.20.0.100 - - [03/Dec/2025:18:18:20 +0000] "GET /d1/341/AUTH_12ada9feb77b42d78af372daadbfa837/gnocchi.bcff1604-edbc-4ad9-96b1-5c22a4294f2d/1764720000.0_mean_300.0_v3" 404 70 "GET http://172.18.0.2:8080/v1/AUTH_12ada9feb77b42d78af372daadbfa837/gnocchi.bcff1604-edbc-4ad9-96b1-5c22a4294f2d/1764720000.0_mean_300.0_v3" "tx733717da10a8425797ab5-0069307eec" "proxy-server 12" 0.0004 "-" 25 0
Dec 3 18:18:20 standalone proxy-server[128730]: 172.18.0.2 172.18.0.100 03/Dec/2025/18/18/20 GET /v1/AUTH_12ada9feb77b42d78af372daadbfa837/gnocchi.bcff1604-edbc-4ad9-96b1-5c22a4294f2d/1764720000.0_mean_300.0_v3 HTTP/1.0 404 - python-swiftclient-3.11.1 gAAAAABpMH5jrfBV... - 70 - tx733717da10a8425797ab5-0069307eec - 0.0107 - - 1764785900.886968374 1764785900.897638321 0
Dec 3 18:18:20 standalone container-server[126786]: 172.20.0.100 - - [03/Dec/2025:18:18:20 +0000] "PUT /d1/785/AUTH_12ada9feb77b42d78af372daadbfa837/gnocchi.bcff1604-edbc-4ad9-96b1-5c22a4294f2d/1764720000.0_mean_300.0_v3" 201 - "PUT http://172.18.0.2:8080/d1/341/AUTH_12ada9feb77b42d78af372daadbfa837/gnocchi.bcff1604-edbc-4ad9-96b1-5c22a4294f2d/1764720000.0_mean_300.0_v3" "tx5cb26a62774849c49f9bf-0069307eec" "object-server 23" 0.0006 "-" 19 0
Dec 3 18:18:20 standalone object-server[127005]: 172.20.0.100 - - [03/Dec/2025:18:18:20 +0000] "PUT /d1/341/AUTH_12ada9feb77b42d78af372daadbfa837/gnocchi.bcff1604-edbc-4ad9-96b1-5c22a4294f2d/1764720000.0_mean_300.0_v3" 201 - "PUT http://172.18.0.2:8080/v1/AUTH_12ada9feb77b42d78af372daadbfa837/gnocchi.bcff1604-edbc-4ad9-96b1-5c22a4294f2d/1764720000.0_mean_300.0_v3" "tx5cb26a62774849c49f9bf-0069307eec" "proxy-server 12" 0.0108 "-" 23 0
Dec 3 18:18:20 standalone proxy-server[128730]: 172.18.0.2 172.18.0.100 03/Dec/2025/18/18/20 PUT /v1/AUTH_12ada9feb77b42d78af372daadbfa837/gnocchi.bcff1604-edbc-4ad9-96b1-5c22a4294f2d/1764720000.0_mean_300.0_v3 HTTP/1.0 201 - python-swiftclient-3.11.1 gAAAAABpMH5jrfBV... 16 - - tx5cb26a62774849c49f9bf-0069307eec - 0.0208 - - 1764785900.901430368 1764785900.922273397 0
Dec 3 18:18:20 standalone container-server[126786]: 172.20.0.100 - - [03/Dec/2025:18:18:20 +0000] "PUT /d1/785/AUTH_12ada9feb77b42d78af372daadbfa837/gnocchi.bcff1604-edbc-4ad9-96b1-5c22a4294f2d/none_v3" 201 - "PUT http://172.18.0.2:8080/d1/873/AUTH_12ada9feb77b42d78af372daadbfa837/gnocchi.bcff1604-edbc-4ad9-96b1-5c22a4294f2d/none_v3" "tx4258deb7e7134cc48fd3e-0069307eec" "object-server 22" 0.0008 "-" 19 0
Dec 3 18:18:20 standalone object-server[127003]: 172.20.0.100 - - [03/Dec/2025:18:18:20 +0000] "PUT /d1/873/AUTH_12ada9feb77b42d78af372daadbfa837/gnocchi.bcff1604-edbc-4ad9-96b1-5c22a4294f2d/none_v3" 201 - "PUT http://172.18.0.2:8080/v1/AUTH_12ada9feb77b42d78af372daadbfa837/gnocchi.bcff1604-edbc-4ad9-96b1-5c22a4294f2d/none_v3" "tx4258deb7e7134cc48fd3e-0069307eec" "proxy-server 12" 0.0118 "-" 22 0
Dec 3 18:18:20 standalone proxy-server[128730]: 172.18.0.2 172.18.0.100 03/Dec/2025/18/18/20 PUT /v1/AUTH_12ada9feb77b42d78af372daadbfa837/gnocchi.bcff1604-edbc-4ad9-96b1-5c22a4294f2d/none_v3 HTTP/1.0 201 - python-swiftclient-3.11.1 gAAAAABpMH5jrfBV... 22 - - tx4258deb7e7134cc48fd3e-0069307eec - 0.0204 - - 1764785900.927423477 1764785900.947800398 0
Dec 3 18:18:26 standalone container-server[126788]: 172.20.0.100 - - [03/Dec/2025:18:18:26 +0000] "HEAD /d1/995/AUTH_12ada9feb77b42d78af372daadbfa837/gnocchi.18e5b033-ef80-48e0-9b4d-4715dd9d1845" 404 - "HEAD http://172.18.0.2:8080/v1/AUTH_12ada9feb77b42d78af372daadbfa837/gnocchi.18e5b033-ef80-48e0-9b4d-4715dd9d1845?format=json&states=listing" "txfa95dc6681dd46f09db70-0069307ef2" "proxy-server 12" 0.0007 "-" 20 0
Dec 3 18:18:26 standalone object-server[127003]: 172.20.0.100 - - [03/Dec/2025:18:18:26 +0000] "GET /d1/763/AUTH_12ada9feb77b42d78af372daadbfa837/gnocchi.18e5b033-ef80-48e0-9b4d-4715dd9d1845/none_v3" 404 70 "GET http://172.18.0.2:8080/v1/AUTH_12ada9feb77b42d78af372daadbfa837/gnocchi.18e5b033-ef80-48e0-9b4d-4715dd9d1845/none_v3" "txfa95dc6681dd46f09db70-0069307ef2" "proxy-server 12" 0.0007 "-" 22 0
Dec 3 18:18:26 standalone proxy-server[128730]: 172.18.0.2 172.18.0.100 03/Dec/2025/18/18/26 GET /v1/AUTH_12ada9feb77b42d78af372daadbfa837/gnocchi.18e5b033-ef80-48e0-9b4d-4715dd9d1845/none_v3 HTTP/1.0 404 - python-swiftclient-3.11.1 gAAAAABpMH5jrfBV... - 70 - txfa95dc6681dd46f09db70-0069307ef2 - 0.0119 - - 1764785906.976195812 1764785906.988131046 0
Dec 3 18:18:27 standalone account-server[126831]: 172.20.0.100 - - [03/Dec/2025:18:18:27 +0000] "PUT /d1/479/AUTH_12ada9feb77b42d78af372daadbfa837/gnocchi.18e5b033-ef80-48e0-9b4d-4715dd9d1845" 201 - "PUT http://172.20.0.100:6001/d1/995/AUTH_12ada9feb77b42d78af372daadbfa837/gnocchi.18e5b033-ef80-48e0-9b4d-4715dd9d1845" "txa47795d9fc8f4b04ae149-0069307ef2" "container-server 20" 0.0047 "-" 22 0
Dec 3 18:18:27 standalone container-server[126788]: 172.20.0.100 - - [03/Dec/2025:18:18:27 +0000] "PUT /d1/995/AUTH_12ada9feb77b42d78af372daadbfa837/gnocchi.18e5b033-ef80-48e0-9b4d-4715dd9d1845" 201 - "PUT http://172.18.0.2:8080/v1/AUTH_12ada9feb77b42d78af372daadbfa837/gnocchi.18e5b033-ef80-48e0-9b4d-4715dd9d1845" "txa47795d9fc8f4b04ae149-0069307ef2" "proxy-server 12" 0.0180 "-" 20 0
Dec 3 18:18:27 standalone proxy-server[128730]: 172.18.0.2 172.18.0.100 03/Dec/2025/18/18/27 PUT /v1/AUTH_12ada9feb77b42d78af372daadbfa837/gnocchi.18e5b033-ef80-48e0-9b4d-4715dd9d1845 HTTP/1.0 201 - python-swiftclient-3.11.1 gAAAAABpMH5jrfBV... - - - txa47795d9fc8f4b04ae149-0069307ef2 - 0.0227 - - 1764785906.995169163 1764785907.017879248 0
Dec 3 18:18:27 standalone container-server[126788]: 172.20.0.100 - - [03/Dec/2025:18:18:27 +0000] "HEAD /d1/995/AUTH_12ada9feb77b42d78af372daadbfa837/gnocchi.18e5b033-ef80-48e0-9b4d-4715dd9d1845" 204 - "HEAD http://172.18.0.2:8080/v1/AUTH_12ada9feb77b42d78af372daadbfa837/gnocchi.18e5b033-ef80-48e0-9b4d-4715dd9d1845?format=json&states=listing" "txd44418391d964a18b7317-0069307ef3" "proxy-server 12" 0.0022 "-" 20 0
Dec 3 18:18:27 standalone proxy-server[128730]: - - 03/Dec/2025/18/18/27 HEAD /v1/AUTH_12ada9feb77b42d78af372daadbfa837/gnocchi.18e5b033-ef80-48e0-9b4d-4715dd9d1845%3Fformat%3Djson%26states%3Dlisting HTTP/1.0 204 - Swift - - - - txd44418391d964a18b7317-0069307ef3 - 0.0052 RL - 1764785907.023668289 1764785907.028901339 0
Dec 3 18:18:27 standalone container-server[126786]: 172.20.0.100 - - [03/Dec/2025:18:18:27 +0000] "GET /d1/995/AUTH_12ada9feb77b42d78af372daadbfa837/gnocchi.18e5b033-ef80-48e0-9b4d-4715dd9d1845" 200 2 "GET http://172.18.0.2:8080/v1/AUTH_12ada9feb77b42d78af372daadbfa837/gnocchi.18e5b033-ef80-48e0-9b4d-4715dd9d1845?format=json&states=listing" "txd44418391d964a18b7317-0069307ef3" "proxy-server 12" 0.0024 "-" 19 0
Dec 3 18:18:27 standalone proxy-server[128730]: 172.18.0.2 172.18.0.100 03/Dec/2025/18/18/27 GET /v1/AUTH_12ada9feb77b42d78af372daadbfa837/gnocchi.18e5b033-ef80-48e0-9b4d-4715dd9d1845%3Fformat%3Djson%26states%3Dlisting HTTP/1.0 200 - python-swiftclient-3.11.1 gAAAAABpMH5jrfBV... - 2 - txd44418391d964a18b7317-0069307ef3 - 0.0134 - - 1764785907.022829056 1764785907.036239862 0
Dec 3 18:18:27 standalone object-server[127006]: 172.20.0.100 - - [03/Dec/2025:18:18:27 +0000] "GET /d1/729/AUTH_12ada9feb77b42d78af372daadbfa837/gnocchi.18e5b033-ef80-48e0-9b4d-4715dd9d1845/1764720000.0_mean_300.0_v3" 404 70 "GET http://172.18.0.2:8080/v1/AUTH_12ada9feb77b42d78af372daadbfa837/gnocchi.18e5b033-ef80-48e0-9b4d-4715dd9d1845/1764720000.0_mean_300.0_v3" "txc628ded40071426abf4ee-0069307ef3" "proxy-server 12" 0.0006 "-" 24 0
Dec 3 18:18:27 standalone proxy-server[128730]: 172.18.0.2 172.18.0.100 03/Dec/2025/18/18/27 GET /v1/AUTH_12ada9feb77b42d78af372daadbfa837/gnocchi.18e5b033-ef80-48e0-9b4d-4715dd9d1845/1764720000.0_mean_300.0_v3 HTTP/1.0 404 - python-swiftclient-3.11.1 gAAAAABpMH5jrfBV... - 70 - txc628ded40071426abf4ee-0069307ef3 - 0.0063 - - 1764785907.040498257 1764785907.046784401 0
Dec 3 18:18:27 standalone container-server[126786]: 172.20.0.100 - - [03/Dec/2025:18:18:27 +0000] "PUT /d1/995/AUTH_12ada9feb77b42d78af372daadbfa837/gnocchi.18e5b033-ef80-48e0-9b4d-4715dd9d1845/1764720000.0_mean_300.0_v3" 201 - "PUT http://172.18.0.2:8080/d1/729/AUTH_12ada9feb77b42d78af372daadbfa837/gnocchi.18e5b033-ef80-48e0-9b4d-4715dd9d1845/1764720000.0_mean_300.0_v3" "tx58df58b8370f4943a42f4-0069307ef3" "object-server 23" 0.0007 "-" 19 0
Dec 3 18:18:27 standalone object-server[127005]: 172.20.0.100 - - [03/Dec/2025:18:18:27 +0000] "PUT /d1/729/AUTH_12ada9feb77b42d78af372daadbfa837/gnocchi.18e5b033-ef80-48e0-9b4d-4715dd9d1845/1764720000.0_mean_300.0_v3" 201 - "PUT http://172.18.0.2:8080/v1/AUTH_12ada9feb77b42d78af372daadbfa837/gnocchi.18e5b033-ef80-48e0-9b4d-4715dd9d1845/1764720000.0_mean_300.0_v3" "tx58df58b8370f4943a42f4-0069307ef3" "proxy-server 12" 0.0108 "-" 23 0
Dec 3 18:18:27 standalone proxy-server[128730]: 172.18.0.2 172.18.0.100 03/Dec/2025/18/18/27 PUT /v1/AUTH_12ada9feb77b42d78af372daadbfa837/gnocchi.18e5b033-ef80-48e0-9b4d-4715dd9d1845/1764720000.0_mean_300.0_v3 HTTP/1.0 201 - python-swiftclient-3.11.1 gAAAAABpMH5jrfBV... 16 - - tx58df58b8370f4943a42f4-0069307ef3 - 0.0183 - - 1764785907.052744865 1764785907.071022749 0
Dec 3 18:18:27 standalone container-server[126786]: 172.20.0.100 - - [03/Dec/2025:18:18:27 +0000] "PUT /d1/995/AUTH_12ada9feb77b42d78af372daadbfa837/gnocchi.18e5b033-ef80-48e0-9b4d-4715dd9d1845/none_v3" 201 - "PUT http://172.18.0.2:8080/d1/763/AUTH_12ada9feb77b42d78af372daadbfa837/gnocchi.18e5b033-ef80-48e0-9b4d-4715dd9d1845/none_v3" "tx73fa866188074c06bc17a-0069307ef3" "object-server 22" 0.0005 "-" 19 0
Dec 3 18:18:27 standalone object-server[127003]: 172.20.0.100 - - [03/Dec/2025:18:18:27 +0000] "PUT /d1/763/AUTH_12ada9feb77b42d78af372daadbfa837/gnocchi.18e5b033-ef80-48e0-9b4d-4715dd9d1845/none_v3" 201 - "PUT http://172.18.0.2:8080/v1/AUTH_12ada9feb77b42d78af372daadbfa837/gnocchi.18e5b033-ef80-48e0-9b4d-4715dd9d1845/none_v3" "tx73fa866188074c06bc17a-0069307ef3" "proxy-server 12" 0.0121 "-" 22 0
Dec 3 18:18:27 standalone proxy-server[128730]: 172.18.0.2 172.18.0.100 03/Dec/2025/18/18/27 PUT /v1/AUTH_12ada9feb77b42d78af372daadbfa837/gnocchi.18e5b033-ef80-48e0-9b4d-4715dd9d1845/none_v3 HTTP/1.0 201 - python-swiftclient-3.11.1 gAAAAABpMH5jrfBV... 22 - - tx73fa866188074c06bc17a-0069307ef3 - 0.0205 - - 1764785907.076706409 1764785907.097186565 0
Dec 3 18:18:32 standalone object-server[127003]: 172.20.0.100 - - [03/Dec/2025:18:18:32 +0000] "GET /d1/763/AUTH_12ada9feb77b42d78af372daadbfa837/gnocchi.18e5b033-ef80-48e0-9b4d-4715dd9d1845/none_v3" 200 22 "GET http://172.18.0.2:8080/v1/AUTH_12ada9feb77b42d78af372daadbfa837/gnocchi.18e5b033-ef80-48e0-9b4d-4715dd9d1845/none_v3" "tx9f62b024b42c4986ae188-0069307ef8" "proxy-server 12" 0.0009 "-" 22 0
Dec 3 18:18:32 standalone proxy-server[128730]: 172.18.0.2 172.18.0.100 03/Dec/2025/18/18/32 GET /v1/AUTH_12ada9feb77b42d78af372daadbfa837/gnocchi.18e5b033-ef80-48e0-9b4d-4715dd9d1845/none_v3 HTTP/1.0 200 - python-swiftclient-3.11.1 gAAAAABpMH5jrfBV... - 22 - tx9f62b024b42c4986ae188-0069307ef8 - 0.0059 - - 1764785912.842950344 1764785912.848818541 0
Dec 3 18:18:32 standalone container-server[126791]: 172.20.0.100 - - [03/Dec/2025:18:18:32 +0000] "GET /d1/995/AUTH_12ada9feb77b42d78af372daadbfa837/gnocchi.18e5b033-ef80-48e0-9b4d-4715dd9d1845" 200 357 "GET http://172.18.0.2:8080/v1/AUTH_12ada9feb77b42d78af372daadbfa837/gnocchi.18e5b033-ef80-48e0-9b4d-4715dd9d1845?format=json&states=listing" "txf6a2bf6d549b4582891ab-0069307ef8" "proxy-server 12" 0.0333 "-" 21 0
Dec 3 18:18:32 standalone proxy-server[128730]: 172.18.0.2 172.18.0.100 03/Dec/2025/18/18/32 GET /v1/AUTH_12ada9feb77b42d78af372daadbfa837/gnocchi.18e5b033-ef80-48e0-9b4d-4715dd9d1845%3Fformat%3Djson%26states%3Dlisting HTTP/1.0 200 - python-swiftclient-3.11.1 gAAAAABpMH5jrfBV... - 357 - txf6a2bf6d549b4582891ab-0069307ef8 - 0.0405 - - 1764785912.851469755 1764785912.891928911 0
Dec 3 18:18:32 standalone container-server[126788]: 172.20.0.100 - - [03/Dec/2025:18:18:32 +0000] "GET /d1/995/AUTH_12ada9feb77b42d78af372daadbfa837/gnocchi.18e5b033-ef80-48e0-9b4d-4715dd9d1845" 200 2 "GET http://172.18.0.2:8080/v1/AUTH_12ada9feb77b42d78af372daadbfa837/gnocchi.18e5b033-ef80-48e0-9b4d-4715dd9d1845?format=json&marker=none_v3&states=listing" "txd9d7d421308c4ed388226-0069307ef8" "proxy-server 12" 0.0034 "-" 20 0
Dec 3 18:18:32 standalone proxy-server[128730]: 172.18.0.2 172.18.0.100 03/Dec/2025/18/18/32 GET /v1/AUTH_12ada9feb77b42d78af372daadbfa837/gnocchi.18e5b033-ef80-48e0-9b4d-4715dd9d1845%3Fformat%3Djson%26marker%3Dnone_v3%26states%3Dlisting HTTP/1.0 200 - python-swiftclient-3.11.1 gAAAAABpMH5jrfBV... - 2 - txd9d7d421308c4ed388226-0069307ef8 - 0.0107 - - 1764785912.894121647 1764785912.904783010 0
Dec 3 18:18:32 standalone object-server[127008]: 172.20.0.100 - - [03/Dec/2025:18:18:32 +0000] "GET /d1/729/AUTH_12ada9feb77b42d78af372daadbfa837/gnocchi.18e5b033-ef80-48e0-9b4d-4715dd9d1845/1764720000.0_mean_300.0_v3" 200 16 "GET http://172.18.0.2:8080/v1/AUTH_12ada9feb77b42d78af372daadbfa837/gnocchi.18e5b033-ef80-48e0-9b4d-4715dd9d1845/1764720000.0_mean_300.0_v3" "tx34f4bf5eb8c84ebfa4118-0069307ef8" "proxy-server 12" 0.0008 "-" 25 0
Dec 3 18:18:32 standalone proxy-server[128730]: 172.18.0.2 172.18.0.100 03/Dec/2025/18/18/32 GET /v1/AUTH_12ada9feb77b42d78af372daadbfa837/gnocchi.18e5b033-ef80-48e0-9b4d-4715dd9d1845/1764720000.0_mean_300.0_v3 HTTP/1.0 200 - python-swiftclient-3.11.1 gAAAAABpMH5jrfBV... - 16 - tx34f4bf5eb8c84ebfa4118-0069307ef8 - 0.0076 - - 1764785912.909972429 1764785912.917600393 0
Dec 3 18:18:32 standalone container-server[126788]: 172.20.0.100 - - [03/Dec/2025:18:18:32 +0000] "PUT /d1/995/AUTH_12ada9feb77b42d78af372daadbfa837/gnocchi.18e5b033-ef80-48e0-9b4d-4715dd9d1845/1764720000.0_mean_300.0_v3" 201 - "PUT http://172.18.0.2:8080/d1/729/AUTH_12ada9feb77b42d78af372daadbfa837/gnocchi.18e5b033-ef80-48e0-9b4d-4715dd9d1845/1764720000.0_mean_300.0_v3" "txc4a2b837699c47be82fd9-0069307ef8" "object-server 25" 0.0016 "-" 20 0
Dec 3 18:18:32 standalone object-server[127008]: 172.20.0.100 - - [03/Dec/2025:18:18:32 +0000] "PUT /d1/729/AUTH_12ada9feb77b42d78af372daadbfa837/gnocchi.18e5b033-ef80-48e0-9b4d-4715dd9d1845/1764720000.0_mean_300.0_v3" 201 - "PUT http://172.18.0.2:8080/v1/AUTH_12ada9feb77b42d78af372daadbfa837/gnocchi.18e5b033-ef80-48e0-9b4d-4715dd9d1845/1764720000.0_mean_300.0_v3" "txc4a2b837699c47be82fd9-0069307ef8" "proxy-server 12" 0.0203 "-" 25 0
Dec 3 18:18:32 standalone proxy-server[128730]: 172.18.0.2 172.18.0.100 03/Dec/2025/18/18/32 PUT /v1/AUTH_12ada9feb77b42d78af372daadbfa837/gnocchi.18e5b033-ef80-48e0-9b4d-4715dd9d1845/1764720000.0_mean_300.0_v3 HTTP/1.0 201 - python-swiftclient-3.11.1 gAAAAABpMH5jrfBV... 16 - - txc4a2b837699c47be82fd9-0069307ef8 - 0.0285 - - 1764785912.921901464 1764785912.950446844 0
Dec 3 18:18:32 standalone container-server[126786]: 172.20.0.100 - - [03/Dec/2025:18:18:32 +0000] "PUT /d1/995/AUTH_12ada9feb77b42d78af372daadbfa837/gnocchi.18e5b033-ef80-48e0-9b4d-4715dd9d1845/none_v3" 201 - "PUT http://172.18.0.2:8080/d1/763/AUTH_12ada9feb77b42d78af372daadbfa837/gnocchi.18e5b033-ef80-48e0-9b4d-4715dd9d1845/none_v3" "txbed724bc1dfe4963a6b39-0069307ef8" "object-server 22" 0.0009 "-" 19 0
Dec 3 18:18:32 standalone object-server[127003]: 172.20.0.100 - - [03/Dec/2025:18:18:32 +0000] "PUT /d1/763/AUTH_12ada9feb77b42d78af372daadbfa837/gnocchi.18e5b033-ef80-48e0-9b4d-4715dd9d1845/none_v3" 201 - "PUT http://172.18.0.2:8080/v1/AUTH_12ada9feb77b42d78af372daadbfa837/gnocchi.18e5b033-ef80-48e0-9b4d-4715dd9d1845/none_v3" "txbed724bc1dfe4963a6b39-0069307ef8" "proxy-server 12" 0.0291 "-" 22 0
Dec 3 18:18:32 standalone proxy-server[128730]: 172.18.0.2 172.18.0.100 03/Dec/2025/18/18/32 PUT /v1/AUTH_12ada9feb77b42d78af372daadbfa837/gnocchi.18e5b033-ef80-48e0-9b4d-4715dd9d1845/none_v3 HTTP/1.0 201 - python-swiftclient-3.11.1 gAAAAABpMH5jrfBV... 32 - - txbed724bc1dfe4963a6b39-0069307ef8 - 0.0411 - - 1764785912.955324173 1764785912.996464968 0
Dec 3 18:19:54 standalone container-server[126694]: Begin container update sweep
Dec 3 18:19:54 standalone account-server[126828]: 172.20.0.100 - - [03/Dec/2025:18:19:54 +0000] "PUT /d1/479/AUTH_12ada9feb77b42d78af372daadbfa837/gnocchi.6cc19e8b-1415-403c-a504-ee2b651d32d2" 201 - "-" "-" "container-updater 2" 0.0011 "-" 20 0
Dec 3 18:19:54 standalone account-server[126831]: 172.20.0.100 - - [03/Dec/2025:18:19:54 +0000] "PUT /d1/479/AUTH_12ada9feb77b42d78af372daadbfa837/gnocchi.18e5b033-ef80-48e0-9b4d-4715dd9d1845" 201 - "-" "-" "container-updater 2" 0.0006 "-" 22 0
Dec 3 18:19:54 standalone account-server[126835]: 172.20.0.100 - - [03/Dec/2025:18:19:54 +0000] "PUT /d1/479/AUTH_12ada9feb77b42d78af372daadbfa837/gnocchi.3d398595-9470-4ddd-9231-ea474476f1f3" 201 - "-" "-" "container-updater 2" 0.0010 "-" 23 0
Dec 3 18:19:54 standalone account-server[126829]: 172.20.0.100 - - [03/Dec/2025:18:19:54 +0000] "PUT /d1/479/AUTH_12ada9feb77b42d78af372daadbfa837/gnocchi.fa8e96e9-cabd-443d-9277-c62577d119b8" 201 - "-" "-" "container-updater 2" 0.0007 "-" 21 0
Dec 3 18:19:54 standalone account-server[126831]: 172.20.0.100 - - [03/Dec/2025:18:19:54 +0000] "PUT /d1/479/AUTH_12ada9feb77b42d78af372daadbfa837/gnocchi.d275535b-357f-44af-aed1-0e3e10be958d" 201 - "-" "-" "container-updater 2" 0.0006 "-" 22 0
Dec 3 18:19:55 standalone account-server[126829]: 172.20.0.100 - - [03/Dec/2025:18:19:55 +0000] "PUT /d1/479/AUTH_12ada9feb77b42d78af372daadbfa837/gnocchi.02814b99-93fc-499d-8d6c-4f7d984dbfcf" 201 - "-" "-" "container-updater 2" 0.0008 "-" 21 0
Dec 3 18:19:55 standalone account-server[126829]: 172.20.0.100 - - [03/Dec/2025:18:19:55 +0000] "PUT /d1/479/AUTH_12ada9feb77b42d78af372daadbfa837/gnocchi.55022aea-005f-427a-b974-e6017a8008dc" 201 - "-" "-" "container-updater 2" 0.0006 "-" 21 0
Dec 3 18:19:55 standalone account-server[126831]: 172.20.0.100 - - [03/Dec/2025:18:19:55 +0000] "PUT /d1/479/AUTH_12ada9feb77b42d78af372daadbfa837/gnocchi.814c6beb-5f65-4b32-987c-4beed9b278c0" 201 - "-" "-" "container-updater 2" 0.0006 "-" 22 0
Dec 3 18:19:55 standalone account-server[126829]: 172.20.0.100 - - [03/Dec/2025:18:19:55 +0000] "PUT /d1/479/AUTH_12ada9feb77b42d78af372daadbfa837/gnocchi.a6f1dd7d-d642-4a74-8769-b3a2dc1cc56d" 201 - "-" "-" "container-updater 2" 0.0007 "-" 21 0
Dec 3 18:19:55 standalone account-server[126828]: 172.20.0.100 - - [03/Dec/2025:18:19:55 +0000] "PUT /d1/479/AUTH_12ada9feb77b42d78af372daadbfa837/gnocchi.9abdb72c-572c-41d5-948e-b3f880951e49" 201 - "-" "-" "container-updater 2" 0.0007 "-" 20 0
Dec 3 18:19:55 standalone account-server[126835]: 172.20.0.100 - - [03/Dec/2025:18:19:55 +0000] "PUT /d1/479/AUTH_12ada9feb77b42d78af372daadbfa837/gnocchi.0f780f87-2c15-4160-a9c4-9ee4c5b06e8a" 201 - "-" "-" "container-updater 2" 0.0007 "-" 23 0
Dec 3 18:19:55 standalone account-server[126831]: 172.20.0.100 - - [03/Dec/2025:18:19:55 +0000] "PUT /d1/479/AUTH_12ada9feb77b42d78af372daadbfa837/gnocchi.be2bd515-969f-4141-ac36-df24c905af37" 201 - "-" "-" "container-updater 2" 0.0007 "-" 22 0
Dec 3 18:19:55 standalone account-server[126831]: 172.20.0.100 - - [03/Dec/2025:18:19:55 +0000] "PUT /d1/479/AUTH_12ada9feb77b42d78af372daadbfa837/gnocchi.c5280d65-651c-4014-a4b6-38b52e95c4de" 201 - "-" "-" "container-updater 2" 0.0006 "-" 22 0
Dec 3 18:19:55 standalone account-server[126835]: 172.20.0.100 - - [03/Dec/2025:18:19:55 +0000] "PUT /d1/479/AUTH_12ada9feb77b42d78af372daadbfa837/gnocchi.19cfc433-479b-41e5-94ec-7eddd9424fa3" 201 - "-" "-" "container-updater 2" 0.0007 "-" 23 0
Dec 3 18:19:55 standalone account-server[126828]: 172.20.0.100 - - [03/Dec/2025:18:19:55 +0000] "PUT /d1/479/AUTH_12ada9feb77b42d78af372daadbfa837/gnocchi.8f0e55f4-1897-45d2-ad43-2b10e1bc977d" 201 - "-" "-" "container-updater 2" 0.0007 "-" 20 0
Dec 3 18:19:56 standalone account-server[126829]: 172.20.0.100 - - [03/Dec/2025:18:19:56 +0000] "PUT /d1/479/AUTH_12ada9feb77b42d78af372daadbfa837/gnocchi.a8a67d26-e00b-4871-995b-b976c0ad6e0b" 201 - "-" "-" "container-updater 2" 0.0008 "-" 21 0
Dec 3 18:19:56 standalone account-server[126835]: 172.20.0.100 - - [03/Dec/2025:18:19:56 +0000] "PUT /d1/479/AUTH_12ada9feb77b42d78af372daadbfa837/gnocchi.ede2405d-10cf-41d3-9888-cb74ad0f4501" 201 - "-" "-" "container-updater 2" 0.0008 "-" 23 0
Dec 3 18:19:56 standalone account-server[126831]: 172.20.0.100 - - [03/Dec/2025:18:19:56 +0000] "PUT /d1/479/AUTH_12ada9feb77b42d78af372daadbfa837/gnocchi.2bcb8330-5d47-49c8-bf7f-a71d58872eab" 201 - "-" "-" "container-updater 2" 0.0005 "-" 22 0
Dec 3 18:19:56 standalone account-server[126835]: 172.20.0.100 - - [03/Dec/2025:18:19:56 +0000] "PUT /d1/479/AUTH_12ada9feb77b42d78af372daadbfa837/gnocchi.bcff1604-edbc-4ad9-96b1-5c22a4294f2d" 201 - "-" "-" "container-updater 2" 0.0005 "-" 23 0
Dec 3 18:19:56 standalone account-server[126831]: 172.20.0.100 - - [03/Dec/2025:18:19:56 +0000] "PUT /d1/479/AUTH_12ada9feb77b42d78af372daadbfa837/gnocchi.06cbb25e-a366-491b-9721-bad6bd4ce910" 201 - "-" "-" "container-updater 2" 0.0004 "-" 22 0
Dec 3 18:19:56 standalone account-server[126829]: 172.20.0.100 - - [03/Dec/2025:18:19:56 +0000] "PUT /d1/479/AUTH_12ada9feb77b42d78af372daadbfa837/gnocchi.f998c4df-0782-4b82-a5db-a4cbc725bb9c" 201 - "-" "-" "container-updater 2" 0.0006 "-" 21 0
Dec 3 18:19:56 standalone account-server[126835]: 172.20.0.100 - - [03/Dec/2025:18:19:56 +0000] "PUT /d1/479/AUTH_12ada9feb77b42d78af372daadbfa837/gnocchi.f79be694-01c4-429a-bfed-6f2ab9e30c52" 201 - "-" "-" "container-updater 2" 0.0006 "-" 23 0
Dec 3 18:19:56 standalone account-server[126828]: 172.20.0.100 - - [03/Dec/2025:18:19:56 +0000] "PUT /d1/479/AUTH_12ada9feb77b42d78af372daadbfa837/gnocchi.a40dabba-b728-4164-a4f9-42e3eb85abc5" 201 - "-" "-" "container-updater 2" 0.0008 "-" 20 0
Dec 3 18:19:57 standalone account-server[126835]: 172.20.0.100 - - [03/Dec/2025:18:19:57 +0000] "PUT /d1/479/AUTH_12ada9feb77b42d78af372daadbfa837/gnocchi.ebf7b408-4a14-4fcc-aeb2-a5ce9d0bb312" 201 - "-" "-" "container-updater 2" 0.0004 "-" 23 0
Dec 3 18:19:57 standalone account-server[126831]: 172.20.0.100 - - [03/Dec/2025:18:19:57 +0000] "PUT /d1/479/AUTH_12ada9feb77b42d78af372daadbfa837/gnocchi.ca5f5ae2-758d-4636-8db5-149fbfd93110" 201 - "-" "-" "container-updater 2" 0.0005 "-" 22 0
Dec 3 18:19:57 standalone account-server[126835]: 172.20.0.100 - - [03/Dec/2025:18:19:57 +0000] "PUT /d1/479/AUTH_12ada9feb77b42d78af372daadbfa837/gnocchi.468275a5-3edd-4dd4-bf99-835425a19ad8" 201 - "-" "-" "container-updater 2" 0.0006 "-" 23 0
Dec 3 18:19:57 standalone account-server[126829]: 172.20.0.100 - - [03/Dec/2025:18:19:57 +0000] "PUT /d1/479/AUTH_12ada9feb77b42d78af372daadbfa837/gnocchi.8190fe83-5f98-42fa-9c01-91d247ae95ef" 201 - "-" "-" "container-updater 2" 0.0005 "-" 21 0
Dec 3 18:19:57 standalone account-server[126831]: 172.20.0.100 - - [03/Dec/2025:18:19:57 +0000] "PUT /d1/479/AUTH_12ada9feb77b42d78af372daadbfa837/gnocchi.1b518d7a-083e-4c08-8565-809d64a7ed4c" 201 - "-" "-" "container-updater 2" 0.0005 "-" 22 0
Dec 3 18:19:57 standalone account-server[126831]: 172.20.0.100 - - [03/Dec/2025:18:19:57 +0000] "PUT /d1/479/AUTH_12ada9feb77b42d78af372daadbfa837/gnocchi.f1dc5545-e85e-4f75-92ca-545a53e3323f" 201 - "-" "-" "container-updater 2" 0.0008 "-" 22 0
Dec 3 18:19:57 standalone account-server[126835]: 172.20.0.100 - - [03/Dec/2025:18:19:57 +0000] "PUT /d1/479/AUTH_12ada9feb77b42d78af372daadbfa837/gnocchi.cec8091f-6619-4bf3-819e-59bf2f3983d3" 201 - "-" "-" "container-updater 2" 0.0004 "-" 23 0
Dec 3 18:19:57 standalone account-server[126828]: 172.20.0.100 - - [03/Dec/2025:18:19:57 +0000] "PUT /d1/479/AUTH_12ada9feb77b42d78af372daadbfa837/gnocchi.6c2a4f84-dbb7-47da-9267-683aa2ca54d9" 201 - "-" "-" "container-updater 2" 0.0004 "-" 20 0
Dec 3 18:19:57 standalone container-server[126694]: Container update sweep completed: 3.21s
Dec 3 18:21:27 standalone object-server[126932]: Begin object update sweep
Dec 3 18:21:27 standalone object-server[263284]: Object update sweep starting on /srv/node/d1 (pid: 15)
Dec 3 18:21:27 standalone object-server[263284]: Object update sweep completed on /srv/node/d1 in 0.00s seconds:, 0 successes, 0 failures, 0 quarantines, 0 unlinks, 0 errors, 0 redirects (pid: 15)
Dec 3 18:21:27 standalone object-server[263284]: Object update sweep of d1 completed: 0.00s, 0 successes, 0 failures, 0 quarantines, 0 unlinks, 0 errors, 0 redirects
Dec 3 18:21:28 standalone object-server[126932]: Object update sweep completed: 0.08s
Dec 3 18:21:31 standalone account-server[126828]: 172.20.0.100 - - [03/Dec/2025:18:21:31 +0000] "HEAD /d1/251/.expiring_objects" 404 - "HEAD http://localhost/v1/.expiring_objects?format=json" "tx0ce296dec4394c3da7e19-0069307fab" "proxy-server 2" 0.0008 "-" 20 -
Dec 3 18:21:31 standalone object-expirer[126862]: Pass completed in 0s; 0 objects expired (txn: tx0ce296dec4394c3da7e19-0069307fab)
Dec 3 18:22:20 standalone account-server[126831]: 172.20.0.100 - - [03/Dec/2025:18:22:20 +0000] "HEAD /d1/479/AUTH_12ada9feb77b42d78af372daadbfa837" 204 - "HEAD http://172.18.0.2:8080/v1/AUTH_12ada9feb77b42d78af372daadbfa837?format=json" "txdb1e6fe82fff437e8bd34-0069307fdc" "proxy-server 12" 0.0078 "-" 22 -
Dec 3 18:22:20 standalone proxy-server[128730]: - - 03/Dec/2025/18/22/20 HEAD /v1/AUTH_12ada9feb77b42d78af372daadbfa837%3Fformat%3Djson HTTP/1.0 204 - Swift - - - - txdb1e6fe82fff437e8bd34-0069307fdc - 0.0167 RL - 1764786140.457259417 1764786140.473987103 -
Dec 3 18:22:20 standalone container-server[126788]: 172.20.0.100 - - [03/Dec/2025:18:22:20 +0000] "HEAD /d1/120/AUTH_12ada9feb77b42d78af372daadbfa837/gnocchi.5fd56bc7-70b4-4f43-9073-61e579fba677" 404 - "HEAD http://172.18.0.2:8080/v1/AUTH_12ada9feb77b42d78af372daadbfa837/gnocchi.5fd56bc7-70b4-4f43-9073-61e579fba677?format=json&states=listing" "txdb1e6fe82fff437e8bd34-0069307fdc" "proxy-server 12" 0.0009 "-" 20 0
Dec 3 18:22:20 standalone object-server[127006]: 172.20.0.100 - - [03/Dec/2025:18:22:20 +0000] "GET /d1/15/AUTH_12ada9feb77b42d78af372daadbfa837/gnocchi.5fd56bc7-70b4-4f43-9073-61e579fba677/none_v3" 404 70 "GET http://172.18.0.2:8080/v1/AUTH_12ada9feb77b42d78af372daadbfa837/gnocchi.5fd56bc7-70b4-4f43-9073-61e579fba677/none_v3" "txdb1e6fe82fff437e8bd34-0069307fdc" "proxy-server 12" 0.0005 "-" 24 0
Dec 3 18:22:20 standalone proxy-server[128730]: 172.18.0.2 172.18.0.100 03/Dec/2025/18/22/20 GET /v1/AUTH_12ada9feb77b42d78af372daadbfa837/gnocchi.5fd56bc7-70b4-4f43-9073-61e579fba677/none_v3 HTTP/1.0 404 - python-swiftclient-3.11.1 gAAAAABpMH5jrfBV... - 70 - txdb1e6fe82fff437e8bd34-0069307fdc - 0.3798 - - 1764786140.456090450 1764786140.835863590 0
Dec 3 18:22:20 standalone account-server[126831]: 172.20.0.100 - - [03/Dec/2025:18:22:20 +0000] "PUT /d1/479/AUTH_12ada9feb77b42d78af372daadbfa837/gnocchi.5fd56bc7-70b4-4f43-9073-61e579fba677" 201 - "PUT http://172.20.0.100:6001/d1/120/AUTH_12ada9feb77b42d78af372daadbfa837/gnocchi.5fd56bc7-70b4-4f43-9073-61e579fba677" "tx187a1972508d4c3cb3a4f-0069307fdc" "container-server 20" 0.0011 "-" 22 0
Dec 3 18:22:20 standalone container-server[126788]: 172.20.0.100 - - [03/Dec/2025:18:22:20 +0000] "PUT /d1/120/AUTH_12ada9feb77b42d78af372daadbfa837/gnocchi.5fd56bc7-70b4-4f43-9073-61e579fba677" 201 - "PUT http://172.18.0.2:8080/v1/AUTH_12ada9feb77b42d78af372daadbfa837/gnocchi.5fd56bc7-70b4-4f43-9073-61e579fba677" "tx187a1972508d4c3cb3a4f-0069307fdc" "proxy-server 12" 0.0128 "-" 20 0
Dec 3 18:22:20 standalone proxy-server[128730]: 172.18.0.2 172.18.0.100 03/Dec/2025/18/22/20 PUT /v1/AUTH_12ada9feb77b42d78af372daadbfa837/gnocchi.5fd56bc7-70b4-4f43-9073-61e579fba677 HTTP/1.0 201 - python-swiftclient-3.11.1 gAAAAABpMH5jrfBV... - - - tx187a1972508d4c3cb3a4f-0069307fdc - 0.0182 - - 1764786140.840022326 1764786140.858204126 0
Dec 3 18:22:20 standalone container-server[126788]: 172.20.0.100 - - [03/Dec/2025:18:22:20 +0000] "HEAD /d1/120/AUTH_12ada9feb77b42d78af372daadbfa837/gnocchi.5fd56bc7-70b4-4f43-9073-61e579fba677" 204 - "HEAD http://172.18.0.2:8080/v1/AUTH_12ada9feb77b42d78af372daadbfa837/gnocchi.5fd56bc7-70b4-4f43-9073-61e579fba677?format=json&states=listing" "tx688819029610480bbbe05-0069307fdc" "proxy-server 12" 0.0027 "-" 20 0
Dec 3 18:22:20 standalone proxy-server[128730]: - - 03/Dec/2025/18/22/20 HEAD /v1/AUTH_12ada9feb77b42d78af372daadbfa837/gnocchi.5fd56bc7-70b4-4f43-9073-61e579fba677%3Fformat%3Djson%26states%3Dlisting HTTP/1.0 204 - Swift - - - - tx688819029610480bbbe05-0069307fdc - 0.0077 RL - 1764786140.864588261 1764786140.872296095 0
Dec 3 18:22:20 standalone container-server[126791]: 172.20.0.100 - - [03/Dec/2025:18:22:20 +0000] "GET /d1/120/AUTH_12ada9feb77b42d78af372daadbfa837/gnocchi.5fd56bc7-70b4-4f43-9073-61e579fba677" 200 2 "GET http://172.18.0.2:8080/v1/AUTH_12ada9feb77b42d78af372daadbfa837/gnocchi.5fd56bc7-70b4-4f43-9073-61e579fba677?format=json&states=listing" "tx688819029610480bbbe05-0069307fdc" "proxy-server 12" 0.0038 "-" 21 0
Dec 3 18:22:20 standalone proxy-server[128730]: 172.18.0.2 172.18.0.100 03/Dec/2025/18/22/20 GET /v1/AUTH_12ada9feb77b42d78af372daadbfa837/gnocchi.5fd56bc7-70b4-4f43-9073-61e579fba677%3Fformat%3Djson%26states%3Dlisting HTTP/1.0 200 - python-swiftclient-3.11.1 gAAAAABpMH5jrfBV... - 2 - tx688819029610480bbbe05-0069307fdc - 0.0233 - - 1764786140.862903357 1764786140.886219263 0
Dec 3 18:22:20 standalone object-server[127006]: 172.20.0.100 - - [03/Dec/2025:18:22:20 +0000] "GET /d1/466/AUTH_12ada9feb77b42d78af372daadbfa837/gnocchi.5fd56bc7-70b4-4f43-9073-61e579fba677/1764720000.0_mean_300.0_v3" 404 70 "GET http://172.18.0.2:8080/v1/AUTH_12ada9feb77b42d78af372daadbfa837/gnocchi.5fd56bc7-70b4-4f43-9073-61e579fba677/1764720000.0_mean_300.0_v3" "tx6af2b2ce0ffd4580a5ae2-0069307fdc" "proxy-server 12" 0.0003 "-" 24 0
Dec 3 18:22:20 standalone proxy-server[128730]: 172.18.0.2 172.18.0.100 03/Dec/2025/18/22/20 GET /v1/AUTH_12ada9feb77b42d78af372daadbfa837/gnocchi.5fd56bc7-70b4-4f43-9073-61e579fba677/1764720000.0_mean_300.0_v3 HTTP/1.0 404 - python-swiftclient-3.11.1 gAAAAABpMH5jrfBV... - 70 - tx6af2b2ce0ffd4580a5ae2-0069307fdc - 0.0068 - - 1764786140.891021729 1764786140.897818327 0
Dec 3 18:22:20 standalone container-server[126791]: 172.20.0.100 - - [03/Dec/2025:18:22:20 +0000] "PUT /d1/120/AUTH_12ada9feb77b42d78af372daadbfa837/gnocchi.5fd56bc7-70b4-4f43-9073-61e579fba677/1764720000.0_mean_300.0_v3" 201 - "PUT http://172.18.0.2:8080/d1/466/AUTH_12ada9feb77b42d78af372daadbfa837/gnocchi.5fd56bc7-70b4-4f43-9073-61e579fba677/1764720000.0_mean_300.0_v3" "txcc2db6e98f9b47efaf70a-0069307fdc" "object-server 23" 0.0004 "-" 21 0
Dec 3 18:22:20 standalone object-server[127005]: 172.20.0.100 - - [03/Dec/2025:18:22:20 +0000] "PUT /d1/466/AUTH_12ada9feb77b42d78af372daadbfa837/gnocchi.5fd56bc7-70b4-4f43-9073-61e579fba677/1764720000.0_mean_300.0_v3" 201 - "PUT http://172.18.0.2:8080/v1/AUTH_12ada9feb77b42d78af372daadbfa837/gnocchi.5fd56bc7-70b4-4f43-9073-61e579fba677/1764720000.0_mean_300.0_v3" "txcc2db6e98f9b47efaf70a-0069307fdc" "proxy-server 12" 0.0101 "-" 23 0
Dec 3 18:22:20 standalone proxy-server[128730]: 172.18.0.2 172.18.0.100 03/Dec/2025/18/22/20 PUT /v1/AUTH_12ada9feb77b42d78af372daadbfa837/gnocchi.5fd56bc7-70b4-4f43-9073-61e579fba677/1764720000.0_mean_300.0_v3 HTTP/1.0 201 - python-swiftclient-3.11.1 gAAAAABpMH5jrfBV... 16 - - txcc2db6e98f9b47efaf70a-0069307fdc - 0.0187 - - 1764786140.901866436 1764786140.920536041 0
Dec 3 18:22:20 standalone container-server[126788]: 172.20.0.100 - - [03/Dec/2025:18:22:20 +0000] "PUT /d1/120/AUTH_12ada9feb77b42d78af372daadbfa837/gnocchi.5fd56bc7-70b4-4f43-9073-61e579fba677/none_v3" 201 - "PUT http://172.18.0.2:8080/d1/15/AUTH_12ada9feb77b42d78af372daadbfa837/gnocchi.5fd56bc7-70b4-4f43-9073-61e579fba677/none_v3" "txc858e79051ce4e64ab4fc-0069307fdc" "object-server 23" 0.0007 "-" 20 0
Dec 3 18:22:20 standalone object-server[127005]: 172.20.0.100 - - [03/Dec/2025:18:22:20 +0000] "PUT /d1/15/AUTH_12ada9feb77b42d78af372daadbfa837/gnocchi.5fd56bc7-70b4-4f43-9073-61e579fba677/none_v3" 201 - "PUT http://172.18.0.2:8080/v1/AUTH_12ada9feb77b42d78af372daadbfa837/gnocchi.5fd56bc7-70b4-4f43-9073-61e579fba677/none_v3" "txc858e79051ce4e64ab4fc-0069307fdc" "proxy-server 12" 0.0094 "-" 23 0
Dec 3 18:22:20 standalone proxy-server[128730]: 172.18.0.2 172.18.0.100 03/Dec/2025/18/22/20 PUT /v1/AUTH_12ada9feb77b42d78af372daadbfa837/gnocchi.5fd56bc7-70b4-4f43-9073-61e579fba677/none_v3 HTTP/1.0 201 - python-swiftclient-3.11.1 gAAAAABpMH5jrfBV... 22 - - txc858e79051ce4e64ab4fc-0069307fdc - 0.0187 - - 1764786140.923608065 1764786140.942350626 0
Dec 3 18:22:20 standalone container-server[126791]: 172.20.0.100 - - [03/Dec/2025:18:22:20 +0000] "HEAD /d1/199/AUTH_12ada9feb77b42d78af372daadbfa837/gnocchi.1b518d7a-083e-4c08-8565-809d64a7ed4c" 204 - "HEAD http://172.18.0.2:8080/v1/AUTH_12ada9feb77b42d78af372daadbfa837/gnocchi.1b518d7a-083e-4c08-8565-809d64a7ed4c?format=json&states=listing" "txa8e8156fa7c949e59bc8c-0069307fdc" "proxy-server 12" 0.0011 "-" 21 0
Dec 3 18:22:20 standalone object-server[127008]: 172.20.0.100 - - [03/Dec/2025:18:22:20 +0000] "GET /d1/925/AUTH_12ada9feb77b42d78af372daadbfa837/gnocchi.1b518d7a-083e-4c08-8565-809d64a7ed4c/none_v3" 200 22 "GET http://172.18.0.2:8080/v1/AUTH_12ada9feb77b42d78af372daadbfa837/gnocchi.1b518d7a-083e-4c08-8565-809d64a7ed4c/none_v3" "txa8e8156fa7c949e59bc8c-0069307fdc" "proxy-server 12" 0.0007 "-" 25 0
Dec 3 18:22:20 standalone proxy-server[128730]: 172.18.0.2 172.18.0.100 03/Dec/2025/18/22/20 GET /v1/AUTH_12ada9feb77b42d78af372daadbfa837/gnocchi.1b518d7a-083e-4c08-8565-809d64a7ed4c/none_v3 HTTP/1.0 200 - python-swiftclient-3.11.1 gAAAAABpMH5jrfBV... - 22 - txa8e8156fa7c949e59bc8c-0069307fdc - 0.0132 - - 1764786140.956109762 1764786140.969282389 0
Dec 3 18:22:20 standalone container-server[126788]: 172.20.0.100 - - [03/Dec/2025:18:22:20 +0000] "GET /d1/199/AUTH_12ada9feb77b42d78af372daadbfa837/gnocchi.1b518d7a-083e-4c08-8565-809d64a7ed4c" 200 357 "GET http://172.18.0.2:8080/v1/AUTH_12ada9feb77b42d78af372daadbfa837/gnocchi.1b518d7a-083e-4c08-8565-809d64a7ed4c?format=json&states=listing" "txe4b4065368c2476b9a21e-0069307fdc" "proxy-server 12" 0.0027 "-" 20 0
Dec 3 18:22:20 standalone proxy-server[128730]: 172.18.0.2 172.18.0.100 03/Dec/2025/18/22/20 GET /v1/AUTH_12ada9feb77b42d78af372daadbfa837/gnocchi.1b518d7a-083e-4c08-8565-809d64a7ed4c%3Fformat%3Djson%26states%3Dlisting HTTP/1.0 200 - python-swiftclient-3.11.1 gAAAAABpMH5jrfBV... - 357 - txe4b4065368c2476b9a21e-0069307fdc - 0.0111 - - 1764786140.972301722 1764786140.983397961 0
Dec 3 18:22:20 standalone container-server[126802]: 172.20.0.100 - - [03/Dec/2025:18:22:20 +0000] "GET /d1/199/AUTH_12ada9feb77b42d78af372daadbfa837/gnocchi.1b518d7a-083e-4c08-8565-809d64a7ed4c" 200 2 "GET http://172.18.0.2:8080/v1/AUTH_12ada9feb77b42d78af372daadbfa837/gnocchi.1b518d7a-083e-4c08-8565-809d64a7ed4c?format=json&marker=none_v3&states=listing" "tx139e67d012cd45af865cb-0069307fdc" "proxy-server 12" 0.0037 "-" 22 0
Dec 3 18:22:21 standalone proxy-server[128730]: 172.18.0.2 172.18.0.100 03/Dec/2025/18/22/20 GET /v1/AUTH_12ada9feb77b42d78af372daadbfa837/gnocchi.1b518d7a-083e-4c08-8565-809d64a7ed4c%3Fformat%3Djson%26marker%3Dnone_v3%26states%3Dlisting HTTP/1.0 200 - python-swiftclient-3.11.1 gAAAAABpMH5jrfBV... - 2 - tx139e67d012cd45af865cb-0069307fdc - 0.0124 - - 1764786140.987015009 1764786140.999428034 0
Dec 3 18:22:21 standalone object-server[127005]: 172.20.0.100 - - [03/Dec/2025:18:22:21 +0000] "GET /d1/729/AUTH_12ada9feb77b42d78af372daadbfa837/gnocchi.1b518d7a-083e-4c08-8565-809d64a7ed4c/1764720000.0_mean_300.0_v3" 200 16 "GET http://172.18.0.2:8080/v1/AUTH_12ada9feb77b42d78af372daadbfa837/gnocchi.1b518d7a-083e-4c08-8565-809d64a7ed4c/1764720000.0_mean_300.0_v3" "tx2e2cfd3e475b4f44802c6-0069307fdd" "proxy-server 12" 0.0011 "-" 23 0
Dec 3 18:22:21 standalone proxy-server[128730]: 172.18.0.2 172.18.0.100 03/Dec/2025/18/22/21 GET /v1/AUTH_12ada9feb77b42d78af372daadbfa837/gnocchi.1b518d7a-083e-4c08-8565-809d64a7ed4c/1764720000.0_mean_300.0_v3 HTTP/1.0 200 - python-swiftclient-3.11.1 gAAAAABpMH5jrfBV... - 16 - tx2e2cfd3e475b4f44802c6-0069307fdd - 0.0093 - - 1764786141.004695654 1764786141.014041424 0
Dec 3 18:22:21 standalone object-server[127003]: 172.20.0.100 - - [03/Dec/2025:18:22:21 +0000] "GET /d1/411/AUTH_12ada9feb77b42d78af372daadbfa837/gnocchi.1b518d7a-083e-4c08-8565-809d64a7ed4c/1764720000.0_rate%3Amean_300.0_v3" 404 70 "GET http://172.18.0.2:8080/v1/AUTH_12ada9feb77b42d78af372daadbfa837/gnocchi.1b518d7a-083e-4c08-8565-809d64a7ed4c/1764720000.0_rate%3Amean_300.0_v3" "txaf170159e7714ba5b212e-0069307fdd" "proxy-server 12" 0.0005 "-" 22 0
Dec 3 18:22:21 standalone proxy-server[128730]: 172.18.0.2 172.18.0.100 03/Dec/2025/18/22/21 GET /v1/AUTH_12ada9feb77b42d78af372daadbfa837/gnocchi.1b518d7a-083e-4c08-8565-809d64a7ed4c/1764720000.0_rate%253Amean_300.0_v3 HTTP/1.0 404 - python-swiftclient-3.11.1 gAAAAABpMH5jrfBV... - 70 - txaf170159e7714ba5b212e-0069307fdd - 0.0088 - - 1764786141.018510103 1764786141.027354479 0
Dec 3 18:22:21 standalone container-server[126791]: 172.20.0.100 - - [03/Dec/2025:18:22:21 +0000] "PUT /d1/199/AUTH_12ada9feb77b42d78af372daadbfa837/gnocchi.1b518d7a-083e-4c08-8565-809d64a7ed4c/1764720000.0_mean_300.0_v3" 201 - "PUT http://172.18.0.2:8080/d1/729/AUTH_12ada9feb77b42d78af372daadbfa837/gnocchi.1b518d7a-083e-4c08-8565-809d64a7ed4c/1764720000.0_mean_300.0_v3" "tx463159d9d98240c9b43b0-0069307fdd" "object-server 23" 0.0007 "-" 21 0
Dec 3 18:22:21 standalone object-server[127005]: 172.20.0.100 - - [03/Dec/2025:18:22:21 +0000] "PUT /d1/729/AUTH_12ada9feb77b42d78af372daadbfa837/gnocchi.1b518d7a-083e-4c08-8565-809d64a7ed4c/1764720000.0_mean_300.0_v3" 201 - "PUT http://172.18.0.2:8080/v1/AUTH_12ada9feb77b42d78af372daadbfa837/gnocchi.1b518d7a-083e-4c08-8565-809d64a7ed4c/1764720000.0_mean_300.0_v3" "tx463159d9d98240c9b43b0-0069307fdd" "proxy-server 12" 0.0116 "-" 23 0
Dec 3 18:22:21 standalone proxy-server[128730]: 172.18.0.2 172.18.0.100 03/Dec/2025/18/22/21 PUT /v1/AUTH_12ada9feb77b42d78af372daadbfa837/gnocchi.1b518d7a-083e-4c08-8565-809d64a7ed4c/1764720000.0_mean_300.0_v3 HTTP/1.0 201 - python-swiftclient-3.11.1 gAAAAABpMH5jrfBV... 27 - - tx463159d9d98240c9b43b0-0069307fdd - 0.0194 - - 1764786141.031427622 1764786141.050796747 0
Dec 3 18:22:21 standalone container-server[126788]: 172.20.0.100 - - [03/Dec/2025:18:22:21 +0000] "PUT /d1/199/AUTH_12ada9feb77b42d78af372daadbfa837/gnocchi.1b518d7a-083e-4c08-8565-809d64a7ed4c/1764720000.0_rate%3Amean_300.0_v3" 201 - "PUT http://172.18.0.2:8080/d1/411/AUTH_12ada9feb77b42d78af372daadbfa837/gnocchi.1b518d7a-083e-4c08-8565-809d64a7ed4c/1764720000.0_rate%3Amean_300.0_v3" "txd942e808661044168ffcd-0069307fdd" "object-server 24" 0.0008 "-" 20 0
