Dec 3 18:22:22 standalone proxy-server[128730]: 172.18.0.2 172.18.0.100 03/Dec/2025/18/22/22 GET /v1/AUTH_12ada9feb77b42d78af372daadbfa837/gnocchi.f90a2677-a8be-4c6c-ba88-4549a02c6a80%3Fformat%3Djson%26states%3Dlisting HTTP/1.0 200 - python-swiftclient-3.11.1 gAAAAABpMH5jrfBV... - 2 - txbcf9d2cf8b71463f9fbfa-0069307fde - 0.0264 - - 1764786142.138415575 1764786142.164809465 0
Dec 3 18:22:22 standalone object-server[127003]: 172.20.0.100 - - [03/Dec/2025:18:22:22 +0000] "GET /d1/176/AUTH_12ada9feb77b42d78af372daadbfa837/gnocchi.f90a2677-a8be-4c6c-ba88-4549a02c6a80/1764720000.0_mean_300.0_v3" 404 70 "GET http://172.18.0.2:8080/v1/AUTH_12ada9feb77b42d78af372daadbfa837/gnocchi.f90a2677-a8be-4c6c-ba88-4549a02c6a80/1764720000.0_mean_300.0_v3" "tx68c71db0aa0d4e05a9630-0069307fde" "proxy-server 12" 0.0005 "-" 22 0
Dec 3 18:22:22 standalone proxy-server[128730]: 172.18.0.2 172.18.0.100 03/Dec/2025/18/22/22 GET /v1/AUTH_12ada9feb77b42d78af372daadbfa837/gnocchi.f90a2677-a8be-4c6c-ba88-4549a02c6a80/1764720000.0_mean_300.0_v3 HTTP/1.0 404 - python-swiftclient-3.11.1 gAAAAABpMH5jrfBV... - 70 - tx68c71db0aa0d4e05a9630-0069307fde - 0.0080 - - 1764786142.170324564 1764786142.178341627 0
Dec 3 18:22:22 standalone container-server[126802]: 172.20.0.100 - - [03/Dec/2025:18:22:22 +0000] "PUT /d1/63/AUTH_12ada9feb77b42d78af372daadbfa837/gnocchi.f90a2677-a8be-4c6c-ba88-4549a02c6a80/1764720000.0_mean_300.0_v3" 201 - "PUT http://172.18.0.2:8080/d1/176/AUTH_12ada9feb77b42d78af372daadbfa837/gnocchi.f90a2677-a8be-4c6c-ba88-4549a02c6a80/1764720000.0_mean_300.0_v3" "tx2ebe557ec55b4248899bb-0069307fde" "object-server 22" 0.0008 "-" 22 0
Dec 3 18:22:22 standalone object-server[127003]: 172.20.0.100 - - [03/Dec/2025:18:22:22 +0000] "PUT /d1/176/AUTH_12ada9feb77b42d78af372daadbfa837/gnocchi.f90a2677-a8be-4c6c-ba88-4549a02c6a80/1764720000.0_mean_300.0_v3" 201 - "PUT http://172.18.0.2:8080/v1/AUTH_12ada9feb77b42d78af372daadbfa837/gnocchi.f90a2677-a8be-4c6c-ba88-4549a02c6a80/1764720000.0_mean_300.0_v3" "tx2ebe557ec55b4248899bb-0069307fde" "proxy-server 12" 0.0133 "-" 22 0
Dec 3 18:22:22 standalone proxy-server[128730]: 172.18.0.2 172.18.0.100 03/Dec/2025/18/22/22 PUT /v1/AUTH_12ada9feb77b42d78af372daadbfa837/gnocchi.f90a2677-a8be-4c6c-ba88-4549a02c6a80/1764720000.0_mean_300.0_v3 HTTP/1.0 201 - python-swiftclient-3.11.1 gAAAAABpMH5jrfBV... 16 - - tx2ebe557ec55b4248899bb-0069307fde - 0.0229 - - 1764786142.182776213 1764786142.205692768 0
Dec 3 18:22:22 standalone container-server[126791]: 172.20.0.100 - - [03/Dec/2025:18:22:22 +0000] "PUT /d1/63/AUTH_12ada9feb77b42d78af372daadbfa837/gnocchi.f90a2677-a8be-4c6c-ba88-4549a02c6a80/none_v3" 201 - "PUT http://172.18.0.2:8080/d1/446/AUTH_12ada9feb77b42d78af372daadbfa837/gnocchi.f90a2677-a8be-4c6c-ba88-4549a02c6a80/none_v3" "tx311e0c55ef014e32b1f7c-0069307fde" "object-server 23" 0.0008 "-" 21 0
Dec 3 18:22:22 standalone object-server[127005]: 172.20.0.100 - - [03/Dec/2025:18:22:22 +0000] "PUT /d1/446/AUTH_12ada9feb77b42d78af372daadbfa837/gnocchi.f90a2677-a8be-4c6c-ba88-4549a02c6a80/none_v3" 201 - "PUT http://172.18.0.2:8080/v1/AUTH_12ada9feb77b42d78af372daadbfa837/gnocchi.f90a2677-a8be-4c6c-ba88-4549a02c6a80/none_v3" "tx311e0c55ef014e32b1f7c-0069307fde" "proxy-server 12" 0.0134 "-" 23 0
Dec 3 18:22:22 standalone proxy-server[128730]: 172.18.0.2 172.18.0.100 03/Dec/2025/18/22/22 PUT /v1/AUTH_12ada9feb77b42d78af372daadbfa837/gnocchi.f90a2677-a8be-4c6c-ba88-4549a02c6a80/none_v3 HTTP/1.0 201 - python-swiftclient-3.11.1 gAAAAABpMH5jrfBV... 22 - - tx311e0c55ef014e32b1f7c-0069307fde - 0.0231 - - 1764786142.211339474 1764786142.234453678 0
Dec 3 18:22:22 standalone container-server[126791]: 172.20.0.100 - - [03/Dec/2025:18:22:22 +0000] "HEAD /d1/273/AUTH_12ada9feb77b42d78af372daadbfa837/gnocchi.6c2a4f84-dbb7-47da-9267-683aa2ca54d9" 204 - "HEAD http://172.18.0.2:8080/v1/AUTH_12ada9feb77b42d78af372daadbfa837/gnocchi.6c2a4f84-dbb7-47da-9267-683aa2ca54d9?format=json&states=listing" "txa0b7b2f291db48eb87214-0069307fde" "proxy-server 12" 0.0025 "-" 21 0
Dec 3 18:22:22 standalone object-server[127003]: 172.20.0.100 - - [03/Dec/2025:18:22:22 +0000] "GET /d1/359/AUTH_12ada9feb77b42d78af372daadbfa837/gnocchi.6c2a4f84-dbb7-47da-9267-683aa2ca54d9/none_v3" 200 22 "GET http://172.18.0.2:8080/v1/AUTH_12ada9feb77b42d78af372daadbfa837/gnocchi.6c2a4f84-dbb7-47da-9267-683aa2ca54d9/none_v3" "txa0b7b2f291db48eb87214-0069307fde" "proxy-server 12" 0.0016 "-" 22 0
Dec 3 18:22:22 standalone proxy-server[128730]: 172.18.0.2 172.18.0.100 03/Dec/2025/18/22/22 GET /v1/AUTH_12ada9feb77b42d78af372daadbfa837/gnocchi.6c2a4f84-dbb7-47da-9267-683aa2ca54d9/none_v3 HTTP/1.0 200 - python-swiftclient-3.11.1 gAAAAABpMH5jrfBV... - 22 - txa0b7b2f291db48eb87214-0069307fde - 0.0205 - - 1764786142.256246805 1764786142.276718378 0
Dec 3 18:22:22 standalone container-server[126791]: 172.20.0.100 - - [03/Dec/2025:18:22:22 +0000] "GET /d1/273/AUTH_12ada9feb77b42d78af372daadbfa837/gnocchi.6c2a4f84-dbb7-47da-9267-683aa2ca54d9" 200 357 "GET http://172.18.0.2:8080/v1/AUTH_12ada9feb77b42d78af372daadbfa837/gnocchi.6c2a4f84-dbb7-47da-9267-683aa2ca54d9?format=json&states=listing" "tx587d239fd66f431fb6dea-0069307fde" "proxy-server 12" 0.0042 "-" 21 0
Dec 3 18:22:22 standalone proxy-server[128730]: 172.18.0.2 172.18.0.100 03/Dec/2025/18/22/22 GET /v1/AUTH_12ada9feb77b42d78af372daadbfa837/gnocchi.6c2a4f84-dbb7-47da-9267-683aa2ca54d9%3Fformat%3Djson%26states%3Dlisting HTTP/1.0 200 - python-swiftclient-3.11.1 gAAAAABpMH5jrfBV... - 357 - tx587d239fd66f431fb6dea-0069307fde - 0.0172 - - 1764786142.284249544 1764786142.301431894 0
Dec 3 18:22:22 standalone container-server[126791]: 172.20.0.100 - - [03/Dec/2025:18:22:22 +0000] "GET /d1/273/AUTH_12ada9feb77b42d78af372daadbfa837/gnocchi.6c2a4f84-dbb7-47da-9267-683aa2ca54d9" 200 2 "GET http://172.18.0.2:8080/v1/AUTH_12ada9feb77b42d78af372daadbfa837/gnocchi.6c2a4f84-dbb7-47da-9267-683aa2ca54d9?format=json&marker=none_v3&states=listing" "tx3f13989ce2994de7945f4-0069307fde" "proxy-server 12" 0.0031 "-" 21 0
Dec 3 18:22:22 standalone proxy-server[128730]: 172.18.0.2 172.18.0.100 03/Dec/2025/18/22/22 GET /v1/AUTH_12ada9feb77b42d78af372daadbfa837/gnocchi.6c2a4f84-dbb7-47da-9267-683aa2ca54d9%3Fformat%3Djson%26marker%3Dnone_v3%26states%3Dlisting HTTP/1.0 200 - python-swiftclient-3.11.1 gAAAAABpMH5jrfBV... - 2 - tx3f13989ce2994de7945f4-0069307fde - 0.0140 - - 1764786142.306584120 1764786142.320570469 0
Dec 3 18:22:22 standalone object-server[127006]: 172.20.0.100 - - [03/Dec/2025:18:22:22 +0000] "GET /d1/948/AUTH_12ada9feb77b42d78af372daadbfa837/gnocchi.6c2a4f84-dbb7-47da-9267-683aa2ca54d9/1764720000.0_mean_300.0_v3" 200 16 "GET http://172.18.0.2:8080/v1/AUTH_12ada9feb77b42d78af372daadbfa837/gnocchi.6c2a4f84-dbb7-47da-9267-683aa2ca54d9/1764720000.0_mean_300.0_v3" "txf28522690076403f9a43f-0069307fde" "proxy-server 12" 0.0011 "-" 24 0
Dec 3 18:22:22 standalone proxy-server[128730]: 172.18.0.2 172.18.0.100 03/Dec/2025/18/22/22 GET /v1/AUTH_12ada9feb77b42d78af372daadbfa837/gnocchi.6c2a4f84-dbb7-47da-9267-683aa2ca54d9/1764720000.0_mean_300.0_v3 HTTP/1.0 200 - python-swiftclient-3.11.1 gAAAAABpMH5jrfBV... - 16 - txf28522690076403f9a43f-0069307fde - 0.0104 - - 1764786142.327396393 1764786142.337822199 0
Dec 3 18:22:22 standalone object-server[127005]: 172.20.0.100 - - [03/Dec/2025:18:22:22 +0000] "GET /d1/791/AUTH_12ada9feb77b42d78af372daadbfa837/gnocchi.6c2a4f84-dbb7-47da-9267-683aa2ca54d9/1764720000.0_rate%3Amean_300.0_v3" 404 70 "GET http://172.18.0.2:8080/v1/AUTH_12ada9feb77b42d78af372daadbfa837/gnocchi.6c2a4f84-dbb7-47da-9267-683aa2ca54d9/1764720000.0_rate%3Amean_300.0_v3" "txf96d929b1b354f7093a8b-0069307fde" "proxy-server 12" 0.0005 "-" 23 0
Dec 3 18:22:22 standalone proxy-server[128730]: 172.18.0.2 172.18.0.100 03/Dec/2025/18/22/22 GET /v1/AUTH_12ada9feb77b42d78af372daadbfa837/gnocchi.6c2a4f84-dbb7-47da-9267-683aa2ca54d9/1764720000.0_rate%253Amean_300.0_v3 HTTP/1.0 404 - python-swiftclient-3.11.1 gAAAAABpMH5jrfBV... - 70 - txf96d929b1b354f7093a8b-0069307fde - 0.0100 - - 1764786142.343164444 1764786142.353125095 0
Dec 3 18:22:22 standalone container-server[126788]: 172.20.0.100 - - [03/Dec/2025:18:22:22 +0000] "PUT /d1/273/AUTH_12ada9feb77b42d78af372daadbfa837/gnocchi.6c2a4f84-dbb7-47da-9267-683aa2ca54d9/1764720000.0_mean_300.0_v3" 201 - "PUT http://172.18.0.2:8080/d1/948/AUTH_12ada9feb77b42d78af372daadbfa837/gnocchi.6c2a4f84-dbb7-47da-9267-683aa2ca54d9/1764720000.0_mean_300.0_v3" "txecdf867251964ff5be7e6-0069307fde" "object-server 22" 0.0010 "-" 20 0
Dec 3 18:22:22 standalone object-server[127003]: 172.20.0.100 - - [03/Dec/2025:18:22:22 +0000] "PUT /d1/948/AUTH_12ada9feb77b42d78af372daadbfa837/gnocchi.6c2a4f84-dbb7-47da-9267-683aa2ca54d9/1764720000.0_mean_300.0_v3" 201 - "PUT http://172.18.0.2:8080/v1/AUTH_12ada9feb77b42d78af372daadbfa837/gnocchi.6c2a4f84-dbb7-47da-9267-683aa2ca54d9/1764720000.0_mean_300.0_v3" "txecdf867251964ff5be7e6-0069307fde" "proxy-server 12" 0.0113 "-" 22 0
Dec 3 18:22:22 standalone proxy-server[128730]: 172.18.0.2 172.18.0.100 03/Dec/2025/18/22/22 PUT /v1/AUTH_12ada9feb77b42d78af372daadbfa837/gnocchi.6c2a4f84-dbb7-47da-9267-683aa2ca54d9/1764720000.0_mean_300.0_v3 HTTP/1.0 201 - python-swiftclient-3.11.1 gAAAAABpMH5jrfBV... 23 - - txecdf867251964ff5be7e6-0069307fde - 0.0197 - - 1764786142.357580900 1764786142.377310038 0
Dec 3 18:22:22 standalone container-server[126802]: 172.20.0.100 - - [03/Dec/2025:18:22:22 +0000] "PUT /d1/273/AUTH_12ada9feb77b42d78af372daadbfa837/gnocchi.6c2a4f84-dbb7-47da-9267-683aa2ca54d9/1764720000.0_rate%3Amean_300.0_v3" 201 - "PUT http://172.18.0.2:8080/d1/791/AUTH_12ada9feb77b42d78af372daadbfa837/gnocchi.6c2a4f84-dbb7-47da-9267-683aa2ca54d9/1764720000.0_rate%3Amean_300.0_v3" "tx6f04814ce14945448af66-0069307fde" "object-server 22" 0.0007 "-" 22 0
Dec 3 18:22:22 standalone object-server[127003]: 172.20.0.100 - - [03/Dec/2025:18:22:22 +0000] "PUT /d1/791/AUTH_12ada9feb77b42d78af372daadbfa837/gnocchi.6c2a4f84-dbb7-47da-9267-683aa2ca54d9/1764720000.0_rate%3Amean_300.0_v3" 201 - "PUT http://172.18.0.2:8080/v1/AUTH_12ada9feb77b42d78af372daadbfa837/gnocchi.6c2a4f84-dbb7-47da-9267-683aa2ca54d9/1764720000.0_rate%3Amean_300.0_v3" "tx6f04814ce14945448af66-0069307fde" "proxy-server 12" 0.0108 "-" 22 0
Dec 3 18:22:22 standalone proxy-server[128730]: 172.18.0.2 172.18.0.100 03/Dec/2025/18/22/22 PUT /v1/AUTH_12ada9feb77b42d78af372daadbfa837/gnocchi.6c2a4f84-dbb7-47da-9267-683aa2ca54d9/1764720000.0_rate%253Amean_300.0_v3 HTTP/1.0 201 - python-swiftclient-3.11.1 gAAAAABpMH5jrfBV... 16 - - tx6f04814ce14945448af66-0069307fde - 0.0196 - - 1764786142.381552219 1764786142.401147842 0
Dec 3 18:22:22 standalone container-server[126786]: 172.20.0.100 - - [03/Dec/2025:18:22:22 +0000] "PUT /d1/273/AUTH_12ada9feb77b42d78af372daadbfa837/gnocchi.6c2a4f84-dbb7-47da-9267-683aa2ca54d9/none_v3" 201 - "PUT http://172.18.0.2:8080/d1/359/AUTH_12ada9feb77b42d78af372daadbfa837/gnocchi.6c2a4f84-dbb7-47da-9267-683aa2ca54d9/none_v3" "txb370f5d777754e1689aa3-0069307fde" "object-server 22" 0.0009 "-" 19 0
Dec 3 18:22:22 standalone object-server[127003]: 172.20.0.100 - - [03/Dec/2025:18:22:22 +0000] "PUT /d1/359/AUTH_12ada9feb77b42d78af372daadbfa837/gnocchi.6c2a4f84-dbb7-47da-9267-683aa2ca54d9/none_v3" 201 - "PUT http://172.18.0.2:8080/v1/AUTH_12ada9feb77b42d78af372daadbfa837/gnocchi.6c2a4f84-dbb7-47da-9267-683aa2ca54d9/none_v3" "txb370f5d777754e1689aa3-0069307fde" "proxy-server 12" 0.0107 "-" 22 0
Dec 3 18:22:22 standalone proxy-server[128730]: 172.18.0.2 172.18.0.100 03/Dec/2025/18/22/22 PUT /v1/AUTH_12ada9feb77b42d78af372daadbfa837/gnocchi.6c2a4f84-dbb7-47da-9267-683aa2ca54d9/none_v3 HTTP/1.0 201 - python-swiftclient-3.11.1 gAAAAABpMH5jrfBV... 32 - - txb370f5d777754e1689aa3-0069307fde - 0.0189 - - 1764786142.405479193 1764786142.424372911 0
Dec 3 18:22:22 standalone container-server[126788]: 172.20.0.100 - - [03/Dec/2025:18:22:22 +0000] "HEAD /d1/650/AUTH_12ada9feb77b42d78af372daadbfa837/gnocchi.13619652-f41d-4c32-891f-59c1cbec72ea" 404 - "HEAD http://172.18.0.2:8080/v1/AUTH_12ada9feb77b42d78af372daadbfa837/gnocchi.13619652-f41d-4c32-891f-59c1cbec72ea?format=json&states=listing" "txb2b437055f3e4df9adc3b-0069307fde" "proxy-server 12" 0.0004 "-" 20 0
Dec 3 18:22:22 standalone object-server[127006]: 172.20.0.100 - - [03/Dec/2025:18:22:22 +0000] "GET /d1/349/AUTH_12ada9feb77b42d78af372daadbfa837/gnocchi.13619652-f41d-4c32-891f-59c1cbec72ea/none_v3" 404 70 "GET http://172.18.0.2:8080/v1/AUTH_12ada9feb77b42d78af372daadbfa837/gnocchi.13619652-f41d-4c32-891f-59c1cbec72ea/none_v3" "txb2b437055f3e4df9adc3b-0069307fde" "proxy-server 12" 0.0006 "-" 24 0
Dec 3 18:22:22 standalone proxy-server[128730]: 172.18.0.2 172.18.0.100 03/Dec/2025/18/22/22 GET /v1/AUTH_12ada9feb77b42d78af372daadbfa837/gnocchi.13619652-f41d-4c32-891f-59c1cbec72ea/none_v3 HTTP/1.0 404 - python-swiftclient-3.11.1 gAAAAABpMH5jrfBV... - 70 - txb2b437055f3e4df9adc3b-0069307fde - 0.0106 - - 1764786142.438112259 1764786142.448703766 0
Dec 3 18:22:22 standalone account-server[126828]: 172.20.0.100 - - [03/Dec/2025:18:22:22 +0000] "PUT /d1/479/AUTH_12ada9feb77b42d78af372daadbfa837/gnocchi.13619652-f41d-4c32-891f-59c1cbec72ea" 201 - "PUT http://172.20.0.100:6001/d1/650/AUTH_12ada9feb77b42d78af372daadbfa837/gnocchi.13619652-f41d-4c32-891f-59c1cbec72ea" "tx99328e39105a4fd3b3636-0069307fde" "container-server 20" 0.0057 "-" 20 0
Dec 3 18:22:22 standalone container-server[126788]: 172.20.0.100 - - [03/Dec/2025:18:22:22 +0000] "PUT /d1/650/AUTH_12ada9feb77b42d78af372daadbfa837/gnocchi.13619652-f41d-4c32-891f-59c1cbec72ea" 201 - "PUT http://172.18.0.2:8080/v1/AUTH_12ada9feb77b42d78af372daadbfa837/gnocchi.13619652-f41d-4c32-891f-59c1cbec72ea" "tx99328e39105a4fd3b3636-0069307fde" "proxy-server 12" 0.0199 "-" 20 0
Dec 3 18:22:22 standalone proxy-server[128730]: 172.18.0.2 172.18.0.100 03/Dec/2025/18/22/22 PUT /v1/AUTH_12ada9feb77b42d78af372daadbfa837/gnocchi.13619652-f41d-4c32-891f-59c1cbec72ea HTTP/1.0 201 - python-swiftclient-3.11.1 gAAAAABpMH5jrfBV... - - - tx99328e39105a4fd3b3636-0069307fde - 0.0250 - - 1764786142.452002525 1764786142.477048159 0
Dec 3 18:22:22 standalone container-server[126786]: 172.20.0.100 - - [03/Dec/2025:18:22:22 +0000] "HEAD /d1/650/AUTH_12ada9feb77b42d78af372daadbfa837/gnocchi.13619652-f41d-4c32-891f-59c1cbec72ea" 204 - "HEAD http://172.18.0.2:8080/v1/AUTH_12ada9feb77b42d78af372daadbfa837/gnocchi.13619652-f41d-4c32-891f-59c1cbec72ea?format=json&states=listing" "txe9b707c79d1a4c5e84173-0069307fde" "proxy-server 12" 0.0023 "-" 19 0
Dec 3 18:22:22 standalone proxy-server[128730]: - - 03/Dec/2025/18/22/22 HEAD /v1/AUTH_12ada9feb77b42d78af372daadbfa837/gnocchi.13619652-f41d-4c32-891f-59c1cbec72ea%3Fformat%3Djson%26states%3Dlisting HTTP/1.0 204 - Swift - - - - txe9b707c79d1a4c5e84173-0069307fde - 0.0059 RL - 1764786142.482841015 1764786142.488704681 0
Dec 3 18:22:22 standalone container-server[126786]: 172.20.0.100 - - [03/Dec/2025:18:22:22 +0000] "GET /d1/650/AUTH_12ada9feb77b42d78af372daadbfa837/gnocchi.13619652-f41d-4c32-891f-59c1cbec72ea" 200 2 "GET http://172.18.0.2:8080/v1/AUTH_12ada9feb77b42d78af372daadbfa837/gnocchi.13619652-f41d-4c32-891f-59c1cbec72ea?format=json&states=listing" "txe9b707c79d1a4c5e84173-0069307fde" "proxy-server 12" 0.0031 "-" 19 0
Dec 3 18:22:22 standalone proxy-server[128730]: 172.18.0.2 172.18.0.100 03/Dec/2025/18/22/22 GET /v1/AUTH_12ada9feb77b42d78af372daadbfa837/gnocchi.13619652-f41d-4c32-891f-59c1cbec72ea%3Fformat%3Djson%26states%3Dlisting HTTP/1.0 200 - python-swiftclient-3.11.1 gAAAAABpMH5jrfBV... - 2 - txe9b707c79d1a4c5e84173-0069307fde - 0.0181 - - 1764786142.481691599 1764786142.499767542 0
Dec 3 18:22:22 standalone object-server[127006]: 172.20.0.100 - - [03/Dec/2025:18:22:22 +0000] "GET /d1/809/AUTH_12ada9feb77b42d78af372daadbfa837/gnocchi.13619652-f41d-4c32-891f-59c1cbec72ea/1764720000.0_mean_300.0_v3" 404 70 "GET http://172.18.0.2:8080/v1/AUTH_12ada9feb77b42d78af372daadbfa837/gnocchi.13619652-f41d-4c32-891f-59c1cbec72ea/1764720000.0_mean_300.0_v3" "tx2cc06fdf5dc848f0be76b-0069307fde" "proxy-server 12" 0.0005 "-" 24 0
Dec 3 18:22:22 standalone proxy-server[128730]: 172.18.0.2 172.18.0.100 03/Dec/2025/18/22/22 GET /v1/AUTH_12ada9feb77b42d78af372daadbfa837/gnocchi.13619652-f41d-4c32-891f-59c1cbec72ea/1764720000.0_mean_300.0_v3 HTTP/1.0 404 - python-swiftclient-3.11.1 gAAAAABpMH5jrfBV... - 70 - tx2cc06fdf5dc848f0be76b-0069307fde - 0.0060 - - 1764786142.505421638 1764786142.511388302 0
Dec 3 18:22:22 standalone container-server[126802]: 172.20.0.100 - - [03/Dec/2025:18:22:22 +0000] "PUT /d1/650/AUTH_12ada9feb77b42d78af372daadbfa837/gnocchi.13619652-f41d-4c32-891f-59c1cbec72ea/1764720000.0_mean_300.0_v3" 201 - "PUT http://172.18.0.2:8080/d1/809/AUTH_12ada9feb77b42d78af372daadbfa837/gnocchi.13619652-f41d-4c32-891f-59c1cbec72ea/1764720000.0_mean_300.0_v3" "tx049301cf5d0b4d05ac4ce-0069307fde" "object-server 25" 0.0011 "-" 22 0
Dec 3 18:22:22 standalone object-server[127008]: 172.20.0.100 - - [03/Dec/2025:18:22:22 +0000] "PUT /d1/809/AUTH_12ada9feb77b42d78af372daadbfa837/gnocchi.13619652-f41d-4c32-891f-59c1cbec72ea/1764720000.0_mean_300.0_v3" 201 - "PUT http://172.18.0.2:8080/v1/AUTH_12ada9feb77b42d78af372daadbfa837/gnocchi.13619652-f41d-4c32-891f-59c1cbec72ea/1764720000.0_mean_300.0_v3" "tx049301cf5d0b4d05ac4ce-0069307fde" "proxy-server 12" 0.0120 "-" 25 0
Dec 3 18:22:22 standalone proxy-server[128730]: 172.18.0.2 172.18.0.100 03/Dec/2025/18/22/22 PUT /v1/AUTH_12ada9feb77b42d78af372daadbfa837/gnocchi.13619652-f41d-4c32-891f-59c1cbec72ea/1764720000.0_mean_300.0_v3 HTTP/1.0 201 - python-swiftclient-3.11.1 gAAAAABpMH5jrfBV... 16 - - tx049301cf5d0b4d05ac4ce-0069307fde - 0.0188 - - 1764786142.515107632 1764786142.533931971 0
Dec 3 18:22:22 standalone container-server[126786]: 172.20.0.100 - - [03/Dec/2025:18:22:22 +0000] "PUT /d1/650/AUTH_12ada9feb77b42d78af372daadbfa837/gnocchi.13619652-f41d-4c32-891f-59c1cbec72ea/none_v3" 201 - "PUT http://172.18.0.2:8080/d1/349/AUTH_12ada9feb77b42d78af372daadbfa837/gnocchi.13619652-f41d-4c32-891f-59c1cbec72ea/none_v3" "txc399337ccb4f46e38edf1-0069307fde" "object-server 24" 0.0008 "-" 19 0
Dec 3 18:22:22 standalone object-server[127006]: 172.20.0.100 - - [03/Dec/2025:18:22:22 +0000] "PUT /d1/349/AUTH_12ada9feb77b42d78af372daadbfa837/gnocchi.13619652-f41d-4c32-891f-59c1cbec72ea/none_v3" 201 - "PUT http://172.18.0.2:8080/v1/AUTH_12ada9feb77b42d78af372daadbfa837/gnocchi.13619652-f41d-4c32-891f-59c1cbec72ea/none_v3" "txc399337ccb4f46e38edf1-0069307fde" "proxy-server 12" 0.0109 "-" 24 0
Dec 3 18:22:22 standalone proxy-server[128730]: 172.18.0.2 172.18.0.100 03/Dec/2025/18/22/22 PUT /v1/AUTH_12ada9feb77b42d78af372daadbfa837/gnocchi.13619652-f41d-4c32-891f-59c1cbec72ea/none_v3 HTTP/1.0 201 - python-swiftclient-3.11.1 gAAAAABpMH5jrfBV... 22 - - txc399337ccb4f46e38edf1-0069307fde - 0.0191 - - 1764786142.538198233 1764786142.557283878 0
Dec 3 18:22:22 standalone container-server[126786]: 172.20.0.100 - - [03/Dec/2025:18:22:22 +0000] "HEAD /d1/710/AUTH_12ada9feb77b42d78af372daadbfa837/gnocchi.a6f1dd7d-d642-4a74-8769-b3a2dc1cc56d" 204 - "HEAD http://172.18.0.2:8080/v1/AUTH_12ada9feb77b42d78af372daadbfa837/gnocchi.a6f1dd7d-d642-4a74-8769-b3a2dc1cc56d?format=json&states=listing" "tx0111153152394baf99fa3-0069307fde" "proxy-server 12" 0.0023 "-" 19 0
Dec 3 18:22:22 standalone object-server[127005]: 172.20.0.100 - - [03/Dec/2025:18:22:22 +0000] "GET /d1/628/AUTH_12ada9feb77b42d78af372daadbfa837/gnocchi.a6f1dd7d-d642-4a74-8769-b3a2dc1cc56d/none_v3" 200 22 "GET http://172.18.0.2:8080/v1/AUTH_12ada9feb77b42d78af372daadbfa837/gnocchi.a6f1dd7d-d642-4a74-8769-b3a2dc1cc56d/none_v3" "tx0111153152394baf99fa3-0069307fde" "proxy-server 12" 0.0011 "-" 23 0
Dec 3 18:22:22 standalone proxy-server[128730]: 172.18.0.2 172.18.0.100 03/Dec/2025/18/22/22 GET /v1/AUTH_12ada9feb77b42d78af372daadbfa837/gnocchi.a6f1dd7d-d642-4a74-8769-b3a2dc1cc56d/none_v3 HTTP/1.0 200 - python-swiftclient-3.11.1 gAAAAABpMH5jrfBV... - 22 - tx0111153152394baf99fa3-0069307fde - 0.0178 - - 1764786142.572296858 1764786142.590118170 0
Dec 3 18:22:22 standalone container-server[126788]: 172.20.0.100 - - [03/Dec/2025:18:22:22 +0000] "GET /d1/710/AUTH_12ada9feb77b42d78af372daadbfa837/gnocchi.a6f1dd7d-d642-4a74-8769-b3a2dc1cc56d" 200 357 "GET http://172.18.0.2:8080/v1/AUTH_12ada9feb77b42d78af372daadbfa837/gnocchi.a6f1dd7d-d642-4a74-8769-b3a2dc1cc56d?format=json&states=listing" "tx677b374d2f344d37b344e-0069307fde" "proxy-server 12" 0.0039 "-" 20 0
Dec 3 18:22:22 standalone proxy-server[128730]: 172.18.0.2 172.18.0.100 03/Dec/2025/18/22/22 GET /v1/AUTH_12ada9feb77b42d78af372daadbfa837/gnocchi.a6f1dd7d-d642-4a74-8769-b3a2dc1cc56d%3Fformat%3Djson%26states%3Dlisting HTTP/1.0 200 - python-swiftclient-3.11.1 gAAAAABpMH5jrfBV... - 357 - tx677b374d2f344d37b344e-0069307fde - 0.0130 - - 1764786142.595613241 1764786142.608613491 0
Dec 3 18:22:22 standalone container-server[126791]: 172.20.0.100 - - [03/Dec/2025:18:22:22 +0000] "GET /d1/710/AUTH_12ada9feb77b42d78af372daadbfa837/gnocchi.a6f1dd7d-d642-4a74-8769-b3a2dc1cc56d" 200 2 "GET http://172.18.0.2:8080/v1/AUTH_12ada9feb77b42d78af372daadbfa837/gnocchi.a6f1dd7d-d642-4a74-8769-b3a2dc1cc56d?format=json&marker=none_v3&states=listing" "txe437c32527ed4f1fae8ef-0069307fde" "proxy-server 12" 0.0042 "-" 21 0
Dec 3 18:22:22 standalone proxy-server[128730]: 172.18.0.2 172.18.0.100 03/Dec/2025/18/22/22 GET /v1/AUTH_12ada9feb77b42d78af372daadbfa837/gnocchi.a6f1dd7d-d642-4a74-8769-b3a2dc1cc56d%3Fformat%3Djson%26marker%3Dnone_v3%26states%3Dlisting HTTP/1.0 200 - python-swiftclient-3.11.1 gAAAAABpMH5jrfBV... - 2 - txe437c32527ed4f1fae8ef-0069307fde - 0.0136 - - 1764786142.612658501 1764786142.626253605 0
Dec 3 18:22:22 standalone object-server[127005]: 172.20.0.100 - - [03/Dec/2025:18:22:22 +0000] "GET /d1/403/AUTH_12ada9feb77b42d78af372daadbfa837/gnocchi.a6f1dd7d-d642-4a74-8769-b3a2dc1cc56d/1764720000.0_mean_300.0_v3" 200 16 "GET http://172.18.0.2:8080/v1/AUTH_12ada9feb77b42d78af372daadbfa837/gnocchi.a6f1dd7d-d642-4a74-8769-b3a2dc1cc56d/1764720000.0_mean_300.0_v3" "txe32ad401b40546cfbb97c-0069307fde" "proxy-server 12" 0.0010 "-" 23 0
Dec 3 18:22:22 standalone proxy-server[128730]: 172.18.0.2 172.18.0.100 03/Dec/2025/18/22/22 GET /v1/AUTH_12ada9feb77b42d78af372daadbfa837/gnocchi.a6f1dd7d-d642-4a74-8769-b3a2dc1cc56d/1764720000.0_mean_300.0_v3 HTTP/1.0 200 - python-swiftclient-3.11.1 gAAAAABpMH5jrfBV... - 16 - txe32ad401b40546cfbb97c-0069307fde - 0.0094 - - 1764786142.631967545 1764786142.641323328 0
Dec 3 18:22:22 standalone object-server[127006]: 172.20.0.100 - - [03/Dec/2025:18:22:22 +0000] "GET /d1/270/AUTH_12ada9feb77b42d78af372daadbfa837/gnocchi.a6f1dd7d-d642-4a74-8769-b3a2dc1cc56d/1764720000.0_rate%3Amean_300.0_v3" 404 70 "GET http://172.18.0.2:8080/v1/AUTH_12ada9feb77b42d78af372daadbfa837/gnocchi.a6f1dd7d-d642-4a74-8769-b3a2dc1cc56d/1764720000.0_rate%3Amean_300.0_v3" "tx5b30f09aefc346eb8e9c6-0069307fde" "proxy-server 12" 0.0007 "-" 24 0
Dec 3 18:22:22 standalone proxy-server[128730]: 172.18.0.2 172.18.0.100 03/Dec/2025/18/22/22 GET /v1/AUTH_12ada9feb77b42d78af372daadbfa837/gnocchi.a6f1dd7d-d642-4a74-8769-b3a2dc1cc56d/1764720000.0_rate%253Amean_300.0_v3 HTTP/1.0 404 - python-swiftclient-3.11.1 gAAAAABpMH5jrfBV... - 70 - tx5b30f09aefc346eb8e9c6-0069307fde - 0.0134 - - 1764786142.646239996 1764786142.659654140 0
Dec 3 18:22:22 standalone container-server[126786]: 172.20.0.100 - - [03/Dec/2025:18:22:22 +0000] "PUT /d1/710/AUTH_12ada9feb77b42d78af372daadbfa837/gnocchi.a6f1dd7d-d642-4a74-8769-b3a2dc1cc56d/1764720000.0_mean_300.0_v3" 201 - "PUT http://172.18.0.2:8080/d1/403/AUTH_12ada9feb77b42d78af372daadbfa837/gnocchi.a6f1dd7d-d642-4a74-8769-b3a2dc1cc56d/1764720000.0_mean_300.0_v3" "tx3d14376ba24f456c8bba0-0069307fde" "object-server 25" 0.0008 "-" 19 0
Dec 3 18:22:22 standalone object-server[127008]: 172.20.0.100 - - [03/Dec/2025:18:22:22 +0000] "PUT /d1/403/AUTH_12ada9feb77b42d78af372daadbfa837/gnocchi.a6f1dd7d-d642-4a74-8769-b3a2dc1cc56d/1764720000.0_mean_300.0_v3" 201 - "PUT http://172.18.0.2:8080/v1/AUTH_12ada9feb77b42d78af372daadbfa837/gnocchi.a6f1dd7d-d642-4a74-8769-b3a2dc1cc56d/1764720000.0_mean_300.0_v3" "tx3d14376ba24f456c8bba0-0069307fde" "proxy-server 12" 0.0127 "-" 25 0
Dec 3 18:22:22 standalone proxy-server[128730]: 172.18.0.2 172.18.0.100 03/Dec/2025/18/22/22 PUT /v1/AUTH_12ada9feb77b42d78af372daadbfa837/gnocchi.a6f1dd7d-d642-4a74-8769-b3a2dc1cc56d/1764720000.0_mean_300.0_v3 HTTP/1.0 201 - python-swiftclient-3.11.1 gAAAAABpMH5jrfBV... 18 - - tx3d14376ba24f456c8bba0-0069307fde - 0.0217 - - 1764786142.664832115 1764786142.686522484 0
Dec 3 18:22:22 standalone container-server[126802]: 172.20.0.100 - - [03/Dec/2025:18:22:22 +0000] "PUT /d1/710/AUTH_12ada9feb77b42d78af372daadbfa837/gnocchi.a6f1dd7d-d642-4a74-8769-b3a2dc1cc56d/1764720000.0_rate%3Amean_300.0_v3" 201 - "PUT http://172.18.0.2:8080/d1/270/AUTH_12ada9feb77b42d78af372daadbfa837/gnocchi.a6f1dd7d-d642-4a74-8769-b3a2dc1cc56d/1764720000.0_rate%3Amean_300.0_v3" "tx5ae84ae3abd0486c9bc23-0069307fde" "object-server 25" 0.0005 "-" 22 0
Dec 3 18:22:22 standalone object-server[127008]: 172.20.0.100 - - [03/Dec/2025:18:22:22 +0000] "PUT /d1/270/AUTH_12ada9feb77b42d78af372daadbfa837/gnocchi.a6f1dd7d-d642-4a74-8769-b3a2dc1cc56d/1764720000.0_rate%3Amean_300.0_v3" 201 - "PUT http://172.18.0.2:8080/v1/AUTH_12ada9feb77b42d78af372daadbfa837/gnocchi.a6f1dd7d-d642-4a74-8769-b3a2dc1cc56d/1764720000.0_rate%3Amean_300.0_v3" "tx5ae84ae3abd0486c9bc23-0069307fde" "proxy-server 12" 0.0117 "-" 25 0
Dec 3 18:22:22 standalone proxy-server[128730]: 172.18.0.2 172.18.0.100 03/Dec/2025/18/22/22 PUT /v1/AUTH_12ada9feb77b42d78af372daadbfa837/gnocchi.a6f1dd7d-d642-4a74-8769-b3a2dc1cc56d/1764720000.0_rate%253Amean_300.0_v3 HTTP/1.0 201 - python-swiftclient-3.11.1 gAAAAABpMH5jrfBV... 16 - - tx5ae84ae3abd0486c9bc23-0069307fde - 0.0201 - - 1764786142.691199064 1764786142.711302996 0
Dec 3 18:22:22 standalone container-server[126788]: 172.20.0.100 - - [03/Dec/2025:18:22:22 +0000] "PUT /d1/710/AUTH_12ada9feb77b42d78af372daadbfa837/gnocchi.a6f1dd7d-d642-4a74-8769-b3a2dc1cc56d/none_v3" 201 - "PUT http://172.18.0.2:8080/d1/628/AUTH_12ada9feb77b42d78af372daadbfa837/gnocchi.a6f1dd7d-d642-4a74-8769-b3a2dc1cc56d/none_v3" "tx2a22b0520d25469ba40c8-0069307fde" "object-server 23" 0.0007 "-" 20 0
Dec 3 18:22:22 standalone object-server[127005]: 172.20.0.100 - - [03/Dec/2025:18:22:22 +0000] "PUT /d1/628/AUTH_12ada9feb77b42d78af372daadbfa837/gnocchi.a6f1dd7d-d642-4a74-8769-b3a2dc1cc56d/none_v3" 201 - "PUT http://172.18.0.2:8080/v1/AUTH_12ada9feb77b42d78af372daadbfa837/gnocchi.a6f1dd7d-d642-4a74-8769-b3a2dc1cc56d/none_v3" "tx2a22b0520d25469ba40c8-0069307fde" "proxy-server 12" 0.0115 "-" 23 0
Dec 3 18:22:22 standalone proxy-server[128730]: 172.18.0.2 172.18.0.100 03/Dec/2025/18/22/22 PUT /v1/AUTH_12ada9feb77b42d78af372daadbfa837/gnocchi.a6f1dd7d-d642-4a74-8769-b3a2dc1cc56d/none_v3 HTTP/1.0 201 - python-swiftclient-3.11.1 gAAAAABpMH5jrfBV... 27 - - tx2a22b0520d25469ba40c8-0069307fde - 0.0201 - - 1764786142.716241837 1764786142.736387253 0
Dec 3 18:22:22 standalone container-server[126786]: 172.20.0.100 - - [03/Dec/2025:18:22:22 +0000] "HEAD /d1/706/AUTH_12ada9feb77b42d78af372daadbfa837/gnocchi.f79be694-01c4-429a-bfed-6f2ab9e30c52" 204 - "HEAD http://172.18.0.2:8080/v1/AUTH_12ada9feb77b42d78af372daadbfa837/gnocchi.f79be694-01c4-429a-bfed-6f2ab9e30c52?format=json&states=listing" "txf248a7b45ccb4ecf9d4b2-0069307fde" "proxy-server 12" 0.0026 "-" 19 0
Dec 3 18:22:22 standalone object-server[127003]: 172.20.0.100 - - [03/Dec/2025:18:22:22 +0000] "GET /d1/64/AUTH_12ada9feb77b42d78af372daadbfa837/gnocchi.f79be694-01c4-429a-bfed-6f2ab9e30c52/none_v3" 200 22 "GET http://172.18.0.2:8080/v1/AUTH_12ada9feb77b42d78af372daadbfa837/gnocchi.f79be694-01c4-429a-bfed-6f2ab9e30c52/none_v3" "txf248a7b45ccb4ecf9d4b2-0069307fde" "proxy-server 12" 0.0011 "-" 22 0
Dec 3 18:22:22 standalone proxy-server[128730]: 172.18.0.2 172.18.0.100 03/Dec/2025/18/22/22 GET /v1/AUTH_12ada9feb77b42d78af372daadbfa837/gnocchi.f79be694-01c4-429a-bfed-6f2ab9e30c52/none_v3 HTTP/1.0 200 - python-swiftclient-3.11.1 gAAAAABpMH5jrfBV... - 22 - txf248a7b45ccb4ecf9d4b2-0069307fde - 0.0186 - - 1764786142.750537395 1764786142.769169331 0
Dec 3 18:22:22 standalone container-server[126791]: 172.20.0.100 - - [03/Dec/2025:18:22:22 +0000] "GET /d1/706/AUTH_12ada9feb77b42d78af372daadbfa837/gnocchi.f79be694-01c4-429a-bfed-6f2ab9e30c52" 200 357 "GET http://172.18.0.2:8080/v1/AUTH_12ada9feb77b42d78af372daadbfa837/gnocchi.f79be694-01c4-429a-bfed-6f2ab9e30c52?format=json&states=listing" "tx2f9624bff83343bcb44f6-0069307fde" "proxy-server 12" 0.0026 "-" 21 0
Dec 3 18:22:22 standalone proxy-server[128730]: 172.18.0.2 172.18.0.100 03/Dec/2025/18/22/22 GET /v1/AUTH_12ada9feb77b42d78af372daadbfa837/gnocchi.f79be694-01c4-429a-bfed-6f2ab9e30c52%3Fformat%3Djson%26states%3Dlisting HTTP/1.0 200 - python-swiftclient-3.11.1 gAAAAABpMH5jrfBV... - 357 - tx2f9624bff83343bcb44f6-0069307fde - 0.0096 - - 1764786142.774551630 1764786142.784157515 0
Dec 3 18:22:22 standalone container-server[126802]: 172.20.0.100 - - [03/Dec/2025:18:22:22 +0000] "GET /d1/706/AUTH_12ada9feb77b42d78af372daadbfa837/gnocchi.f79be694-01c4-429a-bfed-6f2ab9e30c52" 200 2 "GET http://172.18.0.2:8080/v1/AUTH_12ada9feb77b42d78af372daadbfa837/gnocchi.f79be694-01c4-429a-bfed-6f2ab9e30c52?format=json&marker=none_v3&states=listing" "txb68d4a26100d44b8b9a9a-0069307fde" "proxy-server 12" 0.0044 "-" 22 0
Dec 3 18:22:22 standalone proxy-server[128730]: 172.18.0.2 172.18.0.100 03/Dec/2025/18/22/22 GET /v1/AUTH_12ada9feb77b42d78af372daadbfa837/gnocchi.f79be694-01c4-429a-bfed-6f2ab9e30c52%3Fformat%3Djson%26marker%3Dnone_v3%26states%3Dlisting HTTP/1.0 200 - python-swiftclient-3.11.1 gAAAAABpMH5jrfBV... - 2 - txb68d4a26100d44b8b9a9a-0069307fde - 0.0119 - - 1764786142.788005352 1764786142.799952745 0
Dec 3 18:22:22 standalone object-server[127005]: 172.20.0.100 - - [03/Dec/2025:18:22:22 +0000] "GET /d1/152/AUTH_12ada9feb77b42d78af372daadbfa837/gnocchi.f79be694-01c4-429a-bfed-6f2ab9e30c52/1764720000.0_mean_300.0_v3" 200 16 "GET http://172.18.0.2:8080/v1/AUTH_12ada9feb77b42d78af372daadbfa837/gnocchi.f79be694-01c4-429a-bfed-6f2ab9e30c52/1764720000.0_mean_300.0_v3" "tx27a986de9d9a430e86ee1-0069307fde" "proxy-server 12" 0.0011 "-" 23 0
Dec 3 18:22:22 standalone proxy-server[128730]: 172.18.0.2 172.18.0.100 03/Dec/2025/18/22/22 GET /v1/AUTH_12ada9feb77b42d78af372daadbfa837/gnocchi.f79be694-01c4-429a-bfed-6f2ab9e30c52/1764720000.0_mean_300.0_v3 HTTP/1.0 200 - python-swiftclient-3.11.1 gAAAAABpMH5jrfBV... - 16 - tx27a986de9d9a430e86ee1-0069307fde - 0.0073 - - 1764786142.805289745 1764786142.812624454 0
Dec 3 18:22:22 standalone object-server[127003]: 172.20.0.100 - - [03/Dec/2025:18:22:22 +0000] "GET /d1/278/AUTH_12ada9feb77b42d78af372daadbfa837/gnocchi.f79be694-01c4-429a-bfed-6f2ab9e30c52/1764720000.0_rate%3Amean_300.0_v3" 404 70 "GET http://172.18.0.2:8080/v1/AUTH_12ada9feb77b42d78af372daadbfa837/gnocchi.f79be694-01c4-429a-bfed-6f2ab9e30c52/1764720000.0_rate%3Amean_300.0_v3" "tx1a70e71241214dd5a948b-0069307fde" "proxy-server 12" 0.0007 "-" 22 0
Dec 3 18:22:22 standalone proxy-server[128730]: 172.18.0.2 172.18.0.100 03/Dec/2025/18/22/22 GET /v1/AUTH_12ada9feb77b42d78af372daadbfa837/gnocchi.f79be694-01c4-429a-bfed-6f2ab9e30c52/1764720000.0_rate%253Amean_300.0_v3 HTTP/1.0 404 - python-swiftclient-3.11.1 gAAAAABpMH5jrfBV... - 70 - tx1a70e71241214dd5a948b-0069307fde - 0.0065 - - 1764786142.815990686 1764786142.822453022 0
Dec 3 18:22:22 standalone container-server[126791]: 172.20.0.100 - - [03/Dec/2025:18:22:22 +0000] "PUT /d1/706/AUTH_12ada9feb77b42d78af372daadbfa837/gnocchi.f79be694-01c4-429a-bfed-6f2ab9e30c52/1764720000.0_mean_300.0_v3" 201 - "PUT http://172.18.0.2:8080/d1/152/AUTH_12ada9feb77b42d78af372daadbfa837/gnocchi.f79be694-01c4-429a-bfed-6f2ab9e30c52/1764720000.0_mean_300.0_v3" "txe2493d4ebe9e4e9c88b0f-0069307fde" "object-server 22" 0.0009 "-" 21 0
Dec 3 18:22:22 standalone object-server[127003]: 172.20.0.100 - - [03/Dec/2025:18:22:22 +0000] "PUT /d1/152/AUTH_12ada9feb77b42d78af372daadbfa837/gnocchi.f79be694-01c4-429a-bfed-6f2ab9e30c52/1764720000.0_mean_300.0_v3" 201 - "PUT http://172.18.0.2:8080/v1/AUTH_12ada9feb77b42d78af372daadbfa837/gnocchi.f79be694-01c4-429a-bfed-6f2ab9e30c52/1764720000.0_mean_300.0_v3" "txe2493d4ebe9e4e9c88b0f-0069307fde" "proxy-server 12" 0.0112 "-" 22 0
Dec 3 18:22:22 standalone proxy-server[128730]: 172.18.0.2 172.18.0.100 03/Dec/2025/18/22/22 PUT /v1/AUTH_12ada9feb77b42d78af372daadbfa837/gnocchi.f79be694-01c4-429a-bfed-6f2ab9e30c52/1764720000.0_mean_300.0_v3 HTTP/1.0 201 - python-swiftclient-3.11.1 gAAAAABpMH5jrfBV... 24 - - txe2493d4ebe9e4e9c88b0f-0069307fde - 0.0179 - - 1764786142.826515436 1764786142.844454050 0
Dec 3 18:22:22 standalone container-server[126786]: 172.20.0.100 - - [03/Dec/2025:18:22:22 +0000] "PUT /d1/706/AUTH_12ada9feb77b42d78af372daadbfa837/gnocchi.f79be694-01c4-429a-bfed-6f2ab9e30c52/1764720000.0_rate%3Amean_300.0_v3" 201 - "PUT http://172.18.0.2:8080/d1/278/AUTH_12ada9feb77b42d78af372daadbfa837/gnocchi.f79be694-01c4-429a-bfed-6f2ab9e30c52/1764720000.0_rate%3Amean_300.0_v3" "tx9ecb792dad5b4bbf9073c-0069307fde" "object-server 23" 0.0010 "-" 19 0
Dec 3 18:22:22 standalone object-server[127005]: 172.20.0.100 - - [03/Dec/2025:18:22:22 +0000] "PUT /d1/278/AUTH_12ada9feb77b42d78af372daadbfa837/gnocchi.f79be694-01c4-429a-bfed-6f2ab9e30c52/1764720000.0_rate%3Amean_300.0_v3" 201 - "PUT http://172.18.0.2:8080/v1/AUTH_12ada9feb77b42d78af372daadbfa837/gnocchi.f79be694-01c4-429a-bfed-6f2ab9e30c52/1764720000.0_rate%3Amean_300.0_v3" "tx9ecb792dad5b4bbf9073c-0069307fde" "proxy-server 12" 0.0120 "-" 23 0
Dec 3 18:22:22 standalone proxy-server[128730]: 172.18.0.2 172.18.0.100 03/Dec/2025/18/22/22 PUT /v1/AUTH_12ada9feb77b42d78af372daadbfa837/gnocchi.f79be694-01c4-429a-bfed-6f2ab9e30c52/1764720000.0_rate%253Amean_300.0_v3 HTTP/1.0 201 - python-swiftclient-3.11.1 gAAAAABpMH5jrfBV... 16 - - tx9ecb792dad5b4bbf9073c-0069307fde - 0.0196 - - 1764786142.848257065 1764786142.867866278 0
Dec 3 18:22:22 standalone container-server[126788]: 172.20.0.100 - - [03/Dec/2025:18:22:22 +0000] "PUT /d1/706/AUTH_12ada9feb77b42d78af372daadbfa837/gnocchi.f79be694-01c4-429a-bfed-6f2ab9e30c52/none_v3" 201 - "PUT http://172.18.0.2:8080/d1/64/AUTH_12ada9feb77b42d78af372daadbfa837/gnocchi.f79be694-01c4-429a-bfed-6f2ab9e30c52/none_v3" "tx02c92ca305cf4e98a92fa-0069307fde" "object-server 24" 0.0006 "-" 20 0
Dec 3 18:22:22 standalone object-server[127006]: 172.20.0.100 - - [03/Dec/2025:18:22:22 +0000] "PUT /d1/64/AUTH_12ada9feb77b42d78af372daadbfa837/gnocchi.f79be694-01c4-429a-bfed-6f2ab9e30c52/none_v3" 201 - "PUT http://172.18.0.2:8080/v1/AUTH_12ada9feb77b42d78af372daadbfa837/gnocchi.f79be694-01c4-429a-bfed-6f2ab9e30c52/none_v3" "tx02c92ca305cf4e98a92fa-0069307fde" "proxy-server 12" 0.0086 "-" 24 0
Dec 3 18:22:22 standalone proxy-server[128730]: 172.18.0.2 172.18.0.100 03/Dec/2025/18/22/22 PUT /v1/AUTH_12ada9feb77b42d78af372daadbfa837/gnocchi.f79be694-01c4-429a-bfed-6f2ab9e30c52/none_v3 HTTP/1.0 201 - python-swiftclient-3.11.1 gAAAAABpMH5jrfBV... 33 - - tx02c92ca305cf4e98a92fa-0069307fde - 0.0143 - - 1764786142.871873856 1764786142.886194706 0
Dec 3 18:22:22 standalone container-server[126788]: 172.20.0.100 - - [03/Dec/2025:18:22:22 +0000] "HEAD /d1/653/AUTH_12ada9feb77b42d78af372daadbfa837/gnocchi.93bf8a75-494a-4057-9122-17606a7ca360" 404 - "HEAD http://172.18.0.2:8080/v1/AUTH_12ada9feb77b42d78af372daadbfa837/gnocchi.93bf8a75-494a-4057-9122-17606a7ca360?format=json&states=listing" "txf7305b067ff34aa3ba7fd-0069307fde" "proxy-server 12" 0.0003 "-" 20 0
Dec 3 18:22:22 standalone object-server[127005]: 172.20.0.100 - - [03/Dec/2025:18:22:22 +0000] "GET /d1/30/AUTH_12ada9feb77b42d78af372daadbfa837/gnocchi.93bf8a75-494a-4057-9122-17606a7ca360/none_v3" 404 70 "GET http://172.18.0.2:8080/v1/AUTH_12ada9feb77b42d78af372daadbfa837/gnocchi.93bf8a75-494a-4057-9122-17606a7ca360/none_v3" "txf7305b067ff34aa3ba7fd-0069307fde" "proxy-server 12" 0.0006 "-" 23 0
Dec 3 18:22:22 standalone proxy-server[128730]: 172.18.0.2 172.18.0.100 03/Dec/2025/18/22/22 GET /v1/AUTH_12ada9feb77b42d78af372daadbfa837/gnocchi.93bf8a75-494a-4057-9122-17606a7ca360/none_v3 HTTP/1.0 404 - python-swiftclient-3.11.1 gAAAAABpMH5jrfBV... - 70 - txf7305b067ff34aa3ba7fd-0069307fde - 0.0094 - - 1764786142.899017334 1764786142.908425808 0
Dec 3 18:22:22 standalone account-server[126835]: 172.20.0.100 - - [03/Dec/2025:18:22:22 +0000] "PUT /d1/479/AUTH_12ada9feb77b42d78af372daadbfa837/gnocchi.93bf8a75-494a-4057-9122-17606a7ca360" 201 - "PUT http://172.20.0.100:6001/d1/653/AUTH_12ada9feb77b42d78af372daadbfa837/gnocchi.93bf8a75-494a-4057-9122-17606a7ca360" "tx316a4832aa524cb1a2d48-0069307fde" "container-server 21" 0.0055 "-" 23 0
Dec 3 18:22:22 standalone container-server[126791]: 172.20.0.100 - - [03/Dec/2025:18:22:22 +0000] "PUT /d1/653/AUTH_12ada9feb77b42d78af372daadbfa837/gnocchi.93bf8a75-494a-4057-9122-17606a7ca360" 201 - "PUT http://172.18.0.2:8080/v1/AUTH_12ada9feb77b42d78af372daadbfa837/gnocchi.93bf8a75-494a-4057-9122-17606a7ca360" "tx316a4832aa524cb1a2d48-0069307fde" "proxy-server 12" 0.0187 "-" 21 0
Dec 3 18:22:22 standalone proxy-server[128730]: 172.18.0.2 172.18.0.100 03/Dec/2025/18/22/22 PUT /v1/AUTH_12ada9feb77b42d78af372daadbfa837/gnocchi.93bf8a75-494a-4057-9122-17606a7ca360 HTTP/1.0 201 - python-swiftclient-3.11.1 gAAAAABpMH5jrfBV... - - - tx316a4832aa524cb1a2d48-0069307fde - 0.0234 - - 1764786142.911597490 1764786142.934989929 0
Dec 3 18:22:22 standalone container-server[126788]: 172.20.0.100 - - [03/Dec/2025:18:22:22 +0000] "HEAD /d1/653/AUTH_12ada9feb77b42d78af372daadbfa837/gnocchi.93bf8a75-494a-4057-9122-17606a7ca360" 204 - "HEAD http://172.18.0.2:8080/v1/AUTH_12ada9feb77b42d78af372daadbfa837/gnocchi.93bf8a75-494a-4057-9122-17606a7ca360?format=json&states=listing" "tx9c2190d7cc944ea9b4621-0069307fde" "proxy-server 12" 0.0011 "-" 20 0
Dec 3 18:22:22 standalone proxy-server[128730]: - - 03/Dec/2025/18/22/22 HEAD /v1/AUTH_12ada9feb77b42d78af372daadbfa837/gnocchi.93bf8a75-494a-4057-9122-17606a7ca360%3Fformat%3Djson%26states%3Dlisting HTTP/1.0 204 - Swift - - - - tx9c2190d7cc944ea9b4621-0069307fde - 0.0040 RL - 1764786142.938874006 1764786142.942903757 0
Dec 3 18:22:22 standalone container-server[126802]: 172.20.0.100 - - [03/Dec/2025:18:22:22 +0000] "GET /d1/653/AUTH_12ada9feb77b42d78af372daadbfa837/gnocchi.93bf8a75-494a-4057-9122-17606a7ca360" 200 2 "GET http://172.18.0.2:8080/v1/AUTH_12ada9feb77b42d78af372daadbfa837/gnocchi.93bf8a75-494a-4057-9122-17606a7ca360?format=json&states=listing" "tx9c2190d7cc944ea9b4621-0069307fde" "proxy-server 12" 0.0045 "-" 22 0
Dec 3 18:22:22 standalone proxy-server[128730]: 172.18.0.2 172.18.0.100 03/Dec/2025/18/22/22 GET /v1/AUTH_12ada9feb77b42d78af372daadbfa837/gnocchi.93bf8a75-494a-4057-9122-17606a7ca360%3Fformat%3Djson%26states%3Dlisting HTTP/1.0 200 - python-swiftclient-3.11.1 gAAAAABpMH5jrfBV... - 2 - tx9c2190d7cc944ea9b4621-0069307fde - 0.0179 - - 1764786142.938112736 1764786142.955994368 0
Dec 3 18:22:22 standalone object-server[127008]: 172.20.0.100 - - [03/Dec/2025:18:22:22 +0000] "GET /d1/590/AUTH_12ada9feb77b42d78af372daadbfa837/gnocchi.93bf8a75-494a-4057-9122-17606a7ca360/1764720000.0_mean_300.0_v3" 404 70 "GET http://172.18.0.2:8080/v1/AUTH_12ada9feb77b42d78af372daadbfa837/gnocchi.93bf8a75-494a-4057-9122-17606a7ca360/1764720000.0_mean_300.0_v3" "txc5f7bd40a5fc4294a0cbe-0069307fde" "proxy-server 12" 0.0005 "-" 25 0
Dec 3 18:22:23 standalone proxy-server[128730]: 172.18.0.2 172.18.0.100 03/Dec/2025/18/22/23 GET /v1/AUTH_12ada9feb77b42d78af372daadbfa837/gnocchi.93bf8a75-494a-4057-9122-17606a7ca360/1764720000.0_mean_300.0_v3 HTTP/1.0 404 - python-swiftclient-3.11.1 gAAAAABpMH5jrfBV... - 70 - txc5f7bd40a5fc4294a0cbe-0069307fde - 0.0432 - - 1764786142.959844589 1764786143.003072977 0
Dec 3 18:22:23 standalone container-server[126786]: 172.20.0.100 - - [03/Dec/2025:18:22:23 +0000] "PUT /d1/653/AUTH_12ada9feb77b42d78af372daadbfa837/gnocchi.93bf8a75-494a-4057-9122-17606a7ca360/1764720000.0_mean_300.0_v3" 201 - "PUT http://172.18.0.2:8080/d1/590/AUTH_12ada9feb77b42d78af372daadbfa837/gnocchi.93bf8a75-494a-4057-9122-17606a7ca360/1764720000.0_mean_300.0_v3" "tx180c374568464e299c2e8-0069307fdf" "object-server 24" 0.0005 "-" 19 0
Dec 3 18:22:23 standalone object-server[127006]: 172.20.0.100 - - [03/Dec/2025:18:22:23 +0000] "PUT /d1/590/AUTH_12ada9feb77b42d78af372daadbfa837/gnocchi.93bf8a75-494a-4057-9122-17606a7ca360/1764720000.0_mean_300.0_v3" 201 - "PUT http://172.18.0.2:8080/v1/AUTH_12ada9feb77b42d78af372daadbfa837/gnocchi.93bf8a75-494a-4057-9122-17606a7ca360/1764720000.0_mean_300.0_v3" "tx180c374568464e299c2e8-0069307fdf" "proxy-server 12" 0.0089 "-" 24 0
Dec 3 18:22:23 standalone proxy-server[128730]: 172.18.0.2 172.18.0.100 03/Dec/2025/18/22/23 PUT /v1/AUTH_12ada9feb77b42d78af372daadbfa837/gnocchi.93bf8a75-494a-4057-9122-17606a7ca360/1764720000.0_mean_300.0_v3 HTTP/1.0 201 - python-swiftclient-3.11.1 gAAAAABpMH5jrfBV... 16 - - tx180c374568464e299c2e8-0069307fdf - 0.0170 - - 1764786143.006564379 1764786143.023605108 0
Dec 3 18:22:23 standalone container-server[126791]: 172.20.0.100 - - [03/Dec/2025:18:22:23 +0000] "PUT /d1/653/AUTH_12ada9feb77b42d78af372daadbfa837/gnocchi.93bf8a75-494a-4057-9122-17606a7ca360/none_v3" 201 - "PUT http://172.18.0.2:8080/d1/30/AUTH_12ada9feb77b42d78af372daadbfa837/gnocchi.93bf8a75-494a-4057-9122-17606a7ca360/none_v3" "tx69d967610f7d4f19a5758-0069307fdf" "object-server 24" 0.0008 "-" 21 0
Dec 3 18:22:23 standalone object-server[127006]: 172.20.0.100 - - [03/Dec/2025:18:22:23 +0000] "PUT /d1/30/AUTH_12ada9feb77b42d78af372daadbfa837/gnocchi.93bf8a75-494a-4057-9122-17606a7ca360/none_v3" 201 - "PUT http://172.18.0.2:8080/v1/AUTH_12ada9feb77b42d78af372daadbfa837/gnocchi.93bf8a75-494a-4057-9122-17606a7ca360/none_v3" "tx69d967610f7d4f19a5758-0069307fdf" "proxy-server 12" 0.0094 "-" 24 0
Dec 3 18:22:23 standalone proxy-server[128730]: 172.18.0.2 172.18.0.100 03/Dec/2025/18/22/23 PUT /v1/AUTH_12ada9feb77b42d78af372daadbfa837/gnocchi.93bf8a75-494a-4057-9122-17606a7ca360/none_v3 HTTP/1.0 201 - python-swiftclient-3.11.1 gAAAAABpMH5jrfBV... 22 - - tx69d967610f7d4f19a5758-0069307fdf - 0.0173 - - 1764786143.026635408 1764786143.043963909 0
Dec 3 18:22:23 standalone container-server[126791]: 172.20.0.100 - - [03/Dec/2025:18:22:23 +0000] "HEAD /d1/745/AUTH_12ada9feb77b42d78af372daadbfa837/gnocchi.814c6beb-5f65-4b32-987c-4beed9b278c0" 204 - "HEAD http://172.18.0.2:8080/v1/AUTH_12ada9feb77b42d78af372daadbfa837/gnocchi.814c6beb-5f65-4b32-987c-4beed9b278c0?format=json&states=listing" "tx53f23adce48744b8a8c88-0069307fdf" "proxy-server 12" 0.0020 "-" 21 0
Dec 3 18:22:23 standalone object-server[127008]: 172.20.0.100 - - [03/Dec/2025:18:22:23 +0000] "GET /d1/739/AUTH_12ada9feb77b42d78af372daadbfa837/gnocchi.814c6beb-5f65-4b32-987c-4beed9b278c0/none_v3" 200 22 "GET http://172.18.0.2:8080/v1/AUTH_12ada9feb77b42d78af372daadbfa837/gnocchi.814c6beb-5f65-4b32-987c-4beed9b278c0/none_v3" "tx53f23adce48744b8a8c88-0069307fdf" "proxy-server 12" 0.0009 "-" 25 0
Dec 3 18:22:23 standalone proxy-server[128730]: 172.18.0.2 172.18.0.100 03/Dec/2025/18/22/23 GET /v1/AUTH_12ada9feb77b42d78af372daadbfa837/gnocchi.814c6beb-5f65-4b32-987c-4beed9b278c0/none_v3 HTTP/1.0 200 - python-swiftclient-3.11.1 gAAAAABpMH5jrfBV... - 22 - tx53f23adce48744b8a8c88-0069307fdf - 0.0167 - - 1764786143.052190065 1764786143.068876028 0
Dec 3 18:22:23 standalone container-server[126802]: 172.20.0.100 - - [03/Dec/2025:18:22:23 +0000] "GET /d1/745/AUTH_12ada9feb77b42d78af372daadbfa837/gnocchi.814c6beb-5f65-4b32-987c-4beed9b278c0" 200 357 "GET http://172.18.0.2:8080/v1/AUTH_12ada9feb77b42d78af372daadbfa837/gnocchi.814c6beb-5f65-4b32-987c-4beed9b278c0?format=json&states=listing" "txafa1777082b348099900e-0069307fdf" "proxy-server 12" 0.0027 "-" 22 0
Dec 3 18:22:23 standalone proxy-server[128730]: 172.18.0.2 172.18.0.100 03/Dec/2025/18/22/23 GET /v1/AUTH_12ada9feb77b42d78af372daadbfa837/gnocchi.814c6beb-5f65-4b32-987c-4beed9b278c0%3Fformat%3Djson%26states%3Dlisting HTTP/1.0 200 - python-swiftclient-3.11.1 gAAAAABpMH5jrfBV... - 357 - txafa1777082b348099900e-0069307fdf - 0.0117 - - 1764786143.074170113 1764786143.085846186 0
Dec 3 18:22:23 standalone container-server[126791]: 172.20.0.100 - - [03/Dec/2025:18:22:23 +0000] "GET /d1/745/AUTH_12ada9feb77b42d78af372daadbfa837/gnocchi.814c6beb-5f65-4b32-987c-4beed9b278c0" 200 2 "GET http://172.18.0.2:8080/v1/AUTH_12ada9feb77b42d78af372daadbfa837/gnocchi.814c6beb-5f65-4b32-987c-4beed9b278c0?format=json&marker=none_v3&states=listing" "txc6af6054c24143e8b442b-0069307fdf" "proxy-server 12" 0.0031 "-" 21 0
Dec 3 18:22:23 standalone proxy-server[128730]: 172.18.0.2 172.18.0.100 03/Dec/2025/18/22/23 GET /v1/AUTH_12ada9feb77b42d78af372daadbfa837/gnocchi.814c6beb-5f65-4b32-987c-4beed9b278c0%3Fformat%3Djson%26marker%3Dnone_v3%26states%3Dlisting HTTP/1.0 200 - python-swiftclient-3.11.1 gAAAAABpMH5jrfBV... - 2 - txc6af6054c24143e8b442b-0069307fdf - 0.0117 - - 1764786143.088777781 1764786143.100497961 0
Dec 3 18:22:23 standalone object-server[127008]: 172.20.0.100 - - [03/Dec/2025:18:22:23 +0000] "GET /d1/147/AUTH_12ada9feb77b42d78af372daadbfa837/gnocchi.814c6beb-5f65-4b32-987c-4beed9b278c0/1764720000.0_mean_300.0_v3" 200 16 "GET http://172.18.0.2:8080/v1/AUTH_12ada9feb77b42d78af372daadbfa837/gnocchi.814c6beb-5f65-4b32-987c-4beed9b278c0/1764720000.0_mean_300.0_v3" "txc51780c95dde4c0c81bd1-0069307fdf" "proxy-server 12" 0.0008 "-" 25 0
Dec 3 18:22:23 standalone proxy-server[128730]: 172.18.0.2 172.18.0.100 03/Dec/2025/18/22/23 GET /v1/AUTH_12ada9feb77b42d78af372daadbfa837/gnocchi.814c6beb-5f65-4b32-987c-4beed9b278c0/1764720000.0_mean_300.0_v3 HTTP/1.0 200 - python-swiftclient-3.11.1 gAAAAABpMH5jrfBV... - 16 - txc51780c95dde4c0c81bd1-0069307fdf - 0.0085 - - 1764786143.103959560 1764786143.112470865 0
Dec 3 18:22:23 standalone object-server[127006]: 172.20.0.100 - - [03/Dec/2025:18:22:23 +0000] "GET /d1/285/AUTH_12ada9feb77b42d78af372daadbfa837/gnocchi.814c6beb-5f65-4b32-987c-4beed9b278c0/1764720000.0_rate%3Amean_300.0_v3" 404 70 "GET http://172.18.0.2:8080/v1/AUTH_12ada9feb77b42d78af372daadbfa837/gnocchi.814c6beb-5f65-4b32-987c-4beed9b278c0/1764720000.0_rate%3Amean_300.0_v3" "tx7a92f4b24d6a4655ab52b-0069307fdf" "proxy-server 12" 0.0006 "-" 24 0
Dec 3 18:22:23 standalone proxy-server[128730]: 172.18.0.2 172.18.0.100 03/Dec/2025/18/22/23 GET /v1/AUTH_12ada9feb77b42d78af372daadbfa837/gnocchi.814c6beb-5f65-4b32-987c-4beed9b278c0/1764720000.0_rate%253Amean_300.0_v3 HTTP/1.0 404 - python-swiftclient-3.11.1 gAAAAABpMH5jrfBV... - 70 - tx7a92f4b24d6a4655ab52b-0069307fdf - 0.0070 - - 1764786143.115418911 1764786143.122394085 0
Dec 3 18:22:23 standalone container-server[126786]: 172.20.0.100 - - [03/Dec/2025:18:22:23 +0000] "PUT /d1/745/AUTH_12ada9feb77b42d78af372daadbfa837/gnocchi.814c6beb-5f65-4b32-987c-4beed9b278c0/1764720000.0_mean_300.0_v3" 201 - "PUT http://172.18.0.2:8080/d1/147/AUTH_12ada9feb77b42d78af372daadbfa837/gnocchi.814c6beb-5f65-4b32-987c-4beed9b278c0/1764720000.0_mean_300.0_v3" "tx1b8a0a79990446ee9f704-0069307fdf" "object-server 23" 0.0011 "-" 19 0
Dec 3 18:22:23 standalone object-server[127005]: 172.20.0.100 - - [03/Dec/2025:18:22:23 +0000] "PUT /d1/147/AUTH_12ada9feb77b42d78af372daadbfa837/gnocchi.814c6beb-5f65-4b32-987c-4beed9b278c0/1764720000.0_mean_300.0_v3" 201 - "PUT http://172.18.0.2:8080/v1/AUTH_12ada9feb77b42d78af372daadbfa837/gnocchi.814c6beb-5f65-4b32-987c-4beed9b278c0/1764720000.0_mean_300.0_v3" "tx1b8a0a79990446ee9f704-0069307fdf" "proxy-server 12" 0.0133 "-" 23 0
Dec 3 18:22:23 standalone proxy-server[128730]: 172.18.0.2 172.18.0.100 03/Dec/2025/18/22/23 PUT /v1/AUTH_12ada9feb77b42d78af372daadbfa837/gnocchi.814c6beb-5f65-4b32-987c-4beed9b278c0/1764720000.0_mean_300.0_v3 HTTP/1.0 201 - python-swiftclient-3.11.1 gAAAAABpMH5jrfBV... 18 - - tx1b8a0a79990446ee9f704-0069307fdf - 0.0203 - - 1764786143.128238916 1764786143.148496866 0
Dec 3 18:22:23 standalone container-server[126788]: 172.20.0.100 - - [03/Dec/2025:18:22:23 +0000] "PUT /d1/745/AUTH_12ada9feb77b42d78af372daadbfa837/gnocchi.814c6beb-5f65-4b32-987c-4beed9b278c0/1764720000.0_rate%3Amean_300.0_v3" 201 - "PUT http://172.18.0.2:8080/d1/285/AUTH_12ada9feb77b42d78af372daadbfa837/gnocchi.814c6beb-5f65-4b32-987c-4beed9b278c0/1764720000.0_rate%3Amean_300.0_v3" "tx8bb9bda18699453e91598-0069307fdf" "object-server 24" 0.0008 "-" 20 0
Dec 3 18:22:23 standalone object-server[127006]: 172.20.0.100 - - [03/Dec/2025:18:22:23 +0000] "PUT /d1/285/AUTH_12ada9feb77b42d78af372daadbfa837/gnocchi.814c6beb-5f65-4b32-987c-4beed9b278c0/1764720000.0_rate%3Amean_300.0_v3" 201 - "PUT http://172.18.0.2:8080/v1/AUTH_12ada9feb77b42d78af372daadbfa837/gnocchi.814c6beb-5f65-4b32-987c-4beed9b278c0/1764720000.0_rate%3Amean_300.0_v3" "tx8bb9bda18699453e91598-0069307fdf" "proxy-server 12" 0.0111 "-" 24 0
Dec 3 18:22:23 standalone proxy-server[128730]: 172.18.0.2 172.18.0.100 03/Dec/2025/18/22/23 PUT /v1/AUTH_12ada9feb77b42d78af372daadbfa837/gnocchi.814c6beb-5f65-4b32-987c-4beed9b278c0/1764720000.0_rate%253Amean_300.0_v3 HTTP/1.0 201 - python-swiftclient-3.11.1 gAAAAABpMH5jrfBV... 16 - - tx8bb9bda18699453e91598-0069307fdf - 0.0198 - - 1764786143.152956963 1764786143.172782421 0
Dec 3 18:22:23 standalone container-server[126786]: 172.20.0.100 - - [03/Dec/2025:18:22:23 +0000] "PUT /d1/745/AUTH_12ada9feb77b42d78af372daadbfa837/gnocchi.814c6beb-5f65-4b32-987c-4beed9b278c0/none_v3" 201 - "PUT http://172.18.0.2:8080/d1/739/AUTH_12ada9feb77b42d78af372daadbfa837/gnocchi.814c6beb-5f65-4b32-987c-4beed9b278c0/none_v3" "tx089098b927f84fb98b498-0069307fdf" "object-server 23" 0.0008 "-" 19 0
Dec 3 18:22:23 standalone object-server[127005]: 172.20.0.100 - - [03/Dec/2025:18:22:23 +0000] "PUT /d1/739/AUTH_12ada9feb77b42d78af372daadbfa837/gnocchi.814c6beb-5f65-4b32-987c-4beed9b278c0/none_v3" 201 - "PUT http://172.18.0.2:8080/v1/AUTH_12ada9feb77b42d78af372daadbfa837/gnocchi.814c6beb-5f65-4b32-987c-4beed9b278c0/none_v3" "tx089098b927f84fb98b498-0069307fdf" "proxy-server 12" 0.0104 "-" 23 0
