2025-10-05 07:50:00.233 15 DEBUG neutron.pecan_wsgi.hooks.policy_enforcement [req-9afc62bb-3e0d-4ad6-b9fd-e612b445eb0e 52de1591efc34b5f84b0a6483b35e8e6 57a7e495d3c2447bb65f1c6e5df4d3e7 - default default] Attributes excluded by policy engine: ['standard_attr_id'] _exclude_attributes_by_policy /usr/lib/python3.9/site-packages/neutron/pecan_wsgi/hooks/policy_enforcement.py:259
2025-10-05 07:50:00.234 15 DEBUG neutron.pecan_wsgi.hooks.policy_enforcement [req-9afc62bb-3e0d-4ad6-b9fd-e612b445eb0e 52de1591efc34b5f84b0a6483b35e8e6 57a7e495d3c2447bb65f1c6e5df4d3e7 - default default] Attributes excluded by policy engine: ['standard_attr_id'] _exclude_attributes_by_policy /usr/lib/python3.9/site-packages/neutron/pecan_wsgi/hooks/policy_enforcement.py:259
2025-10-05 07:50:00.234 15 DEBUG neutron.pecan_wsgi.hooks.policy_enforcement [req-9afc62bb-3e0d-4ad6-b9fd-e612b445eb0e 52de1591efc34b5f84b0a6483b35e8e6 57a7e495d3c2447bb65f1c6e5df4d3e7 - default default] Attributes excluded by policy engine: ['standard_attr_id'] _exclude_attributes_by_policy /usr/lib/python3.9/site-packages/neutron/pecan_wsgi/hooks/policy_enforcement.py:259
2025-10-05 07:50:00.235 15 INFO neutron.wsgi [req-9afc62bb-3e0d-4ad6-b9fd-e612b445eb0e 52de1591efc34b5f84b0a6483b35e8e6 57a7e495d3c2447bb65f1c6e5df4d3e7 - default default] 192.168.122.100 "GET /v2.0/ports?network_id=359da1c0-5e2c-4e46-b7ae-cf5acab61c8a&tags=tripleo_stack_name%3Dovercloud HTTP/1.1" status: 200 len: 5557 time: 0.0608206
2025-10-05 07:50:00.278 15 DEBUG neutron.plugins.ml2.plugin [req-0669d390-7b4f-486c-86ff-c75e69fa4eb5 52de1591efc34b5f84b0a6483b35e8e6 57a7e495d3c2447bb65f1c6e5df4d3e7 - default default] Deleting port 058f5b65-5ae0-42f6-83c3-ff79a6ad8316 _pre_delete_port /usr/lib/python3.9/site-packages/neutron/plugins/ml2/plugin.py:2025
2025-10-05 07:50:00.278 15 DEBUG neutron_lib.callbacks.manager [req-0669d390-7b4f-486c-86ff-c75e69fa4eb5 52de1591efc34b5f84b0a6483b35e8e6 57a7e495d3c2447bb65f1c6e5df4d3e7 - default default] Notify callbacks ['neutron.plugins.ml2.extensions.dns_integration._delete_port_in_external_dns_service-8777446401612', 'neutron.db.l3_db.L3_NAT_dbonly_mixin._prevent_l3_port_delete_callback-8777446466847'] for port, before_delete _notify_loop /usr/lib/python3.9/site-packages/neutron_lib/callbacks/manager.py:200
2025-10-05 07:50:00.365 15 DEBUG neutron_lib.callbacks.manager [req-0669d390-7b4f-486c-86ff-c75e69fa4eb5 52de1591efc34b5f84b0a6483b35e8e6 57a7e495d3c2447bb65f1c6e5df4d3e7 - default default] Notify callbacks ['neutron.services.l3_router.l3_router_plugin.L3_NAT_dbonly_mixin._precommit_delete_port_callback-2086278'] for port, precommit_delete _notify_loop /usr/lib/python3.9/site-packages/neutron_lib/callbacks/manager.py:200
2025-10-05 07:50:00.373 15 DEBUG neutron.plugins.ml2.plugin [req-0669d390-7b4f-486c-86ff-c75e69fa4eb5 52de1591efc34b5f84b0a6483b35e8e6 57a7e495d3c2447bb65f1c6e5df4d3e7 - default default] Calling delete_port for 058f5b65-5ae0-42f6-83c3-ff79a6ad8316 owned by delete_port /usr/lib/python3.9/site-packages/neutron/plugins/ml2/plugin.py:2097
2025-10-05 07:50:00.441 15 DEBUG neutron_lib.callbacks.manager [req-0669d390-7b4f-486c-86ff-c75e69fa4eb5 52de1591efc34b5f84b0a6483b35e8e6 57a7e495d3c2447bb65f1c6e5df4d3e7 - default default] Notify callbacks ['neutron.plugins.ml2.plugin.SecurityGroupServerNotifierRpcMixin.notify_sg_on_port_change-528776', 'neutron.plugins.ml2.ovo_rpc._ObjectChangeHandler.handle_event-343525', 'neutron.api.rpc.agentnotifiers.dhcp_rpc_agent_api.DhcpAgentNotifyAPI._native_event_send_dhcp_notification-1955480', 'neutron.db.l3_db.L3RpcNotifierMixin._notify_routers_callback-8777446441063', 'neutron.services.segments.plugin.NovaSegmentNotifier._notify_port_created_or_deleted-2052885'] for port, after_delete _notify_loop /usr/lib/python3.9/site-packages/neutron_lib/callbacks/manager.py:200
2025-10-05 07:50:00.465 15 DEBUG neutron.api.rpc.handlers.resources_rpc [req-0669d390-7b4f-486c-86ff-c75e69fa4eb5 52de1591efc34b5f84b0a6483b35e8e6 57a7e495d3c2447bb65f1c6e5df4d3e7 - - -] Pushing event deleted for resources: {'Port': ['ID=058f5b65-5ae0-42f6-83c3-ff79a6ad8316,revision_number=None']} push /usr/lib/python3.9/site-packages/neutron/api/rpc/handlers/resources_rpc.py:237
2025-10-05 07:50:00.473 15 DEBUG neutron_lib.callbacks.manager [req-0669d390-7b4f-486c-86ff-c75e69fa4eb5 52de1591efc34b5f84b0a6483b35e8e6 57a7e495d3c2447bb65f1c6e5df4d3e7 - default default] Notify callbacks ['neutron.notifiers.nova.Notifier._send_nova_notification-152992', 'neutron.api.rpc.agentnotifiers.dhcp_rpc_agent_api.DhcpAgentNotifyAPI._send_dhcp_notification-1955562'] for port, before_response _notify_loop /usr/lib/python3.9/site-packages/neutron_lib/callbacks/manager.py:200
2025-10-05 07:50:00.474 15 INFO neutron.wsgi [req-0669d390-7b4f-486c-86ff-c75e69fa4eb5 52de1591efc34b5f84b0a6483b35e8e6 57a7e495d3c2447bb65f1c6e5df4d3e7 - default default] 192.168.122.100 "DELETE /v2.0/ports/058f5b65-5ae0-42f6-83c3-ff79a6ad8316 HTTP/1.1" status: 204 len: 173 time: 0.2335835
2025-10-05 07:50:00.519 15 DEBUG neutron.plugins.ml2.plugin [req-56cae4df-3b07-4758-8063-258851435199 52de1591efc34b5f84b0a6483b35e8e6 57a7e495d3c2447bb65f1c6e5df4d3e7 - default default] Deleting port 223406cd-0574-4419-8771-d0e06e6e25a0 _pre_delete_port /usr/lib/python3.9/site-packages/neutron/plugins/ml2/plugin.py:2025
2025-10-05 07:50:00.519 15 DEBUG neutron_lib.callbacks.manager [req-56cae4df-3b07-4758-8063-258851435199 52de1591efc34b5f84b0a6483b35e8e6 57a7e495d3c2447bb65f1c6e5df4d3e7 - default default] Notify callbacks ['neutron.plugins.ml2.extensions.dns_integration._delete_port_in_external_dns_service-8777446401612', 'neutron.db.l3_db.L3_NAT_dbonly_mixin._prevent_l3_port_delete_callback-8777446466847'] for port, before_delete _notify_loop /usr/lib/python3.9/site-packages/neutron_lib/callbacks/manager.py:200
2025-10-05 07:50:00.650 15 DEBUG neutron_lib.callbacks.manager [req-56cae4df-3b07-4758-8063-258851435199 52de1591efc34b5f84b0a6483b35e8e6 57a7e495d3c2447bb65f1c6e5df4d3e7 - default default] Notify callbacks ['neutron.services.l3_router.l3_router_plugin.L3_NAT_dbonly_mixin._precommit_delete_port_callback-2086278'] for port, precommit_delete _notify_loop /usr/lib/python3.9/site-packages/neutron_lib/callbacks/manager.py:200
2025-10-05 07:50:00.660 15 DEBUG neutron.plugins.ml2.plugin [req-56cae4df-3b07-4758-8063-258851435199 52de1591efc34b5f84b0a6483b35e8e6 57a7e495d3c2447bb65f1c6e5df4d3e7 - default default] Calling delete_port for 223406cd-0574-4419-8771-d0e06e6e25a0 owned by delete_port /usr/lib/python3.9/site-packages/neutron/plugins/ml2/plugin.py:2097
2025-10-05 07:50:00.696 15 DEBUG neutron_lib.callbacks.manager [req-56cae4df-3b07-4758-8063-258851435199 52de1591efc34b5f84b0a6483b35e8e6 57a7e495d3c2447bb65f1c6e5df4d3e7 - default default] Notify callbacks ['neutron.plugins.ml2.plugin.SecurityGroupServerNotifierRpcMixin.notify_sg_on_port_change-528776', 'neutron.plugins.ml2.ovo_rpc._ObjectChangeHandler.handle_event-343525', 'neutron.api.rpc.agentnotifiers.dhcp_rpc_agent_api.DhcpAgentNotifyAPI._native_event_send_dhcp_notification-1955480', 'neutron.db.l3_db.L3RpcNotifierMixin._notify_routers_callback-8777446441063', 'neutron.services.segments.plugin.NovaSegmentNotifier._notify_port_created_or_deleted-2052885'] for port, after_delete _notify_loop /usr/lib/python3.9/site-packages/neutron_lib/callbacks/manager.py:200
2025-10-05 07:50:00.716 15 DEBUG neutron.api.rpc.handlers.resources_rpc [req-56cae4df-3b07-4758-8063-258851435199 52de1591efc34b5f84b0a6483b35e8e6 57a7e495d3c2447bb65f1c6e5df4d3e7 - - -] Pushing event deleted for resources: {'Port': ['ID=223406cd-0574-4419-8771-d0e06e6e25a0,revision_number=None']} push /usr/lib/python3.9/site-packages/neutron/api/rpc/handlers/resources_rpc.py:237
2025-10-05 07:50:00.722 15 DEBUG neutron_lib.callbacks.manager [req-56cae4df-3b07-4758-8063-258851435199 52de1591efc34b5f84b0a6483b35e8e6 57a7e495d3c2447bb65f1c6e5df4d3e7 - default default] Notify callbacks ['neutron.notifiers.nova.Notifier._send_nova_notification-152992', 'neutron.api.rpc.agentnotifiers.dhcp_rpc_agent_api.DhcpAgentNotifyAPI._send_dhcp_notification-1955562'] for port, before_response _notify_loop /usr/lib/python3.9/site-packages/neutron_lib/callbacks/manager.py:200
2025-10-05 07:50:00.724 15 INFO neutron.wsgi [req-56cae4df-3b07-4758-8063-258851435199 52de1591efc34b5f84b0a6483b35e8e6 57a7e495d3c2447bb65f1c6e5df4d3e7 - default default] 192.168.122.100 "DELETE /v2.0/ports/223406cd-0574-4419-8771-d0e06e6e25a0 HTTP/1.1" status: 204 len: 173 time: 0.2365618
2025-10-05 07:50:00.759 15 DEBUG neutron.plugins.ml2.plugin [req-f36605ed-6dd3-44d0-8e2e-3b4779e827c8 52de1591efc34b5f84b0a6483b35e8e6 57a7e495d3c2447bb65f1c6e5df4d3e7 - default default] Deleting port a81111fc-fe58-40ee-a3c8-0eca35605a88 _pre_delete_port /usr/lib/python3.9/site-packages/neutron/plugins/ml2/plugin.py:2025
2025-10-05 07:50:00.760 15 DEBUG neutron_lib.callbacks.manager [req-f36605ed-6dd3-44d0-8e2e-3b4779e827c8 52de1591efc34b5f84b0a6483b35e8e6 57a7e495d3c2447bb65f1c6e5df4d3e7 - default default] Notify callbacks ['neutron.plugins.ml2.extensions.dns_integration._delete_port_in_external_dns_service-8777446401612', 'neutron.db.l3_db.L3_NAT_dbonly_mixin._prevent_l3_port_delete_callback-8777446466847'] for port, before_delete _notify_loop /usr/lib/python3.9/site-packages/neutron_lib/callbacks/manager.py:200
2025-10-05 07:50:00.856 15 DEBUG neutron_lib.callbacks.manager [req-f36605ed-6dd3-44d0-8e2e-3b4779e827c8 52de1591efc34b5f84b0a6483b35e8e6 57a7e495d3c2447bb65f1c6e5df4d3e7 - default default] Notify callbacks ['neutron.services.l3_router.l3_router_plugin.L3_NAT_dbonly_mixin._precommit_delete_port_callback-2086278'] for port, precommit_delete _notify_loop /usr/lib/python3.9/site-packages/neutron_lib/callbacks/manager.py:200
2025-10-05 07:50:00.864 15 DEBUG neutron.plugins.ml2.plugin [req-f36605ed-6dd3-44d0-8e2e-3b4779e827c8 52de1591efc34b5f84b0a6483b35e8e6 57a7e495d3c2447bb65f1c6e5df4d3e7 - default default] Calling delete_port for a81111fc-fe58-40ee-a3c8-0eca35605a88 owned by delete_port /usr/lib/python3.9/site-packages/neutron/plugins/ml2/plugin.py:2097
2025-10-05 07:50:00.899 15 DEBUG neutron_lib.callbacks.manager [req-f36605ed-6dd3-44d0-8e2e-3b4779e827c8 52de1591efc34b5f84b0a6483b35e8e6 57a7e495d3c2447bb65f1c6e5df4d3e7 - default default] Notify callbacks ['neutron.plugins.ml2.plugin.SecurityGroupServerNotifierRpcMixin.notify_sg_on_port_change-528776', 'neutron.plugins.ml2.ovo_rpc._ObjectChangeHandler.handle_event-343525', 'neutron.api.rpc.agentnotifiers.dhcp_rpc_agent_api.DhcpAgentNotifyAPI._native_event_send_dhcp_notification-1955480', 'neutron.db.l3_db.L3RpcNotifierMixin._notify_routers_callback-8777446441063', 'neutron.services.segments.plugin.NovaSegmentNotifier._notify_port_created_or_deleted-2052885'] for port, after_delete _notify_loop /usr/lib/python3.9/site-packages/neutron_lib/callbacks/manager.py:200
2025-10-05 07:50:00.917 15 DEBUG neutron.api.rpc.handlers.resources_rpc [req-f36605ed-6dd3-44d0-8e2e-3b4779e827c8 52de1591efc34b5f84b0a6483b35e8e6 57a7e495d3c2447bb65f1c6e5df4d3e7 - - -] Pushing event deleted for resources: {'Port': ['ID=a81111fc-fe58-40ee-a3c8-0eca35605a88,revision_number=None']} push /usr/lib/python3.9/site-packages/neutron/api/rpc/handlers/resources_rpc.py:237
2025-10-05 07:50:00.927 15 DEBUG neutron_lib.callbacks.manager [req-f36605ed-6dd3-44d0-8e2e-3b4779e827c8 52de1591efc34b5f84b0a6483b35e8e6 57a7e495d3c2447bb65f1c6e5df4d3e7 - default default] Notify callbacks ['neutron.notifiers.nova.Notifier._send_nova_notification-152992', 'neutron.api.rpc.agentnotifiers.dhcp_rpc_agent_api.DhcpAgentNotifyAPI._send_dhcp_notification-1955562'] for port, before_response _notify_loop /usr/lib/python3.9/site-packages/neutron_lib/callbacks/manager.py:200
2025-10-05 07:50:00.929 15 INFO neutron.wsgi [req-f36605ed-6dd3-44d0-8e2e-3b4779e827c8 52de1591efc34b5f84b0a6483b35e8e6 57a7e495d3c2447bb65f1c6e5df4d3e7 - default default] 192.168.122.100 "DELETE /v2.0/ports/a81111fc-fe58-40ee-a3c8-0eca35605a88 HTTP/1.1" status: 204 len: 173 time: 0.1962893
2025-10-05 07:50:00.972 15 DEBUG neutron.pecan_wsgi.hooks.policy_enforcement [req-ead26a93-abe7-4531-a4dc-fb2c50768351 52de1591efc34b5f84b0a6483b35e8e6 57a7e495d3c2447bb65f1c6e5df4d3e7 - default default] Attributes excluded by policy engine: ['standard_attr_id'] _exclude_attributes_by_policy /usr/lib/python3.9/site-packages/neutron/pecan_wsgi/hooks/policy_enforcement.py:259
2025-10-05 07:50:00.972 15 DEBUG neutron.pecan_wsgi.hooks.policy_enforcement [req-ead26a93-abe7-4531-a4dc-fb2c50768351 52de1591efc34b5f84b0a6483b35e8e6 57a7e495d3c2447bb65f1c6e5df4d3e7 - default default] Attributes excluded by policy engine: ['standard_attr_id'] _exclude_attributes_by_policy /usr/lib/python3.9/site-packages/neutron/pecan_wsgi/hooks/policy_enforcement.py:259
2025-10-05 07:50:00.972 15 DEBUG neutron.pecan_wsgi.hooks.policy_enforcement [req-ead26a93-abe7-4531-a4dc-fb2c50768351 52de1591efc34b5f84b0a6483b35e8e6 57a7e495d3c2447bb65f1c6e5df4d3e7 - default default] Attributes excluded by policy engine: ['standard_attr_id'] _exclude_attributes_by_policy /usr/lib/python3.9/site-packages/neutron/pecan_wsgi/hooks/policy_enforcement.py:259
2025-10-05 07:50:00.973 15 INFO neutron.wsgi [req-ead26a93-abe7-4531-a4dc-fb2c50768351 52de1591efc34b5f84b0a6483b35e8e6 57a7e495d3c2447bb65f1c6e5df4d3e7 - default default] 192.168.122.100 "GET /v2.0/ports?network_id=359da1c0-5e2c-4e46-b7ae-cf5acab61c8a&tags=tripleo_stack_name%3Dovercloud HTTP/1.1" status: 200 len: 2884 time: 0.0365479
2025-10-05 07:50:06.067 16 DEBUG neutron.wsgi [-] (16) accepted ('192.168.122.100', 37152) server /usr/lib/python3.9/site-packages/eventlet/wsgi.py:992
2025-10-05 07:50:06.069 16 INFO neutron.wsgi [-] 192.168.122.100 "GET / HTTP/1.1" status: 200 len: 233 time: 0.0011723
2025-10-05 07:50:37.105 16 DEBUG neutron.wsgi [-] (16) accepted ('192.168.122.100', 42360) server /usr/lib/python3.9/site-packages/eventlet/wsgi.py:992
2025-10-05 07:50:37.107 16 INFO neutron.wsgi [-] 192.168.122.100 "GET / HTTP/1.1" status: 200 len: 233 time: 0.0011947
2025-10-05 07:51:08.137 18 DEBUG neutron.wsgi [-] (18) accepted ('192.168.122.100', 42262) server /usr/lib/python3.9/site-packages/eventlet/wsgi.py:992
2025-10-05 07:51:08.139 18 INFO neutron.wsgi [-] 192.168.122.100 "GET / HTTP/1.1" status: 200 len: 233 time: 0.0011983
2025-10-05 07:51:39.120 18 DEBUG neutron.wsgi [-] (18) accepted ('192.168.122.100', 38170) server /usr/lib/python3.9/site-packages/eventlet/wsgi.py:992
2025-10-05 07:51:39.123 18 INFO neutron.wsgi [-] 192.168.122.100 "GET / HTTP/1.1" status: 200 len: 233 time: 0.0019059
2025-10-05 07:52:10.182 17 DEBUG neutron.wsgi [-] (17) accepted ('192.168.122.100', 51846) server /usr/lib/python3.9/site-packages/eventlet/wsgi.py:992
2025-10-05 07:52:10.185 17 INFO neutron.wsgi [-] 192.168.122.100 "GET / HTTP/1.1" status: 200 len: 233 time: 0.0015101
2025-10-05 07:52:41.089 18 DEBUG neutron.wsgi [-] (18) accepted ('192.168.122.100', 52798) server /usr/lib/python3.9/site-packages/eventlet/wsgi.py:992
2025-10-05 07:52:41.091 18 INFO neutron.wsgi [-] 192.168.122.100 "GET / HTTP/1.1" status: 200 len: 233 time: 0.0012016
2025-10-05 07:52:48.767 21 DEBUG neutron_lib.callbacks.manager [req-fe61ca7c-2402-4349-9b20-4ac2c6415931 - - - - -] Notify callbacks ['neutron.services.segments.db._update_segment_host_mapping_for_agent-8777446517086', 'neutron.plugins.ml2.plugin.Ml2Plugin._retry_binding_revived_agents-930193'] for agent, after_update _notify_loop /usr/lib/python3.9/site-packages/neutron_lib/callbacks/manager.py:200
2025-10-05 07:52:48.926 19 DEBUG neutron_lib.callbacks.manager [req-19d05ad8-bd70-4b6c-a342-f6e78cadddbb - - - - -] Notify callbacks ['neutron.services.segments.db._update_segment_host_mapping_for_agent-8777446517086', 'neutron.plugins.ml2.plugin.Ml2Plugin._retry_binding_revived_agents-930193'] for agent, after_update _notify_loop /usr/lib/python3.9/site-packages/neutron_lib/callbacks/manager.py:200
2025-10-05 07:52:55.444 20 DEBUG neutron_lib.callbacks.manager [req-a6e0925d-9ce8-44fd-a5ec-3b91f9923e9d - - - - -] Notify callbacks ['neutron.services.segments.db._update_segment_host_mapping_for_agent-8777446517086', 'neutron.plugins.ml2.plugin.Ml2Plugin._retry_binding_revived_agents-930193'] for agent, after_update _notify_loop /usr/lib/python3.9/site-packages/neutron_lib/callbacks/manager.py:200
2025-10-05 07:53:12.063 18 DEBUG neutron.wsgi [-] (18) accepted ('192.168.122.100', 39958) server /usr/lib/python3.9/site-packages/eventlet/wsgi.py:992
2025-10-05 07:53:12.066 18 INFO neutron.wsgi [-] 192.168.122.100 "GET / HTTP/1.1" status: 200 len: 233 time: 0.0016692
2025-10-05 07:53:43.139 15 DEBUG neutron.wsgi [-] (15) accepted ('192.168.122.100', 57694) server /usr/lib/python3.9/site-packages/eventlet/wsgi.py:992
2025-10-05 07:53:43.142 15 INFO neutron.wsgi [-] 192.168.122.100 "GET / HTTP/1.1" status: 200 len: 233 time: 0.0015230
2025-10-05 07:53:56.532 24 DEBUG neutron.db.agents_db [req-7394b711-724b-4f53-b28e-fc41b73220a5 - - - - -] Agent healthcheck: found 3 active agents agent_health_check /usr/lib/python3.9/site-packages/neutron/db/agents_db.py:328
2025-10-05 07:54:14.227 15 DEBUG neutron.wsgi [-] (15) accepted ('192.168.122.100', 46168) server /usr/lib/python3.9/site-packages/eventlet/wsgi.py:992
2025-10-05 07:54:14.229 15 INFO neutron.wsgi [-] 192.168.122.100 "GET / HTTP/1.1" status: 200 len: 233 time: 0.0011160
2025-10-05 07:54:45.307 15 DEBUG neutron.wsgi [-] (15) accepted ('192.168.122.100', 35848) server /usr/lib/python3.9/site-packages/eventlet/wsgi.py:992
2025-10-05 07:54:45.310 15 INFO neutron.wsgi [-] 192.168.122.100 "GET / HTTP/1.1" status: 200 len: 233 time: 0.0019219
2025-10-05 07:55:16.108 16 DEBUG neutron.wsgi [-] (16) accepted ('192.168.122.100', 53206) server /usr/lib/python3.9/site-packages/eventlet/wsgi.py:992
2025-10-05 07:55:16.110 16 INFO neutron.wsgi [-] 192.168.122.100 "GET / HTTP/1.1" status: 200 len: 233 time: 0.0011737
2025-10-05 07:55:47.104 18 DEBUG neutron.wsgi [-] (18) accepted ('192.168.122.100', 60438) server /usr/lib/python3.9/site-packages/eventlet/wsgi.py:992
2025-10-05 07:55:47.107 18 INFO neutron.wsgi [-] 192.168.122.100 "GET / HTTP/1.1" status: 200 len: 233 time: 0.0015421
2025-10-05 07:56:18.013 18 DEBUG neutron.wsgi [-] (18) accepted ('192.168.122.100', 58126) server /usr/lib/python3.9/site-packages/eventlet/wsgi.py:992
2025-10-05 07:56:18.017 18 INFO neutron.wsgi [-] 192.168.122.100 "GET / HTTP/1.1" status: 200 len: 233 time: 0.0023301
2025-10-05 07:56:49.204 18 DEBUG neutron.wsgi [-] (18) accepted ('192.168.122.100', 45680) server /usr/lib/python3.9/site-packages/eventlet/wsgi.py:992
2025-10-05 07:56:49.209 18 INFO neutron.wsgi [-] 192.168.122.100 "GET / HTTP/1.1" status: 200 len: 233 time: 0.0029056
2025-10-05 07:57:20.035 18 DEBUG neutron.wsgi [-] (18) accepted ('192.168.122.100', 33700) server /usr/lib/python3.9/site-packages/eventlet/wsgi.py:992
2025-10-05 07:57:20.040 18 INFO neutron.wsgi [-] 192.168.122.100 "GET / HTTP/1.1" status: 200 len: 233 time: 0.0040696
2025-10-05 07:57:48.772 22 DEBUG neutron_lib.callbacks.manager [req-9567083e-3bd6-48b4-bef9-558013bc52c1 - - - - -] Notify callbacks ['neutron.services.segments.db._update_segment_host_mapping_for_agent-8777446517086', 'neutron.plugins.ml2.plugin.Ml2Plugin._retry_binding_revived_agents-930193'] for agent, after_update _notify_loop /usr/lib/python3.9/site-packages/neutron_lib/callbacks/manager.py:200
2025-10-05 07:57:48.929 23 DEBUG neutron_lib.callbacks.manager [req-bc7f60a9-1ab5-4f84-8d0f-21bcc622b2bf - - - - -] Notify callbacks ['neutron.services.segments.db._update_segment_host_mapping_for_agent-8777446517086', 'neutron.plugins.ml2.plugin.Ml2Plugin._retry_binding_revived_agents-930193'] for agent, after_update _notify_loop /usr/lib/python3.9/site-packages/neutron_lib/callbacks/manager.py:200
2025-10-05 07:57:51.061 18 DEBUG neutron.wsgi [-] (18) accepted ('192.168.122.100', 36428) server /usr/lib/python3.9/site-packages/eventlet/wsgi.py:992
2025-10-05 07:57:51.064 18 INFO neutron.wsgi [-] 192.168.122.100 "GET / HTTP/1.1" status: 200 len: 233 time: 0.0016773
2025-10-05 07:57:55.446 21 DEBUG neutron_lib.callbacks.manager [req-a6e0925d-9ce8-44fd-a5ec-3b91f9923e9d - - - - -] Notify callbacks ['neutron.services.segments.db._update_segment_host_mapping_for_agent-8777446517086', 'neutron.plugins.ml2.plugin.Ml2Plugin._retry_binding_revived_agents-930193'] for agent, after_update _notify_loop /usr/lib/python3.9/site-packages/neutron_lib/callbacks/manager.py:200
2025-10-05 07:58:22.363 17 DEBUG neutron.wsgi [-] (17) accepted ('192.168.122.100', 32824) server /usr/lib/python3.9/site-packages/eventlet/wsgi.py:992
2025-10-05 07:58:22.365 17 INFO neutron.wsgi [-] 192.168.122.100 "GET / HTTP/1.1" status: 200 len: 233 time: 0.0012898
2025-10-05 07:58:53.202 18 DEBUG neutron.wsgi [-] (18) accepted ('192.168.122.100', 46070) server /usr/lib/python3.9/site-packages/eventlet/wsgi.py:992
2025-10-05 07:58:53.206 18 INFO neutron.wsgi [-] 192.168.122.100 "GET / HTTP/1.1" status: 200 len: 233 time: 0.0029531
2025-10-05 07:58:56.537 24 DEBUG neutron.db.agents_db [req-7394b711-724b-4f53-b28e-fc41b73220a5 - - - - -] Agent healthcheck: found 3 active agents agent_health_check /usr/lib/python3.9/site-packages/neutron/db/agents_db.py:328
2025-10-05 07:59:24.117 18 DEBUG neutron.wsgi [-] (18) accepted ('192.168.122.100', 33654) server /usr/lib/python3.9/site-packages/eventlet/wsgi.py:992
2025-10-05 07:59:24.120 18 INFO neutron.wsgi [-] 192.168.122.100 "GET / HTTP/1.1" status: 200 len: 233 time: 0.0023286
2025-10-05 07:59:55.208 18 DEBUG neutron.wsgi [-] (18) accepted ('192.168.122.100', 39782) server /usr/lib/python3.9/site-packages/eventlet/wsgi.py:992
2025-10-05 07:59:55.212 18 INFO neutron.wsgi [-] 192.168.122.100 "GET / HTTP/1.1" status: 200 len: 233 time: 0.0023339
2025-10-05 08:00:25.644 15 DEBUG neutron.wsgi [-] (15) accepted ('192.168.122.100', 52986) server /usr/lib/python3.9/site-packages/eventlet/wsgi.py:992
2025-10-05 08:00:25.648 15 INFO neutron.wsgi [-] 192.168.122.100 "GET / HTTP/1.1" status: 200 len: 233 time: 0.0027413
2025-10-05 08:00:56.084 17 DEBUG neutron.wsgi [-] (17) accepted ('192.168.122.100', 33442) server /usr/lib/python3.9/site-packages/eventlet/wsgi.py:992
2025-10-05 08:00:56.087 17 INFO neutron.wsgi [-] 192.168.122.100 "GET / HTTP/1.1" status: 200 len: 233 time: 0.0022132
2025-10-05 08:01:27.220 18 DEBUG neutron.wsgi [-] (18) accepted ('192.168.122.100', 41702) server /usr/lib/python3.9/site-packages/eventlet/wsgi.py:992
2025-10-05 08:01:27.222 18 INFO neutron.wsgi [-] 192.168.122.100 "GET / HTTP/1.1" status: 200 len: 233 time: 0.0012114
2025-10-05 08:01:58.164 16 DEBUG neutron.wsgi [-] (16) accepted ('192.168.122.100', 45366) server /usr/lib/python3.9/site-packages/eventlet/wsgi.py:992
2025-10-05 08:01:58.168 16 INFO neutron.wsgi [-] 192.168.122.100 "GET / HTTP/1.1" status: 200 len: 233 time: 0.0021381
2025-10-05 08:02:29.049 18 DEBUG neutron.wsgi [-] (18) accepted ('192.168.122.100', 58032) server /usr/lib/python3.9/site-packages/eventlet/wsgi.py:992
2025-10-05 08:02:29.052 18 INFO neutron.wsgi [-] 192.168.122.100 "GET / HTTP/1.1" status: 200 len: 233 time: 0.0019350
2025-10-05 08:02:48.765 19 DEBUG neutron_lib.callbacks.manager [req-652e1595-fdb5-48ce-94f0-ed35b6123de7 - - - - -] Notify callbacks ['neutron.services.segments.db._update_segment_host_mapping_for_agent-8777446517086', 'neutron.plugins.ml2.plugin.Ml2Plugin._retry_binding_revived_agents-930193'] for agent, after_update _notify_loop /usr/lib/python3.9/site-packages/neutron_lib/callbacks/manager.py:200
2025-10-05 08:02:48.930 20 DEBUG neutron_lib.callbacks.manager [req-f8d4fe60-13e1-4492-b72d-7839f309fe92 - - - - -] Notify callbacks ['neutron.services.segments.db._update_segment_host_mapping_for_agent-8777446517086', 'neutron.plugins.ml2.plugin.Ml2Plugin._retry_binding_revived_agents-930193'] for agent, after_update _notify_loop /usr/lib/python3.9/site-packages/neutron_lib/callbacks/manager.py:200
2025-10-05 08:02:55.450 22 DEBUG neutron_lib.callbacks.manager [req-a6e0925d-9ce8-44fd-a5ec-3b91f9923e9d - - - - -] Notify callbacks ['neutron.services.segments.db._update_segment_host_mapping_for_agent-8777446517086', 'neutron.plugins.ml2.plugin.Ml2Plugin._retry_binding_revived_agents-930193'] for agent, after_update _notify_loop /usr/lib/python3.9/site-packages/neutron_lib/callbacks/manager.py:200
2025-10-05 08:03:00.161 17 DEBUG neutron.wsgi [-] (17) accepted ('192.168.122.100', 41654) server /usr/lib/python3.9/site-packages/eventlet/wsgi.py:992
2025-10-05 08:03:00.167 17 INFO neutron.wsgi [-] 192.168.122.100 "GET / HTTP/1.1" status: 200 len: 233 time: 0.0049560
2025-10-05 08:03:30.841 15 DEBUG neutron.wsgi [-] (15) accepted ('192.168.122.100', 50746) server /usr/lib/python3.9/site-packages/eventlet/wsgi.py:992
2025-10-05 08:03:30.844 15 INFO neutron.wsgi [-] 192.168.122.100 "GET / HTTP/1.1" status: 200 len: 233 time: 0.0019205
2025-10-05 08:03:56.541 24 DEBUG neutron.db.agents_db [req-7394b711-724b-4f53-b28e-fc41b73220a5 - - - - -] Agent healthcheck: found 3 active agents agent_health_check /usr/lib/python3.9/site-packages/neutron/db/agents_db.py:328
2025-10-05 08:04:01.275 18 DEBUG neutron.wsgi [-] (18) accepted ('192.168.122.100', 44818) server /usr/lib/python3.9/site-packages/eventlet/wsgi.py:992
2025-10-05 08:04:01.277 18 INFO neutron.wsgi [-] 192.168.122.100 "GET / HTTP/1.1" status: 200 len: 233 time: 0.0011349
2025-10-05 08:04:31.812 15 DEBUG neutron.wsgi [-] (15) accepted ('192.168.122.100', 51992) server /usr/lib/python3.9/site-packages/eventlet/wsgi.py:992
2025-10-05 08:04:31.814 15 INFO neutron.wsgi [-] 192.168.122.100 "GET / HTTP/1.1" status: 200 len: 233 time: 0.0013008
2025-10-05 08:05:02.497 17 DEBUG neutron.wsgi [-] (17) accepted ('192.168.122.100', 34592) server /usr/lib/python3.9/site-packages/eventlet/wsgi.py:992
2025-10-05 08:05:02.502 17 INFO neutron.wsgi [-] 192.168.122.100 "GET / HTTP/1.1" status: 200 len: 233 time: 0.0028319
2025-10-05 08:05:33.216 17 DEBUG neutron.wsgi [-] (17) accepted ('192.168.122.100', 34396) server /usr/lib/python3.9/site-packages/eventlet/wsgi.py:992
2025-10-05 08:05:33.219 17 INFO neutron.wsgi [-] 192.168.122.100 "GET / HTTP/1.1" status: 200 len: 233 time: 0.0022092
2025-10-05 08:06:04.075 17 DEBUG neutron.wsgi [-] (17) accepted ('192.168.122.100', 38546) server /usr/lib/python3.9/site-packages/eventlet/wsgi.py:992
2025-10-05 08:06:04.078 17 INFO neutron.wsgi [-] 192.168.122.100 "GET / HTTP/1.1" status: 200 len: 233 time: 0.0018861
2025-10-05 08:06:35.099 17 DEBUG neutron.wsgi [-] (17) accepted ('192.168.122.100', 47534) server /usr/lib/python3.9/site-packages/eventlet/wsgi.py:992
2025-10-05 08:06:35.102 17 INFO neutron.wsgi [-] 192.168.122.100 "GET / HTTP/1.1" status: 200 len: 233 time: 0.0022008
2025-10-05 08:07:06.015 18 DEBUG neutron.wsgi [-] (18) accepted ('192.168.122.100', 58064) server /usr/lib/python3.9/site-packages/eventlet/wsgi.py:992
2025-10-05 08:07:06.017 18 INFO neutron.wsgi [-] 192.168.122.100 "GET / HTTP/1.1" status: 200 len: 233 time: 0.0014520
2025-10-05 08:07:37.253 17 DEBUG neutron.wsgi [-] (17) accepted ('192.168.122.100', 50714) server /usr/lib/python3.9/site-packages/eventlet/wsgi.py:992
2025-10-05 08:07:37.257 17 INFO neutron.wsgi [-] 192.168.122.100 "GET / HTTP/1.1" status: 200 len: 233 time: 0.0023198
2025-10-05 08:07:48.766 23 DEBUG neutron_lib.callbacks.manager [req-f6817259-d548-42af-9c4d-14fc5b89765c - - - - -] Notify callbacks ['neutron.services.segments.db._update_segment_host_mapping_for_agent-8777446517086', 'neutron.plugins.ml2.plugin.Ml2Plugin._retry_binding_revived_agents-930193'] for agent, after_update _notify_loop /usr/lib/python3.9/site-packages/neutron_lib/callbacks/manager.py:200
2025-10-05 08:07:48.930 21 DEBUG neutron_lib.callbacks.manager [req-b00b53cc-b828-41fc-8a44-cbaf9c4d3441 - - - - -] Notify callbacks ['neutron.services.segments.db._update_segment_host_mapping_for_agent-8777446517086', 'neutron.plugins.ml2.plugin.Ml2Plugin._retry_binding_revived_agents-930193'] for agent, after_update _notify_loop /usr/lib/python3.9/site-packages/neutron_lib/callbacks/manager.py:200
2025-10-05 08:07:55.448 19 DEBUG neutron_lib.callbacks.manager [req-a6e0925d-9ce8-44fd-a5ec-3b91f9923e9d - - - - -] Notify callbacks ['neutron.services.segments.db._update_segment_host_mapping_for_agent-8777446517086', 'neutron.plugins.ml2.plugin.Ml2Plugin._retry_binding_revived_agents-930193'] for agent, after_update _notify_loop /usr/lib/python3.9/site-packages/neutron_lib/callbacks/manager.py:200
2025-10-05 08:08:08.226 17 DEBUG neutron.wsgi [-] (17) accepted ('192.168.122.100', 52132) server /usr/lib/python3.9/site-packages/eventlet/wsgi.py:992
2025-10-05 08:08:08.229 17 INFO neutron.wsgi [-] 192.168.122.100 "GET / HTTP/1.1" status: 200 len: 233 time: 0.0019548
2025-10-05 08:08:39.092 17 DEBUG neutron.wsgi [-] (17) accepted ('192.168.122.100', 40948) server /usr/lib/python3.9/site-packages/eventlet/wsgi.py:992
2025-10-05 08:08:39.095 17 INFO neutron.wsgi [-] 192.168.122.100 "GET / HTTP/1.1" status: 200 len: 233 time: 0.0015893
2025-10-05 08:08:56.539 24 DEBUG neutron.db.agents_db [req-7394b711-724b-4f53-b28e-fc41b73220a5 - - - - -] Agent healthcheck: found 3 active agents agent_health_check /usr/lib/python3.9/site-packages/neutron/db/agents_db.py:328
2025-10-05 08:09:10.115 17 DEBUG neutron.wsgi [-] (17) accepted ('192.168.122.100', 44658) server /usr/lib/python3.9/site-packages/eventlet/wsgi.py:992
2025-10-05 08:09:10.118 17 INFO neutron.wsgi [-] 192.168.122.100 "GET / HTTP/1.1" status: 200 len: 233 time: 0.0014880
2025-10-05 08:09:41.247 18 DEBUG neutron.wsgi [-] (18) accepted ('192.168.122.100', 36742) server /usr/lib/python3.9/site-packages/eventlet/wsgi.py:992
2025-10-05 08:09:41.249 18 INFO neutron.wsgi [-] 192.168.122.100 "GET / HTTP/1.1" status: 200 len: 233 time: 0.0014443
2025-10-05 08:10:12.015 17 DEBUG neutron.wsgi [-] (17) accepted ('192.168.122.100', 57012) server /usr/lib/python3.9/site-packages/eventlet/wsgi.py:992
2025-10-05 08:10:12.017 17 INFO neutron.wsgi [-] 192.168.122.100 "GET / HTTP/1.1" status: 200 len: 233 time: 0.0016031
2025-10-05 08:10:43.035 17 DEBUG neutron.wsgi [-] (17) accepted ('192.168.122.100', 35542) server /usr/lib/python3.9/site-packages/eventlet/wsgi.py:992
2025-10-05 08:10:43.037 17 INFO neutron.wsgi [-] 192.168.122.100 "GET / HTTP/1.1" status: 200 len: 233 time: 0.0011883
2025-10-05 08:11:14.011 16 DEBUG neutron.wsgi [-] (16) accepted ('192.168.122.100', 47210) server /usr/lib/python3.9/site-packages/eventlet/wsgi.py:992
2025-10-05 08:11:14.014 16 INFO neutron.wsgi [-] 192.168.122.100 "GET / HTTP/1.1" status: 200 len: 233 time: 0.0016067
2025-10-05 08:11:45.294 16 DEBUG neutron.wsgi [-] (16) accepted ('192.168.122.100', 55154) server /usr/lib/python3.9/site-packages/eventlet/wsgi.py:992
2025-10-05 08:11:45.296 16 INFO neutron.wsgi [-] 192.168.122.100 "GET / HTTP/1.1" status: 200 len: 233 time: 0.0011847
2025-10-05 08:12:16.014 16 DEBUG neutron.wsgi [-] (16) accepted ('192.168.122.100', 41758) server /usr/lib/python3.9/site-packages/eventlet/wsgi.py:992
2025-10-05 08:12:16.020 16 INFO neutron.wsgi [-] 192.168.122.100 "GET / HTTP/1.1" status: 200 len: 233 time: 0.0040567
2025-10-05 08:12:46.436 15 DEBUG neutron.wsgi [-] (15) accepted ('192.168.122.100', 54468) server /usr/lib/python3.9/site-packages/eventlet/wsgi.py:992
2025-10-05 08:12:46.439 15 INFO neutron.wsgi [-] 192.168.122.100 "GET / HTTP/1.1" status: 200 len: 233 time: 0.0015559
2025-10-05 08:12:48.772 20 DEBUG neutron_lib.callbacks.manager [req-2757fc86-f348-4c62-9068-30deb1799e20 - - - - -] Notify callbacks ['neutron.services.segments.db._update_segment_host_mapping_for_agent-8777446517086', 'neutron.plugins.ml2.plugin.Ml2Plugin._retry_binding_revived_agents-930193'] for agent, after_update _notify_loop /usr/lib/python3.9/site-packages/neutron_lib/callbacks/manager.py:200
2025-10-05 08:12:48.930 22 DEBUG neutron_lib.callbacks.manager [req-924b033b-c5ab-413d-96ec-702f5617a401 - - - - -] Notify callbacks ['neutron.services.segments.db._update_segment_host_mapping_for_agent-8777446517086', 'neutron.plugins.ml2.plugin.Ml2Plugin._retry_binding_revived_agents-930193'] for agent, after_update _notify_loop /usr/lib/python3.9/site-packages/neutron_lib/callbacks/manager.py:200
2025-10-05 08:12:55.453 23 DEBUG neutron_lib.callbacks.manager [req-a6e0925d-9ce8-44fd-a5ec-3b91f9923e9d - - - - -] Notify callbacks ['neutron.services.segments.db._update_segment_host_mapping_for_agent-8777446517086', 'neutron.plugins.ml2.plugin.Ml2Plugin._retry_binding_revived_agents-930193'] for agent, after_update _notify_loop /usr/lib/python3.9/site-packages/neutron_lib/callbacks/manager.py:200
2025-10-05 08:13:17.051 16 DEBUG neutron.wsgi [-] (16) accepted ('192.168.122.100', 57382) server /usr/lib/python3.9/site-packages/eventlet/wsgi.py:992
2025-10-05 08:13:17.053 16 INFO neutron.wsgi [-] 192.168.122.100 "GET / HTTP/1.1" status: 200 len: 233 time: 0.0015614
2025-10-05 08:13:47.415 16 DEBUG neutron.wsgi [-] (16) accepted ('192.168.122.100', 33500) server /usr/lib/python3.9/site-packages/eventlet/wsgi.py:992
2025-10-05 08:13:47.417 16 INFO neutron.wsgi [-] 192.168.122.100 "GET / HTTP/1.1" status: 200 len: 233 time: 0.0014949
2025-10-05 08:13:56.543 24 DEBUG neutron.db.agents_db [req-7394b711-724b-4f53-b28e-fc41b73220a5 - - - - -] Agent healthcheck: found 3 active agents agent_health_check /usr/lib/python3.9/site-packages/neutron/db/agents_db.py:328
2025-10-05 08:14:17.928 16 DEBUG neutron.wsgi [-] (16) accepted ('192.168.122.100', 52138) server /usr/lib/python3.9/site-packages/eventlet/wsgi.py:992
2025-10-05 08:14:17.930 16 INFO neutron.wsgi [-] 192.168.122.100 "GET / HTTP/1.1" status: 200 len: 233 time: 0.0016296
2025-10-05 08:14:48.499 18 DEBUG neutron.wsgi [-] (18) accepted ('192.168.122.100', 40724) server /usr/lib/python3.9/site-packages/eventlet/wsgi.py:992
2025-10-05 08:14:48.501 18 INFO neutron.wsgi [-] 192.168.122.100 "GET / HTTP/1.1" status: 200 len: 233 time: 0.0012090
2025-10-05 08:15:19.167 17 DEBUG neutron.wsgi [-] (17) accepted ('192.168.122.100', 60004) server /usr/lib/python3.9/site-packages/eventlet/wsgi.py:992
2025-10-05 08:15:19.172 17 INFO neutron.wsgi [-] 192.168.122.100 "GET / HTTP/1.1" status: 200 len: 233 time: 0.0023911
2025-10-05 08:15:50.197 18 DEBUG neutron.wsgi [-] (18) accepted ('192.168.122.100', 45834) server /usr/lib/python3.9/site-packages/eventlet/wsgi.py:992
2025-10-05 08:15:50.201 18 INFO neutron.wsgi [-] 192.168.122.100 "GET / HTTP/1.1" status: 200 len: 233 time: 0.0024047
2025-10-05 08:16:21.137 15 DEBUG neutron.wsgi [-] (15) accepted ('192.168.122.100', 33520) server /usr/lib/python3.9/site-packages/eventlet/wsgi.py:992
2025-10-05 08:16:21.139 15 INFO neutron.wsgi [-] 192.168.122.100 "GET / HTTP/1.1" status: 200 len: 233 time: 0.0011873
2025-10-05 08:16:52.003 17 DEBUG neutron.wsgi [-] (17) accepted ('192.168.122.100', 38132) server /usr/lib/python3.9/site-packages/eventlet/wsgi.py:992
2025-10-05 08:16:52.005 17 INFO neutron.wsgi [-] 192.168.122.100 "GET / HTTP/1.1" status: 200 len: 233 time: 0.0011010
2025-10-05 08:17:23.194 16 DEBUG neutron.wsgi [-] (16) accepted ('192.168.122.100', 46252) server /usr/lib/python3.9/site-packages/eventlet/wsgi.py:992
2025-10-05 08:17:23.196 16 INFO neutron.wsgi [-] 192.168.122.100 "GET / HTTP/1.1" status: 200 len: 233 time: 0.0011370
2025-10-05 08:17:48.773 21 DEBUG neutron_lib.callbacks.manager [req-9850b70c-df27-4e94-9b52-27c68f583938 - - - - -] Notify callbacks ['neutron.services.segments.db._update_segment_host_mapping_for_agent-8777446517086', 'neutron.plugins.ml2.plugin.Ml2Plugin._retry_binding_revived_agents-930193'] for agent, after_update _notify_loop /usr/lib/python3.9/site-packages/neutron_lib/callbacks/manager.py:200
2025-10-05 08:17:48.925 19 DEBUG neutron_lib.callbacks.manager [req-5e1768a9-a56f-43d7-9ad6-0639589d9141 - - - - -] Notify callbacks ['neutron.services.segments.db._update_segment_host_mapping_for_agent-8777446517086', 'neutron.plugins.ml2.plugin.Ml2Plugin._retry_binding_revived_agents-930193'] for agent, after_update _notify_loop /usr/lib/python3.9/site-packages/neutron_lib/callbacks/manager.py:200
2025-10-05 08:17:54.265 16 DEBUG neutron.wsgi [-] (16) accepted ('192.168.122.100', 57396) server /usr/lib/python3.9/site-packages/eventlet/wsgi.py:992
2025-10-05 08:17:54.267 16 INFO neutron.wsgi [-] 192.168.122.100 "GET / HTTP/1.1" status: 200 len: 233 time: 0.0014634
2025-10-05 08:17:55.448 20 DEBUG neutron_lib.callbacks.manager [req-a6e0925d-9ce8-44fd-a5ec-3b91f9923e9d - - - - -] Notify callbacks ['neutron.services.segments.db._update_segment_host_mapping_for_agent-8777446517086', 'neutron.plugins.ml2.plugin.Ml2Plugin._retry_binding_revived_agents-930193'] for agent, after_update _notify_loop /usr/lib/python3.9/site-packages/neutron_lib/callbacks/manager.py:200
2025-10-05 08:18:25.065 16 DEBUG neutron.wsgi [-] (16) accepted ('192.168.122.100', 45304) server /usr/lib/python3.9/site-packages/eventlet/wsgi.py:992
2025-10-05 08:18:25.068 16 INFO neutron.wsgi [-] 192.168.122.100 "GET / HTTP/1.1" status: 200 len: 233 time: 0.0014582
2025-10-05 08:18:56.104 15 DEBUG neutron.wsgi [-] (15) accepted ('192.168.122.100', 56696) server /usr/lib/python3.9/site-packages/eventlet/wsgi.py:992
2025-10-05 08:18:56.108 15 INFO neutron.wsgi [-] 192.168.122.100 "GET / HTTP/1.1" status: 200 len: 233 time: 0.0022602
2025-10-05 08:18:56.548 24 DEBUG neutron.db.agents_db [req-7394b711-724b-4f53-b28e-fc41b73220a5 - - - - -] Agent healthcheck: found 3 active agents agent_health_check /usr/lib/python3.9/site-packages/neutron/db/agents_db.py:328
2025-10-05 08:19:26.901 18 DEBUG neutron.wsgi [-] (18) accepted ('192.168.122.100', 35356) server /usr/lib/python3.9/site-packages/eventlet/wsgi.py:992
2025-10-05 08:19:26.903 18 INFO neutron.wsgi [-] 192.168.122.100 "GET / HTTP/1.1" status: 200 len: 233 time: 0.0016203
2025-10-05 08:19:57.220 15 DEBUG neutron.wsgi [-] (15) accepted ('192.168.122.100', 40838) server /usr/lib/python3.9/site-packages/eventlet/wsgi.py:992
2025-10-05 08:19:57.222 15 INFO neutron.wsgi [-] 192.168.122.100 "GET / HTTP/1.1" status: 200 len: 233 time: 0.0011649
2025-10-05 08:20:28.290 16 DEBUG neutron.wsgi [-] (16) accepted ('192.168.122.100', 39324) server /usr/lib/python3.9/site-packages/eventlet/wsgi.py:992
2025-10-05 08:20:28.292 16 INFO neutron.wsgi [-] 192.168.122.100 "GET / HTTP/1.1" status: 200 len: 233 time: 0.0012701
2025-10-05 08:20:59.170 17 DEBUG neutron.wsgi [-] (17) accepted ('192.168.122.100', 57896) server /usr/lib/python3.9/site-packages/eventlet/wsgi.py:992
2025-10-05 08:20:59.173 17 INFO neutron.wsgi [-] 192.168.122.100 "GET / HTTP/1.1" status: 200 len: 233 time: 0.0012600
2025-10-05 08:21:30.228 18 DEBUG neutron.wsgi [-] (18) accepted ('192.168.122.100', 59116) server /usr/lib/python3.9/site-packages/eventlet/wsgi.py:992
2025-10-05 08:21:30.233 18 INFO neutron.wsgi [-] 192.168.122.100 "GET / HTTP/1.1" status: 200 len: 233 time: 0.0031228
2025-10-05 08:22:01.204 17 DEBUG neutron.wsgi [-] (17) accepted ('192.168.122.100', 42048) server /usr/lib/python3.9/site-packages/eventlet/wsgi.py:992
2025-10-05 08:22:01.208 17 INFO neutron.wsgi [-] 192.168.122.100 "GET / HTTP/1.1" status: 200 len: 233 time: 0.0027194
2025-10-05 08:22:32.095 16 DEBUG neutron.wsgi [-] (16) accepted ('192.168.122.100', 40102) server /usr/lib/python3.9/site-packages/eventlet/wsgi.py:992
2025-10-05 08:22:32.097 16 INFO neutron.wsgi [-] 192.168.122.100 "GET / HTTP/1.1" status: 200 len: 233 time: 0.0012023
2025-10-05 08:22:48.777 22 DEBUG neutron_lib.callbacks.manager [req-79a5ec71-eaea-404d-a7af-137926094feb - - - - -] Notify callbacks ['neutron.services.segments.db._update_segment_host_mapping_for_agent-8777446517086', 'neutron.plugins.ml2.plugin.Ml2Plugin._retry_binding_revived_agents-930193'] for agent, after_update _notify_loop /usr/lib/python3.9/site-packages/neutron_lib/callbacks/manager.py:200
2025-10-05 08:22:48.936 23 DEBUG neutron_lib.callbacks.manager [req-18d0d9b0-bd1e-4ec6-b377-5c3c3edd2df1 - - - - -] Notify callbacks ['neutron.services.segments.db._update_segment_host_mapping_for_agent-8777446517086', 'neutron.plugins.ml2.plugin.Ml2Plugin._retry_binding_revived_agents-930193'] for agent, after_update _notify_loop /usr/lib/python3.9/site-packages/neutron_lib/callbacks/manager.py:200
2025-10-05 08:22:55.503 21 DEBUG neutron_lib.callbacks.manager [req-a6e0925d-9ce8-44fd-a5ec-3b91f9923e9d - - - - -] Notify callbacks ['neutron.services.segments.db._update_segment_host_mapping_for_agent-8777446517086', 'neutron.plugins.ml2.plugin.Ml2Plugin._retry_binding_revived_agents-930193'] for agent, after_update _notify_loop /usr/lib/python3.9/site-packages/neutron_lib/callbacks/manager.py:200
2025-10-05 08:23:02.490 16 DEBUG neutron.wsgi [-] (16) accepted ('192.168.122.100', 55534) server /usr/lib/python3.9/site-packages/eventlet/wsgi.py:992
2025-10-05 08:23:02.492 16 INFO neutron.wsgi [-] 192.168.122.100 "GET / HTTP/1.1" status: 200 len: 233 time: 0.0011353
2025-10-05 08:23:33.070 16 DEBUG neutron.wsgi [-] (16) accepted ('192.168.122.100', 47104) server /usr/lib/python3.9/site-packages/eventlet/wsgi.py:992
2025-10-05 08:23:33.073 16 INFO neutron.wsgi [-] 192.168.122.100 "GET / HTTP/1.1" status: 200 len: 233 time: 0.0022252
2025-10-05 08:23:56.551 24 DEBUG neutron.db.agents_db [req-7394b711-724b-4f53-b28e-fc41b73220a5 - - - - -] Agent healthcheck: found 3 active agents agent_health_check /usr/lib/python3.9/site-packages/neutron/db/agents_db.py:328
2025-10-05 08:24:04.037 17 DEBUG neutron.wsgi [-] (17) accepted ('192.168.122.100', 37594) server /usr/lib/python3.9/site-packages/eventlet/wsgi.py:992
2025-10-05 08:24:04.040 17 INFO neutron.wsgi [-] 192.168.122.100 "GET / HTTP/1.1" status: 200 len: 233 time: 0.0017838
2025-10-05 08:24:35.034 17 DEBUG neutron.wsgi [-] (17) accepted ('192.168.122.100', 44752) server /usr/lib/python3.9/site-packages/eventlet/wsgi.py:992
2025-10-05 08:24:35.036 17 INFO neutron.wsgi [-] 192.168.122.100 "GET / HTTP/1.1" status: 200 len: 233 time: 0.0012524
2025-10-05 08:25:06.211 15 DEBUG neutron.wsgi [-] (15) accepted ('192.168.122.100', 36248) server /usr/lib/python3.9/site-packages/eventlet/wsgi.py:992
2025-10-05 08:25:06.215 15 INFO neutron.wsgi [-] 192.168.122.100 "GET / HTTP/1.1" status: 200 len: 233 time: 0.0026224
2025-10-05 08:25:37.097 15 DEBUG neutron.wsgi [-] (15) accepted ('192.168.122.100', 39986) server /usr/lib/python3.9/site-packages/eventlet/wsgi.py:992
2025-10-05 08:25:37.100 15 INFO neutron.wsgi [-] 192.168.122.100 "GET / HTTP/1.1" status: 200 len: 233 time: 0.0015490
2025-10-05 08:26:07.421 15 DEBUG neutron.wsgi [-] (15) accepted ('192.168.122.100', 50194) server /usr/lib/python3.9/site-packages/eventlet/wsgi.py:992
2025-10-05 08:26:07.423 15 INFO neutron.wsgi [-] 192.168.122.100 "GET / HTTP/1.1" status: 200 len: 233 time: 0.0014482
2025-10-05 08:26:38.186 17 DEBUG neutron.wsgi [-] (17) accepted ('192.168.122.100', 57550) server /usr/lib/python3.9/site-packages/eventlet/wsgi.py:992
2025-10-05 08:26:38.188 17 INFO neutron.wsgi [-] 192.168.122.100 "GET / HTTP/1.1" status: 200 len: 233 time: 0.0012074
2025-10-05 08:27:09.244 18 DEBUG neutron.wsgi [-] (18) accepted ('192.168.122.100', 42848) server /usr/lib/python3.9/site-packages/eventlet/wsgi.py:992
2025-10-05 08:27:09.245 18 INFO neutron.wsgi [-] 192.168.122.100 "GET / HTTP/1.1" status: 200 len: 233 time: 0.0011609
2025-10-05 08:27:40.386 18 DEBUG neutron.wsgi [-] (18) accepted ('192.168.122.100', 33744) server /usr/lib/python3.9/site-packages/eventlet/wsgi.py:992
2025-10-05 08:27:40.389 18 INFO neutron.wsgi [-] 192.168.122.100 "GET / HTTP/1.1" status: 200 len: 233 time: 0.0022893
2025-10-05 08:27:48.772 19 DEBUG neutron_lib.callbacks.manager [req-ee3973ed-688b-486b-beec-566d8a1ed02c - - - - -] Notify callbacks ['neutron.services.segments.db._update_segment_host_mapping_for_agent-8777446517086', 'neutron.plugins.ml2.plugin.Ml2Plugin._retry_binding_revived_agents-930193'] for agent, after_update _notify_loop /usr/lib/python3.9/site-packages/neutron_lib/callbacks/manager.py:200
2025-10-05 08:27:48.932 20 DEBUG neutron_lib.callbacks.manager [req-978d13ca-abac-4291-9428-5de5a268c339 - - - - -] Notify callbacks ['neutron.services.segments.db._update_segment_host_mapping_for_agent-8777446517086', 'neutron.plugins.ml2.plugin.Ml2Plugin._retry_binding_revived_agents-930193'] for agent, after_update _notify_loop /usr/lib/python3.9/site-packages/neutron_lib/callbacks/manager.py:200
2025-10-05 08:27:55.455 22 DEBUG neutron_lib.callbacks.manager [req-a6e0925d-9ce8-44fd-a5ec-3b91f9923e9d - - - - -] Notify callbacks ['neutron.services.segments.db._update_segment_host_mapping_for_agent-8777446517086', 'neutron.plugins.ml2.plugin.Ml2Plugin._retry_binding_revived_agents-930193'] for agent, after_update _notify_loop /usr/lib/python3.9/site-packages/neutron_lib/callbacks/manager.py:200
2025-10-05 08:28:11.219 18 DEBUG neutron.wsgi [-] (18) accepted ('192.168.122.100', 59354) server /usr/lib/python3.9/site-packages/eventlet/wsgi.py:992
2025-10-05 08:28:11.222 18 INFO neutron.wsgi [-] 192.168.122.100 "GET / HTTP/1.1" status: 200 len: 233 time: 0.0022900
2025-10-05 08:28:42.285 16 DEBUG neutron.wsgi [-] (16) accepted ('192.168.122.100', 54514) server /usr/lib/python3.9/site-packages/eventlet/wsgi.py:992
2025-10-05 08:28:42.289 16 INFO neutron.wsgi [-] 192.168.122.100 "GET / HTTP/1.1" status: 200 len: 233 time: 0.0028787
2025-10-05 08:28:56.558 24 DEBUG neutron.db.agents_db [req-7394b711-724b-4f53-b28e-fc41b73220a5 - - - - -] Agent healthcheck: found 3 active agents agent_health_check /usr/lib/python3.9/site-packages/neutron/db/agents_db.py:328
2025-10-05 08:29:13.391 16 DEBUG neutron.wsgi [-] (16) accepted ('192.168.122.100', 44352) server /usr/lib/python3.9/site-packages/eventlet/wsgi.py:992
2025-10-05 08:29:13.395 16 INFO neutron.wsgi [-] 192.168.122.100 "GET / HTTP/1.1" status: 200 len: 233 time: 0.0022938
2025-10-05 08:29:44.271 15 DEBUG neutron.wsgi [-] (15) accepted ('192.168.122.100', 46128) server /usr/lib/python3.9/site-packages/eventlet/wsgi.py:992
2025-10-05 08:29:44.274 15 INFO neutron.wsgi [-] 192.168.122.100 "GET / HTTP/1.1" status: 200 len: 233 time: 0.0021739
2025-10-05 08:30:15.250 17 DEBUG neutron.wsgi [-] (17) accepted ('192.168.122.100', 45534) server /usr/lib/python3.9/site-packages/eventlet/wsgi.py:992
2025-10-05 08:30:15.253 17 INFO neutron.wsgi [-] 192.168.122.100 "GET / HTTP/1.1" status: 200 len: 233 time: 0.0013793
2025-10-05 08:30:46.177 17 DEBUG neutron.wsgi [-] (17) accepted ('192.168.122.100', 57054) server /usr/lib/python3.9/site-packages/eventlet/wsgi.py:992
2025-10-05 08:30:46.180 17 INFO neutron.wsgi [-] 192.168.122.100 "GET / HTTP/1.1" status: 200 len: 233 time: 0.0011938
2025-10-05 08:31:17.340 16 DEBUG neutron.wsgi [-] (16) accepted ('192.168.122.100', 53958) server /usr/lib/python3.9/site-packages/eventlet/wsgi.py:992
2025-10-05 08:31:17.343 16 INFO neutron.wsgi [-] 192.168.122.100 "GET / HTTP/1.1" status: 200 len: 233 time: 0.0015247
2025-10-05 08:31:47.829 15 DEBUG neutron.wsgi [-] (15) accepted ('192.168.122.100', 49574) server /usr/lib/python3.9/site-packages/eventlet/wsgi.py:992
2025-10-05 08:31:47.833 15 INFO neutron.wsgi [-] 192.168.122.100 "GET / HTTP/1.1" status: 200 len: 233 time: 0.0022640
2025-10-05 08:32:18.293 17 DEBUG neutron.wsgi [-] (17) accepted ('192.168.122.100', 39742) server /usr/lib/python3.9/site-packages/eventlet/wsgi.py:992
2025-10-05 08:32:18.296 17 INFO neutron.wsgi [-] 192.168.122.100 "GET / HTTP/1.1" status: 200 len: 233 time: 0.0015049
2025-10-05 08:32:48.794 23 DEBUG neutron_lib.callbacks.manager [req-171fcec2-c86a-4118-b8a9-53cb8e69ac0f - - - - -] Notify callbacks ['neutron.services.segments.db._update_segment_host_mapping_for_agent-8777446517086', 'neutron.plugins.ml2.plugin.Ml2Plugin._retry_binding_revived_agents-930193'] for agent, after_update _notify_loop /usr/lib/python3.9/site-packages/neutron_lib/callbacks/manager.py:200
2025-10-05 08:32:48.948 21 DEBUG neutron_lib.callbacks.manager [req-c45cce29-f689-46e7-8e5e-961a28a50a74 - - - - -] Notify callbacks ['neutron.services.segments.db._update_segment_host_mapping_for_agent-8777446517086', 'neutron.plugins.ml2.plugin.Ml2Plugin._retry_binding_revived_agents-930193'] for agent, after_update _notify_loop /usr/lib/python3.9/site-packages/neutron_lib/callbacks/manager.py:200
2025-10-05 08:32:49.368 17 DEBUG neutron.wsgi [-] (17) accepted ('192.168.122.100', 38630) server /usr/lib/python3.9/site-packages/eventlet/wsgi.py:992
2025-10-05 08:32:49.369 17 INFO neutron.wsgi [-] 192.168.122.100 "GET / HTTP/1.1" status: 200 len: 233 time: 0.0011098
2025-10-05 08:32:55.459 19 DEBUG neutron_lib.callbacks.manager [req-a6e0925d-9ce8-44fd-a5ec-3b91f9923e9d - - - - -] Notify callbacks ['neutron.services.segments.db._update_segment_host_mapping_for_agent-8777446517086', 'neutron.plugins.ml2.plugin.Ml2Plugin._retry_binding_revived_agents-930193'] for agent, after_update _notify_loop /usr/lib/python3.9/site-packages/neutron_lib/callbacks/manager.py:200
2025-10-05 08:33:20.189 17 DEBUG neutron.wsgi [-] (17) accepted ('192.168.122.100', 46420) server /usr/lib/python3.9/site-packages/eventlet/wsgi.py:992
2025-10-05 08:33:20.193 17 INFO neutron.wsgi [-] 192.168.122.100 "GET / HTTP/1.1" status: 200 len: 233 time: 0.0024059
2025-10-05 08:33:51.126 17 DEBUG neutron.wsgi [-] (17) accepted ('192.168.122.100', 44484) server /usr/lib/python3.9/site-packages/eventlet/wsgi.py:992
2025-10-05 08:33:51.130 17 INFO neutron.wsgi [-] 192.168.122.100 "GET / HTTP/1.1" status: 200 len: 233 time: 0.0017464
2025-10-05 08:33:56.564 24 DEBUG neutron.db.agents_db [req-7394b711-724b-4f53-b28e-fc41b73220a5 - - - - -] Agent healthcheck: found 3 active agents agent_health_check /usr/lib/python3.9/site-packages/neutron/db/agents_db.py:328
2025-10-05 08:34:22.309 17 DEBUG neutron.wsgi [-] (17) accepted ('192.168.122.100', 33138) server /usr/lib/python3.9/site-packages/eventlet/wsgi.py:992
