2025-10-05 07:40:01.795 18 INFO neutron.wsgi [req-bdd814d3-6c67-42e2-aba8-1af32764cac9 52de1591efc34b5f84b0a6483b35e8e6 57a7e495d3c2447bb65f1c6e5df4d3e7 - default default] 192.168.122.100 "GET /v2.0/subnets?network_id=4323ed9d-6a48-4e2c-9bdd-9b255a131192 HTTP/1.1" status: 200 len: 886 time: 0.0250087
2025-10-05 07:40:01.826 18 DEBUG neutron.pecan_wsgi.hooks.policy_enforcement [req-b5118416-33aa-42f2-a23c-6e77f02ca9de 52de1591efc34b5f84b0a6483b35e8e6 57a7e495d3c2447bb65f1c6e5df4d3e7 - default default] Attributes excluded by policy engine: ['standard_attr_id', 'shared'] _exclude_attributes_by_policy /usr/lib/python3.9/site-packages/neutron/pecan_wsgi/hooks/policy_enforcement.py:259
2025-10-05 07:40:01.826 18 INFO neutron.wsgi [req-b5118416-33aa-42f2-a23c-6e77f02ca9de 52de1591efc34b5f84b0a6483b35e8e6 57a7e495d3c2447bb65f1c6e5df4d3e7 - default default] 192.168.122.100 "GET /v2.0/subnets?network_id=5b37586a-1454-4421-9bd5-7dea0c4c09e0 HTTP/1.1" status: 200 len: 869 time: 0.0257981
2025-10-05 07:40:01.856 18 DEBUG neutron.pecan_wsgi.hooks.policy_enforcement [req-89dd45f9-c260-4e60-8f1a-bd7d54433977 52de1591efc34b5f84b0a6483b35e8e6 57a7e495d3c2447bb65f1c6e5df4d3e7 - default default] Attributes excluded by policy engine: ['standard_attr_id', 'shared'] _exclude_attributes_by_policy /usr/lib/python3.9/site-packages/neutron/pecan_wsgi/hooks/policy_enforcement.py:259
2025-10-05 07:40:01.857 18 INFO neutron.wsgi [req-89dd45f9-c260-4e60-8f1a-bd7d54433977 52de1591efc34b5f84b0a6483b35e8e6 57a7e495d3c2447bb65f1c6e5df4d3e7 - default default] 192.168.122.100 "GET /v2.0/subnets?network_id=987cdb53-d951-465c-8c36-4bbe0a87dfb2 HTTP/1.1" status: 200 len: 885 time: 0.0245898
2025-10-05 07:40:01.887 18 DEBUG neutron.pecan_wsgi.hooks.policy_enforcement [req-6bc6e711-e11b-4134-99da-c2bfcb62a7a7 52de1591efc34b5f84b0a6483b35e8e6 57a7e495d3c2447bb65f1c6e5df4d3e7 - default default] Attributes excluded by policy engine: ['standard_attr_id', 'shared'] _exclude_attributes_by_policy /usr/lib/python3.9/site-packages/neutron/pecan_wsgi/hooks/policy_enforcement.py:259
2025-10-05 07:40:01.888 18 INFO neutron.wsgi [req-6bc6e711-e11b-4134-99da-c2bfcb62a7a7 52de1591efc34b5f84b0a6483b35e8e6 57a7e495d3c2447bb65f1c6e5df4d3e7 - default default] 192.168.122.100 "GET /v2.0/subnets?network_id=db2b8188-42cd-4a0d-af59-8919502fb08e HTTP/1.1" status: 200 len: 891 time: 0.0254550
2025-10-05 07:40:01.920 18 DEBUG neutron.pecan_wsgi.hooks.policy_enforcement [req-38239377-7cc8-47ef-9e15-4b16d58f00ef 52de1591efc34b5f84b0a6483b35e8e6 57a7e495d3c2447bb65f1c6e5df4d3e7 - default default] Attributes excluded by policy engine: ['standard_attr_id', 'shared'] _exclude_attributes_by_policy /usr/lib/python3.9/site-packages/neutron/pecan_wsgi/hooks/policy_enforcement.py:259
2025-10-05 07:40:01.921 18 INFO neutron.wsgi [req-38239377-7cc8-47ef-9e15-4b16d58f00ef 52de1591efc34b5f84b0a6483b35e8e6 57a7e495d3c2447bb65f1c6e5df4d3e7 - default default] 192.168.122.100 "GET /v2.0/subnets?network_id=fac3fc6f-ba2f-4202-9a76-f54b4ba84530 HTTP/1.1" status: 200 len: 891 time: 0.0267966
2025-10-05 07:40:02.064 18 DEBUG neutron.pecan_wsgi.hooks.policy_enforcement [req-3b9aebed-f094-4cbf-8919-82339c0c2821 52de1591efc34b5f84b0a6483b35e8e6 57a7e495d3c2447bb65f1c6e5df4d3e7 - default default] Attributes excluded by policy engine: ['standard_attr_id', 'vlan_transparent'] _exclude_attributes_by_policy /usr/lib/python3.9/site-packages/neutron/pecan_wsgi/hooks/policy_enforcement.py:259
2025-10-05 07:40:02.065 18 DEBUG neutron.pecan_wsgi.hooks.policy_enforcement [req-3b9aebed-f094-4cbf-8919-82339c0c2821 52de1591efc34b5f84b0a6483b35e8e6 57a7e495d3c2447bb65f1c6e5df4d3e7 - default default] Attributes excluded by policy engine: ['standard_attr_id', 'vlan_transparent'] _exclude_attributes_by_policy /usr/lib/python3.9/site-packages/neutron/pecan_wsgi/hooks/policy_enforcement.py:259
2025-10-05 07:40:02.065 18 DEBUG neutron.pecan_wsgi.hooks.policy_enforcement [req-3b9aebed-f094-4cbf-8919-82339c0c2821 52de1591efc34b5f84b0a6483b35e8e6 57a7e495d3c2447bb65f1c6e5df4d3e7 - default default] Attributes excluded by policy engine: ['standard_attr_id', 'vlan_transparent'] _exclude_attributes_by_policy /usr/lib/python3.9/site-packages/neutron/pecan_wsgi/hooks/policy_enforcement.py:259
2025-10-05 07:40:02.065 18 DEBUG neutron.pecan_wsgi.hooks.policy_enforcement [req-3b9aebed-f094-4cbf-8919-82339c0c2821 52de1591efc34b5f84b0a6483b35e8e6 57a7e495d3c2447bb65f1c6e5df4d3e7 - default default] Attributes excluded by policy engine: ['standard_attr_id', 'vlan_transparent'] _exclude_attributes_by_policy /usr/lib/python3.9/site-packages/neutron/pecan_wsgi/hooks/policy_enforcement.py:259
2025-10-05 07:40:02.065 18 DEBUG neutron.pecan_wsgi.hooks.policy_enforcement [req-3b9aebed-f094-4cbf-8919-82339c0c2821 52de1591efc34b5f84b0a6483b35e8e6 57a7e495d3c2447bb65f1c6e5df4d3e7 - default default] Attributes excluded by policy engine: ['standard_attr_id', 'vlan_transparent'] _exclude_attributes_by_policy /usr/lib/python3.9/site-packages/neutron/pecan_wsgi/hooks/policy_enforcement.py:259
2025-10-05 07:40:02.065 18 DEBUG neutron.pecan_wsgi.hooks.policy_enforcement [req-3b9aebed-f094-4cbf-8919-82339c0c2821 52de1591efc34b5f84b0a6483b35e8e6 57a7e495d3c2447bb65f1c6e5df4d3e7 - default default] Attributes excluded by policy engine: ['standard_attr_id', 'vlan_transparent'] _exclude_attributes_by_policy /usr/lib/python3.9/site-packages/neutron/pecan_wsgi/hooks/policy_enforcement.py:259
2025-10-05 07:40:02.066 18 INFO neutron.wsgi [req-3b9aebed-f094-4cbf-8919-82339c0c2821 52de1591efc34b5f84b0a6483b35e8e6 57a7e495d3c2447bb65f1c6e5df4d3e7 - default default] 192.168.122.100 "GET /v2.0/networks HTTP/1.1" status: 200 len: 5173 time: 0.1412721
2025-10-05 07:40:02.124 18 DEBUG neutron.pecan_wsgi.hooks.policy_enforcement [req-bfcc243d-dc5b-4568-aae4-4365a485a771 52de1591efc34b5f84b0a6483b35e8e6 57a7e495d3c2447bb65f1c6e5df4d3e7 - default default] Attributes excluded by policy engine: ['standard_attr_id'] _exclude_attributes_by_policy /usr/lib/python3.9/site-packages/neutron/pecan_wsgi/hooks/policy_enforcement.py:259
2025-10-05 07:40:02.126 18 INFO neutron.wsgi [req-bfcc243d-dc5b-4568-aae4-4365a485a771 52de1591efc34b5f84b0a6483b35e8e6 57a7e495d3c2447bb65f1c6e5df4d3e7 - default default] 192.168.122.100 "GET /v2.0/ports?network_id=fac3fc6f-ba2f-4202-9a76-f54b4ba84530&tags=tripleo_stack_name%3Dovercloud&tags=tripleo_vip_net%3Dinternal_api HTTP/1.1" status: 200 len: 1242 time: 0.0479827
2025-10-05 07:40:02.164 18 DEBUG neutron.pecan_wsgi.hooks.policy_enforcement [req-b012d62f-d456-4307-b852-75369a9b9860 52de1591efc34b5f84b0a6483b35e8e6 57a7e495d3c2447bb65f1c6e5df4d3e7 - default default] Attributes excluded by policy engine: ['standard_attr_id', 'shared'] _exclude_attributes_by_policy /usr/lib/python3.9/site-packages/neutron/pecan_wsgi/hooks/policy_enforcement.py:259
2025-10-05 07:40:02.165 18 INFO neutron.wsgi [req-b012d62f-d456-4307-b852-75369a9b9860 52de1591efc34b5f84b0a6483b35e8e6 57a7e495d3c2447bb65f1c6e5df4d3e7 - default default] 192.168.122.100 "GET /v2.0/subnets/ad1f5a8a-55b1-40e5-a718-c104c861efd9 HTTP/1.1" status: 200 len: 888 time: 0.0332110
2025-10-05 07:40:02.210 18 DEBUG neutron.pecan_wsgi.hooks.policy_enforcement [req-be82e1d7-fade-42b8-af1b-30a8bb06ddf5 52de1591efc34b5f84b0a6483b35e8e6 57a7e495d3c2447bb65f1c6e5df4d3e7 - default default] Attributes excluded by policy engine: ['standard_attr_id'] _exclude_attributes_by_policy /usr/lib/python3.9/site-packages/neutron/pecan_wsgi/hooks/policy_enforcement.py:259
2025-10-05 07:40:02.211 18 INFO neutron.wsgi [req-be82e1d7-fade-42b8-af1b-30a8bb06ddf5 52de1591efc34b5f84b0a6483b35e8e6 57a7e495d3c2447bb65f1c6e5df4d3e7 - default default] 192.168.122.100 "GET /v2.0/ports?network_id=4323ed9d-6a48-4e2c-9bdd-9b255a131192&tags=tripleo_stack_name%3Dovercloud&tags=tripleo_vip_net%3Dstorage HTTP/1.1" status: 200 len: 1232 time: 0.0421839
2025-10-05 07:40:02.246 18 DEBUG neutron.pecan_wsgi.hooks.policy_enforcement [req-15fac9dd-b884-4bba-a993-497a06a489ef 52de1591efc34b5f84b0a6483b35e8e6 57a7e495d3c2447bb65f1c6e5df4d3e7 - default default] Attributes excluded by policy engine: ['standard_attr_id', 'shared'] _exclude_attributes_by_policy /usr/lib/python3.9/site-packages/neutron/pecan_wsgi/hooks/policy_enforcement.py:259
2025-10-05 07:40:02.247 18 INFO neutron.wsgi [req-15fac9dd-b884-4bba-a993-497a06a489ef 52de1591efc34b5f84b0a6483b35e8e6 57a7e495d3c2447bb65f1c6e5df4d3e7 - default default] 192.168.122.100 "GET /v2.0/subnets/f48b7810-39d6-450a-ada0-b58e7b676989 HTTP/1.1" status: 200 len: 883 time: 0.0299079
2025-10-05 07:40:02.288 18 DEBUG neutron.pecan_wsgi.hooks.policy_enforcement [req-8843972c-d2aa-4e6f-8291-f16f93ca58d0 52de1591efc34b5f84b0a6483b35e8e6 57a7e495d3c2447bb65f1c6e5df4d3e7 - default default] Attributes excluded by policy engine: ['standard_attr_id'] _exclude_attributes_by_policy /usr/lib/python3.9/site-packages/neutron/pecan_wsgi/hooks/policy_enforcement.py:259
2025-10-05 07:40:02.288 18 INFO neutron.wsgi [req-8843972c-d2aa-4e6f-8291-f16f93ca58d0 52de1591efc34b5f84b0a6483b35e8e6 57a7e495d3c2447bb65f1c6e5df4d3e7 - default default] 192.168.122.100 "GET /v2.0/ports?network_id=db2b8188-42cd-4a0d-af59-8919502fb08e&tags=tripleo_stack_name%3Dovercloud&tags=tripleo_vip_net%3Dstorage_mgmt HTTP/1.1" status: 200 len: 1242 time: 0.0375581
2025-10-05 07:40:02.321 18 DEBUG neutron.pecan_wsgi.hooks.policy_enforcement [req-b4d830d7-248c-421d-8792-91b76e9df2ca 52de1591efc34b5f84b0a6483b35e8e6 57a7e495d3c2447bb65f1c6e5df4d3e7 - default default] Attributes excluded by policy engine: ['standard_attr_id', 'shared'] _exclude_attributes_by_policy /usr/lib/python3.9/site-packages/neutron/pecan_wsgi/hooks/policy_enforcement.py:259
2025-10-05 07:40:02.321 18 INFO neutron.wsgi [req-b4d830d7-248c-421d-8792-91b76e9df2ca 52de1591efc34b5f84b0a6483b35e8e6 57a7e495d3c2447bb65f1c6e5df4d3e7 - default default] 192.168.122.100 "GET /v2.0/subnets/c9bb5f19-8ad0-4e72-9078-1661a0c29937 HTTP/1.1" status: 200 len: 888 time: 0.0274787
2025-10-05 07:40:02.366 18 DEBUG neutron.pecan_wsgi.hooks.policy_enforcement [req-01b79a90-312d-4a39-abc9-09d477fcac3e 52de1591efc34b5f84b0a6483b35e8e6 57a7e495d3c2447bb65f1c6e5df4d3e7 - default default] Attributes excluded by policy engine: ['standard_attr_id'] _exclude_attributes_by_policy /usr/lib/python3.9/site-packages/neutron/pecan_wsgi/hooks/policy_enforcement.py:259
2025-10-05 07:40:02.367 18 INFO neutron.wsgi [req-01b79a90-312d-4a39-abc9-09d477fcac3e 52de1591efc34b5f84b0a6483b35e8e6 57a7e495d3c2447bb65f1c6e5df4d3e7 - default default] 192.168.122.100 "GET /v2.0/ports?network_id=2edfe61a-36ff-479f-9f3a-9750de251166&tags=tripleo_stack_name%3Dovercloud&tags=tripleo_vip_net%3Dexternal HTTP/1.1" status: 200 len: 1234 time: 0.0412140
2025-10-05 07:40:02.401 18 DEBUG neutron.pecan_wsgi.hooks.policy_enforcement [req-116b53cf-1cd9-4f3a-bcff-55165364b5a5 52de1591efc34b5f84b0a6483b35e8e6 57a7e495d3c2447bb65f1c6e5df4d3e7 - default default] Attributes excluded by policy engine: ['standard_attr_id', 'shared'] _exclude_attributes_by_policy /usr/lib/python3.9/site-packages/neutron/pecan_wsgi/hooks/policy_enforcement.py:259
2025-10-05 07:40:02.402 18 INFO neutron.wsgi [req-116b53cf-1cd9-4f3a-bcff-55165364b5a5 52de1591efc34b5f84b0a6483b35e8e6 57a7e495d3c2447bb65f1c6e5df4d3e7 - default default] 192.168.122.100 "GET /v2.0/subnets/62e690a8-cc70-4d0d-9ca2-ed297ff8b423 HTTP/1.1" status: 200 len: 884 time: 0.0296302
2025-10-05 07:40:02.446 18 DEBUG neutron.pecan_wsgi.hooks.policy_enforcement [req-6148da7c-0857-4b9f-80fd-40cb87a37215 52de1591efc34b5f84b0a6483b35e8e6 57a7e495d3c2447bb65f1c6e5df4d3e7 - default default] Attributes excluded by policy engine: ['standard_attr_id'] _exclude_attributes_by_policy /usr/lib/python3.9/site-packages/neutron/pecan_wsgi/hooks/policy_enforcement.py:259
2025-10-05 07:40:02.447 18 INFO neutron.wsgi [req-6148da7c-0857-4b9f-80fd-40cb87a37215 52de1591efc34b5f84b0a6483b35e8e6 57a7e495d3c2447bb65f1c6e5df4d3e7 - default default] 192.168.122.100 "GET /v2.0/ports?network_id=5b37586a-1454-4421-9bd5-7dea0c4c09e0&tags=tripleo_stack_name%3Dovercloud&tags=tripleo_vip_net%3Dctlplane HTTP/1.1" status: 200 len: 1238 time: 0.0404427
2025-10-05 07:40:02.505 18 DEBUG neutron.pecan_wsgi.hooks.policy_enforcement [req-a4719cea-3a94-43e8-b72e-0ac2f3c83ece 52de1591efc34b5f84b0a6483b35e8e6 57a7e495d3c2447bb65f1c6e5df4d3e7 - default default] Attributes excluded by policy engine: ['standard_attr_id', 'vlan_transparent'] _exclude_attributes_by_policy /usr/lib/python3.9/site-packages/neutron/pecan_wsgi/hooks/policy_enforcement.py:259
2025-10-05 07:40:02.506 18 INFO neutron.wsgi [req-a4719cea-3a94-43e8-b72e-0ac2f3c83ece 52de1591efc34b5f84b0a6483b35e8e6 57a7e495d3c2447bb65f1c6e5df4d3e7 - default default] 192.168.122.100 "GET /v2.0/networks/5b37586a-1454-4421-9bd5-7dea0c4c09e0 HTTP/1.1" status: 200 len: 946 time: 0.0532770
2025-10-05 07:40:02.538 18 DEBUG neutron.pecan_wsgi.hooks.policy_enforcement [req-f09b5fec-cd96-4aef-8926-a86adbaa7b97 52de1591efc34b5f84b0a6483b35e8e6 57a7e495d3c2447bb65f1c6e5df4d3e7 - default default] Attributes excluded by policy engine: ['standard_attr_id', 'shared'] _exclude_attributes_by_policy /usr/lib/python3.9/site-packages/neutron/pecan_wsgi/hooks/policy_enforcement.py:259
2025-10-05 07:40:02.539 18 INFO neutron.wsgi [req-f09b5fec-cd96-4aef-8926-a86adbaa7b97 52de1591efc34b5f84b0a6483b35e8e6 57a7e495d3c2447bb65f1c6e5df4d3e7 - default default] 192.168.122.100 "GET /v2.0/subnets/a47bb212-c3e1-4010-90e1-c3a63c2be2de HTTP/1.1" status: 200 len: 866 time: 0.0280373
2025-10-05 07:40:19.192 18 DEBUG neutron.wsgi [-] (18) accepted ('192.168.122.100', 39820) server /usr/lib/python3.9/site-packages/eventlet/wsgi.py:992
2025-10-05 07:40:19.194 18 INFO neutron.wsgi [-] 192.168.122.100 "GET / HTTP/1.1" status: 200 len: 233 time: 0.0013795
2025-10-05 07:40:34.442 16 DEBUG neutron.wsgi [-] (16) accepted ('192.168.122.100', 44982) server /usr/lib/python3.9/site-packages/eventlet/wsgi.py:992
2025-10-05 07:40:34.517 16 INFO neutron.pecan_wsgi.hooks.translation [req-5c59dcb2-b098-404f-8623-732b44152480 52de1591efc34b5f84b0a6483b35e8e6 57a7e495d3c2447bb65f1c6e5df4d3e7 - default default] GET failed (client error): The resource could not be found.
2025-10-05 07:40:34.519 16 INFO neutron.wsgi [req-5c59dcb2-b098-404f-8623-732b44152480 52de1591efc34b5f84b0a6483b35e8e6 57a7e495d3c2447bb65f1c6e5df4d3e7 - default default] 192.168.122.100 "GET /v2.0/networks/ctlplane HTTP/1.1" status: 404 len: 316 time: 0.0757618
2025-10-05 07:40:34.610 16 DEBUG neutron.pecan_wsgi.hooks.policy_enforcement [req-973cca75-6e41-41c6-b4e6-888a006ba5ee 52de1591efc34b5f84b0a6483b35e8e6 57a7e495d3c2447bb65f1c6e5df4d3e7 - default default] Attributes excluded by policy engine: ['standard_attr_id', 'vlan_transparent'] _exclude_attributes_by_policy /usr/lib/python3.9/site-packages/neutron/pecan_wsgi/hooks/policy_enforcement.py:259
2025-10-05 07:40:34.612 16 INFO neutron.wsgi [req-973cca75-6e41-41c6-b4e6-888a006ba5ee 52de1591efc34b5f84b0a6483b35e8e6 57a7e495d3c2447bb65f1c6e5df4d3e7 - default default] 192.168.122.100 "GET /v2.0/networks?name=ctlplane HTTP/1.1" status: 200 len: 949 time: 0.0880404
2025-10-05 07:40:34.670 16 DEBUG neutron.pecan_wsgi.hooks.policy_enforcement [req-1d9bfd6c-e36f-477c-b899-4a27faaa37a8 52de1591efc34b5f84b0a6483b35e8e6 57a7e495d3c2447bb65f1c6e5df4d3e7 - default default] Attributes excluded by policy engine: ['standard_attr_id', 'shared'] _exclude_attributes_by_policy /usr/lib/python3.9/site-packages/neutron/pecan_wsgi/hooks/policy_enforcement.py:259
2025-10-05 07:40:34.672 16 INFO neutron.wsgi [req-1d9bfd6c-e36f-477c-b899-4a27faaa37a8 52de1591efc34b5f84b0a6483b35e8e6 57a7e495d3c2447bb65f1c6e5df4d3e7 - default default] 192.168.122.100 "GET /v2.0/subnets/a47bb212-c3e1-4010-90e1-c3a63c2be2de HTTP/1.1" status: 200 len: 866 time: 0.0539832
2025-10-05 07:40:50.122 18 DEBUG neutron.wsgi [-] (18) accepted ('192.168.122.100', 38392) server /usr/lib/python3.9/site-packages/eventlet/wsgi.py:992
2025-10-05 07:40:50.125 18 INFO neutron.wsgi [-] 192.168.122.100 "GET / HTTP/1.1" status: 200 len: 233 time: 0.0018296
2025-10-05 07:41:21.324 17 DEBUG neutron.wsgi [-] (17) accepted ('192.168.122.100', 53136) server /usr/lib/python3.9/site-packages/eventlet/wsgi.py:992
2025-10-05 07:41:21.329 17 INFO neutron.wsgi [-] 192.168.122.100 "GET / HTTP/1.1" status: 200 len: 233 time: 0.0023701
2025-10-05 07:41:52.154 16 DEBUG neutron.wsgi [-] (16) accepted ('192.168.122.100', 40882) server /usr/lib/python3.9/site-packages/eventlet/wsgi.py:992
2025-10-05 07:41:52.159 16 INFO neutron.wsgi [-] 192.168.122.100 "GET / HTTP/1.1" status: 200 len: 233 time: 0.0026739
2025-10-05 07:42:23.089 15 DEBUG neutron.wsgi [-] (15) accepted ('192.168.122.100', 34262) server /usr/lib/python3.9/site-packages/eventlet/wsgi.py:992
2025-10-05 07:42:23.092 15 INFO neutron.wsgi [-] 192.168.122.100 "GET / HTTP/1.1" status: 200 len: 233 time: 0.0015962
2025-10-05 07:42:48.758 23 DEBUG neutron_lib.callbacks.manager [req-d3a5a4d4-90b7-49d8-a578-67a1f3eb3bb4 - - - - -] Notify callbacks ['neutron.services.segments.db._update_segment_host_mapping_for_agent-8777446517086', 'neutron.plugins.ml2.plugin.Ml2Plugin._retry_binding_revived_agents-930193'] for agent, after_update _notify_loop /usr/lib/python3.9/site-packages/neutron_lib/callbacks/manager.py:200
2025-10-05 07:42:48.933 21 DEBUG neutron_lib.callbacks.manager [req-e9812628-a13f-4e8f-ae4c-8056a2174132 - - - - -] Notify callbacks ['neutron.services.segments.db._update_segment_host_mapping_for_agent-8777446517086', 'neutron.plugins.ml2.plugin.Ml2Plugin._retry_binding_revived_agents-930193'] for agent, after_update _notify_loop /usr/lib/python3.9/site-packages/neutron_lib/callbacks/manager.py:200
2025-10-05 07:42:54.184 15 DEBUG neutron.wsgi [-] (15) accepted ('192.168.122.100', 56868) server /usr/lib/python3.9/site-packages/eventlet/wsgi.py:992
2025-10-05 07:42:54.186 15 INFO neutron.wsgi [-] 192.168.122.100 "GET / HTTP/1.1" status: 200 len: 233 time: 0.0017686
2025-10-05 07:42:55.435 19 DEBUG neutron_lib.callbacks.manager [req-a6e0925d-9ce8-44fd-a5ec-3b91f9923e9d - - - - -] Notify callbacks ['neutron.services.segments.db._update_segment_host_mapping_for_agent-8777446517086', 'neutron.plugins.ml2.plugin.Ml2Plugin._retry_binding_revived_agents-930193'] for agent, after_update _notify_loop /usr/lib/python3.9/site-packages/neutron_lib/callbacks/manager.py:200
2025-10-05 07:43:24.496 15 DEBUG neutron.wsgi [-] (15) accepted ('192.168.122.100', 36742) server /usr/lib/python3.9/site-packages/eventlet/wsgi.py:992
2025-10-05 07:43:24.499 15 INFO neutron.wsgi [-] 192.168.122.100 "GET / HTTP/1.1" status: 200 len: 233 time: 0.0015502
2025-10-05 07:43:55.208 15 DEBUG neutron.wsgi [-] (15) accepted ('192.168.122.100', 59882) server /usr/lib/python3.9/site-packages/eventlet/wsgi.py:992
2025-10-05 07:43:55.210 15 INFO neutron.wsgi [-] 192.168.122.100 "GET / HTTP/1.1" status: 200 len: 233 time: 0.0015495
2025-10-05 07:43:56.525 24 DEBUG neutron.db.agents_db [req-7394b711-724b-4f53-b28e-fc41b73220a5 - - - - -] Agent healthcheck: found 3 active agents agent_health_check /usr/lib/python3.9/site-packages/neutron/db/agents_db.py:328
2025-10-05 07:44:26.191 15 DEBUG neutron.wsgi [-] (15) accepted ('192.168.122.100', 33788) server /usr/lib/python3.9/site-packages/eventlet/wsgi.py:992
2025-10-05 07:44:26.193 15 INFO neutron.wsgi [-] 192.168.122.100 "GET / HTTP/1.1" status: 200 len: 233 time: 0.0016451
2025-10-05 07:44:57.071 18 DEBUG neutron.wsgi [-] (18) accepted ('192.168.122.100', 58934) server /usr/lib/python3.9/site-packages/eventlet/wsgi.py:992
2025-10-05 07:44:57.075 18 INFO neutron.wsgi [-] 192.168.122.100 "GET / HTTP/1.1" status: 200 len: 233 time: 0.0023603
2025-10-05 07:45:28.089 16 DEBUG neutron.wsgi [-] (16) accepted ('192.168.122.100', 44176) server /usr/lib/python3.9/site-packages/eventlet/wsgi.py:992
2025-10-05 07:45:28.094 16 INFO neutron.wsgi [-] 192.168.122.100 "GET / HTTP/1.1" status: 200 len: 233 time: 0.0034142
2025-10-05 07:45:42.378 17 DEBUG neutron.wsgi [-] (17) accepted ('192.168.122.100', 60882) server /usr/lib/python3.9/site-packages/eventlet/wsgi.py:992
2025-10-05 07:45:42.481 17 INFO neutron.pecan_wsgi.hooks.translation [req-92938be8-7519-4923-9210-78de580a48a3 52de1591efc34b5f84b0a6483b35e8e6 57a7e495d3c2447bb65f1c6e5df4d3e7 - default default] GET failed (client error): The resource could not be found.
2025-10-05 07:45:42.483 17 INFO neutron.wsgi [req-92938be8-7519-4923-9210-78de580a48a3 52de1591efc34b5f84b0a6483b35e8e6 57a7e495d3c2447bb65f1c6e5df4d3e7 - default default] 192.168.122.100 "GET /v2.0/networks/ctlplane HTTP/1.1" status: 404 len: 316 time: 0.1026721
2025-10-05 07:45:42.536 17 DEBUG neutron.pecan_wsgi.hooks.policy_enforcement [req-36a7b737-dbfd-4924-acd3-c51bb10f03f8 52de1591efc34b5f84b0a6483b35e8e6 57a7e495d3c2447bb65f1c6e5df4d3e7 - default default] Attributes excluded by policy engine: ['standard_attr_id', 'vlan_transparent'] _exclude_attributes_by_policy /usr/lib/python3.9/site-packages/neutron/pecan_wsgi/hooks/policy_enforcement.py:259
2025-10-05 07:45:42.537 17 INFO neutron.wsgi [req-36a7b737-dbfd-4924-acd3-c51bb10f03f8 52de1591efc34b5f84b0a6483b35e8e6 57a7e495d3c2447bb65f1c6e5df4d3e7 - default default] 192.168.122.100 "GET /v2.0/networks?name=ctlplane HTTP/1.1" status: 200 len: 949 time: 0.0511780
2025-10-05 07:45:42.569 17 DEBUG neutron.pecan_wsgi.hooks.policy_enforcement [req-130ab1be-23b1-46cf-9a79-6b0a2e7fff37 52de1591efc34b5f84b0a6483b35e8e6 57a7e495d3c2447bb65f1c6e5df4d3e7 - default default] Attributes excluded by policy engine: ['standard_attr_id', 'shared'] _exclude_attributes_by_policy /usr/lib/python3.9/site-packages/neutron/pecan_wsgi/hooks/policy_enforcement.py:259
2025-10-05 07:45:42.570 17 INFO neutron.wsgi [req-130ab1be-23b1-46cf-9a79-6b0a2e7fff37 52de1591efc34b5f84b0a6483b35e8e6 57a7e495d3c2447bb65f1c6e5df4d3e7 - default default] 192.168.122.100 "GET /v2.0/subnets/a47bb212-c3e1-4010-90e1-c3a63c2be2de HTTP/1.1" status: 200 len: 866 time: 0.0276618
2025-10-05 07:45:59.310 15 DEBUG neutron.wsgi [-] (15) accepted ('192.168.122.100', 48316) server /usr/lib/python3.9/site-packages/eventlet/wsgi.py:992
2025-10-05 07:45:59.313 15 INFO neutron.wsgi [-] 192.168.122.100 "GET / HTTP/1.1" status: 200 len: 233 time: 0.0013227
2025-10-05 07:46:30.261 15 DEBUG neutron.wsgi [-] (15) accepted ('192.168.122.100', 41332) server /usr/lib/python3.9/site-packages/eventlet/wsgi.py:992
2025-10-05 07:46:30.263 15 INFO neutron.wsgi [-] 192.168.122.100 "GET / HTTP/1.1" status: 200 len: 233 time: 0.0013995
2025-10-05 07:47:01.199 17 DEBUG neutron.wsgi [-] (17) accepted ('192.168.122.100', 39124) server /usr/lib/python3.9/site-packages/eventlet/wsgi.py:992
2025-10-05 07:47:01.202 17 INFO neutron.wsgi [-] 192.168.122.100 "GET / HTTP/1.1" status: 200 len: 233 time: 0.0021980
2025-10-05 07:47:32.168 18 DEBUG neutron.wsgi [-] (18) accepted ('192.168.122.100', 41242) server /usr/lib/python3.9/site-packages/eventlet/wsgi.py:992
2025-10-05 07:47:32.172 18 INFO neutron.wsgi [-] 192.168.122.100 "GET / HTTP/1.1" status: 200 len: 233 time: 0.0029821
2025-10-05 07:47:48.764 20 DEBUG neutron_lib.callbacks.manager [req-3d0b8715-65e5-4fc3-82fc-45136a52cc90 - - - - -] Notify callbacks ['neutron.services.segments.db._update_segment_host_mapping_for_agent-8777446517086', 'neutron.plugins.ml2.plugin.Ml2Plugin._retry_binding_revived_agents-930193'] for agent, after_update _notify_loop /usr/lib/python3.9/site-packages/neutron_lib/callbacks/manager.py:200
2025-10-05 07:47:48.925 22 DEBUG neutron_lib.callbacks.manager [req-a19902e6-1a48-41ed-b152-64bbdd945903 - - - - -] Notify callbacks ['neutron.services.segments.db._update_segment_host_mapping_for_agent-8777446517086', 'neutron.plugins.ml2.plugin.Ml2Plugin._retry_binding_revived_agents-930193'] for agent, after_update _notify_loop /usr/lib/python3.9/site-packages/neutron_lib/callbacks/manager.py:200
2025-10-05 07:47:55.438 23 DEBUG neutron_lib.callbacks.manager [req-a6e0925d-9ce8-44fd-a5ec-3b91f9923e9d - - - - -] Notify callbacks ['neutron.services.segments.db._update_segment_host_mapping_for_agent-8777446517086', 'neutron.plugins.ml2.plugin.Ml2Plugin._retry_binding_revived_agents-930193'] for agent, after_update _notify_loop /usr/lib/python3.9/site-packages/neutron_lib/callbacks/manager.py:200
2025-10-05 07:48:03.173 16 DEBUG neutron.wsgi [-] (16) accepted ('192.168.122.100', 45692) server /usr/lib/python3.9/site-packages/eventlet/wsgi.py:992
2025-10-05 07:48:03.175 16 INFO neutron.wsgi [-] 192.168.122.100 "GET / HTTP/1.1" status: 200 len: 233 time: 0.0015304
2025-10-05 07:48:34.048 18 DEBUG neutron.wsgi [-] (18) accepted ('192.168.122.100', 37728) server /usr/lib/python3.9/site-packages/eventlet/wsgi.py:992
2025-10-05 07:48:34.049 18 INFO neutron.wsgi [-] 192.168.122.100 "GET / HTTP/1.1" status: 200 len: 233 time: 0.0011420
2025-10-05 07:48:56.530 24 DEBUG neutron.db.agents_db [req-7394b711-724b-4f53-b28e-fc41b73220a5 - - - - -] Agent healthcheck: found 3 active agents agent_health_check /usr/lib/python3.9/site-packages/neutron/db/agents_db.py:328
2025-10-05 07:49:04.966 15 DEBUG neutron.wsgi [-] (15) accepted ('192.168.122.100', 48756) server /usr/lib/python3.9/site-packages/eventlet/wsgi.py:992
2025-10-05 07:49:04.968 15 INFO neutron.wsgi [-] 192.168.122.100 "GET / HTTP/1.1" status: 200 len: 233 time: 0.0012548
2025-10-05 07:49:28.696 18 DEBUG neutron.wsgi [-] (18) accepted ('192.168.122.100', 46182) server /usr/lib/python3.9/site-packages/eventlet/wsgi.py:992
2025-10-05 07:49:28.891 18 DEBUG neutron.pecan_wsgi.hooks.policy_enforcement [req-3988487b-fe6f-409d-a0f4-d9608c327bf9 52de1591efc34b5f84b0a6483b35e8e6 57a7e495d3c2447bb65f1c6e5df4d3e7 - default default] Attributes excluded by policy engine: ['standard_attr_id'] _exclude_attributes_by_policy /usr/lib/python3.9/site-packages/neutron/pecan_wsgi/hooks/policy_enforcement.py:259
2025-10-05 07:49:28.891 18 DEBUG neutron.pecan_wsgi.hooks.policy_enforcement [req-3988487b-fe6f-409d-a0f4-d9608c327bf9 52de1591efc34b5f84b0a6483b35e8e6 57a7e495d3c2447bb65f1c6e5df4d3e7 - default default] Attributes excluded by policy engine: ['standard_attr_id'] _exclude_attributes_by_policy /usr/lib/python3.9/site-packages/neutron/pecan_wsgi/hooks/policy_enforcement.py:259
2025-10-05 07:49:28.892 18 DEBUG neutron.pecan_wsgi.hooks.policy_enforcement [req-3988487b-fe6f-409d-a0f4-d9608c327bf9 52de1591efc34b5f84b0a6483b35e8e6 57a7e495d3c2447bb65f1c6e5df4d3e7 - default default] Attributes excluded by policy engine: ['standard_attr_id'] _exclude_attributes_by_policy /usr/lib/python3.9/site-packages/neutron/pecan_wsgi/hooks/policy_enforcement.py:259
2025-10-05 07:49:28.892 18 DEBUG neutron.pecan_wsgi.hooks.policy_enforcement [req-3988487b-fe6f-409d-a0f4-d9608c327bf9 52de1591efc34b5f84b0a6483b35e8e6 57a7e495d3c2447bb65f1c6e5df4d3e7 - default default] Attributes excluded by policy engine: ['standard_attr_id'] _exclude_attributes_by_policy /usr/lib/python3.9/site-packages/neutron/pecan_wsgi/hooks/policy_enforcement.py:259
2025-10-05 07:49:28.893 18 DEBUG neutron.pecan_wsgi.hooks.policy_enforcement [req-3988487b-fe6f-409d-a0f4-d9608c327bf9 52de1591efc34b5f84b0a6483b35e8e6 57a7e495d3c2447bb65f1c6e5df4d3e7 - default default] Attributes excluded by policy engine: ['standard_attr_id'] _exclude_attributes_by_policy /usr/lib/python3.9/site-packages/neutron/pecan_wsgi/hooks/policy_enforcement.py:259
2025-10-05 07:49:28.894 18 INFO neutron.wsgi [req-3988487b-fe6f-409d-a0f4-d9608c327bf9 52de1591efc34b5f84b0a6483b35e8e6 57a7e495d3c2447bb65f1c6e5df4d3e7 - default default] 192.168.122.100 "GET /v2.0/ports?tags=tripleo_stack_name%3Dovercloud HTTP/1.1" status: 200 len: 5344 time: 0.1965084
2025-10-05 07:49:28.932 18 INFO neutron.pecan_wsgi.hooks.translation [req-86b04e11-12d7-409d-a151-3cea4cfc3b0f 52de1591efc34b5f84b0a6483b35e8e6 57a7e495d3c2447bb65f1c6e5df4d3e7 - default default] GET failed (client error): The resource could not be found.
2025-10-05 07:49:28.933 18 INFO neutron.wsgi [req-86b04e11-12d7-409d-a151-3cea4cfc3b0f 52de1591efc34b5f84b0a6483b35e8e6 57a7e495d3c2447bb65f1c6e5df4d3e7 - default default] 192.168.122.100 "GET /v2.0/networks/ctlplane HTTP/1.1" status: 404 len: 316 time: 0.0244105
2025-10-05 07:49:29.011 18 DEBUG neutron.pecan_wsgi.hooks.policy_enforcement [req-e82a4a18-f242-4ad1-b463-ec1d414bd061 52de1591efc34b5f84b0a6483b35e8e6 57a7e495d3c2447bb65f1c6e5df4d3e7 - default default] Attributes excluded by policy engine: ['standard_attr_id', 'vlan_transparent'] _exclude_attributes_by_policy /usr/lib/python3.9/site-packages/neutron/pecan_wsgi/hooks/policy_enforcement.py:259
2025-10-05 07:49:29.012 18 INFO neutron.wsgi [req-e82a4a18-f242-4ad1-b463-ec1d414bd061 52de1591efc34b5f84b0a6483b35e8e6 57a7e495d3c2447bb65f1c6e5df4d3e7 - default default] 192.168.122.100 "GET /v2.0/networks?name=ctlplane HTTP/1.1" status: 200 len: 949 time: 0.0761800
2025-10-05 07:49:35.383 16 DEBUG neutron.wsgi [-] (16) accepted ('192.168.122.100', 41090) server /usr/lib/python3.9/site-packages/eventlet/wsgi.py:992
2025-10-05 07:49:35.387 16 INFO neutron.wsgi [-] 192.168.122.100 "GET / HTTP/1.1" status: 200 len: 233 time: 0.0028081
2025-10-05 07:49:56.855 15 DEBUG neutron.wsgi [-] (15) accepted ('192.168.122.100', 51644) server /usr/lib/python3.9/site-packages/eventlet/wsgi.py:992
2025-10-05 07:49:56.914 15 INFO neutron.pecan_wsgi.hooks.translation [req-6aeb89f1-1a9d-4f0a-a65a-d01847f36dce 52de1591efc34b5f84b0a6483b35e8e6 57a7e495d3c2447bb65f1c6e5df4d3e7 - default default] GET failed (client error): The resource could not be found.
2025-10-05 07:49:56.915 15 INFO neutron.wsgi [req-6aeb89f1-1a9d-4f0a-a65a-d01847f36dce 52de1591efc34b5f84b0a6483b35e8e6 57a7e495d3c2447bb65f1c6e5df4d3e7 - default default] 192.168.122.100 "GET /v2.0/networks/ovn_mac_addr_net HTTP/1.1" status: 404 len: 324 time: 0.0587237
2025-10-05 07:49:56.934 15 INFO neutron.wsgi [req-46adfd68-fd1c-438c-bf61-8c80ab518ea0 52de1591efc34b5f84b0a6483b35e8e6 57a7e495d3c2447bb65f1c6e5df4d3e7 - default default] 192.168.122.100 "GET /v2.0/networks?name=ovn_mac_addr_net HTTP/1.1" status: 200 len: 213 time: 0.0156989
2025-10-05 07:49:56.942 15 DEBUG neutron.api.v2.base [req-21533120-25ef-49c0-a59c-a7ebec81e441 52de1591efc34b5f84b0a6483b35e8e6 57a7e495d3c2447bb65f1c6e5df4d3e7 - default default] Request body: {'network': {'name': 'ovn_mac_addr_net', 'description': 'Network used to allocate MAC addresses for OVN chassis.'}} prepare_request_body /usr/lib/python3.9/site-packages/neutron/api/v2/base.py:729
2025-10-05 07:49:56.958 15 DEBUG neutron.pecan_wsgi.hooks.quota_enforcement [req-21533120-25ef-49c0-a59c-a7ebec81e441 52de1591efc34b5f84b0a6483b35e8e6 57a7e495d3c2447bb65f1c6e5df4d3e7 - default default] Made reservation on behalf of 57a7e495d3c2447bb65f1c6e5df4d3e7 for: {'network': 1} before /usr/lib/python3.9/site-packages/neutron/pecan_wsgi/hooks/quota_enforcement.py:53
2025-10-05 07:49:56.959 15 DEBUG neutron_lib.callbacks.manager [req-21533120-25ef-49c0-a59c-a7ebec81e441 52de1591efc34b5f84b0a6483b35e8e6 57a7e495d3c2447bb65f1c6e5df4d3e7 - default default] Notify callbacks ['neutron.plugins.ml2.plugin.SecurityGroupDbMixin._ensure_default_security_group_handler-557436'] for network, before_create _notify_loop /usr/lib/python3.9/site-packages/neutron_lib/callbacks/manager.py:200
2025-10-05 07:49:56.988 15 DEBUG neutron_lib.callbacks.manager [req-21533120-25ef-49c0-a59c-a7ebec81e441 52de1591efc34b5f84b0a6483b35e8e6 57a7e495d3c2447bb65f1c6e5df4d3e7 - default default] Notify callbacks ['neutron.services.segments.db._add_segment_host_mapping_for_segment-8777446517095', 'neutron.plugins.ml2.plugin.Ml2Plugin._handle_segment_change-923407'] for segment, precommit_create _notify_loop /usr/lib/python3.9/site-packages/neutron_lib/callbacks/manager.py:200
2025-10-05 07:49:56.988 15 INFO neutron.db.segments_db [req-21533120-25ef-49c0-a59c-a7ebec81e441 52de1591efc34b5f84b0a6483b35e8e6 57a7e495d3c2447bb65f1c6e5df4d3e7 - default default] Added segment e942692b-5686-4316-b7fd-ff5f813f40cd of type local for network 359da1c0-5e2c-4e46-b7ae-cf5acab61c8a
2025-10-05 07:49:57.007 15 DEBUG neutron_lib.callbacks.manager [req-21533120-25ef-49c0-a59c-a7ebec81e441 52de1591efc34b5f84b0a6483b35e8e6 57a7e495d3c2447bb65f1c6e5df4d3e7 - default default] Notify callbacks ['neutron.services.auto_allocate.db._ensure_external_network_default_value_callback-8777445871463'] for network, precommit_create _notify_loop /usr/lib/python3.9/site-packages/neutron_lib/callbacks/manager.py:200
2025-10-05 07:49:57.023 15 DEBUG neutron_lib.callbacks.manager [req-21533120-25ef-49c0-a59c-a7ebec81e441 52de1591efc34b5f84b0a6483b35e8e6 57a7e495d3c2447bb65f1c6e5df4d3e7 - default default] Notify callbacks ['neutron.plugins.ml2.ovo_rpc._ObjectChangeHandler.handle_event-1656110', 'neutron.api.rpc.agentnotifiers.dhcp_rpc_agent_api.DhcpAgentNotifyAPI._native_event_send_dhcp_notification-1955480'] for network, after_create _notify_loop /usr/lib/python3.9/site-packages/neutron_lib/callbacks/manager.py:200
2025-10-05 07:49:57.023 15 DEBUG neutron.pecan_wsgi.hooks.policy_enforcement [req-21533120-25ef-49c0-a59c-a7ebec81e441 52de1591efc34b5f84b0a6483b35e8e6 57a7e495d3c2447bb65f1c6e5df4d3e7 - default default] Attributes excluded by policy engine: ['standard_attr_id', 'vlan_transparent'] _exclude_attributes_by_policy /usr/lib/python3.9/site-packages/neutron/pecan_wsgi/hooks/policy_enforcement.py:259
2025-10-05 07:49:57.024 15 DEBUG neutron_lib.callbacks.manager [req-21533120-25ef-49c0-a59c-a7ebec81e441 52de1591efc34b5f84b0a6483b35e8e6 57a7e495d3c2447bb65f1c6e5df4d3e7 - default default] Notify callbacks ['neutron.api.rpc.agentnotifiers.dhcp_rpc_agent_api.DhcpAgentNotifyAPI._send_dhcp_notification-1955562'] for network, before_response _notify_loop /usr/lib/python3.9/site-packages/neutron_lib/callbacks/manager.py:200
2025-10-05 07:49:57.062 15 INFO neutron.wsgi [req-21533120-25ef-49c0-a59c-a7ebec81e441 52de1591efc34b5f84b0a6483b35e8e6 57a7e495d3c2447bb65f1c6e5df4d3e7 - default default] 192.168.122.100 "POST /v2.0/networks HTTP/1.1" status: 201 len: 942 time: 0.1224093
2025-10-05 07:49:57.065 15 DEBUG neutron.api.rpc.handlers.resources_rpc [req-21533120-25ef-49c0-a59c-a7ebec81e441 52de1591efc34b5f84b0a6483b35e8e6 57a7e495d3c2447bb65f1c6e5df4d3e7 - - -] Pushing event updated for resources: {'Network': ['ID=359da1c0-5e2c-4e46-b7ae-cf5acab61c8a,revision_number=1']} push /usr/lib/python3.9/site-packages/neutron/api/rpc/handlers/resources_rpc.py:237
2025-10-05 07:49:57.068 15 DEBUG neutron.api.rpc.callbacks.version_manager [req-21533120-25ef-49c0-a59c-a7ebec81e441 52de1591efc34b5f84b0a6483b35e8e6 57a7e495d3c2447bb65f1c6e5df4d3e7 - - -] Version for resource type AddressGroup changed None to 1.2 on consumer Open vSwitch agent@undercloud.localdomain _set_version /usr/lib/python3.9/site-packages/neutron/api/rpc/callbacks/version_manager.py:113
2025-10-05 07:49:57.069 15 DEBUG neutron.api.rpc.callbacks.version_manager [req-21533120-25ef-49c0-a59c-a7ebec81e441 52de1591efc34b5f84b0a6483b35e8e6 57a7e495d3c2447bb65f1c6e5df4d3e7 - - -] Version for resource type ConntrackHelper changed None to 1.0 on consumer Open vSwitch agent@undercloud.localdomain _set_version /usr/lib/python3.9/site-packages/neutron/api/rpc/callbacks/version_manager.py:113
2025-10-05 07:49:57.069 15 DEBUG neutron.api.rpc.callbacks.version_manager [req-21533120-25ef-49c0-a59c-a7ebec81e441 52de1591efc34b5f84b0a6483b35e8e6 57a7e495d3c2447bb65f1c6e5df4d3e7 - - -] Version for resource type Log changed None to 1.0 on consumer Open vSwitch agent@undercloud.localdomain _set_version /usr/lib/python3.9/site-packages/neutron/api/rpc/callbacks/version_manager.py:113
2025-10-05 07:49:57.069 15 DEBUG neutron.api.rpc.callbacks.version_manager [req-21533120-25ef-49c0-a59c-a7ebec81e441 52de1591efc34b5f84b0a6483b35e8e6 57a7e495d3c2447bb65f1c6e5df4d3e7 - - -] Version for resource type Network changed None to 1.1 on consumer Open vSwitch agent@undercloud.localdomain _set_version /usr/lib/python3.9/site-packages/neutron/api/rpc/callbacks/version_manager.py:113
2025-10-05 07:49:57.069 15 DEBUG neutron.api.rpc.callbacks.version_manager [req-21533120-25ef-49c0-a59c-a7ebec81e441 52de1591efc34b5f84b0a6483b35e8e6 57a7e495d3c2447bb65f1c6e5df4d3e7 - - -] Version for resource type Port changed None to 1.7 on consumer Open vSwitch agent@undercloud.localdomain _set_version /usr/lib/python3.9/site-packages/neutron/api/rpc/callbacks/version_manager.py:113
2025-10-05 07:49:57.069 15 DEBUG neutron.api.rpc.callbacks.version_manager [req-21533120-25ef-49c0-a59c-a7ebec81e441 52de1591efc34b5f84b0a6483b35e8e6 57a7e495d3c2447bb65f1c6e5df4d3e7 - - -] Version for resource type PortForwarding changed None to 1.2 on consumer Open vSwitch agent@undercloud.localdomain _set_version /usr/lib/python3.9/site-packages/neutron/api/rpc/callbacks/version_manager.py:113
2025-10-05 07:49:57.069 15 DEBUG neutron.api.rpc.callbacks.version_manager [req-21533120-25ef-49c0-a59c-a7ebec81e441 52de1591efc34b5f84b0a6483b35e8e6 57a7e495d3c2447bb65f1c6e5df4d3e7 - - -] Version for resource type QosPolicy changed None to 1.8 on consumer Open vSwitch agent@undercloud.localdomain _set_version /usr/lib/python3.9/site-packages/neutron/api/rpc/callbacks/version_manager.py:113
2025-10-05 07:49:57.069 15 DEBUG neutron.api.rpc.callbacks.version_manager [req-21533120-25ef-49c0-a59c-a7ebec81e441 52de1591efc34b5f84b0a6483b35e8e6 57a7e495d3c2447bb65f1c6e5df4d3e7 - - -] Version for resource type SecurityGroup changed None to 1.5 on consumer Open vSwitch agent@undercloud.localdomain _set_version /usr/lib/python3.9/site-packages/neutron/api/rpc/callbacks/version_manager.py:113
2025-10-05 07:49:57.070 15 DEBUG neutron.api.rpc.callbacks.version_manager [req-21533120-25ef-49c0-a59c-a7ebec81e441 52de1591efc34b5f84b0a6483b35e8e6 57a7e495d3c2447bb65f1c6e5df4d3e7 - - -] Version for resource type SecurityGroupRule changed None to 1.2 on consumer Open vSwitch agent@undercloud.localdomain _set_version /usr/lib/python3.9/site-packages/neutron/api/rpc/callbacks/version_manager.py:113
2025-10-05 07:49:57.070 15 DEBUG neutron.api.rpc.callbacks.version_manager [req-21533120-25ef-49c0-a59c-a7ebec81e441 52de1591efc34b5f84b0a6483b35e8e6 57a7e495d3c2447bb65f1c6e5df4d3e7 - - -] Version for resource type SubPort changed None to 1.0 on consumer Open vSwitch agent@undercloud.localdomain _set_version /usr/lib/python3.9/site-packages/neutron/api/rpc/callbacks/version_manager.py:113
2025-10-05 07:49:57.070 15 DEBUG neutron.api.rpc.callbacks.version_manager [req-21533120-25ef-49c0-a59c-a7ebec81e441 52de1591efc34b5f84b0a6483b35e8e6 57a7e495d3c2447bb65f1c6e5df4d3e7 - - -] Version for resource type Subnet changed None to 1.1 on consumer Open vSwitch agent@undercloud.localdomain _set_version /usr/lib/python3.9/site-packages/neutron/api/rpc/callbacks/version_manager.py:113
2025-10-05 07:49:57.070 15 DEBUG neutron.api.rpc.callbacks.version_manager [req-21533120-25ef-49c0-a59c-a7ebec81e441 52de1591efc34b5f84b0a6483b35e8e6 57a7e495d3c2447bb65f1c6e5df4d3e7 - - -] Version for resource type Trunk changed None to 1.1 on consumer Open vSwitch agent@undercloud.localdomain _set_version /usr/lib/python3.9/site-packages/neutron/api/rpc/callbacks/version_manager.py:113
2025-10-05 07:49:57.080 20 DEBUG neutron.plugins.ml2.rpc [req-a6e0925d-9ce8-44fd-a5ec-3b91f9923e9d - - - - -] Network 359da1c0-5e2c-4e46-b7ae-cf5acab61c8a details requested by agent ovs-agent-undercloud.localdomain with host undercloud.localdomain get_network_details /usr/lib/python3.9/site-packages/neutron/plugins/ml2/rpc.py:232
2025-10-05 07:49:57.085 16 DEBUG neutron.wsgi [-] (16) accepted ('192.168.122.100', 51648) server /usr/lib/python3.9/site-packages/eventlet/wsgi.py:992
2025-10-05 07:49:57.089 17 DEBUG neutron.wsgi [-] (17) accepted ('192.168.122.100', 51662) server /usr/lib/python3.9/site-packages/eventlet/wsgi.py:992
2025-10-05 07:49:57.093 15 INFO neutron.wsgi [req-4afff6c6-59c6-44b6-8f3a-c78290725dac 52de1591efc34b5f84b0a6483b35e8e6 57a7e495d3c2447bb65f1c6e5df4d3e7 - default default] 192.168.122.100 "GET /v2.0/ports?name=np0005471146_ovn_physnet_datacentre&network_id=359da1c0-5e2c-4e46-b7ae-cf5acab61c8a&tags=tripleo_stack_name%3Dovercloud HTTP/1.1" status: 200 len: 210 time: 0.0213108
2025-10-05 07:49:57.111 15 DEBUG neutron.api.v2.base [req-b9ea1790-5497-46e5-a87b-e559bd14902e 52de1591efc34b5f84b0a6483b35e8e6 57a7e495d3c2447bb65f1c6e5df4d3e7 - default default] Request body: {'port': {'dns_name': 'np0005471146', 'name': 'np0005471146_ovn_physnet_datacentre', 'network_id': '359da1c0-5e2c-4e46-b7ae-cf5acab61c8a'}} prepare_request_body /usr/lib/python3.9/site-packages/neutron/api/v2/base.py:729
2025-10-05 07:49:57.118 15 DEBUG neutron.pecan_wsgi.hooks.quota_enforcement [req-b9ea1790-5497-46e5-a87b-e559bd14902e 52de1591efc34b5f84b0a6483b35e8e6 57a7e495d3c2447bb65f1c6e5df4d3e7 - default default] Made reservation on behalf of 57a7e495d3c2447bb65f1c6e5df4d3e7 for: {'port': 1} before /usr/lib/python3.9/site-packages/neutron/pecan_wsgi/hooks/quota_enforcement.py:53
2025-10-05 07:49:57.119 15 DEBUG neutron_lib.callbacks.manager [req-b9ea1790-5497-46e5-a87b-e559bd14902e 52de1591efc34b5f84b0a6483b35e8e6 57a7e495d3c2447bb65f1c6e5df4d3e7 - default default] Notify callbacks ['neutron.plugins.ml2.plugin.SecurityGroupDbMixin._ensure_default_security_group_handler-557436'] for port, before_create _notify_loop /usr/lib/python3.9/site-packages/neutron_lib/callbacks/manager.py:200
2025-10-05 07:49:57.133 16 INFO neutron.wsgi [req-1bf9e3c5-79a7-44df-8914-a4acf58f036f 52de1591efc34b5f84b0a6483b35e8e6 57a7e495d3c2447bb65f1c6e5df4d3e7 - default default] 192.168.122.100 "GET /v2.0/ports?name=np0005471147_ovn_physnet_datacentre&network_id=359da1c0-5e2c-4e46-b7ae-cf5acab61c8a&tags=tripleo_stack_name%3Dovercloud HTTP/1.1" status: 200 len: 210 time: 0.0478241
2025-10-05 07:49:57.134 15 DEBUG neutron.notifiers.nova [req-b9ea1790-5497-46e5-a87b-e559bd14902e 52de1591efc34b5f84b0a6483b35e8e6 57a7e495d3c2447bb65f1c6e5df4d3e7 - default default] device_id is not set on port 058f5b65-5ae0-42f6-83c3-ff79a6ad8316 yet. _can_notify /usr/lib/python3.9/site-packages/neutron/notifiers/nova.py:201
2025-10-05 07:49:57.144 16 DEBUG neutron.api.v2.base [req-eab8891e-00f2-42b7-b008-bb316df1ca3e 52de1591efc34b5f84b0a6483b35e8e6 57a7e495d3c2447bb65f1c6e5df4d3e7 - default default] Request body: {'port': {'dns_name': 'np0005471147', 'name': 'np0005471147_ovn_physnet_datacentre', 'network_id': '359da1c0-5e2c-4e46-b7ae-cf5acab61c8a'}} prepare_request_body /usr/lib/python3.9/site-packages/neutron/api/v2/base.py:729
2025-10-05 07:49:57.146 17 INFO neutron.wsgi [req-e9c15bd7-3fe1-47b0-9658-e716e85d64b3 52de1591efc34b5f84b0a6483b35e8e6 57a7e495d3c2447bb65f1c6e5df4d3e7 - default default] 192.168.122.100 "GET /v2.0/ports?name=np0005471148_ovn_physnet_datacentre&network_id=359da1c0-5e2c-4e46-b7ae-cf5acab61c8a&tags=tripleo_stack_name%3Dovercloud HTTP/1.1" status: 200 len: 210 time: 0.0553839
2025-10-05 07:49:57.154 17 DEBUG neutron.api.v2.base [req-e13966a1-25d0-4225-9d06-80ad4a42a6c4 52de1591efc34b5f84b0a6483b35e8e6 57a7e495d3c2447bb65f1c6e5df4d3e7 - default default] Request body: {'port': {'dns_name': 'np0005471148', 'name': 'np0005471148_ovn_physnet_datacentre', 'network_id': '359da1c0-5e2c-4e46-b7ae-cf5acab61c8a'}} prepare_request_body /usr/lib/python3.9/site-packages/neutron/api/v2/base.py:729
2025-10-05 07:49:57.159 16 DEBUG neutron.pecan_wsgi.hooks.quota_enforcement [req-eab8891e-00f2-42b7-b008-bb316df1ca3e 52de1591efc34b5f84b0a6483b35e8e6 57a7e495d3c2447bb65f1c6e5df4d3e7 - default default] Made reservation on behalf of 57a7e495d3c2447bb65f1c6e5df4d3e7 for: {'port': 1} before /usr/lib/python3.9/site-packages/neutron/pecan_wsgi/hooks/quota_enforcement.py:53
2025-10-05 07:49:57.161 17 DEBUG neutron.pecan_wsgi.hooks.quota_enforcement [req-e13966a1-25d0-4225-9d06-80ad4a42a6c4 52de1591efc34b5f84b0a6483b35e8e6 57a7e495d3c2447bb65f1c6e5df4d3e7 - default default] Made reservation on behalf of 57a7e495d3c2447bb65f1c6e5df4d3e7 for: {'port': 1} before /usr/lib/python3.9/site-packages/neutron/pecan_wsgi/hooks/quota_enforcement.py:53
2025-10-05 07:49:57.161 16 DEBUG neutron_lib.callbacks.manager [req-eab8891e-00f2-42b7-b008-bb316df1ca3e 52de1591efc34b5f84b0a6483b35e8e6 57a7e495d3c2447bb65f1c6e5df4d3e7 - default default] Notify callbacks ['neutron.plugins.ml2.plugin.SecurityGroupDbMixin._ensure_default_security_group_handler-557436'] for port, before_create _notify_loop /usr/lib/python3.9/site-packages/neutron_lib/callbacks/manager.py:200
2025-10-05 07:49:57.162 17 DEBUG neutron_lib.callbacks.manager [req-e13966a1-25d0-4225-9d06-80ad4a42a6c4 52de1591efc34b5f84b0a6483b35e8e6 57a7e495d3c2447bb65f1c6e5df4d3e7 - default default] Notify callbacks ['neutron.plugins.ml2.plugin.SecurityGroupDbMixin._ensure_default_security_group_handler-557436'] for port, before_create _notify_loop /usr/lib/python3.9/site-packages/neutron_lib/callbacks/manager.py:200
2025-10-05 07:49:57.178 17 DEBUG neutron.notifiers.nova [req-e13966a1-25d0-4225-9d06-80ad4a42a6c4 52de1591efc34b5f84b0a6483b35e8e6 57a7e495d3c2447bb65f1c6e5df4d3e7 - default default] device_id is not set on port 223406cd-0574-4419-8771-d0e06e6e25a0 yet. _can_notify /usr/lib/python3.9/site-packages/neutron/notifiers/nova.py:201
2025-10-05 07:49:57.185 16 DEBUG neutron.notifiers.nova [req-eab8891e-00f2-42b7-b008-bb316df1ca3e 52de1591efc34b5f84b0a6483b35e8e6 57a7e495d3c2447bb65f1c6e5df4d3e7 - default default] device_id is not set on port a81111fc-fe58-40ee-a3c8-0eca35605a88 yet. _can_notify /usr/lib/python3.9/site-packages/neutron/notifiers/nova.py:201
2025-10-05 07:49:57.324 15 DEBUG neutron_lib.callbacks.manager [req-b9ea1790-5497-46e5-a87b-e559bd14902e 52de1591efc34b5f84b0a6483b35e8e6 57a7e495d3c2447bb65f1c6e5df4d3e7 - default default] Notify callbacks [] for port, precommit_create _notify_loop /usr/lib/python3.9/site-packages/neutron_lib/callbacks/manager.py:200
2025-10-05 07:49:57.338 15 DEBUG neutron_lib.callbacks.manager [req-b9ea1790-5497-46e5-a87b-e559bd14902e 52de1591efc34b5f84b0a6483b35e8e6 57a7e495d3c2447bb65f1c6e5df4d3e7 - default default] Notify callbacks ['neutron.plugins.ml2.plugin.SecurityGroupServerNotifierRpcMixin.notify_sg_on_port_change-528776', 'neutron.plugins.ml2.extensions.dns_integration._create_port_in_external_dns_service-8777446401576', 'neutron.plugins.ml2.ovo_rpc._ObjectChangeHandler.handle_event-343525', 'neutron.api.rpc.agentnotifiers.dhcp_rpc_agent_api.DhcpAgentNotifyAPI._native_event_send_dhcp_notification-1955480', 'neutron.services.segments.plugin.NovaSegmentNotifier._notify_port_created_or_deleted-2052885'] for port, after_create _notify_loop /usr/lib/python3.9/site-packages/neutron_lib/callbacks/manager.py:200
2025-10-05 07:49:57.343 16 DEBUG neutron_lib.callbacks.manager [req-eab8891e-00f2-42b7-b008-bb316df1ca3e 52de1591efc34b5f84b0a6483b35e8e6 57a7e495d3c2447bb65f1c6e5df4d3e7 - default default] Notify callbacks [] for port, precommit_create _notify_loop /usr/lib/python3.9/site-packages/neutron_lib/callbacks/manager.py:200
2025-10-05 07:49:57.359 16 DEBUG neutron_lib.callbacks.manager [req-eab8891e-00f2-42b7-b008-bb316df1ca3e 52de1591efc34b5f84b0a6483b35e8e6 57a7e495d3c2447bb65f1c6e5df4d3e7 - default default] Notify callbacks ['neutron.plugins.ml2.plugin.SecurityGroupServerNotifierRpcMixin.notify_sg_on_port_change-528776', 'neutron.plugins.ml2.extensions.dns_integration._create_port_in_external_dns_service-8777446401576', 'neutron.plugins.ml2.ovo_rpc._ObjectChangeHandler.handle_event-343525', 'neutron.api.rpc.agentnotifiers.dhcp_rpc_agent_api.DhcpAgentNotifyAPI._native_event_send_dhcp_notification-1955480', 'neutron.services.segments.plugin.NovaSegmentNotifier._notify_port_created_or_deleted-2052885'] for port, after_create _notify_loop /usr/lib/python3.9/site-packages/neutron_lib/callbacks/manager.py:200
2025-10-05 07:49:57.369 17 DEBUG neutron_lib.callbacks.manager [req-e13966a1-25d0-4225-9d06-80ad4a42a6c4 52de1591efc34b5f84b0a6483b35e8e6 57a7e495d3c2447bb65f1c6e5df4d3e7 - default default] Notify callbacks [] for port, precommit_create _notify_loop /usr/lib/python3.9/site-packages/neutron_lib/callbacks/manager.py:200
2025-10-05 07:49:57.375 15 DEBUG neutron.api.rpc.handlers.resources_rpc [req-b9ea1790-5497-46e5-a87b-e559bd14902e 52de1591efc34b5f84b0a6483b35e8e6 57a7e495d3c2447bb65f1c6e5df4d3e7 - - -] Pushing event updated for resources: {'Port': ['ID=058f5b65-5ae0-42f6-83c3-ff79a6ad8316,revision_number=1']} push /usr/lib/python3.9/site-packages/neutron/api/rpc/handlers/resources_rpc.py:237
2025-10-05 07:49:57.380 15 DEBUG neutron.plugins.ml2.drivers.mech_agent [req-b9ea1790-5497-46e5-a87b-e559bd14902e 52de1591efc34b5f84b0a6483b35e8e6 57a7e495d3c2447bb65f1c6e5df4d3e7 - default default] Checking segment: {'id': 'e942692b-5686-4316-b7fd-ff5f813f40cd', 'network_type': 'local', 'physical_network': None, 'segmentation_id': None, 'network_id': '359da1c0-5e2c-4e46-b7ae-cf5acab61c8a'} for mappings: {'ctlplane': 'br-ctlplane'} with network types: ['local', 'flat', 'vlan'] check_segment_for_agent /usr/lib/python3.9/site-packages/neutron/plugins/ml2/drivers/mech_agent.py:343
2025-10-05 07:49:57.380 15 DEBUG neutron.scheduler.dhcp_agent_scheduler [req-b9ea1790-5497-46e5-a87b-e559bd14902e 52de1591efc34b5f84b0a6483b35e8e6 57a7e495d3c2447bb65f1c6e5df4d3e7 - default default] Network hostable DHCP agents. Network: 359da1c0-5e2c-4e46-b7ae-cf5acab61c8a, hostable agents: ['68a2ea5f-b38a-4966-9724-f17425eded21'], hosted agents: [] _get_network_hostable_dhcp_agents /usr/lib/python3.9/site-packages/neutron/scheduler/dhcp_agent_scheduler.py:329
