Oct 5 08:26:20 np0005471148 object-server[192282]: Begin object audit "forever" mode (ZBF)
Oct 5 08:26:20 np0005471148 object-server[192282]: Object audit (ZBF) "forever" mode completed: 0.00s. Total quarantined: 0, Total errors: 0, Total files/sec: 0.00, Total bytes/sec: 0.00, Auditing time: 0.00, Rate: 0.00
Oct 5 08:26:29 np0005471148 account-server[122556]: Beginning replication run
Oct 5 08:26:29 np0005471148 account-server[122556]: Replication run OVER
Oct 5 08:26:29 np0005471148 account-server[122556]: Attempted to replicate 0 dbs in 0.00239 seconds (0.00000/s)
Oct 5 08:26:29 np0005471148 account-server[122556]: Removed 0 dbs
Oct 5 08:26:29 np0005471148 account-server[122556]: 0 successes, 0 failures
Oct 5 08:26:29 np0005471148 account-server[122556]: diff:0 diff_capped:0 empty:0 hashmatch:0 no_change:0 remote_merge:0 rsync:0 ts_repl:0
Oct 5 08:26:30 np0005471148 container-server[122972]: Beginning replication run
Oct 5 08:26:30 np0005471148 container-server[122972]: Replication run OVER
Oct 5 08:26:30 np0005471148 container-server[122972]: Attempted to replicate 0 dbs in 0.00178 seconds (0.00000/s)
Oct 5 08:26:30 np0005471148 container-server[122972]: Removed 0 dbs
Oct 5 08:26:30 np0005471148 container-server[122972]: 0 successes, 0 failures
Oct 5 08:26:30 np0005471148 container-server[122972]: diff:0 diff_capped:0 empty:0 hashmatch:0 no_change:0 remote_merge:0 rsync:0 ts_repl:0
Oct 5 08:26:49 np0005471148 object-server[123543]: Starting object replication pass.
Oct 5 08:26:49 np0005471148 object-server[123543]: Nothing replicated for 0.003726959228515625 seconds.
Oct 5 08:26:49 np0005471148 object-server[123543]: Object replication complete. (0.00 minutes)
Oct 5 08:26:50 np0005471148 object-server[198195]: Begin object audit "forever" mode (ZBF)
Oct 5 08:26:50 np0005471148 object-server[198196]: Begin object audit "forever" mode (ALL)
Oct 5 08:26:50 np0005471148 object-server[198195]: Object audit (ZBF) "forever" mode completed: 0.00s. Total quarantined: 0, Total errors: 0, Total files/sec: 0.00, Total bytes/sec: 0.00, Auditing time: 0.00, Rate: 0.00
Oct 5 08:26:50 np0005471148 object-server[198196]: Object audit (ALL) "forever" mode completed: 0.00s. Total quarantined: 0, Total errors: 0, Total files/sec: 0.00, Total bytes/sec: 0.00, Auditing time: 0.00, Rate: 0.00
Oct 5 08:26:59 np0005471148 account-server[122556]: Beginning replication run
Oct 5 08:26:59 np0005471148 account-server[122556]: Replication run OVER
Oct 5 08:26:59 np0005471148 account-server[122556]: Attempted to replicate 0 dbs in 0.00239 seconds (0.00000/s)
Oct 5 08:26:59 np0005471148 account-server[122556]: Removed 0 dbs
Oct 5 08:26:59 np0005471148 account-server[122556]: 0 successes, 0 failures
Oct 5 08:26:59 np0005471148 account-server[122556]: diff:0 diff_capped:0 empty:0 hashmatch:0 no_change:0 remote_merge:0 rsync:0 ts_repl:0
Oct 5 08:27:00 np0005471148 container-server[122972]: Beginning replication run
Oct 5 08:27:00 np0005471148 container-server[122972]: Replication run OVER
Oct 5 08:27:00 np0005471148 container-server[122972]: Attempted to replicate 0 dbs in 0.00243 seconds (0.00000/s)
Oct 5 08:27:00 np0005471148 container-server[122972]: Removed 0 dbs
Oct 5 08:27:00 np0005471148 container-server[122972]: 0 successes, 0 failures
Oct 5 08:27:00 np0005471148 container-server[122972]: diff:0 diff_capped:0 empty:0 hashmatch:0 no_change:0 remote_merge:0 rsync:0 ts_repl:0
Oct 5 08:27:11 np0005471148 account-server[123068]: 172.20.0.105 - - [05/Oct/2025:08:27:11 +0000] "HEAD /d1/525/.expiring_objects" 404 - "HEAD http://localhost/v1/.expiring_objects?format=json" "tx41708085456043708fa00-0068e22bdf" "proxy-server 2" 0.0009 "-" 23 -
Oct 5 08:27:11 np0005471148 object-expirer[123297]: Pass completed in 0s; 0 objects expired (txn: tx41708085456043708fa00-0068e22bdf)
Oct 5 08:27:19 np0005471148 object-server[123543]: Starting object replication pass.
Oct 5 08:27:19 np0005471148 object-server[123543]: Nothing replicated for 0.004057884216308594 seconds.
Oct 5 08:27:19 np0005471148 object-server[123543]: Object replication complete. (0.00 minutes)
Oct 5 08:27:20 np0005471148 object-server[201229]: Begin object audit "forever" mode (ZBF)
Oct 5 08:27:20 np0005471148 object-server[201229]: Object audit (ZBF) "forever" mode completed: 0.00s. Total quarantined: 0, Total errors: 0, Total files/sec: 0.00, Total bytes/sec: 0.00, Auditing time: 0.00, Rate: 0.00
Oct 5 08:27:20 np0005471148 object-server[201230]: Begin object audit "forever" mode (ALL)
Oct 5 08:27:20 np0005471148 object-server[201230]: Object audit (ALL) "forever" mode completed: 0.00s. Total quarantined: 0, Total errors: 0, Total files/sec: 0.00, Total bytes/sec: 0.00, Auditing time: 0.00, Rate: 0.00
Oct 5 08:27:29 np0005471148 account-server[122556]: Beginning replication run
Oct 5 08:27:29 np0005471148 account-server[122556]: Replication run OVER
Oct 5 08:27:29 np0005471148 account-server[122556]: Attempted to replicate 0 dbs in 0.00178 seconds (0.00000/s)
Oct 5 08:27:29 np0005471148 account-server[122556]: Removed 0 dbs
Oct 5 08:27:29 np0005471148 account-server[122556]: 0 successes, 0 failures
Oct 5 08:27:29 np0005471148 account-server[122556]: diff:0 diff_capped:0 empty:0 hashmatch:0 no_change:0 remote_merge:0 rsync:0 ts_repl:0
Oct 5 08:27:30 np0005471148 container-server[122972]: Beginning replication run
Oct 5 08:27:30 np0005471148 container-server[122972]: Replication run OVER
Oct 5 08:27:30 np0005471148 container-server[122972]: Attempted to replicate 0 dbs in 0.00283 seconds (0.00000/s)
Oct 5 08:27:30 np0005471148 container-server[122972]: Removed 0 dbs
Oct 5 08:27:30 np0005471148 container-server[122972]: 0 successes, 0 failures
Oct 5 08:27:30 np0005471148 container-server[122972]: diff:0 diff_capped:0 empty:0 hashmatch:0 no_change:0 remote_merge:0 rsync:0 ts_repl:0
Oct 5 08:27:39 np0005471148 account-server[123044]: 172.20.0.104 - - [05/Oct/2025:08:27:39 +0000] "HEAD /d1/525/.expiring_objects" 404 - "HEAD http://localhost/v1/.expiring_objects?format=json" "txce0628aaeafc4cceacac9-0068e22bfb" "proxy-server 2" 0.0005 "-" 21 -
Oct 5 08:27:49 np0005471148 object-server[123543]: Starting object replication pass.
Oct 5 08:27:49 np0005471148 object-server[123543]: Nothing replicated for 0.0043811798095703125 seconds.
Oct 5 08:27:49 np0005471148 object-server[123543]: Object replication complete. (0.00 minutes)
Oct 5 08:27:50 np0005471148 object-server[201240]: Begin object audit "forever" mode (ZBF)
Oct 5 08:27:50 np0005471148 object-server[201240]: Object audit (ZBF) "forever" mode completed: 0.00s. Total quarantined: 0, Total errors: 0, Total files/sec: 0.00, Total bytes/sec: 0.00, Auditing time: 0.00, Rate: 0.00
Oct 5 08:27:59 np0005471148 account-server[122556]: Beginning replication run
Oct 5 08:27:59 np0005471148 account-server[122556]: Replication run OVER
Oct 5 08:27:59 np0005471148 account-server[122556]: Attempted to replicate 0 dbs in 0.00181 seconds (0.00000/s)
Oct 5 08:27:59 np0005471148 account-server[122556]: Removed 0 dbs
Oct 5 08:27:59 np0005471148 account-server[122556]: 0 successes, 0 failures
Oct 5 08:27:59 np0005471148 account-server[122556]: diff:0 diff_capped:0 empty:0 hashmatch:0 no_change:0 remote_merge:0 rsync:0 ts_repl:0
Oct 5 08:28:00 np0005471148 container-server[122972]: Beginning replication run
Oct 5 08:28:00 np0005471148 container-server[122972]: Replication run OVER
Oct 5 08:28:00 np0005471148 container-server[122972]: Attempted to replicate 0 dbs in 0.00188 seconds (0.00000/s)
Oct 5 08:28:00 np0005471148 container-server[122972]: Removed 0 dbs
Oct 5 08:28:00 np0005471148 container-server[122972]: 0 successes, 0 failures
Oct 5 08:28:00 np0005471148 container-server[122972]: diff:0 diff_capped:0 empty:0 hashmatch:0 no_change:0 remote_merge:0 rsync:0 ts_repl:0
Oct 5 08:28:19 np0005471148 object-server[123543]: Starting object replication pass.
Oct 5 08:28:19 np0005471148 object-server[123543]: Nothing replicated for 0.00420069694519043 seconds.
Oct 5 08:28:19 np0005471148 object-server[123543]: Object replication complete. (0.00 minutes)
Oct 5 08:28:20 np0005471148 object-server[207168]: Begin object audit "forever" mode (ZBF)
Oct 5 08:28:20 np0005471148 object-server[207168]: Object audit (ZBF) "forever" mode completed: 0.00s. Total quarantined: 0, Total errors: 0, Total files/sec: 0.00, Total bytes/sec: 0.00, Auditing time: 0.00, Rate: 0.00
Oct 5 08:28:20 np0005471148 object-server[207169]: Begin object audit "forever" mode (ALL)
Oct 5 08:28:20 np0005471148 object-server[207169]: Object audit (ALL) "forever" mode completed: 0.00s. Total quarantined: 0, Total errors: 0, Total files/sec: 0.00, Total bytes/sec: 0.00, Auditing time: 0.00, Rate: 0.00
Oct 5 08:28:29 np0005471148 account-server[122556]: Beginning replication run
Oct 5 08:28:29 np0005471148 account-server[122556]: Replication run OVER
Oct 5 08:28:29 np0005471148 account-server[122556]: Attempted to replicate 0 dbs in 0.00173 seconds (0.00000/s)
Oct 5 08:28:29 np0005471148 account-server[122556]: Removed 0 dbs
Oct 5 08:28:29 np0005471148 account-server[122556]: 0 successes, 0 failures
Oct 5 08:28:29 np0005471148 account-server[122556]: diff:0 diff_capped:0 empty:0 hashmatch:0 no_change:0 remote_merge:0 rsync:0 ts_repl:0
Oct 5 08:28:30 np0005471148 container-server[122972]: Beginning replication run
Oct 5 08:28:30 np0005471148 container-server[122972]: Replication run OVER
Oct 5 08:28:30 np0005471148 container-server[122972]: Attempted to replicate 0 dbs in 0.00192 seconds (0.00000/s)
Oct 5 08:28:30 np0005471148 container-server[122972]: Removed 0 dbs
Oct 5 08:28:30 np0005471148 container-server[122972]: 0 successes, 0 failures
Oct 5 08:28:30 np0005471148 container-server[122972]: diff:0 diff_capped:0 empty:0 hashmatch:0 no_change:0 remote_merge:0 rsync:0 ts_repl:0
Oct 5 08:28:49 np0005471148 object-server[123543]: Starting object replication pass.
Oct 5 08:28:49 np0005471148 object-server[123543]: Nothing replicated for 0.005016803741455078 seconds.
Oct 5 08:28:49 np0005471148 object-server[123543]: Object replication complete. (0.00 minutes)
Oct 5 08:28:51 np0005471148 object-server[207170]: Begin object audit "forever" mode (ZBF)
Oct 5 08:28:51 np0005471148 object-server[207170]: Object audit (ZBF) "forever" mode completed: 0.00s. Total quarantined: 0, Total errors: 0, Total files/sec: 0.00, Total bytes/sec: 0.00, Auditing time: 0.00, Rate: 0.00
Oct 5 08:28:59 np0005471148 account-server[122556]: Beginning replication run
Oct 5 08:28:59 np0005471148 account-server[122556]: Replication run OVER
Oct 5 08:28:59 np0005471148 account-server[122556]: Attempted to replicate 0 dbs in 0.00177 seconds (0.00000/s)
Oct 5 08:28:59 np0005471148 account-server[122556]: Removed 0 dbs
Oct 5 08:28:59 np0005471148 account-server[122556]: 0 successes, 0 failures
Oct 5 08:28:59 np0005471148 account-server[122556]: diff:0 diff_capped:0 empty:0 hashmatch:0 no_change:0 remote_merge:0 rsync:0 ts_repl:0
Oct 5 08:29:00 np0005471148 container-server[122972]: Beginning replication run
Oct 5 08:29:00 np0005471148 container-server[122972]: Replication run OVER
Oct 5 08:29:00 np0005471148 container-server[122972]: Attempted to replicate 0 dbs in 0.00138 seconds (0.00000/s)
Oct 5 08:29:00 np0005471148 container-server[122972]: Removed 0 dbs
Oct 5 08:29:00 np0005471148 container-server[122972]: 0 successes, 0 failures
Oct 5 08:29:00 np0005471148 container-server[122972]: diff:0 diff_capped:0 empty:0 hashmatch:0 no_change:0 remote_merge:0 rsync:0 ts_repl:0
Oct 5 08:29:03 np0005471148 account-server[123037]: 172.20.0.103 - - [05/Oct/2025:08:29:03 +0000] "HEAD /d1/852/AUTH_ffbb1c514d6a4f40a7f8a9f769bc781a" 404 - "HEAD http://172.18.0.178:8080/v1/AUTH_ffbb1c514d6a4f40a7f8a9f769bc781a?format=json" "tx9e752e9b68e240599b592-0068e22c4f" "proxy-server 20" 0.0009 "-" 20 -
Oct 5 08:29:04 np0005471148 object-server[123795]: 172.20.0.103 - - [05/Oct/2025:08:29:04 +0000] "GET /d1/989/AUTH_ffbb1c514d6a4f40a7f8a9f769bc781a/gnocchi.ec8ae746-e870-4212-b449-049a01fc2765/none_v3" 404 70 "GET http://172.18.0.178:8080/v1/AUTH_ffbb1c514d6a4f40a7f8a9f769bc781a/gnocchi.ec8ae746-e870-4212-b449-049a01fc2765/none_v3" "tx9e752e9b68e240599b592-0068e22c4f" "proxy-server 20" 0.0019 "-" 24 0
Oct 5 08:29:04 np0005471148 account-server[123068]: 172.20.0.104 - - [05/Oct/2025:08:29:04 +0000] "PUT /d1/852/AUTH_ffbb1c514d6a4f40a7f8a9f769bc781a" 201 - "-" "tx5b8bea8182ed4e529ba40-0068e22c50" "-" 0.0172 "-" 23 -
Oct 5 08:29:04 np0005471148 account-server[123044]: 172.20.0.105 - - [05/Oct/2025:08:29:04 +0000] "PUT /d1/852/AUTH_ffbb1c514d6a4f40a7f8a9f769bc781a/gnocchi.ec8ae746-e870-4212-b449-049a01fc2765" 201 - "PUT http://172.20.0.105:6001/d1/395/AUTH_ffbb1c514d6a4f40a7f8a9f769bc781a/gnocchi.ec8ae746-e870-4212-b449-049a01fc2765" "tx5b8bea8182ed4e529ba40-0068e22c50" "container-server 14" 0.0027 "-" 21 0
Oct 5 08:29:04 np0005471148 container-server[123348]: 172.20.0.104 - - [05/Oct/2025:08:29:04 +0000] "PUT /d1/395/AUTH_ffbb1c514d6a4f40a7f8a9f769bc781a/gnocchi.ec8ae746-e870-4212-b449-049a01fc2765" 201 - "PUT http://172.18.0.178:8080/v1/AUTH_ffbb1c514d6a4f40a7f8a9f769bc781a/gnocchi.ec8ae746-e870-4212-b449-049a01fc2765" "tx5b8bea8182ed4e529ba40-0068e22c50" "proxy-server 20" 0.0196 "-" 14 0
Oct 5 08:29:04 np0005471148 container-server[123354]: 172.20.0.105 - - [05/Oct/2025:08:29:04 +0000] "HEAD /d1/395/AUTH_ffbb1c514d6a4f40a7f8a9f769bc781a/gnocchi.ec8ae746-e870-4212-b449-049a01fc2765" 204 - "HEAD http://172.18.0.178:8080/v1/AUTH_ffbb1c514d6a4f40a7f8a9f769bc781a/gnocchi.ec8ae746-e870-4212-b449-049a01fc2765?format=json&states=listing" "tx204f0095992046b1a113d-0068e22c50" "proxy-server 20" 0.0066 "-" 15 0
Oct 5 08:29:04 np0005471148 proxy-server[124968]: - - 05/Oct/2025/08/29/04 HEAD /v1/AUTH_ffbb1c514d6a4f40a7f8a9f769bc781a/gnocchi.ec8ae746-e870-4212-b449-049a01fc2765%3Fformat%3Djson%26states%3Dlisting HTTP/1.0 204 - Swift - - - - tx204f0095992046b1a113d-0068e22c50 - 0.0142 RL - 1759652944.413093328 1759652944.427273035 0
Oct 5 08:29:04 np0005471148 proxy-server[124968]: 172.18.0.178 172.18.0.104 05/Oct/2025/08/29/04 GET /v1/AUTH_ffbb1c514d6a4f40a7f8a9f769bc781a/gnocchi.ec8ae746-e870-4212-b449-049a01fc2765%3Fformat%3Djson%26states%3Dlisting HTTP/1.0 200 - python-swiftclient-3.11.1 gAAAAABo4ixPODjF... - 2 - tx204f0095992046b1a113d-0068e22c50 - 0.0386 - - 1759652944.406076908 1759652944.444709539 0
Oct 5 08:29:04 np0005471148 object-server[123784]: 172.20.0.103 - - [05/Oct/2025:08:29:04 +0000] "GET /d1/103/AUTH_ffbb1c514d6a4f40a7f8a9f769bc781a/gnocchi.ec8ae746-e870-4212-b449-049a01fc2765/1759320000.0_mean_300.0_v3" 404 70 "GET http://172.18.0.178:8080/v1/AUTH_ffbb1c514d6a4f40a7f8a9f769bc781a/gnocchi.ec8ae746-e870-4212-b449-049a01fc2765/1759320000.0_mean_300.0_v3" "tx54b8c36895984f159577b-0068e22c50" "proxy-server 20" 0.0013 "-" 22 0
Oct 5 08:29:04 np0005471148 container-server[123354]: 172.20.0.105 - - [05/Oct/2025:08:29:04 +0000] "PUT /d1/395/AUTH_ffbb1c514d6a4f40a7f8a9f769bc781a/gnocchi.ec8ae746-e870-4212-b449-049a01fc2765/1759320000.0_mean_300.0_v3" 201 - "PUT http://172.18.0.178:8080/d1/103/AUTH_ffbb1c514d6a4f40a7f8a9f769bc781a/gnocchi.ec8ae746-e870-4212-b449-049a01fc2765/1759320000.0_mean_300.0_v3" "tx6bcef70f81024b138c51e-0068e22c50" "object-server 25" 0.0015 "-" 15 0
Oct 5 08:29:04 np0005471148 object-server[123796]: 172.20.0.104 - - [05/Oct/2025:08:29:04 +0000] "PUT /d1/103/AUTH_ffbb1c514d6a4f40a7f8a9f769bc781a/gnocchi.ec8ae746-e870-4212-b449-049a01fc2765/1759320000.0_mean_300.0_v3" 201 - "PUT http://172.18.0.178:8080/v1/AUTH_ffbb1c514d6a4f40a7f8a9f769bc781a/gnocchi.ec8ae746-e870-4212-b449-049a01fc2765/1759320000.0_mean_300.0_v3" "tx6bcef70f81024b138c51e-0068e22c50" "proxy-server 20" 0.0445 "-" 25 0
Oct 5 08:29:04 np0005471148 container-server[123354]: 172.20.0.103 - - [05/Oct/2025:08:29:04 +0000] "PUT /d1/395/AUTH_ffbb1c514d6a4f40a7f8a9f769bc781a/gnocchi.ec8ae746-e870-4212-b449-049a01fc2765/none_v3" 201 - "PUT http://172.18.0.178:8080/d1/989/AUTH_ffbb1c514d6a4f40a7f8a9f769bc781a/gnocchi.ec8ae746-e870-4212-b449-049a01fc2765/none_v3" "tx259fecb56f8b4ec89af2d-0068e22c50" "object-server 23" 0.0008 "-" 15 0
Oct 5 08:29:04 np0005471148 object-server[123784]: 172.20.0.105 - - [05/Oct/2025:08:29:04 +0000] "PUT /d1/989/AUTH_ffbb1c514d6a4f40a7f8a9f769bc781a/gnocchi.ec8ae746-e870-4212-b449-049a01fc2765/none_v3" 201 - "PUT http://172.18.0.178:8080/v1/AUTH_ffbb1c514d6a4f40a7f8a9f769bc781a/gnocchi.ec8ae746-e870-4212-b449-049a01fc2765/none_v3" "tx259fecb56f8b4ec89af2d-0068e22c50" "proxy-server 20" 0.0407 "-" 22 0
Oct 5 08:29:04 np0005471148 proxy-server[124968]: 172.18.0.178 172.18.0.104 05/Oct/2025/08/29/04 PUT /v1/AUTH_ffbb1c514d6a4f40a7f8a9f769bc781a/gnocchi.ec8ae746-e870-4212-b449-049a01fc2765/none_v3 HTTP/1.0 201 - python-swiftclient-3.11.1 gAAAAABo4ixPODjF... 22 - - tx259fecb56f8b4ec89af2d-0068e22c50 - 0.0546 - - 1759652944.540718317 1759652944.595336676 0
Oct 5 08:29:19 np0005471148 object-server[123543]: Starting object replication pass.
Oct 5 08:29:19 np0005471148 object-server[123543]: 2/2 (100.00%) partitions replicated in 0.04s (47.08/sec, 0s remaining)
Oct 5 08:29:19 np0005471148 object-server[123543]: 4 successes, 0 failures
Oct 5 08:29:19 np0005471148 object-server[123543]: 2 suffixes checked - 0.00% hashed, 0.00% synced
Oct 5 08:29:19 np0005471148 object-server[123543]: Partition times: max 0.0243s, min 0.0136s, med 0.0243s
Oct 5 08:29:19 np0005471148 object-server[123543]: Object replication complete. (0.00 minutes)
Oct 5 08:29:21 np0005471148 object-server[213100]: Begin object audit "forever" mode (ZBF)
Oct 5 08:29:21 np0005471148 object-server[213101]: Begin object audit "forever" mode (ALL)
Oct 5 08:29:21 np0005471148 object-server[213100]: Object audit (ZBF). Since Sun Oct 5 08:29:21 2025: Locally: 1 passed, 0 quarantined, 0 errors, files/sec: 591.25, bytes/sec: 0.00, Total time: 0.00, Auditing time: 0.00, Rate: 0.00
Oct 5 08:29:21 np0005471148 object-server[213100]: Object audit (ZBF) "forever" mode completed: 0.00s. Total quarantined: 0, Total errors: 0, Total files/sec: 483.16, Total bytes/sec: 0.00, Auditing time: 0.00, Rate: 0.28
Oct 5 08:29:21 np0005471148 object-server[213101]: Object audit (ALL). Since Sun Oct 5 08:29:21 2025: Locally: 1 passed, 0 quarantined, 0 errors, files/sec: 113.12, bytes/sec: 1809.89, Total time: 0.01, Auditing time: 0.00, Rate: 0.00
Oct 5 08:29:21 np0005471148 object-server[213101]: Object audit (ALL) "forever" mode completed: 0.01s. Total quarantined: 0, Total errors: 0, Total files/sec: 160.45, Total bytes/sec: 3048.48, Auditing time: 0.01, Rate: 0.73
Oct 5 08:29:29 np0005471148 account-server[122556]: Beginning replication run
Oct 5 08:29:29 np0005471148 account-server[122556]: Replication run OVER
Oct 5 08:29:29 np0005471148 account-server[122556]: Attempted to replicate 1 dbs in 0.03035 seconds (32.95092/s)
Oct 5 08:29:29 np0005471148 account-server[122556]: Removed 0 dbs
Oct 5 08:29:29 np0005471148 account-server[122556]: 2 successes, 0 failures
Oct 5 08:29:29 np0005471148 account-server[122556]: diff:0 diff_capped:0 empty:0 hashmatch:0 no_change:2 remote_merge:0 rsync:0 ts_repl:0
Oct 5 08:29:30 np0005471148 container-server[122972]: Beginning replication run
Oct 5 08:29:30 np0005471148 container-server[122972]: Replication run OVER
Oct 5 08:29:30 np0005471148 container-server[122972]: Attempted to replicate 1 dbs in 0.03430 seconds (29.15335/s)
Oct 5 08:29:30 np0005471148 container-server[122972]: Removed 0 dbs
Oct 5 08:29:30 np0005471148 container-server[122972]: 2 successes, 0 failures
Oct 5 08:29:30 np0005471148 container-server[122972]: diff:0 diff_capped:0 empty:0 hashmatch:0 no_change:2 remote_merge:0 rsync:0 ts_repl:0
Oct 5 08:29:34 np0005471148 container-server[123364]: 172.20.0.104 - - [05/Oct/2025:08:29:34 +0000] "GET /d1/395/AUTH_ffbb1c514d6a4f40a7f8a9f769bc781a/gnocchi.ec8ae746-e870-4212-b449-049a01fc2765" 200 357 "GET http://172.18.0.178:8080/v1/AUTH_ffbb1c514d6a4f40a7f8a9f769bc781a/gnocchi.ec8ae746-e870-4212-b449-049a01fc2765?format=json&states=listing" "tx9804c0267d3c4544b8f89-0068e22c6e" "proxy-server 20" 0.0066 "-" 17 0
Oct 5 08:29:34 np0005471148 proxy-server[124968]: 172.18.0.105 172.18.0.104 05/Oct/2025/08/29/34 GET /v1/AUTH_ffbb1c514d6a4f40a7f8a9f769bc781a/gnocchi.ec8ae746-e870-4212-b449-049a01fc2765%3Fformat%3Djson%26marker%3Dnone_v3%26states%3Dlisting HTTP/1.0 200 - python-swiftclient-3.11.1 gAAAAABo4ixtepNT... - 2 - tx2533e2f0802d4acc85afe-0068e22c6e - 0.0183 - - 1759652974.144002676 1759652974.162275076 0
Oct 5 08:29:34 np0005471148 object-server[123784]: 172.20.0.103 - - [05/Oct/2025:08:29:34 +0000] "GET /d1/103/AUTH_ffbb1c514d6a4f40a7f8a9f769bc781a/gnocchi.ec8ae746-e870-4212-b449-049a01fc2765/1759320000.0_mean_300.0_v3" 200 16 "GET http://172.18.0.178:8080/v1/AUTH_ffbb1c514d6a4f40a7f8a9f769bc781a/gnocchi.ec8ae746-e870-4212-b449-049a01fc2765/1759320000.0_mean_300.0_v3" "tx0e06d19fde244afbbbc4d-0068e22c6e" "proxy-server 20" 0.0017 "-" 22 0
Oct 5 08:29:34 np0005471148 container-server[123361]: 172.20.0.103 - - [05/Oct/2025:08:29:34 +0000] "PUT /d1/395/AUTH_ffbb1c514d6a4f40a7f8a9f769bc781a/gnocchi.ec8ae746-e870-4212-b449-049a01fc2765/1759320000.0_mean_300.0_v3" 201 - "PUT http://172.18.0.178:8080/d1/103/AUTH_ffbb1c514d6a4f40a7f8a9f769bc781a/gnocchi.ec8ae746-e870-4212-b449-049a01fc2765/1759320000.0_mean_300.0_v3" "txb019ddf5161641b7947ff-0068e22c6e" "object-server 24" 0.0019 "-" 16 0
Oct 5 08:29:34 np0005471148 object-server[123795]: 172.20.0.104 - - [05/Oct/2025:08:29:34 +0000] "PUT /d1/103/AUTH_ffbb1c514d6a4f40a7f8a9f769bc781a/gnocchi.ec8ae746-e870-4212-b449-049a01fc2765/1759320000.0_mean_300.0_v3" 201 - "PUT http://172.18.0.178:8080/v1/AUTH_ffbb1c514d6a4f40a7f8a9f769bc781a/gnocchi.ec8ae746-e870-4212-b449-049a01fc2765/1759320000.0_mean_300.0_v3" "txb019ddf5161641b7947ff-0068e22c6e" "proxy-server 20" 0.0322 "-" 24 0
Oct 5 08:29:34 np0005471148 container-server[123348]: 172.20.0.103 - - [05/Oct/2025:08:29:34 +0000] "PUT /d1/395/AUTH_ffbb1c514d6a4f40a7f8a9f769bc781a/gnocchi.ec8ae746-e870-4212-b449-049a01fc2765/none_v3" 201 - "PUT http://172.18.0.178:8080/d1/989/AUTH_ffbb1c514d6a4f40a7f8a9f769bc781a/gnocchi.ec8ae746-e870-4212-b449-049a01fc2765/none_v3" "txa31ed68a6442414295a04-0068e22c6e" "object-server 24" 0.0011 "-" 14 0
Oct 5 08:29:34 np0005471148 object-server[123793]: 172.20.0.105 - - [05/Oct/2025:08:29:34 +0000] "PUT /d1/989/AUTH_ffbb1c514d6a4f40a7f8a9f769bc781a/gnocchi.ec8ae746-e870-4212-b449-049a01fc2765/none_v3" 201 - "PUT http://172.18.0.178:8080/v1/AUTH_ffbb1c514d6a4f40a7f8a9f769bc781a/gnocchi.ec8ae746-e870-4212-b449-049a01fc2765/none_v3" "txa31ed68a6442414295a04-0068e22c6e" "proxy-server 20" 0.0287 "-" 23 0
Oct 5 08:29:34 np0005471148 proxy-server[124968]: 172.18.0.105 172.18.0.104 05/Oct/2025/08/29/34 PUT /v1/AUTH_ffbb1c514d6a4f40a7f8a9f769bc781a/gnocchi.ec8ae746-e870-4212-b449-049a01fc2765/none_v3 HTTP/1.0 201 - python-swiftclient-3.11.1 gAAAAABo4ixtepNT... 32 - - txa31ed68a6442414295a04-0068e22c6e - 0.0420 - - 1759652974.247314215 1759652974.289344549 0
Oct 5 08:29:49 np0005471148 object-server[123543]: Starting object replication pass.
Oct 5 08:29:49 np0005471148 object-server[123543]: 2/2 (100.00%) partitions replicated in 0.02s (85.70/sec, 0s remaining)
Oct 5 08:29:49 np0005471148 object-server[123543]: 4 successes, 0 failures
Oct 5 08:29:49 np0005471148 object-server[123543]: 2 suffixes checked - 0.00% hashed, 0.00% synced
Oct 5 08:29:49 np0005471148 object-server[123543]: Partition times: max 0.0100s, min 0.0090s, med 0.0100s
Oct 5 08:29:49 np0005471148 object-server[123543]: Object replication complete. (0.00 minutes)
Oct 5 08:29:51 np0005471148 object-server[213103]: Begin object audit "forever" mode (ZBF)
Oct 5 08:29:51 np0005471148 object-server[213103]: Object audit (ZBF). Since Sun Oct 5 08:29:51 2025: Locally: 1 passed, 0 quarantined, 0 errors, files/sec: 586.62, bytes/sec: 0.00, Total time: 0.00, Auditing time: 0.00, Rate: 0.00
Oct 5 08:29:51 np0005471148 object-server[213103]: Object audit (ZBF) "forever" mode completed: 0.00s. Total quarantined: 0, Total errors: 0, Total files/sec: 459.05, Total bytes/sec: 0.00, Auditing time: 0.00, Rate: 0.28
Oct 5 08:29:59 np0005471148 account-server[122556]: Beginning replication run
Oct 5 08:29:59 np0005471148 account-server[122556]: Replication run OVER
Oct 5 08:29:59 np0005471148 account-server[122556]: Attempted to replicate 1 dbs in 0.01440 seconds (69.42899/s)
Oct 5 08:29:59 np0005471148 account-server[122556]: Removed 0 dbs
Oct 5 08:29:59 np0005471148 account-server[122556]: 2 successes, 0 failures
Oct 5 08:29:59 np0005471148 account-server[122556]: diff:0 diff_capped:0 empty:0 hashmatch:0 no_change:2 remote_merge:0 rsync:0 ts_repl:0
Oct 5 08:30:00 np0005471148 container-server[122972]: Beginning replication run
Oct 5 08:30:00 np0005471148 container-server[122972]: Replication run OVER
Oct 5 08:30:00 np0005471148 container-server[122972]: Attempted to replicate 1 dbs in 0.03193 seconds (31.31376/s)
Oct 5 08:30:00 np0005471148 container-server[122972]: Removed 0 dbs
Oct 5 08:30:00 np0005471148 container-server[122972]: 2 successes, 0 failures
Oct 5 08:30:00 np0005471148 container-server[122972]: diff:0 diff_capped:0 empty:0 hashmatch:0 no_change:2 remote_merge:0 rsync:0 ts_repl:0
Oct 5 08:30:07 np0005471148 container-server[123364]: 172.20.0.104 - - [05/Oct/2025:08:30:07 +0000] "HEAD /d1/944/AUTH_ffbb1c514d6a4f40a7f8a9f769bc781a/gnocchi.dc714135-6941-4d66-9b10-c41e5af38b8b" 404 - "HEAD http://172.18.0.178:8080/v1/AUTH_ffbb1c514d6a4f40a7f8a9f769bc781a/gnocchi.dc714135-6941-4d66-9b10-c41e5af38b8b?format=json&states=listing" "txac7f2f3e8a4f42caa41ed-0068e22c8f" "proxy-server 20" 0.0009 "-" 17 0
Oct 5 08:30:07 np0005471148 container-server[123361]: 172.20.0.103 - - [05/Oct/2025:08:30:07 +0000] "HEAD /d1/14/AUTH_ffbb1c514d6a4f40a7f8a9f769bc781a/gnocchi.9749cebc-76ac-4f62-8e0c-8f08d99893f2" 404 - "HEAD http://172.18.0.178:8080/v1/AUTH_ffbb1c514d6a4f40a7f8a9f769bc781a/gnocchi.9749cebc-76ac-4f62-8e0c-8f08d99893f2?format=json&states=listing" "tx0b078e3cc6af4ace937b9-0068e22c8f" "proxy-server 20" 0.0007 "-" 16 0
Oct 5 08:30:07 np0005471148 object-server[123784]: 172.20.0.103 - - [05/Oct/2025:08:30:07 +0000] "GET /d1/22/AUTH_ffbb1c514d6a4f40a7f8a9f769bc781a/gnocchi.9749cebc-76ac-4f62-8e0c-8f08d99893f2/none_v3" 404 70 "GET http://172.18.0.178:8080/v1/AUTH_ffbb1c514d6a4f40a7f8a9f769bc781a/gnocchi.9749cebc-76ac-4f62-8e0c-8f08d99893f2/none_v3" "tx0b078e3cc6af4ace937b9-0068e22c8f" "proxy-server 20" 0.0007 "-" 22 0
Oct 5 08:30:07 np0005471148 object-server[123795]: 172.20.0.104 - - [05/Oct/2025:08:30:07 +0000] "GET /d1/336/AUTH_ffbb1c514d6a4f40a7f8a9f769bc781a/gnocchi.dc714135-6941-4d66-9b10-c41e5af38b8b/none_v3" 404 70 "GET http://172.18.0.178:8080/v1/AUTH_ffbb1c514d6a4f40a7f8a9f769bc781a/gnocchi.dc714135-6941-4d66-9b10-c41e5af38b8b/none_v3" "txac7f2f3e8a4f42caa41ed-0068e22c8f" "proxy-server 20" 0.0003 "-" 24 0
Oct 5 08:30:07 np0005471148 container-server[123364]: 172.20.0.105 - - [05/Oct/2025:08:30:07 +0000] "PUT /d1/14/AUTH_ffbb1c514d6a4f40a7f8a9f769bc781a/gnocchi.9749cebc-76ac-4f62-8e0c-8f08d99893f2" 201 - "PUT http://172.18.0.178:8080/v1/AUTH_ffbb1c514d6a4f40a7f8a9f769bc781a/gnocchi.9749cebc-76ac-4f62-8e0c-8f08d99893f2" "txb6db7437af82426d93970-0068e22c8f" "proxy-server 20" 0.0144 "-" 17 0
Oct 5 08:30:07 np0005471148 account-server[123044]: 172.20.0.104 - - [05/Oct/2025:08:30:07 +0000] "PUT /d1/852/AUTH_ffbb1c514d6a4f40a7f8a9f769bc781a/gnocchi.9749cebc-76ac-4f62-8e0c-8f08d99893f2" 201 - "PUT http://172.20.0.104:6001/d1/14/AUTH_ffbb1c514d6a4f40a7f8a9f769bc781a/gnocchi.9749cebc-76ac-4f62-8e0c-8f08d99893f2" "txb6db7437af82426d93970-0068e22c8f" "container-server 21" 0.0017 "-" 21 0
Oct 5 08:30:07 np0005471148 proxy-server[124968]: 172.18.0.178 172.18.0.104 05/Oct/2025/08/30/07 PUT /v1/AUTH_ffbb1c514d6a4f40a7f8a9f769bc781a/gnocchi.9749cebc-76ac-4f62-8e0c-8f08d99893f2 HTTP/1.0 201 - python-swiftclient-3.11.1 gAAAAABo4ixPODjF... - - - txb6db7437af82426d93970-0068e22c8f - 0.0245 - - 1759653007.312572718 1759653007.337059259 0
Oct 5 08:30:07 np0005471148 account-server[123044]: 172.20.0.105 - - [05/Oct/2025:08:30:07 +0000] "PUT /d1/852/AUTH_ffbb1c514d6a4f40a7f8a9f769bc781a/gnocchi.dc714135-6941-4d66-9b10-c41e5af38b8b" 201 - "PUT http://172.20.0.105:6001/d1/944/AUTH_ffbb1c514d6a4f40a7f8a9f769bc781a/gnocchi.dc714135-6941-4d66-9b10-c41e5af38b8b" "tx5f908451ed8a4faca972d-0068e22c8f" "container-server 15" 0.0050 "-" 21 0
Oct 5 08:30:07 np0005471148 container-server[123354]: 172.20.0.103 - - [05/Oct/2025:08:30:07 +0000] "PUT /d1/944/AUTH_ffbb1c514d6a4f40a7f8a9f769bc781a/gnocchi.dc714135-6941-4d66-9b10-c41e5af38b8b" 201 - "PUT http://172.18.0.178:8080/v1/AUTH_ffbb1c514d6a4f40a7f8a9f769bc781a/gnocchi.dc714135-6941-4d66-9b10-c41e5af38b8b" "tx5f908451ed8a4faca972d-0068e22c8f" "proxy-server 20" 0.0186 "-" 15 0
Oct 5 08:30:07 np0005471148 container-server[123361]: 172.20.0.104 - - [05/Oct/2025:08:30:07 +0000] "HEAD /d1/14/AUTH_ffbb1c514d6a4f40a7f8a9f769bc781a/gnocchi.9749cebc-76ac-4f62-8e0c-8f08d99893f2" 204 - "HEAD http://172.18.0.178:8080/v1/AUTH_ffbb1c514d6a4f40a7f8a9f769bc781a/gnocchi.9749cebc-76ac-4f62-8e0c-8f08d99893f2?format=json&states=listing" "tx96aaccf0eae54055acc8e-0068e22c8f" "proxy-server 20" 0.0020 "-" 16 0
Oct 5 08:30:07 np0005471148 container-server[123354]: 172.20.0.105 - - [05/Oct/2025:08:30:07 +0000] "HEAD /d1/944/AUTH_ffbb1c514d6a4f40a7f8a9f769bc781a/gnocchi.dc714135-6941-4d66-9b10-c41e5af38b8b" 204 - "HEAD http://172.18.0.178:8080/v1/AUTH_ffbb1c514d6a4f40a7f8a9f769bc781a/gnocchi.dc714135-6941-4d66-9b10-c41e5af38b8b?format=json&states=listing" "tx201de4b2e05f494797075-0068e22c8f" "proxy-server 20" 0.0012 "-" 15 0
Oct 5 08:30:07 np0005471148 proxy-server[124968]: - - 05/Oct/2025/08/30/07 HEAD /v1/AUTH_ffbb1c514d6a4f40a7f8a9f769bc781a/gnocchi.dc714135-6941-4d66-9b10-c41e5af38b8b%3Fformat%3Djson%26states%3Dlisting HTTP/1.0 204 - Swift - - - - tx201de4b2e05f494797075-0068e22c8f - 0.0038 RL - 1759653007.350533009 1759653007.354297876 0
Oct 5 08:30:07 np0005471148 proxy-server[124968]: 172.18.0.105 172.18.0.104 05/Oct/2025/08/30/07 GET /v1/AUTH_ffbb1c514d6a4f40a7f8a9f769bc781a/gnocchi.dc714135-6941-4d66-9b10-c41e5af38b8b%3Fformat%3Djson%26states%3Dlisting HTTP/1.0 200 - python-swiftclient-3.11.1 gAAAAABo4ixtepNT... - 2 - tx201de4b2e05f494797075-0068e22c8f - 0.0165 - - 1759653007.348753691 1759653007.365266323 0
Oct 5 08:30:07 np0005471148 object-server[123784]: 172.20.0.103 - - [05/Oct/2025:08:30:07 +0000] "GET /d1/564/AUTH_ffbb1c514d6a4f40a7f8a9f769bc781a/gnocchi.9749cebc-76ac-4f62-8e0c-8f08d99893f2/1759320000.0_mean_300.0_v3" 404 70 "GET http://172.18.0.178:8080/v1/AUTH_ffbb1c514d6a4f40a7f8a9f769bc781a/gnocchi.9749cebc-76ac-4f62-8e0c-8f08d99893f2/1759320000.0_mean_300.0_v3" "txa7945b2f8d0745919a405-0068e22c8f" "proxy-server 20" 0.0004 "-" 22 0
Oct 5 08:30:07 np0005471148 object-server[123795]: 172.20.0.104 - - [05/Oct/2025:08:30:07 +0000] "GET /d1/939/AUTH_ffbb1c514d6a4f40a7f8a9f769bc781a/gnocchi.dc714135-6941-4d66-9b10-c41e5af38b8b/1759320000.0_mean_300.0_v3" 404 70 "GET http://172.18.0.178:8080/v1/AUTH_ffbb1c514d6a4f40a7f8a9f769bc781a/gnocchi.dc714135-6941-4d66-9b10-c41e5af38b8b/1759320000.0_mean_300.0_v3" "txc02cbf139fbc4cf8a135d-0068e22c8f" "proxy-server 20" 0.0005 "-" 24 0
Oct 5 08:30:07 np0005471148 container-server[123354]: 172.20.0.104 - - [05/Oct/2025:08:30:07 +0000] "PUT /d1/14/AUTH_ffbb1c514d6a4f40a7f8a9f769bc781a/gnocchi.9749cebc-76ac-4f62-8e0c-8f08d99893f2/1759320000.0_mean_300.0_v3" 201 - "PUT http://172.18.0.178:8080/d1/564/AUTH_ffbb1c514d6a4f40a7f8a9f769bc781a/gnocchi.9749cebc-76ac-4f62-8e0c-8f08d99893f2/1759320000.0_mean_300.0_v3" "txac2d5e63d90f46e5bb1c6-0068e22c8f" "object-server 24" 0.0008 "-" 15 0
Oct 5 08:30:07 np0005471148 object-server[123796]: 172.20.0.105 - - [05/Oct/2025:08:30:07 +0000] "PUT /d1/564/AUTH_ffbb1c514d6a4f40a7f8a9f769bc781a/gnocchi.9749cebc-76ac-4f62-8e0c-8f08d99893f2/1759320000.0_mean_300.0_v3" 201 - "PUT http://172.18.0.178:8080/v1/AUTH_ffbb1c514d6a4f40a7f8a9f769bc781a/gnocchi.9749cebc-76ac-4f62-8e0c-8f08d99893f2/1759320000.0_mean_300.0_v3" "txac2d5e63d90f46e5bb1c6-0068e22c8f" "proxy-server 20" 0.0119 "-" 25 0
Oct 5 08:30:07 np0005471148 proxy-server[124968]: 172.18.0.178 172.18.0.104 05/Oct/2025/08/30/07 PUT /v1/AUTH_ffbb1c514d6a4f40a7f8a9f769bc781a/gnocchi.9749cebc-76ac-4f62-8e0c-8f08d99893f2/1759320000.0_mean_300.0_v3 HTTP/1.0 201 - python-swiftclient-3.11.1 gAAAAABo4ixPODjF... 16 - - txac2d5e63d90f46e5bb1c6-0068e22c8f - 0.0235 - - 1759653007.379942179 1759653007.403483152 0
Oct 5 08:30:07 np0005471148 container-server[123364]: 172.20.0.105 - - [05/Oct/2025:08:30:07 +0000] "PUT /d1/944/AUTH_ffbb1c514d6a4f40a7f8a9f769bc781a/gnocchi.dc714135-6941-4d66-9b10-c41e5af38b8b/1759320000.0_mean_300.0_v3" 201 - "PUT http://172.18.0.178:8080/d1/939/AUTH_ffbb1c514d6a4f40a7f8a9f769bc781a/gnocchi.dc714135-6941-4d66-9b10-c41e5af38b8b/1759320000.0_mean_300.0_v3" "txea1e39526f854d7486e6a-0068e22c8f" "object-server 23" 0.0010 "-" 17 0
Oct 5 08:30:07 np0005471148 object-server[123793]: 172.20.0.103 - - [05/Oct/2025:08:30:07 +0000] "PUT /d1/939/AUTH_ffbb1c514d6a4f40a7f8a9f769bc781a/gnocchi.dc714135-6941-4d66-9b10-c41e5af38b8b/1759320000.0_mean_300.0_v3" 201 - "PUT http://172.18.0.178:8080/v1/AUTH_ffbb1c514d6a4f40a7f8a9f769bc781a/gnocchi.dc714135-6941-4d66-9b10-c41e5af38b8b/1759320000.0_mean_300.0_v3" "txea1e39526f854d7486e6a-0068e22c8f" "proxy-server 20" 0.0160 "-" 23 0
Oct 5 08:30:07 np0005471148 object-server[123793]: 172.20.0.105 - - [05/Oct/2025:08:30:07 +0000] "PUT /d1/336/AUTH_ffbb1c514d6a4f40a7f8a9f769bc781a/gnocchi.dc714135-6941-4d66-9b10-c41e5af38b8b/none_v3" 201 - "PUT http://172.18.0.178:8080/v1/AUTH_ffbb1c514d6a4f40a7f8a9f769bc781a/gnocchi.dc714135-6941-4d66-9b10-c41e5af38b8b/none_v3" "txd710892e80234e9c9cb0f-0068e22c8f" "proxy-server 20" 0.0224 "-" 23 0
Oct 5 08:30:07 np0005471148 container-server[123364]: 172.20.0.104 - - [05/Oct/2025:08:30:07 +0000] "PUT /d1/14/AUTH_ffbb1c514d6a4f40a7f8a9f769bc781a/gnocchi.9749cebc-76ac-4f62-8e0c-8f08d99893f2/none_v3" 201 - "PUT http://172.18.0.178:8080/d1/22/AUTH_ffbb1c514d6a4f40a7f8a9f769bc781a/gnocchi.9749cebc-76ac-4f62-8e0c-8f08d99893f2/none_v3" "txc7d8db58db544d38bf42d-0068e22c8f" "object-server 25" 0.0005 "-" 17 0
Oct 5 08:30:07 np0005471148 container-server[123354]: 172.20.0.103 - - [05/Oct/2025:08:30:07 +0000] "PUT /d1/944/AUTH_ffbb1c514d6a4f40a7f8a9f769bc781a/gnocchi.dc714135-6941-4d66-9b10-c41e5af38b8b/none_v3" 201 - "PUT http://172.18.0.178:8080/d1/336/AUTH_ffbb1c514d6a4f40a7f8a9f769bc781a/gnocchi.dc714135-6941-4d66-9b10-c41e5af38b8b/none_v3" "txd710892e80234e9c9cb0f-0068e22c8f" "object-server 25" 0.0008 "-" 15 0
Oct 5 08:30:07 np0005471148 object-server[123793]: 172.20.0.104 - - [05/Oct/2025:08:30:07 +0000] "PUT /d1/22/AUTH_ffbb1c514d6a4f40a7f8a9f769bc781a/gnocchi.9749cebc-76ac-4f62-8e0c-8f08d99893f2/none_v3" 201 - "PUT http://172.18.0.178:8080/v1/AUTH_ffbb1c514d6a4f40a7f8a9f769bc781a/gnocchi.9749cebc-76ac-4f62-8e0c-8f08d99893f2/none_v3" "txc7d8db58db544d38bf42d-0068e22c8f" "proxy-server 20" 0.0139 "-" 23 0
Oct 5 08:30:07 np0005471148 proxy-server[124968]: 172.18.0.105 172.18.0.104 05/Oct/2025/08/30/07 PUT /v1/AUTH_ffbb1c514d6a4f40a7f8a9f769bc781a/gnocchi.dc714135-6941-4d66-9b10-c41e5af38b8b/none_v3 HTTP/1.0 201 - python-swiftclient-3.11.1 gAAAAABo4ixtepNT... 22 - - txd710892e80234e9c9cb0f-0068e22c8f - 0.0354 - - 1759653007.424127579 1759653007.459539175 0
Oct 5 08:30:16 np0005471148 container-server[123348]: 172.20.0.105 - - [05/Oct/2025:08:30:16 +0000] "HEAD /d1/617/AUTH_ffbb1c514d6a4f40a7f8a9f769bc781a/gnocchi.a83cb81b-2f4e-4dac-9d1d-aae43909f5cf" 404 - "HEAD http://172.18.0.178:8080/v1/AUTH_ffbb1c514d6a4f40a7f8a9f769bc781a/gnocchi.a83cb81b-2f4e-4dac-9d1d-aae43909f5cf?format=json&states=listing" "tx6581da9df0254d559bbe1-0068e22c98" "proxy-server 20" 0.0012 "-" 14 0
Oct 5 08:30:16 np0005471148 container-server[123364]: 172.20.0.103 - - [05/Oct/2025:08:30:16 +0000] "HEAD /d1/1014/AUTH_ffbb1c514d6a4f40a7f8a9f769bc781a/gnocchi.d7bf58e5-8403-494e-8e17-f805dbdcc75e" 404 - "HEAD http://172.18.0.178:8080/v1/AUTH_ffbb1c514d6a4f40a7f8a9f769bc781a/gnocchi.d7bf58e5-8403-494e-8e17-f805dbdcc75e?format=json&states=listing" "tx02c66855b18b425c86dab-0068e22c98" "proxy-server 20" 0.0005 "-" 17 0
Oct 5 08:30:16 np0005471148 object-server[123784]: 172.20.0.103 - - [05/Oct/2025:08:30:16 +0000] "GET /d1/562/AUTH_ffbb1c514d6a4f40a7f8a9f769bc781a/gnocchi.d7bf58e5-8403-494e-8e17-f805dbdcc75e/none_v3" 404 70 "GET http://172.18.0.178:8080/v1/AUTH_ffbb1c514d6a4f40a7f8a9f769bc781a/gnocchi.d7bf58e5-8403-494e-8e17-f805dbdcc75e/none_v3" "tx02c66855b18b425c86dab-0068e22c98" "proxy-server 20" 0.0010 "-" 22 0
Oct 5 08:30:16 np0005471148 object-server[123796]: 172.20.0.105 - - [05/Oct/2025:08:30:16 +0000] "GET /d1/506/AUTH_ffbb1c514d6a4f40a7f8a9f769bc781a/gnocchi.a83cb81b-2f4e-4dac-9d1d-aae43909f5cf/none_v3" 404 70 "GET http://172.18.0.178:8080/v1/AUTH_ffbb1c514d6a4f40a7f8a9f769bc781a/gnocchi.a83cb81b-2f4e-4dac-9d1d-aae43909f5cf/none_v3" "tx6581da9df0254d559bbe1-0068e22c98" "proxy-server 20" 0.0005 "-" 25 0
Oct 5 08:30:16 np0005471148 proxy-server[124968]: 172.18.0.178 172.18.0.104 05/Oct/2025/08/30/16 GET /v1/AUTH_ffbb1c514d6a4f40a7f8a9f769bc781a/gnocchi.a83cb81b-2f4e-4dac-9d1d-aae43909f5cf/none_v3 HTTP/1.0 404 - python-swiftclient-3.11.1 gAAAAABo4ixPODjF... - 70 - tx6581da9df0254d559bbe1-0068e22c98 - 0.0366 - - 1759653016.166709423 1759653016.203264236 0
Oct 5 08:30:16 np0005471148 account-server[123037]: 172.20.0.103 - - [05/Oct/2025:08:30:16 +0000] "PUT /d1/852/AUTH_ffbb1c514d6a4f40a7f8a9f769bc781a/gnocchi.d7bf58e5-8403-494e-8e17-f805dbdcc75e" 201 - "PUT http://172.20.0.103:6001/d1/1014/AUTH_ffbb1c514d6a4f40a7f8a9f769bc781a/gnocchi.d7bf58e5-8403-494e-8e17-f805dbdcc75e" "tx21f9ba655cac4a85bdbb1-0068e22c98" "container-server 23" 0.0023 "-" 20 0
Oct 5 08:30:16 np0005471148 account-server[123037]: 172.20.0.103 - - [05/Oct/2025:08:30:16 +0000] "PUT /d1/852/AUTH_ffbb1c514d6a4f40a7f8a9f769bc781a/gnocchi.a83cb81b-2f4e-4dac-9d1d-aae43909f5cf" 201 - "PUT http://172.20.0.103:6001/d1/617/AUTH_ffbb1c514d6a4f40a7f8a9f769bc781a/gnocchi.a83cb81b-2f4e-4dac-9d1d-aae43909f5cf" "tx46e57d032af6416190126-0068e22c98" "container-server 21" 0.0052 "-" 20 0
Oct 5 08:30:16 np0005471148 container-server[123348]: 172.20.0.104 - - [05/Oct/2025:08:30:16 +0000] "PUT /d1/1014/AUTH_ffbb1c514d6a4f40a7f8a9f769bc781a/gnocchi.d7bf58e5-8403-494e-8e17-f805dbdcc75e" 201 - "PUT http://172.18.0.178:8080/v1/AUTH_ffbb1c514d6a4f40a7f8a9f769bc781a/gnocchi.d7bf58e5-8403-494e-8e17-f805dbdcc75e" "tx21f9ba655cac4a85bdbb1-0068e22c98" "proxy-server 20" 0.0261 "-" 14 0
Oct 5 08:30:16 np0005471148 container-server[123348]: 172.20.0.103 - - [05/Oct/2025:08:30:16 +0000] "PUT /d1/617/AUTH_ffbb1c514d6a4f40a7f8a9f769bc781a/gnocchi.a83cb81b-2f4e-4dac-9d1d-aae43909f5cf" 201 - "PUT http://172.18.0.178:8080/v1/AUTH_ffbb1c514d6a4f40a7f8a9f769bc781a/gnocchi.a83cb81b-2f4e-4dac-9d1d-aae43909f5cf" "tx46e57d032af6416190126-0068e22c98" "proxy-server 20" 0.0218 "-" 14 0
Oct 5 08:30:16 np0005471148 proxy-server[124968]: - - 05/Oct/2025/08/30/16 HEAD /v1/AUTH_ffbb1c514d6a4f40a7f8a9f769bc781a/gnocchi.d7bf58e5-8403-494e-8e17-f805dbdcc75e%3Fformat%3Djson%26states%3Dlisting HTTP/1.0 204 - Swift - - - - txf6fe780c2cb749f2b7a3a-0068e22c98 - 0.0074 RL - 1759653016.247239351 1759653016.254664183 0
Oct 5 08:30:16 np0005471148 proxy-server[124968]: 172.18.0.105 172.18.0.104 05/Oct/2025/08/30/16 GET /v1/AUTH_ffbb1c514d6a4f40a7f8a9f769bc781a/gnocchi.d7bf58e5-8403-494e-8e17-f805dbdcc75e%3Fformat%3Djson%26states%3Dlisting HTTP/1.0 200 - python-swiftclient-3.11.1 gAAAAABo4ixtepNT... - 2 - txf6fe780c2cb749f2b7a3a-0068e22c98 - 0.0204 - - 1759653016.244949579 1759653016.265350103 0
Oct 5 08:30:16 np0005471148 container-server[123361]: 172.20.0.104 - - [05/Oct/2025:08:30:16 +0000] "GET /d1/617/AUTH_ffbb1c514d6a4f40a7f8a9f769bc781a/gnocchi.a83cb81b-2f4e-4dac-9d1d-aae43909f5cf" 200 2 "GET http://172.18.0.178:8080/v1/AUTH_ffbb1c514d6a4f40a7f8a9f769bc781a/gnocchi.a83cb81b-2f4e-4dac-9d1d-aae43909f5cf?format=json&states=listing" "tx74563fbd1f1c45589337e-0068e22c98" "proxy-server 20" 0.0041 "-" 16 0
Oct 5 08:30:16 np0005471148 object-server[123793]: 172.20.0.103 - - [05/Oct/2025:08:30:16 +0000] "GET /d1/955/AUTH_ffbb1c514d6a4f40a7f8a9f769bc781a/gnocchi.d7bf58e5-8403-494e-8e17-f805dbdcc75e/1759320000.0_mean_300.0_v3" 404 70 "GET http://172.18.0.178:8080/v1/AUTH_ffbb1c514d6a4f40a7f8a9f769bc781a/gnocchi.d7bf58e5-8403-494e-8e17-f805dbdcc75e/1759320000.0_mean_300.0_v3" "tx7990f241d5884eb1a747e-0068e22c98" "proxy-server 20" 0.0005 "-" 23 0
Oct 5 08:30:16 np0005471148 object-server[123793]: 172.20.0.105 - - [05/Oct/2025:08:30:16 +0000] "GET /d1/1012/AUTH_ffbb1c514d6a4f40a7f8a9f769bc781a/gnocchi.a83cb81b-2f4e-4dac-9d1d-aae43909f5cf/1759320000.0_mean_300.0_v3" 404 70 "GET http://172.18.0.178:8080/v1/AUTH_ffbb1c514d6a4f40a7f8a9f769bc781a/gnocchi.a83cb81b-2f4e-4dac-9d1d-aae43909f5cf/1759320000.0_mean_300.0_v3" "txc8a139665da34600b1280-0068e22c98" "proxy-server 20" 0.0004 "-" 23 0
Oct 5 08:30:16 np0005471148 proxy-server[124968]: 172.18.0.178 172.18.0.104 05/Oct/2025/08/30/16 GET /v1/AUTH_ffbb1c514d6a4f40a7f8a9f769bc781a/gnocchi.a83cb81b-2f4e-4dac-9d1d-aae43909f5cf/1759320000.0_mean_300.0_v3 HTTP/1.0 404 - python-swiftclient-3.11.1 gAAAAABo4ixPODjF... - 70 - txc8a139665da34600b1280-0068e22c98 - 0.0239 - - 1759653016.288554907 1759653016.312469482 0
Oct 5 08:30:16 np0005471148 container-server[123354]: 172.20.0.105 - - [05/Oct/2025:08:30:16 +0000] "PUT /d1/1014/AUTH_ffbb1c514d6a4f40a7f8a9f769bc781a/gnocchi.d7bf58e5-8403-494e-8e17-f805dbdcc75e/1759320000.0_mean_300.0_v3" 201 - "PUT http://172.18.0.178:8080/d1/955/AUTH_ffbb1c514d6a4f40a7f8a9f769bc781a/gnocchi.d7bf58e5-8403-494e-8e17-f805dbdcc75e/1759320000.0_mean_300.0_v3" "txae931bd7d13243478401c-0068e22c98" "object-server 22" 0.0010 "-" 15 0
Oct 5 08:30:16 np0005471148 object-server[123784]: 172.20.0.104 - - [05/Oct/2025:08:30:16 +0000] "PUT /d1/955/AUTH_ffbb1c514d6a4f40a7f8a9f769bc781a/gnocchi.d7bf58e5-8403-494e-8e17-f805dbdcc75e/1759320000.0_mean_300.0_v3" 201 - "PUT http://172.18.0.178:8080/v1/AUTH_ffbb1c514d6a4f40a7f8a9f769bc781a/gnocchi.d7bf58e5-8403-494e-8e17-f805dbdcc75e/1759320000.0_mean_300.0_v3" "txae931bd7d13243478401c-0068e22c98" "proxy-server 20" 0.0202 "-" 22 0
Oct 5 08:30:16 np0005471148 container-server[123348]: 172.20.0.104 - - [05/Oct/2025:08:30:16 +0000] "PUT /d1/617/AUTH_ffbb1c514d6a4f40a7f8a9f769bc781a/gnocchi.a83cb81b-2f4e-4dac-9d1d-aae43909f5cf/1759320000.0_mean_300.0_v3" 201 - "PUT http://172.18.0.178:8080/d1/1012/AUTH_ffbb1c514d6a4f40a7f8a9f769bc781a/gnocchi.a83cb81b-2f4e-4dac-9d1d-aae43909f5cf/1759320000.0_mean_300.0_v3" "tx2637f713bf0742bca4fed-0068e22c98" "object-server 23" 0.0009 "-" 14 0
Oct 5 08:30:16 np0005471148 object-server[123793]: 172.20.0.103 - - [05/Oct/2025:08:30:16 +0000] "PUT /d1/1012/AUTH_ffbb1c514d6a4f40a7f8a9f769bc781a/gnocchi.a83cb81b-2f4e-4dac-9d1d-aae43909f5cf/1759320000.0_mean_300.0_v3" 201 - "PUT http://172.18.0.178:8080/v1/AUTH_ffbb1c514d6a4f40a7f8a9f769bc781a/gnocchi.a83cb81b-2f4e-4dac-9d1d-aae43909f5cf/1759320000.0_mean_300.0_v3" "tx2637f713bf0742bca4fed-0068e22c98" "proxy-server 20" 0.0151 "-" 23 0
Oct 5 08:30:16 np0005471148 container-server[123348]: 172.20.0.103 - - [05/Oct/2025:08:30:16 +0000] "PUT /d1/1014/AUTH_ffbb1c514d6a4f40a7f8a9f769bc781a/gnocchi.d7bf58e5-8403-494e-8e17-f805dbdcc75e/none_v3" 201 - "PUT http://172.18.0.178:8080/d1/562/AUTH_ffbb1c514d6a4f40a7f8a9f769bc781a/gnocchi.d7bf58e5-8403-494e-8e17-f805dbdcc75e/none_v3" "tx8416d9bd3124486bb8746-0068e22c98" "object-server 25" 0.0019 "-" 14 0
Oct 5 08:30:16 np0005471148 object-server[123784]: 172.20.0.105 - - [05/Oct/2025:08:30:16 +0000] "PUT /d1/562/AUTH_ffbb1c514d6a4f40a7f8a9f769bc781a/gnocchi.d7bf58e5-8403-494e-8e17-f805dbdcc75e/none_v3" 201 - "PUT http://172.18.0.178:8080/v1/AUTH_ffbb1c514d6a4f40a7f8a9f769bc781a/gnocchi.d7bf58e5-8403-494e-8e17-f805dbdcc75e/none_v3" "tx8416d9bd3124486bb8746-0068e22c98" "proxy-server 20" 0.0143 "-" 22 0
Oct 5 08:30:16 np0005471148 container-server[123364]: 172.20.0.103 - - [05/Oct/2025:08:30:16 +0000] "PUT /d1/617/AUTH_ffbb1c514d6a4f40a7f8a9f769bc781a/gnocchi.a83cb81b-2f4e-4dac-9d1d-aae43909f5cf/none_v3" 201 - "PUT http://172.18.0.178:8080/d1/506/AUTH_ffbb1c514d6a4f40a7f8a9f769bc781a/gnocchi.a83cb81b-2f4e-4dac-9d1d-aae43909f5cf/none_v3" "tx2488208dcf7c48fd9ce05-0068e22c98" "object-server 24" 0.0009 "-" 17 0
Oct 5 08:30:16 np0005471148 object-server[123795]: 172.20.0.104 - - [05/Oct/2025:08:30:16 +0000] "PUT /d1/506/AUTH_ffbb1c514d6a4f40a7f8a9f769bc781a/gnocchi.a83cb81b-2f4e-4dac-9d1d-aae43909f5cf/none_v3" 201 - "PUT http://172.18.0.178:8080/v1/AUTH_ffbb1c514d6a4f40a7f8a9f769bc781a/gnocchi.a83cb81b-2f4e-4dac-9d1d-aae43909f5cf/none_v3" "tx2488208dcf7c48fd9ce05-0068e22c98" "proxy-server 20" 0.0151 "-" 24 0
Oct 5 08:30:16 np0005471148 proxy-server[124968]: 172.18.0.105 172.18.0.104 05/Oct/2025/08/30/16 PUT /v1/AUTH_ffbb1c514d6a4f40a7f8a9f769bc781a/gnocchi.d7bf58e5-8403-494e-8e17-f805dbdcc75e/none_v3 HTTP/1.0 201 - python-swiftclient-3.11.1 gAAAAABo4ixtepNT... 22 - - tx8416d9bd3124486bb8746-0068e22c98 - 0.0528 - - 1759653016.340211868 1759653016.393009663 0
Oct 5 08:30:16 np0005471148 container-server[123361]: 172.20.0.103 - - [05/Oct/2025:08:30:16 +0000] "HEAD /d1/592/AUTH_ffbb1c514d6a4f40a7f8a9f769bc781a/gnocchi.c55ef7d8-2b83-4ed6-a53d-9b74da124da8" 404 - "HEAD http://172.18.0.178:8080/v1/AUTH_ffbb1c514d6a4f40a7f8a9f769bc781a/gnocchi.c55ef7d8-2b83-4ed6-a53d-9b74da124da8?format=json&states=listing" "tx5ce3c27f3cff4005be63a-0068e22c98" "proxy-server 20" 0.0006 "-" 16 0
Oct 5 08:30:16 np0005471148 object-server[123784]: 172.20.0.103 - - [05/Oct/2025:08:30:16 +0000] "GET /d1/846/AUTH_ffbb1c514d6a4f40a7f8a9f769bc781a/gnocchi.c55ef7d8-2b83-4ed6-a53d-9b74da124da8/none_v3" 404 70 "GET http://172.18.0.178:8080/v1/AUTH_ffbb1c514d6a4f40a7f8a9f769bc781a/gnocchi.c55ef7d8-2b83-4ed6-a53d-9b74da124da8/none_v3" "tx5ce3c27f3cff4005be63a-0068e22c98" "proxy-server 20" 0.0005 "-" 22 0
Oct 5 08:30:16 np0005471148 container-server[123348]: 172.20.0.104 - - [05/Oct/2025:08:30:16 +0000] "HEAD /d1/982/AUTH_ffbb1c514d6a4f40a7f8a9f769bc781a/gnocchi.3b18e974-54e7-4113-bd79-01f93e83d4ff" 404 - "HEAD http://172.18.0.178:8080/v1/AUTH_ffbb1c514d6a4f40a7f8a9f769bc781a/gnocchi.3b18e974-54e7-4113-bd79-01f93e83d4ff?format=json&states=listing" "tx217947acddb34fc99e1e2-0068e22c98" "proxy-server 20" 0.0007 "-" 14 0
Oct 5 08:30:16 np0005471148 object-server[123796]: 172.20.0.104 - - [05/Oct/2025:08:30:16 +0000] "GET /d1/148/AUTH_ffbb1c514d6a4f40a7f8a9f769bc781a/gnocchi.3b18e974-54e7-4113-bd79-01f93e83d4ff/none_v3" 404 70 "GET http://172.18.0.178:8080/v1/AUTH_ffbb1c514d6a4f40a7f8a9f769bc781a/gnocchi.3b18e974-54e7-4113-bd79-01f93e83d4ff/none_v3" "tx217947acddb34fc99e1e2-0068e22c98" "proxy-server 20" 0.0005 "-" 25 0
Oct 5 08:30:16 np0005471148 container-server[123364]: 172.20.0.105 - - [05/Oct/2025:08:30:16 +0000] "PUT /d1/592/AUTH_ffbb1c514d6a4f40a7f8a9f769bc781a/gnocchi.c55ef7d8-2b83-4ed6-a53d-9b74da124da8" 201 - "PUT http://172.18.0.178:8080/v1/AUTH_ffbb1c514d6a4f40a7f8a9f769bc781a/gnocchi.c55ef7d8-2b83-4ed6-a53d-9b74da124da8" "txefc3ea8d15ed4bd1a250e-0068e22c98" "proxy-server 20" 0.0280 "-" 17 0
Oct 5 08:30:16 np0005471148 account-server[123060]: 172.20.0.103 - - [05/Oct/2025:08:30:16 +0000] "PUT /d1/852/AUTH_ffbb1c514d6a4f40a7f8a9f769bc781a/gnocchi.c55ef7d8-2b83-4ed6-a53d-9b74da124da8" 201 - "PUT http://172.20.0.103:6001/d1/592/AUTH_ffbb1c514d6a4f40a7f8a9f769bc781a/gnocchi.c55ef7d8-2b83-4ed6-a53d-9b74da124da8" "txefc3ea8d15ed4bd1a250e-0068e22c98" "container-server 20" 0.0058 "-" 22 0
Oct 5 08:30:16 np0005471148 proxy-server[124968]: 172.18.0.178 172.18.0.104 05/Oct/2025/08/30/16 PUT /v1/AUTH_ffbb1c514d6a4f40a7f8a9f769bc781a/gnocchi.c55ef7d8-2b83-4ed6-a53d-9b74da124da8 HTTP/1.0 201 - python-swiftclient-3.11.1 gAAAAABo4ixPODjF... - - - txefc3ea8d15ed4bd1a250e-0068e22c98 - 0.0421 - - 1759653016.428755522 1759653016.470896721 0
Oct 5 08:30:16 np0005471148 account-server[123060]: 172.20.0.105 - - [05/Oct/2025:08:30:16 +0000] "PUT /d1/852/AUTH_ffbb1c514d6a4f40a7f8a9f769bc781a/gnocchi.3b18e974-54e7-4113-bd79-01f93e83d4ff" 201 - "PUT http://172.20.0.105:6001/d1/982/AUTH_ffbb1c514d6a4f40a7f8a9f769bc781a/gnocchi.3b18e974-54e7-4113-bd79-01f93e83d4ff" "tx464b0ccdc2914707a153f-0068e22c98" "container-server 17" 0.0080 "-" 22 0
Oct 5 08:30:16 np0005471148 container-server[123364]: 172.20.0.103 - - [05/Oct/2025:08:30:16 +0000] "PUT /d1/982/AUTH_ffbb1c514d6a4f40a7f8a9f769bc781a/gnocchi.3b18e974-54e7-4113-bd79-01f93e83d4ff" 201 - "PUT http://172.18.0.178:8080/v1/AUTH_ffbb1c514d6a4f40a7f8a9f769bc781a/gnocchi.3b18e974-54e7-4113-bd79-01f93e83d4ff" "tx464b0ccdc2914707a153f-0068e22c98" "proxy-server 20" 0.0268 "-" 17 0
Oct 5 08:30:16 np0005471148 container-server[123354]: 172.20.0.105 - - [05/Oct/2025:08:30:16 +0000] "HEAD /d1/982/AUTH_ffbb1c514d6a4f40a7f8a9f769bc781a/gnocchi.3b18e974-54e7-4113-bd79-01f93e83d4ff" 204 - "HEAD http://172.18.0.178:8080/v1/AUTH_ffbb1c514d6a4f40a7f8a9f769bc781a/gnocchi.3b18e974-54e7-4113-bd79-01f93e83d4ff?format=json&states=listing" "tx5b3a7a5878df4e35b3cc1-0068e22c98" "proxy-server 20" 0.0025 "-" 15 0
Oct 5 08:30:16 np0005471148 proxy-server[124968]: - - 05/Oct/2025/08/30/16 HEAD /v1/AUTH_ffbb1c514d6a4f40a7f8a9f769bc781a/gnocchi.3b18e974-54e7-4113-bd79-01f93e83d4ff%3Fformat%3Djson%26states%3Dlisting HTTP/1.0 204 - Swift - - - - tx5b3a7a5878df4e35b3cc1-0068e22c98 - 0.0065 RL - 1759653016.486517429 1759653016.493011236 0
Oct 5 08:30:16 np0005471148 container-server[123361]: 172.20.0.104 - - [05/Oct/2025:08:30:16 +0000] "GET /d1/592/AUTH_ffbb1c514d6a4f40a7f8a9f769bc781a/gnocchi.c55ef7d8-2b83-4ed6-a53d-9b74da124da8" 200 2 "GET http://172.18.0.178:8080/v1/AUTH_ffbb1c514d6a4f40a7f8a9f769bc781a/gnocchi.c55ef7d8-2b83-4ed6-a53d-9b74da124da8?format=json&states=listing" "tx289cd04dcb9745cba00e1-0068e22c98" "proxy-server 20" 0.0033 "-" 16 0
