Oct 5 08:35:52 np0005471148 container-server[123364]: 172.20.0.103 - - [05/Oct/2025:08:35:52 +0000] "PUT /d1/371/AUTH_ffbb1c514d6a4f40a7f8a9f769bc781a/gnocchi.c1f22f51-3ab2-4ed3-a2be-e913312125fc/1759320000.0_mean_300.0_v3" 201 - "PUT http://172.18.0.178:8080/d1/127/AUTH_ffbb1c514d6a4f40a7f8a9f769bc781a/gnocchi.c1f22f51-3ab2-4ed3-a2be-e913312125fc/1759320000.0_mean_300.0_v3" "txa29423ea7d4b419da8dcd-0068e22de8" "object-server 23" 0.0013 "-" 17 0
Oct 5 08:35:52 np0005471148 object-server[123795]: 172.20.0.103 - - [05/Oct/2025:08:35:52 +0000] "PUT /d1/127/AUTH_ffbb1c514d6a4f40a7f8a9f769bc781a/gnocchi.c1f22f51-3ab2-4ed3-a2be-e913312125fc/1759320000.0_mean_300.0_v3" 201 - "PUT http://172.18.0.178:8080/v1/AUTH_ffbb1c514d6a4f40a7f8a9f769bc781a/gnocchi.c1f22f51-3ab2-4ed3-a2be-e913312125fc/1759320000.0_mean_300.0_v3" "txa29423ea7d4b419da8dcd-0068e22de8" "proxy-server 20" 0.0172 "-" 24 0
Oct 5 08:35:52 np0005471148 object-server[123795]: 172.20.0.105 - - [05/Oct/2025:08:35:52 +0000] "GET /d1/359/AUTH_ffbb1c514d6a4f40a7f8a9f769bc781a/gnocchi.630ced32-f036-4c8c-bebe-dfa7df1b4507/1759320000.0_rate%3Amean_300.0_v3" 404 70 "GET http://172.18.0.178:8080/v1/AUTH_ffbb1c514d6a4f40a7f8a9f769bc781a/gnocchi.630ced32-f036-4c8c-bebe-dfa7df1b4507/1759320000.0_rate%3Amean_300.0_v3" "txdd354d5737334d94b1adc-0068e22de8" "proxy-server 20" 0.0004 "-" 24 0
Oct 5 08:35:52 np0005471148 proxy-server[124968]: 172.18.0.103 172.18.0.104 05/Oct/2025/08/35/52 GET /v1/AUTH_ffbb1c514d6a4f40a7f8a9f769bc781a/gnocchi.630ced32-f036-4c8c-bebe-dfa7df1b4507/1759320000.0_rate%253Amean_300.0_v3 HTTP/1.0 404 - python-swiftclient-3.11.1 gAAAAABo4iyYaC5C... - 70 - txdd354d5737334d94b1adc-0068e22de8 - 0.0228 - - 1759653352.904540062 1759653352.927347898 0
Oct 5 08:35:52 np0005471148 object-server[123796]: 172.20.0.105 - - [05/Oct/2025:08:35:52 +0000] "GET /d1/244/AUTH_ffbb1c514d6a4f40a7f8a9f769bc781a/gnocchi.7b1cfb9f-e398-41bd-b164-31557797eb07/1759320000.0_mean_300.0_v3" 200 16 "GET http://172.18.0.178:8080/v1/AUTH_ffbb1c514d6a4f40a7f8a9f769bc781a/gnocchi.7b1cfb9f-e398-41bd-b164-31557797eb07/1759320000.0_mean_300.0_v3" "tx6d0164ea55e847a8a00de-0068e22de8" "proxy-server 20" 0.0015 "-" 25 0
Oct 5 08:35:52 np0005471148 proxy-server[124968]: 172.18.0.103 172.18.0.104 05/Oct/2025/08/35/52 GET /v1/AUTH_ffbb1c514d6a4f40a7f8a9f769bc781a/gnocchi.7b1cfb9f-e398-41bd-b164-31557797eb07/1759320000.0_mean_300.0_v3 HTTP/1.0 200 - python-swiftclient-3.11.1 gAAAAABo4iyYaC5C... - 16 - tx6d0164ea55e847a8a00de-0068e22de8 - 0.0305 - - 1759653352.932165623 1759653352.962697983 0
Oct 5 08:35:52 np0005471148 object-server[123796]: 172.20.0.105 - - [05/Oct/2025:08:35:52 +0000] "GET /d1/606/AUTH_ffbb1c514d6a4f40a7f8a9f769bc781a/gnocchi.7b1cfb9f-e398-41bd-b164-31557797eb07/1759320000.0_rate%3Amean_300.0_v3" 404 70 "GET http://172.18.0.178:8080/v1/AUTH_ffbb1c514d6a4f40a7f8a9f769bc781a/gnocchi.7b1cfb9f-e398-41bd-b164-31557797eb07/1759320000.0_rate%3Amean_300.0_v3" "tx9b04a892404440f68023a-0068e22de8" "proxy-server 20" 0.0006 "-" 25 0
Oct 5 08:35:52 np0005471148 proxy-server[124968]: 172.18.0.103 172.18.0.104 05/Oct/2025/08/35/52 GET /v1/AUTH_ffbb1c514d6a4f40a7f8a9f769bc781a/gnocchi.7b1cfb9f-e398-41bd-b164-31557797eb07/1759320000.0_rate%253Amean_300.0_v3 HTTP/1.0 404 - python-swiftclient-3.11.1 gAAAAABo4iyYaC5C... - 70 - tx9b04a892404440f68023a-0068e22de8 - 0.0167 - - 1759653352.966916323 1759653352.983663797 0
Oct 5 08:35:52 np0005471148 container-server[123348]: 172.20.0.105 - - [05/Oct/2025:08:35:52 +0000] "PUT /d1/371/AUTH_ffbb1c514d6a4f40a7f8a9f769bc781a/gnocchi.c1f22f51-3ab2-4ed3-a2be-e913312125fc/1759320000.0_rate%3Amean_300.0_v3" 201 - "PUT http://172.18.0.178:8080/d1/74/AUTH_ffbb1c514d6a4f40a7f8a9f769bc781a/gnocchi.c1f22f51-3ab2-4ed3-a2be-e913312125fc/1759320000.0_rate%3Amean_300.0_v3" "tx70d2f264a71141fe862c0-0068e22de8" "object-server 23" 0.0006 "-" 14 0
Oct 5 08:35:53 np0005471148 object-server[123793]: 172.20.0.103 - - [05/Oct/2025:08:35:53 +0000] "PUT /d1/74/AUTH_ffbb1c514d6a4f40a7f8a9f769bc781a/gnocchi.c1f22f51-3ab2-4ed3-a2be-e913312125fc/1759320000.0_rate%3Amean_300.0_v3" 201 - "PUT http://172.18.0.178:8080/v1/AUTH_ffbb1c514d6a4f40a7f8a9f769bc781a/gnocchi.c1f22f51-3ab2-4ed3-a2be-e913312125fc/1759320000.0_rate%3Amean_300.0_v3" "tx70d2f264a71141fe862c0-0068e22de8" "proxy-server 20" 0.0605 "-" 23 0
Oct 5 08:35:53 np0005471148 container-server[123348]: 172.20.0.104 - - [05/Oct/2025:08:35:53 +0000] "HEAD /d1/855/AUTH_ffbb1c514d6a4f40a7f8a9f769bc781a/gnocchi.6aa7b351-85b7-4149-aa8e-ba7242fca0e1" 204 - "HEAD http://172.18.0.178:8080/v1/AUTH_ffbb1c514d6a4f40a7f8a9f769bc781a/gnocchi.6aa7b351-85b7-4149-aa8e-ba7242fca0e1?format=json&states=listing" "txc126fc62386a4f63a77b2-0068e22de8" "proxy-server 20" 0.0016 "-" 14 0
Oct 5 08:35:53 np0005471148 object-server[123796]: 172.20.0.105 - - [05/Oct/2025:08:35:53 +0000] "PUT /d1/735/AUTH_ffbb1c514d6a4f40a7f8a9f769bc781a/gnocchi.630ced32-f036-4c8c-bebe-dfa7df1b4507/1759320000.0_mean_300.0_v3" 201 - "PUT http://172.18.0.178:8080/v1/AUTH_ffbb1c514d6a4f40a7f8a9f769bc781a/gnocchi.630ced32-f036-4c8c-bebe-dfa7df1b4507/1759320000.0_mean_300.0_v3" "txb10600fda4624d8592910-0068e22de8" "proxy-server 20" 0.0120 "-" 25 0
Oct 5 08:35:53 np0005471148 container-server[123354]: 172.20.0.104 - - [05/Oct/2025:08:35:53 +0000] "PUT /d1/97/AUTH_ffbb1c514d6a4f40a7f8a9f769bc781a/gnocchi.630ced32-f036-4c8c-bebe-dfa7df1b4507/1759320000.0_mean_300.0_v3" 201 - "PUT http://172.18.0.178:8080/d1/735/AUTH_ffbb1c514d6a4f40a7f8a9f769bc781a/gnocchi.630ced32-f036-4c8c-bebe-dfa7df1b4507/1759320000.0_mean_300.0_v3" "txb10600fda4624d8592910-0068e22de8" "object-server 23" 0.0008 "-" 15 0
Oct 5 08:35:53 np0005471148 proxy-server[124968]: 172.18.0.103 172.18.0.104 05/Oct/2025/08/35/53 PUT /v1/AUTH_ffbb1c514d6a4f40a7f8a9f769bc781a/gnocchi.630ced32-f036-4c8c-bebe-dfa7df1b4507/1759320000.0_mean_300.0_v3 HTTP/1.0 201 - python-swiftclient-3.11.1 gAAAAABo4iyYaC5C... 27 - - txb10600fda4624d8592910-0068e22de8 - 0.0214 - - 1759653352.988960505 1759653353.010376692 0
Oct 5 08:35:53 np0005471148 container-server[123364]: 172.20.0.104 - - [05/Oct/2025:08:35:53 +0000] "GET /d1/855/AUTH_ffbb1c514d6a4f40a7f8a9f769bc781a/gnocchi.6aa7b351-85b7-4149-aa8e-ba7242fca0e1" 200 357 "GET http://172.18.0.178:8080/v1/AUTH_ffbb1c514d6a4f40a7f8a9f769bc781a/gnocchi.6aa7b351-85b7-4149-aa8e-ba7242fca0e1?format=json&states=listing" "tx554ca6c07beb4cba9f30c-0068e22de9" "proxy-server 20" 0.0033 "-" 17 0
Oct 5 08:35:53 np0005471148 container-server[123354]: 172.20.0.104 - - [05/Oct/2025:08:35:53 +0000] "PUT /d1/371/AUTH_ffbb1c514d6a4f40a7f8a9f769bc781a/gnocchi.c1f22f51-3ab2-4ed3-a2be-e913312125fc/none_v3" 201 - "PUT http://172.18.0.178:8080/d1/790/AUTH_ffbb1c514d6a4f40a7f8a9f769bc781a/gnocchi.c1f22f51-3ab2-4ed3-a2be-e913312125fc/none_v3" "txb0f6d6c20c394a4db56ef-0068e22de9" "object-server 25" 0.0004 "-" 15 0
Oct 5 08:35:53 np0005471148 container-server[123348]: 172.20.0.104 - - [05/Oct/2025:08:35:53 +0000] "PUT /d1/97/AUTH_ffbb1c514d6a4f40a7f8a9f769bc781a/gnocchi.630ced32-f036-4c8c-bebe-dfa7df1b4507/1759320000.0_rate%3Amean_300.0_v3" 201 - "PUT http://172.18.0.178:8080/d1/359/AUTH_ffbb1c514d6a4f40a7f8a9f769bc781a/gnocchi.630ced32-f036-4c8c-bebe-dfa7df1b4507/1759320000.0_rate%3Amean_300.0_v3" "txf7616a578ac1453a84c6e-0068e22de9" "object-server 24" 0.0006 "-" 14 0
Oct 5 08:35:53 np0005471148 object-server[123796]: 172.20.0.103 - - [05/Oct/2025:08:35:53 +0000] "PUT /d1/790/AUTH_ffbb1c514d6a4f40a7f8a9f769bc781a/gnocchi.c1f22f51-3ab2-4ed3-a2be-e913312125fc/none_v3" 201 - "PUT http://172.18.0.178:8080/v1/AUTH_ffbb1c514d6a4f40a7f8a9f769bc781a/gnocchi.c1f22f51-3ab2-4ed3-a2be-e913312125fc/none_v3" "txb0f6d6c20c394a4db56ef-0068e22de9" "proxy-server 20" 0.0154 "-" 25 0
Oct 5 08:35:53 np0005471148 object-server[123796]: 172.20.0.105 - - [05/Oct/2025:08:35:53 +0000] "PUT /d1/359/AUTH_ffbb1c514d6a4f40a7f8a9f769bc781a/gnocchi.630ced32-f036-4c8c-bebe-dfa7df1b4507/1759320000.0_rate%3Amean_300.0_v3" 201 - "PUT http://172.18.0.178:8080/v1/AUTH_ffbb1c514d6a4f40a7f8a9f769bc781a/gnocchi.630ced32-f036-4c8c-bebe-dfa7df1b4507/1759320000.0_rate%3Amean_300.0_v3" "txf7616a578ac1453a84c6e-0068e22de9" "proxy-server 20" 0.0213 "-" 25 0
Oct 5 08:35:53 np0005471148 proxy-server[124968]: 172.18.0.103 172.18.0.104 05/Oct/2025/08/35/53 PUT /v1/AUTH_ffbb1c514d6a4f40a7f8a9f769bc781a/gnocchi.630ced32-f036-4c8c-bebe-dfa7df1b4507/1759320000.0_rate%253Amean_300.0_v3 HTTP/1.0 201 - python-swiftclient-3.11.1 gAAAAABo4iyYaC5C... 16 - - txf7616a578ac1453a84c6e-0068e22de9 - 0.0287 - - 1759653353.014696360 1759653353.043416023 0
Oct 5 08:35:53 np0005471148 container-server[123361]: 172.20.0.104 - - [05/Oct/2025:08:35:53 +0000] "GET /d1/855/AUTH_ffbb1c514d6a4f40a7f8a9f769bc781a/gnocchi.6aa7b351-85b7-4149-aa8e-ba7242fca0e1" 200 2 "GET http://172.18.0.178:8080/v1/AUTH_ffbb1c514d6a4f40a7f8a9f769bc781a/gnocchi.6aa7b351-85b7-4149-aa8e-ba7242fca0e1?format=json&marker=none_v3&states=listing" "txf09c1b3b23ac4a65a0e10-0068e22de9" "proxy-server 20" 0.0027 "-" 16 0
Oct 5 08:35:53 np0005471148 proxy-server[124968]: 172.18.0.105 172.18.0.104 05/Oct/2025/08/35/53 GET /v1/AUTH_ffbb1c514d6a4f40a7f8a9f769bc781a/gnocchi.6aa7b351-85b7-4149-aa8e-ba7242fca0e1/1759320000.0_mean_300.0_v3 HTTP/1.0 200 - python-swiftclient-3.11.1 gAAAAABo4ixtepNT... - 16 - tx646fae059a264eb4bec64-0068e22de9 - 0.0109 - - 1759653353.057552576 1759653353.068426609 0
Oct 5 08:35:53 np0005471148 object-server[123795]: 172.20.0.103 - - [05/Oct/2025:08:35:53 +0000] "PUT /d1/244/AUTH_ffbb1c514d6a4f40a7f8a9f769bc781a/gnocchi.7b1cfb9f-e398-41bd-b164-31557797eb07/1759320000.0_mean_300.0_v3" 201 - "PUT http://172.18.0.178:8080/v1/AUTH_ffbb1c514d6a4f40a7f8a9f769bc781a/gnocchi.7b1cfb9f-e398-41bd-b164-31557797eb07/1759320000.0_mean_300.0_v3" "tx74979f4ad17d435187973-0068e22de9" "proxy-server 20" 0.0148 "-" 24 0
Oct 5 08:35:53 np0005471148 container-server[123348]: 172.20.0.103 - - [05/Oct/2025:08:35:53 +0000] "PUT /d1/148/AUTH_ffbb1c514d6a4f40a7f8a9f769bc781a/gnocchi.7b1cfb9f-e398-41bd-b164-31557797eb07/1759320000.0_mean_300.0_v3" 201 - "PUT http://172.18.0.178:8080/d1/244/AUTH_ffbb1c514d6a4f40a7f8a9f769bc781a/gnocchi.7b1cfb9f-e398-41bd-b164-31557797eb07/1759320000.0_mean_300.0_v3" "tx74979f4ad17d435187973-0068e22de9" "object-server 24" 0.0015 "-" 14 0
Oct 5 08:35:53 np0005471148 object-server[123795]: 172.20.0.105 - - [05/Oct/2025:08:35:53 +0000] "GET /d1/928/AUTH_ffbb1c514d6a4f40a7f8a9f769bc781a/gnocchi.6aa7b351-85b7-4149-aa8e-ba7242fca0e1/1759320000.0_rate%3Amean_300.0_v3" 404 70 "GET http://172.18.0.178:8080/v1/AUTH_ffbb1c514d6a4f40a7f8a9f769bc781a/gnocchi.6aa7b351-85b7-4149-aa8e-ba7242fca0e1/1759320000.0_rate%3Amean_300.0_v3" "tx5fcb12a9ae924d3aae541-0068e22de9" "proxy-server 20" 0.0002 "-" 24 0
Oct 5 08:35:53 np0005471148 proxy-server[124968]: 172.18.0.105 172.18.0.104 05/Oct/2025/08/35/53 GET /v1/AUTH_ffbb1c514d6a4f40a7f8a9f769bc781a/gnocchi.6aa7b351-85b7-4149-aa8e-ba7242fca0e1/1759320000.0_rate%253Amean_300.0_v3 HTTP/1.0 404 - python-swiftclient-3.11.1 gAAAAABo4ixtepNT... - 70 - tx5fcb12a9ae924d3aae541-0068e22de9 - 0.0212 - - 1759653353.072148085 1759653353.093339205 0
Oct 5 08:35:53 np0005471148 container-server[123361]: 172.20.0.103 - - [05/Oct/2025:08:35:53 +0000] "PUT /d1/148/AUTH_ffbb1c514d6a4f40a7f8a9f769bc781a/gnocchi.7b1cfb9f-e398-41bd-b164-31557797eb07/1759320000.0_rate%3Amean_300.0_v3" 201 - "PUT http://172.18.0.178:8080/d1/606/AUTH_ffbb1c514d6a4f40a7f8a9f769bc781a/gnocchi.7b1cfb9f-e398-41bd-b164-31557797eb07/1759320000.0_rate%3Amean_300.0_v3" "tx31deea0db73c4378a3e58-0068e22de9" "object-server 22" 0.0009 "-" 16 0
Oct 5 08:35:53 np0005471148 container-server[123361]: 172.20.0.104 - - [05/Oct/2025:08:35:53 +0000] "GET /d1/414/AUTH_ffbb1c514d6a4f40a7f8a9f769bc781a/gnocchi.438e0e68-ec6d-4307-aed3-840f4b7d7c0d" 200 2 "GET http://172.18.0.178:8080/v1/AUTH_ffbb1c514d6a4f40a7f8a9f769bc781a/gnocchi.438e0e68-ec6d-4307-aed3-840f4b7d7c0d?format=json&marker=none_v3&states=listing" "txb5ac4755d8904cfd8dabe-0068e22de9" "proxy-server 20" 0.0026 "-" 16 0
Oct 5 08:35:53 np0005471148 object-server[123796]: 172.20.0.103 - - [05/Oct/2025:08:35:53 +0000] "PUT /d1/606/AUTH_ffbb1c514d6a4f40a7f8a9f769bc781a/gnocchi.7b1cfb9f-e398-41bd-b164-31557797eb07/1759320000.0_rate%3Amean_300.0_v3" 201 - "PUT http://172.18.0.178:8080/v1/AUTH_ffbb1c514d6a4f40a7f8a9f769bc781a/gnocchi.7b1cfb9f-e398-41bd-b164-31557797eb07/1759320000.0_rate%3Amean_300.0_v3" "tx31deea0db73c4378a3e58-0068e22de9" "proxy-server 20" 0.0189 "-" 25 0
Oct 5 08:35:53 np0005471148 container-server[123348]: 172.20.0.105 - - [05/Oct/2025:08:35:53 +0000] "PUT /d1/855/AUTH_ffbb1c514d6a4f40a7f8a9f769bc781a/gnocchi.6aa7b351-85b7-4149-aa8e-ba7242fca0e1/1759320000.0_mean_300.0_v3" 201 - "PUT http://172.18.0.178:8080/d1/565/AUTH_ffbb1c514d6a4f40a7f8a9f769bc781a/gnocchi.6aa7b351-85b7-4149-aa8e-ba7242fca0e1/1759320000.0_mean_300.0_v3" "tx230b3f1e0a154b639bac2-0068e22de9" "object-server 25" 0.0008 "-" 14 0
Oct 5 08:35:53 np0005471148 object-server[123796]: 172.20.0.105 - - [05/Oct/2025:08:35:53 +0000] "PUT /d1/565/AUTH_ffbb1c514d6a4f40a7f8a9f769bc781a/gnocchi.6aa7b351-85b7-4149-aa8e-ba7242fca0e1/1759320000.0_mean_300.0_v3" 201 - "PUT http://172.18.0.178:8080/v1/AUTH_ffbb1c514d6a4f40a7f8a9f769bc781a/gnocchi.6aa7b351-85b7-4149-aa8e-ba7242fca0e1/1759320000.0_mean_300.0_v3" "tx230b3f1e0a154b639bac2-0068e22de9" "proxy-server 20" 0.0183 "-" 25 0
Oct 5 08:35:53 np0005471148 proxy-server[124968]: 172.18.0.105 172.18.0.104 05/Oct/2025/08/35/53 PUT /v1/AUTH_ffbb1c514d6a4f40a7f8a9f769bc781a/gnocchi.6aa7b351-85b7-4149-aa8e-ba7242fca0e1/1759320000.0_mean_300.0_v3 HTTP/1.0 201 - python-swiftclient-3.11.1 gAAAAABo4ixtepNT... 23 - - tx230b3f1e0a154b639bac2-0068e22de9 - 0.0292 - - 1759653353.099002838 1759653353.128249168 0
Oct 5 08:35:53 np0005471148 container-server[123364]: 172.20.0.105 - - [05/Oct/2025:08:35:53 +0000] "PUT /d1/97/AUTH_ffbb1c514d6a4f40a7f8a9f769bc781a/gnocchi.630ced32-f036-4c8c-bebe-dfa7df1b4507/none_v3" 201 - "PUT http://172.18.0.178:8080/d1/176/AUTH_ffbb1c514d6a4f40a7f8a9f769bc781a/gnocchi.630ced32-f036-4c8c-bebe-dfa7df1b4507/none_v3" "tx1333a4cf5adb49e69886f-0068e22de9" "object-server 24" 0.0013 "-" 17 0
Oct 5 08:35:53 np0005471148 object-server[123795]: 172.20.0.103 - - [05/Oct/2025:08:35:53 +0000] "PUT /d1/176/AUTH_ffbb1c514d6a4f40a7f8a9f769bc781a/gnocchi.630ced32-f036-4c8c-bebe-dfa7df1b4507/none_v3" 201 - "PUT http://172.18.0.178:8080/v1/AUTH_ffbb1c514d6a4f40a7f8a9f769bc781a/gnocchi.630ced32-f036-4c8c-bebe-dfa7df1b4507/none_v3" "tx1333a4cf5adb49e69886f-0068e22de9" "proxy-server 20" 0.0121 "-" 24 0
Oct 5 08:35:53 np0005471148 object-server[123793]: 172.20.0.105 - - [05/Oct/2025:08:35:53 +0000] "PUT /d1/928/AUTH_ffbb1c514d6a4f40a7f8a9f769bc781a/gnocchi.6aa7b351-85b7-4149-aa8e-ba7242fca0e1/1759320000.0_rate%3Amean_300.0_v3" 201 - "PUT http://172.18.0.178:8080/v1/AUTH_ffbb1c514d6a4f40a7f8a9f769bc781a/gnocchi.6aa7b351-85b7-4149-aa8e-ba7242fca0e1/1759320000.0_rate%3Amean_300.0_v3" "tx3c6a4292c49f49aaa5173-0068e22de9" "proxy-server 20" 0.0110 "-" 23 0
Oct 5 08:35:53 np0005471148 container-server[123361]: 172.20.0.103 - - [05/Oct/2025:08:35:53 +0000] "PUT /d1/855/AUTH_ffbb1c514d6a4f40a7f8a9f769bc781a/gnocchi.6aa7b351-85b7-4149-aa8e-ba7242fca0e1/1759320000.0_rate%3Amean_300.0_v3" 201 - "PUT http://172.18.0.178:8080/d1/928/AUTH_ffbb1c514d6a4f40a7f8a9f769bc781a/gnocchi.6aa7b351-85b7-4149-aa8e-ba7242fca0e1/1759320000.0_rate%3Amean_300.0_v3" "tx3c6a4292c49f49aaa5173-0068e22de9" "object-server 23" 0.0006 "-" 16 0
Oct 5 08:35:53 np0005471148 object-server[123795]: 172.20.0.104 - - [05/Oct/2025:08:35:53 +0000] "GET /d1/926/AUTH_ffbb1c514d6a4f40a7f8a9f769bc781a/gnocchi.438e0e68-ec6d-4307-aed3-840f4b7d7c0d/1759320000.0_rate%3Amean_300.0_v3" 404 70 "GET http://172.18.0.178:8080/v1/AUTH_ffbb1c514d6a4f40a7f8a9f769bc781a/gnocchi.438e0e68-ec6d-4307-aed3-840f4b7d7c0d/1759320000.0_rate%3Amean_300.0_v3" "txd068e34df81d44469bf76-0068e22de9" "proxy-server 20" 0.0002 "-" 24 0
Oct 5 08:35:53 np0005471148 proxy-server[124968]: 172.18.0.105 172.18.0.104 05/Oct/2025/08/35/53 PUT /v1/AUTH_ffbb1c514d6a4f40a7f8a9f769bc781a/gnocchi.6aa7b351-85b7-4149-aa8e-ba7242fca0e1/1759320000.0_rate%253Amean_300.0_v3 HTTP/1.0 201 - python-swiftclient-3.11.1 gAAAAABo4ixtepNT... 16 - - tx3c6a4292c49f49aaa5173-0068e22de9 - 0.0211 - - 1759653353.131951332 1759653353.153074741 0
Oct 5 08:35:53 np0005471148 container-server[123364]: 172.20.0.105 - - [05/Oct/2025:08:35:53 +0000] "PUT /d1/148/AUTH_ffbb1c514d6a4f40a7f8a9f769bc781a/gnocchi.7b1cfb9f-e398-41bd-b164-31557797eb07/none_v3" 201 - "PUT http://172.18.0.178:8080/d1/760/AUTH_ffbb1c514d6a4f40a7f8a9f769bc781a/gnocchi.7b1cfb9f-e398-41bd-b164-31557797eb07/none_v3" "tx1f18f5b0735840eba5989-0068e22de9" "object-server 25" 0.0009 "-" 17 0
Oct 5 08:35:53 np0005471148 object-server[123796]: 172.20.0.103 - - [05/Oct/2025:08:35:53 +0000] "PUT /d1/760/AUTH_ffbb1c514d6a4f40a7f8a9f769bc781a/gnocchi.7b1cfb9f-e398-41bd-b164-31557797eb07/none_v3" 201 - "PUT http://172.18.0.178:8080/v1/AUTH_ffbb1c514d6a4f40a7f8a9f769bc781a/gnocchi.7b1cfb9f-e398-41bd-b164-31557797eb07/none_v3" "tx1f18f5b0735840eba5989-0068e22de9" "proxy-server 20" 0.0234 "-" 25 0
Oct 5 08:35:53 np0005471148 object-server[123784]: 172.20.0.105 - - [05/Oct/2025:08:35:53 +0000] "PUT /d1/730/AUTH_ffbb1c514d6a4f40a7f8a9f769bc781a/gnocchi.438e0e68-ec6d-4307-aed3-840f4b7d7c0d/1759320000.0_mean_300.0_v3" 201 - "PUT http://172.18.0.178:8080/v1/AUTH_ffbb1c514d6a4f40a7f8a9f769bc781a/gnocchi.438e0e68-ec6d-4307-aed3-840f4b7d7c0d/1759320000.0_mean_300.0_v3" "tx91c8cda83b814aa7abd50-0068e22de9" "proxy-server 20" 0.0133 "-" 22 0
Oct 5 08:35:53 np0005471148 container-server[123354]: 172.20.0.103 - - [05/Oct/2025:08:35:53 +0000] "PUT /d1/855/AUTH_ffbb1c514d6a4f40a7f8a9f769bc781a/gnocchi.6aa7b351-85b7-4149-aa8e-ba7242fca0e1/none_v3" 201 - "PUT http://172.18.0.178:8080/d1/419/AUTH_ffbb1c514d6a4f40a7f8a9f769bc781a/gnocchi.6aa7b351-85b7-4149-aa8e-ba7242fca0e1/none_v3" "tx137498dbc1a84e97a1507-0068e22de9" "object-server 25" 0.0006 "-" 15 0
Oct 5 08:35:53 np0005471148 object-server[123796]: 172.20.0.104 - - [05/Oct/2025:08:35:53 +0000] "PUT /d1/419/AUTH_ffbb1c514d6a4f40a7f8a9f769bc781a/gnocchi.6aa7b351-85b7-4149-aa8e-ba7242fca0e1/none_v3" 201 - "PUT http://172.18.0.178:8080/v1/AUTH_ffbb1c514d6a4f40a7f8a9f769bc781a/gnocchi.6aa7b351-85b7-4149-aa8e-ba7242fca0e1/none_v3" "tx137498dbc1a84e97a1507-0068e22de9" "proxy-server 20" 0.0182 "-" 25 0
Oct 5 08:35:53 np0005471148 container-server[123361]: 172.20.0.104 - - [05/Oct/2025:08:35:53 +0000] "PUT /d1/414/AUTH_ffbb1c514d6a4f40a7f8a9f769bc781a/gnocchi.438e0e68-ec6d-4307-aed3-840f4b7d7c0d/1759320000.0_mean_300.0_v3" 201 - "PUT http://172.18.0.178:8080/d1/730/AUTH_ffbb1c514d6a4f40a7f8a9f769bc781a/gnocchi.438e0e68-ec6d-4307-aed3-840f4b7d7c0d/1759320000.0_mean_300.0_v3" "tx91c8cda83b814aa7abd50-0068e22de9" "object-server 25" 0.0006 "-" 16 0
Oct 5 08:35:53 np0005471148 proxy-server[124968]: 172.18.0.178 172.18.0.104 05/Oct/2025/08/35/53 PUT /v1/AUTH_ffbb1c514d6a4f40a7f8a9f769bc781a/gnocchi.438e0e68-ec6d-4307-aed3-840f4b7d7c0d/1759320000.0_mean_300.0_v3 HTTP/1.0 201 - python-swiftclient-3.11.1 gAAAAABo4ixPODjF... 24 - - tx91c8cda83b814aa7abd50-0068e22de9 - 0.0421 - - 1759653353.158233643 1759653353.200301170 0
Oct 5 08:35:53 np0005471148 container-server[123354]: 172.20.0.103 - - [05/Oct/2025:08:35:53 +0000] "HEAD /d1/975/AUTH_ffbb1c514d6a4f40a7f8a9f769bc781a/gnocchi.25a1eb0e-726c-49ea-b034-65511fd14d47" 204 - "HEAD http://172.18.0.178:8080/v1/AUTH_ffbb1c514d6a4f40a7f8a9f769bc781a/gnocchi.25a1eb0e-726c-49ea-b034-65511fd14d47?format=json&states=listing" "tx9c23bb5c23b44678b0a97-0068e22de9" "proxy-server 20" 0.0013 "-" 15 0
Oct 5 08:35:53 np0005471148 object-server[123795]: 172.20.0.103 - - [05/Oct/2025:08:35:53 +0000] "GET /d1/905/AUTH_ffbb1c514d6a4f40a7f8a9f769bc781a/gnocchi.25a1eb0e-726c-49ea-b034-65511fd14d47/none_v3" 200 22 "GET http://172.18.0.178:8080/v1/AUTH_ffbb1c514d6a4f40a7f8a9f769bc781a/gnocchi.25a1eb0e-726c-49ea-b034-65511fd14d47/none_v3" "tx9c23bb5c23b44678b0a97-0068e22de9" "proxy-server 20" 0.0009 "-" 24 0
Oct 5 08:35:53 np0005471148 container-server[123364]: 172.20.0.104 - - [05/Oct/2025:08:35:53 +0000] "PUT /d1/414/AUTH_ffbb1c514d6a4f40a7f8a9f769bc781a/gnocchi.438e0e68-ec6d-4307-aed3-840f4b7d7c0d/1759320000.0_rate%3Amean_300.0_v3" 201 - "PUT http://172.18.0.178:8080/d1/926/AUTH_ffbb1c514d6a4f40a7f8a9f769bc781a/gnocchi.438e0e68-ec6d-4307-aed3-840f4b7d7c0d/1759320000.0_rate%3Amean_300.0_v3" "txa9d076e4a01648759cb56-0068e22de9" "object-server 22" 0.0005 "-" 17 0
Oct 5 08:35:53 np0005471148 proxy-server[124968]: 172.18.0.103 172.18.0.104 05/Oct/2025/08/35/53 GET /v1/AUTH_ffbb1c514d6a4f40a7f8a9f769bc781a/gnocchi.25a1eb0e-726c-49ea-b034-65511fd14d47%3Fformat%3Djson%26states%3Dlisting HTTP/1.0 200 - python-swiftclient-3.11.1 gAAAAABo4iyYaC5C... - 357 - txe4c314c120a6424ba3c35-0068e22de9 - 0.0126 - - 1759653353.221257210 1759653353.233810425 0
Oct 5 08:35:53 np0005471148 object-server[123796]: 172.20.0.104 - - [05/Oct/2025:08:35:53 +0000] "PUT /d1/926/AUTH_ffbb1c514d6a4f40a7f8a9f769bc781a/gnocchi.438e0e68-ec6d-4307-aed3-840f4b7d7c0d/1759320000.0_rate%3Amean_300.0_v3" 201 - "PUT http://172.18.0.178:8080/v1/AUTH_ffbb1c514d6a4f40a7f8a9f769bc781a/gnocchi.438e0e68-ec6d-4307-aed3-840f4b7d7c0d/1759320000.0_rate%3Amean_300.0_v3" "txa9d076e4a01648759cb56-0068e22de9" "proxy-server 20" 0.0152 "-" 25 0
Oct 5 08:35:53 np0005471148 container-server[123361]: 172.20.0.103 - - [05/Oct/2025:08:35:53 +0000] "GET /d1/975/AUTH_ffbb1c514d6a4f40a7f8a9f769bc781a/gnocchi.25a1eb0e-726c-49ea-b034-65511fd14d47" 200 2 "GET http://172.18.0.178:8080/v1/AUTH_ffbb1c514d6a4f40a7f8a9f769bc781a/gnocchi.25a1eb0e-726c-49ea-b034-65511fd14d47?format=json&marker=none_v3&states=listing" "tx4e3074d931c2491dafc37-0068e22de9" "proxy-server 20" 0.0027 "-" 16 0
Oct 5 08:35:53 np0005471148 object-server[123796]: 172.20.0.105 - - [05/Oct/2025:08:35:53 +0000] "PUT /d1/752/AUTH_ffbb1c514d6a4f40a7f8a9f769bc781a/gnocchi.438e0e68-ec6d-4307-aed3-840f4b7d7c0d/none_v3" 201 - "PUT http://172.18.0.178:8080/v1/AUTH_ffbb1c514d6a4f40a7f8a9f769bc781a/gnocchi.438e0e68-ec6d-4307-aed3-840f4b7d7c0d/none_v3" "tx321874858d9241aaa4128-0068e22de9" "proxy-server 20" 0.0143 "-" 25 0
Oct 5 08:35:53 np0005471148 container-server[123354]: 172.20.0.104 - - [05/Oct/2025:08:35:53 +0000] "PUT /d1/414/AUTH_ffbb1c514d6a4f40a7f8a9f769bc781a/gnocchi.438e0e68-ec6d-4307-aed3-840f4b7d7c0d/none_v3" 201 - "PUT http://172.18.0.178:8080/d1/752/AUTH_ffbb1c514d6a4f40a7f8a9f769bc781a/gnocchi.438e0e68-ec6d-4307-aed3-840f4b7d7c0d/none_v3" "tx321874858d9241aaa4128-0068e22de9" "object-server 22" 0.0006 "-" 15 0
Oct 5 08:35:53 np0005471148 proxy-server[124968]: 172.18.0.178 172.18.0.104 05/Oct/2025/08/35/53 PUT /v1/AUTH_ffbb1c514d6a4f40a7f8a9f769bc781a/gnocchi.438e0e68-ec6d-4307-aed3-840f4b7d7c0d/none_v3 HTTP/1.0 201 - python-swiftclient-3.11.1 gAAAAABo4ixPODjF... 33 - - tx321874858d9241aaa4128-0068e22de9 - 0.0258 - - 1759653353.240596533 1759653353.266381025 0
Oct 5 08:35:53 np0005471148 object-server[123795]: 172.20.0.104 - - [05/Oct/2025:08:35:53 +0000] "GET /d1/449/AUTH_ffbb1c514d6a4f40a7f8a9f769bc781a/gnocchi.25a1eb0e-726c-49ea-b034-65511fd14d47/1759320000.0_mean_300.0_v3" 200 16 "GET http://172.18.0.178:8080/v1/AUTH_ffbb1c514d6a4f40a7f8a9f769bc781a/gnocchi.25a1eb0e-726c-49ea-b034-65511fd14d47/1759320000.0_mean_300.0_v3" "txa9905317ab254654b10b9-0068e22de9" "proxy-server 20" 0.0006 "-" 24 0
Oct 5 08:35:53 np0005471148 object-server[123793]: 172.20.0.103 - - [05/Oct/2025:08:35:53 +0000] "GET /d1/834/AUTH_ffbb1c514d6a4f40a7f8a9f769bc781a/gnocchi.25a1eb0e-726c-49ea-b034-65511fd14d47/1759320000.0_rate%3Amean_300.0_v3" 404 70 "GET http://172.18.0.178:8080/v1/AUTH_ffbb1c514d6a4f40a7f8a9f769bc781a/gnocchi.25a1eb0e-726c-49ea-b034-65511fd14d47/1759320000.0_rate%3Amean_300.0_v3" "txec05eaadbbf4404ba39b5-0068e22de9" "proxy-server 20" 0.0003 "-" 23 0
Oct 5 08:35:53 np0005471148 proxy-server[124968]: 172.18.0.178 172.18.0.104 05/Oct/2025/08/35/53 GET /v1/AUTH_ffbb1c514d6a4f40a7f8a9f769bc781a/gnocchi.974be382-e87f-4bea-a8ca-7e62c2bdd3fd/none_v3 HTTP/1.0 200 - python-swiftclient-3.11.1 gAAAAABo4ixPODjF... - 22 - txcbfbcd0403364964a4174-0068e22de9 - 0.0191 - - 1759653353.282892227 1759653353.302013397 0
Oct 5 08:35:53 np0005471148 container-server[123354]: 172.20.0.105 - - [05/Oct/2025:08:35:53 +0000] "PUT /d1/975/AUTH_ffbb1c514d6a4f40a7f8a9f769bc781a/gnocchi.25a1eb0e-726c-49ea-b034-65511fd14d47/1759320000.0_mean_300.0_v3" 201 - "PUT http://172.18.0.178:8080/d1/449/AUTH_ffbb1c514d6a4f40a7f8a9f769bc781a/gnocchi.25a1eb0e-726c-49ea-b034-65511fd14d47/1759320000.0_mean_300.0_v3" "txec5aadf9f14c4dbe86464-0068e22de9" "object-server 25" 0.0008 "-" 15 0
Oct 5 08:35:53 np0005471148 container-server[123364]: 172.20.0.103 - - [05/Oct/2025:08:35:53 +0000] "GET /d1/567/AUTH_ffbb1c514d6a4f40a7f8a9f769bc781a/gnocchi.974be382-e87f-4bea-a8ca-7e62c2bdd3fd" 200 357 "GET http://172.18.0.178:8080/v1/AUTH_ffbb1c514d6a4f40a7f8a9f769bc781a/gnocchi.974be382-e87f-4bea-a8ca-7e62c2bdd3fd?format=json&states=listing" "txd6ec6f0165f74199a2624-0068e22de9" "proxy-server 20" 0.0023 "-" 17 0
Oct 5 08:35:53 np0005471148 object-server[123796]: 172.20.0.104 - - [05/Oct/2025:08:35:53 +0000] "PUT /d1/449/AUTH_ffbb1c514d6a4f40a7f8a9f769bc781a/gnocchi.25a1eb0e-726c-49ea-b034-65511fd14d47/1759320000.0_mean_300.0_v3" 201 - "PUT http://172.18.0.178:8080/v1/AUTH_ffbb1c514d6a4f40a7f8a9f769bc781a/gnocchi.25a1eb0e-726c-49ea-b034-65511fd14d47/1759320000.0_mean_300.0_v3" "txec5aadf9f14c4dbe86464-0068e22de9" "proxy-server 20" 0.0134 "-" 25 0
Oct 5 08:35:53 np0005471148 proxy-server[124968]: 172.18.0.178 172.18.0.104 05/Oct/2025/08/35/53 GET /v1/AUTH_ffbb1c514d6a4f40a7f8a9f769bc781a/gnocchi.974be382-e87f-4bea-a8ca-7e62c2bdd3fd%3Fformat%3Djson%26marker%3Dnone_v3%26states%3Dlisting HTTP/1.0 200 - python-swiftclient-3.11.1 gAAAAABo4ixPODjF... - 2 - tx313b2373c1f54d4bb0157-0068e22de9 - 0.0153 - - 1759653353.325854063 1759653353.341175556 0
Oct 5 08:35:53 np0005471148 container-server[123348]: 172.20.0.103 - - [05/Oct/2025:08:35:53 +0000] "HEAD /d1/646/AUTH_ffbb1c514d6a4f40a7f8a9f769bc781a/gnocchi.cebab2a7-ecec-4c42-b8fc-013a1ede8d36" 204 - "HEAD http://172.18.0.178:8080/v1/AUTH_ffbb1c514d6a4f40a7f8a9f769bc781a/gnocchi.cebab2a7-ecec-4c42-b8fc-013a1ede8d36?format=json&states=listing" "tx26562b6e5978408ca49e6-0068e22de9" "proxy-server 20" 0.0015 "-" 14 0
Oct 5 08:35:53 np0005471148 container-server[123361]: 172.20.0.103 - - [05/Oct/2025:08:35:53 +0000] "PUT /d1/975/AUTH_ffbb1c514d6a4f40a7f8a9f769bc781a/gnocchi.25a1eb0e-726c-49ea-b034-65511fd14d47/1759320000.0_rate%3Amean_300.0_v3" 201 - "PUT http://172.18.0.178:8080/d1/834/AUTH_ffbb1c514d6a4f40a7f8a9f769bc781a/gnocchi.25a1eb0e-726c-49ea-b034-65511fd14d47/1759320000.0_rate%3Amean_300.0_v3" "txd1ebe311a3944cdab1bf3-0068e22de9" "object-server 24" 0.0005 "-" 16 0
Oct 5 08:35:53 np0005471148 object-server[123793]: 172.20.0.104 - - [05/Oct/2025:08:35:53 +0000] "PUT /d1/834/AUTH_ffbb1c514d6a4f40a7f8a9f769bc781a/gnocchi.25a1eb0e-726c-49ea-b034-65511fd14d47/1759320000.0_rate%3Amean_300.0_v3" 201 - "PUT http://172.18.0.178:8080/v1/AUTH_ffbb1c514d6a4f40a7f8a9f769bc781a/gnocchi.25a1eb0e-726c-49ea-b034-65511fd14d47/1759320000.0_rate%3Amean_300.0_v3" "txd1ebe311a3944cdab1bf3-0068e22de9" "proxy-server 20" 0.0156 "-" 23 0
Oct 5 08:35:53 np0005471148 proxy-server[124968]: 172.18.0.178 172.18.0.104 05/Oct/2025/08/35/53 GET /v1/AUTH_ffbb1c514d6a4f40a7f8a9f769bc781a/gnocchi.974be382-e87f-4bea-a8ca-7e62c2bdd3fd/1759320000.0_mean_300.0_v3 HTTP/1.0 200 - python-swiftclient-3.11.1 gAAAAABo4ixPODjF... - 16 - tx8ed0fd5828514bb89c8de-0068e22de9 - 0.0099 - - 1759653353.346782684 1759653353.356716394 0
Oct 5 08:35:53 np0005471148 container-server[123361]: 172.20.0.103 - - [05/Oct/2025:08:35:53 +0000] "PUT /d1/975/AUTH_ffbb1c514d6a4f40a7f8a9f769bc781a/gnocchi.25a1eb0e-726c-49ea-b034-65511fd14d47/none_v3" 201 - "PUT http://172.18.0.178:8080/d1/905/AUTH_ffbb1c514d6a4f40a7f8a9f769bc781a/gnocchi.25a1eb0e-726c-49ea-b034-65511fd14d47/none_v3" "tx9da912c586f74a7183287-0068e22de9" "object-server 22" 0.0005 "-" 16 0
Oct 5 08:35:53 np0005471148 object-server[123796]: 172.20.0.104 - - [05/Oct/2025:08:35:53 +0000] "PUT /d1/905/AUTH_ffbb1c514d6a4f40a7f8a9f769bc781a/gnocchi.25a1eb0e-726c-49ea-b034-65511fd14d47/none_v3" 201 - "PUT http://172.18.0.178:8080/v1/AUTH_ffbb1c514d6a4f40a7f8a9f769bc781a/gnocchi.25a1eb0e-726c-49ea-b034-65511fd14d47/none_v3" "tx9da912c586f74a7183287-0068e22de9" "proxy-server 20" 0.0106 "-" 25 0
Oct 5 08:35:53 np0005471148 object-server[123796]: 172.20.0.105 - - [05/Oct/2025:08:35:53 +0000] "GET /d1/656/AUTH_ffbb1c514d6a4f40a7f8a9f769bc781a/gnocchi.974be382-e87f-4bea-a8ca-7e62c2bdd3fd/1759320000.0_rate%3Amean_300.0_v3" 404 70 "GET http://172.18.0.178:8080/v1/AUTH_ffbb1c514d6a4f40a7f8a9f769bc781a/gnocchi.974be382-e87f-4bea-a8ca-7e62c2bdd3fd/1759320000.0_rate%3Amean_300.0_v3" "tx7fbd824f12774fa492821-0068e22de9" "proxy-server 20" 0.0004 "-" 25 0
Oct 5 08:35:53 np0005471148 proxy-server[124968]: 172.18.0.178 172.18.0.104 05/Oct/2025/08/35/53 GET /v1/AUTH_ffbb1c514d6a4f40a7f8a9f769bc781a/gnocchi.974be382-e87f-4bea-a8ca-7e62c2bdd3fd/1759320000.0_rate%253Amean_300.0_v3 HTTP/1.0 404 - python-swiftclient-3.11.1 gAAAAABo4ixPODjF... - 70 - tx7fbd824f12774fa492821-0068e22de9 - 0.0164 - - 1759653353.365215778 1759653353.381644249 0
Oct 5 08:35:53 np0005471148 object-server[123795]: 172.20.0.105 - - [05/Oct/2025:08:35:53 +0000] "GET /d1/527/AUTH_ffbb1c514d6a4f40a7f8a9f769bc781a/gnocchi.cebab2a7-ecec-4c42-b8fc-013a1ede8d36/1759320000.0_mean_300.0_v3" 200 16 "GET http://172.18.0.178:8080/v1/AUTH_ffbb1c514d6a4f40a7f8a9f769bc781a/gnocchi.cebab2a7-ecec-4c42-b8fc-013a1ede8d36/1759320000.0_mean_300.0_v3" "txfc08acac66234efb85c9d-0068e22de9" "proxy-server 20" 0.0011 "-" 24 0
Oct 5 08:35:53 np0005471148 proxy-server[124968]: 172.18.0.105 172.18.0.104 05/Oct/2025/08/35/53 GET /v1/AUTH_ffbb1c514d6a4f40a7f8a9f769bc781a/gnocchi.cebab2a7-ecec-4c42-b8fc-013a1ede8d36/1759320000.0_mean_300.0_v3 HTTP/1.0 200 - python-swiftclient-3.11.1 gAAAAABo4ixtepNT... - 16 - txfc08acac66234efb85c9d-0068e22de9 - 0.0098 - - 1759653353.392472506 1759653353.402281761 0
Oct 5 08:35:53 np0005471148 container-server[123364]: 172.20.0.104 - - [05/Oct/2025:08:35:53 +0000] "PUT /d1/567/AUTH_ffbb1c514d6a4f40a7f8a9f769bc781a/gnocchi.974be382-e87f-4bea-a8ca-7e62c2bdd3fd/1759320000.0_mean_300.0_v3" 201 - "PUT http://172.18.0.178:8080/d1/1007/AUTH_ffbb1c514d6a4f40a7f8a9f769bc781a/gnocchi.974be382-e87f-4bea-a8ca-7e62c2bdd3fd/1759320000.0_mean_300.0_v3" "txa769e6778cf4401d86533-0068e22de9" "object-server 23" 0.0011 "-" 17 0
Oct 5 08:35:53 np0005471148 object-server[123796]: 172.20.0.104 - - [05/Oct/2025:08:35:53 +0000] "PUT /d1/1007/AUTH_ffbb1c514d6a4f40a7f8a9f769bc781a/gnocchi.974be382-e87f-4bea-a8ca-7e62c2bdd3fd/1759320000.0_mean_300.0_v3" 201 - "PUT http://172.18.0.178:8080/v1/AUTH_ffbb1c514d6a4f40a7f8a9f769bc781a/gnocchi.974be382-e87f-4bea-a8ca-7e62c2bdd3fd/1759320000.0_mean_300.0_v3" "txa769e6778cf4401d86533-0068e22de9" "proxy-server 20" 0.0133 "-" 25 0
Oct 5 08:35:53 np0005471148 object-server[123796]: 172.20.0.103 - - [05/Oct/2025:08:35:53 +0000] "GET /d1/781/AUTH_ffbb1c514d6a4f40a7f8a9f769bc781a/gnocchi.cebab2a7-ecec-4c42-b8fc-013a1ede8d36/1759320000.0_rate%3Amean_300.0_v3" 404 70 "GET http://172.18.0.178:8080/v1/AUTH_ffbb1c514d6a4f40a7f8a9f769bc781a/gnocchi.cebab2a7-ecec-4c42-b8fc-013a1ede8d36/1759320000.0_rate%3Amean_300.0_v3" "tx41ab6ca6ecc54e2b8673e-0068e22de9" "proxy-server 20" 0.0003 "-" 25 0
Oct 5 08:35:53 np0005471148 object-server[123795]: 172.20.0.105 - - [05/Oct/2025:08:35:53 +0000] "PUT /d1/656/AUTH_ffbb1c514d6a4f40a7f8a9f769bc781a/gnocchi.974be382-e87f-4bea-a8ca-7e62c2bdd3fd/1759320000.0_rate%3Amean_300.0_v3" 201 - "PUT http://172.18.0.178:8080/v1/AUTH_ffbb1c514d6a4f40a7f8a9f769bc781a/gnocchi.974be382-e87f-4bea-a8ca-7e62c2bdd3fd/1759320000.0_rate%3Amean_300.0_v3" "tx7ccef18768ac4fbea2543-0068e22de9" "proxy-server 20" 0.0103 "-" 24 0
Oct 5 08:35:53 np0005471148 container-server[123354]: 172.20.0.104 - - [05/Oct/2025:08:35:53 +0000] "PUT /d1/567/AUTH_ffbb1c514d6a4f40a7f8a9f769bc781a/gnocchi.974be382-e87f-4bea-a8ca-7e62c2bdd3fd/1759320000.0_rate%3Amean_300.0_v3" 201 - "PUT http://172.18.0.178:8080/d1/656/AUTH_ffbb1c514d6a4f40a7f8a9f769bc781a/gnocchi.974be382-e87f-4bea-a8ca-7e62c2bdd3fd/1759320000.0_rate%3Amean_300.0_v3" "tx7ccef18768ac4fbea2543-0068e22de9" "object-server 23" 0.0011 "-" 15 0
Oct 5 08:35:53 np0005471148 proxy-server[124968]: 172.18.0.178 172.18.0.104 05/Oct/2025/08/35/53 PUT /v1/AUTH_ffbb1c514d6a4f40a7f8a9f769bc781a/gnocchi.974be382-e87f-4bea-a8ca-7e62c2bdd3fd/1759320000.0_rate%253Amean_300.0_v3 HTTP/1.0 201 - python-swiftclient-3.11.1 gAAAAABo4ixPODjF... 16 - - tx7ccef18768ac4fbea2543-0068e22de9 - 0.0263 - - 1759653353.422936678 1759653353.449237823 0
Oct 5 08:35:53 np0005471148 container-server[123364]: 172.20.0.105 - - [05/Oct/2025:08:35:53 +0000] "PUT /d1/646/AUTH_ffbb1c514d6a4f40a7f8a9f769bc781a/gnocchi.cebab2a7-ecec-4c42-b8fc-013a1ede8d36/1759320000.0_mean_300.0_v3" 201 - "PUT http://172.18.0.178:8080/d1/527/AUTH_ffbb1c514d6a4f40a7f8a9f769bc781a/gnocchi.cebab2a7-ecec-4c42-b8fc-013a1ede8d36/1759320000.0_mean_300.0_v3" "tx29a0e6ea618f4b6b970ff-0068e22de9" "object-server 23" 0.0012 "-" 17 0
Oct 5 08:35:53 np0005471148 object-server[123793]: 172.20.0.104 - - [05/Oct/2025:08:35:53 +0000] "PUT /d1/527/AUTH_ffbb1c514d6a4f40a7f8a9f769bc781a/gnocchi.cebab2a7-ecec-4c42-b8fc-013a1ede8d36/1759320000.0_mean_300.0_v3" 201 - "PUT http://172.18.0.178:8080/v1/AUTH_ffbb1c514d6a4f40a7f8a9f769bc781a/gnocchi.cebab2a7-ecec-4c42-b8fc-013a1ede8d36/1759320000.0_mean_300.0_v3" "tx29a0e6ea618f4b6b970ff-0068e22de9" "proxy-server 20" 0.0126 "-" 23 0
Oct 5 08:35:53 np0005471148 container-server[123364]: 172.20.0.104 - - [05/Oct/2025:08:35:53 +0000] "PUT /d1/567/AUTH_ffbb1c514d6a4f40a7f8a9f769bc781a/gnocchi.974be382-e87f-4bea-a8ca-7e62c2bdd3fd/none_v3" 201 - "PUT http://172.18.0.178:8080/d1/812/AUTH_ffbb1c514d6a4f40a7f8a9f769bc781a/gnocchi.974be382-e87f-4bea-a8ca-7e62c2bdd3fd/none_v3" "txc58e46558a1d46378a3de-0068e22de9" "object-server 24" 0.0010 "-" 17 0
Oct 5 08:35:53 np0005471148 container-server[123354]: 172.20.0.105 - - [05/Oct/2025:08:35:53 +0000] "PUT /d1/646/AUTH_ffbb1c514d6a4f40a7f8a9f769bc781a/gnocchi.cebab2a7-ecec-4c42-b8fc-013a1ede8d36/1759320000.0_rate%3Amean_300.0_v3" 201 - "PUT http://172.18.0.178:8080/d1/781/AUTH_ffbb1c514d6a4f40a7f8a9f769bc781a/gnocchi.cebab2a7-ecec-4c42-b8fc-013a1ede8d36/1759320000.0_rate%3Amean_300.0_v3" "tx99735fa14dd54b759fbbd-0068e22de9" "object-server 24" 0.0005 "-" 15 0
Oct 5 08:35:53 np0005471148 object-server[123795]: 172.20.0.103 - - [05/Oct/2025:08:35:53 +0000] "PUT /d1/812/AUTH_ffbb1c514d6a4f40a7f8a9f769bc781a/gnocchi.974be382-e87f-4bea-a8ca-7e62c2bdd3fd/none_v3" 201 - "PUT http://172.18.0.178:8080/v1/AUTH_ffbb1c514d6a4f40a7f8a9f769bc781a/gnocchi.974be382-e87f-4bea-a8ca-7e62c2bdd3fd/none_v3" "txc58e46558a1d46378a3de-0068e22de9" "proxy-server 20" 0.0139 "-" 24 0
Oct 5 08:35:53 np0005471148 object-server[123795]: 172.20.0.105 - - [05/Oct/2025:08:35:53 +0000] "PUT /d1/781/AUTH_ffbb1c514d6a4f40a7f8a9f769bc781a/gnocchi.cebab2a7-ecec-4c42-b8fc-013a1ede8d36/1759320000.0_rate%3Amean_300.0_v3" 201 - "PUT http://172.18.0.178:8080/v1/AUTH_ffbb1c514d6a4f40a7f8a9f769bc781a/gnocchi.cebab2a7-ecec-4c42-b8fc-013a1ede8d36/1759320000.0_rate%3Amean_300.0_v3" "tx99735fa14dd54b759fbbd-0068e22de9" "proxy-server 20" 0.0125 "-" 24 0
Oct 5 08:35:53 np0005471148 proxy-server[124968]: 172.18.0.105 172.18.0.104 05/Oct/2025/08/35/53 PUT /v1/AUTH_ffbb1c514d6a4f40a7f8a9f769bc781a/gnocchi.cebab2a7-ecec-4c42-b8fc-013a1ede8d36/1759320000.0_rate%253Amean_300.0_v3 HTTP/1.0 201 - python-swiftclient-3.11.1 gAAAAABo4ixtepNT... 16 - - tx99735fa14dd54b759fbbd-0068e22de9 - 0.0278 - - 1759653353.457758427 1759653353.485565901 0
Oct 5 08:35:53 np0005471148 object-server[123795]: 172.20.0.104 - - [05/Oct/2025:08:35:53 +0000] "PUT /d1/886/AUTH_ffbb1c514d6a4f40a7f8a9f769bc781a/gnocchi.cebab2a7-ecec-4c42-b8fc-013a1ede8d36/none_v3" 201 - "PUT http://172.18.0.178:8080/v1/AUTH_ffbb1c514d6a4f40a7f8a9f769bc781a/gnocchi.cebab2a7-ecec-4c42-b8fc-013a1ede8d36/none_v3" "txd59400b8667a4ee2b7672-0068e22de9" "proxy-server 20" 0.0139 "-" 24 0
Oct 5 08:35:53 np0005471148 container-server[123364]: 172.20.0.103 - - [05/Oct/2025:08:35:53 +0000] "PUT /d1/646/AUTH_ffbb1c514d6a4f40a7f8a9f769bc781a/gnocchi.cebab2a7-ecec-4c42-b8fc-013a1ede8d36/none_v3" 201 - "PUT http://172.18.0.178:8080/d1/886/AUTH_ffbb1c514d6a4f40a7f8a9f769bc781a/gnocchi.cebab2a7-ecec-4c42-b8fc-013a1ede8d36/none_v3" "txd59400b8667a4ee2b7672-0068e22de9" "object-server 24" 0.0010 "-" 17 0
Oct 5 08:35:53 np0005471148 object-server[123793]: 172.20.0.103 - - [05/Oct/2025:08:35:53 +0000] "GET /d1/814/AUTH_ffbb1c514d6a4f40a7f8a9f769bc781a/gnocchi.812d8853-9830-4007-a8c4-a077946f8fcd/none_v3" 200 22 "GET http://172.18.0.178:8080/v1/AUTH_ffbb1c514d6a4f40a7f8a9f769bc781a/gnocchi.812d8853-9830-4007-a8c4-a077946f8fcd/none_v3" "txf3cc09564c824ba78cf4f-0068e22de9" "proxy-server 20" 0.0019 "-" 23 0
Oct 5 08:35:53 np0005471148 proxy-server[124968]: 172.18.0.178 172.18.0.104 05/Oct/2025/08/35/53 GET /v1/AUTH_ffbb1c514d6a4f40a7f8a9f769bc781a/gnocchi.812d8853-9830-4007-a8c4-a077946f8fcd%3Fformat%3Djson%26states%3Dlisting HTTP/1.0 200 - python-swiftclient-3.11.1 gAAAAABo4ixPODjF... - 357 - txa320b5dea237429d838f5-0068e22de9 - 0.0189 - - 1759653353.540751696 1759653353.559690714 0
Oct 5 08:35:53 np0005471148 object-server[123793]: 172.20.0.105 - - [05/Oct/2025:08:35:53 +0000] "GET /d1/542/AUTH_ffbb1c514d6a4f40a7f8a9f769bc781a/gnocchi.812d8853-9830-4007-a8c4-a077946f8fcd/1759320000.0_rate%3Amean_300.0_v3" 404 70 "GET http://172.18.0.178:8080/v1/AUTH_ffbb1c514d6a4f40a7f8a9f769bc781a/gnocchi.812d8853-9830-4007-a8c4-a077946f8fcd/1759320000.0_rate%3Amean_300.0_v3" "txf7691099bea6464ca27cb-0068e22de9" "proxy-server 20" 0.0004 "-" 23 0
Oct 5 08:35:53 np0005471148 proxy-server[124968]: 172.18.0.178 172.18.0.104 05/Oct/2025/08/35/53 GET /v1/AUTH_ffbb1c514d6a4f40a7f8a9f769bc781a/gnocchi.812d8853-9830-4007-a8c4-a077946f8fcd/1759320000.0_rate%253Amean_300.0_v3 HTTP/1.0 404 - python-swiftclient-3.11.1 gAAAAABo4ixPODjF... - 70 - txf7691099bea6464ca27cb-0068e22de9 - 0.0129 - - 1759653353.597173214 1759653353.610031843 0
Oct 5 08:35:53 np0005471148 container-server[123354]: 172.20.0.105 - - [05/Oct/2025:08:35:53 +0000] "PUT /d1/951/AUTH_ffbb1c514d6a4f40a7f8a9f769bc781a/gnocchi.812d8853-9830-4007-a8c4-a077946f8fcd/1759320000.0_mean_300.0_v3" 201 - "PUT http://172.18.0.178:8080/d1/350/AUTH_ffbb1c514d6a4f40a7f8a9f769bc781a/gnocchi.812d8853-9830-4007-a8c4-a077946f8fcd/1759320000.0_mean_300.0_v3" "txdfa62b27d0ee422db1750-0068e22de9" "object-server 23" 0.0009 "-" 15 0
Oct 5 08:35:53 np0005471148 object-server[123793]: 172.20.0.104 - - [05/Oct/2025:08:35:53 +0000] "PUT /d1/350/AUTH_ffbb1c514d6a4f40a7f8a9f769bc781a/gnocchi.812d8853-9830-4007-a8c4-a077946f8fcd/1759320000.0_mean_300.0_v3" 201 - "PUT http://172.18.0.178:8080/v1/AUTH_ffbb1c514d6a4f40a7f8a9f769bc781a/gnocchi.812d8853-9830-4007-a8c4-a077946f8fcd/1759320000.0_mean_300.0_v3" "txdfa62b27d0ee422db1750-0068e22de9" "proxy-server 20" 0.0120 "-" 23 0
Oct 5 08:35:53 np0005471148 container-server[123361]: 172.20.0.105 - - [05/Oct/2025:08:35:53 +0000] "GET /d1/852/AUTH_ffbb1c514d6a4f40a7f8a9f769bc781a/gnocchi.b91482ff-72d8-413b-96ef-5b7c844cebdb" 200 357 "GET http://172.18.0.178:8080/v1/AUTH_ffbb1c514d6a4f40a7f8a9f769bc781a/gnocchi.b91482ff-72d8-413b-96ef-5b7c844cebdb?format=json&states=listing" "txbb439086718c4955b4612-0068e22de9" "proxy-server 20" 0.0023 "-" 16 0
Oct 5 08:35:53 np0005471148 proxy-server[124968]: 172.18.0.105 172.18.0.104 05/Oct/2025/08/35/53 GET /v1/AUTH_ffbb1c514d6a4f40a7f8a9f769bc781a/gnocchi.b91482ff-72d8-413b-96ef-5b7c844cebdb%3Fformat%3Djson%26states%3Dlisting HTTP/1.0 200 - python-swiftclient-3.11.1 gAAAAABo4ixtepNT... - 357 - txbb439086718c4955b4612-0068e22de9 - 0.0084 - - 1759653353.637770891 1759653353.646205187 0
Oct 5 08:35:53 np0005471148 container-server[123361]: 172.20.0.104 - - [05/Oct/2025:08:35:53 +0000] "GET /d1/852/AUTH_ffbb1c514d6a4f40a7f8a9f769bc781a/gnocchi.b91482ff-72d8-413b-96ef-5b7c844cebdb" 200 2 "GET http://172.18.0.178:8080/v1/AUTH_ffbb1c514d6a4f40a7f8a9f769bc781a/gnocchi.b91482ff-72d8-413b-96ef-5b7c844cebdb?format=json&marker=none_v3&states=listing" "txd7447549f85742eeb3e3d-0068e22de9" "proxy-server 20" 0.0016 "-" 16 0
Oct 5 08:35:53 np0005471148 container-server[123354]: 172.20.0.105 - - [05/Oct/2025:08:35:53 +0000] "PUT /d1/951/AUTH_ffbb1c514d6a4f40a7f8a9f769bc781a/gnocchi.812d8853-9830-4007-a8c4-a077946f8fcd/1759320000.0_rate%3Amean_300.0_v3" 201 - "PUT http://172.18.0.178:8080/d1/542/AUTH_ffbb1c514d6a4f40a7f8a9f769bc781a/gnocchi.812d8853-9830-4007-a8c4-a077946f8fcd/1759320000.0_rate%3Amean_300.0_v3" "tx1570c696cc424f03b24cc-0068e22de9" "object-server 23" 0.0004 "-" 15 0
Oct 5 08:35:53 np0005471148 object-server[123793]: 172.20.0.103 - - [05/Oct/2025:08:35:53 +0000] "PUT /d1/542/AUTH_ffbb1c514d6a4f40a7f8a9f769bc781a/gnocchi.812d8853-9830-4007-a8c4-a077946f8fcd/1759320000.0_rate%3Amean_300.0_v3" 201 - "PUT http://172.18.0.178:8080/v1/AUTH_ffbb1c514d6a4f40a7f8a9f769bc781a/gnocchi.812d8853-9830-4007-a8c4-a077946f8fcd/1759320000.0_rate%3Amean_300.0_v3" "tx1570c696cc424f03b24cc-0068e22de9" "proxy-server 20" 0.0107 "-" 23 0
Oct 5 08:35:53 np0005471148 proxy-server[124968]: 172.18.0.105 172.18.0.104 05/Oct/2025/08/35/53 GET /v1/AUTH_ffbb1c514d6a4f40a7f8a9f769bc781a/gnocchi.b91482ff-72d8-413b-96ef-5b7c844cebdb/1759320000.0_mean_300.0_v3 HTTP/1.0 200 - python-swiftclient-3.11.1 gAAAAABo4ixtepNT... - 16 - tx66788b4d354e489f91064-0068e22de9 - 0.0135 - - 1759653353.666040659 1759653353.679538965 0
Oct 5 08:35:53 np0005471148 container-server[123354]: 172.20.0.105 - - [05/Oct/2025:08:35:53 +0000] "PUT /d1/951/AUTH_ffbb1c514d6a4f40a7f8a9f769bc781a/gnocchi.812d8853-9830-4007-a8c4-a077946f8fcd/none_v3" 201 - "PUT http://172.18.0.178:8080/d1/814/AUTH_ffbb1c514d6a4f40a7f8a9f769bc781a/gnocchi.812d8853-9830-4007-a8c4-a077946f8fcd/none_v3" "tx0ea060bb196d49d198dc2-0068e22de9" "object-server 25" 0.0005 "-" 15 0
Oct 5 08:35:53 np0005471148 object-server[123796]: 172.20.0.104 - - [05/Oct/2025:08:35:53 +0000] "PUT /d1/814/AUTH_ffbb1c514d6a4f40a7f8a9f769bc781a/gnocchi.812d8853-9830-4007-a8c4-a077946f8fcd/none_v3" 201 - "PUT http://172.18.0.178:8080/v1/AUTH_ffbb1c514d6a4f40a7f8a9f769bc781a/gnocchi.812d8853-9830-4007-a8c4-a077946f8fcd/none_v3" "tx0ea060bb196d49d198dc2-0068e22de9" "proxy-server 20" 0.0100 "-" 25 0
Oct 5 08:35:53 np0005471148 object-server[123795]: 172.20.0.103 - - [05/Oct/2025:08:35:53 +0000] "GET /d1/943/AUTH_ffbb1c514d6a4f40a7f8a9f769bc781a/gnocchi.b91482ff-72d8-413b-96ef-5b7c844cebdb/1759320000.0_rate%3Amean_300.0_v3" 404 70 "GET http://172.18.0.178:8080/v1/AUTH_ffbb1c514d6a4f40a7f8a9f769bc781a/gnocchi.b91482ff-72d8-413b-96ef-5b7c844cebdb/1759320000.0_rate%3Amean_300.0_v3" "tx61aa030491e04988b3e9a-0068e22de9" "proxy-server 20" 0.0005 "-" 24 0
Oct 5 08:35:53 np0005471148 object-server[123784]: 172.20.0.105 - - [05/Oct/2025:08:35:53 +0000] "GET /d1/419/AUTH_ffbb1c514d6a4f40a7f8a9f769bc781a/gnocchi.6aa7b351-85b7-4149-aa8e-ba7242fca0e1/none_v3" 200 32 "GET http://172.18.0.178:8080/v1/AUTH_ffbb1c514d6a4f40a7f8a9f769bc781a/gnocchi.6aa7b351-85b7-4149-aa8e-ba7242fca0e1/none_v3" "tx53bc5ca16b8249f9b6c12-0068e22de9" "proxy-server 20" 0.0010 "-" 22 0
Oct 5 08:35:53 np0005471148 proxy-server[124968]: 172.18.0.103 172.18.0.104 05/Oct/2025/08/35/53 GET /v1/AUTH_ffbb1c514d6a4f40a7f8a9f769bc781a/gnocchi.6aa7b351-85b7-4149-aa8e-ba7242fca0e1/none_v3 HTTP/1.0 200 - python-swiftclient-3.11.1 gAAAAABo4iyYaC5C... - 32 - tx53bc5ca16b8249f9b6c12-0068e22de9 - 0.0096 - - 1759653353.717522860 1759653353.727101088 0
Oct 5 08:35:53 np0005471148 container-server[123354]: 172.20.0.103 - - [05/Oct/2025:08:35:53 +0000] "PUT /d1/852/AUTH_ffbb1c514d6a4f40a7f8a9f769bc781a/gnocchi.b91482ff-72d8-413b-96ef-5b7c844cebdb/1759320000.0_mean_300.0_v3" 201 - "PUT http://172.18.0.178:8080/d1/531/AUTH_ffbb1c514d6a4f40a7f8a9f769bc781a/gnocchi.b91482ff-72d8-413b-96ef-5b7c844cebdb/1759320000.0_mean_300.0_v3" "tx03aa41bda8614e54b40f6-0068e22de9" "object-server 25" 0.0005 "-" 15 0
Oct 5 08:35:53 np0005471148 object-server[123784]: 172.20.0.104 - - [05/Oct/2025:08:35:53 +0000] "PUT /d1/531/AUTH_ffbb1c514d6a4f40a7f8a9f769bc781a/gnocchi.b91482ff-72d8-413b-96ef-5b7c844cebdb/1759320000.0_mean_300.0_v3" 201 - "PUT http://172.18.0.178:8080/v1/AUTH_ffbb1c514d6a4f40a7f8a9f769bc781a/gnocchi.b91482ff-72d8-413b-96ef-5b7c844cebdb/1759320000.0_mean_300.0_v3" "tx03aa41bda8614e54b40f6-0068e22de9" "proxy-server 20" 0.0162 "-" 22 0
Oct 5 08:35:53 np0005471148 container-server[123361]: 172.20.0.104 - - [05/Oct/2025:08:35:53 +0000] "PUT /d1/852/AUTH_ffbb1c514d6a4f40a7f8a9f769bc781a/gnocchi.b91482ff-72d8-413b-96ef-5b7c844cebdb/1759320000.0_rate%3Amean_300.0_v3" 201 - "PUT http://172.18.0.178:8080/d1/943/AUTH_ffbb1c514d6a4f40a7f8a9f769bc781a/gnocchi.b91482ff-72d8-413b-96ef-5b7c844cebdb/1759320000.0_rate%3Amean_300.0_v3" "tx94acabaa734b492091444-0068e22de9" "object-server 22" 0.0007 "-" 16 0
Oct 5 08:35:53 np0005471148 object-server[123784]: 172.20.0.103 - - [05/Oct/2025:08:35:53 +0000] "PUT /d1/943/AUTH_ffbb1c514d6a4f40a7f8a9f769bc781a/gnocchi.b91482ff-72d8-413b-96ef-5b7c844cebdb/1759320000.0_rate%3Amean_300.0_v3" 201 - "PUT http://172.18.0.178:8080/v1/AUTH_ffbb1c514d6a4f40a7f8a9f769bc781a/gnocchi.b91482ff-72d8-413b-96ef-5b7c844cebdb/1759320000.0_rate%3Amean_300.0_v3" "tx94acabaa734b492091444-0068e22de9" "proxy-server 20" 0.0097 "-" 22 0
Oct 5 08:35:53 np0005471148 proxy-server[124968]: 172.18.0.103 172.18.0.104 05/Oct/2025/08/35/53 GET /v1/AUTH_ffbb1c514d6a4f40a7f8a9f769bc781a/gnocchi.6aa7b351-85b7-4149-aa8e-ba7242fca0e1%3Fformat%3Djson%26marker%3Dnone_v3%26states%3Dlisting HTTP/1.0 200 - python-swiftclient-3.11.1 gAAAAABo4iyYaC5C... - 2 - tx3056edc85f2644528e123-0068e22de9 - 0.0254 - - 1759653353.763262987 1759653353.788627386 0
Oct 5 08:35:53 np0005471148 object-server[123784]: 172.20.0.103 - - [05/Oct/2025:08:35:53 +0000] "GET /d1/565/AUTH_ffbb1c514d6a4f40a7f8a9f769bc781a/gnocchi.6aa7b351-85b7-4149-aa8e-ba7242fca0e1/1759320000.0_mean_300.0_v3" 200 23 "GET http://172.18.0.178:8080/v1/AUTH_ffbb1c514d6a4f40a7f8a9f769bc781a/gnocchi.6aa7b351-85b7-4149-aa8e-ba7242fca0e1/1759320000.0_mean_300.0_v3" "tx14f80083848343d4b1a8c-0068e22de9" "proxy-server 20" 0.0005 "-" 22 0
Oct 5 08:35:53 np0005471148 container-server[123348]: 172.20.0.104 - - [05/Oct/2025:08:35:53 +0000] "PUT /d1/852/AUTH_ffbb1c514d6a4f40a7f8a9f769bc781a/gnocchi.b91482ff-72d8-413b-96ef-5b7c844cebdb/none_v3" 201 - "PUT http://172.18.0.178:8080/d1/794/AUTH_ffbb1c514d6a4f40a7f8a9f769bc781a/gnocchi.b91482ff-72d8-413b-96ef-5b7c844cebdb/none_v3" "txe73583ebb1e14fe4b16f1-0068e22de9" "object-server 23" 0.0011 "-" 14 0
Oct 5 08:35:53 np0005471148 object-server[123796]: 172.20.0.104 - - [05/Oct/2025:08:35:53 +0000] "PUT /d1/794/AUTH_ffbb1c514d6a4f40a7f8a9f769bc781a/gnocchi.b91482ff-72d8-413b-96ef-5b7c844cebdb/none_v3" 201 - "PUT http://172.18.0.178:8080/v1/AUTH_ffbb1c514d6a4f40a7f8a9f769bc781a/gnocchi.b91482ff-72d8-413b-96ef-5b7c844cebdb/none_v3" "txe73583ebb1e14fe4b16f1-0068e22de9" "proxy-server 20" 0.0127 "-" 25 0
Oct 5 08:35:53 np0005471148 proxy-server[124968]: 172.18.0.103 172.18.0.104 05/Oct/2025/08/35/53 GET /v1/AUTH_ffbb1c514d6a4f40a7f8a9f769bc781a/gnocchi.6aa7b351-85b7-4149-aa8e-ba7242fca0e1/1759320000.0_rate%253Amean_300.0_v3 HTTP/1.0 200 - python-swiftclient-3.11.1 gAAAAABo4iyYaC5C... - 16 - tx6d9e544ed5d040d1a159a-0068e22de9 - 0.0133 - - 1759653353.813478947 1759653353.826764345 0
Oct 5 08:35:53 np0005471148 object-server[123543]: Starting object replication pass.
Oct 5 08:35:53 np0005471148 container-server[123364]: 172.20.0.103 - - [05/Oct/2025:08:35:53 +0000] "PUT /d1/855/AUTH_ffbb1c514d6a4f40a7f8a9f769bc781a/gnocchi.6aa7b351-85b7-4149-aa8e-ba7242fca0e1/1759320000.0_mean_300.0_v3" 201 - "PUT http://172.18.0.178:8080/d1/565/AUTH_ffbb1c514d6a4f40a7f8a9f769bc781a/gnocchi.6aa7b351-85b7-4149-aa8e-ba7242fca0e1/1759320000.0_mean_300.0_v3" "tx82d223c6fe74414da1746-0068e22de9" "object-server 25" 0.0012 "-" 17 0
Oct 5 08:35:53 np0005471148 object-server[123796]: 172.20.0.103 - - [05/Oct/2025:08:35:53 +0000] "PUT /d1/565/AUTH_ffbb1c514d6a4f40a7f8a9f769bc781a/gnocchi.6aa7b351-85b7-4149-aa8e-ba7242fca0e1/1759320000.0_mean_300.0_v3" 201 - "PUT http://172.18.0.178:8080/v1/AUTH_ffbb1c514d6a4f40a7f8a9f769bc781a/gnocchi.6aa7b351-85b7-4149-aa8e-ba7242fca0e1/1759320000.0_mean_300.0_v3" "tx82d223c6fe74414da1746-0068e22de9" "proxy-server 20" 0.0144 "-" 25 0
Oct 5 08:35:53 np0005471148 container-server[123364]: 172.20.0.105 - - [05/Oct/2025:08:35:53 +0000] "PUT /d1/855/AUTH_ffbb1c514d6a4f40a7f8a9f769bc781a/gnocchi.6aa7b351-85b7-4149-aa8e-ba7242fca0e1/1759320000.0_rate%3Amean_300.0_v3" 201 - "PUT http://172.18.0.178:8080/d1/928/AUTH_ffbb1c514d6a4f40a7f8a9f769bc781a/gnocchi.6aa7b351-85b7-4149-aa8e-ba7242fca0e1/1759320000.0_rate%3Amean_300.0_v3" "txe94c9866e8724ea39d813-0068e22de9" "object-server 24" 0.0011 "-" 17 0
Oct 5 08:35:53 np0005471148 object-server[123795]: 172.20.0.104 - - [05/Oct/2025:08:35:53 +0000] "PUT /d1/928/AUTH_ffbb1c514d6a4f40a7f8a9f769bc781a/gnocchi.6aa7b351-85b7-4149-aa8e-ba7242fca0e1/1759320000.0_rate%3Amean_300.0_v3" 201 - "PUT http://172.18.0.178:8080/v1/AUTH_ffbb1c514d6a4f40a7f8a9f769bc781a/gnocchi.6aa7b351-85b7-4149-aa8e-ba7242fca0e1/1759320000.0_rate%3Amean_300.0_v3" "txe94c9866e8724ea39d813-0068e22de9" "proxy-server 20" 0.0181 "-" 24 0
Oct 5 08:35:53 np0005471148 object-server[123795]: 172.20.0.105 - - [05/Oct/2025:08:35:53 +0000] "GET /d1/315/AUTH_ffbb1c514d6a4f40a7f8a9f769bc781a/gnocchi.dda64f45-a86b-4fc6-83cd-239cb3b859f1/none_v3" 200 22 "GET http://172.18.0.178:8080/v1/AUTH_ffbb1c514d6a4f40a7f8a9f769bc781a/gnocchi.dda64f45-a86b-4fc6-83cd-239cb3b859f1/none_v3" "tx8b77179ac68d4b679d8bf-0068e22de9" "proxy-server 20" 0.0005 "-" 24 0
