Oct 5 08:30:53 np0005471148 container-server[123348]: 172.20.0.103 - - [05/Oct/2025:08:30:53 +0000] "PUT /d1/855/AUTH_ffbb1c514d6a4f40a7f8a9f769bc781a/gnocchi.6aa7b351-85b7-4149-aa8e-ba7242fca0e1" 201 - "PUT http://172.18.0.178:8080/v1/AUTH_ffbb1c514d6a4f40a7f8a9f769bc781a/gnocchi.6aa7b351-85b7-4149-aa8e-ba7242fca0e1" "tx387b28c39b234492a59fe-0068e22cbd" "proxy-server 20" 0.0199 "-" 14 0
Oct 5 08:30:53 np0005471148 container-server[123361]: 172.20.0.103 - - [05/Oct/2025:08:30:53 +0000] "HEAD /d1/855/AUTH_ffbb1c514d6a4f40a7f8a9f769bc781a/gnocchi.6aa7b351-85b7-4149-aa8e-ba7242fca0e1" 204 - "HEAD http://172.18.0.178:8080/v1/AUTH_ffbb1c514d6a4f40a7f8a9f769bc781a/gnocchi.6aa7b351-85b7-4149-aa8e-ba7242fca0e1?format=json&states=listing" "txdf8dda4c62184a77837c4-0068e22cbd" "proxy-server 20" 0.0024 "-" 16 0
Oct 5 08:30:53 np0005471148 container-server[123348]: 172.20.0.105 - - [05/Oct/2025:08:30:53 +0000] "PUT /d1/567/AUTH_ffbb1c514d6a4f40a7f8a9f769bc781a/gnocchi.974be382-e87f-4bea-a8ca-7e62c2bdd3fd" 201 - "PUT http://172.18.0.178:8080/v1/AUTH_ffbb1c514d6a4f40a7f8a9f769bc781a/gnocchi.974be382-e87f-4bea-a8ca-7e62c2bdd3fd" "txc8cf859bda9d475686dce-0068e22cbd" "proxy-server 20" 0.0202 "-" 14 0
Oct 5 08:30:53 np0005471148 container-server[123364]: 172.20.0.104 - - [05/Oct/2025:08:30:53 +0000] "PUT /d1/852/AUTH_ffbb1c514d6a4f40a7f8a9f769bc781a/gnocchi.b91482ff-72d8-413b-96ef-5b7c844cebdb" 201 - "PUT http://172.18.0.178:8080/v1/AUTH_ffbb1c514d6a4f40a7f8a9f769bc781a/gnocchi.b91482ff-72d8-413b-96ef-5b7c844cebdb" "txfcac8f3ea8bb467494a9f-0068e22cbd" "proxy-server 20" 0.0202 "-" 17 0
Oct 5 08:30:53 np0005471148 account-server[123037]: 172.20.0.104 - - [05/Oct/2025:08:30:53 +0000] "PUT /d1/852/AUTH_ffbb1c514d6a4f40a7f8a9f769bc781a/gnocchi.b91482ff-72d8-413b-96ef-5b7c844cebdb" 201 - "PUT http://172.20.0.104:6001/d1/852/AUTH_ffbb1c514d6a4f40a7f8a9f769bc781a/gnocchi.b91482ff-72d8-413b-96ef-5b7c844cebdb" "txfcac8f3ea8bb467494a9f-0068e22cbd" "container-server 22" 0.0053 "-" 20 0
Oct 5 08:30:53 np0005471148 account-server[123037]: 172.20.0.103 - - [05/Oct/2025:08:30:53 +0000] "PUT /d1/852/AUTH_ffbb1c514d6a4f40a7f8a9f769bc781a/gnocchi.974be382-e87f-4bea-a8ca-7e62c2bdd3fd" 201 - "PUT http://172.20.0.103:6001/d1/567/AUTH_ffbb1c514d6a4f40a7f8a9f769bc781a/gnocchi.974be382-e87f-4bea-a8ca-7e62c2bdd3fd" "txc8cf859bda9d475686dce-0068e22cbd" "container-server 23" 0.0044 "-" 20 0
Oct 5 08:30:53 np0005471148 proxy-server[124968]: 172.18.0.103 172.18.0.104 05/Oct/2025/08/30/53 PUT /v1/AUTH_ffbb1c514d6a4f40a7f8a9f769bc781a/gnocchi.974be382-e87f-4bea-a8ca-7e62c2bdd3fd HTTP/1.0 201 - python-swiftclient-3.11.1 gAAAAABo4iyYaC5C... - - - txc8cf859bda9d475686dce-0068e22cbd - 0.0508 - - 1759653053.158714056 1759653053.209555864 0
Oct 5 08:30:53 np0005471148 object-server[123796]: 172.20.0.103 - - [05/Oct/2025:08:30:53 +0000] "GET /d1/565/AUTH_ffbb1c514d6a4f40a7f8a9f769bc781a/gnocchi.6aa7b351-85b7-4149-aa8e-ba7242fca0e1/1759320000.0_mean_300.0_v3" 404 70 "GET http://172.18.0.178:8080/v1/AUTH_ffbb1c514d6a4f40a7f8a9f769bc781a/gnocchi.6aa7b351-85b7-4149-aa8e-ba7242fca0e1/1759320000.0_mean_300.0_v3" "tx754e4623b8e44cd1a1bf5-0068e22cbd" "proxy-server 20" 0.0004 "-" 25 0
Oct 5 08:30:53 np0005471148 container-server[123354]: 172.20.0.105 - - [05/Oct/2025:08:30:53 +0000] "HEAD /d1/567/AUTH_ffbb1c514d6a4f40a7f8a9f769bc781a/gnocchi.974be382-e87f-4bea-a8ca-7e62c2bdd3fd" 204 - "HEAD http://172.18.0.178:8080/v1/AUTH_ffbb1c514d6a4f40a7f8a9f769bc781a/gnocchi.974be382-e87f-4bea-a8ca-7e62c2bdd3fd?format=json&states=listing" "tx7620cbc41c6a4aa7a9740-0068e22cbd" "proxy-server 20" 0.0031 "-" 15 0
Oct 5 08:30:53 np0005471148 proxy-server[124968]: - - 05/Oct/2025/08/30/53 HEAD /v1/AUTH_ffbb1c514d6a4f40a7f8a9f769bc781a/gnocchi.974be382-e87f-4bea-a8ca-7e62c2bdd3fd%3Fformat%3Djson%26states%3Dlisting HTTP/1.0 204 - Swift - - - - tx7620cbc41c6a4aa7a9740-0068e22cbd - 0.0084 RL - 1759653053.217202425 1759653053.225609541 0
Oct 5 08:30:53 np0005471148 proxy-server[124968]: 172.18.0.103 172.18.0.104 05/Oct/2025/08/30/53 GET /v1/AUTH_ffbb1c514d6a4f40a7f8a9f769bc781a/gnocchi.974be382-e87f-4bea-a8ca-7e62c2bdd3fd%3Fformat%3Djson%26states%3Dlisting HTTP/1.0 200 - python-swiftclient-3.11.1 gAAAAABo4iyYaC5C... - 2 - tx7620cbc41c6a4aa7a9740-0068e22cbd - 0.0248 - - 1759653053.215407133 1759653053.240201950 0
Oct 5 08:30:53 np0005471148 object-server[123784]: 172.20.0.103 - - [05/Oct/2025:08:30:53 +0000] "PUT /d1/565/AUTH_ffbb1c514d6a4f40a7f8a9f769bc781a/gnocchi.6aa7b351-85b7-4149-aa8e-ba7242fca0e1/1759320000.0_mean_300.0_v3" 201 - "PUT http://172.18.0.178:8080/v1/AUTH_ffbb1c514d6a4f40a7f8a9f769bc781a/gnocchi.6aa7b351-85b7-4149-aa8e-ba7242fca0e1/1759320000.0_mean_300.0_v3" "tx14f53c53d2ea4e7da06e4-0068e22cbd" "proxy-server 20" 0.0123 "-" 22 0
Oct 5 08:30:53 np0005471148 container-server[123364]: 172.20.0.104 - - [05/Oct/2025:08:30:53 +0000] "PUT /d1/855/AUTH_ffbb1c514d6a4f40a7f8a9f769bc781a/gnocchi.6aa7b351-85b7-4149-aa8e-ba7242fca0e1/1759320000.0_mean_300.0_v3" 201 - "PUT http://172.18.0.178:8080/d1/565/AUTH_ffbb1c514d6a4f40a7f8a9f769bc781a/gnocchi.6aa7b351-85b7-4149-aa8e-ba7242fca0e1/1759320000.0_mean_300.0_v3" "tx14f53c53d2ea4e7da06e4-0068e22cbd" "object-server 24" 0.0010 "-" 17 0
Oct 5 08:30:53 np0005471148 object-server[123796]: 172.20.0.104 - - [05/Oct/2025:08:30:53 +0000] "GET /d1/531/AUTH_ffbb1c514d6a4f40a7f8a9f769bc781a/gnocchi.b91482ff-72d8-413b-96ef-5b7c844cebdb/1759320000.0_mean_300.0_v3" 404 70 "GET http://172.18.0.178:8080/v1/AUTH_ffbb1c514d6a4f40a7f8a9f769bc781a/gnocchi.b91482ff-72d8-413b-96ef-5b7c844cebdb/1759320000.0_mean_300.0_v3" "txa4b05e0a5b344677b1591-0068e22cbd" "proxy-server 20" 0.0003 "-" 25 0
Oct 5 08:30:53 np0005471148 object-server[123784]: 172.20.0.105 - - [05/Oct/2025:08:30:53 +0000] "GET /d1/1007/AUTH_ffbb1c514d6a4f40a7f8a9f769bc781a/gnocchi.974be382-e87f-4bea-a8ca-7e62c2bdd3fd/1759320000.0_mean_300.0_v3" 404 70 "GET http://172.18.0.178:8080/v1/AUTH_ffbb1c514d6a4f40a7f8a9f769bc781a/gnocchi.974be382-e87f-4bea-a8ca-7e62c2bdd3fd/1759320000.0_mean_300.0_v3" "txbefb4561c1af412b946a3-0068e22cbd" "proxy-server 20" 0.0004 "-" 22 0
Oct 5 08:30:53 np0005471148 proxy-server[124968]: 172.18.0.103 172.18.0.104 05/Oct/2025/08/30/53 GET /v1/AUTH_ffbb1c514d6a4f40a7f8a9f769bc781a/gnocchi.974be382-e87f-4bea-a8ca-7e62c2bdd3fd/1759320000.0_mean_300.0_v3 HTTP/1.0 404 - python-swiftclient-3.11.1 gAAAAABo4iyYaC5C... - 70 - txbefb4561c1af412b946a3-0068e22cbd - 0.0157 - - 1759653053.248236656 1759653053.263932467 0
Oct 5 08:30:53 np0005471148 container-server[123364]: 172.20.0.105 - - [05/Oct/2025:08:30:53 +0000] "PUT /d1/855/AUTH_ffbb1c514d6a4f40a7f8a9f769bc781a/gnocchi.6aa7b351-85b7-4149-aa8e-ba7242fca0e1/none_v3" 201 - "PUT http://172.18.0.178:8080/d1/419/AUTH_ffbb1c514d6a4f40a7f8a9f769bc781a/gnocchi.6aa7b351-85b7-4149-aa8e-ba7242fca0e1/none_v3" "txff4388ef49bb4714a1806-0068e22cbd" "object-server 22" 0.0008 "-" 17 0
Oct 5 08:30:53 np0005471148 object-server[123784]: 172.20.0.103 - - [05/Oct/2025:08:30:53 +0000] "PUT /d1/419/AUTH_ffbb1c514d6a4f40a7f8a9f769bc781a/gnocchi.6aa7b351-85b7-4149-aa8e-ba7242fca0e1/none_v3" 201 - "PUT http://172.18.0.178:8080/v1/AUTH_ffbb1c514d6a4f40a7f8a9f769bc781a/gnocchi.6aa7b351-85b7-4149-aa8e-ba7242fca0e1/none_v3" "txff4388ef49bb4714a1806-0068e22cbd" "proxy-server 20" 0.0115 "-" 22 0
Oct 5 08:30:53 np0005471148 object-server[123793]: 172.20.0.104 - - [05/Oct/2025:08:30:53 +0000] "PUT /d1/531/AUTH_ffbb1c514d6a4f40a7f8a9f769bc781a/gnocchi.b91482ff-72d8-413b-96ef-5b7c844cebdb/1759320000.0_mean_300.0_v3" 201 - "PUT http://172.18.0.178:8080/v1/AUTH_ffbb1c514d6a4f40a7f8a9f769bc781a/gnocchi.b91482ff-72d8-413b-96ef-5b7c844cebdb/1759320000.0_mean_300.0_v3" "txd7f5829bae21491480bd5-0068e22cbd" "proxy-server 20" 0.0122 "-" 23 0
Oct 5 08:30:53 np0005471148 container-server[123354]: 172.20.0.103 - - [05/Oct/2025:08:30:53 +0000] "PUT /d1/852/AUTH_ffbb1c514d6a4f40a7f8a9f769bc781a/gnocchi.b91482ff-72d8-413b-96ef-5b7c844cebdb/1759320000.0_mean_300.0_v3" 201 - "PUT http://172.18.0.178:8080/d1/531/AUTH_ffbb1c514d6a4f40a7f8a9f769bc781a/gnocchi.b91482ff-72d8-413b-96ef-5b7c844cebdb/1759320000.0_mean_300.0_v3" "txd7f5829bae21491480bd5-0068e22cbd" "object-server 23" 0.0012 "-" 15 0
Oct 5 08:30:53 np0005471148 container-server[123361]: 172.20.0.105 - - [05/Oct/2025:08:30:53 +0000] "PUT /d1/567/AUTH_ffbb1c514d6a4f40a7f8a9f769bc781a/gnocchi.974be382-e87f-4bea-a8ca-7e62c2bdd3fd/1759320000.0_mean_300.0_v3" 201 - "PUT http://172.18.0.178:8080/d1/1007/AUTH_ffbb1c514d6a4f40a7f8a9f769bc781a/gnocchi.974be382-e87f-4bea-a8ca-7e62c2bdd3fd/1759320000.0_mean_300.0_v3" "txcc86ce27d15d450db84b1-0068e22cbd" "object-server 25" 0.0010 "-" 16 0
Oct 5 08:30:53 np0005471148 object-server[123796]: 172.20.0.105 - - [05/Oct/2025:08:30:53 +0000] "PUT /d1/1007/AUTH_ffbb1c514d6a4f40a7f8a9f769bc781a/gnocchi.974be382-e87f-4bea-a8ca-7e62c2bdd3fd/1759320000.0_mean_300.0_v3" 201 - "PUT http://172.18.0.178:8080/v1/AUTH_ffbb1c514d6a4f40a7f8a9f769bc781a/gnocchi.974be382-e87f-4bea-a8ca-7e62c2bdd3fd/1759320000.0_mean_300.0_v3" "txcc86ce27d15d450db84b1-0068e22cbd" "proxy-server 20" 0.0137 "-" 25 0
Oct 5 08:30:53 np0005471148 proxy-server[124968]: 172.18.0.103 172.18.0.104 05/Oct/2025/08/30/53 PUT /v1/AUTH_ffbb1c514d6a4f40a7f8a9f769bc781a/gnocchi.974be382-e87f-4bea-a8ca-7e62c2bdd3fd/1759320000.0_mean_300.0_v3 HTTP/1.0 201 - python-swiftclient-3.11.1 gAAAAABo4iyYaC5C... 16 - - txcc86ce27d15d450db84b1-0068e22cbd - 0.0249 - - 1759653053.268968344 1759653053.293894053 0
Oct 5 08:30:53 np0005471148 object-server[123784]: 172.20.0.103 - - [05/Oct/2025:08:30:53 +0000] "PUT /d1/794/AUTH_ffbb1c514d6a4f40a7f8a9f769bc781a/gnocchi.b91482ff-72d8-413b-96ef-5b7c844cebdb/none_v3" 201 - "PUT http://172.18.0.178:8080/v1/AUTH_ffbb1c514d6a4f40a7f8a9f769bc781a/gnocchi.b91482ff-72d8-413b-96ef-5b7c844cebdb/none_v3" "tx48f8c4e3e38f4979aa40c-0068e22cbd" "proxy-server 20" 0.0113 "-" 22 0
Oct 5 08:30:53 np0005471148 container-server[123348]: 172.20.0.104 - - [05/Oct/2025:08:30:53 +0000] "HEAD /d1/414/AUTH_ffbb1c514d6a4f40a7f8a9f769bc781a/gnocchi.438e0e68-ec6d-4307-aed3-840f4b7d7c0d" 404 - "HEAD http://172.18.0.178:8080/v1/AUTH_ffbb1c514d6a4f40a7f8a9f769bc781a/gnocchi.438e0e68-ec6d-4307-aed3-840f4b7d7c0d?format=json&states=listing" "txd78f3b2c232040d18f086-0068e22cbd" "proxy-server 20" 0.0013 "-" 14 0
Oct 5 08:30:53 np0005471148 container-server[123364]: 172.20.0.104 - - [05/Oct/2025:08:30:53 +0000] "PUT /d1/852/AUTH_ffbb1c514d6a4f40a7f8a9f769bc781a/gnocchi.b91482ff-72d8-413b-96ef-5b7c844cebdb/none_v3" 201 - "PUT http://172.18.0.178:8080/d1/794/AUTH_ffbb1c514d6a4f40a7f8a9f769bc781a/gnocchi.b91482ff-72d8-413b-96ef-5b7c844cebdb/none_v3" "tx48f8c4e3e38f4979aa40c-0068e22cbd" "object-server 22" 0.0008 "-" 17 0
Oct 5 08:30:53 np0005471148 container-server[123364]: 172.20.0.105 - - [05/Oct/2025:08:30:53 +0000] "PUT /d1/567/AUTH_ffbb1c514d6a4f40a7f8a9f769bc781a/gnocchi.974be382-e87f-4bea-a8ca-7e62c2bdd3fd/none_v3" 201 - "PUT http://172.18.0.178:8080/d1/812/AUTH_ffbb1c514d6a4f40a7f8a9f769bc781a/gnocchi.974be382-e87f-4bea-a8ca-7e62c2bdd3fd/none_v3" "txe37f2abef39e4547a1ae9-0068e22cbd" "object-server 24" 0.0007 "-" 17 0
Oct 5 08:30:53 np0005471148 object-server[123795]: 172.20.0.105 - - [05/Oct/2025:08:30:53 +0000] "PUT /d1/812/AUTH_ffbb1c514d6a4f40a7f8a9f769bc781a/gnocchi.974be382-e87f-4bea-a8ca-7e62c2bdd3fd/none_v3" 201 - "PUT http://172.18.0.178:8080/v1/AUTH_ffbb1c514d6a4f40a7f8a9f769bc781a/gnocchi.974be382-e87f-4bea-a8ca-7e62c2bdd3fd/none_v3" "txe37f2abef39e4547a1ae9-0068e22cbd" "proxy-server 20" 0.0166 "-" 24 0
Oct 5 08:30:53 np0005471148 object-server[123796]: 172.20.0.104 - - [05/Oct/2025:08:30:53 +0000] "GET /d1/752/AUTH_ffbb1c514d6a4f40a7f8a9f769bc781a/gnocchi.438e0e68-ec6d-4307-aed3-840f4b7d7c0d/none_v3" 404 70 "GET http://172.18.0.178:8080/v1/AUTH_ffbb1c514d6a4f40a7f8a9f769bc781a/gnocchi.438e0e68-ec6d-4307-aed3-840f4b7d7c0d/none_v3" "txd78f3b2c232040d18f086-0068e22cbd" "proxy-server 20" 0.0003 "-" 25 0
Oct 5 08:30:53 np0005471148 proxy-server[124968]: 172.18.0.103 172.18.0.104 05/Oct/2025/08/30/53 PUT /v1/AUTH_ffbb1c514d6a4f40a7f8a9f769bc781a/gnocchi.974be382-e87f-4bea-a8ca-7e62c2bdd3fd/none_v3 HTTP/1.0 201 - python-swiftclient-3.11.1 gAAAAABo4iyYaC5C... 22 - - txe37f2abef39e4547a1ae9-0068e22cbd - 0.0296 - - 1759653053.298728943 1759653053.328327894 0
Oct 5 08:30:53 np0005471148 container-server[123361]: 172.20.0.105 - - [05/Oct/2025:08:30:53 +0000] "HEAD /d1/646/AUTH_ffbb1c514d6a4f40a7f8a9f769bc781a/gnocchi.cebab2a7-ecec-4c42-b8fc-013a1ede8d36" 404 - "HEAD http://172.18.0.178:8080/v1/AUTH_ffbb1c514d6a4f40a7f8a9f769bc781a/gnocchi.cebab2a7-ecec-4c42-b8fc-013a1ede8d36?format=json&states=listing" "tx2f380991cfd240bc9d88e-0068e22cbd" "proxy-server 20" 0.0005 "-" 16 0
Oct 5 08:30:53 np0005471148 container-server[123354]: 172.20.0.104 - - [05/Oct/2025:08:30:53 +0000] "HEAD /d1/97/AUTH_ffbb1c514d6a4f40a7f8a9f769bc781a/gnocchi.630ced32-f036-4c8c-bebe-dfa7df1b4507" 404 - "HEAD http://172.18.0.178:8080/v1/AUTH_ffbb1c514d6a4f40a7f8a9f769bc781a/gnocchi.630ced32-f036-4c8c-bebe-dfa7df1b4507?format=json&states=listing" "txb629dcfcc986440988fef-0068e22cbd" "proxy-server 20" 0.0004 "-" 15 0
Oct 5 08:30:53 np0005471148 account-server[123037]: 172.20.0.103 - - [05/Oct/2025:08:30:53 +0000] "PUT /d1/852/AUTH_ffbb1c514d6a4f40a7f8a9f769bc781a/gnocchi.438e0e68-ec6d-4307-aed3-840f4b7d7c0d" 201 - "PUT http://172.20.0.103:6001/d1/414/AUTH_ffbb1c514d6a4f40a7f8a9f769bc781a/gnocchi.438e0e68-ec6d-4307-aed3-840f4b7d7c0d" "tx842c161b719043b9bbd56-0068e22cbd" "container-server 23" 0.0075 "-" 20 0
Oct 5 08:30:53 np0005471148 container-server[123354]: 172.20.0.103 - - [05/Oct/2025:08:30:53 +0000] "PUT /d1/414/AUTH_ffbb1c514d6a4f40a7f8a9f769bc781a/gnocchi.438e0e68-ec6d-4307-aed3-840f4b7d7c0d" 201 - "PUT http://172.18.0.178:8080/v1/AUTH_ffbb1c514d6a4f40a7f8a9f769bc781a/gnocchi.438e0e68-ec6d-4307-aed3-840f4b7d7c0d" "tx842c161b719043b9bbd56-0068e22cbd" "proxy-server 20" 0.0206 "-" 15 0
Oct 5 08:30:53 np0005471148 object-server[123793]: 172.20.0.105 - - [05/Oct/2025:08:30:53 +0000] "GET /d1/886/AUTH_ffbb1c514d6a4f40a7f8a9f769bc781a/gnocchi.cebab2a7-ecec-4c42-b8fc-013a1ede8d36/none_v3" 404 70 "GET http://172.18.0.178:8080/v1/AUTH_ffbb1c514d6a4f40a7f8a9f769bc781a/gnocchi.cebab2a7-ecec-4c42-b8fc-013a1ede8d36/none_v3" "tx2f380991cfd240bc9d88e-0068e22cbd" "proxy-server 20" 0.0007 "-" 23 0
Oct 5 08:30:53 np0005471148 object-server[123784]: 172.20.0.104 - - [05/Oct/2025:08:30:53 +0000] "GET /d1/176/AUTH_ffbb1c514d6a4f40a7f8a9f769bc781a/gnocchi.630ced32-f036-4c8c-bebe-dfa7df1b4507/none_v3" 404 70 "GET http://172.18.0.178:8080/v1/AUTH_ffbb1c514d6a4f40a7f8a9f769bc781a/gnocchi.630ced32-f036-4c8c-bebe-dfa7df1b4507/none_v3" "txb629dcfcc986440988fef-0068e22cbd" "proxy-server 20" 0.0005 "-" 22 0
Oct 5 08:30:53 np0005471148 proxy-server[124968]: 172.18.0.103 172.18.0.104 05/Oct/2025/08/30/53 GET /v1/AUTH_ffbb1c514d6a4f40a7f8a9f769bc781a/gnocchi.cebab2a7-ecec-4c42-b8fc-013a1ede8d36/none_v3 HTTP/1.0 404 - python-swiftclient-3.11.1 gAAAAABo4iyYaC5C... - 70 - tx2f380991cfd240bc9d88e-0068e22cbd - 0.0378 - - 1759653053.348605871 1759653053.386366129 0
Oct 5 08:30:53 np0005471148 object-server[123793]: 172.20.0.103 - - [05/Oct/2025:08:30:53 +0000] "GET /d1/730/AUTH_ffbb1c514d6a4f40a7f8a9f769bc781a/gnocchi.438e0e68-ec6d-4307-aed3-840f4b7d7c0d/1759320000.0_mean_300.0_v3" 404 70 "GET http://172.18.0.178:8080/v1/AUTH_ffbb1c514d6a4f40a7f8a9f769bc781a/gnocchi.438e0e68-ec6d-4307-aed3-840f4b7d7c0d/1759320000.0_mean_300.0_v3" "tx4bbd32df57a043bda183e-0068e22cbd" "proxy-server 20" 0.0005 "-" 23 0
Oct 5 08:30:53 np0005471148 container-server[123354]: 172.20.0.105 - - [05/Oct/2025:08:30:53 +0000] "PUT /d1/646/AUTH_ffbb1c514d6a4f40a7f8a9f769bc781a/gnocchi.cebab2a7-ecec-4c42-b8fc-013a1ede8d36" 201 - "PUT http://172.18.0.178:8080/v1/AUTH_ffbb1c514d6a4f40a7f8a9f769bc781a/gnocchi.cebab2a7-ecec-4c42-b8fc-013a1ede8d36" "txf59a5761dc85455d93d5e-0068e22cbd" "proxy-server 20" 0.0175 "-" 15 0
Oct 5 08:30:53 np0005471148 account-server[123037]: 172.20.0.105 - - [05/Oct/2025:08:30:53 +0000] "PUT /d1/852/AUTH_ffbb1c514d6a4f40a7f8a9f769bc781a/gnocchi.630ced32-f036-4c8c-bebe-dfa7df1b4507" 201 - "PUT http://172.20.0.105:6001/d1/97/AUTH_ffbb1c514d6a4f40a7f8a9f769bc781a/gnocchi.630ced32-f036-4c8c-bebe-dfa7df1b4507" "tx33f51b18288448a08513b-0068e22cbd" "container-server 16" 0.0054 "-" 20 0
Oct 5 08:30:53 np0005471148 container-server[123361]: 172.20.0.104 - - [05/Oct/2025:08:30:53 +0000] "PUT /d1/97/AUTH_ffbb1c514d6a4f40a7f8a9f769bc781a/gnocchi.630ced32-f036-4c8c-bebe-dfa7df1b4507" 201 - "PUT http://172.18.0.178:8080/v1/AUTH_ffbb1c514d6a4f40a7f8a9f769bc781a/gnocchi.630ced32-f036-4c8c-bebe-dfa7df1b4507" "tx33f51b18288448a08513b-0068e22cbd" "proxy-server 20" 0.0241 "-" 16 0
Oct 5 08:30:53 np0005471148 account-server[123068]: 172.20.0.104 - - [05/Oct/2025:08:30:53 +0000] "PUT /d1/852/AUTH_ffbb1c514d6a4f40a7f8a9f769bc781a/gnocchi.cebab2a7-ecec-4c42-b8fc-013a1ede8d36" 201 - "PUT http://172.20.0.104:6001/d1/646/AUTH_ffbb1c514d6a4f40a7f8a9f769bc781a/gnocchi.cebab2a7-ecec-4c42-b8fc-013a1ede8d36" "txf59a5761dc85455d93d5e-0068e22cbd" "container-server 23" 0.0149 "-" 23 0
Oct 5 08:30:53 np0005471148 proxy-server[124968]: 172.18.0.103 172.18.0.104 05/Oct/2025/08/30/53 PUT /v1/AUTH_ffbb1c514d6a4f40a7f8a9f769bc781a/gnocchi.cebab2a7-ecec-4c42-b8fc-013a1ede8d36 HTTP/1.0 201 - python-swiftclient-3.11.1 gAAAAABo4iyYaC5C... - - - txf59a5761dc85455d93d5e-0068e22cbd - 0.0498 - - 1759653053.390367746 1759653053.440173388 0
Oct 5 08:30:53 np0005471148 container-server[123361]: 172.20.0.103 - - [05/Oct/2025:08:30:53 +0000] "PUT /d1/414/AUTH_ffbb1c514d6a4f40a7f8a9f769bc781a/gnocchi.438e0e68-ec6d-4307-aed3-840f4b7d7c0d/1759320000.0_mean_300.0_v3" 201 - "PUT http://172.18.0.178:8080/d1/730/AUTH_ffbb1c514d6a4f40a7f8a9f769bc781a/gnocchi.438e0e68-ec6d-4307-aed3-840f4b7d7c0d/1759320000.0_mean_300.0_v3" "txcebde74745a54e13875b0-0068e22cbd" "object-server 23" 0.0014 "-" 16 0
Oct 5 08:30:53 np0005471148 container-server[123361]: 172.20.0.105 - - [05/Oct/2025:08:30:53 +0000] "HEAD /d1/646/AUTH_ffbb1c514d6a4f40a7f8a9f769bc781a/gnocchi.cebab2a7-ecec-4c42-b8fc-013a1ede8d36" 204 - "HEAD http://172.18.0.178:8080/v1/AUTH_ffbb1c514d6a4f40a7f8a9f769bc781a/gnocchi.cebab2a7-ecec-4c42-b8fc-013a1ede8d36?format=json&states=listing" "tx75d3f54e82d74594bdf65-0068e22cbd" "proxy-server 20" 0.0021 "-" 16 0
Oct 5 08:30:53 np0005471148 proxy-server[124968]: - - 05/Oct/2025/08/30/53 HEAD /v1/AUTH_ffbb1c514d6a4f40a7f8a9f769bc781a/gnocchi.cebab2a7-ecec-4c42-b8fc-013a1ede8d36%3Fformat%3Djson%26states%3Dlisting HTTP/1.0 204 - Swift - - - - tx75d3f54e82d74594bdf65-0068e22cbd - 0.0097 RL - 1759653053.446362734 1759653053.456034899 0
Oct 5 08:30:53 np0005471148 object-server[123796]: 172.20.0.103 - - [05/Oct/2025:08:30:53 +0000] "PUT /d1/730/AUTH_ffbb1c514d6a4f40a7f8a9f769bc781a/gnocchi.438e0e68-ec6d-4307-aed3-840f4b7d7c0d/1759320000.0_mean_300.0_v3" 201 - "PUT http://172.18.0.178:8080/v1/AUTH_ffbb1c514d6a4f40a7f8a9f769bc781a/gnocchi.438e0e68-ec6d-4307-aed3-840f4b7d7c0d/1759320000.0_mean_300.0_v3" "txcebde74745a54e13875b0-0068e22cbd" "proxy-server 20" 0.0258 "-" 25 0
Oct 5 08:30:53 np0005471148 proxy-server[124968]: 172.18.0.103 172.18.0.104 05/Oct/2025/08/30/53 GET /v1/AUTH_ffbb1c514d6a4f40a7f8a9f769bc781a/gnocchi.cebab2a7-ecec-4c42-b8fc-013a1ede8d36%3Fformat%3Djson%26states%3Dlisting HTTP/1.0 200 - python-swiftclient-3.11.1 gAAAAABo4iyYaC5C... - 2 - tx75d3f54e82d74594bdf65-0068e22cbd - 0.0279 - - 1759653053.445020199 1759653053.472878933 0
Oct 5 08:30:53 np0005471148 object-server[123793]: 172.20.0.103 - - [05/Oct/2025:08:30:53 +0000] "PUT /d1/752/AUTH_ffbb1c514d6a4f40a7f8a9f769bc781a/gnocchi.438e0e68-ec6d-4307-aed3-840f4b7d7c0d/none_v3" 201 - "PUT http://172.18.0.178:8080/v1/AUTH_ffbb1c514d6a4f40a7f8a9f769bc781a/gnocchi.438e0e68-ec6d-4307-aed3-840f4b7d7c0d/none_v3" "txa17cc0e6f517431fa9418-0068e22cbd" "proxy-server 20" 0.0141 "-" 23 0
Oct 5 08:30:53 np0005471148 object-server[123796]: 172.20.0.104 - - [05/Oct/2025:08:30:53 +0000] "GET /d1/735/AUTH_ffbb1c514d6a4f40a7f8a9f769bc781a/gnocchi.630ced32-f036-4c8c-bebe-dfa7df1b4507/1759320000.0_mean_300.0_v3" 404 70 "GET http://172.18.0.178:8080/v1/AUTH_ffbb1c514d6a4f40a7f8a9f769bc781a/gnocchi.630ced32-f036-4c8c-bebe-dfa7df1b4507/1759320000.0_mean_300.0_v3" "tx182b03e975c8464db0363-0068e22cbd" "proxy-server 20" 0.0004 "-" 25 0
Oct 5 08:30:53 np0005471148 object-server[123793]: 172.20.0.105 - - [05/Oct/2025:08:30:53 +0000] "GET /d1/527/AUTH_ffbb1c514d6a4f40a7f8a9f769bc781a/gnocchi.cebab2a7-ecec-4c42-b8fc-013a1ede8d36/1759320000.0_mean_300.0_v3" 404 70 "GET http://172.18.0.178:8080/v1/AUTH_ffbb1c514d6a4f40a7f8a9f769bc781a/gnocchi.cebab2a7-ecec-4c42-b8fc-013a1ede8d36/1759320000.0_mean_300.0_v3" "tx2105089028b942e4ad7ab-0068e22cbd" "proxy-server 20" 0.0004 "-" 23 0
Oct 5 08:30:53 np0005471148 container-server[123361]: 172.20.0.104 - - [05/Oct/2025:08:30:53 +0000] "PUT /d1/414/AUTH_ffbb1c514d6a4f40a7f8a9f769bc781a/gnocchi.438e0e68-ec6d-4307-aed3-840f4b7d7c0d/none_v3" 201 - "PUT http://172.18.0.178:8080/d1/752/AUTH_ffbb1c514d6a4f40a7f8a9f769bc781a/gnocchi.438e0e68-ec6d-4307-aed3-840f4b7d7c0d/none_v3" "txa17cc0e6f517431fa9418-0068e22cbd" "object-server 23" 0.0009 "-" 16 0
Oct 5 08:30:53 np0005471148 proxy-server[124968]: 172.18.0.103 172.18.0.104 05/Oct/2025/08/30/53 GET /v1/AUTH_ffbb1c514d6a4f40a7f8a9f769bc781a/gnocchi.cebab2a7-ecec-4c42-b8fc-013a1ede8d36/1759320000.0_mean_300.0_v3 HTTP/1.0 404 - python-swiftclient-3.11.1 gAAAAABo4iyYaC5C... - 70 - tx2105089028b942e4ad7ab-0068e22cbd - 0.0175 - - 1759653053.478436708 1759653053.495903254 0
Oct 5 08:30:53 np0005471148 container-server[123354]: 172.20.0.105 - - [05/Oct/2025:08:30:53 +0000] "PUT /d1/646/AUTH_ffbb1c514d6a4f40a7f8a9f769bc781a/gnocchi.cebab2a7-ecec-4c42-b8fc-013a1ede8d36/1759320000.0_mean_300.0_v3" 201 - "PUT http://172.18.0.178:8080/d1/527/AUTH_ffbb1c514d6a4f40a7f8a9f769bc781a/gnocchi.cebab2a7-ecec-4c42-b8fc-013a1ede8d36/1759320000.0_mean_300.0_v3" "txdc821f57c0274c3686643-0068e22cbd" "object-server 24" 0.0012 "-" 15 0
Oct 5 08:30:53 np0005471148 object-server[123795]: 172.20.0.105 - - [05/Oct/2025:08:30:53 +0000] "PUT /d1/527/AUTH_ffbb1c514d6a4f40a7f8a9f769bc781a/gnocchi.cebab2a7-ecec-4c42-b8fc-013a1ede8d36/1759320000.0_mean_300.0_v3" 201 - "PUT http://172.18.0.178:8080/v1/AUTH_ffbb1c514d6a4f40a7f8a9f769bc781a/gnocchi.cebab2a7-ecec-4c42-b8fc-013a1ede8d36/1759320000.0_mean_300.0_v3" "txdc821f57c0274c3686643-0068e22cbd" "proxy-server 20" 0.0153 "-" 24 0
Oct 5 08:30:53 np0005471148 proxy-server[124968]: 172.18.0.103 172.18.0.104 05/Oct/2025/08/30/53 PUT /v1/AUTH_ffbb1c514d6a4f40a7f8a9f769bc781a/gnocchi.cebab2a7-ecec-4c42-b8fc-013a1ede8d36/1759320000.0_mean_300.0_v3 HTTP/1.0 201 - python-swiftclient-3.11.1 gAAAAABo4iyYaC5C... 16 - - txdc821f57c0274c3686643-0068e22cbd - 0.0238 - - 1759653053.499751091 1759653053.523517132 0
Oct 5 08:30:53 np0005471148 container-server[123364]: 172.20.0.103 - - [05/Oct/2025:08:30:53 +0000] "PUT /d1/97/AUTH_ffbb1c514d6a4f40a7f8a9f769bc781a/gnocchi.630ced32-f036-4c8c-bebe-dfa7df1b4507/1759320000.0_mean_300.0_v3" 201 - "PUT http://172.18.0.178:8080/d1/735/AUTH_ffbb1c514d6a4f40a7f8a9f769bc781a/gnocchi.630ced32-f036-4c8c-bebe-dfa7df1b4507/1759320000.0_mean_300.0_v3" "txa0b3fc82f3664c2eabc95-0068e22cbd" "object-server 23" 0.0006 "-" 17 0
Oct 5 08:30:53 np0005471148 object-server[123795]: 172.20.0.104 - - [05/Oct/2025:08:30:53 +0000] "PUT /d1/735/AUTH_ffbb1c514d6a4f40a7f8a9f769bc781a/gnocchi.630ced32-f036-4c8c-bebe-dfa7df1b4507/1759320000.0_mean_300.0_v3" 201 - "PUT http://172.18.0.178:8080/v1/AUTH_ffbb1c514d6a4f40a7f8a9f769bc781a/gnocchi.630ced32-f036-4c8c-bebe-dfa7df1b4507/1759320000.0_mean_300.0_v3" "txa0b3fc82f3664c2eabc95-0068e22cbd" "proxy-server 20" 0.0134 "-" 24 0
Oct 5 08:30:53 np0005471148 container-server[123364]: 172.20.0.103 - - [05/Oct/2025:08:30:53 +0000] "HEAD /d1/975/AUTH_ffbb1c514d6a4f40a7f8a9f769bc781a/gnocchi.25a1eb0e-726c-49ea-b034-65511fd14d47" 404 - "HEAD http://172.18.0.178:8080/v1/AUTH_ffbb1c514d6a4f40a7f8a9f769bc781a/gnocchi.25a1eb0e-726c-49ea-b034-65511fd14d47?format=json&states=listing" "tx898dde4266374752a4d78-0068e22cbd" "proxy-server 20" 0.0004 "-" 17 0
Oct 5 08:30:53 np0005471148 container-server[123364]: 172.20.0.105 - - [05/Oct/2025:08:30:53 +0000] "PUT /d1/646/AUTH_ffbb1c514d6a4f40a7f8a9f769bc781a/gnocchi.cebab2a7-ecec-4c42-b8fc-013a1ede8d36/none_v3" 201 - "PUT http://172.18.0.178:8080/d1/886/AUTH_ffbb1c514d6a4f40a7f8a9f769bc781a/gnocchi.cebab2a7-ecec-4c42-b8fc-013a1ede8d36/none_v3" "tx17ab3264f8bf4e9d91aa9-0068e22cbd" "object-server 22" 0.0005 "-" 17 0
Oct 5 08:30:53 np0005471148 object-server[123784]: 172.20.0.105 - - [05/Oct/2025:08:30:53 +0000] "PUT /d1/886/AUTH_ffbb1c514d6a4f40a7f8a9f769bc781a/gnocchi.cebab2a7-ecec-4c42-b8fc-013a1ede8d36/none_v3" 201 - "PUT http://172.18.0.178:8080/v1/AUTH_ffbb1c514d6a4f40a7f8a9f769bc781a/gnocchi.cebab2a7-ecec-4c42-b8fc-013a1ede8d36/none_v3" "tx17ab3264f8bf4e9d91aa9-0068e22cbd" "proxy-server 20" 0.0121 "-" 22 0
Oct 5 08:30:53 np0005471148 object-server[123793]: 172.20.0.103 - - [05/Oct/2025:08:30:53 +0000] "GET /d1/905/AUTH_ffbb1c514d6a4f40a7f8a9f769bc781a/gnocchi.25a1eb0e-726c-49ea-b034-65511fd14d47/none_v3" 404 70 "GET http://172.18.0.178:8080/v1/AUTH_ffbb1c514d6a4f40a7f8a9f769bc781a/gnocchi.25a1eb0e-726c-49ea-b034-65511fd14d47/none_v3" "tx898dde4266374752a4d78-0068e22cbd" "proxy-server 20" 0.0005 "-" 23 0
Oct 5 08:30:53 np0005471148 proxy-server[124968]: 172.18.0.103 172.18.0.104 05/Oct/2025/08/30/53 PUT /v1/AUTH_ffbb1c514d6a4f40a7f8a9f769bc781a/gnocchi.cebab2a7-ecec-4c42-b8fc-013a1ede8d36/none_v3 HTTP/1.0 201 - python-swiftclient-3.11.1 gAAAAABo4iyYaC5C... 22 - - tx17ab3264f8bf4e9d91aa9-0068e22cbd - 0.0229 - - 1759653053.527373791 1759653053.550251722 0
Oct 5 08:30:53 np0005471148 container-server[123354]: 172.20.0.105 - - [05/Oct/2025:08:30:53 +0000] "PUT /d1/97/AUTH_ffbb1c514d6a4f40a7f8a9f769bc781a/gnocchi.630ced32-f036-4c8c-bebe-dfa7df1b4507/none_v3" 201 - "PUT http://172.18.0.178:8080/d1/176/AUTH_ffbb1c514d6a4f40a7f8a9f769bc781a/gnocchi.630ced32-f036-4c8c-bebe-dfa7df1b4507/none_v3" "txad7fc34799ee4b1282aed-0068e22cbd" "object-server 24" 0.0006 "-" 15 0
Oct 5 08:30:53 np0005471148 object-server[123795]: 172.20.0.104 - - [05/Oct/2025:08:30:53 +0000] "PUT /d1/176/AUTH_ffbb1c514d6a4f40a7f8a9f769bc781a/gnocchi.630ced32-f036-4c8c-bebe-dfa7df1b4507/none_v3" 201 - "PUT http://172.18.0.178:8080/v1/AUTH_ffbb1c514d6a4f40a7f8a9f769bc781a/gnocchi.630ced32-f036-4c8c-bebe-dfa7df1b4507/none_v3" "txad7fc34799ee4b1282aed-0068e22cbd" "proxy-server 20" 0.0155 "-" 24 0
Oct 5 08:30:53 np0005471148 container-server[123364]: 172.20.0.105 - - [05/Oct/2025:08:30:53 +0000] "PUT /d1/975/AUTH_ffbb1c514d6a4f40a7f8a9f769bc781a/gnocchi.25a1eb0e-726c-49ea-b034-65511fd14d47" 201 - "PUT http://172.18.0.178:8080/v1/AUTH_ffbb1c514d6a4f40a7f8a9f769bc781a/gnocchi.25a1eb0e-726c-49ea-b034-65511fd14d47" "txc32dc4fadc8a4fac95ffb-0068e22cbd" "proxy-server 20" 0.0169 "-" 17 0
Oct 5 08:30:53 np0005471148 container-server[123348]: 172.20.0.103 - - [05/Oct/2025:08:30:53 +0000] "HEAD /d1/154/AUTH_ffbb1c514d6a4f40a7f8a9f769bc781a/gnocchi.5cd9b367-abdc-45e9-a02e-9d779cc0e4a9" 404 - "HEAD http://172.18.0.178:8080/v1/AUTH_ffbb1c514d6a4f40a7f8a9f769bc781a/gnocchi.5cd9b367-abdc-45e9-a02e-9d779cc0e4a9?format=json&states=listing" "txb0259e75a82746118106d-0068e22cbd" "proxy-server 20" 0.0007 "-" 14 0
Oct 5 08:30:53 np0005471148 account-server[123068]: 172.20.0.103 - - [05/Oct/2025:08:30:53 +0000] "PUT /d1/852/AUTH_ffbb1c514d6a4f40a7f8a9f769bc781a/gnocchi.25a1eb0e-726c-49ea-b034-65511fd14d47" 201 - "PUT http://172.20.0.103:6001/d1/975/AUTH_ffbb1c514d6a4f40a7f8a9f769bc781a/gnocchi.25a1eb0e-726c-49ea-b034-65511fd14d47" "txc32dc4fadc8a4fac95ffb-0068e22cbd" "container-server 22" 0.0081 "-" 23 0
Oct 5 08:30:53 np0005471148 proxy-server[124968]: 172.18.0.178 172.18.0.104 05/Oct/2025/08/30/53 PUT /v1/AUTH_ffbb1c514d6a4f40a7f8a9f769bc781a/gnocchi.25a1eb0e-726c-49ea-b034-65511fd14d47 HTTP/1.0 201 - python-swiftclient-3.11.1 gAAAAABo4ixPODjF... - - - txc32dc4fadc8a4fac95ffb-0068e22cbd - 0.0371 - - 1759653053.564505339 1759653053.601557255 0
Oct 5 08:30:53 np0005471148 object-server[123793]: 172.20.0.103 - - [05/Oct/2025:08:30:53 +0000] "GET /d1/587/AUTH_ffbb1c514d6a4f40a7f8a9f769bc781a/gnocchi.5cd9b367-abdc-45e9-a02e-9d779cc0e4a9/none_v3" 404 70 "GET http://172.18.0.178:8080/v1/AUTH_ffbb1c514d6a4f40a7f8a9f769bc781a/gnocchi.5cd9b367-abdc-45e9-a02e-9d779cc0e4a9/none_v3" "txb0259e75a82746118106d-0068e22cbd" "proxy-server 20" 0.0005 "-" 23 0
Oct 5 08:30:53 np0005471148 container-server[123361]: 172.20.0.104 - - [05/Oct/2025:08:30:53 +0000] "HEAD /d1/975/AUTH_ffbb1c514d6a4f40a7f8a9f769bc781a/gnocchi.25a1eb0e-726c-49ea-b034-65511fd14d47" 204 - "HEAD http://172.18.0.178:8080/v1/AUTH_ffbb1c514d6a4f40a7f8a9f769bc781a/gnocchi.25a1eb0e-726c-49ea-b034-65511fd14d47?format=json&states=listing" "tx5428a1dfbabb484cbcb65-0068e22cbd" "proxy-server 20" 0.0023 "-" 16 0
Oct 5 08:30:53 np0005471148 container-server[123364]: 172.20.0.104 - - [05/Oct/2025:08:30:53 +0000] "GET /d1/975/AUTH_ffbb1c514d6a4f40a7f8a9f769bc781a/gnocchi.25a1eb0e-726c-49ea-b034-65511fd14d47" 200 2 "GET http://172.18.0.178:8080/v1/AUTH_ffbb1c514d6a4f40a7f8a9f769bc781a/gnocchi.25a1eb0e-726c-49ea-b034-65511fd14d47?format=json&states=listing" "tx5428a1dfbabb484cbcb65-0068e22cbd" "proxy-server 20" 0.0027 "-" 17 0
Oct 5 08:30:53 np0005471148 account-server[123044]: 172.20.0.104 - - [05/Oct/2025:08:30:53 +0000] "PUT /d1/852/AUTH_ffbb1c514d6a4f40a7f8a9f769bc781a/gnocchi.5cd9b367-abdc-45e9-a02e-9d779cc0e4a9" 201 - "PUT http://172.20.0.104:6001/d1/154/AUTH_ffbb1c514d6a4f40a7f8a9f769bc781a/gnocchi.5cd9b367-abdc-45e9-a02e-9d779cc0e4a9" "txdde83e9da3a04350932ad-0068e22cbd" "container-server 23" 0.0064 "-" 21 0
Oct 5 08:30:53 np0005471148 container-server[123364]: 172.20.0.105 - - [05/Oct/2025:08:30:53 +0000] "PUT /d1/154/AUTH_ffbb1c514d6a4f40a7f8a9f769bc781a/gnocchi.5cd9b367-abdc-45e9-a02e-9d779cc0e4a9" 201 - "PUT http://172.18.0.178:8080/v1/AUTH_ffbb1c514d6a4f40a7f8a9f769bc781a/gnocchi.5cd9b367-abdc-45e9-a02e-9d779cc0e4a9" "txdde83e9da3a04350932ad-0068e22cbd" "proxy-server 20" 0.0165 "-" 17 0
Oct 5 08:30:53 np0005471148 proxy-server[124968]: 172.18.0.103 172.18.0.104 05/Oct/2025/08/30/53 PUT /v1/AUTH_ffbb1c514d6a4f40a7f8a9f769bc781a/gnocchi.5cd9b367-abdc-45e9-a02e-9d779cc0e4a9 HTTP/1.0 201 - python-swiftclient-3.11.1 gAAAAABo4iyYaC5C... - - - txdde83e9da3a04350932ad-0068e22cbd - 0.0276 - - 1759653053.619947195 1759653053.647542715 0
Oct 5 08:30:53 np0005471148 object-server[123784]: 172.20.0.103 - - [05/Oct/2025:08:30:53 +0000] "GET /d1/449/AUTH_ffbb1c514d6a4f40a7f8a9f769bc781a/gnocchi.25a1eb0e-726c-49ea-b034-65511fd14d47/1759320000.0_mean_300.0_v3" 404 70 "GET http://172.18.0.178:8080/v1/AUTH_ffbb1c514d6a4f40a7f8a9f769bc781a/gnocchi.25a1eb0e-726c-49ea-b034-65511fd14d47/1759320000.0_mean_300.0_v3" "tx371318b5bd8e4f528fd00-0068e22cbd" "proxy-server 20" 0.0005 "-" 22 0
Oct 5 08:30:53 np0005471148 container-server[123364]: 172.20.0.104 - - [05/Oct/2025:08:30:53 +0000] "HEAD /d1/154/AUTH_ffbb1c514d6a4f40a7f8a9f769bc781a/gnocchi.5cd9b367-abdc-45e9-a02e-9d779cc0e4a9" 204 - "HEAD http://172.18.0.178:8080/v1/AUTH_ffbb1c514d6a4f40a7f8a9f769bc781a/gnocchi.5cd9b367-abdc-45e9-a02e-9d779cc0e4a9?format=json&states=listing" "tx37045d3f2e6d4872b21c1-0068e22cbd" "proxy-server 20" 0.0015 "-" 17 0
Oct 5 08:30:53 np0005471148 object-server[123795]: 172.20.0.105 - - [05/Oct/2025:08:30:53 +0000] "PUT /d1/449/AUTH_ffbb1c514d6a4f40a7f8a9f769bc781a/gnocchi.25a1eb0e-726c-49ea-b034-65511fd14d47/1759320000.0_mean_300.0_v3" 201 - "PUT http://172.18.0.178:8080/v1/AUTH_ffbb1c514d6a4f40a7f8a9f769bc781a/gnocchi.25a1eb0e-726c-49ea-b034-65511fd14d47/1759320000.0_mean_300.0_v3" "tx134fe8fd1eac47ae9f714-0068e22cbd" "proxy-server 20" 0.0103 "-" 24 0
Oct 5 08:30:53 np0005471148 container-server[123361]: 172.20.0.104 - - [05/Oct/2025:08:30:53 +0000] "PUT /d1/975/AUTH_ffbb1c514d6a4f40a7f8a9f769bc781a/gnocchi.25a1eb0e-726c-49ea-b034-65511fd14d47/1759320000.0_mean_300.0_v3" 201 - "PUT http://172.18.0.178:8080/d1/449/AUTH_ffbb1c514d6a4f40a7f8a9f769bc781a/gnocchi.25a1eb0e-726c-49ea-b034-65511fd14d47/1759320000.0_mean_300.0_v3" "tx134fe8fd1eac47ae9f714-0068e22cbd" "object-server 22" 0.0019 "-" 16 0
Oct 5 08:30:53 np0005471148 proxy-server[124968]: 172.18.0.178 172.18.0.104 05/Oct/2025/08/30/53 PUT /v1/AUTH_ffbb1c514d6a4f40a7f8a9f769bc781a/gnocchi.25a1eb0e-726c-49ea-b034-65511fd14d47/1759320000.0_mean_300.0_v3 HTTP/1.0 201 - python-swiftclient-3.11.1 gAAAAABo4ixPODjF... 16 - - tx134fe8fd1eac47ae9f714-0068e22cbd - 0.0265 - - 1759653053.661341667 1759653053.687871456 0
Oct 5 08:30:53 np0005471148 object-server[123796]: 172.20.0.103 - - [05/Oct/2025:08:30:53 +0000] "GET /d1/936/AUTH_ffbb1c514d6a4f40a7f8a9f769bc781a/gnocchi.5cd9b367-abdc-45e9-a02e-9d779cc0e4a9/1759320000.0_mean_300.0_v3" 404 70 "GET http://172.18.0.178:8080/v1/AUTH_ffbb1c514d6a4f40a7f8a9f769bc781a/gnocchi.5cd9b367-abdc-45e9-a02e-9d779cc0e4a9/1759320000.0_mean_300.0_v3" "tx079d4f07a9b7418d98641-0068e22cbd" "proxy-server 20" 0.0005 "-" 25 0
Oct 5 08:30:53 np0005471148 container-server[123364]: 172.20.0.105 - - [05/Oct/2025:08:30:53 +0000] "PUT /d1/975/AUTH_ffbb1c514d6a4f40a7f8a9f769bc781a/gnocchi.25a1eb0e-726c-49ea-b034-65511fd14d47/none_v3" 201 - "PUT http://172.18.0.178:8080/d1/905/AUTH_ffbb1c514d6a4f40a7f8a9f769bc781a/gnocchi.25a1eb0e-726c-49ea-b034-65511fd14d47/none_v3" "txf52c513ca03d417a9178d-0068e22cbd" "object-server 23" 0.0006 "-" 17 0
Oct 5 08:30:53 np0005471148 object-server[123793]: 172.20.0.104 - - [05/Oct/2025:08:30:53 +0000] "PUT /d1/905/AUTH_ffbb1c514d6a4f40a7f8a9f769bc781a/gnocchi.25a1eb0e-726c-49ea-b034-65511fd14d47/none_v3" 201 - "PUT http://172.18.0.178:8080/v1/AUTH_ffbb1c514d6a4f40a7f8a9f769bc781a/gnocchi.25a1eb0e-726c-49ea-b034-65511fd14d47/none_v3" "txf52c513ca03d417a9178d-0068e22cbd" "proxy-server 20" 0.0122 "-" 23 0
Oct 5 08:30:53 np0005471148 container-server[123364]: 172.20.0.104 - - [05/Oct/2025:08:30:53 +0000] "PUT /d1/154/AUTH_ffbb1c514d6a4f40a7f8a9f769bc781a/gnocchi.5cd9b367-abdc-45e9-a02e-9d779cc0e4a9/1759320000.0_mean_300.0_v3" 201 - "PUT http://172.18.0.178:8080/d1/936/AUTH_ffbb1c514d6a4f40a7f8a9f769bc781a/gnocchi.5cd9b367-abdc-45e9-a02e-9d779cc0e4a9/1759320000.0_mean_300.0_v3" "tx36e5c694a0f146f090024-0068e22cbd" "object-server 23" 0.0009 "-" 17 0
Oct 5 08:30:53 np0005471148 object-server[123793]: 172.20.0.105 - - [05/Oct/2025:08:30:53 +0000] "PUT /d1/936/AUTH_ffbb1c514d6a4f40a7f8a9f769bc781a/gnocchi.5cd9b367-abdc-45e9-a02e-9d779cc0e4a9/1759320000.0_mean_300.0_v3" 201 - "PUT http://172.18.0.178:8080/v1/AUTH_ffbb1c514d6a4f40a7f8a9f769bc781a/gnocchi.5cd9b367-abdc-45e9-a02e-9d779cc0e4a9/1759320000.0_mean_300.0_v3" "tx36e5c694a0f146f090024-0068e22cbd" "proxy-server 20" 0.0128 "-" 23 0
Oct 5 08:30:53 np0005471148 proxy-server[124968]: 172.18.0.103 172.18.0.104 05/Oct/2025/08/30/53 PUT /v1/AUTH_ffbb1c514d6a4f40a7f8a9f769bc781a/gnocchi.5cd9b367-abdc-45e9-a02e-9d779cc0e4a9/1759320000.0_mean_300.0_v3 HTTP/1.0 201 - python-swiftclient-3.11.1 gAAAAABo4iyYaC5C... 16 - - tx36e5c694a0f146f090024-0068e22cbd - 0.0247 - - 1759653053.702453613 1759653053.727185726 0
Oct 5 08:30:53 np0005471148 container-server[123364]: 172.20.0.105 - - [05/Oct/2025:08:30:53 +0000] "PUT /d1/154/AUTH_ffbb1c514d6a4f40a7f8a9f769bc781a/gnocchi.5cd9b367-abdc-45e9-a02e-9d779cc0e4a9/none_v3" 201 - "PUT http://172.18.0.178:8080/d1/587/AUTH_ffbb1c514d6a4f40a7f8a9f769bc781a/gnocchi.5cd9b367-abdc-45e9-a02e-9d779cc0e4a9/none_v3" "txcbd0cd50721840c792087-0068e22cbd" "object-server 23" 0.0008 "-" 17 0
Oct 5 08:30:53 np0005471148 object-server[123793]: 172.20.0.103 - - [05/Oct/2025:08:30:53 +0000] "PUT /d1/587/AUTH_ffbb1c514d6a4f40a7f8a9f769bc781a/gnocchi.5cd9b367-abdc-45e9-a02e-9d779cc0e4a9/none_v3" 201 - "PUT http://172.18.0.178:8080/v1/AUTH_ffbb1c514d6a4f40a7f8a9f769bc781a/gnocchi.5cd9b367-abdc-45e9-a02e-9d779cc0e4a9/none_v3" "txcbd0cd50721840c792087-0068e22cbd" "proxy-server 20" 0.0150 "-" 23 0
Oct 5 08:30:59 np0005471148 account-server[122556]: Beginning replication run
Oct 5 08:31:00 np0005471148 account-server[122556]: Replication run OVER
Oct 5 08:31:00 np0005471148 account-server[122556]: Attempted to replicate 1 dbs in 0.03802 seconds (26.29948/s)
Oct 5 08:31:00 np0005471148 account-server[122556]: Removed 0 dbs
Oct 5 08:31:00 np0005471148 account-server[122556]: 2 successes, 0 failures
Oct 5 08:31:00 np0005471148 account-server[122556]: diff:0 diff_capped:0 empty:0 hashmatch:0 no_change:2 remote_merge:0 rsync:0 ts_repl:0
Oct 5 08:31:00 np0005471148 container-server[122972]: Beginning replication run
Oct 5 08:31:01 np0005471148 container-server[122972]: Replication run OVER
Oct 5 08:31:01 np0005471148 container-server[122972]: Attempted to replicate 22 dbs in 0.89984 seconds (24.44869/s)
Oct 5 08:31:01 np0005471148 container-server[122972]: Removed 0 dbs
Oct 5 08:31:01 np0005471148 container-server[122972]: 44 successes, 0 failures
Oct 5 08:31:01 np0005471148 container-server[122972]: diff:0 diff_capped:0 empty:0 hashmatch:0 no_change:44 remote_merge:0 rsync:0 ts_repl:0
Oct 5 08:31:03 np0005471148 account-server[123068]: 172.20.0.105 - - [05/Oct/2025:08:31:03 +0000] "HEAD /d1/525/.expiring_objects" 404 - "HEAD http://localhost/v1/.expiring_objects?format=json" "tx5a45ecd79b904325ae1a6-0068e22cc7" "proxy-server 2" 0.0007 "-" 23 -
Oct 5 08:31:03 np0005471148 object-expirer[123297]: Pass completed in 0s; 0 objects expired (txn: tx5a45ecd79b904325ae1a6-0068e22cc7)
Oct 5 08:31:03 np0005471148 account-server[123037]: 172.20.0.103 - - [05/Oct/2025:08:31:03 +0000] "HEAD /d1/525/.expiring_objects" 404 - "HEAD http://localhost/v1/.expiring_objects?format=json" "txfa68f36d0a8c42a79ec7b-0068e22cc7" "proxy-server 2" 0.0004 "-" 20 -
Oct 5 08:31:20 np0005471148 object-server[123543]: Starting object replication pass.
Oct 5 08:31:20 np0005471148 object-server[123543]: 44/44 (100.00%) partitions replicated in 0.41s (106.89/sec, 0s remaining)
Oct 5 08:31:20 np0005471148 object-server[123543]: 88 successes, 0 failures
Oct 5 08:31:20 np0005471148 object-server[123543]: 44 suffixes checked - 0.00% hashed, 0.00% synced
Oct 5 08:31:20 np0005471148 object-server[123543]: Partition times: max 0.0188s, min 0.0052s, med 0.0090s
Oct 5 08:31:20 np0005471148 object-server[123543]: Object replication complete. (0.01 minutes)
Oct 5 08:31:22 np0005471148 object-server[224809]: Begin object audit "forever" mode (ZBF)
Oct 5 08:31:22 np0005471148 object-server[224810]: Begin object audit "forever" mode (ALL)
Oct 5 08:31:22 np0005471148 object-server[224809]: Object audit (ZBF). Since Sun Oct 5 08:31:22 2025: Locally: 1 passed, 0 quarantined, 0 errors, files/sec: 495.78, bytes/sec: 0.00, Total time: 0.00, Auditing time: 0.00, Rate: 0.00
Oct 5 08:31:22 np0005471148 object-server[224810]: Object audit (ALL). Since Sun Oct 5 08:31:22 2025: Locally: 1 passed, 0 quarantined, 0 errors, files/sec: 93.47, bytes/sec: 1495.46, Total time: 0.01, Auditing time: 0.00, Rate: 0.00
Oct 5 08:31:23 np0005471148 object-server[224809]: Object audit (ZBF) "forever" mode completed: 0.84s. Total quarantined: 0, Total errors: 0, Total files/sec: 52.17, Total bytes/sec: 0.00, Auditing time: 0.83, Rate: 0.99
Oct 5 08:31:24 np0005471148 object-server[224810]: Object audit (ALL) "forever" mode completed: 2.11s. Total quarantined: 0, Total errors: 0, Total files/sec: 20.82, Total bytes/sec: 400.34, Auditing time: 2.10, Rate: 0.99
Oct 5 08:31:29 np0005471148 account-server[122556]: Beginning replication run
Oct 5 08:31:29 np0005471148 account-server[122556]: Replication run OVER
Oct 5 08:31:29 np0005471148 account-server[122556]: Attempted to replicate 1 dbs in 0.01284 seconds (77.86780/s)
Oct 5 08:31:29 np0005471148 account-server[122556]: Removed 0 dbs
Oct 5 08:31:29 np0005471148 account-server[122556]: 2 successes, 0 failures
Oct 5 08:31:29 np0005471148 account-server[122556]: diff:0 diff_capped:0 empty:0 hashmatch:0 no_change:2 remote_merge:0 rsync:0 ts_repl:0
Oct 5 08:31:30 np0005471148 container-server[122972]: Beginning replication run
Oct 5 08:31:31 np0005471148 container-server[122972]: Replication run OVER
Oct 5 08:31:31 np0005471148 container-server[122972]: Attempted to replicate 22 dbs in 0.43624 seconds (50.43095/s)
Oct 5 08:31:31 np0005471148 container-server[122972]: Removed 0 dbs
Oct 5 08:31:31 np0005471148 container-server[122972]: 44 successes, 0 failures
Oct 5 08:31:31 np0005471148 container-server[122972]: diff:0 diff_capped:0 empty:0 hashmatch:0 no_change:44 remote_merge:0 rsync:0 ts_repl:0
Oct 5 08:31:50 np0005471148 object-server[123543]: Starting object replication pass.
Oct 5 08:31:50 np0005471148 object-server[123543]: 44/44 (100.00%) partitions replicated in 0.44s (101.02/sec, 0s remaining)
Oct 5 08:31:50 np0005471148 object-server[123543]: 88 successes, 0 failures
Oct 5 08:31:50 np0005471148 object-server[123543]: 44 suffixes checked - 0.00% hashed, 0.00% synced
Oct 5 08:31:50 np0005471148 object-server[123543]: Partition times: max 0.0150s, min 0.0060s, med 0.0089s
Oct 5 08:31:50 np0005471148 object-server[123543]: Object replication complete. (0.01 minutes)
Oct 5 08:31:53 np0005471148 object-server[224842]: Begin object audit "forever" mode (ZBF)
Oct 5 08:31:53 np0005471148 object-server[224842]: Object audit (ZBF). Since Sun Oct 5 08:31:53 2025: Locally: 1 passed, 0 quarantined, 0 errors, files/sec: 517.18, bytes/sec: 0.00, Total time: 0.00, Auditing time: 0.00, Rate: 0.00
Oct 5 08:31:54 np0005471148 object-server[224842]: Object audit (ZBF) "forever" mode completed: 0.84s. Total quarantined: 0, Total errors: 0, Total files/sec: 52.17, Total bytes/sec: 0.00, Auditing time: 0.83, Rate: 0.99
Oct 5 08:32:00 np0005471148 account-server[122556]: Beginning replication run
Oct 5 08:32:00 np0005471148 account-server[122556]: Replication run OVER
Oct 5 08:32:00 np0005471148 account-server[122556]: Attempted to replicate 1 dbs in 0.01783 seconds (56.09277/s)
Oct 5 08:32:00 np0005471148 account-server[122556]: Removed 0 dbs
Oct 5 08:32:00 np0005471148 account-server[122556]: 2 successes, 0 failures
Oct 5 08:32:00 np0005471148 account-server[122556]: diff:0 diff_capped:0 empty:0 hashmatch:0 no_change:2 remote_merge:0 rsync:0 ts_repl:0
Oct 5 08:32:00 np0005471148 container-server[122972]: Beginning replication run
Oct 5 08:32:01 np0005471148 container-server[122972]: Replication run OVER
Oct 5 08:32:01 np0005471148 container-server[122972]: Attempted to replicate 22 dbs in 0.43294 seconds (50.81540/s)
Oct 5 08:32:01 np0005471148 container-server[122972]: Removed 0 dbs
Oct 5 08:32:01 np0005471148 container-server[122972]: 44 successes, 0 failures
Oct 5 08:32:01 np0005471148 container-server[122972]: diff:0 diff_capped:0 empty:0 hashmatch:0 no_change:44 remote_merge:0 rsync:0 ts_repl:0
Oct 5 08:32:10 np0005471148 account-server[123044]: 172.20.0.104 - - [05/Oct/2025:08:32:10 +0000] "PUT /d1/852/AUTH_ffbb1c514d6a4f40a7f8a9f769bc781a/gnocchi.ec8ae746-e870-4212-b449-049a01fc2765" 201 - "-" "-" "container-updater 2" 0.0012 "-" 21 0
Oct 5 08:32:10 np0005471148 account-server[123060]: 172.20.0.104 - - [05/Oct/2025:08:32:10 +0000] "PUT /d1/852/AUTH_ffbb1c514d6a4f40a7f8a9f769bc781a/gnocchi.cebab2a7-ecec-4c42-b8fc-013a1ede8d36" 201 - "-" "-" "container-updater 2" 0.0006 "-" 22 0
Oct 5 08:32:10 np0005471148 account-server[123037]: 172.20.0.104 - - [05/Oct/2025:08:32:10 +0000] "PUT /d1/852/AUTH_ffbb1c514d6a4f40a7f8a9f769bc781a/gnocchi.34d0c3fe-275b-44da-a4d2-7d85fffb2a30" 201 - "-" "-" "container-updater 2" 0.0007 "-" 20 0
Oct 5 08:32:10 np0005471148 account-server[123068]: 172.20.0.104 - - [05/Oct/2025:08:32:10 +0000] "PUT /d1/852/AUTH_ffbb1c514d6a4f40a7f8a9f769bc781a/gnocchi.630ced32-f036-4c8c-bebe-dfa7df1b4507" 201 - "-" "-" "container-updater 2" 0.0005 "-" 23 0
Oct 5 08:32:10 np0005471148 account-server[123060]: 172.20.0.104 - - [05/Oct/2025:08:32:10 +0000] "PUT /d1/852/AUTH_ffbb1c514d6a4f40a7f8a9f769bc781a/gnocchi.25a1eb0e-726c-49ea-b034-65511fd14d47" 201 - "-" "-" "container-updater 2" 0.0005 "-" 22 0
Oct 5 08:32:10 np0005471148 account-server[123037]: 172.20.0.104 - - [05/Oct/2025:08:32:10 +0000] "PUT /d1/852/AUTH_ffbb1c514d6a4f40a7f8a9f769bc781a/gnocchi.3b18e974-54e7-4113-bd79-01f93e83d4ff" 201 - "-" "-" "container-updater 2" 0.0006 "-" 20 0
Oct 5 08:32:10 np0005471148 account-server[123044]: 172.20.0.104 - - [05/Oct/2025:08:32:10 +0000] "PUT /d1/852/AUTH_ffbb1c514d6a4f40a7f8a9f769bc781a/gnocchi.438e0e68-ec6d-4307-aed3-840f4b7d7c0d" 201 - "-" "-" "container-updater 2" 0.0007 "-" 21 0
Oct 5 08:32:10 np0005471148 account-server[123060]: 172.20.0.104 - - [05/Oct/2025:08:32:10 +0000] "PUT /d1/852/AUTH_ffbb1c514d6a4f40a7f8a9f769bc781a/gnocchi.974be382-e87f-4bea-a8ca-7e62c2bdd3fd" 201 - "-" "-" "container-updater 2" 0.0006 "-" 22 0
Oct 5 08:32:11 np0005471148 account-server[123037]: 172.20.0.104 - - [05/Oct/2025:08:32:11 +0000] "PUT /d1/852/AUTH_ffbb1c514d6a4f40a7f8a9f769bc781a/gnocchi.7b1cfb9f-e398-41bd-b164-31557797eb07" 201 - "-" "-" "container-updater 2" 0.0005 "-" 20 0
Oct 5 08:32:11 np0005471148 account-server[123044]: 172.20.0.104 - - [05/Oct/2025:08:32:11 +0000] "PUT /d1/852/AUTH_ffbb1c514d6a4f40a7f8a9f769bc781a/gnocchi.80bb1bb0-b35e-4ba8-a2bb-fd16b5b44bba" 201 - "-" "-" "container-updater 2" 0.0008 "-" 21 0
Oct 5 08:32:11 np0005471148 account-server[123044]: 172.20.0.104 - - [05/Oct/2025:08:32:11 +0000] "PUT /d1/852/AUTH_ffbb1c514d6a4f40a7f8a9f769bc781a/gnocchi.dda64f45-a86b-4fc6-83cd-239cb3b859f1" 201 - "-" "-" "container-updater 2" 0.0008 "-" 21 0
Oct 5 08:32:11 np0005471148 account-server[123044]: 172.20.0.104 - - [05/Oct/2025:08:32:11 +0000] "PUT /d1/852/AUTH_ffbb1c514d6a4f40a7f8a9f769bc781a/gnocchi.c1f22f51-3ab2-4ed3-a2be-e913312125fc" 201 - "-" "-" "container-updater 2" 0.0009 "-" 21 0
Oct 5 08:32:11 np0005471148 account-server[123044]: 172.20.0.104 - - [05/Oct/2025:08:32:11 +0000] "PUT /d1/852/AUTH_ffbb1c514d6a4f40a7f8a9f769bc781a/gnocchi.b91482ff-72d8-413b-96ef-5b7c844cebdb" 201 - "-" "-" "container-updater 2" 0.0006 "-" 21 0
Oct 5 08:32:11 np0005471148 account-server[123068]: 172.20.0.104 - - [05/Oct/2025:08:32:11 +0000] "PUT /d1/852/AUTH_ffbb1c514d6a4f40a7f8a9f769bc781a/gnocchi.812d8853-9830-4007-a8c4-a077946f8fcd" 201 - "-" "-" "container-updater 2" 0.0006 "-" 23 0
Oct 5 08:32:11 np0005471148 account-server[123068]: 172.20.0.104 - - [05/Oct/2025:08:32:11 +0000] "PUT /d1/852/AUTH_ffbb1c514d6a4f40a7f8a9f769bc781a/gnocchi.6aa7b351-85b7-4149-aa8e-ba7242fca0e1" 201 - "-" "-" "container-updater 2" 0.0007 "-" 23 0
Oct 5 08:32:11 np0005471148 account-server[123060]: 172.20.0.104 - - [05/Oct/2025:08:32:11 +0000] "PUT /d1/852/AUTH_ffbb1c514d6a4f40a7f8a9f769bc781a/gnocchi.9749cebc-76ac-4f62-8e0c-8f08d99893f2" 201 - "-" "-" "container-updater 2" 0.0007 "-" 22 0
Oct 5 08:32:11 np0005471148 account-server[123037]: 172.20.0.104 - - [05/Oct/2025:08:32:11 +0000] "PUT /d1/852/AUTH_ffbb1c514d6a4f40a7f8a9f769bc781a/gnocchi.c55ef7d8-2b83-4ed6-a53d-9b74da124da8" 201 - "-" "-" "container-updater 2" 0.0006 "-" 20 0
Oct 5 08:32:11 np0005471148 account-server[123037]: 172.20.0.104 - - [05/Oct/2025:08:32:11 +0000] "PUT /d1/852/AUTH_ffbb1c514d6a4f40a7f8a9f769bc781a/gnocchi.a83cb81b-2f4e-4dac-9d1d-aae43909f5cf" 201 - "-" "-" "container-updater 2" 0.0006 "-" 20 0
Oct 5 08:32:11 np0005471148 account-server[123044]: 172.20.0.104 - - [05/Oct/2025:08:32:11 +0000] "PUT /d1/852/AUTH_ffbb1c514d6a4f40a7f8a9f769bc781a/gnocchi.5cd9b367-abdc-45e9-a02e-9d779cc0e4a9" 201 - "-" "-" "container-updater 2" 0.0007 "-" 21 0
Oct 5 08:32:12 np0005471148 account-server[123068]: 172.20.0.104 - - [05/Oct/2025:08:32:12 +0000] "PUT /d1/852/AUTH_ffbb1c514d6a4f40a7f8a9f769bc781a/gnocchi.dc714135-6941-4d66-9b10-c41e5af38b8b" 201 - "-" "-" "container-updater 2" 0.0007 "-" 23 0
Oct 5 08:32:12 np0005471148 account-server[123060]: 172.20.0.104 - - [05/Oct/2025:08:32:12 +0000] "PUT /d1/852/AUTH_ffbb1c514d6a4f40a7f8a9f769bc781a/gnocchi.d7bf58e5-8403-494e-8e17-f805dbdcc75e" 201 - "-" "-" "container-updater 2" 0.0007 "-" 22 0
Oct 5 08:32:12 np0005471148 account-server[123060]: 172.20.0.104 - - [05/Oct/2025:08:32:12 +0000] "PUT /d1/852/AUTH_ffbb1c514d6a4f40a7f8a9f769bc781a/gnocchi.58b8b3cd-db26-4cc8-8a89-b9b578bed098" 201 - "-" "-" "container-updater 2" 0.0007 "-" 22 0
Oct 5 08:32:18 np0005471148 account-server[123060]: 172.20.0.105 - - [05/Oct/2025:08:32:18 +0000] "HEAD /d1/525/.expiring_objects" 404 - "HEAD http://localhost/v1/.expiring_objects?format=json" "tx16a9314dda7a4ebc92705-0068e22d12" "proxy-server 2" 0.0007 "-" 22 -
Oct 5 08:32:18 np0005471148 object-expirer[123297]: Pass completed in 0s; 0 objects expired (txn: tx16a9314dda7a4ebc92705-0068e22d12)
Oct 5 08:32:20 np0005471148 object-server[123543]: Starting object replication pass.
Oct 5 08:32:21 np0005471148 object-server[123543]: 44/44 (100.00%) partitions replicated in 0.39s (112.30/sec, 0s remaining)
Oct 5 08:32:21 np0005471148 object-server[123543]: 88 successes, 0 failures
Oct 5 08:32:21 np0005471148 object-server[123543]: 44 suffixes checked - 0.00% hashed, 0.00% synced
Oct 5 08:32:21 np0005471148 object-server[123543]: Partition times: max 0.0144s, min 0.0069s, med 0.0082s
Oct 5 08:32:21 np0005471148 object-server[123543]: Object replication complete. (0.01 minutes)
Oct 5 08:32:24 np0005471148 object-server[230669]: Begin object audit "forever" mode (ZBF)
Oct 5 08:32:24 np0005471148 object-server[230670]: Begin object audit "forever" mode (ALL)
Oct 5 08:32:24 np0005471148 object-server[230669]: Object audit (ZBF). Since Sun Oct 5 08:32:24 2025: Locally: 1 passed, 0 quarantined, 0 errors, files/sec: 587.36, bytes/sec: 0.00, Total time: 0.00, Auditing time: 0.00, Rate: 0.00
Oct 5 08:32:24 np0005471148 object-server[230670]: Object audit (ALL). Since Sun Oct 5 08:32:24 2025: Locally: 1 passed, 0 quarantined, 0 errors, files/sec: 110.17, bytes/sec: 1762.73, Total time: 0.01, Auditing time: 0.00, Rate: 0.00
Oct 5 08:32:24 np0005471148 object-server[230669]: Object audit (ZBF) "forever" mode completed: 0.84s. Total quarantined: 0, Total errors: 0, Total files/sec: 52.19, Total bytes/sec: 0.00, Auditing time: 0.83, Rate: 0.99
