Oct 5 08:32:26 np0005471148 object-server[230670]: Object audit (ALL) "forever" mode completed: 2.11s. Total quarantined: 0, Total errors: 0, Total files/sec: 20.84, Total bytes/sec: 400.70, Auditing time: 2.10, Rate: 0.99
Oct 5 08:32:30 np0005471148 account-server[122556]: Beginning replication run
Oct 5 08:32:30 np0005471148 account-server[122556]: Replication run OVER
Oct 5 08:32:30 np0005471148 account-server[122556]: Attempted to replicate 1 dbs in 0.01874 seconds (53.37051/s)
Oct 5 08:32:30 np0005471148 account-server[122556]: Removed 0 dbs
Oct 5 08:32:30 np0005471148 account-server[122556]: 2 successes, 0 failures
Oct 5 08:32:30 np0005471148 account-server[122556]: diff:0 diff_capped:0 empty:0 hashmatch:0 no_change:2 remote_merge:0 rsync:0 ts_repl:0
Oct 5 08:32:30 np0005471148 container-server[122972]: Beginning replication run
Oct 5 08:32:31 np0005471148 container-server[122972]: Replication run OVER
Oct 5 08:32:31 np0005471148 container-server[122972]: Attempted to replicate 22 dbs in 0.43418 seconds (50.67041/s)
Oct 5 08:32:31 np0005471148 container-server[122972]: Removed 0 dbs
Oct 5 08:32:31 np0005471148 container-server[122972]: 44 successes, 0 failures
Oct 5 08:32:31 np0005471148 container-server[122972]: diff:0 diff_capped:0 empty:0 hashmatch:0 no_change:44 remote_merge:0 rsync:0 ts_repl:0
Oct 5 08:32:51 np0005471148 object-server[123543]: Starting object replication pass.
Oct 5 08:32:51 np0005471148 object-server[123543]: 44/44 (100.00%) partitions replicated in 0.38s (116.44/sec, 0s remaining)
Oct 5 08:32:51 np0005471148 object-server[123543]: 88 successes, 0 failures
Oct 5 08:32:51 np0005471148 object-server[123543]: 44 suffixes checked - 0.00% hashed, 0.00% synced
Oct 5 08:32:51 np0005471148 object-server[123543]: Partition times: max 0.0153s, min 0.0054s, med 0.0076s
Oct 5 08:32:51 np0005471148 object-server[123543]: Object replication complete. (0.01 minutes)
Oct 5 08:32:55 np0005471148 object-server[230697]: Begin object audit "forever" mode (ZBF)
Oct 5 08:32:55 np0005471148 object-server[230697]: Object audit (ZBF). Since Sun Oct 5 08:32:55 2025: Locally: 1 passed, 0 quarantined, 0 errors, files/sec: 576.06, bytes/sec: 0.00, Total time: 0.00, Auditing time: 0.00, Rate: 0.00
Oct 5 08:32:55 np0005471148 object-server[230697]: Object audit (ZBF) "forever" mode completed: 0.84s. Total quarantined: 0, Total errors: 0, Total files/sec: 52.17, Total bytes/sec: 0.00, Auditing time: 0.83, Rate: 0.99
Oct 5 08:32:59 np0005471148 account-server[123037]: 172.20.0.103 - - [05/Oct/2025:08:32:59 +0000] "PUT /d1/852/AUTH_ffbb1c514d6a4f40a7f8a9f769bc781a/gnocchi.58b8b3cd-db26-4cc8-8a89-b9b578bed098" 201 - "-" "-" "container-updater 2" 0.0013 "-" 20 0
Oct 5 08:32:59 np0005471148 account-server[123037]: 172.20.0.103 - - [05/Oct/2025:08:32:59 +0000] "PUT /d1/852/AUTH_ffbb1c514d6a4f40a7f8a9f769bc781a/gnocchi.d7bf58e5-8403-494e-8e17-f805dbdcc75e" 201 - "-" "-" "container-updater 2" 0.0007 "-" 20 0
Oct 5 08:32:59 np0005471148 account-server[123068]: 172.20.0.103 - - [05/Oct/2025:08:32:59 +0000] "PUT /d1/852/AUTH_ffbb1c514d6a4f40a7f8a9f769bc781a/gnocchi.5cd9b367-abdc-45e9-a02e-9d779cc0e4a9" 201 - "-" "-" "container-updater 2" 0.0007 "-" 23 0
Oct 5 08:33:00 np0005471148 account-server[123037]: 172.20.0.103 - - [05/Oct/2025:08:33:00 +0000] "PUT /d1/852/AUTH_ffbb1c514d6a4f40a7f8a9f769bc781a/gnocchi.34d0c3fe-275b-44da-a4d2-7d85fffb2a30" 201 - "-" "-" "container-updater 2" 0.0007 "-" 20 0
Oct 5 08:33:00 np0005471148 account-server[122556]: Beginning replication run
Oct 5 08:33:00 np0005471148 account-server[122556]: Replication run OVER
Oct 5 08:33:00 np0005471148 account-server[122556]: Attempted to replicate 1 dbs in 0.03839 seconds (26.05102/s)
Oct 5 08:33:00 np0005471148 account-server[122556]: Removed 0 dbs
Oct 5 08:33:00 np0005471148 account-server[122556]: 2 successes, 0 failures
Oct 5 08:33:00 np0005471148 account-server[122556]: diff:0 diff_capped:0 empty:0 hashmatch:0 no_change:2 remote_merge:0 rsync:0 ts_repl:0
Oct 5 08:33:00 np0005471148 account-server[123044]: 172.20.0.103 - - [05/Oct/2025:08:33:00 +0000] "PUT /d1/852/AUTH_ffbb1c514d6a4f40a7f8a9f769bc781a/gnocchi.dc714135-6941-4d66-9b10-c41e5af38b8b" 201 - "-" "-" "container-updater 2" 0.0006 "-" 21 0
Oct 5 08:33:00 np0005471148 account-server[123037]: 172.20.0.103 - - [05/Oct/2025:08:33:00 +0000] "PUT /d1/852/AUTH_ffbb1c514d6a4f40a7f8a9f769bc781a/gnocchi.dda64f45-a86b-4fc6-83cd-239cb3b859f1" 201 - "-" "-" "container-updater 2" 0.0007 "-" 20 0
Oct 5 08:33:00 np0005471148 account-server[123044]: 172.20.0.103 - - [05/Oct/2025:08:33:00 +0000] "PUT /d1/852/AUTH_ffbb1c514d6a4f40a7f8a9f769bc781a/gnocchi.974be382-e87f-4bea-a8ca-7e62c2bdd3fd" 201 - "-" "-" "container-updater 2" 0.0005 "-" 21 0
Oct 5 08:33:00 np0005471148 account-server[123060]: 172.20.0.103 - - [05/Oct/2025:08:33:00 +0000] "PUT /d1/852/AUTH_ffbb1c514d6a4f40a7f8a9f769bc781a/gnocchi.80bb1bb0-b35e-4ba8-a2bb-fd16b5b44bba" 201 - "-" "-" "container-updater 2" 0.0006 "-" 22 0
Oct 5 08:33:00 np0005471148 account-server[123037]: 172.20.0.103 - - [05/Oct/2025:08:33:00 +0000] "PUT /d1/852/AUTH_ffbb1c514d6a4f40a7f8a9f769bc781a/gnocchi.cebab2a7-ecec-4c42-b8fc-013a1ede8d36" 201 - "-" "-" "container-updater 2" 0.0006 "-" 20 0
Oct 5 08:33:00 np0005471148 account-server[123060]: 172.20.0.103 - - [05/Oct/2025:08:33:00 +0000] "PUT /d1/852/AUTH_ffbb1c514d6a4f40a7f8a9f769bc781a/gnocchi.7b1cfb9f-e398-41bd-b164-31557797eb07" 201 - "-" "-" "container-updater 2" 0.0007 "-" 22 0
Oct 5 08:33:00 np0005471148 account-server[123068]: 172.20.0.103 - - [05/Oct/2025:08:33:00 +0000] "PUT /d1/852/AUTH_ffbb1c514d6a4f40a7f8a9f769bc781a/gnocchi.c55ef7d8-2b83-4ed6-a53d-9b74da124da8" 201 - "-" "-" "container-updater 2" 0.0007 "-" 23 0
Oct 5 08:33:00 np0005471148 account-server[123044]: 172.20.0.103 - - [05/Oct/2025:08:33:00 +0000] "PUT /d1/852/AUTH_ffbb1c514d6a4f40a7f8a9f769bc781a/gnocchi.ec8ae746-e870-4212-b449-049a01fc2765" 201 - "-" "-" "container-updater 2" 0.0007 "-" 21 0
Oct 5 08:33:00 np0005471148 account-server[123068]: 172.20.0.103 - - [05/Oct/2025:08:33:00 +0000] "PUT /d1/852/AUTH_ffbb1c514d6a4f40a7f8a9f769bc781a/gnocchi.25a1eb0e-726c-49ea-b034-65511fd14d47" 201 - "-" "-" "container-updater 2" 0.0007 "-" 23 0
Oct 5 08:33:00 np0005471148 account-server[123037]: 172.20.0.103 - - [05/Oct/2025:08:33:00 +0000] "PUT /d1/852/AUTH_ffbb1c514d6a4f40a7f8a9f769bc781a/gnocchi.6aa7b351-85b7-4149-aa8e-ba7242fca0e1" 201 - "-" "-" "container-updater 2" 0.0007 "-" 20 0
Oct 5 08:33:00 np0005471148 account-server[123044]: 172.20.0.103 - - [05/Oct/2025:08:33:00 +0000] "PUT /d1/852/AUTH_ffbb1c514d6a4f40a7f8a9f769bc781a/gnocchi.3b18e974-54e7-4113-bd79-01f93e83d4ff" 201 - "-" "-" "container-updater 2" 0.0007 "-" 21 0
Oct 5 08:33:00 np0005471148 container-server[122972]: Beginning replication run
Oct 5 08:33:00 np0005471148 account-server[123037]: 172.20.0.103 - - [05/Oct/2025:08:33:00 +0000] "PUT /d1/852/AUTH_ffbb1c514d6a4f40a7f8a9f769bc781a/gnocchi.630ced32-f036-4c8c-bebe-dfa7df1b4507" 201 - "-" "-" "container-updater 2" 0.0005 "-" 20 0
Oct 5 08:33:00 np0005471148 account-server[123068]: 172.20.0.103 - - [05/Oct/2025:08:33:00 +0000] "PUT /d1/852/AUTH_ffbb1c514d6a4f40a7f8a9f769bc781a/gnocchi.c1f22f51-3ab2-4ed3-a2be-e913312125fc" 201 - "-" "-" "container-updater 2" 0.0007 "-" 23 0
Oct 5 08:33:01 np0005471148 account-server[123044]: 172.20.0.103 - - [05/Oct/2025:08:33:01 +0000] "PUT /d1/852/AUTH_ffbb1c514d6a4f40a7f8a9f769bc781a/gnocchi.a83cb81b-2f4e-4dac-9d1d-aae43909f5cf" 201 - "-" "-" "container-updater 2" 0.0007 "-" 21 0
Oct 5 08:33:01 np0005471148 account-server[123068]: 172.20.0.103 - - [05/Oct/2025:08:33:01 +0000] "PUT /d1/852/AUTH_ffbb1c514d6a4f40a7f8a9f769bc781a/gnocchi.b91482ff-72d8-413b-96ef-5b7c844cebdb" 201 - "-" "-" "container-updater 2" 0.0005 "-" 23 0
Oct 5 08:33:01 np0005471148 account-server[123060]: 172.20.0.103 - - [05/Oct/2025:08:33:01 +0000] "PUT /d1/852/AUTH_ffbb1c514d6a4f40a7f8a9f769bc781a/gnocchi.812d8853-9830-4007-a8c4-a077946f8fcd" 201 - "-" "-" "container-updater 2" 0.0005 "-" 22 0
Oct 5 08:33:01 np0005471148 container-server[122972]: Replication run OVER
Oct 5 08:33:01 np0005471148 container-server[122972]: Attempted to replicate 22 dbs in 0.44166 seconds (49.81255/s)
Oct 5 08:33:01 np0005471148 container-server[122972]: Removed 0 dbs
Oct 5 08:33:01 np0005471148 container-server[122972]: 44 successes, 0 failures
Oct 5 08:33:01 np0005471148 container-server[122972]: diff:0 diff_capped:0 empty:0 hashmatch:0 no_change:44 remote_merge:0 rsync:0 ts_repl:0
Oct 5 08:33:01 np0005471148 account-server[123044]: 172.20.0.103 - - [05/Oct/2025:08:33:01 +0000] "PUT /d1/852/AUTH_ffbb1c514d6a4f40a7f8a9f769bc781a/gnocchi.438e0e68-ec6d-4307-aed3-840f4b7d7c0d" 201 - "-" "-" "container-updater 2" 0.0005 "-" 21 0
Oct 5 08:33:01 np0005471148 account-server[123068]: 172.20.0.103 - - [05/Oct/2025:08:33:01 +0000] "PUT /d1/852/AUTH_ffbb1c514d6a4f40a7f8a9f769bc781a/gnocchi.9749cebc-76ac-4f62-8e0c-8f08d99893f2" 201 - "-" "-" "container-updater 2" 0.0004 "-" 23 0
Oct 5 08:33:21 np0005471148 object-server[123543]: Starting object replication pass.
Oct 5 08:33:22 np0005471148 object-server[123543]: 44/44 (100.00%) partitions replicated in 0.41s (107.12/sec, 0s remaining)
Oct 5 08:33:22 np0005471148 object-server[123543]: 88 successes, 0 failures
Oct 5 08:33:22 np0005471148 object-server[123543]: 44 suffixes checked - 0.00% hashed, 0.00% synced
Oct 5 08:33:22 np0005471148 object-server[123543]: Partition times: max 0.0150s, min 0.0065s, med 0.0084s
Oct 5 08:33:22 np0005471148 object-server[123543]: Object replication complete. (0.01 minutes)
Oct 5 08:33:26 np0005471148 object-server[236426]: Begin object audit "forever" mode (ZBF)
Oct 5 08:33:26 np0005471148 object-server[236427]: Begin object audit "forever" mode (ALL)
Oct 5 08:33:26 np0005471148 object-server[236426]: Object audit (ZBF). Since Sun Oct 5 08:33:26 2025: Locally: 1 passed, 0 quarantined, 0 errors, files/sec: 398.36, bytes/sec: 0.00, Total time: 0.00, Auditing time: 0.00, Rate: 0.00
Oct 5 08:33:26 np0005471148 object-server[236427]: Object audit (ALL). Since Sun Oct 5 08:33:26 2025: Locally: 1 passed, 0 quarantined, 0 errors, files/sec: 72.66, bytes/sec: 1162.60, Total time: 0.01, Auditing time: 0.00, Rate: 0.00
Oct 5 08:33:26 np0005471148 object-server[236426]: Object audit (ZBF) "forever" mode completed: 0.84s. Total quarantined: 0, Total errors: 0, Total files/sec: 52.14, Total bytes/sec: 0.00, Auditing time: 0.83, Rate: 0.99
Oct 5 08:33:28 np0005471148 object-server[236427]: Object audit (ALL) "forever" mode completed: 2.12s. Total quarantined: 0, Total errors: 0, Total files/sec: 20.80, Total bytes/sec: 399.85, Auditing time: 2.10, Rate: 0.99
Oct 5 08:33:30 np0005471148 account-server[122556]: Beginning replication run
Oct 5 08:33:30 np0005471148 account-server[122556]: Replication run OVER
Oct 5 08:33:30 np0005471148 account-server[122556]: Attempted to replicate 1 dbs in 0.03016 seconds (33.16142/s)
Oct 5 08:33:30 np0005471148 account-server[122556]: Removed 0 dbs
Oct 5 08:33:30 np0005471148 account-server[122556]: 2 successes, 0 failures
Oct 5 08:33:30 np0005471148 account-server[122556]: diff:0 diff_capped:0 empty:0 hashmatch:0 no_change:2 remote_merge:0 rsync:0 ts_repl:0
Oct 5 08:33:30 np0005471148 container-server[122972]: Beginning replication run
Oct 5 08:33:31 np0005471148 container-server[122972]: Replication run OVER
Oct 5 08:33:31 np0005471148 container-server[122972]: Attempted to replicate 22 dbs in 0.43290 seconds (50.82007/s)
Oct 5 08:33:31 np0005471148 container-server[122972]: Removed 0 dbs
Oct 5 08:33:31 np0005471148 container-server[122972]: 44 successes, 0 failures
Oct 5 08:33:31 np0005471148 container-server[122972]: diff:0 diff_capped:0 empty:0 hashmatch:0 no_change:44 remote_merge:0 rsync:0 ts_repl:0
Oct 5 08:33:52 np0005471148 object-server[123543]: Starting object replication pass.
Oct 5 08:33:52 np0005471148 object-server[123543]: 44/44 (100.00%) partitions replicated in 0.39s (111.88/sec, 0s remaining)
Oct 5 08:33:52 np0005471148 object-server[123543]: 88 successes, 0 failures
Oct 5 08:33:52 np0005471148 object-server[123543]: 44 suffixes checked - 0.00% hashed, 0.00% synced
Oct 5 08:33:52 np0005471148 object-server[123543]: Partition times: max 0.0147s, min 0.0059s, med 0.0080s
Oct 5 08:33:52 np0005471148 object-server[123543]: Object replication complete. (0.01 minutes)
Oct 5 08:33:53 np0005471148 account-server[123068]: 172.20.0.103 - - [05/Oct/2025:08:33:53 +0000] "HEAD /d1/525/.expiring_objects" 404 - "HEAD http://localhost/v1/.expiring_objects?format=json" "tx55537a5be6fc42a2a75d9-0068e22d71" "proxy-server 2" 0.0007 "-" 23 -
Oct 5 08:33:57 np0005471148 object-server[236490]: Begin object audit "forever" mode (ZBF)
Oct 5 08:33:57 np0005471148 object-server[236490]: Object audit (ZBF). Since Sun Oct 5 08:33:57 2025: Locally: 1 passed, 0 quarantined, 0 errors, files/sec: 274.21, bytes/sec: 0.00, Total time: 0.00, Auditing time: 0.00, Rate: 0.00
Oct 5 08:33:57 np0005471148 object-server[236490]: Object audit (ZBF) "forever" mode completed: 0.85s. Total quarantined: 0, Total errors: 0, Total files/sec: 52.06, Total bytes/sec: 0.00, Auditing time: 0.83, Rate: 0.98
Oct 5 08:34:00 np0005471148 account-server[122556]: Beginning replication run
Oct 5 08:34:00 np0005471148 account-server[122556]: Replication run OVER
Oct 5 08:34:00 np0005471148 account-server[122556]: Attempted to replicate 1 dbs in 0.01558 seconds (64.19648/s)
Oct 5 08:34:00 np0005471148 account-server[122556]: Removed 0 dbs
Oct 5 08:34:00 np0005471148 account-server[122556]: 2 successes, 0 failures
Oct 5 08:34:00 np0005471148 account-server[122556]: diff:0 diff_capped:0 empty:0 hashmatch:0 no_change:2 remote_merge:0 rsync:0 ts_repl:0
Oct 5 08:34:00 np0005471148 container-server[122972]: Beginning replication run
Oct 5 08:34:01 np0005471148 container-server[122972]: Replication run OVER
Oct 5 08:34:01 np0005471148 container-server[122972]: Attempted to replicate 22 dbs in 0.44225 seconds (49.74612/s)
Oct 5 08:34:01 np0005471148 container-server[122972]: Removed 0 dbs
Oct 5 08:34:01 np0005471148 container-server[122972]: 44 successes, 0 failures
Oct 5 08:34:01 np0005471148 container-server[122972]: diff:0 diff_capped:0 empty:0 hashmatch:0 no_change:44 remote_merge:0 rsync:0 ts_repl:0
Oct 5 08:34:21 np0005471148 container-server[122662]: Begin container audit pass.
Oct 5 08:34:22 np0005471148 object-server[123543]: Starting object replication pass.
Oct 5 08:34:22 np0005471148 object-server[123543]: 44/44 (100.00%) partitions replicated in 0.41s (107.18/sec, 0s remaining)
Oct 5 08:34:22 np0005471148 object-server[123543]: 88 successes, 0 failures
Oct 5 08:34:22 np0005471148 object-server[123543]: 44 suffixes checked - 0.00% hashed, 0.00% synced
Oct 5 08:34:22 np0005471148 object-server[123543]: Partition times: max 0.0176s, min 0.0059s, med 0.0083s
Oct 5 08:34:22 np0005471148 object-server[123543]: Object replication complete. (0.01 minutes)
Oct 5 08:34:27 np0005471148 object-server[242590]: Begin object audit "forever" mode (ZBF)
Oct 5 08:34:27 np0005471148 object-server[242590]: Object audit (ZBF). Since Sun Oct 5 08:34:27 2025: Locally: 1 passed, 0 quarantined, 0 errors, files/sec: 1024.75, bytes/sec: 0.00, Total time: 0.00, Auditing time: 0.00, Rate: 0.00
Oct 5 08:34:27 np0005471148 object-server[242592]: Begin object audit "forever" mode (ALL)
Oct 5 08:34:27 np0005471148 object-server[242592]: Object audit (ALL). Since Sun Oct 5 08:34:27 2025: Locally: 1 passed, 0 quarantined, 0 errors, files/sec: 89.58, bytes/sec: 1433.28, Total time: 0.01, Auditing time: 0.00, Rate: 0.00
Oct 5 08:34:28 np0005471148 object-server[242590]: Object audit (ZBF) "forever" mode completed: 0.84s. Total quarantined: 0, Total errors: 0, Total files/sec: 52.22, Total bytes/sec: 0.00, Auditing time: 0.83, Rate: 0.99
Oct 5 08:34:30 np0005471148 account-server[122556]: Beginning replication run
Oct 5 08:34:30 np0005471148 object-server[242592]: Object audit (ALL) "forever" mode completed: 2.11s. Total quarantined: 0, Total errors: 0, Total files/sec: 20.81, Total bytes/sec: 400.20, Auditing time: 2.10, Rate: 0.99
Oct 5 08:34:30 np0005471148 account-server[122556]: Replication run OVER
Oct 5 08:34:30 np0005471148 account-server[122556]: Attempted to replicate 1 dbs in 0.01741 seconds (57.44487/s)
Oct 5 08:34:30 np0005471148 account-server[122556]: Removed 0 dbs
Oct 5 08:34:30 np0005471148 account-server[122556]: 2 successes, 0 failures
Oct 5 08:34:30 np0005471148 account-server[122556]: diff:0 diff_capped:0 empty:0 hashmatch:0 no_change:2 remote_merge:0 rsync:0 ts_repl:0
Oct 5 08:34:30 np0005471148 container-server[122972]: Beginning replication run
Oct 5 08:34:31 np0005471148 container-server[122972]: Replication run OVER
Oct 5 08:34:31 np0005471148 container-server[122972]: Attempted to replicate 22 dbs in 0.43814 seconds (50.21179/s)
Oct 5 08:34:31 np0005471148 container-server[122972]: Removed 0 dbs
Oct 5 08:34:31 np0005471148 container-server[122972]: 44 successes, 0 failures
Oct 5 08:34:31 np0005471148 container-server[122972]: diff:0 diff_capped:0 empty:0 hashmatch:0 no_change:44 remote_merge:0 rsync:0 ts_repl:0
Oct 5 08:34:52 np0005471148 object-server[123543]: Starting object replication pass.
Oct 5 08:34:53 np0005471148 object-server[123543]: 44/44 (100.00%) partitions replicated in 0.43s (102.30/sec, 0s remaining)
Oct 5 08:34:53 np0005471148 object-server[123543]: 88 successes, 0 failures
Oct 5 08:34:53 np0005471148 object-server[123543]: 44 suffixes checked - 0.00% hashed, 0.00% synced
Oct 5 08:34:53 np0005471148 object-server[123543]: Partition times: max 0.0390s, min 0.0054s, med 0.0084s
Oct 5 08:34:53 np0005471148 object-server[123543]: Object replication complete. (0.01 minutes)
Oct 5 08:34:58 np0005471148 object-server[242660]: Begin object audit "forever" mode (ZBF)
Oct 5 08:34:58 np0005471148 object-server[242660]: Object audit (ZBF). Since Sun Oct 5 08:34:58 2025: Locally: 1 passed, 0 quarantined, 0 errors, files/sec: 487.99, bytes/sec: 0.00, Total time: 0.00, Auditing time: 0.00, Rate: 0.00
Oct 5 08:34:59 np0005471148 object-server[242660]: Object audit (ZBF) "forever" mode completed: 0.84s. Total quarantined: 0, Total errors: 0, Total files/sec: 52.16, Total bytes/sec: 0.00, Auditing time: 0.83, Rate: 0.99
Oct 5 08:35:00 np0005471148 account-server[122556]: Beginning replication run
Oct 5 08:35:00 np0005471148 account-server[122556]: Replication run OVER
Oct 5 08:35:00 np0005471148 account-server[122556]: Attempted to replicate 1 dbs in 0.01836 seconds (54.45633/s)
Oct 5 08:35:00 np0005471148 account-server[122556]: Removed 0 dbs
Oct 5 08:35:00 np0005471148 account-server[122556]: 2 successes, 0 failures
Oct 5 08:35:00 np0005471148 account-server[122556]: diff:0 diff_capped:0 empty:0 hashmatch:0 no_change:2 remote_merge:0 rsync:0 ts_repl:0
Oct 5 08:35:00 np0005471148 container-server[122972]: Beginning replication run
Oct 5 08:35:01 np0005471148 container-server[122972]: Replication run OVER
Oct 5 08:35:01 np0005471148 container-server[122972]: Attempted to replicate 22 dbs in 0.43268 seconds (50.84561/s)
Oct 5 08:35:01 np0005471148 container-server[122972]: Removed 0 dbs
Oct 5 08:35:01 np0005471148 container-server[122972]: 44 successes, 0 failures
Oct 5 08:35:01 np0005471148 container-server[122972]: diff:0 diff_capped:0 empty:0 hashmatch:0 no_change:44 remote_merge:0 rsync:0 ts_repl:0
Oct 5 08:35:20 np0005471148 account-server[123037]: 172.20.0.104 - - [05/Oct/2025:08:35:20 +0000] "HEAD /d1/525/.expiring_objects" 404 - "HEAD http://localhost/v1/.expiring_objects?format=json" "tx6d9ec618ecb7464295310-0068e22dc8" "proxy-server 2" 0.0005 "-" 20 -
Oct 5 08:35:23 np0005471148 object-server[123543]: Starting object replication pass.
Oct 5 08:35:23 np0005471148 object-server[123543]: 44/44 (100.00%) partitions replicated in 0.48s (91.83/sec, 0s remaining)
Oct 5 08:35:23 np0005471148 object-server[123543]: 88 successes, 0 failures
Oct 5 08:35:23 np0005471148 object-server[123543]: 44 suffixes checked - 0.00% hashed, 0.00% synced
Oct 5 08:35:23 np0005471148 object-server[123543]: Partition times: max 0.0646s, min 0.0065s, med 0.0086s
Oct 5 08:35:23 np0005471148 object-server[123543]: Object replication complete. (0.01 minutes)
Oct 5 08:35:29 np0005471148 object-server[248659]: Begin object audit "forever" mode (ZBF)
Oct 5 08:35:29 np0005471148 object-server[248659]: Object audit (ZBF). Since Sun Oct 5 08:35:29 2025: Locally: 1 passed, 0 quarantined, 0 errors, files/sec: 695.46, bytes/sec: 0.00, Total time: 0.00, Auditing time: 0.00, Rate: 0.00
Oct 5 08:35:29 np0005471148 object-server[248660]: Begin object audit "forever" mode (ALL)
Oct 5 08:35:29 np0005471148 object-server[248660]: Object audit (ALL). Since Sun Oct 5 08:35:29 2025: Locally: 1 passed, 0 quarantined, 0 errors, files/sec: 116.90, bytes/sec: 1870.37, Total time: 0.01, Auditing time: 0.00, Rate: 0.00
Oct 5 08:35:30 np0005471148 account-server[122556]: Beginning replication run
Oct 5 08:35:30 np0005471148 account-server[122556]: Replication run OVER
Oct 5 08:35:30 np0005471148 account-server[122556]: Attempted to replicate 1 dbs in 0.01916 seconds (52.19236/s)
Oct 5 08:35:30 np0005471148 account-server[122556]: Removed 0 dbs
Oct 5 08:35:30 np0005471148 account-server[122556]: 2 successes, 0 failures
Oct 5 08:35:30 np0005471148 account-server[122556]: diff:0 diff_capped:0 empty:0 hashmatch:0 no_change:2 remote_merge:0 rsync:0 ts_repl:0
Oct 5 08:35:30 np0005471148 object-server[248659]: Object audit (ZBF) "forever" mode completed: 0.84s. Total quarantined: 0, Total errors: 0, Total files/sec: 52.20, Total bytes/sec: 0.00, Auditing time: 0.83, Rate: 0.99
Oct 5 08:35:30 np0005471148 container-server[122972]: Beginning replication run
Oct 5 08:35:31 np0005471148 container-server[122972]: Replication run OVER
Oct 5 08:35:31 np0005471148 container-server[122972]: Attempted to replicate 22 dbs in 0.44024 seconds (49.97263/s)
Oct 5 08:35:31 np0005471148 container-server[122972]: Removed 0 dbs
Oct 5 08:35:31 np0005471148 container-server[122972]: 44 successes, 0 failures
Oct 5 08:35:31 np0005471148 container-server[122972]: diff:0 diff_capped:0 empty:0 hashmatch:0 no_change:44 remote_merge:0 rsync:0 ts_repl:0
Oct 5 08:35:32 np0005471148 object-server[248660]: Object audit (ALL) "forever" mode completed: 2.11s. Total quarantined: 0, Total errors: 0, Total files/sec: 20.85, Total bytes/sec: 400.81, Auditing time: 2.10, Rate: 0.99
Oct 5 08:35:34 np0005471148 container-server[123055]: Begin container update sweep
Oct 5 08:35:34 np0005471148 account-server[123037]: 172.20.0.105 - - [05/Oct/2025:08:35:34 +0000] "PUT /d1/852/AUTH_ffbb1c514d6a4f40a7f8a9f769bc781a/gnocchi.25a1eb0e-726c-49ea-b034-65511fd14d47" 201 - "-" "-" "container-updater 2" 0.0011 "-" 20 0
Oct 5 08:35:34 np0005471148 account-server[123060]: 172.20.0.105 - - [05/Oct/2025:08:35:34 +0000] "PUT /d1/852/AUTH_ffbb1c514d6a4f40a7f8a9f769bc781a/gnocchi.974be382-e87f-4bea-a8ca-7e62c2bdd3fd" 201 - "-" "-" "container-updater 2" 0.0004 "-" 22 0
Oct 5 08:35:35 np0005471148 account-server[123068]: 172.20.0.105 - - [05/Oct/2025:08:35:35 +0000] "PUT /d1/852/AUTH_ffbb1c514d6a4f40a7f8a9f769bc781a/gnocchi.438e0e68-ec6d-4307-aed3-840f4b7d7c0d" 201 - "-" "-" "container-updater 2" 0.0009 "-" 23 0
Oct 5 08:35:35 np0005471148 account-server[123068]: 172.20.0.105 - - [05/Oct/2025:08:35:35 +0000] "PUT /d1/852/AUTH_ffbb1c514d6a4f40a7f8a9f769bc781a/gnocchi.7b1cfb9f-e398-41bd-b164-31557797eb07" 201 - "-" "-" "container-updater 2" 0.0008 "-" 23 0
Oct 5 08:35:35 np0005471148 account-server[123060]: 172.20.0.105 - - [05/Oct/2025:08:35:35 +0000] "PUT /d1/852/AUTH_ffbb1c514d6a4f40a7f8a9f769bc781a/gnocchi.34d0c3fe-275b-44da-a4d2-7d85fffb2a30" 201 - "-" "-" "container-updater 2" 0.0007 "-" 22 0
Oct 5 08:35:35 np0005471148 account-server[123060]: 172.20.0.105 - - [05/Oct/2025:08:35:35 +0000] "PUT /d1/852/AUTH_ffbb1c514d6a4f40a7f8a9f769bc781a/gnocchi.630ced32-f036-4c8c-bebe-dfa7df1b4507" 201 - "-" "-" "container-updater 2" 0.0007 "-" 22 0
Oct 5 08:35:35 np0005471148 account-server[123060]: 172.20.0.105 - - [05/Oct/2025:08:35:35 +0000] "PUT /d1/852/AUTH_ffbb1c514d6a4f40a7f8a9f769bc781a/gnocchi.812d8853-9830-4007-a8c4-a077946f8fcd" 201 - "-" "-" "container-updater 2" 0.0007 "-" 22 0
Oct 5 08:35:35 np0005471148 account-server[123037]: 172.20.0.105 - - [05/Oct/2025:08:35:35 +0000] "PUT /d1/852/AUTH_ffbb1c514d6a4f40a7f8a9f769bc781a/gnocchi.c1f22f51-3ab2-4ed3-a2be-e913312125fc" 201 - "-" "-" "container-updater 2" 0.0007 "-" 20 0
Oct 5 08:35:35 np0005471148 account-server[123037]: 172.20.0.105 - - [05/Oct/2025:08:35:35 +0000] "PUT /d1/852/AUTH_ffbb1c514d6a4f40a7f8a9f769bc781a/gnocchi.80bb1bb0-b35e-4ba8-a2bb-fd16b5b44bba" 201 - "-" "-" "container-updater 2" 0.0008 "-" 20 0
Oct 5 08:35:35 np0005471148 account-server[123044]: 172.20.0.105 - - [05/Oct/2025:08:35:35 +0000] "PUT /d1/852/AUTH_ffbb1c514d6a4f40a7f8a9f769bc781a/gnocchi.cebab2a7-ecec-4c42-b8fc-013a1ede8d36" 201 - "-" "-" "container-updater 2" 0.0008 "-" 21 0
Oct 5 08:35:35 np0005471148 account-server[123068]: 172.20.0.105 - - [05/Oct/2025:08:35:35 +0000] "PUT /d1/852/AUTH_ffbb1c514d6a4f40a7f8a9f769bc781a/gnocchi.dda64f45-a86b-4fc6-83cd-239cb3b859f1" 201 - "-" "-" "container-updater 2" 0.0007 "-" 23 0
Oct 5 08:35:35 np0005471148 account-server[123044]: 172.20.0.105 - - [05/Oct/2025:08:35:35 +0000] "PUT /d1/852/AUTH_ffbb1c514d6a4f40a7f8a9f769bc781a/gnocchi.6aa7b351-85b7-4149-aa8e-ba7242fca0e1" 201 - "-" "-" "container-updater 2" 0.0008 "-" 21 0
Oct 5 08:35:35 np0005471148 account-server[123037]: 172.20.0.105 - - [05/Oct/2025:08:35:35 +0000] "PUT /d1/852/AUTH_ffbb1c514d6a4f40a7f8a9f769bc781a/gnocchi.5cd9b367-abdc-45e9-a02e-9d779cc0e4a9" 201 - "-" "-" "container-updater 2" 0.0013 "-" 20 0
Oct 5 08:35:36 np0005471148 account-server[123060]: 172.20.0.105 - - [05/Oct/2025:08:35:36 +0000] "PUT /d1/852/AUTH_ffbb1c514d6a4f40a7f8a9f769bc781a/gnocchi.b91482ff-72d8-413b-96ef-5b7c844cebdb" 201 - "-" "-" "container-updater 2" 0.0005 "-" 22 0
Oct 5 08:35:36 np0005471148 container-server[123055]: Container update sweep completed: 1.60s
Oct 5 08:35:36 np0005471148 object-server[123588]: Begin object update sweep
Oct 5 08:35:36 np0005471148 object-server[249079]: Object update sweep starting on /srv/node/d1 (pid: 15)
Oct 5 08:35:36 np0005471148 object-server[249079]: Object update sweep completed on /srv/node/d1 in 0.00s seconds:, 0 successes, 0 failures, 0 quarantines, 0 unlinks, 0 errors, 0 redirects (pid: 15)
Oct 5 08:35:36 np0005471148 object-server[249079]: Object update sweep of d1 completed: 0.00s, 0 successes, 0 failures, 0 quarantines, 0 unlinks, 0 errors, 0 redirects
Oct 5 08:35:36 np0005471148 object-server[123588]: Object update sweep completed: 0.09s
Oct 5 08:35:52 np0005471148 account-server[123044]: 172.20.0.105 - - [05/Oct/2025:08:35:52 +0000] "HEAD /d1/852/AUTH_ffbb1c514d6a4f40a7f8a9f769bc781a" 204 - "HEAD http://172.18.0.178:8080/v1/AUTH_ffbb1c514d6a4f40a7f8a9f769bc781a?format=json" "tx65b80675911844a4b2d5b-0068e22de8" "proxy-server 20" 0.0027 "-" 21 -
Oct 5 08:35:52 np0005471148 proxy-server[124968]: - - 05/Oct/2025/08/35/52 HEAD /v1/AUTH_ffbb1c514d6a4f40a7f8a9f769bc781a%3Fformat%3Djson HTTP/1.0 204 - Swift - - - - tx65b80675911844a4b2d5b-0068e22de8 - 0.0072 RL - 1759653352.240933180 1759653352.248143196 -
Oct 5 08:35:52 np0005471148 object-server[123784]: 172.20.0.105 - - [05/Oct/2025:08:35:52 +0000] "GET /d1/575/AUTH_ffbb1c514d6a4f40a7f8a9f769bc781a/gnocchi.80bb1bb0-b35e-4ba8-a2bb-fd16b5b44bba/none_v3" 200 22 "GET http://172.18.0.178:8080/v1/AUTH_ffbb1c514d6a4f40a7f8a9f769bc781a/gnocchi.80bb1bb0-b35e-4ba8-a2bb-fd16b5b44bba/none_v3" "tx65b80675911844a4b2d5b-0068e22de8" "proxy-server 20" 0.0017 "-" 22 0
Oct 5 08:35:52 np0005471148 proxy-server[124968]: 172.18.0.103 172.18.0.104 05/Oct/2025/08/35/52 GET /v1/AUTH_ffbb1c514d6a4f40a7f8a9f769bc781a/gnocchi.80bb1bb0-b35e-4ba8-a2bb-fd16b5b44bba/none_v3 HTTP/1.0 200 - python-swiftclient-3.11.1 gAAAAABo4iyYaC5C... - 22 - tx65b80675911844a4b2d5b-0068e22de8 - 0.0852 - - 1759653352.240150690 1759653352.325342417 0
Oct 5 08:35:52 np0005471148 proxy-server[124968]: 172.18.0.103 172.18.0.104 05/Oct/2025/08/35/52 GET /v1/AUTH_ffbb1c514d6a4f40a7f8a9f769bc781a/gnocchi.80bb1bb0-b35e-4ba8-a2bb-fd16b5b44bba%3Fformat%3Djson%26states%3Dlisting HTTP/1.0 200 - python-swiftclient-3.11.1 gAAAAABo4iyYaC5C... - 357 - tx17f28af04eab44e482c06-0068e22de8 - 0.0153 - - 1759653352.331840992 1759653352.347147226 0
Oct 5 08:35:52 np0005471148 container-server[123354]: 172.20.0.105 - - [05/Oct/2025:08:35:52 +0000] "GET /d1/668/AUTH_ffbb1c514d6a4f40a7f8a9f769bc781a/gnocchi.80bb1bb0-b35e-4ba8-a2bb-fd16b5b44bba" 200 2 "GET http://172.18.0.178:8080/v1/AUTH_ffbb1c514d6a4f40a7f8a9f769bc781a/gnocchi.80bb1bb0-b35e-4ba8-a2bb-fd16b5b44bba?format=json&marker=none_v3&states=listing" "txb6bc515a7fa94801a91eb-0068e22de8" "proxy-server 20" 0.0049 "-" 15 0
Oct 5 08:35:52 np0005471148 proxy-server[124968]: 172.18.0.103 172.18.0.104 05/Oct/2025/08/35/52 GET /v1/AUTH_ffbb1c514d6a4f40a7f8a9f769bc781a/gnocchi.80bb1bb0-b35e-4ba8-a2bb-fd16b5b44bba%3Fformat%3Djson%26marker%3Dnone_v3%26states%3Dlisting HTTP/1.0 200 - python-swiftclient-3.11.1 gAAAAABo4iyYaC5C... - 2 - txb6bc515a7fa94801a91eb-0068e22de8 - 0.0146 - - 1759653352.351509571 1759653352.366078377 0
Oct 5 08:35:52 np0005471148 proxy-server[124968]: 172.18.0.103 172.18.0.104 05/Oct/2025/08/35/52 GET /v1/AUTH_ffbb1c514d6a4f40a7f8a9f769bc781a/gnocchi.80bb1bb0-b35e-4ba8-a2bb-fd16b5b44bba/1759320000.0_mean_300.0_v3 HTTP/1.0 200 - python-swiftclient-3.11.1 gAAAAABo4iyYaC5C... - 16 - tx411279f5246f42d591974-0068e22de8 - 0.0100 - - 1759653352.371703148 1759653352.381669044 0
Oct 5 08:35:52 np0005471148 object-server[123784]: 172.20.0.105 - - [05/Oct/2025:08:35:52 +0000] "GET /d1/653/AUTH_ffbb1c514d6a4f40a7f8a9f769bc781a/gnocchi.80bb1bb0-b35e-4ba8-a2bb-fd16b5b44bba/1759320000.0_rate%3Amean_300.0_v3" 404 70 "GET http://172.18.0.178:8080/v1/AUTH_ffbb1c514d6a4f40a7f8a9f769bc781a/gnocchi.80bb1bb0-b35e-4ba8-a2bb-fd16b5b44bba/1759320000.0_rate%3Amean_300.0_v3" "tx5012ce44ad554aeea4538-0068e22de8" "proxy-server 20" 0.0003 "-" 22 0
Oct 5 08:35:52 np0005471148 proxy-server[124968]: 172.18.0.103 172.18.0.104 05/Oct/2025/08/35/52 GET /v1/AUTH_ffbb1c514d6a4f40a7f8a9f769bc781a/gnocchi.80bb1bb0-b35e-4ba8-a2bb-fd16b5b44bba/1759320000.0_rate%253Amean_300.0_v3 HTTP/1.0 404 - python-swiftclient-3.11.1 gAAAAABo4iyYaC5C... - 70 - tx5012ce44ad554aeea4538-0068e22de8 - 0.0256 - - 1759653352.386303663 1759653352.411857367 0
Oct 5 08:35:52 np0005471148 container-server[123348]: 172.20.0.105 - - [05/Oct/2025:08:35:52 +0000] "PUT /d1/668/AUTH_ffbb1c514d6a4f40a7f8a9f769bc781a/gnocchi.80bb1bb0-b35e-4ba8-a2bb-fd16b5b44bba/1759320000.0_mean_300.0_v3" 201 - "PUT http://172.18.0.178:8080/d1/55/AUTH_ffbb1c514d6a4f40a7f8a9f769bc781a/gnocchi.80bb1bb0-b35e-4ba8-a2bb-fd16b5b44bba/1759320000.0_mean_300.0_v3" "tx97ed7195d632443fac497-0068e22de8" "object-server 23" 0.0006 "-" 14 0
Oct 5 08:35:52 np0005471148 object-server[123793]: 172.20.0.105 - - [05/Oct/2025:08:35:52 +0000] "PUT /d1/55/AUTH_ffbb1c514d6a4f40a7f8a9f769bc781a/gnocchi.80bb1bb0-b35e-4ba8-a2bb-fd16b5b44bba/1759320000.0_mean_300.0_v3" 201 - "PUT http://172.18.0.178:8080/v1/AUTH_ffbb1c514d6a4f40a7f8a9f769bc781a/gnocchi.80bb1bb0-b35e-4ba8-a2bb-fd16b5b44bba/1759320000.0_mean_300.0_v3" "tx97ed7195d632443fac497-0068e22de8" "proxy-server 20" 0.0143 "-" 23 0
Oct 5 08:35:52 np0005471148 proxy-server[124968]: 172.18.0.103 172.18.0.104 05/Oct/2025/08/35/52 PUT /v1/AUTH_ffbb1c514d6a4f40a7f8a9f769bc781a/gnocchi.80bb1bb0-b35e-4ba8-a2bb-fd16b5b44bba/1759320000.0_mean_300.0_v3 HTTP/1.0 201 - python-swiftclient-3.11.1 gAAAAABo4iyYaC5C... 24 - - tx97ed7195d632443fac497-0068e22de8 - 0.0317 - - 1759653352.419970512 1759653352.451713085 0
Oct 5 08:35:52 np0005471148 container-server[123348]: 172.20.0.105 - - [05/Oct/2025:08:35:52 +0000] "PUT /d1/668/AUTH_ffbb1c514d6a4f40a7f8a9f769bc781a/gnocchi.80bb1bb0-b35e-4ba8-a2bb-fd16b5b44bba/1759320000.0_rate%3Amean_300.0_v3" 201 - "PUT http://172.18.0.178:8080/d1/653/AUTH_ffbb1c514d6a4f40a7f8a9f769bc781a/gnocchi.80bb1bb0-b35e-4ba8-a2bb-fd16b5b44bba/1759320000.0_rate%3Amean_300.0_v3" "txb52f9e7130334853ba830-0068e22de8" "object-server 23" 0.0003 "-" 14 0
Oct 5 08:35:52 np0005471148 object-server[123793]: 172.20.0.105 - - [05/Oct/2025:08:35:52 +0000] "PUT /d1/653/AUTH_ffbb1c514d6a4f40a7f8a9f769bc781a/gnocchi.80bb1bb0-b35e-4ba8-a2bb-fd16b5b44bba/1759320000.0_rate%3Amean_300.0_v3" 201 - "PUT http://172.18.0.178:8080/v1/AUTH_ffbb1c514d6a4f40a7f8a9f769bc781a/gnocchi.80bb1bb0-b35e-4ba8-a2bb-fd16b5b44bba/1759320000.0_rate%3Amean_300.0_v3" "txb52f9e7130334853ba830-0068e22de8" "proxy-server 20" 0.0087 "-" 23 0
Oct 5 08:35:52 np0005471148 proxy-server[124968]: 172.18.0.103 172.18.0.104 05/Oct/2025/08/35/52 PUT /v1/AUTH_ffbb1c514d6a4f40a7f8a9f769bc781a/gnocchi.80bb1bb0-b35e-4ba8-a2bb-fd16b5b44bba/1759320000.0_rate%253Amean_300.0_v3 HTTP/1.0 201 - python-swiftclient-3.11.1 gAAAAABo4iyYaC5C... 16 - - txb52f9e7130334853ba830-0068e22de8 - 0.0304 - - 1759653352.456722021 1759653352.487148523 0
Oct 5 08:35:52 np0005471148 container-server[123364]: 172.20.0.105 - - [05/Oct/2025:08:35:52 +0000] "PUT /d1/668/AUTH_ffbb1c514d6a4f40a7f8a9f769bc781a/gnocchi.80bb1bb0-b35e-4ba8-a2bb-fd16b5b44bba/none_v3" 201 - "PUT http://172.18.0.178:8080/d1/575/AUTH_ffbb1c514d6a4f40a7f8a9f769bc781a/gnocchi.80bb1bb0-b35e-4ba8-a2bb-fd16b5b44bba/none_v3" "tx5cef21f2292d42d48cd48-0068e22de8" "object-server 22" 0.0008 "-" 17 0
Oct 5 08:35:52 np0005471148 object-server[123784]: 172.20.0.105 - - [05/Oct/2025:08:35:52 +0000] "PUT /d1/575/AUTH_ffbb1c514d6a4f40a7f8a9f769bc781a/gnocchi.80bb1bb0-b35e-4ba8-a2bb-fd16b5b44bba/none_v3" 201 - "PUT http://172.18.0.178:8080/v1/AUTH_ffbb1c514d6a4f40a7f8a9f769bc781a/gnocchi.80bb1bb0-b35e-4ba8-a2bb-fd16b5b44bba/none_v3" "tx5cef21f2292d42d48cd48-0068e22de8" "proxy-server 20" 0.0128 "-" 22 0
Oct 5 08:35:52 np0005471148 proxy-server[124968]: 172.18.0.103 172.18.0.104 05/Oct/2025/08/35/52 PUT /v1/AUTH_ffbb1c514d6a4f40a7f8a9f769bc781a/gnocchi.80bb1bb0-b35e-4ba8-a2bb-fd16b5b44bba/none_v3 HTTP/1.0 201 - python-swiftclient-3.11.1 gAAAAABo4iyYaC5C... 33 - - tx5cef21f2292d42d48cd48-0068e22de8 - 0.0237 - - 1759653352.492258549 1759653352.515964985 0
Oct 5 08:35:52 np0005471148 object-server[123793]: 172.20.0.105 - - [05/Oct/2025:08:35:52 +0000] "GET /d1/587/AUTH_ffbb1c514d6a4f40a7f8a9f769bc781a/gnocchi.5cd9b367-abdc-45e9-a02e-9d779cc0e4a9/none_v3" 200 22 "GET http://172.18.0.178:8080/v1/AUTH_ffbb1c514d6a4f40a7f8a9f769bc781a/gnocchi.5cd9b367-abdc-45e9-a02e-9d779cc0e4a9/none_v3" "tx76aeebf78ed4446ba7253-0068e22de8" "proxy-server 20" 0.0007 "-" 23 0
Oct 5 08:35:52 np0005471148 proxy-server[124968]: 172.18.0.103 172.18.0.104 05/Oct/2025/08/35/52 GET /v1/AUTH_ffbb1c514d6a4f40a7f8a9f769bc781a/gnocchi.5cd9b367-abdc-45e9-a02e-9d779cc0e4a9/none_v3 HTTP/1.0 200 - python-swiftclient-3.11.1 gAAAAABo4iyYaC5C... - 22 - tx76aeebf78ed4446ba7253-0068e22de8 - 0.0165 - - 1759653352.533376455 1759653352.549856663 0
Oct 5 08:35:52 np0005471148 container-server[123361]: 172.20.0.105 - - [05/Oct/2025:08:35:52 +0000] "GET /d1/154/AUTH_ffbb1c514d6a4f40a7f8a9f769bc781a/gnocchi.5cd9b367-abdc-45e9-a02e-9d779cc0e4a9" 200 357 "GET http://172.18.0.178:8080/v1/AUTH_ffbb1c514d6a4f40a7f8a9f769bc781a/gnocchi.5cd9b367-abdc-45e9-a02e-9d779cc0e4a9?format=json&states=listing" "txb9d6fc9af65d423081fab-0068e22de8" "proxy-server 20" 0.0039 "-" 16 0
Oct 5 08:35:52 np0005471148 proxy-server[124968]: 172.18.0.103 172.18.0.104 05/Oct/2025/08/35/52 GET /v1/AUTH_ffbb1c514d6a4f40a7f8a9f769bc781a/gnocchi.5cd9b367-abdc-45e9-a02e-9d779cc0e4a9%3Fformat%3Djson%26states%3Dlisting HTTP/1.0 200 - python-swiftclient-3.11.1 gAAAAABo4iyYaC5C... - 357 - txb9d6fc9af65d423081fab-0068e22de8 - 0.0130 - - 1759653352.555194378 1759653352.568187952 0
Oct 5 08:35:52 np0005471148 container-server[123348]: 172.20.0.103 - - [05/Oct/2025:08:35:52 +0000] "HEAD /d1/53/AUTH_ffbb1c514d6a4f40a7f8a9f769bc781a/gnocchi.34d0c3fe-275b-44da-a4d2-7d85fffb2a30" 204 - "HEAD http://172.18.0.178:8080/v1/AUTH_ffbb1c514d6a4f40a7f8a9f769bc781a/gnocchi.34d0c3fe-275b-44da-a4d2-7d85fffb2a30?format=json&states=listing" "tx3dbd6213a4844f0eb024b-0068e22de8" "proxy-server 20" 0.0025 "-" 14 0
Oct 5 08:35:52 np0005471148 container-server[123364]: 172.20.0.105 - - [05/Oct/2025:08:35:52 +0000] "GET /d1/154/AUTH_ffbb1c514d6a4f40a7f8a9f769bc781a/gnocchi.5cd9b367-abdc-45e9-a02e-9d779cc0e4a9" 200 2 "GET http://172.18.0.178:8080/v1/AUTH_ffbb1c514d6a4f40a7f8a9f769bc781a/gnocchi.5cd9b367-abdc-45e9-a02e-9d779cc0e4a9?format=json&marker=none_v3&states=listing" "tx83433af13c30405dbf29b-0068e22de8" "proxy-server 20" 0.0037 "-" 17 0
Oct 5 08:35:52 np0005471148 proxy-server[124968]: 172.18.0.103 172.18.0.104 05/Oct/2025/08/35/52 GET /v1/AUTH_ffbb1c514d6a4f40a7f8a9f769bc781a/gnocchi.5cd9b367-abdc-45e9-a02e-9d779cc0e4a9%3Fformat%3Djson%26marker%3Dnone_v3%26states%3Dlisting HTTP/1.0 200 - python-swiftclient-3.11.1 gAAAAABo4iyYaC5C... - 2 - tx83433af13c30405dbf29b-0068e22de8 - 0.0217 - - 1759653352.571989536 1759653352.593737125 0
Oct 5 08:35:52 np0005471148 object-server[123796]: 172.20.0.105 - - [05/Oct/2025:08:35:52 +0000] "GET /d1/936/AUTH_ffbb1c514d6a4f40a7f8a9f769bc781a/gnocchi.5cd9b367-abdc-45e9-a02e-9d779cc0e4a9/1759320000.0_mean_300.0_v3" 200 16 "GET http://172.18.0.178:8080/v1/AUTH_ffbb1c514d6a4f40a7f8a9f769bc781a/gnocchi.5cd9b367-abdc-45e9-a02e-9d779cc0e4a9/1759320000.0_mean_300.0_v3" "tx28a77b94abec4e229fa54-0068e22de8" "proxy-server 20" 0.0025 "-" 25 0
Oct 5 08:35:52 np0005471148 proxy-server[124968]: 172.18.0.103 172.18.0.104 05/Oct/2025/08/35/52 GET /v1/AUTH_ffbb1c514d6a4f40a7f8a9f769bc781a/gnocchi.5cd9b367-abdc-45e9-a02e-9d779cc0e4a9/1759320000.0_mean_300.0_v3 HTTP/1.0 200 - python-swiftclient-3.11.1 gAAAAABo4iyYaC5C... - 16 - tx28a77b94abec4e229fa54-0068e22de8 - 0.0133 - - 1759653352.600306988 1759653352.613621712 0
Oct 5 08:35:52 np0005471148 object-server[123784]: 172.20.0.105 - - [05/Oct/2025:08:35:52 +0000] "GET /d1/166/AUTH_ffbb1c514d6a4f40a7f8a9f769bc781a/gnocchi.5cd9b367-abdc-45e9-a02e-9d779cc0e4a9/1759320000.0_rate%3Amean_300.0_v3" 404 70 "GET http://172.18.0.178:8080/v1/AUTH_ffbb1c514d6a4f40a7f8a9f769bc781a/gnocchi.5cd9b367-abdc-45e9-a02e-9d779cc0e4a9/1759320000.0_rate%3Amean_300.0_v3" "tx627a6b11406d4cc3af063-0068e22de8" "proxy-server 20" 0.0005 "-" 22 0
Oct 5 08:35:52 np0005471148 proxy-server[124968]: 172.18.0.103 172.18.0.104 05/Oct/2025/08/35/52 GET /v1/AUTH_ffbb1c514d6a4f40a7f8a9f769bc781a/gnocchi.5cd9b367-abdc-45e9-a02e-9d779cc0e4a9/1759320000.0_rate%253Amean_300.0_v3 HTTP/1.0 404 - python-swiftclient-3.11.1 gAAAAABo4iyYaC5C... - 70 - tx627a6b11406d4cc3af063-0068e22de8 - 0.0240 - - 1759653352.617733955 1759653352.641774654 0
Oct 5 08:35:52 np0005471148 object-server[123795]: 172.20.0.103 - - [05/Oct/2025:08:35:52 +0000] "GET /d1/234/AUTH_ffbb1c514d6a4f40a7f8a9f769bc781a/gnocchi.34d0c3fe-275b-44da-a4d2-7d85fffb2a30/1759320000.0_rate%3Amean_300.0_v3" 404 70 "GET http://172.18.0.178:8080/v1/AUTH_ffbb1c514d6a4f40a7f8a9f769bc781a/gnocchi.34d0c3fe-275b-44da-a4d2-7d85fffb2a30/1759320000.0_rate%3Amean_300.0_v3" "tx7d314a1a23614f50819e4-0068e22de8" "proxy-server 20" 0.0009 "-" 24 0
Oct 5 08:35:52 np0005471148 container-server[123364]: 172.20.0.104 - - [05/Oct/2025:08:35:52 +0000] "PUT /d1/154/AUTH_ffbb1c514d6a4f40a7f8a9f769bc781a/gnocchi.5cd9b367-abdc-45e9-a02e-9d779cc0e4a9/1759320000.0_mean_300.0_v3" 201 - "PUT http://172.18.0.178:8080/d1/936/AUTH_ffbb1c514d6a4f40a7f8a9f769bc781a/gnocchi.5cd9b367-abdc-45e9-a02e-9d779cc0e4a9/1759320000.0_mean_300.0_v3" "tx05c14ae9a6a04e3f9378a-0068e22de8" "object-server 23" 0.0009 "-" 17 0
Oct 5 08:35:52 np0005471148 object-server[123795]: 172.20.0.105 - - [05/Oct/2025:08:35:52 +0000] "PUT /d1/936/AUTH_ffbb1c514d6a4f40a7f8a9f769bc781a/gnocchi.5cd9b367-abdc-45e9-a02e-9d779cc0e4a9/1759320000.0_mean_300.0_v3" 201 - "PUT http://172.18.0.178:8080/v1/AUTH_ffbb1c514d6a4f40a7f8a9f769bc781a/gnocchi.5cd9b367-abdc-45e9-a02e-9d779cc0e4a9/1759320000.0_mean_300.0_v3" "tx05c14ae9a6a04e3f9378a-0068e22de8" "proxy-server 20" 0.0191 "-" 24 0
Oct 5 08:35:52 np0005471148 proxy-server[124968]: 172.18.0.103 172.18.0.104 05/Oct/2025/08/35/52 PUT /v1/AUTH_ffbb1c514d6a4f40a7f8a9f769bc781a/gnocchi.5cd9b367-abdc-45e9-a02e-9d779cc0e4a9/1759320000.0_mean_300.0_v3 HTTP/1.0 201 - python-swiftclient-3.11.1 gAAAAABo4iyYaC5C... 24 - - tx05c14ae9a6a04e3f9378a-0068e22de8 - 0.0302 - - 1759653352.647878408 1759653352.678056479 0
Oct 5 08:35:52 np0005471148 object-server[123795]: 172.20.0.105 - - [05/Oct/2025:08:35:52 +0000] "PUT /d1/166/AUTH_ffbb1c514d6a4f40a7f8a9f769bc781a/gnocchi.5cd9b367-abdc-45e9-a02e-9d779cc0e4a9/1759320000.0_rate%3Amean_300.0_v3" 201 - "PUT http://172.18.0.178:8080/v1/AUTH_ffbb1c514d6a4f40a7f8a9f769bc781a/gnocchi.5cd9b367-abdc-45e9-a02e-9d779cc0e4a9/1759320000.0_rate%3Amean_300.0_v3" "tx781f5e0ba0bd4a91a9a1e-0068e22de8" "proxy-server 20" 0.0114 "-" 24 0
Oct 5 08:35:52 np0005471148 container-server[123354]: 172.20.0.104 - - [05/Oct/2025:08:35:52 +0000] "PUT /d1/154/AUTH_ffbb1c514d6a4f40a7f8a9f769bc781a/gnocchi.5cd9b367-abdc-45e9-a02e-9d779cc0e4a9/1759320000.0_rate%3Amean_300.0_v3" 201 - "PUT http://172.18.0.178:8080/d1/166/AUTH_ffbb1c514d6a4f40a7f8a9f769bc781a/gnocchi.5cd9b367-abdc-45e9-a02e-9d779cc0e4a9/1759320000.0_rate%3Amean_300.0_v3" "tx781f5e0ba0bd4a91a9a1e-0068e22de8" "object-server 23" 0.0009 "-" 15 0
Oct 5 08:35:52 np0005471148 proxy-server[124968]: 172.18.0.103 172.18.0.104 05/Oct/2025/08/35/52 PUT /v1/AUTH_ffbb1c514d6a4f40a7f8a9f769bc781a/gnocchi.5cd9b367-abdc-45e9-a02e-9d779cc0e4a9/1759320000.0_rate%253Amean_300.0_v3 HTTP/1.0 201 - python-swiftclient-3.11.1 gAAAAABo4iyYaC5C... 16 - - tx781f5e0ba0bd4a91a9a1e-0068e22de8 - 0.0241 - - 1759653352.682443857 1759653352.706563950 0
Oct 5 08:35:52 np0005471148 container-server[123348]: 172.20.0.105 - - [05/Oct/2025:08:35:52 +0000] "PUT /d1/53/AUTH_ffbb1c514d6a4f40a7f8a9f769bc781a/gnocchi.34d0c3fe-275b-44da-a4d2-7d85fffb2a30/1759320000.0_mean_300.0_v3" 201 - "PUT http://172.18.0.178:8080/d1/194/AUTH_ffbb1c514d6a4f40a7f8a9f769bc781a/gnocchi.34d0c3fe-275b-44da-a4d2-7d85fffb2a30/1759320000.0_mean_300.0_v3" "tx8ce4eb216a1448ee8984f-0068e22de8" "object-server 22" 0.0010 "-" 14 0
Oct 5 08:35:52 np0005471148 object-server[123784]: 172.20.0.103 - - [05/Oct/2025:08:35:52 +0000] "PUT /d1/194/AUTH_ffbb1c514d6a4f40a7f8a9f769bc781a/gnocchi.34d0c3fe-275b-44da-a4d2-7d85fffb2a30/1759320000.0_mean_300.0_v3" 201 - "PUT http://172.18.0.178:8080/v1/AUTH_ffbb1c514d6a4f40a7f8a9f769bc781a/gnocchi.34d0c3fe-275b-44da-a4d2-7d85fffb2a30/1759320000.0_mean_300.0_v3" "tx8ce4eb216a1448ee8984f-0068e22de8" "proxy-server 20" 0.0149 "-" 22 0
Oct 5 08:35:52 np0005471148 container-server[123348]: 172.20.0.105 - - [05/Oct/2025:08:35:52 +0000] "PUT /d1/154/AUTH_ffbb1c514d6a4f40a7f8a9f769bc781a/gnocchi.5cd9b367-abdc-45e9-a02e-9d779cc0e4a9/none_v3" 201 - "PUT http://172.18.0.178:8080/d1/587/AUTH_ffbb1c514d6a4f40a7f8a9f769bc781a/gnocchi.5cd9b367-abdc-45e9-a02e-9d779cc0e4a9/none_v3" "txe7e41a89c5a745b7a6804-0068e22de8" "object-server 24" 0.0006 "-" 14 0
Oct 5 08:35:52 np0005471148 object-server[123795]: 172.20.0.105 - - [05/Oct/2025:08:35:52 +0000] "PUT /d1/587/AUTH_ffbb1c514d6a4f40a7f8a9f769bc781a/gnocchi.5cd9b367-abdc-45e9-a02e-9d779cc0e4a9/none_v3" 201 - "PUT http://172.18.0.178:8080/v1/AUTH_ffbb1c514d6a4f40a7f8a9f769bc781a/gnocchi.5cd9b367-abdc-45e9-a02e-9d779cc0e4a9/none_v3" "txe7e41a89c5a745b7a6804-0068e22de8" "proxy-server 20" 0.0109 "-" 24 0
Oct 5 08:35:52 np0005471148 proxy-server[124968]: 172.18.0.103 172.18.0.104 05/Oct/2025/08/35/52 PUT /v1/AUTH_ffbb1c514d6a4f40a7f8a9f769bc781a/gnocchi.5cd9b367-abdc-45e9-a02e-9d779cc0e4a9/none_v3 HTTP/1.0 201 - python-swiftclient-3.11.1 gAAAAABo4iyYaC5C... 33 - - txe7e41a89c5a745b7a6804-0068e22de8 - 0.0241 - - 1759653352.711023808 1759653352.735081434 0
Oct 5 08:35:52 np0005471148 object-server[123796]: 172.20.0.103 - - [05/Oct/2025:08:35:52 +0000] "PUT /d1/234/AUTH_ffbb1c514d6a4f40a7f8a9f769bc781a/gnocchi.34d0c3fe-275b-44da-a4d2-7d85fffb2a30/1759320000.0_rate%3Amean_300.0_v3" 201 - "PUT http://172.18.0.178:8080/v1/AUTH_ffbb1c514d6a4f40a7f8a9f769bc781a/gnocchi.34d0c3fe-275b-44da-a4d2-7d85fffb2a30/1759320000.0_rate%3Amean_300.0_v3" "tx46080217b0b846ce8b4ed-0068e22de8" "proxy-server 20" 0.0138 "-" 25 0
Oct 5 08:35:52 np0005471148 container-server[123361]: 172.20.0.103 - - [05/Oct/2025:08:35:52 +0000] "PUT /d1/53/AUTH_ffbb1c514d6a4f40a7f8a9f769bc781a/gnocchi.34d0c3fe-275b-44da-a4d2-7d85fffb2a30/1759320000.0_rate%3Amean_300.0_v3" 201 - "PUT http://172.18.0.178:8080/d1/234/AUTH_ffbb1c514d6a4f40a7f8a9f769bc781a/gnocchi.34d0c3fe-275b-44da-a4d2-7d85fffb2a30/1759320000.0_rate%3Amean_300.0_v3" "tx46080217b0b846ce8b4ed-0068e22de8" "object-server 22" 0.0005 "-" 16 0
Oct 5 08:35:52 np0005471148 container-server[123354]: 172.20.0.105 - - [05/Oct/2025:08:35:52 +0000] "PUT /d1/53/AUTH_ffbb1c514d6a4f40a7f8a9f769bc781a/gnocchi.34d0c3fe-275b-44da-a4d2-7d85fffb2a30/none_v3" 201 - "PUT http://172.18.0.178:8080/d1/762/AUTH_ffbb1c514d6a4f40a7f8a9f769bc781a/gnocchi.34d0c3fe-275b-44da-a4d2-7d85fffb2a30/none_v3" "txf3a73d3a5de243eca5b5c-0068e22de8" "object-server 25" 0.0011 "-" 15 0
Oct 5 08:35:52 np0005471148 object-server[123796]: 172.20.0.105 - - [05/Oct/2025:08:35:52 +0000] "PUT /d1/762/AUTH_ffbb1c514d6a4f40a7f8a9f769bc781a/gnocchi.34d0c3fe-275b-44da-a4d2-7d85fffb2a30/none_v3" 201 - "PUT http://172.18.0.178:8080/v1/AUTH_ffbb1c514d6a4f40a7f8a9f769bc781a/gnocchi.34d0c3fe-275b-44da-a4d2-7d85fffb2a30/none_v3" "txf3a73d3a5de243eca5b5c-0068e22de8" "proxy-server 20" 0.0146 "-" 25 0
Oct 5 08:35:52 np0005471148 proxy-server[124968]: 172.18.0.178 172.18.0.104 05/Oct/2025/08/35/52 PUT /v1/AUTH_ffbb1c514d6a4f40a7f8a9f769bc781a/gnocchi.34d0c3fe-275b-44da-a4d2-7d85fffb2a30/none_v3 HTTP/1.0 201 - python-swiftclient-3.11.1 gAAAAABo4ixPODjF... 32 - - txf3a73d3a5de243eca5b5c-0068e22de8 - 0.0232 - - 1759653352.746726513 1759653352.769893169 0
Oct 5 08:35:52 np0005471148 object-server[123793]: 172.20.0.105 - - [05/Oct/2025:08:35:52 +0000] "GET /d1/760/AUTH_ffbb1c514d6a4f40a7f8a9f769bc781a/gnocchi.7b1cfb9f-e398-41bd-b164-31557797eb07/none_v3" 200 22 "GET http://172.18.0.178:8080/v1/AUTH_ffbb1c514d6a4f40a7f8a9f769bc781a/gnocchi.7b1cfb9f-e398-41bd-b164-31557797eb07/none_v3" "tx28b8442a4de342a4960de-0068e22de8" "proxy-server 20" 0.0013 "-" 23 0
Oct 5 08:35:52 np0005471148 proxy-server[124968]: 172.18.0.103 172.18.0.104 05/Oct/2025/08/35/52 GET /v1/AUTH_ffbb1c514d6a4f40a7f8a9f769bc781a/gnocchi.7b1cfb9f-e398-41bd-b164-31557797eb07/none_v3 HTTP/1.0 200 - python-swiftclient-3.11.1 gAAAAABo4iyYaC5C... - 22 - tx28b8442a4de342a4960de-0068e22de8 - 0.0174 - - 1759653352.775768042 1759653352.793184042 0
Oct 5 08:35:52 np0005471148 proxy-server[124968]: 172.18.0.103 172.18.0.104 05/Oct/2025/08/35/52 GET /v1/AUTH_ffbb1c514d6a4f40a7f8a9f769bc781a/gnocchi.630ced32-f036-4c8c-bebe-dfa7df1b4507%3Fformat%3Djson%26states%3Dlisting HTTP/1.0 200 - python-swiftclient-3.11.1 gAAAAABo4iyYaC5C... - 357 - txa58ae1516d2b43f2b446e-0068e22de8 - 0.0122 - - 1759653352.798295498 1759653352.810467005 0
Oct 5 08:35:52 np0005471148 container-server[123364]: 172.20.0.103 - - [05/Oct/2025:08:35:52 +0000] "GET /d1/371/AUTH_ffbb1c514d6a4f40a7f8a9f769bc781a/gnocchi.c1f22f51-3ab2-4ed3-a2be-e913312125fc" 200 357 "GET http://172.18.0.178:8080/v1/AUTH_ffbb1c514d6a4f40a7f8a9f769bc781a/gnocchi.c1f22f51-3ab2-4ed3-a2be-e913312125fc?format=json&states=listing" "tx154b741ff1324ab2a575f-0068e22de8" "proxy-server 20" 0.0039 "-" 17 0
Oct 5 08:35:52 np0005471148 container-server[123361]: 172.20.0.105 - - [05/Oct/2025:08:35:52 +0000] "GET /d1/97/AUTH_ffbb1c514d6a4f40a7f8a9f769bc781a/gnocchi.630ced32-f036-4c8c-bebe-dfa7df1b4507" 200 2 "GET http://172.18.0.178:8080/v1/AUTH_ffbb1c514d6a4f40a7f8a9f769bc781a/gnocchi.630ced32-f036-4c8c-bebe-dfa7df1b4507?format=json&marker=none_v3&states=listing" "tx3575bfd7da974727aad1b-0068e22de8" "proxy-server 20" 0.0042 "-" 16 0
Oct 5 08:35:52 np0005471148 proxy-server[124968]: 172.18.0.103 172.18.0.104 05/Oct/2025/08/35/52 GET /v1/AUTH_ffbb1c514d6a4f40a7f8a9f769bc781a/gnocchi.630ced32-f036-4c8c-bebe-dfa7df1b4507%3Fformat%3Djson%26marker%3Dnone_v3%26states%3Dlisting HTTP/1.0 200 - python-swiftclient-3.11.1 gAAAAABo4iyYaC5C... - 2 - tx3575bfd7da974727aad1b-0068e22de8 - 0.0174 - - 1759653352.814461708 1759653352.831858158 0
Oct 5 08:35:52 np0005471148 proxy-server[124968]: 172.18.0.103 172.18.0.104 05/Oct/2025/08/35/52 GET /v1/AUTH_ffbb1c514d6a4f40a7f8a9f769bc781a/gnocchi.7b1cfb9f-e398-41bd-b164-31557797eb07%3Fformat%3Djson%26states%3Dlisting HTTP/1.0 200 - python-swiftclient-3.11.1 gAAAAABo4iyYaC5C... - 357 - tx9897aad541a74c8199828-0068e22de8 - 0.0151 - - 1759653352.838797092 1759653352.853912354 0
Oct 5 08:35:52 np0005471148 object-server[123795]: 172.20.0.103 - - [05/Oct/2025:08:35:52 +0000] "GET /d1/74/AUTH_ffbb1c514d6a4f40a7f8a9f769bc781a/gnocchi.c1f22f51-3ab2-4ed3-a2be-e913312125fc/1759320000.0_rate%3Amean_300.0_v3" 404 70 "GET http://172.18.0.178:8080/v1/AUTH_ffbb1c514d6a4f40a7f8a9f769bc781a/gnocchi.c1f22f51-3ab2-4ed3-a2be-e913312125fc/1759320000.0_rate%3Amean_300.0_v3" "tx7121b209094d41d8a175e-0068e22de8" "proxy-server 20" 0.0010 "-" 24 0
Oct 5 08:35:52 np0005471148 proxy-server[124968]: 172.18.0.103 172.18.0.104 05/Oct/2025/08/35/52 GET /v1/AUTH_ffbb1c514d6a4f40a7f8a9f769bc781a/gnocchi.7b1cfb9f-e398-41bd-b164-31557797eb07%3Fformat%3Djson%26marker%3Dnone_v3%26states%3Dlisting HTTP/1.0 200 - python-swiftclient-3.11.1 gAAAAABo4iyYaC5C... - 2 - txf46cb819786c45a182b9a-0068e22de8 - 0.0254 - - 1759653352.857694149 1759653352.883072138 0
Oct 5 08:35:52 np0005471148 proxy-server[124968]: 172.18.0.103 172.18.0.104 05/Oct/2025/08/35/52 GET /v1/AUTH_ffbb1c514d6a4f40a7f8a9f769bc781a/gnocchi.630ced32-f036-4c8c-bebe-dfa7df1b4507/1759320000.0_mean_300.0_v3 HTTP/1.0 200 - python-swiftclient-3.11.1 gAAAAABo4iyYaC5C... - 16 - tx30d978cfbc9b432fbce7d-0068e22de8 - 0.0112 - - 1759653352.888822317 1759653352.900037050 0
