Oct 5 08:30:16 np0005471148 container-server[123364]: 172.20.0.105 - - [05/Oct/2025:08:30:16 +0000] "GET /d1/982/AUTH_ffbb1c514d6a4f40a7f8a9f769bc781a/gnocchi.3b18e974-54e7-4113-bd79-01f93e83d4ff" 200 2 "GET http://172.18.0.178:8080/v1/AUTH_ffbb1c514d6a4f40a7f8a9f769bc781a/gnocchi.3b18e974-54e7-4113-bd79-01f93e83d4ff?format=json&states=listing" "tx5b3a7a5878df4e35b3cc1-0068e22c98" "proxy-server 20" 0.0037 "-" 17 0
Oct 5 08:30:16 np0005471148 proxy-server[124968]: 172.18.0.105 172.18.0.104 05/Oct/2025/08/30/16 GET /v1/AUTH_ffbb1c514d6a4f40a7f8a9f769bc781a/gnocchi.3b18e974-54e7-4113-bd79-01f93e83d4ff%3Fformat%3Djson%26states%3Dlisting HTTP/1.0 200 - python-swiftclient-3.11.1 gAAAAABo4ixtepNT... - 2 - tx5b3a7a5878df4e35b3cc1-0068e22c98 - 0.0181 - - 1759653016.485094309 1759653016.503182650 0
Oct 5 08:30:16 np0005471148 object-server[123796]: 172.20.0.104 - - [05/Oct/2025:08:30:16 +0000] "GET /d1/778/AUTH_ffbb1c514d6a4f40a7f8a9f769bc781a/gnocchi.c55ef7d8-2b83-4ed6-a53d-9b74da124da8/1759320000.0_mean_300.0_v3" 404 70 "GET http://172.18.0.178:8080/v1/AUTH_ffbb1c514d6a4f40a7f8a9f769bc781a/gnocchi.c55ef7d8-2b83-4ed6-a53d-9b74da124da8/1759320000.0_mean_300.0_v3" "txf53cc059445f417bb98b5-0068e22c98" "proxy-server 20" 0.0005 "-" 25 0
Oct 5 08:30:16 np0005471148 object-server[123796]: 172.20.0.103 - - [05/Oct/2025:08:30:16 +0000] "GET /d1/801/AUTH_ffbb1c514d6a4f40a7f8a9f769bc781a/gnocchi.3b18e974-54e7-4113-bd79-01f93e83d4ff/1759320000.0_mean_300.0_v3" 404 70 "GET http://172.18.0.178:8080/v1/AUTH_ffbb1c514d6a4f40a7f8a9f769bc781a/gnocchi.3b18e974-54e7-4113-bd79-01f93e83d4ff/1759320000.0_mean_300.0_v3" "tx3b08afabf6c54d1983c23-0068e22c98" "proxy-server 20" 0.0003 "-" 25 0
Oct 5 08:30:16 np0005471148 container-server[123354]: 172.20.0.105 - - [05/Oct/2025:08:30:16 +0000] "PUT /d1/982/AUTH_ffbb1c514d6a4f40a7f8a9f769bc781a/gnocchi.3b18e974-54e7-4113-bd79-01f93e83d4ff/1759320000.0_mean_300.0_v3" 201 - "PUT http://172.18.0.178:8080/d1/801/AUTH_ffbb1c514d6a4f40a7f8a9f769bc781a/gnocchi.3b18e974-54e7-4113-bd79-01f93e83d4ff/1759320000.0_mean_300.0_v3" "tx7ebe2a29eb8949b489cd2-0068e22c98" "object-server 22" 0.0008 "-" 15 0
Oct 5 08:30:16 np0005471148 object-server[123784]: 172.20.0.105 - - [05/Oct/2025:08:30:16 +0000] "PUT /d1/801/AUTH_ffbb1c514d6a4f40a7f8a9f769bc781a/gnocchi.3b18e974-54e7-4113-bd79-01f93e83d4ff/1759320000.0_mean_300.0_v3" 201 - "PUT http://172.18.0.178:8080/v1/AUTH_ffbb1c514d6a4f40a7f8a9f769bc781a/gnocchi.3b18e974-54e7-4113-bd79-01f93e83d4ff/1759320000.0_mean_300.0_v3" "tx7ebe2a29eb8949b489cd2-0068e22c98" "proxy-server 20" 0.0117 "-" 22 0
Oct 5 08:30:16 np0005471148 container-server[123364]: 172.20.0.104 - - [05/Oct/2025:08:30:16 +0000] "PUT /d1/592/AUTH_ffbb1c514d6a4f40a7f8a9f769bc781a/gnocchi.c55ef7d8-2b83-4ed6-a53d-9b74da124da8/1759320000.0_mean_300.0_v3" 201 - "PUT http://172.18.0.178:8080/d1/778/AUTH_ffbb1c514d6a4f40a7f8a9f769bc781a/gnocchi.c55ef7d8-2b83-4ed6-a53d-9b74da124da8/1759320000.0_mean_300.0_v3" "txac3c1496c3ff4cc8802a4-0068e22c98" "object-server 25" 0.0010 "-" 17 0
Oct 5 08:30:16 np0005471148 object-server[123793]: 172.20.0.103 - - [05/Oct/2025:08:30:16 +0000] "PUT /d1/778/AUTH_ffbb1c514d6a4f40a7f8a9f769bc781a/gnocchi.c55ef7d8-2b83-4ed6-a53d-9b74da124da8/1759320000.0_mean_300.0_v3" 201 - "PUT http://172.18.0.178:8080/v1/AUTH_ffbb1c514d6a4f40a7f8a9f769bc781a/gnocchi.c55ef7d8-2b83-4ed6-a53d-9b74da124da8/1759320000.0_mean_300.0_v3" "txac3c1496c3ff4cc8802a4-0068e22c98" "proxy-server 20" 0.0151 "-" 23 0
Oct 5 08:30:16 np0005471148 proxy-server[124968]: 172.18.0.105 172.18.0.104 05/Oct/2025/08/30/16 PUT /v1/AUTH_ffbb1c514d6a4f40a7f8a9f769bc781a/gnocchi.3b18e974-54e7-4113-bd79-01f93e83d4ff/1759320000.0_mean_300.0_v3 HTTP/1.0 201 - python-swiftclient-3.11.1 gAAAAABo4ixtepNT... 16 - - tx7ebe2a29eb8949b489cd2-0068e22c98 - 0.0254 - - 1759653016.527845383 1759653016.553236485 0
Oct 5 08:30:16 np0005471148 container-server[123354]: 172.20.0.104 - - [05/Oct/2025:08:30:16 +0000] "PUT /d1/982/AUTH_ffbb1c514d6a4f40a7f8a9f769bc781a/gnocchi.3b18e974-54e7-4113-bd79-01f93e83d4ff/none_v3" 201 - "PUT http://172.18.0.178:8080/d1/148/AUTH_ffbb1c514d6a4f40a7f8a9f769bc781a/gnocchi.3b18e974-54e7-4113-bd79-01f93e83d4ff/none_v3" "tx7b4c8581d229412386a01-0068e22c98" "object-server 24" 0.0008 "-" 15 0
Oct 5 08:30:16 np0005471148 container-server[123348]: 172.20.0.103 - - [05/Oct/2025:08:30:16 +0000] "PUT /d1/592/AUTH_ffbb1c514d6a4f40a7f8a9f769bc781a/gnocchi.c55ef7d8-2b83-4ed6-a53d-9b74da124da8/none_v3" 201 - "PUT http://172.18.0.178:8080/d1/846/AUTH_ffbb1c514d6a4f40a7f8a9f769bc781a/gnocchi.c55ef7d8-2b83-4ed6-a53d-9b74da124da8/none_v3" "tx3434d8c41e62420dae18a-0068e22c98" "object-server 23" 0.0006 "-" 14 0
Oct 5 08:30:16 np0005471148 object-server[123796]: 172.20.0.103 - - [05/Oct/2025:08:30:16 +0000] "PUT /d1/148/AUTH_ffbb1c514d6a4f40a7f8a9f769bc781a/gnocchi.3b18e974-54e7-4113-bd79-01f93e83d4ff/none_v3" 201 - "PUT http://172.18.0.178:8080/v1/AUTH_ffbb1c514d6a4f40a7f8a9f769bc781a/gnocchi.3b18e974-54e7-4113-bd79-01f93e83d4ff/none_v3" "tx7b4c8581d229412386a01-0068e22c98" "proxy-server 20" 0.0160 "-" 25 0
Oct 5 08:30:16 np0005471148 object-server[123793]: 172.20.0.104 - - [05/Oct/2025:08:30:16 +0000] "PUT /d1/846/AUTH_ffbb1c514d6a4f40a7f8a9f769bc781a/gnocchi.c55ef7d8-2b83-4ed6-a53d-9b74da124da8/none_v3" 201 - "PUT http://172.18.0.178:8080/v1/AUTH_ffbb1c514d6a4f40a7f8a9f769bc781a/gnocchi.c55ef7d8-2b83-4ed6-a53d-9b74da124da8/none_v3" "tx3434d8c41e62420dae18a-0068e22c98" "proxy-server 20" 0.0160 "-" 23 0
Oct 5 08:30:16 np0005471148 container-server[123354]: 172.20.0.105 - - [05/Oct/2025:08:30:16 +0000] "HEAD /d1/639/AUTH_ffbb1c514d6a4f40a7f8a9f769bc781a/gnocchi.58b8b3cd-db26-4cc8-8a89-b9b578bed098" 404 - "HEAD http://172.18.0.178:8080/v1/AUTH_ffbb1c514d6a4f40a7f8a9f769bc781a/gnocchi.58b8b3cd-db26-4cc8-8a89-b9b578bed098?format=json&states=listing" "txc39e030022a649eeb6347-0068e22c98" "proxy-server 20" 0.0005 "-" 15 0
Oct 5 08:30:16 np0005471148 object-server[123795]: 172.20.0.105 - - [05/Oct/2025:08:30:16 +0000] "GET /d1/269/AUTH_ffbb1c514d6a4f40a7f8a9f769bc781a/gnocchi.58b8b3cd-db26-4cc8-8a89-b9b578bed098/none_v3" 404 70 "GET http://172.18.0.178:8080/v1/AUTH_ffbb1c514d6a4f40a7f8a9f769bc781a/gnocchi.58b8b3cd-db26-4cc8-8a89-b9b578bed098/none_v3" "txc39e030022a649eeb6347-0068e22c98" "proxy-server 20" 0.0005 "-" 24 0
Oct 5 08:30:16 np0005471148 proxy-server[124968]: 172.18.0.103 172.18.0.104 05/Oct/2025/08/30/16 GET /v1/AUTH_ffbb1c514d6a4f40a7f8a9f769bc781a/gnocchi.58b8b3cd-db26-4cc8-8a89-b9b578bed098/none_v3 HTTP/1.0 404 - python-swiftclient-3.11.1 gAAAAABo4iyYaC5C... - 70 - txc39e030022a649eeb6347-0068e22c98 - 0.3991 - - 1759653016.562658548 1759653016.961784601 0
Oct 5 08:30:16 np0005471148 account-server[123068]: 172.20.0.105 - - [05/Oct/2025:08:30:16 +0000] "PUT /d1/852/AUTH_ffbb1c514d6a4f40a7f8a9f769bc781a/gnocchi.58b8b3cd-db26-4cc8-8a89-b9b578bed098" 201 - "PUT http://172.20.0.105:6001/d1/639/AUTH_ffbb1c514d6a4f40a7f8a9f769bc781a/gnocchi.58b8b3cd-db26-4cc8-8a89-b9b578bed098" "tx18d8e32e6b84472f86725-0068e22c98" "container-server 14" 0.0078 "-" 23 0
Oct 5 08:30:16 np0005471148 container-server[123348]: 172.20.0.103 - - [05/Oct/2025:08:30:16 +0000] "PUT /d1/639/AUTH_ffbb1c514d6a4f40a7f8a9f769bc781a/gnocchi.58b8b3cd-db26-4cc8-8a89-b9b578bed098" 201 - "PUT http://172.18.0.178:8080/v1/AUTH_ffbb1c514d6a4f40a7f8a9f769bc781a/gnocchi.58b8b3cd-db26-4cc8-8a89-b9b578bed098" "tx18d8e32e6b84472f86725-0068e22c98" "proxy-server 20" 0.0213 "-" 14 0
Oct 5 08:30:17 np0005471148 container-server[123354]: 172.20.0.104 - - [05/Oct/2025:08:30:17 +0000] "GET /d1/639/AUTH_ffbb1c514d6a4f40a7f8a9f769bc781a/gnocchi.58b8b3cd-db26-4cc8-8a89-b9b578bed098" 200 2 "GET http://172.18.0.178:8080/v1/AUTH_ffbb1c514d6a4f40a7f8a9f769bc781a/gnocchi.58b8b3cd-db26-4cc8-8a89-b9b578bed098?format=json&states=listing" "txaa681ddeb584499ba9fea-0068e22c99" "proxy-server 20" 0.0036 "-" 15 0
Oct 5 08:30:17 np0005471148 object-server[123795]: 172.20.0.105 - - [05/Oct/2025:08:30:17 +0000] "GET /d1/607/AUTH_ffbb1c514d6a4f40a7f8a9f769bc781a/gnocchi.58b8b3cd-db26-4cc8-8a89-b9b578bed098/1759320000.0_mean_300.0_v3" 404 70 "GET http://172.18.0.178:8080/v1/AUTH_ffbb1c514d6a4f40a7f8a9f769bc781a/gnocchi.58b8b3cd-db26-4cc8-8a89-b9b578bed098/1759320000.0_mean_300.0_v3" "tx98c7f73d8d5446529fd89-0068e22c99" "proxy-server 20" 0.0004 "-" 24 0
Oct 5 08:30:17 np0005471148 proxy-server[124968]: 172.18.0.103 172.18.0.104 05/Oct/2025/08/30/17 GET /v1/AUTH_ffbb1c514d6a4f40a7f8a9f769bc781a/gnocchi.58b8b3cd-db26-4cc8-8a89-b9b578bed098/1759320000.0_mean_300.0_v3 HTTP/1.0 404 - python-swiftclient-3.11.1 gAAAAABo4iyYaC5C... - 70 - tx98c7f73d8d5446529fd89-0068e22c99 - 0.0176 - - 1759653017.038717031 1759653017.056283951 0
Oct 5 08:30:17 np0005471148 container-server[123364]: 172.20.0.105 - - [05/Oct/2025:08:30:17 +0000] "PUT /d1/639/AUTH_ffbb1c514d6a4f40a7f8a9f769bc781a/gnocchi.58b8b3cd-db26-4cc8-8a89-b9b578bed098/1759320000.0_mean_300.0_v3" 201 - "PUT http://172.18.0.178:8080/d1/607/AUTH_ffbb1c514d6a4f40a7f8a9f769bc781a/gnocchi.58b8b3cd-db26-4cc8-8a89-b9b578bed098/1759320000.0_mean_300.0_v3" "tx66698f0c61a64d9ab216c-0068e22c99" "object-server 25" 0.0010 "-" 17 0
Oct 5 08:30:17 np0005471148 object-server[123796]: 172.20.0.103 - - [05/Oct/2025:08:30:17 +0000] "PUT /d1/607/AUTH_ffbb1c514d6a4f40a7f8a9f769bc781a/gnocchi.58b8b3cd-db26-4cc8-8a89-b9b578bed098/1759320000.0_mean_300.0_v3" 201 - "PUT http://172.18.0.178:8080/v1/AUTH_ffbb1c514d6a4f40a7f8a9f769bc781a/gnocchi.58b8b3cd-db26-4cc8-8a89-b9b578bed098/1759320000.0_mean_300.0_v3" "tx66698f0c61a64d9ab216c-0068e22c99" "proxy-server 20" 0.0131 "-" 25 0
Oct 5 08:30:17 np0005471148 container-server[123354]: 172.20.0.103 - - [05/Oct/2025:08:30:17 +0000] "PUT /d1/639/AUTH_ffbb1c514d6a4f40a7f8a9f769bc781a/gnocchi.58b8b3cd-db26-4cc8-8a89-b9b578bed098/none_v3" 201 - "PUT http://172.18.0.178:8080/d1/269/AUTH_ffbb1c514d6a4f40a7f8a9f769bc781a/gnocchi.58b8b3cd-db26-4cc8-8a89-b9b578bed098/none_v3" "txa4dba8c7eede40cd9c06f-0068e22c99" "object-server 23" 0.0008 "-" 15 0
Oct 5 08:30:17 np0005471148 object-server[123796]: 172.20.0.104 - - [05/Oct/2025:08:30:17 +0000] "PUT /d1/269/AUTH_ffbb1c514d6a4f40a7f8a9f769bc781a/gnocchi.58b8b3cd-db26-4cc8-8a89-b9b578bed098/none_v3" 201 - "PUT http://172.18.0.178:8080/v1/AUTH_ffbb1c514d6a4f40a7f8a9f769bc781a/gnocchi.58b8b3cd-db26-4cc8-8a89-b9b578bed098/none_v3" "txa4dba8c7eede40cd9c06f-0068e22c99" "proxy-server 20" 0.0131 "-" 25 0
Oct 5 08:30:19 np0005471148 object-server[123543]: Starting object replication pass.
Oct 5 08:30:19 np0005471148 object-server[123543]: 16/16 (100.00%) partitions replicated in 0.13s (119.55/sec, 0s remaining)
Oct 5 08:30:19 np0005471148 object-server[123543]: 32 successes, 0 failures
Oct 5 08:30:19 np0005471148 object-server[123543]: 16 suffixes checked - 0.00% hashed, 0.00% synced
Oct 5 08:30:19 np0005471148 object-server[123543]: Partition times: max 0.0120s, min 0.0061s, med 0.0075s
Oct 5 08:30:19 np0005471148 object-server[123543]: Object replication complete. (0.00 minutes)
Oct 5 08:30:21 np0005471148 object-server[218907]: Begin object audit "forever" mode (ZBF)
Oct 5 08:30:21 np0005471148 object-server[218908]: Begin object audit "forever" mode (ALL)
Oct 5 08:30:21 np0005471148 object-server[218907]: Object audit (ZBF). Since Sun Oct 5 08:30:21 2025: Locally: 1 passed, 0 quarantined, 0 errors, files/sec: 609.46, bytes/sec: 0.00, Total time: 0.00, Auditing time: 0.00, Rate: 0.00
Oct 5 08:30:21 np0005471148 object-server[218908]: Object audit (ALL). Since Sun Oct 5 08:30:21 2025: Locally: 1 passed, 0 quarantined, 0 errors, files/sec: 130.45, bytes/sec: 2087.17, Total time: 0.01, Auditing time: 0.00, Rate: 0.00
Oct 5 08:30:21 np0005471148 object-server[218907]: Object audit (ZBF) "forever" mode completed: 0.28s. Total quarantined: 0, Total errors: 0, Total files/sec: 56.51, Total bytes/sec: 0.00, Auditing time: 0.28, Rate: 0.98
Oct 5 08:30:22 np0005471148 object-server[218908]: Object audit (ALL) "forever" mode completed: 0.71s. Total quarantined: 0, Total errors: 0, Total files/sec: 22.53, Total bytes/sec: 442.10, Auditing time: 0.70, Rate: 0.99
Oct 5 08:30:29 np0005471148 account-server[122556]: Beginning replication run
Oct 5 08:30:29 np0005471148 account-server[122556]: Replication run OVER
Oct 5 08:30:29 np0005471148 account-server[122556]: Attempted to replicate 1 dbs in 0.02244 seconds (44.56364/s)
Oct 5 08:30:29 np0005471148 account-server[122556]: Removed 0 dbs
Oct 5 08:30:29 np0005471148 account-server[122556]: 2 successes, 0 failures
Oct 5 08:30:29 np0005471148 account-server[122556]: diff:0 diff_capped:0 empty:0 hashmatch:0 no_change:2 remote_merge:0 rsync:0 ts_repl:0
Oct 5 08:30:30 np0005471148 container-server[122972]: Beginning replication run
Oct 5 08:30:31 np0005471148 container-server[122972]: Replication run OVER
Oct 5 08:30:31 np0005471148 container-server[122972]: Attempted to replicate 8 dbs in 0.39839 seconds (20.08088/s)
Oct 5 08:30:31 np0005471148 container-server[122972]: Removed 0 dbs
Oct 5 08:30:31 np0005471148 container-server[122972]: 16 successes, 0 failures
Oct 5 08:30:31 np0005471148 container-server[122972]: diff:0 diff_capped:0 empty:0 hashmatch:0 no_change:16 remote_merge:0 rsync:0 ts_repl:0
Oct 5 08:30:34 np0005471148 container-server[123055]: Begin container update sweep
Oct 5 08:30:34 np0005471148 account-server[123037]: 172.20.0.105 - - [05/Oct/2025:08:30:34 +0000] "PUT /d1/852/AUTH_ffbb1c514d6a4f40a7f8a9f769bc781a/gnocchi.9749cebc-76ac-4f62-8e0c-8f08d99893f2" 201 - "-" "-" "container-updater 2" 0.0012 "-" 20 0
Oct 5 08:30:34 np0005471148 account-server[123068]: 172.20.0.105 - - [05/Oct/2025:08:30:34 +0000] "PUT /d1/852/AUTH_ffbb1c514d6a4f40a7f8a9f769bc781a/gnocchi.c55ef7d8-2b83-4ed6-a53d-9b74da124da8" 201 - "-" "-" "container-updater 2" 0.0007 "-" 23 0
Oct 5 08:30:34 np0005471148 account-server[123060]: 172.20.0.105 - - [05/Oct/2025:08:30:34 +0000] "PUT /d1/852/AUTH_ffbb1c514d6a4f40a7f8a9f769bc781a/gnocchi.a83cb81b-2f4e-4dac-9d1d-aae43909f5cf" 201 - "-" "-" "container-updater 2" 0.0014 "-" 22 0
Oct 5 08:30:34 np0005471148 account-server[123044]: 172.20.0.105 - - [05/Oct/2025:08:30:34 +0000] "PUT /d1/852/AUTH_ffbb1c514d6a4f40a7f8a9f769bc781a/gnocchi.dc714135-6941-4d66-9b10-c41e5af38b8b" 201 - "-" "-" "container-updater 2" 0.0008 "-" 21 0
Oct 5 08:30:34 np0005471148 account-server[123068]: 172.20.0.105 - - [05/Oct/2025:08:30:34 +0000] "PUT /d1/852/AUTH_ffbb1c514d6a4f40a7f8a9f769bc781a/gnocchi.d7bf58e5-8403-494e-8e17-f805dbdcc75e" 201 - "-" "-" "container-updater 2" 0.0005 "-" 23 0
Oct 5 08:30:35 np0005471148 account-server[123044]: 172.20.0.105 - - [05/Oct/2025:08:30:35 +0000] "PUT /d1/852/AUTH_ffbb1c514d6a4f40a7f8a9f769bc781a/gnocchi.3b18e974-54e7-4113-bd79-01f93e83d4ff" 201 - "-" "-" "container-updater 2" 0.0008 "-" 21 0
Oct 5 08:30:35 np0005471148 account-server[123044]: 172.20.0.105 - - [05/Oct/2025:08:30:35 +0000] "PUT /d1/852/AUTH_ffbb1c514d6a4f40a7f8a9f769bc781a/gnocchi.58b8b3cd-db26-4cc8-8a89-b9b578bed098" 201 - "-" "-" "container-updater 2" 0.0008 "-" 21 0
Oct 5 08:30:35 np0005471148 account-server[123068]: 172.20.0.105 - - [05/Oct/2025:08:30:35 +0000] "PUT /d1/852/AUTH_ffbb1c514d6a4f40a7f8a9f769bc781a/gnocchi.ec8ae746-e870-4212-b449-049a01fc2765" 201 - "-" "-" "container-updater 2" 0.0008 "-" 23 0
Oct 5 08:30:35 np0005471148 container-server[123055]: Container update sweep completed: 0.75s
Oct 5 08:30:36 np0005471148 object-server[123588]: Begin object update sweep
Oct 5 08:30:36 np0005471148 object-server[220223]: Object update sweep starting on /srv/node/d1 (pid: 14)
Oct 5 08:30:36 np0005471148 object-server[220223]: Object update sweep completed on /srv/node/d1 in 0.00s seconds:, 0 successes, 0 failures, 0 quarantines, 0 unlinks, 0 errors, 0 redirects (pid: 14)
Oct 5 08:30:36 np0005471148 object-server[220223]: Object update sweep of d1 completed: 0.00s, 0 successes, 0 failures, 0 quarantines, 0 unlinks, 0 errors, 0 redirects
Oct 5 08:30:36 np0005471148 object-server[123588]: Object update sweep completed: 0.11s
Oct 5 08:30:39 np0005471148 account-server[123068]: 172.20.0.104 - - [05/Oct/2025:08:30:39 +0000] "HEAD /d1/525/.expiring_objects" 404 - "HEAD http://localhost/v1/.expiring_objects?format=json" "txf737ddba693f482c9bab2-0068e22caf" "proxy-server 2" 0.0017 "-" 23 -
Oct 5 08:30:49 np0005471148 object-server[123543]: Starting object replication pass.
Oct 5 08:30:50 np0005471148 object-server[123543]: 16/16 (100.00%) partitions replicated in 0.13s (125.78/sec, 0s remaining)
Oct 5 08:30:50 np0005471148 object-server[123543]: 32 successes, 0 failures
Oct 5 08:30:50 np0005471148 object-server[123543]: 16 suffixes checked - 0.00% hashed, 0.00% synced
Oct 5 08:30:50 np0005471148 object-server[123543]: Partition times: max 0.0123s, min 0.0049s, med 0.0067s
Oct 5 08:30:50 np0005471148 object-server[123543]: Object replication complete. (0.00 minutes)
Oct 5 08:30:51 np0005471148 account-server[123060]: 172.20.0.103 - - [05/Oct/2025:08:30:51 +0000] "HEAD /d1/525/.expiring_objects" 404 - "HEAD http://localhost/v1/.expiring_objects?format=json" "tx258626b4611b457dbb4ec-0068e22cbb" "proxy-server 2" 0.0008 "-" 22 -
Oct 5 08:30:51 np0005471148 object-server[218926]: Begin object audit "forever" mode (ZBF)
Oct 5 08:30:51 np0005471148 object-server[218926]: Object audit (ZBF). Since Sun Oct 5 08:30:51 2025: Locally: 1 passed, 0 quarantined, 0 errors, files/sec: 481.05, bytes/sec: 0.00, Total time: 0.00, Auditing time: 0.00, Rate: 0.00
Oct 5 08:30:52 np0005471148 object-server[218926]: Object audit (ZBF) "forever" mode completed: 0.28s. Total quarantined: 0, Total errors: 0, Total files/sec: 56.46, Total bytes/sec: 0.00, Auditing time: 0.28, Rate: 0.98
Oct 5 08:30:52 np0005471148 container-server[123361]: 172.20.0.105 - - [05/Oct/2025:08:30:52 +0000] "HEAD /d1/775/AUTH_ffbb1c514d6a4f40a7f8a9f769bc781a/gnocchi.dda64f45-a86b-4fc6-83cd-239cb3b859f1" 404 - "HEAD http://172.18.0.178:8080/v1/AUTH_ffbb1c514d6a4f40a7f8a9f769bc781a/gnocchi.dda64f45-a86b-4fc6-83cd-239cb3b859f1?format=json&states=listing" "tx4599e313630e4bb29def1-0068e22cbc" "proxy-server 20" 0.0007 "-" 16 0
Oct 5 08:30:52 np0005471148 object-server[123793]: 172.20.0.105 - - [05/Oct/2025:08:30:52 +0000] "GET /d1/315/AUTH_ffbb1c514d6a4f40a7f8a9f769bc781a/gnocchi.dda64f45-a86b-4fc6-83cd-239cb3b859f1/none_v3" 404 70 "GET http://172.18.0.178:8080/v1/AUTH_ffbb1c514d6a4f40a7f8a9f769bc781a/gnocchi.dda64f45-a86b-4fc6-83cd-239cb3b859f1/none_v3" "tx4599e313630e4bb29def1-0068e22cbc" "proxy-server 20" 0.0004 "-" 23 0
Oct 5 08:30:52 np0005471148 proxy-server[124968]: 172.18.0.178 172.18.0.104 05/Oct/2025/08/30/52 GET /v1/AUTH_ffbb1c514d6a4f40a7f8a9f769bc781a/gnocchi.dda64f45-a86b-4fc6-83cd-239cb3b859f1/none_v3 HTTP/1.0 404 - python-swiftclient-3.11.1 gAAAAABo4ixPODjF... - 70 - tx4599e313630e4bb29def1-0068e22cbc - 0.0400 - - 1759653052.663583994 1759653052.703544855 0
Oct 5 08:30:52 np0005471148 container-server[123348]: 172.20.0.103 - - [05/Oct/2025:08:30:52 +0000] "HEAD /d1/371/AUTH_ffbb1c514d6a4f40a7f8a9f769bc781a/gnocchi.c1f22f51-3ab2-4ed3-a2be-e913312125fc" 404 - "HEAD http://172.18.0.178:8080/v1/AUTH_ffbb1c514d6a4f40a7f8a9f769bc781a/gnocchi.c1f22f51-3ab2-4ed3-a2be-e913312125fc?format=json&states=listing" "tx7afba12fdaf64be0825ca-0068e22cbc" "proxy-server 20" 0.0006 "-" 14 0
Oct 5 08:30:52 np0005471148 container-server[123361]: 172.20.0.104 - - [05/Oct/2025:08:30:52 +0000] "HEAD /d1/148/AUTH_ffbb1c514d6a4f40a7f8a9f769bc781a/gnocchi.7b1cfb9f-e398-41bd-b164-31557797eb07" 404 - "HEAD http://172.18.0.178:8080/v1/AUTH_ffbb1c514d6a4f40a7f8a9f769bc781a/gnocchi.7b1cfb9f-e398-41bd-b164-31557797eb07?format=json&states=listing" "txcfeec3aed32541bd8384b-0068e22cbc" "proxy-server 20" 0.0008 "-" 16 0
Oct 5 08:30:52 np0005471148 object-server[123793]: 172.20.0.103 - - [05/Oct/2025:08:30:52 +0000] "GET /d1/790/AUTH_ffbb1c514d6a4f40a7f8a9f769bc781a/gnocchi.c1f22f51-3ab2-4ed3-a2be-e913312125fc/none_v3" 404 70 "GET http://172.18.0.178:8080/v1/AUTH_ffbb1c514d6a4f40a7f8a9f769bc781a/gnocchi.c1f22f51-3ab2-4ed3-a2be-e913312125fc/none_v3" "tx7afba12fdaf64be0825ca-0068e22cbc" "proxy-server 20" 0.0003 "-" 23 0
Oct 5 08:30:52 np0005471148 object-server[123793]: 172.20.0.104 - - [05/Oct/2025:08:30:52 +0000] "GET /d1/760/AUTH_ffbb1c514d6a4f40a7f8a9f769bc781a/gnocchi.7b1cfb9f-e398-41bd-b164-31557797eb07/none_v3" 404 70 "GET http://172.18.0.178:8080/v1/AUTH_ffbb1c514d6a4f40a7f8a9f769bc781a/gnocchi.7b1cfb9f-e398-41bd-b164-31557797eb07/none_v3" "txcfeec3aed32541bd8384b-0068e22cbc" "proxy-server 20" 0.0002 "-" 23 0
Oct 5 08:30:52 np0005471148 account-server[123044]: 172.20.0.103 - - [05/Oct/2025:08:30:52 +0000] "PUT /d1/852/AUTH_ffbb1c514d6a4f40a7f8a9f769bc781a/gnocchi.dda64f45-a86b-4fc6-83cd-239cb3b859f1" 201 - "PUT http://172.20.0.103:6001/d1/775/AUTH_ffbb1c514d6a4f40a7f8a9f769bc781a/gnocchi.dda64f45-a86b-4fc6-83cd-239cb3b859f1" "txebc028f1ce9945ed8eae8-0068e22cbc" "container-server 21" 0.0020 "-" 21 0
Oct 5 08:30:52 np0005471148 container-server[123348]: 172.20.0.105 - - [05/Oct/2025:08:30:52 +0000] "PUT /d1/775/AUTH_ffbb1c514d6a4f40a7f8a9f769bc781a/gnocchi.dda64f45-a86b-4fc6-83cd-239cb3b859f1" 201 - "PUT http://172.18.0.178:8080/v1/AUTH_ffbb1c514d6a4f40a7f8a9f769bc781a/gnocchi.dda64f45-a86b-4fc6-83cd-239cb3b859f1" "txebc028f1ce9945ed8eae8-0068e22cbc" "proxy-server 20" 0.0212 "-" 14 0
Oct 5 08:30:52 np0005471148 proxy-server[124968]: 172.18.0.178 172.18.0.104 05/Oct/2025/08/30/52 PUT /v1/AUTH_ffbb1c514d6a4f40a7f8a9f769bc781a/gnocchi.dda64f45-a86b-4fc6-83cd-239cb3b859f1 HTTP/1.0 201 - python-swiftclient-3.11.1 gAAAAABo4ixPODjF... - - - txebc028f1ce9945ed8eae8-0068e22cbc - 0.0333 - - 1759653052.708496571 1759653052.741823196 0
Oct 5 08:30:52 np0005471148 container-server[123354]: 172.20.0.105 - - [05/Oct/2025:08:30:52 +0000] "HEAD /d1/775/AUTH_ffbb1c514d6a4f40a7f8a9f769bc781a/gnocchi.dda64f45-a86b-4fc6-83cd-239cb3b859f1" 204 - "HEAD http://172.18.0.178:8080/v1/AUTH_ffbb1c514d6a4f40a7f8a9f769bc781a/gnocchi.dda64f45-a86b-4fc6-83cd-239cb3b859f1?format=json&states=listing" "txce46dbd143a14ecbb8a47-0068e22cbc" "proxy-server 20" 0.0018 "-" 15 0
Oct 5 08:30:52 np0005471148 proxy-server[124968]: - - 05/Oct/2025/08/30/52 HEAD /v1/AUTH_ffbb1c514d6a4f40a7f8a9f769bc781a/gnocchi.dda64f45-a86b-4fc6-83cd-239cb3b859f1%3Fformat%3Djson%26states%3Dlisting HTTP/1.0 204 - Swift - - - - txce46dbd143a14ecbb8a47-0068e22cbc - 0.0157 RL - 1759653052.749817133 1759653052.765557766 0
Oct 5 08:30:52 np0005471148 account-server[123037]: 172.20.0.103 - - [05/Oct/2025:08:30:52 +0000] "PUT /d1/852/AUTH_ffbb1c514d6a4f40a7f8a9f769bc781a/gnocchi.c1f22f51-3ab2-4ed3-a2be-e913312125fc" 201 - "PUT http://172.20.0.103:6001/d1/371/AUTH_ffbb1c514d6a4f40a7f8a9f769bc781a/gnocchi.c1f22f51-3ab2-4ed3-a2be-e913312125fc" "tx31550d635a6844e5968a8-0068e22cbc" "container-server 22" 0.0095 "-" 20 0
Oct 5 08:30:52 np0005471148 container-server[123348]: 172.20.0.103 - - [05/Oct/2025:08:30:52 +0000] "PUT /d1/371/AUTH_ffbb1c514d6a4f40a7f8a9f769bc781a/gnocchi.c1f22f51-3ab2-4ed3-a2be-e913312125fc" 201 - "PUT http://172.18.0.178:8080/v1/AUTH_ffbb1c514d6a4f40a7f8a9f769bc781a/gnocchi.c1f22f51-3ab2-4ed3-a2be-e913312125fc" "tx31550d635a6844e5968a8-0068e22cbc" "proxy-server 20" 0.0251 "-" 14 0
Oct 5 08:30:52 np0005471148 account-server[123060]: 172.20.0.104 - - [05/Oct/2025:08:30:52 +0000] "PUT /d1/852/AUTH_ffbb1c514d6a4f40a7f8a9f769bc781a/gnocchi.7b1cfb9f-e398-41bd-b164-31557797eb07" 201 - "PUT http://172.20.0.104:6001/d1/148/AUTH_ffbb1c514d6a4f40a7f8a9f769bc781a/gnocchi.7b1cfb9f-e398-41bd-b164-31557797eb07" "txf3cdbc9d96b64767885bd-0068e22cbc" "container-server 23" 0.0058 "-" 22 0
Oct 5 08:30:52 np0005471148 proxy-server[124968]: 172.18.0.178 172.18.0.104 05/Oct/2025/08/30/52 GET /v1/AUTH_ffbb1c514d6a4f40a7f8a9f769bc781a/gnocchi.dda64f45-a86b-4fc6-83cd-239cb3b859f1%3Fformat%3Djson%26states%3Dlisting HTTP/1.0 200 - python-swiftclient-3.11.1 gAAAAABo4ixPODjF... - 2 - txce46dbd143a14ecbb8a47-0068e22cbc - 0.0362 - - 1759653052.747758627 1759653052.784006119 0
Oct 5 08:30:52 np0005471148 container-server[123354]: 172.20.0.104 - - [05/Oct/2025:08:30:52 +0000] "PUT /d1/148/AUTH_ffbb1c514d6a4f40a7f8a9f769bc781a/gnocchi.7b1cfb9f-e398-41bd-b164-31557797eb07" 201 - "PUT http://172.18.0.178:8080/v1/AUTH_ffbb1c514d6a4f40a7f8a9f769bc781a/gnocchi.7b1cfb9f-e398-41bd-b164-31557797eb07" "txf3cdbc9d96b64767885bd-0068e22cbc" "proxy-server 20" 0.0365 "-" 15 0
Oct 5 08:30:52 np0005471148 object-server[123784]: 172.20.0.105 - - [05/Oct/2025:08:30:52 +0000] "GET /d1/347/AUTH_ffbb1c514d6a4f40a7f8a9f769bc781a/gnocchi.dda64f45-a86b-4fc6-83cd-239cb3b859f1/1759320000.0_mean_300.0_v3" 404 70 "GET http://172.18.0.178:8080/v1/AUTH_ffbb1c514d6a4f40a7f8a9f769bc781a/gnocchi.dda64f45-a86b-4fc6-83cd-239cb3b859f1/1759320000.0_mean_300.0_v3" "tx695613c0acb24a39995bf-0068e22cbc" "proxy-server 20" 0.0011 "-" 22 0
Oct 5 08:30:52 np0005471148 proxy-server[124968]: 172.18.0.178 172.18.0.104 05/Oct/2025/08/30/52 GET /v1/AUTH_ffbb1c514d6a4f40a7f8a9f769bc781a/gnocchi.dda64f45-a86b-4fc6-83cd-239cb3b859f1/1759320000.0_mean_300.0_v3 HTTP/1.0 404 - python-swiftclient-3.11.1 gAAAAABo4ixPODjF... - 70 - tx695613c0acb24a39995bf-0068e22cbc - 0.0221 - - 1759653052.790075541 1759653052.812161684 0
Oct 5 08:30:52 np0005471148 object-server[123784]: 172.20.0.103 - - [05/Oct/2025:08:30:52 +0000] "GET /d1/127/AUTH_ffbb1c514d6a4f40a7f8a9f769bc781a/gnocchi.c1f22f51-3ab2-4ed3-a2be-e913312125fc/1759320000.0_mean_300.0_v3" 404 70 "GET http://172.18.0.178:8080/v1/AUTH_ffbb1c514d6a4f40a7f8a9f769bc781a/gnocchi.c1f22f51-3ab2-4ed3-a2be-e913312125fc/1759320000.0_mean_300.0_v3" "txed86954f695c412382ec1-0068e22cbc" "proxy-server 20" 0.0009 "-" 22 0
Oct 5 08:30:52 np0005471148 object-server[123796]: 172.20.0.104 - - [05/Oct/2025:08:30:52 +0000] "GET /d1/244/AUTH_ffbb1c514d6a4f40a7f8a9f769bc781a/gnocchi.7b1cfb9f-e398-41bd-b164-31557797eb07/1759320000.0_mean_300.0_v3" 404 70 "GET http://172.18.0.178:8080/v1/AUTH_ffbb1c514d6a4f40a7f8a9f769bc781a/gnocchi.7b1cfb9f-e398-41bd-b164-31557797eb07/1759320000.0_mean_300.0_v3" "tx9a2193789a9346828e878-0068e22cbc" "proxy-server 20" 0.0007 "-" 25 0
Oct 5 08:30:52 np0005471148 container-server[123354]: 172.20.0.105 - - [05/Oct/2025:08:30:52 +0000] "PUT /d1/775/AUTH_ffbb1c514d6a4f40a7f8a9f769bc781a/gnocchi.dda64f45-a86b-4fc6-83cd-239cb3b859f1/1759320000.0_mean_300.0_v3" 201 - "PUT http://172.18.0.178:8080/d1/347/AUTH_ffbb1c514d6a4f40a7f8a9f769bc781a/gnocchi.dda64f45-a86b-4fc6-83cd-239cb3b859f1/1759320000.0_mean_300.0_v3" "tx2fdeb8d955624312883ab-0068e22cbc" "object-server 23" 0.0007 "-" 15 0
Oct 5 08:30:52 np0005471148 object-server[123793]: 172.20.0.105 - - [05/Oct/2025:08:30:52 +0000] "PUT /d1/347/AUTH_ffbb1c514d6a4f40a7f8a9f769bc781a/gnocchi.dda64f45-a86b-4fc6-83cd-239cb3b859f1/1759320000.0_mean_300.0_v3" 201 - "PUT http://172.18.0.178:8080/v1/AUTH_ffbb1c514d6a4f40a7f8a9f769bc781a/gnocchi.dda64f45-a86b-4fc6-83cd-239cb3b859f1/1759320000.0_mean_300.0_v3" "tx2fdeb8d955624312883ab-0068e22cbc" "proxy-server 20" 0.0165 "-" 23 0
Oct 5 08:30:52 np0005471148 proxy-server[124968]: 172.18.0.178 172.18.0.104 05/Oct/2025/08/30/52 PUT /v1/AUTH_ffbb1c514d6a4f40a7f8a9f769bc781a/gnocchi.dda64f45-a86b-4fc6-83cd-239cb3b859f1/1759320000.0_mean_300.0_v3 HTTP/1.0 201 - python-swiftclient-3.11.1 gAAAAABo4ixPODjF... 16 - - tx2fdeb8d955624312883ab-0068e22cbc - 0.0287 - - 1759653052.818031311 1759653052.846768618 0
Oct 5 08:30:52 np0005471148 container-server[123354]: 172.20.0.103 - - [05/Oct/2025:08:30:52 +0000] "PUT /d1/371/AUTH_ffbb1c514d6a4f40a7f8a9f769bc781a/gnocchi.c1f22f51-3ab2-4ed3-a2be-e913312125fc/1759320000.0_mean_300.0_v3" 201 - "PUT http://172.18.0.178:8080/d1/127/AUTH_ffbb1c514d6a4f40a7f8a9f769bc781a/gnocchi.c1f22f51-3ab2-4ed3-a2be-e913312125fc/1759320000.0_mean_300.0_v3" "tx530776ac94ca47a384300-0068e22cbc" "object-server 25" 0.0006 "-" 15 0
Oct 5 08:30:52 np0005471148 object-server[123795]: 172.20.0.103 - - [05/Oct/2025:08:30:52 +0000] "PUT /d1/127/AUTH_ffbb1c514d6a4f40a7f8a9f769bc781a/gnocchi.c1f22f51-3ab2-4ed3-a2be-e913312125fc/1759320000.0_mean_300.0_v3" 201 - "PUT http://172.18.0.178:8080/v1/AUTH_ffbb1c514d6a4f40a7f8a9f769bc781a/gnocchi.c1f22f51-3ab2-4ed3-a2be-e913312125fc/1759320000.0_mean_300.0_v3" "tx530776ac94ca47a384300-0068e22cbc" "proxy-server 20" 0.0232 "-" 24 0
Oct 5 08:30:52 np0005471148 container-server[123348]: 172.20.0.105 - - [05/Oct/2025:08:30:52 +0000] "PUT /d1/775/AUTH_ffbb1c514d6a4f40a7f8a9f769bc781a/gnocchi.dda64f45-a86b-4fc6-83cd-239cb3b859f1/none_v3" 201 - "PUT http://172.18.0.178:8080/d1/315/AUTH_ffbb1c514d6a4f40a7f8a9f769bc781a/gnocchi.dda64f45-a86b-4fc6-83cd-239cb3b859f1/none_v3" "txd6f26d0c14244c7db018f-0068e22cbc" "object-server 24" 0.0009 "-" 14 0
Oct 5 08:30:52 np0005471148 object-server[123795]: 172.20.0.105 - - [05/Oct/2025:08:30:52 +0000] "PUT /d1/315/AUTH_ffbb1c514d6a4f40a7f8a9f769bc781a/gnocchi.dda64f45-a86b-4fc6-83cd-239cb3b859f1/none_v3" 201 - "PUT http://172.18.0.178:8080/v1/AUTH_ffbb1c514d6a4f40a7f8a9f769bc781a/gnocchi.dda64f45-a86b-4fc6-83cd-239cb3b859f1/none_v3" "txd6f26d0c14244c7db018f-0068e22cbc" "proxy-server 20" 0.0204 "-" 24 0
Oct 5 08:30:52 np0005471148 container-server[123354]: 172.20.0.104 - - [05/Oct/2025:08:30:52 +0000] "PUT /d1/148/AUTH_ffbb1c514d6a4f40a7f8a9f769bc781a/gnocchi.7b1cfb9f-e398-41bd-b164-31557797eb07/1759320000.0_mean_300.0_v3" 201 - "PUT http://172.18.0.178:8080/d1/244/AUTH_ffbb1c514d6a4f40a7f8a9f769bc781a/gnocchi.7b1cfb9f-e398-41bd-b164-31557797eb07/1759320000.0_mean_300.0_v3" "txd6a43938e74f44b59188e-0068e22cbc" "object-server 22" 0.0007 "-" 15 0
Oct 5 08:30:52 np0005471148 object-server[123795]: 172.20.0.104 - - [05/Oct/2025:08:30:52 +0000] "PUT /d1/244/AUTH_ffbb1c514d6a4f40a7f8a9f769bc781a/gnocchi.7b1cfb9f-e398-41bd-b164-31557797eb07/1759320000.0_mean_300.0_v3" 201 - "PUT http://172.18.0.178:8080/v1/AUTH_ffbb1c514d6a4f40a7f8a9f769bc781a/gnocchi.7b1cfb9f-e398-41bd-b164-31557797eb07/1759320000.0_mean_300.0_v3" "txd6a43938e74f44b59188e-0068e22cbc" "proxy-server 20" 0.0190 "-" 24 0
Oct 5 08:30:52 np0005471148 proxy-server[124968]: 172.18.0.178 172.18.0.104 05/Oct/2025/08/30/52 PUT /v1/AUTH_ffbb1c514d6a4f40a7f8a9f769bc781a/gnocchi.dda64f45-a86b-4fc6-83cd-239cb3b859f1/none_v3 HTTP/1.0 201 - python-swiftclient-3.11.1 gAAAAABo4ixPODjF... 22 - - txd6f26d0c14244c7db018f-0068e22cbc - 0.0334 - - 1759653052.850849628 1759653052.884257317 0
Oct 5 08:30:52 np0005471148 container-server[123354]: 172.20.0.105 - - [05/Oct/2025:08:30:52 +0000] "PUT /d1/371/AUTH_ffbb1c514d6a4f40a7f8a9f769bc781a/gnocchi.c1f22f51-3ab2-4ed3-a2be-e913312125fc/none_v3" 201 - "PUT http://172.18.0.178:8080/d1/790/AUTH_ffbb1c514d6a4f40a7f8a9f769bc781a/gnocchi.c1f22f51-3ab2-4ed3-a2be-e913312125fc/none_v3" "txb948e11393104bce8cc96-0068e22cbc" "object-server 25" 0.0004 "-" 15 0
Oct 5 08:30:52 np0005471148 object-server[123796]: 172.20.0.103 - - [05/Oct/2025:08:30:52 +0000] "PUT /d1/790/AUTH_ffbb1c514d6a4f40a7f8a9f769bc781a/gnocchi.c1f22f51-3ab2-4ed3-a2be-e913312125fc/none_v3" 201 - "PUT http://172.18.0.178:8080/v1/AUTH_ffbb1c514d6a4f40a7f8a9f769bc781a/gnocchi.c1f22f51-3ab2-4ed3-a2be-e913312125fc/none_v3" "txb948e11393104bce8cc96-0068e22cbc" "proxy-server 20" 0.0103 "-" 25 0
Oct 5 08:30:52 np0005471148 container-server[123348]: 172.20.0.103 - - [05/Oct/2025:08:30:52 +0000] "PUT /d1/148/AUTH_ffbb1c514d6a4f40a7f8a9f769bc781a/gnocchi.7b1cfb9f-e398-41bd-b164-31557797eb07/none_v3" 201 - "PUT http://172.18.0.178:8080/d1/760/AUTH_ffbb1c514d6a4f40a7f8a9f769bc781a/gnocchi.7b1cfb9f-e398-41bd-b164-31557797eb07/none_v3" "txeb3609906e594f688b335-0068e22cbc" "object-server 22" 0.0004 "-" 14 0
Oct 5 08:30:52 np0005471148 container-server[123348]: 172.20.0.104 - - [05/Oct/2025:08:30:52 +0000] "HEAD /d1/668/AUTH_ffbb1c514d6a4f40a7f8a9f769bc781a/gnocchi.80bb1bb0-b35e-4ba8-a2bb-fd16b5b44bba" 404 - "HEAD http://172.18.0.178:8080/v1/AUTH_ffbb1c514d6a4f40a7f8a9f769bc781a/gnocchi.80bb1bb0-b35e-4ba8-a2bb-fd16b5b44bba?format=json&states=listing" "tx7c56c692d86c47928a5c9-0068e22cbc" "proxy-server 20" 0.0003 "-" 14 0
Oct 5 08:30:52 np0005471148 object-server[123784]: 172.20.0.105 - - [05/Oct/2025:08:30:52 +0000] "PUT /d1/760/AUTH_ffbb1c514d6a4f40a7f8a9f769bc781a/gnocchi.7b1cfb9f-e398-41bd-b164-31557797eb07/none_v3" 201 - "PUT http://172.18.0.178:8080/v1/AUTH_ffbb1c514d6a4f40a7f8a9f769bc781a/gnocchi.7b1cfb9f-e398-41bd-b164-31557797eb07/none_v3" "txeb3609906e594f688b335-0068e22cbc" "proxy-server 20" 0.0132 "-" 22 0
Oct 5 08:30:52 np0005471148 proxy-server[124968]: 172.18.0.103 172.18.0.104 05/Oct/2025/08/30/52 PUT /v1/AUTH_ffbb1c514d6a4f40a7f8a9f769bc781a/gnocchi.7b1cfb9f-e398-41bd-b164-31557797eb07/none_v3 HTTP/1.0 201 - python-swiftclient-3.11.1 gAAAAABo4iyYaC5C... 22 - - txeb3609906e594f688b335-0068e22cbc - 0.0255 - - 1759653052.890192032 1759653052.915667772 0
Oct 5 08:30:52 np0005471148 object-server[123793]: 172.20.0.104 - - [05/Oct/2025:08:30:52 +0000] "GET /d1/575/AUTH_ffbb1c514d6a4f40a7f8a9f769bc781a/gnocchi.80bb1bb0-b35e-4ba8-a2bb-fd16b5b44bba/none_v3" 404 70 "GET http://172.18.0.178:8080/v1/AUTH_ffbb1c514d6a4f40a7f8a9f769bc781a/gnocchi.80bb1bb0-b35e-4ba8-a2bb-fd16b5b44bba/none_v3" "tx7c56c692d86c47928a5c9-0068e22cbc" "proxy-server 20" 0.0004 "-" 23 0
Oct 5 08:30:52 np0005471148 container-server[123348]: 172.20.0.103 - - [05/Oct/2025:08:30:52 +0000] "HEAD /d1/53/AUTH_ffbb1c514d6a4f40a7f8a9f769bc781a/gnocchi.34d0c3fe-275b-44da-a4d2-7d85fffb2a30" 404 - "HEAD http://172.18.0.178:8080/v1/AUTH_ffbb1c514d6a4f40a7f8a9f769bc781a/gnocchi.34d0c3fe-275b-44da-a4d2-7d85fffb2a30?format=json&states=listing" "tx55d9374a2d684fd3aa6fb-0068e22cbc" "proxy-server 20" 0.0007 "-" 14 0
Oct 5 08:30:52 np0005471148 object-server[123793]: 172.20.0.103 - - [05/Oct/2025:08:30:52 +0000] "GET /d1/762/AUTH_ffbb1c514d6a4f40a7f8a9f769bc781a/gnocchi.34d0c3fe-275b-44da-a4d2-7d85fffb2a30/none_v3" 404 70 "GET http://172.18.0.178:8080/v1/AUTH_ffbb1c514d6a4f40a7f8a9f769bc781a/gnocchi.34d0c3fe-275b-44da-a4d2-7d85fffb2a30/none_v3" "tx55d9374a2d684fd3aa6fb-0068e22cbc" "proxy-server 20" 0.0004 "-" 23 0
Oct 5 08:30:52 np0005471148 account-server[123037]: 172.20.0.105 - - [05/Oct/2025:08:30:52 +0000] "PUT /d1/852/AUTH_ffbb1c514d6a4f40a7f8a9f769bc781a/gnocchi.80bb1bb0-b35e-4ba8-a2bb-fd16b5b44bba" 201 - "PUT http://172.20.0.105:6001/d1/668/AUTH_ffbb1c514d6a4f40a7f8a9f769bc781a/gnocchi.80bb1bb0-b35e-4ba8-a2bb-fd16b5b44bba" "tx271b9bbb08a140c69496f-0068e22cbc" "container-server 17" 0.0062 "-" 20 0
Oct 5 08:30:52 np0005471148 container-server[123364]: 172.20.0.105 - - [05/Oct/2025:08:30:52 +0000] "HEAD /d1/951/AUTH_ffbb1c514d6a4f40a7f8a9f769bc781a/gnocchi.812d8853-9830-4007-a8c4-a077946f8fcd" 404 - "HEAD http://172.18.0.178:8080/v1/AUTH_ffbb1c514d6a4f40a7f8a9f769bc781a/gnocchi.812d8853-9830-4007-a8c4-a077946f8fcd?format=json&states=listing" "txaa6c2db1bb9f4150928f7-0068e22cbc" "proxy-server 20" 0.0028 "-" 17 0
Oct 5 08:30:52 np0005471148 container-server[123364]: 172.20.0.104 - - [05/Oct/2025:08:30:52 +0000] "PUT /d1/668/AUTH_ffbb1c514d6a4f40a7f8a9f769bc781a/gnocchi.80bb1bb0-b35e-4ba8-a2bb-fd16b5b44bba" 201 - "PUT http://172.18.0.178:8080/v1/AUTH_ffbb1c514d6a4f40a7f8a9f769bc781a/gnocchi.80bb1bb0-b35e-4ba8-a2bb-fd16b5b44bba" "tx271b9bbb08a140c69496f-0068e22cbc" "proxy-server 20" 0.0203 "-" 17 0
Oct 5 08:30:52 np0005471148 object-server[123793]: 172.20.0.105 - - [05/Oct/2025:08:30:52 +0000] "GET /d1/814/AUTH_ffbb1c514d6a4f40a7f8a9f769bc781a/gnocchi.812d8853-9830-4007-a8c4-a077946f8fcd/none_v3" 404 70 "GET http://172.18.0.178:8080/v1/AUTH_ffbb1c514d6a4f40a7f8a9f769bc781a/gnocchi.812d8853-9830-4007-a8c4-a077946f8fcd/none_v3" "txaa6c2db1bb9f4150928f7-0068e22cbc" "proxy-server 20" 0.0004 "-" 23 0
Oct 5 08:30:52 np0005471148 proxy-server[124968]: 172.18.0.103 172.18.0.104 05/Oct/2025/08/30/52 GET /v1/AUTH_ffbb1c514d6a4f40a7f8a9f769bc781a/gnocchi.812d8853-9830-4007-a8c4-a077946f8fcd/none_v3 HTTP/1.0 404 - python-swiftclient-3.11.1 gAAAAABo4iyYaC5C... - 70 - txaa6c2db1bb9f4150928f7-0068e22cbc - 0.0451 - - 1759653052.931194305 1759653052.976296186 0
Oct 5 08:30:52 np0005471148 container-server[123364]: 172.20.0.103 - - [05/Oct/2025:08:30:52 +0000] "PUT /d1/53/AUTH_ffbb1c514d6a4f40a7f8a9f769bc781a/gnocchi.34d0c3fe-275b-44da-a4d2-7d85fffb2a30" 201 - "PUT http://172.18.0.178:8080/v1/AUTH_ffbb1c514d6a4f40a7f8a9f769bc781a/gnocchi.34d0c3fe-275b-44da-a4d2-7d85fffb2a30" "tx9df2c536358648a694647-0068e22cbc" "proxy-server 20" 0.0144 "-" 17 0
Oct 5 08:30:52 np0005471148 account-server[123068]: 172.20.0.104 - - [05/Oct/2025:08:30:52 +0000] "PUT /d1/852/AUTH_ffbb1c514d6a4f40a7f8a9f769bc781a/gnocchi.34d0c3fe-275b-44da-a4d2-7d85fffb2a30" 201 - "PUT http://172.20.0.104:6001/d1/53/AUTH_ffbb1c514d6a4f40a7f8a9f769bc781a/gnocchi.34d0c3fe-275b-44da-a4d2-7d85fffb2a30" "tx9df2c536358648a694647-0068e22cbc" "container-server 23" 0.0053 "-" 23 0
Oct 5 08:30:53 np0005471148 account-server[123060]: 172.20.0.105 - - [05/Oct/2025:08:30:53 +0000] "PUT /d1/852/AUTH_ffbb1c514d6a4f40a7f8a9f769bc781a/gnocchi.812d8853-9830-4007-a8c4-a077946f8fcd" 201 - "PUT http://172.20.0.105:6001/d1/951/AUTH_ffbb1c514d6a4f40a7f8a9f769bc781a/gnocchi.812d8853-9830-4007-a8c4-a077946f8fcd" "txf9d4211762b34d3eb4cf7-0068e22cbc" "container-server 14" 0.0055 "-" 22 0
Oct 5 08:30:53 np0005471148 container-server[123348]: 172.20.0.105 - - [05/Oct/2025:08:30:53 +0000] "PUT /d1/951/AUTH_ffbb1c514d6a4f40a7f8a9f769bc781a/gnocchi.812d8853-9830-4007-a8c4-a077946f8fcd" 201 - "PUT http://172.18.0.178:8080/v1/AUTH_ffbb1c514d6a4f40a7f8a9f769bc781a/gnocchi.812d8853-9830-4007-a8c4-a077946f8fcd" "txf9d4211762b34d3eb4cf7-0068e22cbc" "proxy-server 20" 0.0190 "-" 14 0
Oct 5 08:30:53 np0005471148 container-server[123364]: 172.20.0.103 - - [05/Oct/2025:08:30:53 +0000] "GET /d1/53/AUTH_ffbb1c514d6a4f40a7f8a9f769bc781a/gnocchi.34d0c3fe-275b-44da-a4d2-7d85fffb2a30" 200 2 "GET http://172.18.0.178:8080/v1/AUTH_ffbb1c514d6a4f40a7f8a9f769bc781a/gnocchi.34d0c3fe-275b-44da-a4d2-7d85fffb2a30?format=json&states=listing" "txab6990eb97384dcb8dd2a-0068e22cbc" "proxy-server 20" 0.0031 "-" 17 0
Oct 5 08:30:53 np0005471148 proxy-server[124968]: 172.18.0.103 172.18.0.104 05/Oct/2025/08/30/53 PUT /v1/AUTH_ffbb1c514d6a4f40a7f8a9f769bc781a/gnocchi.812d8853-9830-4007-a8c4-a077946f8fcd HTTP/1.0 201 - python-swiftclient-3.11.1 gAAAAABo4iyYaC5C... - - - txf9d4211762b34d3eb4cf7-0068e22cbc - 0.0312 - - 1759653052.980092525 1759653053.011283398 0
Oct 5 08:30:53 np0005471148 object-server[123793]: 172.20.0.104 - - [05/Oct/2025:08:30:53 +0000] "GET /d1/55/AUTH_ffbb1c514d6a4f40a7f8a9f769bc781a/gnocchi.80bb1bb0-b35e-4ba8-a2bb-fd16b5b44bba/1759320000.0_mean_300.0_v3" 404 70 "GET http://172.18.0.178:8080/v1/AUTH_ffbb1c514d6a4f40a7f8a9f769bc781a/gnocchi.80bb1bb0-b35e-4ba8-a2bb-fd16b5b44bba/1759320000.0_mean_300.0_v3" "txda2ec6bdf6fc456fa75d5-0068e22cbc" "proxy-server 20" 0.0006 "-" 23 0
Oct 5 08:30:53 np0005471148 proxy-server[124968]: - - 05/Oct/2025/08/30/53 HEAD /v1/AUTH_ffbb1c514d6a4f40a7f8a9f769bc781a/gnocchi.812d8853-9830-4007-a8c4-a077946f8fcd%3Fformat%3Djson%26states%3Dlisting HTTP/1.0 204 - Swift - - - - txa0242c80116047609a5ad-0068e22cbd - 0.0069 RL - 1759653053.017370939 1759653053.024272203 0
Oct 5 08:30:53 np0005471148 object-server[123784]: 172.20.0.104 - - [05/Oct/2025:08:30:53 +0000] "GET /d1/194/AUTH_ffbb1c514d6a4f40a7f8a9f769bc781a/gnocchi.34d0c3fe-275b-44da-a4d2-7d85fffb2a30/1759320000.0_mean_300.0_v3" 404 70 "GET http://172.18.0.178:8080/v1/AUTH_ffbb1c514d6a4f40a7f8a9f769bc781a/gnocchi.34d0c3fe-275b-44da-a4d2-7d85fffb2a30/1759320000.0_mean_300.0_v3" "tx8807fc89b8564225a784b-0068e22cbd" "proxy-server 20" 0.0004 "-" 22 0
Oct 5 08:30:53 np0005471148 proxy-server[124968]: 172.18.0.103 172.18.0.104 05/Oct/2025/08/30/53 GET /v1/AUTH_ffbb1c514d6a4f40a7f8a9f769bc781a/gnocchi.812d8853-9830-4007-a8c4-a077946f8fcd%3Fformat%3Djson%26states%3Dlisting HTTP/1.0 200 - python-swiftclient-3.11.1 gAAAAABo4iyYaC5C... - 2 - txa0242c80116047609a5ad-0068e22cbd - 0.0202 - - 1759653053.015680313 1759653053.035910368 0
Oct 5 08:30:53 np0005471148 container-server[123364]: 172.20.0.104 - - [05/Oct/2025:08:30:53 +0000] "PUT /d1/668/AUTH_ffbb1c514d6a4f40a7f8a9f769bc781a/gnocchi.80bb1bb0-b35e-4ba8-a2bb-fd16b5b44bba/1759320000.0_mean_300.0_v3" 201 - "PUT http://172.18.0.178:8080/d1/55/AUTH_ffbb1c514d6a4f40a7f8a9f769bc781a/gnocchi.80bb1bb0-b35e-4ba8-a2bb-fd16b5b44bba/1759320000.0_mean_300.0_v3" "txe5da291242884c33beefa-0068e22cbd" "object-server 24" 0.0007 "-" 17 0
Oct 5 08:30:53 np0005471148 object-server[123784]: 172.20.0.103 - - [05/Oct/2025:08:30:53 +0000] "PUT /d1/55/AUTH_ffbb1c514d6a4f40a7f8a9f769bc781a/gnocchi.80bb1bb0-b35e-4ba8-a2bb-fd16b5b44bba/1759320000.0_mean_300.0_v3" 201 - "PUT http://172.18.0.178:8080/v1/AUTH_ffbb1c514d6a4f40a7f8a9f769bc781a/gnocchi.80bb1bb0-b35e-4ba8-a2bb-fd16b5b44bba/1759320000.0_mean_300.0_v3" "txe5da291242884c33beefa-0068e22cbd" "proxy-server 20" 0.0130 "-" 22 0
Oct 5 08:30:53 np0005471148 object-server[123784]: 172.20.0.105 - - [05/Oct/2025:08:30:53 +0000] "GET /d1/350/AUTH_ffbb1c514d6a4f40a7f8a9f769bc781a/gnocchi.812d8853-9830-4007-a8c4-a077946f8fcd/1759320000.0_mean_300.0_v3" 404 70 "GET http://172.18.0.178:8080/v1/AUTH_ffbb1c514d6a4f40a7f8a9f769bc781a/gnocchi.812d8853-9830-4007-a8c4-a077946f8fcd/1759320000.0_mean_300.0_v3" "txbba59841a0464fb884bdb-0068e22cbd" "proxy-server 20" 0.0004 "-" 22 0
Oct 5 08:30:53 np0005471148 proxy-server[124968]: 172.18.0.103 172.18.0.104 05/Oct/2025/08/30/53 GET /v1/AUTH_ffbb1c514d6a4f40a7f8a9f769bc781a/gnocchi.812d8853-9830-4007-a8c4-a077946f8fcd/1759320000.0_mean_300.0_v3 HTTP/1.0 404 - python-swiftclient-3.11.1 gAAAAABo4iyYaC5C... - 70 - txbba59841a0464fb884bdb-0068e22cbd - 0.0137 - - 1759653053.039906979 1759653053.053615332 0
Oct 5 08:30:53 np0005471148 object-server[123793]: 172.20.0.104 - - [05/Oct/2025:08:30:53 +0000] "PUT /d1/194/AUTH_ffbb1c514d6a4f40a7f8a9f769bc781a/gnocchi.34d0c3fe-275b-44da-a4d2-7d85fffb2a30/1759320000.0_mean_300.0_v3" 201 - "PUT http://172.18.0.178:8080/v1/AUTH_ffbb1c514d6a4f40a7f8a9f769bc781a/gnocchi.34d0c3fe-275b-44da-a4d2-7d85fffb2a30/1759320000.0_mean_300.0_v3" "txa40ae65ecc17410a94411-0068e22cbd" "proxy-server 20" 0.0118 "-" 23 0
Oct 5 08:30:53 np0005471148 container-server[123354]: 172.20.0.104 - - [05/Oct/2025:08:30:53 +0000] "PUT /d1/53/AUTH_ffbb1c514d6a4f40a7f8a9f769bc781a/gnocchi.34d0c3fe-275b-44da-a4d2-7d85fffb2a30/1759320000.0_mean_300.0_v3" 201 - "PUT http://172.18.0.178:8080/d1/194/AUTH_ffbb1c514d6a4f40a7f8a9f769bc781a/gnocchi.34d0c3fe-275b-44da-a4d2-7d85fffb2a30/1759320000.0_mean_300.0_v3" "txa40ae65ecc17410a94411-0068e22cbd" "object-server 25" 0.0009 "-" 15 0
Oct 5 08:30:53 np0005471148 object-server[123796]: 172.20.0.103 - - [05/Oct/2025:08:30:53 +0000] "PUT /d1/575/AUTH_ffbb1c514d6a4f40a7f8a9f769bc781a/gnocchi.80bb1bb0-b35e-4ba8-a2bb-fd16b5b44bba/none_v3" 201 - "PUT http://172.18.0.178:8080/v1/AUTH_ffbb1c514d6a4f40a7f8a9f769bc781a/gnocchi.80bb1bb0-b35e-4ba8-a2bb-fd16b5b44bba/none_v3" "txf6748b1314954c0fa20de-0068e22cbd" "proxy-server 20" 0.0144 "-" 25 0
Oct 5 08:30:53 np0005471148 container-server[123361]: 172.20.0.104 - - [05/Oct/2025:08:30:53 +0000] "PUT /d1/668/AUTH_ffbb1c514d6a4f40a7f8a9f769bc781a/gnocchi.80bb1bb0-b35e-4ba8-a2bb-fd16b5b44bba/none_v3" 201 - "PUT http://172.18.0.178:8080/d1/575/AUTH_ffbb1c514d6a4f40a7f8a9f769bc781a/gnocchi.80bb1bb0-b35e-4ba8-a2bb-fd16b5b44bba/none_v3" "txf6748b1314954c0fa20de-0068e22cbd" "object-server 25" 0.0009 "-" 16 0
Oct 5 08:30:53 np0005471148 container-server[123354]: 172.20.0.105 - - [05/Oct/2025:08:30:53 +0000] "PUT /d1/951/AUTH_ffbb1c514d6a4f40a7f8a9f769bc781a/gnocchi.812d8853-9830-4007-a8c4-a077946f8fcd/1759320000.0_mean_300.0_v3" 201 - "PUT http://172.18.0.178:8080/d1/350/AUTH_ffbb1c514d6a4f40a7f8a9f769bc781a/gnocchi.812d8853-9830-4007-a8c4-a077946f8fcd/1759320000.0_mean_300.0_v3" "tx3d0a6544ecd14695b4563-0068e22cbd" "object-server 25" 0.0011 "-" 15 0
Oct 5 08:30:53 np0005471148 object-server[123796]: 172.20.0.105 - - [05/Oct/2025:08:30:53 +0000] "PUT /d1/350/AUTH_ffbb1c514d6a4f40a7f8a9f769bc781a/gnocchi.812d8853-9830-4007-a8c4-a077946f8fcd/1759320000.0_mean_300.0_v3" 201 - "PUT http://172.18.0.178:8080/v1/AUTH_ffbb1c514d6a4f40a7f8a9f769bc781a/gnocchi.812d8853-9830-4007-a8c4-a077946f8fcd/1759320000.0_mean_300.0_v3" "tx3d0a6544ecd14695b4563-0068e22cbd" "proxy-server 20" 0.0145 "-" 25 0
Oct 5 08:30:53 np0005471148 proxy-server[124968]: 172.18.0.103 172.18.0.104 05/Oct/2025/08/30/53 PUT /v1/AUTH_ffbb1c514d6a4f40a7f8a9f769bc781a/gnocchi.812d8853-9830-4007-a8c4-a077946f8fcd/1759320000.0_mean_300.0_v3 HTTP/1.0 201 - python-swiftclient-3.11.1 gAAAAABo4iyYaC5C... 16 - - tx3d0a6544ecd14695b4563-0068e22cbd - 0.0272 - - 1759653053.058168411 1759653053.085396528 0
Oct 5 08:30:53 np0005471148 container-server[123354]: 172.20.0.105 - - [05/Oct/2025:08:30:53 +0000] "HEAD /d1/855/AUTH_ffbb1c514d6a4f40a7f8a9f769bc781a/gnocchi.6aa7b351-85b7-4149-aa8e-ba7242fca0e1" 404 - "HEAD http://172.18.0.178:8080/v1/AUTH_ffbb1c514d6a4f40a7f8a9f769bc781a/gnocchi.6aa7b351-85b7-4149-aa8e-ba7242fca0e1?format=json&states=listing" "txc6e90d55febe4025b6bf2-0068e22cbd" "proxy-server 20" 0.0006 "-" 15 0
Oct 5 08:30:53 np0005471148 object-server[123795]: 172.20.0.104 - - [05/Oct/2025:08:30:53 +0000] "PUT /d1/762/AUTH_ffbb1c514d6a4f40a7f8a9f769bc781a/gnocchi.34d0c3fe-275b-44da-a4d2-7d85fffb2a30/none_v3" 201 - "PUT http://172.18.0.178:8080/v1/AUTH_ffbb1c514d6a4f40a7f8a9f769bc781a/gnocchi.34d0c3fe-275b-44da-a4d2-7d85fffb2a30/none_v3" "txc99f0c4e35b540e0b5530-0068e22cbd" "proxy-server 20" 0.0159 "-" 24 0
Oct 5 08:30:53 np0005471148 container-server[123364]: 172.20.0.104 - - [05/Oct/2025:08:30:53 +0000] "PUT /d1/53/AUTH_ffbb1c514d6a4f40a7f8a9f769bc781a/gnocchi.34d0c3fe-275b-44da-a4d2-7d85fffb2a30/none_v3" 201 - "PUT http://172.18.0.178:8080/d1/762/AUTH_ffbb1c514d6a4f40a7f8a9f769bc781a/gnocchi.34d0c3fe-275b-44da-a4d2-7d85fffb2a30/none_v3" "txc99f0c4e35b540e0b5530-0068e22cbd" "object-server 23" 0.0007 "-" 17 0
Oct 5 08:30:53 np0005471148 container-server[123361]: 172.20.0.103 - - [05/Oct/2025:08:30:53 +0000] "PUT /d1/951/AUTH_ffbb1c514d6a4f40a7f8a9f769bc781a/gnocchi.812d8853-9830-4007-a8c4-a077946f8fcd/none_v3" 201 - "PUT http://172.18.0.178:8080/d1/814/AUTH_ffbb1c514d6a4f40a7f8a9f769bc781a/gnocchi.812d8853-9830-4007-a8c4-a077946f8fcd/none_v3" "tx97e09bdc971746f28a028-0068e22cbd" "object-server 23" 0.0009 "-" 16 0
Oct 5 08:30:53 np0005471148 object-server[123784]: 172.20.0.103 - - [05/Oct/2025:08:30:53 +0000] "PUT /d1/814/AUTH_ffbb1c514d6a4f40a7f8a9f769bc781a/gnocchi.812d8853-9830-4007-a8c4-a077946f8fcd/none_v3" 201 - "PUT http://172.18.0.178:8080/v1/AUTH_ffbb1c514d6a4f40a7f8a9f769bc781a/gnocchi.812d8853-9830-4007-a8c4-a077946f8fcd/none_v3" "tx97e09bdc971746f28a028-0068e22cbd" "proxy-server 20" 0.0113 "-" 22 0
Oct 5 08:30:53 np0005471148 object-server[123795]: 172.20.0.105 - - [05/Oct/2025:08:30:53 +0000] "GET /d1/419/AUTH_ffbb1c514d6a4f40a7f8a9f769bc781a/gnocchi.6aa7b351-85b7-4149-aa8e-ba7242fca0e1/none_v3" 404 70 "GET http://172.18.0.178:8080/v1/AUTH_ffbb1c514d6a4f40a7f8a9f769bc781a/gnocchi.6aa7b351-85b7-4149-aa8e-ba7242fca0e1/none_v3" "txc6e90d55febe4025b6bf2-0068e22cbd" "proxy-server 20" 0.0008 "-" 24 0
Oct 5 08:30:53 np0005471148 proxy-server[124968]: 172.18.0.178 172.18.0.104 05/Oct/2025/08/30/53 GET /v1/AUTH_ffbb1c514d6a4f40a7f8a9f769bc781a/gnocchi.6aa7b351-85b7-4149-aa8e-ba7242fca0e1/none_v3 HTTP/1.0 404 - python-swiftclient-3.11.1 gAAAAABo4ixPODjF... - 70 - txc6e90d55febe4025b6bf2-0068e22cbd - 0.0301 - - 1759653053.093443632 1759653053.123494625 0
Oct 5 08:30:53 np0005471148 container-server[123364]: 172.20.0.104 - - [05/Oct/2025:08:30:53 +0000] "HEAD /d1/852/AUTH_ffbb1c514d6a4f40a7f8a9f769bc781a/gnocchi.b91482ff-72d8-413b-96ef-5b7c844cebdb" 404 - "HEAD http://172.18.0.178:8080/v1/AUTH_ffbb1c514d6a4f40a7f8a9f769bc781a/gnocchi.b91482ff-72d8-413b-96ef-5b7c844cebdb?format=json&states=listing" "txf0aaa32480d14928b3547-0068e22cbd" "proxy-server 20" 0.0005 "-" 17 0
Oct 5 08:30:53 np0005471148 container-server[123361]: 172.20.0.105 - - [05/Oct/2025:08:30:53 +0000] "HEAD /d1/567/AUTH_ffbb1c514d6a4f40a7f8a9f769bc781a/gnocchi.974be382-e87f-4bea-a8ca-7e62c2bdd3fd" 404 - "HEAD http://172.18.0.178:8080/v1/AUTH_ffbb1c514d6a4f40a7f8a9f769bc781a/gnocchi.974be382-e87f-4bea-a8ca-7e62c2bdd3fd?format=json&states=listing" "txe5222636e708458cb0101-0068e22cbd" "proxy-server 20" 0.0006 "-" 16 0
Oct 5 08:30:53 np0005471148 object-server[123784]: 172.20.0.105 - - [05/Oct/2025:08:30:53 +0000] "GET /d1/812/AUTH_ffbb1c514d6a4f40a7f8a9f769bc781a/gnocchi.974be382-e87f-4bea-a8ca-7e62c2bdd3fd/none_v3" 404 70 "GET http://172.18.0.178:8080/v1/AUTH_ffbb1c514d6a4f40a7f8a9f769bc781a/gnocchi.974be382-e87f-4bea-a8ca-7e62c2bdd3fd/none_v3" "txe5222636e708458cb0101-0068e22cbd" "proxy-server 20" 0.0005 "-" 22 0
Oct 5 08:30:53 np0005471148 object-server[123796]: 172.20.0.104 - - [05/Oct/2025:08:30:53 +0000] "GET /d1/794/AUTH_ffbb1c514d6a4f40a7f8a9f769bc781a/gnocchi.b91482ff-72d8-413b-96ef-5b7c844cebdb/none_v3" 404 70 "GET http://172.18.0.178:8080/v1/AUTH_ffbb1c514d6a4f40a7f8a9f769bc781a/gnocchi.b91482ff-72d8-413b-96ef-5b7c844cebdb/none_v3" "txf0aaa32480d14928b3547-0068e22cbd" "proxy-server 20" 0.0004 "-" 25 0
Oct 5 08:30:53 np0005471148 account-server[123068]: 172.20.0.103 - - [05/Oct/2025:08:30:53 +0000] "PUT /d1/852/AUTH_ffbb1c514d6a4f40a7f8a9f769bc781a/gnocchi.6aa7b351-85b7-4149-aa8e-ba7242fca0e1" 201 - "PUT http://172.20.0.103:6001/d1/855/AUTH_ffbb1c514d6a4f40a7f8a9f769bc781a/gnocchi.6aa7b351-85b7-4149-aa8e-ba7242fca0e1" "tx387b28c39b234492a59fe-0068e22cbd" "container-server 21" 0.0059 "-" 23 0
Oct 5 08:30:53 np0005471148 proxy-server[124968]: 172.18.0.103 172.18.0.104 05/Oct/2025/08/30/53 GET /v1/AUTH_ffbb1c514d6a4f40a7f8a9f769bc781a/gnocchi.974be382-e87f-4bea-a8ca-7e62c2bdd3fd/none_v3 HTTP/1.0 404 - python-swiftclient-3.11.1 gAAAAABo4iyYaC5C... - 70 - txe5222636e708458cb0101-0068e22cbd - 0.0260 - - 1759653053.127965927 1759653053.153968096 0
