2025-10-05 08:16:21.560 19 DEBUG neutron.plugins.ml2.drivers.ovn.mech_driver.ovsdb.maintenance [-] Schema aware periodic task found: DBInconsistenciesPeriodics.migrate_to_port_groups _set_schema_aware_periodics /usr/lib/python3.9/site-packages/neutron/plugins/ml2/drivers/ovn/mech_driver/ovsdb/maintenance.py:135
2025-10-05 08:16:21.560 2 DEBUG oslo_service.service [-] database.sqlite_synchronous = True log_opt_values /usr/lib/python3.9/site-packages/oslo_config/cfg.py:2613
2025-10-05 08:16:21.561 2 DEBUG oslo_service.service [-] database.use_db_reconnect = False log_opt_values /usr/lib/python3.9/site-packages/oslo_config/cfg.py:2613
2025-10-05 08:16:21.561 2 DEBUG oslo_service.service [-] ovn.broadcast_arps_to_all_routers = True log_opt_values /usr/lib/python3.9/site-packages/oslo_config/cfg.py:2613
2025-10-05 08:16:21.561 2 DEBUG oslo_service.service [-] ovn.dhcp_default_lease_time = 43200 log_opt_values /usr/lib/python3.9/site-packages/oslo_config/cfg.py:2613
2025-10-05 08:16:21.561 2 DEBUG oslo_service.service [-] ovn.disable_ovn_dhcp_for_baremetal_ports = False log_opt_values /usr/lib/python3.9/site-packages/oslo_config/cfg.py:2613
2025-10-05 08:16:21.561 2 DEBUG oslo_service.service [-] ovn.dns_servers = [] log_opt_values /usr/lib/python3.9/site-packages/oslo_config/cfg.py:2613
2025-10-05 08:16:21.561 2 DEBUG oslo_service.service [-] ovn.enable_distributed_floating_ip = True log_opt_values /usr/lib/python3.9/site-packages/oslo_config/cfg.py:2613
2025-10-05 08:16:21.561 19 DEBUG neutron.plugins.ml2.drivers.ovn.mech_driver.ovsdb.maintenance [-] Periodic task found: DBInconsistenciesPeriodics.add_vnic_type_and_pb_capabilities_to_lsp add_periodics /usr/lib/python3.9/site-packages/neutron/plugins/ml2/drivers/ovn/mech_driver/ovsdb/maintenance.py:74
2025-10-05 08:16:21.561 2 DEBUG oslo_service.service [-] ovn.fdb_age_threshold = 0 log_opt_values /usr/lib/python3.9/site-packages/oslo_config/cfg.py:2613
2025-10-05 08:16:21.561 2 DEBUG oslo_service.service [-] ovn.localnet_learn_fdb = False log_opt_values /usr/lib/python3.9/site-packages/oslo_config/cfg.py:2613
2025-10-05 08:16:21.561 2 DEBUG oslo_service.service [-] ovn.mac_binding_age_threshold = 0 log_opt_values /usr/lib/python3.9/site-packages/oslo_config/cfg.py:2613
2025-10-05 08:16:21.561 19 DEBUG neutron.plugins.ml2.drivers.ovn.mech_driver.ovsdb.maintenance [-] Periodic task found: DBInconsistenciesPeriodics.check_baremetal_ports_dhcp_options add_periodics /usr/lib/python3.9/site-packages/neutron/plugins/ml2/drivers/ovn/mech_driver/ovsdb/maintenance.py:74
2025-10-05 08:16:21.561 2 DEBUG oslo_service.service [-] ovn.neutron_sync_mode = log log_opt_values /usr/lib/python3.9/site-packages/oslo_config/cfg.py:2613
2025-10-05 08:16:21.561 19 DEBUG neutron.plugins.ml2.drivers.ovn.mech_driver.ovsdb.maintenance [-] Periodic task found: DBInconsistenciesPeriodics.check_fair_meter_consistency add_periodics /usr/lib/python3.9/site-packages/neutron/plugins/ml2/drivers/ovn/mech_driver/ovsdb/maintenance.py:74
2025-10-05 08:16:21.561 2 DEBUG oslo_service.service [-] ovn.ovn_dhcp4_global_options = {} log_opt_values /usr/lib/python3.9/site-packages/oslo_config/cfg.py:2613
2025-10-05 08:16:21.561 2 DEBUG oslo_service.service [-] ovn.ovn_dhcp6_global_options = {} log_opt_values /usr/lib/python3.9/site-packages/oslo_config/cfg.py:2613
2025-10-05 08:16:21.561 2 DEBUG oslo_service.service [-] ovn.ovn_emit_need_to_frag = True log_opt_values /usr/lib/python3.9/site-packages/oslo_config/cfg.py:2613
2025-10-05 08:16:21.561 19 DEBUG neutron.plugins.ml2.drivers.ovn.mech_driver.ovsdb.maintenance [-] Periodic task found: DBInconsistenciesPeriodics.check_fdb_aging_settings add_periodics /usr/lib/python3.9/site-packages/neutron/plugins/ml2/drivers/ovn/mech_driver/ovsdb/maintenance.py:74
2025-10-05 08:16:21.561 2 DEBUG oslo_service.service [-] ovn.ovn_l3_mode = True log_opt_values /usr/lib/python3.9/site-packages/oslo_config/cfg.py:2613
2025-10-05 08:16:21.561 19 DEBUG neutron.plugins.ml2.drivers.ovn.mech_driver.ovsdb.maintenance [-] Periodic task found: DBInconsistenciesPeriodics.check_for_fragmentation_support add_periodics /usr/lib/python3.9/site-packages/neutron/plugins/ml2/drivers/ovn/mech_driver/ovsdb/maintenance.py:74
2025-10-05 08:16:21.561 2 DEBUG oslo_service.service [-] ovn.ovn_l3_scheduler = leastloaded log_opt_values /usr/lib/python3.9/site-packages/oslo_config/cfg.py:2613
2025-10-05 08:16:21.561 2 DEBUG oslo_service.service [-] ovn.ovn_metadata_enabled = True log_opt_values /usr/lib/python3.9/site-packages/oslo_config/cfg.py:2613
2025-10-05 08:16:21.562 19 DEBUG neutron.plugins.ml2.drivers.ovn.mech_driver.ovsdb.maintenance [-] Periodic task found: DBInconsistenciesPeriodics.check_for_ha_chassis_group add_periodics /usr/lib/python3.9/site-packages/neutron/plugins/ml2/drivers/ovn/mech_driver/ovsdb/maintenance.py:74
2025-10-05 08:16:21.562 2 DEBUG oslo_service.service [-] ovn.ovn_nb_ca_cert = log_opt_values /usr/lib/python3.9/site-packages/oslo_config/cfg.py:2613
2025-10-05 08:16:21.562 19 DEBUG neutron.plugins.ml2.drivers.ovn.mech_driver.ovsdb.maintenance [-] Periodic task found: DBInconsistenciesPeriodics.check_for_igmp_snoop_support add_periodics /usr/lib/python3.9/site-packages/neutron/plugins/ml2/drivers/ovn/mech_driver/ovsdb/maintenance.py:74
2025-10-05 08:16:21.562 2 DEBUG oslo_service.service [-] ovn.ovn_nb_certificate = log_opt_values /usr/lib/python3.9/site-packages/oslo_config/cfg.py:2613
2025-10-05 08:16:21.562 2 DEBUG oslo_service.service [-] ovn.ovn_nb_connection = tcp:172.17.0.103:6641,tcp:172.17.0.104:6641,tcp:172.17.0.105:6641 log_opt_values /usr/lib/python3.9/site-packages/oslo_config/cfg.py:2613
2025-10-05 08:16:21.562 19 DEBUG neutron.plugins.ml2.drivers.ovn.mech_driver.ovsdb.maintenance [-] Periodic task found: DBInconsistenciesPeriodics.check_for_inconsistencies add_periodics /usr/lib/python3.9/site-packages/neutron/plugins/ml2/drivers/ovn/mech_driver/ovsdb/maintenance.py:74
2025-10-05 08:16:21.562 2 DEBUG oslo_service.service [-] ovn.ovn_nb_private_key = log_opt_values /usr/lib/python3.9/site-packages/oslo_config/cfg.py:2613
2025-10-05 08:16:21.562 2 DEBUG oslo_service.service [-] ovn.ovn_router_indirect_snat = False log_opt_values /usr/lib/python3.9/site-packages/oslo_config/cfg.py:2613
2025-10-05 08:16:21.562 19 DEBUG neutron.plugins.ml2.drivers.ovn.mech_driver.ovsdb.maintenance [-] Periodic task found: DBInconsistenciesPeriodics.check_for_localnet_legacy_port_name add_periodics /usr/lib/python3.9/site-packages/neutron/plugins/ml2/drivers/ovn/mech_driver/ovsdb/maintenance.py:74
2025-10-05 08:16:21.562 2 DEBUG oslo_service.service [-] ovn.ovn_sb_ca_cert = log_opt_values /usr/lib/python3.9/site-packages/oslo_config/cfg.py:2613
2025-10-05 08:16:21.562 2 DEBUG oslo_service.service [-] ovn.ovn_sb_certificate = log_opt_values /usr/lib/python3.9/site-packages/oslo_config/cfg.py:2613
2025-10-05 08:16:21.562 19 DEBUG neutron.plugins.ml2.drivers.ovn.mech_driver.ovsdb.maintenance [-] Periodic task found: DBInconsistenciesPeriodics.check_for_mcast_flood_reports add_periodics /usr/lib/python3.9/site-packages/neutron/plugins/ml2/drivers/ovn/mech_driver/ovsdb/maintenance.py:74
2025-10-05 08:16:21.562 2 DEBUG oslo_service.service [-] ovn.ovn_sb_connection = tcp:172.17.0.103:6642,tcp:172.17.0.104:6642,tcp:172.17.0.105:6642 log_opt_values /usr/lib/python3.9/site-packages/oslo_config/cfg.py:2613
2025-10-05 08:16:21.562 19 DEBUG neutron.plugins.ml2.drivers.ovn.mech_driver.ovsdb.maintenance [-] Periodic task found: DBInconsistenciesPeriodics.check_for_port_security_unknown_address add_periodics /usr/lib/python3.9/site-packages/neutron/plugins/ml2/drivers/ovn/mech_driver/ovsdb/maintenance.py:74
2025-10-05 08:16:21.562 2 DEBUG oslo_service.service [-] ovn.ovn_sb_private_key = log_opt_values /usr/lib/python3.9/site-packages/oslo_config/cfg.py:2613
2025-10-05 08:16:21.562 2 DEBUG oslo_service.service [-] ovn.ovsdb_connection_timeout = 180 log_opt_values /usr/lib/python3.9/site-packages/oslo_config/cfg.py:2613
2025-10-05 08:16:21.562 19 DEBUG neutron.plugins.ml2.drivers.ovn.mech_driver.ovsdb.maintenance [-] Periodic task found: DBInconsistenciesPeriodics.check_global_dhcp_opts add_periodics /usr/lib/python3.9/site-packages/neutron/plugins/ml2/drivers/ovn/mech_driver/ovsdb/maintenance.py:74
2025-10-05 08:16:21.562 2 DEBUG oslo_service.service [-] ovn.ovsdb_log_level = INFO log_opt_values /usr/lib/python3.9/site-packages/oslo_config/cfg.py:2613
2025-10-05 08:16:21.562 19 DEBUG neutron.plugins.ml2.drivers.ovn.mech_driver.ovsdb.maintenance [-] Periodic task found: DBInconsistenciesPeriodics.check_localnet_port_has_learn_fdb add_periodics /usr/lib/python3.9/site-packages/neutron/plugins/ml2/drivers/ovn/mech_driver/ovsdb/maintenance.py:74
2025-10-05 08:16:21.562 2 DEBUG oslo_service.service [-] ovn.ovsdb_probe_interval = 60000 log_opt_values /usr/lib/python3.9/site-packages/oslo_config/cfg.py:2613
2025-10-05 08:16:21.562 19 DEBUG neutron.plugins.ml2.drivers.ovn.mech_driver.ovsdb.maintenance [-] Periodic task found: DBInconsistenciesPeriodics.check_metadata_ports add_periodics /usr/lib/python3.9/site-packages/neutron/plugins/ml2/drivers/ovn/mech_driver/ovsdb/maintenance.py:74
2025-10-05 08:16:21.562 2 DEBUG oslo_service.service [-] ovn.ovsdb_retry_max_interval = 180 log_opt_values /usr/lib/python3.9/site-packages/oslo_config/cfg.py:2613
2025-10-05 08:16:21.562 19 DEBUG neutron.plugins.ml2.drivers.ovn.mech_driver.ovsdb.maintenance [-] Periodic task found: DBInconsistenciesPeriodics.check_network_broadcast_arps_to_all_routers add_periodics /usr/lib/python3.9/site-packages/neutron/plugins/ml2/drivers/ovn/mech_driver/ovsdb/maintenance.py:74
2025-10-05 08:16:21.562 2 DEBUG oslo_service.service [-] ovn.vhost_sock_dir = /var/run/openvswitch log_opt_values /usr/lib/python3.9/site-packages/oslo_config/cfg.py:2613
2025-10-05 08:16:21.562 2 DEBUG oslo_service.service [-] ovn.vif_type = ovs log_opt_values /usr/lib/python3.9/site-packages/oslo_config/cfg.py:2613
2025-10-05 08:16:21.562 19 DEBUG neutron.plugins.ml2.drivers.ovn.mech_driver.ovsdb.maintenance [-] Periodic task found: DBInconsistenciesPeriodics.check_port_has_address_scope add_periodics /usr/lib/python3.9/site-packages/neutron/plugins/ml2/drivers/ovn/mech_driver/ovsdb/maintenance.py:74
2025-10-05 08:16:21.563 2 DEBUG oslo_service.service [-] OVS.bridge_mac_table_size = 50000 log_opt_values /usr/lib/python3.9/site-packages/oslo_config/cfg.py:2613
2025-10-05 08:16:21.563 19 DEBUG neutron.plugins.ml2.drivers.ovn.mech_driver.ovsdb.maintenance [-] Periodic task found: DBInconsistenciesPeriodics.check_provider_distributed_ports add_periodics /usr/lib/python3.9/site-packages/neutron/plugins/ml2/drivers/ovn/mech_driver/ovsdb/maintenance.py:74
2025-10-05 08:16:21.563 2 DEBUG oslo_service.service [-] OVS.igmp_snooping_enable = False log_opt_values /usr/lib/python3.9/site-packages/oslo_config/cfg.py:2613
2025-10-05 08:16:21.563 19 DEBUG neutron.plugins.ml2.drivers.ovn.mech_driver.ovsdb.maintenance [-] Periodic task found: DBInconsistenciesPeriodics.check_redirect_type_router_gateway_ports add_periodics /usr/lib/python3.9/site-packages/neutron/plugins/ml2/drivers/ovn/mech_driver/ovsdb/maintenance.py:74
2025-10-05 08:16:21.563 2 DEBUG oslo_service.service [-] OVS.ovsdb_timeout = 10 log_opt_values /usr/lib/python3.9/site-packages/oslo_config/cfg.py:2613
2025-10-05 08:16:21.563 2 DEBUG oslo_service.service [-] ovn_nb_global.fdb_removal_limit = 0 log_opt_values /usr/lib/python3.9/site-packages/oslo_config/cfg.py:2613
2025-10-05 08:16:21.563 19 DEBUG neutron.plugins.ml2.drivers.ovn.mech_driver.ovsdb.maintenance [-] Periodic task found: DBInconsistenciesPeriodics.check_router_mac_binding_options add_periodics /usr/lib/python3.9/site-packages/neutron/plugins/ml2/drivers/ovn/mech_driver/ovsdb/maintenance.py:74
2025-10-05 08:16:21.563 2 DEBUG oslo_service.service [-] ovn_nb_global.ignore_lsp_down = False log_opt_values /usr/lib/python3.9/site-packages/oslo_config/cfg.py:2613
2025-10-05 08:16:21.563 19 DEBUG neutron.plugins.ml2.drivers.ovn.mech_driver.ovsdb.maintenance [-] Periodic task found: DBInconsistenciesPeriodics.cleanup_old_hash_ring_nodes add_periodics /usr/lib/python3.9/site-packages/neutron/plugins/ml2/drivers/ovn/mech_driver/ovsdb/maintenance.py:74
2025-10-05 08:16:21.563 2 DEBUG oslo_service.service [-] ovn_nb_global.mac_binding_removal_limit = 0 log_opt_values /usr/lib/python3.9/site-packages/oslo_config/cfg.py:2613
2025-10-05 08:16:21.563 19 DEBUG neutron.plugins.ml2.drivers.ovn.mech_driver.ovsdb.maintenance [-] Periodic task found: DBInconsistenciesPeriodics.configure_nb_global add_periodics /usr/lib/python3.9/site-packages/neutron/plugins/ml2/drivers/ovn/mech_driver/ovsdb/maintenance.py:74
2025-10-05 08:16:21.563 2 DEBUG oslo_service.service [-] ******************************************************************************** log_opt_values /usr/lib/python3.9/site-packages/oslo_config/cfg.py:2617
2025-10-05 08:16:21.563 19 DEBUG neutron.plugins.ml2.drivers.ovn.mech_driver.ovsdb.maintenance [-] Periodic task found: DBInconsistenciesPeriodics.create_router_extra_attributes_registers add_periodics /usr/lib/python3.9/site-packages/neutron/plugins/ml2/drivers/ovn/mech_driver/ovsdb/maintenance.py:74
2025-10-05 08:16:21.563 19 DEBUG neutron.plugins.ml2.drivers.ovn.mech_driver.ovsdb.maintenance [-] Periodic task found: DBInconsistenciesPeriodics.migrate_to_port_groups add_periodics /usr/lib/python3.9/site-packages/neutron/plugins/ml2/drivers/ovn/mech_driver/ovsdb/maintenance.py:74
2025-10-05 08:16:21.563 19 DEBUG neutron.plugins.ml2.drivers.ovn.mech_driver.ovsdb.maintenance [-] Periodic task found: DBInconsistenciesPeriodics.remove_duplicated_chassis_registers add_periodics /usr/lib/python3.9/site-packages/neutron/plugins/ml2/drivers/ovn/mech_driver/ovsdb/maintenance.py:74
2025-10-05 08:16:21.563 19 DEBUG neutron.plugins.ml2.drivers.ovn.mech_driver.ovsdb.maintenance [-] Periodic task found: DBInconsistenciesPeriodics.remove_invalid_gateway_chassis_from_unbound_lrp add_periodics /usr/lib/python3.9/site-packages/neutron/plugins/ml2/drivers/ovn/mech_driver/ovsdb/maintenance.py:74
2025-10-05 08:16:21.563 19 DEBUG neutron.plugins.ml2.drivers.ovn.mech_driver.ovsdb.maintenance [-] Periodic task found: DBInconsistenciesPeriodics.sync_metadata_ports add_periodics /usr/lib/python3.9/site-packages/neutron/plugins/ml2/drivers/ovn/mech_driver/ovsdb/maintenance.py:74
2025-10-05 08:16:21.563 19 DEBUG neutron.plugins.ml2.drivers.ovn.mech_driver.ovsdb.maintenance [-] Periodic task found: DBInconsistenciesPeriodics.update_logical_router_with_gateway_network_id add_periodics /usr/lib/python3.9/site-packages/neutron/plugins/ml2/drivers/ovn/mech_driver/ovsdb/maintenance.py:74
2025-10-05 08:16:21.564 19 DEBUG neutron.plugins.ml2.drivers.ovn.mech_driver.ovsdb.maintenance [-] Periodic task found: DBInconsistenciesPeriodics.update_mac_aging_settings add_periodics /usr/lib/python3.9/site-packages/neutron/plugins/ml2/drivers/ovn/mech_driver/ovsdb/maintenance.py:74
2025-10-05 08:16:21.564 19 DEBUG neutron.plugins.ml2.drivers.ovn.mech_driver.ovsdb.maintenance [-] Periodic task found: DBInconsistenciesPeriodics.update_port_qos_with_external_ids_reference add_periodics /usr/lib/python3.9/site-packages/neutron/plugins/ml2/drivers/ovn/mech_driver/ovsdb/maintenance.py:74
2025-10-05 08:16:21.564 19 DEBUG neutron.plugins.ml2.drivers.ovn.mech_driver.ovsdb.maintenance [-] Periodic task found: DBInconsistenciesPeriodics.update_port_virtual_type add_periodics /usr/lib/python3.9/site-packages/neutron/plugins/ml2/drivers/ovn/mech_driver/ovsdb/maintenance.py:74
2025-10-05 08:16:21.564 19 DEBUG neutron.plugins.ml2.drivers.ovn.mech_driver.ovsdb.maintenance [-] Periodic task found: DBInconsistenciesPeriodics.update_qos_fip_rule_priority add_periodics /usr/lib/python3.9/site-packages/neutron/plugins/ml2/drivers/ovn/mech_driver/ovsdb/maintenance.py:74
2025-10-05 08:16:21.564 19 DEBUG futurist.periodics [-] Submitting immediate callback 'neutron.plugins.ml2.drivers.ovn.mech_driver.ovsdb.maintenance.DBInconsistenciesPeriodics.add_vnic_type_and_pb_capabilities_to_lsp' _process_immediates /usr/lib/python3.9/site-packages/futurist/periodics.py:676
2025-10-05 08:16:21.565 19 DEBUG futurist.periodics [-] Submitting immediate callback 'neutron.plugins.ml2.drivers.ovn.mech_driver.ovsdb.maintenance.DBInconsistenciesPeriodics.check_baremetal_ports_dhcp_options' _process_immediates /usr/lib/python3.9/site-packages/futurist/periodics.py:676
2025-10-05 08:16:21.565 19 DEBUG futurist.periodics [-] Submitting immediate callback 'neutron.plugins.ml2.drivers.ovn.mech_driver.ovsdb.maintenance.DBInconsistenciesPeriodics.check_fair_meter_consistency' _process_immediates /usr/lib/python3.9/site-packages/futurist/periodics.py:676
2025-10-05 08:16:21.565 19 DEBUG futurist.periodics [-] Submitting immediate callback 'neutron.plugins.ml2.drivers.ovn.mech_driver.ovsdb.maintenance.DBInconsistenciesPeriodics.check_fdb_aging_settings' _process_immediates /usr/lib/python3.9/site-packages/futurist/periodics.py:676
2025-10-05 08:16:21.565 19 DEBUG futurist.periodics [-] Submitting immediate callback 'neutron.plugins.ml2.drivers.ovn.mech_driver.ovsdb.maintenance.DBInconsistenciesPeriodics.check_for_fragmentation_support' _process_immediates /usr/lib/python3.9/site-packages/futurist/periodics.py:676
2025-10-05 08:16:21.565 19 DEBUG futurist.periodics [-] Submitting immediate callback 'neutron.plugins.ml2.drivers.ovn.mech_driver.ovsdb.maintenance.DBInconsistenciesPeriodics.check_for_ha_chassis_group' _process_immediates /usr/lib/python3.9/site-packages/futurist/periodics.py:676
2025-10-05 08:16:21.566 19 DEBUG futurist.periodics [-] Submitting immediate callback 'neutron.plugins.ml2.drivers.ovn.mech_driver.ovsdb.maintenance.DBInconsistenciesPeriodics.check_for_igmp_snoop_support' _process_immediates /usr/lib/python3.9/site-packages/futurist/periodics.py:676
2025-10-05 08:16:21.566 19 DEBUG futurist.periodics [-] Submitting immediate callback 'neutron.plugins.ml2.drivers.ovn.mech_driver.ovsdb.maintenance.DBInconsistenciesPeriodics.check_for_inconsistencies' _process_immediates /usr/lib/python3.9/site-packages/futurist/periodics.py:676
2025-10-05 08:16:21.566 19 DEBUG futurist.periodics [-] Submitting immediate callback 'neutron.plugins.ml2.drivers.ovn.mech_driver.ovsdb.maintenance.DBInconsistenciesPeriodics.check_for_localnet_legacy_port_name' _process_immediates /usr/lib/python3.9/site-packages/futurist/periodics.py:676
2025-10-05 08:16:21.566 19 DEBUG futurist.periodics [-] Submitting immediate callback 'neutron.plugins.ml2.drivers.ovn.mech_driver.ovsdb.maintenance.DBInconsistenciesPeriodics.check_for_mcast_flood_reports' _process_immediates /usr/lib/python3.9/site-packages/futurist/periodics.py:676
2025-10-05 08:16:21.566 19 DEBUG futurist.periodics [-] Submitting immediate callback 'neutron.plugins.ml2.drivers.ovn.mech_driver.ovsdb.maintenance.DBInconsistenciesPeriodics.check_for_port_security_unknown_address' _process_immediates /usr/lib/python3.9/site-packages/futurist/periodics.py:676
2025-10-05 08:16:21.566 19 DEBUG futurist.periodics [-] Submitting immediate callback 'neutron.plugins.ml2.drivers.ovn.mech_driver.ovsdb.maintenance.DBInconsistenciesPeriodics.check_global_dhcp_opts' _process_immediates /usr/lib/python3.9/site-packages/futurist/periodics.py:676
2025-10-05 08:16:21.566 19 DEBUG futurist.periodics [-] Submitting immediate callback 'neutron.plugins.ml2.drivers.ovn.mech_driver.ovsdb.maintenance.DBInconsistenciesPeriodics.check_localnet_port_has_learn_fdb' _process_immediates /usr/lib/python3.9/site-packages/futurist/periodics.py:676
2025-10-05 08:16:21.567 19 DEBUG futurist.periodics [-] Submitting immediate callback 'neutron.plugins.ml2.drivers.ovn.mech_driver.ovsdb.maintenance.DBInconsistenciesPeriodics.check_metadata_ports' _process_immediates /usr/lib/python3.9/site-packages/futurist/periodics.py:676
2025-10-05 08:16:21.567 19 DEBUG futurist.periodics [-] Submitting immediate callback 'neutron.plugins.ml2.drivers.ovn.mech_driver.ovsdb.maintenance.DBInconsistenciesPeriodics.check_network_broadcast_arps_to_all_routers' _process_immediates /usr/lib/python3.9/site-packages/futurist/periodics.py:676
2025-10-05 08:16:21.567 19 DEBUG futurist.periodics [-] Submitting immediate callback 'neutron.plugins.ml2.drivers.ovn.mech_driver.ovsdb.maintenance.DBInconsistenciesPeriodics.check_port_has_address_scope' _process_immediates /usr/lib/python3.9/site-packages/futurist/periodics.py:676
2025-10-05 08:16:21.567 19 DEBUG futurist.periodics [-] Submitting immediate callback 'neutron.plugins.ml2.drivers.ovn.mech_driver.ovsdb.maintenance.DBInconsistenciesPeriodics.check_provider_distributed_ports' _process_immediates /usr/lib/python3.9/site-packages/futurist/periodics.py:676
2025-10-05 08:16:21.567 19 DEBUG futurist.periodics [-] Submitting immediate callback 'neutron.plugins.ml2.drivers.ovn.mech_driver.ovsdb.maintenance.DBInconsistenciesPeriodics.check_redirect_type_router_gateway_ports' _process_immediates /usr/lib/python3.9/site-packages/futurist/periodics.py:676
2025-10-05 08:16:21.567 19 DEBUG futurist.periodics [-] Submitting immediate callback 'neutron.plugins.ml2.drivers.ovn.mech_driver.ovsdb.maintenance.DBInconsistenciesPeriodics.check_router_mac_binding_options' _process_immediates /usr/lib/python3.9/site-packages/futurist/periodics.py:676
2025-10-05 08:16:21.567 19 DEBUG futurist.periodics [-] Submitting immediate callback 'neutron.plugins.ml2.drivers.ovn.mech_driver.ovsdb.maintenance.DBInconsistenciesPeriodics.cleanup_old_hash_ring_nodes' _process_immediates /usr/lib/python3.9/site-packages/futurist/periodics.py:676
2025-10-05 08:16:21.568 19 DEBUG futurist.periodics [-] Submitting immediate callback 'neutron.plugins.ml2.drivers.ovn.mech_driver.ovsdb.maintenance.DBInconsistenciesPeriodics.configure_nb_global' _process_immediates /usr/lib/python3.9/site-packages/futurist/periodics.py:676
2025-10-05 08:16:21.568 19 DEBUG futurist.periodics [-] Submitting immediate callback 'neutron.plugins.ml2.drivers.ovn.mech_driver.ovsdb.maintenance.DBInconsistenciesPeriodics.create_router_extra_attributes_registers' _process_immediates /usr/lib/python3.9/site-packages/futurist/periodics.py:676
2025-10-05 08:16:21.568 19 DEBUG futurist.periodics [-] Submitting immediate callback 'neutron.plugins.ml2.drivers.ovn.mech_driver.ovsdb.maintenance.DBInconsistenciesPeriodics.migrate_to_port_groups' _process_immediates /usr/lib/python3.9/site-packages/futurist/periodics.py:676
2025-10-05 08:16:21.568 19 DEBUG futurist.periodics [-] Periodic callback 'neutron.plugins.ml2.drivers.ovn.mech_driver.ovsdb.maintenance.DBInconsistenciesPeriodics.migrate_to_port_groups' raised 'NeverAgain' exception, stopping any further execution of it. _on_done /usr/lib/python3.9/site-packages/futurist/periodics.py:713
2025-10-05 08:16:21.568 19 DEBUG futurist.periodics [-] Submitting immediate callback 'neutron.plugins.ml2.drivers.ovn.mech_driver.ovsdb.maintenance.DBInconsistenciesPeriodics.remove_duplicated_chassis_registers' _process_immediates /usr/lib/python3.9/site-packages/futurist/periodics.py:676
2025-10-05 08:16:21.568 19 DEBUG futurist.periodics [-] Submitting immediate callback 'neutron.plugins.ml2.drivers.ovn.mech_driver.ovsdb.maintenance.DBInconsistenciesPeriodics.remove_invalid_gateway_chassis_from_unbound_lrp' _process_immediates /usr/lib/python3.9/site-packages/futurist/periodics.py:676
2025-10-05 08:16:21.569 19 DEBUG ovsdbapp.backend.ovs_idl.transaction [-] There are no commands to commit do_commit /usr/lib/python3.9/site-packages/ovsdbapp/backend/ovs_idl/transaction.py:78
2025-10-05 08:16:21.570 19 INFO neutron.plugins.ml2.drivers.ovn.mech_driver.mech_driver [-] Maintenance task thread has started
2025-10-05 08:16:21.570 19 INFO neutron.plugins.ml2.drivers.ovn.mech_driver.mech_driver [-] MaintenanceWorker process has finished the post initialization
2025-10-05 08:16:21.570 19 DEBUG futurist.periodics [-] Periodic callback 'neutron.plugins.ml2.drivers.ovn.mech_driver.ovsdb.maintenance.DBInconsistenciesPeriodics.remove_invalid_gateway_chassis_from_unbound_lrp' raised 'NeverAgain' exception, stopping any further execution of it. _on_done /usr/lib/python3.9/site-packages/futurist/periodics.py:713
2025-10-05 08:16:21.570 19 DEBUG futurist.periodics [-] Submitting immediate callback 'neutron.plugins.ml2.drivers.ovn.mech_driver.ovsdb.maintenance.DBInconsistenciesPeriodics.sync_metadata_ports' _process_immediates /usr/lib/python3.9/site-packages/futurist/periodics.py:676
2025-10-05 08:16:21.589 15 DEBUG neutron.plugins.ml2.drivers.ovn.mech_driver.ovsdb.ovsdb_monitor [req-c53f3eb6-5b67-4926-8e01-dc442a026957 - - - - -] Hash Ring: Node 9e478bf1-75cb-4b3c-b0a4-81e90af09875 (host: np0005471148.localdomain) handling event "create" for row 2d3f591d-1e1d-4a80-b993-0831d7adbfb1 (table: ACL) notify /usr/lib/python3.9/site-packages/neutron/plugins/ml2/drivers/ovn/mech_driver/ovsdb/ovsdb_monitor.py:791
2025-10-05 08:16:21.590 15 DEBUG neutron.plugins.ml2.drivers.ovn.mech_driver.ovsdb.ovsdb_monitor [req-c53f3eb6-5b67-4926-8e01-dc442a026957 - - - - -] Hash Ring: Node 9e478bf1-75cb-4b3c-b0a4-81e90af09875 (host: np0005471148.localdomain) handling event "create" for row 8212e370-5171-4938-a9a0-9a09deffaf3f (table: ACL) notify /usr/lib/python3.9/site-packages/neutron/plugins/ml2/drivers/ovn/mech_driver/ovsdb/ovsdb_monitor.py:791
2025-10-05 08:16:21.593 15 INFO neutron.plugins.ml2.drivers.ovn.mech_driver.ovsdb.impl_idl_ovn [req-c53f3eb6-5b67-4926-8e01-dc442a026957 - - - - -] Getting OvsdbSbOvnIdl for WorkerService with retry
2025-10-05 08:16:21.600 17 DEBUG neutron.common.ovn.hash_ring_manager [req-4eb8368d-0c7d-4119-9b92-429fb75b6162 - - - - -] Allow caching, nodes 1>=1 _wait_startup_before_caching /usr/lib/python3.9/site-packages/neutron/common/ovn/hash_ring_manager.py:64
2025-10-05 08:16:21.608 19 DEBUG neutron.objects.ports [req-069ffd0f-8a9c-4bb3-879d-719d963e6266 - - - - -] Time-cost: Fetching 0 ports in 0 security groups get_objects /usr/lib/python3.9/site-packages/neutron/objects/ports.py:489
2025-10-05 08:16:21.610 19 DEBUG futurist.periodics [req-069ffd0f-8a9c-4bb3-879d-719d963e6266 - - - - -] Periodic callback 'neutron.plugins.ml2.drivers.ovn.mech_driver.ovsdb.maintenance.DBInconsistenciesPeriodics.sync_metadata_ports' raised 'NeverAgain' exception, stopping any further execution of it. _on_done /usr/lib/python3.9/site-packages/futurist/periodics.py:713
2025-10-05 08:16:21.611 19 DEBUG futurist.periodics [req-069ffd0f-8a9c-4bb3-879d-719d963e6266 - - - - -] Submitting immediate callback 'neutron.plugins.ml2.drivers.ovn.mech_driver.ovsdb.maintenance.DBInconsistenciesPeriodics.update_logical_router_with_gateway_network_id' _process_immediates /usr/lib/python3.9/site-packages/futurist/periodics.py:676
2025-10-05 08:16:21.611 19 DEBUG futurist.periodics [req-069ffd0f-8a9c-4bb3-879d-719d963e6266 - - - - -] Submitting immediate callback 'neutron.plugins.ml2.drivers.ovn.mech_driver.ovsdb.maintenance.DBInconsistenciesPeriodics.update_mac_aging_settings' _process_immediates /usr/lib/python3.9/site-packages/futurist/periodics.py:676
2025-10-05 08:16:21.611 19 DEBUG futurist.periodics [req-069ffd0f-8a9c-4bb3-879d-719d963e6266 - - - - -] Submitting immediate callback 'neutron.plugins.ml2.drivers.ovn.mech_driver.ovsdb.maintenance.DBInconsistenciesPeriodics.update_port_qos_with_external_ids_reference' _process_immediates /usr/lib/python3.9/site-packages/futurist/periodics.py:676
2025-10-05 08:16:21.612 19 DEBUG futurist.periodics [req-069ffd0f-8a9c-4bb3-879d-719d963e6266 - - - - -] Submitting immediate callback 'neutron.plugins.ml2.drivers.ovn.mech_driver.ovsdb.maintenance.DBInconsistenciesPeriodics.update_port_virtual_type' _process_immediates /usr/lib/python3.9/site-packages/futurist/periodics.py:676
2025-10-05 08:16:21.612 19 DEBUG futurist.periodics [req-069ffd0f-8a9c-4bb3-879d-719d963e6266 - - - - -] Submitting immediate callback 'neutron.plugins.ml2.drivers.ovn.mech_driver.ovsdb.maintenance.DBInconsistenciesPeriodics.update_qos_fip_rule_priority' _process_immediates /usr/lib/python3.9/site-packages/futurist/periodics.py:676
2025-10-05 08:16:21.612 19 DEBUG futurist.periodics [req-069ffd0f-8a9c-4bb3-879d-719d963e6266 - - - - -] Periodic callback 'neutron.plugins.ml2.drivers.ovn.mech_driver.ovsdb.maintenance.DBInconsistenciesPeriodics.update_qos_fip_rule_priority' raised 'NeverAgain' exception, stopping any further execution of it. _on_done /usr/lib/python3.9/site-packages/futurist/periodics.py:713
2025-10-05 08:16:21.622 15 DEBUG ovsdbapp.backend.ovs_idl [req-c53f3eb6-5b67-4926-8e01-dc442a026957 - - - - -] Created lookup_table index Chassis.name autocreate_indices /usr/lib/python3.9/site-packages/ovsdbapp/backend/ovs_idl/__init__.py:107
2025-10-05 08:16:21.625 15 DEBUG ovsdbapp.backend.ovs_idl [req-c53f3eb6-5b67-4926-8e01-dc442a026957 - - - - -] Created schema index Chassis_Private.name autocreate_indices /usr/lib/python3.9/site-packages/ovsdbapp/backend/ovs_idl/__init__.py:126
2025-10-05 08:16:21.625 15 DEBUG ovsdbapp.backend.ovs_idl [req-c53f3eb6-5b67-4926-8e01-dc442a026957 - - - - -] Created schema index Datapath_Binding.tunnel_key autocreate_indices /usr/lib/python3.9/site-packages/ovsdbapp/backend/ovs_idl/__init__.py:126
2025-10-05 08:16:21.630 17 DEBUG neutron.common.ovn.hash_ring_manager [req-4eb8368d-0c7d-4119-9b92-429fb75b6162 - - - - -] Hash Ring loaded. 3 active nodes. 0 offline nodes _load_hash_ring /usr/lib/python3.9/site-packages/neutron/common/ovn/hash_ring_manager.py:99
2025-10-05 08:16:21.631 15 INFO ovsdbapp.backend.ovs_idl.vlog [req-c53f3eb6-5b67-4926-8e01-dc442a026957 - - - - -] tcp:172.17.0.105:6642: connecting...
2025-10-05 08:16:21.632 15 INFO ovsdbapp.backend.ovs_idl.vlog [req-c53f3eb6-5b67-4926-8e01-dc442a026957 - - - - -] tcp:172.17.0.105:6642: connected
2025-10-05 08:16:21.633 17 INFO ovsdbapp.backend.ovs_idl.vlog [req-4eb8368d-0c7d-4119-9b92-429fb75b6162 - - - - -] tcp:172.17.0.105:6641: clustered database server is not cluster leader; trying another server
2025-10-05 08:16:21.638 17 INFO ovsdbapp.backend.ovs_idl.vlog [req-4eb8368d-0c7d-4119-9b92-429fb75b6162 - - - - -] tcp:172.17.0.105:6641: connection closed by client
2025-10-05 08:16:21.640 17 INFO ovsdbapp.backend.ovs_idl.vlog [req-4eb8368d-0c7d-4119-9b92-429fb75b6162 - - - - -] tcp:172.17.0.103:6641: connecting...
2025-10-05 08:16:21.641 17 INFO ovsdbapp.backend.ovs_idl.vlog [req-4eb8368d-0c7d-4119-9b92-429fb75b6162 - - - - -] tcp:172.17.0.103:6641: connected
2025-10-05 08:16:21.649 15 DEBUG neutron.common.ovn.hash_ring_manager [req-c53f3eb6-5b67-4926-8e01-dc442a026957 - - - - -] Allow caching, nodes 1>=1 _wait_startup_before_caching /usr/lib/python3.9/site-packages/neutron/common/ovn/hash_ring_manager.py:64
2025-10-05 08:16:21.655 15 DEBUG neutron.common.ovn.hash_ring_manager [req-c53f3eb6-5b67-4926-8e01-dc442a026957 - - - - -] Hash Ring loaded. 3 active nodes. 0 offline nodes _load_hash_ring /usr/lib/python3.9/site-packages/neutron/common/ovn/hash_ring_manager.py:99
2025-10-05 08:16:21.655 17 INFO neutron.plugins.ml2.drivers.ovn.mech_driver.ovsdb.impl_idl_ovn [req-4eb8368d-0c7d-4119-9b92-429fb75b6162 - - - - -] Getting OvsdbSbOvnIdl for RpcWorker with retry
2025-10-05 08:16:21.659 15 DEBUG neutron.plugins.ml2.drivers.ovn.mech_driver.ovsdb.ovsdb_monitor [req-c53f3eb6-5b67-4926-8e01-dc442a026957 - - - - -] Hash Ring: Node 9e478bf1-75cb-4b3c-b0a4-81e90af09875 (host: np0005471148.localdomain) handling event "create" for row f7571ef6-8f37-4aa2-94fc-65882ab6713e (table: Database) notify /usr/lib/python3.9/site-packages/neutron/plugins/ml2/drivers/ovn/mech_driver/ovsdb/ovsdb_monitor.py:791
2025-10-05 08:16:21.660 15 DEBUG neutron.plugins.ml2.drivers.ovn.mech_driver.ovsdb.ovsdb_monitor [req-c53f3eb6-5b67-4926-8e01-dc442a026957 - - - - -] Hash Ring: Node 9e478bf1-75cb-4b3c-b0a4-81e90af09875 (host: np0005471148.localdomain) handling event "create" for row 694f1710-f625-4e00-ad1a-a2def7bda66b (table: Database) notify /usr/lib/python3.9/site-packages/neutron/plugins/ml2/drivers/ovn/mech_driver/ovsdb/ovsdb_monitor.py:791
2025-10-05 08:16:21.665 15 DEBUG neutron.plugins.ml2.drivers.ovn.mech_driver.ovsdb.ovsdb_monitor [req-c53f3eb6-5b67-4926-8e01-dc442a026957 - - - - -] Hash Ring: Node 9e478bf1-75cb-4b3c-b0a4-81e90af09875 (host: np0005471148.localdomain) handling event "create" for row a3364d00-b0d6-4bc2-91e4-2f0f96ea9282 (table: Chassis) notify /usr/lib/python3.9/site-packages/neutron/plugins/ml2/drivers/ovn/mech_driver/ovsdb/ovsdb_monitor.py:791
2025-10-05 08:16:21.665 15 DEBUG neutron.plugins.ml2.drivers.ovn.mech_driver.ovsdb.ovsdb_monitor [req-c53f3eb6-5b67-4926-8e01-dc442a026957 - - - - -] ChassisAgentWriteEvent : Matched Chassis_Private, create, None None matches /usr/lib/python3.9/site-packages/neutron/plugins/ml2/drivers/ovn/mech_driver/ovsdb/ovsdb_monitor.py:61
2025-10-05 08:16:21.665 15 DEBUG neutron.plugins.ml2.drivers.ovn.mech_driver.ovsdb.ovsdb_monitor [req-c53f3eb6-5b67-4926-8e01-dc442a026957 - - - - -] ChassisMetadataAgentWriteEvent : Matched Chassis_Private, create, None None matches /usr/lib/python3.9/site-packages/neutron/plugins/ml2/drivers/ovn/mech_driver/ovsdb/ovsdb_monitor.py:61
2025-10-05 08:16:21.666 15 DEBUG neutron.plugins.ml2.drivers.ovn.mech_driver.ovsdb.ovsdb_monitor [req-c53f3eb6-5b67-4926-8e01-dc442a026957 - - - - -] ChassisAgentWriteEvent : Matched Chassis_Private, create, None None matches /usr/lib/python3.9/site-packages/neutron/plugins/ml2/drivers/ovn/mech_driver/ovsdb/ovsdb_monitor.py:61
2025-10-05 08:16:21.666 15 DEBUG neutron.plugins.ml2.drivers.ovn.mech_driver.ovsdb.ovsdb_monitor [req-c53f3eb6-5b67-4926-8e01-dc442a026957 - - - - -] ChassisMetadataAgentWriteEvent : Matched Chassis_Private, create, None None matches /usr/lib/python3.9/site-packages/neutron/plugins/ml2/drivers/ovn/mech_driver/ovsdb/ovsdb_monitor.py:61
2025-10-05 08:16:21.666 15 DEBUG neutron.plugins.ml2.drivers.ovn.mech_driver.ovsdb.ovsdb_monitor [req-c53f3eb6-5b67-4926-8e01-dc442a026957 - - - - -] Hash Ring: Node 9e478bf1-75cb-4b3c-b0a4-81e90af09875 (host: np0005471148.localdomain) handling event "create" for row cefce112-59ea-4dda-900a-9b1096dcd54e (table: Chassis_Private) notify /usr/lib/python3.9/site-packages/neutron/plugins/ml2/drivers/ovn/mech_driver/ovsdb/ovsdb_monitor.py:791
2025-10-05 08:16:21.666 15 DEBUG neutron.plugins.ml2.drivers.ovn.mech_driver.ovsdb.ovsdb_monitor [req-c53f3eb6-5b67-4926-8e01-dc442a026957 - - - - -] ChassisAgentWriteEvent : Matched Chassis_Private, create, None None matches /usr/lib/python3.9/site-packages/neutron/plugins/ml2/drivers/ovn/mech_driver/ovsdb/ovsdb_monitor.py:61
2025-10-05 08:16:21.667 15 DEBUG neutron.plugins.ml2.drivers.ovn.mech_driver.ovsdb.ovsdb_monitor [req-c53f3eb6-5b67-4926-8e01-dc442a026957 - - - - -] Hash Ring: Node 9e478bf1-75cb-4b3c-b0a4-81e90af09875 (host: np0005471148.localdomain) handling event "create" for row 5e7d5b46-8e13-4939-a2d3-fdc1cd58a77c (table: Chassis_Private) notify /usr/lib/python3.9/site-packages/neutron/plugins/ml2/drivers/ovn/mech_driver/ovsdb/ovsdb_monitor.py:791
2025-10-05 08:16:21.667 15 DEBUG neutron.plugins.ml2.drivers.ovn.mech_driver.ovsdb.ovsdb_monitor [req-c53f3eb6-5b67-4926-8e01-dc442a026957 - - - - -] ChassisAgentWriteEvent : Matched Chassis_Private, create, None None matches /usr/lib/python3.9/site-packages/neutron/plugins/ml2/drivers/ovn/mech_driver/ovsdb/ovsdb_monitor.py:61
2025-10-05 08:16:21.667 15 DEBUG neutron.plugins.ml2.drivers.ovn.mech_driver.ovsdb.ovsdb_monitor [req-c53f3eb6-5b67-4926-8e01-dc442a026957 - - - - -] ChassisMetadataAgentWriteEvent : Matched Chassis_Private, create, None None matches /usr/lib/python3.9/site-packages/neutron/plugins/ml2/drivers/ovn/mech_driver/ovsdb/ovsdb_monitor.py:61
2025-10-05 08:16:21.667 15 DEBUG neutron.plugins.ml2.drivers.ovn.mech_driver.ovsdb.ovsdb_monitor [req-c53f3eb6-5b67-4926-8e01-dc442a026957 - - - - -] ChassisAgentWriteEvent : Matched Chassis_Private, create, None None matches /usr/lib/python3.9/site-packages/neutron/plugins/ml2/drivers/ovn/mech_driver/ovsdb/ovsdb_monitor.py:61
2025-10-05 08:16:21.667 15 DEBUG neutron.plugins.ml2.drivers.ovn.mech_driver.ovsdb.ovsdb_monitor [req-c53f3eb6-5b67-4926-8e01-dc442a026957 - - - - -] ChassisAgentWriteEvent : Matched Chassis_Private, create, None None matches /usr/lib/python3.9/site-packages/neutron/plugins/ml2/drivers/ovn/mech_driver/ovsdb/ovsdb_monitor.py:61
2025-10-05 08:16:21.668 15 DEBUG neutron.plugins.ml2.drivers.ovn.mech_driver.ovsdb.ovsdb_monitor [req-c53f3eb6-5b67-4926-8e01-dc442a026957 - - - - -] Hash Ring: Node 9e478bf1-75cb-4b3c-b0a4-81e90af09875 (host: np0005471148.localdomain) handling event "create" for row f7bcd41f-d651-419d-997b-11e3406294b9 (table: Chassis_Private) notify /usr/lib/python3.9/site-packages/neutron/plugins/ml2/drivers/ovn/mech_driver/ovsdb/ovsdb_monitor.py:791
2025-10-05 08:16:21.668 15 DEBUG neutron.plugins.ml2.drivers.ovn.mech_driver.ovsdb.ovsdb_monitor [req-c53f3eb6-5b67-4926-8e01-dc442a026957 - - - - -] Hash Ring: Node 9e478bf1-75cb-4b3c-b0a4-81e90af09875 (host: np0005471148.localdomain) handling event "create" for row c85f569d-e11e-43a3-9f2d-3d85583bc707 (table: Encap) notify /usr/lib/python3.9/site-packages/neutron/plugins/ml2/drivers/ovn/mech_driver/ovsdb/ovsdb_monitor.py:791
2025-10-05 08:16:21.668 15 DEBUG neutron.plugins.ml2.drivers.ovn.mech_driver.ovsdb.ovsdb_monitor [req-c53f3eb6-5b67-4926-8e01-dc442a026957 - - - - -] Hash Ring: Node 9e478bf1-75cb-4b3c-b0a4-81e90af09875 (host: np0005471148.localdomain) handling event "create" for row b5fb3029-83ae-488f-abb1-72ab70c3222f (table: Encap) notify /usr/lib/python3.9/site-packages/neutron/plugins/ml2/drivers/ovn/mech_driver/ovsdb/ovsdb_monitor.py:791
2025-10-05 08:16:21.671 15 INFO neutron.plugins.ml2.drivers.ovn.mech_driver.mech_driver [req-c53f3eb6-5b67-4926-8e01-dc442a026957 - - - - -] WorkerService process has finished the post initialization
2025-10-05 08:16:21.672 15 INFO neutron.wsgi [-] (15) wsgi starting up on http://172.17.0.105:9696
2025-10-05 08:16:21.672 15 DEBUG neutron.wsgi [-] (15) accepted ('172.17.0.105', 44666) server /usr/lib/python3.9/site-packages/eventlet/wsgi.py:992
2025-10-05 08:16:21.672 15 DEBUG neutron.wsgi [-] (15) accepted ('172.17.0.104', 42836) server /usr/lib/python3.9/site-packages/eventlet/wsgi.py:992
2025-10-05 08:16:21.673 15 DEBUG neutron.wsgi [-] (15) accepted ('172.17.0.103', 58528) server /usr/lib/python3.9/site-packages/eventlet/wsgi.py:992
2025-10-05 08:16:21.677 15 INFO neutron.wsgi [-] 172.17.0.105 "GET /healthcheck HTTP/1.0" status: 200 len: 137 time: 0.0032578
2025-10-05 08:16:21.678 15 INFO neutron.wsgi [-] 172.17.0.104 "GET /healthcheck HTTP/1.0" status: 200 len: 137 time: 0.0010900
2025-10-05 08:16:21.679 17 DEBUG ovsdbapp.backend.ovs_idl [req-4eb8368d-0c7d-4119-9b92-429fb75b6162 - - - - -] Created lookup_table index Chassis.name autocreate_indices /usr/lib/python3.9/site-packages/ovsdbapp/backend/ovs_idl/__init__.py:107
2025-10-05 08:16:21.679 17 DEBUG ovsdbapp.backend.ovs_idl [req-4eb8368d-0c7d-4119-9b92-429fb75b6162 - - - - -] Created schema index Chassis_Private.name autocreate_indices /usr/lib/python3.9/site-packages/ovsdbapp/backend/ovs_idl/__init__.py:126
2025-10-05 08:16:21.679 17 DEBUG ovsdbapp.backend.ovs_idl [req-4eb8368d-0c7d-4119-9b92-429fb75b6162 - - - - -] Created schema index Datapath_Binding.tunnel_key autocreate_indices /usr/lib/python3.9/site-packages/ovsdbapp/backend/ovs_idl/__init__.py:126
2025-10-05 08:16:21.680 15 INFO neutron.wsgi [-] 172.17.0.103 "GET /healthcheck HTTP/1.0" status: 200 len: 137 time: 0.0009482
2025-10-05 08:16:21.687 17 INFO ovsdbapp.backend.ovs_idl.vlog [req-4eb8368d-0c7d-4119-9b92-429fb75b6162 - - - - -] tcp:172.17.0.105:6642: connecting...
2025-10-05 08:16:21.687 17 INFO ovsdbapp.backend.ovs_idl.vlog [req-4eb8368d-0c7d-4119-9b92-429fb75b6162 - - - - -] tcp:172.17.0.105:6642: connected
2025-10-05 08:16:21.700 17 DEBUG neutron.common.ovn.hash_ring_manager [req-4eb8368d-0c7d-4119-9b92-429fb75b6162 - - - - -] Allow caching, nodes 1>=1 _wait_startup_before_caching /usr/lib/python3.9/site-packages/neutron/common/ovn/hash_ring_manager.py:64
2025-10-05 08:16:21.706 17 DEBUG neutron.common.ovn.hash_ring_manager [req-4eb8368d-0c7d-4119-9b92-429fb75b6162 - - - - -] Hash Ring loaded. 3 active nodes. 0 offline nodes _load_hash_ring /usr/lib/python3.9/site-packages/neutron/common/ovn/hash_ring_manager.py:99
2025-10-05 08:16:21.712 17 DEBUG neutron.plugins.ml2.drivers.ovn.mech_driver.ovsdb.ovsdb_monitor [req-4eb8368d-0c7d-4119-9b92-429fb75b6162 - - - - -] ChassisAgentWriteEvent : Matched Chassis_Private, create, None None matches /usr/lib/python3.9/site-packages/neutron/plugins/ml2/drivers/ovn/mech_driver/ovsdb/ovsdb_monitor.py:61
2025-10-05 08:16:21.712 17 DEBUG neutron.plugins.ml2.drivers.ovn.mech_driver.ovsdb.ovsdb_monitor [req-4eb8368d-0c7d-4119-9b92-429fb75b6162 - - - - -] ChassisMetadataAgentWriteEvent : Matched Chassis_Private, create, None None matches /usr/lib/python3.9/site-packages/neutron/plugins/ml2/drivers/ovn/mech_driver/ovsdb/ovsdb_monitor.py:61
2025-10-05 08:16:21.712 17 DEBUG neutron.plugins.ml2.drivers.ovn.mech_driver.ovsdb.ovsdb_monitor [req-4eb8368d-0c7d-4119-9b92-429fb75b6162 - - - - -] ChassisAgentWriteEvent : Matched Chassis_Private, create, None None matches /usr/lib/python3.9/site-packages/neutron/plugins/ml2/drivers/ovn/mech_driver/ovsdb/ovsdb_monitor.py:61
2025-10-05 08:16:21.712 17 DEBUG neutron.plugins.ml2.drivers.ovn.mech_driver.ovsdb.ovsdb_monitor [req-4eb8368d-0c7d-4119-9b92-429fb75b6162 - - - - -] ChassisMetadataAgentWriteEvent : Matched Chassis_Private, create, None None matches /usr/lib/python3.9/site-packages/neutron/plugins/ml2/drivers/ovn/mech_driver/ovsdb/ovsdb_monitor.py:61
2025-10-05 08:16:21.713 17 DEBUG neutron.plugins.ml2.drivers.ovn.mech_driver.ovsdb.ovsdb_monitor [req-4eb8368d-0c7d-4119-9b92-429fb75b6162 - - - - -] ChassisAgentWriteEvent : Matched Chassis_Private, create, None None matches /usr/lib/python3.9/site-packages/neutron/plugins/ml2/drivers/ovn/mech_driver/ovsdb/ovsdb_monitor.py:61
2025-10-05 08:16:21.713 17 DEBUG neutron.plugins.ml2.drivers.ovn.mech_driver.ovsdb.ovsdb_monitor [req-4eb8368d-0c7d-4119-9b92-429fb75b6162 - - - - -] ChassisAgentWriteEvent : Matched Chassis_Private, create, None None matches /usr/lib/python3.9/site-packages/neutron/plugins/ml2/drivers/ovn/mech_driver/ovsdb/ovsdb_monitor.py:61
2025-10-05 08:16:21.713 17 DEBUG neutron.plugins.ml2.drivers.ovn.mech_driver.ovsdb.ovsdb_monitor [req-4eb8368d-0c7d-4119-9b92-429fb75b6162 - - - - -] ChassisMetadataAgentWriteEvent : Matched Chassis_Private, create, None None matches /usr/lib/python3.9/site-packages/neutron/plugins/ml2/drivers/ovn/mech_driver/ovsdb/ovsdb_monitor.py:61
2025-10-05 08:16:21.713 17 DEBUG neutron.plugins.ml2.drivers.ovn.mech_driver.ovsdb.ovsdb_monitor [req-4eb8368d-0c7d-4119-9b92-429fb75b6162 - - - - -] ChassisAgentWriteEvent : Matched Chassis_Private, create, None None matches /usr/lib/python3.9/site-packages/neutron/plugins/ml2/drivers/ovn/mech_driver/ovsdb/ovsdb_monitor.py:61
2025-10-05 08:16:21.713 17 DEBUG neutron.plugins.ml2.drivers.ovn.mech_driver.ovsdb.ovsdb_monitor [req-4eb8368d-0c7d-4119-9b92-429fb75b6162 - - - - -] ChassisAgentWriteEvent : Matched Chassis_Private, create, None None matches /usr/lib/python3.9/site-packages/neutron/plugins/ml2/drivers/ovn/mech_driver/ovsdb/ovsdb_monitor.py:61
2025-10-05 08:16:21.717 17 INFO neutron.plugins.ml2.drivers.ovn.mech_driver.mech_driver [req-4eb8368d-0c7d-4119-9b92-429fb75b6162 - - - - -] RpcWorker process has finished the post initialization
2025-10-05 08:16:21.717 17 DEBUG neutron.plugins.ml2.plugin [req-4eb8368d-0c7d-4119-9b92-429fb75b6162 - - - - -] neutron.plugins.ml2.plugin.Ml2Plugin method start_rpc_listeners called with arguments () {} wrapper /usr/lib/python3.9/site-packages/oslo_log/helpers.py:65
2025-10-05 08:16:23.679 15 DEBUG neutron.wsgi [-] (15) accepted ('172.17.0.105', 44680) server /usr/lib/python3.9/site-packages/eventlet/wsgi.py:992
2025-10-05 08:16:23.680 15 DEBUG neutron.wsgi [-] (15) accepted ('172.17.0.104', 42842) server /usr/lib/python3.9/site-packages/eventlet/wsgi.py:992
2025-10-05 08:16:23.683 15 INFO neutron.wsgi [-] 172.17.0.105 "GET /healthcheck HTTP/1.0" status: 200 len: 137 time: 0.0026431
2025-10-05 08:16:23.686 15 INFO neutron.wsgi [-] 172.17.0.104 "GET /healthcheck HTTP/1.0" status: 200 len: 137 time: 0.0022395
2025-10-05 08:16:23.687 15 DEBUG neutron.wsgi [-] (15) accepted ('172.17.0.103', 39560) server /usr/lib/python3.9/site-packages/eventlet/wsgi.py:992
2025-10-05 08:16:23.691 15 INFO neutron.wsgi [-] 172.17.0.103 "GET /healthcheck HTTP/1.0" status: 200 len: 137 time: 0.0021608
2025-10-05 08:16:25.686 15 DEBUG neutron.wsgi [-] (15) accepted ('172.17.0.105', 47150) server /usr/lib/python3.9/site-packages/eventlet/wsgi.py:992
2025-10-05 08:16:25.690 15 INFO neutron.wsgi [-] 172.17.0.105 "GET /healthcheck HTTP/1.0" status: 200 len: 137 time: 0.0026674
2025-10-05 08:16:25.691 15 DEBUG neutron.wsgi [-] (15) accepted ('172.17.0.104', 42854) server /usr/lib/python3.9/site-packages/eventlet/wsgi.py:992
2025-10-05 08:16:25.695 15 INFO neutron.wsgi [-] 172.17.0.104 "GET /healthcheck HTTP/1.0" status: 200 len: 137 time: 0.0031135
2025-10-05 08:16:25.695 15 DEBUG neutron.wsgi [-] (15) accepted ('172.17.0.103', 39564) server /usr/lib/python3.9/site-packages/eventlet/wsgi.py:992
2025-10-05 08:16:25.699 15 INFO neutron.wsgi [-] 172.17.0.103 "GET /healthcheck HTTP/1.0" status: 200 len: 137 time: 0.0028648
2025-10-05 08:16:27.694 15 DEBUG neutron.wsgi [-] (15) accepted ('172.17.0.105', 47160) server /usr/lib/python3.9/site-packages/eventlet/wsgi.py:992
2025-10-05 08:16:27.697 15 INFO neutron.wsgi [-] 172.17.0.105 "GET /healthcheck HTTP/1.0" status: 200 len: 137 time: 0.0019526
2025-10-05 08:16:27.697 15 DEBUG neutron.wsgi [-] (15) accepted ('172.17.0.104', 51526) server /usr/lib/python3.9/site-packages/eventlet/wsgi.py:992
2025-10-05 08:16:27.699 15 INFO neutron.wsgi [-] 172.17.0.104 "GET /healthcheck HTTP/1.0" status: 200 len: 137 time: 0.0014858
2025-10-05 08:16:27.701 15 DEBUG neutron.wsgi [-] (15) accepted ('172.17.0.103', 39570) server /usr/lib/python3.9/site-packages/eventlet/wsgi.py:992
2025-10-05 08:16:27.703 15 INFO neutron.wsgi [-] 172.17.0.103 "GET /healthcheck HTTP/1.0" status: 200 len: 137 time: 0.0014231
2025-10-05 08:16:29.698 15 DEBUG neutron.wsgi [-] (15) accepted ('172.17.0.105', 47164) server /usr/lib/python3.9/site-packages/eventlet/wsgi.py:992
2025-10-05 08:16:29.702 15 INFO neutron.wsgi [-] 172.17.0.105 "GET /healthcheck HTTP/1.0" status: 200 len: 137 time: 0.0025074
2025-10-05 08:16:29.703 15 DEBUG neutron.wsgi [-] (15) accepted ('172.17.0.104', 51542) server /usr/lib/python3.9/site-packages/eventlet/wsgi.py:992
2025-10-05 08:16:29.706 15 INFO neutron.wsgi [-] 172.17.0.104 "GET /healthcheck HTTP/1.0" status: 200 len: 137 time: 0.0024023
2025-10-05 08:16:29.706 15 DEBUG neutron.wsgi [-] (15) accepted ('172.17.0.103', 39576) server /usr/lib/python3.9/site-packages/eventlet/wsgi.py:992
2025-10-05 08:16:29.709 15 INFO neutron.wsgi [-] 172.17.0.103 "GET /healthcheck HTTP/1.0" status: 200 len: 137 time: 0.0020783
2025-10-05 08:16:31.569 19 DEBUG neutron.plugins.ml2.drivers.ovn.mech_driver.ovsdb.ovn_db_sync [-] Starting OVN-Northbound DB sync process do_sync /usr/lib/python3.9/site-packages/neutron/plugins/ml2/drivers/ovn/mech_driver/ovsdb/ovn_db_sync.py:100
2025-10-05 08:16:31.584 19 DEBUG neutron.plugins.ml2.drivers.ovn.mech_driver.ovsdb.ovn_db_sync [-] Starting OVN-Southbound DB sync process do_sync /usr/lib/python3.9/site-packages/neutron/plugins/ml2/drivers/ovn/mech_driver/ovsdb/ovn_db_sync.py:1305
2025-10-05 08:16:31.585 19 DEBUG neutron.plugins.ml2.drivers.ovn.mech_driver.ovsdb.ovn_db_sync [req-3fc31de7-3af5-4b79-8416-4c64a2541573 - - - - -] OVN-SB Sync hostname and physical networks started sync_hostname_and_physical_networks /usr/lib/python3.9/site-packages/neutron/plugins/ml2/drivers/ovn/mech_driver/ovsdb/ovn_db_sync.py:1313
2025-10-05 08:16:31.598 19 DEBUG neutron.plugins.ml2.drivers.ovn.mech_driver.ovsdb.ovn_db_sync [req-06c1225c-3750-47ad-8d43-67f4f5b6a0da - - - - -] Port Groups added 0, removed 0 sync_port_groups /usr/lib/python3.9/site-packages/neutron/plugins/ml2/drivers/ovn/mech_driver/ovsdb/ovn_db_sync.py:187
2025-10-05 08:16:31.598 19 DEBUG neutron.plugins.ml2.drivers.ovn.mech_driver.ovsdb.ovn_db_sync [req-06c1225c-3750-47ad-8d43-67f4f5b6a0da - - - - -] OVN-NB Sync networks, ports and DHCP options started sync_networks_ports_and_dhcp_opts /usr/lib/python3.9/site-packages/neutron/plugins/ml2/drivers/ovn/mech_driver/ovsdb/ovn_db_sync.py:996
2025-10-05 08:16:31.639 19 DEBUG neutron.plugins.ml2.drivers.ovn.mech_driver.ovsdb.ovn_db_sync [req-3fc31de7-3af5-4b79-8416-4c64a2541573 - - - - -] New host np0005471152.localdomain found in OVN SB DB, but not in Neutron. Add its SegmentHostMapping in Neutron sync_hostname_and_physical_networks /usr/lib/python3.9/site-packages/neutron/plugins/ml2/drivers/ovn/mech_driver/ovsdb/ovn_db_sync.py:1327
2025-10-05 08:16:31.647 19 DEBUG neutron.plugins.ml2.drivers.ovn.mech_driver.ovsdb.ovn_db_sync [req-06c1225c-3750-47ad-8d43-67f4f5b6a0da - - - - -] OVN sync metadata ports started _sync_metadata_ports /usr/lib/python3.9/site-packages/neutron/plugins/ml2/drivers/ovn/mech_driver/ovsdb/ovn_db_sync.py:933
2025-10-05 08:16:31.655 19 DEBUG oslo_concurrency.lockutils [req-3fc31de7-3af5-4b79-8416-4c64a2541573 - - - - -] Lock "update_segment_host_mapping" acquired by "neutron.services.segments.db.update_segment_host_mapping" :: waited 0.000s inner /usr/lib/python3.9/site-packages/oslo_concurrency/lockutils.py:355
2025-10-05 08:16:31.657 19 DEBUG neutron.plugins.ml2.drivers.ovn.mech_driver.ovsdb.ovn_db_sync [req-06c1225c-3750-47ad-8d43-67f4f5b6a0da - - - - -] OVN sync metadata ports finished _sync_metadata_ports /usr/lib/python3.9/site-packages/neutron/plugins/ml2/drivers/ovn/mech_driver/ovsdb/ovn_db_sync.py:993
