Oct 5 08:30:16 np0005471147 proxy-server[126090]: 172.18.0.178 172.18.0.104 05/Oct/2025/08/30/16 GET /v1/AUTH_ffbb1c514d6a4f40a7f8a9f769bc781a/gnocchi.c55ef7d8-2b83-4ed6-a53d-9b74da124da8%3Fformat%3Djson%26states%3Dlisting HTTP/1.0 200 - python-swiftclient-3.11.1 gAAAAABo4ixPODjF... - 2 - tx289cd04dcb9745cba00e1-0068e22c98 - 0.0246 - - 1759653016.480870247 1759653016.505483627 0
Oct 5 08:30:16 np0005471147 object-server[124620]: 172.20.0.103 - - [05/Oct/2025:08:30:16 +0000] "GET /d1/801/AUTH_ffbb1c514d6a4f40a7f8a9f769bc781a/gnocchi.3b18e974-54e7-4113-bd79-01f93e83d4ff/1759320000.0_mean_300.0_v3" 404 70 "GET http://172.18.0.178:8080/v1/AUTH_ffbb1c514d6a4f40a7f8a9f769bc781a/gnocchi.3b18e974-54e7-4113-bd79-01f93e83d4ff/1759320000.0_mean_300.0_v3" "tx3b08afabf6c54d1983c23-0068e22c98" "proxy-server 20" 0.0007 "-" 22 0
Oct 5 08:30:16 np0005471147 object-server[124623]: 172.20.0.104 - - [05/Oct/2025:08:30:16 +0000] "GET /d1/778/AUTH_ffbb1c514d6a4f40a7f8a9f769bc781a/gnocchi.c55ef7d8-2b83-4ed6-a53d-9b74da124da8/1759320000.0_mean_300.0_v3" 404 70 "GET http://172.18.0.178:8080/v1/AUTH_ffbb1c514d6a4f40a7f8a9f769bc781a/gnocchi.c55ef7d8-2b83-4ed6-a53d-9b74da124da8/1759320000.0_mean_300.0_v3" "txf53cc059445f417bb98b5-0068e22c98" "proxy-server 20" 0.0003 "-" 24 0
Oct 5 08:30:16 np0005471147 proxy-server[126090]: 172.18.0.178 172.18.0.104 05/Oct/2025/08/30/16 GET /v1/AUTH_ffbb1c514d6a4f40a7f8a9f769bc781a/gnocchi.c55ef7d8-2b83-4ed6-a53d-9b74da124da8/1759320000.0_mean_300.0_v3 HTTP/1.0 404 - python-swiftclient-3.11.1 gAAAAABo4ixPODjF... - 70 - txf53cc059445f417bb98b5-0068e22c98 - 0.0159 - - 1759653016.512422562 1759653016.528370142 0
Oct 5 08:30:16 np0005471147 container-server[124194]: 172.20.0.103 - - [05/Oct/2025:08:30:16 +0000] "PUT /d1/592/AUTH_ffbb1c514d6a4f40a7f8a9f769bc781a/gnocchi.c55ef7d8-2b83-4ed6-a53d-9b74da124da8/1759320000.0_mean_300.0_v3" 201 - "PUT http://172.18.0.178:8080/d1/778/AUTH_ffbb1c514d6a4f40a7f8a9f769bc781a/gnocchi.c55ef7d8-2b83-4ed6-a53d-9b74da124da8/1759320000.0_mean_300.0_v3" "txac3c1496c3ff4cc8802a4-0068e22c98" "object-server 22" 0.0005 "-" 20 0
Oct 5 08:30:16 np0005471147 object-server[124623]: 172.20.0.105 - - [05/Oct/2025:08:30:16 +0000] "PUT /d1/801/AUTH_ffbb1c514d6a4f40a7f8a9f769bc781a/gnocchi.3b18e974-54e7-4113-bd79-01f93e83d4ff/1759320000.0_mean_300.0_v3" 201 - "PUT http://172.18.0.178:8080/v1/AUTH_ffbb1c514d6a4f40a7f8a9f769bc781a/gnocchi.3b18e974-54e7-4113-bd79-01f93e83d4ff/1759320000.0_mean_300.0_v3" "tx7ebe2a29eb8949b489cd2-0068e22c98" "proxy-server 20" 0.0151 "-" 24 0
Oct 5 08:30:16 np0005471147 container-server[124208]: 172.20.0.103 - - [05/Oct/2025:08:30:16 +0000] "PUT /d1/982/AUTH_ffbb1c514d6a4f40a7f8a9f769bc781a/gnocchi.3b18e974-54e7-4113-bd79-01f93e83d4ff/1759320000.0_mean_300.0_v3" 201 - "PUT http://172.18.0.178:8080/d1/801/AUTH_ffbb1c514d6a4f40a7f8a9f769bc781a/gnocchi.3b18e974-54e7-4113-bd79-01f93e83d4ff/1759320000.0_mean_300.0_v3" "tx7ebe2a29eb8949b489cd2-0068e22c98" "object-server 24" 0.0021 "-" 22 0
Oct 5 08:30:16 np0005471147 object-server[124624]: 172.20.0.103 - - [05/Oct/2025:08:30:16 +0000] "PUT /d1/778/AUTH_ffbb1c514d6a4f40a7f8a9f769bc781a/gnocchi.c55ef7d8-2b83-4ed6-a53d-9b74da124da8/1759320000.0_mean_300.0_v3" 201 - "PUT http://172.18.0.178:8080/v1/AUTH_ffbb1c514d6a4f40a7f8a9f769bc781a/gnocchi.c55ef7d8-2b83-4ed6-a53d-9b74da124da8/1759320000.0_mean_300.0_v3" "txac3c1496c3ff4cc8802a4-0068e22c98" "proxy-server 20" 0.0143 "-" 25 0
Oct 5 08:30:16 np0005471147 container-server[124194]: 172.20.0.105 - - [05/Oct/2025:08:30:16 +0000] "PUT /d1/982/AUTH_ffbb1c514d6a4f40a7f8a9f769bc781a/gnocchi.3b18e974-54e7-4113-bd79-01f93e83d4ff/none_v3" 201 - "PUT http://172.18.0.178:8080/d1/148/AUTH_ffbb1c514d6a4f40a7f8a9f769bc781a/gnocchi.3b18e974-54e7-4113-bd79-01f93e83d4ff/none_v3" "tx7b4c8581d229412386a01-0068e22c98" "object-server 25" 0.0006 "-" 20 0
Oct 5 08:30:16 np0005471147 object-server[124623]: 172.20.0.103 - - [05/Oct/2025:08:30:16 +0000] "PUT /d1/148/AUTH_ffbb1c514d6a4f40a7f8a9f769bc781a/gnocchi.3b18e974-54e7-4113-bd79-01f93e83d4ff/none_v3" 201 - "PUT http://172.18.0.178:8080/v1/AUTH_ffbb1c514d6a4f40a7f8a9f769bc781a/gnocchi.3b18e974-54e7-4113-bd79-01f93e83d4ff/none_v3" "tx7b4c8581d229412386a01-0068e22c98" "proxy-server 20" 0.0139 "-" 24 0
Oct 5 08:30:16 np0005471147 container-server[124208]: 172.20.0.105 - - [05/Oct/2025:08:30:16 +0000] "PUT /d1/592/AUTH_ffbb1c514d6a4f40a7f8a9f769bc781a/gnocchi.c55ef7d8-2b83-4ed6-a53d-9b74da124da8/none_v3" 201 - "PUT http://172.18.0.178:8080/d1/846/AUTH_ffbb1c514d6a4f40a7f8a9f769bc781a/gnocchi.c55ef7d8-2b83-4ed6-a53d-9b74da124da8/none_v3" "tx3434d8c41e62420dae18a-0068e22c98" "object-server 23" 0.0005 "-" 22 0
Oct 5 08:30:16 np0005471147 object-server[124620]: 172.20.0.104 - - [05/Oct/2025:08:30:16 +0000] "PUT /d1/846/AUTH_ffbb1c514d6a4f40a7f8a9f769bc781a/gnocchi.c55ef7d8-2b83-4ed6-a53d-9b74da124da8/none_v3" 201 - "PUT http://172.18.0.178:8080/v1/AUTH_ffbb1c514d6a4f40a7f8a9f769bc781a/gnocchi.c55ef7d8-2b83-4ed6-a53d-9b74da124da8/none_v3" "tx3434d8c41e62420dae18a-0068e22c98" "proxy-server 20" 0.0237 "-" 22 0
Oct 5 08:30:16 np0005471147 proxy-server[126090]: 172.18.0.178 172.18.0.104 05/Oct/2025/08/30/16 PUT /v1/AUTH_ffbb1c514d6a4f40a7f8a9f769bc781a/gnocchi.c55ef7d8-2b83-4ed6-a53d-9b74da124da8/none_v3 HTTP/1.0 201 - python-swiftclient-3.11.1 gAAAAABo4ixPODjF... 22 - - tx3434d8c41e62420dae18a-0068e22c98 - 0.0367 - - 1759653016.561329365 1759653016.597987413 0
Oct 5 08:30:16 np0005471147 container-server[124199]: 172.20.0.105 - - [05/Oct/2025:08:30:16 +0000] "HEAD /d1/639/AUTH_ffbb1c514d6a4f40a7f8a9f769bc781a/gnocchi.58b8b3cd-db26-4cc8-8a89-b9b578bed098" 404 - "HEAD http://172.18.0.178:8080/v1/AUTH_ffbb1c514d6a4f40a7f8a9f769bc781a/gnocchi.58b8b3cd-db26-4cc8-8a89-b9b578bed098?format=json&states=listing" "txc39e030022a649eeb6347-0068e22c98" "proxy-server 20" 0.0007 "-" 21 0
Oct 5 08:30:16 np0005471147 object-server[124621]: 172.20.0.105 - - [05/Oct/2025:08:30:16 +0000] "GET /d1/269/AUTH_ffbb1c514d6a4f40a7f8a9f769bc781a/gnocchi.58b8b3cd-db26-4cc8-8a89-b9b578bed098/none_v3" 404 70 "GET http://172.18.0.178:8080/v1/AUTH_ffbb1c514d6a4f40a7f8a9f769bc781a/gnocchi.58b8b3cd-db26-4cc8-8a89-b9b578bed098/none_v3" "txc39e030022a649eeb6347-0068e22c98" "proxy-server 20" 0.0004 "-" 23 0
Oct 5 08:30:16 np0005471147 container-server[124226]: 172.20.0.103 - - [05/Oct/2025:08:30:16 +0000] "PUT /d1/639/AUTH_ffbb1c514d6a4f40a7f8a9f769bc781a/gnocchi.58b8b3cd-db26-4cc8-8a89-b9b578bed098" 201 - "PUT http://172.18.0.178:8080/v1/AUTH_ffbb1c514d6a4f40a7f8a9f769bc781a/gnocchi.58b8b3cd-db26-4cc8-8a89-b9b578bed098" "tx18d8e32e6b84472f86725-0068e22c98" "proxy-server 20" 0.0195 "-" 23 0
Oct 5 08:30:16 np0005471147 account-server[123791]: 172.20.0.103 - - [05/Oct/2025:08:30:16 +0000] "PUT /d1/852/AUTH_ffbb1c514d6a4f40a7f8a9f769bc781a/gnocchi.58b8b3cd-db26-4cc8-8a89-b9b578bed098" 201 - "PUT http://172.20.0.103:6001/d1/639/AUTH_ffbb1c514d6a4f40a7f8a9f769bc781a/gnocchi.58b8b3cd-db26-4cc8-8a89-b9b578bed098" "tx18d8e32e6b84472f86725-0068e22c98" "container-server 20" 0.0092 "-" 23 0
Oct 5 08:30:17 np0005471147 container-server[124194]: 172.20.0.104 - - [05/Oct/2025:08:30:17 +0000] "HEAD /d1/639/AUTH_ffbb1c514d6a4f40a7f8a9f769bc781a/gnocchi.58b8b3cd-db26-4cc8-8a89-b9b578bed098" 204 - "HEAD http://172.18.0.178:8080/v1/AUTH_ffbb1c514d6a4f40a7f8a9f769bc781a/gnocchi.58b8b3cd-db26-4cc8-8a89-b9b578bed098?format=json&states=listing" "txaa681ddeb584499ba9fea-0068e22c99" "proxy-server 20" 0.0024 "-" 20 0
Oct 5 08:30:17 np0005471147 proxy-server[126090]: - - 05/Oct/2025/08/30/17 HEAD /v1/AUTH_ffbb1c514d6a4f40a7f8a9f769bc781a/gnocchi.58b8b3cd-db26-4cc8-8a89-b9b578bed098%3Fformat%3Djson%26states%3Dlisting HTTP/1.0 204 - Swift - - - - txaa681ddeb584499ba9fea-0068e22c99 - 0.0087 RL - 1759653017.011767149 1759653017.020492077 0
Oct 5 08:30:17 np0005471147 proxy-server[126090]: 172.18.0.103 172.18.0.104 05/Oct/2025/08/30/17 GET /v1/AUTH_ffbb1c514d6a4f40a7f8a9f769bc781a/gnocchi.58b8b3cd-db26-4cc8-8a89-b9b578bed098%3Fformat%3Djson%26states%3Dlisting HTTP/1.0 200 - python-swiftclient-3.11.1 gAAAAABo4iyYaC5C... - 2 - txaa681ddeb584499ba9fea-0068e22c99 - 0.0269 - - 1759653017.009256601 1759653017.036172628 0
Oct 5 08:30:17 np0005471147 object-server[124624]: 172.20.0.105 - - [05/Oct/2025:08:30:17 +0000] "GET /d1/607/AUTH_ffbb1c514d6a4f40a7f8a9f769bc781a/gnocchi.58b8b3cd-db26-4cc8-8a89-b9b578bed098/1759320000.0_mean_300.0_v3" 404 70 "GET http://172.18.0.178:8080/v1/AUTH_ffbb1c514d6a4f40a7f8a9f769bc781a/gnocchi.58b8b3cd-db26-4cc8-8a89-b9b578bed098/1759320000.0_mean_300.0_v3" "tx98c7f73d8d5446529fd89-0068e22c99" "proxy-server 20" 0.0004 "-" 25 0
Oct 5 08:30:17 np0005471147 container-server[124226]: 172.20.0.104 - - [05/Oct/2025:08:30:17 +0000] "PUT /d1/639/AUTH_ffbb1c514d6a4f40a7f8a9f769bc781a/gnocchi.58b8b3cd-db26-4cc8-8a89-b9b578bed098/1759320000.0_mean_300.0_v3" 201 - "PUT http://172.18.0.178:8080/d1/607/AUTH_ffbb1c514d6a4f40a7f8a9f769bc781a/gnocchi.58b8b3cd-db26-4cc8-8a89-b9b578bed098/1759320000.0_mean_300.0_v3" "tx66698f0c61a64d9ab216c-0068e22c99" "object-server 22" 0.0009 "-" 23 0
Oct 5 08:30:17 np0005471147 object-server[124620]: 172.20.0.103 - - [05/Oct/2025:08:30:17 +0000] "PUT /d1/607/AUTH_ffbb1c514d6a4f40a7f8a9f769bc781a/gnocchi.58b8b3cd-db26-4cc8-8a89-b9b578bed098/1759320000.0_mean_300.0_v3" 201 - "PUT http://172.18.0.178:8080/v1/AUTH_ffbb1c514d6a4f40a7f8a9f769bc781a/gnocchi.58b8b3cd-db26-4cc8-8a89-b9b578bed098/1759320000.0_mean_300.0_v3" "tx66698f0c61a64d9ab216c-0068e22c99" "proxy-server 20" 0.0138 "-" 22 0
Oct 5 08:30:17 np0005471147 container-server[124199]: 172.20.0.105 - - [05/Oct/2025:08:30:17 +0000] "PUT /d1/639/AUTH_ffbb1c514d6a4f40a7f8a9f769bc781a/gnocchi.58b8b3cd-db26-4cc8-8a89-b9b578bed098/none_v3" 201 - "PUT http://172.18.0.178:8080/d1/269/AUTH_ffbb1c514d6a4f40a7f8a9f769bc781a/gnocchi.58b8b3cd-db26-4cc8-8a89-b9b578bed098/none_v3" "txa4dba8c7eede40cd9c06f-0068e22c99" "object-server 25" 0.0008 "-" 21 0
Oct 5 08:30:17 np0005471147 object-server[124624]: 172.20.0.104 - - [05/Oct/2025:08:30:17 +0000] "PUT /d1/269/AUTH_ffbb1c514d6a4f40a7f8a9f769bc781a/gnocchi.58b8b3cd-db26-4cc8-8a89-b9b578bed098/none_v3" 201 - "PUT http://172.18.0.178:8080/v1/AUTH_ffbb1c514d6a4f40a7f8a9f769bc781a/gnocchi.58b8b3cd-db26-4cc8-8a89-b9b578bed098/none_v3" "txa4dba8c7eede40cd9c06f-0068e22c99" "proxy-server 20" 0.0130 "-" 25 0
Oct 5 08:30:17 np0005471147 proxy-server[126090]: 172.18.0.103 172.18.0.104 05/Oct/2025/08/30/17 PUT /v1/AUTH_ffbb1c514d6a4f40a7f8a9f769bc781a/gnocchi.58b8b3cd-db26-4cc8-8a89-b9b578bed098/none_v3 HTTP/1.0 201 - python-swiftclient-3.11.1 gAAAAABo4iyYaC5C... 22 - - txa4dba8c7eede40cd9c06f-0068e22c99 - 0.0235 - - 1759653017.096961737 1759653017.120487690 0
Oct 5 08:30:18 np0005471147 account-server[123475]: Beginning replication run
Oct 5 08:30:18 np0005471147 account-server[123475]: Replication run OVER
Oct 5 08:30:18 np0005471147 account-server[123475]: Attempted to replicate 1 dbs in 0.03025 seconds (33.05323/s)
Oct 5 08:30:18 np0005471147 account-server[123475]: Removed 0 dbs
Oct 5 08:30:18 np0005471147 account-server[123475]: 2 successes, 0 failures
Oct 5 08:30:18 np0005471147 account-server[123475]: diff:0 diff_capped:0 empty:0 hashmatch:0 no_change:2 remote_merge:0 rsync:0 ts_repl:0
Oct 5 08:30:19 np0005471147 object-server[124342]: Starting object replication pass.
Oct 5 08:30:19 np0005471147 object-server[124342]: 16/16 (100.00%) partitions replicated in 0.55s (29.08/sec, 0s remaining)
Oct 5 08:30:19 np0005471147 object-server[124342]: 32 successes, 0 failures
Oct 5 08:30:19 np0005471147 object-server[124342]: 16 suffixes checked - 87.50% hashed, 0.00% synced
Oct 5 08:30:19 np0005471147 object-server[124342]: Partition times: max 0.0864s, min 0.0088s, med 0.0334s
Oct 5 08:30:19 np0005471147 object-server[124342]: Object replication complete. (0.01 minutes)
Oct 5 08:30:20 np0005471147 object-server[221972]: Begin object audit "forever" mode (ZBF)
Oct 5 08:30:20 np0005471147 object-server[221973]: Begin object audit "forever" mode (ALL)
Oct 5 08:30:20 np0005471147 object-server[221972]: Object audit (ZBF). Since Sun Oct 5 08:30:20 2025: Locally: 1 passed, 0 quarantined, 0 errors, files/sec: 425.77, bytes/sec: 0.00, Total time: 0.00, Auditing time: 0.00, Rate: 0.00
Oct 5 08:30:20 np0005471147 object-server[221973]: Object audit (ALL). Since Sun Oct 5 08:30:20 2025: Locally: 1 passed, 0 quarantined, 0 errors, files/sec: 85.00, bytes/sec: 1359.97, Total time: 0.01, Auditing time: 0.00, Rate: 0.00
Oct 5 08:30:20 np0005471147 object-server[221972]: Object audit (ZBF) "forever" mode completed: 0.28s. Total quarantined: 0, Total errors: 0, Total files/sec: 56.31, Total bytes/sec: 0.00, Auditing time: 0.28, Rate: 0.97
Oct 5 08:30:21 np0005471147 object-server[221973]: Object audit (ALL) "forever" mode completed: 0.71s. Total quarantined: 0, Total errors: 0, Total files/sec: 22.40, Total bytes/sec: 439.53, Auditing time: 0.71, Rate: 0.99
Oct 5 08:30:34 np0005471147 container-server[123807]: Beginning replication run
Oct 5 08:30:34 np0005471147 container-server[123807]: Replication run OVER
Oct 5 08:30:34 np0005471147 container-server[123807]: Attempted to replicate 8 dbs in 0.20997 seconds (38.10032/s)
Oct 5 08:30:34 np0005471147 container-server[123807]: Removed 0 dbs
Oct 5 08:30:34 np0005471147 container-server[123807]: 16 successes, 0 failures
Oct 5 08:30:34 np0005471147 container-server[123807]: diff:0 diff_capped:0 empty:0 hashmatch:0 no_change:16 remote_merge:0 rsync:0 ts_repl:0
Oct 5 08:30:34 np0005471147 account-server[123769]: 172.20.0.105 - - [05/Oct/2025:08:30:34 +0000] "PUT /d1/852/AUTH_ffbb1c514d6a4f40a7f8a9f769bc781a/gnocchi.9749cebc-76ac-4f62-8e0c-8f08d99893f2" 201 - "-" "-" "container-updater 2" 0.0013 "-" 20 0
Oct 5 08:30:34 np0005471147 account-server[123777]: 172.20.0.105 - - [05/Oct/2025:08:30:34 +0000] "PUT /d1/852/AUTH_ffbb1c514d6a4f40a7f8a9f769bc781a/gnocchi.c55ef7d8-2b83-4ed6-a53d-9b74da124da8" 201 - "-" "-" "container-updater 2" 0.0009 "-" 21 0
Oct 5 08:30:34 np0005471147 account-server[123779]: 172.20.0.105 - - [05/Oct/2025:08:30:34 +0000] "PUT /d1/852/AUTH_ffbb1c514d6a4f40a7f8a9f769bc781a/gnocchi.a83cb81b-2f4e-4dac-9d1d-aae43909f5cf" 201 - "-" "-" "container-updater 2" 0.0007 "-" 22 0
Oct 5 08:30:34 np0005471147 account-server[123769]: 172.20.0.105 - - [05/Oct/2025:08:30:34 +0000] "PUT /d1/852/AUTH_ffbb1c514d6a4f40a7f8a9f769bc781a/gnocchi.dc714135-6941-4d66-9b10-c41e5af38b8b" 201 - "-" "-" "container-updater 2" 0.0009 "-" 20 0
Oct 5 08:30:34 np0005471147 account-server[123769]: 172.20.0.105 - - [05/Oct/2025:08:30:34 +0000] "PUT /d1/852/AUTH_ffbb1c514d6a4f40a7f8a9f769bc781a/gnocchi.d7bf58e5-8403-494e-8e17-f805dbdcc75e" 201 - "-" "-" "container-updater 2" 0.0007 "-" 20 0
Oct 5 08:30:35 np0005471147 account-server[123777]: 172.20.0.105 - - [05/Oct/2025:08:30:35 +0000] "PUT /d1/852/AUTH_ffbb1c514d6a4f40a7f8a9f769bc781a/gnocchi.3b18e974-54e7-4113-bd79-01f93e83d4ff" 201 - "-" "-" "container-updater 2" 0.0007 "-" 21 0
Oct 5 08:30:35 np0005471147 account-server[123769]: 172.20.0.105 - - [05/Oct/2025:08:30:35 +0000] "PUT /d1/852/AUTH_ffbb1c514d6a4f40a7f8a9f769bc781a/gnocchi.58b8b3cd-db26-4cc8-8a89-b9b578bed098" 201 - "-" "-" "container-updater 2" 0.0007 "-" 20 0
Oct 5 08:30:35 np0005471147 account-server[123777]: 172.20.0.105 - - [05/Oct/2025:08:30:35 +0000] "PUT /d1/852/AUTH_ffbb1c514d6a4f40a7f8a9f769bc781a/gnocchi.ec8ae746-e870-4212-b449-049a01fc2765" 201 - "-" "-" "container-updater 2" 0.0007 "-" 21 0
Oct 5 08:30:39 np0005471147 account-server[123791]: 172.20.0.104 - - [05/Oct/2025:08:30:39 +0000] "HEAD /d1/525/.expiring_objects" 404 - "HEAD http://localhost/v1/.expiring_objects?format=json" "txf737ddba693f482c9bab2-0068e22caf" "proxy-server 2" 0.0008 "-" 23 -
Oct 5 08:30:39 np0005471147 object-expirer[124195]: Pass completed in 0s; 0 objects expired (txn: txf737ddba693f482c9bab2-0068e22caf)
Oct 5 08:30:48 np0005471147 account-server[123475]: Beginning replication run
Oct 5 08:30:48 np0005471147 account-server[123475]: Replication run OVER
Oct 5 08:30:48 np0005471147 account-server[123475]: Attempted to replicate 1 dbs in 0.02757 seconds (36.26834/s)
Oct 5 08:30:48 np0005471147 account-server[123475]: Removed 0 dbs
Oct 5 08:30:48 np0005471147 account-server[123475]: 2 successes, 0 failures
Oct 5 08:30:48 np0005471147 account-server[123475]: diff:0 diff_capped:0 empty:0 hashmatch:0 no_change:2 remote_merge:0 rsync:0 ts_repl:0
Oct 5 08:30:49 np0005471147 object-server[124342]: Starting object replication pass.
Oct 5 08:30:49 np0005471147 object-server[124342]: 16/16 (100.00%) partitions replicated in 0.16s (99.14/sec, 0s remaining)
Oct 5 08:30:49 np0005471147 object-server[124342]: 32 successes, 0 failures
Oct 5 08:30:49 np0005471147 object-server[124342]: 16 suffixes checked - 0.00% hashed, 0.00% synced
Oct 5 08:30:49 np0005471147 object-server[124342]: Partition times: max 0.0161s, min 0.0054s, med 0.0099s
Oct 5 08:30:49 np0005471147 object-server[124342]: Object replication complete. (0.00 minutes)
Oct 5 08:30:50 np0005471147 object-server[221983]: Begin object audit "forever" mode (ZBF)
Oct 5 08:30:50 np0005471147 object-server[221983]: Object audit (ZBF). Since Sun Oct 5 08:30:50 2025: Locally: 1 passed, 0 quarantined, 0 errors, files/sec: 771.72, bytes/sec: 0.00, Total time: 0.00, Auditing time: 0.00, Rate: 0.00
Oct 5 08:30:51 np0005471147 object-server[221983]: Object audit (ZBF) "forever" mode completed: 0.28s. Total quarantined: 0, Total errors: 0, Total files/sec: 56.56, Total bytes/sec: 0.00, Auditing time: 0.28, Rate: 0.98
Oct 5 08:30:51 np0005471147 account-server[123791]: 172.20.0.103 - - [05/Oct/2025:08:30:51 +0000] "HEAD /d1/525/.expiring_objects" 404 - "HEAD http://localhost/v1/.expiring_objects?format=json" "tx258626b4611b457dbb4ec-0068e22cbb" "proxy-server 2" 0.0010 "-" 23 -
Oct 5 08:30:52 np0005471147 container-server[124199]: 172.20.0.105 - - [05/Oct/2025:08:30:52 +0000] "HEAD /d1/775/AUTH_ffbb1c514d6a4f40a7f8a9f769bc781a/gnocchi.dda64f45-a86b-4fc6-83cd-239cb3b859f1" 404 - "HEAD http://172.18.0.178:8080/v1/AUTH_ffbb1c514d6a4f40a7f8a9f769bc781a/gnocchi.dda64f45-a86b-4fc6-83cd-239cb3b859f1?format=json&states=listing" "tx4599e313630e4bb29def1-0068e22cbc" "proxy-server 20" 0.0013 "-" 21 0
Oct 5 08:30:52 np0005471147 container-server[124226]: 172.20.0.103 - - [05/Oct/2025:08:30:52 +0000] "HEAD /d1/371/AUTH_ffbb1c514d6a4f40a7f8a9f769bc781a/gnocchi.c1f22f51-3ab2-4ed3-a2be-e913312125fc" 404 - "HEAD http://172.18.0.178:8080/v1/AUTH_ffbb1c514d6a4f40a7f8a9f769bc781a/gnocchi.c1f22f51-3ab2-4ed3-a2be-e913312125fc?format=json&states=listing" "tx7afba12fdaf64be0825ca-0068e22cbc" "proxy-server 20" 0.0006 "-" 23 0
Oct 5 08:30:52 np0005471147 object-server[124623]: 172.20.0.105 - - [05/Oct/2025:08:30:52 +0000] "GET /d1/315/AUTH_ffbb1c514d6a4f40a7f8a9f769bc781a/gnocchi.dda64f45-a86b-4fc6-83cd-239cb3b859f1/none_v3" 404 70 "GET http://172.18.0.178:8080/v1/AUTH_ffbb1c514d6a4f40a7f8a9f769bc781a/gnocchi.dda64f45-a86b-4fc6-83cd-239cb3b859f1/none_v3" "tx4599e313630e4bb29def1-0068e22cbc" "proxy-server 20" 0.0004 "-" 24 0
Oct 5 08:30:52 np0005471147 container-server[124208]: 172.20.0.104 - - [05/Oct/2025:08:30:52 +0000] "HEAD /d1/148/AUTH_ffbb1c514d6a4f40a7f8a9f769bc781a/gnocchi.7b1cfb9f-e398-41bd-b164-31557797eb07" 404 - "HEAD http://172.18.0.178:8080/v1/AUTH_ffbb1c514d6a4f40a7f8a9f769bc781a/gnocchi.7b1cfb9f-e398-41bd-b164-31557797eb07?format=json&states=listing" "txcfeec3aed32541bd8384b-0068e22cbc" "proxy-server 20" 0.0007 "-" 22 0
Oct 5 08:30:52 np0005471147 object-server[124620]: 172.20.0.103 - - [05/Oct/2025:08:30:52 +0000] "GET /d1/790/AUTH_ffbb1c514d6a4f40a7f8a9f769bc781a/gnocchi.c1f22f51-3ab2-4ed3-a2be-e913312125fc/none_v3" 404 70 "GET http://172.18.0.178:8080/v1/AUTH_ffbb1c514d6a4f40a7f8a9f769bc781a/gnocchi.c1f22f51-3ab2-4ed3-a2be-e913312125fc/none_v3" "tx7afba12fdaf64be0825ca-0068e22cbc" "proxy-server 20" 0.0011 "-" 22 0
Oct 5 08:30:52 np0005471147 object-server[124624]: 172.20.0.104 - - [05/Oct/2025:08:30:52 +0000] "GET /d1/760/AUTH_ffbb1c514d6a4f40a7f8a9f769bc781a/gnocchi.7b1cfb9f-e398-41bd-b164-31557797eb07/none_v3" 404 70 "GET http://172.18.0.178:8080/v1/AUTH_ffbb1c514d6a4f40a7f8a9f769bc781a/gnocchi.7b1cfb9f-e398-41bd-b164-31557797eb07/none_v3" "txcfeec3aed32541bd8384b-0068e22cbc" "proxy-server 20" 0.0006 "-" 25 0
Oct 5 08:30:52 np0005471147 account-server[123791]: 172.20.0.104 - - [05/Oct/2025:08:30:52 +0000] "PUT /d1/852/AUTH_ffbb1c514d6a4f40a7f8a9f769bc781a/gnocchi.dda64f45-a86b-4fc6-83cd-239cb3b859f1" 201 - "PUT http://172.20.0.104:6001/d1/775/AUTH_ffbb1c514d6a4f40a7f8a9f769bc781a/gnocchi.dda64f45-a86b-4fc6-83cd-239cb3b859f1" "txebc028f1ce9945ed8eae8-0068e22cbc" "container-server 23" 0.0022 "-" 23 0
Oct 5 08:30:52 np0005471147 proxy-server[126090]: 172.18.0.103 172.18.0.104 05/Oct/2025/08/30/52 GET /v1/AUTH_ffbb1c514d6a4f40a7f8a9f769bc781a/gnocchi.7b1cfb9f-e398-41bd-b164-31557797eb07/none_v3 HTTP/1.0 404 - python-swiftclient-3.11.1 gAAAAABo4iyYaC5C... - 70 - txcfeec3aed32541bd8384b-0068e22cbc - 0.0329 - - 1759653052.704828262 1759653052.737698078 0
Oct 5 08:30:52 np0005471147 container-server[124226]: 172.20.0.105 - - [05/Oct/2025:08:30:52 +0000] "PUT /d1/775/AUTH_ffbb1c514d6a4f40a7f8a9f769bc781a/gnocchi.dda64f45-a86b-4fc6-83cd-239cb3b859f1" 201 - "PUT http://172.18.0.178:8080/v1/AUTH_ffbb1c514d6a4f40a7f8a9f769bc781a/gnocchi.dda64f45-a86b-4fc6-83cd-239cb3b859f1" "txebc028f1ce9945ed8eae8-0068e22cbc" "proxy-server 20" 0.0166 "-" 23 0
Oct 5 08:30:52 np0005471147 account-server[123777]: 172.20.0.104 - - [05/Oct/2025:08:30:52 +0000] "PUT /d1/852/AUTH_ffbb1c514d6a4f40a7f8a9f769bc781a/gnocchi.c1f22f51-3ab2-4ed3-a2be-e913312125fc" 201 - "PUT http://172.20.0.104:6001/d1/371/AUTH_ffbb1c514d6a4f40a7f8a9f769bc781a/gnocchi.c1f22f51-3ab2-4ed3-a2be-e913312125fc" "tx31550d635a6844e5968a8-0068e22cbc" "container-server 20" 0.0082 "-" 21 0
Oct 5 08:30:52 np0005471147 container-server[124194]: 172.20.0.103 - - [05/Oct/2025:08:30:52 +0000] "PUT /d1/371/AUTH_ffbb1c514d6a4f40a7f8a9f769bc781a/gnocchi.c1f22f51-3ab2-4ed3-a2be-e913312125fc" 201 - "PUT http://172.18.0.178:8080/v1/AUTH_ffbb1c514d6a4f40a7f8a9f769bc781a/gnocchi.c1f22f51-3ab2-4ed3-a2be-e913312125fc" "tx31550d635a6844e5968a8-0068e22cbc" "proxy-server 20" 0.0222 "-" 20 0
Oct 5 08:30:52 np0005471147 account-server[123779]: 172.20.0.103 - - [05/Oct/2025:08:30:52 +0000] "PUT /d1/852/AUTH_ffbb1c514d6a4f40a7f8a9f769bc781a/gnocchi.7b1cfb9f-e398-41bd-b164-31557797eb07" 201 - "PUT http://172.20.0.103:6001/d1/148/AUTH_ffbb1c514d6a4f40a7f8a9f769bc781a/gnocchi.7b1cfb9f-e398-41bd-b164-31557797eb07" "txf3cdbc9d96b64767885bd-0068e22cbc" "container-server 23" 0.0062 "-" 22 0
Oct 5 08:30:52 np0005471147 container-server[124226]: 172.20.0.105 - - [05/Oct/2025:08:30:52 +0000] "GET /d1/775/AUTH_ffbb1c514d6a4f40a7f8a9f769bc781a/gnocchi.dda64f45-a86b-4fc6-83cd-239cb3b859f1" 200 2 "GET http://172.18.0.178:8080/v1/AUTH_ffbb1c514d6a4f40a7f8a9f769bc781a/gnocchi.dda64f45-a86b-4fc6-83cd-239cb3b859f1?format=json&states=listing" "txce46dbd143a14ecbb8a47-0068e22cbc" "proxy-server 20" 0.0046 "-" 23 0
Oct 5 08:30:52 np0005471147 container-server[124226]: 172.20.0.104 - - [05/Oct/2025:08:30:52 +0000] "PUT /d1/148/AUTH_ffbb1c514d6a4f40a7f8a9f769bc781a/gnocchi.7b1cfb9f-e398-41bd-b164-31557797eb07" 201 - "PUT http://172.18.0.178:8080/v1/AUTH_ffbb1c514d6a4f40a7f8a9f769bc781a/gnocchi.7b1cfb9f-e398-41bd-b164-31557797eb07" "txf3cdbc9d96b64767885bd-0068e22cbc" "proxy-server 20" 0.0309 "-" 23 0
Oct 5 08:30:52 np0005471147 container-server[124208]: 172.20.0.103 - - [05/Oct/2025:08:30:52 +0000] "HEAD /d1/371/AUTH_ffbb1c514d6a4f40a7f8a9f769bc781a/gnocchi.c1f22f51-3ab2-4ed3-a2be-e913312125fc" 204 - "HEAD http://172.18.0.178:8080/v1/AUTH_ffbb1c514d6a4f40a7f8a9f769bc781a/gnocchi.c1f22f51-3ab2-4ed3-a2be-e913312125fc?format=json&states=listing" "tx9e27981e7428492888b9d-0068e22cbc" "proxy-server 20" 0.0024 "-" 22 0
Oct 5 08:30:52 np0005471147 proxy-server[126090]: 172.18.0.103 172.18.0.104 05/Oct/2025/08/30/52 PUT /v1/AUTH_ffbb1c514d6a4f40a7f8a9f769bc781a/gnocchi.7b1cfb9f-e398-41bd-b164-31557797eb07 HTTP/1.0 201 - python-swiftclient-3.11.1 gAAAAABo4iyYaC5C... - - - txf3cdbc9d96b64767885bd-0068e22cbc - 0.0473 - - 1759653052.743914127 1759653052.791256428 0
Oct 5 08:30:52 np0005471147 object-server[124620]: 172.20.0.105 - - [05/Oct/2025:08:30:52 +0000] "GET /d1/347/AUTH_ffbb1c514d6a4f40a7f8a9f769bc781a/gnocchi.dda64f45-a86b-4fc6-83cd-239cb3b859f1/1759320000.0_mean_300.0_v3" 404 70 "GET http://172.18.0.178:8080/v1/AUTH_ffbb1c514d6a4f40a7f8a9f769bc781a/gnocchi.dda64f45-a86b-4fc6-83cd-239cb3b859f1/1759320000.0_mean_300.0_v3" "tx695613c0acb24a39995bf-0068e22cbc" "proxy-server 20" 0.0006 "-" 22 0
Oct 5 08:30:52 np0005471147 proxy-server[126090]: - - 05/Oct/2025/08/30/52 HEAD /v1/AUTH_ffbb1c514d6a4f40a7f8a9f769bc781a/gnocchi.7b1cfb9f-e398-41bd-b164-31557797eb07%3Fformat%3Djson%26states%3Dlisting HTTP/1.0 204 - Swift - - - - tx181f6d012a6c4108ade33-0068e22cbc - 0.0084 RL - 1759653052.798977137 1759653052.807415247 0
Oct 5 08:30:52 np0005471147 container-server[124194]: 172.20.0.104 - - [05/Oct/2025:08:30:52 +0000] "GET /d1/148/AUTH_ffbb1c514d6a4f40a7f8a9f769bc781a/gnocchi.7b1cfb9f-e398-41bd-b164-31557797eb07" 200 2 "GET http://172.18.0.178:8080/v1/AUTH_ffbb1c514d6a4f40a7f8a9f769bc781a/gnocchi.7b1cfb9f-e398-41bd-b164-31557797eb07?format=json&states=listing" "tx181f6d012a6c4108ade33-0068e22cbc" "proxy-server 20" 0.0036 "-" 20 0
Oct 5 08:30:52 np0005471147 proxy-server[126090]: 172.18.0.103 172.18.0.104 05/Oct/2025/08/30/52 GET /v1/AUTH_ffbb1c514d6a4f40a7f8a9f769bc781a/gnocchi.7b1cfb9f-e398-41bd-b164-31557797eb07%3Fformat%3Djson%26states%3Dlisting HTTP/1.0 200 - python-swiftclient-3.11.1 gAAAAABo4iyYaC5C... - 2 - tx181f6d012a6c4108ade33-0068e22cbc - 0.0235 - - 1759653052.797125101 1759653052.820648670 0
Oct 5 08:30:52 np0005471147 object-server[124621]: 172.20.0.103 - - [05/Oct/2025:08:30:52 +0000] "GET /d1/127/AUTH_ffbb1c514d6a4f40a7f8a9f769bc781a/gnocchi.c1f22f51-3ab2-4ed3-a2be-e913312125fc/1759320000.0_mean_300.0_v3" 404 70 "GET http://172.18.0.178:8080/v1/AUTH_ffbb1c514d6a4f40a7f8a9f769bc781a/gnocchi.c1f22f51-3ab2-4ed3-a2be-e913312125fc/1759320000.0_mean_300.0_v3" "txed86954f695c412382ec1-0068e22cbc" "proxy-server 20" 0.0005 "-" 23 0
Oct 5 08:30:52 np0005471147 object-server[124621]: 172.20.0.104 - - [05/Oct/2025:08:30:52 +0000] "GET /d1/244/AUTH_ffbb1c514d6a4f40a7f8a9f769bc781a/gnocchi.7b1cfb9f-e398-41bd-b164-31557797eb07/1759320000.0_mean_300.0_v3" 404 70 "GET http://172.18.0.178:8080/v1/AUTH_ffbb1c514d6a4f40a7f8a9f769bc781a/gnocchi.7b1cfb9f-e398-41bd-b164-31557797eb07/1759320000.0_mean_300.0_v3" "tx9a2193789a9346828e878-0068e22cbc" "proxy-server 20" 0.0004 "-" 23 0
Oct 5 08:30:52 np0005471147 proxy-server[126090]: 172.18.0.103 172.18.0.104 05/Oct/2025/08/30/52 GET /v1/AUTH_ffbb1c514d6a4f40a7f8a9f769bc781a/gnocchi.7b1cfb9f-e398-41bd-b164-31557797eb07/1759320000.0_mean_300.0_v3 HTTP/1.0 404 - python-swiftclient-3.11.1 gAAAAABo4iyYaC5C... - 70 - tx9a2193789a9346828e878-0068e22cbc - 0.0198 - - 1759653052.826409817 1759653052.846235037 0
Oct 5 08:30:52 np0005471147 container-server[124199]: 172.20.0.103 - - [05/Oct/2025:08:30:52 +0000] "PUT /d1/775/AUTH_ffbb1c514d6a4f40a7f8a9f769bc781a/gnocchi.dda64f45-a86b-4fc6-83cd-239cb3b859f1/1759320000.0_mean_300.0_v3" 201 - "PUT http://172.18.0.178:8080/d1/347/AUTH_ffbb1c514d6a4f40a7f8a9f769bc781a/gnocchi.dda64f45-a86b-4fc6-83cd-239cb3b859f1/1759320000.0_mean_300.0_v3" "tx2fdeb8d955624312883ab-0068e22cbc" "object-server 25" 0.0010 "-" 21 0
Oct 5 08:30:52 np0005471147 object-server[124624]: 172.20.0.105 - - [05/Oct/2025:08:30:52 +0000] "PUT /d1/347/AUTH_ffbb1c514d6a4f40a7f8a9f769bc781a/gnocchi.dda64f45-a86b-4fc6-83cd-239cb3b859f1/1759320000.0_mean_300.0_v3" 201 - "PUT http://172.18.0.178:8080/v1/AUTH_ffbb1c514d6a4f40a7f8a9f769bc781a/gnocchi.dda64f45-a86b-4fc6-83cd-239cb3b859f1/1759320000.0_mean_300.0_v3" "tx2fdeb8d955624312883ab-0068e22cbc" "proxy-server 20" 0.0183 "-" 25 0
Oct 5 08:30:52 np0005471147 container-server[124226]: 172.20.0.104 - - [05/Oct/2025:08:30:52 +0000] "PUT /d1/371/AUTH_ffbb1c514d6a4f40a7f8a9f769bc781a/gnocchi.c1f22f51-3ab2-4ed3-a2be-e913312125fc/1759320000.0_mean_300.0_v3" 201 - "PUT http://172.18.0.178:8080/d1/127/AUTH_ffbb1c514d6a4f40a7f8a9f769bc781a/gnocchi.c1f22f51-3ab2-4ed3-a2be-e913312125fc/1759320000.0_mean_300.0_v3" "tx530776ac94ca47a384300-0068e22cbc" "object-server 24" 0.0009 "-" 23 0
Oct 5 08:30:52 np0005471147 object-server[124623]: 172.20.0.103 - - [05/Oct/2025:08:30:52 +0000] "PUT /d1/127/AUTH_ffbb1c514d6a4f40a7f8a9f769bc781a/gnocchi.c1f22f51-3ab2-4ed3-a2be-e913312125fc/1759320000.0_mean_300.0_v3" 201 - "PUT http://172.18.0.178:8080/v1/AUTH_ffbb1c514d6a4f40a7f8a9f769bc781a/gnocchi.c1f22f51-3ab2-4ed3-a2be-e913312125fc/1759320000.0_mean_300.0_v3" "tx530776ac94ca47a384300-0068e22cbc" "proxy-server 20" 0.0139 "-" 24 0
Oct 5 08:30:52 np0005471147 container-server[124194]: 172.20.0.103 - - [05/Oct/2025:08:30:52 +0000] "PUT /d1/775/AUTH_ffbb1c514d6a4f40a7f8a9f769bc781a/gnocchi.dda64f45-a86b-4fc6-83cd-239cb3b859f1/none_v3" 201 - "PUT http://172.18.0.178:8080/d1/315/AUTH_ffbb1c514d6a4f40a7f8a9f769bc781a/gnocchi.dda64f45-a86b-4fc6-83cd-239cb3b859f1/none_v3" "txd6f26d0c14244c7db018f-0068e22cbc" "object-server 25" 0.0010 "-" 20 0
Oct 5 08:30:52 np0005471147 object-server[124620]: 172.20.0.105 - - [05/Oct/2025:08:30:52 +0000] "PUT /d1/315/AUTH_ffbb1c514d6a4f40a7f8a9f769bc781a/gnocchi.dda64f45-a86b-4fc6-83cd-239cb3b859f1/none_v3" 201 - "PUT http://172.18.0.178:8080/v1/AUTH_ffbb1c514d6a4f40a7f8a9f769bc781a/gnocchi.dda64f45-a86b-4fc6-83cd-239cb3b859f1/none_v3" "txd6f26d0c14244c7db018f-0068e22cbc" "proxy-server 20" 0.0219 "-" 22 0
Oct 5 08:30:52 np0005471147 container-server[124199]: 172.20.0.103 - - [05/Oct/2025:08:30:52 +0000] "PUT /d1/148/AUTH_ffbb1c514d6a4f40a7f8a9f769bc781a/gnocchi.7b1cfb9f-e398-41bd-b164-31557797eb07/1759320000.0_mean_300.0_v3" 201 - "PUT http://172.18.0.178:8080/d1/244/AUTH_ffbb1c514d6a4f40a7f8a9f769bc781a/gnocchi.7b1cfb9f-e398-41bd-b164-31557797eb07/1759320000.0_mean_300.0_v3" "txd6a43938e74f44b59188e-0068e22cbc" "object-server 24" 0.0009 "-" 21 0
Oct 5 08:30:52 np0005471147 object-server[124620]: 172.20.0.104 - - [05/Oct/2025:08:30:52 +0000] "PUT /d1/244/AUTH_ffbb1c514d6a4f40a7f8a9f769bc781a/gnocchi.7b1cfb9f-e398-41bd-b164-31557797eb07/1759320000.0_mean_300.0_v3" 201 - "PUT http://172.18.0.178:8080/v1/AUTH_ffbb1c514d6a4f40a7f8a9f769bc781a/gnocchi.7b1cfb9f-e398-41bd-b164-31557797eb07/1759320000.0_mean_300.0_v3" "txd6a43938e74f44b59188e-0068e22cbc" "proxy-server 20" 0.0218 "-" 22 0
Oct 5 08:30:52 np0005471147 proxy-server[126090]: 172.18.0.103 172.18.0.104 05/Oct/2025/08/30/52 PUT /v1/AUTH_ffbb1c514d6a4f40a7f8a9f769bc781a/gnocchi.7b1cfb9f-e398-41bd-b164-31557797eb07/1759320000.0_mean_300.0_v3 HTTP/1.0 201 - python-swiftclient-3.11.1 gAAAAABo4iyYaC5C... 16 - - txd6a43938e74f44b59188e-0068e22cbc - 0.0361 - - 1759653052.852692842 1759653052.888836145 0
Oct 5 08:30:52 np0005471147 container-server[124208]: 172.20.0.103 - - [05/Oct/2025:08:30:52 +0000] "PUT /d1/371/AUTH_ffbb1c514d6a4f40a7f8a9f769bc781a/gnocchi.c1f22f51-3ab2-4ed3-a2be-e913312125fc/none_v3" 201 - "PUT http://172.18.0.178:8080/d1/790/AUTH_ffbb1c514d6a4f40a7f8a9f769bc781a/gnocchi.c1f22f51-3ab2-4ed3-a2be-e913312125fc/none_v3" "txb948e11393104bce8cc96-0068e22cbc" "object-server 23" 0.0009 "-" 22 0
Oct 5 08:30:52 np0005471147 object-server[124624]: 172.20.0.103 - - [05/Oct/2025:08:30:52 +0000] "PUT /d1/790/AUTH_ffbb1c514d6a4f40a7f8a9f769bc781a/gnocchi.c1f22f51-3ab2-4ed3-a2be-e913312125fc/none_v3" 201 - "PUT http://172.18.0.178:8080/v1/AUTH_ffbb1c514d6a4f40a7f8a9f769bc781a/gnocchi.c1f22f51-3ab2-4ed3-a2be-e913312125fc/none_v3" "txb948e11393104bce8cc96-0068e22cbc" "proxy-server 20" 0.0151 "-" 25 0
Oct 5 08:30:52 np0005471147 container-server[124194]: 172.20.0.105 - - [05/Oct/2025:08:30:52 +0000] "PUT /d1/148/AUTH_ffbb1c514d6a4f40a7f8a9f769bc781a/gnocchi.7b1cfb9f-e398-41bd-b164-31557797eb07/none_v3" 201 - "PUT http://172.18.0.178:8080/d1/760/AUTH_ffbb1c514d6a4f40a7f8a9f769bc781a/gnocchi.7b1cfb9f-e398-41bd-b164-31557797eb07/none_v3" "txeb3609906e594f688b335-0068e22cbc" "object-server 22" 0.0010 "-" 20 0
Oct 5 08:30:52 np0005471147 object-server[124624]: 172.20.0.105 - - [05/Oct/2025:08:30:52 +0000] "PUT /d1/760/AUTH_ffbb1c514d6a4f40a7f8a9f769bc781a/gnocchi.7b1cfb9f-e398-41bd-b164-31557797eb07/none_v3" 201 - "PUT http://172.18.0.178:8080/v1/AUTH_ffbb1c514d6a4f40a7f8a9f769bc781a/gnocchi.7b1cfb9f-e398-41bd-b164-31557797eb07/none_v3" "txeb3609906e594f688b335-0068e22cbc" "proxy-server 20" 0.0177 "-" 25 0
Oct 5 08:30:52 np0005471147 container-server[124199]: 172.20.0.104 - - [05/Oct/2025:08:30:52 +0000] "HEAD /d1/668/AUTH_ffbb1c514d6a4f40a7f8a9f769bc781a/gnocchi.80bb1bb0-b35e-4ba8-a2bb-fd16b5b44bba" 404 - "HEAD http://172.18.0.178:8080/v1/AUTH_ffbb1c514d6a4f40a7f8a9f769bc781a/gnocchi.80bb1bb0-b35e-4ba8-a2bb-fd16b5b44bba?format=json&states=listing" "tx7c56c692d86c47928a5c9-0068e22cbc" "proxy-server 20" 0.0007 "-" 21 0
Oct 5 08:30:52 np0005471147 object-server[124624]: 172.20.0.104 - - [05/Oct/2025:08:30:52 +0000] "GET /d1/575/AUTH_ffbb1c514d6a4f40a7f8a9f769bc781a/gnocchi.80bb1bb0-b35e-4ba8-a2bb-fd16b5b44bba/none_v3" 404 70 "GET http://172.18.0.178:8080/v1/AUTH_ffbb1c514d6a4f40a7f8a9f769bc781a/gnocchi.80bb1bb0-b35e-4ba8-a2bb-fd16b5b44bba/none_v3" "tx7c56c692d86c47928a5c9-0068e22cbc" "proxy-server 20" 0.0004 "-" 25 0
Oct 5 08:30:52 np0005471147 proxy-server[126090]: 172.18.0.178 172.18.0.104 05/Oct/2025/08/30/52 GET /v1/AUTH_ffbb1c514d6a4f40a7f8a9f769bc781a/gnocchi.80bb1bb0-b35e-4ba8-a2bb-fd16b5b44bba/none_v3 HTTP/1.0 404 - python-swiftclient-3.11.1 gAAAAABo4ixPODjF... - 70 - tx7c56c692d86c47928a5c9-0068e22cbc - 0.0318 - - 1759653052.903780937 1759653052.935588360 0
Oct 5 08:30:52 np0005471147 container-server[124199]: 172.20.0.103 - - [05/Oct/2025:08:30:52 +0000] "HEAD /d1/53/AUTH_ffbb1c514d6a4f40a7f8a9f769bc781a/gnocchi.34d0c3fe-275b-44da-a4d2-7d85fffb2a30" 404 - "HEAD http://172.18.0.178:8080/v1/AUTH_ffbb1c514d6a4f40a7f8a9f769bc781a/gnocchi.34d0c3fe-275b-44da-a4d2-7d85fffb2a30?format=json&states=listing" "tx55d9374a2d684fd3aa6fb-0068e22cbc" "proxy-server 20" 0.0004 "-" 21 0
Oct 5 08:30:52 np0005471147 container-server[124194]: 172.20.0.105 - - [05/Oct/2025:08:30:52 +0000] "HEAD /d1/951/AUTH_ffbb1c514d6a4f40a7f8a9f769bc781a/gnocchi.812d8853-9830-4007-a8c4-a077946f8fcd" 404 - "HEAD http://172.18.0.178:8080/v1/AUTH_ffbb1c514d6a4f40a7f8a9f769bc781a/gnocchi.812d8853-9830-4007-a8c4-a077946f8fcd?format=json&states=listing" "txaa6c2db1bb9f4150928f7-0068e22cbc" "proxy-server 20" 0.0005 "-" 20 0
Oct 5 08:30:52 np0005471147 object-server[124620]: 172.20.0.103 - - [05/Oct/2025:08:30:52 +0000] "GET /d1/762/AUTH_ffbb1c514d6a4f40a7f8a9f769bc781a/gnocchi.34d0c3fe-275b-44da-a4d2-7d85fffb2a30/none_v3" 404 70 "GET http://172.18.0.178:8080/v1/AUTH_ffbb1c514d6a4f40a7f8a9f769bc781a/gnocchi.34d0c3fe-275b-44da-a4d2-7d85fffb2a30/none_v3" "tx55d9374a2d684fd3aa6fb-0068e22cbc" "proxy-server 20" 0.0004 "-" 22 0
Oct 5 08:30:52 np0005471147 account-server[123769]: 172.20.0.103 - - [05/Oct/2025:08:30:52 +0000] "PUT /d1/852/AUTH_ffbb1c514d6a4f40a7f8a9f769bc781a/gnocchi.80bb1bb0-b35e-4ba8-a2bb-fd16b5b44bba" 201 - "PUT http://172.20.0.103:6001/d1/668/AUTH_ffbb1c514d6a4f40a7f8a9f769bc781a/gnocchi.80bb1bb0-b35e-4ba8-a2bb-fd16b5b44bba" "tx271b9bbb08a140c69496f-0068e22cbc" "container-server 21" 0.0070 "-" 20 0
Oct 5 08:30:52 np0005471147 container-server[124208]: 172.20.0.104 - - [05/Oct/2025:08:30:52 +0000] "PUT /d1/668/AUTH_ffbb1c514d6a4f40a7f8a9f769bc781a/gnocchi.80bb1bb0-b35e-4ba8-a2bb-fd16b5b44bba" 201 - "PUT http://172.18.0.178:8080/v1/AUTH_ffbb1c514d6a4f40a7f8a9f769bc781a/gnocchi.80bb1bb0-b35e-4ba8-a2bb-fd16b5b44bba" "tx271b9bbb08a140c69496f-0068e22cbc" "proxy-server 20" 0.0208 "-" 22 0
Oct 5 08:30:52 np0005471147 proxy-server[126090]: 172.18.0.178 172.18.0.104 05/Oct/2025/08/30/52 PUT /v1/AUTH_ffbb1c514d6a4f40a7f8a9f769bc781a/gnocchi.80bb1bb0-b35e-4ba8-a2bb-fd16b5b44bba HTTP/1.0 201 - python-swiftclient-3.11.1 gAAAAABo4ixPODjF... - - - tx271b9bbb08a140c69496f-0068e22cbc - 0.0308 - - 1759653052.938423395 1759653052.969264984 0
Oct 5 08:30:52 np0005471147 object-server[124623]: 172.20.0.105 - - [05/Oct/2025:08:30:52 +0000] "GET /d1/814/AUTH_ffbb1c514d6a4f40a7f8a9f769bc781a/gnocchi.812d8853-9830-4007-a8c4-a077946f8fcd/none_v3" 404 70 "GET http://172.18.0.178:8080/v1/AUTH_ffbb1c514d6a4f40a7f8a9f769bc781a/gnocchi.812d8853-9830-4007-a8c4-a077946f8fcd/none_v3" "txaa6c2db1bb9f4150928f7-0068e22cbc" "proxy-server 20" 0.0005 "-" 24 0
Oct 5 08:30:52 np0005471147 account-server[123791]: 172.20.0.105 - - [05/Oct/2025:08:30:52 +0000] "PUT /d1/852/AUTH_ffbb1c514d6a4f40a7f8a9f769bc781a/gnocchi.34d0c3fe-275b-44da-a4d2-7d85fffb2a30" 201 - "PUT http://172.20.0.105:6001/d1/53/AUTH_ffbb1c514d6a4f40a7f8a9f769bc781a/gnocchi.34d0c3fe-275b-44da-a4d2-7d85fffb2a30" "tx9df2c536358648a694647-0068e22cbc" "container-server 17" 0.0045 "-" 23 0
Oct 5 08:30:52 np0005471147 proxy-server[126090]: - - 05/Oct/2025/08/30/52 HEAD /v1/AUTH_ffbb1c514d6a4f40a7f8a9f769bc781a/gnocchi.80bb1bb0-b35e-4ba8-a2bb-fd16b5b44bba%3Fformat%3Djson%26states%3Dlisting HTTP/1.0 204 - Swift - - - - txa08748d8cce34a59870b2-0068e22cbc - 0.0068 RL - 1759653052.976267338 1759653052.983072519 0
Oct 5 08:30:52 np0005471147 container-server[124226]: 172.20.0.103 - - [05/Oct/2025:08:30:52 +0000] "PUT /d1/53/AUTH_ffbb1c514d6a4f40a7f8a9f769bc781a/gnocchi.34d0c3fe-275b-44da-a4d2-7d85fffb2a30" 201 - "PUT http://172.18.0.178:8080/v1/AUTH_ffbb1c514d6a4f40a7f8a9f769bc781a/gnocchi.34d0c3fe-275b-44da-a4d2-7d85fffb2a30" "tx9df2c536358648a694647-0068e22cbc" "proxy-server 20" 0.0186 "-" 23 0
Oct 5 08:30:52 np0005471147 proxy-server[126090]: 172.18.0.178 172.18.0.104 05/Oct/2025/08/30/52 GET /v1/AUTH_ffbb1c514d6a4f40a7f8a9f769bc781a/gnocchi.80bb1bb0-b35e-4ba8-a2bb-fd16b5b44bba%3Fformat%3Djson%26states%3Dlisting HTTP/1.0 200 - python-swiftclient-3.11.1 gAAAAABo4ixPODjF... - 2 - txa08748d8cce34a59870b2-0068e22cbc - 0.0200 - - 1759653052.974320412 1759653052.994286537 0
Oct 5 08:30:53 np0005471147 container-server[124194]: 172.20.0.103 - - [05/Oct/2025:08:30:53 +0000] "HEAD /d1/53/AUTH_ffbb1c514d6a4f40a7f8a9f769bc781a/gnocchi.34d0c3fe-275b-44da-a4d2-7d85fffb2a30" 204 - "HEAD http://172.18.0.178:8080/v1/AUTH_ffbb1c514d6a4f40a7f8a9f769bc781a/gnocchi.34d0c3fe-275b-44da-a4d2-7d85fffb2a30?format=json&states=listing" "txab6990eb97384dcb8dd2a-0068e22cbc" "proxy-server 20" 0.0022 "-" 20 0
Oct 5 08:30:53 np0005471147 account-server[123769]: 172.20.0.103 - - [05/Oct/2025:08:30:53 +0000] "PUT /d1/852/AUTH_ffbb1c514d6a4f40a7f8a9f769bc781a/gnocchi.812d8853-9830-4007-a8c4-a077946f8fcd" 201 - "PUT http://172.20.0.103:6001/d1/951/AUTH_ffbb1c514d6a4f40a7f8a9f769bc781a/gnocchi.812d8853-9830-4007-a8c4-a077946f8fcd" "txf9d4211762b34d3eb4cf7-0068e22cbc" "container-server 20" 0.0061 "-" 20 0
Oct 5 08:30:53 np0005471147 object-server[124624]: 172.20.0.104 - - [05/Oct/2025:08:30:53 +0000] "GET /d1/55/AUTH_ffbb1c514d6a4f40a7f8a9f769bc781a/gnocchi.80bb1bb0-b35e-4ba8-a2bb-fd16b5b44bba/1759320000.0_mean_300.0_v3" 404 70 "GET http://172.18.0.178:8080/v1/AUTH_ffbb1c514d6a4f40a7f8a9f769bc781a/gnocchi.80bb1bb0-b35e-4ba8-a2bb-fd16b5b44bba/1759320000.0_mean_300.0_v3" "txda2ec6bdf6fc456fa75d5-0068e22cbc" "proxy-server 20" 0.0005 "-" 25 0
Oct 5 08:30:53 np0005471147 container-server[124194]: 172.20.0.105 - - [05/Oct/2025:08:30:53 +0000] "PUT /d1/951/AUTH_ffbb1c514d6a4f40a7f8a9f769bc781a/gnocchi.812d8853-9830-4007-a8c4-a077946f8fcd" 201 - "PUT http://172.18.0.178:8080/v1/AUTH_ffbb1c514d6a4f40a7f8a9f769bc781a/gnocchi.812d8853-9830-4007-a8c4-a077946f8fcd" "txf9d4211762b34d3eb4cf7-0068e22cbc" "proxy-server 20" 0.0218 "-" 20 0
Oct 5 08:30:53 np0005471147 proxy-server[126090]: 172.18.0.178 172.18.0.104 05/Oct/2025/08/30/53 GET /v1/AUTH_ffbb1c514d6a4f40a7f8a9f769bc781a/gnocchi.80bb1bb0-b35e-4ba8-a2bb-fd16b5b44bba/1759320000.0_mean_300.0_v3 HTTP/1.0 404 - python-swiftclient-3.11.1 gAAAAABo4ixPODjF... - 70 - txda2ec6bdf6fc456fa75d5-0068e22cbc - 0.0171 - - 1759653052.999864817 1759653053.016917706 0
Oct 5 08:30:53 np0005471147 container-server[124194]: 172.20.0.105 - - [05/Oct/2025:08:30:53 +0000] "HEAD /d1/951/AUTH_ffbb1c514d6a4f40a7f8a9f769bc781a/gnocchi.812d8853-9830-4007-a8c4-a077946f8fcd" 204 - "HEAD http://172.18.0.178:8080/v1/AUTH_ffbb1c514d6a4f40a7f8a9f769bc781a/gnocchi.812d8853-9830-4007-a8c4-a077946f8fcd?format=json&states=listing" "txa0242c80116047609a5ad-0068e22cbd" "proxy-server 20" 0.0020 "-" 20 0
Oct 5 08:30:53 np0005471147 object-server[124620]: 172.20.0.104 - - [05/Oct/2025:08:30:53 +0000] "GET /d1/194/AUTH_ffbb1c514d6a4f40a7f8a9f769bc781a/gnocchi.34d0c3fe-275b-44da-a4d2-7d85fffb2a30/1759320000.0_mean_300.0_v3" 404 70 "GET http://172.18.0.178:8080/v1/AUTH_ffbb1c514d6a4f40a7f8a9f769bc781a/gnocchi.34d0c3fe-275b-44da-a4d2-7d85fffb2a30/1759320000.0_mean_300.0_v3" "tx8807fc89b8564225a784b-0068e22cbd" "proxy-server 20" 0.0007 "-" 22 0
Oct 5 08:30:53 np0005471147 container-server[124194]: 172.20.0.105 - - [05/Oct/2025:08:30:53 +0000] "GET /d1/951/AUTH_ffbb1c514d6a4f40a7f8a9f769bc781a/gnocchi.812d8853-9830-4007-a8c4-a077946f8fcd" 200 2 "GET http://172.18.0.178:8080/v1/AUTH_ffbb1c514d6a4f40a7f8a9f769bc781a/gnocchi.812d8853-9830-4007-a8c4-a077946f8fcd?format=json&states=listing" "txa0242c80116047609a5ad-0068e22cbd" "proxy-server 20" 0.0032 "-" 20 0
Oct 5 08:30:53 np0005471147 proxy-server[126090]: 172.18.0.105 172.18.0.104 05/Oct/2025/08/30/53 GET /v1/AUTH_ffbb1c514d6a4f40a7f8a9f769bc781a/gnocchi.34d0c3fe-275b-44da-a4d2-7d85fffb2a30/1759320000.0_mean_300.0_v3 HTTP/1.0 404 - python-swiftclient-3.11.1 gAAAAABo4ixtepNT... - 70 - tx8807fc89b8564225a784b-0068e22cbd - 0.0188 - - 1759653053.021531582 1759653053.040362835 0
Oct 5 08:30:53 np0005471147 container-server[124199]: 172.20.0.105 - - [05/Oct/2025:08:30:53 +0000] "PUT /d1/668/AUTH_ffbb1c514d6a4f40a7f8a9f769bc781a/gnocchi.80bb1bb0-b35e-4ba8-a2bb-fd16b5b44bba/1759320000.0_mean_300.0_v3" 201 - "PUT http://172.18.0.178:8080/d1/55/AUTH_ffbb1c514d6a4f40a7f8a9f769bc781a/gnocchi.80bb1bb0-b35e-4ba8-a2bb-fd16b5b44bba/1759320000.0_mean_300.0_v3" "txe5da291242884c33beefa-0068e22cbd" "object-server 22" 0.0008 "-" 21 0
Oct 5 08:30:53 np0005471147 object-server[124623]: 172.20.0.103 - - [05/Oct/2025:08:30:53 +0000] "PUT /d1/55/AUTH_ffbb1c514d6a4f40a7f8a9f769bc781a/gnocchi.80bb1bb0-b35e-4ba8-a2bb-fd16b5b44bba/1759320000.0_mean_300.0_v3" 201 - "PUT http://172.18.0.178:8080/v1/AUTH_ffbb1c514d6a4f40a7f8a9f769bc781a/gnocchi.80bb1bb0-b35e-4ba8-a2bb-fd16b5b44bba/1759320000.0_mean_300.0_v3" "txe5da291242884c33beefa-0068e22cbd" "proxy-server 20" 0.0124 "-" 24 0
Oct 5 08:30:53 np0005471147 object-server[124623]: 172.20.0.105 - - [05/Oct/2025:08:30:53 +0000] "GET /d1/350/AUTH_ffbb1c514d6a4f40a7f8a9f769bc781a/gnocchi.812d8853-9830-4007-a8c4-a077946f8fcd/1759320000.0_mean_300.0_v3" 404 70 "GET http://172.18.0.178:8080/v1/AUTH_ffbb1c514d6a4f40a7f8a9f769bc781a/gnocchi.812d8853-9830-4007-a8c4-a077946f8fcd/1759320000.0_mean_300.0_v3" "txbba59841a0464fb884bdb-0068e22cbd" "proxy-server 20" 0.0004 "-" 24 0
Oct 5 08:30:53 np0005471147 container-server[124226]: 172.20.0.103 - - [05/Oct/2025:08:30:53 +0000] "PUT /d1/53/AUTH_ffbb1c514d6a4f40a7f8a9f769bc781a/gnocchi.34d0c3fe-275b-44da-a4d2-7d85fffb2a30/1759320000.0_mean_300.0_v3" 201 - "PUT http://172.18.0.178:8080/d1/194/AUTH_ffbb1c514d6a4f40a7f8a9f769bc781a/gnocchi.34d0c3fe-275b-44da-a4d2-7d85fffb2a30/1759320000.0_mean_300.0_v3" "txa40ae65ecc17410a94411-0068e22cbd" "object-server 23" 0.0008 "-" 23 0
Oct 5 08:30:53 np0005471147 object-server[124624]: 172.20.0.104 - - [05/Oct/2025:08:30:53 +0000] "PUT /d1/194/AUTH_ffbb1c514d6a4f40a7f8a9f769bc781a/gnocchi.34d0c3fe-275b-44da-a4d2-7d85fffb2a30/1759320000.0_mean_300.0_v3" 201 - "PUT http://172.18.0.178:8080/v1/AUTH_ffbb1c514d6a4f40a7f8a9f769bc781a/gnocchi.34d0c3fe-275b-44da-a4d2-7d85fffb2a30/1759320000.0_mean_300.0_v3" "txa40ae65ecc17410a94411-0068e22cbd" "proxy-server 20" 0.0173 "-" 25 0
Oct 5 08:30:53 np0005471147 container-server[124199]: 172.20.0.103 - - [05/Oct/2025:08:30:53 +0000] "PUT /d1/668/AUTH_ffbb1c514d6a4f40a7f8a9f769bc781a/gnocchi.80bb1bb0-b35e-4ba8-a2bb-fd16b5b44bba/none_v3" 201 - "PUT http://172.18.0.178:8080/d1/575/AUTH_ffbb1c514d6a4f40a7f8a9f769bc781a/gnocchi.80bb1bb0-b35e-4ba8-a2bb-fd16b5b44bba/none_v3" "txf6748b1314954c0fa20de-0068e22cbd" "object-server 25" 0.0006 "-" 21 0
Oct 5 08:30:53 np0005471147 proxy-server[126090]: 172.18.0.105 172.18.0.104 05/Oct/2025/08/30/53 PUT /v1/AUTH_ffbb1c514d6a4f40a7f8a9f769bc781a/gnocchi.34d0c3fe-275b-44da-a4d2-7d85fffb2a30/1759320000.0_mean_300.0_v3 HTTP/1.0 201 - python-swiftclient-3.11.1 gAAAAABo4ixtepNT... 16 - - txa40ae65ecc17410a94411-0068e22cbd - 0.0284 - - 1759653053.043806553 1759653053.072169065 0
Oct 5 08:30:53 np0005471147 object-server[124624]: 172.20.0.103 - - [05/Oct/2025:08:30:53 +0000] "PUT /d1/575/AUTH_ffbb1c514d6a4f40a7f8a9f769bc781a/gnocchi.80bb1bb0-b35e-4ba8-a2bb-fd16b5b44bba/none_v3" 201 - "PUT http://172.18.0.178:8080/v1/AUTH_ffbb1c514d6a4f40a7f8a9f769bc781a/gnocchi.80bb1bb0-b35e-4ba8-a2bb-fd16b5b44bba/none_v3" "txf6748b1314954c0fa20de-0068e22cbd" "proxy-server 20" 0.0178 "-" 25 0
Oct 5 08:30:53 np0005471147 container-server[124194]: 172.20.0.104 - - [05/Oct/2025:08:30:53 +0000] "PUT /d1/951/AUTH_ffbb1c514d6a4f40a7f8a9f769bc781a/gnocchi.812d8853-9830-4007-a8c4-a077946f8fcd/1759320000.0_mean_300.0_v3" 201 - "PUT http://172.18.0.178:8080/d1/350/AUTH_ffbb1c514d6a4f40a7f8a9f769bc781a/gnocchi.812d8853-9830-4007-a8c4-a077946f8fcd/1759320000.0_mean_300.0_v3" "tx3d0a6544ecd14695b4563-0068e22cbd" "object-server 23" 0.0013 "-" 20 0
Oct 5 08:30:53 np0005471147 object-server[124621]: 172.20.0.105 - - [05/Oct/2025:08:30:53 +0000] "PUT /d1/350/AUTH_ffbb1c514d6a4f40a7f8a9f769bc781a/gnocchi.812d8853-9830-4007-a8c4-a077946f8fcd/1759320000.0_mean_300.0_v3" 201 - "PUT http://172.18.0.178:8080/v1/AUTH_ffbb1c514d6a4f40a7f8a9f769bc781a/gnocchi.812d8853-9830-4007-a8c4-a077946f8fcd/1759320000.0_mean_300.0_v3" "tx3d0a6544ecd14695b4563-0068e22cbd" "proxy-server 20" 0.0132 "-" 23 0
Oct 5 08:30:53 np0005471147 container-server[124226]: 172.20.0.105 - - [05/Oct/2025:08:30:53 +0000] "PUT /d1/53/AUTH_ffbb1c514d6a4f40a7f8a9f769bc781a/gnocchi.34d0c3fe-275b-44da-a4d2-7d85fffb2a30/none_v3" 201 - "PUT http://172.18.0.178:8080/d1/762/AUTH_ffbb1c514d6a4f40a7f8a9f769bc781a/gnocchi.34d0c3fe-275b-44da-a4d2-7d85fffb2a30/none_v3" "txc99f0c4e35b540e0b5530-0068e22cbd" "object-server 24" 0.0007 "-" 23 0
Oct 5 08:30:53 np0005471147 object-server[124621]: 172.20.0.104 - - [05/Oct/2025:08:30:53 +0000] "PUT /d1/762/AUTH_ffbb1c514d6a4f40a7f8a9f769bc781a/gnocchi.34d0c3fe-275b-44da-a4d2-7d85fffb2a30/none_v3" 201 - "PUT http://172.18.0.178:8080/v1/AUTH_ffbb1c514d6a4f40a7f8a9f769bc781a/gnocchi.34d0c3fe-275b-44da-a4d2-7d85fffb2a30/none_v3" "txc99f0c4e35b540e0b5530-0068e22cbd" "proxy-server 20" 0.0168 "-" 23 0
Oct 5 08:30:53 np0005471147 proxy-server[126090]: 172.18.0.105 172.18.0.104 05/Oct/2025/08/30/53 PUT /v1/AUTH_ffbb1c514d6a4f40a7f8a9f769bc781a/gnocchi.34d0c3fe-275b-44da-a4d2-7d85fffb2a30/none_v3 HTTP/1.0 201 - python-swiftclient-3.11.1 gAAAAABo4ixtepNT... 22 - - txc99f0c4e35b540e0b5530-0068e22cbd - 0.0302 - - 1759653053.077203989 1759653053.107364893 0
Oct 5 08:30:53 np0005471147 container-server[124226]: 172.20.0.105 - - [05/Oct/2025:08:30:53 +0000] "HEAD /d1/855/AUTH_ffbb1c514d6a4f40a7f8a9f769bc781a/gnocchi.6aa7b351-85b7-4149-aa8e-ba7242fca0e1" 404 - "HEAD http://172.18.0.178:8080/v1/AUTH_ffbb1c514d6a4f40a7f8a9f769bc781a/gnocchi.6aa7b351-85b7-4149-aa8e-ba7242fca0e1?format=json&states=listing" "txc6e90d55febe4025b6bf2-0068e22cbd" "proxy-server 20" 0.0005 "-" 23 0
Oct 5 08:30:53 np0005471147 container-server[124194]: 172.20.0.105 - - [05/Oct/2025:08:30:53 +0000] "PUT /d1/951/AUTH_ffbb1c514d6a4f40a7f8a9f769bc781a/gnocchi.812d8853-9830-4007-a8c4-a077946f8fcd/none_v3" 201 - "PUT http://172.18.0.178:8080/d1/814/AUTH_ffbb1c514d6a4f40a7f8a9f769bc781a/gnocchi.812d8853-9830-4007-a8c4-a077946f8fcd/none_v3" "tx97e09bdc971746f28a028-0068e22cbd" "object-server 22" 0.0006 "-" 20 0
Oct 5 08:30:53 np0005471147 object-server[124624]: 172.20.0.103 - - [05/Oct/2025:08:30:53 +0000] "PUT /d1/814/AUTH_ffbb1c514d6a4f40a7f8a9f769bc781a/gnocchi.812d8853-9830-4007-a8c4-a077946f8fcd/none_v3" 201 - "PUT http://172.18.0.178:8080/v1/AUTH_ffbb1c514d6a4f40a7f8a9f769bc781a/gnocchi.812d8853-9830-4007-a8c4-a077946f8fcd/none_v3" "tx97e09bdc971746f28a028-0068e22cbd" "proxy-server 20" 0.0121 "-" 25 0
Oct 5 08:30:53 np0005471147 object-server[124623]: 172.20.0.105 - - [05/Oct/2025:08:30:53 +0000] "GET /d1/419/AUTH_ffbb1c514d6a4f40a7f8a9f769bc781a/gnocchi.6aa7b351-85b7-4149-aa8e-ba7242fca0e1/none_v3" 404 70 "GET http://172.18.0.178:8080/v1/AUTH_ffbb1c514d6a4f40a7f8a9f769bc781a/gnocchi.6aa7b351-85b7-4149-aa8e-ba7242fca0e1/none_v3" "txc6e90d55febe4025b6bf2-0068e22cbd" "proxy-server 20" 0.0006 "-" 24 0
Oct 5 08:30:53 np0005471147 container-server[124226]: 172.20.0.105 - - [05/Oct/2025:08:30:53 +0000] "HEAD /d1/567/AUTH_ffbb1c514d6a4f40a7f8a9f769bc781a/gnocchi.974be382-e87f-4bea-a8ca-7e62c2bdd3fd" 404 - "HEAD http://172.18.0.178:8080/v1/AUTH_ffbb1c514d6a4f40a7f8a9f769bc781a/gnocchi.974be382-e87f-4bea-a8ca-7e62c2bdd3fd?format=json&states=listing" "txe5222636e708458cb0101-0068e22cbd" "proxy-server 20" 0.0005 "-" 23 0
Oct 5 08:30:53 np0005471147 container-server[124194]: 172.20.0.104 - - [05/Oct/2025:08:30:53 +0000] "HEAD /d1/852/AUTH_ffbb1c514d6a4f40a7f8a9f769bc781a/gnocchi.b91482ff-72d8-413b-96ef-5b7c844cebdb" 404 - "HEAD http://172.18.0.178:8080/v1/AUTH_ffbb1c514d6a4f40a7f8a9f769bc781a/gnocchi.b91482ff-72d8-413b-96ef-5b7c844cebdb?format=json&states=listing" "txf0aaa32480d14928b3547-0068e22cbd" "proxy-server 20" 0.0005 "-" 20 0
Oct 5 08:30:53 np0005471147 object-server[124624]: 172.20.0.104 - - [05/Oct/2025:08:30:53 +0000] "GET /d1/794/AUTH_ffbb1c514d6a4f40a7f8a9f769bc781a/gnocchi.b91482ff-72d8-413b-96ef-5b7c844cebdb/none_v3" 404 70 "GET http://172.18.0.178:8080/v1/AUTH_ffbb1c514d6a4f40a7f8a9f769bc781a/gnocchi.b91482ff-72d8-413b-96ef-5b7c844cebdb/none_v3" "txf0aaa32480d14928b3547-0068e22cbd" "proxy-server 20" 0.0006 "-" 25 0
