Oct 5 08:30:53 np0005471147 object-server[124624]: 172.20.0.105 - - [05/Oct/2025:08:30:53 +0000] "GET /d1/812/AUTH_ffbb1c514d6a4f40a7f8a9f769bc781a/gnocchi.974be382-e87f-4bea-a8ca-7e62c2bdd3fd/none_v3" 404 70 "GET http://172.18.0.178:8080/v1/AUTH_ffbb1c514d6a4f40a7f8a9f769bc781a/gnocchi.974be382-e87f-4bea-a8ca-7e62c2bdd3fd/none_v3" "txe5222636e708458cb0101-0068e22cbd" "proxy-server 20" 0.0005 "-" 25 0
Oct 5 08:30:53 np0005471147 proxy-server[126090]: 172.18.0.105 172.18.0.104 05/Oct/2025/08/30/53 GET /v1/AUTH_ffbb1c514d6a4f40a7f8a9f769bc781a/gnocchi.b91482ff-72d8-413b-96ef-5b7c844cebdb/none_v3 HTTP/1.0 404 - python-swiftclient-3.11.1 gAAAAABo4ixtepNT... - 70 - txf0aaa32480d14928b3547-0068e22cbd - 0.0308 - - 1759653053.124681711 1759653053.155511856 0
Oct 5 08:30:53 np0005471147 account-server[123769]: 172.20.0.105 - - [05/Oct/2025:08:30:53 +0000] "PUT /d1/852/AUTH_ffbb1c514d6a4f40a7f8a9f769bc781a/gnocchi.6aa7b351-85b7-4149-aa8e-ba7242fca0e1" 201 - "PUT http://172.20.0.105:6001/d1/855/AUTH_ffbb1c514d6a4f40a7f8a9f769bc781a/gnocchi.6aa7b351-85b7-4149-aa8e-ba7242fca0e1" "tx387b28c39b234492a59fe-0068e22cbd" "container-server 14" 0.0059 "-" 20 0
Oct 5 08:30:53 np0005471147 container-server[124226]: 172.20.0.103 - - [05/Oct/2025:08:30:53 +0000] "PUT /d1/855/AUTH_ffbb1c514d6a4f40a7f8a9f769bc781a/gnocchi.6aa7b351-85b7-4149-aa8e-ba7242fca0e1" 201 - "PUT http://172.18.0.178:8080/v1/AUTH_ffbb1c514d6a4f40a7f8a9f769bc781a/gnocchi.6aa7b351-85b7-4149-aa8e-ba7242fca0e1" "tx387b28c39b234492a59fe-0068e22cbd" "proxy-server 20" 0.0208 "-" 23 0
Oct 5 08:30:53 np0005471147 account-server[123791]: 172.20.0.105 - - [05/Oct/2025:08:30:53 +0000] "PUT /d1/852/AUTH_ffbb1c514d6a4f40a7f8a9f769bc781a/gnocchi.b91482ff-72d8-413b-96ef-5b7c844cebdb" 201 - "PUT http://172.20.0.105:6001/d1/852/AUTH_ffbb1c514d6a4f40a7f8a9f769bc781a/gnocchi.b91482ff-72d8-413b-96ef-5b7c844cebdb" "txfcac8f3ea8bb467494a9f-0068e22cbd" "container-server 17" 0.0059 "-" 23 0
Oct 5 08:30:53 np0005471147 container-server[124226]: 172.20.0.103 - - [05/Oct/2025:08:30:53 +0000] "GET /d1/855/AUTH_ffbb1c514d6a4f40a7f8a9f769bc781a/gnocchi.6aa7b351-85b7-4149-aa8e-ba7242fca0e1" 200 2 "GET http://172.18.0.178:8080/v1/AUTH_ffbb1c514d6a4f40a7f8a9f769bc781a/gnocchi.6aa7b351-85b7-4149-aa8e-ba7242fca0e1?format=json&states=listing" "txdf8dda4c62184a77837c4-0068e22cbd" "proxy-server 20" 0.0030 "-" 23 0
Oct 5 08:30:53 np0005471147 account-server[123777]: 172.20.0.104 - - [05/Oct/2025:08:30:53 +0000] "PUT /d1/852/AUTH_ffbb1c514d6a4f40a7f8a9f769bc781a/gnocchi.974be382-e87f-4bea-a8ca-7e62c2bdd3fd" 201 - "PUT http://172.20.0.104:6001/d1/567/AUTH_ffbb1c514d6a4f40a7f8a9f769bc781a/gnocchi.974be382-e87f-4bea-a8ca-7e62c2bdd3fd" "txc8cf859bda9d475686dce-0068e22cbd" "container-server 22" 0.0070 "-" 21 0
Oct 5 08:30:53 np0005471147 container-server[124208]: 172.20.0.104 - - [05/Oct/2025:08:30:53 +0000] "PUT /d1/852/AUTH_ffbb1c514d6a4f40a7f8a9f769bc781a/gnocchi.b91482ff-72d8-413b-96ef-5b7c844cebdb" 201 - "PUT http://172.18.0.178:8080/v1/AUTH_ffbb1c514d6a4f40a7f8a9f769bc781a/gnocchi.b91482ff-72d8-413b-96ef-5b7c844cebdb" "txfcac8f3ea8bb467494a9f-0068e22cbd" "proxy-server 20" 0.0359 "-" 22 0
Oct 5 08:30:53 np0005471147 container-server[124208]: 172.20.0.105 - - [05/Oct/2025:08:30:53 +0000] "PUT /d1/567/AUTH_ffbb1c514d6a4f40a7f8a9f769bc781a/gnocchi.974be382-e87f-4bea-a8ca-7e62c2bdd3fd" 201 - "PUT http://172.18.0.178:8080/v1/AUTH_ffbb1c514d6a4f40a7f8a9f769bc781a/gnocchi.974be382-e87f-4bea-a8ca-7e62c2bdd3fd" "txc8cf859bda9d475686dce-0068e22cbd" "proxy-server 20" 0.0245 "-" 22 0
Oct 5 08:30:53 np0005471147 proxy-server[126090]: 172.18.0.105 172.18.0.104 05/Oct/2025/08/30/53 PUT /v1/AUTH_ffbb1c514d6a4f40a7f8a9f769bc781a/gnocchi.b91482ff-72d8-413b-96ef-5b7c844cebdb HTTP/1.0 201 - python-swiftclient-3.11.1 gAAAAABo4ixtepNT... - - - txfcac8f3ea8bb467494a9f-0068e22cbd - 0.0471 - - 1759653053.161240339 1759653053.208323002 0
Oct 5 08:30:53 np0005471147 object-server[124621]: 172.20.0.103 - - [05/Oct/2025:08:30:53 +0000] "GET /d1/565/AUTH_ffbb1c514d6a4f40a7f8a9f769bc781a/gnocchi.6aa7b351-85b7-4149-aa8e-ba7242fca0e1/1759320000.0_mean_300.0_v3" 404 70 "GET http://172.18.0.178:8080/v1/AUTH_ffbb1c514d6a4f40a7f8a9f769bc781a/gnocchi.6aa7b351-85b7-4149-aa8e-ba7242fca0e1/1759320000.0_mean_300.0_v3" "tx754e4623b8e44cd1a1bf5-0068e22cbd" "proxy-server 20" 0.0005 "-" 23 0
Oct 5 08:30:53 np0005471147 proxy-server[126090]: - - 05/Oct/2025/08/30/53 HEAD /v1/AUTH_ffbb1c514d6a4f40a7f8a9f769bc781a/gnocchi.b91482ff-72d8-413b-96ef-5b7c844cebdb%3Fformat%3Djson%26states%3Dlisting HTTP/1.0 204 - Swift - - - - tx7d2b684377be4a398c7b6-0068e22cbd - 0.0078 RL - 1759653053.215241432 1759653053.223042250 0
Oct 5 08:30:53 np0005471147 proxy-server[126090]: 172.18.0.105 172.18.0.104 05/Oct/2025/08/30/53 GET /v1/AUTH_ffbb1c514d6a4f40a7f8a9f769bc781a/gnocchi.b91482ff-72d8-413b-96ef-5b7c844cebdb%3Fformat%3Djson%26states%3Dlisting HTTP/1.0 200 - python-swiftclient-3.11.1 gAAAAABo4ixtepNT... - 2 - tx7d2b684377be4a398c7b6-0068e22cbd - 0.0221 - - 1759653053.213209152 1759653053.235305786 0
Oct 5 08:30:53 np0005471147 container-server[124199]: 172.20.0.105 - - [05/Oct/2025:08:30:53 +0000] "GET /d1/567/AUTH_ffbb1c514d6a4f40a7f8a9f769bc781a/gnocchi.974be382-e87f-4bea-a8ca-7e62c2bdd3fd" 200 2 "GET http://172.18.0.178:8080/v1/AUTH_ffbb1c514d6a4f40a7f8a9f769bc781a/gnocchi.974be382-e87f-4bea-a8ca-7e62c2bdd3fd?format=json&states=listing" "tx7620cbc41c6a4aa7a9740-0068e22cbd" "proxy-server 20" 0.0034 "-" 21 0
Oct 5 08:30:53 np0005471147 container-server[124194]: 172.20.0.103 - - [05/Oct/2025:08:30:53 +0000] "PUT /d1/855/AUTH_ffbb1c514d6a4f40a7f8a9f769bc781a/gnocchi.6aa7b351-85b7-4149-aa8e-ba7242fca0e1/1759320000.0_mean_300.0_v3" 201 - "PUT http://172.18.0.178:8080/d1/565/AUTH_ffbb1c514d6a4f40a7f8a9f769bc781a/gnocchi.6aa7b351-85b7-4149-aa8e-ba7242fca0e1/1759320000.0_mean_300.0_v3" "tx14f53c53d2ea4e7da06e4-0068e22cbd" "object-server 23" 0.0010 "-" 20 0
Oct 5 08:30:53 np0005471147 object-server[124623]: 172.20.0.103 - - [05/Oct/2025:08:30:53 +0000] "PUT /d1/565/AUTH_ffbb1c514d6a4f40a7f8a9f769bc781a/gnocchi.6aa7b351-85b7-4149-aa8e-ba7242fca0e1/1759320000.0_mean_300.0_v3" 201 - "PUT http://172.18.0.178:8080/v1/AUTH_ffbb1c514d6a4f40a7f8a9f769bc781a/gnocchi.6aa7b351-85b7-4149-aa8e-ba7242fca0e1/1759320000.0_mean_300.0_v3" "tx14f53c53d2ea4e7da06e4-0068e22cbd" "proxy-server 20" 0.0131 "-" 24 0
Oct 5 08:30:53 np0005471147 object-server[124624]: 172.20.0.104 - - [05/Oct/2025:08:30:53 +0000] "GET /d1/531/AUTH_ffbb1c514d6a4f40a7f8a9f769bc781a/gnocchi.b91482ff-72d8-413b-96ef-5b7c844cebdb/1759320000.0_mean_300.0_v3" 404 70 "GET http://172.18.0.178:8080/v1/AUTH_ffbb1c514d6a4f40a7f8a9f769bc781a/gnocchi.b91482ff-72d8-413b-96ef-5b7c844cebdb/1759320000.0_mean_300.0_v3" "txa4b05e0a5b344677b1591-0068e22cbd" "proxy-server 20" 0.0006 "-" 25 0
Oct 5 08:30:53 np0005471147 proxy-server[126090]: 172.18.0.105 172.18.0.104 05/Oct/2025/08/30/53 GET /v1/AUTH_ffbb1c514d6a4f40a7f8a9f769bc781a/gnocchi.b91482ff-72d8-413b-96ef-5b7c844cebdb/1759320000.0_mean_300.0_v3 HTTP/1.0 404 - python-swiftclient-3.11.1 gAAAAABo4ixtepNT... - 70 - txa4b05e0a5b344677b1591-0068e22cbd - 0.0179 - - 1759653053.240062952 1759653053.257955551 0
Oct 5 08:30:53 np0005471147 object-server[124623]: 172.20.0.105 - - [05/Oct/2025:08:30:53 +0000] "GET /d1/1007/AUTH_ffbb1c514d6a4f40a7f8a9f769bc781a/gnocchi.974be382-e87f-4bea-a8ca-7e62c2bdd3fd/1759320000.0_mean_300.0_v3" 404 70 "GET http://172.18.0.178:8080/v1/AUTH_ffbb1c514d6a4f40a7f8a9f769bc781a/gnocchi.974be382-e87f-4bea-a8ca-7e62c2bdd3fd/1759320000.0_mean_300.0_v3" "txbefb4561c1af412b946a3-0068e22cbd" "proxy-server 20" 0.0005 "-" 24 0
Oct 5 08:30:53 np0005471147 container-server[124208]: 172.20.0.104 - - [05/Oct/2025:08:30:53 +0000] "PUT /d1/855/AUTH_ffbb1c514d6a4f40a7f8a9f769bc781a/gnocchi.6aa7b351-85b7-4149-aa8e-ba7242fca0e1/none_v3" 201 - "PUT http://172.18.0.178:8080/d1/419/AUTH_ffbb1c514d6a4f40a7f8a9f769bc781a/gnocchi.6aa7b351-85b7-4149-aa8e-ba7242fca0e1/none_v3" "txff4388ef49bb4714a1806-0068e22cbd" "object-server 22" 0.0009 "-" 22 0
Oct 5 08:30:53 np0005471147 object-server[124620]: 172.20.0.103 - - [05/Oct/2025:08:30:53 +0000] "PUT /d1/419/AUTH_ffbb1c514d6a4f40a7f8a9f769bc781a/gnocchi.6aa7b351-85b7-4149-aa8e-ba7242fca0e1/none_v3" 201 - "PUT http://172.18.0.178:8080/v1/AUTH_ffbb1c514d6a4f40a7f8a9f769bc781a/gnocchi.6aa7b351-85b7-4149-aa8e-ba7242fca0e1/none_v3" "txff4388ef49bb4714a1806-0068e22cbd" "proxy-server 20" 0.0148 "-" 22 0
Oct 5 08:30:53 np0005471147 container-server[124226]: 172.20.0.105 - - [05/Oct/2025:08:30:53 +0000] "PUT /d1/852/AUTH_ffbb1c514d6a4f40a7f8a9f769bc781a/gnocchi.b91482ff-72d8-413b-96ef-5b7c844cebdb/1759320000.0_mean_300.0_v3" 201 - "PUT http://172.18.0.178:8080/d1/531/AUTH_ffbb1c514d6a4f40a7f8a9f769bc781a/gnocchi.b91482ff-72d8-413b-96ef-5b7c844cebdb/1759320000.0_mean_300.0_v3" "txd7f5829bae21491480bd5-0068e22cbd" "object-server 23" 0.0007 "-" 23 0
Oct 5 08:30:53 np0005471147 object-server[124623]: 172.20.0.104 - - [05/Oct/2025:08:30:53 +0000] "PUT /d1/531/AUTH_ffbb1c514d6a4f40a7f8a9f769bc781a/gnocchi.b91482ff-72d8-413b-96ef-5b7c844cebdb/1759320000.0_mean_300.0_v3" 201 - "PUT http://172.18.0.178:8080/v1/AUTH_ffbb1c514d6a4f40a7f8a9f769bc781a/gnocchi.b91482ff-72d8-413b-96ef-5b7c844cebdb/1759320000.0_mean_300.0_v3" "txd7f5829bae21491480bd5-0068e22cbd" "proxy-server 20" 0.0131 "-" 24 0
Oct 5 08:30:53 np0005471147 proxy-server[126090]: 172.18.0.105 172.18.0.104 05/Oct/2025/08/30/53 PUT /v1/AUTH_ffbb1c514d6a4f40a7f8a9f769bc781a/gnocchi.b91482ff-72d8-413b-96ef-5b7c844cebdb/1759320000.0_mean_300.0_v3 HTTP/1.0 201 - python-swiftclient-3.11.1 gAAAAABo4ixtepNT... 16 - - txd7f5829bae21491480bd5-0068e22cbd - 0.0247 - - 1759653053.262330770 1759653053.287000179 0
Oct 5 08:30:53 np0005471147 container-server[124194]: 172.20.0.104 - - [05/Oct/2025:08:30:53 +0000] "PUT /d1/567/AUTH_ffbb1c514d6a4f40a7f8a9f769bc781a/gnocchi.974be382-e87f-4bea-a8ca-7e62c2bdd3fd/1759320000.0_mean_300.0_v3" 201 - "PUT http://172.18.0.178:8080/d1/1007/AUTH_ffbb1c514d6a4f40a7f8a9f769bc781a/gnocchi.974be382-e87f-4bea-a8ca-7e62c2bdd3fd/1759320000.0_mean_300.0_v3" "txcc86ce27d15d450db84b1-0068e22cbd" "object-server 25" 0.0009 "-" 20 0
Oct 5 08:30:53 np0005471147 object-server[124624]: 172.20.0.105 - - [05/Oct/2025:08:30:53 +0000] "PUT /d1/1007/AUTH_ffbb1c514d6a4f40a7f8a9f769bc781a/gnocchi.974be382-e87f-4bea-a8ca-7e62c2bdd3fd/1759320000.0_mean_300.0_v3" 201 - "PUT http://172.18.0.178:8080/v1/AUTH_ffbb1c514d6a4f40a7f8a9f769bc781a/gnocchi.974be382-e87f-4bea-a8ca-7e62c2bdd3fd/1759320000.0_mean_300.0_v3" "txcc86ce27d15d450db84b1-0068e22cbd" "proxy-server 20" 0.0134 "-" 25 0
Oct 5 08:30:53 np0005471147 container-server[124199]: 172.20.0.104 - - [05/Oct/2025:08:30:53 +0000] "HEAD /d1/414/AUTH_ffbb1c514d6a4f40a7f8a9f769bc781a/gnocchi.438e0e68-ec6d-4307-aed3-840f4b7d7c0d" 404 - "HEAD http://172.18.0.178:8080/v1/AUTH_ffbb1c514d6a4f40a7f8a9f769bc781a/gnocchi.438e0e68-ec6d-4307-aed3-840f4b7d7c0d?format=json&states=listing" "txd78f3b2c232040d18f086-0068e22cbd" "proxy-server 20" 0.0004 "-" 21 0
Oct 5 08:30:53 np0005471147 object-server[124620]: 172.20.0.103 - - [05/Oct/2025:08:30:53 +0000] "PUT /d1/794/AUTH_ffbb1c514d6a4f40a7f8a9f769bc781a/gnocchi.b91482ff-72d8-413b-96ef-5b7c844cebdb/none_v3" 201 - "PUT http://172.18.0.178:8080/v1/AUTH_ffbb1c514d6a4f40a7f8a9f769bc781a/gnocchi.b91482ff-72d8-413b-96ef-5b7c844cebdb/none_v3" "tx48f8c4e3e38f4979aa40c-0068e22cbd" "proxy-server 20" 0.0140 "-" 22 0
Oct 5 08:30:53 np0005471147 container-server[124208]: 172.20.0.103 - - [05/Oct/2025:08:30:53 +0000] "PUT /d1/852/AUTH_ffbb1c514d6a4f40a7f8a9f769bc781a/gnocchi.b91482ff-72d8-413b-96ef-5b7c844cebdb/none_v3" 201 - "PUT http://172.18.0.178:8080/d1/794/AUTH_ffbb1c514d6a4f40a7f8a9f769bc781a/gnocchi.b91482ff-72d8-413b-96ef-5b7c844cebdb/none_v3" "tx48f8c4e3e38f4979aa40c-0068e22cbd" "object-server 24" 0.0008 "-" 22 0
Oct 5 08:30:53 np0005471147 container-server[124226]: 172.20.0.104 - - [05/Oct/2025:08:30:53 +0000] "PUT /d1/567/AUTH_ffbb1c514d6a4f40a7f8a9f769bc781a/gnocchi.974be382-e87f-4bea-a8ca-7e62c2bdd3fd/none_v3" 201 - "PUT http://172.18.0.178:8080/d1/812/AUTH_ffbb1c514d6a4f40a7f8a9f769bc781a/gnocchi.974be382-e87f-4bea-a8ca-7e62c2bdd3fd/none_v3" "txe37f2abef39e4547a1ae9-0068e22cbd" "object-server 25" 0.0005 "-" 23 0
Oct 5 08:30:53 np0005471147 object-server[124624]: 172.20.0.105 - - [05/Oct/2025:08:30:53 +0000] "PUT /d1/812/AUTH_ffbb1c514d6a4f40a7f8a9f769bc781a/gnocchi.974be382-e87f-4bea-a8ca-7e62c2bdd3fd/none_v3" 201 - "PUT http://172.18.0.178:8080/v1/AUTH_ffbb1c514d6a4f40a7f8a9f769bc781a/gnocchi.974be382-e87f-4bea-a8ca-7e62c2bdd3fd/none_v3" "txe37f2abef39e4547a1ae9-0068e22cbd" "proxy-server 20" 0.0124 "-" 25 0
Oct 5 08:30:53 np0005471147 object-server[124620]: 172.20.0.104 - - [05/Oct/2025:08:30:53 +0000] "GET /d1/752/AUTH_ffbb1c514d6a4f40a7f8a9f769bc781a/gnocchi.438e0e68-ec6d-4307-aed3-840f4b7d7c0d/none_v3" 404 70 "GET http://172.18.0.178:8080/v1/AUTH_ffbb1c514d6a4f40a7f8a9f769bc781a/gnocchi.438e0e68-ec6d-4307-aed3-840f4b7d7c0d/none_v3" "txd78f3b2c232040d18f086-0068e22cbd" "proxy-server 20" 0.0004 "-" 22 0
Oct 5 08:30:53 np0005471147 proxy-server[126090]: 172.18.0.178 172.18.0.104 05/Oct/2025/08/30/53 GET /v1/AUTH_ffbb1c514d6a4f40a7f8a9f769bc781a/gnocchi.438e0e68-ec6d-4307-aed3-840f4b7d7c0d/none_v3 HTTP/1.0 404 - python-swiftclient-3.11.1 gAAAAABo4ixPODjF... - 70 - txd78f3b2c232040d18f086-0068e22cbd - 0.0355 - - 1759653053.297613144 1759653053.333154202 0
Oct 5 08:30:53 np0005471147 container-server[124226]: 172.20.0.104 - - [05/Oct/2025:08:30:53 +0000] "HEAD /d1/97/AUTH_ffbb1c514d6a4f40a7f8a9f769bc781a/gnocchi.630ced32-f036-4c8c-bebe-dfa7df1b4507" 404 - "HEAD http://172.18.0.178:8080/v1/AUTH_ffbb1c514d6a4f40a7f8a9f769bc781a/gnocchi.630ced32-f036-4c8c-bebe-dfa7df1b4507?format=json&states=listing" "txb629dcfcc986440988fef-0068e22cbd" "proxy-server 20" 0.0004 "-" 23 0
Oct 5 08:30:53 np0005471147 container-server[124199]: 172.20.0.105 - - [05/Oct/2025:08:30:53 +0000] "HEAD /d1/646/AUTH_ffbb1c514d6a4f40a7f8a9f769bc781a/gnocchi.cebab2a7-ecec-4c42-b8fc-013a1ede8d36" 404 - "HEAD http://172.18.0.178:8080/v1/AUTH_ffbb1c514d6a4f40a7f8a9f769bc781a/gnocchi.cebab2a7-ecec-4c42-b8fc-013a1ede8d36?format=json&states=listing" "tx2f380991cfd240bc9d88e-0068e22cbd" "proxy-server 20" 0.0004 "-" 21 0
Oct 5 08:30:53 np0005471147 account-server[123769]: 172.20.0.105 - - [05/Oct/2025:08:30:53 +0000] "PUT /d1/852/AUTH_ffbb1c514d6a4f40a7f8a9f769bc781a/gnocchi.438e0e68-ec6d-4307-aed3-840f4b7d7c0d" 201 - "PUT http://172.20.0.105:6001/d1/414/AUTH_ffbb1c514d6a4f40a7f8a9f769bc781a/gnocchi.438e0e68-ec6d-4307-aed3-840f4b7d7c0d" "tx842c161b719043b9bbd56-0068e22cbd" "container-server 15" 0.0088 "-" 20 0
Oct 5 08:30:53 np0005471147 container-server[124226]: 172.20.0.103 - - [05/Oct/2025:08:30:53 +0000] "PUT /d1/414/AUTH_ffbb1c514d6a4f40a7f8a9f769bc781a/gnocchi.438e0e68-ec6d-4307-aed3-840f4b7d7c0d" 201 - "PUT http://172.18.0.178:8080/v1/AUTH_ffbb1c514d6a4f40a7f8a9f769bc781a/gnocchi.438e0e68-ec6d-4307-aed3-840f4b7d7c0d" "tx842c161b719043b9bbd56-0068e22cbd" "proxy-server 20" 0.0216 "-" 23 0
Oct 5 08:30:53 np0005471147 object-server[124623]: 172.20.0.104 - - [05/Oct/2025:08:30:53 +0000] "GET /d1/176/AUTH_ffbb1c514d6a4f40a7f8a9f769bc781a/gnocchi.630ced32-f036-4c8c-bebe-dfa7df1b4507/none_v3" 404 70 "GET http://172.18.0.178:8080/v1/AUTH_ffbb1c514d6a4f40a7f8a9f769bc781a/gnocchi.630ced32-f036-4c8c-bebe-dfa7df1b4507/none_v3" "txb629dcfcc986440988fef-0068e22cbd" "proxy-server 20" 0.0006 "-" 24 0
Oct 5 08:30:53 np0005471147 object-server[124624]: 172.20.0.105 - - [05/Oct/2025:08:30:53 +0000] "GET /d1/886/AUTH_ffbb1c514d6a4f40a7f8a9f769bc781a/gnocchi.cebab2a7-ecec-4c42-b8fc-013a1ede8d36/none_v3" 404 70 "GET http://172.18.0.178:8080/v1/AUTH_ffbb1c514d6a4f40a7f8a9f769bc781a/gnocchi.cebab2a7-ecec-4c42-b8fc-013a1ede8d36/none_v3" "tx2f380991cfd240bc9d88e-0068e22cbd" "proxy-server 20" 0.0007 "-" 25 0
Oct 5 08:30:53 np0005471147 container-server[124226]: 172.20.0.103 - - [05/Oct/2025:08:30:53 +0000] "HEAD /d1/414/AUTH_ffbb1c514d6a4f40a7f8a9f769bc781a/gnocchi.438e0e68-ec6d-4307-aed3-840f4b7d7c0d" 204 - "HEAD http://172.18.0.178:8080/v1/AUTH_ffbb1c514d6a4f40a7f8a9f769bc781a/gnocchi.438e0e68-ec6d-4307-aed3-840f4b7d7c0d?format=json&states=listing" "tx6ca85622e8ac4d8384e2e-0068e22cbd" "proxy-server 20" 0.0018 "-" 23 0
Oct 5 08:30:53 np0005471147 proxy-server[126090]: 172.18.0.105 172.18.0.104 05/Oct/2025/08/30/53 GET /v1/AUTH_ffbb1c514d6a4f40a7f8a9f769bc781a/gnocchi.630ced32-f036-4c8c-bebe-dfa7df1b4507/none_v3 HTTP/1.0 404 - python-swiftclient-3.11.1 gAAAAABo4ixtepNT... - 70 - txb629dcfcc986440988fef-0068e22cbd - 0.0381 - - 1759653053.346642017 1759653053.384715319 0
Oct 5 08:30:53 np0005471147 container-server[124226]: 172.20.0.103 - - [05/Oct/2025:08:30:53 +0000] "GET /d1/414/AUTH_ffbb1c514d6a4f40a7f8a9f769bc781a/gnocchi.438e0e68-ec6d-4307-aed3-840f4b7d7c0d" 200 2 "GET http://172.18.0.178:8080/v1/AUTH_ffbb1c514d6a4f40a7f8a9f769bc781a/gnocchi.438e0e68-ec6d-4307-aed3-840f4b7d7c0d?format=json&states=listing" "tx6ca85622e8ac4d8384e2e-0068e22cbd" "proxy-server 20" 0.0029 "-" 23 0
Oct 5 08:30:53 np0005471147 object-server[124623]: 172.20.0.103 - - [05/Oct/2025:08:30:53 +0000] "GET /d1/730/AUTH_ffbb1c514d6a4f40a7f8a9f769bc781a/gnocchi.438e0e68-ec6d-4307-aed3-840f4b7d7c0d/1759320000.0_mean_300.0_v3" 404 70 "GET http://172.18.0.178:8080/v1/AUTH_ffbb1c514d6a4f40a7f8a9f769bc781a/gnocchi.438e0e68-ec6d-4307-aed3-840f4b7d7c0d/1759320000.0_mean_300.0_v3" "tx4bbd32df57a043bda183e-0068e22cbd" "proxy-server 20" 0.0006 "-" 24 0
Oct 5 08:30:53 np0005471147 account-server[123779]: 172.20.0.103 - - [05/Oct/2025:08:30:53 +0000] "PUT /d1/852/AUTH_ffbb1c514d6a4f40a7f8a9f769bc781a/gnocchi.cebab2a7-ecec-4c42-b8fc-013a1ede8d36" 201 - "PUT http://172.20.0.103:6001/d1/646/AUTH_ffbb1c514d6a4f40a7f8a9f769bc781a/gnocchi.cebab2a7-ecec-4c42-b8fc-013a1ede8d36" "txf59a5761dc85455d93d5e-0068e22cbd" "container-server 23" 0.0071 "-" 22 0
Oct 5 08:30:53 np0005471147 account-server[123779]: 172.20.0.104 - - [05/Oct/2025:08:30:53 +0000] "PUT /d1/852/AUTH_ffbb1c514d6a4f40a7f8a9f769bc781a/gnocchi.630ced32-f036-4c8c-bebe-dfa7df1b4507" 201 - "PUT http://172.20.0.104:6001/d1/97/AUTH_ffbb1c514d6a4f40a7f8a9f769bc781a/gnocchi.630ced32-f036-4c8c-bebe-dfa7df1b4507" "tx33f51b18288448a08513b-0068e22cbd" "container-server 21" 0.0075 "-" 22 0
Oct 5 08:30:53 np0005471147 container-server[124199]: 172.20.0.104 - - [05/Oct/2025:08:30:53 +0000] "PUT /d1/97/AUTH_ffbb1c514d6a4f40a7f8a9f769bc781a/gnocchi.630ced32-f036-4c8c-bebe-dfa7df1b4507" 201 - "PUT http://172.18.0.178:8080/v1/AUTH_ffbb1c514d6a4f40a7f8a9f769bc781a/gnocchi.630ced32-f036-4c8c-bebe-dfa7df1b4507" "tx33f51b18288448a08513b-0068e22cbd" "proxy-server 20" 0.0381 "-" 21 0
Oct 5 08:30:53 np0005471147 proxy-server[126090]: 172.18.0.105 172.18.0.104 05/Oct/2025/08/30/53 PUT /v1/AUTH_ffbb1c514d6a4f40a7f8a9f769bc781a/gnocchi.630ced32-f036-4c8c-bebe-dfa7df1b4507 HTTP/1.0 201 - python-swiftclient-3.11.1 gAAAAABo4ixtepNT... - - - tx33f51b18288448a08513b-0068e22cbd - 0.0500 - - 1759653053.390379190 1759653053.440397501 0
Oct 5 08:30:53 np0005471147 container-server[124226]: 172.20.0.105 - - [05/Oct/2025:08:30:53 +0000] "PUT /d1/646/AUTH_ffbb1c514d6a4f40a7f8a9f769bc781a/gnocchi.cebab2a7-ecec-4c42-b8fc-013a1ede8d36" 201 - "PUT http://172.18.0.178:8080/v1/AUTH_ffbb1c514d6a4f40a7f8a9f769bc781a/gnocchi.cebab2a7-ecec-4c42-b8fc-013a1ede8d36" "txf59a5761dc85455d93d5e-0068e22cbd" "proxy-server 20" 0.0410 "-" 23 0
Oct 5 08:30:53 np0005471147 container-server[124194]: 172.20.0.104 - - [05/Oct/2025:08:30:53 +0000] "HEAD /d1/97/AUTH_ffbb1c514d6a4f40a7f8a9f769bc781a/gnocchi.630ced32-f036-4c8c-bebe-dfa7df1b4507" 204 - "HEAD http://172.18.0.178:8080/v1/AUTH_ffbb1c514d6a4f40a7f8a9f769bc781a/gnocchi.630ced32-f036-4c8c-bebe-dfa7df1b4507?format=json&states=listing" "tx758f3a917f334cf4b91ee-0068e22cbd" "proxy-server 20" 0.0025 "-" 20 0
Oct 5 08:30:53 np0005471147 object-server[124620]: 172.20.0.103 - - [05/Oct/2025:08:30:53 +0000] "PUT /d1/730/AUTH_ffbb1c514d6a4f40a7f8a9f769bc781a/gnocchi.438e0e68-ec6d-4307-aed3-840f4b7d7c0d/1759320000.0_mean_300.0_v3" 201 - "PUT http://172.18.0.178:8080/v1/AUTH_ffbb1c514d6a4f40a7f8a9f769bc781a/gnocchi.438e0e68-ec6d-4307-aed3-840f4b7d7c0d/1759320000.0_mean_300.0_v3" "txcebde74745a54e13875b0-0068e22cbd" "proxy-server 20" 0.0162 "-" 22 0
Oct 5 08:30:53 np0005471147 proxy-server[126090]: - - 05/Oct/2025/08/30/53 HEAD /v1/AUTH_ffbb1c514d6a4f40a7f8a9f769bc781a/gnocchi.630ced32-f036-4c8c-bebe-dfa7df1b4507%3Fformat%3Djson%26states%3Dlisting HTTP/1.0 204 - Swift - - - - tx758f3a917f334cf4b91ee-0068e22cbd - 0.0082 RL - 1759653053.448173523 1759653053.456403971 0
Oct 5 08:30:53 np0005471147 container-server[124208]: 172.20.0.105 - - [05/Oct/2025:08:30:53 +0000] "PUT /d1/414/AUTH_ffbb1c514d6a4f40a7f8a9f769bc781a/gnocchi.438e0e68-ec6d-4307-aed3-840f4b7d7c0d/1759320000.0_mean_300.0_v3" 201 - "PUT http://172.18.0.178:8080/d1/730/AUTH_ffbb1c514d6a4f40a7f8a9f769bc781a/gnocchi.438e0e68-ec6d-4307-aed3-840f4b7d7c0d/1759320000.0_mean_300.0_v3" "txcebde74745a54e13875b0-0068e22cbd" "object-server 25" 0.0014 "-" 22 0
Oct 5 08:30:53 np0005471147 container-server[124226]: 172.20.0.104 - - [05/Oct/2025:08:30:53 +0000] "GET /d1/97/AUTH_ffbb1c514d6a4f40a7f8a9f769bc781a/gnocchi.630ced32-f036-4c8c-bebe-dfa7df1b4507" 200 2 "GET http://172.18.0.178:8080/v1/AUTH_ffbb1c514d6a4f40a7f8a9f769bc781a/gnocchi.630ced32-f036-4c8c-bebe-dfa7df1b4507?format=json&states=listing" "tx758f3a917f334cf4b91ee-0068e22cbd" "proxy-server 20" 0.0033 "-" 23 0
Oct 5 08:30:53 np0005471147 proxy-server[126090]: 172.18.0.105 172.18.0.104 05/Oct/2025/08/30/53 GET /v1/AUTH_ffbb1c514d6a4f40a7f8a9f769bc781a/gnocchi.630ced32-f036-4c8c-bebe-dfa7df1b4507%3Fformat%3Djson%26states%3Dlisting HTTP/1.0 200 - python-swiftclient-3.11.1 gAAAAABo4ixtepNT... - 2 - tx758f3a917f334cf4b91ee-0068e22cbd - 0.0239 - - 1759653053.446142673 1759653053.470087051 0
Oct 5 08:30:53 np0005471147 container-server[124208]: 172.20.0.105 - - [05/Oct/2025:08:30:53 +0000] "GET /d1/646/AUTH_ffbb1c514d6a4f40a7f8a9f769bc781a/gnocchi.cebab2a7-ecec-4c42-b8fc-013a1ede8d36" 200 2 "GET http://172.18.0.178:8080/v1/AUTH_ffbb1c514d6a4f40a7f8a9f769bc781a/gnocchi.cebab2a7-ecec-4c42-b8fc-013a1ede8d36?format=json&states=listing" "tx75d3f54e82d74594bdf65-0068e22cbd" "proxy-server 20" 0.0052 "-" 22 0
Oct 5 08:30:53 np0005471147 object-server[124621]: 172.20.0.104 - - [05/Oct/2025:08:30:53 +0000] "GET /d1/735/AUTH_ffbb1c514d6a4f40a7f8a9f769bc781a/gnocchi.630ced32-f036-4c8c-bebe-dfa7df1b4507/1759320000.0_mean_300.0_v3" 404 70 "GET http://172.18.0.178:8080/v1/AUTH_ffbb1c514d6a4f40a7f8a9f769bc781a/gnocchi.630ced32-f036-4c8c-bebe-dfa7df1b4507/1759320000.0_mean_300.0_v3" "tx182b03e975c8464db0363-0068e22cbd" "proxy-server 20" 0.0009 "-" 23 0
Oct 5 08:30:53 np0005471147 container-server[124194]: 172.20.0.103 - - [05/Oct/2025:08:30:53 +0000] "PUT /d1/414/AUTH_ffbb1c514d6a4f40a7f8a9f769bc781a/gnocchi.438e0e68-ec6d-4307-aed3-840f4b7d7c0d/none_v3" 201 - "PUT http://172.18.0.178:8080/d1/752/AUTH_ffbb1c514d6a4f40a7f8a9f769bc781a/gnocchi.438e0e68-ec6d-4307-aed3-840f4b7d7c0d/none_v3" "txa17cc0e6f517431fa9418-0068e22cbd" "object-server 23" 0.0008 "-" 20 0
Oct 5 08:30:53 np0005471147 object-server[124621]: 172.20.0.105 - - [05/Oct/2025:08:30:53 +0000] "GET /d1/527/AUTH_ffbb1c514d6a4f40a7f8a9f769bc781a/gnocchi.cebab2a7-ecec-4c42-b8fc-013a1ede8d36/1759320000.0_mean_300.0_v3" 404 70 "GET http://172.18.0.178:8080/v1/AUTH_ffbb1c514d6a4f40a7f8a9f769bc781a/gnocchi.cebab2a7-ecec-4c42-b8fc-013a1ede8d36/1759320000.0_mean_300.0_v3" "tx2105089028b942e4ad7ab-0068e22cbd" "proxy-server 20" 0.0005 "-" 23 0
Oct 5 08:30:53 np0005471147 object-server[124621]: 172.20.0.103 - - [05/Oct/2025:08:30:53 +0000] "PUT /d1/752/AUTH_ffbb1c514d6a4f40a7f8a9f769bc781a/gnocchi.438e0e68-ec6d-4307-aed3-840f4b7d7c0d/none_v3" 201 - "PUT http://172.18.0.178:8080/v1/AUTH_ffbb1c514d6a4f40a7f8a9f769bc781a/gnocchi.438e0e68-ec6d-4307-aed3-840f4b7d7c0d/none_v3" "txa17cc0e6f517431fa9418-0068e22cbd" "proxy-server 20" 0.0222 "-" 23 0
Oct 5 08:30:53 np0005471147 proxy-server[126090]: 172.18.0.105 172.18.0.104 05/Oct/2025/08/30/53 GET /v1/AUTH_ffbb1c514d6a4f40a7f8a9f769bc781a/gnocchi.630ced32-f036-4c8c-bebe-dfa7df1b4507/1759320000.0_mean_300.0_v3 HTTP/1.0 404 - python-swiftclient-3.11.1 gAAAAABo4ixtepNT... - 70 - tx182b03e975c8464db0363-0068e22cbd - 0.0189 - - 1759653053.480145216 1759653053.499081612 0
Oct 5 08:30:53 np0005471147 container-server[124199]: 172.20.0.104 - - [05/Oct/2025:08:30:53 +0000] "PUT /d1/646/AUTH_ffbb1c514d6a4f40a7f8a9f769bc781a/gnocchi.cebab2a7-ecec-4c42-b8fc-013a1ede8d36/1759320000.0_mean_300.0_v3" 201 - "PUT http://172.18.0.178:8080/d1/527/AUTH_ffbb1c514d6a4f40a7f8a9f769bc781a/gnocchi.cebab2a7-ecec-4c42-b8fc-013a1ede8d36/1759320000.0_mean_300.0_v3" "txdc821f57c0274c3686643-0068e22cbd" "object-server 22" 0.0007 "-" 21 0
Oct 5 08:30:53 np0005471147 object-server[124620]: 172.20.0.105 - - [05/Oct/2025:08:30:53 +0000] "PUT /d1/527/AUTH_ffbb1c514d6a4f40a7f8a9f769bc781a/gnocchi.cebab2a7-ecec-4c42-b8fc-013a1ede8d36/1759320000.0_mean_300.0_v3" 201 - "PUT http://172.18.0.178:8080/v1/AUTH_ffbb1c514d6a4f40a7f8a9f769bc781a/gnocchi.cebab2a7-ecec-4c42-b8fc-013a1ede8d36/1759320000.0_mean_300.0_v3" "txdc821f57c0274c3686643-0068e22cbd" "proxy-server 20" 0.0104 "-" 22 0
Oct 5 08:30:53 np0005471147 container-server[124199]: 172.20.0.103 - - [05/Oct/2025:08:30:53 +0000] "HEAD /d1/975/AUTH_ffbb1c514d6a4f40a7f8a9f769bc781a/gnocchi.25a1eb0e-726c-49ea-b034-65511fd14d47" 404 - "HEAD http://172.18.0.178:8080/v1/AUTH_ffbb1c514d6a4f40a7f8a9f769bc781a/gnocchi.25a1eb0e-726c-49ea-b034-65511fd14d47?format=json&states=listing" "tx898dde4266374752a4d78-0068e22cbd" "proxy-server 20" 0.0004 "-" 21 0
Oct 5 08:30:53 np0005471147 container-server[124194]: 172.20.0.104 - - [05/Oct/2025:08:30:53 +0000] "PUT /d1/97/AUTH_ffbb1c514d6a4f40a7f8a9f769bc781a/gnocchi.630ced32-f036-4c8c-bebe-dfa7df1b4507/1759320000.0_mean_300.0_v3" 201 - "PUT http://172.18.0.178:8080/d1/735/AUTH_ffbb1c514d6a4f40a7f8a9f769bc781a/gnocchi.630ced32-f036-4c8c-bebe-dfa7df1b4507/1759320000.0_mean_300.0_v3" "txa0b3fc82f3664c2eabc95-0068e22cbd" "object-server 25" 0.0049 "-" 20 0
Oct 5 08:30:53 np0005471147 object-server[124624]: 172.20.0.104 - - [05/Oct/2025:08:30:53 +0000] "PUT /d1/735/AUTH_ffbb1c514d6a4f40a7f8a9f769bc781a/gnocchi.630ced32-f036-4c8c-bebe-dfa7df1b4507/1759320000.0_mean_300.0_v3" 201 - "PUT http://172.18.0.178:8080/v1/AUTH_ffbb1c514d6a4f40a7f8a9f769bc781a/gnocchi.630ced32-f036-4c8c-bebe-dfa7df1b4507/1759320000.0_mean_300.0_v3" "txa0b3fc82f3664c2eabc95-0068e22cbd" "proxy-server 20" 0.0178 "-" 25 0
Oct 5 08:30:53 np0005471147 proxy-server[126090]: 172.18.0.105 172.18.0.104 05/Oct/2025/08/30/53 PUT /v1/AUTH_ffbb1c514d6a4f40a7f8a9f769bc781a/gnocchi.630ced32-f036-4c8c-bebe-dfa7df1b4507/1759320000.0_mean_300.0_v3 HTTP/1.0 201 - python-swiftclient-3.11.1 gAAAAABo4ixtepNT... 16 - - txa0b3fc82f3664c2eabc95-0068e22cbd - 0.0396 - - 1759653053.506573915 1759653053.546155453 0
Oct 5 08:30:53 np0005471147 object-server[124624]: 172.20.0.103 - - [05/Oct/2025:08:30:53 +0000] "GET /d1/905/AUTH_ffbb1c514d6a4f40a7f8a9f769bc781a/gnocchi.25a1eb0e-726c-49ea-b034-65511fd14d47/none_v3" 404 70 "GET http://172.18.0.178:8080/v1/AUTH_ffbb1c514d6a4f40a7f8a9f769bc781a/gnocchi.25a1eb0e-726c-49ea-b034-65511fd14d47/none_v3" "tx898dde4266374752a4d78-0068e22cbd" "proxy-server 20" 0.0003 "-" 25 0
Oct 5 08:30:53 np0005471147 container-server[124199]: 172.20.0.103 - - [05/Oct/2025:08:30:53 +0000] "PUT /d1/646/AUTH_ffbb1c514d6a4f40a7f8a9f769bc781a/gnocchi.cebab2a7-ecec-4c42-b8fc-013a1ede8d36/none_v3" 201 - "PUT http://172.18.0.178:8080/d1/886/AUTH_ffbb1c514d6a4f40a7f8a9f769bc781a/gnocchi.cebab2a7-ecec-4c42-b8fc-013a1ede8d36/none_v3" "tx17ab3264f8bf4e9d91aa9-0068e22cbd" "object-server 23" 0.0011 "-" 21 0
Oct 5 08:30:53 np0005471147 object-server[124621]: 172.20.0.105 - - [05/Oct/2025:08:30:53 +0000] "PUT /d1/886/AUTH_ffbb1c514d6a4f40a7f8a9f769bc781a/gnocchi.cebab2a7-ecec-4c42-b8fc-013a1ede8d36/none_v3" 201 - "PUT http://172.18.0.178:8080/v1/AUTH_ffbb1c514d6a4f40a7f8a9f769bc781a/gnocchi.cebab2a7-ecec-4c42-b8fc-013a1ede8d36/none_v3" "tx17ab3264f8bf4e9d91aa9-0068e22cbd" "proxy-server 20" 0.0132 "-" 23 0
Oct 5 08:30:53 np0005471147 container-server[124194]: 172.20.0.104 - - [05/Oct/2025:08:30:53 +0000] "PUT /d1/97/AUTH_ffbb1c514d6a4f40a7f8a9f769bc781a/gnocchi.630ced32-f036-4c8c-bebe-dfa7df1b4507/none_v3" 201 - "PUT http://172.18.0.178:8080/d1/176/AUTH_ffbb1c514d6a4f40a7f8a9f769bc781a/gnocchi.630ced32-f036-4c8c-bebe-dfa7df1b4507/none_v3" "txad7fc34799ee4b1282aed-0068e22cbd" "object-server 24" 0.0006 "-" 20 0
Oct 5 08:30:53 np0005471147 object-server[124623]: 172.20.0.104 - - [05/Oct/2025:08:30:53 +0000] "PUT /d1/176/AUTH_ffbb1c514d6a4f40a7f8a9f769bc781a/gnocchi.630ced32-f036-4c8c-bebe-dfa7df1b4507/none_v3" 201 - "PUT http://172.18.0.178:8080/v1/AUTH_ffbb1c514d6a4f40a7f8a9f769bc781a/gnocchi.630ced32-f036-4c8c-bebe-dfa7df1b4507/none_v3" "txad7fc34799ee4b1282aed-0068e22cbd" "proxy-server 20" 0.0162 "-" 24 0
Oct 5 08:30:53 np0005471147 proxy-server[126090]: 172.18.0.105 172.18.0.104 05/Oct/2025/08/30/53 PUT /v1/AUTH_ffbb1c514d6a4f40a7f8a9f769bc781a/gnocchi.630ced32-f036-4c8c-bebe-dfa7df1b4507/none_v3 HTTP/1.0 201 - python-swiftclient-3.11.1 gAAAAABo4ixtepNT... 22 - - txad7fc34799ee4b1282aed-0068e22cbd - 0.0253 - - 1759653053.551891804 1759653053.577180624 0
Oct 5 08:30:53 np0005471147 account-server[123779]: 172.20.0.104 - - [05/Oct/2025:08:30:53 +0000] "PUT /d1/852/AUTH_ffbb1c514d6a4f40a7f8a9f769bc781a/gnocchi.25a1eb0e-726c-49ea-b034-65511fd14d47" 201 - "PUT http://172.20.0.104:6001/d1/975/AUTH_ffbb1c514d6a4f40a7f8a9f769bc781a/gnocchi.25a1eb0e-726c-49ea-b034-65511fd14d47" "txc32dc4fadc8a4fac95ffb-0068e22cbd" "container-server 23" 0.0061 "-" 22 0
Oct 5 08:30:53 np0005471147 container-server[124226]: 172.20.0.105 - - [05/Oct/2025:08:30:53 +0000] "PUT /d1/975/AUTH_ffbb1c514d6a4f40a7f8a9f769bc781a/gnocchi.25a1eb0e-726c-49ea-b034-65511fd14d47" 201 - "PUT http://172.18.0.178:8080/v1/AUTH_ffbb1c514d6a4f40a7f8a9f769bc781a/gnocchi.25a1eb0e-726c-49ea-b034-65511fd14d47" "txc32dc4fadc8a4fac95ffb-0068e22cbd" "proxy-server 20" 0.0206 "-" 23 0
Oct 5 08:30:53 np0005471147 container-server[124194]: 172.20.0.103 - - [05/Oct/2025:08:30:53 +0000] "HEAD /d1/154/AUTH_ffbb1c514d6a4f40a7f8a9f769bc781a/gnocchi.5cd9b367-abdc-45e9-a02e-9d779cc0e4a9" 404 - "HEAD http://172.18.0.178:8080/v1/AUTH_ffbb1c514d6a4f40a7f8a9f769bc781a/gnocchi.5cd9b367-abdc-45e9-a02e-9d779cc0e4a9?format=json&states=listing" "txb0259e75a82746118106d-0068e22cbd" "proxy-server 20" 0.0004 "-" 20 0
Oct 5 08:30:53 np0005471147 object-server[124624]: 172.20.0.103 - - [05/Oct/2025:08:30:53 +0000] "GET /d1/587/AUTH_ffbb1c514d6a4f40a7f8a9f769bc781a/gnocchi.5cd9b367-abdc-45e9-a02e-9d779cc0e4a9/none_v3" 404 70 "GET http://172.18.0.178:8080/v1/AUTH_ffbb1c514d6a4f40a7f8a9f769bc781a/gnocchi.5cd9b367-abdc-45e9-a02e-9d779cc0e4a9/none_v3" "txb0259e75a82746118106d-0068e22cbd" "proxy-server 20" 0.0004 "-" 25 0
Oct 5 08:30:53 np0005471147 proxy-server[126090]: - - 05/Oct/2025/08/30/53 HEAD /v1/AUTH_ffbb1c514d6a4f40a7f8a9f769bc781a/gnocchi.25a1eb0e-726c-49ea-b034-65511fd14d47%3Fformat%3Djson%26states%3Dlisting HTTP/1.0 204 - Swift - - - - tx5428a1dfbabb484cbcb65-0068e22cbd - 0.0083 RL - 1759653053.614020348 1759653053.622296095 0
Oct 5 08:30:53 np0005471147 proxy-server[126090]: 172.18.0.178 172.18.0.104 05/Oct/2025/08/30/53 GET /v1/AUTH_ffbb1c514d6a4f40a7f8a9f769bc781a/gnocchi.25a1eb0e-726c-49ea-b034-65511fd14d47%3Fformat%3Djson%26states%3Dlisting HTTP/1.0 200 - python-swiftclient-3.11.1 gAAAAABo4ixPODjF... - 2 - tx5428a1dfbabb484cbcb65-0068e22cbd - 0.0241 - - 1759653053.611290932 1759653053.635430574 0
Oct 5 08:30:53 np0005471147 account-server[123777]: 172.20.0.103 - - [05/Oct/2025:08:30:53 +0000] "PUT /d1/852/AUTH_ffbb1c514d6a4f40a7f8a9f769bc781a/gnocchi.5cd9b367-abdc-45e9-a02e-9d779cc0e4a9" 201 - "PUT http://172.20.0.103:6001/d1/154/AUTH_ffbb1c514d6a4f40a7f8a9f769bc781a/gnocchi.5cd9b367-abdc-45e9-a02e-9d779cc0e4a9" "txdde83e9da3a04350932ad-0068e22cbd" "container-server 21" 0.0044 "-" 21 0
Oct 5 08:30:53 np0005471147 container-server[124226]: 172.20.0.105 - - [05/Oct/2025:08:30:53 +0000] "PUT /d1/154/AUTH_ffbb1c514d6a4f40a7f8a9f769bc781a/gnocchi.5cd9b367-abdc-45e9-a02e-9d779cc0e4a9" 201 - "PUT http://172.18.0.178:8080/v1/AUTH_ffbb1c514d6a4f40a7f8a9f769bc781a/gnocchi.5cd9b367-abdc-45e9-a02e-9d779cc0e4a9" "txdde83e9da3a04350932ad-0068e22cbd" "proxy-server 20" 0.0162 "-" 23 0
Oct 5 08:30:53 np0005471147 object-server[124620]: 172.20.0.103 - - [05/Oct/2025:08:30:53 +0000] "GET /d1/449/AUTH_ffbb1c514d6a4f40a7f8a9f769bc781a/gnocchi.25a1eb0e-726c-49ea-b034-65511fd14d47/1759320000.0_mean_300.0_v3" 404 70 "GET http://172.18.0.178:8080/v1/AUTH_ffbb1c514d6a4f40a7f8a9f769bc781a/gnocchi.25a1eb0e-726c-49ea-b034-65511fd14d47/1759320000.0_mean_300.0_v3" "tx371318b5bd8e4f528fd00-0068e22cbd" "proxy-server 20" 0.0004 "-" 22 0
Oct 5 08:30:53 np0005471147 proxy-server[126090]: - - 05/Oct/2025/08/30/53 HEAD /v1/AUTH_ffbb1c514d6a4f40a7f8a9f769bc781a/gnocchi.5cd9b367-abdc-45e9-a02e-9d779cc0e4a9%3Fformat%3Djson%26states%3Dlisting HTTP/1.0 204 - Swift - - - - tx37045d3f2e6d4872b21c1-0068e22cbd - 0.0091 RL - 1759653053.657434464 1759653053.666580439 0
Oct 5 08:30:53 np0005471147 container-server[124226]: 172.20.0.104 - - [05/Oct/2025:08:30:53 +0000] "GET /d1/154/AUTH_ffbb1c514d6a4f40a7f8a9f769bc781a/gnocchi.5cd9b367-abdc-45e9-a02e-9d779cc0e4a9" 200 2 "GET http://172.18.0.178:8080/v1/AUTH_ffbb1c514d6a4f40a7f8a9f769bc781a/gnocchi.5cd9b367-abdc-45e9-a02e-9d779cc0e4a9?format=json&states=listing" "tx37045d3f2e6d4872b21c1-0068e22cbd" "proxy-server 20" 0.0036 "-" 23 0
Oct 5 08:30:53 np0005471147 proxy-server[126090]: 172.18.0.103 172.18.0.104 05/Oct/2025/08/30/53 GET /v1/AUTH_ffbb1c514d6a4f40a7f8a9f769bc781a/gnocchi.5cd9b367-abdc-45e9-a02e-9d779cc0e4a9%3Fformat%3Djson%26states%3Dlisting HTTP/1.0 200 - python-swiftclient-3.11.1 gAAAAABo4iyYaC5C... - 2 - tx37045d3f2e6d4872b21c1-0068e22cbd - 0.0253 - - 1759653053.655451059 1759653053.680703402 0
Oct 5 08:30:53 np0005471147 container-server[124199]: 172.20.0.105 - - [05/Oct/2025:08:30:53 +0000] "PUT /d1/975/AUTH_ffbb1c514d6a4f40a7f8a9f769bc781a/gnocchi.25a1eb0e-726c-49ea-b034-65511fd14d47/1759320000.0_mean_300.0_v3" 201 - "PUT http://172.18.0.178:8080/d1/449/AUTH_ffbb1c514d6a4f40a7f8a9f769bc781a/gnocchi.25a1eb0e-726c-49ea-b034-65511fd14d47/1759320000.0_mean_300.0_v3" "tx134fe8fd1eac47ae9f714-0068e22cbd" "object-server 24" 0.0008 "-" 21 0
Oct 5 08:30:53 np0005471147 object-server[124620]: 172.20.0.105 - - [05/Oct/2025:08:30:53 +0000] "PUT /d1/449/AUTH_ffbb1c514d6a4f40a7f8a9f769bc781a/gnocchi.25a1eb0e-726c-49ea-b034-65511fd14d47/1759320000.0_mean_300.0_v3" 201 - "PUT http://172.18.0.178:8080/v1/AUTH_ffbb1c514d6a4f40a7f8a9f769bc781a/gnocchi.25a1eb0e-726c-49ea-b034-65511fd14d47/1759320000.0_mean_300.0_v3" "tx134fe8fd1eac47ae9f714-0068e22cbd" "proxy-server 20" 0.0156 "-" 22 0
Oct 5 08:30:53 np0005471147 object-server[124621]: 172.20.0.103 - - [05/Oct/2025:08:30:53 +0000] "GET /d1/936/AUTH_ffbb1c514d6a4f40a7f8a9f769bc781a/gnocchi.5cd9b367-abdc-45e9-a02e-9d779cc0e4a9/1759320000.0_mean_300.0_v3" 404 70 "GET http://172.18.0.178:8080/v1/AUTH_ffbb1c514d6a4f40a7f8a9f769bc781a/gnocchi.5cd9b367-abdc-45e9-a02e-9d779cc0e4a9/1759320000.0_mean_300.0_v3" "tx079d4f07a9b7418d98641-0068e22cbd" "proxy-server 20" 0.0003 "-" 23 0
Oct 5 08:30:53 np0005471147 container-server[124226]: 172.20.0.103 - - [05/Oct/2025:08:30:53 +0000] "PUT /d1/975/AUTH_ffbb1c514d6a4f40a7f8a9f769bc781a/gnocchi.25a1eb0e-726c-49ea-b034-65511fd14d47/none_v3" 201 - "PUT http://172.18.0.178:8080/d1/905/AUTH_ffbb1c514d6a4f40a7f8a9f769bc781a/gnocchi.25a1eb0e-726c-49ea-b034-65511fd14d47/none_v3" "txf52c513ca03d417a9178d-0068e22cbd" "object-server 23" 0.0005 "-" 23 0
Oct 5 08:30:53 np0005471147 container-server[124208]: 172.20.0.105 - - [05/Oct/2025:08:30:53 +0000] "PUT /d1/154/AUTH_ffbb1c514d6a4f40a7f8a9f769bc781a/gnocchi.5cd9b367-abdc-45e9-a02e-9d779cc0e4a9/1759320000.0_mean_300.0_v3" 201 - "PUT http://172.18.0.178:8080/d1/936/AUTH_ffbb1c514d6a4f40a7f8a9f769bc781a/gnocchi.5cd9b367-abdc-45e9-a02e-9d779cc0e4a9/1759320000.0_mean_300.0_v3" "tx36e5c694a0f146f090024-0068e22cbd" "object-server 23" 0.0008 "-" 22 0
Oct 5 08:30:53 np0005471147 object-server[124624]: 172.20.0.104 - - [05/Oct/2025:08:30:53 +0000] "PUT /d1/905/AUTH_ffbb1c514d6a4f40a7f8a9f769bc781a/gnocchi.25a1eb0e-726c-49ea-b034-65511fd14d47/none_v3" 201 - "PUT http://172.18.0.178:8080/v1/AUTH_ffbb1c514d6a4f40a7f8a9f769bc781a/gnocchi.25a1eb0e-726c-49ea-b034-65511fd14d47/none_v3" "txf52c513ca03d417a9178d-0068e22cbd" "proxy-server 20" 0.0222 "-" 25 0
Oct 5 08:30:53 np0005471147 object-server[124621]: 172.20.0.105 - - [05/Oct/2025:08:30:53 +0000] "PUT /d1/936/AUTH_ffbb1c514d6a4f40a7f8a9f769bc781a/gnocchi.5cd9b367-abdc-45e9-a02e-9d779cc0e4a9/1759320000.0_mean_300.0_v3" 201 - "PUT http://172.18.0.178:8080/v1/AUTH_ffbb1c514d6a4f40a7f8a9f769bc781a/gnocchi.5cd9b367-abdc-45e9-a02e-9d779cc0e4a9/1759320000.0_mean_300.0_v3" "tx36e5c694a0f146f090024-0068e22cbd" "proxy-server 20" 0.0137 "-" 23 0
Oct 5 08:30:53 np0005471147 proxy-server[126090]: 172.18.0.178 172.18.0.104 05/Oct/2025/08/30/53 PUT /v1/AUTH_ffbb1c514d6a4f40a7f8a9f769bc781a/gnocchi.25a1eb0e-726c-49ea-b034-65511fd14d47/none_v3 HTTP/1.0 201 - python-swiftclient-3.11.1 gAAAAABo4ixPODjF... 22 - - txf52c513ca03d417a9178d-0068e22cbd - 0.0330 - - 1759653053.696911812 1759653053.729873896 0
Oct 5 08:30:53 np0005471147 object-server[124623]: 172.20.0.103 - - [05/Oct/2025:08:30:53 +0000] "PUT /d1/587/AUTH_ffbb1c514d6a4f40a7f8a9f769bc781a/gnocchi.5cd9b367-abdc-45e9-a02e-9d779cc0e4a9/none_v3" 201 - "PUT http://172.18.0.178:8080/v1/AUTH_ffbb1c514d6a4f40a7f8a9f769bc781a/gnocchi.5cd9b367-abdc-45e9-a02e-9d779cc0e4a9/none_v3" "txcbd0cd50721840c792087-0068e22cbd" "proxy-server 20" 0.0150 "-" 24 0
Oct 5 08:30:53 np0005471147 container-server[124208]: 172.20.0.103 - - [05/Oct/2025:08:30:53 +0000] "PUT /d1/154/AUTH_ffbb1c514d6a4f40a7f8a9f769bc781a/gnocchi.5cd9b367-abdc-45e9-a02e-9d779cc0e4a9/none_v3" 201 - "PUT http://172.18.0.178:8080/d1/587/AUTH_ffbb1c514d6a4f40a7f8a9f769bc781a/gnocchi.5cd9b367-abdc-45e9-a02e-9d779cc0e4a9/none_v3" "txcbd0cd50721840c792087-0068e22cbd" "object-server 23" 0.0007 "-" 22 0
Oct 5 08:31:03 np0005471147 account-server[123779]: 172.20.0.105 - - [05/Oct/2025:08:31:03 +0000] "HEAD /d1/525/.expiring_objects" 404 - "HEAD http://localhost/v1/.expiring_objects?format=json" "tx5a45ecd79b904325ae1a6-0068e22cc7" "proxy-server 2" 0.0006 "-" 22 -
Oct 5 08:31:03 np0005471147 account-server[123777]: 172.20.0.103 - - [05/Oct/2025:08:31:03 +0000] "HEAD /d1/525/.expiring_objects" 404 - "HEAD http://localhost/v1/.expiring_objects?format=json" "txfa68f36d0a8c42a79ec7b-0068e22cc7" "proxy-server 2" 0.0005 "-" 21 -
Oct 5 08:31:04 np0005471147 container-server[123807]: Beginning replication run
Oct 5 08:31:04 np0005471147 container-server[123807]: Replication run OVER
Oct 5 08:31:04 np0005471147 container-server[123807]: Attempted to replicate 22 dbs in 0.47902 seconds (45.92685/s)
Oct 5 08:31:04 np0005471147 container-server[123807]: Removed 0 dbs
Oct 5 08:31:04 np0005471147 container-server[123807]: 44 successes, 0 failures
Oct 5 08:31:04 np0005471147 container-server[123807]: diff:0 diff_capped:0 empty:0 hashmatch:0 no_change:44 remote_merge:0 rsync:0 ts_repl:0
Oct 5 08:31:18 np0005471147 account-server[123475]: Beginning replication run
Oct 5 08:31:18 np0005471147 account-server[123475]: Replication run OVER
Oct 5 08:31:18 np0005471147 account-server[123475]: Attempted to replicate 1 dbs in 0.02549 seconds (39.23011/s)
Oct 5 08:31:18 np0005471147 account-server[123475]: Removed 0 dbs
Oct 5 08:31:18 np0005471147 account-server[123475]: 2 successes, 0 failures
Oct 5 08:31:18 np0005471147 account-server[123475]: diff:0 diff_capped:0 empty:0 hashmatch:0 no_change:2 remote_merge:0 rsync:0 ts_repl:0
Oct 5 08:31:19 np0005471147 object-server[124342]: Starting object replication pass.
Oct 5 08:31:20 np0005471147 object-server[124342]: 44/44 (100.00%) partitions replicated in 0.40s (108.72/sec, 0s remaining)
Oct 5 08:31:20 np0005471147 object-server[124342]: 88 successes, 0 failures
Oct 5 08:31:20 np0005471147 object-server[124342]: 44 suffixes checked - 0.00% hashed, 0.00% synced
Oct 5 08:31:20 np0005471147 object-server[124342]: Partition times: max 0.0180s, min 0.0049s, med 0.0083s
Oct 5 08:31:20 np0005471147 object-server[124342]: Object replication complete. (0.01 minutes)
Oct 5 08:31:21 np0005471147 object-server[227803]: Begin object audit "forever" mode (ZBF)
Oct 5 08:31:21 np0005471147 object-server[227804]: Begin object audit "forever" mode (ALL)
Oct 5 08:31:21 np0005471147 object-server[227803]: Object audit (ZBF). Since Sun Oct 5 08:31:21 2025: Locally: 1 passed, 0 quarantined, 0 errors, files/sec: 525.14, bytes/sec: 0.00, Total time: 0.00, Auditing time: 0.00, Rate: 0.00
Oct 5 08:31:21 np0005471147 object-server[227804]: Object audit (ALL). Since Sun Oct 5 08:31:21 2025: Locally: 1 passed, 0 quarantined, 0 errors, files/sec: 103.33, bytes/sec: 1653.25, Total time: 0.01, Auditing time: 0.00, Rate: 0.00
Oct 5 08:31:22 np0005471147 object-server[227803]: Object audit (ZBF) "forever" mode completed: 0.84s. Total quarantined: 0, Total errors: 0, Total files/sec: 52.18, Total bytes/sec: 0.00, Auditing time: 0.83, Rate: 0.99
Oct 5 08:31:23 np0005471147 object-server[227804]: Object audit (ALL) "forever" mode completed: 2.11s. Total quarantined: 0, Total errors: 0, Total files/sec: 20.84, Total bytes/sec: 400.62, Auditing time: 2.10, Rate: 0.99
Oct 5 08:31:34 np0005471147 container-server[123807]: Beginning replication run
Oct 5 08:31:34 np0005471147 container-server[123807]: Replication run OVER
Oct 5 08:31:34 np0005471147 container-server[123807]: Attempted to replicate 22 dbs in 0.42654 seconds (51.57767/s)
Oct 5 08:31:34 np0005471147 container-server[123807]: Removed 0 dbs
Oct 5 08:31:34 np0005471147 container-server[123807]: 44 successes, 0 failures
Oct 5 08:31:34 np0005471147 container-server[123807]: diff:0 diff_capped:0 empty:0 hashmatch:0 no_change:44 remote_merge:0 rsync:0 ts_repl:0
Oct 5 08:31:48 np0005471147 account-server[123475]: Beginning replication run
Oct 5 08:31:48 np0005471147 account-server[123475]: Replication run OVER
Oct 5 08:31:48 np0005471147 account-server[123475]: Attempted to replicate 1 dbs in 0.01867 seconds (53.57092/s)
Oct 5 08:31:48 np0005471147 account-server[123475]: Removed 0 dbs
Oct 5 08:31:48 np0005471147 account-server[123475]: 2 successes, 0 failures
Oct 5 08:31:48 np0005471147 account-server[123475]: diff:0 diff_capped:0 empty:0 hashmatch:0 no_change:2 remote_merge:0 rsync:0 ts_repl:0
Oct 5 08:31:50 np0005471147 object-server[124342]: Starting object replication pass.
Oct 5 08:31:50 np0005471147 object-server[124342]: 44/44 (100.00%) partitions replicated in 0.40s (108.73/sec, 0s remaining)
Oct 5 08:31:50 np0005471147 object-server[124342]: 88 successes, 0 failures
Oct 5 08:31:50 np0005471147 object-server[124342]: 44 suffixes checked - 0.00% hashed, 0.00% synced
Oct 5 08:31:50 np0005471147 object-server[124342]: Partition times: max 0.0157s, min 0.0053s, med 0.0083s
Oct 5 08:31:50 np0005471147 object-server[124342]: Object replication complete. (0.01 minutes)
Oct 5 08:31:52 np0005471147 object-server[227886]: Begin object audit "forever" mode (ZBF)
Oct 5 08:31:52 np0005471147 object-server[227886]: Object audit (ZBF). Since Sun Oct 5 08:31:52 2025: Locally: 1 passed, 0 quarantined, 0 errors, files/sec: 528.12, bytes/sec: 0.00, Total time: 0.00, Auditing time: 0.00, Rate: 0.00
Oct 5 08:31:53 np0005471147 object-server[227886]: Object audit (ZBF) "forever" mode completed: 0.84s. Total quarantined: 0, Total errors: 0, Total files/sec: 52.15, Total bytes/sec: 0.00, Auditing time: 0.83, Rate: 0.98
Oct 5 08:32:04 np0005471147 container-server[123807]: Beginning replication run
Oct 5 08:32:04 np0005471147 container-server[123807]: Replication run OVER
Oct 5 08:32:04 np0005471147 container-server[123807]: Attempted to replicate 22 dbs in 0.43126 seconds (51.01354/s)
Oct 5 08:32:04 np0005471147 container-server[123807]: Removed 0 dbs
Oct 5 08:32:04 np0005471147 container-server[123807]: 44 successes, 0 failures
Oct 5 08:32:04 np0005471147 container-server[123807]: diff:0 diff_capped:0 empty:0 hashmatch:0 no_change:44 remote_merge:0 rsync:0 ts_repl:0
Oct 5 08:32:10 np0005471147 container-server[123913]: Begin container update sweep
Oct 5 08:32:10 np0005471147 account-server[123791]: 172.20.0.104 - - [05/Oct/2025:08:32:10 +0000] "PUT /d1/852/AUTH_ffbb1c514d6a4f40a7f8a9f769bc781a/gnocchi.ec8ae746-e870-4212-b449-049a01fc2765" 201 - "-" "-" "container-updater 2" 0.0011 "-" 23 0
Oct 5 08:32:10 np0005471147 account-server[123769]: 172.20.0.104 - - [05/Oct/2025:08:32:10 +0000] "PUT /d1/852/AUTH_ffbb1c514d6a4f40a7f8a9f769bc781a/gnocchi.cebab2a7-ecec-4c42-b8fc-013a1ede8d36" 201 - "-" "-" "container-updater 2" 0.0006 "-" 20 0
Oct 5 08:32:10 np0005471147 account-server[123777]: 172.20.0.104 - - [05/Oct/2025:08:32:10 +0000] "PUT /d1/852/AUTH_ffbb1c514d6a4f40a7f8a9f769bc781a/gnocchi.34d0c3fe-275b-44da-a4d2-7d85fffb2a30" 201 - "-" "-" "container-updater 2" 0.0006 "-" 21 0
Oct 5 08:32:10 np0005471147 account-server[123791]: 172.20.0.104 - - [05/Oct/2025:08:32:10 +0000] "PUT /d1/852/AUTH_ffbb1c514d6a4f40a7f8a9f769bc781a/gnocchi.630ced32-f036-4c8c-bebe-dfa7df1b4507" 201 - "-" "-" "container-updater 2" 0.0006 "-" 23 0
Oct 5 08:32:10 np0005471147 account-server[123779]: 172.20.0.104 - - [05/Oct/2025:08:32:10 +0000] "PUT /d1/852/AUTH_ffbb1c514d6a4f40a7f8a9f769bc781a/gnocchi.25a1eb0e-726c-49ea-b034-65511fd14d47" 201 - "-" "-" "container-updater 2" 0.0004 "-" 22 0
Oct 5 08:32:10 np0005471147 account-server[123769]: 172.20.0.104 - - [05/Oct/2025:08:32:10 +0000] "PUT /d1/852/AUTH_ffbb1c514d6a4f40a7f8a9f769bc781a/gnocchi.3b18e974-54e7-4113-bd79-01f93e83d4ff" 201 - "-" "-" "container-updater 2" 0.0007 "-" 20 0
Oct 5 08:32:10 np0005471147 account-server[123769]: 172.20.0.104 - - [05/Oct/2025:08:32:10 +0000] "PUT /d1/852/AUTH_ffbb1c514d6a4f40a7f8a9f769bc781a/gnocchi.438e0e68-ec6d-4307-aed3-840f4b7d7c0d" 201 - "-" "-" "container-updater 2" 0.0007 "-" 20 0
Oct 5 08:32:10 np0005471147 account-server[123769]: 172.20.0.104 - - [05/Oct/2025:08:32:10 +0000] "PUT /d1/852/AUTH_ffbb1c514d6a4f40a7f8a9f769bc781a/gnocchi.974be382-e87f-4bea-a8ca-7e62c2bdd3fd" 201 - "-" "-" "container-updater 2" 0.0007 "-" 20 0
Oct 5 08:32:11 np0005471147 account-server[123791]: 172.20.0.104 - - [05/Oct/2025:08:32:11 +0000] "PUT /d1/852/AUTH_ffbb1c514d6a4f40a7f8a9f769bc781a/gnocchi.7b1cfb9f-e398-41bd-b164-31557797eb07" 201 - "-" "-" "container-updater 2" 0.0004 "-" 23 0
Oct 5 08:32:11 np0005471147 account-server[123779]: 172.20.0.104 - - [05/Oct/2025:08:32:11 +0000] "PUT /d1/852/AUTH_ffbb1c514d6a4f40a7f8a9f769bc781a/gnocchi.80bb1bb0-b35e-4ba8-a2bb-fd16b5b44bba" 201 - "-" "-" "container-updater 2" 0.0007 "-" 22 0
Oct 5 08:32:11 np0005471147 account-server[123769]: 172.20.0.104 - - [05/Oct/2025:08:32:11 +0000] "PUT /d1/852/AUTH_ffbb1c514d6a4f40a7f8a9f769bc781a/gnocchi.dda64f45-a86b-4fc6-83cd-239cb3b859f1" 201 - "-" "-" "container-updater 2" 0.0007 "-" 20 0
Oct 5 08:32:11 np0005471147 account-server[123779]: 172.20.0.104 - - [05/Oct/2025:08:32:11 +0000] "PUT /d1/852/AUTH_ffbb1c514d6a4f40a7f8a9f769bc781a/gnocchi.c1f22f51-3ab2-4ed3-a2be-e913312125fc" 201 - "-" "-" "container-updater 2" 0.0007 "-" 22 0
Oct 5 08:32:11 np0005471147 account-server[123769]: 172.20.0.104 - - [05/Oct/2025:08:32:11 +0000] "PUT /d1/852/AUTH_ffbb1c514d6a4f40a7f8a9f769bc781a/gnocchi.b91482ff-72d8-413b-96ef-5b7c844cebdb" 201 - "-" "-" "container-updater 2" 0.0006 "-" 20 0
Oct 5 08:32:11 np0005471147 account-server[123777]: 172.20.0.104 - - [05/Oct/2025:08:32:11 +0000] "PUT /d1/852/AUTH_ffbb1c514d6a4f40a7f8a9f769bc781a/gnocchi.812d8853-9830-4007-a8c4-a077946f8fcd" 201 - "-" "-" "container-updater 2" 0.0006 "-" 21 0
Oct 5 08:32:11 np0005471147 account-server[123791]: 172.20.0.104 - - [05/Oct/2025:08:32:11 +0000] "PUT /d1/852/AUTH_ffbb1c514d6a4f40a7f8a9f769bc781a/gnocchi.6aa7b351-85b7-4149-aa8e-ba7242fca0e1" 201 - "-" "-" "container-updater 2" 0.0005 "-" 23 0
Oct 5 08:32:11 np0005471147 account-server[123769]: 172.20.0.104 - - [05/Oct/2025:08:32:11 +0000] "PUT /d1/852/AUTH_ffbb1c514d6a4f40a7f8a9f769bc781a/gnocchi.9749cebc-76ac-4f62-8e0c-8f08d99893f2" 201 - "-" "-" "container-updater 2" 0.0006 "-" 20 0
Oct 5 08:32:11 np0005471147 account-server[123791]: 172.20.0.104 - - [05/Oct/2025:08:32:11 +0000] "PUT /d1/852/AUTH_ffbb1c514d6a4f40a7f8a9f769bc781a/gnocchi.c55ef7d8-2b83-4ed6-a53d-9b74da124da8" 201 - "-" "-" "container-updater 2" 0.0006 "-" 23 0
Oct 5 08:32:11 np0005471147 account-server[123779]: 172.20.0.104 - - [05/Oct/2025:08:32:11 +0000] "PUT /d1/852/AUTH_ffbb1c514d6a4f40a7f8a9f769bc781a/gnocchi.a83cb81b-2f4e-4dac-9d1d-aae43909f5cf" 201 - "-" "-" "container-updater 2" 0.0007 "-" 22 0
Oct 5 08:32:11 np0005471147 account-server[123791]: 172.20.0.104 - - [05/Oct/2025:08:32:11 +0000] "PUT /d1/852/AUTH_ffbb1c514d6a4f40a7f8a9f769bc781a/gnocchi.5cd9b367-abdc-45e9-a02e-9d779cc0e4a9" 201 - "-" "-" "container-updater 2" 0.0007 "-" 23 0
Oct 5 08:32:12 np0005471147 account-server[123779]: 172.20.0.104 - - [05/Oct/2025:08:32:12 +0000] "PUT /d1/852/AUTH_ffbb1c514d6a4f40a7f8a9f769bc781a/gnocchi.dc714135-6941-4d66-9b10-c41e5af38b8b" 201 - "-" "-" "container-updater 2" 0.0007 "-" 22 0
Oct 5 08:32:12 np0005471147 account-server[123777]: 172.20.0.104 - - [05/Oct/2025:08:32:12 +0000] "PUT /d1/852/AUTH_ffbb1c514d6a4f40a7f8a9f769bc781a/gnocchi.d7bf58e5-8403-494e-8e17-f805dbdcc75e" 201 - "-" "-" "container-updater 2" 0.0004 "-" 21 0
Oct 5 08:32:12 np0005471147 account-server[123769]: 172.20.0.104 - - [05/Oct/2025:08:32:12 +0000] "PUT /d1/852/AUTH_ffbb1c514d6a4f40a7f8a9f769bc781a/gnocchi.58b8b3cd-db26-4cc8-8a89-b9b578bed098" 201 - "-" "-" "container-updater 2" 0.0006 "-" 20 0
Oct 5 08:32:12 np0005471147 container-server[123913]: Container update sweep completed: 1.98s
