Oct 5 08:26:18 np0005471147 object-server[124342]: Object replication complete. (0.00 minutes)
Oct 5 08:26:19 np0005471147 object-server[198145]: Begin object audit "forever" mode (ZBF)
Oct 5 08:26:19 np0005471147 object-server[198146]: Begin object audit "forever" mode (ALL)
Oct 5 08:26:19 np0005471147 object-server[198145]: Object audit (ZBF) "forever" mode completed: 0.00s. Total quarantined: 0, Total errors: 0, Total files/sec: 0.00, Total bytes/sec: 0.00, Auditing time: 0.00, Rate: 0.00
Oct 5 08:26:19 np0005471147 object-server[198146]: Object audit (ALL) "forever" mode completed: 0.00s. Total quarantined: 0, Total errors: 0, Total files/sec: 0.00, Total bytes/sec: 0.00, Auditing time: 0.00, Rate: 0.00
Oct 5 08:26:34 np0005471147 container-server[123807]: Beginning replication run
Oct 5 08:26:34 np0005471147 container-server[123807]: Replication run OVER
Oct 5 08:26:34 np0005471147 container-server[123807]: Attempted to replicate 0 dbs in 0.00152 seconds (0.00000/s)
Oct 5 08:26:34 np0005471147 container-server[123807]: Removed 0 dbs
Oct 5 08:26:34 np0005471147 container-server[123807]: 0 successes, 0 failures
Oct 5 08:26:34 np0005471147 container-server[123807]: diff:0 diff_capped:0 empty:0 hashmatch:0 no_change:0 remote_merge:0 rsync:0 ts_repl:0
Oct 5 08:26:43 np0005471147 account-server[123423]: Devices pass completed: 0.00s
Oct 5 08:26:48 np0005471147 account-server[123475]: Beginning replication run
Oct 5 08:26:48 np0005471147 account-server[123475]: Replication run OVER
Oct 5 08:26:48 np0005471147 account-server[123475]: Attempted to replicate 0 dbs in 0.00159 seconds (0.00000/s)
Oct 5 08:26:48 np0005471147 account-server[123475]: Removed 0 dbs
Oct 5 08:26:48 np0005471147 account-server[123475]: 0 successes, 0 failures
Oct 5 08:26:48 np0005471147 account-server[123475]: diff:0 diff_capped:0 empty:0 hashmatch:0 no_change:0 remote_merge:0 rsync:0 ts_repl:0
Oct 5 08:26:48 np0005471147 object-server[124342]: Starting object replication pass.
Oct 5 08:26:48 np0005471147 object-server[124342]: Nothing replicated for 0.004800558090209961 seconds.
Oct 5 08:26:48 np0005471147 object-server[124342]: Object replication complete. (0.00 minutes)
Oct 5 08:26:49 np0005471147 object-server[198147]: Begin object audit "forever" mode (ZBF)
Oct 5 08:26:49 np0005471147 object-server[198147]: Object audit (ZBF) "forever" mode completed: 0.00s. Total quarantined: 0, Total errors: 0, Total files/sec: 0.00, Total bytes/sec: 0.00, Auditing time: 0.00, Rate: 0.00
Oct 5 08:27:04 np0005471147 container-server[123807]: Beginning replication run
Oct 5 08:27:04 np0005471147 container-server[123807]: Replication run OVER
Oct 5 08:27:04 np0005471147 container-server[123807]: Attempted to replicate 0 dbs in 0.00188 seconds (0.00000/s)
Oct 5 08:27:04 np0005471147 container-server[123807]: Removed 0 dbs
Oct 5 08:27:04 np0005471147 container-server[123807]: 0 successes, 0 failures
Oct 5 08:27:04 np0005471147 container-server[123807]: diff:0 diff_capped:0 empty:0 hashmatch:0 no_change:0 remote_merge:0 rsync:0 ts_repl:0
Oct 5 08:27:10 np0005471147 container-server[123913]: Begin container update sweep
Oct 5 08:27:10 np0005471147 container-server[123913]: Container update sweep completed: 0.00s
Oct 5 08:27:11 np0005471147 account-server[123777]: 172.20.0.105 - - [05/Oct/2025:08:27:11 +0000] "HEAD /d1/525/.expiring_objects" 404 - "HEAD http://localhost/v1/.expiring_objects?format=json" "tx41708085456043708fa00-0068e22bdf" "proxy-server 2" 0.0009 "-" 21 -
Oct 5 08:27:18 np0005471147 account-server[123475]: Beginning replication run
Oct 5 08:27:18 np0005471147 account-server[123475]: Replication run OVER
Oct 5 08:27:18 np0005471147 account-server[123475]: Attempted to replicate 0 dbs in 0.00247 seconds (0.00000/s)
Oct 5 08:27:18 np0005471147 account-server[123475]: Removed 0 dbs
Oct 5 08:27:18 np0005471147 account-server[123475]: 0 successes, 0 failures
Oct 5 08:27:18 np0005471147 account-server[123475]: diff:0 diff_capped:0 empty:0 hashmatch:0 no_change:0 remote_merge:0 rsync:0 ts_repl:0
Oct 5 08:27:18 np0005471147 object-server[124342]: Starting object replication pass.
Oct 5 08:27:18 np0005471147 object-server[124342]: Nothing replicated for 0.004806041717529297 seconds.
Oct 5 08:27:18 np0005471147 object-server[124342]: Object replication complete. (0.00 minutes)
Oct 5 08:27:19 np0005471147 object-server[204290]: Begin object audit "forever" mode (ZBF)
Oct 5 08:27:19 np0005471147 object-server[204291]: Begin object audit "forever" mode (ALL)
Oct 5 08:27:19 np0005471147 object-server[204290]: Object audit (ZBF) "forever" mode completed: 0.00s. Total quarantined: 0, Total errors: 0, Total files/sec: 0.00, Total bytes/sec: 0.00, Auditing time: 0.00, Rate: 0.00
Oct 5 08:27:19 np0005471147 object-server[204291]: Object audit (ALL) "forever" mode completed: 0.00s. Total quarantined: 0, Total errors: 0, Total files/sec: 0.00, Total bytes/sec: 0.00, Auditing time: 0.00, Rate: 0.00
Oct 5 08:27:34 np0005471147 container-server[123807]: Beginning replication run
Oct 5 08:27:34 np0005471147 container-server[123807]: Replication run OVER
Oct 5 08:27:34 np0005471147 container-server[123807]: Attempted to replicate 0 dbs in 0.00171 seconds (0.00000/s)
Oct 5 08:27:34 np0005471147 container-server[123807]: Removed 0 dbs
Oct 5 08:27:34 np0005471147 container-server[123807]: 0 successes, 0 failures
Oct 5 08:27:34 np0005471147 container-server[123807]: diff:0 diff_capped:0 empty:0 hashmatch:0 no_change:0 remote_merge:0 rsync:0 ts_repl:0
Oct 5 08:27:39 np0005471147 account-server[123777]: 172.20.0.104 - - [05/Oct/2025:08:27:39 +0000] "HEAD /d1/525/.expiring_objects" 404 - "HEAD http://localhost/v1/.expiring_objects?format=json" "txce0628aaeafc4cceacac9-0068e22bfb" "proxy-server 2" 0.0008 "-" 21 -
Oct 5 08:27:39 np0005471147 object-expirer[124195]: Pass completed in 0s; 0 objects expired (txn: txce0628aaeafc4cceacac9-0068e22bfb)
Oct 5 08:27:48 np0005471147 account-server[123475]: Beginning replication run
Oct 5 08:27:48 np0005471147 account-server[123475]: Replication run OVER
Oct 5 08:27:48 np0005471147 account-server[123475]: Attempted to replicate 0 dbs in 0.00268 seconds (0.00000/s)
Oct 5 08:27:48 np0005471147 account-server[123475]: Removed 0 dbs
Oct 5 08:27:48 np0005471147 account-server[123475]: 0 successes, 0 failures
Oct 5 08:27:48 np0005471147 account-server[123475]: diff:0 diff_capped:0 empty:0 hashmatch:0 no_change:0 remote_merge:0 rsync:0 ts_repl:0
Oct 5 08:27:48 np0005471147 object-server[124342]: Starting object replication pass.
Oct 5 08:27:48 np0005471147 object-server[124342]: Nothing replicated for 0.0037078857421875 seconds.
Oct 5 08:27:48 np0005471147 object-server[124342]: Object replication complete. (0.00 minutes)
Oct 5 08:27:49 np0005471147 object-server[204300]: Begin object audit "forever" mode (ZBF)
Oct 5 08:27:49 np0005471147 object-server[204300]: Object audit (ZBF) "forever" mode completed: 0.00s. Total quarantined: 0, Total errors: 0, Total files/sec: 0.00, Total bytes/sec: 0.00, Auditing time: 0.00, Rate: 0.00
Oct 5 08:28:04 np0005471147 container-server[123807]: Beginning replication run
Oct 5 08:28:04 np0005471147 container-server[123807]: Replication run OVER
Oct 5 08:28:04 np0005471147 container-server[123807]: Attempted to replicate 0 dbs in 0.00160 seconds (0.00000/s)
Oct 5 08:28:04 np0005471147 container-server[123807]: Removed 0 dbs
Oct 5 08:28:04 np0005471147 container-server[123807]: 0 successes, 0 failures
Oct 5 08:28:04 np0005471147 container-server[123807]: diff:0 diff_capped:0 empty:0 hashmatch:0 no_change:0 remote_merge:0 rsync:0 ts_repl:0
Oct 5 08:28:18 np0005471147 account-server[123475]: Beginning replication run
Oct 5 08:28:18 np0005471147 account-server[123475]: Replication run OVER
Oct 5 08:28:18 np0005471147 account-server[123475]: Attempted to replicate 0 dbs in 0.00552 seconds (0.00000/s)
Oct 5 08:28:18 np0005471147 account-server[123475]: Removed 0 dbs
Oct 5 08:28:18 np0005471147 account-server[123475]: 0 successes, 0 failures
Oct 5 08:28:18 np0005471147 account-server[123475]: diff:0 diff_capped:0 empty:0 hashmatch:0 no_change:0 remote_merge:0 rsync:0 ts_repl:0
Oct 5 08:28:18 np0005471147 object-server[124342]: Starting object replication pass.
Oct 5 08:28:18 np0005471147 object-server[124342]: Nothing replicated for 0.004087209701538086 seconds.
Oct 5 08:28:18 np0005471147 object-server[124342]: Object replication complete. (0.00 minutes)
Oct 5 08:28:20 np0005471147 object-server[210189]: Begin object audit "forever" mode (ZBF)
Oct 5 08:28:20 np0005471147 object-server[210190]: Begin object audit "forever" mode (ALL)
Oct 5 08:28:20 np0005471147 object-server[210189]: Object audit (ZBF) "forever" mode completed: 0.00s. Total quarantined: 0, Total errors: 0, Total files/sec: 0.00, Total bytes/sec: 0.00, Auditing time: 0.00, Rate: 0.00
Oct 5 08:28:20 np0005471147 object-server[210190]: Object audit (ALL) "forever" mode completed: 0.00s. Total quarantined: 0, Total errors: 0, Total files/sec: 0.00, Total bytes/sec: 0.00, Auditing time: 0.00, Rate: 0.00
Oct 5 08:28:34 np0005471147 container-server[123807]: Beginning replication run
Oct 5 08:28:34 np0005471147 container-server[123807]: Replication run OVER
Oct 5 08:28:34 np0005471147 container-server[123807]: Attempted to replicate 0 dbs in 0.00236 seconds (0.00000/s)
Oct 5 08:28:34 np0005471147 container-server[123807]: Removed 0 dbs
Oct 5 08:28:34 np0005471147 container-server[123807]: 0 successes, 0 failures
Oct 5 08:28:34 np0005471147 container-server[123807]: diff:0 diff_capped:0 empty:0 hashmatch:0 no_change:0 remote_merge:0 rsync:0 ts_repl:0
Oct 5 08:28:48 np0005471147 account-server[123475]: Beginning replication run
Oct 5 08:28:48 np0005471147 account-server[123475]: Replication run OVER
Oct 5 08:28:48 np0005471147 account-server[123475]: Attempted to replicate 0 dbs in 0.00114 seconds (0.00000/s)
Oct 5 08:28:48 np0005471147 account-server[123475]: Removed 0 dbs
Oct 5 08:28:48 np0005471147 account-server[123475]: 0 successes, 0 failures
Oct 5 08:28:48 np0005471147 account-server[123475]: diff:0 diff_capped:0 empty:0 hashmatch:0 no_change:0 remote_merge:0 rsync:0 ts_repl:0
Oct 5 08:28:48 np0005471147 object-server[124342]: Starting object replication pass.
Oct 5 08:28:48 np0005471147 object-server[124342]: Nothing replicated for 0.0036542415618896484 seconds.
Oct 5 08:28:48 np0005471147 object-server[124342]: Object replication complete. (0.00 minutes)
Oct 5 08:28:50 np0005471147 object-server[210197]: Begin object audit "forever" mode (ZBF)
Oct 5 08:28:50 np0005471147 object-server[210197]: Object audit (ZBF) "forever" mode completed: 0.00s. Total quarantined: 0, Total errors: 0, Total files/sec: 0.00, Total bytes/sec: 0.00, Auditing time: 0.00, Rate: 0.00
Oct 5 08:29:03 np0005471147 account-server[123769]: 172.20.0.103 - - [05/Oct/2025:08:29:03 +0000] "HEAD /d1/852/AUTH_ffbb1c514d6a4f40a7f8a9f769bc781a" 404 - "HEAD http://172.18.0.178:8080/v1/AUTH_ffbb1c514d6a4f40a7f8a9f769bc781a?format=json" "tx9e752e9b68e240599b592-0068e22c4f" "proxy-server 20" 0.0005 "-" 20 -
Oct 5 08:29:04 np0005471147 object-server[124620]: 172.20.0.103 - - [05/Oct/2025:08:29:04 +0000] "GET /d1/989/AUTH_ffbb1c514d6a4f40a7f8a9f769bc781a/gnocchi.ec8ae746-e870-4212-b449-049a01fc2765/none_v3" 404 70 "GET http://172.18.0.178:8080/v1/AUTH_ffbb1c514d6a4f40a7f8a9f769bc781a/gnocchi.ec8ae746-e870-4212-b449-049a01fc2765/none_v3" "tx9e752e9b68e240599b592-0068e22c4f" "proxy-server 20" 0.0020 "-" 22 0
Oct 5 08:29:04 np0005471147 container-server[123807]: Beginning replication run
Oct 5 08:29:04 np0005471147 container-server[123807]: Replication run OVER
Oct 5 08:29:04 np0005471147 container-server[123807]: Attempted to replicate 0 dbs in 0.00152 seconds (0.00000/s)
Oct 5 08:29:04 np0005471147 container-server[123807]: Removed 0 dbs
Oct 5 08:29:04 np0005471147 container-server[123807]: 0 successes, 0 failures
Oct 5 08:29:04 np0005471147 container-server[123807]: diff:0 diff_capped:0 empty:0 hashmatch:0 no_change:0 remote_merge:0 rsync:0 ts_repl:0
Oct 5 08:29:04 np0005471147 account-server[123791]: 172.20.0.104 - - [05/Oct/2025:08:29:04 +0000] "PUT /d1/852/AUTH_ffbb1c514d6a4f40a7f8a9f769bc781a" 201 - "-" "tx5b8bea8182ed4e529ba40-0068e22c50" "-" 0.0179 "-" 23 -
Oct 5 08:29:04 np0005471147 proxy-server[126090]: autocreate account '/AUTH_ffbb1c514d6a4f40a7f8a9f769bc781a' (txn: tx5b8bea8182ed4e529ba40-0068e22c50)
Oct 5 08:29:04 np0005471147 account-server[123769]: 172.20.0.104 - - [05/Oct/2025:08:29:04 +0000] "HEAD /d1/852/AUTH_ffbb1c514d6a4f40a7f8a9f769bc781a" 204 - "HEAD http://172.18.0.178:8080/v1/AUTH_ffbb1c514d6a4f40a7f8a9f769bc781a?format=json" "tx5b8bea8182ed4e529ba40-0068e22c50" "proxy-server 20" 0.0030 "-" 20 -
Oct 5 08:29:04 np0005471147 account-server[123779]: 172.20.0.104 - - [05/Oct/2025:08:29:04 +0000] "PUT /d1/852/AUTH_ffbb1c514d6a4f40a7f8a9f769bc781a/gnocchi.ec8ae746-e870-4212-b449-049a01fc2765" 201 - "PUT http://172.20.0.104:6001/d1/395/AUTH_ffbb1c514d6a4f40a7f8a9f769bc781a/gnocchi.ec8ae746-e870-4212-b449-049a01fc2765" "tx5b8bea8182ed4e529ba40-0068e22c50" "container-server 20" 0.0028 "-" 22 0
Oct 5 08:29:04 np0005471147 container-server[124194]: 172.20.0.104 - - [05/Oct/2025:08:29:04 +0000] "PUT /d1/395/AUTH_ffbb1c514d6a4f40a7f8a9f769bc781a/gnocchi.ec8ae746-e870-4212-b449-049a01fc2765" 201 - "PUT http://172.18.0.178:8080/v1/AUTH_ffbb1c514d6a4f40a7f8a9f769bc781a/gnocchi.ec8ae746-e870-4212-b449-049a01fc2765" "tx5b8bea8182ed4e529ba40-0068e22c50" "proxy-server 20" 0.0229 "-" 20 0
Oct 5 08:29:04 np0005471147 proxy-server[126090]: 172.18.0.178 172.18.0.104 05/Oct/2025/08/29/04 PUT /v1/AUTH_ffbb1c514d6a4f40a7f8a9f769bc781a/gnocchi.ec8ae746-e870-4212-b449-049a01fc2765 HTTP/1.0 201 - python-swiftclient-3.11.1 gAAAAABo4ixPODjF... - - - tx5b8bea8182ed4e529ba40-0068e22c50 - 0.0759 - - 1759652944.326552629 1759652944.402420759 0
Oct 5 08:29:04 np0005471147 container-server[124199]: 172.20.0.105 - - [05/Oct/2025:08:29:04 +0000] "GET /d1/395/AUTH_ffbb1c514d6a4f40a7f8a9f769bc781a/gnocchi.ec8ae746-e870-4212-b449-049a01fc2765" 200 2 "GET http://172.18.0.178:8080/v1/AUTH_ffbb1c514d6a4f40a7f8a9f769bc781a/gnocchi.ec8ae746-e870-4212-b449-049a01fc2765?format=json&states=listing" "tx204f0095992046b1a113d-0068e22c50" "proxy-server 20" 0.0057 "-" 21 0
Oct 5 08:29:04 np0005471147 object-server[124624]: 172.20.0.103 - - [05/Oct/2025:08:29:04 +0000] "GET /d1/103/AUTH_ffbb1c514d6a4f40a7f8a9f769bc781a/gnocchi.ec8ae746-e870-4212-b449-049a01fc2765/1759320000.0_mean_300.0_v3" 404 70 "GET http://172.18.0.178:8080/v1/AUTH_ffbb1c514d6a4f40a7f8a9f769bc781a/gnocchi.ec8ae746-e870-4212-b449-049a01fc2765/1759320000.0_mean_300.0_v3" "tx54b8c36895984f159577b-0068e22c50" "proxy-server 20" 0.0013 "-" 25 0
Oct 5 08:29:04 np0005471147 container-server[124194]: 172.20.0.103 - - [05/Oct/2025:08:29:04 +0000] "PUT /d1/395/AUTH_ffbb1c514d6a4f40a7f8a9f769bc781a/gnocchi.ec8ae746-e870-4212-b449-049a01fc2765/1759320000.0_mean_300.0_v3" 201 - "PUT http://172.18.0.178:8080/d1/103/AUTH_ffbb1c514d6a4f40a7f8a9f769bc781a/gnocchi.ec8ae746-e870-4212-b449-049a01fc2765/1759320000.0_mean_300.0_v3" "tx6bcef70f81024b138c51e-0068e22c50" "object-server 24" 0.0010 "-" 20 0
Oct 5 08:29:04 np0005471147 object-server[124624]: 172.20.0.104 - - [05/Oct/2025:08:29:04 +0000] "PUT /d1/103/AUTH_ffbb1c514d6a4f40a7f8a9f769bc781a/gnocchi.ec8ae746-e870-4212-b449-049a01fc2765/1759320000.0_mean_300.0_v3" 201 - "PUT http://172.18.0.178:8080/v1/AUTH_ffbb1c514d6a4f40a7f8a9f769bc781a/gnocchi.ec8ae746-e870-4212-b449-049a01fc2765/1759320000.0_mean_300.0_v3" "tx6bcef70f81024b138c51e-0068e22c50" "proxy-server 20" 0.0418 "-" 25 0
Oct 5 08:29:04 np0005471147 proxy-server[126090]: 172.18.0.178 172.18.0.104 05/Oct/2025/08/29/04 PUT /v1/AUTH_ffbb1c514d6a4f40a7f8a9f769bc781a/gnocchi.ec8ae746-e870-4212-b449-049a01fc2765/1759320000.0_mean_300.0_v3 HTTP/1.0 201 - python-swiftclient-3.11.1 gAAAAABo4ixPODjF... 16 - - tx6bcef70f81024b138c51e-0068e22c50 - 0.0580 - - 1759652944.481227636 1759652944.539263248 0
Oct 5 08:29:04 np0005471147 container-server[124199]: 172.20.0.104 - - [05/Oct/2025:08:29:04 +0000] "PUT /d1/395/AUTH_ffbb1c514d6a4f40a7f8a9f769bc781a/gnocchi.ec8ae746-e870-4212-b449-049a01fc2765/none_v3" 201 - "PUT http://172.18.0.178:8080/d1/989/AUTH_ffbb1c514d6a4f40a7f8a9f769bc781a/gnocchi.ec8ae746-e870-4212-b449-049a01fc2765/none_v3" "tx259fecb56f8b4ec89af2d-0068e22c50" "object-server 25" 0.0009 "-" 21 0
Oct 5 08:29:04 np0005471147 object-server[124624]: 172.20.0.105 - - [05/Oct/2025:08:29:04 +0000] "PUT /d1/989/AUTH_ffbb1c514d6a4f40a7f8a9f769bc781a/gnocchi.ec8ae746-e870-4212-b449-049a01fc2765/none_v3" 201 - "PUT http://172.18.0.178:8080/v1/AUTH_ffbb1c514d6a4f40a7f8a9f769bc781a/gnocchi.ec8ae746-e870-4212-b449-049a01fc2765/none_v3" "tx259fecb56f8b4ec89af2d-0068e22c50" "proxy-server 20" 0.0179 "-" 25 0
Oct 5 08:29:18 np0005471147 account-server[123475]: Beginning replication run
Oct 5 08:29:18 np0005471147 account-server[123475]: Replication run OVER
Oct 5 08:29:18 np0005471147 account-server[123475]: Attempted to replicate 1 dbs in 0.02853 seconds (35.04909/s)
Oct 5 08:29:18 np0005471147 account-server[123475]: Removed 0 dbs
Oct 5 08:29:18 np0005471147 account-server[123475]: 2 successes, 0 failures
Oct 5 08:29:18 np0005471147 account-server[123475]: diff:0 diff_capped:0 empty:0 hashmatch:0 no_change:2 remote_merge:0 rsync:0 ts_repl:0
Oct 5 08:29:18 np0005471147 object-server[124342]: Starting object replication pass.
Oct 5 08:29:19 np0005471147 object-server[124342]: 2/2 (100.00%) partitions replicated in 0.10s (19.28/sec, 0s remaining)
Oct 5 08:29:19 np0005471147 object-server[124342]: 4 successes, 0 failures
Oct 5 08:29:19 np0005471147 object-server[124342]: 2 suffixes checked - 100.00% hashed, 0.00% synced
Oct 5 08:29:19 np0005471147 object-server[124342]: Partition times: max 0.0527s, min 0.0468s, med 0.0527s
Oct 5 08:29:19 np0005471147 object-server[124342]: Object replication complete. (0.00 minutes)
Oct 5 08:29:20 np0005471147 object-server[215906]: Begin object audit "forever" mode (ZBF)
Oct 5 08:29:20 np0005471147 object-server[215907]: Begin object audit "forever" mode (ALL)
Oct 5 08:29:20 np0005471147 object-server[215906]: Object audit (ZBF). Since Sun Oct 5 08:29:20 2025: Locally: 1 passed, 0 quarantined, 0 errors, files/sec: 576.22, bytes/sec: 0.00, Total time: 0.00, Auditing time: 0.00, Rate: 0.00
Oct 5 08:29:20 np0005471147 object-server[215906]: Object audit (ZBF) "forever" mode completed: 0.00s. Total quarantined: 0, Total errors: 0, Total files/sec: 401.52, Total bytes/sec: 0.00, Auditing time: 0.00, Rate: 0.27
Oct 5 08:29:20 np0005471147 object-server[215907]: Object audit (ALL). Since Sun Oct 5 08:29:20 2025: Locally: 1 passed, 0 quarantined, 0 errors, files/sec: 128.01, bytes/sec: 2048.13, Total time: 0.01, Auditing time: 0.00, Rate: 0.00
Oct 5 08:29:20 np0005471147 object-server[215907]: Object audit (ALL) "forever" mode completed: 0.01s. Total quarantined: 0, Total errors: 0, Total files/sec: 179.63, Total bytes/sec: 3413.00, Auditing time: 0.01, Rate: 0.72
Oct 5 08:29:21 np0005471147 object-server[124412]: Begin object update sweep
Oct 5 08:29:21 np0005471147 object-server[216052]: Object update sweep starting on /srv/node/d1 (pid: 14)
Oct 5 08:29:21 np0005471147 object-server[216052]: Object update sweep completed on /srv/node/d1 in 0.00s seconds:, 0 successes, 0 failures, 0 quarantines, 0 unlinks, 0 errors, 0 redirects (pid: 14)
Oct 5 08:29:21 np0005471147 object-server[216052]: Object update sweep of d1 completed: 0.00s, 0 successes, 0 failures, 0 quarantines, 0 unlinks, 0 errors, 0 redirects
Oct 5 08:29:21 np0005471147 object-server[124412]: Object update sweep completed: 0.08s
Oct 5 08:29:34 np0005471147 proxy-server[126090]: 172.18.0.105 172.18.0.104 05/Oct/2025/08/29/34 GET /v1/AUTH_ffbb1c514d6a4f40a7f8a9f769bc781a/gnocchi.ec8ae746-e870-4212-b449-049a01fc2765%3Fformat%3Djson%26states%3Dlisting HTTP/1.0 200 - python-swiftclient-3.11.1 gAAAAABo4ixtepNT... - 357 - tx9804c0267d3c4544b8f89-0068e22c6e - 0.0200 - - 1759652974.121861696 1759652974.141887426 0
Oct 5 08:29:34 np0005471147 container-server[124208]: 172.20.0.105 - - [05/Oct/2025:08:29:34 +0000] "GET /d1/395/AUTH_ffbb1c514d6a4f40a7f8a9f769bc781a/gnocchi.ec8ae746-e870-4212-b449-049a01fc2765" 200 2 "GET http://172.18.0.178:8080/v1/AUTH_ffbb1c514d6a4f40a7f8a9f769bc781a/gnocchi.ec8ae746-e870-4212-b449-049a01fc2765?format=json&marker=none_v3&states=listing" "tx2533e2f0802d4acc85afe-0068e22c6e" "proxy-server 20" 0.0050 "-" 22 0
Oct 5 08:29:34 np0005471147 container-server[124226]: 172.20.0.105 - - [05/Oct/2025:08:29:34 +0000] "PUT /d1/395/AUTH_ffbb1c514d6a4f40a7f8a9f769bc781a/gnocchi.ec8ae746-e870-4212-b449-049a01fc2765/1759320000.0_mean_300.0_v3" 201 - "PUT http://172.18.0.178:8080/d1/103/AUTH_ffbb1c514d6a4f40a7f8a9f769bc781a/gnocchi.ec8ae746-e870-4212-b449-049a01fc2765/1759320000.0_mean_300.0_v3" "txb019ddf5161641b7947ff-0068e22c6e" "object-server 24" 0.0011 "-" 23 0
Oct 5 08:29:34 np0005471147 object-server[124623]: 172.20.0.104 - - [05/Oct/2025:08:29:34 +0000] "PUT /d1/103/AUTH_ffbb1c514d6a4f40a7f8a9f769bc781a/gnocchi.ec8ae746-e870-4212-b449-049a01fc2765/1759320000.0_mean_300.0_v3" 201 - "PUT http://172.18.0.178:8080/v1/AUTH_ffbb1c514d6a4f40a7f8a9f769bc781a/gnocchi.ec8ae746-e870-4212-b449-049a01fc2765/1759320000.0_mean_300.0_v3" "txb019ddf5161641b7947ff-0068e22c6e" "proxy-server 20" 0.0449 "-" 24 0
Oct 5 08:29:34 np0005471147 proxy-server[126090]: 172.18.0.105 172.18.0.104 05/Oct/2025/08/29/34 PUT /v1/AUTH_ffbb1c514d6a4f40a7f8a9f769bc781a/gnocchi.ec8ae746-e870-4212-b449-049a01fc2765/1759320000.0_mean_300.0_v3 HTTP/1.0 201 - python-swiftclient-3.11.1 gAAAAABo4ixtepNT... 16 - - txb019ddf5161641b7947ff-0068e22c6e - 0.0567 - - 1759652974.188796997 1759652974.245494604 0
Oct 5 08:29:34 np0005471147 object-server[124624]: 172.20.0.105 - - [05/Oct/2025:08:29:34 +0000] "PUT /d1/989/AUTH_ffbb1c514d6a4f40a7f8a9f769bc781a/gnocchi.ec8ae746-e870-4212-b449-049a01fc2765/none_v3" 201 - "PUT http://172.18.0.178:8080/v1/AUTH_ffbb1c514d6a4f40a7f8a9f769bc781a/gnocchi.ec8ae746-e870-4212-b449-049a01fc2765/none_v3" "txa31ed68a6442414295a04-0068e22c6e" "proxy-server 20" 0.0225 "-" 25 0
Oct 5 08:29:34 np0005471147 container-server[124194]: 172.20.0.105 - - [05/Oct/2025:08:29:34 +0000] "PUT /d1/395/AUTH_ffbb1c514d6a4f40a7f8a9f769bc781a/gnocchi.ec8ae746-e870-4212-b449-049a01fc2765/none_v3" 201 - "PUT http://172.18.0.178:8080/d1/989/AUTH_ffbb1c514d6a4f40a7f8a9f769bc781a/gnocchi.ec8ae746-e870-4212-b449-049a01fc2765/none_v3" "txa31ed68a6442414295a04-0068e22c6e" "object-server 23" 0.0008 "-" 20 0
Oct 5 08:29:34 np0005471147 container-server[123807]: Beginning replication run
Oct 5 08:29:34 np0005471147 container-server[123807]: Replication run OVER
Oct 5 08:29:34 np0005471147 container-server[123807]: Attempted to replicate 1 dbs in 0.08522 seconds (11.73391/s)
Oct 5 08:29:34 np0005471147 container-server[123807]: Removed 0 dbs
Oct 5 08:29:34 np0005471147 container-server[123807]: 2 successes, 0 failures
Oct 5 08:29:34 np0005471147 container-server[123807]: diff:0 diff_capped:0 empty:0 hashmatch:0 no_change:2 remote_merge:0 rsync:0 ts_repl:0
Oct 5 08:29:48 np0005471147 account-server[123475]: Beginning replication run
Oct 5 08:29:48 np0005471147 account-server[123475]: Replication run OVER
Oct 5 08:29:48 np0005471147 account-server[123475]: Attempted to replicate 1 dbs in 0.01833 seconds (54.56898/s)
Oct 5 08:29:48 np0005471147 account-server[123475]: Removed 0 dbs
Oct 5 08:29:48 np0005471147 account-server[123475]: 2 successes, 0 failures
Oct 5 08:29:48 np0005471147 account-server[123475]: diff:0 diff_capped:0 empty:0 hashmatch:0 no_change:2 remote_merge:0 rsync:0 ts_repl:0
Oct 5 08:29:49 np0005471147 object-server[124342]: Starting object replication pass.
Oct 5 08:29:49 np0005471147 object-server[124342]: 2/2 (100.00%) partitions replicated in 0.07s (26.95/sec, 0s remaining)
Oct 5 08:29:49 np0005471147 object-server[124342]: 4 successes, 0 failures
Oct 5 08:29:49 np0005471147 object-server[124342]: 2 suffixes checked - 100.00% hashed, 0.00% synced
Oct 5 08:29:49 np0005471147 object-server[124342]: Partition times: max 0.0375s, min 0.0323s, med 0.0375s
Oct 5 08:29:49 np0005471147 object-server[124342]: Object replication complete. (0.00 minutes)
Oct 5 08:29:50 np0005471147 object-server[215909]: Begin object audit "forever" mode (ZBF)
Oct 5 08:29:50 np0005471147 object-server[215909]: Object audit (ZBF). Since Sun Oct 5 08:29:50 2025: Locally: 1 passed, 0 quarantined, 0 errors, files/sec: 448.40, bytes/sec: 0.00, Total time: 0.00, Auditing time: 0.00, Rate: 0.00
Oct 5 08:29:50 np0005471147 object-server[215909]: Object audit (ZBF) "forever" mode completed: 0.01s. Total quarantined: 0, Total errors: 0, Total files/sec: 382.26, Total bytes/sec: 0.00, Auditing time: 0.00, Rate: 0.29
Oct 5 08:30:04 np0005471147 container-server[123807]: Beginning replication run
Oct 5 08:30:04 np0005471147 container-server[123807]: Replication run OVER
Oct 5 08:30:04 np0005471147 container-server[123807]: Attempted to replicate 1 dbs in 0.01579 seconds (63.33662/s)
Oct 5 08:30:04 np0005471147 container-server[123807]: Removed 0 dbs
Oct 5 08:30:04 np0005471147 container-server[123807]: 2 successes, 0 failures
Oct 5 08:30:04 np0005471147 container-server[123807]: diff:0 diff_capped:0 empty:0 hashmatch:0 no_change:2 remote_merge:0 rsync:0 ts_repl:0
Oct 5 08:30:07 np0005471147 account-server[123777]: 172.20.0.104 - - [05/Oct/2025:08:30:07 +0000] "HEAD /d1/852/AUTH_ffbb1c514d6a4f40a7f8a9f769bc781a" 204 - "HEAD http://172.18.0.178:8080/v1/AUTH_ffbb1c514d6a4f40a7f8a9f769bc781a?format=json" "txac7f2f3e8a4f42caa41ed-0068e22c8f" "proxy-server 20" 0.0017 "-" 21 -
Oct 5 08:30:07 np0005471147 proxy-server[126090]: - - 05/Oct/2025/08/30/07 HEAD /v1/AUTH_ffbb1c514d6a4f40a7f8a9f769bc781a%3Fformat%3Djson HTTP/1.0 204 - Swift - - - - txac7f2f3e8a4f42caa41ed-0068e22c8f - 0.0059 RL - 1759653007.276155472 1759653007.282060385 -
Oct 5 08:30:07 np0005471147 account-server[123777]: 172.20.0.103 - - [05/Oct/2025:08:30:07 +0000] "HEAD /d1/852/AUTH_ffbb1c514d6a4f40a7f8a9f769bc781a" 204 - "HEAD http://172.18.0.178:8080/v1/AUTH_ffbb1c514d6a4f40a7f8a9f769bc781a?format=json" "tx0b078e3cc6af4ace937b9-0068e22c8f" "proxy-server 20" 0.0018 "-" 21 -
Oct 5 08:30:07 np0005471147 container-server[124226]: 172.20.0.103 - - [05/Oct/2025:08:30:07 +0000] "HEAD /d1/14/AUTH_ffbb1c514d6a4f40a7f8a9f769bc781a/gnocchi.9749cebc-76ac-4f62-8e0c-8f08d99893f2" 404 - "HEAD http://172.18.0.178:8080/v1/AUTH_ffbb1c514d6a4f40a7f8a9f769bc781a/gnocchi.9749cebc-76ac-4f62-8e0c-8f08d99893f2?format=json&states=listing" "tx0b078e3cc6af4ace937b9-0068e22c8f" "proxy-server 20" 0.0011 "-" 23 0
Oct 5 08:30:07 np0005471147 container-server[124208]: 172.20.0.104 - - [05/Oct/2025:08:30:07 +0000] "HEAD /d1/944/AUTH_ffbb1c514d6a4f40a7f8a9f769bc781a/gnocchi.dc714135-6941-4d66-9b10-c41e5af38b8b" 404 - "HEAD http://172.18.0.178:8080/v1/AUTH_ffbb1c514d6a4f40a7f8a9f769bc781a/gnocchi.dc714135-6941-4d66-9b10-c41e5af38b8b?format=json&states=listing" "txac7f2f3e8a4f42caa41ed-0068e22c8f" "proxy-server 20" 0.0004 "-" 22 0
Oct 5 08:30:07 np0005471147 object-server[124623]: 172.20.0.103 - - [05/Oct/2025:08:30:07 +0000] "GET /d1/22/AUTH_ffbb1c514d6a4f40a7f8a9f769bc781a/gnocchi.9749cebc-76ac-4f62-8e0c-8f08d99893f2/none_v3" 404 70 "GET http://172.18.0.178:8080/v1/AUTH_ffbb1c514d6a4f40a7f8a9f769bc781a/gnocchi.9749cebc-76ac-4f62-8e0c-8f08d99893f2/none_v3" "tx0b078e3cc6af4ace937b9-0068e22c8f" "proxy-server 20" 0.0006 "-" 24 0
Oct 5 08:30:07 np0005471147 object-server[124624]: 172.20.0.104 - - [05/Oct/2025:08:30:07 +0000] "GET /d1/336/AUTH_ffbb1c514d6a4f40a7f8a9f769bc781a/gnocchi.dc714135-6941-4d66-9b10-c41e5af38b8b/none_v3" 404 70 "GET http://172.18.0.178:8080/v1/AUTH_ffbb1c514d6a4f40a7f8a9f769bc781a/gnocchi.dc714135-6941-4d66-9b10-c41e5af38b8b/none_v3" "txac7f2f3e8a4f42caa41ed-0068e22c8f" "proxy-server 20" 0.0006 "-" 25 0
Oct 5 08:30:07 np0005471147 proxy-server[126090]: 172.18.0.105 172.18.0.104 05/Oct/2025/08/30/07 GET /v1/AUTH_ffbb1c514d6a4f40a7f8a9f769bc781a/gnocchi.dc714135-6941-4d66-9b10-c41e5af38b8b/none_v3 HTTP/1.0 404 - python-swiftclient-3.11.1 gAAAAABo4ixtepNT... - 70 - txac7f2f3e8a4f42caa41ed-0068e22c8f - 0.0414 - - 1759653007.275269032 1759653007.316709042 0
Oct 5 08:30:07 np0005471147 account-server[123777]: 172.20.0.103 - - [05/Oct/2025:08:30:07 +0000] "PUT /d1/852/AUTH_ffbb1c514d6a4f40a7f8a9f769bc781a/gnocchi.9749cebc-76ac-4f62-8e0c-8f08d99893f2" 201 - "PUT http://172.20.0.103:6001/d1/14/AUTH_ffbb1c514d6a4f40a7f8a9f769bc781a/gnocchi.9749cebc-76ac-4f62-8e0c-8f08d99893f2" "txb6db7437af82426d93970-0068e22c8f" "container-server 23" 0.0016 "-" 21 0
Oct 5 08:30:07 np0005471147 container-server[124199]: 172.20.0.105 - - [05/Oct/2025:08:30:07 +0000] "PUT /d1/14/AUTH_ffbb1c514d6a4f40a7f8a9f769bc781a/gnocchi.9749cebc-76ac-4f62-8e0c-8f08d99893f2" 201 - "PUT http://172.18.0.178:8080/v1/AUTH_ffbb1c514d6a4f40a7f8a9f769bc781a/gnocchi.9749cebc-76ac-4f62-8e0c-8f08d99893f2" "txb6db7437af82426d93970-0068e22c8f" "proxy-server 20" 0.0160 "-" 21 0
Oct 5 08:30:07 np0005471147 account-server[123777]: 172.20.0.103 - - [05/Oct/2025:08:30:07 +0000] "PUT /d1/852/AUTH_ffbb1c514d6a4f40a7f8a9f769bc781a/gnocchi.dc714135-6941-4d66-9b10-c41e5af38b8b" 201 - "PUT http://172.20.0.103:6001/d1/944/AUTH_ffbb1c514d6a4f40a7f8a9f769bc781a/gnocchi.dc714135-6941-4d66-9b10-c41e5af38b8b" "tx5f908451ed8a4faca972d-0068e22c8f" "container-server 20" 0.0056 "-" 21 0
Oct 5 08:30:07 np0005471147 container-server[124226]: 172.20.0.103 - - [05/Oct/2025:08:30:07 +0000] "PUT /d1/944/AUTH_ffbb1c514d6a4f40a7f8a9f769bc781a/gnocchi.dc714135-6941-4d66-9b10-c41e5af38b8b" 201 - "PUT http://172.18.0.178:8080/v1/AUTH_ffbb1c514d6a4f40a7f8a9f769bc781a/gnocchi.dc714135-6941-4d66-9b10-c41e5af38b8b" "tx5f908451ed8a4faca972d-0068e22c8f" "proxy-server 20" 0.0187 "-" 23 0
Oct 5 08:30:07 np0005471147 proxy-server[126090]: - - 05/Oct/2025/08/30/07 HEAD /v1/AUTH_ffbb1c514d6a4f40a7f8a9f769bc781a/gnocchi.9749cebc-76ac-4f62-8e0c-8f08d99893f2%3Fformat%3Djson%26states%3Dlisting HTTP/1.0 204 - Swift - - - - tx96aaccf0eae54055acc8e-0068e22c8f - 0.0053 RL - 1759653007.347448587 1759653007.352708101 0
Oct 5 08:30:07 np0005471147 container-server[124194]: 172.20.0.104 - - [05/Oct/2025:08:30:07 +0000] "GET /d1/14/AUTH_ffbb1c514d6a4f40a7f8a9f769bc781a/gnocchi.9749cebc-76ac-4f62-8e0c-8f08d99893f2" 200 2 "GET http://172.18.0.178:8080/v1/AUTH_ffbb1c514d6a4f40a7f8a9f769bc781a/gnocchi.9749cebc-76ac-4f62-8e0c-8f08d99893f2?format=json&states=listing" "tx96aaccf0eae54055acc8e-0068e22c8f" "proxy-server 20" 0.0043 "-" 20 0
Oct 5 08:30:07 np0005471147 proxy-server[126090]: 172.18.0.178 172.18.0.104 05/Oct/2025/08/30/07 GET /v1/AUTH_ffbb1c514d6a4f40a7f8a9f769bc781a/gnocchi.9749cebc-76ac-4f62-8e0c-8f08d99893f2%3Fformat%3Djson%26states%3Dlisting HTTP/1.0 200 - python-swiftclient-3.11.1 gAAAAABo4ixPODjF... - 2 - tx96aaccf0eae54055acc8e-0068e22c8f - 0.0163 - - 1759653007.346149921 1759653007.362470865 0
Oct 5 08:30:07 np0005471147 container-server[124199]: 172.20.0.105 - - [05/Oct/2025:08:30:07 +0000] "GET /d1/944/AUTH_ffbb1c514d6a4f40a7f8a9f769bc781a/gnocchi.dc714135-6941-4d66-9b10-c41e5af38b8b" 200 2 "GET http://172.18.0.178:8080/v1/AUTH_ffbb1c514d6a4f40a7f8a9f769bc781a/gnocchi.dc714135-6941-4d66-9b10-c41e5af38b8b?format=json&states=listing" "tx201de4b2e05f494797075-0068e22c8f" "proxy-server 20" 0.0044 "-" 21 0
Oct 5 08:30:07 np0005471147 object-server[124624]: 172.20.0.103 - - [05/Oct/2025:08:30:07 +0000] "GET /d1/564/AUTH_ffbb1c514d6a4f40a7f8a9f769bc781a/gnocchi.9749cebc-76ac-4f62-8e0c-8f08d99893f2/1759320000.0_mean_300.0_v3" 404 70 "GET http://172.18.0.178:8080/v1/AUTH_ffbb1c514d6a4f40a7f8a9f769bc781a/gnocchi.9749cebc-76ac-4f62-8e0c-8f08d99893f2/1759320000.0_mean_300.0_v3" "txa7945b2f8d0745919a405-0068e22c8f" "proxy-server 20" 0.0006 "-" 25 0
Oct 5 08:30:07 np0005471147 object-server[124621]: 172.20.0.104 - - [05/Oct/2025:08:30:07 +0000] "GET /d1/939/AUTH_ffbb1c514d6a4f40a7f8a9f769bc781a/gnocchi.dc714135-6941-4d66-9b10-c41e5af38b8b/1759320000.0_mean_300.0_v3" 404 70 "GET http://172.18.0.178:8080/v1/AUTH_ffbb1c514d6a4f40a7f8a9f769bc781a/gnocchi.dc714135-6941-4d66-9b10-c41e5af38b8b/1759320000.0_mean_300.0_v3" "txc02cbf139fbc4cf8a135d-0068e22c8f" "proxy-server 20" 0.0005 "-" 23 0
Oct 5 08:30:07 np0005471147 proxy-server[126090]: 172.18.0.105 172.18.0.104 05/Oct/2025/08/30/07 GET /v1/AUTH_ffbb1c514d6a4f40a7f8a9f769bc781a/gnocchi.dc714135-6941-4d66-9b10-c41e5af38b8b/1759320000.0_mean_300.0_v3 HTTP/1.0 404 - python-swiftclient-3.11.1 gAAAAABo4ixtepNT... - 70 - txc02cbf139fbc4cf8a135d-0068e22c8f - 0.0115 - - 1759653007.372166634 1759653007.383622885 0
Oct 5 08:30:07 np0005471147 container-server[124226]: 172.20.0.105 - - [05/Oct/2025:08:30:07 +0000] "PUT /d1/14/AUTH_ffbb1c514d6a4f40a7f8a9f769bc781a/gnocchi.9749cebc-76ac-4f62-8e0c-8f08d99893f2/1759320000.0_mean_300.0_v3" 201 - "PUT http://172.18.0.178:8080/d1/564/AUTH_ffbb1c514d6a4f40a7f8a9f769bc781a/gnocchi.9749cebc-76ac-4f62-8e0c-8f08d99893f2/1759320000.0_mean_300.0_v3" "txac2d5e63d90f46e5bb1c6-0068e22c8f" "object-server 25" 0.0005 "-" 23 0
Oct 5 08:30:07 np0005471147 object-server[124623]: 172.20.0.105 - - [05/Oct/2025:08:30:07 +0000] "PUT /d1/564/AUTH_ffbb1c514d6a4f40a7f8a9f769bc781a/gnocchi.9749cebc-76ac-4f62-8e0c-8f08d99893f2/1759320000.0_mean_300.0_v3" 201 - "PUT http://172.18.0.178:8080/v1/AUTH_ffbb1c514d6a4f40a7f8a9f769bc781a/gnocchi.9749cebc-76ac-4f62-8e0c-8f08d99893f2/1759320000.0_mean_300.0_v3" "txac2d5e63d90f46e5bb1c6-0068e22c8f" "proxy-server 20" 0.0124 "-" 24 0
Oct 5 08:30:07 np0005471147 object-server[124623]: 172.20.0.103 - - [05/Oct/2025:08:30:07 +0000] "PUT /d1/939/AUTH_ffbb1c514d6a4f40a7f8a9f769bc781a/gnocchi.dc714135-6941-4d66-9b10-c41e5af38b8b/1759320000.0_mean_300.0_v3" 201 - "PUT http://172.18.0.178:8080/v1/AUTH_ffbb1c514d6a4f40a7f8a9f769bc781a/gnocchi.dc714135-6941-4d66-9b10-c41e5af38b8b/1759320000.0_mean_300.0_v3" "txea1e39526f854d7486e6a-0068e22c8f" "proxy-server 20" 0.0163 "-" 24 0
Oct 5 08:30:07 np0005471147 container-server[124199]: 172.20.0.103 - - [05/Oct/2025:08:30:07 +0000] "PUT /d1/944/AUTH_ffbb1c514d6a4f40a7f8a9f769bc781a/gnocchi.dc714135-6941-4d66-9b10-c41e5af38b8b/1759320000.0_mean_300.0_v3" 201 - "PUT http://172.18.0.178:8080/d1/939/AUTH_ffbb1c514d6a4f40a7f8a9f769bc781a/gnocchi.dc714135-6941-4d66-9b10-c41e5af38b8b/1759320000.0_mean_300.0_v3" "txea1e39526f854d7486e6a-0068e22c8f" "object-server 22" 0.0008 "-" 21 0
Oct 5 08:30:07 np0005471147 container-server[124226]: 172.20.0.104 - - [05/Oct/2025:08:30:07 +0000] "PUT /d1/944/AUTH_ffbb1c514d6a4f40a7f8a9f769bc781a/gnocchi.dc714135-6941-4d66-9b10-c41e5af38b8b/none_v3" 201 - "PUT http://172.18.0.178:8080/d1/336/AUTH_ffbb1c514d6a4f40a7f8a9f769bc781a/gnocchi.dc714135-6941-4d66-9b10-c41e5af38b8b/none_v3" "txd710892e80234e9c9cb0f-0068e22c8f" "object-server 25" 0.0005 "-" 23 0
Oct 5 08:30:07 np0005471147 object-server[124624]: 172.20.0.105 - - [05/Oct/2025:08:30:07 +0000] "PUT /d1/336/AUTH_ffbb1c514d6a4f40a7f8a9f769bc781a/gnocchi.dc714135-6941-4d66-9b10-c41e5af38b8b/none_v3" 201 - "PUT http://172.18.0.178:8080/v1/AUTH_ffbb1c514d6a4f40a7f8a9f769bc781a/gnocchi.dc714135-6941-4d66-9b10-c41e5af38b8b/none_v3" "txd710892e80234e9c9cb0f-0068e22c8f" "proxy-server 20" 0.0224 "-" 25 0
Oct 5 08:30:07 np0005471147 container-server[124199]: 172.20.0.105 - - [05/Oct/2025:08:30:07 +0000] "PUT /d1/14/AUTH_ffbb1c514d6a4f40a7f8a9f769bc781a/gnocchi.9749cebc-76ac-4f62-8e0c-8f08d99893f2/none_v3" 201 - "PUT http://172.18.0.178:8080/d1/22/AUTH_ffbb1c514d6a4f40a7f8a9f769bc781a/gnocchi.9749cebc-76ac-4f62-8e0c-8f08d99893f2/none_v3" "txc7d8db58db544d38bf42d-0068e22c8f" "object-server 23" 0.0006 "-" 21 0
Oct 5 08:30:07 np0005471147 object-server[124624]: 172.20.0.104 - - [05/Oct/2025:08:30:07 +0000] "PUT /d1/22/AUTH_ffbb1c514d6a4f40a7f8a9f769bc781a/gnocchi.9749cebc-76ac-4f62-8e0c-8f08d99893f2/none_v3" 201 - "PUT http://172.18.0.178:8080/v1/AUTH_ffbb1c514d6a4f40a7f8a9f769bc781a/gnocchi.9749cebc-76ac-4f62-8e0c-8f08d99893f2/none_v3" "txc7d8db58db544d38bf42d-0068e22c8f" "proxy-server 20" 0.0432 "-" 25 0
Oct 5 08:30:07 np0005471147 proxy-server[126090]: 172.18.0.178 172.18.0.104 05/Oct/2025/08/30/07 PUT /v1/AUTH_ffbb1c514d6a4f40a7f8a9f769bc781a/gnocchi.9749cebc-76ac-4f62-8e0c-8f08d99893f2/none_v3 HTTP/1.0 201 - python-swiftclient-3.11.1 gAAAAABo4ixPODjF... 22 - - txc7d8db58db544d38bf42d-0068e22c8f - 0.0540 - - 1759653007.410477161 1759653007.464485645 0
Oct 5 08:30:16 np0005471147 container-server[124208]: 172.20.0.103 - - [05/Oct/2025:08:30:16 +0000] "HEAD /d1/1014/AUTH_ffbb1c514d6a4f40a7f8a9f769bc781a/gnocchi.d7bf58e5-8403-494e-8e17-f805dbdcc75e" 404 - "HEAD http://172.18.0.178:8080/v1/AUTH_ffbb1c514d6a4f40a7f8a9f769bc781a/gnocchi.d7bf58e5-8403-494e-8e17-f805dbdcc75e?format=json&states=listing" "tx02c66855b18b425c86dab-0068e22c98" "proxy-server 20" 0.0008 "-" 22 0
Oct 5 08:30:16 np0005471147 container-server[124194]: 172.20.0.105 - - [05/Oct/2025:08:30:16 +0000] "HEAD /d1/617/AUTH_ffbb1c514d6a4f40a7f8a9f769bc781a/gnocchi.a83cb81b-2f4e-4dac-9d1d-aae43909f5cf" 404 - "HEAD http://172.18.0.178:8080/v1/AUTH_ffbb1c514d6a4f40a7f8a9f769bc781a/gnocchi.a83cb81b-2f4e-4dac-9d1d-aae43909f5cf?format=json&states=listing" "tx6581da9df0254d559bbe1-0068e22c98" "proxy-server 20" 0.0005 "-" 20 0
Oct 5 08:30:16 np0005471147 object-server[124624]: 172.20.0.103 - - [05/Oct/2025:08:30:16 +0000] "GET /d1/562/AUTH_ffbb1c514d6a4f40a7f8a9f769bc781a/gnocchi.d7bf58e5-8403-494e-8e17-f805dbdcc75e/none_v3" 404 70 "GET http://172.18.0.178:8080/v1/AUTH_ffbb1c514d6a4f40a7f8a9f769bc781a/gnocchi.d7bf58e5-8403-494e-8e17-f805dbdcc75e/none_v3" "tx02c66855b18b425c86dab-0068e22c98" "proxy-server 20" 0.0005 "-" 25 0
Oct 5 08:30:16 np0005471147 object-server[124620]: 172.20.0.105 - - [05/Oct/2025:08:30:16 +0000] "GET /d1/506/AUTH_ffbb1c514d6a4f40a7f8a9f769bc781a/gnocchi.a83cb81b-2f4e-4dac-9d1d-aae43909f5cf/none_v3" 404 70 "GET http://172.18.0.178:8080/v1/AUTH_ffbb1c514d6a4f40a7f8a9f769bc781a/gnocchi.a83cb81b-2f4e-4dac-9d1d-aae43909f5cf/none_v3" "tx6581da9df0254d559bbe1-0068e22c98" "proxy-server 20" 0.0006 "-" 22 0
Oct 5 08:30:16 np0005471147 account-server[123777]: 172.20.0.104 - - [05/Oct/2025:08:30:16 +0000] "PUT /d1/852/AUTH_ffbb1c514d6a4f40a7f8a9f769bc781a/gnocchi.d7bf58e5-8403-494e-8e17-f805dbdcc75e" 201 - "PUT http://172.20.0.104:6001/d1/1014/AUTH_ffbb1c514d6a4f40a7f8a9f769bc781a/gnocchi.d7bf58e5-8403-494e-8e17-f805dbdcc75e" "tx21f9ba655cac4a85bdbb1-0068e22c98" "container-server 20" 0.0011 "-" 21 0
Oct 5 08:30:16 np0005471147 container-server[124194]: 172.20.0.104 - - [05/Oct/2025:08:30:16 +0000] "PUT /d1/1014/AUTH_ffbb1c514d6a4f40a7f8a9f769bc781a/gnocchi.d7bf58e5-8403-494e-8e17-f805dbdcc75e" 201 - "PUT http://172.18.0.178:8080/v1/AUTH_ffbb1c514d6a4f40a7f8a9f769bc781a/gnocchi.d7bf58e5-8403-494e-8e17-f805dbdcc75e" "tx21f9ba655cac4a85bdbb1-0068e22c98" "proxy-server 20" 0.0165 "-" 20 0
Oct 5 08:30:16 np0005471147 account-server[123779]: 172.20.0.104 - - [05/Oct/2025:08:30:16 +0000] "PUT /d1/852/AUTH_ffbb1c514d6a4f40a7f8a9f769bc781a/gnocchi.a83cb81b-2f4e-4dac-9d1d-aae43909f5cf" 201 - "PUT http://172.20.0.104:6001/d1/617/AUTH_ffbb1c514d6a4f40a7f8a9f769bc781a/gnocchi.a83cb81b-2f4e-4dac-9d1d-aae43909f5cf" "tx46e57d032af6416190126-0068e22c98" "container-server 23" 0.0070 "-" 22 0
Oct 5 08:30:16 np0005471147 container-server[124226]: 172.20.0.103 - - [05/Oct/2025:08:30:16 +0000] "PUT /d1/617/AUTH_ffbb1c514d6a4f40a7f8a9f769bc781a/gnocchi.a83cb81b-2f4e-4dac-9d1d-aae43909f5cf" 201 - "PUT http://172.18.0.178:8080/v1/AUTH_ffbb1c514d6a4f40a7f8a9f769bc781a/gnocchi.a83cb81b-2f4e-4dac-9d1d-aae43909f5cf" "tx46e57d032af6416190126-0068e22c98" "proxy-server 20" 0.0244 "-" 23 0
Oct 5 08:30:16 np0005471147 proxy-server[126090]: 172.18.0.105 172.18.0.104 05/Oct/2025/08/30/16 PUT /v1/AUTH_ffbb1c514d6a4f40a7f8a9f769bc781a/gnocchi.d7bf58e5-8403-494e-8e17-f805dbdcc75e HTTP/1.0 201 - python-swiftclient-3.11.1 gAAAAABo4ixtepNT... - - - tx21f9ba655cac4a85bdbb1-0068e22c98 - 0.0355 - - 1759653016.208542109 1759653016.244021416 0
Oct 5 08:30:16 np0005471147 proxy-server[126090]: - - 05/Oct/2025/08/30/16 HEAD /v1/AUTH_ffbb1c514d6a4f40a7f8a9f769bc781a/gnocchi.a83cb81b-2f4e-4dac-9d1d-aae43909f5cf%3Fformat%3Djson%26states%3Dlisting HTTP/1.0 204 - Swift - - - - tx74563fbd1f1c45589337e-0068e22c98 - 0.0078 RL - 1759653016.258505106 1759653016.266317844 0
Oct 5 08:30:16 np0005471147 proxy-server[126090]: 172.18.0.178 172.18.0.104 05/Oct/2025/08/30/16 GET /v1/AUTH_ffbb1c514d6a4f40a7f8a9f769bc781a/gnocchi.a83cb81b-2f4e-4dac-9d1d-aae43909f5cf%3Fformat%3Djson%26states%3Dlisting HTTP/1.0 200 - python-swiftclient-3.11.1 gAAAAABo4ixPODjF... - 2 - tx74563fbd1f1c45589337e-0068e22c98 - 0.0266 - - 1759653016.256227493 1759653016.282791853 0
Oct 5 08:30:16 np0005471147 object-server[124620]: 172.20.0.103 - - [05/Oct/2025:08:30:16 +0000] "GET /d1/955/AUTH_ffbb1c514d6a4f40a7f8a9f769bc781a/gnocchi.d7bf58e5-8403-494e-8e17-f805dbdcc75e/1759320000.0_mean_300.0_v3" 404 70 "GET http://172.18.0.178:8080/v1/AUTH_ffbb1c514d6a4f40a7f8a9f769bc781a/gnocchi.d7bf58e5-8403-494e-8e17-f805dbdcc75e/1759320000.0_mean_300.0_v3" "tx7990f241d5884eb1a747e-0068e22c98" "proxy-server 20" 0.0005 "-" 22 0
Oct 5 08:30:16 np0005471147 object-server[124621]: 172.20.0.105 - - [05/Oct/2025:08:30:16 +0000] "GET /d1/1012/AUTH_ffbb1c514d6a4f40a7f8a9f769bc781a/gnocchi.a83cb81b-2f4e-4dac-9d1d-aae43909f5cf/1759320000.0_mean_300.0_v3" 404 70 "GET http://172.18.0.178:8080/v1/AUTH_ffbb1c514d6a4f40a7f8a9f769bc781a/gnocchi.a83cb81b-2f4e-4dac-9d1d-aae43909f5cf/1759320000.0_mean_300.0_v3" "txc8a139665da34600b1280-0068e22c98" "proxy-server 20" 0.0008 "-" 23 0
Oct 5 08:30:16 np0005471147 container-server[124194]: 172.20.0.103 - - [05/Oct/2025:08:30:16 +0000] "PUT /d1/1014/AUTH_ffbb1c514d6a4f40a7f8a9f769bc781a/gnocchi.d7bf58e5-8403-494e-8e17-f805dbdcc75e/1759320000.0_mean_300.0_v3" 201 - "PUT http://172.18.0.178:8080/d1/955/AUTH_ffbb1c514d6a4f40a7f8a9f769bc781a/gnocchi.d7bf58e5-8403-494e-8e17-f805dbdcc75e/1759320000.0_mean_300.0_v3" "txae931bd7d13243478401c-0068e22c98" "object-server 23" 0.0009 "-" 20 0
Oct 5 08:30:16 np0005471147 object-server[124621]: 172.20.0.104 - - [05/Oct/2025:08:30:16 +0000] "PUT /d1/955/AUTH_ffbb1c514d6a4f40a7f8a9f769bc781a/gnocchi.d7bf58e5-8403-494e-8e17-f805dbdcc75e/1759320000.0_mean_300.0_v3" 201 - "PUT http://172.18.0.178:8080/v1/AUTH_ffbb1c514d6a4f40a7f8a9f769bc781a/gnocchi.d7bf58e5-8403-494e-8e17-f805dbdcc75e/1759320000.0_mean_300.0_v3" "txae931bd7d13243478401c-0068e22c98" "proxy-server 20" 0.0341 "-" 23 0
Oct 5 08:30:16 np0005471147 proxy-server[126090]: 172.18.0.105 172.18.0.104 05/Oct/2025/08/30/16 PUT /v1/AUTH_ffbb1c514d6a4f40a7f8a9f769bc781a/gnocchi.d7bf58e5-8403-494e-8e17-f805dbdcc75e/1759320000.0_mean_300.0_v3 HTTP/1.0 201 - python-swiftclient-3.11.1 gAAAAABo4ixtepNT... 16 - - txae931bd7d13243478401c-0068e22c98 - 0.0453 - - 1759653016.293504000 1759653016.338768959 0
Oct 5 08:30:16 np0005471147 container-server[124226]: 172.20.0.103 - - [05/Oct/2025:08:30:16 +0000] "PUT /d1/617/AUTH_ffbb1c514d6a4f40a7f8a9f769bc781a/gnocchi.a83cb81b-2f4e-4dac-9d1d-aae43909f5cf/1759320000.0_mean_300.0_v3" 201 - "PUT http://172.18.0.178:8080/d1/1012/AUTH_ffbb1c514d6a4f40a7f8a9f769bc781a/gnocchi.a83cb81b-2f4e-4dac-9d1d-aae43909f5cf/1759320000.0_mean_300.0_v3" "tx2637f713bf0742bca4fed-0068e22c98" "object-server 24" 0.0008 "-" 23 0
Oct 5 08:30:16 np0005471147 object-server[124621]: 172.20.0.103 - - [05/Oct/2025:08:30:16 +0000] "PUT /d1/1012/AUTH_ffbb1c514d6a4f40a7f8a9f769bc781a/gnocchi.a83cb81b-2f4e-4dac-9d1d-aae43909f5cf/1759320000.0_mean_300.0_v3" 201 - "PUT http://172.18.0.178:8080/v1/AUTH_ffbb1c514d6a4f40a7f8a9f769bc781a/gnocchi.a83cb81b-2f4e-4dac-9d1d-aae43909f5cf/1759320000.0_mean_300.0_v3" "tx2637f713bf0742bca4fed-0068e22c98" "proxy-server 20" 0.0130 "-" 23 0
Oct 5 08:30:16 np0005471147 container-server[124194]: 172.20.0.105 - - [05/Oct/2025:08:30:16 +0000] "PUT /d1/1014/AUTH_ffbb1c514d6a4f40a7f8a9f769bc781a/gnocchi.d7bf58e5-8403-494e-8e17-f805dbdcc75e/none_v3" 201 - "PUT http://172.18.0.178:8080/d1/562/AUTH_ffbb1c514d6a4f40a7f8a9f769bc781a/gnocchi.d7bf58e5-8403-494e-8e17-f805dbdcc75e/none_v3" "tx8416d9bd3124486bb8746-0068e22c98" "object-server 22" 0.0008 "-" 20 0
Oct 5 08:30:16 np0005471147 object-server[124621]: 172.20.0.105 - - [05/Oct/2025:08:30:16 +0000] "PUT /d1/562/AUTH_ffbb1c514d6a4f40a7f8a9f769bc781a/gnocchi.d7bf58e5-8403-494e-8e17-f805dbdcc75e/none_v3" 201 - "PUT http://172.18.0.178:8080/v1/AUTH_ffbb1c514d6a4f40a7f8a9f769bc781a/gnocchi.d7bf58e5-8403-494e-8e17-f805dbdcc75e/none_v3" "tx8416d9bd3124486bb8746-0068e22c98" "proxy-server 20" 0.0155 "-" 23 0
Oct 5 08:30:16 np0005471147 container-server[124208]: 172.20.0.104 - - [05/Oct/2025:08:30:16 +0000] "PUT /d1/617/AUTH_ffbb1c514d6a4f40a7f8a9f769bc781a/gnocchi.a83cb81b-2f4e-4dac-9d1d-aae43909f5cf/none_v3" 201 - "PUT http://172.18.0.178:8080/d1/506/AUTH_ffbb1c514d6a4f40a7f8a9f769bc781a/gnocchi.a83cb81b-2f4e-4dac-9d1d-aae43909f5cf/none_v3" "tx2488208dcf7c48fd9ce05-0068e22c98" "object-server 23" 0.0013 "-" 22 0
Oct 5 08:30:16 np0005471147 object-server[124621]: 172.20.0.104 - - [05/Oct/2025:08:30:16 +0000] "PUT /d1/506/AUTH_ffbb1c514d6a4f40a7f8a9f769bc781a/gnocchi.a83cb81b-2f4e-4dac-9d1d-aae43909f5cf/none_v3" 201 - "PUT http://172.18.0.178:8080/v1/AUTH_ffbb1c514d6a4f40a7f8a9f769bc781a/gnocchi.a83cb81b-2f4e-4dac-9d1d-aae43909f5cf/none_v3" "tx2488208dcf7c48fd9ce05-0068e22c98" "proxy-server 20" 0.0152 "-" 23 0
Oct 5 08:30:16 np0005471147 proxy-server[126090]: 172.18.0.178 172.18.0.104 05/Oct/2025/08/30/16 PUT /v1/AUTH_ffbb1c514d6a4f40a7f8a9f769bc781a/gnocchi.a83cb81b-2f4e-4dac-9d1d-aae43909f5cf/none_v3 HTTP/1.0 201 - python-swiftclient-3.11.1 gAAAAABo4ixPODjF... 22 - - tx2488208dcf7c48fd9ce05-0068e22c98 - 0.0276 - - 1759653016.355473518 1759653016.383033276 0
Oct 5 08:30:16 np0005471147 container-server[124194]: 172.20.0.103 - - [05/Oct/2025:08:30:16 +0000] "HEAD /d1/592/AUTH_ffbb1c514d6a4f40a7f8a9f769bc781a/gnocchi.c55ef7d8-2b83-4ed6-a53d-9b74da124da8" 404 - "HEAD http://172.18.0.178:8080/v1/AUTH_ffbb1c514d6a4f40a7f8a9f769bc781a/gnocchi.c55ef7d8-2b83-4ed6-a53d-9b74da124da8?format=json&states=listing" "tx5ce3c27f3cff4005be63a-0068e22c98" "proxy-server 20" 0.0006 "-" 20 0
Oct 5 08:30:16 np0005471147 container-server[124194]: 172.20.0.104 - - [05/Oct/2025:08:30:16 +0000] "HEAD /d1/982/AUTH_ffbb1c514d6a4f40a7f8a9f769bc781a/gnocchi.3b18e974-54e7-4113-bd79-01f93e83d4ff" 404 - "HEAD http://172.18.0.178:8080/v1/AUTH_ffbb1c514d6a4f40a7f8a9f769bc781a/gnocchi.3b18e974-54e7-4113-bd79-01f93e83d4ff?format=json&states=listing" "tx217947acddb34fc99e1e2-0068e22c98" "proxy-server 20" 0.0005 "-" 20 0
Oct 5 08:30:16 np0005471147 object-server[124623]: 172.20.0.103 - - [05/Oct/2025:08:30:16 +0000] "GET /d1/846/AUTH_ffbb1c514d6a4f40a7f8a9f769bc781a/gnocchi.c55ef7d8-2b83-4ed6-a53d-9b74da124da8/none_v3" 404 70 "GET http://172.18.0.178:8080/v1/AUTH_ffbb1c514d6a4f40a7f8a9f769bc781a/gnocchi.c55ef7d8-2b83-4ed6-a53d-9b74da124da8/none_v3" "tx5ce3c27f3cff4005be63a-0068e22c98" "proxy-server 20" 0.0004 "-" 24 0
Oct 5 08:30:16 np0005471147 object-server[124624]: 172.20.0.104 - - [05/Oct/2025:08:30:16 +0000] "GET /d1/148/AUTH_ffbb1c514d6a4f40a7f8a9f769bc781a/gnocchi.3b18e974-54e7-4113-bd79-01f93e83d4ff/none_v3" 404 70 "GET http://172.18.0.178:8080/v1/AUTH_ffbb1c514d6a4f40a7f8a9f769bc781a/gnocchi.3b18e974-54e7-4113-bd79-01f93e83d4ff/none_v3" "tx217947acddb34fc99e1e2-0068e22c98" "proxy-server 20" 0.0005 "-" 25 0
Oct 5 08:30:16 np0005471147 proxy-server[126090]: 172.18.0.105 172.18.0.104 05/Oct/2025/08/30/16 GET /v1/AUTH_ffbb1c514d6a4f40a7f8a9f769bc781a/gnocchi.3b18e974-54e7-4113-bd79-01f93e83d4ff/none_v3 HTTP/1.0 404 - python-swiftclient-3.11.1 gAAAAABo4ixtepNT... - 70 - tx217947acddb34fc99e1e2-0068e22c98 - 0.0310 - - 1759653016.414685249 1759653016.445672274 0
Oct 5 08:30:16 np0005471147 account-server[123791]: 172.20.0.105 - - [05/Oct/2025:08:30:16 +0000] "PUT /d1/852/AUTH_ffbb1c514d6a4f40a7f8a9f769bc781a/gnocchi.c55ef7d8-2b83-4ed6-a53d-9b74da124da8" 201 - "PUT http://172.20.0.105:6001/d1/592/AUTH_ffbb1c514d6a4f40a7f8a9f769bc781a/gnocchi.c55ef7d8-2b83-4ed6-a53d-9b74da124da8" "txefc3ea8d15ed4bd1a250e-0068e22c98" "container-server 17" 0.0056 "-" 23 0
Oct 5 08:30:16 np0005471147 container-server[124208]: 172.20.0.105 - - [05/Oct/2025:08:30:16 +0000] "PUT /d1/592/AUTH_ffbb1c514d6a4f40a7f8a9f769bc781a/gnocchi.c55ef7d8-2b83-4ed6-a53d-9b74da124da8" 201 - "PUT http://172.18.0.178:8080/v1/AUTH_ffbb1c514d6a4f40a7f8a9f769bc781a/gnocchi.c55ef7d8-2b83-4ed6-a53d-9b74da124da8" "txefc3ea8d15ed4bd1a250e-0068e22c98" "proxy-server 20" 0.0323 "-" 22 0
Oct 5 08:30:16 np0005471147 account-server[123791]: 172.20.0.104 - - [05/Oct/2025:08:30:16 +0000] "PUT /d1/852/AUTH_ffbb1c514d6a4f40a7f8a9f769bc781a/gnocchi.3b18e974-54e7-4113-bd79-01f93e83d4ff" 201 - "PUT http://172.20.0.104:6001/d1/982/AUTH_ffbb1c514d6a4f40a7f8a9f769bc781a/gnocchi.3b18e974-54e7-4113-bd79-01f93e83d4ff" "tx464b0ccdc2914707a153f-0068e22c98" "container-server 22" 0.0077 "-" 23 0
Oct 5 08:30:16 np0005471147 container-server[124208]: 172.20.0.103 - - [05/Oct/2025:08:30:16 +0000] "PUT /d1/982/AUTH_ffbb1c514d6a4f40a7f8a9f769bc781a/gnocchi.3b18e974-54e7-4113-bd79-01f93e83d4ff" 201 - "PUT http://172.18.0.178:8080/v1/AUTH_ffbb1c514d6a4f40a7f8a9f769bc781a/gnocchi.3b18e974-54e7-4113-bd79-01f93e83d4ff" "tx464b0ccdc2914707a153f-0068e22c98" "proxy-server 20" 0.0259 "-" 22 0
Oct 5 08:30:16 np0005471147 container-server[124208]: 172.20.0.104 - - [05/Oct/2025:08:30:16 +0000] "HEAD /d1/592/AUTH_ffbb1c514d6a4f40a7f8a9f769bc781a/gnocchi.c55ef7d8-2b83-4ed6-a53d-9b74da124da8" 204 - "HEAD http://172.18.0.178:8080/v1/AUTH_ffbb1c514d6a4f40a7f8a9f769bc781a/gnocchi.c55ef7d8-2b83-4ed6-a53d-9b74da124da8?format=json&states=listing" "tx289cd04dcb9745cba00e1-0068e22c98" "proxy-server 20" 0.0022 "-" 22 0
Oct 5 08:30:16 np0005471147 proxy-server[126090]: - - 05/Oct/2025/08/30/16 HEAD /v1/AUTH_ffbb1c514d6a4f40a7f8a9f769bc781a/gnocchi.c55ef7d8-2b83-4ed6-a53d-9b74da124da8%3Fformat%3Djson%26states%3Dlisting HTTP/1.0 204 - Swift - - - - tx289cd04dcb9745cba00e1-0068e22c98 - 0.0082 RL - 1759653016.484179497 1759653016.492411613 0
