Oct 5 08:35:53 np0005471147 object-server[124624]: 172.20.0.103 - - [05/Oct/2025:08:35:53 +0000] "PUT /d1/790/AUTH_ffbb1c514d6a4f40a7f8a9f769bc781a/gnocchi.c1f22f51-3ab2-4ed3-a2be-e913312125fc/none_v3" 201 - "PUT http://172.18.0.178:8080/v1/AUTH_ffbb1c514d6a4f40a7f8a9f769bc781a/gnocchi.c1f22f51-3ab2-4ed3-a2be-e913312125fc/none_v3" "txb0f6d6c20c394a4db56ef-0068e22de9" "proxy-server 20" 0.0116 "-" 25 0
Oct 5 08:35:53 np0005471147 object-server[124623]: 172.20.0.105 - - [05/Oct/2025:08:35:53 +0000] "PUT /d1/359/AUTH_ffbb1c514d6a4f40a7f8a9f769bc781a/gnocchi.630ced32-f036-4c8c-bebe-dfa7df1b4507/1759320000.0_rate%3Amean_300.0_v3" 201 - "PUT http://172.18.0.178:8080/v1/AUTH_ffbb1c514d6a4f40a7f8a9f769bc781a/gnocchi.630ced32-f036-4c8c-bebe-dfa7df1b4507/1759320000.0_rate%3Amean_300.0_v3" "txf7616a578ac1453a84c6e-0068e22de9" "proxy-server 20" 0.0104 "-" 24 0
Oct 5 08:35:53 np0005471147 proxy-server[126090]: 172.18.0.105 172.18.0.104 05/Oct/2025/08/35/53 GET /v1/AUTH_ffbb1c514d6a4f40a7f8a9f769bc781a/gnocchi.6aa7b351-85b7-4149-aa8e-ba7242fca0e1%3Fformat%3Djson%26states%3Dlisting HTTP/1.0 200 - python-swiftclient-3.11.1 gAAAAABo4ixtepNT... - 357 - tx554ca6c07beb4cba9f30c-0068e22de9 - 0.0136 - - 1759653353.022745609 1759653353.036342859 0
Oct 5 08:35:53 np0005471147 container-server[124194]: 172.20.0.103 - - [05/Oct/2025:08:35:53 +0000] "PUT /d1/371/AUTH_ffbb1c514d6a4f40a7f8a9f769bc781a/gnocchi.c1f22f51-3ab2-4ed3-a2be-e913312125fc/none_v3" 201 - "PUT http://172.18.0.178:8080/d1/790/AUTH_ffbb1c514d6a4f40a7f8a9f769bc781a/gnocchi.c1f22f51-3ab2-4ed3-a2be-e913312125fc/none_v3" "txb0f6d6c20c394a4db56ef-0068e22de9" "object-server 23" 0.0010 "-" 20 0
Oct 5 08:35:53 np0005471147 container-server[124194]: 172.20.0.105 - - [05/Oct/2025:08:35:53 +0000] "PUT /d1/97/AUTH_ffbb1c514d6a4f40a7f8a9f769bc781a/gnocchi.630ced32-f036-4c8c-bebe-dfa7df1b4507/1759320000.0_rate%3Amean_300.0_v3" 201 - "PUT http://172.18.0.178:8080/d1/359/AUTH_ffbb1c514d6a4f40a7f8a9f769bc781a/gnocchi.630ced32-f036-4c8c-bebe-dfa7df1b4507/1759320000.0_rate%3Amean_300.0_v3" "txf7616a578ac1453a84c6e-0068e22de9" "object-server 25" 0.0033 "-" 20 0
Oct 5 08:35:53 np0005471147 proxy-server[126090]: 172.18.0.105 172.18.0.104 05/Oct/2025/08/35/53 GET /v1/AUTH_ffbb1c514d6a4f40a7f8a9f769bc781a/gnocchi.6aa7b351-85b7-4149-aa8e-ba7242fca0e1%3Fformat%3Djson%26marker%3Dnone_v3%26states%3Dlisting HTTP/1.0 200 - python-swiftclient-3.11.1 gAAAAABo4ixtepNT... - 2 - txf09c1b3b23ac4a65a0e10-0068e22de9 - 0.0145 - - 1759653353.042971849 1759653353.057465315 0
Oct 5 08:35:53 np0005471147 container-server[124208]: 172.20.0.104 - - [05/Oct/2025:08:35:53 +0000] "HEAD /d1/414/AUTH_ffbb1c514d6a4f40a7f8a9f769bc781a/gnocchi.438e0e68-ec6d-4307-aed3-840f4b7d7c0d" 204 - "HEAD http://172.18.0.178:8080/v1/AUTH_ffbb1c514d6a4f40a7f8a9f769bc781a/gnocchi.438e0e68-ec6d-4307-aed3-840f4b7d7c0d?format=json&states=listing" "txf72225098f6c4e84a79ef-0068e22de9" "proxy-server 20" 0.0024 "-" 22 0
Oct 5 08:35:53 np0005471147 object-server[124620]: 172.20.0.104 - - [05/Oct/2025:08:35:53 +0000] "GET /d1/752/AUTH_ffbb1c514d6a4f40a7f8a9f769bc781a/gnocchi.438e0e68-ec6d-4307-aed3-840f4b7d7c0d/none_v3" 200 22 "GET http://172.18.0.178:8080/v1/AUTH_ffbb1c514d6a4f40a7f8a9f769bc781a/gnocchi.438e0e68-ec6d-4307-aed3-840f4b7d7c0d/none_v3" "txf72225098f6c4e84a79ef-0068e22de9" "proxy-server 20" 0.0011 "-" 22 0
Oct 5 08:35:53 np0005471147 container-server[124199]: 172.20.0.105 - - [05/Oct/2025:08:35:53 +0000] "PUT /d1/148/AUTH_ffbb1c514d6a4f40a7f8a9f769bc781a/gnocchi.7b1cfb9f-e398-41bd-b164-31557797eb07/1759320000.0_mean_300.0_v3" 201 - "PUT http://172.18.0.178:8080/d1/244/AUTH_ffbb1c514d6a4f40a7f8a9f769bc781a/gnocchi.7b1cfb9f-e398-41bd-b164-31557797eb07/1759320000.0_mean_300.0_v3" "tx74979f4ad17d435187973-0068e22de9" "object-server 24" 0.0008 "-" 21 0
Oct 5 08:35:53 np0005471147 object-server[124621]: 172.20.0.103 - - [05/Oct/2025:08:35:53 +0000] "PUT /d1/244/AUTH_ffbb1c514d6a4f40a7f8a9f769bc781a/gnocchi.7b1cfb9f-e398-41bd-b164-31557797eb07/1759320000.0_mean_300.0_v3" 201 - "PUT http://172.18.0.178:8080/v1/AUTH_ffbb1c514d6a4f40a7f8a9f769bc781a/gnocchi.7b1cfb9f-e398-41bd-b164-31557797eb07/1759320000.0_mean_300.0_v3" "tx74979f4ad17d435187973-0068e22de9" "proxy-server 20" 0.0126 "-" 23 0
Oct 5 08:35:53 np0005471147 proxy-server[126090]: 172.18.0.178 172.18.0.104 05/Oct/2025/08/35/53 GET /v1/AUTH_ffbb1c514d6a4f40a7f8a9f769bc781a/gnocchi.438e0e68-ec6d-4307-aed3-840f4b7d7c0d/none_v3 HTTP/1.0 200 - python-swiftclient-3.11.1 gAAAAABo4ixPODjF... - 22 - txf72225098f6c4e84a79ef-0068e22de9 - 0.0208 - - 1759653353.063136339 1759653353.083897591 0
Oct 5 08:35:53 np0005471147 object-server[124621]: 172.20.0.105 - - [05/Oct/2025:08:35:53 +0000] "GET /d1/928/AUTH_ffbb1c514d6a4f40a7f8a9f769bc781a/gnocchi.6aa7b351-85b7-4149-aa8e-ba7242fca0e1/1759320000.0_rate%3Amean_300.0_v3" 404 70 "GET http://172.18.0.178:8080/v1/AUTH_ffbb1c514d6a4f40a7f8a9f769bc781a/gnocchi.6aa7b351-85b7-4149-aa8e-ba7242fca0e1/1759320000.0_rate%3Amean_300.0_v3" "tx5fcb12a9ae924d3aae541-0068e22de9" "proxy-server 20" 0.0004 "-" 23 0
Oct 5 08:35:53 np0005471147 proxy-server[126090]: 172.18.0.178 172.18.0.104 05/Oct/2025/08/35/53 GET /v1/AUTH_ffbb1c514d6a4f40a7f8a9f769bc781a/gnocchi.438e0e68-ec6d-4307-aed3-840f4b7d7c0d%3Fformat%3Djson%26states%3Dlisting HTTP/1.0 200 - python-swiftclient-3.11.1 gAAAAABo4ixPODjF... - 357 - txc48f484606b446298f07a-0068e22de9 - 0.0149 - - 1759653353.089730740 1759653353.104666710 0
Oct 5 08:35:53 np0005471147 container-server[124208]: 172.20.0.104 - - [05/Oct/2025:08:35:53 +0000] "PUT /d1/148/AUTH_ffbb1c514d6a4f40a7f8a9f769bc781a/gnocchi.7b1cfb9f-e398-41bd-b164-31557797eb07/1759320000.0_rate%3Amean_300.0_v3" 201 - "PUT http://172.18.0.178:8080/d1/606/AUTH_ffbb1c514d6a4f40a7f8a9f769bc781a/gnocchi.7b1cfb9f-e398-41bd-b164-31557797eb07/1759320000.0_rate%3Amean_300.0_v3" "tx31deea0db73c4378a3e58-0068e22de9" "object-server 22" 0.0007 "-" 22 0
Oct 5 08:35:53 np0005471147 object-server[124620]: 172.20.0.103 - - [05/Oct/2025:08:35:53 +0000] "PUT /d1/606/AUTH_ffbb1c514d6a4f40a7f8a9f769bc781a/gnocchi.7b1cfb9f-e398-41bd-b164-31557797eb07/1759320000.0_rate%3Amean_300.0_v3" 201 - "PUT http://172.18.0.178:8080/v1/AUTH_ffbb1c514d6a4f40a7f8a9f769bc781a/gnocchi.7b1cfb9f-e398-41bd-b164-31557797eb07/1759320000.0_rate%3Amean_300.0_v3" "tx31deea0db73c4378a3e58-0068e22de9" "proxy-server 20" 0.0144 "-" 22 0
Oct 5 08:35:53 np0005471147 proxy-server[126090]: 172.18.0.178 172.18.0.104 05/Oct/2025/08/35/53 GET /v1/AUTH_ffbb1c514d6a4f40a7f8a9f769bc781a/gnocchi.438e0e68-ec6d-4307-aed3-840f4b7d7c0d%3Fformat%3Djson%26marker%3Dnone_v3%26states%3Dlisting HTTP/1.0 200 - python-swiftclient-3.11.1 gAAAAABo4ixPODjF... - 2 - txb5ac4755d8904cfd8dabe-0068e22de9 - 0.0126 - - 1759653353.108906984 1759653353.121541023 0
Oct 5 08:35:53 np0005471147 container-server[124199]: 172.20.0.103 - - [05/Oct/2025:08:35:53 +0000] "PUT /d1/855/AUTH_ffbb1c514d6a4f40a7f8a9f769bc781a/gnocchi.6aa7b351-85b7-4149-aa8e-ba7242fca0e1/1759320000.0_mean_300.0_v3" 201 - "PUT http://172.18.0.178:8080/d1/565/AUTH_ffbb1c514d6a4f40a7f8a9f769bc781a/gnocchi.6aa7b351-85b7-4149-aa8e-ba7242fca0e1/1759320000.0_mean_300.0_v3" "tx230b3f1e0a154b639bac2-0068e22de9" "object-server 24" 0.0008 "-" 21 0
Oct 5 08:35:53 np0005471147 object-server[124623]: 172.20.0.105 - - [05/Oct/2025:08:35:53 +0000] "PUT /d1/565/AUTH_ffbb1c514d6a4f40a7f8a9f769bc781a/gnocchi.6aa7b351-85b7-4149-aa8e-ba7242fca0e1/1759320000.0_mean_300.0_v3" 201 - "PUT http://172.18.0.178:8080/v1/AUTH_ffbb1c514d6a4f40a7f8a9f769bc781a/gnocchi.6aa7b351-85b7-4149-aa8e-ba7242fca0e1/1759320000.0_mean_300.0_v3" "tx230b3f1e0a154b639bac2-0068e22de9" "proxy-server 20" 0.0196 "-" 24 0
Oct 5 08:35:53 np0005471147 object-server[124624]: 172.20.0.104 - - [05/Oct/2025:08:35:53 +0000] "GET /d1/730/AUTH_ffbb1c514d6a4f40a7f8a9f769bc781a/gnocchi.438e0e68-ec6d-4307-aed3-840f4b7d7c0d/1759320000.0_mean_300.0_v3" 200 16 "GET http://172.18.0.178:8080/v1/AUTH_ffbb1c514d6a4f40a7f8a9f769bc781a/gnocchi.438e0e68-ec6d-4307-aed3-840f4b7d7c0d/1759320000.0_mean_300.0_v3" "tx28a50ddc194d470f85ff5-0068e22de9" "proxy-server 20" 0.0013 "-" 25 0
Oct 5 08:35:53 np0005471147 proxy-server[126090]: 172.18.0.178 172.18.0.104 05/Oct/2025/08/35/53 GET /v1/AUTH_ffbb1c514d6a4f40a7f8a9f769bc781a/gnocchi.438e0e68-ec6d-4307-aed3-840f4b7d7c0d/1759320000.0_mean_300.0_v3 HTTP/1.0 200 - python-swiftclient-3.11.1 gAAAAABo4ixPODjF... - 16 - tx28a50ddc194d470f85ff5-0068e22de9 - 0.0118 - - 1759653353.127093077 1759653353.138865471 0
Oct 5 08:35:53 np0005471147 container-server[124226]: 172.20.0.104 - - [05/Oct/2025:08:35:53 +0000] "PUT /d1/97/AUTH_ffbb1c514d6a4f40a7f8a9f769bc781a/gnocchi.630ced32-f036-4c8c-bebe-dfa7df1b4507/none_v3" 201 - "PUT http://172.18.0.178:8080/d1/176/AUTH_ffbb1c514d6a4f40a7f8a9f769bc781a/gnocchi.630ced32-f036-4c8c-bebe-dfa7df1b4507/none_v3" "tx1333a4cf5adb49e69886f-0068e22de9" "object-server 23" 0.0008 "-" 23 0
Oct 5 08:35:53 np0005471147 object-server[124621]: 172.20.0.103 - - [05/Oct/2025:08:35:53 +0000] "PUT /d1/176/AUTH_ffbb1c514d6a4f40a7f8a9f769bc781a/gnocchi.630ced32-f036-4c8c-bebe-dfa7df1b4507/none_v3" 201 - "PUT http://172.18.0.178:8080/v1/AUTH_ffbb1c514d6a4f40a7f8a9f769bc781a/gnocchi.630ced32-f036-4c8c-bebe-dfa7df1b4507/none_v3" "tx1333a4cf5adb49e69886f-0068e22de9" "proxy-server 20" 0.0120 "-" 23 0
Oct 5 08:35:53 np0005471147 container-server[124226]: 172.20.0.105 - - [05/Oct/2025:08:35:53 +0000] "PUT /d1/855/AUTH_ffbb1c514d6a4f40a7f8a9f769bc781a/gnocchi.6aa7b351-85b7-4149-aa8e-ba7242fca0e1/1759320000.0_rate%3Amean_300.0_v3" 201 - "PUT http://172.18.0.178:8080/d1/928/AUTH_ffbb1c514d6a4f40a7f8a9f769bc781a/gnocchi.6aa7b351-85b7-4149-aa8e-ba7242fca0e1/1759320000.0_rate%3Amean_300.0_v3" "tx3c6a4292c49f49aaa5173-0068e22de9" "object-server 23" 0.0006 "-" 23 0
Oct 5 08:35:53 np0005471147 object-server[124621]: 172.20.0.104 - - [05/Oct/2025:08:35:53 +0000] "GET /d1/926/AUTH_ffbb1c514d6a4f40a7f8a9f769bc781a/gnocchi.438e0e68-ec6d-4307-aed3-840f4b7d7c0d/1759320000.0_rate%3Amean_300.0_v3" 404 70 "GET http://172.18.0.178:8080/v1/AUTH_ffbb1c514d6a4f40a7f8a9f769bc781a/gnocchi.438e0e68-ec6d-4307-aed3-840f4b7d7c0d/1759320000.0_rate%3Amean_300.0_v3" "txd068e34df81d44469bf76-0068e22de9" "proxy-server 20" 0.0003 "-" 23 0
Oct 5 08:35:53 np0005471147 object-server[124623]: 172.20.0.105 - - [05/Oct/2025:08:35:53 +0000] "PUT /d1/928/AUTH_ffbb1c514d6a4f40a7f8a9f769bc781a/gnocchi.6aa7b351-85b7-4149-aa8e-ba7242fca0e1/1759320000.0_rate%3Amean_300.0_v3" 201 - "PUT http://172.18.0.178:8080/v1/AUTH_ffbb1c514d6a4f40a7f8a9f769bc781a/gnocchi.6aa7b351-85b7-4149-aa8e-ba7242fca0e1/1759320000.0_rate%3Amean_300.0_v3" "tx3c6a4292c49f49aaa5173-0068e22de9" "proxy-server 20" 0.0121 "-" 24 0
Oct 5 08:35:53 np0005471147 proxy-server[126090]: 172.18.0.178 172.18.0.104 05/Oct/2025/08/35/53 GET /v1/AUTH_ffbb1c514d6a4f40a7f8a9f769bc781a/gnocchi.438e0e68-ec6d-4307-aed3-840f4b7d7c0d/1759320000.0_rate%253Amean_300.0_v3 HTTP/1.0 404 - python-swiftclient-3.11.1 gAAAAABo4ixPODjF... - 70 - txd068e34df81d44469bf76-0068e22de9 - 0.0143 - - 1759653353.143706322 1759653353.158054829 0
Oct 5 08:35:53 np0005471147 container-server[124226]: 172.20.0.103 - - [05/Oct/2025:08:35:53 +0000] "PUT /d1/148/AUTH_ffbb1c514d6a4f40a7f8a9f769bc781a/gnocchi.7b1cfb9f-e398-41bd-b164-31557797eb07/none_v3" 201 - "PUT http://172.18.0.178:8080/d1/760/AUTH_ffbb1c514d6a4f40a7f8a9f769bc781a/gnocchi.7b1cfb9f-e398-41bd-b164-31557797eb07/none_v3" "tx1f18f5b0735840eba5989-0068e22de9" "object-server 22" 0.0009 "-" 23 0
Oct 5 08:35:53 np0005471147 object-server[124621]: 172.20.0.103 - - [05/Oct/2025:08:35:53 +0000] "PUT /d1/760/AUTH_ffbb1c514d6a4f40a7f8a9f769bc781a/gnocchi.7b1cfb9f-e398-41bd-b164-31557797eb07/none_v3" 201 - "PUT http://172.18.0.178:8080/v1/AUTH_ffbb1c514d6a4f40a7f8a9f769bc781a/gnocchi.7b1cfb9f-e398-41bd-b164-31557797eb07/none_v3" "tx1f18f5b0735840eba5989-0068e22de9" "proxy-server 20" 0.0189 "-" 23 0
Oct 5 08:35:53 np0005471147 container-server[124208]: 172.20.0.105 - - [05/Oct/2025:08:35:53 +0000] "PUT /d1/414/AUTH_ffbb1c514d6a4f40a7f8a9f769bc781a/gnocchi.438e0e68-ec6d-4307-aed3-840f4b7d7c0d/1759320000.0_mean_300.0_v3" 201 - "PUT http://172.18.0.178:8080/d1/730/AUTH_ffbb1c514d6a4f40a7f8a9f769bc781a/gnocchi.438e0e68-ec6d-4307-aed3-840f4b7d7c0d/1759320000.0_mean_300.0_v3" "tx91c8cda83b814aa7abd50-0068e22de9" "object-server 22" 0.0008 "-" 22 0
Oct 5 08:35:53 np0005471147 container-server[124199]: 172.20.0.105 - - [05/Oct/2025:08:35:53 +0000] "PUT /d1/855/AUTH_ffbb1c514d6a4f40a7f8a9f769bc781a/gnocchi.6aa7b351-85b7-4149-aa8e-ba7242fca0e1/none_v3" 201 - "PUT http://172.18.0.178:8080/d1/419/AUTH_ffbb1c514d6a4f40a7f8a9f769bc781a/gnocchi.6aa7b351-85b7-4149-aa8e-ba7242fca0e1/none_v3" "tx137498dbc1a84e97a1507-0068e22de9" "object-server 25" 0.0009 "-" 21 0
Oct 5 08:35:53 np0005471147 object-server[124624]: 172.20.0.104 - - [05/Oct/2025:08:35:53 +0000] "PUT /d1/419/AUTH_ffbb1c514d6a4f40a7f8a9f769bc781a/gnocchi.6aa7b351-85b7-4149-aa8e-ba7242fca0e1/none_v3" 201 - "PUT http://172.18.0.178:8080/v1/AUTH_ffbb1c514d6a4f40a7f8a9f769bc781a/gnocchi.6aa7b351-85b7-4149-aa8e-ba7242fca0e1/none_v3" "tx137498dbc1a84e97a1507-0068e22de9" "proxy-server 20" 0.0242 "-" 25 0
Oct 5 08:35:53 np0005471147 object-server[124624]: 172.20.0.105 - - [05/Oct/2025:08:35:53 +0000] "PUT /d1/730/AUTH_ffbb1c514d6a4f40a7f8a9f769bc781a/gnocchi.438e0e68-ec6d-4307-aed3-840f4b7d7c0d/1759320000.0_mean_300.0_v3" 201 - "PUT http://172.18.0.178:8080/v1/AUTH_ffbb1c514d6a4f40a7f8a9f769bc781a/gnocchi.438e0e68-ec6d-4307-aed3-840f4b7d7c0d/1759320000.0_mean_300.0_v3" "tx91c8cda83b814aa7abd50-0068e22de9" "proxy-server 20" 0.0306 "-" 25 0
Oct 5 08:35:53 np0005471147 proxy-server[126090]: 172.18.0.105 172.18.0.104 05/Oct/2025/08/35/53 PUT /v1/AUTH_ffbb1c514d6a4f40a7f8a9f769bc781a/gnocchi.6aa7b351-85b7-4149-aa8e-ba7242fca0e1/none_v3 HTTP/1.0 201 - python-swiftclient-3.11.1 gAAAAABo4ixtepNT... 32 - - tx137498dbc1a84e97a1507-0068e22de9 - 0.0393 - - 1759653353.163794279 1759653353.203076601 0
Oct 5 08:35:53 np0005471147 container-server[124194]: 172.20.0.105 - - [05/Oct/2025:08:35:53 +0000] "GET /d1/975/AUTH_ffbb1c514d6a4f40a7f8a9f769bc781a/gnocchi.25a1eb0e-726c-49ea-b034-65511fd14d47" 200 357 "GET http://172.18.0.178:8080/v1/AUTH_ffbb1c514d6a4f40a7f8a9f769bc781a/gnocchi.25a1eb0e-726c-49ea-b034-65511fd14d47?format=json&states=listing" "txe4c314c120a6424ba3c35-0068e22de9" "proxy-server 20" 0.0039 "-" 20 0
Oct 5 08:35:53 np0005471147 object-server[124620]: 172.20.0.104 - - [05/Oct/2025:08:35:53 +0000] "PUT /d1/926/AUTH_ffbb1c514d6a4f40a7f8a9f769bc781a/gnocchi.438e0e68-ec6d-4307-aed3-840f4b7d7c0d/1759320000.0_rate%3Amean_300.0_v3" 201 - "PUT http://172.18.0.178:8080/v1/AUTH_ffbb1c514d6a4f40a7f8a9f769bc781a/gnocchi.438e0e68-ec6d-4307-aed3-840f4b7d7c0d/1759320000.0_rate%3Amean_300.0_v3" "txa9d076e4a01648759cb56-0068e22de9" "proxy-server 20" 0.0128 "-" 22 0
Oct 5 08:35:53 np0005471147 container-server[124208]: 172.20.0.105 - - [05/Oct/2025:08:35:53 +0000] "PUT /d1/414/AUTH_ffbb1c514d6a4f40a7f8a9f769bc781a/gnocchi.438e0e68-ec6d-4307-aed3-840f4b7d7c0d/1759320000.0_rate%3Amean_300.0_v3" 201 - "PUT http://172.18.0.178:8080/d1/926/AUTH_ffbb1c514d6a4f40a7f8a9f769bc781a/gnocchi.438e0e68-ec6d-4307-aed3-840f4b7d7c0d/1759320000.0_rate%3Amean_300.0_v3" "txa9d076e4a01648759cb56-0068e22de9" "object-server 25" 0.0008 "-" 22 0
Oct 5 08:35:53 np0005471147 proxy-server[126090]: 172.18.0.178 172.18.0.104 05/Oct/2025/08/35/53 PUT /v1/AUTH_ffbb1c514d6a4f40a7f8a9f769bc781a/gnocchi.438e0e68-ec6d-4307-aed3-840f4b7d7c0d/1759320000.0_rate%253Amean_300.0_v3 HTTP/1.0 201 - python-swiftclient-3.11.1 gAAAAABo4ixPODjF... 16 - - txa9d076e4a01648759cb56-0068e22de9 - 0.0287 - - 1759653353.211315155 1759653353.240042448 0
Oct 5 08:35:53 np0005471147 container-server[124226]: 172.20.0.105 - - [05/Oct/2025:08:35:53 +0000] "PUT /d1/414/AUTH_ffbb1c514d6a4f40a7f8a9f769bc781a/gnocchi.438e0e68-ec6d-4307-aed3-840f4b7d7c0d/none_v3" 201 - "PUT http://172.18.0.178:8080/d1/752/AUTH_ffbb1c514d6a4f40a7f8a9f769bc781a/gnocchi.438e0e68-ec6d-4307-aed3-840f4b7d7c0d/none_v3" "tx321874858d9241aaa4128-0068e22de9" "object-server 25" 0.0009 "-" 23 0
Oct 5 08:35:53 np0005471147 object-server[124620]: 172.20.0.105 - - [05/Oct/2025:08:35:53 +0000] "PUT /d1/752/AUTH_ffbb1c514d6a4f40a7f8a9f769bc781a/gnocchi.438e0e68-ec6d-4307-aed3-840f4b7d7c0d/none_v3" 201 - "PUT http://172.18.0.178:8080/v1/AUTH_ffbb1c514d6a4f40a7f8a9f769bc781a/gnocchi.438e0e68-ec6d-4307-aed3-840f4b7d7c0d/none_v3" "tx321874858d9241aaa4128-0068e22de9" "proxy-server 20" 0.0150 "-" 22 0
Oct 5 08:35:53 np0005471147 proxy-server[126090]: 172.18.0.103 172.18.0.104 05/Oct/2025/08/35/53 GET /v1/AUTH_ffbb1c514d6a4f40a7f8a9f769bc781a/gnocchi.25a1eb0e-726c-49ea-b034-65511fd14d47/1759320000.0_mean_300.0_v3 HTTP/1.0 200 - python-swiftclient-3.11.1 gAAAAABo4iyYaC5C... - 16 - txa9905317ab254654b10b9-0068e22de9 - 0.0109 - - 1759653353.263531923 1759653353.274428844 0
Oct 5 08:35:53 np0005471147 object-server[124624]: 172.20.0.103 - - [05/Oct/2025:08:35:53 +0000] "GET /d1/834/AUTH_ffbb1c514d6a4f40a7f8a9f769bc781a/gnocchi.25a1eb0e-726c-49ea-b034-65511fd14d47/1759320000.0_rate%3Amean_300.0_v3" 404 70 "GET http://172.18.0.178:8080/v1/AUTH_ffbb1c514d6a4f40a7f8a9f769bc781a/gnocchi.25a1eb0e-726c-49ea-b034-65511fd14d47/1759320000.0_rate%3Amean_300.0_v3" "txec05eaadbbf4404ba39b5-0068e22de9" "proxy-server 20" 0.0006 "-" 25 0
Oct 5 08:35:53 np0005471147 container-server[124226]: 172.20.0.105 - - [05/Oct/2025:08:35:53 +0000] "HEAD /d1/567/AUTH_ffbb1c514d6a4f40a7f8a9f769bc781a/gnocchi.974be382-e87f-4bea-a8ca-7e62c2bdd3fd" 204 - "HEAD http://172.18.0.178:8080/v1/AUTH_ffbb1c514d6a4f40a7f8a9f769bc781a/gnocchi.974be382-e87f-4bea-a8ca-7e62c2bdd3fd?format=json&states=listing" "txcbfbcd0403364964a4174-0068e22de9" "proxy-server 20" 0.0024 "-" 23 0
Oct 5 08:35:53 np0005471147 object-server[124624]: 172.20.0.105 - - [05/Oct/2025:08:35:53 +0000] "GET /d1/812/AUTH_ffbb1c514d6a4f40a7f8a9f769bc781a/gnocchi.974be382-e87f-4bea-a8ca-7e62c2bdd3fd/none_v3" 200 22 "GET http://172.18.0.178:8080/v1/AUTH_ffbb1c514d6a4f40a7f8a9f769bc781a/gnocchi.974be382-e87f-4bea-a8ca-7e62c2bdd3fd/none_v3" "txcbfbcd0403364964a4174-0068e22de9" "proxy-server 20" 0.0010 "-" 25 0
Oct 5 08:35:53 np0005471147 container-server[124194]: 172.20.0.104 - - [05/Oct/2025:08:35:53 +0000] "PUT /d1/975/AUTH_ffbb1c514d6a4f40a7f8a9f769bc781a/gnocchi.25a1eb0e-726c-49ea-b034-65511fd14d47/1759320000.0_mean_300.0_v3" 201 - "PUT http://172.18.0.178:8080/d1/449/AUTH_ffbb1c514d6a4f40a7f8a9f769bc781a/gnocchi.25a1eb0e-726c-49ea-b034-65511fd14d47/1759320000.0_mean_300.0_v3" "txec5aadf9f14c4dbe86464-0068e22de9" "object-server 25" 0.0009 "-" 20 0
Oct 5 08:35:53 np0005471147 object-server[124624]: 172.20.0.104 - - [05/Oct/2025:08:35:53 +0000] "PUT /d1/449/AUTH_ffbb1c514d6a4f40a7f8a9f769bc781a/gnocchi.25a1eb0e-726c-49ea-b034-65511fd14d47/1759320000.0_mean_300.0_v3" 201 - "PUT http://172.18.0.178:8080/v1/AUTH_ffbb1c514d6a4f40a7f8a9f769bc781a/gnocchi.25a1eb0e-726c-49ea-b034-65511fd14d47/1759320000.0_mean_300.0_v3" "txec5aadf9f14c4dbe86464-0068e22de9" "proxy-server 20" 0.0144 "-" 25 0
Oct 5 08:35:53 np0005471147 proxy-server[126090]: 172.18.0.103 172.18.0.104 05/Oct/2025/08/35/53 PUT /v1/AUTH_ffbb1c514d6a4f40a7f8a9f769bc781a/gnocchi.25a1eb0e-726c-49ea-b034-65511fd14d47/1759320000.0_mean_300.0_v3 HTTP/1.0 201 - python-swiftclient-3.11.1 gAAAAABo4iyYaC5C... 27 - - txec5aadf9f14c4dbe86464-0068e22de9 - 0.0248 - - 1759653353.301025629 1759653353.325794220 0
Oct 5 08:35:53 np0005471147 container-server[124199]: 172.20.0.105 - - [05/Oct/2025:08:35:53 +0000] "GET /d1/567/AUTH_ffbb1c514d6a4f40a7f8a9f769bc781a/gnocchi.974be382-e87f-4bea-a8ca-7e62c2bdd3fd" 200 2 "GET http://172.18.0.178:8080/v1/AUTH_ffbb1c514d6a4f40a7f8a9f769bc781a/gnocchi.974be382-e87f-4bea-a8ca-7e62c2bdd3fd?format=json&marker=none_v3&states=listing" "tx313b2373c1f54d4bb0157-0068e22de9" "proxy-server 20" 0.0027 "-" 21 0
Oct 5 08:35:53 np0005471147 container-server[124199]: 172.20.0.105 - - [05/Oct/2025:08:35:53 +0000] "PUT /d1/975/AUTH_ffbb1c514d6a4f40a7f8a9f769bc781a/gnocchi.25a1eb0e-726c-49ea-b034-65511fd14d47/1759320000.0_rate%3Amean_300.0_v3" 201 - "PUT http://172.18.0.178:8080/d1/834/AUTH_ffbb1c514d6a4f40a7f8a9f769bc781a/gnocchi.25a1eb0e-726c-49ea-b034-65511fd14d47/1759320000.0_rate%3Amean_300.0_v3" "txd1ebe311a3944cdab1bf3-0068e22de9" "object-server 23" 0.0006 "-" 21 0
Oct 5 08:35:53 np0005471147 object-server[124623]: 172.20.0.104 - - [05/Oct/2025:08:35:53 +0000] "PUT /d1/834/AUTH_ffbb1c514d6a4f40a7f8a9f769bc781a/gnocchi.25a1eb0e-726c-49ea-b034-65511fd14d47/1759320000.0_rate%3Amean_300.0_v3" 201 - "PUT http://172.18.0.178:8080/v1/AUTH_ffbb1c514d6a4f40a7f8a9f769bc781a/gnocchi.25a1eb0e-726c-49ea-b034-65511fd14d47/1759320000.0_rate%3Amean_300.0_v3" "txd1ebe311a3944cdab1bf3-0068e22de9" "proxy-server 20" 0.0179 "-" 24 0
Oct 5 08:35:53 np0005471147 proxy-server[126090]: 172.18.0.103 172.18.0.104 05/Oct/2025/08/35/53 PUT /v1/AUTH_ffbb1c514d6a4f40a7f8a9f769bc781a/gnocchi.25a1eb0e-726c-49ea-b034-65511fd14d47/1759320000.0_rate%253Amean_300.0_v3 HTTP/1.0 201 - python-swiftclient-3.11.1 gAAAAABo4iyYaC5C... 16 - - txd1ebe311a3944cdab1bf3-0068e22de9 - 0.0270 - - 1759653353.329708338 1759653353.356701612 0
Oct 5 08:35:53 np0005471147 container-server[124208]: 172.20.0.103 - - [05/Oct/2025:08:35:53 +0000] "GET /d1/646/AUTH_ffbb1c514d6a4f40a7f8a9f769bc781a/gnocchi.cebab2a7-ecec-4c42-b8fc-013a1ede8d36" 200 357 "GET http://172.18.0.178:8080/v1/AUTH_ffbb1c514d6a4f40a7f8a9f769bc781a/gnocchi.cebab2a7-ecec-4c42-b8fc-013a1ede8d36?format=json&states=listing" "tx3fc8061576594c63a0017-0068e22de9" "proxy-server 20" 0.0037 "-" 22 0
Oct 5 08:35:53 np0005471147 object-server[124620]: 172.20.0.105 - - [05/Oct/2025:08:35:53 +0000] "GET /d1/656/AUTH_ffbb1c514d6a4f40a7f8a9f769bc781a/gnocchi.974be382-e87f-4bea-a8ca-7e62c2bdd3fd/1759320000.0_rate%3Amean_300.0_v3" 404 70 "GET http://172.18.0.178:8080/v1/AUTH_ffbb1c514d6a4f40a7f8a9f769bc781a/gnocchi.974be382-e87f-4bea-a8ca-7e62c2bdd3fd/1759320000.0_rate%3Amean_300.0_v3" "tx7fbd824f12774fa492821-0068e22de9" "proxy-server 20" 0.0006 "-" 22 0
Oct 5 08:35:53 np0005471147 container-server[124199]: 172.20.0.104 - - [05/Oct/2025:08:35:53 +0000] "PUT /d1/975/AUTH_ffbb1c514d6a4f40a7f8a9f769bc781a/gnocchi.25a1eb0e-726c-49ea-b034-65511fd14d47/none_v3" 201 - "PUT http://172.18.0.178:8080/d1/905/AUTH_ffbb1c514d6a4f40a7f8a9f769bc781a/gnocchi.25a1eb0e-726c-49ea-b034-65511fd14d47/none_v3" "tx9da912c586f74a7183287-0068e22de9" "object-server 24" 0.0006 "-" 21 0
Oct 5 08:35:53 np0005471147 object-server[124623]: 172.20.0.104 - - [05/Oct/2025:08:35:53 +0000] "PUT /d1/905/AUTH_ffbb1c514d6a4f40a7f8a9f769bc781a/gnocchi.25a1eb0e-726c-49ea-b034-65511fd14d47/none_v3" 201 - "PUT http://172.18.0.178:8080/v1/AUTH_ffbb1c514d6a4f40a7f8a9f769bc781a/gnocchi.25a1eb0e-726c-49ea-b034-65511fd14d47/none_v3" "tx9da912c586f74a7183287-0068e22de9" "proxy-server 20" 0.0145 "-" 24 0
Oct 5 08:35:53 np0005471147 proxy-server[126090]: 172.18.0.103 172.18.0.104 05/Oct/2025/08/35/53 PUT /v1/AUTH_ffbb1c514d6a4f40a7f8a9f769bc781a/gnocchi.25a1eb0e-726c-49ea-b034-65511fd14d47/none_v3 HTTP/1.0 201 - python-swiftclient-3.11.1 gAAAAABo4iyYaC5C... 35 - - tx9da912c586f74a7183287-0068e22de9 - 0.0207 - - 1759653353.360511303 1759653353.381230831 0
Oct 5 08:35:53 np0005471147 object-server[124621]: 172.20.0.104 - - [05/Oct/2025:08:35:53 +0000] "PUT /d1/1007/AUTH_ffbb1c514d6a4f40a7f8a9f769bc781a/gnocchi.974be382-e87f-4bea-a8ca-7e62c2bdd3fd/1759320000.0_mean_300.0_v3" 201 - "PUT http://172.18.0.178:8080/v1/AUTH_ffbb1c514d6a4f40a7f8a9f769bc781a/gnocchi.974be382-e87f-4bea-a8ca-7e62c2bdd3fd/1759320000.0_mean_300.0_v3" "txa769e6778cf4401d86533-0068e22de9" "proxy-server 20" 0.0129 "-" 23 0
Oct 5 08:35:53 np0005471147 container-server[124194]: 172.20.0.103 - - [05/Oct/2025:08:35:53 +0000] "PUT /d1/567/AUTH_ffbb1c514d6a4f40a7f8a9f769bc781a/gnocchi.974be382-e87f-4bea-a8ca-7e62c2bdd3fd/1759320000.0_mean_300.0_v3" 201 - "PUT http://172.18.0.178:8080/d1/1007/AUTH_ffbb1c514d6a4f40a7f8a9f769bc781a/gnocchi.974be382-e87f-4bea-a8ca-7e62c2bdd3fd/1759320000.0_mean_300.0_v3" "txa769e6778cf4401d86533-0068e22de9" "object-server 24" 0.0009 "-" 20 0
Oct 5 08:35:53 np0005471147 proxy-server[126090]: 172.18.0.178 172.18.0.104 05/Oct/2025/08/35/53 PUT /v1/AUTH_ffbb1c514d6a4f40a7f8a9f769bc781a/gnocchi.974be382-e87f-4bea-a8ca-7e62c2bdd3fd/1759320000.0_mean_300.0_v3 HTTP/1.0 201 - python-swiftclient-3.11.1 gAAAAABo4ixPODjF... 24 - - txa769e6778cf4401d86533-0068e22de9 - 0.0225 - - 1759653353.391222477 1759653353.413711548 0
Oct 5 08:35:53 np0005471147 object-server[124621]: 172.20.0.103 - - [05/Oct/2025:08:35:53 +0000] "GET /d1/781/AUTH_ffbb1c514d6a4f40a7f8a9f769bc781a/gnocchi.cebab2a7-ecec-4c42-b8fc-013a1ede8d36/1759320000.0_rate%3Amean_300.0_v3" 404 70 "GET http://172.18.0.178:8080/v1/AUTH_ffbb1c514d6a4f40a7f8a9f769bc781a/gnocchi.cebab2a7-ecec-4c42-b8fc-013a1ede8d36/1759320000.0_rate%3Amean_300.0_v3" "tx41ab6ca6ecc54e2b8673e-0068e22de9" "proxy-server 20" 0.0003 "-" 23 0
Oct 5 08:35:53 np0005471147 container-server[124226]: 172.20.0.103 - - [05/Oct/2025:08:35:53 +0000] "PUT /d1/567/AUTH_ffbb1c514d6a4f40a7f8a9f769bc781a/gnocchi.974be382-e87f-4bea-a8ca-7e62c2bdd3fd/1759320000.0_rate%3Amean_300.0_v3" 201 - "PUT http://172.18.0.178:8080/d1/656/AUTH_ffbb1c514d6a4f40a7f8a9f769bc781a/gnocchi.974be382-e87f-4bea-a8ca-7e62c2bdd3fd/1759320000.0_rate%3Amean_300.0_v3" "tx7ccef18768ac4fbea2543-0068e22de9" "object-server 22" 0.0008 "-" 23 0
Oct 5 08:35:53 np0005471147 object-server[124621]: 172.20.0.105 - - [05/Oct/2025:08:35:53 +0000] "PUT /d1/656/AUTH_ffbb1c514d6a4f40a7f8a9f769bc781a/gnocchi.974be382-e87f-4bea-a8ca-7e62c2bdd3fd/1759320000.0_rate%3Amean_300.0_v3" 201 - "PUT http://172.18.0.178:8080/v1/AUTH_ffbb1c514d6a4f40a7f8a9f769bc781a/gnocchi.974be382-e87f-4bea-a8ca-7e62c2bdd3fd/1759320000.0_rate%3Amean_300.0_v3" "tx7ccef18768ac4fbea2543-0068e22de9" "proxy-server 20" 0.0141 "-" 23 0
Oct 5 08:35:53 np0005471147 object-server[124623]: 172.20.0.104 - - [05/Oct/2025:08:35:53 +0000] "PUT /d1/527/AUTH_ffbb1c514d6a4f40a7f8a9f769bc781a/gnocchi.cebab2a7-ecec-4c42-b8fc-013a1ede8d36/1759320000.0_mean_300.0_v3" 201 - "PUT http://172.18.0.178:8080/v1/AUTH_ffbb1c514d6a4f40a7f8a9f769bc781a/gnocchi.cebab2a7-ecec-4c42-b8fc-013a1ede8d36/1759320000.0_mean_300.0_v3" "tx29a0e6ea618f4b6b970ff-0068e22de9" "proxy-server 20" 0.0111 "-" 24 0
Oct 5 08:35:53 np0005471147 container-server[124226]: 172.20.0.103 - - [05/Oct/2025:08:35:53 +0000] "PUT /d1/646/AUTH_ffbb1c514d6a4f40a7f8a9f769bc781a/gnocchi.cebab2a7-ecec-4c42-b8fc-013a1ede8d36/1759320000.0_mean_300.0_v3" 201 - "PUT http://172.18.0.178:8080/d1/527/AUTH_ffbb1c514d6a4f40a7f8a9f769bc781a/gnocchi.cebab2a7-ecec-4c42-b8fc-013a1ede8d36/1759320000.0_mean_300.0_v3" "tx29a0e6ea618f4b6b970ff-0068e22de9" "object-server 22" 0.0006 "-" 23 0
Oct 5 08:35:53 np0005471147 proxy-server[126090]: 172.18.0.105 172.18.0.104 05/Oct/2025/08/35/53 PUT /v1/AUTH_ffbb1c514d6a4f40a7f8a9f769bc781a/gnocchi.cebab2a7-ecec-4c42-b8fc-013a1ede8d36/1759320000.0_mean_300.0_v3 HTTP/1.0 201 - python-swiftclient-3.11.1 gAAAAABo4ixtepNT... 23 - - tx29a0e6ea618f4b6b970ff-0068e22de9 - 0.0210 - - 1759653353.436668158 1759653353.457676649 0
Oct 5 08:35:53 np0005471147 object-server[124623]: 172.20.0.103 - - [05/Oct/2025:08:35:53 +0000] "PUT /d1/812/AUTH_ffbb1c514d6a4f40a7f8a9f769bc781a/gnocchi.974be382-e87f-4bea-a8ca-7e62c2bdd3fd/none_v3" 201 - "PUT http://172.18.0.178:8080/v1/AUTH_ffbb1c514d6a4f40a7f8a9f769bc781a/gnocchi.974be382-e87f-4bea-a8ca-7e62c2bdd3fd/none_v3" "txc58e46558a1d46378a3de-0068e22de9" "proxy-server 20" 0.0122 "-" 24 0
Oct 5 08:35:53 np0005471147 container-server[124226]: 172.20.0.105 - - [05/Oct/2025:08:35:53 +0000] "PUT /d1/567/AUTH_ffbb1c514d6a4f40a7f8a9f769bc781a/gnocchi.974be382-e87f-4bea-a8ca-7e62c2bdd3fd/none_v3" 201 - "PUT http://172.18.0.178:8080/d1/812/AUTH_ffbb1c514d6a4f40a7f8a9f769bc781a/gnocchi.974be382-e87f-4bea-a8ca-7e62c2bdd3fd/none_v3" "txc58e46558a1d46378a3de-0068e22de9" "object-server 24" 0.0006 "-" 23 0
Oct 5 08:35:53 np0005471147 container-server[124226]: 172.20.0.103 - - [05/Oct/2025:08:35:53 +0000] "PUT /d1/646/AUTH_ffbb1c514d6a4f40a7f8a9f769bc781a/gnocchi.cebab2a7-ecec-4c42-b8fc-013a1ede8d36/1759320000.0_rate%3Amean_300.0_v3" 201 - "PUT http://172.18.0.178:8080/d1/781/AUTH_ffbb1c514d6a4f40a7f8a9f769bc781a/gnocchi.cebab2a7-ecec-4c42-b8fc-013a1ede8d36/1759320000.0_rate%3Amean_300.0_v3" "tx99735fa14dd54b759fbbd-0068e22de9" "object-server 25" 0.0005 "-" 23 0
Oct 5 08:35:53 np0005471147 object-server[124624]: 172.20.0.105 - - [05/Oct/2025:08:35:53 +0000] "PUT /d1/781/AUTH_ffbb1c514d6a4f40a7f8a9f769bc781a/gnocchi.cebab2a7-ecec-4c42-b8fc-013a1ede8d36/1759320000.0_rate%3Amean_300.0_v3" 201 - "PUT http://172.18.0.178:8080/v1/AUTH_ffbb1c514d6a4f40a7f8a9f769bc781a/gnocchi.cebab2a7-ecec-4c42-b8fc-013a1ede8d36/1759320000.0_rate%3Amean_300.0_v3" "tx99735fa14dd54b759fbbd-0068e22de9" "proxy-server 20" 0.0161 "-" 25 0
Oct 5 08:35:53 np0005471147 container-server[124194]: 172.20.0.105 - - [05/Oct/2025:08:35:53 +0000] "PUT /d1/646/AUTH_ffbb1c514d6a4f40a7f8a9f769bc781a/gnocchi.cebab2a7-ecec-4c42-b8fc-013a1ede8d36/none_v3" 201 - "PUT http://172.18.0.178:8080/d1/886/AUTH_ffbb1c514d6a4f40a7f8a9f769bc781a/gnocchi.cebab2a7-ecec-4c42-b8fc-013a1ede8d36/none_v3" "txd59400b8667a4ee2b7672-0068e22de9" "object-server 24" 0.0010 "-" 20 0
Oct 5 08:35:53 np0005471147 object-server[124620]: 172.20.0.104 - - [05/Oct/2025:08:35:53 +0000] "PUT /d1/886/AUTH_ffbb1c514d6a4f40a7f8a9f769bc781a/gnocchi.cebab2a7-ecec-4c42-b8fc-013a1ede8d36/none_v3" 201 - "PUT http://172.18.0.178:8080/v1/AUTH_ffbb1c514d6a4f40a7f8a9f769bc781a/gnocchi.cebab2a7-ecec-4c42-b8fc-013a1ede8d36/none_v3" "txd59400b8667a4ee2b7672-0068e22de9" "proxy-server 20" 0.0143 "-" 22 0
Oct 5 08:35:53 np0005471147 proxy-server[126090]: 172.18.0.105 172.18.0.104 05/Oct/2025/08/35/53 PUT /v1/AUTH_ffbb1c514d6a4f40a7f8a9f769bc781a/gnocchi.cebab2a7-ecec-4c42-b8fc-013a1ede8d36/none_v3 HTTP/1.0 201 - python-swiftclient-3.11.1 gAAAAABo4ixtepNT... 32 - - txd59400b8667a4ee2b7672-0068e22de9 - 0.0266 - - 1759653353.495881796 1759653353.522503376 0
Oct 5 08:35:53 np0005471147 container-server[124226]: 172.20.0.104 - - [05/Oct/2025:08:35:53 +0000] "GET /d1/951/AUTH_ffbb1c514d6a4f40a7f8a9f769bc781a/gnocchi.812d8853-9830-4007-a8c4-a077946f8fcd" 200 2 "GET http://172.18.0.178:8080/v1/AUTH_ffbb1c514d6a4f40a7f8a9f769bc781a/gnocchi.812d8853-9830-4007-a8c4-a077946f8fcd?format=json&marker=none_v3&states=listing" "txef94711a9a164fa790f24-0068e22de9" "proxy-server 20" 0.0038 "-" 23 0
Oct 5 08:35:53 np0005471147 proxy-server[126090]: 172.18.0.178 172.18.0.104 05/Oct/2025/08/35/53 GET /v1/AUTH_ffbb1c514d6a4f40a7f8a9f769bc781a/gnocchi.812d8853-9830-4007-a8c4-a077946f8fcd%3Fformat%3Djson%26marker%3Dnone_v3%26states%3Dlisting HTTP/1.0 200 - python-swiftclient-3.11.1 gAAAAABo4ixPODjF... - 2 - txef94711a9a164fa790f24-0068e22de9 - 0.0128 - - 1759653353.568819046 1759653353.581616879 0
Oct 5 08:35:53 np0005471147 object-server[124623]: 172.20.0.105 - - [05/Oct/2025:08:35:53 +0000] "GET /d1/542/AUTH_ffbb1c514d6a4f40a7f8a9f769bc781a/gnocchi.812d8853-9830-4007-a8c4-a077946f8fcd/1759320000.0_rate%3Amean_300.0_v3" 404 70 "GET http://172.18.0.178:8080/v1/AUTH_ffbb1c514d6a4f40a7f8a9f769bc781a/gnocchi.812d8853-9830-4007-a8c4-a077946f8fcd/1759320000.0_rate%3Amean_300.0_v3" "txf7691099bea6464ca27cb-0068e22de9" "proxy-server 20" 0.0005 "-" 24 0
Oct 5 08:35:53 np0005471147 container-server[124208]: 172.20.0.104 - - [05/Oct/2025:08:35:53 +0000] "PUT /d1/951/AUTH_ffbb1c514d6a4f40a7f8a9f769bc781a/gnocchi.812d8853-9830-4007-a8c4-a077946f8fcd/1759320000.0_mean_300.0_v3" 201 - "PUT http://172.18.0.178:8080/d1/350/AUTH_ffbb1c514d6a4f40a7f8a9f769bc781a/gnocchi.812d8853-9830-4007-a8c4-a077946f8fcd/1759320000.0_mean_300.0_v3" "txdfa62b27d0ee422db1750-0068e22de9" "object-server 23" 0.0011 "-" 22 0
Oct 5 08:35:53 np0005471147 object-server[124621]: 172.20.0.104 - - [05/Oct/2025:08:35:53 +0000] "PUT /d1/350/AUTH_ffbb1c514d6a4f40a7f8a9f769bc781a/gnocchi.812d8853-9830-4007-a8c4-a077946f8fcd/1759320000.0_mean_300.0_v3" 201 - "PUT http://172.18.0.178:8080/v1/AUTH_ffbb1c514d6a4f40a7f8a9f769bc781a/gnocchi.812d8853-9830-4007-a8c4-a077946f8fcd/1759320000.0_mean_300.0_v3" "txdfa62b27d0ee422db1750-0068e22de9" "proxy-server 20" 0.0121 "-" 23 0
Oct 5 08:35:53 np0005471147 proxy-server[126090]: 172.18.0.178 172.18.0.104 05/Oct/2025/08/35/53 PUT /v1/AUTH_ffbb1c514d6a4f40a7f8a9f769bc781a/gnocchi.812d8853-9830-4007-a8c4-a077946f8fcd/1759320000.0_mean_300.0_v3 HTTP/1.0 201 - python-swiftclient-3.11.1 gAAAAABo4ixPODjF... 24 - - txdfa62b27d0ee422db1750-0068e22de9 - 0.0232 - - 1759653353.618763924 1759653353.641983509 0
Oct 5 08:35:53 np0005471147 proxy-server[126090]: 172.18.0.105 172.18.0.104 05/Oct/2025/08/35/53 GET /v1/AUTH_ffbb1c514d6a4f40a7f8a9f769bc781a/gnocchi.b91482ff-72d8-413b-96ef-5b7c844cebdb%3Fformat%3Djson%26marker%3Dnone_v3%26states%3Dlisting HTTP/1.0 200 - python-swiftclient-3.11.1 gAAAAABo4ixtepNT... - 2 - txd7447549f85742eeb3e3d-0068e22de9 - 0.0081 - - 1759653353.655336380 1759653353.663470030 0
Oct 5 08:35:53 np0005471147 container-server[124226]: 172.20.0.104 - - [05/Oct/2025:08:35:53 +0000] "PUT /d1/951/AUTH_ffbb1c514d6a4f40a7f8a9f769bc781a/gnocchi.812d8853-9830-4007-a8c4-a077946f8fcd/1759320000.0_rate%3Amean_300.0_v3" 201 - "PUT http://172.18.0.178:8080/d1/542/AUTH_ffbb1c514d6a4f40a7f8a9f769bc781a/gnocchi.812d8853-9830-4007-a8c4-a077946f8fcd/1759320000.0_rate%3Amean_300.0_v3" "tx1570c696cc424f03b24cc-0068e22de9" "object-server 22" 0.0008 "-" 23 0
Oct 5 08:35:53 np0005471147 object-server[124620]: 172.20.0.103 - - [05/Oct/2025:08:35:53 +0000] "PUT /d1/542/AUTH_ffbb1c514d6a4f40a7f8a9f769bc781a/gnocchi.812d8853-9830-4007-a8c4-a077946f8fcd/1759320000.0_rate%3Amean_300.0_v3" 201 - "PUT http://172.18.0.178:8080/v1/AUTH_ffbb1c514d6a4f40a7f8a9f769bc781a/gnocchi.812d8853-9830-4007-a8c4-a077946f8fcd/1759320000.0_rate%3Amean_300.0_v3" "tx1570c696cc424f03b24cc-0068e22de9" "proxy-server 20" 0.0098 "-" 22 0
Oct 5 08:35:53 np0005471147 object-server[124624]: 172.20.0.105 - - [05/Oct/2025:08:35:53 +0000] "GET /d1/531/AUTH_ffbb1c514d6a4f40a7f8a9f769bc781a/gnocchi.b91482ff-72d8-413b-96ef-5b7c844cebdb/1759320000.0_mean_300.0_v3" 200 16 "GET http://172.18.0.178:8080/v1/AUTH_ffbb1c514d6a4f40a7f8a9f769bc781a/gnocchi.b91482ff-72d8-413b-96ef-5b7c844cebdb/1759320000.0_mean_300.0_v3" "tx66788b4d354e489f91064-0068e22de9" "proxy-server 20" 0.0011 "-" 25 0
Oct 5 08:35:53 np0005471147 object-server[124620]: 172.20.0.104 - - [05/Oct/2025:08:35:53 +0000] "PUT /d1/814/AUTH_ffbb1c514d6a4f40a7f8a9f769bc781a/gnocchi.812d8853-9830-4007-a8c4-a077946f8fcd/none_v3" 201 - "PUT http://172.18.0.178:8080/v1/AUTH_ffbb1c514d6a4f40a7f8a9f769bc781a/gnocchi.812d8853-9830-4007-a8c4-a077946f8fcd/none_v3" "tx0ea060bb196d49d198dc2-0068e22de9" "proxy-server 20" 0.0112 "-" 22 0
Oct 5 08:35:53 np0005471147 container-server[124226]: 172.20.0.103 - - [05/Oct/2025:08:35:53 +0000] "PUT /d1/951/AUTH_ffbb1c514d6a4f40a7f8a9f769bc781a/gnocchi.812d8853-9830-4007-a8c4-a077946f8fcd/none_v3" 201 - "PUT http://172.18.0.178:8080/d1/814/AUTH_ffbb1c514d6a4f40a7f8a9f769bc781a/gnocchi.812d8853-9830-4007-a8c4-a077946f8fcd/none_v3" "tx0ea060bb196d49d198dc2-0068e22de9" "object-server 22" 0.0007 "-" 23 0
Oct 5 08:35:53 np0005471147 proxy-server[126090]: 172.18.0.178 172.18.0.104 05/Oct/2025/08/35/53 PUT /v1/AUTH_ffbb1c514d6a4f40a7f8a9f769bc781a/gnocchi.812d8853-9830-4007-a8c4-a077946f8fcd/none_v3 HTTP/1.0 201 - python-swiftclient-3.11.1 gAAAAABo4ixPODjF... 33 - - tx0ea060bb196d49d198dc2-0068e22de9 - 0.0248 - - 1759653353.671055317 1759653353.695846558 0
Oct 5 08:35:53 np0005471147 object-server[124624]: 172.20.0.103 - - [05/Oct/2025:08:35:53 +0000] "GET /d1/943/AUTH_ffbb1c514d6a4f40a7f8a9f769bc781a/gnocchi.b91482ff-72d8-413b-96ef-5b7c844cebdb/1759320000.0_rate%3Amean_300.0_v3" 404 70 "GET http://172.18.0.178:8080/v1/AUTH_ffbb1c514d6a4f40a7f8a9f769bc781a/gnocchi.b91482ff-72d8-413b-96ef-5b7c844cebdb/1759320000.0_rate%3Amean_300.0_v3" "tx61aa030491e04988b3e9a-0068e22de9" "proxy-server 20" 0.0008 "-" 25 0
Oct 5 08:35:53 np0005471147 object-server[124342]: Starting object replication pass.
Oct 5 08:35:53 np0005471147 container-server[124208]: 172.20.0.103 - - [05/Oct/2025:08:35:53 +0000] "GET /d1/855/AUTH_ffbb1c514d6a4f40a7f8a9f769bc781a/gnocchi.6aa7b351-85b7-4149-aa8e-ba7242fca0e1" 200 550 "GET http://172.18.0.178:8080/v1/AUTH_ffbb1c514d6a4f40a7f8a9f769bc781a/gnocchi.6aa7b351-85b7-4149-aa8e-ba7242fca0e1?format=json&states=listing" "txc77fb7a33ef045ed97193-0068e22de9" "proxy-server 20" 0.0129 "-" 22 0
Oct 5 08:35:53 np0005471147 container-server[124226]: 172.20.0.105 - - [05/Oct/2025:08:35:53 +0000] "PUT /d1/852/AUTH_ffbb1c514d6a4f40a7f8a9f769bc781a/gnocchi.b91482ff-72d8-413b-96ef-5b7c844cebdb/1759320000.0_mean_300.0_v3" 201 - "PUT http://172.18.0.178:8080/d1/531/AUTH_ffbb1c514d6a4f40a7f8a9f769bc781a/gnocchi.b91482ff-72d8-413b-96ef-5b7c844cebdb/1759320000.0_mean_300.0_v3" "tx03aa41bda8614e54b40f6-0068e22de9" "object-server 22" 0.0009 "-" 23 0
Oct 5 08:35:53 np0005471147 object-server[124624]: 172.20.0.104 - - [05/Oct/2025:08:35:53 +0000] "PUT /d1/531/AUTH_ffbb1c514d6a4f40a7f8a9f769bc781a/gnocchi.b91482ff-72d8-413b-96ef-5b7c844cebdb/1759320000.0_mean_300.0_v3" 201 - "PUT http://172.18.0.178:8080/v1/AUTH_ffbb1c514d6a4f40a7f8a9f769bc781a/gnocchi.b91482ff-72d8-413b-96ef-5b7c844cebdb/1759320000.0_mean_300.0_v3" "tx03aa41bda8614e54b40f6-0068e22de9" "proxy-server 20" 0.0150 "-" 25 0
Oct 5 08:35:53 np0005471147 proxy-server[126090]: 172.18.0.105 172.18.0.104 05/Oct/2025/08/35/53 PUT /v1/AUTH_ffbb1c514d6a4f40a7f8a9f769bc781a/gnocchi.b91482ff-72d8-413b-96ef-5b7c844cebdb/1759320000.0_mean_300.0_v3 HTTP/1.0 201 - python-swiftclient-3.11.1 gAAAAABo4ixtepNT... 24 - - tx03aa41bda8614e54b40f6-0068e22de9 - 0.0263 - - 1759653353.737276316 1759653353.763612270 0
Oct 5 08:35:53 np0005471147 object-server[124620]: 172.20.0.103 - - [05/Oct/2025:08:35:53 +0000] "PUT /d1/943/AUTH_ffbb1c514d6a4f40a7f8a9f769bc781a/gnocchi.b91482ff-72d8-413b-96ef-5b7c844cebdb/1759320000.0_rate%3Amean_300.0_v3" 201 - "PUT http://172.18.0.178:8080/v1/AUTH_ffbb1c514d6a4f40a7f8a9f769bc781a/gnocchi.b91482ff-72d8-413b-96ef-5b7c844cebdb/1759320000.0_rate%3Amean_300.0_v3" "tx94acabaa734b492091444-0068e22de9" "proxy-server 20" 0.0092 "-" 22 0
Oct 5 08:35:53 np0005471147 container-server[124208]: 172.20.0.103 - - [05/Oct/2025:08:35:53 +0000] "PUT /d1/852/AUTH_ffbb1c514d6a4f40a7f8a9f769bc781a/gnocchi.b91482ff-72d8-413b-96ef-5b7c844cebdb/1759320000.0_rate%3Amean_300.0_v3" 201 - "PUT http://172.18.0.178:8080/d1/943/AUTH_ffbb1c514d6a4f40a7f8a9f769bc781a/gnocchi.b91482ff-72d8-413b-96ef-5b7c844cebdb/1759320000.0_rate%3Amean_300.0_v3" "tx94acabaa734b492091444-0068e22de9" "object-server 23" 0.0008 "-" 22 0
Oct 5 08:35:53 np0005471147 object-server[124621]: 172.20.0.104 - - [05/Oct/2025:08:35:53 +0000] "PUT /d1/794/AUTH_ffbb1c514d6a4f40a7f8a9f769bc781a/gnocchi.b91482ff-72d8-413b-96ef-5b7c844cebdb/none_v3" 201 - "PUT http://172.18.0.178:8080/v1/AUTH_ffbb1c514d6a4f40a7f8a9f769bc781a/gnocchi.b91482ff-72d8-413b-96ef-5b7c844cebdb/none_v3" "txe73583ebb1e14fe4b16f1-0068e22de9" "proxy-server 20" 0.0133 "-" 23 0
Oct 5 08:35:53 np0005471147 container-server[124226]: 172.20.0.103 - - [05/Oct/2025:08:35:53 +0000] "PUT /d1/852/AUTH_ffbb1c514d6a4f40a7f8a9f769bc781a/gnocchi.b91482ff-72d8-413b-96ef-5b7c844cebdb/none_v3" 201 - "PUT http://172.18.0.178:8080/d1/794/AUTH_ffbb1c514d6a4f40a7f8a9f769bc781a/gnocchi.b91482ff-72d8-413b-96ef-5b7c844cebdb/none_v3" "txe73583ebb1e14fe4b16f1-0068e22de9" "object-server 24" 0.0006 "-" 23 0
Oct 5 08:35:53 np0005471147 proxy-server[126090]: 172.18.0.105 172.18.0.104 05/Oct/2025/08/35/53 PUT /v1/AUTH_ffbb1c514d6a4f40a7f8a9f769bc781a/gnocchi.b91482ff-72d8-413b-96ef-5b7c844cebdb/none_v3 HTTP/1.0 201 - python-swiftclient-3.11.1 gAAAAABo4ixtepNT... 33 - - txe73583ebb1e14fe4b16f1-0068e22de9 - 0.0247 - - 1759653353.794742346 1759653353.819470882 0
Oct 5 08:35:53 np0005471147 object-server[124621]: 172.20.0.105 - - [05/Oct/2025:08:35:53 +0000] "GET /d1/928/AUTH_ffbb1c514d6a4f40a7f8a9f769bc781a/gnocchi.6aa7b351-85b7-4149-aa8e-ba7242fca0e1/1759320000.0_rate%3Amean_300.0_v3" 200 16 "GET http://172.18.0.178:8080/v1/AUTH_ffbb1c514d6a4f40a7f8a9f769bc781a/gnocchi.6aa7b351-85b7-4149-aa8e-ba7242fca0e1/1759320000.0_rate%3Amean_300.0_v3" "tx6d9e544ed5d040d1a159a-0068e22de9" "proxy-server 20" 0.0012 "-" 23 0
Oct 5 08:35:53 np0005471147 container-server[124208]: 172.20.0.104 - - [05/Oct/2025:08:35:53 +0000] "PUT /d1/855/AUTH_ffbb1c514d6a4f40a7f8a9f769bc781a/gnocchi.6aa7b351-85b7-4149-aa8e-ba7242fca0e1/1759320000.0_mean_300.0_v3" 201 - "PUT http://172.18.0.178:8080/d1/565/AUTH_ffbb1c514d6a4f40a7f8a9f769bc781a/gnocchi.6aa7b351-85b7-4149-aa8e-ba7242fca0e1/1759320000.0_mean_300.0_v3" "tx82d223c6fe74414da1746-0068e22de9" "object-server 22" 0.0009 "-" 22 0
Oct 5 08:35:53 np0005471147 object-server[124620]: 172.20.0.103 - - [05/Oct/2025:08:35:53 +0000] "PUT /d1/565/AUTH_ffbb1c514d6a4f40a7f8a9f769bc781a/gnocchi.6aa7b351-85b7-4149-aa8e-ba7242fca0e1/1759320000.0_mean_300.0_v3" 201 - "PUT http://172.18.0.178:8080/v1/AUTH_ffbb1c514d6a4f40a7f8a9f769bc781a/gnocchi.6aa7b351-85b7-4149-aa8e-ba7242fca0e1/1759320000.0_mean_300.0_v3" "tx82d223c6fe74414da1746-0068e22de9" "proxy-server 20" 0.0110 "-" 22 0
Oct 5 08:35:53 np0005471147 container-server[124199]: 172.20.0.104 - - [05/Oct/2025:08:35:53 +0000] "PUT /d1/855/AUTH_ffbb1c514d6a4f40a7f8a9f769bc781a/gnocchi.6aa7b351-85b7-4149-aa8e-ba7242fca0e1/1759320000.0_rate%3Amean_300.0_v3" 201 - "PUT http://172.18.0.178:8080/d1/928/AUTH_ffbb1c514d6a4f40a7f8a9f769bc781a/gnocchi.6aa7b351-85b7-4149-aa8e-ba7242fca0e1/1759320000.0_rate%3Amean_300.0_v3" "txe94c9866e8724ea39d813-0068e22de9" "object-server 22" 0.0005 "-" 21 0
Oct 5 08:35:53 np0005471147 object-server[124620]: 172.20.0.104 - - [05/Oct/2025:08:35:53 +0000] "PUT /d1/928/AUTH_ffbb1c514d6a4f40a7f8a9f769bc781a/gnocchi.6aa7b351-85b7-4149-aa8e-ba7242fca0e1/1759320000.0_rate%3Amean_300.0_v3" 201 - "PUT http://172.18.0.178:8080/v1/AUTH_ffbb1c514d6a4f40a7f8a9f769bc781a/gnocchi.6aa7b351-85b7-4149-aa8e-ba7242fca0e1/1759320000.0_rate%3Amean_300.0_v3" "txe94c9866e8724ea39d813-0068e22de9" "proxy-server 20" 0.0129 "-" 22 0
Oct 5 08:35:53 np0005471147 proxy-server[126090]: 172.18.0.103 172.18.0.104 05/Oct/2025/08/35/53 PUT /v1/AUTH_ffbb1c514d6a4f40a7f8a9f769bc781a/gnocchi.6aa7b351-85b7-4149-aa8e-ba7242fca0e1/1759320000.0_rate%253Amean_300.0_v3 HTTP/1.0 201 - python-swiftclient-3.11.1 gAAAAABo4iyYaC5C... 16 - - txe94c9866e8724ea39d813-0068e22de9 - 0.0286 - - 1759653353.867864370 1759653353.896433592 0
Oct 5 08:35:53 np0005471147 container-server[124194]: 172.20.0.105 - - [05/Oct/2025:08:35:53 +0000] "HEAD /d1/775/AUTH_ffbb1c514d6a4f40a7f8a9f769bc781a/gnocchi.dda64f45-a86b-4fc6-83cd-239cb3b859f1" 204 - "HEAD http://172.18.0.178:8080/v1/AUTH_ffbb1c514d6a4f40a7f8a9f769bc781a/gnocchi.dda64f45-a86b-4fc6-83cd-239cb3b859f1?format=json&states=listing" "tx8b77179ac68d4b679d8bf-0068e22de9" "proxy-server 20" 0.0013 "-" 20 0
Oct 5 08:35:53 np0005471147 container-server[124226]: 172.20.0.105 - - [05/Oct/2025:08:35:53 +0000] "PUT /d1/855/AUTH_ffbb1c514d6a4f40a7f8a9f769bc781a/gnocchi.6aa7b351-85b7-4149-aa8e-ba7242fca0e1/none_v3" 201 - "PUT http://172.18.0.178:8080/d1/419/AUTH_ffbb1c514d6a4f40a7f8a9f769bc781a/gnocchi.6aa7b351-85b7-4149-aa8e-ba7242fca0e1/none_v3" "tx70a751a1cedc4c9294c38-0068e22de9" "object-server 24" 0.0007 "-" 23 0
Oct 5 08:35:53 np0005471147 object-server[124621]: 172.20.0.103 - - [05/Oct/2025:08:35:53 +0000] "PUT /d1/419/AUTH_ffbb1c514d6a4f40a7f8a9f769bc781a/gnocchi.6aa7b351-85b7-4149-aa8e-ba7242fca0e1/none_v3" 201 - "PUT http://172.18.0.178:8080/v1/AUTH_ffbb1c514d6a4f40a7f8a9f769bc781a/gnocchi.6aa7b351-85b7-4149-aa8e-ba7242fca0e1/none_v3" "tx70a751a1cedc4c9294c38-0068e22de9" "proxy-server 20" 0.0144 "-" 23 0
Oct 5 08:35:53 np0005471147 container-server[124194]: 172.20.0.104 - - [05/Oct/2025:08:35:53 +0000] "GET /d1/775/AUTH_ffbb1c514d6a4f40a7f8a9f769bc781a/gnocchi.dda64f45-a86b-4fc6-83cd-239cb3b859f1" 200 357 "GET http://172.18.0.178:8080/v1/AUTH_ffbb1c514d6a4f40a7f8a9f769bc781a/gnocchi.dda64f45-a86b-4fc6-83cd-239cb3b859f1?format=json&states=listing" "tx949e6f66c20c462aa1d74-0068e22de9" "proxy-server 20" 0.0039 "-" 20 0
Oct 5 08:35:53 np0005471147 proxy-server[126090]: 172.18.0.105 172.18.0.104 05/Oct/2025/08/35/53 GET /v1/AUTH_ffbb1c514d6a4f40a7f8a9f769bc781a/gnocchi.dda64f45-a86b-4fc6-83cd-239cb3b859f1%3Fformat%3Djson%26states%3Dlisting HTTP/1.0 200 - python-swiftclient-3.11.1 gAAAAABo4ixtepNT... - 357 - tx949e6f66c20c462aa1d74-0068e22de9 - 0.0146 - - 1759653353.920052767 1759653353.934657097 0
Oct 5 08:35:54 np0005471147 object-server[124620]: 172.20.0.104 - - [05/Oct/2025:08:35:54 +0000] "PUT /d1/347/AUTH_ffbb1c514d6a4f40a7f8a9f769bc781a/gnocchi.dda64f45-a86b-4fc6-83cd-239cb3b859f1/1759320000.0_mean_300.0_v3" 201 - "PUT http://172.18.0.178:8080/v1/AUTH_ffbb1c514d6a4f40a7f8a9f769bc781a/gnocchi.dda64f45-a86b-4fc6-83cd-239cb3b859f1/1759320000.0_mean_300.0_v3" "tx2034c7ce545045dcb1bc7-0068e22de9" "proxy-server 20" 0.0122 "-" 22 0
Oct 5 08:35:54 np0005471147 container-server[124194]: 172.20.0.103 - - [05/Oct/2025:08:35:54 +0000] "PUT /d1/775/AUTH_ffbb1c514d6a4f40a7f8a9f769bc781a/gnocchi.dda64f45-a86b-4fc6-83cd-239cb3b859f1/1759320000.0_mean_300.0_v3" 201 - "PUT http://172.18.0.178:8080/d1/347/AUTH_ffbb1c514d6a4f40a7f8a9f769bc781a/gnocchi.dda64f45-a86b-4fc6-83cd-239cb3b859f1/1759320000.0_mean_300.0_v3" "tx2034c7ce545045dcb1bc7-0068e22de9" "object-server 25" 0.0011 "-" 20 0
Oct 5 08:35:54 np0005471147 proxy-server[126090]: 172.18.0.105 172.18.0.104 05/Oct/2025/08/35/54 PUT /v1/AUTH_ffbb1c514d6a4f40a7f8a9f769bc781a/gnocchi.dda64f45-a86b-4fc6-83cd-239cb3b859f1/1759320000.0_mean_300.0_v3 HTTP/1.0 201 - python-swiftclient-3.11.1 gAAAAABo4ixtepNT... 24 - - tx2034c7ce545045dcb1bc7-0068e22de9 - 0.0325 - - 1759653353.976577044 1759653354.009084225 0
Oct 5 08:35:54 np0005471147 container-server[124199]: 172.20.0.104 - - [05/Oct/2025:08:35:54 +0000] "PUT /d1/775/AUTH_ffbb1c514d6a4f40a7f8a9f769bc781a/gnocchi.dda64f45-a86b-4fc6-83cd-239cb3b859f1/none_v3" 201 - "PUT http://172.18.0.178:8080/d1/315/AUTH_ffbb1c514d6a4f40a7f8a9f769bc781a/gnocchi.dda64f45-a86b-4fc6-83cd-239cb3b859f1/none_v3" "txe2495204a81a451b99c60-0068e22dea" "object-server 23" 0.0006 "-" 21 0
Oct 5 08:35:54 np0005471147 object-server[124621]: 172.20.0.105 - - [05/Oct/2025:08:35:54 +0000] "PUT /d1/315/AUTH_ffbb1c514d6a4f40a7f8a9f769bc781a/gnocchi.dda64f45-a86b-4fc6-83cd-239cb3b859f1/none_v3" 201 - "PUT http://172.18.0.178:8080/v1/AUTH_ffbb1c514d6a4f40a7f8a9f769bc781a/gnocchi.dda64f45-a86b-4fc6-83cd-239cb3b859f1/none_v3" "txe2495204a81a451b99c60-0068e22dea" "proxy-server 20" 0.0123 "-" 23 0
Oct 5 08:35:54 np0005471147 object-server[124342]: 56/56 (100.00%) partitions replicated in 1.05s (53.16/sec, 0s remaining)
Oct 5 08:35:54 np0005471147 object-server[124342]: 112 successes, 0 failures
Oct 5 08:35:54 np0005471147 object-server[124342]: 56 suffixes checked - 41.07% hashed, 0.00% synced
Oct 5 08:35:54 np0005471147 object-server[124342]: Partition times: max 0.0455s, min 0.0056s, med 0.0112s
Oct 5 08:35:54 np0005471147 object-server[124342]: Object replication complete. (0.02 minutes)
Oct 5 08:35:59 np0005471147 object-server[251976]: Begin object audit "forever" mode (ZBF)
Oct 5 08:35:59 np0005471147 object-server[251976]: Object audit (ZBF). Since Sun Oct 5 08:35:59 2025: Locally: 1 passed, 0 quarantined, 0 errors, files/sec: 583.19, bytes/sec: 0.00, Total time: 0.00, Auditing time: 0.00, Rate: 0.00
Oct 5 08:36:01 np0005471147 object-server[251976]: Object audit (ZBF) "forever" mode completed: 1.12s. Total quarantined: 0, Total errors: 0, Total files/sec: 50.77, Total bytes/sec: 0.00, Auditing time: 1.11, Rate: 0.99
Oct 5 08:36:04 np0005471147 container-server[123807]: Beginning replication run
Oct 5 08:36:05 np0005471147 container-server[123807]: Replication run OVER
Oct 5 08:36:05 np0005471147 container-server[123807]: Attempted to replicate 22 dbs in 0.50495 seconds (43.56862/s)
Oct 5 08:36:05 np0005471147 container-server[123807]: Removed 0 dbs
Oct 5 08:36:05 np0005471147 container-server[123807]: 44 successes, 0 failures
Oct 5 08:36:05 np0005471147 container-server[123807]: diff:0 diff_capped:0 empty:0 hashmatch:0 no_change:44 remote_merge:0 rsync:0 ts_repl:0
Oct 5 08:36:12 np0005471147 account-server[123791]: 172.20.0.104 - - [05/Oct/2025:08:36:12 +0000] "HEAD /d1/525/.expiring_objects" 404 - "HEAD http://localhost/v1/.expiring_objects?format=json" "tx3b52a2602dec46d9872e1-0068e22dfc" "proxy-server 2" 0.0010 "-" 23 -
Oct 5 08:36:12 np0005471147 object-expirer[124195]: Pass completed in 0s; 0 objects expired (txn: tx3b52a2602dec46d9872e1-0068e22dfc)
Oct 5 08:36:18 np0005471147 account-server[123475]: Beginning replication run
Oct 5 08:36:18 np0005471147 account-server[123475]: Replication run OVER
Oct 5 08:36:18 np0005471147 account-server[123475]: Attempted to replicate 1 dbs in 0.01645 seconds (60.79457/s)
Oct 5 08:36:18 np0005471147 account-server[123475]: Removed 0 dbs
Oct 5 08:36:18 np0005471147 account-server[123475]: 2 successes, 0 failures
Oct 5 08:36:18 np0005471147 account-server[123475]: diff:0 diff_capped:0 empty:0 hashmatch:0 no_change:2 remote_merge:0 rsync:0 ts_repl:0
Oct 5 08:36:24 np0005471147 object-server[124342]: Starting object replication pass.
Oct 5 08:36:25 np0005471147 object-server[124342]: 57/57 (100.00%) partitions replicated in 0.46s (122.99/sec, 0s remaining)
Oct 5 08:36:25 np0005471147 object-server[124342]: 114 successes, 0 failures
Oct 5 08:36:25 np0005471147 object-server[124342]: 57 suffixes checked - 0.00% hashed, 0.00% synced
Oct 5 08:36:25 np0005471147 object-server[124342]: Partition times: max 0.0155s, min 0.0049s, med 0.0075s
Oct 5 08:36:25 np0005471147 object-server[124342]: Object replication complete. (0.01 minutes)
Oct 5 08:36:31 np0005471147 object-server[257920]: Begin object audit "forever" mode (ZBF)
Oct 5 08:36:31 np0005471147 object-server[257921]: Begin object audit "forever" mode (ALL)
