Oct 5 08:33:00 np0005471146 account-server[126036]: 172.20.0.103 - - [05/Oct/2025:08:33:00 +0000] "PUT /d1/852/AUTH_ffbb1c514d6a4f40a7f8a9f769bc781a/gnocchi.34d0c3fe-275b-44da-a4d2-7d85fffb2a30" 201 - "-" "-" "container-updater 2" 0.0006 "-" 20 0
Oct 5 08:33:00 np0005471146 account-server[126121]: 172.20.0.103 - - [05/Oct/2025:08:33:00 +0000] "PUT /d1/852/AUTH_ffbb1c514d6a4f40a7f8a9f769bc781a/gnocchi.dc714135-6941-4d66-9b10-c41e5af38b8b" 201 - "-" "-" "container-updater 2" 0.0003 "-" 23 0
Oct 5 08:33:00 np0005471146 account-server[126061]: 172.20.0.103 - - [05/Oct/2025:08:33:00 +0000] "PUT /d1/852/AUTH_ffbb1c514d6a4f40a7f8a9f769bc781a/gnocchi.dda64f45-a86b-4fc6-83cd-239cb3b859f1" 201 - "-" "-" "container-updater 2" 0.0007 "-" 21 0
Oct 5 08:33:00 np0005471146 account-server[126094]: 172.20.0.103 - - [05/Oct/2025:08:33:00 +0000] "PUT /d1/852/AUTH_ffbb1c514d6a4f40a7f8a9f769bc781a/gnocchi.974be382-e87f-4bea-a8ca-7e62c2bdd3fd" 201 - "-" "-" "container-updater 2" 0.0006 "-" 22 0
Oct 5 08:33:00 np0005471146 account-server[126121]: 172.20.0.103 - - [05/Oct/2025:08:33:00 +0000] "PUT /d1/852/AUTH_ffbb1c514d6a4f40a7f8a9f769bc781a/gnocchi.80bb1bb0-b35e-4ba8-a2bb-fd16b5b44bba" 201 - "-" "-" "container-updater 2" 0.0005 "-" 23 0
Oct 5 08:33:00 np0005471146 account-server[126094]: 172.20.0.103 - - [05/Oct/2025:08:33:00 +0000] "PUT /d1/852/AUTH_ffbb1c514d6a4f40a7f8a9f769bc781a/gnocchi.cebab2a7-ecec-4c42-b8fc-013a1ede8d36" 201 - "-" "-" "container-updater 2" 0.0005 "-" 22 0
Oct 5 08:33:00 np0005471146 account-server[126094]: 172.20.0.103 - - [05/Oct/2025:08:33:00 +0000] "PUT /d1/852/AUTH_ffbb1c514d6a4f40a7f8a9f769bc781a/gnocchi.7b1cfb9f-e398-41bd-b164-31557797eb07" 201 - "-" "-" "container-updater 2" 0.0006 "-" 22 0
Oct 5 08:33:00 np0005471146 account-server[126036]: 172.20.0.103 - - [05/Oct/2025:08:33:00 +0000] "PUT /d1/852/AUTH_ffbb1c514d6a4f40a7f8a9f769bc781a/gnocchi.c55ef7d8-2b83-4ed6-a53d-9b74da124da8" 201 - "-" "-" "container-updater 2" 0.0009 "-" 20 0
Oct 5 08:33:00 np0005471146 account-server[126094]: 172.20.0.103 - - [05/Oct/2025:08:33:00 +0000] "PUT /d1/852/AUTH_ffbb1c514d6a4f40a7f8a9f769bc781a/gnocchi.ec8ae746-e870-4212-b449-049a01fc2765" 201 - "-" "-" "container-updater 2" 0.0005 "-" 22 0
Oct 5 08:33:00 np0005471146 account-server[126121]: 172.20.0.103 - - [05/Oct/2025:08:33:00 +0000] "PUT /d1/852/AUTH_ffbb1c514d6a4f40a7f8a9f769bc781a/gnocchi.25a1eb0e-726c-49ea-b034-65511fd14d47" 201 - "-" "-" "container-updater 2" 0.0006 "-" 23 0
Oct 5 08:33:00 np0005471146 account-server[126094]: 172.20.0.103 - - [05/Oct/2025:08:33:00 +0000] "PUT /d1/852/AUTH_ffbb1c514d6a4f40a7f8a9f769bc781a/gnocchi.6aa7b351-85b7-4149-aa8e-ba7242fca0e1" 201 - "-" "-" "container-updater 2" 0.0008 "-" 22 0
Oct 5 08:33:00 np0005471146 account-server[126094]: 172.20.0.103 - - [05/Oct/2025:08:33:00 +0000] "PUT /d1/852/AUTH_ffbb1c514d6a4f40a7f8a9f769bc781a/gnocchi.3b18e974-54e7-4113-bd79-01f93e83d4ff" 201 - "-" "-" "container-updater 2" 0.0015 "-" 22 0
Oct 5 08:33:00 np0005471146 account-server[126061]: 172.20.0.103 - - [05/Oct/2025:08:33:00 +0000] "PUT /d1/852/AUTH_ffbb1c514d6a4f40a7f8a9f769bc781a/gnocchi.630ced32-f036-4c8c-bebe-dfa7df1b4507" 201 - "-" "-" "container-updater 2" 0.0008 "-" 21 0
Oct 5 08:33:00 np0005471146 account-server[126094]: 172.20.0.103 - - [05/Oct/2025:08:33:00 +0000] "PUT /d1/852/AUTH_ffbb1c514d6a4f40a7f8a9f769bc781a/gnocchi.c1f22f51-3ab2-4ed3-a2be-e913312125fc" 201 - "-" "-" "container-updater 2" 0.0011 "-" 22 0
Oct 5 08:33:01 np0005471146 account-server[126061]: 172.20.0.103 - - [05/Oct/2025:08:33:01 +0000] "PUT /d1/852/AUTH_ffbb1c514d6a4f40a7f8a9f769bc781a/gnocchi.a83cb81b-2f4e-4dac-9d1d-aae43909f5cf" 201 - "-" "-" "container-updater 2" 0.0007 "-" 21 0
Oct 5 08:33:01 np0005471146 account-server[126061]: 172.20.0.103 - - [05/Oct/2025:08:33:01 +0000] "PUT /d1/852/AUTH_ffbb1c514d6a4f40a7f8a9f769bc781a/gnocchi.b91482ff-72d8-413b-96ef-5b7c844cebdb" 201 - "-" "-" "container-updater 2" 0.0006 "-" 21 0
Oct 5 08:33:01 np0005471146 account-server[126061]: 172.20.0.103 - - [05/Oct/2025:08:33:01 +0000] "PUT /d1/852/AUTH_ffbb1c514d6a4f40a7f8a9f769bc781a/gnocchi.812d8853-9830-4007-a8c4-a077946f8fcd" 201 - "-" "-" "container-updater 2" 0.0006 "-" 21 0
Oct 5 08:33:01 np0005471146 account-server[126036]: 172.20.0.103 - - [05/Oct/2025:08:33:01 +0000] "PUT /d1/852/AUTH_ffbb1c514d6a4f40a7f8a9f769bc781a/gnocchi.438e0e68-ec6d-4307-aed3-840f4b7d7c0d" 201 - "-" "-" "container-updater 2" 0.0007 "-" 20 0
Oct 5 08:33:01 np0005471146 account-server[126094]: 172.20.0.103 - - [05/Oct/2025:08:33:01 +0000] "PUT /d1/852/AUTH_ffbb1c514d6a4f40a7f8a9f769bc781a/gnocchi.9749cebc-76ac-4f62-8e0c-8f08d99893f2" 201 - "-" "-" "container-updater 2" 0.0009 "-" 22 0
Oct 5 08:33:01 np0005471146 container-server[126382]: Container update sweep completed: 1.76s
Oct 5 08:33:04 np0005471146 object-server[126411]: Starting object replication pass.
Oct 5 08:33:04 np0005471146 object-server[126411]: 44/44 (100.00%) partitions replicated in 0.40s (110.02/sec, 0s remaining)
Oct 5 08:33:04 np0005471146 object-server[126411]: 88 successes, 0 failures
Oct 5 08:33:04 np0005471146 object-server[126411]: 44 suffixes checked - 0.00% hashed, 0.00% synced
Oct 5 08:33:04 np0005471146 object-server[126411]: Partition times: max 0.0128s, min 0.0069s, med 0.0082s
Oct 5 08:33:04 np0005471146 object-server[126411]: Object replication complete. (0.01 minutes)
Oct 5 08:33:08 np0005471146 object-server[237778]: Begin object audit "forever" mode (ZBF)
Oct 5 08:33:08 np0005471146 object-server[237778]: Object audit (ZBF). Since Sun Oct 5 08:33:08 2025: Locally: 1 passed, 0 quarantined, 0 errors, files/sec: 568.80, bytes/sec: 0.00, Total time: 0.00, Auditing time: 0.00, Rate: 0.00
Oct 5 08:33:09 np0005471146 object-server[237778]: Object audit (ZBF) "forever" mode completed: 0.84s. Total quarantined: 0, Total errors: 0, Total files/sec: 52.13, Total bytes/sec: 0.00, Auditing time: 0.83, Rate: 0.99
Oct 5 08:33:11 np0005471146 container-server[125905]: Beginning replication run
Oct 5 08:33:12 np0005471146 container-server[125905]: Replication run OVER
Oct 5 08:33:12 np0005471146 container-server[125905]: Attempted to replicate 22 dbs in 0.43539 seconds (50.52923/s)
Oct 5 08:33:12 np0005471146 container-server[125905]: Removed 0 dbs
Oct 5 08:33:12 np0005471146 container-server[125905]: 44 successes, 0 failures
Oct 5 08:33:12 np0005471146 container-server[125905]: diff:0 diff_capped:0 empty:0 hashmatch:0 no_change:44 remote_merge:0 rsync:0 ts_repl:0
Oct 5 08:33:15 np0005471146 account-server[125761]: Beginning replication run
Oct 5 08:33:15 np0005471146 account-server[125761]: Replication run OVER
Oct 5 08:33:15 np0005471146 account-server[125761]: Attempted to replicate 1 dbs in 0.05288 seconds (18.91094/s)
Oct 5 08:33:15 np0005471146 account-server[125761]: Removed 0 dbs
Oct 5 08:33:15 np0005471146 account-server[125761]: 2 successes, 0 failures
Oct 5 08:33:15 np0005471146 account-server[125761]: diff:0 diff_capped:0 empty:0 hashmatch:0 no_change:2 remote_merge:0 rsync:0 ts_repl:0
Oct 5 08:33:34 np0005471146 object-server[126411]: Starting object replication pass.
Oct 5 08:33:35 np0005471146 object-server[126411]: 44/44 (100.00%) partitions replicated in 0.35s (124.88/sec, 0s remaining)
Oct 5 08:33:35 np0005471146 object-server[126411]: 88 successes, 0 failures
Oct 5 08:33:35 np0005471146 object-server[126411]: 44 suffixes checked - 0.00% hashed, 0.00% synced
Oct 5 08:33:35 np0005471146 object-server[126411]: Partition times: max 0.0127s, min 0.0062s, med 0.0074s
Oct 5 08:33:35 np0005471146 object-server[126411]: Object replication complete. (0.01 minutes)
Oct 5 08:33:39 np0005471146 object-server[244145]: Begin object audit "forever" mode (ALL)
Oct 5 08:33:39 np0005471146 object-server[244144]: Begin object audit "forever" mode (ZBF)
Oct 5 08:33:39 np0005471146 object-server[244144]: Object audit (ZBF). Since Sun Oct 5 08:33:39 2025: Locally: 1 passed, 0 quarantined, 0 errors, files/sec: 671.52, bytes/sec: 0.00, Total time: 0.00, Auditing time: 0.00, Rate: 0.00
Oct 5 08:33:39 np0005471146 object-server[244145]: Object audit (ALL). Since Sun Oct 5 08:33:39 2025: Locally: 1 passed, 0 quarantined, 0 errors, files/sec: 138.62, bytes/sec: 2217.96, Total time: 0.01, Auditing time: 0.00, Rate: 0.00
Oct 5 08:33:40 np0005471146 object-server[244144]: Object audit (ZBF) "forever" mode completed: 0.84s. Total quarantined: 0, Total errors: 0, Total files/sec: 52.20, Total bytes/sec: 0.00, Auditing time: 0.83, Rate: 0.99
Oct 5 08:33:41 np0005471146 object-server[244145]: Object audit (ALL) "forever" mode completed: 2.11s. Total quarantined: 0, Total errors: 0, Total files/sec: 20.85, Total bytes/sec: 400.94, Auditing time: 2.10, Rate: 0.99
Oct 5 08:33:41 np0005471146 container-server[125905]: Beginning replication run
Oct 5 08:33:42 np0005471146 container-server[125905]: Replication run OVER
Oct 5 08:33:42 np0005471146 container-server[125905]: Attempted to replicate 22 dbs in 0.43188 seconds (50.94049/s)
Oct 5 08:33:42 np0005471146 container-server[125905]: Removed 0 dbs
Oct 5 08:33:42 np0005471146 container-server[125905]: 44 successes, 0 failures
Oct 5 08:33:42 np0005471146 container-server[125905]: diff:0 diff_capped:0 empty:0 hashmatch:0 no_change:44 remote_merge:0 rsync:0 ts_repl:0
Oct 5 08:33:45 np0005471146 account-server[125761]: Beginning replication run
Oct 5 08:33:45 np0005471146 account-server[125761]: Replication run OVER
Oct 5 08:33:45 np0005471146 account-server[125761]: Attempted to replicate 1 dbs in 0.01670 seconds (59.87636/s)
Oct 5 08:33:45 np0005471146 account-server[125761]: Removed 0 dbs
Oct 5 08:33:45 np0005471146 account-server[125761]: 2 successes, 0 failures
Oct 5 08:33:45 np0005471146 account-server[125761]: diff:0 diff_capped:0 empty:0 hashmatch:0 no_change:2 remote_merge:0 rsync:0 ts_repl:0
Oct 5 08:33:53 np0005471146 account-server[126094]: 172.20.0.103 - - [05/Oct/2025:08:33:53 +0000] "HEAD /d1/525/.expiring_objects" 404 - "HEAD http://localhost/v1/.expiring_objects?format=json" "tx55537a5be6fc42a2a75d9-0068e22d71" "proxy-server 2" 0.0004 "-" 22 -
Oct 5 08:33:53 np0005471146 object-expirer[126502]: Pass completed in 0s; 0 objects expired (txn: tx55537a5be6fc42a2a75d9-0068e22d71)
Oct 5 08:34:05 np0005471146 object-server[126411]: Starting object replication pass.
Oct 5 08:34:05 np0005471146 object-server[126411]: 44/44 (100.00%) partitions replicated in 0.38s (114.56/sec, 0s remaining)
Oct 5 08:34:05 np0005471146 object-server[126411]: 88 successes, 0 failures
Oct 5 08:34:05 np0005471146 object-server[126411]: 44 suffixes checked - 0.00% hashed, 0.00% synced
Oct 5 08:34:05 np0005471146 object-server[126411]: Partition times: max 0.0124s, min 0.0061s, med 0.0077s
Oct 5 08:34:05 np0005471146 object-server[126411]: Object replication complete. (0.01 minutes)
Oct 5 08:34:10 np0005471146 object-server[244363]: Begin object audit "forever" mode (ZBF)
Oct 5 08:34:10 np0005471146 object-server[244363]: Object audit (ZBF). Since Sun Oct 5 08:34:10 2025: Locally: 1 passed, 0 quarantined, 0 errors, files/sec: 528.92, bytes/sec: 0.00, Total time: 0.00, Auditing time: 0.00, Rate: 0.00
Oct 5 08:34:11 np0005471146 object-server[244363]: Object audit (ZBF) "forever" mode completed: 0.84s. Total quarantined: 0, Total errors: 0, Total files/sec: 52.18, Total bytes/sec: 0.00, Auditing time: 0.83, Rate: 0.99
Oct 5 08:34:11 np0005471146 container-server[125905]: Beginning replication run
Oct 5 08:34:12 np0005471146 container-server[125905]: Replication run OVER
Oct 5 08:34:12 np0005471146 container-server[125905]: Attempted to replicate 22 dbs in 0.43199 seconds (50.92677/s)
Oct 5 08:34:12 np0005471146 container-server[125905]: Removed 0 dbs
Oct 5 08:34:12 np0005471146 container-server[125905]: 44 successes, 0 failures
Oct 5 08:34:12 np0005471146 container-server[125905]: diff:0 diff_capped:0 empty:0 hashmatch:0 no_change:44 remote_merge:0 rsync:0 ts_repl:0
Oct 5 08:34:15 np0005471146 account-server[125761]: Beginning replication run
Oct 5 08:34:15 np0005471146 account-server[125761]: Replication run OVER
Oct 5 08:34:15 np0005471146 account-server[125761]: Attempted to replicate 1 dbs in 0.01648 seconds (60.69604/s)
Oct 5 08:34:15 np0005471146 account-server[125761]: Removed 0 dbs
Oct 5 08:34:15 np0005471146 account-server[125761]: 2 successes, 0 failures
Oct 5 08:34:15 np0005471146 account-server[125761]: diff:0 diff_capped:0 empty:0 hashmatch:0 no_change:2 remote_merge:0 rsync:0 ts_repl:0
Oct 5 08:34:35 np0005471146 object-server[126411]: Starting object replication pass.
Oct 5 08:34:36 np0005471146 object-server[126411]: 44/44 (100.00%) partitions replicated in 0.39s (112.16/sec, 0s remaining)
Oct 5 08:34:36 np0005471146 object-server[126411]: 88 successes, 0 failures
Oct 5 08:34:36 np0005471146 object-server[126411]: 44 suffixes checked - 0.00% hashed, 0.00% synced
Oct 5 08:34:36 np0005471146 object-server[126411]: Partition times: max 0.0152s, min 0.0065s, med 0.0078s
Oct 5 08:34:36 np0005471146 object-server[126411]: Object replication complete. (0.01 minutes)
Oct 5 08:34:41 np0005471146 object-server[250602]: Begin object audit "forever" mode (ZBF)
Oct 5 08:34:41 np0005471146 object-server[250603]: Begin object audit "forever" mode (ALL)
Oct 5 08:34:41 np0005471146 object-server[250602]: Object audit (ZBF). Since Sun Oct 5 08:34:41 2025: Locally: 1 passed, 0 quarantined, 0 errors, files/sec: 628.55, bytes/sec: 0.00, Total time: 0.00, Auditing time: 0.00, Rate: 0.00
Oct 5 08:34:41 np0005471146 object-server[250603]: Object audit (ALL). Since Sun Oct 5 08:34:41 2025: Locally: 1 passed, 0 quarantined, 0 errors, files/sec: 119.45, bytes/sec: 1911.23, Total time: 0.01, Auditing time: 0.00, Rate: 0.00
Oct 5 08:34:41 np0005471146 container-server[125905]: Beginning replication run
Oct 5 08:34:42 np0005471146 container-server[125905]: Replication run OVER
Oct 5 08:34:42 np0005471146 container-server[125905]: Attempted to replicate 22 dbs in 0.43654 seconds (50.39655/s)
Oct 5 08:34:42 np0005471146 container-server[125905]: Removed 0 dbs
Oct 5 08:34:42 np0005471146 container-server[125905]: 44 successes, 0 failures
Oct 5 08:34:42 np0005471146 container-server[125905]: diff:0 diff_capped:0 empty:0 hashmatch:0 no_change:44 remote_merge:0 rsync:0 ts_repl:0
Oct 5 08:34:42 np0005471146 object-server[250602]: Object audit (ZBF) "forever" mode completed: 0.84s. Total quarantined: 0, Total errors: 0, Total files/sec: 52.15, Total bytes/sec: 0.00, Auditing time: 0.83, Rate: 0.99
Oct 5 08:34:43 np0005471146 object-server[250603]: Object audit (ALL) "forever" mode completed: 2.11s. Total quarantined: 0, Total errors: 0, Total files/sec: 20.85, Total bytes/sec: 400.80, Auditing time: 2.10, Rate: 0.99
Oct 5 08:34:45 np0005471146 account-server[125761]: Beginning replication run
Oct 5 08:34:45 np0005471146 account-server[125761]: Replication run OVER
Oct 5 08:34:45 np0005471146 account-server[125761]: Attempted to replicate 1 dbs in 0.01701 seconds (58.78869/s)
Oct 5 08:34:45 np0005471146 account-server[125761]: Removed 0 dbs
Oct 5 08:34:45 np0005471146 account-server[125761]: 2 successes, 0 failures
Oct 5 08:34:45 np0005471146 account-server[125761]: diff:0 diff_capped:0 empty:0 hashmatch:0 no_change:2 remote_merge:0 rsync:0 ts_repl:0
Oct 5 08:35:06 np0005471146 object-server[126411]: Starting object replication pass.
Oct 5 08:35:06 np0005471146 object-server[126411]: 44/44 (100.00%) partitions replicated in 0.39s (112.90/sec, 0s remaining)
Oct 5 08:35:06 np0005471146 object-server[126411]: 88 successes, 0 failures
Oct 5 08:35:06 np0005471146 object-server[126411]: 44 suffixes checked - 0.00% hashed, 0.00% synced
Oct 5 08:35:06 np0005471146 object-server[126411]: Partition times: max 0.0147s, min 0.0060s, med 0.0077s
Oct 5 08:35:06 np0005471146 object-server[126411]: Object replication complete. (0.01 minutes)
Oct 5 08:35:11 np0005471146 container-server[125905]: Beginning replication run
Oct 5 08:35:12 np0005471146 container-server[125905]: Replication run OVER
Oct 5 08:35:12 np0005471146 container-server[125905]: Attempted to replicate 22 dbs in 0.43306 seconds (50.80077/s)
Oct 5 08:35:12 np0005471146 container-server[125905]: Removed 0 dbs
Oct 5 08:35:12 np0005471146 container-server[125905]: 44 successes, 0 failures
Oct 5 08:35:12 np0005471146 container-server[125905]: diff:0 diff_capped:0 empty:0 hashmatch:0 no_change:44 remote_merge:0 rsync:0 ts_repl:0
Oct 5 08:35:12 np0005471146 object-server[250692]: Begin object audit "forever" mode (ZBF)
Oct 5 08:35:12 np0005471146 object-server[250692]: Object audit (ZBF). Since Sun Oct 5 08:35:12 2025: Locally: 1 passed, 0 quarantined, 0 errors, files/sec: 538.08, bytes/sec: 0.00, Total time: 0.00, Auditing time: 0.00, Rate: 0.00
Oct 5 08:35:13 np0005471146 object-server[250692]: Object audit (ZBF) "forever" mode completed: 0.84s. Total quarantined: 0, Total errors: 0, Total files/sec: 52.17, Total bytes/sec: 0.00, Auditing time: 0.83, Rate: 0.99
Oct 5 08:35:15 np0005471146 account-server[125761]: Beginning replication run
Oct 5 08:35:15 np0005471146 account-server[125761]: Replication run OVER
Oct 5 08:35:15 np0005471146 account-server[125761]: Attempted to replicate 1 dbs in 0.01606 seconds (62.28324/s)
Oct 5 08:35:15 np0005471146 account-server[125761]: Removed 0 dbs
Oct 5 08:35:15 np0005471146 account-server[125761]: 2 successes, 0 failures
Oct 5 08:35:15 np0005471146 account-server[125761]: diff:0 diff_capped:0 empty:0 hashmatch:0 no_change:2 remote_merge:0 rsync:0 ts_repl:0
Oct 5 08:35:20 np0005471146 account-server[126121]: 172.20.0.104 - - [05/Oct/2025:08:35:20 +0000] "HEAD /d1/525/.expiring_objects" 404 - "HEAD http://localhost/v1/.expiring_objects?format=json" "tx6d9ec618ecb7464295310-0068e22dc8" "proxy-server 2" 0.0007 "-" 23 -
Oct 5 08:35:34 np0005471146 account-server[126061]: 172.20.0.105 - - [05/Oct/2025:08:35:34 +0000] "PUT /d1/852/AUTH_ffbb1c514d6a4f40a7f8a9f769bc781a/gnocchi.25a1eb0e-726c-49ea-b034-65511fd14d47" 201 - "-" "-" "container-updater 2" 0.0011 "-" 21 0
Oct 5 08:35:34 np0005471146 account-server[126061]: 172.20.0.105 - - [05/Oct/2025:08:35:34 +0000] "PUT /d1/852/AUTH_ffbb1c514d6a4f40a7f8a9f769bc781a/gnocchi.974be382-e87f-4bea-a8ca-7e62c2bdd3fd" 201 - "-" "-" "container-updater 2" 0.0006 "-" 21 0
Oct 5 08:35:35 np0005471146 account-server[126121]: 172.20.0.105 - - [05/Oct/2025:08:35:35 +0000] "PUT /d1/852/AUTH_ffbb1c514d6a4f40a7f8a9f769bc781a/gnocchi.438e0e68-ec6d-4307-aed3-840f4b7d7c0d" 201 - "-" "-" "container-updater 2" 0.0027 "-" 23 0
Oct 5 08:35:35 np0005471146 account-server[126036]: 172.20.0.105 - - [05/Oct/2025:08:35:35 +0000] "PUT /d1/852/AUTH_ffbb1c514d6a4f40a7f8a9f769bc781a/gnocchi.7b1cfb9f-e398-41bd-b164-31557797eb07" 201 - "-" "-" "container-updater 2" 0.0011 "-" 20 0
Oct 5 08:35:35 np0005471146 account-server[126094]: 172.20.0.105 - - [05/Oct/2025:08:35:35 +0000] "PUT /d1/852/AUTH_ffbb1c514d6a4f40a7f8a9f769bc781a/gnocchi.34d0c3fe-275b-44da-a4d2-7d85fffb2a30" 201 - "-" "-" "container-updater 2" 0.0010 "-" 22 0
Oct 5 08:35:35 np0005471146 account-server[126094]: 172.20.0.105 - - [05/Oct/2025:08:35:35 +0000] "PUT /d1/852/AUTH_ffbb1c514d6a4f40a7f8a9f769bc781a/gnocchi.630ced32-f036-4c8c-bebe-dfa7df1b4507" 201 - "-" "-" "container-updater 2" 0.0010 "-" 22 0
Oct 5 08:35:35 np0005471146 account-server[126036]: 172.20.0.105 - - [05/Oct/2025:08:35:35 +0000] "PUT /d1/852/AUTH_ffbb1c514d6a4f40a7f8a9f769bc781a/gnocchi.812d8853-9830-4007-a8c4-a077946f8fcd" 201 - "-" "-" "container-updater 2" 0.0007 "-" 20 0
Oct 5 08:35:35 np0005471146 account-server[126121]: 172.20.0.105 - - [05/Oct/2025:08:35:35 +0000] "PUT /d1/852/AUTH_ffbb1c514d6a4f40a7f8a9f769bc781a/gnocchi.c1f22f51-3ab2-4ed3-a2be-e913312125fc" 201 - "-" "-" "container-updater 2" 0.0006 "-" 23 0
Oct 5 08:35:35 np0005471146 account-server[126036]: 172.20.0.105 - - [05/Oct/2025:08:35:35 +0000] "PUT /d1/852/AUTH_ffbb1c514d6a4f40a7f8a9f769bc781a/gnocchi.80bb1bb0-b35e-4ba8-a2bb-fd16b5b44bba" 201 - "-" "-" "container-updater 2" 0.0007 "-" 20 0
Oct 5 08:35:35 np0005471146 account-server[126121]: 172.20.0.105 - - [05/Oct/2025:08:35:35 +0000] "PUT /d1/852/AUTH_ffbb1c514d6a4f40a7f8a9f769bc781a/gnocchi.cebab2a7-ecec-4c42-b8fc-013a1ede8d36" 201 - "-" "-" "container-updater 2" 0.0008 "-" 23 0
Oct 5 08:35:35 np0005471146 account-server[126061]: 172.20.0.105 - - [05/Oct/2025:08:35:35 +0000] "PUT /d1/852/AUTH_ffbb1c514d6a4f40a7f8a9f769bc781a/gnocchi.dda64f45-a86b-4fc6-83cd-239cb3b859f1" 201 - "-" "-" "container-updater 2" 0.0007 "-" 21 0
Oct 5 08:35:35 np0005471146 account-server[126036]: 172.20.0.105 - - [05/Oct/2025:08:35:35 +0000] "PUT /d1/852/AUTH_ffbb1c514d6a4f40a7f8a9f769bc781a/gnocchi.6aa7b351-85b7-4149-aa8e-ba7242fca0e1" 201 - "-" "-" "container-updater 2" 0.0007 "-" 20 0
Oct 5 08:35:35 np0005471146 account-server[126121]: 172.20.0.105 - - [05/Oct/2025:08:35:35 +0000] "PUT /d1/852/AUTH_ffbb1c514d6a4f40a7f8a9f769bc781a/gnocchi.5cd9b367-abdc-45e9-a02e-9d779cc0e4a9" 201 - "-" "-" "container-updater 2" 0.0007 "-" 23 0
Oct 5 08:35:36 np0005471146 account-server[126061]: 172.20.0.105 - - [05/Oct/2025:08:35:36 +0000] "PUT /d1/852/AUTH_ffbb1c514d6a4f40a7f8a9f769bc781a/gnocchi.b91482ff-72d8-413b-96ef-5b7c844cebdb" 201 - "-" "-" "container-updater 2" 0.0007 "-" 21 0
Oct 5 08:35:36 np0005471146 object-server[126411]: Starting object replication pass.
Oct 5 08:35:36 np0005471146 object-server[126411]: 44/44 (100.00%) partitions replicated in 0.44s (100.41/sec, 0s remaining)
Oct 5 08:35:36 np0005471146 object-server[126411]: 88 successes, 0 failures
Oct 5 08:35:36 np0005471146 object-server[126411]: 44 suffixes checked - 0.00% hashed, 0.00% synced
Oct 5 08:35:36 np0005471146 object-server[126411]: Partition times: max 0.0153s, min 0.0069s, med 0.0092s
Oct 5 08:35:36 np0005471146 object-server[126411]: Object replication complete. (0.01 minutes)
Oct 5 08:35:41 np0005471146 container-server[125905]: Beginning replication run
Oct 5 08:35:42 np0005471146 container-server[125905]: Replication run OVER
Oct 5 08:35:42 np0005471146 container-server[125905]: Attempted to replicate 22 dbs in 0.43473 seconds (50.60641/s)
Oct 5 08:35:42 np0005471146 container-server[125905]: Removed 0 dbs
Oct 5 08:35:42 np0005471146 container-server[125905]: 44 successes, 0 failures
Oct 5 08:35:42 np0005471146 container-server[125905]: diff:0 diff_capped:0 empty:0 hashmatch:0 no_change:44 remote_merge:0 rsync:0 ts_repl:0
Oct 5 08:35:43 np0005471146 object-server[256772]: Begin object audit "forever" mode (ZBF)
Oct 5 08:35:43 np0005471146 object-server[256773]: Begin object audit "forever" mode (ALL)
Oct 5 08:35:43 np0005471146 object-server[256772]: Object audit (ZBF). Since Sun Oct 5 08:35:43 2025: Locally: 1 passed, 0 quarantined, 0 errors, files/sec: 505.03, bytes/sec: 0.00, Total time: 0.00, Auditing time: 0.00, Rate: 0.00
Oct 5 08:35:43 np0005471146 object-server[256773]: Object audit (ALL). Since Sun Oct 5 08:35:43 2025: Locally: 1 passed, 0 quarantined, 0 errors, files/sec: 113.69, bytes/sec: 1819.06, Total time: 0.01, Auditing time: 0.00, Rate: 0.00
Oct 5 08:35:44 np0005471146 object-server[256772]: Object audit (ZBF) "forever" mode completed: 0.84s. Total quarantined: 0, Total errors: 0, Total files/sec: 52.12, Total bytes/sec: 0.00, Auditing time: 0.83, Rate: 0.99
Oct 5 08:35:45 np0005471146 object-server[256773]: Object audit (ALL) "forever" mode completed: 2.11s. Total quarantined: 0, Total errors: 0, Total files/sec: 20.84, Total bytes/sec: 400.61, Auditing time: 2.10, Rate: 0.99
Oct 5 08:35:45 np0005471146 account-server[125761]: Beginning replication run
Oct 5 08:35:45 np0005471146 account-server[125761]: Replication run OVER
Oct 5 08:35:45 np0005471146 account-server[125761]: Attempted to replicate 1 dbs in 0.04805 seconds (20.81288/s)
Oct 5 08:35:45 np0005471146 account-server[125761]: Removed 0 dbs
Oct 5 08:35:45 np0005471146 account-server[125761]: 2 successes, 0 failures
Oct 5 08:35:45 np0005471146 account-server[125761]: diff:0 diff_capped:0 empty:0 hashmatch:0 no_change:2 remote_merge:0 rsync:0 ts_repl:0
Oct 5 08:35:52 np0005471146 account-server[126121]: 172.20.0.103 - - [05/Oct/2025:08:35:52 +0000] "HEAD /d1/852/AUTH_ffbb1c514d6a4f40a7f8a9f769bc781a" 204 - "HEAD http://172.18.0.178:8080/v1/AUTH_ffbb1c514d6a4f40a7f8a9f769bc781a?format=json" "tx3dbd6213a4844f0eb024b-0068e22de8" "proxy-server 20" 0.0031 "-" 23 -
Oct 5 08:35:52 np0005471146 proxy-server[128140]: - - 05/Oct/2025/08/35/52 HEAD /v1/AUTH_ffbb1c514d6a4f40a7f8a9f769bc781a%3Fformat%3Djson HTTP/1.0 204 - Swift - - - - tx3dbd6213a4844f0eb024b-0068e22de8 - 0.0098 RL - 1759653352.246259928 1759653352.256043673 -
Oct 5 08:35:52 np0005471146 container-server[126328]: 172.20.0.105 - - [05/Oct/2025:08:35:52 +0000] "GET /d1/668/AUTH_ffbb1c514d6a4f40a7f8a9f769bc781a/gnocchi.80bb1bb0-b35e-4ba8-a2bb-fd16b5b44bba" 200 357 "GET http://172.18.0.178:8080/v1/AUTH_ffbb1c514d6a4f40a7f8a9f769bc781a/gnocchi.80bb1bb0-b35e-4ba8-a2bb-fd16b5b44bba?format=json&states=listing" "tx17f28af04eab44e482c06-0068e22de8" "proxy-server 20" 0.0040 "-" 23 0
Oct 5 08:35:52 np0005471146 object-server[126725]: 172.20.0.105 - - [05/Oct/2025:08:35:52 +0000] "GET /d1/653/AUTH_ffbb1c514d6a4f40a7f8a9f769bc781a/gnocchi.80bb1bb0-b35e-4ba8-a2bb-fd16b5b44bba/1759320000.0_rate%3Amean_300.0_v3" 404 70 "GET http://172.18.0.178:8080/v1/AUTH_ffbb1c514d6a4f40a7f8a9f769bc781a/gnocchi.80bb1bb0-b35e-4ba8-a2bb-fd16b5b44bba/1759320000.0_rate%3Amean_300.0_v3" "tx5012ce44ad554aeea4538-0068e22de8" "proxy-server 20" 0.0008 "-" 22 0
Oct 5 08:35:52 np0005471146 object-server[126729]: 172.20.0.105 - - [05/Oct/2025:08:35:52 +0000] "PUT /d1/55/AUTH_ffbb1c514d6a4f40a7f8a9f769bc781a/gnocchi.80bb1bb0-b35e-4ba8-a2bb-fd16b5b44bba/1759320000.0_mean_300.0_v3" 201 - "PUT http://172.18.0.178:8080/v1/AUTH_ffbb1c514d6a4f40a7f8a9f769bc781a/gnocchi.80bb1bb0-b35e-4ba8-a2bb-fd16b5b44bba/1759320000.0_mean_300.0_v3" "tx97ed7195d632443fac497-0068e22de8" "proxy-server 20" 0.0148 "-" 23 0
Oct 5 08:35:52 np0005471146 container-server[126328]: 172.20.0.104 - - [05/Oct/2025:08:35:52 +0000] "PUT /d1/668/AUTH_ffbb1c514d6a4f40a7f8a9f769bc781a/gnocchi.80bb1bb0-b35e-4ba8-a2bb-fd16b5b44bba/1759320000.0_mean_300.0_v3" 201 - "PUT http://172.18.0.178:8080/d1/55/AUTH_ffbb1c514d6a4f40a7f8a9f769bc781a/gnocchi.80bb1bb0-b35e-4ba8-a2bb-fd16b5b44bba/1759320000.0_mean_300.0_v3" "tx97ed7195d632443fac497-0068e22de8" "object-server 22" 0.0008 "-" 23 0
Oct 5 08:35:52 np0005471146 object-server[126729]: 172.20.0.105 - - [05/Oct/2025:08:35:52 +0000] "PUT /d1/653/AUTH_ffbb1c514d6a4f40a7f8a9f769bc781a/gnocchi.80bb1bb0-b35e-4ba8-a2bb-fd16b5b44bba/1759320000.0_rate%3Amean_300.0_v3" 201 - "PUT http://172.18.0.178:8080/v1/AUTH_ffbb1c514d6a4f40a7f8a9f769bc781a/gnocchi.80bb1bb0-b35e-4ba8-a2bb-fd16b5b44bba/1759320000.0_rate%3Amean_300.0_v3" "txb52f9e7130334853ba830-0068e22de8" "proxy-server 20" 0.0125 "-" 23 0
Oct 5 08:35:52 np0005471146 container-server[126296]: 172.20.0.104 - - [05/Oct/2025:08:35:52 +0000] "PUT /d1/668/AUTH_ffbb1c514d6a4f40a7f8a9f769bc781a/gnocchi.80bb1bb0-b35e-4ba8-a2bb-fd16b5b44bba/1759320000.0_rate%3Amean_300.0_v3" 201 - "PUT http://172.18.0.178:8080/d1/653/AUTH_ffbb1c514d6a4f40a7f8a9f769bc781a/gnocchi.80bb1bb0-b35e-4ba8-a2bb-fd16b5b44bba/1759320000.0_rate%3Amean_300.0_v3" "txb52f9e7130334853ba830-0068e22de8" "object-server 25" 0.0007 "-" 20 0
Oct 5 08:35:52 np0005471146 container-server[126319]: 172.20.0.104 - - [05/Oct/2025:08:35:52 +0000] "PUT /d1/668/AUTH_ffbb1c514d6a4f40a7f8a9f769bc781a/gnocchi.80bb1bb0-b35e-4ba8-a2bb-fd16b5b44bba/none_v3" 201 - "PUT http://172.18.0.178:8080/d1/575/AUTH_ffbb1c514d6a4f40a7f8a9f769bc781a/gnocchi.80bb1bb0-b35e-4ba8-a2bb-fd16b5b44bba/none_v3" "tx5cef21f2292d42d48cd48-0068e22de8" "object-server 22" 0.0010 "-" 21 0
Oct 5 08:35:52 np0005471146 object-server[126740]: 172.20.0.105 - - [05/Oct/2025:08:35:52 +0000] "PUT /d1/575/AUTH_ffbb1c514d6a4f40a7f8a9f769bc781a/gnocchi.80bb1bb0-b35e-4ba8-a2bb-fd16b5b44bba/none_v3" 201 - "PUT http://172.18.0.178:8080/v1/AUTH_ffbb1c514d6a4f40a7f8a9f769bc781a/gnocchi.80bb1bb0-b35e-4ba8-a2bb-fd16b5b44bba/none_v3" "tx5cef21f2292d42d48cd48-0068e22de8" "proxy-server 20" 0.0130 "-" 25 0
Oct 5 08:35:52 np0005471146 object-server[126737]: 172.20.0.103 - - [05/Oct/2025:08:35:52 +0000] "GET /d1/762/AUTH_ffbb1c514d6a4f40a7f8a9f769bc781a/gnocchi.34d0c3fe-275b-44da-a4d2-7d85fffb2a30/none_v3" 200 22 "GET http://172.18.0.178:8080/v1/AUTH_ffbb1c514d6a4f40a7f8a9f769bc781a/gnocchi.34d0c3fe-275b-44da-a4d2-7d85fffb2a30/none_v3" "tx3dbd6213a4844f0eb024b-0068e22de8" "proxy-server 20" 0.0013 "-" 24 0
Oct 5 08:35:52 np0005471146 proxy-server[128140]: 172.18.0.178 172.18.0.104 05/Oct/2025/08/35/52 GET /v1/AUTH_ffbb1c514d6a4f40a7f8a9f769bc781a/gnocchi.34d0c3fe-275b-44da-a4d2-7d85fffb2a30/none_v3 HTTP/1.0 200 - python-swiftclient-3.11.1 gAAAAABo4ixPODjF... - 22 - tx3dbd6213a4844f0eb024b-0068e22de8 - 0.3590 - - 1759653352.244957209 1759653352.603953600 0
Oct 5 08:35:52 np0005471146 proxy-server[128140]: 172.18.0.178 172.18.0.104 05/Oct/2025/08/35/52 GET /v1/AUTH_ffbb1c514d6a4f40a7f8a9f769bc781a/gnocchi.34d0c3fe-275b-44da-a4d2-7d85fffb2a30%3Fformat%3Djson%26states%3Dlisting HTTP/1.0 200 - python-swiftclient-3.11.1 gAAAAABo4ixPODjF... - 357 - tx4bdaccacf83543609011a-0068e22de8 - 0.0132 - - 1759653352.609149218 1759653352.622355461 0
Oct 5 08:35:52 np0005471146 proxy-server[128140]: 172.18.0.178 172.18.0.104 05/Oct/2025/08/35/52 GET /v1/AUTH_ffbb1c514d6a4f40a7f8a9f769bc781a/gnocchi.34d0c3fe-275b-44da-a4d2-7d85fffb2a30%3Fformat%3Djson%26marker%3Dnone_v3%26states%3Dlisting HTTP/1.0 200 - python-swiftclient-3.11.1 gAAAAABo4ixPODjF... - 2 - txe7f976db0c1e4868bc343-0068e22de8 - 0.0141 - - 1759653352.625843525 1759653352.639962912 0
Oct 5 08:35:52 np0005471146 object-server[126729]: 172.20.0.105 - - [05/Oct/2025:08:35:52 +0000] "GET /d1/166/AUTH_ffbb1c514d6a4f40a7f8a9f769bc781a/gnocchi.5cd9b367-abdc-45e9-a02e-9d779cc0e4a9/1759320000.0_rate%3Amean_300.0_v3" 404 70 "GET http://172.18.0.178:8080/v1/AUTH_ffbb1c514d6a4f40a7f8a9f769bc781a/gnocchi.5cd9b367-abdc-45e9-a02e-9d779cc0e4a9/1759320000.0_rate%3Amean_300.0_v3" "tx627a6b11406d4cc3af063-0068e22de8" "proxy-server 20" 0.0006 "-" 23 0
Oct 5 08:35:52 np0005471146 proxy-server[128140]: 172.18.0.178 172.18.0.104 05/Oct/2025/08/35/52 GET /v1/AUTH_ffbb1c514d6a4f40a7f8a9f769bc781a/gnocchi.34d0c3fe-275b-44da-a4d2-7d85fffb2a30/1759320000.0_mean_300.0_v3 HTTP/1.0 200 - python-swiftclient-3.11.1 gAAAAABo4ixPODjF... - 16 - tx4fccb2947cbb4373ad149-0068e22de8 - 0.0095 - - 1759653352.644591331 1759653352.654063702 0
Oct 5 08:35:52 np0005471146 container-server[126319]: 172.20.0.103 - - [05/Oct/2025:08:35:52 +0000] "PUT /d1/154/AUTH_ffbb1c514d6a4f40a7f8a9f769bc781a/gnocchi.5cd9b367-abdc-45e9-a02e-9d779cc0e4a9/1759320000.0_mean_300.0_v3" 201 - "PUT http://172.18.0.178:8080/d1/936/AUTH_ffbb1c514d6a4f40a7f8a9f769bc781a/gnocchi.5cd9b367-abdc-45e9-a02e-9d779cc0e4a9/1759320000.0_mean_300.0_v3" "tx05c14ae9a6a04e3f9378a-0068e22de8" "object-server 24" 0.0009 "-" 21 0
Oct 5 08:35:52 np0005471146 object-server[126737]: 172.20.0.105 - - [05/Oct/2025:08:35:52 +0000] "PUT /d1/936/AUTH_ffbb1c514d6a4f40a7f8a9f769bc781a/gnocchi.5cd9b367-abdc-45e9-a02e-9d779cc0e4a9/1759320000.0_mean_300.0_v3" 201 - "PUT http://172.18.0.178:8080/v1/AUTH_ffbb1c514d6a4f40a7f8a9f769bc781a/gnocchi.5cd9b367-abdc-45e9-a02e-9d779cc0e4a9/1759320000.0_mean_300.0_v3" "tx05c14ae9a6a04e3f9378a-0068e22de8" "proxy-server 20" 0.0148 "-" 24 0
Oct 5 08:35:52 np0005471146 object-server[126740]: 172.20.0.103 - - [05/Oct/2025:08:35:52 +0000] "GET /d1/234/AUTH_ffbb1c514d6a4f40a7f8a9f769bc781a/gnocchi.34d0c3fe-275b-44da-a4d2-7d85fffb2a30/1759320000.0_rate%3Amean_300.0_v3" 404 70 "GET http://172.18.0.178:8080/v1/AUTH_ffbb1c514d6a4f40a7f8a9f769bc781a/gnocchi.34d0c3fe-275b-44da-a4d2-7d85fffb2a30/1759320000.0_rate%3Amean_300.0_v3" "tx7d314a1a23614f50819e4-0068e22de8" "proxy-server 20" 0.0005 "-" 25 0
Oct 5 08:35:52 np0005471146 proxy-server[128140]: 172.18.0.178 172.18.0.104 05/Oct/2025/08/35/52 GET /v1/AUTH_ffbb1c514d6a4f40a7f8a9f769bc781a/gnocchi.34d0c3fe-275b-44da-a4d2-7d85fffb2a30/1759320000.0_rate%253Amean_300.0_v3 HTTP/1.0 404 - python-swiftclient-3.11.1 gAAAAABo4ixPODjF... - 70 - tx7d314a1a23614f50819e4-0068e22de8 - 0.0255 - - 1759653352.658708334 1759653352.684187889 0
Oct 5 08:35:52 np0005471146 container-server[126325]: 172.20.0.103 - - [05/Oct/2025:08:35:52 +0000] "PUT /d1/154/AUTH_ffbb1c514d6a4f40a7f8a9f769bc781a/gnocchi.5cd9b367-abdc-45e9-a02e-9d779cc0e4a9/1759320000.0_rate%3Amean_300.0_v3" 201 - "PUT http://172.18.0.178:8080/d1/166/AUTH_ffbb1c514d6a4f40a7f8a9f769bc781a/gnocchi.5cd9b367-abdc-45e9-a02e-9d779cc0e4a9/1759320000.0_rate%3Amean_300.0_v3" "tx781f5e0ba0bd4a91a9a1e-0068e22de8" "object-server 25" 0.0008 "-" 22 0
Oct 5 08:35:52 np0005471146 object-server[126740]: 172.20.0.105 - - [05/Oct/2025:08:35:52 +0000] "PUT /d1/166/AUTH_ffbb1c514d6a4f40a7f8a9f769bc781a/gnocchi.5cd9b367-abdc-45e9-a02e-9d779cc0e4a9/1759320000.0_rate%3Amean_300.0_v3" 201 - "PUT http://172.18.0.178:8080/v1/AUTH_ffbb1c514d6a4f40a7f8a9f769bc781a/gnocchi.5cd9b367-abdc-45e9-a02e-9d779cc0e4a9/1759320000.0_rate%3Amean_300.0_v3" "tx781f5e0ba0bd4a91a9a1e-0068e22de8" "proxy-server 20" 0.0135 "-" 25 0
Oct 5 08:35:52 np0005471146 container-server[126325]: 172.20.0.103 - - [05/Oct/2025:08:35:52 +0000] "PUT /d1/53/AUTH_ffbb1c514d6a4f40a7f8a9f769bc781a/gnocchi.34d0c3fe-275b-44da-a4d2-7d85fffb2a30/1759320000.0_mean_300.0_v3" 201 - "PUT http://172.18.0.178:8080/d1/194/AUTH_ffbb1c514d6a4f40a7f8a9f769bc781a/gnocchi.34d0c3fe-275b-44da-a4d2-7d85fffb2a30/1759320000.0_mean_300.0_v3" "tx8ce4eb216a1448ee8984f-0068e22de8" "object-server 23" 0.0006 "-" 22 0
Oct 5 08:35:52 np0005471146 object-server[126729]: 172.20.0.103 - - [05/Oct/2025:08:35:52 +0000] "PUT /d1/194/AUTH_ffbb1c514d6a4f40a7f8a9f769bc781a/gnocchi.34d0c3fe-275b-44da-a4d2-7d85fffb2a30/1759320000.0_mean_300.0_v3" 201 - "PUT http://172.18.0.178:8080/v1/AUTH_ffbb1c514d6a4f40a7f8a9f769bc781a/gnocchi.34d0c3fe-275b-44da-a4d2-7d85fffb2a30/1759320000.0_mean_300.0_v3" "tx8ce4eb216a1448ee8984f-0068e22de8" "proxy-server 20" 0.0108 "-" 23 0
Oct 5 08:35:52 np0005471146 proxy-server[128140]: 172.18.0.178 172.18.0.104 05/Oct/2025/08/35/52 PUT /v1/AUTH_ffbb1c514d6a4f40a7f8a9f769bc781a/gnocchi.34d0c3fe-275b-44da-a4d2-7d85fffb2a30/1759320000.0_mean_300.0_v3 HTTP/1.0 201 - python-swiftclient-3.11.1 gAAAAABo4ixPODjF... 23 - - tx8ce4eb216a1448ee8984f-0068e22de8 - 0.0256 - - 1759653352.688091278 1759653352.713683367 0
Oct 5 08:35:52 np0005471146 container-server[126296]: 172.20.0.104 - - [05/Oct/2025:08:35:52 +0000] "PUT /d1/154/AUTH_ffbb1c514d6a4f40a7f8a9f769bc781a/gnocchi.5cd9b367-abdc-45e9-a02e-9d779cc0e4a9/none_v3" 201 - "PUT http://172.18.0.178:8080/d1/587/AUTH_ffbb1c514d6a4f40a7f8a9f769bc781a/gnocchi.5cd9b367-abdc-45e9-a02e-9d779cc0e4a9/none_v3" "txe7e41a89c5a745b7a6804-0068e22de8" "object-server 25" 0.0006 "-" 20 0
Oct 5 08:35:52 np0005471146 object-server[126725]: 172.20.0.105 - - [05/Oct/2025:08:35:52 +0000] "PUT /d1/587/AUTH_ffbb1c514d6a4f40a7f8a9f769bc781a/gnocchi.5cd9b367-abdc-45e9-a02e-9d779cc0e4a9/none_v3" 201 - "PUT http://172.18.0.178:8080/v1/AUTH_ffbb1c514d6a4f40a7f8a9f769bc781a/gnocchi.5cd9b367-abdc-45e9-a02e-9d779cc0e4a9/none_v3" "txe7e41a89c5a745b7a6804-0068e22de8" "proxy-server 20" 0.0153 "-" 22 0
Oct 5 08:35:52 np0005471146 container-server[126328]: 172.20.0.105 - - [05/Oct/2025:08:35:52 +0000] "PUT /d1/53/AUTH_ffbb1c514d6a4f40a7f8a9f769bc781a/gnocchi.34d0c3fe-275b-44da-a4d2-7d85fffb2a30/1759320000.0_rate%3Amean_300.0_v3" 201 - "PUT http://172.18.0.178:8080/d1/234/AUTH_ffbb1c514d6a4f40a7f8a9f769bc781a/gnocchi.34d0c3fe-275b-44da-a4d2-7d85fffb2a30/1759320000.0_rate%3Amean_300.0_v3" "tx46080217b0b846ce8b4ed-0068e22de8" "object-server 25" 0.0007 "-" 23 0
Oct 5 08:35:52 np0005471146 object-server[126725]: 172.20.0.103 - - [05/Oct/2025:08:35:52 +0000] "PUT /d1/234/AUTH_ffbb1c514d6a4f40a7f8a9f769bc781a/gnocchi.34d0c3fe-275b-44da-a4d2-7d85fffb2a30/1759320000.0_rate%3Amean_300.0_v3" 201 - "PUT http://172.18.0.178:8080/v1/AUTH_ffbb1c514d6a4f40a7f8a9f769bc781a/gnocchi.34d0c3fe-275b-44da-a4d2-7d85fffb2a30/1759320000.0_rate%3Amean_300.0_v3" "tx46080217b0b846ce8b4ed-0068e22de8" "proxy-server 20" 0.0177 "-" 22 0
Oct 5 08:35:52 np0005471146 proxy-server[128140]: 172.18.0.178 172.18.0.104 05/Oct/2025/08/35/52 PUT /v1/AUTH_ffbb1c514d6a4f40a7f8a9f769bc781a/gnocchi.34d0c3fe-275b-44da-a4d2-7d85fffb2a30/1759320000.0_rate%253Amean_300.0_v3 HTTP/1.0 201 - python-swiftclient-3.11.1 gAAAAABo4ixPODjF... 16 - - tx46080217b0b846ce8b4ed-0068e22de8 - 0.0291 - - 1759653352.716873169 1759653352.746008158 0
Oct 5 08:35:52 np0005471146 container-server[126325]: 172.20.0.104 - - [05/Oct/2025:08:35:52 +0000] "PUT /d1/53/AUTH_ffbb1c514d6a4f40a7f8a9f769bc781a/gnocchi.34d0c3fe-275b-44da-a4d2-7d85fffb2a30/none_v3" 201 - "PUT http://172.18.0.178:8080/d1/762/AUTH_ffbb1c514d6a4f40a7f8a9f769bc781a/gnocchi.34d0c3fe-275b-44da-a4d2-7d85fffb2a30/none_v3" "txf3a73d3a5de243eca5b5c-0068e22de8" "object-server 24" 0.0007 "-" 22 0
Oct 5 08:35:52 np0005471146 object-server[126725]: 172.20.0.105 - - [05/Oct/2025:08:35:52 +0000] "PUT /d1/762/AUTH_ffbb1c514d6a4f40a7f8a9f769bc781a/gnocchi.34d0c3fe-275b-44da-a4d2-7d85fffb2a30/none_v3" 201 - "PUT http://172.18.0.178:8080/v1/AUTH_ffbb1c514d6a4f40a7f8a9f769bc781a/gnocchi.34d0c3fe-275b-44da-a4d2-7d85fffb2a30/none_v3" "txf3a73d3a5de243eca5b5c-0068e22de8" "proxy-server 20" 0.0141 "-" 22 0
Oct 5 08:35:52 np0005471146 proxy-server[128140]: 172.18.0.103 172.18.0.104 05/Oct/2025/08/35/52 GET /v1/AUTH_ffbb1c514d6a4f40a7f8a9f769bc781a/gnocchi.630ced32-f036-4c8c-bebe-dfa7df1b4507/none_v3 HTTP/1.0 200 - python-swiftclient-3.11.1 gAAAAABo4iyYaC5C... - 22 - txf4bf6a54aaee4bc692570-0068e22de8 - 0.0214 - - 1759653352.753505230 1759653352.774889469 0
Oct 5 08:35:52 np0005471146 container-server[126328]: 172.20.0.103 - - [05/Oct/2025:08:35:52 +0000] "HEAD /d1/371/AUTH_ffbb1c514d6a4f40a7f8a9f769bc781a/gnocchi.c1f22f51-3ab2-4ed3-a2be-e913312125fc" 204 - "HEAD http://172.18.0.178:8080/v1/AUTH_ffbb1c514d6a4f40a7f8a9f769bc781a/gnocchi.c1f22f51-3ab2-4ed3-a2be-e913312125fc?format=json&states=listing" "tx7c571f702ec14cb9a5dd0-0068e22de8" "proxy-server 20" 0.0026 "-" 23 0
Oct 5 08:35:52 np0005471146 proxy-server[128140]: 172.18.0.178 172.18.0.104 05/Oct/2025/08/35/52 GET /v1/AUTH_ffbb1c514d6a4f40a7f8a9f769bc781a/gnocchi.c1f22f51-3ab2-4ed3-a2be-e913312125fc/none_v3 HTTP/1.0 200 - python-swiftclient-3.11.1 gAAAAABo4ixPODjF... - 22 - tx7c571f702ec14cb9a5dd0-0068e22de8 - 0.0224 - - 1759653352.792830706 1759653352.815186501 0
Oct 5 08:35:52 np0005471146 proxy-server[128140]: 172.18.0.178 172.18.0.104 05/Oct/2025/08/35/52 GET /v1/AUTH_ffbb1c514d6a4f40a7f8a9f769bc781a/gnocchi.c1f22f51-3ab2-4ed3-a2be-e913312125fc%3Fformat%3Djson%26states%3Dlisting HTTP/1.0 200 - python-swiftclient-3.11.1 gAAAAABo4ixPODjF... - 357 - tx154b741ff1324ab2a575f-0068e22de8 - 0.0135 - - 1759653352.820277214 1759653352.833824873 0
Oct 5 08:35:52 np0005471146 proxy-server[128140]: 172.18.0.178 172.18.0.104 05/Oct/2025/08/35/52 GET /v1/AUTH_ffbb1c514d6a4f40a7f8a9f769bc781a/gnocchi.c1f22f51-3ab2-4ed3-a2be-e913312125fc%3Fformat%3Djson%26marker%3Dnone_v3%26states%3Dlisting HTTP/1.0 200 - python-swiftclient-3.11.1 gAAAAABo4ixPODjF... - 2 - txe47532f5c7f54c85a281e-0068e22de8 - 0.0129 - - 1759653352.837774754 1759653352.850698233 0
Oct 5 08:35:52 np0005471146 proxy-server[128140]: 172.18.0.178 172.18.0.104 05/Oct/2025/08/35/52 GET /v1/AUTH_ffbb1c514d6a4f40a7f8a9f769bc781a/gnocchi.c1f22f51-3ab2-4ed3-a2be-e913312125fc/1759320000.0_mean_300.0_v3 HTTP/1.0 200 - python-swiftclient-3.11.1 gAAAAABo4ixPODjF... - 16 - tx6e58507966c940a9bca77-0068e22de8 - 0.0096 - - 1759653352.855614185 1759653352.865168810 0
Oct 5 08:35:52 np0005471146 object-server[126729]: 172.20.0.103 - - [05/Oct/2025:08:35:52 +0000] "GET /d1/74/AUTH_ffbb1c514d6a4f40a7f8a9f769bc781a/gnocchi.c1f22f51-3ab2-4ed3-a2be-e913312125fc/1759320000.0_rate%3Amean_300.0_v3" 404 70 "GET http://172.18.0.178:8080/v1/AUTH_ffbb1c514d6a4f40a7f8a9f769bc781a/gnocchi.c1f22f51-3ab2-4ed3-a2be-e913312125fc/1759320000.0_rate%3Amean_300.0_v3" "tx7121b209094d41d8a175e-0068e22de8" "proxy-server 20" 0.0005 "-" 23 0
Oct 5 08:35:52 np0005471146 proxy-server[128140]: 172.18.0.178 172.18.0.104 05/Oct/2025/08/35/52 GET /v1/AUTH_ffbb1c514d6a4f40a7f8a9f769bc781a/gnocchi.c1f22f51-3ab2-4ed3-a2be-e913312125fc/1759320000.0_rate%253Amean_300.0_v3 HTTP/1.0 404 - python-swiftclient-3.11.1 gAAAAABo4ixPODjF... - 70 - tx7121b209094d41d8a175e-0068e22de8 - 0.0186 - - 1759653352.869943619 1759653352.888580799 0
Oct 5 08:35:52 np0005471146 object-server[126729]: 172.20.0.105 - - [05/Oct/2025:08:35:52 +0000] "GET /d1/735/AUTH_ffbb1c514d6a4f40a7f8a9f769bc781a/gnocchi.630ced32-f036-4c8c-bebe-dfa7df1b4507/1759320000.0_mean_300.0_v3" 200 16 "GET http://172.18.0.178:8080/v1/AUTH_ffbb1c514d6a4f40a7f8a9f769bc781a/gnocchi.630ced32-f036-4c8c-bebe-dfa7df1b4507/1759320000.0_mean_300.0_v3" "tx30d978cfbc9b432fbce7d-0068e22de8" "proxy-server 20" 0.0011 "-" 23 0
Oct 5 08:35:52 np0005471146 object-server[126729]: 172.20.0.103 - - [05/Oct/2025:08:35:52 +0000] "PUT /d1/127/AUTH_ffbb1c514d6a4f40a7f8a9f769bc781a/gnocchi.c1f22f51-3ab2-4ed3-a2be-e913312125fc/1759320000.0_mean_300.0_v3" 201 - "PUT http://172.18.0.178:8080/v1/AUTH_ffbb1c514d6a4f40a7f8a9f769bc781a/gnocchi.c1f22f51-3ab2-4ed3-a2be-e913312125fc/1759320000.0_mean_300.0_v3" "txa29423ea7d4b419da8dcd-0068e22de8" "proxy-server 20" 0.0144 "-" 23 0
Oct 5 08:35:52 np0005471146 container-server[126325]: 172.20.0.105 - - [05/Oct/2025:08:35:52 +0000] "PUT /d1/371/AUTH_ffbb1c514d6a4f40a7f8a9f769bc781a/gnocchi.c1f22f51-3ab2-4ed3-a2be-e913312125fc/1759320000.0_mean_300.0_v3" 201 - "PUT http://172.18.0.178:8080/d1/127/AUTH_ffbb1c514d6a4f40a7f8a9f769bc781a/gnocchi.c1f22f51-3ab2-4ed3-a2be-e913312125fc/1759320000.0_mean_300.0_v3" "txa29423ea7d4b419da8dcd-0068e22de8" "object-server 24" 0.0009 "-" 22 0
Oct 5 08:35:52 np0005471146 object-server[126737]: 172.20.0.105 - - [05/Oct/2025:08:35:52 +0000] "GET /d1/359/AUTH_ffbb1c514d6a4f40a7f8a9f769bc781a/gnocchi.630ced32-f036-4c8c-bebe-dfa7df1b4507/1759320000.0_rate%3Amean_300.0_v3" 404 70 "GET http://172.18.0.178:8080/v1/AUTH_ffbb1c514d6a4f40a7f8a9f769bc781a/gnocchi.630ced32-f036-4c8c-bebe-dfa7df1b4507/1759320000.0_rate%3Amean_300.0_v3" "txdd354d5737334d94b1adc-0068e22de8" "proxy-server 20" 0.0004 "-" 24 0
Oct 5 08:35:52 np0005471146 proxy-server[128140]: 172.18.0.178 172.18.0.104 05/Oct/2025/08/35/52 PUT /v1/AUTH_ffbb1c514d6a4f40a7f8a9f769bc781a/gnocchi.c1f22f51-3ab2-4ed3-a2be-e913312125fc/1759320000.0_mean_300.0_v3 HTTP/1.0 201 - python-swiftclient-3.11.1 gAAAAABo4ixPODjF... 24 - - txa29423ea7d4b419da8dcd-0068e22de8 - 0.0314 - - 1759653352.892797947 1759653352.924187899 0
Oct 5 08:35:52 np0005471146 container-server[126296]: 172.20.0.104 - - [05/Oct/2025:08:35:52 +0000] "PUT /d1/371/AUTH_ffbb1c514d6a4f40a7f8a9f769bc781a/gnocchi.c1f22f51-3ab2-4ed3-a2be-e913312125fc/1759320000.0_rate%3Amean_300.0_v3" 201 - "PUT http://172.18.0.178:8080/d1/74/AUTH_ffbb1c514d6a4f40a7f8a9f769bc781a/gnocchi.c1f22f51-3ab2-4ed3-a2be-e913312125fc/1759320000.0_rate%3Amean_300.0_v3" "tx70d2f264a71141fe862c0-0068e22de8" "object-server 25" 0.0007 "-" 20 0
Oct 5 08:35:52 np0005471146 object-server[126729]: 172.20.0.103 - - [05/Oct/2025:08:35:52 +0000] "PUT /d1/74/AUTH_ffbb1c514d6a4f40a7f8a9f769bc781a/gnocchi.c1f22f51-3ab2-4ed3-a2be-e913312125fc/1759320000.0_rate%3Amean_300.0_v3" 201 - "PUT http://172.18.0.178:8080/v1/AUTH_ffbb1c514d6a4f40a7f8a9f769bc781a/gnocchi.c1f22f51-3ab2-4ed3-a2be-e913312125fc/1759320000.0_rate%3Amean_300.0_v3" "tx70d2f264a71141fe862c0-0068e22de8" "proxy-server 20" 0.0173 "-" 23 0
Oct 5 08:35:52 np0005471146 object-server[126740]: 172.20.0.105 - - [05/Oct/2025:08:35:52 +0000] "GET /d1/606/AUTH_ffbb1c514d6a4f40a7f8a9f769bc781a/gnocchi.7b1cfb9f-e398-41bd-b164-31557797eb07/1759320000.0_rate%3Amean_300.0_v3" 404 70 "GET http://172.18.0.178:8080/v1/AUTH_ffbb1c514d6a4f40a7f8a9f769bc781a/gnocchi.7b1cfb9f-e398-41bd-b164-31557797eb07/1759320000.0_rate%3Amean_300.0_v3" "tx9b04a892404440f68023a-0068e22de8" "proxy-server 20" 0.0005 "-" 25 0
Oct 5 08:35:53 np0005471146 proxy-server[128140]: 172.18.0.178 172.18.0.104 05/Oct/2025/08/35/53 PUT /v1/AUTH_ffbb1c514d6a4f40a7f8a9f769bc781a/gnocchi.c1f22f51-3ab2-4ed3-a2be-e913312125fc/1759320000.0_rate%253Amean_300.0_v3 HTTP/1.0 201 - python-swiftclient-3.11.1 gAAAAABo4ixPODjF... 16 - - tx70d2f264a71141fe862c0-0068e22de8 - 0.0755 - - 1759653352.929279327 1759653353.004800081 0
Oct 5 08:35:53 np0005471146 container-server[126296]: 172.20.0.103 - - [05/Oct/2025:08:35:53 +0000] "PUT /d1/97/AUTH_ffbb1c514d6a4f40a7f8a9f769bc781a/gnocchi.630ced32-f036-4c8c-bebe-dfa7df1b4507/1759320000.0_mean_300.0_v3" 201 - "PUT http://172.18.0.178:8080/d1/735/AUTH_ffbb1c514d6a4f40a7f8a9f769bc781a/gnocchi.630ced32-f036-4c8c-bebe-dfa7df1b4507/1759320000.0_mean_300.0_v3" "txb10600fda4624d8592910-0068e22de8" "object-server 24" 0.0007 "-" 20 0
Oct 5 08:35:53 np0005471146 object-server[126737]: 172.20.0.105 - - [05/Oct/2025:08:35:53 +0000] "PUT /d1/735/AUTH_ffbb1c514d6a4f40a7f8a9f769bc781a/gnocchi.630ced32-f036-4c8c-bebe-dfa7df1b4507/1759320000.0_mean_300.0_v3" 201 - "PUT http://172.18.0.178:8080/v1/AUTH_ffbb1c514d6a4f40a7f8a9f769bc781a/gnocchi.630ced32-f036-4c8c-bebe-dfa7df1b4507/1759320000.0_mean_300.0_v3" "txb10600fda4624d8592910-0068e22de8" "proxy-server 20" 0.0117 "-" 24 0
Oct 5 08:35:53 np0005471146 container-server[126296]: 172.20.0.105 - - [05/Oct/2025:08:35:53 +0000] "PUT /d1/371/AUTH_ffbb1c514d6a4f40a7f8a9f769bc781a/gnocchi.c1f22f51-3ab2-4ed3-a2be-e913312125fc/none_v3" 201 - "PUT http://172.18.0.178:8080/d1/790/AUTH_ffbb1c514d6a4f40a7f8a9f769bc781a/gnocchi.c1f22f51-3ab2-4ed3-a2be-e913312125fc/none_v3" "txb0f6d6c20c394a4db56ef-0068e22de9" "object-server 25" 0.0007 "-" 20 0
Oct 5 08:35:53 np0005471146 container-server[126296]: 172.20.0.103 - - [05/Oct/2025:08:35:53 +0000] "PUT /d1/97/AUTH_ffbb1c514d6a4f40a7f8a9f769bc781a/gnocchi.630ced32-f036-4c8c-bebe-dfa7df1b4507/1759320000.0_rate%3Amean_300.0_v3" 201 - "PUT http://172.18.0.178:8080/d1/359/AUTH_ffbb1c514d6a4f40a7f8a9f769bc781a/gnocchi.630ced32-f036-4c8c-bebe-dfa7df1b4507/1759320000.0_rate%3Amean_300.0_v3" "txf7616a578ac1453a84c6e-0068e22de9" "object-server 25" 0.0006 "-" 20 0
Oct 5 08:35:53 np0005471146 object-server[126740]: 172.20.0.105 - - [05/Oct/2025:08:35:53 +0000] "PUT /d1/359/AUTH_ffbb1c514d6a4f40a7f8a9f769bc781a/gnocchi.630ced32-f036-4c8c-bebe-dfa7df1b4507/1759320000.0_rate%3Amean_300.0_v3" 201 - "PUT http://172.18.0.178:8080/v1/AUTH_ffbb1c514d6a4f40a7f8a9f769bc781a/gnocchi.630ced32-f036-4c8c-bebe-dfa7df1b4507/1759320000.0_rate%3Amean_300.0_v3" "txf7616a578ac1453a84c6e-0068e22de9" "proxy-server 20" 0.0136 "-" 25 0
Oct 5 08:35:53 np0005471146 object-server[126729]: 172.20.0.103 - - [05/Oct/2025:08:35:53 +0000] "PUT /d1/790/AUTH_ffbb1c514d6a4f40a7f8a9f769bc781a/gnocchi.c1f22f51-3ab2-4ed3-a2be-e913312125fc/none_v3" 201 - "PUT http://172.18.0.178:8080/v1/AUTH_ffbb1c514d6a4f40a7f8a9f769bc781a/gnocchi.c1f22f51-3ab2-4ed3-a2be-e913312125fc/none_v3" "txb0f6d6c20c394a4db56ef-0068e22de9" "proxy-server 20" 0.0198 "-" 23 0
Oct 5 08:35:53 np0005471146 proxy-server[128140]: 172.18.0.178 172.18.0.104 05/Oct/2025/08/35/53 PUT /v1/AUTH_ffbb1c514d6a4f40a7f8a9f769bc781a/gnocchi.c1f22f51-3ab2-4ed3-a2be-e913312125fc/none_v3 HTTP/1.0 201 - python-swiftclient-3.11.1 gAAAAABo4ixPODjF... 33 - - txb0f6d6c20c394a4db56ef-0068e22de9 - 0.0329 - - 1759653353.008975983 1759653353.041906595 0
Oct 5 08:35:53 np0005471146 object-server[126729]: 172.20.0.105 - - [05/Oct/2025:08:35:53 +0000] "GET /d1/565/AUTH_ffbb1c514d6a4f40a7f8a9f769bc781a/gnocchi.6aa7b351-85b7-4149-aa8e-ba7242fca0e1/1759320000.0_mean_300.0_v3" 200 16 "GET http://172.18.0.178:8080/v1/AUTH_ffbb1c514d6a4f40a7f8a9f769bc781a/gnocchi.6aa7b351-85b7-4149-aa8e-ba7242fca0e1/1759320000.0_mean_300.0_v3" "tx646fae059a264eb4bec64-0068e22de9" "proxy-server 20" 0.0014 "-" 23 0
Oct 5 08:35:53 np0005471146 container-server[126325]: 172.20.0.104 - - [05/Oct/2025:08:35:53 +0000] "PUT /d1/148/AUTH_ffbb1c514d6a4f40a7f8a9f769bc781a/gnocchi.7b1cfb9f-e398-41bd-b164-31557797eb07/1759320000.0_mean_300.0_v3" 201 - "PUT http://172.18.0.178:8080/d1/244/AUTH_ffbb1c514d6a4f40a7f8a9f769bc781a/gnocchi.7b1cfb9f-e398-41bd-b164-31557797eb07/1759320000.0_mean_300.0_v3" "tx74979f4ad17d435187973-0068e22de9" "object-server 23" 0.0007 "-" 22 0
Oct 5 08:35:53 np0005471146 object-server[126737]: 172.20.0.103 - - [05/Oct/2025:08:35:53 +0000] "PUT /d1/244/AUTH_ffbb1c514d6a4f40a7f8a9f769bc781a/gnocchi.7b1cfb9f-e398-41bd-b164-31557797eb07/1759320000.0_mean_300.0_v3" 201 - "PUT http://172.18.0.178:8080/v1/AUTH_ffbb1c514d6a4f40a7f8a9f769bc781a/gnocchi.7b1cfb9f-e398-41bd-b164-31557797eb07/1759320000.0_mean_300.0_v3" "tx74979f4ad17d435187973-0068e22de9" "proxy-server 20" 0.0159 "-" 24 0
Oct 5 08:35:53 np0005471146 proxy-server[128140]: 172.18.0.103 172.18.0.104 05/Oct/2025/08/35/53 PUT /v1/AUTH_ffbb1c514d6a4f40a7f8a9f769bc781a/gnocchi.7b1cfb9f-e398-41bd-b164-31557797eb07/1759320000.0_mean_300.0_v3 HTTP/1.0 201 - python-swiftclient-3.11.1 gAAAAABo4iyYaC5C... 24 - - tx74979f4ad17d435187973-0068e22de9 - 0.0326 - - 1759653353.051157951 1759653353.083773851 0
Oct 5 08:35:53 np0005471146 object-server[126725]: 172.20.0.105 - - [05/Oct/2025:08:35:53 +0000] "GET /d1/928/AUTH_ffbb1c514d6a4f40a7f8a9f769bc781a/gnocchi.6aa7b351-85b7-4149-aa8e-ba7242fca0e1/1759320000.0_rate%3Amean_300.0_v3" 404 70 "GET http://172.18.0.178:8080/v1/AUTH_ffbb1c514d6a4f40a7f8a9f769bc781a/gnocchi.6aa7b351-85b7-4149-aa8e-ba7242fca0e1/1759320000.0_rate%3Amean_300.0_v3" "tx5fcb12a9ae924d3aae541-0068e22de9" "proxy-server 20" 0.0027 "-" 22 0
Oct 5 08:35:53 np0005471146 container-server[126325]: 172.20.0.104 - - [05/Oct/2025:08:35:53 +0000] "GET /d1/414/AUTH_ffbb1c514d6a4f40a7f8a9f769bc781a/gnocchi.438e0e68-ec6d-4307-aed3-840f4b7d7c0d" 200 357 "GET http://172.18.0.178:8080/v1/AUTH_ffbb1c514d6a4f40a7f8a9f769bc781a/gnocchi.438e0e68-ec6d-4307-aed3-840f4b7d7c0d?format=json&states=listing" "txc48f484606b446298f07a-0068e22de9" "proxy-server 20" 0.0037 "-" 22 0
