Oct 5 08:26:31 np0005471146 object-server[126411]: Starting object replication pass.
Oct 5 08:26:31 np0005471146 object-server[126411]: Nothing replicated for 0.003912687301635742 seconds.
Oct 5 08:26:31 np0005471146 object-server[126411]: Object replication complete. (0.00 minutes)
Oct 5 08:26:33 np0005471146 object-server[201776]: Begin object audit "forever" mode (ALL)
Oct 5 08:26:33 np0005471146 object-server[201776]: Object audit (ALL) "forever" mode completed: 0.00s. Total quarantined: 0, Total errors: 0, Total files/sec: 0.00, Total bytes/sec: 0.00, Auditing time: 0.00, Rate: 0.00
Oct 5 08:26:33 np0005471146 object-server[201775]: Begin object audit "forever" mode (ZBF)
Oct 5 08:26:33 np0005471146 object-server[201775]: Object audit (ZBF) "forever" mode completed: 0.00s. Total quarantined: 0, Total errors: 0, Total files/sec: 0.00, Total bytes/sec: 0.00, Auditing time: 0.00, Rate: 0.00
Oct 5 08:26:41 np0005471146 container-server[125905]: Beginning replication run
Oct 5 08:26:41 np0005471146 container-server[125905]: Replication run OVER
Oct 5 08:26:41 np0005471146 container-server[125905]: Attempted to replicate 0 dbs in 0.00209 seconds (0.00000/s)
Oct 5 08:26:41 np0005471146 container-server[125905]: Removed 0 dbs
Oct 5 08:26:41 np0005471146 container-server[125905]: 0 successes, 0 failures
Oct 5 08:26:41 np0005471146 container-server[125905]: diff:0 diff_capped:0 empty:0 hashmatch:0 no_change:0 remote_merge:0 rsync:0 ts_repl:0
Oct 5 08:26:45 np0005471146 account-server[125761]: Beginning replication run
Oct 5 08:26:45 np0005471146 account-server[125761]: Replication run OVER
Oct 5 08:26:45 np0005471146 account-server[125761]: Attempted to replicate 0 dbs in 0.00216 seconds (0.00000/s)
Oct 5 08:26:45 np0005471146 account-server[125761]: Removed 0 dbs
Oct 5 08:26:45 np0005471146 account-server[125761]: 0 successes, 0 failures
Oct 5 08:26:45 np0005471146 account-server[125761]: diff:0 diff_capped:0 empty:0 hashmatch:0 no_change:0 remote_merge:0 rsync:0 ts_repl:0
Oct 5 08:27:01 np0005471146 object-server[126411]: Starting object replication pass.
Oct 5 08:27:01 np0005471146 object-server[126411]: Nothing replicated for 0.0040280818939208984 seconds.
Oct 5 08:27:01 np0005471146 object-server[126411]: Object replication complete. (0.00 minutes)
Oct 5 08:27:03 np0005471146 object-server[204806]: Begin object audit "forever" mode (ZBF)
Oct 5 08:27:03 np0005471146 object-server[204806]: Object audit (ZBF) "forever" mode completed: 0.00s. Total quarantined: 0, Total errors: 0, Total files/sec: 0.00, Total bytes/sec: 0.00, Auditing time: 0.00, Rate: 0.00
Oct 5 08:27:03 np0005471146 object-server[204807]: Begin object audit "forever" mode (ALL)
Oct 5 08:27:03 np0005471146 object-server[204807]: Object audit (ALL) "forever" mode completed: 0.00s. Total quarantined: 0, Total errors: 0, Total files/sec: 0.00, Total bytes/sec: 0.00, Auditing time: 0.00, Rate: 0.00
Oct 5 08:27:11 np0005471146 account-server[126061]: 172.20.0.105 - - [05/Oct/2025:08:27:11 +0000] "HEAD /d1/525/.expiring_objects" 404 - "HEAD http://localhost/v1/.expiring_objects?format=json" "tx41708085456043708fa00-0068e22bdf" "proxy-server 2" 0.0007 "-" 21 -
Oct 5 08:27:11 np0005471146 container-server[125905]: Beginning replication run
Oct 5 08:27:11 np0005471146 container-server[125905]: Replication run OVER
Oct 5 08:27:11 np0005471146 container-server[125905]: Attempted to replicate 0 dbs in 0.00157 seconds (0.00000/s)
Oct 5 08:27:11 np0005471146 container-server[125905]: Removed 0 dbs
Oct 5 08:27:11 np0005471146 container-server[125905]: 0 successes, 0 failures
Oct 5 08:27:11 np0005471146 container-server[125905]: diff:0 diff_capped:0 empty:0 hashmatch:0 no_change:0 remote_merge:0 rsync:0 ts_repl:0
Oct 5 08:27:15 np0005471146 account-server[125761]: Beginning replication run
Oct 5 08:27:15 np0005471146 account-server[125761]: Replication run OVER
Oct 5 08:27:15 np0005471146 account-server[125761]: Attempted to replicate 0 dbs in 0.00152 seconds (0.00000/s)
Oct 5 08:27:15 np0005471146 account-server[125761]: Removed 0 dbs
Oct 5 08:27:15 np0005471146 account-server[125761]: 0 successes, 0 failures
Oct 5 08:27:15 np0005471146 account-server[125761]: diff:0 diff_capped:0 empty:0 hashmatch:0 no_change:0 remote_merge:0 rsync:0 ts_repl:0
Oct 5 08:27:31 np0005471146 object-server[126411]: Starting object replication pass.
Oct 5 08:27:31 np0005471146 object-server[126411]: Nothing replicated for 0.0038175582885742188 seconds.
Oct 5 08:27:31 np0005471146 object-server[126411]: Object replication complete. (0.00 minutes)
Oct 5 08:27:33 np0005471146 object-server[204809]: Begin object audit "forever" mode (ZBF)
Oct 5 08:27:33 np0005471146 object-server[204809]: Object audit (ZBF) "forever" mode completed: 0.00s. Total quarantined: 0, Total errors: 0, Total files/sec: 0.00, Total bytes/sec: 0.00, Auditing time: 0.00, Rate: 0.00
Oct 5 08:27:39 np0005471146 account-server[126036]: 172.20.0.104 - - [05/Oct/2025:08:27:39 +0000] "HEAD /d1/525/.expiring_objects" 404 - "HEAD http://localhost/v1/.expiring_objects?format=json" "txce0628aaeafc4cceacac9-0068e22bfb" "proxy-server 2" 0.0005 "-" 20 -
Oct 5 08:27:41 np0005471146 container-server[125905]: Beginning replication run
Oct 5 08:27:41 np0005471146 container-server[125905]: Replication run OVER
Oct 5 08:27:41 np0005471146 container-server[125905]: Attempted to replicate 0 dbs in 0.00155 seconds (0.00000/s)
Oct 5 08:27:41 np0005471146 container-server[125905]: Removed 0 dbs
Oct 5 08:27:41 np0005471146 container-server[125905]: 0 successes, 0 failures
Oct 5 08:27:41 np0005471146 container-server[125905]: diff:0 diff_capped:0 empty:0 hashmatch:0 no_change:0 remote_merge:0 rsync:0 ts_repl:0
Oct 5 08:27:45 np0005471146 account-server[125761]: Beginning replication run
Oct 5 08:27:45 np0005471146 account-server[125761]: Replication run OVER
Oct 5 08:27:45 np0005471146 account-server[125761]: Attempted to replicate 0 dbs in 0.00325 seconds (0.00000/s)
Oct 5 08:27:45 np0005471146 account-server[125761]: Removed 0 dbs
Oct 5 08:27:45 np0005471146 account-server[125761]: 0 successes, 0 failures
Oct 5 08:27:45 np0005471146 account-server[125761]: diff:0 diff_capped:0 empty:0 hashmatch:0 no_change:0 remote_merge:0 rsync:0 ts_repl:0
Oct 5 08:27:58 np0005471146 object-server[126687]: Begin object update sweep
Oct 5 08:27:58 np0005471146 object-server[210541]: Object update sweep starting on /srv/node/d1 (pid: 14)
Oct 5 08:27:58 np0005471146 object-server[210541]: Object update sweep completed on /srv/node/d1 in 0.00s seconds:, 0 successes, 0 failures, 0 quarantines, 0 unlinks, 0 errors, 0 redirects (pid: 14)
Oct 5 08:27:58 np0005471146 object-server[210541]: Object update sweep of d1 completed: 0.00s, 0 successes, 0 failures, 0 quarantines, 0 unlinks, 0 errors, 0 redirects
Oct 5 08:27:58 np0005471146 object-server[126687]: Object update sweep completed: 0.08s
Oct 5 08:27:59 np0005471146 container-server[126382]: Begin container update sweep
Oct 5 08:27:59 np0005471146 container-server[126382]: Container update sweep completed: 0.00s
Oct 5 08:28:01 np0005471146 object-server[126411]: Starting object replication pass.
Oct 5 08:28:01 np0005471146 object-server[126411]: Nothing replicated for 0.004454851150512695 seconds.
Oct 5 08:28:01 np0005471146 object-server[126411]: Object replication complete. (0.00 minutes)
Oct 5 08:28:03 np0005471146 object-server[210802]: Begin object audit "forever" mode (ZBF)
Oct 5 08:28:03 np0005471146 object-server[210803]: Begin object audit "forever" mode (ALL)
Oct 5 08:28:03 np0005471146 object-server[210802]: Object audit (ZBF) "forever" mode completed: 0.00s. Total quarantined: 0, Total errors: 0, Total files/sec: 0.00, Total bytes/sec: 0.00, Auditing time: 0.00, Rate: 0.00
Oct 5 08:28:03 np0005471146 object-server[210803]: Object audit (ALL) "forever" mode completed: 0.00s. Total quarantined: 0, Total errors: 0, Total files/sec: 0.00, Total bytes/sec: 0.00, Auditing time: 0.00, Rate: 0.00
Oct 5 08:28:11 np0005471146 container-server[125905]: Beginning replication run
Oct 5 08:28:11 np0005471146 container-server[125905]: Replication run OVER
Oct 5 08:28:11 np0005471146 container-server[125905]: Attempted to replicate 0 dbs in 0.00135 seconds (0.00000/s)
Oct 5 08:28:11 np0005471146 container-server[125905]: Removed 0 dbs
Oct 5 08:28:11 np0005471146 container-server[125905]: 0 successes, 0 failures
Oct 5 08:28:11 np0005471146 container-server[125905]: diff:0 diff_capped:0 empty:0 hashmatch:0 no_change:0 remote_merge:0 rsync:0 ts_repl:0
Oct 5 08:28:15 np0005471146 account-server[125761]: Beginning replication run
Oct 5 08:28:15 np0005471146 account-server[125761]: Replication run OVER
Oct 5 08:28:15 np0005471146 account-server[125761]: Attempted to replicate 0 dbs in 0.00166 seconds (0.00000/s)
Oct 5 08:28:15 np0005471146 account-server[125761]: Removed 0 dbs
Oct 5 08:28:15 np0005471146 account-server[125761]: 0 successes, 0 failures
Oct 5 08:28:15 np0005471146 account-server[125761]: diff:0 diff_capped:0 empty:0 hashmatch:0 no_change:0 remote_merge:0 rsync:0 ts_repl:0
Oct 5 08:28:31 np0005471146 object-server[126411]: Starting object replication pass.
Oct 5 08:28:31 np0005471146 object-server[126411]: Nothing replicated for 0.0041658878326416016 seconds.
Oct 5 08:28:31 np0005471146 object-server[126411]: Object replication complete. (0.00 minutes)
Oct 5 08:28:33 np0005471146 object-server[213711]: Begin object audit "forever" mode (ALL)
Oct 5 08:28:33 np0005471146 object-server[213711]: Object audit (ALL) "forever" mode completed: 0.00s. Total quarantined: 0, Total errors: 0, Total files/sec: 0.00, Total bytes/sec: 0.00, Auditing time: 0.00, Rate: 0.00
Oct 5 08:28:33 np0005471146 object-server[213710]: Begin object audit "forever" mode (ZBF)
Oct 5 08:28:33 np0005471146 object-server[213710]: Object audit (ZBF) "forever" mode completed: 0.00s. Total quarantined: 0, Total errors: 0, Total files/sec: 0.00, Total bytes/sec: 0.00, Auditing time: 0.00, Rate: 0.00
Oct 5 08:28:41 np0005471146 container-server[125905]: Beginning replication run
Oct 5 08:28:41 np0005471146 container-server[125905]: Replication run OVER
Oct 5 08:28:41 np0005471146 container-server[125905]: Attempted to replicate 0 dbs in 0.00140 seconds (0.00000/s)
Oct 5 08:28:41 np0005471146 container-server[125905]: Removed 0 dbs
Oct 5 08:28:41 np0005471146 container-server[125905]: 0 successes, 0 failures
Oct 5 08:28:41 np0005471146 container-server[125905]: diff:0 diff_capped:0 empty:0 hashmatch:0 no_change:0 remote_merge:0 rsync:0 ts_repl:0
Oct 5 08:28:45 np0005471146 account-server[125761]: Beginning replication run
Oct 5 08:28:45 np0005471146 account-server[125761]: Replication run OVER
Oct 5 08:28:45 np0005471146 account-server[125761]: Attempted to replicate 0 dbs in 0.00166 seconds (0.00000/s)
Oct 5 08:28:45 np0005471146 account-server[125761]: Removed 0 dbs
Oct 5 08:28:45 np0005471146 account-server[125761]: 0 successes, 0 failures
Oct 5 08:28:45 np0005471146 account-server[125761]: diff:0 diff_capped:0 empty:0 hashmatch:0 no_change:0 remote_merge:0 rsync:0 ts_repl:0
Oct 5 08:29:02 np0005471146 object-server[126411]: Starting object replication pass.
Oct 5 08:29:02 np0005471146 object-server[126411]: Nothing replicated for 0.003564596176147461 seconds.
Oct 5 08:29:02 np0005471146 object-server[126411]: Object replication complete. (0.00 minutes)
Oct 5 08:29:03 np0005471146 account-server[126121]: 172.20.0.103 - - [05/Oct/2025:08:29:03 +0000] "HEAD /d1/852/AUTH_ffbb1c514d6a4f40a7f8a9f769bc781a" 404 - "HEAD http://172.18.0.178:8080/v1/AUTH_ffbb1c514d6a4f40a7f8a9f769bc781a?format=json" "tx9e752e9b68e240599b592-0068e22c4f" "proxy-server 20" 0.0007 "-" 23 -
Oct 5 08:29:03 np0005471146 proxy-server[128140]: - - 05/Oct/2025/08/29/03 HEAD /v1/AUTH_ffbb1c514d6a4f40a7f8a9f769bc781a%3Fformat%3Djson HTTP/1.0 200 - Swift - - - - tx9e752e9b68e240599b592-0068e22c4f - 0.0216 RL - 1759652943.760683060 1759652943.782323122 -
Oct 5 08:29:03 np0005471146 object-server[216852]: Begin object audit "forever" mode (ZBF)
Oct 5 08:29:03 np0005471146 object-server[216852]: Object audit (ZBF) "forever" mode completed: 0.00s. Total quarantined: 0, Total errors: 0, Total files/sec: 0.00, Total bytes/sec: 0.00, Auditing time: 0.00, Rate: 0.00
Oct 5 08:29:03 np0005471146 object-server[216853]: Begin object audit "forever" mode (ALL)
Oct 5 08:29:03 np0005471146 object-server[216853]: Object audit (ALL) "forever" mode completed: 0.00s. Total quarantined: 0, Total errors: 0, Total files/sec: 0.00, Total bytes/sec: 0.00, Auditing time: 0.00, Rate: 0.00
Oct 5 08:29:04 np0005471146 object-server[126729]: 172.20.0.103 - - [05/Oct/2025:08:29:04 +0000] "GET /d1/989/AUTH_ffbb1c514d6a4f40a7f8a9f769bc781a/gnocchi.ec8ae746-e870-4212-b449-049a01fc2765/none_v3" 404 70 "GET http://172.18.0.178:8080/v1/AUTH_ffbb1c514d6a4f40a7f8a9f769bc781a/gnocchi.ec8ae746-e870-4212-b449-049a01fc2765/none_v3" "tx9e752e9b68e240599b592-0068e22c4f" "proxy-server 20" 0.0014 "-" 23 0
Oct 5 08:29:04 np0005471146 proxy-server[128140]: 172.18.0.178 172.18.0.104 05/Oct/2025/08/29/04 GET /v1/AUTH_ffbb1c514d6a4f40a7f8a9f769bc781a/gnocchi.ec8ae746-e870-4212-b449-049a01fc2765/none_v3 HTTP/1.0 404 - python-swiftclient-3.11.1 gAAAAABo4ixPODjF... - 70 - tx9e752e9b68e240599b592-0068e22c4f - 0.5644 - - 1759652943.755555153 1759652944.319930792 0
Oct 5 08:29:04 np0005471146 account-server[126121]: 172.20.0.104 - - [05/Oct/2025:08:29:04 +0000] "PUT /d1/852/AUTH_ffbb1c514d6a4f40a7f8a9f769bc781a" 201 - "-" "tx5b8bea8182ed4e529ba40-0068e22c50" "-" 0.0151 "-" 23 -
Oct 5 08:29:04 np0005471146 account-server[126061]: 172.20.0.103 - - [05/Oct/2025:08:29:04 +0000] "PUT /d1/852/AUTH_ffbb1c514d6a4f40a7f8a9f769bc781a/gnocchi.ec8ae746-e870-4212-b449-049a01fc2765" 201 - "PUT http://172.20.0.103:6001/d1/395/AUTH_ffbb1c514d6a4f40a7f8a9f769bc781a/gnocchi.ec8ae746-e870-4212-b449-049a01fc2765" "tx5b8bea8182ed4e529ba40-0068e22c50" "container-server 20" 0.0028 "-" 21 0
Oct 5 08:29:04 np0005471146 container-server[126296]: 172.20.0.104 - - [05/Oct/2025:08:29:04 +0000] "PUT /d1/395/AUTH_ffbb1c514d6a4f40a7f8a9f769bc781a/gnocchi.ec8ae746-e870-4212-b449-049a01fc2765" 201 - "PUT http://172.18.0.178:8080/v1/AUTH_ffbb1c514d6a4f40a7f8a9f769bc781a/gnocchi.ec8ae746-e870-4212-b449-049a01fc2765" "tx5b8bea8182ed4e529ba40-0068e22c50" "proxy-server 20" 0.0196 "-" 20 0
Oct 5 08:29:04 np0005471146 object-server[126737]: 172.20.0.103 - - [05/Oct/2025:08:29:04 +0000] "GET /d1/103/AUTH_ffbb1c514d6a4f40a7f8a9f769bc781a/gnocchi.ec8ae746-e870-4212-b449-049a01fc2765/1759320000.0_mean_300.0_v3" 404 70 "GET http://172.18.0.178:8080/v1/AUTH_ffbb1c514d6a4f40a7f8a9f769bc781a/gnocchi.ec8ae746-e870-4212-b449-049a01fc2765/1759320000.0_mean_300.0_v3" "tx54b8c36895984f159577b-0068e22c50" "proxy-server 20" 0.0016 "-" 24 0
Oct 5 08:29:04 np0005471146 proxy-server[128140]: 172.18.0.178 172.18.0.104 05/Oct/2025/08/29/04 GET /v1/AUTH_ffbb1c514d6a4f40a7f8a9f769bc781a/gnocchi.ec8ae746-e870-4212-b449-049a01fc2765/1759320000.0_mean_300.0_v3 HTTP/1.0 404 - python-swiftclient-3.11.1 gAAAAABo4ixPODjF... - 70 - tx54b8c36895984f159577b-0068e22c50 - 0.0219 - - 1759652944.452765942 1759652944.474631310 0
Oct 5 08:29:04 np0005471146 container-server[126328]: 172.20.0.104 - - [05/Oct/2025:08:29:04 +0000] "PUT /d1/395/AUTH_ffbb1c514d6a4f40a7f8a9f769bc781a/gnocchi.ec8ae746-e870-4212-b449-049a01fc2765/1759320000.0_mean_300.0_v3" 201 - "PUT http://172.18.0.178:8080/d1/103/AUTH_ffbb1c514d6a4f40a7f8a9f769bc781a/gnocchi.ec8ae746-e870-4212-b449-049a01fc2765/1759320000.0_mean_300.0_v3" "tx6bcef70f81024b138c51e-0068e22c50" "object-server 25" 0.0018 "-" 23 0
Oct 5 08:29:04 np0005471146 object-server[126737]: 172.20.0.104 - - [05/Oct/2025:08:29:04 +0000] "PUT /d1/103/AUTH_ffbb1c514d6a4f40a7f8a9f769bc781a/gnocchi.ec8ae746-e870-4212-b449-049a01fc2765/1759320000.0_mean_300.0_v3" 201 - "PUT http://172.18.0.178:8080/v1/AUTH_ffbb1c514d6a4f40a7f8a9f769bc781a/gnocchi.ec8ae746-e870-4212-b449-049a01fc2765/1759320000.0_mean_300.0_v3" "tx6bcef70f81024b138c51e-0068e22c50" "proxy-server 20" 0.0399 "-" 24 0
Oct 5 08:29:04 np0005471146 object-server[126729]: 172.20.0.105 - - [05/Oct/2025:08:29:04 +0000] "PUT /d1/989/AUTH_ffbb1c514d6a4f40a7f8a9f769bc781a/gnocchi.ec8ae746-e870-4212-b449-049a01fc2765/none_v3" 201 - "PUT http://172.18.0.178:8080/v1/AUTH_ffbb1c514d6a4f40a7f8a9f769bc781a/gnocchi.ec8ae746-e870-4212-b449-049a01fc2765/none_v3" "tx259fecb56f8b4ec89af2d-0068e22c50" "proxy-server 20" 0.0334 "-" 23 0
Oct 5 08:29:04 np0005471146 container-server[126325]: 172.20.0.105 - - [05/Oct/2025:08:29:04 +0000] "PUT /d1/395/AUTH_ffbb1c514d6a4f40a7f8a9f769bc781a/gnocchi.ec8ae746-e870-4212-b449-049a01fc2765/none_v3" 201 - "PUT http://172.18.0.178:8080/d1/989/AUTH_ffbb1c514d6a4f40a7f8a9f769bc781a/gnocchi.ec8ae746-e870-4212-b449-049a01fc2765/none_v3" "tx259fecb56f8b4ec89af2d-0068e22c50" "object-server 22" 0.0016 "-" 22 0
Oct 5 08:29:11 np0005471146 container-server[125905]: Beginning replication run
Oct 5 08:29:11 np0005471146 container-server[125905]: Replication run OVER
Oct 5 08:29:11 np0005471146 container-server[125905]: Attempted to replicate 1 dbs in 0.09912 seconds (10.08876/s)
Oct 5 08:29:11 np0005471146 container-server[125905]: Removed 0 dbs
Oct 5 08:29:11 np0005471146 container-server[125905]: 2 successes, 0 failures
Oct 5 08:29:11 np0005471146 container-server[125905]: diff:0 diff_capped:0 empty:0 hashmatch:0 no_change:2 remote_merge:0 rsync:0 ts_repl:0
Oct 5 08:29:15 np0005471146 account-server[125761]: Beginning replication run
Oct 5 08:29:15 np0005471146 account-server[125761]: Replication run OVER
Oct 5 08:29:15 np0005471146 account-server[125761]: Attempted to replicate 1 dbs in 0.03765 seconds (26.55893/s)
Oct 5 08:29:15 np0005471146 account-server[125761]: Removed 0 dbs
Oct 5 08:29:15 np0005471146 account-server[125761]: 2 successes, 0 failures
Oct 5 08:29:15 np0005471146 account-server[125761]: diff:0 diff_capped:0 empty:0 hashmatch:0 no_change:2 remote_merge:0 rsync:0 ts_repl:0
Oct 5 08:29:32 np0005471146 object-server[126411]: Starting object replication pass.
Oct 5 08:29:32 np0005471146 object-server[126411]: 2/2 (100.00%) partitions replicated in 0.04s (49.88/sec, 0s remaining)
Oct 5 08:29:32 np0005471146 object-server[126411]: 4 successes, 0 failures
Oct 5 08:29:32 np0005471146 object-server[126411]: 2 suffixes checked - 0.00% hashed, 0.00% synced
Oct 5 08:29:32 np0005471146 object-server[126411]: Partition times: max 0.0270s, min 0.0089s, med 0.0270s
Oct 5 08:29:32 np0005471146 object-server[126411]: Object replication complete. (0.00 minutes)
Oct 5 08:29:33 np0005471146 object-server[219886]: Begin object audit "forever" mode (ZBF)
Oct 5 08:29:33 np0005471146 object-server[219887]: Begin object audit "forever" mode (ALL)
Oct 5 08:29:33 np0005471146 object-server[219886]: Object audit (ZBF). Since Sun Oct 5 08:29:33 2025: Locally: 1 passed, 0 quarantined, 0 errors, files/sec: 650.78, bytes/sec: 0.00, Total time: 0.00, Auditing time: 0.00, Rate: 0.00
Oct 5 08:29:33 np0005471146 object-server[219886]: Object audit (ZBF) "forever" mode completed: 0.00s. Total quarantined: 0, Total errors: 0, Total files/sec: 499.65, Total bytes/sec: 0.00, Auditing time: 0.00, Rate: 0.30
Oct 5 08:29:33 np0005471146 object-server[219887]: Object audit (ALL). Since Sun Oct 5 08:29:33 2025: Locally: 1 passed, 0 quarantined, 0 errors, files/sec: 115.31, bytes/sec: 1844.97, Total time: 0.01, Auditing time: 0.00, Rate: 0.00
Oct 5 08:29:33 np0005471146 object-server[219887]: Object audit (ALL) "forever" mode completed: 0.01s. Total quarantined: 0, Total errors: 0, Total files/sec: 162.00, Total bytes/sec: 3077.91, Auditing time: 0.01, Rate: 0.73
Oct 5 08:29:34 np0005471146 object-server[126740]: 172.20.0.103 - - [05/Oct/2025:08:29:34 +0000] "GET /d1/989/AUTH_ffbb1c514d6a4f40a7f8a9f769bc781a/gnocchi.ec8ae746-e870-4212-b449-049a01fc2765/none_v3" 200 22 "GET http://172.18.0.178:8080/v1/AUTH_ffbb1c514d6a4f40a7f8a9f769bc781a/gnocchi.ec8ae746-e870-4212-b449-049a01fc2765/none_v3" "tx4325aee4f9bc4406b53b2-0068e22c6e" "proxy-server 20" 0.0018 "-" 25 0
Oct 5 08:29:34 np0005471146 proxy-server[128140]: 172.18.0.105 172.18.0.104 05/Oct/2025/08/29/34 GET /v1/AUTH_ffbb1c514d6a4f40a7f8a9f769bc781a/gnocchi.ec8ae746-e870-4212-b449-049a01fc2765/none_v3 HTTP/1.0 200 - python-swiftclient-3.11.1 gAAAAABo4ixtepNT... - 22 - tx4325aee4f9bc4406b53b2-0068e22c6e - 0.1116 - - 1759652974.001851559 1759652974.113437414 0
Oct 5 08:29:34 np0005471146 proxy-server[128140]: 172.18.0.105 172.18.0.104 05/Oct/2025/08/29/34 GET /v1/AUTH_ffbb1c514d6a4f40a7f8a9f769bc781a/gnocchi.ec8ae746-e870-4212-b449-049a01fc2765/1759320000.0_mean_300.0_v3 HTTP/1.0 200 - python-swiftclient-3.11.1 gAAAAABo4ixtepNT... - 16 - tx0e06d19fde244afbbbc4d-0068e22c6e - 0.0119 - - 1759652974.170544863 1759652974.182413578 0
Oct 5 08:29:34 np0005471146 object-server[126737]: 172.20.0.104 - - [05/Oct/2025:08:29:34 +0000] "PUT /d1/103/AUTH_ffbb1c514d6a4f40a7f8a9f769bc781a/gnocchi.ec8ae746-e870-4212-b449-049a01fc2765/1759320000.0_mean_300.0_v3" 201 - "PUT http://172.18.0.178:8080/v1/AUTH_ffbb1c514d6a4f40a7f8a9f769bc781a/gnocchi.ec8ae746-e870-4212-b449-049a01fc2765/1759320000.0_mean_300.0_v3" "txb019ddf5161641b7947ff-0068e22c6e" "proxy-server 20" 0.0240 "-" 24 0
Oct 5 08:29:34 np0005471146 container-server[126296]: 172.20.0.104 - - [05/Oct/2025:08:29:34 +0000] "PUT /d1/395/AUTH_ffbb1c514d6a4f40a7f8a9f769bc781a/gnocchi.ec8ae746-e870-4212-b449-049a01fc2765/1759320000.0_mean_300.0_v3" 201 - "PUT http://172.18.0.178:8080/d1/103/AUTH_ffbb1c514d6a4f40a7f8a9f769bc781a/gnocchi.ec8ae746-e870-4212-b449-049a01fc2765/1759320000.0_mean_300.0_v3" "txb019ddf5161641b7947ff-0068e22c6e" "object-server 24" 0.0012 "-" 20 0
Oct 5 08:29:34 np0005471146 container-server[126319]: 172.20.0.104 - - [05/Oct/2025:08:29:34 +0000] "PUT /d1/395/AUTH_ffbb1c514d6a4f40a7f8a9f769bc781a/gnocchi.ec8ae746-e870-4212-b449-049a01fc2765/none_v3" 201 - "PUT http://172.18.0.178:8080/d1/989/AUTH_ffbb1c514d6a4f40a7f8a9f769bc781a/gnocchi.ec8ae746-e870-4212-b449-049a01fc2765/none_v3" "txa31ed68a6442414295a04-0068e22c6e" "object-server 25" 0.0017 "-" 21 0
Oct 5 08:29:34 np0005471146 object-server[126737]: 172.20.0.105 - - [05/Oct/2025:08:29:34 +0000] "PUT /d1/989/AUTH_ffbb1c514d6a4f40a7f8a9f769bc781a/gnocchi.ec8ae746-e870-4212-b449-049a01fc2765/none_v3" 201 - "PUT http://172.18.0.178:8080/v1/AUTH_ffbb1c514d6a4f40a7f8a9f769bc781a/gnocchi.ec8ae746-e870-4212-b449-049a01fc2765/none_v3" "txa31ed68a6442414295a04-0068e22c6e" "proxy-server 20" 0.0210 "-" 24 0
Oct 5 08:29:41 np0005471146 container-server[125905]: Beginning replication run
Oct 5 08:29:41 np0005471146 container-server[125905]: Replication run OVER
Oct 5 08:29:41 np0005471146 container-server[125905]: Attempted to replicate 1 dbs in 0.03522 seconds (28.39180/s)
Oct 5 08:29:41 np0005471146 container-server[125905]: Removed 0 dbs
Oct 5 08:29:41 np0005471146 container-server[125905]: 2 successes, 0 failures
Oct 5 08:29:41 np0005471146 container-server[125905]: diff:0 diff_capped:0 empty:0 hashmatch:0 no_change:2 remote_merge:0 rsync:0 ts_repl:0
Oct 5 08:29:45 np0005471146 account-server[125761]: Beginning replication run
Oct 5 08:29:45 np0005471146 account-server[125761]: Replication run OVER
Oct 5 08:29:45 np0005471146 account-server[125761]: Attempted to replicate 1 dbs in 0.01733 seconds (57.69140/s)
Oct 5 08:29:45 np0005471146 account-server[125761]: Removed 0 dbs
Oct 5 08:29:45 np0005471146 account-server[125761]: 2 successes, 0 failures
Oct 5 08:29:45 np0005471146 account-server[125761]: diff:0 diff_capped:0 empty:0 hashmatch:0 no_change:2 remote_merge:0 rsync:0 ts_repl:0
Oct 5 08:30:02 np0005471146 object-server[126411]: Starting object replication pass.
Oct 5 08:30:02 np0005471146 object-server[126411]: 2/2 (100.00%) partitions replicated in 0.03s (66.76/sec, 0s remaining)
Oct 5 08:30:02 np0005471146 object-server[126411]: 4 successes, 0 failures
Oct 5 08:30:02 np0005471146 object-server[126411]: 2 suffixes checked - 0.00% hashed, 0.00% synced
Oct 5 08:30:02 np0005471146 object-server[126411]: Partition times: max 0.0143s, min 0.0109s, med 0.0143s
Oct 5 08:30:02 np0005471146 object-server[126411]: Object replication complete. (0.00 minutes)
Oct 5 08:30:04 np0005471146 object-server[219889]: Begin object audit "forever" mode (ZBF)
Oct 5 08:30:04 np0005471146 object-server[219889]: Object audit (ZBF). Since Sun Oct 5 08:30:04 2025: Locally: 1 passed, 0 quarantined, 0 errors, files/sec: 792.28, bytes/sec: 0.00, Total time: 0.00, Auditing time: 0.00, Rate: 0.00
Oct 5 08:30:04 np0005471146 object-server[219889]: Object audit (ZBF) "forever" mode completed: 0.00s. Total quarantined: 0, Total errors: 0, Total files/sec: 587.97, Total bytes/sec: 0.00, Auditing time: 0.00, Rate: 0.24
Oct 5 08:30:07 np0005471146 proxy-server[128140]: - - 05/Oct/2025/08/30/07 HEAD /v1/AUTH_ffbb1c514d6a4f40a7f8a9f769bc781a%3Fformat%3Djson HTTP/1.0 204 - Swift - - - - tx0b078e3cc6af4ace937b9-0068e22c8f - 0.0096 RL - 1759653007.273812532 1759653007.283363819 -
Oct 5 08:30:07 np0005471146 container-server[126319]: 172.20.0.103 - - [05/Oct/2025:08:30:07 +0000] "HEAD /d1/14/AUTH_ffbb1c514d6a4f40a7f8a9f769bc781a/gnocchi.9749cebc-76ac-4f62-8e0c-8f08d99893f2" 404 - "HEAD http://172.18.0.178:8080/v1/AUTH_ffbb1c514d6a4f40a7f8a9f769bc781a/gnocchi.9749cebc-76ac-4f62-8e0c-8f08d99893f2?format=json&states=listing" "tx0b078e3cc6af4ace937b9-0068e22c8f" "proxy-server 20" 0.0008 "-" 21 0
Oct 5 08:30:07 np0005471146 container-server[126328]: 172.20.0.104 - - [05/Oct/2025:08:30:07 +0000] "HEAD /d1/944/AUTH_ffbb1c514d6a4f40a7f8a9f769bc781a/gnocchi.dc714135-6941-4d66-9b10-c41e5af38b8b" 404 - "HEAD http://172.18.0.178:8080/v1/AUTH_ffbb1c514d6a4f40a7f8a9f769bc781a/gnocchi.dc714135-6941-4d66-9b10-c41e5af38b8b?format=json&states=listing" "txac7f2f3e8a4f42caa41ed-0068e22c8f" "proxy-server 20" 0.0006 "-" 23 0
Oct 5 08:30:07 np0005471146 object-server[126740]: 172.20.0.103 - - [05/Oct/2025:08:30:07 +0000] "GET /d1/22/AUTH_ffbb1c514d6a4f40a7f8a9f769bc781a/gnocchi.9749cebc-76ac-4f62-8e0c-8f08d99893f2/none_v3" 404 70 "GET http://172.18.0.178:8080/v1/AUTH_ffbb1c514d6a4f40a7f8a9f769bc781a/gnocchi.9749cebc-76ac-4f62-8e0c-8f08d99893f2/none_v3" "tx0b078e3cc6af4ace937b9-0068e22c8f" "proxy-server 20" 0.0009 "-" 25 0
Oct 5 08:30:07 np0005471146 object-server[126725]: 172.20.0.104 - - [05/Oct/2025:08:30:07 +0000] "GET /d1/336/AUTH_ffbb1c514d6a4f40a7f8a9f769bc781a/gnocchi.dc714135-6941-4d66-9b10-c41e5af38b8b/none_v3" 404 70 "GET http://172.18.0.178:8080/v1/AUTH_ffbb1c514d6a4f40a7f8a9f769bc781a/gnocchi.dc714135-6941-4d66-9b10-c41e5af38b8b/none_v3" "txac7f2f3e8a4f42caa41ed-0068e22c8f" "proxy-server 20" 0.0004 "-" 22 0
Oct 5 08:30:07 np0005471146 proxy-server[128140]: 172.18.0.178 172.18.0.104 05/Oct/2025/08/30/07 GET /v1/AUTH_ffbb1c514d6a4f40a7f8a9f769bc781a/gnocchi.9749cebc-76ac-4f62-8e0c-8f08d99893f2/none_v3 HTTP/1.0 404 - python-swiftclient-3.11.1 gAAAAABo4ixPODjF... - 70 - tx0b078e3cc6af4ace937b9-0068e22c8f - 0.0373 - - 1759653007.272359133 1759653007.309668064 0
Oct 5 08:30:07 np0005471146 account-server[126121]: 172.20.0.105 - - [05/Oct/2025:08:30:07 +0000] "PUT /d1/852/AUTH_ffbb1c514d6a4f40a7f8a9f769bc781a/gnocchi.9749cebc-76ac-4f62-8e0c-8f08d99893f2" 201 - "PUT http://172.20.0.105:6001/d1/14/AUTH_ffbb1c514d6a4f40a7f8a9f769bc781a/gnocchi.9749cebc-76ac-4f62-8e0c-8f08d99893f2" "txb6db7437af82426d93970-0068e22c8f" "container-server 17" 0.0016 "-" 23 0
Oct 5 08:30:07 np0005471146 container-server[126328]: 172.20.0.105 - - [05/Oct/2025:08:30:07 +0000] "PUT /d1/14/AUTH_ffbb1c514d6a4f40a7f8a9f769bc781a/gnocchi.9749cebc-76ac-4f62-8e0c-8f08d99893f2" 201 - "PUT http://172.18.0.178:8080/v1/AUTH_ffbb1c514d6a4f40a7f8a9f769bc781a/gnocchi.9749cebc-76ac-4f62-8e0c-8f08d99893f2" "txb6db7437af82426d93970-0068e22c8f" "proxy-server 20" 0.0135 "-" 23 0
Oct 5 08:30:07 np0005471146 container-server[126296]: 172.20.0.103 - - [05/Oct/2025:08:30:07 +0000] "PUT /d1/944/AUTH_ffbb1c514d6a4f40a7f8a9f769bc781a/gnocchi.dc714135-6941-4d66-9b10-c41e5af38b8b" 201 - "PUT http://172.18.0.178:8080/v1/AUTH_ffbb1c514d6a4f40a7f8a9f769bc781a/gnocchi.dc714135-6941-4d66-9b10-c41e5af38b8b" "tx5f908451ed8a4faca972d-0068e22c8f" "proxy-server 20" 0.0172 "-" 20 0
Oct 5 08:30:07 np0005471146 account-server[126061]: 172.20.0.104 - - [05/Oct/2025:08:30:07 +0000] "PUT /d1/852/AUTH_ffbb1c514d6a4f40a7f8a9f769bc781a/gnocchi.dc714135-6941-4d66-9b10-c41e5af38b8b" 201 - "PUT http://172.20.0.104:6001/d1/944/AUTH_ffbb1c514d6a4f40a7f8a9f769bc781a/gnocchi.dc714135-6941-4d66-9b10-c41e5af38b8b" "tx5f908451ed8a4faca972d-0068e22c8f" "container-server 23" 0.0069 "-" 21 0
Oct 5 08:30:07 np0005471146 proxy-server[128140]: 172.18.0.105 172.18.0.104 05/Oct/2025/08/30/07 PUT /v1/AUTH_ffbb1c514d6a4f40a7f8a9f769bc781a/gnocchi.dc714135-6941-4d66-9b10-c41e5af38b8b HTTP/1.0 201 - python-swiftclient-3.11.1 gAAAAABo4ixtepNT... - - - tx5f908451ed8a4faca972d-0068e22c8f - 0.0258 - - 1759653007.320755005 1759653007.346604347 0
Oct 5 08:30:07 np0005471146 object-server[126725]: 172.20.0.104 - - [05/Oct/2025:08:30:07 +0000] "GET /d1/939/AUTH_ffbb1c514d6a4f40a7f8a9f769bc781a/gnocchi.dc714135-6941-4d66-9b10-c41e5af38b8b/1759320000.0_mean_300.0_v3" 404 70 "GET http://172.18.0.178:8080/v1/AUTH_ffbb1c514d6a4f40a7f8a9f769bc781a/gnocchi.dc714135-6941-4d66-9b10-c41e5af38b8b/1759320000.0_mean_300.0_v3" "txc02cbf139fbc4cf8a135d-0068e22c8f" "proxy-server 20" 0.0003 "-" 22 0
Oct 5 08:30:07 np0005471146 object-server[126729]: 172.20.0.103 - - [05/Oct/2025:08:30:07 +0000] "GET /d1/564/AUTH_ffbb1c514d6a4f40a7f8a9f769bc781a/gnocchi.9749cebc-76ac-4f62-8e0c-8f08d99893f2/1759320000.0_mean_300.0_v3" 404 70 "GET http://172.18.0.178:8080/v1/AUTH_ffbb1c514d6a4f40a7f8a9f769bc781a/gnocchi.9749cebc-76ac-4f62-8e0c-8f08d99893f2/1759320000.0_mean_300.0_v3" "txa7945b2f8d0745919a405-0068e22c8f" "proxy-server 20" 0.0005 "-" 23 0
Oct 5 08:30:07 np0005471146 proxy-server[128140]: 172.18.0.178 172.18.0.104 05/Oct/2025/08/30/07 GET /v1/AUTH_ffbb1c514d6a4f40a7f8a9f769bc781a/gnocchi.9749cebc-76ac-4f62-8e0c-8f08d99893f2/1759320000.0_mean_300.0_v3 HTTP/1.0 404 - python-swiftclient-3.11.1 gAAAAABo4ixPODjF... - 70 - txa7945b2f8d0745919a405-0068e22c8f - 0.0124 - - 1759653007.365382910 1759653007.377741814 0
Oct 5 08:30:07 np0005471146 container-server[126296]: 172.20.0.103 - - [05/Oct/2025:08:30:07 +0000] "PUT /d1/14/AUTH_ffbb1c514d6a4f40a7f8a9f769bc781a/gnocchi.9749cebc-76ac-4f62-8e0c-8f08d99893f2/1759320000.0_mean_300.0_v3" 201 - "PUT http://172.18.0.178:8080/d1/564/AUTH_ffbb1c514d6a4f40a7f8a9f769bc781a/gnocchi.9749cebc-76ac-4f62-8e0c-8f08d99893f2/1759320000.0_mean_300.0_v3" "txac2d5e63d90f46e5bb1c6-0068e22c8f" "object-server 24" 0.0007 "-" 20 0
Oct 5 08:30:07 np0005471146 object-server[126737]: 172.20.0.105 - - [05/Oct/2025:08:30:07 +0000] "PUT /d1/564/AUTH_ffbb1c514d6a4f40a7f8a9f769bc781a/gnocchi.9749cebc-76ac-4f62-8e0c-8f08d99893f2/1759320000.0_mean_300.0_v3" 201 - "PUT http://172.18.0.178:8080/v1/AUTH_ffbb1c514d6a4f40a7f8a9f769bc781a/gnocchi.9749cebc-76ac-4f62-8e0c-8f08d99893f2/1759320000.0_mean_300.0_v3" "txac2d5e63d90f46e5bb1c6-0068e22c8f" "proxy-server 20" 0.0164 "-" 24 0
Oct 5 08:30:07 np0005471146 container-server[126328]: 172.20.0.104 - - [05/Oct/2025:08:30:07 +0000] "PUT /d1/944/AUTH_ffbb1c514d6a4f40a7f8a9f769bc781a/gnocchi.dc714135-6941-4d66-9b10-c41e5af38b8b/1759320000.0_mean_300.0_v3" 201 - "PUT http://172.18.0.178:8080/d1/939/AUTH_ffbb1c514d6a4f40a7f8a9f769bc781a/gnocchi.dc714135-6941-4d66-9b10-c41e5af38b8b/1759320000.0_mean_300.0_v3" "txea1e39526f854d7486e6a-0068e22c8f" "object-server 24" 0.0006 "-" 23 0
Oct 5 08:30:07 np0005471146 object-server[126725]: 172.20.0.103 - - [05/Oct/2025:08:30:07 +0000] "PUT /d1/939/AUTH_ffbb1c514d6a4f40a7f8a9f769bc781a/gnocchi.dc714135-6941-4d66-9b10-c41e5af38b8b/1759320000.0_mean_300.0_v3" 201 - "PUT http://172.18.0.178:8080/v1/AUTH_ffbb1c514d6a4f40a7f8a9f769bc781a/gnocchi.dc714135-6941-4d66-9b10-c41e5af38b8b/1759320000.0_mean_300.0_v3" "txea1e39526f854d7486e6a-0068e22c8f" "proxy-server 20" 0.0238 "-" 22 0
Oct 5 08:30:07 np0005471146 proxy-server[128140]: 172.18.0.105 172.18.0.104 05/Oct/2025/08/30/07 PUT /v1/AUTH_ffbb1c514d6a4f40a7f8a9f769bc781a/gnocchi.dc714135-6941-4d66-9b10-c41e5af38b8b/1759320000.0_mean_300.0_v3 HTTP/1.0 201 - python-swiftclient-3.11.1 gAAAAABo4ixtepNT... 16 - - txea1e39526f854d7486e6a-0068e22c8f - 0.0352 - - 1759653007.386360168 1759653007.421521664 0
Oct 5 08:30:07 np0005471146 container-server[126319]: 172.20.0.105 - - [05/Oct/2025:08:30:07 +0000] "PUT /d1/944/AUTH_ffbb1c514d6a4f40a7f8a9f769bc781a/gnocchi.dc714135-6941-4d66-9b10-c41e5af38b8b/none_v3" 201 - "PUT http://172.18.0.178:8080/d1/336/AUTH_ffbb1c514d6a4f40a7f8a9f769bc781a/gnocchi.dc714135-6941-4d66-9b10-c41e5af38b8b/none_v3" "txd710892e80234e9c9cb0f-0068e22c8f" "object-server 23" 0.0008 "-" 21 0
Oct 5 08:30:07 np0005471146 container-server[126296]: 172.20.0.103 - - [05/Oct/2025:08:30:07 +0000] "PUT /d1/14/AUTH_ffbb1c514d6a4f40a7f8a9f769bc781a/gnocchi.9749cebc-76ac-4f62-8e0c-8f08d99893f2/none_v3" 201 - "PUT http://172.18.0.178:8080/d1/22/AUTH_ffbb1c514d6a4f40a7f8a9f769bc781a/gnocchi.9749cebc-76ac-4f62-8e0c-8f08d99893f2/none_v3" "txc7d8db58db544d38bf42d-0068e22c8f" "object-server 24" 0.0006 "-" 20 0
Oct 5 08:30:07 np0005471146 object-server[126740]: 172.20.0.105 - - [05/Oct/2025:08:30:07 +0000] "PUT /d1/336/AUTH_ffbb1c514d6a4f40a7f8a9f769bc781a/gnocchi.dc714135-6941-4d66-9b10-c41e5af38b8b/none_v3" 201 - "PUT http://172.18.0.178:8080/v1/AUTH_ffbb1c514d6a4f40a7f8a9f769bc781a/gnocchi.dc714135-6941-4d66-9b10-c41e5af38b8b/none_v3" "txd710892e80234e9c9cb0f-0068e22c8f" "proxy-server 20" 0.0278 "-" 25 0
Oct 5 08:30:07 np0005471146 object-server[126737]: 172.20.0.104 - - [05/Oct/2025:08:30:07 +0000] "PUT /d1/22/AUTH_ffbb1c514d6a4f40a7f8a9f769bc781a/gnocchi.9749cebc-76ac-4f62-8e0c-8f08d99893f2/none_v3" 201 - "PUT http://172.18.0.178:8080/v1/AUTH_ffbb1c514d6a4f40a7f8a9f769bc781a/gnocchi.9749cebc-76ac-4f62-8e0c-8f08d99893f2/none_v3" "txc7d8db58db544d38bf42d-0068e22c8f" "proxy-server 20" 0.0440 "-" 24 0
Oct 5 08:30:11 np0005471146 container-server[125905]: Beginning replication run
Oct 5 08:30:11 np0005471146 container-server[125905]: Replication run OVER
Oct 5 08:30:11 np0005471146 container-server[125905]: Attempted to replicate 3 dbs in 0.16741 seconds (17.92041/s)
Oct 5 08:30:11 np0005471146 container-server[125905]: Removed 0 dbs
Oct 5 08:30:11 np0005471146 container-server[125905]: 6 successes, 0 failures
Oct 5 08:30:11 np0005471146 container-server[125905]: diff:0 diff_capped:0 empty:0 hashmatch:0 no_change:6 remote_merge:0 rsync:0 ts_repl:0
Oct 5 08:30:15 np0005471146 account-server[125761]: Beginning replication run
Oct 5 08:30:15 np0005471146 account-server[125761]: Replication run OVER
Oct 5 08:30:15 np0005471146 account-server[125761]: Attempted to replicate 1 dbs in 0.03367 seconds (29.70020/s)
Oct 5 08:30:15 np0005471146 account-server[125761]: Removed 0 dbs
Oct 5 08:30:15 np0005471146 account-server[125761]: 2 successes, 0 failures
Oct 5 08:30:15 np0005471146 account-server[125761]: diff:0 diff_capped:0 empty:0 hashmatch:0 no_change:2 remote_merge:0 rsync:0 ts_repl:0
Oct 5 08:30:16 np0005471146 container-server[126328]: 172.20.0.103 - - [05/Oct/2025:08:30:16 +0000] "HEAD /d1/1014/AUTH_ffbb1c514d6a4f40a7f8a9f769bc781a/gnocchi.d7bf58e5-8403-494e-8e17-f805dbdcc75e" 404 - "HEAD http://172.18.0.178:8080/v1/AUTH_ffbb1c514d6a4f40a7f8a9f769bc781a/gnocchi.d7bf58e5-8403-494e-8e17-f805dbdcc75e?format=json&states=listing" "tx02c66855b18b425c86dab-0068e22c98" "proxy-server 20" 0.0010 "-" 23 0
Oct 5 08:30:16 np0005471146 container-server[126296]: 172.20.0.105 - - [05/Oct/2025:08:30:16 +0000] "HEAD /d1/617/AUTH_ffbb1c514d6a4f40a7f8a9f769bc781a/gnocchi.a83cb81b-2f4e-4dac-9d1d-aae43909f5cf" 404 - "HEAD http://172.18.0.178:8080/v1/AUTH_ffbb1c514d6a4f40a7f8a9f769bc781a/gnocchi.a83cb81b-2f4e-4dac-9d1d-aae43909f5cf?format=json&states=listing" "tx6581da9df0254d559bbe1-0068e22c98" "proxy-server 20" 0.0010 "-" 20 0
Oct 5 08:30:16 np0005471146 object-server[126725]: 172.20.0.103 - - [05/Oct/2025:08:30:16 +0000] "GET /d1/562/AUTH_ffbb1c514d6a4f40a7f8a9f769bc781a/gnocchi.d7bf58e5-8403-494e-8e17-f805dbdcc75e/none_v3" 404 70 "GET http://172.18.0.178:8080/v1/AUTH_ffbb1c514d6a4f40a7f8a9f769bc781a/gnocchi.d7bf58e5-8403-494e-8e17-f805dbdcc75e/none_v3" "tx02c66855b18b425c86dab-0068e22c98" "proxy-server 20" 0.0008 "-" 22 0
Oct 5 08:30:16 np0005471146 object-server[126725]: 172.20.0.105 - - [05/Oct/2025:08:30:16 +0000] "GET /d1/506/AUTH_ffbb1c514d6a4f40a7f8a9f769bc781a/gnocchi.a83cb81b-2f4e-4dac-9d1d-aae43909f5cf/none_v3" 404 70 "GET http://172.18.0.178:8080/v1/AUTH_ffbb1c514d6a4f40a7f8a9f769bc781a/gnocchi.a83cb81b-2f4e-4dac-9d1d-aae43909f5cf/none_v3" "tx6581da9df0254d559bbe1-0068e22c98" "proxy-server 20" 0.0003 "-" 22 0
Oct 5 08:30:16 np0005471146 proxy-server[128140]: 172.18.0.105 172.18.0.104 05/Oct/2025/08/30/16 GET /v1/AUTH_ffbb1c514d6a4f40a7f8a9f769bc781a/gnocchi.d7bf58e5-8403-494e-8e17-f805dbdcc75e/none_v3 HTTP/1.0 404 - python-swiftclient-3.11.1 gAAAAABo4ixtepNT... - 70 - tx02c66855b18b425c86dab-0068e22c98 - 0.0347 - - 1759653016.168084621 1759653016.202793837 0
Oct 5 08:30:16 np0005471146 container-server[126328]: 172.20.0.104 - - [05/Oct/2025:08:30:16 +0000] "PUT /d1/1014/AUTH_ffbb1c514d6a4f40a7f8a9f769bc781a/gnocchi.d7bf58e5-8403-494e-8e17-f805dbdcc75e" 201 - "PUT http://172.18.0.178:8080/v1/AUTH_ffbb1c514d6a4f40a7f8a9f769bc781a/gnocchi.d7bf58e5-8403-494e-8e17-f805dbdcc75e" "tx21f9ba655cac4a85bdbb1-0068e22c98" "proxy-server 20" 0.0192 "-" 23 0
Oct 5 08:30:16 np0005471146 account-server[126094]: 172.20.0.105 - - [05/Oct/2025:08:30:16 +0000] "PUT /d1/852/AUTH_ffbb1c514d6a4f40a7f8a9f769bc781a/gnocchi.d7bf58e5-8403-494e-8e17-f805dbdcc75e" 201 - "PUT http://172.20.0.105:6001/d1/1014/AUTH_ffbb1c514d6a4f40a7f8a9f769bc781a/gnocchi.d7bf58e5-8403-494e-8e17-f805dbdcc75e" "tx21f9ba655cac4a85bdbb1-0068e22c98" "container-server 14" 0.0024 "-" 22 0
Oct 5 08:30:16 np0005471146 container-server[126319]: 172.20.0.103 - - [05/Oct/2025:08:30:16 +0000] "PUT /d1/617/AUTH_ffbb1c514d6a4f40a7f8a9f769bc781a/gnocchi.a83cb81b-2f4e-4dac-9d1d-aae43909f5cf" 201 - "PUT http://172.18.0.178:8080/v1/AUTH_ffbb1c514d6a4f40a7f8a9f769bc781a/gnocchi.a83cb81b-2f4e-4dac-9d1d-aae43909f5cf" "tx46e57d032af6416190126-0068e22c98" "proxy-server 20" 0.0252 "-" 21 0
Oct 5 08:30:16 np0005471146 account-server[126094]: 172.20.0.105 - - [05/Oct/2025:08:30:16 +0000] "PUT /d1/852/AUTH_ffbb1c514d6a4f40a7f8a9f769bc781a/gnocchi.a83cb81b-2f4e-4dac-9d1d-aae43909f5cf" 201 - "PUT http://172.20.0.105:6001/d1/617/AUTH_ffbb1c514d6a4f40a7f8a9f769bc781a/gnocchi.a83cb81b-2f4e-4dac-9d1d-aae43909f5cf" "tx46e57d032af6416190126-0068e22c98" "container-server 14" 0.0061 "-" 22 0
Oct 5 08:30:16 np0005471146 proxy-server[128140]: 172.18.0.178 172.18.0.104 05/Oct/2025/08/30/16 PUT /v1/AUTH_ffbb1c514d6a4f40a7f8a9f769bc781a/gnocchi.a83cb81b-2f4e-4dac-9d1d-aae43909f5cf HTTP/1.0 201 - python-swiftclient-3.11.1 gAAAAABo4ixPODjF... - - - tx46e57d032af6416190126-0068e22c98 - 0.0396 - - 1759653016.209947109 1759653016.249544621 0
Oct 5 08:30:16 np0005471146 container-server[126325]: 172.20.0.105 - - [05/Oct/2025:08:30:16 +0000] "HEAD /d1/1014/AUTH_ffbb1c514d6a4f40a7f8a9f769bc781a/gnocchi.d7bf58e5-8403-494e-8e17-f805dbdcc75e" 204 - "HEAD http://172.18.0.178:8080/v1/AUTH_ffbb1c514d6a4f40a7f8a9f769bc781a/gnocchi.d7bf58e5-8403-494e-8e17-f805dbdcc75e?format=json&states=listing" "txf6fe780c2cb749f2b7a3a-0068e22c98" "proxy-server 20" 0.0019 "-" 22 0
Oct 5 08:30:16 np0005471146 container-server[126319]: 172.20.0.104 - - [05/Oct/2025:08:30:16 +0000] "HEAD /d1/617/AUTH_ffbb1c514d6a4f40a7f8a9f769bc781a/gnocchi.a83cb81b-2f4e-4dac-9d1d-aae43909f5cf" 204 - "HEAD http://172.18.0.178:8080/v1/AUTH_ffbb1c514d6a4f40a7f8a9f769bc781a/gnocchi.a83cb81b-2f4e-4dac-9d1d-aae43909f5cf?format=json&states=listing" "tx74563fbd1f1c45589337e-0068e22c98" "proxy-server 20" 0.0024 "-" 21 0
Oct 5 08:30:16 np0005471146 container-server[126325]: 172.20.0.105 - - [05/Oct/2025:08:30:16 +0000] "GET /d1/1014/AUTH_ffbb1c514d6a4f40a7f8a9f769bc781a/gnocchi.d7bf58e5-8403-494e-8e17-f805dbdcc75e" 200 2 "GET http://172.18.0.178:8080/v1/AUTH_ffbb1c514d6a4f40a7f8a9f769bc781a/gnocchi.d7bf58e5-8403-494e-8e17-f805dbdcc75e?format=json&states=listing" "txf6fe780c2cb749f2b7a3a-0068e22c98" "proxy-server 20" 0.0021 "-" 22 0
Oct 5 08:30:16 np0005471146 object-server[126725]: 172.20.0.103 - - [05/Oct/2025:08:30:16 +0000] "GET /d1/955/AUTH_ffbb1c514d6a4f40a7f8a9f769bc781a/gnocchi.d7bf58e5-8403-494e-8e17-f805dbdcc75e/1759320000.0_mean_300.0_v3" 404 70 "GET http://172.18.0.178:8080/v1/AUTH_ffbb1c514d6a4f40a7f8a9f769bc781a/gnocchi.d7bf58e5-8403-494e-8e17-f805dbdcc75e/1759320000.0_mean_300.0_v3" "tx7990f241d5884eb1a747e-0068e22c98" "proxy-server 20" 0.0005 "-" 22 0
Oct 5 08:30:16 np0005471146 proxy-server[128140]: 172.18.0.105 172.18.0.104 05/Oct/2025/08/30/16 GET /v1/AUTH_ffbb1c514d6a4f40a7f8a9f769bc781a/gnocchi.d7bf58e5-8403-494e-8e17-f805dbdcc75e/1759320000.0_mean_300.0_v3 HTTP/1.0 404 - python-swiftclient-3.11.1 gAAAAABo4ixtepNT... - 70 - tx7990f241d5884eb1a747e-0068e22c98 - 0.0149 - - 1759653016.270969152 1759653016.285912275 0
Oct 5 08:30:16 np0005471146 object-server[126729]: 172.20.0.105 - - [05/Oct/2025:08:30:16 +0000] "GET /d1/1012/AUTH_ffbb1c514d6a4f40a7f8a9f769bc781a/gnocchi.a83cb81b-2f4e-4dac-9d1d-aae43909f5cf/1759320000.0_mean_300.0_v3" 404 70 "GET http://172.18.0.178:8080/v1/AUTH_ffbb1c514d6a4f40a7f8a9f769bc781a/gnocchi.a83cb81b-2f4e-4dac-9d1d-aae43909f5cf/1759320000.0_mean_300.0_v3" "txc8a139665da34600b1280-0068e22c98" "proxy-server 20" 0.0005 "-" 23 0
Oct 5 08:30:16 np0005471146 object-server[126729]: 172.20.0.104 - - [05/Oct/2025:08:30:16 +0000] "PUT /d1/955/AUTH_ffbb1c514d6a4f40a7f8a9f769bc781a/gnocchi.d7bf58e5-8403-494e-8e17-f805dbdcc75e/1759320000.0_mean_300.0_v3" 201 - "PUT http://172.18.0.178:8080/v1/AUTH_ffbb1c514d6a4f40a7f8a9f769bc781a/gnocchi.d7bf58e5-8403-494e-8e17-f805dbdcc75e/1759320000.0_mean_300.0_v3" "txae931bd7d13243478401c-0068e22c98" "proxy-server 20" 0.0212 "-" 23 0
Oct 5 08:30:16 np0005471146 container-server[126296]: 172.20.0.104 - - [05/Oct/2025:08:30:16 +0000] "PUT /d1/1014/AUTH_ffbb1c514d6a4f40a7f8a9f769bc781a/gnocchi.d7bf58e5-8403-494e-8e17-f805dbdcc75e/1759320000.0_mean_300.0_v3" 201 - "PUT http://172.18.0.178:8080/d1/955/AUTH_ffbb1c514d6a4f40a7f8a9f769bc781a/gnocchi.d7bf58e5-8403-494e-8e17-f805dbdcc75e/1759320000.0_mean_300.0_v3" "txae931bd7d13243478401c-0068e22c98" "object-server 23" 0.0008 "-" 20 0
Oct 5 08:30:16 np0005471146 object-server[126737]: 172.20.0.103 - - [05/Oct/2025:08:30:16 +0000] "PUT /d1/1012/AUTH_ffbb1c514d6a4f40a7f8a9f769bc781a/gnocchi.a83cb81b-2f4e-4dac-9d1d-aae43909f5cf/1759320000.0_mean_300.0_v3" 201 - "PUT http://172.18.0.178:8080/v1/AUTH_ffbb1c514d6a4f40a7f8a9f769bc781a/gnocchi.a83cb81b-2f4e-4dac-9d1d-aae43909f5cf/1759320000.0_mean_300.0_v3" "tx2637f713bf0742bca4fed-0068e22c98" "proxy-server 20" 0.0135 "-" 24 0
Oct 5 08:30:16 np0005471146 container-server[126328]: 172.20.0.105 - - [05/Oct/2025:08:30:16 +0000] "PUT /d1/617/AUTH_ffbb1c514d6a4f40a7f8a9f769bc781a/gnocchi.a83cb81b-2f4e-4dac-9d1d-aae43909f5cf/1759320000.0_mean_300.0_v3" 201 - "PUT http://172.18.0.178:8080/d1/1012/AUTH_ffbb1c514d6a4f40a7f8a9f769bc781a/gnocchi.a83cb81b-2f4e-4dac-9d1d-aae43909f5cf/1759320000.0_mean_300.0_v3" "tx2637f713bf0742bca4fed-0068e22c98" "object-server 23" 0.0009 "-" 23 0
Oct 5 08:30:16 np0005471146 proxy-server[128140]: 172.18.0.178 172.18.0.104 05/Oct/2025/08/30/16 PUT /v1/AUTH_ffbb1c514d6a4f40a7f8a9f769bc781a/gnocchi.a83cb81b-2f4e-4dac-9d1d-aae43909f5cf/1759320000.0_mean_300.0_v3 HTTP/1.0 201 - python-swiftclient-3.11.1 gAAAAABo4ixPODjF... 16 - - tx2637f713bf0742bca4fed-0068e22c98 - 0.0239 - - 1759653016.320783615 1759653016.344690084 0
Oct 5 08:30:16 np0005471146 object-server[126740]: 172.20.0.105 - - [05/Oct/2025:08:30:16 +0000] "PUT /d1/562/AUTH_ffbb1c514d6a4f40a7f8a9f769bc781a/gnocchi.d7bf58e5-8403-494e-8e17-f805dbdcc75e/none_v3" 201 - "PUT http://172.18.0.178:8080/v1/AUTH_ffbb1c514d6a4f40a7f8a9f769bc781a/gnocchi.d7bf58e5-8403-494e-8e17-f805dbdcc75e/none_v3" "tx8416d9bd3124486bb8746-0068e22c98" "proxy-server 20" 0.0133 "-" 25 0
Oct 5 08:30:16 np0005471146 container-server[126296]: 172.20.0.104 - - [05/Oct/2025:08:30:16 +0000] "PUT /d1/1014/AUTH_ffbb1c514d6a4f40a7f8a9f769bc781a/gnocchi.d7bf58e5-8403-494e-8e17-f805dbdcc75e/none_v3" 201 - "PUT http://172.18.0.178:8080/d1/562/AUTH_ffbb1c514d6a4f40a7f8a9f769bc781a/gnocchi.d7bf58e5-8403-494e-8e17-f805dbdcc75e/none_v3" "tx8416d9bd3124486bb8746-0068e22c98" "object-server 23" 0.0009 "-" 20 0
Oct 5 08:30:16 np0005471146 container-server[126296]: 172.20.0.105 - - [05/Oct/2025:08:30:16 +0000] "PUT /d1/617/AUTH_ffbb1c514d6a4f40a7f8a9f769bc781a/gnocchi.a83cb81b-2f4e-4dac-9d1d-aae43909f5cf/none_v3" 201 - "PUT http://172.18.0.178:8080/d1/506/AUTH_ffbb1c514d6a4f40a7f8a9f769bc781a/gnocchi.a83cb81b-2f4e-4dac-9d1d-aae43909f5cf/none_v3" "tx2488208dcf7c48fd9ce05-0068e22c98" "object-server 24" 0.0010 "-" 20 0
Oct 5 08:30:16 np0005471146 object-server[126737]: 172.20.0.104 - - [05/Oct/2025:08:30:16 +0000] "PUT /d1/506/AUTH_ffbb1c514d6a4f40a7f8a9f769bc781a/gnocchi.a83cb81b-2f4e-4dac-9d1d-aae43909f5cf/none_v3" 201 - "PUT http://172.18.0.178:8080/v1/AUTH_ffbb1c514d6a4f40a7f8a9f769bc781a/gnocchi.a83cb81b-2f4e-4dac-9d1d-aae43909f5cf/none_v3" "tx2488208dcf7c48fd9ce05-0068e22c98" "proxy-server 20" 0.0136 "-" 24 0
Oct 5 08:30:16 np0005471146 container-server[126296]: 172.20.0.103 - - [05/Oct/2025:08:30:16 +0000] "HEAD /d1/592/AUTH_ffbb1c514d6a4f40a7f8a9f769bc781a/gnocchi.c55ef7d8-2b83-4ed6-a53d-9b74da124da8" 404 - "HEAD http://172.18.0.178:8080/v1/AUTH_ffbb1c514d6a4f40a7f8a9f769bc781a/gnocchi.c55ef7d8-2b83-4ed6-a53d-9b74da124da8?format=json&states=listing" "tx5ce3c27f3cff4005be63a-0068e22c98" "proxy-server 20" 0.0005 "-" 20 0
Oct 5 08:30:16 np0005471146 object-server[126740]: 172.20.0.103 - - [05/Oct/2025:08:30:16 +0000] "GET /d1/846/AUTH_ffbb1c514d6a4f40a7f8a9f769bc781a/gnocchi.c55ef7d8-2b83-4ed6-a53d-9b74da124da8/none_v3" 404 70 "GET http://172.18.0.178:8080/v1/AUTH_ffbb1c514d6a4f40a7f8a9f769bc781a/gnocchi.c55ef7d8-2b83-4ed6-a53d-9b74da124da8/none_v3" "tx5ce3c27f3cff4005be63a-0068e22c98" "proxy-server 20" 0.0007 "-" 25 0
Oct 5 08:30:16 np0005471146 container-server[126319]: 172.20.0.104 - - [05/Oct/2025:08:30:16 +0000] "HEAD /d1/982/AUTH_ffbb1c514d6a4f40a7f8a9f769bc781a/gnocchi.3b18e974-54e7-4113-bd79-01f93e83d4ff" 404 - "HEAD http://172.18.0.178:8080/v1/AUTH_ffbb1c514d6a4f40a7f8a9f769bc781a/gnocchi.3b18e974-54e7-4113-bd79-01f93e83d4ff?format=json&states=listing" "tx217947acddb34fc99e1e2-0068e22c98" "proxy-server 20" 0.0005 "-" 21 0
Oct 5 08:30:16 np0005471146 proxy-server[128140]: 172.18.0.178 172.18.0.104 05/Oct/2025/08/30/16 GET /v1/AUTH_ffbb1c514d6a4f40a7f8a9f769bc781a/gnocchi.c55ef7d8-2b83-4ed6-a53d-9b74da124da8/none_v3 HTTP/1.0 404 - python-swiftclient-3.11.1 gAAAAABo4ixPODjF... - 70 - tx5ce3c27f3cff4005be63a-0068e22c98 - 0.0292 - - 1759653016.397349358 1759653016.426551580 0
Oct 5 08:30:16 np0005471146 object-server[126729]: 172.20.0.104 - - [05/Oct/2025:08:30:16 +0000] "GET /d1/148/AUTH_ffbb1c514d6a4f40a7f8a9f769bc781a/gnocchi.3b18e974-54e7-4113-bd79-01f93e83d4ff/none_v3" 404 70 "GET http://172.18.0.178:8080/v1/AUTH_ffbb1c514d6a4f40a7f8a9f769bc781a/gnocchi.3b18e974-54e7-4113-bd79-01f93e83d4ff/none_v3" "tx217947acddb34fc99e1e2-0068e22c98" "proxy-server 20" 0.0006 "-" 23 0
Oct 5 08:30:16 np0005471146 account-server[126094]: 172.20.0.104 - - [05/Oct/2025:08:30:16 +0000] "PUT /d1/852/AUTH_ffbb1c514d6a4f40a7f8a9f769bc781a/gnocchi.c55ef7d8-2b83-4ed6-a53d-9b74da124da8" 201 - "PUT http://172.20.0.104:6001/d1/592/AUTH_ffbb1c514d6a4f40a7f8a9f769bc781a/gnocchi.c55ef7d8-2b83-4ed6-a53d-9b74da124da8" "txefc3ea8d15ed4bd1a250e-0068e22c98" "container-server 22" 0.0063 "-" 22 0
Oct 5 08:30:16 np0005471146 container-server[126296]: 172.20.0.105 - - [05/Oct/2025:08:30:16 +0000] "PUT /d1/592/AUTH_ffbb1c514d6a4f40a7f8a9f769bc781a/gnocchi.c55ef7d8-2b83-4ed6-a53d-9b74da124da8" 201 - "PUT http://172.18.0.178:8080/v1/AUTH_ffbb1c514d6a4f40a7f8a9f769bc781a/gnocchi.c55ef7d8-2b83-4ed6-a53d-9b74da124da8" "txefc3ea8d15ed4bd1a250e-0068e22c98" "proxy-server 20" 0.0345 "-" 20 0
Oct 5 08:30:16 np0005471146 account-server[126061]: 172.20.0.103 - - [05/Oct/2025:08:30:16 +0000] "PUT /d1/852/AUTH_ffbb1c514d6a4f40a7f8a9f769bc781a/gnocchi.3b18e974-54e7-4113-bd79-01f93e83d4ff" 201 - "PUT http://172.20.0.103:6001/d1/982/AUTH_ffbb1c514d6a4f40a7f8a9f769bc781a/gnocchi.3b18e974-54e7-4113-bd79-01f93e83d4ff" "tx464b0ccdc2914707a153f-0068e22c98" "container-server 21" 0.0053 "-" 21 0
Oct 5 08:30:16 np0005471146 container-server[126319]: 172.20.0.103 - - [05/Oct/2025:08:30:16 +0000] "PUT /d1/982/AUTH_ffbb1c514d6a4f40a7f8a9f769bc781a/gnocchi.3b18e974-54e7-4113-bd79-01f93e83d4ff" 201 - "PUT http://172.18.0.178:8080/v1/AUTH_ffbb1c514d6a4f40a7f8a9f769bc781a/gnocchi.3b18e974-54e7-4113-bd79-01f93e83d4ff" "tx464b0ccdc2914707a153f-0068e22c98" "proxy-server 20" 0.0222 "-" 21 0
Oct 5 08:30:16 np0005471146 proxy-server[128140]: 172.18.0.105 172.18.0.104 05/Oct/2025/08/30/16 PUT /v1/AUTH_ffbb1c514d6a4f40a7f8a9f769bc781a/gnocchi.3b18e974-54e7-4113-bd79-01f93e83d4ff HTTP/1.0 201 - python-swiftclient-3.11.1 gAAAAABo4ixtepNT... - - - tx464b0ccdc2914707a153f-0068e22c98 - 0.0338 - - 1759653016.448164463 1759653016.482006550 0
Oct 5 08:30:16 np0005471146 object-server[126729]: 172.20.0.104 - - [05/Oct/2025:08:30:16 +0000] "GET /d1/778/AUTH_ffbb1c514d6a4f40a7f8a9f769bc781a/gnocchi.c55ef7d8-2b83-4ed6-a53d-9b74da124da8/1759320000.0_mean_300.0_v3" 404 70 "GET http://172.18.0.178:8080/v1/AUTH_ffbb1c514d6a4f40a7f8a9f769bc781a/gnocchi.c55ef7d8-2b83-4ed6-a53d-9b74da124da8/1759320000.0_mean_300.0_v3" "txf53cc059445f417bb98b5-0068e22c98" "proxy-server 20" 0.0004 "-" 23 0
