Oct 5 08:35:53 np0005471146 object-server[126725]: 172.20.0.103 - - [05/Oct/2025:08:35:53 +0000] "PUT /d1/606/AUTH_ffbb1c514d6a4f40a7f8a9f769bc781a/gnocchi.7b1cfb9f-e398-41bd-b164-31557797eb07/1759320000.0_rate%3Amean_300.0_v3" 201 - "PUT http://172.18.0.178:8080/v1/AUTH_ffbb1c514d6a4f40a7f8a9f769bc781a/gnocchi.7b1cfb9f-e398-41bd-b164-31557797eb07/1759320000.0_rate%3Amean_300.0_v3" "tx31deea0db73c4378a3e58-0068e22de9" "proxy-server 20" 0.0161 "-" 22 0
Oct 5 08:35:53 np0005471146 container-server[126319]: 172.20.0.105 - - [05/Oct/2025:08:35:53 +0000] "PUT /d1/148/AUTH_ffbb1c514d6a4f40a7f8a9f769bc781a/gnocchi.7b1cfb9f-e398-41bd-b164-31557797eb07/1759320000.0_rate%3Amean_300.0_v3" 201 - "PUT http://172.18.0.178:8080/d1/606/AUTH_ffbb1c514d6a4f40a7f8a9f769bc781a/gnocchi.7b1cfb9f-e398-41bd-b164-31557797eb07/1759320000.0_rate%3Amean_300.0_v3" "tx31deea0db73c4378a3e58-0068e22de9" "object-server 25" 0.0008 "-" 21 0
Oct 5 08:35:53 np0005471146 proxy-server[128140]: 172.18.0.103 172.18.0.104 05/Oct/2025/08/35/53 PUT /v1/AUTH_ffbb1c514d6a4f40a7f8a9f769bc781a/gnocchi.7b1cfb9f-e398-41bd-b164-31557797eb07/1759320000.0_rate%253Amean_300.0_v3 HTTP/1.0 201 - python-swiftclient-3.11.1 gAAAAABo4iyYaC5C... 16 - - tx31deea0db73c4378a3e58-0068e22de9 - 0.0299 - - 1759653353.088302374 1759653353.118249893 0
Oct 5 08:35:53 np0005471146 container-server[126328]: 172.20.0.104 - - [05/Oct/2025:08:35:53 +0000] "PUT /d1/855/AUTH_ffbb1c514d6a4f40a7f8a9f769bc781a/gnocchi.6aa7b351-85b7-4149-aa8e-ba7242fca0e1/1759320000.0_mean_300.0_v3" 201 - "PUT http://172.18.0.178:8080/d1/565/AUTH_ffbb1c514d6a4f40a7f8a9f769bc781a/gnocchi.6aa7b351-85b7-4149-aa8e-ba7242fca0e1/1759320000.0_mean_300.0_v3" "tx230b3f1e0a154b639bac2-0068e22de9" "object-server 24" 0.0007 "-" 23 0
Oct 5 08:35:53 np0005471146 object-server[126737]: 172.20.0.105 - - [05/Oct/2025:08:35:53 +0000] "PUT /d1/565/AUTH_ffbb1c514d6a4f40a7f8a9f769bc781a/gnocchi.6aa7b351-85b7-4149-aa8e-ba7242fca0e1/1759320000.0_mean_300.0_v3" 201 - "PUT http://172.18.0.178:8080/v1/AUTH_ffbb1c514d6a4f40a7f8a9f769bc781a/gnocchi.6aa7b351-85b7-4149-aa8e-ba7242fca0e1/1759320000.0_mean_300.0_v3" "tx230b3f1e0a154b639bac2-0068e22de9" "proxy-server 20" 0.0193 "-" 24 0
Oct 5 08:35:53 np0005471146 container-server[126328]: 172.20.0.103 - - [05/Oct/2025:08:35:53 +0000] "PUT /d1/97/AUTH_ffbb1c514d6a4f40a7f8a9f769bc781a/gnocchi.630ced32-f036-4c8c-bebe-dfa7df1b4507/none_v3" 201 - "PUT http://172.18.0.178:8080/d1/176/AUTH_ffbb1c514d6a4f40a7f8a9f769bc781a/gnocchi.630ced32-f036-4c8c-bebe-dfa7df1b4507/none_v3" "tx1333a4cf5adb49e69886f-0068e22de9" "object-server 22" 0.0006 "-" 23 0
Oct 5 08:35:53 np0005471146 object-server[126725]: 172.20.0.103 - - [05/Oct/2025:08:35:53 +0000] "PUT /d1/176/AUTH_ffbb1c514d6a4f40a7f8a9f769bc781a/gnocchi.630ced32-f036-4c8c-bebe-dfa7df1b4507/none_v3" 201 - "PUT http://172.18.0.178:8080/v1/AUTH_ffbb1c514d6a4f40a7f8a9f769bc781a/gnocchi.630ced32-f036-4c8c-bebe-dfa7df1b4507/none_v3" "tx1333a4cf5adb49e69886f-0068e22de9" "proxy-server 20" 0.0120 "-" 22 0
Oct 5 08:35:53 np0005471146 proxy-server[128140]: 172.18.0.103 172.18.0.104 05/Oct/2025/08/35/53 PUT /v1/AUTH_ffbb1c514d6a4f40a7f8a9f769bc781a/gnocchi.630ced32-f036-4c8c-bebe-dfa7df1b4507/none_v3 HTTP/1.0 201 - python-swiftclient-3.11.1 gAAAAABo4iyYaC5C... 34 - - tx1333a4cf5adb49e69886f-0068e22de9 - 0.0247 - - 1759653353.123408318 1759653353.148078918 0
Oct 5 08:35:53 np0005471146 object-server[126725]: 172.20.0.104 - - [05/Oct/2025:08:35:53 +0000] "GET /d1/926/AUTH_ffbb1c514d6a4f40a7f8a9f769bc781a/gnocchi.438e0e68-ec6d-4307-aed3-840f4b7d7c0d/1759320000.0_rate%3Amean_300.0_v3" 404 70 "GET http://172.18.0.178:8080/v1/AUTH_ffbb1c514d6a4f40a7f8a9f769bc781a/gnocchi.438e0e68-ec6d-4307-aed3-840f4b7d7c0d/1759320000.0_rate%3Amean_300.0_v3" "txd068e34df81d44469bf76-0068e22de9" "proxy-server 20" 0.0004 "-" 22 0
Oct 5 08:35:53 np0005471146 container-server[126328]: 172.20.0.104 - - [05/Oct/2025:08:35:53 +0000] "PUT /d1/855/AUTH_ffbb1c514d6a4f40a7f8a9f769bc781a/gnocchi.6aa7b351-85b7-4149-aa8e-ba7242fca0e1/1759320000.0_rate%3Amean_300.0_v3" 201 - "PUT http://172.18.0.178:8080/d1/928/AUTH_ffbb1c514d6a4f40a7f8a9f769bc781a/gnocchi.6aa7b351-85b7-4149-aa8e-ba7242fca0e1/1759320000.0_rate%3Amean_300.0_v3" "tx3c6a4292c49f49aaa5173-0068e22de9" "object-server 24" 0.0006 "-" 23 0
Oct 5 08:35:53 np0005471146 object-server[126729]: 172.20.0.105 - - [05/Oct/2025:08:35:53 +0000] "PUT /d1/928/AUTH_ffbb1c514d6a4f40a7f8a9f769bc781a/gnocchi.6aa7b351-85b7-4149-aa8e-ba7242fca0e1/1759320000.0_rate%3Amean_300.0_v3" 201 - "PUT http://172.18.0.178:8080/v1/AUTH_ffbb1c514d6a4f40a7f8a9f769bc781a/gnocchi.6aa7b351-85b7-4149-aa8e-ba7242fca0e1/1759320000.0_rate%3Amean_300.0_v3" "tx3c6a4292c49f49aaa5173-0068e22de9" "proxy-server 20" 0.0112 "-" 23 0
Oct 5 08:35:53 np0005471146 object-server[126725]: 172.20.0.103 - - [05/Oct/2025:08:35:53 +0000] "PUT /d1/760/AUTH_ffbb1c514d6a4f40a7f8a9f769bc781a/gnocchi.7b1cfb9f-e398-41bd-b164-31557797eb07/none_v3" 201 - "PUT http://172.18.0.178:8080/v1/AUTH_ffbb1c514d6a4f40a7f8a9f769bc781a/gnocchi.7b1cfb9f-e398-41bd-b164-31557797eb07/none_v3" "tx1f18f5b0735840eba5989-0068e22de9" "proxy-server 20" 0.0154 "-" 22 0
Oct 5 08:35:53 np0005471146 container-server[126328]: 172.20.0.104 - - [05/Oct/2025:08:35:53 +0000] "PUT /d1/148/AUTH_ffbb1c514d6a4f40a7f8a9f769bc781a/gnocchi.7b1cfb9f-e398-41bd-b164-31557797eb07/none_v3" 201 - "PUT http://172.18.0.178:8080/d1/760/AUTH_ffbb1c514d6a4f40a7f8a9f769bc781a/gnocchi.7b1cfb9f-e398-41bd-b164-31557797eb07/none_v3" "tx1f18f5b0735840eba5989-0068e22de9" "object-server 23" 0.0007 "-" 23 0
Oct 5 08:35:53 np0005471146 proxy-server[128140]: 172.18.0.103 172.18.0.104 05/Oct/2025/08/35/53 PUT /v1/AUTH_ffbb1c514d6a4f40a7f8a9f769bc781a/gnocchi.7b1cfb9f-e398-41bd-b164-31557797eb07/none_v3 HTTP/1.0 201 - python-swiftclient-3.11.1 gAAAAABo4iyYaC5C... 33 - - tx1f18f5b0735840eba5989-0068e22de9 - 0.0368 - - 1759653353.151900768 1759653353.188673735 0
Oct 5 08:35:53 np0005471146 container-server[126296]: 172.20.0.103 - - [05/Oct/2025:08:35:53 +0000] "PUT /d1/414/AUTH_ffbb1c514d6a4f40a7f8a9f769bc781a/gnocchi.438e0e68-ec6d-4307-aed3-840f4b7d7c0d/1759320000.0_mean_300.0_v3" 201 - "PUT http://172.18.0.178:8080/d1/730/AUTH_ffbb1c514d6a4f40a7f8a9f769bc781a/gnocchi.438e0e68-ec6d-4307-aed3-840f4b7d7c0d/1759320000.0_mean_300.0_v3" "tx91c8cda83b814aa7abd50-0068e22de9" "object-server 25" 0.0012 "-" 20 0
Oct 5 08:35:53 np0005471146 object-server[126740]: 172.20.0.105 - - [05/Oct/2025:08:35:53 +0000] "PUT /d1/730/AUTH_ffbb1c514d6a4f40a7f8a9f769bc781a/gnocchi.438e0e68-ec6d-4307-aed3-840f4b7d7c0d/1759320000.0_mean_300.0_v3" 201 - "PUT http://172.18.0.178:8080/v1/AUTH_ffbb1c514d6a4f40a7f8a9f769bc781a/gnocchi.438e0e68-ec6d-4307-aed3-840f4b7d7c0d/1759320000.0_mean_300.0_v3" "tx91c8cda83b814aa7abd50-0068e22de9" "proxy-server 20" 0.0225 "-" 25 0
Oct 5 08:35:53 np0005471146 object-server[126740]: 172.20.0.104 - - [05/Oct/2025:08:35:53 +0000] "PUT /d1/419/AUTH_ffbb1c514d6a4f40a7f8a9f769bc781a/gnocchi.6aa7b351-85b7-4149-aa8e-ba7242fca0e1/none_v3" 201 - "PUT http://172.18.0.178:8080/v1/AUTH_ffbb1c514d6a4f40a7f8a9f769bc781a/gnocchi.6aa7b351-85b7-4149-aa8e-ba7242fca0e1/none_v3" "tx137498dbc1a84e97a1507-0068e22de9" "proxy-server 20" 0.0199 "-" 25 0
Oct 5 08:35:53 np0005471146 container-server[126319]: 172.20.0.104 - - [05/Oct/2025:08:35:53 +0000] "PUT /d1/855/AUTH_ffbb1c514d6a4f40a7f8a9f769bc781a/gnocchi.6aa7b351-85b7-4149-aa8e-ba7242fca0e1/none_v3" 201 - "PUT http://172.18.0.178:8080/d1/419/AUTH_ffbb1c514d6a4f40a7f8a9f769bc781a/gnocchi.6aa7b351-85b7-4149-aa8e-ba7242fca0e1/none_v3" "tx137498dbc1a84e97a1507-0068e22de9" "object-server 25" 0.0008 "-" 21 0
Oct 5 08:35:53 np0005471146 proxy-server[128140]: 172.18.0.103 172.18.0.104 05/Oct/2025/08/35/53 GET /v1/AUTH_ffbb1c514d6a4f40a7f8a9f769bc781a/gnocchi.25a1eb0e-726c-49ea-b034-65511fd14d47/none_v3 HTTP/1.0 200 - python-swiftclient-3.11.1 gAAAAABo4iyYaC5C... - 22 - tx9c23bb5c23b44678b0a97-0068e22de9 - 0.0157 - - 1759653353.203980446 1759653353.219722033 0
Oct 5 08:35:53 np0005471146 container-server[126328]: 172.20.0.103 - - [05/Oct/2025:08:35:53 +0000] "PUT /d1/414/AUTH_ffbb1c514d6a4f40a7f8a9f769bc781a/gnocchi.438e0e68-ec6d-4307-aed3-840f4b7d7c0d/1759320000.0_rate%3Amean_300.0_v3" 201 - "PUT http://172.18.0.178:8080/d1/926/AUTH_ffbb1c514d6a4f40a7f8a9f769bc781a/gnocchi.438e0e68-ec6d-4307-aed3-840f4b7d7c0d/1759320000.0_rate%3Amean_300.0_v3" "txa9d076e4a01648759cb56-0068e22de9" "object-server 22" 0.0007 "-" 23 0
Oct 5 08:35:53 np0005471146 object-server[126725]: 172.20.0.104 - - [05/Oct/2025:08:35:53 +0000] "PUT /d1/926/AUTH_ffbb1c514d6a4f40a7f8a9f769bc781a/gnocchi.438e0e68-ec6d-4307-aed3-840f4b7d7c0d/1759320000.0_rate%3Amean_300.0_v3" 201 - "PUT http://172.18.0.178:8080/v1/AUTH_ffbb1c514d6a4f40a7f8a9f769bc781a/gnocchi.438e0e68-ec6d-4307-aed3-840f4b7d7c0d/1759320000.0_rate%3Amean_300.0_v3" "txa9d076e4a01648759cb56-0068e22de9" "proxy-server 20" 0.0121 "-" 22 0
Oct 5 08:35:53 np0005471146 proxy-server[128140]: 172.18.0.103 172.18.0.104 05/Oct/2025/08/35/53 GET /v1/AUTH_ffbb1c514d6a4f40a7f8a9f769bc781a/gnocchi.25a1eb0e-726c-49ea-b034-65511fd14d47%3Fformat%3Djson%26marker%3Dnone_v3%26states%3Dlisting HTTP/1.0 200 - python-swiftclient-3.11.1 gAAAAABo4iyYaC5C... - 2 - tx4e3074d931c2491dafc37-0068e22de9 - 0.0156 - - 1759653353.239500046 1759653353.255128860 0
Oct 5 08:35:53 np0005471146 container-server[126319]: 172.20.0.103 - - [05/Oct/2025:08:35:53 +0000] "PUT /d1/414/AUTH_ffbb1c514d6a4f40a7f8a9f769bc781a/gnocchi.438e0e68-ec6d-4307-aed3-840f4b7d7c0d/none_v3" 201 - "PUT http://172.18.0.178:8080/d1/752/AUTH_ffbb1c514d6a4f40a7f8a9f769bc781a/gnocchi.438e0e68-ec6d-4307-aed3-840f4b7d7c0d/none_v3" "tx321874858d9241aaa4128-0068e22de9" "object-server 23" 0.0010 "-" 21 0
Oct 5 08:35:53 np0005471146 object-server[126729]: 172.20.0.105 - - [05/Oct/2025:08:35:53 +0000] "PUT /d1/752/AUTH_ffbb1c514d6a4f40a7f8a9f769bc781a/gnocchi.438e0e68-ec6d-4307-aed3-840f4b7d7c0d/none_v3" 201 - "PUT http://172.18.0.178:8080/v1/AUTH_ffbb1c514d6a4f40a7f8a9f769bc781a/gnocchi.438e0e68-ec6d-4307-aed3-840f4b7d7c0d/none_v3" "tx321874858d9241aaa4128-0068e22de9" "proxy-server 20" 0.0149 "-" 23 0
Oct 5 08:35:53 np0005471146 object-server[126737]: 172.20.0.103 - - [05/Oct/2025:08:35:53 +0000] "GET /d1/834/AUTH_ffbb1c514d6a4f40a7f8a9f769bc781a/gnocchi.25a1eb0e-726c-49ea-b034-65511fd14d47/1759320000.0_rate%3Amean_300.0_v3" 404 70 "GET http://172.18.0.178:8080/v1/AUTH_ffbb1c514d6a4f40a7f8a9f769bc781a/gnocchi.25a1eb0e-726c-49ea-b034-65511fd14d47/1759320000.0_rate%3Amean_300.0_v3" "txec05eaadbbf4404ba39b5-0068e22de9" "proxy-server 20" 0.0005 "-" 24 0
Oct 5 08:35:53 np0005471146 proxy-server[128140]: 172.18.0.103 172.18.0.104 05/Oct/2025/08/35/53 GET /v1/AUTH_ffbb1c514d6a4f40a7f8a9f769bc781a/gnocchi.25a1eb0e-726c-49ea-b034-65511fd14d47/1759320000.0_rate%253Amean_300.0_v3 HTTP/1.0 404 - python-swiftclient-3.11.1 gAAAAABo4iyYaC5C... - 70 - txec05eaadbbf4404ba39b5-0068e22de9 - 0.0167 - - 1759653353.277392387 1759653353.294094324 0
Oct 5 08:35:53 np0005471146 container-server[126325]: 172.20.0.103 - - [05/Oct/2025:08:35:53 +0000] "PUT /d1/975/AUTH_ffbb1c514d6a4f40a7f8a9f769bc781a/gnocchi.25a1eb0e-726c-49ea-b034-65511fd14d47/1759320000.0_mean_300.0_v3" 201 - "PUT http://172.18.0.178:8080/d1/449/AUTH_ffbb1c514d6a4f40a7f8a9f769bc781a/gnocchi.25a1eb0e-726c-49ea-b034-65511fd14d47/1759320000.0_mean_300.0_v3" "txec5aadf9f14c4dbe86464-0068e22de9" "object-server 24" 0.0009 "-" 22 0
Oct 5 08:35:53 np0005471146 object-server[126737]: 172.20.0.104 - - [05/Oct/2025:08:35:53 +0000] "PUT /d1/449/AUTH_ffbb1c514d6a4f40a7f8a9f769bc781a/gnocchi.25a1eb0e-726c-49ea-b034-65511fd14d47/1759320000.0_mean_300.0_v3" 201 - "PUT http://172.18.0.178:8080/v1/AUTH_ffbb1c514d6a4f40a7f8a9f769bc781a/gnocchi.25a1eb0e-726c-49ea-b034-65511fd14d47/1759320000.0_mean_300.0_v3" "txec5aadf9f14c4dbe86464-0068e22de9" "proxy-server 20" 0.0138 "-" 24 0
Oct 5 08:35:53 np0005471146 proxy-server[128140]: 172.18.0.178 172.18.0.104 05/Oct/2025/08/35/53 GET /v1/AUTH_ffbb1c514d6a4f40a7f8a9f769bc781a/gnocchi.974be382-e87f-4bea-a8ca-7e62c2bdd3fd%3Fformat%3Djson%26states%3Dlisting HTTP/1.0 200 - python-swiftclient-3.11.1 gAAAAABo4ixPODjF... - 357 - txd6ec6f0165f74199a2624-0068e22de9 - 0.0131 - - 1759653353.311266422 1759653353.324386597 0
Oct 5 08:35:53 np0005471146 object-server[126737]: 172.20.0.104 - - [05/Oct/2025:08:35:53 +0000] "PUT /d1/834/AUTH_ffbb1c514d6a4f40a7f8a9f769bc781a/gnocchi.25a1eb0e-726c-49ea-b034-65511fd14d47/1759320000.0_rate%3Amean_300.0_v3" 201 - "PUT http://172.18.0.178:8080/v1/AUTH_ffbb1c514d6a4f40a7f8a9f769bc781a/gnocchi.25a1eb0e-726c-49ea-b034-65511fd14d47/1759320000.0_rate%3Amean_300.0_v3" "txd1ebe311a3944cdab1bf3-0068e22de9" "proxy-server 20" 0.0147 "-" 24 0
Oct 5 08:35:53 np0005471146 container-server[126319]: 172.20.0.104 - - [05/Oct/2025:08:35:53 +0000] "PUT /d1/975/AUTH_ffbb1c514d6a4f40a7f8a9f769bc781a/gnocchi.25a1eb0e-726c-49ea-b034-65511fd14d47/1759320000.0_rate%3Amean_300.0_v3" 201 - "PUT http://172.18.0.178:8080/d1/834/AUTH_ffbb1c514d6a4f40a7f8a9f769bc781a/gnocchi.25a1eb0e-726c-49ea-b034-65511fd14d47/1759320000.0_rate%3Amean_300.0_v3" "txd1ebe311a3944cdab1bf3-0068e22de9" "object-server 24" 0.0011 "-" 21 0
Oct 5 08:35:53 np0005471146 object-server[126725]: 172.20.0.103 - - [05/Oct/2025:08:35:53 +0000] "GET /d1/886/AUTH_ffbb1c514d6a4f40a7f8a9f769bc781a/gnocchi.cebab2a7-ecec-4c42-b8fc-013a1ede8d36/none_v3" 200 22 "GET http://172.18.0.178:8080/v1/AUTH_ffbb1c514d6a4f40a7f8a9f769bc781a/gnocchi.cebab2a7-ecec-4c42-b8fc-013a1ede8d36/none_v3" "tx26562b6e5978408ca49e6-0068e22de9" "proxy-server 20" 0.0017 "-" 22 0
Oct 5 08:35:53 np0005471146 proxy-server[128140]: 172.18.0.105 172.18.0.104 05/Oct/2025/08/35/53 GET /v1/AUTH_ffbb1c514d6a4f40a7f8a9f769bc781a/gnocchi.cebab2a7-ecec-4c42-b8fc-013a1ede8d36/none_v3 HTTP/1.0 200 - python-swiftclient-3.11.1 gAAAAABo4ixtepNT... - 22 - tx26562b6e5978408ca49e6-0068e22de9 - 0.0173 - - 1759653353.338704348 1759653353.355969191 0
Oct 5 08:35:53 np0005471146 object-server[126725]: 172.20.0.105 - - [05/Oct/2025:08:35:53 +0000] "GET /d1/1007/AUTH_ffbb1c514d6a4f40a7f8a9f769bc781a/gnocchi.974be382-e87f-4bea-a8ca-7e62c2bdd3fd/1759320000.0_mean_300.0_v3" 200 16 "GET http://172.18.0.178:8080/v1/AUTH_ffbb1c514d6a4f40a7f8a9f769bc781a/gnocchi.974be382-e87f-4bea-a8ca-7e62c2bdd3fd/1759320000.0_mean_300.0_v3" "tx8ed0fd5828514bb89c8de-0068e22de9" "proxy-server 20" 0.0009 "-" 22 0
Oct 5 08:35:53 np0005471146 proxy-server[128140]: 172.18.0.105 172.18.0.104 05/Oct/2025/08/35/53 GET /v1/AUTH_ffbb1c514d6a4f40a7f8a9f769bc781a/gnocchi.cebab2a7-ecec-4c42-b8fc-013a1ede8d36%3Fformat%3Djson%26states%3Dlisting HTTP/1.0 200 - python-swiftclient-3.11.1 gAAAAABo4ixtepNT... - 357 - tx3fc8061576594c63a0017-0068e22de9 - 0.0135 - - 1759653353.360332966 1759653353.373802662 0
Oct 5 08:35:53 np0005471146 container-server[126296]: 172.20.0.105 - - [05/Oct/2025:08:35:53 +0000] "PUT /d1/975/AUTH_ffbb1c514d6a4f40a7f8a9f769bc781a/gnocchi.25a1eb0e-726c-49ea-b034-65511fd14d47/none_v3" 201 - "PUT http://172.18.0.178:8080/d1/905/AUTH_ffbb1c514d6a4f40a7f8a9f769bc781a/gnocchi.25a1eb0e-726c-49ea-b034-65511fd14d47/none_v3" "tx9da912c586f74a7183287-0068e22de9" "object-server 25" 0.0007 "-" 20 0
Oct 5 08:35:53 np0005471146 object-server[126725]: 172.20.0.104 - - [05/Oct/2025:08:35:53 +0000] "PUT /d1/905/AUTH_ffbb1c514d6a4f40a7f8a9f769bc781a/gnocchi.25a1eb0e-726c-49ea-b034-65511fd14d47/none_v3" 201 - "PUT http://172.18.0.178:8080/v1/AUTH_ffbb1c514d6a4f40a7f8a9f769bc781a/gnocchi.25a1eb0e-726c-49ea-b034-65511fd14d47/none_v3" "tx9da912c586f74a7183287-0068e22de9" "proxy-server 20" 0.0109 "-" 22 0
Oct 5 08:35:53 np0005471146 object-server[126729]: 172.20.0.105 - - [05/Oct/2025:08:35:53 +0000] "GET /d1/656/AUTH_ffbb1c514d6a4f40a7f8a9f769bc781a/gnocchi.974be382-e87f-4bea-a8ca-7e62c2bdd3fd/1759320000.0_rate%3Amean_300.0_v3" 404 70 "GET http://172.18.0.178:8080/v1/AUTH_ffbb1c514d6a4f40a7f8a9f769bc781a/gnocchi.974be382-e87f-4bea-a8ca-7e62c2bdd3fd/1759320000.0_rate%3Amean_300.0_v3" "tx7fbd824f12774fa492821-0068e22de9" "proxy-server 20" 0.0005 "-" 23 0
Oct 5 08:35:53 np0005471146 container-server[126325]: 172.20.0.103 - - [05/Oct/2025:08:35:53 +0000] "GET /d1/646/AUTH_ffbb1c514d6a4f40a7f8a9f769bc781a/gnocchi.cebab2a7-ecec-4c42-b8fc-013a1ede8d36" 200 2 "GET http://172.18.0.178:8080/v1/AUTH_ffbb1c514d6a4f40a7f8a9f769bc781a/gnocchi.cebab2a7-ecec-4c42-b8fc-013a1ede8d36?format=json&marker=none_v3&states=listing" "tx49aa7db3c4a246798758c-0068e22de9" "proxy-server 20" 0.0037 "-" 22 0
Oct 5 08:35:53 np0005471146 proxy-server[128140]: 172.18.0.105 172.18.0.104 05/Oct/2025/08/35/53 GET /v1/AUTH_ffbb1c514d6a4f40a7f8a9f769bc781a/gnocchi.cebab2a7-ecec-4c42-b8fc-013a1ede8d36%3Fformat%3Djson%26marker%3Dnone_v3%26states%3Dlisting HTTP/1.0 200 - python-swiftclient-3.11.1 gAAAAABo4ixtepNT... - 2 - tx49aa7db3c4a246798758c-0068e22de9 - 0.0134 - - 1759653353.377253294 1759653353.390643358 0
Oct 5 08:35:53 np0005471146 container-server[126328]: 172.20.0.105 - - [05/Oct/2025:08:35:53 +0000] "PUT /d1/567/AUTH_ffbb1c514d6a4f40a7f8a9f769bc781a/gnocchi.974be382-e87f-4bea-a8ca-7e62c2bdd3fd/1759320000.0_mean_300.0_v3" 201 - "PUT http://172.18.0.178:8080/d1/1007/AUTH_ffbb1c514d6a4f40a7f8a9f769bc781a/gnocchi.974be382-e87f-4bea-a8ca-7e62c2bdd3fd/1759320000.0_mean_300.0_v3" "txa769e6778cf4401d86533-0068e22de9" "object-server 25" 0.0008 "-" 23 0
Oct 5 08:35:53 np0005471146 object-server[126737]: 172.20.0.104 - - [05/Oct/2025:08:35:53 +0000] "PUT /d1/1007/AUTH_ffbb1c514d6a4f40a7f8a9f769bc781a/gnocchi.974be382-e87f-4bea-a8ca-7e62c2bdd3fd/1759320000.0_mean_300.0_v3" 201 - "PUT http://172.18.0.178:8080/v1/AUTH_ffbb1c514d6a4f40a7f8a9f769bc781a/gnocchi.974be382-e87f-4bea-a8ca-7e62c2bdd3fd/1759320000.0_mean_300.0_v3" "txa769e6778cf4401d86533-0068e22de9" "proxy-server 20" 0.0129 "-" 24 0
Oct 5 08:35:53 np0005471146 object-server[126737]: 172.20.0.103 - - [05/Oct/2025:08:35:53 +0000] "GET /d1/781/AUTH_ffbb1c514d6a4f40a7f8a9f769bc781a/gnocchi.cebab2a7-ecec-4c42-b8fc-013a1ede8d36/1759320000.0_rate%3Amean_300.0_v3" 404 70 "GET http://172.18.0.178:8080/v1/AUTH_ffbb1c514d6a4f40a7f8a9f769bc781a/gnocchi.cebab2a7-ecec-4c42-b8fc-013a1ede8d36/1759320000.0_rate%3Amean_300.0_v3" "tx41ab6ca6ecc54e2b8673e-0068e22de9" "proxy-server 20" 0.0004 "-" 24 0
Oct 5 08:35:53 np0005471146 proxy-server[128140]: 172.18.0.105 172.18.0.104 05/Oct/2025/08/35/53 GET /v1/AUTH_ffbb1c514d6a4f40a7f8a9f769bc781a/gnocchi.cebab2a7-ecec-4c42-b8fc-013a1ede8d36/1759320000.0_rate%253Amean_300.0_v3 HTTP/1.0 404 - python-swiftclient-3.11.1 gAAAAABo4ixtepNT... - 70 - tx41ab6ca6ecc54e2b8673e-0068e22de9 - 0.0175 - - 1759653353.408562899 1759653353.426016569 0
Oct 5 08:35:53 np0005471146 container-server[126319]: 172.20.0.105 - - [05/Oct/2025:08:35:53 +0000] "PUT /d1/567/AUTH_ffbb1c514d6a4f40a7f8a9f769bc781a/gnocchi.974be382-e87f-4bea-a8ca-7e62c2bdd3fd/1759320000.0_rate%3Amean_300.0_v3" 201 - "PUT http://172.18.0.178:8080/d1/656/AUTH_ffbb1c514d6a4f40a7f8a9f769bc781a/gnocchi.974be382-e87f-4bea-a8ca-7e62c2bdd3fd/1759320000.0_rate%3Amean_300.0_v3" "tx7ccef18768ac4fbea2543-0068e22de9" "object-server 24" 0.0007 "-" 21 0
Oct 5 08:35:53 np0005471146 object-server[126725]: 172.20.0.105 - - [05/Oct/2025:08:35:53 +0000] "PUT /d1/656/AUTH_ffbb1c514d6a4f40a7f8a9f769bc781a/gnocchi.974be382-e87f-4bea-a8ca-7e62c2bdd3fd/1759320000.0_rate%3Amean_300.0_v3" 201 - "PUT http://172.18.0.178:8080/v1/AUTH_ffbb1c514d6a4f40a7f8a9f769bc781a/gnocchi.974be382-e87f-4bea-a8ca-7e62c2bdd3fd/1759320000.0_rate%3Amean_300.0_v3" "tx7ccef18768ac4fbea2543-0068e22de9" "proxy-server 20" 0.0147 "-" 22 0
Oct 5 08:35:53 np0005471146 container-server[126296]: 172.20.0.104 - - [05/Oct/2025:08:35:53 +0000] "PUT /d1/646/AUTH_ffbb1c514d6a4f40a7f8a9f769bc781a/gnocchi.cebab2a7-ecec-4c42-b8fc-013a1ede8d36/1759320000.0_mean_300.0_v3" 201 - "PUT http://172.18.0.178:8080/d1/527/AUTH_ffbb1c514d6a4f40a7f8a9f769bc781a/gnocchi.cebab2a7-ecec-4c42-b8fc-013a1ede8d36/1759320000.0_mean_300.0_v3" "tx29a0e6ea618f4b6b970ff-0068e22de9" "object-server 24" 0.0007 "-" 20 0
Oct 5 08:35:53 np0005471146 object-server[126725]: 172.20.0.104 - - [05/Oct/2025:08:35:53 +0000] "PUT /d1/527/AUTH_ffbb1c514d6a4f40a7f8a9f769bc781a/gnocchi.cebab2a7-ecec-4c42-b8fc-013a1ede8d36/1759320000.0_mean_300.0_v3" 201 - "PUT http://172.18.0.178:8080/v1/AUTH_ffbb1c514d6a4f40a7f8a9f769bc781a/gnocchi.cebab2a7-ecec-4c42-b8fc-013a1ede8d36/1759320000.0_mean_300.0_v3" "tx29a0e6ea618f4b6b970ff-0068e22de9" "proxy-server 20" 0.0124 "-" 22 0
Oct 5 08:35:53 np0005471146 container-server[126296]: 172.20.0.103 - - [05/Oct/2025:08:35:53 +0000] "PUT /d1/567/AUTH_ffbb1c514d6a4f40a7f8a9f769bc781a/gnocchi.974be382-e87f-4bea-a8ca-7e62c2bdd3fd/none_v3" 201 - "PUT http://172.18.0.178:8080/d1/812/AUTH_ffbb1c514d6a4f40a7f8a9f769bc781a/gnocchi.974be382-e87f-4bea-a8ca-7e62c2bdd3fd/none_v3" "txc58e46558a1d46378a3de-0068e22de9" "object-server 23" 0.0016 "-" 20 0
Oct 5 08:35:53 np0005471146 object-server[126729]: 172.20.0.103 - - [05/Oct/2025:08:35:53 +0000] "PUT /d1/812/AUTH_ffbb1c514d6a4f40a7f8a9f769bc781a/gnocchi.974be382-e87f-4bea-a8ca-7e62c2bdd3fd/none_v3" 201 - "PUT http://172.18.0.178:8080/v1/AUTH_ffbb1c514d6a4f40a7f8a9f769bc781a/gnocchi.974be382-e87f-4bea-a8ca-7e62c2bdd3fd/none_v3" "txc58e46558a1d46378a3de-0068e22de9" "proxy-server 20" 0.0143 "-" 23 0
Oct 5 08:35:53 np0005471146 object-server[126740]: 172.20.0.105 - - [05/Oct/2025:08:35:53 +0000] "PUT /d1/781/AUTH_ffbb1c514d6a4f40a7f8a9f769bc781a/gnocchi.cebab2a7-ecec-4c42-b8fc-013a1ede8d36/1759320000.0_rate%3Amean_300.0_v3" 201 - "PUT http://172.18.0.178:8080/v1/AUTH_ffbb1c514d6a4f40a7f8a9f769bc781a/gnocchi.cebab2a7-ecec-4c42-b8fc-013a1ede8d36/1759320000.0_rate%3Amean_300.0_v3" "tx99735fa14dd54b759fbbd-0068e22de9" "proxy-server 20" 0.0148 "-" 25 0
Oct 5 08:35:53 np0005471146 proxy-server[128140]: 172.18.0.178 172.18.0.104 05/Oct/2025/08/35/53 PUT /v1/AUTH_ffbb1c514d6a4f40a7f8a9f769bc781a/gnocchi.974be382-e87f-4bea-a8ca-7e62c2bdd3fd/none_v3 HTTP/1.0 201 - python-swiftclient-3.11.1 gAAAAABo4ixPODjF... 33 - - txc58e46558a1d46378a3de-0068e22de9 - 0.0267 - - 1759653353.458563805 1759653353.485234261 0
Oct 5 08:35:53 np0005471146 container-server[126296]: 172.20.0.104 - - [05/Oct/2025:08:35:53 +0000] "PUT /d1/646/AUTH_ffbb1c514d6a4f40a7f8a9f769bc781a/gnocchi.cebab2a7-ecec-4c42-b8fc-013a1ede8d36/1759320000.0_rate%3Amean_300.0_v3" 201 - "PUT http://172.18.0.178:8080/d1/781/AUTH_ffbb1c514d6a4f40a7f8a9f769bc781a/gnocchi.cebab2a7-ecec-4c42-b8fc-013a1ede8d36/1759320000.0_rate%3Amean_300.0_v3" "tx99735fa14dd54b759fbbd-0068e22de9" "object-server 25" 0.0009 "-" 20 0
Oct 5 08:35:53 np0005471146 container-server[126319]: 172.20.0.104 - - [05/Oct/2025:08:35:53 +0000] "PUT /d1/646/AUTH_ffbb1c514d6a4f40a7f8a9f769bc781a/gnocchi.cebab2a7-ecec-4c42-b8fc-013a1ede8d36/none_v3" 201 - "PUT http://172.18.0.178:8080/d1/886/AUTH_ffbb1c514d6a4f40a7f8a9f769bc781a/gnocchi.cebab2a7-ecec-4c42-b8fc-013a1ede8d36/none_v3" "txd59400b8667a4ee2b7672-0068e22de9" "object-server 22" 0.0012 "-" 21 0
Oct 5 08:35:53 np0005471146 object-server[126737]: 172.20.0.104 - - [05/Oct/2025:08:35:53 +0000] "PUT /d1/886/AUTH_ffbb1c514d6a4f40a7f8a9f769bc781a/gnocchi.cebab2a7-ecec-4c42-b8fc-013a1ede8d36/none_v3" 201 - "PUT http://172.18.0.178:8080/v1/AUTH_ffbb1c514d6a4f40a7f8a9f769bc781a/gnocchi.cebab2a7-ecec-4c42-b8fc-013a1ede8d36/none_v3" "txd59400b8667a4ee2b7672-0068e22de9" "proxy-server 20" 0.0183 "-" 24 0
Oct 5 08:35:53 np0005471146 container-server[126296]: 172.20.0.103 - - [05/Oct/2025:08:35:53 +0000] "HEAD /d1/951/AUTH_ffbb1c514d6a4f40a7f8a9f769bc781a/gnocchi.812d8853-9830-4007-a8c4-a077946f8fcd" 204 - "HEAD http://172.18.0.178:8080/v1/AUTH_ffbb1c514d6a4f40a7f8a9f769bc781a/gnocchi.812d8853-9830-4007-a8c4-a077946f8fcd?format=json&states=listing" "txf3cc09564c824ba78cf4f-0068e22de9" "proxy-server 20" 0.0031 "-" 20 0
Oct 5 08:35:53 np0005471146 proxy-server[128140]: 172.18.0.178 172.18.0.104 05/Oct/2025/08/35/53 GET /v1/AUTH_ffbb1c514d6a4f40a7f8a9f769bc781a/gnocchi.812d8853-9830-4007-a8c4-a077946f8fcd/none_v3 HTTP/1.0 200 - python-swiftclient-3.11.1 gAAAAABo4ixPODjF... - 22 - txf3cc09564c824ba78cf4f-0068e22de9 - 0.0272 - - 1759653353.509953976 1759653353.537138700 0
Oct 5 08:35:53 np0005471146 container-server[126325]: 172.20.0.105 - - [05/Oct/2025:08:35:53 +0000] "GET /d1/951/AUTH_ffbb1c514d6a4f40a7f8a9f769bc781a/gnocchi.812d8853-9830-4007-a8c4-a077946f8fcd" 200 357 "GET http://172.18.0.178:8080/v1/AUTH_ffbb1c514d6a4f40a7f8a9f769bc781a/gnocchi.812d8853-9830-4007-a8c4-a077946f8fcd?format=json&states=listing" "txa320b5dea237429d838f5-0068e22de9" "proxy-server 20" 0.0042 "-" 22 0
Oct 5 08:35:53 np0005471146 object-server[126729]: 172.20.0.103 - - [05/Oct/2025:08:35:53 +0000] "GET /d1/350/AUTH_ffbb1c514d6a4f40a7f8a9f769bc781a/gnocchi.812d8853-9830-4007-a8c4-a077946f8fcd/1759320000.0_mean_300.0_v3" 200 16 "GET http://172.18.0.178:8080/v1/AUTH_ffbb1c514d6a4f40a7f8a9f769bc781a/gnocchi.812d8853-9830-4007-a8c4-a077946f8fcd/1759320000.0_mean_300.0_v3" "txe13923530f5d4ecb8100d-0068e22de9" "proxy-server 20" 0.0011 "-" 23 0
Oct 5 08:35:53 np0005471146 proxy-server[128140]: 172.18.0.178 172.18.0.104 05/Oct/2025/08/35/53 GET /v1/AUTH_ffbb1c514d6a4f40a7f8a9f769bc781a/gnocchi.812d8853-9830-4007-a8c4-a077946f8fcd/1759320000.0_mean_300.0_v3 HTTP/1.0 200 - python-swiftclient-3.11.1 gAAAAABo4ixPODjF... - 16 - txe13923530f5d4ecb8100d-0068e22de9 - 0.0103 - - 1759653353.585577726 1759653353.595923185 0
Oct 5 08:35:53 np0005471146 object-server[126740]: 172.20.0.105 - - [05/Oct/2025:08:35:53 +0000] "GET /d1/542/AUTH_ffbb1c514d6a4f40a7f8a9f769bc781a/gnocchi.812d8853-9830-4007-a8c4-a077946f8fcd/1759320000.0_rate%3Amean_300.0_v3" 404 70 "GET http://172.18.0.178:8080/v1/AUTH_ffbb1c514d6a4f40a7f8a9f769bc781a/gnocchi.812d8853-9830-4007-a8c4-a077946f8fcd/1759320000.0_rate%3Amean_300.0_v3" "txf7691099bea6464ca27cb-0068e22de9" "proxy-server 20" 0.0006 "-" 25 0
Oct 5 08:35:53 np0005471146 container-server[126328]: 172.20.0.103 - - [05/Oct/2025:08:35:53 +0000] "HEAD /d1/852/AUTH_ffbb1c514d6a4f40a7f8a9f769bc781a/gnocchi.b91482ff-72d8-413b-96ef-5b7c844cebdb" 204 - "HEAD http://172.18.0.178:8080/v1/AUTH_ffbb1c514d6a4f40a7f8a9f769bc781a/gnocchi.b91482ff-72d8-413b-96ef-5b7c844cebdb?format=json&states=listing" "tx97cc6093652346d5b9b99-0068e22de9" "proxy-server 20" 0.0015 "-" 23 0
Oct 5 08:35:53 np0005471146 object-server[126737]: 172.20.0.103 - - [05/Oct/2025:08:35:53 +0000] "GET /d1/794/AUTH_ffbb1c514d6a4f40a7f8a9f769bc781a/gnocchi.b91482ff-72d8-413b-96ef-5b7c844cebdb/none_v3" 200 22 "GET http://172.18.0.178:8080/v1/AUTH_ffbb1c514d6a4f40a7f8a9f769bc781a/gnocchi.b91482ff-72d8-413b-96ef-5b7c844cebdb/none_v3" "tx97cc6093652346d5b9b99-0068e22de9" "proxy-server 20" 0.0012 "-" 24 0
Oct 5 08:35:53 np0005471146 proxy-server[128140]: 172.18.0.105 172.18.0.104 05/Oct/2025/08/35/53 GET /v1/AUTH_ffbb1c514d6a4f40a7f8a9f769bc781a/gnocchi.b91482ff-72d8-413b-96ef-5b7c844cebdb/none_v3 HTTP/1.0 200 - python-swiftclient-3.11.1 gAAAAABo4ixtepNT... - 22 - tx97cc6093652346d5b9b99-0068e22de9 - 0.0175 - - 1759653353.617704391 1759653353.635164976 0
Oct 5 08:35:53 np0005471146 container-server[126328]: 172.20.0.103 - - [05/Oct/2025:08:35:53 +0000] "PUT /d1/951/AUTH_ffbb1c514d6a4f40a7f8a9f769bc781a/gnocchi.812d8853-9830-4007-a8c4-a077946f8fcd/1759320000.0_mean_300.0_v3" 201 - "PUT http://172.18.0.178:8080/d1/350/AUTH_ffbb1c514d6a4f40a7f8a9f769bc781a/gnocchi.812d8853-9830-4007-a8c4-a077946f8fcd/1759320000.0_mean_300.0_v3" "txdfa62b27d0ee422db1750-0068e22de9" "object-server 24" 0.0006 "-" 23 0
Oct 5 08:35:53 np0005471146 object-server[126737]: 172.20.0.104 - - [05/Oct/2025:08:35:53 +0000] "PUT /d1/350/AUTH_ffbb1c514d6a4f40a7f8a9f769bc781a/gnocchi.812d8853-9830-4007-a8c4-a077946f8fcd/1759320000.0_mean_300.0_v3" 201 - "PUT http://172.18.0.178:8080/v1/AUTH_ffbb1c514d6a4f40a7f8a9f769bc781a/gnocchi.812d8853-9830-4007-a8c4-a077946f8fcd/1759320000.0_mean_300.0_v3" "txdfa62b27d0ee422db1750-0068e22de9" "proxy-server 20" 0.0134 "-" 24 0
Oct 5 08:35:53 np0005471146 container-server[126325]: 172.20.0.103 - - [05/Oct/2025:08:35:53 +0000] "PUT /d1/951/AUTH_ffbb1c514d6a4f40a7f8a9f769bc781a/gnocchi.812d8853-9830-4007-a8c4-a077946f8fcd/1759320000.0_rate%3Amean_300.0_v3" 201 - "PUT http://172.18.0.178:8080/d1/542/AUTH_ffbb1c514d6a4f40a7f8a9f769bc781a/gnocchi.812d8853-9830-4007-a8c4-a077946f8fcd/1759320000.0_rate%3Amean_300.0_v3" "tx1570c696cc424f03b24cc-0068e22de9" "object-server 23" 0.0007 "-" 22 0
Oct 5 08:35:53 np0005471146 object-server[126729]: 172.20.0.103 - - [05/Oct/2025:08:35:53 +0000] "PUT /d1/542/AUTH_ffbb1c514d6a4f40a7f8a9f769bc781a/gnocchi.812d8853-9830-4007-a8c4-a077946f8fcd/1759320000.0_rate%3Amean_300.0_v3" 201 - "PUT http://172.18.0.178:8080/v1/AUTH_ffbb1c514d6a4f40a7f8a9f769bc781a/gnocchi.812d8853-9830-4007-a8c4-a077946f8fcd/1759320000.0_rate%3Amean_300.0_v3" "tx1570c696cc424f03b24cc-0068e22de9" "proxy-server 20" 0.0094 "-" 23 0
Oct 5 08:35:53 np0005471146 proxy-server[128140]: 172.18.0.178 172.18.0.104 05/Oct/2025/08/35/53 PUT /v1/AUTH_ffbb1c514d6a4f40a7f8a9f769bc781a/gnocchi.812d8853-9830-4007-a8c4-a077946f8fcd/1759320000.0_rate%253Amean_300.0_v3 HTTP/1.0 201 - python-swiftclient-3.11.1 gAAAAABo4ixPODjF... 16 - - tx1570c696cc424f03b24cc-0068e22de9 - 0.0214 - - 1759653353.644216061 1759653353.665578127 0
Oct 5 08:35:53 np0005471146 container-server[126296]: 172.20.0.104 - - [05/Oct/2025:08:35:53 +0000] "PUT /d1/951/AUTH_ffbb1c514d6a4f40a7f8a9f769bc781a/gnocchi.812d8853-9830-4007-a8c4-a077946f8fcd/none_v3" 201 - "PUT http://172.18.0.178:8080/d1/814/AUTH_ffbb1c514d6a4f40a7f8a9f769bc781a/gnocchi.812d8853-9830-4007-a8c4-a077946f8fcd/none_v3" "tx0ea060bb196d49d198dc2-0068e22de9" "object-server 22" 0.0005 "-" 20 0
Oct 5 08:35:53 np0005471146 object-server[126725]: 172.20.0.104 - - [05/Oct/2025:08:35:53 +0000] "PUT /d1/814/AUTH_ffbb1c514d6a4f40a7f8a9f769bc781a/gnocchi.812d8853-9830-4007-a8c4-a077946f8fcd/none_v3" 201 - "PUT http://172.18.0.178:8080/v1/AUTH_ffbb1c514d6a4f40a7f8a9f769bc781a/gnocchi.812d8853-9830-4007-a8c4-a077946f8fcd/none_v3" "tx0ea060bb196d49d198dc2-0068e22de9" "proxy-server 20" 0.0184 "-" 22 0
Oct 5 08:35:53 np0005471146 object-server[126737]: 172.20.0.103 - - [05/Oct/2025:08:35:53 +0000] "GET /d1/943/AUTH_ffbb1c514d6a4f40a7f8a9f769bc781a/gnocchi.b91482ff-72d8-413b-96ef-5b7c844cebdb/1759320000.0_rate%3Amean_300.0_v3" 404 70 "GET http://172.18.0.178:8080/v1/AUTH_ffbb1c514d6a4f40a7f8a9f769bc781a/gnocchi.b91482ff-72d8-413b-96ef-5b7c844cebdb/1759320000.0_rate%3Amean_300.0_v3" "tx61aa030491e04988b3e9a-0068e22de9" "proxy-server 20" 0.0006 "-" 24 0
Oct 5 08:35:53 np0005471146 proxy-server[128140]: 172.18.0.105 172.18.0.104 05/Oct/2025/08/35/53 GET /v1/AUTH_ffbb1c514d6a4f40a7f8a9f769bc781a/gnocchi.b91482ff-72d8-413b-96ef-5b7c844cebdb/1759320000.0_rate%253Amean_300.0_v3 HTTP/1.0 404 - python-swiftclient-3.11.1 gAAAAABo4ixtepNT... - 70 - tx61aa030491e04988b3e9a-0068e22de9 - 0.0419 - - 1759653353.687267542 1759653353.729188442 0
Oct 5 08:35:53 np0005471146 object-server[126740]: 172.20.0.104 - - [05/Oct/2025:08:35:53 +0000] "PUT /d1/531/AUTH_ffbb1c514d6a4f40a7f8a9f769bc781a/gnocchi.b91482ff-72d8-413b-96ef-5b7c844cebdb/1759320000.0_mean_300.0_v3" 201 - "PUT http://172.18.0.178:8080/v1/AUTH_ffbb1c514d6a4f40a7f8a9f769bc781a/gnocchi.b91482ff-72d8-413b-96ef-5b7c844cebdb/1759320000.0_mean_300.0_v3" "tx03aa41bda8614e54b40f6-0068e22de9" "proxy-server 20" 0.0110 "-" 25 0
Oct 5 08:35:53 np0005471146 container-server[126319]: 172.20.0.104 - - [05/Oct/2025:08:35:53 +0000] "PUT /d1/852/AUTH_ffbb1c514d6a4f40a7f8a9f769bc781a/gnocchi.b91482ff-72d8-413b-96ef-5b7c844cebdb/1759320000.0_mean_300.0_v3" 201 - "PUT http://172.18.0.178:8080/d1/531/AUTH_ffbb1c514d6a4f40a7f8a9f769bc781a/gnocchi.b91482ff-72d8-413b-96ef-5b7c844cebdb/1759320000.0_mean_300.0_v3" "tx03aa41bda8614e54b40f6-0068e22de9" "object-server 25" 0.0008 "-" 21 0
Oct 5 08:35:53 np0005471146 proxy-server[128140]: 172.18.0.103 172.18.0.104 05/Oct/2025/08/35/53 GET /v1/AUTH_ffbb1c514d6a4f40a7f8a9f769bc781a/gnocchi.6aa7b351-85b7-4149-aa8e-ba7242fca0e1%3Fformat%3Djson%26states%3Dlisting HTTP/1.0 200 - python-swiftclient-3.11.1 gAAAAABo4iyYaC5C... - 550 - txc77fb7a33ef045ed97193-0068e22de9 - 0.0234 - - 1759653353.737544298 1759653353.760909796 0
Oct 5 08:35:53 np0005471146 container-server[126325]: 172.20.0.105 - - [05/Oct/2025:08:35:53 +0000] "PUT /d1/852/AUTH_ffbb1c514d6a4f40a7f8a9f769bc781a/gnocchi.b91482ff-72d8-413b-96ef-5b7c844cebdb/1759320000.0_rate%3Amean_300.0_v3" 201 - "PUT http://172.18.0.178:8080/d1/943/AUTH_ffbb1c514d6a4f40a7f8a9f769bc781a/gnocchi.b91482ff-72d8-413b-96ef-5b7c844cebdb/1759320000.0_rate%3Amean_300.0_v3" "tx94acabaa734b492091444-0068e22de9" "object-server 22" 0.0006 "-" 22 0
Oct 5 08:35:53 np0005471146 container-server[126328]: 172.20.0.105 - - [05/Oct/2025:08:35:53 +0000] "GET /d1/855/AUTH_ffbb1c514d6a4f40a7f8a9f769bc781a/gnocchi.6aa7b351-85b7-4149-aa8e-ba7242fca0e1" 200 2 "GET http://172.18.0.178:8080/v1/AUTH_ffbb1c514d6a4f40a7f8a9f769bc781a/gnocchi.6aa7b351-85b7-4149-aa8e-ba7242fca0e1?format=json&marker=none_v3&states=listing" "tx3056edc85f2644528e123-0068e22de9" "proxy-server 20" 0.0112 "-" 23 0
Oct 5 08:35:53 np0005471146 object-server[126729]: 172.20.0.103 - - [05/Oct/2025:08:35:53 +0000] "PUT /d1/943/AUTH_ffbb1c514d6a4f40a7f8a9f769bc781a/gnocchi.b91482ff-72d8-413b-96ef-5b7c844cebdb/1759320000.0_rate%3Amean_300.0_v3" 201 - "PUT http://172.18.0.178:8080/v1/AUTH_ffbb1c514d6a4f40a7f8a9f769bc781a/gnocchi.b91482ff-72d8-413b-96ef-5b7c844cebdb/1759320000.0_rate%3Amean_300.0_v3" "tx94acabaa734b492091444-0068e22de9" "proxy-server 20" 0.0109 "-" 23 0
Oct 5 08:35:53 np0005471146 proxy-server[128140]: 172.18.0.105 172.18.0.104 05/Oct/2025/08/35/53 PUT /v1/AUTH_ffbb1c514d6a4f40a7f8a9f769bc781a/gnocchi.b91482ff-72d8-413b-96ef-5b7c844cebdb/1759320000.0_rate%253Amean_300.0_v3 HTTP/1.0 201 - python-swiftclient-3.11.1 gAAAAABo4ixtepNT... 16 - - tx94acabaa734b492091444-0068e22de9 - 0.0228 - - 1759653353.766193390 1759653353.789015770 0
Oct 5 08:35:53 np0005471146 proxy-server[128140]: 172.18.0.103 172.18.0.104 05/Oct/2025/08/35/53 GET /v1/AUTH_ffbb1c514d6a4f40a7f8a9f769bc781a/gnocchi.6aa7b351-85b7-4149-aa8e-ba7242fca0e1/1759320000.0_mean_300.0_v3 HTTP/1.0 200 - python-swiftclient-3.11.1 gAAAAABo4iyYaC5C... - 23 - tx14f80083848343d4b1a8c-0068e22de9 - 0.0072 - - 1759653353.803941488 1759653353.811143398 0
Oct 5 08:35:53 np0005471146 container-server[126296]: 172.20.0.105 - - [05/Oct/2025:08:35:53 +0000] "PUT /d1/852/AUTH_ffbb1c514d6a4f40a7f8a9f769bc781a/gnocchi.b91482ff-72d8-413b-96ef-5b7c844cebdb/none_v3" 201 - "PUT http://172.18.0.178:8080/d1/794/AUTH_ffbb1c514d6a4f40a7f8a9f769bc781a/gnocchi.b91482ff-72d8-413b-96ef-5b7c844cebdb/none_v3" "txe73583ebb1e14fe4b16f1-0068e22de9" "object-server 25" 0.0007 "-" 20 0
Oct 5 08:35:53 np0005471146 object-server[126737]: 172.20.0.104 - - [05/Oct/2025:08:35:53 +0000] "PUT /d1/794/AUTH_ffbb1c514d6a4f40a7f8a9f769bc781a/gnocchi.b91482ff-72d8-413b-96ef-5b7c844cebdb/none_v3" 201 - "PUT http://172.18.0.178:8080/v1/AUTH_ffbb1c514d6a4f40a7f8a9f769bc781a/gnocchi.b91482ff-72d8-413b-96ef-5b7c844cebdb/none_v3" "txe73583ebb1e14fe4b16f1-0068e22de9" "proxy-server 20" 0.0161 "-" 24 0
Oct 5 08:35:53 np0005471146 container-server[126328]: 172.20.0.105 - - [05/Oct/2025:08:35:53 +0000] "PUT /d1/855/AUTH_ffbb1c514d6a4f40a7f8a9f769bc781a/gnocchi.6aa7b351-85b7-4149-aa8e-ba7242fca0e1/1759320000.0_mean_300.0_v3" 201 - "PUT http://172.18.0.178:8080/d1/565/AUTH_ffbb1c514d6a4f40a7f8a9f769bc781a/gnocchi.6aa7b351-85b7-4149-aa8e-ba7242fca0e1/1759320000.0_mean_300.0_v3" "tx82d223c6fe74414da1746-0068e22de9" "object-server 25" 0.0008 "-" 23 0
Oct 5 08:35:53 np0005471146 object-server[126740]: 172.20.0.103 - - [05/Oct/2025:08:35:53 +0000] "PUT /d1/565/AUTH_ffbb1c514d6a4f40a7f8a9f769bc781a/gnocchi.6aa7b351-85b7-4149-aa8e-ba7242fca0e1/1759320000.0_mean_300.0_v3" 201 - "PUT http://172.18.0.178:8080/v1/AUTH_ffbb1c514d6a4f40a7f8a9f769bc781a/gnocchi.6aa7b351-85b7-4149-aa8e-ba7242fca0e1/1759320000.0_mean_300.0_v3" "tx82d223c6fe74414da1746-0068e22de9" "proxy-server 20" 0.0153 "-" 25 0
Oct 5 08:35:53 np0005471146 proxy-server[128140]: 172.18.0.103 172.18.0.104 05/Oct/2025/08/35/53 PUT /v1/AUTH_ffbb1c514d6a4f40a7f8a9f769bc781a/gnocchi.6aa7b351-85b7-4149-aa8e-ba7242fca0e1/1759320000.0_mean_300.0_v3 HTTP/1.0 201 - python-swiftclient-3.11.1 gAAAAABo4iyYaC5C... 23 - - tx82d223c6fe74414da1746-0068e22de9 - 0.0246 - - 1759653353.836226225 1759653353.860776424 0
Oct 5 08:35:53 np0005471146 container-server[126325]: 172.20.0.103 - - [05/Oct/2025:08:35:53 +0000] "PUT /d1/855/AUTH_ffbb1c514d6a4f40a7f8a9f769bc781a/gnocchi.6aa7b351-85b7-4149-aa8e-ba7242fca0e1/1759320000.0_rate%3Amean_300.0_v3" 201 - "PUT http://172.18.0.178:8080/d1/928/AUTH_ffbb1c514d6a4f40a7f8a9f769bc781a/gnocchi.6aa7b351-85b7-4149-aa8e-ba7242fca0e1/1759320000.0_rate%3Amean_300.0_v3" "txe94c9866e8724ea39d813-0068e22de9" "object-server 25" 0.0006 "-" 22 0
Oct 5 08:35:53 np0005471146 object-server[126740]: 172.20.0.104 - - [05/Oct/2025:08:35:53 +0000] "PUT /d1/928/AUTH_ffbb1c514d6a4f40a7f8a9f769bc781a/gnocchi.6aa7b351-85b7-4149-aa8e-ba7242fca0e1/1759320000.0_rate%3Amean_300.0_v3" 201 - "PUT http://172.18.0.178:8080/v1/AUTH_ffbb1c514d6a4f40a7f8a9f769bc781a/gnocchi.6aa7b351-85b7-4149-aa8e-ba7242fca0e1/1759320000.0_rate%3Amean_300.0_v3" "txe94c9866e8724ea39d813-0068e22de9" "proxy-server 20" 0.0145 "-" 25 0
Oct 5 08:35:53 np0005471146 container-server[126319]: 172.20.0.104 - - [05/Oct/2025:08:35:53 +0000] "PUT /d1/855/AUTH_ffbb1c514d6a4f40a7f8a9f769bc781a/gnocchi.6aa7b351-85b7-4149-aa8e-ba7242fca0e1/none_v3" 201 - "PUT http://172.18.0.178:8080/d1/419/AUTH_ffbb1c514d6a4f40a7f8a9f769bc781a/gnocchi.6aa7b351-85b7-4149-aa8e-ba7242fca0e1/none_v3" "tx70a751a1cedc4c9294c38-0068e22de9" "object-server 23" 0.0008 "-" 21 0
Oct 5 08:35:53 np0005471146 object-server[126725]: 172.20.0.103 - - [05/Oct/2025:08:35:53 +0000] "PUT /d1/419/AUTH_ffbb1c514d6a4f40a7f8a9f769bc781a/gnocchi.6aa7b351-85b7-4149-aa8e-ba7242fca0e1/none_v3" 201 - "PUT http://172.18.0.178:8080/v1/AUTH_ffbb1c514d6a4f40a7f8a9f769bc781a/gnocchi.6aa7b351-85b7-4149-aa8e-ba7242fca0e1/none_v3" "tx70a751a1cedc4c9294c38-0068e22de9" "proxy-server 20" 0.0142 "-" 22 0
Oct 5 08:35:53 np0005471146 proxy-server[128140]: 172.18.0.103 172.18.0.104 05/Oct/2025/08/35/53 PUT /v1/AUTH_ffbb1c514d6a4f40a7f8a9f769bc781a/gnocchi.6aa7b351-85b7-4149-aa8e-ba7242fca0e1/none_v3 HTTP/1.0 201 - python-swiftclient-3.11.1 gAAAAABo4iyYaC5C... 32 - - tx70a751a1cedc4c9294c38-0068e22de9 - 0.0243 - - 1759653353.899302483 1759653353.923572063 0
Oct 5 08:35:53 np0005471146 object-server[126737]: 172.20.0.103 - - [05/Oct/2025:08:35:53 +0000] "GET /d1/347/AUTH_ffbb1c514d6a4f40a7f8a9f769bc781a/gnocchi.dda64f45-a86b-4fc6-83cd-239cb3b859f1/1759320000.0_mean_300.0_v3" 200 16 "GET http://172.18.0.178:8080/v1/AUTH_ffbb1c514d6a4f40a7f8a9f769bc781a/gnocchi.dda64f45-a86b-4fc6-83cd-239cb3b859f1/1759320000.0_mean_300.0_v3" "txbbc6311311eb49398a50b-0068e22de9" "proxy-server 20" 0.0014 "-" 24 0
Oct 5 08:35:53 np0005471146 proxy-server[128140]: 172.18.0.105 172.18.0.104 05/Oct/2025/08/35/53 GET /v1/AUTH_ffbb1c514d6a4f40a7f8a9f769bc781a/gnocchi.dda64f45-a86b-4fc6-83cd-239cb3b859f1/1759320000.0_mean_300.0_v3 HTTP/1.0 200 - python-swiftclient-3.11.1 gAAAAABo4ixtepNT... - 16 - txbbc6311311eb49398a50b-0068e22de9 - 0.0114 - - 1759653353.958241463 1759653353.969688416 0
Oct 5 08:35:53 np0005471146 container-server[126328]: 172.20.0.104 - - [05/Oct/2025:08:35:53 +0000] "PUT /d1/775/AUTH_ffbb1c514d6a4f40a7f8a9f769bc781a/gnocchi.dda64f45-a86b-4fc6-83cd-239cb3b859f1/1759320000.0_mean_300.0_v3" 201 - "PUT http://172.18.0.178:8080/d1/347/AUTH_ffbb1c514d6a4f40a7f8a9f769bc781a/gnocchi.dda64f45-a86b-4fc6-83cd-239cb3b859f1/1759320000.0_mean_300.0_v3" "tx2034c7ce545045dcb1bc7-0068e22de9" "object-server 22" 0.0008 "-" 23 0
Oct 5 08:35:54 np0005471146 object-server[126740]: 172.20.0.104 - - [05/Oct/2025:08:35:54 +0000] "PUT /d1/347/AUTH_ffbb1c514d6a4f40a7f8a9f769bc781a/gnocchi.dda64f45-a86b-4fc6-83cd-239cb3b859f1/1759320000.0_mean_300.0_v3" 201 - "PUT http://172.18.0.178:8080/v1/AUTH_ffbb1c514d6a4f40a7f8a9f769bc781a/gnocchi.dda64f45-a86b-4fc6-83cd-239cb3b859f1/1759320000.0_mean_300.0_v3" "tx2034c7ce545045dcb1bc7-0068e22de9" "proxy-server 20" 0.0170 "-" 25 0
Oct 5 08:35:54 np0005471146 container-server[126319]: 172.20.0.103 - - [05/Oct/2025:08:35:54 +0000] "PUT /d1/775/AUTH_ffbb1c514d6a4f40a7f8a9f769bc781a/gnocchi.dda64f45-a86b-4fc6-83cd-239cb3b859f1/none_v3" 201 - "PUT http://172.18.0.178:8080/d1/315/AUTH_ffbb1c514d6a4f40a7f8a9f769bc781a/gnocchi.dda64f45-a86b-4fc6-83cd-239cb3b859f1/none_v3" "txe2495204a81a451b99c60-0068e22dea" "object-server 23" 0.0008 "-" 21 0
Oct 5 08:35:54 np0005471146 object-server[126729]: 172.20.0.105 - - [05/Oct/2025:08:35:54 +0000] "PUT /d1/315/AUTH_ffbb1c514d6a4f40a7f8a9f769bc781a/gnocchi.dda64f45-a86b-4fc6-83cd-239cb3b859f1/none_v3" 201 - "PUT http://172.18.0.178:8080/v1/AUTH_ffbb1c514d6a4f40a7f8a9f769bc781a/gnocchi.dda64f45-a86b-4fc6-83cd-239cb3b859f1/none_v3" "txe2495204a81a451b99c60-0068e22dea" "proxy-server 20" 0.0151 "-" 23 0
Oct 5 08:36:06 np0005471146 object-server[126411]: Starting object replication pass.
Oct 5 08:36:07 np0005471146 object-server[126411]: 57/57 (100.00%) partitions replicated in 0.48s (117.58/sec, 0s remaining)
Oct 5 08:36:07 np0005471146 object-server[126411]: 114 successes, 0 failures
Oct 5 08:36:07 np0005471146 object-server[126411]: 57 suffixes checked - 0.00% hashed, 0.00% synced
Oct 5 08:36:07 np0005471146 object-server[126411]: Partition times: max 0.0171s, min 0.0057s, med 0.0077s
Oct 5 08:36:07 np0005471146 object-server[126411]: Object replication complete. (0.01 minutes)
Oct 5 08:36:11 np0005471146 container-server[125905]: Beginning replication run
Oct 5 08:36:12 np0005471146 container-server[125905]: Replication run OVER
Oct 5 08:36:12 np0005471146 container-server[125905]: Attempted to replicate 22 dbs in 0.43782 seconds (50.24879/s)
Oct 5 08:36:12 np0005471146 container-server[125905]: Removed 0 dbs
Oct 5 08:36:12 np0005471146 container-server[125905]: 44 successes, 0 failures
Oct 5 08:36:12 np0005471146 container-server[125905]: diff:0 diff_capped:0 empty:0 hashmatch:0 no_change:44 remote_merge:0 rsync:0 ts_repl:0
Oct 5 08:36:12 np0005471146 account-server[126121]: 172.20.0.104 - - [05/Oct/2025:08:36:12 +0000] "HEAD /d1/525/.expiring_objects" 404 - "HEAD http://localhost/v1/.expiring_objects?format=json" "tx3b52a2602dec46d9872e1-0068e22dfc" "proxy-server 2" 0.0007 "-" 23 -
Oct 5 08:36:14 np0005471146 object-server[256818]: Begin object audit "forever" mode (ZBF)
Oct 5 08:36:14 np0005471146 object-server[256818]: Object audit (ZBF). Since Sun Oct 5 08:36:14 2025: Locally: 1 passed, 0 quarantined, 0 errors, files/sec: 563.30, bytes/sec: 0.00, Total time: 0.00, Auditing time: 0.00, Rate: 0.00
Oct 5 08:36:15 np0005471146 object-server[256818]: Object audit (ZBF) "forever" mode completed: 1.12s. Total quarantined: 0, Total errors: 0, Total files/sec: 50.76, Total bytes/sec: 0.00, Auditing time: 1.11, Rate: 0.99
Oct 5 08:36:15 np0005471146 container-server[125803]: Begin container audit pass.
Oct 5 08:36:15 np0005471146 account-server[125761]: Beginning replication run
Oct 5 08:36:15 np0005471146 account-server[125761]: Replication run OVER
Oct 5 08:36:15 np0005471146 account-server[125761]: Attempted to replicate 1 dbs in 0.02014 seconds (49.66176/s)
Oct 5 08:36:15 np0005471146 account-server[125761]: Removed 0 dbs
Oct 5 08:36:15 np0005471146 account-server[125761]: 2 successes, 0 failures
Oct 5 08:36:15 np0005471146 account-server[125761]: diff:0 diff_capped:0 empty:0 hashmatch:0 no_change:2 remote_merge:0 rsync:0 ts_repl:0
Oct 5 08:36:37 np0005471146 object-server[126411]: Starting object replication pass.
Oct 5 08:36:38 np0005471146 object-server[126411]: 57/57 (100.00%) partitions replicated in 0.57s (100.73/sec, 0s remaining)
Oct 5 08:36:38 np0005471146 object-server[126411]: 114 successes, 0 failures
Oct 5 08:36:38 np0005471146 object-server[126411]: 57 suffixes checked - 0.00% hashed, 0.00% synced
Oct 5 08:36:38 np0005471146 object-server[126411]: Partition times: max 0.0259s, min 0.0064s, med 0.0087s
Oct 5 08:36:38 np0005471146 object-server[126411]: Object replication complete. (0.01 minutes)
Oct 5 08:36:41 np0005471146 container-server[125905]: Beginning replication run
Oct 5 08:36:42 np0005471146 container-server[125905]: Replication run OVER
Oct 5 08:36:42 np0005471146 container-server[125905]: Attempted to replicate 22 dbs in 0.43532 seconds (50.53731/s)
Oct 5 08:36:42 np0005471146 container-server[125905]: Removed 0 dbs
Oct 5 08:36:42 np0005471146 container-server[125905]: 44 successes, 0 failures
Oct 5 08:36:42 np0005471146 container-server[125905]: diff:0 diff_capped:0 empty:0 hashmatch:0 no_change:44 remote_merge:0 rsync:0 ts_repl:0
Oct 5 08:36:45 np0005471146 object-server[262933]: Begin object audit "forever" mode (ZBF)
Oct 5 08:36:45 np0005471146 object-server[262933]: Object audit (ZBF). Since Sun Oct 5 08:36:45 2025: Locally: 1 passed, 0 quarantined, 0 errors, files/sec: 607.96, bytes/sec: 0.00, Total time: 0.00, Auditing time: 0.00, Rate: 0.00
Oct 5 08:36:45 np0005471146 object-server[262934]: Begin object audit "forever" mode (ALL)
Oct 5 08:36:45 np0005471146 object-server[262934]: Object audit (ALL). Since Sun Oct 5 08:36:45 2025: Locally: 1 passed, 0 quarantined, 0 errors, files/sec: 110.01, bytes/sec: 1760.19, Total time: 0.01, Auditing time: 0.00, Rate: 0.00
Oct 5 08:36:45 np0005471146 account-server[125761]: Beginning replication run
Oct 5 08:36:45 np0005471146 account-server[125761]: Replication run OVER
Oct 5 08:36:45 np0005471146 account-server[125761]: Attempted to replicate 1 dbs in 0.01610 seconds (62.09697/s)
Oct 5 08:36:45 np0005471146 account-server[125761]: Removed 0 dbs
Oct 5 08:36:45 np0005471146 account-server[125761]: 2 successes, 0 failures
Oct 5 08:36:45 np0005471146 account-server[125761]: diff:0 diff_capped:0 empty:0 hashmatch:0 no_change:2 remote_merge:0 rsync:0 ts_repl:0
Oct 5 08:36:46 np0005471146 object-server[262933]: Object audit (ZBF) "forever" mode completed: 1.12s. Total quarantined: 0, Total errors: 0, Total files/sec: 50.76, Total bytes/sec: 0.00, Auditing time: 1.11, Rate: 0.99
Oct 5 08:36:47 np0005471146 account-server[126061]: 172.20.0.105 - - [05/Oct/2025:08:36:47 +0000] "HEAD /d1/525/.expiring_objects" 404 - "HEAD http://localhost/v1/.expiring_objects?format=json" "tx368eacf271cc46c989ebd-0068e22e1f" "proxy-server 2" 0.0005 "-" 21 -
Oct 5 08:36:48 np0005471146 object-server[262934]: Object audit (ALL) "forever" mode completed: 2.81s. Total quarantined: 0, Total errors: 0, Total files/sec: 20.29, Total bytes/sec: 466.94, Auditing time: 2.79, Rate: 0.99
Oct 5 08:37:07 np0005471146 account-server[126094]: 172.20.0.103 - - [05/Oct/2025:08:37:07 +0000] "HEAD /d1/525/.expiring_objects" 404 - "HEAD http://localhost/v1/.expiring_objects?format=json" "txc871a36109514cff8ead9-0068e22e33" "proxy-server 2" 0.0008 "-" 22 -
Oct 5 08:37:07 np0005471146 object-expirer[126502]: Pass completed in 0s; 0 objects expired (txn: txc871a36109514cff8ead9-0068e22e33)
Oct 5 08:37:08 np0005471146 object-server[126411]: Starting object replication pass.
Oct 5 08:37:08 np0005471146 object-server[126411]: 57/57 (100.00%) partitions replicated in 0.50s (114.98/sec, 0s remaining)
Oct 5 08:37:08 np0005471146 object-server[126411]: 114 successes, 0 failures
Oct 5 08:37:08 np0005471146 object-server[126411]: 57 suffixes checked - 0.00% hashed, 0.00% synced
Oct 5 08:37:08 np0005471146 object-server[126411]: Partition times: max 0.0139s, min 0.0061s, med 0.0080s
Oct 5 08:37:08 np0005471146 object-server[126411]: Object replication complete. (0.01 minutes)
Oct 5 08:37:10 np0005471146 account-server[126094]: 172.20.0.104 - - [05/Oct/2025:08:37:10 +0000] "PUT /d1/852/AUTH_ffbb1c514d6a4f40a7f8a9f769bc781a/gnocchi.630ced32-f036-4c8c-bebe-dfa7df1b4507" 201 - "-" "-" "container-updater 2" 0.0011 "-" 22 0
Oct 5 08:37:10 np0005471146 account-server[126036]: 172.20.0.104 - - [05/Oct/2025:08:37:10 +0000] "PUT /d1/852/AUTH_ffbb1c514d6a4f40a7f8a9f769bc781a/gnocchi.c1f22f51-3ab2-4ed3-a2be-e913312125fc" 201 - "-" "-" "container-updater 2" 0.0010 "-" 20 0
Oct 5 08:37:10 np0005471146 account-server[126036]: 172.20.0.104 - - [05/Oct/2025:08:37:10 +0000] "PUT /d1/852/AUTH_ffbb1c514d6a4f40a7f8a9f769bc781a/gnocchi.80bb1bb0-b35e-4ba8-a2bb-fd16b5b44bba" 201 - "-" "-" "container-updater 2" 0.0006 "-" 20 0
Oct 5 08:37:10 np0005471146 account-server[126094]: 172.20.0.104 - - [05/Oct/2025:08:37:10 +0000] "PUT /d1/852/AUTH_ffbb1c514d6a4f40a7f8a9f769bc781a/gnocchi.812d8853-9830-4007-a8c4-a077946f8fcd" 201 - "-" "-" "container-updater 2" 0.0007 "-" 22 0
Oct 5 08:37:10 np0005471146 account-server[126094]: 172.20.0.104 - - [05/Oct/2025:08:37:10 +0000] "PUT /d1/852/AUTH_ffbb1c514d6a4f40a7f8a9f769bc781a/gnocchi.974be382-e87f-4bea-a8ca-7e62c2bdd3fd" 201 - "-" "-" "container-updater 2" 0.0007 "-" 22 0
Oct 5 08:37:11 np0005471146 account-server[126036]: 172.20.0.104 - - [05/Oct/2025:08:37:11 +0000] "PUT /d1/852/AUTH_ffbb1c514d6a4f40a7f8a9f769bc781a/gnocchi.25a1eb0e-726c-49ea-b034-65511fd14d47" 201 - "-" "-" "container-updater 2" 0.0010 "-" 20 0
Oct 5 08:37:11 np0005471146 account-server[126061]: 172.20.0.104 - - [05/Oct/2025:08:37:11 +0000] "PUT /d1/852/AUTH_ffbb1c514d6a4f40a7f8a9f769bc781a/gnocchi.438e0e68-ec6d-4307-aed3-840f4b7d7c0d" 201 - "-" "-" "container-updater 2" 0.0006 "-" 21 0
Oct 5 08:37:11 np0005471146 account-server[126061]: 172.20.0.104 - - [05/Oct/2025:08:37:11 +0000] "PUT /d1/852/AUTH_ffbb1c514d6a4f40a7f8a9f769bc781a/gnocchi.b91482ff-72d8-413b-96ef-5b7c844cebdb" 201 - "-" "-" "container-updater 2" 0.0007 "-" 21 0
Oct 5 08:37:11 np0005471146 account-server[126121]: 172.20.0.104 - - [05/Oct/2025:08:37:11 +0000] "PUT /d1/852/AUTH_ffbb1c514d6a4f40a7f8a9f769bc781a/gnocchi.7b1cfb9f-e398-41bd-b164-31557797eb07" 201 - "-" "-" "container-updater 2" 0.0006 "-" 23 0
Oct 5 08:37:11 np0005471146 account-server[126036]: 172.20.0.104 - - [05/Oct/2025:08:37:11 +0000] "PUT /d1/852/AUTH_ffbb1c514d6a4f40a7f8a9f769bc781a/gnocchi.34d0c3fe-275b-44da-a4d2-7d85fffb2a30" 201 - "-" "-" "container-updater 2" 0.0007 "-" 20 0
