Oct 5 08:30:16 np0005471146 object-server[126725]: 172.20.0.103 - - [05/Oct/2025:08:30:16 +0000] "GET /d1/801/AUTH_ffbb1c514d6a4f40a7f8a9f769bc781a/gnocchi.3b18e974-54e7-4113-bd79-01f93e83d4ff/1759320000.0_mean_300.0_v3" 404 70 "GET http://172.18.0.178:8080/v1/AUTH_ffbb1c514d6a4f40a7f8a9f769bc781a/gnocchi.3b18e974-54e7-4113-bd79-01f93e83d4ff/1759320000.0_mean_300.0_v3" "tx3b08afabf6c54d1983c23-0068e22c98" "proxy-server 20" 0.0005 "-" 22 0
Oct 5 08:30:16 np0005471146 proxy-server[128140]: 172.18.0.105 172.18.0.104 05/Oct/2025/08/30/16 GET /v1/AUTH_ffbb1c514d6a4f40a7f8a9f769bc781a/gnocchi.3b18e974-54e7-4113-bd79-01f93e83d4ff/1759320000.0_mean_300.0_v3 HTTP/1.0 404 - python-swiftclient-3.11.1 gAAAAABo4ixtepNT... - 70 - tx3b08afabf6c54d1983c23-0068e22c98 - 0.0158 - - 1759653016.509530783 1759653016.525281429 0
Oct 5 08:30:16 np0005471146 container-server[126325]: 172.20.0.104 - - [05/Oct/2025:08:30:16 +0000] "PUT /d1/982/AUTH_ffbb1c514d6a4f40a7f8a9f769bc781a/gnocchi.3b18e974-54e7-4113-bd79-01f93e83d4ff/1759320000.0_mean_300.0_v3" 201 - "PUT http://172.18.0.178:8080/d1/801/AUTH_ffbb1c514d6a4f40a7f8a9f769bc781a/gnocchi.3b18e974-54e7-4113-bd79-01f93e83d4ff/1759320000.0_mean_300.0_v3" "tx7ebe2a29eb8949b489cd2-0068e22c98" "object-server 24" 0.0006 "-" 22 0
Oct 5 08:30:16 np0005471146 container-server[126319]: 172.20.0.105 - - [05/Oct/2025:08:30:16 +0000] "PUT /d1/592/AUTH_ffbb1c514d6a4f40a7f8a9f769bc781a/gnocchi.c55ef7d8-2b83-4ed6-a53d-9b74da124da8/1759320000.0_mean_300.0_v3" 201 - "PUT http://172.18.0.178:8080/d1/778/AUTH_ffbb1c514d6a4f40a7f8a9f769bc781a/gnocchi.c55ef7d8-2b83-4ed6-a53d-9b74da124da8/1759320000.0_mean_300.0_v3" "txac3c1496c3ff4cc8802a4-0068e22c98" "object-server 23" 0.0010 "-" 21 0
Oct 5 08:30:16 np0005471146 object-server[126725]: 172.20.0.103 - - [05/Oct/2025:08:30:16 +0000] "PUT /d1/778/AUTH_ffbb1c514d6a4f40a7f8a9f769bc781a/gnocchi.c55ef7d8-2b83-4ed6-a53d-9b74da124da8/1759320000.0_mean_300.0_v3" 201 - "PUT http://172.18.0.178:8080/v1/AUTH_ffbb1c514d6a4f40a7f8a9f769bc781a/gnocchi.c55ef7d8-2b83-4ed6-a53d-9b74da124da8/1759320000.0_mean_300.0_v3" "txac3c1496c3ff4cc8802a4-0068e22c98" "proxy-server 20" 0.0154 "-" 22 0
Oct 5 08:30:16 np0005471146 object-server[126737]: 172.20.0.105 - - [05/Oct/2025:08:30:16 +0000] "PUT /d1/801/AUTH_ffbb1c514d6a4f40a7f8a9f769bc781a/gnocchi.3b18e974-54e7-4113-bd79-01f93e83d4ff/1759320000.0_mean_300.0_v3" 201 - "PUT http://172.18.0.178:8080/v1/AUTH_ffbb1c514d6a4f40a7f8a9f769bc781a/gnocchi.3b18e974-54e7-4113-bd79-01f93e83d4ff/1759320000.0_mean_300.0_v3" "tx7ebe2a29eb8949b489cd2-0068e22c98" "proxy-server 20" 0.0168 "-" 24 0
Oct 5 08:30:16 np0005471146 proxy-server[128140]: 172.18.0.178 172.18.0.104 05/Oct/2025/08/30/16 PUT /v1/AUTH_ffbb1c514d6a4f40a7f8a9f769bc781a/gnocchi.c55ef7d8-2b83-4ed6-a53d-9b74da124da8/1759320000.0_mean_300.0_v3 HTTP/1.0 201 - python-swiftclient-3.11.1 gAAAAABo4ixPODjF... 16 - - txac3c1496c3ff4cc8802a4-0068e22c98 - 0.0228 - - 1759653016.531352520 1759653016.554136515 0
Oct 5 08:30:16 np0005471146 container-server[126328]: 172.20.0.103 - - [05/Oct/2025:08:30:16 +0000] "PUT /d1/982/AUTH_ffbb1c514d6a4f40a7f8a9f769bc781a/gnocchi.3b18e974-54e7-4113-bd79-01f93e83d4ff/none_v3" 201 - "PUT http://172.18.0.178:8080/d1/148/AUTH_ffbb1c514d6a4f40a7f8a9f769bc781a/gnocchi.3b18e974-54e7-4113-bd79-01f93e83d4ff/none_v3" "tx7b4c8581d229412386a01-0068e22c98" "object-server 25" 0.0007 "-" 23 0
Oct 5 08:30:16 np0005471146 object-server[126740]: 172.20.0.103 - - [05/Oct/2025:08:30:16 +0000] "PUT /d1/148/AUTH_ffbb1c514d6a4f40a7f8a9f769bc781a/gnocchi.3b18e974-54e7-4113-bd79-01f93e83d4ff/none_v3" 201 - "PUT http://172.18.0.178:8080/v1/AUTH_ffbb1c514d6a4f40a7f8a9f769bc781a/gnocchi.3b18e974-54e7-4113-bd79-01f93e83d4ff/none_v3" "tx7b4c8581d229412386a01-0068e22c98" "proxy-server 20" 0.0167 "-" 25 0
Oct 5 08:30:16 np0005471146 proxy-server[128140]: 172.18.0.105 172.18.0.104 05/Oct/2025/08/30/16 PUT /v1/AUTH_ffbb1c514d6a4f40a7f8a9f769bc781a/gnocchi.3b18e974-54e7-4113-bd79-01f93e83d4ff/none_v3 HTTP/1.0 201 - python-swiftclient-3.11.1 gAAAAABo4ixtepNT... 22 - - tx7b4c8581d229412386a01-0068e22c98 - 0.0244 - - 1759653016.563343287 1759653016.587788343 0
Oct 5 08:30:16 np0005471146 object-server[126729]: 172.20.0.104 - - [05/Oct/2025:08:30:16 +0000] "PUT /d1/846/AUTH_ffbb1c514d6a4f40a7f8a9f769bc781a/gnocchi.c55ef7d8-2b83-4ed6-a53d-9b74da124da8/none_v3" 201 - "PUT http://172.18.0.178:8080/v1/AUTH_ffbb1c514d6a4f40a7f8a9f769bc781a/gnocchi.c55ef7d8-2b83-4ed6-a53d-9b74da124da8/none_v3" "tx3434d8c41e62420dae18a-0068e22c98" "proxy-server 20" 0.0151 "-" 23 0
Oct 5 08:30:16 np0005471146 container-server[126328]: 172.20.0.104 - - [05/Oct/2025:08:30:16 +0000] "PUT /d1/592/AUTH_ffbb1c514d6a4f40a7f8a9f769bc781a/gnocchi.c55ef7d8-2b83-4ed6-a53d-9b74da124da8/none_v3" 201 - "PUT http://172.18.0.178:8080/d1/846/AUTH_ffbb1c514d6a4f40a7f8a9f769bc781a/gnocchi.c55ef7d8-2b83-4ed6-a53d-9b74da124da8/none_v3" "tx3434d8c41e62420dae18a-0068e22c98" "object-server 22" 0.0005 "-" 23 0
Oct 5 08:30:16 np0005471146 container-server[126296]: 172.20.0.105 - - [05/Oct/2025:08:30:16 +0000] "HEAD /d1/639/AUTH_ffbb1c514d6a4f40a7f8a9f769bc781a/gnocchi.58b8b3cd-db26-4cc8-8a89-b9b578bed098" 404 - "HEAD http://172.18.0.178:8080/v1/AUTH_ffbb1c514d6a4f40a7f8a9f769bc781a/gnocchi.58b8b3cd-db26-4cc8-8a89-b9b578bed098?format=json&states=listing" "txc39e030022a649eeb6347-0068e22c98" "proxy-server 20" 0.0006 "-" 20 0
Oct 5 08:30:16 np0005471146 object-server[126729]: 172.20.0.105 - - [05/Oct/2025:08:30:16 +0000] "GET /d1/269/AUTH_ffbb1c514d6a4f40a7f8a9f769bc781a/gnocchi.58b8b3cd-db26-4cc8-8a89-b9b578bed098/none_v3" 404 70 "GET http://172.18.0.178:8080/v1/AUTH_ffbb1c514d6a4f40a7f8a9f769bc781a/gnocchi.58b8b3cd-db26-4cc8-8a89-b9b578bed098/none_v3" "txc39e030022a649eeb6347-0068e22c98" "proxy-server 20" 0.0005 "-" 23 0
Oct 5 08:30:16 np0005471146 account-server[126061]: 172.20.0.104 - - [05/Oct/2025:08:30:16 +0000] "PUT /d1/852/AUTH_ffbb1c514d6a4f40a7f8a9f769bc781a/gnocchi.58b8b3cd-db26-4cc8-8a89-b9b578bed098" 201 - "PUT http://172.20.0.104:6001/d1/639/AUTH_ffbb1c514d6a4f40a7f8a9f769bc781a/gnocchi.58b8b3cd-db26-4cc8-8a89-b9b578bed098" "tx18d8e32e6b84472f86725-0068e22c98" "container-server 23" 0.0065 "-" 21 0
Oct 5 08:30:16 np0005471146 container-server[126296]: 172.20.0.103 - - [05/Oct/2025:08:30:16 +0000] "PUT /d1/639/AUTH_ffbb1c514d6a4f40a7f8a9f769bc781a/gnocchi.58b8b3cd-db26-4cc8-8a89-b9b578bed098" 201 - "PUT http://172.18.0.178:8080/v1/AUTH_ffbb1c514d6a4f40a7f8a9f769bc781a/gnocchi.58b8b3cd-db26-4cc8-8a89-b9b578bed098" "tx18d8e32e6b84472f86725-0068e22c98" "proxy-server 20" 0.0229 "-" 20 0
Oct 5 08:30:17 np0005471146 proxy-server[128140]: 172.18.0.103 172.18.0.104 05/Oct/2025/08/30/17 PUT /v1/AUTH_ffbb1c514d6a4f40a7f8a9f769bc781a/gnocchi.58b8b3cd-db26-4cc8-8a89-b9b578bed098 HTTP/1.0 201 - python-swiftclient-3.11.1 gAAAAABo4iyYaC5C... - - - tx18d8e32e6b84472f86725-0068e22c98 - 0.0331 - - 1759653016.968637466 1759653017.001724243 0
Oct 5 08:30:17 np0005471146 object-server[126740]: 172.20.0.105 - - [05/Oct/2025:08:30:17 +0000] "GET /d1/607/AUTH_ffbb1c514d6a4f40a7f8a9f769bc781a/gnocchi.58b8b3cd-db26-4cc8-8a89-b9b578bed098/1759320000.0_mean_300.0_v3" 404 70 "GET http://172.18.0.178:8080/v1/AUTH_ffbb1c514d6a4f40a7f8a9f769bc781a/gnocchi.58b8b3cd-db26-4cc8-8a89-b9b578bed098/1759320000.0_mean_300.0_v3" "tx98c7f73d8d5446529fd89-0068e22c99" "proxy-server 20" 0.0006 "-" 25 0
Oct 5 08:30:17 np0005471146 container-server[126325]: 172.20.0.103 - - [05/Oct/2025:08:30:17 +0000] "PUT /d1/639/AUTH_ffbb1c514d6a4f40a7f8a9f769bc781a/gnocchi.58b8b3cd-db26-4cc8-8a89-b9b578bed098/1759320000.0_mean_300.0_v3" 201 - "PUT http://172.18.0.178:8080/d1/607/AUTH_ffbb1c514d6a4f40a7f8a9f769bc781a/gnocchi.58b8b3cd-db26-4cc8-8a89-b9b578bed098/1759320000.0_mean_300.0_v3" "tx66698f0c61a64d9ab216c-0068e22c99" "object-server 23" 0.0008 "-" 22 0
Oct 5 08:30:17 np0005471146 object-server[126729]: 172.20.0.103 - - [05/Oct/2025:08:30:17 +0000] "PUT /d1/607/AUTH_ffbb1c514d6a4f40a7f8a9f769bc781a/gnocchi.58b8b3cd-db26-4cc8-8a89-b9b578bed098/1759320000.0_mean_300.0_v3" 201 - "PUT http://172.18.0.178:8080/v1/AUTH_ffbb1c514d6a4f40a7f8a9f769bc781a/gnocchi.58b8b3cd-db26-4cc8-8a89-b9b578bed098/1759320000.0_mean_300.0_v3" "tx66698f0c61a64d9ab216c-0068e22c99" "proxy-server 20" 0.0139 "-" 23 0
Oct 5 08:30:17 np0005471146 proxy-server[128140]: 172.18.0.103 172.18.0.104 05/Oct/2025/08/30/17 PUT /v1/AUTH_ffbb1c514d6a4f40a7f8a9f769bc781a/gnocchi.58b8b3cd-db26-4cc8-8a89-b9b578bed098/1759320000.0_mean_300.0_v3 HTTP/1.0 201 - python-swiftclient-3.11.1 gAAAAABo4iyYaC5C... 16 - - tx66698f0c61a64d9ab216c-0068e22c99 - 0.0268 - - 1759653017.062916517 1759653017.089754581 0
Oct 5 08:30:17 np0005471146 container-server[126328]: 172.20.0.104 - - [05/Oct/2025:08:30:17 +0000] "PUT /d1/639/AUTH_ffbb1c514d6a4f40a7f8a9f769bc781a/gnocchi.58b8b3cd-db26-4cc8-8a89-b9b578bed098/none_v3" 201 - "PUT http://172.18.0.178:8080/d1/269/AUTH_ffbb1c514d6a4f40a7f8a9f769bc781a/gnocchi.58b8b3cd-db26-4cc8-8a89-b9b578bed098/none_v3" "txa4dba8c7eede40cd9c06f-0068e22c99" "object-server 25" 0.0008 "-" 23 0
Oct 5 08:30:17 np0005471146 object-server[126729]: 172.20.0.104 - - [05/Oct/2025:08:30:17 +0000] "PUT /d1/269/AUTH_ffbb1c514d6a4f40a7f8a9f769bc781a/gnocchi.58b8b3cd-db26-4cc8-8a89-b9b578bed098/none_v3" 201 - "PUT http://172.18.0.178:8080/v1/AUTH_ffbb1c514d6a4f40a7f8a9f769bc781a/gnocchi.58b8b3cd-db26-4cc8-8a89-b9b578bed098/none_v3" "txa4dba8c7eede40cd9c06f-0068e22c99" "proxy-server 20" 0.0126 "-" 23 0
Oct 5 08:30:32 np0005471146 object-server[126411]: Starting object replication pass.
Oct 5 08:30:32 np0005471146 object-server[126411]: 16/16 (100.00%) partitions replicated in 0.15s (106.92/sec, 0s remaining)
Oct 5 08:30:32 np0005471146 object-server[126411]: 32 successes, 0 failures
Oct 5 08:30:32 np0005471146 object-server[126411]: 16 suffixes checked - 0.00% hashed, 0.00% synced
Oct 5 08:30:32 np0005471146 object-server[126411]: Partition times: max 0.0142s, min 0.0073s, med 0.0081s
Oct 5 08:30:32 np0005471146 object-server[126411]: Object replication complete. (0.00 minutes)
Oct 5 08:30:34 np0005471146 object-server[225796]: Begin object audit "forever" mode (ALL)
Oct 5 08:30:34 np0005471146 object-server[225795]: Begin object audit "forever" mode (ZBF)
Oct 5 08:30:34 np0005471146 object-server[225795]: Object audit (ZBF). Since Sun Oct 5 08:30:34 2025: Locally: 1 passed, 0 quarantined, 0 errors, files/sec: 559.84, bytes/sec: 0.00, Total time: 0.00, Auditing time: 0.00, Rate: 0.00
Oct 5 08:30:34 np0005471146 object-server[225796]: Object audit (ALL). Since Sun Oct 5 08:30:34 2025: Locally: 1 passed, 0 quarantined, 0 errors, files/sec: 106.60, bytes/sec: 1705.52, Total time: 0.01, Auditing time: 0.00, Rate: 0.00
Oct 5 08:30:34 np0005471146 object-server[225795]: Object audit (ZBF) "forever" mode completed: 0.28s. Total quarantined: 0, Total errors: 0, Total files/sec: 56.51, Total bytes/sec: 0.00, Auditing time: 0.28, Rate: 0.98
Oct 5 08:30:34 np0005471146 account-server[126121]: 172.20.0.105 - - [05/Oct/2025:08:30:34 +0000] "PUT /d1/852/AUTH_ffbb1c514d6a4f40a7f8a9f769bc781a/gnocchi.9749cebc-76ac-4f62-8e0c-8f08d99893f2" 201 - "-" "-" "container-updater 2" 0.0008 "-" 23 0
Oct 5 08:30:34 np0005471146 account-server[126036]: 172.20.0.105 - - [05/Oct/2025:08:30:34 +0000] "PUT /d1/852/AUTH_ffbb1c514d6a4f40a7f8a9f769bc781a/gnocchi.c55ef7d8-2b83-4ed6-a53d-9b74da124da8" 201 - "-" "-" "container-updater 2" 0.0009 "-" 20 0
Oct 5 08:30:34 np0005471146 account-server[126094]: 172.20.0.105 - - [05/Oct/2025:08:30:34 +0000] "PUT /d1/852/AUTH_ffbb1c514d6a4f40a7f8a9f769bc781a/gnocchi.a83cb81b-2f4e-4dac-9d1d-aae43909f5cf" 201 - "-" "-" "container-updater 2" 0.0006 "-" 22 0
Oct 5 08:30:34 np0005471146 account-server[126061]: 172.20.0.105 - - [05/Oct/2025:08:30:34 +0000] "PUT /d1/852/AUTH_ffbb1c514d6a4f40a7f8a9f769bc781a/gnocchi.dc714135-6941-4d66-9b10-c41e5af38b8b" 201 - "-" "-" "container-updater 2" 0.0006 "-" 21 0
Oct 5 08:30:34 np0005471146 object-server[225796]: Object audit (ALL) "forever" mode completed: 0.71s. Total quarantined: 0, Total errors: 0, Total files/sec: 22.49, Total bytes/sec: 441.29, Auditing time: 0.71, Rate: 0.99
Oct 5 08:30:34 np0005471146 account-server[126061]: 172.20.0.105 - - [05/Oct/2025:08:30:34 +0000] "PUT /d1/852/AUTH_ffbb1c514d6a4f40a7f8a9f769bc781a/gnocchi.d7bf58e5-8403-494e-8e17-f805dbdcc75e" 201 - "-" "-" "container-updater 2" 0.0006 "-" 21 0
Oct 5 08:30:35 np0005471146 account-server[126036]: 172.20.0.105 - - [05/Oct/2025:08:30:35 +0000] "PUT /d1/852/AUTH_ffbb1c514d6a4f40a7f8a9f769bc781a/gnocchi.3b18e974-54e7-4113-bd79-01f93e83d4ff" 201 - "-" "-" "container-updater 2" 0.0006 "-" 20 0
Oct 5 08:30:35 np0005471146 account-server[126061]: 172.20.0.105 - - [05/Oct/2025:08:30:35 +0000] "PUT /d1/852/AUTH_ffbb1c514d6a4f40a7f8a9f769bc781a/gnocchi.58b8b3cd-db26-4cc8-8a89-b9b578bed098" 201 - "-" "-" "container-updater 2" 0.0006 "-" 21 0
Oct 5 08:30:35 np0005471146 account-server[126121]: 172.20.0.105 - - [05/Oct/2025:08:30:35 +0000] "PUT /d1/852/AUTH_ffbb1c514d6a4f40a7f8a9f769bc781a/gnocchi.ec8ae746-e870-4212-b449-049a01fc2765" 201 - "-" "-" "container-updater 2" 0.0004 "-" 23 0
Oct 5 08:30:39 np0005471146 account-server[126121]: 172.20.0.104 - - [05/Oct/2025:08:30:39 +0000] "HEAD /d1/525/.expiring_objects" 404 - "HEAD http://localhost/v1/.expiring_objects?format=json" "txf737ddba693f482c9bab2-0068e22caf" "proxy-server 2" 0.0006 "-" 23 -
Oct 5 08:30:41 np0005471146 container-server[125905]: Beginning replication run
Oct 5 08:30:41 np0005471146 container-server[125905]: Replication run OVER
Oct 5 08:30:41 np0005471146 container-server[125905]: Attempted to replicate 8 dbs in 0.18414 seconds (43.44429/s)
Oct 5 08:30:41 np0005471146 container-server[125905]: Removed 0 dbs
Oct 5 08:30:41 np0005471146 container-server[125905]: 16 successes, 0 failures
Oct 5 08:30:41 np0005471146 container-server[125905]: diff:0 diff_capped:0 empty:0 hashmatch:0 no_change:16 remote_merge:0 rsync:0 ts_repl:0
Oct 5 08:30:45 np0005471146 account-server[125761]: Beginning replication run
Oct 5 08:30:45 np0005471146 account-server[125761]: Replication run OVER
Oct 5 08:30:45 np0005471146 account-server[125761]: Attempted to replicate 1 dbs in 0.04538 seconds (22.03372/s)
Oct 5 08:30:45 np0005471146 account-server[125761]: Removed 0 dbs
Oct 5 08:30:45 np0005471146 account-server[125761]: 2 successes, 0 failures
Oct 5 08:30:45 np0005471146 account-server[125761]: diff:0 diff_capped:0 empty:0 hashmatch:0 no_change:2 remote_merge:0 rsync:0 ts_repl:0
Oct 5 08:30:51 np0005471146 account-server[126061]: 172.20.0.103 - - [05/Oct/2025:08:30:51 +0000] "HEAD /d1/525/.expiring_objects" 404 - "HEAD http://localhost/v1/.expiring_objects?format=json" "tx258626b4611b457dbb4ec-0068e22cbb" "proxy-server 2" 0.0008 "-" 21 -
Oct 5 08:30:51 np0005471146 object-expirer[126502]: Pass completed in 0s; 0 objects expired (txn: tx258626b4611b457dbb4ec-0068e22cbb)
Oct 5 08:30:52 np0005471146 container-server[126296]: 172.20.0.105 - - [05/Oct/2025:08:30:52 +0000] "HEAD /d1/775/AUTH_ffbb1c514d6a4f40a7f8a9f769bc781a/gnocchi.dda64f45-a86b-4fc6-83cd-239cb3b859f1" 404 - "HEAD http://172.18.0.178:8080/v1/AUTH_ffbb1c514d6a4f40a7f8a9f769bc781a/gnocchi.dda64f45-a86b-4fc6-83cd-239cb3b859f1?format=json&states=listing" "tx4599e313630e4bb29def1-0068e22cbc" "proxy-server 20" 0.0014 "-" 20 0
Oct 5 08:30:52 np0005471146 object-server[126729]: 172.20.0.105 - - [05/Oct/2025:08:30:52 +0000] "GET /d1/315/AUTH_ffbb1c514d6a4f40a7f8a9f769bc781a/gnocchi.dda64f45-a86b-4fc6-83cd-239cb3b859f1/none_v3" 404 70 "GET http://172.18.0.178:8080/v1/AUTH_ffbb1c514d6a4f40a7f8a9f769bc781a/gnocchi.dda64f45-a86b-4fc6-83cd-239cb3b859f1/none_v3" "tx4599e313630e4bb29def1-0068e22cbc" "proxy-server 20" 0.0005 "-" 23 0
Oct 5 08:30:52 np0005471146 container-server[126325]: 172.20.0.103 - - [05/Oct/2025:08:30:52 +0000] "HEAD /d1/371/AUTH_ffbb1c514d6a4f40a7f8a9f769bc781a/gnocchi.c1f22f51-3ab2-4ed3-a2be-e913312125fc" 404 - "HEAD http://172.18.0.178:8080/v1/AUTH_ffbb1c514d6a4f40a7f8a9f769bc781a/gnocchi.c1f22f51-3ab2-4ed3-a2be-e913312125fc?format=json&states=listing" "tx7afba12fdaf64be0825ca-0068e22cbc" "proxy-server 20" 0.0008 "-" 22 0
Oct 5 08:30:52 np0005471146 container-server[126319]: 172.20.0.104 - - [05/Oct/2025:08:30:52 +0000] "HEAD /d1/148/AUTH_ffbb1c514d6a4f40a7f8a9f769bc781a/gnocchi.7b1cfb9f-e398-41bd-b164-31557797eb07" 404 - "HEAD http://172.18.0.178:8080/v1/AUTH_ffbb1c514d6a4f40a7f8a9f769bc781a/gnocchi.7b1cfb9f-e398-41bd-b164-31557797eb07?format=json&states=listing" "txcfeec3aed32541bd8384b-0068e22cbc" "proxy-server 20" 0.0005 "-" 21 0
Oct 5 08:30:52 np0005471146 object-server[126740]: 172.20.0.103 - - [05/Oct/2025:08:30:52 +0000] "GET /d1/790/AUTH_ffbb1c514d6a4f40a7f8a9f769bc781a/gnocchi.c1f22f51-3ab2-4ed3-a2be-e913312125fc/none_v3" 404 70 "GET http://172.18.0.178:8080/v1/AUTH_ffbb1c514d6a4f40a7f8a9f769bc781a/gnocchi.c1f22f51-3ab2-4ed3-a2be-e913312125fc/none_v3" "tx7afba12fdaf64be0825ca-0068e22cbc" "proxy-server 20" 0.0006 "-" 25 0
Oct 5 08:30:52 np0005471146 object-server[126737]: 172.20.0.104 - - [05/Oct/2025:08:30:52 +0000] "GET /d1/760/AUTH_ffbb1c514d6a4f40a7f8a9f769bc781a/gnocchi.7b1cfb9f-e398-41bd-b164-31557797eb07/none_v3" 404 70 "GET http://172.18.0.178:8080/v1/AUTH_ffbb1c514d6a4f40a7f8a9f769bc781a/gnocchi.7b1cfb9f-e398-41bd-b164-31557797eb07/none_v3" "txcfeec3aed32541bd8384b-0068e22cbc" "proxy-server 20" 0.0007 "-" 24 0
Oct 5 08:30:52 np0005471146 proxy-server[128140]: 172.18.0.105 172.18.0.104 05/Oct/2025/08/30/52 GET /v1/AUTH_ffbb1c514d6a4f40a7f8a9f769bc781a/gnocchi.c1f22f51-3ab2-4ed3-a2be-e913312125fc/none_v3 HTTP/1.0 404 - python-swiftclient-3.11.1 gAAAAABo4ixtepNT... - 70 - tx7afba12fdaf64be0825ca-0068e22cbc - 0.0407 - - 1759653052.689798832 1759653052.730496168 0
Oct 5 08:30:52 np0005471146 container-server[126319]: 172.20.0.105 - - [05/Oct/2025:08:30:52 +0000] "PUT /d1/775/AUTH_ffbb1c514d6a4f40a7f8a9f769bc781a/gnocchi.dda64f45-a86b-4fc6-83cd-239cb3b859f1" 201 - "PUT http://172.18.0.178:8080/v1/AUTH_ffbb1c514d6a4f40a7f8a9f769bc781a/gnocchi.dda64f45-a86b-4fc6-83cd-239cb3b859f1" "txebc028f1ce9945ed8eae8-0068e22cbc" "proxy-server 20" 0.0143 "-" 21 0
Oct 5 08:30:52 np0005471146 account-server[126121]: 172.20.0.105 - - [05/Oct/2025:08:30:52 +0000] "PUT /d1/852/AUTH_ffbb1c514d6a4f40a7f8a9f769bc781a/gnocchi.dda64f45-a86b-4fc6-83cd-239cb3b859f1" 201 - "PUT http://172.20.0.105:6001/d1/775/AUTH_ffbb1c514d6a4f40a7f8a9f769bc781a/gnocchi.dda64f45-a86b-4fc6-83cd-239cb3b859f1" "txebc028f1ce9945ed8eae8-0068e22cbc" "container-server 14" 0.0020 "-" 23 0
Oct 5 08:30:52 np0005471146 account-server[126094]: 172.20.0.105 - - [05/Oct/2025:08:30:52 +0000] "PUT /d1/852/AUTH_ffbb1c514d6a4f40a7f8a9f769bc781a/gnocchi.c1f22f51-3ab2-4ed3-a2be-e913312125fc" 201 - "PUT http://172.20.0.105:6001/d1/371/AUTH_ffbb1c514d6a4f40a7f8a9f769bc781a/gnocchi.c1f22f51-3ab2-4ed3-a2be-e913312125fc" "tx31550d635a6844e5968a8-0068e22cbc" "container-server 14" 0.0080 "-" 22 0
Oct 5 08:30:52 np0005471146 container-server[126325]: 172.20.0.103 - - [05/Oct/2025:08:30:52 +0000] "PUT /d1/371/AUTH_ffbb1c514d6a4f40a7f8a9f769bc781a/gnocchi.c1f22f51-3ab2-4ed3-a2be-e913312125fc" 201 - "PUT http://172.18.0.178:8080/v1/AUTH_ffbb1c514d6a4f40a7f8a9f769bc781a/gnocchi.c1f22f51-3ab2-4ed3-a2be-e913312125fc" "tx31550d635a6844e5968a8-0068e22cbc" "proxy-server 20" 0.0265 "-" 22 0
Oct 5 08:30:52 np0005471146 proxy-server[128140]: 172.18.0.105 172.18.0.104 05/Oct/2025/08/30/52 PUT /v1/AUTH_ffbb1c514d6a4f40a7f8a9f769bc781a/gnocchi.c1f22f51-3ab2-4ed3-a2be-e913312125fc HTTP/1.0 201 - python-swiftclient-3.11.1 gAAAAABo4ixtepNT... - - - tx31550d635a6844e5968a8-0068e22cbc - 0.0372 - - 1759653052.737042189 1759653052.774263382 0
Oct 5 08:30:52 np0005471146 container-server[126328]: 172.20.0.104 - - [05/Oct/2025:08:30:52 +0000] "PUT /d1/148/AUTH_ffbb1c514d6a4f40a7f8a9f769bc781a/gnocchi.7b1cfb9f-e398-41bd-b164-31557797eb07" 201 - "PUT http://172.18.0.178:8080/v1/AUTH_ffbb1c514d6a4f40a7f8a9f769bc781a/gnocchi.7b1cfb9f-e398-41bd-b164-31557797eb07" "txf3cdbc9d96b64767885bd-0068e22cbc" "proxy-server 20" 0.0268 "-" 23 0
Oct 5 08:30:52 np0005471146 account-server[126061]: 172.20.0.105 - - [05/Oct/2025:08:30:52 +0000] "PUT /d1/852/AUTH_ffbb1c514d6a4f40a7f8a9f769bc781a/gnocchi.7b1cfb9f-e398-41bd-b164-31557797eb07" 201 - "PUT http://172.20.0.105:6001/d1/148/AUTH_ffbb1c514d6a4f40a7f8a9f769bc781a/gnocchi.7b1cfb9f-e398-41bd-b164-31557797eb07" "txf3cdbc9d96b64767885bd-0068e22cbc" "container-server 15" 0.0191 "-" 21 0
Oct 5 08:30:52 np0005471146 proxy-server[128140]: - - 05/Oct/2025/08/30/52 HEAD /v1/AUTH_ffbb1c514d6a4f40a7f8a9f769bc781a/gnocchi.c1f22f51-3ab2-4ed3-a2be-e913312125fc%3Fformat%3Djson%26states%3Dlisting HTTP/1.0 204 - Swift - - - - tx9e27981e7428492888b9d-0068e22cbc - 0.0084 RL - 1759653052.782990694 1759653052.791350603 0
Oct 5 08:30:52 np0005471146 container-server[126296]: 172.20.0.104 - - [05/Oct/2025:08:30:52 +0000] "HEAD /d1/148/AUTH_ffbb1c514d6a4f40a7f8a9f769bc781a/gnocchi.7b1cfb9f-e398-41bd-b164-31557797eb07" 204 - "HEAD http://172.18.0.178:8080/v1/AUTH_ffbb1c514d6a4f40a7f8a9f769bc781a/gnocchi.7b1cfb9f-e398-41bd-b164-31557797eb07?format=json&states=listing" "tx181f6d012a6c4108ade33-0068e22cbc" "proxy-server 20" 0.0022 "-" 20 0
Oct 5 08:30:52 np0005471146 container-server[126328]: 172.20.0.103 - - [05/Oct/2025:08:30:52 +0000] "GET /d1/371/AUTH_ffbb1c514d6a4f40a7f8a9f769bc781a/gnocchi.c1f22f51-3ab2-4ed3-a2be-e913312125fc" 200 2 "GET http://172.18.0.178:8080/v1/AUTH_ffbb1c514d6a4f40a7f8a9f769bc781a/gnocchi.c1f22f51-3ab2-4ed3-a2be-e913312125fc?format=json&states=listing" "tx9e27981e7428492888b9d-0068e22cbc" "proxy-server 20" 0.0046 "-" 23 0
Oct 5 08:30:52 np0005471146 proxy-server[128140]: 172.18.0.105 172.18.0.104 05/Oct/2025/08/30/52 GET /v1/AUTH_ffbb1c514d6a4f40a7f8a9f769bc781a/gnocchi.c1f22f51-3ab2-4ed3-a2be-e913312125fc%3Fformat%3Djson%26states%3Dlisting HTTP/1.0 200 - python-swiftclient-3.11.1 gAAAAABo4ixtepNT... - 2 - tx9e27981e7428492888b9d-0068e22cbc - 0.0290 - - 1759653052.780552626 1759653052.809505224 0
Oct 5 08:30:52 np0005471146 object-server[126729]: 172.20.0.105 - - [05/Oct/2025:08:30:52 +0000] "GET /d1/347/AUTH_ffbb1c514d6a4f40a7f8a9f769bc781a/gnocchi.dda64f45-a86b-4fc6-83cd-239cb3b859f1/1759320000.0_mean_300.0_v3" 404 70 "GET http://172.18.0.178:8080/v1/AUTH_ffbb1c514d6a4f40a7f8a9f769bc781a/gnocchi.dda64f45-a86b-4fc6-83cd-239cb3b859f1/1759320000.0_mean_300.0_v3" "tx695613c0acb24a39995bf-0068e22cbc" "proxy-server 20" 0.0005 "-" 23 0
Oct 5 08:30:52 np0005471146 object-server[126725]: 172.20.0.103 - - [05/Oct/2025:08:30:52 +0000] "GET /d1/127/AUTH_ffbb1c514d6a4f40a7f8a9f769bc781a/gnocchi.c1f22f51-3ab2-4ed3-a2be-e913312125fc/1759320000.0_mean_300.0_v3" 404 70 "GET http://172.18.0.178:8080/v1/AUTH_ffbb1c514d6a4f40a7f8a9f769bc781a/gnocchi.c1f22f51-3ab2-4ed3-a2be-e913312125fc/1759320000.0_mean_300.0_v3" "txed86954f695c412382ec1-0068e22cbc" "proxy-server 20" 0.0005 "-" 22 0
Oct 5 08:30:52 np0005471146 proxy-server[128140]: 172.18.0.105 172.18.0.104 05/Oct/2025/08/30/52 GET /v1/AUTH_ffbb1c514d6a4f40a7f8a9f769bc781a/gnocchi.c1f22f51-3ab2-4ed3-a2be-e913312125fc/1759320000.0_mean_300.0_v3 HTTP/1.0 404 - python-swiftclient-3.11.1 gAAAAABo4ixtepNT... - 70 - txed86954f695c412382ec1-0068e22cbc - 0.0211 - - 1759653052.813857555 1759653052.834991455 0
Oct 5 08:30:52 np0005471146 object-server[126737]: 172.20.0.104 - - [05/Oct/2025:08:30:52 +0000] "GET /d1/244/AUTH_ffbb1c514d6a4f40a7f8a9f769bc781a/gnocchi.7b1cfb9f-e398-41bd-b164-31557797eb07/1759320000.0_mean_300.0_v3" 404 70 "GET http://172.18.0.178:8080/v1/AUTH_ffbb1c514d6a4f40a7f8a9f769bc781a/gnocchi.7b1cfb9f-e398-41bd-b164-31557797eb07/1759320000.0_mean_300.0_v3" "tx9a2193789a9346828e878-0068e22cbc" "proxy-server 20" 0.0005 "-" 24 0
Oct 5 08:30:52 np0005471146 container-server[126325]: 172.20.0.104 - - [05/Oct/2025:08:30:52 +0000] "PUT /d1/775/AUTH_ffbb1c514d6a4f40a7f8a9f769bc781a/gnocchi.dda64f45-a86b-4fc6-83cd-239cb3b859f1/1759320000.0_mean_300.0_v3" 201 - "PUT http://172.18.0.178:8080/d1/347/AUTH_ffbb1c514d6a4f40a7f8a9f769bc781a/gnocchi.dda64f45-a86b-4fc6-83cd-239cb3b859f1/1759320000.0_mean_300.0_v3" "tx2fdeb8d955624312883ab-0068e22cbc" "object-server 25" 0.0011 "-" 22 0
Oct 5 08:30:52 np0005471146 object-server[126740]: 172.20.0.105 - - [05/Oct/2025:08:30:52 +0000] "PUT /d1/347/AUTH_ffbb1c514d6a4f40a7f8a9f769bc781a/gnocchi.dda64f45-a86b-4fc6-83cd-239cb3b859f1/1759320000.0_mean_300.0_v3" 201 - "PUT http://172.18.0.178:8080/v1/AUTH_ffbb1c514d6a4f40a7f8a9f769bc781a/gnocchi.dda64f45-a86b-4fc6-83cd-239cb3b859f1/1759320000.0_mean_300.0_v3" "tx2fdeb8d955624312883ab-0068e22cbc" "proxy-server 20" 0.0173 "-" 25 0
Oct 5 08:30:52 np0005471146 object-server[126740]: 172.20.0.103 - - [05/Oct/2025:08:30:52 +0000] "PUT /d1/127/AUTH_ffbb1c514d6a4f40a7f8a9f769bc781a/gnocchi.c1f22f51-3ab2-4ed3-a2be-e913312125fc/1759320000.0_mean_300.0_v3" 201 - "PUT http://172.18.0.178:8080/v1/AUTH_ffbb1c514d6a4f40a7f8a9f769bc781a/gnocchi.c1f22f51-3ab2-4ed3-a2be-e913312125fc/1759320000.0_mean_300.0_v3" "tx530776ac94ca47a384300-0068e22cbc" "proxy-server 20" 0.0208 "-" 25 0
Oct 5 08:30:52 np0005471146 container-server[126319]: 172.20.0.105 - - [05/Oct/2025:08:30:52 +0000] "PUT /d1/371/AUTH_ffbb1c514d6a4f40a7f8a9f769bc781a/gnocchi.c1f22f51-3ab2-4ed3-a2be-e913312125fc/1759320000.0_mean_300.0_v3" 201 - "PUT http://172.18.0.178:8080/d1/127/AUTH_ffbb1c514d6a4f40a7f8a9f769bc781a/gnocchi.c1f22f51-3ab2-4ed3-a2be-e913312125fc/1759320000.0_mean_300.0_v3" "tx530776ac94ca47a384300-0068e22cbc" "object-server 24" 0.0010 "-" 21 0
Oct 5 08:30:52 np0005471146 proxy-server[128140]: 172.18.0.105 172.18.0.104 05/Oct/2025/08/30/52 PUT /v1/AUTH_ffbb1c514d6a4f40a7f8a9f769bc781a/gnocchi.c1f22f51-3ab2-4ed3-a2be-e913312125fc/1759320000.0_mean_300.0_v3 HTTP/1.0 201 - python-swiftclient-3.11.1 gAAAAABo4ixtepNT... 16 - - tx530776ac94ca47a384300-0068e22cbc - 0.0381 - - 1759653052.839034557 1759653052.877114534 0
Oct 5 08:30:52 np0005471146 container-server[126325]: 172.20.0.104 - - [05/Oct/2025:08:30:52 +0000] "PUT /d1/775/AUTH_ffbb1c514d6a4f40a7f8a9f769bc781a/gnocchi.dda64f45-a86b-4fc6-83cd-239cb3b859f1/none_v3" 201 - "PUT http://172.18.0.178:8080/d1/315/AUTH_ffbb1c514d6a4f40a7f8a9f769bc781a/gnocchi.dda64f45-a86b-4fc6-83cd-239cb3b859f1/none_v3" "txd6f26d0c14244c7db018f-0068e22cbc" "object-server 22" 0.0022 "-" 22 0
Oct 5 08:30:52 np0005471146 container-server[126328]: 172.20.0.105 - - [05/Oct/2025:08:30:52 +0000] "PUT /d1/148/AUTH_ffbb1c514d6a4f40a7f8a9f769bc781a/gnocchi.7b1cfb9f-e398-41bd-b164-31557797eb07/1759320000.0_mean_300.0_v3" 201 - "PUT http://172.18.0.178:8080/d1/244/AUTH_ffbb1c514d6a4f40a7f8a9f769bc781a/gnocchi.7b1cfb9f-e398-41bd-b164-31557797eb07/1759320000.0_mean_300.0_v3" "txd6a43938e74f44b59188e-0068e22cbc" "object-server 24" 0.0011 "-" 23 0
Oct 5 08:30:52 np0005471146 object-server[126740]: 172.20.0.105 - - [05/Oct/2025:08:30:52 +0000] "PUT /d1/315/AUTH_ffbb1c514d6a4f40a7f8a9f769bc781a/gnocchi.dda64f45-a86b-4fc6-83cd-239cb3b859f1/none_v3" 201 - "PUT http://172.18.0.178:8080/v1/AUTH_ffbb1c514d6a4f40a7f8a9f769bc781a/gnocchi.dda64f45-a86b-4fc6-83cd-239cb3b859f1/none_v3" "txd6f26d0c14244c7db018f-0068e22cbc" "proxy-server 20" 0.0235 "-" 25 0
Oct 5 08:30:52 np0005471146 object-server[126737]: 172.20.0.104 - - [05/Oct/2025:08:30:52 +0000] "PUT /d1/244/AUTH_ffbb1c514d6a4f40a7f8a9f769bc781a/gnocchi.7b1cfb9f-e398-41bd-b164-31557797eb07/1759320000.0_mean_300.0_v3" 201 - "PUT http://172.18.0.178:8080/v1/AUTH_ffbb1c514d6a4f40a7f8a9f769bc781a/gnocchi.7b1cfb9f-e398-41bd-b164-31557797eb07/1759320000.0_mean_300.0_v3" "txd6a43938e74f44b59188e-0068e22cbc" "proxy-server 20" 0.0197 "-" 24 0
Oct 5 08:30:52 np0005471146 container-server[126319]: 172.20.0.104 - - [05/Oct/2025:08:30:52 +0000] "PUT /d1/371/AUTH_ffbb1c514d6a4f40a7f8a9f769bc781a/gnocchi.c1f22f51-3ab2-4ed3-a2be-e913312125fc/none_v3" 201 - "PUT http://172.18.0.178:8080/d1/790/AUTH_ffbb1c514d6a4f40a7f8a9f769bc781a/gnocchi.c1f22f51-3ab2-4ed3-a2be-e913312125fc/none_v3" "txb948e11393104bce8cc96-0068e22cbc" "object-server 25" 0.0008 "-" 21 0
Oct 5 08:30:52 np0005471146 object-server[126729]: 172.20.0.103 - - [05/Oct/2025:08:30:52 +0000] "PUT /d1/790/AUTH_ffbb1c514d6a4f40a7f8a9f769bc781a/gnocchi.c1f22f51-3ab2-4ed3-a2be-e913312125fc/none_v3" 201 - "PUT http://172.18.0.178:8080/v1/AUTH_ffbb1c514d6a4f40a7f8a9f769bc781a/gnocchi.c1f22f51-3ab2-4ed3-a2be-e913312125fc/none_v3" "txb948e11393104bce8cc96-0068e22cbc" "proxy-server 20" 0.0135 "-" 23 0
Oct 5 08:30:52 np0005471146 proxy-server[128140]: 172.18.0.105 172.18.0.104 05/Oct/2025/08/30/52 PUT /v1/AUTH_ffbb1c514d6a4f40a7f8a9f769bc781a/gnocchi.c1f22f51-3ab2-4ed3-a2be-e913312125fc/none_v3 HTTP/1.0 201 - python-swiftclient-3.11.1 gAAAAABo4ixtepNT... 22 - - txb948e11393104bce8cc96-0068e22cbc - 0.0267 - - 1759653052.882008791 1759653052.908688784 0
Oct 5 08:30:52 np0005471146 container-server[126296]: 172.20.0.104 - - [05/Oct/2025:08:30:52 +0000] "PUT /d1/148/AUTH_ffbb1c514d6a4f40a7f8a9f769bc781a/gnocchi.7b1cfb9f-e398-41bd-b164-31557797eb07/none_v3" 201 - "PUT http://172.18.0.178:8080/d1/760/AUTH_ffbb1c514d6a4f40a7f8a9f769bc781a/gnocchi.7b1cfb9f-e398-41bd-b164-31557797eb07/none_v3" "txeb3609906e594f688b335-0068e22cbc" "object-server 25" 0.0007 "-" 20 0
Oct 5 08:30:52 np0005471146 object-server[126725]: 172.20.0.105 - - [05/Oct/2025:08:30:52 +0000] "PUT /d1/760/AUTH_ffbb1c514d6a4f40a7f8a9f769bc781a/gnocchi.7b1cfb9f-e398-41bd-b164-31557797eb07/none_v3" 201 - "PUT http://172.18.0.178:8080/v1/AUTH_ffbb1c514d6a4f40a7f8a9f769bc781a/gnocchi.7b1cfb9f-e398-41bd-b164-31557797eb07/none_v3" "txeb3609906e594f688b335-0068e22cbc" "proxy-server 20" 0.0158 "-" 22 0
Oct 5 08:30:52 np0005471146 container-server[126325]: 172.20.0.104 - - [05/Oct/2025:08:30:52 +0000] "HEAD /d1/668/AUTH_ffbb1c514d6a4f40a7f8a9f769bc781a/gnocchi.80bb1bb0-b35e-4ba8-a2bb-fd16b5b44bba" 404 - "HEAD http://172.18.0.178:8080/v1/AUTH_ffbb1c514d6a4f40a7f8a9f769bc781a/gnocchi.80bb1bb0-b35e-4ba8-a2bb-fd16b5b44bba?format=json&states=listing" "tx7c56c692d86c47928a5c9-0068e22cbc" "proxy-server 20" 0.0005 "-" 22 0
Oct 5 08:30:52 np0005471146 object-server[126729]: 172.20.0.104 - - [05/Oct/2025:08:30:52 +0000] "GET /d1/575/AUTH_ffbb1c514d6a4f40a7f8a9f769bc781a/gnocchi.80bb1bb0-b35e-4ba8-a2bb-fd16b5b44bba/none_v3" 404 70 "GET http://172.18.0.178:8080/v1/AUTH_ffbb1c514d6a4f40a7f8a9f769bc781a/gnocchi.80bb1bb0-b35e-4ba8-a2bb-fd16b5b44bba/none_v3" "tx7c56c692d86c47928a5c9-0068e22cbc" "proxy-server 20" 0.0005 "-" 23 0
Oct 5 08:30:52 np0005471146 container-server[126296]: 172.20.0.103 - - [05/Oct/2025:08:30:52 +0000] "HEAD /d1/53/AUTH_ffbb1c514d6a4f40a7f8a9f769bc781a/gnocchi.34d0c3fe-275b-44da-a4d2-7d85fffb2a30" 404 - "HEAD http://172.18.0.178:8080/v1/AUTH_ffbb1c514d6a4f40a7f8a9f769bc781a/gnocchi.34d0c3fe-275b-44da-a4d2-7d85fffb2a30?format=json&states=listing" "tx55d9374a2d684fd3aa6fb-0068e22cbc" "proxy-server 20" 0.0005 "-" 20 0
Oct 5 08:30:52 np0005471146 object-server[126725]: 172.20.0.103 - - [05/Oct/2025:08:30:52 +0000] "GET /d1/762/AUTH_ffbb1c514d6a4f40a7f8a9f769bc781a/gnocchi.34d0c3fe-275b-44da-a4d2-7d85fffb2a30/none_v3" 404 70 "GET http://172.18.0.178:8080/v1/AUTH_ffbb1c514d6a4f40a7f8a9f769bc781a/gnocchi.34d0c3fe-275b-44da-a4d2-7d85fffb2a30/none_v3" "tx55d9374a2d684fd3aa6fb-0068e22cbc" "proxy-server 20" 0.0005 "-" 22 0
Oct 5 08:30:52 np0005471146 container-server[126319]: 172.20.0.105 - - [05/Oct/2025:08:30:52 +0000] "HEAD /d1/951/AUTH_ffbb1c514d6a4f40a7f8a9f769bc781a/gnocchi.812d8853-9830-4007-a8c4-a077946f8fcd" 404 - "HEAD http://172.18.0.178:8080/v1/AUTH_ffbb1c514d6a4f40a7f8a9f769bc781a/gnocchi.812d8853-9830-4007-a8c4-a077946f8fcd?format=json&states=listing" "txaa6c2db1bb9f4150928f7-0068e22cbc" "proxy-server 20" 0.0004 "-" 21 0
Oct 5 08:30:52 np0005471146 proxy-server[128140]: 172.18.0.105 172.18.0.104 05/Oct/2025/08/30/52 GET /v1/AUTH_ffbb1c514d6a4f40a7f8a9f769bc781a/gnocchi.34d0c3fe-275b-44da-a4d2-7d85fffb2a30/none_v3 HTTP/1.0 404 - python-swiftclient-3.11.1 gAAAAABo4ixtepNT... - 70 - tx55d9374a2d684fd3aa6fb-0068e22cbc - 0.0301 - - 1759653052.926855564 1759653052.956963539 0
Oct 5 08:30:52 np0005471146 account-server[126121]: 172.20.0.104 - - [05/Oct/2025:08:30:52 +0000] "PUT /d1/852/AUTH_ffbb1c514d6a4f40a7f8a9f769bc781a/gnocchi.80bb1bb0-b35e-4ba8-a2bb-fd16b5b44bba" 201 - "PUT http://172.20.0.104:6001/d1/668/AUTH_ffbb1c514d6a4f40a7f8a9f769bc781a/gnocchi.80bb1bb0-b35e-4ba8-a2bb-fd16b5b44bba" "tx271b9bbb08a140c69496f-0068e22cbc" "container-server 22" 0.0074 "-" 23 0
Oct 5 08:30:52 np0005471146 container-server[126319]: 172.20.0.104 - - [05/Oct/2025:08:30:52 +0000] "PUT /d1/668/AUTH_ffbb1c514d6a4f40a7f8a9f769bc781a/gnocchi.80bb1bb0-b35e-4ba8-a2bb-fd16b5b44bba" 201 - "PUT http://172.18.0.178:8080/v1/AUTH_ffbb1c514d6a4f40a7f8a9f769bc781a/gnocchi.80bb1bb0-b35e-4ba8-a2bb-fd16b5b44bba" "tx271b9bbb08a140c69496f-0068e22cbc" "proxy-server 20" 0.0217 "-" 21 0
Oct 5 08:30:52 np0005471146 object-server[126725]: 172.20.0.105 - - [05/Oct/2025:08:30:52 +0000] "GET /d1/814/AUTH_ffbb1c514d6a4f40a7f8a9f769bc781a/gnocchi.812d8853-9830-4007-a8c4-a077946f8fcd/none_v3" 404 70 "GET http://172.18.0.178:8080/v1/AUTH_ffbb1c514d6a4f40a7f8a9f769bc781a/gnocchi.812d8853-9830-4007-a8c4-a077946f8fcd/none_v3" "txaa6c2db1bb9f4150928f7-0068e22cbc" "proxy-server 20" 0.0004 "-" 22 0
Oct 5 08:30:52 np0005471146 container-server[126319]: 172.20.0.104 - - [05/Oct/2025:08:30:52 +0000] "HEAD /d1/668/AUTH_ffbb1c514d6a4f40a7f8a9f769bc781a/gnocchi.80bb1bb0-b35e-4ba8-a2bb-fd16b5b44bba" 204 - "HEAD http://172.18.0.178:8080/v1/AUTH_ffbb1c514d6a4f40a7f8a9f769bc781a/gnocchi.80bb1bb0-b35e-4ba8-a2bb-fd16b5b44bba?format=json&states=listing" "txa08748d8cce34a59870b2-0068e22cbc" "proxy-server 20" 0.0021 "-" 21 0
Oct 5 08:30:52 np0005471146 account-server[126121]: 172.20.0.103 - - [05/Oct/2025:08:30:52 +0000] "PUT /d1/852/AUTH_ffbb1c514d6a4f40a7f8a9f769bc781a/gnocchi.34d0c3fe-275b-44da-a4d2-7d85fffb2a30" 201 - "PUT http://172.20.0.103:6001/d1/53/AUTH_ffbb1c514d6a4f40a7f8a9f769bc781a/gnocchi.34d0c3fe-275b-44da-a4d2-7d85fffb2a30" "tx9df2c536358648a694647-0068e22cbc" "container-server 22" 0.0054 "-" 23 0
Oct 5 08:30:52 np0005471146 container-server[126325]: 172.20.0.103 - - [05/Oct/2025:08:30:52 +0000] "PUT /d1/53/AUTH_ffbb1c514d6a4f40a7f8a9f769bc781a/gnocchi.34d0c3fe-275b-44da-a4d2-7d85fffb2a30" 201 - "PUT http://172.18.0.178:8080/v1/AUTH_ffbb1c514d6a4f40a7f8a9f769bc781a/gnocchi.34d0c3fe-275b-44da-a4d2-7d85fffb2a30" "tx9df2c536358648a694647-0068e22cbc" "proxy-server 20" 0.0170 "-" 22 0
Oct 5 08:30:52 np0005471146 proxy-server[128140]: 172.18.0.105 172.18.0.104 05/Oct/2025/08/30/52 PUT /v1/AUTH_ffbb1c514d6a4f40a7f8a9f769bc781a/gnocchi.34d0c3fe-275b-44da-a4d2-7d85fffb2a30 HTTP/1.0 201 - python-swiftclient-3.11.1 gAAAAABo4ixtepNT... - - - tx9df2c536358648a694647-0068e22cbc - 0.0282 - - 1759653052.960813999 1759653052.988989115 0
Oct 5 08:30:52 np0005471146 container-server[126296]: 172.20.0.104 - - [05/Oct/2025:08:30:52 +0000] "GET /d1/668/AUTH_ffbb1c514d6a4f40a7f8a9f769bc781a/gnocchi.80bb1bb0-b35e-4ba8-a2bb-fd16b5b44bba" 200 2 "GET http://172.18.0.178:8080/v1/AUTH_ffbb1c514d6a4f40a7f8a9f769bc781a/gnocchi.80bb1bb0-b35e-4ba8-a2bb-fd16b5b44bba?format=json&states=listing" "txa08748d8cce34a59870b2-0068e22cbc" "proxy-server 20" 0.0024 "-" 20 0
Oct 5 08:30:53 np0005471146 proxy-server[128140]: - - 05/Oct/2025/08/30/53 HEAD /v1/AUTH_ffbb1c514d6a4f40a7f8a9f769bc781a/gnocchi.34d0c3fe-275b-44da-a4d2-7d85fffb2a30%3Fformat%3Djson%26states%3Dlisting HTTP/1.0 204 - Swift - - - - txab6990eb97384dcb8dd2a-0068e22cbc - 0.0079 RL - 1759653052.995557308 1759653053.003504276 0
Oct 5 08:30:53 np0005471146 object-server[126740]: 172.20.0.104 - - [05/Oct/2025:08:30:53 +0000] "GET /d1/55/AUTH_ffbb1c514d6a4f40a7f8a9f769bc781a/gnocchi.80bb1bb0-b35e-4ba8-a2bb-fd16b5b44bba/1759320000.0_mean_300.0_v3" 404 70 "GET http://172.18.0.178:8080/v1/AUTH_ffbb1c514d6a4f40a7f8a9f769bc781a/gnocchi.80bb1bb0-b35e-4ba8-a2bb-fd16b5b44bba/1759320000.0_mean_300.0_v3" "txda2ec6bdf6fc456fa75d5-0068e22cbc" "proxy-server 20" 0.0006 "-" 25 0
Oct 5 08:30:53 np0005471146 container-server[126296]: 172.20.0.105 - - [05/Oct/2025:08:30:53 +0000] "PUT /d1/951/AUTH_ffbb1c514d6a4f40a7f8a9f769bc781a/gnocchi.812d8853-9830-4007-a8c4-a077946f8fcd" 201 - "PUT http://172.18.0.178:8080/v1/AUTH_ffbb1c514d6a4f40a7f8a9f769bc781a/gnocchi.812d8853-9830-4007-a8c4-a077946f8fcd" "txf9d4211762b34d3eb4cf7-0068e22cbc" "proxy-server 20" 0.0157 "-" 20 0
Oct 5 08:30:53 np0005471146 account-server[126061]: 172.20.0.104 - - [05/Oct/2025:08:30:53 +0000] "PUT /d1/852/AUTH_ffbb1c514d6a4f40a7f8a9f769bc781a/gnocchi.812d8853-9830-4007-a8c4-a077946f8fcd" 201 - "PUT http://172.20.0.104:6001/d1/951/AUTH_ffbb1c514d6a4f40a7f8a9f769bc781a/gnocchi.812d8853-9830-4007-a8c4-a077946f8fcd" "txf9d4211762b34d3eb4cf7-0068e22cbc" "container-server 20" 0.0061 "-" 21 0
Oct 5 08:30:53 np0005471146 proxy-server[128140]: 172.18.0.105 172.18.0.104 05/Oct/2025/08/30/53 GET /v1/AUTH_ffbb1c514d6a4f40a7f8a9f769bc781a/gnocchi.34d0c3fe-275b-44da-a4d2-7d85fffb2a30%3Fformat%3Djson%26states%3Dlisting HTTP/1.0 200 - python-swiftclient-3.11.1 gAAAAABo4ixtepNT... - 2 - txab6990eb97384dcb8dd2a-0068e22cbc - 0.0222 - - 1759653052.993561745 1759653053.015752554 0
Oct 5 08:30:53 np0005471146 object-server[126740]: 172.20.0.104 - - [05/Oct/2025:08:30:53 +0000] "GET /d1/194/AUTH_ffbb1c514d6a4f40a7f8a9f769bc781a/gnocchi.34d0c3fe-275b-44da-a4d2-7d85fffb2a30/1759320000.0_mean_300.0_v3" 404 70 "GET http://172.18.0.178:8080/v1/AUTH_ffbb1c514d6a4f40a7f8a9f769bc781a/gnocchi.34d0c3fe-275b-44da-a4d2-7d85fffb2a30/1759320000.0_mean_300.0_v3" "tx8807fc89b8564225a784b-0068e22cbd" "proxy-server 20" 0.0004 "-" 25 0
Oct 5 08:30:53 np0005471146 container-server[126325]: 172.20.0.103 - - [05/Oct/2025:08:30:53 +0000] "PUT /d1/668/AUTH_ffbb1c514d6a4f40a7f8a9f769bc781a/gnocchi.80bb1bb0-b35e-4ba8-a2bb-fd16b5b44bba/1759320000.0_mean_300.0_v3" 201 - "PUT http://172.18.0.178:8080/d1/55/AUTH_ffbb1c514d6a4f40a7f8a9f769bc781a/gnocchi.80bb1bb0-b35e-4ba8-a2bb-fd16b5b44bba/1759320000.0_mean_300.0_v3" "txe5da291242884c33beefa-0068e22cbd" "object-server 22" 0.0010 "-" 22 0
Oct 5 08:30:53 np0005471146 object-server[126725]: 172.20.0.103 - - [05/Oct/2025:08:30:53 +0000] "PUT /d1/55/AUTH_ffbb1c514d6a4f40a7f8a9f769bc781a/gnocchi.80bb1bb0-b35e-4ba8-a2bb-fd16b5b44bba/1759320000.0_mean_300.0_v3" 201 - "PUT http://172.18.0.178:8080/v1/AUTH_ffbb1c514d6a4f40a7f8a9f769bc781a/gnocchi.80bb1bb0-b35e-4ba8-a2bb-fd16b5b44bba/1759320000.0_mean_300.0_v3" "txe5da291242884c33beefa-0068e22cbd" "proxy-server 20" 0.0137 "-" 22 0
Oct 5 08:30:53 np0005471146 proxy-server[128140]: 172.18.0.178 172.18.0.104 05/Oct/2025/08/30/53 PUT /v1/AUTH_ffbb1c514d6a4f40a7f8a9f769bc781a/gnocchi.80bb1bb0-b35e-4ba8-a2bb-fd16b5b44bba/1759320000.0_mean_300.0_v3 HTTP/1.0 201 - python-swiftclient-3.11.1 gAAAAABo4ixPODjF... 16 - - txe5da291242884c33beefa-0068e22cbd - 0.0239 - - 1759653053.020614624 1759653053.044559479 0
Oct 5 08:30:53 np0005471146 object-server[126725]: 172.20.0.105 - - [05/Oct/2025:08:30:53 +0000] "GET /d1/350/AUTH_ffbb1c514d6a4f40a7f8a9f769bc781a/gnocchi.812d8853-9830-4007-a8c4-a077946f8fcd/1759320000.0_mean_300.0_v3" 404 70 "GET http://172.18.0.178:8080/v1/AUTH_ffbb1c514d6a4f40a7f8a9f769bc781a/gnocchi.812d8853-9830-4007-a8c4-a077946f8fcd/1759320000.0_mean_300.0_v3" "txbba59841a0464fb884bdb-0068e22cbd" "proxy-server 20" 0.0003 "-" 22 0
Oct 5 08:30:53 np0005471146 container-server[126325]: 172.20.0.105 - - [05/Oct/2025:08:30:53 +0000] "PUT /d1/53/AUTH_ffbb1c514d6a4f40a7f8a9f769bc781a/gnocchi.34d0c3fe-275b-44da-a4d2-7d85fffb2a30/1759320000.0_mean_300.0_v3" 201 - "PUT http://172.18.0.178:8080/d1/194/AUTH_ffbb1c514d6a4f40a7f8a9f769bc781a/gnocchi.34d0c3fe-275b-44da-a4d2-7d85fffb2a30/1759320000.0_mean_300.0_v3" "txa40ae65ecc17410a94411-0068e22cbd" "object-server 23" 0.0009 "-" 22 0
Oct 5 08:30:53 np0005471146 object-server[126729]: 172.20.0.104 - - [05/Oct/2025:08:30:53 +0000] "PUT /d1/194/AUTH_ffbb1c514d6a4f40a7f8a9f769bc781a/gnocchi.34d0c3fe-275b-44da-a4d2-7d85fffb2a30/1759320000.0_mean_300.0_v3" 201 - "PUT http://172.18.0.178:8080/v1/AUTH_ffbb1c514d6a4f40a7f8a9f769bc781a/gnocchi.34d0c3fe-275b-44da-a4d2-7d85fffb2a30/1759320000.0_mean_300.0_v3" "txa40ae65ecc17410a94411-0068e22cbd" "proxy-server 20" 0.0125 "-" 23 0
Oct 5 08:30:53 np0005471146 container-server[126296]: 172.20.0.105 - - [05/Oct/2025:08:30:53 +0000] "PUT /d1/668/AUTH_ffbb1c514d6a4f40a7f8a9f769bc781a/gnocchi.80bb1bb0-b35e-4ba8-a2bb-fd16b5b44bba/none_v3" 201 - "PUT http://172.18.0.178:8080/d1/575/AUTH_ffbb1c514d6a4f40a7f8a9f769bc781a/gnocchi.80bb1bb0-b35e-4ba8-a2bb-fd16b5b44bba/none_v3" "txf6748b1314954c0fa20de-0068e22cbd" "object-server 25" 0.0006 "-" 20 0
Oct 5 08:30:53 np0005471146 object-server[126740]: 172.20.0.103 - - [05/Oct/2025:08:30:53 +0000] "PUT /d1/575/AUTH_ffbb1c514d6a4f40a7f8a9f769bc781a/gnocchi.80bb1bb0-b35e-4ba8-a2bb-fd16b5b44bba/none_v3" 201 - "PUT http://172.18.0.178:8080/v1/AUTH_ffbb1c514d6a4f40a7f8a9f769bc781a/gnocchi.80bb1bb0-b35e-4ba8-a2bb-fd16b5b44bba/none_v3" "txf6748b1314954c0fa20de-0068e22cbd" "proxy-server 20" 0.0132 "-" 25 0
Oct 5 08:30:53 np0005471146 proxy-server[128140]: 172.18.0.178 172.18.0.104 05/Oct/2025/08/30/53 PUT /v1/AUTH_ffbb1c514d6a4f40a7f8a9f769bc781a/gnocchi.80bb1bb0-b35e-4ba8-a2bb-fd16b5b44bba/none_v3 HTTP/1.0 201 - python-swiftclient-3.11.1 gAAAAABo4ixPODjF... 22 - - txf6748b1314954c0fa20de-0068e22cbd - 0.0285 - - 1759653053.048903227 1759653053.077368975 0
Oct 5 08:30:53 np0005471146 container-server[126319]: 172.20.0.103 - - [05/Oct/2025:08:30:53 +0000] "PUT /d1/951/AUTH_ffbb1c514d6a4f40a7f8a9f769bc781a/gnocchi.812d8853-9830-4007-a8c4-a077946f8fcd/1759320000.0_mean_300.0_v3" 201 - "PUT http://172.18.0.178:8080/d1/350/AUTH_ffbb1c514d6a4f40a7f8a9f769bc781a/gnocchi.812d8853-9830-4007-a8c4-a077946f8fcd/1759320000.0_mean_300.0_v3" "tx3d0a6544ecd14695b4563-0068e22cbd" "object-server 24" 0.0009 "-" 21 0
Oct 5 08:30:53 np0005471146 object-server[126737]: 172.20.0.105 - - [05/Oct/2025:08:30:53 +0000] "PUT /d1/350/AUTH_ffbb1c514d6a4f40a7f8a9f769bc781a/gnocchi.812d8853-9830-4007-a8c4-a077946f8fcd/1759320000.0_mean_300.0_v3" 201 - "PUT http://172.18.0.178:8080/v1/AUTH_ffbb1c514d6a4f40a7f8a9f769bc781a/gnocchi.812d8853-9830-4007-a8c4-a077946f8fcd/1759320000.0_mean_300.0_v3" "tx3d0a6544ecd14695b4563-0068e22cbd" "proxy-server 20" 0.0140 "-" 24 0
Oct 5 08:30:53 np0005471146 container-server[126296]: 172.20.0.103 - - [05/Oct/2025:08:30:53 +0000] "PUT /d1/53/AUTH_ffbb1c514d6a4f40a7f8a9f769bc781a/gnocchi.34d0c3fe-275b-44da-a4d2-7d85fffb2a30/none_v3" 201 - "PUT http://172.18.0.178:8080/d1/762/AUTH_ffbb1c514d6a4f40a7f8a9f769bc781a/gnocchi.34d0c3fe-275b-44da-a4d2-7d85fffb2a30/none_v3" "txc99f0c4e35b540e0b5530-0068e22cbd" "object-server 23" 0.0006 "-" 20 0
Oct 5 08:30:53 np0005471146 object-server[126729]: 172.20.0.104 - - [05/Oct/2025:08:30:53 +0000] "PUT /d1/762/AUTH_ffbb1c514d6a4f40a7f8a9f769bc781a/gnocchi.34d0c3fe-275b-44da-a4d2-7d85fffb2a30/none_v3" 201 - "PUT http://172.18.0.178:8080/v1/AUTH_ffbb1c514d6a4f40a7f8a9f769bc781a/gnocchi.34d0c3fe-275b-44da-a4d2-7d85fffb2a30/none_v3" "txc99f0c4e35b540e0b5530-0068e22cbd" "proxy-server 20" 0.0161 "-" 23 0
Oct 5 08:30:53 np0005471146 container-server[126328]: 172.20.0.105 - - [05/Oct/2025:08:30:53 +0000] "HEAD /d1/855/AUTH_ffbb1c514d6a4f40a7f8a9f769bc781a/gnocchi.6aa7b351-85b7-4149-aa8e-ba7242fca0e1" 404 - "HEAD http://172.18.0.178:8080/v1/AUTH_ffbb1c514d6a4f40a7f8a9f769bc781a/gnocchi.6aa7b351-85b7-4149-aa8e-ba7242fca0e1?format=json&states=listing" "txc6e90d55febe4025b6bf2-0068e22cbd" "proxy-server 20" 0.0007 "-" 23 0
Oct 5 08:30:53 np0005471146 container-server[126319]: 172.20.0.104 - - [05/Oct/2025:08:30:53 +0000] "PUT /d1/951/AUTH_ffbb1c514d6a4f40a7f8a9f769bc781a/gnocchi.812d8853-9830-4007-a8c4-a077946f8fcd/none_v3" 201 - "PUT http://172.18.0.178:8080/d1/814/AUTH_ffbb1c514d6a4f40a7f8a9f769bc781a/gnocchi.812d8853-9830-4007-a8c4-a077946f8fcd/none_v3" "tx97e09bdc971746f28a028-0068e22cbd" "object-server 25" 0.0006 "-" 21 0
Oct 5 08:30:53 np0005471146 object-server[126729]: 172.20.0.103 - - [05/Oct/2025:08:30:53 +0000] "PUT /d1/814/AUTH_ffbb1c514d6a4f40a7f8a9f769bc781a/gnocchi.812d8853-9830-4007-a8c4-a077946f8fcd/none_v3" 201 - "PUT http://172.18.0.178:8080/v1/AUTH_ffbb1c514d6a4f40a7f8a9f769bc781a/gnocchi.812d8853-9830-4007-a8c4-a077946f8fcd/none_v3" "tx97e09bdc971746f28a028-0068e22cbd" "proxy-server 20" 0.0123 "-" 23 0
Oct 5 08:30:53 np0005471146 object-server[126737]: 172.20.0.105 - - [05/Oct/2025:08:30:53 +0000] "GET /d1/419/AUTH_ffbb1c514d6a4f40a7f8a9f769bc781a/gnocchi.6aa7b351-85b7-4149-aa8e-ba7242fca0e1/none_v3" 404 70 "GET http://172.18.0.178:8080/v1/AUTH_ffbb1c514d6a4f40a7f8a9f769bc781a/gnocchi.6aa7b351-85b7-4149-aa8e-ba7242fca0e1/none_v3" "txc6e90d55febe4025b6bf2-0068e22cbd" "proxy-server 20" 0.0005 "-" 24 0
Oct 5 08:30:53 np0005471146 proxy-server[128140]: 172.18.0.103 172.18.0.104 05/Oct/2025/08/30/53 PUT /v1/AUTH_ffbb1c514d6a4f40a7f8a9f769bc781a/gnocchi.812d8853-9830-4007-a8c4-a077946f8fcd/none_v3 HTTP/1.0 201 - python-swiftclient-3.11.1 gAAAAABo4iyYaC5C... 22 - - tx97e09bdc971746f28a028-0068e22cbd - 0.0230 - - 1759653053.090869904 1759653053.113890409 0
Oct 5 08:30:53 np0005471146 container-server[126325]: 172.20.0.104 - - [05/Oct/2025:08:30:53 +0000] "HEAD /d1/852/AUTH_ffbb1c514d6a4f40a7f8a9f769bc781a/gnocchi.b91482ff-72d8-413b-96ef-5b7c844cebdb" 404 - "HEAD http://172.18.0.178:8080/v1/AUTH_ffbb1c514d6a4f40a7f8a9f769bc781a/gnocchi.b91482ff-72d8-413b-96ef-5b7c844cebdb?format=json&states=listing" "txf0aaa32480d14928b3547-0068e22cbd" "proxy-server 20" 0.0006 "-" 22 0
Oct 5 08:30:53 np0005471146 container-server[126296]: 172.20.0.105 - - [05/Oct/2025:08:30:53 +0000] "HEAD /d1/567/AUTH_ffbb1c514d6a4f40a7f8a9f769bc781a/gnocchi.974be382-e87f-4bea-a8ca-7e62c2bdd3fd" 404 - "HEAD http://172.18.0.178:8080/v1/AUTH_ffbb1c514d6a4f40a7f8a9f769bc781a/gnocchi.974be382-e87f-4bea-a8ca-7e62c2bdd3fd?format=json&states=listing" "txe5222636e708458cb0101-0068e22cbd" "proxy-server 20" 0.0004 "-" 20 0
Oct 5 08:30:53 np0005471146 object-server[126740]: 172.20.0.104 - - [05/Oct/2025:08:30:53 +0000] "GET /d1/794/AUTH_ffbb1c514d6a4f40a7f8a9f769bc781a/gnocchi.b91482ff-72d8-413b-96ef-5b7c844cebdb/none_v3" 404 70 "GET http://172.18.0.178:8080/v1/AUTH_ffbb1c514d6a4f40a7f8a9f769bc781a/gnocchi.b91482ff-72d8-413b-96ef-5b7c844cebdb/none_v3" "txf0aaa32480d14928b3547-0068e22cbd" "proxy-server 20" 0.0004 "-" 25 0
Oct 5 08:30:53 np0005471146 object-server[126737]: 172.20.0.105 - - [05/Oct/2025:08:30:53 +0000] "GET /d1/812/AUTH_ffbb1c514d6a4f40a7f8a9f769bc781a/gnocchi.974be382-e87f-4bea-a8ca-7e62c2bdd3fd/none_v3" 404 70 "GET http://172.18.0.178:8080/v1/AUTH_ffbb1c514d6a4f40a7f8a9f769bc781a/gnocchi.974be382-e87f-4bea-a8ca-7e62c2bdd3fd/none_v3" "txe5222636e708458cb0101-0068e22cbd" "proxy-server 20" 0.0007 "-" 24 0
Oct 5 08:30:53 np0005471146 container-server[126319]: 172.20.0.103 - - [05/Oct/2025:08:30:53 +0000] "PUT /d1/855/AUTH_ffbb1c514d6a4f40a7f8a9f769bc781a/gnocchi.6aa7b351-85b7-4149-aa8e-ba7242fca0e1" 201 - "PUT http://172.18.0.178:8080/v1/AUTH_ffbb1c514d6a4f40a7f8a9f769bc781a/gnocchi.6aa7b351-85b7-4149-aa8e-ba7242fca0e1" "tx387b28c39b234492a59fe-0068e22cbd" "proxy-server 20" 0.0192 "-" 21 0
Oct 5 08:30:53 np0005471146 account-server[126121]: 172.20.0.104 - - [05/Oct/2025:08:30:53 +0000] "PUT /d1/852/AUTH_ffbb1c514d6a4f40a7f8a9f769bc781a/gnocchi.6aa7b351-85b7-4149-aa8e-ba7242fca0e1" 201 - "PUT http://172.20.0.104:6001/d1/855/AUTH_ffbb1c514d6a4f40a7f8a9f769bc781a/gnocchi.6aa7b351-85b7-4149-aa8e-ba7242fca0e1" "tx387b28c39b234492a59fe-0068e22cbd" "container-server 23" 0.0062 "-" 23 0
Oct 5 08:30:53 np0005471146 proxy-server[128140]: 172.18.0.178 172.18.0.104 05/Oct/2025/08/30/53 PUT /v1/AUTH_ffbb1c514d6a4f40a7f8a9f769bc781a/gnocchi.6aa7b351-85b7-4149-aa8e-ba7242fca0e1 HTTP/1.0 201 - python-swiftclient-3.11.1 gAAAAABo4ixPODjF... - - - tx387b28c39b234492a59fe-0068e22cbd - 0.0310 - - 1759653053.129781723 1759653053.160757065 0
Oct 5 08:30:53 np0005471146 proxy-server[128140]: - - 05/Oct/2025/08/30/53 HEAD /v1/AUTH_ffbb1c514d6a4f40a7f8a9f769bc781a/gnocchi.6aa7b351-85b7-4149-aa8e-ba7242fca0e1%3Fformat%3Djson%26states%3Dlisting HTTP/1.0 204 - Swift - - - - txdf8dda4c62184a77837c4-0068e22cbd - 0.0079 RL - 1759653053.168343067 1759653053.176288843 0
Oct 5 08:30:53 np0005471146 account-server[126061]: 172.20.0.105 - - [05/Oct/2025:08:30:53 +0000] "PUT /d1/852/AUTH_ffbb1c514d6a4f40a7f8a9f769bc781a/gnocchi.974be382-e87f-4bea-a8ca-7e62c2bdd3fd" 201 - "PUT http://172.20.0.105:6001/d1/567/AUTH_ffbb1c514d6a4f40a7f8a9f769bc781a/gnocchi.974be382-e87f-4bea-a8ca-7e62c2bdd3fd" "txc8cf859bda9d475686dce-0068e22cbd" "container-server 14" 0.0072 "-" 21 0
Oct 5 08:30:53 np0005471146 proxy-server[128140]: 172.18.0.178 172.18.0.104 05/Oct/2025/08/30/53 GET /v1/AUTH_ffbb1c514d6a4f40a7f8a9f769bc781a/gnocchi.6aa7b351-85b7-4149-aa8e-ba7242fca0e1%3Fformat%3Djson%26states%3Dlisting HTTP/1.0 200 - python-swiftclient-3.11.1 gAAAAABo4ixPODjF... - 2 - txdf8dda4c62184a77837c4-0068e22cbd - 0.0275 - - 1759653053.166515112 1759653053.194030523 0
Oct 5 08:30:53 np0005471146 account-server[126061]: 172.20.0.103 - - [05/Oct/2025:08:30:53 +0000] "PUT /d1/852/AUTH_ffbb1c514d6a4f40a7f8a9f769bc781a/gnocchi.b91482ff-72d8-413b-96ef-5b7c844cebdb" 201 - "PUT http://172.20.0.103:6001/d1/852/AUTH_ffbb1c514d6a4f40a7f8a9f769bc781a/gnocchi.b91482ff-72d8-413b-96ef-5b7c844cebdb" "txfcac8f3ea8bb467494a9f-0068e22cbd" "container-server 23" 0.0057 "-" 21 0
Oct 5 08:30:53 np0005471146 container-server[126328]: 172.20.0.104 - - [05/Oct/2025:08:30:53 +0000] "PUT /d1/852/AUTH_ffbb1c514d6a4f40a7f8a9f769bc781a/gnocchi.b91482ff-72d8-413b-96ef-5b7c844cebdb" 201 - "PUT http://172.18.0.178:8080/v1/AUTH_ffbb1c514d6a4f40a7f8a9f769bc781a/gnocchi.b91482ff-72d8-413b-96ef-5b7c844cebdb" "txfcac8f3ea8bb467494a9f-0068e22cbd" "proxy-server 20" 0.0342 "-" 23 0
