Oct 5 08:30:53 np0005471146 container-server[126328]: 172.20.0.105 - - [05/Oct/2025:08:30:53 +0000] "PUT /d1/567/AUTH_ffbb1c514d6a4f40a7f8a9f769bc781a/gnocchi.974be382-e87f-4bea-a8ca-7e62c2bdd3fd" 201 - "PUT http://172.18.0.178:8080/v1/AUTH_ffbb1c514d6a4f40a7f8a9f769bc781a/gnocchi.974be382-e87f-4bea-a8ca-7e62c2bdd3fd" "txc8cf859bda9d475686dce-0068e22cbd" "proxy-server 20" 0.0241 "-" 23 0
Oct 5 08:30:53 np0005471146 object-server[126725]: 172.20.0.103 - - [05/Oct/2025:08:30:53 +0000] "GET /d1/565/AUTH_ffbb1c514d6a4f40a7f8a9f769bc781a/gnocchi.6aa7b351-85b7-4149-aa8e-ba7242fca0e1/1759320000.0_mean_300.0_v3" 404 70 "GET http://172.18.0.178:8080/v1/AUTH_ffbb1c514d6a4f40a7f8a9f769bc781a/gnocchi.6aa7b351-85b7-4149-aa8e-ba7242fca0e1/1759320000.0_mean_300.0_v3" "tx754e4623b8e44cd1a1bf5-0068e22cbd" "proxy-server 20" 0.0005 "-" 22 0
Oct 5 08:30:53 np0005471146 container-server[126325]: 172.20.0.104 - - [05/Oct/2025:08:30:53 +0000] "HEAD /d1/852/AUTH_ffbb1c514d6a4f40a7f8a9f769bc781a/gnocchi.b91482ff-72d8-413b-96ef-5b7c844cebdb" 204 - "HEAD http://172.18.0.178:8080/v1/AUTH_ffbb1c514d6a4f40a7f8a9f769bc781a/gnocchi.b91482ff-72d8-413b-96ef-5b7c844cebdb?format=json&states=listing" "tx7d2b684377be4a398c7b6-0068e22cbd" "proxy-server 20" 0.0023 "-" 22 0
Oct 5 08:30:53 np0005471146 proxy-server[128140]: 172.18.0.178 172.18.0.104 05/Oct/2025/08/30/53 GET /v1/AUTH_ffbb1c514d6a4f40a7f8a9f769bc781a/gnocchi.6aa7b351-85b7-4149-aa8e-ba7242fca0e1/1759320000.0_mean_300.0_v3 HTTP/1.0 404 - python-swiftclient-3.11.1 gAAAAABo4ixPODjF... - 70 - tx754e4623b8e44cd1a1bf5-0068e22cbd - 0.0187 - - 1759653053.201026201 1759653053.219747543 0
Oct 5 08:30:53 np0005471146 container-server[126325]: 172.20.0.104 - - [05/Oct/2025:08:30:53 +0000] "GET /d1/852/AUTH_ffbb1c514d6a4f40a7f8a9f769bc781a/gnocchi.b91482ff-72d8-413b-96ef-5b7c844cebdb" 200 2 "GET http://172.18.0.178:8080/v1/AUTH_ffbb1c514d6a4f40a7f8a9f769bc781a/gnocchi.b91482ff-72d8-413b-96ef-5b7c844cebdb?format=json&states=listing" "tx7d2b684377be4a398c7b6-0068e22cbd" "proxy-server 20" 0.0032 "-" 22 0
Oct 5 08:30:53 np0005471146 container-server[126296]: 172.20.0.105 - - [05/Oct/2025:08:30:53 +0000] "PUT /d1/855/AUTH_ffbb1c514d6a4f40a7f8a9f769bc781a/gnocchi.6aa7b351-85b7-4149-aa8e-ba7242fca0e1/1759320000.0_mean_300.0_v3" 201 - "PUT http://172.18.0.178:8080/d1/565/AUTH_ffbb1c514d6a4f40a7f8a9f769bc781a/gnocchi.6aa7b351-85b7-4149-aa8e-ba7242fca0e1/1759320000.0_mean_300.0_v3" "tx14f53c53d2ea4e7da06e4-0068e22cbd" "object-server 22" 0.0008 "-" 20 0
Oct 5 08:30:53 np0005471146 object-server[126729]: 172.20.0.103 - - [05/Oct/2025:08:30:53 +0000] "PUT /d1/565/AUTH_ffbb1c514d6a4f40a7f8a9f769bc781a/gnocchi.6aa7b351-85b7-4149-aa8e-ba7242fca0e1/1759320000.0_mean_300.0_v3" 201 - "PUT http://172.18.0.178:8080/v1/AUTH_ffbb1c514d6a4f40a7f8a9f769bc781a/gnocchi.6aa7b351-85b7-4149-aa8e-ba7242fca0e1/1759320000.0_mean_300.0_v3" "tx14f53c53d2ea4e7da06e4-0068e22cbd" "proxy-server 20" 0.0127 "-" 23 0
Oct 5 08:30:53 np0005471146 proxy-server[128140]: 172.18.0.178 172.18.0.104 05/Oct/2025/08/30/53 PUT /v1/AUTH_ffbb1c514d6a4f40a7f8a9f769bc781a/gnocchi.6aa7b351-85b7-4149-aa8e-ba7242fca0e1/1759320000.0_mean_300.0_v3 HTTP/1.0 201 - python-swiftclient-3.11.1 gAAAAABo4ixPODjF... 16 - - tx14f53c53d2ea4e7da06e4-0068e22cbd - 0.0244 - - 1759653053.224284410 1759653053.248729229 0
Oct 5 08:30:53 np0005471146 object-server[126725]: 172.20.0.104 - - [05/Oct/2025:08:30:53 +0000] "GET /d1/531/AUTH_ffbb1c514d6a4f40a7f8a9f769bc781a/gnocchi.b91482ff-72d8-413b-96ef-5b7c844cebdb/1759320000.0_mean_300.0_v3" 404 70 "GET http://172.18.0.178:8080/v1/AUTH_ffbb1c514d6a4f40a7f8a9f769bc781a/gnocchi.b91482ff-72d8-413b-96ef-5b7c844cebdb/1759320000.0_mean_300.0_v3" "txa4b05e0a5b344677b1591-0068e22cbd" "proxy-server 20" 0.0004 "-" 22 0
Oct 5 08:30:53 np0005471146 object-server[126740]: 172.20.0.105 - - [05/Oct/2025:08:30:53 +0000] "GET /d1/1007/AUTH_ffbb1c514d6a4f40a7f8a9f769bc781a/gnocchi.974be382-e87f-4bea-a8ca-7e62c2bdd3fd/1759320000.0_mean_300.0_v3" 404 70 "GET http://172.18.0.178:8080/v1/AUTH_ffbb1c514d6a4f40a7f8a9f769bc781a/gnocchi.974be382-e87f-4bea-a8ca-7e62c2bdd3fd/1759320000.0_mean_300.0_v3" "txbefb4561c1af412b946a3-0068e22cbd" "proxy-server 20" 0.0005 "-" 25 0
Oct 5 08:30:53 np0005471146 container-server[126319]: 172.20.0.103 - - [05/Oct/2025:08:30:53 +0000] "PUT /d1/855/AUTH_ffbb1c514d6a4f40a7f8a9f769bc781a/gnocchi.6aa7b351-85b7-4149-aa8e-ba7242fca0e1/none_v3" 201 - "PUT http://172.18.0.178:8080/d1/419/AUTH_ffbb1c514d6a4f40a7f8a9f769bc781a/gnocchi.6aa7b351-85b7-4149-aa8e-ba7242fca0e1/none_v3" "txff4388ef49bb4714a1806-0068e22cbd" "object-server 23" 0.0008 "-" 21 0
Oct 5 08:30:53 np0005471146 object-server[126729]: 172.20.0.103 - - [05/Oct/2025:08:30:53 +0000] "PUT /d1/419/AUTH_ffbb1c514d6a4f40a7f8a9f769bc781a/gnocchi.6aa7b351-85b7-4149-aa8e-ba7242fca0e1/none_v3" 201 - "PUT http://172.18.0.178:8080/v1/AUTH_ffbb1c514d6a4f40a7f8a9f769bc781a/gnocchi.6aa7b351-85b7-4149-aa8e-ba7242fca0e1/none_v3" "txff4388ef49bb4714a1806-0068e22cbd" "proxy-server 20" 0.0131 "-" 23 0
Oct 5 08:30:53 np0005471146 container-server[126328]: 172.20.0.104 - - [05/Oct/2025:08:30:53 +0000] "PUT /d1/852/AUTH_ffbb1c514d6a4f40a7f8a9f769bc781a/gnocchi.b91482ff-72d8-413b-96ef-5b7c844cebdb/1759320000.0_mean_300.0_v3" 201 - "PUT http://172.18.0.178:8080/d1/531/AUTH_ffbb1c514d6a4f40a7f8a9f769bc781a/gnocchi.b91482ff-72d8-413b-96ef-5b7c844cebdb/1759320000.0_mean_300.0_v3" "txd7f5829bae21491480bd5-0068e22cbd" "object-server 24" 0.0012 "-" 23 0
Oct 5 08:30:53 np0005471146 proxy-server[128140]: 172.18.0.178 172.18.0.104 05/Oct/2025/08/30/53 PUT /v1/AUTH_ffbb1c514d6a4f40a7f8a9f769bc781a/gnocchi.6aa7b351-85b7-4149-aa8e-ba7242fca0e1/none_v3 HTTP/1.0 201 - python-swiftclient-3.11.1 gAAAAABo4ixPODjF... 22 - - txff4388ef49bb4714a1806-0068e22cbd - 0.0259 - - 1759653053.253517628 1759653053.279434681 0
Oct 5 08:30:53 np0005471146 object-server[126729]: 172.20.0.104 - - [05/Oct/2025:08:30:53 +0000] "PUT /d1/531/AUTH_ffbb1c514d6a4f40a7f8a9f769bc781a/gnocchi.b91482ff-72d8-413b-96ef-5b7c844cebdb/1759320000.0_mean_300.0_v3" 201 - "PUT http://172.18.0.178:8080/v1/AUTH_ffbb1c514d6a4f40a7f8a9f769bc781a/gnocchi.b91482ff-72d8-413b-96ef-5b7c844cebdb/1759320000.0_mean_300.0_v3" "txd7f5829bae21491480bd5-0068e22cbd" "proxy-server 20" 0.0159 "-" 23 0
Oct 5 08:30:53 np0005471146 container-server[126296]: 172.20.0.103 - - [05/Oct/2025:08:30:53 +0000] "PUT /d1/567/AUTH_ffbb1c514d6a4f40a7f8a9f769bc781a/gnocchi.974be382-e87f-4bea-a8ca-7e62c2bdd3fd/1759320000.0_mean_300.0_v3" 201 - "PUT http://172.18.0.178:8080/d1/1007/AUTH_ffbb1c514d6a4f40a7f8a9f769bc781a/gnocchi.974be382-e87f-4bea-a8ca-7e62c2bdd3fd/1759320000.0_mean_300.0_v3" "txcc86ce27d15d450db84b1-0068e22cbd" "object-server 23" 0.0010 "-" 20 0
Oct 5 08:30:53 np0005471146 object-server[126729]: 172.20.0.105 - - [05/Oct/2025:08:30:53 +0000] "PUT /d1/1007/AUTH_ffbb1c514d6a4f40a7f8a9f769bc781a/gnocchi.974be382-e87f-4bea-a8ca-7e62c2bdd3fd/1759320000.0_mean_300.0_v3" 201 - "PUT http://172.18.0.178:8080/v1/AUTH_ffbb1c514d6a4f40a7f8a9f769bc781a/gnocchi.974be382-e87f-4bea-a8ca-7e62c2bdd3fd/1759320000.0_mean_300.0_v3" "txcc86ce27d15d450db84b1-0068e22cbd" "proxy-server 20" 0.0136 "-" 23 0
Oct 5 08:30:53 np0005471146 container-server[126319]: 172.20.0.104 - - [05/Oct/2025:08:30:53 +0000] "HEAD /d1/414/AUTH_ffbb1c514d6a4f40a7f8a9f769bc781a/gnocchi.438e0e68-ec6d-4307-aed3-840f4b7d7c0d" 404 - "HEAD http://172.18.0.178:8080/v1/AUTH_ffbb1c514d6a4f40a7f8a9f769bc781a/gnocchi.438e0e68-ec6d-4307-aed3-840f4b7d7c0d?format=json&states=listing" "txd78f3b2c232040d18f086-0068e22cbd" "proxy-server 20" 0.0005 "-" 21 0
Oct 5 08:30:53 np0005471146 container-server[126296]: 172.20.0.105 - - [05/Oct/2025:08:30:53 +0000] "PUT /d1/852/AUTH_ffbb1c514d6a4f40a7f8a9f769bc781a/gnocchi.b91482ff-72d8-413b-96ef-5b7c844cebdb/none_v3" 201 - "PUT http://172.18.0.178:8080/d1/794/AUTH_ffbb1c514d6a4f40a7f8a9f769bc781a/gnocchi.b91482ff-72d8-413b-96ef-5b7c844cebdb/none_v3" "tx48f8c4e3e38f4979aa40c-0068e22cbd" "object-server 22" 0.0008 "-" 20 0
Oct 5 08:30:53 np0005471146 object-server[126737]: 172.20.0.103 - - [05/Oct/2025:08:30:53 +0000] "PUT /d1/794/AUTH_ffbb1c514d6a4f40a7f8a9f769bc781a/gnocchi.b91482ff-72d8-413b-96ef-5b7c844cebdb/none_v3" 201 - "PUT http://172.18.0.178:8080/v1/AUTH_ffbb1c514d6a4f40a7f8a9f769bc781a/gnocchi.b91482ff-72d8-413b-96ef-5b7c844cebdb/none_v3" "tx48f8c4e3e38f4979aa40c-0068e22cbd" "proxy-server 20" 0.0194 "-" 24 0
Oct 5 08:30:53 np0005471146 proxy-server[128140]: 172.18.0.105 172.18.0.104 05/Oct/2025/08/30/53 PUT /v1/AUTH_ffbb1c514d6a4f40a7f8a9f769bc781a/gnocchi.b91482ff-72d8-413b-96ef-5b7c844cebdb/none_v3 HTTP/1.0 201 - python-swiftclient-3.11.1 gAAAAABo4ixtepNT... 22 - - tx48f8c4e3e38f4979aa40c-0068e22cbd - 0.0302 - - 1759653053.290983200 1759653053.321173906 0
Oct 5 08:30:53 np0005471146 object-server[126729]: 172.20.0.104 - - [05/Oct/2025:08:30:53 +0000] "GET /d1/752/AUTH_ffbb1c514d6a4f40a7f8a9f769bc781a/gnocchi.438e0e68-ec6d-4307-aed3-840f4b7d7c0d/none_v3" 404 70 "GET http://172.18.0.178:8080/v1/AUTH_ffbb1c514d6a4f40a7f8a9f769bc781a/gnocchi.438e0e68-ec6d-4307-aed3-840f4b7d7c0d/none_v3" "txd78f3b2c232040d18f086-0068e22cbd" "proxy-server 20" 0.0004 "-" 23 0
Oct 5 08:30:53 np0005471146 container-server[126296]: 172.20.0.103 - - [05/Oct/2025:08:30:53 +0000] "PUT /d1/567/AUTH_ffbb1c514d6a4f40a7f8a9f769bc781a/gnocchi.974be382-e87f-4bea-a8ca-7e62c2bdd3fd/none_v3" 201 - "PUT http://172.18.0.178:8080/d1/812/AUTH_ffbb1c514d6a4f40a7f8a9f769bc781a/gnocchi.974be382-e87f-4bea-a8ca-7e62c2bdd3fd/none_v3" "txe37f2abef39e4547a1ae9-0068e22cbd" "object-server 24" 0.0009 "-" 20 0
Oct 5 08:30:53 np0005471146 object-server[126737]: 172.20.0.105 - - [05/Oct/2025:08:30:53 +0000] "PUT /d1/812/AUTH_ffbb1c514d6a4f40a7f8a9f769bc781a/gnocchi.974be382-e87f-4bea-a8ca-7e62c2bdd3fd/none_v3" 201 - "PUT http://172.18.0.178:8080/v1/AUTH_ffbb1c514d6a4f40a7f8a9f769bc781a/gnocchi.974be382-e87f-4bea-a8ca-7e62c2bdd3fd/none_v3" "txe37f2abef39e4547a1ae9-0068e22cbd" "proxy-server 20" 0.0144 "-" 24 0
Oct 5 08:30:53 np0005471146 container-server[126319]: 172.20.0.104 - - [05/Oct/2025:08:30:53 +0000] "HEAD /d1/97/AUTH_ffbb1c514d6a4f40a7f8a9f769bc781a/gnocchi.630ced32-f036-4c8c-bebe-dfa7df1b4507" 404 - "HEAD http://172.18.0.178:8080/v1/AUTH_ffbb1c514d6a4f40a7f8a9f769bc781a/gnocchi.630ced32-f036-4c8c-bebe-dfa7df1b4507?format=json&states=listing" "txb629dcfcc986440988fef-0068e22cbd" "proxy-server 20" 0.0005 "-" 21 0
Oct 5 08:30:53 np0005471146 container-server[126319]: 172.20.0.105 - - [05/Oct/2025:08:30:53 +0000] "HEAD /d1/646/AUTH_ffbb1c514d6a4f40a7f8a9f769bc781a/gnocchi.cebab2a7-ecec-4c42-b8fc-013a1ede8d36" 404 - "HEAD http://172.18.0.178:8080/v1/AUTH_ffbb1c514d6a4f40a7f8a9f769bc781a/gnocchi.cebab2a7-ecec-4c42-b8fc-013a1ede8d36?format=json&states=listing" "tx2f380991cfd240bc9d88e-0068e22cbd" "proxy-server 20" 0.0004 "-" 21 0
Oct 5 08:30:53 np0005471146 account-server[126036]: 172.20.0.104 - - [05/Oct/2025:08:30:53 +0000] "PUT /d1/852/AUTH_ffbb1c514d6a4f40a7f8a9f769bc781a/gnocchi.438e0e68-ec6d-4307-aed3-840f4b7d7c0d" 201 - "PUT http://172.20.0.104:6001/d1/414/AUTH_ffbb1c514d6a4f40a7f8a9f769bc781a/gnocchi.438e0e68-ec6d-4307-aed3-840f4b7d7c0d" "tx842c161b719043b9bbd56-0068e22cbd" "container-server 23" 0.0060 "-" 20 0
Oct 5 08:30:53 np0005471146 container-server[126328]: 172.20.0.103 - - [05/Oct/2025:08:30:53 +0000] "PUT /d1/414/AUTH_ffbb1c514d6a4f40a7f8a9f769bc781a/gnocchi.438e0e68-ec6d-4307-aed3-840f4b7d7c0d" 201 - "PUT http://172.18.0.178:8080/v1/AUTH_ffbb1c514d6a4f40a7f8a9f769bc781a/gnocchi.438e0e68-ec6d-4307-aed3-840f4b7d7c0d" "tx842c161b719043b9bbd56-0068e22cbd" "proxy-server 20" 0.0210 "-" 23 0
Oct 5 08:30:53 np0005471146 proxy-server[128140]: 172.18.0.178 172.18.0.104 05/Oct/2025/08/30/53 PUT /v1/AUTH_ffbb1c514d6a4f40a7f8a9f769bc781a/gnocchi.438e0e68-ec6d-4307-aed3-840f4b7d7c0d HTTP/1.0 201 - python-swiftclient-3.11.1 gAAAAABo4ixPODjF... - - - tx842c161b719043b9bbd56-0068e22cbd - 0.0318 - - 1759653053.337085247 1759653053.368929863 0
Oct 5 08:30:53 np0005471146 object-server[126740]: 172.20.0.104 - - [05/Oct/2025:08:30:53 +0000] "GET /d1/176/AUTH_ffbb1c514d6a4f40a7f8a9f769bc781a/gnocchi.630ced32-f036-4c8c-bebe-dfa7df1b4507/none_v3" 404 70 "GET http://172.18.0.178:8080/v1/AUTH_ffbb1c514d6a4f40a7f8a9f769bc781a/gnocchi.630ced32-f036-4c8c-bebe-dfa7df1b4507/none_v3" "txb629dcfcc986440988fef-0068e22cbd" "proxy-server 20" 0.0005 "-" 25 0
Oct 5 08:30:53 np0005471146 object-server[126740]: 172.20.0.105 - - [05/Oct/2025:08:30:53 +0000] "GET /d1/886/AUTH_ffbb1c514d6a4f40a7f8a9f769bc781a/gnocchi.cebab2a7-ecec-4c42-b8fc-013a1ede8d36/none_v3" 404 70 "GET http://172.18.0.178:8080/v1/AUTH_ffbb1c514d6a4f40a7f8a9f769bc781a/gnocchi.cebab2a7-ecec-4c42-b8fc-013a1ede8d36/none_v3" "tx2f380991cfd240bc9d88e-0068e22cbd" "proxy-server 20" 0.0003 "-" 25 0
Oct 5 08:30:53 np0005471146 proxy-server[128140]: - - 05/Oct/2025/08/30/53 HEAD /v1/AUTH_ffbb1c514d6a4f40a7f8a9f769bc781a/gnocchi.438e0e68-ec6d-4307-aed3-840f4b7d7c0d%3Fformat%3Djson%26states%3Dlisting HTTP/1.0 204 - Swift - - - - tx6ca85622e8ac4d8384e2e-0068e22cbd - 0.0067 RL - 1759653053.376533031 1759653053.383194447 0
Oct 5 08:30:53 np0005471146 proxy-server[128140]: 172.18.0.178 172.18.0.104 05/Oct/2025/08/30/53 GET /v1/AUTH_ffbb1c514d6a4f40a7f8a9f769bc781a/gnocchi.438e0e68-ec6d-4307-aed3-840f4b7d7c0d%3Fformat%3Djson%26states%3Dlisting HTTP/1.0 200 - python-swiftclient-3.11.1 gAAAAABo4ixPODjF... - 2 - tx6ca85622e8ac4d8384e2e-0068e22cbd - 0.0209 - - 1759653053.374430895 1759653053.395290852 0
Oct 5 08:30:53 np0005471146 account-server[126061]: 172.20.0.105 - - [05/Oct/2025:08:30:53 +0000] "PUT /d1/852/AUTH_ffbb1c514d6a4f40a7f8a9f769bc781a/gnocchi.cebab2a7-ecec-4c42-b8fc-013a1ede8d36" 201 - "PUT http://172.20.0.105:6001/d1/646/AUTH_ffbb1c514d6a4f40a7f8a9f769bc781a/gnocchi.cebab2a7-ecec-4c42-b8fc-013a1ede8d36" "txf59a5761dc85455d93d5e-0068e22cbd" "container-server 15" 0.0057 "-" 21 0
Oct 5 08:30:53 np0005471146 object-server[126737]: 172.20.0.103 - - [05/Oct/2025:08:30:53 +0000] "GET /d1/730/AUTH_ffbb1c514d6a4f40a7f8a9f769bc781a/gnocchi.438e0e68-ec6d-4307-aed3-840f4b7d7c0d/1759320000.0_mean_300.0_v3" 404 70 "GET http://172.18.0.178:8080/v1/AUTH_ffbb1c514d6a4f40a7f8a9f769bc781a/gnocchi.438e0e68-ec6d-4307-aed3-840f4b7d7c0d/1759320000.0_mean_300.0_v3" "tx4bbd32df57a043bda183e-0068e22cbd" "proxy-server 20" 0.0005 "-" 24 0
Oct 5 08:30:53 np0005471146 proxy-server[128140]: 172.18.0.178 172.18.0.104 05/Oct/2025/08/30/53 GET /v1/AUTH_ffbb1c514d6a4f40a7f8a9f769bc781a/gnocchi.438e0e68-ec6d-4307-aed3-840f4b7d7c0d/1759320000.0_mean_300.0_v3 HTTP/1.0 404 - python-swiftclient-3.11.1 gAAAAABo4ixPODjF... - 70 - tx4bbd32df57a043bda183e-0068e22cbd - 0.0176 - - 1759653053.400162458 1759653053.417716742 0
Oct 5 08:30:53 np0005471146 container-server[126328]: 172.20.0.105 - - [05/Oct/2025:08:30:53 +0000] "PUT /d1/646/AUTH_ffbb1c514d6a4f40a7f8a9f769bc781a/gnocchi.cebab2a7-ecec-4c42-b8fc-013a1ede8d36" 201 - "PUT http://172.18.0.178:8080/v1/AUTH_ffbb1c514d6a4f40a7f8a9f769bc781a/gnocchi.cebab2a7-ecec-4c42-b8fc-013a1ede8d36" "txf59a5761dc85455d93d5e-0068e22cbd" "proxy-server 20" 0.0229 "-" 23 0
Oct 5 08:30:53 np0005471146 account-server[126036]: 172.20.0.103 - - [05/Oct/2025:08:30:53 +0000] "PUT /d1/852/AUTH_ffbb1c514d6a4f40a7f8a9f769bc781a/gnocchi.630ced32-f036-4c8c-bebe-dfa7df1b4507" 201 - "PUT http://172.20.0.103:6001/d1/97/AUTH_ffbb1c514d6a4f40a7f8a9f769bc781a/gnocchi.630ced32-f036-4c8c-bebe-dfa7df1b4507" "tx33f51b18288448a08513b-0068e22cbd" "container-server 21" 0.0162 "-" 20 0
Oct 5 08:30:53 np0005471146 container-server[126319]: 172.20.0.104 - - [05/Oct/2025:08:30:53 +0000] "PUT /d1/97/AUTH_ffbb1c514d6a4f40a7f8a9f769bc781a/gnocchi.630ced32-f036-4c8c-bebe-dfa7df1b4507" 201 - "PUT http://172.18.0.178:8080/v1/AUTH_ffbb1c514d6a4f40a7f8a9f769bc781a/gnocchi.630ced32-f036-4c8c-bebe-dfa7df1b4507" "tx33f51b18288448a08513b-0068e22cbd" "proxy-server 20" 0.0321 "-" 21 0
Oct 5 08:30:53 np0005471146 container-server[126319]: 172.20.0.104 - - [05/Oct/2025:08:30:53 +0000] "PUT /d1/414/AUTH_ffbb1c514d6a4f40a7f8a9f769bc781a/gnocchi.438e0e68-ec6d-4307-aed3-840f4b7d7c0d/1759320000.0_mean_300.0_v3" 201 - "PUT http://172.18.0.178:8080/d1/730/AUTH_ffbb1c514d6a4f40a7f8a9f769bc781a/gnocchi.438e0e68-ec6d-4307-aed3-840f4b7d7c0d/1759320000.0_mean_300.0_v3" "txcebde74745a54e13875b0-0068e22cbd" "object-server 22" 0.0007 "-" 21 0
Oct 5 08:30:53 np0005471146 object-server[126729]: 172.20.0.103 - - [05/Oct/2025:08:30:53 +0000] "PUT /d1/730/AUTH_ffbb1c514d6a4f40a7f8a9f769bc781a/gnocchi.438e0e68-ec6d-4307-aed3-840f4b7d7c0d/1759320000.0_mean_300.0_v3" 201 - "PUT http://172.18.0.178:8080/v1/AUTH_ffbb1c514d6a4f40a7f8a9f769bc781a/gnocchi.438e0e68-ec6d-4307-aed3-840f4b7d7c0d/1759320000.0_mean_300.0_v3" "txcebde74745a54e13875b0-0068e22cbd" "proxy-server 20" 0.0216 "-" 23 0
Oct 5 08:30:53 np0005471146 proxy-server[128140]: 172.18.0.178 172.18.0.104 05/Oct/2025/08/30/53 PUT /v1/AUTH_ffbb1c514d6a4f40a7f8a9f769bc781a/gnocchi.438e0e68-ec6d-4307-aed3-840f4b7d7c0d/1759320000.0_mean_300.0_v3 HTTP/1.0 201 - python-swiftclient-3.11.1 gAAAAABo4ixPODjF... 16 - - txcebde74745a54e13875b0-0068e22cbd - 0.0368 - - 1759653053.423305511 1759653053.460124493 0
Oct 5 08:30:53 np0005471146 container-server[126296]: 172.20.0.105 - - [05/Oct/2025:08:30:53 +0000] "PUT /d1/414/AUTH_ffbb1c514d6a4f40a7f8a9f769bc781a/gnocchi.438e0e68-ec6d-4307-aed3-840f4b7d7c0d/none_v3" 201 - "PUT http://172.18.0.178:8080/d1/752/AUTH_ffbb1c514d6a4f40a7f8a9f769bc781a/gnocchi.438e0e68-ec6d-4307-aed3-840f4b7d7c0d/none_v3" "txa17cc0e6f517431fa9418-0068e22cbd" "object-server 23" 0.0009 "-" 20 0
Oct 5 08:30:53 np0005471146 object-server[126740]: 172.20.0.105 - - [05/Oct/2025:08:30:53 +0000] "GET /d1/527/AUTH_ffbb1c514d6a4f40a7f8a9f769bc781a/gnocchi.cebab2a7-ecec-4c42-b8fc-013a1ede8d36/1759320000.0_mean_300.0_v3" 404 70 "GET http://172.18.0.178:8080/v1/AUTH_ffbb1c514d6a4f40a7f8a9f769bc781a/gnocchi.cebab2a7-ecec-4c42-b8fc-013a1ede8d36/1759320000.0_mean_300.0_v3" "tx2105089028b942e4ad7ab-0068e22cbd" "proxy-server 20" 0.0006 "-" 25 0
Oct 5 08:30:53 np0005471146 object-server[126729]: 172.20.0.103 - - [05/Oct/2025:08:30:53 +0000] "PUT /d1/752/AUTH_ffbb1c514d6a4f40a7f8a9f769bc781a/gnocchi.438e0e68-ec6d-4307-aed3-840f4b7d7c0d/none_v3" 201 - "PUT http://172.18.0.178:8080/v1/AUTH_ffbb1c514d6a4f40a7f8a9f769bc781a/gnocchi.438e0e68-ec6d-4307-aed3-840f4b7d7c0d/none_v3" "txa17cc0e6f517431fa9418-0068e22cbd" "proxy-server 20" 0.0161 "-" 23 0
Oct 5 08:30:53 np0005471146 object-server[126725]: 172.20.0.104 - - [05/Oct/2025:08:30:53 +0000] "GET /d1/735/AUTH_ffbb1c514d6a4f40a7f8a9f769bc781a/gnocchi.630ced32-f036-4c8c-bebe-dfa7df1b4507/1759320000.0_mean_300.0_v3" 404 70 "GET http://172.18.0.178:8080/v1/AUTH_ffbb1c514d6a4f40a7f8a9f769bc781a/gnocchi.630ced32-f036-4c8c-bebe-dfa7df1b4507/1759320000.0_mean_300.0_v3" "tx182b03e975c8464db0363-0068e22cbd" "proxy-server 20" 0.0004 "-" 22 0
Oct 5 08:30:53 np0005471146 proxy-server[128140]: 172.18.0.178 172.18.0.104 05/Oct/2025/08/30/53 PUT /v1/AUTH_ffbb1c514d6a4f40a7f8a9f769bc781a/gnocchi.438e0e68-ec6d-4307-aed3-840f4b7d7c0d/none_v3 HTTP/1.0 201 - python-swiftclient-3.11.1 gAAAAABo4ixPODjF... 22 - - txa17cc0e6f517431fa9418-0068e22cbd - 0.0346 - - 1759653053.464521170 1759653053.499166012 0
Oct 5 08:30:53 np0005471146 container-server[126325]: 172.20.0.103 - - [05/Oct/2025:08:30:53 +0000] "PUT /d1/646/AUTH_ffbb1c514d6a4f40a7f8a9f769bc781a/gnocchi.cebab2a7-ecec-4c42-b8fc-013a1ede8d36/1759320000.0_mean_300.0_v3" 201 - "PUT http://172.18.0.178:8080/d1/527/AUTH_ffbb1c514d6a4f40a7f8a9f769bc781a/gnocchi.cebab2a7-ecec-4c42-b8fc-013a1ede8d36/1759320000.0_mean_300.0_v3" "txdc821f57c0274c3686643-0068e22cbd" "object-server 25" 0.0009 "-" 22 0
Oct 5 08:30:53 np0005471146 object-server[126740]: 172.20.0.105 - - [05/Oct/2025:08:30:53 +0000] "PUT /d1/527/AUTH_ffbb1c514d6a4f40a7f8a9f769bc781a/gnocchi.cebab2a7-ecec-4c42-b8fc-013a1ede8d36/1759320000.0_mean_300.0_v3" 201 - "PUT http://172.18.0.178:8080/v1/AUTH_ffbb1c514d6a4f40a7f8a9f769bc781a/gnocchi.cebab2a7-ecec-4c42-b8fc-013a1ede8d36/1759320000.0_mean_300.0_v3" "txdc821f57c0274c3686643-0068e22cbd" "proxy-server 20" 0.0124 "-" 25 0
Oct 5 08:30:53 np0005471146 container-server[126319]: 172.20.0.105 - - [05/Oct/2025:08:30:53 +0000] "PUT /d1/97/AUTH_ffbb1c514d6a4f40a7f8a9f769bc781a/gnocchi.630ced32-f036-4c8c-bebe-dfa7df1b4507/1759320000.0_mean_300.0_v3" 201 - "PUT http://172.18.0.178:8080/d1/735/AUTH_ffbb1c514d6a4f40a7f8a9f769bc781a/gnocchi.630ced32-f036-4c8c-bebe-dfa7df1b4507/1759320000.0_mean_300.0_v3" "txa0b3fc82f3664c2eabc95-0068e22cbd" "object-server 24" 0.0017 "-" 21 0
Oct 5 08:30:53 np0005471146 object-server[126729]: 172.20.0.104 - - [05/Oct/2025:08:30:53 +0000] "PUT /d1/735/AUTH_ffbb1c514d6a4f40a7f8a9f769bc781a/gnocchi.630ced32-f036-4c8c-bebe-dfa7df1b4507/1759320000.0_mean_300.0_v3" 201 - "PUT http://172.18.0.178:8080/v1/AUTH_ffbb1c514d6a4f40a7f8a9f769bc781a/gnocchi.630ced32-f036-4c8c-bebe-dfa7df1b4507/1759320000.0_mean_300.0_v3" "txa0b3fc82f3664c2eabc95-0068e22cbd" "proxy-server 20" 0.0122 "-" 23 0
Oct 5 08:30:53 np0005471146 container-server[126325]: 172.20.0.103 - - [05/Oct/2025:08:30:53 +0000] "HEAD /d1/975/AUTH_ffbb1c514d6a4f40a7f8a9f769bc781a/gnocchi.25a1eb0e-726c-49ea-b034-65511fd14d47" 404 - "HEAD http://172.18.0.178:8080/v1/AUTH_ffbb1c514d6a4f40a7f8a9f769bc781a/gnocchi.25a1eb0e-726c-49ea-b034-65511fd14d47?format=json&states=listing" "tx898dde4266374752a4d78-0068e22cbd" "proxy-server 20" 0.0005 "-" 22 0
Oct 5 08:30:53 np0005471146 container-server[126319]: 172.20.0.104 - - [05/Oct/2025:08:30:53 +0000] "PUT /d1/646/AUTH_ffbb1c514d6a4f40a7f8a9f769bc781a/gnocchi.cebab2a7-ecec-4c42-b8fc-013a1ede8d36/none_v3" 201 - "PUT http://172.18.0.178:8080/d1/886/AUTH_ffbb1c514d6a4f40a7f8a9f769bc781a/gnocchi.cebab2a7-ecec-4c42-b8fc-013a1ede8d36/none_v3" "tx17ab3264f8bf4e9d91aa9-0068e22cbd" "object-server 23" 0.0007 "-" 21 0
Oct 5 08:30:53 np0005471146 object-server[126729]: 172.20.0.105 - - [05/Oct/2025:08:30:53 +0000] "PUT /d1/886/AUTH_ffbb1c514d6a4f40a7f8a9f769bc781a/gnocchi.cebab2a7-ecec-4c42-b8fc-013a1ede8d36/none_v3" 201 - "PUT http://172.18.0.178:8080/v1/AUTH_ffbb1c514d6a4f40a7f8a9f769bc781a/gnocchi.cebab2a7-ecec-4c42-b8fc-013a1ede8d36/none_v3" "tx17ab3264f8bf4e9d91aa9-0068e22cbd" "proxy-server 20" 0.0152 "-" 23 0
Oct 5 08:30:53 np0005471146 object-server[126740]: 172.20.0.103 - - [05/Oct/2025:08:30:53 +0000] "GET /d1/905/AUTH_ffbb1c514d6a4f40a7f8a9f769bc781a/gnocchi.25a1eb0e-726c-49ea-b034-65511fd14d47/none_v3" 404 70 "GET http://172.18.0.178:8080/v1/AUTH_ffbb1c514d6a4f40a7f8a9f769bc781a/gnocchi.25a1eb0e-726c-49ea-b034-65511fd14d47/none_v3" "tx898dde4266374752a4d78-0068e22cbd" "proxy-server 20" 0.0005 "-" 25 0
Oct 5 08:30:53 np0005471146 proxy-server[128140]: 172.18.0.178 172.18.0.104 05/Oct/2025/08/30/53 GET /v1/AUTH_ffbb1c514d6a4f40a7f8a9f769bc781a/gnocchi.25a1eb0e-726c-49ea-b034-65511fd14d47/none_v3 HTTP/1.0 404 - python-swiftclient-3.11.1 gAAAAABo4ixPODjF... - 70 - tx898dde4266374752a4d78-0068e22cbd - 0.0331 - - 1759653053.526987553 1759653053.560090065 0
Oct 5 08:30:53 np0005471146 container-server[126328]: 172.20.0.103 - - [05/Oct/2025:08:30:53 +0000] "PUT /d1/97/AUTH_ffbb1c514d6a4f40a7f8a9f769bc781a/gnocchi.630ced32-f036-4c8c-bebe-dfa7df1b4507/none_v3" 201 - "PUT http://172.18.0.178:8080/d1/176/AUTH_ffbb1c514d6a4f40a7f8a9f769bc781a/gnocchi.630ced32-f036-4c8c-bebe-dfa7df1b4507/none_v3" "txad7fc34799ee4b1282aed-0068e22cbd" "object-server 24" 0.0010 "-" 23 0
Oct 5 08:30:53 np0005471146 object-server[126737]: 172.20.0.104 - - [05/Oct/2025:08:30:53 +0000] "PUT /d1/176/AUTH_ffbb1c514d6a4f40a7f8a9f769bc781a/gnocchi.630ced32-f036-4c8c-bebe-dfa7df1b4507/none_v3" 201 - "PUT http://172.18.0.178:8080/v1/AUTH_ffbb1c514d6a4f40a7f8a9f769bc781a/gnocchi.630ced32-f036-4c8c-bebe-dfa7df1b4507/none_v3" "txad7fc34799ee4b1282aed-0068e22cbd" "proxy-server 20" 0.0152 "-" 24 0
Oct 5 08:30:53 np0005471146 account-server[126036]: 172.20.0.105 - - [05/Oct/2025:08:30:53 +0000] "PUT /d1/852/AUTH_ffbb1c514d6a4f40a7f8a9f769bc781a/gnocchi.25a1eb0e-726c-49ea-b034-65511fd14d47" 201 - "PUT http://172.20.0.105:6001/d1/975/AUTH_ffbb1c514d6a4f40a7f8a9f769bc781a/gnocchi.25a1eb0e-726c-49ea-b034-65511fd14d47" "txc32dc4fadc8a4fac95ffb-0068e22cbd" "container-server 17" 0.0054 "-" 20 0
Oct 5 08:30:53 np0005471146 container-server[126319]: 172.20.0.103 - - [05/Oct/2025:08:30:53 +0000] "HEAD /d1/154/AUTH_ffbb1c514d6a4f40a7f8a9f769bc781a/gnocchi.5cd9b367-abdc-45e9-a02e-9d779cc0e4a9" 404 - "HEAD http://172.18.0.178:8080/v1/AUTH_ffbb1c514d6a4f40a7f8a9f769bc781a/gnocchi.5cd9b367-abdc-45e9-a02e-9d779cc0e4a9?format=json&states=listing" "txb0259e75a82746118106d-0068e22cbd" "proxy-server 20" 0.0008 "-" 21 0
Oct 5 08:30:53 np0005471146 container-server[126325]: 172.20.0.105 - - [05/Oct/2025:08:30:53 +0000] "PUT /d1/975/AUTH_ffbb1c514d6a4f40a7f8a9f769bc781a/gnocchi.25a1eb0e-726c-49ea-b034-65511fd14d47" 201 - "PUT http://172.18.0.178:8080/v1/AUTH_ffbb1c514d6a4f40a7f8a9f769bc781a/gnocchi.25a1eb0e-726c-49ea-b034-65511fd14d47" "txc32dc4fadc8a4fac95ffb-0068e22cbd" "proxy-server 20" 0.0237 "-" 22 0
Oct 5 08:30:53 np0005471146 object-server[126737]: 172.20.0.103 - - [05/Oct/2025:08:30:53 +0000] "GET /d1/587/AUTH_ffbb1c514d6a4f40a7f8a9f769bc781a/gnocchi.5cd9b367-abdc-45e9-a02e-9d779cc0e4a9/none_v3" 404 70 "GET http://172.18.0.178:8080/v1/AUTH_ffbb1c514d6a4f40a7f8a9f769bc781a/gnocchi.5cd9b367-abdc-45e9-a02e-9d779cc0e4a9/none_v3" "txb0259e75a82746118106d-0068e22cbd" "proxy-server 20" 0.0005 "-" 24 0
Oct 5 08:30:53 np0005471146 proxy-server[128140]: 172.18.0.103 172.18.0.104 05/Oct/2025/08/30/53 GET /v1/AUTH_ffbb1c514d6a4f40a7f8a9f769bc781a/gnocchi.5cd9b367-abdc-45e9-a02e-9d779cc0e4a9/none_v3 HTTP/1.0 404 - python-swiftclient-3.11.1 gAAAAABo4iyYaC5C... - 70 - txb0259e75a82746118106d-0068e22cbd - 0.0323 - - 1759653053.585278273 1759653053.617568731 0
Oct 5 08:30:53 np0005471146 container-server[126319]: 172.20.0.105 - - [05/Oct/2025:08:30:53 +0000] "PUT /d1/154/AUTH_ffbb1c514d6a4f40a7f8a9f769bc781a/gnocchi.5cd9b367-abdc-45e9-a02e-9d779cc0e4a9" 201 - "PUT http://172.18.0.178:8080/v1/AUTH_ffbb1c514d6a4f40a7f8a9f769bc781a/gnocchi.5cd9b367-abdc-45e9-a02e-9d779cc0e4a9" "txdde83e9da3a04350932ad-0068e22cbd" "proxy-server 20" 0.0149 "-" 21 0
Oct 5 08:30:53 np0005471146 account-server[126036]: 172.20.0.105 - - [05/Oct/2025:08:30:53 +0000] "PUT /d1/852/AUTH_ffbb1c514d6a4f40a7f8a9f769bc781a/gnocchi.5cd9b367-abdc-45e9-a02e-9d779cc0e4a9" 201 - "PUT http://172.20.0.105:6001/d1/154/AUTH_ffbb1c514d6a4f40a7f8a9f769bc781a/gnocchi.5cd9b367-abdc-45e9-a02e-9d779cc0e4a9" "txdde83e9da3a04350932ad-0068e22cbd" "container-server 17" 0.0048 "-" 20 0
Oct 5 08:30:53 np0005471146 object-server[126737]: 172.20.0.103 - - [05/Oct/2025:08:30:53 +0000] "GET /d1/449/AUTH_ffbb1c514d6a4f40a7f8a9f769bc781a/gnocchi.25a1eb0e-726c-49ea-b034-65511fd14d47/1759320000.0_mean_300.0_v3" 404 70 "GET http://172.18.0.178:8080/v1/AUTH_ffbb1c514d6a4f40a7f8a9f769bc781a/gnocchi.25a1eb0e-726c-49ea-b034-65511fd14d47/1759320000.0_mean_300.0_v3" "tx371318b5bd8e4f528fd00-0068e22cbd" "proxy-server 20" 0.0005 "-" 24 0
Oct 5 08:30:53 np0005471146 proxy-server[128140]: 172.18.0.178 172.18.0.104 05/Oct/2025/08/30/53 GET /v1/AUTH_ffbb1c514d6a4f40a7f8a9f769bc781a/gnocchi.25a1eb0e-726c-49ea-b034-65511fd14d47/1759320000.0_mean_300.0_v3 HTTP/1.0 404 - python-swiftclient-3.11.1 gAAAAABo4ixPODjF... - 70 - tx371318b5bd8e4f528fd00-0068e22cbd - 0.0167 - - 1759653053.641061068 1759653053.657738686 0
Oct 5 08:30:53 np0005471146 container-server[126319]: 172.20.0.103 - - [05/Oct/2025:08:30:53 +0000] "PUT /d1/975/AUTH_ffbb1c514d6a4f40a7f8a9f769bc781a/gnocchi.25a1eb0e-726c-49ea-b034-65511fd14d47/1759320000.0_mean_300.0_v3" 201 - "PUT http://172.18.0.178:8080/d1/449/AUTH_ffbb1c514d6a4f40a7f8a9f769bc781a/gnocchi.25a1eb0e-726c-49ea-b034-65511fd14d47/1759320000.0_mean_300.0_v3" "tx134fe8fd1eac47ae9f714-0068e22cbd" "object-server 22" 0.0007 "-" 21 0
Oct 5 08:30:53 np0005471146 object-server[126725]: 172.20.0.105 - - [05/Oct/2025:08:30:53 +0000] "PUT /d1/449/AUTH_ffbb1c514d6a4f40a7f8a9f769bc781a/gnocchi.25a1eb0e-726c-49ea-b034-65511fd14d47/1759320000.0_mean_300.0_v3" 201 - "PUT http://172.18.0.178:8080/v1/AUTH_ffbb1c514d6a4f40a7f8a9f769bc781a/gnocchi.25a1eb0e-726c-49ea-b034-65511fd14d47/1759320000.0_mean_300.0_v3" "tx134fe8fd1eac47ae9f714-0068e22cbd" "proxy-server 20" 0.0127 "-" 22 0
Oct 5 08:30:53 np0005471146 object-server[126737]: 172.20.0.103 - - [05/Oct/2025:08:30:53 +0000] "GET /d1/936/AUTH_ffbb1c514d6a4f40a7f8a9f769bc781a/gnocchi.5cd9b367-abdc-45e9-a02e-9d779cc0e4a9/1759320000.0_mean_300.0_v3" 404 70 "GET http://172.18.0.178:8080/v1/AUTH_ffbb1c514d6a4f40a7f8a9f769bc781a/gnocchi.5cd9b367-abdc-45e9-a02e-9d779cc0e4a9/1759320000.0_mean_300.0_v3" "tx079d4f07a9b7418d98641-0068e22cbd" "proxy-server 20" 0.0003 "-" 24 0
Oct 5 08:30:53 np0005471146 proxy-server[128140]: 172.18.0.103 172.18.0.104 05/Oct/2025/08/30/53 GET /v1/AUTH_ffbb1c514d6a4f40a7f8a9f769bc781a/gnocchi.5cd9b367-abdc-45e9-a02e-9d779cc0e4a9/1759320000.0_mean_300.0_v3 HTTP/1.0 404 - python-swiftclient-3.11.1 gAAAAABo4iyYaC5C... - 70 - tx079d4f07a9b7418d98641-0068e22cbd - 0.0169 - - 1759653053.683706045 1759653053.700642824 0
Oct 5 08:30:53 np0005471146 object-server[126729]: 172.20.0.104 - - [05/Oct/2025:08:30:53 +0000] "PUT /d1/905/AUTH_ffbb1c514d6a4f40a7f8a9f769bc781a/gnocchi.25a1eb0e-726c-49ea-b034-65511fd14d47/none_v3" 201 - "PUT http://172.18.0.178:8080/v1/AUTH_ffbb1c514d6a4f40a7f8a9f769bc781a/gnocchi.25a1eb0e-726c-49ea-b034-65511fd14d47/none_v3" "txf52c513ca03d417a9178d-0068e22cbd" "proxy-server 20" 0.0098 "-" 23 0
Oct 5 08:30:53 np0005471146 container-server[126328]: 172.20.0.104 - - [05/Oct/2025:08:30:53 +0000] "PUT /d1/975/AUTH_ffbb1c514d6a4f40a7f8a9f769bc781a/gnocchi.25a1eb0e-726c-49ea-b034-65511fd14d47/none_v3" 201 - "PUT http://172.18.0.178:8080/d1/905/AUTH_ffbb1c514d6a4f40a7f8a9f769bc781a/gnocchi.25a1eb0e-726c-49ea-b034-65511fd14d47/none_v3" "txf52c513ca03d417a9178d-0068e22cbd" "object-server 25" 0.0006 "-" 23 0
Oct 5 08:30:53 np0005471146 container-server[126328]: 172.20.0.103 - - [05/Oct/2025:08:30:53 +0000] "PUT /d1/154/AUTH_ffbb1c514d6a4f40a7f8a9f769bc781a/gnocchi.5cd9b367-abdc-45e9-a02e-9d779cc0e4a9/1759320000.0_mean_300.0_v3" 201 - "PUT http://172.18.0.178:8080/d1/936/AUTH_ffbb1c514d6a4f40a7f8a9f769bc781a/gnocchi.5cd9b367-abdc-45e9-a02e-9d779cc0e4a9/1759320000.0_mean_300.0_v3" "tx36e5c694a0f146f090024-0068e22cbd" "object-server 23" 0.0005 "-" 23 0
Oct 5 08:30:53 np0005471146 object-server[126729]: 172.20.0.105 - - [05/Oct/2025:08:30:53 +0000] "PUT /d1/936/AUTH_ffbb1c514d6a4f40a7f8a9f769bc781a/gnocchi.5cd9b367-abdc-45e9-a02e-9d779cc0e4a9/1759320000.0_mean_300.0_v3" 201 - "PUT http://172.18.0.178:8080/v1/AUTH_ffbb1c514d6a4f40a7f8a9f769bc781a/gnocchi.5cd9b367-abdc-45e9-a02e-9d779cc0e4a9/1759320000.0_mean_300.0_v3" "tx36e5c694a0f146f090024-0068e22cbd" "proxy-server 20" 0.0117 "-" 23 0
Oct 5 08:30:53 np0005471146 container-server[126296]: 172.20.0.104 - - [05/Oct/2025:08:30:53 +0000] "PUT /d1/154/AUTH_ffbb1c514d6a4f40a7f8a9f769bc781a/gnocchi.5cd9b367-abdc-45e9-a02e-9d779cc0e4a9/none_v3" 201 - "PUT http://172.18.0.178:8080/d1/587/AUTH_ffbb1c514d6a4f40a7f8a9f769bc781a/gnocchi.5cd9b367-abdc-45e9-a02e-9d779cc0e4a9/none_v3" "txcbd0cd50721840c792087-0068e22cbd" "object-server 24" 0.0006 "-" 20 0
Oct 5 08:30:53 np0005471146 object-server[126729]: 172.20.0.103 - - [05/Oct/2025:08:30:53 +0000] "PUT /d1/587/AUTH_ffbb1c514d6a4f40a7f8a9f769bc781a/gnocchi.5cd9b367-abdc-45e9-a02e-9d779cc0e4a9/none_v3" 201 - "PUT http://172.18.0.178:8080/v1/AUTH_ffbb1c514d6a4f40a7f8a9f769bc781a/gnocchi.5cd9b367-abdc-45e9-a02e-9d779cc0e4a9/none_v3" "txcbd0cd50721840c792087-0068e22cbd" "proxy-server 20" 0.0199 "-" 23 0
Oct 5 08:30:53 np0005471146 proxy-server[128140]: 172.18.0.103 172.18.0.104 05/Oct/2025/08/30/53 PUT /v1/AUTH_ffbb1c514d6a4f40a7f8a9f769bc781a/gnocchi.5cd9b367-abdc-45e9-a02e-9d779cc0e4a9/none_v3 HTTP/1.0 201 - python-swiftclient-3.11.1 gAAAAABo4iyYaC5C... 22 - - txcbd0cd50721840c792087-0068e22cbd - 0.0315 - - 1759653053.734407187 1759653053.765873194 0
Oct 5 08:31:02 np0005471146 object-server[126411]: Starting object replication pass.
Oct 5 08:31:03 np0005471146 account-server[126061]: 172.20.0.105 - - [05/Oct/2025:08:31:03 +0000] "HEAD /d1/525/.expiring_objects" 404 - "HEAD http://localhost/v1/.expiring_objects?format=json" "tx5a45ecd79b904325ae1a6-0068e22cc7" "proxy-server 2" 0.0009 "-" 21 -
Oct 5 08:31:03 np0005471146 account-server[126121]: 172.20.0.103 - - [05/Oct/2025:08:31:03 +0000] "HEAD /d1/525/.expiring_objects" 404 - "HEAD http://localhost/v1/.expiring_objects?format=json" "txfa68f36d0a8c42a79ec7b-0068e22cc7" "proxy-server 2" 0.0009 "-" 23 -
Oct 5 08:31:03 np0005471146 object-expirer[126502]: Pass completed in 0s; 0 objects expired (txn: txfa68f36d0a8c42a79ec7b-0068e22cc7)
Oct 5 08:31:03 np0005471146 object-server[126411]: 44/44 (100.00%) partitions replicated in 1.06s (41.43/sec, 0s remaining)
Oct 5 08:31:03 np0005471146 object-server[126411]: 88 successes, 0 failures
Oct 5 08:31:03 np0005471146 object-server[126411]: 44 suffixes checked - 63.64% hashed, 0.00% synced
Oct 5 08:31:03 np0005471146 object-server[126411]: Partition times: max 0.0684s, min 0.0070s, med 0.0278s
Oct 5 08:31:03 np0005471146 object-server[126411]: Object replication complete. (0.02 minutes)
Oct 5 08:31:04 np0005471146 object-server[225890]: Begin object audit "forever" mode (ZBF)
Oct 5 08:31:04 np0005471146 object-server[225890]: Object audit (ZBF). Since Sun Oct 5 08:31:04 2025: Locally: 1 passed, 0 quarantined, 0 errors, files/sec: 483.72, bytes/sec: 0.00, Total time: 0.00, Auditing time: 0.00, Rate: 0.00
Oct 5 08:31:05 np0005471146 object-server[225890]: Object audit (ZBF) "forever" mode completed: 0.84s. Total quarantined: 0, Total errors: 0, Total files/sec: 52.14, Total bytes/sec: 0.00, Auditing time: 0.83, Rate: 0.99
Oct 5 08:31:11 np0005471146 container-server[125905]: Beginning replication run
Oct 5 08:31:11 np0005471146 container-server[125905]: Replication run OVER
Oct 5 08:31:11 np0005471146 container-server[125905]: Attempted to replicate 22 dbs in 0.45925 seconds (47.90468/s)
Oct 5 08:31:11 np0005471146 container-server[125905]: Removed 0 dbs
Oct 5 08:31:11 np0005471146 container-server[125905]: 44 successes, 0 failures
Oct 5 08:31:11 np0005471146 container-server[125905]: diff:0 diff_capped:0 empty:0 hashmatch:0 no_change:44 remote_merge:0 rsync:0 ts_repl:0
Oct 5 08:31:15 np0005471146 account-server[125761]: Beginning replication run
Oct 5 08:31:15 np0005471146 account-server[125761]: Replication run OVER
Oct 5 08:31:15 np0005471146 account-server[125761]: Attempted to replicate 1 dbs in 0.02580 seconds (38.75920/s)
Oct 5 08:31:15 np0005471146 account-server[125761]: Removed 0 dbs
Oct 5 08:31:15 np0005471146 account-server[125761]: 2 successes, 0 failures
Oct 5 08:31:15 np0005471146 account-server[125761]: diff:0 diff_capped:0 empty:0 hashmatch:0 no_change:2 remote_merge:0 rsync:0 ts_repl:0
Oct 5 08:31:33 np0005471146 object-server[126411]: Starting object replication pass.
Oct 5 08:31:33 np0005471146 object-server[126411]: 44/44 (100.00%) partitions replicated in 0.38s (114.94/sec, 0s remaining)
Oct 5 08:31:33 np0005471146 object-server[126411]: 88 successes, 0 failures
Oct 5 08:31:33 np0005471146 object-server[126411]: 44 suffixes checked - 0.00% hashed, 0.00% synced
Oct 5 08:31:33 np0005471146 object-server[126411]: Partition times: max 0.0163s, min 0.0061s, med 0.0078s
Oct 5 08:31:33 np0005471146 object-server[126411]: Object replication complete. (0.01 minutes)
Oct 5 08:31:35 np0005471146 object-server[231755]: Begin object audit "forever" mode (ZBF)
Oct 5 08:31:35 np0005471146 object-server[231755]: Object audit (ZBF). Since Sun Oct 5 08:31:35 2025: Locally: 1 passed, 0 quarantined, 0 errors, files/sec: 635.31, bytes/sec: 0.00, Total time: 0.00, Auditing time: 0.00, Rate: 0.00
Oct 5 08:31:35 np0005471146 object-server[231756]: Begin object audit "forever" mode (ALL)
Oct 5 08:31:35 np0005471146 object-server[231756]: Object audit (ALL). Since Sun Oct 5 08:31:35 2025: Locally: 1 passed, 0 quarantined, 0 errors, files/sec: 110.77, bytes/sec: 1772.37, Total time: 0.01, Auditing time: 0.00, Rate: 0.00
Oct 5 08:31:36 np0005471146 object-server[231755]: Object audit (ZBF) "forever" mode completed: 0.84s. Total quarantined: 0, Total errors: 0, Total files/sec: 52.20, Total bytes/sec: 0.00, Auditing time: 0.83, Rate: 0.99
Oct 5 08:31:37 np0005471146 object-server[231756]: Object audit (ALL) "forever" mode completed: 2.11s. Total quarantined: 0, Total errors: 0, Total files/sec: 20.84, Total bytes/sec: 400.73, Auditing time: 2.10, Rate: 0.99
Oct 5 08:31:41 np0005471146 container-server[125905]: Beginning replication run
Oct 5 08:31:41 np0005471146 container-server[125905]: Replication run OVER
Oct 5 08:31:41 np0005471146 container-server[125905]: Attempted to replicate 22 dbs in 0.42389 seconds (51.90049/s)
Oct 5 08:31:41 np0005471146 container-server[125905]: Removed 0 dbs
Oct 5 08:31:41 np0005471146 container-server[125905]: 44 successes, 0 failures
Oct 5 08:31:41 np0005471146 container-server[125905]: diff:0 diff_capped:0 empty:0 hashmatch:0 no_change:44 remote_merge:0 rsync:0 ts_repl:0
Oct 5 08:31:45 np0005471146 account-server[125761]: Beginning replication run
Oct 5 08:31:45 np0005471146 account-server[125761]: Replication run OVER
Oct 5 08:31:45 np0005471146 account-server[125761]: Attempted to replicate 1 dbs in 0.01252 seconds (79.88630/s)
Oct 5 08:31:45 np0005471146 account-server[125761]: Removed 0 dbs
Oct 5 08:31:45 np0005471146 account-server[125761]: 2 successes, 0 failures
Oct 5 08:31:45 np0005471146 account-server[125761]: diff:0 diff_capped:0 empty:0 hashmatch:0 no_change:2 remote_merge:0 rsync:0 ts_repl:0
Oct 5 08:32:03 np0005471146 object-server[126411]: Starting object replication pass.
Oct 5 08:32:04 np0005471146 object-server[126411]: 44/44 (100.00%) partitions replicated in 0.40s (110.79/sec, 0s remaining)
Oct 5 08:32:04 np0005471146 object-server[126411]: 88 successes, 0 failures
Oct 5 08:32:04 np0005471146 object-server[126411]: 44 suffixes checked - 0.00% hashed, 0.00% synced
Oct 5 08:32:04 np0005471146 object-server[126411]: Partition times: max 0.0177s, min 0.0064s, med 0.0082s
Oct 5 08:32:04 np0005471146 object-server[126411]: Object replication complete. (0.01 minutes)
Oct 5 08:32:06 np0005471146 object-server[231781]: Begin object audit "forever" mode (ZBF)
Oct 5 08:32:06 np0005471146 object-server[231781]: Object audit (ZBF). Since Sun Oct 5 08:32:06 2025: Locally: 1 passed, 0 quarantined, 0 errors, files/sec: 470.85, bytes/sec: 0.00, Total time: 0.00, Auditing time: 0.00, Rate: 0.00
Oct 5 08:32:07 np0005471146 object-server[231781]: Object audit (ZBF) "forever" mode completed: 0.84s. Total quarantined: 0, Total errors: 0, Total files/sec: 52.16, Total bytes/sec: 0.00, Auditing time: 0.83, Rate: 0.99
Oct 5 08:32:10 np0005471146 account-server[126061]: 172.20.0.104 - - [05/Oct/2025:08:32:10 +0000] "PUT /d1/852/AUTH_ffbb1c514d6a4f40a7f8a9f769bc781a/gnocchi.ec8ae746-e870-4212-b449-049a01fc2765" 201 - "-" "-" "container-updater 2" 0.0011 "-" 21 0
Oct 5 08:32:10 np0005471146 account-server[126094]: 172.20.0.104 - - [05/Oct/2025:08:32:10 +0000] "PUT /d1/852/AUTH_ffbb1c514d6a4f40a7f8a9f769bc781a/gnocchi.cebab2a7-ecec-4c42-b8fc-013a1ede8d36" 201 - "-" "-" "container-updater 2" 0.0005 "-" 22 0
Oct 5 08:32:10 np0005471146 account-server[126061]: 172.20.0.104 - - [05/Oct/2025:08:32:10 +0000] "PUT /d1/852/AUTH_ffbb1c514d6a4f40a7f8a9f769bc781a/gnocchi.34d0c3fe-275b-44da-a4d2-7d85fffb2a30" 201 - "-" "-" "container-updater 2" 0.0007 "-" 21 0
Oct 5 08:32:10 np0005471146 account-server[126036]: 172.20.0.104 - - [05/Oct/2025:08:32:10 +0000] "PUT /d1/852/AUTH_ffbb1c514d6a4f40a7f8a9f769bc781a/gnocchi.630ced32-f036-4c8c-bebe-dfa7df1b4507" 201 - "-" "-" "container-updater 2" 0.0006 "-" 20 0
Oct 5 08:32:10 np0005471146 account-server[126061]: 172.20.0.104 - - [05/Oct/2025:08:32:10 +0000] "PUT /d1/852/AUTH_ffbb1c514d6a4f40a7f8a9f769bc781a/gnocchi.25a1eb0e-726c-49ea-b034-65511fd14d47" 201 - "-" "-" "container-updater 2" 0.0007 "-" 21 0
Oct 5 08:32:10 np0005471146 account-server[126094]: 172.20.0.104 - - [05/Oct/2025:08:32:10 +0000] "PUT /d1/852/AUTH_ffbb1c514d6a4f40a7f8a9f769bc781a/gnocchi.3b18e974-54e7-4113-bd79-01f93e83d4ff" 201 - "-" "-" "container-updater 2" 0.0009 "-" 22 0
Oct 5 08:32:10 np0005471146 account-server[126036]: 172.20.0.104 - - [05/Oct/2025:08:32:10 +0000] "PUT /d1/852/AUTH_ffbb1c514d6a4f40a7f8a9f769bc781a/gnocchi.438e0e68-ec6d-4307-aed3-840f4b7d7c0d" 201 - "-" "-" "container-updater 2" 0.0006 "-" 20 0
Oct 5 08:32:10 np0005471146 account-server[126121]: 172.20.0.104 - - [05/Oct/2025:08:32:10 +0000] "PUT /d1/852/AUTH_ffbb1c514d6a4f40a7f8a9f769bc781a/gnocchi.974be382-e87f-4bea-a8ca-7e62c2bdd3fd" 201 - "-" "-" "container-updater 2" 0.0007 "-" 23 0
Oct 5 08:32:11 np0005471146 account-server[126121]: 172.20.0.104 - - [05/Oct/2025:08:32:11 +0000] "PUT /d1/852/AUTH_ffbb1c514d6a4f40a7f8a9f769bc781a/gnocchi.7b1cfb9f-e398-41bd-b164-31557797eb07" 201 - "-" "-" "container-updater 2" 0.0006 "-" 23 0
Oct 5 08:32:11 np0005471146 account-server[126094]: 172.20.0.104 - - [05/Oct/2025:08:32:11 +0000] "PUT /d1/852/AUTH_ffbb1c514d6a4f40a7f8a9f769bc781a/gnocchi.80bb1bb0-b35e-4ba8-a2bb-fd16b5b44bba" 201 - "-" "-" "container-updater 2" 0.0007 "-" 22 0
Oct 5 08:32:11 np0005471146 account-server[126061]: 172.20.0.104 - - [05/Oct/2025:08:32:11 +0000] "PUT /d1/852/AUTH_ffbb1c514d6a4f40a7f8a9f769bc781a/gnocchi.dda64f45-a86b-4fc6-83cd-239cb3b859f1" 201 - "-" "-" "container-updater 2" 0.0007 "-" 21 0
Oct 5 08:32:11 np0005471146 account-server[126121]: 172.20.0.104 - - [05/Oct/2025:08:32:11 +0000] "PUT /d1/852/AUTH_ffbb1c514d6a4f40a7f8a9f769bc781a/gnocchi.c1f22f51-3ab2-4ed3-a2be-e913312125fc" 201 - "-" "-" "container-updater 2" 0.0009 "-" 23 0
Oct 5 08:32:11 np0005471146 account-server[126036]: 172.20.0.104 - - [05/Oct/2025:08:32:11 +0000] "PUT /d1/852/AUTH_ffbb1c514d6a4f40a7f8a9f769bc781a/gnocchi.b91482ff-72d8-413b-96ef-5b7c844cebdb" 201 - "-" "-" "container-updater 2" 0.0007 "-" 20 0
Oct 5 08:32:11 np0005471146 container-server[125905]: Beginning replication run
Oct 5 08:32:11 np0005471146 account-server[126094]: 172.20.0.104 - - [05/Oct/2025:08:32:11 +0000] "PUT /d1/852/AUTH_ffbb1c514d6a4f40a7f8a9f769bc781a/gnocchi.812d8853-9830-4007-a8c4-a077946f8fcd" 201 - "-" "-" "container-updater 2" 0.0007 "-" 22 0
Oct 5 08:32:11 np0005471146 account-server[126121]: 172.20.0.104 - - [05/Oct/2025:08:32:11 +0000] "PUT /d1/852/AUTH_ffbb1c514d6a4f40a7f8a9f769bc781a/gnocchi.6aa7b351-85b7-4149-aa8e-ba7242fca0e1" 201 - "-" "-" "container-updater 2" 0.0007 "-" 23 0
Oct 5 08:32:11 np0005471146 account-server[126036]: 172.20.0.104 - - [05/Oct/2025:08:32:11 +0000] "PUT /d1/852/AUTH_ffbb1c514d6a4f40a7f8a9f769bc781a/gnocchi.9749cebc-76ac-4f62-8e0c-8f08d99893f2" 201 - "-" "-" "container-updater 2" 0.0013 "-" 20 0
Oct 5 08:32:11 np0005471146 account-server[126061]: 172.20.0.104 - - [05/Oct/2025:08:32:11 +0000] "PUT /d1/852/AUTH_ffbb1c514d6a4f40a7f8a9f769bc781a/gnocchi.c55ef7d8-2b83-4ed6-a53d-9b74da124da8" 201 - "-" "-" "container-updater 2" 0.0007 "-" 21 0
Oct 5 08:32:11 np0005471146 account-server[126061]: 172.20.0.104 - - [05/Oct/2025:08:32:11 +0000] "PUT /d1/852/AUTH_ffbb1c514d6a4f40a7f8a9f769bc781a/gnocchi.a83cb81b-2f4e-4dac-9d1d-aae43909f5cf" 201 - "-" "-" "container-updater 2" 0.0005 "-" 21 0
Oct 5 08:32:11 np0005471146 account-server[126121]: 172.20.0.104 - - [05/Oct/2025:08:32:11 +0000] "PUT /d1/852/AUTH_ffbb1c514d6a4f40a7f8a9f769bc781a/gnocchi.5cd9b367-abdc-45e9-a02e-9d779cc0e4a9" 201 - "-" "-" "container-updater 2" 0.0007 "-" 23 0
Oct 5 08:32:12 np0005471146 container-server[125905]: Replication run OVER
Oct 5 08:32:12 np0005471146 container-server[125905]: Attempted to replicate 22 dbs in 0.47137 seconds (46.67260/s)
Oct 5 08:32:12 np0005471146 container-server[125905]: Removed 0 dbs
Oct 5 08:32:12 np0005471146 container-server[125905]: 44 successes, 0 failures
Oct 5 08:32:12 np0005471146 container-server[125905]: diff:0 diff_capped:0 empty:0 hashmatch:0 no_change:44 remote_merge:0 rsync:0 ts_repl:0
Oct 5 08:32:12 np0005471146 account-server[126094]: 172.20.0.104 - - [05/Oct/2025:08:32:12 +0000] "PUT /d1/852/AUTH_ffbb1c514d6a4f40a7f8a9f769bc781a/gnocchi.dc714135-6941-4d66-9b10-c41e5af38b8b" 201 - "-" "-" "container-updater 2" 0.0007 "-" 22 0
Oct 5 08:32:12 np0005471146 account-server[126094]: 172.20.0.104 - - [05/Oct/2025:08:32:12 +0000] "PUT /d1/852/AUTH_ffbb1c514d6a4f40a7f8a9f769bc781a/gnocchi.d7bf58e5-8403-494e-8e17-f805dbdcc75e" 201 - "-" "-" "container-updater 2" 0.0006 "-" 22 0
Oct 5 08:32:12 np0005471146 account-server[126094]: 172.20.0.104 - - [05/Oct/2025:08:32:12 +0000] "PUT /d1/852/AUTH_ffbb1c514d6a4f40a7f8a9f769bc781a/gnocchi.58b8b3cd-db26-4cc8-8a89-b9b578bed098" 201 - "-" "-" "container-updater 2" 0.0007 "-" 22 0
Oct 5 08:32:15 np0005471146 account-server[125761]: Beginning replication run
Oct 5 08:32:15 np0005471146 account-server[125761]: Replication run OVER
Oct 5 08:32:15 np0005471146 account-server[125761]: Attempted to replicate 1 dbs in 0.05229 seconds (19.12540/s)
Oct 5 08:32:15 np0005471146 account-server[125761]: Removed 0 dbs
Oct 5 08:32:15 np0005471146 account-server[125761]: 2 successes, 0 failures
Oct 5 08:32:15 np0005471146 account-server[125761]: diff:0 diff_capped:0 empty:0 hashmatch:0 no_change:2 remote_merge:0 rsync:0 ts_repl:0
Oct 5 08:32:18 np0005471146 account-server[126121]: 172.20.0.105 - - [05/Oct/2025:08:32:18 +0000] "HEAD /d1/525/.expiring_objects" 404 - "HEAD http://localhost/v1/.expiring_objects?format=json" "tx16a9314dda7a4ebc92705-0068e22d12" "proxy-server 2" 0.0007 "-" 23 -
Oct 5 08:32:34 np0005471146 object-server[126411]: Starting object replication pass.
Oct 5 08:32:34 np0005471146 object-server[126411]: 44/44 (100.00%) partitions replicated in 0.43s (102.79/sec, 0s remaining)
Oct 5 08:32:34 np0005471146 object-server[126411]: 88 successes, 0 failures
Oct 5 08:32:34 np0005471146 object-server[126411]: 44 suffixes checked - 0.00% hashed, 0.00% synced
Oct 5 08:32:34 np0005471146 object-server[126411]: Partition times: max 0.0166s, min 0.0065s, med 0.0089s
Oct 5 08:32:34 np0005471146 object-server[126411]: Object replication complete. (0.01 minutes)
Oct 5 08:32:37 np0005471146 object-server[237759]: Begin object audit "forever" mode (ZBF)
Oct 5 08:32:37 np0005471146 object-server[237759]: Object audit (ZBF). Since Sun Oct 5 08:32:37 2025: Locally: 1 passed, 0 quarantined, 0 errors, files/sec: 770.87, bytes/sec: 0.00, Total time: 0.00, Auditing time: 0.00, Rate: 0.00
Oct 5 08:32:37 np0005471146 object-server[237760]: Begin object audit "forever" mode (ALL)
Oct 5 08:32:37 np0005471146 object-server[237760]: Object audit (ALL). Since Sun Oct 5 08:32:37 2025: Locally: 1 passed, 0 quarantined, 0 errors, files/sec: 104.55, bytes/sec: 1672.79, Total time: 0.01, Auditing time: 0.00, Rate: 0.00
Oct 5 08:32:38 np0005471146 object-server[237759]: Object audit (ZBF) "forever" mode completed: 0.84s. Total quarantined: 0, Total errors: 0, Total files/sec: 52.20, Total bytes/sec: 0.00, Auditing time: 0.83, Rate: 0.99
Oct 5 08:32:39 np0005471146 object-server[237760]: Object audit (ALL) "forever" mode completed: 2.11s. Total quarantined: 0, Total errors: 0, Total files/sec: 20.82, Total bytes/sec: 400.26, Auditing time: 2.10, Rate: 0.99
Oct 5 08:32:41 np0005471146 container-server[125905]: Beginning replication run
Oct 5 08:32:41 np0005471146 container-server[125905]: Replication run OVER
Oct 5 08:32:41 np0005471146 container-server[125905]: Attempted to replicate 22 dbs in 0.43019 seconds (51.14014/s)
Oct 5 08:32:41 np0005471146 container-server[125905]: Removed 0 dbs
Oct 5 08:32:41 np0005471146 container-server[125905]: 44 successes, 0 failures
Oct 5 08:32:41 np0005471146 container-server[125905]: diff:0 diff_capped:0 empty:0 hashmatch:0 no_change:44 remote_merge:0 rsync:0 ts_repl:0
Oct 5 08:32:45 np0005471146 account-server[125761]: Beginning replication run
Oct 5 08:32:45 np0005471146 account-server[125761]: Replication run OVER
Oct 5 08:32:45 np0005471146 account-server[125761]: Attempted to replicate 1 dbs in 0.01797 seconds (55.65881/s)
Oct 5 08:32:45 np0005471146 account-server[125761]: Removed 0 dbs
Oct 5 08:32:45 np0005471146 account-server[125761]: 2 successes, 0 failures
Oct 5 08:32:45 np0005471146 account-server[125761]: diff:0 diff_capped:0 empty:0 hashmatch:0 no_change:2 remote_merge:0 rsync:0 ts_repl:0
Oct 5 08:32:58 np0005471146 object-server[126687]: Begin object update sweep
Oct 5 08:32:58 np0005471146 object-server[239975]: Object update sweep starting on /srv/node/d1 (pid: 15)
Oct 5 08:32:58 np0005471146 object-server[239975]: Object update sweep completed on /srv/node/d1 in 0.00s seconds:, 0 successes, 0 failures, 0 quarantines, 0 unlinks, 0 errors, 0 redirects (pid: 15)
Oct 5 08:32:58 np0005471146 object-server[239975]: Object update sweep of d1 completed: 0.00s, 0 successes, 0 failures, 0 quarantines, 0 unlinks, 0 errors, 0 redirects
Oct 5 08:32:58 np0005471146 object-server[126687]: Object update sweep completed: 0.11s
Oct 5 08:32:59 np0005471146 container-server[126382]: Begin container update sweep
Oct 5 08:32:59 np0005471146 account-server[126036]: 172.20.0.103 - - [05/Oct/2025:08:32:59 +0000] "PUT /d1/852/AUTH_ffbb1c514d6a4f40a7f8a9f769bc781a/gnocchi.58b8b3cd-db26-4cc8-8a89-b9b578bed098" 201 - "-" "-" "container-updater 2" 0.0010 "-" 20 0
Oct 5 08:32:59 np0005471146 account-server[126094]: 172.20.0.103 - - [05/Oct/2025:08:32:59 +0000] "PUT /d1/852/AUTH_ffbb1c514d6a4f40a7f8a9f769bc781a/gnocchi.d7bf58e5-8403-494e-8e17-f805dbdcc75e" 201 - "-" "-" "container-updater 2" 0.0004 "-" 22 0
Oct 5 08:32:59 np0005471146 account-server[126094]: 172.20.0.103 - - [05/Oct/2025:08:32:59 +0000] "PUT /d1/852/AUTH_ffbb1c514d6a4f40a7f8a9f769bc781a/gnocchi.5cd9b367-abdc-45e9-a02e-9d779cc0e4a9" 201 - "-" "-" "container-updater 2" 0.0004 "-" 22 0
