Feb 16 14:20:13 standalone proxy-server[129810]: 172.18.0.2 172.18.0.100 16/Feb/2026/14/20/13 GET /v1/AUTH_cb248d3efa0243e4965462e374ae45fa/gnocchi.98247c93-9827-4196-876b-8fa233e130b9/none_v3 HTTP/1.0 404 - python-swiftclient-3.11.1 gAAAAABpkybry4aT... - 70 - txae2a927baa2a4c64aeeb4-006993279d - 0.0083 - - 1771251613.535223722 1771251613.543555498 0
Feb 16 14:20:13 standalone account-server[127518]: 172.20.0.100 - - [16/Feb/2026:14:20:13 +0000] "PUT /d1/633/AUTH_cb248d3efa0243e4965462e374ae45fa/gnocchi.98247c93-9827-4196-876b-8fa233e130b9" 201 - "PUT http://172.20.0.100:6001/d1/127/AUTH_cb248d3efa0243e4965462e374ae45fa/gnocchi.98247c93-9827-4196-876b-8fa233e130b9" "tx414476b1995846049d4d7-006993279d" "container-server 21" 0.0058 "-" 19 0
Feb 16 14:20:13 standalone container-server[127639]: 172.20.0.100 - - [16/Feb/2026:14:20:13 +0000] "PUT /d1/127/AUTH_cb248d3efa0243e4965462e374ae45fa/gnocchi.98247c93-9827-4196-876b-8fa233e130b9" 201 - "PUT http://172.18.0.2:8080/v1/AUTH_cb248d3efa0243e4965462e374ae45fa/gnocchi.98247c93-9827-4196-876b-8fa233e130b9" "tx414476b1995846049d4d7-006993279d" "proxy-server 20" 0.0207 "-" 21 0
Feb 16 14:20:13 standalone proxy-server[129810]: 172.18.0.2 172.18.0.100 16/Feb/2026/14/20/13 PUT /v1/AUTH_cb248d3efa0243e4965462e374ae45fa/gnocchi.98247c93-9827-4196-876b-8fa233e130b9 HTTP/1.0 201 - python-swiftclient-3.11.1 gAAAAABpkybry4aT... - - - tx414476b1995846049d4d7-006993279d - 0.0255 - - 1771251613.547094584 1771251613.572611332 0
Feb 16 14:20:13 standalone container-server[127659]: 172.20.0.100 - - [16/Feb/2026:14:20:13 +0000] "HEAD /d1/127/AUTH_cb248d3efa0243e4965462e374ae45fa/gnocchi.98247c93-9827-4196-876b-8fa233e130b9" 204 - "HEAD http://172.18.0.2:8080/v1/AUTH_cb248d3efa0243e4965462e374ae45fa/gnocchi.98247c93-9827-4196-876b-8fa233e130b9?format=json&states=listing" "tx8e154e27d31449ecbaf4b-006993279d" "proxy-server 20" 0.0011 "-" 23 0
Feb 16 14:20:13 standalone proxy-server[129810]: - - 16/Feb/2026/14/20/13 HEAD /v1/AUTH_cb248d3efa0243e4965462e374ae45fa/gnocchi.98247c93-9827-4196-876b-8fa233e130b9%3Fformat%3Djson%26states%3Dlisting HTTP/1.0 204 - Swift - - - - tx8e154e27d31449ecbaf4b-006993279d - 0.0031 RL - 1771251613.577604771 1771251613.580747366 0
Feb 16 14:20:13 standalone container-server[127639]: 172.20.0.100 - - [16/Feb/2026:14:20:13 +0000] "GET /d1/127/AUTH_cb248d3efa0243e4965462e374ae45fa/gnocchi.98247c93-9827-4196-876b-8fa233e130b9" 200 2 "GET http://172.18.0.2:8080/v1/AUTH_cb248d3efa0243e4965462e374ae45fa/gnocchi.98247c93-9827-4196-876b-8fa233e130b9?format=json&states=listing" "tx8e154e27d31449ecbaf4b-006993279d" "proxy-server 20" 0.0044 "-" 21 0
Feb 16 14:20:13 standalone proxy-server[129810]: 172.18.0.2 172.18.0.100 16/Feb/2026/14/20/13 GET /v1/AUTH_cb248d3efa0243e4965462e374ae45fa/gnocchi.98247c93-9827-4196-876b-8fa233e130b9%3Fformat%3Djson%26states%3Dlisting HTTP/1.0 200 - python-swiftclient-3.11.1 gAAAAABpkybry4aT... - 2 - tx8e154e27d31449ecbaf4b-006993279d - 0.0131 - - 1771251613.576985598 1771251613.590096951 0
Feb 16 14:20:13 standalone object-server[127764]: 172.20.0.100 - - [16/Feb/2026:14:20:13 +0000] "GET /d1/610/AUTH_cb248d3efa0243e4965462e374ae45fa/gnocchi.98247c93-9827-4196-876b-8fa233e130b9/1771200000.0_mean_300.0_v3" 404 70 "GET http://172.18.0.2:8080/v1/AUTH_cb248d3efa0243e4965462e374ae45fa/gnocchi.98247c93-9827-4196-876b-8fa233e130b9/1771200000.0_mean_300.0_v3" "txe6046452205e44b6848d7-006993279d" "proxy-server 20" 0.0007 "-" 24 0
Feb 16 14:20:13 standalone proxy-server[129810]: 172.18.0.2 172.18.0.100 16/Feb/2026/14/20/13 GET /v1/AUTH_cb248d3efa0243e4965462e374ae45fa/gnocchi.98247c93-9827-4196-876b-8fa233e130b9/1771200000.0_mean_300.0_v3 HTTP/1.0 404 - python-swiftclient-3.11.1 gAAAAABpkybry4aT... - 70 - txe6046452205e44b6848d7-006993279d - 0.0052 - - 1771251613.594670773 1771251613.599845409 0
Feb 16 14:20:13 standalone container-server[127653]: 172.20.0.100 - - [16/Feb/2026:14:20:13 +0000] "PUT /d1/127/AUTH_cb248d3efa0243e4965462e374ae45fa/gnocchi.98247c93-9827-4196-876b-8fa233e130b9/1771200000.0_mean_300.0_v3" 201 - "PUT http://172.18.0.2:8080/d1/610/AUTH_cb248d3efa0243e4965462e374ae45fa/gnocchi.98247c93-9827-4196-876b-8fa233e130b9/1771200000.0_mean_300.0_v3" "txb9a9c9d06e754392bec54-006993279d" "object-server 23" 0.0005 "-" 22 0
Feb 16 14:20:13 standalone object-server[127761]: 172.20.0.100 - - [16/Feb/2026:14:20:13 +0000] "PUT /d1/610/AUTH_cb248d3efa0243e4965462e374ae45fa/gnocchi.98247c93-9827-4196-876b-8fa233e130b9/1771200000.0_mean_300.0_v3" 201 - "PUT http://172.18.0.2:8080/v1/AUTH_cb248d3efa0243e4965462e374ae45fa/gnocchi.98247c93-9827-4196-876b-8fa233e130b9/1771200000.0_mean_300.0_v3" "txb9a9c9d06e754392bec54-006993279d" "proxy-server 20" 0.0100 "-" 23 0
Feb 16 14:20:13 standalone proxy-server[129810]: 172.18.0.2 172.18.0.100 16/Feb/2026/14/20/13 PUT /v1/AUTH_cb248d3efa0243e4965462e374ae45fa/gnocchi.98247c93-9827-4196-876b-8fa233e130b9/1771200000.0_mean_300.0_v3 HTTP/1.0 201 - python-swiftclient-3.11.1 gAAAAABpkybry4aT... 16 - - txb9a9c9d06e754392bec54-006993279d - 0.0147 - - 1771251613.603694439 1771251613.618364096 0
Feb 16 14:20:13 standalone container-server[127635]: 172.20.0.100 - - [16/Feb/2026:14:20:13 +0000] "PUT /d1/127/AUTH_cb248d3efa0243e4965462e374ae45fa/gnocchi.98247c93-9827-4196-876b-8fa233e130b9/none_v3" 201 - "PUT http://172.18.0.2:8080/d1/602/AUTH_cb248d3efa0243e4965462e374ae45fa/gnocchi.98247c93-9827-4196-876b-8fa233e130b9/none_v3" "tx04fb0155e993486e99c94-006993279d" "object-server 25" 0.0009 "-" 20 0
Feb 16 14:20:13 standalone object-server[127765]: 172.20.0.100 - - [16/Feb/2026:14:20:13 +0000] "PUT /d1/602/AUTH_cb248d3efa0243e4965462e374ae45fa/gnocchi.98247c93-9827-4196-876b-8fa233e130b9/none_v3" 201 - "PUT http://172.18.0.2:8080/v1/AUTH_cb248d3efa0243e4965462e374ae45fa/gnocchi.98247c93-9827-4196-876b-8fa233e130b9/none_v3" "tx04fb0155e993486e99c94-006993279d" "proxy-server 20" 0.0123 "-" 25 0
Feb 16 14:20:13 standalone proxy-server[129810]: 172.18.0.2 172.18.0.100 16/Feb/2026/14/20/13 PUT /v1/AUTH_cb248d3efa0243e4965462e374ae45fa/gnocchi.98247c93-9827-4196-876b-8fa233e130b9/none_v3 HTTP/1.0 201 - python-swiftclient-3.11.1 gAAAAABpkybry4aT... 22 - - tx04fb0155e993486e99c94-006993279d - 0.0215 - - 1771251613.623294115 1771251613.644787550 0
Feb 16 14:20:13 standalone container-server[127639]: 172.20.0.100 - - [16/Feb/2026:14:20:13 +0000] "HEAD /d1/988/AUTH_cb248d3efa0243e4965462e374ae45fa/gnocchi.ede5a7ce-5d0c-4936-ba5a-012c88ce26bb" 404 - "HEAD http://172.18.0.2:8080/v1/AUTH_cb248d3efa0243e4965462e374ae45fa/gnocchi.ede5a7ce-5d0c-4936-ba5a-012c88ce26bb?format=json&states=listing" "tx5b3380f833d44c1a93631-006993279d" "proxy-server 20" 0.0007 "-" 21 0
Feb 16 14:20:13 standalone object-server[127764]: 172.20.0.100 - - [16/Feb/2026:14:20:13 +0000] "GET /d1/790/AUTH_cb248d3efa0243e4965462e374ae45fa/gnocchi.ede5a7ce-5d0c-4936-ba5a-012c88ce26bb/none_v3" 404 70 "GET http://172.18.0.2:8080/v1/AUTH_cb248d3efa0243e4965462e374ae45fa/gnocchi.ede5a7ce-5d0c-4936-ba5a-012c88ce26bb/none_v3" "tx5b3380f833d44c1a93631-006993279d" "proxy-server 20" 0.0006 "-" 24 0
Feb 16 14:20:13 standalone proxy-server[129810]: 172.18.0.2 172.18.0.100 16/Feb/2026/14/20/13 GET /v1/AUTH_cb248d3efa0243e4965462e374ae45fa/gnocchi.ede5a7ce-5d0c-4936-ba5a-012c88ce26bb/none_v3 HTTP/1.0 404 - python-swiftclient-3.11.1 gAAAAABpkybry4aT... - 70 - tx5b3380f833d44c1a93631-006993279d - 0.0149 - - 1771251613.663364172 1771251613.678289890 0
Feb 16 14:20:13 standalone account-server[127492]: 172.20.0.100 - - [16/Feb/2026:14:20:13 +0000] "PUT /d1/633/AUTH_cb248d3efa0243e4965462e374ae45fa/gnocchi.ede5a7ce-5d0c-4936-ba5a-012c88ce26bb" 201 - "PUT http://172.20.0.100:6001/d1/988/AUTH_cb248d3efa0243e4965462e374ae45fa/gnocchi.ede5a7ce-5d0c-4936-ba5a-012c88ce26bb" "tx632891736b434651ac773-006993279d" "container-server 22" 0.0062 "-" 14 0
Feb 16 14:20:13 standalone container-server[127653]: 172.20.0.100 - - [16/Feb/2026:14:20:13 +0000] "PUT /d1/988/AUTH_cb248d3efa0243e4965462e374ae45fa/gnocchi.ede5a7ce-5d0c-4936-ba5a-012c88ce26bb" 201 - "PUT http://172.18.0.2:8080/v1/AUTH_cb248d3efa0243e4965462e374ae45fa/gnocchi.ede5a7ce-5d0c-4936-ba5a-012c88ce26bb" "tx632891736b434651ac773-006993279d" "proxy-server 20" 0.0191 "-" 22 0
Feb 16 14:20:13 standalone proxy-server[129810]: 172.18.0.2 172.18.0.100 16/Feb/2026/14/20/13 PUT /v1/AUTH_cb248d3efa0243e4965462e374ae45fa/gnocchi.ede5a7ce-5d0c-4936-ba5a-012c88ce26bb HTTP/1.0 201 - python-swiftclient-3.11.1 gAAAAABpkybry4aT... - - - tx632891736b434651ac773-006993279d - 0.0255 - - 1771251613.682478905 1771251613.708024263 0
Feb 16 14:20:13 standalone container-server[127639]: 172.20.0.100 - - [16/Feb/2026:14:20:13 +0000] "HEAD /d1/988/AUTH_cb248d3efa0243e4965462e374ae45fa/gnocchi.ede5a7ce-5d0c-4936-ba5a-012c88ce26bb" 204 - "HEAD http://172.18.0.2:8080/v1/AUTH_cb248d3efa0243e4965462e374ae45fa/gnocchi.ede5a7ce-5d0c-4936-ba5a-012c88ce26bb?format=json&states=listing" "tx35616007defd47c485e88-006993279d" "proxy-server 20" 0.0025 "-" 21 0
Feb 16 14:20:13 standalone proxy-server[129810]: - - 16/Feb/2026/14/20/13 HEAD /v1/AUTH_cb248d3efa0243e4965462e374ae45fa/gnocchi.ede5a7ce-5d0c-4936-ba5a-012c88ce26bb%3Fformat%3Djson%26states%3Dlisting HTTP/1.0 204 - Swift - - - - tx35616007defd47c485e88-006993279d - 0.0072 RL - 1771251613.714529753 1771251613.721771002 0
Feb 16 14:20:13 standalone container-server[127639]: 172.20.0.100 - - [16/Feb/2026:14:20:13 +0000] "GET /d1/988/AUTH_cb248d3efa0243e4965462e374ae45fa/gnocchi.ede5a7ce-5d0c-4936-ba5a-012c88ce26bb" 200 2 "GET http://172.18.0.2:8080/v1/AUTH_cb248d3efa0243e4965462e374ae45fa/gnocchi.ede5a7ce-5d0c-4936-ba5a-012c88ce26bb?format=json&states=listing" "tx35616007defd47c485e88-006993279d" "proxy-server 20" 0.0037 "-" 21 0
Feb 16 14:20:13 standalone proxy-server[129810]: 172.18.0.2 172.18.0.100 16/Feb/2026/14/20/13 GET /v1/AUTH_cb248d3efa0243e4965462e374ae45fa/gnocchi.ede5a7ce-5d0c-4936-ba5a-012c88ce26bb%3Fformat%3Djson%26states%3Dlisting HTTP/1.0 200 - python-swiftclient-3.11.1 gAAAAABpkybry4aT... - 2 - tx35616007defd47c485e88-006993279d - 0.0214 - - 1771251613.712903976 1771251613.734274387 0
Feb 16 14:20:13 standalone object-server[127761]: 172.20.0.100 - - [16/Feb/2026:14:20:13 +0000] "GET /d1/959/AUTH_cb248d3efa0243e4965462e374ae45fa/gnocchi.ede5a7ce-5d0c-4936-ba5a-012c88ce26bb/1771200000.0_mean_300.0_v3" 404 70 "GET http://172.18.0.2:8080/v1/AUTH_cb248d3efa0243e4965462e374ae45fa/gnocchi.ede5a7ce-5d0c-4936-ba5a-012c88ce26bb/1771200000.0_mean_300.0_v3" "txae1f59d47ea149d9a5eac-006993279d" "proxy-server 20" 0.0005 "-" 23 0
Feb 16 14:20:13 standalone proxy-server[129810]: 172.18.0.2 172.18.0.100 16/Feb/2026/14/20/13 GET /v1/AUTH_cb248d3efa0243e4965462e374ae45fa/gnocchi.ede5a7ce-5d0c-4936-ba5a-012c88ce26bb/1771200000.0_mean_300.0_v3 HTTP/1.0 404 - python-swiftclient-3.11.1 gAAAAABpkybry4aT... - 70 - txae1f59d47ea149d9a5eac-006993279d - 0.0079 - - 1771251613.739663839 1771251613.747586250 0
Feb 16 14:20:13 standalone container-server[127653]: 172.20.0.100 - - [16/Feb/2026:14:20:13 +0000] "PUT /d1/988/AUTH_cb248d3efa0243e4965462e374ae45fa/gnocchi.ede5a7ce-5d0c-4936-ba5a-012c88ce26bb/1771200000.0_mean_300.0_v3" 201 - "PUT http://172.18.0.2:8080/d1/959/AUTH_cb248d3efa0243e4965462e374ae45fa/gnocchi.ede5a7ce-5d0c-4936-ba5a-012c88ce26bb/1771200000.0_mean_300.0_v3" "tx10d8d6b49c8e4339b576e-006993279d" "object-server 22" 0.0006 "-" 22 0
Feb 16 14:20:13 standalone object-server[127760]: 172.20.0.100 - - [16/Feb/2026:14:20:13 +0000] "PUT /d1/959/AUTH_cb248d3efa0243e4965462e374ae45fa/gnocchi.ede5a7ce-5d0c-4936-ba5a-012c88ce26bb/1771200000.0_mean_300.0_v3" 201 - "PUT http://172.18.0.2:8080/v1/AUTH_cb248d3efa0243e4965462e374ae45fa/gnocchi.ede5a7ce-5d0c-4936-ba5a-012c88ce26bb/1771200000.0_mean_300.0_v3" "tx10d8d6b49c8e4339b576e-006993279d" "proxy-server 20" 0.0111 "-" 22 0
Feb 16 14:20:13 standalone proxy-server[129810]: 172.18.0.2 172.18.0.100 16/Feb/2026/14/20/13 PUT /v1/AUTH_cb248d3efa0243e4965462e374ae45fa/gnocchi.ede5a7ce-5d0c-4936-ba5a-012c88ce26bb/1771200000.0_mean_300.0_v3 HTTP/1.0 201 - python-swiftclient-3.11.1 gAAAAABpkybry4aT... 16 - - tx10d8d6b49c8e4339b576e-006993279d - 0.0189 - - 1771251613.751850605 1771251613.770775080 0
Feb 16 14:20:13 standalone container-server[127659]: 172.20.0.100 - - [16/Feb/2026:14:20:13 +0000] "PUT /d1/988/AUTH_cb248d3efa0243e4965462e374ae45fa/gnocchi.ede5a7ce-5d0c-4936-ba5a-012c88ce26bb/none_v3" 201 - "PUT http://172.18.0.2:8080/d1/790/AUTH_cb248d3efa0243e4965462e374ae45fa/gnocchi.ede5a7ce-5d0c-4936-ba5a-012c88ce26bb/none_v3" "tx7a2d01e0b0384df58f559-006993279d" "object-server 24" 0.0007 "-" 23 0
Feb 16 14:20:13 standalone object-server[127764]: 172.20.0.100 - - [16/Feb/2026:14:20:13 +0000] "PUT /d1/790/AUTH_cb248d3efa0243e4965462e374ae45fa/gnocchi.ede5a7ce-5d0c-4936-ba5a-012c88ce26bb/none_v3" 201 - "PUT http://172.18.0.2:8080/v1/AUTH_cb248d3efa0243e4965462e374ae45fa/gnocchi.ede5a7ce-5d0c-4936-ba5a-012c88ce26bb/none_v3" "tx7a2d01e0b0384df58f559-006993279d" "proxy-server 20" 0.0127 "-" 24 0
Feb 16 14:20:13 standalone proxy-server[129810]: 172.18.0.2 172.18.0.100 16/Feb/2026/14/20/13 PUT /v1/AUTH_cb248d3efa0243e4965462e374ae45fa/gnocchi.ede5a7ce-5d0c-4936-ba5a-012c88ce26bb/none_v3 HTTP/1.0 201 - python-swiftclient-3.11.1 gAAAAABpkybry4aT... 22 - - tx7a2d01e0b0384df58f559-006993279d - 0.0210 - - 1771251613.774616003 1771251613.795591354 0
Feb 16 14:20:13 standalone container-server[127659]: 172.20.0.100 - - [16/Feb/2026:14:20:13 +0000] "HEAD /d1/469/AUTH_cb248d3efa0243e4965462e374ae45fa/gnocchi.792a8d82-01e1-4c4d-9fda-4b469cb0b8c0" 404 - "HEAD http://172.18.0.2:8080/v1/AUTH_cb248d3efa0243e4965462e374ae45fa/gnocchi.792a8d82-01e1-4c4d-9fda-4b469cb0b8c0?format=json&states=listing" "txe0fa900a9305430ca80ff-006993279d" "proxy-server 20" 0.0004 "-" 23 0
Feb 16 14:20:13 standalone object-server[127764]: 172.20.0.100 - - [16/Feb/2026:14:20:13 +0000] "GET /d1/788/AUTH_cb248d3efa0243e4965462e374ae45fa/gnocchi.792a8d82-01e1-4c4d-9fda-4b469cb0b8c0/none_v3" 404 70 "GET http://172.18.0.2:8080/v1/AUTH_cb248d3efa0243e4965462e374ae45fa/gnocchi.792a8d82-01e1-4c4d-9fda-4b469cb0b8c0/none_v3" "txe0fa900a9305430ca80ff-006993279d" "proxy-server 20" 0.0006 "-" 24 0
Feb 16 14:20:13 standalone proxy-server[129810]: 172.18.0.2 172.18.0.100 16/Feb/2026/14/20/13 GET /v1/AUTH_cb248d3efa0243e4965462e374ae45fa/gnocchi.792a8d82-01e1-4c4d-9fda-4b469cb0b8c0/none_v3 HTTP/1.0 404 - python-swiftclient-3.11.1 gAAAAABpkybry4aT... - 70 - txe0fa900a9305430ca80ff-006993279d - 0.0125 - - 1771251613.816982746 1771251613.829442501 0
Feb 16 14:20:13 standalone account-server[127541]: 172.20.0.100 - - [16/Feb/2026:14:20:13 +0000] "PUT /d1/633/AUTH_cb248d3efa0243e4965462e374ae45fa/gnocchi.792a8d82-01e1-4c4d-9fda-4b469cb0b8c0" 201 - "PUT http://172.20.0.100:6001/d1/469/AUTH_cb248d3efa0243e4965462e374ae45fa/gnocchi.792a8d82-01e1-4c4d-9fda-4b469cb0b8c0" "tx6daac45841474247bea22-006993279d" "container-server 23" 0.0062 "-" 20 0
Feb 16 14:20:13 standalone container-server[127659]: 172.20.0.100 - - [16/Feb/2026:14:20:13 +0000] "PUT /d1/469/AUTH_cb248d3efa0243e4965462e374ae45fa/gnocchi.792a8d82-01e1-4c4d-9fda-4b469cb0b8c0" 201 - "PUT http://172.18.0.2:8080/v1/AUTH_cb248d3efa0243e4965462e374ae45fa/gnocchi.792a8d82-01e1-4c4d-9fda-4b469cb0b8c0" "tx6daac45841474247bea22-006993279d" "proxy-server 20" 0.0186 "-" 23 0
Feb 16 14:20:13 standalone proxy-server[129810]: 172.18.0.2 172.18.0.100 16/Feb/2026/14/20/13 PUT /v1/AUTH_cb248d3efa0243e4965462e374ae45fa/gnocchi.792a8d82-01e1-4c4d-9fda-4b469cb0b8c0 HTTP/1.0 201 - python-swiftclient-3.11.1 gAAAAABpkybry4aT... - - - tx6daac45841474247bea22-006993279d - 0.0249 - - 1771251613.833492994 1771251613.858397245 0
Feb 16 14:20:13 standalone container-server[127635]: 172.20.0.100 - - [16/Feb/2026:14:20:13 +0000] "HEAD /d1/469/AUTH_cb248d3efa0243e4965462e374ae45fa/gnocchi.792a8d82-01e1-4c4d-9fda-4b469cb0b8c0" 204 - "HEAD http://172.18.0.2:8080/v1/AUTH_cb248d3efa0243e4965462e374ae45fa/gnocchi.792a8d82-01e1-4c4d-9fda-4b469cb0b8c0?format=json&states=listing" "txd210942d96db439b87dea-006993279d" "proxy-server 20" 0.0025 "-" 20 0
Feb 16 14:20:13 standalone proxy-server[129810]: - - 16/Feb/2026/14/20/13 HEAD /v1/AUTH_cb248d3efa0243e4965462e374ae45fa/gnocchi.792a8d82-01e1-4c4d-9fda-4b469cb0b8c0%3Fformat%3Djson%26states%3Dlisting HTTP/1.0 204 - Swift - - - - txd210942d96db439b87dea-006993279d - 0.0085 RL - 1771251613.865987539 1771251613.874453306 0
Feb 16 14:20:13 standalone container-server[127653]: 172.20.0.100 - - [16/Feb/2026:14:20:13 +0000] "GET /d1/469/AUTH_cb248d3efa0243e4965462e374ae45fa/gnocchi.792a8d82-01e1-4c4d-9fda-4b469cb0b8c0" 200 2 "GET http://172.18.0.2:8080/v1/AUTH_cb248d3efa0243e4965462e374ae45fa/gnocchi.792a8d82-01e1-4c4d-9fda-4b469cb0b8c0?format=json&states=listing" "txd210942d96db439b87dea-006993279d" "proxy-server 20" 0.0032 "-" 22 0
Feb 16 14:20:13 standalone proxy-server[129810]: 172.18.0.2 172.18.0.100 16/Feb/2026/14/20/13 GET /v1/AUTH_cb248d3efa0243e4965462e374ae45fa/gnocchi.792a8d82-01e1-4c4d-9fda-4b469cb0b8c0%3Fformat%3Djson%26states%3Dlisting HTTP/1.0 200 - python-swiftclient-3.11.1 gAAAAABpkybry4aT... - 2 - txd210942d96db439b87dea-006993279d - 0.0230 - - 1771251613.864626884 1771251613.887580156 0
Feb 16 14:20:13 standalone object-server[127760]: 172.20.0.100 - - [16/Feb/2026:14:20:13 +0000] "GET /d1/991/AUTH_cb248d3efa0243e4965462e374ae45fa/gnocchi.792a8d82-01e1-4c4d-9fda-4b469cb0b8c0/1771200000.0_mean_300.0_v3" 404 70 "GET http://172.18.0.2:8080/v1/AUTH_cb248d3efa0243e4965462e374ae45fa/gnocchi.792a8d82-01e1-4c4d-9fda-4b469cb0b8c0/1771200000.0_mean_300.0_v3" "tx3997a3d73ed344adb9b89-006993279d" "proxy-server 20" 0.0005 "-" 22 0
Feb 16 14:20:13 standalone proxy-server[129810]: 172.18.0.2 172.18.0.100 16/Feb/2026/14/20/13 GET /v1/AUTH_cb248d3efa0243e4965462e374ae45fa/gnocchi.792a8d82-01e1-4c4d-9fda-4b469cb0b8c0/1771200000.0_mean_300.0_v3 HTTP/1.0 404 - python-swiftclient-3.11.1 gAAAAABpkybry4aT... - 70 - tx3997a3d73ed344adb9b89-006993279d - 0.0080 - - 1771251613.892940044 1771251613.900970936 0
Feb 16 14:20:13 standalone container-server[127635]: 172.20.0.100 - - [16/Feb/2026:14:20:13 +0000] "PUT /d1/469/AUTH_cb248d3efa0243e4965462e374ae45fa/gnocchi.792a8d82-01e1-4c4d-9fda-4b469cb0b8c0/1771200000.0_mean_300.0_v3" 201 - "PUT http://172.18.0.2:8080/d1/991/AUTH_cb248d3efa0243e4965462e374ae45fa/gnocchi.792a8d82-01e1-4c4d-9fda-4b469cb0b8c0/1771200000.0_mean_300.0_v3" "tx14a505ac3c5740f88ec8f-006993279d" "object-server 24" 0.0009 "-" 20 0
Feb 16 14:20:13 standalone object-server[127764]: 172.20.0.100 - - [16/Feb/2026:14:20:13 +0000] "PUT /d1/991/AUTH_cb248d3efa0243e4965462e374ae45fa/gnocchi.792a8d82-01e1-4c4d-9fda-4b469cb0b8c0/1771200000.0_mean_300.0_v3" 201 - "PUT http://172.18.0.2:8080/v1/AUTH_cb248d3efa0243e4965462e374ae45fa/gnocchi.792a8d82-01e1-4c4d-9fda-4b469cb0b8c0/1771200000.0_mean_300.0_v3" "tx14a505ac3c5740f88ec8f-006993279d" "proxy-server 20" 0.0120 "-" 24 0
Feb 16 14:20:13 standalone proxy-server[129810]: 172.18.0.2 172.18.0.100 16/Feb/2026/14/20/13 PUT /v1/AUTH_cb248d3efa0243e4965462e374ae45fa/gnocchi.792a8d82-01e1-4c4d-9fda-4b469cb0b8c0/1771200000.0_mean_300.0_v3 HTTP/1.0 201 - python-swiftclient-3.11.1 gAAAAABpkybry4aT... 16 - - tx14a505ac3c5740f88ec8f-006993279d - 0.0218 - - 1771251613.905064344 1771251613.926840544 0
Feb 16 14:20:13 standalone container-server[127659]: 172.20.0.100 - - [16/Feb/2026:14:20:13 +0000] "PUT /d1/469/AUTH_cb248d3efa0243e4965462e374ae45fa/gnocchi.792a8d82-01e1-4c4d-9fda-4b469cb0b8c0/none_v3" 201 - "PUT http://172.18.0.2:8080/d1/788/AUTH_cb248d3efa0243e4965462e374ae45fa/gnocchi.792a8d82-01e1-4c4d-9fda-4b469cb0b8c0/none_v3" "txae08d30c8a0b40f68063f-006993279d" "object-server 24" 0.0007 "-" 23 0
Feb 16 14:20:13 standalone object-server[127764]: 172.20.0.100 - - [16/Feb/2026:14:20:13 +0000] "PUT /d1/788/AUTH_cb248d3efa0243e4965462e374ae45fa/gnocchi.792a8d82-01e1-4c4d-9fda-4b469cb0b8c0/none_v3" 201 - "PUT http://172.18.0.2:8080/v1/AUTH_cb248d3efa0243e4965462e374ae45fa/gnocchi.792a8d82-01e1-4c4d-9fda-4b469cb0b8c0/none_v3" "txae08d30c8a0b40f68063f-006993279d" "proxy-server 20" 0.0104 "-" 24 0
Feb 16 14:20:13 standalone proxy-server[129810]: 172.18.0.2 172.18.0.100 16/Feb/2026/14/20/13 PUT /v1/AUTH_cb248d3efa0243e4965462e374ae45fa/gnocchi.792a8d82-01e1-4c4d-9fda-4b469cb0b8c0/none_v3 HTTP/1.0 201 - python-swiftclient-3.11.1 gAAAAABpkybry4aT... 22 - - txae08d30c8a0b40f68063f-006993279d - 0.0187 - - 1771251613.931043148 1771251613.949710846 0
Feb 16 14:20:13 standalone container-server[127639]: 172.20.0.100 - - [16/Feb/2026:14:20:13 +0000] "HEAD /d1/928/AUTH_cb248d3efa0243e4965462e374ae45fa/gnocchi.c043e691-8dc3-433e-afcc-c55fd7ebfdc2" 404 - "HEAD http://172.18.0.2:8080/v1/AUTH_cb248d3efa0243e4965462e374ae45fa/gnocchi.c043e691-8dc3-433e-afcc-c55fd7ebfdc2?format=json&states=listing" "tx180b1a468f0d41d8958a3-006993279d" "proxy-server 20" 0.0008 "-" 21 0
Feb 16 14:20:13 standalone object-server[127760]: 172.20.0.100 - - [16/Feb/2026:14:20:13 +0000] "GET /d1/473/AUTH_cb248d3efa0243e4965462e374ae45fa/gnocchi.c043e691-8dc3-433e-afcc-c55fd7ebfdc2/none_v3" 404 70 "GET http://172.18.0.2:8080/v1/AUTH_cb248d3efa0243e4965462e374ae45fa/gnocchi.c043e691-8dc3-433e-afcc-c55fd7ebfdc2/none_v3" "tx180b1a468f0d41d8958a3-006993279d" "proxy-server 20" 0.0005 "-" 22 0
Feb 16 14:20:13 standalone proxy-server[129810]: 172.18.0.2 172.18.0.100 16/Feb/2026/14/20/13 GET /v1/AUTH_cb248d3efa0243e4965462e374ae45fa/gnocchi.c043e691-8dc3-433e-afcc-c55fd7ebfdc2/none_v3 HTTP/1.0 404 - python-swiftclient-3.11.1 gAAAAABpkybry4aT... - 70 - tx180b1a468f0d41d8958a3-006993279d - 0.0167 - - 1771251613.963945150 1771251613.980654001 0
Feb 16 14:20:14 standalone account-server[127518]: 172.20.0.100 - - [16/Feb/2026:14:20:14 +0000] "PUT /d1/633/AUTH_cb248d3efa0243e4965462e374ae45fa/gnocchi.c043e691-8dc3-433e-afcc-c55fd7ebfdc2" 201 - "PUT http://172.20.0.100:6001/d1/928/AUTH_cb248d3efa0243e4965462e374ae45fa/gnocchi.c043e691-8dc3-433e-afcc-c55fd7ebfdc2" "tx919e59f20fab4d20b4e67-006993279d" "container-server 20" 0.0060 "-" 19 0
Feb 16 14:20:14 standalone container-server[127635]: 172.20.0.100 - - [16/Feb/2026:14:20:14 +0000] "PUT /d1/928/AUTH_cb248d3efa0243e4965462e374ae45fa/gnocchi.c043e691-8dc3-433e-afcc-c55fd7ebfdc2" 201 - "PUT http://172.18.0.2:8080/v1/AUTH_cb248d3efa0243e4965462e374ae45fa/gnocchi.c043e691-8dc3-433e-afcc-c55fd7ebfdc2" "tx919e59f20fab4d20b4e67-006993279d" "proxy-server 20" 0.0180 "-" 20 0
Feb 16 14:20:14 standalone proxy-server[129810]: 172.18.0.2 172.18.0.100 16/Feb/2026/14/20/14 PUT /v1/AUTH_cb248d3efa0243e4965462e374ae45fa/gnocchi.c043e691-8dc3-433e-afcc-c55fd7ebfdc2 HTTP/1.0 201 - python-swiftclient-3.11.1 gAAAAABpkybry4aT... - - - tx919e59f20fab4d20b4e67-006993279d - 0.0248 - - 1771251613.984624624 1771251614.009426117 0
Feb 16 14:20:14 standalone container-server[127659]: 172.20.0.100 - - [16/Feb/2026:14:20:14 +0000] "HEAD /d1/928/AUTH_cb248d3efa0243e4965462e374ae45fa/gnocchi.c043e691-8dc3-433e-afcc-c55fd7ebfdc2" 204 - "HEAD http://172.18.0.2:8080/v1/AUTH_cb248d3efa0243e4965462e374ae45fa/gnocchi.c043e691-8dc3-433e-afcc-c55fd7ebfdc2?format=json&states=listing" "tx014a78d66a9948abb8862-006993279e" "proxy-server 20" 0.0024 "-" 23 0
Feb 16 14:20:14 standalone proxy-server[129810]: - - 16/Feb/2026/14/20/14 HEAD /v1/AUTH_cb248d3efa0243e4965462e374ae45fa/gnocchi.c043e691-8dc3-433e-afcc-c55fd7ebfdc2%3Fformat%3Djson%26states%3Dlisting HTTP/1.0 204 - Swift - - - - tx014a78d66a9948abb8862-006993279e - 0.0068 RL - 1771251614.016450644 1771251614.023260593 0
Feb 16 14:20:14 standalone container-server[127653]: 172.20.0.100 - - [16/Feb/2026:14:20:14 +0000] "GET /d1/928/AUTH_cb248d3efa0243e4965462e374ae45fa/gnocchi.c043e691-8dc3-433e-afcc-c55fd7ebfdc2" 200 2 "GET http://172.18.0.2:8080/v1/AUTH_cb248d3efa0243e4965462e374ae45fa/gnocchi.c043e691-8dc3-433e-afcc-c55fd7ebfdc2?format=json&states=listing" "tx014a78d66a9948abb8862-006993279e" "proxy-server 20" 0.0038 "-" 22 0
Feb 16 14:20:14 standalone proxy-server[129810]: 172.18.0.2 172.18.0.100 16/Feb/2026/14/20/14 GET /v1/AUTH_cb248d3efa0243e4965462e374ae45fa/gnocchi.c043e691-8dc3-433e-afcc-c55fd7ebfdc2%3Fformat%3Djson%26states%3Dlisting HTTP/1.0 200 - python-swiftclient-3.11.1 gAAAAABpkybry4aT... - 2 - tx014a78d66a9948abb8862-006993279e - 0.0227 - - 1771251614.014926910 1771251614.037629604 0
Feb 16 14:20:14 standalone object-server[127764]: 172.20.0.100 - - [16/Feb/2026:14:20:14 +0000] "GET /d1/234/AUTH_cb248d3efa0243e4965462e374ae45fa/gnocchi.c043e691-8dc3-433e-afcc-c55fd7ebfdc2/1771200000.0_mean_300.0_v3" 404 70 "GET http://172.18.0.2:8080/v1/AUTH_cb248d3efa0243e4965462e374ae45fa/gnocchi.c043e691-8dc3-433e-afcc-c55fd7ebfdc2/1771200000.0_mean_300.0_v3" "tx5dea9407f55544e59009c-006993279e" "proxy-server 20" 0.0006 "-" 24 0
Feb 16 14:20:14 standalone proxy-server[129810]: 172.18.0.2 172.18.0.100 16/Feb/2026/14/20/14 GET /v1/AUTH_cb248d3efa0243e4965462e374ae45fa/gnocchi.c043e691-8dc3-433e-afcc-c55fd7ebfdc2/1771200000.0_mean_300.0_v3 HTTP/1.0 404 - python-swiftclient-3.11.1 gAAAAABpkybry4aT... - 70 - tx5dea9407f55544e59009c-006993279e - 0.0081 - - 1771251614.042263508 1771251614.050409794 0
Feb 16 14:20:14 standalone container-server[127653]: 172.20.0.100 - - [16/Feb/2026:14:20:14 +0000] "PUT /d1/928/AUTH_cb248d3efa0243e4965462e374ae45fa/gnocchi.c043e691-8dc3-433e-afcc-c55fd7ebfdc2/1771200000.0_mean_300.0_v3" 201 - "PUT http://172.18.0.2:8080/d1/234/AUTH_cb248d3efa0243e4965462e374ae45fa/gnocchi.c043e691-8dc3-433e-afcc-c55fd7ebfdc2/1771200000.0_mean_300.0_v3" "txf11e075a2653489f88e9c-006993279e" "object-server 22" 0.0009 "-" 22 0
Feb 16 14:20:14 standalone object-server[127760]: 172.20.0.100 - - [16/Feb/2026:14:20:14 +0000] "PUT /d1/234/AUTH_cb248d3efa0243e4965462e374ae45fa/gnocchi.c043e691-8dc3-433e-afcc-c55fd7ebfdc2/1771200000.0_mean_300.0_v3" 201 - "PUT http://172.18.0.2:8080/v1/AUTH_cb248d3efa0243e4965462e374ae45fa/gnocchi.c043e691-8dc3-433e-afcc-c55fd7ebfdc2/1771200000.0_mean_300.0_v3" "txf11e075a2653489f88e9c-006993279e" "proxy-server 20" 0.0121 "-" 22 0
Feb 16 14:20:14 standalone proxy-server[129810]: 172.18.0.2 172.18.0.100 16/Feb/2026/14/20/14 PUT /v1/AUTH_cb248d3efa0243e4965462e374ae45fa/gnocchi.c043e691-8dc3-433e-afcc-c55fd7ebfdc2/1771200000.0_mean_300.0_v3 HTTP/1.0 201 - python-swiftclient-3.11.1 gAAAAABpkybry4aT... 16 - - txf11e075a2653489f88e9c-006993279e - 0.0198 - - 1771251614.054094076 1771251614.073889017 0
Feb 16 14:20:14 standalone container-server[127635]: 172.20.0.100 - - [16/Feb/2026:14:20:14 +0000] "PUT /d1/928/AUTH_cb248d3efa0243e4965462e374ae45fa/gnocchi.c043e691-8dc3-433e-afcc-c55fd7ebfdc2/none_v3" 201 - "PUT http://172.18.0.2:8080/d1/473/AUTH_cb248d3efa0243e4965462e374ae45fa/gnocchi.c043e691-8dc3-433e-afcc-c55fd7ebfdc2/none_v3" "txbb9fd41a43e34ddd8b1ac-006993279e" "object-server 25" 0.0008 "-" 20 0
Feb 16 14:20:14 standalone object-server[127765]: 172.20.0.100 - - [16/Feb/2026:14:20:14 +0000] "PUT /d1/473/AUTH_cb248d3efa0243e4965462e374ae45fa/gnocchi.c043e691-8dc3-433e-afcc-c55fd7ebfdc2/none_v3" 201 - "PUT http://172.18.0.2:8080/v1/AUTH_cb248d3efa0243e4965462e374ae45fa/gnocchi.c043e691-8dc3-433e-afcc-c55fd7ebfdc2/none_v3" "txbb9fd41a43e34ddd8b1ac-006993279e" "proxy-server 20" 0.0107 "-" 25 0
Feb 16 14:20:14 standalone proxy-server[129810]: 172.18.0.2 172.18.0.100 16/Feb/2026/14/20/14 PUT /v1/AUTH_cb248d3efa0243e4965462e374ae45fa/gnocchi.c043e691-8dc3-433e-afcc-c55fd7ebfdc2/none_v3 HTTP/1.0 201 - python-swiftclient-3.11.1 gAAAAABpkybry4aT... 22 - - txbb9fd41a43e34ddd8b1ac-006993279e - 0.0182 - - 1771251614.077447414 1771251614.095625877 0
Feb 16 14:20:14 standalone container-server[127659]: 172.20.0.100 - - [16/Feb/2026:14:20:14 +0000] "HEAD /d1/957/AUTH_cb248d3efa0243e4965462e374ae45fa/gnocchi.c5e3f48f-a5d3-435d-a3c6-dec504c8a343" 404 - "HEAD http://172.18.0.2:8080/v1/AUTH_cb248d3efa0243e4965462e374ae45fa/gnocchi.c5e3f48f-a5d3-435d-a3c6-dec504c8a343?format=json&states=listing" "tx11257fce9a0747f9ba061-006993279e" "proxy-server 20" 0.0006 "-" 23 0
Feb 16 14:20:14 standalone object-server[127761]: 172.20.0.100 - - [16/Feb/2026:14:20:14 +0000] "GET /d1/675/AUTH_cb248d3efa0243e4965462e374ae45fa/gnocchi.c5e3f48f-a5d3-435d-a3c6-dec504c8a343/none_v3" 404 70 "GET http://172.18.0.2:8080/v1/AUTH_cb248d3efa0243e4965462e374ae45fa/gnocchi.c5e3f48f-a5d3-435d-a3c6-dec504c8a343/none_v3" "tx11257fce9a0747f9ba061-006993279e" "proxy-server 20" 0.0005 "-" 23 0
Feb 16 14:20:14 standalone proxy-server[129810]: 172.18.0.2 172.18.0.100 16/Feb/2026/14/20/14 GET /v1/AUTH_cb248d3efa0243e4965462e374ae45fa/gnocchi.c5e3f48f-a5d3-435d-a3c6-dec504c8a343/none_v3 HTTP/1.0 404 - python-swiftclient-3.11.1 gAAAAABpkybry4aT... - 70 - tx11257fce9a0747f9ba061-006993279e - 0.0129 - - 1771251614.108130932 1771251614.121041059 0
Feb 16 14:20:14 standalone account-server[127505]: 172.20.0.100 - - [16/Feb/2026:14:20:14 +0000] "PUT /d1/633/AUTH_cb248d3efa0243e4965462e374ae45fa/gnocchi.c5e3f48f-a5d3-435d-a3c6-dec504c8a343" 201 - "PUT http://172.20.0.100:6001/d1/957/AUTH_cb248d3efa0243e4965462e374ae45fa/gnocchi.c5e3f48f-a5d3-435d-a3c6-dec504c8a343" "txf90c27c05c754ee2b0c4d-006993279e" "container-server 22" 0.0056 "-" 18 0
Feb 16 14:20:14 standalone container-server[127653]: 172.20.0.100 - - [16/Feb/2026:14:20:14 +0000] "PUT /d1/957/AUTH_cb248d3efa0243e4965462e374ae45fa/gnocchi.c5e3f48f-a5d3-435d-a3c6-dec504c8a343" 201 - "PUT http://172.18.0.2:8080/v1/AUTH_cb248d3efa0243e4965462e374ae45fa/gnocchi.c5e3f48f-a5d3-435d-a3c6-dec504c8a343" "txf90c27c05c754ee2b0c4d-006993279e" "proxy-server 20" 0.0200 "-" 22 0
Feb 16 14:20:14 standalone proxy-server[129810]: 172.18.0.2 172.18.0.100 16/Feb/2026/14/20/14 PUT /v1/AUTH_cb248d3efa0243e4965462e374ae45fa/gnocchi.c5e3f48f-a5d3-435d-a3c6-dec504c8a343 HTTP/1.0 201 - python-swiftclient-3.11.1 gAAAAABpkybry4aT... - - - txf90c27c05c754ee2b0c4d-006993279e - 0.0264 - - 1771251614.124389172 1771251614.150751829 0
Feb 16 14:20:14 standalone container-server[127659]: 172.20.0.100 - - [16/Feb/2026:14:20:14 +0000] "HEAD /d1/957/AUTH_cb248d3efa0243e4965462e374ae45fa/gnocchi.c5e3f48f-a5d3-435d-a3c6-dec504c8a343" 204 - "HEAD http://172.18.0.2:8080/v1/AUTH_cb248d3efa0243e4965462e374ae45fa/gnocchi.c5e3f48f-a5d3-435d-a3c6-dec504c8a343?format=json&states=listing" "tx1c2a1ede2c1b443c8ff68-006993279e" "proxy-server 20" 0.0024 "-" 23 0
Feb 16 14:20:14 standalone proxy-server[129810]: - - 16/Feb/2026/14/20/14 HEAD /v1/AUTH_cb248d3efa0243e4965462e374ae45fa/gnocchi.c5e3f48f-a5d3-435d-a3c6-dec504c8a343%3Fformat%3Djson%26states%3Dlisting HTTP/1.0 204 - Swift - - - - tx1c2a1ede2c1b443c8ff68-006993279e - 0.0066 RL - 1771251614.156919718 1771251614.163561106 0
Feb 16 14:20:14 standalone container-server[127639]: 172.20.0.100 - - [16/Feb/2026:14:20:14 +0000] "GET /d1/957/AUTH_cb248d3efa0243e4965462e374ae45fa/gnocchi.c5e3f48f-a5d3-435d-a3c6-dec504c8a343" 200 2 "GET http://172.18.0.2:8080/v1/AUTH_cb248d3efa0243e4965462e374ae45fa/gnocchi.c5e3f48f-a5d3-435d-a3c6-dec504c8a343?format=json&states=listing" "tx1c2a1ede2c1b443c8ff68-006993279e" "proxy-server 20" 0.0034 "-" 21 0
Feb 16 14:20:14 standalone proxy-server[129810]: 172.18.0.2 172.18.0.100 16/Feb/2026/14/20/14 GET /v1/AUTH_cb248d3efa0243e4965462e374ae45fa/gnocchi.c5e3f48f-a5d3-435d-a3c6-dec504c8a343%3Fformat%3Djson%26states%3Dlisting HTTP/1.0 200 - python-swiftclient-3.11.1 gAAAAABpkybry4aT... - 2 - tx1c2a1ede2c1b443c8ff68-006993279e - 0.0210 - - 1771251614.155444622 1771251614.176493168 0
Feb 16 14:20:14 standalone object-server[127765]: 172.20.0.100 - - [16/Feb/2026:14:20:14 +0000] "GET /d1/65/AUTH_cb248d3efa0243e4965462e374ae45fa/gnocchi.c5e3f48f-a5d3-435d-a3c6-dec504c8a343/1771200000.0_mean_300.0_v3" 404 70 "GET http://172.18.0.2:8080/v1/AUTH_cb248d3efa0243e4965462e374ae45fa/gnocchi.c5e3f48f-a5d3-435d-a3c6-dec504c8a343/1771200000.0_mean_300.0_v3" "tx8b296eb8c1244aa2bd78c-006993279e" "proxy-server 20" 0.0005 "-" 25 0
Feb 16 14:20:14 standalone proxy-server[129810]: 172.18.0.2 172.18.0.100 16/Feb/2026/14/20/14 GET /v1/AUTH_cb248d3efa0243e4965462e374ae45fa/gnocchi.c5e3f48f-a5d3-435d-a3c6-dec504c8a343/1771200000.0_mean_300.0_v3 HTTP/1.0 404 - python-swiftclient-3.11.1 gAAAAABpkybry4aT... - 70 - tx8b296eb8c1244aa2bd78c-006993279e - 0.0081 - - 1771251614.181576967 1771251614.189713717 0
Feb 16 14:20:14 standalone container-server[127635]: 172.20.0.100 - - [16/Feb/2026:14:20:14 +0000] "PUT /d1/957/AUTH_cb248d3efa0243e4965462e374ae45fa/gnocchi.c5e3f48f-a5d3-435d-a3c6-dec504c8a343/1771200000.0_mean_300.0_v3" 201 - "PUT http://172.18.0.2:8080/d1/65/AUTH_cb248d3efa0243e4965462e374ae45fa/gnocchi.c5e3f48f-a5d3-435d-a3c6-dec504c8a343/1771200000.0_mean_300.0_v3" "tx091fc9e6a73a4b4c88233-006993279e" "object-server 24" 0.0009 "-" 20 0
Feb 16 14:20:14 standalone object-server[127764]: 172.20.0.100 - - [16/Feb/2026:14:20:14 +0000] "PUT /d1/65/AUTH_cb248d3efa0243e4965462e374ae45fa/gnocchi.c5e3f48f-a5d3-435d-a3c6-dec504c8a343/1771200000.0_mean_300.0_v3" 201 - "PUT http://172.18.0.2:8080/v1/AUTH_cb248d3efa0243e4965462e374ae45fa/gnocchi.c5e3f48f-a5d3-435d-a3c6-dec504c8a343/1771200000.0_mean_300.0_v3" "tx091fc9e6a73a4b4c88233-006993279e" "proxy-server 20" 0.0118 "-" 24 0
Feb 16 14:20:14 standalone proxy-server[129810]: 172.18.0.2 172.18.0.100 16/Feb/2026/14/20/14 PUT /v1/AUTH_cb248d3efa0243e4965462e374ae45fa/gnocchi.c5e3f48f-a5d3-435d-a3c6-dec504c8a343/1771200000.0_mean_300.0_v3 HTTP/1.0 201 - python-swiftclient-3.11.1 gAAAAABpkybry4aT... 16 - - tx091fc9e6a73a4b4c88233-006993279e - 0.0194 - - 1771251614.193509817 1771251614.212953568 0
Feb 16 14:20:14 standalone container-server[127635]: 172.20.0.100 - - [16/Feb/2026:14:20:14 +0000] "PUT /d1/957/AUTH_cb248d3efa0243e4965462e374ae45fa/gnocchi.c5e3f48f-a5d3-435d-a3c6-dec504c8a343/none_v3" 201 - "PUT http://172.18.0.2:8080/d1/675/AUTH_cb248d3efa0243e4965462e374ae45fa/gnocchi.c5e3f48f-a5d3-435d-a3c6-dec504c8a343/none_v3" "txfa6a3450cbfd4079a0d07-006993279e" "object-server 23" 0.0006 "-" 20 0
Feb 16 14:20:14 standalone object-server[127761]: 172.20.0.100 - - [16/Feb/2026:14:20:14 +0000] "PUT /d1/675/AUTH_cb248d3efa0243e4965462e374ae45fa/gnocchi.c5e3f48f-a5d3-435d-a3c6-dec504c8a343/none_v3" 201 - "PUT http://172.18.0.2:8080/v1/AUTH_cb248d3efa0243e4965462e374ae45fa/gnocchi.c5e3f48f-a5d3-435d-a3c6-dec504c8a343/none_v3" "txfa6a3450cbfd4079a0d07-006993279e" "proxy-server 20" 0.0119 "-" 23 0
Feb 16 14:20:14 standalone proxy-server[129810]: 172.18.0.2 172.18.0.100 16/Feb/2026/14/20/14 PUT /v1/AUTH_cb248d3efa0243e4965462e374ae45fa/gnocchi.c5e3f48f-a5d3-435d-a3c6-dec504c8a343/none_v3 HTTP/1.0 201 - python-swiftclient-3.11.1 gAAAAABpkybry4aT... 22 - - txfa6a3450cbfd4079a0d07-006993279e - 0.0198 - - 1771251614.216639519 1771251614.236443996 0
Feb 16 14:20:14 standalone container-server[127639]: 172.20.0.100 - - [16/Feb/2026:14:20:14 +0000] "HEAD /d1/312/AUTH_cb248d3efa0243e4965462e374ae45fa/gnocchi.f9f986fd-b0b3-4b93-bc36-55a3bce696c6" 404 - "HEAD http://172.18.0.2:8080/v1/AUTH_cb248d3efa0243e4965462e374ae45fa/gnocchi.f9f986fd-b0b3-4b93-bc36-55a3bce696c6?format=json&states=listing" "tx2ee3e7218bd647dca405c-006993279e" "proxy-server 20" 0.0005 "-" 21 0
Feb 16 14:20:14 standalone object-server[127765]: 172.20.0.100 - - [16/Feb/2026:14:20:14 +0000] "GET /d1/54/AUTH_cb248d3efa0243e4965462e374ae45fa/gnocchi.f9f986fd-b0b3-4b93-bc36-55a3bce696c6/none_v3" 404 70 "GET http://172.18.0.2:8080/v1/AUTH_cb248d3efa0243e4965462e374ae45fa/gnocchi.f9f986fd-b0b3-4b93-bc36-55a3bce696c6/none_v3" "tx2ee3e7218bd647dca405c-006993279e" "proxy-server 20" 0.0004 "-" 25 0
Feb 16 14:20:14 standalone proxy-server[129810]: 172.18.0.2 172.18.0.100 16/Feb/2026/14/20/14 GET /v1/AUTH_cb248d3efa0243e4965462e374ae45fa/gnocchi.f9f986fd-b0b3-4b93-bc36-55a3bce696c6/none_v3 HTTP/1.0 404 - python-swiftclient-3.11.1 gAAAAABpkybry4aT... - 70 - tx2ee3e7218bd647dca405c-006993279e - 0.0130 - - 1771251614.254901409 1771251614.267862320 0
Feb 16 14:20:14 standalone account-server[127518]: 172.20.0.100 - - [16/Feb/2026:14:20:14 +0000] "PUT /d1/633/AUTH_cb248d3efa0243e4965462e374ae45fa/gnocchi.f9f986fd-b0b3-4b93-bc36-55a3bce696c6" 201 - "PUT http://172.20.0.100:6001/d1/312/AUTH_cb248d3efa0243e4965462e374ae45fa/gnocchi.f9f986fd-b0b3-4b93-bc36-55a3bce696c6" "tx3fa53fe28d294a9b80033-006993279e" "container-server 21" 0.0059 "-" 19 0
Feb 16 14:20:14 standalone container-server[127639]: 172.20.0.100 - - [16/Feb/2026:14:20:14 +0000] "PUT /d1/312/AUTH_cb248d3efa0243e4965462e374ae45fa/gnocchi.f9f986fd-b0b3-4b93-bc36-55a3bce696c6" 201 - "PUT http://172.18.0.2:8080/v1/AUTH_cb248d3efa0243e4965462e374ae45fa/gnocchi.f9f986fd-b0b3-4b93-bc36-55a3bce696c6" "tx3fa53fe28d294a9b80033-006993279e" "proxy-server 20" 0.0185 "-" 21 0
Feb 16 14:20:14 standalone proxy-server[129810]: 172.18.0.2 172.18.0.100 16/Feb/2026/14/20/14 PUT /v1/AUTH_cb248d3efa0243e4965462e374ae45fa/gnocchi.f9f986fd-b0b3-4b93-bc36-55a3bce696c6 HTTP/1.0 201 - python-swiftclient-3.11.1 gAAAAABpkybry4aT... - - - tx3fa53fe28d294a9b80033-006993279e - 0.0249 - - 1771251614.272032976 1771251614.296942234 0
Feb 16 14:20:14 standalone container-server[127639]: 172.20.0.100 - - [16/Feb/2026:14:20:14 +0000] "HEAD /d1/312/AUTH_cb248d3efa0243e4965462e374ae45fa/gnocchi.f9f986fd-b0b3-4b93-bc36-55a3bce696c6" 204 - "HEAD http://172.18.0.2:8080/v1/AUTH_cb248d3efa0243e4965462e374ae45fa/gnocchi.f9f986fd-b0b3-4b93-bc36-55a3bce696c6?format=json&states=listing" "txfd79b2e0cd9a45d5896aa-006993279e" "proxy-server 20" 0.0019 "-" 21 0
Feb 16 14:20:14 standalone proxy-server[129810]: - - 16/Feb/2026/14/20/14 HEAD /v1/AUTH_cb248d3efa0243e4965462e374ae45fa/gnocchi.f9f986fd-b0b3-4b93-bc36-55a3bce696c6%3Fformat%3Djson%26states%3Dlisting HTTP/1.0 204 - Swift - - - - txfd79b2e0cd9a45d5896aa-006993279e - 0.0061 RL - 1771251614.303692102 1771251614.309832335 0
Feb 16 14:20:14 standalone container-server[127635]: 172.20.0.100 - - [16/Feb/2026:14:20:14 +0000] "GET /d1/312/AUTH_cb248d3efa0243e4965462e374ae45fa/gnocchi.f9f986fd-b0b3-4b93-bc36-55a3bce696c6" 200 2 "GET http://172.18.0.2:8080/v1/AUTH_cb248d3efa0243e4965462e374ae45fa/gnocchi.f9f986fd-b0b3-4b93-bc36-55a3bce696c6?format=json&states=listing" "txfd79b2e0cd9a45d5896aa-006993279e" "proxy-server 20" 0.0035 "-" 20 0
Feb 16 14:20:14 standalone proxy-server[129810]: 172.18.0.2 172.18.0.100 16/Feb/2026/14/20/14 GET /v1/AUTH_cb248d3efa0243e4965462e374ae45fa/gnocchi.f9f986fd-b0b3-4b93-bc36-55a3bce696c6%3Fformat%3Djson%26states%3Dlisting HTTP/1.0 200 - python-swiftclient-3.11.1 gAAAAABpkybry4aT... - 2 - txfd79b2e0cd9a45d5896aa-006993279e - 0.0207 - - 1771251614.302122593 1771251614.322850704 0
Feb 16 14:20:14 standalone object-server[127765]: 172.20.0.100 - - [16/Feb/2026:14:20:14 +0000] "GET /d1/433/AUTH_cb248d3efa0243e4965462e374ae45fa/gnocchi.f9f986fd-b0b3-4b93-bc36-55a3bce696c6/1771200000.0_mean_300.0_v3" 404 70 "GET http://172.18.0.2:8080/v1/AUTH_cb248d3efa0243e4965462e374ae45fa/gnocchi.f9f986fd-b0b3-4b93-bc36-55a3bce696c6/1771200000.0_mean_300.0_v3" "txbb69d3c03b8042aa862ca-006993279e" "proxy-server 20" 0.0005 "-" 25 0
Feb 16 14:20:14 standalone proxy-server[129810]: 172.18.0.2 172.18.0.100 16/Feb/2026/14/20/14 GET /v1/AUTH_cb248d3efa0243e4965462e374ae45fa/gnocchi.f9f986fd-b0b3-4b93-bc36-55a3bce696c6/1771200000.0_mean_300.0_v3 HTTP/1.0 404 - python-swiftclient-3.11.1 gAAAAABpkybry4aT... - 70 - txbb69d3c03b8042aa862ca-006993279e - 0.0083 - - 1771251614.327991962 1771251614.336255312 0
Feb 16 14:20:14 standalone container-server[127653]: 172.20.0.100 - - [16/Feb/2026:14:20:14 +0000] "PUT /d1/312/AUTH_cb248d3efa0243e4965462e374ae45fa/gnocchi.f9f986fd-b0b3-4b93-bc36-55a3bce696c6/1771200000.0_mean_300.0_v3" 201 - "PUT http://172.18.0.2:8080/d1/433/AUTH_cb248d3efa0243e4965462e374ae45fa/gnocchi.f9f986fd-b0b3-4b93-bc36-55a3bce696c6/1771200000.0_mean_300.0_v3" "tx4b818b5ed98642628bb78-006993279e" "object-server 22" 0.0010 "-" 22 0
Feb 16 14:20:14 standalone object-server[127760]: 172.20.0.100 - - [16/Feb/2026:14:20:14 +0000] "PUT /d1/433/AUTH_cb248d3efa0243e4965462e374ae45fa/gnocchi.f9f986fd-b0b3-4b93-bc36-55a3bce696c6/1771200000.0_mean_300.0_v3" 201 - "PUT http://172.18.0.2:8080/v1/AUTH_cb248d3efa0243e4965462e374ae45fa/gnocchi.f9f986fd-b0b3-4b93-bc36-55a3bce696c6/1771200000.0_mean_300.0_v3" "tx4b818b5ed98642628bb78-006993279e" "proxy-server 20" 0.0124 "-" 22 0
Feb 16 14:20:14 standalone proxy-server[129810]: 172.18.0.2 172.18.0.100 16/Feb/2026/14/20/14 PUT /v1/AUTH_cb248d3efa0243e4965462e374ae45fa/gnocchi.f9f986fd-b0b3-4b93-bc36-55a3bce696c6/1771200000.0_mean_300.0_v3 HTTP/1.0 201 - python-swiftclient-3.11.1 gAAAAABpkybry4aT... 16 - - tx4b818b5ed98642628bb78-006993279e - 0.0200 - - 1771251614.340544462 1771251614.360502481 0
Feb 16 14:20:14 standalone container-server[127653]: 172.20.0.100 - - [16/Feb/2026:14:20:14 +0000] "PUT /d1/312/AUTH_cb248d3efa0243e4965462e374ae45fa/gnocchi.f9f986fd-b0b3-4b93-bc36-55a3bce696c6/none_v3" 201 - "PUT http://172.18.0.2:8080/d1/54/AUTH_cb248d3efa0243e4965462e374ae45fa/gnocchi.f9f986fd-b0b3-4b93-bc36-55a3bce696c6/none_v3" "tx1c2919202b264769a0397-006993279e" "object-server 22" 0.0006 "-" 22 0
Feb 16 14:20:14 standalone object-server[127760]: 172.20.0.100 - - [16/Feb/2026:14:20:14 +0000] "PUT /d1/54/AUTH_cb248d3efa0243e4965462e374ae45fa/gnocchi.f9f986fd-b0b3-4b93-bc36-55a3bce696c6/none_v3" 201 - "PUT http://172.18.0.2:8080/v1/AUTH_cb248d3efa0243e4965462e374ae45fa/gnocchi.f9f986fd-b0b3-4b93-bc36-55a3bce696c6/none_v3" "tx1c2919202b264769a0397-006993279e" "proxy-server 20" 0.0100 "-" 22 0
Feb 16 14:20:14 standalone proxy-server[129810]: 172.18.0.2 172.18.0.100 16/Feb/2026/14/20/14 PUT /v1/AUTH_cb248d3efa0243e4965462e374ae45fa/gnocchi.f9f986fd-b0b3-4b93-bc36-55a3bce696c6/none_v3 HTTP/1.0 201 - python-swiftclient-3.11.1 gAAAAABpkybry4aT... 22 - - tx1c2919202b264769a0397-006993279e - 0.0168 - - 1771251614.364570141 1771251614.381355047 0
Feb 16 14:20:14 standalone container-server[127659]: 172.20.0.100 - - [16/Feb/2026:14:20:14 +0000] "HEAD /d1/687/AUTH_cb248d3efa0243e4965462e374ae45fa/gnocchi.9ad593e6-5c76-4a17-bd7b-c4d6257fe449" 404 - "HEAD http://172.18.0.2:8080/v1/AUTH_cb248d3efa0243e4965462e374ae45fa/gnocchi.9ad593e6-5c76-4a17-bd7b-c4d6257fe449?format=json&states=listing" "tx67f0ae1521cc4c99ac842-006993279e" "proxy-server 20" 0.0006 "-" 23 0
Feb 16 14:20:14 standalone object-server[127761]: 172.20.0.100 - - [16/Feb/2026:14:20:14 +0000] "GET /d1/102/AUTH_cb248d3efa0243e4965462e374ae45fa/gnocchi.9ad593e6-5c76-4a17-bd7b-c4d6257fe449/none_v3" 404 70 "GET http://172.18.0.2:8080/v1/AUTH_cb248d3efa0243e4965462e374ae45fa/gnocchi.9ad593e6-5c76-4a17-bd7b-c4d6257fe449/none_v3" "tx67f0ae1521cc4c99ac842-006993279e" "proxy-server 20" 0.0006 "-" 23 0
Feb 16 14:20:14 standalone proxy-server[129810]: 172.18.0.2 172.18.0.100 16/Feb/2026/14/20/14 GET /v1/AUTH_cb248d3efa0243e4965462e374ae45fa/gnocchi.9ad593e6-5c76-4a17-bd7b-c4d6257fe449/none_v3 HTTP/1.0 404 - python-swiftclient-3.11.1 gAAAAABpkybry4aT... - 70 - tx67f0ae1521cc4c99ac842-006993279e - 0.0137 - - 1771251614.400850534 1771251614.414574385 0
Feb 16 14:20:14 standalone account-server[127518]: 172.20.0.100 - - [16/Feb/2026:14:20:14 +0000] "PUT /d1/633/AUTH_cb248d3efa0243e4965462e374ae45fa/gnocchi.9ad593e6-5c76-4a17-bd7b-c4d6257fe449" 201 - "PUT http://172.20.0.100:6001/d1/687/AUTH_cb248d3efa0243e4965462e374ae45fa/gnocchi.9ad593e6-5c76-4a17-bd7b-c4d6257fe449" "tx481ddbc8456247d4b9528-006993279e" "container-server 23" 0.0059 "-" 19 0
Feb 16 14:20:14 standalone container-server[127659]: 172.20.0.100 - - [16/Feb/2026:14:20:14 +0000] "PUT /d1/687/AUTH_cb248d3efa0243e4965462e374ae45fa/gnocchi.9ad593e6-5c76-4a17-bd7b-c4d6257fe449" 201 - "PUT http://172.18.0.2:8080/v1/AUTH_cb248d3efa0243e4965462e374ae45fa/gnocchi.9ad593e6-5c76-4a17-bd7b-c4d6257fe449" "tx481ddbc8456247d4b9528-006993279e" "proxy-server 20" 0.0209 "-" 23 0
Feb 16 14:20:14 standalone proxy-server[129810]: 172.18.0.2 172.18.0.100 16/Feb/2026/14/20/14 PUT /v1/AUTH_cb248d3efa0243e4965462e374ae45fa/gnocchi.9ad593e6-5c76-4a17-bd7b-c4d6257fe449 HTTP/1.0 201 - python-swiftclient-3.11.1 gAAAAABpkybry4aT... - - - tx481ddbc8456247d4b9528-006993279e - 0.0280 - - 1771251614.418140888 1771251614.446135283 0
Feb 16 14:20:14 standalone container-server[127653]: 172.20.0.100 - - [16/Feb/2026:14:20:14 +0000] "HEAD /d1/1015/AUTH_cb248d3efa0243e4965462e374ae45fa/gnocchi.a5468f5a-cd5d-4d99-abc7-648bd9886a49" 404 - "HEAD http://172.18.0.2:8080/v1/AUTH_cb248d3efa0243e4965462e374ae45fa/gnocchi.a5468f5a-cd5d-4d99-abc7-648bd9886a49?format=json&states=listing" "txd4c8b1ed6b0f4b12a9007-006993279e" "proxy-server 20" 0.0007 "-" 22 0
Feb 16 14:20:14 standalone object-server[127764]: 172.20.0.100 - - [16/Feb/2026:14:20:14 +0000] "GET /d1/67/AUTH_cb248d3efa0243e4965462e374ae45fa/gnocchi.a5468f5a-cd5d-4d99-abc7-648bd9886a49/none_v3" 404 70 "GET http://172.18.0.2:8080/v1/AUTH_cb248d3efa0243e4965462e374ae45fa/gnocchi.a5468f5a-cd5d-4d99-abc7-648bd9886a49/none_v3" "txd4c8b1ed6b0f4b12a9007-006993279e" "proxy-server 20" 0.0006 "-" 24 0
Feb 16 14:20:14 standalone proxy-server[129810]: 172.18.0.2 172.18.0.100 16/Feb/2026/14/20/14 GET /v1/AUTH_cb248d3efa0243e4965462e374ae45fa/gnocchi.a5468f5a-cd5d-4d99-abc7-648bd9886a49/none_v3 HTTP/1.0 404 - python-swiftclient-3.11.1 gAAAAABpkybry4aT... - 70 - txd4c8b1ed6b0f4b12a9007-006993279e - 0.0143 - - 1771251614.450088501 1771251614.464421272 0
Feb 16 14:20:14 standalone account-server[127505]: 172.20.0.100 - - [16/Feb/2026:14:20:14 +0000] "PUT /d1/633/AUTH_cb248d3efa0243e4965462e374ae45fa/gnocchi.a5468f5a-cd5d-4d99-abc7-648bd9886a49" 201 - "PUT http://172.20.0.100:6001/d1/1015/AUTH_cb248d3efa0243e4965462e374ae45fa/gnocchi.a5468f5a-cd5d-4d99-abc7-648bd9886a49" "tx4ea42896798b4a44ad6ab-006993279e" "container-server 22" 0.0058 "-" 18 0
Feb 16 14:20:14 standalone container-server[127653]: 172.20.0.100 - - [16/Feb/2026:14:20:14 +0000] "PUT /d1/1015/AUTH_cb248d3efa0243e4965462e374ae45fa/gnocchi.a5468f5a-cd5d-4d99-abc7-648bd9886a49" 201 - "PUT http://172.18.0.2:8080/v1/AUTH_cb248d3efa0243e4965462e374ae45fa/gnocchi.a5468f5a-cd5d-4d99-abc7-648bd9886a49" "tx4ea42896798b4a44ad6ab-006993279e" "proxy-server 20" 0.0186 "-" 22 0
Feb 16 14:20:14 standalone proxy-server[129810]: 172.18.0.2 172.18.0.100 16/Feb/2026/14/20/14 PUT /v1/AUTH_cb248d3efa0243e4965462e374ae45fa/gnocchi.a5468f5a-cd5d-4d99-abc7-648bd9886a49 HTTP/1.0 201 - python-swiftclient-3.11.1 gAAAAABpkybry4aT... - - - tx4ea42896798b4a44ad6ab-006993279e - 0.0256 - - 1771251614.467828512 1771251614.493421555 0
Feb 16 14:20:14 standalone container-server[127659]: 172.20.0.100 - - [16/Feb/2026:14:20:14 +0000] "HEAD /d1/33/AUTH_cb248d3efa0243e4965462e374ae45fa/gnocchi.f34d5663-235f-4b91-86d3-8d6427f40fc9" 404 - "HEAD http://172.18.0.2:8080/v1/AUTH_cb248d3efa0243e4965462e374ae45fa/gnocchi.f34d5663-235f-4b91-86d3-8d6427f40fc9?format=json&states=listing" "txfaa33791fd1640fab4d0b-006993279e" "proxy-server 20" 0.0008 "-" 23 0
Feb 16 14:20:14 standalone object-server[127761]: 172.20.0.100 - - [16/Feb/2026:14:20:14 +0000] "GET /d1/64/AUTH_cb248d3efa0243e4965462e374ae45fa/gnocchi.f34d5663-235f-4b91-86d3-8d6427f40fc9/none_v3" 404 70 "GET http://172.18.0.2:8080/v1/AUTH_cb248d3efa0243e4965462e374ae45fa/gnocchi.f34d5663-235f-4b91-86d3-8d6427f40fc9/none_v3" "txfaa33791fd1640fab4d0b-006993279e" "proxy-server 20" 0.0005 "-" 23 0
Feb 16 14:20:14 standalone proxy-server[129810]: 172.18.0.2 172.18.0.100 16/Feb/2026/14/20/14 GET /v1/AUTH_cb248d3efa0243e4965462e374ae45fa/gnocchi.f34d5663-235f-4b91-86d3-8d6427f40fc9/none_v3 HTTP/1.0 404 - python-swiftclient-3.11.1 gAAAAABpkybry4aT... - 70 - txfaa33791fd1640fab4d0b-006993279e - 0.0147 - - 1771251614.496993542 1771251614.511729717 0
Feb 16 14:20:14 standalone account-server[127541]: 172.20.0.100 - - [16/Feb/2026:14:20:14 +0000] "PUT /d1/633/AUTH_cb248d3efa0243e4965462e374ae45fa/gnocchi.f34d5663-235f-4b91-86d3-8d6427f40fc9" 201 - "PUT http://172.20.0.100:6001/d1/33/AUTH_cb248d3efa0243e4965462e374ae45fa/gnocchi.f34d5663-235f-4b91-86d3-8d6427f40fc9" "txbbad4881c4484204aee80-006993279e" "container-server 23" 0.0062 "-" 20 0
Feb 16 14:20:14 standalone container-server[127659]: 172.20.0.100 - - [16/Feb/2026:14:20:14 +0000] "PUT /d1/33/AUTH_cb248d3efa0243e4965462e374ae45fa/gnocchi.f34d5663-235f-4b91-86d3-8d6427f40fc9" 201 - "PUT http://172.18.0.2:8080/v1/AUTH_cb248d3efa0243e4965462e374ae45fa/gnocchi.f34d5663-235f-4b91-86d3-8d6427f40fc9" "txbbad4881c4484204aee80-006993279e" "proxy-server 20" 0.0197 "-" 23 0
Feb 16 14:20:14 standalone proxy-server[129810]: 172.18.0.2 172.18.0.100 16/Feb/2026/14/20/14 PUT /v1/AUTH_cb248d3efa0243e4965462e374ae45fa/gnocchi.f34d5663-235f-4b91-86d3-8d6427f40fc9 HTTP/1.0 201 - python-swiftclient-3.11.1 gAAAAABpkybry4aT... - - - txbbad4881c4484204aee80-006993279e - 0.0265 - - 1771251614.515668392 1771251614.542167902 0
Feb 16 14:20:14 standalone container-server[127639]: 172.20.0.100 - - [16/Feb/2026:14:20:14 +0000] "HEAD /d1/687/AUTH_cb248d3efa0243e4965462e374ae45fa/gnocchi.9ad593e6-5c76-4a17-bd7b-c4d6257fe449" 204 - "HEAD http://172.18.0.2:8080/v1/AUTH_cb248d3efa0243e4965462e374ae45fa/gnocchi.9ad593e6-5c76-4a17-bd7b-c4d6257fe449?format=json&states=listing" "txaa58e3b6ea7945e98580e-006993279e" "proxy-server 20" 0.0025 "-" 21 0
Feb 16 14:20:14 standalone proxy-server[129810]: - - 16/Feb/2026/14/20/14 HEAD /v1/AUTH_cb248d3efa0243e4965462e374ae45fa/gnocchi.9ad593e6-5c76-4a17-bd7b-c4d6257fe449%3Fformat%3Djson%26states%3Dlisting HTTP/1.0 204 - Swift - - - - txaa58e3b6ea7945e98580e-006993279e - 0.0075 RL - 1771251614.548934460 1771251614.556465864 0
Feb 16 14:20:14 standalone container-server[127659]: 172.20.0.100 - - [16/Feb/2026:14:20:14 +0000] "GET /d1/687/AUTH_cb248d3efa0243e4965462e374ae45fa/gnocchi.9ad593e6-5c76-4a17-bd7b-c4d6257fe449" 200 2 "GET http://172.18.0.2:8080/v1/AUTH_cb248d3efa0243e4965462e374ae45fa/gnocchi.9ad593e6-5c76-4a17-bd7b-c4d6257fe449?format=json&states=listing" "txaa58e3b6ea7945e98580e-006993279e" "proxy-server 20" 0.0040 "-" 23 0
