Feb 16 14:20:14 standalone proxy-server[129810]: 172.18.0.2 172.18.0.100 16/Feb/2026/14/20/14 GET /v1/AUTH_cb248d3efa0243e4965462e374ae45fa/gnocchi.9ad593e6-5c76-4a17-bd7b-c4d6257fe449%3Fformat%3Djson%26states%3Dlisting HTTP/1.0 200 - python-swiftclient-3.11.1 gAAAAABpkybry4aT... - 2 - txaa58e3b6ea7945e98580e-006993279e - 0.0202 - - 1771251614.547389746 1771251614.567578316 0
Feb 16 14:20:14 standalone container-server[127659]: 172.20.0.100 - - [16/Feb/2026:14:20:14 +0000] "HEAD /d1/1015/AUTH_cb248d3efa0243e4965462e374ae45fa/gnocchi.a5468f5a-cd5d-4d99-abc7-648bd9886a49" 204 - "HEAD http://172.18.0.2:8080/v1/AUTH_cb248d3efa0243e4965462e374ae45fa/gnocchi.a5468f5a-cd5d-4d99-abc7-648bd9886a49?format=json&states=listing" "txdecd4c2947dd48708ce94-006993279e" "proxy-server 20" 0.0024 "-" 23 0
Feb 16 14:20:14 standalone proxy-server[129810]: - - 16/Feb/2026/14/20/14 HEAD /v1/AUTH_cb248d3efa0243e4965462e374ae45fa/gnocchi.a5468f5a-cd5d-4d99-abc7-648bd9886a49%3Fformat%3Djson%26states%3Dlisting HTTP/1.0 204 - Swift - - - - txdecd4c2947dd48708ce94-006993279e - 0.0051 RL - 1771251614.574084759 1771251614.579225779 0
Feb 16 14:20:14 standalone container-server[127639]: 172.20.0.100 - - [16/Feb/2026:14:20:14 +0000] "GET /d1/1015/AUTH_cb248d3efa0243e4965462e374ae45fa/gnocchi.a5468f5a-cd5d-4d99-abc7-648bd9886a49" 200 2 "GET http://172.18.0.2:8080/v1/AUTH_cb248d3efa0243e4965462e374ae45fa/gnocchi.a5468f5a-cd5d-4d99-abc7-648bd9886a49?format=json&states=listing" "txdecd4c2947dd48708ce94-006993279e" "proxy-server 20" 0.0035 "-" 21 0
Feb 16 14:20:14 standalone proxy-server[129810]: 172.18.0.2 172.18.0.100 16/Feb/2026/14/20/14 GET /v1/AUTH_cb248d3efa0243e4965462e374ae45fa/gnocchi.a5468f5a-cd5d-4d99-abc7-648bd9886a49%3Fformat%3Djson%26states%3Dlisting HTTP/1.0 200 - python-swiftclient-3.11.1 gAAAAABpkybry4aT... - 2 - txdecd4c2947dd48708ce94-006993279e - 0.0141 - - 1771251614.573517799 1771251614.587618828 0
Feb 16 14:20:14 standalone container-server[127659]: 172.20.0.100 - - [16/Feb/2026:14:20:14 +0000] "HEAD /d1/33/AUTH_cb248d3efa0243e4965462e374ae45fa/gnocchi.f34d5663-235f-4b91-86d3-8d6427f40fc9" 204 - "HEAD http://172.18.0.2:8080/v1/AUTH_cb248d3efa0243e4965462e374ae45fa/gnocchi.f34d5663-235f-4b91-86d3-8d6427f40fc9?format=json&states=listing" "tx0c54972800a6472ab65dc-006993279e" "proxy-server 20" 0.0022 "-" 23 0
Feb 16 14:20:14 standalone proxy-server[129810]: - - 16/Feb/2026/14/20/14 HEAD /v1/AUTH_cb248d3efa0243e4965462e374ae45fa/gnocchi.f34d5663-235f-4b91-86d3-8d6427f40fc9%3Fformat%3Djson%26states%3Dlisting HTTP/1.0 204 - Swift - - - - tx0c54972800a6472ab65dc-006993279e - 0.0067 RL - 1771251614.594357729 1771251614.601022720 0
Feb 16 14:20:14 standalone container-server[127635]: 172.20.0.100 - - [16/Feb/2026:14:20:14 +0000] "GET /d1/33/AUTH_cb248d3efa0243e4965462e374ae45fa/gnocchi.f34d5663-235f-4b91-86d3-8d6427f40fc9" 200 2 "GET http://172.18.0.2:8080/v1/AUTH_cb248d3efa0243e4965462e374ae45fa/gnocchi.f34d5663-235f-4b91-86d3-8d6427f40fc9?format=json&states=listing" "tx0c54972800a6472ab65dc-006993279e" "proxy-server 20" 0.0035 "-" 20 0
Feb 16 14:20:14 standalone proxy-server[129810]: 172.18.0.2 172.18.0.100 16/Feb/2026/14/20/14 GET /v1/AUTH_cb248d3efa0243e4965462e374ae45fa/gnocchi.f34d5663-235f-4b91-86d3-8d6427f40fc9%3Fformat%3Djson%26states%3Dlisting HTTP/1.0 200 - python-swiftclient-3.11.1 gAAAAABpkybry4aT... - 2 - tx0c54972800a6472ab65dc-006993279e - 0.0202 - - 1771251614.592955112 1771251614.613125324 0
Feb 16 14:20:14 standalone object-server[127761]: 172.20.0.100 - - [16/Feb/2026:14:20:14 +0000] "GET /d1/157/AUTH_cb248d3efa0243e4965462e374ae45fa/gnocchi.9ad593e6-5c76-4a17-bd7b-c4d6257fe449/1771200000.0_mean_300.0_v3" 404 70 "GET http://172.18.0.2:8080/v1/AUTH_cb248d3efa0243e4965462e374ae45fa/gnocchi.9ad593e6-5c76-4a17-bd7b-c4d6257fe449/1771200000.0_mean_300.0_v3" "txdee116adc74b42cfa974c-006993279e" "proxy-server 20" 0.0005 "-" 23 0
Feb 16 14:20:14 standalone proxy-server[129810]: 172.18.0.2 172.18.0.100 16/Feb/2026/14/20/14 GET /v1/AUTH_cb248d3efa0243e4965462e374ae45fa/gnocchi.9ad593e6-5c76-4a17-bd7b-c4d6257fe449/1771200000.0_mean_300.0_v3 HTTP/1.0 404 - python-swiftclient-3.11.1 gAAAAABpkybry4aT... - 70 - txdee116adc74b42cfa974c-006993279e - 0.0086 - - 1771251614.618032932 1771251614.626591682 0
Feb 16 14:20:14 standalone object-server[127765]: 172.20.0.100 - - [16/Feb/2026:14:20:14 +0000] "GET /d1/46/AUTH_cb248d3efa0243e4965462e374ae45fa/gnocchi.a5468f5a-cd5d-4d99-abc7-648bd9886a49/1771200000.0_mean_300.0_v3" 404 70 "GET http://172.18.0.2:8080/v1/AUTH_cb248d3efa0243e4965462e374ae45fa/gnocchi.a5468f5a-cd5d-4d99-abc7-648bd9886a49/1771200000.0_mean_300.0_v3" "txf61f7a4ab3ce4ec7975f9-006993279e" "proxy-server 20" 0.0005 "-" 25 0
Feb 16 14:20:14 standalone proxy-server[129810]: 172.18.0.2 172.18.0.100 16/Feb/2026/14/20/14 GET /v1/AUTH_cb248d3efa0243e4965462e374ae45fa/gnocchi.a5468f5a-cd5d-4d99-abc7-648bd9886a49/1771200000.0_mean_300.0_v3 HTTP/1.0 404 - python-swiftclient-3.11.1 gAAAAABpkybry4aT... - 70 - txf61f7a4ab3ce4ec7975f9-006993279e - 0.0075 - - 1771251614.630299091 1771251614.637762308 0
Feb 16 14:20:14 standalone object-server[127765]: 172.20.0.100 - - [16/Feb/2026:14:20:14 +0000] "GET /d1/658/AUTH_cb248d3efa0243e4965462e374ae45fa/gnocchi.f34d5663-235f-4b91-86d3-8d6427f40fc9/1771200000.0_mean_300.0_v3" 404 70 "GET http://172.18.0.2:8080/v1/AUTH_cb248d3efa0243e4965462e374ae45fa/gnocchi.f34d5663-235f-4b91-86d3-8d6427f40fc9/1771200000.0_mean_300.0_v3" "tx335ae91f88cd4b949ae33-006993279e" "proxy-server 20" 0.0003 "-" 25 0
Feb 16 14:20:14 standalone proxy-server[129810]: 172.18.0.2 172.18.0.100 16/Feb/2026/14/20/14 GET /v1/AUTH_cb248d3efa0243e4965462e374ae45fa/gnocchi.f34d5663-235f-4b91-86d3-8d6427f40fc9/1771200000.0_mean_300.0_v3 HTTP/1.0 404 - python-swiftclient-3.11.1 gAAAAABpkybry4aT... - 70 - tx335ae91f88cd4b949ae33-006993279e - 0.0067 - - 1771251614.641463757 1771251614.648142576 0
Feb 16 14:20:14 standalone container-server[127635]: 172.20.0.100 - - [16/Feb/2026:14:20:14 +0000] "PUT /d1/687/AUTH_cb248d3efa0243e4965462e374ae45fa/gnocchi.9ad593e6-5c76-4a17-bd7b-c4d6257fe449/1771200000.0_mean_300.0_v3" 201 - "PUT http://172.18.0.2:8080/d1/157/AUTH_cb248d3efa0243e4965462e374ae45fa/gnocchi.9ad593e6-5c76-4a17-bd7b-c4d6257fe449/1771200000.0_mean_300.0_v3" "tx1272e4f0b12e4195a4ef5-006993279e" "object-server 23" 0.0008 "-" 20 0
Feb 16 14:20:14 standalone object-server[127761]: 172.20.0.100 - - [16/Feb/2026:14:20:14 +0000] "PUT /d1/157/AUTH_cb248d3efa0243e4965462e374ae45fa/gnocchi.9ad593e6-5c76-4a17-bd7b-c4d6257fe449/1771200000.0_mean_300.0_v3" 201 - "PUT http://172.18.0.2:8080/v1/AUTH_cb248d3efa0243e4965462e374ae45fa/gnocchi.9ad593e6-5c76-4a17-bd7b-c4d6257fe449/1771200000.0_mean_300.0_v3" "tx1272e4f0b12e4195a4ef5-006993279e" "proxy-server 20" 0.0122 "-" 23 0
Feb 16 14:20:14 standalone proxy-server[129810]: 172.18.0.2 172.18.0.100 16/Feb/2026/14/20/14 PUT /v1/AUTH_cb248d3efa0243e4965462e374ae45fa/gnocchi.9ad593e6-5c76-4a17-bd7b-c4d6257fe449/1771200000.0_mean_300.0_v3 HTTP/1.0 201 - python-swiftclient-3.11.1 gAAAAABpkybry4aT... 16 - - tx1272e4f0b12e4195a4ef5-006993279e - 0.0198 - - 1771251614.652481079 1771251614.672236204 0
Feb 16 14:20:14 standalone container-server[127635]: 172.20.0.100 - - [16/Feb/2026:14:20:14 +0000] "PUT /d1/1015/AUTH_cb248d3efa0243e4965462e374ae45fa/gnocchi.a5468f5a-cd5d-4d99-abc7-648bd9886a49/1771200000.0_mean_300.0_v3" 201 - "PUT http://172.18.0.2:8080/d1/46/AUTH_cb248d3efa0243e4965462e374ae45fa/gnocchi.a5468f5a-cd5d-4d99-abc7-648bd9886a49/1771200000.0_mean_300.0_v3" "tx9799a9c31c474b68b5e02-006993279e" "object-server 22" 0.0007 "-" 20 0
Feb 16 14:20:14 standalone object-server[127760]: 172.20.0.100 - - [16/Feb/2026:14:20:14 +0000] "PUT /d1/46/AUTH_cb248d3efa0243e4965462e374ae45fa/gnocchi.a5468f5a-cd5d-4d99-abc7-648bd9886a49/1771200000.0_mean_300.0_v3" 201 - "PUT http://172.18.0.2:8080/v1/AUTH_cb248d3efa0243e4965462e374ae45fa/gnocchi.a5468f5a-cd5d-4d99-abc7-648bd9886a49/1771200000.0_mean_300.0_v3" "tx9799a9c31c474b68b5e02-006993279e" "proxy-server 20" 0.0108 "-" 22 0
Feb 16 14:20:14 standalone proxy-server[129810]: 172.18.0.2 172.18.0.100 16/Feb/2026/14/20/14 PUT /v1/AUTH_cb248d3efa0243e4965462e374ae45fa/gnocchi.a5468f5a-cd5d-4d99-abc7-648bd9886a49/1771200000.0_mean_300.0_v3 HTTP/1.0 201 - python-swiftclient-3.11.1 gAAAAABpkybry4aT... 16 - - tx9799a9c31c474b68b5e02-006993279e - 0.0187 - - 1771251614.676146984 1771251614.694881201 0
Feb 16 14:20:14 standalone container-server[127639]: 172.20.0.100 - - [16/Feb/2026:14:20:14 +0000] "PUT /d1/33/AUTH_cb248d3efa0243e4965462e374ae45fa/gnocchi.f34d5663-235f-4b91-86d3-8d6427f40fc9/1771200000.0_mean_300.0_v3" 201 - "PUT http://172.18.0.2:8080/d1/658/AUTH_cb248d3efa0243e4965462e374ae45fa/gnocchi.f34d5663-235f-4b91-86d3-8d6427f40fc9/1771200000.0_mean_300.0_v3" "txeec29221c9ee47d6b6dcc-006993279e" "object-server 22" 0.0008 "-" 21 0
Feb 16 14:20:14 standalone object-server[127760]: 172.20.0.100 - - [16/Feb/2026:14:20:14 +0000] "PUT /d1/658/AUTH_cb248d3efa0243e4965462e374ae45fa/gnocchi.f34d5663-235f-4b91-86d3-8d6427f40fc9/1771200000.0_mean_300.0_v3" 201 - "PUT http://172.18.0.2:8080/v1/AUTH_cb248d3efa0243e4965462e374ae45fa/gnocchi.f34d5663-235f-4b91-86d3-8d6427f40fc9/1771200000.0_mean_300.0_v3" "txeec29221c9ee47d6b6dcc-006993279e" "proxy-server 20" 0.0106 "-" 22 0
Feb 16 14:20:14 standalone proxy-server[129810]: 172.18.0.2 172.18.0.100 16/Feb/2026/14/20/14 PUT /v1/AUTH_cb248d3efa0243e4965462e374ae45fa/gnocchi.f34d5663-235f-4b91-86d3-8d6427f40fc9/1771200000.0_mean_300.0_v3 HTTP/1.0 201 - python-swiftclient-3.11.1 gAAAAABpkybry4aT... 16 - - txeec29221c9ee47d6b6dcc-006993279e - 0.0199 - - 1771251614.699397564 1771251614.719289064 0
Feb 16 14:20:14 standalone container-server[127639]: 172.20.0.100 - - [16/Feb/2026:14:20:14 +0000] "PUT /d1/687/AUTH_cb248d3efa0243e4965462e374ae45fa/gnocchi.9ad593e6-5c76-4a17-bd7b-c4d6257fe449/none_v3" 201 - "PUT http://172.18.0.2:8080/d1/102/AUTH_cb248d3efa0243e4965462e374ae45fa/gnocchi.9ad593e6-5c76-4a17-bd7b-c4d6257fe449/none_v3" "tx6ff61290f6f34de3b733b-006993279e" "object-server 25" 0.0008 "-" 21 0
Feb 16 14:20:14 standalone object-server[127765]: 172.20.0.100 - - [16/Feb/2026:14:20:14 +0000] "PUT /d1/102/AUTH_cb248d3efa0243e4965462e374ae45fa/gnocchi.9ad593e6-5c76-4a17-bd7b-c4d6257fe449/none_v3" 201 - "PUT http://172.18.0.2:8080/v1/AUTH_cb248d3efa0243e4965462e374ae45fa/gnocchi.9ad593e6-5c76-4a17-bd7b-c4d6257fe449/none_v3" "tx6ff61290f6f34de3b733b-006993279e" "proxy-server 20" 0.0101 "-" 25 0
Feb 16 14:20:14 standalone proxy-server[129810]: 172.18.0.2 172.18.0.100 16/Feb/2026/14/20/14 PUT /v1/AUTH_cb248d3efa0243e4965462e374ae45fa/gnocchi.9ad593e6-5c76-4a17-bd7b-c4d6257fe449/none_v3 HTTP/1.0 201 - python-swiftclient-3.11.1 gAAAAABpkybry4aT... 22 - - tx6ff61290f6f34de3b733b-006993279e - 0.0252 - - 1771251614.723650217 1771251614.748855352 0
Feb 16 14:20:14 standalone container-server[127659]: 172.20.0.100 - - [16/Feb/2026:14:20:14 +0000] "PUT /d1/1015/AUTH_cb248d3efa0243e4965462e374ae45fa/gnocchi.a5468f5a-cd5d-4d99-abc7-648bd9886a49/none_v3" 201 - "PUT http://172.18.0.2:8080/d1/67/AUTH_cb248d3efa0243e4965462e374ae45fa/gnocchi.a5468f5a-cd5d-4d99-abc7-648bd9886a49/none_v3" "tx27498803054246cc81f7c-006993279e" "object-server 22" 0.0009 "-" 23 0
Feb 16 14:20:14 standalone object-server[127760]: 172.20.0.100 - - [16/Feb/2026:14:20:14 +0000] "PUT /d1/67/AUTH_cb248d3efa0243e4965462e374ae45fa/gnocchi.a5468f5a-cd5d-4d99-abc7-648bd9886a49/none_v3" 201 - "PUT http://172.18.0.2:8080/v1/AUTH_cb248d3efa0243e4965462e374ae45fa/gnocchi.a5468f5a-cd5d-4d99-abc7-648bd9886a49/none_v3" "tx27498803054246cc81f7c-006993279e" "proxy-server 20" 0.0132 "-" 22 0
Feb 16 14:20:14 standalone proxy-server[129810]: 172.18.0.2 172.18.0.100 16/Feb/2026/14/20/14 PUT /v1/AUTH_cb248d3efa0243e4965462e374ae45fa/gnocchi.a5468f5a-cd5d-4d99-abc7-648bd9886a49/none_v3 HTTP/1.0 201 - python-swiftclient-3.11.1 gAAAAABpkybry4aT... 22 - - tx27498803054246cc81f7c-006993279e - 0.0227 - - 1771251614.753303528 1771251614.775958061 0
Feb 16 14:20:14 standalone container-server[127635]: 172.20.0.100 - - [16/Feb/2026:14:20:14 +0000] "PUT /d1/33/AUTH_cb248d3efa0243e4965462e374ae45fa/gnocchi.f34d5663-235f-4b91-86d3-8d6427f40fc9/none_v3" 201 - "PUT http://172.18.0.2:8080/d1/64/AUTH_cb248d3efa0243e4965462e374ae45fa/gnocchi.f34d5663-235f-4b91-86d3-8d6427f40fc9/none_v3" "tx033af8aaa7ba4c589232b-006993279e" "object-server 22" 0.0009 "-" 20 0
Feb 16 14:20:14 standalone object-server[127760]: 172.20.0.100 - - [16/Feb/2026:14:20:14 +0000] "PUT /d1/64/AUTH_cb248d3efa0243e4965462e374ae45fa/gnocchi.f34d5663-235f-4b91-86d3-8d6427f40fc9/none_v3" 201 - "PUT http://172.18.0.2:8080/v1/AUTH_cb248d3efa0243e4965462e374ae45fa/gnocchi.f34d5663-235f-4b91-86d3-8d6427f40fc9/none_v3" "tx033af8aaa7ba4c589232b-006993279e" "proxy-server 20" 0.0108 "-" 22 0
Feb 16 14:20:14 standalone proxy-server[129810]: 172.18.0.2 172.18.0.100 16/Feb/2026/14/20/14 PUT /v1/AUTH_cb248d3efa0243e4965462e374ae45fa/gnocchi.f34d5663-235f-4b91-86d3-8d6427f40fc9/none_v3 HTTP/1.0 201 - python-swiftclient-3.11.1 gAAAAABpkybry4aT... 22 - - tx033af8aaa7ba4c589232b-006993279e - 0.0178 - - 1771251614.780428171 1771251614.798264265 0
Feb 16 14:20:14 standalone container-server[127635]: 172.20.0.100 - - [16/Feb/2026:14:20:14 +0000] "HEAD /d1/938/AUTH_cb248d3efa0243e4965462e374ae45fa/gnocchi.bf99a62e-501f-479c-bbaa-29f714d1d455" 404 - "HEAD http://172.18.0.2:8080/v1/AUTH_cb248d3efa0243e4965462e374ae45fa/gnocchi.bf99a62e-501f-479c-bbaa-29f714d1d455?format=json&states=listing" "tx1debd5931ac34b0eacbcd-006993279e" "proxy-server 20" 0.0005 "-" 20 0
Feb 16 14:20:14 standalone object-server[127765]: 172.20.0.100 - - [16/Feb/2026:14:20:14 +0000] "GET /d1/135/AUTH_cb248d3efa0243e4965462e374ae45fa/gnocchi.bf99a62e-501f-479c-bbaa-29f714d1d455/none_v3" 404 70 "GET http://172.18.0.2:8080/v1/AUTH_cb248d3efa0243e4965462e374ae45fa/gnocchi.bf99a62e-501f-479c-bbaa-29f714d1d455/none_v3" "tx1debd5931ac34b0eacbcd-006993279e" "proxy-server 20" 0.0006 "-" 25 0
Feb 16 14:20:14 standalone proxy-server[129810]: 172.18.0.2 172.18.0.100 16/Feb/2026/14/20/14 GET /v1/AUTH_cb248d3efa0243e4965462e374ae45fa/gnocchi.bf99a62e-501f-479c-bbaa-29f714d1d455/none_v3 HTTP/1.0 404 - python-swiftclient-3.11.1 gAAAAABpkybry4aT... - 70 - tx1debd5931ac34b0eacbcd-006993279e - 0.0133 - - 1771251614.830853701 1771251614.844164610 0
Feb 16 14:20:14 standalone account-server[127518]: 172.20.0.100 - - [16/Feb/2026:14:20:14 +0000] "PUT /d1/633/AUTH_cb248d3efa0243e4965462e374ae45fa/gnocchi.bf99a62e-501f-479c-bbaa-29f714d1d455" 201 - "PUT http://172.20.0.100:6001/d1/938/AUTH_cb248d3efa0243e4965462e374ae45fa/gnocchi.bf99a62e-501f-479c-bbaa-29f714d1d455" "tx8aa27d77886d457a8f418-006993279e" "container-server 21" 0.0058 "-" 19 0
Feb 16 14:20:14 standalone container-server[127639]: 172.20.0.100 - - [16/Feb/2026:14:20:14 +0000] "PUT /d1/938/AUTH_cb248d3efa0243e4965462e374ae45fa/gnocchi.bf99a62e-501f-479c-bbaa-29f714d1d455" 201 - "PUT http://172.18.0.2:8080/v1/AUTH_cb248d3efa0243e4965462e374ae45fa/gnocchi.bf99a62e-501f-479c-bbaa-29f714d1d455" "tx8aa27d77886d457a8f418-006993279e" "proxy-server 20" 0.0201 "-" 21 0
Feb 16 14:20:14 standalone proxy-server[129810]: 172.18.0.2 172.18.0.100 16/Feb/2026/14/20/14 PUT /v1/AUTH_cb248d3efa0243e4965462e374ae45fa/gnocchi.bf99a62e-501f-479c-bbaa-29f714d1d455 HTTP/1.0 201 - python-swiftclient-3.11.1 gAAAAABpkybry4aT... - - - tx8aa27d77886d457a8f418-006993279e - 0.0265 - - 1771251614.847897291 1771251614.874397516 0
Feb 16 14:20:14 standalone container-server[127635]: 172.20.0.100 - - [16/Feb/2026:14:20:14 +0000] "HEAD /d1/938/AUTH_cb248d3efa0243e4965462e374ae45fa/gnocchi.bf99a62e-501f-479c-bbaa-29f714d1d455" 204 - "HEAD http://172.18.0.2:8080/v1/AUTH_cb248d3efa0243e4965462e374ae45fa/gnocchi.bf99a62e-501f-479c-bbaa-29f714d1d455?format=json&states=listing" "tx51588147afee4ae1aa2f9-006993279e" "proxy-server 20" 0.0026 "-" 20 0
Feb 16 14:20:14 standalone proxy-server[129810]: - - 16/Feb/2026/14/20/14 HEAD /v1/AUTH_cb248d3efa0243e4965462e374ae45fa/gnocchi.bf99a62e-501f-479c-bbaa-29f714d1d455%3Fformat%3Djson%26states%3Dlisting HTTP/1.0 204 - Swift - - - - tx51588147afee4ae1aa2f9-006993279e - 0.0079 RL - 1771251614.880357265 1771251614.888265371 0
Feb 16 14:20:14 standalone container-server[127635]: 172.20.0.100 - - [16/Feb/2026:14:20:14 +0000] "GET /d1/938/AUTH_cb248d3efa0243e4965462e374ae45fa/gnocchi.bf99a62e-501f-479c-bbaa-29f714d1d455" 200 2 "GET http://172.18.0.2:8080/v1/AUTH_cb248d3efa0243e4965462e374ae45fa/gnocchi.bf99a62e-501f-479c-bbaa-29f714d1d455?format=json&states=listing" "tx51588147afee4ae1aa2f9-006993279e" "proxy-server 20" 0.0034 "-" 20 0
Feb 16 14:20:14 standalone proxy-server[129810]: 172.18.0.2 172.18.0.100 16/Feb/2026/14/20/14 GET /v1/AUTH_cb248d3efa0243e4965462e374ae45fa/gnocchi.bf99a62e-501f-479c-bbaa-29f714d1d455%3Fformat%3Djson%26states%3Dlisting HTTP/1.0 200 - python-swiftclient-3.11.1 gAAAAABpkybry4aT... - 2 - tx51588147afee4ae1aa2f9-006993279e - 0.0206 - - 1771251614.879024029 1771251614.899607182 0
Feb 16 14:20:14 standalone object-server[127760]: 172.20.0.100 - - [16/Feb/2026:14:20:14 +0000] "GET /d1/719/AUTH_cb248d3efa0243e4965462e374ae45fa/gnocchi.bf99a62e-501f-479c-bbaa-29f714d1d455/1771200000.0_mean_300.0_v3" 404 70 "GET http://172.18.0.2:8080/v1/AUTH_cb248d3efa0243e4965462e374ae45fa/gnocchi.bf99a62e-501f-479c-bbaa-29f714d1d455/1771200000.0_mean_300.0_v3" "tx09329ef620914ea3b1782-006993279e" "proxy-server 20" 0.0006 "-" 22 0
Feb 16 14:20:14 standalone proxy-server[129810]: 172.18.0.2 172.18.0.100 16/Feb/2026/14/20/14 GET /v1/AUTH_cb248d3efa0243e4965462e374ae45fa/gnocchi.bf99a62e-501f-479c-bbaa-29f714d1d455/1771200000.0_mean_300.0_v3 HTTP/1.0 404 - python-swiftclient-3.11.1 gAAAAABpkybry4aT... - 70 - tx09329ef620914ea3b1782-006993279e - 0.0080 - - 1771251614.904587984 1771251614.912588358 0
Feb 16 14:20:14 standalone container-server[127635]: 172.20.0.100 - - [16/Feb/2026:14:20:14 +0000] "PUT /d1/938/AUTH_cb248d3efa0243e4965462e374ae45fa/gnocchi.bf99a62e-501f-479c-bbaa-29f714d1d455/1771200000.0_mean_300.0_v3" 201 - "PUT http://172.18.0.2:8080/d1/719/AUTH_cb248d3efa0243e4965462e374ae45fa/gnocchi.bf99a62e-501f-479c-bbaa-29f714d1d455/1771200000.0_mean_300.0_v3" "tx32ca90e99f6645898dea3-006993279e" "object-server 23" 0.0008 "-" 20 0
Feb 16 14:20:14 standalone object-server[127761]: 172.20.0.100 - - [16/Feb/2026:14:20:14 +0000] "PUT /d1/719/AUTH_cb248d3efa0243e4965462e374ae45fa/gnocchi.bf99a62e-501f-479c-bbaa-29f714d1d455/1771200000.0_mean_300.0_v3" 201 - "PUT http://172.18.0.2:8080/v1/AUTH_cb248d3efa0243e4965462e374ae45fa/gnocchi.bf99a62e-501f-479c-bbaa-29f714d1d455/1771200000.0_mean_300.0_v3" "tx32ca90e99f6645898dea3-006993279e" "proxy-server 20" 0.0148 "-" 23 0
Feb 16 14:20:14 standalone proxy-server[129810]: 172.18.0.2 172.18.0.100 16/Feb/2026/14/20/14 PUT /v1/AUTH_cb248d3efa0243e4965462e374ae45fa/gnocchi.bf99a62e-501f-479c-bbaa-29f714d1d455/1771200000.0_mean_300.0_v3 HTTP/1.0 201 - python-swiftclient-3.11.1 gAAAAABpkybry4aT... 16 - - tx32ca90e99f6645898dea3-006993279e - 0.0226 - - 1771251614.916416168 1771251614.938994884 0
Feb 16 14:20:14 standalone container-server[127639]: 172.20.0.100 - - [16/Feb/2026:14:20:14 +0000] "PUT /d1/938/AUTH_cb248d3efa0243e4965462e374ae45fa/gnocchi.bf99a62e-501f-479c-bbaa-29f714d1d455/none_v3" 201 - "PUT http://172.18.0.2:8080/d1/135/AUTH_cb248d3efa0243e4965462e374ae45fa/gnocchi.bf99a62e-501f-479c-bbaa-29f714d1d455/none_v3" "tx55b8d102d6fe4844a5a27-006993279e" "object-server 22" 0.0011 "-" 21 0
Feb 16 14:20:14 standalone object-server[127760]: 172.20.0.100 - - [16/Feb/2026:14:20:14 +0000] "PUT /d1/135/AUTH_cb248d3efa0243e4965462e374ae45fa/gnocchi.bf99a62e-501f-479c-bbaa-29f714d1d455/none_v3" 201 - "PUT http://172.18.0.2:8080/v1/AUTH_cb248d3efa0243e4965462e374ae45fa/gnocchi.bf99a62e-501f-479c-bbaa-29f714d1d455/none_v3" "tx55b8d102d6fe4844a5a27-006993279e" "proxy-server 20" 0.0136 "-" 22 0
Feb 16 14:20:14 standalone proxy-server[129810]: 172.18.0.2 172.18.0.100 16/Feb/2026/14/20/14 PUT /v1/AUTH_cb248d3efa0243e4965462e374ae45fa/gnocchi.bf99a62e-501f-479c-bbaa-29f714d1d455/none_v3 HTTP/1.0 201 - python-swiftclient-3.11.1 gAAAAABpkybry4aT... 22 - - tx55b8d102d6fe4844a5a27-006993279e - 0.0211 - - 1771251614.942954063 1771251614.964084387 0
Feb 16 14:20:14 standalone container-server[127653]: 172.20.0.100 - - [16/Feb/2026:14:20:14 +0000] "HEAD /d1/152/AUTH_cb248d3efa0243e4965462e374ae45fa/gnocchi.00668339-5738-4a29-a571-618a75fab159" 404 - "HEAD http://172.18.0.2:8080/v1/AUTH_cb248d3efa0243e4965462e374ae45fa/gnocchi.00668339-5738-4a29-a571-618a75fab159?format=json&states=listing" "txd2feb60047af4175ae636-006993279e" "proxy-server 20" 0.0008 "-" 22 0
Feb 16 14:20:15 standalone object-server[127761]: 172.20.0.100 - - [16/Feb/2026:14:20:15 +0000] "GET /d1/713/AUTH_cb248d3efa0243e4965462e374ae45fa/gnocchi.00668339-5738-4a29-a571-618a75fab159/none_v3" 404 70 "GET http://172.18.0.2:8080/v1/AUTH_cb248d3efa0243e4965462e374ae45fa/gnocchi.00668339-5738-4a29-a571-618a75fab159/none_v3" "txd2feb60047af4175ae636-006993279e" "proxy-server 20" 0.0005 "-" 23 0
Feb 16 14:20:15 standalone proxy-server[129810]: 172.18.0.2 172.18.0.100 16/Feb/2026/14/20/15 GET /v1/AUTH_cb248d3efa0243e4965462e374ae45fa/gnocchi.00668339-5738-4a29-a571-618a75fab159/none_v3 HTTP/1.0 404 - python-swiftclient-3.11.1 gAAAAABpkybry4aT... - 70 - txd2feb60047af4175ae636-006993279e - 0.0142 - - 1771251614.990162134 1771251615.004324913 0
Feb 16 14:20:15 standalone account-server[127541]: 172.20.0.100 - - [16/Feb/2026:14:20:15 +0000] "PUT /d1/633/AUTH_cb248d3efa0243e4965462e374ae45fa/gnocchi.00668339-5738-4a29-a571-618a75fab159" 201 - "PUT http://172.20.0.100:6001/d1/152/AUTH_cb248d3efa0243e4965462e374ae45fa/gnocchi.00668339-5738-4a29-a571-618a75fab159" "tx6c4cff1e2d8a48d483467-006993279f" "container-server 23" 0.0063 "-" 20 0
Feb 16 14:20:15 standalone container-server[127659]: 172.20.0.100 - - [16/Feb/2026:14:20:15 +0000] "PUT /d1/152/AUTH_cb248d3efa0243e4965462e374ae45fa/gnocchi.00668339-5738-4a29-a571-618a75fab159" 201 - "PUT http://172.18.0.2:8080/v1/AUTH_cb248d3efa0243e4965462e374ae45fa/gnocchi.00668339-5738-4a29-a571-618a75fab159" "tx6c4cff1e2d8a48d483467-006993279f" "proxy-server 20" 0.0218 "-" 23 0
Feb 16 14:20:15 standalone proxy-server[129810]: 172.18.0.2 172.18.0.100 16/Feb/2026/14/20/15 PUT /v1/AUTH_cb248d3efa0243e4965462e374ae45fa/gnocchi.00668339-5738-4a29-a571-618a75fab159 HTTP/1.0 201 - python-swiftclient-3.11.1 gAAAAABpkybry4aT... - - - tx6c4cff1e2d8a48d483467-006993279f - 0.0275 - - 1771251615.009812832 1771251615.037273169 0
Feb 16 14:20:15 standalone container-server[127659]: 172.20.0.100 - - [16/Feb/2026:14:20:15 +0000] "HEAD /d1/560/AUTH_cb248d3efa0243e4965462e374ae45fa/gnocchi.a05cbd11-966d-414b-b9ad-cc213e1603d9" 404 - "HEAD http://172.18.0.2:8080/v1/AUTH_cb248d3efa0243e4965462e374ae45fa/gnocchi.a05cbd11-966d-414b-b9ad-cc213e1603d9?format=json&states=listing" "tx659707c9c7654b6f9ae41-006993279f" "proxy-server 20" 0.0005 "-" 23 0
Feb 16 14:20:15 standalone object-server[127765]: 172.20.0.100 - - [16/Feb/2026:14:20:15 +0000] "GET /d1/245/AUTH_cb248d3efa0243e4965462e374ae45fa/gnocchi.a05cbd11-966d-414b-b9ad-cc213e1603d9/none_v3" 404 70 "GET http://172.18.0.2:8080/v1/AUTH_cb248d3efa0243e4965462e374ae45fa/gnocchi.a05cbd11-966d-414b-b9ad-cc213e1603d9/none_v3" "tx659707c9c7654b6f9ae41-006993279f" "proxy-server 20" 0.0004 "-" 25 0
Feb 16 14:20:15 standalone proxy-server[129810]: 172.18.0.2 172.18.0.100 16/Feb/2026/14/20/15 GET /v1/AUTH_cb248d3efa0243e4965462e374ae45fa/gnocchi.a05cbd11-966d-414b-b9ad-cc213e1603d9/none_v3 HTTP/1.0 404 - python-swiftclient-3.11.1 gAAAAABpkybry4aT... - 70 - tx659707c9c7654b6f9ae41-006993279f - 0.0094 - - 1771251615.041100264 1771251615.050505877 0
Feb 16 14:20:15 standalone account-server[127492]: 172.20.0.100 - - [16/Feb/2026:14:20:15 +0000] "PUT /d1/633/AUTH_cb248d3efa0243e4965462e374ae45fa/gnocchi.a05cbd11-966d-414b-b9ad-cc213e1603d9" 201 - "PUT http://172.20.0.100:6001/d1/560/AUTH_cb248d3efa0243e4965462e374ae45fa/gnocchi.a05cbd11-966d-414b-b9ad-cc213e1603d9" "tx92caa91a8f274ba2b6e71-006993279f" "container-server 23" 0.0080 "-" 14 0
Feb 16 14:20:15 standalone container-server[127659]: 172.20.0.100 - - [16/Feb/2026:14:20:15 +0000] "PUT /d1/560/AUTH_cb248d3efa0243e4965462e374ae45fa/gnocchi.a05cbd11-966d-414b-b9ad-cc213e1603d9" 201 - "PUT http://172.18.0.2:8080/v1/AUTH_cb248d3efa0243e4965462e374ae45fa/gnocchi.a05cbd11-966d-414b-b9ad-cc213e1603d9" "tx92caa91a8f274ba2b6e71-006993279f" "proxy-server 20" 0.0206 "-" 23 0
Feb 16 14:20:15 standalone proxy-server[129810]: 172.18.0.2 172.18.0.100 16/Feb/2026/14/20/15 PUT /v1/AUTH_cb248d3efa0243e4965462e374ae45fa/gnocchi.a05cbd11-966d-414b-b9ad-cc213e1603d9 HTTP/1.0 201 - python-swiftclient-3.11.1 gAAAAABpkybry4aT... - - - tx92caa91a8f274ba2b6e71-006993279f - 0.0268 - - 1771251615.053356886 1771251615.080129862 0
Feb 16 14:20:15 standalone container-server[127635]: 172.20.0.100 - - [16/Feb/2026:14:20:15 +0000] "HEAD /d1/152/AUTH_cb248d3efa0243e4965462e374ae45fa/gnocchi.00668339-5738-4a29-a571-618a75fab159" 204 - "HEAD http://172.18.0.2:8080/v1/AUTH_cb248d3efa0243e4965462e374ae45fa/gnocchi.00668339-5738-4a29-a571-618a75fab159?format=json&states=listing" "tx8eaa5b212d894a3f910de-006993279f" "proxy-server 20" 0.0017 "-" 20 0
Feb 16 14:20:15 standalone proxy-server[129810]: - - 16/Feb/2026/14/20/15 HEAD /v1/AUTH_cb248d3efa0243e4965462e374ae45fa/gnocchi.00668339-5738-4a29-a571-618a75fab159%3Fformat%3Djson%26states%3Dlisting HTTP/1.0 204 - Swift - - - - tx8eaa5b212d894a3f910de-006993279f - 0.0053 RL - 1771251615.085035801 1771251615.090297461 0
Feb 16 14:20:15 standalone container-server[127653]: 172.20.0.100 - - [16/Feb/2026:14:20:15 +0000] "GET /d1/152/AUTH_cb248d3efa0243e4965462e374ae45fa/gnocchi.00668339-5738-4a29-a571-618a75fab159" 200 2 "GET http://172.18.0.2:8080/v1/AUTH_cb248d3efa0243e4965462e374ae45fa/gnocchi.00668339-5738-4a29-a571-618a75fab159?format=json&states=listing" "tx8eaa5b212d894a3f910de-006993279f" "proxy-server 20" 0.0037 "-" 22 0
Feb 16 14:20:15 standalone proxy-server[129810]: 172.18.0.2 172.18.0.100 16/Feb/2026/14/20/15 GET /v1/AUTH_cb248d3efa0243e4965462e374ae45fa/gnocchi.00668339-5738-4a29-a571-618a75fab159%3Fformat%3Djson%26states%3Dlisting HTTP/1.0 200 - python-swiftclient-3.11.1 gAAAAABpkybry4aT... - 2 - tx8eaa5b212d894a3f910de-006993279f - 0.0198 - - 1771251615.083949327 1771251615.103779078 0
Feb 16 14:20:15 standalone container-server[127639]: 172.20.0.100 - - [16/Feb/2026:14:20:15 +0000] "HEAD /d1/560/AUTH_cb248d3efa0243e4965462e374ae45fa/gnocchi.a05cbd11-966d-414b-b9ad-cc213e1603d9" 204 - "HEAD http://172.18.0.2:8080/v1/AUTH_cb248d3efa0243e4965462e374ae45fa/gnocchi.a05cbd11-966d-414b-b9ad-cc213e1603d9?format=json&states=listing" "txaf1d21583dbf4b4499220-006993279f" "proxy-server 20" 0.0017 "-" 21 0
Feb 16 14:20:15 standalone proxy-server[129810]: - - 16/Feb/2026/14/20/15 HEAD /v1/AUTH_cb248d3efa0243e4965462e374ae45fa/gnocchi.a05cbd11-966d-414b-b9ad-cc213e1603d9%3Fformat%3Djson%26states%3Dlisting HTTP/1.0 204 - Swift - - - - txaf1d21583dbf4b4499220-006993279f - 0.0051 RL - 1771251615.116957664 1771251615.122085571 0
Feb 16 14:20:15 standalone container-server[127635]: 172.20.0.100 - - [16/Feb/2026:14:20:15 +0000] "GET /d1/560/AUTH_cb248d3efa0243e4965462e374ae45fa/gnocchi.a05cbd11-966d-414b-b9ad-cc213e1603d9" 200 2 "GET http://172.18.0.2:8080/v1/AUTH_cb248d3efa0243e4965462e374ae45fa/gnocchi.a05cbd11-966d-414b-b9ad-cc213e1603d9?format=json&states=listing" "txaf1d21583dbf4b4499220-006993279f" "proxy-server 20" 0.0022 "-" 20 0
Feb 16 14:20:15 standalone proxy-server[129810]: 172.18.0.2 172.18.0.100 16/Feb/2026/14/20/15 GET /v1/AUTH_cb248d3efa0243e4965462e374ae45fa/gnocchi.a05cbd11-966d-414b-b9ad-cc213e1603d9%3Fformat%3Djson%26states%3Dlisting HTTP/1.0 200 - python-swiftclient-3.11.1 gAAAAABpkybry4aT... - 2 - txaf1d21583dbf4b4499220-006993279f - 0.0144 - - 1771251615.115955114 1771251615.130359888 0
Feb 16 14:20:15 standalone object-server[127761]: 172.20.0.100 - - [16/Feb/2026:14:20:15 +0000] "GET /d1/132/AUTH_cb248d3efa0243e4965462e374ae45fa/gnocchi.00668339-5738-4a29-a571-618a75fab159/1771200000.0_mean_300.0_v3" 404 70 "GET http://172.18.0.2:8080/v1/AUTH_cb248d3efa0243e4965462e374ae45fa/gnocchi.00668339-5738-4a29-a571-618a75fab159/1771200000.0_mean_300.0_v3" "tx9c703422e0e64e8eb4aeb-006993279f" "proxy-server 20" 0.0006 "-" 23 0
Feb 16 14:20:15 standalone proxy-server[129810]: 172.18.0.2 172.18.0.100 16/Feb/2026/14/20/15 GET /v1/AUTH_cb248d3efa0243e4965462e374ae45fa/gnocchi.00668339-5738-4a29-a571-618a75fab159/1771200000.0_mean_300.0_v3 HTTP/1.0 404 - python-swiftclient-3.11.1 gAAAAABpkybry4aT... - 70 - tx9c703422e0e64e8eb4aeb-006993279f - 0.0091 - - 1771251615.134235144 1771251615.143304348 0
Feb 16 14:20:15 standalone object-server[127765]: 172.20.0.100 - - [16/Feb/2026:14:20:15 +0000] "GET /d1/803/AUTH_cb248d3efa0243e4965462e374ae45fa/gnocchi.a05cbd11-966d-414b-b9ad-cc213e1603d9/1771200000.0_mean_300.0_v3" 404 70 "GET http://172.18.0.2:8080/v1/AUTH_cb248d3efa0243e4965462e374ae45fa/gnocchi.a05cbd11-966d-414b-b9ad-cc213e1603d9/1771200000.0_mean_300.0_v3" "tx1f0b7ac290ab4f32894f8-006993279f" "proxy-server 20" 0.0004 "-" 25 0
Feb 16 14:20:15 standalone proxy-server[129810]: 172.18.0.2 172.18.0.100 16/Feb/2026/14/20/15 GET /v1/AUTH_cb248d3efa0243e4965462e374ae45fa/gnocchi.a05cbd11-966d-414b-b9ad-cc213e1603d9/1771200000.0_mean_300.0_v3 HTTP/1.0 404 - python-swiftclient-3.11.1 gAAAAABpkybry4aT... - 70 - tx1f0b7ac290ab4f32894f8-006993279f - 0.0070 - - 1771251615.146457434 1771251615.153414488 0
Feb 16 14:20:15 standalone container-server[127635]: 172.20.0.100 - - [16/Feb/2026:14:20:15 +0000] "PUT /d1/152/AUTH_cb248d3efa0243e4965462e374ae45fa/gnocchi.00668339-5738-4a29-a571-618a75fab159/1771200000.0_mean_300.0_v3" 201 - "PUT http://172.18.0.2:8080/d1/132/AUTH_cb248d3efa0243e4965462e374ae45fa/gnocchi.00668339-5738-4a29-a571-618a75fab159/1771200000.0_mean_300.0_v3" "txc9769b902ba145b694f23-006993279f" "object-server 23" 0.0006 "-" 20 0
Feb 16 14:20:15 standalone object-server[127761]: 172.20.0.100 - - [16/Feb/2026:14:20:15 +0000] "PUT /d1/132/AUTH_cb248d3efa0243e4965462e374ae45fa/gnocchi.00668339-5738-4a29-a571-618a75fab159/1771200000.0_mean_300.0_v3" 201 - "PUT http://172.18.0.2:8080/v1/AUTH_cb248d3efa0243e4965462e374ae45fa/gnocchi.00668339-5738-4a29-a571-618a75fab159/1771200000.0_mean_300.0_v3" "txc9769b902ba145b694f23-006993279f" "proxy-server 20" 0.0121 "-" 23 0
Feb 16 14:20:15 standalone proxy-server[129810]: 172.18.0.2 172.18.0.100 16/Feb/2026/14/20/15 PUT /v1/AUTH_cb248d3efa0243e4965462e374ae45fa/gnocchi.00668339-5738-4a29-a571-618a75fab159/1771200000.0_mean_300.0_v3 HTTP/1.0 201 - python-swiftclient-3.11.1 gAAAAABpkybry4aT... 16 - - txc9769b902ba145b694f23-006993279f - 0.0190 - - 1771251615.157494307 1771251615.176518679 0
Feb 16 14:20:15 standalone container-server[127659]: 172.20.0.100 - - [16/Feb/2026:14:20:15 +0000] "PUT /d1/560/AUTH_cb248d3efa0243e4965462e374ae45fa/gnocchi.a05cbd11-966d-414b-b9ad-cc213e1603d9/1771200000.0_mean_300.0_v3" 201 - "PUT http://172.18.0.2:8080/d1/803/AUTH_cb248d3efa0243e4965462e374ae45fa/gnocchi.a05cbd11-966d-414b-b9ad-cc213e1603d9/1771200000.0_mean_300.0_v3" "tx76773ca17f4740268ea08-006993279f" "object-server 24" 0.0007 "-" 23 0
Feb 16 14:20:15 standalone object-server[127764]: 172.20.0.100 - - [16/Feb/2026:14:20:15 +0000] "PUT /d1/803/AUTH_cb248d3efa0243e4965462e374ae45fa/gnocchi.a05cbd11-966d-414b-b9ad-cc213e1603d9/1771200000.0_mean_300.0_v3" 201 - "PUT http://172.18.0.2:8080/v1/AUTH_cb248d3efa0243e4965462e374ae45fa/gnocchi.a05cbd11-966d-414b-b9ad-cc213e1603d9/1771200000.0_mean_300.0_v3" "tx76773ca17f4740268ea08-006993279f" "proxy-server 20" 0.0150 "-" 24 0
Feb 16 14:20:15 standalone proxy-server[129810]: 172.18.0.2 172.18.0.100 16/Feb/2026/14/20/15 PUT /v1/AUTH_cb248d3efa0243e4965462e374ae45fa/gnocchi.a05cbd11-966d-414b-b9ad-cc213e1603d9/1771200000.0_mean_300.0_v3 HTTP/1.0 201 - python-swiftclient-3.11.1 gAAAAABpkybry4aT... 16 - - tx76773ca17f4740268ea08-006993279f - 0.0234 - - 1771251615.181677818 1771251615.205055475 0
Feb 16 14:20:15 standalone container-server[127639]: 172.20.0.100 - - [16/Feb/2026:14:20:15 +0000] "PUT /d1/152/AUTH_cb248d3efa0243e4965462e374ae45fa/gnocchi.00668339-5738-4a29-a571-618a75fab159/none_v3" 201 - "PUT http://172.18.0.2:8080/d1/713/AUTH_cb248d3efa0243e4965462e374ae45fa/gnocchi.00668339-5738-4a29-a571-618a75fab159/none_v3" "tx847afdc1dd63418897270-006993279f" "object-server 22" 0.0006 "-" 21 0
Feb 16 14:20:15 standalone object-server[127760]: 172.20.0.100 - - [16/Feb/2026:14:20:15 +0000] "PUT /d1/713/AUTH_cb248d3efa0243e4965462e374ae45fa/gnocchi.00668339-5738-4a29-a571-618a75fab159/none_v3" 201 - "PUT http://172.18.0.2:8080/v1/AUTH_cb248d3efa0243e4965462e374ae45fa/gnocchi.00668339-5738-4a29-a571-618a75fab159/none_v3" "tx847afdc1dd63418897270-006993279f" "proxy-server 20" 0.0096 "-" 22 0
Feb 16 14:20:15 standalone proxy-server[129810]: 172.18.0.2 172.18.0.100 16/Feb/2026/14/20/15 PUT /v1/AUTH_cb248d3efa0243e4965462e374ae45fa/gnocchi.00668339-5738-4a29-a571-618a75fab159/none_v3 HTTP/1.0 201 - python-swiftclient-3.11.1 gAAAAABpkybry4aT... 22 - - tx847afdc1dd63418897270-006993279f - 0.0153 - - 1771251615.211479187 1771251615.226779699 0
Feb 16 14:20:15 standalone container-server[127635]: 172.20.0.100 - - [16/Feb/2026:14:20:15 +0000] "PUT /d1/560/AUTH_cb248d3efa0243e4965462e374ae45fa/gnocchi.a05cbd11-966d-414b-b9ad-cc213e1603d9/none_v3" 201 - "PUT http://172.18.0.2:8080/d1/245/AUTH_cb248d3efa0243e4965462e374ae45fa/gnocchi.a05cbd11-966d-414b-b9ad-cc213e1603d9/none_v3" "tx626c049ee0a442539fa51-006993279f" "object-server 25" 0.0005 "-" 20 0
Feb 16 14:20:15 standalone object-server[127765]: 172.20.0.100 - - [16/Feb/2026:14:20:15 +0000] "PUT /d1/245/AUTH_cb248d3efa0243e4965462e374ae45fa/gnocchi.a05cbd11-966d-414b-b9ad-cc213e1603d9/none_v3" 201 - "PUT http://172.18.0.2:8080/v1/AUTH_cb248d3efa0243e4965462e374ae45fa/gnocchi.a05cbd11-966d-414b-b9ad-cc213e1603d9/none_v3" "tx626c049ee0a442539fa51-006993279f" "proxy-server 20" 0.0084 "-" 25 0
Feb 16 14:20:15 standalone proxy-server[129810]: 172.18.0.2 172.18.0.100 16/Feb/2026/14/20/15 PUT /v1/AUTH_cb248d3efa0243e4965462e374ae45fa/gnocchi.a05cbd11-966d-414b-b9ad-cc213e1603d9/none_v3 HTTP/1.0 201 - python-swiftclient-3.11.1 gAAAAABpkybry4aT... 22 - - tx626c049ee0a442539fa51-006993279f - 0.0145 - - 1771251615.230905771 1771251615.245370865 0
Feb 16 14:20:15 standalone container-server[127635]: 172.20.0.100 - - [16/Feb/2026:14:20:15 +0000] "HEAD /d1/371/AUTH_cb248d3efa0243e4965462e374ae45fa/gnocchi.d2d157b9-ffc0-4435-b508-325ecf786260" 404 - "HEAD http://172.18.0.2:8080/v1/AUTH_cb248d3efa0243e4965462e374ae45fa/gnocchi.d2d157b9-ffc0-4435-b508-325ecf786260?format=json&states=listing" "tx707fd5831a944dcab0521-006993279f" "proxy-server 20" 0.0004 "-" 20 0
Feb 16 14:20:15 standalone object-server[127760]: 172.20.0.100 - - [16/Feb/2026:14:20:15 +0000] "GET /d1/107/AUTH_cb248d3efa0243e4965462e374ae45fa/gnocchi.d2d157b9-ffc0-4435-b508-325ecf786260/none_v3" 404 70 "GET http://172.18.0.2:8080/v1/AUTH_cb248d3efa0243e4965462e374ae45fa/gnocchi.d2d157b9-ffc0-4435-b508-325ecf786260/none_v3" "tx707fd5831a944dcab0521-006993279f" "proxy-server 20" 0.0005 "-" 22 0
Feb 16 14:20:15 standalone proxy-server[129810]: 172.18.0.2 172.18.0.100 16/Feb/2026/14/20/15 GET /v1/AUTH_cb248d3efa0243e4965462e374ae45fa/gnocchi.d2d157b9-ffc0-4435-b508-325ecf786260/none_v3 HTTP/1.0 404 - python-swiftclient-3.11.1 gAAAAABpkybry4aT... - 70 - tx707fd5831a944dcab0521-006993279f - 0.0128 - - 1771251615.263980389 1771251615.276744366 0
Feb 16 14:20:16 standalone account-server[127492]: 172.20.0.100 - - [16/Feb/2026:14:20:16 +0000] "PUT /d1/633/AUTH_cb248d3efa0243e4965462e374ae45fa/gnocchi.d2d157b9-ffc0-4435-b508-325ecf786260" 201 - "PUT http://172.20.0.100:6001/d1/371/AUTH_cb248d3efa0243e4965462e374ae45fa/gnocchi.d2d157b9-ffc0-4435-b508-325ecf786260" "txe43640883d0641269b98c-006993279f" "container-server 21" 0.7143 "-" 14 0
Feb 16 14:20:16 standalone container-server[127639]: 172.20.0.100 - - [16/Feb/2026:14:20:16 +0000] "PUT /d1/371/AUTH_cb248d3efa0243e4965462e374ae45fa/gnocchi.d2d157b9-ffc0-4435-b508-325ecf786260" 201 - "PUT http://172.18.0.2:8080/v1/AUTH_cb248d3efa0243e4965462e374ae45fa/gnocchi.d2d157b9-ffc0-4435-b508-325ecf786260" "txe43640883d0641269b98c-006993279f" "proxy-server 20" 0.7305 "-" 21 0
Feb 16 14:20:16 standalone proxy-server[129810]: 172.18.0.2 172.18.0.100 16/Feb/2026/14/20/16 PUT /v1/AUTH_cb248d3efa0243e4965462e374ae45fa/gnocchi.d2d157b9-ffc0-4435-b508-325ecf786260 HTTP/1.0 201 - python-swiftclient-3.11.1 gAAAAABpkybry4aT... - - - txe43640883d0641269b98c-006993279f - 0.7385 - - 1771251615.283337355 1771251616.021846056 0
Feb 16 14:20:16 standalone container-server[127659]: 172.20.0.100 - - [16/Feb/2026:14:20:16 +0000] "HEAD /d1/371/AUTH_cb248d3efa0243e4965462e374ae45fa/gnocchi.d2d157b9-ffc0-4435-b508-325ecf786260" 204 - "HEAD http://172.18.0.2:8080/v1/AUTH_cb248d3efa0243e4965462e374ae45fa/gnocchi.d2d157b9-ffc0-4435-b508-325ecf786260?format=json&states=listing" "txaff803226eae493ebcc2c-00699327a0" "proxy-server 20" 0.0024 "-" 23 0
Feb 16 14:20:16 standalone proxy-server[129810]: - - 16/Feb/2026/14/20/16 HEAD /v1/AUTH_cb248d3efa0243e4965462e374ae45fa/gnocchi.d2d157b9-ffc0-4435-b508-325ecf786260%3Fformat%3Djson%26states%3Dlisting HTTP/1.0 204 - Swift - - - - txaff803226eae493ebcc2c-00699327a0 - 0.0073 RL - 1771251616.031610250 1771251616.038928747 0
Feb 16 14:20:16 standalone container-server[127639]: 172.20.0.100 - - [16/Feb/2026:14:20:16 +0000] "GET /d1/371/AUTH_cb248d3efa0243e4965462e374ae45fa/gnocchi.d2d157b9-ffc0-4435-b508-325ecf786260" 200 2 "GET http://172.18.0.2:8080/v1/AUTH_cb248d3efa0243e4965462e374ae45fa/gnocchi.d2d157b9-ffc0-4435-b508-325ecf786260?format=json&states=listing" "txaff803226eae493ebcc2c-00699327a0" "proxy-server 20" 0.0035 "-" 21 0
Feb 16 14:20:16 standalone proxy-server[129810]: 172.18.0.2 172.18.0.100 16/Feb/2026/14/20/16 GET /v1/AUTH_cb248d3efa0243e4965462e374ae45fa/gnocchi.d2d157b9-ffc0-4435-b508-325ecf786260%3Fformat%3Djson%26states%3Dlisting HTTP/1.0 200 - python-swiftclient-3.11.1 gAAAAABpkybry4aT... - 2 - txaff803226eae493ebcc2c-00699327a0 - 0.0214 - - 1771251616.028509855 1771251616.049889803 0
Feb 16 14:20:16 standalone object-server[127760]: 172.20.0.100 - - [16/Feb/2026:14:20:16 +0000] "GET /d1/180/AUTH_cb248d3efa0243e4965462e374ae45fa/gnocchi.d2d157b9-ffc0-4435-b508-325ecf786260/1771200000.0_mean_300.0_v3" 404 70 "GET http://172.18.0.2:8080/v1/AUTH_cb248d3efa0243e4965462e374ae45fa/gnocchi.d2d157b9-ffc0-4435-b508-325ecf786260/1771200000.0_mean_300.0_v3" "tx7d82b94c4ae64926aadad-00699327a0" "proxy-server 20" 0.0005 "-" 22 0
Feb 16 14:20:16 standalone proxy-server[129810]: 172.18.0.2 172.18.0.100 16/Feb/2026/14/20/16 GET /v1/AUTH_cb248d3efa0243e4965462e374ae45fa/gnocchi.d2d157b9-ffc0-4435-b508-325ecf786260/1771200000.0_mean_300.0_v3 HTTP/1.0 404 - python-swiftclient-3.11.1 gAAAAABpkybry4aT... - 70 - tx7d82b94c4ae64926aadad-00699327a0 - 0.0103 - - 1771251616.054748058 1771251616.065075159 0
Feb 16 14:20:16 standalone container-server[127659]: 172.20.0.100 - - [16/Feb/2026:14:20:16 +0000] "PUT /d1/371/AUTH_cb248d3efa0243e4965462e374ae45fa/gnocchi.d2d157b9-ffc0-4435-b508-325ecf786260/1771200000.0_mean_300.0_v3" 201 - "PUT http://172.18.0.2:8080/d1/180/AUTH_cb248d3efa0243e4965462e374ae45fa/gnocchi.d2d157b9-ffc0-4435-b508-325ecf786260/1771200000.0_mean_300.0_v3" "txc2f8c63ab79646488b10e-00699327a0" "object-server 23" 0.0008 "-" 23 0
Feb 16 14:20:16 standalone object-server[127761]: 172.20.0.100 - - [16/Feb/2026:14:20:16 +0000] "PUT /d1/180/AUTH_cb248d3efa0243e4965462e374ae45fa/gnocchi.d2d157b9-ffc0-4435-b508-325ecf786260/1771200000.0_mean_300.0_v3" 201 - "PUT http://172.18.0.2:8080/v1/AUTH_cb248d3efa0243e4965462e374ae45fa/gnocchi.d2d157b9-ffc0-4435-b508-325ecf786260/1771200000.0_mean_300.0_v3" "txc2f8c63ab79646488b10e-00699327a0" "proxy-server 20" 0.0115 "-" 23 0
Feb 16 14:20:16 standalone proxy-server[129810]: 172.18.0.2 172.18.0.100 16/Feb/2026/14/20/16 PUT /v1/AUTH_cb248d3efa0243e4965462e374ae45fa/gnocchi.d2d157b9-ffc0-4435-b508-325ecf786260/1771200000.0_mean_300.0_v3 HTTP/1.0 201 - python-swiftclient-3.11.1 gAAAAABpkybry4aT... 16 - - txc2f8c63ab79646488b10e-00699327a0 - 0.0251 - - 1771251616.075875759 1771251616.100999832 0
Feb 16 14:20:16 standalone container-server[127639]: 172.20.0.100 - - [16/Feb/2026:14:20:16 +0000] "PUT /d1/371/AUTH_cb248d3efa0243e4965462e374ae45fa/gnocchi.d2d157b9-ffc0-4435-b508-325ecf786260/none_v3" 201 - "PUT http://172.18.0.2:8080/d1/107/AUTH_cb248d3efa0243e4965462e374ae45fa/gnocchi.d2d157b9-ffc0-4435-b508-325ecf786260/none_v3" "tx6c4b1e0371c541998ec0b-00699327a0" "object-server 22" 0.0008 "-" 21 0
Feb 16 14:20:16 standalone object-server[127760]: 172.20.0.100 - - [16/Feb/2026:14:20:16 +0000] "PUT /d1/107/AUTH_cb248d3efa0243e4965462e374ae45fa/gnocchi.d2d157b9-ffc0-4435-b508-325ecf786260/none_v3" 201 - "PUT http://172.18.0.2:8080/v1/AUTH_cb248d3efa0243e4965462e374ae45fa/gnocchi.d2d157b9-ffc0-4435-b508-325ecf786260/none_v3" "tx6c4b1e0371c541998ec0b-00699327a0" "proxy-server 20" 0.0113 "-" 22 0
Feb 16 14:20:16 standalone proxy-server[129810]: 172.18.0.2 172.18.0.100 16/Feb/2026/14/20/16 PUT /v1/AUTH_cb248d3efa0243e4965462e374ae45fa/gnocchi.d2d157b9-ffc0-4435-b508-325ecf786260/none_v3 HTTP/1.0 201 - python-swiftclient-3.11.1 gAAAAABpkybry4aT... 22 - - tx6c4b1e0371c541998ec0b-00699327a0 - 0.0194 - - 1771251616.105348349 1771251616.124705315 0
Feb 16 14:20:16 standalone container-server[127639]: 172.20.0.100 - - [16/Feb/2026:14:20:16 +0000] "HEAD /d1/826/AUTH_cb248d3efa0243e4965462e374ae45fa/gnocchi.91365c79-aab3-48c1-a210-fbca3585c9ee" 404 - "HEAD http://172.18.0.2:8080/v1/AUTH_cb248d3efa0243e4965462e374ae45fa/gnocchi.91365c79-aab3-48c1-a210-fbca3585c9ee?format=json&states=listing" "tx338a302134f24d7399b8a-00699327a0" "proxy-server 20" 0.0006 "-" 21 0
Feb 16 14:20:16 standalone object-server[127765]: 172.20.0.100 - - [16/Feb/2026:14:20:16 +0000] "GET /d1/24/AUTH_cb248d3efa0243e4965462e374ae45fa/gnocchi.91365c79-aab3-48c1-a210-fbca3585c9ee/none_v3" 404 70 "GET http://172.18.0.2:8080/v1/AUTH_cb248d3efa0243e4965462e374ae45fa/gnocchi.91365c79-aab3-48c1-a210-fbca3585c9ee/none_v3" "tx338a302134f24d7399b8a-00699327a0" "proxy-server 20" 0.0003 "-" 25 0
Feb 16 14:20:16 standalone proxy-server[129810]: 172.18.0.2 172.18.0.100 16/Feb/2026/14/20/16 GET /v1/AUTH_cb248d3efa0243e4965462e374ae45fa/gnocchi.91365c79-aab3-48c1-a210-fbca3585c9ee/none_v3 HTTP/1.0 404 - python-swiftclient-3.11.1 gAAAAABpkybry4aT... - 70 - tx338a302134f24d7399b8a-00699327a0 - 0.0130 - - 1771251616.160896778 1771251616.173925161 0
Feb 16 14:20:16 standalone account-server[127518]: 172.20.0.100 - - [16/Feb/2026:14:20:16 +0000] "PUT /d1/633/AUTH_cb248d3efa0243e4965462e374ae45fa/gnocchi.91365c79-aab3-48c1-a210-fbca3585c9ee" 201 - "PUT http://172.20.0.100:6001/d1/826/AUTH_cb248d3efa0243e4965462e374ae45fa/gnocchi.91365c79-aab3-48c1-a210-fbca3585c9ee" "txe42f942e03fe46b8a9740-00699327a0" "container-server 23" 0.0041 "-" 19 0
Feb 16 14:20:16 standalone container-server[127659]: 172.20.0.100 - - [16/Feb/2026:14:20:16 +0000] "PUT /d1/826/AUTH_cb248d3efa0243e4965462e374ae45fa/gnocchi.91365c79-aab3-48c1-a210-fbca3585c9ee" 201 - "PUT http://172.18.0.2:8080/v1/AUTH_cb248d3efa0243e4965462e374ae45fa/gnocchi.91365c79-aab3-48c1-a210-fbca3585c9ee" "txe42f942e03fe46b8a9740-00699327a0" "proxy-server 20" 0.0173 "-" 23 0
Feb 16 14:20:16 standalone proxy-server[129810]: 172.18.0.2 172.18.0.100 16/Feb/2026/14/20/16 PUT /v1/AUTH_cb248d3efa0243e4965462e374ae45fa/gnocchi.91365c79-aab3-48c1-a210-fbca3585c9ee HTTP/1.0 201 - python-swiftclient-3.11.1 gAAAAABpkybry4aT... - - - txe42f942e03fe46b8a9740-00699327a0 - 0.0246 - - 1771251616.178146362 1771251616.202777147 0
Feb 16 14:20:16 standalone container-server[127653]: 172.20.0.100 - - [16/Feb/2026:14:20:16 +0000] "HEAD /d1/826/AUTH_cb248d3efa0243e4965462e374ae45fa/gnocchi.91365c79-aab3-48c1-a210-fbca3585c9ee" 204 - "HEAD http://172.18.0.2:8080/v1/AUTH_cb248d3efa0243e4965462e374ae45fa/gnocchi.91365c79-aab3-48c1-a210-fbca3585c9ee?format=json&states=listing" "tx2af24143331d4530a1767-00699327a0" "proxy-server 20" 0.0011 "-" 22 0
Feb 16 14:20:16 standalone proxy-server[129810]: - - 16/Feb/2026/14/20/16 HEAD /v1/AUTH_cb248d3efa0243e4965462e374ae45fa/gnocchi.91365c79-aab3-48c1-a210-fbca3585c9ee%3Fformat%3Djson%26states%3Dlisting HTTP/1.0 204 - Swift - - - - tx2af24143331d4530a1767-00699327a0 - 0.0055 RL - 1771251616.209915400 1771251616.215399504 0
Feb 16 14:20:16 standalone container-server[127635]: 172.20.0.100 - - [16/Feb/2026:14:20:16 +0000] "GET /d1/826/AUTH_cb248d3efa0243e4965462e374ae45fa/gnocchi.91365c79-aab3-48c1-a210-fbca3585c9ee" 200 2 "GET http://172.18.0.2:8080/v1/AUTH_cb248d3efa0243e4965462e374ae45fa/gnocchi.91365c79-aab3-48c1-a210-fbca3585c9ee?format=json&states=listing" "tx2af24143331d4530a1767-00699327a0" "proxy-server 20" 0.0016 "-" 20 0
Feb 16 14:20:16 standalone proxy-server[129810]: 172.18.0.2 172.18.0.100 16/Feb/2026/14/20/16 GET /v1/AUTH_cb248d3efa0243e4965462e374ae45fa/gnocchi.91365c79-aab3-48c1-a210-fbca3585c9ee%3Fformat%3Djson%26states%3Dlisting HTTP/1.0 200 - python-swiftclient-3.11.1 gAAAAABpkybry4aT... - 2 - tx2af24143331d4530a1767-00699327a0 - 0.0159 - - 1771251616.208438158 1771251616.224304199 0
Feb 16 14:20:16 standalone object-server[127760]: 172.20.0.100 - - [16/Feb/2026:14:20:16 +0000] "GET /d1/259/AUTH_cb248d3efa0243e4965462e374ae45fa/gnocchi.91365c79-aab3-48c1-a210-fbca3585c9ee/1771200000.0_mean_300.0_v3" 404 70 "GET http://172.18.0.2:8080/v1/AUTH_cb248d3efa0243e4965462e374ae45fa/gnocchi.91365c79-aab3-48c1-a210-fbca3585c9ee/1771200000.0_mean_300.0_v3" "tx48aa0d3dea59412fa10ca-00699327a0" "proxy-server 20" 0.0005 "-" 22 0
Feb 16 14:20:16 standalone proxy-server[129810]: 172.18.0.2 172.18.0.100 16/Feb/2026/14/20/16 GET /v1/AUTH_cb248d3efa0243e4965462e374ae45fa/gnocchi.91365c79-aab3-48c1-a210-fbca3585c9ee/1771200000.0_mean_300.0_v3 HTTP/1.0 404 - python-swiftclient-3.11.1 gAAAAABpkybry4aT... - 70 - tx48aa0d3dea59412fa10ca-00699327a0 - 0.0075 - - 1771251616.229023457 1771251616.236570835 0
Feb 16 14:20:16 standalone container-server[127635]: 172.20.0.100 - - [16/Feb/2026:14:20:16 +0000] "PUT /d1/826/AUTH_cb248d3efa0243e4965462e374ae45fa/gnocchi.91365c79-aab3-48c1-a210-fbca3585c9ee/1771200000.0_mean_300.0_v3" 201 - "PUT http://172.18.0.2:8080/d1/259/AUTH_cb248d3efa0243e4965462e374ae45fa/gnocchi.91365c79-aab3-48c1-a210-fbca3585c9ee/1771200000.0_mean_300.0_v3" "txe4fb6bc2fc9843139760a-00699327a0" "object-server 25" 0.0004 "-" 20 0
Feb 16 14:20:16 standalone object-server[127765]: 172.20.0.100 - - [16/Feb/2026:14:20:16 +0000] "PUT /d1/259/AUTH_cb248d3efa0243e4965462e374ae45fa/gnocchi.91365c79-aab3-48c1-a210-fbca3585c9ee/1771200000.0_mean_300.0_v3" 201 - "PUT http://172.18.0.2:8080/v1/AUTH_cb248d3efa0243e4965462e374ae45fa/gnocchi.91365c79-aab3-48c1-a210-fbca3585c9ee/1771200000.0_mean_300.0_v3" "txe4fb6bc2fc9843139760a-00699327a0" "proxy-server 20" 0.0079 "-" 25 0
Feb 16 14:20:16 standalone proxy-server[129810]: 172.18.0.2 172.18.0.100 16/Feb/2026/14/20/16 PUT /v1/AUTH_cb248d3efa0243e4965462e374ae45fa/gnocchi.91365c79-aab3-48c1-a210-fbca3585c9ee/1771200000.0_mean_300.0_v3 HTTP/1.0 201 - python-swiftclient-3.11.1 gAAAAABpkybry4aT... 16 - - txe4fb6bc2fc9843139760a-00699327a0 - 0.0139 - - 1771251616.240398407 1771251616.254281998 0
Feb 16 14:20:16 standalone container-server[127639]: 172.20.0.100 - - [16/Feb/2026:14:20:16 +0000] "PUT /d1/826/AUTH_cb248d3efa0243e4965462e374ae45fa/gnocchi.91365c79-aab3-48c1-a210-fbca3585c9ee/none_v3" 201 - "PUT http://172.18.0.2:8080/d1/24/AUTH_cb248d3efa0243e4965462e374ae45fa/gnocchi.91365c79-aab3-48c1-a210-fbca3585c9ee/none_v3" "tx2d2acb71a4774d9185d50-00699327a0" "object-server 24" 0.0008 "-" 21 0
Feb 16 14:20:16 standalone object-server[127764]: 172.20.0.100 - - [16/Feb/2026:14:20:16 +0000] "PUT /d1/24/AUTH_cb248d3efa0243e4965462e374ae45fa/gnocchi.91365c79-aab3-48c1-a210-fbca3585c9ee/none_v3" 201 - "PUT http://172.18.0.2:8080/v1/AUTH_cb248d3efa0243e4965462e374ae45fa/gnocchi.91365c79-aab3-48c1-a210-fbca3585c9ee/none_v3" "tx2d2acb71a4774d9185d50-00699327a0" "proxy-server 20" 0.0149 "-" 24 0
Feb 16 14:20:16 standalone proxy-server[129810]: 172.18.0.2 172.18.0.100 16/Feb/2026/14/20/16 PUT /v1/AUTH_cb248d3efa0243e4965462e374ae45fa/gnocchi.91365c79-aab3-48c1-a210-fbca3585c9ee/none_v3 HTTP/1.0 201 - python-swiftclient-3.11.1 gAAAAABpkybry4aT... 22 - - tx2d2acb71a4774d9185d50-00699327a0 - 0.0229 - - 1771251616.257892370 1771251616.280794382 0
Feb 16 14:20:16 standalone container-server[127659]: 172.20.0.100 - - [16/Feb/2026:14:20:16 +0000] "HEAD /d1/214/AUTH_cb248d3efa0243e4965462e374ae45fa/gnocchi.068b286b-7ac2-4df4-8087-b4562e41b372" 404 - "HEAD http://172.18.0.2:8080/v1/AUTH_cb248d3efa0243e4965462e374ae45fa/gnocchi.068b286b-7ac2-4df4-8087-b4562e41b372?format=json&states=listing" "tx4278f267ca44414c9ca74-00699327a0" "proxy-server 20" 0.0006 "-" 23 0
Feb 16 14:20:16 standalone object-server[127761]: 172.20.0.100 - - [16/Feb/2026:14:20:16 +0000] "GET /d1/184/AUTH_cb248d3efa0243e4965462e374ae45fa/gnocchi.068b286b-7ac2-4df4-8087-b4562e41b372/none_v3" 404 70 "GET http://172.18.0.2:8080/v1/AUTH_cb248d3efa0243e4965462e374ae45fa/gnocchi.068b286b-7ac2-4df4-8087-b4562e41b372/none_v3" "tx4278f267ca44414c9ca74-00699327a0" "proxy-server 20" 0.0005 "-" 23 0
Feb 16 14:20:16 standalone proxy-server[129810]: 172.18.0.2 172.18.0.100 16/Feb/2026/14/20/16 GET /v1/AUTH_cb248d3efa0243e4965462e374ae45fa/gnocchi.068b286b-7ac2-4df4-8087-b4562e41b372/none_v3 HTTP/1.0 404 - python-swiftclient-3.11.1 gAAAAABpkybry4aT... - 70 - tx4278f267ca44414c9ca74-00699327a0 - 0.0131 - - 1771251616.299959898 1771251616.313039064 0
