Feb 16 14:19:37 standalone proxy-server[129810]: 172.18.0.2 172.18.0.100 16/Feb/2026/14/19/37 PUT /v1/AUTH_cb248d3efa0243e4965462e374ae45fa/gnocchi.bf09f66a-81fb-447a-962e-e7b91691a902/none_v3 HTTP/1.0 201 - python-swiftclient-3.11.1 gAAAAABpkybry4aT... 22 - - txeaf570a5fe2240a4bcb82-0069932779 - 0.0248 - - 1771251577.768502712 1771251577.793256521 0
Feb 16 14:19:37 standalone container-server[127653]: 172.20.0.100 - - [16/Feb/2026:14:19:37 +0000] "HEAD /d1/55/AUTH_cb248d3efa0243e4965462e374ae45fa/gnocchi.14eb9ca8-4ef0-4240-9316-4fcf88c15d22" 404 - "HEAD http://172.18.0.2:8080/v1/AUTH_cb248d3efa0243e4965462e374ae45fa/gnocchi.14eb9ca8-4ef0-4240-9316-4fcf88c15d22?format=json&states=listing" "tx65f077a34f4d41c182fb0-0069932779" "proxy-server 20" 0.0004 "-" 22 0
Feb 16 14:19:37 standalone object-server[127765]: 172.20.0.100 - - [16/Feb/2026:14:19:37 +0000] "GET /d1/956/AUTH_cb248d3efa0243e4965462e374ae45fa/gnocchi.14eb9ca8-4ef0-4240-9316-4fcf88c15d22/none_v3" 404 70 "GET http://172.18.0.2:8080/v1/AUTH_cb248d3efa0243e4965462e374ae45fa/gnocchi.14eb9ca8-4ef0-4240-9316-4fcf88c15d22/none_v3" "tx65f077a34f4d41c182fb0-0069932779" "proxy-server 20" 0.0007 "-" 25 0
Feb 16 14:19:37 standalone proxy-server[129810]: 172.18.0.2 172.18.0.100 16/Feb/2026/14/19/37 GET /v1/AUTH_cb248d3efa0243e4965462e374ae45fa/gnocchi.14eb9ca8-4ef0-4240-9316-4fcf88c15d22/none_v3 HTTP/1.0 404 - python-swiftclient-3.11.1 gAAAAABpkybry4aT... - 70 - tx65f077a34f4d41c182fb0-0069932779 - 0.0192 - - 1771251577.815425396 1771251577.834617853 0
Feb 16 14:19:37 standalone account-server[127492]: 172.20.0.100 - - [16/Feb/2026:14:19:37 +0000] "PUT /d1/633/AUTH_cb248d3efa0243e4965462e374ae45fa/gnocchi.14eb9ca8-4ef0-4240-9316-4fcf88c15d22" 201 - "PUT http://172.20.0.100:6001/d1/55/AUTH_cb248d3efa0243e4965462e374ae45fa/gnocchi.14eb9ca8-4ef0-4240-9316-4fcf88c15d22" "tx302f1a5713cd452ca6be4-0069932779" "container-server 22" 0.0136 "-" 14 0
Feb 16 14:19:37 standalone container-server[127653]: 172.20.0.100 - - [16/Feb/2026:14:19:37 +0000] "PUT /d1/55/AUTH_cb248d3efa0243e4965462e374ae45fa/gnocchi.14eb9ca8-4ef0-4240-9316-4fcf88c15d22" 201 - "PUT http://172.18.0.2:8080/v1/AUTH_cb248d3efa0243e4965462e374ae45fa/gnocchi.14eb9ca8-4ef0-4240-9316-4fcf88c15d22" "tx302f1a5713cd452ca6be4-0069932779" "proxy-server 20" 0.0643 "-" 22 0
Feb 16 14:19:37 standalone proxy-server[129810]: 172.18.0.2 172.18.0.100 16/Feb/2026/14/19/37 PUT /v1/AUTH_cb248d3efa0243e4965462e374ae45fa/gnocchi.14eb9ca8-4ef0-4240-9316-4fcf88c15d22 HTTP/1.0 201 - python-swiftclient-3.11.1 gAAAAABpkybry4aT... - - - tx302f1a5713cd452ca6be4-0069932779 - 0.0693 - - 1771251577.836652040 1771251577.905962467 0
Feb 16 14:19:37 standalone container-server[127639]: 172.20.0.100 - - [16/Feb/2026:14:19:37 +0000] "HEAD /d1/55/AUTH_cb248d3efa0243e4965462e374ae45fa/gnocchi.14eb9ca8-4ef0-4240-9316-4fcf88c15d22" 204 - "HEAD http://172.18.0.2:8080/v1/AUTH_cb248d3efa0243e4965462e374ae45fa/gnocchi.14eb9ca8-4ef0-4240-9316-4fcf88c15d22?format=json&states=listing" "txfded47feae8a4afc8785c-0069932779" "proxy-server 20" 0.0027 "-" 21 0
Feb 16 14:19:37 standalone proxy-server[129810]: - - 16/Feb/2026/14/19/37 HEAD /v1/AUTH_cb248d3efa0243e4965462e374ae45fa/gnocchi.14eb9ca8-4ef0-4240-9316-4fcf88c15d22%3Fformat%3Djson%26states%3Dlisting HTTP/1.0 204 - Swift - - - - txfded47feae8a4afc8785c-0069932779 - 0.0070 RL - 1771251577.909460783 1771251577.916455030 0
Feb 16 14:19:37 standalone container-server[127659]: 172.20.0.100 - - [16/Feb/2026:14:19:37 +0000] "GET /d1/55/AUTH_cb248d3efa0243e4965462e374ae45fa/gnocchi.14eb9ca8-4ef0-4240-9316-4fcf88c15d22" 200 2 "GET http://172.18.0.2:8080/v1/AUTH_cb248d3efa0243e4965462e374ae45fa/gnocchi.14eb9ca8-4ef0-4240-9316-4fcf88c15d22?format=json&states=listing" "txfded47feae8a4afc8785c-0069932779" "proxy-server 20" 0.0043 "-" 23 0
Feb 16 14:19:37 standalone proxy-server[129810]: 172.18.0.2 172.18.0.100 16/Feb/2026/14/19/37 GET /v1/AUTH_cb248d3efa0243e4965462e374ae45fa/gnocchi.14eb9ca8-4ef0-4240-9316-4fcf88c15d22%3Fformat%3Djson%26states%3Dlisting HTTP/1.0 200 - python-swiftclient-3.11.1 gAAAAABpkybry4aT... - 2 - txfded47feae8a4afc8785c-0069932779 - 0.0180 - - 1771251577.908507824 1771251577.926489830 0
Feb 16 14:19:37 standalone object-server[127761]: 172.20.0.100 - - [16/Feb/2026:14:19:37 +0000] "GET /d1/115/AUTH_cb248d3efa0243e4965462e374ae45fa/gnocchi.14eb9ca8-4ef0-4240-9316-4fcf88c15d22/1771200000.0_mean_300.0_v3" 404 70 "GET http://172.18.0.2:8080/v1/AUTH_cb248d3efa0243e4965462e374ae45fa/gnocchi.14eb9ca8-4ef0-4240-9316-4fcf88c15d22/1771200000.0_mean_300.0_v3" "tx8e7e25d940fe4aef842b0-0069932779" "proxy-server 20" 0.0006 "-" 23 0
Feb 16 14:19:37 standalone proxy-server[129810]: 172.18.0.2 172.18.0.100 16/Feb/2026/14/19/37 GET /v1/AUTH_cb248d3efa0243e4965462e374ae45fa/gnocchi.14eb9ca8-4ef0-4240-9316-4fcf88c15d22/1771200000.0_mean_300.0_v3 HTTP/1.0 404 - python-swiftclient-3.11.1 gAAAAABpkybry4aT... - 70 - tx8e7e25d940fe4aef842b0-0069932779 - 0.0059 - - 1771251577.929364920 1771251577.935245752 0
Feb 16 14:19:37 standalone container-server[127653]: 172.20.0.100 - - [16/Feb/2026:14:19:37 +0000] "PUT /d1/55/AUTH_cb248d3efa0243e4965462e374ae45fa/gnocchi.14eb9ca8-4ef0-4240-9316-4fcf88c15d22/1771200000.0_mean_300.0_v3" 201 - "PUT http://172.18.0.2:8080/d1/115/AUTH_cb248d3efa0243e4965462e374ae45fa/gnocchi.14eb9ca8-4ef0-4240-9316-4fcf88c15d22/1771200000.0_mean_300.0_v3" "txeaec543be2d14dcab6064-0069932779" "object-server 22" 0.0011 "-" 22 0
Feb 16 14:19:37 standalone object-server[127760]: 172.20.0.100 - - [16/Feb/2026:14:19:37 +0000] "PUT /d1/115/AUTH_cb248d3efa0243e4965462e374ae45fa/gnocchi.14eb9ca8-4ef0-4240-9316-4fcf88c15d22/1771200000.0_mean_300.0_v3" 201 - "PUT http://172.18.0.2:8080/v1/AUTH_cb248d3efa0243e4965462e374ae45fa/gnocchi.14eb9ca8-4ef0-4240-9316-4fcf88c15d22/1771200000.0_mean_300.0_v3" "txeaec543be2d14dcab6064-0069932779" "proxy-server 20" 0.0178 "-" 22 0
Feb 16 14:19:37 standalone proxy-server[129810]: 172.18.0.2 172.18.0.100 16/Feb/2026/14/19/37 PUT /v1/AUTH_cb248d3efa0243e4965462e374ae45fa/gnocchi.14eb9ca8-4ef0-4240-9316-4fcf88c15d22/1771200000.0_mean_300.0_v3 HTTP/1.0 201 - python-swiftclient-3.11.1 gAAAAABpkybry4aT... 16 - - txeaec543be2d14dcab6064-0069932779 - 0.0235 - - 1771251577.936967134 1771251577.960420370 0
Feb 16 14:19:37 standalone container-server[127659]: 172.20.0.100 - - [16/Feb/2026:14:19:37 +0000] "PUT /d1/55/AUTH_cb248d3efa0243e4965462e374ae45fa/gnocchi.14eb9ca8-4ef0-4240-9316-4fcf88c15d22/none_v3" 201 - "PUT http://172.18.0.2:8080/d1/956/AUTH_cb248d3efa0243e4965462e374ae45fa/gnocchi.14eb9ca8-4ef0-4240-9316-4fcf88c15d22/none_v3" "txbc2ad1881e2f42f7aa006-0069932779" "object-server 24" 0.0015 "-" 23 0
Feb 16 14:19:37 standalone object-server[127764]: 172.20.0.100 - - [16/Feb/2026:14:19:37 +0000] "PUT /d1/956/AUTH_cb248d3efa0243e4965462e374ae45fa/gnocchi.14eb9ca8-4ef0-4240-9316-4fcf88c15d22/none_v3" 201 - "PUT http://172.18.0.2:8080/v1/AUTH_cb248d3efa0243e4965462e374ae45fa/gnocchi.14eb9ca8-4ef0-4240-9316-4fcf88c15d22/none_v3" "txbc2ad1881e2f42f7aa006-0069932779" "proxy-server 20" 0.0157 "-" 24 0
Feb 16 14:19:37 standalone proxy-server[129810]: 172.18.0.2 172.18.0.100 16/Feb/2026/14/19/37 PUT /v1/AUTH_cb248d3efa0243e4965462e374ae45fa/gnocchi.14eb9ca8-4ef0-4240-9316-4fcf88c15d22/none_v3 HTTP/1.0 201 - python-swiftclient-3.11.1 gAAAAABpkybry4aT... 22 - - txbc2ad1881e2f42f7aa006-0069932779 - 0.0236 - - 1771251577.963875055 1771251577.987484694 0
Feb 16 14:19:38 standalone container-server[127659]: 172.20.0.100 - - [16/Feb/2026:14:19:38 +0000] "HEAD /d1/897/AUTH_cb248d3efa0243e4965462e374ae45fa/gnocchi.8dcf98eb-2be2-4390-b312-9890d88eb643" 404 - "HEAD http://172.18.0.2:8080/v1/AUTH_cb248d3efa0243e4965462e374ae45fa/gnocchi.8dcf98eb-2be2-4390-b312-9890d88eb643?format=json&states=listing" "txe65c456b9772463a90684-006993277a" "proxy-server 20" 0.0007 "-" 23 0
Feb 16 14:19:38 standalone object-server[127765]: 172.20.0.100 - - [16/Feb/2026:14:19:38 +0000] "GET /d1/463/AUTH_cb248d3efa0243e4965462e374ae45fa/gnocchi.8dcf98eb-2be2-4390-b312-9890d88eb643/none_v3" 404 70 "GET http://172.18.0.2:8080/v1/AUTH_cb248d3efa0243e4965462e374ae45fa/gnocchi.8dcf98eb-2be2-4390-b312-9890d88eb643/none_v3" "txe65c456b9772463a90684-006993277a" "proxy-server 20" 0.0007 "-" 25 0
Feb 16 14:19:38 standalone proxy-server[129810]: 172.18.0.2 172.18.0.100 16/Feb/2026/14/19/38 GET /v1/AUTH_cb248d3efa0243e4965462e374ae45fa/gnocchi.8dcf98eb-2be2-4390-b312-9890d88eb643/none_v3 HTTP/1.0 404 - python-swiftclient-3.11.1 gAAAAABpkybry4aT... - 70 - txe65c456b9772463a90684-006993277a - 0.0188 - - 1771251578.014185667 1771251578.032988787 0
Feb 16 14:19:38 standalone account-server[127518]: 172.20.0.100 - - [16/Feb/2026:14:19:38 +0000] "PUT /d1/633/AUTH_cb248d3efa0243e4965462e374ae45fa/gnocchi.8dcf98eb-2be2-4390-b312-9890d88eb643" 201 - "PUT http://172.20.0.100:6001/d1/897/AUTH_cb248d3efa0243e4965462e374ae45fa/gnocchi.8dcf98eb-2be2-4390-b312-9890d88eb643" "txfffb1d56ad0544a3bba5b-006993277a" "container-server 23" 0.0110 "-" 19 0
Feb 16 14:19:38 standalone container-server[127659]: 172.20.0.100 - - [16/Feb/2026:14:19:38 +0000] "PUT /d1/897/AUTH_cb248d3efa0243e4965462e374ae45fa/gnocchi.8dcf98eb-2be2-4390-b312-9890d88eb643" 201 - "PUT http://172.18.0.2:8080/v1/AUTH_cb248d3efa0243e4965462e374ae45fa/gnocchi.8dcf98eb-2be2-4390-b312-9890d88eb643" "txfffb1d56ad0544a3bba5b-006993277a" "proxy-server 20" 0.0277 "-" 23 0
Feb 16 14:19:38 standalone proxy-server[129810]: 172.18.0.2 172.18.0.100 16/Feb/2026/14/19/38 PUT /v1/AUTH_cb248d3efa0243e4965462e374ae45fa/gnocchi.8dcf98eb-2be2-4390-b312-9890d88eb643 HTTP/1.0 201 - python-swiftclient-3.11.1 gAAAAABpkybry4aT... - - - txfffb1d56ad0544a3bba5b-006993277a - 0.0349 - - 1771251578.037424088 1771251578.072353840 0
Feb 16 14:19:38 standalone container-server[127659]: 172.20.0.100 - - [16/Feb/2026:14:19:38 +0000] "HEAD /d1/897/AUTH_cb248d3efa0243e4965462e374ae45fa/gnocchi.8dcf98eb-2be2-4390-b312-9890d88eb643" 204 - "HEAD http://172.18.0.2:8080/v1/AUTH_cb248d3efa0243e4965462e374ae45fa/gnocchi.8dcf98eb-2be2-4390-b312-9890d88eb643?format=json&states=listing" "tx03f840b04f034edb84168-006993277a" "proxy-server 20" 0.0033 "-" 23 0
Feb 16 14:19:38 standalone proxy-server[129810]: - - 16/Feb/2026/14/19/38 HEAD /v1/AUTH_cb248d3efa0243e4965462e374ae45fa/gnocchi.8dcf98eb-2be2-4390-b312-9890d88eb643%3Fformat%3Djson%26states%3Dlisting HTTP/1.0 204 - Swift - - - - tx03f840b04f034edb84168-006993277a - 0.0086 RL - 1771251578.080240011 1771251578.088819742 0
Feb 16 14:19:38 standalone container-server[127635]: 172.20.0.100 - - [16/Feb/2026:14:19:38 +0000] "GET /d1/897/AUTH_cb248d3efa0243e4965462e374ae45fa/gnocchi.8dcf98eb-2be2-4390-b312-9890d88eb643" 200 2 "GET http://172.18.0.2:8080/v1/AUTH_cb248d3efa0243e4965462e374ae45fa/gnocchi.8dcf98eb-2be2-4390-b312-9890d88eb643?format=json&states=listing" "tx03f840b04f034edb84168-006993277a" "proxy-server 20" 0.0042 "-" 20 0
Feb 16 14:19:38 standalone proxy-server[129810]: 172.18.0.2 172.18.0.100 16/Feb/2026/14/19/38 GET /v1/AUTH_cb248d3efa0243e4965462e374ae45fa/gnocchi.8dcf98eb-2be2-4390-b312-9890d88eb643%3Fformat%3Djson%26states%3Dlisting HTTP/1.0 200 - python-swiftclient-3.11.1 gAAAAABpkybry4aT... - 2 - tx03f840b04f034edb84168-006993277a - 0.0222 - - 1771251578.078603983 1771251578.100793123 0
Feb 16 14:19:38 standalone object-server[127761]: 172.20.0.100 - - [16/Feb/2026:14:19:38 +0000] "GET /d1/876/AUTH_cb248d3efa0243e4965462e374ae45fa/gnocchi.8dcf98eb-2be2-4390-b312-9890d88eb643/1771200000.0_mean_300.0_v3" 404 70 "GET http://172.18.0.2:8080/v1/AUTH_cb248d3efa0243e4965462e374ae45fa/gnocchi.8dcf98eb-2be2-4390-b312-9890d88eb643/1771200000.0_mean_300.0_v3" "tx5b62a3ec02e340efb483d-006993277a" "proxy-server 20" 0.0008 "-" 23 0
Feb 16 14:19:38 standalone proxy-server[129810]: 172.18.0.2 172.18.0.100 16/Feb/2026/14/19/38 GET /v1/AUTH_cb248d3efa0243e4965462e374ae45fa/gnocchi.8dcf98eb-2be2-4390-b312-9890d88eb643/1771200000.0_mean_300.0_v3 HTTP/1.0 404 - python-swiftclient-3.11.1 gAAAAABpkybry4aT... - 70 - tx5b62a3ec02e340efb483d-006993277a - 0.0118 - - 1771251578.107077599 1771251578.118859768 0
Feb 16 14:19:38 standalone container-server[127653]: 172.20.0.100 - - [16/Feb/2026:14:19:38 +0000] "PUT /d1/897/AUTH_cb248d3efa0243e4965462e374ae45fa/gnocchi.8dcf98eb-2be2-4390-b312-9890d88eb643/1771200000.0_mean_300.0_v3" 201 - "PUT http://172.18.0.2:8080/d1/876/AUTH_cb248d3efa0243e4965462e374ae45fa/gnocchi.8dcf98eb-2be2-4390-b312-9890d88eb643/1771200000.0_mean_300.0_v3" "tx0c7c943b16bc4570af24b-006993277a" "object-server 24" 0.0006 "-" 22 0
Feb 16 14:19:38 standalone object-server[127764]: 172.20.0.100 - - [16/Feb/2026:14:19:38 +0000] "PUT /d1/876/AUTH_cb248d3efa0243e4965462e374ae45fa/gnocchi.8dcf98eb-2be2-4390-b312-9890d88eb643/1771200000.0_mean_300.0_v3" 201 - "PUT http://172.18.0.2:8080/v1/AUTH_cb248d3efa0243e4965462e374ae45fa/gnocchi.8dcf98eb-2be2-4390-b312-9890d88eb643/1771200000.0_mean_300.0_v3" "tx0c7c943b16bc4570af24b-006993277a" "proxy-server 20" 0.0121 "-" 24 0
Feb 16 14:19:38 standalone proxy-server[129810]: 172.18.0.2 172.18.0.100 16/Feb/2026/14/19/38 PUT /v1/AUTH_cb248d3efa0243e4965462e374ae45fa/gnocchi.8dcf98eb-2be2-4390-b312-9890d88eb643/1771200000.0_mean_300.0_v3 HTTP/1.0 201 - python-swiftclient-3.11.1 gAAAAABpkybry4aT... 16 - - tx0c7c943b16bc4570af24b-006993277a - 0.0174 - - 1771251578.123003244 1771251578.140361071 0
Feb 16 14:19:38 standalone container-server[127635]: 172.20.0.100 - - [16/Feb/2026:14:19:38 +0000] "PUT /d1/897/AUTH_cb248d3efa0243e4965462e374ae45fa/gnocchi.8dcf98eb-2be2-4390-b312-9890d88eb643/none_v3" 201 - "PUT http://172.18.0.2:8080/d1/463/AUTH_cb248d3efa0243e4965462e374ae45fa/gnocchi.8dcf98eb-2be2-4390-b312-9890d88eb643/none_v3" "txc3027f03e39c4511918b2-006993277a" "object-server 23" 0.0014 "-" 20 0
Feb 16 14:19:38 standalone object-server[127761]: 172.20.0.100 - - [16/Feb/2026:14:19:38 +0000] "PUT /d1/463/AUTH_cb248d3efa0243e4965462e374ae45fa/gnocchi.8dcf98eb-2be2-4390-b312-9890d88eb643/none_v3" 201 - "PUT http://172.18.0.2:8080/v1/AUTH_cb248d3efa0243e4965462e374ae45fa/gnocchi.8dcf98eb-2be2-4390-b312-9890d88eb643/none_v3" "txc3027f03e39c4511918b2-006993277a" "proxy-server 20" 0.0174 "-" 23 0
Feb 16 14:19:38 standalone proxy-server[129810]: 172.18.0.2 172.18.0.100 16/Feb/2026/14/19/38 PUT /v1/AUTH_cb248d3efa0243e4965462e374ae45fa/gnocchi.8dcf98eb-2be2-4390-b312-9890d88eb643/none_v3 HTTP/1.0 201 - python-swiftclient-3.11.1 gAAAAABpkybry4aT... 22 - - txc3027f03e39c4511918b2-006993277a - 0.0242 - - 1771251578.145819902 1771251578.169992924 0
Feb 16 14:19:43 standalone container-server[127639]: 172.20.0.100 - - [16/Feb/2026:14:19:43 +0000] "HEAD /d1/412/AUTH_cb248d3efa0243e4965462e374ae45fa/gnocchi.b04d4a3b-4ca6-4be4-9c62-95e0b23a7771" 404 - "HEAD http://172.18.0.2:8080/v1/AUTH_cb248d3efa0243e4965462e374ae45fa/gnocchi.b04d4a3b-4ca6-4be4-9c62-95e0b23a7771?format=json&states=listing" "tx4b0148466d30474e925f7-006993277f" "proxy-server 20" 0.0005 "-" 21 0
Feb 16 14:19:43 standalone object-server[127764]: 172.20.0.100 - - [16/Feb/2026:14:19:43 +0000] "GET /d1/37/AUTH_cb248d3efa0243e4965462e374ae45fa/gnocchi.b04d4a3b-4ca6-4be4-9c62-95e0b23a7771/none_v3" 404 70 "GET http://172.18.0.2:8080/v1/AUTH_cb248d3efa0243e4965462e374ae45fa/gnocchi.b04d4a3b-4ca6-4be4-9c62-95e0b23a7771/none_v3" "tx4b0148466d30474e925f7-006993277f" "proxy-server 20" 0.0007 "-" 24 0
Feb 16 14:19:43 standalone proxy-server[129810]: 172.18.0.2 172.18.0.100 16/Feb/2026/14/19/43 GET /v1/AUTH_cb248d3efa0243e4965462e374ae45fa/gnocchi.b04d4a3b-4ca6-4be4-9c62-95e0b23a7771/none_v3 HTTP/1.0 404 - python-swiftclient-3.11.1 gAAAAABpkybry4aT... - 70 - tx4b0148466d30474e925f7-006993277f - 0.0153 - - 1771251583.922915697 1771251583.938262939 0
Feb 16 14:19:43 standalone account-server[127492]: 172.20.0.100 - - [16/Feb/2026:14:19:43 +0000] "PUT /d1/633/AUTH_cb248d3efa0243e4965462e374ae45fa/gnocchi.b04d4a3b-4ca6-4be4-9c62-95e0b23a7771" 201 - "PUT http://172.20.0.100:6001/d1/412/AUTH_cb248d3efa0243e4965462e374ae45fa/gnocchi.b04d4a3b-4ca6-4be4-9c62-95e0b23a7771" "tx62eafa6286d34ddf84043-006993277f" "container-server 23" 0.0064 "-" 14 0
Feb 16 14:19:43 standalone container-server[127659]: 172.20.0.100 - - [16/Feb/2026:14:19:43 +0000] "PUT /d1/412/AUTH_cb248d3efa0243e4965462e374ae45fa/gnocchi.b04d4a3b-4ca6-4be4-9c62-95e0b23a7771" 201 - "PUT http://172.18.0.2:8080/v1/AUTH_cb248d3efa0243e4965462e374ae45fa/gnocchi.b04d4a3b-4ca6-4be4-9c62-95e0b23a7771" "tx62eafa6286d34ddf84043-006993277f" "proxy-server 20" 0.0247 "-" 23 0
Feb 16 14:19:43 standalone proxy-server[129810]: 172.18.0.2 172.18.0.100 16/Feb/2026/14/19/43 PUT /v1/AUTH_cb248d3efa0243e4965462e374ae45fa/gnocchi.b04d4a3b-4ca6-4be4-9c62-95e0b23a7771 HTTP/1.0 201 - python-swiftclient-3.11.1 gAAAAABpkybry4aT... - - - tx62eafa6286d34ddf84043-006993277f - 0.0324 - - 1771251583.942663431 1771251583.975059748 0
Feb 16 14:19:43 standalone container-server[127639]: 172.20.0.100 - - [16/Feb/2026:14:19:43 +0000] "HEAD /d1/412/AUTH_cb248d3efa0243e4965462e374ae45fa/gnocchi.b04d4a3b-4ca6-4be4-9c62-95e0b23a7771" 204 - "HEAD http://172.18.0.2:8080/v1/AUTH_cb248d3efa0243e4965462e374ae45fa/gnocchi.b04d4a3b-4ca6-4be4-9c62-95e0b23a7771?format=json&states=listing" "tx6ffc68ec20654c31aa4a5-006993277f" "proxy-server 20" 0.0012 "-" 21 0
Feb 16 14:19:43 standalone proxy-server[129810]: - - 16/Feb/2026/14/19/43 HEAD /v1/AUTH_cb248d3efa0243e4965462e374ae45fa/gnocchi.b04d4a3b-4ca6-4be4-9c62-95e0b23a7771%3Fformat%3Djson%26states%3Dlisting HTTP/1.0 204 - Swift - - - - tx6ffc68ec20654c31aa4a5-006993277f - 0.0044 RL - 1771251583.986588240 1771251583.990963936 0
Feb 16 14:19:43 standalone container-server[127635]: 172.20.0.100 - - [16/Feb/2026:14:19:43 +0000] "GET /d1/412/AUTH_cb248d3efa0243e4965462e374ae45fa/gnocchi.b04d4a3b-4ca6-4be4-9c62-95e0b23a7771" 200 2 "GET http://172.18.0.2:8080/v1/AUTH_cb248d3efa0243e4965462e374ae45fa/gnocchi.b04d4a3b-4ca6-4be4-9c62-95e0b23a7771?format=json&states=listing" "tx6ffc68ec20654c31aa4a5-006993277f" "proxy-server 20" 0.0024 "-" 20 0
Feb 16 14:19:44 standalone proxy-server[129810]: 172.18.0.2 172.18.0.100 16/Feb/2026/14/19/44 GET /v1/AUTH_cb248d3efa0243e4965462e374ae45fa/gnocchi.b04d4a3b-4ca6-4be4-9c62-95e0b23a7771%3Fformat%3Djson%26states%3Dlisting HTTP/1.0 200 - python-swiftclient-3.11.1 gAAAAABpkybry4aT... - 2 - tx6ffc68ec20654c31aa4a5-006993277f - 0.0164 - - 1771251583.984397888 1771251584.000787735 0
Feb 16 14:19:44 standalone object-server[127761]: 172.20.0.100 - - [16/Feb/2026:14:19:44 +0000] "GET /d1/19/AUTH_cb248d3efa0243e4965462e374ae45fa/gnocchi.b04d4a3b-4ca6-4be4-9c62-95e0b23a7771/1771200000.0_mean_300.0_v3" 404 70 "GET http://172.18.0.2:8080/v1/AUTH_cb248d3efa0243e4965462e374ae45fa/gnocchi.b04d4a3b-4ca6-4be4-9c62-95e0b23a7771/1771200000.0_mean_300.0_v3" "tx2627bead7d194751817d2-0069932780" "proxy-server 20" 0.0005 "-" 23 0
Feb 16 14:19:44 standalone proxy-server[129810]: 172.18.0.2 172.18.0.100 16/Feb/2026/14/19/44 GET /v1/AUTH_cb248d3efa0243e4965462e374ae45fa/gnocchi.b04d4a3b-4ca6-4be4-9c62-95e0b23a7771/1771200000.0_mean_300.0_v3 HTTP/1.0 404 - python-swiftclient-3.11.1 gAAAAABpkybry4aT... - 70 - tx2627bead7d194751817d2-0069932780 - 0.0127 - - 1771251584.004285812 1771251584.016983032 0
Feb 16 14:19:44 standalone container-server[127659]: 172.20.0.100 - - [16/Feb/2026:14:19:44 +0000] "PUT /d1/412/AUTH_cb248d3efa0243e4965462e374ae45fa/gnocchi.b04d4a3b-4ca6-4be4-9c62-95e0b23a7771/1771200000.0_mean_300.0_v3" 201 - "PUT http://172.18.0.2:8080/d1/19/AUTH_cb248d3efa0243e4965462e374ae45fa/gnocchi.b04d4a3b-4ca6-4be4-9c62-95e0b23a7771/1771200000.0_mean_300.0_v3" "txb990a7711b68419199e9d-0069932780" "object-server 24" 0.0009 "-" 23 0
Feb 16 14:19:44 standalone object-server[127764]: 172.20.0.100 - - [16/Feb/2026:14:19:44 +0000] "PUT /d1/19/AUTH_cb248d3efa0243e4965462e374ae45fa/gnocchi.b04d4a3b-4ca6-4be4-9c62-95e0b23a7771/1771200000.0_mean_300.0_v3" 201 - "PUT http://172.18.0.2:8080/v1/AUTH_cb248d3efa0243e4965462e374ae45fa/gnocchi.b04d4a3b-4ca6-4be4-9c62-95e0b23a7771/1771200000.0_mean_300.0_v3" "txb990a7711b68419199e9d-0069932780" "proxy-server 20" 0.0236 "-" 24 0
Feb 16 14:19:44 standalone proxy-server[129810]: 172.18.0.2 172.18.0.100 16/Feb/2026/14/19/44 PUT /v1/AUTH_cb248d3efa0243e4965462e374ae45fa/gnocchi.b04d4a3b-4ca6-4be4-9c62-95e0b23a7771/1771200000.0_mean_300.0_v3 HTTP/1.0 201 - python-swiftclient-3.11.1 gAAAAABpkybry4aT... 16 - - txb990a7711b68419199e9d-0069932780 - 0.0315 - - 1771251584.020063639 1771251584.051552057 0
Feb 16 14:19:44 standalone container-server[127659]: 172.20.0.100 - - [16/Feb/2026:14:19:44 +0000] "PUT /d1/412/AUTH_cb248d3efa0243e4965462e374ae45fa/gnocchi.b04d4a3b-4ca6-4be4-9c62-95e0b23a7771/none_v3" 201 - "PUT http://172.18.0.2:8080/d1/37/AUTH_cb248d3efa0243e4965462e374ae45fa/gnocchi.b04d4a3b-4ca6-4be4-9c62-95e0b23a7771/none_v3" "txd5248b03f93c407d971b8-0069932780" "object-server 24" 0.0005 "-" 23 0
Feb 16 14:19:44 standalone object-server[127764]: 172.20.0.100 - - [16/Feb/2026:14:19:44 +0000] "PUT /d1/37/AUTH_cb248d3efa0243e4965462e374ae45fa/gnocchi.b04d4a3b-4ca6-4be4-9c62-95e0b23a7771/none_v3" 201 - "PUT http://172.18.0.2:8080/v1/AUTH_cb248d3efa0243e4965462e374ae45fa/gnocchi.b04d4a3b-4ca6-4be4-9c62-95e0b23a7771/none_v3" "txd5248b03f93c407d971b8-0069932780" "proxy-server 20" 0.0100 "-" 24 0
Feb 16 14:19:44 standalone proxy-server[129810]: 172.18.0.2 172.18.0.100 16/Feb/2026/14/19/44 PUT /v1/AUTH_cb248d3efa0243e4965462e374ae45fa/gnocchi.b04d4a3b-4ca6-4be4-9c62-95e0b23a7771/none_v3 HTTP/1.0 201 - python-swiftclient-3.11.1 gAAAAABpkybry4aT... 22 - - txd5248b03f93c407d971b8-0069932780 - 0.0166 - - 1771251584.054677725 1771251584.071298838 0
Feb 16 14:19:49 standalone object-server[127760]: 172.20.0.100 - - [16/Feb/2026:14:19:49 +0000] "GET /d1/37/AUTH_cb248d3efa0243e4965462e374ae45fa/gnocchi.b04d4a3b-4ca6-4be4-9c62-95e0b23a7771/none_v3" 200 22 "GET http://172.18.0.2:8080/v1/AUTH_cb248d3efa0243e4965462e374ae45fa/gnocchi.b04d4a3b-4ca6-4be4-9c62-95e0b23a7771/none_v3" "tx24379b8f7d474c20a1460-0069932785" "proxy-server 20" 0.0014 "-" 22 0
Feb 16 14:19:49 standalone proxy-server[129810]: 172.18.0.2 172.18.0.100 16/Feb/2026/14/19/49 GET /v1/AUTH_cb248d3efa0243e4965462e374ae45fa/gnocchi.b04d4a3b-4ca6-4be4-9c62-95e0b23a7771/none_v3 HTTP/1.0 200 - python-swiftclient-3.11.1 gAAAAABpkybry4aT... - 22 - tx24379b8f7d474c20a1460-0069932785 - 0.0090 - - 1771251589.096576691 1771251589.105578899 0
Feb 16 14:19:49 standalone container-server[127653]: 172.20.0.100 - - [16/Feb/2026:14:19:49 +0000] "GET /d1/412/AUTH_cb248d3efa0243e4965462e374ae45fa/gnocchi.b04d4a3b-4ca6-4be4-9c62-95e0b23a7771" 200 357 "GET http://172.18.0.2:8080/v1/AUTH_cb248d3efa0243e4965462e374ae45fa/gnocchi.b04d4a3b-4ca6-4be4-9c62-95e0b23a7771?format=json&states=listing" "txa12e653016bb43fa995f1-0069932785" "proxy-server 20" 0.0096 "-" 22 0
Feb 16 14:19:49 standalone proxy-server[129810]: 172.18.0.2 172.18.0.100 16/Feb/2026/14/19/49 GET /v1/AUTH_cb248d3efa0243e4965462e374ae45fa/gnocchi.b04d4a3b-4ca6-4be4-9c62-95e0b23a7771%3Fformat%3Djson%26states%3Dlisting HTTP/1.0 200 - python-swiftclient-3.11.1 gAAAAABpkybry4aT... - 357 - txa12e653016bb43fa995f1-0069932785 - 0.0165 - - 1771251589.109004021 1771251589.125505686 0
Feb 16 14:19:49 standalone container-server[127639]: 172.20.0.100 - - [16/Feb/2026:14:19:49 +0000] "GET /d1/412/AUTH_cb248d3efa0243e4965462e374ae45fa/gnocchi.b04d4a3b-4ca6-4be4-9c62-95e0b23a7771" 200 2 "GET http://172.18.0.2:8080/v1/AUTH_cb248d3efa0243e4965462e374ae45fa/gnocchi.b04d4a3b-4ca6-4be4-9c62-95e0b23a7771?format=json&marker=none_v3&states=listing" "txd325b62b09614ef59183e-0069932785" "proxy-server 20" 0.0026 "-" 21 0
Feb 16 14:19:49 standalone proxy-server[129810]: 172.18.0.2 172.18.0.100 16/Feb/2026/14/19/49 GET /v1/AUTH_cb248d3efa0243e4965462e374ae45fa/gnocchi.b04d4a3b-4ca6-4be4-9c62-95e0b23a7771%3Fformat%3Djson%26marker%3Dnone_v3%26states%3Dlisting HTTP/1.0 200 - python-swiftclient-3.11.1 gAAAAABpkybry4aT... - 2 - txd325b62b09614ef59183e-0069932785 - 0.0086 - - 1771251589.127946138 1771251589.136575460 0
Feb 16 14:19:49 standalone object-server[127765]: 172.20.0.100 - - [16/Feb/2026:14:19:49 +0000] "GET /d1/19/AUTH_cb248d3efa0243e4965462e374ae45fa/gnocchi.b04d4a3b-4ca6-4be4-9c62-95e0b23a7771/1771200000.0_mean_300.0_v3" 200 16 "GET http://172.18.0.2:8080/v1/AUTH_cb248d3efa0243e4965462e374ae45fa/gnocchi.b04d4a3b-4ca6-4be4-9c62-95e0b23a7771/1771200000.0_mean_300.0_v3" "txcbbe3697fafe48a38036d-0069932785" "proxy-server 20" 0.0012 "-" 25 0
Feb 16 14:19:49 standalone proxy-server[129810]: 172.18.0.2 172.18.0.100 16/Feb/2026/14/19/49 GET /v1/AUTH_cb248d3efa0243e4965462e374ae45fa/gnocchi.b04d4a3b-4ca6-4be4-9c62-95e0b23a7771/1771200000.0_mean_300.0_v3 HTTP/1.0 200 - python-swiftclient-3.11.1 gAAAAABpkybry4aT... - 16 - txcbbe3697fafe48a38036d-0069932785 - 0.0076 - - 1771251589.139702082 1771251589.147311687 0
Feb 16 14:19:49 standalone container-server[127659]: 172.20.0.100 - - [16/Feb/2026:14:19:49 +0000] "PUT /d1/412/AUTH_cb248d3efa0243e4965462e374ae45fa/gnocchi.b04d4a3b-4ca6-4be4-9c62-95e0b23a7771/1771200000.0_mean_300.0_v3" 201 - "PUT http://172.18.0.2:8080/d1/19/AUTH_cb248d3efa0243e4965462e374ae45fa/gnocchi.b04d4a3b-4ca6-4be4-9c62-95e0b23a7771/1771200000.0_mean_300.0_v3" "tx27d7ff4b048b407ba00a8-0069932785" "object-server 25" 0.0007 "-" 23 0
Feb 16 14:19:49 standalone object-server[127765]: 172.20.0.100 - - [16/Feb/2026:14:19:49 +0000] "PUT /d1/19/AUTH_cb248d3efa0243e4965462e374ae45fa/gnocchi.b04d4a3b-4ca6-4be4-9c62-95e0b23a7771/1771200000.0_mean_300.0_v3" 201 - "PUT http://172.18.0.2:8080/v1/AUTH_cb248d3efa0243e4965462e374ae45fa/gnocchi.b04d4a3b-4ca6-4be4-9c62-95e0b23a7771/1771200000.0_mean_300.0_v3" "tx27d7ff4b048b407ba00a8-0069932785" "proxy-server 20" 0.0110 "-" 25 0
Feb 16 14:19:49 standalone proxy-server[129810]: 172.18.0.2 172.18.0.100 16/Feb/2026/14/19/49 PUT /v1/AUTH_cb248d3efa0243e4965462e374ae45fa/gnocchi.b04d4a3b-4ca6-4be4-9c62-95e0b23a7771/1771200000.0_mean_300.0_v3 HTTP/1.0 201 - python-swiftclient-3.11.1 gAAAAABpkybry4aT... 16 - - tx27d7ff4b048b407ba00a8-0069932785 - 0.0162 - - 1771251589.149876118 1771251589.166040897 0
Feb 16 14:19:49 standalone container-server[127653]: 172.20.0.100 - - [16/Feb/2026:14:19:49 +0000] "PUT /d1/412/AUTH_cb248d3efa0243e4965462e374ae45fa/gnocchi.b04d4a3b-4ca6-4be4-9c62-95e0b23a7771/none_v3" 201 - "PUT http://172.18.0.2:8080/d1/37/AUTH_cb248d3efa0243e4965462e374ae45fa/gnocchi.b04d4a3b-4ca6-4be4-9c62-95e0b23a7771/none_v3" "txcb4d5def4f354ab681624-0069932785" "object-server 25" 0.0006 "-" 22 0
Feb 16 14:19:49 standalone object-server[127765]: 172.20.0.100 - - [16/Feb/2026:14:19:49 +0000] "PUT /d1/37/AUTH_cb248d3efa0243e4965462e374ae45fa/gnocchi.b04d4a3b-4ca6-4be4-9c62-95e0b23a7771/none_v3" 201 - "PUT http://172.18.0.2:8080/v1/AUTH_cb248d3efa0243e4965462e374ae45fa/gnocchi.b04d4a3b-4ca6-4be4-9c62-95e0b23a7771/none_v3" "txcb4d5def4f354ab681624-0069932785" "proxy-server 20" 0.0100 "-" 25 0
Feb 16 14:19:49 standalone proxy-server[129810]: 172.18.0.2 172.18.0.100 16/Feb/2026/14/19/49 PUT /v1/AUTH_cb248d3efa0243e4965462e374ae45fa/gnocchi.b04d4a3b-4ca6-4be4-9c62-95e0b23a7771/none_v3 HTTP/1.0 201 - python-swiftclient-3.11.1 gAAAAABpkybry4aT... 32 - - txcb4d5def4f354ab681624-0069932785 - 0.0152 - - 1771251589.168515682 1771251589.183675289 0
Feb 16 14:20:03 standalone object-server[127731]: Begin object update sweep
Feb 16 14:20:03 standalone object-server[239242]: Object update sweep starting on /srv/node/d1 (pid: 14)
Feb 16 14:20:03 standalone object-server[239242]: Object update sweep completed on /srv/node/d1 in 0.00s seconds:, 0 successes, 0 failures, 0 quarantines, 0 unlinks, 0 errors, 0 redirects (pid: 14)
Feb 16 14:20:03 standalone object-server[239242]: Object update sweep of d1 completed: 0.00s, 0 successes, 0 failures, 0 quarantines, 0 unlinks, 0 errors, 0 redirects
Feb 16 14:20:03 standalone object-server[127731]: Object update sweep completed: 0.09s
Feb 16 14:20:13 standalone container-server[127653]: 172.20.0.100 - - [16/Feb/2026:14:20:13 +0000] "HEAD /d1/165/AUTH_cb248d3efa0243e4965462e374ae45fa/gnocchi.5b94a273-f69d-4dd0-8b89-da61be3c001b" 404 - "HEAD http://172.18.0.2:8080/v1/AUTH_cb248d3efa0243e4965462e374ae45fa/gnocchi.5b94a273-f69d-4dd0-8b89-da61be3c001b?format=json&states=listing" "txf18685ba38ff4a5c8e734-006993279d" "proxy-server 20" 0.0008 "-" 22 0
Feb 16 14:20:13 standalone object-server[127764]: 172.20.0.100 - - [16/Feb/2026:14:20:13 +0000] "GET /d1/230/AUTH_cb248d3efa0243e4965462e374ae45fa/gnocchi.5b94a273-f69d-4dd0-8b89-da61be3c001b/none_v3" 404 70 "GET http://172.18.0.2:8080/v1/AUTH_cb248d3efa0243e4965462e374ae45fa/gnocchi.5b94a273-f69d-4dd0-8b89-da61be3c001b/none_v3" "txf18685ba38ff4a5c8e734-006993279d" "proxy-server 20" 0.0007 "-" 24 0
Feb 16 14:20:13 standalone proxy-server[129810]: 172.18.0.2 172.18.0.100 16/Feb/2026/14/20/13 GET /v1/AUTH_cb248d3efa0243e4965462e374ae45fa/gnocchi.5b94a273-f69d-4dd0-8b89-da61be3c001b/none_v3 HTTP/1.0 404 - python-swiftclient-3.11.1 gAAAAABpkybry4aT... - 70 - txf18685ba38ff4a5c8e734-006993279d - 0.0136 - - 1771251613.124796629 1771251613.138429403 0
Feb 16 14:20:13 standalone account-server[127541]: 172.20.0.100 - - [16/Feb/2026:14:20:13 +0000] "PUT /d1/633/AUTH_cb248d3efa0243e4965462e374ae45fa/gnocchi.5b94a273-f69d-4dd0-8b89-da61be3c001b" 201 - "PUT http://172.20.0.100:6001/d1/165/AUTH_cb248d3efa0243e4965462e374ae45fa/gnocchi.5b94a273-f69d-4dd0-8b89-da61be3c001b" "txbda1f054bfab46779e10d-006993279d" "container-server 21" 0.0064 "-" 20 0
Feb 16 14:20:13 standalone container-server[127639]: 172.20.0.100 - - [16/Feb/2026:14:20:13 +0000] "PUT /d1/165/AUTH_cb248d3efa0243e4965462e374ae45fa/gnocchi.5b94a273-f69d-4dd0-8b89-da61be3c001b" 201 - "PUT http://172.18.0.2:8080/v1/AUTH_cb248d3efa0243e4965462e374ae45fa/gnocchi.5b94a273-f69d-4dd0-8b89-da61be3c001b" "txbda1f054bfab46779e10d-006993279d" "proxy-server 20" 0.0572 "-" 21 0
Feb 16 14:20:13 standalone proxy-server[129810]: 172.18.0.2 172.18.0.100 16/Feb/2026/14/20/13 PUT /v1/AUTH_cb248d3efa0243e4965462e374ae45fa/gnocchi.5b94a273-f69d-4dd0-8b89-da61be3c001b HTTP/1.0 201 - python-swiftclient-3.11.1 gAAAAABpkybry4aT... - - - txbda1f054bfab46779e10d-006993279d - 0.0621 - - 1771251613.141782045 1771251613.203880787 0
Feb 16 14:20:13 standalone container-server[127639]: 172.20.0.100 - - [16/Feb/2026:14:20:13 +0000] "HEAD /d1/165/AUTH_cb248d3efa0243e4965462e374ae45fa/gnocchi.5b94a273-f69d-4dd0-8b89-da61be3c001b" 204 - "HEAD http://172.18.0.2:8080/v1/AUTH_cb248d3efa0243e4965462e374ae45fa/gnocchi.5b94a273-f69d-4dd0-8b89-da61be3c001b?format=json&states=listing" "txf760b27e2ebf464b94240-006993279d" "proxy-server 20" 0.0015 "-" 21 0
Feb 16 14:20:13 standalone proxy-server[129810]: - - 16/Feb/2026/14/20/13 HEAD /v1/AUTH_cb248d3efa0243e4965462e374ae45fa/gnocchi.5b94a273-f69d-4dd0-8b89-da61be3c001b%3Fformat%3Djson%26states%3Dlisting HTTP/1.0 204 - Swift - - - - txf760b27e2ebf464b94240-006993279d - 0.0048 RL - 1771251613.208539486 1771251613.213327408 0
Feb 16 14:20:13 standalone container-server[127653]: 172.20.0.100 - - [16/Feb/2026:14:20:13 +0000] "GET /d1/165/AUTH_cb248d3efa0243e4965462e374ae45fa/gnocchi.5b94a273-f69d-4dd0-8b89-da61be3c001b" 200 2 "GET http://172.18.0.2:8080/v1/AUTH_cb248d3efa0243e4965462e374ae45fa/gnocchi.5b94a273-f69d-4dd0-8b89-da61be3c001b?format=json&states=listing" "txf760b27e2ebf464b94240-006993279d" "proxy-server 20" 0.0026 "-" 22 0
Feb 16 14:20:13 standalone proxy-server[129810]: 172.18.0.2 172.18.0.100 16/Feb/2026/14/20/13 GET /v1/AUTH_cb248d3efa0243e4965462e374ae45fa/gnocchi.5b94a273-f69d-4dd0-8b89-da61be3c001b%3Fformat%3Djson%26states%3Dlisting HTTP/1.0 200 - python-swiftclient-3.11.1 gAAAAABpkybry4aT... - 2 - txf760b27e2ebf464b94240-006993279d - 0.0138 - - 1771251613.207324743 1771251613.221155643 0
Feb 16 14:20:13 standalone object-server[127765]: 172.20.0.100 - - [16/Feb/2026:14:20:13 +0000] "GET /d1/992/AUTH_cb248d3efa0243e4965462e374ae45fa/gnocchi.5b94a273-f69d-4dd0-8b89-da61be3c001b/1771200000.0_mean_300.0_v3" 404 70 "GET http://172.18.0.2:8080/v1/AUTH_cb248d3efa0243e4965462e374ae45fa/gnocchi.5b94a273-f69d-4dd0-8b89-da61be3c001b/1771200000.0_mean_300.0_v3" "tx1c4d410761224e7fbe3bd-006993279d" "proxy-server 20" 0.0003 "-" 25 0
Feb 16 14:20:13 standalone proxy-server[129810]: 172.18.0.2 172.18.0.100 16/Feb/2026/14/20/13 GET /v1/AUTH_cb248d3efa0243e4965462e374ae45fa/gnocchi.5b94a273-f69d-4dd0-8b89-da61be3c001b/1771200000.0_mean_300.0_v3 HTTP/1.0 404 - python-swiftclient-3.11.1 gAAAAABpkybry4aT... - 70 - tx1c4d410761224e7fbe3bd-006993279d - 0.0046 - - 1771251613.225423574 1771251613.230067968 0
Feb 16 14:20:13 standalone container-server[127659]: 172.20.0.100 - - [16/Feb/2026:14:20:13 +0000] "PUT /d1/165/AUTH_cb248d3efa0243e4965462e374ae45fa/gnocchi.5b94a273-f69d-4dd0-8b89-da61be3c001b/1771200000.0_mean_300.0_v3" 201 - "PUT http://172.18.0.2:8080/d1/992/AUTH_cb248d3efa0243e4965462e374ae45fa/gnocchi.5b94a273-f69d-4dd0-8b89-da61be3c001b/1771200000.0_mean_300.0_v3" "tx4ee77dd2278e454fbe398-006993279d" "object-server 22" 0.0006 "-" 23 0
Feb 16 14:20:13 standalone object-server[127760]: 172.20.0.100 - - [16/Feb/2026:14:20:13 +0000] "PUT /d1/992/AUTH_cb248d3efa0243e4965462e374ae45fa/gnocchi.5b94a273-f69d-4dd0-8b89-da61be3c001b/1771200000.0_mean_300.0_v3" 201 - "PUT http://172.18.0.2:8080/v1/AUTH_cb248d3efa0243e4965462e374ae45fa/gnocchi.5b94a273-f69d-4dd0-8b89-da61be3c001b/1771200000.0_mean_300.0_v3" "tx4ee77dd2278e454fbe398-006993279d" "proxy-server 20" 0.0107 "-" 22 0
Feb 16 14:20:13 standalone proxy-server[129810]: 172.18.0.2 172.18.0.100 16/Feb/2026/14/20/13 PUT /v1/AUTH_cb248d3efa0243e4965462e374ae45fa/gnocchi.5b94a273-f69d-4dd0-8b89-da61be3c001b/1771200000.0_mean_300.0_v3 HTTP/1.0 201 - python-swiftclient-3.11.1 gAAAAABpkybry4aT... 16 - - tx4ee77dd2278e454fbe398-006993279d - 0.0156 - - 1771251613.233439684 1771251613.249029636 0
Feb 16 14:20:13 standalone container-server[127635]: 172.20.0.100 - - [16/Feb/2026:14:20:13 +0000] "PUT /d1/165/AUTH_cb248d3efa0243e4965462e374ae45fa/gnocchi.5b94a273-f69d-4dd0-8b89-da61be3c001b/none_v3" 201 - "PUT http://172.18.0.2:8080/d1/230/AUTH_cb248d3efa0243e4965462e374ae45fa/gnocchi.5b94a273-f69d-4dd0-8b89-da61be3c001b/none_v3" "txe0fc3ece28dc4ad188cdb-006993279d" "object-server 24" 0.0008 "-" 20 0
Feb 16 14:20:13 standalone object-server[127764]: 172.20.0.100 - - [16/Feb/2026:14:20:13 +0000] "PUT /d1/230/AUTH_cb248d3efa0243e4965462e374ae45fa/gnocchi.5b94a273-f69d-4dd0-8b89-da61be3c001b/none_v3" 201 - "PUT http://172.18.0.2:8080/v1/AUTH_cb248d3efa0243e4965462e374ae45fa/gnocchi.5b94a273-f69d-4dd0-8b89-da61be3c001b/none_v3" "txe0fc3ece28dc4ad188cdb-006993279d" "proxy-server 20" 0.0092 "-" 24 0
Feb 16 14:20:13 standalone proxy-server[129810]: 172.18.0.2 172.18.0.100 16/Feb/2026/14/20/13 PUT /v1/AUTH_cb248d3efa0243e4965462e374ae45fa/gnocchi.5b94a273-f69d-4dd0-8b89-da61be3c001b/none_v3 HTTP/1.0 201 - python-swiftclient-3.11.1 gAAAAABpkybry4aT... 22 - - txe0fc3ece28dc4ad188cdb-006993279d - 0.0138 - - 1771251613.251761198 1771251613.265565395 0
Feb 16 14:20:13 standalone container-server[127659]: 172.20.0.100 - - [16/Feb/2026:14:20:13 +0000] "HEAD /d1/921/AUTH_cb248d3efa0243e4965462e374ae45fa/gnocchi.26d7f250-f4b0-4738-a180-f4665aafcba6" 404 - "HEAD http://172.18.0.2:8080/v1/AUTH_cb248d3efa0243e4965462e374ae45fa/gnocchi.26d7f250-f4b0-4738-a180-f4665aafcba6?format=json&states=listing" "tx76750e2e42e54ecbbdbf2-006993279d" "proxy-server 20" 0.0004 "-" 23 0
Feb 16 14:20:13 standalone object-server[127765]: 172.20.0.100 - - [16/Feb/2026:14:20:13 +0000] "GET /d1/356/AUTH_cb248d3efa0243e4965462e374ae45fa/gnocchi.26d7f250-f4b0-4738-a180-f4665aafcba6/none_v3" 404 70 "GET http://172.18.0.2:8080/v1/AUTH_cb248d3efa0243e4965462e374ae45fa/gnocchi.26d7f250-f4b0-4738-a180-f4665aafcba6/none_v3" "tx76750e2e42e54ecbbdbf2-006993279d" "proxy-server 20" 0.0003 "-" 25 0
Feb 16 14:20:13 standalone proxy-server[129810]: 172.18.0.2 172.18.0.100 16/Feb/2026/14/20/13 GET /v1/AUTH_cb248d3efa0243e4965462e374ae45fa/gnocchi.26d7f250-f4b0-4738-a180-f4665aafcba6/none_v3 HTTP/1.0 404 - python-swiftclient-3.11.1 gAAAAABpkybry4aT... - 70 - tx76750e2e42e54ecbbdbf2-006993279d - 0.0134 - - 1771251613.295066357 1771251613.308473587 0
Feb 16 14:20:13 standalone account-server[127505]: 172.20.0.100 - - [16/Feb/2026:14:20:13 +0000] "PUT /d1/633/AUTH_cb248d3efa0243e4965462e374ae45fa/gnocchi.26d7f250-f4b0-4738-a180-f4665aafcba6" 201 - "PUT http://172.20.0.100:6001/d1/921/AUTH_cb248d3efa0243e4965462e374ae45fa/gnocchi.26d7f250-f4b0-4738-a180-f4665aafcba6" "tx57db655732bc4016890da-006993279d" "container-server 23" 0.0070 "-" 18 0
Feb 16 14:20:13 standalone container-server[127659]: 172.20.0.100 - - [16/Feb/2026:14:20:13 +0000] "PUT /d1/921/AUTH_cb248d3efa0243e4965462e374ae45fa/gnocchi.26d7f250-f4b0-4738-a180-f4665aafcba6" 201 - "PUT http://172.18.0.2:8080/v1/AUTH_cb248d3efa0243e4965462e374ae45fa/gnocchi.26d7f250-f4b0-4738-a180-f4665aafcba6" "tx57db655732bc4016890da-006993279d" "proxy-server 20" 0.0203 "-" 23 0
Feb 16 14:20:13 standalone proxy-server[129810]: 172.18.0.2 172.18.0.100 16/Feb/2026/14/20/13 PUT /v1/AUTH_cb248d3efa0243e4965462e374ae45fa/gnocchi.26d7f250-f4b0-4738-a180-f4665aafcba6 HTTP/1.0 201 - python-swiftclient-3.11.1 gAAAAABpkybry4aT... - - - tx57db655732bc4016890da-006993279d - 0.0246 - - 1771251613.311444283 1771251613.336003304 0
Feb 16 14:20:13 standalone container-server[127635]: 172.20.0.100 - - [16/Feb/2026:14:20:13 +0000] "HEAD /d1/921/AUTH_cb248d3efa0243e4965462e374ae45fa/gnocchi.26d7f250-f4b0-4738-a180-f4665aafcba6" 204 - "HEAD http://172.18.0.2:8080/v1/AUTH_cb248d3efa0243e4965462e374ae45fa/gnocchi.26d7f250-f4b0-4738-a180-f4665aafcba6?format=json&states=listing" "tx5b50ec15eb93498cb354a-006993279d" "proxy-server 20" 0.0023 "-" 20 0
Feb 16 14:20:13 standalone proxy-server[129810]: - - 16/Feb/2026/14/20/13 HEAD /v1/AUTH_cb248d3efa0243e4965462e374ae45fa/gnocchi.26d7f250-f4b0-4738-a180-f4665aafcba6%3Fformat%3Djson%26states%3Dlisting HTTP/1.0 204 - Swift - - - - tx5b50ec15eb93498cb354a-006993279d - 0.0060 RL - 1771251613.340471983 1771251613.346517563 0
Feb 16 14:20:13 standalone container-server[127635]: 172.20.0.100 - - [16/Feb/2026:14:20:13 +0000] "GET /d1/921/AUTH_cb248d3efa0243e4965462e374ae45fa/gnocchi.26d7f250-f4b0-4738-a180-f4665aafcba6" 200 2 "GET http://172.18.0.2:8080/v1/AUTH_cb248d3efa0243e4965462e374ae45fa/gnocchi.26d7f250-f4b0-4738-a180-f4665aafcba6?format=json&states=listing" "tx5b50ec15eb93498cb354a-006993279d" "proxy-server 20" 0.0034 "-" 20 0
Feb 16 14:20:13 standalone proxy-server[129810]: 172.18.0.2 172.18.0.100 16/Feb/2026/14/20/13 GET /v1/AUTH_cb248d3efa0243e4965462e374ae45fa/gnocchi.26d7f250-f4b0-4738-a180-f4665aafcba6%3Fformat%3Djson%26states%3Dlisting HTTP/1.0 200 - python-swiftclient-3.11.1 gAAAAABpkybry4aT... - 2 - tx5b50ec15eb93498cb354a-006993279d - 0.0158 - - 1771251613.339504480 1771251613.355346680 0
Feb 16 14:20:13 standalone object-server[127765]: 172.20.0.100 - - [16/Feb/2026:14:20:13 +0000] "GET /d1/170/AUTH_cb248d3efa0243e4965462e374ae45fa/gnocchi.26d7f250-f4b0-4738-a180-f4665aafcba6/1771200000.0_mean_300.0_v3" 404 70 "GET http://172.18.0.2:8080/v1/AUTH_cb248d3efa0243e4965462e374ae45fa/gnocchi.26d7f250-f4b0-4738-a180-f4665aafcba6/1771200000.0_mean_300.0_v3" "tx8f458cd20f314d0cb4309-006993279d" "proxy-server 20" 0.0002 "-" 25 0
Feb 16 14:20:13 standalone proxy-server[129810]: 172.18.0.2 172.18.0.100 16/Feb/2026/14/20/13 GET /v1/AUTH_cb248d3efa0243e4965462e374ae45fa/gnocchi.26d7f250-f4b0-4738-a180-f4665aafcba6/1771200000.0_mean_300.0_v3 HTTP/1.0 404 - python-swiftclient-3.11.1 gAAAAABpkybry4aT... - 70 - tx8f458cd20f314d0cb4309-006993279d - 0.0040 - - 1771251613.358993292 1771251613.362950563 0
Feb 16 14:20:13 standalone container-server[127635]: 172.20.0.100 - - [16/Feb/2026:14:20:13 +0000] "PUT /d1/921/AUTH_cb248d3efa0243e4965462e374ae45fa/gnocchi.26d7f250-f4b0-4738-a180-f4665aafcba6/1771200000.0_mean_300.0_v3" 201 - "PUT http://172.18.0.2:8080/d1/170/AUTH_cb248d3efa0243e4965462e374ae45fa/gnocchi.26d7f250-f4b0-4738-a180-f4665aafcba6/1771200000.0_mean_300.0_v3" "tx3b9e63fce33f45b5ba99f-006993279d" "object-server 24" 0.0007 "-" 20 0
Feb 16 14:20:13 standalone object-server[127764]: 172.20.0.100 - - [16/Feb/2026:14:20:13 +0000] "PUT /d1/170/AUTH_cb248d3efa0243e4965462e374ae45fa/gnocchi.26d7f250-f4b0-4738-a180-f4665aafcba6/1771200000.0_mean_300.0_v3" 201 - "PUT http://172.18.0.2:8080/v1/AUTH_cb248d3efa0243e4965462e374ae45fa/gnocchi.26d7f250-f4b0-4738-a180-f4665aafcba6/1771200000.0_mean_300.0_v3" "tx3b9e63fce33f45b5ba99f-006993279d" "proxy-server 20" 0.0101 "-" 24 0
Feb 16 14:20:13 standalone proxy-server[129810]: 172.18.0.2 172.18.0.100 16/Feb/2026/14/20/13 PUT /v1/AUTH_cb248d3efa0243e4965462e374ae45fa/gnocchi.26d7f250-f4b0-4738-a180-f4665aafcba6/1771200000.0_mean_300.0_v3 HTTP/1.0 201 - python-swiftclient-3.11.1 gAAAAABpkybry4aT... 16 - - tx3b9e63fce33f45b5ba99f-006993279d - 0.0152 - - 1771251613.365365028 1771251613.380600929 0
Feb 16 14:20:13 standalone container-server[127653]: 172.20.0.100 - - [16/Feb/2026:14:20:13 +0000] "PUT /d1/921/AUTH_cb248d3efa0243e4965462e374ae45fa/gnocchi.26d7f250-f4b0-4738-a180-f4665aafcba6/none_v3" 201 - "PUT http://172.18.0.2:8080/d1/356/AUTH_cb248d3efa0243e4965462e374ae45fa/gnocchi.26d7f250-f4b0-4738-a180-f4665aafcba6/none_v3" "tx8b14ebd68f2f4bbb8b65a-006993279d" "object-server 24" 0.0006 "-" 22 0
Feb 16 14:20:13 standalone object-server[127764]: 172.20.0.100 - - [16/Feb/2026:14:20:13 +0000] "PUT /d1/356/AUTH_cb248d3efa0243e4965462e374ae45fa/gnocchi.26d7f250-f4b0-4738-a180-f4665aafcba6/none_v3" 201 - "PUT http://172.18.0.2:8080/v1/AUTH_cb248d3efa0243e4965462e374ae45fa/gnocchi.26d7f250-f4b0-4738-a180-f4665aafcba6/none_v3" "tx8b14ebd68f2f4bbb8b65a-006993279d" "proxy-server 20" 0.0099 "-" 24 0
Feb 16 14:20:13 standalone proxy-server[129810]: 172.18.0.2 172.18.0.100 16/Feb/2026/14/20/13 PUT /v1/AUTH_cb248d3efa0243e4965462e374ae45fa/gnocchi.26d7f250-f4b0-4738-a180-f4665aafcba6/none_v3 HTTP/1.0 201 - python-swiftclient-3.11.1 gAAAAABpkybry4aT... 22 - - tx8b14ebd68f2f4bbb8b65a-006993279d - 0.0150 - - 1771251613.383849382 1771251613.398870230 0
Feb 16 14:20:13 standalone container-server[127659]: 172.20.0.100 - - [16/Feb/2026:14:20:13 +0000] "HEAD /d1/846/AUTH_cb248d3efa0243e4965462e374ae45fa/gnocchi.a5d19c2c-7fae-4ed5-aa52-4d6e0ad72932" 404 - "HEAD http://172.18.0.2:8080/v1/AUTH_cb248d3efa0243e4965462e374ae45fa/gnocchi.a5d19c2c-7fae-4ed5-aa52-4d6e0ad72932?format=json&states=listing" "tx083540eff7654659a5658-006993279d" "proxy-server 20" 0.0004 "-" 23 0
Feb 16 14:20:13 standalone object-server[127765]: 172.20.0.100 - - [16/Feb/2026:14:20:13 +0000] "GET /d1/932/AUTH_cb248d3efa0243e4965462e374ae45fa/gnocchi.a5d19c2c-7fae-4ed5-aa52-4d6e0ad72932/none_v3" 404 70 "GET http://172.18.0.2:8080/v1/AUTH_cb248d3efa0243e4965462e374ae45fa/gnocchi.a5d19c2c-7fae-4ed5-aa52-4d6e0ad72932/none_v3" "tx083540eff7654659a5658-006993279d" "proxy-server 20" 0.0004 "-" 25 0
Feb 16 14:20:13 standalone proxy-server[129810]: 172.18.0.2 172.18.0.100 16/Feb/2026/14/20/13 GET /v1/AUTH_cb248d3efa0243e4965462e374ae45fa/gnocchi.a5d19c2c-7fae-4ed5-aa52-4d6e0ad72932/none_v3 HTTP/1.0 404 - python-swiftclient-3.11.1 gAAAAABpkybry4aT... - 70 - tx083540eff7654659a5658-006993279d - 0.0086 - - 1771251613.420694113 1771251613.429256439 0
Feb 16 14:20:13 standalone account-server[127492]: 172.20.0.100 - - [16/Feb/2026:14:20:13 +0000] "PUT /d1/633/AUTH_cb248d3efa0243e4965462e374ae45fa/gnocchi.a5d19c2c-7fae-4ed5-aa52-4d6e0ad72932" 201 - "PUT http://172.20.0.100:6001/d1/846/AUTH_cb248d3efa0243e4965462e374ae45fa/gnocchi.a5d19c2c-7fae-4ed5-aa52-4d6e0ad72932" "tx67e8489a465a43edac869-006993279d" "container-server 21" 0.0056 "-" 14 0
Feb 16 14:20:13 standalone container-server[127639]: 172.20.0.100 - - [16/Feb/2026:14:20:13 +0000] "PUT /d1/846/AUTH_cb248d3efa0243e4965462e374ae45fa/gnocchi.a5d19c2c-7fae-4ed5-aa52-4d6e0ad72932" 201 - "PUT http://172.18.0.2:8080/v1/AUTH_cb248d3efa0243e4965462e374ae45fa/gnocchi.a5d19c2c-7fae-4ed5-aa52-4d6e0ad72932" "tx67e8489a465a43edac869-006993279d" "proxy-server 20" 0.0198 "-" 21 0
Feb 16 14:20:13 standalone proxy-server[129810]: 172.18.0.2 172.18.0.100 16/Feb/2026/14/20/13 PUT /v1/AUTH_cb248d3efa0243e4965462e374ae45fa/gnocchi.a5d19c2c-7fae-4ed5-aa52-4d6e0ad72932 HTTP/1.0 201 - python-swiftclient-3.11.1 gAAAAABpkybry4aT... - - - tx67e8489a465a43edac869-006993279d - 0.0243 - - 1771251613.431364775 1771251613.455706358 0
Feb 16 14:20:13 standalone container-server[127639]: 172.20.0.100 - - [16/Feb/2026:14:20:13 +0000] "HEAD /d1/846/AUTH_cb248d3efa0243e4965462e374ae45fa/gnocchi.a5d19c2c-7fae-4ed5-aa52-4d6e0ad72932" 204 - "HEAD http://172.18.0.2:8080/v1/AUTH_cb248d3efa0243e4965462e374ae45fa/gnocchi.a5d19c2c-7fae-4ed5-aa52-4d6e0ad72932?format=json&states=listing" "tx0a10f9d67fbd4fefbd899-006993279d" "proxy-server 20" 0.0016 "-" 21 0
Feb 16 14:20:13 standalone proxy-server[129810]: - - 16/Feb/2026/14/20/13 HEAD /v1/AUTH_cb248d3efa0243e4965462e374ae45fa/gnocchi.a5d19c2c-7fae-4ed5-aa52-4d6e0ad72932%3Fformat%3Djson%26states%3Dlisting HTTP/1.0 204 - Swift - - - - tx0a10f9d67fbd4fefbd899-006993279d - 0.0045 RL - 1771251613.460243464 1771251613.464708805 0
Feb 16 14:20:13 standalone container-server[127635]: 172.20.0.100 - - [16/Feb/2026:14:20:13 +0000] "GET /d1/846/AUTH_cb248d3efa0243e4965462e374ae45fa/gnocchi.a5d19c2c-7fae-4ed5-aa52-4d6e0ad72932" 200 2 "GET http://172.18.0.2:8080/v1/AUTH_cb248d3efa0243e4965462e374ae45fa/gnocchi.a5d19c2c-7fae-4ed5-aa52-4d6e0ad72932?format=json&states=listing" "tx0a10f9d67fbd4fefbd899-006993279d" "proxy-server 20" 0.0033 "-" 20 0
Feb 16 14:20:13 standalone proxy-server[129810]: 172.18.0.2 172.18.0.100 16/Feb/2026/14/20/13 GET /v1/AUTH_cb248d3efa0243e4965462e374ae45fa/gnocchi.a5d19c2c-7fae-4ed5-aa52-4d6e0ad72932%3Fformat%3Djson%26states%3Dlisting HTTP/1.0 200 - python-swiftclient-3.11.1 gAAAAABpkybry4aT... - 2 - tx0a10f9d67fbd4fefbd899-006993279d - 0.0165 - - 1771251613.459357738 1771251613.475860834 0
Feb 16 14:20:13 standalone object-server[127765]: 172.20.0.100 - - [16/Feb/2026:14:20:13 +0000] "GET /d1/423/AUTH_cb248d3efa0243e4965462e374ae45fa/gnocchi.a5d19c2c-7fae-4ed5-aa52-4d6e0ad72932/1771200000.0_mean_300.0_v3" 404 70 "GET http://172.18.0.2:8080/v1/AUTH_cb248d3efa0243e4965462e374ae45fa/gnocchi.a5d19c2c-7fae-4ed5-aa52-4d6e0ad72932/1771200000.0_mean_300.0_v3" "txab61826ccde8413ebe4b3-006993279d" "proxy-server 20" 0.0003 "-" 25 0
Feb 16 14:20:13 standalone proxy-server[129810]: 172.18.0.2 172.18.0.100 16/Feb/2026/14/20/13 GET /v1/AUTH_cb248d3efa0243e4965462e374ae45fa/gnocchi.a5d19c2c-7fae-4ed5-aa52-4d6e0ad72932/1771200000.0_mean_300.0_v3 HTTP/1.0 404 - python-swiftclient-3.11.1 gAAAAABpkybry4aT... - 70 - txab61826ccde8413ebe4b3-006993279d - 0.0051 - - 1771251613.479284286 1771251613.484373569 0
Feb 16 14:20:13 standalone container-server[127659]: 172.20.0.100 - - [16/Feb/2026:14:20:13 +0000] "PUT /d1/846/AUTH_cb248d3efa0243e4965462e374ae45fa/gnocchi.a5d19c2c-7fae-4ed5-aa52-4d6e0ad72932/1771200000.0_mean_300.0_v3" 201 - "PUT http://172.18.0.2:8080/d1/423/AUTH_cb248d3efa0243e4965462e374ae45fa/gnocchi.a5d19c2c-7fae-4ed5-aa52-4d6e0ad72932/1771200000.0_mean_300.0_v3" "tx18c3df4a55a749a8af659-006993279d" "object-server 24" 0.0006 "-" 23 0
Feb 16 14:20:13 standalone object-server[127764]: 172.20.0.100 - - [16/Feb/2026:14:20:13 +0000] "PUT /d1/423/AUTH_cb248d3efa0243e4965462e374ae45fa/gnocchi.a5d19c2c-7fae-4ed5-aa52-4d6e0ad72932/1771200000.0_mean_300.0_v3" 201 - "PUT http://172.18.0.2:8080/v1/AUTH_cb248d3efa0243e4965462e374ae45fa/gnocchi.a5d19c2c-7fae-4ed5-aa52-4d6e0ad72932/1771200000.0_mean_300.0_v3" "tx18c3df4a55a749a8af659-006993279d" "proxy-server 20" 0.0087 "-" 24 0
Feb 16 14:20:13 standalone proxy-server[129810]: 172.18.0.2 172.18.0.100 16/Feb/2026/14/20/13 PUT /v1/AUTH_cb248d3efa0243e4965462e374ae45fa/gnocchi.a5d19c2c-7fae-4ed5-aa52-4d6e0ad72932/1771200000.0_mean_300.0_v3 HTTP/1.0 201 - python-swiftclient-3.11.1 gAAAAABpkybry4aT... 16 - - tx18c3df4a55a749a8af659-006993279d - 0.0136 - - 1771251613.486838818 1771251613.500458241 0
Feb 16 14:20:13 standalone container-server[127653]: 172.20.0.100 - - [16/Feb/2026:14:20:13 +0000] "PUT /d1/846/AUTH_cb248d3efa0243e4965462e374ae45fa/gnocchi.a5d19c2c-7fae-4ed5-aa52-4d6e0ad72932/none_v3" 201 - "PUT http://172.18.0.2:8080/d1/932/AUTH_cb248d3efa0243e4965462e374ae45fa/gnocchi.a5d19c2c-7fae-4ed5-aa52-4d6e0ad72932/none_v3" "tx2933059deff74e96bd80f-006993279d" "object-server 22" 0.0005 "-" 22 0
Feb 16 14:20:13 standalone object-server[127760]: 172.20.0.100 - - [16/Feb/2026:14:20:13 +0000] "PUT /d1/932/AUTH_cb248d3efa0243e4965462e374ae45fa/gnocchi.a5d19c2c-7fae-4ed5-aa52-4d6e0ad72932/none_v3" 201 - "PUT http://172.18.0.2:8080/v1/AUTH_cb248d3efa0243e4965462e374ae45fa/gnocchi.a5d19c2c-7fae-4ed5-aa52-4d6e0ad72932/none_v3" "tx2933059deff74e96bd80f-006993279d" "proxy-server 20" 0.0097 "-" 22 0
Feb 16 14:20:13 standalone proxy-server[129810]: 172.18.0.2 172.18.0.100 16/Feb/2026/14/20/13 PUT /v1/AUTH_cb248d3efa0243e4965462e374ae45fa/gnocchi.a5d19c2c-7fae-4ed5-aa52-4d6e0ad72932/none_v3 HTTP/1.0 201 - python-swiftclient-3.11.1 gAAAAABpkybry4aT... 22 - - tx2933059deff74e96bd80f-006993279d - 0.0143 - - 1771251613.502802849 1771251613.517138720 0
Feb 16 14:20:13 standalone container-server[127659]: 172.20.0.100 - - [16/Feb/2026:14:20:13 +0000] "HEAD /d1/127/AUTH_cb248d3efa0243e4965462e374ae45fa/gnocchi.98247c93-9827-4196-876b-8fa233e130b9" 404 - "HEAD http://172.18.0.2:8080/v1/AUTH_cb248d3efa0243e4965462e374ae45fa/gnocchi.98247c93-9827-4196-876b-8fa233e130b9?format=json&states=listing" "txae2a927baa2a4c64aeeb4-006993279d" "proxy-server 20" 0.0003 "-" 23 0
Feb 16 14:20:13 standalone object-server[127764]: 172.20.0.100 - - [16/Feb/2026:14:20:13 +0000] "GET /d1/602/AUTH_cb248d3efa0243e4965462e374ae45fa/gnocchi.98247c93-9827-4196-876b-8fa233e130b9/none_v3" 404 70 "GET http://172.18.0.2:8080/v1/AUTH_cb248d3efa0243e4965462e374ae45fa/gnocchi.98247c93-9827-4196-876b-8fa233e130b9/none_v3" "txae2a927baa2a4c64aeeb4-006993279d" "proxy-server 20" 0.0004 "-" 24 0
