Feb 16 14:18:23 standalone container-server[127635]: 172.20.0.100 - - [16/Feb/2026:14:18:23 +0000] "PUT /d1/224/AUTH_cb248d3efa0243e4965462e374ae45fa/gnocchi.ef8ed027-099c-4c73-a548-16ed9c1bf623/none_v3" 201 - "PUT http://172.18.0.2:8080/d1/601/AUTH_cb248d3efa0243e4965462e374ae45fa/gnocchi.ef8ed027-099c-4c73-a548-16ed9c1bf623/none_v3" "tx898270112e564c1c9f510-006993272f" "object-server 22" 0.0008 "-" 20 0
Feb 16 14:18:23 standalone object-server[127760]: 172.20.0.100 - - [16/Feb/2026:14:18:23 +0000] "PUT /d1/601/AUTH_cb248d3efa0243e4965462e374ae45fa/gnocchi.ef8ed027-099c-4c73-a548-16ed9c1bf623/none_v3" 201 - "PUT http://172.18.0.2:8080/v1/AUTH_cb248d3efa0243e4965462e374ae45fa/gnocchi.ef8ed027-099c-4c73-a548-16ed9c1bf623/none_v3" "tx898270112e564c1c9f510-006993272f" "proxy-server 20" 0.0168 "-" 22 0
Feb 16 14:18:23 standalone proxy-server[129810]: 172.18.0.2 172.18.0.100 16/Feb/2026/14/18/23 PUT /v1/AUTH_cb248d3efa0243e4965462e374ae45fa/gnocchi.ef8ed027-099c-4c73-a548-16ed9c1bf623/none_v3 HTTP/1.0 201 - python-swiftclient-3.11.1 gAAAAABpkybry4aT... 22 - - tx898270112e564c1c9f510-006993272f - 0.0217 - - 1771251503.761734962 1771251503.783441067 0
Feb 16 14:18:23 standalone container-server[127659]: 172.20.0.100 - - [16/Feb/2026:14:18:23 +0000] "HEAD /d1/564/AUTH_cb248d3efa0243e4965462e374ae45fa/gnocchi.85c2eb4f-6c97-459f-a694-def0ecf99f27" 404 - "HEAD http://172.18.0.2:8080/v1/AUTH_cb248d3efa0243e4965462e374ae45fa/gnocchi.85c2eb4f-6c97-459f-a694-def0ecf99f27?format=json&states=listing" "txc6d728580eb3408187841-006993272f" "proxy-server 20" 0.0007 "-" 23 0
Feb 16 14:18:23 standalone object-server[127765]: 172.20.0.100 - - [16/Feb/2026:14:18:23 +0000] "GET /d1/274/AUTH_cb248d3efa0243e4965462e374ae45fa/gnocchi.85c2eb4f-6c97-459f-a694-def0ecf99f27/none_v3" 404 70 "GET http://172.18.0.2:8080/v1/AUTH_cb248d3efa0243e4965462e374ae45fa/gnocchi.85c2eb4f-6c97-459f-a694-def0ecf99f27/none_v3" "txc6d728580eb3408187841-006993272f" "proxy-server 20" 0.0005 "-" 25 0
Feb 16 14:18:23 standalone proxy-server[129810]: 172.18.0.2 172.18.0.100 16/Feb/2026/14/18/23 GET /v1/AUTH_cb248d3efa0243e4965462e374ae45fa/gnocchi.85c2eb4f-6c97-459f-a694-def0ecf99f27/none_v3 HTTP/1.0 404 - python-swiftclient-3.11.1 gAAAAABpkybry4aT... - 70 - txc6d728580eb3408187841-006993272f - 0.0104 - - 1771251503.795416594 1771251503.805838585 0
Feb 16 14:18:23 standalone account-server[127505]: 172.20.0.100 - - [16/Feb/2026:14:18:23 +0000] "PUT /d1/633/AUTH_cb248d3efa0243e4965462e374ae45fa/gnocchi.85c2eb4f-6c97-459f-a694-def0ecf99f27" 201 - "PUT http://172.20.0.100:6001/d1/564/AUTH_cb248d3efa0243e4965462e374ae45fa/gnocchi.85c2eb4f-6c97-459f-a694-def0ecf99f27" "tx75efcb989ce24fe1b1ddb-006993272f" "container-server 20" 0.0073 "-" 18 0
Feb 16 14:18:23 standalone container-server[127635]: 172.20.0.100 - - [16/Feb/2026:14:18:23 +0000] "PUT /d1/564/AUTH_cb248d3efa0243e4965462e374ae45fa/gnocchi.85c2eb4f-6c97-459f-a694-def0ecf99f27" 201 - "PUT http://172.18.0.2:8080/v1/AUTH_cb248d3efa0243e4965462e374ae45fa/gnocchi.85c2eb4f-6c97-459f-a694-def0ecf99f27" "tx75efcb989ce24fe1b1ddb-006993272f" "proxy-server 20" 0.0226 "-" 20 0
Feb 16 14:18:23 standalone proxy-server[129810]: 172.18.0.2 172.18.0.100 16/Feb/2026/14/18/23 PUT /v1/AUTH_cb248d3efa0243e4965462e374ae45fa/gnocchi.85c2eb4f-6c97-459f-a694-def0ecf99f27 HTTP/1.0 201 - python-swiftclient-3.11.1 gAAAAABpkybry4aT... - - - tx75efcb989ce24fe1b1ddb-006993272f - 0.0270 - - 1771251503.808413029 1771251503.835377693 0
Feb 16 14:18:23 standalone container-server[127653]: 172.20.0.100 - - [16/Feb/2026:14:18:23 +0000] "HEAD /d1/564/AUTH_cb248d3efa0243e4965462e374ae45fa/gnocchi.85c2eb4f-6c97-459f-a694-def0ecf99f27" 204 - "HEAD http://172.18.0.2:8080/v1/AUTH_cb248d3efa0243e4965462e374ae45fa/gnocchi.85c2eb4f-6c97-459f-a694-def0ecf99f27?format=json&states=listing" "tx66c0beb6aedb4a0bb52c2-006993272f" "proxy-server 20" 0.0031 "-" 22 0
Feb 16 14:18:23 standalone proxy-server[129810]: - - 16/Feb/2026/14/18/23 HEAD /v1/AUTH_cb248d3efa0243e4965462e374ae45fa/gnocchi.85c2eb4f-6c97-459f-a694-def0ecf99f27%3Fformat%3Djson%26states%3Dlisting HTTP/1.0 204 - Swift - - - - tx66c0beb6aedb4a0bb52c2-006993272f - 0.0068 RL - 1771251503.840163469 1771251503.847011328 0
Feb 16 14:18:23 standalone container-server[127639]: 172.20.0.100 - - [16/Feb/2026:14:18:23 +0000] "GET /d1/564/AUTH_cb248d3efa0243e4965462e374ae45fa/gnocchi.85c2eb4f-6c97-459f-a694-def0ecf99f27" 200 2 "GET http://172.18.0.2:8080/v1/AUTH_cb248d3efa0243e4965462e374ae45fa/gnocchi.85c2eb4f-6c97-459f-a694-def0ecf99f27?format=json&states=listing" "tx66c0beb6aedb4a0bb52c2-006993272f" "proxy-server 20" 0.0039 "-" 21 0
Feb 16 14:18:23 standalone proxy-server[129810]: 172.18.0.2 172.18.0.100 16/Feb/2026/14/18/23 GET /v1/AUTH_cb248d3efa0243e4965462e374ae45fa/gnocchi.85c2eb4f-6c97-459f-a694-def0ecf99f27%3Fformat%3Djson%26states%3Dlisting HTTP/1.0 200 - python-swiftclient-3.11.1 gAAAAABpkybry4aT... - 2 - tx66c0beb6aedb4a0bb52c2-006993272f - 0.0178 - - 1771251503.839416742 1771251503.857190132 0
Feb 16 14:18:23 standalone object-server[127760]: 172.20.0.100 - - [16/Feb/2026:14:18:23 +0000] "GET /d1/231/AUTH_cb248d3efa0243e4965462e374ae45fa/gnocchi.85c2eb4f-6c97-459f-a694-def0ecf99f27/1771200000.0_mean_300.0_v3" 404 70 "GET http://172.18.0.2:8080/v1/AUTH_cb248d3efa0243e4965462e374ae45fa/gnocchi.85c2eb4f-6c97-459f-a694-def0ecf99f27/1771200000.0_mean_300.0_v3" "tx1c92139c5fab4bc085361-006993272f" "proxy-server 20" 0.0005 "-" 22 0
Feb 16 14:18:23 standalone proxy-server[129810]: 172.18.0.2 172.18.0.100 16/Feb/2026/14/18/23 GET /v1/AUTH_cb248d3efa0243e4965462e374ae45fa/gnocchi.85c2eb4f-6c97-459f-a694-def0ecf99f27/1771200000.0_mean_300.0_v3 HTTP/1.0 404 - python-swiftclient-3.11.1 gAAAAABpkybry4aT... - 70 - tx1c92139c5fab4bc085361-006993272f - 0.0053 - - 1771251503.861042500 1771251503.866320133 0
Feb 16 14:18:23 standalone container-server[127653]: 172.20.0.100 - - [16/Feb/2026:14:18:23 +0000] "PUT /d1/564/AUTH_cb248d3efa0243e4965462e374ae45fa/gnocchi.85c2eb4f-6c97-459f-a694-def0ecf99f27/1771200000.0_mean_300.0_v3" 201 - "PUT http://172.18.0.2:8080/d1/231/AUTH_cb248d3efa0243e4965462e374ae45fa/gnocchi.85c2eb4f-6c97-459f-a694-def0ecf99f27/1771200000.0_mean_300.0_v3" "tx37d3dd2a379e40f29ec9a-006993272f" "object-server 22" 0.0009 "-" 22 0
Feb 16 14:18:23 standalone object-server[127760]: 172.20.0.100 - - [16/Feb/2026:14:18:23 +0000] "PUT /d1/231/AUTH_cb248d3efa0243e4965462e374ae45fa/gnocchi.85c2eb4f-6c97-459f-a694-def0ecf99f27/1771200000.0_mean_300.0_v3" 201 - "PUT http://172.18.0.2:8080/v1/AUTH_cb248d3efa0243e4965462e374ae45fa/gnocchi.85c2eb4f-6c97-459f-a694-def0ecf99f27/1771200000.0_mean_300.0_v3" "tx37d3dd2a379e40f29ec9a-006993272f" "proxy-server 20" 0.0126 "-" 22 0
Feb 16 14:18:23 standalone proxy-server[129810]: 172.18.0.2 172.18.0.100 16/Feb/2026/14/18/23 PUT /v1/AUTH_cb248d3efa0243e4965462e374ae45fa/gnocchi.85c2eb4f-6c97-459f-a694-def0ecf99f27/1771200000.0_mean_300.0_v3 HTTP/1.0 201 - python-swiftclient-3.11.1 gAAAAABpkybry4aT... 16 - - tx37d3dd2a379e40f29ec9a-006993272f - 0.0173 - - 1771251503.869117975 1771251503.886445999 0
Feb 16 14:18:23 standalone container-server[127635]: 172.20.0.100 - - [16/Feb/2026:14:18:23 +0000] "PUT /d1/564/AUTH_cb248d3efa0243e4965462e374ae45fa/gnocchi.85c2eb4f-6c97-459f-a694-def0ecf99f27/none_v3" 201 - "PUT http://172.18.0.2:8080/d1/274/AUTH_cb248d3efa0243e4965462e374ae45fa/gnocchi.85c2eb4f-6c97-459f-a694-def0ecf99f27/none_v3" "tx1742238e4192450aaef4d-006993272f" "object-server 23" 0.0007 "-" 20 0
Feb 16 14:18:23 standalone object-server[127761]: 172.20.0.100 - - [16/Feb/2026:14:18:23 +0000] "PUT /d1/274/AUTH_cb248d3efa0243e4965462e374ae45fa/gnocchi.85c2eb4f-6c97-459f-a694-def0ecf99f27/none_v3" 201 - "PUT http://172.18.0.2:8080/v1/AUTH_cb248d3efa0243e4965462e374ae45fa/gnocchi.85c2eb4f-6c97-459f-a694-def0ecf99f27/none_v3" "tx1742238e4192450aaef4d-006993272f" "proxy-server 20" 0.0145 "-" 23 0
Feb 16 14:18:23 standalone proxy-server[129810]: 172.18.0.2 172.18.0.100 16/Feb/2026/14/18/23 PUT /v1/AUTH_cb248d3efa0243e4965462e374ae45fa/gnocchi.85c2eb4f-6c97-459f-a694-def0ecf99f27/none_v3 HTTP/1.0 201 - python-swiftclient-3.11.1 gAAAAABpkybry4aT... 22 - - tx1742238e4192450aaef4d-006993272f - 0.0255 - - 1771251503.890271902 1771251503.915788889 0
Feb 16 14:18:23 standalone container-server[127659]: 172.20.0.100 - - [16/Feb/2026:14:18:23 +0000] "HEAD /d1/332/AUTH_cb248d3efa0243e4965462e374ae45fa/gnocchi.78bc6ba1-d9e5-41b5-b9f1-84910bede73e" 404 - "HEAD http://172.18.0.2:8080/v1/AUTH_cb248d3efa0243e4965462e374ae45fa/gnocchi.78bc6ba1-d9e5-41b5-b9f1-84910bede73e?format=json&states=listing" "txd21ec70143954dd0b4f06-006993272f" "proxy-server 20" 0.0007 "-" 23 0
Feb 16 14:18:23 standalone object-server[127760]: 172.20.0.100 - - [16/Feb/2026:14:18:23 +0000] "GET /d1/490/AUTH_cb248d3efa0243e4965462e374ae45fa/gnocchi.78bc6ba1-d9e5-41b5-b9f1-84910bede73e/none_v3" 404 70 "GET http://172.18.0.2:8080/v1/AUTH_cb248d3efa0243e4965462e374ae45fa/gnocchi.78bc6ba1-d9e5-41b5-b9f1-84910bede73e/none_v3" "txd21ec70143954dd0b4f06-006993272f" "proxy-server 20" 0.0005 "-" 22 0
Feb 16 14:18:23 standalone proxy-server[129810]: 172.18.0.2 172.18.0.100 16/Feb/2026/14/18/23 GET /v1/AUTH_cb248d3efa0243e4965462e374ae45fa/gnocchi.78bc6ba1-d9e5-41b5-b9f1-84910bede73e/none_v3 HTTP/1.0 404 - python-swiftclient-3.11.1 gAAAAABpkybry4aT... - 70 - txd21ec70143954dd0b4f06-006993272f - 0.0165 - - 1771251503.928656340 1771251503.945116997 0
Feb 16 14:18:23 standalone account-server[127541]: 172.20.0.100 - - [16/Feb/2026:14:18:23 +0000] "PUT /d1/633/AUTH_cb248d3efa0243e4965462e374ae45fa/gnocchi.78bc6ba1-d9e5-41b5-b9f1-84910bede73e" 201 - "PUT http://172.20.0.100:6001/d1/332/AUTH_cb248d3efa0243e4965462e374ae45fa/gnocchi.78bc6ba1-d9e5-41b5-b9f1-84910bede73e" "txb55993f9a4d248bd84b7b-006993272f" "container-server 21" 0.0074 "-" 20 0
Feb 16 14:18:23 standalone container-server[127639]: 172.20.0.100 - - [16/Feb/2026:14:18:23 +0000] "PUT /d1/332/AUTH_cb248d3efa0243e4965462e374ae45fa/gnocchi.78bc6ba1-d9e5-41b5-b9f1-84910bede73e" 201 - "PUT http://172.18.0.2:8080/v1/AUTH_cb248d3efa0243e4965462e374ae45fa/gnocchi.78bc6ba1-d9e5-41b5-b9f1-84910bede73e" "txb55993f9a4d248bd84b7b-006993272f" "proxy-server 20" 0.0219 "-" 21 0
Feb 16 14:18:23 standalone proxy-server[129810]: 172.18.0.2 172.18.0.100 16/Feb/2026/14/18/23 PUT /v1/AUTH_cb248d3efa0243e4965462e374ae45fa/gnocchi.78bc6ba1-d9e5-41b5-b9f1-84910bede73e HTTP/1.0 201 - python-swiftclient-3.11.1 gAAAAABpkybry4aT... - - - txb55993f9a4d248bd84b7b-006993272f - 0.0315 - - 1771251503.949262619 1771251503.980725050 0
Feb 16 14:18:23 standalone container-server[127659]: 172.20.0.100 - - [16/Feb/2026:14:18:23 +0000] "HEAD /d1/332/AUTH_cb248d3efa0243e4965462e374ae45fa/gnocchi.78bc6ba1-d9e5-41b5-b9f1-84910bede73e" 204 - "HEAD http://172.18.0.2:8080/v1/AUTH_cb248d3efa0243e4965462e374ae45fa/gnocchi.78bc6ba1-d9e5-41b5-b9f1-84910bede73e?format=json&states=listing" "tx90e6499460c44f5898ea0-006993272f" "proxy-server 20" 0.0027 "-" 23 0
Feb 16 14:18:23 standalone proxy-server[129810]: - - 16/Feb/2026/14/18/23 HEAD /v1/AUTH_cb248d3efa0243e4965462e374ae45fa/gnocchi.78bc6ba1-d9e5-41b5-b9f1-84910bede73e%3Fformat%3Djson%26states%3Dlisting HTTP/1.0 204 - Swift - - - - tx90e6499460c44f5898ea0-006993272f - 0.0090 RL - 1771251503.989198923 1771251503.998164415 0
Feb 16 14:18:24 standalone container-server[127639]: 172.20.0.100 - - [16/Feb/2026:14:18:24 +0000] "GET /d1/332/AUTH_cb248d3efa0243e4965462e374ae45fa/gnocchi.78bc6ba1-d9e5-41b5-b9f1-84910bede73e" 200 2 "GET http://172.18.0.2:8080/v1/AUTH_cb248d3efa0243e4965462e374ae45fa/gnocchi.78bc6ba1-d9e5-41b5-b9f1-84910bede73e?format=json&states=listing" "tx90e6499460c44f5898ea0-006993272f" "proxy-server 20" 0.0042 "-" 21 0
Feb 16 14:18:24 standalone proxy-server[129810]: 172.18.0.2 172.18.0.100 16/Feb/2026/14/18/24 GET /v1/AUTH_cb248d3efa0243e4965462e374ae45fa/gnocchi.78bc6ba1-d9e5-41b5-b9f1-84910bede73e%3Fformat%3Djson%26states%3Dlisting HTTP/1.0 200 - python-swiftclient-3.11.1 gAAAAABpkybry4aT... - 2 - tx90e6499460c44f5898ea0-006993272f - 0.0276 - - 1771251503.986842155 1771251504.014460564 0
Feb 16 14:18:24 standalone object-server[127761]: 172.20.0.100 - - [16/Feb/2026:14:18:24 +0000] "GET /d1/796/AUTH_cb248d3efa0243e4965462e374ae45fa/gnocchi.78bc6ba1-d9e5-41b5-b9f1-84910bede73e/1771200000.0_mean_300.0_v3" 404 70 "GET http://172.18.0.2:8080/v1/AUTH_cb248d3efa0243e4965462e374ae45fa/gnocchi.78bc6ba1-d9e5-41b5-b9f1-84910bede73e/1771200000.0_mean_300.0_v3" "txaff8a4dccf9d4288850c9-0069932730" "proxy-server 20" 0.0005 "-" 23 0
Feb 16 14:18:24 standalone proxy-server[129810]: 172.18.0.2 172.18.0.100 16/Feb/2026/14/18/24 GET /v1/AUTH_cb248d3efa0243e4965462e374ae45fa/gnocchi.78bc6ba1-d9e5-41b5-b9f1-84910bede73e/1771200000.0_mean_300.0_v3 HTTP/1.0 404 - python-swiftclient-3.11.1 gAAAAABpkybry4aT... - 70 - txaff8a4dccf9d4288850c9-0069932730 - 0.0090 - - 1771251504.021356821 1771251504.030373573 0
Feb 16 14:18:24 standalone container-server[127635]: 172.20.0.100 - - [16/Feb/2026:14:18:24 +0000] "PUT /d1/332/AUTH_cb248d3efa0243e4965462e374ae45fa/gnocchi.78bc6ba1-d9e5-41b5-b9f1-84910bede73e/1771200000.0_mean_300.0_v3" 201 - "PUT http://172.18.0.2:8080/d1/796/AUTH_cb248d3efa0243e4965462e374ae45fa/gnocchi.78bc6ba1-d9e5-41b5-b9f1-84910bede73e/1771200000.0_mean_300.0_v3" "txe6d6de0a3b6240d685b3d-0069932730" "object-server 24" 0.0012 "-" 20 0
Feb 16 14:18:24 standalone object-server[127764]: 172.20.0.100 - - [16/Feb/2026:14:18:24 +0000] "PUT /d1/796/AUTH_cb248d3efa0243e4965462e374ae45fa/gnocchi.78bc6ba1-d9e5-41b5-b9f1-84910bede73e/1771200000.0_mean_300.0_v3" 201 - "PUT http://172.18.0.2:8080/v1/AUTH_cb248d3efa0243e4965462e374ae45fa/gnocchi.78bc6ba1-d9e5-41b5-b9f1-84910bede73e/1771200000.0_mean_300.0_v3" "txe6d6de0a3b6240d685b3d-0069932730" "proxy-server 20" 0.0152 "-" 24 0
Feb 16 14:18:24 standalone proxy-server[129810]: 172.18.0.2 172.18.0.100 16/Feb/2026/14/18/24 PUT /v1/AUTH_cb248d3efa0243e4965462e374ae45fa/gnocchi.78bc6ba1-d9e5-41b5-b9f1-84910bede73e/1771200000.0_mean_300.0_v3 HTTP/1.0 201 - python-swiftclient-3.11.1 gAAAAABpkybry4aT... 16 - - txe6d6de0a3b6240d685b3d-0069932730 - 0.0267 - - 1771251504.035952568 1771251504.062643051 0
Feb 16 14:18:24 standalone container-server[127653]: 172.20.0.100 - - [16/Feb/2026:14:18:24 +0000] "PUT /d1/332/AUTH_cb248d3efa0243e4965462e374ae45fa/gnocchi.78bc6ba1-d9e5-41b5-b9f1-84910bede73e/none_v3" 201 - "PUT http://172.18.0.2:8080/d1/490/AUTH_cb248d3efa0243e4965462e374ae45fa/gnocchi.78bc6ba1-d9e5-41b5-b9f1-84910bede73e/none_v3" "tx13632cdcda804ecf81b86-0069932730" "object-server 22" 0.0006 "-" 22 0
Feb 16 14:18:24 standalone object-server[127760]: 172.20.0.100 - - [16/Feb/2026:14:18:24 +0000] "PUT /d1/490/AUTH_cb248d3efa0243e4965462e374ae45fa/gnocchi.78bc6ba1-d9e5-41b5-b9f1-84910bede73e/none_v3" 201 - "PUT http://172.18.0.2:8080/v1/AUTH_cb248d3efa0243e4965462e374ae45fa/gnocchi.78bc6ba1-d9e5-41b5-b9f1-84910bede73e/none_v3" "tx13632cdcda804ecf81b86-0069932730" "proxy-server 20" 0.0179 "-" 22 0
Feb 16 14:18:24 standalone proxy-server[129810]: 172.18.0.2 172.18.0.100 16/Feb/2026/14/18/24 PUT /v1/AUTH_cb248d3efa0243e4965462e374ae45fa/gnocchi.78bc6ba1-d9e5-41b5-b9f1-84910bede73e/none_v3 HTTP/1.0 201 - python-swiftclient-3.11.1 gAAAAABpkybry4aT... 22 - - tx13632cdcda804ecf81b86-0069932730 - 0.0288 - - 1771251504.067903280 1771251504.096729994 0
Feb 16 14:18:24 standalone container-server[127659]: 172.20.0.100 - - [16/Feb/2026:14:18:24 +0000] "HEAD /d1/454/AUTH_cb248d3efa0243e4965462e374ae45fa/gnocchi.f0accb8f-dc05-4e18-9584-c0fca96e15ae" 404 - "HEAD http://172.18.0.2:8080/v1/AUTH_cb248d3efa0243e4965462e374ae45fa/gnocchi.f0accb8f-dc05-4e18-9584-c0fca96e15ae?format=json&states=listing" "txc74c5d22363643998ebd8-0069932730" "proxy-server 20" 0.0009 "-" 23 0
Feb 16 14:18:24 standalone object-server[127765]: 172.20.0.100 - - [16/Feb/2026:14:18:24 +0000] "GET /d1/624/AUTH_cb248d3efa0243e4965462e374ae45fa/gnocchi.f0accb8f-dc05-4e18-9584-c0fca96e15ae/none_v3" 404 70 "GET http://172.18.0.2:8080/v1/AUTH_cb248d3efa0243e4965462e374ae45fa/gnocchi.f0accb8f-dc05-4e18-9584-c0fca96e15ae/none_v3" "txc74c5d22363643998ebd8-0069932730" "proxy-server 20" 0.0005 "-" 25 0
Feb 16 14:18:24 standalone proxy-server[129810]: 172.18.0.2 172.18.0.100 16/Feb/2026/14/18/24 GET /v1/AUTH_cb248d3efa0243e4965462e374ae45fa/gnocchi.f0accb8f-dc05-4e18-9584-c0fca96e15ae/none_v3 HTTP/1.0 404 - python-swiftclient-3.11.1 gAAAAABpkybry4aT... - 70 - txc74c5d22363643998ebd8-0069932730 - 0.0173 - - 1771251504.108056545 1771251504.125373840 0
Feb 16 14:18:24 standalone account-server[127505]: 172.20.0.100 - - [16/Feb/2026:14:18:24 +0000] "PUT /d1/633/AUTH_cb248d3efa0243e4965462e374ae45fa/gnocchi.f0accb8f-dc05-4e18-9584-c0fca96e15ae" 201 - "PUT http://172.20.0.100:6001/d1/454/AUTH_cb248d3efa0243e4965462e374ae45fa/gnocchi.f0accb8f-dc05-4e18-9584-c0fca96e15ae" "txf7762d6b280c453099d3a-0069932730" "container-server 22" 0.0066 "-" 18 0
Feb 16 14:18:24 standalone container-server[127653]: 172.20.0.100 - - [16/Feb/2026:14:18:24 +0000] "PUT /d1/454/AUTH_cb248d3efa0243e4965462e374ae45fa/gnocchi.f0accb8f-dc05-4e18-9584-c0fca96e15ae" 201 - "PUT http://172.18.0.2:8080/v1/AUTH_cb248d3efa0243e4965462e374ae45fa/gnocchi.f0accb8f-dc05-4e18-9584-c0fca96e15ae" "txf7762d6b280c453099d3a-0069932730" "proxy-server 20" 0.0220 "-" 22 0
Feb 16 14:18:24 standalone proxy-server[129810]: 172.18.0.2 172.18.0.100 16/Feb/2026/14/18/24 PUT /v1/AUTH_cb248d3efa0243e4965462e374ae45fa/gnocchi.f0accb8f-dc05-4e18-9584-c0fca96e15ae HTTP/1.0 201 - python-swiftclient-3.11.1 gAAAAABpkybry4aT... - - - txf7762d6b280c453099d3a-0069932730 - 0.0307 - - 1771251504.128818274 1771251504.159499407 0
Feb 16 14:18:24 standalone container-server[127639]: 172.20.0.100 - - [16/Feb/2026:14:18:24 +0000] "HEAD /d1/454/AUTH_cb248d3efa0243e4965462e374ae45fa/gnocchi.f0accb8f-dc05-4e18-9584-c0fca96e15ae" 204 - "HEAD http://172.18.0.2:8080/v1/AUTH_cb248d3efa0243e4965462e374ae45fa/gnocchi.f0accb8f-dc05-4e18-9584-c0fca96e15ae?format=json&states=listing" "txa28e4c0937844355b2ae3-0069932730" "proxy-server 20" 0.0026 "-" 21 0
Feb 16 14:18:24 standalone proxy-server[129810]: - - 16/Feb/2026/14/18/24 HEAD /v1/AUTH_cb248d3efa0243e4965462e374ae45fa/gnocchi.f0accb8f-dc05-4e18-9584-c0fca96e15ae%3Fformat%3Djson%26states%3Dlisting HTTP/1.0 204 - Swift - - - - txa28e4c0937844355b2ae3-0069932730 - 0.0094 RL - 1771251504.167118311 1771251504.176529169 0
Feb 16 14:18:24 standalone container-server[127635]: 172.20.0.100 - - [16/Feb/2026:14:18:24 +0000] "GET /d1/454/AUTH_cb248d3efa0243e4965462e374ae45fa/gnocchi.f0accb8f-dc05-4e18-9584-c0fca96e15ae" 200 2 "GET http://172.18.0.2:8080/v1/AUTH_cb248d3efa0243e4965462e374ae45fa/gnocchi.f0accb8f-dc05-4e18-9584-c0fca96e15ae?format=json&states=listing" "txa28e4c0937844355b2ae3-0069932730" "proxy-server 20" 0.0049 "-" 20 0
Feb 16 14:18:24 standalone proxy-server[129810]: 172.18.0.2 172.18.0.100 16/Feb/2026/14/18/24 GET /v1/AUTH_cb248d3efa0243e4965462e374ae45fa/gnocchi.f0accb8f-dc05-4e18-9584-c0fca96e15ae%3Fformat%3Djson%26states%3Dlisting HTTP/1.0 200 - python-swiftclient-3.11.1 gAAAAABpkybry4aT... - 2 - txa28e4c0937844355b2ae3-0069932730 - 0.0278 - - 1771251504.165011168 1771251504.192820072 0
Feb 16 14:18:24 standalone object-server[127761]: 172.20.0.100 - - [16/Feb/2026:14:18:24 +0000] "GET /d1/745/AUTH_cb248d3efa0243e4965462e374ae45fa/gnocchi.f0accb8f-dc05-4e18-9584-c0fca96e15ae/1771200000.0_mean_300.0_v3" 404 70 "GET http://172.18.0.2:8080/v1/AUTH_cb248d3efa0243e4965462e374ae45fa/gnocchi.f0accb8f-dc05-4e18-9584-c0fca96e15ae/1771200000.0_mean_300.0_v3" "txa3d7a5f3084f43cdaa85e-0069932730" "proxy-server 20" 0.0005 "-" 23 0
Feb 16 14:18:24 standalone proxy-server[129810]: 172.18.0.2 172.18.0.100 16/Feb/2026/14/18/24 GET /v1/AUTH_cb248d3efa0243e4965462e374ae45fa/gnocchi.f0accb8f-dc05-4e18-9584-c0fca96e15ae/1771200000.0_mean_300.0_v3 HTTP/1.0 404 - python-swiftclient-3.11.1 gAAAAABpkybry4aT... - 70 - txa3d7a5f3084f43cdaa85e-0069932730 - 0.0112 - - 1771251504.199265003 1771251504.210440874 0
Feb 16 14:18:24 standalone container-server[127653]: 172.20.0.100 - - [16/Feb/2026:14:18:24 +0000] "PUT /d1/454/AUTH_cb248d3efa0243e4965462e374ae45fa/gnocchi.f0accb8f-dc05-4e18-9584-c0fca96e15ae/1771200000.0_mean_300.0_v3" 201 - "PUT http://172.18.0.2:8080/d1/745/AUTH_cb248d3efa0243e4965462e374ae45fa/gnocchi.f0accb8f-dc05-4e18-9584-c0fca96e15ae/1771200000.0_mean_300.0_v3" "txe62ed728da554398ab50f-0069932730" "object-server 22" 0.0013 "-" 22 0
Feb 16 14:18:24 standalone object-server[127760]: 172.20.0.100 - - [16/Feb/2026:14:18:24 +0000] "PUT /d1/745/AUTH_cb248d3efa0243e4965462e374ae45fa/gnocchi.f0accb8f-dc05-4e18-9584-c0fca96e15ae/1771200000.0_mean_300.0_v3" 201 - "PUT http://172.18.0.2:8080/v1/AUTH_cb248d3efa0243e4965462e374ae45fa/gnocchi.f0accb8f-dc05-4e18-9584-c0fca96e15ae/1771200000.0_mean_300.0_v3" "txe62ed728da554398ab50f-0069932730" "proxy-server 20" 0.0166 "-" 22 0
Feb 16 14:18:24 standalone proxy-server[129810]: 172.18.0.2 172.18.0.100 16/Feb/2026/14/18/24 PUT /v1/AUTH_cb248d3efa0243e4965462e374ae45fa/gnocchi.f0accb8f-dc05-4e18-9584-c0fca96e15ae/1771200000.0_mean_300.0_v3 HTTP/1.0 201 - python-swiftclient-3.11.1 gAAAAABpkybry4aT... 16 - - txe62ed728da554398ab50f-0069932730 - 0.0267 - - 1771251504.220444679 1771251504.247165442 0
Feb 16 14:18:24 standalone container-server[127653]: 172.20.0.100 - - [16/Feb/2026:14:18:24 +0000] "PUT /d1/454/AUTH_cb248d3efa0243e4965462e374ae45fa/gnocchi.f0accb8f-dc05-4e18-9584-c0fca96e15ae/none_v3" 201 - "PUT http://172.18.0.2:8080/d1/624/AUTH_cb248d3efa0243e4965462e374ae45fa/gnocchi.f0accb8f-dc05-4e18-9584-c0fca96e15ae/none_v3" "tx66f0436333854b4eb4ec9-0069932730" "object-server 24" 0.0018 "-" 22 0
Feb 16 14:18:24 standalone object-server[127764]: 172.20.0.100 - - [16/Feb/2026:14:18:24 +0000] "PUT /d1/624/AUTH_cb248d3efa0243e4965462e374ae45fa/gnocchi.f0accb8f-dc05-4e18-9584-c0fca96e15ae/none_v3" 201 - "PUT http://172.18.0.2:8080/v1/AUTH_cb248d3efa0243e4965462e374ae45fa/gnocchi.f0accb8f-dc05-4e18-9584-c0fca96e15ae/none_v3" "tx66f0436333854b4eb4ec9-0069932730" "proxy-server 20" 0.0183 "-" 24 0
Feb 16 14:18:24 standalone proxy-server[129810]: 172.18.0.2 172.18.0.100 16/Feb/2026/14/18/24 PUT /v1/AUTH_cb248d3efa0243e4965462e374ae45fa/gnocchi.f0accb8f-dc05-4e18-9584-c0fca96e15ae/none_v3 HTTP/1.0 201 - python-swiftclient-3.11.1 gAAAAABpkybry4aT... 22 - - tx66f0436333854b4eb4ec9-0069932730 - 0.0280 - - 1771251504.252039194 1771251504.280025959 0
Feb 16 14:18:54 standalone container-server[127659]: 172.20.0.100 - - [16/Feb/2026:14:18:54 +0000] "HEAD /d1/230/AUTH_cb248d3efa0243e4965462e374ae45fa/gnocchi.4ae83da8-edea-4cc1-861a-566ed4e25d79" 404 - "HEAD http://172.18.0.2:8080/v1/AUTH_cb248d3efa0243e4965462e374ae45fa/gnocchi.4ae83da8-edea-4cc1-861a-566ed4e25d79?format=json&states=listing" "txc8bb8b800a4847f8a3914-006993274e" "proxy-server 20" 0.0006 "-" 23 0
Feb 16 14:18:54 standalone object-server[127764]: 172.20.0.100 - - [16/Feb/2026:14:18:54 +0000] "GET /d1/306/AUTH_cb248d3efa0243e4965462e374ae45fa/gnocchi.4ae83da8-edea-4cc1-861a-566ed4e25d79/none_v3" 404 70 "GET http://172.18.0.2:8080/v1/AUTH_cb248d3efa0243e4965462e374ae45fa/gnocchi.4ae83da8-edea-4cc1-861a-566ed4e25d79/none_v3" "txc8bb8b800a4847f8a3914-006993274e" "proxy-server 20" 0.0006 "-" 24 0
Feb 16 14:18:54 standalone proxy-server[129810]: 172.18.0.2 172.18.0.100 16/Feb/2026/14/18/54 GET /v1/AUTH_cb248d3efa0243e4965462e374ae45fa/gnocchi.4ae83da8-edea-4cc1-861a-566ed4e25d79/none_v3 HTTP/1.0 404 - python-swiftclient-3.11.1 gAAAAABpkybry4aT... - 70 - txc8bb8b800a4847f8a3914-006993274e - 0.0180 - - 1771251534.655085802 1771251534.673132896 0
Feb 16 14:18:54 standalone account-server[127492]: 172.20.0.100 - - [16/Feb/2026:14:18:54 +0000] "PUT /d1/633/AUTH_cb248d3efa0243e4965462e374ae45fa/gnocchi.4ae83da8-edea-4cc1-861a-566ed4e25d79" 201 - "PUT http://172.20.0.100:6001/d1/230/AUTH_cb248d3efa0243e4965462e374ae45fa/gnocchi.4ae83da8-edea-4cc1-861a-566ed4e25d79" "tx4de6d57594864b5780acb-006993274e" "container-server 20" 0.0069 "-" 14 0
Feb 16 14:18:54 standalone container-server[127635]: 172.20.0.100 - - [16/Feb/2026:14:18:54 +0000] "PUT /d1/230/AUTH_cb248d3efa0243e4965462e374ae45fa/gnocchi.4ae83da8-edea-4cc1-861a-566ed4e25d79" 201 - "PUT http://172.18.0.2:8080/v1/AUTH_cb248d3efa0243e4965462e374ae45fa/gnocchi.4ae83da8-edea-4cc1-861a-566ed4e25d79" "tx4de6d57594864b5780acb-006993274e" "proxy-server 20" 0.0216 "-" 20 0
Feb 16 14:18:54 standalone proxy-server[129810]: 172.18.0.2 172.18.0.100 16/Feb/2026/14/18/54 PUT /v1/AUTH_cb248d3efa0243e4965462e374ae45fa/gnocchi.4ae83da8-edea-4cc1-861a-566ed4e25d79 HTTP/1.0 201 - python-swiftclient-3.11.1 gAAAAABpkybry4aT... - - - tx4de6d57594864b5780acb-006993274e - 0.0275 - - 1771251534.677535057 1771251534.705031872 0
Feb 16 14:18:54 standalone container-server[127639]: 172.20.0.100 - - [16/Feb/2026:14:18:54 +0000] "HEAD /d1/230/AUTH_cb248d3efa0243e4965462e374ae45fa/gnocchi.4ae83da8-edea-4cc1-861a-566ed4e25d79" 204 - "HEAD http://172.18.0.2:8080/v1/AUTH_cb248d3efa0243e4965462e374ae45fa/gnocchi.4ae83da8-edea-4cc1-861a-566ed4e25d79?format=json&states=listing" "txb1d0ba834bd24e8e9eccc-006993274e" "proxy-server 20" 0.0012 "-" 21 0
Feb 16 14:18:54 standalone proxy-server[129810]: - - 16/Feb/2026/14/18/54 HEAD /v1/AUTH_cb248d3efa0243e4965462e374ae45fa/gnocchi.4ae83da8-edea-4cc1-861a-566ed4e25d79%3Fformat%3Djson%26states%3Dlisting HTTP/1.0 204 - Swift - - - - txb1d0ba834bd24e8e9eccc-006993274e - 0.0053 RL - 1771251534.710866690 1771251534.716186523 0
Feb 16 14:18:54 standalone container-server[127659]: 172.20.0.100 - - [16/Feb/2026:14:18:54 +0000] "GET /d1/230/AUTH_cb248d3efa0243e4965462e374ae45fa/gnocchi.4ae83da8-edea-4cc1-861a-566ed4e25d79" 200 2 "GET http://172.18.0.2:8080/v1/AUTH_cb248d3efa0243e4965462e374ae45fa/gnocchi.4ae83da8-edea-4cc1-861a-566ed4e25d79?format=json&states=listing" "txb1d0ba834bd24e8e9eccc-006993274e" "proxy-server 20" 0.0023 "-" 23 0
Feb 16 14:18:54 standalone proxy-server[129810]: 172.18.0.2 172.18.0.100 16/Feb/2026/14/18/54 GET /v1/AUTH_cb248d3efa0243e4965462e374ae45fa/gnocchi.4ae83da8-edea-4cc1-861a-566ed4e25d79%3Fformat%3Djson%26states%3Dlisting HTTP/1.0 200 - python-swiftclient-3.11.1 gAAAAABpkybry4aT... - 2 - txb1d0ba834bd24e8e9eccc-006993274e - 0.0181 - - 1771251534.709470510 1771251534.727618217 0
Feb 16 14:18:54 standalone object-server[127761]: 172.20.0.100 - - [16/Feb/2026:14:18:54 +0000] "GET /d1/642/AUTH_cb248d3efa0243e4965462e374ae45fa/gnocchi.4ae83da8-edea-4cc1-861a-566ed4e25d79/1771200000.0_mean_300.0_v3" 404 70 "GET http://172.18.0.2:8080/v1/AUTH_cb248d3efa0243e4965462e374ae45fa/gnocchi.4ae83da8-edea-4cc1-861a-566ed4e25d79/1771200000.0_mean_300.0_v3" "tx46035f9bd6d1419d8b07c-006993274e" "proxy-server 20" 0.0004 "-" 23 0
Feb 16 14:18:54 standalone proxy-server[129810]: 172.18.0.2 172.18.0.100 16/Feb/2026/14/18/54 GET /v1/AUTH_cb248d3efa0243e4965462e374ae45fa/gnocchi.4ae83da8-edea-4cc1-861a-566ed4e25d79/1771200000.0_mean_300.0_v3 HTTP/1.0 404 - python-swiftclient-3.11.1 gAAAAABpkybry4aT... - 70 - tx46035f9bd6d1419d8b07c-006993274e - 0.0073 - - 1771251534.733767509 1771251534.741094828 0
Feb 16 14:18:54 standalone container-server[127639]: 172.20.0.100 - - [16/Feb/2026:14:18:54 +0000] "PUT /d1/230/AUTH_cb248d3efa0243e4965462e374ae45fa/gnocchi.4ae83da8-edea-4cc1-861a-566ed4e25d79/1771200000.0_mean_300.0_v3" 201 - "PUT http://172.18.0.2:8080/d1/642/AUTH_cb248d3efa0243e4965462e374ae45fa/gnocchi.4ae83da8-edea-4cc1-861a-566ed4e25d79/1771200000.0_mean_300.0_v3" "tx8e6a47b46aca4ca599324-006993274e" "object-server 25" 0.0008 "-" 21 0
Feb 16 14:18:54 standalone object-server[127765]: 172.20.0.100 - - [16/Feb/2026:14:18:54 +0000] "PUT /d1/642/AUTH_cb248d3efa0243e4965462e374ae45fa/gnocchi.4ae83da8-edea-4cc1-861a-566ed4e25d79/1771200000.0_mean_300.0_v3" 201 - "PUT http://172.18.0.2:8080/v1/AUTH_cb248d3efa0243e4965462e374ae45fa/gnocchi.4ae83da8-edea-4cc1-861a-566ed4e25d79/1771200000.0_mean_300.0_v3" "tx8e6a47b46aca4ca599324-006993274e" "proxy-server 20" 0.0141 "-" 25 0
Feb 16 14:18:54 standalone proxy-server[129810]: 172.18.0.2 172.18.0.100 16/Feb/2026/14/18/54 PUT /v1/AUTH_cb248d3efa0243e4965462e374ae45fa/gnocchi.4ae83da8-edea-4cc1-861a-566ed4e25d79/1771200000.0_mean_300.0_v3 HTTP/1.0 201 - python-swiftclient-3.11.1 gAAAAABpkybry4aT... 16 - - tx8e6a47b46aca4ca599324-006993274e - 0.0203 - - 1771251534.745893002 1771251534.766168833 0
Feb 16 14:18:54 standalone container-server[127653]: 172.20.0.100 - - [16/Feb/2026:14:18:54 +0000] "PUT /d1/230/AUTH_cb248d3efa0243e4965462e374ae45fa/gnocchi.4ae83da8-edea-4cc1-861a-566ed4e25d79/none_v3" 201 - "PUT http://172.18.0.2:8080/d1/306/AUTH_cb248d3efa0243e4965462e374ae45fa/gnocchi.4ae83da8-edea-4cc1-861a-566ed4e25d79/none_v3" "txbe645da8235f4ce99453a-006993274e" "object-server 23" 0.0009 "-" 22 0
Feb 16 14:18:54 standalone object-server[127761]: 172.20.0.100 - - [16/Feb/2026:14:18:54 +0000] "PUT /d1/306/AUTH_cb248d3efa0243e4965462e374ae45fa/gnocchi.4ae83da8-edea-4cc1-861a-566ed4e25d79/none_v3" 201 - "PUT http://172.18.0.2:8080/v1/AUTH_cb248d3efa0243e4965462e374ae45fa/gnocchi.4ae83da8-edea-4cc1-861a-566ed4e25d79/none_v3" "txbe645da8235f4ce99453a-006993274e" "proxy-server 20" 0.0139 "-" 23 0
Feb 16 14:18:54 standalone proxy-server[129810]: 172.18.0.2 172.18.0.100 16/Feb/2026/14/18/54 PUT /v1/AUTH_cb248d3efa0243e4965462e374ae45fa/gnocchi.4ae83da8-edea-4cc1-861a-566ed4e25d79/none_v3 HTTP/1.0 201 - python-swiftclient-3.11.1 gAAAAABpkybry4aT... 22 - - txbe645da8235f4ce99453a-006993274e - 0.0201 - - 1771251534.770120144 1771251534.790241003 0
Feb 16 14:18:54 standalone object-server[127761]: 172.20.0.100 - - [16/Feb/2026:14:18:54 +0000] "GET /d1/546/AUTH_cb248d3efa0243e4965462e374ae45fa/gnocchi.6448d881-f37b-4697-9063-2ae5399dd237/none_v3" 200 22 "GET http://172.18.0.2:8080/v1/AUTH_cb248d3efa0243e4965462e374ae45fa/gnocchi.6448d881-f37b-4697-9063-2ae5399dd237/none_v3" "tx3ba2295d02f4405a8a65b-006993274e" "proxy-server 20" 0.0008 "-" 23 0
Feb 16 14:18:54 standalone proxy-server[129810]: 172.18.0.2 172.18.0.100 16/Feb/2026/14/18/54 GET /v1/AUTH_cb248d3efa0243e4965462e374ae45fa/gnocchi.6448d881-f37b-4697-9063-2ae5399dd237/none_v3 HTTP/1.0 200 - python-swiftclient-3.11.1 gAAAAABpkybry4aT... - 22 - tx3ba2295d02f4405a8a65b-006993274e - 0.0078 - - 1771251534.899555922 1771251534.907350779 0
Feb 16 14:18:54 standalone container-server[127639]: 172.20.0.100 - - [16/Feb/2026:14:18:54 +0000] "GET /d1/109/AUTH_cb248d3efa0243e4965462e374ae45fa/gnocchi.6448d881-f37b-4697-9063-2ae5399dd237" 200 357 "GET http://172.18.0.2:8080/v1/AUTH_cb248d3efa0243e4965462e374ae45fa/gnocchi.6448d881-f37b-4697-9063-2ae5399dd237?format=json&states=listing" "tx0702f5b5a333493ea357a-006993274e" "proxy-server 20" 0.0113 "-" 21 0
Feb 16 14:18:54 standalone proxy-server[129810]: 172.18.0.2 172.18.0.100 16/Feb/2026/14/18/54 GET /v1/AUTH_cb248d3efa0243e4965462e374ae45fa/gnocchi.6448d881-f37b-4697-9063-2ae5399dd237%3Fformat%3Djson%26states%3Dlisting HTTP/1.0 200 - python-swiftclient-3.11.1 gAAAAABpkybry4aT... - 357 - tx0702f5b5a333493ea357a-006993274e - 0.0177 - - 1771251534.912191629 1771251534.929928303 0
Feb 16 14:18:54 standalone container-server[127635]: 172.20.0.100 - - [16/Feb/2026:14:18:54 +0000] "GET /d1/109/AUTH_cb248d3efa0243e4965462e374ae45fa/gnocchi.6448d881-f37b-4697-9063-2ae5399dd237" 200 2 "GET http://172.18.0.2:8080/v1/AUTH_cb248d3efa0243e4965462e374ae45fa/gnocchi.6448d881-f37b-4697-9063-2ae5399dd237?format=json&marker=none_v3&states=listing" "tx4e00665435c047e9a0735-006993274e" "proxy-server 20" 0.0035 "-" 20 0
Feb 16 14:18:54 standalone proxy-server[129810]: 172.18.0.2 172.18.0.100 16/Feb/2026/14/18/54 GET /v1/AUTH_cb248d3efa0243e4965462e374ae45fa/gnocchi.6448d881-f37b-4697-9063-2ae5399dd237%3Fformat%3Djson%26marker%3Dnone_v3%26states%3Dlisting HTTP/1.0 200 - python-swiftclient-3.11.1 gAAAAABpkybry4aT... - 2 - tx4e00665435c047e9a0735-006993274e - 0.0128 - - 1771251534.957056761 1771251534.969834805 0
Feb 16 14:18:54 standalone object-server[127765]: 172.20.0.100 - - [16/Feb/2026:14:18:54 +0000] "GET /d1/669/AUTH_cb248d3efa0243e4965462e374ae45fa/gnocchi.6448d881-f37b-4697-9063-2ae5399dd237/1771200000.0_mean_300.0_v3" 200 16 "GET http://172.18.0.2:8080/v1/AUTH_cb248d3efa0243e4965462e374ae45fa/gnocchi.6448d881-f37b-4697-9063-2ae5399dd237/1771200000.0_mean_300.0_v3" "tx234f6fef0a5148d69eab5-006993274e" "proxy-server 20" 0.0019 "-" 25 0
Feb 16 14:18:54 standalone proxy-server[129810]: 172.18.0.2 172.18.0.100 16/Feb/2026/14/18/54 GET /v1/AUTH_cb248d3efa0243e4965462e374ae45fa/gnocchi.6448d881-f37b-4697-9063-2ae5399dd237/1771200000.0_mean_300.0_v3 HTTP/1.0 200 - python-swiftclient-3.11.1 gAAAAABpkybry4aT... - 16 - tx234f6fef0a5148d69eab5-006993274e - 0.0091 - - 1771251534.976126909 1771251534.985199928 0
Feb 16 14:18:55 standalone container-server[127653]: 172.20.0.100 - - [16/Feb/2026:14:18:55 +0000] "PUT /d1/109/AUTH_cb248d3efa0243e4965462e374ae45fa/gnocchi.6448d881-f37b-4697-9063-2ae5399dd237/1771200000.0_mean_300.0_v3" 201 - "PUT http://172.18.0.2:8080/d1/669/AUTH_cb248d3efa0243e4965462e374ae45fa/gnocchi.6448d881-f37b-4697-9063-2ae5399dd237/1771200000.0_mean_300.0_v3" "txf222ef5485964f9e8f733-006993274e" "object-server 22" 0.0008 "-" 22 0
Feb 16 14:18:55 standalone object-server[127760]: 172.20.0.100 - - [16/Feb/2026:14:18:55 +0000] "PUT /d1/669/AUTH_cb248d3efa0243e4965462e374ae45fa/gnocchi.6448d881-f37b-4697-9063-2ae5399dd237/1771200000.0_mean_300.0_v3" 201 - "PUT http://172.18.0.2:8080/v1/AUTH_cb248d3efa0243e4965462e374ae45fa/gnocchi.6448d881-f37b-4697-9063-2ae5399dd237/1771200000.0_mean_300.0_v3" "txf222ef5485964f9e8f733-006993274e" "proxy-server 20" 0.0124 "-" 22 0
Feb 16 14:18:55 standalone proxy-server[129810]: 172.18.0.2 172.18.0.100 16/Feb/2026/14/18/55 PUT /v1/AUTH_cb248d3efa0243e4965462e374ae45fa/gnocchi.6448d881-f37b-4697-9063-2ae5399dd237/1771200000.0_mean_300.0_v3 HTTP/1.0 201 - python-swiftclient-3.11.1 gAAAAABpkybry4aT... 16 - - txf222ef5485964f9e8f733-006993274e - 0.0189 - - 1771251534.990396738 1771251535.009335041 0
Feb 16 14:18:55 standalone container-server[127639]: 172.20.0.100 - - [16/Feb/2026:14:18:55 +0000] "PUT /d1/109/AUTH_cb248d3efa0243e4965462e374ae45fa/gnocchi.6448d881-f37b-4697-9063-2ae5399dd237/none_v3" 201 - "PUT http://172.18.0.2:8080/d1/546/AUTH_cb248d3efa0243e4965462e374ae45fa/gnocchi.6448d881-f37b-4697-9063-2ae5399dd237/none_v3" "tx12c4b80d94cb460bb291a-006993274f" "object-server 23" 0.0006 "-" 21 0
Feb 16 14:18:55 standalone object-server[127761]: 172.20.0.100 - - [16/Feb/2026:14:18:55 +0000] "PUT /d1/546/AUTH_cb248d3efa0243e4965462e374ae45fa/gnocchi.6448d881-f37b-4697-9063-2ae5399dd237/none_v3" 201 - "PUT http://172.18.0.2:8080/v1/AUTH_cb248d3efa0243e4965462e374ae45fa/gnocchi.6448d881-f37b-4697-9063-2ae5399dd237/none_v3" "tx12c4b80d94cb460bb291a-006993274f" "proxy-server 20" 0.0095 "-" 23 0
Feb 16 14:18:55 standalone proxy-server[129810]: 172.18.0.2 172.18.0.100 16/Feb/2026/14/18/55 PUT /v1/AUTH_cb248d3efa0243e4965462e374ae45fa/gnocchi.6448d881-f37b-4697-9063-2ae5399dd237/none_v3 HTTP/1.0 201 - python-swiftclient-3.11.1 gAAAAABpkybry4aT... 33 - - tx12c4b80d94cb460bb291a-006993274f - 0.0146 - - 1771251535.015238762 1771251535.029806852 0
Feb 16 14:18:55 standalone object-server[127764]: 172.20.0.100 - - [16/Feb/2026:14:18:55 +0000] "GET /d1/753/AUTH_cb248d3efa0243e4965462e374ae45fa/gnocchi.d977fbd7-35a8-41da-96b9-c30d0e6e4e1a/none_v3" 200 22 "GET http://172.18.0.2:8080/v1/AUTH_cb248d3efa0243e4965462e374ae45fa/gnocchi.d977fbd7-35a8-41da-96b9-c30d0e6e4e1a/none_v3" "txc0312df36a91442db8b82-006993274f" "proxy-server 20" 0.0014 "-" 24 0
Feb 16 14:18:55 standalone proxy-server[129810]: 172.18.0.2 172.18.0.100 16/Feb/2026/14/18/55 GET /v1/AUTH_cb248d3efa0243e4965462e374ae45fa/gnocchi.d977fbd7-35a8-41da-96b9-c30d0e6e4e1a/none_v3 HTTP/1.0 200 - python-swiftclient-3.11.1 gAAAAABpkybry4aT... - 22 - txc0312df36a91442db8b82-006993274f - 0.0081 - - 1771251535.040799379 1771251535.048938990 0
Feb 16 14:18:55 standalone container-server[127659]: 172.20.0.100 - - [16/Feb/2026:14:18:55 +0000] "GET /d1/9/AUTH_cb248d3efa0243e4965462e374ae45fa/gnocchi.d977fbd7-35a8-41da-96b9-c30d0e6e4e1a" 200 357 "GET http://172.18.0.2:8080/v1/AUTH_cb248d3efa0243e4965462e374ae45fa/gnocchi.d977fbd7-35a8-41da-96b9-c30d0e6e4e1a?format=json&states=listing" "txad24d80da6c84ae398a8a-006993274f" "proxy-server 20" 0.0273 "-" 23 0
Feb 16 14:18:55 standalone proxy-server[129810]: 172.18.0.2 172.18.0.100 16/Feb/2026/14/18/55 GET /v1/AUTH_cb248d3efa0243e4965462e374ae45fa/gnocchi.d977fbd7-35a8-41da-96b9-c30d0e6e4e1a%3Fformat%3Djson%26states%3Dlisting HTTP/1.0 200 - python-swiftclient-3.11.1 gAAAAABpkybry4aT... - 357 - txad24d80da6c84ae398a8a-006993274f - 0.0354 - - 1771251535.053423882 1771251535.088822842 0
Feb 16 14:18:55 standalone container-server[127639]: 172.20.0.100 - - [16/Feb/2026:14:18:55 +0000] "GET /d1/9/AUTH_cb248d3efa0243e4965462e374ae45fa/gnocchi.d977fbd7-35a8-41da-96b9-c30d0e6e4e1a" 200 2 "GET http://172.18.0.2:8080/v1/AUTH_cb248d3efa0243e4965462e374ae45fa/gnocchi.d977fbd7-35a8-41da-96b9-c30d0e6e4e1a?format=json&marker=none_v3&states=listing" "tx30d3daeb797a445888642-006993274f" "proxy-server 20" 0.0024 "-" 21 0
Feb 16 14:18:55 standalone proxy-server[129810]: 172.18.0.2 172.18.0.100 16/Feb/2026/14/18/55 GET /v1/AUTH_cb248d3efa0243e4965462e374ae45fa/gnocchi.d977fbd7-35a8-41da-96b9-c30d0e6e4e1a%3Fformat%3Djson%26marker%3Dnone_v3%26states%3Dlisting HTTP/1.0 200 - python-swiftclient-3.11.1 gAAAAABpkybry4aT... - 2 - tx30d3daeb797a445888642-006993274f - 0.0108 - - 1771251535.094105005 1771251535.104946852 0
Feb 16 14:18:55 standalone object-server[127764]: 172.20.0.100 - - [16/Feb/2026:14:18:55 +0000] "GET /d1/80/AUTH_cb248d3efa0243e4965462e374ae45fa/gnocchi.d977fbd7-35a8-41da-96b9-c30d0e6e4e1a/1771200000.0_mean_300.0_v3" 200 16 "GET http://172.18.0.2:8080/v1/AUTH_cb248d3efa0243e4965462e374ae45fa/gnocchi.d977fbd7-35a8-41da-96b9-c30d0e6e4e1a/1771200000.0_mean_300.0_v3" "tx1a82a53f8dde447caaf39-006993274f" "proxy-server 20" 0.0014 "-" 24 0
Feb 16 14:18:55 standalone proxy-server[129810]: 172.18.0.2 172.18.0.100 16/Feb/2026/14/18/55 GET /v1/AUTH_cb248d3efa0243e4965462e374ae45fa/gnocchi.d977fbd7-35a8-41da-96b9-c30d0e6e4e1a/1771200000.0_mean_300.0_v3 HTTP/1.0 200 - python-swiftclient-3.11.1 gAAAAABpkybry4aT... - 16 - tx1a82a53f8dde447caaf39-006993274f - 0.0091 - - 1771251535.116520405 1771251535.125652313 0
Feb 16 14:18:55 standalone container-server[127635]: 172.20.0.100 - - [16/Feb/2026:14:18:55 +0000] "PUT /d1/9/AUTH_cb248d3efa0243e4965462e374ae45fa/gnocchi.d977fbd7-35a8-41da-96b9-c30d0e6e4e1a/1771200000.0_mean_300.0_v3" 201 - "PUT http://172.18.0.2:8080/d1/80/AUTH_cb248d3efa0243e4965462e374ae45fa/gnocchi.d977fbd7-35a8-41da-96b9-c30d0e6e4e1a/1771200000.0_mean_300.0_v3" "tx1ab46e5868db4576a7702-006993274f" "object-server 25" 0.0007 "-" 20 0
Feb 16 14:18:55 standalone object-server[127765]: 172.20.0.100 - - [16/Feb/2026:14:18:55 +0000] "PUT /d1/80/AUTH_cb248d3efa0243e4965462e374ae45fa/gnocchi.d977fbd7-35a8-41da-96b9-c30d0e6e4e1a/1771200000.0_mean_300.0_v3" 201 - "PUT http://172.18.0.2:8080/v1/AUTH_cb248d3efa0243e4965462e374ae45fa/gnocchi.d977fbd7-35a8-41da-96b9-c30d0e6e4e1a/1771200000.0_mean_300.0_v3" "tx1ab46e5868db4576a7702-006993274f" "proxy-server 20" 0.0118 "-" 25 0
Feb 16 14:18:55 standalone proxy-server[129810]: 172.18.0.2 172.18.0.100 16/Feb/2026/14/18/55 PUT /v1/AUTH_cb248d3efa0243e4965462e374ae45fa/gnocchi.d977fbd7-35a8-41da-96b9-c30d0e6e4e1a/1771200000.0_mean_300.0_v3 HTTP/1.0 201 - python-swiftclient-3.11.1 gAAAAABpkybry4aT... 16 - - tx1ab46e5868db4576a7702-006993274f - 0.0199 - - 1771251535.130021572 1771251535.149927616 0
Feb 16 14:18:55 standalone container-server[127653]: 172.20.0.100 - - [16/Feb/2026:14:18:55 +0000] "PUT /d1/9/AUTH_cb248d3efa0243e4965462e374ae45fa/gnocchi.d977fbd7-35a8-41da-96b9-c30d0e6e4e1a/none_v3" 201 - "PUT http://172.18.0.2:8080/d1/753/AUTH_cb248d3efa0243e4965462e374ae45fa/gnocchi.d977fbd7-35a8-41da-96b9-c30d0e6e4e1a/none_v3" "txffc03e1bfc5e43b98fc6e-006993274f" "object-server 22" 0.0007 "-" 22 0
Feb 16 14:18:55 standalone object-server[127760]: 172.20.0.100 - - [16/Feb/2026:14:18:55 +0000] "PUT /d1/753/AUTH_cb248d3efa0243e4965462e374ae45fa/gnocchi.d977fbd7-35a8-41da-96b9-c30d0e6e4e1a/none_v3" 201 - "PUT http://172.18.0.2:8080/v1/AUTH_cb248d3efa0243e4965462e374ae45fa/gnocchi.d977fbd7-35a8-41da-96b9-c30d0e6e4e1a/none_v3" "txffc03e1bfc5e43b98fc6e-006993274f" "proxy-server 20" 0.0105 "-" 22 0
Feb 16 14:18:55 standalone proxy-server[129810]: 172.18.0.2 172.18.0.100 16/Feb/2026/14/18/55 PUT /v1/AUTH_cb248d3efa0243e4965462e374ae45fa/gnocchi.d977fbd7-35a8-41da-96b9-c30d0e6e4e1a/none_v3 HTTP/1.0 201 - python-swiftclient-3.11.1 gAAAAABpkybry4aT... 33 - - txffc03e1bfc5e43b98fc6e-006993274f - 0.0184 - - 1771251535.154137373 1771251535.172504425 0
Feb 16 14:18:59 standalone object-server[127765]: 172.20.0.100 - - [16/Feb/2026:14:18:59 +0000] "GET /d1/306/AUTH_cb248d3efa0243e4965462e374ae45fa/gnocchi.4ae83da8-edea-4cc1-861a-566ed4e25d79/none_v3" 200 22 "GET http://172.18.0.2:8080/v1/AUTH_cb248d3efa0243e4965462e374ae45fa/gnocchi.4ae83da8-edea-4cc1-861a-566ed4e25d79/none_v3" "txc6492aab075d47dbb630d-0069932753" "proxy-server 20" 0.0016 "-" 25 0
Feb 16 14:18:59 standalone proxy-server[129810]: 172.18.0.2 172.18.0.100 16/Feb/2026/14/18/59 GET /v1/AUTH_cb248d3efa0243e4965462e374ae45fa/gnocchi.4ae83da8-edea-4cc1-861a-566ed4e25d79/none_v3 HTTP/1.0 200 - python-swiftclient-3.11.1 gAAAAABpkybry4aT... - 22 - txc6492aab075d47dbb630d-0069932753 - 0.0092 - - 1771251539.373214722 1771251539.382423878 0
Feb 16 14:18:59 standalone container-server[127635]: 172.20.0.100 - - [16/Feb/2026:14:18:59 +0000] "GET /d1/230/AUTH_cb248d3efa0243e4965462e374ae45fa/gnocchi.4ae83da8-edea-4cc1-861a-566ed4e25d79" 200 357 "GET http://172.18.0.2:8080/v1/AUTH_cb248d3efa0243e4965462e374ae45fa/gnocchi.4ae83da8-edea-4cc1-861a-566ed4e25d79?format=json&states=listing" "tx511540d5f403413190931-0069932753" "proxy-server 20" 0.0205 "-" 20 0
Feb 16 14:18:59 standalone proxy-server[129810]: 172.18.0.2 172.18.0.100 16/Feb/2026/14/18/59 GET /v1/AUTH_cb248d3efa0243e4965462e374ae45fa/gnocchi.4ae83da8-edea-4cc1-861a-566ed4e25d79%3Fformat%3Djson%26states%3Dlisting HTTP/1.0 200 - python-swiftclient-3.11.1 gAAAAABpkybry4aT... - 357 - tx511540d5f403413190931-0069932753 - 0.0283 - - 1771251539.387049437 1771251539.415311098 0
Feb 16 14:18:59 standalone container-server[127659]: 172.20.0.100 - - [16/Feb/2026:14:18:59 +0000] "GET /d1/230/AUTH_cb248d3efa0243e4965462e374ae45fa/gnocchi.4ae83da8-edea-4cc1-861a-566ed4e25d79" 200 2 "GET http://172.18.0.2:8080/v1/AUTH_cb248d3efa0243e4965462e374ae45fa/gnocchi.4ae83da8-edea-4cc1-861a-566ed4e25d79?format=json&marker=none_v3&states=listing" "tx15e8ac16d0e54d5f86923-0069932753" "proxy-server 20" 0.0039 "-" 23 0
Feb 16 14:18:59 standalone proxy-server[129810]: 172.18.0.2 172.18.0.100 16/Feb/2026/14/18/59 GET /v1/AUTH_cb248d3efa0243e4965462e374ae45fa/gnocchi.4ae83da8-edea-4cc1-861a-566ed4e25d79%3Fformat%3Djson%26marker%3Dnone_v3%26states%3Dlisting HTTP/1.0 200 - python-swiftclient-3.11.1 gAAAAABpkybry4aT... - 2 - tx15e8ac16d0e54d5f86923-0069932753 - 0.0106 - - 1771251539.419373035 1771251539.429954290 0
Feb 16 14:18:59 standalone object-server[127765]: 172.20.0.100 - - [16/Feb/2026:14:18:59 +0000] "GET /d1/642/AUTH_cb248d3efa0243e4965462e374ae45fa/gnocchi.4ae83da8-edea-4cc1-861a-566ed4e25d79/1771200000.0_mean_300.0_v3" 200 16 "GET http://172.18.0.2:8080/v1/AUTH_cb248d3efa0243e4965462e374ae45fa/gnocchi.4ae83da8-edea-4cc1-861a-566ed4e25d79/1771200000.0_mean_300.0_v3" "tx7dd7610b7d4f4dcc8d526-0069932753" "proxy-server 20" 0.0010 "-" 25 0
Feb 16 14:18:59 standalone proxy-server[129810]: 172.18.0.2 172.18.0.100 16/Feb/2026/14/18/59 GET /v1/AUTH_cb248d3efa0243e4965462e374ae45fa/gnocchi.4ae83da8-edea-4cc1-861a-566ed4e25d79/1771200000.0_mean_300.0_v3 HTTP/1.0 200 - python-swiftclient-3.11.1 gAAAAABpkybry4aT... - 16 - tx7dd7610b7d4f4dcc8d526-0069932753 - 0.0075 - - 1771251539.435583115 1771251539.443053484 0
Feb 16 14:18:59 standalone container-server[127635]: 172.20.0.100 - - [16/Feb/2026:14:18:59 +0000] "PUT /d1/230/AUTH_cb248d3efa0243e4965462e374ae45fa/gnocchi.4ae83da8-edea-4cc1-861a-566ed4e25d79/1771200000.0_mean_300.0_v3" 201 - "PUT http://172.18.0.2:8080/d1/642/AUTH_cb248d3efa0243e4965462e374ae45fa/gnocchi.4ae83da8-edea-4cc1-861a-566ed4e25d79/1771200000.0_mean_300.0_v3" "txacc4a8a8beb6428eb2859-0069932753" "object-server 24" 0.0007 "-" 20 0
Feb 16 14:18:59 standalone object-server[127764]: 172.20.0.100 - - [16/Feb/2026:14:18:59 +0000] "PUT /d1/642/AUTH_cb248d3efa0243e4965462e374ae45fa/gnocchi.4ae83da8-edea-4cc1-861a-566ed4e25d79/1771200000.0_mean_300.0_v3" 201 - "PUT http://172.18.0.2:8080/v1/AUTH_cb248d3efa0243e4965462e374ae45fa/gnocchi.4ae83da8-edea-4cc1-861a-566ed4e25d79/1771200000.0_mean_300.0_v3" "txacc4a8a8beb6428eb2859-0069932753" "proxy-server 20" 0.0117 "-" 24 0
Feb 16 14:18:59 standalone proxy-server[129810]: 172.18.0.2 172.18.0.100 16/Feb/2026/14/18/59 PUT /v1/AUTH_cb248d3efa0243e4965462e374ae45fa/gnocchi.4ae83da8-edea-4cc1-861a-566ed4e25d79/1771200000.0_mean_300.0_v3 HTTP/1.0 201 - python-swiftclient-3.11.1 gAAAAABpkybry4aT... 16 - - txacc4a8a8beb6428eb2859-0069932753 - 0.0178 - - 1771251539.446999788 1771251539.464825392 0
Feb 16 14:18:59 standalone container-server[127659]: 172.20.0.100 - - [16/Feb/2026:14:18:59 +0000] "PUT /d1/230/AUTH_cb248d3efa0243e4965462e374ae45fa/gnocchi.4ae83da8-edea-4cc1-861a-566ed4e25d79/none_v3" 201 - "PUT http://172.18.0.2:8080/d1/306/AUTH_cb248d3efa0243e4965462e374ae45fa/gnocchi.4ae83da8-edea-4cc1-861a-566ed4e25d79/none_v3" "tx0ffa37aaa10645d49dd9a-0069932753" "object-server 22" 0.0008 "-" 23 0
Feb 16 14:18:59 standalone object-server[127760]: 172.20.0.100 - - [16/Feb/2026:14:18:59 +0000] "PUT /d1/306/AUTH_cb248d3efa0243e4965462e374ae45fa/gnocchi.4ae83da8-edea-4cc1-861a-566ed4e25d79/none_v3" 201 - "PUT http://172.18.0.2:8080/v1/AUTH_cb248d3efa0243e4965462e374ae45fa/gnocchi.4ae83da8-edea-4cc1-861a-566ed4e25d79/none_v3" "tx0ffa37aaa10645d49dd9a-0069932753" "proxy-server 20" 0.0108 "-" 22 0
Feb 16 14:18:59 standalone proxy-server[129810]: 172.18.0.2 172.18.0.100 16/Feb/2026/14/18/59 PUT /v1/AUTH_cb248d3efa0243e4965462e374ae45fa/gnocchi.4ae83da8-edea-4cc1-861a-566ed4e25d79/none_v3 HTTP/1.0 201 - python-swiftclient-3.11.1 gAAAAABpkybry4aT... 32 - - tx0ffa37aaa10645d49dd9a-0069932753 - 0.0165 - - 1771251539.472718239 1771251539.489189148 0
Feb 16 14:19:09 standalone container-server[127653]: 172.20.0.100 - - [16/Feb/2026:14:19:09 +0000] "HEAD /d1/444/AUTH_cb248d3efa0243e4965462e374ae45fa/gnocchi.2af11a1d-d3df-403b-814c-90b5d01eb0e9" 404 - "HEAD http://172.18.0.2:8080/v1/AUTH_cb248d3efa0243e4965462e374ae45fa/gnocchi.2af11a1d-d3df-403b-814c-90b5d01eb0e9?format=json&states=listing" "tx4c50ce6c6c3b4e32955a0-006993275d" "proxy-server 20" 0.0010 "-" 22 0
Feb 16 14:19:09 standalone object-server[127765]: 172.20.0.100 - - [16/Feb/2026:14:19:09 +0000] "GET /d1/287/AUTH_cb248d3efa0243e4965462e374ae45fa/gnocchi.2af11a1d-d3df-403b-814c-90b5d01eb0e9/none_v3" 404 70 "GET http://172.18.0.2:8080/v1/AUTH_cb248d3efa0243e4965462e374ae45fa/gnocchi.2af11a1d-d3df-403b-814c-90b5d01eb0e9/none_v3" "tx4c50ce6c6c3b4e32955a0-006993275d" "proxy-server 20" 0.0006 "-" 25 0
Feb 16 14:19:09 standalone proxy-server[129810]: 172.18.0.2 172.18.0.100 16/Feb/2026/14/19/09 GET /v1/AUTH_cb248d3efa0243e4965462e374ae45fa/gnocchi.2af11a1d-d3df-403b-814c-90b5d01eb0e9/none_v3 HTTP/1.0 404 - python-swiftclient-3.11.1 gAAAAABpkybry4aT... - 70 - tx4c50ce6c6c3b4e32955a0-006993275d - 0.0172 - - 1771251549.919986486 1771251549.937146902 0
Feb 16 14:19:09 standalone account-server[127505]: 172.20.0.100 - - [16/Feb/2026:14:19:09 +0000] "PUT /d1/633/AUTH_cb248d3efa0243e4965462e374ae45fa/gnocchi.2af11a1d-d3df-403b-814c-90b5d01eb0e9" 201 - "PUT http://172.20.0.100:6001/d1/444/AUTH_cb248d3efa0243e4965462e374ae45fa/gnocchi.2af11a1d-d3df-403b-814c-90b5d01eb0e9" "tx257782b0f5e949319a071-006993275d" "container-server 23" 0.0082 "-" 18 0
Feb 16 14:19:09 standalone container-server[127659]: 172.20.0.100 - - [16/Feb/2026:14:19:09 +0000] "PUT /d1/444/AUTH_cb248d3efa0243e4965462e374ae45fa/gnocchi.2af11a1d-d3df-403b-814c-90b5d01eb0e9" 201 - "PUT http://172.18.0.2:8080/v1/AUTH_cb248d3efa0243e4965462e374ae45fa/gnocchi.2af11a1d-d3df-403b-814c-90b5d01eb0e9" "tx257782b0f5e949319a071-006993275d" "proxy-server 20" 0.0274 "-" 23 0
Feb 16 14:19:09 standalone proxy-server[129810]: 172.18.0.2 172.18.0.100 16/Feb/2026/14/19/09 PUT /v1/AUTH_cb248d3efa0243e4965462e374ae45fa/gnocchi.2af11a1d-d3df-403b-814c-90b5d01eb0e9 HTTP/1.0 201 - python-swiftclient-3.11.1 gAAAAABpkybry4aT... - - - tx257782b0f5e949319a071-006993275d - 0.0462 - - 1771251549.943781376 1771251549.989964962 0
Feb 16 14:19:10 standalone container-server[127659]: 172.20.0.100 - - [16/Feb/2026:14:19:10 +0000] "HEAD /d1/444/AUTH_cb248d3efa0243e4965462e374ae45fa/gnocchi.2af11a1d-d3df-403b-814c-90b5d01eb0e9" 204 - "HEAD http://172.18.0.2:8080/v1/AUTH_cb248d3efa0243e4965462e374ae45fa/gnocchi.2af11a1d-d3df-403b-814c-90b5d01eb0e9?format=json&states=listing" "tx1cdf5c27c78e47feac702-006993275d" "proxy-server 20" 0.0023 "-" 23 0
Feb 16 14:19:10 standalone proxy-server[129810]: - - 16/Feb/2026/14/19/10 HEAD /v1/AUTH_cb248d3efa0243e4965462e374ae45fa/gnocchi.2af11a1d-d3df-403b-814c-90b5d01eb0e9%3Fformat%3Djson%26states%3Dlisting HTTP/1.0 204 - Swift - - - - tx1cdf5c27c78e47feac702-006993275d - 0.0065 RL - 1771251550.001134872 1771251550.007653713 0
Feb 16 14:19:10 standalone container-server[127635]: 172.20.0.100 - - [16/Feb/2026:14:19:10 +0000] "GET /d1/444/AUTH_cb248d3efa0243e4965462e374ae45fa/gnocchi.2af11a1d-d3df-403b-814c-90b5d01eb0e9" 200 2 "GET http://172.18.0.2:8080/v1/AUTH_cb248d3efa0243e4965462e374ae45fa/gnocchi.2af11a1d-d3df-403b-814c-90b5d01eb0e9?format=json&states=listing" "tx1cdf5c27c78e47feac702-006993275d" "proxy-server 20" 0.0027 "-" 20 0
