Feb 16 14:20:16 standalone account-server[127505]: 172.20.0.100 - - [16/Feb/2026:14:20:16 +0000] "PUT /d1/633/AUTH_cb248d3efa0243e4965462e374ae45fa/gnocchi.068b286b-7ac2-4df4-8087-b4562e41b372" 201 - "PUT http://172.20.0.100:6001/d1/214/AUTH_cb248d3efa0243e4965462e374ae45fa/gnocchi.068b286b-7ac2-4df4-8087-b4562e41b372" "tx12d1855690b4459e92a62-00699327a0" "container-server 22" 0.0066 "-" 18 0
Feb 16 14:20:16 standalone container-server[127653]: 172.20.0.100 - - [16/Feb/2026:14:20:16 +0000] "PUT /d1/214/AUTH_cb248d3efa0243e4965462e374ae45fa/gnocchi.068b286b-7ac2-4df4-8087-b4562e41b372" 201 - "PUT http://172.18.0.2:8080/v1/AUTH_cb248d3efa0243e4965462e374ae45fa/gnocchi.068b286b-7ac2-4df4-8087-b4562e41b372" "tx12d1855690b4459e92a62-00699327a0" "proxy-server 20" 0.0182 "-" 22 0
Feb 16 14:20:16 standalone proxy-server[129810]: 172.18.0.2 172.18.0.100 16/Feb/2026/14/20/16 PUT /v1/AUTH_cb248d3efa0243e4965462e374ae45fa/gnocchi.068b286b-7ac2-4df4-8087-b4562e41b372 HTTP/1.0 201 - python-swiftclient-3.11.1 gAAAAABpkybry4aT... - - - tx12d1855690b4459e92a62-00699327a0 - 0.0226 - - 1771251616.316507578 1771251616.339112043 0
Feb 16 14:20:16 standalone container-server[127639]: 172.20.0.100 - - [16/Feb/2026:14:20:16 +0000] "HEAD /d1/214/AUTH_cb248d3efa0243e4965462e374ae45fa/gnocchi.068b286b-7ac2-4df4-8087-b4562e41b372" 204 - "HEAD http://172.18.0.2:8080/v1/AUTH_cb248d3efa0243e4965462e374ae45fa/gnocchi.068b286b-7ac2-4df4-8087-b4562e41b372?format=json&states=listing" "txe7e1ef0363c94fbc9bdf8-00699327a0" "proxy-server 20" 0.0025 "-" 21 0
Feb 16 14:20:16 standalone proxy-server[129810]: - - 16/Feb/2026/14/20/16 HEAD /v1/AUTH_cb248d3efa0243e4965462e374ae45fa/gnocchi.068b286b-7ac2-4df4-8087-b4562e41b372%3Fformat%3Djson%26states%3Dlisting HTTP/1.0 204 - Swift - - - - txe7e1ef0363c94fbc9bdf8-00699327a0 - 0.0063 RL - 1771251616.345234871 1771251616.351570129 0
Feb 16 14:20:16 standalone container-server[127653]: 172.20.0.100 - - [16/Feb/2026:14:20:16 +0000] "GET /d1/214/AUTH_cb248d3efa0243e4965462e374ae45fa/gnocchi.068b286b-7ac2-4df4-8087-b4562e41b372" 200 2 "GET http://172.18.0.2:8080/v1/AUTH_cb248d3efa0243e4965462e374ae45fa/gnocchi.068b286b-7ac2-4df4-8087-b4562e41b372?format=json&states=listing" "txe7e1ef0363c94fbc9bdf8-00699327a0" "proxy-server 20" 0.0014 "-" 22 0
Feb 16 14:20:16 standalone proxy-server[129810]: 172.18.0.2 172.18.0.100 16/Feb/2026/14/20/16 GET /v1/AUTH_cb248d3efa0243e4965462e374ae45fa/gnocchi.068b286b-7ac2-4df4-8087-b4562e41b372%3Fformat%3Djson%26states%3Dlisting HTTP/1.0 200 - python-swiftclient-3.11.1 gAAAAABpkybry4aT... - 2 - txe7e1ef0363c94fbc9bdf8-00699327a0 - 0.0135 - - 1771251616.344257355 1771251616.357768297 0
Feb 16 14:20:16 standalone object-server[127764]: 172.20.0.100 - - [16/Feb/2026:14:20:16 +0000] "GET /d1/568/AUTH_cb248d3efa0243e4965462e374ae45fa/gnocchi.068b286b-7ac2-4df4-8087-b4562e41b372/1771200000.0_mean_300.0_v3" 404 70 "GET http://172.18.0.2:8080/v1/AUTH_cb248d3efa0243e4965462e374ae45fa/gnocchi.068b286b-7ac2-4df4-8087-b4562e41b372/1771200000.0_mean_300.0_v3" "txbd33989fa0944abeb7bb2-00699327a0" "proxy-server 20" 0.0004 "-" 24 0
Feb 16 14:20:16 standalone proxy-server[129810]: 172.18.0.2 172.18.0.100 16/Feb/2026/14/20/16 GET /v1/AUTH_cb248d3efa0243e4965462e374ae45fa/gnocchi.068b286b-7ac2-4df4-8087-b4562e41b372/1771200000.0_mean_300.0_v3 HTTP/1.0 404 - python-swiftclient-3.11.1 gAAAAABpkybry4aT... - 70 - txbd33989fa0944abeb7bb2-00699327a0 - 0.0063 - - 1771251616.362700701 1771251616.369030714 0
Feb 16 14:20:16 standalone container-server[127653]: 172.20.0.100 - - [16/Feb/2026:14:20:16 +0000] "PUT /d1/214/AUTH_cb248d3efa0243e4965462e374ae45fa/gnocchi.068b286b-7ac2-4df4-8087-b4562e41b372/1771200000.0_mean_300.0_v3" 201 - "PUT http://172.18.0.2:8080/d1/568/AUTH_cb248d3efa0243e4965462e374ae45fa/gnocchi.068b286b-7ac2-4df4-8087-b4562e41b372/1771200000.0_mean_300.0_v3" "tx5c4ce3e8afde4c6a9ee82-00699327a0" "object-server 22" 0.0004 "-" 22 0
Feb 16 14:20:16 standalone object-server[127760]: 172.20.0.100 - - [16/Feb/2026:14:20:16 +0000] "PUT /d1/568/AUTH_cb248d3efa0243e4965462e374ae45fa/gnocchi.068b286b-7ac2-4df4-8087-b4562e41b372/1771200000.0_mean_300.0_v3" 201 - "PUT http://172.18.0.2:8080/v1/AUTH_cb248d3efa0243e4965462e374ae45fa/gnocchi.068b286b-7ac2-4df4-8087-b4562e41b372/1771200000.0_mean_300.0_v3" "tx5c4ce3e8afde4c6a9ee82-00699327a0" "proxy-server 20" 0.0132 "-" 22 0
Feb 16 14:20:16 standalone proxy-server[129810]: 172.18.0.2 172.18.0.100 16/Feb/2026/14/20/16 PUT /v1/AUTH_cb248d3efa0243e4965462e374ae45fa/gnocchi.068b286b-7ac2-4df4-8087-b4562e41b372/1771200000.0_mean_300.0_v3 HTTP/1.0 201 - python-swiftclient-3.11.1 gAAAAABpkybry4aT... 16 - - tx5c4ce3e8afde4c6a9ee82-00699327a0 - 0.0214 - - 1771251616.373189688 1771251616.394577980 0
Feb 16 14:20:16 standalone container-server[127659]: 172.20.0.100 - - [16/Feb/2026:14:20:16 +0000] "PUT /d1/214/AUTH_cb248d3efa0243e4965462e374ae45fa/gnocchi.068b286b-7ac2-4df4-8087-b4562e41b372/none_v3" 201 - "PUT http://172.18.0.2:8080/d1/184/AUTH_cb248d3efa0243e4965462e374ae45fa/gnocchi.068b286b-7ac2-4df4-8087-b4562e41b372/none_v3" "txfbb7f279682240a1b033f-00699327a0" "object-server 23" 0.0008 "-" 23 0
Feb 16 14:20:16 standalone object-server[127761]: 172.20.0.100 - - [16/Feb/2026:14:20:16 +0000] "PUT /d1/184/AUTH_cb248d3efa0243e4965462e374ae45fa/gnocchi.068b286b-7ac2-4df4-8087-b4562e41b372/none_v3" 201 - "PUT http://172.18.0.2:8080/v1/AUTH_cb248d3efa0243e4965462e374ae45fa/gnocchi.068b286b-7ac2-4df4-8087-b4562e41b372/none_v3" "txfbb7f279682240a1b033f-00699327a0" "proxy-server 20" 0.0115 "-" 23 0
Feb 16 14:20:16 standalone proxy-server[129810]: 172.18.0.2 172.18.0.100 16/Feb/2026/14/20/16 PUT /v1/AUTH_cb248d3efa0243e4965462e374ae45fa/gnocchi.068b286b-7ac2-4df4-8087-b4562e41b372/none_v3 HTTP/1.0 201 - python-swiftclient-3.11.1 gAAAAABpkybry4aT... 22 - - txfbb7f279682240a1b033f-00699327a0 - 0.0191 - - 1771251616.398402929 1771251616.417465687 0
Feb 16 14:20:16 standalone container-server[127639]: 172.20.0.100 - - [16/Feb/2026:14:20:16 +0000] "HEAD /d1/195/AUTH_cb248d3efa0243e4965462e374ae45fa/gnocchi.1d04d4e7-eabd-41cf-a27a-7a087af7da77" 404 - "HEAD http://172.18.0.2:8080/v1/AUTH_cb248d3efa0243e4965462e374ae45fa/gnocchi.1d04d4e7-eabd-41cf-a27a-7a087af7da77?format=json&states=listing" "txea62ff00a6cb4b96a7bf2-00699327a0" "proxy-server 20" 0.0006 "-" 21 0
Feb 16 14:20:16 standalone object-server[127764]: 172.20.0.100 - - [16/Feb/2026:14:20:16 +0000] "GET /d1/1019/AUTH_cb248d3efa0243e4965462e374ae45fa/gnocchi.1d04d4e7-eabd-41cf-a27a-7a087af7da77/none_v3" 404 70 "GET http://172.18.0.2:8080/v1/AUTH_cb248d3efa0243e4965462e374ae45fa/gnocchi.1d04d4e7-eabd-41cf-a27a-7a087af7da77/none_v3" "txea62ff00a6cb4b96a7bf2-00699327a0" "proxy-server 20" 0.0006 "-" 24 0
Feb 16 14:20:16 standalone proxy-server[129810]: 172.18.0.2 172.18.0.100 16/Feb/2026/14/20/16 GET /v1/AUTH_cb248d3efa0243e4965462e374ae45fa/gnocchi.1d04d4e7-eabd-41cf-a27a-7a087af7da77/none_v3 HTTP/1.0 404 - python-swiftclient-3.11.1 gAAAAABpkybry4aT... - 70 - txea62ff00a6cb4b96a7bf2-00699327a0 - 0.0141 - - 1771251616.438047171 1771251616.452098608 0
Feb 16 14:20:16 standalone account-server[127518]: 172.20.0.100 - - [16/Feb/2026:14:20:16 +0000] "PUT /d1/633/AUTH_cb248d3efa0243e4965462e374ae45fa/gnocchi.1d04d4e7-eabd-41cf-a27a-7a087af7da77" 201 - "PUT http://172.20.0.100:6001/d1/195/AUTH_cb248d3efa0243e4965462e374ae45fa/gnocchi.1d04d4e7-eabd-41cf-a27a-7a087af7da77" "tx4ebcaa36c831496f8791b-00699327a0" "container-server 21" 0.0056 "-" 19 0
Feb 16 14:20:16 standalone container-server[127639]: 172.20.0.100 - - [16/Feb/2026:14:20:16 +0000] "PUT /d1/195/AUTH_cb248d3efa0243e4965462e374ae45fa/gnocchi.1d04d4e7-eabd-41cf-a27a-7a087af7da77" 201 - "PUT http://172.18.0.2:8080/v1/AUTH_cb248d3efa0243e4965462e374ae45fa/gnocchi.1d04d4e7-eabd-41cf-a27a-7a087af7da77" "tx4ebcaa36c831496f8791b-00699327a0" "proxy-server 20" 0.0193 "-" 21 0
Feb 16 14:20:16 standalone proxy-server[129810]: 172.18.0.2 172.18.0.100 16/Feb/2026/14/20/16 PUT /v1/AUTH_cb248d3efa0243e4965462e374ae45fa/gnocchi.1d04d4e7-eabd-41cf-a27a-7a087af7da77 HTTP/1.0 201 - python-swiftclient-3.11.1 gAAAAABpkybry4aT... - - - tx4ebcaa36c831496f8791b-00699327a0 - 0.0280 - - 1771251616.455657721 1771251616.483629227 0
Feb 16 14:20:16 standalone container-server[127639]: 172.20.0.100 - - [16/Feb/2026:14:20:16 +0000] "HEAD /d1/417/AUTH_cb248d3efa0243e4965462e374ae45fa/gnocchi.51d13c1e-c276-4662-86e5-2e2825cea077" 404 - "HEAD http://172.18.0.2:8080/v1/AUTH_cb248d3efa0243e4965462e374ae45fa/gnocchi.51d13c1e-c276-4662-86e5-2e2825cea077?format=json&states=listing" "txbdca083097c146e1af5d4-00699327a0" "proxy-server 20" 0.0006 "-" 21 0
Feb 16 14:20:16 standalone object-server[127764]: 172.20.0.100 - - [16/Feb/2026:14:20:16 +0000] "GET /d1/535/AUTH_cb248d3efa0243e4965462e374ae45fa/gnocchi.51d13c1e-c276-4662-86e5-2e2825cea077/none_v3" 404 70 "GET http://172.18.0.2:8080/v1/AUTH_cb248d3efa0243e4965462e374ae45fa/gnocchi.51d13c1e-c276-4662-86e5-2e2825cea077/none_v3" "txbdca083097c146e1af5d4-00699327a0" "proxy-server 20" 0.0005 "-" 24 0
Feb 16 14:20:16 standalone proxy-server[129810]: 172.18.0.2 172.18.0.100 16/Feb/2026/14/20/16 GET /v1/AUTH_cb248d3efa0243e4965462e374ae45fa/gnocchi.51d13c1e-c276-4662-86e5-2e2825cea077/none_v3 HTTP/1.0 404 - python-swiftclient-3.11.1 gAAAAABpkybry4aT... - 70 - txbdca083097c146e1af5d4-00699327a0 - 0.0138 - - 1771251616.487331390 1771251616.501138926 0
Feb 16 14:20:16 standalone account-server[127518]: 172.20.0.100 - - [16/Feb/2026:14:20:16 +0000] "PUT /d1/633/AUTH_cb248d3efa0243e4965462e374ae45fa/gnocchi.51d13c1e-c276-4662-86e5-2e2825cea077" 201 - "PUT http://172.20.0.100:6001/d1/417/AUTH_cb248d3efa0243e4965462e374ae45fa/gnocchi.51d13c1e-c276-4662-86e5-2e2825cea077" "txdf9745dff990411198b41-00699327a0" "container-server 20" 0.0055 "-" 19 0
Feb 16 14:20:16 standalone container-server[127635]: 172.20.0.100 - - [16/Feb/2026:14:20:16 +0000] "PUT /d1/417/AUTH_cb248d3efa0243e4965462e374ae45fa/gnocchi.51d13c1e-c276-4662-86e5-2e2825cea077" 201 - "PUT http://172.18.0.2:8080/v1/AUTH_cb248d3efa0243e4965462e374ae45fa/gnocchi.51d13c1e-c276-4662-86e5-2e2825cea077" "txdf9745dff990411198b41-00699327a0" "proxy-server 20" 0.0178 "-" 20 0
Feb 16 14:20:16 standalone proxy-server[129810]: 172.18.0.2 172.18.0.100 16/Feb/2026/14/20/16 PUT /v1/AUTH_cb248d3efa0243e4965462e374ae45fa/gnocchi.51d13c1e-c276-4662-86e5-2e2825cea077 HTTP/1.0 201 - python-swiftclient-3.11.1 gAAAAABpkybry4aT... - - - txdf9745dff990411198b41-00699327a0 - 0.0240 - - 1771251616.504577637 1771251616.528605223 0
Feb 16 14:20:16 standalone container-server[127635]: 172.20.0.100 - - [16/Feb/2026:14:20:16 +0000] "HEAD /d1/195/AUTH_cb248d3efa0243e4965462e374ae45fa/gnocchi.1d04d4e7-eabd-41cf-a27a-7a087af7da77" 204 - "HEAD http://172.18.0.2:8080/v1/AUTH_cb248d3efa0243e4965462e374ae45fa/gnocchi.1d04d4e7-eabd-41cf-a27a-7a087af7da77?format=json&states=listing" "tx375d8cc18714434db979f-00699327a0" "proxy-server 20" 0.0020 "-" 20 0
Feb 16 14:20:16 standalone proxy-server[129810]: - - 16/Feb/2026/14/20/16 HEAD /v1/AUTH_cb248d3efa0243e4965462e374ae45fa/gnocchi.1d04d4e7-eabd-41cf-a27a-7a087af7da77%3Fformat%3Djson%26states%3Dlisting HTTP/1.0 204 - Swift - - - - tx375d8cc18714434db979f-00699327a0 - 0.0060 RL - 1771251616.535300016 1771251616.541326284 0
Feb 16 14:20:16 standalone container-server[127653]: 172.20.0.100 - - [16/Feb/2026:14:20:16 +0000] "GET /d1/195/AUTH_cb248d3efa0243e4965462e374ae45fa/gnocchi.1d04d4e7-eabd-41cf-a27a-7a087af7da77" 200 2 "GET http://172.18.0.2:8080/v1/AUTH_cb248d3efa0243e4965462e374ae45fa/gnocchi.1d04d4e7-eabd-41cf-a27a-7a087af7da77?format=json&states=listing" "tx375d8cc18714434db979f-00699327a0" "proxy-server 20" 0.0032 "-" 22 0
Feb 16 14:20:16 standalone proxy-server[129810]: 172.18.0.2 172.18.0.100 16/Feb/2026/14/20/16 GET /v1/AUTH_cb248d3efa0243e4965462e374ae45fa/gnocchi.1d04d4e7-eabd-41cf-a27a-7a087af7da77%3Fformat%3Djson%26states%3Dlisting HTTP/1.0 200 - python-swiftclient-3.11.1 gAAAAABpkybry4aT... - 2 - tx375d8cc18714434db979f-00699327a0 - 0.0184 - - 1771251616.533975124 1771251616.552366734 0
Feb 16 14:20:16 standalone container-server[127653]: 172.20.0.100 - - [16/Feb/2026:14:20:16 +0000] "HEAD /d1/417/AUTH_cb248d3efa0243e4965462e374ae45fa/gnocchi.51d13c1e-c276-4662-86e5-2e2825cea077" 204 - "HEAD http://172.18.0.2:8080/v1/AUTH_cb248d3efa0243e4965462e374ae45fa/gnocchi.51d13c1e-c276-4662-86e5-2e2825cea077?format=json&states=listing" "tx34aa73ab530f422b92015-00699327a0" "proxy-server 20" 0.0018 "-" 22 0
Feb 16 14:20:16 standalone proxy-server[129810]: - - 16/Feb/2026/14/20/16 HEAD /v1/AUTH_cb248d3efa0243e4965462e374ae45fa/gnocchi.51d13c1e-c276-4662-86e5-2e2825cea077%3Fformat%3Djson%26states%3Dlisting HTTP/1.0 204 - Swift - - - - tx34aa73ab530f422b92015-00699327a0 - 0.0042 RL - 1771251616.558795452 1771251616.563030005 0
Feb 16 14:20:16 standalone container-server[127639]: 172.20.0.100 - - [16/Feb/2026:14:20:16 +0000] "GET /d1/417/AUTH_cb248d3efa0243e4965462e374ae45fa/gnocchi.51d13c1e-c276-4662-86e5-2e2825cea077" 200 2 "GET http://172.18.0.2:8080/v1/AUTH_cb248d3efa0243e4965462e374ae45fa/gnocchi.51d13c1e-c276-4662-86e5-2e2825cea077?format=json&states=listing" "tx34aa73ab530f422b92015-00699327a0" "proxy-server 20" 0.0042 "-" 21 0
Feb 16 14:20:16 standalone proxy-server[129810]: 172.18.0.2 172.18.0.100 16/Feb/2026/14/20/16 GET /v1/AUTH_cb248d3efa0243e4965462e374ae45fa/gnocchi.51d13c1e-c276-4662-86e5-2e2825cea077%3Fformat%3Djson%26states%3Dlisting HTTP/1.0 200 - python-swiftclient-3.11.1 gAAAAABpkybry4aT... - 2 - tx34aa73ab530f422b92015-00699327a0 - 0.0160 - - 1771251616.557753325 1771251616.573729277 0
Feb 16 14:20:16 standalone object-server[127764]: 172.20.0.100 - - [16/Feb/2026:14:20:16 +0000] "GET /d1/3/AUTH_cb248d3efa0243e4965462e374ae45fa/gnocchi.1d04d4e7-eabd-41cf-a27a-7a087af7da77/1771200000.0_mean_300.0_v3" 404 70 "GET http://172.18.0.2:8080/v1/AUTH_cb248d3efa0243e4965462e374ae45fa/gnocchi.1d04d4e7-eabd-41cf-a27a-7a087af7da77/1771200000.0_mean_300.0_v3" "tx9bdee46f436145c888c1e-00699327a0" "proxy-server 20" 0.0005 "-" 24 0
Feb 16 14:20:16 standalone proxy-server[129810]: 172.18.0.2 172.18.0.100 16/Feb/2026/14/20/16 GET /v1/AUTH_cb248d3efa0243e4965462e374ae45fa/gnocchi.1d04d4e7-eabd-41cf-a27a-7a087af7da77/1771200000.0_mean_300.0_v3 HTTP/1.0 404 - python-swiftclient-3.11.1 gAAAAABpkybry4aT... - 70 - tx9bdee46f436145c888c1e-00699327a0 - 0.0064 - - 1771251616.579621792 1771251616.585998774 0
Feb 16 14:20:16 standalone object-server[127765]: 172.20.0.100 - - [16/Feb/2026:14:20:16 +0000] "GET /d1/103/AUTH_cb248d3efa0243e4965462e374ae45fa/gnocchi.51d13c1e-c276-4662-86e5-2e2825cea077/1771200000.0_mean_300.0_v3" 404 70 "GET http://172.18.0.2:8080/v1/AUTH_cb248d3efa0243e4965462e374ae45fa/gnocchi.51d13c1e-c276-4662-86e5-2e2825cea077/1771200000.0_mean_300.0_v3" "tx11635e39aa1e4913b1a29-00699327a0" "proxy-server 20" 0.0003 "-" 25 0
Feb 16 14:20:16 standalone proxy-server[129810]: 172.18.0.2 172.18.0.100 16/Feb/2026/14/20/16 GET /v1/AUTH_cb248d3efa0243e4965462e374ae45fa/gnocchi.51d13c1e-c276-4662-86e5-2e2825cea077/1771200000.0_mean_300.0_v3 HTTP/1.0 404 - python-swiftclient-3.11.1 gAAAAABpkybry4aT... - 70 - tx11635e39aa1e4913b1a29-00699327a0 - 0.0052 - - 1771251616.589633226 1771251616.594816208 0
Feb 16 14:20:16 standalone container-server[127653]: 172.20.0.100 - - [16/Feb/2026:14:20:16 +0000] "PUT /d1/195/AUTH_cb248d3efa0243e4965462e374ae45fa/gnocchi.1d04d4e7-eabd-41cf-a27a-7a087af7da77/1771200000.0_mean_300.0_v3" 201 - "PUT http://172.18.0.2:8080/d1/3/AUTH_cb248d3efa0243e4965462e374ae45fa/gnocchi.1d04d4e7-eabd-41cf-a27a-7a087af7da77/1771200000.0_mean_300.0_v3" "tx04e47f2347464cabb7ed9-00699327a0" "object-server 24" 0.0007 "-" 22 0
Feb 16 14:20:16 standalone object-server[127764]: 172.20.0.100 - - [16/Feb/2026:14:20:16 +0000] "PUT /d1/3/AUTH_cb248d3efa0243e4965462e374ae45fa/gnocchi.1d04d4e7-eabd-41cf-a27a-7a087af7da77/1771200000.0_mean_300.0_v3" 201 - "PUT http://172.18.0.2:8080/v1/AUTH_cb248d3efa0243e4965462e374ae45fa/gnocchi.1d04d4e7-eabd-41cf-a27a-7a087af7da77/1771200000.0_mean_300.0_v3" "tx04e47f2347464cabb7ed9-00699327a0" "proxy-server 20" 0.0109 "-" 24 0
Feb 16 14:20:16 standalone proxy-server[129810]: 172.18.0.2 172.18.0.100 16/Feb/2026/14/20/16 PUT /v1/AUTH_cb248d3efa0243e4965462e374ae45fa/gnocchi.1d04d4e7-eabd-41cf-a27a-7a087af7da77/1771200000.0_mean_300.0_v3 HTTP/1.0 201 - python-swiftclient-3.11.1 gAAAAABpkybry4aT... 16 - - tx04e47f2347464cabb7ed9-00699327a0 - 0.0179 - - 1771251616.598642111 1771251616.616571903 0
Feb 16 14:20:16 standalone container-server[127639]: 172.20.0.100 - - [16/Feb/2026:14:20:16 +0000] "PUT /d1/417/AUTH_cb248d3efa0243e4965462e374ae45fa/gnocchi.51d13c1e-c276-4662-86e5-2e2825cea077/1771200000.0_mean_300.0_v3" 201 - "PUT http://172.18.0.2:8080/d1/103/AUTH_cb248d3efa0243e4965462e374ae45fa/gnocchi.51d13c1e-c276-4662-86e5-2e2825cea077/1771200000.0_mean_300.0_v3" "tx56dd531339c448cab5242-00699327a0" "object-server 22" 0.0008 "-" 21 0
Feb 16 14:20:16 standalone object-server[127760]: 172.20.0.100 - - [16/Feb/2026:14:20:16 +0000] "PUT /d1/103/AUTH_cb248d3efa0243e4965462e374ae45fa/gnocchi.51d13c1e-c276-4662-86e5-2e2825cea077/1771200000.0_mean_300.0_v3" 201 - "PUT http://172.18.0.2:8080/v1/AUTH_cb248d3efa0243e4965462e374ae45fa/gnocchi.51d13c1e-c276-4662-86e5-2e2825cea077/1771200000.0_mean_300.0_v3" "tx56dd531339c448cab5242-00699327a0" "proxy-server 20" 0.0144 "-" 22 0
Feb 16 14:20:16 standalone proxy-server[129810]: 172.18.0.2 172.18.0.100 16/Feb/2026/14/20/16 PUT /v1/AUTH_cb248d3efa0243e4965462e374ae45fa/gnocchi.51d13c1e-c276-4662-86e5-2e2825cea077/1771200000.0_mean_300.0_v3 HTTP/1.0 201 - python-swiftclient-3.11.1 gAAAAABpkybry4aT... 16 - - tx56dd531339c448cab5242-00699327a0 - 0.0218 - - 1771251616.621366978 1771251616.643141270 0
Feb 16 14:20:16 standalone container-server[127653]: 172.20.0.100 - - [16/Feb/2026:14:20:16 +0000] "PUT /d1/195/AUTH_cb248d3efa0243e4965462e374ae45fa/gnocchi.1d04d4e7-eabd-41cf-a27a-7a087af7da77/none_v3" 201 - "PUT http://172.18.0.2:8080/d1/1019/AUTH_cb248d3efa0243e4965462e374ae45fa/gnocchi.1d04d4e7-eabd-41cf-a27a-7a087af7da77/none_v3" "txfd5faf3b44d5409dad65b-00699327a0" "object-server 24" 0.0011 "-" 22 0
Feb 16 14:20:16 standalone object-server[127764]: 172.20.0.100 - - [16/Feb/2026:14:20:16 +0000] "PUT /d1/1019/AUTH_cb248d3efa0243e4965462e374ae45fa/gnocchi.1d04d4e7-eabd-41cf-a27a-7a087af7da77/none_v3" 201 - "PUT http://172.18.0.2:8080/v1/AUTH_cb248d3efa0243e4965462e374ae45fa/gnocchi.1d04d4e7-eabd-41cf-a27a-7a087af7da77/none_v3" "txfd5faf3b44d5409dad65b-00699327a0" "proxy-server 20" 0.0109 "-" 24 0
Feb 16 14:20:16 standalone proxy-server[129810]: 172.18.0.2 172.18.0.100 16/Feb/2026/14/20/16 PUT /v1/AUTH_cb248d3efa0243e4965462e374ae45fa/gnocchi.1d04d4e7-eabd-41cf-a27a-7a087af7da77/none_v3 HTTP/1.0 201 - python-swiftclient-3.11.1 gAAAAABpkybry4aT... 22 - - txfd5faf3b44d5409dad65b-00699327a0 - 0.0168 - - 1771251616.647225618 1771251616.664045095 0
Feb 16 14:20:16 standalone container-server[127639]: 172.20.0.100 - - [16/Feb/2026:14:20:16 +0000] "PUT /d1/417/AUTH_cb248d3efa0243e4965462e374ae45fa/gnocchi.51d13c1e-c276-4662-86e5-2e2825cea077/none_v3" 201 - "PUT http://172.18.0.2:8080/d1/535/AUTH_cb248d3efa0243e4965462e374ae45fa/gnocchi.51d13c1e-c276-4662-86e5-2e2825cea077/none_v3" "txfa28841b6296491bbc4e7-00699327a0" "object-server 23" 0.0008 "-" 21 0
Feb 16 14:20:16 standalone object-server[127761]: 172.20.0.100 - - [16/Feb/2026:14:20:16 +0000] "PUT /d1/535/AUTH_cb248d3efa0243e4965462e374ae45fa/gnocchi.51d13c1e-c276-4662-86e5-2e2825cea077/none_v3" 201 - "PUT http://172.18.0.2:8080/v1/AUTH_cb248d3efa0243e4965462e374ae45fa/gnocchi.51d13c1e-c276-4662-86e5-2e2825cea077/none_v3" "txfa28841b6296491bbc4e7-00699327a0" "proxy-server 20" 0.0111 "-" 23 0
Feb 16 14:20:16 standalone proxy-server[129810]: 172.18.0.2 172.18.0.100 16/Feb/2026/14/20/16 PUT /v1/AUTH_cb248d3efa0243e4965462e374ae45fa/gnocchi.51d13c1e-c276-4662-86e5-2e2825cea077/none_v3 HTTP/1.0 201 - python-swiftclient-3.11.1 gAAAAABpkybry4aT... 22 - - txfa28841b6296491bbc4e7-00699327a0 - 0.0170 - - 1771251616.668522358 1771251616.685519934 0
Feb 16 14:20:16 standalone container-server[127635]: 172.20.0.100 - - [16/Feb/2026:14:20:16 +0000] "HEAD /d1/102/AUTH_cb248d3efa0243e4965462e374ae45fa/gnocchi.cb9e57d6-e4c2-4f4e-bc50-28724e99f67a" 404 - "HEAD http://172.18.0.2:8080/v1/AUTH_cb248d3efa0243e4965462e374ae45fa/gnocchi.cb9e57d6-e4c2-4f4e-bc50-28724e99f67a?format=json&states=listing" "tx3c5059f7515a46cc83068-00699327a0" "proxy-server 20" 0.0008 "-" 20 0
Feb 16 14:20:16 standalone object-server[127761]: 172.20.0.100 - - [16/Feb/2026:14:20:16 +0000] "GET /d1/827/AUTH_cb248d3efa0243e4965462e374ae45fa/gnocchi.cb9e57d6-e4c2-4f4e-bc50-28724e99f67a/none_v3" 404 70 "GET http://172.18.0.2:8080/v1/AUTH_cb248d3efa0243e4965462e374ae45fa/gnocchi.cb9e57d6-e4c2-4f4e-bc50-28724e99f67a/none_v3" "tx3c5059f7515a46cc83068-00699327a0" "proxy-server 20" 0.0004 "-" 23 0
Feb 16 14:20:16 standalone proxy-server[129810]: 172.18.0.2 172.18.0.100 16/Feb/2026/14/20/16 GET /v1/AUTH_cb248d3efa0243e4965462e374ae45fa/gnocchi.cb9e57d6-e4c2-4f4e-bc50-28724e99f67a/none_v3 HTTP/1.0 404 - python-swiftclient-3.11.1 gAAAAABpkybry4aT... - 70 - tx3c5059f7515a46cc83068-00699327a0 - 0.0090 - - 1771251616.702270269 1771251616.711282730 0
Feb 16 14:20:16 standalone account-server[127492]: 172.20.0.100 - - [16/Feb/2026:14:20:16 +0000] "PUT /d1/633/AUTH_cb248d3efa0243e4965462e374ae45fa/gnocchi.cb9e57d6-e4c2-4f4e-bc50-28724e99f67a" 201 - "PUT http://172.20.0.100:6001/d1/102/AUTH_cb248d3efa0243e4965462e374ae45fa/gnocchi.cb9e57d6-e4c2-4f4e-bc50-28724e99f67a" "txc8ddaa3d89c0411790987-00699327a0" "container-server 20" 0.0048 "-" 14 0
Feb 16 14:20:16 standalone container-server[127635]: 172.20.0.100 - - [16/Feb/2026:14:20:16 +0000] "PUT /d1/102/AUTH_cb248d3efa0243e4965462e374ae45fa/gnocchi.cb9e57d6-e4c2-4f4e-bc50-28724e99f67a" 201 - "PUT http://172.18.0.2:8080/v1/AUTH_cb248d3efa0243e4965462e374ae45fa/gnocchi.cb9e57d6-e4c2-4f4e-bc50-28724e99f67a" "txc8ddaa3d89c0411790987-00699327a0" "proxy-server 20" 0.0172 "-" 20 0
Feb 16 14:20:16 standalone proxy-server[129810]: 172.18.0.2 172.18.0.100 16/Feb/2026/14/20/16 PUT /v1/AUTH_cb248d3efa0243e4965462e374ae45fa/gnocchi.cb9e57d6-e4c2-4f4e-bc50-28724e99f67a HTTP/1.0 201 - python-swiftclient-3.11.1 gAAAAABpkybry4aT... - - - txc8ddaa3d89c0411790987-00699327a0 - 0.0215 - - 1771251616.714823961 1771251616.736354351 0
Feb 16 14:20:16 standalone container-server[127639]: 172.20.0.100 - - [16/Feb/2026:14:20:16 +0000] "HEAD /d1/102/AUTH_cb248d3efa0243e4965462e374ae45fa/gnocchi.cb9e57d6-e4c2-4f4e-bc50-28724e99f67a" 204 - "HEAD http://172.18.0.2:8080/v1/AUTH_cb248d3efa0243e4965462e374ae45fa/gnocchi.cb9e57d6-e4c2-4f4e-bc50-28724e99f67a?format=json&states=listing" "tx991f14b4300c46ad84ca3-00699327a0" "proxy-server 20" 0.0027 "-" 21 0
Feb 16 14:20:16 standalone proxy-server[129810]: - - 16/Feb/2026/14/20/16 HEAD /v1/AUTH_cb248d3efa0243e4965462e374ae45fa/gnocchi.cb9e57d6-e4c2-4f4e-bc50-28724e99f67a%3Fformat%3Djson%26states%3Dlisting HTTP/1.0 204 - Swift - - - - tx991f14b4300c46ad84ca3-00699327a0 - 0.0070 RL - 1771251616.743084908 1771251616.750128031 0
Feb 16 14:20:16 standalone container-server[127639]: 172.20.0.100 - - [16/Feb/2026:14:20:16 +0000] "GET /d1/102/AUTH_cb248d3efa0243e4965462e374ae45fa/gnocchi.cb9e57d6-e4c2-4f4e-bc50-28724e99f67a" 200 2 "GET http://172.18.0.2:8080/v1/AUTH_cb248d3efa0243e4965462e374ae45fa/gnocchi.cb9e57d6-e4c2-4f4e-bc50-28724e99f67a?format=json&states=listing" "tx991f14b4300c46ad84ca3-00699327a0" "proxy-server 20" 0.0051 "-" 21 0
Feb 16 14:20:16 standalone proxy-server[129810]: 172.18.0.2 172.18.0.100 16/Feb/2026/14/20/16 GET /v1/AUTH_cb248d3efa0243e4965462e374ae45fa/gnocchi.cb9e57d6-e4c2-4f4e-bc50-28724e99f67a%3Fformat%3Djson%26states%3Dlisting HTTP/1.0 200 - python-swiftclient-3.11.1 gAAAAABpkybry4aT... - 2 - tx991f14b4300c46ad84ca3-00699327a0 - 0.0200 - - 1771251616.742085218 1771251616.762133837 0
Feb 16 14:20:16 standalone object-server[127764]: 172.20.0.100 - - [16/Feb/2026:14:20:16 +0000] "GET /d1/1023/AUTH_cb248d3efa0243e4965462e374ae45fa/gnocchi.cb9e57d6-e4c2-4f4e-bc50-28724e99f67a/1771200000.0_mean_300.0_v3" 404 70 "GET http://172.18.0.2:8080/v1/AUTH_cb248d3efa0243e4965462e374ae45fa/gnocchi.cb9e57d6-e4c2-4f4e-bc50-28724e99f67a/1771200000.0_mean_300.0_v3" "tx2c54b1681d4246a58d154-00699327a0" "proxy-server 20" 0.0006 "-" 24 0
Feb 16 14:20:16 standalone proxy-server[129810]: 172.18.0.2 172.18.0.100 16/Feb/2026/14/20/16 GET /v1/AUTH_cb248d3efa0243e4965462e374ae45fa/gnocchi.cb9e57d6-e4c2-4f4e-bc50-28724e99f67a/1771200000.0_mean_300.0_v3 HTTP/1.0 404 - python-swiftclient-3.11.1 gAAAAABpkybry4aT... - 70 - tx2c54b1681d4246a58d154-00699327a0 - 0.0064 - - 1771251616.769807816 1771251616.776162624 0
Feb 16 14:20:16 standalone container-server[127635]: 172.20.0.100 - - [16/Feb/2026:14:20:16 +0000] "PUT /d1/102/AUTH_cb248d3efa0243e4965462e374ae45fa/gnocchi.cb9e57d6-e4c2-4f4e-bc50-28724e99f67a/1771200000.0_mean_300.0_v3" 201 - "PUT http://172.18.0.2:8080/d1/1023/AUTH_cb248d3efa0243e4965462e374ae45fa/gnocchi.cb9e57d6-e4c2-4f4e-bc50-28724e99f67a/1771200000.0_mean_300.0_v3" "txba2a6d445e2b41ec9520a-00699327a0" "object-server 24" 0.0009 "-" 20 0
Feb 16 14:20:16 standalone object-server[127764]: 172.20.0.100 - - [16/Feb/2026:14:20:16 +0000] "PUT /d1/1023/AUTH_cb248d3efa0243e4965462e374ae45fa/gnocchi.cb9e57d6-e4c2-4f4e-bc50-28724e99f67a/1771200000.0_mean_300.0_v3" 201 - "PUT http://172.18.0.2:8080/v1/AUTH_cb248d3efa0243e4965462e374ae45fa/gnocchi.cb9e57d6-e4c2-4f4e-bc50-28724e99f67a/1771200000.0_mean_300.0_v3" "txba2a6d445e2b41ec9520a-00699327a0" "proxy-server 20" 0.0128 "-" 24 0
Feb 16 14:20:16 standalone proxy-server[129810]: 172.18.0.2 172.18.0.100 16/Feb/2026/14/20/16 PUT /v1/AUTH_cb248d3efa0243e4965462e374ae45fa/gnocchi.cb9e57d6-e4c2-4f4e-bc50-28724e99f67a/1771200000.0_mean_300.0_v3 HTTP/1.0 201 - python-swiftclient-3.11.1 gAAAAABpkybry4aT... 16 - - txba2a6d445e2b41ec9520a-00699327a0 - 0.0187 - - 1771251616.780122519 1771251616.798840761 0
Feb 16 14:20:16 standalone container-server[127659]: 172.20.0.100 - - [16/Feb/2026:14:20:16 +0000] "PUT /d1/102/AUTH_cb248d3efa0243e4965462e374ae45fa/gnocchi.cb9e57d6-e4c2-4f4e-bc50-28724e99f67a/none_v3" 201 - "PUT http://172.18.0.2:8080/d1/827/AUTH_cb248d3efa0243e4965462e374ae45fa/gnocchi.cb9e57d6-e4c2-4f4e-bc50-28724e99f67a/none_v3" "txf36942ae6be3402dbd63e-00699327a0" "object-server 22" 0.0008 "-" 23 0
Feb 16 14:20:16 standalone object-server[127760]: 172.20.0.100 - - [16/Feb/2026:14:20:16 +0000] "PUT /d1/827/AUTH_cb248d3efa0243e4965462e374ae45fa/gnocchi.cb9e57d6-e4c2-4f4e-bc50-28724e99f67a/none_v3" 201 - "PUT http://172.18.0.2:8080/v1/AUTH_cb248d3efa0243e4965462e374ae45fa/gnocchi.cb9e57d6-e4c2-4f4e-bc50-28724e99f67a/none_v3" "txf36942ae6be3402dbd63e-00699327a0" "proxy-server 20" 0.0131 "-" 22 0
Feb 16 14:20:16 standalone proxy-server[129810]: 172.18.0.2 172.18.0.100 16/Feb/2026/14/20/16 PUT /v1/AUTH_cb248d3efa0243e4965462e374ae45fa/gnocchi.cb9e57d6-e4c2-4f4e-bc50-28724e99f67a/none_v3 HTTP/1.0 201 - python-swiftclient-3.11.1 gAAAAABpkybry4aT... 22 - - txf36942ae6be3402dbd63e-00699327a0 - 0.0214 - - 1771251616.803388596 1771251616.824775219 0
Feb 16 14:20:16 standalone container-server[127653]: 172.20.0.100 - - [16/Feb/2026:14:20:16 +0000] "HEAD /d1/439/AUTH_cb248d3efa0243e4965462e374ae45fa/gnocchi.09778f37-e575-461c-900b-f3f1cbdcca7d" 404 - "HEAD http://172.18.0.2:8080/v1/AUTH_cb248d3efa0243e4965462e374ae45fa/gnocchi.09778f37-e575-461c-900b-f3f1cbdcca7d?format=json&states=listing" "tx681310405c774f928a893-00699327a0" "proxy-server 20" 0.0005 "-" 22 0
Feb 16 14:20:16 standalone object-server[127764]: 172.20.0.100 - - [16/Feb/2026:14:20:16 +0000] "GET /d1/598/AUTH_cb248d3efa0243e4965462e374ae45fa/gnocchi.09778f37-e575-461c-900b-f3f1cbdcca7d/none_v3" 404 70 "GET http://172.18.0.2:8080/v1/AUTH_cb248d3efa0243e4965462e374ae45fa/gnocchi.09778f37-e575-461c-900b-f3f1cbdcca7d/none_v3" "tx681310405c774f928a893-00699327a0" "proxy-server 20" 0.0005 "-" 24 0
Feb 16 14:20:16 standalone proxy-server[129810]: 172.18.0.2 172.18.0.100 16/Feb/2026/14/20/16 GET /v1/AUTH_cb248d3efa0243e4965462e374ae45fa/gnocchi.09778f37-e575-461c-900b-f3f1cbdcca7d/none_v3 HTTP/1.0 404 - python-swiftclient-3.11.1 gAAAAABpkybry4aT... - 70 - tx681310405c774f928a893-00699327a0 - 0.0133 - - 1771251616.885303259 1771251616.898553610 0
Feb 16 14:20:16 standalone account-server[127518]: 172.20.0.100 - - [16/Feb/2026:14:20:16 +0000] "PUT /d1/633/AUTH_cb248d3efa0243e4965462e374ae45fa/gnocchi.09778f37-e575-461c-900b-f3f1cbdcca7d" 201 - "PUT http://172.20.0.100:6001/d1/439/AUTH_cb248d3efa0243e4965462e374ae45fa/gnocchi.09778f37-e575-461c-900b-f3f1cbdcca7d" "tx662755447ff247e29dcbd-00699327a0" "container-server 22" 0.0058 "-" 19 0
Feb 16 14:20:16 standalone container-server[127653]: 172.20.0.100 - - [16/Feb/2026:14:20:16 +0000] "PUT /d1/439/AUTH_cb248d3efa0243e4965462e374ae45fa/gnocchi.09778f37-e575-461c-900b-f3f1cbdcca7d" 201 - "PUT http://172.18.0.2:8080/v1/AUTH_cb248d3efa0243e4965462e374ae45fa/gnocchi.09778f37-e575-461c-900b-f3f1cbdcca7d" "tx662755447ff247e29dcbd-00699327a0" "proxy-server 20" 0.0224 "-" 22 0
Feb 16 14:20:16 standalone proxy-server[129810]: 172.18.0.2 172.18.0.100 16/Feb/2026/14/20/16 PUT /v1/AUTH_cb248d3efa0243e4965462e374ae45fa/gnocchi.09778f37-e575-461c-900b-f3f1cbdcca7d HTTP/1.0 201 - python-swiftclient-3.11.1 gAAAAABpkybry4aT... - - - tx662755447ff247e29dcbd-00699327a0 - 0.0294 - - 1771251616.903753757 1771251616.933111668 0
Feb 16 14:20:16 standalone container-server[127653]: 172.20.0.100 - - [16/Feb/2026:14:20:16 +0000] "HEAD /d1/439/AUTH_cb248d3efa0243e4965462e374ae45fa/gnocchi.09778f37-e575-461c-900b-f3f1cbdcca7d" 204 - "HEAD http://172.18.0.2:8080/v1/AUTH_cb248d3efa0243e4965462e374ae45fa/gnocchi.09778f37-e575-461c-900b-f3f1cbdcca7d?format=json&states=listing" "txb1e90819833642939b2d8-00699327a0" "proxy-server 20" 0.0025 "-" 22 0
Feb 16 14:20:16 standalone proxy-server[129810]: - - 16/Feb/2026/14/20/16 HEAD /v1/AUTH_cb248d3efa0243e4965462e374ae45fa/gnocchi.09778f37-e575-461c-900b-f3f1cbdcca7d%3Fformat%3Djson%26states%3Dlisting HTTP/1.0 204 - Swift - - - - txb1e90819833642939b2d8-00699327a0 - 0.0073 RL - 1771251616.938115835 1771251616.945400238 0
Feb 16 14:20:16 standalone container-server[127635]: 172.20.0.100 - - [16/Feb/2026:14:20:16 +0000] "GET /d1/439/AUTH_cb248d3efa0243e4965462e374ae45fa/gnocchi.09778f37-e575-461c-900b-f3f1cbdcca7d" 200 2 "GET http://172.18.0.2:8080/v1/AUTH_cb248d3efa0243e4965462e374ae45fa/gnocchi.09778f37-e575-461c-900b-f3f1cbdcca7d?format=json&states=listing" "txb1e90819833642939b2d8-00699327a0" "proxy-server 20" 0.0033 "-" 20 0
Feb 16 14:20:16 standalone proxy-server[129810]: 172.18.0.2 172.18.0.100 16/Feb/2026/14/20/16 GET /v1/AUTH_cb248d3efa0243e4965462e374ae45fa/gnocchi.09778f37-e575-461c-900b-f3f1cbdcca7d%3Fformat%3Djson%26states%3Dlisting HTTP/1.0 200 - python-swiftclient-3.11.1 gAAAAABpkybry4aT... - 2 - txb1e90819833642939b2d8-00699327a0 - 0.0211 - - 1771251616.936650753 1771251616.957768440 0
Feb 16 14:20:16 standalone object-server[127761]: 172.20.0.100 - - [16/Feb/2026:14:20:16 +0000] "GET /d1/216/AUTH_cb248d3efa0243e4965462e374ae45fa/gnocchi.09778f37-e575-461c-900b-f3f1cbdcca7d/1771200000.0_mean_300.0_v3" 404 70 "GET http://172.18.0.2:8080/v1/AUTH_cb248d3efa0243e4965462e374ae45fa/gnocchi.09778f37-e575-461c-900b-f3f1cbdcca7d/1771200000.0_mean_300.0_v3" "tx54220662c6db4e81a0c36-00699327a0" "proxy-server 20" 0.0003 "-" 23 0
Feb 16 14:20:16 standalone proxy-server[129810]: 172.18.0.2 172.18.0.100 16/Feb/2026/14/20/16 GET /v1/AUTH_cb248d3efa0243e4965462e374ae45fa/gnocchi.09778f37-e575-461c-900b-f3f1cbdcca7d/1771200000.0_mean_300.0_v3 HTTP/1.0 404 - python-swiftclient-3.11.1 gAAAAABpkybry4aT... - 70 - tx54220662c6db4e81a0c36-00699327a0 - 0.0065 - - 1771251616.960869551 1771251616.967359781 0
Feb 16 14:20:16 standalone container-server[127635]: 172.20.0.100 - - [16/Feb/2026:14:20:16 +0000] "PUT /d1/439/AUTH_cb248d3efa0243e4965462e374ae45fa/gnocchi.09778f37-e575-461c-900b-f3f1cbdcca7d/1771200000.0_mean_300.0_v3" 201 - "PUT http://172.18.0.2:8080/d1/216/AUTH_cb248d3efa0243e4965462e374ae45fa/gnocchi.09778f37-e575-461c-900b-f3f1cbdcca7d/1771200000.0_mean_300.0_v3" "txc3f2901511a0422496639-00699327a0" "object-server 24" 0.0008 "-" 20 0
Feb 16 14:20:16 standalone object-server[127764]: 172.20.0.100 - - [16/Feb/2026:14:20:16 +0000] "PUT /d1/216/AUTH_cb248d3efa0243e4965462e374ae45fa/gnocchi.09778f37-e575-461c-900b-f3f1cbdcca7d/1771200000.0_mean_300.0_v3" 201 - "PUT http://172.18.0.2:8080/v1/AUTH_cb248d3efa0243e4965462e374ae45fa/gnocchi.09778f37-e575-461c-900b-f3f1cbdcca7d/1771200000.0_mean_300.0_v3" "txc3f2901511a0422496639-00699327a0" "proxy-server 20" 0.0114 "-" 24 0
Feb 16 14:20:16 standalone proxy-server[129810]: 172.18.0.2 172.18.0.100 16/Feb/2026/14/20/16 PUT /v1/AUTH_cb248d3efa0243e4965462e374ae45fa/gnocchi.09778f37-e575-461c-900b-f3f1cbdcca7d/1771200000.0_mean_300.0_v3 HTTP/1.0 201 - python-swiftclient-3.11.1 gAAAAABpkybry4aT... 16 - - txc3f2901511a0422496639-00699327a0 - 0.0193 - - 1771251616.970107317 1771251616.989369392 0
Feb 16 14:20:17 standalone container-server[127639]: 172.20.0.100 - - [16/Feb/2026:14:20:17 +0000] "PUT /d1/439/AUTH_cb248d3efa0243e4965462e374ae45fa/gnocchi.09778f37-e575-461c-900b-f3f1cbdcca7d/none_v3" 201 - "PUT http://172.18.0.2:8080/d1/598/AUTH_cb248d3efa0243e4965462e374ae45fa/gnocchi.09778f37-e575-461c-900b-f3f1cbdcca7d/none_v3" "tx9016e69995a3497abf252-00699327a0" "object-server 25" 0.0010 "-" 21 0
Feb 16 14:20:17 standalone object-server[127765]: 172.20.0.100 - - [16/Feb/2026:14:20:17 +0000] "PUT /d1/598/AUTH_cb248d3efa0243e4965462e374ae45fa/gnocchi.09778f37-e575-461c-900b-f3f1cbdcca7d/none_v3" 201 - "PUT http://172.18.0.2:8080/v1/AUTH_cb248d3efa0243e4965462e374ae45fa/gnocchi.09778f37-e575-461c-900b-f3f1cbdcca7d/none_v3" "tx9016e69995a3497abf252-00699327a0" "proxy-server 20" 0.0124 "-" 25 0
Feb 16 14:20:17 standalone proxy-server[129810]: 172.18.0.2 172.18.0.100 16/Feb/2026/14/20/17 PUT /v1/AUTH_cb248d3efa0243e4965462e374ae45fa/gnocchi.09778f37-e575-461c-900b-f3f1cbdcca7d/none_v3 HTTP/1.0 201 - python-swiftclient-3.11.1 gAAAAABpkybry4aT... 22 - - tx9016e69995a3497abf252-00699327a0 - 0.0209 - - 1771251616.992154837 1771251617.013030291 0
Feb 16 14:20:17 standalone container-server[127635]: 172.20.0.100 - - [16/Feb/2026:14:20:17 +0000] "HEAD /d1/1007/AUTH_cb248d3efa0243e4965462e374ae45fa/gnocchi.5b7f480e-ff90-4644-9025-6fc03c8ff87e" 404 - "HEAD http://172.18.0.2:8080/v1/AUTH_cb248d3efa0243e4965462e374ae45fa/gnocchi.5b7f480e-ff90-4644-9025-6fc03c8ff87e?format=json&states=listing" "tx2ca6585eecaf4f448989c-00699327a1" "proxy-server 20" 0.0005 "-" 20 0
Feb 16 14:20:17 standalone object-server[127765]: 172.20.0.100 - - [16/Feb/2026:14:20:17 +0000] "GET /d1/792/AUTH_cb248d3efa0243e4965462e374ae45fa/gnocchi.5b7f480e-ff90-4644-9025-6fc03c8ff87e/none_v3" 404 70 "GET http://172.18.0.2:8080/v1/AUTH_cb248d3efa0243e4965462e374ae45fa/gnocchi.5b7f480e-ff90-4644-9025-6fc03c8ff87e/none_v3" "tx2ca6585eecaf4f448989c-00699327a1" "proxy-server 20" 0.0005 "-" 25 0
Feb 16 14:20:17 standalone proxy-server[129810]: 172.18.0.2 172.18.0.100 16/Feb/2026/14/20/17 GET /v1/AUTH_cb248d3efa0243e4965462e374ae45fa/gnocchi.5b7f480e-ff90-4644-9025-6fc03c8ff87e/none_v3 HTTP/1.0 404 - python-swiftclient-3.11.1 gAAAAABpkybry4aT... - 70 - tx2ca6585eecaf4f448989c-00699327a1 - 0.0139 - - 1771251617.028067589 1771251617.041927338 0
Feb 16 14:20:17 standalone account-server[127492]: 172.20.0.100 - - [16/Feb/2026:14:20:17 +0000] "PUT /d1/633/AUTH_cb248d3efa0243e4965462e374ae45fa/gnocchi.5b7f480e-ff90-4644-9025-6fc03c8ff87e" 201 - "PUT http://172.20.0.100:6001/d1/1007/AUTH_cb248d3efa0243e4965462e374ae45fa/gnocchi.5b7f480e-ff90-4644-9025-6fc03c8ff87e" "tx24e82b06694e46f3a748a-00699327a1" "container-server 21" 0.0070 "-" 14 0
Feb 16 14:20:17 standalone container-server[127639]: 172.20.0.100 - - [16/Feb/2026:14:20:17 +0000] "PUT /d1/1007/AUTH_cb248d3efa0243e4965462e374ae45fa/gnocchi.5b7f480e-ff90-4644-9025-6fc03c8ff87e" 201 - "PUT http://172.18.0.2:8080/v1/AUTH_cb248d3efa0243e4965462e374ae45fa/gnocchi.5b7f480e-ff90-4644-9025-6fc03c8ff87e" "tx24e82b06694e46f3a748a-00699327a1" "proxy-server 20" 0.0255 "-" 21 0
Feb 16 14:20:17 standalone proxy-server[129810]: 172.18.0.2 172.18.0.100 16/Feb/2026/14/20/17 PUT /v1/AUTH_cb248d3efa0243e4965462e374ae45fa/gnocchi.5b7f480e-ff90-4644-9025-6fc03c8ff87e HTTP/1.0 201 - python-swiftclient-3.11.1 gAAAAABpkybry4aT... - - - tx24e82b06694e46f3a748a-00699327a1 - 0.0338 - - 1771251617.046603203 1771251617.080362558 0
Feb 16 14:20:17 standalone container-server[127653]: 172.20.0.100 - - [16/Feb/2026:14:20:17 +0000] "HEAD /d1/792/AUTH_cb248d3efa0243e4965462e374ae45fa/gnocchi.8fca8ae7-3388-4772-94dd-f07646e9bcfe" 404 - "HEAD http://172.18.0.2:8080/v1/AUTH_cb248d3efa0243e4965462e374ae45fa/gnocchi.8fca8ae7-3388-4772-94dd-f07646e9bcfe?format=json&states=listing" "txf0f7fbbadd824314884fe-00699327a1" "proxy-server 20" 0.0009 "-" 22 0
Feb 16 14:20:17 standalone object-server[127764]: 172.20.0.100 - - [16/Feb/2026:14:20:17 +0000] "GET /d1/941/AUTH_cb248d3efa0243e4965462e374ae45fa/gnocchi.8fca8ae7-3388-4772-94dd-f07646e9bcfe/none_v3" 404 70 "GET http://172.18.0.2:8080/v1/AUTH_cb248d3efa0243e4965462e374ae45fa/gnocchi.8fca8ae7-3388-4772-94dd-f07646e9bcfe/none_v3" "txf0f7fbbadd824314884fe-00699327a1" "proxy-server 20" 0.0007 "-" 24 0
Feb 16 14:20:17 standalone proxy-server[129810]: 172.18.0.2 172.18.0.100 16/Feb/2026/14/20/17 GET /v1/AUTH_cb248d3efa0243e4965462e374ae45fa/gnocchi.8fca8ae7-3388-4772-94dd-f07646e9bcfe/none_v3 HTTP/1.0 404 - python-swiftclient-3.11.1 gAAAAABpkybry4aT... - 70 - txf0f7fbbadd824314884fe-00699327a1 - 0.0149 - - 1771251617.084544420 1771251617.099407673 0
Feb 16 14:20:17 standalone account-server[127505]: 172.20.0.100 - - [16/Feb/2026:14:20:17 +0000] "PUT /d1/633/AUTH_cb248d3efa0243e4965462e374ae45fa/gnocchi.8fca8ae7-3388-4772-94dd-f07646e9bcfe" 201 - "PUT http://172.20.0.100:6001/d1/792/AUTH_cb248d3efa0243e4965462e374ae45fa/gnocchi.8fca8ae7-3388-4772-94dd-f07646e9bcfe" "tx473e53016cba474fb8848-00699327a1" "container-server 22" 0.0059 "-" 18 0
Feb 16 14:20:17 standalone container-server[127653]: 172.20.0.100 - - [16/Feb/2026:14:20:17 +0000] "PUT /d1/792/AUTH_cb248d3efa0243e4965462e374ae45fa/gnocchi.8fca8ae7-3388-4772-94dd-f07646e9bcfe" 201 - "PUT http://172.18.0.2:8080/v1/AUTH_cb248d3efa0243e4965462e374ae45fa/gnocchi.8fca8ae7-3388-4772-94dd-f07646e9bcfe" "tx473e53016cba474fb8848-00699327a1" "proxy-server 20" 0.0192 "-" 22 0
Feb 16 14:20:17 standalone proxy-server[129810]: 172.18.0.2 172.18.0.100 16/Feb/2026/14/20/17 PUT /v1/AUTH_cb248d3efa0243e4965462e374ae45fa/gnocchi.8fca8ae7-3388-4772-94dd-f07646e9bcfe HTTP/1.0 201 - python-swiftclient-3.11.1 gAAAAABpkybry4aT... - - - tx473e53016cba474fb8848-00699327a1 - 0.0266 - - 1771251617.102928400 1771251617.129478693 0
Feb 16 14:20:17 standalone container-server[127659]: 172.20.0.100 - - [16/Feb/2026:14:20:17 +0000] "HEAD /d1/1007/AUTH_cb248d3efa0243e4965462e374ae45fa/gnocchi.5b7f480e-ff90-4644-9025-6fc03c8ff87e" 204 - "HEAD http://172.18.0.2:8080/v1/AUTH_cb248d3efa0243e4965462e374ae45fa/gnocchi.5b7f480e-ff90-4644-9025-6fc03c8ff87e?format=json&states=listing" "txb8d342709a4a4f03a8688-00699327a1" "proxy-server 20" 0.0026 "-" 23 0
Feb 16 14:20:17 standalone proxy-server[129810]: - - 16/Feb/2026/14/20/17 HEAD /v1/AUTH_cb248d3efa0243e4965462e374ae45fa/gnocchi.5b7f480e-ff90-4644-9025-6fc03c8ff87e%3Fformat%3Djson%26states%3Dlisting HTTP/1.0 204 - Swift - - - - txb8d342709a4a4f03a8688-00699327a1 - 0.0081 RL - 1771251617.136579037 1771251617.144670486 0
Feb 16 14:20:17 standalone container-server[127653]: 172.20.0.100 - - [16/Feb/2026:14:20:17 +0000] "GET /d1/1007/AUTH_cb248d3efa0243e4965462e374ae45fa/gnocchi.5b7f480e-ff90-4644-9025-6fc03c8ff87e" 200 2 "GET http://172.18.0.2:8080/v1/AUTH_cb248d3efa0243e4965462e374ae45fa/gnocchi.5b7f480e-ff90-4644-9025-6fc03c8ff87e?format=json&states=listing" "txb8d342709a4a4f03a8688-00699327a1" "proxy-server 20" 0.0039 "-" 22 0
Feb 16 14:20:17 standalone proxy-server[129810]: 172.18.0.2 172.18.0.100 16/Feb/2026/14/20/17 GET /v1/AUTH_cb248d3efa0243e4965462e374ae45fa/gnocchi.5b7f480e-ff90-4644-9025-6fc03c8ff87e%3Fformat%3Djson%26states%3Dlisting HTTP/1.0 200 - python-swiftclient-3.11.1 gAAAAABpkybry4aT... - 2 - txb8d342709a4a4f03a8688-00699327a1 - 0.0232 - - 1771251617.134730577 1771251617.157942533 0
Feb 16 14:20:17 standalone container-server[127639]: 172.20.0.100 - - [16/Feb/2026:14:20:17 +0000] "HEAD /d1/792/AUTH_cb248d3efa0243e4965462e374ae45fa/gnocchi.8fca8ae7-3388-4772-94dd-f07646e9bcfe" 204 - "HEAD http://172.18.0.2:8080/v1/AUTH_cb248d3efa0243e4965462e374ae45fa/gnocchi.8fca8ae7-3388-4772-94dd-f07646e9bcfe?format=json&states=listing" "txe6e168141fcc486297c5a-00699327a1" "proxy-server 20" 0.0027 "-" 21 0
Feb 16 14:20:17 standalone proxy-server[129810]: - - 16/Feb/2026/14/20/17 HEAD /v1/AUTH_cb248d3efa0243e4965462e374ae45fa/gnocchi.8fca8ae7-3388-4772-94dd-f07646e9bcfe%3Fformat%3Djson%26states%3Dlisting HTTP/1.0 204 - Swift - - - - txe6e168141fcc486297c5a-00699327a1 - 0.0078 RL - 1771251617.165497065 1771251617.173292875 0
Feb 16 14:20:17 standalone container-server[127635]: 172.20.0.100 - - [16/Feb/2026:14:20:17 +0000] "GET /d1/792/AUTH_cb248d3efa0243e4965462e374ae45fa/gnocchi.8fca8ae7-3388-4772-94dd-f07646e9bcfe" 200 2 "GET http://172.18.0.2:8080/v1/AUTH_cb248d3efa0243e4965462e374ae45fa/gnocchi.8fca8ae7-3388-4772-94dd-f07646e9bcfe?format=json&states=listing" "txe6e168141fcc486297c5a-00699327a1" "proxy-server 20" 0.0035 "-" 20 0
Feb 16 14:20:17 standalone proxy-server[129810]: 172.18.0.2 172.18.0.100 16/Feb/2026/14/20/17 GET /v1/AUTH_cb248d3efa0243e4965462e374ae45fa/gnocchi.8fca8ae7-3388-4772-94dd-f07646e9bcfe%3Fformat%3Djson%26states%3Dlisting HTTP/1.0 200 - python-swiftclient-3.11.1 gAAAAABpkybry4aT... - 2 - txe6e168141fcc486297c5a-00699327a1 - 0.0216 - - 1771251617.163804054 1771251617.185390711 0
Feb 16 14:20:17 standalone object-server[127761]: 172.20.0.100 - - [16/Feb/2026:14:20:17 +0000] "GET /d1/51/AUTH_cb248d3efa0243e4965462e374ae45fa/gnocchi.5b7f480e-ff90-4644-9025-6fc03c8ff87e/1771200000.0_mean_300.0_v3" 404 70 "GET http://172.18.0.2:8080/v1/AUTH_cb248d3efa0243e4965462e374ae45fa/gnocchi.5b7f480e-ff90-4644-9025-6fc03c8ff87e/1771200000.0_mean_300.0_v3" "txcf7f6224c5294f319cdc3-00699327a1" "proxy-server 20" 0.0006 "-" 23 0
Feb 16 14:20:17 standalone proxy-server[129810]: 172.18.0.2 172.18.0.100 16/Feb/2026/14/20/17 GET /v1/AUTH_cb248d3efa0243e4965462e374ae45fa/gnocchi.5b7f480e-ff90-4644-9025-6fc03c8ff87e/1771200000.0_mean_300.0_v3 HTTP/1.0 404 - python-swiftclient-3.11.1 gAAAAABpkybry4aT... - 70 - txcf7f6224c5294f319cdc3-00699327a1 - 0.0085 - - 1771251617.191157341 1771251617.199656963 0
Feb 16 14:20:17 standalone object-server[127765]: 172.20.0.100 - - [16/Feb/2026:14:20:17 +0000] "GET /d1/646/AUTH_cb248d3efa0243e4965462e374ae45fa/gnocchi.8fca8ae7-3388-4772-94dd-f07646e9bcfe/1771200000.0_mean_300.0_v3" 404 70 "GET http://172.18.0.2:8080/v1/AUTH_cb248d3efa0243e4965462e374ae45fa/gnocchi.8fca8ae7-3388-4772-94dd-f07646e9bcfe/1771200000.0_mean_300.0_v3" "tx0c2bed75eb5e4c7f92f3c-00699327a1" "proxy-server 20" 0.0005 "-" 25 0
Feb 16 14:20:17 standalone proxy-server[129810]: 172.18.0.2 172.18.0.100 16/Feb/2026/14/20/17 GET /v1/AUTH_cb248d3efa0243e4965462e374ae45fa/gnocchi.8fca8ae7-3388-4772-94dd-f07646e9bcfe/1771200000.0_mean_300.0_v3 HTTP/1.0 404 - python-swiftclient-3.11.1 gAAAAABpkybry4aT... - 70 - tx0c2bed75eb5e4c7f92f3c-00699327a1 - 0.0112 - - 1771251617.204043627 1771251617.215260267 0
Feb 16 14:20:17 standalone container-server[127653]: 172.20.0.100 - - [16/Feb/2026:14:20:17 +0000] "PUT /d1/1007/AUTH_cb248d3efa0243e4965462e374ae45fa/gnocchi.5b7f480e-ff90-4644-9025-6fc03c8ff87e/1771200000.0_mean_300.0_v3" 201 - "PUT http://172.18.0.2:8080/d1/51/AUTH_cb248d3efa0243e4965462e374ae45fa/gnocchi.5b7f480e-ff90-4644-9025-6fc03c8ff87e/1771200000.0_mean_300.0_v3" "txe76a3e5ca87d449886ba5-00699327a1" "object-server 22" 0.0009 "-" 22 0
Feb 16 14:20:17 standalone object-server[127760]: 172.20.0.100 - - [16/Feb/2026:14:20:17 +0000] "PUT /d1/51/AUTH_cb248d3efa0243e4965462e374ae45fa/gnocchi.5b7f480e-ff90-4644-9025-6fc03c8ff87e/1771200000.0_mean_300.0_v3" 201 - "PUT http://172.18.0.2:8080/v1/AUTH_cb248d3efa0243e4965462e374ae45fa/gnocchi.5b7f480e-ff90-4644-9025-6fc03c8ff87e/1771200000.0_mean_300.0_v3" "txe76a3e5ca87d449886ba5-00699327a1" "proxy-server 20" 0.0125 "-" 22 0
Feb 16 14:20:17 standalone proxy-server[129810]: 172.18.0.2 172.18.0.100 16/Feb/2026/14/20/17 PUT /v1/AUTH_cb248d3efa0243e4965462e374ae45fa/gnocchi.5b7f480e-ff90-4644-9025-6fc03c8ff87e/1771200000.0_mean_300.0_v3 HTTP/1.0 201 - python-swiftclient-3.11.1 gAAAAABpkybry4aT... 16 - - txe76a3e5ca87d449886ba5-00699327a1 - 0.0211 - - 1771251617.220171213 1771251617.241311312 0
Feb 16 14:20:17 standalone container-server[127639]: 172.20.0.100 - - [16/Feb/2026:14:20:17 +0000] "PUT /d1/792/AUTH_cb248d3efa0243e4965462e374ae45fa/gnocchi.8fca8ae7-3388-4772-94dd-f07646e9bcfe/1771200000.0_mean_300.0_v3" 201 - "PUT http://172.18.0.2:8080/d1/646/AUTH_cb248d3efa0243e4965462e374ae45fa/gnocchi.8fca8ae7-3388-4772-94dd-f07646e9bcfe/1771200000.0_mean_300.0_v3" "txf0c93c0642ca4e85b99ba-00699327a1" "object-server 23" 0.0009 "-" 21 0
Feb 16 14:20:17 standalone object-server[127761]: 172.20.0.100 - - [16/Feb/2026:14:20:17 +0000] "PUT /d1/646/AUTH_cb248d3efa0243e4965462e374ae45fa/gnocchi.8fca8ae7-3388-4772-94dd-f07646e9bcfe/1771200000.0_mean_300.0_v3" 201 - "PUT http://172.18.0.2:8080/v1/AUTH_cb248d3efa0243e4965462e374ae45fa/gnocchi.8fca8ae7-3388-4772-94dd-f07646e9bcfe/1771200000.0_mean_300.0_v3" "txf0c93c0642ca4e85b99ba-00699327a1" "proxy-server 20" 0.0117 "-" 23 0
Feb 16 14:20:17 standalone proxy-server[129810]: 172.18.0.2 172.18.0.100 16/Feb/2026/14/20/17 PUT /v1/AUTH_cb248d3efa0243e4965462e374ae45fa/gnocchi.8fca8ae7-3388-4772-94dd-f07646e9bcfe/1771200000.0_mean_300.0_v3 HTTP/1.0 201 - python-swiftclient-3.11.1 gAAAAABpkybry4aT... 16 - - txf0c93c0642ca4e85b99ba-00699327a1 - 0.0212 - - 1771251617.245511532 1771251617.266702890 0
Feb 16 14:20:17 standalone container-server[127659]: 172.20.0.100 - - [16/Feb/2026:14:20:17 +0000] "PUT /d1/1007/AUTH_cb248d3efa0243e4965462e374ae45fa/gnocchi.5b7f480e-ff90-4644-9025-6fc03c8ff87e/none_v3" 201 - "PUT http://172.18.0.2:8080/d1/792/AUTH_cb248d3efa0243e4965462e374ae45fa/gnocchi.5b7f480e-ff90-4644-9025-6fc03c8ff87e/none_v3" "tx22b9e1515ba849c79891d-00699327a1" "object-server 22" 0.0010 "-" 23 0
Feb 16 14:20:17 standalone object-server[127760]: 172.20.0.100 - - [16/Feb/2026:14:20:17 +0000] "PUT /d1/792/AUTH_cb248d3efa0243e4965462e374ae45fa/gnocchi.5b7f480e-ff90-4644-9025-6fc03c8ff87e/none_v3" 201 - "PUT http://172.18.0.2:8080/v1/AUTH_cb248d3efa0243e4965462e374ae45fa/gnocchi.5b7f480e-ff90-4644-9025-6fc03c8ff87e/none_v3" "tx22b9e1515ba849c79891d-00699327a1" "proxy-server 20" 0.0128 "-" 22 0
Feb 16 14:20:17 standalone proxy-server[129810]: 172.18.0.2 172.18.0.100 16/Feb/2026/14/20/17 PUT /v1/AUTH_cb248d3efa0243e4965462e374ae45fa/gnocchi.5b7f480e-ff90-4644-9025-6fc03c8ff87e/none_v3 HTTP/1.0 201 - python-swiftclient-3.11.1 gAAAAABpkybry4aT... 22 - - tx22b9e1515ba849c79891d-00699327a1 - 0.0239 - - 1771251617.272711754 1771251617.296576977 0
Feb 16 14:20:17 standalone container-server[127659]: 172.20.0.100 - - [16/Feb/2026:14:20:17 +0000] "PUT /d1/792/AUTH_cb248d3efa0243e4965462e374ae45fa/gnocchi.8fca8ae7-3388-4772-94dd-f07646e9bcfe/none_v3" 201 - "PUT http://172.18.0.2:8080/d1/941/AUTH_cb248d3efa0243e4965462e374ae45fa/gnocchi.8fca8ae7-3388-4772-94dd-f07646e9bcfe/none_v3" "txe752de7439504267ac20a-00699327a1" "object-server 23" 0.0006 "-" 23 0
Feb 16 14:20:17 standalone object-server[127761]: 172.20.0.100 - - [16/Feb/2026:14:20:17 +0000] "PUT /d1/941/AUTH_cb248d3efa0243e4965462e374ae45fa/gnocchi.8fca8ae7-3388-4772-94dd-f07646e9bcfe/none_v3" 201 - "PUT http://172.18.0.2:8080/v1/AUTH_cb248d3efa0243e4965462e374ae45fa/gnocchi.8fca8ae7-3388-4772-94dd-f07646e9bcfe/none_v3" "txe752de7439504267ac20a-00699327a1" "proxy-server 20" 0.0119 "-" 23 0
Feb 16 14:20:17 standalone proxy-server[129810]: 172.18.0.2 172.18.0.100 16/Feb/2026/14/20/17 PUT /v1/AUTH_cb248d3efa0243e4965462e374ae45fa/gnocchi.8fca8ae7-3388-4772-94dd-f07646e9bcfe/none_v3 HTTP/1.0 201 - python-swiftclient-3.11.1 gAAAAABpkybry4aT... 22 - - txe752de7439504267ac20a-00699327a1 - 0.0198 - - 1771251617.301989555 1771251617.321825743 0
Feb 16 14:20:17 standalone container-server[127639]: 172.20.0.100 - - [16/Feb/2026:14:20:17 +0000] "HEAD /d1/172/AUTH_cb248d3efa0243e4965462e374ae45fa/gnocchi.8c75dd29-1675-4556-8ad0-a983bb5d3609" 404 - "HEAD http://172.18.0.2:8080/v1/AUTH_cb248d3efa0243e4965462e374ae45fa/gnocchi.8c75dd29-1675-4556-8ad0-a983bb5d3609?format=json&states=listing" "tx25f2860e64e4498db1d99-00699327a1" "proxy-server 20" 0.0007 "-" 21 0
Feb 16 14:20:17 standalone object-server[127764]: 172.20.0.100 - - [16/Feb/2026:14:20:17 +0000] "GET /d1/206/AUTH_cb248d3efa0243e4965462e374ae45fa/gnocchi.8c75dd29-1675-4556-8ad0-a983bb5d3609/none_v3" 404 70 "GET http://172.18.0.2:8080/v1/AUTH_cb248d3efa0243e4965462e374ae45fa/gnocchi.8c75dd29-1675-4556-8ad0-a983bb5d3609/none_v3" "tx25f2860e64e4498db1d99-00699327a1" "proxy-server 20" 0.0005 "-" 24 0
Feb 16 14:20:17 standalone proxy-server[129810]: 172.18.0.2 172.18.0.100 16/Feb/2026/14/20/17 GET /v1/AUTH_cb248d3efa0243e4965462e374ae45fa/gnocchi.8c75dd29-1675-4556-8ad0-a983bb5d3609/none_v3 HTTP/1.0 404 - python-swiftclient-3.11.1 gAAAAABpkybry4aT... - 70 - tx25f2860e64e4498db1d99-00699327a1 - 0.0137 - - 1771251617.340037346 1771251617.353691339 0
Feb 16 14:20:17 standalone account-server[127518]: 172.20.0.100 - - [16/Feb/2026:14:20:17 +0000] "PUT /d1/633/AUTH_cb248d3efa0243e4965462e374ae45fa/gnocchi.8c75dd29-1675-4556-8ad0-a983bb5d3609" 201 - "PUT http://172.20.0.100:6001/d1/172/AUTH_cb248d3efa0243e4965462e374ae45fa/gnocchi.8c75dd29-1675-4556-8ad0-a983bb5d3609" "txaa2e254e55bc48a6ace2e-00699327a1" "container-server 20" 0.0059 "-" 19 0
