Feb 16 14:19:10 standalone proxy-server[129810]: 172.18.0.2 172.18.0.100 16/Feb/2026/14/19/10 GET /v1/AUTH_cb248d3efa0243e4965462e374ae45fa/gnocchi.2af11a1d-d3df-403b-814c-90b5d01eb0e9%3Fformat%3Djson%26states%3Dlisting HTTP/1.0 200 - python-swiftclient-3.11.1 gAAAAABpkybry4aT... - 2 - tx1cdf5c27c78e47feac702-006993275d - 0.0210 - - 1771251549.996024370 1771251550.017060757 0
Feb 16 14:19:10 standalone object-server[127765]: 172.20.0.100 - - [16/Feb/2026:14:19:10 +0000] "GET /d1/715/AUTH_cb248d3efa0243e4965462e374ae45fa/gnocchi.2af11a1d-d3df-403b-814c-90b5d01eb0e9/1771200000.0_mean_300.0_v3" 404 70 "GET http://172.18.0.2:8080/v1/AUTH_cb248d3efa0243e4965462e374ae45fa/gnocchi.2af11a1d-d3df-403b-814c-90b5d01eb0e9/1771200000.0_mean_300.0_v3" "tx5b0a71d6eb314b119e580-006993275e" "proxy-server 20" 0.0005 "-" 25 0
Feb 16 14:19:10 standalone proxy-server[129810]: 172.18.0.2 172.18.0.100 16/Feb/2026/14/19/10 GET /v1/AUTH_cb248d3efa0243e4965462e374ae45fa/gnocchi.2af11a1d-d3df-403b-814c-90b5d01eb0e9/1771200000.0_mean_300.0_v3 HTTP/1.0 404 - python-swiftclient-3.11.1 gAAAAABpkybry4aT... - 70 - tx5b0a71d6eb314b119e580-006993275e - 0.0080 - - 1771251550.021525860 1771251550.029539347 0
Feb 16 14:19:10 standalone container-server[127653]: 172.20.0.100 - - [16/Feb/2026:14:19:10 +0000] "PUT /d1/444/AUTH_cb248d3efa0243e4965462e374ae45fa/gnocchi.2af11a1d-d3df-403b-814c-90b5d01eb0e9/1771200000.0_mean_300.0_v3" 201 - "PUT http://172.18.0.2:8080/d1/715/AUTH_cb248d3efa0243e4965462e374ae45fa/gnocchi.2af11a1d-d3df-403b-814c-90b5d01eb0e9/1771200000.0_mean_300.0_v3" "tx95bc2a14fe8a4ba4b780a-006993275e" "object-server 25" 0.0007 "-" 22 0
Feb 16 14:19:10 standalone object-server[127765]: 172.20.0.100 - - [16/Feb/2026:14:19:10 +0000] "PUT /d1/715/AUTH_cb248d3efa0243e4965462e374ae45fa/gnocchi.2af11a1d-d3df-403b-814c-90b5d01eb0e9/1771200000.0_mean_300.0_v3" 201 - "PUT http://172.18.0.2:8080/v1/AUTH_cb248d3efa0243e4965462e374ae45fa/gnocchi.2af11a1d-d3df-403b-814c-90b5d01eb0e9/1771200000.0_mean_300.0_v3" "tx95bc2a14fe8a4ba4b780a-006993275e" "proxy-server 20" 0.0101 "-" 25 0
Feb 16 14:19:10 standalone proxy-server[129810]: 172.18.0.2 172.18.0.100 16/Feb/2026/14/19/10 PUT /v1/AUTH_cb248d3efa0243e4965462e374ae45fa/gnocchi.2af11a1d-d3df-403b-814c-90b5d01eb0e9/1771200000.0_mean_300.0_v3 HTTP/1.0 201 - python-swiftclient-3.11.1 gAAAAABpkybry4aT... 16 - - tx95bc2a14fe8a4ba4b780a-006993275e - 0.0166 - - 1771251550.033121586 1771251550.049672842 0
Feb 16 14:19:10 standalone container-server[127659]: 172.20.0.100 - - [16/Feb/2026:14:19:10 +0000] "PUT /d1/444/AUTH_cb248d3efa0243e4965462e374ae45fa/gnocchi.2af11a1d-d3df-403b-814c-90b5d01eb0e9/none_v3" 201 - "PUT http://172.18.0.2:8080/d1/287/AUTH_cb248d3efa0243e4965462e374ae45fa/gnocchi.2af11a1d-d3df-403b-814c-90b5d01eb0e9/none_v3" "tx5173ce3aa97f446db7ea3-006993275e" "object-server 25" 0.0005 "-" 23 0
Feb 16 14:19:10 standalone object-server[127765]: 172.20.0.100 - - [16/Feb/2026:14:19:10 +0000] "PUT /d1/287/AUTH_cb248d3efa0243e4965462e374ae45fa/gnocchi.2af11a1d-d3df-403b-814c-90b5d01eb0e9/none_v3" 201 - "PUT http://172.18.0.2:8080/v1/AUTH_cb248d3efa0243e4965462e374ae45fa/gnocchi.2af11a1d-d3df-403b-814c-90b5d01eb0e9/none_v3" "tx5173ce3aa97f446db7ea3-006993275e" "proxy-server 20" 0.0095 "-" 25 0
Feb 16 14:19:10 standalone proxy-server[129810]: 172.18.0.2 172.18.0.100 16/Feb/2026/14/19/10 PUT /v1/AUTH_cb248d3efa0243e4965462e374ae45fa/gnocchi.2af11a1d-d3df-403b-814c-90b5d01eb0e9/none_v3 HTTP/1.0 201 - python-swiftclient-3.11.1 gAAAAABpkybry4aT... 22 - - tx5173ce3aa97f446db7ea3-006993275e - 0.0370 - - 1771251550.054337502 1771251550.091326714 0
Feb 16 14:19:10 standalone object-server[127760]: 172.20.0.100 - - [16/Feb/2026:14:19:10 +0000] "GET /d1/287/AUTH_cb248d3efa0243e4965462e374ae45fa/gnocchi.2af11a1d-d3df-403b-814c-90b5d01eb0e9/none_v3" 200 22 "GET http://172.18.0.2:8080/v1/AUTH_cb248d3efa0243e4965462e374ae45fa/gnocchi.2af11a1d-d3df-403b-814c-90b5d01eb0e9/none_v3" "tx19887a44cee44041a75c5-006993275e" "proxy-server 20" 0.0008 "-" 22 0
Feb 16 14:19:10 standalone proxy-server[129810]: 172.18.0.2 172.18.0.100 16/Feb/2026/14/19/10 GET /v1/AUTH_cb248d3efa0243e4965462e374ae45fa/gnocchi.2af11a1d-d3df-403b-814c-90b5d01eb0e9/none_v3 HTTP/1.0 200 - python-swiftclient-3.11.1 gAAAAABpkybry4aT... - 22 - tx19887a44cee44041a75c5-006993275e - 0.0067 - - 1771251550.315854073 1771251550.322557688 0
Feb 16 14:19:10 standalone container-server[127635]: 172.20.0.100 - - [16/Feb/2026:14:19:10 +0000] "GET /d1/444/AUTH_cb248d3efa0243e4965462e374ae45fa/gnocchi.2af11a1d-d3df-403b-814c-90b5d01eb0e9" 200 357 "GET http://172.18.0.2:8080/v1/AUTH_cb248d3efa0243e4965462e374ae45fa/gnocchi.2af11a1d-d3df-403b-814c-90b5d01eb0e9?format=json&states=listing" "txf113a82f93834545b3784-006993275e" "proxy-server 20" 0.0173 "-" 20 0
Feb 16 14:19:10 standalone proxy-server[129810]: 172.18.0.2 172.18.0.100 16/Feb/2026/14/19/10 GET /v1/AUTH_cb248d3efa0243e4965462e374ae45fa/gnocchi.2af11a1d-d3df-403b-814c-90b5d01eb0e9%3Fformat%3Djson%26states%3Dlisting HTTP/1.0 200 - python-swiftclient-3.11.1 gAAAAABpkybry4aT... - 357 - txf113a82f93834545b3784-006993275e - 0.0233 - - 1771251550.325556517 1771251550.348842382 0
Feb 16 14:19:10 standalone container-server[127639]: 172.20.0.100 - - [16/Feb/2026:14:19:10 +0000] "GET /d1/444/AUTH_cb248d3efa0243e4965462e374ae45fa/gnocchi.2af11a1d-d3df-403b-814c-90b5d01eb0e9" 200 2 "GET http://172.18.0.2:8080/v1/AUTH_cb248d3efa0243e4965462e374ae45fa/gnocchi.2af11a1d-d3df-403b-814c-90b5d01eb0e9?format=json&marker=none_v3&states=listing" "txeb6edba6d1564454ae063-006993275e" "proxy-server 20" 0.0027 "-" 21 0
Feb 16 14:19:10 standalone proxy-server[129810]: 172.18.0.2 172.18.0.100 16/Feb/2026/14/19/10 GET /v1/AUTH_cb248d3efa0243e4965462e374ae45fa/gnocchi.2af11a1d-d3df-403b-814c-90b5d01eb0e9%3Fformat%3Djson%26marker%3Dnone_v3%26states%3Dlisting HTTP/1.0 200 - python-swiftclient-3.11.1 gAAAAABpkybry4aT... - 2 - txeb6edba6d1564454ae063-006993275e - 0.0133 - - 1771251550.351910114 1771251550.365246773 0
Feb 16 14:19:10 standalone object-server[127764]: 172.20.0.100 - - [16/Feb/2026:14:19:10 +0000] "GET /d1/715/AUTH_cb248d3efa0243e4965462e374ae45fa/gnocchi.2af11a1d-d3df-403b-814c-90b5d01eb0e9/1771200000.0_mean_300.0_v3" 200 16 "GET http://172.18.0.2:8080/v1/AUTH_cb248d3efa0243e4965462e374ae45fa/gnocchi.2af11a1d-d3df-403b-814c-90b5d01eb0e9/1771200000.0_mean_300.0_v3" "txd5033566c79f480b912ce-006993275e" "proxy-server 20" 0.0008 "-" 24 0
Feb 16 14:19:10 standalone proxy-server[129810]: 172.18.0.2 172.18.0.100 16/Feb/2026/14/19/10 GET /v1/AUTH_cb248d3efa0243e4965462e374ae45fa/gnocchi.2af11a1d-d3df-403b-814c-90b5d01eb0e9/1771200000.0_mean_300.0_v3 HTTP/1.0 200 - python-swiftclient-3.11.1 gAAAAABpkybry4aT... - 16 - txd5033566c79f480b912ce-006993275e - 0.0114 - - 1771251550.368511677 1771251550.379911423 0
Feb 16 14:19:10 standalone container-server[127653]: 172.20.0.100 - - [16/Feb/2026:14:19:10 +0000] "PUT /d1/444/AUTH_cb248d3efa0243e4965462e374ae45fa/gnocchi.2af11a1d-d3df-403b-814c-90b5d01eb0e9/1771200000.0_mean_300.0_v3" 201 - "PUT http://172.18.0.2:8080/d1/715/AUTH_cb248d3efa0243e4965462e374ae45fa/gnocchi.2af11a1d-d3df-403b-814c-90b5d01eb0e9/1771200000.0_mean_300.0_v3" "tx9c61d9f1a6884e908c119-006993275e" "object-server 22" 0.0006 "-" 22 0
Feb 16 14:19:10 standalone object-server[127760]: 172.20.0.100 - - [16/Feb/2026:14:19:10 +0000] "PUT /d1/715/AUTH_cb248d3efa0243e4965462e374ae45fa/gnocchi.2af11a1d-d3df-403b-814c-90b5d01eb0e9/1771200000.0_mean_300.0_v3" 201 - "PUT http://172.18.0.2:8080/v1/AUTH_cb248d3efa0243e4965462e374ae45fa/gnocchi.2af11a1d-d3df-403b-814c-90b5d01eb0e9/1771200000.0_mean_300.0_v3" "tx9c61d9f1a6884e908c119-006993275e" "proxy-server 20" 0.0082 "-" 22 0
Feb 16 14:19:10 standalone proxy-server[129810]: 172.18.0.2 172.18.0.100 16/Feb/2026/14/19/10 PUT /v1/AUTH_cb248d3efa0243e4965462e374ae45fa/gnocchi.2af11a1d-d3df-403b-814c-90b5d01eb0e9/1771200000.0_mean_300.0_v3 HTTP/1.0 201 - python-swiftclient-3.11.1 gAAAAABpkybry4aT... 16 - - tx9c61d9f1a6884e908c119-006993275e - 0.0135 - - 1771251550.383128881 1771251550.396590710 0
Feb 16 14:19:10 standalone container-server[127639]: 172.20.0.100 - - [16/Feb/2026:14:19:10 +0000] "PUT /d1/444/AUTH_cb248d3efa0243e4965462e374ae45fa/gnocchi.2af11a1d-d3df-403b-814c-90b5d01eb0e9/none_v3" 201 - "PUT http://172.18.0.2:8080/d1/287/AUTH_cb248d3efa0243e4965462e374ae45fa/gnocchi.2af11a1d-d3df-403b-814c-90b5d01eb0e9/none_v3" "txdd149da837df4215b72cb-006993275e" "object-server 25" 0.0004 "-" 21 0
Feb 16 14:19:10 standalone object-server[127765]: 172.20.0.100 - - [16/Feb/2026:14:19:10 +0000] "PUT /d1/287/AUTH_cb248d3efa0243e4965462e374ae45fa/gnocchi.2af11a1d-d3df-403b-814c-90b5d01eb0e9/none_v3" 201 - "PUT http://172.18.0.2:8080/v1/AUTH_cb248d3efa0243e4965462e374ae45fa/gnocchi.2af11a1d-d3df-403b-814c-90b5d01eb0e9/none_v3" "txdd149da837df4215b72cb-006993275e" "proxy-server 20" 0.0100 "-" 25 0
Feb 16 14:19:10 standalone proxy-server[129810]: 172.18.0.2 172.18.0.100 16/Feb/2026/14/19/10 PUT /v1/AUTH_cb248d3efa0243e4965462e374ae45fa/gnocchi.2af11a1d-d3df-403b-814c-90b5d01eb0e9/none_v3 HTTP/1.0 201 - python-swiftclient-3.11.1 gAAAAABpkybry4aT... 31 - - txdd149da837df4215b72cb-006993275e - 0.0139 - - 1771251550.398620605 1771251550.412475824 0
Feb 16 14:19:19 standalone object-server[127761]: 172.20.0.100 - - [16/Feb/2026:14:19:19 +0000] "GET /d1/306/AUTH_cb248d3efa0243e4965462e374ae45fa/gnocchi.4ae83da8-edea-4cc1-861a-566ed4e25d79/none_v3" 200 32 "GET http://172.18.0.2:8080/v1/AUTH_cb248d3efa0243e4965462e374ae45fa/gnocchi.4ae83da8-edea-4cc1-861a-566ed4e25d79/none_v3" "txb53fac1f9ff4474da2c95-0069932767" "proxy-server 20" 0.0015 "-" 23 0
Feb 16 14:19:19 standalone proxy-server[129810]: 172.18.0.2 172.18.0.100 16/Feb/2026/14/19/19 GET /v1/AUTH_cb248d3efa0243e4965462e374ae45fa/gnocchi.4ae83da8-edea-4cc1-861a-566ed4e25d79/none_v3 HTTP/1.0 200 - python-swiftclient-3.11.1 gAAAAABpkybry4aT... - 32 - txb53fac1f9ff4474da2c95-0069932767 - 0.0124 - - 1771251559.192548275 1771251559.204941511 0
Feb 16 14:19:19 standalone container-server[127659]: 172.20.0.100 - - [16/Feb/2026:14:19:19 +0000] "GET /d1/230/AUTH_cb248d3efa0243e4965462e374ae45fa/gnocchi.4ae83da8-edea-4cc1-861a-566ed4e25d79" 200 357 "GET http://172.18.0.2:8080/v1/AUTH_cb248d3efa0243e4965462e374ae45fa/gnocchi.4ae83da8-edea-4cc1-861a-566ed4e25d79?format=json&states=listing" "txc82fff7ec2764b7fb8015-0069932767" "proxy-server 20" 0.0079 "-" 23 0
Feb 16 14:19:19 standalone proxy-server[129810]: 172.18.0.2 172.18.0.100 16/Feb/2026/14/19/19 GET /v1/AUTH_cb248d3efa0243e4965462e374ae45fa/gnocchi.4ae83da8-edea-4cc1-861a-566ed4e25d79%3Fformat%3Djson%26states%3Dlisting HTTP/1.0 200 - python-swiftclient-3.11.1 gAAAAABpkybry4aT... - 357 - txc82fff7ec2764b7fb8015-0069932767 - 0.0177 - - 1771251559.211363554 1771251559.229029655 0
Feb 16 14:19:19 standalone container-server[127653]: 172.20.0.100 - - [16/Feb/2026:14:19:19 +0000] "GET /d1/230/AUTH_cb248d3efa0243e4965462e374ae45fa/gnocchi.4ae83da8-edea-4cc1-861a-566ed4e25d79" 200 2 "GET http://172.18.0.2:8080/v1/AUTH_cb248d3efa0243e4965462e374ae45fa/gnocchi.4ae83da8-edea-4cc1-861a-566ed4e25d79?format=json&marker=none_v3&states=listing" "tx06d01eeeaa2b4f8a88130-0069932767" "proxy-server 20" 0.0025 "-" 22 0
Feb 16 14:19:19 standalone proxy-server[129810]: 172.18.0.2 172.18.0.100 16/Feb/2026/14/19/19 GET /v1/AUTH_cb248d3efa0243e4965462e374ae45fa/gnocchi.4ae83da8-edea-4cc1-861a-566ed4e25d79%3Fformat%3Djson%26marker%3Dnone_v3%26states%3Dlisting HTTP/1.0 200 - python-swiftclient-3.11.1 gAAAAABpkybry4aT... - 2 - tx06d01eeeaa2b4f8a88130-0069932767 - 0.0108 - - 1771251559.233368158 1771251559.244143248 0
Feb 16 14:19:19 standalone object-server[127764]: 172.20.0.100 - - [16/Feb/2026:14:19:19 +0000] "GET /d1/642/AUTH_cb248d3efa0243e4965462e374ae45fa/gnocchi.4ae83da8-edea-4cc1-861a-566ed4e25d79/1771200000.0_mean_300.0_v3" 200 16 "GET http://172.18.0.2:8080/v1/AUTH_cb248d3efa0243e4965462e374ae45fa/gnocchi.4ae83da8-edea-4cc1-861a-566ed4e25d79/1771200000.0_mean_300.0_v3" "tx65ebc3194eb340dc81fad-0069932767" "proxy-server 20" 0.0009 "-" 24 0
Feb 16 14:19:19 standalone proxy-server[129810]: 172.18.0.2 172.18.0.100 16/Feb/2026/14/19/19 GET /v1/AUTH_cb248d3efa0243e4965462e374ae45fa/gnocchi.4ae83da8-edea-4cc1-861a-566ed4e25d79/1771200000.0_mean_300.0_v3 HTTP/1.0 200 - python-swiftclient-3.11.1 gAAAAABpkybry4aT... - 16 - tx65ebc3194eb340dc81fad-0069932767 - 0.0222 - - 1771251559.249082804 1771251559.271296024 0
Feb 16 14:19:19 standalone container-server[127635]: 172.20.0.100 - - [16/Feb/2026:14:19:19 +0000] "PUT /d1/230/AUTH_cb248d3efa0243e4965462e374ae45fa/gnocchi.4ae83da8-edea-4cc1-861a-566ed4e25d79/1771200000.0_mean_300.0_v3" 201 - "PUT http://172.18.0.2:8080/d1/642/AUTH_cb248d3efa0243e4965462e374ae45fa/gnocchi.4ae83da8-edea-4cc1-861a-566ed4e25d79/1771200000.0_mean_300.0_v3" "txd8c085f322db4e45a1c83-0069932767" "object-server 24" 0.0006 "-" 20 0
Feb 16 14:19:19 standalone object-server[127764]: 172.20.0.100 - - [16/Feb/2026:14:19:19 +0000] "PUT /d1/642/AUTH_cb248d3efa0243e4965462e374ae45fa/gnocchi.4ae83da8-edea-4cc1-861a-566ed4e25d79/1771200000.0_mean_300.0_v3" 201 - "PUT http://172.18.0.2:8080/v1/AUTH_cb248d3efa0243e4965462e374ae45fa/gnocchi.4ae83da8-edea-4cc1-861a-566ed4e25d79/1771200000.0_mean_300.0_v3" "txd8c085f322db4e45a1c83-0069932767" "proxy-server 20" 0.0125 "-" 24 0
Feb 16 14:19:19 standalone proxy-server[129810]: 172.18.0.2 172.18.0.100 16/Feb/2026/14/19/19 PUT /v1/AUTH_cb248d3efa0243e4965462e374ae45fa/gnocchi.4ae83da8-edea-4cc1-861a-566ed4e25d79/1771200000.0_mean_300.0_v3 HTTP/1.0 201 - python-swiftclient-3.11.1 gAAAAABpkybry4aT... 16 - - txd8c085f322db4e45a1c83-0069932767 - 0.0190 - - 1771251559.276556015 1771251559.295546770 0
Feb 16 14:19:19 standalone container-server[127659]: 172.20.0.100 - - [16/Feb/2026:14:19:19 +0000] "PUT /d1/230/AUTH_cb248d3efa0243e4965462e374ae45fa/gnocchi.4ae83da8-edea-4cc1-861a-566ed4e25d79/none_v3" 201 - "PUT http://172.18.0.2:8080/d1/306/AUTH_cb248d3efa0243e4965462e374ae45fa/gnocchi.4ae83da8-edea-4cc1-861a-566ed4e25d79/none_v3" "tx869744dd1ccc42778ec13-0069932767" "object-server 25" 0.0005 "-" 23 0
Feb 16 14:19:19 standalone object-server[127765]: 172.20.0.100 - - [16/Feb/2026:14:19:19 +0000] "PUT /d1/306/AUTH_cb248d3efa0243e4965462e374ae45fa/gnocchi.4ae83da8-edea-4cc1-861a-566ed4e25d79/none_v3" 201 - "PUT http://172.18.0.2:8080/v1/AUTH_cb248d3efa0243e4965462e374ae45fa/gnocchi.4ae83da8-edea-4cc1-861a-566ed4e25d79/none_v3" "tx869744dd1ccc42778ec13-0069932767" "proxy-server 20" 0.0112 "-" 25 0
Feb 16 14:19:19 standalone proxy-server[129810]: 172.18.0.2 172.18.0.100 16/Feb/2026/14/19/19 PUT /v1/AUTH_cb248d3efa0243e4965462e374ae45fa/gnocchi.4ae83da8-edea-4cc1-861a-566ed4e25d79/none_v3 HTTP/1.0 201 - python-swiftclient-3.11.1 gAAAAABpkybry4aT... 46 - - tx869744dd1ccc42778ec13-0069932767 - 0.0203 - - 1771251559.299655914 1771251559.319978476 0
Feb 16 14:19:20 standalone object-server[127764]: 172.20.0.100 - - [16/Feb/2026:14:19:20 +0000] "GET /d1/306/AUTH_cb248d3efa0243e4965462e374ae45fa/gnocchi.4ae83da8-edea-4cc1-861a-566ed4e25d79/none_v3" 200 46 "GET http://172.18.0.2:8080/v1/AUTH_cb248d3efa0243e4965462e374ae45fa/gnocchi.4ae83da8-edea-4cc1-861a-566ed4e25d79/none_v3" "txdada5a4cd00b47d6963c3-0069932768" "proxy-server 20" 0.0013 "-" 24 0
Feb 16 14:19:20 standalone proxy-server[129810]: 172.18.0.2 172.18.0.100 16/Feb/2026/14/19/20 GET /v1/AUTH_cb248d3efa0243e4965462e374ae45fa/gnocchi.4ae83da8-edea-4cc1-861a-566ed4e25d79/none_v3 HTTP/1.0 200 - python-swiftclient-3.11.1 gAAAAABpkybry4aT... - 46 - txdada5a4cd00b47d6963c3-0069932768 - 0.0131 - - 1771251560.110774994 1771251560.123916626 0
Feb 16 14:19:20 standalone container-server[127659]: 172.20.0.100 - - [16/Feb/2026:14:19:20 +0000] "GET /d1/230/AUTH_cb248d3efa0243e4965462e374ae45fa/gnocchi.4ae83da8-edea-4cc1-861a-566ed4e25d79" 200 357 "GET http://172.18.0.2:8080/v1/AUTH_cb248d3efa0243e4965462e374ae45fa/gnocchi.4ae83da8-edea-4cc1-861a-566ed4e25d79?format=json&states=listing" "txfc629e43d44a41619b5e3-0069932768" "proxy-server 20" 0.0090 "-" 23 0
Feb 16 14:19:20 standalone proxy-server[129810]: 172.18.0.2 172.18.0.100 16/Feb/2026/14/19/20 GET /v1/AUTH_cb248d3efa0243e4965462e374ae45fa/gnocchi.4ae83da8-edea-4cc1-861a-566ed4e25d79%3Fformat%3Djson%26states%3Dlisting HTTP/1.0 200 - python-swiftclient-3.11.1 gAAAAABpkybry4aT... - 357 - txfc629e43d44a41619b5e3-0069932768 - 0.0204 - - 1771251560.129863024 1771251560.150305271 0
Feb 16 14:19:20 standalone container-server[127635]: 172.20.0.100 - - [16/Feb/2026:14:19:20 +0000] "GET /d1/230/AUTH_cb248d3efa0243e4965462e374ae45fa/gnocchi.4ae83da8-edea-4cc1-861a-566ed4e25d79" 200 2 "GET http://172.18.0.2:8080/v1/AUTH_cb248d3efa0243e4965462e374ae45fa/gnocchi.4ae83da8-edea-4cc1-861a-566ed4e25d79?format=json&marker=none_v3&states=listing" "txe84d8a75329644569a3d7-0069932768" "proxy-server 20" 0.0022 "-" 20 0
Feb 16 14:19:20 standalone proxy-server[129810]: 172.18.0.2 172.18.0.100 16/Feb/2026/14/19/20 GET /v1/AUTH_cb248d3efa0243e4965462e374ae45fa/gnocchi.4ae83da8-edea-4cc1-861a-566ed4e25d79%3Fformat%3Djson%26marker%3Dnone_v3%26states%3Dlisting HTTP/1.0 200 - python-swiftclient-3.11.1 gAAAAABpkybry4aT... - 2 - txe84d8a75329644569a3d7-0069932768 - 0.0103 - - 1771251560.160043001 1771251560.170306444 0
Feb 16 14:19:20 standalone object-server[127760]: 172.20.0.100 - - [16/Feb/2026:14:19:20 +0000] "GET /d1/642/AUTH_cb248d3efa0243e4965462e374ae45fa/gnocchi.4ae83da8-edea-4cc1-861a-566ed4e25d79/1771200000.0_mean_300.0_v3" 200 16 "GET http://172.18.0.2:8080/v1/AUTH_cb248d3efa0243e4965462e374ae45fa/gnocchi.4ae83da8-edea-4cc1-861a-566ed4e25d79/1771200000.0_mean_300.0_v3" "tx8755749dec24422e84db2-0069932768" "proxy-server 20" 0.0006 "-" 22 0
Feb 16 14:19:20 standalone proxy-server[129810]: 172.18.0.2 172.18.0.100 16/Feb/2026/14/19/20 GET /v1/AUTH_cb248d3efa0243e4965462e374ae45fa/gnocchi.4ae83da8-edea-4cc1-861a-566ed4e25d79/1771200000.0_mean_300.0_v3 HTTP/1.0 200 - python-swiftclient-3.11.1 gAAAAABpkybry4aT... - 16 - tx8755749dec24422e84db2-0069932768 - 0.0074 - - 1771251560.174947977 1771251560.182348251 0
Feb 16 14:19:20 standalone container-server[127653]: 172.20.0.100 - - [16/Feb/2026:14:19:20 +0000] "PUT /d1/230/AUTH_cb248d3efa0243e4965462e374ae45fa/gnocchi.4ae83da8-edea-4cc1-861a-566ed4e25d79/1771200000.0_mean_300.0_v3" 201 - "PUT http://172.18.0.2:8080/d1/642/AUTH_cb248d3efa0243e4965462e374ae45fa/gnocchi.4ae83da8-edea-4cc1-861a-566ed4e25d79/1771200000.0_mean_300.0_v3" "tx5bd03dfa1bb24bfc954e8-0069932768" "object-server 24" 0.0010 "-" 22 0
Feb 16 14:19:20 standalone object-server[127764]: 172.20.0.100 - - [16/Feb/2026:14:19:20 +0000] "PUT /d1/642/AUTH_cb248d3efa0243e4965462e374ae45fa/gnocchi.4ae83da8-edea-4cc1-861a-566ed4e25d79/1771200000.0_mean_300.0_v3" 201 - "PUT http://172.18.0.2:8080/v1/AUTH_cb248d3efa0243e4965462e374ae45fa/gnocchi.4ae83da8-edea-4cc1-861a-566ed4e25d79/1771200000.0_mean_300.0_v3" "tx5bd03dfa1bb24bfc954e8-0069932768" "proxy-server 20" 0.0178 "-" 24 0
Feb 16 14:19:20 standalone proxy-server[129810]: 172.18.0.2 172.18.0.100 16/Feb/2026/14/19/20 PUT /v1/AUTH_cb248d3efa0243e4965462e374ae45fa/gnocchi.4ae83da8-edea-4cc1-861a-566ed4e25d79/1771200000.0_mean_300.0_v3 HTTP/1.0 201 - python-swiftclient-3.11.1 gAAAAABpkybry4aT... 16 - - tx5bd03dfa1bb24bfc954e8-0069932768 - 0.0258 - - 1771251560.186481476 1771251560.212237835 0
Feb 16 14:19:20 standalone container-server[127635]: 172.20.0.100 - - [16/Feb/2026:14:19:20 +0000] "PUT /d1/230/AUTH_cb248d3efa0243e4965462e374ae45fa/gnocchi.4ae83da8-edea-4cc1-861a-566ed4e25d79/none_v3" 201 - "PUT http://172.18.0.2:8080/d1/306/AUTH_cb248d3efa0243e4965462e374ae45fa/gnocchi.4ae83da8-edea-4cc1-861a-566ed4e25d79/none_v3" "tx75dff26022f6465d9086c-0069932768" "object-server 24" 0.0005 "-" 20 0
Feb 16 14:19:20 standalone object-server[127764]: 172.20.0.100 - - [16/Feb/2026:14:19:20 +0000] "PUT /d1/306/AUTH_cb248d3efa0243e4965462e374ae45fa/gnocchi.4ae83da8-edea-4cc1-861a-566ed4e25d79/none_v3" 201 - "PUT http://172.18.0.2:8080/v1/AUTH_cb248d3efa0243e4965462e374ae45fa/gnocchi.4ae83da8-edea-4cc1-861a-566ed4e25d79/none_v3" "tx75dff26022f6465d9086c-0069932768" "proxy-server 20" 0.0117 "-" 24 0
Feb 16 14:19:20 standalone proxy-server[129810]: 172.18.0.2 172.18.0.100 16/Feb/2026/14/19/20 PUT /v1/AUTH_cb248d3efa0243e4965462e374ae45fa/gnocchi.4ae83da8-edea-4cc1-861a-566ed4e25d79/none_v3 HTTP/1.0 201 - python-swiftclient-3.11.1 gAAAAABpkybry4aT... 51 - - tx75dff26022f6465d9086c-0069932768 - 0.0232 - - 1771251560.215818167 1771251560.239001513 0
Feb 16 14:19:20 standalone object-server[127760]: 172.20.0.100 - - [16/Feb/2026:14:19:20 +0000] "GET /d1/601/AUTH_cb248d3efa0243e4965462e374ae45fa/gnocchi.ef8ed027-099c-4c73-a548-16ed9c1bf623/none_v3" 200 22 "GET http://172.18.0.2:8080/v1/AUTH_cb248d3efa0243e4965462e374ae45fa/gnocchi.ef8ed027-099c-4c73-a548-16ed9c1bf623/none_v3" "tx567dda9239e14d1c92e46-0069932768" "proxy-server 20" 0.0005 "-" 22 0
Feb 16 14:19:20 standalone proxy-server[129810]: 172.18.0.2 172.18.0.100 16/Feb/2026/14/19/20 GET /v1/AUTH_cb248d3efa0243e4965462e374ae45fa/gnocchi.ef8ed027-099c-4c73-a548-16ed9c1bf623/none_v3 HTTP/1.0 200 - python-swiftclient-3.11.1 gAAAAABpkybry4aT... - 22 - tx567dda9239e14d1c92e46-0069932768 - 0.0075 - - 1771251560.253551960 1771251560.261014462 0
Feb 16 14:19:20 standalone container-server[127659]: 172.20.0.100 - - [16/Feb/2026:14:19:20 +0000] "GET /d1/224/AUTH_cb248d3efa0243e4965462e374ae45fa/gnocchi.ef8ed027-099c-4c73-a548-16ed9c1bf623" 200 357 "GET http://172.18.0.2:8080/v1/AUTH_cb248d3efa0243e4965462e374ae45fa/gnocchi.ef8ed027-099c-4c73-a548-16ed9c1bf623?format=json&states=listing" "txea73af902d5647d187faf-0069932768" "proxy-server 20" 0.0133 "-" 23 0
Feb 16 14:19:20 standalone proxy-server[129810]: 172.18.0.2 172.18.0.100 16/Feb/2026/14/19/20 GET /v1/AUTH_cb248d3efa0243e4965462e374ae45fa/gnocchi.ef8ed027-099c-4c73-a548-16ed9c1bf623%3Fformat%3Djson%26states%3Dlisting HTTP/1.0 200 - python-swiftclient-3.11.1 gAAAAABpkybry4aT... - 357 - txea73af902d5647d187faf-0069932768 - 0.0223 - - 1771251560.265717030 1771251560.287990093 0
Feb 16 14:19:20 standalone container-server[127639]: 172.20.0.100 - - [16/Feb/2026:14:19:20 +0000] "GET /d1/224/AUTH_cb248d3efa0243e4965462e374ae45fa/gnocchi.ef8ed027-099c-4c73-a548-16ed9c1bf623" 200 2 "GET http://172.18.0.2:8080/v1/AUTH_cb248d3efa0243e4965462e374ae45fa/gnocchi.ef8ed027-099c-4c73-a548-16ed9c1bf623?format=json&marker=none_v3&states=listing" "txd12e10c059c74ca4af311-0069932768" "proxy-server 20" 0.0038 "-" 21 0
Feb 16 14:19:20 standalone proxy-server[129810]: 172.18.0.2 172.18.0.100 16/Feb/2026/14/19/20 GET /v1/AUTH_cb248d3efa0243e4965462e374ae45fa/gnocchi.ef8ed027-099c-4c73-a548-16ed9c1bf623%3Fformat%3Djson%26marker%3Dnone_v3%26states%3Dlisting HTTP/1.0 200 - python-swiftclient-3.11.1 gAAAAABpkybry4aT... - 2 - txd12e10c059c74ca4af311-0069932768 - 0.0122 - - 1771251560.291728973 1771251560.303940058 0
Feb 16 14:19:20 standalone object-server[127764]: 172.20.0.100 - - [16/Feb/2026:14:19:20 +0000] "GET /d1/554/AUTH_cb248d3efa0243e4965462e374ae45fa/gnocchi.ef8ed027-099c-4c73-a548-16ed9c1bf623/1771200000.0_mean_300.0_v3" 200 16 "GET http://172.18.0.2:8080/v1/AUTH_cb248d3efa0243e4965462e374ae45fa/gnocchi.ef8ed027-099c-4c73-a548-16ed9c1bf623/1771200000.0_mean_300.0_v3" "txb4a4cc2ba679400b8ed44-0069932768" "proxy-server 20" 0.0012 "-" 24 0
Feb 16 14:19:20 standalone proxy-server[129810]: 172.18.0.2 172.18.0.100 16/Feb/2026/14/19/20 GET /v1/AUTH_cb248d3efa0243e4965462e374ae45fa/gnocchi.ef8ed027-099c-4c73-a548-16ed9c1bf623/1771200000.0_mean_300.0_v3 HTTP/1.0 200 - python-swiftclient-3.11.1 gAAAAABpkybry4aT... - 16 - txb4a4cc2ba679400b8ed44-0069932768 - 0.0101 - - 1771251560.308427572 1771251560.318573236 0
Feb 16 14:19:20 standalone container-server[127659]: 172.20.0.100 - - [16/Feb/2026:14:19:20 +0000] "PUT /d1/224/AUTH_cb248d3efa0243e4965462e374ae45fa/gnocchi.ef8ed027-099c-4c73-a548-16ed9c1bf623/1771200000.0_mean_300.0_v3" 201 - "PUT http://172.18.0.2:8080/d1/554/AUTH_cb248d3efa0243e4965462e374ae45fa/gnocchi.ef8ed027-099c-4c73-a548-16ed9c1bf623/1771200000.0_mean_300.0_v3" "txbabea157155a4f5489dd0-0069932768" "object-server 25" 0.0008 "-" 23 0
Feb 16 14:19:20 standalone object-server[127765]: 172.20.0.100 - - [16/Feb/2026:14:19:20 +0000] "PUT /d1/554/AUTH_cb248d3efa0243e4965462e374ae45fa/gnocchi.ef8ed027-099c-4c73-a548-16ed9c1bf623/1771200000.0_mean_300.0_v3" 201 - "PUT http://172.18.0.2:8080/v1/AUTH_cb248d3efa0243e4965462e374ae45fa/gnocchi.ef8ed027-099c-4c73-a548-16ed9c1bf623/1771200000.0_mean_300.0_v3" "txbabea157155a4f5489dd0-0069932768" "proxy-server 20" 0.0154 "-" 25 0
Feb 16 14:19:20 standalone proxy-server[129810]: 172.18.0.2 172.18.0.100 16/Feb/2026/14/19/20 PUT /v1/AUTH_cb248d3efa0243e4965462e374ae45fa/gnocchi.ef8ed027-099c-4c73-a548-16ed9c1bf623/1771200000.0_mean_300.0_v3 HTTP/1.0 201 - python-swiftclient-3.11.1 gAAAAABpkybry4aT... 16 - - txbabea157155a4f5489dd0-0069932768 - 0.0258 - - 1771251560.325310469 1771251560.351110220 0
Feb 16 14:19:20 standalone container-server[127639]: 172.20.0.100 - - [16/Feb/2026:14:19:20 +0000] "PUT /d1/224/AUTH_cb248d3efa0243e4965462e374ae45fa/gnocchi.ef8ed027-099c-4c73-a548-16ed9c1bf623/none_v3" 201 - "PUT http://172.18.0.2:8080/d1/601/AUTH_cb248d3efa0243e4965462e374ae45fa/gnocchi.ef8ed027-099c-4c73-a548-16ed9c1bf623/none_v3" "tx1fd300fc0e4841eea1e81-0069932768" "object-server 24" 0.0008 "-" 21 0
Feb 16 14:19:20 standalone object-server[127764]: 172.20.0.100 - - [16/Feb/2026:14:19:20 +0000] "PUT /d1/601/AUTH_cb248d3efa0243e4965462e374ae45fa/gnocchi.ef8ed027-099c-4c73-a548-16ed9c1bf623/none_v3" 201 - "PUT http://172.18.0.2:8080/v1/AUTH_cb248d3efa0243e4965462e374ae45fa/gnocchi.ef8ed027-099c-4c73-a548-16ed9c1bf623/none_v3" "tx1fd300fc0e4841eea1e81-0069932768" "proxy-server 20" 0.0146 "-" 24 0
Feb 16 14:19:20 standalone proxy-server[129810]: 172.18.0.2 172.18.0.100 16/Feb/2026/14/19/20 PUT /v1/AUTH_cb248d3efa0243e4965462e374ae45fa/gnocchi.ef8ed027-099c-4c73-a548-16ed9c1bf623/none_v3 HTTP/1.0 201 - python-swiftclient-3.11.1 gAAAAABpkybry4aT... 32 - - tx1fd300fc0e4841eea1e81-0069932768 - 0.0242 - - 1771251560.355577946 1771251560.379824162 0
Feb 16 14:19:20 standalone object-server[127760]: 172.20.0.100 - - [16/Feb/2026:14:19:20 +0000] "GET /d1/624/AUTH_cb248d3efa0243e4965462e374ae45fa/gnocchi.f0accb8f-dc05-4e18-9584-c0fca96e15ae/none_v3" 200 22 "GET http://172.18.0.2:8080/v1/AUTH_cb248d3efa0243e4965462e374ae45fa/gnocchi.f0accb8f-dc05-4e18-9584-c0fca96e15ae/none_v3" "tx24ba35876ca44c5ca0400-0069932768" "proxy-server 20" 0.0011 "-" 22 0
Feb 16 14:19:20 standalone proxy-server[129810]: 172.18.0.2 172.18.0.100 16/Feb/2026/14/19/20 GET /v1/AUTH_cb248d3efa0243e4965462e374ae45fa/gnocchi.f0accb8f-dc05-4e18-9584-c0fca96e15ae/none_v3 HTTP/1.0 200 - python-swiftclient-3.11.1 gAAAAABpkybry4aT... - 22 - tx24ba35876ca44c5ca0400-0069932768 - 0.0104 - - 1771251560.392177105 1771251560.402607203 0
Feb 16 14:19:20 standalone container-server[127659]: 172.20.0.100 - - [16/Feb/2026:14:19:20 +0000] "GET /d1/454/AUTH_cb248d3efa0243e4965462e374ae45fa/gnocchi.f0accb8f-dc05-4e18-9584-c0fca96e15ae" 200 357 "GET http://172.18.0.2:8080/v1/AUTH_cb248d3efa0243e4965462e374ae45fa/gnocchi.f0accb8f-dc05-4e18-9584-c0fca96e15ae?format=json&states=listing" "tx50c828f6f2ba4d14a8329-0069932768" "proxy-server 20" 0.0092 "-" 23 0
Feb 16 14:19:20 standalone proxy-server[129810]: 172.18.0.2 172.18.0.100 16/Feb/2026/14/19/20 GET /v1/AUTH_cb248d3efa0243e4965462e374ae45fa/gnocchi.f0accb8f-dc05-4e18-9584-c0fca96e15ae%3Fformat%3Djson%26states%3Dlisting HTTP/1.0 200 - python-swiftclient-3.11.1 gAAAAABpkybry4aT... - 357 - tx50c828f6f2ba4d14a8329-0069932768 - 0.0203 - - 1771251560.406860352 1771251560.427133799 0
Feb 16 14:19:20 standalone container-server[127653]: 172.20.0.100 - - [16/Feb/2026:14:19:20 +0000] "GET /d1/454/AUTH_cb248d3efa0243e4965462e374ae45fa/gnocchi.f0accb8f-dc05-4e18-9584-c0fca96e15ae" 200 2 "GET http://172.18.0.2:8080/v1/AUTH_cb248d3efa0243e4965462e374ae45fa/gnocchi.f0accb8f-dc05-4e18-9584-c0fca96e15ae?format=json&marker=none_v3&states=listing" "tx1ee4dcf556794e8e9ec2b-0069932768" "proxy-server 20" 0.0036 "-" 22 0
Feb 16 14:19:20 standalone proxy-server[129810]: 172.18.0.2 172.18.0.100 16/Feb/2026/14/19/20 GET /v1/AUTH_cb248d3efa0243e4965462e374ae45fa/gnocchi.f0accb8f-dc05-4e18-9584-c0fca96e15ae%3Fformat%3Djson%26marker%3Dnone_v3%26states%3Dlisting HTTP/1.0 200 - python-swiftclient-3.11.1 gAAAAABpkybry4aT... - 2 - tx1ee4dcf556794e8e9ec2b-0069932768 - 0.0141 - - 1771251560.431581736 1771251560.445644379 0
Feb 16 14:19:20 standalone object-server[127765]: 172.20.0.100 - - [16/Feb/2026:14:19:20 +0000] "GET /d1/745/AUTH_cb248d3efa0243e4965462e374ae45fa/gnocchi.f0accb8f-dc05-4e18-9584-c0fca96e15ae/1771200000.0_mean_300.0_v3" 200 16 "GET http://172.18.0.2:8080/v1/AUTH_cb248d3efa0243e4965462e374ae45fa/gnocchi.f0accb8f-dc05-4e18-9584-c0fca96e15ae/1771200000.0_mean_300.0_v3" "tx0d4d7b8d33e948639da3c-0069932768" "proxy-server 20" 0.0014 "-" 25 0
Feb 16 14:19:20 standalone proxy-server[129810]: 172.18.0.2 172.18.0.100 16/Feb/2026/14/19/20 GET /v1/AUTH_cb248d3efa0243e4965462e374ae45fa/gnocchi.f0accb8f-dc05-4e18-9584-c0fca96e15ae/1771200000.0_mean_300.0_v3 HTTP/1.0 200 - python-swiftclient-3.11.1 gAAAAABpkybry4aT... - 16 - tx0d4d7b8d33e948639da3c-0069932768 - 0.0123 - - 1771251560.450594664 1771251560.462894678 0
Feb 16 14:19:20 standalone container-server[127639]: 172.20.0.100 - - [16/Feb/2026:14:19:20 +0000] "PUT /d1/454/AUTH_cb248d3efa0243e4965462e374ae45fa/gnocchi.f0accb8f-dc05-4e18-9584-c0fca96e15ae/1771200000.0_mean_300.0_v3" 201 - "PUT http://172.18.0.2:8080/d1/745/AUTH_cb248d3efa0243e4965462e374ae45fa/gnocchi.f0accb8f-dc05-4e18-9584-c0fca96e15ae/1771200000.0_mean_300.0_v3" "txd7c7c88446be48c4a0d06-0069932768" "object-server 22" 0.0008 "-" 21 0
Feb 16 14:19:20 standalone object-server[127760]: 172.20.0.100 - - [16/Feb/2026:14:19:20 +0000] "PUT /d1/745/AUTH_cb248d3efa0243e4965462e374ae45fa/gnocchi.f0accb8f-dc05-4e18-9584-c0fca96e15ae/1771200000.0_mean_300.0_v3" 201 - "PUT http://172.18.0.2:8080/v1/AUTH_cb248d3efa0243e4965462e374ae45fa/gnocchi.f0accb8f-dc05-4e18-9584-c0fca96e15ae/1771200000.0_mean_300.0_v3" "txd7c7c88446be48c4a0d06-0069932768" "proxy-server 20" 0.0115 "-" 22 0
Feb 16 14:19:20 standalone proxy-server[129810]: 172.18.0.2 172.18.0.100 16/Feb/2026/14/19/20 PUT /v1/AUTH_cb248d3efa0243e4965462e374ae45fa/gnocchi.f0accb8f-dc05-4e18-9584-c0fca96e15ae/1771200000.0_mean_300.0_v3 HTTP/1.0 201 - python-swiftclient-3.11.1 gAAAAABpkybry4aT... 16 - - txd7c7c88446be48c4a0d06-0069932768 - 0.0192 - - 1771251560.470012188 1771251560.489185572 0
Feb 16 14:19:20 standalone container-server[127659]: 172.20.0.100 - - [16/Feb/2026:14:19:20 +0000] "PUT /d1/454/AUTH_cb248d3efa0243e4965462e374ae45fa/gnocchi.f0accb8f-dc05-4e18-9584-c0fca96e15ae/none_v3" 201 - "PUT http://172.18.0.2:8080/d1/624/AUTH_cb248d3efa0243e4965462e374ae45fa/gnocchi.f0accb8f-dc05-4e18-9584-c0fca96e15ae/none_v3" "tx69f7dd0ea2ea407e9f049-0069932768" "object-server 25" 0.0007 "-" 23 0
Feb 16 14:19:20 standalone object-server[127765]: 172.20.0.100 - - [16/Feb/2026:14:19:20 +0000] "PUT /d1/624/AUTH_cb248d3efa0243e4965462e374ae45fa/gnocchi.f0accb8f-dc05-4e18-9584-c0fca96e15ae/none_v3" 201 - "PUT http://172.18.0.2:8080/v1/AUTH_cb248d3efa0243e4965462e374ae45fa/gnocchi.f0accb8f-dc05-4e18-9584-c0fca96e15ae/none_v3" "tx69f7dd0ea2ea407e9f049-0069932768" "proxy-server 20" 0.0126 "-" 25 0
Feb 16 14:19:20 standalone proxy-server[129810]: 172.18.0.2 172.18.0.100 16/Feb/2026/14/19/20 PUT /v1/AUTH_cb248d3efa0243e4965462e374ae45fa/gnocchi.f0accb8f-dc05-4e18-9584-c0fca96e15ae/none_v3 HTTP/1.0 201 - python-swiftclient-3.11.1 gAAAAABpkybry4aT... 32 - - tx69f7dd0ea2ea407e9f049-0069932768 - 0.0204 - - 1771251560.492789268 1771251560.513185263 0
Feb 16 14:19:20 standalone object-server[127761]: 172.20.0.100 - - [16/Feb/2026:14:19:20 +0000] "GET /d1/274/AUTH_cb248d3efa0243e4965462e374ae45fa/gnocchi.85c2eb4f-6c97-459f-a694-def0ecf99f27/none_v3" 200 22 "GET http://172.18.0.2:8080/v1/AUTH_cb248d3efa0243e4965462e374ae45fa/gnocchi.85c2eb4f-6c97-459f-a694-def0ecf99f27/none_v3" "tx01e26905a9f24b6280a66-0069932768" "proxy-server 20" 0.0012 "-" 23 0
Feb 16 14:19:20 standalone proxy-server[129810]: 172.18.0.2 172.18.0.100 16/Feb/2026/14/19/20 GET /v1/AUTH_cb248d3efa0243e4965462e374ae45fa/gnocchi.85c2eb4f-6c97-459f-a694-def0ecf99f27/none_v3 HTTP/1.0 200 - python-swiftclient-3.11.1 gAAAAABpkybry4aT... - 22 - tx01e26905a9f24b6280a66-0069932768 - 0.0093 - - 1771251560.526395798 1771251560.535732031 0
Feb 16 14:19:20 standalone container-server[127659]: 172.20.0.100 - - [16/Feb/2026:14:19:20 +0000] "GET /d1/564/AUTH_cb248d3efa0243e4965462e374ae45fa/gnocchi.85c2eb4f-6c97-459f-a694-def0ecf99f27" 200 357 "GET http://172.18.0.2:8080/v1/AUTH_cb248d3efa0243e4965462e374ae45fa/gnocchi.85c2eb4f-6c97-459f-a694-def0ecf99f27?format=json&states=listing" "txc4899157f36740aea15fe-0069932768" "proxy-server 20" 0.0094 "-" 23 0
Feb 16 14:19:20 standalone proxy-server[129810]: 172.18.0.2 172.18.0.100 16/Feb/2026/14/19/20 GET /v1/AUTH_cb248d3efa0243e4965462e374ae45fa/gnocchi.85c2eb4f-6c97-459f-a694-def0ecf99f27%3Fformat%3Djson%26states%3Dlisting HTTP/1.0 200 - python-swiftclient-3.11.1 gAAAAABpkybry4aT... - 357 - txc4899157f36740aea15fe-0069932768 - 0.0177 - - 1771251560.540368557 1771251560.558034658 0
Feb 16 14:19:20 standalone container-server[127635]: 172.20.0.100 - - [16/Feb/2026:14:19:20 +0000] "GET /d1/564/AUTH_cb248d3efa0243e4965462e374ae45fa/gnocchi.85c2eb4f-6c97-459f-a694-def0ecf99f27" 200 2 "GET http://172.18.0.2:8080/v1/AUTH_cb248d3efa0243e4965462e374ae45fa/gnocchi.85c2eb4f-6c97-459f-a694-def0ecf99f27?format=json&marker=none_v3&states=listing" "tx81aa15648a514d118ac72-0069932768" "proxy-server 20" 0.0043 "-" 20 0
Feb 16 14:19:20 standalone proxy-server[129810]: 172.18.0.2 172.18.0.100 16/Feb/2026/14/19/20 GET /v1/AUTH_cb248d3efa0243e4965462e374ae45fa/gnocchi.85c2eb4f-6c97-459f-a694-def0ecf99f27%3Fformat%3Djson%26marker%3Dnone_v3%26states%3Dlisting HTTP/1.0 200 - python-swiftclient-3.11.1 gAAAAABpkybry4aT... - 2 - tx81aa15648a514d118ac72-0069932768 - 0.0129 - - 1771251560.561777830 1771251560.574666262 0
Feb 16 14:19:20 standalone object-server[127760]: 172.20.0.100 - - [16/Feb/2026:14:19:20 +0000] "GET /d1/231/AUTH_cb248d3efa0243e4965462e374ae45fa/gnocchi.85c2eb4f-6c97-459f-a694-def0ecf99f27/1771200000.0_mean_300.0_v3" 200 16 "GET http://172.18.0.2:8080/v1/AUTH_cb248d3efa0243e4965462e374ae45fa/gnocchi.85c2eb4f-6c97-459f-a694-def0ecf99f27/1771200000.0_mean_300.0_v3" "tx05b932c3480142629a5e7-0069932768" "proxy-server 20" 0.0011 "-" 22 0
Feb 16 14:19:20 standalone proxy-server[129810]: 172.18.0.2 172.18.0.100 16/Feb/2026/14/19/20 GET /v1/AUTH_cb248d3efa0243e4965462e374ae45fa/gnocchi.85c2eb4f-6c97-459f-a694-def0ecf99f27/1771200000.0_mean_300.0_v3 HTTP/1.0 200 - python-swiftclient-3.11.1 gAAAAABpkybry4aT... - 16 - tx05b932c3480142629a5e7-0069932768 - 0.0092 - - 1771251560.579285622 1771251560.588491917 0
Feb 16 14:19:20 standalone container-server[127635]: 172.20.0.100 - - [16/Feb/2026:14:19:20 +0000] "PUT /d1/564/AUTH_cb248d3efa0243e4965462e374ae45fa/gnocchi.85c2eb4f-6c97-459f-a694-def0ecf99f27/1771200000.0_mean_300.0_v3" 201 - "PUT http://172.18.0.2:8080/d1/231/AUTH_cb248d3efa0243e4965462e374ae45fa/gnocchi.85c2eb4f-6c97-459f-a694-def0ecf99f27/1771200000.0_mean_300.0_v3" "tx5c4334111d2e4672ab9d2-0069932768" "object-server 22" 0.0006 "-" 20 0
Feb 16 14:19:20 standalone object-server[127760]: 172.20.0.100 - - [16/Feb/2026:14:19:20 +0000] "PUT /d1/231/AUTH_cb248d3efa0243e4965462e374ae45fa/gnocchi.85c2eb4f-6c97-459f-a694-def0ecf99f27/1771200000.0_mean_300.0_v3" 201 - "PUT http://172.18.0.2:8080/v1/AUTH_cb248d3efa0243e4965462e374ae45fa/gnocchi.85c2eb4f-6c97-459f-a694-def0ecf99f27/1771200000.0_mean_300.0_v3" "tx5c4334111d2e4672ab9d2-0069932768" "proxy-server 20" 0.0112 "-" 22 0
Feb 16 14:19:20 standalone proxy-server[129810]: 172.18.0.2 172.18.0.100 16/Feb/2026/14/19/20 PUT /v1/AUTH_cb248d3efa0243e4965462e374ae45fa/gnocchi.85c2eb4f-6c97-459f-a694-def0ecf99f27/1771200000.0_mean_300.0_v3 HTTP/1.0 201 - python-swiftclient-3.11.1 gAAAAABpkybry4aT... 16 - - tx5c4334111d2e4672ab9d2-0069932768 - 0.0186 - - 1771251560.592313766 1771251560.610890388 0
Feb 16 14:19:20 standalone container-server[127659]: 172.20.0.100 - - [16/Feb/2026:14:19:20 +0000] "PUT /d1/564/AUTH_cb248d3efa0243e4965462e374ae45fa/gnocchi.85c2eb4f-6c97-459f-a694-def0ecf99f27/none_v3" 201 - "PUT http://172.18.0.2:8080/d1/274/AUTH_cb248d3efa0243e4965462e374ae45fa/gnocchi.85c2eb4f-6c97-459f-a694-def0ecf99f27/none_v3" "tx085152caf4e2463d9e85e-0069932768" "object-server 22" 0.0006 "-" 23 0
Feb 16 14:19:20 standalone object-server[127760]: 172.20.0.100 - - [16/Feb/2026:14:19:20 +0000] "PUT /d1/274/AUTH_cb248d3efa0243e4965462e374ae45fa/gnocchi.85c2eb4f-6c97-459f-a694-def0ecf99f27/none_v3" 201 - "PUT http://172.18.0.2:8080/v1/AUTH_cb248d3efa0243e4965462e374ae45fa/gnocchi.85c2eb4f-6c97-459f-a694-def0ecf99f27/none_v3" "tx085152caf4e2463d9e85e-0069932768" "proxy-server 20" 0.0111 "-" 22 0
Feb 16 14:19:20 standalone proxy-server[129810]: 172.18.0.2 172.18.0.100 16/Feb/2026/14/19/20 PUT /v1/AUTH_cb248d3efa0243e4965462e374ae45fa/gnocchi.85c2eb4f-6c97-459f-a694-def0ecf99f27/none_v3 HTTP/1.0 201 - python-swiftclient-3.11.1 gAAAAABpkybry4aT... 32 - - tx085152caf4e2463d9e85e-0069932768 - 0.0183 - - 1771251560.614161968 1771251560.632479429 0
Feb 16 14:19:20 standalone object-server[127761]: 172.20.0.100 - - [16/Feb/2026:14:19:20 +0000] "GET /d1/490/AUTH_cb248d3efa0243e4965462e374ae45fa/gnocchi.78bc6ba1-d9e5-41b5-b9f1-84910bede73e/none_v3" 200 22 "GET http://172.18.0.2:8080/v1/AUTH_cb248d3efa0243e4965462e374ae45fa/gnocchi.78bc6ba1-d9e5-41b5-b9f1-84910bede73e/none_v3" "txcefd8eca6c1c41088f001-0069932768" "proxy-server 20" 0.0010 "-" 23 0
Feb 16 14:19:20 standalone proxy-server[129810]: 172.18.0.2 172.18.0.100 16/Feb/2026/14/19/20 GET /v1/AUTH_cb248d3efa0243e4965462e374ae45fa/gnocchi.78bc6ba1-d9e5-41b5-b9f1-84910bede73e/none_v3 HTTP/1.0 200 - python-swiftclient-3.11.1 gAAAAABpkybry4aT... - 22 - txcefd8eca6c1c41088f001-0069932768 - 0.0091 - - 1771251560.642510891 1771251560.651627302 0
Feb 16 14:19:20 standalone container-server[127639]: 172.20.0.100 - - [16/Feb/2026:14:19:20 +0000] "GET /d1/332/AUTH_cb248d3efa0243e4965462e374ae45fa/gnocchi.78bc6ba1-d9e5-41b5-b9f1-84910bede73e" 200 357 "GET http://172.18.0.2:8080/v1/AUTH_cb248d3efa0243e4965462e374ae45fa/gnocchi.78bc6ba1-d9e5-41b5-b9f1-84910bede73e?format=json&states=listing" "tx661010953f9b47c98ca21-0069932768" "proxy-server 20" 0.0101 "-" 21 0
Feb 16 14:19:20 standalone proxy-server[129810]: 172.18.0.2 172.18.0.100 16/Feb/2026/14/19/20 GET /v1/AUTH_cb248d3efa0243e4965462e374ae45fa/gnocchi.78bc6ba1-d9e5-41b5-b9f1-84910bede73e%3Fformat%3Djson%26states%3Dlisting HTTP/1.0 200 - python-swiftclient-3.11.1 gAAAAABpkybry4aT... - 357 - tx661010953f9b47c98ca21-0069932768 - 0.0188 - - 1771251560.654576778 1771251560.673353910 0
Feb 16 14:19:20 standalone container-server[127639]: 172.20.0.100 - - [16/Feb/2026:14:19:20 +0000] "GET /d1/332/AUTH_cb248d3efa0243e4965462e374ae45fa/gnocchi.78bc6ba1-d9e5-41b5-b9f1-84910bede73e" 200 2 "GET http://172.18.0.2:8080/v1/AUTH_cb248d3efa0243e4965462e374ae45fa/gnocchi.78bc6ba1-d9e5-41b5-b9f1-84910bede73e?format=json&marker=none_v3&states=listing" "tx6cfbdbc60c7f4c719d6e2-0069932768" "proxy-server 20" 0.0034 "-" 21 0
Feb 16 14:19:20 standalone proxy-server[129810]: 172.18.0.2 172.18.0.100 16/Feb/2026/14/19/20 GET /v1/AUTH_cb248d3efa0243e4965462e374ae45fa/gnocchi.78bc6ba1-d9e5-41b5-b9f1-84910bede73e%3Fformat%3Djson%26marker%3Dnone_v3%26states%3Dlisting HTTP/1.0 200 - python-swiftclient-3.11.1 gAAAAABpkybry4aT... - 2 - tx6cfbdbc60c7f4c719d6e2-0069932768 - 0.0121 - - 1771251560.676737309 1771251560.688804865 0
Feb 16 14:19:20 standalone object-server[127765]: 172.20.0.100 - - [16/Feb/2026:14:19:20 +0000] "GET /d1/796/AUTH_cb248d3efa0243e4965462e374ae45fa/gnocchi.78bc6ba1-d9e5-41b5-b9f1-84910bede73e/1771200000.0_mean_300.0_v3" 200 16 "GET http://172.18.0.2:8080/v1/AUTH_cb248d3efa0243e4965462e374ae45fa/gnocchi.78bc6ba1-d9e5-41b5-b9f1-84910bede73e/1771200000.0_mean_300.0_v3" "tx4bcb1f2dc26945ac9c984-0069932768" "proxy-server 20" 0.0012 "-" 25 0
Feb 16 14:19:20 standalone proxy-server[129810]: 172.18.0.2 172.18.0.100 16/Feb/2026/14/19/20 GET /v1/AUTH_cb248d3efa0243e4965462e374ae45fa/gnocchi.78bc6ba1-d9e5-41b5-b9f1-84910bede73e/1771200000.0_mean_300.0_v3 HTTP/1.0 200 - python-swiftclient-3.11.1 gAAAAABpkybry4aT... - 16 - tx4bcb1f2dc26945ac9c984-0069932768 - 0.0094 - - 1771251560.692771435 1771251560.702167749 0
Feb 16 14:19:20 standalone container-server[127659]: 172.20.0.100 - - [16/Feb/2026:14:19:20 +0000] "PUT /d1/332/AUTH_cb248d3efa0243e4965462e374ae45fa/gnocchi.78bc6ba1-d9e5-41b5-b9f1-84910bede73e/1771200000.0_mean_300.0_v3" 201 - "PUT http://172.18.0.2:8080/d1/796/AUTH_cb248d3efa0243e4965462e374ae45fa/gnocchi.78bc6ba1-d9e5-41b5-b9f1-84910bede73e/1771200000.0_mean_300.0_v3" "tx97b156ed2faf404493965-0069932768" "object-server 24" 0.0009 "-" 23 0
Feb 16 14:19:20 standalone object-server[127764]: 172.20.0.100 - - [16/Feb/2026:14:19:20 +0000] "PUT /d1/796/AUTH_cb248d3efa0243e4965462e374ae45fa/gnocchi.78bc6ba1-d9e5-41b5-b9f1-84910bede73e/1771200000.0_mean_300.0_v3" 201 - "PUT http://172.18.0.2:8080/v1/AUTH_cb248d3efa0243e4965462e374ae45fa/gnocchi.78bc6ba1-d9e5-41b5-b9f1-84910bede73e/1771200000.0_mean_300.0_v3" "tx97b156ed2faf404493965-0069932768" "proxy-server 20" 0.0146 "-" 24 0
Feb 16 14:19:20 standalone proxy-server[129810]: 172.18.0.2 172.18.0.100 16/Feb/2026/14/19/20 PUT /v1/AUTH_cb248d3efa0243e4965462e374ae45fa/gnocchi.78bc6ba1-d9e5-41b5-b9f1-84910bede73e/1771200000.0_mean_300.0_v3 HTTP/1.0 201 - python-swiftclient-3.11.1 gAAAAABpkybry4aT... 16 - - tx97b156ed2faf404493965-0069932768 - 0.0221 - - 1771251560.705719948 1771251560.727841854 0
Feb 16 14:19:20 standalone container-server[127653]: 172.20.0.100 - - [16/Feb/2026:14:19:20 +0000] "PUT /d1/332/AUTH_cb248d3efa0243e4965462e374ae45fa/gnocchi.78bc6ba1-d9e5-41b5-b9f1-84910bede73e/none_v3" 201 - "PUT http://172.18.0.2:8080/d1/490/AUTH_cb248d3efa0243e4965462e374ae45fa/gnocchi.78bc6ba1-d9e5-41b5-b9f1-84910bede73e/none_v3" "tx7f4f2946d1a2463f8c465-0069932768" "object-server 22" 0.0010 "-" 22 0
Feb 16 14:19:20 standalone object-server[127760]: 172.20.0.100 - - [16/Feb/2026:14:19:20 +0000] "PUT /d1/490/AUTH_cb248d3efa0243e4965462e374ae45fa/gnocchi.78bc6ba1-d9e5-41b5-b9f1-84910bede73e/none_v3" 201 - "PUT http://172.18.0.2:8080/v1/AUTH_cb248d3efa0243e4965462e374ae45fa/gnocchi.78bc6ba1-d9e5-41b5-b9f1-84910bede73e/none_v3" "tx7f4f2946d1a2463f8c465-0069932768" "proxy-server 20" 0.0150 "-" 22 0
Feb 16 14:19:20 standalone proxy-server[129810]: 172.18.0.2 172.18.0.100 16/Feb/2026/14/19/20 PUT /v1/AUTH_cb248d3efa0243e4965462e374ae45fa/gnocchi.78bc6ba1-d9e5-41b5-b9f1-84910bede73e/none_v3 HTTP/1.0 201 - python-swiftclient-3.11.1 gAAAAABpkybry4aT... 32 - - tx7f4f2946d1a2463f8c465-0069932768 - 0.0239 - - 1771251560.731662512 1771251560.755585194 0
Feb 16 14:19:23 standalone account-server[127492]: 172.20.0.100 - - [16/Feb/2026:14:19:23 +0000] "HEAD /d1/633/AUTH_cb248d3efa0243e4965462e374ae45fa" 204 - "HEAD http://172.18.0.2:8080/v1/AUTH_cb248d3efa0243e4965462e374ae45fa?format=json" "tx968b9429036a4692b81d1-006993276b" "proxy-server 20" 0.0060 "-" 14 -
Feb 16 14:19:23 standalone proxy-server[129810]: - - 16/Feb/2026/14/19/23 HEAD /v1/AUTH_cb248d3efa0243e4965462e374ae45fa%3Fformat%3Djson HTTP/1.0 204 - Swift - - - - tx968b9429036a4692b81d1-006993276b - 0.0127 RL - 1771251563.831238031 1771251563.843967915 -
Feb 16 14:19:23 standalone container-server[127635]: 172.20.0.100 - - [16/Feb/2026:14:19:23 +0000] "HEAD /d1/1017/AUTH_cb248d3efa0243e4965462e374ae45fa/gnocchi.8dbb8708-9202-4bd1-b972-9b779e67438e" 404 - "HEAD http://172.18.0.2:8080/v1/AUTH_cb248d3efa0243e4965462e374ae45fa/gnocchi.8dbb8708-9202-4bd1-b972-9b779e67438e?format=json&states=listing" "tx968b9429036a4692b81d1-006993276b" "proxy-server 20" 0.0006 "-" 20 0
Feb 16 14:19:23 standalone object-server[127761]: 172.20.0.100 - - [16/Feb/2026:14:19:23 +0000] "GET /d1/156/AUTH_cb248d3efa0243e4965462e374ae45fa/gnocchi.8dbb8708-9202-4bd1-b972-9b779e67438e/none_v3" 404 70 "GET http://172.18.0.2:8080/v1/AUTH_cb248d3efa0243e4965462e374ae45fa/gnocchi.8dbb8708-9202-4bd1-b972-9b779e67438e/none_v3" "tx968b9429036a4692b81d1-006993276b" "proxy-server 20" 0.0010 "-" 23 0
Feb 16 14:19:23 standalone proxy-server[129810]: 172.18.0.2 172.18.0.100 16/Feb/2026/14/19/23 GET /v1/AUTH_cb248d3efa0243e4965462e374ae45fa/gnocchi.8dbb8708-9202-4bd1-b972-9b779e67438e/none_v3 HTTP/1.0 404 - python-swiftclient-3.11.1 gAAAAABpkybry4aT... - 70 - tx968b9429036a4692b81d1-006993276b - 0.0251 - - 1771251563.830227852 1771251563.855316162 0
Feb 16 14:19:23 standalone account-server[127541]: 172.20.0.100 - - [16/Feb/2026:14:19:23 +0000] "PUT /d1/633/AUTH_cb248d3efa0243e4965462e374ae45fa/gnocchi.8dbb8708-9202-4bd1-b972-9b779e67438e" 201 - "PUT http://172.20.0.100:6001/d1/1017/AUTH_cb248d3efa0243e4965462e374ae45fa/gnocchi.8dbb8708-9202-4bd1-b972-9b779e67438e" "tx84ab60d48f5846b587455-006993276b" "container-server 21" 0.0012 "-" 20 0
Feb 16 14:19:23 standalone container-server[127639]: 172.20.0.100 - - [16/Feb/2026:14:19:23 +0000] "PUT /d1/1017/AUTH_cb248d3efa0243e4965462e374ae45fa/gnocchi.8dbb8708-9202-4bd1-b972-9b779e67438e" 201 - "PUT http://172.18.0.2:8080/v1/AUTH_cb248d3efa0243e4965462e374ae45fa/gnocchi.8dbb8708-9202-4bd1-b972-9b779e67438e" "tx84ab60d48f5846b587455-006993276b" "proxy-server 20" 0.0143 "-" 21 0
Feb 16 14:19:23 standalone proxy-server[129810]: 172.18.0.2 172.18.0.100 16/Feb/2026/14/19/23 PUT /v1/AUTH_cb248d3efa0243e4965462e374ae45fa/gnocchi.8dbb8708-9202-4bd1-b972-9b779e67438e HTTP/1.0 201 - python-swiftclient-3.11.1 gAAAAABpkybry4aT... - - - tx84ab60d48f5846b587455-006993276b - 0.0182 - - 1771251563.858631134 1771251563.876876593 0
Feb 16 14:19:23 standalone container-server[127639]: 172.20.0.100 - - [16/Feb/2026:14:19:23 +0000] "HEAD /d1/1017/AUTH_cb248d3efa0243e4965462e374ae45fa/gnocchi.8dbb8708-9202-4bd1-b972-9b779e67438e" 204 - "HEAD http://172.18.0.2:8080/v1/AUTH_cb248d3efa0243e4965462e374ae45fa/gnocchi.8dbb8708-9202-4bd1-b972-9b779e67438e?format=json&states=listing" "txc4b6dfee78414f5188ad7-006993276b" "proxy-server 20" 0.0010 "-" 21 0
Feb 16 14:19:23 standalone proxy-server[129810]: - - 16/Feb/2026/14/19/23 HEAD /v1/AUTH_cb248d3efa0243e4965462e374ae45fa/gnocchi.8dbb8708-9202-4bd1-b972-9b779e67438e%3Fformat%3Djson%26states%3Dlisting HTTP/1.0 204 - Swift - - - - txc4b6dfee78414f5188ad7-006993276b - 0.0034 RL - 1771251563.880673647 1771251563.884051085 0
Feb 16 14:19:23 standalone container-server[127659]: 172.20.0.100 - - [16/Feb/2026:14:19:23 +0000] "GET /d1/1017/AUTH_cb248d3efa0243e4965462e374ae45fa/gnocchi.8dbb8708-9202-4bd1-b972-9b779e67438e" 200 2 "GET http://172.18.0.2:8080/v1/AUTH_cb248d3efa0243e4965462e374ae45fa/gnocchi.8dbb8708-9202-4bd1-b972-9b779e67438e?format=json&states=listing" "txc4b6dfee78414f5188ad7-006993276b" "proxy-server 20" 0.0017 "-" 23 0
Feb 16 14:19:23 standalone proxy-server[129810]: 172.18.0.2 172.18.0.100 16/Feb/2026/14/19/23 GET /v1/AUTH_cb248d3efa0243e4965462e374ae45fa/gnocchi.8dbb8708-9202-4bd1-b972-9b779e67438e%3Fformat%3Djson%26states%3Dlisting HTTP/1.0 200 - python-swiftclient-3.11.1 gAAAAABpkybry4aT... - 2 - txc4b6dfee78414f5188ad7-006993276b - 0.0098 - - 1771251563.879953146 1771251563.889768600 0
Feb 16 14:19:23 standalone object-server[127760]: 172.20.0.100 - - [16/Feb/2026:14:19:23 +0000] "GET /d1/620/AUTH_cb248d3efa0243e4965462e374ae45fa/gnocchi.8dbb8708-9202-4bd1-b972-9b779e67438e/1771200000.0_mean_300.0_v3" 404 70 "GET http://172.18.0.2:8080/v1/AUTH_cb248d3efa0243e4965462e374ae45fa/gnocchi.8dbb8708-9202-4bd1-b972-9b779e67438e/1771200000.0_mean_300.0_v3" "tx0abe239181b040c8a1ce6-006993276b" "proxy-server 20" 0.0003 "-" 22 0
Feb 16 14:19:23 standalone proxy-server[129810]: 172.18.0.2 172.18.0.100 16/Feb/2026/14/19/23 GET /v1/AUTH_cb248d3efa0243e4965462e374ae45fa/gnocchi.8dbb8708-9202-4bd1-b972-9b779e67438e/1771200000.0_mean_300.0_v3 HTTP/1.0 404 - python-swiftclient-3.11.1 gAAAAABpkybry4aT... - 70 - tx0abe239181b040c8a1ce6-006993276b - 0.0041 - - 1771251563.893044949 1771251563.897171974 0
Feb 16 14:19:23 standalone container-server[127639]: 172.20.0.100 - - [16/Feb/2026:14:19:23 +0000] "PUT /d1/1017/AUTH_cb248d3efa0243e4965462e374ae45fa/gnocchi.8dbb8708-9202-4bd1-b972-9b779e67438e/1771200000.0_mean_300.0_v3" 201 - "PUT http://172.18.0.2:8080/d1/620/AUTH_cb248d3efa0243e4965462e374ae45fa/gnocchi.8dbb8708-9202-4bd1-b972-9b779e67438e/1771200000.0_mean_300.0_v3" "txd0ff010d1da7486eb8806-006993276b" "object-server 22" 0.0006 "-" 21 0
Feb 16 14:19:23 standalone object-server[127760]: 172.20.0.100 - - [16/Feb/2026:14:19:23 +0000] "PUT /d1/620/AUTH_cb248d3efa0243e4965462e374ae45fa/gnocchi.8dbb8708-9202-4bd1-b972-9b779e67438e/1771200000.0_mean_300.0_v3" 201 - "PUT http://172.18.0.2:8080/v1/AUTH_cb248d3efa0243e4965462e374ae45fa/gnocchi.8dbb8708-9202-4bd1-b972-9b779e67438e/1771200000.0_mean_300.0_v3" "txd0ff010d1da7486eb8806-006993276b" "proxy-server 20" 0.0086 "-" 22 0
Feb 16 14:19:23 standalone proxy-server[129810]: 172.18.0.2 172.18.0.100 16/Feb/2026/14/19/23 PUT /v1/AUTH_cb248d3efa0243e4965462e374ae45fa/gnocchi.8dbb8708-9202-4bd1-b972-9b779e67438e/1771200000.0_mean_300.0_v3 HTTP/1.0 201 - python-swiftclient-3.11.1 gAAAAABpkybry4aT... 16 - - txd0ff010d1da7486eb8806-006993276b - 0.0122 - - 1771251563.899181843 1771251563.911426306 0
Feb 16 14:19:23 standalone container-server[127653]: 172.20.0.100 - - [16/Feb/2026:14:19:23 +0000] "PUT /d1/1017/AUTH_cb248d3efa0243e4965462e374ae45fa/gnocchi.8dbb8708-9202-4bd1-b972-9b779e67438e/none_v3" 201 - "PUT http://172.18.0.2:8080/d1/156/AUTH_cb248d3efa0243e4965462e374ae45fa/gnocchi.8dbb8708-9202-4bd1-b972-9b779e67438e/none_v3" "tx35e6cb685fbe46aab1b05-006993276b" "object-server 23" 0.0009 "-" 22 0
