Feb 16 14:05:16 standalone account-server[127261]: Starting 2
Feb 16 14:05:16 standalone account-server[127265]: Started child 14 from parent 2
Feb 16 14:05:16 standalone account-server[127265]: Started child 18 from parent 2
Feb 16 14:05:16 standalone account-server[127265]: Started child 19 from parent 2
Feb 16 14:05:16 standalone account-server[127265]: Started child 20 from parent 2
Feb 16 14:05:16 standalone container-server[127345]: Option allow_versions is deprecated. Configure the versioned_writes middleware in the proxy-server instead. This option will be ignored in a future release.
Feb 16 14:05:16 standalone container-server[127635]: Option allow_versions is deprecated. Configure the versioned_writes middleware in the proxy-server instead. This option will be ignored in a future release.
Feb 16 14:05:16 standalone container-server[127345]: Started child 20 from parent 2
Feb 16 14:05:16 standalone container-server[127639]: Option allow_versions is deprecated. Configure the versioned_writes middleware in the proxy-server instead. This option will be ignored in a future release.
Feb 16 14:05:16 standalone container-server[127345]: Started child 21 from parent 2
Feb 16 14:05:16 standalone container-server[127653]: Option allow_versions is deprecated. Configure the versioned_writes middleware in the proxy-server instead. This option will be ignored in a future release.
Feb 16 14:05:16 standalone container-server[127345]: Started child 22 from parent 2
Feb 16 14:05:16 standalone container-server[127659]: Option allow_versions is deprecated. Configure the versioned_writes middleware in the proxy-server instead. This option will be ignored in a future release.
Feb 16 14:05:16 standalone container-server[127345]: Started child 23 from parent 2
Feb 16 14:05:16 standalone container-server[127589]: Starting 2
Feb 16 14:05:16 standalone object-expirer[127596]: Starting 2
Feb 16 14:05:16 standalone object-expirer[127596]: Option auto_create_account_prefix is deprecated. Configure auto_create_account_prefix under the swift-constraints section of swift.conf. This option will be ignored in a future release.
Feb 16 14:05:17 standalone object-server[127662]: Started child 22 from parent 2
Feb 16 14:05:17 standalone object-server[127662]: Started child 23 from parent 2
Feb 16 14:05:17 standalone object-server[127662]: Started child 24 from parent 2
Feb 16 14:05:17 standalone object-server[127662]: Started child 25 from parent 2
Feb 16 14:05:17 standalone object-server[127731]: Starting 2
Feb 16 14:05:23 standalone proxy-server[129584]: Starting Keystone auth_token middleware
Feb 16 14:05:23 standalone proxy-server[129584]: AuthToken middleware is set with keystone_authtoken.service_token_roles_required set to False. This is backwards compatible but deprecated behaviour. Please set this to True.
Feb 16 14:05:23 standalone proxy-server[129810]: Starting Keystone auth_token middleware
Feb 16 14:05:23 standalone proxy-server[129810]: STDERR: The option "bind_port" is not known to keystonemiddleware
Feb 16 14:05:23 standalone proxy-server[129810]: STDERR: The option "workers" is not known to keystonemiddleware
Feb 16 14:05:23 standalone proxy-server[129810]: STDERR: The option "user" is not known to keystonemiddleware
Feb 16 14:05:23 standalone proxy-server[129810]: STDERR: The option "bind_ip" is not known to keystonemiddleware
Feb 16 14:05:23 standalone proxy-server[129810]: STDERR: The option "log_name" is not known to keystonemiddleware
Feb 16 14:05:23 standalone proxy-server[129810]: STDERR: The option "log_facility" is not known to keystonemiddleware
Feb 16 14:05:23 standalone proxy-server[129810]: STDERR: The option "log_level" is not known to keystonemiddleware
Feb 16 14:05:23 standalone proxy-server[129810]: STDERR: The option "log_headers" is not known to keystonemiddleware
Feb 16 14:05:23 standalone proxy-server[129810]: STDERR: The option "log_address" is not known to keystonemiddleware
Feb 16 14:05:23 standalone proxy-server[129810]: STDERR: The option "project_name" is not known to keystonemiddleware
Feb 16 14:05:23 standalone proxy-server[129810]: STDERR: The option "username" is not known to keystonemiddleware
Feb 16 14:05:23 standalone proxy-server[129810]: STDERR: The option "password" is not known to keystonemiddleware
Feb 16 14:05:23 standalone proxy-server[129810]: STDERR: The option "auth_url" is not known to keystonemiddleware
Feb 16 14:05:23 standalone proxy-server[129810]: STDERR: The option "signing_dir" is not known to keystonemiddleware
Feb 16 14:05:23 standalone proxy-server[129810]: STDERR: The option "project_domain_id" is not known to keystonemiddleware
Feb 16 14:05:23 standalone proxy-server[129810]: STDERR: The option "user_domain_id" is not known to keystonemiddleware
Feb 16 14:05:23 standalone proxy-server[129810]: STDERR: The option "__name__" is not known to keystonemiddleware
Feb 16 14:05:23 standalone proxy-server[129810]: AuthToken middleware is set with keystone_authtoken.service_token_roles_required set to False. This is backwards compatible but deprecated behaviour. Please set this to True.
Feb 16 14:05:23 standalone proxy-server[129584]: Started child 20 from parent 2
Feb 16 14:07:00 standalone container-server[127589]: Begin container update sweep
Feb 16 14:07:00 standalone container-server[127589]: Container update sweep completed: 0.00s
Feb 16 14:07:57 standalone account-server[127492]: 172.20.0.100 - - [16/Feb/2026:14:07:57 +0000] "HEAD /d1/994/.expiring_objects" 404 - "HEAD http://localhost/v1/.expiring_objects?format=json" "tx58facf0177074bd7aaa7f-00699324bd" "proxy-server 2" 0.0010 "-" 14 -
Feb 16 14:07:57 standalone object-expirer[127596]: Pass completed in 0s; 0 objects expired (txn: tx58facf0177074bd7aaa7f-00699324bd)
Feb 16 14:10:02 standalone account-server[127505]: 172.20.0.100 - - [16/Feb/2026:14:10:02 +0000] "HEAD /d1/994/.expiring_objects" 404 - "HEAD http://localhost/v1/.expiring_objects?format=json" "tx6ef5b5f4214847efb535d-006993253a" "proxy-server 2" 0.0017 "-" 18 -
Feb 16 14:10:02 standalone object-expirer[127596]: Pass completed in 0s; 0 objects expired (txn: tx6ef5b5f4214847efb535d-006993253a)
Feb 16 14:10:03 standalone object-server[127731]: Begin object update sweep
Feb 16 14:10:03 standalone object-server[162862]: Object update sweep starting on /srv/node/d1 (pid: 12)
Feb 16 14:10:03 standalone object-server[162862]: Object update sweep completed on /srv/node/d1 in 0.00s seconds:, 0 successes, 0 failures, 0 quarantines, 0 unlinks, 0 errors, 0 redirects (pid: 12)
Feb 16 14:10:03 standalone object-server[162862]: Object update sweep of d1 completed: 0.00s, 0 successes, 0 failures, 0 quarantines, 0 unlinks, 0 errors, 0 redirects
Feb 16 14:10:03 standalone object-server[127731]: Object update sweep completed: 0.08s
Feb 16 14:12:00 standalone container-server[127589]: Begin container update sweep
Feb 16 14:12:00 standalone container-server[127589]: Container update sweep completed: 0.00s
Feb 16 14:12:08 standalone account-server[127505]: 172.20.0.100 - - [16/Feb/2026:14:12:08 +0000] "HEAD /d1/994/.expiring_objects" 404 - "HEAD http://localhost/v1/.expiring_objects?format=json" "tx3c1dcb21c781473aacb3a-00699325b8" "proxy-server 2" 0.0005 "-" 18 -
Feb 16 14:12:08 standalone object-expirer[127596]: Pass completed in 0s; 0 objects expired (txn: tx3c1dcb21c781473aacb3a-00699325b8)
Feb 16 14:15:03 standalone object-server[127731]: Begin object update sweep
Feb 16 14:15:03 standalone object-server[205063]: Object update sweep starting on /srv/node/d1 (pid: 13)
Feb 16 14:15:03 standalone object-server[205063]: Object update sweep completed on /srv/node/d1 in 0.00s seconds:, 0 successes, 0 failures, 0 quarantines, 0 unlinks, 0 errors, 0 redirects (pid: 13)
Feb 16 14:15:03 standalone object-server[205063]: Object update sweep of d1 completed: 0.00s, 0 successes, 0 failures, 0 quarantines, 0 unlinks, 0 errors, 0 redirects
Feb 16 14:15:03 standalone object-server[127731]: Object update sweep completed: 0.08s
Feb 16 14:16:39 standalone account-server[127541]: 172.20.0.100 - - [16/Feb/2026:14:16:39 +0000] "HEAD /d1/994/.expiring_objects" 404 - "HEAD http://localhost/v1/.expiring_objects?format=json" "txf535c7d3be904409a97f7-00699326c7" "proxy-server 2" 0.0018 "-" 20 -
Feb 16 14:16:39 standalone object-expirer[127596]: Pass completed in 0s; 0 objects expired (txn: txf535c7d3be904409a97f7-00699326c7)
Feb 16 14:17:00 standalone container-server[127589]: Begin container update sweep
Feb 16 14:17:00 standalone container-server[127589]: Container update sweep completed: 0.00s
Feb 16 14:17:15 standalone account-server[127541]: 172.20.0.100 - - [16/Feb/2026:14:17:15 +0000] "HEAD /d1/633/AUTH_cb248d3efa0243e4965462e374ae45fa" 404 - "HEAD http://172.18.0.2:8080/v1/AUTH_cb248d3efa0243e4965462e374ae45fa?format=json" "tx87cd416bfb2b4b5fbe778-00699326eb" "proxy-server 20" 0.0008 "-" 20 -
Feb 16 14:17:15 standalone proxy-server[129810]: - - 16/Feb/2026/14/17/15 HEAD /v1/AUTH_cb248d3efa0243e4965462e374ae45fa%3Fformat%3Djson HTTP/1.0 200 - Swift - - - - tx87cd416bfb2b4b5fbe778-00699326eb - 0.0084 RL - 1771251435.473885775 1771251435.482326746 -
Feb 16 14:17:15 standalone object-server[127760]: 172.20.0.100 - - [16/Feb/2026:14:17:15 +0000] "GET /d1/628/AUTH_cb248d3efa0243e4965462e374ae45fa/gnocchi.b73fe24e-34b0-4e09-9680-be2a097c1330/none_v3" 404 70 "GET http://172.18.0.2:8080/v1/AUTH_cb248d3efa0243e4965462e374ae45fa/gnocchi.b73fe24e-34b0-4e09-9680-be2a097c1330/none_v3" "tx87cd416bfb2b4b5fbe778-00699326eb" "proxy-server 20" 0.0013 "-" 22 0
Feb 16 14:17:15 standalone proxy-server[129810]: 172.18.0.2 172.18.0.100 16/Feb/2026/14/17/15 GET /v1/AUTH_cb248d3efa0243e4965462e374ae45fa/gnocchi.b73fe24e-34b0-4e09-9680-be2a097c1330/none_v3 HTTP/1.0 404 - python-swiftclient-3.11.1 gAAAAABpkybry4aT... - 70 - tx87cd416bfb2b4b5fbe778-00699326eb - 0.4639 - - 1771251435.469293118 1771251435.933192730 0
Feb 16 14:17:15 standalone account-server[127505]: 172.20.0.100 - - [16/Feb/2026:14:17:15 +0000] "PUT /d1/633/AUTH_cb248d3efa0243e4965462e374ae45fa" 201 - "-" "tx66f1463522f9415d8433b-00699326eb" "-" 0.0168 "-" 18 -
Feb 16 14:17:15 standalone proxy-server[129810]: autocreate account '/AUTH_cb248d3efa0243e4965462e374ae45fa' (txn: tx66f1463522f9415d8433b-00699326eb)
Feb 16 14:17:15 standalone account-server[127505]: 172.20.0.100 - - [16/Feb/2026:14:17:15 +0000] "HEAD /d1/633/AUTH_cb248d3efa0243e4965462e374ae45fa" 204 - "HEAD http://172.18.0.2:8080/v1/AUTH_cb248d3efa0243e4965462e374ae45fa?format=json" "tx66f1463522f9415d8433b-00699326eb" "proxy-server 20" 0.0024 "-" 18 -
Feb 16 14:17:15 standalone account-server[127541]: 172.20.0.100 - - [16/Feb/2026:14:17:15 +0000] "PUT /d1/633/AUTH_cb248d3efa0243e4965462e374ae45fa/gnocchi.b73fe24e-34b0-4e09-9680-be2a097c1330" 201 - "PUT http://172.20.0.100:6001/d1/938/AUTH_cb248d3efa0243e4965462e374ae45fa/gnocchi.b73fe24e-34b0-4e09-9680-be2a097c1330" "tx66f1463522f9415d8433b-00699326eb" "container-server 20" 0.0026 "-" 20 0
Feb 16 14:17:15 standalone container-server[127635]: 172.20.0.100 - - [16/Feb/2026:14:17:15 +0000] "PUT /d1/938/AUTH_cb248d3efa0243e4965462e374ae45fa/gnocchi.b73fe24e-34b0-4e09-9680-be2a097c1330" 201 - "PUT http://172.18.0.2:8080/v1/AUTH_cb248d3efa0243e4965462e374ae45fa/gnocchi.b73fe24e-34b0-4e09-9680-be2a097c1330" "tx66f1463522f9415d8433b-00699326eb" "proxy-server 20" 0.0196 "-" 20 0
Feb 16 14:17:16 standalone proxy-server[129810]: 172.18.0.2 172.18.0.100 16/Feb/2026/14/17/15 PUT /v1/AUTH_cb248d3efa0243e4965462e374ae45fa/gnocchi.b73fe24e-34b0-4e09-9680-be2a097c1330 HTTP/1.0 201 - python-swiftclient-3.11.1 gAAAAABpkybry4aT... - - - tx66f1463522f9415d8433b-00699326eb - 0.0610 - - 1771251435.938392162 1771251435.999440193 0
Feb 16 14:17:16 standalone container-server[127635]: 172.20.0.100 - - [16/Feb/2026:14:17:16 +0000] "HEAD /d1/938/AUTH_cb248d3efa0243e4965462e374ae45fa/gnocchi.b73fe24e-34b0-4e09-9680-be2a097c1330" 204 - "HEAD http://172.18.0.2:8080/v1/AUTH_cb248d3efa0243e4965462e374ae45fa/gnocchi.b73fe24e-34b0-4e09-9680-be2a097c1330?format=json&states=listing" "tx5fbbe04f8b45494e906d5-00699326ec" "proxy-server 20" 0.0027 "-" 20 0
Feb 16 14:17:16 standalone proxy-server[129810]: - - 16/Feb/2026/14/17/16 HEAD /v1/AUTH_cb248d3efa0243e4965462e374ae45fa/gnocchi.b73fe24e-34b0-4e09-9680-be2a097c1330%3Fformat%3Djson%26states%3Dlisting HTTP/1.0 204 - Swift - - - - tx5fbbe04f8b45494e906d5-00699326ec - 0.0076 RL - 1771251436.007114410 1771251436.014758348 0
Feb 16 14:17:16 standalone container-server[127635]: 172.20.0.100 - - [16/Feb/2026:14:17:16 +0000] "GET /d1/938/AUTH_cb248d3efa0243e4965462e374ae45fa/gnocchi.b73fe24e-34b0-4e09-9680-be2a097c1330" 200 2 "GET http://172.18.0.2:8080/v1/AUTH_cb248d3efa0243e4965462e374ae45fa/gnocchi.b73fe24e-34b0-4e09-9680-be2a097c1330?format=json&states=listing" "tx5fbbe04f8b45494e906d5-00699326ec" "proxy-server 20" 0.0035 "-" 20 0
Feb 16 14:17:16 standalone proxy-server[129810]: 172.18.0.2 172.18.0.100 16/Feb/2026/14/17/16 GET /v1/AUTH_cb248d3efa0243e4965462e374ae45fa/gnocchi.b73fe24e-34b0-4e09-9680-be2a097c1330%3Fformat%3Djson%26states%3Dlisting HTTP/1.0 200 - python-swiftclient-3.11.1 gAAAAABpkybry4aT... - 2 - tx5fbbe04f8b45494e906d5-00699326ec - 0.0226 - - 1771251436.005487680 1771251436.028087139 0
Feb 16 14:17:16 standalone object-server[127764]: 172.20.0.100 - - [16/Feb/2026:14:17:16 +0000] "GET /d1/606/AUTH_cb248d3efa0243e4965462e374ae45fa/gnocchi.b73fe24e-34b0-4e09-9680-be2a097c1330/1771200000.0_mean_300.0_v3" 404 70 "GET http://172.18.0.2:8080/v1/AUTH_cb248d3efa0243e4965462e374ae45fa/gnocchi.b73fe24e-34b0-4e09-9680-be2a097c1330/1771200000.0_mean_300.0_v3" "txd46ee9039593459592c5c-00699326ec" "proxy-server 20" 0.0011 "-" 24 0
Feb 16 14:17:16 standalone proxy-server[129810]: 172.18.0.2 172.18.0.100 16/Feb/2026/14/17/16 GET /v1/AUTH_cb248d3efa0243e4965462e374ae45fa/gnocchi.b73fe24e-34b0-4e09-9680-be2a097c1330/1771200000.0_mean_300.0_v3 HTTP/1.0 404 - python-swiftclient-3.11.1 gAAAAABpkybry4aT... - 70 - txd46ee9039593459592c5c-00699326ec - 0.0100 - - 1771251436.035471678 1771251436.045511007 0
Feb 16 14:17:16 standalone container-server[127659]: 172.20.0.100 - - [16/Feb/2026:14:17:16 +0000] "PUT /d1/938/AUTH_cb248d3efa0243e4965462e374ae45fa/gnocchi.b73fe24e-34b0-4e09-9680-be2a097c1330/1771200000.0_mean_300.0_v3" 201 - "PUT http://172.18.0.2:8080/d1/606/AUTH_cb248d3efa0243e4965462e374ae45fa/gnocchi.b73fe24e-34b0-4e09-9680-be2a097c1330/1771200000.0_mean_300.0_v3" "tx4c88c17c5673413996f64-00699326ec" "object-server 23" 0.0017 "-" 23 0
Feb 16 14:17:16 standalone object-server[127761]: 172.20.0.100 - - [16/Feb/2026:14:17:16 +0000] "PUT /d1/606/AUTH_cb248d3efa0243e4965462e374ae45fa/gnocchi.b73fe24e-34b0-4e09-9680-be2a097c1330/1771200000.0_mean_300.0_v3" 201 - "PUT http://172.18.0.2:8080/v1/AUTH_cb248d3efa0243e4965462e374ae45fa/gnocchi.b73fe24e-34b0-4e09-9680-be2a097c1330/1771200000.0_mean_300.0_v3" "tx4c88c17c5673413996f64-00699326ec" "proxy-server 20" 0.0364 "-" 23 0
Feb 16 14:17:16 standalone proxy-server[129810]: 172.18.0.2 172.18.0.100 16/Feb/2026/14/17/16 PUT /v1/AUTH_cb248d3efa0243e4965462e374ae45fa/gnocchi.b73fe24e-34b0-4e09-9680-be2a097c1330/1771200000.0_mean_300.0_v3 HTTP/1.0 201 - python-swiftclient-3.11.1 gAAAAABpkybry4aT... 16 - - tx4c88c17c5673413996f64-00699326ec - 0.0465 - - 1771251436.050366879 1771251436.096845627 0
Feb 16 14:17:16 standalone container-server[127635]: 172.20.0.100 - - [16/Feb/2026:14:17:16 +0000] "PUT /d1/938/AUTH_cb248d3efa0243e4965462e374ae45fa/gnocchi.b73fe24e-34b0-4e09-9680-be2a097c1330/none_v3" 201 - "PUT http://172.18.0.2:8080/d1/628/AUTH_cb248d3efa0243e4965462e374ae45fa/gnocchi.b73fe24e-34b0-4e09-9680-be2a097c1330/none_v3" "tx63f977d31a4349c7ae6aa-00699326ec" "object-server 23" 0.0009 "-" 20 0
Feb 16 14:17:16 standalone object-server[127761]: 172.20.0.100 - - [16/Feb/2026:14:17:16 +0000] "PUT /d1/628/AUTH_cb248d3efa0243e4965462e374ae45fa/gnocchi.b73fe24e-34b0-4e09-9680-be2a097c1330/none_v3" 201 - "PUT http://172.18.0.2:8080/v1/AUTH_cb248d3efa0243e4965462e374ae45fa/gnocchi.b73fe24e-34b0-4e09-9680-be2a097c1330/none_v3" "tx63f977d31a4349c7ae6aa-00699326ec" "proxy-server 20" 0.0122 "-" 23 0
Feb 16 14:17:16 standalone proxy-server[129810]: 172.18.0.2 172.18.0.100 16/Feb/2026/14/17/16 PUT /v1/AUTH_cb248d3efa0243e4965462e374ae45fa/gnocchi.b73fe24e-34b0-4e09-9680-be2a097c1330/none_v3 HTTP/1.0 201 - python-swiftclient-3.11.1 gAAAAABpkybry4aT... 22 - - tx63f977d31a4349c7ae6aa-00699326ec - 0.0202 - - 1771251436.101603508 1771251436.121806145 0
Feb 16 14:17:44 standalone object-server[127761]: 172.20.0.100 - - [16/Feb/2026:14:17:44 +0000] "GET /d1/628/AUTH_cb248d3efa0243e4965462e374ae45fa/gnocchi.b73fe24e-34b0-4e09-9680-be2a097c1330/none_v3" 200 22 "GET http://172.18.0.2:8080/v1/AUTH_cb248d3efa0243e4965462e374ae45fa/gnocchi.b73fe24e-34b0-4e09-9680-be2a097c1330/none_v3" "txce42a0c582e440a2a7ae7-0069932708" "proxy-server 20" 0.0016 "-" 23 0
Feb 16 14:17:44 standalone proxy-server[129810]: 172.18.0.2 172.18.0.100 16/Feb/2026/14/17/44 GET /v1/AUTH_cb248d3efa0243e4965462e374ae45fa/gnocchi.b73fe24e-34b0-4e09-9680-be2a097c1330/none_v3 HTTP/1.0 200 - python-swiftclient-3.11.1 gAAAAABpkybry4aT... - 22 - txce42a0c582e440a2a7ae7-0069932708 - 0.0137 - - 1771251464.867778063 1771251464.881504536 0
Feb 16 14:17:44 standalone container-server[127639]: 172.20.0.100 - - [16/Feb/2026:14:17:44 +0000] "GET /d1/938/AUTH_cb248d3efa0243e4965462e374ae45fa/gnocchi.b73fe24e-34b0-4e09-9680-be2a097c1330" 200 357 "GET http://172.18.0.2:8080/v1/AUTH_cb248d3efa0243e4965462e374ae45fa/gnocchi.b73fe24e-34b0-4e09-9680-be2a097c1330?format=json&states=listing" "txe7611ed7b3a7459686825-0069932708" "proxy-server 20" 0.0150 "-" 21 0
Feb 16 14:17:44 standalone proxy-server[129810]: 172.18.0.2 172.18.0.100 16/Feb/2026/14/17/44 GET /v1/AUTH_cb248d3efa0243e4965462e374ae45fa/gnocchi.b73fe24e-34b0-4e09-9680-be2a097c1330%3Fformat%3Djson%26states%3Dlisting HTTP/1.0 200 - python-swiftclient-3.11.1 gAAAAABpkybry4aT... - 357 - txe7611ed7b3a7459686825-0069932708 - 0.0242 - - 1771251464.886171579 1771251464.910337687 0
Feb 16 14:17:44 standalone container-server[127653]: 172.20.0.100 - - [16/Feb/2026:14:17:44 +0000] "GET /d1/938/AUTH_cb248d3efa0243e4965462e374ae45fa/gnocchi.b73fe24e-34b0-4e09-9680-be2a097c1330" 200 2 "GET http://172.18.0.2:8080/v1/AUTH_cb248d3efa0243e4965462e374ae45fa/gnocchi.b73fe24e-34b0-4e09-9680-be2a097c1330?format=json&marker=none_v3&states=listing" "tx8e30cbd299b743d8b1077-0069932708" "proxy-server 20" 0.0062 "-" 22 0
Feb 16 14:17:44 standalone proxy-server[129810]: 172.18.0.2 172.18.0.100 16/Feb/2026/14/17/44 GET /v1/AUTH_cb248d3efa0243e4965462e374ae45fa/gnocchi.b73fe24e-34b0-4e09-9680-be2a097c1330%3Fformat%3Djson%26marker%3Dnone_v3%26states%3Dlisting HTTP/1.0 200 - python-swiftclient-3.11.1 gAAAAABpkybry4aT... - 2 - tx8e30cbd299b743d8b1077-0069932708 - 0.0147 - - 1771251464.913964510 1771251464.928678751 0
Feb 16 14:17:44 standalone object-server[127760]: 172.20.0.100 - - [16/Feb/2026:14:17:44 +0000] "GET /d1/606/AUTH_cb248d3efa0243e4965462e374ae45fa/gnocchi.b73fe24e-34b0-4e09-9680-be2a097c1330/1771200000.0_mean_300.0_v3" 200 16 "GET http://172.18.0.2:8080/v1/AUTH_cb248d3efa0243e4965462e374ae45fa/gnocchi.b73fe24e-34b0-4e09-9680-be2a097c1330/1771200000.0_mean_300.0_v3" "tx06bcf582a5764400a7f00-0069932708" "proxy-server 20" 0.0014 "-" 22 0
Feb 16 14:17:44 standalone proxy-server[129810]: 172.18.0.2 172.18.0.100 16/Feb/2026/14/17/44 GET /v1/AUTH_cb248d3efa0243e4965462e374ae45fa/gnocchi.b73fe24e-34b0-4e09-9680-be2a097c1330/1771200000.0_mean_300.0_v3 HTTP/1.0 200 - python-swiftclient-3.11.1 gAAAAABpkybry4aT... - 16 - tx06bcf582a5764400a7f00-0069932708 - 0.0212 - - 1771251464.932420015 1771251464.953644514 0
Feb 16 14:17:44 standalone container-server[127639]: 172.20.0.100 - - [16/Feb/2026:14:17:44 +0000] "PUT /d1/938/AUTH_cb248d3efa0243e4965462e374ae45fa/gnocchi.b73fe24e-34b0-4e09-9680-be2a097c1330/1771200000.0_mean_300.0_v3" 201 - "PUT http://172.18.0.2:8080/d1/606/AUTH_cb248d3efa0243e4965462e374ae45fa/gnocchi.b73fe24e-34b0-4e09-9680-be2a097c1330/1771200000.0_mean_300.0_v3" "tx6eed77a80e9c43bd9686e-0069932708" "object-server 23" 0.0007 "-" 21 0
Feb 16 14:17:44 standalone object-server[127761]: 172.20.0.100 - - [16/Feb/2026:14:17:44 +0000] "PUT /d1/606/AUTH_cb248d3efa0243e4965462e374ae45fa/gnocchi.b73fe24e-34b0-4e09-9680-be2a097c1330/1771200000.0_mean_300.0_v3" 201 - "PUT http://172.18.0.2:8080/v1/AUTH_cb248d3efa0243e4965462e374ae45fa/gnocchi.b73fe24e-34b0-4e09-9680-be2a097c1330/1771200000.0_mean_300.0_v3" "tx6eed77a80e9c43bd9686e-0069932708" "proxy-server 20" 0.0107 "-" 23 0
Feb 16 14:17:44 standalone proxy-server[129810]: 172.18.0.2 172.18.0.100 16/Feb/2026/14/17/44 PUT /v1/AUTH_cb248d3efa0243e4965462e374ae45fa/gnocchi.b73fe24e-34b0-4e09-9680-be2a097c1330/1771200000.0_mean_300.0_v3 HTTP/1.0 201 - python-swiftclient-3.11.1 gAAAAABpkybry4aT... 16 - - tx6eed77a80e9c43bd9686e-0069932708 - 0.0195 - - 1771251464.960986137 1771251464.980437756 0
Feb 16 14:17:45 standalone container-server[127635]: 172.20.0.100 - - [16/Feb/2026:14:17:45 +0000] "PUT /d1/938/AUTH_cb248d3efa0243e4965462e374ae45fa/gnocchi.b73fe24e-34b0-4e09-9680-be2a097c1330/none_v3" 201 - "PUT http://172.18.0.2:8080/d1/628/AUTH_cb248d3efa0243e4965462e374ae45fa/gnocchi.b73fe24e-34b0-4e09-9680-be2a097c1330/none_v3" "tx6aa344849ffe490e85ce1-0069932708" "object-server 25" 0.0005 "-" 20 0
Feb 16 14:17:45 standalone object-server[127765]: 172.20.0.100 - - [16/Feb/2026:14:17:45 +0000] "PUT /d1/628/AUTH_cb248d3efa0243e4965462e374ae45fa/gnocchi.b73fe24e-34b0-4e09-9680-be2a097c1330/none_v3" 201 - "PUT http://172.18.0.2:8080/v1/AUTH_cb248d3efa0243e4965462e374ae45fa/gnocchi.b73fe24e-34b0-4e09-9680-be2a097c1330/none_v3" "tx6aa344849ffe490e85ce1-0069932708" "proxy-server 20" 0.0363 "-" 25 0
Feb 16 14:17:45 standalone proxy-server[129810]: 172.18.0.2 172.18.0.100 16/Feb/2026/14/17/45 PUT /v1/AUTH_cb248d3efa0243e4965462e374ae45fa/gnocchi.b73fe24e-34b0-4e09-9680-be2a097c1330/none_v3 HTTP/1.0 201 - python-swiftclient-3.11.1 gAAAAABpkybry4aT... 32 - - tx6aa344849ffe490e85ce1-0069932708 - 0.0454 - - 1771251464.983742714 1771251465.029175997 0
Feb 16 14:18:15 standalone container-server[127653]: 172.20.0.100 - - [16/Feb/2026:14:18:15 +0000] "HEAD /d1/109/AUTH_cb248d3efa0243e4965462e374ae45fa/gnocchi.6448d881-f37b-4697-9063-2ae5399dd237" 404 - "HEAD http://172.18.0.2:8080/v1/AUTH_cb248d3efa0243e4965462e374ae45fa/gnocchi.6448d881-f37b-4697-9063-2ae5399dd237?format=json&states=listing" "tx59b21297bc9a45858ff74-0069932727" "proxy-server 20" 0.0006 "-" 22 0
Feb 16 14:18:15 standalone object-server[127761]: 172.20.0.100 - - [16/Feb/2026:14:18:15 +0000] "GET /d1/546/AUTH_cb248d3efa0243e4965462e374ae45fa/gnocchi.6448d881-f37b-4697-9063-2ae5399dd237/none_v3" 404 70 "GET http://172.18.0.2:8080/v1/AUTH_cb248d3efa0243e4965462e374ae45fa/gnocchi.6448d881-f37b-4697-9063-2ae5399dd237/none_v3" "tx59b21297bc9a45858ff74-0069932727" "proxy-server 20" 0.0004 "-" 23 0
Feb 16 14:18:15 standalone proxy-server[129810]: 172.18.0.2 172.18.0.100 16/Feb/2026/14/18/15 GET /v1/AUTH_cb248d3efa0243e4965462e374ae45fa/gnocchi.6448d881-f37b-4697-9063-2ae5399dd237/none_v3 HTTP/1.0 404 - python-swiftclient-3.11.1 gAAAAABpkybry4aT... - 70 - tx59b21297bc9a45858ff74-0069932727 - 0.0143 - - 1771251495.639052391 1771251495.653358698 0
Feb 16 14:18:15 standalone account-server[127518]: 172.20.0.100 - - [16/Feb/2026:14:18:15 +0000] "PUT /d1/633/AUTH_cb248d3efa0243e4965462e374ae45fa/gnocchi.6448d881-f37b-4697-9063-2ae5399dd237" 201 - "PUT http://172.20.0.100:6001/d1/109/AUTH_cb248d3efa0243e4965462e374ae45fa/gnocchi.6448d881-f37b-4697-9063-2ae5399dd237" "tx9428d5502b7846188b526-0069932727" "container-server 21" 0.0050 "-" 19 0
Feb 16 14:18:15 standalone container-server[127639]: 172.20.0.100 - - [16/Feb/2026:14:18:15 +0000] "PUT /d1/109/AUTH_cb248d3efa0243e4965462e374ae45fa/gnocchi.6448d881-f37b-4697-9063-2ae5399dd237" 201 - "PUT http://172.18.0.2:8080/v1/AUTH_cb248d3efa0243e4965462e374ae45fa/gnocchi.6448d881-f37b-4697-9063-2ae5399dd237" "tx9428d5502b7846188b526-0069932727" "proxy-server 20" 0.0157 "-" 21 0
Feb 16 14:18:15 standalone proxy-server[129810]: 172.18.0.2 172.18.0.100 16/Feb/2026/14/18/15 PUT /v1/AUTH_cb248d3efa0243e4965462e374ae45fa/gnocchi.6448d881-f37b-4697-9063-2ae5399dd237 HTTP/1.0 201 - python-swiftclient-3.11.1 gAAAAABpkybry4aT... - - - tx9428d5502b7846188b526-0069932727 - 0.0222 - - 1771251495.657519579 1771251495.679684877 0
Feb 16 14:18:15 standalone container-server[127639]: 172.20.0.100 - - [16/Feb/2026:14:18:15 +0000] "HEAD /d1/109/AUTH_cb248d3efa0243e4965462e374ae45fa/gnocchi.6448d881-f37b-4697-9063-2ae5399dd237" 204 - "HEAD http://172.18.0.2:8080/v1/AUTH_cb248d3efa0243e4965462e374ae45fa/gnocchi.6448d881-f37b-4697-9063-2ae5399dd237?format=json&states=listing" "tx6d2ee9b3d7e24765b700c-0069932727" "proxy-server 20" 0.0011 "-" 21 0
Feb 16 14:18:15 standalone proxy-server[129810]: - - 16/Feb/2026/14/18/15 HEAD /v1/AUTH_cb248d3efa0243e4965462e374ae45fa/gnocchi.6448d881-f37b-4697-9063-2ae5399dd237%3Fformat%3Djson%26states%3Dlisting HTTP/1.0 204 - Swift - - - - tx6d2ee9b3d7e24765b700c-0069932727 - 0.0049 RL - 1771251495.684804916 1771251495.689660788 0
Feb 16 14:18:15 standalone container-server[127639]: 172.20.0.100 - - [16/Feb/2026:14:18:15 +0000] "GET /d1/109/AUTH_cb248d3efa0243e4965462e374ae45fa/gnocchi.6448d881-f37b-4697-9063-2ae5399dd237" 200 2 "GET http://172.18.0.2:8080/v1/AUTH_cb248d3efa0243e4965462e374ae45fa/gnocchi.6448d881-f37b-4697-9063-2ae5399dd237?format=json&states=listing" "tx6d2ee9b3d7e24765b700c-0069932727" "proxy-server 20" 0.0015 "-" 21 0
Feb 16 14:18:15 standalone proxy-server[129810]: 172.18.0.2 172.18.0.100 16/Feb/2026/14/18/15 GET /v1/AUTH_cb248d3efa0243e4965462e374ae45fa/gnocchi.6448d881-f37b-4697-9063-2ae5399dd237%3Fformat%3Djson%26states%3Dlisting HTTP/1.0 200 - python-swiftclient-3.11.1 gAAAAABpkybry4aT... - 2 - tx6d2ee9b3d7e24765b700c-0069932727 - 0.0187 - - 1771251495.683366537 1771251495.702080011 0
Feb 16 14:18:15 standalone object-server[127760]: 172.20.0.100 - - [16/Feb/2026:14:18:15 +0000] "GET /d1/669/AUTH_cb248d3efa0243e4965462e374ae45fa/gnocchi.6448d881-f37b-4697-9063-2ae5399dd237/1771200000.0_mean_300.0_v3" 404 70 "GET http://172.18.0.2:8080/v1/AUTH_cb248d3efa0243e4965462e374ae45fa/gnocchi.6448d881-f37b-4697-9063-2ae5399dd237/1771200000.0_mean_300.0_v3" "txbc910595980942699eec5-0069932727" "proxy-server 20" 0.0004 "-" 22 0
Feb 16 14:18:15 standalone proxy-server[129810]: 172.18.0.2 172.18.0.100 16/Feb/2026/14/18/15 GET /v1/AUTH_cb248d3efa0243e4965462e374ae45fa/gnocchi.6448d881-f37b-4697-9063-2ae5399dd237/1771200000.0_mean_300.0_v3 HTTP/1.0 404 - python-swiftclient-3.11.1 gAAAAABpkybry4aT... - 70 - txbc910595980942699eec5-0069932727 - 0.0075 - - 1771251495.706282854 1771251495.713754177 0
Feb 16 14:18:15 standalone container-server[127635]: 172.20.0.100 - - [16/Feb/2026:14:18:15 +0000] "PUT /d1/109/AUTH_cb248d3efa0243e4965462e374ae45fa/gnocchi.6448d881-f37b-4697-9063-2ae5399dd237/1771200000.0_mean_300.0_v3" 201 - "PUT http://172.18.0.2:8080/d1/669/AUTH_cb248d3efa0243e4965462e374ae45fa/gnocchi.6448d881-f37b-4697-9063-2ae5399dd237/1771200000.0_mean_300.0_v3" "tx2483fc5a7f4e4c4888af2-0069932727" "object-server 23" 0.0007 "-" 20 0
Feb 16 14:18:15 standalone object-server[127761]: 172.20.0.100 - - [16/Feb/2026:14:18:15 +0000] "PUT /d1/669/AUTH_cb248d3efa0243e4965462e374ae45fa/gnocchi.6448d881-f37b-4697-9063-2ae5399dd237/1771200000.0_mean_300.0_v3" 201 - "PUT http://172.18.0.2:8080/v1/AUTH_cb248d3efa0243e4965462e374ae45fa/gnocchi.6448d881-f37b-4697-9063-2ae5399dd237/1771200000.0_mean_300.0_v3" "tx2483fc5a7f4e4c4888af2-0069932727" "proxy-server 20" 0.0082 "-" 23 0
Feb 16 14:18:15 standalone proxy-server[129810]: 172.18.0.2 172.18.0.100 16/Feb/2026/14/18/15 PUT /v1/AUTH_cb248d3efa0243e4965462e374ae45fa/gnocchi.6448d881-f37b-4697-9063-2ae5399dd237/1771200000.0_mean_300.0_v3 HTTP/1.0 201 - python-swiftclient-3.11.1 gAAAAABpkybry4aT... 16 - - tx2483fc5a7f4e4c4888af2-0069932727 - 0.0157 - - 1771251495.717967272 1771251495.733651161 0
Feb 16 14:18:15 standalone container-server[127659]: 172.20.0.100 - - [16/Feb/2026:14:18:15 +0000] "PUT /d1/109/AUTH_cb248d3efa0243e4965462e374ae45fa/gnocchi.6448d881-f37b-4697-9063-2ae5399dd237/none_v3" 201 - "PUT http://172.18.0.2:8080/d1/546/AUTH_cb248d3efa0243e4965462e374ae45fa/gnocchi.6448d881-f37b-4697-9063-2ae5399dd237/none_v3" "tx794c51e9d8ce4ff2a689f-0069932727" "object-server 22" 0.0008 "-" 23 0
Feb 16 14:18:15 standalone object-server[127760]: 172.20.0.100 - - [16/Feb/2026:14:18:15 +0000] "PUT /d1/546/AUTH_cb248d3efa0243e4965462e374ae45fa/gnocchi.6448d881-f37b-4697-9063-2ae5399dd237/none_v3" 201 - "PUT http://172.18.0.2:8080/v1/AUTH_cb248d3efa0243e4965462e374ae45fa/gnocchi.6448d881-f37b-4697-9063-2ae5399dd237/none_v3" "tx794c51e9d8ce4ff2a689f-0069932727" "proxy-server 20" 0.0207 "-" 22 0
Feb 16 14:18:15 standalone proxy-server[129810]: 172.18.0.2 172.18.0.100 16/Feb/2026/14/18/15 PUT /v1/AUTH_cb248d3efa0243e4965462e374ae45fa/gnocchi.6448d881-f37b-4697-9063-2ae5399dd237/none_v3 HTTP/1.0 201 - python-swiftclient-3.11.1 gAAAAABpkybry4aT... 22 - - tx794c51e9d8ce4ff2a689f-0069932727 - 0.0259 - - 1771251495.736527205 1771251495.762467623 0
Feb 16 14:18:15 standalone container-server[127653]: 172.20.0.100 - - [16/Feb/2026:14:18:15 +0000] "HEAD /d1/9/AUTH_cb248d3efa0243e4965462e374ae45fa/gnocchi.d977fbd7-35a8-41da-96b9-c30d0e6e4e1a" 404 - "HEAD http://172.18.0.2:8080/v1/AUTH_cb248d3efa0243e4965462e374ae45fa/gnocchi.d977fbd7-35a8-41da-96b9-c30d0e6e4e1a?format=json&states=listing" "tx0e427da63e5c4e54a3668-0069932727" "proxy-server 20" 0.0006 "-" 22 0
Feb 16 14:18:15 standalone object-server[127765]: 172.20.0.100 - - [16/Feb/2026:14:18:15 +0000] "GET /d1/753/AUTH_cb248d3efa0243e4965462e374ae45fa/gnocchi.d977fbd7-35a8-41da-96b9-c30d0e6e4e1a/none_v3" 404 70 "GET http://172.18.0.2:8080/v1/AUTH_cb248d3efa0243e4965462e374ae45fa/gnocchi.d977fbd7-35a8-41da-96b9-c30d0e6e4e1a/none_v3" "tx0e427da63e5c4e54a3668-0069932727" "proxy-server 20" 0.0005 "-" 25 0
Feb 16 14:18:15 standalone proxy-server[129810]: 172.18.0.2 172.18.0.100 16/Feb/2026/14/18/15 GET /v1/AUTH_cb248d3efa0243e4965462e374ae45fa/gnocchi.d977fbd7-35a8-41da-96b9-c30d0e6e4e1a/none_v3 HTTP/1.0 404 - python-swiftclient-3.11.1 gAAAAABpkybry4aT... - 70 - tx0e427da63e5c4e54a3668-0069932727 - 0.0103 - - 1771251495.772494316 1771251495.782768726 0
Feb 16 14:18:15 standalone account-server[127505]: 172.20.0.100 - - [16/Feb/2026:14:18:15 +0000] "PUT /d1/633/AUTH_cb248d3efa0243e4965462e374ae45fa/gnocchi.d977fbd7-35a8-41da-96b9-c30d0e6e4e1a" 201 - "PUT http://172.20.0.100:6001/d1/9/AUTH_cb248d3efa0243e4965462e374ae45fa/gnocchi.d977fbd7-35a8-41da-96b9-c30d0e6e4e1a" "txe5b35f68db20410dac6cd-0069932727" "container-server 22" 0.0049 "-" 18 0
Feb 16 14:18:15 standalone container-server[127653]: 172.20.0.100 - - [16/Feb/2026:14:18:15 +0000] "PUT /d1/9/AUTH_cb248d3efa0243e4965462e374ae45fa/gnocchi.d977fbd7-35a8-41da-96b9-c30d0e6e4e1a" 201 - "PUT http://172.18.0.2:8080/v1/AUTH_cb248d3efa0243e4965462e374ae45fa/gnocchi.d977fbd7-35a8-41da-96b9-c30d0e6e4e1a" "txe5b35f68db20410dac6cd-0069932727" "proxy-server 20" 0.0180 "-" 22 0
Feb 16 14:18:15 standalone proxy-server[129810]: 172.18.0.2 172.18.0.100 16/Feb/2026/14/18/15 PUT /v1/AUTH_cb248d3efa0243e4965462e374ae45fa/gnocchi.d977fbd7-35a8-41da-96b9-c30d0e6e4e1a HTTP/1.0 201 - python-swiftclient-3.11.1 gAAAAABpkybry4aT... - - - txe5b35f68db20410dac6cd-0069932727 - 0.0225 - - 1771251495.785426378 1771251495.807878494 0
Feb 16 14:18:15 standalone container-server[127653]: 172.20.0.100 - - [16/Feb/2026:14:18:15 +0000] "HEAD /d1/9/AUTH_cb248d3efa0243e4965462e374ae45fa/gnocchi.d977fbd7-35a8-41da-96b9-c30d0e6e4e1a" 204 - "HEAD http://172.18.0.2:8080/v1/AUTH_cb248d3efa0243e4965462e374ae45fa/gnocchi.d977fbd7-35a8-41da-96b9-c30d0e6e4e1a?format=json&states=listing" "tx6e9fe57052e3422a8670e-0069932727" "proxy-server 20" 0.0019 "-" 22 0
Feb 16 14:18:15 standalone proxy-server[129810]: - - 16/Feb/2026/14/18/15 HEAD /v1/AUTH_cb248d3efa0243e4965462e374ae45fa/gnocchi.d977fbd7-35a8-41da-96b9-c30d0e6e4e1a%3Fformat%3Djson%26states%3Dlisting HTTP/1.0 204 - Swift - - - - tx6e9fe57052e3422a8670e-0069932727 - 0.0072 RL - 1771251495.812249422 1771251495.819494486 0
Feb 16 14:18:15 standalone container-server[127639]: 172.20.0.100 - - [16/Feb/2026:14:18:15 +0000] "GET /d1/9/AUTH_cb248d3efa0243e4965462e374ae45fa/gnocchi.d977fbd7-35a8-41da-96b9-c30d0e6e4e1a" 200 2 "GET http://172.18.0.2:8080/v1/AUTH_cb248d3efa0243e4965462e374ae45fa/gnocchi.d977fbd7-35a8-41da-96b9-c30d0e6e4e1a?format=json&states=listing" "tx6e9fe57052e3422a8670e-0069932727" "proxy-server 20" 0.0052 "-" 21 0
Feb 16 14:18:15 standalone proxy-server[129810]: 172.18.0.2 172.18.0.100 16/Feb/2026/14/18/15 GET /v1/AUTH_cb248d3efa0243e4965462e374ae45fa/gnocchi.d977fbd7-35a8-41da-96b9-c30d0e6e4e1a%3Fformat%3Djson%26states%3Dlisting HTTP/1.0 200 - python-swiftclient-3.11.1 gAAAAABpkybry4aT... - 2 - tx6e9fe57052e3422a8670e-0069932727 - 0.0197 - - 1771251495.811140537 1771251495.830871582 0
Feb 16 14:18:15 standalone object-server[127765]: 172.20.0.100 - - [16/Feb/2026:14:18:15 +0000] "GET /d1/80/AUTH_cb248d3efa0243e4965462e374ae45fa/gnocchi.d977fbd7-35a8-41da-96b9-c30d0e6e4e1a/1771200000.0_mean_300.0_v3" 404 70 "GET http://172.18.0.2:8080/v1/AUTH_cb248d3efa0243e4965462e374ae45fa/gnocchi.d977fbd7-35a8-41da-96b9-c30d0e6e4e1a/1771200000.0_mean_300.0_v3" "txfc6a4ed7c3a3427c9c7ce-0069932727" "proxy-server 20" 0.0005 "-" 25 0
Feb 16 14:18:15 standalone proxy-server[129810]: 172.18.0.2 172.18.0.100 16/Feb/2026/14/18/15 GET /v1/AUTH_cb248d3efa0243e4965462e374ae45fa/gnocchi.d977fbd7-35a8-41da-96b9-c30d0e6e4e1a/1771200000.0_mean_300.0_v3 HTTP/1.0 404 - python-swiftclient-3.11.1 gAAAAABpkybry4aT... - 70 - txfc6a4ed7c3a3427c9c7ce-0069932727 - 0.0056 - - 1771251495.834444523 1771251495.840017319 0
Feb 16 14:18:15 standalone container-server[127659]: 172.20.0.100 - - [16/Feb/2026:14:18:15 +0000] "PUT /d1/9/AUTH_cb248d3efa0243e4965462e374ae45fa/gnocchi.d977fbd7-35a8-41da-96b9-c30d0e6e4e1a/1771200000.0_mean_300.0_v3" 201 - "PUT http://172.18.0.2:8080/d1/80/AUTH_cb248d3efa0243e4965462e374ae45fa/gnocchi.d977fbd7-35a8-41da-96b9-c30d0e6e4e1a/1771200000.0_mean_300.0_v3" "tx3542112131b04ede94519-0069932727" "object-server 24" 0.0019 "-" 23 0
Feb 16 14:18:15 standalone object-server[127764]: 172.20.0.100 - - [16/Feb/2026:14:18:15 +0000] "PUT /d1/80/AUTH_cb248d3efa0243e4965462e374ae45fa/gnocchi.d977fbd7-35a8-41da-96b9-c30d0e6e4e1a/1771200000.0_mean_300.0_v3" 201 - "PUT http://172.18.0.2:8080/v1/AUTH_cb248d3efa0243e4965462e374ae45fa/gnocchi.d977fbd7-35a8-41da-96b9-c30d0e6e4e1a/1771200000.0_mean_300.0_v3" "tx3542112131b04ede94519-0069932727" "proxy-server 20" 0.0321 "-" 24 0
Feb 16 14:18:15 standalone proxy-server[129810]: 172.18.0.2 172.18.0.100 16/Feb/2026/14/18/15 PUT /v1/AUTH_cb248d3efa0243e4965462e374ae45fa/gnocchi.d977fbd7-35a8-41da-96b9-c30d0e6e4e1a/1771200000.0_mean_300.0_v3 HTTP/1.0 201 - python-swiftclient-3.11.1 gAAAAABpkybry4aT... 16 - - tx3542112131b04ede94519-0069932727 - 0.0375 - - 1771251495.843661308 1771251495.881167173 0
Feb 16 14:18:15 standalone container-server[127653]: 172.20.0.100 - - [16/Feb/2026:14:18:15 +0000] "PUT /d1/9/AUTH_cb248d3efa0243e4965462e374ae45fa/gnocchi.d977fbd7-35a8-41da-96b9-c30d0e6e4e1a/none_v3" 201 - "PUT http://172.18.0.2:8080/d1/753/AUTH_cb248d3efa0243e4965462e374ae45fa/gnocchi.d977fbd7-35a8-41da-96b9-c30d0e6e4e1a/none_v3" "tx8230411f7fc6478dad586-0069932727" "object-server 25" 0.0018 "-" 22 0
Feb 16 14:18:15 standalone object-server[127765]: 172.20.0.100 - - [16/Feb/2026:14:18:15 +0000] "PUT /d1/753/AUTH_cb248d3efa0243e4965462e374ae45fa/gnocchi.d977fbd7-35a8-41da-96b9-c30d0e6e4e1a/none_v3" 201 - "PUT http://172.18.0.2:8080/v1/AUTH_cb248d3efa0243e4965462e374ae45fa/gnocchi.d977fbd7-35a8-41da-96b9-c30d0e6e4e1a/none_v3" "tx8230411f7fc6478dad586-0069932727" "proxy-server 20" 0.0140 "-" 25 0
Feb 16 14:18:15 standalone proxy-server[129810]: 172.18.0.2 172.18.0.100 16/Feb/2026/14/18/15 PUT /v1/AUTH_cb248d3efa0243e4965462e374ae45fa/gnocchi.d977fbd7-35a8-41da-96b9-c30d0e6e4e1a/none_v3 HTTP/1.0 201 - python-swiftclient-3.11.1 gAAAAABpkybry4aT... 22 - - tx8230411f7fc6478dad586-0069932727 - 0.0197 - - 1771251495.884625435 1771251495.904348612 0
Feb 16 14:18:23 standalone account-server[127541]: 172.20.0.100 - - [16/Feb/2026:14:18:23 +0000] "HEAD /d1/633/AUTH_cb248d3efa0243e4965462e374ae45fa" 204 - "HEAD http://172.18.0.2:8080/v1/AUTH_cb248d3efa0243e4965462e374ae45fa?format=json" "txb499a718826e4774a91d8-006993272f" "proxy-server 20" 0.0050 "-" 20 -
Feb 16 14:18:23 standalone proxy-server[129810]: - - 16/Feb/2026/14/18/23 HEAD /v1/AUTH_cb248d3efa0243e4965462e374ae45fa%3Fformat%3Djson HTTP/1.0 204 - Swift - - - - txb499a718826e4774a91d8-006993272f - 0.0111 RL - 1771251503.462922812 1771251503.474004507 -
Feb 16 14:18:23 standalone container-server[127653]: 172.20.0.100 - - [16/Feb/2026:14:18:23 +0000] "HEAD /d1/701/AUTH_cb248d3efa0243e4965462e374ae45fa/gnocchi.85fe3df0-0385-4d56-b8b6-1ba574b43e64" 404 - "HEAD http://172.18.0.2:8080/v1/AUTH_cb248d3efa0243e4965462e374ae45fa/gnocchi.85fe3df0-0385-4d56-b8b6-1ba574b43e64?format=json&states=listing" "txb499a718826e4774a91d8-006993272f" "proxy-server 20" 0.0008 "-" 22 0
Feb 16 14:18:23 standalone object-server[127761]: 172.20.0.100 - - [16/Feb/2026:14:18:23 +0000] "GET /d1/114/AUTH_cb248d3efa0243e4965462e374ae45fa/gnocchi.85fe3df0-0385-4d56-b8b6-1ba574b43e64/none_v3" 404 70 "GET http://172.18.0.2:8080/v1/AUTH_cb248d3efa0243e4965462e374ae45fa/gnocchi.85fe3df0-0385-4d56-b8b6-1ba574b43e64/none_v3" "txb499a718826e4774a91d8-006993272f" "proxy-server 20" 0.0005 "-" 23 0
Feb 16 14:18:23 standalone proxy-server[129810]: 172.18.0.2 172.18.0.100 16/Feb/2026/14/18/23 GET /v1/AUTH_cb248d3efa0243e4965462e374ae45fa/gnocchi.85fe3df0-0385-4d56-b8b6-1ba574b43e64/none_v3 HTTP/1.0 404 - python-swiftclient-3.11.1 gAAAAABpkybry4aT... - 70 - txb499a718826e4774a91d8-006993272f - 0.0304 - - 1771251503.461172342 1771251503.491566896 0
Feb 16 14:18:23 standalone account-server[127492]: 172.20.0.100 - - [16/Feb/2026:14:18:23 +0000] "PUT /d1/633/AUTH_cb248d3efa0243e4965462e374ae45fa/gnocchi.85fe3df0-0385-4d56-b8b6-1ba574b43e64" 201 - "PUT http://172.20.0.100:6001/d1/701/AUTH_cb248d3efa0243e4965462e374ae45fa/gnocchi.85fe3df0-0385-4d56-b8b6-1ba574b43e64" "txf5343ee6979f480390582-006993272f" "container-server 21" 0.0028 "-" 14 0
Feb 16 14:18:23 standalone container-server[127639]: 172.20.0.100 - - [16/Feb/2026:14:18:23 +0000] "PUT /d1/701/AUTH_cb248d3efa0243e4965462e374ae45fa/gnocchi.85fe3df0-0385-4d56-b8b6-1ba574b43e64" 201 - "PUT http://172.18.0.2:8080/v1/AUTH_cb248d3efa0243e4965462e374ae45fa/gnocchi.85fe3df0-0385-4d56-b8b6-1ba574b43e64" "txf5343ee6979f480390582-006993272f" "proxy-server 20" 0.0147 "-" 21 0
Feb 16 14:18:23 standalone proxy-server[129810]: 172.18.0.2 172.18.0.100 16/Feb/2026/14/18/23 PUT /v1/AUTH_cb248d3efa0243e4965462e374ae45fa/gnocchi.85fe3df0-0385-4d56-b8b6-1ba574b43e64 HTTP/1.0 201 - python-swiftclient-3.11.1 gAAAAABpkybry4aT... - - - txf5343ee6979f480390582-006993272f - 0.0237 - - 1771251503.498089075 1771251503.521744728 0
Feb 16 14:18:23 standalone container-server[127653]: 172.20.0.100 - - [16/Feb/2026:14:18:23 +0000] "HEAD /d1/701/AUTH_cb248d3efa0243e4965462e374ae45fa/gnocchi.85fe3df0-0385-4d56-b8b6-1ba574b43e64" 204 - "HEAD http://172.18.0.2:8080/v1/AUTH_cb248d3efa0243e4965462e374ae45fa/gnocchi.85fe3df0-0385-4d56-b8b6-1ba574b43e64?format=json&states=listing" "txbbee26da58fd494bb3dc9-006993272f" "proxy-server 20" 0.0023 "-" 22 0
Feb 16 14:18:23 standalone proxy-server[129810]: - - 16/Feb/2026/14/18/23 HEAD /v1/AUTH_cb248d3efa0243e4965462e374ae45fa/gnocchi.85fe3df0-0385-4d56-b8b6-1ba574b43e64%3Fformat%3Djson%26states%3Dlisting HTTP/1.0 204 - Swift - - - - txbbee26da58fd494bb3dc9-006993272f - 0.0085 RL - 1771251503.531120539 1771251503.539636374 0
Feb 16 14:18:23 standalone container-server[127635]: 172.20.0.100 - - [16/Feb/2026:14:18:23 +0000] "GET /d1/701/AUTH_cb248d3efa0243e4965462e374ae45fa/gnocchi.85fe3df0-0385-4d56-b8b6-1ba574b43e64" 200 2 "GET http://172.18.0.2:8080/v1/AUTH_cb248d3efa0243e4965462e374ae45fa/gnocchi.85fe3df0-0385-4d56-b8b6-1ba574b43e64?format=json&states=listing" "txbbee26da58fd494bb3dc9-006993272f" "proxy-server 20" 0.0035 "-" 20 0
Feb 16 14:18:23 standalone proxy-server[129810]: 172.18.0.2 172.18.0.100 16/Feb/2026/14/18/23 GET /v1/AUTH_cb248d3efa0243e4965462e374ae45fa/gnocchi.85fe3df0-0385-4d56-b8b6-1ba574b43e64%3Fformat%3Djson%26states%3Dlisting HTTP/1.0 200 - python-swiftclient-3.11.1 gAAAAABpkybry4aT... - 2 - txbbee26da58fd494bb3dc9-006993272f - 0.0255 - - 1771251503.528442621 1771251503.553911448 0
Feb 16 14:18:23 standalone object-server[127761]: 172.20.0.100 - - [16/Feb/2026:14:18:23 +0000] "GET /d1/705/AUTH_cb248d3efa0243e4965462e374ae45fa/gnocchi.85fe3df0-0385-4d56-b8b6-1ba574b43e64/1771200000.0_mean_300.0_v3" 404 70 "GET http://172.18.0.2:8080/v1/AUTH_cb248d3efa0243e4965462e374ae45fa/gnocchi.85fe3df0-0385-4d56-b8b6-1ba574b43e64/1771200000.0_mean_300.0_v3" "tx155d8dd8057d45caaa659-006993272f" "proxy-server 20" 0.0003 "-" 23 0
Feb 16 14:18:23 standalone proxy-server[129810]: 172.18.0.2 172.18.0.100 16/Feb/2026/14/18/23 GET /v1/AUTH_cb248d3efa0243e4965462e374ae45fa/gnocchi.85fe3df0-0385-4d56-b8b6-1ba574b43e64/1771200000.0_mean_300.0_v3 HTTP/1.0 404 - python-swiftclient-3.11.1 gAAAAABpkybry4aT... - 70 - tx155d8dd8057d45caaa659-006993272f - 0.0054 - - 1771251503.558922052 1771251503.564343214 0
Feb 16 14:18:23 standalone container-server[127659]: 172.20.0.100 - - [16/Feb/2026:14:18:23 +0000] "PUT /d1/701/AUTH_cb248d3efa0243e4965462e374ae45fa/gnocchi.85fe3df0-0385-4d56-b8b6-1ba574b43e64/1771200000.0_mean_300.0_v3" 201 - "PUT http://172.18.0.2:8080/d1/705/AUTH_cb248d3efa0243e4965462e374ae45fa/gnocchi.85fe3df0-0385-4d56-b8b6-1ba574b43e64/1771200000.0_mean_300.0_v3" "txa52884adfac04f828575f-006993272f" "object-server 24" 0.0006 "-" 23 0
Feb 16 14:18:23 standalone object-server[127764]: 172.20.0.100 - - [16/Feb/2026:14:18:23 +0000] "PUT /d1/705/AUTH_cb248d3efa0243e4965462e374ae45fa/gnocchi.85fe3df0-0385-4d56-b8b6-1ba574b43e64/1771200000.0_mean_300.0_v3" 201 - "PUT http://172.18.0.2:8080/v1/AUTH_cb248d3efa0243e4965462e374ae45fa/gnocchi.85fe3df0-0385-4d56-b8b6-1ba574b43e64/1771200000.0_mean_300.0_v3" "txa52884adfac04f828575f-006993272f" "proxy-server 20" 0.0147 "-" 24 0
Feb 16 14:18:23 standalone proxy-server[129810]: 172.18.0.2 172.18.0.100 16/Feb/2026/14/18/23 PUT /v1/AUTH_cb248d3efa0243e4965462e374ae45fa/gnocchi.85fe3df0-0385-4d56-b8b6-1ba574b43e64/1771200000.0_mean_300.0_v3 HTTP/1.0 201 - python-swiftclient-3.11.1 gAAAAABpkybry4aT... 16 - - txa52884adfac04f828575f-006993272f - 0.0225 - - 1771251503.567043543 1771251503.589539528 0
Feb 16 14:18:23 standalone container-server[127635]: 172.20.0.100 - - [16/Feb/2026:14:18:23 +0000] "PUT /d1/701/AUTH_cb248d3efa0243e4965462e374ae45fa/gnocchi.85fe3df0-0385-4d56-b8b6-1ba574b43e64/none_v3" 201 - "PUT http://172.18.0.2:8080/d1/114/AUTH_cb248d3efa0243e4965462e374ae45fa/gnocchi.85fe3df0-0385-4d56-b8b6-1ba574b43e64/none_v3" "txf1d70b05f78d43a38f6e7-006993272f" "object-server 24" 0.0012 "-" 20 0
Feb 16 14:18:23 standalone object-server[127764]: 172.20.0.100 - - [16/Feb/2026:14:18:23 +0000] "PUT /d1/114/AUTH_cb248d3efa0243e4965462e374ae45fa/gnocchi.85fe3df0-0385-4d56-b8b6-1ba574b43e64/none_v3" 201 - "PUT http://172.18.0.2:8080/v1/AUTH_cb248d3efa0243e4965462e374ae45fa/gnocchi.85fe3df0-0385-4d56-b8b6-1ba574b43e64/none_v3" "txf1d70b05f78d43a38f6e7-006993272f" "proxy-server 20" 0.0124 "-" 24 0
Feb 16 14:18:23 standalone proxy-server[129810]: 172.18.0.2 172.18.0.100 16/Feb/2026/14/18/23 PUT /v1/AUTH_cb248d3efa0243e4965462e374ae45fa/gnocchi.85fe3df0-0385-4d56-b8b6-1ba574b43e64/none_v3 HTTP/1.0 201 - python-swiftclient-3.11.1 gAAAAABpkybry4aT... 22 - - txf1d70b05f78d43a38f6e7-006993272f - 0.0174 - - 1771251503.594425440 1771251503.611786604 0
Feb 16 14:18:23 standalone container-server[127635]: 172.20.0.100 - - [16/Feb/2026:14:18:23 +0000] "HEAD /d1/224/AUTH_cb248d3efa0243e4965462e374ae45fa/gnocchi.ef8ed027-099c-4c73-a548-16ed9c1bf623" 404 - "HEAD http://172.18.0.2:8080/v1/AUTH_cb248d3efa0243e4965462e374ae45fa/gnocchi.ef8ed027-099c-4c73-a548-16ed9c1bf623?format=json&states=listing" "tx286c7cdcfd3e475f8c44f-006993272f" "proxy-server 20" 0.0005 "-" 20 0
Feb 16 14:18:23 standalone object-server[127761]: 172.20.0.100 - - [16/Feb/2026:14:18:23 +0000] "GET /d1/601/AUTH_cb248d3efa0243e4965462e374ae45fa/gnocchi.ef8ed027-099c-4c73-a548-16ed9c1bf623/none_v3" 404 70 "GET http://172.18.0.2:8080/v1/AUTH_cb248d3efa0243e4965462e374ae45fa/gnocchi.ef8ed027-099c-4c73-a548-16ed9c1bf623/none_v3" "tx286c7cdcfd3e475f8c44f-006993272f" "proxy-server 20" 0.0005 "-" 23 0
Feb 16 14:18:23 standalone proxy-server[129810]: 172.18.0.2 172.18.0.100 16/Feb/2026/14/18/23 GET /v1/AUTH_cb248d3efa0243e4965462e374ae45fa/gnocchi.ef8ed027-099c-4c73-a548-16ed9c1bf623/none_v3 HTTP/1.0 404 - python-swiftclient-3.11.1 gAAAAABpkybry4aT... - 70 - tx286c7cdcfd3e475f8c44f-006993272f - 0.0090 - - 1771251503.626135588 1771251503.635155201 0
Feb 16 14:18:23 standalone account-server[127518]: 172.20.0.100 - - [16/Feb/2026:14:18:23 +0000] "PUT /d1/633/AUTH_cb248d3efa0243e4965462e374ae45fa/gnocchi.ef8ed027-099c-4c73-a548-16ed9c1bf623" 201 - "PUT http://172.20.0.100:6001/d1/224/AUTH_cb248d3efa0243e4965462e374ae45fa/gnocchi.ef8ed027-099c-4c73-a548-16ed9c1bf623" "txfcf04fdacd1148ff9a532-006993272f" "container-server 23" 0.0068 "-" 19 0
Feb 16 14:18:23 standalone container-server[127659]: 172.20.0.100 - - [16/Feb/2026:14:18:23 +0000] "PUT /d1/224/AUTH_cb248d3efa0243e4965462e374ae45fa/gnocchi.ef8ed027-099c-4c73-a548-16ed9c1bf623" 201 - "PUT http://172.18.0.2:8080/v1/AUTH_cb248d3efa0243e4965462e374ae45fa/gnocchi.ef8ed027-099c-4c73-a548-16ed9c1bf623" "txfcf04fdacd1148ff9a532-006993272f" "proxy-server 20" 0.0234 "-" 23 0
Feb 16 14:18:23 standalone proxy-server[129810]: 172.18.0.2 172.18.0.100 16/Feb/2026/14/18/23 PUT /v1/AUTH_cb248d3efa0243e4965462e374ae45fa/gnocchi.ef8ed027-099c-4c73-a548-16ed9c1bf623 HTTP/1.0 201 - python-swiftclient-3.11.1 gAAAAABpkybry4aT... - - - txfcf04fdacd1148ff9a532-006993272f - 0.0278 - - 1771251503.637588739 1771251503.665430546 0
Feb 16 14:18:23 standalone container-server[127659]: 172.20.0.100 - - [16/Feb/2026:14:18:23 +0000] "HEAD /d1/224/AUTH_cb248d3efa0243e4965462e374ae45fa/gnocchi.ef8ed027-099c-4c73-a548-16ed9c1bf623" 204 - "HEAD http://172.18.0.2:8080/v1/AUTH_cb248d3efa0243e4965462e374ae45fa/gnocchi.ef8ed027-099c-4c73-a548-16ed9c1bf623?format=json&states=listing" "tx1bfbc55ceeea4d2ab2cd1-006993272f" "proxy-server 20" 0.0024 "-" 23 0
Feb 16 14:18:23 standalone proxy-server[129810]: - - 16/Feb/2026/14/18/23 HEAD /v1/AUTH_cb248d3efa0243e4965462e374ae45fa/gnocchi.ef8ed027-099c-4c73-a548-16ed9c1bf623%3Fformat%3Djson%26states%3Dlisting HTTP/1.0 204 - Swift - - - - tx1bfbc55ceeea4d2ab2cd1-006993272f - 0.0052 RL - 1771251503.669249058 1771251503.674430370 0
Feb 16 14:18:23 standalone container-server[127639]: 172.20.0.100 - - [16/Feb/2026:14:18:23 +0000] "GET /d1/224/AUTH_cb248d3efa0243e4965462e374ae45fa/gnocchi.ef8ed027-099c-4c73-a548-16ed9c1bf623" 200 2 "GET http://172.18.0.2:8080/v1/AUTH_cb248d3efa0243e4965462e374ae45fa/gnocchi.ef8ed027-099c-4c73-a548-16ed9c1bf623?format=json&states=listing" "tx1bfbc55ceeea4d2ab2cd1-006993272f" "proxy-server 20" 0.0063 "-" 21 0
Feb 16 14:18:23 standalone proxy-server[129810]: 172.18.0.2 172.18.0.100 16/Feb/2026/14/18/23 GET /v1/AUTH_cb248d3efa0243e4965462e374ae45fa/gnocchi.ef8ed027-099c-4c73-a548-16ed9c1bf623%3Fformat%3Djson%26states%3Dlisting HTTP/1.0 200 - python-swiftclient-3.11.1 gAAAAABpkybry4aT... - 2 - tx1bfbc55ceeea4d2ab2cd1-006993272f - 0.0176 - - 1771251503.668409824 1771251503.686018229 0
Feb 16 14:18:23 standalone object-server[127765]: 172.20.0.100 - - [16/Feb/2026:14:18:23 +0000] "GET /d1/554/AUTH_cb248d3efa0243e4965462e374ae45fa/gnocchi.ef8ed027-099c-4c73-a548-16ed9c1bf623/1771200000.0_mean_300.0_v3" 404 70 "GET http://172.18.0.2:8080/v1/AUTH_cb248d3efa0243e4965462e374ae45fa/gnocchi.ef8ed027-099c-4c73-a548-16ed9c1bf623/1771200000.0_mean_300.0_v3" "tx3a381548ba154a518d39d-006993272f" "proxy-server 20" 0.0005 "-" 25 0
Feb 16 14:18:23 standalone proxy-server[129810]: 172.18.0.2 172.18.0.100 16/Feb/2026/14/18/23 GET /v1/AUTH_cb248d3efa0243e4965462e374ae45fa/gnocchi.ef8ed027-099c-4c73-a548-16ed9c1bf623/1771200000.0_mean_300.0_v3 HTTP/1.0 404 - python-swiftclient-3.11.1 gAAAAABpkybry4aT... - 70 - tx3a381548ba154a518d39d-006993272f - 0.0408 - - 1771251503.691953897 1771251503.732784748 0
Feb 16 14:18:23 standalone container-server[127639]: 172.20.0.100 - - [16/Feb/2026:14:18:23 +0000] "PUT /d1/224/AUTH_cb248d3efa0243e4965462e374ae45fa/gnocchi.ef8ed027-099c-4c73-a548-16ed9c1bf623/1771200000.0_mean_300.0_v3" 201 - "PUT http://172.18.0.2:8080/d1/554/AUTH_cb248d3efa0243e4965462e374ae45fa/gnocchi.ef8ed027-099c-4c73-a548-16ed9c1bf623/1771200000.0_mean_300.0_v3" "tx523eeef58dbb45b380467-006993272f" "object-server 23" 0.0010 "-" 21 0
Feb 16 14:18:23 standalone object-server[127761]: 172.20.0.100 - - [16/Feb/2026:14:18:23 +0000] "PUT /d1/554/AUTH_cb248d3efa0243e4965462e374ae45fa/gnocchi.ef8ed027-099c-4c73-a548-16ed9c1bf623/1771200000.0_mean_300.0_v3" 201 - "PUT http://172.18.0.2:8080/v1/AUTH_cb248d3efa0243e4965462e374ae45fa/gnocchi.ef8ed027-099c-4c73-a548-16ed9c1bf623/1771200000.0_mean_300.0_v3" "tx523eeef58dbb45b380467-006993272f" "proxy-server 20" 0.0147 "-" 23 0
Feb 16 14:18:23 standalone proxy-server[129810]: 172.18.0.2 172.18.0.100 16/Feb/2026/14/18/23 PUT /v1/AUTH_cb248d3efa0243e4965462e374ae45fa/gnocchi.ef8ed027-099c-4c73-a548-16ed9c1bf623/1771200000.0_mean_300.0_v3 HTTP/1.0 201 - python-swiftclient-3.11.1 gAAAAABpkybry4aT... 16 - - tx523eeef58dbb45b380467-006993272f - 0.0206 - - 1771251503.737504244 1771251503.758065939 0
