Dec 5 09:22:46 standalone account-server[114216]: 172.20.0.31 - - [05/Dec/2025:09:22:46 +0000] "HEAD /d1/520/AUTH_877402be1a2442908245729d053971d7" 404 - "HEAD http://swift-internal.openstack.svc:8080/v1/AUTH_877402be1a2442908245729d053971d7?format=json" "tx609649a6e35f4c25999f7-006932a466" "proxy-server 13" 0.0005 "-" 20 -
Dec 5 09:22:47 standalone account-server[114229]: 172.20.0.31 - - [05/Dec/2025:09:22:47 +0000] "GET /d1/520/AUTH_877402be1a2442908245729d053971d7" 404 - "GET http://swift-internal.openstack.svc:8080/v1/AUTH_877402be1a2442908245729d053971d7?format=json" "tx609649a6e35f4c25999f7-006932a466" "proxy-server 13" 0.0003 "-" 22 -
Dec 5 09:22:47 standalone account-server[114229]: 172.20.0.31 - - [05/Dec/2025:09:22:47 +0000] "HEAD /d1/220/AUTH_eb014e8797c542fd833af378f902a02a" 404 - "HEAD http://swift-internal.openstack.svc:8080/v1/AUTH_eb014e8797c542fd833af378f902a02a?format=json" "tx900f88e1c670401da4256-006932a467" "proxy-server 5" 0.0004 "-" 22 -
Dec 5 09:22:47 standalone account-server[114221]: 172.20.0.31 - - [05/Dec/2025:09:22:47 +0000] "GET /d1/220/AUTH_eb014e8797c542fd833af378f902a02a" 404 - "GET http://swift-internal.openstack.svc:8080/v1/AUTH_eb014e8797c542fd833af378f902a02a?format=json" "tx900f88e1c670401da4256-006932a467" "proxy-server 5" 0.0005 "-" 21 -
Dec 5 09:22:47 standalone account-server[114229]: 172.20.0.31 - - [05/Dec/2025:09:22:47 +0000] "HEAD /d1/784/AUTH_f8b19cc1c0d746bf890d962fffcd3970" 204 - "HEAD http://swift-internal.openstack.svc:8080/v1/AUTH_f8b19cc1c0d746bf890d962fffcd3970?format=json" "tx51b98b450b62418c9eb50-006932a467" "proxy-server 5" 0.0016 "-" 22 -
Dec 5 09:22:47 standalone account-server[114216]: 172.20.0.31 - - [05/Dec/2025:09:22:47 +0000] "GET /d1/784/AUTH_f8b19cc1c0d746bf890d962fffcd3970" 200 98 "GET http://swift-internal.openstack.svc:8080/v1/AUTH_f8b19cc1c0d746bf890d962fffcd3970?format=json" "tx51b98b450b62418c9eb50-006932a467" "proxy-server 5" 0.0028 "-" 20 -
Dec 5 09:22:47 standalone account-server[114229]: 172.20.0.31 - - [05/Dec/2025:09:22:47 +0000] "HEAD /d1/877/AUTH_066ba1e3d2574da2b3fa5cafb2edd2ae" 404 - "HEAD http://swift-internal.openstack.svc:8080/v1/AUTH_066ba1e3d2574da2b3fa5cafb2edd2ae?format=json" "txdc0f44f243ce4ac58e2a5-006932a467" "proxy-server 9" 0.0005 "-" 22 -
Dec 5 09:22:47 standalone account-server[114221]: 172.20.0.31 - - [05/Dec/2025:09:22:47 +0000] "HEAD /d1/520/AUTH_877402be1a2442908245729d053971d7" 404 - "HEAD http://swift-internal.openstack.svc:8080/v1/AUTH_877402be1a2442908245729d053971d7?format=json" "tx9036dda1b3e54fa5aa29f-006932a467" "proxy-server 5" 0.0004 "-" 21 -
Dec 5 09:22:47 standalone account-server[114221]: 172.20.0.31 - - [05/Dec/2025:09:22:47 +0000] "HEAD /d1/220/AUTH_eb014e8797c542fd833af378f902a02a" 404 - "HEAD http://swift-internal.openstack.svc:8080/v1/AUTH_eb014e8797c542fd833af378f902a02a?format=json" "tx5f510c0ed5c4423f9efb1-006932a467" "proxy-server 5" 0.0003 "-" 21 -
Dec 5 09:22:47 standalone account-server[114216]: 172.20.0.31 - - [05/Dec/2025:09:22:47 +0000] "HEAD /d1/784/AUTH_f8b19cc1c0d746bf890d962fffcd3970" 204 - "HEAD http://swift-internal.openstack.svc:8080/v1/AUTH_f8b19cc1c0d746bf890d962fffcd3970?format=json" "tx91f885b832b3413fab8a6-006932a467" "proxy-server 9" 0.0016 "-" 20 -
Dec 5 09:23:35 standalone account-server[114229]: 172.20.0.100 - - [05/Dec/2025:09:23:35 +0000] "HEAD /d1/34/.expiring_objects" 404 - "HEAD http://localhost/v1/.expiring_objects?format=json" "tx798455eaf30a409daf1b5-006932a497" "proxy-server 2" 0.0006 "-" 22 -
Dec 5 09:23:35 standalone object-expirer[114139]: Pass completed in 0s; 0 objects expired (txn: tx798455eaf30a409daf1b5-006932a497)
Dec 5 09:23:39 standalone container-server[114417]: 172.20.0.31 - - [05/Dec/2025:09:23:39 +0000] "HEAD /d1/1019/AUTH_f8b19cc1c0d746bf890d962fffcd3970/glance" 204 - "HEAD http://swift-internal.openstack.svc:8080/v1/AUTH_f8b19cc1c0d746bf890d962fffcd3970/glance?format=json&states=listing" "txd6df032799ac43c1a0a34-006932a49b" "proxy-server 15" 0.0036 "-" 21 0
Dec 5 09:23:39 standalone container-server[114421]: 172.20.0.100 - - [05/Dec/2025:09:23:39 +0000] "PUT /d1/1019/AUTH_f8b19cc1c0d746bf890d962fffcd3970/glance/e678834f-91a1-4ef7-8f1c-9e99529d8ec4-00001" 201 - "PUT http://swift-internal.openstack.svc:8080/d1/972/AUTH_f8b19cc1c0d746bf890d962fffcd3970/glance/e678834f-91a1-4ef7-8f1c-9e99529d8ec4-00001" "tx60fa2b36e49446778b5de-006932a49b" "object-server 23" 0.0010 "-" 22 0
Dec 5 09:23:39 standalone object-server[114625]: 172.20.0.31 - - [05/Dec/2025:09:23:39 +0000] "PUT /d1/972/AUTH_f8b19cc1c0d746bf890d962fffcd3970/glance/e678834f-91a1-4ef7-8f1c-9e99529d8ec4-00001" 201 - "PUT http://swift-internal.openstack.svc:8080/v1/AUTH_f8b19cc1c0d746bf890d962fffcd3970/glance/e678834f-91a1-4ef7-8f1c-9e99529d8ec4-00001" "tx60fa2b36e49446778b5de-006932a49b" "proxy-server 15" 0.2456 "-" 23 0
Dec 5 09:23:39 standalone container-server[114421]: 172.20.0.100 - - [05/Dec/2025:09:23:39 +0000] "PUT /d1/1019/AUTH_f8b19cc1c0d746bf890d962fffcd3970/glance/e678834f-91a1-4ef7-8f1c-9e99529d8ec4" 201 - "PUT http://swift-internal.openstack.svc:8080/d1/415/AUTH_f8b19cc1c0d746bf890d962fffcd3970/glance/e678834f-91a1-4ef7-8f1c-9e99529d8ec4" "tx2de148a6ab2e4079869ef-006932a49b" "object-server 23" 0.0006 "-" 22 0
Dec 5 09:23:39 standalone object-server[114625]: 172.20.0.31 - - [05/Dec/2025:09:23:39 +0000] "PUT /d1/415/AUTH_f8b19cc1c0d746bf890d962fffcd3970/glance/e678834f-91a1-4ef7-8f1c-9e99529d8ec4" 201 - "PUT http://swift-internal.openstack.svc:8080/v1/AUTH_f8b19cc1c0d746bf890d962fffcd3970/glance/e678834f-91a1-4ef7-8f1c-9e99529d8ec4" "tx2de148a6ab2e4079869ef-006932a49b" "proxy-server 15" 0.0092 "-" 23 0
Dec 5 09:23:40 standalone container-server[114421]: 172.20.0.31 - - [05/Dec/2025:09:23:40 +0000] "HEAD /d1/1019/AUTH_f8b19cc1c0d746bf890d962fffcd3970/glance" 204 - "HEAD http://swift-internal.openstack.svc:8080/v1/AUTH_f8b19cc1c0d746bf890d962fffcd3970/glance?format=json&states=listing" "txfa0cff8ab7ee4b9c9dae5-006932a49c" "proxy-server 15" 0.0168 "-" 22 0
Dec 5 09:23:40 standalone container-server[114410]: 172.20.0.100 - - [05/Dec/2025:09:23:40 +0000] "PUT /d1/1019/AUTH_f8b19cc1c0d746bf890d962fffcd3970/glance/f3b418e2-8b37-43af-a498-01215b4bfad0-00001" 201 - "PUT http://swift-internal.openstack.svc:8080/d1/657/AUTH_f8b19cc1c0d746bf890d962fffcd3970/glance/f3b418e2-8b37-43af-a498-01215b4bfad0-00001" "txaa4195b7a123451c9d022-006932a49c" "object-server 22" 0.0008 "-" 20 0
Dec 5 09:23:40 standalone object-server[114621]: 172.20.0.31 - - [05/Dec/2025:09:23:40 +0000] "PUT /d1/657/AUTH_f8b19cc1c0d746bf890d962fffcd3970/glance/f3b418e2-8b37-43af-a498-01215b4bfad0-00001" 201 - "PUT http://swift-internal.openstack.svc:8080/v1/AUTH_f8b19cc1c0d746bf890d962fffcd3970/glance/f3b418e2-8b37-43af-a498-01215b4bfad0-00001" "txaa4195b7a123451c9d022-006932a49c" "proxy-server 15" 0.3038 "-" 22 0
Dec 5 09:23:40 standalone container-server[114410]: 172.20.0.100 - - [05/Dec/2025:09:23:40 +0000] "PUT /d1/1019/AUTH_f8b19cc1c0d746bf890d962fffcd3970/glance/f3b418e2-8b37-43af-a498-01215b4bfad0" 201 - "PUT http://swift-internal.openstack.svc:8080/d1/707/AUTH_f8b19cc1c0d746bf890d962fffcd3970/glance/f3b418e2-8b37-43af-a498-01215b4bfad0" "tx199a2e6a62e4438483c17-006932a49c" "object-server 23" 0.0006 "-" 20 0
Dec 5 09:23:40 standalone object-server[114625]: 172.20.0.31 - - [05/Dec/2025:09:23:40 +0000] "PUT /d1/707/AUTH_f8b19cc1c0d746bf890d962fffcd3970/glance/f3b418e2-8b37-43af-a498-01215b4bfad0" 201 - "PUT http://swift-internal.openstack.svc:8080/v1/AUTH_f8b19cc1c0d746bf890d962fffcd3970/glance/f3b418e2-8b37-43af-a498-01215b4bfad0" "tx199a2e6a62e4438483c17-006932a49c" "proxy-server 15" 0.0108 "-" 23 0
Dec 5 09:24:59 standalone account-server[114229]: 172.20.0.31 - - [05/Dec/2025:09:24:59 +0000] "HEAD /d1/784/AUTH_f8b19cc1c0d746bf890d962fffcd3970" 204 - "HEAD http://swift-internal.openstack.svc:8080/v1/AUTH_f8b19cc1c0d746bf890d962fffcd3970?format=json" "tx42dbecba854a47a9b6edb-006932a4eb" "proxy-server 13" 0.0026 "-" 22 -
Dec 5 09:24:59 standalone container-server[114417]: 172.20.0.31 - - [05/Dec/2025:09:24:59 +0000] "HEAD /d1/1019/AUTH_f8b19cc1c0d746bf890d962fffcd3970/glance" 204 - "HEAD http://swift-internal.openstack.svc:8080/v1/AUTH_f8b19cc1c0d746bf890d962fffcd3970/glance?format=json&states=listing" "tx42dbecba854a47a9b6edb-006932a4eb" "proxy-server 13" 0.0357 "-" 21 0
Dec 5 09:24:59 standalone container-server[114410]: 172.20.0.100 - - [05/Dec/2025:09:24:59 +0000] "PUT /d1/1019/AUTH_f8b19cc1c0d746bf890d962fffcd3970/glance/dc8d35e0-6b85-4ed4-85a0-8f10069ab067-00001" 201 - "PUT http://swift-internal.openstack.svc:8080/d1/964/AUTH_f8b19cc1c0d746bf890d962fffcd3970/glance/dc8d35e0-6b85-4ed4-85a0-8f10069ab067-00001" "tx28c8da06d5e04ecdb2e33-006932a4eb" "object-server 24" 0.0010 "-" 20 0
Dec 5 09:24:59 standalone object-server[114627]: 172.20.0.31 - - [05/Dec/2025:09:24:59 +0000] "PUT /d1/964/AUTH_f8b19cc1c0d746bf890d962fffcd3970/glance/dc8d35e0-6b85-4ed4-85a0-8f10069ab067-00001" 201 - "PUT http://swift-internal.openstack.svc:8080/v1/AUTH_f8b19cc1c0d746bf890d962fffcd3970/glance/dc8d35e0-6b85-4ed4-85a0-8f10069ab067-00001" "tx28c8da06d5e04ecdb2e33-006932a4eb" "proxy-server 13" 0.0295 "-" 24 0
Dec 5 09:24:59 standalone container-server[114417]: 172.20.0.100 - - [05/Dec/2025:09:24:59 +0000] "PUT /d1/1019/AUTH_f8b19cc1c0d746bf890d962fffcd3970/glance/dc8d35e0-6b85-4ed4-85a0-8f10069ab067" 201 - "PUT http://swift-internal.openstack.svc:8080/d1/714/AUTH_f8b19cc1c0d746bf890d962fffcd3970/glance/dc8d35e0-6b85-4ed4-85a0-8f10069ab067" "txc6becc03136346eba5e3e-006932a4eb" "object-server 25" 0.0008 "-" 21 0
Dec 5 09:24:59 standalone object-server[114631]: 172.20.0.31 - - [05/Dec/2025:09:24:59 +0000] "PUT /d1/714/AUTH_f8b19cc1c0d746bf890d962fffcd3970/glance/dc8d35e0-6b85-4ed4-85a0-8f10069ab067" 201 - "PUT http://swift-internal.openstack.svc:8080/v1/AUTH_f8b19cc1c0d746bf890d962fffcd3970/glance/dc8d35e0-6b85-4ed4-85a0-8f10069ab067" "txc6becc03136346eba5e3e-006932a4eb" "proxy-server 13" 0.0104 "-" 25 0
Dec 5 09:25:04 standalone object-server[114625]: 172.20.0.31 - - [05/Dec/2025:09:25:04 +0000] "HEAD /d1/714/AUTH_f8b19cc1c0d746bf890d962fffcd3970/glance/dc8d35e0-6b85-4ed4-85a0-8f10069ab067" 200 - "HEAD http://swift-internal.openstack.svc:8080/v1/AUTH_f8b19cc1c0d746bf890d962fffcd3970/glance/dc8d35e0-6b85-4ed4-85a0-8f10069ab067" "txdcc51058a1914ac2b90e5-006932a4ef" "proxy-server 10" 0.0011 "-" 23 0
Dec 5 09:25:04 standalone container-server[114421]: 172.20.0.31 - - [05/Dec/2025:09:25:04 +0000] "GET /d1/1019/AUTH_f8b19cc1c0d746bf890d962fffcd3970/glance" 200 206 "GET http://swift-internal.openstack.svc:8080/v1/AUTH_f8b19cc1c0d746bf890d962fffcd3970/glance?prefix=dc8d35e0-6b85-4ed4-85a0-8f10069ab067-&format=json&states=listing" "txdcc51058a1914ac2b90e5-006932a4ef" "proxy-server 10" 0.0096 "-" 22 0
Dec 5 09:25:04 standalone container-server[114417]: 172.20.0.31 - - [05/Dec/2025:09:25:04 +0000] "GET /d1/1019/AUTH_f8b19cc1c0d746bf890d962fffcd3970/glance" 200 206 "GET http://swift-internal.openstack.svc:8080/v1/AUTH_f8b19cc1c0d746bf890d962fffcd3970/glance?format=json&prefix=dc8d35e0-6b85-4ed4-85a0-8f10069ab067-&states=listing" "tx7e538753c0d9462ca6c68-006932a4f0" "proxy-server 10" 0.0039 "-" 21 0
Dec 5 09:25:04 standalone container-server[114417]: 172.20.0.100 - - [05/Dec/2025:09:25:04 +0000] "DELETE /d1/1019/AUTH_f8b19cc1c0d746bf890d962fffcd3970/glance/dc8d35e0-6b85-4ed4-85a0-8f10069ab067-00001" 204 - "DELETE http://swift-internal.openstack.svc:8080/d1/964/AUTH_f8b19cc1c0d746bf890d962fffcd3970/glance/dc8d35e0-6b85-4ed4-85a0-8f10069ab067-00001" "tx51539c82f62946d399a08-006932a4f0" "object-server 23" 0.0006 "-" 21 0
Dec 5 09:25:04 standalone object-server[114625]: 172.20.0.31 - - [05/Dec/2025:09:25:04 +0000] "DELETE /d1/964/AUTH_f8b19cc1c0d746bf890d962fffcd3970/glance/dc8d35e0-6b85-4ed4-85a0-8f10069ab067-00001" 204 - "DELETE http://swift-internal.openstack.svc:8080/v1/AUTH_f8b19cc1c0d746bf890d962fffcd3970/glance/dc8d35e0-6b85-4ed4-85a0-8f10069ab067-00001" "tx51539c82f62946d399a08-006932a4f0" "proxy-server 10" 0.0100 "-" 23 0
Dec 5 09:25:04 standalone container-server[114410]: 172.20.0.100 - - [05/Dec/2025:09:25:04 +0000] "DELETE /d1/1019/AUTH_f8b19cc1c0d746bf890d962fffcd3970/glance/dc8d35e0-6b85-4ed4-85a0-8f10069ab067" 204 - "DELETE http://swift-internal.openstack.svc:8080/d1/714/AUTH_f8b19cc1c0d746bf890d962fffcd3970/glance/dc8d35e0-6b85-4ed4-85a0-8f10069ab067" "tx36f581e948e747d288a88-006932a4f0" "object-server 22" 0.0006 "-" 20 0
Dec 5 09:25:04 standalone object-server[114621]: 172.20.0.31 - - [05/Dec/2025:09:25:04 +0000] "DELETE /d1/714/AUTH_f8b19cc1c0d746bf890d962fffcd3970/glance/dc8d35e0-6b85-4ed4-85a0-8f10069ab067" 204 - "DELETE http://swift-internal.openstack.svc:8080/v1/AUTH_f8b19cc1c0d746bf890d962fffcd3970/glance/dc8d35e0-6b85-4ed4-85a0-8f10069ab067" "tx36f581e948e747d288a88-006932a4f0" "proxy-server 10" 0.0083 "-" 22 0
Dec 5 09:25:07 standalone container-server[114410]: 172.20.0.31 - - [05/Dec/2025:09:25:07 +0000] "HEAD /d1/1019/AUTH_f8b19cc1c0d746bf890d962fffcd3970/glance" 204 - "HEAD http://swift-internal.openstack.svc:8080/v1/AUTH_f8b19cc1c0d746bf890d962fffcd3970/glance?format=json&states=listing" "tx30512405a7104d2ea78a3-006932a4f3" "proxy-server 10" 0.0091 "-" 20 0
Dec 5 09:25:07 standalone container-server[114421]: 172.20.0.100 - - [05/Dec/2025:09:25:07 +0000] "PUT /d1/1019/AUTH_f8b19cc1c0d746bf890d962fffcd3970/glance/4eeb4284-ad18-4477-8746-7fecf4b412b3-00001" 201 - "PUT http://swift-internal.openstack.svc:8080/d1/440/AUTH_f8b19cc1c0d746bf890d962fffcd3970/glance/4eeb4284-ad18-4477-8746-7fecf4b412b3-00001" "tx0502a2daacc145d1a30dd-006932a4f3" "object-server 24" 0.0008 "-" 22 0
Dec 5 09:25:07 standalone object-server[114627]: 172.20.0.31 - - [05/Dec/2025:09:25:07 +0000] "PUT /d1/440/AUTH_f8b19cc1c0d746bf890d962fffcd3970/glance/4eeb4284-ad18-4477-8746-7fecf4b412b3-00001" 201 - "PUT http://swift-internal.openstack.svc:8080/v1/AUTH_f8b19cc1c0d746bf890d962fffcd3970/glance/4eeb4284-ad18-4477-8746-7fecf4b412b3-00001" "tx0502a2daacc145d1a30dd-006932a4f3" "proxy-server 10" 0.0113 "-" 24 0
Dec 5 09:25:07 standalone container-server[114417]: 172.20.0.100 - - [05/Dec/2025:09:25:07 +0000] "PUT /d1/1019/AUTH_f8b19cc1c0d746bf890d962fffcd3970/glance/4eeb4284-ad18-4477-8746-7fecf4b412b3" 201 - "PUT http://swift-internal.openstack.svc:8080/d1/630/AUTH_f8b19cc1c0d746bf890d962fffcd3970/glance/4eeb4284-ad18-4477-8746-7fecf4b412b3" "tx0d5f27af44624f049aa97-006932a4f3" "object-server 24" 0.0009 "-" 21 0
Dec 5 09:25:07 standalone object-server[114627]: 172.20.0.31 - - [05/Dec/2025:09:25:07 +0000] "PUT /d1/630/AUTH_f8b19cc1c0d746bf890d962fffcd3970/glance/4eeb4284-ad18-4477-8746-7fecf4b412b3" 201 - "PUT http://swift-internal.openstack.svc:8080/v1/AUTH_f8b19cc1c0d746bf890d962fffcd3970/glance/4eeb4284-ad18-4477-8746-7fecf4b412b3" "tx0d5f27af44624f049aa97-006932a4f3" "proxy-server 10" 0.0101 "-" 24 0
Dec 5 09:25:48 standalone object-server[114621]: 172.20.0.31 - - [05/Dec/2025:09:25:48 +0000] "HEAD /d1/630/AUTH_f8b19cc1c0d746bf890d962fffcd3970/glance/4eeb4284-ad18-4477-8746-7fecf4b412b3" 200 - "HEAD http://swift-internal.openstack.svc:8080/v1/AUTH_f8b19cc1c0d746bf890d962fffcd3970/glance/4eeb4284-ad18-4477-8746-7fecf4b412b3" "tx285fa772268e41f78b5e7-006932a51c" "proxy-server 6" 0.0011 "-" 22 0
Dec 5 09:25:48 standalone container-server[114410]: 172.20.0.31 - - [05/Dec/2025:09:25:48 +0000] "GET /d1/1019/AUTH_f8b19cc1c0d746bf890d962fffcd3970/glance" 200 206 "GET http://swift-internal.openstack.svc:8080/v1/AUTH_f8b19cc1c0d746bf890d962fffcd3970/glance?prefix=4eeb4284-ad18-4477-8746-7fecf4b412b3-&format=json&states=listing" "tx285fa772268e41f78b5e7-006932a51c" "proxy-server 6" 0.0144 "-" 20 0
Dec 5 09:25:48 standalone container-server[114438]: 172.20.0.31 - - [05/Dec/2025:09:25:48 +0000] "GET /d1/1019/AUTH_f8b19cc1c0d746bf890d962fffcd3970/glance" 200 206 "GET http://swift-internal.openstack.svc:8080/v1/AUTH_f8b19cc1c0d746bf890d962fffcd3970/glance?format=json&prefix=4eeb4284-ad18-4477-8746-7fecf4b412b3-&states=listing" "tx59e3b84989be47a0be8ee-006932a51c" "proxy-server 6" 0.0054 "-" 23 0
Dec 5 09:25:48 standalone container-server[114417]: 172.20.0.100 - - [05/Dec/2025:09:25:48 +0000] "DELETE /d1/1019/AUTH_f8b19cc1c0d746bf890d962fffcd3970/glance/4eeb4284-ad18-4477-8746-7fecf4b412b3-00001" 204 - "DELETE http://swift-internal.openstack.svc:8080/d1/440/AUTH_f8b19cc1c0d746bf890d962fffcd3970/glance/4eeb4284-ad18-4477-8746-7fecf4b412b3-00001" "txc356be1d75ad4a2993acf-006932a51c" "object-server 22" 0.0008 "-" 21 0
Dec 5 09:25:48 standalone object-server[114621]: 172.20.0.31 - - [05/Dec/2025:09:25:48 +0000] "DELETE /d1/440/AUTH_f8b19cc1c0d746bf890d962fffcd3970/glance/4eeb4284-ad18-4477-8746-7fecf4b412b3-00001" 204 - "DELETE http://swift-internal.openstack.svc:8080/v1/AUTH_f8b19cc1c0d746bf890d962fffcd3970/glance/4eeb4284-ad18-4477-8746-7fecf4b412b3-00001" "txc356be1d75ad4a2993acf-006932a51c" "proxy-server 6" 0.0086 "-" 22 0
Dec 5 09:25:48 standalone container-server[114417]: 172.20.0.100 - - [05/Dec/2025:09:25:48 +0000] "DELETE /d1/1019/AUTH_f8b19cc1c0d746bf890d962fffcd3970/glance/4eeb4284-ad18-4477-8746-7fecf4b412b3" 204 - "DELETE http://swift-internal.openstack.svc:8080/d1/630/AUTH_f8b19cc1c0d746bf890d962fffcd3970/glance/4eeb4284-ad18-4477-8746-7fecf4b412b3" "tx120482ce1f09453db107e-006932a51c" "object-server 23" 0.0005 "-" 21 0
Dec 5 09:25:48 standalone object-server[114625]: 172.20.0.31 - - [05/Dec/2025:09:25:48 +0000] "DELETE /d1/630/AUTH_f8b19cc1c0d746bf890d962fffcd3970/glance/4eeb4284-ad18-4477-8746-7fecf4b412b3" 204 - "DELETE http://swift-internal.openstack.svc:8080/v1/AUTH_f8b19cc1c0d746bf890d962fffcd3970/glance/4eeb4284-ad18-4477-8746-7fecf4b412b3" "tx120482ce1f09453db107e-006932a51c" "proxy-server 6" 0.0089 "-" 23 0
Dec 5 09:26:02 standalone account-server[114229]: 172.20.0.31 - - [05/Dec/2025:09:26:02 +0000] "HEAD /d1/784/AUTH_f8b19cc1c0d746bf890d962fffcd3970" 204 - "HEAD http://swift-internal.openstack.svc:8080/v1/AUTH_f8b19cc1c0d746bf890d962fffcd3970?format=json" "tx47d9ac968f4143a2b6249-006932a52a" "proxy-server 9" 0.0016 "-" 22 -
Dec 5 09:26:02 standalone object-server[114625]: 172.20.0.31 - - [05/Dec/2025:09:26:02 +0000] "GET /d1/415/AUTH_f8b19cc1c0d746bf890d962fffcd3970/glance/e678834f-91a1-4ef7-8f1c-9e99529d8ec4" 200 - "GET http://swift-internal.openstack.svc:8080/v1/AUTH_f8b19cc1c0d746bf890d962fffcd3970/glance/e678834f-91a1-4ef7-8f1c-9e99529d8ec4" "tx47d9ac968f4143a2b6249-006932a52a" "proxy-server 9" 0.0015 "-" 23 0
Dec 5 09:26:02 standalone container-server[114438]: 172.20.0.31 - - [05/Dec/2025:09:26:02 +0000] "GET /d1/1019/AUTH_f8b19cc1c0d746bf890d962fffcd3970/glance" 200 210 "GET http://swift-internal.openstack.svc:8080/v1/AUTH_f8b19cc1c0d746bf890d962fffcd3970/glance?prefix=e678834f-91a1-4ef7-8f1c-9e99529d8ec4-&format=json&states=listing" "tx47d9ac968f4143a2b6249-006932a52a" "proxy-server 9" 0.0169 "-" 23 0
Dec 5 09:26:02 standalone object-server[114621]: 172.20.0.31 - - [05/Dec/2025:09:26:02 +0000] "GET /d1/972/AUTH_f8b19cc1c0d746bf890d962fffcd3970/glance/e678834f-91a1-4ef7-8f1c-9e99529d8ec4-00001" 200 21430272 "GET http://swift-internal.openstack.svc:8080/v1/AUTH_f8b19cc1c0d746bf890d962fffcd3970/glance/e678834f-91a1-4ef7-8f1c-9e99529d8ec4-00001?multipart-manifest=get" "tx47d9ac968f4143a2b6249-006932a52a" "proxy-server 9" 0.0010 "-" 22 0
Dec 5 09:26:26 standalone account-server[114221]: 172.20.0.100 - - [05/Dec/2025:09:26:26 +0000] "HEAD /d1/34/.expiring_objects" 404 - "HEAD http://localhost/v1/.expiring_objects?format=json" "tx0660f7424f1d4afd91f9f-006932a542" "proxy-server 2" 0.0005 "-" 21 -
Dec 5 09:26:26 standalone object-expirer[114139]: Pass completed in 0s; 0 objects expired (txn: tx0660f7424f1d4afd91f9f-006932a542)
Dec 5 09:26:55 standalone container-server[114594]: Begin container update sweep
Dec 5 09:26:55 standalone account-server[114221]: 172.20.0.100 - - [05/Dec/2025:09:26:55 +0000] "PUT /d1/784/AUTH_f8b19cc1c0d746bf890d962fffcd3970/glance" 201 - "-" "-" "container-updater 2" 0.0018 "-" 21 0
Dec 5 09:26:55 standalone container-server[114594]: Container update sweep completed: 0.10s
Dec 5 09:27:04 standalone object-server[114575]: Begin object update sweep
Dec 5 09:27:04 standalone object-server[497303]: Object update sweep starting on /srv/node/d1 (pid: 30)
Dec 5 09:27:04 standalone object-server[497303]: Object update sweep completed on /srv/node/d1 in 0.00s seconds:, 0 successes, 0 failures, 0 quarantines, 0 unlinks, 0 errors, 0 redirects (pid: 30)
Dec 5 09:27:04 standalone object-server[497303]: Object update sweep of d1 completed: 0.00s, 0 successes, 0 failures, 0 quarantines, 0 unlinks, 0 errors, 0 redirects
Dec 5 09:27:04 standalone object-server[114575]: Object update sweep completed: 0.10s
Dec 5 09:27:46 standalone account-server[114216]: 172.20.0.31 - - [05/Dec/2025:09:27:46 +0000] "HEAD /d1/877/AUTH_066ba1e3d2574da2b3fa5cafb2edd2ae" 404 - "HEAD http://swift-internal.openstack.svc:8080/v1/AUTH_066ba1e3d2574da2b3fa5cafb2edd2ae?format=json" "tx1dad3d2dd4aa4315b0d21-006932a592" "proxy-server 14" 0.0008 "-" 20 -
Dec 5 09:27:47 standalone account-server[114216]: 172.20.0.31 - - [05/Dec/2025:09:27:47 +0000] "HEAD /d1/877/AUTH_066ba1e3d2574da2b3fa5cafb2edd2ae" 404 - "HEAD http://swift-internal.openstack.svc:8080/v1/AUTH_066ba1e3d2574da2b3fa5cafb2edd2ae?format=json" "tx1dad3d2dd4aa4315b0d21-006932a592" "proxy-server 14" 0.0005 "-" 20 -
Dec 5 09:27:47 standalone account-server[114229]: 172.20.0.31 - - [05/Dec/2025:09:27:47 +0000] "HEAD /d1/282/AUTH_3192d7460a54432f8149fbd7aa10f767" 404 - "HEAD http://swift-internal.openstack.svc:8080/v1/AUTH_3192d7460a54432f8149fbd7aa10f767?format=json" "txd9c638e69928497dbaa90-006932a593" "proxy-server 5" 0.0005 "-" 22 -
Dec 5 09:27:47 standalone account-server[114221]: 172.20.0.31 - - [05/Dec/2025:09:27:47 +0000] "HEAD /d1/282/AUTH_3192d7460a54432f8149fbd7aa10f767" 404 - "HEAD http://swift-internal.openstack.svc:8080/v1/AUTH_3192d7460a54432f8149fbd7aa10f767?format=json" "txd9c638e69928497dbaa90-006932a593" "proxy-server 5" 0.0004 "-" 21 -
Dec 5 09:27:47 standalone account-server[114221]: 172.20.0.31 - - [05/Dec/2025:09:27:47 +0000] "HEAD /d1/119/AUTH_329387cc8f974591b008fa8c1f6dcf7c" 404 - "HEAD http://swift-internal.openstack.svc:8080/v1/AUTH_329387cc8f974591b008fa8c1f6dcf7c?format=json" "tx5a80f368e14a40ab9c008-006932a593" "proxy-server 5" 0.0004 "-" 21 -
Dec 5 09:27:47 standalone account-server[114221]: 172.20.0.31 - - [05/Dec/2025:09:27:47 +0000] "HEAD /d1/119/AUTH_329387cc8f974591b008fa8c1f6dcf7c" 404 - "HEAD http://swift-internal.openstack.svc:8080/v1/AUTH_329387cc8f974591b008fa8c1f6dcf7c?format=json" "tx5a80f368e14a40ab9c008-006932a593" "proxy-server 5" 0.0003 "-" 21 -
Dec 5 09:27:47 standalone account-server[114216]: 172.20.0.31 - - [05/Dec/2025:09:27:47 +0000] "HEAD /d1/147/AUTH_45f458ebf1aa4b3c9a228c51669fb48f" 404 - "HEAD http://swift-internal.openstack.svc:8080/v1/AUTH_45f458ebf1aa4b3c9a228c51669fb48f?format=json" "tx8105bb07885c4ef3ad856-006932a593" "proxy-server 13" 0.0005 "-" 20 -
Dec 5 09:27:47 standalone account-server[114221]: 172.20.0.31 - - [05/Dec/2025:09:27:47 +0000] "HEAD /d1/147/AUTH_45f458ebf1aa4b3c9a228c51669fb48f" 404 - "HEAD http://swift-internal.openstack.svc:8080/v1/AUTH_45f458ebf1aa4b3c9a228c51669fb48f?format=json" "tx8105bb07885c4ef3ad856-006932a593" "proxy-server 13" 0.0005 "-" 21 -
Dec 5 09:27:47 standalone account-server[114216]: 172.20.0.31 - - [05/Dec/2025:09:27:47 +0000] "HEAD /d1/17/AUTH_46b4b8eb38dd40bf95680ee2c0afcf99" 404 - "HEAD http://swift-internal.openstack.svc:8080/v1/AUTH_46b4b8eb38dd40bf95680ee2c0afcf99?format=json" "txfe57f26dab544f74b054e-006932a593" "proxy-server 5" 0.0005 "-" 20 -
Dec 5 09:27:47 standalone account-server[114216]: 172.20.0.31 - - [05/Dec/2025:09:27:47 +0000] "HEAD /d1/17/AUTH_46b4b8eb38dd40bf95680ee2c0afcf99" 404 - "HEAD http://swift-internal.openstack.svc:8080/v1/AUTH_46b4b8eb38dd40bf95680ee2c0afcf99?format=json" "txfe57f26dab544f74b054e-006932a593" "proxy-server 5" 0.0004 "-" 20 -
Dec 5 09:27:47 standalone account-server[114216]: 172.20.0.31 - - [05/Dec/2025:09:27:47 +0000] "HEAD /d1/1002/AUTH_51daab448217445eaba85da72b6c5fdb" 404 - "HEAD http://swift-internal.openstack.svc:8080/v1/AUTH_51daab448217445eaba85da72b6c5fdb?format=json" "tx9aacbb0c592846c6afa24-006932a593" "proxy-server 14" 0.0004 "-" 20 -
Dec 5 09:27:47 standalone account-server[114232]: 172.20.0.31 - - [05/Dec/2025:09:27:47 +0000] "HEAD /d1/1002/AUTH_51daab448217445eaba85da72b6c5fdb" 404 - "HEAD http://swift-internal.openstack.svc:8080/v1/AUTH_51daab448217445eaba85da72b6c5fdb?format=json" "tx9aacbb0c592846c6afa24-006932a593" "proxy-server 14" 0.0004 "-" 23 -
Dec 5 09:27:47 standalone account-server[114216]: 172.20.0.31 - - [05/Dec/2025:09:27:47 +0000] "HEAD /d1/514/AUTH_632e5da34369466c9adf93a1e2053b06" 404 - "HEAD http://swift-internal.openstack.svc:8080/v1/AUTH_632e5da34369466c9adf93a1e2053b06?format=json" "txca9db32f65b74e4ab75a9-006932a593" "proxy-server 5" 0.0004 "-" 20 -
Dec 5 09:27:47 standalone account-server[114216]: 172.20.0.31 - - [05/Dec/2025:09:27:47 +0000] "HEAD /d1/514/AUTH_632e5da34369466c9adf93a1e2053b06" 404 - "HEAD http://swift-internal.openstack.svc:8080/v1/AUTH_632e5da34369466c9adf93a1e2053b06?format=json" "txca9db32f65b74e4ab75a9-006932a593" "proxy-server 5" 0.0003 "-" 20 -
Dec 5 09:27:47 standalone account-server[114221]: 172.20.0.31 - - [05/Dec/2025:09:27:47 +0000] "HEAD /d1/248/AUTH_7273d6ac2d0348f09a81dfbac9c7b804" 404 - "HEAD http://swift-internal.openstack.svc:8080/v1/AUTH_7273d6ac2d0348f09a81dfbac9c7b804?format=json" "txc279b7183344436c85955-006932a593" "proxy-server 6" 0.0004 "-" 21 -
Dec 5 09:27:47 standalone account-server[114232]: 172.20.0.31 - - [05/Dec/2025:09:27:47 +0000] "HEAD /d1/248/AUTH_7273d6ac2d0348f09a81dfbac9c7b804" 404 - "HEAD http://swift-internal.openstack.svc:8080/v1/AUTH_7273d6ac2d0348f09a81dfbac9c7b804?format=json" "txc279b7183344436c85955-006932a593" "proxy-server 6" 0.0004 "-" 23 -
Dec 5 09:27:47 standalone account-server[114216]: 172.20.0.31 - - [05/Dec/2025:09:27:47 +0000] "HEAD /d1/520/AUTH_877402be1a2442908245729d053971d7" 404 - "HEAD http://swift-internal.openstack.svc:8080/v1/AUTH_877402be1a2442908245729d053971d7?format=json" "tx991fba5a87224abba90b9-006932a593" "proxy-server 14" 0.0004 "-" 20 -
Dec 5 09:27:47 standalone account-server[114216]: 172.20.0.31 - - [05/Dec/2025:09:27:47 +0000] "HEAD /d1/520/AUTH_877402be1a2442908245729d053971d7" 404 - "HEAD http://swift-internal.openstack.svc:8080/v1/AUTH_877402be1a2442908245729d053971d7?format=json" "tx991fba5a87224abba90b9-006932a593" "proxy-server 14" 0.0002 "-" 20 -
Dec 5 09:27:47 standalone account-server[114221]: 172.20.0.31 - - [05/Dec/2025:09:27:47 +0000] "HEAD /d1/905/AUTH_a6306323df84492b9e7760b6e1c8a63c" 404 - "HEAD http://swift-internal.openstack.svc:8080/v1/AUTH_a6306323df84492b9e7760b6e1c8a63c?format=json" "txff78cf7b8b0a401a9c0c8-006932a593" "proxy-server 13" 0.0004 "-" 21 -
Dec 5 09:27:47 standalone account-server[114221]: 172.20.0.31 - - [05/Dec/2025:09:27:47 +0000] "HEAD /d1/905/AUTH_a6306323df84492b9e7760b6e1c8a63c" 404 - "HEAD http://swift-internal.openstack.svc:8080/v1/AUTH_a6306323df84492b9e7760b6e1c8a63c?format=json" "txff78cf7b8b0a401a9c0c8-006932a593" "proxy-server 13" 0.0003 "-" 21 -
Dec 5 09:27:47 standalone account-server[114221]: 172.20.0.31 - - [05/Dec/2025:09:27:47 +0000] "HEAD /d1/484/AUTH_a6f3d2411ae04ea78a88d20a96ce1db9" 404 - "HEAD http://swift-internal.openstack.svc:8080/v1/AUTH_a6f3d2411ae04ea78a88d20a96ce1db9?format=json" "tx4b806283820d411b9a062-006932a593" "proxy-server 5" 0.0003 "-" 21 -
Dec 5 09:27:47 standalone account-server[114216]: 172.20.0.31 - - [05/Dec/2025:09:27:47 +0000] "HEAD /d1/484/AUTH_a6f3d2411ae04ea78a88d20a96ce1db9" 404 - "HEAD http://swift-internal.openstack.svc:8080/v1/AUTH_a6f3d2411ae04ea78a88d20a96ce1db9?format=json" "tx4b806283820d411b9a062-006932a593" "proxy-server 5" 0.0003 "-" 20 -
Dec 5 09:27:47 standalone account-server[114221]: 172.20.0.31 - - [05/Dec/2025:09:27:47 +0000] "HEAD /d1/136/AUTH_e6c759543f634ebca1bdf5b8ea9d14a4" 404 - "HEAD http://swift-internal.openstack.svc:8080/v1/AUTH_e6c759543f634ebca1bdf5b8ea9d14a4?format=json" "txa7cbd7c004224f909efa2-006932a593" "proxy-server 14" 0.0003 "-" 21 -
Dec 5 09:27:47 standalone account-server[114216]: 172.20.0.31 - - [05/Dec/2025:09:27:47 +0000] "HEAD /d1/136/AUTH_e6c759543f634ebca1bdf5b8ea9d14a4" 404 - "HEAD http://swift-internal.openstack.svc:8080/v1/AUTH_e6c759543f634ebca1bdf5b8ea9d14a4?format=json" "txa7cbd7c004224f909efa2-006932a593" "proxy-server 14" 0.0003 "-" 20 -
Dec 5 09:27:47 standalone account-server[114216]: 172.20.0.31 - - [05/Dec/2025:09:27:47 +0000] "HEAD /d1/220/AUTH_eb014e8797c542fd833af378f902a02a" 404 - "HEAD http://swift-internal.openstack.svc:8080/v1/AUTH_eb014e8797c542fd833af378f902a02a?format=json" "tx842f550fa1064031af5a4-006932a593" "proxy-server 14" 0.0003 "-" 20 -
Dec 5 09:27:47 standalone account-server[114216]: 172.20.0.31 - - [05/Dec/2025:09:27:47 +0000] "HEAD /d1/220/AUTH_eb014e8797c542fd833af378f902a02a" 404 - "HEAD http://swift-internal.openstack.svc:8080/v1/AUTH_eb014e8797c542fd833af378f902a02a?format=json" "tx842f550fa1064031af5a4-006932a593" "proxy-server 14" 0.0003 "-" 20 -
Dec 5 09:27:47 standalone account-server[114221]: 172.20.0.31 - - [05/Dec/2025:09:27:47 +0000] "HEAD /d1/67/AUTH_ef7b9b1d6a39443aa7ccee0cbbc4099a" 404 - "HEAD http://swift-internal.openstack.svc:8080/v1/AUTH_ef7b9b1d6a39443aa7ccee0cbbc4099a?format=json" "tx98961a43776540838936a-006932a593" "proxy-server 14" 0.0004 "-" 21 -
Dec 5 09:27:47 standalone account-server[114221]: 172.20.0.31 - - [05/Dec/2025:09:27:47 +0000] "HEAD /d1/67/AUTH_ef7b9b1d6a39443aa7ccee0cbbc4099a" 404 - "HEAD http://swift-internal.openstack.svc:8080/v1/AUTH_ef7b9b1d6a39443aa7ccee0cbbc4099a?format=json" "tx98961a43776540838936a-006932a593" "proxy-server 14" 0.0003 "-" 21 -
Dec 5 09:27:47 standalone account-server[114232]: 172.20.0.31 - - [05/Dec/2025:09:27:47 +0000] "HEAD /d1/784/AUTH_f8b19cc1c0d746bf890d962fffcd3970" 204 - "HEAD http://swift-internal.openstack.svc:8080/v1/AUTH_f8b19cc1c0d746bf890d962fffcd3970?format=json" "tx672488f1d28a44dc8e7bd-006932a593" "proxy-server 13" 0.0079 "-" 23 -
Dec 5 09:27:47 standalone account-server[114221]: 172.20.0.31 - - [05/Dec/2025:09:27:47 +0000] "HEAD /d1/784/AUTH_f8b19cc1c0d746bf890d962fffcd3970" 204 - "HEAD http://swift-internal.openstack.svc:8080/v1/AUTH_f8b19cc1c0d746bf890d962fffcd3970?format=json" "tx672488f1d28a44dc8e7bd-006932a593" "proxy-server 13" 0.0024 "-" 21 -
Dec 5 09:27:48 standalone account-server[114232]: 172.20.0.31 - - [05/Dec/2025:09:27:48 +0000] "GET /d1/877/AUTH_066ba1e3d2574da2b3fa5cafb2edd2ae" 404 - "GET http://swift-internal.openstack.svc:8080/v1/AUTH_066ba1e3d2574da2b3fa5cafb2edd2ae?format=json" "txa1298a92aade474b8a33f-006932a594" "proxy-server 14" 0.0005 "-" 23 -
Dec 5 09:27:48 standalone account-server[114229]: 172.20.0.31 - - [05/Dec/2025:09:27:48 +0000] "GET /d1/282/AUTH_3192d7460a54432f8149fbd7aa10f767" 404 - "GET http://swift-internal.openstack.svc:8080/v1/AUTH_3192d7460a54432f8149fbd7aa10f767?format=json" "tx7b93b46e6f2c4824ba9da-006932a594" "proxy-server 5" 0.0005 "-" 22 -
Dec 5 09:27:48 standalone account-server[114232]: 172.20.0.31 - - [05/Dec/2025:09:27:48 +0000] "GET /d1/119/AUTH_329387cc8f974591b008fa8c1f6dcf7c" 404 - "GET http://swift-internal.openstack.svc:8080/v1/AUTH_329387cc8f974591b008fa8c1f6dcf7c?format=json" "txd247051d57bd4e328fc71-006932a594" "proxy-server 5" 0.0003 "-" 23 -
Dec 5 09:27:48 standalone account-server[114216]: 172.20.0.31 - - [05/Dec/2025:09:27:48 +0000] "GET /d1/147/AUTH_45f458ebf1aa4b3c9a228c51669fb48f" 404 - "GET http://swift-internal.openstack.svc:8080/v1/AUTH_45f458ebf1aa4b3c9a228c51669fb48f?format=json" "tx53f87769dfba48978a5ee-006932a594" "proxy-server 14" 0.0005 "-" 20 -
Dec 5 09:27:48 standalone account-server[114232]: 172.20.0.31 - - [05/Dec/2025:09:27:48 +0000] "GET /d1/17/AUTH_46b4b8eb38dd40bf95680ee2c0afcf99" 404 - "GET http://swift-internal.openstack.svc:8080/v1/AUTH_46b4b8eb38dd40bf95680ee2c0afcf99?format=json" "txec7326a0c737468d9d24c-006932a594" "proxy-server 14" 0.0005 "-" 23 -
Dec 5 09:27:48 standalone account-server[114216]: 172.20.0.31 - - [05/Dec/2025:09:27:48 +0000] "GET /d1/1002/AUTH_51daab448217445eaba85da72b6c5fdb" 404 - "GET http://swift-internal.openstack.svc:8080/v1/AUTH_51daab448217445eaba85da72b6c5fdb?format=json" "tx45a880a300fd41f8aa0ca-006932a594" "proxy-server 14" 0.0004 "-" 20 -
Dec 5 09:27:48 standalone account-server[114229]: 172.20.0.31 - - [05/Dec/2025:09:27:48 +0000] "GET /d1/514/AUTH_632e5da34369466c9adf93a1e2053b06" 404 - "GET http://swift-internal.openstack.svc:8080/v1/AUTH_632e5da34369466c9adf93a1e2053b06?format=json" "txf95f07ccf58b444da37bd-006932a594" "proxy-server 13" 0.0004 "-" 22 -
Dec 5 09:27:48 standalone account-server[114221]: 172.20.0.31 - - [05/Dec/2025:09:27:48 +0000] "GET /d1/248/AUTH_7273d6ac2d0348f09a81dfbac9c7b804" 404 - "GET http://swift-internal.openstack.svc:8080/v1/AUTH_7273d6ac2d0348f09a81dfbac9c7b804?format=json" "tx864b9e81b71b4b059b8bc-006932a594" "proxy-server 5" 0.0006 "-" 21 -
Dec 5 09:27:48 standalone account-server[114232]: 172.20.0.31 - - [05/Dec/2025:09:27:48 +0000] "GET /d1/520/AUTH_877402be1a2442908245729d053971d7" 404 - "GET http://swift-internal.openstack.svc:8080/v1/AUTH_877402be1a2442908245729d053971d7?format=json" "txf8d0edd4f2604af2bf7af-006932a594" "proxy-server 13" 0.0005 "-" 23 -
Dec 5 09:27:49 standalone account-server[114216]: 172.20.0.31 - - [05/Dec/2025:09:27:49 +0000] "GET /d1/905/AUTH_a6306323df84492b9e7760b6e1c8a63c" 404 - "GET http://swift-internal.openstack.svc:8080/v1/AUTH_a6306323df84492b9e7760b6e1c8a63c?format=json" "txfac120bcced549d1b87e0-006932a594" "proxy-server 5" 0.0005 "-" 20 -
Dec 5 09:27:49 standalone account-server[114229]: 172.20.0.31 - - [05/Dec/2025:09:27:49 +0000] "GET /d1/484/AUTH_a6f3d2411ae04ea78a88d20a96ce1db9" 404 - "GET http://swift-internal.openstack.svc:8080/v1/AUTH_a6f3d2411ae04ea78a88d20a96ce1db9?format=json" "tx88c1b2506990454dbe0f2-006932a595" "proxy-server 13" 0.0005 "-" 22 -
Dec 5 09:27:49 standalone account-server[114229]: 172.20.0.31 - - [05/Dec/2025:09:27:49 +0000] "GET /d1/136/AUTH_e6c759543f634ebca1bdf5b8ea9d14a4" 404 - "GET http://swift-internal.openstack.svc:8080/v1/AUTH_e6c759543f634ebca1bdf5b8ea9d14a4?format=json" "tx9101be9262df4d5997eae-006932a595" "proxy-server 5" 0.0003 "-" 22 -
Dec 5 09:27:49 standalone account-server[114221]: 172.20.0.31 - - [05/Dec/2025:09:27:49 +0000] "GET /d1/220/AUTH_eb014e8797c542fd833af378f902a02a" 404 - "GET http://swift-internal.openstack.svc:8080/v1/AUTH_eb014e8797c542fd833af378f902a02a?format=json" "txb5376221f53848f495085-006932a595" "proxy-server 14" 0.0004 "-" 21 -
Dec 5 09:27:49 standalone account-server[114221]: 172.20.0.31 - - [05/Dec/2025:09:27:49 +0000] "GET /d1/67/AUTH_ef7b9b1d6a39443aa7ccee0cbbc4099a" 404 - "GET http://swift-internal.openstack.svc:8080/v1/AUTH_ef7b9b1d6a39443aa7ccee0cbbc4099a?format=json" "txa6208479f6414365a35ee-006932a595" "proxy-server 14" 0.0003 "-" 21 -
Dec 5 09:27:49 standalone account-server[114229]: 172.20.0.31 - - [05/Dec/2025:09:27:49 +0000] "GET /d1/784/AUTH_f8b19cc1c0d746bf890d962fffcd3970" 200 99 "GET http://swift-internal.openstack.svc:8080/v1/AUTH_f8b19cc1c0d746bf890d962fffcd3970?format=json" "tx1ba7e50253b34903b24ab-006932a595" "proxy-server 6" 0.0028 "-" 22 -
Dec 5 09:28:38 standalone account-server[114232]: 172.20.0.100 - - [05/Dec/2025:09:28:38 +0000] "HEAD /d1/34/.expiring_objects" 404 - "HEAD http://localhost/v1/.expiring_objects?format=json" "tx210f89199efd4c18ba9b5-006932a5c6" "proxy-server 2" 0.0008 "-" 23 -
Dec 5 09:28:38 standalone object-expirer[114139]: Pass completed in 0s; 0 objects expired (txn: tx210f89199efd4c18ba9b5-006932a5c6)
Dec 5 09:29:40 standalone account-server[114229]: 172.20.0.31 - - [05/Dec/2025:09:29:40 +0000] "HEAD /d1/784/AUTH_f8b19cc1c0d746bf890d962fffcd3970" 204 - "HEAD http://swift-internal.openstack.svc:8080/v1/AUTH_f8b19cc1c0d746bf890d962fffcd3970?format=json" "tx9b0134a8cad74c229a31e-006932a604" "proxy-server 6" 0.0038 "-" 22 -
Dec 5 09:29:40 standalone container-server[114410]: 172.20.0.31 - - [05/Dec/2025:09:29:40 +0000] "HEAD /d1/1019/AUTH_f8b19cc1c0d746bf890d962fffcd3970/glance" 204 - "HEAD http://swift-internal.openstack.svc:8080/v1/AUTH_f8b19cc1c0d746bf890d962fffcd3970/glance?format=json&states=listing" "tx9b0134a8cad74c229a31e-006932a604" "proxy-server 6" 0.0021 "-" 20 0
Dec 5 09:29:40 standalone container-server[114417]: 172.20.0.100 - - [05/Dec/2025:09:29:40 +0000] "PUT /d1/1019/AUTH_f8b19cc1c0d746bf890d962fffcd3970/glance/0e4ca860-33a9-43f5-a612-cbbb78f13fa0-00001" 201 - "PUT http://swift-internal.openstack.svc:8080/d1/722/AUTH_f8b19cc1c0d746bf890d962fffcd3970/glance/0e4ca860-33a9-43f5-a612-cbbb78f13fa0-00001" "tx257288d79e7d4b808c350-006932a604" "object-server 23" 0.0008 "-" 21 0
Dec 5 09:29:40 standalone object-server[114625]: 172.20.0.31 - - [05/Dec/2025:09:29:40 +0000] "PUT /d1/722/AUTH_f8b19cc1c0d746bf890d962fffcd3970/glance/0e4ca860-33a9-43f5-a612-cbbb78f13fa0-00001" 201 - "PUT http://swift-internal.openstack.svc:8080/v1/AUTH_f8b19cc1c0d746bf890d962fffcd3970/glance/0e4ca860-33a9-43f5-a612-cbbb78f13fa0-00001" "tx257288d79e7d4b808c350-006932a604" "proxy-server 6" 0.4388 "-" 23 0
Dec 5 09:29:40 standalone container-server[114410]: 172.20.0.100 - - [05/Dec/2025:09:29:40 +0000] "PUT /d1/1019/AUTH_f8b19cc1c0d746bf890d962fffcd3970/glance/0e4ca860-33a9-43f5-a612-cbbb78f13fa0" 201 - "PUT http://swift-internal.openstack.svc:8080/d1/456/AUTH_f8b19cc1c0d746bf890d962fffcd3970/glance/0e4ca860-33a9-43f5-a612-cbbb78f13fa0" "tx8b1cca20d81444d2ac9eb-006932a604" "object-server 25" 0.0011 "-" 20 0
Dec 5 09:29:40 standalone object-server[114631]: 172.20.0.31 - - [05/Dec/2025:09:29:40 +0000] "PUT /d1/456/AUTH_f8b19cc1c0d746bf890d962fffcd3970/glance/0e4ca860-33a9-43f5-a612-cbbb78f13fa0" 201 - "PUT http://swift-internal.openstack.svc:8080/v1/AUTH_f8b19cc1c0d746bf890d962fffcd3970/glance/0e4ca860-33a9-43f5-a612-cbbb78f13fa0" "tx8b1cca20d81444d2ac9eb-006932a604" "proxy-server 6" 0.0117 "-" 25 0
Dec 5 09:29:41 standalone object-server[114631]: 172.20.0.31 - - [05/Dec/2025:09:29:41 +0000] "HEAD /d1/456/AUTH_f8b19cc1c0d746bf890d962fffcd3970/glance/0e4ca860-33a9-43f5-a612-cbbb78f13fa0" 200 - "HEAD http://swift-internal.openstack.svc:8080/v1/AUTH_f8b19cc1c0d746bf890d962fffcd3970/glance/0e4ca860-33a9-43f5-a612-cbbb78f13fa0" "tx30627ede5c93441582178-006932a605" "proxy-server 14" 0.0015 "-" 25 0
Dec 5 09:29:41 standalone container-server[114421]: 172.20.0.31 - - [05/Dec/2025:09:29:41 +0000] "GET /d1/1019/AUTH_f8b19cc1c0d746bf890d962fffcd3970/glance" 200 210 "GET http://swift-internal.openstack.svc:8080/v1/AUTH_f8b19cc1c0d746bf890d962fffcd3970/glance?prefix=0e4ca860-33a9-43f5-a612-cbbb78f13fa0-&format=json&states=listing" "tx30627ede5c93441582178-006932a605" "proxy-server 14" 0.0082 "-" 22 0
Dec 5 09:29:41 standalone container-server[114417]: 172.20.0.31 - - [05/Dec/2025:09:29:41 +0000] "GET /d1/1019/AUTH_f8b19cc1c0d746bf890d962fffcd3970/glance" 200 210 "GET http://swift-internal.openstack.svc:8080/v1/AUTH_f8b19cc1c0d746bf890d962fffcd3970/glance?format=json&prefix=0e4ca860-33a9-43f5-a612-cbbb78f13fa0-&states=listing" "tx54e99deb03c44437ab7c5-006932a605" "proxy-server 14" 0.0025 "-" 21 0
Dec 5 09:29:41 standalone container-server[114417]: 172.20.0.100 - - [05/Dec/2025:09:29:41 +0000] "DELETE /d1/1019/AUTH_f8b19cc1c0d746bf890d962fffcd3970/glance/0e4ca860-33a9-43f5-a612-cbbb78f13fa0-00001" 204 - "DELETE http://swift-internal.openstack.svc:8080/d1/722/AUTH_f8b19cc1c0d746bf890d962fffcd3970/glance/0e4ca860-33a9-43f5-a612-cbbb78f13fa0-00001" "txfe41f802087241f0ae338-006932a605" "object-server 22" 0.0005 "-" 21 0
Dec 5 09:29:41 standalone object-server[114621]: 172.20.0.31 - - [05/Dec/2025:09:29:41 +0000] "DELETE /d1/722/AUTH_f8b19cc1c0d746bf890d962fffcd3970/glance/0e4ca860-33a9-43f5-a612-cbbb78f13fa0-00001" 204 - "DELETE http://swift-internal.openstack.svc:8080/v1/AUTH_f8b19cc1c0d746bf890d962fffcd3970/glance/0e4ca860-33a9-43f5-a612-cbbb78f13fa0-00001" "txfe41f802087241f0ae338-006932a605" "proxy-server 14" 0.0118 "-" 22 0
Dec 5 09:29:41 standalone container-server[114438]: 172.20.0.100 - - [05/Dec/2025:09:29:41 +0000] "DELETE /d1/1019/AUTH_f8b19cc1c0d746bf890d962fffcd3970/glance/0e4ca860-33a9-43f5-a612-cbbb78f13fa0" 204 - "DELETE http://swift-internal.openstack.svc:8080/d1/456/AUTH_f8b19cc1c0d746bf890d962fffcd3970/glance/0e4ca860-33a9-43f5-a612-cbbb78f13fa0" "tx0df4eedb97a34be28eec3-006932a605" "object-server 22" 0.0005 "-" 23 0
Dec 5 09:29:41 standalone object-server[114621]: 172.20.0.31 - - [05/Dec/2025:09:29:41 +0000] "DELETE /d1/456/AUTH_f8b19cc1c0d746bf890d962fffcd3970/glance/0e4ca860-33a9-43f5-a612-cbbb78f13fa0" 204 - "DELETE http://swift-internal.openstack.svc:8080/v1/AUTH_f8b19cc1c0d746bf890d962fffcd3970/glance/0e4ca860-33a9-43f5-a612-cbbb78f13fa0" "tx0df4eedb97a34be28eec3-006932a605" "proxy-server 14" 0.0059 "-" 22 0
Dec 5 09:30:09 standalone account-server[114221]: 172.20.0.100 - - [05/Dec/2025:09:30:09 +0000] "HEAD /d1/34/.expiring_objects" 404 - "HEAD http://localhost/v1/.expiring_objects?format=json" "txb4eb8d81f5374f5186868-006932a621" "proxy-server 2" 0.0008 "-" 21 -
Dec 5 09:30:09 standalone object-expirer[114139]: Pass completed in 0s; 0 objects expired (txn: txb4eb8d81f5374f5186868-006932a621)
Dec 5 09:31:31 standalone account-server[114232]: 172.20.0.100 - - [05/Dec/2025:09:31:31 +0000] "HEAD /d1/34/.expiring_objects" 404 - "HEAD http://localhost/v1/.expiring_objects?format=json" "txebe0cda9d9344dd3aaff2-006932a673" "proxy-server 2" 0.0009 "-" 23 -
Dec 5 09:31:31 standalone object-expirer[114139]: Pass completed in 0s; 0 objects expired (txn: txebe0cda9d9344dd3aaff2-006932a673)
Dec 5 09:31:55 standalone container-server[114594]: Begin container update sweep
Dec 5 09:31:56 standalone container-server[114594]: Container update sweep completed: 0.10s
Dec 5 09:32:04 standalone object-server[114575]: Begin object update sweep
Dec 5 09:32:04 standalone object-server[520889]: Object update sweep starting on /srv/node/d1 (pid: 31)
Dec 5 09:32:04 standalone object-server[520889]: Object update sweep completed on /srv/node/d1 in 0.00s seconds:, 0 successes, 0 failures, 0 quarantines, 0 unlinks, 0 errors, 0 redirects (pid: 31)
Dec 5 09:32:04 standalone object-server[520889]: Object update sweep of d1 completed: 0.00s, 0 successes, 0 failures, 0 quarantines, 0 unlinks, 0 errors, 0 redirects
Dec 5 09:32:04 standalone object-server[114575]: Object update sweep completed: 0.08s
Dec 5 09:32:47 standalone account-server[114216]: 172.20.0.31 - - [05/Dec/2025:09:32:47 +0000] "HEAD /d1/877/AUTH_066ba1e3d2574da2b3fa5cafb2edd2ae" 404 - "HEAD http://swift-internal.openstack.svc:8080/v1/AUTH_066ba1e3d2574da2b3fa5cafb2edd2ae?format=json" "tx8dc54d6401f34e19aa41f-006932a6bf" "proxy-server 6" 0.0008 "-" 20 -
Dec 5 09:32:47 standalone account-server[114221]: 172.20.0.31 - - [05/Dec/2025:09:32:47 +0000] "GET /d1/877/AUTH_066ba1e3d2574da2b3fa5cafb2edd2ae" 404 - "GET http://swift-internal.openstack.svc:8080/v1/AUTH_066ba1e3d2574da2b3fa5cafb2edd2ae?format=json" "tx8dc54d6401f34e19aa41f-006932a6bf" "proxy-server 6" 0.0005 "-" 21 -
Dec 5 09:32:47 standalone account-server[114221]: 172.20.0.31 - - [05/Dec/2025:09:32:47 +0000] "HEAD /d1/371/AUTH_1e584f0114e548659fcca81bdee1a309" 404 - "HEAD http://swift-internal.openstack.svc:8080/v1/AUTH_1e584f0114e548659fcca81bdee1a309?format=json" "txcbb09e07ec00463e99eb8-006932a6bf" "proxy-server 6" 0.0004 "-" 21 -
Dec 5 09:32:47 standalone account-server[114216]: 172.20.0.31 - - [05/Dec/2025:09:32:47 +0000] "GET /d1/371/AUTH_1e584f0114e548659fcca81bdee1a309" 404 - "GET http://swift-internal.openstack.svc:8080/v1/AUTH_1e584f0114e548659fcca81bdee1a309?format=json" "txcbb09e07ec00463e99eb8-006932a6bf" "proxy-server 6" 0.0005 "-" 20 -
Dec 5 09:32:47 standalone account-server[114232]: 172.20.0.31 - - [05/Dec/2025:09:32:47 +0000] "HEAD /d1/673/AUTH_6bafceca6aa44516a221b64871fe7fe1" 404 - "HEAD http://swift-internal.openstack.svc:8080/v1/AUTH_6bafceca6aa44516a221b64871fe7fe1?format=json" "tx1083245c19dc47018f44c-006932a6bf" "proxy-server 6" 0.0005 "-" 23 -
Dec 5 09:32:47 standalone account-server[114229]: 172.20.0.31 - - [05/Dec/2025:09:32:47 +0000] "GET /d1/673/AUTH_6bafceca6aa44516a221b64871fe7fe1" 404 - "GET http://swift-internal.openstack.svc:8080/v1/AUTH_6bafceca6aa44516a221b64871fe7fe1?format=json" "tx1083245c19dc47018f44c-006932a6bf" "proxy-server 6" 0.0006 "-" 22 -
Dec 5 09:32:47 standalone account-server[114229]: 172.20.0.31 - - [05/Dec/2025:09:32:47 +0000] "HEAD /d1/520/AUTH_877402be1a2442908245729d053971d7" 404 - "HEAD http://swift-internal.openstack.svc:8080/v1/AUTH_877402be1a2442908245729d053971d7?format=json" "txb02035c955004d4ba93ea-006932a6bf" "proxy-server 11" 0.0003 "-" 22 -
Dec 5 09:32:47 standalone account-server[114216]: 172.20.0.31 - - [05/Dec/2025:09:32:47 +0000] "GET /d1/520/AUTH_877402be1a2442908245729d053971d7" 404 - "GET http://swift-internal.openstack.svc:8080/v1/AUTH_877402be1a2442908245729d053971d7?format=json" "txb02035c955004d4ba93ea-006932a6bf" "proxy-server 11" 0.0005 "-" 20 -
Dec 5 09:32:47 standalone account-server[114229]: 172.20.0.31 - - [05/Dec/2025:09:32:47 +0000] "HEAD /d1/591/AUTH_a99a277bd0744d7798da3ba590db2c7f" 404 - "HEAD http://swift-internal.openstack.svc:8080/v1/AUTH_a99a277bd0744d7798da3ba590db2c7f?format=json" "txd7a8ca105f884bfea302f-006932a6bf" "proxy-server 6" 0.0004 "-" 22 -
Dec 5 09:32:47 standalone account-server[114229]: 172.20.0.31 - - [05/Dec/2025:09:32:47 +0000] "GET /d1/591/AUTH_a99a277bd0744d7798da3ba590db2c7f" 404 - "GET http://swift-internal.openstack.svc:8080/v1/AUTH_a99a277bd0744d7798da3ba590db2c7f?format=json" "txd7a8ca105f884bfea302f-006932a6bf" "proxy-server 6" 0.0003 "-" 22 -
Dec 5 09:32:47 standalone account-server[114216]: 172.20.0.31 - - [05/Dec/2025:09:32:47 +0000] "HEAD /d1/220/AUTH_eb014e8797c542fd833af378f902a02a" 404 - "HEAD http://swift-internal.openstack.svc:8080/v1/AUTH_eb014e8797c542fd833af378f902a02a?format=json" "tx4f29783300524777a0c11-006932a6bf" "proxy-server 5" 0.0004 "-" 20 -
Dec 5 09:32:47 standalone account-server[114216]: 172.20.0.31 - - [05/Dec/2025:09:32:47 +0000] "GET /d1/220/AUTH_eb014e8797c542fd833af378f902a02a" 404 - "GET http://swift-internal.openstack.svc:8080/v1/AUTH_eb014e8797c542fd833af378f902a02a?format=json" "tx4f29783300524777a0c11-006932a6bf" "proxy-server 5" 0.0004 "-" 20 -
Dec 5 09:32:47 standalone account-server[114221]: 172.20.0.31 - - [05/Dec/2025:09:32:47 +0000] "HEAD /d1/784/AUTH_f8b19cc1c0d746bf890d962fffcd3970" 204 - "HEAD http://swift-internal.openstack.svc:8080/v1/AUTH_f8b19cc1c0d746bf890d962fffcd3970?format=json" "txd95c5a0abd6342a8a4b41-006932a6bf" "proxy-server 11" 0.0025 "-" 21 -
Dec 5 09:32:47 standalone account-server[114216]: 172.20.0.31 - - [05/Dec/2025:09:32:47 +0000] "GET /d1/784/AUTH_f8b19cc1c0d746bf890d962fffcd3970" 200 99 "GET http://swift-internal.openstack.svc:8080/v1/AUTH_f8b19cc1c0d746bf890d962fffcd3970?format=json" "txd95c5a0abd6342a8a4b41-006932a6bf" "proxy-server 11" 0.0026 "-" 20 -
Dec 5 09:32:47 standalone account-server[114221]: 172.20.0.31 - - [05/Dec/2025:09:32:47 +0000] "HEAD /d1/877/AUTH_066ba1e3d2574da2b3fa5cafb2edd2ae" 404 - "HEAD http://swift-internal.openstack.svc:8080/v1/AUTH_066ba1e3d2574da2b3fa5cafb2edd2ae?format=json" "tx6d97c89e875d40fc91cbc-006932a6bf" "proxy-server 6" 0.0004 "-" 21 -
Dec 5 09:32:47 standalone account-server[114229]: 172.20.0.31 - - [05/Dec/2025:09:32:47 +0000] "HEAD /d1/371/AUTH_1e584f0114e548659fcca81bdee1a309" 404 - "HEAD http://swift-internal.openstack.svc:8080/v1/AUTH_1e584f0114e548659fcca81bdee1a309?format=json" "tx7a718a9c7ce04d1ebdd83-006932a6bf" "proxy-server 6" 0.0004 "-" 22 -
Dec 5 09:32:47 standalone account-server[114232]: 172.20.0.31 - - [05/Dec/2025:09:32:47 +0000] "HEAD /d1/673/AUTH_6bafceca6aa44516a221b64871fe7fe1" 404 - "HEAD http://swift-internal.openstack.svc:8080/v1/AUTH_6bafceca6aa44516a221b64871fe7fe1?format=json" "tx649b11dba0f34b008e42e-006932a6bf" "proxy-server 11" 0.0004 "-" 23 -
Dec 5 09:32:47 standalone account-server[114221]: 172.20.0.31 - - [05/Dec/2025:09:32:47 +0000] "HEAD /d1/520/AUTH_877402be1a2442908245729d053971d7" 404 - "HEAD http://swift-internal.openstack.svc:8080/v1/AUTH_877402be1a2442908245729d053971d7?format=json" "txb26a2b9b5887439094d4f-006932a6bf" "proxy-server 6" 0.0004 "-" 21 -
Dec 5 09:32:47 standalone account-server[114221]: 172.20.0.31 - - [05/Dec/2025:09:32:47 +0000] "HEAD /d1/591/AUTH_a99a277bd0744d7798da3ba590db2c7f" 404 - "HEAD http://swift-internal.openstack.svc:8080/v1/AUTH_a99a277bd0744d7798da3ba590db2c7f?format=json" "tx3817b67f25a7450c9893d-006932a6bf" "proxy-server 5" 0.0003 "-" 21 -
Dec 5 09:32:47 standalone account-server[114221]: 172.20.0.31 - - [05/Dec/2025:09:32:47 +0000] "HEAD /d1/220/AUTH_eb014e8797c542fd833af378f902a02a" 404 - "HEAD http://swift-internal.openstack.svc:8080/v1/AUTH_eb014e8797c542fd833af378f902a02a?format=json" "txbf3cc2d5c65945ea92efb-006932a6bf" "proxy-server 11" 0.0003 "-" 21 -
Dec 5 09:32:47 standalone account-server[114216]: 172.20.0.31 - - [05/Dec/2025:09:32:47 +0000] "HEAD /d1/784/AUTH_f8b19cc1c0d746bf890d962fffcd3970" 204 - "HEAD http://swift-internal.openstack.svc:8080/v1/AUTH_f8b19cc1c0d746bf890d962fffcd3970?format=json" "tx39f93b559c714e8e82ca7-006932a6bf" "proxy-server 5" 0.0022 "-" 20 -