Dec 5 07:52:12 standalone account-server[113834]: Starting 2
Dec 5 07:52:13 standalone account-server[113957]: Started child 20 from parent 2
Dec 5 07:52:13 standalone account-server[113957]: Started child 21 from parent 2
Dec 5 07:52:13 standalone account-server[113957]: Started child 22 from parent 2
Dec 5 07:52:13 standalone account-server[113957]: Started child 23 from parent 2
Dec 5 07:52:13 standalone object-expirer[114139]: Starting 2
Dec 5 07:52:13 standalone object-expirer[114139]: Option auto_create_account_prefix is deprecated. Configure auto_create_account_prefix under the swift-constraints section of swift.conf. This option will be ignored in a future release.
Dec 5 07:52:13 standalone container-server[114182]: Option allow_versions is deprecated. Configure the versioned_writes middleware in the proxy-server instead. This option will be ignored in a future release.
Dec 5 07:52:13 standalone container-server[114410]: Option allow_versions is deprecated. Configure the versioned_writes middleware in the proxy-server instead. This option will be ignored in a future release.
Dec 5 07:52:13 standalone container-server[114182]: Started child 20 from parent 2
Dec 5 07:52:13 standalone container-server[114417]: Option allow_versions is deprecated. Configure the versioned_writes middleware in the proxy-server instead. This option will be ignored in a future release.
Dec 5 07:52:13 standalone container-server[114182]: Started child 21 from parent 2
Dec 5 07:52:13 standalone container-server[114421]: Option allow_versions is deprecated. Configure the versioned_writes middleware in the proxy-server instead. This option will be ignored in a future release.
Dec 5 07:52:13 standalone container-server[114182]: Started child 22 from parent 2
Dec 5 07:52:13 standalone container-server[114438]: Option allow_versions is deprecated. Configure the versioned_writes middleware in the proxy-server instead. This option will be ignored in a future release.
Dec 5 07:52:13 standalone container-server[114182]: Started child 23 from parent 2
Dec 5 07:52:14 standalone object-server[114400]: Started child 22 from parent 2
Dec 5 07:52:14 standalone object-server[114400]: Started child 23 from parent 2
Dec 5 07:52:14 standalone object-server[114400]: Started child 24 from parent 2
Dec 5 07:52:14 standalone object-server[114400]: Started child 25 from parent 2
Dec 5 07:52:14 standalone object-server[114575]: Starting 2
Dec 5 07:52:14 standalone container-server[114594]: Starting 2
Dec 5 07:52:19 standalone proxy-server[115970]: Starting Keystone auth_token middleware
Dec 5 07:52:19 standalone proxy-server[115970]: AuthToken middleware is set with keystone_authtoken.service_token_roles_required set to False. This is backwards compatible but deprecated behaviour. Please set this to True.
Dec 5 07:52:19 standalone proxy-server[116114]: Starting Keystone auth_token middleware
Dec 5 07:52:19 standalone proxy-server[116114]: STDERR: The option "bind_port" is not known to keystonemiddleware
Dec 5 07:52:19 standalone proxy-server[116114]: STDERR: The option "workers" is not known to keystonemiddleware
Dec 5 07:52:19 standalone proxy-server[116114]: STDERR: The option "user" is not known to keystonemiddleware
Dec 5 07:52:19 standalone proxy-server[116114]: STDERR: The option "bind_ip" is not known to keystonemiddleware
Dec 5 07:52:19 standalone proxy-server[116114]: STDERR: The option "log_name" is not known to keystonemiddleware
Dec 5 07:52:19 standalone proxy-server[116114]: STDERR: The option "log_facility" is not known to keystonemiddleware
Dec 5 07:52:19 standalone proxy-server[116114]: STDERR: The option "log_level" is not known to keystonemiddleware
Dec 5 07:52:19 standalone proxy-server[116114]: STDERR: The option "log_headers" is not known to keystonemiddleware
Dec 5 07:52:19 standalone proxy-server[116114]: STDERR: The option "log_address" is not known to keystonemiddleware
Dec 5 07:52:19 standalone proxy-server[116114]: STDERR: The option "project_name" is not known to keystonemiddleware
Dec 5 07:52:19 standalone proxy-server[116114]: STDERR: The option "username" is not known to keystonemiddleware
Dec 5 07:52:19 standalone proxy-server[116114]: STDERR: The option "password" is not known to keystonemiddleware
Dec 5 07:52:19 standalone proxy-server[116114]: STDERR: The option "auth_url" is not known to keystonemiddleware
Dec 5 07:52:19 standalone proxy-server[116114]: STDERR: The option "signing_dir" is not known to keystonemiddleware
Dec 5 07:52:19 standalone proxy-server[116114]: STDERR: The option "project_domain_id" is not known to keystonemiddleware
Dec 5 07:52:19 standalone proxy-server[116114]: STDERR: The option "user_domain_id" is not known to keystonemiddleware
Dec 5 07:52:19 standalone proxy-server[116114]: STDERR: The option "__name__" is not known to keystonemiddleware
Dec 5 07:52:19 standalone proxy-server[116114]: AuthToken middleware is set with keystone_authtoken.service_token_roles_required set to False. This is backwards compatible but deprecated behaviour. Please set this to True.
Dec 5 07:52:19 standalone proxy-server[115970]: Started child 21 from parent 2
Dec 5 07:55:07 standalone account-server[114229]: 172.20.0.100 - - [05/Dec/2025:07:55:07 +0000] "HEAD /d1/34/.expiring_objects" 404 - "HEAD http://localhost/v1/.expiring_objects?format=json" "tx7563927d2069499397d84-0069328fdb" "proxy-server 2" 0.0016 "-" 22 -
Dec 5 07:55:07 standalone object-expirer[114139]: Pass completed in 0s; 0 objects expired (txn: tx7563927d2069499397d84-0069328fdb)
Dec 5 07:56:54 standalone container-server[114594]: Begin container update sweep
Dec 5 07:56:54 standalone container-server[114594]: Container update sweep completed: 0.00s
Dec 5 07:57:02 standalone object-server[114575]: Begin object update sweep
Dec 5 07:57:02 standalone object-server[144894]: Object update sweep starting on /srv/node/d1 (pid: 12)
Dec 5 07:57:02 standalone object-server[144894]: Object update sweep completed on /srv/node/d1 in 0.00s seconds:, 0 successes, 0 failures, 0 quarantines, 0 unlinks, 0 errors, 0 redirects (pid: 12)
Dec 5 07:57:02 standalone object-server[144894]: Object update sweep of d1 completed: 0.00s, 0 successes, 0 failures, 0 quarantines, 0 unlinks, 0 errors, 0 redirects
Dec 5 07:57:02 standalone object-server[114575]: Object update sweep completed: 0.08s
Dec 5 07:57:38 standalone account-server[114229]: 172.20.0.100 - - [05/Dec/2025:07:57:38 +0000] "HEAD /d1/34/.expiring_objects" 404 - "HEAD http://localhost/v1/.expiring_objects?format=json" "tx90f9fe6aa2eb461c8d3a6-0069329072" "proxy-server 2" 0.0008 "-" 22 -
Dec 5 07:57:38 standalone object-expirer[114139]: Pass completed in 0s; 0 objects expired (txn: tx90f9fe6aa2eb461c8d3a6-0069329072)
Dec 5 07:57:42 standalone account-server[114229]: 172.20.0.100 - - [05/Dec/2025:07:57:42 +0000] "HEAD /d1/34/.expiring_objects" 404 - "HEAD http://localhost/v1/.expiring_objects?format=json" "txf1c8eb4affa446889e37b-0069329076" "proxy-server 2" 0.0009 "-" 22 -
Dec 5 07:57:42 standalone object-expirer[114139]: Pass completed in 0s; 0 objects expired (txn: txf1c8eb4affa446889e37b-0069329076)
Dec 5 07:58:02 standalone proxy-server[116114]: 172.21.0.2 ::1 05/Dec/2025/07/58/02 GET /info HTTP/1.0 200 - python-urllib3/1.26.5 gAAAAABpMpCGx6vv... - 1671 - tx05b03c0826c14eadb7d0d-0069329089 - 0.5186 - - 1764921481.568024158 1764921482.086597681 -
Dec 5 07:58:07 standalone account-server[114232]: 172.20.0.100 - - [05/Dec/2025:07:58:07 +0000] "HEAD /d1/784/AUTH_f8b19cc1c0d746bf890d962fffcd3970" 404 - "HEAD http://localhost:8080/v1/AUTH_f8b19cc1c0d746bf890d962fffcd3970?format=json" "tx1e05b1709e7f43d3b868c-006932908f" "proxy-server 21" 0.0010 "-" 23 -
Dec 5 07:58:07 standalone proxy-server[116114]: - - 05/Dec/2025/07/58/07 HEAD /v1/AUTH_f8b19cc1c0d746bf890d962fffcd3970%3Fformat%3Djson HTTP/1.0 200 - Swift - - - - tx1e05b1709e7f43d3b868c-006932908f - 0.0059 RL - 1764921487.123495579 1764921487.129436970 -
Dec 5 07:58:07 standalone proxy-server[116114]: 172.18.0.2 ::1 05/Dec/2025/07/58/07 HEAD /v1/AUTH_f8b19cc1c0d746bf890d962fffcd3970/glance%3Fformat%3Djson HTTP/1.0 404 - python-swiftclient-3.11.1 gAAAAABpMpCPwNWv... - - - tx1e05b1709e7f43d3b868c-006932908f - 0.0906 - - 1764921487.122440100 1764921487.213029623 -
Dec 5 07:58:07 standalone account-server[114232]: 172.20.0.100 - - [05/Dec/2025:07:58:07 +0000] "PUT /d1/784/AUTH_f8b19cc1c0d746bf890d962fffcd3970" 201 - "-" "tx951635da834042239e406-006932908f" "-" 0.0147 "-" 23 -
Dec 5 07:58:07 standalone proxy-server[116114]: autocreate account '/AUTH_f8b19cc1c0d746bf890d962fffcd3970' (txn: tx951635da834042239e406-006932908f)
Dec 5 07:58:07 standalone account-server[114221]: 172.20.0.100 - - [05/Dec/2025:07:58:07 +0000] "HEAD /d1/784/AUTH_f8b19cc1c0d746bf890d962fffcd3970" 204 - "HEAD http://localhost:8080/v1/AUTH_f8b19cc1c0d746bf890d962fffcd3970?format=json" "tx951635da834042239e406-006932908f" "proxy-server 21" 0.0024 "-" 21 -
Dec 5 07:58:07 standalone account-server[114216]: 172.20.0.100 - - [05/Dec/2025:07:58:07 +0000] "PUT /d1/784/AUTH_f8b19cc1c0d746bf890d962fffcd3970/glance" 201 - "PUT http://172.20.0.100:6001/d1/1019/AUTH_f8b19cc1c0d746bf890d962fffcd3970/glance" "tx951635da834042239e406-006932908f" "container-server 20" 0.0019 "-" 20 0
Dec 5 07:58:07 standalone container-server[114410]: 172.20.0.100 - - [05/Dec/2025:07:58:07 +0000] "PUT /d1/1019/AUTH_f8b19cc1c0d746bf890d962fffcd3970/glance" 201 - "PUT http://localhost:8080/v1/AUTH_f8b19cc1c0d746bf890d962fffcd3970/glance" "tx951635da834042239e406-006932908f" "proxy-server 21" 0.0167 "-" 20 0
Dec 5 07:58:07 standalone proxy-server[116114]: 172.18.0.2 ::1 05/Dec/2025/07/58/07 PUT /v1/AUTH_f8b19cc1c0d746bf890d962fffcd3970/glance HTTP/1.0 201 - python-swiftclient-3.11.1 gAAAAABpMpCPwNWv... - - - tx951635da834042239e406-006932908f - 0.0495 - - 1764921487.221396208 1764921487.270885468 0
Dec 5 07:58:07 standalone container-server[114421]: 172.20.0.100 - - [05/Dec/2025:07:58:07 +0000] "HEAD /d1/1019/AUTH_f8b19cc1c0d746bf890d962fffcd3970/glance" 204 - "HEAD http://localhost:8080/v1/AUTH_f8b19cc1c0d746bf890d962fffcd3970/glance?format=json&states=listing" "tx1572b6f0edef4c8294501-006932908f" "proxy-server 21" 0.0021 "-" 22 0
Dec 5 07:58:07 standalone proxy-server[116114]: - - 05/Dec/2025/07/58/07 HEAD /v1/AUTH_f8b19cc1c0d746bf890d962fffcd3970/glance%3Fformat%3Djson%26states%3Dlisting HTTP/1.0 204 - Swift - - - - tx1572b6f0edef4c8294501-006932908f - 0.0067 RL - 1764921487.280594587 1764921487.287338257 0
Dec 5 07:58:07 standalone container-server[114438]: 172.20.0.100 - - [05/Dec/2025:07:58:07 +0000] "PUT /d1/1019/AUTH_f8b19cc1c0d746bf890d962fffcd3970/glance/2ec5f06f-d5dc-43f2-b752-2939c84ae14b-00001" 201 - "PUT http://localhost:8080/d1/200/AUTH_f8b19cc1c0d746bf890d962fffcd3970/glance/2ec5f06f-d5dc-43f2-b752-2939c84ae14b-00001" "tx1572b6f0edef4c8294501-006932908f" "object-server 23" 0.0018 "-" 23 0
Dec 5 07:58:07 standalone object-server[114625]: 172.20.0.100 - - [05/Dec/2025:07:58:07 +0000] "PUT /d1/200/AUTH_f8b19cc1c0d746bf890d962fffcd3970/glance/2ec5f06f-d5dc-43f2-b752-2939c84ae14b-00001" 201 - "PUT http://localhost:8080/v1/AUTH_f8b19cc1c0d746bf890d962fffcd3970/glance/2ec5f06f-d5dc-43f2-b752-2939c84ae14b-00001" "tx1572b6f0edef4c8294501-006932908f" "proxy-server 21" 0.2559 "-" 23 0
Dec 5 07:58:07 standalone proxy-server[116114]: 172.18.0.2 ::1 05/Dec/2025/07/58/07 PUT /v1/AUTH_f8b19cc1c0d746bf890d962fffcd3970/glance/2ec5f06f-d5dc-43f2-b752-2939c84ae14b-00001 HTTP/1.0 201 - python-swiftclient-3.11.1 gAAAAABpMpCPwNWv... 16300544 - - tx1572b6f0edef4c8294501-006932908f - 0.2736 - - 1764921487.279095888 1764921487.552703857 0
Dec 5 07:58:07 standalone container-server[114417]: 172.20.0.100 - - [05/Dec/2025:07:58:07 +0000] "PUT /d1/1019/AUTH_f8b19cc1c0d746bf890d962fffcd3970/glance/2ec5f06f-d5dc-43f2-b752-2939c84ae14b" 201 - "PUT http://localhost:8080/d1/180/AUTH_f8b19cc1c0d746bf890d962fffcd3970/glance/2ec5f06f-d5dc-43f2-b752-2939c84ae14b" "tx502d7f4f0732485fa37ac-006932908f" "object-server 23" 0.0017 "-" 21 0
Dec 5 07:58:07 standalone object-server[114625]: 172.20.0.100 - - [05/Dec/2025:07:58:07 +0000] "PUT /d1/180/AUTH_f8b19cc1c0d746bf890d962fffcd3970/glance/2ec5f06f-d5dc-43f2-b752-2939c84ae14b" 201 - "PUT http://localhost:8080/v1/AUTH_f8b19cc1c0d746bf890d962fffcd3970/glance/2ec5f06f-d5dc-43f2-b752-2939c84ae14b" "tx502d7f4f0732485fa37ac-006932908f" "proxy-server 21" 0.0134 "-" 23 0
Dec 5 07:58:07 standalone proxy-server[116114]: 172.18.0.2 ::1 05/Dec/2025/07/58/07 PUT /v1/AUTH_f8b19cc1c0d746bf890d962fffcd3970/glance/2ec5f06f-d5dc-43f2-b752-2939c84ae14b HTTP/1.0 201 - python-swiftclient-3.11.1 gAAAAABpMpCPwNWv... - - - tx502d7f4f0732485fa37ac-006932908f - 0.0218 - - 1764921487.559749365 1764921487.581577778 0
Dec 5 07:58:08 standalone container-server[114410]: 172.20.0.100 - - [05/Dec/2025:07:58:08 +0000] "HEAD /d1/1019/AUTH_f8b19cc1c0d746bf890d962fffcd3970/glance" 204 - "HEAD http://localhost:8080/v1/AUTH_f8b19cc1c0d746bf890d962fffcd3970/glance?format=json&states=listing" "tx4162eae1c3e04680bb7b8-0069329090" "proxy-server 21" 0.0139 "-" 20 0
Dec 5 07:58:08 standalone proxy-server[116114]: 172.18.0.2 ::1 05/Dec/2025/07/58/08 HEAD /v1/AUTH_f8b19cc1c0d746bf890d962fffcd3970/glance%3Fformat%3Djson%26states%3Dlisting HTTP/1.0 204 - python-swiftclient-3.11.1 gAAAAABpMpCQUqby... - - - tx4162eae1c3e04680bb7b8-0069329090 - 0.0472 - - 1764921488.217378855 1764921488.264544725 0
Dec 5 07:58:08 standalone container-server[114410]: 172.20.0.100 - - [05/Dec/2025:07:58:08 +0000] "PUT /d1/1019/AUTH_f8b19cc1c0d746bf890d962fffcd3970/glance/cc81955e-d12b-4bee-b301-edfa3cc44b34-00001" 201 - "PUT http://localhost:8080/d1/683/AUTH_f8b19cc1c0d746bf890d962fffcd3970/glance/cc81955e-d12b-4bee-b301-edfa3cc44b34-00001" "txfefe1aaf1380479fbe964-0069329090" "object-server 22" 0.0009 "-" 20 0
Dec 5 07:58:08 standalone object-server[114621]: 172.20.0.100 - - [05/Dec/2025:07:58:08 +0000] "PUT /d1/683/AUTH_f8b19cc1c0d746bf890d962fffcd3970/glance/cc81955e-d12b-4bee-b301-edfa3cc44b34-00001" 201 - "PUT http://localhost:8080/v1/AUTH_f8b19cc1c0d746bf890d962fffcd3970/glance/cc81955e-d12b-4bee-b301-edfa3cc44b34-00001" "txfefe1aaf1380479fbe964-0069329090" "proxy-server 21" 0.1885 "-" 22 0
Dec 5 07:58:08 standalone proxy-server[116114]: 172.18.0.2 ::1 05/Dec/2025/07/58/08 PUT /v1/AUTH_f8b19cc1c0d746bf890d962fffcd3970/glance/cc81955e-d12b-4bee-b301-edfa3cc44b34-00001 HTTP/1.0 201 - python-swiftclient-3.11.1 gAAAAABpMpCQUqby... 16300544 - - txfefe1aaf1380479fbe964-0069329090 - 0.1981 - - 1764921488.272508144 1764921488.470611811 0
Dec 5 07:58:08 standalone container-server[114417]: 172.20.0.100 - - [05/Dec/2025:07:58:08 +0000] "PUT /d1/1019/AUTH_f8b19cc1c0d746bf890d962fffcd3970/glance/cc81955e-d12b-4bee-b301-edfa3cc44b34" 201 - "PUT http://localhost:8080/d1/387/AUTH_f8b19cc1c0d746bf890d962fffcd3970/glance/cc81955e-d12b-4bee-b301-edfa3cc44b34" "txc650f5d0579f436f8858c-0069329090" "object-server 23" 0.0008 "-" 21 0
Dec 5 07:58:08 standalone object-server[114625]: 172.20.0.100 - - [05/Dec/2025:07:58:08 +0000] "PUT /d1/387/AUTH_f8b19cc1c0d746bf890d962fffcd3970/glance/cc81955e-d12b-4bee-b301-edfa3cc44b34" 201 - "PUT http://localhost:8080/v1/AUTH_f8b19cc1c0d746bf890d962fffcd3970/glance/cc81955e-d12b-4bee-b301-edfa3cc44b34" "txc650f5d0579f436f8858c-0069329090" "proxy-server 21" 0.0107 "-" 23 0
Dec 5 07:58:08 standalone proxy-server[116114]: 172.18.0.2 ::1 05/Dec/2025/07/58/08 PUT /v1/AUTH_f8b19cc1c0d746bf890d962fffcd3970/glance/cc81955e-d12b-4bee-b301-edfa3cc44b34 HTTP/1.0 201 - python-swiftclient-3.11.1 gAAAAABpMpCQUqby... - - - txc650f5d0579f436f8858c-0069329090 - 0.0192 - - 1764921488.477166176 1764921488.496324301 0
Dec 5 07:58:13 standalone account-server[114229]: 172.20.0.100 - - [05/Dec/2025:07:58:13 +0000] "HEAD /d1/34/.expiring_objects" 404 - "HEAD http://localhost/v1/.expiring_objects?format=json" "txfd1518bd9c5e4be786ef7-0069329095" "proxy-server 2" 0.0006 "-" 22 -
Dec 5 07:58:13 standalone object-expirer[114139]: Pass completed in 0s; 0 objects expired (txn: txfd1518bd9c5e4be786ef7-0069329095)
Dec 5 08:00:15 standalone account-server[114221]: 172.20.0.100 - - [05/Dec/2025:08:00:15 +0000] "HEAD /d1/34/.expiring_objects" 404 - "HEAD http://localhost/v1/.expiring_objects?format=json" "tx60b65ef0647a412d81191-006932910f" "proxy-server 2" 0.0008 "-" 21 -
Dec 5 08:00:15 standalone object-expirer[114139]: Pass completed in 0s; 0 objects expired (txn: tx60b65ef0647a412d81191-006932910f)
Dec 5 08:01:40 standalone account-server[114229]: 172.20.0.100 - - [05/Dec/2025:08:01:40 +0000] "HEAD /d1/34/.expiring_objects" 404 - "HEAD http://localhost/v1/.expiring_objects?format=json" "txd4ca3e8fb1b04def8c0bd-0069329164" "proxy-server 2" 0.0005 "-" 22 -
Dec 5 08:01:40 standalone object-expirer[114139]: Pass completed in 0s; 0 objects expired (txn: txd4ca3e8fb1b04def8c0bd-0069329164)
Dec 5 08:01:54 standalone container-server[114594]: Begin container update sweep
Dec 5 08:01:54 standalone account-server[114232]: 172.20.0.100 - - [05/Dec/2025:08:01:54 +0000] "PUT /d1/784/AUTH_f8b19cc1c0d746bf890d962fffcd3970/glance" 201 - "-" "-" "container-updater 2" 0.0008 "-" 23 0
Dec 5 08:01:54 standalone container-server[114594]: Container update sweep completed: 0.08s
Dec 5 08:02:02 standalone object-server[114575]: Begin object update sweep
Dec 5 08:02:02 standalone object-server[170875]: Object update sweep starting on /srv/node/d1 (pid: 13)
Dec 5 08:02:02 standalone object-server[170875]: Object update sweep completed on /srv/node/d1 in 0.00s seconds:, 0 successes, 0 failures, 0 quarantines, 0 unlinks, 0 errors, 0 redirects (pid: 13)
Dec 5 08:02:02 standalone object-server[170875]: Object update sweep of d1 completed: 0.00s, 0 successes, 0 failures, 0 quarantines, 0 unlinks, 0 errors, 0 redirects
Dec 5 08:02:02 standalone object-server[114575]: Object update sweep completed: 0.10s
Dec 5 08:02:25 standalone account-server[114229]: 172.20.0.100 - - [05/Dec/2025:08:02:25 +0000] "HEAD /d1/34/.expiring_objects" 404 - "HEAD http://localhost/v1/.expiring_objects?format=json" "txe7f4e21f2df54c3096b5f-0069329191" "proxy-server 2" 0.0008 "-" 22 -
Dec 5 08:02:25 standalone object-expirer[114139]: Pass completed in 0s; 0 objects expired (txn: txe7f4e21f2df54c3096b5f-0069329191)
Dec 5 08:02:43 standalone account-server[114221]: 172.20.0.100 - - [05/Dec/2025:08:02:43 +0000] "HEAD /d1/784/AUTH_f8b19cc1c0d746bf890d962fffcd3970" 204 - "HEAD http://localhost:8080/v1/AUTH_f8b19cc1c0d746bf890d962fffcd3970?format=json" "tx3f3b70a1dd054d9f89753-00693291a3" "proxy-server 21" 0.0076 "-" 21 -
Dec 5 08:02:43 standalone proxy-server[116114]: - - 05/Dec/2025/08/02/43 HEAD /v1/AUTH_f8b19cc1c0d746bf890d962fffcd3970%3Fformat%3Djson HTTP/1.0 204 - Swift - - - - tx3f3b70a1dd054d9f89753-00693291a3 - 0.0130 RL - 1764921763.933516502 1764921763.946545124 -
Dec 5 08:02:44 standalone container-server[114438]: 172.20.0.100 - - [05/Dec/2025:08:02:44 +0000] "HEAD /d1/1019/AUTH_f8b19cc1c0d746bf890d962fffcd3970/glance" 204 - "HEAD http://localhost:8080/v1/AUTH_f8b19cc1c0d746bf890d962fffcd3970/glance?format=json&states=listing" "tx3f3b70a1dd054d9f89753-00693291a3" "proxy-server 21" 0.0032 "-" 23 0
Dec 5 08:02:44 standalone proxy-server[116114]: 172.18.0.2 ::1 05/Dec/2025/08/02/44 HEAD /v1/AUTH_f8b19cc1c0d746bf890d962fffcd3970/glance%3Fformat%3Djson%26states%3Dlisting HTTP/1.0 204 - python-swiftclient-3.11.1 gAAAAABpMpGj0IzJ... - - - tx3f3b70a1dd054d9f89753-00693291a3 - 0.2197 - - 1764921763.932444811 1764921764.152127266 0
Dec 5 08:02:46 standalone container-server[114410]: 172.20.0.100 - - [05/Dec/2025:08:02:46 +0000] "PUT /d1/1019/AUTH_f8b19cc1c0d746bf890d962fffcd3970/glance/4cfbd6a6-2dde-4e14-bc2a-b5d2f2e74cd9-00001" 201 - "PUT http://localhost:8080/d1/47/AUTH_f8b19cc1c0d746bf890d962fffcd3970/glance/4cfbd6a6-2dde-4e14-bc2a-b5d2f2e74cd9-00001" "tx0f5376c3ea19405285efc-00693291a4" "object-server 25" 0.0010 "-" 20 0
Dec 5 08:02:46 standalone object-server[114631]: 172.20.0.100 - - [05/Dec/2025:08:02:46 +0000] "PUT /d1/47/AUTH_f8b19cc1c0d746bf890d962fffcd3970/glance/4cfbd6a6-2dde-4e14-bc2a-b5d2f2e74cd9-00001" 201 - "PUT http://localhost:8080/v1/AUTH_f8b19cc1c0d746bf890d962fffcd3970/glance/4cfbd6a6-2dde-4e14-bc2a-b5d2f2e74cd9-00001" "tx0f5376c3ea19405285efc-00693291a4" "proxy-server 21" 2.4408 "-" 25 0
Dec 5 08:02:46 standalone proxy-server[116114]: 172.18.0.2 ::1 05/Dec/2025/08/02/46 PUT /v1/AUTH_f8b19cc1c0d746bf890d962fffcd3970/glance/4cfbd6a6-2dde-4e14-bc2a-b5d2f2e74cd9-00001 HTTP/1.0 201 - python-swiftclient-3.11.1 gAAAAABpMpGj0IzJ... 21692416 - - tx0f5376c3ea19405285efc-00693291a4 - 2.4487 - - 1764921764.157826185 1764921766.606546402 0
Dec 5 08:02:46 standalone container-server[114410]: 172.20.0.100 - - [05/Dec/2025:08:02:46 +0000] "PUT /d1/1019/AUTH_f8b19cc1c0d746bf890d962fffcd3970/glance/4cfbd6a6-2dde-4e14-bc2a-b5d2f2e74cd9" 201 - "PUT http://localhost:8080/d1/989/AUTH_f8b19cc1c0d746bf890d962fffcd3970/glance/4cfbd6a6-2dde-4e14-bc2a-b5d2f2e74cd9" "tx3f2f4b1f464a43dab03b5-00693291a6" "object-server 22" 0.0007 "-" 20 0
Dec 5 08:02:46 standalone object-server[114621]: 172.20.0.100 - - [05/Dec/2025:08:02:46 +0000] "PUT /d1/989/AUTH_f8b19cc1c0d746bf890d962fffcd3970/glance/4cfbd6a6-2dde-4e14-bc2a-b5d2f2e74cd9" 201 - "PUT http://localhost:8080/v1/AUTH_f8b19cc1c0d746bf890d962fffcd3970/glance/4cfbd6a6-2dde-4e14-bc2a-b5d2f2e74cd9" "tx3f2f4b1f464a43dab03b5-00693291a6" "proxy-server 21" 0.0082 "-" 22 0
Dec 5 08:02:46 standalone proxy-server[116114]: 172.18.0.2 ::1 05/Dec/2025/08/02/46 PUT /v1/AUTH_f8b19cc1c0d746bf890d962fffcd3970/glance/4cfbd6a6-2dde-4e14-bc2a-b5d2f2e74cd9 HTTP/1.0 201 - python-swiftclient-3.11.1 gAAAAABpMpGj0IzJ... - - - tx3f2f4b1f464a43dab03b5-00693291a6 - 0.0168 - - 1764921766.613821268 1764921766.630606651 0
Dec 5 08:03:50 standalone account-server[114221]: 172.20.0.100 - - [05/Dec/2025:08:03:50 +0000] "HEAD /d1/784/AUTH_f8b19cc1c0d746bf890d962fffcd3970" 204 - "HEAD http://localhost:8080/v1/AUTH_f8b19cc1c0d746bf890d962fffcd3970?format=json" "tx0fd333a17a04410ea79da-00693291e6" "proxy-server 21" 0.0020 "-" 21 -
Dec 5 08:03:50 standalone proxy-server[116114]: - - 05/Dec/2025/08/03/50 HEAD /v1/AUTH_f8b19cc1c0d746bf890d962fffcd3970%3Fformat%3Djson HTTP/1.0 204 - Swift - - - - tx0fd333a17a04410ea79da-00693291e6 - 0.0070 RL - 1764921830.414361715 1764921830.421364307 -
Dec 5 08:03:50 standalone container-server[114410]: 172.20.0.100 - - [05/Dec/2025:08:03:50 +0000] "HEAD /d1/1019/AUTH_f8b19cc1c0d746bf890d962fffcd3970/glance" 204 - "HEAD http://localhost:8080/v1/AUTH_f8b19cc1c0d746bf890d962fffcd3970/glance?format=json&states=listing" "tx0fd333a17a04410ea79da-00693291e6" "proxy-server 21" 0.0075 "-" 20 0
Dec 5 08:03:50 standalone object-server[114621]: 172.20.0.100 - - [05/Dec/2025:08:03:50 +0000] "GET /d1/989/AUTH_f8b19cc1c0d746bf890d962fffcd3970/glance/4cfbd6a6-2dde-4e14-bc2a-b5d2f2e74cd9" 200 - "GET http://localhost:8080/v1/AUTH_f8b19cc1c0d746bf890d962fffcd3970/glance/4cfbd6a6-2dde-4e14-bc2a-b5d2f2e74cd9" "tx0fd333a17a04410ea79da-00693291e6" "proxy-server 21" 0.0011 "-" 22 0
Dec 5 08:03:50 standalone container-server[114421]: 172.20.0.100 - - [05/Dec/2025:08:03:50 +0000] "GET /d1/1019/AUTH_f8b19cc1c0d746bf890d962fffcd3970/glance" 200 210 "GET http://localhost:8080/v1/AUTH_f8b19cc1c0d746bf890d962fffcd3970/glance?prefix=4cfbd6a6-2dde-4e14-bc2a-b5d2f2e74cd9-&format=json&states=listing" "tx0fd333a17a04410ea79da-00693291e6" "proxy-server 21" 0.0040 "-" 22 0
Dec 5 08:03:50 standalone proxy-server[116114]: - - 05/Dec/2025/08/03/50 GET /v1/AUTH_f8b19cc1c0d746bf890d962fffcd3970/glance%3Fprefix%3D4cfbd6a6-2dde-4e14-bc2a-b5d2f2e74cd9-%26format%3Djson%26states%3Dlisting HTTP/1.0 200 - python-swiftclient-3.11.1%20DLO%20MultipartGET gAAAAABpMpHmva5h... - 210 - tx0fd333a17a04410ea79da-00693291e6 - 0.0085 DLO - 1764921830.503801346 1764921830.512302160 0
Dec 5 08:03:50 standalone object-server[114625]: 172.20.0.100 - - [05/Dec/2025:08:03:50 +0000] "GET /d1/47/AUTH_f8b19cc1c0d746bf890d962fffcd3970/glance/4cfbd6a6-2dde-4e14-bc2a-b5d2f2e74cd9-00001" 200 21692416 "GET http://localhost:8080/v1/AUTH_f8b19cc1c0d746bf890d962fffcd3970/glance/4cfbd6a6-2dde-4e14-bc2a-b5d2f2e74cd9-00001?multipart-manifest=get" "tx0fd333a17a04410ea79da-00693291e6" "proxy-server 21" 0.0009 "-" 23 0
Dec 5 08:03:50 standalone proxy-server[116114]: - - 05/Dec/2025/08/03/50 GET /v1/AUTH_f8b19cc1c0d746bf890d962fffcd3970/glance/4cfbd6a6-2dde-4e14-bc2a-b5d2f2e74cd9-00001%3Fmultipart-manifest%3Dget HTTP/1.0 200 - python-swiftclient-3.11.1%20%20DLO%20MultipartGET gAAAAABpMpHmva5h... - 21692416 - tx0fd333a17a04410ea79da-00693291e6 - 0.1140 DLO - 1764921830.512952328 1764921830.626989603 0
Dec 5 08:03:50 standalone proxy-server[116114]: 172.18.0.2 ::1 05/Dec/2025/08/03/50 GET /v1/AUTH_f8b19cc1c0d746bf890d962fffcd3970/glance/4cfbd6a6-2dde-4e14-bc2a-b5d2f2e74cd9 HTTP/1.0 200 - python-swiftclient-3.11.1 gAAAAABpMpHmva5h... - 21692416 - tx0fd333a17a04410ea79da-00693291e6 - 0.2139 - - 1764921830.413664579 1764921830.627551317 0
Dec 5 08:06:54 standalone container-server[114594]: Begin container update sweep
Dec 5 08:06:54 standalone account-server[114216]: 172.20.0.100 - - [05/Dec/2025:08:06:54 +0000] "PUT /d1/784/AUTH_f8b19cc1c0d746bf890d962fffcd3970/glance" 201 - "-" "-" "container-updater 2" 0.0011 "-" 20 0
Dec 5 08:06:54 standalone container-server[114594]: Container update sweep completed: 0.09s
Dec 5 08:07:02 standalone object-server[114575]: Begin object update sweep
Dec 5 08:07:02 standalone object-server[197087]: Object update sweep starting on /srv/node/d1 (pid: 14)
Dec 5 08:07:02 standalone object-server[197087]: Object update sweep completed on /srv/node/d1 in 0.00s seconds:, 0 successes, 0 failures, 0 quarantines, 0 unlinks, 0 errors, 0 redirects (pid: 14)
Dec 5 08:07:02 standalone object-server[197087]: Object update sweep of d1 completed: 0.00s, 0 successes, 0 failures, 0 quarantines, 0 unlinks, 0 errors, 0 redirects
Dec 5 08:07:02 standalone object-server[114575]: Object update sweep completed: 0.11s
Dec 5 08:07:21 standalone account-server[114216]: 172.20.0.100 - - [05/Dec/2025:08:07:21 +0000] "HEAD /d1/34/.expiring_objects" 404 - "HEAD http://localhost/v1/.expiring_objects?format=json" "txfc9cf0ca0f0b4382937fc-00693292b9" "proxy-server 2" 0.0010 "-" 20 -
Dec 5 08:07:21 standalone object-expirer[114139]: Pass completed in 0s; 0 objects expired (txn: txfc9cf0ca0f0b4382937fc-00693292b9)
Dec 5 08:08:30 standalone account-server[113834]: Devices pass completed: 0.00s
Dec 5 08:11:40 standalone account-server[114232]: 172.20.0.100 - - [05/Dec/2025:08:11:40 +0000] "HEAD /d1/34/.expiring_objects" 404 - "HEAD http://localhost/v1/.expiring_objects?format=json" "txd7073c9fe45e4881b8a6c-00693293bc" "proxy-server 2" 0.0011 "-" 23 -
Dec 5 08:11:40 standalone object-expirer[114139]: Pass completed in 0s; 0 objects expired (txn: txd7073c9fe45e4881b8a6c-00693293bc)
Dec 5 08:11:54 standalone container-server[114594]: Begin container update sweep
Dec 5 08:11:54 standalone container-server[114594]: Container update sweep completed: 0.08s
Dec 5 08:12:02 standalone object-server[114575]: Begin object update sweep
Dec 5 08:12:02 standalone object-server[223064]: Object update sweep starting on /srv/node/d1 (pid: 15)
Dec 5 08:12:02 standalone object-server[223064]: Object update sweep completed on /srv/node/d1 in 0.00s seconds:, 0 successes, 0 failures, 0 quarantines, 0 unlinks, 0 errors, 0 redirects (pid: 15)
Dec 5 08:12:02 standalone object-server[223064]: Object update sweep of d1 completed: 0.00s, 0 successes, 0 failures, 0 quarantines, 0 unlinks, 0 errors, 0 redirects
Dec 5 08:12:03 standalone object-server[114575]: Object update sweep completed: 0.07s
Dec 5 08:15:56 standalone account-server[114216]: 172.20.0.100 - - [05/Dec/2025:08:15:56 +0000] "HEAD /d1/34/.expiring_objects" 404 - "HEAD http://localhost/v1/.expiring_objects?format=json" "tx87afd41a4b2849269f768-00693294bc" "proxy-server 2" 0.0007 "-" 20 -
Dec 5 08:15:56 standalone object-expirer[114139]: Pass completed in 0s; 0 objects expired (txn: tx87afd41a4b2849269f768-00693294bc)
Dec 5 08:16:33 standalone account-server[114221]: 172.20.0.31 - - [05/Dec/2025:08:16:33 +0000] "HEAD /d1/520/AUTH_877402be1a2442908245729d053971d7" 404 - "HEAD http://swift-public-openstack.apps-crc.testing/v1/AUTH_877402be1a2442908245729d053971d7?format=json" "tx8410d7116d37473f843ad-00693294e1" "proxy-server 8" 0.0009 "-" 21 -
Dec 5 08:16:34 standalone account-server[114221]: 172.20.0.31 - - [05/Dec/2025:08:16:34 +0000] "GET /d1/520/AUTH_877402be1a2442908245729d053971d7" 404 - "GET http://swift-public-openstack.apps-crc.testing/v1/AUTH_877402be1a2442908245729d053971d7?format=json" "tx8410d7116d37473f843ad-00693294e1" "proxy-server 8" 0.0005 "-" 21 -
Dec 5 08:16:50 standalone account-server[114216]: 172.20.0.100 - - [05/Dec/2025:08:16:50 +0000] "HEAD /d1/34/.expiring_objects" 404 - "HEAD http://localhost/v1/.expiring_objects?format=json" "tx50c097c665e2495eab401-00693294f2" "proxy-server 2" 0.0005 "-" 20 -
Dec 5 08:16:50 standalone object-expirer[114139]: Pass completed in 0s; 0 objects expired (txn: tx50c097c665e2495eab401-00693294f2)
Dec 5 08:16:54 standalone container-server[114594]: Begin container update sweep
Dec 5 08:16:54 standalone container-server[114594]: Container update sweep completed: 0.08s
Dec 5 08:17:03 standalone object-server[114575]: Begin object update sweep
Dec 5 08:17:03 standalone object-server[242462]: Object update sweep starting on /srv/node/d1 (pid: 16)
Dec 5 08:17:03 standalone object-server[242462]: Object update sweep completed on /srv/node/d1 in 0.00s seconds:, 0 successes, 0 failures, 0 quarantines, 0 unlinks, 0 errors, 0 redirects (pid: 16)
Dec 5 08:17:03 standalone object-server[242462]: Object update sweep of d1 completed: 0.00s, 0 successes, 0 failures, 0 quarantines, 0 unlinks, 0 errors, 0 redirects
Dec 5 08:17:03 standalone object-server[114575]: Object update sweep completed: 0.08s
Dec 5 08:17:40 standalone account-server[114221]: 172.20.0.100 - - [05/Dec/2025:08:17:40 +0000] "HEAD /d1/34/.expiring_objects" 404 - "HEAD http://localhost/v1/.expiring_objects?format=json" "txb29c1f5e3da74ddf994f8-0069329524" "proxy-server 2" 0.0009 "-" 21 -
Dec 5 08:17:40 standalone object-expirer[114139]: Pass completed in 0s; 0 objects expired (txn: txb29c1f5e3da74ddf994f8-0069329524)
Dec 5 08:19:51 standalone account-server[114216]: 172.20.0.100 - - [05/Dec/2025:08:19:51 +0000] "HEAD /d1/34/.expiring_objects" 404 - "HEAD http://localhost/v1/.expiring_objects?format=json" "tx5fd3a52ca94746eb9f597-00693295a7" "proxy-server 2" 0.0006 "-" 20 -
Dec 5 08:19:51 standalone object-expirer[114139]: Pass completed in 0s; 0 objects expired (txn: tx5fd3a52ca94746eb9f597-00693295a7)
Dec 5 08:21:54 standalone container-server[114594]: Begin container update sweep
Dec 5 08:21:54 standalone container-server[114594]: Container update sweep completed: 0.07s
Dec 5 08:22:03 standalone object-server[114575]: Begin object update sweep
Dec 5 08:22:03 standalone object-server[261782]: Object update sweep starting on /srv/node/d1 (pid: 17)
Dec 5 08:22:03 standalone object-server[261782]: Object update sweep completed on /srv/node/d1 in 0.00s seconds:, 0 successes, 0 failures, 0 quarantines, 0 unlinks, 0 errors, 0 redirects (pid: 17)
Dec 5 08:22:03 standalone object-server[261782]: Object update sweep of d1 completed: 0.00s, 0 successes, 0 failures, 0 quarantines, 0 unlinks, 0 errors, 0 redirects
Dec 5 08:22:03 standalone object-server[114575]: Object update sweep completed: 0.09s
Dec 5 08:22:28 standalone account-server[114232]: 172.20.0.100 - - [05/Dec/2025:08:22:28 +0000] "HEAD /d1/34/.expiring_objects" 404 - "HEAD http://localhost/v1/.expiring_objects?format=json" "tx227c0f9e4f7045218c31a-0069329644" "proxy-server 2" 0.0010 "-" 23 -
Dec 5 08:22:28 standalone object-expirer[114139]: Pass completed in 0s; 0 objects expired (txn: tx227c0f9e4f7045218c31a-0069329644)
Dec 5 08:26:54 standalone container-server[114594]: Begin container update sweep
Dec 5 08:26:54 standalone container-server[114594]: Container update sweep completed: 0.08s
Dec 5 08:27:00 standalone account-server[114229]: 172.20.0.31 - - [05/Dec/2025:08:27:00 +0000] "HEAD /d1/877/AUTH_066ba1e3d2574da2b3fa5cafb2edd2ae" 404 - "HEAD http://swift-internal.openstack.svc:8080/v1/AUTH_066ba1e3d2574da2b3fa5cafb2edd2ae?format=json" "txb72fa60a0a8a4e6196f2b-0069329754" "proxy-server 12" 0.0008 "-" 22 -
Dec 5 08:27:01 standalone account-server[114221]: 172.20.0.31 - - [05/Dec/2025:08:27:01 +0000] "HEAD /d1/877/AUTH_066ba1e3d2574da2b3fa5cafb2edd2ae" 404 - "HEAD http://swift-internal.openstack.svc:8080/v1/AUTH_066ba1e3d2574da2b3fa5cafb2edd2ae?format=json" "txb72fa60a0a8a4e6196f2b-0069329754" "proxy-server 12" 0.0004 "-" 21 -
Dec 5 08:27:01 standalone account-server[114221]: 172.20.0.31 - - [05/Dec/2025:08:27:01 +0000] "HEAD /d1/520/AUTH_877402be1a2442908245729d053971d7" 404 - "HEAD http://swift-internal.openstack.svc:8080/v1/AUTH_877402be1a2442908245729d053971d7?format=json" "tx100997dcc8f24724a2011-0069329755" "proxy-server 15" 0.0003 "-" 21 -
Dec 5 08:27:01 standalone account-server[114216]: 172.20.0.31 - - [05/Dec/2025:08:27:01 +0000] "HEAD /d1/520/AUTH_877402be1a2442908245729d053971d7" 404 - "HEAD http://swift-internal.openstack.svc:8080/v1/AUTH_877402be1a2442908245729d053971d7?format=json" "tx100997dcc8f24724a2011-0069329755" "proxy-server 15" 0.0008 "-" 20 -
Dec 5 08:27:01 standalone account-server[114216]: 172.20.0.31 - - [05/Dec/2025:08:27:01 +0000] "HEAD /d1/220/AUTH_eb014e8797c542fd833af378f902a02a" 404 - "HEAD http://swift-internal.openstack.svc:8080/v1/AUTH_eb014e8797c542fd833af378f902a02a?format=json" "tx25226782a0bc4791a9d31-0069329755" "proxy-server 15" 0.0003 "-" 20 -
Dec 5 08:27:01 standalone account-server[114216]: 172.20.0.31 - - [05/Dec/2025:08:27:01 +0000] "HEAD /d1/220/AUTH_eb014e8797c542fd833af378f902a02a" 404 - "HEAD http://swift-internal.openstack.svc:8080/v1/AUTH_eb014e8797c542fd833af378f902a02a?format=json" "tx25226782a0bc4791a9d31-0069329755" "proxy-server 15" 0.0003 "-" 20 -
Dec 5 08:27:01 standalone account-server[114229]: 172.20.0.31 - - [05/Dec/2025:08:27:01 +0000] "HEAD /d1/784/AUTH_f8b19cc1c0d746bf890d962fffcd3970" 204 - "HEAD http://swift-internal.openstack.svc:8080/v1/AUTH_f8b19cc1c0d746bf890d962fffcd3970?format=json" "txe6baef0d22424a5e8d50f-0069329755" "proxy-server 15" 0.0100 "-" 22 -
Dec 5 08:27:01 standalone account-server[114216]: 172.20.0.31 - - [05/Dec/2025:08:27:01 +0000] "HEAD /d1/784/AUTH_f8b19cc1c0d746bf890d962fffcd3970" 204 - "HEAD http://swift-internal.openstack.svc:8080/v1/AUTH_f8b19cc1c0d746bf890d962fffcd3970?format=json" "txe6baef0d22424a5e8d50f-0069329755" "proxy-server 15" 0.0023 "-" 20 -
Dec 5 08:27:03 standalone object-server[114575]: Begin object update sweep
Dec 5 08:27:03 standalone object-server[281064]: Object update sweep starting on /srv/node/d1 (pid: 18)
Dec 5 08:27:03 standalone object-server[281064]: Object update sweep completed on /srv/node/d1 in 0.00s seconds:, 0 successes, 0 failures, 0 quarantines, 0 unlinks, 0 errors, 0 redirects (pid: 18)
Dec 5 08:27:03 standalone object-server[281064]: Object update sweep of d1 completed: 0.00s, 0 successes, 0 failures, 0 quarantines, 0 unlinks, 0 errors, 0 redirects
Dec 5 08:27:03 standalone object-server[114575]: Object update sweep completed: 0.08s
Dec 5 08:27:03 standalone account-server[114221]: 172.20.0.31 - - [05/Dec/2025:08:27:03 +0000] "GET /d1/877/AUTH_066ba1e3d2574da2b3fa5cafb2edd2ae" 404 - "GET http://swift-internal.openstack.svc:8080/v1/AUTH_066ba1e3d2574da2b3fa5cafb2edd2ae?format=json" "txcc37f6fa215e448e846c0-0069329757" "proxy-server 12" 0.0005 "-" 21 -
Dec 5 08:27:03 standalone account-server[114221]: 172.20.0.31 - - [05/Dec/2025:08:27:03 +0000] "GET /d1/520/AUTH_877402be1a2442908245729d053971d7" 404 - "GET http://swift-internal.openstack.svc:8080/v1/AUTH_877402be1a2442908245729d053971d7?format=json" "tx6fb3dfbb8fa54c519e349-0069329757" "proxy-server 12" 0.0002 "-" 21 -
Dec 5 08:27:04 standalone account-server[114229]: 172.20.0.31 - - [05/Dec/2025:08:27:04 +0000] "GET /d1/220/AUTH_eb014e8797c542fd833af378f902a02a" 404 - "GET http://swift-internal.openstack.svc:8080/v1/AUTH_eb014e8797c542fd833af378f902a02a?format=json" "txbda68352ab624ae68bb68-0069329758" "proxy-server 12" 0.0002 "-" 22 -
Dec 5 08:27:04 standalone account-server[114216]: 172.20.0.31 - - [05/Dec/2025:08:27:04 +0000] "GET /d1/784/AUTH_f8b19cc1c0d746bf890d962fffcd3970" 200 98 "GET http://swift-internal.openstack.svc:8080/v1/AUTH_f8b19cc1c0d746bf890d962fffcd3970?format=json" "txa62c9598906c464697579-0069329758" "proxy-server 15" 0.0019 "-" 20 -
Dec 5 08:27:21 standalone account-server[114216]: 172.20.0.100 - - [05/Dec/2025:08:27:21 +0000] "HEAD /d1/34/.expiring_objects" 404 - "HEAD http://localhost/v1/.expiring_objects?format=json" "tx9e24fc0126944ec2b919d-0069329769" "proxy-server 2" 0.0009 "-" 20 -
Dec 5 08:27:21 standalone object-expirer[114139]: Pass completed in 0s; 0 objects expired (txn: tx9e24fc0126944ec2b919d-0069329769)
Dec 5 08:27:37 standalone account-server[114229]: 172.20.0.31 - - [05/Dec/2025:08:27:37 +0000] "HEAD /d1/877/AUTH_066ba1e3d2574da2b3fa5cafb2edd2ae" 404 - "HEAD http://swift-internal.openstack.svc:8080/v1/AUTH_066ba1e3d2574da2b3fa5cafb2edd2ae?format=json" "tx4e07a61634f74a09bbdbf-0069329778" "proxy-server 12" 0.0009 "-" 22 -
Dec 5 08:27:37 standalone account-server[114221]: 172.20.0.31 - - [05/Dec/2025:08:27:37 +0000] "HEAD /d1/520/AUTH_877402be1a2442908245729d053971d7" 404 - "HEAD http://swift-internal.openstack.svc:8080/v1/AUTH_877402be1a2442908245729d053971d7?format=json" "tx7bb9cbfc6d62472c9d5ba-0069329779" "proxy-server 12" 0.0005 "-" 21 -
Dec 5 08:27:37 standalone account-server[114232]: 172.20.0.31 - - [05/Dec/2025:08:27:37 +0000] "HEAD /d1/220/AUTH_eb014e8797c542fd833af378f902a02a" 404 - "HEAD http://swift-internal.openstack.svc:8080/v1/AUTH_eb014e8797c542fd833af378f902a02a?format=json" "txb3683ccc44f143099efe5-0069329779" "proxy-server 12" 0.0005 "-" 23 -
Dec 5 08:27:37 standalone account-server[114229]: 172.20.0.31 - - [05/Dec/2025:08:27:37 +0000] "HEAD /d1/784/AUTH_f8b19cc1c0d746bf890d962fffcd3970" 204 - "HEAD http://swift-internal.openstack.svc:8080/v1/AUTH_f8b19cc1c0d746bf890d962fffcd3970?format=json" "tx0fdf7e22b1634736b5eaa-0069329779" "proxy-server 12" 0.0022 "-" 22 -
Dec 5 08:27:37 standalone account-server[114229]: 172.20.0.31 - - [05/Dec/2025:08:27:37 +0000] "GET /d1/877/AUTH_066ba1e3d2574da2b3fa5cafb2edd2ae" 404 - "GET http://swift-internal.openstack.svc:8080/v1/AUTH_066ba1e3d2574da2b3fa5cafb2edd2ae?format=json" "tx964de0b2082e4bb5a1d75-0069329779" "proxy-server 12" 0.0003 "-" 22 -
Dec 5 08:27:37 standalone account-server[114221]: 172.20.0.31 - - [05/Dec/2025:08:27:37 +0000] "GET /d1/520/AUTH_877402be1a2442908245729d053971d7" 404 - "GET http://swift-internal.openstack.svc:8080/v1/AUTH_877402be1a2442908245729d053971d7?format=json" "tx9ba03d677bf8404d80e6a-0069329779" "proxy-server 15" 0.0006 "-" 21 -
Dec 5 08:27:37 standalone account-server[114232]: 172.20.0.31 - - [05/Dec/2025:08:27:37 +0000] "GET /d1/220/AUTH_eb014e8797c542fd833af378f902a02a" 404 - "GET http://swift-internal.openstack.svc:8080/v1/AUTH_eb014e8797c542fd833af378f902a02a?format=json" "tx3438d2924fc94c32a21b3-0069329779" "proxy-server 12" 0.0006 "-" 23 -
Dec 5 08:27:37 standalone account-server[114232]: 172.20.0.31 - - [05/Dec/2025:08:27:37 +0000] "GET /d1/784/AUTH_f8b19cc1c0d746bf890d962fffcd3970" 200 98 "GET http://swift-internal.openstack.svc:8080/v1/AUTH_f8b19cc1c0d746bf890d962fffcd3970?format=json" "tx6d68bf66fb47440c9f1b3-0069329779" "proxy-server 15" 0.0038 "-" 23 -
Dec 5 08:27:47 standalone account-server[114216]: 172.20.0.31 - - [05/Dec/2025:08:27:47 +0000] "HEAD /d1/877/AUTH_066ba1e3d2574da2b3fa5cafb2edd2ae" 404 - "HEAD http://swift-internal.openstack.svc:8080/v1/AUTH_066ba1e3d2574da2b3fa5cafb2edd2ae?format=json" "txadbcbf760d9442eab754d-0069329783" "proxy-server 15" 0.0010 "-" 20 -
Dec 5 08:27:47 standalone account-server[114229]: 172.20.0.31 - - [05/Dec/2025:08:27:47 +0000] "HEAD /d1/520/AUTH_877402be1a2442908245729d053971d7" 404 - "HEAD http://swift-internal.openstack.svc:8080/v1/AUTH_877402be1a2442908245729d053971d7?format=json" "txa3b9c6235a7c4a938a11b-0069329783" "proxy-server 15" 0.0007 "-" 22 -
Dec 5 08:27:47 standalone account-server[114216]: 172.20.0.31 - - [05/Dec/2025:08:27:47 +0000] "HEAD /d1/220/AUTH_eb014e8797c542fd833af378f902a02a" 404 - "HEAD http://swift-internal.openstack.svc:8080/v1/AUTH_eb014e8797c542fd833af378f902a02a?format=json" "tx246d603c1ce8485aab928-0069329783" "proxy-server 12" 0.0006 "-" 20 -
Dec 5 08:27:47 standalone account-server[114229]: 172.20.0.31 - - [05/Dec/2025:08:27:47 +0000] "HEAD /d1/784/AUTH_f8b19cc1c0d746bf890d962fffcd3970" 204 - "HEAD http://swift-internal.openstack.svc:8080/v1/AUTH_f8b19cc1c0d746bf890d962fffcd3970?format=json" "txa0b08723039547dd82093-0069329783" "proxy-server 15" 0.0023 "-" 22 -
Dec 5 08:27:49 standalone account-server[114232]: 172.20.0.31 - - [05/Dec/2025:08:27:49 +0000] "GET /d1/877/AUTH_066ba1e3d2574da2b3fa5cafb2edd2ae" 404 - "GET http://swift-internal.openstack.svc:8080/v1/AUTH_066ba1e3d2574da2b3fa5cafb2edd2ae?format=json" "txd1fc6961e15e4ecea7113-0069329785" "proxy-server 15" 0.0006 "-" 23 -
Dec 5 08:27:49 standalone account-server[114232]: 172.20.0.31 - - [05/Dec/2025:08:27:49 +0000] "GET /d1/520/AUTH_877402be1a2442908245729d053971d7" 404 - "GET http://swift-internal.openstack.svc:8080/v1/AUTH_877402be1a2442908245729d053971d7?format=json" "tx164084a9440c42ca98e1f-0069329785" "proxy-server 12" 0.0006 "-" 23 -
Dec 5 08:27:49 standalone account-server[114232]: 172.20.0.31 - - [05/Dec/2025:08:27:49 +0000] "GET /d1/220/AUTH_eb014e8797c542fd833af378f902a02a" 404 - "GET http://swift-internal.openstack.svc:8080/v1/AUTH_eb014e8797c542fd833af378f902a02a?format=json" "tx7b5204dd61504d1887e18-0069329785" "proxy-server 15" 0.0005 "-" 23 -
Dec 5 08:27:49 standalone account-server[114216]: 172.20.0.31 - - [05/Dec/2025:08:27:49 +0000] "GET /d1/784/AUTH_f8b19cc1c0d746bf890d962fffcd3970" 200 98 "GET http://swift-internal.openstack.svc:8080/v1/AUTH_f8b19cc1c0d746bf890d962fffcd3970?format=json" "tx03ce3aaa28084ceaa039d-0069329785" "proxy-server 12" 0.0029 "-" 20 -
Dec 5 08:31:19 standalone account-server[114221]: 172.20.0.100 - - [05/Dec/2025:08:31:19 +0000] "HEAD /d1/34/.expiring_objects" 404 - "HEAD http://localhost/v1/.expiring_objects?format=json" "tx087ad07c62f04dfa9f48e-0069329857" "proxy-server 2" 0.0007 "-" 21 -
Dec 5 08:31:19 standalone object-expirer[114139]: Pass completed in 0s; 0 objects expired (txn: tx087ad07c62f04dfa9f48e-0069329857)
Dec 5 08:31:54 standalone container-server[114594]: Begin container update sweep
Dec 5 08:31:55 standalone container-server[114594]: Container update sweep completed: 0.08s
Dec 5 08:32:03 standalone object-server[114575]: Begin object update sweep
Dec 5 08:32:03 standalone object-server[294201]: Object update sweep starting on /srv/node/d1 (pid: 19)
Dec 5 08:32:03 standalone object-server[294201]: Object update sweep completed on /srv/node/d1 in 0.00s seconds:, 0 successes, 0 failures, 0 quarantines, 0 unlinks, 0 errors, 0 redirects (pid: 19)
Dec 5 08:32:03 standalone object-server[294201]: Object update sweep of d1 completed: 0.00s, 0 successes, 0 failures, 0 quarantines, 0 unlinks, 0 errors, 0 redirects
Dec 5 08:32:03 standalone object-server[114575]: Object update sweep completed: 0.08s
Dec 5 08:32:46 standalone account-server[114216]: 172.20.0.31 - - [05/Dec/2025:08:32:46 +0000] "HEAD /d1/877/AUTH_066ba1e3d2574da2b3fa5cafb2edd2ae" 404 - "HEAD http://swift-internal.openstack.svc:8080/v1/AUTH_066ba1e3d2574da2b3fa5cafb2edd2ae?format=json" "tx385e71ddd8d545c3add97-00693298ae" "proxy-server 5" 0.0009 "-" 20 -
Dec 5 08:32:47 standalone account-server[114232]: 172.20.0.31 - - [05/Dec/2025:08:32:47 +0000] "GET /d1/877/AUTH_066ba1e3d2574da2b3fa5cafb2edd2ae" 404 - "GET http://swift-internal.openstack.svc:8080/v1/AUTH_066ba1e3d2574da2b3fa5cafb2edd2ae?format=json" "tx385e71ddd8d545c3add97-00693298ae" "proxy-server 5" 0.0005 "-" 23 -
Dec 5 08:32:47 standalone account-server[114232]: 172.20.0.31 - - [05/Dec/2025:08:32:47 +0000] "HEAD /d1/520/AUTH_877402be1a2442908245729d053971d7" 404 - "HEAD http://swift-internal.openstack.svc:8080/v1/AUTH_877402be1a2442908245729d053971d7?format=json" "tx55ae1f54060c45b5b7375-00693298af" "proxy-server 14" 0.0007 "-" 23 -
Dec 5 08:32:47 standalone account-server[114229]: 172.20.0.31 - - [05/Dec/2025:08:32:47 +0000] "GET /d1/520/AUTH_877402be1a2442908245729d053971d7" 404 - "GET http://swift-internal.openstack.svc:8080/v1/AUTH_877402be1a2442908245729d053971d7?format=json" "tx55ae1f54060c45b5b7375-00693298af" "proxy-server 14" 0.0005 "-" 22 -
Dec 5 08:32:47 standalone account-server[114216]: 172.20.0.31 - - [05/Dec/2025:08:32:47 +0000] "HEAD /d1/220/AUTH_eb014e8797c542fd833af378f902a02a" 404 - "HEAD http://swift-internal.openstack.svc:8080/v1/AUTH_eb014e8797c542fd833af378f902a02a?format=json" "tx11769631aedb40d5bda59-00693298af" "proxy-server 14" 0.0007 "-" 20 -
Dec 5 08:32:47 standalone account-server[114232]: 172.20.0.31 - - [05/Dec/2025:08:32:47 +0000] "GET /d1/220/AUTH_eb014e8797c542fd833af378f902a02a" 404 - "GET http://swift-internal.openstack.svc:8080/v1/AUTH_eb014e8797c542fd833af378f902a02a?format=json" "tx11769631aedb40d5bda59-00693298af" "proxy-server 14" 0.0006 "-" 23 -
Dec 5 08:32:47 standalone account-server[114221]: 172.20.0.31 - - [05/Dec/2025:08:32:47 +0000] "HEAD /d1/784/AUTH_f8b19cc1c0d746bf890d962fffcd3970" 204 - "HEAD http://swift-internal.openstack.svc:8080/v1/AUTH_f8b19cc1c0d746bf890d962fffcd3970?format=json" "tx0c18157e0f9049c9bd81d-00693298af" "proxy-server 5" 0.0027 "-" 21 -
Dec 5 08:32:47 standalone account-server[114221]: 172.20.0.31 - - [05/Dec/2025:08:32:47 +0000] "GET /d1/784/AUTH_f8b19cc1c0d746bf890d962fffcd3970" 200 98 "GET http://swift-internal.openstack.svc:8080/v1/AUTH_f8b19cc1c0d746bf890d962fffcd3970?format=json" "tx0c18157e0f9049c9bd81d-00693298af" "proxy-server 5" 0.0027 "-" 21 -
Dec 5 08:32:48 standalone account-server[114232]: 172.20.0.31 - - [05/Dec/2025:08:32:48 +0000] "HEAD /d1/877/AUTH_066ba1e3d2574da2b3fa5cafb2edd2ae" 404 - "HEAD http://swift-internal.openstack.svc:8080/v1/AUTH_066ba1e3d2574da2b3fa5cafb2edd2ae?format=json" "txa2a9050759d84b58bf083-00693298b0" "proxy-server 14" 0.0006 "-" 23 -
Dec 5 08:32:48 standalone account-server[114232]: 172.20.0.31 - - [05/Dec/2025:08:32:48 +0000] "HEAD /d1/520/AUTH_877402be1a2442908245729d053971d7" 404 - "HEAD http://swift-internal.openstack.svc:8080/v1/AUTH_877402be1a2442908245729d053971d7?format=json" "txeccd467318a34924b816e-00693298b0" "proxy-server 5" 0.0003 "-" 23 -
Dec 5 08:32:48 standalone account-server[114229]: 172.20.0.31 - - [05/Dec/2025:08:32:48 +0000] "HEAD /d1/220/AUTH_eb014e8797c542fd833af378f902a02a" 404 - "HEAD http://swift-internal.openstack.svc:8080/v1/AUTH_eb014e8797c542fd833af378f902a02a?format=json" "tx60167864c5624956acff9-00693298b0" "proxy-server 13" 0.0005 "-" 22 -
Dec 5 08:32:49 standalone account-server[114221]: 172.20.0.31 - - [05/Dec/2025:08:32:49 +0000] "HEAD /d1/784/AUTH_f8b19cc1c0d746bf890d962fffcd3970" 204 - "HEAD http://swift-internal.openstack.svc:8080/v1/AUTH_f8b19cc1c0d746bf890d962fffcd3970?format=json" "txbb36b6a1538d41fb9f2ae-00693298b0" "proxy-server 12" 0.0023 "-" 21 -
Dec 5 08:36:10 standalone account-server[114229]: 172.20.0.100 - - [05/Dec/2025:08:36:10 +0000] "HEAD /d1/34/.expiring_objects" 404 - "HEAD http://localhost/v1/.expiring_objects?format=json" "tx2da154e2e19e4c88abd37-006932997a" "proxy-server 2" 0.0014 "-" 22 -
Dec 5 08:36:10 standalone object-expirer[114139]: Pass completed in 0s; 0 objects expired (txn: tx2da154e2e19e4c88abd37-006932997a)
Dec 5 08:36:55 standalone container-server[114594]: Begin container update sweep
Dec 5 08:36:55 standalone container-server[114594]: Container update sweep completed: 0.08s
Dec 5 08:37:03 standalone object-server[114575]: Begin object update sweep
Dec 5 08:37:03 standalone object-server[298228]: Object update sweep starting on /srv/node/d1 (pid: 20)
Dec 5 08:37:03 standalone object-server[298228]: Object update sweep completed on /srv/node/d1 in 0.00s seconds:, 0 successes, 0 failures, 0 quarantines, 0 unlinks, 0 errors, 0 redirects (pid: 20)
Dec 5 08:37:03 standalone object-server[298228]: Object update sweep of d1 completed: 0.00s, 0 successes, 0 failures, 0 quarantines, 0 unlinks, 0 errors, 0 redirects
Dec 5 08:37:03 standalone object-server[114575]: Object update sweep completed: 0.09s
Dec 5 08:37:27 standalone proxy-server[115970]: SIGTERM received (2)
Dec 5 08:37:27 standalone proxy-server[115970]: Exited (2)
Dec 5 08:37:47 standalone account-server[114221]: 172.20.0.31 - - [05/Dec/2025:08:37:47 +0000] "HEAD /d1/877/AUTH_066ba1e3d2574da2b3fa5cafb2edd2ae" 404 - "HEAD http://swift-internal.openstack.svc:8080/v1/AUTH_066ba1e3d2574da2b3fa5cafb2edd2ae?format=json" "tx5de4cf35326743a3b1d81-00693299db" "proxy-server 16" 0.0008 "-" 21 -
Dec 5 08:37:47 standalone account-server[114232]: 172.20.0.31 - - [05/Dec/2025:08:37:47 +0000] "HEAD /d1/877/AUTH_066ba1e3d2574da2b3fa5cafb2edd2ae" 404 - "HEAD http://swift-internal.openstack.svc:8080/v1/AUTH_066ba1e3d2574da2b3fa5cafb2edd2ae?format=json" "tx5de4cf35326743a3b1d81-00693299db" "proxy-server 16" 0.0005 "-" 23 -
Dec 5 08:37:47 standalone account-server[114229]: 172.20.0.31 - - [05/Dec/2025:08:37:47 +0000] "HEAD /d1/520/AUTH_877402be1a2442908245729d053971d7" 404 - "HEAD http://swift-internal.openstack.svc:8080/v1/AUTH_877402be1a2442908245729d053971d7?format=json" "tx2ddf9c01496c49a7a44aa-00693299db" "proxy-server 16" 0.0004 "-" 22 -
Dec 5 08:37:47 standalone account-server[114216]: 172.20.0.31 - - [05/Dec/2025:08:37:47 +0000] "HEAD /d1/520/AUTH_877402be1a2442908245729d053971d7" 404 - "HEAD http://swift-internal.openstack.svc:8080/v1/AUTH_877402be1a2442908245729d053971d7?format=json" "tx2ddf9c01496c49a7a44aa-00693299db" "proxy-server 16" 0.0005 "-" 20 -
