Oct 07 17:08:04.881156 np0005474935.novalocal devstack@placement-api.service[95734]: INFO placement.requestlog [req-0954eadd-a769-4932-a9ad-1ea4407f5b09 req-66d6c133-43ea-47e7-b02c-afd82dc103dd service nova] 38.102.83.9 "GET /placement/allocations/28bb1bff-8300-41d2-93d0-9738570313b2" status: 200 len: 258 microversion: 1.28
Oct 07 17:08:04.881598 np0005474935.novalocal devstack@placement-api.service[95734]: [pid: 95734|app: 0|req: 826/1651] 38.102.83.9 () {74 vars in 1604 bytes} [Tue Oct 7 17:08:04 2025] GET /placement/allocations/28bb1bff-8300-41d2-93d0-9738570313b2 => generated 258 bytes in 13 msecs (HTTP/1.1 200) 8 headers in 296 bytes (1 switches on core 0)
Oct 07 17:08:05.951621 np0005474935.novalocal devstack@placement-api.service[95735]: DEBUG placement.requestlog [req-0954eadd-a769-4932-a9ad-1ea4407f5b09 req-d10fd533-415b-4c41-b546-42afe96724d0 None None] Starting request: 38.102.83.9 "DELETE /placement/allocations/28bb1bff-8300-41d2-93d0-9738570313b2" {{(pid=95735) __call__ /opt/stack/placement/placement/requestlog.py:55}}
Oct 07 17:08:05.979935 np0005474935.novalocal devstack@placement-api.service[95735]: DEBUG placement.handlers.allocation [req-0954eadd-a769-4932-a9ad-1ea4407f5b09 req-d10fd533-415b-4c41-b546-42afe96724d0 service nova] Successfully deleted allocations [, , ] {{(pid=95735) delete_allocations /opt/stack/placement/placement/handlers/allocation.py:627}}
Oct 07 17:08:05.980120 np0005474935.novalocal devstack@placement-api.service[95735]: INFO placement.requestlog [req-0954eadd-a769-4932-a9ad-1ea4407f5b09 req-d10fd533-415b-4c41-b546-42afe96724d0 service nova] 38.102.83.9 "DELETE /placement/allocations/28bb1bff-8300-41d2-93d0-9738570313b2" status: 204 len: 0 microversion: 1.0
Oct 07 17:08:05.980454 np0005474935.novalocal devstack@placement-api.service[95735]: [pid: 95735|app: 0|req: 826/1652] 38.102.83.9 () {74 vars in 1582 bytes} [Tue Oct 7 17:08:05 2025] DELETE /placement/allocations/28bb1bff-8300-41d2-93d0-9738570313b2 => generated 0 bytes in 29 msecs (HTTP/1.1 204) 5 headers in 198 bytes (1 switches on core 0)
Oct 07 17:08:09.856154 np0005474935.novalocal devstack@placement-api.service[95734]: DEBUG placement.requestlog [req-de7b5721-90b8-4d85-9140-2595d31cdefc req-8213df74-1ded-4c38-a3bb-00cad467e227 None None] Starting request: 38.102.83.9 "GET /placement/allocation_candidates?limit=1000&resources=DISK_GB%3A1%2CMEMORY_MB%3A192%2CVCPU%3A1&root_required=%21COMPUTE_STATUS_DISABLED" {{(pid=95734) __call__ /opt/stack/placement/placement/requestlog.py:55}}
Oct 07 17:08:09.900875 np0005474935.novalocal devstack@placement-api.service[95734]: DEBUG placement.objects.research_context [req-de7b5721-90b8-4d85-9140-2595d31cdefc req-8213df74-1ded-4c38-a3bb-00cad467e227 service nova] getting providers with 1 DISK_GB {{(pid=95734) __init__ /opt/stack/placement/placement/objects/research_context.py:137}}
Oct 07 17:08:09.910824 np0005474935.novalocal devstack@placement-api.service[95734]: DEBUG placement.objects.research_context [req-de7b5721-90b8-4d85-9140-2595d31cdefc req-8213df74-1ded-4c38-a3bb-00cad467e227 service nova] getting providers with 192 MEMORY_MB {{(pid=95734) __init__ /opt/stack/placement/placement/objects/research_context.py:137}}
Oct 07 17:08:09.914911 np0005474935.novalocal devstack@placement-api.service[95734]: DEBUG placement.objects.research_context [req-de7b5721-90b8-4d85-9140-2595d31cdefc req-8213df74-1ded-4c38-a3bb-00cad467e227 service nova] getting providers with 1 VCPU {{(pid=95734) __init__ /opt/stack/placement/placement/objects/research_context.py:137}}
Oct 07 17:08:09.920990 np0005474935.novalocal devstack@placement-api.service[95734]: DEBUG placement.objects.research_context [req-de7b5721-90b8-4d85-9140-2595d31cdefc req-8213df74-1ded-4c38-a3bb-00cad467e227 service nova] found 1 providers with available 1 DISK_GB {{(pid=95734) get_provider_ids_matching /opt/stack/placement/placement/objects/research_context.py:563}}
Oct 07 17:08:09.920990 np0005474935.novalocal devstack@placement-api.service[95734]: DEBUG placement.objects.research_context [req-de7b5721-90b8-4d85-9140-2595d31cdefc req-8213df74-1ded-4c38-a3bb-00cad467e227 service nova] found 1 providers with available 192 MEMORY_MB {{(pid=95734) get_provider_ids_matching /opt/stack/placement/placement/objects/research_context.py:563}}
Oct 07 17:08:09.920990 np0005474935.novalocal devstack@placement-api.service[95734]: DEBUG placement.objects.research_context [req-de7b5721-90b8-4d85-9140-2595d31cdefc req-8213df74-1ded-4c38-a3bb-00cad467e227 service nova] found 1 providers after filtering by previous result {{(pid=95734) get_provider_ids_matching /opt/stack/placement/placement/objects/research_context.py:594}}
Oct 07 17:08:09.920990 np0005474935.novalocal devstack@placement-api.service[95734]: DEBUG placement.objects.research_context [req-de7b5721-90b8-4d85-9140-2595d31cdefc req-8213df74-1ded-4c38-a3bb-00cad467e227 service nova] found 1 providers with available 1 VCPU {{(pid=95734) get_provider_ids_matching /opt/stack/placement/placement/objects/research_context.py:563}}
Oct 07 17:08:09.920990 np0005474935.novalocal devstack@placement-api.service[95734]: DEBUG placement.objects.research_context [req-de7b5721-90b8-4d85-9140-2595d31cdefc req-8213df74-1ded-4c38-a3bb-00cad467e227 service nova] found 1 providers after filtering by previous result {{(pid=95734) get_provider_ids_matching /opt/stack/placement/placement/objects/research_context.py:594}}
Oct 07 17:08:09.926972 np0005474935.novalocal devstack@placement-api.service[95734]: DEBUG placement.objects.allocation_candidate [req-de7b5721-90b8-4d85-9140-2595d31cdefc req-8213df74-1ded-4c38-a3bb-00cad467e227 service nova] RequestGroup(use_same_provider=False, resources={DISK_GB:1, MEMORY_MB:192, VCPU:1}, traits=(), aggregates=[]) (suffix '') returned 1 matches {{(pid=95734) _get_by_requests /opt/stack/placement/placement/objects/allocation_candidate.py:157}}
Oct 07 17:08:09.927159 np0005474935.novalocal devstack@placement-api.service[95734]: DEBUG placement.objects.allocation_candidate [req-de7b5721-90b8-4d85-9140-2595d31cdefc req-8213df74-1ded-4c38-a3bb-00cad467e227 service nova] Merging candidates yields 1 allocation requests and 1 provider summaries {{(pid=95734) _merge_candidates /opt/stack/placement/placement/objects/allocation_candidate.py:841}}
Oct 07 17:08:09.928378 np0005474935.novalocal devstack@placement-api.service[95734]: INFO placement.requestlog [req-de7b5721-90b8-4d85-9140-2595d31cdefc req-8213df74-1ded-4c38-a3bb-00cad467e227 service nova] 38.102.83.9 "GET /placement/allocation_candidates?limit=1000&resources=DISK_GB%3A1%2CMEMORY_MB%3A192%2CVCPU%3A1&root_required=%21COMPUTE_STATUS_DISABLED" status: 200 len: 2253 microversion: 1.36
Oct 07 17:08:09.928668 np0005474935.novalocal devstack@placement-api.service[95734]: [pid: 95734|app: 0|req: 827/1653] 38.102.83.9 () {74 vars in 1730 bytes} [Tue Oct 7 17:08:09 2025] GET /placement/allocation_candidates?limit=1000&resources=DISK_GB%3A1%2CMEMORY_MB%3A192%2CVCPU%3A1&root_required=%21COMPUTE_STATUS_DISABLED => generated 2253 bytes in 73 msecs (HTTP/1.1 200) 8 headers in 297 bytes (1 switches on core 0)
Oct 07 17:08:09.949768 np0005474935.novalocal devstack@placement-api.service[95735]: DEBUG placement.requestlog [None req-36f51de2-99ef-44a7-867c-732f04cf9a6c None None] Starting request: 38.102.83.9 "GET /placement/resource_providers/fb8d94dd-3a11-43d0-916d-afe2610b5762/aggregates" {{(pid=95735) __call__ /opt/stack/placement/placement/requestlog.py:55}}
Oct 07 17:08:09.954831 np0005474935.novalocal devstack@placement-api.service[95734]: DEBUG placement.requestlog [req-de7b5721-90b8-4d85-9140-2595d31cdefc req-aaf0621d-f7eb-44c3-afbf-d4bc974aabdc None None] Starting request: 38.102.83.9 "GET /placement/allocations/6553f4bb-d481-486e-ac88-864b84102b6b" {{(pid=95734) __call__ /opt/stack/placement/placement/requestlog.py:55}}
Oct 07 17:08:09.959801 np0005474935.novalocal devstack@placement-api.service[95735]: INFO placement.requestlog [None req-36f51de2-99ef-44a7-867c-732f04cf9a6c service placement] 38.102.83.9 "GET /placement/resource_providers/fb8d94dd-3a11-43d0-916d-afe2610b5762/aggregates" status: 404 len: 235 microversion: 1.1
Oct 07 17:08:09.959801 np0005474935.novalocal devstack@placement-api.service[95735]: [pid: 95735|app: 0|req: 827/1654] 38.102.83.9 () {72 vars in 1579 bytes} [Tue Oct 7 17:08:09 2025] GET /placement/resource_providers/fb8d94dd-3a11-43d0-916d-afe2610b5762/aggregates => generated 235 bytes in 10 msecs (HTTP/1.1 404) 5 headers in 202 bytes (1 switches on core 0)
Oct 07 17:08:09.964074 np0005474935.novalocal devstack@placement-api.service[95734]: INFO placement.requestlog [req-de7b5721-90b8-4d85-9140-2595d31cdefc req-aaf0621d-f7eb-44c3-afbf-d4bc974aabdc service nova] 38.102.83.9 "GET /placement/allocations/6553f4bb-d481-486e-ac88-864b84102b6b" status: 200 len: 19 microversion: 1.28
Oct 07 17:08:09.964310 np0005474935.novalocal devstack@placement-api.service[95734]: [pid: 95734|app: 0|req: 828/1655] 38.102.83.9 () {74 vars in 1606 bytes} [Tue Oct 7 17:08:09 2025] GET /placement/allocations/6553f4bb-d481-486e-ac88-864b84102b6b => generated 19 bytes in 10 msecs (HTTP/1.1 200) 8 headers in 295 bytes (2 switches on core 0)
Oct 07 17:08:09.972411 np0005474935.novalocal devstack@placement-api.service[95735]: DEBUG placement.requestlog [req-de7b5721-90b8-4d85-9140-2595d31cdefc req-418783c2-cbc9-417c-bfc3-1e42d0c0c6bc None None] Starting request: 38.102.83.9 "PUT /placement/allocations/6553f4bb-d481-486e-ac88-864b84102b6b" {{(pid=95735) __call__ /opt/stack/placement/placement/requestlog.py:55}}
Oct 07 17:08:09.979342 np0005474935.novalocal devstack@placement-api.service[95734]: DEBUG placement.requestlog [None req-46ad5af0-44c2-4562-a1d2-e75e50bbfca3 None None] Starting request: 38.102.83.9 "DELETE /placement/resource_providers/fb8d94dd-3a11-43d0-916d-afe2610b5762" {{(pid=95734) __call__ /opt/stack/placement/placement/requestlog.py:55}}
Oct 07 17:08:09.992425 np0005474935.novalocal devstack@placement-api.service[95734]: DEBUG placement.wsgi_wrapper [None req-46ad5af0-44c2-4562-a1d2-e75e50bbfca3 service placement] Placement API returning an error response: No resource provider with uuid fb8d94dd-3a11-43d0-916d-afe2610b5762 found for delete {{(pid=95734) call_func /opt/stack/placement/placement/wsgi_wrapper.py:31}}
Oct 07 17:08:09.994463 np0005474935.novalocal devstack@placement-api.service[95734]: INFO placement.requestlog [None req-46ad5af0-44c2-4562-a1d2-e75e50bbfca3 service placement] 38.102.83.9 "DELETE /placement/resource_providers/fb8d94dd-3a11-43d0-916d-afe2610b5762" status: 404 len: 246 microversion: 1.1
Oct 07 17:08:09.994711 np0005474935.novalocal devstack@placement-api.service[95734]: [pid: 95734|app: 0|req: 829/1656] 38.102.83.9 () {74 vars in 1568 bytes} [Tue Oct 7 17:08:09 2025] DELETE /placement/resource_providers/fb8d94dd-3a11-43d0-916d-afe2610b5762 => generated 246 bytes in 17 msecs (HTTP/1.1 404) 6 headers in 231 bytes (1 switches on core 0)
Oct 07 17:08:10.034686 np0005474935.novalocal devstack@placement-api.service[95735]: DEBUG placement.handlers.allocation [req-de7b5721-90b8-4d85-9140-2595d31cdefc req-418783c2-cbc9-417c-bfc3-1e42d0c0c6bc service nova] Successfully wrote allocations [, , ] {{(pid=95735) _update_consumers_and_create_allocations /opt/stack/placement/placement/handlers/allocation.py:462}}
Oct 07 17:08:10.039016 np0005474935.novalocal devstack@placement-api.service[95735]: INFO placement.requestlog [req-de7b5721-90b8-4d85-9140-2595d31cdefc req-418783c2-cbc9-417c-bfc3-1e42d0c0c6bc service nova] 38.102.83.9 "PUT /placement/allocations/6553f4bb-d481-486e-ac88-864b84102b6b" status: 204 len: 0 microversion: 1.36
Oct 07 17:08:10.039016 np0005474935.novalocal devstack@placement-api.service[95735]: [pid: 95735|app: 0|req: 828/1657] 38.102.83.9 () {78 vars in 1659 bytes} [Tue Oct 7 17:08:09 2025] PUT /placement/allocations/6553f4bb-d481-486e-ac88-864b84102b6b => generated 0 bytes in 66 msecs (HTTP/1.1 204) 5 headers in 199 bytes (2 switches on core 0)
Oct 07 17:08:11.578018 np0005474935.novalocal devstack@placement-api.service[95734]: DEBUG placement.requestlog [req-de7b5721-90b8-4d85-9140-2595d31cdefc req-e9544513-143b-4352-89ef-466291c4ae78 None None] Starting request: 38.102.83.9 "GET /placement/allocations/6553f4bb-d481-486e-ac88-864b84102b6b" {{(pid=95734) __call__ /opt/stack/placement/placement/requestlog.py:55}}
Oct 07 17:08:11.608367 np0005474935.novalocal devstack@placement-api.service[95734]: INFO placement.requestlog [req-de7b5721-90b8-4d85-9140-2595d31cdefc req-e9544513-143b-4352-89ef-466291c4ae78 service nova] 38.102.83.9 "GET /placement/allocations/6553f4bb-d481-486e-ac88-864b84102b6b" status: 200 len: 258 microversion: 1.28
Oct 07 17:08:11.611165 np0005474935.novalocal devstack@placement-api.service[95734]: [pid: 95734|app: 0|req: 830/1658] 38.102.83.9 () {74 vars in 1604 bytes} [Tue Oct 7 17:08:11 2025] GET /placement/allocations/6553f4bb-d481-486e-ac88-864b84102b6b => generated 258 bytes in 33 msecs (HTTP/1.1 200) 8 headers in 296 bytes (1 switches on core 0)
Oct 07 17:08:12.657906 np0005474935.novalocal devstack@placement-api.service[95735]: DEBUG placement.requestlog [req-de7b5721-90b8-4d85-9140-2595d31cdefc req-7f5fa912-178f-40ec-a48a-195dddb5c317 None None] Starting request: 38.102.83.9 "GET /placement/resource_providers/2932b9f4-01da-4032-91dd-501f6ef3f9c1/allocations" {{(pid=95735) __call__ /opt/stack/placement/placement/requestlog.py:55}}
Oct 07 17:08:12.670419 np0005474935.novalocal devstack@placement-api.service[95735]: INFO placement.requestlog [req-de7b5721-90b8-4d85-9140-2595d31cdefc req-7f5fa912-178f-40ec-a48a-195dddb5c317 service nova] 38.102.83.9 "GET /placement/resource_providers/2932b9f4-01da-4032-91dd-501f6ef3f9c1/allocations" status: 200 len: 253 microversion: 1.0
Oct 07 17:08:12.672876 np0005474935.novalocal devstack@placement-api.service[95735]: [pid: 95735|app: 0|req: 829/1659] 38.102.83.9 () {72 vars in 1617 bytes} [Tue Oct 7 17:08:12 2025] GET /placement/resource_providers/2932b9f4-01da-4032-91dd-501f6ef3f9c1/allocations => generated 253 bytes in 13 msecs (HTTP/1.1 200) 6 headers in 224 bytes (1 switches on core 0)
Oct 07 17:08:12.680676 np0005474935.novalocal devstack@placement-api.service[95734]: DEBUG placement.requestlog [req-de7b5721-90b8-4d85-9140-2595d31cdefc req-ae70737c-fe33-41c0-a890-1e6436093b88 None None] Starting request: 38.102.83.9 "GET /placement/allocations/ad44542a-e883-4e36-ab87-34fa439f542d" {{(pid=95734) __call__ /opt/stack/placement/placement/requestlog.py:55}}
Oct 07 17:08:12.695062 np0005474935.novalocal devstack@placement-api.service[95734]: INFO placement.requestlog [req-de7b5721-90b8-4d85-9140-2595d31cdefc req-ae70737c-fe33-41c0-a890-1e6436093b88 service nova] 38.102.83.9 "GET /placement/allocations/ad44542a-e883-4e36-ab87-34fa439f542d" status: 200 len: 258 microversion: 1.28
Oct 07 17:08:12.695373 np0005474935.novalocal devstack@placement-api.service[95734]: [pid: 95734|app: 0|req: 831/1660] 38.102.83.9 () {74 vars in 1604 bytes} [Tue Oct 7 17:08:12 2025] GET /placement/allocations/ad44542a-e883-4e36-ab87-34fa439f542d => generated 258 bytes in 15 msecs (HTTP/1.1 200) 8 headers in 296 bytes (1 switches on core 0)
Oct 07 17:08:12.708054 np0005474935.novalocal devstack@placement-api.service[95735]: DEBUG placement.requestlog [req-de7b5721-90b8-4d85-9140-2595d31cdefc req-9b700089-4d92-482c-9683-9c98f62c7769 None None] Starting request: 38.102.83.9 "GET /placement/allocations/6553f4bb-d481-486e-ac88-864b84102b6b" {{(pid=95735) __call__ /opt/stack/placement/placement/requestlog.py:55}}
Oct 07 17:08:12.715253 np0005474935.novalocal devstack@placement-api.service[95735]: INFO placement.requestlog [req-de7b5721-90b8-4d85-9140-2595d31cdefc req-9b700089-4d92-482c-9683-9c98f62c7769 service nova] 38.102.83.9 "GET /placement/allocations/6553f4bb-d481-486e-ac88-864b84102b6b" status: 200 len: 258 microversion: 1.28
Oct 07 17:08:12.715831 np0005474935.novalocal devstack@placement-api.service[95735]: [pid: 95735|app: 0|req: 830/1661] 38.102.83.9 () {74 vars in 1604 bytes} [Tue Oct 7 17:08:12 2025] GET /placement/allocations/6553f4bb-d481-486e-ac88-864b84102b6b => generated 258 bytes in 8 msecs (HTTP/1.1 200) 8 headers in 296 bytes (1 switches on core 0)
Oct 07 17:08:17.329875 np0005474935.novalocal devstack@placement-api.service[95734]: DEBUG placement.requestlog [req-98b9ee12-b700-4fa4-9e2a-0d757c1f1070 req-2d8780f6-c878-431f-8d37-8ab11be283c6 None None] Starting request: 38.102.83.9 "GET /placement/allocation_candidates?limit=1000&resources=DISK_GB%3A1%2CMEMORY_MB%3A192%2CVCPU%3A1&root_required=%21COMPUTE_STATUS_DISABLED" {{(pid=95734) __call__ /opt/stack/placement/placement/requestlog.py:55}}
Oct 07 17:08:17.347835 np0005474935.novalocal devstack@placement-api.service[95734]: DEBUG placement.objects.research_context [req-98b9ee12-b700-4fa4-9e2a-0d757c1f1070 req-2d8780f6-c878-431f-8d37-8ab11be283c6 service nova] getting providers with 1 DISK_GB {{(pid=95734) __init__ /opt/stack/placement/placement/objects/research_context.py:137}}
Oct 07 17:08:17.352846 np0005474935.novalocal devstack@placement-api.service[95734]: DEBUG placement.objects.research_context [req-98b9ee12-b700-4fa4-9e2a-0d757c1f1070 req-2d8780f6-c878-431f-8d37-8ab11be283c6 service nova] getting providers with 192 MEMORY_MB {{(pid=95734) __init__ /opt/stack/placement/placement/objects/research_context.py:137}}
Oct 07 17:08:17.362362 np0005474935.novalocal devstack@placement-api.service[95734]: DEBUG placement.objects.research_context [req-98b9ee12-b700-4fa4-9e2a-0d757c1f1070 req-2d8780f6-c878-431f-8d37-8ab11be283c6 service nova] getting providers with 1 VCPU {{(pid=95734) __init__ /opt/stack/placement/placement/objects/research_context.py:137}}
Oct 07 17:08:17.362362 np0005474935.novalocal devstack@placement-api.service[95734]: DEBUG placement.objects.research_context [req-98b9ee12-b700-4fa4-9e2a-0d757c1f1070 req-2d8780f6-c878-431f-8d37-8ab11be283c6 service nova] found 1 providers with available 1 DISK_GB {{(pid=95734) get_provider_ids_matching /opt/stack/placement/placement/objects/research_context.py:563}}
Oct 07 17:08:17.362362 np0005474935.novalocal devstack@placement-api.service[95734]: DEBUG placement.objects.research_context [req-98b9ee12-b700-4fa4-9e2a-0d757c1f1070 req-2d8780f6-c878-431f-8d37-8ab11be283c6 service nova] found 1 providers with available 192 MEMORY_MB {{(pid=95734) get_provider_ids_matching /opt/stack/placement/placement/objects/research_context.py:563}}
Oct 07 17:08:17.362362 np0005474935.novalocal devstack@placement-api.service[95734]: DEBUG placement.objects.research_context [req-98b9ee12-b700-4fa4-9e2a-0d757c1f1070 req-2d8780f6-c878-431f-8d37-8ab11be283c6 service nova] found 1 providers after filtering by previous result {{(pid=95734) get_provider_ids_matching /opt/stack/placement/placement/objects/research_context.py:594}}
Oct 07 17:08:17.362362 np0005474935.novalocal devstack@placement-api.service[95734]: DEBUG placement.objects.research_context [req-98b9ee12-b700-4fa4-9e2a-0d757c1f1070 req-2d8780f6-c878-431f-8d37-8ab11be283c6 service nova] found 1 providers with available 1 VCPU {{(pid=95734) get_provider_ids_matching /opt/stack/placement/placement/objects/research_context.py:563}}
Oct 07 17:08:17.362362 np0005474935.novalocal devstack@placement-api.service[95734]: DEBUG placement.objects.research_context [req-98b9ee12-b700-4fa4-9e2a-0d757c1f1070 req-2d8780f6-c878-431f-8d37-8ab11be283c6 service nova] found 1 providers after filtering by previous result {{(pid=95734) get_provider_ids_matching /opt/stack/placement/placement/objects/research_context.py:594}}
Oct 07 17:08:17.449990 np0005474935.novalocal devstack@placement-api.service[95734]: DEBUG placement.objects.allocation_candidate [req-98b9ee12-b700-4fa4-9e2a-0d757c1f1070 req-2d8780f6-c878-431f-8d37-8ab11be283c6 service nova] RequestGroup(use_same_provider=False, resources={DISK_GB:1, MEMORY_MB:192, VCPU:1}, traits=(), aggregates=[]) (suffix '') returned 1 matches {{(pid=95734) _get_by_requests /opt/stack/placement/placement/objects/allocation_candidate.py:157}}
Oct 07 17:08:17.450106 np0005474935.novalocal devstack@placement-api.service[95734]: DEBUG placement.objects.allocation_candidate [req-98b9ee12-b700-4fa4-9e2a-0d757c1f1070 req-2d8780f6-c878-431f-8d37-8ab11be283c6 service nova] Merging candidates yields 1 allocation requests and 1 provider summaries {{(pid=95734) _merge_candidates /opt/stack/placement/placement/objects/allocation_candidate.py:841}}
Oct 07 17:08:17.450935 np0005474935.novalocal devstack@placement-api.service[95734]: INFO placement.requestlog [req-98b9ee12-b700-4fa4-9e2a-0d757c1f1070 req-2d8780f6-c878-431f-8d37-8ab11be283c6 service nova] 38.102.83.9 "GET /placement/allocation_candidates?limit=1000&resources=DISK_GB%3A1%2CMEMORY_MB%3A192%2CVCPU%3A1&root_required=%21COMPUTE_STATUS_DISABLED" status: 200 len: 2253 microversion: 1.36
Oct 07 17:08:17.451065 np0005474935.novalocal devstack@placement-api.service[95734]: [pid: 95734|app: 0|req: 832/1662] 38.102.83.9 () {74 vars in 1730 bytes} [Tue Oct 7 17:08:17 2025] GET /placement/allocation_candidates?limit=1000&resources=DISK_GB%3A1%2CMEMORY_MB%3A192%2CVCPU%3A1&root_required=%21COMPUTE_STATUS_DISABLED => generated 2253 bytes in 121 msecs (HTTP/1.1 200) 8 headers in 297 bytes (1 switches on core 0)
Oct 07 17:08:17.496155 np0005474935.novalocal devstack@placement-api.service[95735]: DEBUG placement.requestlog [req-98b9ee12-b700-4fa4-9e2a-0d757c1f1070 req-3bc56904-13fe-45b0-8a82-b3600f66060d None None] Starting request: 38.102.83.9 "GET /placement/allocations/6c95afa4-2fa7-40b0-ba34-8d13303e9053" {{(pid=95735) __call__ /opt/stack/placement/placement/requestlog.py:55}}
Oct 07 17:08:17.506629 np0005474935.novalocal devstack@placement-api.service[95735]: INFO placement.requestlog [req-98b9ee12-b700-4fa4-9e2a-0d757c1f1070 req-3bc56904-13fe-45b0-8a82-b3600f66060d service nova] 38.102.83.9 "GET /placement/allocations/6c95afa4-2fa7-40b0-ba34-8d13303e9053" status: 200 len: 19 microversion: 1.28
Oct 07 17:08:17.506858 np0005474935.novalocal devstack@placement-api.service[95735]: [pid: 95735|app: 0|req: 831/1663] 38.102.83.9 () {74 vars in 1606 bytes} [Tue Oct 7 17:08:17 2025] GET /placement/allocations/6c95afa4-2fa7-40b0-ba34-8d13303e9053 => generated 19 bytes in 11 msecs (HTTP/1.1 200) 8 headers in 295 bytes (1 switches on core 0)
Oct 07 17:08:17.514357 np0005474935.novalocal devstack@placement-api.service[95734]: DEBUG placement.requestlog [req-98b9ee12-b700-4fa4-9e2a-0d757c1f1070 req-287c7368-3d53-4088-b706-e673babf8ea1 None None] Starting request: 38.102.83.9 "PUT /placement/allocations/6c95afa4-2fa7-40b0-ba34-8d13303e9053" {{(pid=95734) __call__ /opt/stack/placement/placement/requestlog.py:55}}
Oct 07 17:08:17.566375 np0005474935.novalocal devstack@placement-api.service[95734]: DEBUG placement.handlers.allocation [req-98b9ee12-b700-4fa4-9e2a-0d757c1f1070 req-287c7368-3d53-4088-b706-e673babf8ea1 service nova] Successfully wrote allocations [, , ] {{(pid=95734) _update_consumers_and_create_allocations /opt/stack/placement/placement/handlers/allocation.py:462}}
Oct 07 17:08:17.566375 np0005474935.novalocal devstack@placement-api.service[95734]: INFO placement.requestlog [req-98b9ee12-b700-4fa4-9e2a-0d757c1f1070 req-287c7368-3d53-4088-b706-e673babf8ea1 service nova] 38.102.83.9 "PUT /placement/allocations/6c95afa4-2fa7-40b0-ba34-8d13303e9053" status: 204 len: 0 microversion: 1.36
Oct 07 17:08:17.566375 np0005474935.novalocal devstack@placement-api.service[95734]: [pid: 95734|app: 0|req: 833/1664] 38.102.83.9 () {78 vars in 1659 bytes} [Tue Oct 7 17:08:17 2025] PUT /placement/allocations/6c95afa4-2fa7-40b0-ba34-8d13303e9053 => generated 0 bytes in 50 msecs (HTTP/1.1 204) 5 headers in 199 bytes (1 switches on core 0)
Oct 07 17:08:17.589728 np0005474935.novalocal devstack@placement-api.service[95735]: DEBUG placement.requestlog [req-a943a08d-2ab0-43ae-a98d-e2405ca1c2c9 req-77ec83a1-3e52-4623-9d67-c3a96eaa35d7 None None] Starting request: 38.102.83.9 "GET /placement/resource_providers/2932b9f4-01da-4032-91dd-501f6ef3f9c1/allocations" {{(pid=95735) __call__ /opt/stack/placement/placement/requestlog.py:55}}
Oct 07 17:08:17.598911 np0005474935.novalocal devstack@placement-api.service[95735]: INFO placement.requestlog [req-a943a08d-2ab0-43ae-a98d-e2405ca1c2c9 req-77ec83a1-3e52-4623-9d67-c3a96eaa35d7 service nova] 38.102.83.9 "GET /placement/resource_providers/2932b9f4-01da-4032-91dd-501f6ef3f9c1/allocations" status: 200 len: 353 microversion: 1.0
Oct 07 17:08:17.599218 np0005474935.novalocal devstack@placement-api.service[95735]: [pid: 95735|app: 0|req: 832/1665] 38.102.83.9 () {72 vars in 1617 bytes} [Tue Oct 7 17:08:17 2025] GET /placement/resource_providers/2932b9f4-01da-4032-91dd-501f6ef3f9c1/allocations => generated 353 bytes in 9 msecs (HTTP/1.1 200) 6 headers in 224 bytes (1 switches on core 0)
Oct 07 17:08:17.608853 np0005474935.novalocal devstack@placement-api.service[95734]: DEBUG placement.requestlog [req-a943a08d-2ab0-43ae-a98d-e2405ca1c2c9 req-923332dd-18e8-4ac8-93db-9d47a0a8636b None None] Starting request: 38.102.83.9 "GET /placement/allocations/ad44542a-e883-4e36-ab87-34fa439f542d" {{(pid=95734) __call__ /opt/stack/placement/placement/requestlog.py:55}}
Oct 07 17:08:17.617558 np0005474935.novalocal devstack@placement-api.service[95734]: INFO placement.requestlog [req-a943a08d-2ab0-43ae-a98d-e2405ca1c2c9 req-923332dd-18e8-4ac8-93db-9d47a0a8636b service nova] 38.102.83.9 "GET /placement/allocations/ad44542a-e883-4e36-ab87-34fa439f542d" status: 200 len: 258 microversion: 1.28
Oct 07 17:08:17.617797 np0005474935.novalocal devstack@placement-api.service[95734]: [pid: 95734|app: 0|req: 834/1666] 38.102.83.9 () {74 vars in 1604 bytes} [Tue Oct 7 17:08:17 2025] GET /placement/allocations/ad44542a-e883-4e36-ab87-34fa439f542d => generated 258 bytes in 9 msecs (HTTP/1.1 200) 8 headers in 296 bytes (1 switches on core 0)
Oct 07 17:08:17.625777 np0005474935.novalocal devstack@placement-api.service[95735]: DEBUG placement.requestlog [req-a943a08d-2ab0-43ae-a98d-e2405ca1c2c9 req-6526b16e-e98a-4c2c-b80e-c8c10a0232f1 None None] Starting request: 38.102.83.9 "GET /placement/allocations/6553f4bb-d481-486e-ac88-864b84102b6b" {{(pid=95735) __call__ /opt/stack/placement/placement/requestlog.py:55}}
Oct 07 17:08:17.633746 np0005474935.novalocal devstack@placement-api.service[95735]: INFO placement.requestlog [req-a943a08d-2ab0-43ae-a98d-e2405ca1c2c9 req-6526b16e-e98a-4c2c-b80e-c8c10a0232f1 service nova] 38.102.83.9 "GET /placement/allocations/6553f4bb-d481-486e-ac88-864b84102b6b" status: 200 len: 258 microversion: 1.28
Oct 07 17:08:17.634006 np0005474935.novalocal devstack@placement-api.service[95735]: [pid: 95735|app: 0|req: 833/1667] 38.102.83.9 () {74 vars in 1604 bytes} [Tue Oct 7 17:08:17 2025] GET /placement/allocations/6553f4bb-d481-486e-ac88-864b84102b6b => generated 258 bytes in 8 msecs (HTTP/1.1 200) 8 headers in 296 bytes (1 switches on core 0)
Oct 07 17:08:17.647753 np0005474935.novalocal devstack@placement-api.service[95734]: DEBUG placement.requestlog [req-a943a08d-2ab0-43ae-a98d-e2405ca1c2c9 req-08fb00aa-2df7-4992-b84d-fd51b67a318c None None] Starting request: 38.102.83.9 "GET /placement/allocations/6c95afa4-2fa7-40b0-ba34-8d13303e9053" {{(pid=95734) __call__ /opt/stack/placement/placement/requestlog.py:55}}
Oct 07 17:08:17.658101 np0005474935.novalocal devstack@placement-api.service[95734]: INFO placement.requestlog [req-a943a08d-2ab0-43ae-a98d-e2405ca1c2c9 req-08fb00aa-2df7-4992-b84d-fd51b67a318c service nova] 38.102.83.9 "GET /placement/allocations/6c95afa4-2fa7-40b0-ba34-8d13303e9053" status: 200 len: 258 microversion: 1.28
Oct 07 17:08:17.658412 np0005474935.novalocal devstack@placement-api.service[95734]: [pid: 95734|app: 0|req: 835/1668] 38.102.83.9 () {74 vars in 1604 bytes} [Tue Oct 7 17:08:17 2025] GET /placement/allocations/6c95afa4-2fa7-40b0-ba34-8d13303e9053 => generated 258 bytes in 11 msecs (HTTP/1.1 200) 8 headers in 296 bytes (1 switches on core 0)
Oct 07 17:08:18.684503 np0005474935.novalocal devstack@placement-api.service[95735]: DEBUG placement.requestlog [req-a943a08d-2ab0-43ae-a98d-e2405ca1c2c9 req-9aa99d51-4793-4a54-b534-4051b48822f3 None None] Starting request: 38.102.83.9 "DELETE /placement/allocations/ad44542a-e883-4e36-ab87-34fa439f542d" {{(pid=95735) __call__ /opt/stack/placement/placement/requestlog.py:55}}
Oct 07 17:08:18.704212 np0005474935.novalocal devstack@placement-api.service[95735]: DEBUG placement.handlers.allocation [req-a943a08d-2ab0-43ae-a98d-e2405ca1c2c9 req-9aa99d51-4793-4a54-b534-4051b48822f3 service nova] Successfully deleted allocations [, , ] {{(pid=95735) delete_allocations /opt/stack/placement/placement/handlers/allocation.py:627}}
Oct 07 17:08:18.704575 np0005474935.novalocal devstack@placement-api.service[95735]: INFO placement.requestlog [req-a943a08d-2ab0-43ae-a98d-e2405ca1c2c9 req-9aa99d51-4793-4a54-b534-4051b48822f3 service nova] 38.102.83.9 "DELETE /placement/allocations/ad44542a-e883-4e36-ab87-34fa439f542d" status: 204 len: 0 microversion: 1.0
Oct 07 17:08:18.705027 np0005474935.novalocal devstack@placement-api.service[95735]: [pid: 95735|app: 0|req: 834/1669] 38.102.83.9 () {74 vars in 1582 bytes} [Tue Oct 7 17:08:18 2025] DELETE /placement/allocations/ad44542a-e883-4e36-ab87-34fa439f542d => generated 0 bytes in 20 msecs (HTTP/1.1 204) 5 headers in 198 bytes (1 switches on core 0)
Oct 07 17:08:18.997583 np0005474935.novalocal devstack@placement-api.service[95734]: DEBUG placement.requestlog [req-98b9ee12-b700-4fa4-9e2a-0d757c1f1070 req-ef3d59ce-3b6a-4085-a1cc-95c7a6725274 None None] Starting request: 38.102.83.9 "GET /placement/allocations/6c95afa4-2fa7-40b0-ba34-8d13303e9053" {{(pid=95734) __call__ /opt/stack/placement/placement/requestlog.py:55}}
Oct 07 17:08:19.007901 np0005474935.novalocal devstack@placement-api.service[95734]: INFO placement.requestlog [req-98b9ee12-b700-4fa4-9e2a-0d757c1f1070 req-ef3d59ce-3b6a-4085-a1cc-95c7a6725274 service nova] 38.102.83.9 "GET /placement/allocations/6c95afa4-2fa7-40b0-ba34-8d13303e9053" status: 200 len: 258 microversion: 1.28
Oct 07 17:08:19.008183 np0005474935.novalocal devstack@placement-api.service[95734]: [pid: 95734|app: 0|req: 836/1670] 38.102.83.9 () {74 vars in 1604 bytes} [Tue Oct 7 17:08:18 2025] GET /placement/allocations/6c95afa4-2fa7-40b0-ba34-8d13303e9053 => generated 258 bytes in 11 msecs (HTTP/1.1 200) 8 headers in 296 bytes (1 switches on core 0)
Oct 07 17:08:20.042206 np0005474935.novalocal devstack@placement-api.service[95735]: DEBUG placement.requestlog [req-98b9ee12-b700-4fa4-9e2a-0d757c1f1070 req-b0fcd59e-d13d-4d1d-aeb7-a438d1ffe786 None None] Starting request: 38.102.83.9 "GET /placement/resource_providers/2932b9f4-01da-4032-91dd-501f6ef3f9c1/allocations" {{(pid=95735) __call__ /opt/stack/placement/placement/requestlog.py:55}}
Oct 07 17:08:20.056729 np0005474935.novalocal devstack@placement-api.service[95735]: INFO placement.requestlog [req-98b9ee12-b700-4fa4-9e2a-0d757c1f1070 req-b0fcd59e-d13d-4d1d-aeb7-a438d1ffe786 service nova] 38.102.83.9 "GET /placement/resource_providers/2932b9f4-01da-4032-91dd-501f6ef3f9c1/allocations" status: 200 len: 253 microversion: 1.0
Oct 07 17:08:20.056729 np0005474935.novalocal devstack@placement-api.service[95735]: [pid: 95735|app: 0|req: 835/1671] 38.102.83.9 () {72 vars in 1617 bytes} [Tue Oct 7 17:08:20 2025] GET /placement/resource_providers/2932b9f4-01da-4032-91dd-501f6ef3f9c1/allocations => generated 253 bytes in 15 msecs (HTTP/1.1 200) 6 headers in 224 bytes (1 switches on core 0)
Oct 07 17:08:20.065882 np0005474935.novalocal devstack@placement-api.service[95734]: DEBUG placement.requestlog [req-98b9ee12-b700-4fa4-9e2a-0d757c1f1070 req-730177a7-f1dd-4677-bd18-84e6a76c7e34 None None] Starting request: 38.102.83.9 "GET /placement/allocations/6553f4bb-d481-486e-ac88-864b84102b6b" {{(pid=95734) __call__ /opt/stack/placement/placement/requestlog.py:55}}
Oct 07 17:08:20.078636 np0005474935.novalocal devstack@placement-api.service[95734]: INFO placement.requestlog [req-98b9ee12-b700-4fa4-9e2a-0d757c1f1070 req-730177a7-f1dd-4677-bd18-84e6a76c7e34 service nova] 38.102.83.9 "GET /placement/allocations/6553f4bb-d481-486e-ac88-864b84102b6b" status: 200 len: 258 microversion: 1.28
Oct 07 17:08:20.078972 np0005474935.novalocal devstack@placement-api.service[95734]: [pid: 95734|app: 0|req: 837/1672] 38.102.83.9 () {74 vars in 1604 bytes} [Tue Oct 7 17:08:20 2025] GET /placement/allocations/6553f4bb-d481-486e-ac88-864b84102b6b => generated 258 bytes in 13 msecs (HTTP/1.1 200) 8 headers in 296 bytes (1 switches on core 0)
Oct 07 17:08:20.092136 np0005474935.novalocal devstack@placement-api.service[95735]: DEBUG placement.requestlog [req-98b9ee12-b700-4fa4-9e2a-0d757c1f1070 req-5f76ab96-0635-477f-87d1-f7fff19d777e None None] Starting request: 38.102.83.9 "GET /placement/allocations/6c95afa4-2fa7-40b0-ba34-8d13303e9053" {{(pid=95735) __call__ /opt/stack/placement/placement/requestlog.py:55}}
Oct 07 17:08:20.102732 np0005474935.novalocal devstack@placement-api.service[95735]: INFO placement.requestlog [req-98b9ee12-b700-4fa4-9e2a-0d757c1f1070 req-5f76ab96-0635-477f-87d1-f7fff19d777e service nova] 38.102.83.9 "GET /placement/allocations/6c95afa4-2fa7-40b0-ba34-8d13303e9053" status: 200 len: 258 microversion: 1.28
Oct 07 17:08:20.103100 np0005474935.novalocal devstack@placement-api.service[95735]: [pid: 95735|app: 0|req: 836/1673] 38.102.83.9 () {74 vars in 1604 bytes} [Tue Oct 7 17:08:20 2025] GET /placement/allocations/6c95afa4-2fa7-40b0-ba34-8d13303e9053 => generated 258 bytes in 11 msecs (HTTP/1.1 200) 8 headers in 296 bytes (2 switches on core 0)
Oct 07 17:08:26.811458 np0005474935.novalocal devstack@placement-api.service[95734]: DEBUG placement.requestlog [req-d7694606-05d8-4759-a0fc-a756cdd9c2e8 req-4e65c041-2ac3-418c-b8cc-75e80d232c0a None None] Starting request: 38.102.83.9 "GET /placement/allocation_candidates?limit=1000&resources=DISK_GB%3A1%2CMEMORY_MB%3A192%2CVCPU%3A1&root_required=%21COMPUTE_STATUS_DISABLED" {{(pid=95734) __call__ /opt/stack/placement/placement/requestlog.py:55}}
Oct 07 17:08:26.831649 np0005474935.novalocal devstack@placement-api.service[95734]: DEBUG placement.objects.research_context [req-d7694606-05d8-4759-a0fc-a756cdd9c2e8 req-4e65c041-2ac3-418c-b8cc-75e80d232c0a service nova] getting providers with 1 DISK_GB {{(pid=95734) __init__ /opt/stack/placement/placement/objects/research_context.py:137}}
Oct 07 17:08:26.836154 np0005474935.novalocal devstack@placement-api.service[95734]: DEBUG placement.objects.research_context [req-d7694606-05d8-4759-a0fc-a756cdd9c2e8 req-4e65c041-2ac3-418c-b8cc-75e80d232c0a service nova] getting providers with 192 MEMORY_MB {{(pid=95734) __init__ /opt/stack/placement/placement/objects/research_context.py:137}}
Oct 07 17:08:26.838559 np0005474935.novalocal devstack@placement-api.service[95734]: DEBUG placement.objects.research_context [req-d7694606-05d8-4759-a0fc-a756cdd9c2e8 req-4e65c041-2ac3-418c-b8cc-75e80d232c0a service nova] getting providers with 1 VCPU {{(pid=95734) __init__ /opt/stack/placement/placement/objects/research_context.py:137}}
Oct 07 17:08:26.842820 np0005474935.novalocal devstack@placement-api.service[95734]: DEBUG placement.objects.research_context [req-d7694606-05d8-4759-a0fc-a756cdd9c2e8 req-4e65c041-2ac3-418c-b8cc-75e80d232c0a service nova] found 1 providers with available 1 DISK_GB {{(pid=95734) get_provider_ids_matching /opt/stack/placement/placement/objects/research_context.py:563}}
Oct 07 17:08:26.842932 np0005474935.novalocal devstack@placement-api.service[95734]: DEBUG placement.objects.research_context [req-d7694606-05d8-4759-a0fc-a756cdd9c2e8 req-4e65c041-2ac3-418c-b8cc-75e80d232c0a service nova] found 1 providers with available 192 MEMORY_MB {{(pid=95734) get_provider_ids_matching /opt/stack/placement/placement/objects/research_context.py:563}}
Oct 07 17:08:26.843037 np0005474935.novalocal devstack@placement-api.service[95734]: DEBUG placement.objects.research_context [req-d7694606-05d8-4759-a0fc-a756cdd9c2e8 req-4e65c041-2ac3-418c-b8cc-75e80d232c0a service nova] found 1 providers after filtering by previous result {{(pid=95734) get_provider_ids_matching /opt/stack/placement/placement/objects/research_context.py:594}}
Oct 07 17:08:26.843130 np0005474935.novalocal devstack@placement-api.service[95734]: DEBUG placement.objects.research_context [req-d7694606-05d8-4759-a0fc-a756cdd9c2e8 req-4e65c041-2ac3-418c-b8cc-75e80d232c0a service nova] found 1 providers with available 1 VCPU {{(pid=95734) get_provider_ids_matching /opt/stack/placement/placement/objects/research_context.py:563}}
Oct 07 17:08:26.843227 np0005474935.novalocal devstack@placement-api.service[95734]: DEBUG placement.objects.research_context [req-d7694606-05d8-4759-a0fc-a756cdd9c2e8 req-4e65c041-2ac3-418c-b8cc-75e80d232c0a service nova] found 1 providers after filtering by previous result {{(pid=95734) get_provider_ids_matching /opt/stack/placement/placement/objects/research_context.py:594}}
Oct 07 17:08:26.850464 np0005474935.novalocal devstack@placement-api.service[95734]: DEBUG placement.objects.allocation_candidate [req-d7694606-05d8-4759-a0fc-a756cdd9c2e8 req-4e65c041-2ac3-418c-b8cc-75e80d232c0a service nova] RequestGroup(use_same_provider=False, resources={DISK_GB:1, MEMORY_MB:192, VCPU:1}, traits=(), aggregates=[]) (suffix '') returned 1 matches {{(pid=95734) _get_by_requests /opt/stack/placement/placement/objects/allocation_candidate.py:157}}
Oct 07 17:08:26.850622 np0005474935.novalocal devstack@placement-api.service[95734]: DEBUG placement.objects.allocation_candidate [req-d7694606-05d8-4759-a0fc-a756cdd9c2e8 req-4e65c041-2ac3-418c-b8cc-75e80d232c0a service nova] Merging candidates yields 1 allocation requests and 1 provider summaries {{(pid=95734) _merge_candidates /opt/stack/placement/placement/objects/allocation_candidate.py:841}}
Oct 07 17:08:26.851468 np0005474935.novalocal devstack@placement-api.service[95734]: INFO placement.requestlog [req-d7694606-05d8-4759-a0fc-a756cdd9c2e8 req-4e65c041-2ac3-418c-b8cc-75e80d232c0a service nova] 38.102.83.9 "GET /placement/allocation_candidates?limit=1000&resources=DISK_GB%3A1%2CMEMORY_MB%3A192%2CVCPU%3A1&root_required=%21COMPUTE_STATUS_DISABLED" status: 200 len: 2253 microversion: 1.36
Oct 07 17:08:26.851821 np0005474935.novalocal devstack@placement-api.service[95734]: [pid: 95734|app: 0|req: 838/1674] 38.102.83.9 () {74 vars in 1730 bytes} [Tue Oct 7 17:08:26 2025] GET /placement/allocation_candidates?limit=1000&resources=DISK_GB%3A1%2CMEMORY_MB%3A192%2CVCPU%3A1&root_required=%21COMPUTE_STATUS_DISABLED => generated 2253 bytes in 40 msecs (HTTP/1.1 200) 8 headers in 297 bytes (1 switches on core 0)
Oct 07 17:08:26.887280 np0005474935.novalocal devstack@placement-api.service[95735]: DEBUG placement.requestlog [req-d7694606-05d8-4759-a0fc-a756cdd9c2e8 req-4740b916-1949-4f00-9c09-962b63295f63 None None] Starting request: 38.102.83.9 "GET /placement/allocations/bbe0367e-3f1f-4b07-938b-3466d4dd5614" {{(pid=95735) __call__ /opt/stack/placement/placement/requestlog.py:55}}
Oct 07 17:08:26.891775 np0005474935.novalocal devstack@placement-api.service[95735]: DEBUG dbcounter [-] [95735] Writing DB stats placement:SELECT=104,placement:DELETE=12,placement:INSERT=12,placement:UPDATE=4 {{(pid=95735) stat_writer /usr/local/lib/python3.12/site-packages/dbcounter.py:115}}
Oct 07 17:08:26.896124 np0005474935.novalocal devstack@placement-api.service[95735]: INFO placement.requestlog [req-d7694606-05d8-4759-a0fc-a756cdd9c2e8 req-4740b916-1949-4f00-9c09-962b63295f63 service nova] 38.102.83.9 "GET /placement/allocations/bbe0367e-3f1f-4b07-938b-3466d4dd5614" status: 200 len: 19 microversion: 1.28
Oct 07 17:08:26.896407 np0005474935.novalocal devstack@placement-api.service[95735]: [pid: 95735|app: 0|req: 837/1675] 38.102.83.9 () {74 vars in 1606 bytes} [Tue Oct 7 17:08:26 2025] GET /placement/allocations/bbe0367e-3f1f-4b07-938b-3466d4dd5614 => generated 19 bytes in 9 msecs (HTTP/1.1 200) 8 headers in 295 bytes (1 switches on core 0)
Oct 07 17:08:26.904768 np0005474935.novalocal devstack@placement-api.service[95734]: DEBUG placement.requestlog [req-d7694606-05d8-4759-a0fc-a756cdd9c2e8 req-506af786-05d0-410a-8654-d7d6c93c248d None None] Starting request: 38.102.83.9 "PUT /placement/allocations/bbe0367e-3f1f-4b07-938b-3466d4dd5614" {{(pid=95734) __call__ /opt/stack/placement/placement/requestlog.py:55}}
Oct 07 17:08:27.011278 np0005474935.novalocal devstack@placement-api.service[95734]: DEBUG placement.handlers.allocation [req-d7694606-05d8-4759-a0fc-a756cdd9c2e8 req-506af786-05d0-410a-8654-d7d6c93c248d service nova] Successfully wrote allocations [, , ] {{(pid=95734) _update_consumers_and_create_allocations /opt/stack/placement/placement/handlers/allocation.py:462}}
Oct 07 17:08:27.026915 np0005474935.novalocal devstack@placement-api.service[95734]: INFO placement.requestlog [req-d7694606-05d8-4759-a0fc-a756cdd9c2e8 req-506af786-05d0-410a-8654-d7d6c93c248d service nova] 38.102.83.9 "PUT /placement/allocations/bbe0367e-3f1f-4b07-938b-3466d4dd5614" status: 204 len: 0 microversion: 1.36
Oct 07 17:08:27.027363 np0005474935.novalocal devstack@placement-api.service[95734]: [pid: 95734|app: 0|req: 839/1676] 38.102.83.9 () {78 vars in 1659 bytes} [Tue Oct 7 17:08:26 2025] PUT /placement/allocations/bbe0367e-3f1f-4b07-938b-3466d4dd5614 => generated 0 bytes in 122 msecs (HTTP/1.1 204) 5 headers in 199 bytes (1 switches on core 0)
Oct 07 17:08:28.487473 np0005474935.novalocal devstack@placement-api.service[95735]: DEBUG placement.requestlog [req-d7694606-05d8-4759-a0fc-a756cdd9c2e8 req-1f385fa0-668b-4681-aedf-17db1573cc44 None None] Starting request: 38.102.83.9 "GET /placement/allocations/bbe0367e-3f1f-4b07-938b-3466d4dd5614" {{(pid=95735) __call__ /opt/stack/placement/placement/requestlog.py:55}}
Oct 07 17:08:28.502153 np0005474935.novalocal devstack@placement-api.service[95735]: INFO placement.requestlog [req-d7694606-05d8-4759-a0fc-a756cdd9c2e8 req-1f385fa0-668b-4681-aedf-17db1573cc44 service nova] 38.102.83.9 "GET /placement/allocations/bbe0367e-3f1f-4b07-938b-3466d4dd5614" status: 200 len: 258 microversion: 1.28
Oct 07 17:08:28.502352 np0005474935.novalocal devstack@placement-api.service[95735]: [pid: 95735|app: 0|req: 838/1677] 38.102.83.9 () {74 vars in 1604 bytes} [Tue Oct 7 17:08:28 2025] GET /placement/allocations/bbe0367e-3f1f-4b07-938b-3466d4dd5614 => generated 258 bytes in 15 msecs (HTTP/1.1 200) 8 headers in 296 bytes (1 switches on core 0)
Oct 07 17:08:29.530756 np0005474935.novalocal devstack@placement-api.service[95734]: DEBUG placement.requestlog [req-d7694606-05d8-4759-a0fc-a756cdd9c2e8 req-3f2c6cbf-274a-4db6-a2c9-dbcc435cd792 None None] Starting request: 38.102.83.9 "GET /placement/resource_providers/2932b9f4-01da-4032-91dd-501f6ef3f9c1/allocations" {{(pid=95734) __call__ /opt/stack/placement/placement/requestlog.py:55}}
Oct 07 17:08:29.572322 np0005474935.novalocal devstack@placement-api.service[95734]: INFO placement.requestlog [req-d7694606-05d8-4759-a0fc-a756cdd9c2e8 req-3f2c6cbf-274a-4db6-a2c9-dbcc435cd792 service nova] 38.102.83.9 "GET /placement/resource_providers/2932b9f4-01da-4032-91dd-501f6ef3f9c1/allocations" status: 200 len: 353 microversion: 1.0
Oct 07 17:08:29.573943 np0005474935.novalocal devstack@placement-api.service[95734]: [pid: 95734|app: 0|req: 840/1678] 38.102.83.9 () {72 vars in 1617 bytes} [Tue Oct 7 17:08:29 2025] GET /placement/resource_providers/2932b9f4-01da-4032-91dd-501f6ef3f9c1/allocations => generated 353 bytes in 42 msecs (HTTP/1.1 200) 6 headers in 224 bytes (1 switches on core 0)
Oct 07 17:08:29.584586 np0005474935.novalocal devstack@placement-api.service[95735]: DEBUG placement.requestlog [req-d7694606-05d8-4759-a0fc-a756cdd9c2e8 req-740419e5-b47b-4d4f-aa48-8d3ca3457203 None None] Starting request: 38.102.83.9 "GET /placement/allocations/bbe0367e-3f1f-4b07-938b-3466d4dd5614" {{(pid=95735) __call__ /opt/stack/placement/placement/requestlog.py:55}}
Oct 07 17:08:29.605498 np0005474935.novalocal devstack@placement-api.service[95735]: INFO placement.requestlog [req-d7694606-05d8-4759-a0fc-a756cdd9c2e8 req-740419e5-b47b-4d4f-aa48-8d3ca3457203 service nova] 38.102.83.9 "GET /placement/allocations/bbe0367e-3f1f-4b07-938b-3466d4dd5614" status: 200 len: 258 microversion: 1.28
Oct 07 17:08:29.605773 np0005474935.novalocal devstack@placement-api.service[95735]: [pid: 95735|app: 0|req: 839/1679] 38.102.83.9 () {74 vars in 1604 bytes} [Tue Oct 7 17:08:29 2025] GET /placement/allocations/bbe0367e-3f1f-4b07-938b-3466d4dd5614 => generated 258 bytes in 22 msecs (HTTP/1.1 200) 8 headers in 296 bytes (1 switches on core 0)
Oct 07 17:08:29.616318 np0005474935.novalocal devstack@placement-api.service[95734]: DEBUG placement.requestlog [req-d7694606-05d8-4759-a0fc-a756cdd9c2e8 req-5a2923af-5b8c-4136-97a0-88ccc027b0c4 None None] Starting request: 38.102.83.9 "GET /placement/allocations/6553f4bb-d481-486e-ac88-864b84102b6b" {{(pid=95734) __call__ /opt/stack/placement/placement/requestlog.py:55}}
Oct 07 17:08:29.630412 np0005474935.novalocal devstack@placement-api.service[95734]: INFO placement.requestlog [req-d7694606-05d8-4759-a0fc-a756cdd9c2e8 req-5a2923af-5b8c-4136-97a0-88ccc027b0c4 service nova] 38.102.83.9 "GET /placement/allocations/6553f4bb-d481-486e-ac88-864b84102b6b" status: 200 len: 258 microversion: 1.28
Oct 07 17:08:29.630412 np0005474935.novalocal devstack@placement-api.service[95734]: [pid: 95734|app: 0|req: 841/1680] 38.102.83.9 () {74 vars in 1604 bytes} [Tue Oct 7 17:08:29 2025] GET /placement/allocations/6553f4bb-d481-486e-ac88-864b84102b6b => generated 258 bytes in 15 msecs (HTTP/1.1 200) 8 headers in 296 bytes (1 switches on core 0)
Oct 07 17:08:29.642300 np0005474935.novalocal devstack@placement-api.service[95735]: DEBUG placement.requestlog [req-d7694606-05d8-4759-a0fc-a756cdd9c2e8 req-6980a808-a42d-42ed-b2fc-d822c5e2e25f None None] Starting request: 38.102.83.9 "GET /placement/allocations/6c95afa4-2fa7-40b0-ba34-8d13303e9053" {{(pid=95735) __call__ /opt/stack/placement/placement/requestlog.py:55}}
Oct 07 17:08:29.653507 np0005474935.novalocal devstack@placement-api.service[95735]: INFO placement.requestlog [req-d7694606-05d8-4759-a0fc-a756cdd9c2e8 req-6980a808-a42d-42ed-b2fc-d822c5e2e25f service nova] 38.102.83.9 "GET /placement/allocations/6c95afa4-2fa7-40b0-ba34-8d13303e9053" status: 200 len: 258 microversion: 1.28
Oct 07 17:08:29.653781 np0005474935.novalocal devstack@placement-api.service[95735]: [pid: 95735|app: 0|req: 840/1681] 38.102.83.9 () {74 vars in 1604 bytes} [Tue Oct 7 17:08:29 2025] GET /placement/allocations/6c95afa4-2fa7-40b0-ba34-8d13303e9053 => generated 258 bytes in 12 msecs (HTTP/1.1 200) 8 headers in 296 bytes (1 switches on core 0)
Oct 07 17:08:39.627903 np0005474935.novalocal devstack@placement-api.service[95734]: DEBUG dbcounter [-] [95734] Writing DB stats placement:SELECT=134,placement:DELETE=10,placement:INSERT=18,placement:UPDATE=6 {{(pid=95734) stat_writer /usr/local/lib/python3.12/site-packages/dbcounter.py:115}}
Oct 07 17:08:39.651627 np0005474935.novalocal devstack@placement-api.service[95735]: DEBUG dbcounter [-] [95735] Writing DB stats placement:SELECT=6 {{(pid=95735) stat_writer /usr/local/lib/python3.12/site-packages/dbcounter.py:115}}
Oct 07 17:08:40.163454 np0005474935.novalocal devstack@placement-api.service[95734]: DEBUG placement.requestlog [req-e210c487-dbed-48c7-9483-d170b524dd6e req-248c5fbf-bb65-4e54-b5f4-19cc7becf98d None None] Starting request: 38.102.83.9 "GET /placement/allocation_candidates?limit=1000&resources=DISK_GB%3A1%2CMEMORY_MB%3A192%2CVCPU%3A1&root_required=%21COMPUTE_STATUS_DISABLED" {{(pid=95734) __call__ /opt/stack/placement/placement/requestlog.py:55}}
Oct 07 17:08:40.286843 np0005474935.novalocal devstack@placement-api.service[95735]: DEBUG placement.requestlog [None req-a591d38e-3b05-4720-8b67-fdea411b7364 None None] Starting request: 38.102.83.9 "GET /placement/" {{(pid=95735) __call__ /opt/stack/placement/placement/requestlog.py:55}}
Oct 07 17:08:40.287224 np0005474935.novalocal devstack@placement-api.service[95735]: INFO placement.requestlog [None req-a591d38e-3b05-4720-8b67-fdea411b7364 None None] 38.102.83.9 "GET /placement/" status: 200 len: 136 microversion: 1.0
Oct 07 17:08:40.287371 np0005474935.novalocal devstack@placement-api.service[95735]: [pid: 95735|app: 0|req: 841/1682] 38.102.83.9 () {68 vars in 1133 bytes} [Tue Oct 7 17:08:40 2025] GET /placement => generated 136 bytes in 0 msecs (HTTP/1.1 200) 6 headers in 224 bytes (1 switches on core 0)
Oct 07 17:08:40.294366 np0005474935.novalocal devstack@placement-api.service[95734]: DEBUG placement.objects.research_context [req-e210c487-dbed-48c7-9483-d170b524dd6e req-248c5fbf-bb65-4e54-b5f4-19cc7becf98d service nova] getting providers with 1 DISK_GB {{(pid=95734) __init__ /opt/stack/placement/placement/objects/research_context.py:137}}
Oct 07 17:08:40.295967 np0005474935.novalocal devstack@placement-api.service[95735]: DEBUG placement.requestlog [req-4691041b-7a61-4e80-bf36-d4424bc3339c req-f068cdf6-d1ea-4fcb-8eb3-13657ee4cde6 None None] Starting request: 38.102.83.9 "DELETE /placement/allocations/00f103d5-54db-4c06-8d50-3525145f2115" {{(pid=95735) __call__ /opt/stack/placement/placement/requestlog.py:55}}
Oct 07 17:08:40.299867 np0005474935.novalocal devstack@placement-api.service[95734]: DEBUG placement.objects.research_context [req-e210c487-dbed-48c7-9483-d170b524dd6e req-248c5fbf-bb65-4e54-b5f4-19cc7becf98d service nova] getting providers with 192 MEMORY_MB {{(pid=95734) __init__ /opt/stack/placement/placement/objects/research_context.py:137}}
Oct 07 17:08:40.306922 np0005474935.novalocal devstack@placement-api.service[95734]: DEBUG placement.objects.research_context [req-e210c487-dbed-48c7-9483-d170b524dd6e req-248c5fbf-bb65-4e54-b5f4-19cc7becf98d service nova] getting providers with 1 VCPU {{(pid=95734) __init__ /opt/stack/placement/placement/objects/research_context.py:137}}
