Oct 07 17:18:23.730500 np0005474935.novalocal cinder-volume[104939]: DEBUG cinder.coordination [None req-790420cd-c94f-45f4-87b5-cb02ed4ac293 tempest-VolumesSnapshotTestJSON-1624713996 None] Acquiring lock "cinder-9620df75-255e-4bbb-a492-bae5511c69c7-delete_snapshot" by "delete_snapshot" {{(pid=104939) __acquire /opt/stack/cinder/cinder/coordination.py:143}}
Oct 07 17:18:23.735909 np0005474935.novalocal cinder-volume[104939]: DEBUG cinder.coordination [None req-790420cd-c94f-45f4-87b5-cb02ed4ac293 tempest-VolumesSnapshotTestJSON-1624713996 None] Lock "cinder-9620df75-255e-4bbb-a492-bae5511c69c7-delete_snapshot" acquired by "delete_snapshot" :: waited 0.005s {{(pid=104939) __acquire /opt/stack/cinder/cinder/coordination.py:146}}
Oct 07 17:18:23.740365 np0005474935.novalocal cinder-volume[104939]: DEBUG oslo_concurrency.processutils [None req-790420cd-c94f-45f4-87b5-cb02ed4ac293 tempest-VolumesSnapshotTestJSON-1624713996 None] Running cmd (subprocess): sudo cinder-rootwrap /etc/cinder/rootwrap.conf env LC_ALL=C lvs --noheadings --unit=g -o vg_name,name,size --nosuffix --readonly stack-volumes-lvmdriver-1/_snapshot-9620df75-255e-4bbb-a492-bae5511c69c7 {{(pid=104939) execute /usr/local/lib/python3.12/site-packages/oslo_concurrency/processutils.py:349}}
Oct 07 17:18:23.771250 np0005474935.novalocal sudo[142428]: stack : PWD=/ ; USER=root ; COMMAND=/usr/local/bin/cinder-rootwrap /etc/cinder/rootwrap.conf env LC_ALL=C lvs --noheadings --unit=g -o vg_name,name,size --nosuffix --readonly stack-volumes-lvmdriver-1/_snapshot-9620df75-255e-4bbb-a492-bae5511c69c7
Oct 07 17:18:24.245649 np0005474935.novalocal cinder-volume[104939]: DEBUG oslo_concurrency.processutils [None req-790420cd-c94f-45f4-87b5-cb02ed4ac293 tempest-VolumesSnapshotTestJSON-1624713996 None] CMD "sudo cinder-rootwrap /etc/cinder/rootwrap.conf env LC_ALL=C lvs --noheadings --unit=g -o vg_name,name,size --nosuffix --readonly stack-volumes-lvmdriver-1/_snapshot-9620df75-255e-4bbb-a492-bae5511c69c7" returned: 0 in 0.507s {{(pid=104939) execute /usr/local/lib/python3.12/site-packages/oslo_concurrency/processutils.py:372}}
Oct 07 17:18:24.246671 np0005474935.novalocal cinder-volume[104939]: DEBUG oslo_concurrency.processutils [None req-790420cd-c94f-45f4-87b5-cb02ed4ac293 tempest-VolumesSnapshotTestJSON-1624713996 None] Running cmd (subprocess): sudo cinder-rootwrap /etc/cinder/rootwrap.conf lvremove --config activation { retry_deactivation = 1} -f stack-volumes-lvmdriver-1/_snapshot-9620df75-255e-4bbb-a492-bae5511c69c7 {{(pid=104939) execute /usr/local/lib/python3.12/site-packages/oslo_concurrency/processutils.py:349}}
Oct 07 17:18:24.283721 np0005474935.novalocal sudo[142434]: stack : PWD=/ ; USER=root ; COMMAND=/usr/local/bin/cinder-rootwrap /etc/cinder/rootwrap.conf lvremove --config 'activation { retry_deactivation = 1} ' -f stack-volumes-lvmdriver-1/_snapshot-9620df75-255e-4bbb-a492-bae5511c69c7
Oct 07 17:18:24.696323 np0005474935.novalocal cinder-volume[104939]: DEBUG oslo_concurrency.processutils [None req-790420cd-c94f-45f4-87b5-cb02ed4ac293 tempest-VolumesSnapshotTestJSON-1624713996 None] CMD "sudo cinder-rootwrap /etc/cinder/rootwrap.conf lvremove --config activation { retry_deactivation = 1} -f stack-volumes-lvmdriver-1/_snapshot-9620df75-255e-4bbb-a492-bae5511c69c7" returned: 0 in 0.449s {{(pid=104939) execute /usr/local/lib/python3.12/site-packages/oslo_concurrency/processutils.py:372}}
Oct 07 17:18:24.740147 np0005474935.novalocal cinder-volume[104939]: DEBUG cinder.quota [None req-790420cd-c94f-45f4-87b5-cb02ed4ac293 tempest-VolumesSnapshotTestJSON-1624713996 None] Created reservations ['02c8fe0c-080a-4477-b347-b636932927df', '3c7c8ec9-d5fa-4e6c-b15e-589a1fb6670e', '7440b283-8b5f-42ab-ada3-ed6843309bc4', 'e42e42c9-b4d9-40bb-8d64-6f0f896419cc'] {{(pid=104939) reserve /opt/stack/cinder/cinder/quota.py:752}}
Oct 07 17:18:24.805940 np0005474935.novalocal cinder-volume[104939]: INFO cinder.volume.manager [None req-790420cd-c94f-45f4-87b5-cb02ed4ac293 tempest-VolumesSnapshotTestJSON-1624713996 None] Delete snapshot completed successfully.
Oct 07 17:18:24.805940 np0005474935.novalocal cinder-volume[104939]: DEBUG cinder.coordination [None req-790420cd-c94f-45f4-87b5-cb02ed4ac293 tempest-VolumesSnapshotTestJSON-1624713996 None] Lock "cinder-9620df75-255e-4bbb-a492-bae5511c69c7-delete_snapshot" released by "delete_snapshot" :: held 1.041s {{(pid=104939) __release /opt/stack/cinder/cinder/coordination.py:157}}
Oct 07 17:18:28.422699 np0005474935.novalocal cinder-volume[104939]: DEBUG oslo_concurrency.processutils [req-b26a0566-9e9a-4522-b745-8cf1bdfe537d req-ab980b77-a8e4-4a43-ad69-ee3b3bc0407c tempest-ImageDependencyTests-984072922 None] Running cmd (subprocess): sudo cinder-rootwrap /etc/cinder/rootwrap.conf lvchange -a y --yes -K stack-volumes-lvmdriver-1/volume-7c849779-36c1-409d-a787-fe7aedc5373f {{(pid=104939) execute /usr/local/lib/python3.12/site-packages/oslo_concurrency/processutils.py:349}}
Oct 07 17:18:28.471268 np0005474935.novalocal sudo[142453]: stack : PWD=/ ; USER=root ; COMMAND=/usr/local/bin/cinder-rootwrap /etc/cinder/rootwrap.conf lvchange -a y --yes -K stack-volumes-lvmdriver-1/volume-7c849779-36c1-409d-a787-fe7aedc5373f
Oct 07 17:18:28.942460 np0005474935.novalocal cinder-volume[104939]: DEBUG oslo_concurrency.processutils [req-b26a0566-9e9a-4522-b745-8cf1bdfe537d req-ab980b77-a8e4-4a43-ad69-ee3b3bc0407c tempest-ImageDependencyTests-984072922 None] CMD "sudo cinder-rootwrap /etc/cinder/rootwrap.conf lvchange -a y --yes -K stack-volumes-lvmdriver-1/volume-7c849779-36c1-409d-a787-fe7aedc5373f" returned: 0 in 0.520s {{(pid=104939) execute /usr/local/lib/python3.12/site-packages/oslo_concurrency/processutils.py:372}}
Oct 07 17:18:28.959971 np0005474935.novalocal cinder-volume[104939]: INFO cinder.volume.targets.lio [req-b26a0566-9e9a-4522-b745-8cf1bdfe537d req-ab980b77-a8e4-4a43-ad69-ee3b3bc0407c tempest-ImageDependencyTests-984072922 None] Creating iscsi_target for volume: volume-7c849779-36c1-409d-a787-fe7aedc5373f
Oct 07 17:18:28.960294 np0005474935.novalocal cinder-volume[104939]: DEBUG oslo_concurrency.lockutils [req-b26a0566-9e9a-4522-b745-8cf1bdfe537d req-ab980b77-a8e4-4a43-ad69-ee3b3bc0407c tempest-ImageDependencyTests-984072922 None] Acquiring lock "lioadm" by "cinder.volume.targets.lio.LioAdm._execute" {{(pid=104939) inner /usr/local/lib/python3.12/site-packages/oslo_concurrency/lockutils.py:405}}
Oct 07 17:18:28.961176 np0005474935.novalocal cinder-volume[104939]: DEBUG oslo_concurrency.lockutils [req-b26a0566-9e9a-4522-b745-8cf1bdfe537d req-ab980b77-a8e4-4a43-ad69-ee3b3bc0407c tempest-ImageDependencyTests-984072922 None] Lock "lioadm" acquired by "cinder.volume.targets.lio.LioAdm._execute" :: waited 0.001s {{(pid=104939) inner /usr/local/lib/python3.12/site-packages/oslo_concurrency/lockutils.py:410}}
Oct 07 17:18:28.961914 np0005474935.novalocal cinder-volume[104939]: DEBUG oslo_concurrency.processutils [req-b26a0566-9e9a-4522-b745-8cf1bdfe537d req-ab980b77-a8e4-4a43-ad69-ee3b3bc0407c tempest-ImageDependencyTests-984072922 None] Running cmd (subprocess): sudo cinder-rootwrap /etc/cinder/rootwrap.conf cinder-rtstool create /dev/stack-volumes-lvmdriver-1/volume-7c849779-36c1-409d-a787-fe7aedc5373f iqn.2010-10.org.openstack:volume-7c849779-36c1-409d-a787-fe7aedc5373f DxZ5BXmVk79hzGXLzSGG X3npFGEPK29oD5R8 False -p3260 -a38.102.83.9 {{(pid=104939) execute /usr/local/lib/python3.12/site-packages/oslo_concurrency/processutils.py:349}}
Oct 07 17:18:29.000637 np0005474935.novalocal sudo[142458]: stack : PWD=/ ; USER=root ; COMMAND=/usr/local/bin/cinder-rootwrap /etc/cinder/rootwrap.conf cinder-rtstool create /dev/stack-volumes-lvmdriver-1/volume-7c849779-36c1-409d-a787-fe7aedc5373f iqn.2010-10.org.openstack:volume-7c849779-36c1-409d-a787-fe7aedc5373f DxZ5BXmVk79hzGXLzSGG X3npFGEPK29oD5R8 False -p3260 -a38.102.83.9
Oct 07 17:18:29.560864 np0005474935.novalocal cinder-volume[104939]: DEBUG oslo_concurrency.processutils [req-b26a0566-9e9a-4522-b745-8cf1bdfe537d req-ab980b77-a8e4-4a43-ad69-ee3b3bc0407c tempest-ImageDependencyTests-984072922 None] CMD "sudo cinder-rootwrap /etc/cinder/rootwrap.conf cinder-rtstool create /dev/stack-volumes-lvmdriver-1/volume-7c849779-36c1-409d-a787-fe7aedc5373f iqn.2010-10.org.openstack:volume-7c849779-36c1-409d-a787-fe7aedc5373f DxZ5BXmVk79hzGXLzSGG X3npFGEPK29oD5R8 False -p3260 -a38.102.83.9" returned: 0 in 0.598s {{(pid=104939) execute /usr/local/lib/python3.12/site-packages/oslo_concurrency/processutils.py:372}}
Oct 07 17:18:29.561767 np0005474935.novalocal cinder-volume[104939]: DEBUG oslo_concurrency.lockutils [req-b26a0566-9e9a-4522-b745-8cf1bdfe537d req-ab980b77-a8e4-4a43-ad69-ee3b3bc0407c tempest-ImageDependencyTests-984072922 None] Lock "lioadm" "released" by "cinder.volume.targets.lio.LioAdm._execute" :: held 0.600s {{(pid=104939) inner /usr/local/lib/python3.12/site-packages/oslo_concurrency/lockutils.py:424}}
Oct 07 17:18:29.561845 np0005474935.novalocal cinder-volume[104939]: DEBUG oslo_concurrency.lockutils [req-b26a0566-9e9a-4522-b745-8cf1bdfe537d req-ab980b77-a8e4-4a43-ad69-ee3b3bc0407c tempest-ImageDependencyTests-984072922 None] Acquiring lock "lioadm" by "cinder.volume.targets.lio.LioAdm._execute" {{(pid=104939) inner /usr/local/lib/python3.12/site-packages/oslo_concurrency/lockutils.py:405}}
Oct 07 17:18:29.562486 np0005474935.novalocal cinder-volume[104939]: DEBUG oslo_concurrency.lockutils [req-b26a0566-9e9a-4522-b745-8cf1bdfe537d req-ab980b77-a8e4-4a43-ad69-ee3b3bc0407c tempest-ImageDependencyTests-984072922 None] Lock "lioadm" acquired by "cinder.volume.targets.lio.LioAdm._execute" :: waited 0.001s {{(pid=104939) inner /usr/local/lib/python3.12/site-packages/oslo_concurrency/lockutils.py:410}}
Oct 07 17:18:29.563105 np0005474935.novalocal cinder-volume[104939]: DEBUG oslo_concurrency.processutils [req-b26a0566-9e9a-4522-b745-8cf1bdfe537d req-ab980b77-a8e4-4a43-ad69-ee3b3bc0407c tempest-ImageDependencyTests-984072922 None] Running cmd (subprocess): sudo cinder-rootwrap /etc/cinder/rootwrap.conf cinder-rtstool get-targets {{(pid=104939) execute /usr/local/lib/python3.12/site-packages/oslo_concurrency/processutils.py:349}}
Oct 07 17:18:29.607791 np0005474935.novalocal sudo[142464]: stack : PWD=/ ; USER=root ; COMMAND=/usr/local/bin/cinder-rootwrap /etc/cinder/rootwrap.conf cinder-rtstool get-targets
Oct 07 17:18:30.202894 np0005474935.novalocal cinder-volume[104939]: DEBUG oslo_concurrency.processutils [req-b26a0566-9e9a-4522-b745-8cf1bdfe537d req-ab980b77-a8e4-4a43-ad69-ee3b3bc0407c tempest-ImageDependencyTests-984072922 None] CMD "sudo cinder-rootwrap /etc/cinder/rootwrap.conf cinder-rtstool get-targets" returned: 0 in 0.640s {{(pid=104939) execute /usr/local/lib/python3.12/site-packages/oslo_concurrency/processutils.py:372}}
Oct 07 17:18:30.203375 np0005474935.novalocal cinder-volume[104939]: DEBUG oslo_concurrency.lockutils [req-b26a0566-9e9a-4522-b745-8cf1bdfe537d req-ab980b77-a8e4-4a43-ad69-ee3b3bc0407c tempest-ImageDependencyTests-984072922 None] Lock "lioadm" "released" by "cinder.volume.targets.lio.LioAdm._execute" :: held 0.641s {{(pid=104939) inner /usr/local/lib/python3.12/site-packages/oslo_concurrency/lockutils.py:424}}
Oct 07 17:18:30.203568 np0005474935.novalocal cinder-volume[104939]: DEBUG oslo_concurrency.lockutils [req-b26a0566-9e9a-4522-b745-8cf1bdfe537d req-ab980b77-a8e4-4a43-ad69-ee3b3bc0407c tempest-ImageDependencyTests-984072922 None] Acquiring lock "lioadm" by "cinder.volume.targets.lio.LioAdm._execute" {{(pid=104939) inner /usr/local/lib/python3.12/site-packages/oslo_concurrency/lockutils.py:405}}
Oct 07 17:18:30.203982 np0005474935.novalocal cinder-volume[104939]: DEBUG oslo_concurrency.lockutils [req-b26a0566-9e9a-4522-b745-8cf1bdfe537d req-ab980b77-a8e4-4a43-ad69-ee3b3bc0407c tempest-ImageDependencyTests-984072922 None] Lock "lioadm" acquired by "cinder.volume.targets.lio.LioAdm._execute" :: waited 0.000s {{(pid=104939) inner /usr/local/lib/python3.12/site-packages/oslo_concurrency/lockutils.py:410}}
Oct 07 17:18:30.204416 np0005474935.novalocal cinder-volume[104939]: DEBUG oslo_concurrency.processutils [req-b26a0566-9e9a-4522-b745-8cf1bdfe537d req-ab980b77-a8e4-4a43-ad69-ee3b3bc0407c tempest-ImageDependencyTests-984072922 None] Running cmd (subprocess): sudo cinder-rootwrap /etc/cinder/rootwrap.conf cinder-rtstool save {{(pid=104939) execute /usr/local/lib/python3.12/site-packages/oslo_concurrency/processutils.py:349}}
Oct 07 17:18:30.245281 np0005474935.novalocal sudo[142472]: stack : PWD=/ ; USER=root ; COMMAND=/usr/local/bin/cinder-rootwrap /etc/cinder/rootwrap.conf cinder-rtstool save
Oct 07 17:18:30.799125 np0005474935.novalocal cinder-volume[104939]: DEBUG oslo_concurrency.processutils [req-b26a0566-9e9a-4522-b745-8cf1bdfe537d req-ab980b77-a8e4-4a43-ad69-ee3b3bc0407c tempest-ImageDependencyTests-984072922 None] CMD "sudo cinder-rootwrap /etc/cinder/rootwrap.conf cinder-rtstool save" returned: 0 in 0.594s {{(pid=104939) execute /usr/local/lib/python3.12/site-packages/oslo_concurrency/processutils.py:372}}
Oct 07 17:18:30.799125 np0005474935.novalocal cinder-volume[104939]: DEBUG oslo_concurrency.lockutils [req-b26a0566-9e9a-4522-b745-8cf1bdfe537d req-ab980b77-a8e4-4a43-ad69-ee3b3bc0407c tempest-ImageDependencyTests-984072922 None] Lock "lioadm" "released" by "cinder.volume.targets.lio.LioAdm._execute" :: held 0.595s {{(pid=104939) inner /usr/local/lib/python3.12/site-packages/oslo_concurrency/lockutils.py:424}}
Oct 07 17:18:30.799779 np0005474935.novalocal cinder-volume[104939]: DEBUG cinder.volume.targets.iscsi [req-b26a0566-9e9a-4522-b745-8cf1bdfe537d req-ab980b77-a8e4-4a43-ad69-ee3b3bc0407c tempest-ImageDependencyTests-984072922 None] Set provider_location to: 38.102.83.9:3260,iqn.2010-10.org.openstack:volume-7c849779-36c1-409d-a787-fe7aedc5373f iqn.2010-10.org.openstack:volume-7c849779-36c1-409d-a787-fe7aedc5373f 0 {{(pid=104939) create_export /opt/stack/cinder/cinder/volume/targets/iscsi.py:205}}
Oct 07 17:18:30.808531 np0005474935.novalocal cinder-volume[104939]: DEBUG oslo_concurrency.lockutils [req-b26a0566-9e9a-4522-b745-8cf1bdfe537d req-ab980b77-a8e4-4a43-ad69-ee3b3bc0407c tempest-ImageDependencyTests-984072922 None] Acquiring lock "lioadm" by "cinder.volume.targets.lio.LioAdm._execute" {{(pid=104939) inner /usr/local/lib/python3.12/site-packages/oslo_concurrency/lockutils.py:405}}
Oct 07 17:18:30.808896 np0005474935.novalocal cinder-volume[104939]: DEBUG oslo_concurrency.lockutils [req-b26a0566-9e9a-4522-b745-8cf1bdfe537d req-ab980b77-a8e4-4a43-ad69-ee3b3bc0407c tempest-ImageDependencyTests-984072922 None] Lock "lioadm" acquired by "cinder.volume.targets.lio.LioAdm._execute" :: waited 0.001s {{(pid=104939) inner /usr/local/lib/python3.12/site-packages/oslo_concurrency/lockutils.py:410}}
Oct 07 17:18:30.809240 np0005474935.novalocal cinder-volume[104939]: DEBUG oslo_concurrency.processutils [req-b26a0566-9e9a-4522-b745-8cf1bdfe537d req-ab980b77-a8e4-4a43-ad69-ee3b3bc0407c tempest-ImageDependencyTests-984072922 None] Running cmd (subprocess): sudo cinder-rootwrap /etc/cinder/rootwrap.conf cinder-rtstool add-initiator iqn.2010-10.org.openstack:volume-7c849779-36c1-409d-a787-fe7aedc5373f DxZ5BXmVk79hzGXLzSGG X3npFGEPK29oD5R8 iqn.1994-05.com.redhat:1ec65087f188 {{(pid=104939) execute /usr/local/lib/python3.12/site-packages/oslo_concurrency/processutils.py:349}}
Oct 07 17:18:30.836088 np0005474935.novalocal sudo[142478]: stack : PWD=/ ; USER=root ; COMMAND=/usr/local/bin/cinder-rootwrap /etc/cinder/rootwrap.conf cinder-rtstool add-initiator iqn.2010-10.org.openstack:volume-7c849779-36c1-409d-a787-fe7aedc5373f DxZ5BXmVk79hzGXLzSGG X3npFGEPK29oD5R8 iqn.1994-05.com.redhat:1ec65087f188
Oct 07 17:18:31.367691 np0005474935.novalocal cinder-volume[104939]: DEBUG oslo_concurrency.processutils [req-b26a0566-9e9a-4522-b745-8cf1bdfe537d req-ab980b77-a8e4-4a43-ad69-ee3b3bc0407c tempest-ImageDependencyTests-984072922 None] CMD "sudo cinder-rootwrap /etc/cinder/rootwrap.conf cinder-rtstool add-initiator iqn.2010-10.org.openstack:volume-7c849779-36c1-409d-a787-fe7aedc5373f DxZ5BXmVk79hzGXLzSGG X3npFGEPK29oD5R8 iqn.1994-05.com.redhat:1ec65087f188" returned: 0 in 0.558s {{(pid=104939) execute /usr/local/lib/python3.12/site-packages/oslo_concurrency/processutils.py:372}}
Oct 07 17:18:31.368240 np0005474935.novalocal cinder-volume[104939]: DEBUG oslo_concurrency.lockutils [req-b26a0566-9e9a-4522-b745-8cf1bdfe537d req-ab980b77-a8e4-4a43-ad69-ee3b3bc0407c tempest-ImageDependencyTests-984072922 None] Lock "lioadm" "released" by "cinder.volume.targets.lio.LioAdm._execute" :: held 0.559s {{(pid=104939) inner /usr/local/lib/python3.12/site-packages/oslo_concurrency/lockutils.py:424}}
Oct 07 17:18:31.368762 np0005474935.novalocal cinder-volume[104939]: DEBUG oslo_concurrency.lockutils [req-b26a0566-9e9a-4522-b745-8cf1bdfe537d req-ab980b77-a8e4-4a43-ad69-ee3b3bc0407c tempest-ImageDependencyTests-984072922 None] Acquiring lock "lioadm" by "cinder.volume.targets.lio.LioAdm._execute" {{(pid=104939) inner /usr/local/lib/python3.12/site-packages/oslo_concurrency/lockutils.py:405}}
Oct 07 17:18:31.369248 np0005474935.novalocal cinder-volume[104939]: DEBUG oslo_concurrency.lockutils [req-b26a0566-9e9a-4522-b745-8cf1bdfe537d req-ab980b77-a8e4-4a43-ad69-ee3b3bc0407c tempest-ImageDependencyTests-984072922 None] Lock "lioadm" acquired by "cinder.volume.targets.lio.LioAdm._execute" :: waited 0.001s {{(pid=104939) inner /usr/local/lib/python3.12/site-packages/oslo_concurrency/lockutils.py:410}}
Oct 07 17:18:31.372179 np0005474935.novalocal cinder-volume[104939]: DEBUG oslo_concurrency.processutils [req-b26a0566-9e9a-4522-b745-8cf1bdfe537d req-ab980b77-a8e4-4a43-ad69-ee3b3bc0407c tempest-ImageDependencyTests-984072922 None] Running cmd (subprocess): sudo cinder-rootwrap /etc/cinder/rootwrap.conf cinder-rtstool save {{(pid=104939) execute /usr/local/lib/python3.12/site-packages/oslo_concurrency/processutils.py:349}}
Oct 07 17:18:31.395171 np0005474935.novalocal sudo[142484]: stack : PWD=/ ; USER=root ; COMMAND=/usr/local/bin/cinder-rootwrap /etc/cinder/rootwrap.conf cinder-rtstool save
Oct 07 17:18:31.973842 np0005474935.novalocal cinder-volume[104939]: DEBUG oslo_concurrency.processutils [req-b26a0566-9e9a-4522-b745-8cf1bdfe537d req-ab980b77-a8e4-4a43-ad69-ee3b3bc0407c tempest-ImageDependencyTests-984072922 None] CMD "sudo cinder-rootwrap /etc/cinder/rootwrap.conf cinder-rtstool save" returned: 0 in 0.604s {{(pid=104939) execute /usr/local/lib/python3.12/site-packages/oslo_concurrency/processutils.py:372}}
Oct 07 17:18:31.974370 np0005474935.novalocal cinder-volume[104939]: DEBUG oslo_concurrency.lockutils [req-b26a0566-9e9a-4522-b745-8cf1bdfe537d req-ab980b77-a8e4-4a43-ad69-ee3b3bc0407c tempest-ImageDependencyTests-984072922 None] Lock "lioadm" "released" by "cinder.volume.targets.lio.LioAdm._execute" :: held 0.605s {{(pid=104939) inner /usr/local/lib/python3.12/site-packages/oslo_concurrency/lockutils.py:424}}
Oct 07 17:18:32.005282 np0005474935.novalocal cinder-volume[104939]: DEBUG cinder.volume.manager [req-b26a0566-9e9a-4522-b745-8cf1bdfe537d req-ab980b77-a8e4-4a43-ad69-ee3b3bc0407c tempest-ImageDependencyTests-984072922 None] Connection info returned from driver {'target_discovered': False, 'target_portal': '38.102.83.9:3260', 'target_iqn': 'iqn.2010-10.org.openstack:volume-7c849779-36c1-409d-a787-fe7aedc5373f', 'target_lun': 0, 'volume_id': '7c849779-36c1-409d-a787-fe7aedc5373f', 'auth_method': 'CHAP', 'auth_username': 'DxZ5BXmVk79hzGXLzSGG', 'auth_password': '***', 'encrypted': False, 'qos_specs': None, 'access_mode': 'rw', 'cacheable': False, 'driver_volume_type': 'iscsi', 'attachment_id': '300edeef-c787-4f30-971e-9e70d3777a05', 'enforce_multipath': True} {{(pid=104939) _connection_create /opt/stack/cinder/cinder/volume/manager.py:4891}}
Oct 07 17:18:32.044547 np0005474935.novalocal cinder-volume[104939]: INFO cinder.volume.manager [req-b26a0566-9e9a-4522-b745-8cf1bdfe537d req-ab980b77-a8e4-4a43-ad69-ee3b3bc0407c tempest-ImageDependencyTests-984072922 None] attachment_update completed successfully.
Oct 07 17:18:42.039752 np0005474935.novalocal cinder-volume[104939]: DEBUG dbcounter [-] [104939] Writing DB stats cinder:SELECT=55,cinder:UPDATE=30,cinder:INSERT=37,cinder:DELETE=4 {{(pid=104939) stat_writer /usr/local/lib/python3.12/site-packages/dbcounter.py:115}}
Oct 07 17:18:42.043458 np0005474935.novalocal cinder-volume[104939]: DEBUG dbcounter [-] [104939] Writing DB stats cinder:UPDATE=40,cinder:SELECT=52,cinder:INSERT=34,cinder:DELETE=1 {{(pid=104939) stat_writer /usr/local/lib/python3.12/site-packages/dbcounter.py:115}}
Oct 07 17:18:43.119374 np0005474935.novalocal cinder-volume[104939]: DEBUG oslo_concurrency.processutils [req-491e1458-0fe4-47a1-9fe4-a8db3b9e22e0 req-0d3537b2-719b-45c8-b229-b66633e3c0f8 tempest-ImageDependencyTests-984072922 None] Running cmd (subprocess): sudo cinder-rootwrap /etc/cinder/rootwrap.conf env LC_ALL=C lvs --noheadings --unit=g -o vg_name,name,size --nosuffix --readonly stack-volumes-lvmdriver-1/volume-7c849779-36c1-409d-a787-fe7aedc5373f {{(pid=104939) execute /usr/local/lib/python3.12/site-packages/oslo_concurrency/processutils.py:349}}
Oct 07 17:18:43.169611 np0005474935.novalocal sudo[142629]: stack : PWD=/ ; USER=root ; COMMAND=/usr/local/bin/cinder-rootwrap /etc/cinder/rootwrap.conf env LC_ALL=C lvs --noheadings --unit=g -o vg_name,name,size --nosuffix --readonly stack-volumes-lvmdriver-1/volume-7c849779-36c1-409d-a787-fe7aedc5373f
Oct 07 17:18:43.575853 np0005474935.novalocal cinder-volume[104939]: DEBUG oslo_concurrency.processutils [req-491e1458-0fe4-47a1-9fe4-a8db3b9e22e0 req-0d3537b2-719b-45c8-b229-b66633e3c0f8 tempest-ImageDependencyTests-984072922 None] CMD "sudo cinder-rootwrap /etc/cinder/rootwrap.conf env LC_ALL=C lvs --noheadings --unit=g -o vg_name,name,size --nosuffix --readonly stack-volumes-lvmdriver-1/volume-7c849779-36c1-409d-a787-fe7aedc5373f" returned: 0 in 0.457s {{(pid=104939) execute /usr/local/lib/python3.12/site-packages/oslo_concurrency/processutils.py:372}}
Oct 07 17:18:43.576488 np0005474935.novalocal cinder-volume[104939]: DEBUG oslo_concurrency.processutils [req-491e1458-0fe4-47a1-9fe4-a8db3b9e22e0 req-0d3537b2-719b-45c8-b229-b66633e3c0f8 tempest-ImageDependencyTests-984072922 None] Running cmd (subprocess): sudo cinder-rootwrap /etc/cinder/rootwrap.conf env LC_ALL=C lvcreate --name _snapshot-cb1561d1-b082-428f-a9ac-2dae0ab0ee35 --snapshot stack-volumes-lvmdriver-1/volume-7c849779-36c1-409d-a787-fe7aedc5373f {{(pid=104939) execute /usr/local/lib/python3.12/site-packages/oslo_concurrency/processutils.py:349}}
Oct 07 17:18:43.600194 np0005474935.novalocal sudo[142635]: stack : PWD=/ ; USER=root ; COMMAND=/usr/local/bin/cinder-rootwrap /etc/cinder/rootwrap.conf env LC_ALL=C lvcreate --name _snapshot-cb1561d1-b082-428f-a9ac-2dae0ab0ee35 --snapshot stack-volumes-lvmdriver-1/volume-7c849779-36c1-409d-a787-fe7aedc5373f
Oct 07 17:18:44.035944 np0005474935.novalocal cinder-volume[104939]: DEBUG oslo_concurrency.processutils [req-491e1458-0fe4-47a1-9fe4-a8db3b9e22e0 req-0d3537b2-719b-45c8-b229-b66633e3c0f8 tempest-ImageDependencyTests-984072922 None] CMD "sudo cinder-rootwrap /etc/cinder/rootwrap.conf env LC_ALL=C lvcreate --name _snapshot-cb1561d1-b082-428f-a9ac-2dae0ab0ee35 --snapshot stack-volumes-lvmdriver-1/volume-7c849779-36c1-409d-a787-fe7aedc5373f" returned: 0 in 0.459s {{(pid=104939) execute /usr/local/lib/python3.12/site-packages/oslo_concurrency/processutils.py:372}}
Oct 07 17:18:44.070013 np0005474935.novalocal cinder-volume[104939]: INFO cinder.volume.manager [req-491e1458-0fe4-47a1-9fe4-a8db3b9e22e0 req-0d3537b2-719b-45c8-b229-b66633e3c0f8 tempest-ImageDependencyTests-984072922 None] Create snapshot completed successfully
Oct 07 17:18:44.763356 np0005474935.novalocal cinder-volume[104939]: DEBUG cinder.coordination [None req-560a18dd-3433-4ccd-8ed2-3d6f77d8903c tempest-ImageDependencyTests-984072922 None] Acquiring lock "cinder-cb1561d1-b082-428f-a9ac-2dae0ab0ee35-delete_snapshot" by "delete_snapshot" {{(pid=104939) __acquire /opt/stack/cinder/cinder/coordination.py:143}}
Oct 07 17:18:44.771901 np0005474935.novalocal cinder-volume[104939]: DEBUG cinder.coordination [None req-560a18dd-3433-4ccd-8ed2-3d6f77d8903c tempest-ImageDependencyTests-984072922 None] Lock "cinder-cb1561d1-b082-428f-a9ac-2dae0ab0ee35-delete_snapshot" acquired by "delete_snapshot" :: waited 0.009s {{(pid=104939) __acquire /opt/stack/cinder/cinder/coordination.py:146}}
Oct 07 17:18:44.774269 np0005474935.novalocal cinder-volume[104939]: DEBUG oslo_concurrency.processutils [None req-560a18dd-3433-4ccd-8ed2-3d6f77d8903c tempest-ImageDependencyTests-984072922 None] Running cmd (subprocess): sudo cinder-rootwrap /etc/cinder/rootwrap.conf env LC_ALL=C lvs --noheadings --unit=g -o vg_name,name,size --nosuffix --readonly stack-volumes-lvmdriver-1/_snapshot-cb1561d1-b082-428f-a9ac-2dae0ab0ee35 {{(pid=104939) execute /usr/local/lib/python3.12/site-packages/oslo_concurrency/processutils.py:349}}
Oct 07 17:18:44.815554 np0005474935.novalocal sudo[142647]: stack : PWD=/ ; USER=root ; COMMAND=/usr/local/bin/cinder-rootwrap /etc/cinder/rootwrap.conf env LC_ALL=C lvs --noheadings --unit=g -o vg_name,name,size --nosuffix --readonly stack-volumes-lvmdriver-1/_snapshot-cb1561d1-b082-428f-a9ac-2dae0ab0ee35
Oct 07 17:18:45.211206 np0005474935.novalocal cinder-volume[104939]: DEBUG oslo_concurrency.processutils [None req-560a18dd-3433-4ccd-8ed2-3d6f77d8903c tempest-ImageDependencyTests-984072922 None] CMD "sudo cinder-rootwrap /etc/cinder/rootwrap.conf env LC_ALL=C lvs --noheadings --unit=g -o vg_name,name,size --nosuffix --readonly stack-volumes-lvmdriver-1/_snapshot-cb1561d1-b082-428f-a9ac-2dae0ab0ee35" returned: 0 in 0.437s {{(pid=104939) execute /usr/local/lib/python3.12/site-packages/oslo_concurrency/processutils.py:372}}
Oct 07 17:18:45.212774 np0005474935.novalocal cinder-volume[104939]: DEBUG oslo_concurrency.processutils [None req-560a18dd-3433-4ccd-8ed2-3d6f77d8903c tempest-ImageDependencyTests-984072922 None] Running cmd (subprocess): sudo cinder-rootwrap /etc/cinder/rootwrap.conf lvremove --config activation { retry_deactivation = 1} -f stack-volumes-lvmdriver-1/_snapshot-cb1561d1-b082-428f-a9ac-2dae0ab0ee35 {{(pid=104939) execute /usr/local/lib/python3.12/site-packages/oslo_concurrency/processutils.py:349}}
Oct 07 17:18:45.240533 np0005474935.novalocal sudo[142652]: stack : PWD=/ ; USER=root ; COMMAND=/usr/local/bin/cinder-rootwrap /etc/cinder/rootwrap.conf lvremove --config 'activation { retry_deactivation = 1} ' -f stack-volumes-lvmdriver-1/_snapshot-cb1561d1-b082-428f-a9ac-2dae0ab0ee35
Oct 07 17:18:45.725478 np0005474935.novalocal cinder-volume[104939]: DEBUG oslo_concurrency.processutils [None req-560a18dd-3433-4ccd-8ed2-3d6f77d8903c tempest-ImageDependencyTests-984072922 None] CMD "sudo cinder-rootwrap /etc/cinder/rootwrap.conf lvremove --config activation { retry_deactivation = 1} -f stack-volumes-lvmdriver-1/_snapshot-cb1561d1-b082-428f-a9ac-2dae0ab0ee35" returned: 0 in 0.512s {{(pid=104939) execute /usr/local/lib/python3.12/site-packages/oslo_concurrency/processutils.py:372}}
Oct 07 17:18:45.768237 np0005474935.novalocal cinder-volume[104939]: DEBUG cinder.quota [None req-560a18dd-3433-4ccd-8ed2-3d6f77d8903c tempest-ImageDependencyTests-984072922 None] Created reservations ['befef638-5a45-4213-bbf3-bde617913803', '748e97a6-0676-42ae-98ac-91fef24deda8', '7d4f6808-f3a3-4f1d-8657-dd1ab5c6827e', '63343168-6767-4e7d-9622-99813057bff7'] {{(pid=104939) reserve /opt/stack/cinder/cinder/quota.py:752}}
Oct 07 17:18:45.803895 np0005474935.novalocal cinder-volume[104939]: INFO cinder.volume.manager [None req-560a18dd-3433-4ccd-8ed2-3d6f77d8903c tempest-ImageDependencyTests-984072922 None] Delete snapshot completed successfully.
Oct 07 17:18:45.808187 np0005474935.novalocal cinder-volume[104939]: DEBUG cinder.coordination [None req-560a18dd-3433-4ccd-8ed2-3d6f77d8903c tempest-ImageDependencyTests-984072922 None] Lock "cinder-cb1561d1-b082-428f-a9ac-2dae0ab0ee35-delete_snapshot" released by "delete_snapshot" :: held 1.036s {{(pid=104939) __release /opt/stack/cinder/cinder/coordination.py:157}}
Oct 07 17:18:46.609352 np0005474935.novalocal cinder-volume[104939]: DEBUG oslo_concurrency.lockutils [req-d5116047-7ea1-4234-8ed9-7a212dce76e4 req-9c483e77-30f4-40a4-aad4-a370caf38cde tempest-VolumesSnapshotTestJSON-1624713996 None] Acquiring lock "lioadm" by "cinder.volume.targets.lio.LioAdm._execute" {{(pid=104939) inner /usr/local/lib/python3.12/site-packages/oslo_concurrency/lockutils.py:405}}
Oct 07 17:18:46.609352 np0005474935.novalocal cinder-volume[104939]: DEBUG oslo_concurrency.lockutils [req-d5116047-7ea1-4234-8ed9-7a212dce76e4 req-9c483e77-30f4-40a4-aad4-a370caf38cde tempest-VolumesSnapshotTestJSON-1624713996 None] Lock "lioadm" acquired by "cinder.volume.targets.lio.LioAdm._execute" :: waited 0.001s {{(pid=104939) inner /usr/local/lib/python3.12/site-packages/oslo_concurrency/lockutils.py:410}}
Oct 07 17:18:46.609352 np0005474935.novalocal cinder-volume[104939]: DEBUG oslo_concurrency.processutils [req-d5116047-7ea1-4234-8ed9-7a212dce76e4 req-9c483e77-30f4-40a4-aad4-a370caf38cde tempest-VolumesSnapshotTestJSON-1624713996 None] Running cmd (subprocess): sudo cinder-rootwrap /etc/cinder/rootwrap.conf cinder-rtstool delete-initiator iqn.2010-10.org.openstack:volume-47621735-d9a2-4029-b034-d486f1544c03 iqn.1994-05.com.redhat:1ec65087f188 {{(pid=104939) execute /usr/local/lib/python3.12/site-packages/oslo_concurrency/processutils.py:349}}
Oct 07 17:18:46.652942 np0005474935.novalocal sudo[142689]: stack : PWD=/ ; USER=root ; COMMAND=/usr/local/bin/cinder-rootwrap /etc/cinder/rootwrap.conf cinder-rtstool delete-initiator iqn.2010-10.org.openstack:volume-47621735-d9a2-4029-b034-d486f1544c03 iqn.1994-05.com.redhat:1ec65087f188
Oct 07 17:18:47.219483 np0005474935.novalocal cinder-volume[104939]: DEBUG oslo_concurrency.processutils [req-d5116047-7ea1-4234-8ed9-7a212dce76e4 req-9c483e77-30f4-40a4-aad4-a370caf38cde tempest-VolumesSnapshotTestJSON-1624713996 None] CMD "sudo cinder-rootwrap /etc/cinder/rootwrap.conf cinder-rtstool delete-initiator iqn.2010-10.org.openstack:volume-47621735-d9a2-4029-b034-d486f1544c03 iqn.1994-05.com.redhat:1ec65087f188" returned: 0 in 0.610s {{(pid=104939) execute /usr/local/lib/python3.12/site-packages/oslo_concurrency/processutils.py:372}}
Oct 07 17:18:47.219483 np0005474935.novalocal cinder-volume[104939]: DEBUG oslo_concurrency.lockutils [req-d5116047-7ea1-4234-8ed9-7a212dce76e4 req-9c483e77-30f4-40a4-aad4-a370caf38cde tempest-VolumesSnapshotTestJSON-1624713996 None] Lock "lioadm" "released" by "cinder.volume.targets.lio.LioAdm._execute" :: held 0.612s {{(pid=104939) inner /usr/local/lib/python3.12/site-packages/oslo_concurrency/lockutils.py:424}}
Oct 07 17:18:47.220203 np0005474935.novalocal cinder-volume[104939]: DEBUG oslo_concurrency.lockutils [req-d5116047-7ea1-4234-8ed9-7a212dce76e4 req-9c483e77-30f4-40a4-aad4-a370caf38cde tempest-VolumesSnapshotTestJSON-1624713996 None] Acquiring lock "lioadm" by "cinder.volume.targets.lio.LioAdm._execute" {{(pid=104939) inner /usr/local/lib/python3.12/site-packages/oslo_concurrency/lockutils.py:405}}
Oct 07 17:18:47.220968 np0005474935.novalocal cinder-volume[104939]: DEBUG oslo_concurrency.lockutils [req-d5116047-7ea1-4234-8ed9-7a212dce76e4 req-9c483e77-30f4-40a4-aad4-a370caf38cde tempest-VolumesSnapshotTestJSON-1624713996 None] Lock "lioadm" acquired by "cinder.volume.targets.lio.LioAdm._execute" :: waited 0.002s {{(pid=104939) inner /usr/local/lib/python3.12/site-packages/oslo_concurrency/lockutils.py:410}}
Oct 07 17:18:47.221770 np0005474935.novalocal cinder-volume[104939]: DEBUG oslo_concurrency.processutils [req-d5116047-7ea1-4234-8ed9-7a212dce76e4 req-9c483e77-30f4-40a4-aad4-a370caf38cde tempest-VolumesSnapshotTestJSON-1624713996 None] Running cmd (subprocess): sudo cinder-rootwrap /etc/cinder/rootwrap.conf cinder-rtstool save {{(pid=104939) execute /usr/local/lib/python3.12/site-packages/oslo_concurrency/processutils.py:349}}
Oct 07 17:18:47.246313 np0005474935.novalocal sudo[142696]: stack : PWD=/ ; USER=root ; COMMAND=/usr/local/bin/cinder-rootwrap /etc/cinder/rootwrap.conf cinder-rtstool save
Oct 07 17:18:47.808133 np0005474935.novalocal cinder-volume[104939]: DEBUG oslo_concurrency.processutils [req-d5116047-7ea1-4234-8ed9-7a212dce76e4 req-9c483e77-30f4-40a4-aad4-a370caf38cde tempest-VolumesSnapshotTestJSON-1624713996 None] CMD "sudo cinder-rootwrap /etc/cinder/rootwrap.conf cinder-rtstool save" returned: 0 in 0.585s {{(pid=104939) execute /usr/local/lib/python3.12/site-packages/oslo_concurrency/processutils.py:372}}
Oct 07 17:18:47.808133 np0005474935.novalocal cinder-volume[104939]: DEBUG oslo_concurrency.lockutils [req-d5116047-7ea1-4234-8ed9-7a212dce76e4 req-9c483e77-30f4-40a4-aad4-a370caf38cde tempest-VolumesSnapshotTestJSON-1624713996 None] Lock "lioadm" "released" by "cinder.volume.targets.lio.LioAdm._execute" :: held 0.587s {{(pid=104939) inner /usr/local/lib/python3.12/site-packages/oslo_concurrency/lockutils.py:424}}
Oct 07 17:18:47.808838 np0005474935.novalocal cinder-volume[104939]: INFO cinder.volume.manager [req-d5116047-7ea1-4234-8ed9-7a212dce76e4 req-9c483e77-30f4-40a4-aad4-a370caf38cde tempest-VolumesSnapshotTestJSON-1624713996 None] Terminate volume connection completed successfully.
Oct 07 17:18:47.809208 np0005474935.novalocal cinder-volume[104939]: DEBUG cinder.volume.manager [req-d5116047-7ea1-4234-8ed9-7a212dce76e4 req-9c483e77-30f4-40a4-aad4-a370caf38cde tempest-VolumesSnapshotTestJSON-1624713996 None] Deleting attachment 0b40debe-e34d-478c-8cca-e3c950c16cfb. {{(pid=104939) attachment_delete /opt/stack/cinder/cinder/volume/manager.py:5022}}
Oct 07 17:18:47.809841 np0005474935.novalocal cinder-volume[104939]: DEBUG oslo_concurrency.lockutils [req-d5116047-7ea1-4234-8ed9-7a212dce76e4 req-9c483e77-30f4-40a4-aad4-a370caf38cde tempest-VolumesSnapshotTestJSON-1624713996 None] Acquiring lock "lioadm" by "cinder.volume.targets.lio.LioAdm._execute" {{(pid=104939) inner /usr/local/lib/python3.12/site-packages/oslo_concurrency/lockutils.py:405}}
Oct 07 17:18:47.810480 np0005474935.novalocal cinder-volume[104939]: DEBUG oslo_concurrency.lockutils [req-d5116047-7ea1-4234-8ed9-7a212dce76e4 req-9c483e77-30f4-40a4-aad4-a370caf38cde tempest-VolumesSnapshotTestJSON-1624713996 None] Lock "lioadm" acquired by "cinder.volume.targets.lio.LioAdm._execute" :: waited 0.001s {{(pid=104939) inner /usr/local/lib/python3.12/site-packages/oslo_concurrency/lockutils.py:410}}
Oct 07 17:18:47.811048 np0005474935.novalocal cinder-volume[104939]: DEBUG oslo_concurrency.processutils [req-d5116047-7ea1-4234-8ed9-7a212dce76e4 req-9c483e77-30f4-40a4-aad4-a370caf38cde tempest-VolumesSnapshotTestJSON-1624713996 None] Running cmd (subprocess): sudo cinder-rootwrap /etc/cinder/rootwrap.conf cinder-rtstool get-targets {{(pid=104939) execute /usr/local/lib/python3.12/site-packages/oslo_concurrency/processutils.py:349}}
Oct 07 17:18:47.868734 np0005474935.novalocal sudo[142704]: stack : PWD=/ ; USER=root ; COMMAND=/usr/local/bin/cinder-rootwrap /etc/cinder/rootwrap.conf cinder-rtstool get-targets
Oct 07 17:18:48.509361 np0005474935.novalocal cinder-volume[104939]: DEBUG oslo_concurrency.processutils [req-d5116047-7ea1-4234-8ed9-7a212dce76e4 req-9c483e77-30f4-40a4-aad4-a370caf38cde tempest-VolumesSnapshotTestJSON-1624713996 None] CMD "sudo cinder-rootwrap /etc/cinder/rootwrap.conf cinder-rtstool get-targets" returned: 0 in 0.694s {{(pid=104939) execute /usr/local/lib/python3.12/site-packages/oslo_concurrency/processutils.py:372}}
Oct 07 17:18:48.509361 np0005474935.novalocal cinder-volume[104939]: DEBUG oslo_concurrency.lockutils [req-d5116047-7ea1-4234-8ed9-7a212dce76e4 req-9c483e77-30f4-40a4-aad4-a370caf38cde tempest-VolumesSnapshotTestJSON-1624713996 None] Lock "lioadm" "released" by "cinder.volume.targets.lio.LioAdm._execute" :: held 0.697s {{(pid=104939) inner /usr/local/lib/python3.12/site-packages/oslo_concurrency/lockutils.py:424}}
Oct 07 17:18:48.509361 np0005474935.novalocal cinder-volume[104939]: INFO cinder.volume.targets.lio [req-d5116047-7ea1-4234-8ed9-7a212dce76e4 req-9c483e77-30f4-40a4-aad4-a370caf38cde tempest-VolumesSnapshotTestJSON-1624713996 None] Removing iscsi_target: 47621735-d9a2-4029-b034-d486f1544c03
Oct 07 17:18:48.509361 np0005474935.novalocal cinder-volume[104939]: DEBUG oslo_concurrency.lockutils [req-d5116047-7ea1-4234-8ed9-7a212dce76e4 req-9c483e77-30f4-40a4-aad4-a370caf38cde tempest-VolumesSnapshotTestJSON-1624713996 None] Acquiring lock "lioadm" by "cinder.volume.targets.lio.LioAdm._execute" {{(pid=104939) inner /usr/local/lib/python3.12/site-packages/oslo_concurrency/lockutils.py:405}}
Oct 07 17:18:48.509361 np0005474935.novalocal cinder-volume[104939]: DEBUG oslo_concurrency.lockutils [req-d5116047-7ea1-4234-8ed9-7a212dce76e4 req-9c483e77-30f4-40a4-aad4-a370caf38cde tempest-VolumesSnapshotTestJSON-1624713996 None] Lock "lioadm" acquired by "cinder.volume.targets.lio.LioAdm._execute" :: waited 0.000s {{(pid=104939) inner /usr/local/lib/python3.12/site-packages/oslo_concurrency/lockutils.py:410}}
Oct 07 17:18:48.513661 np0005474935.novalocal cinder-volume[104939]: DEBUG oslo_concurrency.processutils [req-d5116047-7ea1-4234-8ed9-7a212dce76e4 req-9c483e77-30f4-40a4-aad4-a370caf38cde tempest-VolumesSnapshotTestJSON-1624713996 None] Running cmd (subprocess): sudo cinder-rootwrap /etc/cinder/rootwrap.conf cinder-rtstool delete iqn.2010-10.org.openstack:volume-47621735-d9a2-4029-b034-d486f1544c03 {{(pid=104939) execute /usr/local/lib/python3.12/site-packages/oslo_concurrency/processutils.py:349}}
Oct 07 17:18:48.538623 np0005474935.novalocal sudo[142710]: stack : PWD=/ ; USER=root ; COMMAND=/usr/local/bin/cinder-rootwrap /etc/cinder/rootwrap.conf cinder-rtstool delete iqn.2010-10.org.openstack:volume-47621735-d9a2-4029-b034-d486f1544c03
Oct 07 17:18:49.218519 np0005474935.novalocal cinder-volume[104939]: DEBUG oslo_concurrency.processutils [req-d5116047-7ea1-4234-8ed9-7a212dce76e4 req-9c483e77-30f4-40a4-aad4-a370caf38cde tempest-VolumesSnapshotTestJSON-1624713996 None] CMD "sudo cinder-rootwrap /etc/cinder/rootwrap.conf cinder-rtstool delete iqn.2010-10.org.openstack:volume-47621735-d9a2-4029-b034-d486f1544c03" returned: 0 in 0.709s {{(pid=104939) execute /usr/local/lib/python3.12/site-packages/oslo_concurrency/processutils.py:372}}
Oct 07 17:18:49.220431 np0005474935.novalocal cinder-volume[104939]: DEBUG oslo_concurrency.lockutils [req-d5116047-7ea1-4234-8ed9-7a212dce76e4 req-9c483e77-30f4-40a4-aad4-a370caf38cde tempest-VolumesSnapshotTestJSON-1624713996 None] Lock "lioadm" "released" by "cinder.volume.targets.lio.LioAdm._execute" :: held 0.711s {{(pid=104939) inner /usr/local/lib/python3.12/site-packages/oslo_concurrency/lockutils.py:424}}
Oct 07 17:18:49.220431 np0005474935.novalocal cinder-volume[104939]: DEBUG oslo_concurrency.lockutils [req-d5116047-7ea1-4234-8ed9-7a212dce76e4 req-9c483e77-30f4-40a4-aad4-a370caf38cde tempest-VolumesSnapshotTestJSON-1624713996 None] Acquiring lock "lioadm" by "cinder.volume.targets.lio.LioAdm._execute" {{(pid=104939) inner /usr/local/lib/python3.12/site-packages/oslo_concurrency/lockutils.py:405}}
Oct 07 17:18:49.220431 np0005474935.novalocal cinder-volume[104939]: DEBUG oslo_concurrency.lockutils [req-d5116047-7ea1-4234-8ed9-7a212dce76e4 req-9c483e77-30f4-40a4-aad4-a370caf38cde tempest-VolumesSnapshotTestJSON-1624713996 None] Lock "lioadm" acquired by "cinder.volume.targets.lio.LioAdm._execute" :: waited 0.001s {{(pid=104939) inner /usr/local/lib/python3.12/site-packages/oslo_concurrency/lockutils.py:410}}
Oct 07 17:18:49.221183 np0005474935.novalocal cinder-volume[104939]: DEBUG oslo_concurrency.processutils [req-d5116047-7ea1-4234-8ed9-7a212dce76e4 req-9c483e77-30f4-40a4-aad4-a370caf38cde tempest-VolumesSnapshotTestJSON-1624713996 None] Running cmd (subprocess): sudo cinder-rootwrap /etc/cinder/rootwrap.conf cinder-rtstool save {{(pid=104939) execute /usr/local/lib/python3.12/site-packages/oslo_concurrency/processutils.py:349}}
Oct 07 17:18:49.252014 np0005474935.novalocal sudo[142716]: stack : PWD=/ ; USER=root ; COMMAND=/usr/local/bin/cinder-rootwrap /etc/cinder/rootwrap.conf cinder-rtstool save
Oct 07 17:18:49.826058 np0005474935.novalocal cinder-volume[104939]: DEBUG oslo_concurrency.processutils [req-d5116047-7ea1-4234-8ed9-7a212dce76e4 req-9c483e77-30f4-40a4-aad4-a370caf38cde tempest-VolumesSnapshotTestJSON-1624713996 None] CMD "sudo cinder-rootwrap /etc/cinder/rootwrap.conf cinder-rtstool save" returned: 0 in 0.605s {{(pid=104939) execute /usr/local/lib/python3.12/site-packages/oslo_concurrency/processutils.py:372}}
Oct 07 17:18:49.826665 np0005474935.novalocal cinder-volume[104939]: DEBUG oslo_concurrency.lockutils [req-d5116047-7ea1-4234-8ed9-7a212dce76e4 req-9c483e77-30f4-40a4-aad4-a370caf38cde tempest-VolumesSnapshotTestJSON-1624713996 None] Lock "lioadm" "released" by "cinder.volume.targets.lio.LioAdm._execute" :: held 0.606s {{(pid=104939) inner /usr/local/lib/python3.12/site-packages/oslo_concurrency/lockutils.py:424}}
Oct 07 17:18:56.618285 np0005474935.novalocal cinder-volume[104939]: DEBUG dbcounter [-] [104939] Writing DB stats cinder:UPDATE=9,cinder:SELECT=9,cinder:INSERT=8 {{(pid=104939) stat_writer /usr/local/lib/python3.12/site-packages/dbcounter.py:115}}
Oct 07 17:18:56.620166 np0005474935.novalocal cinder-volume[104939]: DEBUG dbcounter [-] [104939] Writing DB stats cinder:SELECT=11,cinder:INSERT=5,cinder:DELETE=1,cinder:UPDATE=4 {{(pid=104939) stat_writer /usr/local/lib/python3.12/site-packages/dbcounter.py:115}}
Oct 07 17:18:57.900054 np0005474935.novalocal cinder-volume[104939]: DEBUG cinder.coordination [None req-45327469-ccdf-4186-9839-97d634bf0f39 tempest-VolumesSnapshotTestJSON-1624713996 None] Acquiring lock "cinder-47621735-d9a2-4029-b034-d486f1544c03-delete_volume" by "delete_volume" {{(pid=104939) __acquire /opt/stack/cinder/cinder/coordination.py:143}}
Oct 07 17:18:57.907476 np0005474935.novalocal cinder-volume[104939]: DEBUG cinder.coordination [None req-45327469-ccdf-4186-9839-97d634bf0f39 tempest-VolumesSnapshotTestJSON-1624713996 None] Lock "cinder-47621735-d9a2-4029-b034-d486f1544c03-delete_volume" acquired by "delete_volume" :: waited 0.009s {{(pid=104939) __acquire /opt/stack/cinder/cinder/coordination.py:146}}
Oct 07 17:18:57.936904 np0005474935.novalocal cinder-volume[104939]: DEBUG oslo_concurrency.lockutils [None req-45327469-ccdf-4186-9839-97d634bf0f39 tempest-VolumesSnapshotTestJSON-1624713996 None] Acquiring lock "lioadm" by "cinder.volume.targets.lio.LioAdm._execute" {{(pid=104939) inner /usr/local/lib/python3.12/site-packages/oslo_concurrency/lockutils.py:405}}
Oct 07 17:18:57.937557 np0005474935.novalocal cinder-volume[104939]: DEBUG oslo_concurrency.lockutils [None req-45327469-ccdf-4186-9839-97d634bf0f39 tempest-VolumesSnapshotTestJSON-1624713996 None] Lock "lioadm" acquired by "cinder.volume.targets.lio.LioAdm._execute" :: waited 0.001s {{(pid=104939) inner /usr/local/lib/python3.12/site-packages/oslo_concurrency/lockutils.py:410}}
Oct 07 17:18:57.938121 np0005474935.novalocal cinder-volume[104939]: DEBUG oslo_concurrency.processutils [None req-45327469-ccdf-4186-9839-97d634bf0f39 tempest-VolumesSnapshotTestJSON-1624713996 None] Running cmd (subprocess): sudo cinder-rootwrap /etc/cinder/rootwrap.conf cinder-rtstool get-targets {{(pid=104939) execute /usr/local/lib/python3.12/site-packages/oslo_concurrency/processutils.py:349}}
Oct 07 17:18:57.985114 np0005474935.novalocal sudo[142801]: stack : PWD=/ ; USER=root ; COMMAND=/usr/local/bin/cinder-rootwrap /etc/cinder/rootwrap.conf cinder-rtstool get-targets
Oct 07 17:18:58.568563 np0005474935.novalocal cinder-volume[104939]: DEBUG oslo_concurrency.processutils [None req-45327469-ccdf-4186-9839-97d634bf0f39 tempest-VolumesSnapshotTestJSON-1624713996 None] CMD "sudo cinder-rootwrap /etc/cinder/rootwrap.conf cinder-rtstool get-targets" returned: 0 in 0.630s {{(pid=104939) execute /usr/local/lib/python3.12/site-packages/oslo_concurrency/processutils.py:372}}
Oct 07 17:18:58.569031 np0005474935.novalocal cinder-volume[104939]: DEBUG oslo_concurrency.lockutils [None req-45327469-ccdf-4186-9839-97d634bf0f39 tempest-VolumesSnapshotTestJSON-1624713996 None] Lock "lioadm" "released" by "cinder.volume.targets.lio.LioAdm._execute" :: held 0.632s {{(pid=104939) inner /usr/local/lib/python3.12/site-packages/oslo_concurrency/lockutils.py:424}}
Oct 07 17:18:58.569457 np0005474935.novalocal cinder-volume[104939]: INFO cinder.volume.targets.iscsi [None req-45327469-ccdf-4186-9839-97d634bf0f39 tempest-VolumesSnapshotTestJSON-1624713996 None] Skipping remove_export. No iscsi_target is presently exported for volume: 47621735-d9a2-4029-b034-d486f1544c03
Oct 07 17:18:58.570281 np0005474935.novalocal cinder-volume[104939]: DEBUG oslo_concurrency.processutils [None req-45327469-ccdf-4186-9839-97d634bf0f39 tempest-VolumesSnapshotTestJSON-1624713996 None] Running cmd (subprocess): sudo cinder-rootwrap /etc/cinder/rootwrap.conf env LC_ALL=C lvs --noheadings --unit=g -o vg_name,name,size --nosuffix --readonly stack-volumes-lvmdriver-1/volume-47621735-d9a2-4029-b034-d486f1544c03 {{(pid=104939) execute /usr/local/lib/python3.12/site-packages/oslo_concurrency/processutils.py:349}}
Oct 07 17:18:58.607793 np0005474935.novalocal sudo[142808]: stack : PWD=/ ; USER=root ; COMMAND=/usr/local/bin/cinder-rootwrap /etc/cinder/rootwrap.conf env LC_ALL=C lvs --noheadings --unit=g -o vg_name,name,size --nosuffix --readonly stack-volumes-lvmdriver-1/volume-47621735-d9a2-4029-b034-d486f1544c03
Oct 07 17:18:58.999954 np0005474935.novalocal cinder-volume[104939]: DEBUG oslo_concurrency.processutils [None req-45327469-ccdf-4186-9839-97d634bf0f39 tempest-VolumesSnapshotTestJSON-1624713996 None] CMD "sudo cinder-rootwrap /etc/cinder/rootwrap.conf env LC_ALL=C lvs --noheadings --unit=g -o vg_name,name,size --nosuffix --readonly stack-volumes-lvmdriver-1/volume-47621735-d9a2-4029-b034-d486f1544c03" returned: 0 in 0.427s {{(pid=104939) execute /usr/local/lib/python3.12/site-packages/oslo_concurrency/processutils.py:372}}
Oct 07 17:18:58.999954 np0005474935.novalocal cinder-volume[104939]: DEBUG oslo_concurrency.processutils [None req-45327469-ccdf-4186-9839-97d634bf0f39 tempest-VolumesSnapshotTestJSON-1624713996 None] Running cmd (subprocess): sudo cinder-rootwrap /etc/cinder/rootwrap.conf env LC_ALL=C lvdisplay --noheading -C -o Attr --readonly stack-volumes-lvmdriver-1/volume-47621735-d9a2-4029-b034-d486f1544c03 {{(pid=104939) execute /usr/local/lib/python3.12/site-packages/oslo_concurrency/processutils.py:349}}
Oct 07 17:18:59.058876 np0005474935.novalocal sudo[142813]: stack : PWD=/ ; USER=root ; COMMAND=/usr/local/bin/cinder-rootwrap /etc/cinder/rootwrap.conf env LC_ALL=C lvdisplay --noheading -C -o Attr --readonly stack-volumes-lvmdriver-1/volume-47621735-d9a2-4029-b034-d486f1544c03
Oct 07 17:18:59.440270 np0005474935.novalocal cinder-volume[104939]: DEBUG oslo_concurrency.processutils [None req-45327469-ccdf-4186-9839-97d634bf0f39 tempest-VolumesSnapshotTestJSON-1624713996 None] CMD "sudo cinder-rootwrap /etc/cinder/rootwrap.conf env LC_ALL=C lvdisplay --noheading -C -o Attr --readonly stack-volumes-lvmdriver-1/volume-47621735-d9a2-4029-b034-d486f1544c03" returned: 0 in 0.441s {{(pid=104939) execute /usr/local/lib/python3.12/site-packages/oslo_concurrency/processutils.py:372}}
Oct 07 17:18:59.441697 np0005474935.novalocal cinder-volume[104939]: DEBUG oslo_concurrency.processutils [None req-45327469-ccdf-4186-9839-97d634bf0f39 tempest-VolumesSnapshotTestJSON-1624713996 None] Running cmd (subprocess): sudo cinder-rootwrap /etc/cinder/rootwrap.conf lvremove --config activation { retry_deactivation = 1} -f stack-volumes-lvmdriver-1/volume-47621735-d9a2-4029-b034-d486f1544c03 {{(pid=104939) execute /usr/local/lib/python3.12/site-packages/oslo_concurrency/processutils.py:349}}
Oct 07 17:18:59.476299 np0005474935.novalocal sudo[142852]: stack : PWD=/ ; USER=root ; COMMAND=/usr/local/bin/cinder-rootwrap /etc/cinder/rootwrap.conf lvremove --config 'activation { retry_deactivation = 1} ' -f stack-volumes-lvmdriver-1/volume-47621735-d9a2-4029-b034-d486f1544c03
Oct 07 17:18:59.969126 np0005474935.novalocal cinder-volume[104939]: DEBUG oslo_concurrency.processutils [None req-45327469-ccdf-4186-9839-97d634bf0f39 tempest-VolumesSnapshotTestJSON-1624713996 None] CMD "sudo cinder-rootwrap /etc/cinder/rootwrap.conf lvremove --config activation { retry_deactivation = 1} -f stack-volumes-lvmdriver-1/volume-47621735-d9a2-4029-b034-d486f1544c03" returned: 0 in 0.527s {{(pid=104939) execute /usr/local/lib/python3.12/site-packages/oslo_concurrency/processutils.py:372}}
Oct 07 17:18:59.969527 np0005474935.novalocal cinder-volume[104939]: INFO cinder.volume.drivers.lvm [None req-45327469-ccdf-4186-9839-97d634bf0f39 tempest-VolumesSnapshotTestJSON-1624713996 None] Successfully deleted volume: 47621735-d9a2-4029-b034-d486f1544c03
Oct 07 17:19:00.000724 np0005474935.novalocal cinder-volume[104939]: DEBUG cinder.quota [None req-45327469-ccdf-4186-9839-97d634bf0f39 tempest-VolumesSnapshotTestJSON-1624713996 None] Created reservations ['5f14234a-beee-4b0d-af2b-e030ab38a887', '467d64f0-228d-49df-89ec-6d866a62e9ae', 'd2bdf2d5-e3e7-4d63-a83d-0558f1575dc8', '1a47383c-f319-40e7-b693-39fabe241e8f'] {{(pid=104939) reserve /opt/stack/cinder/cinder/quota.py:752}}
Oct 07 17:19:00.052510 np0005474935.novalocal cinder-volume[104939]: DEBUG cinder.volume.drivers.lvm [None req-45327469-ccdf-4186-9839-97d634bf0f39 tempest-VolumesSnapshotTestJSON-1624713996 None] Updating volume stats {{(pid=104939) _update_volume_stats /opt/stack/cinder/cinder/volume/drivers/lvm.py:227}}
