Oct 07 17:08:04.239323 np0005474935.novalocal cinder-volume[104939]: DEBUG cinder.volume.manager [req-64985bfd-f27d-4256-a1cb-4b67d46454a9 req-cd37b67d-ff6b-40ff-8894-f64851a3ef0d tempest-VolumesSnapshotsTestJSON-29413490 None] Task 'cinder.volume.flows.manager.create_volume.ExtractVolumeRefTask;volume:create' (f3a8216f-ef1a-45bc-9d8a-f8d4cb6814e5) transitioned into state 'SUCCESS' from state 'RUNNING' with result 'Volume(_name_id=None,admin_metadata=,attach_status='detached',availability_zone='nova',bootable=False,cluster=,cluster_name=None,consistencygroup=,consistencygroup_id=None,created_at=2025-10-07T21:08:04Z,deleted=False,deleted_at=None,display_description=None,display_name='tempest-VolumesSnapshotsTestJSON-volume-1264767294',ec2_id=None,encryption_key_id=None,glance_metadata=,group=,group_id=None,host='np0005474935.novalocal@lvmdriver-1#lvmdriver-1',id=372a592c-bec9-4e57-9a45-eb4ca0de8905,launched_at=None,metadata={},migration_status=None,multiattach=False,previous_status=None,project_id='2cc1d90936e54a85a351a731b167c3c4',provider_auth=None,provider_geometry=None,provider_id=None,provider_location=None,replication_driver_data=None,replication_extended_status=None,replication_status=None,scheduled_at=2025-10-07T21:08:04Z,service_uuid=None,shared_targets=True,size=1,snapshot_id=None,snapshots=,source_volid=None,status='creating',terminated_at=None,updated_at=2025-10-07T21:08:04Z,use_quota=True,user_id='e162cdf4a30144ed8aa728fbc0fa8961',volume_attachment=VolumeAttachmentList,volume_type=VolumeType(cb5faf91-e3d4-47d3-abe9-b252347dc403),volume_type_id=cb5faf91-e3d4-47d3-abe9-b252347dc403)' {{(pid=104939) _task_receiver /usr/local/lib/python3.12/site-packages/taskflow/listeners/logging.py:182}}
Oct 07 17:08:04.241617 np0005474935.novalocal cinder-volume[104939]: DEBUG cinder.volume.manager [req-64985bfd-f27d-4256-a1cb-4b67d46454a9 req-cd37b67d-ff6b-40ff-8894-f64851a3ef0d tempest-VolumesSnapshotsTestJSON-29413490 None] Task 'cinder.volume.flows.manager.create_volume.OnFailureRescheduleTask;volume:create' (cdaef672-b6e2-4295-9f31-07e917daee5d) transitioned into state 'RUNNING' from state 'PENDING' {{(pid=104939) _task_receiver /usr/local/lib/python3.12/site-packages/taskflow/listeners/logging.py:194}}
Oct 07 17:08:04.243466 np0005474935.novalocal cinder-volume[104939]: DEBUG cinder.volume.manager [req-64985bfd-f27d-4256-a1cb-4b67d46454a9 req-cd37b67d-ff6b-40ff-8894-f64851a3ef0d tempest-VolumesSnapshotsTestJSON-29413490 None] Task 'cinder.volume.flows.manager.create_volume.OnFailureRescheduleTask;volume:create' (cdaef672-b6e2-4295-9f31-07e917daee5d) transitioned into state 'SUCCESS' from state 'RUNNING' with result 'None' {{(pid=104939) _task_receiver /usr/local/lib/python3.12/site-packages/taskflow/listeners/logging.py:182}}
Oct 07 17:08:04.245584 np0005474935.novalocal cinder-volume[104939]: DEBUG cinder.volume.manager [req-64985bfd-f27d-4256-a1cb-4b67d46454a9 req-cd37b67d-ff6b-40ff-8894-f64851a3ef0d tempest-VolumesSnapshotsTestJSON-29413490 None] Task 'cinder.volume.flows.manager.create_volume.ExtractVolumeSpecTask;volume:create' (35247014-ba9c-4778-813c-f84f7a6a9069) transitioned into state 'RUNNING' from state 'PENDING' {{(pid=104939) _task_receiver /usr/local/lib/python3.12/site-packages/taskflow/listeners/logging.py:194}}
Oct 07 17:08:04.247239 np0005474935.novalocal cinder-volume[104939]: DEBUG cinder.volume.manager [req-64985bfd-f27d-4256-a1cb-4b67d46454a9 req-cd37b67d-ff6b-40ff-8894-f64851a3ef0d tempest-VolumesSnapshotsTestJSON-29413490 None] Task 'cinder.volume.flows.manager.create_volume.ExtractVolumeSpecTask;volume:create' (35247014-ba9c-4778-813c-f84f7a6a9069) transitioned into state 'SUCCESS' from state 'RUNNING' with result '{'status': 'creating', 'type': 'raw', 'volume_id': '372a592c-bec9-4e57-9a45-eb4ca0de8905', 'volume_name': 'volume-372a592c-bec9-4e57-9a45-eb4ca0de8905', 'volume_size': 1}' {{(pid=104939) _task_receiver /usr/local/lib/python3.12/site-packages/taskflow/listeners/logging.py:182}}
Oct 07 17:08:04.249263 np0005474935.novalocal cinder-volume[104939]: DEBUG cinder.volume.manager [req-64985bfd-f27d-4256-a1cb-4b67d46454a9 req-cd37b67d-ff6b-40ff-8894-f64851a3ef0d tempest-VolumesSnapshotsTestJSON-29413490 None] Task 'cinder.volume.flows.manager.create_volume.NotifyVolumeActionTask;volume:create, create.start' (85f440f3-ed08-4f9d-b249-1abc1e3c4ae6) transitioned into state 'RUNNING' from state 'PENDING' {{(pid=104939) _task_receiver /usr/local/lib/python3.12/site-packages/taskflow/listeners/logging.py:194}}
Oct 07 17:08:04.251083 np0005474935.novalocal cinder-volume[104939]: DEBUG cinder.volume.manager [req-64985bfd-f27d-4256-a1cb-4b67d46454a9 req-cd37b67d-ff6b-40ff-8894-f64851a3ef0d tempest-VolumesSnapshotsTestJSON-29413490 None] Task 'cinder.volume.flows.manager.create_volume.NotifyVolumeActionTask;volume:create, create.start' (85f440f3-ed08-4f9d-b249-1abc1e3c4ae6) transitioned into state 'SUCCESS' from state 'RUNNING' with result 'None' {{(pid=104939) _task_receiver /usr/local/lib/python3.12/site-packages/taskflow/listeners/logging.py:182}}
Oct 07 17:08:04.256348 np0005474935.novalocal cinder-volume[104939]: DEBUG cinder.volume.manager [req-64985bfd-f27d-4256-a1cb-4b67d46454a9 req-cd37b67d-ff6b-40ff-8894-f64851a3ef0d tempest-VolumesSnapshotsTestJSON-29413490 None] Task 'cinder.volume.flows.manager.create_volume.CreateVolumeFromSpecTask;volume:create' (e4b9a1af-83a6-4f71-a314-0358ffc95fb8) transitioned into state 'RUNNING' from state 'PENDING' {{(pid=104939) _task_receiver /usr/local/lib/python3.12/site-packages/taskflow/listeners/logging.py:194}}
Oct 07 17:08:04.256348 np0005474935.novalocal cinder-volume[104939]: INFO cinder.volume.flows.manager.create_volume [req-64985bfd-f27d-4256-a1cb-4b67d46454a9 req-cd37b67d-ff6b-40ff-8894-f64851a3ef0d tempest-VolumesSnapshotsTestJSON-29413490 None] Volume 372a592c-bec9-4e57-9a45-eb4ca0de8905: being created as raw with specification: {'status': 'creating', 'volume_name': 'volume-372a592c-bec9-4e57-9a45-eb4ca0de8905', 'volume_size': 1}
Oct 07 17:08:04.256348 np0005474935.novalocal cinder-volume[104939]: DEBUG oslo_concurrency.processutils [req-64985bfd-f27d-4256-a1cb-4b67d46454a9 req-cd37b67d-ff6b-40ff-8894-f64851a3ef0d tempest-VolumesSnapshotsTestJSON-29413490 None] Running cmd (subprocess): sudo cinder-rootwrap /etc/cinder/rootwrap.conf env LC_ALL=C lvcreate -T -V 1g -n volume-372a592c-bec9-4e57-9a45-eb4ca0de8905 stack-volumes-lvmdriver-1/stack-volumes-lvmdriver-1-pool {{(pid=104939) execute /usr/local/lib/python3.12/site-packages/oslo_concurrency/processutils.py:349}}
Oct 07 17:08:04.299513 np0005474935.novalocal sudo[132403]: stack : PWD=/ ; USER=root ; COMMAND=/usr/local/bin/cinder-rootwrap /etc/cinder/rootwrap.conf env LC_ALL=C lvcreate -T -V 1g -n volume-372a592c-bec9-4e57-9a45-eb4ca0de8905 stack-volumes-lvmdriver-1/stack-volumes-lvmdriver-1-pool
Oct 07 17:08:04.767587 np0005474935.novalocal cinder-volume[104939]: DEBUG oslo_concurrency.processutils [req-64985bfd-f27d-4256-a1cb-4b67d46454a9 req-cd37b67d-ff6b-40ff-8894-f64851a3ef0d tempest-VolumesSnapshotsTestJSON-29413490 None] CMD "sudo cinder-rootwrap /etc/cinder/rootwrap.conf env LC_ALL=C lvcreate -T -V 1g -n volume-372a592c-bec9-4e57-9a45-eb4ca0de8905 stack-volumes-lvmdriver-1/stack-volumes-lvmdriver-1-pool" returned: 0 in 0.509s {{(pid=104939) execute /usr/local/lib/python3.12/site-packages/oslo_concurrency/processutils.py:372}}
Oct 07 17:08:04.769694 np0005474935.novalocal cinder-volume[104939]: DEBUG cinder.volume.manager [req-64985bfd-f27d-4256-a1cb-4b67d46454a9 req-cd37b67d-ff6b-40ff-8894-f64851a3ef0d tempest-VolumesSnapshotsTestJSON-29413490 None] Task 'cinder.volume.flows.manager.create_volume.CreateVolumeFromSpecTask;volume:create' (e4b9a1af-83a6-4f71-a314-0358ffc95fb8) transitioned into state 'SUCCESS' from state 'RUNNING' with result '{'status': 'creating', 'volume_name': 'volume-372a592c-bec9-4e57-9a45-eb4ca0de8905', 'volume_size': 1}' {{(pid=104939) _task_receiver /usr/local/lib/python3.12/site-packages/taskflow/listeners/logging.py:182}}
Oct 07 17:08:04.774296 np0005474935.novalocal cinder-volume[104939]: DEBUG cinder.volume.manager [req-64985bfd-f27d-4256-a1cb-4b67d46454a9 req-cd37b67d-ff6b-40ff-8894-f64851a3ef0d tempest-VolumesSnapshotsTestJSON-29413490 None] Task 'cinder.volume.flows.manager.create_volume.CreateVolumeOnFinishTask;volume:create, create.end' (69349315-54e6-4ea1-968c-5edae6c331b0) transitioned into state 'RUNNING' from state 'PENDING' {{(pid=104939) _task_receiver /usr/local/lib/python3.12/site-packages/taskflow/listeners/logging.py:194}}
Oct 07 17:08:04.783258 np0005474935.novalocal cinder-volume[104939]: INFO cinder.volume.flows.manager.create_volume [req-64985bfd-f27d-4256-a1cb-4b67d46454a9 req-cd37b67d-ff6b-40ff-8894-f64851a3ef0d tempest-VolumesSnapshotsTestJSON-29413490 None] Volume volume-372a592c-bec9-4e57-9a45-eb4ca0de8905 (372a592c-bec9-4e57-9a45-eb4ca0de8905): created successfully
Oct 07 17:08:04.784891 np0005474935.novalocal cinder-volume[104939]: DEBUG cinder.volume.manager [req-64985bfd-f27d-4256-a1cb-4b67d46454a9 req-cd37b67d-ff6b-40ff-8894-f64851a3ef0d tempest-VolumesSnapshotsTestJSON-29413490 None] Task 'cinder.volume.flows.manager.create_volume.CreateVolumeOnFinishTask;volume:create, create.end' (69349315-54e6-4ea1-968c-5edae6c331b0) transitioned into state 'SUCCESS' from state 'RUNNING' with result 'None' {{(pid=104939) _task_receiver /usr/local/lib/python3.12/site-packages/taskflow/listeners/logging.py:182}}
Oct 07 17:08:04.786791 np0005474935.novalocal cinder-volume[104939]: DEBUG cinder.volume.manager [req-64985bfd-f27d-4256-a1cb-4b67d46454a9 req-cd37b67d-ff6b-40ff-8894-f64851a3ef0d tempest-VolumesSnapshotsTestJSON-29413490 None] Flow 'volume_create_manager' (54eaec8d-0f69-4c55-884a-5b761f4e5746) transitioned into state 'SUCCESS' from state 'RUNNING' {{(pid=104939) _flow_receiver /usr/local/lib/python3.12/site-packages/taskflow/listeners/logging.py:145}}
Oct 07 17:08:04.793070 np0005474935.novalocal cinder-volume[104939]: INFO cinder.volume.manager [req-64985bfd-f27d-4256-a1cb-4b67d46454a9 req-cd37b67d-ff6b-40ff-8894-f64851a3ef0d tempest-VolumesSnapshotsTestJSON-29413490 None] Created volume successfully.
Oct 07 17:08:05.531400 np0005474935.novalocal cinder-volume[104939]: DEBUG oslo_concurrency.processutils [req-e505a758-65c0-4895-8c8b-ac3a5b303b5a req-b9ae8946-49b6-46f4-a304-376da0f50959 tempest-VolumesSnapshotsTestJSON-29413490 None] Running cmd (subprocess): sudo cinder-rootwrap /etc/cinder/rootwrap.conf env LC_ALL=C lvs --noheadings --unit=g -o vg_name,name,size --nosuffix --readonly stack-volumes-lvmdriver-1/volume-372a592c-bec9-4e57-9a45-eb4ca0de8905 {{(pid=104939) execute /usr/local/lib/python3.12/site-packages/oslo_concurrency/processutils.py:349}}
Oct 07 17:08:05.580626 np0005474935.novalocal sudo[132429]: stack : PWD=/ ; USER=root ; COMMAND=/usr/local/bin/cinder-rootwrap /etc/cinder/rootwrap.conf env LC_ALL=C lvs --noheadings --unit=g -o vg_name,name,size --nosuffix --readonly stack-volumes-lvmdriver-1/volume-372a592c-bec9-4e57-9a45-eb4ca0de8905
Oct 07 17:08:05.957262 np0005474935.novalocal cinder-volume[104939]: DEBUG oslo_concurrency.processutils [req-e505a758-65c0-4895-8c8b-ac3a5b303b5a req-b9ae8946-49b6-46f4-a304-376da0f50959 tempest-VolumesSnapshotsTestJSON-29413490 None] CMD "sudo cinder-rootwrap /etc/cinder/rootwrap.conf env LC_ALL=C lvs --noheadings --unit=g -o vg_name,name,size --nosuffix --readonly stack-volumes-lvmdriver-1/volume-372a592c-bec9-4e57-9a45-eb4ca0de8905" returned: 0 in 0.426s {{(pid=104939) execute /usr/local/lib/python3.12/site-packages/oslo_concurrency/processutils.py:372}}
Oct 07 17:08:05.963423 np0005474935.novalocal cinder-volume[104939]: DEBUG oslo_concurrency.processutils [req-e505a758-65c0-4895-8c8b-ac3a5b303b5a req-b9ae8946-49b6-46f4-a304-376da0f50959 tempest-VolumesSnapshotsTestJSON-29413490 None] Running cmd (subprocess): sudo cinder-rootwrap /etc/cinder/rootwrap.conf env LC_ALL=C lvcreate --name _snapshot-0d07f392-9239-4eac-9ea0-ab3874f08b5e --snapshot stack-volumes-lvmdriver-1/volume-372a592c-bec9-4e57-9a45-eb4ca0de8905 {{(pid=104939) execute /usr/local/lib/python3.12/site-packages/oslo_concurrency/processutils.py:349}}
Oct 07 17:08:05.989511 np0005474935.novalocal sudo[132434]: stack : PWD=/ ; USER=root ; COMMAND=/usr/local/bin/cinder-rootwrap /etc/cinder/rootwrap.conf env LC_ALL=C lvcreate --name _snapshot-0d07f392-9239-4eac-9ea0-ab3874f08b5e --snapshot stack-volumes-lvmdriver-1/volume-372a592c-bec9-4e57-9a45-eb4ca0de8905
Oct 07 17:08:06.441484 np0005474935.novalocal cinder-volume[104939]: DEBUG oslo_concurrency.processutils [req-e505a758-65c0-4895-8c8b-ac3a5b303b5a req-b9ae8946-49b6-46f4-a304-376da0f50959 tempest-VolumesSnapshotsTestJSON-29413490 None] CMD "sudo cinder-rootwrap /etc/cinder/rootwrap.conf env LC_ALL=C lvcreate --name _snapshot-0d07f392-9239-4eac-9ea0-ab3874f08b5e --snapshot stack-volumes-lvmdriver-1/volume-372a592c-bec9-4e57-9a45-eb4ca0de8905" returned: 0 in 0.478s {{(pid=104939) execute /usr/local/lib/python3.12/site-packages/oslo_concurrency/processutils.py:372}}
Oct 07 17:08:06.458735 np0005474935.novalocal cinder-volume[104939]: INFO cinder.volume.manager [req-e505a758-65c0-4895-8c8b-ac3a5b303b5a req-b9ae8946-49b6-46f4-a304-376da0f50959 tempest-VolumesSnapshotsTestJSON-29413490 None] Create snapshot completed successfully
Oct 07 17:08:06.740081 np0005474935.novalocal cinder-volume[104939]: DEBUG cinder.coordination [req-ee9993b2-6606-407c-a416-532ba4f74262 req-07cf90f4-dd28-4cb5-8a59-2dc58675b0cd tempest-VolumesSnapshotsTestJSON-29413490 None] Acquiring lock "cinder-0d07f392-9239-4eac-9ea0-ab3874f08b5e-delete_snapshot" by "delete_snapshot" {{(pid=104939) __acquire /opt/stack/cinder/cinder/coordination.py:143}}
Oct 07 17:08:06.755862 np0005474935.novalocal cinder-volume[104939]: DEBUG cinder.coordination [req-ee9993b2-6606-407c-a416-532ba4f74262 req-07cf90f4-dd28-4cb5-8a59-2dc58675b0cd tempest-VolumesSnapshotsTestJSON-29413490 None] Lock "cinder-0d07f392-9239-4eac-9ea0-ab3874f08b5e-delete_snapshot" acquired by "delete_snapshot" :: waited 0.016s {{(pid=104939) __acquire /opt/stack/cinder/cinder/coordination.py:146}}
Oct 07 17:08:06.757956 np0005474935.novalocal cinder-volume[104939]: DEBUG oslo_concurrency.processutils [req-ee9993b2-6606-407c-a416-532ba4f74262 req-07cf90f4-dd28-4cb5-8a59-2dc58675b0cd tempest-VolumesSnapshotsTestJSON-29413490 None] Running cmd (subprocess): sudo cinder-rootwrap /etc/cinder/rootwrap.conf env LC_ALL=C lvs --noheadings --unit=g -o vg_name,name,size --nosuffix --readonly stack-volumes-lvmdriver-1/_snapshot-0d07f392-9239-4eac-9ea0-ab3874f08b5e {{(pid=104939) execute /usr/local/lib/python3.12/site-packages/oslo_concurrency/processutils.py:349}}
Oct 07 17:08:06.790286 np0005474935.novalocal sudo[132447]: stack : PWD=/ ; USER=root ; COMMAND=/usr/local/bin/cinder-rootwrap /etc/cinder/rootwrap.conf env LC_ALL=C lvs --noheadings --unit=g -o vg_name,name,size --nosuffix --readonly stack-volumes-lvmdriver-1/_snapshot-0d07f392-9239-4eac-9ea0-ab3874f08b5e
Oct 07 17:08:07.203858 np0005474935.novalocal cinder-volume[104939]: DEBUG oslo_concurrency.processutils [req-ee9993b2-6606-407c-a416-532ba4f74262 req-07cf90f4-dd28-4cb5-8a59-2dc58675b0cd tempest-VolumesSnapshotsTestJSON-29413490 None] CMD "sudo cinder-rootwrap /etc/cinder/rootwrap.conf env LC_ALL=C lvs --noheadings --unit=g -o vg_name,name,size --nosuffix --readonly stack-volumes-lvmdriver-1/_snapshot-0d07f392-9239-4eac-9ea0-ab3874f08b5e" returned: 0 in 0.445s {{(pid=104939) execute /usr/local/lib/python3.12/site-packages/oslo_concurrency/processutils.py:372}}
Oct 07 17:08:07.204928 np0005474935.novalocal cinder-volume[104939]: DEBUG oslo_concurrency.processutils [req-ee9993b2-6606-407c-a416-532ba4f74262 req-07cf90f4-dd28-4cb5-8a59-2dc58675b0cd tempest-VolumesSnapshotsTestJSON-29413490 None] Running cmd (subprocess): sudo cinder-rootwrap /etc/cinder/rootwrap.conf lvremove --config activation { retry_deactivation = 1} -f stack-volumes-lvmdriver-1/_snapshot-0d07f392-9239-4eac-9ea0-ab3874f08b5e {{(pid=104939) execute /usr/local/lib/python3.12/site-packages/oslo_concurrency/processutils.py:349}}
Oct 07 17:08:07.241445 np0005474935.novalocal sudo[132452]: stack : PWD=/ ; USER=root ; COMMAND=/usr/local/bin/cinder-rootwrap /etc/cinder/rootwrap.conf lvremove --config 'activation { retry_deactivation = 1} ' -f stack-volumes-lvmdriver-1/_snapshot-0d07f392-9239-4eac-9ea0-ab3874f08b5e
Oct 07 17:08:07.655745 np0005474935.novalocal cinder-volume[104939]: DEBUG oslo_concurrency.processutils [req-ee9993b2-6606-407c-a416-532ba4f74262 req-07cf90f4-dd28-4cb5-8a59-2dc58675b0cd tempest-VolumesSnapshotsTestJSON-29413490 None] CMD "sudo cinder-rootwrap /etc/cinder/rootwrap.conf lvremove --config activation { retry_deactivation = 1} -f stack-volumes-lvmdriver-1/_snapshot-0d07f392-9239-4eac-9ea0-ab3874f08b5e" returned: 0 in 0.448s {{(pid=104939) execute /usr/local/lib/python3.12/site-packages/oslo_concurrency/processutils.py:372}}
Oct 07 17:08:07.683495 np0005474935.novalocal cinder-volume[104939]: WARNING cinder.quota [req-ee9993b2-6606-407c-a416-532ba4f74262 req-07cf90f4-dd28-4cb5-8a59-2dc58675b0cd tempest-VolumesSnapshotsTestJSON-29413490 None] Deprecated: Default quota for resource: snapshots_lvmdriver-1 is set by the default quota flag: quota_snapshots_lvmdriver-1, it is now deprecated. Please use the default quota class for default quota.
Oct 07 17:08:07.699720 np0005474935.novalocal cinder-volume[104939]: DEBUG cinder.quota [req-ee9993b2-6606-407c-a416-532ba4f74262 req-07cf90f4-dd28-4cb5-8a59-2dc58675b0cd tempest-VolumesSnapshotsTestJSON-29413490 None] Created reservations ['9c89db85-0310-4fd7-9398-35fd853369fb', '83b040f1-a403-49eb-9644-94092ee4f741', 'ce9a5271-0266-45d3-9a54-0c2371080e2d', '2e9c08bb-45c7-45d2-b5df-853f73f9de8f'] {{(pid=104939) reserve /opt/stack/cinder/cinder/quota.py:752}}
Oct 07 17:08:07.735309 np0005474935.novalocal cinder-volume[104939]: INFO cinder.volume.manager [req-ee9993b2-6606-407c-a416-532ba4f74262 req-07cf90f4-dd28-4cb5-8a59-2dc58675b0cd tempest-VolumesSnapshotsTestJSON-29413490 None] Delete snapshot completed successfully.
Oct 07 17:08:07.739473 np0005474935.novalocal cinder-volume[104939]: DEBUG cinder.coordination [req-ee9993b2-6606-407c-a416-532ba4f74262 req-07cf90f4-dd28-4cb5-8a59-2dc58675b0cd tempest-VolumesSnapshotsTestJSON-29413490 None] Lock "cinder-0d07f392-9239-4eac-9ea0-ab3874f08b5e-delete_snapshot" released by "delete_snapshot" :: held 0.984s {{(pid=104939) __release /opt/stack/cinder/cinder/coordination.py:157}}
Oct 07 17:08:07.979615 np0005474935.novalocal cinder-volume[104939]: DEBUG cinder.coordination [req-d444bdf2-7ab1-4574-a58d-62dd646fdbeb req-f71ea36b-6fbc-42bc-944a-068daff06bf6 tempest-VolumesSnapshotsTestJSON-29413490 None] Acquiring lock "cinder-372a592c-bec9-4e57-9a45-eb4ca0de8905-delete_volume" by "delete_volume" {{(pid=104939) __acquire /opt/stack/cinder/cinder/coordination.py:143}}
Oct 07 17:08:07.990432 np0005474935.novalocal cinder-volume[104939]: DEBUG cinder.coordination [req-d444bdf2-7ab1-4574-a58d-62dd646fdbeb req-f71ea36b-6fbc-42bc-944a-068daff06bf6 tempest-VolumesSnapshotsTestJSON-29413490 None] Lock "cinder-372a592c-bec9-4e57-9a45-eb4ca0de8905-delete_volume" acquired by "delete_volume" :: waited 0.011s {{(pid=104939) __acquire /opt/stack/cinder/cinder/coordination.py:146}}
Oct 07 17:08:08.013299 np0005474935.novalocal cinder-volume[104939]: INFO cinder.volume.targets.iscsi [req-d444bdf2-7ab1-4574-a58d-62dd646fdbeb req-f71ea36b-6fbc-42bc-944a-068daff06bf6 tempest-VolumesSnapshotsTestJSON-29413490 None] Skipping remove_export. No iscsi_target is presently exported for volume: 372a592c-bec9-4e57-9a45-eb4ca0de8905
Oct 07 17:08:08.013887 np0005474935.novalocal cinder-volume[104939]: DEBUG oslo_concurrency.processutils [req-d444bdf2-7ab1-4574-a58d-62dd646fdbeb req-f71ea36b-6fbc-42bc-944a-068daff06bf6 tempest-VolumesSnapshotsTestJSON-29413490 None] Running cmd (subprocess): sudo cinder-rootwrap /etc/cinder/rootwrap.conf env LC_ALL=C lvs --noheadings --unit=g -o vg_name,name,size --nosuffix --readonly stack-volumes-lvmdriver-1/volume-372a592c-bec9-4e57-9a45-eb4ca0de8905 {{(pid=104939) execute /usr/local/lib/python3.12/site-packages/oslo_concurrency/processutils.py:349}}
Oct 07 17:08:08.060990 np0005474935.novalocal sudo[132458]: stack : PWD=/ ; USER=root ; COMMAND=/usr/local/bin/cinder-rootwrap /etc/cinder/rootwrap.conf env LC_ALL=C lvs --noheadings --unit=g -o vg_name,name,size --nosuffix --readonly stack-volumes-lvmdriver-1/volume-372a592c-bec9-4e57-9a45-eb4ca0de8905
Oct 07 17:08:08.459139 np0005474935.novalocal cinder-volume[104939]: DEBUG oslo_concurrency.processutils [req-d444bdf2-7ab1-4574-a58d-62dd646fdbeb req-f71ea36b-6fbc-42bc-944a-068daff06bf6 tempest-VolumesSnapshotsTestJSON-29413490 None] CMD "sudo cinder-rootwrap /etc/cinder/rootwrap.conf env LC_ALL=C lvs --noheadings --unit=g -o vg_name,name,size --nosuffix --readonly stack-volumes-lvmdriver-1/volume-372a592c-bec9-4e57-9a45-eb4ca0de8905" returned: 0 in 0.443s {{(pid=104939) execute /usr/local/lib/python3.12/site-packages/oslo_concurrency/processutils.py:372}}
Oct 07 17:08:08.459923 np0005474935.novalocal cinder-volume[104939]: DEBUG oslo_concurrency.processutils [req-d444bdf2-7ab1-4574-a58d-62dd646fdbeb req-f71ea36b-6fbc-42bc-944a-068daff06bf6 tempest-VolumesSnapshotsTestJSON-29413490 None] Running cmd (subprocess): sudo cinder-rootwrap /etc/cinder/rootwrap.conf env LC_ALL=C lvdisplay --noheading -C -o Attr --readonly stack-volumes-lvmdriver-1/volume-372a592c-bec9-4e57-9a45-eb4ca0de8905 {{(pid=104939) execute /usr/local/lib/python3.12/site-packages/oslo_concurrency/processutils.py:349}}
Oct 07 17:08:08.496134 np0005474935.novalocal sudo[132470]: stack : PWD=/ ; USER=root ; COMMAND=/usr/local/bin/cinder-rootwrap /etc/cinder/rootwrap.conf env LC_ALL=C lvdisplay --noheading -C -o Attr --readonly stack-volumes-lvmdriver-1/volume-372a592c-bec9-4e57-9a45-eb4ca0de8905
Oct 07 17:08:08.858626 np0005474935.novalocal cinder-volume[104939]: DEBUG oslo_concurrency.processutils [req-d444bdf2-7ab1-4574-a58d-62dd646fdbeb req-f71ea36b-6fbc-42bc-944a-068daff06bf6 tempest-VolumesSnapshotsTestJSON-29413490 None] CMD "sudo cinder-rootwrap /etc/cinder/rootwrap.conf env LC_ALL=C lvdisplay --noheading -C -o Attr --readonly stack-volumes-lvmdriver-1/volume-372a592c-bec9-4e57-9a45-eb4ca0de8905" returned: 0 in 0.397s {{(pid=104939) execute /usr/local/lib/python3.12/site-packages/oslo_concurrency/processutils.py:372}}
Oct 07 17:08:08.861822 np0005474935.novalocal cinder-volume[104939]: DEBUG oslo_concurrency.processutils [req-d444bdf2-7ab1-4574-a58d-62dd646fdbeb req-f71ea36b-6fbc-42bc-944a-068daff06bf6 tempest-VolumesSnapshotsTestJSON-29413490 None] Running cmd (subprocess): sudo cinder-rootwrap /etc/cinder/rootwrap.conf lvremove --config activation { retry_deactivation = 1} -f stack-volumes-lvmdriver-1/volume-372a592c-bec9-4e57-9a45-eb4ca0de8905 {{(pid=104939) execute /usr/local/lib/python3.12/site-packages/oslo_concurrency/processutils.py:349}}
Oct 07 17:08:08.902974 np0005474935.novalocal sudo[132477]: stack : PWD=/ ; USER=root ; COMMAND=/usr/local/bin/cinder-rootwrap /etc/cinder/rootwrap.conf lvremove --config 'activation { retry_deactivation = 1} ' -f stack-volumes-lvmdriver-1/volume-372a592c-bec9-4e57-9a45-eb4ca0de8905
Oct 07 17:08:09.340806 np0005474935.novalocal cinder-volume[104939]: DEBUG oslo_concurrency.processutils [req-d444bdf2-7ab1-4574-a58d-62dd646fdbeb req-f71ea36b-6fbc-42bc-944a-068daff06bf6 tempest-VolumesSnapshotsTestJSON-29413490 None] CMD "sudo cinder-rootwrap /etc/cinder/rootwrap.conf lvremove --config activation { retry_deactivation = 1} -f stack-volumes-lvmdriver-1/volume-372a592c-bec9-4e57-9a45-eb4ca0de8905" returned: 0 in 0.479s {{(pid=104939) execute /usr/local/lib/python3.12/site-packages/oslo_concurrency/processutils.py:372}}
Oct 07 17:08:09.344849 np0005474935.novalocal cinder-volume[104939]: INFO cinder.volume.drivers.lvm [req-d444bdf2-7ab1-4574-a58d-62dd646fdbeb req-f71ea36b-6fbc-42bc-944a-068daff06bf6 tempest-VolumesSnapshotsTestJSON-29413490 None] Successfully deleted volume: 372a592c-bec9-4e57-9a45-eb4ca0de8905
Oct 07 17:08:09.388169 np0005474935.novalocal cinder-volume[104939]: DEBUG cinder.quota [req-d444bdf2-7ab1-4574-a58d-62dd646fdbeb req-f71ea36b-6fbc-42bc-944a-068daff06bf6 tempest-VolumesSnapshotsTestJSON-29413490 None] Created reservations ['77e630c3-e27c-4bd9-b941-507afbf72224', 'ae9d75e0-0fd4-4dd6-af24-c5198db6fe39', '96d6fb3f-0549-4b6c-b5ef-ec103147df49', '644aafa5-91ab-4786-9e60-8a4981e0089f'] {{(pid=104939) reserve /opt/stack/cinder/cinder/quota.py:752}}
Oct 07 17:08:09.417054 np0005474935.novalocal cinder-volume[104939]: DEBUG cinder.volume.drivers.lvm [req-d444bdf2-7ab1-4574-a58d-62dd646fdbeb req-f71ea36b-6fbc-42bc-944a-068daff06bf6 tempest-VolumesSnapshotsTestJSON-29413490 None] Updating volume stats {{(pid=104939) _update_volume_stats /opt/stack/cinder/cinder/volume/drivers/lvm.py:227}}
Oct 07 17:08:09.417422 np0005474935.novalocal cinder-volume[104939]: DEBUG oslo_concurrency.processutils [req-d444bdf2-7ab1-4574-a58d-62dd646fdbeb req-f71ea36b-6fbc-42bc-944a-068daff06bf6 tempest-VolumesSnapshotsTestJSON-29413490 None] Running cmd (subprocess): sudo cinder-rootwrap /etc/cinder/rootwrap.conf env LC_ALL=C vgs --noheadings --unit=g -o name,size,free,lv_count,uuid --separator : --nosuffix stack-volumes-lvmdriver-1 {{(pid=104939) execute /usr/local/lib/python3.12/site-packages/oslo_concurrency/processutils.py:349}}
Oct 07 17:08:09.455242 np0005474935.novalocal sudo[132487]: stack : PWD=/ ; USER=root ; COMMAND=/usr/local/bin/cinder-rootwrap /etc/cinder/rootwrap.conf env LC_ALL=C vgs --noheadings --unit=g -o name,size,free,lv_count,uuid --separator : --nosuffix stack-volumes-lvmdriver-1
Oct 07 17:08:09.903355 np0005474935.novalocal cinder-volume[104939]: DEBUG oslo_concurrency.processutils [req-d444bdf2-7ab1-4574-a58d-62dd646fdbeb req-f71ea36b-6fbc-42bc-944a-068daff06bf6 tempest-VolumesSnapshotsTestJSON-29413490 None] CMD "sudo cinder-rootwrap /etc/cinder/rootwrap.conf env LC_ALL=C vgs --noheadings --unit=g -o name,size,free,lv_count,uuid --separator : --nosuffix stack-volumes-lvmdriver-1" returned: 0 in 0.485s {{(pid=104939) execute /usr/local/lib/python3.12/site-packages/oslo_concurrency/processutils.py:372}}
Oct 07 17:08:09.904667 np0005474935.novalocal cinder-volume[104939]: DEBUG oslo_concurrency.processutils [req-d444bdf2-7ab1-4574-a58d-62dd646fdbeb req-f71ea36b-6fbc-42bc-944a-068daff06bf6 tempest-VolumesSnapshotsTestJSON-29413490 None] Running cmd (subprocess): sudo cinder-rootwrap /etc/cinder/rootwrap.conf env LC_ALL=C lvs --noheadings --unit=g -o vg_name,name,size --nosuffix --readonly stack-volumes-lvmdriver-1 {{(pid=104939) execute /usr/local/lib/python3.12/site-packages/oslo_concurrency/processutils.py:349}}
Oct 07 17:08:09.943420 np0005474935.novalocal sudo[132515]: stack : PWD=/ ; USER=root ; COMMAND=/usr/local/bin/cinder-rootwrap /etc/cinder/rootwrap.conf env LC_ALL=C lvs --noheadings --unit=g -o vg_name,name,size --nosuffix --readonly stack-volumes-lvmdriver-1
Oct 07 17:08:10.394576 np0005474935.novalocal cinder-volume[104939]: DEBUG oslo_concurrency.processutils [req-d444bdf2-7ab1-4574-a58d-62dd646fdbeb req-f71ea36b-6fbc-42bc-944a-068daff06bf6 tempest-VolumesSnapshotsTestJSON-29413490 None] CMD "sudo cinder-rootwrap /etc/cinder/rootwrap.conf env LC_ALL=C lvs --noheadings --unit=g -o vg_name,name,size --nosuffix --readonly stack-volumes-lvmdriver-1" returned: 0 in 0.490s {{(pid=104939) execute /usr/local/lib/python3.12/site-packages/oslo_concurrency/processutils.py:372}}
Oct 07 17:08:10.395355 np0005474935.novalocal cinder-volume[104939]: DEBUG oslo_concurrency.processutils [req-d444bdf2-7ab1-4574-a58d-62dd646fdbeb req-f71ea36b-6fbc-42bc-944a-068daff06bf6 tempest-VolumesSnapshotsTestJSON-29413490 None] Running cmd (subprocess): sudo cinder-rootwrap /etc/cinder/rootwrap.conf env LC_ALL=C lvs --noheadings --unit=g -o size,data_percent --separator : --nosuffix /dev/stack-volumes-lvmdriver-1/stack-volumes-lvmdriver-1-pool {{(pid=104939) execute /usr/local/lib/python3.12/site-packages/oslo_concurrency/processutils.py:349}}
Oct 07 17:08:10.436379 np0005474935.novalocal sudo[132521]: stack : PWD=/ ; USER=root ; COMMAND=/usr/local/bin/cinder-rootwrap /etc/cinder/rootwrap.conf env LC_ALL=C lvs --noheadings --unit=g -o size,data_percent --separator : --nosuffix /dev/stack-volumes-lvmdriver-1/stack-volumes-lvmdriver-1-pool
Oct 07 17:08:10.829914 np0005474935.novalocal cinder-volume[104939]: DEBUG oslo_concurrency.processutils [req-d444bdf2-7ab1-4574-a58d-62dd646fdbeb req-f71ea36b-6fbc-42bc-944a-068daff06bf6 tempest-VolumesSnapshotsTestJSON-29413490 None] CMD "sudo cinder-rootwrap /etc/cinder/rootwrap.conf env LC_ALL=C lvs --noheadings --unit=g -o size,data_percent --separator : --nosuffix /dev/stack-volumes-lvmdriver-1/stack-volumes-lvmdriver-1-pool" returned: 0 in 0.434s {{(pid=104939) execute /usr/local/lib/python3.12/site-packages/oslo_concurrency/processutils.py:372}}
Oct 07 17:08:10.830815 np0005474935.novalocal cinder-volume[104939]: DEBUG oslo_concurrency.processutils [req-d444bdf2-7ab1-4574-a58d-62dd646fdbeb req-f71ea36b-6fbc-42bc-944a-068daff06bf6 tempest-VolumesSnapshotsTestJSON-29413490 None] Running cmd (subprocess): sudo cinder-rootwrap /etc/cinder/rootwrap.conf env LC_ALL=C lvs --noheadings --unit=g -o vg_name,name,size --nosuffix --readonly stack-volumes-lvmdriver-1 {{(pid=104939) execute /usr/local/lib/python3.12/site-packages/oslo_concurrency/processutils.py:349}}
Oct 07 17:08:10.858981 np0005474935.novalocal sudo[132526]: stack : PWD=/ ; USER=root ; COMMAND=/usr/local/bin/cinder-rootwrap /etc/cinder/rootwrap.conf env LC_ALL=C lvs --noheadings --unit=g -o vg_name,name,size --nosuffix --readonly stack-volumes-lvmdriver-1
Oct 07 17:08:11.299045 np0005474935.novalocal cinder-volume[104939]: DEBUG oslo_concurrency.processutils [req-d444bdf2-7ab1-4574-a58d-62dd646fdbeb req-f71ea36b-6fbc-42bc-944a-068daff06bf6 tempest-VolumesSnapshotsTestJSON-29413490 None] CMD "sudo cinder-rootwrap /etc/cinder/rootwrap.conf env LC_ALL=C lvs --noheadings --unit=g -o vg_name,name,size --nosuffix --readonly stack-volumes-lvmdriver-1" returned: 0 in 0.468s {{(pid=104939) execute /usr/local/lib/python3.12/site-packages/oslo_concurrency/processutils.py:372}}
Oct 07 17:08:11.299993 np0005474935.novalocal cinder-volume[104939]: DEBUG cinder.manager [req-d444bdf2-7ab1-4574-a58d-62dd646fdbeb req-f71ea36b-6fbc-42bc-944a-068daff06bf6 tempest-VolumesSnapshotsTestJSON-29413490 None] Notifying Schedulers of capabilities ... {{(pid=104939) _publish_service_capabilities /opt/stack/cinder/cinder/manager.py:202}}
Oct 07 17:08:11.307673 np0005474935.novalocal cinder-volume[104939]: INFO cinder.volume.manager [req-d444bdf2-7ab1-4574-a58d-62dd646fdbeb req-f71ea36b-6fbc-42bc-944a-068daff06bf6 tempest-VolumesSnapshotsTestJSON-29413490 None] Deleted volume successfully.
Oct 07 17:08:11.321285 np0005474935.novalocal cinder-volume[104939]: DEBUG cinder.coordination [req-d444bdf2-7ab1-4574-a58d-62dd646fdbeb req-f71ea36b-6fbc-42bc-944a-068daff06bf6 tempest-VolumesSnapshotsTestJSON-29413490 None] Lock "cinder-372a592c-bec9-4e57-9a45-eb4ca0de8905-delete_volume" released by "delete_volume" :: held 3.331s {{(pid=104939) __release /opt/stack/cinder/cinder/coordination.py:157}}
Oct 07 17:08:19.412898 np0005474935.novalocal cinder-volume[104939]: DEBUG dbcounter [-] [104939] Writing DB stats cinder:UPDATE=36,cinder:SELECT=21,cinder:INSERT=9,cinder:DELETE=1 {{(pid=104939) stat_writer /usr/local/lib/python3.12/site-packages/dbcounter.py:115}}
Oct 07 17:08:21.312661 np0005474935.novalocal cinder-volume[104939]: DEBUG dbcounter [-] [104939] Writing DB stats cinder:SELECT=24,cinder:INSERT=7,cinder:UPDATE=29,cinder:DELETE=4 {{(pid=104939) stat_writer /usr/local/lib/python3.12/site-packages/dbcounter.py:115}}
Oct 07 17:08:21.506438 np0005474935.novalocal cinder-volume[104939]: DEBUG oslo_service.periodic_task [None req-5f16bf2a-91e7-4468-9de3-024bc853bf51 None None] Running periodic task VolumeManager.publish_service_capabilities {{(pid=104939) run_periodic_tasks /usr/local/lib/python3.12/site-packages/oslo_service/periodic_task.py:210}}
Oct 07 17:08:21.506682 np0005474935.novalocal cinder-volume[104939]: DEBUG cinder.volume.drivers.lvm [None req-5f16bf2a-91e7-4468-9de3-024bc853bf51 None None] Updating volume stats {{(pid=104939) _update_volume_stats /opt/stack/cinder/cinder/volume/drivers/lvm.py:227}}
Oct 07 17:08:21.510424 np0005474935.novalocal cinder-volume[104939]: DEBUG oslo_concurrency.processutils [None req-5f16bf2a-91e7-4468-9de3-024bc853bf51 None None] Running cmd (subprocess): sudo cinder-rootwrap /etc/cinder/rootwrap.conf env LC_ALL=C vgs --noheadings --unit=g -o name,size,free,lv_count,uuid --separator : --nosuffix stack-volumes-lvmdriver-1 {{(pid=104939) execute /usr/local/lib/python3.12/site-packages/oslo_concurrency/processutils.py:349}}
Oct 07 17:08:21.557970 np0005474935.novalocal sudo[132568]: stack : PWD=/ ; USER=root ; COMMAND=/usr/local/bin/cinder-rootwrap /etc/cinder/rootwrap.conf env LC_ALL=C vgs --noheadings --unit=g -o name,size,free,lv_count,uuid --separator : --nosuffix stack-volumes-lvmdriver-1
Oct 07 17:08:22.028909 np0005474935.novalocal cinder-volume[104939]: DEBUG oslo_concurrency.processutils [None req-5f16bf2a-91e7-4468-9de3-024bc853bf51 None None] CMD "sudo cinder-rootwrap /etc/cinder/rootwrap.conf env LC_ALL=C vgs --noheadings --unit=g -o name,size,free,lv_count,uuid --separator : --nosuffix stack-volumes-lvmdriver-1" returned: 0 in 0.518s {{(pid=104939) execute /usr/local/lib/python3.12/site-packages/oslo_concurrency/processutils.py:372}}
Oct 07 17:08:22.029866 np0005474935.novalocal cinder-volume[104939]: DEBUG oslo_concurrency.processutils [None req-5f16bf2a-91e7-4468-9de3-024bc853bf51 None None] Running cmd (subprocess): sudo cinder-rootwrap /etc/cinder/rootwrap.conf env LC_ALL=C lvs --noheadings --unit=g -o vg_name,name,size --nosuffix --readonly stack-volumes-lvmdriver-1 {{(pid=104939) execute /usr/local/lib/python3.12/site-packages/oslo_concurrency/processutils.py:349}}
Oct 07 17:08:22.060267 np0005474935.novalocal sudo[132633]: stack : PWD=/ ; USER=root ; COMMAND=/usr/local/bin/cinder-rootwrap /etc/cinder/rootwrap.conf env LC_ALL=C lvs --noheadings --unit=g -o vg_name,name,size --nosuffix --readonly stack-volumes-lvmdriver-1
Oct 07 17:08:22.419140 np0005474935.novalocal cinder-volume[104939]: DEBUG oslo_concurrency.processutils [None req-5f16bf2a-91e7-4468-9de3-024bc853bf51 None None] CMD "sudo cinder-rootwrap /etc/cinder/rootwrap.conf env LC_ALL=C lvs --noheadings --unit=g -o vg_name,name,size --nosuffix --readonly stack-volumes-lvmdriver-1" returned: 0 in 0.392s {{(pid=104939) execute /usr/local/lib/python3.12/site-packages/oslo_concurrency/processutils.py:372}}
Oct 07 17:08:22.420481 np0005474935.novalocal cinder-volume[104939]: DEBUG oslo_concurrency.processutils [None req-5f16bf2a-91e7-4468-9de3-024bc853bf51 None None] Running cmd (subprocess): sudo cinder-rootwrap /etc/cinder/rootwrap.conf env LC_ALL=C lvs --noheadings --unit=g -o size,data_percent --separator : --nosuffix /dev/stack-volumes-lvmdriver-1/stack-volumes-lvmdriver-1-pool {{(pid=104939) execute /usr/local/lib/python3.12/site-packages/oslo_concurrency/processutils.py:349}}
Oct 07 17:08:22.446133 np0005474935.novalocal sudo[132645]: stack : PWD=/ ; USER=root ; COMMAND=/usr/local/bin/cinder-rootwrap /etc/cinder/rootwrap.conf env LC_ALL=C lvs --noheadings --unit=g -o size,data_percent --separator : --nosuffix /dev/stack-volumes-lvmdriver-1/stack-volumes-lvmdriver-1-pool
Oct 07 17:08:22.844133 np0005474935.novalocal cinder-volume[104939]: DEBUG oslo_concurrency.processutils [None req-5f16bf2a-91e7-4468-9de3-024bc853bf51 None None] CMD "sudo cinder-rootwrap /etc/cinder/rootwrap.conf env LC_ALL=C lvs --noheadings --unit=g -o size,data_percent --separator : --nosuffix /dev/stack-volumes-lvmdriver-1/stack-volumes-lvmdriver-1-pool" returned: 0 in 0.423s {{(pid=104939) execute /usr/local/lib/python3.12/site-packages/oslo_concurrency/processutils.py:372}}
Oct 07 17:08:22.846084 np0005474935.novalocal cinder-volume[104939]: DEBUG oslo_concurrency.processutils [None req-5f16bf2a-91e7-4468-9de3-024bc853bf51 None None] Running cmd (subprocess): sudo cinder-rootwrap /etc/cinder/rootwrap.conf env LC_ALL=C lvs --noheadings --unit=g -o vg_name,name,size --nosuffix --readonly stack-volumes-lvmdriver-1 {{(pid=104939) execute /usr/local/lib/python3.12/site-packages/oslo_concurrency/processutils.py:349}}
Oct 07 17:08:22.898511 np0005474935.novalocal sudo[132650]: stack : PWD=/ ; USER=root ; COMMAND=/usr/local/bin/cinder-rootwrap /etc/cinder/rootwrap.conf env LC_ALL=C lvs --noheadings --unit=g -o vg_name,name,size --nosuffix --readonly stack-volumes-lvmdriver-1
Oct 07 17:08:23.367343 np0005474935.novalocal cinder-volume[104939]: DEBUG oslo_concurrency.processutils [None req-5f16bf2a-91e7-4468-9de3-024bc853bf51 None None] CMD "sudo cinder-rootwrap /etc/cinder/rootwrap.conf env LC_ALL=C lvs --noheadings --unit=g -o vg_name,name,size --nosuffix --readonly stack-volumes-lvmdriver-1" returned: 0 in 0.522s {{(pid=104939) execute /usr/local/lib/python3.12/site-packages/oslo_concurrency/processutils.py:372}}
Oct 07 17:08:23.367836 np0005474935.novalocal cinder-volume[104939]: DEBUG cinder.manager [None req-5f16bf2a-91e7-4468-9de3-024bc853bf51 None None] Notifying Schedulers of capabilities ... {{(pid=104939) _publish_service_capabilities /opt/stack/cinder/cinder/manager.py:202}}
Oct 07 17:09:21.505377 np0005474935.novalocal cinder-volume[104939]: DEBUG oslo_service.periodic_task [None req-5f16bf2a-91e7-4468-9de3-024bc853bf51 None None] Running periodic task VolumeManager.publish_service_capabilities {{(pid=104939) run_periodic_tasks /usr/local/lib/python3.12/site-packages/oslo_service/periodic_task.py:210}}
Oct 07 17:09:21.506108 np0005474935.novalocal cinder-volume[104939]: DEBUG cinder.volume.drivers.lvm [None req-5f16bf2a-91e7-4468-9de3-024bc853bf51 None None] Updating volume stats {{(pid=104939) _update_volume_stats /opt/stack/cinder/cinder/volume/drivers/lvm.py:227}}
Oct 07 17:09:21.506108 np0005474935.novalocal cinder-volume[104939]: DEBUG oslo_concurrency.processutils [None req-5f16bf2a-91e7-4468-9de3-024bc853bf51 None None] Running cmd (subprocess): sudo cinder-rootwrap /etc/cinder/rootwrap.conf env LC_ALL=C vgs --noheadings --unit=g -o name,size,free,lv_count,uuid --separator : --nosuffix stack-volumes-lvmdriver-1 {{(pid=104939) execute /usr/local/lib/python3.12/site-packages/oslo_concurrency/processutils.py:349}}
Oct 07 17:09:21.552723 np0005474935.novalocal sudo[133614]: stack : PWD=/ ; USER=root ; COMMAND=/usr/local/bin/cinder-rootwrap /etc/cinder/rootwrap.conf env LC_ALL=C vgs --noheadings --unit=g -o name,size,free,lv_count,uuid --separator : --nosuffix stack-volumes-lvmdriver-1
Oct 07 17:09:21.957980 np0005474935.novalocal cinder-volume[104939]: DEBUG oslo_concurrency.processutils [None req-5f16bf2a-91e7-4468-9de3-024bc853bf51 None None] CMD "sudo cinder-rootwrap /etc/cinder/rootwrap.conf env LC_ALL=C vgs --noheadings --unit=g -o name,size,free,lv_count,uuid --separator : --nosuffix stack-volumes-lvmdriver-1" returned: 0 in 0.451s {{(pid=104939) execute /usr/local/lib/python3.12/site-packages/oslo_concurrency/processutils.py:372}}
Oct 07 17:09:21.960001 np0005474935.novalocal cinder-volume[104939]: DEBUG oslo_concurrency.processutils [None req-5f16bf2a-91e7-4468-9de3-024bc853bf51 None None] Running cmd (subprocess): sudo cinder-rootwrap /etc/cinder/rootwrap.conf env LC_ALL=C lvs --noheadings --unit=g -o vg_name,name,size --nosuffix --readonly stack-volumes-lvmdriver-1 {{(pid=104939) execute /usr/local/lib/python3.12/site-packages/oslo_concurrency/processutils.py:349}}
Oct 07 17:09:22.002678 np0005474935.novalocal sudo[133621]: stack : PWD=/ ; USER=root ; COMMAND=/usr/local/bin/cinder-rootwrap /etc/cinder/rootwrap.conf env LC_ALL=C lvs --noheadings --unit=g -o vg_name,name,size --nosuffix --readonly stack-volumes-lvmdriver-1
Oct 07 17:09:22.414082 np0005474935.novalocal cinder-volume[104939]: DEBUG oslo_concurrency.processutils [None req-5f16bf2a-91e7-4468-9de3-024bc853bf51 None None] CMD "sudo cinder-rootwrap /etc/cinder/rootwrap.conf env LC_ALL=C lvs --noheadings --unit=g -o vg_name,name,size --nosuffix --readonly stack-volumes-lvmdriver-1" returned: 0 in 0.454s {{(pid=104939) execute /usr/local/lib/python3.12/site-packages/oslo_concurrency/processutils.py:372}}
Oct 07 17:09:22.414837 np0005474935.novalocal cinder-volume[104939]: DEBUG oslo_concurrency.processutils [None req-5f16bf2a-91e7-4468-9de3-024bc853bf51 None None] Running cmd (subprocess): sudo cinder-rootwrap /etc/cinder/rootwrap.conf env LC_ALL=C lvs --noheadings --unit=g -o size,data_percent --separator : --nosuffix /dev/stack-volumes-lvmdriver-1/stack-volumes-lvmdriver-1-pool {{(pid=104939) execute /usr/local/lib/python3.12/site-packages/oslo_concurrency/processutils.py:349}}
Oct 07 17:09:22.449893 np0005474935.novalocal sudo[133626]: stack : PWD=/ ; USER=root ; COMMAND=/usr/local/bin/cinder-rootwrap /etc/cinder/rootwrap.conf env LC_ALL=C lvs --noheadings --unit=g -o size,data_percent --separator : --nosuffix /dev/stack-volumes-lvmdriver-1/stack-volumes-lvmdriver-1-pool
Oct 07 17:09:22.873761 np0005474935.novalocal cinder-volume[104939]: DEBUG oslo_concurrency.processutils [None req-5f16bf2a-91e7-4468-9de3-024bc853bf51 None None] CMD "sudo cinder-rootwrap /etc/cinder/rootwrap.conf env LC_ALL=C lvs --noheadings --unit=g -o size,data_percent --separator : --nosuffix /dev/stack-volumes-lvmdriver-1/stack-volumes-lvmdriver-1-pool" returned: 0 in 0.458s {{(pid=104939) execute /usr/local/lib/python3.12/site-packages/oslo_concurrency/processutils.py:372}}
Oct 07 17:09:22.875236 np0005474935.novalocal cinder-volume[104939]: DEBUG oslo_concurrency.processutils [None req-5f16bf2a-91e7-4468-9de3-024bc853bf51 None None] Running cmd (subprocess): sudo cinder-rootwrap /etc/cinder/rootwrap.conf env LC_ALL=C lvs --noheadings --unit=g -o vg_name,name,size --nosuffix --readonly stack-volumes-lvmdriver-1 {{(pid=104939) execute /usr/local/lib/python3.12/site-packages/oslo_concurrency/processutils.py:349}}
Oct 07 17:09:22.902340 np0005474935.novalocal sudo[133631]: stack : PWD=/ ; USER=root ; COMMAND=/usr/local/bin/cinder-rootwrap /etc/cinder/rootwrap.conf env LC_ALL=C lvs --noheadings --unit=g -o vg_name,name,size --nosuffix --readonly stack-volumes-lvmdriver-1
Oct 07 17:09:23.309621 np0005474935.novalocal cinder-volume[104939]: DEBUG oslo_concurrency.processutils [None req-5f16bf2a-91e7-4468-9de3-024bc853bf51 None None] CMD "sudo cinder-rootwrap /etc/cinder/rootwrap.conf env LC_ALL=C lvs --noheadings --unit=g -o vg_name,name,size --nosuffix --readonly stack-volumes-lvmdriver-1" returned: 0 in 0.434s {{(pid=104939) execute /usr/local/lib/python3.12/site-packages/oslo_concurrency/processutils.py:372}}
Oct 07 17:09:23.310830 np0005474935.novalocal cinder-volume[104939]: DEBUG cinder.manager [None req-5f16bf2a-91e7-4468-9de3-024bc853bf51 None None] Notifying Schedulers of capabilities ... {{(pid=104939) _publish_service_capabilities /opt/stack/cinder/cinder/manager.py:202}}
Oct 07 17:09:50.047447 np0005474935.novalocal cinder-volume[104939]: DEBUG cinder.volume.flows.manager.create_volume [None req-d4a45d47-f76f-4eec-952b-96e379139538 tempest-AttachVolumeMultiAttachTest-1685780648 None] Volume reschedule parameters: True retry: {'num_attempts': 1, 'backends': ['np0005474935.novalocal@lvmdriver-1#lvmdriver-1'], 'hosts': ['np0005474935.novalocal@lvmdriver-1#lvmdriver-1']} {{(pid=104939) get_flow /opt/stack/cinder/cinder/volume/flows/manager/create_volume.py:1384}}
Oct 07 17:09:50.056832 np0005474935.novalocal cinder-volume[104939]: DEBUG cinder.volume.manager [None req-d4a45d47-f76f-4eec-952b-96e379139538 tempest-AttachVolumeMultiAttachTest-1685780648 None] Flow 'volume_create_manager' (2152f481-8ef6-48b8-b267-ca47af0fb3c7) transitioned into state 'RUNNING' from state 'PENDING' {{(pid=104939) _flow_receiver /usr/local/lib/python3.12/site-packages/taskflow/listeners/logging.py:145}}
Oct 07 17:09:50.059971 np0005474935.novalocal cinder-volume[104939]: DEBUG cinder.volume.manager [None req-d4a45d47-f76f-4eec-952b-96e379139538 tempest-AttachVolumeMultiAttachTest-1685780648 None] Task 'cinder.volume.flows.manager.create_volume.ExtractVolumeRefTask;volume:create' (219bf3a7-5b2a-444c-ae7a-40f3a847f287) transitioned into state 'RUNNING' from state 'PENDING' {{(pid=104939) _task_receiver /usr/local/lib/python3.12/site-packages/taskflow/listeners/logging.py:194}}
Oct 07 17:09:50.074654 np0005474935.novalocal cinder-volume[104939]: DEBUG cinder.volume.manager [None req-d4a45d47-f76f-4eec-952b-96e379139538 tempest-AttachVolumeMultiAttachTest-1685780648 None] Task 'cinder.volume.flows.manager.create_volume.ExtractVolumeRefTask;volume:create' (219bf3a7-5b2a-444c-ae7a-40f3a847f287) transitioned into state 'SUCCESS' from state 'RUNNING' with result 'Volume(_name_id=None,admin_metadata=,attach_status='detached',availability_zone='nova',bootable=False,cluster=,cluster_name=None,consistencygroup=,consistencygroup_id=None,created_at=2025-10-07T21:09:49Z,deleted=False,deleted_at=None,display_description=None,display_name='tempest-AttachVolumeMultiAttachTest-volume-338354563',ec2_id=None,encryption_key_id=None,glance_metadata=,group=,group_id=None,host='np0005474935.novalocal@lvmdriver-1#lvmdriver-1',id=331490d7-fb85-4598-b499-8127eb88b839,launched_at=None,metadata={},migration_status=None,multiattach=True,previous_status=None,project_id='36596902e190487ba45ed6bcd02a1c1a',provider_auth=None,provider_geometry=None,provider_id=None,provider_location=None,replication_driver_data=None,replication_extended_status=None,replication_status=None,scheduled_at=2025-10-07T21:09:50Z,service_uuid=None,shared_targets=True,size=1,snapshot_id=None,snapshots=,source_volid=None,status='creating',terminated_at=None,updated_at=2025-10-07T21:09:50Z,use_quota=True,user_id='edff4baef4e94ca593ac531bd3b48e3d',volume_attachment=VolumeAttachmentList,volume_type=VolumeType(81b18d01-d852-4f4c-ab3e-44c44d257c4c),volume_type_id=81b18d01-d852-4f4c-ab3e-44c44d257c4c)' {{(pid=104939) _task_receiver /usr/local/lib/python3.12/site-packages/taskflow/listeners/logging.py:182}}
Oct 07 17:09:50.082572 np0005474935.novalocal cinder-volume[104939]: DEBUG cinder.volume.manager [None req-d4a45d47-f76f-4eec-952b-96e379139538 tempest-AttachVolumeMultiAttachTest-1685780648 None] Task 'cinder.volume.flows.manager.create_volume.OnFailureRescheduleTask;volume:create' (b9ccb8d0-1c99-47f7-95f7-da37e2538b67) transitioned into state 'RUNNING' from state 'PENDING' {{(pid=104939) _task_receiver /usr/local/lib/python3.12/site-packages/taskflow/listeners/logging.py:194}}
Oct 07 17:09:50.086089 np0005474935.novalocal cinder-volume[104939]: DEBUG cinder.volume.manager [None req-d4a45d47-f76f-4eec-952b-96e379139538 tempest-AttachVolumeMultiAttachTest-1685780648 None] Task 'cinder.volume.flows.manager.create_volume.OnFailureRescheduleTask;volume:create' (b9ccb8d0-1c99-47f7-95f7-da37e2538b67) transitioned into state 'SUCCESS' from state 'RUNNING' with result 'None' {{(pid=104939) _task_receiver /usr/local/lib/python3.12/site-packages/taskflow/listeners/logging.py:182}}
Oct 07 17:09:50.092695 np0005474935.novalocal cinder-volume[104939]: DEBUG cinder.volume.manager [None req-d4a45d47-f76f-4eec-952b-96e379139538 tempest-AttachVolumeMultiAttachTest-1685780648 None] Task 'cinder.volume.flows.manager.create_volume.ExtractVolumeSpecTask;volume:create' (97c5370e-a4b8-4aff-a409-0e666d35e295) transitioned into state 'RUNNING' from state 'PENDING' {{(pid=104939) _task_receiver /usr/local/lib/python3.12/site-packages/taskflow/listeners/logging.py:194}}
Oct 07 17:09:50.094514 np0005474935.novalocal cinder-volume[104939]: DEBUG cinder.image.glance [None req-d4a45d47-f76f-4eec-952b-96e379139538 tempest-AttachVolumeMultiAttachTest-1685780648 None] Creating Keystone auth plugin from conf {{(pid=104939) _create_glance_client /opt/stack/cinder/cinder/image/glance.py:128}}
Oct 07 17:09:50.315879 np0005474935.novalocal cinder-volume[104939]: DEBUG cinder.volume.manager [None req-d4a45d47-f76f-4eec-952b-96e379139538 tempest-AttachVolumeMultiAttachTest-1685780648 None] Task 'cinder.volume.flows.manager.create_volume.ExtractVolumeSpecTask;volume:create' (97c5370e-a4b8-4aff-a409-0e666d35e295) transitioned into state 'SUCCESS' from state 'RUNNING' with result '{'status': 'creating', 'type': 'image', 'volume_id': '331490d7-fb85-4598-b499-8127eb88b839', 'volume_name': 'volume-331490d7-fb85-4598-b499-8127eb88b839', 'volume_size': 1, 'image_id': '470af707-0042-467a-bd47-a7aa11a5a05c', 'image_location': (None, [{'url': 'swift+config://ref1/glance/470af707-0042-467a-bd47-a7aa11a5a05c', 'metadata': {}}]), 'image_meta': {'name': 'cirros-0.6.3-x86_64-disk', 'disk_format': 'qcow2', 'container_format': 'bare', 'visibility': 'public', 'size': 21692416, 'virtual_size': 117440512, 'status': 'active', 'checksum': '87617e24a5e30cb3b87fda8c0764838f', 'protected': False, 'min_ram': 0, 'min_disk': 0, 'owner': '3468f88d3d534ad1819b91cf08c05c95', 'os_hidden': False, 'os_hash_algo': 'sha512', 'os_hash_value': '9a9bce0083a00939ec17c11febbfc767aa211aaa54f51e75c5a8b271a9b5637c77205a518b7a2007cb391d23cceb01e0e4e8d64832317151bc85b734b92a7be0', 'id': '470af707-0042-467a-bd47-a7aa11a5a05c', 'created_at': datetime.datetime(2025, 10, 7, 20, 49, 57, tzinfo=datetime.timezone.utc), 'updated_at': datetime.datetime(2025, 10, 7, 20, 50, tzinfo=datetime.timezone.utc), 'tags': [], 'file': '/v2/images/470af707-0042-467a-bd47-a7aa11a5a05c/file', 'properties': {'hw_rng_model': 'virtio', 'owner_specified.openstack.md5': '', 'owner_specified.openstack.sha256': '', 'owner_specified.openstack.object': 'images/cirros-0.6.3-x86_64-disk', 'os_glance_importing_to_stores': '', 'os_glance_failed_import': ''}}, 'image_service': }' {{(pid=104939) _task_receiver /usr/local/lib/python3.12/site-packages/taskflow/listeners/logging.py:182}}
