Oct 07 17:16:15.570749 np0005474935.novalocal cinder-volume[104939]: DEBUG oslo_concurrency.processutils [None req-052334bd-dba2-4e81-a219-dd65336e4282 tempest-VolumesExtendTest-1969512187 None] CMD "sudo cinder-rootwrap /etc/cinder/rootwrap.conf lvchange -a y --yes -k n stack-volumes-lvmdriver-1/volume-028de364-ecdf-486d-9630-c55dbbbfe0dd" returned: 0 in 0.504s {{(pid=104939) execute /usr/local/lib/python3.12/site-packages/oslo_concurrency/processutils.py:372}}
Oct 07 17:16:15.571759 np0005474935.novalocal cinder-volume[104939]: DEBUG cinder.volume.volume_utils [None req-052334bd-dba2-4e81-a219-dd65336e4282 tempest-VolumesExtendTest-1969512187 None] Marking volume 028de364-ecdf-486d-9630-c55dbbbfe0dd as bootable. {{(pid=104939) enable_bootable_flag /opt/stack/cinder/cinder/volume/volume_utils.py:1138}}
Oct 07 17:16:15.583273 np0005474935.novalocal cinder-volume[104939]: DEBUG cinder.volume.flows.manager.create_volume [None req-052334bd-dba2-4e81-a219-dd65336e4282 tempest-VolumesExtendTest-1969512187 None] Copying metadata from image 470af707-0042-467a-bd47-a7aa11a5a05c to 028de364-ecdf-486d-9630-c55dbbbfe0dd. {{(pid=104939) _handle_bootable_volume_glance_meta /opt/stack/cinder/cinder/volume/flows/manager/create_volume.py:450}}
Oct 07 17:16:15.583642 np0005474935.novalocal cinder-volume[104939]: DEBUG cinder.volume.flows.manager.create_volume [None req-052334bd-dba2-4e81-a219-dd65336e4282 tempest-VolumesExtendTest-1969512187 None] Creating volume glance metadata for volume 028de364-ecdf-486d-9630-c55dbbbfe0dd backed by image 470af707-0042-467a-bd47-a7aa11a5a05c with: {'hw_rng_model': 'virtio', 'owner_specified.openstack.md5': '', 'owner_specified.openstack.sha256': '', 'owner_specified.openstack.object': 'images/cirros-0.6.3-x86_64-disk', 'os_glance_importing_to_stores': '', 'os_glance_failed_import': '', 'image_id': '470af707-0042-467a-bd47-a7aa11a5a05c', 'image_name': 'cirros-0.6.3-x86_64-disk', 'checksum': '87617e24a5e30cb3b87fda8c0764838f', 'container_format': 'bare', 'disk_format': 'qcow2', 'min_disk': 0, 'min_ram': 0, 'size': 21692416}. {{(pid=104939) _capture_volume_image_metadata /opt/stack/cinder/cinder/volume/flows/manager/create_volume.py:682}}
Oct 07 17:16:15.650670 np0005474935.novalocal cinder-volume[104939]: DEBUG cinder.volume.manager [None req-052334bd-dba2-4e81-a219-dd65336e4282 tempest-VolumesExtendTest-1969512187 None] Task 'cinder.volume.flows.manager.create_volume.CreateVolumeFromSpecTask;volume:create' (e75af881-e8bc-4f31-be1e-09161c9d2d2a) transitioned into state 'SUCCESS' from state 'RUNNING' with result '{'status': 'creating', 'volume_name': 'volume-028de364-ecdf-486d-9630-c55dbbbfe0dd', 'volume_size': 1, 'image_id': '470af707-0042-467a-bd47-a7aa11a5a05c', 'image_location': (None, [{'url': 'swift+config://ref1/glance/470af707-0042-467a-bd47-a7aa11a5a05c', 'metadata': {}}]), 'image_meta': {'name': 'cirros-0.6.3-x86_64-disk', 'disk_format': 'qcow2', 'container_format': 'bare', 'visibility': 'public', 'size': 21692416, 'virtual_size': 117440512, 'status': 'active', 'checksum': '87617e24a5e30cb3b87fda8c0764838f', 'protected': False, 'min_ram': 0, 'min_disk': 0, 'owner': '3468f88d3d534ad1819b91cf08c05c95', 'os_hidden': False, 'os_hash_algo': 'sha512', 'os_hash_value': '9a9bce0083a00939ec17c11febbfc767aa211aaa54f51e75c5a8b271a9b5637c77205a518b7a2007cb391d23cceb01e0e4e8d64832317151bc85b734b92a7be0', 'id': '470af707-0042-467a-bd47-a7aa11a5a05c', 'created_at': datetime.datetime(2025, 10, 7, 20, 49, 57, tzinfo=datetime.timezone.utc), 'updated_at': datetime.datetime(2025, 10, 7, 20, 50, tzinfo=datetime.timezone.utc), 'tags': [], 'file': '/v2/images/470af707-0042-467a-bd47-a7aa11a5a05c/file', 'properties': {'hw_rng_model': 'virtio', 'owner_specified.openstack.md5': '', 'owner_specified.openstack.sha256': '', 'owner_specified.openstack.object': 'images/cirros-0.6.3-x86_64-disk', 'os_glance_importing_to_stores': '', 'os_glance_failed_import': ''}}, 'image_service': }' {{(pid=104939) _task_receiver /usr/local/lib/python3.12/site-packages/taskflow/listeners/logging.py:182}}
Oct 07 17:16:15.654007 np0005474935.novalocal cinder-volume[104939]: DEBUG cinder.volume.manager [None req-052334bd-dba2-4e81-a219-dd65336e4282 tempest-VolumesExtendTest-1969512187 None] Task 'cinder.volume.flows.manager.create_volume.CreateVolumeOnFinishTask;volume:create, create.end' (1965be1a-d6ff-4c66-b509-65689c812ad6) transitioned into state 'RUNNING' from state 'PENDING' {{(pid=104939) _task_receiver /usr/local/lib/python3.12/site-packages/taskflow/listeners/logging.py:194}}
Oct 07 17:16:15.661163 np0005474935.novalocal cinder-volume[104939]: INFO cinder.volume.flows.manager.create_volume [None req-052334bd-dba2-4e81-a219-dd65336e4282 tempest-VolumesExtendTest-1969512187 None] Volume volume-028de364-ecdf-486d-9630-c55dbbbfe0dd (028de364-ecdf-486d-9630-c55dbbbfe0dd): created successfully
Oct 07 17:16:15.663476 np0005474935.novalocal cinder-volume[104939]: DEBUG cinder.volume.manager [None req-052334bd-dba2-4e81-a219-dd65336e4282 tempest-VolumesExtendTest-1969512187 None] Task 'cinder.volume.flows.manager.create_volume.CreateVolumeOnFinishTask;volume:create, create.end' (1965be1a-d6ff-4c66-b509-65689c812ad6) transitioned into state 'SUCCESS' from state 'RUNNING' with result 'None' {{(pid=104939) _task_receiver /usr/local/lib/python3.12/site-packages/taskflow/listeners/logging.py:182}}
Oct 07 17:16:15.666837 np0005474935.novalocal cinder-volume[104939]: DEBUG cinder.volume.manager [None req-052334bd-dba2-4e81-a219-dd65336e4282 tempest-VolumesExtendTest-1969512187 None] Flow 'volume_create_manager' (b90e8ef6-fabd-4baf-8fe5-32de3d2165c2) transitioned into state 'SUCCESS' from state 'RUNNING' {{(pid=104939) _flow_receiver /usr/local/lib/python3.12/site-packages/taskflow/listeners/logging.py:145}}
Oct 07 17:16:15.672965 np0005474935.novalocal cinder-volume[104939]: INFO cinder.volume.manager [None req-052334bd-dba2-4e81-a219-dd65336e4282 tempest-VolumesExtendTest-1969512187 None] Created volume successfully.
Oct 07 17:16:16.047105 np0005474935.novalocal cinder-volume[104939]: DEBUG oslo_concurrency.processutils [None req-cf2d2f43-e909-4dbe-ba6f-399175cb7ba4 tempest-VolumesExtendTest-1969512187 None] Running cmd (subprocess): sudo cinder-rootwrap /etc/cinder/rootwrap.conf env LC_ALL=C lvdisplay --noheading -C -o Attr --readonly stack-volumes-lvmdriver-1/volume-028de364-ecdf-486d-9630-c55dbbbfe0dd {{(pid=104939) execute /usr/local/lib/python3.12/site-packages/oslo_concurrency/processutils.py:349}}
Oct 07 17:16:16.095428 np0005474935.novalocal sudo[140554]: stack : PWD=/ ; USER=root ; COMMAND=/usr/local/bin/cinder-rootwrap /etc/cinder/rootwrap.conf env LC_ALL=C lvdisplay --noheading -C -o Attr --readonly stack-volumes-lvmdriver-1/volume-028de364-ecdf-486d-9630-c55dbbbfe0dd
Oct 07 17:16:16.488430 np0005474935.novalocal cinder-volume[104939]: DEBUG oslo_concurrency.processutils [None req-cf2d2f43-e909-4dbe-ba6f-399175cb7ba4 tempest-VolumesExtendTest-1969512187 None] CMD "sudo cinder-rootwrap /etc/cinder/rootwrap.conf env LC_ALL=C lvdisplay --noheading -C -o Attr --readonly stack-volumes-lvmdriver-1/volume-028de364-ecdf-486d-9630-c55dbbbfe0dd" returned: 0 in 0.441s {{(pid=104939) execute /usr/local/lib/python3.12/site-packages/oslo_concurrency/processutils.py:372}}
Oct 07 17:16:16.489052 np0005474935.novalocal cinder-volume[104939]: DEBUG oslo_concurrency.processutils [None req-cf2d2f43-e909-4dbe-ba6f-399175cb7ba4 tempest-VolumesExtendTest-1969512187 None] Running cmd (subprocess): sudo cinder-rootwrap /etc/cinder/rootwrap.conf env LC_ALL=C lvextend -L 2g stack-volumes-lvmdriver-1/volume-028de364-ecdf-486d-9630-c55dbbbfe0dd {{(pid=104939) execute /usr/local/lib/python3.12/site-packages/oslo_concurrency/processutils.py:349}}
Oct 07 17:16:16.523657 np0005474935.novalocal sudo[140562]: stack : PWD=/ ; USER=root ; COMMAND=/usr/local/bin/cinder-rootwrap /etc/cinder/rootwrap.conf env LC_ALL=C lvextend -L 2g stack-volumes-lvmdriver-1/volume-028de364-ecdf-486d-9630-c55dbbbfe0dd
Oct 07 17:16:17.084514 np0005474935.novalocal cinder-volume[104939]: DEBUG oslo_concurrency.processutils [None req-cf2d2f43-e909-4dbe-ba6f-399175cb7ba4 tempest-VolumesExtendTest-1969512187 None] CMD "sudo cinder-rootwrap /etc/cinder/rootwrap.conf env LC_ALL=C lvextend -L 2g stack-volumes-lvmdriver-1/volume-028de364-ecdf-486d-9630-c55dbbbfe0dd" returned: 0 in 0.595s {{(pid=104939) execute /usr/local/lib/python3.12/site-packages/oslo_concurrency/processutils.py:372}}
Oct 07 17:16:17.121508 np0005474935.novalocal cinder-volume[104939]: INFO cinder.volume.manager [None req-cf2d2f43-e909-4dbe-ba6f-399175cb7ba4 tempest-VolumesExtendTest-1969512187 None] Extend volume completed successfully.
Oct 07 17:16:17.283243 np0005474935.novalocal cinder-volume[104939]: DEBUG cinder.coordination [None req-6aea096e-3832-408f-9333-4544ebb4e019 tempest-VolumesExtendTest-1969512187 None] Acquiring lock "cinder-028de364-ecdf-486d-9630-c55dbbbfe0dd-delete_volume" by "delete_volume" {{(pid=104939) __acquire /opt/stack/cinder/cinder/coordination.py:143}}
Oct 07 17:16:17.292223 np0005474935.novalocal cinder-volume[104939]: DEBUG cinder.coordination [None req-6aea096e-3832-408f-9333-4544ebb4e019 tempest-VolumesExtendTest-1969512187 None] Lock "cinder-028de364-ecdf-486d-9630-c55dbbbfe0dd-delete_volume" acquired by "delete_volume" :: waited 0.009s {{(pid=104939) __acquire /opt/stack/cinder/cinder/coordination.py:146}}
Oct 07 17:16:17.314375 np0005474935.novalocal cinder-volume[104939]: INFO cinder.volume.targets.iscsi [None req-6aea096e-3832-408f-9333-4544ebb4e019 tempest-VolumesExtendTest-1969512187 None] Skipping remove_export. No iscsi_target is presently exported for volume: 028de364-ecdf-486d-9630-c55dbbbfe0dd
Oct 07 17:16:17.314375 np0005474935.novalocal cinder-volume[104939]: DEBUG oslo_concurrency.processutils [None req-6aea096e-3832-408f-9333-4544ebb4e019 tempest-VolumesExtendTest-1969512187 None] Running cmd (subprocess): sudo cinder-rootwrap /etc/cinder/rootwrap.conf env LC_ALL=C lvs --noheadings --unit=g -o vg_name,name,size --nosuffix --readonly stack-volumes-lvmdriver-1/volume-028de364-ecdf-486d-9630-c55dbbbfe0dd {{(pid=104939) execute /usr/local/lib/python3.12/site-packages/oslo_concurrency/processutils.py:349}}
Oct 07 17:16:17.352381 np0005474935.novalocal sudo[140585]: stack : PWD=/ ; USER=root ; COMMAND=/usr/local/bin/cinder-rootwrap /etc/cinder/rootwrap.conf env LC_ALL=C lvs --noheadings --unit=g -o vg_name,name,size --nosuffix --readonly stack-volumes-lvmdriver-1/volume-028de364-ecdf-486d-9630-c55dbbbfe0dd
Oct 07 17:16:17.725715 np0005474935.novalocal cinder-volume[104939]: DEBUG oslo_concurrency.processutils [None req-6aea096e-3832-408f-9333-4544ebb4e019 tempest-VolumesExtendTest-1969512187 None] CMD "sudo cinder-rootwrap /etc/cinder/rootwrap.conf env LC_ALL=C lvs --noheadings --unit=g -o vg_name,name,size --nosuffix --readonly stack-volumes-lvmdriver-1/volume-028de364-ecdf-486d-9630-c55dbbbfe0dd" returned: 0 in 0.413s {{(pid=104939) execute /usr/local/lib/python3.12/site-packages/oslo_concurrency/processutils.py:372}}
Oct 07 17:16:17.726498 np0005474935.novalocal cinder-volume[104939]: DEBUG oslo_concurrency.processutils [None req-6aea096e-3832-408f-9333-4544ebb4e019 tempest-VolumesExtendTest-1969512187 None] Running cmd (subprocess): sudo cinder-rootwrap /etc/cinder/rootwrap.conf env LC_ALL=C lvdisplay --noheading -C -o Attr --readonly stack-volumes-lvmdriver-1/volume-028de364-ecdf-486d-9630-c55dbbbfe0dd {{(pid=104939) execute /usr/local/lib/python3.12/site-packages/oslo_concurrency/processutils.py:349}}
Oct 07 17:16:17.764760 np0005474935.novalocal sudo[140591]: stack : PWD=/ ; USER=root ; COMMAND=/usr/local/bin/cinder-rootwrap /etc/cinder/rootwrap.conf env LC_ALL=C lvdisplay --noheading -C -o Attr --readonly stack-volumes-lvmdriver-1/volume-028de364-ecdf-486d-9630-c55dbbbfe0dd
Oct 07 17:16:18.143557 np0005474935.novalocal cinder-volume[104939]: DEBUG oslo_concurrency.processutils [None req-6aea096e-3832-408f-9333-4544ebb4e019 tempest-VolumesExtendTest-1969512187 None] CMD "sudo cinder-rootwrap /etc/cinder/rootwrap.conf env LC_ALL=C lvdisplay --noheading -C -o Attr --readonly stack-volumes-lvmdriver-1/volume-028de364-ecdf-486d-9630-c55dbbbfe0dd" returned: 0 in 0.417s {{(pid=104939) execute /usr/local/lib/python3.12/site-packages/oslo_concurrency/processutils.py:372}}
Oct 07 17:16:18.144475 np0005474935.novalocal cinder-volume[104939]: DEBUG oslo_concurrency.processutils [None req-6aea096e-3832-408f-9333-4544ebb4e019 tempest-VolumesExtendTest-1969512187 None] Running cmd (subprocess): sudo cinder-rootwrap /etc/cinder/rootwrap.conf lvremove --config activation { retry_deactivation = 1} -f stack-volumes-lvmdriver-1/volume-028de364-ecdf-486d-9630-c55dbbbfe0dd {{(pid=104939) execute /usr/local/lib/python3.12/site-packages/oslo_concurrency/processutils.py:349}}
Oct 07 17:16:18.174280 np0005474935.novalocal sudo[140596]: stack : PWD=/ ; USER=root ; COMMAND=/usr/local/bin/cinder-rootwrap /etc/cinder/rootwrap.conf lvremove --config 'activation { retry_deactivation = 1} ' -f stack-volumes-lvmdriver-1/volume-028de364-ecdf-486d-9630-c55dbbbfe0dd
Oct 07 17:16:18.626355 np0005474935.novalocal cinder-volume[104939]: DEBUG oslo_concurrency.processutils [None req-6aea096e-3832-408f-9333-4544ebb4e019 tempest-VolumesExtendTest-1969512187 None] CMD "sudo cinder-rootwrap /etc/cinder/rootwrap.conf lvremove --config activation { retry_deactivation = 1} -f stack-volumes-lvmdriver-1/volume-028de364-ecdf-486d-9630-c55dbbbfe0dd" returned: 0 in 0.481s {{(pid=104939) execute /usr/local/lib/python3.12/site-packages/oslo_concurrency/processutils.py:372}}
Oct 07 17:16:18.626355 np0005474935.novalocal cinder-volume[104939]: INFO cinder.volume.drivers.lvm [None req-6aea096e-3832-408f-9333-4544ebb4e019 tempest-VolumesExtendTest-1969512187 None] Successfully deleted volume: 028de364-ecdf-486d-9630-c55dbbbfe0dd
Oct 07 17:16:18.650447 np0005474935.novalocal cinder-volume[104939]: DEBUG cinder.quota [None req-6aea096e-3832-408f-9333-4544ebb4e019 tempest-VolumesExtendTest-1969512187 None] Created reservations ['f1cd521c-64e2-462c-a840-bdb548d8927f', '9def1a30-9b4e-492e-b08c-bec51761aa0e', '43fe3bb7-c23d-406c-9c1a-ebcbca109093', 'dedfefa8-f37c-4e8f-9f89-a76b35721021'] {{(pid=104939) reserve /opt/stack/cinder/cinder/quota.py:752}}
Oct 07 17:16:18.688042 np0005474935.novalocal cinder-volume[104939]: DEBUG cinder.volume.drivers.lvm [None req-6aea096e-3832-408f-9333-4544ebb4e019 tempest-VolumesExtendTest-1969512187 None] Updating volume stats {{(pid=104939) _update_volume_stats /opt/stack/cinder/cinder/volume/drivers/lvm.py:227}}
Oct 07 17:16:18.688366 np0005474935.novalocal cinder-volume[104939]: DEBUG oslo_concurrency.processutils [None req-6aea096e-3832-408f-9333-4544ebb4e019 tempest-VolumesExtendTest-1969512187 None] Running cmd (subprocess): sudo cinder-rootwrap /etc/cinder/rootwrap.conf env LC_ALL=C vgs --noheadings --unit=g -o name,size,free,lv_count,uuid --separator : --nosuffix stack-volumes-lvmdriver-1 {{(pid=104939) execute /usr/local/lib/python3.12/site-packages/oslo_concurrency/processutils.py:349}}
Oct 07 17:16:18.722072 np0005474935.novalocal sudo[140603]: stack : PWD=/ ; USER=root ; COMMAND=/usr/local/bin/cinder-rootwrap /etc/cinder/rootwrap.conf env LC_ALL=C vgs --noheadings --unit=g -o name,size,free,lv_count,uuid --separator : --nosuffix stack-volumes-lvmdriver-1
Oct 07 17:16:19.121109 np0005474935.novalocal cinder-volume[104939]: DEBUG oslo_concurrency.processutils [None req-6aea096e-3832-408f-9333-4544ebb4e019 tempest-VolumesExtendTest-1969512187 None] CMD "sudo cinder-rootwrap /etc/cinder/rootwrap.conf env LC_ALL=C vgs --noheadings --unit=g -o name,size,free,lv_count,uuid --separator : --nosuffix stack-volumes-lvmdriver-1" returned: 0 in 0.432s {{(pid=104939) execute /usr/local/lib/python3.12/site-packages/oslo_concurrency/processutils.py:372}}
Oct 07 17:16:19.121708 np0005474935.novalocal cinder-volume[104939]: DEBUG oslo_concurrency.processutils [None req-6aea096e-3832-408f-9333-4544ebb4e019 tempest-VolumesExtendTest-1969512187 None] Running cmd (subprocess): sudo cinder-rootwrap /etc/cinder/rootwrap.conf env LC_ALL=C lvs --noheadings --unit=g -o vg_name,name,size --nosuffix --readonly stack-volumes-lvmdriver-1 {{(pid=104939) execute /usr/local/lib/python3.12/site-packages/oslo_concurrency/processutils.py:349}}
Oct 07 17:16:19.146661 np0005474935.novalocal sudo[140607]: stack : PWD=/ ; USER=root ; COMMAND=/usr/local/bin/cinder-rootwrap /etc/cinder/rootwrap.conf env LC_ALL=C lvs --noheadings --unit=g -o vg_name,name,size --nosuffix --readonly stack-volumes-lvmdriver-1
Oct 07 17:16:19.586352 np0005474935.novalocal cinder-volume[104939]: DEBUG oslo_concurrency.processutils [None req-6aea096e-3832-408f-9333-4544ebb4e019 tempest-VolumesExtendTest-1969512187 None] CMD "sudo cinder-rootwrap /etc/cinder/rootwrap.conf env LC_ALL=C lvs --noheadings --unit=g -o vg_name,name,size --nosuffix --readonly stack-volumes-lvmdriver-1" returned: 0 in 0.464s {{(pid=104939) execute /usr/local/lib/python3.12/site-packages/oslo_concurrency/processutils.py:372}}
Oct 07 17:16:19.587659 np0005474935.novalocal cinder-volume[104939]: DEBUG oslo_concurrency.processutils [None req-6aea096e-3832-408f-9333-4544ebb4e019 tempest-VolumesExtendTest-1969512187 None] Running cmd (subprocess): sudo cinder-rootwrap /etc/cinder/rootwrap.conf env LC_ALL=C lvs --noheadings --unit=g -o size,data_percent --separator : --nosuffix /dev/stack-volumes-lvmdriver-1/stack-volumes-lvmdriver-1-pool {{(pid=104939) execute /usr/local/lib/python3.12/site-packages/oslo_concurrency/processutils.py:349}}
Oct 07 17:16:19.617400 np0005474935.novalocal sudo[140613]: stack : PWD=/ ; USER=root ; COMMAND=/usr/local/bin/cinder-rootwrap /etc/cinder/rootwrap.conf env LC_ALL=C lvs --noheadings --unit=g -o size,data_percent --separator : --nosuffix /dev/stack-volumes-lvmdriver-1/stack-volumes-lvmdriver-1-pool
Oct 07 17:16:19.690367 np0005474935.novalocal cinder-volume[104939]: DEBUG cinder.volume.flows.manager.create_volume [None req-b0fcac1c-ebc7-4e5f-ac56-e64ed36c1ac8 tempest-VolumesExtendTest-1969512187 None] Volume reschedule parameters: True retry: {'num_attempts': 1, 'backends': ['np0005474935.novalocal@lvmdriver-1#lvmdriver-1'], 'hosts': ['np0005474935.novalocal@lvmdriver-1#lvmdriver-1']} {{(pid=104939) get_flow /opt/stack/cinder/cinder/volume/flows/manager/create_volume.py:1384}}
Oct 07 17:16:19.708637 np0005474935.novalocal cinder-volume[104939]: DEBUG cinder.volume.manager [None req-b0fcac1c-ebc7-4e5f-ac56-e64ed36c1ac8 tempest-VolumesExtendTest-1969512187 None] Flow 'volume_create_manager' (a909925d-79db-42a0-afa2-9ff6add549d4) transitioned into state 'RUNNING' from state 'PENDING' {{(pid=104939) _flow_receiver /usr/local/lib/python3.12/site-packages/taskflow/listeners/logging.py:145}}
Oct 07 17:16:19.711256 np0005474935.novalocal cinder-volume[104939]: DEBUG cinder.volume.manager [None req-b0fcac1c-ebc7-4e5f-ac56-e64ed36c1ac8 tempest-VolumesExtendTest-1969512187 None] Task 'cinder.volume.flows.manager.create_volume.ExtractVolumeRefTask;volume:create' (d05744f7-53ef-4eb8-be6f-1e6dc793f87b) transitioned into state 'RUNNING' from state 'PENDING' {{(pid=104939) _task_receiver /usr/local/lib/python3.12/site-packages/taskflow/listeners/logging.py:194}}
Oct 07 17:16:19.729236 np0005474935.novalocal cinder-volume[104939]: DEBUG cinder.volume.manager [None req-b0fcac1c-ebc7-4e5f-ac56-e64ed36c1ac8 tempest-VolumesExtendTest-1969512187 None] Task 'cinder.volume.flows.manager.create_volume.ExtractVolumeRefTask;volume:create' (d05744f7-53ef-4eb8-be6f-1e6dc793f87b) transitioned into state 'SUCCESS' from state 'RUNNING' with result 'Volume(_name_id=None,admin_metadata=,attach_status='detached',availability_zone='nova',bootable=False,cluster=,cluster_name=None,consistencygroup=,consistencygroup_id=None,created_at=2025-10-07T21:16:19Z,deleted=False,deleted_at=None,display_description=None,display_name='tempest-VolumesExtendTest-Volume-1986809486',ec2_id=None,encryption_key_id=None,glance_metadata=,group=,group_id=None,host='np0005474935.novalocal@lvmdriver-1#lvmdriver-1',id=19fda771-6c64-4bf7-a117-8e060839a8f5,launched_at=None,metadata={},migration_status=None,multiattach=False,previous_status=None,project_id='98ef4d820a66483cbab34f77bd01dc2a',provider_auth=None,provider_geometry=None,provider_id=None,provider_location=None,replication_driver_data=None,replication_extended_status=None,replication_status=None,scheduled_at=2025-10-07T21:16:19Z,service_uuid=None,shared_targets=True,size=1,snapshot_id=None,snapshots=,source_volid=None,status='creating',terminated_at=None,updated_at=2025-10-07T21:16:19Z,use_quota=True,user_id='6615e1c0194c414dad81997daed03664',volume_attachment=VolumeAttachmentList,volume_type=VolumeType(cb5faf91-e3d4-47d3-abe9-b252347dc403),volume_type_id=cb5faf91-e3d4-47d3-abe9-b252347dc403)' {{(pid=104939) _task_receiver /usr/local/lib/python3.12/site-packages/taskflow/listeners/logging.py:182}}
Oct 07 17:16:19.732691 np0005474935.novalocal cinder-volume[104939]: DEBUG cinder.volume.manager [None req-b0fcac1c-ebc7-4e5f-ac56-e64ed36c1ac8 tempest-VolumesExtendTest-1969512187 None] Task 'cinder.volume.flows.manager.create_volume.OnFailureRescheduleTask;volume:create' (b308b1db-47a5-488c-8aa0-135991013621) transitioned into state 'RUNNING' from state 'PENDING' {{(pid=104939) _task_receiver /usr/local/lib/python3.12/site-packages/taskflow/listeners/logging.py:194}}
Oct 07 17:16:19.735606 np0005474935.novalocal cinder-volume[104939]: DEBUG cinder.volume.manager [None req-b0fcac1c-ebc7-4e5f-ac56-e64ed36c1ac8 tempest-VolumesExtendTest-1969512187 None] Task 'cinder.volume.flows.manager.create_volume.OnFailureRescheduleTask;volume:create' (b308b1db-47a5-488c-8aa0-135991013621) transitioned into state 'SUCCESS' from state 'RUNNING' with result 'None' {{(pid=104939) _task_receiver /usr/local/lib/python3.12/site-packages/taskflow/listeners/logging.py:182}}
Oct 07 17:16:19.737737 np0005474935.novalocal cinder-volume[104939]: DEBUG cinder.volume.manager [None req-b0fcac1c-ebc7-4e5f-ac56-e64ed36c1ac8 tempest-VolumesExtendTest-1969512187 None] Task 'cinder.volume.flows.manager.create_volume.ExtractVolumeSpecTask;volume:create' (bbc7bff8-5e0a-4da2-b024-9a1fe4a542d7) transitioned into state 'RUNNING' from state 'PENDING' {{(pid=104939) _task_receiver /usr/local/lib/python3.12/site-packages/taskflow/listeners/logging.py:194}}
Oct 07 17:16:19.740304 np0005474935.novalocal cinder-volume[104939]: DEBUG cinder.volume.manager [None req-b0fcac1c-ebc7-4e5f-ac56-e64ed36c1ac8 tempest-VolumesExtendTest-1969512187 None] Task 'cinder.volume.flows.manager.create_volume.ExtractVolumeSpecTask;volume:create' (bbc7bff8-5e0a-4da2-b024-9a1fe4a542d7) transitioned into state 'SUCCESS' from state 'RUNNING' with result '{'status': 'creating', 'type': 'raw', 'volume_id': '19fda771-6c64-4bf7-a117-8e060839a8f5', 'volume_name': 'volume-19fda771-6c64-4bf7-a117-8e060839a8f5', 'volume_size': 1}' {{(pid=104939) _task_receiver /usr/local/lib/python3.12/site-packages/taskflow/listeners/logging.py:182}}
Oct 07 17:16:19.742580 np0005474935.novalocal cinder-volume[104939]: DEBUG cinder.volume.manager [None req-b0fcac1c-ebc7-4e5f-ac56-e64ed36c1ac8 tempest-VolumesExtendTest-1969512187 None] Task 'cinder.volume.flows.manager.create_volume.NotifyVolumeActionTask;volume:create, create.start' (9ebda036-9a8b-4bcf-a0ac-fad76d27dd4d) transitioned into state 'RUNNING' from state 'PENDING' {{(pid=104939) _task_receiver /usr/local/lib/python3.12/site-packages/taskflow/listeners/logging.py:194}}
Oct 07 17:16:19.747348 np0005474935.novalocal cinder-volume[104939]: DEBUG cinder.volume.manager [None req-b0fcac1c-ebc7-4e5f-ac56-e64ed36c1ac8 tempest-VolumesExtendTest-1969512187 None] Task 'cinder.volume.flows.manager.create_volume.NotifyVolumeActionTask;volume:create, create.start' (9ebda036-9a8b-4bcf-a0ac-fad76d27dd4d) transitioned into state 'SUCCESS' from state 'RUNNING' with result 'None' {{(pid=104939) _task_receiver /usr/local/lib/python3.12/site-packages/taskflow/listeners/logging.py:182}}
Oct 07 17:16:19.747348 np0005474935.novalocal cinder-volume[104939]: DEBUG cinder.volume.manager [None req-b0fcac1c-ebc7-4e5f-ac56-e64ed36c1ac8 tempest-VolumesExtendTest-1969512187 None] Task 'cinder.volume.flows.manager.create_volume.CreateVolumeFromSpecTask;volume:create' (70a68b59-8581-48ac-bba5-ea4b7a2bbc6a) transitioned into state 'RUNNING' from state 'PENDING' {{(pid=104939) _task_receiver /usr/local/lib/python3.12/site-packages/taskflow/listeners/logging.py:194}}
Oct 07 17:16:19.747984 np0005474935.novalocal cinder-volume[104939]: INFO cinder.volume.flows.manager.create_volume [None req-b0fcac1c-ebc7-4e5f-ac56-e64ed36c1ac8 tempest-VolumesExtendTest-1969512187 None] Volume 19fda771-6c64-4bf7-a117-8e060839a8f5: being created as raw with specification: {'status': 'creating', 'volume_name': 'volume-19fda771-6c64-4bf7-a117-8e060839a8f5', 'volume_size': 1}
Oct 07 17:16:19.748775 np0005474935.novalocal cinder-volume[104939]: DEBUG oslo_concurrency.processutils [None req-b0fcac1c-ebc7-4e5f-ac56-e64ed36c1ac8 tempest-VolumesExtendTest-1969512187 None] Running cmd (subprocess): sudo cinder-rootwrap /etc/cinder/rootwrap.conf env LC_ALL=C lvcreate -T -V 1g -n volume-19fda771-6c64-4bf7-a117-8e060839a8f5 stack-volumes-lvmdriver-1/stack-volumes-lvmdriver-1-pool {{(pid=104939) execute /usr/local/lib/python3.12/site-packages/oslo_concurrency/processutils.py:349}}
Oct 07 17:16:19.787200 np0005474935.novalocal sudo[140617]: stack : PWD=/ ; USER=root ; COMMAND=/usr/local/bin/cinder-rootwrap /etc/cinder/rootwrap.conf env LC_ALL=C lvcreate -T -V 1g -n volume-19fda771-6c64-4bf7-a117-8e060839a8f5 stack-volumes-lvmdriver-1/stack-volumes-lvmdriver-1-pool
Oct 07 17:16:20.007192 np0005474935.novalocal cinder-volume[104939]: DEBUG oslo_concurrency.processutils [None req-6aea096e-3832-408f-9333-4544ebb4e019 tempest-VolumesExtendTest-1969512187 None] CMD "sudo cinder-rootwrap /etc/cinder/rootwrap.conf env LC_ALL=C lvs --noheadings --unit=g -o size,data_percent --separator : --nosuffix /dev/stack-volumes-lvmdriver-1/stack-volumes-lvmdriver-1-pool" returned: 0 in 0.419s {{(pid=104939) execute /usr/local/lib/python3.12/site-packages/oslo_concurrency/processutils.py:372}}
Oct 07 17:16:20.008685 np0005474935.novalocal cinder-volume[104939]: DEBUG oslo_concurrency.processutils [None req-6aea096e-3832-408f-9333-4544ebb4e019 tempest-VolumesExtendTest-1969512187 None] Running cmd (subprocess): sudo cinder-rootwrap /etc/cinder/rootwrap.conf env LC_ALL=C lvs --noheadings --unit=g -o vg_name,name,size --nosuffix --readonly stack-volumes-lvmdriver-1 {{(pid=104939) execute /usr/local/lib/python3.12/site-packages/oslo_concurrency/processutils.py:349}}
Oct 07 17:16:20.040125 np0005474935.novalocal sudo[140622]: stack : PWD=/ ; USER=root ; COMMAND=/usr/local/bin/cinder-rootwrap /etc/cinder/rootwrap.conf env LC_ALL=C lvs --noheadings --unit=g -o vg_name,name,size --nosuffix --readonly stack-volumes-lvmdriver-1
Oct 07 17:16:20.353982 np0005474935.novalocal cinder-volume[104939]: DEBUG oslo_concurrency.processutils [None req-b0fcac1c-ebc7-4e5f-ac56-e64ed36c1ac8 tempest-VolumesExtendTest-1969512187 None] CMD "sudo cinder-rootwrap /etc/cinder/rootwrap.conf env LC_ALL=C lvcreate -T -V 1g -n volume-19fda771-6c64-4bf7-a117-8e060839a8f5 stack-volumes-lvmdriver-1/stack-volumes-lvmdriver-1-pool" returned: 0 in 0.605s {{(pid=104939) execute /usr/local/lib/python3.12/site-packages/oslo_concurrency/processutils.py:372}}
Oct 07 17:16:20.356815 np0005474935.novalocal cinder-volume[104939]: DEBUG cinder.volume.manager [None req-b0fcac1c-ebc7-4e5f-ac56-e64ed36c1ac8 tempest-VolumesExtendTest-1969512187 None] Task 'cinder.volume.flows.manager.create_volume.CreateVolumeFromSpecTask;volume:create' (70a68b59-8581-48ac-bba5-ea4b7a2bbc6a) transitioned into state 'SUCCESS' from state 'RUNNING' with result '{'status': 'creating', 'volume_name': 'volume-19fda771-6c64-4bf7-a117-8e060839a8f5', 'volume_size': 1}' {{(pid=104939) _task_receiver /usr/local/lib/python3.12/site-packages/taskflow/listeners/logging.py:182}}
Oct 07 17:16:20.359526 np0005474935.novalocal cinder-volume[104939]: DEBUG cinder.volume.manager [None req-b0fcac1c-ebc7-4e5f-ac56-e64ed36c1ac8 tempest-VolumesExtendTest-1969512187 None] Task 'cinder.volume.flows.manager.create_volume.CreateVolumeOnFinishTask;volume:create, create.end' (41488bf9-0e56-433d-abfa-22018358d714) transitioned into state 'RUNNING' from state 'PENDING' {{(pid=104939) _task_receiver /usr/local/lib/python3.12/site-packages/taskflow/listeners/logging.py:194}}
Oct 07 17:16:20.369190 np0005474935.novalocal cinder-volume[104939]: INFO cinder.volume.flows.manager.create_volume [None req-b0fcac1c-ebc7-4e5f-ac56-e64ed36c1ac8 tempest-VolumesExtendTest-1969512187 None] Volume volume-19fda771-6c64-4bf7-a117-8e060839a8f5 (19fda771-6c64-4bf7-a117-8e060839a8f5): created successfully
Oct 07 17:16:20.371032 np0005474935.novalocal cinder-volume[104939]: DEBUG cinder.volume.manager [None req-b0fcac1c-ebc7-4e5f-ac56-e64ed36c1ac8 tempest-VolumesExtendTest-1969512187 None] Task 'cinder.volume.flows.manager.create_volume.CreateVolumeOnFinishTask;volume:create, create.end' (41488bf9-0e56-433d-abfa-22018358d714) transitioned into state 'SUCCESS' from state 'RUNNING' with result 'None' {{(pid=104939) _task_receiver /usr/local/lib/python3.12/site-packages/taskflow/listeners/logging.py:182}}
Oct 07 17:16:20.373223 np0005474935.novalocal cinder-volume[104939]: DEBUG cinder.volume.manager [None req-b0fcac1c-ebc7-4e5f-ac56-e64ed36c1ac8 tempest-VolumesExtendTest-1969512187 None] Flow 'volume_create_manager' (a909925d-79db-42a0-afa2-9ff6add549d4) transitioned into state 'SUCCESS' from state 'RUNNING' {{(pid=104939) _flow_receiver /usr/local/lib/python3.12/site-packages/taskflow/listeners/logging.py:145}}
Oct 07 17:16:20.384210 np0005474935.novalocal cinder-volume[104939]: INFO cinder.volume.manager [None req-b0fcac1c-ebc7-4e5f-ac56-e64ed36c1ac8 tempest-VolumesExtendTest-1969512187 None] Created volume successfully.
Oct 07 17:16:20.521765 np0005474935.novalocal cinder-volume[104939]: DEBUG oslo_concurrency.processutils [None req-6aea096e-3832-408f-9333-4544ebb4e019 tempest-VolumesExtendTest-1969512187 None] CMD "sudo cinder-rootwrap /etc/cinder/rootwrap.conf env LC_ALL=C lvs --noheadings --unit=g -o vg_name,name,size --nosuffix --readonly stack-volumes-lvmdriver-1" returned: 0 in 0.513s {{(pid=104939) execute /usr/local/lib/python3.12/site-packages/oslo_concurrency/processutils.py:372}}
Oct 07 17:16:20.523075 np0005474935.novalocal cinder-volume[104939]: DEBUG cinder.manager [None req-6aea096e-3832-408f-9333-4544ebb4e019 tempest-VolumesExtendTest-1969512187 None] Notifying Schedulers of capabilities ... {{(pid=104939) _publish_service_capabilities /opt/stack/cinder/cinder/manager.py:202}}
Oct 07 17:16:20.529530 np0005474935.novalocal cinder-volume[104939]: INFO cinder.volume.manager [None req-6aea096e-3832-408f-9333-4544ebb4e019 tempest-VolumesExtendTest-1969512187 None] Deleted volume successfully.
Oct 07 17:16:20.537120 np0005474935.novalocal cinder-volume[104939]: DEBUG cinder.coordination [None req-6aea096e-3832-408f-9333-4544ebb4e019 tempest-VolumesExtendTest-1969512187 None] Lock "cinder-028de364-ecdf-486d-9630-c55dbbbfe0dd-delete_volume" released by "delete_volume" :: held 3.245s {{(pid=104939) __release /opt/stack/cinder/cinder/coordination.py:157}}
Oct 07 17:16:20.924192 np0005474935.novalocal cinder-volume[104939]: DEBUG oslo_concurrency.processutils [None req-1f282e8a-23bf-44a4-8c64-253d918d8086 tempest-VolumesExtendTest-1969512187 None] Running cmd (subprocess): sudo cinder-rootwrap /etc/cinder/rootwrap.conf env LC_ALL=C lvs --noheadings --unit=g -o vg_name,name,size --nosuffix --readonly stack-volumes-lvmdriver-1/volume-19fda771-6c64-4bf7-a117-8e060839a8f5 {{(pid=104939) execute /usr/local/lib/python3.12/site-packages/oslo_concurrency/processutils.py:349}}
Oct 07 17:16:20.982822 np0005474935.novalocal sudo[140635]: stack : PWD=/ ; USER=root ; COMMAND=/usr/local/bin/cinder-rootwrap /etc/cinder/rootwrap.conf env LC_ALL=C lvs --noheadings --unit=g -o vg_name,name,size --nosuffix --readonly stack-volumes-lvmdriver-1/volume-19fda771-6c64-4bf7-a117-8e060839a8f5
Oct 07 17:16:21.374345 np0005474935.novalocal cinder-volume[104939]: DEBUG oslo_concurrency.processutils [None req-1f282e8a-23bf-44a4-8c64-253d918d8086 tempest-VolumesExtendTest-1969512187 None] CMD "sudo cinder-rootwrap /etc/cinder/rootwrap.conf env LC_ALL=C lvs --noheadings --unit=g -o vg_name,name,size --nosuffix --readonly stack-volumes-lvmdriver-1/volume-19fda771-6c64-4bf7-a117-8e060839a8f5" returned: 0 in 0.447s {{(pid=104939) execute /usr/local/lib/python3.12/site-packages/oslo_concurrency/processutils.py:372}}
Oct 07 17:16:21.374345 np0005474935.novalocal cinder-volume[104939]: DEBUG oslo_concurrency.processutils [None req-1f282e8a-23bf-44a4-8c64-253d918d8086 tempest-VolumesExtendTest-1969512187 None] Running cmd (subprocess): sudo cinder-rootwrap /etc/cinder/rootwrap.conf env LC_ALL=C lvcreate --name _snapshot-63715a77-8fbf-487b-a4ec-a034a842b838 --snapshot stack-volumes-lvmdriver-1/volume-19fda771-6c64-4bf7-a117-8e060839a8f5 {{(pid=104939) execute /usr/local/lib/python3.12/site-packages/oslo_concurrency/processutils.py:349}}
Oct 07 17:16:21.400969 np0005474935.novalocal sudo[140660]: stack : PWD=/ ; USER=root ; COMMAND=/usr/local/bin/cinder-rootwrap /etc/cinder/rootwrap.conf env LC_ALL=C lvcreate --name _snapshot-63715a77-8fbf-487b-a4ec-a034a842b838 --snapshot stack-volumes-lvmdriver-1/volume-19fda771-6c64-4bf7-a117-8e060839a8f5
Oct 07 17:16:21.517974 np0005474935.novalocal cinder-volume[104939]: DEBUG oslo_service.periodic_task [None req-5f16bf2a-91e7-4468-9de3-024bc853bf51 None None] Running periodic task VolumeManager.publish_service_capabilities {{(pid=104939) run_periodic_tasks /usr/local/lib/python3.12/site-packages/oslo_service/periodic_task.py:210}}
Oct 07 17:16:21.518253 np0005474935.novalocal cinder-volume[104939]: DEBUG cinder.volume.drivers.lvm [None req-5f16bf2a-91e7-4468-9de3-024bc853bf51 None None] Updating volume stats {{(pid=104939) _update_volume_stats /opt/stack/cinder/cinder/volume/drivers/lvm.py:227}}
Oct 07 17:16:21.518651 np0005474935.novalocal cinder-volume[104939]: DEBUG oslo_concurrency.processutils [None req-5f16bf2a-91e7-4468-9de3-024bc853bf51 None None] Running cmd (subprocess): sudo cinder-rootwrap /etc/cinder/rootwrap.conf env LC_ALL=C vgs --noheadings --unit=g -o name,size,free,lv_count,uuid --separator : --nosuffix stack-volumes-lvmdriver-1 {{(pid=104939) execute /usr/local/lib/python3.12/site-packages/oslo_concurrency/processutils.py:349}}
Oct 07 17:16:21.555794 np0005474935.novalocal sudo[140677]: stack : PWD=/ ; USER=root ; COMMAND=/usr/local/bin/cinder-rootwrap /etc/cinder/rootwrap.conf env LC_ALL=C vgs --noheadings --unit=g -o name,size,free,lv_count,uuid --separator : --nosuffix stack-volumes-lvmdriver-1
Oct 07 17:16:21.864690 np0005474935.novalocal cinder-volume[104939]: DEBUG oslo_concurrency.processutils [None req-1f282e8a-23bf-44a4-8c64-253d918d8086 tempest-VolumesExtendTest-1969512187 None] CMD "sudo cinder-rootwrap /etc/cinder/rootwrap.conf env LC_ALL=C lvcreate --name _snapshot-63715a77-8fbf-487b-a4ec-a034a842b838 --snapshot stack-volumes-lvmdriver-1/volume-19fda771-6c64-4bf7-a117-8e060839a8f5" returned: 0 in 0.491s {{(pid=104939) execute /usr/local/lib/python3.12/site-packages/oslo_concurrency/processutils.py:372}}
Oct 07 17:16:21.882151 np0005474935.novalocal cinder-volume[104939]: INFO cinder.volume.manager [None req-1f282e8a-23bf-44a4-8c64-253d918d8086 tempest-VolumesExtendTest-1969512187 None] Create snapshot completed successfully
Oct 07 17:16:21.925866 np0005474935.novalocal cinder-volume[104939]: DEBUG oslo_concurrency.processutils [None req-5f16bf2a-91e7-4468-9de3-024bc853bf51 None None] CMD "sudo cinder-rootwrap /etc/cinder/rootwrap.conf env LC_ALL=C vgs --noheadings --unit=g -o name,size,free,lv_count,uuid --separator : --nosuffix stack-volumes-lvmdriver-1" returned: 0 in 0.407s {{(pid=104939) execute /usr/local/lib/python3.12/site-packages/oslo_concurrency/processutils.py:372}}
Oct 07 17:16:21.926726 np0005474935.novalocal cinder-volume[104939]: DEBUG oslo_concurrency.processutils [None req-5f16bf2a-91e7-4468-9de3-024bc853bf51 None None] Running cmd (subprocess): sudo cinder-rootwrap /etc/cinder/rootwrap.conf env LC_ALL=C lvs --noheadings --unit=g -o vg_name,name,size --nosuffix --readonly stack-volumes-lvmdriver-1 {{(pid=104939) execute /usr/local/lib/python3.12/site-packages/oslo_concurrency/processutils.py:349}}
Oct 07 17:16:21.967585 np0005474935.novalocal sudo[140690]: stack : PWD=/ ; USER=root ; COMMAND=/usr/local/bin/cinder-rootwrap /etc/cinder/rootwrap.conf env LC_ALL=C lvs --noheadings --unit=g -o vg_name,name,size --nosuffix --readonly stack-volumes-lvmdriver-1
Oct 07 17:16:22.060190 np0005474935.novalocal cinder-volume[104939]: DEBUG oslo_concurrency.processutils [None req-a0935b9d-25c9-4af7-ada8-6b4591a9316d tempest-VolumesExtendTest-1969512187 None] Running cmd (subprocess): sudo cinder-rootwrap /etc/cinder/rootwrap.conf env LC_ALL=C lvdisplay --noheading -C -o Attr --readonly stack-volumes-lvmdriver-1/volume-19fda771-6c64-4bf7-a117-8e060839a8f5 {{(pid=104939) execute /usr/local/lib/python3.12/site-packages/oslo_concurrency/processutils.py:349}}
Oct 07 17:16:22.128511 np0005474935.novalocal sudo[140695]: stack : PWD=/ ; USER=root ; COMMAND=/usr/local/bin/cinder-rootwrap /etc/cinder/rootwrap.conf env LC_ALL=C lvdisplay --noheading -C -o Attr --readonly stack-volumes-lvmdriver-1/volume-19fda771-6c64-4bf7-a117-8e060839a8f5
Oct 07 17:16:22.359950 np0005474935.novalocal cinder-volume[104939]: DEBUG oslo_concurrency.processutils [None req-5f16bf2a-91e7-4468-9de3-024bc853bf51 None None] CMD "sudo cinder-rootwrap /etc/cinder/rootwrap.conf env LC_ALL=C lvs --noheadings --unit=g -o vg_name,name,size --nosuffix --readonly stack-volumes-lvmdriver-1" returned: 0 in 0.433s {{(pid=104939) execute /usr/local/lib/python3.12/site-packages/oslo_concurrency/processutils.py:372}}
Oct 07 17:16:22.360599 np0005474935.novalocal cinder-volume[104939]: DEBUG oslo_concurrency.processutils [None req-5f16bf2a-91e7-4468-9de3-024bc853bf51 None None] Running cmd (subprocess): sudo cinder-rootwrap /etc/cinder/rootwrap.conf env LC_ALL=C lvs --noheadings --unit=g -o size,data_percent --separator : --nosuffix /dev/stack-volumes-lvmdriver-1/stack-volumes-lvmdriver-1-pool {{(pid=104939) execute /usr/local/lib/python3.12/site-packages/oslo_concurrency/processutils.py:349}}
Oct 07 17:16:22.395250 np0005474935.novalocal sudo[140701]: stack : PWD=/ ; USER=root ; COMMAND=/usr/local/bin/cinder-rootwrap /etc/cinder/rootwrap.conf env LC_ALL=C lvs --noheadings --unit=g -o size,data_percent --separator : --nosuffix /dev/stack-volumes-lvmdriver-1/stack-volumes-lvmdriver-1-pool
Oct 07 17:16:22.533058 np0005474935.novalocal cinder-volume[104939]: DEBUG oslo_concurrency.processutils [None req-a0935b9d-25c9-4af7-ada8-6b4591a9316d tempest-VolumesExtendTest-1969512187 None] CMD "sudo cinder-rootwrap /etc/cinder/rootwrap.conf env LC_ALL=C lvdisplay --noheading -C -o Attr --readonly stack-volumes-lvmdriver-1/volume-19fda771-6c64-4bf7-a117-8e060839a8f5" returned: 0 in 0.473s {{(pid=104939) execute /usr/local/lib/python3.12/site-packages/oslo_concurrency/processutils.py:372}}
Oct 07 17:16:22.534232 np0005474935.novalocal cinder-volume[104939]: DEBUG oslo_concurrency.processutils [None req-a0935b9d-25c9-4af7-ada8-6b4591a9316d tempest-VolumesExtendTest-1969512187 None] Running cmd (subprocess): sudo cinder-rootwrap /etc/cinder/rootwrap.conf env LC_ALL=C lvextend -L 2g stack-volumes-lvmdriver-1/volume-19fda771-6c64-4bf7-a117-8e060839a8f5 {{(pid=104939) execute /usr/local/lib/python3.12/site-packages/oslo_concurrency/processutils.py:349}}
Oct 07 17:16:22.574675 np0005474935.novalocal sudo[140706]: stack : PWD=/ ; USER=root ; COMMAND=/usr/local/bin/cinder-rootwrap /etc/cinder/rootwrap.conf env LC_ALL=C lvextend -L 2g stack-volumes-lvmdriver-1/volume-19fda771-6c64-4bf7-a117-8e060839a8f5
Oct 07 17:16:22.773754 np0005474935.novalocal cinder-volume[104939]: DEBUG oslo_concurrency.processutils [None req-5f16bf2a-91e7-4468-9de3-024bc853bf51 None None] CMD "sudo cinder-rootwrap /etc/cinder/rootwrap.conf env LC_ALL=C lvs --noheadings --unit=g -o size,data_percent --separator : --nosuffix /dev/stack-volumes-lvmdriver-1/stack-volumes-lvmdriver-1-pool" returned: 0 in 0.412s {{(pid=104939) execute /usr/local/lib/python3.12/site-packages/oslo_concurrency/processutils.py:372}}
Oct 07 17:16:22.775547 np0005474935.novalocal cinder-volume[104939]: DEBUG oslo_concurrency.processutils [None req-5f16bf2a-91e7-4468-9de3-024bc853bf51 None None] Running cmd (subprocess): sudo cinder-rootwrap /etc/cinder/rootwrap.conf env LC_ALL=C lvs --noheadings --unit=g -o vg_name,name,size --nosuffix --readonly stack-volumes-lvmdriver-1 {{(pid=104939) execute /usr/local/lib/python3.12/site-packages/oslo_concurrency/processutils.py:349}}
Oct 07 17:16:22.821065 np0005474935.novalocal sudo[140712]: stack : PWD=/ ; USER=root ; COMMAND=/usr/local/bin/cinder-rootwrap /etc/cinder/rootwrap.conf env LC_ALL=C lvs --noheadings --unit=g -o vg_name,name,size --nosuffix --readonly stack-volumes-lvmdriver-1
Oct 07 17:16:23.160794 np0005474935.novalocal cinder-volume[104939]: DEBUG oslo_concurrency.processutils [None req-a0935b9d-25c9-4af7-ada8-6b4591a9316d tempest-VolumesExtendTest-1969512187 None] CMD "sudo cinder-rootwrap /etc/cinder/rootwrap.conf env LC_ALL=C lvextend -L 2g stack-volumes-lvmdriver-1/volume-19fda771-6c64-4bf7-a117-8e060839a8f5" returned: 0 in 0.626s {{(pid=104939) execute /usr/local/lib/python3.12/site-packages/oslo_concurrency/processutils.py:372}}
Oct 07 17:16:23.185542 np0005474935.novalocal cinder-volume[104939]: DEBUG oslo_concurrency.processutils [None req-5f16bf2a-91e7-4468-9de3-024bc853bf51 None None] CMD "sudo cinder-rootwrap /etc/cinder/rootwrap.conf env LC_ALL=C lvs --noheadings --unit=g -o vg_name,name,size --nosuffix --readonly stack-volumes-lvmdriver-1" returned: 0 in 0.410s {{(pid=104939) execute /usr/local/lib/python3.12/site-packages/oslo_concurrency/processutils.py:372}}
Oct 07 17:16:23.186186 np0005474935.novalocal cinder-volume[104939]: DEBUG cinder.manager [None req-5f16bf2a-91e7-4468-9de3-024bc853bf51 None None] Notifying Schedulers of capabilities ... {{(pid=104939) _publish_service_capabilities /opt/stack/cinder/cinder/manager.py:202}}
Oct 07 17:16:23.197221 np0005474935.novalocal cinder-volume[104939]: INFO cinder.volume.manager [None req-a0935b9d-25c9-4af7-ada8-6b4591a9316d tempest-VolumesExtendTest-1969512187 None] Extend volume completed successfully.
Oct 07 17:16:24.314100 np0005474935.novalocal cinder-volume[104939]: DEBUG cinder.coordination [None req-5da402e4-3762-48c4-810b-60a334b784a1 tempest-VolumesExtendTest-1969512187 None] Acquiring lock "cinder-63715a77-8fbf-487b-a4ec-a034a842b838-delete_snapshot" by "delete_snapshot" {{(pid=104939) __acquire /opt/stack/cinder/cinder/coordination.py:143}}
Oct 07 17:16:24.325573 np0005474935.novalocal cinder-volume[104939]: DEBUG cinder.coordination [None req-5da402e4-3762-48c4-810b-60a334b784a1 tempest-VolumesExtendTest-1969512187 None] Lock "cinder-63715a77-8fbf-487b-a4ec-a034a842b838-delete_snapshot" acquired by "delete_snapshot" :: waited 0.011s {{(pid=104939) __acquire /opt/stack/cinder/cinder/coordination.py:146}}
Oct 07 17:16:24.329514 np0005474935.novalocal cinder-volume[104939]: DEBUG oslo_concurrency.processutils [None req-5da402e4-3762-48c4-810b-60a334b784a1 tempest-VolumesExtendTest-1969512187 None] Running cmd (subprocess): sudo cinder-rootwrap /etc/cinder/rootwrap.conf env LC_ALL=C lvs --noheadings --unit=g -o vg_name,name,size --nosuffix --readonly stack-volumes-lvmdriver-1/_snapshot-63715a77-8fbf-487b-a4ec-a034a842b838 {{(pid=104939) execute /usr/local/lib/python3.12/site-packages/oslo_concurrency/processutils.py:349}}
Oct 07 17:16:24.363968 np0005474935.novalocal sudo[140734]: stack : PWD=/ ; USER=root ; COMMAND=/usr/local/bin/cinder-rootwrap /etc/cinder/rootwrap.conf env LC_ALL=C lvs --noheadings --unit=g -o vg_name,name,size --nosuffix --readonly stack-volumes-lvmdriver-1/_snapshot-63715a77-8fbf-487b-a4ec-a034a842b838
Oct 07 17:16:24.757294 np0005474935.novalocal cinder-volume[104939]: DEBUG oslo_concurrency.processutils [None req-5da402e4-3762-48c4-810b-60a334b784a1 tempest-VolumesExtendTest-1969512187 None] CMD "sudo cinder-rootwrap /etc/cinder/rootwrap.conf env LC_ALL=C lvs --noheadings --unit=g -o vg_name,name,size --nosuffix --readonly stack-volumes-lvmdriver-1/_snapshot-63715a77-8fbf-487b-a4ec-a034a842b838" returned: 0 in 0.428s {{(pid=104939) execute /usr/local/lib/python3.12/site-packages/oslo_concurrency/processutils.py:372}}
Oct 07 17:16:24.758156 np0005474935.novalocal cinder-volume[104939]: DEBUG oslo_concurrency.processutils [None req-5da402e4-3762-48c4-810b-60a334b784a1 tempest-VolumesExtendTest-1969512187 None] Running cmd (subprocess): sudo cinder-rootwrap /etc/cinder/rootwrap.conf lvremove --config activation { retry_deactivation = 1} -f stack-volumes-lvmdriver-1/_snapshot-63715a77-8fbf-487b-a4ec-a034a842b838 {{(pid=104939) execute /usr/local/lib/python3.12/site-packages/oslo_concurrency/processutils.py:349}}
Oct 07 17:16:24.780981 np0005474935.novalocal sudo[140739]: stack : PWD=/ ; USER=root ; COMMAND=/usr/local/bin/cinder-rootwrap /etc/cinder/rootwrap.conf lvremove --config 'activation { retry_deactivation = 1} ' -f stack-volumes-lvmdriver-1/_snapshot-63715a77-8fbf-487b-a4ec-a034a842b838
Oct 07 17:16:25.219091 np0005474935.novalocal cinder-volume[104939]: DEBUG oslo_concurrency.processutils [None req-5da402e4-3762-48c4-810b-60a334b784a1 tempest-VolumesExtendTest-1969512187 None] CMD "sudo cinder-rootwrap /etc/cinder/rootwrap.conf lvremove --config activation { retry_deactivation = 1} -f stack-volumes-lvmdriver-1/_snapshot-63715a77-8fbf-487b-a4ec-a034a842b838" returned: 0 in 0.460s {{(pid=104939) execute /usr/local/lib/python3.12/site-packages/oslo_concurrency/processutils.py:372}}
Oct 07 17:16:25.268927 np0005474935.novalocal cinder-volume[104939]: DEBUG cinder.quota [None req-5da402e4-3762-48c4-810b-60a334b784a1 tempest-VolumesExtendTest-1969512187 None] Created reservations ['587acb41-e818-4149-9525-abc97018b9ea', 'a29bb714-785f-453a-9566-477c9398b70e', '5c4124ff-a5d5-4751-93b1-5eed068b6706', '6fd4d571-1651-4fa9-ab2b-f513ba59d41e'] {{(pid=104939) reserve /opt/stack/cinder/cinder/quota.py:752}}
Oct 07 17:16:25.306814 np0005474935.novalocal cinder-volume[104939]: INFO cinder.volume.manager [None req-5da402e4-3762-48c4-810b-60a334b784a1 tempest-VolumesExtendTest-1969512187 None] Delete snapshot completed successfully.
Oct 07 17:16:25.311711 np0005474935.novalocal cinder-volume[104939]: DEBUG cinder.coordination [None req-5da402e4-3762-48c4-810b-60a334b784a1 tempest-VolumesExtendTest-1969512187 None] Lock "cinder-63715a77-8fbf-487b-a4ec-a034a842b838-delete_snapshot" released by "delete_snapshot" :: held 0.987s {{(pid=104939) __release /opt/stack/cinder/cinder/coordination.py:157}}
Oct 07 17:16:25.444896 np0005474935.novalocal cinder-volume[104939]: DEBUG cinder.coordination [None req-df08b1fb-bbd0-4161-80a4-00663768c962 tempest-VolumesExtendTest-1969512187 None] Acquiring lock "cinder-19fda771-6c64-4bf7-a117-8e060839a8f5-delete_volume" by "delete_volume" {{(pid=104939) __acquire /opt/stack/cinder/cinder/coordination.py:143}}
Oct 07 17:16:25.452935 np0005474935.novalocal cinder-volume[104939]: DEBUG cinder.coordination [None req-df08b1fb-bbd0-4161-80a4-00663768c962 tempest-VolumesExtendTest-1969512187 None] Lock "cinder-19fda771-6c64-4bf7-a117-8e060839a8f5-delete_volume" acquired by "delete_volume" :: waited 0.008s {{(pid=104939) __acquire /opt/stack/cinder/cinder/coordination.py:146}}
Oct 07 17:16:25.471505 np0005474935.novalocal cinder-volume[104939]: INFO cinder.volume.targets.iscsi [None req-df08b1fb-bbd0-4161-80a4-00663768c962 tempest-VolumesExtendTest-1969512187 None] Skipping remove_export. No iscsi_target is presently exported for volume: 19fda771-6c64-4bf7-a117-8e060839a8f5
Oct 07 17:16:25.472280 np0005474935.novalocal cinder-volume[104939]: DEBUG oslo_concurrency.processutils [None req-df08b1fb-bbd0-4161-80a4-00663768c962 tempest-VolumesExtendTest-1969512187 None] Running cmd (subprocess): sudo cinder-rootwrap /etc/cinder/rootwrap.conf env LC_ALL=C lvs --noheadings --unit=g -o vg_name,name,size --nosuffix --readonly stack-volumes-lvmdriver-1/volume-19fda771-6c64-4bf7-a117-8e060839a8f5 {{(pid=104939) execute /usr/local/lib/python3.12/site-packages/oslo_concurrency/processutils.py:349}}
Oct 07 17:16:25.511879 np0005474935.novalocal sudo[140745]: stack : PWD=/ ; USER=root ; COMMAND=/usr/local/bin/cinder-rootwrap /etc/cinder/rootwrap.conf env LC_ALL=C lvs --noheadings --unit=g -o vg_name,name,size --nosuffix --readonly stack-volumes-lvmdriver-1/volume-19fda771-6c64-4bf7-a117-8e060839a8f5
Oct 07 17:16:25.931070 np0005474935.novalocal cinder-volume[104939]: DEBUG oslo_concurrency.processutils [None req-df08b1fb-bbd0-4161-80a4-00663768c962 tempest-VolumesExtendTest-1969512187 None] CMD "sudo cinder-rootwrap /etc/cinder/rootwrap.conf env LC_ALL=C lvs --noheadings --unit=g -o vg_name,name,size --nosuffix --readonly stack-volumes-lvmdriver-1/volume-19fda771-6c64-4bf7-a117-8e060839a8f5" returned: 0 in 0.458s {{(pid=104939) execute /usr/local/lib/python3.12/site-packages/oslo_concurrency/processutils.py:372}}
Oct 07 17:16:25.932442 np0005474935.novalocal cinder-volume[104939]: DEBUG oslo_concurrency.processutils [None req-df08b1fb-bbd0-4161-80a4-00663768c962 tempest-VolumesExtendTest-1969512187 None] Running cmd (subprocess): sudo cinder-rootwrap /etc/cinder/rootwrap.conf env LC_ALL=C lvdisplay --noheading -C -o Attr --readonly stack-volumes-lvmdriver-1/volume-19fda771-6c64-4bf7-a117-8e060839a8f5 {{(pid=104939) execute /usr/local/lib/python3.12/site-packages/oslo_concurrency/processutils.py:349}}
