Oct 07 17:15:45.223501 np0005474935.novalocal cinder-volume[104939]: DEBUG oslo_concurrency.lockutils [None req-971bd1ec-2a87-45a8-ae04-1df248a7a1fe tempest-VolumesBackupsV39Test-1194639260 None] Lock "lioadm" acquired by "cinder.volume.targets.lio.LioAdm._execute" :: waited 0.000s {{(pid=104939) inner /usr/local/lib/python3.12/site-packages/oslo_concurrency/lockutils.py:410}}
Oct 07 17:15:45.223501 np0005474935.novalocal cinder-volume[104939]: DEBUG oslo_concurrency.processutils [None req-971bd1ec-2a87-45a8-ae04-1df248a7a1fe tempest-VolumesBackupsV39Test-1194639260 None] Running cmd (subprocess): sudo cinder-rootwrap /etc/cinder/rootwrap.conf cinder-rtstool add-initiator iqn.2010-10.org.openstack:volume-eb44c84c-78d6-40a0-b17d-2268f817a3d5 X534e2g5R9CZm3nGouKB WCg2u3mAeA8Va53p iqn.1994-05.com.redhat:1ec65087f188 {{(pid=104939) execute /usr/local/lib/python3.12/site-packages/oslo_concurrency/processutils.py:349}}
Oct 07 17:15:45.254164 np0005474935.novalocal sudo[139626]: stack : PWD=/ ; USER=root ; COMMAND=/usr/local/bin/cinder-rootwrap /etc/cinder/rootwrap.conf cinder-rtstool add-initiator iqn.2010-10.org.openstack:volume-eb44c84c-78d6-40a0-b17d-2268f817a3d5 X534e2g5R9CZm3nGouKB WCg2u3mAeA8Va53p iqn.1994-05.com.redhat:1ec65087f188
Oct 07 17:15:45.875087 np0005474935.novalocal cinder-volume[104939]: DEBUG oslo_concurrency.processutils [None req-971bd1ec-2a87-45a8-ae04-1df248a7a1fe tempest-VolumesBackupsV39Test-1194639260 None] CMD "sudo cinder-rootwrap /etc/cinder/rootwrap.conf cinder-rtstool add-initiator iqn.2010-10.org.openstack:volume-eb44c84c-78d6-40a0-b17d-2268f817a3d5 X534e2g5R9CZm3nGouKB WCg2u3mAeA8Va53p iqn.1994-05.com.redhat:1ec65087f188" returned: 0 in 0.647s {{(pid=104939) execute /usr/local/lib/python3.12/site-packages/oslo_concurrency/processutils.py:372}}
Oct 07 17:15:45.875087 np0005474935.novalocal cinder-volume[104939]: DEBUG oslo_concurrency.lockutils [None req-971bd1ec-2a87-45a8-ae04-1df248a7a1fe tempest-VolumesBackupsV39Test-1194639260 None] Lock "lioadm" "released" by "cinder.volume.targets.lio.LioAdm._execute" :: held 0.649s {{(pid=104939) inner /usr/local/lib/python3.12/site-packages/oslo_concurrency/lockutils.py:424}}
Oct 07 17:15:45.876660 np0005474935.novalocal cinder-volume[104939]: DEBUG oslo_concurrency.lockutils [None req-971bd1ec-2a87-45a8-ae04-1df248a7a1fe tempest-VolumesBackupsV39Test-1194639260 None] Acquiring lock "lioadm" by "cinder.volume.targets.lio.LioAdm._execute" {{(pid=104939) inner /usr/local/lib/python3.12/site-packages/oslo_concurrency/lockutils.py:405}}
Oct 07 17:15:45.877373 np0005474935.novalocal cinder-volume[104939]: DEBUG oslo_concurrency.lockutils [None req-971bd1ec-2a87-45a8-ae04-1df248a7a1fe tempest-VolumesBackupsV39Test-1194639260 None] Lock "lioadm" acquired by "cinder.volume.targets.lio.LioAdm._execute" :: waited 0.007s {{(pid=104939) inner /usr/local/lib/python3.12/site-packages/oslo_concurrency/lockutils.py:410}}
Oct 07 17:15:45.877653 np0005474935.novalocal cinder-volume[104939]: DEBUG oslo_concurrency.processutils [None req-971bd1ec-2a87-45a8-ae04-1df248a7a1fe tempest-VolumesBackupsV39Test-1194639260 None] Running cmd (subprocess): sudo cinder-rootwrap /etc/cinder/rootwrap.conf cinder-rtstool save {{(pid=104939) execute /usr/local/lib/python3.12/site-packages/oslo_concurrency/processutils.py:349}}
Oct 07 17:15:45.905369 np0005474935.novalocal sudo[139671]: stack : PWD=/ ; USER=root ; COMMAND=/usr/local/bin/cinder-rootwrap /etc/cinder/rootwrap.conf cinder-rtstool save
Oct 07 17:15:46.540123 np0005474935.novalocal cinder-volume[104939]: DEBUG oslo_concurrency.processutils [None req-971bd1ec-2a87-45a8-ae04-1df248a7a1fe tempest-VolumesBackupsV39Test-1194639260 None] CMD "sudo cinder-rootwrap /etc/cinder/rootwrap.conf cinder-rtstool save" returned: 0 in 0.662s {{(pid=104939) execute /usr/local/lib/python3.12/site-packages/oslo_concurrency/processutils.py:372}}
Oct 07 17:15:46.541407 np0005474935.novalocal cinder-volume[104939]: DEBUG oslo_concurrency.lockutils [None req-971bd1ec-2a87-45a8-ae04-1df248a7a1fe tempest-VolumesBackupsV39Test-1194639260 None] Lock "lioadm" "released" by "cinder.volume.targets.lio.LioAdm._execute" :: held 0.663s {{(pid=104939) inner /usr/local/lib/python3.12/site-packages/oslo_concurrency/lockutils.py:424}}
Oct 07 17:15:46.552777 np0005474935.novalocal cinder-volume[104939]: INFO cinder.volume.manager [None req-971bd1ec-2a87-45a8-ae04-1df248a7a1fe tempest-VolumesBackupsV39Test-1194639260 None] Initialize volume connection completed successfully.
Oct 07 17:15:53.200035 np0005474935.novalocal cinder-volume[104939]: DEBUG dbcounter [-] [104939] Writing DB stats cinder:SELECT=46,cinder:INSERT=13,cinder:UPDATE=15,cinder:DELETE=2 {{(pid=104939) stat_writer /usr/local/lib/python3.12/site-packages/dbcounter.py:115}}
Oct 07 17:15:54.493257 np0005474935.novalocal cinder-volume[104939]: DEBUG dbcounter [-] [104939] Writing DB stats cinder:SELECT=35,cinder:INSERT=7,cinder:UPDATE=24,cinder:DELETE=1 {{(pid=104939) stat_writer /usr/local/lib/python3.12/site-packages/dbcounter.py:115}}
Oct 07 17:15:54.517957 np0005474935.novalocal cinder-volume[104939]: DEBUG oslo_concurrency.processutils [req-e2e714d9-7b31-4e9c-b4ed-a4728bfe3c04 req-6b94a907-94d9-40cf-a9ad-c5891c918495 tempest-AttachVolumeMultiAttachTest-1685780648 None] Running cmd (subprocess): sudo cinder-rootwrap /etc/cinder/rootwrap.conf env LC_ALL=C lvs --noheadings --unit=g -o vg_name,name,size --nosuffix --readonly stack-volumes-lvmdriver-1/volume-0900cc30-251c-4e73-b6c8-c3840a7a0f16 {{(pid=104939) execute /usr/local/lib/python3.12/site-packages/oslo_concurrency/processutils.py:349}}
Oct 07 17:15:54.603648 np0005474935.novalocal sudo[139900]: stack : PWD=/ ; USER=root ; COMMAND=/usr/local/bin/cinder-rootwrap /etc/cinder/rootwrap.conf env LC_ALL=C lvs --noheadings --unit=g -o vg_name,name,size --nosuffix --readonly stack-volumes-lvmdriver-1/volume-0900cc30-251c-4e73-b6c8-c3840a7a0f16
Oct 07 17:15:55.065005 np0005474935.novalocal cinder-volume[104939]: DEBUG oslo_concurrency.processutils [req-e2e714d9-7b31-4e9c-b4ed-a4728bfe3c04 req-6b94a907-94d9-40cf-a9ad-c5891c918495 tempest-AttachVolumeMultiAttachTest-1685780648 None] CMD "sudo cinder-rootwrap /etc/cinder/rootwrap.conf env LC_ALL=C lvs --noheadings --unit=g -o vg_name,name,size --nosuffix --readonly stack-volumes-lvmdriver-1/volume-0900cc30-251c-4e73-b6c8-c3840a7a0f16" returned: 0 in 0.547s {{(pid=104939) execute /usr/local/lib/python3.12/site-packages/oslo_concurrency/processutils.py:372}}
Oct 07 17:15:55.065559 np0005474935.novalocal cinder-volume[104939]: DEBUG oslo_concurrency.processutils [req-e2e714d9-7b31-4e9c-b4ed-a4728bfe3c04 req-6b94a907-94d9-40cf-a9ad-c5891c918495 tempest-AttachVolumeMultiAttachTest-1685780648 None] Running cmd (subprocess): sudo cinder-rootwrap /etc/cinder/rootwrap.conf env LC_ALL=C lvcreate --name _snapshot-2227f6e8-a35f-473c-a8da-cdc7423c3669 --snapshot stack-volumes-lvmdriver-1/volume-0900cc30-251c-4e73-b6c8-c3840a7a0f16 {{(pid=104939) execute /usr/local/lib/python3.12/site-packages/oslo_concurrency/processutils.py:349}}
Oct 07 17:15:55.088945 np0005474935.novalocal sudo[139958]: stack : PWD=/ ; USER=root ; COMMAND=/usr/local/bin/cinder-rootwrap /etc/cinder/rootwrap.conf env LC_ALL=C lvcreate --name _snapshot-2227f6e8-a35f-473c-a8da-cdc7423c3669 --snapshot stack-volumes-lvmdriver-1/volume-0900cc30-251c-4e73-b6c8-c3840a7a0f16
Oct 07 17:15:55.592554 np0005474935.novalocal cinder-volume[104939]: DEBUG oslo_concurrency.processutils [req-e2e714d9-7b31-4e9c-b4ed-a4728bfe3c04 req-6b94a907-94d9-40cf-a9ad-c5891c918495 tempest-AttachVolumeMultiAttachTest-1685780648 None] CMD "sudo cinder-rootwrap /etc/cinder/rootwrap.conf env LC_ALL=C lvcreate --name _snapshot-2227f6e8-a35f-473c-a8da-cdc7423c3669 --snapshot stack-volumes-lvmdriver-1/volume-0900cc30-251c-4e73-b6c8-c3840a7a0f16" returned: 0 in 0.527s {{(pid=104939) execute /usr/local/lib/python3.12/site-packages/oslo_concurrency/processutils.py:372}}
Oct 07 17:15:55.641401 np0005474935.novalocal cinder-volume[104939]: INFO cinder.volume.manager [req-e2e714d9-7b31-4e9c-b4ed-a4728bfe3c04 req-6b94a907-94d9-40cf-a9ad-c5891c918495 tempest-AttachVolumeMultiAttachTest-1685780648 None] Create snapshot completed successfully
Oct 07 17:16:00.512112 np0005474935.novalocal cinder-volume[104939]: DEBUG oslo_concurrency.lockutils [req-d1589d21-5403-4b6c-8b00-16769bd270b6 req-e6cfb4c6-cbcc-48ff-b9d6-d7c136d61566 tempest-AttachVolumeMultiAttachTest-1685780648 None] Acquiring lock "lioadm" by "cinder.volume.targets.lio.LioAdm._execute" {{(pid=104939) inner /usr/local/lib/python3.12/site-packages/oslo_concurrency/lockutils.py:405}}
Oct 07 17:16:00.512818 np0005474935.novalocal cinder-volume[104939]: DEBUG oslo_concurrency.lockutils [req-d1589d21-5403-4b6c-8b00-16769bd270b6 req-e6cfb4c6-cbcc-48ff-b9d6-d7c136d61566 tempest-AttachVolumeMultiAttachTest-1685780648 None] Lock "lioadm" acquired by "cinder.volume.targets.lio.LioAdm._execute" :: waited 0.001s {{(pid=104939) inner /usr/local/lib/python3.12/site-packages/oslo_concurrency/lockutils.py:410}}
Oct 07 17:16:00.512959 np0005474935.novalocal cinder-volume[104939]: DEBUG oslo_concurrency.processutils [req-d1589d21-5403-4b6c-8b00-16769bd270b6 req-e6cfb4c6-cbcc-48ff-b9d6-d7c136d61566 tempest-AttachVolumeMultiAttachTest-1685780648 None] Running cmd (subprocess): sudo cinder-rootwrap /etc/cinder/rootwrap.conf cinder-rtstool delete-initiator iqn.2010-10.org.openstack:volume-0900cc30-251c-4e73-b6c8-c3840a7a0f16 iqn.1994-05.com.redhat:1ec65087f188 {{(pid=104939) execute /usr/local/lib/python3.12/site-packages/oslo_concurrency/processutils.py:349}}
Oct 07 17:16:00.553647 np0005474935.novalocal sudo[140168]: stack : PWD=/ ; USER=root ; COMMAND=/usr/local/bin/cinder-rootwrap /etc/cinder/rootwrap.conf cinder-rtstool delete-initiator iqn.2010-10.org.openstack:volume-0900cc30-251c-4e73-b6c8-c3840a7a0f16 iqn.1994-05.com.redhat:1ec65087f188
Oct 07 17:16:01.170502 np0005474935.novalocal cinder-volume[104939]: DEBUG oslo_concurrency.processutils [req-d1589d21-5403-4b6c-8b00-16769bd270b6 req-e6cfb4c6-cbcc-48ff-b9d6-d7c136d61566 tempest-AttachVolumeMultiAttachTest-1685780648 None] CMD "sudo cinder-rootwrap /etc/cinder/rootwrap.conf cinder-rtstool delete-initiator iqn.2010-10.org.openstack:volume-0900cc30-251c-4e73-b6c8-c3840a7a0f16 iqn.1994-05.com.redhat:1ec65087f188" returned: 0 in 0.656s {{(pid=104939) execute /usr/local/lib/python3.12/site-packages/oslo_concurrency/processutils.py:372}}
Oct 07 17:16:01.171027 np0005474935.novalocal cinder-volume[104939]: DEBUG oslo_concurrency.lockutils [req-d1589d21-5403-4b6c-8b00-16769bd270b6 req-e6cfb4c6-cbcc-48ff-b9d6-d7c136d61566 tempest-AttachVolumeMultiAttachTest-1685780648 None] Lock "lioadm" "released" by "cinder.volume.targets.lio.LioAdm._execute" :: held 0.658s {{(pid=104939) inner /usr/local/lib/python3.12/site-packages/oslo_concurrency/lockutils.py:424}}
Oct 07 17:16:01.171698 np0005474935.novalocal cinder-volume[104939]: DEBUG oslo_concurrency.lockutils [req-d1589d21-5403-4b6c-8b00-16769bd270b6 req-e6cfb4c6-cbcc-48ff-b9d6-d7c136d61566 tempest-AttachVolumeMultiAttachTest-1685780648 None] Acquiring lock "lioadm" by "cinder.volume.targets.lio.LioAdm._execute" {{(pid=104939) inner /usr/local/lib/python3.12/site-packages/oslo_concurrency/lockutils.py:405}}
Oct 07 17:16:01.172382 np0005474935.novalocal cinder-volume[104939]: DEBUG oslo_concurrency.lockutils [req-d1589d21-5403-4b6c-8b00-16769bd270b6 req-e6cfb4c6-cbcc-48ff-b9d6-d7c136d61566 tempest-AttachVolumeMultiAttachTest-1685780648 None] Lock "lioadm" acquired by "cinder.volume.targets.lio.LioAdm._execute" :: waited 0.001s {{(pid=104939) inner /usr/local/lib/python3.12/site-packages/oslo_concurrency/lockutils.py:410}}
Oct 07 17:16:01.176735 np0005474935.novalocal cinder-volume[104939]: DEBUG oslo_concurrency.processutils [req-d1589d21-5403-4b6c-8b00-16769bd270b6 req-e6cfb4c6-cbcc-48ff-b9d6-d7c136d61566 tempest-AttachVolumeMultiAttachTest-1685780648 None] Running cmd (subprocess): sudo cinder-rootwrap /etc/cinder/rootwrap.conf cinder-rtstool save {{(pid=104939) execute /usr/local/lib/python3.12/site-packages/oslo_concurrency/processutils.py:349}}
Oct 07 17:16:01.208828 np0005474935.novalocal sudo[140175]: stack : PWD=/ ; USER=root ; COMMAND=/usr/local/bin/cinder-rootwrap /etc/cinder/rootwrap.conf cinder-rtstool save
Oct 07 17:16:01.796409 np0005474935.novalocal cinder-volume[104939]: DEBUG oslo_concurrency.processutils [req-d1589d21-5403-4b6c-8b00-16769bd270b6 req-e6cfb4c6-cbcc-48ff-b9d6-d7c136d61566 tempest-AttachVolumeMultiAttachTest-1685780648 None] CMD "sudo cinder-rootwrap /etc/cinder/rootwrap.conf cinder-rtstool save" returned: 0 in 0.620s {{(pid=104939) execute /usr/local/lib/python3.12/site-packages/oslo_concurrency/processutils.py:372}}
Oct 07 17:16:01.796409 np0005474935.novalocal cinder-volume[104939]: DEBUG oslo_concurrency.lockutils [req-d1589d21-5403-4b6c-8b00-16769bd270b6 req-e6cfb4c6-cbcc-48ff-b9d6-d7c136d61566 tempest-AttachVolumeMultiAttachTest-1685780648 None] Lock "lioadm" "released" by "cinder.volume.targets.lio.LioAdm._execute" :: held 0.622s {{(pid=104939) inner /usr/local/lib/python3.12/site-packages/oslo_concurrency/lockutils.py:424}}
Oct 07 17:16:01.796409 np0005474935.novalocal cinder-volume[104939]: INFO cinder.volume.manager [req-d1589d21-5403-4b6c-8b00-16769bd270b6 req-e6cfb4c6-cbcc-48ff-b9d6-d7c136d61566 tempest-AttachVolumeMultiAttachTest-1685780648 None] Terminate volume connection completed successfully.
Oct 07 17:16:01.796409 np0005474935.novalocal cinder-volume[104939]: DEBUG cinder.volume.manager [req-d1589d21-5403-4b6c-8b00-16769bd270b6 req-e6cfb4c6-cbcc-48ff-b9d6-d7c136d61566 tempest-AttachVolumeMultiAttachTest-1685780648 None] Deleting attachment 7d0eb9cd-05d5-4467-9959-9adcfc1100d3. {{(pid=104939) attachment_delete /opt/stack/cinder/cinder/volume/manager.py:5022}}
Oct 07 17:16:01.802165 np0005474935.novalocal cinder-volume[104939]: DEBUG oslo_concurrency.lockutils [req-d1589d21-5403-4b6c-8b00-16769bd270b6 req-e6cfb4c6-cbcc-48ff-b9d6-d7c136d61566 tempest-AttachVolumeMultiAttachTest-1685780648 None] Acquiring lock "lioadm" by "cinder.volume.targets.lio.LioAdm._execute" {{(pid=104939) inner /usr/local/lib/python3.12/site-packages/oslo_concurrency/lockutils.py:405}}
Oct 07 17:16:01.803598 np0005474935.novalocal cinder-volume[104939]: DEBUG oslo_concurrency.lockutils [req-d1589d21-5403-4b6c-8b00-16769bd270b6 req-e6cfb4c6-cbcc-48ff-b9d6-d7c136d61566 tempest-AttachVolumeMultiAttachTest-1685780648 None] Lock "lioadm" acquired by "cinder.volume.targets.lio.LioAdm._execute" :: waited 0.007s {{(pid=104939) inner /usr/local/lib/python3.12/site-packages/oslo_concurrency/lockutils.py:410}}
Oct 07 17:16:01.804561 np0005474935.novalocal cinder-volume[104939]: DEBUG oslo_concurrency.processutils [req-d1589d21-5403-4b6c-8b00-16769bd270b6 req-e6cfb4c6-cbcc-48ff-b9d6-d7c136d61566 tempest-AttachVolumeMultiAttachTest-1685780648 None] Running cmd (subprocess): sudo cinder-rootwrap /etc/cinder/rootwrap.conf cinder-rtstool get-targets {{(pid=104939) execute /usr/local/lib/python3.12/site-packages/oslo_concurrency/processutils.py:349}}
Oct 07 17:16:01.837794 np0005474935.novalocal sudo[140181]: stack : PWD=/ ; USER=root ; COMMAND=/usr/local/bin/cinder-rootwrap /etc/cinder/rootwrap.conf cinder-rtstool get-targets
Oct 07 17:16:02.441370 np0005474935.novalocal cinder-volume[104939]: DEBUG oslo_concurrency.processutils [req-d1589d21-5403-4b6c-8b00-16769bd270b6 req-e6cfb4c6-cbcc-48ff-b9d6-d7c136d61566 tempest-AttachVolumeMultiAttachTest-1685780648 None] CMD "sudo cinder-rootwrap /etc/cinder/rootwrap.conf cinder-rtstool get-targets" returned: 0 in 0.634s {{(pid=104939) execute /usr/local/lib/python3.12/site-packages/oslo_concurrency/processutils.py:372}}
Oct 07 17:16:02.441370 np0005474935.novalocal cinder-volume[104939]: DEBUG oslo_concurrency.lockutils [req-d1589d21-5403-4b6c-8b00-16769bd270b6 req-e6cfb4c6-cbcc-48ff-b9d6-d7c136d61566 tempest-AttachVolumeMultiAttachTest-1685780648 None] Lock "lioadm" "released" by "cinder.volume.targets.lio.LioAdm._execute" :: held 0.636s {{(pid=104939) inner /usr/local/lib/python3.12/site-packages/oslo_concurrency/lockutils.py:424}}
Oct 07 17:16:02.441370 np0005474935.novalocal cinder-volume[104939]: INFO cinder.volume.targets.lio [req-d1589d21-5403-4b6c-8b00-16769bd270b6 req-e6cfb4c6-cbcc-48ff-b9d6-d7c136d61566 tempest-AttachVolumeMultiAttachTest-1685780648 None] Removing iscsi_target: 0900cc30-251c-4e73-b6c8-c3840a7a0f16
Oct 07 17:16:02.441370 np0005474935.novalocal cinder-volume[104939]: DEBUG oslo_concurrency.lockutils [req-d1589d21-5403-4b6c-8b00-16769bd270b6 req-e6cfb4c6-cbcc-48ff-b9d6-d7c136d61566 tempest-AttachVolumeMultiAttachTest-1685780648 None] Acquiring lock "lioadm" by "cinder.volume.targets.lio.LioAdm._execute" {{(pid=104939) inner /usr/local/lib/python3.12/site-packages/oslo_concurrency/lockutils.py:405}}
Oct 07 17:16:02.442263 np0005474935.novalocal cinder-volume[104939]: DEBUG oslo_concurrency.lockutils [req-d1589d21-5403-4b6c-8b00-16769bd270b6 req-e6cfb4c6-cbcc-48ff-b9d6-d7c136d61566 tempest-AttachVolumeMultiAttachTest-1685780648 None] Lock "lioadm" acquired by "cinder.volume.targets.lio.LioAdm._execute" :: waited 0.002s {{(pid=104939) inner /usr/local/lib/python3.12/site-packages/oslo_concurrency/lockutils.py:410}}
Oct 07 17:16:02.443016 np0005474935.novalocal cinder-volume[104939]: DEBUG oslo_concurrency.processutils [req-d1589d21-5403-4b6c-8b00-16769bd270b6 req-e6cfb4c6-cbcc-48ff-b9d6-d7c136d61566 tempest-AttachVolumeMultiAttachTest-1685780648 None] Running cmd (subprocess): sudo cinder-rootwrap /etc/cinder/rootwrap.conf cinder-rtstool delete iqn.2010-10.org.openstack:volume-0900cc30-251c-4e73-b6c8-c3840a7a0f16 {{(pid=104939) execute /usr/local/lib/python3.12/site-packages/oslo_concurrency/processutils.py:349}}
Oct 07 17:16:02.470648 np0005474935.novalocal sudo[140195]: stack : PWD=/ ; USER=root ; COMMAND=/usr/local/bin/cinder-rootwrap /etc/cinder/rootwrap.conf cinder-rtstool delete iqn.2010-10.org.openstack:volume-0900cc30-251c-4e73-b6c8-c3840a7a0f16
Oct 07 17:16:03.074137 np0005474935.novalocal cinder-volume[104939]: DEBUG oslo_concurrency.processutils [req-d1589d21-5403-4b6c-8b00-16769bd270b6 req-e6cfb4c6-cbcc-48ff-b9d6-d7c136d61566 tempest-AttachVolumeMultiAttachTest-1685780648 None] CMD "sudo cinder-rootwrap /etc/cinder/rootwrap.conf cinder-rtstool delete iqn.2010-10.org.openstack:volume-0900cc30-251c-4e73-b6c8-c3840a7a0f16" returned: 0 in 0.630s {{(pid=104939) execute /usr/local/lib/python3.12/site-packages/oslo_concurrency/processutils.py:372}}
Oct 07 17:16:03.074137 np0005474935.novalocal cinder-volume[104939]: DEBUG oslo_concurrency.lockutils [req-d1589d21-5403-4b6c-8b00-16769bd270b6 req-e6cfb4c6-cbcc-48ff-b9d6-d7c136d61566 tempest-AttachVolumeMultiAttachTest-1685780648 None] Lock "lioadm" "released" by "cinder.volume.targets.lio.LioAdm._execute" :: held 0.631s {{(pid=104939) inner /usr/local/lib/python3.12/site-packages/oslo_concurrency/lockutils.py:424}}
Oct 07 17:16:03.074137 np0005474935.novalocal cinder-volume[104939]: DEBUG oslo_concurrency.lockutils [req-d1589d21-5403-4b6c-8b00-16769bd270b6 req-e6cfb4c6-cbcc-48ff-b9d6-d7c136d61566 tempest-AttachVolumeMultiAttachTest-1685780648 None] Acquiring lock "lioadm" by "cinder.volume.targets.lio.LioAdm._execute" {{(pid=104939) inner /usr/local/lib/python3.12/site-packages/oslo_concurrency/lockutils.py:405}}
Oct 07 17:16:03.074137 np0005474935.novalocal cinder-volume[104939]: DEBUG oslo_concurrency.lockutils [req-d1589d21-5403-4b6c-8b00-16769bd270b6 req-e6cfb4c6-cbcc-48ff-b9d6-d7c136d61566 tempest-AttachVolumeMultiAttachTest-1685780648 None] Lock "lioadm" acquired by "cinder.volume.targets.lio.LioAdm._execute" :: waited 0.000s {{(pid=104939) inner /usr/local/lib/python3.12/site-packages/oslo_concurrency/lockutils.py:410}}
Oct 07 17:16:03.079907 np0005474935.novalocal cinder-volume[104939]: DEBUG oslo_concurrency.processutils [req-d1589d21-5403-4b6c-8b00-16769bd270b6 req-e6cfb4c6-cbcc-48ff-b9d6-d7c136d61566 tempest-AttachVolumeMultiAttachTest-1685780648 None] Running cmd (subprocess): sudo cinder-rootwrap /etc/cinder/rootwrap.conf cinder-rtstool save {{(pid=104939) execute /usr/local/lib/python3.12/site-packages/oslo_concurrency/processutils.py:349}}
Oct 07 17:16:03.113523 np0005474935.novalocal sudo[140231]: stack : PWD=/ ; USER=root ; COMMAND=/usr/local/bin/cinder-rootwrap /etc/cinder/rootwrap.conf cinder-rtstool save
Oct 07 17:16:03.684996 np0005474935.novalocal cinder-volume[104939]: DEBUG oslo_concurrency.processutils [req-d1589d21-5403-4b6c-8b00-16769bd270b6 req-e6cfb4c6-cbcc-48ff-b9d6-d7c136d61566 tempest-AttachVolumeMultiAttachTest-1685780648 None] CMD "sudo cinder-rootwrap /etc/cinder/rootwrap.conf cinder-rtstool save" returned: 0 in 0.610s {{(pid=104939) execute /usr/local/lib/python3.12/site-packages/oslo_concurrency/processutils.py:372}}
Oct 07 17:16:03.685379 np0005474935.novalocal cinder-volume[104939]: DEBUG oslo_concurrency.lockutils [req-d1589d21-5403-4b6c-8b00-16769bd270b6 req-e6cfb4c6-cbcc-48ff-b9d6-d7c136d61566 tempest-AttachVolumeMultiAttachTest-1685780648 None] Lock "lioadm" "released" by "cinder.volume.targets.lio.LioAdm._execute" :: held 0.612s {{(pid=104939) inner /usr/local/lib/python3.12/site-packages/oslo_concurrency/lockutils.py:424}}
Oct 07 17:16:04.045979 np0005474935.novalocal cinder-volume[104939]: DEBUG oslo_concurrency.lockutils [None req-971bd1ec-2a87-45a8-ae04-1df248a7a1fe tempest-VolumesBackupsV39Test-1194639260 None] Acquiring lock "lioadm" by "cinder.volume.targets.lio.LioAdm._execute" {{(pid=104939) inner /usr/local/lib/python3.12/site-packages/oslo_concurrency/lockutils.py:405}}
Oct 07 17:16:04.046343 np0005474935.novalocal cinder-volume[104939]: DEBUG oslo_concurrency.lockutils [None req-971bd1ec-2a87-45a8-ae04-1df248a7a1fe tempest-VolumesBackupsV39Test-1194639260 None] Lock "lioadm" acquired by "cinder.volume.targets.lio.LioAdm._execute" :: waited 0.001s {{(pid=104939) inner /usr/local/lib/python3.12/site-packages/oslo_concurrency/lockutils.py:410}}
Oct 07 17:16:04.046641 np0005474935.novalocal cinder-volume[104939]: DEBUG oslo_concurrency.processutils [None req-971bd1ec-2a87-45a8-ae04-1df248a7a1fe tempest-VolumesBackupsV39Test-1194639260 None] Running cmd (subprocess): sudo cinder-rootwrap /etc/cinder/rootwrap.conf cinder-rtstool delete-initiator iqn.2010-10.org.openstack:volume-eb44c84c-78d6-40a0-b17d-2268f817a3d5 iqn.1994-05.com.redhat:1ec65087f188 {{(pid=104939) execute /usr/local/lib/python3.12/site-packages/oslo_concurrency/processutils.py:349}}
Oct 07 17:16:04.081193 np0005474935.novalocal sudo[140270]: stack : PWD=/ ; USER=root ; COMMAND=/usr/local/bin/cinder-rootwrap /etc/cinder/rootwrap.conf cinder-rtstool delete-initiator iqn.2010-10.org.openstack:volume-eb44c84c-78d6-40a0-b17d-2268f817a3d5 iqn.1994-05.com.redhat:1ec65087f188
Oct 07 17:16:04.643160 np0005474935.novalocal cinder-volume[104939]: DEBUG oslo_concurrency.processutils [None req-971bd1ec-2a87-45a8-ae04-1df248a7a1fe tempest-VolumesBackupsV39Test-1194639260 None] CMD "sudo cinder-rootwrap /etc/cinder/rootwrap.conf cinder-rtstool delete-initiator iqn.2010-10.org.openstack:volume-eb44c84c-78d6-40a0-b17d-2268f817a3d5 iqn.1994-05.com.redhat:1ec65087f188" returned: 0 in 0.596s {{(pid=104939) execute /usr/local/lib/python3.12/site-packages/oslo_concurrency/processutils.py:372}}
Oct 07 17:16:04.643708 np0005474935.novalocal cinder-volume[104939]: DEBUG oslo_concurrency.lockutils [None req-971bd1ec-2a87-45a8-ae04-1df248a7a1fe tempest-VolumesBackupsV39Test-1194639260 None] Lock "lioadm" "released" by "cinder.volume.targets.lio.LioAdm._execute" :: held 0.597s {{(pid=104939) inner /usr/local/lib/python3.12/site-packages/oslo_concurrency/lockutils.py:424}}
Oct 07 17:16:04.643983 np0005474935.novalocal cinder-volume[104939]: DEBUG oslo_concurrency.lockutils [None req-971bd1ec-2a87-45a8-ae04-1df248a7a1fe tempest-VolumesBackupsV39Test-1194639260 None] Acquiring lock "lioadm" by "cinder.volume.targets.lio.LioAdm._execute" {{(pid=104939) inner /usr/local/lib/python3.12/site-packages/oslo_concurrency/lockutils.py:405}}
Oct 07 17:16:04.644560 np0005474935.novalocal cinder-volume[104939]: DEBUG oslo_concurrency.lockutils [None req-971bd1ec-2a87-45a8-ae04-1df248a7a1fe tempest-VolumesBackupsV39Test-1194639260 None] Lock "lioadm" acquired by "cinder.volume.targets.lio.LioAdm._execute" :: waited 0.001s {{(pid=104939) inner /usr/local/lib/python3.12/site-packages/oslo_concurrency/lockutils.py:410}}
Oct 07 17:16:04.649285 np0005474935.novalocal cinder-volume[104939]: DEBUG oslo_concurrency.processutils [None req-971bd1ec-2a87-45a8-ae04-1df248a7a1fe tempest-VolumesBackupsV39Test-1194639260 None] Running cmd (subprocess): sudo cinder-rootwrap /etc/cinder/rootwrap.conf cinder-rtstool save {{(pid=104939) execute /usr/local/lib/python3.12/site-packages/oslo_concurrency/processutils.py:349}}
Oct 07 17:16:04.689719 np0005474935.novalocal sudo[140276]: stack : PWD=/ ; USER=root ; COMMAND=/usr/local/bin/cinder-rootwrap /etc/cinder/rootwrap.conf cinder-rtstool save
Oct 07 17:16:05.297857 np0005474935.novalocal cinder-volume[104939]: DEBUG oslo_concurrency.processutils [None req-971bd1ec-2a87-45a8-ae04-1df248a7a1fe tempest-VolumesBackupsV39Test-1194639260 None] CMD "sudo cinder-rootwrap /etc/cinder/rootwrap.conf cinder-rtstool save" returned: 0 in 0.652s {{(pid=104939) execute /usr/local/lib/python3.12/site-packages/oslo_concurrency/processutils.py:372}}
Oct 07 17:16:05.298504 np0005474935.novalocal cinder-volume[104939]: DEBUG oslo_concurrency.lockutils [None req-971bd1ec-2a87-45a8-ae04-1df248a7a1fe tempest-VolumesBackupsV39Test-1194639260 None] Lock "lioadm" "released" by "cinder.volume.targets.lio.LioAdm._execute" :: held 0.654s {{(pid=104939) inner /usr/local/lib/python3.12/site-packages/oslo_concurrency/lockutils.py:424}}
Oct 07 17:16:05.298953 np0005474935.novalocal cinder-volume[104939]: INFO cinder.volume.manager [None req-971bd1ec-2a87-45a8-ae04-1df248a7a1fe tempest-VolumesBackupsV39Test-1194639260 None] Terminate volume connection completed successfully.
Oct 07 17:16:05.554427 np0005474935.novalocal cinder-volume[104939]: DEBUG oslo_concurrency.lockutils [None req-971bd1ec-2a87-45a8-ae04-1df248a7a1fe tempest-VolumesBackupsV39Test-1194639260 None] Acquiring lock "lioadm" by "cinder.volume.targets.lio.LioAdm._execute" {{(pid=104939) inner /usr/local/lib/python3.12/site-packages/oslo_concurrency/lockutils.py:405}}
Oct 07 17:16:05.555034 np0005474935.novalocal cinder-volume[104939]: DEBUG oslo_concurrency.lockutils [None req-971bd1ec-2a87-45a8-ae04-1df248a7a1fe tempest-VolumesBackupsV39Test-1194639260 None] Lock "lioadm" acquired by "cinder.volume.targets.lio.LioAdm._execute" :: waited 0.001s {{(pid=104939) inner /usr/local/lib/python3.12/site-packages/oslo_concurrency/lockutils.py:410}}
Oct 07 17:16:05.555827 np0005474935.novalocal cinder-volume[104939]: DEBUG oslo_concurrency.processutils [None req-971bd1ec-2a87-45a8-ae04-1df248a7a1fe tempest-VolumesBackupsV39Test-1194639260 None] Running cmd (subprocess): sudo cinder-rootwrap /etc/cinder/rootwrap.conf cinder-rtstool get-targets {{(pid=104939) execute /usr/local/lib/python3.12/site-packages/oslo_concurrency/processutils.py:349}}
Oct 07 17:16:05.593557 np0005474935.novalocal sudo[140282]: stack : PWD=/ ; USER=root ; COMMAND=/usr/local/bin/cinder-rootwrap /etc/cinder/rootwrap.conf cinder-rtstool get-targets
Oct 07 17:16:06.159825 np0005474935.novalocal cinder-volume[104939]: DEBUG oslo_concurrency.processutils [None req-971bd1ec-2a87-45a8-ae04-1df248a7a1fe tempest-VolumesBackupsV39Test-1194639260 None] CMD "sudo cinder-rootwrap /etc/cinder/rootwrap.conf cinder-rtstool get-targets" returned: 0 in 0.604s {{(pid=104939) execute /usr/local/lib/python3.12/site-packages/oslo_concurrency/processutils.py:372}}
Oct 07 17:16:06.160473 np0005474935.novalocal cinder-volume[104939]: DEBUG oslo_concurrency.lockutils [None req-971bd1ec-2a87-45a8-ae04-1df248a7a1fe tempest-VolumesBackupsV39Test-1194639260 None] Lock "lioadm" "released" by "cinder.volume.targets.lio.LioAdm._execute" :: held 0.605s {{(pid=104939) inner /usr/local/lib/python3.12/site-packages/oslo_concurrency/lockutils.py:424}}
Oct 07 17:16:06.161364 np0005474935.novalocal cinder-volume[104939]: INFO cinder.volume.targets.lio [None req-971bd1ec-2a87-45a8-ae04-1df248a7a1fe tempest-VolumesBackupsV39Test-1194639260 None] Removing iscsi_target: eb44c84c-78d6-40a0-b17d-2268f817a3d5
Oct 07 17:16:06.161682 np0005474935.novalocal cinder-volume[104939]: DEBUG oslo_concurrency.lockutils [None req-971bd1ec-2a87-45a8-ae04-1df248a7a1fe tempest-VolumesBackupsV39Test-1194639260 None] Acquiring lock "lioadm" by "cinder.volume.targets.lio.LioAdm._execute" {{(pid=104939) inner /usr/local/lib/python3.12/site-packages/oslo_concurrency/lockutils.py:405}}
Oct 07 17:16:06.163721 np0005474935.novalocal cinder-volume[104939]: DEBUG oslo_concurrency.lockutils [None req-971bd1ec-2a87-45a8-ae04-1df248a7a1fe tempest-VolumesBackupsV39Test-1194639260 None] Lock "lioadm" acquired by "cinder.volume.targets.lio.LioAdm._execute" :: waited 0.002s {{(pid=104939) inner /usr/local/lib/python3.12/site-packages/oslo_concurrency/lockutils.py:410}}
Oct 07 17:16:06.165303 np0005474935.novalocal cinder-volume[104939]: DEBUG oslo_concurrency.processutils [None req-971bd1ec-2a87-45a8-ae04-1df248a7a1fe tempest-VolumesBackupsV39Test-1194639260 None] Running cmd (subprocess): sudo cinder-rootwrap /etc/cinder/rootwrap.conf cinder-rtstool delete iqn.2010-10.org.openstack:volume-eb44c84c-78d6-40a0-b17d-2268f817a3d5 {{(pid=104939) execute /usr/local/lib/python3.12/site-packages/oslo_concurrency/processutils.py:349}}
Oct 07 17:16:06.202457 np0005474935.novalocal sudo[140288]: stack : PWD=/ ; USER=root ; COMMAND=/usr/local/bin/cinder-rootwrap /etc/cinder/rootwrap.conf cinder-rtstool delete iqn.2010-10.org.openstack:volume-eb44c84c-78d6-40a0-b17d-2268f817a3d5
Oct 07 17:16:06.710718 np0005474935.novalocal cinder-volume[104939]: DEBUG cinder.coordination [None req-5a22a4cf-b05c-4507-8c4e-789ac6b520e6 tempest-AttachVolumeMultiAttachTest-1685780648 None] Acquiring lock "cinder-0900cc30-251c-4e73-b6c8-c3840a7a0f16-delete_volume" by "delete_volume" {{(pid=104939) __acquire /opt/stack/cinder/cinder/coordination.py:143}}
Oct 07 17:16:06.718214 np0005474935.novalocal cinder-volume[104939]: DEBUG cinder.coordination [None req-5a22a4cf-b05c-4507-8c4e-789ac6b520e6 tempest-AttachVolumeMultiAttachTest-1685780648 None] Lock "cinder-0900cc30-251c-4e73-b6c8-c3840a7a0f16-delete_volume" acquired by "delete_volume" :: waited 0.008s {{(pid=104939) __acquire /opt/stack/cinder/cinder/coordination.py:146}}
Oct 07 17:16:06.735460 np0005474935.novalocal cinder-volume[104939]: DEBUG oslo_concurrency.lockutils [None req-5a22a4cf-b05c-4507-8c4e-789ac6b520e6 tempest-AttachVolumeMultiAttachTest-1685780648 None] Acquiring lock "lioadm" by "cinder.volume.targets.lio.LioAdm._execute" {{(pid=104939) inner /usr/local/lib/python3.12/site-packages/oslo_concurrency/lockutils.py:405}}
Oct 07 17:16:06.887924 np0005474935.novalocal cinder-volume[104939]: DEBUG oslo_concurrency.processutils [None req-971bd1ec-2a87-45a8-ae04-1df248a7a1fe tempest-VolumesBackupsV39Test-1194639260 None] CMD "sudo cinder-rootwrap /etc/cinder/rootwrap.conf cinder-rtstool delete iqn.2010-10.org.openstack:volume-eb44c84c-78d6-40a0-b17d-2268f817a3d5" returned: 0 in 0.724s {{(pid=104939) execute /usr/local/lib/python3.12/site-packages/oslo_concurrency/processutils.py:372}}
Oct 07 17:16:06.888447 np0005474935.novalocal cinder-volume[104939]: DEBUG oslo_concurrency.lockutils [None req-971bd1ec-2a87-45a8-ae04-1df248a7a1fe tempest-VolumesBackupsV39Test-1194639260 None] Lock "lioadm" "released" by "cinder.volume.targets.lio.LioAdm._execute" :: held 0.725s {{(pid=104939) inner /usr/local/lib/python3.12/site-packages/oslo_concurrency/lockutils.py:424}}
Oct 07 17:16:06.888696 np0005474935.novalocal cinder-volume[104939]: DEBUG oslo_concurrency.lockutils [None req-971bd1ec-2a87-45a8-ae04-1df248a7a1fe tempest-VolumesBackupsV39Test-1194639260 None] Acquiring lock "lioadm" by "cinder.volume.targets.lio.LioAdm._execute" {{(pid=104939) inner /usr/local/lib/python3.12/site-packages/oslo_concurrency/lockutils.py:405}}
Oct 07 17:16:06.889234 np0005474935.novalocal cinder-volume[104939]: DEBUG oslo_concurrency.lockutils [None req-971bd1ec-2a87-45a8-ae04-1df248a7a1fe tempest-VolumesBackupsV39Test-1194639260 None] Lock "lioadm" acquired by "cinder.volume.targets.lio.LioAdm._execute" :: waited 0.001s {{(pid=104939) inner /usr/local/lib/python3.12/site-packages/oslo_concurrency/lockutils.py:410}}
Oct 07 17:16:06.889882 np0005474935.novalocal cinder-volume[104939]: DEBUG oslo_concurrency.processutils [None req-971bd1ec-2a87-45a8-ae04-1df248a7a1fe tempest-VolumesBackupsV39Test-1194639260 None] Running cmd (subprocess): sudo cinder-rootwrap /etc/cinder/rootwrap.conf cinder-rtstool save {{(pid=104939) execute /usr/local/lib/python3.12/site-packages/oslo_concurrency/processutils.py:349}}
Oct 07 17:16:06.922092 np0005474935.novalocal sudo[140295]: stack : PWD=/ ; USER=root ; COMMAND=/usr/local/bin/cinder-rootwrap /etc/cinder/rootwrap.conf cinder-rtstool save
Oct 07 17:16:07.521582 np0005474935.novalocal cinder-volume[104939]: DEBUG oslo_concurrency.processutils [None req-971bd1ec-2a87-45a8-ae04-1df248a7a1fe tempest-VolumesBackupsV39Test-1194639260 None] CMD "sudo cinder-rootwrap /etc/cinder/rootwrap.conf cinder-rtstool save" returned: 0 in 0.631s {{(pid=104939) execute /usr/local/lib/python3.12/site-packages/oslo_concurrency/processutils.py:372}}
Oct 07 17:16:07.522146 np0005474935.novalocal cinder-volume[104939]: DEBUG oslo_concurrency.lockutils [None req-971bd1ec-2a87-45a8-ae04-1df248a7a1fe tempest-VolumesBackupsV39Test-1194639260 None] Lock "lioadm" "released" by "cinder.volume.targets.lio.LioAdm._execute" :: held 0.633s {{(pid=104939) inner /usr/local/lib/python3.12/site-packages/oslo_concurrency/lockutils.py:424}}
Oct 07 17:16:07.522575 np0005474935.novalocal cinder-volume[104939]: INFO cinder.volume.manager [None req-971bd1ec-2a87-45a8-ae04-1df248a7a1fe tempest-VolumesBackupsV39Test-1194639260 None] Remove volume export completed successfully.
Oct 07 17:16:07.524714 np0005474935.novalocal cinder-volume[104939]: DEBUG oslo_concurrency.lockutils [None req-5a22a4cf-b05c-4507-8c4e-789ac6b520e6 tempest-AttachVolumeMultiAttachTest-1685780648 None] Lock "lioadm" acquired by "cinder.volume.targets.lio.LioAdm._execute" :: waited 0.789s {{(pid=104939) inner /usr/local/lib/python3.12/site-packages/oslo_concurrency/lockutils.py:410}}
Oct 07 17:16:07.525345 np0005474935.novalocal cinder-volume[104939]: DEBUG oslo_concurrency.processutils [None req-5a22a4cf-b05c-4507-8c4e-789ac6b520e6 tempest-AttachVolumeMultiAttachTest-1685780648 None] Running cmd (subprocess): sudo cinder-rootwrap /etc/cinder/rootwrap.conf cinder-rtstool get-targets {{(pid=104939) execute /usr/local/lib/python3.12/site-packages/oslo_concurrency/processutils.py:349}}
Oct 07 17:16:07.555558 np0005474935.novalocal sudo[140301]: stack : PWD=/ ; USER=root ; COMMAND=/usr/local/bin/cinder-rootwrap /etc/cinder/rootwrap.conf cinder-rtstool get-targets
Oct 07 17:16:08.110274 np0005474935.novalocal cinder-volume[104939]: DEBUG oslo_concurrency.processutils [None req-5a22a4cf-b05c-4507-8c4e-789ac6b520e6 tempest-AttachVolumeMultiAttachTest-1685780648 None] CMD "sudo cinder-rootwrap /etc/cinder/rootwrap.conf cinder-rtstool get-targets" returned: 0 in 0.585s {{(pid=104939) execute /usr/local/lib/python3.12/site-packages/oslo_concurrency/processutils.py:372}}
Oct 07 17:16:08.110949 np0005474935.novalocal cinder-volume[104939]: DEBUG oslo_concurrency.lockutils [None req-5a22a4cf-b05c-4507-8c4e-789ac6b520e6 tempest-AttachVolumeMultiAttachTest-1685780648 None] Lock "lioadm" "released" by "cinder.volume.targets.lio.LioAdm._execute" :: held 0.586s {{(pid=104939) inner /usr/local/lib/python3.12/site-packages/oslo_concurrency/lockutils.py:424}}
Oct 07 17:16:08.111411 np0005474935.novalocal cinder-volume[104939]: INFO cinder.volume.targets.iscsi [None req-5a22a4cf-b05c-4507-8c4e-789ac6b520e6 tempest-AttachVolumeMultiAttachTest-1685780648 None] Skipping remove_export. No iscsi_target is presently exported for volume: 0900cc30-251c-4e73-b6c8-c3840a7a0f16
Oct 07 17:16:08.111670 np0005474935.novalocal cinder-volume[104939]: DEBUG cinder.volume.manager [None req-5a22a4cf-b05c-4507-8c4e-789ac6b520e6 tempest-AttachVolumeMultiAttachTest-1685780648 None] Performing cascade delete. {{(pid=104939) delete_volume /opt/stack/cinder/cinder/volume/manager.py:995}}
Oct 07 17:16:08.123038 np0005474935.novalocal cinder-volume[104939]: DEBUG cinder.coordination [None req-5a22a4cf-b05c-4507-8c4e-789ac6b520e6 tempest-AttachVolumeMultiAttachTest-1685780648 None] Acquiring lock "cinder-2227f6e8-a35f-473c-a8da-cdc7423c3669-delete_snapshot" by "delete_snapshot" {{(pid=104939) __acquire /opt/stack/cinder/cinder/coordination.py:143}}
Oct 07 17:16:08.131636 np0005474935.novalocal cinder-volume[104939]: DEBUG cinder.coordination [None req-5a22a4cf-b05c-4507-8c4e-789ac6b520e6 tempest-AttachVolumeMultiAttachTest-1685780648 None] Lock "cinder-2227f6e8-a35f-473c-a8da-cdc7423c3669-delete_snapshot" acquired by "delete_snapshot" :: waited 0.009s {{(pid=104939) __acquire /opt/stack/cinder/cinder/coordination.py:146}}
Oct 07 17:16:08.132918 np0005474935.novalocal cinder-volume[104939]: DEBUG oslo_concurrency.processutils [None req-5a22a4cf-b05c-4507-8c4e-789ac6b520e6 tempest-AttachVolumeMultiAttachTest-1685780648 None] Running cmd (subprocess): sudo cinder-rootwrap /etc/cinder/rootwrap.conf env LC_ALL=C lvs --noheadings --unit=g -o vg_name,name,size --nosuffix --readonly stack-volumes-lvmdriver-1/_snapshot-2227f6e8-a35f-473c-a8da-cdc7423c3669 {{(pid=104939) execute /usr/local/lib/python3.12/site-packages/oslo_concurrency/processutils.py:349}}
Oct 07 17:16:08.166670 np0005474935.novalocal sudo[140307]: stack : PWD=/ ; USER=root ; COMMAND=/usr/local/bin/cinder-rootwrap /etc/cinder/rootwrap.conf env LC_ALL=C lvs --noheadings --unit=g -o vg_name,name,size --nosuffix --readonly stack-volumes-lvmdriver-1/_snapshot-2227f6e8-a35f-473c-a8da-cdc7423c3669
Oct 07 17:16:08.657935 np0005474935.novalocal cinder-volume[104939]: DEBUG oslo_concurrency.processutils [None req-5a22a4cf-b05c-4507-8c4e-789ac6b520e6 tempest-AttachVolumeMultiAttachTest-1685780648 None] CMD "sudo cinder-rootwrap /etc/cinder/rootwrap.conf env LC_ALL=C lvs --noheadings --unit=g -o vg_name,name,size --nosuffix --readonly stack-volumes-lvmdriver-1/_snapshot-2227f6e8-a35f-473c-a8da-cdc7423c3669" returned: 0 in 0.524s {{(pid=104939) execute /usr/local/lib/python3.12/site-packages/oslo_concurrency/processutils.py:372}}
Oct 07 17:16:08.659364 np0005474935.novalocal cinder-volume[104939]: DEBUG oslo_concurrency.processutils [None req-5a22a4cf-b05c-4507-8c4e-789ac6b520e6 tempest-AttachVolumeMultiAttachTest-1685780648 None] Running cmd (subprocess): sudo cinder-rootwrap /etc/cinder/rootwrap.conf lvremove --config activation { retry_deactivation = 1} -f stack-volumes-lvmdriver-1/_snapshot-2227f6e8-a35f-473c-a8da-cdc7423c3669 {{(pid=104939) execute /usr/local/lib/python3.12/site-packages/oslo_concurrency/processutils.py:349}}
Oct 07 17:16:08.689814 np0005474935.novalocal sudo[140313]: stack : PWD=/ ; USER=root ; COMMAND=/usr/local/bin/cinder-rootwrap /etc/cinder/rootwrap.conf lvremove --config 'activation { retry_deactivation = 1} ' -f stack-volumes-lvmdriver-1/_snapshot-2227f6e8-a35f-473c-a8da-cdc7423c3669
Oct 07 17:16:09.130688 np0005474935.novalocal cinder-volume[104939]: DEBUG oslo_concurrency.processutils [None req-5a22a4cf-b05c-4507-8c4e-789ac6b520e6 tempest-AttachVolumeMultiAttachTest-1685780648 None] CMD "sudo cinder-rootwrap /etc/cinder/rootwrap.conf lvremove --config activation { retry_deactivation = 1} -f stack-volumes-lvmdriver-1/_snapshot-2227f6e8-a35f-473c-a8da-cdc7423c3669" returned: 0 in 0.471s {{(pid=104939) execute /usr/local/lib/python3.12/site-packages/oslo_concurrency/processutils.py:372}}
Oct 07 17:16:09.155550 np0005474935.novalocal cinder-volume[104939]: WARNING cinder.quota [None req-5a22a4cf-b05c-4507-8c4e-789ac6b520e6 tempest-AttachVolumeMultiAttachTest-1685780648 None] Deprecated: Default quota for resource: gigabytes_multiattach is set by the default quota flag: quota_gigabytes_multiattach, it is now deprecated. Please use the default quota class for default quota.
Oct 07 17:16:09.155871 np0005474935.novalocal cinder-volume[104939]: WARNING cinder.quota [None req-5a22a4cf-b05c-4507-8c4e-789ac6b520e6 tempest-AttachVolumeMultiAttachTest-1685780648 None] Deprecated: Default quota for resource: snapshots_multiattach is set by the default quota flag: quota_snapshots_multiattach, it is now deprecated. Please use the default quota class for default quota.
Oct 07 17:16:09.168782 np0005474935.novalocal cinder-volume[104939]: DEBUG cinder.quota [None req-5a22a4cf-b05c-4507-8c4e-789ac6b520e6 tempest-AttachVolumeMultiAttachTest-1685780648 None] Created reservations ['0adf9384-e4bf-4649-8de4-932389be5490', 'd6f217ad-7935-4c49-865b-970ae834218f', 'c963e3a8-4de9-4a77-9be8-ca19e6d56be9', 'e3196f97-b340-4cdf-b108-45467c77067a'] {{(pid=104939) reserve /opt/stack/cinder/cinder/quota.py:752}}
Oct 07 17:16:09.200734 np0005474935.novalocal cinder-volume[104939]: INFO cinder.volume.manager [None req-5a22a4cf-b05c-4507-8c4e-789ac6b520e6 tempest-AttachVolumeMultiAttachTest-1685780648 None] Delete snapshot completed successfully.
Oct 07 17:16:09.204800 np0005474935.novalocal cinder-volume[104939]: DEBUG cinder.coordination [None req-5a22a4cf-b05c-4507-8c4e-789ac6b520e6 tempest-AttachVolumeMultiAttachTest-1685780648 None] Lock "cinder-2227f6e8-a35f-473c-a8da-cdc7423c3669-delete_snapshot" released by "delete_snapshot" :: held 1.073s {{(pid=104939) __release /opt/stack/cinder/cinder/coordination.py:157}}
Oct 07 17:16:09.205221 np0005474935.novalocal cinder-volume[104939]: DEBUG cinder.volume.manager [None req-5a22a4cf-b05c-4507-8c4e-789ac6b520e6 tempest-AttachVolumeMultiAttachTest-1685780648 None] Snapshots deleted, issuing volume delete {{(pid=104939) delete_volume /opt/stack/cinder/cinder/volume/manager.py:1010}}
Oct 07 17:16:09.205794 np0005474935.novalocal cinder-volume[104939]: DEBUG oslo_concurrency.processutils [None req-5a22a4cf-b05c-4507-8c4e-789ac6b520e6 tempest-AttachVolumeMultiAttachTest-1685780648 None] Running cmd (subprocess): sudo cinder-rootwrap /etc/cinder/rootwrap.conf env LC_ALL=C lvs --noheadings --unit=g -o vg_name,name,size --nosuffix --readonly stack-volumes-lvmdriver-1/volume-0900cc30-251c-4e73-b6c8-c3840a7a0f16 {{(pid=104939) execute /usr/local/lib/python3.12/site-packages/oslo_concurrency/processutils.py:349}}
Oct 07 17:16:09.236088 np0005474935.novalocal sudo[140320]: stack : PWD=/ ; USER=root ; COMMAND=/usr/local/bin/cinder-rootwrap /etc/cinder/rootwrap.conf env LC_ALL=C lvs --noheadings --unit=g -o vg_name,name,size --nosuffix --readonly stack-volumes-lvmdriver-1/volume-0900cc30-251c-4e73-b6c8-c3840a7a0f16
Oct 07 17:16:09.621857 np0005474935.novalocal cinder-volume[104939]: DEBUG oslo_concurrency.processutils [None req-5a22a4cf-b05c-4507-8c4e-789ac6b520e6 tempest-AttachVolumeMultiAttachTest-1685780648 None] CMD "sudo cinder-rootwrap /etc/cinder/rootwrap.conf env LC_ALL=C lvs --noheadings --unit=g -o vg_name,name,size --nosuffix --readonly stack-volumes-lvmdriver-1/volume-0900cc30-251c-4e73-b6c8-c3840a7a0f16" returned: 0 in 0.415s {{(pid=104939) execute /usr/local/lib/python3.12/site-packages/oslo_concurrency/processutils.py:372}}
Oct 07 17:16:09.623418 np0005474935.novalocal cinder-volume[104939]: DEBUG oslo_concurrency.processutils [None req-5a22a4cf-b05c-4507-8c4e-789ac6b520e6 tempest-AttachVolumeMultiAttachTest-1685780648 None] Running cmd (subprocess): sudo cinder-rootwrap /etc/cinder/rootwrap.conf env LC_ALL=C lvdisplay --noheading -C -o Attr --readonly stack-volumes-lvmdriver-1/volume-0900cc30-251c-4e73-b6c8-c3840a7a0f16 {{(pid=104939) execute /usr/local/lib/python3.12/site-packages/oslo_concurrency/processutils.py:349}}
Oct 07 17:16:09.655318 np0005474935.novalocal sudo[140341]: stack : PWD=/ ; USER=root ; COMMAND=/usr/local/bin/cinder-rootwrap /etc/cinder/rootwrap.conf env LC_ALL=C lvdisplay --noheading -C -o Attr --readonly stack-volumes-lvmdriver-1/volume-0900cc30-251c-4e73-b6c8-c3840a7a0f16
Oct 07 17:16:09.960219 np0005474935.novalocal cinder-volume[104939]: DEBUG cinder.coordination [None req-0881396a-9c97-4943-87e2-79c77eeb4a0e tempest-VolumesBackupsV39Test-1194639260 None] Acquiring lock "cinder-eb44c84c-78d6-40a0-b17d-2268f817a3d5-delete_volume" by "delete_volume" {{(pid=104939) __acquire /opt/stack/cinder/cinder/coordination.py:143}}
Oct 07 17:16:09.976556 np0005474935.novalocal cinder-volume[104939]: DEBUG cinder.coordination [None req-0881396a-9c97-4943-87e2-79c77eeb4a0e tempest-VolumesBackupsV39Test-1194639260 None] Lock "cinder-eb44c84c-78d6-40a0-b17d-2268f817a3d5-delete_volume" acquired by "delete_volume" :: waited 0.016s {{(pid=104939) __acquire /opt/stack/cinder/cinder/coordination.py:146}}
Oct 07 17:16:09.993658 np0005474935.novalocal cinder-volume[104939]: DEBUG oslo_concurrency.lockutils [None req-0881396a-9c97-4943-87e2-79c77eeb4a0e tempest-VolumesBackupsV39Test-1194639260 None] Acquiring lock "lioadm" by "cinder.volume.targets.lio.LioAdm._execute" {{(pid=104939) inner /usr/local/lib/python3.12/site-packages/oslo_concurrency/lockutils.py:405}}
Oct 07 17:16:09.994502 np0005474935.novalocal cinder-volume[104939]: DEBUG oslo_concurrency.lockutils [None req-0881396a-9c97-4943-87e2-79c77eeb4a0e tempest-VolumesBackupsV39Test-1194639260 None] Lock "lioadm" acquired by "cinder.volume.targets.lio.LioAdm._execute" :: waited 0.001s {{(pid=104939) inner /usr/local/lib/python3.12/site-packages/oslo_concurrency/lockutils.py:410}}
Oct 07 17:16:09.995317 np0005474935.novalocal cinder-volume[104939]: DEBUG oslo_concurrency.processutils [None req-0881396a-9c97-4943-87e2-79c77eeb4a0e tempest-VolumesBackupsV39Test-1194639260 None] Running cmd (subprocess): sudo cinder-rootwrap /etc/cinder/rootwrap.conf cinder-rtstool get-targets {{(pid=104939) execute /usr/local/lib/python3.12/site-packages/oslo_concurrency/processutils.py:349}}
Oct 07 17:16:10.034530 np0005474935.novalocal sudo[140368]: stack : PWD=/ ; USER=root ; COMMAND=/usr/local/bin/cinder-rootwrap /etc/cinder/rootwrap.conf cinder-rtstool get-targets
Oct 07 17:16:10.092210 np0005474935.novalocal cinder-volume[104939]: DEBUG oslo_concurrency.processutils [None req-5a22a4cf-b05c-4507-8c4e-789ac6b520e6 tempest-AttachVolumeMultiAttachTest-1685780648 None] CMD "sudo cinder-rootwrap /etc/cinder/rootwrap.conf env LC_ALL=C lvdisplay --noheading -C -o Attr --readonly stack-volumes-lvmdriver-1/volume-0900cc30-251c-4e73-b6c8-c3840a7a0f16" returned: 0 in 0.468s {{(pid=104939) execute /usr/local/lib/python3.12/site-packages/oslo_concurrency/processutils.py:372}}
Oct 07 17:16:10.093792 np0005474935.novalocal cinder-volume[104939]: DEBUG oslo_concurrency.processutils [None req-5a22a4cf-b05c-4507-8c4e-789ac6b520e6 tempest-AttachVolumeMultiAttachTest-1685780648 None] Running cmd (subprocess): sudo cinder-rootwrap /etc/cinder/rootwrap.conf lvremove --config activation { retry_deactivation = 1} -f stack-volumes-lvmdriver-1/volume-0900cc30-251c-4e73-b6c8-c3840a7a0f16 {{(pid=104939) execute /usr/local/lib/python3.12/site-packages/oslo_concurrency/processutils.py:349}}
Oct 07 17:16:10.120204 np0005474935.novalocal sudo[140372]: stack : PWD=/ ; USER=root ; COMMAND=/usr/local/bin/cinder-rootwrap /etc/cinder/rootwrap.conf lvremove --config 'activation { retry_deactivation = 1} ' -f stack-volumes-lvmdriver-1/volume-0900cc30-251c-4e73-b6c8-c3840a7a0f16
Oct 07 17:16:10.538604 np0005474935.novalocal cinder-volume[104939]: DEBUG oslo_concurrency.processutils [None req-5a22a4cf-b05c-4507-8c4e-789ac6b520e6 tempest-AttachVolumeMultiAttachTest-1685780648 None] CMD "sudo cinder-rootwrap /etc/cinder/rootwrap.conf lvremove --config activation { retry_deactivation = 1} -f stack-volumes-lvmdriver-1/volume-0900cc30-251c-4e73-b6c8-c3840a7a0f16" returned: 0 in 0.443s {{(pid=104939) execute /usr/local/lib/python3.12/site-packages/oslo_concurrency/processutils.py:372}}
Oct 07 17:16:10.538604 np0005474935.novalocal cinder-volume[104939]: INFO cinder.volume.drivers.lvm [None req-5a22a4cf-b05c-4507-8c4e-789ac6b520e6 tempest-AttachVolumeMultiAttachTest-1685780648 None] Successfully deleted volume: 0900cc30-251c-4e73-b6c8-c3840a7a0f16
Oct 07 17:16:10.562078 np0005474935.novalocal cinder-volume[104939]: WARNING cinder.quota [None req-5a22a4cf-b05c-4507-8c4e-789ac6b520e6 tempest-AttachVolumeMultiAttachTest-1685780648 None] Deprecated: Default quota for resource: volumes_multiattach is set by the default quota flag: quota_volumes_multiattach, it is now deprecated. Please use the default quota class for default quota.
Oct 07 17:16:10.576624 np0005474935.novalocal cinder-volume[104939]: DEBUG cinder.quota [None req-5a22a4cf-b05c-4507-8c4e-789ac6b520e6 tempest-AttachVolumeMultiAttachTest-1685780648 None] Created reservations ['a6639e27-1871-4f7b-80d0-400966812be8', '4115e4d1-3361-4e12-a9d5-f6493a25d0e7', '8be0027a-220f-42e2-8486-602ec37a2a16', '86d57376-be4b-4a41-95d3-1b2d58c61296'] {{(pid=104939) reserve /opt/stack/cinder/cinder/quota.py:752}}
Oct 07 17:16:10.603407 np0005474935.novalocal cinder-volume[104939]: DEBUG oslo_concurrency.processutils [None req-0881396a-9c97-4943-87e2-79c77eeb4a0e tempest-VolumesBackupsV39Test-1194639260 None] CMD "sudo cinder-rootwrap /etc/cinder/rootwrap.conf cinder-rtstool get-targets" returned: 0 in 0.608s {{(pid=104939) execute /usr/local/lib/python3.12/site-packages/oslo_concurrency/processutils.py:372}}
Oct 07 17:16:10.604033 np0005474935.novalocal cinder-volume[104939]: DEBUG oslo_concurrency.lockutils [None req-0881396a-9c97-4943-87e2-79c77eeb4a0e tempest-VolumesBackupsV39Test-1194639260 None] Lock "lioadm" "released" by "cinder.volume.targets.lio.LioAdm._execute" :: held 0.609s {{(pid=104939) inner /usr/local/lib/python3.12/site-packages/oslo_concurrency/lockutils.py:424}}
