Oct 07 17:10:34.241244 np0005474935.novalocal cinder-volume[104939]: DEBUG cinder.volume.manager [None req-2ea55607-8f5a-4c43-81f0-fc5bd47176a3 tempest-SnapshotMetadataTestJSON-163344876 None] Task 'cinder.volume.flows.manager.create_volume.CreateVolumeOnFinishTask;volume:create, create.end' (bf959256-894c-4670-9c48-598bce756332) transitioned into state 'SUCCESS' from state 'RUNNING' with result 'None' {{(pid=104939) _task_receiver /usr/local/lib/python3.12/site-packages/taskflow/listeners/logging.py:182}}
Oct 07 17:10:34.245017 np0005474935.novalocal cinder-volume[104939]: DEBUG cinder.volume.manager [None req-2ea55607-8f5a-4c43-81f0-fc5bd47176a3 tempest-SnapshotMetadataTestJSON-163344876 None] Flow 'volume_create_manager' (f4de2f99-c314-4ff5-bfef-125292581c89) transitioned into state 'SUCCESS' from state 'RUNNING' {{(pid=104939) _flow_receiver /usr/local/lib/python3.12/site-packages/taskflow/listeners/logging.py:145}}
Oct 07 17:10:34.255120 np0005474935.novalocal cinder-volume[104939]: INFO cinder.volume.manager [None req-2ea55607-8f5a-4c43-81f0-fc5bd47176a3 tempest-SnapshotMetadataTestJSON-163344876 None] Created volume successfully.
Oct 07 17:10:34.870658 np0005474935.novalocal cinder-volume[104939]: DEBUG oslo_concurrency.processutils [None req-b2067571-504f-4bd8-9b93-0c89aedea54a tempest-SnapshotMetadataTestJSON-163344876 None] Running cmd (subprocess): sudo cinder-rootwrap /etc/cinder/rootwrap.conf env LC_ALL=C lvs --noheadings --unit=g -o vg_name,name,size --nosuffix --readonly stack-volumes-lvmdriver-1/volume-b6ebfada-d31d-4b8b-bfc6-48bff6c4fd90 {{(pid=104939) execute /usr/local/lib/python3.12/site-packages/oslo_concurrency/processutils.py:349}}
Oct 07 17:10:34.900532 np0005474935.novalocal sudo[134745]: stack : PWD=/ ; USER=root ; COMMAND=/usr/local/bin/cinder-rootwrap /etc/cinder/rootwrap.conf env LC_ALL=C lvs --noheadings --unit=g -o vg_name,name,size --nosuffix --readonly stack-volumes-lvmdriver-1/volume-b6ebfada-d31d-4b8b-bfc6-48bff6c4fd90
Oct 07 17:10:35.264721 np0005474935.novalocal cinder-volume[104939]: DEBUG oslo_concurrency.processutils [None req-b2067571-504f-4bd8-9b93-0c89aedea54a tempest-SnapshotMetadataTestJSON-163344876 None] CMD "sudo cinder-rootwrap /etc/cinder/rootwrap.conf env LC_ALL=C lvs --noheadings --unit=g -o vg_name,name,size --nosuffix --readonly stack-volumes-lvmdriver-1/volume-b6ebfada-d31d-4b8b-bfc6-48bff6c4fd90" returned: 0 in 0.394s {{(pid=104939) execute /usr/local/lib/python3.12/site-packages/oslo_concurrency/processutils.py:372}}
Oct 07 17:10:35.265198 np0005474935.novalocal cinder-volume[104939]: DEBUG oslo_concurrency.processutils [None req-b2067571-504f-4bd8-9b93-0c89aedea54a tempest-SnapshotMetadataTestJSON-163344876 None] Running cmd (subprocess): sudo cinder-rootwrap /etc/cinder/rootwrap.conf env LC_ALL=C lvcreate --name _snapshot-c2591dac-72de-499f-8d67-24b4b7299966 --snapshot stack-volumes-lvmdriver-1/volume-b6ebfada-d31d-4b8b-bfc6-48bff6c4fd90 {{(pid=104939) execute /usr/local/lib/python3.12/site-packages/oslo_concurrency/processutils.py:349}}
Oct 07 17:10:35.294359 np0005474935.novalocal sudo[134751]: stack : PWD=/ ; USER=root ; COMMAND=/usr/local/bin/cinder-rootwrap /etc/cinder/rootwrap.conf env LC_ALL=C lvcreate --name _snapshot-c2591dac-72de-499f-8d67-24b4b7299966 --snapshot stack-volumes-lvmdriver-1/volume-b6ebfada-d31d-4b8b-bfc6-48bff6c4fd90
Oct 07 17:10:35.727559 np0005474935.novalocal cinder-volume[104939]: DEBUG oslo_concurrency.processutils [None req-b2067571-504f-4bd8-9b93-0c89aedea54a tempest-SnapshotMetadataTestJSON-163344876 None] CMD "sudo cinder-rootwrap /etc/cinder/rootwrap.conf env LC_ALL=C lvcreate --name _snapshot-c2591dac-72de-499f-8d67-24b4b7299966 --snapshot stack-volumes-lvmdriver-1/volume-b6ebfada-d31d-4b8b-bfc6-48bff6c4fd90" returned: 0 in 0.460s {{(pid=104939) execute /usr/local/lib/python3.12/site-packages/oslo_concurrency/processutils.py:372}}
Oct 07 17:10:35.747123 np0005474935.novalocal cinder-volume[104939]: INFO cinder.volume.manager [None req-b2067571-504f-4bd8-9b93-0c89aedea54a tempest-SnapshotMetadataTestJSON-163344876 None] Create snapshot completed successfully
Oct 07 17:10:36.370584 np0005474935.novalocal cinder-volume[104939]: DEBUG cinder.coordination [None req-6c7fb39a-ff45-4c7e-b87d-cf4bad1eeeb1 tempest-SnapshotMetadataTestJSON-163344876 None] Acquiring lock "cinder-c2591dac-72de-499f-8d67-24b4b7299966-delete_snapshot" by "delete_snapshot" {{(pid=104939) __acquire /opt/stack/cinder/cinder/coordination.py:143}}
Oct 07 17:10:36.383254 np0005474935.novalocal cinder-volume[104939]: DEBUG cinder.coordination [None req-6c7fb39a-ff45-4c7e-b87d-cf4bad1eeeb1 tempest-SnapshotMetadataTestJSON-163344876 None] Lock "cinder-c2591dac-72de-499f-8d67-24b4b7299966-delete_snapshot" acquired by "delete_snapshot" :: waited 0.016s {{(pid=104939) __acquire /opt/stack/cinder/cinder/coordination.py:146}}
Oct 07 17:10:36.387199 np0005474935.novalocal cinder-volume[104939]: DEBUG oslo_concurrency.processutils [None req-6c7fb39a-ff45-4c7e-b87d-cf4bad1eeeb1 tempest-SnapshotMetadataTestJSON-163344876 None] Running cmd (subprocess): sudo cinder-rootwrap /etc/cinder/rootwrap.conf env LC_ALL=C lvs --noheadings --unit=g -o vg_name,name,size --nosuffix --readonly stack-volumes-lvmdriver-1/_snapshot-c2591dac-72de-499f-8d67-24b4b7299966 {{(pid=104939) execute /usr/local/lib/python3.12/site-packages/oslo_concurrency/processutils.py:349}}
Oct 07 17:10:36.425939 np0005474935.novalocal sudo[134764]: stack : PWD=/ ; USER=root ; COMMAND=/usr/local/bin/cinder-rootwrap /etc/cinder/rootwrap.conf env LC_ALL=C lvs --noheadings --unit=g -o vg_name,name,size --nosuffix --readonly stack-volumes-lvmdriver-1/_snapshot-c2591dac-72de-499f-8d67-24b4b7299966
Oct 07 17:10:36.836718 np0005474935.novalocal cinder-volume[104939]: DEBUG oslo_concurrency.processutils [None req-6c7fb39a-ff45-4c7e-b87d-cf4bad1eeeb1 tempest-SnapshotMetadataTestJSON-163344876 None] CMD "sudo cinder-rootwrap /etc/cinder/rootwrap.conf env LC_ALL=C lvs --noheadings --unit=g -o vg_name,name,size --nosuffix --readonly stack-volumes-lvmdriver-1/_snapshot-c2591dac-72de-499f-8d67-24b4b7299966" returned: 0 in 0.447s {{(pid=104939) execute /usr/local/lib/python3.12/site-packages/oslo_concurrency/processutils.py:372}}
Oct 07 17:10:36.842997 np0005474935.novalocal cinder-volume[104939]: DEBUG oslo_concurrency.processutils [None req-6c7fb39a-ff45-4c7e-b87d-cf4bad1eeeb1 tempest-SnapshotMetadataTestJSON-163344876 None] Running cmd (subprocess): sudo cinder-rootwrap /etc/cinder/rootwrap.conf lvremove --config activation { retry_deactivation = 1} -f stack-volumes-lvmdriver-1/_snapshot-c2591dac-72de-499f-8d67-24b4b7299966 {{(pid=104939) execute /usr/local/lib/python3.12/site-packages/oslo_concurrency/processutils.py:349}}
Oct 07 17:10:36.879026 np0005474935.novalocal sudo[134769]: stack : PWD=/ ; USER=root ; COMMAND=/usr/local/bin/cinder-rootwrap /etc/cinder/rootwrap.conf lvremove --config 'activation { retry_deactivation = 1} ' -f stack-volumes-lvmdriver-1/_snapshot-c2591dac-72de-499f-8d67-24b4b7299966
Oct 07 17:10:37.287140 np0005474935.novalocal cinder-volume[104939]: DEBUG oslo_concurrency.processutils [None req-6c7fb39a-ff45-4c7e-b87d-cf4bad1eeeb1 tempest-SnapshotMetadataTestJSON-163344876 None] CMD "sudo cinder-rootwrap /etc/cinder/rootwrap.conf lvremove --config activation { retry_deactivation = 1} -f stack-volumes-lvmdriver-1/_snapshot-c2591dac-72de-499f-8d67-24b4b7299966" returned: 0 in 0.442s {{(pid=104939) execute /usr/local/lib/python3.12/site-packages/oslo_concurrency/processutils.py:372}}
Oct 07 17:10:37.320681 np0005474935.novalocal cinder-volume[104939]: DEBUG cinder.quota [None req-6c7fb39a-ff45-4c7e-b87d-cf4bad1eeeb1 tempest-SnapshotMetadataTestJSON-163344876 None] Created reservations ['4c442c12-47e5-46ad-8361-6be457ef6572', 'dca233cf-8695-4d3d-bfb5-1cf7d2259b65', 'b75f41f3-19c7-41c6-9203-302cb89c76e9', 'b2143990-58f8-4aec-bc29-96b039425f54'] {{(pid=104939) reserve /opt/stack/cinder/cinder/quota.py:752}}
Oct 07 17:10:37.343615 np0005474935.novalocal cinder-volume[104939]: INFO cinder.volume.manager [None req-6c7fb39a-ff45-4c7e-b87d-cf4bad1eeeb1 tempest-SnapshotMetadataTestJSON-163344876 None] Delete snapshot completed successfully.
Oct 07 17:10:37.346644 np0005474935.novalocal cinder-volume[104939]: DEBUG cinder.coordination [None req-6c7fb39a-ff45-4c7e-b87d-cf4bad1eeeb1 tempest-SnapshotMetadataTestJSON-163344876 None] Lock "cinder-c2591dac-72de-499f-8d67-24b4b7299966-delete_snapshot" released by "delete_snapshot" :: held 0.963s {{(pid=104939) __release /opt/stack/cinder/cinder/coordination.py:157}}
Oct 07 17:10:37.514923 np0005474935.novalocal cinder-volume[104939]: DEBUG cinder.coordination [None req-31a50694-90a7-4fda-b2a7-dcaa5b37cc3e tempest-SnapshotMetadataTestJSON-163344876 None] Acquiring lock "cinder-b6ebfada-d31d-4b8b-bfc6-48bff6c4fd90-delete_volume" by "delete_volume" {{(pid=104939) __acquire /opt/stack/cinder/cinder/coordination.py:143}}
Oct 07 17:10:37.521434 np0005474935.novalocal cinder-volume[104939]: DEBUG cinder.coordination [None req-31a50694-90a7-4fda-b2a7-dcaa5b37cc3e tempest-SnapshotMetadataTestJSON-163344876 None] Lock "cinder-b6ebfada-d31d-4b8b-bfc6-48bff6c4fd90-delete_volume" acquired by "delete_volume" :: waited 0.009s {{(pid=104939) __acquire /opt/stack/cinder/cinder/coordination.py:146}}
Oct 07 17:10:37.538608 np0005474935.novalocal cinder-volume[104939]: INFO cinder.volume.targets.iscsi [None req-31a50694-90a7-4fda-b2a7-dcaa5b37cc3e tempest-SnapshotMetadataTestJSON-163344876 None] Skipping remove_export. No iscsi_target is presently exported for volume: b6ebfada-d31d-4b8b-bfc6-48bff6c4fd90
Oct 07 17:10:37.539194 np0005474935.novalocal cinder-volume[104939]: DEBUG oslo_concurrency.processutils [None req-31a50694-90a7-4fda-b2a7-dcaa5b37cc3e tempest-SnapshotMetadataTestJSON-163344876 None] Running cmd (subprocess): sudo cinder-rootwrap /etc/cinder/rootwrap.conf env LC_ALL=C lvs --noheadings --unit=g -o vg_name,name,size --nosuffix --readonly stack-volumes-lvmdriver-1/volume-b6ebfada-d31d-4b8b-bfc6-48bff6c4fd90 {{(pid=104939) execute /usr/local/lib/python3.12/site-packages/oslo_concurrency/processutils.py:349}}
Oct 07 17:10:37.562637 np0005474935.novalocal sudo[134775]: stack : PWD=/ ; USER=root ; COMMAND=/usr/local/bin/cinder-rootwrap /etc/cinder/rootwrap.conf env LC_ALL=C lvs --noheadings --unit=g -o vg_name,name,size --nosuffix --readonly stack-volumes-lvmdriver-1/volume-b6ebfada-d31d-4b8b-bfc6-48bff6c4fd90
Oct 07 17:10:37.908481 np0005474935.novalocal cinder-volume[104939]: DEBUG oslo_concurrency.processutils [None req-31a50694-90a7-4fda-b2a7-dcaa5b37cc3e tempest-SnapshotMetadataTestJSON-163344876 None] CMD "sudo cinder-rootwrap /etc/cinder/rootwrap.conf env LC_ALL=C lvs --noheadings --unit=g -o vg_name,name,size --nosuffix --readonly stack-volumes-lvmdriver-1/volume-b6ebfada-d31d-4b8b-bfc6-48bff6c4fd90" returned: 0 in 0.367s {{(pid=104939) execute /usr/local/lib/python3.12/site-packages/oslo_concurrency/processutils.py:372}}
Oct 07 17:10:37.908481 np0005474935.novalocal cinder-volume[104939]: DEBUG oslo_concurrency.processutils [None req-31a50694-90a7-4fda-b2a7-dcaa5b37cc3e tempest-SnapshotMetadataTestJSON-163344876 None] Running cmd (subprocess): sudo cinder-rootwrap /etc/cinder/rootwrap.conf env LC_ALL=C lvdisplay --noheading -C -o Attr --readonly stack-volumes-lvmdriver-1/volume-b6ebfada-d31d-4b8b-bfc6-48bff6c4fd90 {{(pid=104939) execute /usr/local/lib/python3.12/site-packages/oslo_concurrency/processutils.py:349}}
Oct 07 17:10:37.930760 np0005474935.novalocal sudo[134780]: stack : PWD=/ ; USER=root ; COMMAND=/usr/local/bin/cinder-rootwrap /etc/cinder/rootwrap.conf env LC_ALL=C lvdisplay --noheading -C -o Attr --readonly stack-volumes-lvmdriver-1/volume-b6ebfada-d31d-4b8b-bfc6-48bff6c4fd90
Oct 07 17:10:38.335085 np0005474935.novalocal cinder-volume[104939]: DEBUG oslo_concurrency.processutils [None req-31a50694-90a7-4fda-b2a7-dcaa5b37cc3e tempest-SnapshotMetadataTestJSON-163344876 None] CMD "sudo cinder-rootwrap /etc/cinder/rootwrap.conf env LC_ALL=C lvdisplay --noheading -C -o Attr --readonly stack-volumes-lvmdriver-1/volume-b6ebfada-d31d-4b8b-bfc6-48bff6c4fd90" returned: 0 in 0.426s {{(pid=104939) execute /usr/local/lib/python3.12/site-packages/oslo_concurrency/processutils.py:372}}
Oct 07 17:10:38.335085 np0005474935.novalocal cinder-volume[104939]: DEBUG oslo_concurrency.processutils [None req-31a50694-90a7-4fda-b2a7-dcaa5b37cc3e tempest-SnapshotMetadataTestJSON-163344876 None] Running cmd (subprocess): sudo cinder-rootwrap /etc/cinder/rootwrap.conf lvremove --config activation { retry_deactivation = 1} -f stack-volumes-lvmdriver-1/volume-b6ebfada-d31d-4b8b-bfc6-48bff6c4fd90 {{(pid=104939) execute /usr/local/lib/python3.12/site-packages/oslo_concurrency/processutils.py:349}}
Oct 07 17:10:38.365884 np0005474935.novalocal sudo[134786]: stack : PWD=/ ; USER=root ; COMMAND=/usr/local/bin/cinder-rootwrap /etc/cinder/rootwrap.conf lvremove --config 'activation { retry_deactivation = 1} ' -f stack-volumes-lvmdriver-1/volume-b6ebfada-d31d-4b8b-bfc6-48bff6c4fd90
Oct 07 17:10:38.799194 np0005474935.novalocal cinder-volume[104939]: DEBUG oslo_concurrency.processutils [None req-31a50694-90a7-4fda-b2a7-dcaa5b37cc3e tempest-SnapshotMetadataTestJSON-163344876 None] CMD "sudo cinder-rootwrap /etc/cinder/rootwrap.conf lvremove --config activation { retry_deactivation = 1} -f stack-volumes-lvmdriver-1/volume-b6ebfada-d31d-4b8b-bfc6-48bff6c4fd90" returned: 0 in 0.465s {{(pid=104939) execute /usr/local/lib/python3.12/site-packages/oslo_concurrency/processutils.py:372}}
Oct 07 17:10:38.799595 np0005474935.novalocal cinder-volume[104939]: INFO cinder.volume.drivers.lvm [None req-31a50694-90a7-4fda-b2a7-dcaa5b37cc3e tempest-SnapshotMetadataTestJSON-163344876 None] Successfully deleted volume: b6ebfada-d31d-4b8b-bfc6-48bff6c4fd90
Oct 07 17:10:38.826441 np0005474935.novalocal cinder-volume[104939]: DEBUG cinder.quota [None req-31a50694-90a7-4fda-b2a7-dcaa5b37cc3e tempest-SnapshotMetadataTestJSON-163344876 None] Created reservations ['ee5cd878-c96f-4535-9810-0d86b75320b3', '667542ff-443a-4746-92e9-e4bcd5575e30', '05098b67-267c-4193-8ee9-22d5d317551f', '2fc97d86-655a-4a1b-8208-2eaa9fd3d592'] {{(pid=104939) reserve /opt/stack/cinder/cinder/quota.py:752}}
Oct 07 17:10:38.864171 np0005474935.novalocal cinder-volume[104939]: DEBUG cinder.volume.drivers.lvm [None req-31a50694-90a7-4fda-b2a7-dcaa5b37cc3e tempest-SnapshotMetadataTestJSON-163344876 None] Updating volume stats {{(pid=104939) _update_volume_stats /opt/stack/cinder/cinder/volume/drivers/lvm.py:227}}
Oct 07 17:10:38.864546 np0005474935.novalocal cinder-volume[104939]: DEBUG oslo_concurrency.processutils [None req-31a50694-90a7-4fda-b2a7-dcaa5b37cc3e tempest-SnapshotMetadataTestJSON-163344876 None] Running cmd (subprocess): sudo cinder-rootwrap /etc/cinder/rootwrap.conf env LC_ALL=C vgs --noheadings --unit=g -o name,size,free,lv_count,uuid --separator : --nosuffix stack-volumes-lvmdriver-1 {{(pid=104939) execute /usr/local/lib/python3.12/site-packages/oslo_concurrency/processutils.py:349}}
Oct 07 17:10:38.888950 np0005474935.novalocal sudo[134793]: stack : PWD=/ ; USER=root ; COMMAND=/usr/local/bin/cinder-rootwrap /etc/cinder/rootwrap.conf env LC_ALL=C vgs --noheadings --unit=g -o name,size,free,lv_count,uuid --separator : --nosuffix stack-volumes-lvmdriver-1
Oct 07 17:10:39.233489 np0005474935.novalocal cinder-volume[104939]: DEBUG oslo_concurrency.processutils [None req-31a50694-90a7-4fda-b2a7-dcaa5b37cc3e tempest-SnapshotMetadataTestJSON-163344876 None] CMD "sudo cinder-rootwrap /etc/cinder/rootwrap.conf env LC_ALL=C vgs --noheadings --unit=g -o name,size,free,lv_count,uuid --separator : --nosuffix stack-volumes-lvmdriver-1" returned: 0 in 0.369s {{(pid=104939) execute /usr/local/lib/python3.12/site-packages/oslo_concurrency/processutils.py:372}}
Oct 07 17:10:39.234366 np0005474935.novalocal cinder-volume[104939]: DEBUG oslo_concurrency.processutils [None req-31a50694-90a7-4fda-b2a7-dcaa5b37cc3e tempest-SnapshotMetadataTestJSON-163344876 None] Running cmd (subprocess): sudo cinder-rootwrap /etc/cinder/rootwrap.conf env LC_ALL=C lvs --noheadings --unit=g -o vg_name,name,size --nosuffix --readonly stack-volumes-lvmdriver-1 {{(pid=104939) execute /usr/local/lib/python3.12/site-packages/oslo_concurrency/processutils.py:349}}
Oct 07 17:10:39.258068 np0005474935.novalocal sudo[134800]: stack : PWD=/ ; USER=root ; COMMAND=/usr/local/bin/cinder-rootwrap /etc/cinder/rootwrap.conf env LC_ALL=C lvs --noheadings --unit=g -o vg_name,name,size --nosuffix --readonly stack-volumes-lvmdriver-1
Oct 07 17:10:39.620074 np0005474935.novalocal cinder-volume[104939]: DEBUG oslo_concurrency.processutils [None req-31a50694-90a7-4fda-b2a7-dcaa5b37cc3e tempest-SnapshotMetadataTestJSON-163344876 None] CMD "sudo cinder-rootwrap /etc/cinder/rootwrap.conf env LC_ALL=C lvs --noheadings --unit=g -o vg_name,name,size --nosuffix --readonly stack-volumes-lvmdriver-1" returned: 0 in 0.385s {{(pid=104939) execute /usr/local/lib/python3.12/site-packages/oslo_concurrency/processutils.py:372}}
Oct 07 17:10:39.621321 np0005474935.novalocal cinder-volume[104939]: DEBUG oslo_concurrency.processutils [None req-31a50694-90a7-4fda-b2a7-dcaa5b37cc3e tempest-SnapshotMetadataTestJSON-163344876 None] Running cmd (subprocess): sudo cinder-rootwrap /etc/cinder/rootwrap.conf env LC_ALL=C lvs --noheadings --unit=g -o size,data_percent --separator : --nosuffix /dev/stack-volumes-lvmdriver-1/stack-volumes-lvmdriver-1-pool {{(pid=104939) execute /usr/local/lib/python3.12/site-packages/oslo_concurrency/processutils.py:349}}
Oct 07 17:10:39.665534 np0005474935.novalocal sudo[134806]: stack : PWD=/ ; USER=root ; COMMAND=/usr/local/bin/cinder-rootwrap /etc/cinder/rootwrap.conf env LC_ALL=C lvs --noheadings --unit=g -o size,data_percent --separator : --nosuffix /dev/stack-volumes-lvmdriver-1/stack-volumes-lvmdriver-1-pool
Oct 07 17:10:40.071642 np0005474935.novalocal cinder-volume[104939]: DEBUG oslo_concurrency.processutils [None req-31a50694-90a7-4fda-b2a7-dcaa5b37cc3e tempest-SnapshotMetadataTestJSON-163344876 None] CMD "sudo cinder-rootwrap /etc/cinder/rootwrap.conf env LC_ALL=C lvs --noheadings --unit=g -o size,data_percent --separator : --nosuffix /dev/stack-volumes-lvmdriver-1/stack-volumes-lvmdriver-1-pool" returned: 0 in 0.450s {{(pid=104939) execute /usr/local/lib/python3.12/site-packages/oslo_concurrency/processutils.py:372}}
Oct 07 17:10:40.073285 np0005474935.novalocal cinder-volume[104939]: DEBUG oslo_concurrency.processutils [None req-31a50694-90a7-4fda-b2a7-dcaa5b37cc3e tempest-SnapshotMetadataTestJSON-163344876 None] Running cmd (subprocess): sudo cinder-rootwrap /etc/cinder/rootwrap.conf env LC_ALL=C lvs --noheadings --unit=g -o vg_name,name,size --nosuffix --readonly stack-volumes-lvmdriver-1 {{(pid=104939) execute /usr/local/lib/python3.12/site-packages/oslo_concurrency/processutils.py:349}}
Oct 07 17:10:40.097970 np0005474935.novalocal sudo[134817]: stack : PWD=/ ; USER=root ; COMMAND=/usr/local/bin/cinder-rootwrap /etc/cinder/rootwrap.conf env LC_ALL=C lvs --noheadings --unit=g -o vg_name,name,size --nosuffix --readonly stack-volumes-lvmdriver-1
Oct 07 17:10:40.476736 np0005474935.novalocal cinder-volume[104939]: DEBUG oslo_concurrency.processutils [None req-31a50694-90a7-4fda-b2a7-dcaa5b37cc3e tempest-SnapshotMetadataTestJSON-163344876 None] CMD "sudo cinder-rootwrap /etc/cinder/rootwrap.conf env LC_ALL=C lvs --noheadings --unit=g -o vg_name,name,size --nosuffix --readonly stack-volumes-lvmdriver-1" returned: 0 in 0.404s {{(pid=104939) execute /usr/local/lib/python3.12/site-packages/oslo_concurrency/processutils.py:372}}
Oct 07 17:10:40.484301 np0005474935.novalocal cinder-volume[104939]: DEBUG cinder.manager [None req-31a50694-90a7-4fda-b2a7-dcaa5b37cc3e tempest-SnapshotMetadataTestJSON-163344876 None] Notifying Schedulers of capabilities ... {{(pid=104939) _publish_service_capabilities /opt/stack/cinder/cinder/manager.py:202}}
Oct 07 17:10:40.490029 np0005474935.novalocal cinder-volume[104939]: INFO cinder.volume.manager [None req-31a50694-90a7-4fda-b2a7-dcaa5b37cc3e tempest-SnapshotMetadataTestJSON-163344876 None] Deleted volume successfully.
Oct 07 17:10:40.510998 np0005474935.novalocal cinder-volume[104939]: DEBUG cinder.coordination [None req-31a50694-90a7-4fda-b2a7-dcaa5b37cc3e tempest-SnapshotMetadataTestJSON-163344876 None] Lock "cinder-b6ebfada-d31d-4b8b-bfc6-48bff6c4fd90-delete_volume" released by "delete_volume" :: held 2.990s {{(pid=104939) __release /opt/stack/cinder/cinder/coordination.py:157}}
Oct 07 17:10:41.681456 np0005474935.novalocal cinder-volume[104939]: DEBUG cinder.volume.flows.manager.create_volume [None req-7a4e642a-0fdd-43d6-863a-d3b93ee85030 tempest-AbsoluteLimitsTests-237637668 None] Volume reschedule parameters: True retry: {'num_attempts': 1, 'backends': ['np0005474935.novalocal@lvmdriver-1#lvmdriver-1'], 'hosts': ['np0005474935.novalocal@lvmdriver-1#lvmdriver-1']} {{(pid=104939) get_flow /opt/stack/cinder/cinder/volume/flows/manager/create_volume.py:1384}}
Oct 07 17:10:41.696481 np0005474935.novalocal cinder-volume[104939]: DEBUG cinder.volume.manager [None req-7a4e642a-0fdd-43d6-863a-d3b93ee85030 tempest-AbsoluteLimitsTests-237637668 None] Flow 'volume_create_manager' (ee2a34c7-0a37-478b-9cd6-60a732460514) transitioned into state 'RUNNING' from state 'PENDING' {{(pid=104939) _flow_receiver /usr/local/lib/python3.12/site-packages/taskflow/listeners/logging.py:145}}
Oct 07 17:10:41.698439 np0005474935.novalocal cinder-volume[104939]: DEBUG cinder.volume.manager [None req-7a4e642a-0fdd-43d6-863a-d3b93ee85030 tempest-AbsoluteLimitsTests-237637668 None] Task 'cinder.volume.flows.manager.create_volume.ExtractVolumeRefTask;volume:create' (768da26b-2370-428c-a41a-eaf3d7b2d1a6) transitioned into state 'RUNNING' from state 'PENDING' {{(pid=104939) _task_receiver /usr/local/lib/python3.12/site-packages/taskflow/listeners/logging.py:194}}
Oct 07 17:10:41.707062 np0005474935.novalocal cinder-volume[104939]: DEBUG cinder.volume.manager [None req-7a4e642a-0fdd-43d6-863a-d3b93ee85030 tempest-AbsoluteLimitsTests-237637668 None] Task 'cinder.volume.flows.manager.create_volume.ExtractVolumeRefTask;volume:create' (768da26b-2370-428c-a41a-eaf3d7b2d1a6) transitioned into state 'SUCCESS' from state 'RUNNING' with result 'Volume(_name_id=None,admin_metadata=,attach_status='detached',availability_zone='nova',bootable=False,cluster=,cluster_name=None,consistencygroup=,consistencygroup_id=None,created_at=2025-10-07T21:10:41Z,deleted=False,deleted_at=None,display_description=None,display_name='tempest-AbsoluteLimitsTests-Volume-516188207',ec2_id=None,encryption_key_id=None,glance_metadata=,group=,group_id=None,host='np0005474935.novalocal@lvmdriver-1#lvmdriver-1',id=6a3ea9a4-0360-44dc-9077-46fc9861ee00,launched_at=None,metadata={},migration_status=None,multiattach=False,previous_status=None,project_id='d105b3d57c6a4e868207d834f0964ae2',provider_auth=None,provider_geometry=None,provider_id=None,provider_location=None,replication_driver_data=None,replication_extended_status=None,replication_status=None,scheduled_at=2025-10-07T21:10:41Z,service_uuid=None,shared_targets=True,size=1,snapshot_id=None,snapshots=,source_volid=None,status='creating',terminated_at=None,updated_at=2025-10-07T21:10:41Z,use_quota=True,user_id='67c140839b9d4aef88e48ce281c02d92',volume_attachment=VolumeAttachmentList,volume_type=VolumeType(cb5faf91-e3d4-47d3-abe9-b252347dc403),volume_type_id=cb5faf91-e3d4-47d3-abe9-b252347dc403)' {{(pid=104939) _task_receiver /usr/local/lib/python3.12/site-packages/taskflow/listeners/logging.py:182}}
Oct 07 17:10:41.708687 np0005474935.novalocal cinder-volume[104939]: DEBUG cinder.volume.manager [None req-7a4e642a-0fdd-43d6-863a-d3b93ee85030 tempest-AbsoluteLimitsTests-237637668 None] Task 'cinder.volume.flows.manager.create_volume.OnFailureRescheduleTask;volume:create' (56456431-1e25-4d3f-9acf-051650ef797f) transitioned into state 'RUNNING' from state 'PENDING' {{(pid=104939) _task_receiver /usr/local/lib/python3.12/site-packages/taskflow/listeners/logging.py:194}}
Oct 07 17:10:41.710073 np0005474935.novalocal cinder-volume[104939]: DEBUG cinder.volume.manager [None req-7a4e642a-0fdd-43d6-863a-d3b93ee85030 tempest-AbsoluteLimitsTests-237637668 None] Task 'cinder.volume.flows.manager.create_volume.OnFailureRescheduleTask;volume:create' (56456431-1e25-4d3f-9acf-051650ef797f) transitioned into state 'SUCCESS' from state 'RUNNING' with result 'None' {{(pid=104939) _task_receiver /usr/local/lib/python3.12/site-packages/taskflow/listeners/logging.py:182}}
Oct 07 17:10:41.711500 np0005474935.novalocal cinder-volume[104939]: DEBUG cinder.volume.manager [None req-7a4e642a-0fdd-43d6-863a-d3b93ee85030 tempest-AbsoluteLimitsTests-237637668 None] Task 'cinder.volume.flows.manager.create_volume.ExtractVolumeSpecTask;volume:create' (b4bcea8b-45ba-4540-9eb5-7236cfd300ba) transitioned into state 'RUNNING' from state 'PENDING' {{(pid=104939) _task_receiver /usr/local/lib/python3.12/site-packages/taskflow/listeners/logging.py:194}}
Oct 07 17:10:41.712850 np0005474935.novalocal cinder-volume[104939]: DEBUG cinder.volume.manager [None req-7a4e642a-0fdd-43d6-863a-d3b93ee85030 tempest-AbsoluteLimitsTests-237637668 None] Task 'cinder.volume.flows.manager.create_volume.ExtractVolumeSpecTask;volume:create' (b4bcea8b-45ba-4540-9eb5-7236cfd300ba) transitioned into state 'SUCCESS' from state 'RUNNING' with result '{'status': 'creating', 'type': 'raw', 'volume_id': '6a3ea9a4-0360-44dc-9077-46fc9861ee00', 'volume_name': 'volume-6a3ea9a4-0360-44dc-9077-46fc9861ee00', 'volume_size': 1}' {{(pid=104939) _task_receiver /usr/local/lib/python3.12/site-packages/taskflow/listeners/logging.py:182}}
Oct 07 17:10:41.714194 np0005474935.novalocal cinder-volume[104939]: DEBUG cinder.volume.manager [None req-7a4e642a-0fdd-43d6-863a-d3b93ee85030 tempest-AbsoluteLimitsTests-237637668 None] Task 'cinder.volume.flows.manager.create_volume.NotifyVolumeActionTask;volume:create, create.start' (30dbf446-e379-42ae-b15f-3c6955f63ba3) transitioned into state 'RUNNING' from state 'PENDING' {{(pid=104939) _task_receiver /usr/local/lib/python3.12/site-packages/taskflow/listeners/logging.py:194}}
Oct 07 17:10:41.715389 np0005474935.novalocal cinder-volume[104939]: DEBUG cinder.volume.manager [None req-7a4e642a-0fdd-43d6-863a-d3b93ee85030 tempest-AbsoluteLimitsTests-237637668 None] Task 'cinder.volume.flows.manager.create_volume.NotifyVolumeActionTask;volume:create, create.start' (30dbf446-e379-42ae-b15f-3c6955f63ba3) transitioned into state 'SUCCESS' from state 'RUNNING' with result 'None' {{(pid=104939) _task_receiver /usr/local/lib/python3.12/site-packages/taskflow/listeners/logging.py:182}}
Oct 07 17:10:41.716696 np0005474935.novalocal cinder-volume[104939]: DEBUG cinder.volume.manager [None req-7a4e642a-0fdd-43d6-863a-d3b93ee85030 tempest-AbsoluteLimitsTests-237637668 None] Task 'cinder.volume.flows.manager.create_volume.CreateVolumeFromSpecTask;volume:create' (5ad95d4d-ed8d-4049-9d08-257e84242dd8) transitioned into state 'RUNNING' from state 'PENDING' {{(pid=104939) _task_receiver /usr/local/lib/python3.12/site-packages/taskflow/listeners/logging.py:194}}
Oct 07 17:10:41.717035 np0005474935.novalocal cinder-volume[104939]: INFO cinder.volume.flows.manager.create_volume [None req-7a4e642a-0fdd-43d6-863a-d3b93ee85030 tempest-AbsoluteLimitsTests-237637668 None] Volume 6a3ea9a4-0360-44dc-9077-46fc9861ee00: being created as raw with specification: {'status': 'creating', 'volume_name': 'volume-6a3ea9a4-0360-44dc-9077-46fc9861ee00', 'volume_size': 1}
Oct 07 17:10:41.717439 np0005474935.novalocal cinder-volume[104939]: DEBUG oslo_concurrency.processutils [None req-7a4e642a-0fdd-43d6-863a-d3b93ee85030 tempest-AbsoluteLimitsTests-237637668 None] Running cmd (subprocess): sudo cinder-rootwrap /etc/cinder/rootwrap.conf env LC_ALL=C lvcreate -T -V 1g -n volume-6a3ea9a4-0360-44dc-9077-46fc9861ee00 stack-volumes-lvmdriver-1/stack-volumes-lvmdriver-1-pool {{(pid=104939) execute /usr/local/lib/python3.12/site-packages/oslo_concurrency/processutils.py:349}}
Oct 07 17:10:41.758637 np0005474935.novalocal sudo[134848]: stack : PWD=/ ; USER=root ; COMMAND=/usr/local/bin/cinder-rootwrap /etc/cinder/rootwrap.conf env LC_ALL=C lvcreate -T -V 1g -n volume-6a3ea9a4-0360-44dc-9077-46fc9861ee00 stack-volumes-lvmdriver-1/stack-volumes-lvmdriver-1-pool
Oct 07 17:10:42.397788 np0005474935.novalocal cinder-volume[104939]: DEBUG oslo_concurrency.processutils [None req-7a4e642a-0fdd-43d6-863a-d3b93ee85030 tempest-AbsoluteLimitsTests-237637668 None] CMD "sudo cinder-rootwrap /etc/cinder/rootwrap.conf env LC_ALL=C lvcreate -T -V 1g -n volume-6a3ea9a4-0360-44dc-9077-46fc9861ee00 stack-volumes-lvmdriver-1/stack-volumes-lvmdriver-1-pool" returned: 0 in 0.679s {{(pid=104939) execute /usr/local/lib/python3.12/site-packages/oslo_concurrency/processutils.py:372}}
Oct 07 17:10:42.400161 np0005474935.novalocal cinder-volume[104939]: DEBUG cinder.volume.manager [None req-7a4e642a-0fdd-43d6-863a-d3b93ee85030 tempest-AbsoluteLimitsTests-237637668 None] Task 'cinder.volume.flows.manager.create_volume.CreateVolumeFromSpecTask;volume:create' (5ad95d4d-ed8d-4049-9d08-257e84242dd8) transitioned into state 'SUCCESS' from state 'RUNNING' with result '{'status': 'creating', 'volume_name': 'volume-6a3ea9a4-0360-44dc-9077-46fc9861ee00', 'volume_size': 1}' {{(pid=104939) _task_receiver /usr/local/lib/python3.12/site-packages/taskflow/listeners/logging.py:182}}
Oct 07 17:10:42.402732 np0005474935.novalocal cinder-volume[104939]: DEBUG cinder.volume.manager [None req-7a4e642a-0fdd-43d6-863a-d3b93ee85030 tempest-AbsoluteLimitsTests-237637668 None] Task 'cinder.volume.flows.manager.create_volume.CreateVolumeOnFinishTask;volume:create, create.end' (e8b8f2a8-ccd8-4447-827f-10ae0176d4b1) transitioned into state 'RUNNING' from state 'PENDING' {{(pid=104939) _task_receiver /usr/local/lib/python3.12/site-packages/taskflow/listeners/logging.py:194}}
Oct 07 17:10:42.416528 np0005474935.novalocal cinder-volume[104939]: INFO cinder.volume.flows.manager.create_volume [None req-7a4e642a-0fdd-43d6-863a-d3b93ee85030 tempest-AbsoluteLimitsTests-237637668 None] Volume volume-6a3ea9a4-0360-44dc-9077-46fc9861ee00 (6a3ea9a4-0360-44dc-9077-46fc9861ee00): created successfully
Oct 07 17:10:42.417809 np0005474935.novalocal cinder-volume[104939]: DEBUG cinder.volume.manager [None req-7a4e642a-0fdd-43d6-863a-d3b93ee85030 tempest-AbsoluteLimitsTests-237637668 None] Task 'cinder.volume.flows.manager.create_volume.CreateVolumeOnFinishTask;volume:create, create.end' (e8b8f2a8-ccd8-4447-827f-10ae0176d4b1) transitioned into state 'SUCCESS' from state 'RUNNING' with result 'None' {{(pid=104939) _task_receiver /usr/local/lib/python3.12/site-packages/taskflow/listeners/logging.py:182}}
Oct 07 17:10:42.419512 np0005474935.novalocal cinder-volume[104939]: DEBUG cinder.volume.manager [None req-7a4e642a-0fdd-43d6-863a-d3b93ee85030 tempest-AbsoluteLimitsTests-237637668 None] Flow 'volume_create_manager' (ee2a34c7-0a37-478b-9cd6-60a732460514) transitioned into state 'SUCCESS' from state 'RUNNING' {{(pid=104939) _flow_receiver /usr/local/lib/python3.12/site-packages/taskflow/listeners/logging.py:145}}
Oct 07 17:10:42.425911 np0005474935.novalocal cinder-volume[104939]: INFO cinder.volume.manager [None req-7a4e642a-0fdd-43d6-863a-d3b93ee85030 tempest-AbsoluteLimitsTests-237637668 None] Created volume successfully.
Oct 07 17:10:42.839007 np0005474935.novalocal cinder-volume[104939]: DEBUG cinder.coordination [None req-a97ecf46-70bd-46f1-baff-b57977e6a8ba tempest-AbsoluteLimitsTests-237637668 None] Acquiring lock "cinder-6a3ea9a4-0360-44dc-9077-46fc9861ee00-delete_volume" by "delete_volume" {{(pid=104939) __acquire /opt/stack/cinder/cinder/coordination.py:143}}
Oct 07 17:10:42.846617 np0005474935.novalocal cinder-volume[104939]: DEBUG cinder.coordination [None req-a97ecf46-70bd-46f1-baff-b57977e6a8ba tempest-AbsoluteLimitsTests-237637668 None] Lock "cinder-6a3ea9a4-0360-44dc-9077-46fc9861ee00-delete_volume" acquired by "delete_volume" :: waited 0.008s {{(pid=104939) __acquire /opt/stack/cinder/cinder/coordination.py:146}}
Oct 07 17:10:42.875447 np0005474935.novalocal cinder-volume[104939]: INFO cinder.volume.targets.iscsi [None req-a97ecf46-70bd-46f1-baff-b57977e6a8ba tempest-AbsoluteLimitsTests-237637668 None] Skipping remove_export. No iscsi_target is presently exported for volume: 6a3ea9a4-0360-44dc-9077-46fc9861ee00
Oct 07 17:10:42.875447 np0005474935.novalocal cinder-volume[104939]: DEBUG oslo_concurrency.processutils [None req-a97ecf46-70bd-46f1-baff-b57977e6a8ba tempest-AbsoluteLimitsTests-237637668 None] Running cmd (subprocess): sudo cinder-rootwrap /etc/cinder/rootwrap.conf env LC_ALL=C lvs --noheadings --unit=g -o vg_name,name,size --nosuffix --readonly stack-volumes-lvmdriver-1/volume-6a3ea9a4-0360-44dc-9077-46fc9861ee00 {{(pid=104939) execute /usr/local/lib/python3.12/site-packages/oslo_concurrency/processutils.py:349}}
Oct 07 17:10:42.895709 np0005474935.novalocal sudo[134887]: stack : PWD=/ ; USER=root ; COMMAND=/usr/local/bin/cinder-rootwrap /etc/cinder/rootwrap.conf env LC_ALL=C lvs --noheadings --unit=g -o vg_name,name,size --nosuffix --readonly stack-volumes-lvmdriver-1/volume-6a3ea9a4-0360-44dc-9077-46fc9861ee00
Oct 07 17:10:43.325472 np0005474935.novalocal cinder-volume[104939]: DEBUG oslo_concurrency.processutils [None req-a97ecf46-70bd-46f1-baff-b57977e6a8ba tempest-AbsoluteLimitsTests-237637668 None] CMD "sudo cinder-rootwrap /etc/cinder/rootwrap.conf env LC_ALL=C lvs --noheadings --unit=g -o vg_name,name,size --nosuffix --readonly stack-volumes-lvmdriver-1/volume-6a3ea9a4-0360-44dc-9077-46fc9861ee00" returned: 0 in 0.448s {{(pid=104939) execute /usr/local/lib/python3.12/site-packages/oslo_concurrency/processutils.py:372}}
Oct 07 17:10:43.325472 np0005474935.novalocal cinder-volume[104939]: DEBUG oslo_concurrency.processutils [None req-a97ecf46-70bd-46f1-baff-b57977e6a8ba tempest-AbsoluteLimitsTests-237637668 None] Running cmd (subprocess): sudo cinder-rootwrap /etc/cinder/rootwrap.conf env LC_ALL=C lvdisplay --noheading -C -o Attr --readonly stack-volumes-lvmdriver-1/volume-6a3ea9a4-0360-44dc-9077-46fc9861ee00 {{(pid=104939) execute /usr/local/lib/python3.12/site-packages/oslo_concurrency/processutils.py:349}}
Oct 07 17:10:43.361524 np0005474935.novalocal sudo[134893]: stack : PWD=/ ; USER=root ; COMMAND=/usr/local/bin/cinder-rootwrap /etc/cinder/rootwrap.conf env LC_ALL=C lvdisplay --noheading -C -o Attr --readonly stack-volumes-lvmdriver-1/volume-6a3ea9a4-0360-44dc-9077-46fc9861ee00
Oct 07 17:10:43.715547 np0005474935.novalocal cinder-volume[104939]: DEBUG oslo_concurrency.processutils [None req-a97ecf46-70bd-46f1-baff-b57977e6a8ba tempest-AbsoluteLimitsTests-237637668 None] CMD "sudo cinder-rootwrap /etc/cinder/rootwrap.conf env LC_ALL=C lvdisplay --noheading -C -o Attr --readonly stack-volumes-lvmdriver-1/volume-6a3ea9a4-0360-44dc-9077-46fc9861ee00" returned: 0 in 0.389s {{(pid=104939) execute /usr/local/lib/python3.12/site-packages/oslo_concurrency/processutils.py:372}}
Oct 07 17:10:43.718685 np0005474935.novalocal cinder-volume[104939]: DEBUG oslo_concurrency.processutils [None req-a97ecf46-70bd-46f1-baff-b57977e6a8ba tempest-AbsoluteLimitsTests-237637668 None] Running cmd (subprocess): sudo cinder-rootwrap /etc/cinder/rootwrap.conf lvremove --config activation { retry_deactivation = 1} -f stack-volumes-lvmdriver-1/volume-6a3ea9a4-0360-44dc-9077-46fc9861ee00 {{(pid=104939) execute /usr/local/lib/python3.12/site-packages/oslo_concurrency/processutils.py:349}}
Oct 07 17:10:43.745524 np0005474935.novalocal sudo[134898]: stack : PWD=/ ; USER=root ; COMMAND=/usr/local/bin/cinder-rootwrap /etc/cinder/rootwrap.conf lvremove --config 'activation { retry_deactivation = 1} ' -f stack-volumes-lvmdriver-1/volume-6a3ea9a4-0360-44dc-9077-46fc9861ee00
Oct 07 17:10:44.235298 np0005474935.novalocal cinder-volume[104939]: DEBUG oslo_concurrency.processutils [None req-a97ecf46-70bd-46f1-baff-b57977e6a8ba tempest-AbsoluteLimitsTests-237637668 None] CMD "sudo cinder-rootwrap /etc/cinder/rootwrap.conf lvremove --config activation { retry_deactivation = 1} -f stack-volumes-lvmdriver-1/volume-6a3ea9a4-0360-44dc-9077-46fc9861ee00" returned: 0 in 0.518s {{(pid=104939) execute /usr/local/lib/python3.12/site-packages/oslo_concurrency/processutils.py:372}}
Oct 07 17:10:44.235641 np0005474935.novalocal cinder-volume[104939]: INFO cinder.volume.drivers.lvm [None req-a97ecf46-70bd-46f1-baff-b57977e6a8ba tempest-AbsoluteLimitsTests-237637668 None] Successfully deleted volume: 6a3ea9a4-0360-44dc-9077-46fc9861ee00
Oct 07 17:10:44.276773 np0005474935.novalocal cinder-volume[104939]: DEBUG cinder.quota [None req-a97ecf46-70bd-46f1-baff-b57977e6a8ba tempest-AbsoluteLimitsTests-237637668 None] Created reservations ['752c0412-bf4d-4ab0-bddf-06e40be98270', '79bfd75e-d872-4bd0-bb85-b5c7ddd7cb03', '1fff3f49-cf98-44ab-a6ce-0edc8fa364f0', 'a8de75e4-54be-4585-8eee-0d55808aa1a9'] {{(pid=104939) reserve /opt/stack/cinder/cinder/quota.py:752}}
Oct 07 17:10:44.307121 np0005474935.novalocal cinder-volume[104939]: DEBUG cinder.volume.drivers.lvm [None req-a97ecf46-70bd-46f1-baff-b57977e6a8ba tempest-AbsoluteLimitsTests-237637668 None] Updating volume stats {{(pid=104939) _update_volume_stats /opt/stack/cinder/cinder/volume/drivers/lvm.py:227}}
Oct 07 17:10:44.307515 np0005474935.novalocal cinder-volume[104939]: DEBUG oslo_concurrency.processutils [None req-a97ecf46-70bd-46f1-baff-b57977e6a8ba tempest-AbsoluteLimitsTests-237637668 None] Running cmd (subprocess): sudo cinder-rootwrap /etc/cinder/rootwrap.conf env LC_ALL=C vgs --noheadings --unit=g -o name,size,free,lv_count,uuid --separator : --nosuffix stack-volumes-lvmdriver-1 {{(pid=104939) execute /usr/local/lib/python3.12/site-packages/oslo_concurrency/processutils.py:349}}
Oct 07 17:10:44.346950 np0005474935.novalocal sudo[134908]: stack : PWD=/ ; USER=root ; COMMAND=/usr/local/bin/cinder-rootwrap /etc/cinder/rootwrap.conf env LC_ALL=C vgs --noheadings --unit=g -o name,size,free,lv_count,uuid --separator : --nosuffix stack-volumes-lvmdriver-1
Oct 07 17:10:44.722039 np0005474935.novalocal cinder-volume[104939]: DEBUG oslo_concurrency.processutils [None req-a97ecf46-70bd-46f1-baff-b57977e6a8ba tempest-AbsoluteLimitsTests-237637668 None] CMD "sudo cinder-rootwrap /etc/cinder/rootwrap.conf env LC_ALL=C vgs --noheadings --unit=g -o name,size,free,lv_count,uuid --separator : --nosuffix stack-volumes-lvmdriver-1" returned: 0 in 0.414s {{(pid=104939) execute /usr/local/lib/python3.12/site-packages/oslo_concurrency/processutils.py:372}}
Oct 07 17:10:44.723809 np0005474935.novalocal cinder-volume[104939]: DEBUG oslo_concurrency.processutils [None req-a97ecf46-70bd-46f1-baff-b57977e6a8ba tempest-AbsoluteLimitsTests-237637668 None] Running cmd (subprocess): sudo cinder-rootwrap /etc/cinder/rootwrap.conf env LC_ALL=C lvs --noheadings --unit=g -o vg_name,name,size --nosuffix --readonly stack-volumes-lvmdriver-1 {{(pid=104939) execute /usr/local/lib/python3.12/site-packages/oslo_concurrency/processutils.py:349}}
Oct 07 17:10:44.754776 np0005474935.novalocal sudo[134966]: stack : PWD=/ ; USER=root ; COMMAND=/usr/local/bin/cinder-rootwrap /etc/cinder/rootwrap.conf env LC_ALL=C lvs --noheadings --unit=g -o vg_name,name,size --nosuffix --readonly stack-volumes-lvmdriver-1
Oct 07 17:10:45.113430 np0005474935.novalocal cinder-volume[104939]: DEBUG oslo_concurrency.processutils [None req-a97ecf46-70bd-46f1-baff-b57977e6a8ba tempest-AbsoluteLimitsTests-237637668 None] CMD "sudo cinder-rootwrap /etc/cinder/rootwrap.conf env LC_ALL=C lvs --noheadings --unit=g -o vg_name,name,size --nosuffix --readonly stack-volumes-lvmdriver-1" returned: 0 in 0.388s {{(pid=104939) execute /usr/local/lib/python3.12/site-packages/oslo_concurrency/processutils.py:372}}
Oct 07 17:10:45.115970 np0005474935.novalocal cinder-volume[104939]: DEBUG oslo_concurrency.processutils [None req-a97ecf46-70bd-46f1-baff-b57977e6a8ba tempest-AbsoluteLimitsTests-237637668 None] Running cmd (subprocess): sudo cinder-rootwrap /etc/cinder/rootwrap.conf env LC_ALL=C lvs --noheadings --unit=g -o size,data_percent --separator : --nosuffix /dev/stack-volumes-lvmdriver-1/stack-volumes-lvmdriver-1-pool {{(pid=104939) execute /usr/local/lib/python3.12/site-packages/oslo_concurrency/processutils.py:349}}
Oct 07 17:10:45.151866 np0005474935.novalocal sudo[134972]: stack : PWD=/ ; USER=root ; COMMAND=/usr/local/bin/cinder-rootwrap /etc/cinder/rootwrap.conf env LC_ALL=C lvs --noheadings --unit=g -o size,data_percent --separator : --nosuffix /dev/stack-volumes-lvmdriver-1/stack-volumes-lvmdriver-1-pool
Oct 07 17:10:45.567561 np0005474935.novalocal cinder-volume[104939]: DEBUG oslo_concurrency.processutils [None req-a97ecf46-70bd-46f1-baff-b57977e6a8ba tempest-AbsoluteLimitsTests-237637668 None] CMD "sudo cinder-rootwrap /etc/cinder/rootwrap.conf env LC_ALL=C lvs --noheadings --unit=g -o size,data_percent --separator : --nosuffix /dev/stack-volumes-lvmdriver-1/stack-volumes-lvmdriver-1-pool" returned: 0 in 0.452s {{(pid=104939) execute /usr/local/lib/python3.12/site-packages/oslo_concurrency/processutils.py:372}}
Oct 07 17:10:45.569505 np0005474935.novalocal cinder-volume[104939]: DEBUG oslo_concurrency.processutils [None req-a97ecf46-70bd-46f1-baff-b57977e6a8ba tempest-AbsoluteLimitsTests-237637668 None] Running cmd (subprocess): sudo cinder-rootwrap /etc/cinder/rootwrap.conf env LC_ALL=C lvs --noheadings --unit=g -o vg_name,name,size --nosuffix --readonly stack-volumes-lvmdriver-1 {{(pid=104939) execute /usr/local/lib/python3.12/site-packages/oslo_concurrency/processutils.py:349}}
Oct 07 17:10:45.597488 np0005474935.novalocal sudo[134977]: stack : PWD=/ ; USER=root ; COMMAND=/usr/local/bin/cinder-rootwrap /etc/cinder/rootwrap.conf env LC_ALL=C lvs --noheadings --unit=g -o vg_name,name,size --nosuffix --readonly stack-volumes-lvmdriver-1
Oct 07 17:10:45.977315 np0005474935.novalocal cinder-volume[104939]: DEBUG oslo_concurrency.processutils [None req-a97ecf46-70bd-46f1-baff-b57977e6a8ba tempest-AbsoluteLimitsTests-237637668 None] CMD "sudo cinder-rootwrap /etc/cinder/rootwrap.conf env LC_ALL=C lvs --noheadings --unit=g -o vg_name,name,size --nosuffix --readonly stack-volumes-lvmdriver-1" returned: 0 in 0.408s {{(pid=104939) execute /usr/local/lib/python3.12/site-packages/oslo_concurrency/processutils.py:372}}
Oct 07 17:10:45.978783 np0005474935.novalocal cinder-volume[104939]: DEBUG cinder.manager [None req-a97ecf46-70bd-46f1-baff-b57977e6a8ba tempest-AbsoluteLimitsTests-237637668 None] Notifying Schedulers of capabilities ... {{(pid=104939) _publish_service_capabilities /opt/stack/cinder/cinder/manager.py:202}}
Oct 07 17:10:45.983866 np0005474935.novalocal cinder-volume[104939]: INFO cinder.volume.manager [None req-a97ecf46-70bd-46f1-baff-b57977e6a8ba tempest-AbsoluteLimitsTests-237637668 None] Deleted volume successfully.
Oct 07 17:10:45.995779 np0005474935.novalocal cinder-volume[104939]: DEBUG cinder.coordination [None req-a97ecf46-70bd-46f1-baff-b57977e6a8ba tempest-AbsoluteLimitsTests-237637668 None] Lock "cinder-6a3ea9a4-0360-44dc-9077-46fc9861ee00-delete_volume" released by "delete_volume" :: held 3.149s {{(pid=104939) __release /opt/stack/cinder/cinder/coordination.py:157}}
Oct 07 17:10:47.179232 np0005474935.novalocal cinder-volume[104939]: DEBUG cinder.volume.flows.manager.create_volume [None req-1415fe65-9297-4263-9dee-bfc906a77adb tempest-VolumesDeleteCascade-1184317325 None] Volume reschedule parameters: True retry: {'num_attempts': 1, 'backends': ['np0005474935.novalocal@lvmdriver-1#lvmdriver-1'], 'hosts': ['np0005474935.novalocal@lvmdriver-1#lvmdriver-1']} {{(pid=104939) get_flow /opt/stack/cinder/cinder/volume/flows/manager/create_volume.py:1384}}
Oct 07 17:10:47.188170 np0005474935.novalocal cinder-volume[104939]: DEBUG cinder.volume.manager [None req-1415fe65-9297-4263-9dee-bfc906a77adb tempest-VolumesDeleteCascade-1184317325 None] Flow 'volume_create_manager' (fdefb6d1-f4a6-4008-ae3f-20fe3472e7a3) transitioned into state 'RUNNING' from state 'PENDING' {{(pid=104939) _flow_receiver /usr/local/lib/python3.12/site-packages/taskflow/listeners/logging.py:145}}
Oct 07 17:10:47.191524 np0005474935.novalocal cinder-volume[104939]: DEBUG cinder.volume.manager [None req-1415fe65-9297-4263-9dee-bfc906a77adb tempest-VolumesDeleteCascade-1184317325 None] Task 'cinder.volume.flows.manager.create_volume.ExtractVolumeRefTask;volume:create' (946b48b5-9a34-41ef-a370-1d22a3371cf4) transitioned into state 'RUNNING' from state 'PENDING' {{(pid=104939) _task_receiver /usr/local/lib/python3.12/site-packages/taskflow/listeners/logging.py:194}}
Oct 07 17:10:47.205944 np0005474935.novalocal cinder-volume[104939]: DEBUG cinder.volume.manager [None req-1415fe65-9297-4263-9dee-bfc906a77adb tempest-VolumesDeleteCascade-1184317325 None] Task 'cinder.volume.flows.manager.create_volume.ExtractVolumeRefTask;volume:create' (946b48b5-9a34-41ef-a370-1d22a3371cf4) transitioned into state 'SUCCESS' from state 'RUNNING' with result 'Volume(_name_id=None,admin_metadata=,attach_status='detached',availability_zone='nova',bootable=False,cluster=,cluster_name=None,consistencygroup=,consistencygroup_id=None,created_at=2025-10-07T21:10:47Z,deleted=False,deleted_at=None,display_description=None,display_name='tempest-VolumesDeleteCascade-Volume-449217381',ec2_id=None,encryption_key_id=None,glance_metadata=,group=,group_id=None,host='np0005474935.novalocal@lvmdriver-1#lvmdriver-1',id=ff0358bc-37c4-4c10-b44f-63bd13987805,launched_at=None,metadata={},migration_status=None,multiattach=False,previous_status=None,project_id='0566272d75914a91ba3f0e4202b0614b',provider_auth=None,provider_geometry=None,provider_id=None,provider_location=None,replication_driver_data=None,replication_extended_status=None,replication_status=None,scheduled_at=2025-10-07T21:10:47Z,service_uuid=None,shared_targets=True,size=1,snapshot_id=None,snapshots=,source_volid=None,status='creating',terminated_at=None,updated_at=2025-10-07T21:10:47Z,use_quota=True,user_id='e99fbad905eb470aa1243d72bace19c0',volume_attachment=VolumeAttachmentList,volume_type=VolumeType(cb5faf91-e3d4-47d3-abe9-b252347dc403),volume_type_id=cb5faf91-e3d4-47d3-abe9-b252347dc403)' {{(pid=104939) _task_receiver /usr/local/lib/python3.12/site-packages/taskflow/listeners/logging.py:182}}
Oct 07 17:10:47.208135 np0005474935.novalocal cinder-volume[104939]: DEBUG cinder.volume.manager [None req-1415fe65-9297-4263-9dee-bfc906a77adb tempest-VolumesDeleteCascade-1184317325 None] Task 'cinder.volume.flows.manager.create_volume.OnFailureRescheduleTask;volume:create' (79eaf67a-6cef-4083-ae7f-0612a5627863) transitioned into state 'RUNNING' from state 'PENDING' {{(pid=104939) _task_receiver /usr/local/lib/python3.12/site-packages/taskflow/listeners/logging.py:194}}
Oct 07 17:10:47.209541 np0005474935.novalocal cinder-volume[104939]: DEBUG cinder.volume.manager [None req-1415fe65-9297-4263-9dee-bfc906a77adb tempest-VolumesDeleteCascade-1184317325 None] Task 'cinder.volume.flows.manager.create_volume.OnFailureRescheduleTask;volume:create' (79eaf67a-6cef-4083-ae7f-0612a5627863) transitioned into state 'SUCCESS' from state 'RUNNING' with result 'None' {{(pid=104939) _task_receiver /usr/local/lib/python3.12/site-packages/taskflow/listeners/logging.py:182}}
Oct 07 17:10:47.210919 np0005474935.novalocal cinder-volume[104939]: DEBUG cinder.volume.manager [None req-1415fe65-9297-4263-9dee-bfc906a77adb tempest-VolumesDeleteCascade-1184317325 None] Task 'cinder.volume.flows.manager.create_volume.ExtractVolumeSpecTask;volume:create' (6a371d76-4709-4977-aa34-32a66ec6e6d0) transitioned into state 'RUNNING' from state 'PENDING' {{(pid=104939) _task_receiver /usr/local/lib/python3.12/site-packages/taskflow/listeners/logging.py:194}}
Oct 07 17:10:47.212184 np0005474935.novalocal cinder-volume[104939]: DEBUG cinder.volume.manager [None req-1415fe65-9297-4263-9dee-bfc906a77adb tempest-VolumesDeleteCascade-1184317325 None] Task 'cinder.volume.flows.manager.create_volume.ExtractVolumeSpecTask;volume:create' (6a371d76-4709-4977-aa34-32a66ec6e6d0) transitioned into state 'SUCCESS' from state 'RUNNING' with result '{'status': 'creating', 'type': 'raw', 'volume_id': 'ff0358bc-37c4-4c10-b44f-63bd13987805', 'volume_name': 'volume-ff0358bc-37c4-4c10-b44f-63bd13987805', 'volume_size': 1}' {{(pid=104939) _task_receiver /usr/local/lib/python3.12/site-packages/taskflow/listeners/logging.py:182}}
Oct 07 17:10:47.214136 np0005474935.novalocal cinder-volume[104939]: DEBUG cinder.volume.manager [None req-1415fe65-9297-4263-9dee-bfc906a77adb tempest-VolumesDeleteCascade-1184317325 None] Task 'cinder.volume.flows.manager.create_volume.NotifyVolumeActionTask;volume:create, create.start' (abb26f59-26a9-4f06-bdf9-07c15288942f) transitioned into state 'RUNNING' from state 'PENDING' {{(pid=104939) _task_receiver /usr/local/lib/python3.12/site-packages/taskflow/listeners/logging.py:194}}
Oct 07 17:10:47.215555 np0005474935.novalocal cinder-volume[104939]: DEBUG cinder.volume.manager [None req-1415fe65-9297-4263-9dee-bfc906a77adb tempest-VolumesDeleteCascade-1184317325 None] Task 'cinder.volume.flows.manager.create_volume.NotifyVolumeActionTask;volume:create, create.start' (abb26f59-26a9-4f06-bdf9-07c15288942f) transitioned into state 'SUCCESS' from state 'RUNNING' with result 'None' {{(pid=104939) _task_receiver /usr/local/lib/python3.12/site-packages/taskflow/listeners/logging.py:182}}
Oct 07 17:10:47.216851 np0005474935.novalocal cinder-volume[104939]: DEBUG cinder.volume.manager [None req-1415fe65-9297-4263-9dee-bfc906a77adb tempest-VolumesDeleteCascade-1184317325 None] Task 'cinder.volume.flows.manager.create_volume.CreateVolumeFromSpecTask;volume:create' (f2f1c153-2115-403a-9884-471498e45e58) transitioned into state 'RUNNING' from state 'PENDING' {{(pid=104939) _task_receiver /usr/local/lib/python3.12/site-packages/taskflow/listeners/logging.py:194}}
