Oct 07 17:19:27.086714 np0005474935.novalocal cinder-volume[104939]: DEBUG cinder.coordination [req-db0a90d6-054f-48c2-a165-a81c6c9737c5 req-d03abcd2-e3ac-4293-a7b3-ed392bfdbe48 tempest-ImageDependencyTests-984072922 None] Lock "cinder-7c849779-36c1-409d-a787-fe7aedc5373f-delete_volume" released by "delete_volume" :: held 4.102s {{(pid=104939) __release /opt/stack/cinder/cinder/coordination.py:157}}
Oct 07 17:19:35.087576 np0005474935.novalocal cinder-volume[104939]: DEBUG dbcounter [-] [104939] Writing DB stats cinder:SELECT=7,cinder:INSERT=1,cinder:UPDATE=11 {{(pid=104939) stat_writer /usr/local/lib/python3.12/site-packages/dbcounter.py:115}}
Oct 07 17:19:37.078917 np0005474935.novalocal cinder-volume[104939]: DEBUG dbcounter [-] [104939] Writing DB stats cinder:SELECT=7,cinder:UPDATE=5,cinder:INSERT=3,cinder:DELETE=1 {{(pid=104939) stat_writer /usr/local/lib/python3.12/site-packages/dbcounter.py:115}}
Oct 07 17:19:45.460487 np0005474935.novalocal cinder-volume[104939]: DEBUG oslo_concurrency.processutils [req-e8dd0843-4ebb-4416-a060-24a9640f9091 req-f7b373cb-704f-4cd8-8f3f-4696f766dffb tempest-VolumesSnapshotTestJSON-1624713996 None] Running cmd (subprocess): sudo cinder-rootwrap /etc/cinder/rootwrap.conf lvchange -a y --yes -K stack-volumes-lvmdriver-1/volume-81e7d46f-7854-4e18-ac1a-ed038dea783e {{(pid=104939) execute /usr/local/lib/python3.12/site-packages/oslo_concurrency/processutils.py:349}}
Oct 07 17:19:45.492517 np0005474935.novalocal sudo[143385]: stack : PWD=/ ; USER=root ; COMMAND=/usr/local/bin/cinder-rootwrap /etc/cinder/rootwrap.conf lvchange -a y --yes -K stack-volumes-lvmdriver-1/volume-81e7d46f-7854-4e18-ac1a-ed038dea783e
Oct 07 17:19:45.873664 np0005474935.novalocal cinder-volume[104939]: DEBUG oslo_concurrency.processutils [req-e8dd0843-4ebb-4416-a060-24a9640f9091 req-f7b373cb-704f-4cd8-8f3f-4696f766dffb tempest-VolumesSnapshotTestJSON-1624713996 None] CMD "sudo cinder-rootwrap /etc/cinder/rootwrap.conf lvchange -a y --yes -K stack-volumes-lvmdriver-1/volume-81e7d46f-7854-4e18-ac1a-ed038dea783e" returned: 0 in 0.413s {{(pid=104939) execute /usr/local/lib/python3.12/site-packages/oslo_concurrency/processutils.py:372}}
Oct 07 17:19:45.891238 np0005474935.novalocal cinder-volume[104939]: INFO cinder.volume.targets.lio [req-e8dd0843-4ebb-4416-a060-24a9640f9091 req-f7b373cb-704f-4cd8-8f3f-4696f766dffb tempest-VolumesSnapshotTestJSON-1624713996 None] Creating iscsi_target for volume: volume-81e7d46f-7854-4e18-ac1a-ed038dea783e
Oct 07 17:19:45.891613 np0005474935.novalocal cinder-volume[104939]: DEBUG oslo_concurrency.lockutils [req-e8dd0843-4ebb-4416-a060-24a9640f9091 req-f7b373cb-704f-4cd8-8f3f-4696f766dffb tempest-VolumesSnapshotTestJSON-1624713996 None] Acquiring lock "lioadm" by "cinder.volume.targets.lio.LioAdm._execute" {{(pid=104939) inner /usr/local/lib/python3.12/site-packages/oslo_concurrency/lockutils.py:405}}
Oct 07 17:19:45.892519 np0005474935.novalocal cinder-volume[104939]: DEBUG oslo_concurrency.lockutils [req-e8dd0843-4ebb-4416-a060-24a9640f9091 req-f7b373cb-704f-4cd8-8f3f-4696f766dffb tempest-VolumesSnapshotTestJSON-1624713996 None] Lock "lioadm" acquired by "cinder.volume.targets.lio.LioAdm._execute" :: waited 0.001s {{(pid=104939) inner /usr/local/lib/python3.12/site-packages/oslo_concurrency/lockutils.py:410}}
Oct 07 17:19:45.893164 np0005474935.novalocal cinder-volume[104939]: DEBUG oslo_concurrency.processutils [req-e8dd0843-4ebb-4416-a060-24a9640f9091 req-f7b373cb-704f-4cd8-8f3f-4696f766dffb tempest-VolumesSnapshotTestJSON-1624713996 None] Running cmd (subprocess): sudo cinder-rootwrap /etc/cinder/rootwrap.conf cinder-rtstool create /dev/stack-volumes-lvmdriver-1/volume-81e7d46f-7854-4e18-ac1a-ed038dea783e iqn.2010-10.org.openstack:volume-81e7d46f-7854-4e18-ac1a-ed038dea783e WaZo4RdDEZW46mzpA6n5 9jitZed2zHd48gUY False -p3260 -a38.102.83.9 {{(pid=104939) execute /usr/local/lib/python3.12/site-packages/oslo_concurrency/processutils.py:349}}
Oct 07 17:19:45.923757 np0005474935.novalocal sudo[143391]: stack : PWD=/ ; USER=root ; COMMAND=/usr/local/bin/cinder-rootwrap /etc/cinder/rootwrap.conf cinder-rtstool create /dev/stack-volumes-lvmdriver-1/volume-81e7d46f-7854-4e18-ac1a-ed038dea783e iqn.2010-10.org.openstack:volume-81e7d46f-7854-4e18-ac1a-ed038dea783e WaZo4RdDEZW46mzpA6n5 9jitZed2zHd48gUY False -p3260 -a38.102.83.9
Oct 07 17:19:46.547441 np0005474935.novalocal cinder-volume[104939]: DEBUG oslo_concurrency.processutils [req-e8dd0843-4ebb-4416-a060-24a9640f9091 req-f7b373cb-704f-4cd8-8f3f-4696f766dffb tempest-VolumesSnapshotTestJSON-1624713996 None] CMD "sudo cinder-rootwrap /etc/cinder/rootwrap.conf cinder-rtstool create /dev/stack-volumes-lvmdriver-1/volume-81e7d46f-7854-4e18-ac1a-ed038dea783e iqn.2010-10.org.openstack:volume-81e7d46f-7854-4e18-ac1a-ed038dea783e WaZo4RdDEZW46mzpA6n5 9jitZed2zHd48gUY False -p3260 -a38.102.83.9" returned: 0 in 0.654s {{(pid=104939) execute /usr/local/lib/python3.12/site-packages/oslo_concurrency/processutils.py:372}}
Oct 07 17:19:46.547818 np0005474935.novalocal cinder-volume[104939]: DEBUG oslo_concurrency.lockutils [req-e8dd0843-4ebb-4416-a060-24a9640f9091 req-f7b373cb-704f-4cd8-8f3f-4696f766dffb tempest-VolumesSnapshotTestJSON-1624713996 None] Lock "lioadm" "released" by "cinder.volume.targets.lio.LioAdm._execute" :: held 0.655s {{(pid=104939) inner /usr/local/lib/python3.12/site-packages/oslo_concurrency/lockutils.py:424}}
Oct 07 17:19:46.548022 np0005474935.novalocal cinder-volume[104939]: DEBUG oslo_concurrency.lockutils [req-e8dd0843-4ebb-4416-a060-24a9640f9091 req-f7b373cb-704f-4cd8-8f3f-4696f766dffb tempest-VolumesSnapshotTestJSON-1624713996 None] Acquiring lock "lioadm" by "cinder.volume.targets.lio.LioAdm._execute" {{(pid=104939) inner /usr/local/lib/python3.12/site-packages/oslo_concurrency/lockutils.py:405}}
Oct 07 17:19:46.548481 np0005474935.novalocal cinder-volume[104939]: DEBUG oslo_concurrency.lockutils [req-e8dd0843-4ebb-4416-a060-24a9640f9091 req-f7b373cb-704f-4cd8-8f3f-4696f766dffb tempest-VolumesSnapshotTestJSON-1624713996 None] Lock "lioadm" acquired by "cinder.volume.targets.lio.LioAdm._execute" :: waited 0.000s {{(pid=104939) inner /usr/local/lib/python3.12/site-packages/oslo_concurrency/lockutils.py:410}}
Oct 07 17:19:46.548786 np0005474935.novalocal cinder-volume[104939]: DEBUG oslo_concurrency.processutils [req-e8dd0843-4ebb-4416-a060-24a9640f9091 req-f7b373cb-704f-4cd8-8f3f-4696f766dffb tempest-VolumesSnapshotTestJSON-1624713996 None] Running cmd (subprocess): sudo cinder-rootwrap /etc/cinder/rootwrap.conf cinder-rtstool get-targets {{(pid=104939) execute /usr/local/lib/python3.12/site-packages/oslo_concurrency/processutils.py:349}}
Oct 07 17:19:46.573900 np0005474935.novalocal sudo[143398]: stack : PWD=/ ; USER=root ; COMMAND=/usr/local/bin/cinder-rootwrap /etc/cinder/rootwrap.conf cinder-rtstool get-targets
Oct 07 17:19:47.128693 np0005474935.novalocal cinder-volume[104939]: DEBUG oslo_concurrency.processutils [req-e8dd0843-4ebb-4416-a060-24a9640f9091 req-f7b373cb-704f-4cd8-8f3f-4696f766dffb tempest-VolumesSnapshotTestJSON-1624713996 None] CMD "sudo cinder-rootwrap /etc/cinder/rootwrap.conf cinder-rtstool get-targets" returned: 0 in 0.579s {{(pid=104939) execute /usr/local/lib/python3.12/site-packages/oslo_concurrency/processutils.py:372}}
Oct 07 17:19:47.129156 np0005474935.novalocal cinder-volume[104939]: DEBUG oslo_concurrency.lockutils [req-e8dd0843-4ebb-4416-a060-24a9640f9091 req-f7b373cb-704f-4cd8-8f3f-4696f766dffb tempest-VolumesSnapshotTestJSON-1624713996 None] Lock "lioadm" "released" by "cinder.volume.targets.lio.LioAdm._execute" :: held 0.581s {{(pid=104939) inner /usr/local/lib/python3.12/site-packages/oslo_concurrency/lockutils.py:424}}
Oct 07 17:19:47.129394 np0005474935.novalocal cinder-volume[104939]: DEBUG oslo_concurrency.lockutils [req-e8dd0843-4ebb-4416-a060-24a9640f9091 req-f7b373cb-704f-4cd8-8f3f-4696f766dffb tempest-VolumesSnapshotTestJSON-1624713996 None] Acquiring lock "lioadm" by "cinder.volume.targets.lio.LioAdm._execute" {{(pid=104939) inner /usr/local/lib/python3.12/site-packages/oslo_concurrency/lockutils.py:405}}
Oct 07 17:19:47.129887 np0005474935.novalocal cinder-volume[104939]: DEBUG oslo_concurrency.lockutils [req-e8dd0843-4ebb-4416-a060-24a9640f9091 req-f7b373cb-704f-4cd8-8f3f-4696f766dffb tempest-VolumesSnapshotTestJSON-1624713996 None] Lock "lioadm" acquired by "cinder.volume.targets.lio.LioAdm._execute" :: waited 0.000s {{(pid=104939) inner /usr/local/lib/python3.12/site-packages/oslo_concurrency/lockutils.py:410}}
Oct 07 17:19:47.130320 np0005474935.novalocal cinder-volume[104939]: DEBUG oslo_concurrency.processutils [req-e8dd0843-4ebb-4416-a060-24a9640f9091 req-f7b373cb-704f-4cd8-8f3f-4696f766dffb tempest-VolumesSnapshotTestJSON-1624713996 None] Running cmd (subprocess): sudo cinder-rootwrap /etc/cinder/rootwrap.conf cinder-rtstool save {{(pid=104939) execute /usr/local/lib/python3.12/site-packages/oslo_concurrency/processutils.py:349}}
Oct 07 17:19:47.157219 np0005474935.novalocal sudo[143405]: stack : PWD=/ ; USER=root ; COMMAND=/usr/local/bin/cinder-rootwrap /etc/cinder/rootwrap.conf cinder-rtstool save
Oct 07 17:19:47.776838 np0005474935.novalocal cinder-volume[104939]: DEBUG oslo_concurrency.processutils [req-e8dd0843-4ebb-4416-a060-24a9640f9091 req-f7b373cb-704f-4cd8-8f3f-4696f766dffb tempest-VolumesSnapshotTestJSON-1624713996 None] CMD "sudo cinder-rootwrap /etc/cinder/rootwrap.conf cinder-rtstool save" returned: 0 in 0.646s {{(pid=104939) execute /usr/local/lib/python3.12/site-packages/oslo_concurrency/processutils.py:372}}
Oct 07 17:19:47.777698 np0005474935.novalocal cinder-volume[104939]: DEBUG oslo_concurrency.lockutils [req-e8dd0843-4ebb-4416-a060-24a9640f9091 req-f7b373cb-704f-4cd8-8f3f-4696f766dffb tempest-VolumesSnapshotTestJSON-1624713996 None] Lock "lioadm" "released" by "cinder.volume.targets.lio.LioAdm._execute" :: held 0.648s {{(pid=104939) inner /usr/local/lib/python3.12/site-packages/oslo_concurrency/lockutils.py:424}}
Oct 07 17:19:47.778135 np0005474935.novalocal cinder-volume[104939]: DEBUG cinder.volume.targets.iscsi [req-e8dd0843-4ebb-4416-a060-24a9640f9091 req-f7b373cb-704f-4cd8-8f3f-4696f766dffb tempest-VolumesSnapshotTestJSON-1624713996 None] Set provider_location to: 38.102.83.9:3260,iqn.2010-10.org.openstack:volume-81e7d46f-7854-4e18-ac1a-ed038dea783e iqn.2010-10.org.openstack:volume-81e7d46f-7854-4e18-ac1a-ed038dea783e 0 {{(pid=104939) create_export /opt/stack/cinder/cinder/volume/targets/iscsi.py:205}}
Oct 07 17:19:47.792467 np0005474935.novalocal cinder-volume[104939]: DEBUG oslo_concurrency.lockutils [req-e8dd0843-4ebb-4416-a060-24a9640f9091 req-f7b373cb-704f-4cd8-8f3f-4696f766dffb tempest-VolumesSnapshotTestJSON-1624713996 None] Acquiring lock "lioadm" by "cinder.volume.targets.lio.LioAdm._execute" {{(pid=104939) inner /usr/local/lib/python3.12/site-packages/oslo_concurrency/lockutils.py:405}}
Oct 07 17:19:47.793524 np0005474935.novalocal cinder-volume[104939]: DEBUG oslo_concurrency.lockutils [req-e8dd0843-4ebb-4416-a060-24a9640f9091 req-f7b373cb-704f-4cd8-8f3f-4696f766dffb tempest-VolumesSnapshotTestJSON-1624713996 None] Lock "lioadm" acquired by "cinder.volume.targets.lio.LioAdm._execute" :: waited 0.002s {{(pid=104939) inner /usr/local/lib/python3.12/site-packages/oslo_concurrency/lockutils.py:410}}
Oct 07 17:19:47.794531 np0005474935.novalocal cinder-volume[104939]: DEBUG oslo_concurrency.processutils [req-e8dd0843-4ebb-4416-a060-24a9640f9091 req-f7b373cb-704f-4cd8-8f3f-4696f766dffb tempest-VolumesSnapshotTestJSON-1624713996 None] Running cmd (subprocess): sudo cinder-rootwrap /etc/cinder/rootwrap.conf cinder-rtstool add-initiator iqn.2010-10.org.openstack:volume-81e7d46f-7854-4e18-ac1a-ed038dea783e WaZo4RdDEZW46mzpA6n5 9jitZed2zHd48gUY iqn.1994-05.com.redhat:1ec65087f188 {{(pid=104939) execute /usr/local/lib/python3.12/site-packages/oslo_concurrency/processutils.py:349}}
Oct 07 17:19:47.837496 np0005474935.novalocal sudo[143411]: stack : PWD=/ ; USER=root ; COMMAND=/usr/local/bin/cinder-rootwrap /etc/cinder/rootwrap.conf cinder-rtstool add-initiator iqn.2010-10.org.openstack:volume-81e7d46f-7854-4e18-ac1a-ed038dea783e WaZo4RdDEZW46mzpA6n5 9jitZed2zHd48gUY iqn.1994-05.com.redhat:1ec65087f188
Oct 07 17:19:48.345541 np0005474935.novalocal cinder-volume[104939]: DEBUG oslo_concurrency.processutils [req-e8dd0843-4ebb-4416-a060-24a9640f9091 req-f7b373cb-704f-4cd8-8f3f-4696f766dffb tempest-VolumesSnapshotTestJSON-1624713996 None] CMD "sudo cinder-rootwrap /etc/cinder/rootwrap.conf cinder-rtstool add-initiator iqn.2010-10.org.openstack:volume-81e7d46f-7854-4e18-ac1a-ed038dea783e WaZo4RdDEZW46mzpA6n5 9jitZed2zHd48gUY iqn.1994-05.com.redhat:1ec65087f188" returned: 0 in 0.550s {{(pid=104939) execute /usr/local/lib/python3.12/site-packages/oslo_concurrency/processutils.py:372}}
Oct 07 17:19:48.346072 np0005474935.novalocal cinder-volume[104939]: DEBUG oslo_concurrency.lockutils [req-e8dd0843-4ebb-4416-a060-24a9640f9091 req-f7b373cb-704f-4cd8-8f3f-4696f766dffb tempest-VolumesSnapshotTestJSON-1624713996 None] Lock "lioadm" "released" by "cinder.volume.targets.lio.LioAdm._execute" :: held 0.553s {{(pid=104939) inner /usr/local/lib/python3.12/site-packages/oslo_concurrency/lockutils.py:424}}
Oct 07 17:19:48.347558 np0005474935.novalocal cinder-volume[104939]: DEBUG oslo_concurrency.lockutils [req-e8dd0843-4ebb-4416-a060-24a9640f9091 req-f7b373cb-704f-4cd8-8f3f-4696f766dffb tempest-VolumesSnapshotTestJSON-1624713996 None] Acquiring lock "lioadm" by "cinder.volume.targets.lio.LioAdm._execute" {{(pid=104939) inner /usr/local/lib/python3.12/site-packages/oslo_concurrency/lockutils.py:405}}
Oct 07 17:19:48.347558 np0005474935.novalocal cinder-volume[104939]: DEBUG oslo_concurrency.lockutils [req-e8dd0843-4ebb-4416-a060-24a9640f9091 req-f7b373cb-704f-4cd8-8f3f-4696f766dffb tempest-VolumesSnapshotTestJSON-1624713996 None] Lock "lioadm" acquired by "cinder.volume.targets.lio.LioAdm._execute" :: waited 0.001s {{(pid=104939) inner /usr/local/lib/python3.12/site-packages/oslo_concurrency/lockutils.py:410}}
Oct 07 17:19:48.348224 np0005474935.novalocal cinder-volume[104939]: DEBUG oslo_concurrency.processutils [req-e8dd0843-4ebb-4416-a060-24a9640f9091 req-f7b373cb-704f-4cd8-8f3f-4696f766dffb tempest-VolumesSnapshotTestJSON-1624713996 None] Running cmd (subprocess): sudo cinder-rootwrap /etc/cinder/rootwrap.conf cinder-rtstool save {{(pid=104939) execute /usr/local/lib/python3.12/site-packages/oslo_concurrency/processutils.py:349}}
Oct 07 17:19:48.378968 np0005474935.novalocal sudo[143417]: stack : PWD=/ ; USER=root ; COMMAND=/usr/local/bin/cinder-rootwrap /etc/cinder/rootwrap.conf cinder-rtstool save
Oct 07 17:19:48.959035 np0005474935.novalocal cinder-volume[104939]: DEBUG oslo_concurrency.processutils [req-e8dd0843-4ebb-4416-a060-24a9640f9091 req-f7b373cb-704f-4cd8-8f3f-4696f766dffb tempest-VolumesSnapshotTestJSON-1624713996 None] CMD "sudo cinder-rootwrap /etc/cinder/rootwrap.conf cinder-rtstool save" returned: 0 in 0.610s {{(pid=104939) execute /usr/local/lib/python3.12/site-packages/oslo_concurrency/processutils.py:372}}
Oct 07 17:19:48.962565 np0005474935.novalocal cinder-volume[104939]: DEBUG oslo_concurrency.lockutils [req-e8dd0843-4ebb-4416-a060-24a9640f9091 req-f7b373cb-704f-4cd8-8f3f-4696f766dffb tempest-VolumesSnapshotTestJSON-1624713996 None] Lock "lioadm" "released" by "cinder.volume.targets.lio.LioAdm._execute" :: held 0.612s {{(pid=104939) inner /usr/local/lib/python3.12/site-packages/oslo_concurrency/lockutils.py:424}}
Oct 07 17:19:48.984672 np0005474935.novalocal cinder-volume[104939]: DEBUG cinder.volume.manager [req-e8dd0843-4ebb-4416-a060-24a9640f9091 req-f7b373cb-704f-4cd8-8f3f-4696f766dffb tempest-VolumesSnapshotTestJSON-1624713996 None] Connection info returned from driver {'target_discovered': False, 'target_portal': '38.102.83.9:3260', 'target_iqn': 'iqn.2010-10.org.openstack:volume-81e7d46f-7854-4e18-ac1a-ed038dea783e', 'target_lun': 0, 'volume_id': '81e7d46f-7854-4e18-ac1a-ed038dea783e', 'auth_method': 'CHAP', 'auth_username': 'WaZo4RdDEZW46mzpA6n5', 'auth_password': '***', 'encrypted': False, 'qos_specs': None, 'access_mode': 'rw', 'cacheable': False, 'driver_volume_type': 'iscsi', 'attachment_id': 'db6709a0-c782-4264-b0ae-789db4071821', 'enforce_multipath': True} {{(pid=104939) _connection_create /opt/stack/cinder/cinder/volume/manager.py:4891}}
Oct 07 17:19:49.023244 np0005474935.novalocal cinder-volume[104939]: INFO cinder.volume.manager [req-e8dd0843-4ebb-4416-a060-24a9640f9091 req-f7b373cb-704f-4cd8-8f3f-4696f766dffb tempest-VolumesSnapshotTestJSON-1624713996 None] attachment_update completed successfully.
Oct 07 17:19:55.592217 np0005474935.novalocal cinder-volume[104939]: DEBUG oslo_concurrency.processutils [None req-b95e6b5b-aeae-40af-be2d-991785c2b42b tempest-VolumesSnapshotTestJSON-1624713996 None] Running cmd (subprocess): sudo cinder-rootwrap /etc/cinder/rootwrap.conf env LC_ALL=C lvs --noheadings --unit=g -o vg_name,name,size --nosuffix --readonly stack-volumes-lvmdriver-1/volume-81e7d46f-7854-4e18-ac1a-ed038dea783e {{(pid=104939) execute /usr/local/lib/python3.12/site-packages/oslo_concurrency/processutils.py:349}}
Oct 07 17:19:55.633428 np0005474935.novalocal sudo[143504]: stack : PWD=/ ; USER=root ; COMMAND=/usr/local/bin/cinder-rootwrap /etc/cinder/rootwrap.conf env LC_ALL=C lvs --noheadings --unit=g -o vg_name,name,size --nosuffix --readonly stack-volumes-lvmdriver-1/volume-81e7d46f-7854-4e18-ac1a-ed038dea783e
Oct 07 17:19:56.080182 np0005474935.novalocal cinder-volume[104939]: DEBUG oslo_concurrency.processutils [None req-b95e6b5b-aeae-40af-be2d-991785c2b42b tempest-VolumesSnapshotTestJSON-1624713996 None] CMD "sudo cinder-rootwrap /etc/cinder/rootwrap.conf env LC_ALL=C lvs --noheadings --unit=g -o vg_name,name,size --nosuffix --readonly stack-volumes-lvmdriver-1/volume-81e7d46f-7854-4e18-ac1a-ed038dea783e" returned: 0 in 0.488s {{(pid=104939) execute /usr/local/lib/python3.12/site-packages/oslo_concurrency/processutils.py:372}}
Oct 07 17:19:56.081566 np0005474935.novalocal cinder-volume[104939]: DEBUG oslo_concurrency.processutils [None req-b95e6b5b-aeae-40af-be2d-991785c2b42b tempest-VolumesSnapshotTestJSON-1624713996 None] Running cmd (subprocess): sudo cinder-rootwrap /etc/cinder/rootwrap.conf env LC_ALL=C lvcreate --name _snapshot-381dc474-f006-4071-8f00-0153ee9b16ad --snapshot stack-volumes-lvmdriver-1/volume-81e7d46f-7854-4e18-ac1a-ed038dea783e {{(pid=104939) execute /usr/local/lib/python3.12/site-packages/oslo_concurrency/processutils.py:349}}
Oct 07 17:19:56.113015 np0005474935.novalocal sudo[143509]: stack : PWD=/ ; USER=root ; COMMAND=/usr/local/bin/cinder-rootwrap /etc/cinder/rootwrap.conf env LC_ALL=C lvcreate --name _snapshot-381dc474-f006-4071-8f00-0153ee9b16ad --snapshot stack-volumes-lvmdriver-1/volume-81e7d46f-7854-4e18-ac1a-ed038dea783e
Oct 07 17:19:56.604825 np0005474935.novalocal cinder-volume[104939]: DEBUG oslo_concurrency.processutils [None req-b95e6b5b-aeae-40af-be2d-991785c2b42b tempest-VolumesSnapshotTestJSON-1624713996 None] CMD "sudo cinder-rootwrap /etc/cinder/rootwrap.conf env LC_ALL=C lvcreate --name _snapshot-381dc474-f006-4071-8f00-0153ee9b16ad --snapshot stack-volumes-lvmdriver-1/volume-81e7d46f-7854-4e18-ac1a-ed038dea783e" returned: 0 in 0.523s {{(pid=104939) execute /usr/local/lib/python3.12/site-packages/oslo_concurrency/processutils.py:372}}
Oct 07 17:19:56.631450 np0005474935.novalocal cinder-volume[104939]: INFO cinder.volume.manager [None req-b95e6b5b-aeae-40af-be2d-991785c2b42b tempest-VolumesSnapshotTestJSON-1624713996 None] Create snapshot completed successfully
Oct 07 17:19:57.843782 np0005474935.novalocal cinder-volume[104939]: DEBUG oslo_concurrency.processutils [None req-bd5db4dc-42a0-4905-ad50-530c8f35ab82 tempest-VolumesSnapshotTestJSON-1624713996 None] Running cmd (subprocess): sudo cinder-rootwrap /etc/cinder/rootwrap.conf env LC_ALL=C lvs --noheadings --unit=g -o vg_name,name,size --nosuffix --readonly stack-volumes-lvmdriver-1/volume-81e7d46f-7854-4e18-ac1a-ed038dea783e {{(pid=104939) execute /usr/local/lib/python3.12/site-packages/oslo_concurrency/processutils.py:349}}
Oct 07 17:19:57.882459 np0005474935.novalocal sudo[143522]: stack : PWD=/ ; USER=root ; COMMAND=/usr/local/bin/cinder-rootwrap /etc/cinder/rootwrap.conf env LC_ALL=C lvs --noheadings --unit=g -o vg_name,name,size --nosuffix --readonly stack-volumes-lvmdriver-1/volume-81e7d46f-7854-4e18-ac1a-ed038dea783e
Oct 07 17:19:58.270078 np0005474935.novalocal cinder-volume[104939]: DEBUG oslo_concurrency.processutils [None req-bd5db4dc-42a0-4905-ad50-530c8f35ab82 tempest-VolumesSnapshotTestJSON-1624713996 None] CMD "sudo cinder-rootwrap /etc/cinder/rootwrap.conf env LC_ALL=C lvs --noheadings --unit=g -o vg_name,name,size --nosuffix --readonly stack-volumes-lvmdriver-1/volume-81e7d46f-7854-4e18-ac1a-ed038dea783e" returned: 0 in 0.427s {{(pid=104939) execute /usr/local/lib/python3.12/site-packages/oslo_concurrency/processutils.py:372}}
Oct 07 17:19:58.271275 np0005474935.novalocal cinder-volume[104939]: DEBUG oslo_concurrency.processutils [None req-bd5db4dc-42a0-4905-ad50-530c8f35ab82 tempest-VolumesSnapshotTestJSON-1624713996 None] Running cmd (subprocess): sudo cinder-rootwrap /etc/cinder/rootwrap.conf env LC_ALL=C lvcreate --name _snapshot-242b1435-0faf-4ff1-ac0e-b4838865ef8a --snapshot stack-volumes-lvmdriver-1/volume-81e7d46f-7854-4e18-ac1a-ed038dea783e {{(pid=104939) execute /usr/local/lib/python3.12/site-packages/oslo_concurrency/processutils.py:349}}
Oct 07 17:19:58.300572 np0005474935.novalocal sudo[143527]: stack : PWD=/ ; USER=root ; COMMAND=/usr/local/bin/cinder-rootwrap /etc/cinder/rootwrap.conf env LC_ALL=C lvcreate --name _snapshot-242b1435-0faf-4ff1-ac0e-b4838865ef8a --snapshot stack-volumes-lvmdriver-1/volume-81e7d46f-7854-4e18-ac1a-ed038dea783e
Oct 07 17:19:58.834816 np0005474935.novalocal cinder-volume[104939]: DEBUG oslo_concurrency.processutils [None req-bd5db4dc-42a0-4905-ad50-530c8f35ab82 tempest-VolumesSnapshotTestJSON-1624713996 None] CMD "sudo cinder-rootwrap /etc/cinder/rootwrap.conf env LC_ALL=C lvcreate --name _snapshot-242b1435-0faf-4ff1-ac0e-b4838865ef8a --snapshot stack-volumes-lvmdriver-1/volume-81e7d46f-7854-4e18-ac1a-ed038dea783e" returned: 0 in 0.563s {{(pid=104939) execute /usr/local/lib/python3.12/site-packages/oslo_concurrency/processutils.py:372}}
Oct 07 17:19:58.861371 np0005474935.novalocal cinder-volume[104939]: INFO cinder.volume.manager [None req-bd5db4dc-42a0-4905-ad50-530c8f35ab82 tempest-VolumesSnapshotTestJSON-1624713996 None] Create snapshot completed successfully
Oct 07 17:19:59.951817 np0005474935.novalocal cinder-volume[104939]: DEBUG cinder.coordination [None req-ce22f005-62b5-462f-86bf-9782ee3d45ad tempest-VolumesSnapshotTestJSON-1624713996 None] Acquiring lock "cinder-242b1435-0faf-4ff1-ac0e-b4838865ef8a-delete_snapshot" by "delete_snapshot" {{(pid=104939) __acquire /opt/stack/cinder/cinder/coordination.py:143}}
Oct 07 17:19:59.960483 np0005474935.novalocal cinder-volume[104939]: DEBUG cinder.coordination [None req-ce22f005-62b5-462f-86bf-9782ee3d45ad tempest-VolumesSnapshotTestJSON-1624713996 None] Lock "cinder-242b1435-0faf-4ff1-ac0e-b4838865ef8a-delete_snapshot" acquired by "delete_snapshot" :: waited 0.009s {{(pid=104939) __acquire /opt/stack/cinder/cinder/coordination.py:146}}
Oct 07 17:19:59.962248 np0005474935.novalocal cinder-volume[104939]: DEBUG oslo_concurrency.processutils [None req-ce22f005-62b5-462f-86bf-9782ee3d45ad tempest-VolumesSnapshotTestJSON-1624713996 None] Running cmd (subprocess): sudo cinder-rootwrap /etc/cinder/rootwrap.conf env LC_ALL=C lvs --noheadings --unit=g -o vg_name,name,size --nosuffix --readonly stack-volumes-lvmdriver-1/_snapshot-242b1435-0faf-4ff1-ac0e-b4838865ef8a {{(pid=104939) execute /usr/local/lib/python3.12/site-packages/oslo_concurrency/processutils.py:349}}
Oct 07 17:19:59.999007 np0005474935.novalocal sudo[143541]: stack : PWD=/ ; USER=root ; COMMAND=/usr/local/bin/cinder-rootwrap /etc/cinder/rootwrap.conf env LC_ALL=C lvs --noheadings --unit=g -o vg_name,name,size --nosuffix --readonly stack-volumes-lvmdriver-1/_snapshot-242b1435-0faf-4ff1-ac0e-b4838865ef8a
Oct 07 17:20:00.368751 np0005474935.novalocal cinder-volume[104939]: DEBUG oslo_concurrency.processutils [None req-ce22f005-62b5-462f-86bf-9782ee3d45ad tempest-VolumesSnapshotTestJSON-1624713996 None] CMD "sudo cinder-rootwrap /etc/cinder/rootwrap.conf env LC_ALL=C lvs --noheadings --unit=g -o vg_name,name,size --nosuffix --readonly stack-volumes-lvmdriver-1/_snapshot-242b1435-0faf-4ff1-ac0e-b4838865ef8a" returned: 0 in 0.406s {{(pid=104939) execute /usr/local/lib/python3.12/site-packages/oslo_concurrency/processutils.py:372}}
Oct 07 17:20:00.370260 np0005474935.novalocal cinder-volume[104939]: DEBUG oslo_concurrency.processutils [None req-ce22f005-62b5-462f-86bf-9782ee3d45ad tempest-VolumesSnapshotTestJSON-1624713996 None] Running cmd (subprocess): sudo cinder-rootwrap /etc/cinder/rootwrap.conf lvremove --config activation { retry_deactivation = 1} -f stack-volumes-lvmdriver-1/_snapshot-242b1435-0faf-4ff1-ac0e-b4838865ef8a {{(pid=104939) execute /usr/local/lib/python3.12/site-packages/oslo_concurrency/processutils.py:349}}
Oct 07 17:20:00.401585 np0005474935.novalocal sudo[143547]: stack : PWD=/ ; USER=root ; COMMAND=/usr/local/bin/cinder-rootwrap /etc/cinder/rootwrap.conf lvremove --config 'activation { retry_deactivation = 1} ' -f stack-volumes-lvmdriver-1/_snapshot-242b1435-0faf-4ff1-ac0e-b4838865ef8a
Oct 07 17:20:00.860942 np0005474935.novalocal cinder-volume[104939]: DEBUG oslo_concurrency.processutils [None req-ce22f005-62b5-462f-86bf-9782ee3d45ad tempest-VolumesSnapshotTestJSON-1624713996 None] CMD "sudo cinder-rootwrap /etc/cinder/rootwrap.conf lvremove --config activation { retry_deactivation = 1} -f stack-volumes-lvmdriver-1/_snapshot-242b1435-0faf-4ff1-ac0e-b4838865ef8a" returned: 0 in 0.490s {{(pid=104939) execute /usr/local/lib/python3.12/site-packages/oslo_concurrency/processutils.py:372}}
Oct 07 17:20:00.911768 np0005474935.novalocal cinder-volume[104939]: DEBUG cinder.quota [None req-ce22f005-62b5-462f-86bf-9782ee3d45ad tempest-VolumesSnapshotTestJSON-1624713996 None] Created reservations ['1c65c219-9e7c-473f-8693-85873094c4b9', '9507c9f4-c930-416b-b743-22828ad58ab4', 'a7115ffc-bee8-40bb-9c11-1f31a7533b77', 'c0c40324-fe5a-4375-b787-f6c8892c853a'] {{(pid=104939) reserve /opt/stack/cinder/cinder/quota.py:752}}
Oct 07 17:20:00.936392 np0005474935.novalocal cinder-volume[104939]: INFO cinder.volume.manager [None req-ce22f005-62b5-462f-86bf-9782ee3d45ad tempest-VolumesSnapshotTestJSON-1624713996 None] Delete snapshot completed successfully.
Oct 07 17:20:00.942112 np0005474935.novalocal cinder-volume[104939]: DEBUG cinder.coordination [None req-ce22f005-62b5-462f-86bf-9782ee3d45ad tempest-VolumesSnapshotTestJSON-1624713996 None] Lock "cinder-242b1435-0faf-4ff1-ac0e-b4838865ef8a-delete_snapshot" released by "delete_snapshot" :: held 0.982s {{(pid=104939) __release /opt/stack/cinder/cinder/coordination.py:157}}
Oct 07 17:20:01.058566 np0005474935.novalocal cinder-volume[104939]: DEBUG cinder.coordination [None req-3c099270-6294-42c5-9459-fd54c9c3e3fd tempest-VolumesSnapshotTestJSON-1624713996 None] Acquiring lock "cinder-e992cb68-b90f-4d0a-be65-a360621dac44-delete_snapshot" by "delete_snapshot" {{(pid=104939) __acquire /opt/stack/cinder/cinder/coordination.py:143}}
Oct 07 17:20:01.066709 np0005474935.novalocal cinder-volume[104939]: DEBUG cinder.coordination [None req-3c099270-6294-42c5-9459-fd54c9c3e3fd tempest-VolumesSnapshotTestJSON-1624713996 None] Lock "cinder-e992cb68-b90f-4d0a-be65-a360621dac44-delete_snapshot" acquired by "delete_snapshot" :: waited 0.008s {{(pid=104939) __acquire /opt/stack/cinder/cinder/coordination.py:146}}
Oct 07 17:20:01.067730 np0005474935.novalocal cinder-volume[104939]: DEBUG oslo_concurrency.processutils [None req-3c099270-6294-42c5-9459-fd54c9c3e3fd tempest-VolumesSnapshotTestJSON-1624713996 None] Running cmd (subprocess): sudo cinder-rootwrap /etc/cinder/rootwrap.conf env LC_ALL=C lvs --noheadings --unit=g -o vg_name,name,size --nosuffix --readonly stack-volumes-lvmdriver-1/_snapshot-e992cb68-b90f-4d0a-be65-a360621dac44 {{(pid=104939) execute /usr/local/lib/python3.12/site-packages/oslo_concurrency/processutils.py:349}}
Oct 07 17:20:01.100136 np0005474935.novalocal sudo[143553]: stack : PWD=/ ; USER=root ; COMMAND=/usr/local/bin/cinder-rootwrap /etc/cinder/rootwrap.conf env LC_ALL=C lvs --noheadings --unit=g -o vg_name,name,size --nosuffix --readonly stack-volumes-lvmdriver-1/_snapshot-e992cb68-b90f-4d0a-be65-a360621dac44
Oct 07 17:20:01.474494 np0005474935.novalocal cinder-volume[104939]: DEBUG oslo_concurrency.processutils [None req-3c099270-6294-42c5-9459-fd54c9c3e3fd tempest-VolumesSnapshotTestJSON-1624713996 None] CMD "sudo cinder-rootwrap /etc/cinder/rootwrap.conf env LC_ALL=C lvs --noheadings --unit=g -o vg_name,name,size --nosuffix --readonly stack-volumes-lvmdriver-1/_snapshot-e992cb68-b90f-4d0a-be65-a360621dac44" returned: 0 in 0.404s {{(pid=104939) execute /usr/local/lib/python3.12/site-packages/oslo_concurrency/processutils.py:372}}
Oct 07 17:20:01.474494 np0005474935.novalocal cinder-volume[104939]: DEBUG oslo_concurrency.processutils [None req-3c099270-6294-42c5-9459-fd54c9c3e3fd tempest-VolumesSnapshotTestJSON-1624713996 None] Running cmd (subprocess): sudo cinder-rootwrap /etc/cinder/rootwrap.conf lvremove --config activation { retry_deactivation = 1} -f stack-volumes-lvmdriver-1/_snapshot-e992cb68-b90f-4d0a-be65-a360621dac44 {{(pid=104939) execute /usr/local/lib/python3.12/site-packages/oslo_concurrency/processutils.py:349}}
Oct 07 17:20:01.514183 np0005474935.novalocal sudo[143559]: stack : PWD=/ ; USER=root ; COMMAND=/usr/local/bin/cinder-rootwrap /etc/cinder/rootwrap.conf lvremove --config 'activation { retry_deactivation = 1} ' -f stack-volumes-lvmdriver-1/_snapshot-e992cb68-b90f-4d0a-be65-a360621dac44
Oct 07 17:20:01.894430 np0005474935.novalocal cinder-volume[104939]: DEBUG oslo_concurrency.processutils [None req-3c099270-6294-42c5-9459-fd54c9c3e3fd tempest-VolumesSnapshotTestJSON-1624713996 None] CMD "sudo cinder-rootwrap /etc/cinder/rootwrap.conf lvremove --config activation { retry_deactivation = 1} -f stack-volumes-lvmdriver-1/_snapshot-e992cb68-b90f-4d0a-be65-a360621dac44" returned: 0 in 0.418s {{(pid=104939) execute /usr/local/lib/python3.12/site-packages/oslo_concurrency/processutils.py:372}}
Oct 07 17:20:01.955442 np0005474935.novalocal cinder-volume[104939]: DEBUG cinder.quota [None req-3c099270-6294-42c5-9459-fd54c9c3e3fd tempest-VolumesSnapshotTestJSON-1624713996 None] Created reservations ['81b751fd-00bd-4b65-af44-f536cf9158c1', '1d939f8e-3393-4679-b539-a1cb538fafb6', '59e478a3-c77f-42da-8b62-9a182f04485e', '6645cb89-d916-4c08-ac24-dd3973f3e604'] {{(pid=104939) reserve /opt/stack/cinder/cinder/quota.py:752}}
Oct 07 17:20:02.003746 np0005474935.novalocal cinder-volume[104939]: INFO cinder.volume.manager [None req-3c099270-6294-42c5-9459-fd54c9c3e3fd tempest-VolumesSnapshotTestJSON-1624713996 None] Delete snapshot completed successfully.
Oct 07 17:20:02.006875 np0005474935.novalocal cinder-volume[104939]: DEBUG cinder.coordination [None req-3c099270-6294-42c5-9459-fd54c9c3e3fd tempest-VolumesSnapshotTestJSON-1624713996 None] Lock "cinder-e992cb68-b90f-4d0a-be65-a360621dac44-delete_snapshot" released by "delete_snapshot" :: held 0.940s {{(pid=104939) __release /opt/stack/cinder/cinder/coordination.py:157}}
Oct 07 17:20:02.159164 np0005474935.novalocal cinder-volume[104939]: DEBUG cinder.coordination [None req-20ebfa0a-194a-4162-a5f3-e01d34a2fec3 tempest-VolumesSnapshotTestJSON-1624713996 None] Acquiring lock "cinder-381dc474-f006-4071-8f00-0153ee9b16ad-delete_snapshot" by "delete_snapshot" {{(pid=104939) __acquire /opt/stack/cinder/cinder/coordination.py:143}}
Oct 07 17:20:02.169842 np0005474935.novalocal cinder-volume[104939]: DEBUG cinder.coordination [None req-20ebfa0a-194a-4162-a5f3-e01d34a2fec3 tempest-VolumesSnapshotTestJSON-1624713996 None] Lock "cinder-381dc474-f006-4071-8f00-0153ee9b16ad-delete_snapshot" acquired by "delete_snapshot" :: waited 0.008s {{(pid=104939) __acquire /opt/stack/cinder/cinder/coordination.py:146}}
Oct 07 17:20:02.169842 np0005474935.novalocal cinder-volume[104939]: DEBUG oslo_concurrency.processutils [None req-20ebfa0a-194a-4162-a5f3-e01d34a2fec3 tempest-VolumesSnapshotTestJSON-1624713996 None] Running cmd (subprocess): sudo cinder-rootwrap /etc/cinder/rootwrap.conf env LC_ALL=C lvs --noheadings --unit=g -o vg_name,name,size --nosuffix --readonly stack-volumes-lvmdriver-1/_snapshot-381dc474-f006-4071-8f00-0153ee9b16ad {{(pid=104939) execute /usr/local/lib/python3.12/site-packages/oslo_concurrency/processutils.py:349}}
Oct 07 17:20:02.198731 np0005474935.novalocal sudo[143568]: stack : PWD=/ ; USER=root ; COMMAND=/usr/local/bin/cinder-rootwrap /etc/cinder/rootwrap.conf env LC_ALL=C lvs --noheadings --unit=g -o vg_name,name,size --nosuffix --readonly stack-volumes-lvmdriver-1/_snapshot-381dc474-f006-4071-8f00-0153ee9b16ad
Oct 07 17:20:02.586954 np0005474935.novalocal cinder-volume[104939]: DEBUG oslo_concurrency.processutils [None req-20ebfa0a-194a-4162-a5f3-e01d34a2fec3 tempest-VolumesSnapshotTestJSON-1624713996 None] CMD "sudo cinder-rootwrap /etc/cinder/rootwrap.conf env LC_ALL=C lvs --noheadings --unit=g -o vg_name,name,size --nosuffix --readonly stack-volumes-lvmdriver-1/_snapshot-381dc474-f006-4071-8f00-0153ee9b16ad" returned: 0 in 0.418s {{(pid=104939) execute /usr/local/lib/python3.12/site-packages/oslo_concurrency/processutils.py:372}}
Oct 07 17:20:02.589768 np0005474935.novalocal cinder-volume[104939]: DEBUG oslo_concurrency.processutils [None req-20ebfa0a-194a-4162-a5f3-e01d34a2fec3 tempest-VolumesSnapshotTestJSON-1624713996 None] Running cmd (subprocess): sudo cinder-rootwrap /etc/cinder/rootwrap.conf lvremove --config activation { retry_deactivation = 1} -f stack-volumes-lvmdriver-1/_snapshot-381dc474-f006-4071-8f00-0153ee9b16ad {{(pid=104939) execute /usr/local/lib/python3.12/site-packages/oslo_concurrency/processutils.py:349}}
Oct 07 17:20:02.615644 np0005474935.novalocal sudo[143573]: stack : PWD=/ ; USER=root ; COMMAND=/usr/local/bin/cinder-rootwrap /etc/cinder/rootwrap.conf lvremove --config 'activation { retry_deactivation = 1} ' -f stack-volumes-lvmdriver-1/_snapshot-381dc474-f006-4071-8f00-0153ee9b16ad
Oct 07 17:20:03.117167 np0005474935.novalocal cinder-volume[104939]: DEBUG oslo_concurrency.processutils [None req-20ebfa0a-194a-4162-a5f3-e01d34a2fec3 tempest-VolumesSnapshotTestJSON-1624713996 None] CMD "sudo cinder-rootwrap /etc/cinder/rootwrap.conf lvremove --config activation { retry_deactivation = 1} -f stack-volumes-lvmdriver-1/_snapshot-381dc474-f006-4071-8f00-0153ee9b16ad" returned: 0 in 0.527s {{(pid=104939) execute /usr/local/lib/python3.12/site-packages/oslo_concurrency/processutils.py:372}}
Oct 07 17:20:03.175706 np0005474935.novalocal cinder-volume[104939]: DEBUG cinder.quota [None req-20ebfa0a-194a-4162-a5f3-e01d34a2fec3 tempest-VolumesSnapshotTestJSON-1624713996 None] Created reservations ['b9475694-402a-4aff-97f2-b08b1d047937', 'cc2b4f2b-048b-4b37-9a5f-33d68e9bbc28', '738ced8e-9da4-4b90-ad63-07f1b86c8cf4', '6dda427e-ed8a-4dae-a7a0-223bae374959'] {{(pid=104939) reserve /opt/stack/cinder/cinder/quota.py:752}}
Oct 07 17:20:03.212439 np0005474935.novalocal cinder-volume[104939]: INFO cinder.volume.manager [None req-20ebfa0a-194a-4162-a5f3-e01d34a2fec3 tempest-VolumesSnapshotTestJSON-1624713996 None] Delete snapshot completed successfully.
Oct 07 17:20:03.217205 np0005474935.novalocal cinder-volume[104939]: DEBUG cinder.coordination [None req-20ebfa0a-194a-4162-a5f3-e01d34a2fec3 tempest-VolumesSnapshotTestJSON-1624713996 None] Lock "cinder-381dc474-f006-4071-8f00-0153ee9b16ad-delete_snapshot" released by "delete_snapshot" :: held 1.050s {{(pid=104939) __release /opt/stack/cinder/cinder/coordination.py:157}}
Oct 07 17:20:13.199813 np0005474935.novalocal cinder-volume[104939]: DEBUG dbcounter [-] [104939] Writing DB stats cinder:SELECT=25,cinder:UPDATE=16,cinder:DELETE=1,cinder:INSERT=7 {{(pid=104939) stat_writer /usr/local/lib/python3.12/site-packages/dbcounter.py:115}}
Oct 07 17:20:13.211122 np0005474935.novalocal cinder-volume[104939]: DEBUG dbcounter [-] [104939] Writing DB stats cinder:SELECT=23,cinder:UPDATE=26,cinder:DELETE=1,cinder:INSERT=5 {{(pid=104939) stat_writer /usr/local/lib/python3.12/site-packages/dbcounter.py:115}}
Oct 07 17:20:21.527154 np0005474935.novalocal cinder-volume[104939]: DEBUG oslo_service.periodic_task [None req-5f16bf2a-91e7-4468-9de3-024bc853bf51 None None] Running periodic task VolumeManager.publish_service_capabilities {{(pid=104939) run_periodic_tasks /usr/local/lib/python3.12/site-packages/oslo_service/periodic_task.py:210}}
Oct 07 17:20:21.527943 np0005474935.novalocal cinder-volume[104939]: DEBUG cinder.volume.drivers.lvm [None req-5f16bf2a-91e7-4468-9de3-024bc853bf51 None None] Updating volume stats {{(pid=104939) _update_volume_stats /opt/stack/cinder/cinder/volume/drivers/lvm.py:227}}
Oct 07 17:20:21.527943 np0005474935.novalocal cinder-volume[104939]: DEBUG oslo_concurrency.processutils [None req-5f16bf2a-91e7-4468-9de3-024bc853bf51 None None] Running cmd (subprocess): sudo cinder-rootwrap /etc/cinder/rootwrap.conf env LC_ALL=C vgs --noheadings --unit=g -o name,size,free,lv_count,uuid --separator : --nosuffix stack-volumes-lvmdriver-1 {{(pid=104939) execute /usr/local/lib/python3.12/site-packages/oslo_concurrency/processutils.py:349}}
Oct 07 17:20:21.566533 np0005474935.novalocal sudo[143612]: stack : PWD=/ ; USER=root ; COMMAND=/usr/local/bin/cinder-rootwrap /etc/cinder/rootwrap.conf env LC_ALL=C vgs --noheadings --unit=g -o name,size,free,lv_count,uuid --separator : --nosuffix stack-volumes-lvmdriver-1
Oct 07 17:20:22.006538 np0005474935.novalocal cinder-volume[104939]: DEBUG oslo_concurrency.processutils [None req-5f16bf2a-91e7-4468-9de3-024bc853bf51 None None] CMD "sudo cinder-rootwrap /etc/cinder/rootwrap.conf env LC_ALL=C vgs --noheadings --unit=g -o name,size,free,lv_count,uuid --separator : --nosuffix stack-volumes-lvmdriver-1" returned: 0 in 0.472s {{(pid=104939) execute /usr/local/lib/python3.12/site-packages/oslo_concurrency/processutils.py:372}}
Oct 07 17:20:22.007743 np0005474935.novalocal cinder-volume[104939]: DEBUG oslo_concurrency.processutils [None req-5f16bf2a-91e7-4468-9de3-024bc853bf51 None None] Running cmd (subprocess): sudo cinder-rootwrap /etc/cinder/rootwrap.conf env LC_ALL=C lvs --noheadings --unit=g -o vg_name,name,size --nosuffix --readonly stack-volumes-lvmdriver-1 {{(pid=104939) execute /usr/local/lib/python3.12/site-packages/oslo_concurrency/processutils.py:349}}
Oct 07 17:20:22.055164 np0005474935.novalocal sudo[143619]: stack : PWD=/ ; USER=root ; COMMAND=/usr/local/bin/cinder-rootwrap /etc/cinder/rootwrap.conf env LC_ALL=C lvs --noheadings --unit=g -o vg_name,name,size --nosuffix --readonly stack-volumes-lvmdriver-1
Oct 07 17:20:22.523207 np0005474935.novalocal cinder-volume[104939]: DEBUG oslo_concurrency.processutils [None req-5f16bf2a-91e7-4468-9de3-024bc853bf51 None None] CMD "sudo cinder-rootwrap /etc/cinder/rootwrap.conf env LC_ALL=C lvs --noheadings --unit=g -o vg_name,name,size --nosuffix --readonly stack-volumes-lvmdriver-1" returned: 0 in 0.512s {{(pid=104939) execute /usr/local/lib/python3.12/site-packages/oslo_concurrency/processutils.py:372}}
Oct 07 17:20:22.525369 np0005474935.novalocal cinder-volume[104939]: DEBUG oslo_concurrency.processutils [None req-5f16bf2a-91e7-4468-9de3-024bc853bf51 None None] Running cmd (subprocess): sudo cinder-rootwrap /etc/cinder/rootwrap.conf env LC_ALL=C lvs --noheadings --unit=g -o size,data_percent --separator : --nosuffix /dev/stack-volumes-lvmdriver-1/stack-volumes-lvmdriver-1-pool {{(pid=104939) execute /usr/local/lib/python3.12/site-packages/oslo_concurrency/processutils.py:349}}
Oct 07 17:20:22.560330 np0005474935.novalocal sudo[143637]: stack : PWD=/ ; USER=root ; COMMAND=/usr/local/bin/cinder-rootwrap /etc/cinder/rootwrap.conf env LC_ALL=C lvs --noheadings --unit=g -o size,data_percent --separator : --nosuffix /dev/stack-volumes-lvmdriver-1/stack-volumes-lvmdriver-1-pool
Oct 07 17:20:22.942618 np0005474935.novalocal cinder-volume[104939]: DEBUG oslo_concurrency.processutils [None req-5f16bf2a-91e7-4468-9de3-024bc853bf51 None None] CMD "sudo cinder-rootwrap /etc/cinder/rootwrap.conf env LC_ALL=C lvs --noheadings --unit=g -o size,data_percent --separator : --nosuffix /dev/stack-volumes-lvmdriver-1/stack-volumes-lvmdriver-1-pool" returned: 0 in 0.417s {{(pid=104939) execute /usr/local/lib/python3.12/site-packages/oslo_concurrency/processutils.py:372}}
Oct 07 17:20:22.951488 np0005474935.novalocal cinder-volume[104939]: DEBUG oslo_concurrency.processutils [None req-5f16bf2a-91e7-4468-9de3-024bc853bf51 None None] Running cmd (subprocess): sudo cinder-rootwrap /etc/cinder/rootwrap.conf env LC_ALL=C lvs --noheadings --unit=g -o vg_name,name,size --nosuffix --readonly stack-volumes-lvmdriver-1 {{(pid=104939) execute /usr/local/lib/python3.12/site-packages/oslo_concurrency/processutils.py:349}}
Oct 07 17:20:22.982401 np0005474935.novalocal sudo[143647]: stack : PWD=/ ; USER=root ; COMMAND=/usr/local/bin/cinder-rootwrap /etc/cinder/rootwrap.conf env LC_ALL=C lvs --noheadings --unit=g -o vg_name,name,size --nosuffix --readonly stack-volumes-lvmdriver-1
Oct 07 17:20:23.405318 np0005474935.novalocal cinder-volume[104939]: DEBUG oslo_concurrency.processutils [None req-5f16bf2a-91e7-4468-9de3-024bc853bf51 None None] CMD "sudo cinder-rootwrap /etc/cinder/rootwrap.conf env LC_ALL=C lvs --noheadings --unit=g -o vg_name,name,size --nosuffix --readonly stack-volumes-lvmdriver-1" returned: 0 in 0.456s {{(pid=104939) execute /usr/local/lib/python3.12/site-packages/oslo_concurrency/processutils.py:372}}
Oct 07 17:20:23.415503 np0005474935.novalocal cinder-volume[104939]: DEBUG cinder.manager [None req-5f16bf2a-91e7-4468-9de3-024bc853bf51 None None] Notifying Schedulers of capabilities ... {{(pid=104939) _publish_service_capabilities /opt/stack/cinder/cinder/manager.py:202}}
Oct 07 17:20:24.893435 np0005474935.novalocal cinder-volume[104939]: DEBUG oslo_concurrency.lockutils [req-de28c20b-4672-42c7-b63e-04b0a396a347 req-c458e8ac-96c1-4d7a-8b9f-ac69e6647359 tempest-VolumesSnapshotTestJSON-1624713996 None] Acquiring lock "lioadm" by "cinder.volume.targets.lio.LioAdm._execute" {{(pid=104939) inner /usr/local/lib/python3.12/site-packages/oslo_concurrency/lockutils.py:405}}
Oct 07 17:20:24.893435 np0005474935.novalocal cinder-volume[104939]: DEBUG oslo_concurrency.lockutils [req-de28c20b-4672-42c7-b63e-04b0a396a347 req-c458e8ac-96c1-4d7a-8b9f-ac69e6647359 tempest-VolumesSnapshotTestJSON-1624713996 None] Lock "lioadm" acquired by "cinder.volume.targets.lio.LioAdm._execute" :: waited 0.000s {{(pid=104939) inner /usr/local/lib/python3.12/site-packages/oslo_concurrency/lockutils.py:410}}
Oct 07 17:20:24.894737 np0005474935.novalocal cinder-volume[104939]: DEBUG oslo_concurrency.processutils [req-de28c20b-4672-42c7-b63e-04b0a396a347 req-c458e8ac-96c1-4d7a-8b9f-ac69e6647359 tempest-VolumesSnapshotTestJSON-1624713996 None] Running cmd (subprocess): sudo cinder-rootwrap /etc/cinder/rootwrap.conf cinder-rtstool delete-initiator iqn.2010-10.org.openstack:volume-81e7d46f-7854-4e18-ac1a-ed038dea783e iqn.1994-05.com.redhat:1ec65087f188 {{(pid=104939) execute /usr/local/lib/python3.12/site-packages/oslo_concurrency/processutils.py:349}}
Oct 07 17:20:24.923444 np0005474935.novalocal sudo[143689]: stack : PWD=/ ; USER=root ; COMMAND=/usr/local/bin/cinder-rootwrap /etc/cinder/rootwrap.conf cinder-rtstool delete-initiator iqn.2010-10.org.openstack:volume-81e7d46f-7854-4e18-ac1a-ed038dea783e iqn.1994-05.com.redhat:1ec65087f188
Oct 07 17:20:25.477117 np0005474935.novalocal cinder-volume[104939]: DEBUG oslo_concurrency.processutils [req-de28c20b-4672-42c7-b63e-04b0a396a347 req-c458e8ac-96c1-4d7a-8b9f-ac69e6647359 tempest-VolumesSnapshotTestJSON-1624713996 None] CMD "sudo cinder-rootwrap /etc/cinder/rootwrap.conf cinder-rtstool delete-initiator iqn.2010-10.org.openstack:volume-81e7d46f-7854-4e18-ac1a-ed038dea783e iqn.1994-05.com.redhat:1ec65087f188" returned: 0 in 0.583s {{(pid=104939) execute /usr/local/lib/python3.12/site-packages/oslo_concurrency/processutils.py:372}}
Oct 07 17:20:25.477458 np0005474935.novalocal cinder-volume[104939]: DEBUG oslo_concurrency.lockutils [req-de28c20b-4672-42c7-b63e-04b0a396a347 req-c458e8ac-96c1-4d7a-8b9f-ac69e6647359 tempest-VolumesSnapshotTestJSON-1624713996 None] Lock "lioadm" "released" by "cinder.volume.targets.lio.LioAdm._execute" :: held 0.584s {{(pid=104939) inner /usr/local/lib/python3.12/site-packages/oslo_concurrency/lockutils.py:424}}
Oct 07 17:20:25.477611 np0005474935.novalocal cinder-volume[104939]: DEBUG oslo_concurrency.lockutils [req-de28c20b-4672-42c7-b63e-04b0a396a347 req-c458e8ac-96c1-4d7a-8b9f-ac69e6647359 tempest-VolumesSnapshotTestJSON-1624713996 None] Acquiring lock "lioadm" by "cinder.volume.targets.lio.LioAdm._execute" {{(pid=104939) inner /usr/local/lib/python3.12/site-packages/oslo_concurrency/lockutils.py:405}}
Oct 07 17:20:25.478001 np0005474935.novalocal cinder-volume[104939]: DEBUG oslo_concurrency.lockutils [req-de28c20b-4672-42c7-b63e-04b0a396a347 req-c458e8ac-96c1-4d7a-8b9f-ac69e6647359 tempest-VolumesSnapshotTestJSON-1624713996 None] Lock "lioadm" acquired by "cinder.volume.targets.lio.LioAdm._execute" :: waited 0.000s {{(pid=104939) inner /usr/local/lib/python3.12/site-packages/oslo_concurrency/lockutils.py:410}}
Oct 07 17:20:25.478232 np0005474935.novalocal cinder-volume[104939]: DEBUG oslo_concurrency.processutils [req-de28c20b-4672-42c7-b63e-04b0a396a347 req-c458e8ac-96c1-4d7a-8b9f-ac69e6647359 tempest-VolumesSnapshotTestJSON-1624713996 None] Running cmd (subprocess): sudo cinder-rootwrap /etc/cinder/rootwrap.conf cinder-rtstool save {{(pid=104939) execute /usr/local/lib/python3.12/site-packages/oslo_concurrency/processutils.py:349}}
Oct 07 17:20:25.514602 np0005474935.novalocal sudo[143697]: stack : PWD=/ ; USER=root ; COMMAND=/usr/local/bin/cinder-rootwrap /etc/cinder/rootwrap.conf cinder-rtstool save
Oct 07 17:20:26.173337 np0005474935.novalocal cinder-volume[104939]: DEBUG oslo_concurrency.processutils [req-de28c20b-4672-42c7-b63e-04b0a396a347 req-c458e8ac-96c1-4d7a-8b9f-ac69e6647359 tempest-VolumesSnapshotTestJSON-1624713996 None] CMD "sudo cinder-rootwrap /etc/cinder/rootwrap.conf cinder-rtstool save" returned: 0 in 0.695s {{(pid=104939) execute /usr/local/lib/python3.12/site-packages/oslo_concurrency/processutils.py:372}}
Oct 07 17:20:26.173719 np0005474935.novalocal cinder-volume[104939]: DEBUG oslo_concurrency.lockutils [req-de28c20b-4672-42c7-b63e-04b0a396a347 req-c458e8ac-96c1-4d7a-8b9f-ac69e6647359 tempest-VolumesSnapshotTestJSON-1624713996 None] Lock "lioadm" "released" by "cinder.volume.targets.lio.LioAdm._execute" :: held 0.696s {{(pid=104939) inner /usr/local/lib/python3.12/site-packages/oslo_concurrency/lockutils.py:424}}
Oct 07 17:20:26.174074 np0005474935.novalocal cinder-volume[104939]: INFO cinder.volume.manager [req-de28c20b-4672-42c7-b63e-04b0a396a347 req-c458e8ac-96c1-4d7a-8b9f-ac69e6647359 tempest-VolumesSnapshotTestJSON-1624713996 None] Terminate volume connection completed successfully.
Oct 07 17:20:26.174224 np0005474935.novalocal cinder-volume[104939]: DEBUG cinder.volume.manager [req-de28c20b-4672-42c7-b63e-04b0a396a347 req-c458e8ac-96c1-4d7a-8b9f-ac69e6647359 tempest-VolumesSnapshotTestJSON-1624713996 None] Deleting attachment db6709a0-c782-4264-b0ae-789db4071821. {{(pid=104939) attachment_delete /opt/stack/cinder/cinder/volume/manager.py:5022}}
Oct 07 17:20:26.174582 np0005474935.novalocal cinder-volume[104939]: DEBUG oslo_concurrency.lockutils [req-de28c20b-4672-42c7-b63e-04b0a396a347 req-c458e8ac-96c1-4d7a-8b9f-ac69e6647359 tempest-VolumesSnapshotTestJSON-1624713996 None] Acquiring lock "lioadm" by "cinder.volume.targets.lio.LioAdm._execute" {{(pid=104939) inner /usr/local/lib/python3.12/site-packages/oslo_concurrency/lockutils.py:405}}
Oct 07 17:20:26.174896 np0005474935.novalocal cinder-volume[104939]: DEBUG oslo_concurrency.lockutils [req-de28c20b-4672-42c7-b63e-04b0a396a347 req-c458e8ac-96c1-4d7a-8b9f-ac69e6647359 tempest-VolumesSnapshotTestJSON-1624713996 None] Lock "lioadm" acquired by "cinder.volume.targets.lio.LioAdm._execute" :: waited 0.000s {{(pid=104939) inner /usr/local/lib/python3.12/site-packages/oslo_concurrency/lockutils.py:410}}
Oct 07 17:20:26.175235 np0005474935.novalocal cinder-volume[104939]: DEBUG oslo_concurrency.processutils [req-de28c20b-4672-42c7-b63e-04b0a396a347 req-c458e8ac-96c1-4d7a-8b9f-ac69e6647359 tempest-VolumesSnapshotTestJSON-1624713996 None] Running cmd (subprocess): sudo cinder-rootwrap /etc/cinder/rootwrap.conf cinder-rtstool get-targets {{(pid=104939) execute /usr/local/lib/python3.12/site-packages/oslo_concurrency/processutils.py:349}}
Oct 07 17:20:26.212414 np0005474935.novalocal sudo[143703]: stack : PWD=/ ; USER=root ; COMMAND=/usr/local/bin/cinder-rootwrap /etc/cinder/rootwrap.conf cinder-rtstool get-targets
Oct 07 17:20:26.743588 np0005474935.novalocal cinder-volume[104939]: DEBUG oslo_concurrency.processutils [req-de28c20b-4672-42c7-b63e-04b0a396a347 req-c458e8ac-96c1-4d7a-8b9f-ac69e6647359 tempest-VolumesSnapshotTestJSON-1624713996 None] CMD "sudo cinder-rootwrap /etc/cinder/rootwrap.conf cinder-rtstool get-targets" returned: 0 in 0.566s {{(pid=104939) execute /usr/local/lib/python3.12/site-packages/oslo_concurrency/processutils.py:372}}
Oct 07 17:20:26.743588 np0005474935.novalocal cinder-volume[104939]: DEBUG oslo_concurrency.lockutils [req-de28c20b-4672-42c7-b63e-04b0a396a347 req-c458e8ac-96c1-4d7a-8b9f-ac69e6647359 tempest-VolumesSnapshotTestJSON-1624713996 None] Lock "lioadm" "released" by "cinder.volume.targets.lio.LioAdm._execute" :: held 0.567s {{(pid=104939) inner /usr/local/lib/python3.12/site-packages/oslo_concurrency/lockutils.py:424}}
