Dec 12 13:41:18 np0005557558.novalocal object-server[96772]: ::1 - - [12/Dec/2025:18:41:18 +0000] "PUT /2/225398/AUTH_9f41729c3600455b8ee569c968fa446b/gnocchi.44a56c82-a1df-4c51-8350-1d00c0585859/none_v3" 201 - "PUT https://[::1]:8080/v1/AUTH_9f41729c3600455b8ee569c968fa446b/gnocchi.44a56c82-a1df-4c51-8350-1d00c0585859/none_v3" "tx9d015a8d68364e1287ed5-00693c61ce" "proxy-server 97771" 0.0100 "-" 96772 0
Dec 12 13:41:18 np0005557558.novalocal object-server[96771]: ::1 - - [12/Dec/2025:18:41:18 +0000] "PUT /1/225398/AUTH_9f41729c3600455b8ee569c968fa446b/gnocchi.44a56c82-a1df-4c51-8350-1d00c0585859/none_v3" 201 - "PUT https://[::1]:8080/v1/AUTH_9f41729c3600455b8ee569c968fa446b/gnocchi.44a56c82-a1df-4c51-8350-1d00c0585859/none_v3" "tx9d015a8d68364e1287ed5-00693c61ce" "proxy-server 97771" 0.0124 "-" 96771 0
Dec 12 13:41:18 np0005557558.novalocal container-server[96475]: ::1 - - [12/Dec/2025:18:41:18 +0000] "PUT /2/167347/AUTH_9f41729c3600455b8ee569c968fa446b/gnocchi.44a56c82-a1df-4c51-8350-1d00c0585859/none_v3" 201 - "PUT http://[::1]:8080/3/225398/AUTH_9f41729c3600455b8ee569c968fa446b/gnocchi.44a56c82-a1df-4c51-8350-1d00c0585859/none_v3" "tx9d015a8d68364e1287ed5-00693c61ce" "object-server 96772" 0.0006 "-" 96475 0
Dec 12 13:41:18 np0005557558.novalocal object-server[96772]: ::1 - - [12/Dec/2025:18:41:18 +0000] "PUT /3/225398/AUTH_9f41729c3600455b8ee569c968fa446b/gnocchi.44a56c82-a1df-4c51-8350-1d00c0585859/none_v3" 201 - "PUT https://[::1]:8080/v1/AUTH_9f41729c3600455b8ee569c968fa446b/gnocchi.44a56c82-a1df-4c51-8350-1d00c0585859/none_v3" "tx9d015a8d68364e1287ed5-00693c61ce" "proxy-server 97771" 0.0145 "-" 96772 0
Dec 12 13:41:18 np0005557558.novalocal proxy-server[97771]: ::1 ::1 12/Dec/2025/18/41/18 PUT /v1/AUTH_9f41729c3600455b8ee569c968fa446b/gnocchi.44a56c82-a1df-4c51-8350-1d00c0585859/none_v3 HTTP/1.0 201 - python-swiftclient-4.7.0 gAAAAABpPGHN3vHt... 43 - - tx9d015a8d68364e1287ed5-00693c61ce - 0.0229 - - 1765564878.546139479 1765564878.569001198 0
Dec 12 13:41:18 np0005557558.novalocal object-replicator[96835]: Starting object replication pass.
Dec 12 13:41:19 np0005557558.novalocal object-replicator[96835]: 30/30 (100.00%) partitions replicated in 0.39s (77.12/sec, 0s remaining)
Dec 12 13:41:19 np0005557558.novalocal object-replicator[96835]: 60 successes, 0 failures
Dec 12 13:41:19 np0005557558.novalocal object-replicator[96835]: 30 suffixes checked - 26.67% hashed, 0.00% synced
Dec 12 13:41:19 np0005557558.novalocal object-replicator[96835]: Partition times: max 0.0368s, min 0.0041s, med 0.0082s
Dec 12 13:41:19 np0005557558.novalocal object-replicator[96835]: Object replication complete. (0.01 minutes)
Dec 12 13:41:21 np0005557558.novalocal container-server[96475]: ::1 - - [12/Dec/2025:18:41:21 +0000] "HEAD /2/57131/AUTH_9f41729c3600455b8ee569c968fa446b/gnocchi.a83a0515-e11d-4360-b552-98bfc945920d" 404 - "HEAD http://[::1]:8080/v1/AUTH_9f41729c3600455b8ee569c968fa446b/gnocchi.a83a0515-e11d-4360-b552-98bfc945920d" "txac0ed1ecc9ed4df7baae8-00693c61d1" "proxy-server 97771" 0.0005 "-" 96475 0
Dec 12 13:41:21 np0005557558.novalocal container-server[96474]: ::1 - - [12/Dec/2025:18:41:21 +0000] "HEAD /1/57131/AUTH_9f41729c3600455b8ee569c968fa446b/gnocchi.a83a0515-e11d-4360-b552-98bfc945920d" 404 - "HEAD http://[::1]:8080/v1/AUTH_9f41729c3600455b8ee569c968fa446b/gnocchi.a83a0515-e11d-4360-b552-98bfc945920d" "txac0ed1ecc9ed4df7baae8-00693c61d1" "proxy-server 97771" 0.0033 "-" 96474 0
Dec 12 13:41:21 np0005557558.novalocal container-server[96474]: ::1 - - [12/Dec/2025:18:41:21 +0000] "HEAD /3/57131/AUTH_9f41729c3600455b8ee569c968fa446b/gnocchi.a83a0515-e11d-4360-b552-98bfc945920d" 404 - "HEAD http://[::1]:8080/v1/AUTH_9f41729c3600455b8ee569c968fa446b/gnocchi.a83a0515-e11d-4360-b552-98bfc945920d" "txac0ed1ecc9ed4df7baae8-00693c61d1" "proxy-server 97771" 0.0004 "-" 96474 0
Dec 12 13:41:21 np0005557558.novalocal proxy-server[97771]: - - 12/Dec/2025/18/41/21 HEAD /v1/AUTH_9f41729c3600455b8ee569c968fa446b/gnocchi.a83a0515-e11d-4360-b552-98bfc945920d HTTP/1.0 404 - Swift - - - - txac0ed1ecc9ed4df7baae8-00693c61d1 - 0.0378 CS - 1765564881.801970959 1765564881.839791536 0
Dec 12 13:41:21 np0005557558.novalocal object-server[96771]: ::1 - - [12/Dec/2025:18:41:21 +0000] "GET /1/132649/AUTH_9f41729c3600455b8ee569c968fa446b/gnocchi.a83a0515-e11d-4360-b552-98bfc945920d/none_v3" 404 70 "GET https://[::1]:8080/v1/AUTH_9f41729c3600455b8ee569c968fa446b/gnocchi.a83a0515-e11d-4360-b552-98bfc945920d/none_v3" "txac0ed1ecc9ed4df7baae8-00693c61d1" "proxy-server 97771" 0.0003 "-" 96771 0
Dec 12 13:41:21 np0005557558.novalocal object-server[96772]: ::1 - - [12/Dec/2025:18:41:21 +0000] "GET /2/132649/AUTH_9f41729c3600455b8ee569c968fa446b/gnocchi.a83a0515-e11d-4360-b552-98bfc945920d/none_v3" 404 70 "GET https://[::1]:8080/v1/AUTH_9f41729c3600455b8ee569c968fa446b/gnocchi.a83a0515-e11d-4360-b552-98bfc945920d/none_v3" "txac0ed1ecc9ed4df7baae8-00693c61d1" "proxy-server 97771" 0.0003 "-" 96772 0
Dec 12 13:41:21 np0005557558.novalocal object-server[96771]: ::1 - - [12/Dec/2025:18:41:21 +0000] "GET /3/132649/AUTH_9f41729c3600455b8ee569c968fa446b/gnocchi.a83a0515-e11d-4360-b552-98bfc945920d/none_v3" 404 70 "GET https://[::1]:8080/v1/AUTH_9f41729c3600455b8ee569c968fa446b/gnocchi.a83a0515-e11d-4360-b552-98bfc945920d/none_v3" "txac0ed1ecc9ed4df7baae8-00693c61d1" "proxy-server 97771" 0.0003 "-" 96771 0
Dec 12 13:41:21 np0005557558.novalocal proxy-server[97771]: ::1 ::1 12/Dec/2025/18/41/21 GET /v1/AUTH_9f41729c3600455b8ee569c968fa446b/gnocchi.a83a0515-e11d-4360-b552-98bfc945920d/none_v3 HTTP/1.0 404 - python-swiftclient-4.7.0 gAAAAABpPGHN3vHt... - 70 - txac0ed1ecc9ed4df7baae8-00693c61d1 - 0.0574 - - 1765564881.800132513 1765564881.857496023 0
Dec 12 13:41:21 np0005557558.novalocal account-server[96175]: ::1 - - [12/Dec/2025:18:41:21 +0000] "PUT /3/24542/AUTH_9f41729c3600455b8ee569c968fa446b/gnocchi.a83a0515-e11d-4360-b552-98bfc945920d" 201 - "PUT http://[::1]:6001/3/57131/AUTH_9f41729c3600455b8ee569c968fa446b/gnocchi.a83a0515-e11d-4360-b552-98bfc945920d" "tx4702cab1ff8745db95477-00693c61d1" "container-server 96474" 0.0063 "-" 96175 0
Dec 12 13:41:21 np0005557558.novalocal container-server[96474]: ::1 - - [12/Dec/2025:18:41:21 +0000] "PUT /3/57131/AUTH_9f41729c3600455b8ee569c968fa446b/gnocchi.a83a0515-e11d-4360-b552-98bfc945920d" 201 - "PUT https://[::1]:8080/v1/AUTH_9f41729c3600455b8ee569c968fa446b/gnocchi.a83a0515-e11d-4360-b552-98bfc945920d" "tx4702cab1ff8745db95477-00693c61d1" "proxy-server 97771" 0.0170 "-" 96474 0
Dec 12 13:41:21 np0005557558.novalocal object-server[96772]: ::1 - - [12/Dec/2025:18:41:21 +0000] "GET /3/82664/AUTH_9f41729c3600455b8ee569c968fa446b/gnocchi.68eb984f-d7dc-4827-943e-0f83ebe0e199/none_v3" 200 26 "GET https://[::1]:8080/v1/AUTH_9f41729c3600455b8ee569c968fa446b/gnocchi.68eb984f-d7dc-4827-943e-0f83ebe0e199/none_v3" "txd71e5f643cb341768805a-00693c61d1" "proxy-server 97772" 0.0007 "-" 96772 0
Dec 12 13:41:21 np0005557558.novalocal proxy-server[97772]: ::1 ::1 12/Dec/2025/18/41/21 GET /v1/AUTH_9f41729c3600455b8ee569c968fa446b/gnocchi.68eb984f-d7dc-4827-943e-0f83ebe0e199/none_v3 HTTP/1.0 200 - python-swiftclient-4.7.0 gAAAAABpPGHN1oGc... - 26 - txd71e5f643cb341768805a-00693c61d1 - 0.0075 - - 1765564881.885187387 1765564881.892640352 0
Dec 12 13:41:21 np0005557558.novalocal account-server[96175]: ::1 - - [12/Dec/2025:18:41:21 +0000] "PUT /2/24542/AUTH_9f41729c3600455b8ee569c968fa446b/gnocchi.a83a0515-e11d-4360-b552-98bfc945920d" 201 - "PUT http://[::1]:6001/2/57131/AUTH_9f41729c3600455b8ee569c968fa446b/gnocchi.a83a0515-e11d-4360-b552-98bfc945920d" "tx4702cab1ff8745db95477-00693c61d1" "container-server 96475" 0.0071 "-" 96175 0
Dec 12 13:41:21 np0005557558.novalocal container-server[96475]: ::1 - - [12/Dec/2025:18:41:21 +0000] "GET /3/214998/AUTH_9f41729c3600455b8ee569c968fa446b/gnocchi.68eb984f-d7dc-4827-943e-0f83ebe0e199" 200 357 "GET https://[::1]:8080/v1/AUTH_9f41729c3600455b8ee569c968fa446b/gnocchi.68eb984f-d7dc-4827-943e-0f83ebe0e199?format=json&states=listing" "txf21a010f91f845debc56c-00693c61d1" "proxy-server 97772" 0.0091 "-" 96475 0
Dec 12 13:41:21 np0005557558.novalocal container-server[96475]: ::1 - - [12/Dec/2025:18:41:21 +0000] "PUT /2/57131/AUTH_9f41729c3600455b8ee569c968fa446b/gnocchi.a83a0515-e11d-4360-b552-98bfc945920d" 201 - "PUT https://[::1]:8080/v1/AUTH_9f41729c3600455b8ee569c968fa446b/gnocchi.a83a0515-e11d-4360-b552-98bfc945920d" "tx4702cab1ff8745db95477-00693c61d1" "proxy-server 97771" 0.0281 "-" 96475 0
Dec 12 13:41:21 np0005557558.novalocal proxy-server[97772]: ::1 ::1 12/Dec/2025/18/41/21 GET /v1/AUTH_9f41729c3600455b8ee569c968fa446b/gnocchi.68eb984f-d7dc-4827-943e-0f83ebe0e199%3Fformat%3Djson%26states%3Dlisting HTTP/1.0 200 - python-swiftclient-4.7.0 gAAAAABpPGHN1oGc... - 357 - txf21a010f91f845debc56c-00693c61d1 - 0.0181 - - 1765564881.896907568 1765564881.915021420 0
Dec 12 13:41:21 np0005557558.novalocal account-server[96175]: ::1 - - [12/Dec/2025:18:41:21 +0000] "PUT /1/24542/AUTH_9f41729c3600455b8ee569c968fa446b/gnocchi.a83a0515-e11d-4360-b552-98bfc945920d" 201 - "PUT http://[::1]:6001/1/57131/AUTH_9f41729c3600455b8ee569c968fa446b/gnocchi.a83a0515-e11d-4360-b552-98bfc945920d" "tx4702cab1ff8745db95477-00693c61d1" "container-server 96475" 0.0058 "-" 96175 0
Dec 12 13:41:21 np0005557558.novalocal container-server[96475]: ::1 - - [12/Dec/2025:18:41:21 +0000] "PUT /1/57131/AUTH_9f41729c3600455b8ee569c968fa446b/gnocchi.a83a0515-e11d-4360-b552-98bfc945920d" 201 - "PUT https://[::1]:8080/v1/AUTH_9f41729c3600455b8ee569c968fa446b/gnocchi.a83a0515-e11d-4360-b552-98bfc945920d" "tx4702cab1ff8745db95477-00693c61d1" "proxy-server 97771" 0.0535 "-" 96475 0
Dec 12 13:41:21 np0005557558.novalocal proxy-server[97771]: ::1 ::1 12/Dec/2025/18/41/21 PUT /v1/AUTH_9f41729c3600455b8ee569c968fa446b/gnocchi.a83a0515-e11d-4360-b552-98bfc945920d HTTP/1.0 201 - python-swiftclient-4.7.0 gAAAAABpPGHN3vHt... - - - tx4702cab1ff8745db95477-00693c61d1 - 0.0613 - - 1765564881.860359430 1765564881.921667337 0
Dec 12 13:41:21 np0005557558.novalocal container-server[96475]: ::1 - - [12/Dec/2025:18:41:21 +0000] "GET /3/214998/AUTH_9f41729c3600455b8ee569c968fa446b/gnocchi.68eb984f-d7dc-4827-943e-0f83ebe0e199" 200 2 "GET https://[::1]:8080/v1/AUTH_9f41729c3600455b8ee569c968fa446b/gnocchi.68eb984f-d7dc-4827-943e-0f83ebe0e199?format=json&marker=none_v3&states=listing" "txc1fc01a37cc240d290c20-00693c61d1" "proxy-server 97772" 0.0036 "-" 96475 0
Dec 12 13:41:21 np0005557558.novalocal proxy-server[97772]: ::1 ::1 12/Dec/2025/18/41/21 GET /v1/AUTH_9f41729c3600455b8ee569c968fa446b/gnocchi.68eb984f-d7dc-4827-943e-0f83ebe0e199%3Fformat%3Djson%26marker%3Dnone_v3%26states%3Dlisting HTTP/1.0 200 - python-swiftclient-4.7.0 gAAAAABpPGHN1oGc... - 2 - txc1fc01a37cc240d290c20-00693c61d1 - 0.0119 - - 1765564881.917761326 1765564881.929651499 0
Dec 12 13:41:21 np0005557558.novalocal container-server[96474]: ::1 - - [12/Dec/2025:18:41:21 +0000] "HEAD /2/57131/AUTH_9f41729c3600455b8ee569c968fa446b/gnocchi.a83a0515-e11d-4360-b552-98bfc945920d" 204 - "HEAD http://[::1]:8080/v1/AUTH_9f41729c3600455b8ee569c968fa446b/gnocchi.a83a0515-e11d-4360-b552-98bfc945920d" "txa6a80648ae54415fbfcf2-00693c61d1" "proxy-server 97771" 0.0015 "-" 96474 0
Dec 12 13:41:21 np0005557558.novalocal proxy-server[97771]: - - 12/Dec/2025/18/41/21 HEAD /v1/AUTH_9f41729c3600455b8ee569c968fa446b/gnocchi.a83a0515-e11d-4360-b552-98bfc945920d HTTP/1.0 204 - Swift - - - - txa6a80648ae54415fbfcf2-00693c61d1 - 0.0064 CS - 1765564881.926651239 1765564881.933089018 0
Dec 12 13:41:21 np0005557558.novalocal object-server[96772]: ::1 - - [12/Dec/2025:18:41:21 +0000] "GET /1/949/AUTH_9f41729c3600455b8ee569c968fa446b/gnocchi.68eb984f-d7dc-4827-943e-0f83ebe0e199/1764720000.0_mean_300.0_v3" 200 16 "GET https://[::1]:8080/v1/AUTH_9f41729c3600455b8ee569c968fa446b/gnocchi.68eb984f-d7dc-4827-943e-0f83ebe0e199/1764720000.0_mean_300.0_v3" "tx85369520335a4fdd8c37b-00693c61d1" "proxy-server 97772" 0.0008 "-" 96772 0
Dec 12 13:41:21 np0005557558.novalocal proxy-server[97772]: ::1 ::1 12/Dec/2025/18/41/21 GET /v1/AUTH_9f41729c3600455b8ee569c968fa446b/gnocchi.68eb984f-d7dc-4827-943e-0f83ebe0e199/1764720000.0_mean_300.0_v3 HTTP/1.0 200 - python-swiftclient-4.7.0 gAAAAABpPGHN1oGc... - 16 - tx85369520335a4fdd8c37b-00693c61d1 - 0.0068 - - 1765564881.934684515 1765564881.941505909 0
Dec 12 13:41:21 np0005557558.novalocal container-server[96475]: ::1 - - [12/Dec/2025:18:41:21 +0000] "GET /2/57131/AUTH_9f41729c3600455b8ee569c968fa446b/gnocchi.a83a0515-e11d-4360-b552-98bfc945920d" 200 2 "GET https://[::1]:8080/v1/AUTH_9f41729c3600455b8ee569c968fa446b/gnocchi.a83a0515-e11d-4360-b552-98bfc945920d?format=json&states=listing" "txa6a80648ae54415fbfcf2-00693c61d1" "proxy-server 97771" 0.0034 "-" 96475 0
Dec 12 13:41:21 np0005557558.novalocal proxy-server[97771]: ::1 ::1 12/Dec/2025/18/41/21 GET /v1/AUTH_9f41729c3600455b8ee569c968fa446b/gnocchi.a83a0515-e11d-4360-b552-98bfc945920d%3Fformat%3Djson%26states%3Dlisting HTTP/1.0 200 - python-swiftclient-4.7.0 gAAAAABpPGHN3vHt... - 2 - txa6a80648ae54415fbfcf2-00693c61d1 - 0.0184 - - 1765564881.925811529 1765564881.944217443 0
Dec 12 13:41:21 np0005557558.novalocal object-server[96771]: ::1 - - [12/Dec/2025:18:41:21 +0000] "GET /1/56111/AUTH_9f41729c3600455b8ee569c968fa446b/gnocchi.a83a0515-e11d-4360-b552-98bfc945920d/1764720000.0_mean_300.0_v3" 404 70 "GET https://[::1]:8080/v1/AUTH_9f41729c3600455b8ee569c968fa446b/gnocchi.a83a0515-e11d-4360-b552-98bfc945920d/1764720000.0_mean_300.0_v3" "txa7dfa7f01e8f48989429a-00693c61d1" "proxy-server 97771" 0.0009 "-" 96771 0
Dec 12 13:41:21 np0005557558.novalocal object-server[96771]: ::1 - - [12/Dec/2025:18:41:21 +0000] "GET /2/56111/AUTH_9f41729c3600455b8ee569c968fa446b/gnocchi.a83a0515-e11d-4360-b552-98bfc945920d/1764720000.0_mean_300.0_v3" 404 70 "GET https://[::1]:8080/v1/AUTH_9f41729c3600455b8ee569c968fa446b/gnocchi.a83a0515-e11d-4360-b552-98bfc945920d/1764720000.0_mean_300.0_v3" "txa7dfa7f01e8f48989429a-00693c61d1" "proxy-server 97771" 0.0006 "-" 96771 0
Dec 12 13:41:21 np0005557558.novalocal object-server[96771]: ::1 - - [12/Dec/2025:18:41:21 +0000] "GET /3/56111/AUTH_9f41729c3600455b8ee569c968fa446b/gnocchi.a83a0515-e11d-4360-b552-98bfc945920d/1764720000.0_mean_300.0_v3" 404 70 "GET https://[::1]:8080/v1/AUTH_9f41729c3600455b8ee569c968fa446b/gnocchi.a83a0515-e11d-4360-b552-98bfc945920d/1764720000.0_mean_300.0_v3" "txa7dfa7f01e8f48989429a-00693c61d1" "proxy-server 97771" 0.0003 "-" 96771 0
Dec 12 13:41:21 np0005557558.novalocal container-server[96474]: ::1 - - [12/Dec/2025:18:41:21 +0000] "PUT /3/214998/AUTH_9f41729c3600455b8ee569c968fa446b/gnocchi.68eb984f-d7dc-4827-943e-0f83ebe0e199/1764720000.0_mean_300.0_v3" 201 - "PUT http://[::1]:8080/1/949/AUTH_9f41729c3600455b8ee569c968fa446b/gnocchi.68eb984f-d7dc-4827-943e-0f83ebe0e199/1764720000.0_mean_300.0_v3" "tx2ac19b3048fb43e6b21a7-00693c61d1" "object-server 96772" 0.0007 "-" 96474 0
Dec 12 13:41:21 np0005557558.novalocal object-server[96772]: ::1 - - [12/Dec/2025:18:41:21 +0000] "PUT /1/949/AUTH_9f41729c3600455b8ee569c968fa446b/gnocchi.68eb984f-d7dc-4827-943e-0f83ebe0e199/1764720000.0_mean_300.0_v3" 201 - "PUT https://[::1]:8080/v1/AUTH_9f41729c3600455b8ee569c968fa446b/gnocchi.68eb984f-d7dc-4827-943e-0f83ebe0e199/1764720000.0_mean_300.0_v3" "tx2ac19b3048fb43e6b21a7-00693c61d1" "proxy-server 97772" 0.0112 "-" 96772 0
Dec 12 13:41:21 np0005557558.novalocal proxy-server[97771]: ::1 ::1 12/Dec/2025/18/41/21 GET /v1/AUTH_9f41729c3600455b8ee569c968fa446b/gnocchi.a83a0515-e11d-4360-b552-98bfc945920d/1764720000.0_mean_300.0_v3 HTTP/1.0 404 - python-swiftclient-4.7.0 gAAAAABpPGHN3vHt... - 70 - txa7dfa7f01e8f48989429a-00693c61d1 - 0.0161 - - 1765564881.947867155 1765564881.963989735 0
Dec 12 13:41:21 np0005557558.novalocal container-server[96475]: ::1 - - [12/Dec/2025:18:41:21 +0000] "PUT /1/214998/AUTH_9f41729c3600455b8ee569c968fa446b/gnocchi.68eb984f-d7dc-4827-943e-0f83ebe0e199/1764720000.0_mean_300.0_v3" 201 - "PUT http://[::1]:8080/3/949/AUTH_9f41729c3600455b8ee569c968fa446b/gnocchi.68eb984f-d7dc-4827-943e-0f83ebe0e199/1764720000.0_mean_300.0_v3" "tx2ac19b3048fb43e6b21a7-00693c61d1" "object-server 96772" 0.0011 "-" 96475 0
Dec 12 13:41:21 np0005557558.novalocal object-server[96772]: ::1 - - [12/Dec/2025:18:41:21 +0000] "PUT /3/949/AUTH_9f41729c3600455b8ee569c968fa446b/gnocchi.68eb984f-d7dc-4827-943e-0f83ebe0e199/1764720000.0_mean_300.0_v3" 201 - "PUT https://[::1]:8080/v1/AUTH_9f41729c3600455b8ee569c968fa446b/gnocchi.68eb984f-d7dc-4827-943e-0f83ebe0e199/1764720000.0_mean_300.0_v3" "tx2ac19b3048fb43e6b21a7-00693c61d1" "proxy-server 97772" 0.0153 "-" 96772 0
Dec 12 13:41:21 np0005557558.novalocal container-server[96475]: ::1 - - [12/Dec/2025:18:41:21 +0000] "PUT /2/214998/AUTH_9f41729c3600455b8ee569c968fa446b/gnocchi.68eb984f-d7dc-4827-943e-0f83ebe0e199/1764720000.0_mean_300.0_v3" 201 - "PUT http://[::1]:8080/2/949/AUTH_9f41729c3600455b8ee569c968fa446b/gnocchi.68eb984f-d7dc-4827-943e-0f83ebe0e199/1764720000.0_mean_300.0_v3" "tx2ac19b3048fb43e6b21a7-00693c61d1" "object-server 96771" 0.0010 "-" 96475 0
Dec 12 13:41:21 np0005557558.novalocal object-server[96771]: ::1 - - [12/Dec/2025:18:41:21 +0000] "PUT /2/949/AUTH_9f41729c3600455b8ee569c968fa446b/gnocchi.68eb984f-d7dc-4827-943e-0f83ebe0e199/1764720000.0_mean_300.0_v3" 201 - "PUT https://[::1]:8080/v1/AUTH_9f41729c3600455b8ee569c968fa446b/gnocchi.68eb984f-d7dc-4827-943e-0f83ebe0e199/1764720000.0_mean_300.0_v3" "tx2ac19b3048fb43e6b21a7-00693c61d1" "proxy-server 97772" 0.0165 "-" 96771 0
Dec 12 13:41:21 np0005557558.novalocal proxy-server[97772]: ::1 ::1 12/Dec/2025/18/41/21 PUT /v1/AUTH_9f41729c3600455b8ee569c968fa446b/gnocchi.68eb984f-d7dc-4827-943e-0f83ebe0e199/1764720000.0_mean_300.0_v3 HTTP/1.0 201 - python-swiftclient-4.7.0 gAAAAABpPGHN1oGc... 16 - - tx2ac19b3048fb43e6b21a7-00693c61d1 - 0.0262 - - 1765564881.944247007 1765564881.970454454 0
Dec 12 13:41:21 np0005557558.novalocal container-server[96474]: ::1 - - [12/Dec/2025:18:41:21 +0000] "PUT /2/57131/AUTH_9f41729c3600455b8ee569c968fa446b/gnocchi.a83a0515-e11d-4360-b552-98bfc945920d/1764720000.0_mean_300.0_v3" 201 - "PUT http://[::1]:8080/2/56111/AUTH_9f41729c3600455b8ee569c968fa446b/gnocchi.a83a0515-e11d-4360-b552-98bfc945920d/1764720000.0_mean_300.0_v3" "tx0f2cae19b69e4fe381f07-00693c61d1" "object-server 96772" 0.0006 "-" 96474 0
Dec 12 13:41:21 np0005557558.novalocal object-server[96772]: ::1 - - [12/Dec/2025:18:41:21 +0000] "PUT /2/56111/AUTH_9f41729c3600455b8ee569c968fa446b/gnocchi.a83a0515-e11d-4360-b552-98bfc945920d/1764720000.0_mean_300.0_v3" 201 - "PUT https://[::1]:8080/v1/AUTH_9f41729c3600455b8ee569c968fa446b/gnocchi.a83a0515-e11d-4360-b552-98bfc945920d/1764720000.0_mean_300.0_v3" "tx0f2cae19b69e4fe381f07-00693c61d1" "proxy-server 97771" 0.0117 "-" 96772 0
Dec 12 13:41:21 np0005557558.novalocal container-server[96474]: ::1 - - [12/Dec/2025:18:41:21 +0000] "PUT /3/214998/AUTH_9f41729c3600455b8ee569c968fa446b/gnocchi.68eb984f-d7dc-4827-943e-0f83ebe0e199/none_v3" 201 - "PUT http://[::1]:8080/1/82664/AUTH_9f41729c3600455b8ee569c968fa446b/gnocchi.68eb984f-d7dc-4827-943e-0f83ebe0e199/none_v3" "tx52f17487d2d74e25a782c-00693c61d1" "object-server 96772" 0.0004 "-" 96474 0
Dec 12 13:41:21 np0005557558.novalocal object-server[96772]: ::1 - - [12/Dec/2025:18:41:21 +0000] "PUT /1/82664/AUTH_9f41729c3600455b8ee569c968fa446b/gnocchi.68eb984f-d7dc-4827-943e-0f83ebe0e199/none_v3" 201 - "PUT https://[::1]:8080/v1/AUTH_9f41729c3600455b8ee569c968fa446b/gnocchi.68eb984f-d7dc-4827-943e-0f83ebe0e199/none_v3" "tx52f17487d2d74e25a782c-00693c61d1" "proxy-server 97772" 0.0098 "-" 96772 0
Dec 12 13:41:21 np0005557558.novalocal container-server[96475]: ::1 - - [12/Dec/2025:18:41:21 +0000] "PUT /1/57131/AUTH_9f41729c3600455b8ee569c968fa446b/gnocchi.a83a0515-e11d-4360-b552-98bfc945920d/1764720000.0_mean_300.0_v3" 201 - "PUT http://[::1]:8080/3/56111/AUTH_9f41729c3600455b8ee569c968fa446b/gnocchi.a83a0515-e11d-4360-b552-98bfc945920d/1764720000.0_mean_300.0_v3" "tx0f2cae19b69e4fe381f07-00693c61d1" "object-server 96772" 0.0039 "-" 96475 0
Dec 12 13:41:21 np0005557558.novalocal object-server[96772]: ::1 - - [12/Dec/2025:18:41:21 +0000] "PUT /3/56111/AUTH_9f41729c3600455b8ee569c968fa446b/gnocchi.a83a0515-e11d-4360-b552-98bfc945920d/1764720000.0_mean_300.0_v3" 201 - "PUT https://[::1]:8080/v1/AUTH_9f41729c3600455b8ee569c968fa446b/gnocchi.a83a0515-e11d-4360-b552-98bfc945920d/1764720000.0_mean_300.0_v3" "tx0f2cae19b69e4fe381f07-00693c61d1" "proxy-server 97771" 0.0196 "-" 96772 0
Dec 12 13:41:21 np0005557558.novalocal container-server[96475]: ::1 - - [12/Dec/2025:18:41:21 +0000] "PUT /3/57131/AUTH_9f41729c3600455b8ee569c968fa446b/gnocchi.a83a0515-e11d-4360-b552-98bfc945920d/1764720000.0_mean_300.0_v3" 201 - "PUT http://[::1]:8080/1/56111/AUTH_9f41729c3600455b8ee569c968fa446b/gnocchi.a83a0515-e11d-4360-b552-98bfc945920d/1764720000.0_mean_300.0_v3" "tx0f2cae19b69e4fe381f07-00693c61d1" "object-server 96771" 0.0010 "-" 96475 0
Dec 12 13:41:21 np0005557558.novalocal object-server[96771]: ::1 - - [12/Dec/2025:18:41:21 +0000] "PUT /1/56111/AUTH_9f41729c3600455b8ee569c968fa446b/gnocchi.a83a0515-e11d-4360-b552-98bfc945920d/1764720000.0_mean_300.0_v3" 201 - "PUT https://[::1]:8080/v1/AUTH_9f41729c3600455b8ee569c968fa446b/gnocchi.a83a0515-e11d-4360-b552-98bfc945920d/1764720000.0_mean_300.0_v3" "tx0f2cae19b69e4fe381f07-00693c61d1" "proxy-server 97771" 0.0208 "-" 96771 0
Dec 12 13:41:21 np0005557558.novalocal container-server[96475]: ::1 - - [12/Dec/2025:18:41:21 +0000] "PUT /1/214998/AUTH_9f41729c3600455b8ee569c968fa446b/gnocchi.68eb984f-d7dc-4827-943e-0f83ebe0e199/none_v3" 201 - "PUT http://[::1]:8080/2/82664/AUTH_9f41729c3600455b8ee569c968fa446b/gnocchi.68eb984f-d7dc-4827-943e-0f83ebe0e199/none_v3" "tx52f17487d2d74e25a782c-00693c61d1" "object-server 96771" 0.0006 "-" 96475 0
Dec 12 13:41:21 np0005557558.novalocal object-server[96771]: ::1 - - [12/Dec/2025:18:41:21 +0000] "PUT /2/82664/AUTH_9f41729c3600455b8ee569c968fa446b/gnocchi.68eb984f-d7dc-4827-943e-0f83ebe0e199/none_v3" 201 - "PUT https://[::1]:8080/v1/AUTH_9f41729c3600455b8ee569c968fa446b/gnocchi.68eb984f-d7dc-4827-943e-0f83ebe0e199/none_v3" "tx52f17487d2d74e25a782c-00693c61d1" "proxy-server 97772" 0.0148 "-" 96771 0
Dec 12 13:41:21 np0005557558.novalocal proxy-server[97771]: ::1 ::1 12/Dec/2025/18/41/21 PUT /v1/AUTH_9f41729c3600455b8ee569c968fa446b/gnocchi.a83a0515-e11d-4360-b552-98bfc945920d/1764720000.0_mean_300.0_v3 HTTP/1.0 201 - python-swiftclient-4.7.0 gAAAAABpPGHN3vHt... 16 - - tx0f2cae19b69e4fe381f07-00693c61d1 - 0.0304 - - 1765564881.966423750 1765564881.996836662 0
Dec 12 13:41:21 np0005557558.novalocal container-server[96475]: ::1 - - [12/Dec/2025:18:41:21 +0000] "PUT /2/214998/AUTH_9f41729c3600455b8ee569c968fa446b/gnocchi.68eb984f-d7dc-4827-943e-0f83ebe0e199/none_v3" 201 - "PUT http://[::1]:8080/3/82664/AUTH_9f41729c3600455b8ee569c968fa446b/gnocchi.68eb984f-d7dc-4827-943e-0f83ebe0e199/none_v3" "tx52f17487d2d74e25a782c-00693c61d1" "object-server 96771" 0.0006 "-" 96475 0
Dec 12 13:41:21 np0005557558.novalocal object-server[96771]: ::1 - - [12/Dec/2025:18:41:21 +0000] "PUT /3/82664/AUTH_9f41729c3600455b8ee569c968fa446b/gnocchi.68eb984f-d7dc-4827-943e-0f83ebe0e199/none_v3" 201 - "PUT https://[::1]:8080/v1/AUTH_9f41729c3600455b8ee569c968fa446b/gnocchi.68eb984f-d7dc-4827-943e-0f83ebe0e199/none_v3" "tx52f17487d2d74e25a782c-00693c61d1" "proxy-server 97772" 0.0195 "-" 96771 0
Dec 12 13:41:22 np0005557558.novalocal proxy-server[97772]: ::1 ::1 12/Dec/2025/18/41/22 PUT /v1/AUTH_9f41729c3600455b8ee569c968fa446b/gnocchi.68eb984f-d7dc-4827-943e-0f83ebe0e199/none_v3 HTTP/1.0 201 - python-swiftclient-4.7.0 gAAAAABpPGHN1oGc... 36 - - tx52f17487d2d74e25a782c-00693c61d1 - 0.0267 - - 1765564881.973873615 1765564882.000613451 0
Dec 12 13:41:22 np0005557558.novalocal container-server[96474]: ::1 - - [12/Dec/2025:18:41:22 +0000] "HEAD /1/131271/AUTH_9f41729c3600455b8ee569c968fa446b/gnocchi.9e712647-2ec7-498c-a615-c09d64c01da4" 404 - "HEAD http://[::1]:8080/v1/AUTH_9f41729c3600455b8ee569c968fa446b/gnocchi.9e712647-2ec7-498c-a615-c09d64c01da4" "txd1d026facbbf4097be64d-00693c61d2" "proxy-server 97772" 0.0003 "-" 96474 0
Dec 12 13:41:22 np0005557558.novalocal container-server[96474]: ::1 - - [12/Dec/2025:18:41:22 +0000] "HEAD /3/131271/AUTH_9f41729c3600455b8ee569c968fa446b/gnocchi.9e712647-2ec7-498c-a615-c09d64c01da4" 404 - "HEAD http://[::1]:8080/v1/AUTH_9f41729c3600455b8ee569c968fa446b/gnocchi.9e712647-2ec7-498c-a615-c09d64c01da4" "txd1d026facbbf4097be64d-00693c61d2" "proxy-server 97772" 0.0002 "-" 96474 0
Dec 12 13:41:22 np0005557558.novalocal container-server[96474]: ::1 - - [12/Dec/2025:18:41:22 +0000] "PUT /2/57131/AUTH_9f41729c3600455b8ee569c968fa446b/gnocchi.a83a0515-e11d-4360-b552-98bfc945920d/none_v3" 201 - "PUT http://[::1]:8080/3/132649/AUTH_9f41729c3600455b8ee569c968fa446b/gnocchi.a83a0515-e11d-4360-b552-98bfc945920d/none_v3" "tx3f0cbf5d8d9f4e92b50ad-00693c61d1" "object-server 96771" 0.0005 "-" 96474 0
Dec 12 13:41:22 np0005557558.novalocal object-server[96771]: ::1 - - [12/Dec/2025:18:41:22 +0000] "PUT /3/132649/AUTH_9f41729c3600455b8ee569c968fa446b/gnocchi.a83a0515-e11d-4360-b552-98bfc945920d/none_v3" 201 - "PUT https://[::1]:8080/v1/AUTH_9f41729c3600455b8ee569c968fa446b/gnocchi.a83a0515-e11d-4360-b552-98bfc945920d/none_v3" "tx3f0cbf5d8d9f4e92b50ad-00693c61d1" "proxy-server 97771" 0.0097 "-" 96771 0
Dec 12 13:41:22 np0005557558.novalocal container-server[96474]: ::1 - - [12/Dec/2025:18:41:22 +0000] "PUT /3/57131/AUTH_9f41729c3600455b8ee569c968fa446b/gnocchi.a83a0515-e11d-4360-b552-98bfc945920d/none_v3" 201 - "PUT http://[::1]:8080/1/132649/AUTH_9f41729c3600455b8ee569c968fa446b/gnocchi.a83a0515-e11d-4360-b552-98bfc945920d/none_v3" "tx3f0cbf5d8d9f4e92b50ad-00693c61d1" "object-server 96771" 0.0003 "-" 96474 0
Dec 12 13:41:22 np0005557558.novalocal container-server[96475]: ::1 - - [12/Dec/2025:18:41:22 +0000] "PUT /1/57131/AUTH_9f41729c3600455b8ee569c968fa446b/gnocchi.a83a0515-e11d-4360-b552-98bfc945920d/none_v3" 201 - "PUT http://[::1]:8080/2/132649/AUTH_9f41729c3600455b8ee569c968fa446b/gnocchi.a83a0515-e11d-4360-b552-98bfc945920d/none_v3" "tx3f0cbf5d8d9f4e92b50ad-00693c61d1" "object-server 96772" 0.0013 "-" 96475 0
Dec 12 13:41:22 np0005557558.novalocal object-server[96771]: ::1 - - [12/Dec/2025:18:41:22 +0000] "PUT /1/132649/AUTH_9f41729c3600455b8ee569c968fa446b/gnocchi.a83a0515-e11d-4360-b552-98bfc945920d/none_v3" 201 - "PUT https://[::1]:8080/v1/AUTH_9f41729c3600455b8ee569c968fa446b/gnocchi.a83a0515-e11d-4360-b552-98bfc945920d/none_v3" "tx3f0cbf5d8d9f4e92b50ad-00693c61d1" "proxy-server 97771" 0.0197 "-" 96771 0
Dec 12 13:41:22 np0005557558.novalocal object-server[96772]: ::1 - - [12/Dec/2025:18:41:22 +0000] "PUT /2/132649/AUTH_9f41729c3600455b8ee569c968fa446b/gnocchi.a83a0515-e11d-4360-b552-98bfc945920d/none_v3" 201 - "PUT https://[::1]:8080/v1/AUTH_9f41729c3600455b8ee569c968fa446b/gnocchi.a83a0515-e11d-4360-b552-98bfc945920d/none_v3" "tx3f0cbf5d8d9f4e92b50ad-00693c61d1" "proxy-server 97771" 0.0247 "-" 96772 0
Dec 12 13:41:22 np0005557558.novalocal container-server[96475]: ::1 - - [12/Dec/2025:18:41:22 +0000] "HEAD /2/131271/AUTH_9f41729c3600455b8ee569c968fa446b/gnocchi.9e712647-2ec7-498c-a615-c09d64c01da4" 404 - "HEAD http://[::1]:8080/v1/AUTH_9f41729c3600455b8ee569c968fa446b/gnocchi.9e712647-2ec7-498c-a615-c09d64c01da4" "txd1d026facbbf4097be64d-00693c61d2" "proxy-server 97772" 0.0004 "-" 96475 0
Dec 12 13:41:22 np0005557558.novalocal proxy-server[97771]: ::1 ::1 12/Dec/2025/18/41/22 PUT /v1/AUTH_9f41729c3600455b8ee569c968fa446b/gnocchi.a83a0515-e11d-4360-b552-98bfc945920d/none_v3 HTTP/1.0 201 - python-swiftclient-4.7.0 gAAAAABpPGHN3vHt... 22 - - tx3f0cbf5d8d9f4e92b50ad-00693c61d1 - 0.0324 - - 1765564881.999188900 1765564882.031612396 0
Dec 12 13:41:22 np0005557558.novalocal proxy-server[97772]: - - 12/Dec/2025/18/41/22 HEAD /v1/AUTH_9f41729c3600455b8ee569c968fa446b/gnocchi.9e712647-2ec7-498c-a615-c09d64c01da4 HTTP/1.0 404 - Swift - - - - txd1d026facbbf4097be64d-00693c61d2 - 0.0124 CS - 1765564882.019988537 1765564882.032383442 0
Dec 12 13:41:22 np0005557558.novalocal object-server[96772]: ::1 - - [12/Dec/2025:18:41:22 +0000] "GET /1/24801/AUTH_9f41729c3600455b8ee569c968fa446b/gnocchi.9e712647-2ec7-498c-a615-c09d64c01da4/none_v3" 404 70 "GET https://[::1]:8080/v1/AUTH_9f41729c3600455b8ee569c968fa446b/gnocchi.9e712647-2ec7-498c-a615-c09d64c01da4/none_v3" "txd1d026facbbf4097be64d-00693c61d2" "proxy-server 97772" 0.0003 "-" 96772 0
Dec 12 13:41:22 np0005557558.novalocal object-server[96771]: ::1 - - [12/Dec/2025:18:41:22 +0000] "GET /3/24801/AUTH_9f41729c3600455b8ee569c968fa446b/gnocchi.9e712647-2ec7-498c-a615-c09d64c01da4/none_v3" 404 70 "GET https://[::1]:8080/v1/AUTH_9f41729c3600455b8ee569c968fa446b/gnocchi.9e712647-2ec7-498c-a615-c09d64c01da4/none_v3" "txd1d026facbbf4097be64d-00693c61d2" "proxy-server 97772" 0.0003 "-" 96771 0
Dec 12 13:41:22 np0005557558.novalocal object-server[96772]: ::1 - - [12/Dec/2025:18:41:22 +0000] "GET /2/24801/AUTH_9f41729c3600455b8ee569c968fa446b/gnocchi.9e712647-2ec7-498c-a615-c09d64c01da4/none_v3" 404 70 "GET https://[::1]:8080/v1/AUTH_9f41729c3600455b8ee569c968fa446b/gnocchi.9e712647-2ec7-498c-a615-c09d64c01da4/none_v3" "txd1d026facbbf4097be64d-00693c61d2" "proxy-server 97772" 0.0002 "-" 96772 0
Dec 12 13:41:22 np0005557558.novalocal proxy-server[97772]: ::1 ::1 12/Dec/2025/18/41/22 GET /v1/AUTH_9f41729c3600455b8ee569c968fa446b/gnocchi.9e712647-2ec7-498c-a615-c09d64c01da4/none_v3 HTTP/1.0 404 - python-swiftclient-4.7.0 gAAAAABpPGHN1oGc... - 70 - txd1d026facbbf4097be64d-00693c61d2 - 0.0261 - - 1765564882.019276619 1765564882.045367479 0
Dec 12 13:41:22 np0005557558.novalocal container-server[96475]: ::1 - - [12/Dec/2025:18:41:22 +0000] "HEAD /1/240615/AUTH_9f41729c3600455b8ee569c968fa446b/gnocchi.7b7cb0a2-1ea1-4d9e-82cb-fa602d52f138" 404 - "HEAD http://[::1]:8080/v1/AUTH_9f41729c3600455b8ee569c968fa446b/gnocchi.7b7cb0a2-1ea1-4d9e-82cb-fa602d52f138" "tx4dba5a85402c4d14a96d0-00693c61d2" "proxy-server 97771" 0.0003 "-" 96475 0
Dec 12 13:41:22 np0005557558.novalocal account-server[96174]: ::1 - - [12/Dec/2025:18:41:22 +0000] "PUT /2/24542/AUTH_9f41729c3600455b8ee569c968fa446b/gnocchi.9e712647-2ec7-498c-a615-c09d64c01da4" 201 - "PUT http://[::1]:6001/3/131271/AUTH_9f41729c3600455b8ee569c968fa446b/gnocchi.9e712647-2ec7-498c-a615-c09d64c01da4" "tx17f927f56eb945a6a8c50-00693c61d2" "container-server 96475" 0.0621 "-" 96174 0
Dec 12 13:41:22 np0005557558.novalocal container-server[96475]: ::1 - - [12/Dec/2025:18:41:22 +0000] "PUT /3/131271/AUTH_9f41729c3600455b8ee569c968fa446b/gnocchi.9e712647-2ec7-498c-a615-c09d64c01da4" 201 - "PUT https://[::1]:8080/v1/AUTH_9f41729c3600455b8ee569c968fa446b/gnocchi.9e712647-2ec7-498c-a615-c09d64c01da4" "tx17f927f56eb945a6a8c50-00693c61d2" "proxy-server 97772" 0.1048 "-" 96475 0
Dec 12 13:41:22 np0005557558.novalocal container-server[96474]: ::1 - - [12/Dec/2025:18:41:22 +0000] "HEAD /3/240615/AUTH_9f41729c3600455b8ee569c968fa446b/gnocchi.7b7cb0a2-1ea1-4d9e-82cb-fa602d52f138" 404 - "HEAD http://[::1]:8080/v1/AUTH_9f41729c3600455b8ee569c968fa446b/gnocchi.7b7cb0a2-1ea1-4d9e-82cb-fa602d52f138" "tx4dba5a85402c4d14a96d0-00693c61d2" "proxy-server 97771" 0.0007 "-" 96474 0
Dec 12 13:41:22 np0005557558.novalocal account-server[96175]: ::1 - - [12/Dec/2025:18:41:22 +0000] "PUT /3/24542/AUTH_9f41729c3600455b8ee569c968fa446b/gnocchi.9e712647-2ec7-498c-a615-c09d64c01da4" 201 - "PUT http://[::1]:6001/2/131271/AUTH_9f41729c3600455b8ee569c968fa446b/gnocchi.9e712647-2ec7-498c-a615-c09d64c01da4" "tx17f927f56eb945a6a8c50-00693c61d2" "container-server 96474" 0.0125 "-" 96175 0
Dec 12 13:41:22 np0005557558.novalocal container-server[96474]: ::1 - - [12/Dec/2025:18:41:22 +0000] "PUT /2/131271/AUTH_9f41729c3600455b8ee569c968fa446b/gnocchi.9e712647-2ec7-498c-a615-c09d64c01da4" 201 - "PUT https://[::1]:8080/v1/AUTH_9f41729c3600455b8ee569c968fa446b/gnocchi.9e712647-2ec7-498c-a615-c09d64c01da4" "tx17f927f56eb945a6a8c50-00693c61d2" "proxy-server 97772" 0.1249 "-" 96474 0
Dec 12 13:41:22 np0005557558.novalocal container-server[96475]: ::1 - - [12/Dec/2025:18:41:22 +0000] "HEAD /2/240615/AUTH_9f41729c3600455b8ee569c968fa446b/gnocchi.7b7cb0a2-1ea1-4d9e-82cb-fa602d52f138" 404 - "HEAD http://[::1]:8080/v1/AUTH_9f41729c3600455b8ee569c968fa446b/gnocchi.7b7cb0a2-1ea1-4d9e-82cb-fa602d52f138" "tx4dba5a85402c4d14a96d0-00693c61d2" "proxy-server 97771" 0.0005 "-" 96475 0
Dec 12 13:41:22 np0005557558.novalocal proxy-server[97771]: - - 12/Dec/2025/18/41/22 HEAD /v1/AUTH_9f41729c3600455b8ee569c968fa446b/gnocchi.7b7cb0a2-1ea1-4d9e-82cb-fa602d52f138 HTTP/1.0 404 - Swift - - - - tx4dba5a85402c4d14a96d0-00693c61d2 - 0.1008 CS - 1765564882.098317146 1765564882.199087620 0
Dec 12 13:41:22 np0005557558.novalocal object-server[96772]: ::1 - - [12/Dec/2025:18:41:22 +0000] "GET /1/19462/AUTH_9f41729c3600455b8ee569c968fa446b/gnocchi.7b7cb0a2-1ea1-4d9e-82cb-fa602d52f138/none_v3" 404 70 "GET https://[::1]:8080/v1/AUTH_9f41729c3600455b8ee569c968fa446b/gnocchi.7b7cb0a2-1ea1-4d9e-82cb-fa602d52f138/none_v3" "tx4dba5a85402c4d14a96d0-00693c61d2" "proxy-server 97771" 0.0004 "-" 96772 0
Dec 12 13:41:22 np0005557558.novalocal account-server[96174]: ::1 - - [12/Dec/2025:18:41:22 +0000] "PUT /1/24542/AUTH_9f41729c3600455b8ee569c968fa446b/gnocchi.9e712647-2ec7-498c-a615-c09d64c01da4" 201 - "PUT http://[::1]:6001/1/131271/AUTH_9f41729c3600455b8ee569c968fa446b/gnocchi.9e712647-2ec7-498c-a615-c09d64c01da4" "tx17f927f56eb945a6a8c50-00693c61d2" "container-server 96474" 0.0226 "-" 96174 0
Dec 12 13:41:22 np0005557558.novalocal container-server[96474]: ::1 - - [12/Dec/2025:18:41:22 +0000] "PUT /1/131271/AUTH_9f41729c3600455b8ee569c968fa446b/gnocchi.9e712647-2ec7-498c-a615-c09d64c01da4" 201 - "PUT https://[::1]:8080/v1/AUTH_9f41729c3600455b8ee569c968fa446b/gnocchi.9e712647-2ec7-498c-a615-c09d64c01da4" "tx17f927f56eb945a6a8c50-00693c61d2" "proxy-server 97772" 0.0607 "-" 96474 0
Dec 12 13:41:22 np0005557558.novalocal object-server[96771]: ::1 - - [12/Dec/2025:18:41:22 +0000] "GET /2/19462/AUTH_9f41729c3600455b8ee569c968fa446b/gnocchi.7b7cb0a2-1ea1-4d9e-82cb-fa602d52f138/none_v3" 404 70 "GET https://[::1]:8080/v1/AUTH_9f41729c3600455b8ee569c968fa446b/gnocchi.7b7cb0a2-1ea1-4d9e-82cb-fa602d52f138/none_v3" "tx4dba5a85402c4d14a96d0-00693c61d2" "proxy-server 97771" 0.0004 "-" 96771 0
Dec 12 13:41:22 np0005557558.novalocal proxy-server[97772]: ::1 ::1 12/Dec/2025/18/41/22 PUT /v1/AUTH_9f41729c3600455b8ee569c968fa446b/gnocchi.9e712647-2ec7-498c-a615-c09d64c01da4 HTTP/1.0 201 - python-swiftclient-4.7.0 gAAAAABpPGHN1oGc... - - - tx17f927f56eb945a6a8c50-00693c61d2 - 0.1599 - - 1765564882.051839590 1765564882.211721897 0
Dec 12 13:41:22 np0005557558.novalocal object-server[96771]: ::1 - - [12/Dec/2025:18:41:22 +0000] "GET /3/19462/AUTH_9f41729c3600455b8ee569c968fa446b/gnocchi.7b7cb0a2-1ea1-4d9e-82cb-fa602d52f138/none_v3" 404 70 "GET https://[::1]:8080/v1/AUTH_9f41729c3600455b8ee569c968fa446b/gnocchi.7b7cb0a2-1ea1-4d9e-82cb-fa602d52f138/none_v3" "tx4dba5a85402c4d14a96d0-00693c61d2" "proxy-server 97771" 0.0003 "-" 96771 0
Dec 12 13:41:22 np0005557558.novalocal proxy-server[97771]: ::1 ::1 12/Dec/2025/18/41/22 GET /v1/AUTH_9f41729c3600455b8ee569c968fa446b/gnocchi.7b7cb0a2-1ea1-4d9e-82cb-fa602d52f138/none_v3 HTTP/1.0 404 - python-swiftclient-4.7.0 gAAAAABpPGHN3vHt... - 70 - tx4dba5a85402c4d14a96d0-00693c61d2 - 0.1170 - - 1765564882.097689867 1765564882.214654207 0
Dec 12 13:41:22 np0005557558.novalocal container-server[96474]: ::1 - - [12/Dec/2025:18:41:22 +0000] "HEAD /2/131271/AUTH_9f41729c3600455b8ee569c968fa446b/gnocchi.9e712647-2ec7-498c-a615-c09d64c01da4" 204 - "HEAD http://[::1]:8080/v1/AUTH_9f41729c3600455b8ee569c968fa446b/gnocchi.9e712647-2ec7-498c-a615-c09d64c01da4" "tx0b88df6f42654ed794596-00693c61d2" "proxy-server 97772" 0.0015 "-" 96474 0
Dec 12 13:41:22 np0005557558.novalocal proxy-server[97772]: - - 12/Dec/2025/18/41/22 HEAD /v1/AUTH_9f41729c3600455b8ee569c968fa446b/gnocchi.9e712647-2ec7-498c-a615-c09d64c01da4 HTTP/1.0 204 - Swift - - - - tx0b88df6f42654ed794596-00693c61d2 - 0.0062 CS - 1765564882.217015743 1765564882.223250151 0
Dec 12 13:41:22 np0005557558.novalocal container-server[96475]: ::1 - - [12/Dec/2025:18:41:22 +0000] "GET /3/131271/AUTH_9f41729c3600455b8ee569c968fa446b/gnocchi.9e712647-2ec7-498c-a615-c09d64c01da4" 200 2 "GET https://[::1]:8080/v1/AUTH_9f41729c3600455b8ee569c968fa446b/gnocchi.9e712647-2ec7-498c-a615-c09d64c01da4?format=json&states=listing" "tx0b88df6f42654ed794596-00693c61d2" "proxy-server 97772" 0.0025 "-" 96475 0
Dec 12 13:41:22 np0005557558.novalocal account-server[96174]: ::1 - - [12/Dec/2025:18:41:22 +0000] "PUT /3/24542/AUTH_9f41729c3600455b8ee569c968fa446b/gnocchi.7b7cb0a2-1ea1-4d9e-82cb-fa602d52f138" 201 - "PUT http://[::1]:6001/1/240615/AUTH_9f41729c3600455b8ee569c968fa446b/gnocchi.7b7cb0a2-1ea1-4d9e-82cb-fa602d52f138" "tx62e1e9274ba34679a1c49-00693c61d2" "container-server 96475" 0.0045 "-" 96174 0
Dec 12 13:41:22 np0005557558.novalocal container-server[96475]: ::1 - - [12/Dec/2025:18:41:22 +0000] "PUT /1/240615/AUTH_9f41729c3600455b8ee569c968fa446b/gnocchi.7b7cb0a2-1ea1-4d9e-82cb-fa602d52f138" 201 - "PUT https://[::1]:8080/v1/AUTH_9f41729c3600455b8ee569c968fa446b/gnocchi.7b7cb0a2-1ea1-4d9e-82cb-fa602d52f138" "tx62e1e9274ba34679a1c49-00693c61d2" "proxy-server 97771" 0.0322 "-" 96475 0
Dec 12 13:41:22 np0005557558.novalocal proxy-server[97772]: ::1 ::1 12/Dec/2025/18/41/22 GET /v1/AUTH_9f41729c3600455b8ee569c968fa446b/gnocchi.9e712647-2ec7-498c-a615-c09d64c01da4%3Fformat%3Djson%26states%3Dlisting HTTP/1.0 200 - python-swiftclient-4.7.0 gAAAAABpPGHN1oGc... - 2 - tx0b88df6f42654ed794596-00693c61d2 - 0.0423 - - 1765564882.216102362 1765564882.258374691 0
Dec 12 13:41:22 np0005557558.novalocal object-server[96771]: ::1 - - [12/Dec/2025:18:41:22 +0000] "GET /1/241769/AUTH_9f41729c3600455b8ee569c968fa446b/gnocchi.9e712647-2ec7-498c-a615-c09d64c01da4/1764720000.0_mean_300.0_v3" 404 70 "GET https://[::1]:8080/v1/AUTH_9f41729c3600455b8ee569c968fa446b/gnocchi.9e712647-2ec7-498c-a615-c09d64c01da4/1764720000.0_mean_300.0_v3" "txb859fffd6a9f4b879dda7-00693c61d2" "proxy-server 97772" 0.0004 "-" 96771 0
Dec 12 13:41:22 np0005557558.novalocal account-server[96175]: ::1 - - [12/Dec/2025:18:41:22 +0000] "PUT /1/24542/AUTH_9f41729c3600455b8ee569c968fa446b/gnocchi.7b7cb0a2-1ea1-4d9e-82cb-fa602d52f138" 201 - "PUT http://[::1]:6001/2/240615/AUTH_9f41729c3600455b8ee569c968fa446b/gnocchi.7b7cb0a2-1ea1-4d9e-82cb-fa602d52f138" "tx62e1e9274ba34679a1c49-00693c61d2" "container-server 96474" 0.0049 "-" 96175 0
Dec 12 13:41:22 np0005557558.novalocal container-server[96474]: ::1 - - [12/Dec/2025:18:41:22 +0000] "PUT /2/240615/AUTH_9f41729c3600455b8ee569c968fa446b/gnocchi.7b7cb0a2-1ea1-4d9e-82cb-fa602d52f138" 201 - "PUT https://[::1]:8080/v1/AUTH_9f41729c3600455b8ee569c968fa446b/gnocchi.7b7cb0a2-1ea1-4d9e-82cb-fa602d52f138" "tx62e1e9274ba34679a1c49-00693c61d2" "proxy-server 97771" 0.0214 "-" 96474 0
Dec 12 13:41:22 np0005557558.novalocal object-server[96772]: ::1 - - [12/Dec/2025:18:41:22 +0000] "GET /3/241769/AUTH_9f41729c3600455b8ee569c968fa446b/gnocchi.9e712647-2ec7-498c-a615-c09d64c01da4/1764720000.0_mean_300.0_v3" 404 70 "GET https://[::1]:8080/v1/AUTH_9f41729c3600455b8ee569c968fa446b/gnocchi.9e712647-2ec7-498c-a615-c09d64c01da4/1764720000.0_mean_300.0_v3" "txb859fffd6a9f4b879dda7-00693c61d2" "proxy-server 97772" 0.0007 "-" 96772 0
Dec 12 13:41:22 np0005557558.novalocal object-server[96772]: ::1 - - [12/Dec/2025:18:41:22 +0000] "GET /2/241769/AUTH_9f41729c3600455b8ee569c968fa446b/gnocchi.9e712647-2ec7-498c-a615-c09d64c01da4/1764720000.0_mean_300.0_v3" 404 70 "GET https://[::1]:8080/v1/AUTH_9f41729c3600455b8ee569c968fa446b/gnocchi.9e712647-2ec7-498c-a615-c09d64c01da4/1764720000.0_mean_300.0_v3" "txb859fffd6a9f4b879dda7-00693c61d2" "proxy-server 97772" 0.0006 "-" 96772 0
Dec 12 13:41:22 np0005557558.novalocal proxy-server[97772]: ::1 ::1 12/Dec/2025/18/41/22 GET /v1/AUTH_9f41729c3600455b8ee569c968fa446b/gnocchi.9e712647-2ec7-498c-a615-c09d64c01da4/1764720000.0_mean_300.0_v3 HTTP/1.0 404 - python-swiftclient-4.7.0 gAAAAABpPGHN1oGc... - 70 - txb859fffd6a9f4b879dda7-00693c61d2 - 0.0171 - - 1765564882.263046026 1765564882.280193329 0
Dec 12 13:41:22 np0005557558.novalocal account-server[96175]: ::1 - - [12/Dec/2025:18:41:22 +0000] "PUT /2/24542/AUTH_9f41729c3600455b8ee569c968fa446b/gnocchi.7b7cb0a2-1ea1-4d9e-82cb-fa602d52f138" 201 - "PUT http://[::1]:6001/3/240615/AUTH_9f41729c3600455b8ee569c968fa446b/gnocchi.7b7cb0a2-1ea1-4d9e-82cb-fa602d52f138" "tx62e1e9274ba34679a1c49-00693c61d2" "container-server 96474" 0.0087 "-" 96175 0
Dec 12 13:41:22 np0005557558.novalocal container-server[96474]: ::1 - - [12/Dec/2025:18:41:22 +0000] "PUT /3/240615/AUTH_9f41729c3600455b8ee569c968fa446b/gnocchi.7b7cb0a2-1ea1-4d9e-82cb-fa602d52f138" 201 - "PUT https://[::1]:8080/v1/AUTH_9f41729c3600455b8ee569c968fa446b/gnocchi.7b7cb0a2-1ea1-4d9e-82cb-fa602d52f138" "tx62e1e9274ba34679a1c49-00693c61d2" "proxy-server 97771" 0.0593 "-" 96474 0
Dec 12 13:41:22 np0005557558.novalocal proxy-server[97771]: ::1 ::1 12/Dec/2025/18/41/22 PUT /v1/AUTH_9f41729c3600455b8ee569c968fa446b/gnocchi.7b7cb0a2-1ea1-4d9e-82cb-fa602d52f138 HTTP/1.0 201 - python-swiftclient-4.7.0 gAAAAABpPGHN3vHt... - - - tx62e1e9274ba34679a1c49-00693c61d2 - 0.0703 - - 1765564882.217979908 1765564882.288327217 0
Dec 12 13:41:22 np0005557558.novalocal container-server[96474]: ::1 - - [12/Dec/2025:18:41:22 +0000] "HEAD /2/240615/AUTH_9f41729c3600455b8ee569c968fa446b/gnocchi.7b7cb0a2-1ea1-4d9e-82cb-fa602d52f138" 204 - "HEAD http://[::1]:8080/v1/AUTH_9f41729c3600455b8ee569c968fa446b/gnocchi.7b7cb0a2-1ea1-4d9e-82cb-fa602d52f138" "txfbf554957dc848b190bc9-00693c61d2" "proxy-server 97771" 0.0023 "-" 96474 0
Dec 12 13:41:22 np0005557558.novalocal proxy-server[97771]: - - 12/Dec/2025/18/41/22 HEAD /v1/AUTH_9f41729c3600455b8ee569c968fa446b/gnocchi.7b7cb0a2-1ea1-4d9e-82cb-fa602d52f138 HTTP/1.0 204 - Swift - - - - txfbf554957dc848b190bc9-00693c61d2 - 0.0115 CS - 1765564882.292819023 1765564882.304322481 0
Dec 12 13:41:22 np0005557558.novalocal container-server[96475]: ::1 - - [12/Dec/2025:18:41:22 +0000] "GET /2/240615/AUTH_9f41729c3600455b8ee569c968fa446b/gnocchi.7b7cb0a2-1ea1-4d9e-82cb-fa602d52f138" 200 2 "GET https://[::1]:8080/v1/AUTH_9f41729c3600455b8ee569c968fa446b/gnocchi.7b7cb0a2-1ea1-4d9e-82cb-fa602d52f138?format=json&states=listing" "txfbf554957dc848b190bc9-00693c61d2" "proxy-server 97771" 0.0031 "-" 96475 0
Dec 12 13:41:22 np0005557558.novalocal proxy-server[97771]: ::1 ::1 12/Dec/2025/18/41/22 GET /v1/AUTH_9f41729c3600455b8ee569c968fa446b/gnocchi.7b7cb0a2-1ea1-4d9e-82cb-fa602d52f138%3Fformat%3Djson%26states%3Dlisting HTTP/1.0 200 - python-swiftclient-4.7.0 gAAAAABpPGHN3vHt... - 2 - txfbf554957dc848b190bc9-00693c61d2 - 0.0243 - - 1765564882.291711092 1765564882.315995932 0
Dec 12 13:41:22 np0005557558.novalocal object-server[96771]: ::1 - - [12/Dec/2025:18:41:22 +0000] "GET /1/155197/AUTH_9f41729c3600455b8ee569c968fa446b/gnocchi.7b7cb0a2-1ea1-4d9e-82cb-fa602d52f138/1764720000.0_mean_300.0_v3" 404 70 "GET https://[::1]:8080/v1/AUTH_9f41729c3600455b8ee569c968fa446b/gnocchi.7b7cb0a2-1ea1-4d9e-82cb-fa602d52f138/1764720000.0_mean_300.0_v3" "tx058a09420ab34d8fbd363-00693c61d2" "proxy-server 97771" 0.0003 "-" 96771 0
Dec 12 13:41:22 np0005557558.novalocal object-server[96771]: ::1 - - [12/Dec/2025:18:41:22 +0000] "GET /2/155197/AUTH_9f41729c3600455b8ee569c968fa446b/gnocchi.7b7cb0a2-1ea1-4d9e-82cb-fa602d52f138/1764720000.0_mean_300.0_v3" 404 70 "GET https://[::1]:8080/v1/AUTH_9f41729c3600455b8ee569c968fa446b/gnocchi.7b7cb0a2-1ea1-4d9e-82cb-fa602d52f138/1764720000.0_mean_300.0_v3" "tx058a09420ab34d8fbd363-00693c61d2" "proxy-server 97771" 0.0003 "-" 96771 0
Dec 12 13:41:22 np0005557558.novalocal object-server[96771]: ::1 - - [12/Dec/2025:18:41:22 +0000] "GET /3/155197/AUTH_9f41729c3600455b8ee569c968fa446b/gnocchi.7b7cb0a2-1ea1-4d9e-82cb-fa602d52f138/1764720000.0_mean_300.0_v3" 404 70 "GET https://[::1]:8080/v1/AUTH_9f41729c3600455b8ee569c968fa446b/gnocchi.7b7cb0a2-1ea1-4d9e-82cb-fa602d52f138/1764720000.0_mean_300.0_v3" "tx058a09420ab34d8fbd363-00693c61d2" "proxy-server 97771" 0.0002 "-" 96771 0
Dec 12 13:41:22 np0005557558.novalocal proxy-server[97771]: ::1 ::1 12/Dec/2025/18/41/22 GET /v1/AUTH_9f41729c3600455b8ee569c968fa446b/gnocchi.7b7cb0a2-1ea1-4d9e-82cb-fa602d52f138/1764720000.0_mean_300.0_v3 HTTP/1.0 404 - python-swiftclient-4.7.0 gAAAAABpPGHN3vHt... - 70 - tx058a09420ab34d8fbd363-00693c61d2 - 0.0106 - - 1765564882.320200205 1765564882.330831766 0
Dec 12 13:41:22 np0005557558.novalocal container-server[96474]: ::1 - - [12/Dec/2025:18:41:22 +0000] "PUT /2/131271/AUTH_9f41729c3600455b8ee569c968fa446b/gnocchi.9e712647-2ec7-498c-a615-c09d64c01da4/1764720000.0_mean_300.0_v3" 201 - "PUT http://[::1]:8080/1/241769/AUTH_9f41729c3600455b8ee569c968fa446b/gnocchi.9e712647-2ec7-498c-a615-c09d64c01da4/1764720000.0_mean_300.0_v3" "tx8ff28d01732f4d39bf22d-00693c61d2" "object-server 96771" 0.0010 "-" 96474 0
Dec 12 13:41:22 np0005557558.novalocal object-server[96771]: ::1 - - [12/Dec/2025:18:41:22 +0000] "PUT /1/241769/AUTH_9f41729c3600455b8ee569c968fa446b/gnocchi.9e712647-2ec7-498c-a615-c09d64c01da4/1764720000.0_mean_300.0_v3" 201 - "PUT https://[::1]:8080/v1/AUTH_9f41729c3600455b8ee569c968fa446b/gnocchi.9e712647-2ec7-498c-a615-c09d64c01da4/1764720000.0_mean_300.0_v3" "tx8ff28d01732f4d39bf22d-00693c61d2" "proxy-server 97772" 0.0949 "-" 96771 0
Dec 12 13:41:22 np0005557558.novalocal container-server[96474]: ::1 - - [12/Dec/2025:18:41:22 +0000] "PUT /1/240615/AUTH_9f41729c3600455b8ee569c968fa446b/gnocchi.7b7cb0a2-1ea1-4d9e-82cb-fa602d52f138/1764720000.0_mean_300.0_v3" 201 - "PUT http://[::1]:8080/1/155197/AUTH_9f41729c3600455b8ee569c968fa446b/gnocchi.7b7cb0a2-1ea1-4d9e-82cb-fa602d52f138/1764720000.0_mean_300.0_v3" "txe4dd247146864095b9472-00693c61d2" "object-server 96772" 0.0012 "-" 96474 0
Dec 12 13:41:22 np0005557558.novalocal object-server[96772]: ::1 - - [12/Dec/2025:18:41:22 +0000] "PUT /1/155197/AUTH_9f41729c3600455b8ee569c968fa446b/gnocchi.7b7cb0a2-1ea1-4d9e-82cb-fa602d52f138/1764720000.0_mean_300.0_v3" 201 - "PUT https://[::1]:8080/v1/AUTH_9f41729c3600455b8ee569c968fa446b/gnocchi.7b7cb0a2-1ea1-4d9e-82cb-fa602d52f138/1764720000.0_mean_300.0_v3" "txe4dd247146864095b9472-00693c61d2" "proxy-server 97771" 0.0510 "-" 96772 0
Dec 12 13:41:22 np0005557558.novalocal container-server[96474]: ::1 - - [12/Dec/2025:18:41:22 +0000] "PUT /3/131271/AUTH_9f41729c3600455b8ee569c968fa446b/gnocchi.9e712647-2ec7-498c-a615-c09d64c01da4/1764720000.0_mean_300.0_v3" 201 - "PUT http://[::1]:8080/2/241769/AUTH_9f41729c3600455b8ee569c968fa446b/gnocchi.9e712647-2ec7-498c-a615-c09d64c01da4/1764720000.0_mean_300.0_v3" "tx8ff28d01732f4d39bf22d-00693c61d2" "object-server 96772" 0.0008 "-" 96474 0
Dec 12 13:41:22 np0005557558.novalocal object-server[96772]: ::1 - - [12/Dec/2025:18:41:22 +0000] "PUT /2/241769/AUTH_9f41729c3600455b8ee569c968fa446b/gnocchi.9e712647-2ec7-498c-a615-c09d64c01da4/1764720000.0_mean_300.0_v3" 201 - "PUT https://[::1]:8080/v1/AUTH_9f41729c3600455b8ee569c968fa446b/gnocchi.9e712647-2ec7-498c-a615-c09d64c01da4/1764720000.0_mean_300.0_v3" "tx8ff28d01732f4d39bf22d-00693c61d2" "proxy-server 97772" 0.1019 "-" 96772 0
Dec 12 13:41:22 np0005557558.novalocal container-server[96474]: ::1 - - [12/Dec/2025:18:41:22 +0000] "PUT /3/240615/AUTH_9f41729c3600455b8ee569c968fa446b/gnocchi.7b7cb0a2-1ea1-4d9e-82cb-fa602d52f138/1764720000.0_mean_300.0_v3" 201 - "PUT http://[::1]:8080/3/155197/AUTH_9f41729c3600455b8ee569c968fa446b/gnocchi.7b7cb0a2-1ea1-4d9e-82cb-fa602d52f138/1764720000.0_mean_300.0_v3" "txe4dd247146864095b9472-00693c61d2" "object-server 96771" 0.0007 "-" 96474 0
Dec 12 13:41:22 np0005557558.novalocal object-server[96771]: ::1 - - [12/Dec/2025:18:41:22 +0000] "PUT /3/155197/AUTH_9f41729c3600455b8ee569c968fa446b/gnocchi.7b7cb0a2-1ea1-4d9e-82cb-fa602d52f138/1764720000.0_mean_300.0_v3" 201 - "PUT https://[::1]:8080/v1/AUTH_9f41729c3600455b8ee569c968fa446b/gnocchi.7b7cb0a2-1ea1-4d9e-82cb-fa602d52f138/1764720000.0_mean_300.0_v3" "txe4dd247146864095b9472-00693c61d2" "proxy-server 97771" 0.0583 "-" 96771 0
Dec 12 13:41:22 np0005557558.novalocal container-server[96474]: ::1 - - [12/Dec/2025:18:41:22 +0000] "PUT /1/131271/AUTH_9f41729c3600455b8ee569c968fa446b/gnocchi.9e712647-2ec7-498c-a615-c09d64c01da4/1764720000.0_mean_300.0_v3" 201 - "PUT http://[::1]:8080/3/241769/AUTH_9f41729c3600455b8ee569c968fa446b/gnocchi.9e712647-2ec7-498c-a615-c09d64c01da4/1764720000.0_mean_300.0_v3" "tx8ff28d01732f4d39bf22d-00693c61d2" "object-server 96772" 0.0011 "-" 96474 0
Dec 12 13:41:22 np0005557558.novalocal container-server[96474]: ::1 - - [12/Dec/2025:18:41:22 +0000] "PUT /2/240615/AUTH_9f41729c3600455b8ee569c968fa446b/gnocchi.7b7cb0a2-1ea1-4d9e-82cb-fa602d52f138/1764720000.0_mean_300.0_v3" 201 - "PUT http://[::1]:8080/2/155197/AUTH_9f41729c3600455b8ee569c968fa446b/gnocchi.7b7cb0a2-1ea1-4d9e-82cb-fa602d52f138/1764720000.0_mean_300.0_v3" "txe4dd247146864095b9472-00693c61d2" "object-server 96771" 0.0011 "-" 96474 0
Dec 12 13:41:22 np0005557558.novalocal object-server[96771]: ::1 - - [12/Dec/2025:18:41:22 +0000] "PUT /2/155197/AUTH_9f41729c3600455b8ee569c968fa446b/gnocchi.7b7cb0a2-1ea1-4d9e-82cb-fa602d52f138/1764720000.0_mean_300.0_v3" 201 - "PUT https://[::1]:8080/v1/AUTH_9f41729c3600455b8ee569c968fa446b/gnocchi.7b7cb0a2-1ea1-4d9e-82cb-fa602d52f138/1764720000.0_mean_300.0_v3" "txe4dd247146864095b9472-00693c61d2" "proxy-server 97771" 0.0651 "-" 96771 0
Dec 12 13:41:22 np0005557558.novalocal proxy-server[97771]: ::1 ::1 12/Dec/2025/18/41/22 PUT /v1/AUTH_9f41729c3600455b8ee569c968fa446b/gnocchi.7b7cb0a2-1ea1-4d9e-82cb-fa602d52f138/1764720000.0_mean_300.0_v3 HTTP/1.0 201 - python-swiftclient-4.7.0 gAAAAABpPGHN3vHt... 16 - - txe4dd247146864095b9472-00693c61d2 - 0.0729 - - 1765564882.333178043 1765564882.406059265 0
