Dec 12 13:41:22 np0005557558.novalocal object-server[96772]: ::1 - - [12/Dec/2025:18:41:22 +0000] "PUT /3/241769/AUTH_9f41729c3600455b8ee569c968fa446b/gnocchi.9e712647-2ec7-498c-a615-c09d64c01da4/1764720000.0_mean_300.0_v3" 201 - "PUT https://[::1]:8080/v1/AUTH_9f41729c3600455b8ee569c968fa446b/gnocchi.9e712647-2ec7-498c-a615-c09d64c01da4/1764720000.0_mean_300.0_v3" "tx8ff28d01732f4d39bf22d-00693c61d2" "proxy-server 97772" 0.1189 "-" 96772 0
Dec 12 13:41:22 np0005557558.novalocal proxy-server[97772]: ::1 ::1 12/Dec/2025/18/41/22 PUT /v1/AUTH_9f41729c3600455b8ee569c968fa446b/gnocchi.9e712647-2ec7-498c-a615-c09d64c01da4/1764720000.0_mean_300.0_v3 HTTP/1.0 201 - python-swiftclient-4.7.0 gAAAAABpPGHN1oGc... 16 - - tx8ff28d01732f4d39bf22d-00693c61d2 - 0.1324 - - 1765564882.284672022 1765564882.417114258 0
Dec 12 13:41:22 np0005557558.novalocal container-server[96474]: ::1 - - [12/Dec/2025:18:41:22 +0000] "PUT /3/240615/AUTH_9f41729c3600455b8ee569c968fa446b/gnocchi.7b7cb0a2-1ea1-4d9e-82cb-fa602d52f138/none_v3" 201 - "PUT http://[::1]:8080/3/19462/AUTH_9f41729c3600455b8ee569c968fa446b/gnocchi.7b7cb0a2-1ea1-4d9e-82cb-fa602d52f138/none_v3" "tx44ea44b45b8d44008294c-00693c61d2" "object-server 96771" 0.0006 "-" 96474 0
Dec 12 13:41:22 np0005557558.novalocal object-server[96771]: ::1 - - [12/Dec/2025:18:41:22 +0000] "PUT /3/19462/AUTH_9f41729c3600455b8ee569c968fa446b/gnocchi.7b7cb0a2-1ea1-4d9e-82cb-fa602d52f138/none_v3" 201 - "PUT https://[::1]:8080/v1/AUTH_9f41729c3600455b8ee569c968fa446b/gnocchi.7b7cb0a2-1ea1-4d9e-82cb-fa602d52f138/none_v3" "tx44ea44b45b8d44008294c-00693c61d2" "proxy-server 97771" 0.0125 "-" 96771 0
Dec 12 13:41:22 np0005557558.novalocal container-server[96475]: ::1 - - [12/Dec/2025:18:41:22 +0000] "PUT /2/240615/AUTH_9f41729c3600455b8ee569c968fa446b/gnocchi.7b7cb0a2-1ea1-4d9e-82cb-fa602d52f138/none_v3" 201 - "PUT http://[::1]:8080/1/19462/AUTH_9f41729c3600455b8ee569c968fa446b/gnocchi.7b7cb0a2-1ea1-4d9e-82cb-fa602d52f138/none_v3" "tx44ea44b45b8d44008294c-00693c61d2" "object-server 96772" 0.0014 "-" 96475 0
Dec 12 13:41:22 np0005557558.novalocal container-server[96475]: ::1 - - [12/Dec/2025:18:41:22 +0000] "PUT /1/240615/AUTH_9f41729c3600455b8ee569c968fa446b/gnocchi.7b7cb0a2-1ea1-4d9e-82cb-fa602d52f138/none_v3" 201 - "PUT http://[::1]:8080/2/19462/AUTH_9f41729c3600455b8ee569c968fa446b/gnocchi.7b7cb0a2-1ea1-4d9e-82cb-fa602d52f138/none_v3" "tx44ea44b45b8d44008294c-00693c61d2" "object-server 96772" 0.0003 "-" 96475 0
Dec 12 13:41:22 np0005557558.novalocal object-server[96772]: ::1 - - [12/Dec/2025:18:41:22 +0000] "PUT /2/19462/AUTH_9f41729c3600455b8ee569c968fa446b/gnocchi.7b7cb0a2-1ea1-4d9e-82cb-fa602d52f138/none_v3" 201 - "PUT https://[::1]:8080/v1/AUTH_9f41729c3600455b8ee569c968fa446b/gnocchi.7b7cb0a2-1ea1-4d9e-82cb-fa602d52f138/none_v3" "tx44ea44b45b8d44008294c-00693c61d2" "proxy-server 97771" 0.0245 "-" 96772 0
Dec 12 13:41:22 np0005557558.novalocal container-server[96474]: ::1 - - [12/Dec/2025:18:41:22 +0000] "PUT /2/131271/AUTH_9f41729c3600455b8ee569c968fa446b/gnocchi.9e712647-2ec7-498c-a615-c09d64c01da4/none_v3" 201 - "PUT http://[::1]:8080/2/24801/AUTH_9f41729c3600455b8ee569c968fa446b/gnocchi.9e712647-2ec7-498c-a615-c09d64c01da4/none_v3" "tx0305cb290aae49baa3bc6-00693c61d2" "object-server 96772" 0.0007 "-" 96474 0
Dec 12 13:41:22 np0005557558.novalocal object-server[96772]: ::1 - - [12/Dec/2025:18:41:22 +0000] "PUT /1/19462/AUTH_9f41729c3600455b8ee569c968fa446b/gnocchi.7b7cb0a2-1ea1-4d9e-82cb-fa602d52f138/none_v3" 201 - "PUT https://[::1]:8080/v1/AUTH_9f41729c3600455b8ee569c968fa446b/gnocchi.7b7cb0a2-1ea1-4d9e-82cb-fa602d52f138/none_v3" "tx44ea44b45b8d44008294c-00693c61d2" "proxy-server 97771" 0.0227 "-" 96772 0
Dec 12 13:41:22 np0005557558.novalocal object-server[96772]: ::1 - - [12/Dec/2025:18:41:22 +0000] "PUT /2/24801/AUTH_9f41729c3600455b8ee569c968fa446b/gnocchi.9e712647-2ec7-498c-a615-c09d64c01da4/none_v3" 201 - "PUT https://[::1]:8080/v1/AUTH_9f41729c3600455b8ee569c968fa446b/gnocchi.9e712647-2ec7-498c-a615-c09d64c01da4/none_v3" "tx0305cb290aae49baa3bc6-00693c61d2" "proxy-server 97772" 0.0219 "-" 96772 0
Dec 12 13:41:22 np0005557558.novalocal proxy-server[97771]: ::1 ::1 12/Dec/2025/18/41/22 PUT /v1/AUTH_9f41729c3600455b8ee569c968fa446b/gnocchi.7b7cb0a2-1ea1-4d9e-82cb-fa602d52f138/none_v3 HTTP/1.0 201 - python-swiftclient-4.7.0 gAAAAABpPGHN3vHt... 22 - - tx44ea44b45b8d44008294c-00693c61d2 - 0.0349 - - 1765564882.418946028 1765564882.453797817 0
Dec 12 13:41:22 np0005557558.novalocal container-server[96475]: ::1 - - [12/Dec/2025:18:41:22 +0000] "PUT /3/131271/AUTH_9f41729c3600455b8ee569c968fa446b/gnocchi.9e712647-2ec7-498c-a615-c09d64c01da4/none_v3" 201 - "PUT http://[::1]:8080/3/24801/AUTH_9f41729c3600455b8ee569c968fa446b/gnocchi.9e712647-2ec7-498c-a615-c09d64c01da4/none_v3" "tx0305cb290aae49baa3bc6-00693c61d2" "object-server 96772" 0.0008 "-" 96475 0
Dec 12 13:41:22 np0005557558.novalocal object-server[96772]: ::1 - - [12/Dec/2025:18:41:22 +0000] "PUT /3/24801/AUTH_9f41729c3600455b8ee569c968fa446b/gnocchi.9e712647-2ec7-498c-a615-c09d64c01da4/none_v3" 201 - "PUT https://[::1]:8080/v1/AUTH_9f41729c3600455b8ee569c968fa446b/gnocchi.9e712647-2ec7-498c-a615-c09d64c01da4/none_v3" "tx0305cb290aae49baa3bc6-00693c61d2" "proxy-server 97772" 0.0250 "-" 96772 0
Dec 12 13:41:22 np0005557558.novalocal container-server[96475]: ::1 - - [12/Dec/2025:18:41:22 +0000] "PUT /1/131271/AUTH_9f41729c3600455b8ee569c968fa446b/gnocchi.9e712647-2ec7-498c-a615-c09d64c01da4/none_v3" 201 - "PUT http://[::1]:8080/1/24801/AUTH_9f41729c3600455b8ee569c968fa446b/gnocchi.9e712647-2ec7-498c-a615-c09d64c01da4/none_v3" "tx0305cb290aae49baa3bc6-00693c61d2" "object-server 96772" 0.0005 "-" 96475 0
Dec 12 13:41:22 np0005557558.novalocal object-server[96772]: ::1 - - [12/Dec/2025:18:41:22 +0000] "PUT /1/24801/AUTH_9f41729c3600455b8ee569c968fa446b/gnocchi.9e712647-2ec7-498c-a615-c09d64c01da4/none_v3" 201 - "PUT https://[::1]:8080/v1/AUTH_9f41729c3600455b8ee569c968fa446b/gnocchi.9e712647-2ec7-498c-a615-c09d64c01da4/none_v3" "tx0305cb290aae49baa3bc6-00693c61d2" "proxy-server 97772" 0.0232 "-" 96772 0
Dec 12 13:41:22 np0005557558.novalocal proxy-server[97772]: ::1 ::1 12/Dec/2025/18/41/22 PUT /v1/AUTH_9f41729c3600455b8ee569c968fa446b/gnocchi.9e712647-2ec7-498c-a615-c09d64c01da4/none_v3 HTTP/1.0 201 - python-swiftclient-4.7.0 gAAAAABpPGHN1oGc... 22 - - tx0305cb290aae49baa3bc6-00693c61d2 - 0.0407 - - 1765564882.419887304 1765564882.460627317 0
Dec 12 13:41:22 np0005557558.novalocal container-server[96474]: ::1 - - [12/Dec/2025:18:41:22 +0000] "HEAD /1/183091/AUTH_9f41729c3600455b8ee569c968fa446b/gnocchi.4337077d-4aca-46af-9670-559be7ee45eb" 404 - "HEAD http://[::1]:8080/v1/AUTH_9f41729c3600455b8ee569c968fa446b/gnocchi.4337077d-4aca-46af-9670-559be7ee45eb" "txa108285995714fc3ade6a-00693c61d2" "proxy-server 97771" 0.0003 "-" 96474 0
Dec 12 13:41:22 np0005557558.novalocal container-server[96474]: ::1 - - [12/Dec/2025:18:41:22 +0000] "HEAD /3/183091/AUTH_9f41729c3600455b8ee569c968fa446b/gnocchi.4337077d-4aca-46af-9670-559be7ee45eb" 404 - "HEAD http://[::1]:8080/v1/AUTH_9f41729c3600455b8ee569c968fa446b/gnocchi.4337077d-4aca-46af-9670-559be7ee45eb" "txa108285995714fc3ade6a-00693c61d2" "proxy-server 97771" 0.0003 "-" 96474 0
Dec 12 13:41:22 np0005557558.novalocal container-server[96475]: ::1 - - [12/Dec/2025:18:41:22 +0000] "HEAD /2/183091/AUTH_9f41729c3600455b8ee569c968fa446b/gnocchi.4337077d-4aca-46af-9670-559be7ee45eb" 404 - "HEAD http://[::1]:8080/v1/AUTH_9f41729c3600455b8ee569c968fa446b/gnocchi.4337077d-4aca-46af-9670-559be7ee45eb" "txa108285995714fc3ade6a-00693c61d2" "proxy-server 97771" 0.0006 "-" 96475 0
Dec 12 13:41:22 np0005557558.novalocal proxy-server[97771]: - - 12/Dec/2025/18/41/22 HEAD /v1/AUTH_9f41729c3600455b8ee569c968fa446b/gnocchi.4337077d-4aca-46af-9670-559be7ee45eb HTTP/1.0 404 - Swift - - - - txa108285995714fc3ade6a-00693c61d2 - 0.0214 CS - 1765564882.510815144 1765564882.532168388 0
Dec 12 13:41:22 np0005557558.novalocal object-server[96771]: ::1 - - [12/Dec/2025:18:41:22 +0000] "GET /2/152993/AUTH_9f41729c3600455b8ee569c968fa446b/gnocchi.4337077d-4aca-46af-9670-559be7ee45eb/none_v3" 404 70 "GET https://[::1]:8080/v1/AUTH_9f41729c3600455b8ee569c968fa446b/gnocchi.4337077d-4aca-46af-9670-559be7ee45eb/none_v3" "txa108285995714fc3ade6a-00693c61d2" "proxy-server 97771" 0.0007 "-" 96771 0
Dec 12 13:41:22 np0005557558.novalocal object-server[96772]: ::1 - - [12/Dec/2025:18:41:22 +0000] "GET /3/152993/AUTH_9f41729c3600455b8ee569c968fa446b/gnocchi.4337077d-4aca-46af-9670-559be7ee45eb/none_v3" 404 70 "GET https://[::1]:8080/v1/AUTH_9f41729c3600455b8ee569c968fa446b/gnocchi.4337077d-4aca-46af-9670-559be7ee45eb/none_v3" "txa108285995714fc3ade6a-00693c61d2" "proxy-server 97771" 0.0006 "-" 96772 0
Dec 12 13:41:22 np0005557558.novalocal object-server[96772]: ::1 - - [12/Dec/2025:18:41:22 +0000] "GET /1/152993/AUTH_9f41729c3600455b8ee569c968fa446b/gnocchi.4337077d-4aca-46af-9670-559be7ee45eb/none_v3" 404 70 "GET https://[::1]:8080/v1/AUTH_9f41729c3600455b8ee569c968fa446b/gnocchi.4337077d-4aca-46af-9670-559be7ee45eb/none_v3" "txa108285995714fc3ade6a-00693c61d2" "proxy-server 97771" 0.0003 "-" 96772 0
Dec 12 13:41:22 np0005557558.novalocal proxy-server[97771]: ::1 ::1 12/Dec/2025/18/41/22 GET /v1/AUTH_9f41729c3600455b8ee569c968fa446b/gnocchi.4337077d-4aca-46af-9670-559be7ee45eb/none_v3 HTTP/1.0 404 - python-swiftclient-4.7.0 gAAAAABpPGHN3vHt... - 70 - txa108285995714fc3ade6a-00693c61d2 - 0.0435 - - 1765564882.509617329 1765564882.553071976 0
Dec 12 13:41:22 np0005557558.novalocal container-server[96475]: ::1 - - [12/Dec/2025:18:41:22 +0000] "HEAD /3/95644/AUTH_9f41729c3600455b8ee569c968fa446b/gnocchi.cb524b47-d9a2-4d87-b67f-3cbe964f797e" 404 - "HEAD http://[::1]:8080/v1/AUTH_9f41729c3600455b8ee569c968fa446b/gnocchi.cb524b47-d9a2-4d87-b67f-3cbe964f797e" "tx2bc226084ef541848e250-00693c61d2" "proxy-server 97772" 0.0004 "-" 96475 0
Dec 12 13:41:22 np0005557558.novalocal account-server[96174]: ::1 - - [12/Dec/2025:18:41:22 +0000] "PUT /1/24542/AUTH_9f41729c3600455b8ee569c968fa446b/gnocchi.4337077d-4aca-46af-9670-559be7ee45eb" 201 - "PUT http://[::1]:6001/1/183091/AUTH_9f41729c3600455b8ee569c968fa446b/gnocchi.4337077d-4aca-46af-9670-559be7ee45eb" "txc0128c1af5824223b4963-00693c61d2" "container-server 96474" 0.0082 "-" 96174 0
Dec 12 13:41:22 np0005557558.novalocal container-server[96474]: ::1 - - [12/Dec/2025:18:41:22 +0000] "PUT /1/183091/AUTH_9f41729c3600455b8ee569c968fa446b/gnocchi.4337077d-4aca-46af-9670-559be7ee45eb" 201 - "PUT https://[::1]:8080/v1/AUTH_9f41729c3600455b8ee569c968fa446b/gnocchi.4337077d-4aca-46af-9670-559be7ee45eb" "txc0128c1af5824223b4963-00693c61d2" "proxy-server 97771" 0.0230 "-" 96474 0
Dec 12 13:41:22 np0005557558.novalocal account-server[96175]: ::1 - - [12/Dec/2025:18:41:22 +0000] "PUT /2/24542/AUTH_9f41729c3600455b8ee569c968fa446b/gnocchi.4337077d-4aca-46af-9670-559be7ee45eb" 201 - "PUT http://[::1]:6001/3/183091/AUTH_9f41729c3600455b8ee569c968fa446b/gnocchi.4337077d-4aca-46af-9670-559be7ee45eb" "txc0128c1af5824223b4963-00693c61d2" "container-server 96475" 0.0143 "-" 96175 0
Dec 12 13:41:22 np0005557558.novalocal container-server[96474]: ::1 - - [12/Dec/2025:18:41:22 +0000] "HEAD /2/95644/AUTH_9f41729c3600455b8ee569c968fa446b/gnocchi.cb524b47-d9a2-4d87-b67f-3cbe964f797e" 404 - "HEAD http://[::1]:8080/v1/AUTH_9f41729c3600455b8ee569c968fa446b/gnocchi.cb524b47-d9a2-4d87-b67f-3cbe964f797e" "tx2bc226084ef541848e250-00693c61d2" "proxy-server 97772" 0.0005 "-" 96474 0
Dec 12 13:41:22 np0005557558.novalocal container-server[96475]: ::1 - - [12/Dec/2025:18:41:22 +0000] "PUT /3/183091/AUTH_9f41729c3600455b8ee569c968fa446b/gnocchi.4337077d-4aca-46af-9670-559be7ee45eb" 201 - "PUT https://[::1]:8080/v1/AUTH_9f41729c3600455b8ee569c968fa446b/gnocchi.4337077d-4aca-46af-9670-559be7ee45eb" "txc0128c1af5824223b4963-00693c61d2" "proxy-server 97771" 0.0298 "-" 96475 0
Dec 12 13:41:22 np0005557558.novalocal container-server[96474]: ::1 - - [12/Dec/2025:18:41:22 +0000] "HEAD /1/95644/AUTH_9f41729c3600455b8ee569c968fa446b/gnocchi.cb524b47-d9a2-4d87-b67f-3cbe964f797e" 404 - "HEAD http://[::1]:8080/v1/AUTH_9f41729c3600455b8ee569c968fa446b/gnocchi.cb524b47-d9a2-4d87-b67f-3cbe964f797e" "tx2bc226084ef541848e250-00693c61d2" "proxy-server 97772" 0.0002 "-" 96474 0
Dec 12 13:41:22 np0005557558.novalocal proxy-server[97772]: - - 12/Dec/2025/18/41/22 HEAD /v1/AUTH_9f41729c3600455b8ee569c968fa446b/gnocchi.cb524b47-d9a2-4d87-b67f-3cbe964f797e HTTP/1.0 404 - Swift - - - - tx2bc226084ef541848e250-00693c61d2 - 0.0343 CS - 1765564882.562679768 1765564882.597026348 0
Dec 12 13:41:22 np0005557558.novalocal account-server[96174]: ::1 - - [12/Dec/2025:18:41:22 +0000] "PUT /3/24542/AUTH_9f41729c3600455b8ee569c968fa446b/gnocchi.4337077d-4aca-46af-9670-559be7ee45eb" 201 - "PUT http://[::1]:6001/2/183091/AUTH_9f41729c3600455b8ee569c968fa446b/gnocchi.4337077d-4aca-46af-9670-559be7ee45eb" "txc0128c1af5824223b4963-00693c61d2" "container-server 96475" 0.0050 "-" 96174 0
Dec 12 13:41:22 np0005557558.novalocal container-server[96475]: ::1 - - [12/Dec/2025:18:41:22 +0000] "PUT /2/183091/AUTH_9f41729c3600455b8ee569c968fa446b/gnocchi.4337077d-4aca-46af-9670-559be7ee45eb" 201 - "PUT https://[::1]:8080/v1/AUTH_9f41729c3600455b8ee569c968fa446b/gnocchi.4337077d-4aca-46af-9670-559be7ee45eb" "txc0128c1af5824223b4963-00693c61d2" "proxy-server 97771" 0.0227 "-" 96475 0
Dec 12 13:41:22 np0005557558.novalocal object-server[96772]: ::1 - - [12/Dec/2025:18:41:22 +0000] "GET /2/134807/AUTH_9f41729c3600455b8ee569c968fa446b/gnocchi.cb524b47-d9a2-4d87-b67f-3cbe964f797e/none_v3" 404 70 "GET https://[::1]:8080/v1/AUTH_9f41729c3600455b8ee569c968fa446b/gnocchi.cb524b47-d9a2-4d87-b67f-3cbe964f797e/none_v3" "tx2bc226084ef541848e250-00693c61d2" "proxy-server 97772" 0.0003 "-" 96772 0
Dec 12 13:41:22 np0005557558.novalocal proxy-server[97771]: ::1 ::1 12/Dec/2025/18/41/22 PUT /v1/AUTH_9f41729c3600455b8ee569c968fa446b/gnocchi.4337077d-4aca-46af-9670-559be7ee45eb HTTP/1.0 201 - python-swiftclient-4.7.0 gAAAAABpPGHN3vHt... - - - txc0128c1af5824223b4963-00693c61d2 - 0.0464 - - 1765564882.556349754 1765564882.602756977 0
Dec 12 13:41:22 np0005557558.novalocal object-server[96772]: ::1 - - [12/Dec/2025:18:41:22 +0000] "GET /1/134807/AUTH_9f41729c3600455b8ee569c968fa446b/gnocchi.cb524b47-d9a2-4d87-b67f-3cbe964f797e/none_v3" 404 70 "GET https://[::1]:8080/v1/AUTH_9f41729c3600455b8ee569c968fa446b/gnocchi.cb524b47-d9a2-4d87-b67f-3cbe964f797e/none_v3" "tx2bc226084ef541848e250-00693c61d2" "proxy-server 97772" 0.0002 "-" 96772 0
Dec 12 13:41:22 np0005557558.novalocal object-server[96771]: ::1 - - [12/Dec/2025:18:41:22 +0000] "GET /3/134807/AUTH_9f41729c3600455b8ee569c968fa446b/gnocchi.cb524b47-d9a2-4d87-b67f-3cbe964f797e/none_v3" 404 70 "GET https://[::1]:8080/v1/AUTH_9f41729c3600455b8ee569c968fa446b/gnocchi.cb524b47-d9a2-4d87-b67f-3cbe964f797e/none_v3" "tx2bc226084ef541848e250-00693c61d2" "proxy-server 97772" 0.0003 "-" 96771 0
Dec 12 13:41:22 np0005557558.novalocal proxy-server[97772]: ::1 ::1 12/Dec/2025/18/41/22 GET /v1/AUTH_9f41729c3600455b8ee569c968fa446b/gnocchi.cb524b47-d9a2-4d87-b67f-3cbe964f797e/none_v3 HTTP/1.0 404 - python-swiftclient-4.7.0 gAAAAABpPGHN1oGc... - 70 - tx2bc226084ef541848e250-00693c61d2 - 0.0470 - - 1765564882.561077833 1765564882.608079195 0
Dec 12 13:41:22 np0005557558.novalocal container-server[96474]: ::1 - - [12/Dec/2025:18:41:22 +0000] "HEAD /1/183091/AUTH_9f41729c3600455b8ee569c968fa446b/gnocchi.4337077d-4aca-46af-9670-559be7ee45eb" 204 - "HEAD http://[::1]:8080/v1/AUTH_9f41729c3600455b8ee569c968fa446b/gnocchi.4337077d-4aca-46af-9670-559be7ee45eb" "txb1784efbac7f489f9d60c-00693c61d2" "proxy-server 97771" 0.0026 "-" 96474 0
Dec 12 13:41:22 np0005557558.novalocal proxy-server[97771]: - - 12/Dec/2025/18/41/22 HEAD /v1/AUTH_9f41729c3600455b8ee569c968fa446b/gnocchi.4337077d-4aca-46af-9670-559be7ee45eb HTTP/1.0 204 - Swift - - - - txb1784efbac7f489f9d60c-00693c61d2 - 0.0072 CS - 1765564882.608712196 1765564882.615904570 0
Dec 12 13:41:22 np0005557558.novalocal container-server[96474]: ::1 - - [12/Dec/2025:18:41:22 +0000] "GET /3/183091/AUTH_9f41729c3600455b8ee569c968fa446b/gnocchi.4337077d-4aca-46af-9670-559be7ee45eb" 200 2 "GET https://[::1]:8080/v1/AUTH_9f41729c3600455b8ee569c968fa446b/gnocchi.4337077d-4aca-46af-9670-559be7ee45eb?format=json&states=listing" "txb1784efbac7f489f9d60c-00693c61d2" "proxy-server 97771" 0.0076 "-" 96474 0
Dec 12 13:41:22 np0005557558.novalocal proxy-server[97771]: ::1 ::1 12/Dec/2025/18/41/22 GET /v1/AUTH_9f41729c3600455b8ee569c968fa446b/gnocchi.4337077d-4aca-46af-9670-559be7ee45eb%3Fformat%3Djson%26states%3Dlisting HTTP/1.0 200 - python-swiftclient-4.7.0 gAAAAABpPGHN3vHt... - 2 - txb1784efbac7f489f9d60c-00693c61d2 - 0.0249 - - 1765564882.607800722 1765564882.632745504 0
Dec 12 13:41:22 np0005557558.novalocal object-server[96771]: ::1 - - [12/Dec/2025:18:41:22 +0000] "GET /2/228396/AUTH_9f41729c3600455b8ee569c968fa446b/gnocchi.4337077d-4aca-46af-9670-559be7ee45eb/1764720000.0_mean_300.0_v3" 404 70 "GET https://[::1]:8080/v1/AUTH_9f41729c3600455b8ee569c968fa446b/gnocchi.4337077d-4aca-46af-9670-559be7ee45eb/1764720000.0_mean_300.0_v3" "tx505648d3b6b44d2a84f0a-00693c61d2" "proxy-server 97771" 0.0004 "-" 96771 0
Dec 12 13:41:22 np0005557558.novalocal object-server[96771]: ::1 - - [12/Dec/2025:18:41:22 +0000] "GET /1/228396/AUTH_9f41729c3600455b8ee569c968fa446b/gnocchi.4337077d-4aca-46af-9670-559be7ee45eb/1764720000.0_mean_300.0_v3" 404 70 "GET https://[::1]:8080/v1/AUTH_9f41729c3600455b8ee569c968fa446b/gnocchi.4337077d-4aca-46af-9670-559be7ee45eb/1764720000.0_mean_300.0_v3" "tx505648d3b6b44d2a84f0a-00693c61d2" "proxy-server 97771" 0.0005 "-" 96771 0
Dec 12 13:41:22 np0005557558.novalocal object-server[96772]: ::1 - - [12/Dec/2025:18:41:22 +0000] "GET /3/228396/AUTH_9f41729c3600455b8ee569c968fa446b/gnocchi.4337077d-4aca-46af-9670-559be7ee45eb/1764720000.0_mean_300.0_v3" 404 70 "GET https://[::1]:8080/v1/AUTH_9f41729c3600455b8ee569c968fa446b/gnocchi.4337077d-4aca-46af-9670-559be7ee45eb/1764720000.0_mean_300.0_v3" "tx505648d3b6b44d2a84f0a-00693c61d2" "proxy-server 97771" 0.0005 "-" 96772 0
Dec 12 13:41:22 np0005557558.novalocal proxy-server[97771]: ::1 ::1 12/Dec/2025/18/41/22 GET /v1/AUTH_9f41729c3600455b8ee569c968fa446b/gnocchi.4337077d-4aca-46af-9670-559be7ee45eb/1764720000.0_mean_300.0_v3 HTTP/1.0 404 - python-swiftclient-4.7.0 gAAAAABpPGHN3vHt... - 70 - tx505648d3b6b44d2a84f0a-00693c61d2 - 0.0209 - - 1765564882.637802124 1765564882.658708334 0
Dec 12 13:41:22 np0005557558.novalocal account-server[96175]: ::1 - - [12/Dec/2025:18:41:22 +0000] "PUT /3/24542/AUTH_9f41729c3600455b8ee569c968fa446b/gnocchi.cb524b47-d9a2-4d87-b67f-3cbe964f797e" 201 - "PUT http://[::1]:6001/2/95644/AUTH_9f41729c3600455b8ee569c968fa446b/gnocchi.cb524b47-d9a2-4d87-b67f-3cbe964f797e" "tx427a2e361a1a4ed08b86f-00693c61d2" "container-server 96474" 0.0047 "-" 96175 0
Dec 12 13:41:22 np0005557558.novalocal container-server[96474]: ::1 - - [12/Dec/2025:18:41:22 +0000] "PUT /2/95644/AUTH_9f41729c3600455b8ee569c968fa446b/gnocchi.cb524b47-d9a2-4d87-b67f-3cbe964f797e" 201 - "PUT https://[::1]:8080/v1/AUTH_9f41729c3600455b8ee569c968fa446b/gnocchi.cb524b47-d9a2-4d87-b67f-3cbe964f797e" "tx427a2e361a1a4ed08b86f-00693c61d2" "proxy-server 97772" 0.0490 "-" 96474 0
Dec 12 13:41:22 np0005557558.novalocal container-server[96475]: ::1 - - [12/Dec/2025:18:41:22 +0000] "PUT /1/183091/AUTH_9f41729c3600455b8ee569c968fa446b/gnocchi.4337077d-4aca-46af-9670-559be7ee45eb/1764720000.0_mean_300.0_v3" 201 - "PUT http://[::1]:8080/3/228396/AUTH_9f41729c3600455b8ee569c968fa446b/gnocchi.4337077d-4aca-46af-9670-559be7ee45eb/1764720000.0_mean_300.0_v3" "txabdba39ac68845d990867-00693c61d2" "object-server 96771" 0.0012 "-" 96475 0
Dec 12 13:41:22 np0005557558.novalocal container-server[96474]: ::1 - - [12/Dec/2025:18:41:22 +0000] "PUT /3/183091/AUTH_9f41729c3600455b8ee569c968fa446b/gnocchi.4337077d-4aca-46af-9670-559be7ee45eb/1764720000.0_mean_300.0_v3" 201 - "PUT http://[::1]:8080/1/228396/AUTH_9f41729c3600455b8ee569c968fa446b/gnocchi.4337077d-4aca-46af-9670-559be7ee45eb/1764720000.0_mean_300.0_v3" "txabdba39ac68845d990867-00693c61d2" "object-server 96772" 0.0006 "-" 96474 0
Dec 12 13:41:22 np0005557558.novalocal account-server[96174]: ::1 - - [12/Dec/2025:18:41:22 +0000] "PUT /2/24542/AUTH_9f41729c3600455b8ee569c968fa446b/gnocchi.cb524b47-d9a2-4d87-b67f-3cbe964f797e" 201 - "PUT http://[::1]:6001/1/95644/AUTH_9f41729c3600455b8ee569c968fa446b/gnocchi.cb524b47-d9a2-4d87-b67f-3cbe964f797e" "tx427a2e361a1a4ed08b86f-00693c61d2" "container-server 96475" 0.0059 "-" 96174 0
Dec 12 13:41:22 np0005557558.novalocal object-server[96772]: ::1 - - [12/Dec/2025:18:41:22 +0000] "PUT /1/228396/AUTH_9f41729c3600455b8ee569c968fa446b/gnocchi.4337077d-4aca-46af-9670-559be7ee45eb/1764720000.0_mean_300.0_v3" 201 - "PUT https://[::1]:8080/v1/AUTH_9f41729c3600455b8ee569c968fa446b/gnocchi.4337077d-4aca-46af-9670-559be7ee45eb/1764720000.0_mean_300.0_v3" "txabdba39ac68845d990867-00693c61d2" "proxy-server 97771" 0.0179 "-" 96772 0
Dec 12 13:41:22 np0005557558.novalocal object-server[96771]: ::1 - - [12/Dec/2025:18:41:22 +0000] "PUT /3/228396/AUTH_9f41729c3600455b8ee569c968fa446b/gnocchi.4337077d-4aca-46af-9670-559be7ee45eb/1764720000.0_mean_300.0_v3" 201 - "PUT https://[::1]:8080/v1/AUTH_9f41729c3600455b8ee569c968fa446b/gnocchi.4337077d-4aca-46af-9670-559be7ee45eb/1764720000.0_mean_300.0_v3" "txabdba39ac68845d990867-00693c61d2" "proxy-server 97771" 0.0113 "-" 96771 0
Dec 12 13:41:22 np0005557558.novalocal container-server[96475]: ::1 - - [12/Dec/2025:18:41:22 +0000] "PUT /1/95644/AUTH_9f41729c3600455b8ee569c968fa446b/gnocchi.cb524b47-d9a2-4d87-b67f-3cbe964f797e" 201 - "PUT https://[::1]:8080/v1/AUTH_9f41729c3600455b8ee569c968fa446b/gnocchi.cb524b47-d9a2-4d87-b67f-3cbe964f797e" "tx427a2e361a1a4ed08b86f-00693c61d2" "proxy-server 97772" 0.0176 "-" 96475 0
Dec 12 13:41:22 np0005557558.novalocal account-server[96175]: ::1 - - [12/Dec/2025:18:41:22 +0000] "PUT /1/24542/AUTH_9f41729c3600455b8ee569c968fa446b/gnocchi.cb524b47-d9a2-4d87-b67f-3cbe964f797e" 201 - "PUT http://[::1]:6001/3/95644/AUTH_9f41729c3600455b8ee569c968fa446b/gnocchi.cb524b47-d9a2-4d87-b67f-3cbe964f797e" "tx427a2e361a1a4ed08b86f-00693c61d2" "container-server 96475" 0.0059 "-" 96175 0
Dec 12 13:41:22 np0005557558.novalocal container-server[96475]: ::1 - - [12/Dec/2025:18:41:22 +0000] "PUT /2/183091/AUTH_9f41729c3600455b8ee569c968fa446b/gnocchi.4337077d-4aca-46af-9670-559be7ee45eb/1764720000.0_mean_300.0_v3" 201 - "PUT http://[::1]:8080/2/228396/AUTH_9f41729c3600455b8ee569c968fa446b/gnocchi.4337077d-4aca-46af-9670-559be7ee45eb/1764720000.0_mean_300.0_v3" "txabdba39ac68845d990867-00693c61d2" "object-server 96772" 0.0007 "-" 96475 0
Dec 12 13:41:22 np0005557558.novalocal object-server[96772]: ::1 - - [12/Dec/2025:18:41:22 +0000] "PUT /2/228396/AUTH_9f41729c3600455b8ee569c968fa446b/gnocchi.4337077d-4aca-46af-9670-559be7ee45eb/1764720000.0_mean_300.0_v3" 201 - "PUT https://[::1]:8080/v1/AUTH_9f41729c3600455b8ee569c968fa446b/gnocchi.4337077d-4aca-46af-9670-559be7ee45eb/1764720000.0_mean_300.0_v3" "txabdba39ac68845d990867-00693c61d2" "proxy-server 97771" 0.0229 "-" 96772 0
Dec 12 13:41:22 np0005557558.novalocal container-server[96475]: ::1 - - [12/Dec/2025:18:41:22 +0000] "PUT /3/95644/AUTH_9f41729c3600455b8ee569c968fa446b/gnocchi.cb524b47-d9a2-4d87-b67f-3cbe964f797e" 201 - "PUT https://[::1]:8080/v1/AUTH_9f41729c3600455b8ee569c968fa446b/gnocchi.cb524b47-d9a2-4d87-b67f-3cbe964f797e" "tx427a2e361a1a4ed08b86f-00693c61d2" "proxy-server 97772" 0.0707 "-" 96475 0
Dec 12 13:41:22 np0005557558.novalocal proxy-server[97771]: ::1 ::1 12/Dec/2025/18/41/22 PUT /v1/AUTH_9f41729c3600455b8ee569c968fa446b/gnocchi.4337077d-4aca-46af-9670-559be7ee45eb/1764720000.0_mean_300.0_v3 HTTP/1.0 201 - python-swiftclient-4.7.0 gAAAAABpPGHN3vHt... 16 - - txabdba39ac68845d990867-00693c61d2 - 0.0314 - - 1765564882.662592649 1765564882.694040298 0
Dec 12 13:41:22 np0005557558.novalocal proxy-server[97772]: ::1 ::1 12/Dec/2025/18/41/22 PUT /v1/AUTH_9f41729c3600455b8ee569c968fa446b/gnocchi.cb524b47-d9a2-4d87-b67f-3cbe964f797e HTTP/1.0 201 - python-swiftclient-4.7.0 gAAAAABpPGHN1oGc... - - - tx427a2e361a1a4ed08b86f-00693c61d2 - 0.0782 - - 1765564882.616873026 1765564882.695062160 0
Dec 12 13:41:22 np0005557558.novalocal container-server[96475]: ::1 - - [12/Dec/2025:18:41:22 +0000] "HEAD /2/95644/AUTH_9f41729c3600455b8ee569c968fa446b/gnocchi.cb524b47-d9a2-4d87-b67f-3cbe964f797e" 204 - "HEAD http://[::1]:8080/v1/AUTH_9f41729c3600455b8ee569c968fa446b/gnocchi.cb524b47-d9a2-4d87-b67f-3cbe964f797e" "txba46592d497f415fb18a3-00693c61d2" "proxy-server 97772" 0.0021 "-" 96475 0
Dec 12 13:41:22 np0005557558.novalocal proxy-server[97772]: - - 12/Dec/2025/18/41/22 HEAD /v1/AUTH_9f41729c3600455b8ee569c968fa446b/gnocchi.cb524b47-d9a2-4d87-b67f-3cbe964f797e HTTP/1.0 204 - Swift - - - - txba46592d497f415fb18a3-00693c61d2 - 0.0097 CS - 1765564882.699834347 1765564882.709486246 0
Dec 12 13:41:22 np0005557558.novalocal container-server[96475]: ::1 - - [12/Dec/2025:18:41:22 +0000] "GET /2/95644/AUTH_9f41729c3600455b8ee569c968fa446b/gnocchi.cb524b47-d9a2-4d87-b67f-3cbe964f797e" 200 2 "GET https://[::1]:8080/v1/AUTH_9f41729c3600455b8ee569c968fa446b/gnocchi.cb524b47-d9a2-4d87-b67f-3cbe964f797e?format=json&states=listing" "txba46592d497f415fb18a3-00693c61d2" "proxy-server 97772" 0.0032 "-" 96475 0
Dec 12 13:41:22 np0005557558.novalocal container-server[96474]: ::1 - - [12/Dec/2025:18:41:22 +0000] "PUT /3/183091/AUTH_9f41729c3600455b8ee569c968fa446b/gnocchi.4337077d-4aca-46af-9670-559be7ee45eb/none_v3" 201 - "PUT http://[::1]:8080/1/152993/AUTH_9f41729c3600455b8ee569c968fa446b/gnocchi.4337077d-4aca-46af-9670-559be7ee45eb/none_v3" "tx404564db3de04e0ca10c6-00693c61d2" "object-server 96772" 0.0005 "-" 96474 0
Dec 12 13:41:22 np0005557558.novalocal container-server[96475]: ::1 - - [12/Dec/2025:18:41:22 +0000] "PUT /1/183091/AUTH_9f41729c3600455b8ee569c968fa446b/gnocchi.4337077d-4aca-46af-9670-559be7ee45eb/none_v3" 201 - "PUT http://[::1]:8080/3/152993/AUTH_9f41729c3600455b8ee569c968fa446b/gnocchi.4337077d-4aca-46af-9670-559be7ee45eb/none_v3" "tx404564db3de04e0ca10c6-00693c61d2" "object-server 96771" 0.0006 "-" 96475 0
Dec 12 13:41:22 np0005557558.novalocal container-server[96474]: ::1 - - [12/Dec/2025:18:41:22 +0000] "PUT /2/183091/AUTH_9f41729c3600455b8ee569c968fa446b/gnocchi.4337077d-4aca-46af-9670-559be7ee45eb/none_v3" 201 - "PUT http://[::1]:8080/2/152993/AUTH_9f41729c3600455b8ee569c968fa446b/gnocchi.4337077d-4aca-46af-9670-559be7ee45eb/none_v3" "tx404564db3de04e0ca10c6-00693c61d2" "object-server 96771" 0.0003 "-" 96474 0
Dec 12 13:41:22 np0005557558.novalocal object-server[96772]: ::1 - - [12/Dec/2025:18:41:22 +0000] "PUT /1/152993/AUTH_9f41729c3600455b8ee569c968fa446b/gnocchi.4337077d-4aca-46af-9670-559be7ee45eb/none_v3" 201 - "PUT https://[::1]:8080/v1/AUTH_9f41729c3600455b8ee569c968fa446b/gnocchi.4337077d-4aca-46af-9670-559be7ee45eb/none_v3" "tx404564db3de04e0ca10c6-00693c61d2" "proxy-server 97771" 0.0185 "-" 96772 0
Dec 12 13:41:22 np0005557558.novalocal object-server[96771]: ::1 - - [12/Dec/2025:18:41:22 +0000] "PUT /3/152993/AUTH_9f41729c3600455b8ee569c968fa446b/gnocchi.4337077d-4aca-46af-9670-559be7ee45eb/none_v3" 201 - "PUT https://[::1]:8080/v1/AUTH_9f41729c3600455b8ee569c968fa446b/gnocchi.4337077d-4aca-46af-9670-559be7ee45eb/none_v3" "tx404564db3de04e0ca10c6-00693c61d2" "proxy-server 97771" 0.0164 "-" 96771 0
Dec 12 13:41:22 np0005557558.novalocal object-server[96771]: ::1 - - [12/Dec/2025:18:41:22 +0000] "PUT /2/152993/AUTH_9f41729c3600455b8ee569c968fa446b/gnocchi.4337077d-4aca-46af-9670-559be7ee45eb/none_v3" 201 - "PUT https://[::1]:8080/v1/AUTH_9f41729c3600455b8ee569c968fa446b/gnocchi.4337077d-4aca-46af-9670-559be7ee45eb/none_v3" "tx404564db3de04e0ca10c6-00693c61d2" "proxy-server 97771" 0.0189 "-" 96771 0
Dec 12 13:41:22 np0005557558.novalocal proxy-server[97772]: ::1 ::1 12/Dec/2025/18/41/22 GET /v1/AUTH_9f41729c3600455b8ee569c968fa446b/gnocchi.cb524b47-d9a2-4d87-b67f-3cbe964f797e%3Fformat%3Djson%26states%3Dlisting HTTP/1.0 200 - python-swiftclient-4.7.0 gAAAAABpPGHN1oGc... - 2 - txba46592d497f415fb18a3-00693c61d2 - 0.0270 - - 1765564882.699078798 1765564882.726127625 0
Dec 12 13:41:22 np0005557558.novalocal proxy-server[97771]: ::1 ::1 12/Dec/2025/18/41/22 PUT /v1/AUTH_9f41729c3600455b8ee569c968fa446b/gnocchi.4337077d-4aca-46af-9670-559be7ee45eb/none_v3 HTTP/1.0 201 - python-swiftclient-4.7.0 gAAAAABpPGHN3vHt... 22 - - tx404564db3de04e0ca10c6-00693c61d2 - 0.0284 - - 1765564882.697612286 1765564882.726040840 0
Dec 12 13:41:22 np0005557558.novalocal object-server[96771]: ::1 - - [12/Dec/2025:18:41:22 +0000] "GET /2/222729/AUTH_9f41729c3600455b8ee569c968fa446b/gnocchi.cb524b47-d9a2-4d87-b67f-3cbe964f797e/1764720000.0_mean_300.0_v3" 404 70 "GET https://[::1]:8080/v1/AUTH_9f41729c3600455b8ee569c968fa446b/gnocchi.cb524b47-d9a2-4d87-b67f-3cbe964f797e/1764720000.0_mean_300.0_v3" "txb8adfbabaa714c5d8e5da-00693c61d2" "proxy-server 97772" 0.0003 "-" 96771 0
Dec 12 13:41:22 np0005557558.novalocal object-server[96772]: ::1 - - [12/Dec/2025:18:41:22 +0000] "GET /3/222729/AUTH_9f41729c3600455b8ee569c968fa446b/gnocchi.cb524b47-d9a2-4d87-b67f-3cbe964f797e/1764720000.0_mean_300.0_v3" 404 70 "GET https://[::1]:8080/v1/AUTH_9f41729c3600455b8ee569c968fa446b/gnocchi.cb524b47-d9a2-4d87-b67f-3cbe964f797e/1764720000.0_mean_300.0_v3" "txb8adfbabaa714c5d8e5da-00693c61d2" "proxy-server 97772" 0.0003 "-" 96772 0
Dec 12 13:41:22 np0005557558.novalocal object-server[96771]: ::1 - - [12/Dec/2025:18:41:22 +0000] "GET /1/222729/AUTH_9f41729c3600455b8ee569c968fa446b/gnocchi.cb524b47-d9a2-4d87-b67f-3cbe964f797e/1764720000.0_mean_300.0_v3" 404 70 "GET https://[::1]:8080/v1/AUTH_9f41729c3600455b8ee569c968fa446b/gnocchi.cb524b47-d9a2-4d87-b67f-3cbe964f797e/1764720000.0_mean_300.0_v3" "txb8adfbabaa714c5d8e5da-00693c61d2" "proxy-server 97772" 0.0002 "-" 96771 0
Dec 12 13:41:22 np0005557558.novalocal proxy-server[97772]: ::1 ::1 12/Dec/2025/18/41/22 GET /v1/AUTH_9f41729c3600455b8ee569c968fa446b/gnocchi.cb524b47-d9a2-4d87-b67f-3cbe964f797e/1764720000.0_mean_300.0_v3 HTTP/1.0 404 - python-swiftclient-4.7.0 gAAAAABpPGHN1oGc... - 70 - txb8adfbabaa714c5d8e5da-00693c61d2 - 0.0115 - - 1765564882.729882717 1765564882.741372108 0
Dec 12 13:41:22 np0005557558.novalocal container-server[96474]: ::1 - - [12/Dec/2025:18:41:22 +0000] "PUT /1/95644/AUTH_9f41729c3600455b8ee569c968fa446b/gnocchi.cb524b47-d9a2-4d87-b67f-3cbe964f797e/1764720000.0_mean_300.0_v3" 201 - "PUT http://[::1]:8080/1/222729/AUTH_9f41729c3600455b8ee569c968fa446b/gnocchi.cb524b47-d9a2-4d87-b67f-3cbe964f797e/1764720000.0_mean_300.0_v3" "tx34383e0d97374469991bb-00693c61d2" "object-server 96772" 0.0006 "-" 96474 0
Dec 12 13:41:22 np0005557558.novalocal object-server[96772]: ::1 - - [12/Dec/2025:18:41:22 +0000] "PUT /1/222729/AUTH_9f41729c3600455b8ee569c968fa446b/gnocchi.cb524b47-d9a2-4d87-b67f-3cbe964f797e/1764720000.0_mean_300.0_v3" 201 - "PUT https://[::1]:8080/v1/AUTH_9f41729c3600455b8ee569c968fa446b/gnocchi.cb524b47-d9a2-4d87-b67f-3cbe964f797e/1764720000.0_mean_300.0_v3" "tx34383e0d97374469991bb-00693c61d2" "proxy-server 97772" 0.0138 "-" 96772 0
Dec 12 13:41:22 np0005557558.novalocal container-server[96474]: ::1 - - [12/Dec/2025:18:41:22 +0000] "PUT /3/95644/AUTH_9f41729c3600455b8ee569c968fa446b/gnocchi.cb524b47-d9a2-4d87-b67f-3cbe964f797e/1764720000.0_mean_300.0_v3" 201 - "PUT http://[::1]:8080/2/222729/AUTH_9f41729c3600455b8ee569c968fa446b/gnocchi.cb524b47-d9a2-4d87-b67f-3cbe964f797e/1764720000.0_mean_300.0_v3" "tx34383e0d97374469991bb-00693c61d2" "object-server 96771" 0.0004 "-" 96474 0
Dec 12 13:41:22 np0005557558.novalocal object-server[96771]: ::1 - - [12/Dec/2025:18:41:22 +0000] "PUT /2/222729/AUTH_9f41729c3600455b8ee569c968fa446b/gnocchi.cb524b47-d9a2-4d87-b67f-3cbe964f797e/1764720000.0_mean_300.0_v3" 201 - "PUT https://[::1]:8080/v1/AUTH_9f41729c3600455b8ee569c968fa446b/gnocchi.cb524b47-d9a2-4d87-b67f-3cbe964f797e/1764720000.0_mean_300.0_v3" "tx34383e0d97374469991bb-00693c61d2" "proxy-server 97772" 0.0107 "-" 96771 0
Dec 12 13:41:22 np0005557558.novalocal container-server[96475]: ::1 - - [12/Dec/2025:18:41:22 +0000] "PUT /2/95644/AUTH_9f41729c3600455b8ee569c968fa446b/gnocchi.cb524b47-d9a2-4d87-b67f-3cbe964f797e/1764720000.0_mean_300.0_v3" 201 - "PUT http://[::1]:8080/3/222729/AUTH_9f41729c3600455b8ee569c968fa446b/gnocchi.cb524b47-d9a2-4d87-b67f-3cbe964f797e/1764720000.0_mean_300.0_v3" "tx34383e0d97374469991bb-00693c61d2" "object-server 96772" 0.0008 "-" 96475 0
Dec 12 13:41:22 np0005557558.novalocal object-server[96772]: ::1 - - [12/Dec/2025:18:41:22 +0000] "PUT /3/222729/AUTH_9f41729c3600455b8ee569c968fa446b/gnocchi.cb524b47-d9a2-4d87-b67f-3cbe964f797e/1764720000.0_mean_300.0_v3" 201 - "PUT https://[::1]:8080/v1/AUTH_9f41729c3600455b8ee569c968fa446b/gnocchi.cb524b47-d9a2-4d87-b67f-3cbe964f797e/1764720000.0_mean_300.0_v3" "tx34383e0d97374469991bb-00693c61d2" "proxy-server 97772" 0.0146 "-" 96772 0
Dec 12 13:41:22 np0005557558.novalocal proxy-server[97772]: ::1 ::1 12/Dec/2025/18/41/22 PUT /v1/AUTH_9f41729c3600455b8ee569c968fa446b/gnocchi.cb524b47-d9a2-4d87-b67f-3cbe964f797e/1764720000.0_mean_300.0_v3 HTTP/1.0 201 - python-swiftclient-4.7.0 gAAAAABpPGHN1oGc... 16 - - tx34383e0d97374469991bb-00693c61d2 - 0.0258 - - 1765564882.744592428 1765564882.770383596 0
Dec 12 13:41:22 np0005557558.novalocal container-server[96474]: ::1 - - [12/Dec/2025:18:41:22 +0000] "PUT /1/95644/AUTH_9f41729c3600455b8ee569c968fa446b/gnocchi.cb524b47-d9a2-4d87-b67f-3cbe964f797e/none_v3" 201 - "PUT http://[::1]:8080/3/134807/AUTH_9f41729c3600455b8ee569c968fa446b/gnocchi.cb524b47-d9a2-4d87-b67f-3cbe964f797e/none_v3" "txb2cf681486a240c1ae03e-00693c61d2" "object-server 96772" 0.0005 "-" 96474 0
Dec 12 13:41:22 np0005557558.novalocal object-server[96772]: ::1 - - [12/Dec/2025:18:41:22 +0000] "PUT /3/134807/AUTH_9f41729c3600455b8ee569c968fa446b/gnocchi.cb524b47-d9a2-4d87-b67f-3cbe964f797e/none_v3" 201 - "PUT https://[::1]:8080/v1/AUTH_9f41729c3600455b8ee569c968fa446b/gnocchi.cb524b47-d9a2-4d87-b67f-3cbe964f797e/none_v3" "txb2cf681486a240c1ae03e-00693c61d2" "proxy-server 97772" 0.0136 "-" 96772 0
Dec 12 13:41:22 np0005557558.novalocal container-server[96474]: ::1 - - [12/Dec/2025:18:41:22 +0000] "PUT /2/95644/AUTH_9f41729c3600455b8ee569c968fa446b/gnocchi.cb524b47-d9a2-4d87-b67f-3cbe964f797e/none_v3" 201 - "PUT http://[::1]:8080/2/134807/AUTH_9f41729c3600455b8ee569c968fa446b/gnocchi.cb524b47-d9a2-4d87-b67f-3cbe964f797e/none_v3" "txb2cf681486a240c1ae03e-00693c61d2" "object-server 96771" 0.0003 "-" 96474 0
Dec 12 13:41:22 np0005557558.novalocal object-server[96771]: ::1 - - [12/Dec/2025:18:41:22 +0000] "PUT /2/134807/AUTH_9f41729c3600455b8ee569c968fa446b/gnocchi.cb524b47-d9a2-4d87-b67f-3cbe964f797e/none_v3" 201 - "PUT https://[::1]:8080/v1/AUTH_9f41729c3600455b8ee569c968fa446b/gnocchi.cb524b47-d9a2-4d87-b67f-3cbe964f797e/none_v3" "txb2cf681486a240c1ae03e-00693c61d2" "proxy-server 97772" 0.0109 "-" 96771 0
Dec 12 13:41:22 np0005557558.novalocal container-server[96474]: ::1 - - [12/Dec/2025:18:41:22 +0000] "PUT /3/95644/AUTH_9f41729c3600455b8ee569c968fa446b/gnocchi.cb524b47-d9a2-4d87-b67f-3cbe964f797e/none_v3" 201 - "PUT http://[::1]:8080/1/134807/AUTH_9f41729c3600455b8ee569c968fa446b/gnocchi.cb524b47-d9a2-4d87-b67f-3cbe964f797e/none_v3" "txb2cf681486a240c1ae03e-00693c61d2" "object-server 96771" 0.0003 "-" 96474 0
Dec 12 13:41:22 np0005557558.novalocal object-server[96771]: ::1 - - [12/Dec/2025:18:41:22 +0000] "PUT /1/134807/AUTH_9f41729c3600455b8ee569c968fa446b/gnocchi.cb524b47-d9a2-4d87-b67f-3cbe964f797e/none_v3" 201 - "PUT https://[::1]:8080/v1/AUTH_9f41729c3600455b8ee569c968fa446b/gnocchi.cb524b47-d9a2-4d87-b67f-3cbe964f797e/none_v3" "txb2cf681486a240c1ae03e-00693c61d2" "proxy-server 97772" 0.0136 "-" 96771 0
Dec 12 13:41:22 np0005557558.novalocal proxy-server[97772]: ::1 ::1 12/Dec/2025/18/41/22 PUT /v1/AUTH_9f41729c3600455b8ee569c968fa446b/gnocchi.cb524b47-d9a2-4d87-b67f-3cbe964f797e/none_v3 HTTP/1.0 201 - python-swiftclient-4.7.0 gAAAAABpPGHN1oGc... 22 - - txb2cf681486a240c1ae03e-00693c61d2 - 0.0216 - - 1765564882.772531986 1765564882.794107199 0
Dec 12 13:41:23 np0005557558.novalocal container-replicator[96540]: Beginning replication run
Dec 12 13:41:23 np0005557558.novalocal dnsmasq[103279]: read /var/lib/neutron/dhcp/43d5c3c5-52c8-4f0b-9864-4b3cabd43ed4/addn_hosts - 0 addresses
Dec 12 13:41:23 np0005557558.novalocal dnsmasq-dhcp[103279]: read /var/lib/neutron/dhcp/43d5c3c5-52c8-4f0b-9864-4b3cabd43ed4/host
Dec 12 13:41:23 np0005557558.novalocal dnsmasq-dhcp[103279]: read /var/lib/neutron/dhcp/43d5c3c5-52c8-4f0b-9864-4b3cabd43ed4/opts
Dec 12 13:41:23 np0005557558.novalocal kernel: qr-17380533-86: left promiscuous mode
Dec 12 13:41:24 np0005557558.novalocal kernel: qg-1f704a2e-d9: left promiscuous mode
Dec 12 13:41:24 np0005557558.novalocal systemd[1]: run-netns-qrouter\x2d4b4f7e8c\x2d7b91\x2d476d\x2d904f\x2dd9c1094f42ce.mount: Deactivated successfully.
Dec 12 13:41:24 np0005557558.novalocal container-replicator[96540]: Replication run OVER
Dec 12 13:41:24 np0005557558.novalocal container-replicator[96540]: Attempted to replicate 30 dbs in 1.04281 seconds (28.76853/s)
Dec 12 13:41:24 np0005557558.novalocal container-replicator[96540]: Removed 0 dbs
Dec 12 13:41:24 np0005557558.novalocal container-replicator[96540]: 60 successes, 0 failures
Dec 12 13:41:24 np0005557558.novalocal container-replicator[96540]: diff:0 diff_capped:0 empty:0 hashmatch:0 no_change:60 remote_merge:0 rsync:0 ts_repl:0
Dec 12 13:41:24 np0005557558.novalocal dnsmasq[103279]: exiting on receipt of SIGTERM
Dec 12 13:41:24 np0005557558.novalocal kernel: tapde71a550-3f: left promiscuous mode
Dec 12 13:41:25 np0005557558.novalocal systemd[1]: run-netns-qdhcp\x2d43d5c3c5\x2d52c8\x2d4f0b\x2d9864\x2d4b3cabd43ed4.mount: Deactivated successfully.
Dec 12 13:41:25 np0005557558.novalocal container-sharder[95838]: Container sharder cycle starting, auto-sharding False
Dec 12 13:41:26 np0005557558.novalocal object-auditor[104432]: Begin object audit "forever" mode (ZBF)
Dec 12 13:41:26 np0005557558.novalocal object-auditor[104433]: Begin object audit "forever" mode (ALL)
Dec 12 13:41:26 np0005557558.novalocal object-auditor[104432]: Object audit (ZBF). Since Fri Dec 12 18:41:26 2025: Locally: 1 passed, 0 quarantined, 0 errors, files/sec: 81.72, bytes/sec: 0.00, Total time: 0.01, Auditing time: 0.00, Rate: 0.00
Dec 12 13:41:26 np0005557558.novalocal container-sharder[95838]: Since Fri Dec 12 18:41:25 2025 visited - attempted:0 success:0 failure:0 skipped:30 completed:0
Dec 12 13:41:26 np0005557558.novalocal container-sharder[95838]: Since Fri Dec 12 18:41:25 2025 scanned - attempted:0 success:0 failure:0 found:0 min_time:0 max_time:0
Dec 12 13:41:26 np0005557558.novalocal container-sharder[95838]: Since Fri Dec 12 18:41:25 2025 created - attempted:0 success:0 failure:0
Dec 12 13:41:26 np0005557558.novalocal container-sharder[95838]: Since Fri Dec 12 18:41:25 2025 cleaved - attempted:0 success:0 failure:0 min_time:0 max_time:0
Dec 12 13:41:26 np0005557558.novalocal container-sharder[95838]: Since Fri Dec 12 18:41:25 2025 misplaced - attempted:0 success:0 failure:0 found:0 placed:0 unplaced:0
Dec 12 13:41:26 np0005557558.novalocal container-sharder[95838]: Since Fri Dec 12 18:41:25 2025 audit_root - attempted:0 success:0 failure:0 has_overlap:0 num_overlap:0
Dec 12 13:41:26 np0005557558.novalocal container-sharder[95838]: Since Fri Dec 12 18:41:25 2025 audit_shard - attempted:0 success:0 failure:0
Dec 12 13:41:26 np0005557558.novalocal container-sharder[95838]: Container sharder cycle completed: 0.59s
Dec 12 13:41:27 np0005557558.novalocal object-auditor[104432]: Object audit (ZBF) "forever" mode completed: 1.19s. Total quarantined: 0, Total errors: 0, Total files/sec: 50.30, Total bytes/sec: 0.00, Auditing time: 1.17, Rate: 0.98
Dec 12 13:41:28 np0005557558.novalocal systemd[1]: NetworkManager-dispatcher.service: Deactivated successfully.
Dec 12 13:41:28 np0005557558.novalocal object-auditor[104433]: Object audit (ALL). Since Fri Dec 12 18:41:26 2025: Locally: 1 passed, 0 quarantined, 0 errors, files/sec: 0.47, bytes/sec: 9971991.20, Total time: 2.15, Auditing time: 0.00, Rate: 0.00
Dec 12 13:41:28 np0005557558.novalocal NetworkManager[861]: [1765564888.7828] manager: (tap144759ab-69): 'openvswitch' plugin not available; creating generic device
Dec 12 13:41:28 np0005557558.novalocal kernel: tap144759ab-69: entered promiscuous mode
Dec 12 13:41:28 np0005557558.novalocal NetworkManager[861]: [1765564888.7841] manager: (tap144759ab-69): new Generic device (/org/freedesktop/NetworkManager/Devices/29)
Dec 12 13:41:29 np0005557558.novalocal kernel: qg-a49da137-53: entered promiscuous mode
Dec 12 13:41:29 np0005557558.novalocal NetworkManager[861]: [1765564889.4238] manager: (qg-a49da137-53): 'openvswitch' plugin not available; creating generic device
Dec 12 13:41:29 np0005557558.novalocal systemd-udevd[104469]: Network interface NamePolicy= disabled on kernel command line.
Dec 12 13:41:29 np0005557558.novalocal NetworkManager[861]: [1765564889.4269] manager: (qg-a49da137-53): new Generic device (/org/freedesktop/NetworkManager/Devices/30)
Dec 12 13:41:29 np0005557558.novalocal virtnodedevd[99841]: ethtool ioctl error on qg-a49da137-53: No such device
Dec 12 13:41:29 np0005557558.novalocal virtnodedevd[99841]: ethtool ioctl error on qg-a49da137-53: No such device
Dec 12 13:41:29 np0005557558.novalocal virtnodedevd[99841]: ethtool ioctl error on qg-a49da137-53: No such device
Dec 12 13:41:29 np0005557558.novalocal virtnodedevd[99841]: ethtool ioctl error on qg-a49da137-53: No such device
Dec 12 13:41:29 np0005557558.novalocal virtnodedevd[99841]: ethtool ioctl error on qg-a49da137-53: No such device
Dec 12 13:41:29 np0005557558.novalocal virtnodedevd[99841]: ethtool ioctl error on qg-a49da137-53: No such device
Dec 12 13:41:29 np0005557558.novalocal virtnodedevd[99841]: ethtool ioctl error on qg-a49da137-53: No such device
Dec 12 13:41:29 np0005557558.novalocal virtnodedevd[99841]: ethtool ioctl error on qg-a49da137-53: No such device
Dec 12 13:41:29 np0005557558.novalocal dnsmasq[104556]: started, version 2.85 cachesize 150
Dec 12 13:41:29 np0005557558.novalocal dnsmasq[104556]: DNS service limited to local subnets
Dec 12 13:41:29 np0005557558.novalocal dnsmasq[104556]: compile time options: IPv6 GNU-getopt DBus no-UBus no-i18n IDN2 DHCP DHCPv6 no-Lua TFTP no-conntrack ipset auth cryptohash DNSSEC loop-detect inotify dumpfile
Dec 12 13:41:29 np0005557558.novalocal dnsmasq[104556]: warning: no upstream servers configured
Dec 12 13:41:29 np0005557558.novalocal dnsmasq-dhcp[104556]: DHCP, static leases only on 10.100.0.0, lease time 1d
Dec 12 13:41:29 np0005557558.novalocal dnsmasq[104556]: read /var/lib/neutron/dhcp/6bd8affb-44b8-47cd-a311-466ccd2dc16f/addn_hosts - 0 addresses
Dec 12 13:41:29 np0005557558.novalocal dnsmasq-dhcp[104556]: read /var/lib/neutron/dhcp/6bd8affb-44b8-47cd-a311-466ccd2dc16f/host
Dec 12 13:41:29 np0005557558.novalocal dnsmasq-dhcp[104556]: read /var/lib/neutron/dhcp/6bd8affb-44b8-47cd-a311-466ccd2dc16f/opts
Dec 12 13:41:29 np0005557558.novalocal dnsmasq-dhcp[104053]: DHCPDISCOVER(tap8db97307-ff) fa:16:3e:be:ca:80
Dec 12 13:41:29 np0005557558.novalocal dnsmasq-dhcp[104053]: DHCPOFFER(tap8db97307-ff) 10.100.0.4 fa:16:3e:be:ca:80
Dec 12 13:41:29 np0005557558.novalocal dnsmasq-dhcp[104053]: DHCPREQUEST(tap8db97307-ff) 10.100.0.4 fa:16:3e:be:ca:80
Dec 12 13:41:29 np0005557558.novalocal dnsmasq-dhcp[104053]: DHCPACK(tap8db97307-ff) 10.100.0.4 fa:16:3e:be:ca:80 host-10-100-0-4
Dec 12 13:41:31 np0005557558.novalocal dnsmasq[104556]: read /var/lib/neutron/dhcp/6bd8affb-44b8-47cd-a311-466ccd2dc16f/addn_hosts - 1 addresses
Dec 12 13:41:31 np0005557558.novalocal dnsmasq-dhcp[104556]: read /var/lib/neutron/dhcp/6bd8affb-44b8-47cd-a311-466ccd2dc16f/host
Dec 12 13:41:31 np0005557558.novalocal dnsmasq-dhcp[104556]: read /var/lib/neutron/dhcp/6bd8affb-44b8-47cd-a311-466ccd2dc16f/opts
Dec 12 13:41:31 np0005557558.novalocal NetworkManager[861]: [1765564891.6240] manager: (qr-3ef55361-07): 'openvswitch' plugin not available; creating generic device
Dec 12 13:41:31 np0005557558.novalocal kernel: qr-3ef55361-07: entered promiscuous mode
Dec 12 13:41:31 np0005557558.novalocal NetworkManager[861]: [1765564891.6260] manager: (qr-3ef55361-07): new Generic device (/org/freedesktop/NetworkManager/Devices/31)
Dec 12 13:41:31 np0005557558.novalocal virtnodedevd[99841]: ethtool ioctl error on qr-3ef55361-07: No such device
Dec 12 13:41:31 np0005557558.novalocal virtnodedevd[99841]: ethtool ioctl error on qr-3ef55361-07: No such device
Dec 12 13:41:31 np0005557558.novalocal virtnodedevd[99841]: ethtool ioctl error on qr-3ef55361-07: No such device
Dec 12 13:41:31 np0005557558.novalocal virtnodedevd[99841]: ethtool ioctl error on qr-3ef55361-07: No such device
Dec 12 13:41:31 np0005557558.novalocal virtnodedevd[99841]: ethtool ioctl error on qr-3ef55361-07: No such device
Dec 12 13:41:31 np0005557558.novalocal virtnodedevd[99841]: ethtool ioctl error on qr-3ef55361-07: No such device
Dec 12 13:41:31 np0005557558.novalocal virtnodedevd[99841]: ethtool ioctl error on qr-3ef55361-07: No such device
Dec 12 13:41:31 np0005557558.novalocal virtnodedevd[99841]: ethtool ioctl error on qr-3ef55361-07: No such device
Dec 12 13:41:32 np0005557558.novalocal dnsmasq[104556]: read /var/lib/neutron/dhcp/6bd8affb-44b8-47cd-a311-466ccd2dc16f/addn_hosts - 1 addresses
Dec 12 13:41:32 np0005557558.novalocal dnsmasq-dhcp[104556]: read /var/lib/neutron/dhcp/6bd8affb-44b8-47cd-a311-466ccd2dc16f/host
Dec 12 13:41:32 np0005557558.novalocal dnsmasq-dhcp[104556]: read /var/lib/neutron/dhcp/6bd8affb-44b8-47cd-a311-466ccd2dc16f/opts
Dec 12 13:41:32 np0005557558.novalocal account-server[96175]: ::1 - - [12/Dec/2025:18:41:32 +0000] "HEAD /1/249817/.misplaced_objects" 404 - "HEAD http://localhost/v1/.misplaced_objects?format=json" "tx63906d7294c14ecbae480-00693c61dc" "Swift Container Reconciler" 0.0005 "-" 96175 -
Dec 12 13:41:32 np0005557558.novalocal account-server[96174]: ::1 - - [12/Dec/2025:18:41:32 +0000] "HEAD /3/249817/.misplaced_objects" 404 - "HEAD http://localhost/v1/.misplaced_objects?format=json" "tx63906d7294c14ecbae480-00693c61dc" "Swift Container Reconciler" 0.0007 "-" 96174 -
Dec 12 13:41:32 np0005557558.novalocal account-server[96174]: ::1 - - [12/Dec/2025:18:41:32 +0000] "HEAD /2/249817/.misplaced_objects" 404 - "HEAD http://localhost/v1/.misplaced_objects?format=json" "tx63906d7294c14ecbae480-00693c61dc" "Swift Container Reconciler" 0.0004 "-" 96174 -
Dec 12 13:41:32 np0005557558.novalocal container-reconciler-ic[92212]: - - 12/Dec/2025/18/41/32 HEAD /v1/.misplaced_objects%3Fformat%3Djson HTTP/1.0 404 - Swift - - - - tx63906d7294c14ecbae480-00693c61dc - 0.0137 GET_ACCOUNT_INFO - 1765564892.844929457 1765564892.858643532 -
Dec 12 13:41:32 np0005557558.novalocal container-server[96474]: ::1 - - [12/Dec/2025:18:41:32 +0000] "GET /3/110034/.misplaced_objects/1765562400" 404 - "GET http://localhost/v1/.misplaced_objects/1765562400?format=json&marker=&end_marker=&prefix=&states=listing" "tx63906d7294c14ecbae480-00693c61dc" "Swift Container Reconciler" 0.0010 "-" 96474 0
Dec 12 13:41:32 np0005557558.novalocal container-server[96474]: ::1 - - [12/Dec/2025:18:41:32 +0000] "GET /2/110034/.misplaced_objects/1765562400" 404 - "GET http://localhost/v1/.misplaced_objects/1765562400?format=json&marker=&end_marker=&prefix=&states=listing" "tx63906d7294c14ecbae480-00693c61dc" "Swift Container Reconciler" 0.0009 "-" 96474 0
Dec 12 13:41:32 np0005557558.novalocal container-server[96474]: ::1 - - [12/Dec/2025:18:41:32 +0000] "GET /1/110034/.misplaced_objects/1765562400" 404 - "GET http://localhost/v1/.misplaced_objects/1765562400?format=json&marker=&end_marker=&prefix=&states=listing" "tx63906d7294c14ecbae480-00693c61dc" "Swift Container Reconciler" 0.0004 "-" 96474 0
Dec 12 13:41:32 np0005557558.novalocal container-reconciler-ic[92212]: - - 12/Dec/2025/18/41/32 GET /v1/.misplaced_objects/1765562400%3Fformat%3Djson%26marker%3D%26end_marker%3D%26prefix%3D%26states%3Dlisting HTTP/1.0 404 - Swift%20Container%20Reconciler - - 70 - tx63906d7294c14ecbae480-00693c61dc - 0.0267 - - 1765564892.844024897 1765564892.870686293 0
Dec 12 13:41:32 np0005557558.novalocal account-server[96174]: ::1 - - [12/Dec/2025:18:41:32 +0000] "GET /2/249817/.misplaced_objects" 404 - "GET http://localhost/v1/.misplaced_objects?format=json&marker=&end_marker=&prefix=" "txe3107d08c3204d7bbcebf-00693c61dc" "Swift Container Reconciler" 0.0004 "-" 96174 -
Dec 12 13:41:32 np0005557558.novalocal account-server[96174]: ::1 - - [12/Dec/2025:18:41:32 +0000] "GET /1/249817/.misplaced_objects" 404 - "GET http://localhost/v1/.misplaced_objects?format=json&marker=&end_marker=&prefix=" "txe3107d08c3204d7bbcebf-00693c61dc" "Swift Container Reconciler" 0.0003 "-" 96174 -
Dec 12 13:41:32 np0005557558.novalocal account-server[96175]: ::1 - - [12/Dec/2025:18:41:32 +0000] "GET /3/249817/.misplaced_objects" 404 - "GET http://localhost/v1/.misplaced_objects?format=json&marker=&end_marker=&prefix=" "txe3107d08c3204d7bbcebf-00693c61dc" "Swift Container Reconciler" 0.0004 "-" 96175 -
Dec 12 13:41:32 np0005557558.novalocal container-reconciler-ic[92212]: - - 12/Dec/2025/18/41/32 GET /v1/.misplaced_objects%3Fformat%3Djson%26marker%3D%26end_marker%3D%26prefix%3D HTTP/1.0 404 - Swift%20Container%20Reconciler - - - - txe3107d08c3204d7bbcebf-00693c61dc - 0.0122 - - 1765564892.871332645 1765564892.883562803 -
Dec 12 13:41:32 np0005557558.novalocal container-reconciler[92212]: Reconciler Stats: {}
Dec 12 13:41:32 np0005557558.novalocal container-reconciler[92212]: sleeping between intervals (30.0s)
Dec 12 13:41:33 np0005557558.novalocal object-reconstructor[96036]: Starting object reconstruction pass.
Dec 12 13:41:33 np0005557558.novalocal object-reconstructor[96036]: Nothing reconstructed for 0.0004885196685791016 seconds.
