Dec 12 13:42:36 np0005557558.novalocal object-server[96772]: ::1 - - [12/Dec/2025:18:42:36 +0000] "PUT /2/192701/AUTH_9f41729c3600455b8ee569c968fa446b/gnocchi.1114fed5-4398-456f-8f40-8ef990b5cf80/none_v3" 201 - "PUT https://[::1]:8080/v1/AUTH_9f41729c3600455b8ee569c968fa446b/gnocchi.1114fed5-4398-456f-8f40-8ef990b5cf80/none_v3" "tx6ac5522a86ca432186ec8-00693c621c" "proxy-server 97771" 0.0148 "-" 96772 0
Dec 12 13:42:36 np0005557558.novalocal container-server[96475]: ::1 - - [12/Dec/2025:18:42:36 +0000] "PUT /2/132307/AUTH_9f41729c3600455b8ee569c968fa446b/gnocchi.1114fed5-4398-456f-8f40-8ef990b5cf80/none_v3" 201 - "PUT http://[::1]:8080/3/192701/AUTH_9f41729c3600455b8ee569c968fa446b/gnocchi.1114fed5-4398-456f-8f40-8ef990b5cf80/none_v3" "tx6ac5522a86ca432186ec8-00693c621c" "object-server 96772" 0.0005 "-" 96475 0
Dec 12 13:42:36 np0005557558.novalocal object-server[96772]: ::1 - - [12/Dec/2025:18:42:36 +0000] "PUT /3/192701/AUTH_9f41729c3600455b8ee569c968fa446b/gnocchi.1114fed5-4398-456f-8f40-8ef990b5cf80/none_v3" 201 - "PUT https://[::1]:8080/v1/AUTH_9f41729c3600455b8ee569c968fa446b/gnocchi.1114fed5-4398-456f-8f40-8ef990b5cf80/none_v3" "tx6ac5522a86ca432186ec8-00693c621c" "proxy-server 97771" 0.0175 "-" 96772 0
Dec 12 13:42:36 np0005557558.novalocal proxy-server[97771]: ::1 ::1 12/Dec/2025/18/42/36 PUT /v1/AUTH_9f41729c3600455b8ee569c968fa446b/gnocchi.1114fed5-4398-456f-8f40-8ef990b5cf80/none_v3 HTTP/1.0 201 - python-swiftclient-4.7.0 gAAAAABpPGHN3vHt... 22 - - tx6ac5522a86ca432186ec8-00693c621c - 0.0245 - - 1765564956.898230791 1765564956.922735453 0
Dec 12 13:42:36 np0005557558.novalocal object-server[96772]: ::1 - - [12/Dec/2025:18:42:36 +0000] "GET /3/56111/AUTH_9f41729c3600455b8ee569c968fa446b/gnocchi.a83a0515-e11d-4360-b552-98bfc945920d/1764720000.0_mean_300.0_v3" 200 16 "GET https://[::1]:8080/v1/AUTH_9f41729c3600455b8ee569c968fa446b/gnocchi.a83a0515-e11d-4360-b552-98bfc945920d/1764720000.0_mean_300.0_v3" "txa26da8c973ad48779465d-00693c621c" "proxy-server 97772" 0.0010 "-" 96772 0
Dec 12 13:42:36 np0005557558.novalocal proxy-server[97772]: ::1 ::1 12/Dec/2025/18/42/36 GET /v1/AUTH_9f41729c3600455b8ee569c968fa446b/gnocchi.a83a0515-e11d-4360-b552-98bfc945920d/1764720000.0_mean_300.0_v3 HTTP/1.0 200 - python-swiftclient-4.7.0 gAAAAABpPGHN1oGc... - 16 - txa26da8c973ad48779465d-00693c621c - 0.0076 - - 1765564956.923041582 1765564956.930617332 0
Dec 12 13:42:36 np0005557558.novalocal container-server[96474]: ::1 - - [12/Dec/2025:18:42:36 +0000] "PUT /2/57131/AUTH_9f41729c3600455b8ee569c968fa446b/gnocchi.a83a0515-e11d-4360-b552-98bfc945920d/1764720000.0_mean_300.0_v3" 201 - "PUT http://[::1]:8080/2/56111/AUTH_9f41729c3600455b8ee569c968fa446b/gnocchi.a83a0515-e11d-4360-b552-98bfc945920d/1764720000.0_mean_300.0_v3" "tx4ba06f35776c4eacaf59e-00693c621c" "object-server 96772" 0.0006 "-" 96474 0
Dec 12 13:42:36 np0005557558.novalocal object-server[96772]: ::1 - - [12/Dec/2025:18:42:36 +0000] "PUT /2/56111/AUTH_9f41729c3600455b8ee569c968fa446b/gnocchi.a83a0515-e11d-4360-b552-98bfc945920d/1764720000.0_mean_300.0_v3" 201 - "PUT https://[::1]:8080/v1/AUTH_9f41729c3600455b8ee569c968fa446b/gnocchi.a83a0515-e11d-4360-b552-98bfc945920d/1764720000.0_mean_300.0_v3" "tx4ba06f35776c4eacaf59e-00693c621c" "proxy-server 97772" 0.0115 "-" 96772 0
Dec 12 13:42:36 np0005557558.novalocal container-server[96474]: ::1 - - [12/Dec/2025:18:42:36 +0000] "PUT /3/57131/AUTH_9f41729c3600455b8ee569c968fa446b/gnocchi.a83a0515-e11d-4360-b552-98bfc945920d/1764720000.0_mean_300.0_v3" 201 - "PUT http://[::1]:8080/3/56111/AUTH_9f41729c3600455b8ee569c968fa446b/gnocchi.a83a0515-e11d-4360-b552-98bfc945920d/1764720000.0_mean_300.0_v3" "tx4ba06f35776c4eacaf59e-00693c621c" "object-server 96771" 0.0003 "-" 96474 0
Dec 12 13:42:36 np0005557558.novalocal container-server[96474]: ::1 - - [12/Dec/2025:18:42:36 +0000] "PUT /1/57131/AUTH_9f41729c3600455b8ee569c968fa446b/gnocchi.a83a0515-e11d-4360-b552-98bfc945920d/1764720000.0_mean_300.0_v3" 201 - "PUT http://[::1]:8080/1/56111/AUTH_9f41729c3600455b8ee569c968fa446b/gnocchi.a83a0515-e11d-4360-b552-98bfc945920d/1764720000.0_mean_300.0_v3" "tx4ba06f35776c4eacaf59e-00693c621c" "object-server 96771" 0.0003 "-" 96474 0
Dec 12 13:42:36 np0005557558.novalocal object-server[96771]: ::1 - - [12/Dec/2025:18:42:36 +0000] "PUT /3/56111/AUTH_9f41729c3600455b8ee569c968fa446b/gnocchi.a83a0515-e11d-4360-b552-98bfc945920d/1764720000.0_mean_300.0_v3" 201 - "PUT https://[::1]:8080/v1/AUTH_9f41729c3600455b8ee569c968fa446b/gnocchi.a83a0515-e11d-4360-b552-98bfc945920d/1764720000.0_mean_300.0_v3" "tx4ba06f35776c4eacaf59e-00693c621c" "proxy-server 97772" 0.0118 "-" 96771 0
Dec 12 13:42:36 np0005557558.novalocal object-server[96771]: ::1 - - [12/Dec/2025:18:42:36 +0000] "PUT /1/56111/AUTH_9f41729c3600455b8ee569c968fa446b/gnocchi.a83a0515-e11d-4360-b552-98bfc945920d/1764720000.0_mean_300.0_v3" 201 - "PUT https://[::1]:8080/v1/AUTH_9f41729c3600455b8ee569c968fa446b/gnocchi.a83a0515-e11d-4360-b552-98bfc945920d/1764720000.0_mean_300.0_v3" "tx4ba06f35776c4eacaf59e-00693c621c" "proxy-server 97772" 0.0139 "-" 96771 0
Dec 12 13:42:36 np0005557558.novalocal proxy-server[97772]: ::1 ::1 12/Dec/2025/18/42/36 PUT /v1/AUTH_9f41729c3600455b8ee569c968fa446b/gnocchi.a83a0515-e11d-4360-b552-98bfc945920d/1764720000.0_mean_300.0_v3 HTTP/1.0 201 - python-swiftclient-4.7.0 gAAAAABpPGHN1oGc... 16 - - tx4ba06f35776c4eacaf59e-00693c621c - 0.0212 - - 1765564956.933520794 1765564956.954714537 0
Dec 12 13:42:36 np0005557558.novalocal container-server[96475]: ::1 - - [12/Dec/2025:18:42:36 +0000] "PUT /2/57131/AUTH_9f41729c3600455b8ee569c968fa446b/gnocchi.a83a0515-e11d-4360-b552-98bfc945920d/none_v3" 201 - "PUT http://[::1]:8080/1/132649/AUTH_9f41729c3600455b8ee569c968fa446b/gnocchi.a83a0515-e11d-4360-b552-98bfc945920d/none_v3" "txa735c35a7033483b98f4e-00693c621c" "object-server 96772" 0.0005 "-" 96475 0
Dec 12 13:42:36 np0005557558.novalocal container-server[96475]: ::1 - - [12/Dec/2025:18:42:36 +0000] "PUT /1/57131/AUTH_9f41729c3600455b8ee569c968fa446b/gnocchi.a83a0515-e11d-4360-b552-98bfc945920d/none_v3" 201 - "PUT http://[::1]:8080/3/132649/AUTH_9f41729c3600455b8ee569c968fa446b/gnocchi.a83a0515-e11d-4360-b552-98bfc945920d/none_v3" "txa735c35a7033483b98f4e-00693c621c" "object-server 96771" 0.0003 "-" 96475 0
Dec 12 13:42:36 np0005557558.novalocal object-server[96772]: ::1 - - [12/Dec/2025:18:42:36 +0000] "PUT /1/132649/AUTH_9f41729c3600455b8ee569c968fa446b/gnocchi.a83a0515-e11d-4360-b552-98bfc945920d/none_v3" 201 - "PUT https://[::1]:8080/v1/AUTH_9f41729c3600455b8ee569c968fa446b/gnocchi.a83a0515-e11d-4360-b552-98bfc945920d/none_v3" "txa735c35a7033483b98f4e-00693c621c" "proxy-server 97772" 0.0090 "-" 96772 0
Dec 12 13:42:36 np0005557558.novalocal container-server[96474]: ::1 - - [12/Dec/2025:18:42:36 +0000] "PUT /3/57131/AUTH_9f41729c3600455b8ee569c968fa446b/gnocchi.a83a0515-e11d-4360-b552-98bfc945920d/none_v3" 201 - "PUT http://[::1]:8080/2/132649/AUTH_9f41729c3600455b8ee569c968fa446b/gnocchi.a83a0515-e11d-4360-b552-98bfc945920d/none_v3" "txa735c35a7033483b98f4e-00693c621c" "object-server 96771" 0.0004 "-" 96474 0
Dec 12 13:42:36 np0005557558.novalocal object-server[96771]: ::1 - - [12/Dec/2025:18:42:36 +0000] "PUT /3/132649/AUTH_9f41729c3600455b8ee569c968fa446b/gnocchi.a83a0515-e11d-4360-b552-98bfc945920d/none_v3" 201 - "PUT https://[::1]:8080/v1/AUTH_9f41729c3600455b8ee569c968fa446b/gnocchi.a83a0515-e11d-4360-b552-98bfc945920d/none_v3" "txa735c35a7033483b98f4e-00693c621c" "proxy-server 97772" 0.0100 "-" 96771 0
Dec 12 13:42:36 np0005557558.novalocal object-server[96771]: ::1 - - [12/Dec/2025:18:42:36 +0000] "PUT /2/132649/AUTH_9f41729c3600455b8ee569c968fa446b/gnocchi.a83a0515-e11d-4360-b552-98bfc945920d/none_v3" 201 - "PUT https://[::1]:8080/v1/AUTH_9f41729c3600455b8ee569c968fa446b/gnocchi.a83a0515-e11d-4360-b552-98bfc945920d/none_v3" "txa735c35a7033483b98f4e-00693c621c" "proxy-server 97772" 0.0098 "-" 96771 0
Dec 12 13:42:36 np0005557558.novalocal proxy-server[97772]: ::1 ::1 12/Dec/2025/18/42/36 PUT /v1/AUTH_9f41729c3600455b8ee569c968fa446b/gnocchi.a83a0515-e11d-4360-b552-98bfc945920d/none_v3 HTTP/1.0 201 - python-swiftclient-4.7.0 gAAAAABpPGHN1oGc... 84 - - txa735c35a7033483b98f4e-00693c621c - 0.0164 - - 1765564956.957131863 1765564956.973490238 0
Dec 12 13:42:36 np0005557558.novalocal container-server[96474]: ::1 - - [12/Dec/2025:18:42:36 +0000] "HEAD /1/49590/AUTH_9f41729c3600455b8ee569c968fa446b/gnocchi.cae9900d-0536-4144-9778-fb3356bcf5a9" 404 - "HEAD http://[::1]:8080/v1/AUTH_9f41729c3600455b8ee569c968fa446b/gnocchi.cae9900d-0536-4144-9778-fb3356bcf5a9" "txea9c622d81634a5db2395-00693c621c" "proxy-server 97771" 0.0003 "-" 96474 0
Dec 12 13:42:36 np0005557558.novalocal container-server[96475]: ::1 - - [12/Dec/2025:18:42:36 +0000] "HEAD /3/49590/AUTH_9f41729c3600455b8ee569c968fa446b/gnocchi.cae9900d-0536-4144-9778-fb3356bcf5a9" 404 - "HEAD http://[::1]:8080/v1/AUTH_9f41729c3600455b8ee569c968fa446b/gnocchi.cae9900d-0536-4144-9778-fb3356bcf5a9" "txea9c622d81634a5db2395-00693c621c" "proxy-server 97771" 0.0003 "-" 96475 0
Dec 12 13:42:36 np0005557558.novalocal container-server[96474]: ::1 - - [12/Dec/2025:18:42:36 +0000] "HEAD /2/49590/AUTH_9f41729c3600455b8ee569c968fa446b/gnocchi.cae9900d-0536-4144-9778-fb3356bcf5a9" 404 - "HEAD http://[::1]:8080/v1/AUTH_9f41729c3600455b8ee569c968fa446b/gnocchi.cae9900d-0536-4144-9778-fb3356bcf5a9" "txea9c622d81634a5db2395-00693c621c" "proxy-server 97771" 0.0004 "-" 96474 0
Dec 12 13:42:36 np0005557558.novalocal proxy-server[97771]: - - 12/Dec/2025/18/42/36 HEAD /v1/AUTH_9f41729c3600455b8ee569c968fa446b/gnocchi.cae9900d-0536-4144-9778-fb3356bcf5a9 HTTP/1.0 404 - Swift - - - - txea9c622d81634a5db2395-00693c621c - 0.0093 CS - 1765564956.986895561 1765564956.996236086 0
Dec 12 13:42:37 np0005557558.novalocal object-server[96771]: ::1 - - [12/Dec/2025:18:42:37 +0000] "GET /3/101904/AUTH_9f41729c3600455b8ee569c968fa446b/gnocchi.cae9900d-0536-4144-9778-fb3356bcf5a9/none_v3" 404 70 "GET https://[::1]:8080/v1/AUTH_9f41729c3600455b8ee569c968fa446b/gnocchi.cae9900d-0536-4144-9778-fb3356bcf5a9/none_v3" "txea9c622d81634a5db2395-00693c621c" "proxy-server 97771" 0.0009 "-" 96771 0
Dec 12 13:42:37 np0005557558.novalocal object-server[96772]: ::1 - - [12/Dec/2025:18:42:37 +0000] "GET /1/101904/AUTH_9f41729c3600455b8ee569c968fa446b/gnocchi.cae9900d-0536-4144-9778-fb3356bcf5a9/none_v3" 404 70 "GET https://[::1]:8080/v1/AUTH_9f41729c3600455b8ee569c968fa446b/gnocchi.cae9900d-0536-4144-9778-fb3356bcf5a9/none_v3" "txea9c622d81634a5db2395-00693c621c" "proxy-server 97771" 0.0003 "-" 96772 0
Dec 12 13:42:37 np0005557558.novalocal object-server[96771]: ::1 - - [12/Dec/2025:18:42:37 +0000] "GET /2/101904/AUTH_9f41729c3600455b8ee569c968fa446b/gnocchi.cae9900d-0536-4144-9778-fb3356bcf5a9/none_v3" 404 70 "GET https://[::1]:8080/v1/AUTH_9f41729c3600455b8ee569c968fa446b/gnocchi.cae9900d-0536-4144-9778-fb3356bcf5a9/none_v3" "txea9c622d81634a5db2395-00693c621c" "proxy-server 97771" 0.0003 "-" 96771 0
Dec 12 13:42:37 np0005557558.novalocal proxy-server[97771]: ::1 ::1 12/Dec/2025/18/42/37 GET /v1/AUTH_9f41729c3600455b8ee569c968fa446b/gnocchi.cae9900d-0536-4144-9778-fb3356bcf5a9/none_v3 HTTP/1.0 404 - python-swiftclient-4.7.0 gAAAAABpPGHN3vHt... - 70 - txea9c622d81634a5db2395-00693c621c - 0.0215 - - 1765564956.986193419 1765564957.007668734 0
Dec 12 13:42:37 np0005557558.novalocal account-server[96175]: ::1 - - [12/Dec/2025:18:42:37 +0000] "PUT /3/24542/AUTH_9f41729c3600455b8ee569c968fa446b/gnocchi.cae9900d-0536-4144-9778-fb3356bcf5a9" 201 - "PUT http://[::1]:6001/2/49590/AUTH_9f41729c3600455b8ee569c968fa446b/gnocchi.cae9900d-0536-4144-9778-fb3356bcf5a9" "tx758a1c6f124e4428a1480-00693c621d" "container-server 96475" 0.0046 "-" 96175 0
Dec 12 13:42:37 np0005557558.novalocal container-server[96475]: ::1 - - [12/Dec/2025:18:42:37 +0000] "PUT /2/49590/AUTH_9f41729c3600455b8ee569c968fa446b/gnocchi.cae9900d-0536-4144-9778-fb3356bcf5a9" 201 - "PUT https://[::1]:8080/v1/AUTH_9f41729c3600455b8ee569c968fa446b/gnocchi.cae9900d-0536-4144-9778-fb3356bcf5a9" "tx758a1c6f124e4428a1480-00693c621d" "proxy-server 97771" 0.0186 "-" 96475 0
Dec 12 13:42:37 np0005557558.novalocal account-server[96174]: ::1 - - [12/Dec/2025:18:42:37 +0000] "PUT /2/24542/AUTH_9f41729c3600455b8ee569c968fa446b/gnocchi.cae9900d-0536-4144-9778-fb3356bcf5a9" 201 - "PUT http://[::1]:6001/1/49590/AUTH_9f41729c3600455b8ee569c968fa446b/gnocchi.cae9900d-0536-4144-9778-fb3356bcf5a9" "tx758a1c6f124e4428a1480-00693c621d" "container-server 96474" 0.0056 "-" 96174 0
Dec 12 13:42:37 np0005557558.novalocal account-server[96175]: ::1 - - [12/Dec/2025:18:42:37 +0000] "PUT /1/24542/AUTH_9f41729c3600455b8ee569c968fa446b/gnocchi.cae9900d-0536-4144-9778-fb3356bcf5a9" 201 - "PUT http://[::1]:6001/3/49590/AUTH_9f41729c3600455b8ee569c968fa446b/gnocchi.cae9900d-0536-4144-9778-fb3356bcf5a9" "tx758a1c6f124e4428a1480-00693c621d" "container-server 96474" 0.0057 "-" 96175 0
Dec 12 13:42:37 np0005557558.novalocal container-server[96474]: ::1 - - [12/Dec/2025:18:42:37 +0000] "PUT /1/49590/AUTH_9f41729c3600455b8ee569c968fa446b/gnocchi.cae9900d-0536-4144-9778-fb3356bcf5a9" 201 - "PUT https://[::1]:8080/v1/AUTH_9f41729c3600455b8ee569c968fa446b/gnocchi.cae9900d-0536-4144-9778-fb3356bcf5a9" "tx758a1c6f124e4428a1480-00693c621d" "proxy-server 97771" 0.0238 "-" 96474 0
Dec 12 13:42:37 np0005557558.novalocal container-server[96474]: ::1 - - [12/Dec/2025:18:42:37 +0000] "PUT /3/49590/AUTH_9f41729c3600455b8ee569c968fa446b/gnocchi.cae9900d-0536-4144-9778-fb3356bcf5a9" 201 - "PUT https://[::1]:8080/v1/AUTH_9f41729c3600455b8ee569c968fa446b/gnocchi.cae9900d-0536-4144-9778-fb3356bcf5a9" "tx758a1c6f124e4428a1480-00693c621d" "proxy-server 97771" 0.0166 "-" 96474 0
Dec 12 13:42:37 np0005557558.novalocal proxy-server[97771]: ::1 ::1 12/Dec/2025/18/42/37 PUT /v1/AUTH_9f41729c3600455b8ee569c968fa446b/gnocchi.cae9900d-0536-4144-9778-fb3356bcf5a9 HTTP/1.0 201 - python-swiftclient-4.7.0 gAAAAABpPGHN3vHt... - - - tx758a1c6f124e4428a1480-00693c621d - 0.0303 - - 1765564957.009866476 1765564957.040153265 0
Dec 12 13:42:37 np0005557558.novalocal container-server[96475]: ::1 - - [12/Dec/2025:18:42:37 +0000] "HEAD /1/49590/AUTH_9f41729c3600455b8ee569c968fa446b/gnocchi.cae9900d-0536-4144-9778-fb3356bcf5a9" 204 - "HEAD http://[::1]:8080/v1/AUTH_9f41729c3600455b8ee569c968fa446b/gnocchi.cae9900d-0536-4144-9778-fb3356bcf5a9" "tx488bd59311ae4d349644f-00693c621d" "proxy-server 97771" 0.0017 "-" 96475 0
Dec 12 13:42:37 np0005557558.novalocal proxy-server[97771]: - - 12/Dec/2025/18/42/37 HEAD /v1/AUTH_9f41729c3600455b8ee569c968fa446b/gnocchi.cae9900d-0536-4144-9778-fb3356bcf5a9 HTTP/1.0 204 - Swift - - - - tx488bd59311ae4d349644f-00693c621d - 0.0052 CS - 1765564957.043903351 1765564957.049141645 0
Dec 12 13:42:37 np0005557558.novalocal object-server[96772]: ::1 - - [12/Dec/2025:18:42:37 +0000] "GET /1/19462/AUTH_9f41729c3600455b8ee569c968fa446b/gnocchi.7b7cb0a2-1ea1-4d9e-82cb-fa602d52f138/none_v3" 200 61 "GET https://[::1]:8080/v1/AUTH_9f41729c3600455b8ee569c968fa446b/gnocchi.7b7cb0a2-1ea1-4d9e-82cb-fa602d52f138/none_v3" "txa65c160650354e93a86b5-00693c621d" "proxy-server 97772" 0.0006 "-" 96772 0
Dec 12 13:42:37 np0005557558.novalocal proxy-server[97772]: ::1 ::1 12/Dec/2025/18/42/37 GET /v1/AUTH_9f41729c3600455b8ee569c968fa446b/gnocchi.7b7cb0a2-1ea1-4d9e-82cb-fa602d52f138/none_v3 HTTP/1.0 200 - python-swiftclient-4.7.0 gAAAAABpPGHN1oGc... - 61 - txa65c160650354e93a86b5-00693c621d - 0.0074 - - 1765564957.047436714 1765564957.054845333 0
Dec 12 13:42:37 np0005557558.novalocal container-server[96474]: ::1 - - [12/Dec/2025:18:42:37 +0000] "GET /3/49590/AUTH_9f41729c3600455b8ee569c968fa446b/gnocchi.cae9900d-0536-4144-9778-fb3356bcf5a9" 200 2 "GET https://[::1]:8080/v1/AUTH_9f41729c3600455b8ee569c968fa446b/gnocchi.cae9900d-0536-4144-9778-fb3356bcf5a9?format=json&states=listing" "tx488bd59311ae4d349644f-00693c621d" "proxy-server 97771" 0.0022 "-" 96474 0
Dec 12 13:42:37 np0005557558.novalocal proxy-server[97771]: ::1 ::1 12/Dec/2025/18/42/37 GET /v1/AUTH_9f41729c3600455b8ee569c968fa446b/gnocchi.cae9900d-0536-4144-9778-fb3356bcf5a9%3Fformat%3Djson%26states%3Dlisting HTTP/1.0 200 - python-swiftclient-4.7.0 gAAAAABpPGHN3vHt... - 2 - tx488bd59311ae4d349644f-00693c621d - 0.0149 - - 1765564957.043232918 1765564957.058143139 0
Dec 12 13:42:37 np0005557558.novalocal object-server[96771]: ::1 - - [12/Dec/2025:18:42:37 +0000] "GET /1/69467/AUTH_9f41729c3600455b8ee569c968fa446b/gnocchi.cae9900d-0536-4144-9778-fb3356bcf5a9/1764720000.0_mean_300.0_v3" 404 70 "GET https://[::1]:8080/v1/AUTH_9f41729c3600455b8ee569c968fa446b/gnocchi.cae9900d-0536-4144-9778-fb3356bcf5a9/1764720000.0_mean_300.0_v3" "tx3616977074d94827b71e2-00693c621d" "proxy-server 97771" 0.0003 "-" 96771 0
Dec 12 13:42:37 np0005557558.novalocal object-server[96771]: ::1 - - [12/Dec/2025:18:42:37 +0000] "GET /3/69467/AUTH_9f41729c3600455b8ee569c968fa446b/gnocchi.cae9900d-0536-4144-9778-fb3356bcf5a9/1764720000.0_mean_300.0_v3" 404 70 "GET https://[::1]:8080/v1/AUTH_9f41729c3600455b8ee569c968fa446b/gnocchi.cae9900d-0536-4144-9778-fb3356bcf5a9/1764720000.0_mean_300.0_v3" "tx3616977074d94827b71e2-00693c621d" "proxy-server 97771" 0.0003 "-" 96771 0
Dec 12 13:42:37 np0005557558.novalocal container-server[96474]: ::1 - - [12/Dec/2025:18:42:37 +0000] "GET /3/240615/AUTH_9f41729c3600455b8ee569c968fa446b/gnocchi.7b7cb0a2-1ea1-4d9e-82cb-fa602d52f138" 200 357 "GET https://[::1]:8080/v1/AUTH_9f41729c3600455b8ee569c968fa446b/gnocchi.7b7cb0a2-1ea1-4d9e-82cb-fa602d52f138?format=json&states=listing" "tx8661afe4dcf44965b98fd-00693c621d" "proxy-server 97772" 0.0078 "-" 96474 0
Dec 12 13:42:37 np0005557558.novalocal object-server[96772]: ::1 - - [12/Dec/2025:18:42:37 +0000] "GET /2/69467/AUTH_9f41729c3600455b8ee569c968fa446b/gnocchi.cae9900d-0536-4144-9778-fb3356bcf5a9/1764720000.0_mean_300.0_v3" 404 70 "GET https://[::1]:8080/v1/AUTH_9f41729c3600455b8ee569c968fa446b/gnocchi.cae9900d-0536-4144-9778-fb3356bcf5a9/1764720000.0_mean_300.0_v3" "tx3616977074d94827b71e2-00693c621d" "proxy-server 97771" 0.0005 "-" 96772 0
Dec 12 13:42:37 np0005557558.novalocal proxy-server[97771]: ::1 ::1 12/Dec/2025/18/42/37 GET /v1/AUTH_9f41729c3600455b8ee569c968fa446b/gnocchi.cae9900d-0536-4144-9778-fb3356bcf5a9/1764720000.0_mean_300.0_v3 HTTP/1.0 404 - python-swiftclient-4.7.0 gAAAAABpPGHN3vHt... - 70 - tx3616977074d94827b71e2-00693c621d - 0.0102 - - 1765564957.060984135 1765564957.071153402 0
Dec 12 13:42:37 np0005557558.novalocal proxy-server[97772]: ::1 ::1 12/Dec/2025/18/42/37 GET /v1/AUTH_9f41729c3600455b8ee569c968fa446b/gnocchi.7b7cb0a2-1ea1-4d9e-82cb-fa602d52f138%3Fformat%3Djson%26states%3Dlisting HTTP/1.0 200 - python-swiftclient-4.7.0 gAAAAABpPGHN1oGc... - 357 - tx8661afe4dcf44965b98fd-00693c621d - 0.0149 - - 1765564957.058039665 1765564957.072955847 0
Dec 12 13:42:37 np0005557558.novalocal container-server[96475]: ::1 - - [12/Dec/2025:18:42:37 +0000] "GET /3/240615/AUTH_9f41729c3600455b8ee569c968fa446b/gnocchi.7b7cb0a2-1ea1-4d9e-82cb-fa602d52f138" 200 2 "GET https://[::1]:8080/v1/AUTH_9f41729c3600455b8ee569c968fa446b/gnocchi.7b7cb0a2-1ea1-4d9e-82cb-fa602d52f138?format=json&marker=none_v3&states=listing" "tx12448e7970654d349b8b0-00693c621d" "proxy-server 97772" 0.0032 "-" 96475 0
Dec 12 13:42:37 np0005557558.novalocal proxy-server[97772]: ::1 ::1 12/Dec/2025/18/42/37 GET /v1/AUTH_9f41729c3600455b8ee569c968fa446b/gnocchi.7b7cb0a2-1ea1-4d9e-82cb-fa602d52f138%3Fformat%3Djson%26marker%3Dnone_v3%26states%3Dlisting HTTP/1.0 200 - python-swiftclient-4.7.0 gAAAAABpPGHN1oGc... - 2 - tx12448e7970654d349b8b0-00693c621d - 0.0104 - - 1765564957.075092793 1765564957.085520744 0
Dec 12 13:42:37 np0005557558.novalocal container-server[96475]: ::1 - - [12/Dec/2025:18:42:37 +0000] "PUT /1/49590/AUTH_9f41729c3600455b8ee569c968fa446b/gnocchi.cae9900d-0536-4144-9778-fb3356bcf5a9/1764720000.0_mean_300.0_v3" 201 - "PUT http://[::1]:8080/1/69467/AUTH_9f41729c3600455b8ee569c968fa446b/gnocchi.cae9900d-0536-4144-9778-fb3356bcf5a9/1764720000.0_mean_300.0_v3" "tx5c589775e237452dbf99f-00693c621d" "object-server 96771" 0.0008 "-" 96475 0
Dec 12 13:42:37 np0005557558.novalocal object-server[96771]: ::1 - - [12/Dec/2025:18:42:37 +0000] "GET /2/155197/AUTH_9f41729c3600455b8ee569c968fa446b/gnocchi.7b7cb0a2-1ea1-4d9e-82cb-fa602d52f138/1764720000.0_mean_300.0_v3" 200 16 "GET https://[::1]:8080/v1/AUTH_9f41729c3600455b8ee569c968fa446b/gnocchi.7b7cb0a2-1ea1-4d9e-82cb-fa602d52f138/1764720000.0_mean_300.0_v3" "tx4bb6d808a5a04a738a00a-00693c621d" "proxy-server 97772" 0.0008 "-" 96771 0
Dec 12 13:42:37 np0005557558.novalocal container-server[96475]: ::1 - - [12/Dec/2025:18:42:37 +0000] "PUT /2/49590/AUTH_9f41729c3600455b8ee569c968fa446b/gnocchi.cae9900d-0536-4144-9778-fb3356bcf5a9/1764720000.0_mean_300.0_v3" 201 - "PUT http://[::1]:8080/3/69467/AUTH_9f41729c3600455b8ee569c968fa446b/gnocchi.cae9900d-0536-4144-9778-fb3356bcf5a9/1764720000.0_mean_300.0_v3" "tx5c589775e237452dbf99f-00693c621d" "object-server 96771" 0.0008 "-" 96475 0
Dec 12 13:42:37 np0005557558.novalocal object-server[96771]: ::1 - - [12/Dec/2025:18:42:37 +0000] "PUT /1/69467/AUTH_9f41729c3600455b8ee569c968fa446b/gnocchi.cae9900d-0536-4144-9778-fb3356bcf5a9/1764720000.0_mean_300.0_v3" 201 - "PUT https://[::1]:8080/v1/AUTH_9f41729c3600455b8ee569c968fa446b/gnocchi.cae9900d-0536-4144-9778-fb3356bcf5a9/1764720000.0_mean_300.0_v3" "tx5c589775e237452dbf99f-00693c621d" "proxy-server 97771" 0.0161 "-" 96771 0
Dec 12 13:42:37 np0005557558.novalocal container-server[96474]: ::1 - - [12/Dec/2025:18:42:37 +0000] "PUT /3/49590/AUTH_9f41729c3600455b8ee569c968fa446b/gnocchi.cae9900d-0536-4144-9778-fb3356bcf5a9/1764720000.0_mean_300.0_v3" 201 - "PUT http://[::1]:8080/2/69467/AUTH_9f41729c3600455b8ee569c968fa446b/gnocchi.cae9900d-0536-4144-9778-fb3356bcf5a9/1764720000.0_mean_300.0_v3" "tx5c589775e237452dbf99f-00693c621d" "object-server 96771" 0.0005 "-" 96474 0
Dec 12 13:42:37 np0005557558.novalocal object-server[96771]: ::1 - - [12/Dec/2025:18:42:37 +0000] "PUT /3/69467/AUTH_9f41729c3600455b8ee569c968fa446b/gnocchi.cae9900d-0536-4144-9778-fb3356bcf5a9/1764720000.0_mean_300.0_v3" 201 - "PUT https://[::1]:8080/v1/AUTH_9f41729c3600455b8ee569c968fa446b/gnocchi.cae9900d-0536-4144-9778-fb3356bcf5a9/1764720000.0_mean_300.0_v3" "tx5c589775e237452dbf99f-00693c621d" "proxy-server 97771" 0.0183 "-" 96771 0
Dec 12 13:42:37 np0005557558.novalocal proxy-server[97772]: ::1 ::1 12/Dec/2025/18/42/37 GET /v1/AUTH_9f41729c3600455b8ee569c968fa446b/gnocchi.7b7cb0a2-1ea1-4d9e-82cb-fa602d52f138/1764720000.0_mean_300.0_v3 HTTP/1.0 200 - python-swiftclient-4.7.0 gAAAAABpPGHN1oGc... - 16 - tx4bb6d808a5a04a738a00a-00693c621d - 0.0107 - - 1765564957.089784861 1765564957.100500107 0
Dec 12 13:42:37 np0005557558.novalocal object-server[96771]: ::1 - - [12/Dec/2025:18:42:37 +0000] "PUT /2/69467/AUTH_9f41729c3600455b8ee569c968fa446b/gnocchi.cae9900d-0536-4144-9778-fb3356bcf5a9/1764720000.0_mean_300.0_v3" 201 - "PUT https://[::1]:8080/v1/AUTH_9f41729c3600455b8ee569c968fa446b/gnocchi.cae9900d-0536-4144-9778-fb3356bcf5a9/1764720000.0_mean_300.0_v3" "tx5c589775e237452dbf99f-00693c621d" "proxy-server 97771" 0.0165 "-" 96771 0
Dec 12 13:42:37 np0005557558.novalocal proxy-server[97771]: ::1 ::1 12/Dec/2025/18/42/37 PUT /v1/AUTH_9f41729c3600455b8ee569c968fa446b/gnocchi.cae9900d-0536-4144-9778-fb3356bcf5a9/1764720000.0_mean_300.0_v3 HTTP/1.0 201 - python-swiftclient-4.7.0 gAAAAABpPGHN3vHt... 16 - - tx5c589775e237452dbf99f-00693c621d - 0.0297 - - 1765564957.074000359 1765564957.103723288 0
Dec 12 13:42:37 np0005557558.novalocal container-server[96475]: ::1 - - [12/Dec/2025:18:42:37 +0000] "PUT /1/49590/AUTH_9f41729c3600455b8ee569c968fa446b/gnocchi.cae9900d-0536-4144-9778-fb3356bcf5a9/none_v3" 201 - "PUT http://[::1]:8080/3/101904/AUTH_9f41729c3600455b8ee569c968fa446b/gnocchi.cae9900d-0536-4144-9778-fb3356bcf5a9/none_v3" "txb06e66fe422f4dbba2cec-00693c621d" "object-server 96772" 0.0005 "-" 96475 0
Dec 12 13:42:37 np0005557558.novalocal object-server[96772]: ::1 - - [12/Dec/2025:18:42:37 +0000] "PUT /3/101904/AUTH_9f41729c3600455b8ee569c968fa446b/gnocchi.cae9900d-0536-4144-9778-fb3356bcf5a9/none_v3" 201 - "PUT https://[::1]:8080/v1/AUTH_9f41729c3600455b8ee569c968fa446b/gnocchi.cae9900d-0536-4144-9778-fb3356bcf5a9/none_v3" "txb06e66fe422f4dbba2cec-00693c621d" "proxy-server 97771" 0.0315 "-" 96772 0
Dec 12 13:42:37 np0005557558.novalocal container-server[96474]: ::1 - - [12/Dec/2025:18:42:37 +0000] "PUT /3/49590/AUTH_9f41729c3600455b8ee569c968fa446b/gnocchi.cae9900d-0536-4144-9778-fb3356bcf5a9/none_v3" 201 - "PUT http://[::1]:8080/1/101904/AUTH_9f41729c3600455b8ee569c968fa446b/gnocchi.cae9900d-0536-4144-9778-fb3356bcf5a9/none_v3" "txb06e66fe422f4dbba2cec-00693c621d" "object-server 96772" 0.0005 "-" 96474 0
Dec 12 13:42:37 np0005557558.novalocal object-server[96772]: ::1 - - [12/Dec/2025:18:42:37 +0000] "PUT /1/101904/AUTH_9f41729c3600455b8ee569c968fa446b/gnocchi.cae9900d-0536-4144-9778-fb3356bcf5a9/none_v3" 201 - "PUT https://[::1]:8080/v1/AUTH_9f41729c3600455b8ee569c968fa446b/gnocchi.cae9900d-0536-4144-9778-fb3356bcf5a9/none_v3" "txb06e66fe422f4dbba2cec-00693c621d" "proxy-server 97771" 0.0398 "-" 96772 0
Dec 12 13:42:37 np0005557558.novalocal container-server[96474]: ::1 - - [12/Dec/2025:18:42:37 +0000] "PUT /1/240615/AUTH_9f41729c3600455b8ee569c968fa446b/gnocchi.7b7cb0a2-1ea1-4d9e-82cb-fa602d52f138/1764720000.0_mean_300.0_v3" 201 - "PUT http://[::1]:8080/3/155197/AUTH_9f41729c3600455b8ee569c968fa446b/gnocchi.7b7cb0a2-1ea1-4d9e-82cb-fa602d52f138/1764720000.0_mean_300.0_v3" "txc4d4db63cffc4a84938e8-00693c621d" "object-server 96772" 0.0003 "-" 96474 0
Dec 12 13:42:37 np0005557558.novalocal object-server[96772]: ::1 - - [12/Dec/2025:18:42:37 +0000] "PUT /3/155197/AUTH_9f41729c3600455b8ee569c968fa446b/gnocchi.7b7cb0a2-1ea1-4d9e-82cb-fa602d52f138/1764720000.0_mean_300.0_v3" 201 - "PUT https://[::1]:8080/v1/AUTH_9f41729c3600455b8ee569c968fa446b/gnocchi.7b7cb0a2-1ea1-4d9e-82cb-fa602d52f138/1764720000.0_mean_300.0_v3" "txc4d4db63cffc4a84938e8-00693c621d" "proxy-server 97772" 0.0386 "-" 96772 0
Dec 12 13:42:37 np0005557558.novalocal container-server[96475]: ::1 - - [12/Dec/2025:18:42:37 +0000] "PUT /3/240615/AUTH_9f41729c3600455b8ee569c968fa446b/gnocchi.7b7cb0a2-1ea1-4d9e-82cb-fa602d52f138/1764720000.0_mean_300.0_v3" 201 - "PUT http://[::1]:8080/2/155197/AUTH_9f41729c3600455b8ee569c968fa446b/gnocchi.7b7cb0a2-1ea1-4d9e-82cb-fa602d52f138/1764720000.0_mean_300.0_v3" "txc4d4db63cffc4a84938e8-00693c621d" "object-server 96771" 0.0006 "-" 96475 0
Dec 12 13:42:37 np0005557558.novalocal object-server[96771]: ::1 - - [12/Dec/2025:18:42:37 +0000] "PUT /2/155197/AUTH_9f41729c3600455b8ee569c968fa446b/gnocchi.7b7cb0a2-1ea1-4d9e-82cb-fa602d52f138/1764720000.0_mean_300.0_v3" 201 - "PUT https://[::1]:8080/v1/AUTH_9f41729c3600455b8ee569c968fa446b/gnocchi.7b7cb0a2-1ea1-4d9e-82cb-fa602d52f138/1764720000.0_mean_300.0_v3" "txc4d4db63cffc4a84938e8-00693c621d" "proxy-server 97772" 0.0396 "-" 96771 0
Dec 12 13:42:37 np0005557558.novalocal container-server[96475]: ::1 - - [12/Dec/2025:18:42:37 +0000] "PUT /2/240615/AUTH_9f41729c3600455b8ee569c968fa446b/gnocchi.7b7cb0a2-1ea1-4d9e-82cb-fa602d52f138/1764720000.0_mean_300.0_v3" 201 - "PUT http://[::1]:8080/1/155197/AUTH_9f41729c3600455b8ee569c968fa446b/gnocchi.7b7cb0a2-1ea1-4d9e-82cb-fa602d52f138/1764720000.0_mean_300.0_v3" "txc4d4db63cffc4a84938e8-00693c621d" "object-server 96771" 0.0004 "-" 96475 0
Dec 12 13:42:37 np0005557558.novalocal object-server[96771]: ::1 - - [12/Dec/2025:18:42:37 +0000] "PUT /1/155197/AUTH_9f41729c3600455b8ee569c968fa446b/gnocchi.7b7cb0a2-1ea1-4d9e-82cb-fa602d52f138/1764720000.0_mean_300.0_v3" 201 - "PUT https://[::1]:8080/v1/AUTH_9f41729c3600455b8ee569c968fa446b/gnocchi.7b7cb0a2-1ea1-4d9e-82cb-fa602d52f138/1764720000.0_mean_300.0_v3" "txc4d4db63cffc4a84938e8-00693c621d" "proxy-server 97772" 0.0424 "-" 96771 0
Dec 12 13:42:37 np0005557558.novalocal container-server[96475]: ::1 - - [12/Dec/2025:18:42:37 +0000] "PUT /2/49590/AUTH_9f41729c3600455b8ee569c968fa446b/gnocchi.cae9900d-0536-4144-9778-fb3356bcf5a9/none_v3" 201 - "PUT http://[::1]:8080/2/101904/AUTH_9f41729c3600455b8ee569c968fa446b/gnocchi.cae9900d-0536-4144-9778-fb3356bcf5a9/none_v3" "txb06e66fe422f4dbba2cec-00693c621d" "object-server 96771" 0.0004 "-" 96475 0
Dec 12 13:42:37 np0005557558.novalocal object-server[96771]: ::1 - - [12/Dec/2025:18:42:37 +0000] "PUT /2/101904/AUTH_9f41729c3600455b8ee569c968fa446b/gnocchi.cae9900d-0536-4144-9778-fb3356bcf5a9/none_v3" 201 - "PUT https://[::1]:8080/v1/AUTH_9f41729c3600455b8ee569c968fa446b/gnocchi.cae9900d-0536-4144-9778-fb3356bcf5a9/none_v3" "txb06e66fe422f4dbba2cec-00693c621d" "proxy-server 97771" 0.0447 "-" 96771 0
Dec 12 13:42:37 np0005557558.novalocal proxy-server[97772]: ::1 ::1 12/Dec/2025/18/42/37 PUT /v1/AUTH_9f41729c3600455b8ee569c968fa446b/gnocchi.7b7cb0a2-1ea1-4d9e-82cb-fa602d52f138/1764720000.0_mean_300.0_v3 HTTP/1.0 201 - python-swiftclient-4.7.0 gAAAAABpPGHN1oGc... 16 - - txc4d4db63cffc4a84938e8-00693c621d - 0.0530 - - 1765564957.103754282 1765564957.156770229 0
Dec 12 13:42:37 np0005557558.novalocal proxy-server[97771]: ::1 ::1 12/Dec/2025/18/42/37 PUT /v1/AUTH_9f41729c3600455b8ee569c968fa446b/gnocchi.cae9900d-0536-4144-9778-fb3356bcf5a9/none_v3 HTTP/1.0 201 - python-swiftclient-4.7.0 gAAAAABpPGHN3vHt... 22 - - txb06e66fe422f4dbba2cec-00693c621d - 0.0512 - - 1765564957.106373549 1765564957.157532454 0
Dec 12 13:42:37 np0005557558.novalocal container-server[96475]: ::1 - - [12/Dec/2025:18:42:37 +0000] "HEAD /1/260843/AUTH_9f41729c3600455b8ee569c968fa446b/gnocchi.e94c98fd-1e2a-463d-86af-5598bb5da6c1" 404 - "HEAD http://[::1]:8080/v1/AUTH_9f41729c3600455b8ee569c968fa446b/gnocchi.e94c98fd-1e2a-463d-86af-5598bb5da6c1" "txb6ba651049434e6199351-00693c621d" "proxy-server 97771" 0.0006 "-" 96475 0
Dec 12 13:42:37 np0005557558.novalocal container-server[96475]: ::1 - - [12/Dec/2025:18:42:37 +0000] "HEAD /2/260843/AUTH_9f41729c3600455b8ee569c968fa446b/gnocchi.e94c98fd-1e2a-463d-86af-5598bb5da6c1" 404 - "HEAD http://[::1]:8080/v1/AUTH_9f41729c3600455b8ee569c968fa446b/gnocchi.e94c98fd-1e2a-463d-86af-5598bb5da6c1" "txb6ba651049434e6199351-00693c621d" "proxy-server 97771" 0.0008 "-" 96475 0
Dec 12 13:42:37 np0005557558.novalocal container-server[96475]: ::1 - - [12/Dec/2025:18:42:37 +0000] "HEAD /3/260843/AUTH_9f41729c3600455b8ee569c968fa446b/gnocchi.e94c98fd-1e2a-463d-86af-5598bb5da6c1" 404 - "HEAD http://[::1]:8080/v1/AUTH_9f41729c3600455b8ee569c968fa446b/gnocchi.e94c98fd-1e2a-463d-86af-5598bb5da6c1" "txb6ba651049434e6199351-00693c621d" "proxy-server 97771" 0.0004 "-" 96475 0
Dec 12 13:42:37 np0005557558.novalocal proxy-server[97771]: - - 12/Dec/2025/18/42/37 HEAD /v1/AUTH_9f41729c3600455b8ee569c968fa446b/gnocchi.e94c98fd-1e2a-463d-86af-5598bb5da6c1 HTTP/1.0 404 - Swift - - - - txb6ba651049434e6199351-00693c621d - 0.0162 CS - 1765564957.204128027 1765564957.220344305 0
Dec 12 13:42:37 np0005557558.novalocal container-server[96475]: ::1 - - [12/Dec/2025:18:42:37 +0000] "PUT /3/240615/AUTH_9f41729c3600455b8ee569c968fa446b/gnocchi.7b7cb0a2-1ea1-4d9e-82cb-fa602d52f138/none_v3" 201 - "PUT http://[::1]:8080/2/19462/AUTH_9f41729c3600455b8ee569c968fa446b/gnocchi.7b7cb0a2-1ea1-4d9e-82cb-fa602d52f138/none_v3" "tx6537d1da37c645ffa5456-00693c621d" "object-server 96772" 0.0009 "-" 96475 0
Dec 12 13:42:37 np0005557558.novalocal container-server[96474]: ::1 - - [12/Dec/2025:18:42:37 +0000] "PUT /1/240615/AUTH_9f41729c3600455b8ee569c968fa446b/gnocchi.7b7cb0a2-1ea1-4d9e-82cb-fa602d52f138/none_v3" 201 - "PUT http://[::1]:8080/3/19462/AUTH_9f41729c3600455b8ee569c968fa446b/gnocchi.7b7cb0a2-1ea1-4d9e-82cb-fa602d52f138/none_v3" "tx6537d1da37c645ffa5456-00693c621d" "object-server 96771" 0.0013 "-" 96474 0
Dec 12 13:42:37 np0005557558.novalocal object-server[96772]: ::1 - - [12/Dec/2025:18:42:37 +0000] "PUT /2/19462/AUTH_9f41729c3600455b8ee569c968fa446b/gnocchi.7b7cb0a2-1ea1-4d9e-82cb-fa602d52f138/none_v3" 201 - "PUT https://[::1]:8080/v1/AUTH_9f41729c3600455b8ee569c968fa446b/gnocchi.7b7cb0a2-1ea1-4d9e-82cb-fa602d52f138/none_v3" "tx6537d1da37c645ffa5456-00693c621d" "proxy-server 97772" 0.0433 "-" 96772 0
Dec 12 13:42:37 np0005557558.novalocal object-server[96771]: ::1 - - [12/Dec/2025:18:42:37 +0000] "PUT /3/19462/AUTH_9f41729c3600455b8ee569c968fa446b/gnocchi.7b7cb0a2-1ea1-4d9e-82cb-fa602d52f138/none_v3" 201 - "PUT https://[::1]:8080/v1/AUTH_9f41729c3600455b8ee569c968fa446b/gnocchi.7b7cb0a2-1ea1-4d9e-82cb-fa602d52f138/none_v3" "tx6537d1da37c645ffa5456-00693c621d" "proxy-server 97772" 0.0438 "-" 96771 0
Dec 12 13:42:37 np0005557558.novalocal container-server[96474]: ::1 - - [12/Dec/2025:18:42:37 +0000] "PUT /2/240615/AUTH_9f41729c3600455b8ee569c968fa446b/gnocchi.7b7cb0a2-1ea1-4d9e-82cb-fa602d52f138/none_v3" 201 - "PUT http://[::1]:8080/1/19462/AUTH_9f41729c3600455b8ee569c968fa446b/gnocchi.7b7cb0a2-1ea1-4d9e-82cb-fa602d52f138/none_v3" "tx6537d1da37c645ffa5456-00693c621d" "object-server 96772" 0.0004 "-" 96474 0
Dec 12 13:42:37 np0005557558.novalocal object-server[96772]: ::1 - - [12/Dec/2025:18:42:37 +0000] "PUT /1/19462/AUTH_9f41729c3600455b8ee569c968fa446b/gnocchi.7b7cb0a2-1ea1-4d9e-82cb-fa602d52f138/none_v3" 201 - "PUT https://[::1]:8080/v1/AUTH_9f41729c3600455b8ee569c968fa446b/gnocchi.7b7cb0a2-1ea1-4d9e-82cb-fa602d52f138/none_v3" "tx6537d1da37c645ffa5456-00693c621d" "proxy-server 97772" 0.0430 "-" 96772 0
Dec 12 13:42:37 np0005557558.novalocal object-server[96771]: ::1 - - [12/Dec/2025:18:42:37 +0000] "GET /1/249/AUTH_9f41729c3600455b8ee569c968fa446b/gnocchi.e94c98fd-1e2a-463d-86af-5598bb5da6c1/none_v3" 404 70 "GET https://[::1]:8080/v1/AUTH_9f41729c3600455b8ee569c968fa446b/gnocchi.e94c98fd-1e2a-463d-86af-5598bb5da6c1/none_v3" "txb6ba651049434e6199351-00693c621d" "proxy-server 97771" 0.0002 "-" 96771 0
Dec 12 13:42:37 np0005557558.novalocal proxy-server[97772]: ::1 ::1 12/Dec/2025/18/42/37 PUT /v1/AUTH_9f41729c3600455b8ee569c968fa446b/gnocchi.7b7cb0a2-1ea1-4d9e-82cb-fa602d52f138/none_v3 HTTP/1.0 201 - python-swiftclient-4.7.0 gAAAAABpPGHN1oGc... 83 - - tx6537d1da37c645ffa5456-00693c621d - 0.0664 - - 1765564957.160121679 1765564957.226557493 0
Dec 12 13:42:37 np0005557558.novalocal object-server[96772]: ::1 - - [12/Dec/2025:18:42:37 +0000] "GET /2/249/AUTH_9f41729c3600455b8ee569c968fa446b/gnocchi.e94c98fd-1e2a-463d-86af-5598bb5da6c1/none_v3" 404 70 "GET https://[::1]:8080/v1/AUTH_9f41729c3600455b8ee569c968fa446b/gnocchi.e94c98fd-1e2a-463d-86af-5598bb5da6c1/none_v3" "txb6ba651049434e6199351-00693c621d" "proxy-server 97771" 0.0004 "-" 96772 0
Dec 12 13:42:37 np0005557558.novalocal object-server[96771]: ::1 - - [12/Dec/2025:18:42:37 +0000] "GET /3/249/AUTH_9f41729c3600455b8ee569c968fa446b/gnocchi.e94c98fd-1e2a-463d-86af-5598bb5da6c1/none_v3" 404 70 "GET https://[::1]:8080/v1/AUTH_9f41729c3600455b8ee569c968fa446b/gnocchi.e94c98fd-1e2a-463d-86af-5598bb5da6c1/none_v3" "txb6ba651049434e6199351-00693c621d" "proxy-server 97771" 0.0007 "-" 96771 0
Dec 12 13:42:37 np0005557558.novalocal proxy-server[97771]: ::1 ::1 12/Dec/2025/18/42/37 GET /v1/AUTH_9f41729c3600455b8ee569c968fa446b/gnocchi.e94c98fd-1e2a-463d-86af-5598bb5da6c1/none_v3 HTTP/1.0 404 - python-swiftclient-4.7.0 gAAAAABpPGHN3vHt... - 70 - txb6ba651049434e6199351-00693c621d - 0.0344 - - 1765564957.203165293 1765564957.237538099 0
Dec 12 13:42:37 np0005557558.novalocal object-server[96772]: ::1 - - [12/Dec/2025:18:42:37 +0000] "GET /3/152993/AUTH_9f41729c3600455b8ee569c968fa446b/gnocchi.4337077d-4aca-46af-9670-559be7ee45eb/none_v3" 200 54 "GET https://[::1]:8080/v1/AUTH_9f41729c3600455b8ee569c968fa446b/gnocchi.4337077d-4aca-46af-9670-559be7ee45eb/none_v3" "tx9792031e11f341089b066-00693c621d" "proxy-server 97772" 0.0008 "-" 96772 0
Dec 12 13:42:37 np0005557558.novalocal proxy-server[97772]: ::1 ::1 12/Dec/2025/18/42/37 GET /v1/AUTH_9f41729c3600455b8ee569c968fa446b/gnocchi.4337077d-4aca-46af-9670-559be7ee45eb/none_v3 HTTP/1.0 200 - python-swiftclient-4.7.0 gAAAAABpPGHN1oGc... - 54 - tx9792031e11f341089b066-00693c621d - 0.0067 - - 1765564957.294293165 1765564957.300977707 0
Dec 12 13:42:37 np0005557558.novalocal account-server[96175]: ::1 - - [12/Dec/2025:18:42:37 +0000] "PUT /3/24542/AUTH_9f41729c3600455b8ee569c968fa446b/gnocchi.e94c98fd-1e2a-463d-86af-5598bb5da6c1" 201 - "PUT http://[::1]:6001/1/260843/AUTH_9f41729c3600455b8ee569c968fa446b/gnocchi.e94c98fd-1e2a-463d-86af-5598bb5da6c1" "tx3731286fba224ea387ab2-00693c621d" "container-server 96474" 0.0061 "-" 96175 0
Dec 12 13:42:37 np0005557558.novalocal account-server[96174]: ::1 - - [12/Dec/2025:18:42:37 +0000] "PUT /2/24542/AUTH_9f41729c3600455b8ee569c968fa446b/gnocchi.e94c98fd-1e2a-463d-86af-5598bb5da6c1" 201 - "PUT http://[::1]:6001/3/260843/AUTH_9f41729c3600455b8ee569c968fa446b/gnocchi.e94c98fd-1e2a-463d-86af-5598bb5da6c1" "tx3731286fba224ea387ab2-00693c621d" "container-server 96474" 0.0064 "-" 96174 0
Dec 12 13:42:37 np0005557558.novalocal container-server[96474]: ::1 - - [12/Dec/2025:18:42:37 +0000] "PUT /1/260843/AUTH_9f41729c3600455b8ee569c968fa446b/gnocchi.e94c98fd-1e2a-463d-86af-5598bb5da6c1" 201 - "PUT https://[::1]:8080/v1/AUTH_9f41729c3600455b8ee569c968fa446b/gnocchi.e94c98fd-1e2a-463d-86af-5598bb5da6c1" "tx3731286fba224ea387ab2-00693c621d" "proxy-server 97771" 0.0161 "-" 96474 0
Dec 12 13:42:37 np0005557558.novalocal container-server[96474]: ::1 - - [12/Dec/2025:18:42:37 +0000] "PUT /3/260843/AUTH_9f41729c3600455b8ee569c968fa446b/gnocchi.e94c98fd-1e2a-463d-86af-5598bb5da6c1" 201 - "PUT https://[::1]:8080/v1/AUTH_9f41729c3600455b8ee569c968fa446b/gnocchi.e94c98fd-1e2a-463d-86af-5598bb5da6c1" "tx3731286fba224ea387ab2-00693c621d" "proxy-server 97771" 0.0252 "-" 96474 0
Dec 12 13:42:37 np0005557558.novalocal account-server[96175]: ::1 - - [12/Dec/2025:18:42:37 +0000] "PUT /1/24542/AUTH_9f41729c3600455b8ee569c968fa446b/gnocchi.e94c98fd-1e2a-463d-86af-5598bb5da6c1" 201 - "PUT http://[::1]:6001/2/260843/AUTH_9f41729c3600455b8ee569c968fa446b/gnocchi.e94c98fd-1e2a-463d-86af-5598bb5da6c1" "tx3731286fba224ea387ab2-00693c621d" "container-server 96474" 0.0051 "-" 96175 0
Dec 12 13:42:37 np0005557558.novalocal container-server[96474]: ::1 - - [12/Dec/2025:18:42:37 +0000] "PUT /2/260843/AUTH_9f41729c3600455b8ee569c968fa446b/gnocchi.e94c98fd-1e2a-463d-86af-5598bb5da6c1" 201 - "PUT https://[::1]:8080/v1/AUTH_9f41729c3600455b8ee569c968fa446b/gnocchi.e94c98fd-1e2a-463d-86af-5598bb5da6c1" "tx3731286fba224ea387ab2-00693c621d" "proxy-server 97771" 0.0656 "-" 96474 0
Dec 12 13:42:37 np0005557558.novalocal proxy-server[97771]: ::1 ::1 12/Dec/2025/18/42/37 PUT /v1/AUTH_9f41729c3600455b8ee569c968fa446b/gnocchi.e94c98fd-1e2a-463d-86af-5598bb5da6c1 HTTP/1.0 201 - python-swiftclient-4.7.0 gAAAAABpPGHN3vHt... - - - tx3731286fba224ea387ab2-00693c621d - 0.0714 - - 1765564957.239940166 1765564957.311371803 0
Dec 12 13:42:37 np0005557558.novalocal container-server[96474]: ::1 - - [12/Dec/2025:18:42:37 +0000] "GET /1/183091/AUTH_9f41729c3600455b8ee569c968fa446b/gnocchi.4337077d-4aca-46af-9670-559be7ee45eb" 200 357 "GET https://[::1]:8080/v1/AUTH_9f41729c3600455b8ee569c968fa446b/gnocchi.4337077d-4aca-46af-9670-559be7ee45eb?format=json&states=listing" "tx7a14ff5af00141f8b93d0-00693c621d" "proxy-server 97772" 0.0071 "-" 96474 0
Dec 12 13:42:37 np0005557558.novalocal proxy-server[97772]: ::1 ::1 12/Dec/2025/18/42/37 GET /v1/AUTH_9f41729c3600455b8ee569c968fa446b/gnocchi.4337077d-4aca-46af-9670-559be7ee45eb%3Fformat%3Djson%26states%3Dlisting HTTP/1.0 200 - python-swiftclient-4.7.0 gAAAAABpPGHN1oGc... - 357 - tx7a14ff5af00141f8b93d0-00693c621d - 0.0120 - - 1765564957.303426504 1765564957.315428495 0
Dec 12 13:42:37 np0005557558.novalocal container-server[96474]: ::1 - - [12/Dec/2025:18:42:37 +0000] "HEAD /3/260843/AUTH_9f41729c3600455b8ee569c968fa446b/gnocchi.e94c98fd-1e2a-463d-86af-5598bb5da6c1" 204 - "HEAD http://[::1]:8080/v1/AUTH_9f41729c3600455b8ee569c968fa446b/gnocchi.e94c98fd-1e2a-463d-86af-5598bb5da6c1" "txa117203fb25c4f0dafe34-00693c621d" "proxy-server 97771" 0.0014 "-" 96474 0
Dec 12 13:42:37 np0005557558.novalocal proxy-server[97771]: - - 12/Dec/2025/18/42/37 HEAD /v1/AUTH_9f41729c3600455b8ee569c968fa446b/gnocchi.e94c98fd-1e2a-463d-86af-5598bb5da6c1 HTTP/1.0 204 - Swift - - - - txa117203fb25c4f0dafe34-00693c621d - 0.0052 CS - 1765564957.314974785 1765564957.320210695 0
Dec 12 13:42:37 np0005557558.novalocal container-server[96474]: ::1 - - [12/Dec/2025:18:42:37 +0000] "GET /3/260843/AUTH_9f41729c3600455b8ee569c968fa446b/gnocchi.e94c98fd-1e2a-463d-86af-5598bb5da6c1" 200 2 "GET https://[::1]:8080/v1/AUTH_9f41729c3600455b8ee569c968fa446b/gnocchi.e94c98fd-1e2a-463d-86af-5598bb5da6c1?format=json&states=listing" "txa117203fb25c4f0dafe34-00693c621d" "proxy-server 97771" 0.0020 "-" 96474 0
Dec 12 13:42:37 np0005557558.novalocal container-server[96475]: ::1 - - [12/Dec/2025:18:42:37 +0000] "GET /2/183091/AUTH_9f41729c3600455b8ee569c968fa446b/gnocchi.4337077d-4aca-46af-9670-559be7ee45eb" 200 2 "GET https://[::1]:8080/v1/AUTH_9f41729c3600455b8ee569c968fa446b/gnocchi.4337077d-4aca-46af-9670-559be7ee45eb?format=json&marker=none_v3&states=listing" "tx52e84714e9c94f4a940d8-00693c621d" "proxy-server 97772" 0.0062 "-" 96475 0
Dec 12 13:42:37 np0005557558.novalocal proxy-server[97772]: ::1 ::1 12/Dec/2025/18/42/37 GET /v1/AUTH_9f41729c3600455b8ee569c968fa446b/gnocchi.4337077d-4aca-46af-9670-559be7ee45eb%3Fformat%3Djson%26marker%3Dnone_v3%26states%3Dlisting HTTP/1.0 200 - python-swiftclient-4.7.0 gAAAAABpPGHN1oGc... - 2 - tx52e84714e9c94f4a940d8-00693c621d - 0.0110 - - 1765564957.317478418 1765564957.328446865 0
Dec 12 13:42:37 np0005557558.novalocal proxy-server[97771]: ::1 ::1 12/Dec/2025/18/42/37 GET /v1/AUTH_9f41729c3600455b8ee569c968fa446b/gnocchi.e94c98fd-1e2a-463d-86af-5598bb5da6c1%3Fformat%3Djson%26states%3Dlisting HTTP/1.0 200 - python-swiftclient-4.7.0 gAAAAABpPGHN3vHt... - 2 - txa117203fb25c4f0dafe34-00693c621d - 0.0147 - - 1765564957.314248562 1765564957.328989983 0
Dec 12 13:42:37 np0005557558.novalocal object-server[96771]: ::1 - - [12/Dec/2025:18:42:37 +0000] "GET /2/100584/AUTH_9f41729c3600455b8ee569c968fa446b/gnocchi.e94c98fd-1e2a-463d-86af-5598bb5da6c1/1764720000.0_mean_300.0_v3" 404 70 "GET https://[::1]:8080/v1/AUTH_9f41729c3600455b8ee569c968fa446b/gnocchi.e94c98fd-1e2a-463d-86af-5598bb5da6c1/1764720000.0_mean_300.0_v3" "tx95ac83ef35fc42a2bcfd5-00693c621d" "proxy-server 97771" 0.0003 "-" 96771 0
Dec 12 13:42:37 np0005557558.novalocal object-server[96772]: ::1 - - [12/Dec/2025:18:42:37 +0000] "GET /1/100584/AUTH_9f41729c3600455b8ee569c968fa446b/gnocchi.e94c98fd-1e2a-463d-86af-5598bb5da6c1/1764720000.0_mean_300.0_v3" 404 70 "GET https://[::1]:8080/v1/AUTH_9f41729c3600455b8ee569c968fa446b/gnocchi.e94c98fd-1e2a-463d-86af-5598bb5da6c1/1764720000.0_mean_300.0_v3" "tx95ac83ef35fc42a2bcfd5-00693c621d" "proxy-server 97771" 0.0003 "-" 96772 0
Dec 12 13:42:37 np0005557558.novalocal object-server[96772]: ::1 - - [12/Dec/2025:18:42:37 +0000] "GET /1/228396/AUTH_9f41729c3600455b8ee569c968fa446b/gnocchi.4337077d-4aca-46af-9670-559be7ee45eb/1764720000.0_mean_300.0_v3" 200 16 "GET https://[::1]:8080/v1/AUTH_9f41729c3600455b8ee569c968fa446b/gnocchi.4337077d-4aca-46af-9670-559be7ee45eb/1764720000.0_mean_300.0_v3" "txc8f249cf4cce477bbe597-00693c621d" "proxy-server 97772" 0.0006 "-" 96772 0
Dec 12 13:42:37 np0005557558.novalocal object-server[96772]: ::1 - - [12/Dec/2025:18:42:37 +0000] "GET /3/100584/AUTH_9f41729c3600455b8ee569c968fa446b/gnocchi.e94c98fd-1e2a-463d-86af-5598bb5da6c1/1764720000.0_mean_300.0_v3" 404 70 "GET https://[::1]:8080/v1/AUTH_9f41729c3600455b8ee569c968fa446b/gnocchi.e94c98fd-1e2a-463d-86af-5598bb5da6c1/1764720000.0_mean_300.0_v3" "tx95ac83ef35fc42a2bcfd5-00693c621d" "proxy-server 97771" 0.0002 "-" 96772 0
Dec 12 13:42:37 np0005557558.novalocal proxy-server[97771]: ::1 ::1 12/Dec/2025/18/42/37 GET /v1/AUTH_9f41729c3600455b8ee569c968fa446b/gnocchi.e94c98fd-1e2a-463d-86af-5598bb5da6c1/1764720000.0_mean_300.0_v3 HTTP/1.0 404 - python-swiftclient-4.7.0 gAAAAABpPGHN3vHt... - 70 - tx95ac83ef35fc42a2bcfd5-00693c621d - 0.0119 - - 1765564957.331883430 1765564957.343748331 0
Dec 12 13:42:37 np0005557558.novalocal proxy-server[97772]: ::1 ::1 12/Dec/2025/18/42/37 GET /v1/AUTH_9f41729c3600455b8ee569c968fa446b/gnocchi.4337077d-4aca-46af-9670-559be7ee45eb/1764720000.0_mean_300.0_v3 HTTP/1.0 200 - python-swiftclient-4.7.0 gAAAAABpPGHN1oGc... - 16 - txc8f249cf4cce477bbe597-00693c621d - 0.0114 - - 1765564957.332275867 1765564957.343627214 0
Dec 12 13:42:37 np0005557558.novalocal container-server[96474]: ::1 - - [12/Dec/2025:18:42:37 +0000] "PUT /1/260843/AUTH_9f41729c3600455b8ee569c968fa446b/gnocchi.e94c98fd-1e2a-463d-86af-5598bb5da6c1/1764720000.0_mean_300.0_v3" 201 - "PUT http://[::1]:8080/2/100584/AUTH_9f41729c3600455b8ee569c968fa446b/gnocchi.e94c98fd-1e2a-463d-86af-5598bb5da6c1/1764720000.0_mean_300.0_v3" "tx6aaa754dceee4521b5865-00693c621d" "object-server 96771" 0.0005 "-" 96474 0
Dec 12 13:42:37 np0005557558.novalocal object-server[96771]: ::1 - - [12/Dec/2025:18:42:37 +0000] "PUT /2/100584/AUTH_9f41729c3600455b8ee569c968fa446b/gnocchi.e94c98fd-1e2a-463d-86af-5598bb5da6c1/1764720000.0_mean_300.0_v3" 201 - "PUT https://[::1]:8080/v1/AUTH_9f41729c3600455b8ee569c968fa446b/gnocchi.e94c98fd-1e2a-463d-86af-5598bb5da6c1/1764720000.0_mean_300.0_v3" "tx6aaa754dceee4521b5865-00693c621d" "proxy-server 97771" 0.0088 "-" 96771 0
Dec 12 13:42:37 np0005557558.novalocal container-server[96474]: ::1 - - [12/Dec/2025:18:42:37 +0000] "PUT /2/260843/AUTH_9f41729c3600455b8ee569c968fa446b/gnocchi.e94c98fd-1e2a-463d-86af-5598bb5da6c1/1764720000.0_mean_300.0_v3" 201 - "PUT http://[::1]:8080/1/100584/AUTH_9f41729c3600455b8ee569c968fa446b/gnocchi.e94c98fd-1e2a-463d-86af-5598bb5da6c1/1764720000.0_mean_300.0_v3" "tx6aaa754dceee4521b5865-00693c621d" "object-server 96771" 0.0003 "-" 96474 0
Dec 12 13:42:37 np0005557558.novalocal object-server[96771]: ::1 - - [12/Dec/2025:18:42:37 +0000] "PUT /1/100584/AUTH_9f41729c3600455b8ee569c968fa446b/gnocchi.e94c98fd-1e2a-463d-86af-5598bb5da6c1/1764720000.0_mean_300.0_v3" 201 - "PUT https://[::1]:8080/v1/AUTH_9f41729c3600455b8ee569c968fa446b/gnocchi.e94c98fd-1e2a-463d-86af-5598bb5da6c1/1764720000.0_mean_300.0_v3" "tx6aaa754dceee4521b5865-00693c621d" "proxy-server 97771" 0.0120 "-" 96771 0
Dec 12 13:42:37 np0005557558.novalocal container-server[96475]: ::1 - - [12/Dec/2025:18:42:37 +0000] "PUT /3/260843/AUTH_9f41729c3600455b8ee569c968fa446b/gnocchi.e94c98fd-1e2a-463d-86af-5598bb5da6c1/1764720000.0_mean_300.0_v3" 201 - "PUT http://[::1]:8080/3/100584/AUTH_9f41729c3600455b8ee569c968fa446b/gnocchi.e94c98fd-1e2a-463d-86af-5598bb5da6c1/1764720000.0_mean_300.0_v3" "tx6aaa754dceee4521b5865-00693c621d" "object-server 96772" 0.0009 "-" 96475 0
Dec 12 13:42:37 np0005557558.novalocal object-server[96772]: ::1 - - [12/Dec/2025:18:42:37 +0000] "PUT /3/100584/AUTH_9f41729c3600455b8ee569c968fa446b/gnocchi.e94c98fd-1e2a-463d-86af-5598bb5da6c1/1764720000.0_mean_300.0_v3" 201 - "PUT https://[::1]:8080/v1/AUTH_9f41729c3600455b8ee569c968fa446b/gnocchi.e94c98fd-1e2a-463d-86af-5598bb5da6c1/1764720000.0_mean_300.0_v3" "tx6aaa754dceee4521b5865-00693c621d" "proxy-server 97771" 0.0135 "-" 96772 0
Dec 12 13:42:37 np0005557558.novalocal container-server[96474]: ::1 - - [12/Dec/2025:18:42:37 +0000] "PUT /3/183091/AUTH_9f41729c3600455b8ee569c968fa446b/gnocchi.4337077d-4aca-46af-9670-559be7ee45eb/1764720000.0_mean_300.0_v3" 201 - "PUT http://[::1]:8080/2/228396/AUTH_9f41729c3600455b8ee569c968fa446b/gnocchi.4337077d-4aca-46af-9670-559be7ee45eb/1764720000.0_mean_300.0_v3" "txedc6c229c1074a0fa78c8-00693c621d" "object-server 96771" 0.0003 "-" 96474 0
Dec 12 13:42:37 np0005557558.novalocal proxy-server[97771]: ::1 ::1 12/Dec/2025/18/42/37 PUT /v1/AUTH_9f41729c3600455b8ee569c968fa446b/gnocchi.e94c98fd-1e2a-463d-86af-5598bb5da6c1/1764720000.0_mean_300.0_v3 HTTP/1.0 201 - python-swiftclient-4.7.0 gAAAAABpPGHN3vHt... 16 - - tx6aaa754dceee4521b5865-00693c621d - 0.0210 - - 1765564957.346495628 1765564957.367455959 0
Dec 12 13:42:37 np0005557558.novalocal object-server[96771]: ::1 - - [12/Dec/2025:18:42:37 +0000] "PUT /2/228396/AUTH_9f41729c3600455b8ee569c968fa446b/gnocchi.4337077d-4aca-46af-9670-559be7ee45eb/1764720000.0_mean_300.0_v3" 201 - "PUT https://[::1]:8080/v1/AUTH_9f41729c3600455b8ee569c968fa446b/gnocchi.4337077d-4aca-46af-9670-559be7ee45eb/1764720000.0_mean_300.0_v3" "txedc6c229c1074a0fa78c8-00693c621d" "proxy-server 97772" 0.0110 "-" 96771 0
Dec 12 13:42:37 np0005557558.novalocal container-server[96474]: ::1 - - [12/Dec/2025:18:42:37 +0000] "PUT /1/183091/AUTH_9f41729c3600455b8ee569c968fa446b/gnocchi.4337077d-4aca-46af-9670-559be7ee45eb/1764720000.0_mean_300.0_v3" 201 - "PUT http://[::1]:8080/1/228396/AUTH_9f41729c3600455b8ee569c968fa446b/gnocchi.4337077d-4aca-46af-9670-559be7ee45eb/1764720000.0_mean_300.0_v3" "txedc6c229c1074a0fa78c8-00693c621d" "object-server 96772" 0.0003 "-" 96474 0
Dec 12 13:42:37 np0005557558.novalocal container-server[96475]: ::1 - - [12/Dec/2025:18:42:37 +0000] "PUT /2/183091/AUTH_9f41729c3600455b8ee569c968fa446b/gnocchi.4337077d-4aca-46af-9670-559be7ee45eb/1764720000.0_mean_300.0_v3" 201 - "PUT http://[::1]:8080/3/228396/AUTH_9f41729c3600455b8ee569c968fa446b/gnocchi.4337077d-4aca-46af-9670-559be7ee45eb/1764720000.0_mean_300.0_v3" "txedc6c229c1074a0fa78c8-00693c621d" "object-server 96772" 0.0007 "-" 96475 0
Dec 12 13:42:37 np0005557558.novalocal object-server[96772]: ::1 - - [12/Dec/2025:18:42:37 +0000] "PUT /1/228396/AUTH_9f41729c3600455b8ee569c968fa446b/gnocchi.4337077d-4aca-46af-9670-559be7ee45eb/1764720000.0_mean_300.0_v3" 201 - "PUT https://[::1]:8080/v1/AUTH_9f41729c3600455b8ee569c968fa446b/gnocchi.4337077d-4aca-46af-9670-559be7ee45eb/1764720000.0_mean_300.0_v3" "txedc6c229c1074a0fa78c8-00693c621d" "proxy-server 97772" 0.0105 "-" 96772 0
