Dec 12 13:41:42 np0005557558.novalocal container-server[96474]: ::1 - - [12/Dec/2025:18:41:42 +0000] "HEAD /1/95106/AUTH_9f41729c3600455b8ee569c968fa446b/gnocchi.369c7305-39ee-46eb-a6e3-8dd0d5c92b12" 204 - "HEAD http://[::1]:8080/v1/AUTH_9f41729c3600455b8ee569c968fa446b/gnocchi.369c7305-39ee-46eb-a6e3-8dd0d5c92b12" "tx8c7401525b3c4c79bd067-00693c61e6" "proxy-server 97771" 0.0018 "-" 96474 0
Dec 12 13:41:42 np0005557558.novalocal proxy-server[97771]: - - 12/Dec/2025/18/41/42 HEAD /v1/AUTH_9f41729c3600455b8ee569c968fa446b/gnocchi.369c7305-39ee-46eb-a6e3-8dd0d5c92b12 HTTP/1.0 204 - Swift - - - - tx8c7401525b3c4c79bd067-00693c61e6 - 0.0060 CS - 1765564902.345945597 1765564902.351912737 0
Dec 12 13:41:42 np0005557558.novalocal container-server[96474]: ::1 - - [12/Dec/2025:18:41:42 +0000] "GET /3/95106/AUTH_9f41729c3600455b8ee569c968fa446b/gnocchi.369c7305-39ee-46eb-a6e3-8dd0d5c92b12" 200 2 "GET https://[::1]:8080/v1/AUTH_9f41729c3600455b8ee569c968fa446b/gnocchi.369c7305-39ee-46eb-a6e3-8dd0d5c92b12?format=json&states=listing" "tx8c7401525b3c4c79bd067-00693c61e6" "proxy-server 97771" 0.0030 "-" 96474 0
Dec 12 13:41:42 np0005557558.novalocal proxy-server[97771]: ::1 ::1 12/Dec/2025/18/41/42 GET /v1/AUTH_9f41729c3600455b8ee569c968fa446b/gnocchi.369c7305-39ee-46eb-a6e3-8dd0d5c92b12%3Fformat%3Djson%26states%3Dlisting HTTP/1.0 200 - python-swiftclient-4.7.0 gAAAAABpPGHN3vHt... - 2 - tx8c7401525b3c4c79bd067-00693c61e6 - 0.0163 - - 1765564902.345380306 1765564902.361654997 0
Dec 12 13:41:42 np0005557558.novalocal object-server[96771]: ::1 - - [12/Dec/2025:18:41:42 +0000] "GET /1/244424/AUTH_9f41729c3600455b8ee569c968fa446b/gnocchi.369c7305-39ee-46eb-a6e3-8dd0d5c92b12/1764720000.0_mean_300.0_v3" 404 70 "GET https://[::1]:8080/v1/AUTH_9f41729c3600455b8ee569c968fa446b/gnocchi.369c7305-39ee-46eb-a6e3-8dd0d5c92b12/1764720000.0_mean_300.0_v3" "txfbbf0ecbc3664a38aa015-00693c61e6" "proxy-server 97771" 0.0005 "-" 96771 0
Dec 12 13:41:42 np0005557558.novalocal container-server[96474]: ::1 - - [12/Dec/2025:18:41:42 +0000] "HEAD /3/170270/AUTH_9f41729c3600455b8ee569c968fa446b/gnocchi.db2248be-e01d-4f81-990e-c9253a737e17" 404 - "HEAD http://[::1]:8080/v1/AUTH_9f41729c3600455b8ee569c968fa446b/gnocchi.db2248be-e01d-4f81-990e-c9253a737e17" "tx80ed65ad22144eb491495-00693c61e6" "proxy-server 97772" 0.0003 "-" 96474 0
Dec 12 13:41:42 np0005557558.novalocal object-server[96772]: ::1 - - [12/Dec/2025:18:41:42 +0000] "GET /2/244424/AUTH_9f41729c3600455b8ee569c968fa446b/gnocchi.369c7305-39ee-46eb-a6e3-8dd0d5c92b12/1764720000.0_mean_300.0_v3" 404 70 "GET https://[::1]:8080/v1/AUTH_9f41729c3600455b8ee569c968fa446b/gnocchi.369c7305-39ee-46eb-a6e3-8dd0d5c92b12/1764720000.0_mean_300.0_v3" "txfbbf0ecbc3664a38aa015-00693c61e6" "proxy-server 97771" 0.0004 "-" 96772 0
Dec 12 13:41:42 np0005557558.novalocal container-server[96474]: ::1 - - [12/Dec/2025:18:41:42 +0000] "HEAD /2/170270/AUTH_9f41729c3600455b8ee569c968fa446b/gnocchi.db2248be-e01d-4f81-990e-c9253a737e17" 404 - "HEAD http://[::1]:8080/v1/AUTH_9f41729c3600455b8ee569c968fa446b/gnocchi.db2248be-e01d-4f81-990e-c9253a737e17" "tx80ed65ad22144eb491495-00693c61e6" "proxy-server 97772" 0.0001 "-" 96474 0
Dec 12 13:41:42 np0005557558.novalocal object-server[96772]: ::1 - - [12/Dec/2025:18:41:42 +0000] "GET /3/244424/AUTH_9f41729c3600455b8ee569c968fa446b/gnocchi.369c7305-39ee-46eb-a6e3-8dd0d5c92b12/1764720000.0_mean_300.0_v3" 404 70 "GET https://[::1]:8080/v1/AUTH_9f41729c3600455b8ee569c968fa446b/gnocchi.369c7305-39ee-46eb-a6e3-8dd0d5c92b12/1764720000.0_mean_300.0_v3" "txfbbf0ecbc3664a38aa015-00693c61e6" "proxy-server 97771" 0.0002 "-" 96772 0
Dec 12 13:41:42 np0005557558.novalocal proxy-server[97771]: ::1 ::1 12/Dec/2025/18/41/42 GET /v1/AUTH_9f41729c3600455b8ee569c968fa446b/gnocchi.369c7305-39ee-46eb-a6e3-8dd0d5c92b12/1764720000.0_mean_300.0_v3 HTTP/1.0 404 - python-swiftclient-4.7.0 gAAAAABpPGHN3vHt... - 70 - txfbbf0ecbc3664a38aa015-00693c61e6 - 0.0115 - - 1765564902.365558863 1765564902.377080202 0
Dec 12 13:41:42 np0005557558.novalocal container-server[96475]: ::1 - - [12/Dec/2025:18:41:42 +0000] "HEAD /1/170270/AUTH_9f41729c3600455b8ee569c968fa446b/gnocchi.db2248be-e01d-4f81-990e-c9253a737e17" 404 - "HEAD http://[::1]:8080/v1/AUTH_9f41729c3600455b8ee569c968fa446b/gnocchi.db2248be-e01d-4f81-990e-c9253a737e17" "tx80ed65ad22144eb491495-00693c61e6" "proxy-server 97772" 0.0004 "-" 96475 0
Dec 12 13:41:42 np0005557558.novalocal proxy-server[97772]: - - 12/Dec/2025/18/41/42 HEAD /v1/AUTH_9f41729c3600455b8ee569c968fa446b/gnocchi.db2248be-e01d-4f81-990e-c9253a737e17 HTTP/1.0 404 - Swift - - - - tx80ed65ad22144eb491495-00693c61e6 - 0.0099 CS - 1765564902.369220257 1765564902.379151583 0
Dec 12 13:41:42 np0005557558.novalocal object-server[96772]: ::1 - - [12/Dec/2025:18:41:42 +0000] "GET /2/247991/AUTH_9f41729c3600455b8ee569c968fa446b/gnocchi.db2248be-e01d-4f81-990e-c9253a737e17/none_v3" 404 70 "GET https://[::1]:8080/v1/AUTH_9f41729c3600455b8ee569c968fa446b/gnocchi.db2248be-e01d-4f81-990e-c9253a737e17/none_v3" "tx80ed65ad22144eb491495-00693c61e6" "proxy-server 97772" 0.0002 "-" 96772 0
Dec 12 13:41:42 np0005557558.novalocal object-server[96772]: ::1 - - [12/Dec/2025:18:41:42 +0000] "GET /3/247991/AUTH_9f41729c3600455b8ee569c968fa446b/gnocchi.db2248be-e01d-4f81-990e-c9253a737e17/none_v3" 404 70 "GET https://[::1]:8080/v1/AUTH_9f41729c3600455b8ee569c968fa446b/gnocchi.db2248be-e01d-4f81-990e-c9253a737e17/none_v3" "tx80ed65ad22144eb491495-00693c61e6" "proxy-server 97772" 0.0002 "-" 96772 0
Dec 12 13:41:42 np0005557558.novalocal object-server[96771]: ::1 - - [12/Dec/2025:18:41:42 +0000] "GET /1/247991/AUTH_9f41729c3600455b8ee569c968fa446b/gnocchi.db2248be-e01d-4f81-990e-c9253a737e17/none_v3" 404 70 "GET https://[::1]:8080/v1/AUTH_9f41729c3600455b8ee569c968fa446b/gnocchi.db2248be-e01d-4f81-990e-c9253a737e17/none_v3" "tx80ed65ad22144eb491495-00693c61e6" "proxy-server 97772" 0.0004 "-" 96771 0
Dec 12 13:41:42 np0005557558.novalocal proxy-server[97772]: ::1 ::1 12/Dec/2025/18/41/42 GET /v1/AUTH_9f41729c3600455b8ee569c968fa446b/gnocchi.db2248be-e01d-4f81-990e-c9253a737e17/none_v3 HTTP/1.0 404 - python-swiftclient-4.7.0 gAAAAABpPGHN1oGc... - 70 - tx80ed65ad22144eb491495-00693c61e6 - 0.0230 - - 1765564902.368475437 1765564902.391480923 0
Dec 12 13:41:42 np0005557558.novalocal container-server[96475]: ::1 - - [12/Dec/2025:18:41:42 +0000] "PUT /3/95106/AUTH_9f41729c3600455b8ee569c968fa446b/gnocchi.369c7305-39ee-46eb-a6e3-8dd0d5c92b12/1764720000.0_mean_300.0_v3" 201 - "PUT http://[::1]:8080/3/244424/AUTH_9f41729c3600455b8ee569c968fa446b/gnocchi.369c7305-39ee-46eb-a6e3-8dd0d5c92b12/1764720000.0_mean_300.0_v3" "txd754ca73ac8f41f3acbe6-00693c61e6" "object-server 96772" 0.0010 "-" 96475 0
Dec 12 13:41:42 np0005557558.novalocal object-server[96772]: ::1 - - [12/Dec/2025:18:41:42 +0000] "PUT /3/244424/AUTH_9f41729c3600455b8ee569c968fa446b/gnocchi.369c7305-39ee-46eb-a6e3-8dd0d5c92b12/1764720000.0_mean_300.0_v3" 201 - "PUT https://[::1]:8080/v1/AUTH_9f41729c3600455b8ee569c968fa446b/gnocchi.369c7305-39ee-46eb-a6e3-8dd0d5c92b12/1764720000.0_mean_300.0_v3" "txd754ca73ac8f41f3acbe6-00693c61e6" "proxy-server 97771" 0.0296 "-" 96772 0
Dec 12 13:41:42 np0005557558.novalocal container-server[96475]: ::1 - - [12/Dec/2025:18:41:42 +0000] "PUT /2/95106/AUTH_9f41729c3600455b8ee569c968fa446b/gnocchi.369c7305-39ee-46eb-a6e3-8dd0d5c92b12/1764720000.0_mean_300.0_v3" 201 - "PUT http://[::1]:8080/1/244424/AUTH_9f41729c3600455b8ee569c968fa446b/gnocchi.369c7305-39ee-46eb-a6e3-8dd0d5c92b12/1764720000.0_mean_300.0_v3" "txd754ca73ac8f41f3acbe6-00693c61e6" "object-server 96772" 0.0005 "-" 96475 0
Dec 12 13:41:42 np0005557558.novalocal object-server[96772]: ::1 - - [12/Dec/2025:18:41:42 +0000] "PUT /1/244424/AUTH_9f41729c3600455b8ee569c968fa446b/gnocchi.369c7305-39ee-46eb-a6e3-8dd0d5c92b12/1764720000.0_mean_300.0_v3" 201 - "PUT https://[::1]:8080/v1/AUTH_9f41729c3600455b8ee569c968fa446b/gnocchi.369c7305-39ee-46eb-a6e3-8dd0d5c92b12/1764720000.0_mean_300.0_v3" "txd754ca73ac8f41f3acbe6-00693c61e6" "proxy-server 97771" 0.0326 "-" 96772 0
Dec 12 13:41:42 np0005557558.novalocal account-server[96174]: ::1 - - [12/Dec/2025:18:41:42 +0000] "PUT /2/24542/AUTH_9f41729c3600455b8ee569c968fa446b/gnocchi.db2248be-e01d-4f81-990e-c9253a737e17" 201 - "PUT http://[::1]:6001/3/170270/AUTH_9f41729c3600455b8ee569c968fa446b/gnocchi.db2248be-e01d-4f81-990e-c9253a737e17" "tx1d510175e5ac48bca7634-00693c61e6" "container-server 96475" 0.0042 "-" 96174 0
Dec 12 13:41:42 np0005557558.novalocal container-server[96475]: ::1 - - [12/Dec/2025:18:41:42 +0000] "PUT /3/170270/AUTH_9f41729c3600455b8ee569c968fa446b/gnocchi.db2248be-e01d-4f81-990e-c9253a737e17" 201 - "PUT https://[::1]:8080/v1/AUTH_9f41729c3600455b8ee569c968fa446b/gnocchi.db2248be-e01d-4f81-990e-c9253a737e17" "tx1d510175e5ac48bca7634-00693c61e6" "proxy-server 97772" 0.0202 "-" 96475 0
Dec 12 13:41:42 np0005557558.novalocal account-server[96174]: ::1 - - [12/Dec/2025:18:41:42 +0000] "PUT /1/24542/AUTH_9f41729c3600455b8ee569c968fa446b/gnocchi.db2248be-e01d-4f81-990e-c9253a737e17" 201 - "PUT http://[::1]:6001/2/170270/AUTH_9f41729c3600455b8ee569c968fa446b/gnocchi.db2248be-e01d-4f81-990e-c9253a737e17" "tx1d510175e5ac48bca7634-00693c61e6" "container-server 96474" 0.0063 "-" 96174 0
Dec 12 13:41:42 np0005557558.novalocal container-server[96474]: ::1 - - [12/Dec/2025:18:41:42 +0000] "PUT /1/95106/AUTH_9f41729c3600455b8ee569c968fa446b/gnocchi.369c7305-39ee-46eb-a6e3-8dd0d5c92b12/1764720000.0_mean_300.0_v3" 201 - "PUT http://[::1]:8080/2/244424/AUTH_9f41729c3600455b8ee569c968fa446b/gnocchi.369c7305-39ee-46eb-a6e3-8dd0d5c92b12/1764720000.0_mean_300.0_v3" "txd754ca73ac8f41f3acbe6-00693c61e6" "object-server 96771" 0.0008 "-" 96474 0
Dec 12 13:41:42 np0005557558.novalocal container-server[96474]: ::1 - - [12/Dec/2025:18:41:42 +0000] "PUT /2/170270/AUTH_9f41729c3600455b8ee569c968fa446b/gnocchi.db2248be-e01d-4f81-990e-c9253a737e17" 201 - "PUT https://[::1]:8080/v1/AUTH_9f41729c3600455b8ee569c968fa446b/gnocchi.db2248be-e01d-4f81-990e-c9253a737e17" "tx1d510175e5ac48bca7634-00693c61e6" "proxy-server 97772" 0.0256 "-" 96474 0
Dec 12 13:41:42 np0005557558.novalocal object-server[96771]: ::1 - - [12/Dec/2025:18:41:42 +0000] "PUT /2/244424/AUTH_9f41729c3600455b8ee569c968fa446b/gnocchi.369c7305-39ee-46eb-a6e3-8dd0d5c92b12/1764720000.0_mean_300.0_v3" 201 - "PUT https://[::1]:8080/v1/AUTH_9f41729c3600455b8ee569c968fa446b/gnocchi.369c7305-39ee-46eb-a6e3-8dd0d5c92b12/1764720000.0_mean_300.0_v3" "txd754ca73ac8f41f3acbe6-00693c61e6" "proxy-server 97771" 0.0449 "-" 96771 0
Dec 12 13:41:42 np0005557558.novalocal proxy-server[97771]: ::1 ::1 12/Dec/2025/18/41/42 PUT /v1/AUTH_9f41729c3600455b8ee569c968fa446b/gnocchi.369c7305-39ee-46eb-a6e3-8dd0d5c92b12/1764720000.0_mean_300.0_v3 HTTP/1.0 201 - python-swiftclient-4.7.0 gAAAAABpPGHN3vHt... 16 - - txd754ca73ac8f41f3acbe6-00693c61e6 - 0.0525 - - 1765564902.380883932 1765564902.433397770 0
Dec 12 13:41:42 np0005557558.novalocal account-server[96175]: ::1 - - [12/Dec/2025:18:41:42 +0000] "PUT /3/24542/AUTH_9f41729c3600455b8ee569c968fa446b/gnocchi.db2248be-e01d-4f81-990e-c9253a737e17" 201 - "PUT http://[::1]:6001/1/170270/AUTH_9f41729c3600455b8ee569c968fa446b/gnocchi.db2248be-e01d-4f81-990e-c9253a737e17" "tx1d510175e5ac48bca7634-00693c61e6" "container-server 96474" 0.0057 "-" 96175 0
Dec 12 13:41:42 np0005557558.novalocal container-server[96474]: ::1 - - [12/Dec/2025:18:41:42 +0000] "PUT /1/170270/AUTH_9f41729c3600455b8ee569c968fa446b/gnocchi.db2248be-e01d-4f81-990e-c9253a737e17" 201 - "PUT https://[::1]:8080/v1/AUTH_9f41729c3600455b8ee569c968fa446b/gnocchi.db2248be-e01d-4f81-990e-c9253a737e17" "tx1d510175e5ac48bca7634-00693c61e6" "proxy-server 97772" 0.0190 "-" 96474 0
Dec 12 13:41:42 np0005557558.novalocal proxy-server[97772]: ::1 ::1 12/Dec/2025/18/41/42 PUT /v1/AUTH_9f41729c3600455b8ee569c968fa446b/gnocchi.db2248be-e01d-4f81-990e-c9253a737e17 HTTP/1.0 201 - python-swiftclient-4.7.0 gAAAAABpPGHN1oGc... - - - tx1d510175e5ac48bca7634-00693c61e6 - 0.0471 - - 1765564902.395011187 1765564902.442082882 0
Dec 12 13:41:42 np0005557558.novalocal container-server[96475]: ::1 - - [12/Dec/2025:18:41:42 +0000] "HEAD /2/170270/AUTH_9f41729c3600455b8ee569c968fa446b/gnocchi.db2248be-e01d-4f81-990e-c9253a737e17" 204 - "HEAD http://[::1]:8080/v1/AUTH_9f41729c3600455b8ee569c968fa446b/gnocchi.db2248be-e01d-4f81-990e-c9253a737e17" "tx126d48e46fbe47c3a4546-00693c61e6" "proxy-server 97772" 0.0015 "-" 96475 0
Dec 12 13:41:42 np0005557558.novalocal proxy-server[97772]: - - 12/Dec/2025/18/41/42 HEAD /v1/AUTH_9f41729c3600455b8ee569c968fa446b/gnocchi.db2248be-e01d-4f81-990e-c9253a737e17 HTTP/1.0 204 - Swift - - - - tx126d48e46fbe47c3a4546-00693c61e6 - 0.0057 CS - 1765564902.446995974 1765564902.452670574 0
Dec 12 13:41:42 np0005557558.novalocal container-server[96475]: ::1 - - [12/Dec/2025:18:41:42 +0000] "GET /1/170270/AUTH_9f41729c3600455b8ee569c968fa446b/gnocchi.db2248be-e01d-4f81-990e-c9253a737e17" 200 2 "GET https://[::1]:8080/v1/AUTH_9f41729c3600455b8ee569c968fa446b/gnocchi.db2248be-e01d-4f81-990e-c9253a737e17?format=json&states=listing" "tx126d48e46fbe47c3a4546-00693c61e6" "proxy-server 97772" 0.0026 "-" 96475 0
Dec 12 13:41:42 np0005557558.novalocal proxy-server[97772]: ::1 ::1 12/Dec/2025/18/41/42 GET /v1/AUTH_9f41729c3600455b8ee569c968fa446b/gnocchi.db2248be-e01d-4f81-990e-c9253a737e17%3Fformat%3Djson%26states%3Dlisting HTTP/1.0 200 - python-swiftclient-4.7.0 gAAAAABpPGHN1oGc... - 2 - tx126d48e46fbe47c3a4546-00693c61e6 - 0.0155 - - 1765564902.446386099 1765564902.461935282 0
Dec 12 13:41:42 np0005557558.novalocal container-server[96475]: ::1 - - [12/Dec/2025:18:41:42 +0000] "PUT /3/95106/AUTH_9f41729c3600455b8ee569c968fa446b/gnocchi.369c7305-39ee-46eb-a6e3-8dd0d5c92b12/none_v3" 201 - "PUT http://[::1]:8080/2/238486/AUTH_9f41729c3600455b8ee569c968fa446b/gnocchi.369c7305-39ee-46eb-a6e3-8dd0d5c92b12/none_v3" "tx6646d52621ae46c7a4202-00693c61e6" "object-server 96772" 0.0005 "-" 96475 0
Dec 12 13:41:42 np0005557558.novalocal container-server[96475]: ::1 - - [12/Dec/2025:18:41:42 +0000] "PUT /1/95106/AUTH_9f41729c3600455b8ee569c968fa446b/gnocchi.369c7305-39ee-46eb-a6e3-8dd0d5c92b12/none_v3" 201 - "PUT http://[::1]:8080/1/238486/AUTH_9f41729c3600455b8ee569c968fa446b/gnocchi.369c7305-39ee-46eb-a6e3-8dd0d5c92b12/none_v3" "tx6646d52621ae46c7a4202-00693c61e6" "object-server 96772" 0.0004 "-" 96475 0
Dec 12 13:41:42 np0005557558.novalocal object-server[96772]: ::1 - - [12/Dec/2025:18:41:42 +0000] "PUT /2/238486/AUTH_9f41729c3600455b8ee569c968fa446b/gnocchi.369c7305-39ee-46eb-a6e3-8dd0d5c92b12/none_v3" 201 - "PUT https://[::1]:8080/v1/AUTH_9f41729c3600455b8ee569c968fa446b/gnocchi.369c7305-39ee-46eb-a6e3-8dd0d5c92b12/none_v3" "tx6646d52621ae46c7a4202-00693c61e6" "proxy-server 97771" 0.0155 "-" 96772 0
Dec 12 13:41:42 np0005557558.novalocal object-server[96772]: ::1 - - [12/Dec/2025:18:41:42 +0000] "PUT /1/238486/AUTH_9f41729c3600455b8ee569c968fa446b/gnocchi.369c7305-39ee-46eb-a6e3-8dd0d5c92b12/none_v3" 201 - "PUT https://[::1]:8080/v1/AUTH_9f41729c3600455b8ee569c968fa446b/gnocchi.369c7305-39ee-46eb-a6e3-8dd0d5c92b12/none_v3" "tx6646d52621ae46c7a4202-00693c61e6" "proxy-server 97771" 0.0210 "-" 96772 0
Dec 12 13:41:42 np0005557558.novalocal container-server[96475]: ::1 - - [12/Dec/2025:18:41:42 +0000] "PUT /2/95106/AUTH_9f41729c3600455b8ee569c968fa446b/gnocchi.369c7305-39ee-46eb-a6e3-8dd0d5c92b12/none_v3" 201 - "PUT http://[::1]:8080/3/238486/AUTH_9f41729c3600455b8ee569c968fa446b/gnocchi.369c7305-39ee-46eb-a6e3-8dd0d5c92b12/none_v3" "tx6646d52621ae46c7a4202-00693c61e6" "object-server 96771" 0.0004 "-" 96475 0
Dec 12 13:41:42 np0005557558.novalocal object-server[96771]: ::1 - - [12/Dec/2025:18:41:42 +0000] "PUT /3/238486/AUTH_9f41729c3600455b8ee569c968fa446b/gnocchi.369c7305-39ee-46eb-a6e3-8dd0d5c92b12/none_v3" 201 - "PUT https://[::1]:8080/v1/AUTH_9f41729c3600455b8ee569c968fa446b/gnocchi.369c7305-39ee-46eb-a6e3-8dd0d5c92b12/none_v3" "tx6646d52621ae46c7a4202-00693c61e6" "proxy-server 97771" 0.0234 "-" 96771 0
Dec 12 13:41:42 np0005557558.novalocal proxy-server[97771]: ::1 ::1 12/Dec/2025/18/41/42 PUT /v1/AUTH_9f41729c3600455b8ee569c968fa446b/gnocchi.369c7305-39ee-46eb-a6e3-8dd0d5c92b12/none_v3 HTTP/1.0 201 - python-swiftclient-4.7.0 gAAAAABpPGHN3vHt... 22 - - tx6646d52621ae46c7a4202-00693c61e6 - 0.0360 - - 1765564902.437108278 1765564902.473125935 0
Dec 12 13:41:42 np0005557558.novalocal object-server[96772]: ::1 - - [12/Dec/2025:18:41:42 +0000] "GET /1/227847/AUTH_9f41729c3600455b8ee569c968fa446b/gnocchi.db2248be-e01d-4f81-990e-c9253a737e17/1764720000.0_mean_300.0_v3" 404 70 "GET https://[::1]:8080/v1/AUTH_9f41729c3600455b8ee569c968fa446b/gnocchi.db2248be-e01d-4f81-990e-c9253a737e17/1764720000.0_mean_300.0_v3" "tx63576bb09f304bd1941fd-00693c61e6" "proxy-server 97772" 0.0005 "-" 96772 0
Dec 12 13:41:42 np0005557558.novalocal object-server[96771]: ::1 - - [12/Dec/2025:18:41:42 +0000] "GET /3/227847/AUTH_9f41729c3600455b8ee569c968fa446b/gnocchi.db2248be-e01d-4f81-990e-c9253a737e17/1764720000.0_mean_300.0_v3" 404 70 "GET https://[::1]:8080/v1/AUTH_9f41729c3600455b8ee569c968fa446b/gnocchi.db2248be-e01d-4f81-990e-c9253a737e17/1764720000.0_mean_300.0_v3" "tx63576bb09f304bd1941fd-00693c61e6" "proxy-server 97772" 0.0003 "-" 96771 0
Dec 12 13:41:42 np0005557558.novalocal object-server[96772]: ::1 - - [12/Dec/2025:18:41:42 +0000] "GET /2/227847/AUTH_9f41729c3600455b8ee569c968fa446b/gnocchi.db2248be-e01d-4f81-990e-c9253a737e17/1764720000.0_mean_300.0_v3" 404 70 "GET https://[::1]:8080/v1/AUTH_9f41729c3600455b8ee569c968fa446b/gnocchi.db2248be-e01d-4f81-990e-c9253a737e17/1764720000.0_mean_300.0_v3" "tx63576bb09f304bd1941fd-00693c61e6" "proxy-server 97772" 0.0005 "-" 96772 0
Dec 12 13:41:42 np0005557558.novalocal proxy-server[97772]: ::1 ::1 12/Dec/2025/18/41/42 GET /v1/AUTH_9f41729c3600455b8ee569c968fa446b/gnocchi.db2248be-e01d-4f81-990e-c9253a737e17/1764720000.0_mean_300.0_v3 HTTP/1.0 404 - python-swiftclient-4.7.0 gAAAAABpPGHN1oGc... - 70 - tx63576bb09f304bd1941fd-00693c61e6 - 0.0189 - - 1765564902.470465899 1765564902.489405870 0
Dec 12 13:41:42 np0005557558.novalocal container-server[96474]: ::1 - - [12/Dec/2025:18:41:42 +0000] "HEAD /3/49629/AUTH_9f41729c3600455b8ee569c968fa446b/gnocchi.0504ab87-69ff-4fbc-abb4-e8b8be4a3518" 404 - "HEAD http://[::1]:8080/v1/AUTH_9f41729c3600455b8ee569c968fa446b/gnocchi.0504ab87-69ff-4fbc-abb4-e8b8be4a3518" "txaa937e9893a347c2a890e-00693c61e6" "proxy-server 97771" 0.0003 "-" 96474 0
Dec 12 13:41:42 np0005557558.novalocal container-server[96475]: ::1 - - [12/Dec/2025:18:41:42 +0000] "HEAD /2/49629/AUTH_9f41729c3600455b8ee569c968fa446b/gnocchi.0504ab87-69ff-4fbc-abb4-e8b8be4a3518" 404 - "HEAD http://[::1]:8080/v1/AUTH_9f41729c3600455b8ee569c968fa446b/gnocchi.0504ab87-69ff-4fbc-abb4-e8b8be4a3518" "txaa937e9893a347c2a890e-00693c61e6" "proxy-server 97771" 0.0003 "-" 96475 0
Dec 12 13:41:42 np0005557558.novalocal container-server[96474]: ::1 - - [12/Dec/2025:18:41:42 +0000] "HEAD /1/49629/AUTH_9f41729c3600455b8ee569c968fa446b/gnocchi.0504ab87-69ff-4fbc-abb4-e8b8be4a3518" 404 - "HEAD http://[::1]:8080/v1/AUTH_9f41729c3600455b8ee569c968fa446b/gnocchi.0504ab87-69ff-4fbc-abb4-e8b8be4a3518" "txaa937e9893a347c2a890e-00693c61e6" "proxy-server 97771" 0.0003 "-" 96474 0
Dec 12 13:41:42 np0005557558.novalocal proxy-server[97771]: - - 12/Dec/2025/18/41/42 HEAD /v1/AUTH_9f41729c3600455b8ee569c968fa446b/gnocchi.0504ab87-69ff-4fbc-abb4-e8b8be4a3518 HTTP/1.0 404 - Swift - - - - txaa937e9893a347c2a890e-00693c61e6 - 0.0099 CS - 1765564902.491780043 1765564902.501724958 0
Dec 12 13:41:42 np0005557558.novalocal object-server[96772]: ::1 - - [12/Dec/2025:18:41:42 +0000] "GET /3/260181/AUTH_9f41729c3600455b8ee569c968fa446b/gnocchi.0504ab87-69ff-4fbc-abb4-e8b8be4a3518/none_v3" 404 70 "GET https://[::1]:8080/v1/AUTH_9f41729c3600455b8ee569c968fa446b/gnocchi.0504ab87-69ff-4fbc-abb4-e8b8be4a3518/none_v3" "txaa937e9893a347c2a890e-00693c61e6" "proxy-server 97771" 0.0020 "-" 96772 0
Dec 12 13:41:42 np0005557558.novalocal object-server[96772]: ::1 - - [12/Dec/2025:18:41:42 +0000] "GET /2/260181/AUTH_9f41729c3600455b8ee569c968fa446b/gnocchi.0504ab87-69ff-4fbc-abb4-e8b8be4a3518/none_v3" 404 70 "GET https://[::1]:8080/v1/AUTH_9f41729c3600455b8ee569c968fa446b/gnocchi.0504ab87-69ff-4fbc-abb4-e8b8be4a3518/none_v3" "txaa937e9893a347c2a890e-00693c61e6" "proxy-server 97771" 0.0004 "-" 96772 0
Dec 12 13:41:42 np0005557558.novalocal object-server[96771]: ::1 - - [12/Dec/2025:18:41:42 +0000] "GET /1/260181/AUTH_9f41729c3600455b8ee569c968fa446b/gnocchi.0504ab87-69ff-4fbc-abb4-e8b8be4a3518/none_v3" 404 70 "GET https://[::1]:8080/v1/AUTH_9f41729c3600455b8ee569c968fa446b/gnocchi.0504ab87-69ff-4fbc-abb4-e8b8be4a3518/none_v3" "txaa937e9893a347c2a890e-00693c61e6" "proxy-server 97771" 0.0005 "-" 96771 0
Dec 12 13:41:42 np0005557558.novalocal container-server[96474]: ::1 - - [12/Dec/2025:18:41:42 +0000] "PUT /1/170270/AUTH_9f41729c3600455b8ee569c968fa446b/gnocchi.db2248be-e01d-4f81-990e-c9253a737e17/1764720000.0_mean_300.0_v3" 201 - "PUT http://[::1]:8080/2/227847/AUTH_9f41729c3600455b8ee569c968fa446b/gnocchi.db2248be-e01d-4f81-990e-c9253a737e17/1764720000.0_mean_300.0_v3" "tx13f10acde0e0400383f28-00693c61e6" "object-server 96772" 0.0007 "-" 96474 0
Dec 12 13:41:42 np0005557558.novalocal proxy-server[97771]: ::1 ::1 12/Dec/2025/18/41/42 GET /v1/AUTH_9f41729c3600455b8ee569c968fa446b/gnocchi.0504ab87-69ff-4fbc-abb4-e8b8be4a3518/none_v3 HTTP/1.0 404 - python-swiftclient-4.7.0 gAAAAABpPGHN3vHt... - 70 - txaa937e9893a347c2a890e-00693c61e6 - 0.0336 - - 1765564902.490733624 1765564902.524307251 0
Dec 12 13:41:42 np0005557558.novalocal container-server[96474]: ::1 - - [12/Dec/2025:18:41:42 +0000] "PUT /3/170270/AUTH_9f41729c3600455b8ee569c968fa446b/gnocchi.db2248be-e01d-4f81-990e-c9253a737e17/1764720000.0_mean_300.0_v3" 201 - "PUT http://[::1]:8080/3/227847/AUTH_9f41729c3600455b8ee569c968fa446b/gnocchi.db2248be-e01d-4f81-990e-c9253a737e17/1764720000.0_mean_300.0_v3" "tx13f10acde0e0400383f28-00693c61e6" "object-server 96772" 0.0005 "-" 96474 0
Dec 12 13:41:42 np0005557558.novalocal object-server[96772]: ::1 - - [12/Dec/2025:18:41:42 +0000] "PUT /2/227847/AUTH_9f41729c3600455b8ee569c968fa446b/gnocchi.db2248be-e01d-4f81-990e-c9253a737e17/1764720000.0_mean_300.0_v3" 201 - "PUT https://[::1]:8080/v1/AUTH_9f41729c3600455b8ee569c968fa446b/gnocchi.db2248be-e01d-4f81-990e-c9253a737e17/1764720000.0_mean_300.0_v3" "tx13f10acde0e0400383f28-00693c61e6" "proxy-server 97772" 0.0171 "-" 96772 0
Dec 12 13:41:42 np0005557558.novalocal object-server[96772]: ::1 - - [12/Dec/2025:18:41:42 +0000] "PUT /3/227847/AUTH_9f41729c3600455b8ee569c968fa446b/gnocchi.db2248be-e01d-4f81-990e-c9253a737e17/1764720000.0_mean_300.0_v3" 201 - "PUT https://[::1]:8080/v1/AUTH_9f41729c3600455b8ee569c968fa446b/gnocchi.db2248be-e01d-4f81-990e-c9253a737e17/1764720000.0_mean_300.0_v3" "tx13f10acde0e0400383f28-00693c61e6" "proxy-server 97772" 0.0230 "-" 96772 0
Dec 12 13:41:42 np0005557558.novalocal container-server[96474]: ::1 - - [12/Dec/2025:18:41:42 +0000] "PUT /2/170270/AUTH_9f41729c3600455b8ee569c968fa446b/gnocchi.db2248be-e01d-4f81-990e-c9253a737e17/1764720000.0_mean_300.0_v3" 201 - "PUT http://[::1]:8080/1/227847/AUTH_9f41729c3600455b8ee569c968fa446b/gnocchi.db2248be-e01d-4f81-990e-c9253a737e17/1764720000.0_mean_300.0_v3" "tx13f10acde0e0400383f28-00693c61e6" "object-server 96772" 0.0005 "-" 96474 0
Dec 12 13:41:42 np0005557558.novalocal object-server[96772]: ::1 - - [12/Dec/2025:18:41:42 +0000] "PUT /1/227847/AUTH_9f41729c3600455b8ee569c968fa446b/gnocchi.db2248be-e01d-4f81-990e-c9253a737e17/1764720000.0_mean_300.0_v3" 201 - "PUT https://[::1]:8080/v1/AUTH_9f41729c3600455b8ee569c968fa446b/gnocchi.db2248be-e01d-4f81-990e-c9253a737e17/1764720000.0_mean_300.0_v3" "tx13f10acde0e0400383f28-00693c61e6" "proxy-server 97772" 0.0225 "-" 96772 0
Dec 12 13:41:42 np0005557558.novalocal proxy-server[97772]: ::1 ::1 12/Dec/2025/18/41/42 PUT /v1/AUTH_9f41729c3600455b8ee569c968fa446b/gnocchi.db2248be-e01d-4f81-990e-c9253a737e17/1764720000.0_mean_300.0_v3 HTTP/1.0 201 - python-swiftclient-4.7.0 gAAAAABpPGHN1oGc... 16 - - tx13f10acde0e0400383f28-00693c61e6 - 0.0372 - - 1765564902.493284702 1765564902.530452728 0
Dec 12 13:41:42 np0005557558.novalocal account-server[96174]: ::1 - - [12/Dec/2025:18:41:42 +0000] "PUT /1/24542/AUTH_9f41729c3600455b8ee569c968fa446b/gnocchi.0504ab87-69ff-4fbc-abb4-e8b8be4a3518" 201 - "PUT http://[::1]:6001/2/49629/AUTH_9f41729c3600455b8ee569c968fa446b/gnocchi.0504ab87-69ff-4fbc-abb4-e8b8be4a3518" "txc9d21558138b45c79515d-00693c61e6" "container-server 96474" 0.0087 "-" 96174 0
Dec 12 13:41:42 np0005557558.novalocal container-server[96474]: ::1 - - [12/Dec/2025:18:41:42 +0000] "PUT /2/49629/AUTH_9f41729c3600455b8ee569c968fa446b/gnocchi.0504ab87-69ff-4fbc-abb4-e8b8be4a3518" 201 - "PUT https://[::1]:8080/v1/AUTH_9f41729c3600455b8ee569c968fa446b/gnocchi.0504ab87-69ff-4fbc-abb4-e8b8be4a3518" "txc9d21558138b45c79515d-00693c61e6" "proxy-server 97771" 0.0231 "-" 96474 0
Dec 12 13:41:42 np0005557558.novalocal container-server[96475]: ::1 - - [12/Dec/2025:18:41:42 +0000] "PUT /2/170270/AUTH_9f41729c3600455b8ee569c968fa446b/gnocchi.db2248be-e01d-4f81-990e-c9253a737e17/none_v3" 201 - "PUT http://[::1]:8080/2/247991/AUTH_9f41729c3600455b8ee569c968fa446b/gnocchi.db2248be-e01d-4f81-990e-c9253a737e17/none_v3" "txdcc3582885214bb6800a7-00693c61e6" "object-server 96772" 0.0007 "-" 96475 0
Dec 12 13:41:42 np0005557558.novalocal object-server[96772]: ::1 - - [12/Dec/2025:18:41:42 +0000] "PUT /2/247991/AUTH_9f41729c3600455b8ee569c968fa446b/gnocchi.db2248be-e01d-4f81-990e-c9253a737e17/none_v3" 201 - "PUT https://[::1]:8080/v1/AUTH_9f41729c3600455b8ee569c968fa446b/gnocchi.db2248be-e01d-4f81-990e-c9253a737e17/none_v3" "txdcc3582885214bb6800a7-00693c61e6" "proxy-server 97772" 0.0239 "-" 96772 0
Dec 12 13:41:42 np0005557558.novalocal container-server[96474]: ::1 - - [12/Dec/2025:18:41:42 +0000] "PUT /3/170270/AUTH_9f41729c3600455b8ee569c968fa446b/gnocchi.db2248be-e01d-4f81-990e-c9253a737e17/none_v3" 201 - "PUT http://[::1]:8080/1/247991/AUTH_9f41729c3600455b8ee569c968fa446b/gnocchi.db2248be-e01d-4f81-990e-c9253a737e17/none_v3" "txdcc3582885214bb6800a7-00693c61e6" "object-server 96771" 0.0005 "-" 96474 0
Dec 12 13:41:42 np0005557558.novalocal account-server[96174]: ::1 - - [12/Dec/2025:18:41:42 +0000] "PUT /2/24542/AUTH_9f41729c3600455b8ee569c968fa446b/gnocchi.0504ab87-69ff-4fbc-abb4-e8b8be4a3518" 201 - "PUT http://[::1]:6001/1/49629/AUTH_9f41729c3600455b8ee569c968fa446b/gnocchi.0504ab87-69ff-4fbc-abb4-e8b8be4a3518" "txc9d21558138b45c79515d-00693c61e6" "container-server 96474" 0.0090 "-" 96174 0
Dec 12 13:41:42 np0005557558.novalocal container-server[96474]: ::1 - - [12/Dec/2025:18:41:42 +0000] "PUT /1/170270/AUTH_9f41729c3600455b8ee569c968fa446b/gnocchi.db2248be-e01d-4f81-990e-c9253a737e17/none_v3" 201 - "PUT http://[::1]:8080/3/247991/AUTH_9f41729c3600455b8ee569c968fa446b/gnocchi.db2248be-e01d-4f81-990e-c9253a737e17/none_v3" "txdcc3582885214bb6800a7-00693c61e6" "object-server 96771" 0.0003 "-" 96474 0
Dec 12 13:41:42 np0005557558.novalocal container-server[96474]: ::1 - - [12/Dec/2025:18:41:42 +0000] "PUT /1/49629/AUTH_9f41729c3600455b8ee569c968fa446b/gnocchi.0504ab87-69ff-4fbc-abb4-e8b8be4a3518" 201 - "PUT https://[::1]:8080/v1/AUTH_9f41729c3600455b8ee569c968fa446b/gnocchi.0504ab87-69ff-4fbc-abb4-e8b8be4a3518" "txc9d21558138b45c79515d-00693c61e6" "proxy-server 97771" 0.0275 "-" 96474 0
Dec 12 13:41:42 np0005557558.novalocal object-server[96771]: ::1 - - [12/Dec/2025:18:41:42 +0000] "PUT /1/247991/AUTH_9f41729c3600455b8ee569c968fa446b/gnocchi.db2248be-e01d-4f81-990e-c9253a737e17/none_v3" 201 - "PUT https://[::1]:8080/v1/AUTH_9f41729c3600455b8ee569c968fa446b/gnocchi.db2248be-e01d-4f81-990e-c9253a737e17/none_v3" "txdcc3582885214bb6800a7-00693c61e6" "proxy-server 97772" 0.0230 "-" 96771 0
Dec 12 13:41:42 np0005557558.novalocal object-server[96771]: ::1 - - [12/Dec/2025:18:41:42 +0000] "PUT /3/247991/AUTH_9f41729c3600455b8ee569c968fa446b/gnocchi.db2248be-e01d-4f81-990e-c9253a737e17/none_v3" 201 - "PUT https://[::1]:8080/v1/AUTH_9f41729c3600455b8ee569c968fa446b/gnocchi.db2248be-e01d-4f81-990e-c9253a737e17/none_v3" "txdcc3582885214bb6800a7-00693c61e6" "proxy-server 97772" 0.0223 "-" 96771 0
Dec 12 13:41:42 np0005557558.novalocal proxy-server[97772]: ::1 ::1 12/Dec/2025/18/41/42 PUT /v1/AUTH_9f41729c3600455b8ee569c968fa446b/gnocchi.db2248be-e01d-4f81-990e-c9253a737e17/none_v3 HTTP/1.0 201 - python-swiftclient-4.7.0 gAAAAABpPGHN1oGc... 22 - - txdcc3582885214bb6800a7-00693c61e6 - 0.0398 - - 1765564902.533263206 1765564902.573077679 0
Dec 12 13:41:42 np0005557558.novalocal account-server[96174]: ::1 - - [12/Dec/2025:18:41:42 +0000] "PUT /3/24542/AUTH_9f41729c3600455b8ee569c968fa446b/gnocchi.0504ab87-69ff-4fbc-abb4-e8b8be4a3518" 201 - "PUT http://[::1]:6001/3/49629/AUTH_9f41729c3600455b8ee569c968fa446b/gnocchi.0504ab87-69ff-4fbc-abb4-e8b8be4a3518" "txc9d21558138b45c79515d-00693c61e6" "container-server 96474" 0.0104 "-" 96174 0
Dec 12 13:41:42 np0005557558.novalocal container-server[96474]: ::1 - - [12/Dec/2025:18:41:42 +0000] "PUT /3/49629/AUTH_9f41729c3600455b8ee569c968fa446b/gnocchi.0504ab87-69ff-4fbc-abb4-e8b8be4a3518" 201 - "PUT https://[::1]:8080/v1/AUTH_9f41729c3600455b8ee569c968fa446b/gnocchi.0504ab87-69ff-4fbc-abb4-e8b8be4a3518" "txc9d21558138b45c79515d-00693c61e6" "proxy-server 97771" 0.0316 "-" 96474 0
Dec 12 13:41:42 np0005557558.novalocal proxy-server[97771]: ::1 ::1 12/Dec/2025/18/41/42 PUT /v1/AUTH_9f41729c3600455b8ee569c968fa446b/gnocchi.0504ab87-69ff-4fbc-abb4-e8b8be4a3518 HTTP/1.0 201 - python-swiftclient-4.7.0 gAAAAABpPGHN3vHt... - - - txc9d21558138b45c79515d-00693c61e6 - 0.0542 - - 1765564902.527624130 1765564902.581808567 0
Dec 12 13:41:42 np0005557558.novalocal container-server[96475]: ::1 - - [12/Dec/2025:18:41:42 +0000] "HEAD /2/49629/AUTH_9f41729c3600455b8ee569c968fa446b/gnocchi.0504ab87-69ff-4fbc-abb4-e8b8be4a3518" 204 - "HEAD http://[::1]:8080/v1/AUTH_9f41729c3600455b8ee569c968fa446b/gnocchi.0504ab87-69ff-4fbc-abb4-e8b8be4a3518" "tx4bf4bb0def104977acee3-00693c61e6" "proxy-server 97771" 0.0016 "-" 96475 0
Dec 12 13:41:42 np0005557558.novalocal proxy-server[97771]: - - 12/Dec/2025/18/41/42 HEAD /v1/AUTH_9f41729c3600455b8ee569c968fa446b/gnocchi.0504ab87-69ff-4fbc-abb4-e8b8be4a3518 HTTP/1.0 204 - Swift - - - - tx4bf4bb0def104977acee3-00693c61e6 - 0.0054 CS - 1765564902.585682631 1765564902.591075420 0
Dec 12 13:41:42 np0005557558.novalocal container-server[96474]: ::1 - - [12/Dec/2025:18:41:42 +0000] "HEAD /1/31696/AUTH_9f41729c3600455b8ee569c968fa446b/gnocchi.771d5afc-29f3-40b8-9fad-d46f1503009f" 404 - "HEAD http://[::1]:8080/v1/AUTH_9f41729c3600455b8ee569c968fa446b/gnocchi.771d5afc-29f3-40b8-9fad-d46f1503009f" "tx5df8cce60bb54d3080622-00693c61e6" "proxy-server 97772" 0.0005 "-" 96474 0
Dec 12 13:41:42 np0005557558.novalocal container-server[96475]: ::1 - - [12/Dec/2025:18:41:42 +0000] "HEAD /2/31696/AUTH_9f41729c3600455b8ee569c968fa446b/gnocchi.771d5afc-29f3-40b8-9fad-d46f1503009f" 404 - "HEAD http://[::1]:8080/v1/AUTH_9f41729c3600455b8ee569c968fa446b/gnocchi.771d5afc-29f3-40b8-9fad-d46f1503009f" "tx5df8cce60bb54d3080622-00693c61e6" "proxy-server 97772" 0.0002 "-" 96475 0
Dec 12 13:41:42 np0005557558.novalocal container-server[96474]: ::1 - - [12/Dec/2025:18:41:42 +0000] "GET /3/49629/AUTH_9f41729c3600455b8ee569c968fa446b/gnocchi.0504ab87-69ff-4fbc-abb4-e8b8be4a3518" 200 2 "GET https://[::1]:8080/v1/AUTH_9f41729c3600455b8ee569c968fa446b/gnocchi.0504ab87-69ff-4fbc-abb4-e8b8be4a3518?format=json&states=listing" "tx4bf4bb0def104977acee3-00693c61e6" "proxy-server 97771" 0.0026 "-" 96474 0
Dec 12 13:41:42 np0005557558.novalocal container-server[96474]: ::1 - - [12/Dec/2025:18:41:42 +0000] "HEAD /3/31696/AUTH_9f41729c3600455b8ee569c968fa446b/gnocchi.771d5afc-29f3-40b8-9fad-d46f1503009f" 404 - "HEAD http://[::1]:8080/v1/AUTH_9f41729c3600455b8ee569c968fa446b/gnocchi.771d5afc-29f3-40b8-9fad-d46f1503009f" "tx5df8cce60bb54d3080622-00693c61e6" "proxy-server 97772" 0.0003 "-" 96474 0
Dec 12 13:41:42 np0005557558.novalocal proxy-server[97771]: ::1 ::1 12/Dec/2025/18/41/42 GET /v1/AUTH_9f41729c3600455b8ee569c968fa446b/gnocchi.0504ab87-69ff-4fbc-abb4-e8b8be4a3518%3Fformat%3Djson%26states%3Dlisting HTTP/1.0 200 - python-swiftclient-4.7.0 gAAAAABpPGHN3vHt... - 2 - tx4bf4bb0def104977acee3-00693c61e6 - 0.0172 - - 1765564902.585026741 1765564902.602254391 0
Dec 12 13:41:42 np0005557558.novalocal proxy-server[97772]: - - 12/Dec/2025/18/41/42 HEAD /v1/AUTH_9f41729c3600455b8ee569c968fa446b/gnocchi.771d5afc-29f3-40b8-9fad-d46f1503009f HTTP/1.0 404 - Swift - - - - tx5df8cce60bb54d3080622-00693c61e6 - 0.0104 CS - 1765564902.592095137 1765564902.602463484 0
Dec 12 13:41:42 np0005557558.novalocal object-server[96772]: ::1 - - [12/Dec/2025:18:41:42 +0000] "GET /3/135609/AUTH_9f41729c3600455b8ee569c968fa446b/gnocchi.771d5afc-29f3-40b8-9fad-d46f1503009f/none_v3" 404 70 "GET https://[::1]:8080/v1/AUTH_9f41729c3600455b8ee569c968fa446b/gnocchi.771d5afc-29f3-40b8-9fad-d46f1503009f/none_v3" "tx5df8cce60bb54d3080622-00693c61e6" "proxy-server 97772" 0.0005 "-" 96772 0
Dec 12 13:41:42 np0005557558.novalocal object-server[96772]: ::1 - - [12/Dec/2025:18:41:42 +0000] "GET /2/135609/AUTH_9f41729c3600455b8ee569c968fa446b/gnocchi.771d5afc-29f3-40b8-9fad-d46f1503009f/none_v3" 404 70 "GET https://[::1]:8080/v1/AUTH_9f41729c3600455b8ee569c968fa446b/gnocchi.771d5afc-29f3-40b8-9fad-d46f1503009f/none_v3" "tx5df8cce60bb54d3080622-00693c61e6" "proxy-server 97772" 0.0003 "-" 96772 0
Dec 12 13:41:42 np0005557558.novalocal object-server[96772]: ::1 - - [12/Dec/2025:18:41:42 +0000] "GET /3/197249/AUTH_9f41729c3600455b8ee569c968fa446b/gnocchi.0504ab87-69ff-4fbc-abb4-e8b8be4a3518/1764720000.0_mean_300.0_v3" 404 70 "GET https://[::1]:8080/v1/AUTH_9f41729c3600455b8ee569c968fa446b/gnocchi.0504ab87-69ff-4fbc-abb4-e8b8be4a3518/1764720000.0_mean_300.0_v3" "tx24875e9769814e3a87b3e-00693c61e6" "proxy-server 97771" 0.0004 "-" 96772 0
Dec 12 13:41:42 np0005557558.novalocal object-server[96771]: ::1 - - [12/Dec/2025:18:41:42 +0000] "GET /1/135609/AUTH_9f41729c3600455b8ee569c968fa446b/gnocchi.771d5afc-29f3-40b8-9fad-d46f1503009f/none_v3" 404 70 "GET https://[::1]:8080/v1/AUTH_9f41729c3600455b8ee569c968fa446b/gnocchi.771d5afc-29f3-40b8-9fad-d46f1503009f/none_v3" "tx5df8cce60bb54d3080622-00693c61e6" "proxy-server 97772" 0.0005 "-" 96771 0
Dec 12 13:41:42 np0005557558.novalocal proxy-server[97772]: ::1 ::1 12/Dec/2025/18/41/42 GET /v1/AUTH_9f41729c3600455b8ee569c968fa446b/gnocchi.771d5afc-29f3-40b8-9fad-d46f1503009f/none_v3 HTTP/1.0 404 - python-swiftclient-4.7.0 gAAAAABpPGHN1oGc... - 70 - tx5df8cce60bb54d3080622-00693c61e6 - 0.0232 - - 1765564902.590980530 1765564902.614149570 0
Dec 12 13:41:42 np0005557558.novalocal object-server[96772]: ::1 - - [12/Dec/2025:18:41:42 +0000] "GET /1/197249/AUTH_9f41729c3600455b8ee569c968fa446b/gnocchi.0504ab87-69ff-4fbc-abb4-e8b8be4a3518/1764720000.0_mean_300.0_v3" 404 70 "GET https://[::1]:8080/v1/AUTH_9f41729c3600455b8ee569c968fa446b/gnocchi.0504ab87-69ff-4fbc-abb4-e8b8be4a3518/1764720000.0_mean_300.0_v3" "tx24875e9769814e3a87b3e-00693c61e6" "proxy-server 97771" 0.0003 "-" 96772 0
Dec 12 13:41:42 np0005557558.novalocal object-server[96772]: ::1 - - [12/Dec/2025:18:41:42 +0000] "GET /2/197249/AUTH_9f41729c3600455b8ee569c968fa446b/gnocchi.0504ab87-69ff-4fbc-abb4-e8b8be4a3518/1764720000.0_mean_300.0_v3" 404 70 "GET https://[::1]:8080/v1/AUTH_9f41729c3600455b8ee569c968fa446b/gnocchi.0504ab87-69ff-4fbc-abb4-e8b8be4a3518/1764720000.0_mean_300.0_v3" "tx24875e9769814e3a87b3e-00693c61e6" "proxy-server 97771" 0.0003 "-" 96772 0
Dec 12 13:41:42 np0005557558.novalocal proxy-server[97771]: ::1 ::1 12/Dec/2025/18/41/42 GET /v1/AUTH_9f41729c3600455b8ee569c968fa446b/gnocchi.0504ab87-69ff-4fbc-abb4-e8b8be4a3518/1764720000.0_mean_300.0_v3 HTTP/1.0 404 - python-swiftclient-4.7.0 gAAAAABpPGHN3vHt... - 70 - tx24875e9769814e3a87b3e-00693c61e6 - 0.0133 - - 1765564902.605999947 1765564902.619339705 0
Dec 12 13:41:42 np0005557558.novalocal container-server[96474]: ::1 - - [12/Dec/2025:18:41:42 +0000] "PUT /3/49629/AUTH_9f41729c3600455b8ee569c968fa446b/gnocchi.0504ab87-69ff-4fbc-abb4-e8b8be4a3518/1764720000.0_mean_300.0_v3" 201 - "PUT http://[::1]:8080/2/197249/AUTH_9f41729c3600455b8ee569c968fa446b/gnocchi.0504ab87-69ff-4fbc-abb4-e8b8be4a3518/1764720000.0_mean_300.0_v3" "txc81f41528809442f8e153-00693c61e6" "object-server 96772" 0.0007 "-" 96474 0
Dec 12 13:41:42 np0005557558.novalocal object-server[96772]: ::1 - - [12/Dec/2025:18:41:42 +0000] "PUT /2/197249/AUTH_9f41729c3600455b8ee569c968fa446b/gnocchi.0504ab87-69ff-4fbc-abb4-e8b8be4a3518/1764720000.0_mean_300.0_v3" 201 - "PUT https://[::1]:8080/v1/AUTH_9f41729c3600455b8ee569c968fa446b/gnocchi.0504ab87-69ff-4fbc-abb4-e8b8be4a3518/1764720000.0_mean_300.0_v3" "txc81f41528809442f8e153-00693c61e6" "proxy-server 97771" 0.0135 "-" 96772 0
Dec 12 13:41:42 np0005557558.novalocal container-server[96474]: ::1 - - [12/Dec/2025:18:41:42 +0000] "PUT /2/49629/AUTH_9f41729c3600455b8ee569c968fa446b/gnocchi.0504ab87-69ff-4fbc-abb4-e8b8be4a3518/1764720000.0_mean_300.0_v3" 201 - "PUT http://[::1]:8080/3/197249/AUTH_9f41729c3600455b8ee569c968fa446b/gnocchi.0504ab87-69ff-4fbc-abb4-e8b8be4a3518/1764720000.0_mean_300.0_v3" "txc81f41528809442f8e153-00693c61e6" "object-server 96771" 0.0007 "-" 96474 0
Dec 12 13:41:42 np0005557558.novalocal object-server[96771]: ::1 - - [12/Dec/2025:18:41:42 +0000] "PUT /3/197249/AUTH_9f41729c3600455b8ee569c968fa446b/gnocchi.0504ab87-69ff-4fbc-abb4-e8b8be4a3518/1764720000.0_mean_300.0_v3" 201 - "PUT https://[::1]:8080/v1/AUTH_9f41729c3600455b8ee569c968fa446b/gnocchi.0504ab87-69ff-4fbc-abb4-e8b8be4a3518/1764720000.0_mean_300.0_v3" "txc81f41528809442f8e153-00693c61e6" "proxy-server 97771" 0.0157 "-" 96771 0
Dec 12 13:41:42 np0005557558.novalocal container-server[96475]: ::1 - - [12/Dec/2025:18:41:42 +0000] "PUT /1/49629/AUTH_9f41729c3600455b8ee569c968fa446b/gnocchi.0504ab87-69ff-4fbc-abb4-e8b8be4a3518/1764720000.0_mean_300.0_v3" 201 - "PUT http://[::1]:8080/1/197249/AUTH_9f41729c3600455b8ee569c968fa446b/gnocchi.0504ab87-69ff-4fbc-abb4-e8b8be4a3518/1764720000.0_mean_300.0_v3" "txc81f41528809442f8e153-00693c61e6" "object-server 96771" 0.0005 "-" 96475 0
Dec 12 13:41:42 np0005557558.novalocal object-server[96771]: ::1 - - [12/Dec/2025:18:41:42 +0000] "PUT /1/197249/AUTH_9f41729c3600455b8ee569c968fa446b/gnocchi.0504ab87-69ff-4fbc-abb4-e8b8be4a3518/1764720000.0_mean_300.0_v3" 201 - "PUT https://[::1]:8080/v1/AUTH_9f41729c3600455b8ee569c968fa446b/gnocchi.0504ab87-69ff-4fbc-abb4-e8b8be4a3518/1764720000.0_mean_300.0_v3" "txc81f41528809442f8e153-00693c61e6" "proxy-server 97771" 0.0297 "-" 96771 0
Dec 12 13:41:42 np0005557558.novalocal proxy-server[97771]: ::1 ::1 12/Dec/2025/18/41/42 PUT /v1/AUTH_9f41729c3600455b8ee569c968fa446b/gnocchi.0504ab87-69ff-4fbc-abb4-e8b8be4a3518/1764720000.0_mean_300.0_v3 HTTP/1.0 201 - python-swiftclient-4.7.0 gAAAAABpPGHN3vHt... 16 - - txc81f41528809442f8e153-00693c61e6 - 0.0389 - - 1765564902.622676373 1765564902.661545277 0
Dec 12 13:41:42 np0005557558.novalocal account-server[96175]: ::1 - - [12/Dec/2025:18:41:42 +0000] "PUT /1/24542/AUTH_9f41729c3600455b8ee569c968fa446b/gnocchi.771d5afc-29f3-40b8-9fad-d46f1503009f" 201 - "PUT http://[::1]:6001/2/31696/AUTH_9f41729c3600455b8ee569c968fa446b/gnocchi.771d5afc-29f3-40b8-9fad-d46f1503009f" "tx29a50732da1c485da8fe1-00693c61e6" "container-server 96475" 0.0092 "-" 96175 0
Dec 12 13:41:42 np0005557558.novalocal container-server[96475]: ::1 - - [12/Dec/2025:18:41:42 +0000] "PUT /2/31696/AUTH_9f41729c3600455b8ee569c968fa446b/gnocchi.771d5afc-29f3-40b8-9fad-d46f1503009f" 201 - "PUT https://[::1]:8080/v1/AUTH_9f41729c3600455b8ee569c968fa446b/gnocchi.771d5afc-29f3-40b8-9fad-d46f1503009f" "tx29a50732da1c485da8fe1-00693c61e6" "proxy-server 97772" 0.0473 "-" 96475 0
Dec 12 13:41:42 np0005557558.novalocal account-server[96175]: ::1 - - [12/Dec/2025:18:41:42 +0000] "PUT /3/24542/AUTH_9f41729c3600455b8ee569c968fa446b/gnocchi.771d5afc-29f3-40b8-9fad-d46f1503009f" 201 - "PUT http://[::1]:6001/1/31696/AUTH_9f41729c3600455b8ee569c968fa446b/gnocchi.771d5afc-29f3-40b8-9fad-d46f1503009f" "tx29a50732da1c485da8fe1-00693c61e6" "container-server 96475" 0.0036 "-" 96175 0
Dec 12 13:41:42 np0005557558.novalocal container-server[96475]: ::1 - - [12/Dec/2025:18:41:42 +0000] "PUT /1/31696/AUTH_9f41729c3600455b8ee569c968fa446b/gnocchi.771d5afc-29f3-40b8-9fad-d46f1503009f" 201 - "PUT https://[::1]:8080/v1/AUTH_9f41729c3600455b8ee569c968fa446b/gnocchi.771d5afc-29f3-40b8-9fad-d46f1503009f" "tx29a50732da1c485da8fe1-00693c61e6" "proxy-server 97772" 0.0334 "-" 96475 0
Dec 12 13:41:42 np0005557558.novalocal account-server[96175]: ::1 - - [12/Dec/2025:18:41:42 +0000] "PUT /2/24542/AUTH_9f41729c3600455b8ee569c968fa446b/gnocchi.771d5afc-29f3-40b8-9fad-d46f1503009f" 201 - "PUT http://[::1]:6001/3/31696/AUTH_9f41729c3600455b8ee569c968fa446b/gnocchi.771d5afc-29f3-40b8-9fad-d46f1503009f" "tx29a50732da1c485da8fe1-00693c61e6" "container-server 96475" 0.0052 "-" 96175 0
Dec 12 13:41:42 np0005557558.novalocal container-server[96475]: ::1 - - [12/Dec/2025:18:41:42 +0000] "PUT /3/31696/AUTH_9f41729c3600455b8ee569c968fa446b/gnocchi.771d5afc-29f3-40b8-9fad-d46f1503009f" 201 - "PUT https://[::1]:8080/v1/AUTH_9f41729c3600455b8ee569c968fa446b/gnocchi.771d5afc-29f3-40b8-9fad-d46f1503009f" "tx29a50732da1c485da8fe1-00693c61e6" "proxy-server 97772" 0.0332 "-" 96475 0
Dec 12 13:41:42 np0005557558.novalocal proxy-server[97772]: ::1 ::1 12/Dec/2025/18/41/42 PUT /v1/AUTH_9f41729c3600455b8ee569c968fa446b/gnocchi.771d5afc-29f3-40b8-9fad-d46f1503009f HTTP/1.0 201 - python-swiftclient-4.7.0 gAAAAABpPGHN1oGc... - - - tx29a50732da1c485da8fe1-00693c61e6 - 0.0689 - - 1765564902.616766930 1765564902.685677290 0
Dec 12 13:41:42 np0005557558.novalocal container-server[96475]: ::1 - - [12/Dec/2025:18:41:42 +0000] "PUT /2/49629/AUTH_9f41729c3600455b8ee569c968fa446b/gnocchi.0504ab87-69ff-4fbc-abb4-e8b8be4a3518/none_v3" 201 - "PUT http://[::1]:8080/1/260181/AUTH_9f41729c3600455b8ee569c968fa446b/gnocchi.0504ab87-69ff-4fbc-abb4-e8b8be4a3518/none_v3" "tx47f50f88a85c443081474-00693c61e6" "object-server 96771" 0.0008 "-" 96475 0
Dec 12 13:41:42 np0005557558.novalocal object-server[96771]: ::1 - - [12/Dec/2025:18:41:42 +0000] "PUT /1/260181/AUTH_9f41729c3600455b8ee569c968fa446b/gnocchi.0504ab87-69ff-4fbc-abb4-e8b8be4a3518/none_v3" 201 - "PUT https://[::1]:8080/v1/AUTH_9f41729c3600455b8ee569c968fa446b/gnocchi.0504ab87-69ff-4fbc-abb4-e8b8be4a3518/none_v3" "tx47f50f88a85c443081474-00693c61e6" "proxy-server 97771" 0.0180 "-" 96771 0
Dec 12 13:41:42 np0005557558.novalocal container-server[96475]: ::1 - - [12/Dec/2025:18:41:42 +0000] "PUT /3/49629/AUTH_9f41729c3600455b8ee569c968fa446b/gnocchi.0504ab87-69ff-4fbc-abb4-e8b8be4a3518/none_v3" 201 - "PUT http://[::1]:8080/3/260181/AUTH_9f41729c3600455b8ee569c968fa446b/gnocchi.0504ab87-69ff-4fbc-abb4-e8b8be4a3518/none_v3" "tx47f50f88a85c443081474-00693c61e6" "object-server 96772" 0.0004 "-" 96475 0
Dec 12 13:41:42 np0005557558.novalocal container-server[96475]: ::1 - - [12/Dec/2025:18:41:42 +0000] "PUT /1/49629/AUTH_9f41729c3600455b8ee569c968fa446b/gnocchi.0504ab87-69ff-4fbc-abb4-e8b8be4a3518/none_v3" 201 - "PUT http://[::1]:8080/2/260181/AUTH_9f41729c3600455b8ee569c968fa446b/gnocchi.0504ab87-69ff-4fbc-abb4-e8b8be4a3518/none_v3" "tx47f50f88a85c443081474-00693c61e6" "object-server 96772" 0.0003 "-" 96475 0
Dec 12 13:41:42 np0005557558.novalocal object-server[96772]: ::1 - - [12/Dec/2025:18:41:42 +0000] "PUT /3/260181/AUTH_9f41729c3600455b8ee569c968fa446b/gnocchi.0504ab87-69ff-4fbc-abb4-e8b8be4a3518/none_v3" 201 - "PUT https://[::1]:8080/v1/AUTH_9f41729c3600455b8ee569c968fa446b/gnocchi.0504ab87-69ff-4fbc-abb4-e8b8be4a3518/none_v3" "tx47f50f88a85c443081474-00693c61e6" "proxy-server 97771" 0.0192 "-" 96772 0
Dec 12 13:41:42 np0005557558.novalocal object-server[96772]: ::1 - - [12/Dec/2025:18:41:42 +0000] "PUT /2/260181/AUTH_9f41729c3600455b8ee569c968fa446b/gnocchi.0504ab87-69ff-4fbc-abb4-e8b8be4a3518/none_v3" 201 - "PUT https://[::1]:8080/v1/AUTH_9f41729c3600455b8ee569c968fa446b/gnocchi.0504ab87-69ff-4fbc-abb4-e8b8be4a3518/none_v3" "tx47f50f88a85c443081474-00693c61e6" "proxy-server 97771" 0.0227 "-" 96772 0
Dec 12 13:41:42 np0005557558.novalocal container-server[96475]: ::1 - - [12/Dec/2025:18:41:42 +0000] "HEAD /2/31696/AUTH_9f41729c3600455b8ee569c968fa446b/gnocchi.771d5afc-29f3-40b8-9fad-d46f1503009f" 204 - "HEAD http://[::1]:8080/v1/AUTH_9f41729c3600455b8ee569c968fa446b/gnocchi.771d5afc-29f3-40b8-9fad-d46f1503009f" "tx956941b4af5a4e6096b76-00693c61e6" "proxy-server 97772" 0.0013 "-" 96475 0
Dec 12 13:41:42 np0005557558.novalocal proxy-server[97771]: ::1 ::1 12/Dec/2025/18/41/42 PUT /v1/AUTH_9f41729c3600455b8ee569c968fa446b/gnocchi.0504ab87-69ff-4fbc-abb4-e8b8be4a3518/none_v3 HTTP/1.0 201 - python-swiftclient-4.7.0 gAAAAABpPGHN3vHt... 22 - - tx47f50f88a85c443081474-00693c61e6 - 0.0316 - - 1765564902.664215803 1765564902.695837975 0
Dec 12 13:41:42 np0005557558.novalocal proxy-server[97772]: - - 12/Dec/2025/18/41/42 HEAD /v1/AUTH_9f41729c3600455b8ee569c968fa446b/gnocchi.771d5afc-29f3-40b8-9fad-d46f1503009f HTTP/1.0 204 - Swift - - - - tx956941b4af5a4e6096b76-00693c61e6 - 0.0069 CS - 1765564902.690497398 1765564902.697375298 0
Dec 12 13:41:42 np0005557558.novalocal container-server[96475]: ::1 - - [12/Dec/2025:18:41:42 +0000] "GET /3/31696/AUTH_9f41729c3600455b8ee569c968fa446b/gnocchi.771d5afc-29f3-40b8-9fad-d46f1503009f" 200 2 "GET https://[::1]:8080/v1/AUTH_9f41729c3600455b8ee569c968fa446b/gnocchi.771d5afc-29f3-40b8-9fad-d46f1503009f?format=json&states=listing" "tx956941b4af5a4e6096b76-00693c61e6" "proxy-server 97772" 0.0027 "-" 96475 0
Dec 12 13:41:42 np0005557558.novalocal proxy-server[97772]: ::1 ::1 12/Dec/2025/18/41/42 GET /v1/AUTH_9f41729c3600455b8ee569c968fa446b/gnocchi.771d5afc-29f3-40b8-9fad-d46f1503009f%3Fformat%3Djson%26states%3Dlisting HTTP/1.0 200 - python-swiftclient-4.7.0 gAAAAABpPGHN1oGc... - 2 - tx956941b4af5a4e6096b76-00693c61e6 - 0.0200 - - 1765564902.689774752 1765564902.709746122 0
Dec 12 13:41:42 np0005557558.novalocal object-server[96771]: ::1 - - [12/Dec/2025:18:41:42 +0000] "GET /2/246283/AUTH_9f41729c3600455b8ee569c968fa446b/gnocchi.771d5afc-29f3-40b8-9fad-d46f1503009f/1764720000.0_mean_300.0_v3" 404 70 "GET https://[::1]:8080/v1/AUTH_9f41729c3600455b8ee569c968fa446b/gnocchi.771d5afc-29f3-40b8-9fad-d46f1503009f/1764720000.0_mean_300.0_v3" "txfdee76691e7e42abb1e0a-00693c61e6" "proxy-server 97772" 0.0005 "-" 96771 0
Dec 12 13:41:42 np0005557558.novalocal object-server[96772]: ::1 - - [12/Dec/2025:18:41:42 +0000] "GET /1/246283/AUTH_9f41729c3600455b8ee569c968fa446b/gnocchi.771d5afc-29f3-40b8-9fad-d46f1503009f/1764720000.0_mean_300.0_v3" 404 70 "GET https://[::1]:8080/v1/AUTH_9f41729c3600455b8ee569c968fa446b/gnocchi.771d5afc-29f3-40b8-9fad-d46f1503009f/1764720000.0_mean_300.0_v3" "txfdee76691e7e42abb1e0a-00693c61e6" "proxy-server 97772" 0.0003 "-" 96772 0
Dec 12 13:41:42 np0005557558.novalocal object-server[96771]: ::1 - - [12/Dec/2025:18:41:42 +0000] "GET /3/246283/AUTH_9f41729c3600455b8ee569c968fa446b/gnocchi.771d5afc-29f3-40b8-9fad-d46f1503009f/1764720000.0_mean_300.0_v3" 404 70 "GET https://[::1]:8080/v1/AUTH_9f41729c3600455b8ee569c968fa446b/gnocchi.771d5afc-29f3-40b8-9fad-d46f1503009f/1764720000.0_mean_300.0_v3" "txfdee76691e7e42abb1e0a-00693c61e6" "proxy-server 97772" 0.0012 "-" 96771 0
Dec 12 13:41:42 np0005557558.novalocal proxy-server[97772]: ::1 ::1 12/Dec/2025/18/41/42 GET /v1/AUTH_9f41729c3600455b8ee569c968fa446b/gnocchi.771d5afc-29f3-40b8-9fad-d46f1503009f/1764720000.0_mean_300.0_v3 HTTP/1.0 404 - python-swiftclient-4.7.0 gAAAAABpPGHN1oGc... - 70 - txfdee76691e7e42abb1e0a-00693c61e6 - 0.0158 - - 1765564902.715724468 1765564902.731500149 0
Dec 12 13:41:42 np0005557558.novalocal container-server[96475]: ::1 - - [12/Dec/2025:18:41:42 +0000] "PUT /1/31696/AUTH_9f41729c3600455b8ee569c968fa446b/gnocchi.771d5afc-29f3-40b8-9fad-d46f1503009f/1764720000.0_mean_300.0_v3" 201 - "PUT http://[::1]:8080/1/246283/AUTH_9f41729c3600455b8ee569c968fa446b/gnocchi.771d5afc-29f3-40b8-9fad-d46f1503009f/1764720000.0_mean_300.0_v3" "tx9627bc084020446fbd33b-00693c61e6" "object-server 96772" 0.0008 "-" 96475 0
Dec 12 13:41:42 np0005557558.novalocal object-server[96772]: ::1 - - [12/Dec/2025:18:41:42 +0000] "PUT /1/246283/AUTH_9f41729c3600455b8ee569c968fa446b/gnocchi.771d5afc-29f3-40b8-9fad-d46f1503009f/1764720000.0_mean_300.0_v3" 201 - "PUT https://[::1]:8080/v1/AUTH_9f41729c3600455b8ee569c968fa446b/gnocchi.771d5afc-29f3-40b8-9fad-d46f1503009f/1764720000.0_mean_300.0_v3" "tx9627bc084020446fbd33b-00693c61e6" "proxy-server 97772" 0.0102 "-" 96772 0
Dec 12 13:41:42 np0005557558.novalocal container-server[96474]: ::1 - - [12/Dec/2025:18:41:42 +0000] "PUT /2/31696/AUTH_9f41729c3600455b8ee569c968fa446b/gnocchi.771d5afc-29f3-40b8-9fad-d46f1503009f/1764720000.0_mean_300.0_v3" 201 - "PUT http://[::1]:8080/2/246283/AUTH_9f41729c3600455b8ee569c968fa446b/gnocchi.771d5afc-29f3-40b8-9fad-d46f1503009f/1764720000.0_mean_300.0_v3" "tx9627bc084020446fbd33b-00693c61e6" "object-server 96772" 0.0007 "-" 96474 0
Dec 12 13:41:42 np0005557558.novalocal object-server[96772]: ::1 - - [12/Dec/2025:18:41:42 +0000] "PUT /2/246283/AUTH_9f41729c3600455b8ee569c968fa446b/gnocchi.771d5afc-29f3-40b8-9fad-d46f1503009f/1764720000.0_mean_300.0_v3" 201 - "PUT https://[::1]:8080/v1/AUTH_9f41729c3600455b8ee569c968fa446b/gnocchi.771d5afc-29f3-40b8-9fad-d46f1503009f/1764720000.0_mean_300.0_v3" "tx9627bc084020446fbd33b-00693c61e6" "proxy-server 97772" 0.0184 "-" 96772 0
Dec 12 13:41:42 np0005557558.novalocal container-server[96474]: ::1 - - [12/Dec/2025:18:41:42 +0000] "HEAD /3/11907/AUTH_9f41729c3600455b8ee569c968fa446b/gnocchi.b513924d-eada-49a0-8d28-9679c1794cb7" 404 - "HEAD http://[::1]:8080/v1/AUTH_9f41729c3600455b8ee569c968fa446b/gnocchi.b513924d-eada-49a0-8d28-9679c1794cb7" "txca81112356dd4310a003a-00693c61e6" "proxy-server 97771" 0.0002 "-" 96474 0
