Dec 12 13:41:33 np0005557558.novalocal object-reconstructor[96036]: Object reconstruction complete. (0.00 minutes)
Dec 12 13:41:33 np0005557558.novalocal dnsmasq[104556]: read /var/lib/neutron/dhcp/6bd8affb-44b8-47cd-a311-466ccd2dc16f/addn_hosts - 1 addresses
Dec 12 13:41:33 np0005557558.novalocal dnsmasq-dhcp[104556]: read /var/lib/neutron/dhcp/6bd8affb-44b8-47cd-a311-466ccd2dc16f/host
Dec 12 13:41:33 np0005557558.novalocal dnsmasq-dhcp[104556]: read /var/lib/neutron/dhcp/6bd8affb-44b8-47cd-a311-466ccd2dc16f/opts
Dec 12 13:41:36 np0005557558.novalocal dnsmasq[104556]: read /var/lib/neutron/dhcp/6bd8affb-44b8-47cd-a311-466ccd2dc16f/addn_hosts - 2 addresses
Dec 12 13:41:36 np0005557558.novalocal dnsmasq-dhcp[104556]: read /var/lib/neutron/dhcp/6bd8affb-44b8-47cd-a311-466ccd2dc16f/host
Dec 12 13:41:36 np0005557558.novalocal dnsmasq-dhcp[104556]: read /var/lib/neutron/dhcp/6bd8affb-44b8-47cd-a311-466ccd2dc16f/opts
Dec 12 13:41:38 np0005557558.novalocal systemd[1]: Starting SETroubleshoot daemon for processing new SELinux denial logs...
Dec 12 13:41:38 np0005557558.novalocal systemd[1]: Started SETroubleshoot daemon for processing new SELinux denial logs.
Dec 12 13:41:38 np0005557558.novalocal object-auditor[104433]: Object audit (ALL) "forever" mode completed: 12.88s. Total quarantined: 0, Total errors: 0, Total files/sec: 4.66, Total bytes/sec: 9985741.08, Auditing time: 12.86, Rate: 1.00
Dec 12 13:41:39 np0005557558.novalocal systemd[1]: Started dbus-:1.1-org.fedoraproject.SetroubleshootPrivileged@10.service.
Dec 12 13:41:39 np0005557558.novalocal NetworkManager[861]: [1765564899.6871] manager: (qbr04912055-5f): new Bridge device (/org/freedesktop/NetworkManager/Devices/32)
Dec 12 13:41:39 np0005557558.novalocal NetworkManager[861]: [1765564899.6887] device (qvo04912055-5f): carrier: link connected
Dec 12 13:41:39 np0005557558.novalocal NetworkManager[861]: [1765564899.6890] manager: (qvo04912055-5f): new Veth device (/org/freedesktop/NetworkManager/Devices/33)
Dec 12 13:41:39 np0005557558.novalocal NetworkManager[861]: [1765564899.6901] device (qvb04912055-5f): carrier: link connected
Dec 12 13:41:39 np0005557558.novalocal NetworkManager[861]: [1765564899.6905] manager: (qvb04912055-5f): new Veth device (/org/freedesktop/NetworkManager/Devices/34)
Dec 12 13:41:39 np0005557558.novalocal kernel: qbr04912055-5f: port 1(qvb04912055-5f) entered blocking state
Dec 12 13:41:39 np0005557558.novalocal kernel: qbr04912055-5f: port 1(qvb04912055-5f) entered disabled state
Dec 12 13:41:39 np0005557558.novalocal kernel: qvb04912055-5f: entered allmulticast mode
Dec 12 13:41:39 np0005557558.novalocal kernel: qvb04912055-5f: entered promiscuous mode
Dec 12 13:41:39 np0005557558.novalocal kernel: qbr04912055-5f: port 1(qvb04912055-5f) entered blocking state
Dec 12 13:41:39 np0005557558.novalocal kernel: qbr04912055-5f: port 1(qvb04912055-5f) entered forwarding state
Dec 12 13:41:39 np0005557558.novalocal NetworkManager[861]: [1765564899.7065] device (qbr04912055-5f): carrier: link connected
Dec 12 13:41:39 np0005557558.novalocal systemd-udevd[104797]: Network interface NamePolicy= disabled on kernel command line.
Dec 12 13:41:39 np0005557558.novalocal kernel: qvo04912055-5f: entered promiscuous mode
Dec 12 13:41:39 np0005557558.novalocal systemd-udevd[104798]: Network interface NamePolicy= disabled on kernel command line.
Dec 12 13:41:39 np0005557558.novalocal systemd-udevd[104796]: Network interface NamePolicy= disabled on kernel command line.
Dec 12 13:41:39 np0005557558.novalocal NetworkManager[861]: [1765564899.7601] device (qbr04912055-5f): state change: unmanaged -> unavailable (reason 'connection-assumed', managed-type: 'external')
Dec 12 13:41:39 np0005557558.novalocal NetworkManager[861]: [1765564899.7612] device (qbr04912055-5f): state change: unavailable -> disconnected (reason 'connection-assumed', managed-type: 'external')
Dec 12 13:41:39 np0005557558.novalocal NetworkManager[861]: [1765564899.7620] device (qbr04912055-5f): Activation: starting connection 'qbr04912055-5f' (58703907-9295-48db-8241-0738dc2f13e8)
Dec 12 13:41:39 np0005557558.novalocal NetworkManager[861]: [1765564899.7621] device (qbr04912055-5f): state change: disconnected -> prepare (reason 'none', managed-type: 'external')
Dec 12 13:41:39 np0005557558.novalocal NetworkManager[861]: [1765564899.7624] device (qbr04912055-5f): state change: prepare -> config (reason 'none', managed-type: 'external')
Dec 12 13:41:39 np0005557558.novalocal NetworkManager[861]: [1765564899.7628] device (qbr04912055-5f): state change: config -> ip-config (reason 'none', managed-type: 'external')
Dec 12 13:41:39 np0005557558.novalocal NetworkManager[861]: [1765564899.7630] device (qbr04912055-5f): state change: ip-config -> ip-check (reason 'none', managed-type: 'external')
Dec 12 13:41:39 np0005557558.novalocal systemd[1]: Starting Network Manager Script Dispatcher Service...
Dec 12 13:41:39 np0005557558.novalocal systemd[1]: Started Network Manager Script Dispatcher Service.
Dec 12 13:41:39 np0005557558.novalocal NetworkManager[861]: [1765564899.8015] device (qbr04912055-5f): state change: ip-check -> secondaries (reason 'none', managed-type: 'external')
Dec 12 13:41:39 np0005557558.novalocal NetworkManager[861]: [1765564899.8019] device (qbr04912055-5f): state change: secondaries -> activated (reason 'none', managed-type: 'external')
Dec 12 13:41:39 np0005557558.novalocal NetworkManager[861]: [1765564899.8028] device (qbr04912055-5f): Activation: successful, device activated.
Dec 12 13:41:39 np0005557558.novalocal systemd[1]: iscsi.service: Unit cannot be reloaded because it is inactive.
Dec 12 13:41:40 np0005557558.novalocal account-replicator[96238]: Beginning replication run
Dec 12 13:41:40 np0005557558.novalocal account-replicator[96238]: Replication run OVER
Dec 12 13:41:40 np0005557558.novalocal account-replicator[96238]: Attempted to replicate 3 dbs in 0.15374 seconds (19.51325/s)
Dec 12 13:41:40 np0005557558.novalocal account-replicator[96238]: Removed 0 dbs
Dec 12 13:41:40 np0005557558.novalocal account-replicator[96238]: 6 successes, 0 failures
Dec 12 13:41:40 np0005557558.novalocal account-replicator[96238]: diff:0 diff_capped:0 empty:0 hashmatch:0 no_change:6 remote_merge:0 rsync:0 ts_repl:0
Dec 12 13:41:40 np0005557558.novalocal setroubleshoot[104773]: SELinux is preventing /usr/sbin/httpd from read access on the file c832e6c6713516128b8a8b92aa81b3e61c0792893700bc17bcb2922a3fd9d4a2. For complete SELinux messages run: sealert -l 5b4a35c1-2d56-439c-a453-5ab0198eaa6f
Dec 12 13:41:40 np0005557558.novalocal setroubleshoot[104773]: SELinux is preventing /usr/sbin/httpd from read access on the file c832e6c6713516128b8a8b92aa81b3e61c0792893700bc17bcb2922a3fd9d4a2. ***** Plugin catchall (100. confidence) suggests ************************** If you believe that httpd should be allowed read access on the c832e6c6713516128b8a8b92aa81b3e61c0792893700bc17bcb2922a3fd9d4a2 file by default. Then you should report this as a bug. You can generate a local policy module to allow this access. Do allow this access for now by executing: # ausearch -c 'httpd' --raw | audit2allow -M my-httpd # semodule -X 300 -i my-httpd.pp
Dec 12 13:41:40 np0005557558.novalocal setroubleshoot[104773]: failed to retrieve rpm info for path '/var/lib/nova/.cache/python-entrypoints/c832e6c6713516128b8a8b92aa81b3e61c0792893700bc17bcb2922a3fd9d4a2':
Dec 12 13:41:40 np0005557558.novalocal setroubleshoot[104773]: SELinux is preventing /usr/sbin/httpd from open access on the file /var/lib/nova/.cache/python-entrypoints/c832e6c6713516128b8a8b92aa81b3e61c0792893700bc17bcb2922a3fd9d4a2. For complete SELinux messages run: sealert -l 5cbc11de-ffa3-4768-b52e-202eeca6ee24
Dec 12 13:41:40 np0005557558.novalocal setroubleshoot[104773]: SELinux is preventing /usr/sbin/httpd from open access on the file /var/lib/nova/.cache/python-entrypoints/c832e6c6713516128b8a8b92aa81b3e61c0792893700bc17bcb2922a3fd9d4a2. ***** Plugin catchall (100. confidence) suggests ************************** If you believe that httpd should be allowed open access on the c832e6c6713516128b8a8b92aa81b3e61c0792893700bc17bcb2922a3fd9d4a2 file by default. Then you should report this as a bug. You can generate a local policy module to allow this access. Do allow this access for now by executing: # ausearch -c 'httpd' --raw | audit2allow -M my-httpd # semodule -X 300 -i my-httpd.pp
Dec 12 13:41:40 np0005557558.novalocal setroubleshoot[104773]: SELinux is preventing /usr/sbin/httpd from getattr access on the file /var/lib/nova/.cache/python-entrypoints/c832e6c6713516128b8a8b92aa81b3e61c0792893700bc17bcb2922a3fd9d4a2. For complete SELinux messages run: sealert -l 6f872de8-8c5c-4ee4-aa4a-9dbb2d2f8740
Dec 12 13:41:40 np0005557558.novalocal setroubleshoot[104773]: SELinux is preventing /usr/sbin/httpd from getattr access on the file /var/lib/nova/.cache/python-entrypoints/c832e6c6713516128b8a8b92aa81b3e61c0792893700bc17bcb2922a3fd9d4a2. ***** Plugin catchall (100. confidence) suggests ************************** If you believe that httpd should be allowed getattr access on the c832e6c6713516128b8a8b92aa81b3e61c0792893700bc17bcb2922a3fd9d4a2 file by default. Then you should report this as a bug. You can generate a local policy module to allow this access. Do allow this access for now by executing: # ausearch -c 'httpd' --raw | audit2allow -M my-httpd # semodule -X 300 -i my-httpd.pp
Dec 12 13:41:40 np0005557558.novalocal setroubleshoot[104773]: SELinux is preventing /usr/sbin/httpd from ioctl access on the file /var/lib/nova/.cache/python-entrypoints/c832e6c6713516128b8a8b92aa81b3e61c0792893700bc17bcb2922a3fd9d4a2. For complete SELinux messages run: sealert -l ef8ae88c-383b-4ec6-82ff-25a6bb350efd
Dec 12 13:41:40 np0005557558.novalocal setroubleshoot[104773]: SELinux is preventing /usr/sbin/httpd from ioctl access on the file /var/lib/nova/.cache/python-entrypoints/c832e6c6713516128b8a8b92aa81b3e61c0792893700bc17bcb2922a3fd9d4a2. ***** Plugin catchall (100. confidence) suggests ************************** If you believe that httpd should be allowed ioctl access on the c832e6c6713516128b8a8b92aa81b3e61c0792893700bc17bcb2922a3fd9d4a2 file by default. Then you should report this as a bug. You can generate a local policy module to allow this access. Do allow this access for now by executing: # ausearch -c 'httpd' --raw | audit2allow -M my-httpd # semodule -X 300 -i my-httpd.pp
Dec 12 13:41:41 np0005557558.novalocal haproxy-metadata-proxy-653a6c4c-9a58-45c0-877d-ae5dca7355cf[104042]: ::ffff:10.100.0.4:60286 [12/Dec/2025:13:41:35.732] listener listener/metadata 0/0/0/5372/5372 200 97 - - ---- 1/1/0/0/0 0/0 "GET /2009-04-04/meta-data/instance-id HTTP/1.1"
Dec 12 13:41:41 np0005557558.novalocal container-server[96474]: ::1 - - [12/Dec/2025:18:41:41 +0000] "HEAD /2/139772/AUTH_9f41729c3600455b8ee569c968fa446b/gnocchi.40968c74-0243-42d3-8798-16e990515504" 404 - "HEAD http://[::1]:8080/v1/AUTH_9f41729c3600455b8ee569c968fa446b/gnocchi.40968c74-0243-42d3-8798-16e990515504" "tx488525b64d744e85b3bbe-00693c61e5" "proxy-server 97771" 0.0006 "-" 96474 0
Dec 12 13:41:41 np0005557558.novalocal container-server[96475]: ::1 - - [12/Dec/2025:18:41:41 +0000] "HEAD /1/139772/AUTH_9f41729c3600455b8ee569c968fa446b/gnocchi.40968c74-0243-42d3-8798-16e990515504" 404 - "HEAD http://[::1]:8080/v1/AUTH_9f41729c3600455b8ee569c968fa446b/gnocchi.40968c74-0243-42d3-8798-16e990515504" "tx488525b64d744e85b3bbe-00693c61e5" "proxy-server 97771" 0.0003 "-" 96475 0
Dec 12 13:41:41 np0005557558.novalocal container-server[96474]: ::1 - - [12/Dec/2025:18:41:41 +0000] "HEAD /3/139772/AUTH_9f41729c3600455b8ee569c968fa446b/gnocchi.40968c74-0243-42d3-8798-16e990515504" 404 - "HEAD http://[::1]:8080/v1/AUTH_9f41729c3600455b8ee569c968fa446b/gnocchi.40968c74-0243-42d3-8798-16e990515504" "tx488525b64d744e85b3bbe-00693c61e5" "proxy-server 97771" 0.0004 "-" 96474 0
Dec 12 13:41:41 np0005557558.novalocal proxy-server[97771]: - - 12/Dec/2025/18/41/41 HEAD /v1/AUTH_9f41729c3600455b8ee569c968fa446b/gnocchi.40968c74-0243-42d3-8798-16e990515504 HTTP/1.0 404 - Swift - - - - tx488525b64d744e85b3bbe-00693c61e5 - 0.0135 CS - 1765564901.794641733 1765564901.808106422 0
Dec 12 13:41:41 np0005557558.novalocal object-server[96772]: ::1 - - [12/Dec/2025:18:41:41 +0000] "GET /2/13136/AUTH_9f41729c3600455b8ee569c968fa446b/gnocchi.40968c74-0243-42d3-8798-16e990515504/none_v3" 404 70 "GET https://[::1]:8080/v1/AUTH_9f41729c3600455b8ee569c968fa446b/gnocchi.40968c74-0243-42d3-8798-16e990515504/none_v3" "tx488525b64d744e85b3bbe-00693c61e5" "proxy-server 97771" 0.0005 "-" 96772 0
Dec 12 13:41:41 np0005557558.novalocal object-server[96771]: ::1 - - [12/Dec/2025:18:41:41 +0000] "GET /1/13136/AUTH_9f41729c3600455b8ee569c968fa446b/gnocchi.40968c74-0243-42d3-8798-16e990515504/none_v3" 404 70 "GET https://[::1]:8080/v1/AUTH_9f41729c3600455b8ee569c968fa446b/gnocchi.40968c74-0243-42d3-8798-16e990515504/none_v3" "tx488525b64d744e85b3bbe-00693c61e5" "proxy-server 97771" 0.0007 "-" 96771 0
Dec 12 13:41:41 np0005557558.novalocal object-server[96772]: ::1 - - [12/Dec/2025:18:41:41 +0000] "GET /3/13136/AUTH_9f41729c3600455b8ee569c968fa446b/gnocchi.40968c74-0243-42d3-8798-16e990515504/none_v3" 404 70 "GET https://[::1]:8080/v1/AUTH_9f41729c3600455b8ee569c968fa446b/gnocchi.40968c74-0243-42d3-8798-16e990515504/none_v3" "tx488525b64d744e85b3bbe-00693c61e5" "proxy-server 97771" 0.0005 "-" 96772 0
Dec 12 13:41:41 np0005557558.novalocal proxy-server[97771]: ::1 ::1 12/Dec/2025/18/41/41 GET /v1/AUTH_9f41729c3600455b8ee569c968fa446b/gnocchi.40968c74-0243-42d3-8798-16e990515504/none_v3 HTTP/1.0 404 - python-swiftclient-4.7.0 gAAAAABpPGHN3vHt... - 70 - tx488525b64d744e85b3bbe-00693c61e5 - 0.0338 - - 1765564901.793418646 1765564901.827255249 0
Dec 12 13:41:41 np0005557558.novalocal account-server[96174]: ::1 - - [12/Dec/2025:18:41:41 +0000] "PUT /2/24542/AUTH_9f41729c3600455b8ee569c968fa446b/gnocchi.40968c74-0243-42d3-8798-16e990515504" 201 - "PUT http://[::1]:6001/2/139772/AUTH_9f41729c3600455b8ee569c968fa446b/gnocchi.40968c74-0243-42d3-8798-16e990515504" "tx17c5cdbde8624137a7adf-00693c61e5" "container-server 96475" 0.0022 "-" 96174 0
Dec 12 13:41:41 np0005557558.novalocal container-server[96475]: ::1 - - [12/Dec/2025:18:41:41 +0000] "PUT /2/139772/AUTH_9f41729c3600455b8ee569c968fa446b/gnocchi.40968c74-0243-42d3-8798-16e990515504" 201 - "PUT https://[::1]:8080/v1/AUTH_9f41729c3600455b8ee569c968fa446b/gnocchi.40968c74-0243-42d3-8798-16e990515504" "tx17c5cdbde8624137a7adf-00693c61e5" "proxy-server 97771" 0.0392 "-" 96475 0
Dec 12 13:41:41 np0005557558.novalocal account-server[96175]: ::1 - - [12/Dec/2025:18:41:41 +0000] "PUT /3/24542/AUTH_9f41729c3600455b8ee569c968fa446b/gnocchi.40968c74-0243-42d3-8798-16e990515504" 201 - "PUT http://[::1]:6001/1/139772/AUTH_9f41729c3600455b8ee569c968fa446b/gnocchi.40968c74-0243-42d3-8798-16e990515504" "tx17c5cdbde8624137a7adf-00693c61e5" "container-server 96475" 0.0012 "-" 96175 0
Dec 12 13:41:41 np0005557558.novalocal account-server[96175]: ::1 - - [12/Dec/2025:18:41:41 +0000] "PUT /1/24542/AUTH_9f41729c3600455b8ee569c968fa446b/gnocchi.40968c74-0243-42d3-8798-16e990515504" 201 - "PUT http://[::1]:6001/3/139772/AUTH_9f41729c3600455b8ee569c968fa446b/gnocchi.40968c74-0243-42d3-8798-16e990515504" "tx17c5cdbde8624137a7adf-00693c61e5" "container-server 96475" 0.0007 "-" 96175 0
Dec 12 13:41:41 np0005557558.novalocal container-server[96475]: ::1 - - [12/Dec/2025:18:41:41 +0000] "PUT /1/139772/AUTH_9f41729c3600455b8ee569c968fa446b/gnocchi.40968c74-0243-42d3-8798-16e990515504" 201 - "PUT https://[::1]:8080/v1/AUTH_9f41729c3600455b8ee569c968fa446b/gnocchi.40968c74-0243-42d3-8798-16e990515504" "tx17c5cdbde8624137a7adf-00693c61e5" "proxy-server 97771" 0.0165 "-" 96475 0
Dec 12 13:41:41 np0005557558.novalocal container-server[96475]: ::1 - - [12/Dec/2025:18:41:41 +0000] "PUT /3/139772/AUTH_9f41729c3600455b8ee569c968fa446b/gnocchi.40968c74-0243-42d3-8798-16e990515504" 201 - "PUT https://[::1]:8080/v1/AUTH_9f41729c3600455b8ee569c968fa446b/gnocchi.40968c74-0243-42d3-8798-16e990515504" "tx17c5cdbde8624137a7adf-00693c61e5" "proxy-server 97771" 0.0303 "-" 96475 0
Dec 12 13:41:41 np0005557558.novalocal container-server[96475]: ::1 - - [12/Dec/2025:18:41:41 +0000] "HEAD /2/188313/AUTH_9f41729c3600455b8ee569c968fa446b/gnocchi.21f29858-b9bd-4d2f-8492-5060435e280a" 404 - "HEAD http://[::1]:8080/v1/AUTH_9f41729c3600455b8ee569c968fa446b/gnocchi.21f29858-b9bd-4d2f-8492-5060435e280a" "tx56432818c7fa418196698-00693c61e5" "proxy-server 97772" 0.0005 "-" 96475 0
Dec 12 13:41:41 np0005557558.novalocal proxy-server[97771]: ::1 ::1 12/Dec/2025/18/41/41 PUT /v1/AUTH_9f41729c3600455b8ee569c968fa446b/gnocchi.40968c74-0243-42d3-8798-16e990515504 HTTP/1.0 201 - python-swiftclient-4.7.0 gAAAAABpPGHN3vHt... - - - tx17c5cdbde8624137a7adf-00693c61e5 - 0.0554 - - 1765564901.831943989 1765564901.887360334 0
Dec 12 13:41:41 np0005557558.novalocal container-server[96475]: ::1 - - [12/Dec/2025:18:41:41 +0000] "HEAD /3/188313/AUTH_9f41729c3600455b8ee569c968fa446b/gnocchi.21f29858-b9bd-4d2f-8492-5060435e280a" 404 - "HEAD http://[::1]:8080/v1/AUTH_9f41729c3600455b8ee569c968fa446b/gnocchi.21f29858-b9bd-4d2f-8492-5060435e280a" "tx56432818c7fa418196698-00693c61e5" "proxy-server 97772" 0.0004 "-" 96475 0
Dec 12 13:41:41 np0005557558.novalocal container-server[96475]: ::1 - - [12/Dec/2025:18:41:41 +0000] "HEAD /1/188313/AUTH_9f41729c3600455b8ee569c968fa446b/gnocchi.21f29858-b9bd-4d2f-8492-5060435e280a" 404 - "HEAD http://[::1]:8080/v1/AUTH_9f41729c3600455b8ee569c968fa446b/gnocchi.21f29858-b9bd-4d2f-8492-5060435e280a" "tx56432818c7fa418196698-00693c61e5" "proxy-server 97772" 0.0008 "-" 96475 0
Dec 12 13:41:41 np0005557558.novalocal proxy-server[97772]: - - 12/Dec/2025/18/41/41 HEAD /v1/AUTH_9f41729c3600455b8ee569c968fa446b/gnocchi.21f29858-b9bd-4d2f-8492-5060435e280a HTTP/1.0 404 - Swift - - - - tx56432818c7fa418196698-00693c61e5 - 0.0158 CS - 1765564901.881927252 1765564901.897741079 0
Dec 12 13:41:41 np0005557558.novalocal container-server[96474]: ::1 - - [12/Dec/2025:18:41:41 +0000] "HEAD /2/139772/AUTH_9f41729c3600455b8ee569c968fa446b/gnocchi.40968c74-0243-42d3-8798-16e990515504" 204 - "HEAD http://[::1]:8080/v1/AUTH_9f41729c3600455b8ee569c968fa446b/gnocchi.40968c74-0243-42d3-8798-16e990515504" "txa416a3b169804f65b6ef7-00693c61e5" "proxy-server 97771" 0.0039 "-" 96474 0
Dec 12 13:41:41 np0005557558.novalocal kernel: qbr04912055-5f: port 2(tap04912055-5f) entered blocking state
Dec 12 13:41:41 np0005557558.novalocal kernel: qbr04912055-5f: port 2(tap04912055-5f) entered disabled state
Dec 12 13:41:41 np0005557558.novalocal kernel: tap04912055-5f: entered allmulticast mode
Dec 12 13:41:41 np0005557558.novalocal kernel: tap04912055-5f: entered promiscuous mode
Dec 12 13:41:41 np0005557558.novalocal kernel: qbr04912055-5f: port 2(tap04912055-5f) entered blocking state
Dec 12 13:41:41 np0005557558.novalocal kernel: qbr04912055-5f: port 2(tap04912055-5f) entered forwarding state
Dec 12 13:41:41 np0005557558.novalocal object-server[96771]: ::1 - - [12/Dec/2025:18:41:41 +0000] "GET /1/253595/AUTH_9f41729c3600455b8ee569c968fa446b/gnocchi.21f29858-b9bd-4d2f-8492-5060435e280a/none_v3" 404 70 "GET https://[::1]:8080/v1/AUTH_9f41729c3600455b8ee569c968fa446b/gnocchi.21f29858-b9bd-4d2f-8492-5060435e280a/none_v3" "tx56432818c7fa418196698-00693c61e5" "proxy-server 97772" 0.0008 "-" 96771 0
Dec 12 13:41:41 np0005557558.novalocal NetworkManager[861]: [1765564901.9114] manager: (tap04912055-5f): new Tun device (/org/freedesktop/NetworkManager/Devices/35)
Dec 12 13:41:41 np0005557558.novalocal proxy-server[97771]: - - 12/Dec/2025/18/41/41 HEAD /v1/AUTH_9f41729c3600455b8ee569c968fa446b/gnocchi.40968c74-0243-42d3-8798-16e990515504 HTTP/1.0 204 - Swift - - - - txa416a3b169804f65b6ef7-00693c61e5 - 0.0220 CS - 1765564901.895242929 1765564901.917280197 0
Dec 12 13:41:41 np0005557558.novalocal object-server[96772]: ::1 - - [12/Dec/2025:18:41:41 +0000] "GET /3/253595/AUTH_9f41729c3600455b8ee569c968fa446b/gnocchi.21f29858-b9bd-4d2f-8492-5060435e280a/none_v3" 404 70 "GET https://[::1]:8080/v1/AUTH_9f41729c3600455b8ee569c968fa446b/gnocchi.21f29858-b9bd-4d2f-8492-5060435e280a/none_v3" "tx56432818c7fa418196698-00693c61e5" "proxy-server 97772" 0.0006 "-" 96772 0
Dec 12 13:41:41 np0005557558.novalocal object-server[96772]: ::1 - - [12/Dec/2025:18:41:41 +0000] "GET /2/253595/AUTH_9f41729c3600455b8ee569c968fa446b/gnocchi.21f29858-b9bd-4d2f-8492-5060435e280a/none_v3" 404 70 "GET https://[::1]:8080/v1/AUTH_9f41729c3600455b8ee569c968fa446b/gnocchi.21f29858-b9bd-4d2f-8492-5060435e280a/none_v3" "tx56432818c7fa418196698-00693c61e5" "proxy-server 97772" 0.0004 "-" 96772 0
Dec 12 13:41:41 np0005557558.novalocal container-server[96475]: ::1 - - [12/Dec/2025:18:41:41 +0000] "GET /2/139772/AUTH_9f41729c3600455b8ee569c968fa446b/gnocchi.40968c74-0243-42d3-8798-16e990515504" 200 2 "GET https://[::1]:8080/v1/AUTH_9f41729c3600455b8ee569c968fa446b/gnocchi.40968c74-0243-42d3-8798-16e990515504?format=json&states=listing" "txa416a3b169804f65b6ef7-00693c61e5" "proxy-server 97771" 0.0036 "-" 96475 0
Dec 12 13:41:41 np0005557558.novalocal proxy-server[97772]: ::1 ::1 12/Dec/2025/18/41/41 GET /v1/AUTH_9f41729c3600455b8ee569c968fa446b/gnocchi.21f29858-b9bd-4d2f-8492-5060435e280a/none_v3 HTTP/1.0 404 - python-swiftclient-4.7.0 gAAAAABpPGHN1oGc... - 70 - tx56432818c7fa418196698-00693c61e5 - 0.0471 - - 1765564901.880689859 1765564901.927784204 0
Dec 12 13:41:41 np0005557558.novalocal virtqemud[99322]: Domain id=3 name='instance-00000003' uuid=99a37c01-a557-43e8-bae4-09786f97489b is tainted: deprecated-config (machine type 'pc-i440fx-rhel7.6.0')
Dec 12 13:41:41 np0005557558.novalocal virtqemud[99322]: Domain id=3 name='instance-00000003' uuid=99a37c01-a557-43e8-bae4-09786f97489b is tainted: deprecated-config (CPU model 'qemu64')
Dec 12 13:41:41 np0005557558.novalocal proxy-server[97771]: ::1 ::1 12/Dec/2025/18/41/41 GET /v1/AUTH_9f41729c3600455b8ee569c968fa446b/gnocchi.40968c74-0243-42d3-8798-16e990515504%3Fformat%3Djson%26states%3Dlisting HTTP/1.0 200 - python-swiftclient-4.7.0 gAAAAABpPGHN3vHt... - 2 - txa416a3b169804f65b6ef7-00693c61e5 - 0.0394 - - 1765564901.893823862 1765564901.933247805 0
Dec 12 13:41:41 np0005557558.novalocal NetworkManager[861]: [1765564901.9366] device (tap04912055-5f): state change: unmanaged -> unavailable (reason 'connection-assumed', managed-type: 'external')
Dec 12 13:41:41 np0005557558.novalocal NetworkManager[861]: [1765564901.9379] device (tap04912055-5f): state change: unavailable -> disconnected (reason 'connection-assumed', managed-type: 'external')
Dec 12 13:41:41 np0005557558.novalocal NetworkManager[861]: [1765564901.9391] device (tap04912055-5f): Activation: starting connection 'tap04912055-5f' (0ee746e6-39e7-4be2-b519-09e5250c4749)
Dec 12 13:41:41 np0005557558.novalocal NetworkManager[861]: [1765564901.9393] device (tap04912055-5f): state change: disconnected -> prepare (reason 'none', managed-type: 'external')
Dec 12 13:41:41 np0005557558.novalocal NetworkManager[861]: [1765564901.9398] device (tap04912055-5f): state change: prepare -> config (reason 'none', managed-type: 'external')
Dec 12 13:41:41 np0005557558.novalocal NetworkManager[861]: [1765564901.9401] device (tap04912055-5f): state change: config -> ip-config (reason 'none', managed-type: 'external')
Dec 12 13:41:41 np0005557558.novalocal NetworkManager[861]: [1765564901.9404] device (qbr04912055-5f): bridge port tap04912055-5f was attached
Dec 12 13:41:41 np0005557558.novalocal NetworkManager[861]: [1765564901.9405] device (tap04912055-5f): Activation: connection 'tap04912055-5f' attached as port, continuing activation
Dec 12 13:41:41 np0005557558.novalocal NetworkManager[861]: [1765564901.9409] device (tap04912055-5f): state change: ip-config -> ip-check (reason 'none', managed-type: 'external')
Dec 12 13:41:41 np0005557558.novalocal NetworkManager[861]: [1765564901.9438] device (tap04912055-5f): state change: ip-check -> secondaries (reason 'none', managed-type: 'external')
Dec 12 13:41:41 np0005557558.novalocal NetworkManager[861]: [1765564901.9440] device (tap04912055-5f): state change: secondaries -> activated (reason 'none', managed-type: 'external')
Dec 12 13:41:41 np0005557558.novalocal NetworkManager[861]: [1765564901.9453] device (tap04912055-5f): Activation: successful, device activated.
Dec 12 13:41:41 np0005557558.novalocal object-server[96772]: ::1 - - [12/Dec/2025:18:41:41 +0000] "GET /2/90931/AUTH_9f41729c3600455b8ee569c968fa446b/gnocchi.40968c74-0243-42d3-8798-16e990515504/1764720000.0_mean_300.0_v3" 404 70 "GET https://[::1]:8080/v1/AUTH_9f41729c3600455b8ee569c968fa446b/gnocchi.40968c74-0243-42d3-8798-16e990515504/1764720000.0_mean_300.0_v3" "tx534b3c37d33043bdb7259-00693c61e5" "proxy-server 97771" 0.0003 "-" 96772 0
Dec 12 13:41:41 np0005557558.novalocal object-server[96771]: ::1 - - [12/Dec/2025:18:41:41 +0000] "GET /3/90931/AUTH_9f41729c3600455b8ee569c968fa446b/gnocchi.40968c74-0243-42d3-8798-16e990515504/1764720000.0_mean_300.0_v3" 404 70 "GET https://[::1]:8080/v1/AUTH_9f41729c3600455b8ee569c968fa446b/gnocchi.40968c74-0243-42d3-8798-16e990515504/1764720000.0_mean_300.0_v3" "tx534b3c37d33043bdb7259-00693c61e5" "proxy-server 97771" 0.0005 "-" 96771 0
Dec 12 13:41:41 np0005557558.novalocal object-server[96772]: ::1 - - [12/Dec/2025:18:41:41 +0000] "GET /1/90931/AUTH_9f41729c3600455b8ee569c968fa446b/gnocchi.40968c74-0243-42d3-8798-16e990515504/1764720000.0_mean_300.0_v3" 404 70 "GET https://[::1]:8080/v1/AUTH_9f41729c3600455b8ee569c968fa446b/gnocchi.40968c74-0243-42d3-8798-16e990515504/1764720000.0_mean_300.0_v3" "tx534b3c37d33043bdb7259-00693c61e5" "proxy-server 97771" 0.0005 "-" 96772 0
Dec 12 13:41:41 np0005557558.novalocal proxy-server[97771]: ::1 ::1 12/Dec/2025/18/41/41 GET /v1/AUTH_9f41729c3600455b8ee569c968fa446b/gnocchi.40968c74-0243-42d3-8798-16e990515504/1764720000.0_mean_300.0_v3 HTTP/1.0 404 - python-swiftclient-4.7.0 gAAAAABpPGHN3vHt... - 70 - tx534b3c37d33043bdb7259-00693c61e5 - 0.0195 - - 1765564901.943742514 1765564901.963250160 0
Dec 12 13:41:41 np0005557558.novalocal systemd[1]: iscsi.service: Unit cannot be reloaded because it is inactive.
Dec 12 13:41:41 np0005557558.novalocal systemd-machined[93338]: New machine qemu-3-instance-00000003.
Dec 12 13:41:41 np0005557558.novalocal systemd[1]: Started Virtual Machine qemu-3-instance-00000003.
Dec 12 13:41:41 np0005557558.novalocal container-server[96474]: ::1 - - [12/Dec/2025:18:41:41 +0000] "PUT /1/139772/AUTH_9f41729c3600455b8ee569c968fa446b/gnocchi.40968c74-0243-42d3-8798-16e990515504/1764720000.0_mean_300.0_v3" 201 - "PUT http://[::1]:8080/2/90931/AUTH_9f41729c3600455b8ee569c968fa446b/gnocchi.40968c74-0243-42d3-8798-16e990515504/1764720000.0_mean_300.0_v3" "txcdc3b4dc4f584de18e879-00693c61e5" "object-server 96772" 0.0007 "-" 96474 0
Dec 12 13:41:41 np0005557558.novalocal object-server[96772]: ::1 - - [12/Dec/2025:18:41:41 +0000] "PUT /2/90931/AUTH_9f41729c3600455b8ee569c968fa446b/gnocchi.40968c74-0243-42d3-8798-16e990515504/1764720000.0_mean_300.0_v3" 201 - "PUT https://[::1]:8080/v1/AUTH_9f41729c3600455b8ee569c968fa446b/gnocchi.40968c74-0243-42d3-8798-16e990515504/1764720000.0_mean_300.0_v3" "txcdc3b4dc4f584de18e879-00693c61e5" "proxy-server 97771" 0.0137 "-" 96772 0
Dec 12 13:41:41 np0005557558.novalocal container-server[96474]: ::1 - - [12/Dec/2025:18:41:41 +0000] "PUT /2/139772/AUTH_9f41729c3600455b8ee569c968fa446b/gnocchi.40968c74-0243-42d3-8798-16e990515504/1764720000.0_mean_300.0_v3" 201 - "PUT http://[::1]:8080/3/90931/AUTH_9f41729c3600455b8ee569c968fa446b/gnocchi.40968c74-0243-42d3-8798-16e990515504/1764720000.0_mean_300.0_v3" "txcdc3b4dc4f584de18e879-00693c61e5" "object-server 96771" 0.0005 "-" 96474 0
Dec 12 13:41:41 np0005557558.novalocal object-server[96771]: ::1 - - [12/Dec/2025:18:41:41 +0000] "PUT /3/90931/AUTH_9f41729c3600455b8ee569c968fa446b/gnocchi.40968c74-0243-42d3-8798-16e990515504/1764720000.0_mean_300.0_v3" 201 - "PUT https://[::1]:8080/v1/AUTH_9f41729c3600455b8ee569c968fa446b/gnocchi.40968c74-0243-42d3-8798-16e990515504/1764720000.0_mean_300.0_v3" "txcdc3b4dc4f584de18e879-00693c61e5" "proxy-server 97771" 0.0133 "-" 96771 0
Dec 12 13:41:41 np0005557558.novalocal container-server[96474]: ::1 - - [12/Dec/2025:18:41:41 +0000] "PUT /3/139772/AUTH_9f41729c3600455b8ee569c968fa446b/gnocchi.40968c74-0243-42d3-8798-16e990515504/1764720000.0_mean_300.0_v3" 201 - "PUT http://[::1]:8080/1/90931/AUTH_9f41729c3600455b8ee569c968fa446b/gnocchi.40968c74-0243-42d3-8798-16e990515504/1764720000.0_mean_300.0_v3" "txcdc3b4dc4f584de18e879-00693c61e5" "object-server 96771" 0.0008 "-" 96474 0
Dec 12 13:41:41 np0005557558.novalocal object-server[96771]: ::1 - - [12/Dec/2025:18:41:41 +0000] "PUT /1/90931/AUTH_9f41729c3600455b8ee569c968fa446b/gnocchi.40968c74-0243-42d3-8798-16e990515504/1764720000.0_mean_300.0_v3" 201 - "PUT https://[::1]:8080/v1/AUTH_9f41729c3600455b8ee569c968fa446b/gnocchi.40968c74-0243-42d3-8798-16e990515504/1764720000.0_mean_300.0_v3" "txcdc3b4dc4f584de18e879-00693c61e5" "proxy-server 97771" 0.0174 "-" 96771 0
Dec 12 13:41:41 np0005557558.novalocal account-server[96174]: ::1 - - [12/Dec/2025:18:41:41 +0000] "PUT /3/24542/AUTH_9f41729c3600455b8ee569c968fa446b/gnocchi.21f29858-b9bd-4d2f-8492-5060435e280a" 201 - "PUT http://[::1]:6001/1/188313/AUTH_9f41729c3600455b8ee569c968fa446b/gnocchi.21f29858-b9bd-4d2f-8492-5060435e280a" "tx38f47cf3cbec413bb8f28-00693c61e5" "container-server 96474" 0.0072 "-" 96174 0
Dec 12 13:41:41 np0005557558.novalocal container-server[96474]: ::1 - - [12/Dec/2025:18:41:41 +0000] "PUT /1/188313/AUTH_9f41729c3600455b8ee569c968fa446b/gnocchi.21f29858-b9bd-4d2f-8492-5060435e280a" 201 - "PUT https://[::1]:8080/v1/AUTH_9f41729c3600455b8ee569c968fa446b/gnocchi.21f29858-b9bd-4d2f-8492-5060435e280a" "tx38f47cf3cbec413bb8f28-00693c61e5" "proxy-server 97772" 0.0177 "-" 96474 0
Dec 12 13:41:41 np0005557558.novalocal account-server[96175]: ::1 - - [12/Dec/2025:18:41:41 +0000] "PUT /1/24542/AUTH_9f41729c3600455b8ee569c968fa446b/gnocchi.21f29858-b9bd-4d2f-8492-5060435e280a" 201 - "PUT http://[::1]:6001/3/188313/AUTH_9f41729c3600455b8ee569c968fa446b/gnocchi.21f29858-b9bd-4d2f-8492-5060435e280a" "tx38f47cf3cbec413bb8f28-00693c61e5" "container-server 96474" 0.0077 "-" 96175 0
Dec 12 13:41:42 np0005557558.novalocal container-server[96474]: ::1 - - [12/Dec/2025:18:41:42 +0000] "PUT /3/188313/AUTH_9f41729c3600455b8ee569c968fa446b/gnocchi.21f29858-b9bd-4d2f-8492-5060435e280a" 201 - "PUT https://[::1]:8080/v1/AUTH_9f41729c3600455b8ee569c968fa446b/gnocchi.21f29858-b9bd-4d2f-8492-5060435e280a" "tx38f47cf3cbec413bb8f28-00693c61e5" "proxy-server 97772" 0.0501 "-" 96474 0
Dec 12 13:41:42 np0005557558.novalocal proxy-server[97771]: ::1 ::1 12/Dec/2025/18/41/42 PUT /v1/AUTH_9f41729c3600455b8ee569c968fa446b/gnocchi.40968c74-0243-42d3-8798-16e990515504/1764720000.0_mean_300.0_v3 HTTP/1.0 201 - python-swiftclient-4.7.0 gAAAAABpPGHN3vHt... 16 - - txcdc3b4dc4f584de18e879-00693c61e5 - 0.0337 - - 1765564901.967888355 1765564902.001614094 0
Dec 12 13:41:42 np0005557558.novalocal account-server[96175]: ::1 - - [12/Dec/2025:18:41:42 +0000] "PUT /2/24542/AUTH_9f41729c3600455b8ee569c968fa446b/gnocchi.21f29858-b9bd-4d2f-8492-5060435e280a" 201 - "PUT http://[::1]:6001/2/188313/AUTH_9f41729c3600455b8ee569c968fa446b/gnocchi.21f29858-b9bd-4d2f-8492-5060435e280a" "tx38f47cf3cbec413bb8f28-00693c61e5" "container-server 96474" 0.0055 "-" 96175 0
Dec 12 13:41:42 np0005557558.novalocal container-server[96474]: ::1 - - [12/Dec/2025:18:41:42 +0000] "PUT /2/188313/AUTH_9f41729c3600455b8ee569c968fa446b/gnocchi.21f29858-b9bd-4d2f-8492-5060435e280a" 201 - "PUT https://[::1]:8080/v1/AUTH_9f41729c3600455b8ee569c968fa446b/gnocchi.21f29858-b9bd-4d2f-8492-5060435e280a" "tx38f47cf3cbec413bb8f28-00693c61e5" "proxy-server 97772" 0.0391 "-" 96474 0
Dec 12 13:41:42 np0005557558.novalocal proxy-server[97772]: ::1 ::1 12/Dec/2025/18/41/42 PUT /v1/AUTH_9f41729c3600455b8ee569c968fa446b/gnocchi.21f29858-b9bd-4d2f-8492-5060435e280a HTTP/1.0 201 - python-swiftclient-4.7.0 gAAAAABpPGHN1oGc... - - - tx38f47cf3cbec413bb8f28-00693c61e5 - 0.0689 - - 1765564901.940192223 1765564902.009133577 0
Dec 12 13:41:42 np0005557558.novalocal container-server[96475]: ::1 - - [12/Dec/2025:18:41:42 +0000] "HEAD /3/188313/AUTH_9f41729c3600455b8ee569c968fa446b/gnocchi.21f29858-b9bd-4d2f-8492-5060435e280a" 204 - "HEAD http://[::1]:8080/v1/AUTH_9f41729c3600455b8ee569c968fa446b/gnocchi.21f29858-b9bd-4d2f-8492-5060435e280a" "tx3d7e2473bdac438bb2aac-00693c61e6" "proxy-server 97772" 0.0019 "-" 96475 0
Dec 12 13:41:42 np0005557558.novalocal proxy-server[97772]: - - 12/Dec/2025/18/41/42 HEAD /v1/AUTH_9f41729c3600455b8ee569c968fa446b/gnocchi.21f29858-b9bd-4d2f-8492-5060435e280a HTTP/1.0 204 - Swift - - - - tx3d7e2473bdac438bb2aac-00693c61e6 - 0.0062 CS - 1765564902.014628649 1765564902.020804167 0
Dec 12 13:41:42 np0005557558.novalocal container-server[96475]: ::1 - - [12/Dec/2025:18:41:42 +0000] "PUT /1/139772/AUTH_9f41729c3600455b8ee569c968fa446b/gnocchi.40968c74-0243-42d3-8798-16e990515504/none_v3" 201 - "PUT http://[::1]:8080/1/13136/AUTH_9f41729c3600455b8ee569c968fa446b/gnocchi.40968c74-0243-42d3-8798-16e990515504/none_v3" "tx4ca098ff670143c4be662-00693c61e6" "object-server 96772" 0.0006 "-" 96475 0
Dec 12 13:41:42 np0005557558.novalocal container-server[96474]: ::1 - - [12/Dec/2025:18:41:42 +0000] "PUT /3/139772/AUTH_9f41729c3600455b8ee569c968fa446b/gnocchi.40968c74-0243-42d3-8798-16e990515504/none_v3" 201 - "PUT http://[::1]:8080/2/13136/AUTH_9f41729c3600455b8ee569c968fa446b/gnocchi.40968c74-0243-42d3-8798-16e990515504/none_v3" "tx4ca098ff670143c4be662-00693c61e6" "object-server 96772" 0.0010 "-" 96474 0
Dec 12 13:41:42 np0005557558.novalocal object-server[96772]: ::1 - - [12/Dec/2025:18:41:42 +0000] "PUT /1/13136/AUTH_9f41729c3600455b8ee569c968fa446b/gnocchi.40968c74-0243-42d3-8798-16e990515504/none_v3" 201 - "PUT https://[::1]:8080/v1/AUTH_9f41729c3600455b8ee569c968fa446b/gnocchi.40968c74-0243-42d3-8798-16e990515504/none_v3" "tx4ca098ff670143c4be662-00693c61e6" "proxy-server 97771" 0.0126 "-" 96772 0
Dec 12 13:41:42 np0005557558.novalocal object-server[96772]: ::1 - - [12/Dec/2025:18:41:42 +0000] "PUT /2/13136/AUTH_9f41729c3600455b8ee569c968fa446b/gnocchi.40968c74-0243-42d3-8798-16e990515504/none_v3" 201 - "PUT https://[::1]:8080/v1/AUTH_9f41729c3600455b8ee569c968fa446b/gnocchi.40968c74-0243-42d3-8798-16e990515504/none_v3" "tx4ca098ff670143c4be662-00693c61e6" "proxy-server 97771" 0.0107 "-" 96772 0
Dec 12 13:41:42 np0005557558.novalocal container-server[96475]: ::1 - - [12/Dec/2025:18:41:42 +0000] "PUT /2/139772/AUTH_9f41729c3600455b8ee569c968fa446b/gnocchi.40968c74-0243-42d3-8798-16e990515504/none_v3" 201 - "PUT http://[::1]:8080/3/13136/AUTH_9f41729c3600455b8ee569c968fa446b/gnocchi.40968c74-0243-42d3-8798-16e990515504/none_v3" "tx4ca098ff670143c4be662-00693c61e6" "object-server 96772" 0.0004 "-" 96475 0
Dec 12 13:41:42 np0005557558.novalocal object-server[96772]: ::1 - - [12/Dec/2025:18:41:42 +0000] "PUT /3/13136/AUTH_9f41729c3600455b8ee569c968fa446b/gnocchi.40968c74-0243-42d3-8798-16e990515504/none_v3" 201 - "PUT https://[::1]:8080/v1/AUTH_9f41729c3600455b8ee569c968fa446b/gnocchi.40968c74-0243-42d3-8798-16e990515504/none_v3" "tx4ca098ff670143c4be662-00693c61e6" "proxy-server 97771" 0.0148 "-" 96772 0
Dec 12 13:41:42 np0005557558.novalocal container-server[96474]: ::1 - - [12/Dec/2025:18:41:42 +0000] "GET /2/188313/AUTH_9f41729c3600455b8ee569c968fa446b/gnocchi.21f29858-b9bd-4d2f-8492-5060435e280a" 200 2 "GET https://[::1]:8080/v1/AUTH_9f41729c3600455b8ee569c968fa446b/gnocchi.21f29858-b9bd-4d2f-8492-5060435e280a?format=json&states=listing" "tx3d7e2473bdac438bb2aac-00693c61e6" "proxy-server 97772" 0.0034 "-" 96474 0
Dec 12 13:41:42 np0005557558.novalocal proxy-server[97771]: ::1 ::1 12/Dec/2025/18/41/42 PUT /v1/AUTH_9f41729c3600455b8ee569c968fa446b/gnocchi.40968c74-0243-42d3-8798-16e990515504/none_v3 HTTP/1.0 201 - python-swiftclient-4.7.0 gAAAAABpPGHN3vHt... 22 - - tx4ca098ff670143c4be662-00693c61e6 - 0.0313 - - 1765564902.005317688 1765564902.036625147 0
Dec 12 13:41:42 np0005557558.novalocal proxy-server[97772]: ::1 ::1 12/Dec/2025/18/41/42 GET /v1/AUTH_9f41729c3600455b8ee569c968fa446b/gnocchi.21f29858-b9bd-4d2f-8492-5060435e280a%3Fformat%3Djson%26states%3Dlisting HTTP/1.0 200 - python-swiftclient-4.7.0 gAAAAABpPGHN1oGc... - 2 - tx3d7e2473bdac438bb2aac-00693c61e6 - 0.0247 - - 1765564902.013850212 1765564902.038524151 0
Dec 12 13:41:42 np0005557558.novalocal object-server[96772]: ::1 - - [12/Dec/2025:18:41:42 +0000] "GET /1/213439/AUTH_9f41729c3600455b8ee569c968fa446b/gnocchi.21f29858-b9bd-4d2f-8492-5060435e280a/1764720000.0_mean_300.0_v3" 404 70 "GET https://[::1]:8080/v1/AUTH_9f41729c3600455b8ee569c968fa446b/gnocchi.21f29858-b9bd-4d2f-8492-5060435e280a/1764720000.0_mean_300.0_v3" "tx1829a75482974f119482e-00693c61e6" "proxy-server 97772" 0.0004 "-" 96772 0
Dec 12 13:41:42 np0005557558.novalocal object-server[96772]: ::1 - - [12/Dec/2025:18:41:42 +0000] "GET /2/213439/AUTH_9f41729c3600455b8ee569c968fa446b/gnocchi.21f29858-b9bd-4d2f-8492-5060435e280a/1764720000.0_mean_300.0_v3" 404 70 "GET https://[::1]:8080/v1/AUTH_9f41729c3600455b8ee569c968fa446b/gnocchi.21f29858-b9bd-4d2f-8492-5060435e280a/1764720000.0_mean_300.0_v3" "tx1829a75482974f119482e-00693c61e6" "proxy-server 97772" 0.0006 "-" 96772 0
Dec 12 13:41:42 np0005557558.novalocal object-server[96771]: ::1 - - [12/Dec/2025:18:41:42 +0000] "GET /3/213439/AUTH_9f41729c3600455b8ee569c968fa446b/gnocchi.21f29858-b9bd-4d2f-8492-5060435e280a/1764720000.0_mean_300.0_v3" 404 70 "GET https://[::1]:8080/v1/AUTH_9f41729c3600455b8ee569c968fa446b/gnocchi.21f29858-b9bd-4d2f-8492-5060435e280a/1764720000.0_mean_300.0_v3" "tx1829a75482974f119482e-00693c61e6" "proxy-server 97772" 0.0003 "-" 96771 0
Dec 12 13:41:42 np0005557558.novalocal proxy-server[97772]: ::1 ::1 12/Dec/2025/18/41/42 GET /v1/AUTH_9f41729c3600455b8ee569c968fa446b/gnocchi.21f29858-b9bd-4d2f-8492-5060435e280a/1764720000.0_mean_300.0_v3 HTTP/1.0 404 - python-swiftclient-4.7.0 gAAAAABpPGHN1oGc... - 70 - tx1829a75482974f119482e-00693c61e6 - 0.0254 - - 1765564902.041702032 1765564902.067105770 0
Dec 12 13:41:42 np0005557558.novalocal container-server[96475]: ::1 - - [12/Dec/2025:18:41:42 +0000] "HEAD /2/95106/AUTH_9f41729c3600455b8ee569c968fa446b/gnocchi.369c7305-39ee-46eb-a6e3-8dd0d5c92b12" 404 - "HEAD http://[::1]:8080/v1/AUTH_9f41729c3600455b8ee569c968fa446b/gnocchi.369c7305-39ee-46eb-a6e3-8dd0d5c92b12" "tx0d4044c66dba416684c46-00693c61e6" "proxy-server 97771" 0.0003 "-" 96475 0
Dec 12 13:41:42 np0005557558.novalocal container-server[96474]: ::1 - - [12/Dec/2025:18:41:42 +0000] "HEAD /1/95106/AUTH_9f41729c3600455b8ee569c968fa446b/gnocchi.369c7305-39ee-46eb-a6e3-8dd0d5c92b12" 404 - "HEAD http://[::1]:8080/v1/AUTH_9f41729c3600455b8ee569c968fa446b/gnocchi.369c7305-39ee-46eb-a6e3-8dd0d5c92b12" "tx0d4044c66dba416684c46-00693c61e6" "proxy-server 97771" 0.0005 "-" 96474 0
Dec 12 13:41:42 np0005557558.novalocal container-server[96474]: ::1 - - [12/Dec/2025:18:41:42 +0000] "HEAD /3/95106/AUTH_9f41729c3600455b8ee569c968fa446b/gnocchi.369c7305-39ee-46eb-a6e3-8dd0d5c92b12" 404 - "HEAD http://[::1]:8080/v1/AUTH_9f41729c3600455b8ee569c968fa446b/gnocchi.369c7305-39ee-46eb-a6e3-8dd0d5c92b12" "tx0d4044c66dba416684c46-00693c61e6" "proxy-server 97771" 0.0003 "-" 96474 0
Dec 12 13:41:42 np0005557558.novalocal proxy-server[97771]: - - 12/Dec/2025/18/41/42 HEAD /v1/AUTH_9f41729c3600455b8ee569c968fa446b/gnocchi.369c7305-39ee-46eb-a6e3-8dd0d5c92b12 HTTP/1.0 404 - Swift - - - - tx0d4044c66dba416684c46-00693c61e6 - 0.0105 CS - 1765564902.073940516 1765564902.084393978 0
Dec 12 13:41:42 np0005557558.novalocal object-server[96772]: ::1 - - [12/Dec/2025:18:41:42 +0000] "GET /1/238486/AUTH_9f41729c3600455b8ee569c968fa446b/gnocchi.369c7305-39ee-46eb-a6e3-8dd0d5c92b12/none_v3" 404 70 "GET https://[::1]:8080/v1/AUTH_9f41729c3600455b8ee569c968fa446b/gnocchi.369c7305-39ee-46eb-a6e3-8dd0d5c92b12/none_v3" "tx0d4044c66dba416684c46-00693c61e6" "proxy-server 97771" 0.0005 "-" 96772 0
Dec 12 13:41:42 np0005557558.novalocal object-server[96771]: ::1 - - [12/Dec/2025:18:41:42 +0000] "GET /3/238486/AUTH_9f41729c3600455b8ee569c968fa446b/gnocchi.369c7305-39ee-46eb-a6e3-8dd0d5c92b12/none_v3" 404 70 "GET https://[::1]:8080/v1/AUTH_9f41729c3600455b8ee569c968fa446b/gnocchi.369c7305-39ee-46eb-a6e3-8dd0d5c92b12/none_v3" "tx0d4044c66dba416684c46-00693c61e6" "proxy-server 97771" 0.0005 "-" 96771 0
Dec 12 13:41:42 np0005557558.novalocal object-server[96772]: ::1 - - [12/Dec/2025:18:41:42 +0000] "GET /2/238486/AUTH_9f41729c3600455b8ee569c968fa446b/gnocchi.369c7305-39ee-46eb-a6e3-8dd0d5c92b12/none_v3" 404 70 "GET https://[::1]:8080/v1/AUTH_9f41729c3600455b8ee569c968fa446b/gnocchi.369c7305-39ee-46eb-a6e3-8dd0d5c92b12/none_v3" "tx0d4044c66dba416684c46-00693c61e6" "proxy-server 97771" 0.0004 "-" 96772 0
Dec 12 13:41:42 np0005557558.novalocal proxy-server[97771]: ::1 ::1 12/Dec/2025/18/41/42 GET /v1/AUTH_9f41729c3600455b8ee569c968fa446b/gnocchi.369c7305-39ee-46eb-a6e3-8dd0d5c92b12/none_v3 HTTP/1.0 404 - python-swiftclient-4.7.0 gAAAAABpPGHN3vHt... - 70 - tx0d4044c66dba416684c46-00693c61e6 - 0.0273 - - 1765564902.073035002 1765564902.100303650 0
Dec 12 13:41:42 np0005557558.novalocal container-server[96475]: ::1 - - [12/Dec/2025:18:41:42 +0000] "PUT /2/188313/AUTH_9f41729c3600455b8ee569c968fa446b/gnocchi.21f29858-b9bd-4d2f-8492-5060435e280a/1764720000.0_mean_300.0_v3" 201 - "PUT http://[::1]:8080/2/213439/AUTH_9f41729c3600455b8ee569c968fa446b/gnocchi.21f29858-b9bd-4d2f-8492-5060435e280a/1764720000.0_mean_300.0_v3" "txcdefc5ce45dc4effb95f7-00693c61e6" "object-server 96772" 0.0012 "-" 96475 0
Dec 12 13:41:42 np0005557558.novalocal object-server[96772]: ::1 - - [12/Dec/2025:18:41:42 +0000] "PUT /2/213439/AUTH_9f41729c3600455b8ee569c968fa446b/gnocchi.21f29858-b9bd-4d2f-8492-5060435e280a/1764720000.0_mean_300.0_v3" 201 - "PUT https://[::1]:8080/v1/AUTH_9f41729c3600455b8ee569c968fa446b/gnocchi.21f29858-b9bd-4d2f-8492-5060435e280a/1764720000.0_mean_300.0_v3" "txcdefc5ce45dc4effb95f7-00693c61e6" "proxy-server 97772" 0.2227 "-" 96772 0
Dec 12 13:41:42 np0005557558.novalocal container-server[96475]: ::1 - - [12/Dec/2025:18:41:42 +0000] "PUT /1/188313/AUTH_9f41729c3600455b8ee569c968fa446b/gnocchi.21f29858-b9bd-4d2f-8492-5060435e280a/1764720000.0_mean_300.0_v3" 201 - "PUT http://[::1]:8080/3/213439/AUTH_9f41729c3600455b8ee569c968fa446b/gnocchi.21f29858-b9bd-4d2f-8492-5060435e280a/1764720000.0_mean_300.0_v3" "txcdefc5ce45dc4effb95f7-00693c61e6" "object-server 96772" 0.0009 "-" 96475 0
Dec 12 13:41:42 np0005557558.novalocal container-server[96474]: ::1 - - [12/Dec/2025:18:41:42 +0000] "PUT /3/188313/AUTH_9f41729c3600455b8ee569c968fa446b/gnocchi.21f29858-b9bd-4d2f-8492-5060435e280a/1764720000.0_mean_300.0_v3" 201 - "PUT http://[::1]:8080/1/213439/AUTH_9f41729c3600455b8ee569c968fa446b/gnocchi.21f29858-b9bd-4d2f-8492-5060435e280a/1764720000.0_mean_300.0_v3" "txcdefc5ce45dc4effb95f7-00693c61e6" "object-server 96772" 0.0011 "-" 96474 0
Dec 12 13:41:42 np0005557558.novalocal object-server[96772]: ::1 - - [12/Dec/2025:18:41:42 +0000] "PUT /3/213439/AUTH_9f41729c3600455b8ee569c968fa446b/gnocchi.21f29858-b9bd-4d2f-8492-5060435e280a/1764720000.0_mean_300.0_v3" 201 - "PUT https://[::1]:8080/v1/AUTH_9f41729c3600455b8ee569c968fa446b/gnocchi.21f29858-b9bd-4d2f-8492-5060435e280a/1764720000.0_mean_300.0_v3" "txcdefc5ce45dc4effb95f7-00693c61e6" "proxy-server 97772" 0.2248 "-" 96772 0
Dec 12 13:41:42 np0005557558.novalocal account-server[96174]: ::1 - - [12/Dec/2025:18:41:42 +0000] "PUT /2/24542/AUTH_9f41729c3600455b8ee569c968fa446b/gnocchi.369c7305-39ee-46eb-a6e3-8dd0d5c92b12" 201 - "PUT http://[::1]:6001/3/95106/AUTH_9f41729c3600455b8ee569c968fa446b/gnocchi.369c7305-39ee-46eb-a6e3-8dd0d5c92b12" "tx65be479d5c324a50ac248-00693c61e6" "container-server 96475" 0.0071 "-" 96174 0
Dec 12 13:41:42 np0005557558.novalocal object-server[96772]: ::1 - - [12/Dec/2025:18:41:42 +0000] "PUT /1/213439/AUTH_9f41729c3600455b8ee569c968fa446b/gnocchi.21f29858-b9bd-4d2f-8492-5060435e280a/1764720000.0_mean_300.0_v3" 201 - "PUT https://[::1]:8080/v1/AUTH_9f41729c3600455b8ee569c968fa446b/gnocchi.21f29858-b9bd-4d2f-8492-5060435e280a/1764720000.0_mean_300.0_v3" "txcdefc5ce45dc4effb95f7-00693c61e6" "proxy-server 97772" 0.2306 "-" 96772 0
Dec 12 13:41:42 np0005557558.novalocal proxy-server[97772]: ::1 ::1 12/Dec/2025/18/41/42 PUT /v1/AUTH_9f41729c3600455b8ee569c968fa446b/gnocchi.21f29858-b9bd-4d2f-8492-5060435e280a/1764720000.0_mean_300.0_v3 HTTP/1.0 201 - python-swiftclient-4.7.0 gAAAAABpPGHN1oGc... 16 - - txcdefc5ce45dc4effb95f7-00693c61e6 - 0.2431 - - 1765564902.070851803 1765564902.313971519 0
Dec 12 13:41:42 np0005557558.novalocal container-server[96475]: ::1 - - [12/Dec/2025:18:41:42 +0000] "PUT /3/95106/AUTH_9f41729c3600455b8ee569c968fa446b/gnocchi.369c7305-39ee-46eb-a6e3-8dd0d5c92b12" 201 - "PUT https://[::1]:8080/v1/AUTH_9f41729c3600455b8ee569c968fa446b/gnocchi.369c7305-39ee-46eb-a6e3-8dd0d5c92b12" "tx65be479d5c324a50ac248-00693c61e6" "proxy-server 97771" 0.2033 "-" 96475 0
Dec 12 13:41:42 np0005557558.novalocal account-server[96174]: ::1 - - [12/Dec/2025:18:41:42 +0000] "PUT /3/24542/AUTH_9f41729c3600455b8ee569c968fa446b/gnocchi.369c7305-39ee-46eb-a6e3-8dd0d5c92b12" 201 - "PUT http://[::1]:6001/1/95106/AUTH_9f41729c3600455b8ee569c968fa446b/gnocchi.369c7305-39ee-46eb-a6e3-8dd0d5c92b12" "tx65be479d5c324a50ac248-00693c61e6" "container-server 96474" 0.0075 "-" 96174 0
Dec 12 13:41:42 np0005557558.novalocal container-server[96474]: ::1 - - [12/Dec/2025:18:41:42 +0000] "PUT /1/95106/AUTH_9f41729c3600455b8ee569c968fa446b/gnocchi.369c7305-39ee-46eb-a6e3-8dd0d5c92b12" 201 - "PUT https://[::1]:8080/v1/AUTH_9f41729c3600455b8ee569c968fa446b/gnocchi.369c7305-39ee-46eb-a6e3-8dd0d5c92b12" "tx65be479d5c324a50ac248-00693c61e6" "proxy-server 97771" 0.2102 "-" 96474 0
Dec 12 13:41:42 np0005557558.novalocal account-server[96174]: ::1 - - [12/Dec/2025:18:41:42 +0000] "PUT /1/24542/AUTH_9f41729c3600455b8ee569c968fa446b/gnocchi.369c7305-39ee-46eb-a6e3-8dd0d5c92b12" 201 - "PUT http://[::1]:6001/2/95106/AUTH_9f41729c3600455b8ee569c968fa446b/gnocchi.369c7305-39ee-46eb-a6e3-8dd0d5c92b12" "tx65be479d5c324a50ac248-00693c61e6" "container-server 96474" 0.0076 "-" 96174 0
Dec 12 13:41:42 np0005557558.novalocal container-server[96474]: ::1 - - [12/Dec/2025:18:41:42 +0000] "PUT /2/95106/AUTH_9f41729c3600455b8ee569c968fa446b/gnocchi.369c7305-39ee-46eb-a6e3-8dd0d5c92b12" 201 - "PUT https://[::1]:8080/v1/AUTH_9f41729c3600455b8ee569c968fa446b/gnocchi.369c7305-39ee-46eb-a6e3-8dd0d5c92b12" "tx65be479d5c324a50ac248-00693c61e6" "proxy-server 97771" 0.0323 "-" 96474 0
Dec 12 13:41:42 np0005557558.novalocal container-server[96474]: ::1 - - [12/Dec/2025:18:41:42 +0000] "PUT /1/188313/AUTH_9f41729c3600455b8ee569c968fa446b/gnocchi.21f29858-b9bd-4d2f-8492-5060435e280a/none_v3" 201 - "PUT http://[::1]:8080/1/253595/AUTH_9f41729c3600455b8ee569c968fa446b/gnocchi.21f29858-b9bd-4d2f-8492-5060435e280a/none_v3" "tx92aae0adba6e48d1acbe8-00693c61e6" "object-server 96772" 0.0008 "-" 96474 0
Dec 12 13:41:42 np0005557558.novalocal container-server[96475]: ::1 - - [12/Dec/2025:18:41:42 +0000] "PUT /2/188313/AUTH_9f41729c3600455b8ee569c968fa446b/gnocchi.21f29858-b9bd-4d2f-8492-5060435e280a/none_v3" 201 - "PUT http://[::1]:8080/3/253595/AUTH_9f41729c3600455b8ee569c968fa446b/gnocchi.21f29858-b9bd-4d2f-8492-5060435e280a/none_v3" "tx92aae0adba6e48d1acbe8-00693c61e6" "object-server 96771" 0.0006 "-" 96475 0
Dec 12 13:41:42 np0005557558.novalocal object-server[96772]: ::1 - - [12/Dec/2025:18:41:42 +0000] "PUT /1/253595/AUTH_9f41729c3600455b8ee569c968fa446b/gnocchi.21f29858-b9bd-4d2f-8492-5060435e280a/none_v3" 201 - "PUT https://[::1]:8080/v1/AUTH_9f41729c3600455b8ee569c968fa446b/gnocchi.21f29858-b9bd-4d2f-8492-5060435e280a/none_v3" "tx92aae0adba6e48d1acbe8-00693c61e6" "proxy-server 97772" 0.0107 "-" 96772 0
Dec 12 13:41:42 np0005557558.novalocal container-server[96474]: ::1 - - [12/Dec/2025:18:41:42 +0000] "PUT /3/188313/AUTH_9f41729c3600455b8ee569c968fa446b/gnocchi.21f29858-b9bd-4d2f-8492-5060435e280a/none_v3" 201 - "PUT http://[::1]:8080/2/253595/AUTH_9f41729c3600455b8ee569c968fa446b/gnocchi.21f29858-b9bd-4d2f-8492-5060435e280a/none_v3" "tx92aae0adba6e48d1acbe8-00693c61e6" "object-server 96772" 0.0005 "-" 96474 0
Dec 12 13:41:42 np0005557558.novalocal object-server[96771]: ::1 - - [12/Dec/2025:18:41:42 +0000] "PUT /3/253595/AUTH_9f41729c3600455b8ee569c968fa446b/gnocchi.21f29858-b9bd-4d2f-8492-5060435e280a/none_v3" 201 - "PUT https://[::1]:8080/v1/AUTH_9f41729c3600455b8ee569c968fa446b/gnocchi.21f29858-b9bd-4d2f-8492-5060435e280a/none_v3" "tx92aae0adba6e48d1acbe8-00693c61e6" "proxy-server 97772" 0.0113 "-" 96771 0
Dec 12 13:41:42 np0005557558.novalocal proxy-server[97771]: ::1 ::1 12/Dec/2025/18/41/42 PUT /v1/AUTH_9f41729c3600455b8ee569c968fa446b/gnocchi.369c7305-39ee-46eb-a6e3-8dd0d5c92b12 HTTP/1.0 201 - python-swiftclient-4.7.0 gAAAAABpPGHN3vHt... - - - tx65be479d5c324a50ac248-00693c61e6 - 0.2367 - - 1765564902.104305744 1765564902.340992212 0
Dec 12 13:41:42 np0005557558.novalocal object-server[96772]: ::1 - - [12/Dec/2025:18:41:42 +0000] "PUT /2/253595/AUTH_9f41729c3600455b8ee569c968fa446b/gnocchi.21f29858-b9bd-4d2f-8492-5060435e280a/none_v3" 201 - "PUT https://[::1]:8080/v1/AUTH_9f41729c3600455b8ee569c968fa446b/gnocchi.21f29858-b9bd-4d2f-8492-5060435e280a/none_v3" "tx92aae0adba6e48d1acbe8-00693c61e6" "proxy-server 97772" 0.0109 "-" 96772 0
Dec 12 13:41:42 np0005557558.novalocal proxy-server[97772]: ::1 ::1 12/Dec/2025/18/41/42 PUT /v1/AUTH_9f41729c3600455b8ee569c968fa446b/gnocchi.21f29858-b9bd-4d2f-8492-5060435e280a/none_v3 HTTP/1.0 201 - python-swiftclient-4.7.0 gAAAAABpPGHN1oGc... 22 - - tx92aae0adba6e48d1acbe8-00693c61e6 - 0.0260 - - 1765564902.317528486 1765564902.343543291 0
