Dec 12 13:41:42 np0005557558.novalocal container-server[96475]: ::1 - - [12/Dec/2025:18:41:42 +0000] "PUT /3/31696/AUTH_9f41729c3600455b8ee569c968fa446b/gnocchi.771d5afc-29f3-40b8-9fad-d46f1503009f/1764720000.0_mean_300.0_v3" 201 - "PUT http://[::1]:8080/3/246283/AUTH_9f41729c3600455b8ee569c968fa446b/gnocchi.771d5afc-29f3-40b8-9fad-d46f1503009f/1764720000.0_mean_300.0_v3" "tx9627bc084020446fbd33b-00693c61e6" "object-server 96772" 0.0003 "-" 96475 0
Dec 12 13:41:42 np0005557558.novalocal object-server[96772]: ::1 - - [12/Dec/2025:18:41:42 +0000] "PUT /3/246283/AUTH_9f41729c3600455b8ee569c968fa446b/gnocchi.771d5afc-29f3-40b8-9fad-d46f1503009f/1764720000.0_mean_300.0_v3" 201 - "PUT https://[::1]:8080/v1/AUTH_9f41729c3600455b8ee569c968fa446b/gnocchi.771d5afc-29f3-40b8-9fad-d46f1503009f/1764720000.0_mean_300.0_v3" "tx9627bc084020446fbd33b-00693c61e6" "proxy-server 97772" 0.0179 "-" 96772 0
Dec 12 13:41:42 np0005557558.novalocal container-server[96475]: ::1 - - [12/Dec/2025:18:41:42 +0000] "HEAD /1/11907/AUTH_9f41729c3600455b8ee569c968fa446b/gnocchi.b513924d-eada-49a0-8d28-9679c1794cb7" 404 - "HEAD http://[::1]:8080/v1/AUTH_9f41729c3600455b8ee569c968fa446b/gnocchi.b513924d-eada-49a0-8d28-9679c1794cb7" "txca81112356dd4310a003a-00693c61e6" "proxy-server 97771" 0.0002 "-" 96475 0
Dec 12 13:41:42 np0005557558.novalocal proxy-server[97772]: ::1 ::1 12/Dec/2025/18/41/42 PUT /v1/AUTH_9f41729c3600455b8ee569c968fa446b/gnocchi.771d5afc-29f3-40b8-9fad-d46f1503009f/1764720000.0_mean_300.0_v3 HTTP/1.0 201 - python-swiftclient-4.7.0 gAAAAABpPGHN1oGc... 16 - - tx9627bc084020446fbd33b-00693c61e6 - 0.0280 - - 1765564902.745545626 1765564902.773499727 0
Dec 12 13:41:42 np0005557558.novalocal container-server[96475]: ::1 - - [12/Dec/2025:18:41:42 +0000] "HEAD /2/11907/AUTH_9f41729c3600455b8ee569c968fa446b/gnocchi.b513924d-eada-49a0-8d28-9679c1794cb7" 404 - "HEAD http://[::1]:8080/v1/AUTH_9f41729c3600455b8ee569c968fa446b/gnocchi.b513924d-eada-49a0-8d28-9679c1794cb7" "txca81112356dd4310a003a-00693c61e6" "proxy-server 97771" 0.0002 "-" 96475 0
Dec 12 13:41:42 np0005557558.novalocal proxy-server[97771]: - - 12/Dec/2025/18/41/42 HEAD /v1/AUTH_9f41729c3600455b8ee569c968fa446b/gnocchi.b513924d-eada-49a0-8d28-9679c1794cb7 HTTP/1.0 404 - Swift - - - - txca81112356dd4310a003a-00693c61e6 - 0.0131 CS - 1765564902.768167496 1765564902.781293869 0
Dec 12 13:41:42 np0005557558.novalocal object-server[96772]: ::1 - - [12/Dec/2025:18:41:42 +0000] "GET /2/238279/AUTH_9f41729c3600455b8ee569c968fa446b/gnocchi.b513924d-eada-49a0-8d28-9679c1794cb7/none_v3" 404 70 "GET https://[::1]:8080/v1/AUTH_9f41729c3600455b8ee569c968fa446b/gnocchi.b513924d-eada-49a0-8d28-9679c1794cb7/none_v3" "txca81112356dd4310a003a-00693c61e6" "proxy-server 97771" 0.0002 "-" 96772 0
Dec 12 13:41:42 np0005557558.novalocal object-server[96772]: ::1 - - [12/Dec/2025:18:41:42 +0000] "GET /1/238279/AUTH_9f41729c3600455b8ee569c968fa446b/gnocchi.b513924d-eada-49a0-8d28-9679c1794cb7/none_v3" 404 70 "GET https://[::1]:8080/v1/AUTH_9f41729c3600455b8ee569c968fa446b/gnocchi.b513924d-eada-49a0-8d28-9679c1794cb7/none_v3" "txca81112356dd4310a003a-00693c61e6" "proxy-server 97771" 0.0002 "-" 96772 0
Dec 12 13:41:42 np0005557558.novalocal object-server[96772]: ::1 - - [12/Dec/2025:18:41:42 +0000] "GET /3/238279/AUTH_9f41729c3600455b8ee569c968fa446b/gnocchi.b513924d-eada-49a0-8d28-9679c1794cb7/none_v3" 404 70 "GET https://[::1]:8080/v1/AUTH_9f41729c3600455b8ee569c968fa446b/gnocchi.b513924d-eada-49a0-8d28-9679c1794cb7/none_v3" "txca81112356dd4310a003a-00693c61e6" "proxy-server 97771" 0.0002 "-" 96772 0
Dec 12 13:41:42 np0005557558.novalocal container-server[96474]: ::1 - - [12/Dec/2025:18:41:42 +0000] "PUT /2/31696/AUTH_9f41729c3600455b8ee569c968fa446b/gnocchi.771d5afc-29f3-40b8-9fad-d46f1503009f/none_v3" 201 - "PUT http://[::1]:8080/3/135609/AUTH_9f41729c3600455b8ee569c968fa446b/gnocchi.771d5afc-29f3-40b8-9fad-d46f1503009f/none_v3" "tx85055311e22f4543a02ed-00693c61e6" "object-server 96771" 0.0007 "-" 96474 0
Dec 12 13:41:42 np0005557558.novalocal proxy-server[97771]: ::1 ::1 12/Dec/2025/18/41/42 GET /v1/AUTH_9f41729c3600455b8ee569c968fa446b/gnocchi.b513924d-eada-49a0-8d28-9679c1794cb7/none_v3 HTTP/1.0 404 - python-swiftclient-4.7.0 gAAAAABpPGHN3vHt... - 70 - txca81112356dd4310a003a-00693c61e6 - 0.0353 - - 1765564902.767424822 1765564902.802725315 0
Dec 12 13:41:42 np0005557558.novalocal object-server[96771]: ::1 - - [12/Dec/2025:18:41:42 +0000] "PUT /3/135609/AUTH_9f41729c3600455b8ee569c968fa446b/gnocchi.771d5afc-29f3-40b8-9fad-d46f1503009f/none_v3" 201 - "PUT https://[::1]:8080/v1/AUTH_9f41729c3600455b8ee569c968fa446b/gnocchi.771d5afc-29f3-40b8-9fad-d46f1503009f/none_v3" "tx85055311e22f4543a02ed-00693c61e6" "proxy-server 97772" 0.0146 "-" 96771 0
Dec 12 13:41:42 np0005557558.novalocal container-server[96474]: ::1 - - [12/Dec/2025:18:41:42 +0000] "PUT /1/31696/AUTH_9f41729c3600455b8ee569c968fa446b/gnocchi.771d5afc-29f3-40b8-9fad-d46f1503009f/none_v3" 201 - "PUT http://[::1]:8080/2/135609/AUTH_9f41729c3600455b8ee569c968fa446b/gnocchi.771d5afc-29f3-40b8-9fad-d46f1503009f/none_v3" "tx85055311e22f4543a02ed-00693c61e6" "object-server 96771" 0.0003 "-" 96474 0
Dec 12 13:41:42 np0005557558.novalocal object-server[96771]: ::1 - - [12/Dec/2025:18:41:42 +0000] "PUT /2/135609/AUTH_9f41729c3600455b8ee569c968fa446b/gnocchi.771d5afc-29f3-40b8-9fad-d46f1503009f/none_v3" 201 - "PUT https://[::1]:8080/v1/AUTH_9f41729c3600455b8ee569c968fa446b/gnocchi.771d5afc-29f3-40b8-9fad-d46f1503009f/none_v3" "tx85055311e22f4543a02ed-00693c61e6" "proxy-server 97772" 0.0124 "-" 96771 0
Dec 12 13:41:42 np0005557558.novalocal container-server[96475]: ::1 - - [12/Dec/2025:18:41:42 +0000] "PUT /3/31696/AUTH_9f41729c3600455b8ee569c968fa446b/gnocchi.771d5afc-29f3-40b8-9fad-d46f1503009f/none_v3" 201 - "PUT http://[::1]:8080/1/135609/AUTH_9f41729c3600455b8ee569c968fa446b/gnocchi.771d5afc-29f3-40b8-9fad-d46f1503009f/none_v3" "tx85055311e22f4543a02ed-00693c61e6" "object-server 96772" 0.0005 "-" 96475 0
Dec 12 13:41:42 np0005557558.novalocal object-server[96772]: ::1 - - [12/Dec/2025:18:41:42 +0000] "PUT /1/135609/AUTH_9f41729c3600455b8ee569c968fa446b/gnocchi.771d5afc-29f3-40b8-9fad-d46f1503009f/none_v3" 201 - "PUT https://[::1]:8080/v1/AUTH_9f41729c3600455b8ee569c968fa446b/gnocchi.771d5afc-29f3-40b8-9fad-d46f1503009f/none_v3" "tx85055311e22f4543a02ed-00693c61e6" "proxy-server 97772" 0.0179 "-" 96772 0
Dec 12 13:41:42 np0005557558.novalocal proxy-server[97772]: ::1 ::1 12/Dec/2025/18/41/42 PUT /v1/AUTH_9f41729c3600455b8ee569c968fa446b/gnocchi.771d5afc-29f3-40b8-9fad-d46f1503009f/none_v3 HTTP/1.0 201 - python-swiftclient-4.7.0 gAAAAABpPGHN1oGc... 22 - - tx85055311e22f4543a02ed-00693c61e6 - 0.0299 - - 1765564902.781530857 1765564902.811386585 0
Dec 12 13:41:42 np0005557558.novalocal account-server[96175]: ::1 - - [12/Dec/2025:18:41:42 +0000] "PUT /3/24542/AUTH_9f41729c3600455b8ee569c968fa446b/gnocchi.b513924d-eada-49a0-8d28-9679c1794cb7" 201 - "PUT http://[::1]:6001/2/11907/AUTH_9f41729c3600455b8ee569c968fa446b/gnocchi.b513924d-eada-49a0-8d28-9679c1794cb7" "tx07b6a1e96ce04d128bc10-00693c61e6" "container-server 96475" 0.0037 "-" 96175 0
Dec 12 13:41:42 np0005557558.novalocal container-server[96475]: ::1 - - [12/Dec/2025:18:41:42 +0000] "PUT /2/11907/AUTH_9f41729c3600455b8ee569c968fa446b/gnocchi.b513924d-eada-49a0-8d28-9679c1794cb7" 201 - "PUT https://[::1]:8080/v1/AUTH_9f41729c3600455b8ee569c968fa446b/gnocchi.b513924d-eada-49a0-8d28-9679c1794cb7" "tx07b6a1e96ce04d128bc10-00693c61e6" "proxy-server 97771" 0.0317 "-" 96475 0
Dec 12 13:41:42 np0005557558.novalocal account-server[96175]: ::1 - - [12/Dec/2025:18:41:42 +0000] "PUT /2/24542/AUTH_9f41729c3600455b8ee569c968fa446b/gnocchi.b513924d-eada-49a0-8d28-9679c1794cb7" 201 - "PUT http://[::1]:6001/3/11907/AUTH_9f41729c3600455b8ee569c968fa446b/gnocchi.b513924d-eada-49a0-8d28-9679c1794cb7" "tx07b6a1e96ce04d128bc10-00693c61e6" "container-server 96475" 0.0044 "-" 96175 0
Dec 12 13:41:42 np0005557558.novalocal account-server[96174]: ::1 - - [12/Dec/2025:18:41:42 +0000] "PUT /1/24542/AUTH_9f41729c3600455b8ee569c968fa446b/gnocchi.b513924d-eada-49a0-8d28-9679c1794cb7" 201 - "PUT http://[::1]:6001/1/11907/AUTH_9f41729c3600455b8ee569c968fa446b/gnocchi.b513924d-eada-49a0-8d28-9679c1794cb7" "tx07b6a1e96ce04d128bc10-00693c61e6" "container-server 96474" 0.0058 "-" 96174 0
Dec 12 13:41:42 np0005557558.novalocal container-server[96475]: ::1 - - [12/Dec/2025:18:41:42 +0000] "PUT /3/11907/AUTH_9f41729c3600455b8ee569c968fa446b/gnocchi.b513924d-eada-49a0-8d28-9679c1794cb7" 201 - "PUT https://[::1]:8080/v1/AUTH_9f41729c3600455b8ee569c968fa446b/gnocchi.b513924d-eada-49a0-8d28-9679c1794cb7" "tx07b6a1e96ce04d128bc10-00693c61e6" "proxy-server 97771" 0.0441 "-" 96475 0
Dec 12 13:41:42 np0005557558.novalocal container-server[96474]: ::1 - - [12/Dec/2025:18:41:42 +0000] "PUT /1/11907/AUTH_9f41729c3600455b8ee569c968fa446b/gnocchi.b513924d-eada-49a0-8d28-9679c1794cb7" 201 - "PUT https://[::1]:8080/v1/AUTH_9f41729c3600455b8ee569c968fa446b/gnocchi.b513924d-eada-49a0-8d28-9679c1794cb7" "tx07b6a1e96ce04d128bc10-00693c61e6" "proxy-server 97771" 0.0340 "-" 96474 0
Dec 12 13:41:42 np0005557558.novalocal proxy-server[97771]: ::1 ::1 12/Dec/2025/18/41/42 PUT /v1/AUTH_9f41729c3600455b8ee569c968fa446b/gnocchi.b513924d-eada-49a0-8d28-9679c1794cb7 HTTP/1.0 201 - python-swiftclient-4.7.0 gAAAAABpPGHN3vHt... - - - tx07b6a1e96ce04d128bc10-00693c61e6 - 0.0533 - - 1765564902.806101799 1765564902.859381437 0
Dec 12 13:41:42 np0005557558.novalocal container-server[96474]: ::1 - - [12/Dec/2025:18:41:42 +0000] "HEAD /3/91526/AUTH_9f41729c3600455b8ee569c968fa446b/gnocchi.73b209d9-1eab-469a-8661-510ace8d06c4" 404 - "HEAD http://[::1]:8080/v1/AUTH_9f41729c3600455b8ee569c968fa446b/gnocchi.73b209d9-1eab-469a-8661-510ace8d06c4" "txe07a2892744644e5864a2-00693c61e6" "proxy-server 97772" 0.0003 "-" 96474 0
Dec 12 13:41:42 np0005557558.novalocal container-server[96475]: ::1 - - [12/Dec/2025:18:41:42 +0000] "HEAD /2/91526/AUTH_9f41729c3600455b8ee569c968fa446b/gnocchi.73b209d9-1eab-469a-8661-510ace8d06c4" 404 - "HEAD http://[::1]:8080/v1/AUTH_9f41729c3600455b8ee569c968fa446b/gnocchi.73b209d9-1eab-469a-8661-510ace8d06c4" "txe07a2892744644e5864a2-00693c61e6" "proxy-server 97772" 0.0003 "-" 96475 0
Dec 12 13:41:42 np0005557558.novalocal container-server[96475]: ::1 - - [12/Dec/2025:18:41:42 +0000] "HEAD /1/91526/AUTH_9f41729c3600455b8ee569c968fa446b/gnocchi.73b209d9-1eab-469a-8661-510ace8d06c4" 404 - "HEAD http://[::1]:8080/v1/AUTH_9f41729c3600455b8ee569c968fa446b/gnocchi.73b209d9-1eab-469a-8661-510ace8d06c4" "txe07a2892744644e5864a2-00693c61e6" "proxy-server 97772" 0.0002 "-" 96475 0
Dec 12 13:41:42 np0005557558.novalocal proxy-server[97772]: - - 12/Dec/2025/18/41/42 HEAD /v1/AUTH_9f41729c3600455b8ee569c968fa446b/gnocchi.73b209d9-1eab-469a-8661-510ace8d06c4 HTTP/1.0 404 - Swift - - - - txe07a2892744644e5864a2-00693c61e6 - 0.0125 CS - 1765564902.857467651 1765564902.869958162 0
Dec 12 13:41:42 np0005557558.novalocal container-server[96474]: ::1 - - [12/Dec/2025:18:41:42 +0000] "HEAD /3/11907/AUTH_9f41729c3600455b8ee569c968fa446b/gnocchi.b513924d-eada-49a0-8d28-9679c1794cb7" 204 - "HEAD http://[::1]:8080/v1/AUTH_9f41729c3600455b8ee569c968fa446b/gnocchi.b513924d-eada-49a0-8d28-9679c1794cb7" "tx3fcf8fca2f5e4362a9d48-00693c61e6" "proxy-server 97771" 0.0019 "-" 96474 0
Dec 12 13:41:42 np0005557558.novalocal proxy-server[97771]: - - 12/Dec/2025/18/41/42 HEAD /v1/AUTH_9f41729c3600455b8ee569c968fa446b/gnocchi.b513924d-eada-49a0-8d28-9679c1794cb7 HTTP/1.0 204 - Swift - - - - tx3fcf8fca2f5e4362a9d48-00693c61e6 - 0.0087 CS - 1765564902.865712404 1765564902.874442577 0
Dec 12 13:41:42 np0005557558.novalocal object-server[96771]: ::1 - - [12/Dec/2025:18:41:42 +0000] "GET /3/42617/AUTH_9f41729c3600455b8ee569c968fa446b/gnocchi.73b209d9-1eab-469a-8661-510ace8d06c4/none_v3" 404 70 "GET https://[::1]:8080/v1/AUTH_9f41729c3600455b8ee569c968fa446b/gnocchi.73b209d9-1eab-469a-8661-510ace8d06c4/none_v3" "txe07a2892744644e5864a2-00693c61e6" "proxy-server 97772" 0.0006 "-" 96771 0
Dec 12 13:41:42 np0005557558.novalocal object-server[96772]: ::1 - - [12/Dec/2025:18:41:42 +0000] "GET /1/42617/AUTH_9f41729c3600455b8ee569c968fa446b/gnocchi.73b209d9-1eab-469a-8661-510ace8d06c4/none_v3" 404 70 "GET https://[::1]:8080/v1/AUTH_9f41729c3600455b8ee569c968fa446b/gnocchi.73b209d9-1eab-469a-8661-510ace8d06c4/none_v3" "txe07a2892744644e5864a2-00693c61e6" "proxy-server 97772" 0.0004 "-" 96772 0
Dec 12 13:41:42 np0005557558.novalocal object-server[96771]: ::1 - - [12/Dec/2025:18:41:42 +0000] "GET /2/42617/AUTH_9f41729c3600455b8ee569c968fa446b/gnocchi.73b209d9-1eab-469a-8661-510ace8d06c4/none_v3" 404 70 "GET https://[::1]:8080/v1/AUTH_9f41729c3600455b8ee569c968fa446b/gnocchi.73b209d9-1eab-469a-8661-510ace8d06c4/none_v3" "txe07a2892744644e5864a2-00693c61e6" "proxy-server 97772" 0.0004 "-" 96771 0
Dec 12 13:41:42 np0005557558.novalocal container-server[96474]: ::1 - - [12/Dec/2025:18:41:42 +0000] "GET /2/11907/AUTH_9f41729c3600455b8ee569c968fa446b/gnocchi.b513924d-eada-49a0-8d28-9679c1794cb7" 200 2 "GET https://[::1]:8080/v1/AUTH_9f41729c3600455b8ee569c968fa446b/gnocchi.b513924d-eada-49a0-8d28-9679c1794cb7?format=json&states=listing" "tx3fcf8fca2f5e4362a9d48-00693c61e6" "proxy-server 97771" 0.0028 "-" 96474 0
Dec 12 13:41:42 np0005557558.novalocal proxy-server[97772]: ::1 ::1 12/Dec/2025/18/41/42 GET /v1/AUTH_9f41729c3600455b8ee569c968fa446b/gnocchi.73b209d9-1eab-469a-8661-510ace8d06c4/none_v3 HTTP/1.0 404 - python-swiftclient-4.7.0 gAAAAABpPGHN1oGc... - 70 - txe07a2892744644e5864a2-00693c61e6 - 0.0254 - - 1765564902.856717348 1765564902.882131815 0
Dec 12 13:41:42 np0005557558.novalocal proxy-server[97771]: ::1 ::1 12/Dec/2025/18/41/42 GET /v1/AUTH_9f41729c3600455b8ee569c968fa446b/gnocchi.b513924d-eada-49a0-8d28-9679c1794cb7%3Fformat%3Djson%26states%3Dlisting HTTP/1.0 200 - python-swiftclient-4.7.0 gAAAAABpPGHN3vHt... - 2 - tx3fcf8fca2f5e4362a9d48-00693c61e6 - 0.0191 - - 1765564902.865023375 1765564902.884097099 0
Dec 12 13:41:42 np0005557558.novalocal object-server[96772]: ::1 - - [12/Dec/2025:18:41:42 +0000] "GET /3/5817/AUTH_9f41729c3600455b8ee569c968fa446b/gnocchi.b513924d-eada-49a0-8d28-9679c1794cb7/1764720000.0_mean_300.0_v3" 404 70 "GET https://[::1]:8080/v1/AUTH_9f41729c3600455b8ee569c968fa446b/gnocchi.b513924d-eada-49a0-8d28-9679c1794cb7/1764720000.0_mean_300.0_v3" "txe9350df417064fcaae514-00693c61e6" "proxy-server 97771" 0.0005 "-" 96772 0
Dec 12 13:41:42 np0005557558.novalocal object-server[96771]: ::1 - - [12/Dec/2025:18:41:42 +0000] "GET /2/5817/AUTH_9f41729c3600455b8ee569c968fa446b/gnocchi.b513924d-eada-49a0-8d28-9679c1794cb7/1764720000.0_mean_300.0_v3" 404 70 "GET https://[::1]:8080/v1/AUTH_9f41729c3600455b8ee569c968fa446b/gnocchi.b513924d-eada-49a0-8d28-9679c1794cb7/1764720000.0_mean_300.0_v3" "txe9350df417064fcaae514-00693c61e6" "proxy-server 97771" 0.0004 "-" 96771 0
Dec 12 13:41:42 np0005557558.novalocal object-server[96771]: ::1 - - [12/Dec/2025:18:41:42 +0000] "GET /1/5817/AUTH_9f41729c3600455b8ee569c968fa446b/gnocchi.b513924d-eada-49a0-8d28-9679c1794cb7/1764720000.0_mean_300.0_v3" 404 70 "GET https://[::1]:8080/v1/AUTH_9f41729c3600455b8ee569c968fa446b/gnocchi.b513924d-eada-49a0-8d28-9679c1794cb7/1764720000.0_mean_300.0_v3" "txe9350df417064fcaae514-00693c61e6" "proxy-server 97771" 0.0003 "-" 96771 0
Dec 12 13:41:42 np0005557558.novalocal proxy-server[97771]: ::1 ::1 12/Dec/2025/18/41/42 GET /v1/AUTH_9f41729c3600455b8ee569c968fa446b/gnocchi.b513924d-eada-49a0-8d28-9679c1794cb7/1764720000.0_mean_300.0_v3 HTTP/1.0 404 - python-swiftclient-4.7.0 gAAAAABpPGHN3vHt... - 70 - txe9350df417064fcaae514-00693c61e6 - 0.0140 - - 1765564902.892168045 1765564902.906190157 0
Dec 12 13:41:42 np0005557558.novalocal account-server[96175]: ::1 - - [12/Dec/2025:18:41:42 +0000] "PUT /1/24542/AUTH_9f41729c3600455b8ee569c968fa446b/gnocchi.73b209d9-1eab-469a-8661-510ace8d06c4" 201 - "PUT http://[::1]:6001/1/91526/AUTH_9f41729c3600455b8ee569c968fa446b/gnocchi.73b209d9-1eab-469a-8661-510ace8d06c4" "tx89aaf610aec7465186909-00693c61e6" "container-server 96475" 0.0147 "-" 96175 0
Dec 12 13:41:42 np0005557558.novalocal container-server[96475]: ::1 - - [12/Dec/2025:18:41:42 +0000] "PUT /1/91526/AUTH_9f41729c3600455b8ee569c968fa446b/gnocchi.73b209d9-1eab-469a-8661-510ace8d06c4" 201 - "PUT https://[::1]:8080/v1/AUTH_9f41729c3600455b8ee569c968fa446b/gnocchi.73b209d9-1eab-469a-8661-510ace8d06c4" "tx89aaf610aec7465186909-00693c61e6" "proxy-server 97772" 0.0245 "-" 96475 0
Dec 12 13:41:42 np0005557558.novalocal container-server[96475]: ::1 - - [12/Dec/2025:18:41:42 +0000] "PUT /2/11907/AUTH_9f41729c3600455b8ee569c968fa446b/gnocchi.b513924d-eada-49a0-8d28-9679c1794cb7/1764720000.0_mean_300.0_v3" 201 - "PUT http://[::1]:8080/1/5817/AUTH_9f41729c3600455b8ee569c968fa446b/gnocchi.b513924d-eada-49a0-8d28-9679c1794cb7/1764720000.0_mean_300.0_v3" "tx44ab6edba9dd441d89edb-00693c61e6" "object-server 96772" 0.0006 "-" 96475 0
Dec 12 13:41:42 np0005557558.novalocal container-server[96474]: ::1 - - [12/Dec/2025:18:41:42 +0000] "PUT /1/11907/AUTH_9f41729c3600455b8ee569c968fa446b/gnocchi.b513924d-eada-49a0-8d28-9679c1794cb7/1764720000.0_mean_300.0_v3" 201 - "PUT http://[::1]:8080/2/5817/AUTH_9f41729c3600455b8ee569c968fa446b/gnocchi.b513924d-eada-49a0-8d28-9679c1794cb7/1764720000.0_mean_300.0_v3" "tx44ab6edba9dd441d89edb-00693c61e6" "object-server 96771" 0.0008 "-" 96474 0
Dec 12 13:41:42 np0005557558.novalocal object-server[96772]: ::1 - - [12/Dec/2025:18:41:42 +0000] "PUT /1/5817/AUTH_9f41729c3600455b8ee569c968fa446b/gnocchi.b513924d-eada-49a0-8d28-9679c1794cb7/1764720000.0_mean_300.0_v3" 201 - "PUT https://[::1]:8080/v1/AUTH_9f41729c3600455b8ee569c968fa446b/gnocchi.b513924d-eada-49a0-8d28-9679c1794cb7/1764720000.0_mean_300.0_v3" "tx44ab6edba9dd441d89edb-00693c61e6" "proxy-server 97771" 0.0174 "-" 96772 0
Dec 12 13:41:42 np0005557558.novalocal account-server[96175]: ::1 - - [12/Dec/2025:18:41:42 +0000] "PUT /3/24542/AUTH_9f41729c3600455b8ee569c968fa446b/gnocchi.73b209d9-1eab-469a-8661-510ace8d06c4" 201 - "PUT http://[::1]:6001/3/91526/AUTH_9f41729c3600455b8ee569c968fa446b/gnocchi.73b209d9-1eab-469a-8661-510ace8d06c4" "tx89aaf610aec7465186909-00693c61e6" "container-server 96474" 0.0056 "-" 96175 0
Dec 12 13:41:42 np0005557558.novalocal account-server[96174]: ::1 - - [12/Dec/2025:18:41:42 +0000] "PUT /2/24542/AUTH_9f41729c3600455b8ee569c968fa446b/gnocchi.73b209d9-1eab-469a-8661-510ace8d06c4" 201 - "PUT http://[::1]:6001/2/91526/AUTH_9f41729c3600455b8ee569c968fa446b/gnocchi.73b209d9-1eab-469a-8661-510ace8d06c4" "tx89aaf610aec7465186909-00693c61e6" "container-server 96474" 0.0065 "-" 96174 0
Dec 12 13:41:42 np0005557558.novalocal container-server[96474]: ::1 - - [12/Dec/2025:18:41:42 +0000] "PUT /3/91526/AUTH_9f41729c3600455b8ee569c968fa446b/gnocchi.73b209d9-1eab-469a-8661-510ace8d06c4" 201 - "PUT https://[::1]:8080/v1/AUTH_9f41729c3600455b8ee569c968fa446b/gnocchi.73b209d9-1eab-469a-8661-510ace8d06c4" "tx89aaf610aec7465186909-00693c61e6" "proxy-server 97772" 0.0457 "-" 96474 0
Dec 12 13:41:42 np0005557558.novalocal container-server[96474]: ::1 - - [12/Dec/2025:18:41:42 +0000] "PUT /2/91526/AUTH_9f41729c3600455b8ee569c968fa446b/gnocchi.73b209d9-1eab-469a-8661-510ace8d06c4" 201 - "PUT https://[::1]:8080/v1/AUTH_9f41729c3600455b8ee569c968fa446b/gnocchi.73b209d9-1eab-469a-8661-510ace8d06c4" "tx89aaf610aec7465186909-00693c61e6" "proxy-server 97772" 0.0205 "-" 96474 0
Dec 12 13:41:42 np0005557558.novalocal object-server[96771]: ::1 - - [12/Dec/2025:18:41:42 +0000] "PUT /2/5817/AUTH_9f41729c3600455b8ee569c968fa446b/gnocchi.b513924d-eada-49a0-8d28-9679c1794cb7/1764720000.0_mean_300.0_v3" 201 - "PUT https://[::1]:8080/v1/AUTH_9f41729c3600455b8ee569c968fa446b/gnocchi.b513924d-eada-49a0-8d28-9679c1794cb7/1764720000.0_mean_300.0_v3" "tx44ab6edba9dd441d89edb-00693c61e6" "proxy-server 97771" 0.0199 "-" 96771 0
Dec 12 13:41:42 np0005557558.novalocal container-server[96474]: ::1 - - [12/Dec/2025:18:41:42 +0000] "PUT /3/11907/AUTH_9f41729c3600455b8ee569c968fa446b/gnocchi.b513924d-eada-49a0-8d28-9679c1794cb7/1764720000.0_mean_300.0_v3" 201 - "PUT http://[::1]:8080/3/5817/AUTH_9f41729c3600455b8ee569c968fa446b/gnocchi.b513924d-eada-49a0-8d28-9679c1794cb7/1764720000.0_mean_300.0_v3" "tx44ab6edba9dd441d89edb-00693c61e6" "object-server 96771" 0.0005 "-" 96474 0
Dec 12 13:41:42 np0005557558.novalocal object-server[96771]: ::1 - - [12/Dec/2025:18:41:42 +0000] "PUT /3/5817/AUTH_9f41729c3600455b8ee569c968fa446b/gnocchi.b513924d-eada-49a0-8d28-9679c1794cb7/1764720000.0_mean_300.0_v3" 201 - "PUT https://[::1]:8080/v1/AUTH_9f41729c3600455b8ee569c968fa446b/gnocchi.b513924d-eada-49a0-8d28-9679c1794cb7/1764720000.0_mean_300.0_v3" "tx44ab6edba9dd441d89edb-00693c61e6" "proxy-server 97771" 0.0191 "-" 96771 0
Dec 12 13:41:42 np0005557558.novalocal proxy-server[97772]: ::1 ::1 12/Dec/2025/18/41/42 PUT /v1/AUTH_9f41729c3600455b8ee569c968fa446b/gnocchi.73b209d9-1eab-469a-8661-510ace8d06c4 HTTP/1.0 201 - python-swiftclient-4.7.0 gAAAAABpPGHN1oGc... - - - tx89aaf610aec7465186909-00693c61e6 - 0.0533 - - 1765564902.884802341 1765564902.938092470 0
Dec 12 13:41:42 np0005557558.novalocal proxy-server[97771]: ::1 ::1 12/Dec/2025/18/41/42 PUT /v1/AUTH_9f41729c3600455b8ee569c968fa446b/gnocchi.b513924d-eada-49a0-8d28-9679c1794cb7/1764720000.0_mean_300.0_v3 HTTP/1.0 201 - python-swiftclient-4.7.0 gAAAAABpPGHN3vHt... 16 - - tx44ab6edba9dd441d89edb-00693c61e6 - 0.0295 - - 1765564902.909673691 1765564902.939128399 0
Dec 12 13:41:42 np0005557558.novalocal container-server[96475]: ::1 - - [12/Dec/2025:18:41:42 +0000] "HEAD /1/91526/AUTH_9f41729c3600455b8ee569c968fa446b/gnocchi.73b209d9-1eab-469a-8661-510ace8d06c4" 204 - "HEAD http://[::1]:8080/v1/AUTH_9f41729c3600455b8ee569c968fa446b/gnocchi.73b209d9-1eab-469a-8661-510ace8d06c4" "txd4b2f14681914e83b98f9-00693c61e6" "proxy-server 97772" 0.0016 "-" 96475 0
Dec 12 13:41:42 np0005557558.novalocal proxy-server[97772]: - - 12/Dec/2025/18/41/42 HEAD /v1/AUTH_9f41729c3600455b8ee569c968fa446b/gnocchi.73b209d9-1eab-469a-8661-510ace8d06c4 HTTP/1.0 204 - Swift - - - - txd4b2f14681914e83b98f9-00693c61e6 - 0.0050 CS - 1765564902.944450617 1765564902.949477673 0
Dec 12 13:41:42 np0005557558.novalocal container-server[96475]: ::1 - - [12/Dec/2025:18:41:42 +0000] "GET /2/91526/AUTH_9f41729c3600455b8ee569c968fa446b/gnocchi.73b209d9-1eab-469a-8661-510ace8d06c4" 200 2 "GET https://[::1]:8080/v1/AUTH_9f41729c3600455b8ee569c968fa446b/gnocchi.73b209d9-1eab-469a-8661-510ace8d06c4?format=json&states=listing" "txd4b2f14681914e83b98f9-00693c61e6" "proxy-server 97772" 0.0018 "-" 96475 0
Dec 12 13:41:42 np0005557558.novalocal proxy-server[97772]: ::1 ::1 12/Dec/2025/18/41/42 GET /v1/AUTH_9f41729c3600455b8ee569c968fa446b/gnocchi.73b209d9-1eab-469a-8661-510ace8d06c4%3Fformat%3Djson%26states%3Dlisting HTTP/1.0 200 - python-swiftclient-4.7.0 gAAAAABpPGHN1oGc... - 2 - txd4b2f14681914e83b98f9-00693c61e6 - 0.0142 - - 1765564902.943716049 1765564902.957902670 0
Dec 12 13:41:42 np0005557558.novalocal container-server[96475]: ::1 - - [12/Dec/2025:18:41:42 +0000] "PUT /1/11907/AUTH_9f41729c3600455b8ee569c968fa446b/gnocchi.b513924d-eada-49a0-8d28-9679c1794cb7/none_v3" 201 - "PUT http://[::1]:8080/3/238279/AUTH_9f41729c3600455b8ee569c968fa446b/gnocchi.b513924d-eada-49a0-8d28-9679c1794cb7/none_v3" "txc7fce986ff284b10a2674-00693c61e6" "object-server 96772" 0.0005 "-" 96475 0
Dec 12 13:41:42 np0005557558.novalocal container-server[96475]: ::1 - - [12/Dec/2025:18:41:42 +0000] "PUT /2/11907/AUTH_9f41729c3600455b8ee569c968fa446b/gnocchi.b513924d-eada-49a0-8d28-9679c1794cb7/none_v3" 201 - "PUT http://[::1]:8080/1/238279/AUTH_9f41729c3600455b8ee569c968fa446b/gnocchi.b513924d-eada-49a0-8d28-9679c1794cb7/none_v3" "txc7fce986ff284b10a2674-00693c61e6" "object-server 96772" 0.0003 "-" 96475 0
Dec 12 13:41:42 np0005557558.novalocal object-server[96772]: ::1 - - [12/Dec/2025:18:41:42 +0000] "PUT /3/238279/AUTH_9f41729c3600455b8ee569c968fa446b/gnocchi.b513924d-eada-49a0-8d28-9679c1794cb7/none_v3" 201 - "PUT https://[::1]:8080/v1/AUTH_9f41729c3600455b8ee569c968fa446b/gnocchi.b513924d-eada-49a0-8d28-9679c1794cb7/none_v3" "txc7fce986ff284b10a2674-00693c61e6" "proxy-server 97771" 0.0166 "-" 96772 0
Dec 12 13:41:42 np0005557558.novalocal container-server[96475]: ::1 - - [12/Dec/2025:18:41:42 +0000] "PUT /3/11907/AUTH_9f41729c3600455b8ee569c968fa446b/gnocchi.b513924d-eada-49a0-8d28-9679c1794cb7/none_v3" 201 - "PUT http://[::1]:8080/2/238279/AUTH_9f41729c3600455b8ee569c968fa446b/gnocchi.b513924d-eada-49a0-8d28-9679c1794cb7/none_v3" "txc7fce986ff284b10a2674-00693c61e6" "object-server 96772" 0.0003 "-" 96475 0
Dec 12 13:41:42 np0005557558.novalocal object-server[96772]: ::1 - - [12/Dec/2025:18:41:42 +0000] "PUT /1/238279/AUTH_9f41729c3600455b8ee569c968fa446b/gnocchi.b513924d-eada-49a0-8d28-9679c1794cb7/none_v3" 201 - "PUT https://[::1]:8080/v1/AUTH_9f41729c3600455b8ee569c968fa446b/gnocchi.b513924d-eada-49a0-8d28-9679c1794cb7/none_v3" "txc7fce986ff284b10a2674-00693c61e6" "proxy-server 97771" 0.0145 "-" 96772 0
Dec 12 13:41:42 np0005557558.novalocal object-server[96771]: ::1 - - [12/Dec/2025:18:41:42 +0000] "GET /2/188871/AUTH_9f41729c3600455b8ee569c968fa446b/gnocchi.73b209d9-1eab-469a-8661-510ace8d06c4/1764720000.0_mean_300.0_v3" 404 70 "GET https://[::1]:8080/v1/AUTH_9f41729c3600455b8ee569c968fa446b/gnocchi.73b209d9-1eab-469a-8661-510ace8d06c4/1764720000.0_mean_300.0_v3" "txd071bbf36cd64e0eab416-00693c61e6" "proxy-server 97772" 0.0005 "-" 96771 0
Dec 12 13:41:42 np0005557558.novalocal object-server[96772]: ::1 - - [12/Dec/2025:18:41:42 +0000] "PUT /2/238279/AUTH_9f41729c3600455b8ee569c968fa446b/gnocchi.b513924d-eada-49a0-8d28-9679c1794cb7/none_v3" 201 - "PUT https://[::1]:8080/v1/AUTH_9f41729c3600455b8ee569c968fa446b/gnocchi.b513924d-eada-49a0-8d28-9679c1794cb7/none_v3" "txc7fce986ff284b10a2674-00693c61e6" "proxy-server 97771" 0.0170 "-" 96772 0
Dec 12 13:41:42 np0005557558.novalocal proxy-server[97771]: ::1 ::1 12/Dec/2025/18/41/42 PUT /v1/AUTH_9f41729c3600455b8ee569c968fa446b/gnocchi.b513924d-eada-49a0-8d28-9679c1794cb7/none_v3 HTTP/1.0 201 - python-swiftclient-4.7.0 gAAAAABpPGHN3vHt... 22 - - txc7fce986ff284b10a2674-00693c61e6 - 0.0308 - - 1765564902.941663265 1765564902.972483397 0
Dec 12 13:41:42 np0005557558.novalocal object-server[96771]: ::1 - - [12/Dec/2025:18:41:42 +0000] "GET /3/188871/AUTH_9f41729c3600455b8ee569c968fa446b/gnocchi.73b209d9-1eab-469a-8661-510ace8d06c4/1764720000.0_mean_300.0_v3" 404 70 "GET https://[::1]:8080/v1/AUTH_9f41729c3600455b8ee569c968fa446b/gnocchi.73b209d9-1eab-469a-8661-510ace8d06c4/1764720000.0_mean_300.0_v3" "txd071bbf36cd64e0eab416-00693c61e6" "proxy-server 97772" 0.0017 "-" 96771 0
Dec 12 13:41:42 np0005557558.novalocal object-server[96772]: ::1 - - [12/Dec/2025:18:41:42 +0000] "GET /1/188871/AUTH_9f41729c3600455b8ee569c968fa446b/gnocchi.73b209d9-1eab-469a-8661-510ace8d06c4/1764720000.0_mean_300.0_v3" 404 70 "GET https://[::1]:8080/v1/AUTH_9f41729c3600455b8ee569c968fa446b/gnocchi.73b209d9-1eab-469a-8661-510ace8d06c4/1764720000.0_mean_300.0_v3" "txd071bbf36cd64e0eab416-00693c61e6" "proxy-server 97772" 0.0003 "-" 96772 0
Dec 12 13:41:42 np0005557558.novalocal proxy-server[97772]: ::1 ::1 12/Dec/2025/18/41/42 GET /v1/AUTH_9f41729c3600455b8ee569c968fa446b/gnocchi.73b209d9-1eab-469a-8661-510ace8d06c4/1764720000.0_mean_300.0_v3 HTTP/1.0 404 - python-swiftclient-4.7.0 gAAAAABpPGHN1oGc... - 70 - txd071bbf36cd64e0eab416-00693c61e6 - 0.0116 - - 1765564902.966023684 1765564902.977657557 0
Dec 12 13:41:43 np0005557558.novalocal container-server[96475]: ::1 - - [12/Dec/2025:18:41:43 +0000] "PUT /3/91526/AUTH_9f41729c3600455b8ee569c968fa446b/gnocchi.73b209d9-1eab-469a-8661-510ace8d06c4/1764720000.0_mean_300.0_v3" 201 - "PUT http://[::1]:8080/1/188871/AUTH_9f41729c3600455b8ee569c968fa446b/gnocchi.73b209d9-1eab-469a-8661-510ace8d06c4/1764720000.0_mean_300.0_v3" "txfb4d7065a158409f8bdfa-00693c61e6" "object-server 96771" 0.0007 "-" 96475 0
Dec 12 13:41:43 np0005557558.novalocal object-server[96771]: ::1 - - [12/Dec/2025:18:41:43 +0000] "PUT /1/188871/AUTH_9f41729c3600455b8ee569c968fa446b/gnocchi.73b209d9-1eab-469a-8661-510ace8d06c4/1764720000.0_mean_300.0_v3" 201 - "PUT https://[::1]:8080/v1/AUTH_9f41729c3600455b8ee569c968fa446b/gnocchi.73b209d9-1eab-469a-8661-510ace8d06c4/1764720000.0_mean_300.0_v3" "txfb4d7065a158409f8bdfa-00693c61e6" "proxy-server 97772" 0.0192 "-" 96771 0
Dec 12 13:41:43 np0005557558.novalocal container-server[96474]: ::1 - - [12/Dec/2025:18:41:43 +0000] "PUT /1/91526/AUTH_9f41729c3600455b8ee569c968fa446b/gnocchi.73b209d9-1eab-469a-8661-510ace8d06c4/1764720000.0_mean_300.0_v3" 201 - "PUT http://[::1]:8080/2/188871/AUTH_9f41729c3600455b8ee569c968fa446b/gnocchi.73b209d9-1eab-469a-8661-510ace8d06c4/1764720000.0_mean_300.0_v3" "txfb4d7065a158409f8bdfa-00693c61e6" "object-server 96772" 0.0006 "-" 96474 0
Dec 12 13:41:43 np0005557558.novalocal container-server[96475]: ::1 - - [12/Dec/2025:18:41:43 +0000] "PUT /2/91526/AUTH_9f41729c3600455b8ee569c968fa446b/gnocchi.73b209d9-1eab-469a-8661-510ace8d06c4/1764720000.0_mean_300.0_v3" 201 - "PUT http://[::1]:8080/3/188871/AUTH_9f41729c3600455b8ee569c968fa446b/gnocchi.73b209d9-1eab-469a-8661-510ace8d06c4/1764720000.0_mean_300.0_v3" "txfb4d7065a158409f8bdfa-00693c61e6" "object-server 96772" 0.0006 "-" 96475 0
Dec 12 13:41:43 np0005557558.novalocal object-server[96772]: ::1 - - [12/Dec/2025:18:41:43 +0000] "PUT /2/188871/AUTH_9f41729c3600455b8ee569c968fa446b/gnocchi.73b209d9-1eab-469a-8661-510ace8d06c4/1764720000.0_mean_300.0_v3" 201 - "PUT https://[::1]:8080/v1/AUTH_9f41729c3600455b8ee569c968fa446b/gnocchi.73b209d9-1eab-469a-8661-510ace8d06c4/1764720000.0_mean_300.0_v3" "txfb4d7065a158409f8bdfa-00693c61e6" "proxy-server 97772" 0.0174 "-" 96772 0
Dec 12 13:41:43 np0005557558.novalocal object-server[96772]: ::1 - - [12/Dec/2025:18:41:43 +0000] "PUT /3/188871/AUTH_9f41729c3600455b8ee569c968fa446b/gnocchi.73b209d9-1eab-469a-8661-510ace8d06c4/1764720000.0_mean_300.0_v3" 201 - "PUT https://[::1]:8080/v1/AUTH_9f41729c3600455b8ee569c968fa446b/gnocchi.73b209d9-1eab-469a-8661-510ace8d06c4/1764720000.0_mean_300.0_v3" "txfb4d7065a158409f8bdfa-00693c61e6" "proxy-server 97772" 0.0200 "-" 96772 0
Dec 12 13:41:43 np0005557558.novalocal proxy-server[97772]: ::1 ::1 12/Dec/2025/18/41/43 PUT /v1/AUTH_9f41729c3600455b8ee569c968fa446b/gnocchi.73b209d9-1eab-469a-8661-510ace8d06c4/1764720000.0_mean_300.0_v3 HTTP/1.0 201 - python-swiftclient-4.7.0 gAAAAABpPGHN1oGc... 16 - - txfb4d7065a158409f8bdfa-00693c61e6 - 0.0273 - - 1765564902.983062029 1765564903.010341167 0
Dec 12 13:41:43 np0005557558.novalocal container-server[96474]: ::1 - - [12/Dec/2025:18:41:43 +0000] "PUT /1/91526/AUTH_9f41729c3600455b8ee569c968fa446b/gnocchi.73b209d9-1eab-469a-8661-510ace8d06c4/none_v3" 201 - "PUT http://[::1]:8080/3/42617/AUTH_9f41729c3600455b8ee569c968fa446b/gnocchi.73b209d9-1eab-469a-8661-510ace8d06c4/none_v3" "tx13ae6944fe374d73a869d-00693c61e7" "object-server 96771" 0.0005 "-" 96474 0
Dec 12 13:41:43 np0005557558.novalocal object-server[96771]: ::1 - - [12/Dec/2025:18:41:43 +0000] "PUT /3/42617/AUTH_9f41729c3600455b8ee569c968fa446b/gnocchi.73b209d9-1eab-469a-8661-510ace8d06c4/none_v3" 201 - "PUT https://[::1]:8080/v1/AUTH_9f41729c3600455b8ee569c968fa446b/gnocchi.73b209d9-1eab-469a-8661-510ace8d06c4/none_v3" "tx13ae6944fe374d73a869d-00693c61e7" "proxy-server 97772" 0.0149 "-" 96771 0
Dec 12 13:41:43 np0005557558.novalocal container-server[96474]: ::1 - - [12/Dec/2025:18:41:43 +0000] "PUT /3/91526/AUTH_9f41729c3600455b8ee569c968fa446b/gnocchi.73b209d9-1eab-469a-8661-510ace8d06c4/none_v3" 201 - "PUT http://[::1]:8080/2/42617/AUTH_9f41729c3600455b8ee569c968fa446b/gnocchi.73b209d9-1eab-469a-8661-510ace8d06c4/none_v3" "tx13ae6944fe374d73a869d-00693c61e7" "object-server 96772" 0.0004 "-" 96474 0
Dec 12 13:41:43 np0005557558.novalocal container-server[96474]: ::1 - - [12/Dec/2025:18:41:43 +0000] "PUT /2/91526/AUTH_9f41729c3600455b8ee569c968fa446b/gnocchi.73b209d9-1eab-469a-8661-510ace8d06c4/none_v3" 201 - "PUT http://[::1]:8080/1/42617/AUTH_9f41729c3600455b8ee569c968fa446b/gnocchi.73b209d9-1eab-469a-8661-510ace8d06c4/none_v3" "tx13ae6944fe374d73a869d-00693c61e7" "object-server 96772" 0.0003 "-" 96474 0
Dec 12 13:41:43 np0005557558.novalocal object-server[96772]: ::1 - - [12/Dec/2025:18:41:43 +0000] "PUT /2/42617/AUTH_9f41729c3600455b8ee569c968fa446b/gnocchi.73b209d9-1eab-469a-8661-510ace8d06c4/none_v3" 201 - "PUT https://[::1]:8080/v1/AUTH_9f41729c3600455b8ee569c968fa446b/gnocchi.73b209d9-1eab-469a-8661-510ace8d06c4/none_v3" "tx13ae6944fe374d73a869d-00693c61e7" "proxy-server 97772" 0.0150 "-" 96772 0
Dec 12 13:41:43 np0005557558.novalocal object-server[96772]: ::1 - - [12/Dec/2025:18:41:43 +0000] "PUT /1/42617/AUTH_9f41729c3600455b8ee569c968fa446b/gnocchi.73b209d9-1eab-469a-8661-510ace8d06c4/none_v3" 201 - "PUT https://[::1]:8080/v1/AUTH_9f41729c3600455b8ee569c968fa446b/gnocchi.73b209d9-1eab-469a-8661-510ace8d06c4/none_v3" "tx13ae6944fe374d73a869d-00693c61e7" "proxy-server 97772" 0.0178 "-" 96772 0
Dec 12 13:41:43 np0005557558.novalocal proxy-server[97772]: ::1 ::1 12/Dec/2025/18/41/43 PUT /v1/AUTH_9f41729c3600455b8ee569c968fa446b/gnocchi.73b209d9-1eab-469a-8661-510ace8d06c4/none_v3 HTTP/1.0 201 - python-swiftclient-4.7.0 gAAAAABpPGHN1oGc... 22 - - tx13ae6944fe374d73a869d-00693c61e7 - 0.0290 - - 1765564903.016810656 1765564903.045829773 0
Dec 12 13:41:43 np0005557558.novalocal container-server[96475]: ::1 - - [12/Dec/2025:18:41:43 +0000] "HEAD /3/216338/AUTH_9f41729c3600455b8ee569c968fa446b/gnocchi.581fa031-3d40-43fc-8769-8add1d028dec" 404 - "HEAD http://[::1]:8080/v1/AUTH_9f41729c3600455b8ee569c968fa446b/gnocchi.581fa031-3d40-43fc-8769-8add1d028dec" "txe5cb6d2d01744d5885ec8-00693c61e7" "proxy-server 97771" 0.0005 "-" 96475 0
Dec 12 13:41:43 np0005557558.novalocal container-server[96475]: ::1 - - [12/Dec/2025:18:41:43 +0000] "HEAD /1/216338/AUTH_9f41729c3600455b8ee569c968fa446b/gnocchi.581fa031-3d40-43fc-8769-8add1d028dec" 404 - "HEAD http://[::1]:8080/v1/AUTH_9f41729c3600455b8ee569c968fa446b/gnocchi.581fa031-3d40-43fc-8769-8add1d028dec" "txe5cb6d2d01744d5885ec8-00693c61e7" "proxy-server 97771" 0.0003 "-" 96475 0
Dec 12 13:41:43 np0005557558.novalocal container-server[96475]: ::1 - - [12/Dec/2025:18:41:43 +0000] "HEAD /2/216338/AUTH_9f41729c3600455b8ee569c968fa446b/gnocchi.581fa031-3d40-43fc-8769-8add1d028dec" 404 - "HEAD http://[::1]:8080/v1/AUTH_9f41729c3600455b8ee569c968fa446b/gnocchi.581fa031-3d40-43fc-8769-8add1d028dec" "txe5cb6d2d01744d5885ec8-00693c61e7" "proxy-server 97771" 0.0003 "-" 96475 0
Dec 12 13:41:43 np0005557558.novalocal proxy-server[97771]: - - 12/Dec/2025/18/41/43 HEAD /v1/AUTH_9f41729c3600455b8ee569c968fa446b/gnocchi.581fa031-3d40-43fc-8769-8add1d028dec HTTP/1.0 404 - Swift - - - - txe5cb6d2d01744d5885ec8-00693c61e7 - 0.0131 CS - 1765564903.052713156 1765564903.065775633 0
Dec 12 13:41:43 np0005557558.novalocal object-server[96771]: ::1 - - [12/Dec/2025:18:41:43 +0000] "GET /1/154487/AUTH_9f41729c3600455b8ee569c968fa446b/gnocchi.581fa031-3d40-43fc-8769-8add1d028dec/none_v3" 404 70 "GET https://[::1]:8080/v1/AUTH_9f41729c3600455b8ee569c968fa446b/gnocchi.581fa031-3d40-43fc-8769-8add1d028dec/none_v3" "txe5cb6d2d01744d5885ec8-00693c61e7" "proxy-server 97771" 0.0005 "-" 96771 0
Dec 12 13:41:43 np0005557558.novalocal object-server[96772]: ::1 - - [12/Dec/2025:18:41:43 +0000] "GET /2/154487/AUTH_9f41729c3600455b8ee569c968fa446b/gnocchi.581fa031-3d40-43fc-8769-8add1d028dec/none_v3" 404 70 "GET https://[::1]:8080/v1/AUTH_9f41729c3600455b8ee569c968fa446b/gnocchi.581fa031-3d40-43fc-8769-8add1d028dec/none_v3" "txe5cb6d2d01744d5885ec8-00693c61e7" "proxy-server 97771" 0.0003 "-" 96772 0
Dec 12 13:41:43 np0005557558.novalocal object-server[96771]: ::1 - - [12/Dec/2025:18:41:43 +0000] "GET /3/154487/AUTH_9f41729c3600455b8ee569c968fa446b/gnocchi.581fa031-3d40-43fc-8769-8add1d028dec/none_v3" 404 70 "GET https://[::1]:8080/v1/AUTH_9f41729c3600455b8ee569c968fa446b/gnocchi.581fa031-3d40-43fc-8769-8add1d028dec/none_v3" "txe5cb6d2d01744d5885ec8-00693c61e7" "proxy-server 97771" 0.0002 "-" 96771 0
Dec 12 13:41:43 np0005557558.novalocal proxy-server[97771]: ::1 ::1 12/Dec/2025/18/41/43 GET /v1/AUTH_9f41729c3600455b8ee569c968fa446b/gnocchi.581fa031-3d40-43fc-8769-8add1d028dec/none_v3 HTTP/1.0 404 - python-swiftclient-4.7.0 gAAAAABpPGHN3vHt... - 70 - txe5cb6d2d01744d5885ec8-00693c61e7 - 0.0300 - - 1765564903.051423311 1765564903.081427813 0
Dec 12 13:41:43 np0005557558.novalocal account-server[96175]: ::1 - - [12/Dec/2025:18:41:43 +0000] "PUT /3/24542/AUTH_9f41729c3600455b8ee569c968fa446b/gnocchi.581fa031-3d40-43fc-8769-8add1d028dec" 201 - "PUT http://[::1]:6001/1/216338/AUTH_9f41729c3600455b8ee569c968fa446b/gnocchi.581fa031-3d40-43fc-8769-8add1d028dec" "tx47536cf8c71d487d9b2d6-00693c61e7" "container-server 96475" 0.0054 "-" 96175 0
Dec 12 13:41:43 np0005557558.novalocal container-server[96475]: ::1 - - [12/Dec/2025:18:41:43 +0000] "PUT /1/216338/AUTH_9f41729c3600455b8ee569c968fa446b/gnocchi.581fa031-3d40-43fc-8769-8add1d028dec" 201 - "PUT https://[::1]:8080/v1/AUTH_9f41729c3600455b8ee569c968fa446b/gnocchi.581fa031-3d40-43fc-8769-8add1d028dec" "tx47536cf8c71d487d9b2d6-00693c61e7" "proxy-server 97771" 0.0309 "-" 96475 0
Dec 12 13:41:43 np0005557558.novalocal container-server[96474]: ::1 - - [12/Dec/2025:18:41:43 +0000] "HEAD /2/70909/AUTH_9f41729c3600455b8ee569c968fa446b/gnocchi.ef95a0d5-13d4-4b75-9ba2-2824906935fa" 404 - "HEAD http://[::1]:8080/v1/AUTH_9f41729c3600455b8ee569c968fa446b/gnocchi.ef95a0d5-13d4-4b75-9ba2-2824906935fa" "txa1c4390d43964739b1c3a-00693c61e7" "proxy-server 97772" 0.0003 "-" 96474 0
Dec 12 13:41:43 np0005557558.novalocal container-server[96474]: ::1 - - [12/Dec/2025:18:41:43 +0000] "HEAD /3/70909/AUTH_9f41729c3600455b8ee569c968fa446b/gnocchi.ef95a0d5-13d4-4b75-9ba2-2824906935fa" 404 - "HEAD http://[::1]:8080/v1/AUTH_9f41729c3600455b8ee569c968fa446b/gnocchi.ef95a0d5-13d4-4b75-9ba2-2824906935fa" "txa1c4390d43964739b1c3a-00693c61e7" "proxy-server 97772" 0.0004 "-" 96474 0
Dec 12 13:41:43 np0005557558.novalocal account-server[96174]: ::1 - - [12/Dec/2025:18:41:43 +0000] "PUT /1/24542/AUTH_9f41729c3600455b8ee569c968fa446b/gnocchi.581fa031-3d40-43fc-8769-8add1d028dec" 201 - "PUT http://[::1]:6001/3/216338/AUTH_9f41729c3600455b8ee569c968fa446b/gnocchi.581fa031-3d40-43fc-8769-8add1d028dec" "tx47536cf8c71d487d9b2d6-00693c61e7" "container-server 96474" 0.0054 "-" 96174 0
Dec 12 13:41:43 np0005557558.novalocal container-server[96474]: ::1 - - [12/Dec/2025:18:41:43 +0000] "PUT /3/216338/AUTH_9f41729c3600455b8ee569c968fa446b/gnocchi.581fa031-3d40-43fc-8769-8add1d028dec" 201 - "PUT https://[::1]:8080/v1/AUTH_9f41729c3600455b8ee569c968fa446b/gnocchi.581fa031-3d40-43fc-8769-8add1d028dec" "tx47536cf8c71d487d9b2d6-00693c61e7" "proxy-server 97771" 0.0420 "-" 96474 0
Dec 12 13:41:43 np0005557558.novalocal container-server[96475]: ::1 - - [12/Dec/2025:18:41:43 +0000] "HEAD /1/70909/AUTH_9f41729c3600455b8ee569c968fa446b/gnocchi.ef95a0d5-13d4-4b75-9ba2-2824906935fa" 404 - "HEAD http://[::1]:8080/v1/AUTH_9f41729c3600455b8ee569c968fa446b/gnocchi.ef95a0d5-13d4-4b75-9ba2-2824906935fa" "txa1c4390d43964739b1c3a-00693c61e7" "proxy-server 97772" 0.0003 "-" 96475 0
Dec 12 13:41:43 np0005557558.novalocal account-server[96174]: ::1 - - [12/Dec/2025:18:41:43 +0000] "PUT /2/24542/AUTH_9f41729c3600455b8ee569c968fa446b/gnocchi.581fa031-3d40-43fc-8769-8add1d028dec" 201 - "PUT http://[::1]:6001/2/216338/AUTH_9f41729c3600455b8ee569c968fa446b/gnocchi.581fa031-3d40-43fc-8769-8add1d028dec" "tx47536cf8c71d487d9b2d6-00693c61e7" "container-server 96474" 0.0036 "-" 96174 0
Dec 12 13:41:43 np0005557558.novalocal proxy-server[97772]: - - 12/Dec/2025/18/41/43 HEAD /v1/AUTH_9f41729c3600455b8ee569c968fa446b/gnocchi.ef95a0d5-13d4-4b75-9ba2-2824906935fa HTTP/1.0 404 - Swift - - - - txa1c4390d43964739b1c3a-00693c61e7 - 0.0467 CS - 1765564903.098797560 1765564903.145491123 0
Dec 12 13:41:43 np0005557558.novalocal container-server[96474]: ::1 - - [12/Dec/2025:18:41:43 +0000] "PUT /2/216338/AUTH_9f41729c3600455b8ee569c968fa446b/gnocchi.581fa031-3d40-43fc-8769-8add1d028dec" 201 - "PUT https://[::1]:8080/v1/AUTH_9f41729c3600455b8ee569c968fa446b/gnocchi.581fa031-3d40-43fc-8769-8add1d028dec" "tx47536cf8c71d487d9b2d6-00693c61e7" "proxy-server 97771" 0.0227 "-" 96474 0
Dec 12 13:41:43 np0005557558.novalocal proxy-server[97771]: ::1 ::1 12/Dec/2025/18/41/43 PUT /v1/AUTH_9f41729c3600455b8ee569c968fa446b/gnocchi.581fa031-3d40-43fc-8769-8add1d028dec HTTP/1.0 201 - python-swiftclient-4.7.0 gAAAAABpPGHN3vHt... - - - tx47536cf8c71d487d9b2d6-00693c61e7 - 0.0649 - - 1765564903.084643602 1765564903.149586916 0
Dec 12 13:41:43 np0005557558.novalocal object-server[96771]: ::1 - - [12/Dec/2025:18:41:43 +0000] "GET /2/216151/AUTH_9f41729c3600455b8ee569c968fa446b/gnocchi.ef95a0d5-13d4-4b75-9ba2-2824906935fa/none_v3" 404 70 "GET https://[::1]:8080/v1/AUTH_9f41729c3600455b8ee569c968fa446b/gnocchi.ef95a0d5-13d4-4b75-9ba2-2824906935fa/none_v3" "txa1c4390d43964739b1c3a-00693c61e7" "proxy-server 97772" 0.0004 "-" 96771 0
Dec 12 13:41:43 np0005557558.novalocal object-server[96771]: ::1 - - [12/Dec/2025:18:41:43 +0000] "GET /3/216151/AUTH_9f41729c3600455b8ee569c968fa446b/gnocchi.ef95a0d5-13d4-4b75-9ba2-2824906935fa/none_v3" 404 70 "GET https://[::1]:8080/v1/AUTH_9f41729c3600455b8ee569c968fa446b/gnocchi.ef95a0d5-13d4-4b75-9ba2-2824906935fa/none_v3" "txa1c4390d43964739b1c3a-00693c61e7" "proxy-server 97772" 0.0002 "-" 96771 0
Dec 12 13:41:43 np0005557558.novalocal object-server[96771]: ::1 - - [12/Dec/2025:18:41:43 +0000] "GET /1/216151/AUTH_9f41729c3600455b8ee569c968fa446b/gnocchi.ef95a0d5-13d4-4b75-9ba2-2824906935fa/none_v3" 404 70 "GET https://[::1]:8080/v1/AUTH_9f41729c3600455b8ee569c968fa446b/gnocchi.ef95a0d5-13d4-4b75-9ba2-2824906935fa/none_v3" "txa1c4390d43964739b1c3a-00693c61e7" "proxy-server 97772" 0.0004 "-" 96771 0
Dec 12 13:41:43 np0005557558.novalocal container-server[96475]: ::1 - - [12/Dec/2025:18:41:43 +0000] "HEAD /3/216338/AUTH_9f41729c3600455b8ee569c968fa446b/gnocchi.581fa031-3d40-43fc-8769-8add1d028dec" 204 - "HEAD http://[::1]:8080/v1/AUTH_9f41729c3600455b8ee569c968fa446b/gnocchi.581fa031-3d40-43fc-8769-8add1d028dec" "tx394a501a11314471a10c6-00693c61e7" "proxy-server 97771" 0.0018 "-" 96475 0
Dec 12 13:41:43 np0005557558.novalocal proxy-server[97772]: ::1 ::1 12/Dec/2025/18/41/43 GET /v1/AUTH_9f41729c3600455b8ee569c968fa446b/gnocchi.ef95a0d5-13d4-4b75-9ba2-2824906935fa/none_v3 HTTP/1.0 404 - python-swiftclient-4.7.0 gAAAAABpPGHN1oGc... - 70 - txa1c4390d43964739b1c3a-00693c61e7 - 0.0609 - - 1765564903.097695351 1765564903.158601284 0
Dec 12 13:41:43 np0005557558.novalocal proxy-server[97771]: - - 12/Dec/2025/18/41/43 HEAD /v1/AUTH_9f41729c3600455b8ee569c968fa446b/gnocchi.581fa031-3d40-43fc-8769-8add1d028dec HTTP/1.0 204 - Swift - - - - tx394a501a11314471a10c6-00693c61e7 - 0.0062 CS - 1765564903.154353142 1765564903.160599709 0
Dec 12 13:41:43 np0005557558.novalocal container-server[96474]: ::1 - - [12/Dec/2025:18:41:43 +0000] "GET /1/216338/AUTH_9f41729c3600455b8ee569c968fa446b/gnocchi.581fa031-3d40-43fc-8769-8add1d028dec" 200 2 "GET https://[::1]:8080/v1/AUTH_9f41729c3600455b8ee569c968fa446b/gnocchi.581fa031-3d40-43fc-8769-8add1d028dec?format=json&states=listing" "tx394a501a11314471a10c6-00693c61e7" "proxy-server 97771" 0.0033 "-" 96474 0
Dec 12 13:41:43 np0005557558.novalocal proxy-server[97771]: ::1 ::1 12/Dec/2025/18/41/43 GET /v1/AUTH_9f41729c3600455b8ee569c968fa446b/gnocchi.581fa031-3d40-43fc-8769-8add1d028dec%3Fformat%3Djson%26states%3Dlisting HTTP/1.0 200 - python-swiftclient-4.7.0 gAAAAABpPGHN3vHt... - 2 - tx394a501a11314471a10c6-00693c61e7 - 0.0209 - - 1765564903.153539658 1765564903.174448729 0
Dec 12 13:41:43 np0005557558.novalocal object-server[96771]: ::1 - - [12/Dec/2025:18:41:43 +0000] "GET /1/28470/AUTH_9f41729c3600455b8ee569c968fa446b/gnocchi.581fa031-3d40-43fc-8769-8add1d028dec/1764720000.0_mean_300.0_v3" 404 70 "GET https://[::1]:8080/v1/AUTH_9f41729c3600455b8ee569c968fa446b/gnocchi.581fa031-3d40-43fc-8769-8add1d028dec/1764720000.0_mean_300.0_v3" "tx85afa03cd4824eee9d307-00693c61e7" "proxy-server 97771" 0.0003 "-" 96771 0
Dec 12 13:41:43 np0005557558.novalocal object-server[96771]: ::1 - - [12/Dec/2025:18:41:43 +0000] "GET /3/28470/AUTH_9f41729c3600455b8ee569c968fa446b/gnocchi.581fa031-3d40-43fc-8769-8add1d028dec/1764720000.0_mean_300.0_v3" 404 70 "GET https://[::1]:8080/v1/AUTH_9f41729c3600455b8ee569c968fa446b/gnocchi.581fa031-3d40-43fc-8769-8add1d028dec/1764720000.0_mean_300.0_v3" "tx85afa03cd4824eee9d307-00693c61e7" "proxy-server 97771" 0.0002 "-" 96771 0
Dec 12 13:41:43 np0005557558.novalocal object-server[96771]: ::1 - - [12/Dec/2025:18:41:43 +0000] "GET /2/28470/AUTH_9f41729c3600455b8ee569c968fa446b/gnocchi.581fa031-3d40-43fc-8769-8add1d028dec/1764720000.0_mean_300.0_v3" 404 70 "GET https://[::1]:8080/v1/AUTH_9f41729c3600455b8ee569c968fa446b/gnocchi.581fa031-3d40-43fc-8769-8add1d028dec/1764720000.0_mean_300.0_v3" "tx85afa03cd4824eee9d307-00693c61e7" "proxy-server 97771" 0.0002 "-" 96771 0
Dec 12 13:41:43 np0005557558.novalocal proxy-server[97771]: ::1 ::1 12/Dec/2025/18/41/43 GET /v1/AUTH_9f41729c3600455b8ee569c968fa446b/gnocchi.581fa031-3d40-43fc-8769-8add1d028dec/1764720000.0_mean_300.0_v3 HTTP/1.0 404 - python-swiftclient-4.7.0 gAAAAABpPGHN3vHt... - 70 - tx85afa03cd4824eee9d307-00693c61e7 - 0.0130 - - 1765564903.178506851 1765564903.191551685 0
Dec 12 13:41:43 np0005557558.novalocal account-server[96174]: ::1 - - [12/Dec/2025:18:41:43 +0000] "PUT /2/24542/AUTH_9f41729c3600455b8ee569c968fa446b/gnocchi.ef95a0d5-13d4-4b75-9ba2-2824906935fa" 201 - "PUT http://[::1]:6001/3/70909/AUTH_9f41729c3600455b8ee569c968fa446b/gnocchi.ef95a0d5-13d4-4b75-9ba2-2824906935fa" "tx03267c6466504ef5944b1-00693c61e7" "container-server 96475" 0.0054 "-" 96174 0
Dec 12 13:41:43 np0005557558.novalocal container-server[96475]: ::1 - - [12/Dec/2025:18:41:43 +0000] "PUT /3/70909/AUTH_9f41729c3600455b8ee569c968fa446b/gnocchi.ef95a0d5-13d4-4b75-9ba2-2824906935fa" 201 - "PUT https://[::1]:8080/v1/AUTH_9f41729c3600455b8ee569c968fa446b/gnocchi.ef95a0d5-13d4-4b75-9ba2-2824906935fa" "tx03267c6466504ef5944b1-00693c61e7" "proxy-server 97772" 0.0261 "-" 96475 0
Dec 12 13:41:43 np0005557558.novalocal setroubleshoot[104773]: SELinux is preventing /usr/sbin/httpd from read access on the file c832e6c6713516128b8a8b92aa81b3e61c0792893700bc17bcb2922a3fd9d4a2. For complete SELinux messages run: sealert -l 5b4a35c1-2d56-439c-a453-5ab0198eaa6f
Dec 12 13:41:43 np0005557558.novalocal setroubleshoot[104773]: SELinux is preventing /usr/sbin/httpd from read access on the file c832e6c6713516128b8a8b92aa81b3e61c0792893700bc17bcb2922a3fd9d4a2. ***** Plugin catchall (100. confidence) suggests ************************** If you believe that httpd should be allowed read access on the c832e6c6713516128b8a8b92aa81b3e61c0792893700bc17bcb2922a3fd9d4a2 file by default. Then you should report this as a bug. You can generate a local policy module to allow this access. Do allow this access for now by executing: # ausearch -c 'httpd' --raw | audit2allow -M my-httpd # semodule -X 300 -i my-httpd.pp
Dec 12 13:41:43 np0005557558.novalocal container-server[96474]: ::1 - - [12/Dec/2025:18:41:43 +0000] "PUT /3/216338/AUTH_9f41729c3600455b8ee569c968fa446b/gnocchi.581fa031-3d40-43fc-8769-8add1d028dec/1764720000.0_mean_300.0_v3" 201 - "PUT http://[::1]:8080/3/28470/AUTH_9f41729c3600455b8ee569c968fa446b/gnocchi.581fa031-3d40-43fc-8769-8add1d028dec/1764720000.0_mean_300.0_v3" "txa1cde2fde73f4475b125c-00693c61e7" "object-server 96771" 0.0006 "-" 96474 0
Dec 12 13:41:43 np0005557558.novalocal container-server[96475]: ::1 - - [12/Dec/2025:18:41:43 +0000] "PUT /2/216338/AUTH_9f41729c3600455b8ee569c968fa446b/gnocchi.581fa031-3d40-43fc-8769-8add1d028dec/1764720000.0_mean_300.0_v3" 201 - "PUT http://[::1]:8080/1/28470/AUTH_9f41729c3600455b8ee569c968fa446b/gnocchi.581fa031-3d40-43fc-8769-8add1d028dec/1764720000.0_mean_300.0_v3" "txa1cde2fde73f4475b125c-00693c61e7" "object-server 96771" 0.0005 "-" 96475 0
Dec 12 13:41:43 np0005557558.novalocal setroubleshoot[104773]: SELinux is preventing /usr/sbin/httpd from open access on the file /var/lib/nova/.cache/python-entrypoints/c832e6c6713516128b8a8b92aa81b3e61c0792893700bc17bcb2922a3fd9d4a2. For complete SELinux messages run: sealert -l 5cbc11de-ffa3-4768-b52e-202eeca6ee24
Dec 12 13:41:43 np0005557558.novalocal object-server[96771]: ::1 - - [12/Dec/2025:18:41:43 +0000] "PUT /3/28470/AUTH_9f41729c3600455b8ee569c968fa446b/gnocchi.581fa031-3d40-43fc-8769-8add1d028dec/1764720000.0_mean_300.0_v3" 201 - "PUT https://[::1]:8080/v1/AUTH_9f41729c3600455b8ee569c968fa446b/gnocchi.581fa031-3d40-43fc-8769-8add1d028dec/1764720000.0_mean_300.0_v3" "txa1cde2fde73f4475b125c-00693c61e7" "proxy-server 97771" 0.0596 "-" 96771 0
Dec 12 13:41:43 np0005557558.novalocal object-server[96771]: ::1 - - [12/Dec/2025:18:41:43 +0000] "PUT /1/28470/AUTH_9f41729c3600455b8ee569c968fa446b/gnocchi.581fa031-3d40-43fc-8769-8add1d028dec/1764720000.0_mean_300.0_v3" 201 - "PUT https://[::1]:8080/v1/AUTH_9f41729c3600455b8ee569c968fa446b/gnocchi.581fa031-3d40-43fc-8769-8add1d028dec/1764720000.0_mean_300.0_v3" "txa1cde2fde73f4475b125c-00693c61e7" "proxy-server 97771" 0.0613 "-" 96771 0
Dec 12 13:41:43 np0005557558.novalocal container-server[96475]: ::1 - - [12/Dec/2025:18:41:43 +0000] "PUT /1/216338/AUTH_9f41729c3600455b8ee569c968fa446b/gnocchi.581fa031-3d40-43fc-8769-8add1d028dec/1764720000.0_mean_300.0_v3" 201 - "PUT http://[::1]:8080/2/28470/AUTH_9f41729c3600455b8ee569c968fa446b/gnocchi.581fa031-3d40-43fc-8769-8add1d028dec/1764720000.0_mean_300.0_v3" "txa1cde2fde73f4475b125c-00693c61e7" "object-server 96771" 0.0004 "-" 96475 0
