Dec 12 13:41:18 np0005557558.novalocal object-server[96771]: ::1 - - [12/Dec/2025:18:41:18 +0000] "PUT /2/121571/AUTH_9f41729c3600455b8ee569c968fa446b/gnocchi.33b1b9ce-c927-4c8d-a281-5d586172d0d3/none_v3" 201 - "PUT https://[::1]:8080/v1/AUTH_9f41729c3600455b8ee569c968fa446b/gnocchi.33b1b9ce-c927-4c8d-a281-5d586172d0d3/none_v3" "tx4628fbfbc98b4f39aef98-00693c61ce" "proxy-server 97772" 0.0156 "-" 96771 0
Dec 12 13:41:18 np0005557558.novalocal container-server[96475]: ::1 - - [12/Dec/2025:18:41:18 +0000] "PUT /2/2330/AUTH_9f41729c3600455b8ee569c968fa446b/gnocchi.33b1b9ce-c927-4c8d-a281-5d586172d0d3/none_v3" 201 - "PUT http://[::1]:8080/1/121571/AUTH_9f41729c3600455b8ee569c968fa446b/gnocchi.33b1b9ce-c927-4c8d-a281-5d586172d0d3/none_v3" "tx4628fbfbc98b4f39aef98-00693c61ce" "object-server 96771" 0.0003 "-" 96475 0
Dec 12 13:41:18 np0005557558.novalocal object-server[96771]: ::1 - - [12/Dec/2025:18:41:18 +0000] "PUT /3/82664/AUTH_9f41729c3600455b8ee569c968fa446b/gnocchi.68eb984f-d7dc-4827-943e-0f83ebe0e199/none_v3" 201 - "PUT https://[::1]:8080/v1/AUTH_9f41729c3600455b8ee569c968fa446b/gnocchi.68eb984f-d7dc-4827-943e-0f83ebe0e199/none_v3" "txb09190ab988442ff85734-00693c61ce" "proxy-server 97771" 0.0139 "-" 96771 0
Dec 12 13:41:18 np0005557558.novalocal object-server[96771]: ::1 - - [12/Dec/2025:18:41:18 +0000] "PUT /1/121571/AUTH_9f41729c3600455b8ee569c968fa446b/gnocchi.33b1b9ce-c927-4c8d-a281-5d586172d0d3/none_v3" 201 - "PUT https://[::1]:8080/v1/AUTH_9f41729c3600455b8ee569c968fa446b/gnocchi.33b1b9ce-c927-4c8d-a281-5d586172d0d3/none_v3" "tx4628fbfbc98b4f39aef98-00693c61ce" "proxy-server 97772" 0.0191 "-" 96771 0
Dec 12 13:41:18 np0005557558.novalocal container-server[96474]: ::1 - - [12/Dec/2025:18:41:18 +0000] "PUT /1/2330/AUTH_9f41729c3600455b8ee569c968fa446b/gnocchi.33b1b9ce-c927-4c8d-a281-5d586172d0d3/none_v3" 201 - "PUT http://[::1]:8080/3/121571/AUTH_9f41729c3600455b8ee569c968fa446b/gnocchi.33b1b9ce-c927-4c8d-a281-5d586172d0d3/none_v3" "tx4628fbfbc98b4f39aef98-00693c61ce" "object-server 96771" 0.0003 "-" 96474 0
Dec 12 13:41:18 np0005557558.novalocal object-server[96771]: ::1 - - [12/Dec/2025:18:41:18 +0000] "PUT /3/121571/AUTH_9f41729c3600455b8ee569c968fa446b/gnocchi.33b1b9ce-c927-4c8d-a281-5d586172d0d3/none_v3" 201 - "PUT https://[::1]:8080/v1/AUTH_9f41729c3600455b8ee569c968fa446b/gnocchi.33b1b9ce-c927-4c8d-a281-5d586172d0d3/none_v3" "tx4628fbfbc98b4f39aef98-00693c61ce" "proxy-server 97772" 0.0224 "-" 96771 0
Dec 12 13:41:18 np0005557558.novalocal proxy-server[97772]: ::1 ::1 12/Dec/2025/18/41/18 PUT /v1/AUTH_9f41729c3600455b8ee569c968fa446b/gnocchi.33b1b9ce-c927-4c8d-a281-5d586172d0d3/none_v3 HTTP/1.0 201 - python-swiftclient-4.7.0 gAAAAABpPGHN1oGc... 31 - - tx4628fbfbc98b4f39aef98-00693c61ce - 0.0305 - - 1765564878.121320486 1765564878.151811123 0
Dec 12 13:41:18 np0005557558.novalocal container-server[96475]: ::1 - - [12/Dec/2025:18:41:18 +0000] "PUT /2/214998/AUTH_9f41729c3600455b8ee569c968fa446b/gnocchi.68eb984f-d7dc-4827-943e-0f83ebe0e199/none_v3" 201 - "PUT http://[::1]:8080/2/82664/AUTH_9f41729c3600455b8ee569c968fa446b/gnocchi.68eb984f-d7dc-4827-943e-0f83ebe0e199/none_v3" "txb09190ab988442ff85734-00693c61ce" "object-server 96771" 0.0005 "-" 96475 0
Dec 12 13:41:18 np0005557558.novalocal object-server[96771]: ::1 - - [12/Dec/2025:18:41:18 +0000] "PUT /2/82664/AUTH_9f41729c3600455b8ee569c968fa446b/gnocchi.68eb984f-d7dc-4827-943e-0f83ebe0e199/none_v3" 201 - "PUT https://[::1]:8080/v1/AUTH_9f41729c3600455b8ee569c968fa446b/gnocchi.68eb984f-d7dc-4827-943e-0f83ebe0e199/none_v3" "txb09190ab988442ff85734-00693c61ce" "proxy-server 97771" 0.0162 "-" 96771 0
Dec 12 13:41:18 np0005557558.novalocal proxy-server[97771]: ::1 ::1 12/Dec/2025/18/41/18 PUT /v1/AUTH_9f41729c3600455b8ee569c968fa446b/gnocchi.68eb984f-d7dc-4827-943e-0f83ebe0e199/none_v3 HTTP/1.0 201 - python-swiftclient-4.7.0 gAAAAABpPGHN3vHt... 26 - - txb09190ab988442ff85734-00693c61ce - 0.0269 - - 1765564878.128269672 1765564878.155206203 0
Dec 12 13:41:18 np0005557558.novalocal container-server[96475]: ::1 - - [12/Dec/2025:18:41:18 +0000] "HEAD /2/167347/AUTH_9f41729c3600455b8ee569c968fa446b/gnocchi.44a56c82-a1df-4c51-8350-1d00c0585859" 404 - "HEAD http://[::1]:8080/v1/AUTH_9f41729c3600455b8ee569c968fa446b/gnocchi.44a56c82-a1df-4c51-8350-1d00c0585859" "txd50200b14870416083110-00693c61ce" "proxy-server 97772" 0.0003 "-" 96475 0
Dec 12 13:41:18 np0005557558.novalocal container-server[96475]: ::1 - - [12/Dec/2025:18:41:18 +0000] "HEAD /1/167347/AUTH_9f41729c3600455b8ee569c968fa446b/gnocchi.44a56c82-a1df-4c51-8350-1d00c0585859" 404 - "HEAD http://[::1]:8080/v1/AUTH_9f41729c3600455b8ee569c968fa446b/gnocchi.44a56c82-a1df-4c51-8350-1d00c0585859" "txd50200b14870416083110-00693c61ce" "proxy-server 97772" 0.0002 "-" 96475 0
Dec 12 13:41:18 np0005557558.novalocal container-server[96474]: ::1 - - [12/Dec/2025:18:41:18 +0000] "HEAD /3/167347/AUTH_9f41729c3600455b8ee569c968fa446b/gnocchi.44a56c82-a1df-4c51-8350-1d00c0585859" 404 - "HEAD http://[::1]:8080/v1/AUTH_9f41729c3600455b8ee569c968fa446b/gnocchi.44a56c82-a1df-4c51-8350-1d00c0585859" "txd50200b14870416083110-00693c61ce" "proxy-server 97772" 0.0004 "-" 96474 0
Dec 12 13:41:18 np0005557558.novalocal proxy-server[97772]: - - 12/Dec/2025/18/41/18 HEAD /v1/AUTH_9f41729c3600455b8ee569c968fa446b/gnocchi.44a56c82-a1df-4c51-8350-1d00c0585859 HTTP/1.0 404 - Swift - - - - txd50200b14870416083110-00693c61ce - 0.0117 CS - 1765564878.166692257 1765564878.178385496 0
Dec 12 13:41:18 np0005557558.novalocal object-server[96771]: ::1 - - [12/Dec/2025:18:41:18 +0000] "GET /1/225398/AUTH_9f41729c3600455b8ee569c968fa446b/gnocchi.44a56c82-a1df-4c51-8350-1d00c0585859/none_v3" 404 70 "GET https://[::1]:8080/v1/AUTH_9f41729c3600455b8ee569c968fa446b/gnocchi.44a56c82-a1df-4c51-8350-1d00c0585859/none_v3" "txd50200b14870416083110-00693c61ce" "proxy-server 97772" 0.0006 "-" 96771 0
Dec 12 13:41:18 np0005557558.novalocal object-server[96771]: ::1 - - [12/Dec/2025:18:41:18 +0000] "GET /2/225398/AUTH_9f41729c3600455b8ee569c968fa446b/gnocchi.44a56c82-a1df-4c51-8350-1d00c0585859/none_v3" 404 70 "GET https://[::1]:8080/v1/AUTH_9f41729c3600455b8ee569c968fa446b/gnocchi.44a56c82-a1df-4c51-8350-1d00c0585859/none_v3" "txd50200b14870416083110-00693c61ce" "proxy-server 97772" 0.0002 "-" 96771 0
Dec 12 13:41:18 np0005557558.novalocal object-server[96772]: ::1 - - [12/Dec/2025:18:41:18 +0000] "GET /3/225398/AUTH_9f41729c3600455b8ee569c968fa446b/gnocchi.44a56c82-a1df-4c51-8350-1d00c0585859/none_v3" 404 70 "GET https://[::1]:8080/v1/AUTH_9f41729c3600455b8ee569c968fa446b/gnocchi.44a56c82-a1df-4c51-8350-1d00c0585859/none_v3" "txd50200b14870416083110-00693c61ce" "proxy-server 97772" 0.0003 "-" 96772 0
Dec 12 13:41:18 np0005557558.novalocal proxy-server[97772]: ::1 ::1 12/Dec/2025/18/41/18 GET /v1/AUTH_9f41729c3600455b8ee569c968fa446b/gnocchi.44a56c82-a1df-4c51-8350-1d00c0585859/none_v3 HTTP/1.0 404 - python-swiftclient-4.7.0 gAAAAABpPGHN1oGc... - 70 - txd50200b14870416083110-00693c61ce - 0.0268 - - 1765564878.166016579 1765564878.192832947 0
Dec 12 13:41:18 np0005557558.novalocal account-server[96174]: ::1 - - [12/Dec/2025:18:41:18 +0000] "PUT /1/24542/AUTH_9f41729c3600455b8ee569c968fa446b/gnocchi.44a56c82-a1df-4c51-8350-1d00c0585859" 201 - "PUT http://[::1]:6001/2/167347/AUTH_9f41729c3600455b8ee569c968fa446b/gnocchi.44a56c82-a1df-4c51-8350-1d00c0585859" "txd944a9c77a564f31ad72f-00693c61ce" "container-server 96474" 0.0037 "-" 96174 0
Dec 12 13:41:18 np0005557558.novalocal container-server[96474]: ::1 - - [12/Dec/2025:18:41:18 +0000] "PUT /2/167347/AUTH_9f41729c3600455b8ee569c968fa446b/gnocchi.44a56c82-a1df-4c51-8350-1d00c0585859" 201 - "PUT https://[::1]:8080/v1/AUTH_9f41729c3600455b8ee569c968fa446b/gnocchi.44a56c82-a1df-4c51-8350-1d00c0585859" "txd944a9c77a564f31ad72f-00693c61ce" "proxy-server 97772" 0.0139 "-" 96474 0
Dec 12 13:41:18 np0005557558.novalocal account-server[96175]: ::1 - - [12/Dec/2025:18:41:18 +0000] "PUT /3/24542/AUTH_9f41729c3600455b8ee569c968fa446b/gnocchi.44a56c82-a1df-4c51-8350-1d00c0585859" 201 - "PUT http://[::1]:6001/3/167347/AUTH_9f41729c3600455b8ee569c968fa446b/gnocchi.44a56c82-a1df-4c51-8350-1d00c0585859" "txd944a9c77a564f31ad72f-00693c61ce" "container-server 96474" 0.0053 "-" 96175 0
Dec 12 13:41:18 np0005557558.novalocal container-server[96474]: ::1 - - [12/Dec/2025:18:41:18 +0000] "PUT /3/167347/AUTH_9f41729c3600455b8ee569c968fa446b/gnocchi.44a56c82-a1df-4c51-8350-1d00c0585859" 201 - "PUT https://[::1]:8080/v1/AUTH_9f41729c3600455b8ee569c968fa446b/gnocchi.44a56c82-a1df-4c51-8350-1d00c0585859" "txd944a9c77a564f31ad72f-00693c61ce" "proxy-server 97772" 0.0238 "-" 96474 0
Dec 12 13:41:18 np0005557558.novalocal account-server[96175]: ::1 - - [12/Dec/2025:18:41:18 +0000] "PUT /2/24542/AUTH_9f41729c3600455b8ee569c968fa446b/gnocchi.44a56c82-a1df-4c51-8350-1d00c0585859" 201 - "PUT http://[::1]:6001/1/167347/AUTH_9f41729c3600455b8ee569c968fa446b/gnocchi.44a56c82-a1df-4c51-8350-1d00c0585859" "txd944a9c77a564f31ad72f-00693c61ce" "container-server 96475" 0.0041 "-" 96175 0
Dec 12 13:41:18 np0005557558.novalocal container-server[96475]: ::1 - - [12/Dec/2025:18:41:18 +0000] "PUT /1/167347/AUTH_9f41729c3600455b8ee569c968fa446b/gnocchi.44a56c82-a1df-4c51-8350-1d00c0585859" 201 - "PUT https://[::1]:8080/v1/AUTH_9f41729c3600455b8ee569c968fa446b/gnocchi.44a56c82-a1df-4c51-8350-1d00c0585859" "txd944a9c77a564f31ad72f-00693c61ce" "proxy-server 97772" 0.0300 "-" 96475 0
Dec 12 13:41:18 np0005557558.novalocal proxy-server[97772]: ::1 ::1 12/Dec/2025/18/41/18 PUT /v1/AUTH_9f41729c3600455b8ee569c968fa446b/gnocchi.44a56c82-a1df-4c51-8350-1d00c0585859 HTTP/1.0 201 - python-swiftclient-4.7.0 gAAAAABpPGHN1oGc... - - - txd944a9c77a564f31ad72f-00693c61ce - 0.0425 - - 1765564878.195475817 1765564878.238020658 0
Dec 12 13:41:18 np0005557558.novalocal container-server[96475]: ::1 - - [12/Dec/2025:18:41:18 +0000] "HEAD /3/167347/AUTH_9f41729c3600455b8ee569c968fa446b/gnocchi.44a56c82-a1df-4c51-8350-1d00c0585859" 204 - "HEAD http://[::1]:8080/v1/AUTH_9f41729c3600455b8ee569c968fa446b/gnocchi.44a56c82-a1df-4c51-8350-1d00c0585859" "tx822a7faa5adf42068746a-00693c61ce" "proxy-server 97772" 0.0028 "-" 96475 0
Dec 12 13:41:18 np0005557558.novalocal proxy-server[97772]: - - 12/Dec/2025/18/41/18 HEAD /v1/AUTH_9f41729c3600455b8ee569c968fa446b/gnocchi.44a56c82-a1df-4c51-8350-1d00c0585859 HTTP/1.0 204 - Swift - - - - tx822a7faa5adf42068746a-00693c61ce - 0.0078 CS - 1765564878.242671728 1765564878.250462532 0
Dec 12 13:41:18 np0005557558.novalocal container-server[96474]: ::1 - - [12/Dec/2025:18:41:18 +0000] "GET /1/167347/AUTH_9f41729c3600455b8ee569c968fa446b/gnocchi.44a56c82-a1df-4c51-8350-1d00c0585859" 200 2 "GET https://[::1]:8080/v1/AUTH_9f41729c3600455b8ee569c968fa446b/gnocchi.44a56c82-a1df-4c51-8350-1d00c0585859?format=json&states=listing" "tx822a7faa5adf42068746a-00693c61ce" "proxy-server 97772" 0.0056 "-" 96474 0
Dec 12 13:41:18 np0005557558.novalocal proxy-server[97772]: ::1 ::1 12/Dec/2025/18/41/18 GET /v1/AUTH_9f41729c3600455b8ee569c968fa446b/gnocchi.44a56c82-a1df-4c51-8350-1d00c0585859%3Fformat%3Djson%26states%3Dlisting HTTP/1.0 200 - python-swiftclient-4.7.0 gAAAAABpPGHN1oGc... - 2 - tx822a7faa5adf42068746a-00693c61ce - 0.0227 - - 1765564878.241922140 1765564878.264648914 0
Dec 12 13:41:18 np0005557558.novalocal object-server[96772]: ::1 - - [12/Dec/2025:18:41:18 +0000] "GET /3/26974/AUTH_9f41729c3600455b8ee569c968fa446b/gnocchi.44a56c82-a1df-4c51-8350-1d00c0585859/1764720000.0_mean_300.0_v3" 404 70 "GET https://[::1]:8080/v1/AUTH_9f41729c3600455b8ee569c968fa446b/gnocchi.44a56c82-a1df-4c51-8350-1d00c0585859/1764720000.0_mean_300.0_v3" "tx6978833d8292477fb1971-00693c61ce" "proxy-server 97772" 0.0003 "-" 96772 0
Dec 12 13:41:18 np0005557558.novalocal object-server[96772]: ::1 - - [12/Dec/2025:18:41:18 +0000] "GET /2/26974/AUTH_9f41729c3600455b8ee569c968fa446b/gnocchi.44a56c82-a1df-4c51-8350-1d00c0585859/1764720000.0_mean_300.0_v3" 404 70 "GET https://[::1]:8080/v1/AUTH_9f41729c3600455b8ee569c968fa446b/gnocchi.44a56c82-a1df-4c51-8350-1d00c0585859/1764720000.0_mean_300.0_v3" "tx6978833d8292477fb1971-00693c61ce" "proxy-server 97772" 0.0002 "-" 96772 0
Dec 12 13:41:18 np0005557558.novalocal object-server[96772]: ::1 - - [12/Dec/2025:18:41:18 +0000] "GET /1/121571/AUTH_9f41729c3600455b8ee569c968fa446b/gnocchi.33b1b9ce-c927-4c8d-a281-5d586172d0d3/none_v3" 200 31 "GET https://[::1]:8080/v1/AUTH_9f41729c3600455b8ee569c968fa446b/gnocchi.33b1b9ce-c927-4c8d-a281-5d586172d0d3/none_v3" "tx477242a3bfec471c9c0b4-00693c61ce" "proxy-server 97771" 0.0006 "-" 96772 0
Dec 12 13:41:18 np0005557558.novalocal object-server[96771]: ::1 - - [12/Dec/2025:18:41:18 +0000] "GET /1/26974/AUTH_9f41729c3600455b8ee569c968fa446b/gnocchi.44a56c82-a1df-4c51-8350-1d00c0585859/1764720000.0_mean_300.0_v3" 404 70 "GET https://[::1]:8080/v1/AUTH_9f41729c3600455b8ee569c968fa446b/gnocchi.44a56c82-a1df-4c51-8350-1d00c0585859/1764720000.0_mean_300.0_v3" "tx6978833d8292477fb1971-00693c61ce" "proxy-server 97772" 0.0005 "-" 96771 0
Dec 12 13:41:18 np0005557558.novalocal proxy-server[97772]: ::1 ::1 12/Dec/2025/18/41/18 GET /v1/AUTH_9f41729c3600455b8ee569c968fa446b/gnocchi.44a56c82-a1df-4c51-8350-1d00c0585859/1764720000.0_mean_300.0_v3 HTTP/1.0 404 - python-swiftclient-4.7.0 gAAAAABpPGHN1oGc... - 70 - tx6978833d8292477fb1971-00693c61ce - 0.0136 - - 1765564878.268022776 1765564878.281626701 0
Dec 12 13:41:18 np0005557558.novalocal proxy-server[97771]: ::1 ::1 12/Dec/2025/18/41/18 GET /v1/AUTH_9f41729c3600455b8ee569c968fa446b/gnocchi.33b1b9ce-c927-4c8d-a281-5d586172d0d3/none_v3 HTTP/1.0 200 - python-swiftclient-4.7.0 gAAAAABpPGHN3vHt... - 31 - tx477242a3bfec471c9c0b4-00693c61ce - 0.0085 - - 1765564878.274098158 1765564878.282612085 0
Dec 12 13:41:18 np0005557558.novalocal container-server[96475]: ::1 - - [12/Dec/2025:18:41:18 +0000] "PUT /1/167347/AUTH_9f41729c3600455b8ee569c968fa446b/gnocchi.44a56c82-a1df-4c51-8350-1d00c0585859/1764720000.0_mean_300.0_v3" 201 - "PUT http://[::1]:8080/1/26974/AUTH_9f41729c3600455b8ee569c968fa446b/gnocchi.44a56c82-a1df-4c51-8350-1d00c0585859/1764720000.0_mean_300.0_v3" "txb44aef16296e490880ddc-00693c61ce" "object-server 96771" 0.0007 "-" 96475 0
Dec 12 13:41:18 np0005557558.novalocal object-server[96771]: ::1 - - [12/Dec/2025:18:41:18 +0000] "PUT /1/26974/AUTH_9f41729c3600455b8ee569c968fa446b/gnocchi.44a56c82-a1df-4c51-8350-1d00c0585859/1764720000.0_mean_300.0_v3" 201 - "PUT https://[::1]:8080/v1/AUTH_9f41729c3600455b8ee569c968fa446b/gnocchi.44a56c82-a1df-4c51-8350-1d00c0585859/1764720000.0_mean_300.0_v3" "txb44aef16296e490880ddc-00693c61ce" "proxy-server 97772" 0.0126 "-" 96771 0
Dec 12 13:41:18 np0005557558.novalocal container-server[96475]: ::1 - - [12/Dec/2025:18:41:18 +0000] "PUT /2/167347/AUTH_9f41729c3600455b8ee569c968fa446b/gnocchi.44a56c82-a1df-4c51-8350-1d00c0585859/1764720000.0_mean_300.0_v3" 201 - "PUT http://[::1]:8080/2/26974/AUTH_9f41729c3600455b8ee569c968fa446b/gnocchi.44a56c82-a1df-4c51-8350-1d00c0585859/1764720000.0_mean_300.0_v3" "txb44aef16296e490880ddc-00693c61ce" "object-server 96772" 0.0007 "-" 96475 0
Dec 12 13:41:18 np0005557558.novalocal object-server[96772]: ::1 - - [12/Dec/2025:18:41:18 +0000] "PUT /2/26974/AUTH_9f41729c3600455b8ee569c968fa446b/gnocchi.44a56c82-a1df-4c51-8350-1d00c0585859/1764720000.0_mean_300.0_v3" 201 - "PUT https://[::1]:8080/v1/AUTH_9f41729c3600455b8ee569c968fa446b/gnocchi.44a56c82-a1df-4c51-8350-1d00c0585859/1764720000.0_mean_300.0_v3" "txb44aef16296e490880ddc-00693c61ce" "proxy-server 97772" 0.0161 "-" 96772 0
Dec 12 13:41:18 np0005557558.novalocal container-server[96475]: ::1 - - [12/Dec/2025:18:41:18 +0000] "PUT /3/167347/AUTH_9f41729c3600455b8ee569c968fa446b/gnocchi.44a56c82-a1df-4c51-8350-1d00c0585859/1764720000.0_mean_300.0_v3" 201 - "PUT http://[::1]:8080/3/26974/AUTH_9f41729c3600455b8ee569c968fa446b/gnocchi.44a56c82-a1df-4c51-8350-1d00c0585859/1764720000.0_mean_300.0_v3" "txb44aef16296e490880ddc-00693c61ce" "object-server 96771" 0.0004 "-" 96475 0
Dec 12 13:41:18 np0005557558.novalocal object-server[96771]: ::1 - - [12/Dec/2025:18:41:18 +0000] "PUT /3/26974/AUTH_9f41729c3600455b8ee569c968fa446b/gnocchi.44a56c82-a1df-4c51-8350-1d00c0585859/1764720000.0_mean_300.0_v3" 201 - "PUT https://[::1]:8080/v1/AUTH_9f41729c3600455b8ee569c968fa446b/gnocchi.44a56c82-a1df-4c51-8350-1d00c0585859/1764720000.0_mean_300.0_v3" "txb44aef16296e490880ddc-00693c61ce" "proxy-server 97772" 0.0136 "-" 96771 0
Dec 12 13:41:18 np0005557558.novalocal proxy-server[97772]: ::1 ::1 12/Dec/2025/18/41/18 PUT /v1/AUTH_9f41729c3600455b8ee569c968fa446b/gnocchi.44a56c82-a1df-4c51-8350-1d00c0585859/1764720000.0_mean_300.0_v3 HTTP/1.0 201 - python-swiftclient-4.7.0 gAAAAABpPGHN1oGc... 16 - - txb44aef16296e490880ddc-00693c61ce - 0.0243 - - 1765564878.284691572 1765564878.309017420 0
Dec 12 13:41:18 np0005557558.novalocal container-server[96475]: ::1 - - [12/Dec/2025:18:41:18 +0000] "GET /3/2330/AUTH_9f41729c3600455b8ee569c968fa446b/gnocchi.33b1b9ce-c927-4c8d-a281-5d586172d0d3" 200 357 "GET https://[::1]:8080/v1/AUTH_9f41729c3600455b8ee569c968fa446b/gnocchi.33b1b9ce-c927-4c8d-a281-5d586172d0d3?format=json&states=listing" "tx6db4b891776949b1b70ba-00693c61ce" "proxy-server 97771" 0.0197 "-" 96475 0
Dec 12 13:41:18 np0005557558.novalocal proxy-server[97771]: ::1 ::1 12/Dec/2025/18/41/18 GET /v1/AUTH_9f41729c3600455b8ee569c968fa446b/gnocchi.33b1b9ce-c927-4c8d-a281-5d586172d0d3%3Fformat%3Djson%26states%3Dlisting HTTP/1.0 200 - python-swiftclient-4.7.0 gAAAAABpPGHN3vHt... - 357 - tx6db4b891776949b1b70ba-00693c61ce - 0.0279 - - 1765564878.287342310 1765564878.315227985 0
Dec 12 13:41:18 np0005557558.novalocal container-server[96474]: ::1 - - [12/Dec/2025:18:41:18 +0000] "PUT /2/167347/AUTH_9f41729c3600455b8ee569c968fa446b/gnocchi.44a56c82-a1df-4c51-8350-1d00c0585859/none_v3" 201 - "PUT http://[::1]:8080/3/225398/AUTH_9f41729c3600455b8ee569c968fa446b/gnocchi.44a56c82-a1df-4c51-8350-1d00c0585859/none_v3" "tx6b0dd4f23e8f442c91b60-00693c61ce" "object-server 96772" 0.0004 "-" 96474 0
Dec 12 13:41:18 np0005557558.novalocal container-server[96475]: ::1 - - [12/Dec/2025:18:41:18 +0000] "PUT /3/167347/AUTH_9f41729c3600455b8ee569c968fa446b/gnocchi.44a56c82-a1df-4c51-8350-1d00c0585859/none_v3" 201 - "PUT http://[::1]:8080/2/225398/AUTH_9f41729c3600455b8ee569c968fa446b/gnocchi.44a56c82-a1df-4c51-8350-1d00c0585859/none_v3" "tx6b0dd4f23e8f442c91b60-00693c61ce" "object-server 96772" 0.0024 "-" 96475 0
Dec 12 13:41:18 np0005557558.novalocal object-server[96772]: ::1 - - [12/Dec/2025:18:41:18 +0000] "PUT /3/225398/AUTH_9f41729c3600455b8ee569c968fa446b/gnocchi.44a56c82-a1df-4c51-8350-1d00c0585859/none_v3" 201 - "PUT https://[::1]:8080/v1/AUTH_9f41729c3600455b8ee569c968fa446b/gnocchi.44a56c82-a1df-4c51-8350-1d00c0585859/none_v3" "tx6b0dd4f23e8f442c91b60-00693c61ce" "proxy-server 97772" 0.0146 "-" 96772 0
Dec 12 13:41:18 np0005557558.novalocal object-server[96772]: ::1 - - [12/Dec/2025:18:41:18 +0000] "PUT /2/225398/AUTH_9f41729c3600455b8ee569c968fa446b/gnocchi.44a56c82-a1df-4c51-8350-1d00c0585859/none_v3" 201 - "PUT https://[::1]:8080/v1/AUTH_9f41729c3600455b8ee569c968fa446b/gnocchi.44a56c82-a1df-4c51-8350-1d00c0585859/none_v3" "tx6b0dd4f23e8f442c91b60-00693c61ce" "proxy-server 97772" 0.0114 "-" 96772 0
Dec 12 13:41:18 np0005557558.novalocal container-server[96475]: ::1 - - [12/Dec/2025:18:41:18 +0000] "PUT /1/167347/AUTH_9f41729c3600455b8ee569c968fa446b/gnocchi.44a56c82-a1df-4c51-8350-1d00c0585859/none_v3" 201 - "PUT http://[::1]:8080/1/225398/AUTH_9f41729c3600455b8ee569c968fa446b/gnocchi.44a56c82-a1df-4c51-8350-1d00c0585859/none_v3" "tx6b0dd4f23e8f442c91b60-00693c61ce" "object-server 96771" 0.0004 "-" 96475 0
Dec 12 13:41:18 np0005557558.novalocal object-server[96771]: ::1 - - [12/Dec/2025:18:41:18 +0000] "PUT /1/225398/AUTH_9f41729c3600455b8ee569c968fa446b/gnocchi.44a56c82-a1df-4c51-8350-1d00c0585859/none_v3" 201 - "PUT https://[::1]:8080/v1/AUTH_9f41729c3600455b8ee569c968fa446b/gnocchi.44a56c82-a1df-4c51-8350-1d00c0585859/none_v3" "tx6b0dd4f23e8f442c91b60-00693c61ce" "proxy-server 97772" 0.0170 "-" 96771 0
Dec 12 13:41:18 np0005557558.novalocal container-server[96475]: ::1 - - [12/Dec/2025:18:41:18 +0000] "GET /1/2330/AUTH_9f41729c3600455b8ee569c968fa446b/gnocchi.33b1b9ce-c927-4c8d-a281-5d586172d0d3" 200 2 "GET https://[::1]:8080/v1/AUTH_9f41729c3600455b8ee569c968fa446b/gnocchi.33b1b9ce-c927-4c8d-a281-5d586172d0d3?format=json&marker=none_v3&states=listing" "tx8bc7db79de134ea09ae53-00693c61ce" "proxy-server 97771" 0.0105 "-" 96475 0
Dec 12 13:41:18 np0005557558.novalocal proxy-server[97772]: ::1 ::1 12/Dec/2025/18/41/18 PUT /v1/AUTH_9f41729c3600455b8ee569c968fa446b/gnocchi.44a56c82-a1df-4c51-8350-1d00c0585859/none_v3 HTTP/1.0 201 - python-swiftclient-4.7.0 gAAAAABpPGHN1oGc... 30 - - tx6b0dd4f23e8f442c91b60-00693c61ce - 0.0252 - - 1765564878.312115669 1765564878.337364674 0
Dec 12 13:41:18 np0005557558.novalocal proxy-server[97771]: ::1 ::1 12/Dec/2025/18/41/18 GET /v1/AUTH_9f41729c3600455b8ee569c968fa446b/gnocchi.33b1b9ce-c927-4c8d-a281-5d586172d0d3%3Fformat%3Djson%26marker%3Dnone_v3%26states%3Dlisting HTTP/1.0 200 - python-swiftclient-4.7.0 gAAAAABpPGHN3vHt... - 2 - tx8bc7db79de134ea09ae53-00693c61ce - 0.0199 - - 1765564878.320000172 1765564878.339880943 0
Dec 12 13:41:18 np0005557558.novalocal object-server[96771]: ::1 - - [12/Dec/2025:18:41:18 +0000] "GET /2/91536/AUTH_9f41729c3600455b8ee569c968fa446b/gnocchi.33b1b9ce-c927-4c8d-a281-5d586172d0d3/1764720000.0_mean_300.0_v3" 200 16 "GET https://[::1]:8080/v1/AUTH_9f41729c3600455b8ee569c968fa446b/gnocchi.33b1b9ce-c927-4c8d-a281-5d586172d0d3/1764720000.0_mean_300.0_v3" "tx058460f7fc204832968ff-00693c61ce" "proxy-server 97771" 0.0027 "-" 96771 0
Dec 12 13:41:18 np0005557558.novalocal proxy-server[97771]: ::1 ::1 12/Dec/2025/18/41/18 GET /v1/AUTH_9f41729c3600455b8ee569c968fa446b/gnocchi.33b1b9ce-c927-4c8d-a281-5d586172d0d3/1764720000.0_mean_300.0_v3 HTTP/1.0 200 - python-swiftclient-4.7.0 gAAAAABpPGHN3vHt... - 16 - tx058460f7fc204832968ff-00693c61ce - 0.0108 - - 1765564878.346735716 1765564878.357510567 0
Dec 12 13:41:18 np0005557558.novalocal container-server[96475]: ::1 - - [12/Dec/2025:18:41:18 +0000] "HEAD /2/213438/AUTH_9f41729c3600455b8ee569c968fa446b/gnocchi.c1792be6-6d3f-49fc-802b-6719a98125e9" 404 - "HEAD http://[::1]:8080/v1/AUTH_9f41729c3600455b8ee569c968fa446b/gnocchi.c1792be6-6d3f-49fc-802b-6719a98125e9" "txa26249f5f0e548d19d548-00693c61ce" "proxy-server 97772" 0.0002 "-" 96475 0
Dec 12 13:41:18 np0005557558.novalocal container-server[96474]: ::1 - - [12/Dec/2025:18:41:18 +0000] "HEAD /1/213438/AUTH_9f41729c3600455b8ee569c968fa446b/gnocchi.c1792be6-6d3f-49fc-802b-6719a98125e9" 404 - "HEAD http://[::1]:8080/v1/AUTH_9f41729c3600455b8ee569c968fa446b/gnocchi.c1792be6-6d3f-49fc-802b-6719a98125e9" "txa26249f5f0e548d19d548-00693c61ce" "proxy-server 97772" 0.0002 "-" 96474 0
Dec 12 13:41:18 np0005557558.novalocal container-server[96474]: ::1 - - [12/Dec/2025:18:41:18 +0000] "HEAD /3/213438/AUTH_9f41729c3600455b8ee569c968fa446b/gnocchi.c1792be6-6d3f-49fc-802b-6719a98125e9" 404 - "HEAD http://[::1]:8080/v1/AUTH_9f41729c3600455b8ee569c968fa446b/gnocchi.c1792be6-6d3f-49fc-802b-6719a98125e9" "txa26249f5f0e548d19d548-00693c61ce" "proxy-server 97772" 0.0001 "-" 96474 0
Dec 12 13:41:18 np0005557558.novalocal proxy-server[97772]: - - 12/Dec/2025/18/41/18 HEAD /v1/AUTH_9f41729c3600455b8ee569c968fa446b/gnocchi.c1792be6-6d3f-49fc-802b-6719a98125e9 HTTP/1.0 404 - Swift - - - - txa26249f5f0e548d19d548-00693c61ce - 0.0067 CS - 1765564878.364769697 1765564878.371494055 0
Dec 12 13:41:18 np0005557558.novalocal object-server[96771]: ::1 - - [12/Dec/2025:18:41:18 +0000] "GET /1/248363/AUTH_9f41729c3600455b8ee569c968fa446b/gnocchi.c1792be6-6d3f-49fc-802b-6719a98125e9/none_v3" 404 70 "GET https://[::1]:8080/v1/AUTH_9f41729c3600455b8ee569c968fa446b/gnocchi.c1792be6-6d3f-49fc-802b-6719a98125e9/none_v3" "txa26249f5f0e548d19d548-00693c61ce" "proxy-server 97772" 0.0005 "-" 96771 0
Dec 12 13:41:18 np0005557558.novalocal container-server[96474]: ::1 - - [12/Dec/2025:18:41:18 +0000] "PUT /2/2330/AUTH_9f41729c3600455b8ee569c968fa446b/gnocchi.33b1b9ce-c927-4c8d-a281-5d586172d0d3/1764720000.0_mean_300.0_v3" 201 - "PUT http://[::1]:8080/1/91536/AUTH_9f41729c3600455b8ee569c968fa446b/gnocchi.33b1b9ce-c927-4c8d-a281-5d586172d0d3/1764720000.0_mean_300.0_v3" "tx50b7751f9524437682328-00693c61ce" "object-server 96772" 0.0004 "-" 96474 0
Dec 12 13:41:18 np0005557558.novalocal object-server[96772]: ::1 - - [12/Dec/2025:18:41:18 +0000] "PUT /1/91536/AUTH_9f41729c3600455b8ee569c968fa446b/gnocchi.33b1b9ce-c927-4c8d-a281-5d586172d0d3/1764720000.0_mean_300.0_v3" 201 - "PUT https://[::1]:8080/v1/AUTH_9f41729c3600455b8ee569c968fa446b/gnocchi.33b1b9ce-c927-4c8d-a281-5d586172d0d3/1764720000.0_mean_300.0_v3" "tx50b7751f9524437682328-00693c61ce" "proxy-server 97771" 0.0110 "-" 96772 0
Dec 12 13:41:18 np0005557558.novalocal object-server[96771]: ::1 - - [12/Dec/2025:18:41:18 +0000] "GET /3/248363/AUTH_9f41729c3600455b8ee569c968fa446b/gnocchi.c1792be6-6d3f-49fc-802b-6719a98125e9/none_v3" 404 70 "GET https://[::1]:8080/v1/AUTH_9f41729c3600455b8ee569c968fa446b/gnocchi.c1792be6-6d3f-49fc-802b-6719a98125e9/none_v3" "txa26249f5f0e548d19d548-00693c61ce" "proxy-server 97772" 0.0002 "-" 96771 0
Dec 12 13:41:18 np0005557558.novalocal container-server[96474]: ::1 - - [12/Dec/2025:18:41:18 +0000] "PUT /3/2330/AUTH_9f41729c3600455b8ee569c968fa446b/gnocchi.33b1b9ce-c927-4c8d-a281-5d586172d0d3/1764720000.0_mean_300.0_v3" 201 - "PUT http://[::1]:8080/3/91536/AUTH_9f41729c3600455b8ee569c968fa446b/gnocchi.33b1b9ce-c927-4c8d-a281-5d586172d0d3/1764720000.0_mean_300.0_v3" "tx50b7751f9524437682328-00693c61ce" "object-server 96772" 0.0003 "-" 96474 0
Dec 12 13:41:18 np0005557558.novalocal container-server[96475]: ::1 - - [12/Dec/2025:18:41:18 +0000] "PUT /1/2330/AUTH_9f41729c3600455b8ee569c968fa446b/gnocchi.33b1b9ce-c927-4c8d-a281-5d586172d0d3/1764720000.0_mean_300.0_v3" 201 - "PUT http://[::1]:8080/2/91536/AUTH_9f41729c3600455b8ee569c968fa446b/gnocchi.33b1b9ce-c927-4c8d-a281-5d586172d0d3/1764720000.0_mean_300.0_v3" "tx50b7751f9524437682328-00693c61ce" "object-server 96772" 0.0005 "-" 96475 0
Dec 12 13:41:18 np0005557558.novalocal object-server[96772]: ::1 - - [12/Dec/2025:18:41:18 +0000] "GET /2/248363/AUTH_9f41729c3600455b8ee569c968fa446b/gnocchi.c1792be6-6d3f-49fc-802b-6719a98125e9/none_v3" 404 70 "GET https://[::1]:8080/v1/AUTH_9f41729c3600455b8ee569c968fa446b/gnocchi.c1792be6-6d3f-49fc-802b-6719a98125e9/none_v3" "txa26249f5f0e548d19d548-00693c61ce" "proxy-server 97772" 0.0002 "-" 96772 0
Dec 12 13:41:18 np0005557558.novalocal object-server[96772]: ::1 - - [12/Dec/2025:18:41:18 +0000] "PUT /3/91536/AUTH_9f41729c3600455b8ee569c968fa446b/gnocchi.33b1b9ce-c927-4c8d-a281-5d586172d0d3/1764720000.0_mean_300.0_v3" 201 - "PUT https://[::1]:8080/v1/AUTH_9f41729c3600455b8ee569c968fa446b/gnocchi.33b1b9ce-c927-4c8d-a281-5d586172d0d3/1764720000.0_mean_300.0_v3" "tx50b7751f9524437682328-00693c61ce" "proxy-server 97771" 0.0131 "-" 96772 0
Dec 12 13:41:18 np0005557558.novalocal proxy-server[97772]: ::1 ::1 12/Dec/2025/18/41/18 GET /v1/AUTH_9f41729c3600455b8ee569c968fa446b/gnocchi.c1792be6-6d3f-49fc-802b-6719a98125e9/none_v3 HTTP/1.0 404 - python-swiftclient-4.7.0 gAAAAABpPGHN1oGc... - 70 - txa26249f5f0e548d19d548-00693c61ce - 0.0207 - - 1765564878.363861561 1765564878.384525776 0
Dec 12 13:41:18 np0005557558.novalocal object-server[96772]: ::1 - - [12/Dec/2025:18:41:18 +0000] "PUT /2/91536/AUTH_9f41729c3600455b8ee569c968fa446b/gnocchi.33b1b9ce-c927-4c8d-a281-5d586172d0d3/1764720000.0_mean_300.0_v3" 201 - "PUT https://[::1]:8080/v1/AUTH_9f41729c3600455b8ee569c968fa446b/gnocchi.33b1b9ce-c927-4c8d-a281-5d586172d0d3/1764720000.0_mean_300.0_v3" "tx50b7751f9524437682328-00693c61ce" "proxy-server 97771" 0.0167 "-" 96772 0
Dec 12 13:41:18 np0005557558.novalocal proxy-server[97771]: ::1 ::1 12/Dec/2025/18/41/18 PUT /v1/AUTH_9f41729c3600455b8ee569c968fa446b/gnocchi.33b1b9ce-c927-4c8d-a281-5d586172d0d3/1764720000.0_mean_300.0_v3 HTTP/1.0 201 - python-swiftclient-4.7.0 gAAAAABpPGHN3vHt... 16 - - tx50b7751f9524437682328-00693c61ce - 0.0254 - - 1765564878.360775471 1765564878.386132002 0
Dec 12 13:41:18 np0005557558.novalocal account-server[96175]: ::1 - - [12/Dec/2025:18:41:18 +0000] "PUT /1/24542/AUTH_9f41729c3600455b8ee569c968fa446b/gnocchi.c1792be6-6d3f-49fc-802b-6719a98125e9" 201 - "PUT http://[::1]:6001/3/213438/AUTH_9f41729c3600455b8ee569c968fa446b/gnocchi.c1792be6-6d3f-49fc-802b-6719a98125e9" "txe41d1f04bd67479faa953-00693c61ce" "container-server 96474" 0.0066 "-" 96175 0
Dec 12 13:41:18 np0005557558.novalocal container-server[96474]: ::1 - - [12/Dec/2025:18:41:18 +0000] "PUT /2/2330/AUTH_9f41729c3600455b8ee569c968fa446b/gnocchi.33b1b9ce-c927-4c8d-a281-5d586172d0d3/none_v3" 201 - "PUT http://[::1]:8080/3/121571/AUTH_9f41729c3600455b8ee569c968fa446b/gnocchi.33b1b9ce-c927-4c8d-a281-5d586172d0d3/none_v3" "txbb59d9bc1b044495a55e3-00693c61ce" "object-server 96771" 0.0005 "-" 96474 0
Dec 12 13:41:18 np0005557558.novalocal container-server[96474]: ::1 - - [12/Dec/2025:18:41:18 +0000] "PUT /3/213438/AUTH_9f41729c3600455b8ee569c968fa446b/gnocchi.c1792be6-6d3f-49fc-802b-6719a98125e9" 201 - "PUT https://[::1]:8080/v1/AUTH_9f41729c3600455b8ee569c968fa446b/gnocchi.c1792be6-6d3f-49fc-802b-6719a98125e9" "txe41d1f04bd67479faa953-00693c61ce" "proxy-server 97772" 0.0174 "-" 96474 0
Dec 12 13:41:18 np0005557558.novalocal object-server[96771]: ::1 - - [12/Dec/2025:18:41:18 +0000] "PUT /3/121571/AUTH_9f41729c3600455b8ee569c968fa446b/gnocchi.33b1b9ce-c927-4c8d-a281-5d586172d0d3/none_v3" 201 - "PUT https://[::1]:8080/v1/AUTH_9f41729c3600455b8ee569c968fa446b/gnocchi.33b1b9ce-c927-4c8d-a281-5d586172d0d3/none_v3" "txbb59d9bc1b044495a55e3-00693c61ce" "proxy-server 97771" 0.0114 "-" 96771 0
Dec 12 13:41:18 np0005557558.novalocal account-server[96175]: ::1 - - [12/Dec/2025:18:41:18 +0000] "PUT /2/24542/AUTH_9f41729c3600455b8ee569c968fa446b/gnocchi.c1792be6-6d3f-49fc-802b-6719a98125e9" 201 - "PUT http://[::1]:6001/2/213438/AUTH_9f41729c3600455b8ee569c968fa446b/gnocchi.c1792be6-6d3f-49fc-802b-6719a98125e9" "txe41d1f04bd67479faa953-00693c61ce" "container-server 96475" 0.0032 "-" 96175 0
Dec 12 13:41:18 np0005557558.novalocal container-server[96475]: ::1 - - [12/Dec/2025:18:41:18 +0000] "PUT /2/213438/AUTH_9f41729c3600455b8ee569c968fa446b/gnocchi.c1792be6-6d3f-49fc-802b-6719a98125e9" 201 - "PUT https://[::1]:8080/v1/AUTH_9f41729c3600455b8ee569c968fa446b/gnocchi.c1792be6-6d3f-49fc-802b-6719a98125e9" "txe41d1f04bd67479faa953-00693c61ce" "proxy-server 97772" 0.0208 "-" 96475 0
Dec 12 13:41:18 np0005557558.novalocal container-server[96475]: ::1 - - [12/Dec/2025:18:41:18 +0000] "PUT /1/2330/AUTH_9f41729c3600455b8ee569c968fa446b/gnocchi.33b1b9ce-c927-4c8d-a281-5d586172d0d3/none_v3" 201 - "PUT http://[::1]:8080/2/121571/AUTH_9f41729c3600455b8ee569c968fa446b/gnocchi.33b1b9ce-c927-4c8d-a281-5d586172d0d3/none_v3" "txbb59d9bc1b044495a55e3-00693c61ce" "object-server 96772" 0.0005 "-" 96475 0
Dec 12 13:41:18 np0005557558.novalocal object-server[96772]: ::1 - - [12/Dec/2025:18:41:18 +0000] "PUT /2/121571/AUTH_9f41729c3600455b8ee569c968fa446b/gnocchi.33b1b9ce-c927-4c8d-a281-5d586172d0d3/none_v3" 201 - "PUT https://[::1]:8080/v1/AUTH_9f41729c3600455b8ee569c968fa446b/gnocchi.33b1b9ce-c927-4c8d-a281-5d586172d0d3/none_v3" "txbb59d9bc1b044495a55e3-00693c61ce" "proxy-server 97771" 0.0199 "-" 96772 0
Dec 12 13:41:18 np0005557558.novalocal container-server[96475]: ::1 - - [12/Dec/2025:18:41:18 +0000] "PUT /3/2330/AUTH_9f41729c3600455b8ee569c968fa446b/gnocchi.33b1b9ce-c927-4c8d-a281-5d586172d0d3/none_v3" 201 - "PUT http://[::1]:8080/1/121571/AUTH_9f41729c3600455b8ee569c968fa446b/gnocchi.33b1b9ce-c927-4c8d-a281-5d586172d0d3/none_v3" "txbb59d9bc1b044495a55e3-00693c61ce" "object-server 96772" 0.0007 "-" 96475 0
Dec 12 13:41:18 np0005557558.novalocal object-server[96772]: ::1 - - [12/Dec/2025:18:41:18 +0000] "PUT /1/121571/AUTH_9f41729c3600455b8ee569c968fa446b/gnocchi.33b1b9ce-c927-4c8d-a281-5d586172d0d3/none_v3" 201 - "PUT https://[::1]:8080/v1/AUTH_9f41729c3600455b8ee569c968fa446b/gnocchi.33b1b9ce-c927-4c8d-a281-5d586172d0d3/none_v3" "txbb59d9bc1b044495a55e3-00693c61ce" "proxy-server 97771" 0.0222 "-" 96772 0
Dec 12 13:41:18 np0005557558.novalocal account-server[96174]: ::1 - - [12/Dec/2025:18:41:18 +0000] "PUT /3/24542/AUTH_9f41729c3600455b8ee569c968fa446b/gnocchi.c1792be6-6d3f-49fc-802b-6719a98125e9" 201 - "PUT http://[::1]:6001/1/213438/AUTH_9f41729c3600455b8ee569c968fa446b/gnocchi.c1792be6-6d3f-49fc-802b-6719a98125e9" "txe41d1f04bd67479faa953-00693c61ce" "container-server 96475" 0.0032 "-" 96174 0
Dec 12 13:41:18 np0005557558.novalocal container-server[96475]: ::1 - - [12/Dec/2025:18:41:18 +0000] "PUT /1/213438/AUTH_9f41729c3600455b8ee569c968fa446b/gnocchi.c1792be6-6d3f-49fc-802b-6719a98125e9" 201 - "PUT https://[::1]:8080/v1/AUTH_9f41729c3600455b8ee569c968fa446b/gnocchi.c1792be6-6d3f-49fc-802b-6719a98125e9" "txe41d1f04bd67479faa953-00693c61ce" "proxy-server 97772" 0.0131 "-" 96475 0
Dec 12 13:41:18 np0005557558.novalocal proxy-server[97771]: ::1 ::1 12/Dec/2025/18/41/18 PUT /v1/AUTH_9f41729c3600455b8ee569c968fa446b/gnocchi.33b1b9ce-c927-4c8d-a281-5d586172d0d3/none_v3 HTTP/1.0 201 - python-swiftclient-4.7.0 gAAAAABpPGHN3vHt... 45 - - txbb59d9bc1b044495a55e3-00693c61ce - 0.0296 - - 1765564878.389829874 1765564878.419414997 0
Dec 12 13:41:18 np0005557558.novalocal proxy-server[97772]: ::1 ::1 12/Dec/2025/18/41/18 PUT /v1/AUTH_9f41729c3600455b8ee569c968fa446b/gnocchi.c1792be6-6d3f-49fc-802b-6719a98125e9 HTTP/1.0 201 - python-swiftclient-4.7.0 gAAAAABpPGHN1oGc... - - - txe41d1f04bd67479faa953-00693c61ce - 0.0334 - - 1765564878.386938095 1765564878.420303822 0
Dec 12 13:41:18 np0005557558.novalocal container-server[96475]: ::1 - - [12/Dec/2025:18:41:18 +0000] "HEAD /2/213438/AUTH_9f41729c3600455b8ee569c968fa446b/gnocchi.c1792be6-6d3f-49fc-802b-6719a98125e9" 204 - "HEAD http://[::1]:8080/v1/AUTH_9f41729c3600455b8ee569c968fa446b/gnocchi.c1792be6-6d3f-49fc-802b-6719a98125e9" "txfcb43c36855d44418458b-00693c61ce" "proxy-server 97772" 0.0011 "-" 96475 0
Dec 12 13:41:18 np0005557558.novalocal proxy-server[97772]: - - 12/Dec/2025/18/41/18 HEAD /v1/AUTH_9f41729c3600455b8ee569c968fa446b/gnocchi.c1792be6-6d3f-49fc-802b-6719a98125e9 HTTP/1.0 204 - Swift - - - - txfcb43c36855d44418458b-00693c61ce - 0.0056 CS - 1765564878.424503326 1765564878.430071354 0
Dec 12 13:41:18 np0005557558.novalocal container-server[96475]: ::1 - - [12/Dec/2025:18:41:18 +0000] "GET /3/213438/AUTH_9f41729c3600455b8ee569c968fa446b/gnocchi.c1792be6-6d3f-49fc-802b-6719a98125e9" 200 2 "GET https://[::1]:8080/v1/AUTH_9f41729c3600455b8ee569c968fa446b/gnocchi.c1792be6-6d3f-49fc-802b-6719a98125e9?format=json&states=listing" "txfcb43c36855d44418458b-00693c61ce" "proxy-server 97772" 0.0018 "-" 96475 0
Dec 12 13:41:18 np0005557558.novalocal proxy-server[97772]: ::1 ::1 12/Dec/2025/18/41/18 GET /v1/AUTH_9f41729c3600455b8ee569c968fa446b/gnocchi.c1792be6-6d3f-49fc-802b-6719a98125e9%3Fformat%3Djson%26states%3Dlisting HTTP/1.0 200 - python-swiftclient-4.7.0 gAAAAABpPGHN1oGc... - 2 - txfcb43c36855d44418458b-00693c61ce - 0.0183 - - 1765564878.423178673 1765564878.441458225 0
Dec 12 13:41:18 np0005557558.novalocal object-server[96771]: ::1 - - [12/Dec/2025:18:41:18 +0000] "GET /1/225398/AUTH_9f41729c3600455b8ee569c968fa446b/gnocchi.44a56c82-a1df-4c51-8350-1d00c0585859/none_v3" 200 30 "GET https://[::1]:8080/v1/AUTH_9f41729c3600455b8ee569c968fa446b/gnocchi.44a56c82-a1df-4c51-8350-1d00c0585859/none_v3" "txca1e2c5391294374a33c9-00693c61ce" "proxy-server 97771" 0.0013 "-" 96771 0
Dec 12 13:41:18 np0005557558.novalocal object-server[96772]: ::1 - - [12/Dec/2025:18:41:18 +0000] "GET /2/178248/AUTH_9f41729c3600455b8ee569c968fa446b/gnocchi.c1792be6-6d3f-49fc-802b-6719a98125e9/1764720000.0_mean_300.0_v3" 404 70 "GET https://[::1]:8080/v1/AUTH_9f41729c3600455b8ee569c968fa446b/gnocchi.c1792be6-6d3f-49fc-802b-6719a98125e9/1764720000.0_mean_300.0_v3" "txf19c2d77ae8e48808636a-00693c61ce" "proxy-server 97772" 0.0004 "-" 96772 0
Dec 12 13:41:18 np0005557558.novalocal proxy-server[97771]: ::1 ::1 12/Dec/2025/18/41/18 GET /v1/AUTH_9f41729c3600455b8ee569c968fa446b/gnocchi.44a56c82-a1df-4c51-8350-1d00c0585859/none_v3 HTTP/1.0 200 - python-swiftclient-4.7.0 gAAAAABpPGHN3vHt... - 30 - txca1e2c5391294374a33c9-00693c61ce - 0.0098 - - 1765564878.441181898 1765564878.451000214 0
Dec 12 13:41:18 np0005557558.novalocal object-server[96772]: ::1 - - [12/Dec/2025:18:41:18 +0000] "GET /3/178248/AUTH_9f41729c3600455b8ee569c968fa446b/gnocchi.c1792be6-6d3f-49fc-802b-6719a98125e9/1764720000.0_mean_300.0_v3" 404 70 "GET https://[::1]:8080/v1/AUTH_9f41729c3600455b8ee569c968fa446b/gnocchi.c1792be6-6d3f-49fc-802b-6719a98125e9/1764720000.0_mean_300.0_v3" "txf19c2d77ae8e48808636a-00693c61ce" "proxy-server 97772" 0.0001 "-" 96772 0
Dec 12 13:41:18 np0005557558.novalocal object-server[96771]: ::1 - - [12/Dec/2025:18:41:18 +0000] "GET /1/178248/AUTH_9f41729c3600455b8ee569c968fa446b/gnocchi.c1792be6-6d3f-49fc-802b-6719a98125e9/1764720000.0_mean_300.0_v3" 404 70 "GET https://[::1]:8080/v1/AUTH_9f41729c3600455b8ee569c968fa446b/gnocchi.c1792be6-6d3f-49fc-802b-6719a98125e9/1764720000.0_mean_300.0_v3" "txf19c2d77ae8e48808636a-00693c61ce" "proxy-server 97772" 0.0004 "-" 96771 0
Dec 12 13:41:18 np0005557558.novalocal proxy-server[97772]: ::1 ::1 12/Dec/2025/18/41/18 GET /v1/AUTH_9f41729c3600455b8ee569c968fa446b/gnocchi.c1792be6-6d3f-49fc-802b-6719a98125e9/1764720000.0_mean_300.0_v3 HTTP/1.0 404 - python-swiftclient-4.7.0 gAAAAABpPGHN1oGc... - 70 - txf19c2d77ae8e48808636a-00693c61ce - 0.0129 - - 1765564878.444822550 1765564878.457707882 0
Dec 12 13:41:18 np0005557558.novalocal container-server[96475]: ::1 - - [12/Dec/2025:18:41:18 +0000] "GET /1/167347/AUTH_9f41729c3600455b8ee569c968fa446b/gnocchi.44a56c82-a1df-4c51-8350-1d00c0585859" 200 357 "GET https://[::1]:8080/v1/AUTH_9f41729c3600455b8ee569c968fa446b/gnocchi.44a56c82-a1df-4c51-8350-1d00c0585859?format=json&states=listing" "txaba32b17443c43e6ba3f8-00693c61ce" "proxy-server 97771" 0.0065 "-" 96475 0
Dec 12 13:41:18 np0005557558.novalocal proxy-server[97771]: ::1 ::1 12/Dec/2025/18/41/18 GET /v1/AUTH_9f41729c3600455b8ee569c968fa446b/gnocchi.44a56c82-a1df-4c51-8350-1d00c0585859%3Fformat%3Djson%26states%3Dlisting HTTP/1.0 200 - python-swiftclient-4.7.0 gAAAAABpPGHN3vHt... - 357 - txaba32b17443c43e6ba3f8-00693c61ce - 0.0162 - - 1765564878.453957081 1765564878.470151186 0
Dec 12 13:41:18 np0005557558.novalocal container-server[96475]: ::1 - - [12/Dec/2025:18:41:18 +0000] "PUT /3/213438/AUTH_9f41729c3600455b8ee569c968fa446b/gnocchi.c1792be6-6d3f-49fc-802b-6719a98125e9/1764720000.0_mean_300.0_v3" 201 - "PUT http://[::1]:8080/3/178248/AUTH_9f41729c3600455b8ee569c968fa446b/gnocchi.c1792be6-6d3f-49fc-802b-6719a98125e9/1764720000.0_mean_300.0_v3" "tx4b496fd26a6f48158108d-00693c61ce" "object-server 96772" 0.0007 "-" 96475 0
Dec 12 13:41:18 np0005557558.novalocal object-server[96772]: ::1 - - [12/Dec/2025:18:41:18 +0000] "PUT /3/178248/AUTH_9f41729c3600455b8ee569c968fa446b/gnocchi.c1792be6-6d3f-49fc-802b-6719a98125e9/1764720000.0_mean_300.0_v3" 201 - "PUT https://[::1]:8080/v1/AUTH_9f41729c3600455b8ee569c968fa446b/gnocchi.c1792be6-6d3f-49fc-802b-6719a98125e9/1764720000.0_mean_300.0_v3" "tx4b496fd26a6f48158108d-00693c61ce" "proxy-server 97772" 0.0077 "-" 96772 0
Dec 12 13:41:18 np0005557558.novalocal container-server[96474]: ::1 - - [12/Dec/2025:18:41:18 +0000] "PUT /1/213438/AUTH_9f41729c3600455b8ee569c968fa446b/gnocchi.c1792be6-6d3f-49fc-802b-6719a98125e9/1764720000.0_mean_300.0_v3" 201 - "PUT http://[::1]:8080/1/178248/AUTH_9f41729c3600455b8ee569c968fa446b/gnocchi.c1792be6-6d3f-49fc-802b-6719a98125e9/1764720000.0_mean_300.0_v3" "tx4b496fd26a6f48158108d-00693c61ce" "object-server 96772" 0.0007 "-" 96474 0
Dec 12 13:41:18 np0005557558.novalocal object-server[96772]: ::1 - - [12/Dec/2025:18:41:18 +0000] "PUT /1/178248/AUTH_9f41729c3600455b8ee569c968fa446b/gnocchi.c1792be6-6d3f-49fc-802b-6719a98125e9/1764720000.0_mean_300.0_v3" 201 - "PUT https://[::1]:8080/v1/AUTH_9f41729c3600455b8ee569c968fa446b/gnocchi.c1792be6-6d3f-49fc-802b-6719a98125e9/1764720000.0_mean_300.0_v3" "tx4b496fd26a6f48158108d-00693c61ce" "proxy-server 97772" 0.0111 "-" 96772 0
Dec 12 13:41:18 np0005557558.novalocal container-server[96474]: ::1 - - [12/Dec/2025:18:41:18 +0000] "PUT /2/213438/AUTH_9f41729c3600455b8ee569c968fa446b/gnocchi.c1792be6-6d3f-49fc-802b-6719a98125e9/1764720000.0_mean_300.0_v3" 201 - "PUT http://[::1]:8080/2/178248/AUTH_9f41729c3600455b8ee569c968fa446b/gnocchi.c1792be6-6d3f-49fc-802b-6719a98125e9/1764720000.0_mean_300.0_v3" "tx4b496fd26a6f48158108d-00693c61ce" "object-server 96771" 0.0005 "-" 96474 0
Dec 12 13:41:18 np0005557558.novalocal object-server[96771]: ::1 - - [12/Dec/2025:18:41:18 +0000] "PUT /2/178248/AUTH_9f41729c3600455b8ee569c968fa446b/gnocchi.c1792be6-6d3f-49fc-802b-6719a98125e9/1764720000.0_mean_300.0_v3" 201 - "PUT https://[::1]:8080/v1/AUTH_9f41729c3600455b8ee569c968fa446b/gnocchi.c1792be6-6d3f-49fc-802b-6719a98125e9/1764720000.0_mean_300.0_v3" "tx4b496fd26a6f48158108d-00693c61ce" "proxy-server 97772" 0.0126 "-" 96771 0
Dec 12 13:41:18 np0005557558.novalocal proxy-server[97772]: ::1 ::1 12/Dec/2025/18/41/18 PUT /v1/AUTH_9f41729c3600455b8ee569c968fa446b/gnocchi.c1792be6-6d3f-49fc-802b-6719a98125e9/1764720000.0_mean_300.0_v3 HTTP/1.0 201 - python-swiftclient-4.7.0 gAAAAABpPGHN1oGc... 16 - - tx4b496fd26a6f48158108d-00693c61ce - 0.0255 - - 1765564878.460455179 1765564878.485909700 0
Dec 12 13:41:18 np0005557558.novalocal container-server[96474]: ::1 - - [12/Dec/2025:18:41:18 +0000] "GET /3/167347/AUTH_9f41729c3600455b8ee569c968fa446b/gnocchi.44a56c82-a1df-4c51-8350-1d00c0585859" 200 2 "GET https://[::1]:8080/v1/AUTH_9f41729c3600455b8ee569c968fa446b/gnocchi.44a56c82-a1df-4c51-8350-1d00c0585859?format=json&marker=none_v3&states=listing" "tx53e52b67fe8e41f097f5e-00693c61ce" "proxy-server 97771" 0.0110 "-" 96474 0
Dec 12 13:41:18 np0005557558.novalocal proxy-server[97771]: ::1 ::1 12/Dec/2025/18/41/18 GET /v1/AUTH_9f41729c3600455b8ee569c968fa446b/gnocchi.44a56c82-a1df-4c51-8350-1d00c0585859%3Fformat%3Djson%26marker%3Dnone_v3%26states%3Dlisting HTTP/1.0 200 - python-swiftclient-4.7.0 gAAAAABpPGHN3vHt... - 2 - tx53e52b67fe8e41f097f5e-00693c61ce - 0.0173 - - 1765564878.472483873 1765564878.489764929 0
Dec 12 13:41:18 np0005557558.novalocal object-server[96772]: ::1 - - [12/Dec/2025:18:41:18 +0000] "GET /3/26974/AUTH_9f41729c3600455b8ee569c968fa446b/gnocchi.44a56c82-a1df-4c51-8350-1d00c0585859/1764720000.0_mean_300.0_v3" 200 16 "GET https://[::1]:8080/v1/AUTH_9f41729c3600455b8ee569c968fa446b/gnocchi.44a56c82-a1df-4c51-8350-1d00c0585859/1764720000.0_mean_300.0_v3" "txc8b5bd8f09224e2e9711c-00693c61ce" "proxy-server 97771" 0.0019 "-" 96772 0
Dec 12 13:41:18 np0005557558.novalocal proxy-server[97771]: ::1 ::1 12/Dec/2025/18/41/18 GET /v1/AUTH_9f41729c3600455b8ee569c968fa446b/gnocchi.44a56c82-a1df-4c51-8350-1d00c0585859/1764720000.0_mean_300.0_v3 HTTP/1.0 200 - python-swiftclient-4.7.0 gAAAAABpPGHN3vHt... - 16 - txc8b5bd8f09224e2e9711c-00693c61ce - 0.0077 - - 1765564878.493989944 1765564878.501701593 0
Dec 12 13:41:18 np0005557558.novalocal container-server[96474]: ::1 - - [12/Dec/2025:18:41:18 +0000] "PUT /2/213438/AUTH_9f41729c3600455b8ee569c968fa446b/gnocchi.c1792be6-6d3f-49fc-802b-6719a98125e9/none_v3" 201 - "PUT http://[::1]:8080/1/248363/AUTH_9f41729c3600455b8ee569c968fa446b/gnocchi.c1792be6-6d3f-49fc-802b-6719a98125e9/none_v3" "tx97af9a4c10214e28896a1-00693c61ce" "object-server 96772" 0.0004 "-" 96474 0
Dec 12 13:41:18 np0005557558.novalocal object-server[96772]: ::1 - - [12/Dec/2025:18:41:18 +0000] "PUT /1/248363/AUTH_9f41729c3600455b8ee569c968fa446b/gnocchi.c1792be6-6d3f-49fc-802b-6719a98125e9/none_v3" 201 - "PUT https://[::1]:8080/v1/AUTH_9f41729c3600455b8ee569c968fa446b/gnocchi.c1792be6-6d3f-49fc-802b-6719a98125e9/none_v3" "tx97af9a4c10214e28896a1-00693c61ce" "proxy-server 97772" 0.0140 "-" 96772 0
Dec 12 13:41:18 np0005557558.novalocal container-server[96475]: ::1 - - [12/Dec/2025:18:41:18 +0000] "PUT /3/213438/AUTH_9f41729c3600455b8ee569c968fa446b/gnocchi.c1792be6-6d3f-49fc-802b-6719a98125e9/none_v3" 201 - "PUT http://[::1]:8080/3/248363/AUTH_9f41729c3600455b8ee569c968fa446b/gnocchi.c1792be6-6d3f-49fc-802b-6719a98125e9/none_v3" "tx97af9a4c10214e28896a1-00693c61ce" "object-server 96771" 0.0005 "-" 96475 0
Dec 12 13:41:18 np0005557558.novalocal container-server[96474]: ::1 - - [12/Dec/2025:18:41:18 +0000] "PUT /1/213438/AUTH_9f41729c3600455b8ee569c968fa446b/gnocchi.c1792be6-6d3f-49fc-802b-6719a98125e9/none_v3" 201 - "PUT http://[::1]:8080/2/248363/AUTH_9f41729c3600455b8ee569c968fa446b/gnocchi.c1792be6-6d3f-49fc-802b-6719a98125e9/none_v3" "tx97af9a4c10214e28896a1-00693c61ce" "object-server 96771" 0.0004 "-" 96474 0
Dec 12 13:41:18 np0005557558.novalocal object-server[96771]: ::1 - - [12/Dec/2025:18:41:18 +0000] "PUT /2/248363/AUTH_9f41729c3600455b8ee569c968fa446b/gnocchi.c1792be6-6d3f-49fc-802b-6719a98125e9/none_v3" 201 - "PUT https://[::1]:8080/v1/AUTH_9f41729c3600455b8ee569c968fa446b/gnocchi.c1792be6-6d3f-49fc-802b-6719a98125e9/none_v3" "tx97af9a4c10214e28896a1-00693c61ce" "proxy-server 97772" 0.0136 "-" 96771 0
Dec 12 13:41:18 np0005557558.novalocal object-server[96771]: ::1 - - [12/Dec/2025:18:41:18 +0000] "PUT /3/248363/AUTH_9f41729c3600455b8ee569c968fa446b/gnocchi.c1792be6-6d3f-49fc-802b-6719a98125e9/none_v3" 201 - "PUT https://[::1]:8080/v1/AUTH_9f41729c3600455b8ee569c968fa446b/gnocchi.c1792be6-6d3f-49fc-802b-6719a98125e9/none_v3" "tx97af9a4c10214e28896a1-00693c61ce" "proxy-server 97772" 0.0161 "-" 96771 0
Dec 12 13:41:18 np0005557558.novalocal proxy-server[97772]: ::1 ::1 12/Dec/2025/18/41/18 PUT /v1/AUTH_9f41729c3600455b8ee569c968fa446b/gnocchi.c1792be6-6d3f-49fc-802b-6719a98125e9/none_v3 HTTP/1.0 201 - python-swiftclient-4.7.0 gAAAAABpPGHN1oGc... 45 - - tx97af9a4c10214e28896a1-00693c61ce - 0.0243 - - 1765564878.488647461 1765564878.512987375 0
Dec 12 13:41:18 np0005557558.novalocal container-server[96474]: ::1 - - [12/Dec/2025:18:41:18 +0000] "PUT /1/167347/AUTH_9f41729c3600455b8ee569c968fa446b/gnocchi.44a56c82-a1df-4c51-8350-1d00c0585859/1764720000.0_mean_300.0_v3" 201 - "PUT http://[::1]:8080/2/26974/AUTH_9f41729c3600455b8ee569c968fa446b/gnocchi.44a56c82-a1df-4c51-8350-1d00c0585859/1764720000.0_mean_300.0_v3" "txef7f17c583404f4883d31-00693c61ce" "object-server 96771" 0.0003 "-" 96474 0
Dec 12 13:41:18 np0005557558.novalocal object-server[96771]: ::1 - - [12/Dec/2025:18:41:18 +0000] "PUT /2/26974/AUTH_9f41729c3600455b8ee569c968fa446b/gnocchi.44a56c82-a1df-4c51-8350-1d00c0585859/1764720000.0_mean_300.0_v3" 201 - "PUT https://[::1]:8080/v1/AUTH_9f41729c3600455b8ee569c968fa446b/gnocchi.44a56c82-a1df-4c51-8350-1d00c0585859/1764720000.0_mean_300.0_v3" "txef7f17c583404f4883d31-00693c61ce" "proxy-server 97771" 0.0105 "-" 96771 0
Dec 12 13:41:18 np0005557558.novalocal container-server[96475]: ::1 - - [12/Dec/2025:18:41:18 +0000] "PUT /3/167347/AUTH_9f41729c3600455b8ee569c968fa446b/gnocchi.44a56c82-a1df-4c51-8350-1d00c0585859/1764720000.0_mean_300.0_v3" 201 - "PUT http://[::1]:8080/1/26974/AUTH_9f41729c3600455b8ee569c968fa446b/gnocchi.44a56c82-a1df-4c51-8350-1d00c0585859/1764720000.0_mean_300.0_v3" "txef7f17c583404f4883d31-00693c61ce" "object-server 96771" 0.0010 "-" 96475 0
Dec 12 13:41:18 np0005557558.novalocal object-server[96771]: ::1 - - [12/Dec/2025:18:41:18 +0000] "PUT /1/26974/AUTH_9f41729c3600455b8ee569c968fa446b/gnocchi.44a56c82-a1df-4c51-8350-1d00c0585859/1764720000.0_mean_300.0_v3" 201 - "PUT https://[::1]:8080/v1/AUTH_9f41729c3600455b8ee569c968fa446b/gnocchi.44a56c82-a1df-4c51-8350-1d00c0585859/1764720000.0_mean_300.0_v3" "txef7f17c583404f4883d31-00693c61ce" "proxy-server 97771" 0.0116 "-" 96771 0
Dec 12 13:41:18 np0005557558.novalocal container-server[96475]: ::1 - - [12/Dec/2025:18:41:18 +0000] "PUT /2/167347/AUTH_9f41729c3600455b8ee569c968fa446b/gnocchi.44a56c82-a1df-4c51-8350-1d00c0585859/1764720000.0_mean_300.0_v3" 201 - "PUT http://[::1]:8080/3/26974/AUTH_9f41729c3600455b8ee569c968fa446b/gnocchi.44a56c82-a1df-4c51-8350-1d00c0585859/1764720000.0_mean_300.0_v3" "txef7f17c583404f4883d31-00693c61ce" "object-server 96772" 0.0015 "-" 96475 0
Dec 12 13:41:18 np0005557558.novalocal object-server[96772]: ::1 - - [12/Dec/2025:18:41:18 +0000] "PUT /3/26974/AUTH_9f41729c3600455b8ee569c968fa446b/gnocchi.44a56c82-a1df-4c51-8350-1d00c0585859/1764720000.0_mean_300.0_v3" 201 - "PUT https://[::1]:8080/v1/AUTH_9f41729c3600455b8ee569c968fa446b/gnocchi.44a56c82-a1df-4c51-8350-1d00c0585859/1764720000.0_mean_300.0_v3" "txef7f17c583404f4883d31-00693c61ce" "proxy-server 97771" 0.0163 "-" 96772 0
Dec 12 13:41:18 np0005557558.novalocal proxy-server[97771]: ::1 ::1 12/Dec/2025/18/41/18 PUT /v1/AUTH_9f41729c3600455b8ee569c968fa446b/gnocchi.44a56c82-a1df-4c51-8350-1d00c0585859/1764720000.0_mean_300.0_v3 HTTP/1.0 201 - python-swiftclient-4.7.0 gAAAAABpPGHN3vHt... 16 - - txef7f17c583404f4883d31-00693c61ce - 0.0304 - - 1765564878.510629654 1765564878.541018963 0
Dec 12 13:41:18 np0005557558.novalocal container-server[96474]: ::1 - - [12/Dec/2025:18:41:18 +0000] "PUT /1/167347/AUTH_9f41729c3600455b8ee569c968fa446b/gnocchi.44a56c82-a1df-4c51-8350-1d00c0585859/none_v3" 201 - "PUT http://[::1]:8080/2/225398/AUTH_9f41729c3600455b8ee569c968fa446b/gnocchi.44a56c82-a1df-4c51-8350-1d00c0585859/none_v3" "tx9d015a8d68364e1287ed5-00693c61ce" "object-server 96772" 0.0004 "-" 96474 0
Dec 12 13:41:18 np0005557558.novalocal container-server[96475]: ::1 - - [12/Dec/2025:18:41:18 +0000] "PUT /3/167347/AUTH_9f41729c3600455b8ee569c968fa446b/gnocchi.44a56c82-a1df-4c51-8350-1d00c0585859/none_v3" 201 - "PUT http://[::1]:8080/1/225398/AUTH_9f41729c3600455b8ee569c968fa446b/gnocchi.44a56c82-a1df-4c51-8350-1d00c0585859/none_v3" "tx9d015a8d68364e1287ed5-00693c61ce" "object-server 96771" 0.0009 "-" 96475 0
