Dec 12 13:43:18 np0005557558.novalocal NetworkManager[861]: [1765564998.2715] device (qbr25656b5a-69): state change: disconnected -> prepare (reason 'none', managed-type: 'external')
Dec 12 13:43:18 np0005557558.novalocal NetworkManager[861]: [1765564998.2719] device (qbr25656b5a-69): state change: prepare -> config (reason 'none', managed-type: 'external')
Dec 12 13:43:18 np0005557558.novalocal NetworkManager[861]: [1765564998.2722] device (qbr25656b5a-69): state change: config -> ip-config (reason 'none', managed-type: 'external')
Dec 12 13:43:18 np0005557558.novalocal NetworkManager[861]: [1765564998.2724] device (qbr25656b5a-69): state change: ip-config -> ip-check (reason 'none', managed-type: 'external')
Dec 12 13:43:18 np0005557558.novalocal kernel: qvo25656b5a-69: entered promiscuous mode
Dec 12 13:43:18 np0005557558.novalocal systemd[1]: Starting Network Manager Script Dispatcher Service...
Dec 12 13:43:18 np0005557558.novalocal systemd[1]: Started Network Manager Script Dispatcher Service.
Dec 12 13:43:18 np0005557558.novalocal NetworkManager[861]: [1765564998.3058] device (qbr25656b5a-69): state change: ip-check -> secondaries (reason 'none', managed-type: 'external')
Dec 12 13:43:18 np0005557558.novalocal NetworkManager[861]: [1765564998.3061] device (qbr25656b5a-69): state change: secondaries -> activated (reason 'none', managed-type: 'external')
Dec 12 13:43:18 np0005557558.novalocal NetworkManager[861]: [1765564998.3070] device (qbr25656b5a-69): Activation: successful, device activated.
Dec 12 13:43:18 np0005557558.novalocal systemd[1]: iscsi.service: Unit cannot be reloaded because it is inactive.
Dec 12 13:43:19 np0005557558.novalocal kernel: qbr25656b5a-69: port 2(tap25656b5a-69) entered blocking state
Dec 12 13:43:19 np0005557558.novalocal kernel: qbr25656b5a-69: port 2(tap25656b5a-69) entered disabled state
Dec 12 13:43:19 np0005557558.novalocal kernel: tap25656b5a-69: entered allmulticast mode
Dec 12 13:43:19 np0005557558.novalocal kernel: tap25656b5a-69: entered promiscuous mode
Dec 12 13:43:19 np0005557558.novalocal kernel: qbr25656b5a-69: port 2(tap25656b5a-69) entered blocking state
Dec 12 13:43:19 np0005557558.novalocal kernel: qbr25656b5a-69: port 2(tap25656b5a-69) entered forwarding state
Dec 12 13:43:19 np0005557558.novalocal NetworkManager[861]: [1765564999.8798] manager: (tap25656b5a-69): new Tun device (/org/freedesktop/NetworkManager/Devices/49)
Dec 12 13:43:19 np0005557558.novalocal virtqemud[99322]: Domain id=5 name='instance-00000005' uuid=f8a4e200-f2f3-42c9-91e5-8d4a233a2041 is tainted: deprecated-config (machine type 'pc-i440fx-rhel7.6.0')
Dec 12 13:43:19 np0005557558.novalocal virtqemud[99322]: Domain id=5 name='instance-00000005' uuid=f8a4e200-f2f3-42c9-91e5-8d4a233a2041 is tainted: deprecated-config (CPU model 'qemu64')
Dec 12 13:43:19 np0005557558.novalocal systemd-machined[93338]: New machine qemu-5-instance-00000005.
Dec 12 13:43:19 np0005557558.novalocal systemd[1]: Started Virtual Machine qemu-5-instance-00000005.
Dec 12 13:43:19 np0005557558.novalocal systemd-udevd[106299]: Network interface NamePolicy= disabled on kernel command line.
Dec 12 13:43:19 np0005557558.novalocal NetworkManager[861]: [1765564999.9982] device (tap25656b5a-69): state change: unmanaged -> unavailable (reason 'connection-assumed', managed-type: 'external')
Dec 12 13:43:19 np0005557558.novalocal NetworkManager[861]: [1765564999.9992] device (tap25656b5a-69): state change: unavailable -> disconnected (reason 'connection-assumed', managed-type: 'external')
Dec 12 13:43:20 np0005557558.novalocal NetworkManager[861]: [1765565000.0000] device (tap25656b5a-69): Activation: starting connection 'tap25656b5a-69' (2ba926f1-7b8d-4108-9441-798546ff365a)
Dec 12 13:43:20 np0005557558.novalocal NetworkManager[861]: [1765565000.0004] device (tap25656b5a-69): state change: disconnected -> prepare (reason 'none', managed-type: 'external')
Dec 12 13:43:20 np0005557558.novalocal NetworkManager[861]: [1765565000.0015] device (tap25656b5a-69): state change: prepare -> config (reason 'none', managed-type: 'external')
Dec 12 13:43:20 np0005557558.novalocal NetworkManager[861]: [1765565000.0018] device (tap25656b5a-69): state change: config -> ip-config (reason 'none', managed-type: 'external')
Dec 12 13:43:20 np0005557558.novalocal NetworkManager[861]: [1765565000.0020] device (qbr25656b5a-69): bridge port tap25656b5a-69 was attached
Dec 12 13:43:20 np0005557558.novalocal NetworkManager[861]: [1765565000.0020] device (tap25656b5a-69): Activation: connection 'tap25656b5a-69' attached as port, continuing activation
Dec 12 13:43:20 np0005557558.novalocal NetworkManager[861]: [1765565000.0023] device (tap25656b5a-69): state change: ip-config -> ip-check (reason 'none', managed-type: 'external')
Dec 12 13:43:20 np0005557558.novalocal NetworkManager[861]: [1765565000.0050] device (tap25656b5a-69): state change: ip-check -> secondaries (reason 'none', managed-type: 'external')
Dec 12 13:43:20 np0005557558.novalocal NetworkManager[861]: [1765565000.0053] device (tap25656b5a-69): state change: secondaries -> activated (reason 'none', managed-type: 'external')
Dec 12 13:43:20 np0005557558.novalocal NetworkManager[861]: [1765565000.0061] device (tap25656b5a-69): Activation: successful, device activated.
Dec 12 13:43:20 np0005557558.novalocal systemd[1]: iscsi.service: Unit cannot be reloaded because it is inactive.
Dec 12 13:43:21 np0005557558.novalocal container-server[96475]: ::1 - - [12/Dec/2025:18:43:21 +0000] "HEAD /1/204507/AUTH_9f41729c3600455b8ee569c968fa446b/gnocchi.5a648055-fe9f-4cf0-a34e-f5500291103e" 404 - "HEAD http://[::1]:8080/v1/AUTH_9f41729c3600455b8ee569c968fa446b/gnocchi.5a648055-fe9f-4cf0-a34e-f5500291103e" "tx6daccc78c7044ee5b55b5-00693c6249" "proxy-server 97771" 0.0005 "-" 96475 0
Dec 12 13:43:21 np0005557558.novalocal container-server[96475]: ::1 - - [12/Dec/2025:18:43:21 +0000] "HEAD /3/204507/AUTH_9f41729c3600455b8ee569c968fa446b/gnocchi.5a648055-fe9f-4cf0-a34e-f5500291103e" 404 - "HEAD http://[::1]:8080/v1/AUTH_9f41729c3600455b8ee569c968fa446b/gnocchi.5a648055-fe9f-4cf0-a34e-f5500291103e" "tx6daccc78c7044ee5b55b5-00693c6249" "proxy-server 97771" 0.0004 "-" 96475 0
Dec 12 13:43:21 np0005557558.novalocal container-server[96475]: ::1 - - [12/Dec/2025:18:43:21 +0000] "HEAD /2/204507/AUTH_9f41729c3600455b8ee569c968fa446b/gnocchi.5a648055-fe9f-4cf0-a34e-f5500291103e" 404 - "HEAD http://[::1]:8080/v1/AUTH_9f41729c3600455b8ee569c968fa446b/gnocchi.5a648055-fe9f-4cf0-a34e-f5500291103e" "tx6daccc78c7044ee5b55b5-00693c6249" "proxy-server 97771" 0.0004 "-" 96475 0
Dec 12 13:43:21 np0005557558.novalocal proxy-server[97771]: - - 12/Dec/2025/18/43/21 HEAD /v1/AUTH_9f41729c3600455b8ee569c968fa446b/gnocchi.5a648055-fe9f-4cf0-a34e-f5500291103e HTTP/1.0 404 - Swift - - - - tx6daccc78c7044ee5b55b5-00693c6249 - 0.0151 CS - 1765565001.854264498 1765565001.869354248 0
Dec 12 13:43:21 np0005557558.novalocal object-server[96772]: ::1 - - [12/Dec/2025:18:43:21 +0000] "GET /3/223462/AUTH_9f41729c3600455b8ee569c968fa446b/gnocchi.5a648055-fe9f-4cf0-a34e-f5500291103e/none_v3" 404 70 "GET https://[::1]:8080/v1/AUTH_9f41729c3600455b8ee569c968fa446b/gnocchi.5a648055-fe9f-4cf0-a34e-f5500291103e/none_v3" "tx6daccc78c7044ee5b55b5-00693c6249" "proxy-server 97771" 0.0006 "-" 96772 0
Dec 12 13:43:21 np0005557558.novalocal object-server[96771]: ::1 - - [12/Dec/2025:18:43:21 +0000] "GET /2/223462/AUTH_9f41729c3600455b8ee569c968fa446b/gnocchi.5a648055-fe9f-4cf0-a34e-f5500291103e/none_v3" 404 70 "GET https://[::1]:8080/v1/AUTH_9f41729c3600455b8ee569c968fa446b/gnocchi.5a648055-fe9f-4cf0-a34e-f5500291103e/none_v3" "tx6daccc78c7044ee5b55b5-00693c6249" "proxy-server 97771" 0.0008 "-" 96771 0
Dec 12 13:43:21 np0005557558.novalocal object-server[96771]: ::1 - - [12/Dec/2025:18:43:21 +0000] "GET /1/223462/AUTH_9f41729c3600455b8ee569c968fa446b/gnocchi.5a648055-fe9f-4cf0-a34e-f5500291103e/none_v3" 404 70 "GET https://[::1]:8080/v1/AUTH_9f41729c3600455b8ee569c968fa446b/gnocchi.5a648055-fe9f-4cf0-a34e-f5500291103e/none_v3" "tx6daccc78c7044ee5b55b5-00693c6249" "proxy-server 97771" 0.0002 "-" 96771 0
Dec 12 13:43:21 np0005557558.novalocal proxy-server[97771]: ::1 ::1 12/Dec/2025/18/43/21 GET /v1/AUTH_9f41729c3600455b8ee569c968fa446b/gnocchi.5a648055-fe9f-4cf0-a34e-f5500291103e/none_v3 HTTP/1.0 404 - python-swiftclient-4.7.0 gAAAAABpPGHN3vHt... - 70 - tx6daccc78c7044ee5b55b5-00693c6249 - 0.0428 - - 1765565001.852663517 1765565001.895414829 0
Dec 12 13:43:21 np0005557558.novalocal account-server[96174]: ::1 - - [12/Dec/2025:18:43:21 +0000] "PUT /3/24542/AUTH_9f41729c3600455b8ee569c968fa446b/gnocchi.5a648055-fe9f-4cf0-a34e-f5500291103e" 201 - "PUT http://[::1]:6001/3/204507/AUTH_9f41729c3600455b8ee569c968fa446b/gnocchi.5a648055-fe9f-4cf0-a34e-f5500291103e" "tx2642d2b49af74bd5bbd1c-00693c6249" "container-server 96475" 0.0014 "-" 96174 0
Dec 12 13:43:21 np0005557558.novalocal container-server[96475]: ::1 - - [12/Dec/2025:18:43:21 +0000] "PUT /3/204507/AUTH_9f41729c3600455b8ee569c968fa446b/gnocchi.5a648055-fe9f-4cf0-a34e-f5500291103e" 201 - "PUT https://[::1]:8080/v1/AUTH_9f41729c3600455b8ee569c968fa446b/gnocchi.5a648055-fe9f-4cf0-a34e-f5500291103e" "tx2642d2b49af74bd5bbd1c-00693c6249" "proxy-server 97771" 0.0157 "-" 96475 0
Dec 12 13:43:21 np0005557558.novalocal account-server[96174]: ::1 - - [12/Dec/2025:18:43:21 +0000] "PUT /2/24542/AUTH_9f41729c3600455b8ee569c968fa446b/gnocchi.5a648055-fe9f-4cf0-a34e-f5500291103e" 201 - "PUT http://[::1]:6001/1/204507/AUTH_9f41729c3600455b8ee569c968fa446b/gnocchi.5a648055-fe9f-4cf0-a34e-f5500291103e" "tx2642d2b49af74bd5bbd1c-00693c6249" "container-server 96474" 0.0010 "-" 96174 0
Dec 12 13:43:21 np0005557558.novalocal container-server[96474]: ::1 - - [12/Dec/2025:18:43:21 +0000] "PUT /1/204507/AUTH_9f41729c3600455b8ee569c968fa446b/gnocchi.5a648055-fe9f-4cf0-a34e-f5500291103e" 201 - "PUT https://[::1]:8080/v1/AUTH_9f41729c3600455b8ee569c968fa446b/gnocchi.5a648055-fe9f-4cf0-a34e-f5500291103e" "tx2642d2b49af74bd5bbd1c-00693c6249" "proxy-server 97771" 0.0291 "-" 96474 0
Dec 12 13:43:21 np0005557558.novalocal account-server[96174]: ::1 - - [12/Dec/2025:18:43:21 +0000] "PUT /1/24542/AUTH_9f41729c3600455b8ee569c968fa446b/gnocchi.5a648055-fe9f-4cf0-a34e-f5500291103e" 201 - "PUT http://[::1]:6001/2/204507/AUTH_9f41729c3600455b8ee569c968fa446b/gnocchi.5a648055-fe9f-4cf0-a34e-f5500291103e" "tx2642d2b49af74bd5bbd1c-00693c6249" "container-server 96474" 0.0009 "-" 96174 0
Dec 12 13:43:21 np0005557558.novalocal container-server[96474]: ::1 - - [12/Dec/2025:18:43:21 +0000] "PUT /2/204507/AUTH_9f41729c3600455b8ee569c968fa446b/gnocchi.5a648055-fe9f-4cf0-a34e-f5500291103e" 201 - "PUT https://[::1]:8080/v1/AUTH_9f41729c3600455b8ee569c968fa446b/gnocchi.5a648055-fe9f-4cf0-a34e-f5500291103e" "tx2642d2b49af74bd5bbd1c-00693c6249" "proxy-server 97771" 0.0160 "-" 96474 0
Dec 12 13:43:21 np0005557558.novalocal container-server[96474]: ::1 - - [12/Dec/2025:18:43:21 +0000] "HEAD /1/8773/AUTH_9f41729c3600455b8ee569c968fa446b/gnocchi.23804767-3d6a-4676-9799-a8a69655cbd1" 404 - "HEAD http://[::1]:8080/v1/AUTH_9f41729c3600455b8ee569c968fa446b/gnocchi.23804767-3d6a-4676-9799-a8a69655cbd1" "txd4abe94bc3db488ba96c1-00693c6249" "proxy-server 97772" 0.0003 "-" 96474 0
Dec 12 13:43:21 np0005557558.novalocal proxy-server[97771]: ::1 ::1 12/Dec/2025/18/43/21 PUT /v1/AUTH_9f41729c3600455b8ee569c968fa446b/gnocchi.5a648055-fe9f-4cf0-a34e-f5500291103e HTTP/1.0 201 - python-swiftclient-4.7.0 gAAAAABpPGHN3vHt... - - - tx2642d2b49af74bd5bbd1c-00693c6249 - 0.0406 - - 1765565001.899014473 1765565001.939588547 0
Dec 12 13:43:21 np0005557558.novalocal container-server[96474]: ::1 - - [12/Dec/2025:18:43:21 +0000] "HEAD /2/8773/AUTH_9f41729c3600455b8ee569c968fa446b/gnocchi.23804767-3d6a-4676-9799-a8a69655cbd1" 404 - "HEAD http://[::1]:8080/v1/AUTH_9f41729c3600455b8ee569c968fa446b/gnocchi.23804767-3d6a-4676-9799-a8a69655cbd1" "txd4abe94bc3db488ba96c1-00693c6249" "proxy-server 97772" 0.0003 "-" 96474 0
Dec 12 13:43:21 np0005557558.novalocal container-server[96474]: ::1 - - [12/Dec/2025:18:43:21 +0000] "HEAD /3/8773/AUTH_9f41729c3600455b8ee569c968fa446b/gnocchi.23804767-3d6a-4676-9799-a8a69655cbd1" 404 - "HEAD http://[::1]:8080/v1/AUTH_9f41729c3600455b8ee569c968fa446b/gnocchi.23804767-3d6a-4676-9799-a8a69655cbd1" "txd4abe94bc3db488ba96c1-00693c6249" "proxy-server 97772" 0.0003 "-" 96474 0
Dec 12 13:43:21 np0005557558.novalocal proxy-server[97772]: - - 12/Dec/2025/18/43/21 HEAD /v1/AUTH_9f41729c3600455b8ee569c968fa446b/gnocchi.23804767-3d6a-4676-9799-a8a69655cbd1 HTTP/1.0 404 - Swift - - - - txd4abe94bc3db488ba96c1-00693c6249 - 0.0086 CS - 1765565001.935371161 1765565001.943983555 0
Dec 12 13:43:21 np0005557558.novalocal object-server[96771]: ::1 - - [12/Dec/2025:18:43:21 +0000] "GET /2/169126/AUTH_9f41729c3600455b8ee569c968fa446b/gnocchi.23804767-3d6a-4676-9799-a8a69655cbd1/none_v3" 404 70 "GET https://[::1]:8080/v1/AUTH_9f41729c3600455b8ee569c968fa446b/gnocchi.23804767-3d6a-4676-9799-a8a69655cbd1/none_v3" "txd4abe94bc3db488ba96c1-00693c6249" "proxy-server 97772" 0.0006 "-" 96771 0
Dec 12 13:43:21 np0005557558.novalocal object-server[96772]: ::1 - - [12/Dec/2025:18:43:21 +0000] "GET /3/169126/AUTH_9f41729c3600455b8ee569c968fa446b/gnocchi.23804767-3d6a-4676-9799-a8a69655cbd1/none_v3" 404 70 "GET https://[::1]:8080/v1/AUTH_9f41729c3600455b8ee569c968fa446b/gnocchi.23804767-3d6a-4676-9799-a8a69655cbd1/none_v3" "txd4abe94bc3db488ba96c1-00693c6249" "proxy-server 97772" 0.0004 "-" 96772 0
Dec 12 13:43:21 np0005557558.novalocal object-server[96771]: ::1 - - [12/Dec/2025:18:43:21 +0000] "GET /1/169126/AUTH_9f41729c3600455b8ee569c968fa446b/gnocchi.23804767-3d6a-4676-9799-a8a69655cbd1/none_v3" 404 70 "GET https://[::1]:8080/v1/AUTH_9f41729c3600455b8ee569c968fa446b/gnocchi.23804767-3d6a-4676-9799-a8a69655cbd1/none_v3" "txd4abe94bc3db488ba96c1-00693c6249" "proxy-server 97772" 0.0002 "-" 96771 0
Dec 12 13:43:21 np0005557558.novalocal proxy-server[97772]: ::1 ::1 12/Dec/2025/18/43/21 GET /v1/AUTH_9f41729c3600455b8ee569c968fa446b/gnocchi.23804767-3d6a-4676-9799-a8a69655cbd1/none_v3 HTTP/1.0 404 - python-swiftclient-4.7.0 gAAAAABpPGHN1oGc... - 70 - txd4abe94bc3db488ba96c1-00693c6249 - 0.0260 - - 1765565001.934663057 1765565001.960620642 0
Dec 12 13:43:21 np0005557558.novalocal container-server[96475]: ::1 - - [12/Dec/2025:18:43:21 +0000] "HEAD /2/204507/AUTH_9f41729c3600455b8ee569c968fa446b/gnocchi.5a648055-fe9f-4cf0-a34e-f5500291103e" 204 - "HEAD http://[::1]:8080/v1/AUTH_9f41729c3600455b8ee569c968fa446b/gnocchi.5a648055-fe9f-4cf0-a34e-f5500291103e" "txb7cf01f0f97448bdb57a1-00693c6249" "proxy-server 97771" 0.0085 "-" 96475 0
Dec 12 13:43:21 np0005557558.novalocal proxy-server[97771]: - - 12/Dec/2025/18/43/21 HEAD /v1/AUTH_9f41729c3600455b8ee569c968fa446b/gnocchi.5a648055-fe9f-4cf0-a34e-f5500291103e HTTP/1.0 204 - Swift - - - - txb7cf01f0f97448bdb57a1-00693c6249 - 0.0223 CS - 1765565001.947911501 1765565001.970180273 0
Dec 12 13:43:21 np0005557558.novalocal container-server[96474]: ::1 - - [12/Dec/2025:18:43:21 +0000] "GET /2/204507/AUTH_9f41729c3600455b8ee569c968fa446b/gnocchi.5a648055-fe9f-4cf0-a34e-f5500291103e" 200 2 "GET https://[::1]:8080/v1/AUTH_9f41729c3600455b8ee569c968fa446b/gnocchi.5a648055-fe9f-4cf0-a34e-f5500291103e?format=json&states=listing" "txb7cf01f0f97448bdb57a1-00693c6249" "proxy-server 97771" 0.0026 "-" 96474 0
Dec 12 13:43:21 np0005557558.novalocal proxy-server[97771]: ::1 ::1 12/Dec/2025/18/43/21 GET /v1/AUTH_9f41729c3600455b8ee569c968fa446b/gnocchi.5a648055-fe9f-4cf0-a34e-f5500291103e%3Fformat%3Djson%26states%3Dlisting HTTP/1.0 200 - python-swiftclient-4.7.0 gAAAAABpPGHN3vHt... - 2 - txb7cf01f0f97448bdb57a1-00693c6249 - 0.0372 - - 1765565001.942500591 1765565001.979735136 0
Dec 12 13:43:21 np0005557558.novalocal object-server[96771]: ::1 - - [12/Dec/2025:18:43:21 +0000] "GET /1/48013/AUTH_9f41729c3600455b8ee569c968fa446b/gnocchi.5a648055-fe9f-4cf0-a34e-f5500291103e/1764720000.0_mean_300.0_v3" 404 70 "GET https://[::1]:8080/v1/AUTH_9f41729c3600455b8ee569c968fa446b/gnocchi.5a648055-fe9f-4cf0-a34e-f5500291103e/1764720000.0_mean_300.0_v3" "txd964c50088ac41aba9750-00693c6249" "proxy-server 97771" 0.0004 "-" 96771 0
Dec 12 13:43:21 np0005557558.novalocal object-server[96772]: ::1 - - [12/Dec/2025:18:43:21 +0000] "GET /3/48013/AUTH_9f41729c3600455b8ee569c968fa446b/gnocchi.5a648055-fe9f-4cf0-a34e-f5500291103e/1764720000.0_mean_300.0_v3" 404 70 "GET https://[::1]:8080/v1/AUTH_9f41729c3600455b8ee569c968fa446b/gnocchi.5a648055-fe9f-4cf0-a34e-f5500291103e/1764720000.0_mean_300.0_v3" "txd964c50088ac41aba9750-00693c6249" "proxy-server 97771" 0.0003 "-" 96772 0
Dec 12 13:43:21 np0005557558.novalocal account-server[96175]: ::1 - - [12/Dec/2025:18:43:21 +0000] "PUT /2/24542/AUTH_9f41729c3600455b8ee569c968fa446b/gnocchi.23804767-3d6a-4676-9799-a8a69655cbd1" 201 - "PUT http://[::1]:6001/3/8773/AUTH_9f41729c3600455b8ee569c968fa446b/gnocchi.23804767-3d6a-4676-9799-a8a69655cbd1" "tx2c40241684484781b49e9-00693c6249" "container-server 96475" 0.0063 "-" 96175 0
Dec 12 13:43:21 np0005557558.novalocal container-server[96475]: ::1 - - [12/Dec/2025:18:43:21 +0000] "PUT /3/8773/AUTH_9f41729c3600455b8ee569c968fa446b/gnocchi.23804767-3d6a-4676-9799-a8a69655cbd1" 201 - "PUT https://[::1]:8080/v1/AUTH_9f41729c3600455b8ee569c968fa446b/gnocchi.23804767-3d6a-4676-9799-a8a69655cbd1" "tx2c40241684484781b49e9-00693c6249" "proxy-server 97772" 0.0172 "-" 96475 0
Dec 12 13:43:21 np0005557558.novalocal object-server[96772]: ::1 - - [12/Dec/2025:18:43:21 +0000] "GET /2/48013/AUTH_9f41729c3600455b8ee569c968fa446b/gnocchi.5a648055-fe9f-4cf0-a34e-f5500291103e/1764720000.0_mean_300.0_v3" 404 70 "GET https://[::1]:8080/v1/AUTH_9f41729c3600455b8ee569c968fa446b/gnocchi.5a648055-fe9f-4cf0-a34e-f5500291103e/1764720000.0_mean_300.0_v3" "txd964c50088ac41aba9750-00693c6249" "proxy-server 97771" 0.0002 "-" 96772 0
Dec 12 13:43:21 np0005557558.novalocal proxy-server[97771]: ::1 ::1 12/Dec/2025/18/43/21 GET /v1/AUTH_9f41729c3600455b8ee569c968fa446b/gnocchi.5a648055-fe9f-4cf0-a34e-f5500291103e/1764720000.0_mean_300.0_v3 HTTP/1.0 404 - python-swiftclient-4.7.0 gAAAAABpPGHN3vHt... - 70 - txd964c50088ac41aba9750-00693c6249 - 0.0138 - - 1765565001.982860804 1765565001.996704817 0
Dec 12 13:43:21 np0005557558.novalocal account-server[96174]: ::1 - - [12/Dec/2025:18:43:21 +0000] "PUT /3/24542/AUTH_9f41729c3600455b8ee569c968fa446b/gnocchi.23804767-3d6a-4676-9799-a8a69655cbd1" 201 - "PUT http://[::1]:6001/2/8773/AUTH_9f41729c3600455b8ee569c968fa446b/gnocchi.23804767-3d6a-4676-9799-a8a69655cbd1" "tx2c40241684484781b49e9-00693c6249" "container-server 96474" 0.0035 "-" 96174 0
Dec 12 13:43:21 np0005557558.novalocal container-server[96474]: ::1 - - [12/Dec/2025:18:43:21 +0000] "PUT /2/8773/AUTH_9f41729c3600455b8ee569c968fa446b/gnocchi.23804767-3d6a-4676-9799-a8a69655cbd1" 201 - "PUT https://[::1]:8080/v1/AUTH_9f41729c3600455b8ee569c968fa446b/gnocchi.23804767-3d6a-4676-9799-a8a69655cbd1" "tx2c40241684484781b49e9-00693c6249" "proxy-server 97772" 0.0203 "-" 96474 0
Dec 12 13:43:22 np0005557558.novalocal account-server[96174]: ::1 - - [12/Dec/2025:18:43:22 +0000] "PUT /1/24542/AUTH_9f41729c3600455b8ee569c968fa446b/gnocchi.23804767-3d6a-4676-9799-a8a69655cbd1" 201 - "PUT http://[::1]:6001/1/8773/AUTH_9f41729c3600455b8ee569c968fa446b/gnocchi.23804767-3d6a-4676-9799-a8a69655cbd1" "tx2c40241684484781b49e9-00693c6249" "container-server 96474" 0.0031 "-" 96174 0
Dec 12 13:43:22 np0005557558.novalocal container-server[96474]: ::1 - - [12/Dec/2025:18:43:22 +0000] "PUT /1/8773/AUTH_9f41729c3600455b8ee569c968fa446b/gnocchi.23804767-3d6a-4676-9799-a8a69655cbd1" 201 - "PUT https://[::1]:8080/v1/AUTH_9f41729c3600455b8ee569c968fa446b/gnocchi.23804767-3d6a-4676-9799-a8a69655cbd1" "tx2c40241684484781b49e9-00693c6249" "proxy-server 97772" 0.0165 "-" 96474 0
Dec 12 13:43:22 np0005557558.novalocal proxy-server[97772]: ::1 ::1 12/Dec/2025/18/43/22 PUT /v1/AUTH_9f41729c3600455b8ee569c968fa446b/gnocchi.23804767-3d6a-4676-9799-a8a69655cbd1 HTTP/1.0 201 - python-swiftclient-4.7.0 gAAAAABpPGHN1oGc... - - - tx2c40241684484781b49e9-00693c6249 - 0.0389 - - 1765565001.964763880 1765565002.003635168 0
Dec 12 13:43:22 np0005557558.novalocal container-server[96474]: ::1 - - [12/Dec/2025:18:43:22 +0000] "HEAD /1/8773/AUTH_9f41729c3600455b8ee569c968fa446b/gnocchi.23804767-3d6a-4676-9799-a8a69655cbd1" 204 - "HEAD http://[::1]:8080/v1/AUTH_9f41729c3600455b8ee569c968fa446b/gnocchi.23804767-3d6a-4676-9799-a8a69655cbd1" "txd1007d444212476890691-00693c624a" "proxy-server 97772" 0.0011 "-" 96474 0
Dec 12 13:43:22 np0005557558.novalocal proxy-server[97772]: - - 12/Dec/2025/18/43/22 HEAD /v1/AUTH_9f41729c3600455b8ee569c968fa446b/gnocchi.23804767-3d6a-4676-9799-a8a69655cbd1 HTTP/1.0 204 - Swift - - - - txd1007d444212476890691-00693c624a - 0.0038 CS - 1765565002.007237434 1765565002.011070967 0
Dec 12 13:43:22 np0005557558.novalocal container-server[96475]: ::1 - - [12/Dec/2025:18:43:22 +0000] "PUT /2/204507/AUTH_9f41729c3600455b8ee569c968fa446b/gnocchi.5a648055-fe9f-4cf0-a34e-f5500291103e/1764720000.0_mean_300.0_v3" 201 - "PUT http://[::1]:8080/2/48013/AUTH_9f41729c3600455b8ee569c968fa446b/gnocchi.5a648055-fe9f-4cf0-a34e-f5500291103e/1764720000.0_mean_300.0_v3" "tx97575b6b159e464a84c35-00693c6249" "object-server 96772" 0.0006 "-" 96475 0
Dec 12 13:43:22 np0005557558.novalocal container-server[96474]: ::1 - - [12/Dec/2025:18:43:22 +0000] "GET /3/8773/AUTH_9f41729c3600455b8ee569c968fa446b/gnocchi.23804767-3d6a-4676-9799-a8a69655cbd1" 200 2 "GET https://[::1]:8080/v1/AUTH_9f41729c3600455b8ee569c968fa446b/gnocchi.23804767-3d6a-4676-9799-a8a69655cbd1?format=json&states=listing" "txd1007d444212476890691-00693c624a" "proxy-server 97772" 0.0024 "-" 96474 0
Dec 12 13:43:22 np0005557558.novalocal container-server[96475]: ::1 - - [12/Dec/2025:18:43:22 +0000] "PUT /1/204507/AUTH_9f41729c3600455b8ee569c968fa446b/gnocchi.5a648055-fe9f-4cf0-a34e-f5500291103e/1764720000.0_mean_300.0_v3" 201 - "PUT http://[::1]:8080/1/48013/AUTH_9f41729c3600455b8ee569c968fa446b/gnocchi.5a648055-fe9f-4cf0-a34e-f5500291103e/1764720000.0_mean_300.0_v3" "tx97575b6b159e464a84c35-00693c6249" "object-server 96771" 0.0003 "-" 96475 0
Dec 12 13:43:22 np0005557558.novalocal container-server[96474]: ::1 - - [12/Dec/2025:18:43:22 +0000] "PUT /3/204507/AUTH_9f41729c3600455b8ee569c968fa446b/gnocchi.5a648055-fe9f-4cf0-a34e-f5500291103e/1764720000.0_mean_300.0_v3" 201 - "PUT http://[::1]:8080/3/48013/AUTH_9f41729c3600455b8ee569c968fa446b/gnocchi.5a648055-fe9f-4cf0-a34e-f5500291103e/1764720000.0_mean_300.0_v3" "tx97575b6b159e464a84c35-00693c6249" "object-server 96771" 0.0005 "-" 96474 0
Dec 12 13:43:22 np0005557558.novalocal proxy-server[97772]: ::1 ::1 12/Dec/2025/18/43/22 GET /v1/AUTH_9f41729c3600455b8ee569c968fa446b/gnocchi.23804767-3d6a-4676-9799-a8a69655cbd1%3Fformat%3Djson%26states%3Dlisting HTTP/1.0 200 - python-swiftclient-4.7.0 gAAAAABpPGHN1oGc... - 2 - txd1007d444212476890691-00693c624a - 0.0115 - - 1765565002.006788254 1765565002.018243313 0
Dec 12 13:43:22 np0005557558.novalocal object-server[96771]: ::1 - - [12/Dec/2025:18:43:22 +0000] "PUT /1/48013/AUTH_9f41729c3600455b8ee569c968fa446b/gnocchi.5a648055-fe9f-4cf0-a34e-f5500291103e/1764720000.0_mean_300.0_v3" 201 - "PUT https://[::1]:8080/v1/AUTH_9f41729c3600455b8ee569c968fa446b/gnocchi.5a648055-fe9f-4cf0-a34e-f5500291103e/1764720000.0_mean_300.0_v3" "tx97575b6b159e464a84c35-00693c6249" "proxy-server 97771" 0.0119 "-" 96771 0
Dec 12 13:43:22 np0005557558.novalocal object-server[96772]: ::1 - - [12/Dec/2025:18:43:22 +0000] "PUT /2/48013/AUTH_9f41729c3600455b8ee569c968fa446b/gnocchi.5a648055-fe9f-4cf0-a34e-f5500291103e/1764720000.0_mean_300.0_v3" 201 - "PUT https://[::1]:8080/v1/AUTH_9f41729c3600455b8ee569c968fa446b/gnocchi.5a648055-fe9f-4cf0-a34e-f5500291103e/1764720000.0_mean_300.0_v3" "tx97575b6b159e464a84c35-00693c6249" "proxy-server 97771" 0.0111 "-" 96772 0
Dec 12 13:43:22 np0005557558.novalocal object-server[96771]: ::1 - - [12/Dec/2025:18:43:22 +0000] "PUT /3/48013/AUTH_9f41729c3600455b8ee569c968fa446b/gnocchi.5a648055-fe9f-4cf0-a34e-f5500291103e/1764720000.0_mean_300.0_v3" 201 - "PUT https://[::1]:8080/v1/AUTH_9f41729c3600455b8ee569c968fa446b/gnocchi.5a648055-fe9f-4cf0-a34e-f5500291103e/1764720000.0_mean_300.0_v3" "tx97575b6b159e464a84c35-00693c6249" "proxy-server 97771" 0.0113 "-" 96771 0
Dec 12 13:43:22 np0005557558.novalocal proxy-server[97771]: ::1 ::1 12/Dec/2025/18/43/22 PUT /v1/AUTH_9f41729c3600455b8ee569c968fa446b/gnocchi.5a648055-fe9f-4cf0-a34e-f5500291103e/1764720000.0_mean_300.0_v3 HTTP/1.0 201 - python-swiftclient-4.7.0 gAAAAABpPGHN3vHt... 16 - - tx97575b6b159e464a84c35-00693c6249 - 0.0210 - - 1765565001.999292850 1765565002.020281076 0
Dec 12 13:43:22 np0005557558.novalocal object-server[96772]: ::1 - - [12/Dec/2025:18:43:22 +0000] "GET /3/169016/AUTH_9f41729c3600455b8ee569c968fa446b/gnocchi.23804767-3d6a-4676-9799-a8a69655cbd1/1764720000.0_mean_300.0_v3" 404 70 "GET https://[::1]:8080/v1/AUTH_9f41729c3600455b8ee569c968fa446b/gnocchi.23804767-3d6a-4676-9799-a8a69655cbd1/1764720000.0_mean_300.0_v3" "tx68aec1e88f70466b8e023-00693c624a" "proxy-server 97772" 0.0004 "-" 96772 0
Dec 12 13:43:22 np0005557558.novalocal object-server[96772]: ::1 - - [12/Dec/2025:18:43:22 +0000] "GET /2/169016/AUTH_9f41729c3600455b8ee569c968fa446b/gnocchi.23804767-3d6a-4676-9799-a8a69655cbd1/1764720000.0_mean_300.0_v3" 404 70 "GET https://[::1]:8080/v1/AUTH_9f41729c3600455b8ee569c968fa446b/gnocchi.23804767-3d6a-4676-9799-a8a69655cbd1/1764720000.0_mean_300.0_v3" "tx68aec1e88f70466b8e023-00693c624a" "proxy-server 97772" 0.0002 "-" 96772 0
Dec 12 13:43:22 np0005557558.novalocal object-server[96771]: ::1 - - [12/Dec/2025:18:43:22 +0000] "GET /1/169016/AUTH_9f41729c3600455b8ee569c968fa446b/gnocchi.23804767-3d6a-4676-9799-a8a69655cbd1/1764720000.0_mean_300.0_v3" 404 70 "GET https://[::1]:8080/v1/AUTH_9f41729c3600455b8ee569c968fa446b/gnocchi.23804767-3d6a-4676-9799-a8a69655cbd1/1764720000.0_mean_300.0_v3" "tx68aec1e88f70466b8e023-00693c624a" "proxy-server 97772" 0.0004 "-" 96771 0
Dec 12 13:43:22 np0005557558.novalocal proxy-server[97772]: ::1 ::1 12/Dec/2025/18/43/22 GET /v1/AUTH_9f41729c3600455b8ee569c968fa446b/gnocchi.23804767-3d6a-4676-9799-a8a69655cbd1/1764720000.0_mean_300.0_v3 HTTP/1.0 404 - python-swiftclient-4.7.0 gAAAAABpPGHN1oGc... - 70 - tx68aec1e88f70466b8e023-00693c624a - 0.0096 - - 1765565002.021289825 1765565002.030915737 0
Dec 12 13:43:22 np0005557558.novalocal container-server[96475]: ::1 - - [12/Dec/2025:18:43:22 +0000] "PUT /3/204507/AUTH_9f41729c3600455b8ee569c968fa446b/gnocchi.5a648055-fe9f-4cf0-a34e-f5500291103e/none_v3" 201 - "PUT http://[::1]:8080/1/223462/AUTH_9f41729c3600455b8ee569c968fa446b/gnocchi.5a648055-fe9f-4cf0-a34e-f5500291103e/none_v3" "tx7fc1dab534704182a62f7-00693c624a" "object-server 96771" 0.0005 "-" 96475 0
Dec 12 13:43:22 np0005557558.novalocal object-server[96771]: ::1 - - [12/Dec/2025:18:43:22 +0000] "PUT /1/223462/AUTH_9f41729c3600455b8ee569c968fa446b/gnocchi.5a648055-fe9f-4cf0-a34e-f5500291103e/none_v3" 201 - "PUT https://[::1]:8080/v1/AUTH_9f41729c3600455b8ee569c968fa446b/gnocchi.5a648055-fe9f-4cf0-a34e-f5500291103e/none_v3" "tx7fc1dab534704182a62f7-00693c624a" "proxy-server 97771" 0.0154 "-" 96771 0
Dec 12 13:43:22 np0005557558.novalocal container-server[96474]: ::1 - - [12/Dec/2025:18:43:22 +0000] "PUT /3/8773/AUTH_9f41729c3600455b8ee569c968fa446b/gnocchi.23804767-3d6a-4676-9799-a8a69655cbd1/1764720000.0_mean_300.0_v3" 201 - "PUT http://[::1]:8080/2/169016/AUTH_9f41729c3600455b8ee569c968fa446b/gnocchi.23804767-3d6a-4676-9799-a8a69655cbd1/1764720000.0_mean_300.0_v3" "txc77ed02d8d8d4e528dd4e-00693c624a" "object-server 96772" 0.0004 "-" 96474 0
Dec 12 13:43:22 np0005557558.novalocal object-server[96772]: ::1 - - [12/Dec/2025:18:43:22 +0000] "PUT /2/169016/AUTH_9f41729c3600455b8ee569c968fa446b/gnocchi.23804767-3d6a-4676-9799-a8a69655cbd1/1764720000.0_mean_300.0_v3" 201 - "PUT https://[::1]:8080/v1/AUTH_9f41729c3600455b8ee569c968fa446b/gnocchi.23804767-3d6a-4676-9799-a8a69655cbd1/1764720000.0_mean_300.0_v3" "txc77ed02d8d8d4e528dd4e-00693c624a" "proxy-server 97772" 0.0130 "-" 96772 0
Dec 12 13:43:22 np0005557558.novalocal container-server[96475]: ::1 - - [12/Dec/2025:18:43:22 +0000] "PUT /1/204507/AUTH_9f41729c3600455b8ee569c968fa446b/gnocchi.5a648055-fe9f-4cf0-a34e-f5500291103e/none_v3" 201 - "PUT http://[::1]:8080/3/223462/AUTH_9f41729c3600455b8ee569c968fa446b/gnocchi.5a648055-fe9f-4cf0-a34e-f5500291103e/none_v3" "tx7fc1dab534704182a62f7-00693c624a" "object-server 96772" 0.0023 "-" 96475 0
Dec 12 13:43:22 np0005557558.novalocal container-server[96474]: ::1 - - [12/Dec/2025:18:43:22 +0000] "PUT /1/8773/AUTH_9f41729c3600455b8ee569c968fa446b/gnocchi.23804767-3d6a-4676-9799-a8a69655cbd1/1764720000.0_mean_300.0_v3" 201 - "PUT http://[::1]:8080/3/169016/AUTH_9f41729c3600455b8ee569c968fa446b/gnocchi.23804767-3d6a-4676-9799-a8a69655cbd1/1764720000.0_mean_300.0_v3" "txc77ed02d8d8d4e528dd4e-00693c624a" "object-server 96772" 0.0004 "-" 96474 0
Dec 12 13:43:22 np0005557558.novalocal object-server[96772]: ::1 - - [12/Dec/2025:18:43:22 +0000] "PUT /3/223462/AUTH_9f41729c3600455b8ee569c968fa446b/gnocchi.5a648055-fe9f-4cf0-a34e-f5500291103e/none_v3" 201 - "PUT https://[::1]:8080/v1/AUTH_9f41729c3600455b8ee569c968fa446b/gnocchi.5a648055-fe9f-4cf0-a34e-f5500291103e/none_v3" "tx7fc1dab534704182a62f7-00693c624a" "proxy-server 97771" 0.0178 "-" 96772 0
Dec 12 13:43:22 np0005557558.novalocal container-server[96475]: ::1 - - [12/Dec/2025:18:43:22 +0000] "PUT /2/204507/AUTH_9f41729c3600455b8ee569c968fa446b/gnocchi.5a648055-fe9f-4cf0-a34e-f5500291103e/none_v3" 201 - "PUT http://[::1]:8080/2/223462/AUTH_9f41729c3600455b8ee569c968fa446b/gnocchi.5a648055-fe9f-4cf0-a34e-f5500291103e/none_v3" "tx7fc1dab534704182a62f7-00693c624a" "object-server 96772" 0.0003 "-" 96475 0
Dec 12 13:43:22 np0005557558.novalocal container-server[96474]: ::1 - - [12/Dec/2025:18:43:22 +0000] "PUT /2/8773/AUTH_9f41729c3600455b8ee569c968fa446b/gnocchi.23804767-3d6a-4676-9799-a8a69655cbd1/1764720000.0_mean_300.0_v3" 201 - "PUT http://[::1]:8080/1/169016/AUTH_9f41729c3600455b8ee569c968fa446b/gnocchi.23804767-3d6a-4676-9799-a8a69655cbd1/1764720000.0_mean_300.0_v3" "txc77ed02d8d8d4e528dd4e-00693c624a" "object-server 96771" 0.0004 "-" 96474 0
Dec 12 13:43:22 np0005557558.novalocal object-server[96772]: ::1 - - [12/Dec/2025:18:43:22 +0000] "PUT /3/169016/AUTH_9f41729c3600455b8ee569c968fa446b/gnocchi.23804767-3d6a-4676-9799-a8a69655cbd1/1764720000.0_mean_300.0_v3" 201 - "PUT https://[::1]:8080/v1/AUTH_9f41729c3600455b8ee569c968fa446b/gnocchi.23804767-3d6a-4676-9799-a8a69655cbd1/1764720000.0_mean_300.0_v3" "txc77ed02d8d8d4e528dd4e-00693c624a" "proxy-server 97772" 0.0127 "-" 96772 0
Dec 12 13:43:22 np0005557558.novalocal object-server[96771]: ::1 - - [12/Dec/2025:18:43:22 +0000] "PUT /1/169016/AUTH_9f41729c3600455b8ee569c968fa446b/gnocchi.23804767-3d6a-4676-9799-a8a69655cbd1/1764720000.0_mean_300.0_v3" 201 - "PUT https://[::1]:8080/v1/AUTH_9f41729c3600455b8ee569c968fa446b/gnocchi.23804767-3d6a-4676-9799-a8a69655cbd1/1764720000.0_mean_300.0_v3" "txc77ed02d8d8d4e528dd4e-00693c624a" "proxy-server 97772" 0.0156 "-" 96771 0
Dec 12 13:43:22 np0005557558.novalocal object-server[96772]: ::1 - - [12/Dec/2025:18:43:22 +0000] "PUT /2/223462/AUTH_9f41729c3600455b8ee569c968fa446b/gnocchi.5a648055-fe9f-4cf0-a34e-f5500291103e/none_v3" 201 - "PUT https://[::1]:8080/v1/AUTH_9f41729c3600455b8ee569c968fa446b/gnocchi.5a648055-fe9f-4cf0-a34e-f5500291103e/none_v3" "tx7fc1dab534704182a62f7-00693c624a" "proxy-server 97771" 0.0213 "-" 96772 0
Dec 12 13:43:22 np0005557558.novalocal proxy-server[97772]: ::1 ::1 12/Dec/2025/18/43/22 PUT /v1/AUTH_9f41729c3600455b8ee569c968fa446b/gnocchi.23804767-3d6a-4676-9799-a8a69655cbd1/1764720000.0_mean_300.0_v3 HTTP/1.0 201 - python-swiftclient-4.7.0 gAAAAABpPGHN1oGc... 16 - - txc77ed02d8d8d4e528dd4e-00693c624a - 0.0211 - - 1765565002.032654285 1765565002.053768873 0
Dec 12 13:43:22 np0005557558.novalocal proxy-server[97771]: ::1 ::1 12/Dec/2025/18/43/22 PUT /v1/AUTH_9f41729c3600455b8ee569c968fa446b/gnocchi.5a648055-fe9f-4cf0-a34e-f5500291103e/none_v3 HTTP/1.0 201 - python-swiftclient-4.7.0 gAAAAABpPGHN3vHt... 22 - - tx7fc1dab534704182a62f7-00693c624a - 0.0308 - - 1765565002.024247408 1765565002.055082560 0
Dec 12 13:43:22 np0005557558.novalocal container-server[96474]: ::1 - - [12/Dec/2025:18:43:22 +0000] "PUT /3/8773/AUTH_9f41729c3600455b8ee569c968fa446b/gnocchi.23804767-3d6a-4676-9799-a8a69655cbd1/none_v3" 201 - "PUT http://[::1]:8080/2/169126/AUTH_9f41729c3600455b8ee569c968fa446b/gnocchi.23804767-3d6a-4676-9799-a8a69655cbd1/none_v3" "tx1da740a3fea946baa0e56-00693c624a" "object-server 96771" 0.0004 "-" 96474 0
Dec 12 13:43:22 np0005557558.novalocal container-server[96475]: ::1 - - [12/Dec/2025:18:43:22 +0000] "PUT /2/8773/AUTH_9f41729c3600455b8ee569c968fa446b/gnocchi.23804767-3d6a-4676-9799-a8a69655cbd1/none_v3" 201 - "PUT http://[::1]:8080/1/169126/AUTH_9f41729c3600455b8ee569c968fa446b/gnocchi.23804767-3d6a-4676-9799-a8a69655cbd1/none_v3" "tx1da740a3fea946baa0e56-00693c624a" "object-server 96771" 0.0011 "-" 96475 0
Dec 12 13:43:22 np0005557558.novalocal object-server[96771]: ::1 - - [12/Dec/2025:18:43:22 +0000] "PUT /1/169126/AUTH_9f41729c3600455b8ee569c968fa446b/gnocchi.23804767-3d6a-4676-9799-a8a69655cbd1/none_v3" 201 - "PUT https://[::1]:8080/v1/AUTH_9f41729c3600455b8ee569c968fa446b/gnocchi.23804767-3d6a-4676-9799-a8a69655cbd1/none_v3" "tx1da740a3fea946baa0e56-00693c624a" "proxy-server 97772" 0.0189 "-" 96771 0
Dec 12 13:43:22 np0005557558.novalocal object-server[96771]: ::1 - - [12/Dec/2025:18:43:22 +0000] "PUT /2/169126/AUTH_9f41729c3600455b8ee569c968fa446b/gnocchi.23804767-3d6a-4676-9799-a8a69655cbd1/none_v3" 201 - "PUT https://[::1]:8080/v1/AUTH_9f41729c3600455b8ee569c968fa446b/gnocchi.23804767-3d6a-4676-9799-a8a69655cbd1/none_v3" "tx1da740a3fea946baa0e56-00693c624a" "proxy-server 97772" 0.0227 "-" 96771 0
Dec 12 13:43:22 np0005557558.novalocal container-server[96475]: ::1 - - [12/Dec/2025:18:43:22 +0000] "PUT /1/8773/AUTH_9f41729c3600455b8ee569c968fa446b/gnocchi.23804767-3d6a-4676-9799-a8a69655cbd1/none_v3" 201 - "PUT http://[::1]:8080/3/169126/AUTH_9f41729c3600455b8ee569c968fa446b/gnocchi.23804767-3d6a-4676-9799-a8a69655cbd1/none_v3" "tx1da740a3fea946baa0e56-00693c624a" "object-server 96771" 0.0006 "-" 96475 0
Dec 12 13:43:22 np0005557558.novalocal object-server[96771]: ::1 - - [12/Dec/2025:18:43:22 +0000] "PUT /3/169126/AUTH_9f41729c3600455b8ee569c968fa446b/gnocchi.23804767-3d6a-4676-9799-a8a69655cbd1/none_v3" 201 - "PUT https://[::1]:8080/v1/AUTH_9f41729c3600455b8ee569c968fa446b/gnocchi.23804767-3d6a-4676-9799-a8a69655cbd1/none_v3" "tx1da740a3fea946baa0e56-00693c624a" "proxy-server 97772" 0.0227 "-" 96771 0
Dec 12 13:43:22 np0005557558.novalocal proxy-server[97772]: ::1 ::1 12/Dec/2025/18/43/22 PUT /v1/AUTH_9f41729c3600455b8ee569c968fa446b/gnocchi.23804767-3d6a-4676-9799-a8a69655cbd1/none_v3 HTTP/1.0 201 - python-swiftclient-4.7.0 gAAAAABpPGHN1oGc... 22 - - tx1da740a3fea946baa0e56-00693c624a - 0.0348 - - 1765565002.072855473 1765565002.107686758 0
Dec 12 13:43:22 np0005557558.novalocal container-server[96475]: ::1 - - [12/Dec/2025:18:43:22 +0000] "HEAD /2/95901/AUTH_9f41729c3600455b8ee569c968fa446b/gnocchi.b4a1ea35-69ac-4da3-9ddd-7c112ae4866f" 404 - "HEAD http://[::1]:8080/v1/AUTH_9f41729c3600455b8ee569c968fa446b/gnocchi.b4a1ea35-69ac-4da3-9ddd-7c112ae4866f" "tx600e478b7cf845ff9fcfe-00693c624a" "proxy-server 97771" 0.0003 "-" 96475 0
Dec 12 13:43:22 np0005557558.novalocal container-server[96475]: ::1 - - [12/Dec/2025:18:43:22 +0000] "HEAD /3/95901/AUTH_9f41729c3600455b8ee569c968fa446b/gnocchi.b4a1ea35-69ac-4da3-9ddd-7c112ae4866f" 404 - "HEAD http://[::1]:8080/v1/AUTH_9f41729c3600455b8ee569c968fa446b/gnocchi.b4a1ea35-69ac-4da3-9ddd-7c112ae4866f" "tx600e478b7cf845ff9fcfe-00693c624a" "proxy-server 97771" 0.0002 "-" 96475 0
Dec 12 13:43:22 np0005557558.novalocal container-server[96474]: ::1 - - [12/Dec/2025:18:43:22 +0000] "HEAD /1/95901/AUTH_9f41729c3600455b8ee569c968fa446b/gnocchi.b4a1ea35-69ac-4da3-9ddd-7c112ae4866f" 404 - "HEAD http://[::1]:8080/v1/AUTH_9f41729c3600455b8ee569c968fa446b/gnocchi.b4a1ea35-69ac-4da3-9ddd-7c112ae4866f" "tx600e478b7cf845ff9fcfe-00693c624a" "proxy-server 97771" 0.0003 "-" 96474 0
Dec 12 13:43:22 np0005557558.novalocal proxy-server[97771]: - - 12/Dec/2025/18/43/22 HEAD /v1/AUTH_9f41729c3600455b8ee569c968fa446b/gnocchi.b4a1ea35-69ac-4da3-9ddd-7c112ae4866f HTTP/1.0 404 - Swift - - - - tx600e478b7cf845ff9fcfe-00693c624a - 0.0076 CS - 1765565002.132109165 1765565002.139664173 0
Dec 12 13:43:22 np0005557558.novalocal object-server[96772]: ::1 - - [12/Dec/2025:18:43:22 +0000] "GET /2/90815/AUTH_9f41729c3600455b8ee569c968fa446b/gnocchi.b4a1ea35-69ac-4da3-9ddd-7c112ae4866f/none_v3" 404 70 "GET https://[::1]:8080/v1/AUTH_9f41729c3600455b8ee569c968fa446b/gnocchi.b4a1ea35-69ac-4da3-9ddd-7c112ae4866f/none_v3" "tx600e478b7cf845ff9fcfe-00693c624a" "proxy-server 97771" 0.0003 "-" 96772 0
Dec 12 13:43:22 np0005557558.novalocal object-server[96771]: ::1 - - [12/Dec/2025:18:43:22 +0000] "GET /3/90815/AUTH_9f41729c3600455b8ee569c968fa446b/gnocchi.b4a1ea35-69ac-4da3-9ddd-7c112ae4866f/none_v3" 404 70 "GET https://[::1]:8080/v1/AUTH_9f41729c3600455b8ee569c968fa446b/gnocchi.b4a1ea35-69ac-4da3-9ddd-7c112ae4866f/none_v3" "tx600e478b7cf845ff9fcfe-00693c624a" "proxy-server 97771" 0.0003 "-" 96771 0
Dec 12 13:43:22 np0005557558.novalocal object-server[96772]: ::1 - - [12/Dec/2025:18:43:22 +0000] "GET /1/90815/AUTH_9f41729c3600455b8ee569c968fa446b/gnocchi.b4a1ea35-69ac-4da3-9ddd-7c112ae4866f/none_v3" 404 70 "GET https://[::1]:8080/v1/AUTH_9f41729c3600455b8ee569c968fa446b/gnocchi.b4a1ea35-69ac-4da3-9ddd-7c112ae4866f/none_v3" "tx600e478b7cf845ff9fcfe-00693c624a" "proxy-server 97771" 0.0002 "-" 96772 0
Dec 12 13:43:22 np0005557558.novalocal proxy-server[97771]: ::1 ::1 12/Dec/2025/18/43/22 GET /v1/AUTH_9f41729c3600455b8ee569c968fa446b/gnocchi.b4a1ea35-69ac-4da3-9ddd-7c112ae4866f/none_v3 HTTP/1.0 404 - python-swiftclient-4.7.0 gAAAAABpPGHN3vHt... - 70 - tx600e478b7cf845ff9fcfe-00693c624a - 0.0239 - - 1765565002.131503105 1765565002.155353308 0
Dec 12 13:43:22 np0005557558.novalocal account-server[96174]: ::1 - - [12/Dec/2025:18:43:22 +0000] "PUT /2/24542/AUTH_9f41729c3600455b8ee569c968fa446b/gnocchi.b4a1ea35-69ac-4da3-9ddd-7c112ae4866f" 201 - "PUT http://[::1]:6001/3/95901/AUTH_9f41729c3600455b8ee569c968fa446b/gnocchi.b4a1ea35-69ac-4da3-9ddd-7c112ae4866f" "tx21c361ed0cf949e1be486-00693c624a" "container-server 96475" 0.0040 "-" 96174 0
Dec 12 13:43:22 np0005557558.novalocal container-server[96475]: ::1 - - [12/Dec/2025:18:43:22 +0000] "PUT /3/95901/AUTH_9f41729c3600455b8ee569c968fa446b/gnocchi.b4a1ea35-69ac-4da3-9ddd-7c112ae4866f" 201 - "PUT https://[::1]:8080/v1/AUTH_9f41729c3600455b8ee569c968fa446b/gnocchi.b4a1ea35-69ac-4da3-9ddd-7c112ae4866f" "tx21c361ed0cf949e1be486-00693c624a" "proxy-server 97771" 0.0129 "-" 96475 0
Dec 12 13:43:22 np0005557558.novalocal account-server[96174]: ::1 - - [12/Dec/2025:18:43:22 +0000] "PUT /3/24542/AUTH_9f41729c3600455b8ee569c968fa446b/gnocchi.b4a1ea35-69ac-4da3-9ddd-7c112ae4866f" 201 - "PUT http://[::1]:6001/2/95901/AUTH_9f41729c3600455b8ee569c968fa446b/gnocchi.b4a1ea35-69ac-4da3-9ddd-7c112ae4866f" "tx21c361ed0cf949e1be486-00693c624a" "container-server 96474" 0.0040 "-" 96174 0
Dec 12 13:43:22 np0005557558.novalocal container-server[96475]: ::1 - - [12/Dec/2025:18:43:22 +0000] "HEAD /1/143553/AUTH_9f41729c3600455b8ee569c968fa446b/gnocchi.8bd375cc-6e3b-49ab-880f-1c4263375676" 404 - "HEAD http://[::1]:8080/v1/AUTH_9f41729c3600455b8ee569c968fa446b/gnocchi.8bd375cc-6e3b-49ab-880f-1c4263375676" "tx4bae7a1ebebd41c4b8850-00693c624a" "proxy-server 97772" 0.0002 "-" 96475 0
Dec 12 13:43:22 np0005557558.novalocal container-server[96474]: ::1 - - [12/Dec/2025:18:43:22 +0000] "PUT /2/95901/AUTH_9f41729c3600455b8ee569c968fa446b/gnocchi.b4a1ea35-69ac-4da3-9ddd-7c112ae4866f" 201 - "PUT https://[::1]:8080/v1/AUTH_9f41729c3600455b8ee569c968fa446b/gnocchi.b4a1ea35-69ac-4da3-9ddd-7c112ae4866f" "tx21c361ed0cf949e1be486-00693c624a" "proxy-server 97771" 0.0127 "-" 96474 0
Dec 12 13:43:22 np0005557558.novalocal container-server[96474]: ::1 - - [12/Dec/2025:18:43:22 +0000] "HEAD /3/143553/AUTH_9f41729c3600455b8ee569c968fa446b/gnocchi.8bd375cc-6e3b-49ab-880f-1c4263375676" 404 - "HEAD http://[::1]:8080/v1/AUTH_9f41729c3600455b8ee569c968fa446b/gnocchi.8bd375cc-6e3b-49ab-880f-1c4263375676" "tx4bae7a1ebebd41c4b8850-00693c624a" "proxy-server 97772" 0.0002 "-" 96474 0
Dec 12 13:43:22 np0005557558.novalocal container-server[96475]: ::1 - - [12/Dec/2025:18:43:22 +0000] "HEAD /2/143553/AUTH_9f41729c3600455b8ee569c968fa446b/gnocchi.8bd375cc-6e3b-49ab-880f-1c4263375676" 404 - "HEAD http://[::1]:8080/v1/AUTH_9f41729c3600455b8ee569c968fa446b/gnocchi.8bd375cc-6e3b-49ab-880f-1c4263375676" "tx4bae7a1ebebd41c4b8850-00693c624a" "proxy-server 97772" 0.0001 "-" 96475 0
Dec 12 13:43:22 np0005557558.novalocal proxy-server[97772]: - - 12/Dec/2025/18/43/22 HEAD /v1/AUTH_9f41729c3600455b8ee569c968fa446b/gnocchi.8bd375cc-6e3b-49ab-880f-1c4263375676 HTTP/1.0 404 - Swift - - - - tx4bae7a1ebebd41c4b8850-00693c624a - 0.0054 CS - 1765565002.183296919 1765565002.188699722 0
Dec 12 13:43:22 np0005557558.novalocal account-server[96174]: ::1 - - [12/Dec/2025:18:43:22 +0000] "PUT /1/24542/AUTH_9f41729c3600455b8ee569c968fa446b/gnocchi.b4a1ea35-69ac-4da3-9ddd-7c112ae4866f" 201 - "PUT http://[::1]:6001/1/95901/AUTH_9f41729c3600455b8ee569c968fa446b/gnocchi.b4a1ea35-69ac-4da3-9ddd-7c112ae4866f" "tx21c361ed0cf949e1be486-00693c624a" "container-server 96474" 0.0044 "-" 96174 0
Dec 12 13:43:22 np0005557558.novalocal container-server[96474]: ::1 - - [12/Dec/2025:18:43:22 +0000] "PUT /1/95901/AUTH_9f41729c3600455b8ee569c968fa446b/gnocchi.b4a1ea35-69ac-4da3-9ddd-7c112ae4866f" 201 - "PUT https://[::1]:8080/v1/AUTH_9f41729c3600455b8ee569c968fa446b/gnocchi.b4a1ea35-69ac-4da3-9ddd-7c112ae4866f" "tx21c361ed0cf949e1be486-00693c624a" "proxy-server 97771" 0.0274 "-" 96474 0
Dec 12 13:43:22 np0005557558.novalocal proxy-server[97771]: ::1 ::1 12/Dec/2025/18/43/22 PUT /v1/AUTH_9f41729c3600455b8ee569c968fa446b/gnocchi.b4a1ea35-69ac-4da3-9ddd-7c112ae4866f HTTP/1.0 201 - python-swiftclient-4.7.0 gAAAAABpPGHN3vHt... - - - tx21c361ed0cf949e1be486-00693c624a - 0.0349 - - 1765565002.157549143 1765565002.192426205 0
Dec 12 13:43:22 np0005557558.novalocal object-server[96772]: ::1 - - [12/Dec/2025:18:43:22 +0000] "GET /2/70356/AUTH_9f41729c3600455b8ee569c968fa446b/gnocchi.8bd375cc-6e3b-49ab-880f-1c4263375676/none_v3" 404 70 "GET https://[::1]:8080/v1/AUTH_9f41729c3600455b8ee569c968fa446b/gnocchi.8bd375cc-6e3b-49ab-880f-1c4263375676/none_v3" "tx4bae7a1ebebd41c4b8850-00693c624a" "proxy-server 97772" 0.0003 "-" 96772 0
Dec 12 13:43:22 np0005557558.novalocal object-server[96771]: ::1 - - [12/Dec/2025:18:43:22 +0000] "GET /3/70356/AUTH_9f41729c3600455b8ee569c968fa446b/gnocchi.8bd375cc-6e3b-49ab-880f-1c4263375676/none_v3" 404 70 "GET https://[::1]:8080/v1/AUTH_9f41729c3600455b8ee569c968fa446b/gnocchi.8bd375cc-6e3b-49ab-880f-1c4263375676/none_v3" "tx4bae7a1ebebd41c4b8850-00693c624a" "proxy-server 97772" 0.0003 "-" 96771 0
Dec 12 13:43:22 np0005557558.novalocal object-server[96772]: ::1 - - [12/Dec/2025:18:43:22 +0000] "GET /1/70356/AUTH_9f41729c3600455b8ee569c968fa446b/gnocchi.8bd375cc-6e3b-49ab-880f-1c4263375676/none_v3" 404 70 "GET https://[::1]:8080/v1/AUTH_9f41729c3600455b8ee569c968fa446b/gnocchi.8bd375cc-6e3b-49ab-880f-1c4263375676/none_v3" "tx4bae7a1ebebd41c4b8850-00693c624a" "proxy-server 97772" 0.0002 "-" 96772 0
Dec 12 13:43:22 np0005557558.novalocal proxy-server[97772]: ::1 ::1 12/Dec/2025/18/43/22 GET /v1/AUTH_9f41729c3600455b8ee569c968fa446b/gnocchi.8bd375cc-6e3b-49ab-880f-1c4263375676/none_v3 HTTP/1.0 404 - python-swiftclient-4.7.0 gAAAAABpPGHN1oGc... - 70 - tx4bae7a1ebebd41c4b8850-00693c624a - 0.0157 - - 1765565002.182343960 1765565002.197996378 0
Dec 12 13:43:22 np0005557558.novalocal container-server[96474]: ::1 - - [12/Dec/2025:18:43:22 +0000] "HEAD /3/95901/AUTH_9f41729c3600455b8ee569c968fa446b/gnocchi.b4a1ea35-69ac-4da3-9ddd-7c112ae4866f" 204 - "HEAD http://[::1]:8080/v1/AUTH_9f41729c3600455b8ee569c968fa446b/gnocchi.b4a1ea35-69ac-4da3-9ddd-7c112ae4866f" "txc4211e47974e4c2c8376b-00693c624a" "proxy-server 97771" 0.0010 "-" 96474 0
Dec 12 13:43:22 np0005557558.novalocal proxy-server[97771]: - - 12/Dec/2025/18/43/22 HEAD /v1/AUTH_9f41729c3600455b8ee569c968fa446b/gnocchi.b4a1ea35-69ac-4da3-9ddd-7c112ae4866f HTTP/1.0 204 - Swift - - - - txc4211e47974e4c2c8376b-00693c624a - 0.0032 CS - 1765565002.196326494 1765565002.199550390 0
Dec 12 13:43:22 np0005557558.novalocal container-server[96475]: ::1 - - [12/Dec/2025:18:43:22 +0000] "GET /3/95901/AUTH_9f41729c3600455b8ee569c968fa446b/gnocchi.b4a1ea35-69ac-4da3-9ddd-7c112ae4866f" 200 2 "GET https://[::1]:8080/v1/AUTH_9f41729c3600455b8ee569c968fa446b/gnocchi.b4a1ea35-69ac-4da3-9ddd-7c112ae4866f?format=json&states=listing" "txc4211e47974e4c2c8376b-00693c624a" "proxy-server 97771" 0.0019 "-" 96475 0
Dec 12 13:43:22 np0005557558.novalocal account-server[96174]: ::1 - - [12/Dec/2025:18:43:22 +0000] "PUT /1/24542/AUTH_9f41729c3600455b8ee569c968fa446b/gnocchi.8bd375cc-6e3b-49ab-880f-1c4263375676" 201 - "PUT http://[::1]:6001/3/143553/AUTH_9f41729c3600455b8ee569c968fa446b/gnocchi.8bd375cc-6e3b-49ab-880f-1c4263375676" "tx95e7f7c2386a4ed9b7401-00693c624a" "container-server 96474" 0.0101 "-" 96174 0
Dec 12 13:43:22 np0005557558.novalocal container-server[96474]: ::1 - - [12/Dec/2025:18:43:22 +0000] "PUT /3/143553/AUTH_9f41729c3600455b8ee569c968fa446b/gnocchi.8bd375cc-6e3b-49ab-880f-1c4263375676" 201 - "PUT https://[::1]:8080/v1/AUTH_9f41729c3600455b8ee569c968fa446b/gnocchi.8bd375cc-6e3b-49ab-880f-1c4263375676" "tx95e7f7c2386a4ed9b7401-00693c624a" "proxy-server 97772" 0.0188 "-" 96474 0
Dec 12 13:43:22 np0005557558.novalocal account-server[96175]: ::1 - - [12/Dec/2025:18:43:22 +0000] "PUT /2/24542/AUTH_9f41729c3600455b8ee569c968fa446b/gnocchi.8bd375cc-6e3b-49ab-880f-1c4263375676" 201 - "PUT http://[::1]:6001/2/143553/AUTH_9f41729c3600455b8ee569c968fa446b/gnocchi.8bd375cc-6e3b-49ab-880f-1c4263375676" "tx95e7f7c2386a4ed9b7401-00693c624a" "container-server 96475" 0.0037 "-" 96175 0
Dec 12 13:43:22 np0005557558.novalocal container-server[96475]: ::1 - - [12/Dec/2025:18:43:22 +0000] "PUT /2/143553/AUTH_9f41729c3600455b8ee569c968fa446b/gnocchi.8bd375cc-6e3b-49ab-880f-1c4263375676" 201 - "PUT https://[::1]:8080/v1/AUTH_9f41729c3600455b8ee569c968fa446b/gnocchi.8bd375cc-6e3b-49ab-880f-1c4263375676" "tx95e7f7c2386a4ed9b7401-00693c624a" "proxy-server 97772" 0.0197 "-" 96475 0
Dec 12 13:43:22 np0005557558.novalocal proxy-server[97771]: ::1 ::1 12/Dec/2025/18/43/22 GET /v1/AUTH_9f41729c3600455b8ee569c968fa446b/gnocchi.b4a1ea35-69ac-4da3-9ddd-7c112ae4866f%3Fformat%3Djson%26states%3Dlisting HTTP/1.0 200 - python-swiftclient-4.7.0 gAAAAABpPGHN3vHt... - 2 - txc4211e47974e4c2c8376b-00693c624a - 0.0299 - - 1765565002.195109129 1765565002.225007296 0
Dec 12 13:43:22 np0005557558.novalocal account-server[96174]: ::1 - - [12/Dec/2025:18:43:22 +0000] "PUT /3/24542/AUTH_9f41729c3600455b8ee569c968fa446b/gnocchi.8bd375cc-6e3b-49ab-880f-1c4263375676" 201 - "PUT http://[::1]:6001/1/143553/AUTH_9f41729c3600455b8ee569c968fa446b/gnocchi.8bd375cc-6e3b-49ab-880f-1c4263375676" "tx95e7f7c2386a4ed9b7401-00693c624a" "container-server 96475" 0.0047 "-" 96174 0
Dec 12 13:43:22 np0005557558.novalocal container-server[96475]: ::1 - - [12/Dec/2025:18:43:22 +0000] "PUT /1/143553/AUTH_9f41729c3600455b8ee569c968fa446b/gnocchi.8bd375cc-6e3b-49ab-880f-1c4263375676" 201 - "PUT https://[::1]:8080/v1/AUTH_9f41729c3600455b8ee569c968fa446b/gnocchi.8bd375cc-6e3b-49ab-880f-1c4263375676" "tx95e7f7c2386a4ed9b7401-00693c624a" "proxy-server 97772" 0.0184 "-" 96475 0
Dec 12 13:43:22 np0005557558.novalocal proxy-server[97772]: ::1 ::1 12/Dec/2025/18/43/22 PUT /v1/AUTH_9f41729c3600455b8ee569c968fa446b/gnocchi.8bd375cc-6e3b-49ab-880f-1c4263375676 HTTP/1.0 201 - python-swiftclient-4.7.0 gAAAAABpPGHN1oGc... - - - tx95e7f7c2386a4ed9b7401-00693c624a - 0.0316 - - 1765565002.200614691 1765565002.232215405 0
Dec 12 13:43:22 np0005557558.novalocal container-server[96475]: ::1 - - [12/Dec/2025:18:43:22 +0000] "HEAD /1/143553/AUTH_9f41729c3600455b8ee569c968fa446b/gnocchi.8bd375cc-6e3b-49ab-880f-1c4263375676" 204 - "HEAD http://[::1]:8080/v1/AUTH_9f41729c3600455b8ee569c968fa446b/gnocchi.8bd375cc-6e3b-49ab-880f-1c4263375676" "txc7fdd57905f74954bff89-00693c624a" "proxy-server 97772" 0.0010 "-" 96475 0
Dec 12 13:43:22 np0005557558.novalocal object-server[96772]: ::1 - - [12/Dec/2025:18:43:22 +0000] "GET /1/132302/AUTH_9f41729c3600455b8ee569c968fa446b/gnocchi.b4a1ea35-69ac-4da3-9ddd-7c112ae4866f/1764720000.0_mean_300.0_v3" 404 70 "GET https://[::1]:8080/v1/AUTH_9f41729c3600455b8ee569c968fa446b/gnocchi.b4a1ea35-69ac-4da3-9ddd-7c112ae4866f/1764720000.0_mean_300.0_v3" "tx0348fa9ce6614a90ba8bf-00693c624a" "proxy-server 97771" 0.0004 "-" 96772 0
Dec 12 13:43:22 np0005557558.novalocal proxy-server[97772]: - - 12/Dec/2025/18/43/22 HEAD /v1/AUTH_9f41729c3600455b8ee569c968fa446b/gnocchi.8bd375cc-6e3b-49ab-880f-1c4263375676 HTTP/1.0 204 - Swift - - - - txc7fdd57905f74954bff89-00693c624a - 0.0040 CS - 1765565002.235700369 1765565002.239726305 0
Dec 12 13:43:22 np0005557558.novalocal object-server[96771]: ::1 - - [12/Dec/2025:18:43:22 +0000] "GET /3/132302/AUTH_9f41729c3600455b8ee569c968fa446b/gnocchi.b4a1ea35-69ac-4da3-9ddd-7c112ae4866f/1764720000.0_mean_300.0_v3" 404 70 "GET https://[::1]:8080/v1/AUTH_9f41729c3600455b8ee569c968fa446b/gnocchi.b4a1ea35-69ac-4da3-9ddd-7c112ae4866f/1764720000.0_mean_300.0_v3" "tx0348fa9ce6614a90ba8bf-00693c624a" "proxy-server 97771" 0.0004 "-" 96771 0
