Dec 12 13:42:37 np0005557558.novalocal object-server[96772]: ::1 - - [12/Dec/2025:18:42:37 +0000] "PUT /3/228396/AUTH_9f41729c3600455b8ee569c968fa446b/gnocchi.4337077d-4aca-46af-9670-559be7ee45eb/1764720000.0_mean_300.0_v3" 201 - "PUT https://[::1]:8080/v1/AUTH_9f41729c3600455b8ee569c968fa446b/gnocchi.4337077d-4aca-46af-9670-559be7ee45eb/1764720000.0_mean_300.0_v3" "txedc6c229c1074a0fa78c8-00693c621d" "proxy-server 97772" 0.0126 "-" 96772 0
Dec 12 13:42:37 np0005557558.novalocal proxy-server[97772]: ::1 ::1 12/Dec/2025/18/42/37 PUT /v1/AUTH_9f41729c3600455b8ee569c968fa446b/gnocchi.4337077d-4aca-46af-9670-559be7ee45eb/1764720000.0_mean_300.0_v3 HTTP/1.0 201 - python-swiftclient-4.7.0 gAAAAABpPGHN1oGc... 16 - - txedc6c229c1074a0fa78c8-00693c621d - 0.0246 - - 1765564957.347010851 1765564957.371611118 0
Dec 12 13:42:37 np0005557558.novalocal container-server[96474]: ::1 - - [12/Dec/2025:18:42:37 +0000] "PUT /1/260843/AUTH_9f41729c3600455b8ee569c968fa446b/gnocchi.e94c98fd-1e2a-463d-86af-5598bb5da6c1/none_v3" 201 - "PUT http://[::1]:8080/1/249/AUTH_9f41729c3600455b8ee569c968fa446b/gnocchi.e94c98fd-1e2a-463d-86af-5598bb5da6c1/none_v3" "tx067c437ac6c245a8b7449-00693c621d" "object-server 96772" 0.0005 "-" 96474 0
Dec 12 13:42:37 np0005557558.novalocal object-server[96772]: ::1 - - [12/Dec/2025:18:42:37 +0000] "PUT /1/249/AUTH_9f41729c3600455b8ee569c968fa446b/gnocchi.e94c98fd-1e2a-463d-86af-5598bb5da6c1/none_v3" 201 - "PUT https://[::1]:8080/v1/AUTH_9f41729c3600455b8ee569c968fa446b/gnocchi.e94c98fd-1e2a-463d-86af-5598bb5da6c1/none_v3" "tx067c437ac6c245a8b7449-00693c621d" "proxy-server 97771" 0.0116 "-" 96772 0
Dec 12 13:42:37 np0005557558.novalocal container-server[96475]: ::1 - - [12/Dec/2025:18:42:37 +0000] "PUT /3/260843/AUTH_9f41729c3600455b8ee569c968fa446b/gnocchi.e94c98fd-1e2a-463d-86af-5598bb5da6c1/none_v3" 201 - "PUT http://[::1]:8080/2/249/AUTH_9f41729c3600455b8ee569c968fa446b/gnocchi.e94c98fd-1e2a-463d-86af-5598bb5da6c1/none_v3" "tx067c437ac6c245a8b7449-00693c621d" "object-server 96771" 0.0007 "-" 96475 0
Dec 12 13:42:37 np0005557558.novalocal container-server[96474]: ::1 - - [12/Dec/2025:18:42:37 +0000] "PUT /2/260843/AUTH_9f41729c3600455b8ee569c968fa446b/gnocchi.e94c98fd-1e2a-463d-86af-5598bb5da6c1/none_v3" 201 - "PUT http://[::1]:8080/3/249/AUTH_9f41729c3600455b8ee569c968fa446b/gnocchi.e94c98fd-1e2a-463d-86af-5598bb5da6c1/none_v3" "tx067c437ac6c245a8b7449-00693c621d" "object-server 96771" 0.0003 "-" 96474 0
Dec 12 13:42:37 np0005557558.novalocal object-server[96771]: ::1 - - [12/Dec/2025:18:42:37 +0000] "PUT /2/249/AUTH_9f41729c3600455b8ee569c968fa446b/gnocchi.e94c98fd-1e2a-463d-86af-5598bb5da6c1/none_v3" 201 - "PUT https://[::1]:8080/v1/AUTH_9f41729c3600455b8ee569c968fa446b/gnocchi.e94c98fd-1e2a-463d-86af-5598bb5da6c1/none_v3" "tx067c437ac6c245a8b7449-00693c621d" "proxy-server 97771" 0.0133 "-" 96771 0
Dec 12 13:42:37 np0005557558.novalocal object-server[96771]: ::1 - - [12/Dec/2025:18:42:37 +0000] "PUT /3/249/AUTH_9f41729c3600455b8ee569c968fa446b/gnocchi.e94c98fd-1e2a-463d-86af-5598bb5da6c1/none_v3" 201 - "PUT https://[::1]:8080/v1/AUTH_9f41729c3600455b8ee569c968fa446b/gnocchi.e94c98fd-1e2a-463d-86af-5598bb5da6c1/none_v3" "tx067c437ac6c245a8b7449-00693c621d" "proxy-server 97771" 0.0129 "-" 96771 0
Dec 12 13:42:37 np0005557558.novalocal proxy-server[97771]: ::1 ::1 12/Dec/2025/18/42/37 PUT /v1/AUTH_9f41729c3600455b8ee569c968fa446b/gnocchi.e94c98fd-1e2a-463d-86af-5598bb5da6c1/none_v3 HTTP/1.0 201 - python-swiftclient-4.7.0 gAAAAABpPGHN3vHt... 22 - - tx067c437ac6c245a8b7449-00693c621d - 0.0198 - - 1765564957.370171309 1765564957.390013456 0
Dec 12 13:42:37 np0005557558.novalocal container-server[96474]: ::1 - - [12/Dec/2025:18:42:37 +0000] "PUT /2/183091/AUTH_9f41729c3600455b8ee569c968fa446b/gnocchi.4337077d-4aca-46af-9670-559be7ee45eb/none_v3" 201 - "PUT http://[::1]:8080/1/152993/AUTH_9f41729c3600455b8ee569c968fa446b/gnocchi.4337077d-4aca-46af-9670-559be7ee45eb/none_v3" "tx65027ff1a9724bdfa591d-00693c621d" "object-server 96771" 0.0005 "-" 96474 0
Dec 12 13:42:37 np0005557558.novalocal container-server[96475]: ::1 - - [12/Dec/2025:18:42:37 +0000] "PUT /3/183091/AUTH_9f41729c3600455b8ee569c968fa446b/gnocchi.4337077d-4aca-46af-9670-559be7ee45eb/none_v3" 201 - "PUT http://[::1]:8080/2/152993/AUTH_9f41729c3600455b8ee569c968fa446b/gnocchi.4337077d-4aca-46af-9670-559be7ee45eb/none_v3" "tx65027ff1a9724bdfa591d-00693c621d" "object-server 96772" 0.0009 "-" 96475 0
Dec 12 13:42:37 np0005557558.novalocal container-server[96474]: ::1 - - [12/Dec/2025:18:42:37 +0000] "PUT /1/183091/AUTH_9f41729c3600455b8ee569c968fa446b/gnocchi.4337077d-4aca-46af-9670-559be7ee45eb/none_v3" 201 - "PUT http://[::1]:8080/3/152993/AUTH_9f41729c3600455b8ee569c968fa446b/gnocchi.4337077d-4aca-46af-9670-559be7ee45eb/none_v3" "tx65027ff1a9724bdfa591d-00693c621d" "object-server 96772" 0.0003 "-" 96474 0
Dec 12 13:42:37 np0005557558.novalocal object-server[96771]: ::1 - - [12/Dec/2025:18:42:37 +0000] "PUT /1/152993/AUTH_9f41729c3600455b8ee569c968fa446b/gnocchi.4337077d-4aca-46af-9670-559be7ee45eb/none_v3" 201 - "PUT https://[::1]:8080/v1/AUTH_9f41729c3600455b8ee569c968fa446b/gnocchi.4337077d-4aca-46af-9670-559be7ee45eb/none_v3" "tx65027ff1a9724bdfa591d-00693c621d" "proxy-server 97772" 0.0095 "-" 96771 0
Dec 12 13:42:37 np0005557558.novalocal object-server[96772]: ::1 - - [12/Dec/2025:18:42:37 +0000] "PUT /3/152993/AUTH_9f41729c3600455b8ee569c968fa446b/gnocchi.4337077d-4aca-46af-9670-559be7ee45eb/none_v3" 201 - "PUT https://[::1]:8080/v1/AUTH_9f41729c3600455b8ee569c968fa446b/gnocchi.4337077d-4aca-46af-9670-559be7ee45eb/none_v3" "tx65027ff1a9724bdfa591d-00693c621d" "proxy-server 97772" 0.0105 "-" 96772 0
Dec 12 13:42:37 np0005557558.novalocal object-server[96772]: ::1 - - [12/Dec/2025:18:42:37 +0000] "PUT /2/152993/AUTH_9f41729c3600455b8ee569c968fa446b/gnocchi.4337077d-4aca-46af-9670-559be7ee45eb/none_v3" 201 - "PUT https://[::1]:8080/v1/AUTH_9f41729c3600455b8ee569c968fa446b/gnocchi.4337077d-4aca-46af-9670-559be7ee45eb/none_v3" "tx65027ff1a9724bdfa591d-00693c621d" "proxy-server 97772" 0.0102 "-" 96772 0
Dec 12 13:42:37 np0005557558.novalocal proxy-server[97772]: ::1 ::1 12/Dec/2025/18/42/37 PUT /v1/AUTH_9f41729c3600455b8ee569c968fa446b/gnocchi.4337077d-4aca-46af-9670-559be7ee45eb/none_v3 HTTP/1.0 201 - python-swiftclient-4.7.0 gAAAAABpPGHN1oGc... 76 - - tx65027ff1a9724bdfa591d-00693c621d - 0.0276 - - 1765564957.375358582 1765564957.402985334 0
Dec 12 13:42:37 np0005557558.novalocal container-server[96474]: ::1 - - [12/Dec/2025:18:42:37 +0000] "HEAD /1/109506/AUTH_9f41729c3600455b8ee569c968fa446b/gnocchi.7e978dce-4099-4052-97c1-62dcc1d83ded" 404 - "HEAD http://[::1]:8080/v1/AUTH_9f41729c3600455b8ee569c968fa446b/gnocchi.7e978dce-4099-4052-97c1-62dcc1d83ded" "tx471835d6fc024679bab21-00693c621d" "proxy-server 97772" 0.0004 "-" 96474 0
Dec 12 13:42:37 np0005557558.novalocal container-server[96474]: ::1 - - [12/Dec/2025:18:42:37 +0000] "HEAD /2/109506/AUTH_9f41729c3600455b8ee569c968fa446b/gnocchi.7e978dce-4099-4052-97c1-62dcc1d83ded" 404 - "HEAD http://[::1]:8080/v1/AUTH_9f41729c3600455b8ee569c968fa446b/gnocchi.7e978dce-4099-4052-97c1-62dcc1d83ded" "tx471835d6fc024679bab21-00693c621d" "proxy-server 97772" 0.0004 "-" 96474 0
Dec 12 13:42:37 np0005557558.novalocal container-server[96475]: ::1 - - [12/Dec/2025:18:42:37 +0000] "HEAD /3/109506/AUTH_9f41729c3600455b8ee569c968fa446b/gnocchi.7e978dce-4099-4052-97c1-62dcc1d83ded" 404 - "HEAD http://[::1]:8080/v1/AUTH_9f41729c3600455b8ee569c968fa446b/gnocchi.7e978dce-4099-4052-97c1-62dcc1d83ded" "tx471835d6fc024679bab21-00693c621d" "proxy-server 97772" 0.0005 "-" 96475 0
Dec 12 13:42:37 np0005557558.novalocal proxy-server[97772]: - - 12/Dec/2025/18/42/37 HEAD /v1/AUTH_9f41729c3600455b8ee569c968fa446b/gnocchi.7e978dce-4099-4052-97c1-62dcc1d83ded HTTP/1.0 404 - Swift - - - - tx471835d6fc024679bab21-00693c621d - 0.0114 CS - 1765564957.417925119 1765564957.429371119 0
Dec 12 13:42:37 np0005557558.novalocal object-server[96772]: ::1 - - [12/Dec/2025:18:42:37 +0000] "GET /2/88028/AUTH_9f41729c3600455b8ee569c968fa446b/gnocchi.7e978dce-4099-4052-97c1-62dcc1d83ded/none_v3" 404 70 "GET https://[::1]:8080/v1/AUTH_9f41729c3600455b8ee569c968fa446b/gnocchi.7e978dce-4099-4052-97c1-62dcc1d83ded/none_v3" "tx471835d6fc024679bab21-00693c621d" "proxy-server 97772" 0.0005 "-" 96772 0
Dec 12 13:42:37 np0005557558.novalocal object-server[96772]: ::1 - - [12/Dec/2025:18:42:37 +0000] "GET /1/88028/AUTH_9f41729c3600455b8ee569c968fa446b/gnocchi.7e978dce-4099-4052-97c1-62dcc1d83ded/none_v3" 404 70 "GET https://[::1]:8080/v1/AUTH_9f41729c3600455b8ee569c968fa446b/gnocchi.7e978dce-4099-4052-97c1-62dcc1d83ded/none_v3" "tx471835d6fc024679bab21-00693c621d" "proxy-server 97772" 0.0002 "-" 96772 0
Dec 12 13:42:37 np0005557558.novalocal object-server[96771]: ::1 - - [12/Dec/2025:18:42:37 +0000] "GET /3/88028/AUTH_9f41729c3600455b8ee569c968fa446b/gnocchi.7e978dce-4099-4052-97c1-62dcc1d83ded/none_v3" 404 70 "GET https://[::1]:8080/v1/AUTH_9f41729c3600455b8ee569c968fa446b/gnocchi.7e978dce-4099-4052-97c1-62dcc1d83ded/none_v3" "tx471835d6fc024679bab21-00693c621d" "proxy-server 97772" 0.0005 "-" 96771 0
Dec 12 13:42:37 np0005557558.novalocal proxy-server[97772]: ::1 ::1 12/Dec/2025/18/42/37 GET /v1/AUTH_9f41729c3600455b8ee569c968fa446b/gnocchi.7e978dce-4099-4052-97c1-62dcc1d83ded/none_v3 HTTP/1.0 404 - python-swiftclient-4.7.0 gAAAAABpPGHN1oGc... - 70 - tx471835d6fc024679bab21-00693c621d - 0.0241 - - 1765564957.417073250 1765564957.441168785 0
Dec 12 13:42:37 np0005557558.novalocal object-server[96772]: ::1 - - [12/Dec/2025:18:42:37 +0000] "GET /2/134807/AUTH_9f41729c3600455b8ee569c968fa446b/gnocchi.cb524b47-d9a2-4d87-b67f-3cbe964f797e/none_v3" 200 62 "GET https://[::1]:8080/v1/AUTH_9f41729c3600455b8ee569c968fa446b/gnocchi.cb524b47-d9a2-4d87-b67f-3cbe964f797e/none_v3" "tx33a36976e2404c51b6e78-00693c621d" "proxy-server 97771" 0.0008 "-" 96772 0
Dec 12 13:42:37 np0005557558.novalocal proxy-server[97771]: ::1 ::1 12/Dec/2025/18/42/37 GET /v1/AUTH_9f41729c3600455b8ee569c968fa446b/gnocchi.cb524b47-d9a2-4d87-b67f-3cbe964f797e/none_v3 HTTP/1.0 200 - python-swiftclient-4.7.0 gAAAAABpPGHN3vHt... - 62 - tx33a36976e2404c51b6e78-00693c621d - 0.0061 - - 1765564957.455445766 1765564957.461510897 0
Dec 12 13:42:37 np0005557558.novalocal account-server[96174]: ::1 - - [12/Dec/2025:18:42:37 +0000] "PUT /3/24542/AUTH_9f41729c3600455b8ee569c968fa446b/gnocchi.7e978dce-4099-4052-97c1-62dcc1d83ded" 201 - "PUT http://[::1]:6001/2/109506/AUTH_9f41729c3600455b8ee569c968fa446b/gnocchi.7e978dce-4099-4052-97c1-62dcc1d83ded" "tx905508e5872b48b9a28ae-00693c621d" "container-server 96474" 0.0041 "-" 96174 0
Dec 12 13:42:37 np0005557558.novalocal container-server[96474]: ::1 - - [12/Dec/2025:18:42:37 +0000] "PUT /2/109506/AUTH_9f41729c3600455b8ee569c968fa446b/gnocchi.7e978dce-4099-4052-97c1-62dcc1d83ded" 201 - "PUT https://[::1]:8080/v1/AUTH_9f41729c3600455b8ee569c968fa446b/gnocchi.7e978dce-4099-4052-97c1-62dcc1d83ded" "tx905508e5872b48b9a28ae-00693c621d" "proxy-server 97772" 0.0212 "-" 96474 0
Dec 12 13:42:37 np0005557558.novalocal container-server[96474]: ::1 - - [12/Dec/2025:18:42:37 +0000] "GET /2/95644/AUTH_9f41729c3600455b8ee569c968fa446b/gnocchi.cb524b47-d9a2-4d87-b67f-3cbe964f797e" 200 357 "GET https://[::1]:8080/v1/AUTH_9f41729c3600455b8ee569c968fa446b/gnocchi.cb524b47-d9a2-4d87-b67f-3cbe964f797e?format=json&states=listing" "tx3aa29f2942b94813865c4-00693c621d" "proxy-server 97771" 0.0107 "-" 96474 0
Dec 12 13:42:37 np0005557558.novalocal proxy-server[97771]: ::1 ::1 12/Dec/2025/18/42/37 GET /v1/AUTH_9f41729c3600455b8ee569c968fa446b/gnocchi.cb524b47-d9a2-4d87-b67f-3cbe964f797e%3Fformat%3Djson%26states%3Dlisting HTTP/1.0 200 - python-swiftclient-4.7.0 gAAAAABpPGHN3vHt... - 357 - tx3aa29f2942b94813865c4-00693c621d - 0.0157 - - 1765564957.463826180 1765564957.479520082 0
Dec 12 13:42:37 np0005557558.novalocal account-server[96175]: ::1 - - [12/Dec/2025:18:42:37 +0000] "PUT /1/24542/AUTH_9f41729c3600455b8ee569c968fa446b/gnocchi.7e978dce-4099-4052-97c1-62dcc1d83ded" 201 - "PUT http://[::1]:6001/3/109506/AUTH_9f41729c3600455b8ee569c968fa446b/gnocchi.7e978dce-4099-4052-97c1-62dcc1d83ded" "tx905508e5872b48b9a28ae-00693c621d" "container-server 96475" 0.0054 "-" 96175 0
Dec 12 13:42:37 np0005557558.novalocal container-server[96475]: ::1 - - [12/Dec/2025:18:42:37 +0000] "PUT /3/109506/AUTH_9f41729c3600455b8ee569c968fa446b/gnocchi.7e978dce-4099-4052-97c1-62dcc1d83ded" 201 - "PUT https://[::1]:8080/v1/AUTH_9f41729c3600455b8ee569c968fa446b/gnocchi.7e978dce-4099-4052-97c1-62dcc1d83ded" "tx905508e5872b48b9a28ae-00693c621d" "proxy-server 97772" 0.0187 "-" 96475 0
Dec 12 13:42:37 np0005557558.novalocal account-server[96175]: ::1 - - [12/Dec/2025:18:42:37 +0000] "PUT /2/24542/AUTH_9f41729c3600455b8ee569c968fa446b/gnocchi.7e978dce-4099-4052-97c1-62dcc1d83ded" 201 - "PUT http://[::1]:6001/1/109506/AUTH_9f41729c3600455b8ee569c968fa446b/gnocchi.7e978dce-4099-4052-97c1-62dcc1d83ded" "tx905508e5872b48b9a28ae-00693c621d" "container-server 96475" 0.0049 "-" 96175 0
Dec 12 13:42:37 np0005557558.novalocal container-server[96475]: ::1 - - [12/Dec/2025:18:42:37 +0000] "PUT /1/109506/AUTH_9f41729c3600455b8ee569c968fa446b/gnocchi.7e978dce-4099-4052-97c1-62dcc1d83ded" 201 - "PUT https://[::1]:8080/v1/AUTH_9f41729c3600455b8ee569c968fa446b/gnocchi.7e978dce-4099-4052-97c1-62dcc1d83ded" "tx905508e5872b48b9a28ae-00693c621d" "proxy-server 97772" 0.0395 "-" 96475 0
Dec 12 13:42:37 np0005557558.novalocal container-server[96474]: ::1 - - [12/Dec/2025:18:42:37 +0000] "GET /2/95644/AUTH_9f41729c3600455b8ee569c968fa446b/gnocchi.cb524b47-d9a2-4d87-b67f-3cbe964f797e" 200 2 "GET https://[::1]:8080/v1/AUTH_9f41729c3600455b8ee569c968fa446b/gnocchi.cb524b47-d9a2-4d87-b67f-3cbe964f797e?format=json&marker=none_v3&states=listing" "tx915335d7daf9459d9b3e4-00693c621d" "proxy-server 97771" 0.0040 "-" 96474 0
Dec 12 13:42:37 np0005557558.novalocal proxy-server[97772]: ::1 ::1 12/Dec/2025/18/42/37 PUT /v1/AUTH_9f41729c3600455b8ee569c968fa446b/gnocchi.7e978dce-4099-4052-97c1-62dcc1d83ded HTTP/1.0 201 - python-swiftclient-4.7.0 gAAAAABpPGHN1oGc... - - - tx905508e5872b48b9a28ae-00693c621d - 0.0462 - - 1765564957.444497824 1765564957.490713835 0
Dec 12 13:42:37 np0005557558.novalocal proxy-server[97771]: ::1 ::1 12/Dec/2025/18/42/37 GET /v1/AUTH_9f41729c3600455b8ee569c968fa446b/gnocchi.cb524b47-d9a2-4d87-b67f-3cbe964f797e%3Fformat%3Djson%26marker%3Dnone_v3%26states%3Dlisting HTTP/1.0 200 - python-swiftclient-4.7.0 gAAAAABpPGHN3vHt... - 2 - tx915335d7daf9459d9b3e4-00693c621d - 0.0094 - - 1765564957.481592655 1765564957.491006374 0
Dec 12 13:42:37 np0005557558.novalocal object-server[96772]: ::1 - - [12/Dec/2025:18:42:37 +0000] "GET /1/222729/AUTH_9f41729c3600455b8ee569c968fa446b/gnocchi.cb524b47-d9a2-4d87-b67f-3cbe964f797e/1764720000.0_mean_300.0_v3" 200 16 "GET https://[::1]:8080/v1/AUTH_9f41729c3600455b8ee569c968fa446b/gnocchi.cb524b47-d9a2-4d87-b67f-3cbe964f797e/1764720000.0_mean_300.0_v3" "tx7d9ae87b9e124fc9add74-00693c621d" "proxy-server 97771" 0.0006 "-" 96772 0
Dec 12 13:42:37 np0005557558.novalocal container-server[96475]: ::1 - - [12/Dec/2025:18:42:37 +0000] "HEAD /1/109506/AUTH_9f41729c3600455b8ee569c968fa446b/gnocchi.7e978dce-4099-4052-97c1-62dcc1d83ded" 204 - "HEAD http://[::1]:8080/v1/AUTH_9f41729c3600455b8ee569c968fa446b/gnocchi.7e978dce-4099-4052-97c1-62dcc1d83ded" "tx4df30b1877df444b80a04-00693c621d" "proxy-server 97772" 0.0020 "-" 96475 0
Dec 12 13:42:37 np0005557558.novalocal proxy-server[97771]: ::1 ::1 12/Dec/2025/18/42/37 GET /v1/AUTH_9f41729c3600455b8ee569c968fa446b/gnocchi.cb524b47-d9a2-4d87-b67f-3cbe964f797e/1764720000.0_mean_300.0_v3 HTTP/1.0 200 - python-swiftclient-4.7.0 gAAAAABpPGHN3vHt... - 16 - tx7d9ae87b9e124fc9add74-00693c621d - 0.0049 - - 1765564957.494285583 1765564957.499189615 0
Dec 12 13:42:37 np0005557558.novalocal proxy-server[97772]: - - 12/Dec/2025/18/42/37 HEAD /v1/AUTH_9f41729c3600455b8ee569c968fa446b/gnocchi.7e978dce-4099-4052-97c1-62dcc1d83ded HTTP/1.0 204 - Swift - - - - tx4df30b1877df444b80a04-00693c621d - 0.0054 CS - 1765564957.494433880 1765564957.499827623 0
Dec 12 13:42:37 np0005557558.novalocal container-server[96475]: ::1 - - [12/Dec/2025:18:42:37 +0000] "GET /2/109506/AUTH_9f41729c3600455b8ee569c968fa446b/gnocchi.7e978dce-4099-4052-97c1-62dcc1d83ded" 200 2 "GET https://[::1]:8080/v1/AUTH_9f41729c3600455b8ee569c968fa446b/gnocchi.7e978dce-4099-4052-97c1-62dcc1d83ded?format=json&states=listing" "tx4df30b1877df444b80a04-00693c621d" "proxy-server 97772" 0.0023 "-" 96475 0
Dec 12 13:42:37 np0005557558.novalocal proxy-server[97772]: ::1 ::1 12/Dec/2025/18/42/37 GET /v1/AUTH_9f41729c3600455b8ee569c968fa446b/gnocchi.7e978dce-4099-4052-97c1-62dcc1d83ded%3Fformat%3Djson%26states%3Dlisting HTTP/1.0 200 - python-swiftclient-4.7.0 gAAAAABpPGHN1oGc... - 2 - tx4df30b1877df444b80a04-00693c621d - 0.0144 - - 1765564957.493892431 1765564957.508284092 0
Dec 12 13:42:37 np0005557558.novalocal object-server[96771]: ::1 - - [12/Dec/2025:18:42:37 +0000] "GET /1/30163/AUTH_9f41729c3600455b8ee569c968fa446b/gnocchi.7e978dce-4099-4052-97c1-62dcc1d83ded/1764720000.0_mean_300.0_v3" 404 70 "GET https://[::1]:8080/v1/AUTH_9f41729c3600455b8ee569c968fa446b/gnocchi.7e978dce-4099-4052-97c1-62dcc1d83ded/1764720000.0_mean_300.0_v3" "tx21592432dff5460599b85-00693c621d" "proxy-server 97772" 0.0012 "-" 96771 0
Dec 12 13:42:37 np0005557558.novalocal object-server[96772]: ::1 - - [12/Dec/2025:18:42:37 +0000] "GET /2/30163/AUTH_9f41729c3600455b8ee569c968fa446b/gnocchi.7e978dce-4099-4052-97c1-62dcc1d83ded/1764720000.0_mean_300.0_v3" 404 70 "GET https://[::1]:8080/v1/AUTH_9f41729c3600455b8ee569c968fa446b/gnocchi.7e978dce-4099-4052-97c1-62dcc1d83ded/1764720000.0_mean_300.0_v3" "tx21592432dff5460599b85-00693c621d" "proxy-server 97772" 0.0004 "-" 96772 0
Dec 12 13:42:37 np0005557558.novalocal container-server[96474]: ::1 - - [12/Dec/2025:18:42:37 +0000] "PUT /1/95644/AUTH_9f41729c3600455b8ee569c968fa446b/gnocchi.cb524b47-d9a2-4d87-b67f-3cbe964f797e/1764720000.0_mean_300.0_v3" 201 - "PUT http://[::1]:8080/3/222729/AUTH_9f41729c3600455b8ee569c968fa446b/gnocchi.cb524b47-d9a2-4d87-b67f-3cbe964f797e/1764720000.0_mean_300.0_v3" "txc6da553e934d442c95872-00693c621d" "object-server 96771" 0.0008 "-" 96474 0
Dec 12 13:42:37 np0005557558.novalocal object-server[96771]: ::1 - - [12/Dec/2025:18:42:37 +0000] "PUT /3/222729/AUTH_9f41729c3600455b8ee569c968fa446b/gnocchi.cb524b47-d9a2-4d87-b67f-3cbe964f797e/1764720000.0_mean_300.0_v3" 201 - "PUT https://[::1]:8080/v1/AUTH_9f41729c3600455b8ee569c968fa446b/gnocchi.cb524b47-d9a2-4d87-b67f-3cbe964f797e/1764720000.0_mean_300.0_v3" "txc6da553e934d442c95872-00693c621d" "proxy-server 97771" 0.0147 "-" 96771 0
Dec 12 13:42:37 np0005557558.novalocal object-server[96772]: ::1 - - [12/Dec/2025:18:42:37 +0000] "GET /3/30163/AUTH_9f41729c3600455b8ee569c968fa446b/gnocchi.7e978dce-4099-4052-97c1-62dcc1d83ded/1764720000.0_mean_300.0_v3" 404 70 "GET https://[::1]:8080/v1/AUTH_9f41729c3600455b8ee569c968fa446b/gnocchi.7e978dce-4099-4052-97c1-62dcc1d83ded/1764720000.0_mean_300.0_v3" "tx21592432dff5460599b85-00693c621d" "proxy-server 97772" 0.0002 "-" 96772 0
Dec 12 13:42:37 np0005557558.novalocal container-server[96474]: ::1 - - [12/Dec/2025:18:42:37 +0000] "PUT /2/95644/AUTH_9f41729c3600455b8ee569c968fa446b/gnocchi.cb524b47-d9a2-4d87-b67f-3cbe964f797e/1764720000.0_mean_300.0_v3" 201 - "PUT http://[::1]:8080/2/222729/AUTH_9f41729c3600455b8ee569c968fa446b/gnocchi.cb524b47-d9a2-4d87-b67f-3cbe964f797e/1764720000.0_mean_300.0_v3" "txc6da553e934d442c95872-00693c621d" "object-server 96771" 0.0006 "-" 96474 0
Dec 12 13:42:37 np0005557558.novalocal object-server[96771]: ::1 - - [12/Dec/2025:18:42:37 +0000] "PUT /2/222729/AUTH_9f41729c3600455b8ee569c968fa446b/gnocchi.cb524b47-d9a2-4d87-b67f-3cbe964f797e/1764720000.0_mean_300.0_v3" 201 - "PUT https://[::1]:8080/v1/AUTH_9f41729c3600455b8ee569c968fa446b/gnocchi.cb524b47-d9a2-4d87-b67f-3cbe964f797e/1764720000.0_mean_300.0_v3" "txc6da553e934d442c95872-00693c621d" "proxy-server 97771" 0.0183 "-" 96771 0
Dec 12 13:42:37 np0005557558.novalocal container-server[96475]: ::1 - - [12/Dec/2025:18:42:37 +0000] "PUT /3/95644/AUTH_9f41729c3600455b8ee569c968fa446b/gnocchi.cb524b47-d9a2-4d87-b67f-3cbe964f797e/1764720000.0_mean_300.0_v3" 201 - "PUT http://[::1]:8080/1/222729/AUTH_9f41729c3600455b8ee569c968fa446b/gnocchi.cb524b47-d9a2-4d87-b67f-3cbe964f797e/1764720000.0_mean_300.0_v3" "txc6da553e934d442c95872-00693c621d" "object-server 96771" 0.0010 "-" 96475 0
Dec 12 13:42:37 np0005557558.novalocal object-server[96771]: ::1 - - [12/Dec/2025:18:42:37 +0000] "PUT /1/222729/AUTH_9f41729c3600455b8ee569c968fa446b/gnocchi.cb524b47-d9a2-4d87-b67f-3cbe964f797e/1764720000.0_mean_300.0_v3" 201 - "PUT https://[::1]:8080/v1/AUTH_9f41729c3600455b8ee569c968fa446b/gnocchi.cb524b47-d9a2-4d87-b67f-3cbe964f797e/1764720000.0_mean_300.0_v3" "txc6da553e934d442c95872-00693c621d" "proxy-server 97771" 0.0223 "-" 96771 0
Dec 12 13:42:37 np0005557558.novalocal proxy-server[97772]: ::1 ::1 12/Dec/2025/18/42/37 GET /v1/AUTH_9f41729c3600455b8ee569c968fa446b/gnocchi.7e978dce-4099-4052-97c1-62dcc1d83ded/1764720000.0_mean_300.0_v3 HTTP/1.0 404 - python-swiftclient-4.7.0 gAAAAABpPGHN1oGc... - 70 - tx21592432dff5460599b85-00693c621d - 0.0159 - - 1765564957.511517525 1765564957.527464867 0
Dec 12 13:42:37 np0005557558.novalocal proxy-server[97771]: ::1 ::1 12/Dec/2025/18/42/37 PUT /v1/AUTH_9f41729c3600455b8ee569c968fa446b/gnocchi.cb524b47-d9a2-4d87-b67f-3cbe964f797e/1764720000.0_mean_300.0_v3 HTTP/1.0 201 - python-swiftclient-4.7.0 gAAAAABpPGHN3vHt... 16 - - txc6da553e934d442c95872-00693c621d - 0.0279 - - 1765564957.500936270 1765564957.528845072 0
Dec 12 13:42:37 np0005557558.novalocal container-server[96474]: ::1 - - [12/Dec/2025:18:42:37 +0000] "PUT /2/95644/AUTH_9f41729c3600455b8ee569c968fa446b/gnocchi.cb524b47-d9a2-4d87-b67f-3cbe964f797e/none_v3" 201 - "PUT http://[::1]:8080/3/134807/AUTH_9f41729c3600455b8ee569c968fa446b/gnocchi.cb524b47-d9a2-4d87-b67f-3cbe964f797e/none_v3" "tx327c614bb7c64dd89f21b-00693c621d" "object-server 96771" 0.0011 "-" 96474 0
Dec 12 13:42:37 np0005557558.novalocal object-server[96771]: ::1 - - [12/Dec/2025:18:42:37 +0000] "PUT /3/134807/AUTH_9f41729c3600455b8ee569c968fa446b/gnocchi.cb524b47-d9a2-4d87-b67f-3cbe964f797e/none_v3" 201 - "PUT https://[::1]:8080/v1/AUTH_9f41729c3600455b8ee569c968fa446b/gnocchi.cb524b47-d9a2-4d87-b67f-3cbe964f797e/none_v3" "tx327c614bb7c64dd89f21b-00693c621d" "proxy-server 97771" 0.0131 "-" 96771 0
Dec 12 13:42:37 np0005557558.novalocal container-server[96474]: ::1 - - [12/Dec/2025:18:42:37 +0000] "PUT /3/95644/AUTH_9f41729c3600455b8ee569c968fa446b/gnocchi.cb524b47-d9a2-4d87-b67f-3cbe964f797e/none_v3" 201 - "PUT http://[::1]:8080/1/134807/AUTH_9f41729c3600455b8ee569c968fa446b/gnocchi.cb524b47-d9a2-4d87-b67f-3cbe964f797e/none_v3" "tx327c614bb7c64dd89f21b-00693c621d" "object-server 96772" 0.0006 "-" 96474 0
Dec 12 13:42:37 np0005557558.novalocal object-server[96772]: ::1 - - [12/Dec/2025:18:42:37 +0000] "PUT /1/134807/AUTH_9f41729c3600455b8ee569c968fa446b/gnocchi.cb524b47-d9a2-4d87-b67f-3cbe964f797e/none_v3" 201 - "PUT https://[::1]:8080/v1/AUTH_9f41729c3600455b8ee569c968fa446b/gnocchi.cb524b47-d9a2-4d87-b67f-3cbe964f797e/none_v3" "tx327c614bb7c64dd89f21b-00693c621d" "proxy-server 97771" 0.0150 "-" 96772 0
Dec 12 13:42:37 np0005557558.novalocal container-server[96475]: ::1 - - [12/Dec/2025:18:42:37 +0000] "PUT /1/95644/AUTH_9f41729c3600455b8ee569c968fa446b/gnocchi.cb524b47-d9a2-4d87-b67f-3cbe964f797e/none_v3" 201 - "PUT http://[::1]:8080/2/134807/AUTH_9f41729c3600455b8ee569c968fa446b/gnocchi.cb524b47-d9a2-4d87-b67f-3cbe964f797e/none_v3" "tx327c614bb7c64dd89f21b-00693c621d" "object-server 96772" 0.0008 "-" 96475 0
Dec 12 13:42:37 np0005557558.novalocal object-server[96772]: ::1 - - [12/Dec/2025:18:42:37 +0000] "PUT /2/134807/AUTH_9f41729c3600455b8ee569c968fa446b/gnocchi.cb524b47-d9a2-4d87-b67f-3cbe964f797e/none_v3" 201 - "PUT https://[::1]:8080/v1/AUTH_9f41729c3600455b8ee569c968fa446b/gnocchi.cb524b47-d9a2-4d87-b67f-3cbe964f797e/none_v3" "tx327c614bb7c64dd89f21b-00693c621d" "proxy-server 97771" 0.0157 "-" 96772 0
Dec 12 13:42:37 np0005557558.novalocal proxy-server[97771]: ::1 ::1 12/Dec/2025/18/42/37 PUT /v1/AUTH_9f41729c3600455b8ee569c968fa446b/gnocchi.cb524b47-d9a2-4d87-b67f-3cbe964f797e/none_v3 HTTP/1.0 201 - python-swiftclient-4.7.0 gAAAAABpPGHN3vHt... 84 - - tx327c614bb7c64dd89f21b-00693c621d - 0.0231 - - 1765564957.531052113 1765564957.554147243 0
Dec 12 13:42:37 np0005557558.novalocal container-server[96474]: ::1 - - [12/Dec/2025:18:42:37 +0000] "PUT /3/109506/AUTH_9f41729c3600455b8ee569c968fa446b/gnocchi.7e978dce-4099-4052-97c1-62dcc1d83ded/1764720000.0_mean_300.0_v3" 201 - "PUT http://[::1]:8080/2/30163/AUTH_9f41729c3600455b8ee569c968fa446b/gnocchi.7e978dce-4099-4052-97c1-62dcc1d83ded/1764720000.0_mean_300.0_v3" "txbbd4363d66454fbdbe362-00693c621d" "object-server 96772" 0.0010 "-" 96474 0
Dec 12 13:42:37 np0005557558.novalocal container-server[96475]: ::1 - - [12/Dec/2025:18:42:37 +0000] "PUT /2/109506/AUTH_9f41729c3600455b8ee569c968fa446b/gnocchi.7e978dce-4099-4052-97c1-62dcc1d83ded/1764720000.0_mean_300.0_v3" 201 - "PUT http://[::1]:8080/1/30163/AUTH_9f41729c3600455b8ee569c968fa446b/gnocchi.7e978dce-4099-4052-97c1-62dcc1d83ded/1764720000.0_mean_300.0_v3" "txbbd4363d66454fbdbe362-00693c621d" "object-server 96771" 0.0009 "-" 96475 0
Dec 12 13:42:37 np0005557558.novalocal object-server[96772]: ::1 - - [12/Dec/2025:18:42:37 +0000] "PUT /2/30163/AUTH_9f41729c3600455b8ee569c968fa446b/gnocchi.7e978dce-4099-4052-97c1-62dcc1d83ded/1764720000.0_mean_300.0_v3" 201 - "PUT https://[::1]:8080/v1/AUTH_9f41729c3600455b8ee569c968fa446b/gnocchi.7e978dce-4099-4052-97c1-62dcc1d83ded/1764720000.0_mean_300.0_v3" "txbbd4363d66454fbdbe362-00693c621d" "proxy-server 97772" 0.0369 "-" 96772 0
Dec 12 13:42:37 np0005557558.novalocal object-server[96771]: ::1 - - [12/Dec/2025:18:42:37 +0000] "PUT /1/30163/AUTH_9f41729c3600455b8ee569c968fa446b/gnocchi.7e978dce-4099-4052-97c1-62dcc1d83ded/1764720000.0_mean_300.0_v3" 201 - "PUT https://[::1]:8080/v1/AUTH_9f41729c3600455b8ee569c968fa446b/gnocchi.7e978dce-4099-4052-97c1-62dcc1d83ded/1764720000.0_mean_300.0_v3" "txbbd4363d66454fbdbe362-00693c621d" "proxy-server 97772" 0.0389 "-" 96771 0
Dec 12 13:42:37 np0005557558.novalocal container-server[96475]: ::1 - - [12/Dec/2025:18:42:37 +0000] "PUT /1/109506/AUTH_9f41729c3600455b8ee569c968fa446b/gnocchi.7e978dce-4099-4052-97c1-62dcc1d83ded/1764720000.0_mean_300.0_v3" 201 - "PUT http://[::1]:8080/3/30163/AUTH_9f41729c3600455b8ee569c968fa446b/gnocchi.7e978dce-4099-4052-97c1-62dcc1d83ded/1764720000.0_mean_300.0_v3" "txbbd4363d66454fbdbe362-00693c621d" "object-server 96772" 0.0007 "-" 96475 0
Dec 12 13:42:37 np0005557558.novalocal object-server[96772]: ::1 - - [12/Dec/2025:18:42:37 +0000] "PUT /3/30163/AUTH_9f41729c3600455b8ee569c968fa446b/gnocchi.7e978dce-4099-4052-97c1-62dcc1d83ded/1764720000.0_mean_300.0_v3" 201 - "PUT https://[::1]:8080/v1/AUTH_9f41729c3600455b8ee569c968fa446b/gnocchi.7e978dce-4099-4052-97c1-62dcc1d83ded/1764720000.0_mean_300.0_v3" "txbbd4363d66454fbdbe362-00693c621d" "proxy-server 97772" 0.0360 "-" 96772 0
Dec 12 13:42:37 np0005557558.novalocal proxy-server[97772]: ::1 ::1 12/Dec/2025/18/42/37 PUT /v1/AUTH_9f41729c3600455b8ee569c968fa446b/gnocchi.7e978dce-4099-4052-97c1-62dcc1d83ded/1764720000.0_mean_300.0_v3 HTTP/1.0 201 - python-swiftclient-4.7.0 gAAAAABpPGHN1oGc... 16 - - txbbd4363d66454fbdbe362-00693c621d - 0.0512 - - 1765564957.530895710 1765564957.582103729 0
Dec 12 13:42:37 np0005557558.novalocal container-server[96475]: ::1 - - [12/Dec/2025:18:42:37 +0000] "PUT /3/109506/AUTH_9f41729c3600455b8ee569c968fa446b/gnocchi.7e978dce-4099-4052-97c1-62dcc1d83ded/none_v3" 201 - "PUT http://[::1]:8080/1/88028/AUTH_9f41729c3600455b8ee569c968fa446b/gnocchi.7e978dce-4099-4052-97c1-62dcc1d83ded/none_v3" "tx877ca15502f646e0b6dee-00693c621d" "object-server 96772" 0.0008 "-" 96475 0
Dec 12 13:42:37 np0005557558.novalocal object-server[96772]: ::1 - - [12/Dec/2025:18:42:37 +0000] "PUT /1/88028/AUTH_9f41729c3600455b8ee569c968fa446b/gnocchi.7e978dce-4099-4052-97c1-62dcc1d83ded/none_v3" 201 - "PUT https://[::1]:8080/v1/AUTH_9f41729c3600455b8ee569c968fa446b/gnocchi.7e978dce-4099-4052-97c1-62dcc1d83ded/none_v3" "tx877ca15502f646e0b6dee-00693c621d" "proxy-server 97772" 0.0180 "-" 96772 0
Dec 12 13:42:37 np0005557558.novalocal container-server[96474]: ::1 - - [12/Dec/2025:18:42:37 +0000] "PUT /2/109506/AUTH_9f41729c3600455b8ee569c968fa446b/gnocchi.7e978dce-4099-4052-97c1-62dcc1d83ded/none_v3" 201 - "PUT http://[::1]:8080/3/88028/AUTH_9f41729c3600455b8ee569c968fa446b/gnocchi.7e978dce-4099-4052-97c1-62dcc1d83ded/none_v3" "tx877ca15502f646e0b6dee-00693c621d" "object-server 96772" 0.0015 "-" 96474 0
Dec 12 13:42:37 np0005557558.novalocal container-server[96475]: ::1 - - [12/Dec/2025:18:42:37 +0000] "PUT /1/109506/AUTH_9f41729c3600455b8ee569c968fa446b/gnocchi.7e978dce-4099-4052-97c1-62dcc1d83ded/none_v3" 201 - "PUT http://[::1]:8080/2/88028/AUTH_9f41729c3600455b8ee569c968fa446b/gnocchi.7e978dce-4099-4052-97c1-62dcc1d83ded/none_v3" "tx877ca15502f646e0b6dee-00693c621d" "object-server 96772" 0.0008 "-" 96475 0
Dec 12 13:42:37 np0005557558.novalocal object-server[96772]: ::1 - - [12/Dec/2025:18:42:37 +0000] "PUT /3/88028/AUTH_9f41729c3600455b8ee569c968fa446b/gnocchi.7e978dce-4099-4052-97c1-62dcc1d83ded/none_v3" 201 - "PUT https://[::1]:8080/v1/AUTH_9f41729c3600455b8ee569c968fa446b/gnocchi.7e978dce-4099-4052-97c1-62dcc1d83ded/none_v3" "tx877ca15502f646e0b6dee-00693c621d" "proxy-server 97772" 0.0186 "-" 96772 0
Dec 12 13:42:37 np0005557558.novalocal object-server[96772]: ::1 - - [12/Dec/2025:18:42:37 +0000] "PUT /2/88028/AUTH_9f41729c3600455b8ee569c968fa446b/gnocchi.7e978dce-4099-4052-97c1-62dcc1d83ded/none_v3" 201 - "PUT https://[::1]:8080/v1/AUTH_9f41729c3600455b8ee569c968fa446b/gnocchi.7e978dce-4099-4052-97c1-62dcc1d83ded/none_v3" "tx877ca15502f646e0b6dee-00693c621d" "proxy-server 97772" 0.0182 "-" 96772 0
Dec 12 13:42:37 np0005557558.novalocal proxy-server[97772]: ::1 ::1 12/Dec/2025/18/42/37 PUT /v1/AUTH_9f41729c3600455b8ee569c968fa446b/gnocchi.7e978dce-4099-4052-97c1-62dcc1d83ded/none_v3 HTTP/1.0 201 - python-swiftclient-4.7.0 gAAAAABpPGHN1oGc... 22 - - tx877ca15502f646e0b6dee-00693c621d - 0.0266 - - 1765564957.584411621 1765564957.611023664 0
Dec 12 13:42:37 np0005557558.novalocal dnsmasq[104053]: read /var/lib/neutron/dhcp/f69813e4-32f4-4682-a2d3-3a6a87099785/addn_hosts - 1 addresses
Dec 12 13:42:37 np0005557558.novalocal dnsmasq-dhcp[104053]: read /var/lib/neutron/dhcp/f69813e4-32f4-4682-a2d3-3a6a87099785/host
Dec 12 13:42:37 np0005557558.novalocal dnsmasq-dhcp[104053]: read /var/lib/neutron/dhcp/f69813e4-32f4-4682-a2d3-3a6a87099785/opts
Dec 12 13:42:40 np0005557558.novalocal account-replicator[96238]: Beginning replication run
Dec 12 13:42:40 np0005557558.novalocal account-replicator[96238]: Replication run OVER
Dec 12 13:42:40 np0005557558.novalocal account-replicator[96238]: Attempted to replicate 3 dbs in 0.07924 seconds (37.85924/s)
Dec 12 13:42:40 np0005557558.novalocal account-replicator[96238]: Removed 0 dbs
Dec 12 13:42:40 np0005557558.novalocal account-replicator[96238]: 6 successes, 0 failures
Dec 12 13:42:40 np0005557558.novalocal account-replicator[96238]: diff:0 diff_capped:0 empty:0 hashmatch:0 no_change:6 remote_merge:0 rsync:0 ts_repl:0
Dec 12 13:42:41 np0005557558.novalocal object-server[96772]: ::1 - - [12/Dec/2025:18:42:41 +0000] "GET /3/192701/AUTH_9f41729c3600455b8ee569c968fa446b/gnocchi.1114fed5-4398-456f-8f40-8ef990b5cf80/none_v3" 200 22 "GET https://[::1]:8080/v1/AUTH_9f41729c3600455b8ee569c968fa446b/gnocchi.1114fed5-4398-456f-8f40-8ef990b5cf80/none_v3" "tx170d4f8b440e4400b67a6-00693c6221" "proxy-server 97771" 0.0007 "-" 96772 0
Dec 12 13:42:41 np0005557558.novalocal proxy-server[97771]: ::1 ::1 12/Dec/2025/18/42/41 GET /v1/AUTH_9f41729c3600455b8ee569c968fa446b/gnocchi.1114fed5-4398-456f-8f40-8ef990b5cf80/none_v3 HTTP/1.0 200 - python-swiftclient-4.7.0 gAAAAABpPGHN3vHt... - 22 - tx170d4f8b440e4400b67a6-00693c6221 - 0.0075 - - 1765564961.793099165 1765564961.800608397 0
Dec 12 13:42:41 np0005557558.novalocal container-server[96475]: ::1 - - [12/Dec/2025:18:42:41 +0000] "GET /1/132307/AUTH_9f41729c3600455b8ee569c968fa446b/gnocchi.1114fed5-4398-456f-8f40-8ef990b5cf80" 200 357 "GET https://[::1]:8080/v1/AUTH_9f41729c3600455b8ee569c968fa446b/gnocchi.1114fed5-4398-456f-8f40-8ef990b5cf80?format=json&states=listing" "tx70cd85bea5ae4c88a2dc3-00693c6221" "proxy-server 97771" 0.0102 "-" 96475 0
Dec 12 13:42:41 np0005557558.novalocal proxy-server[97771]: ::1 ::1 12/Dec/2025/18/42/41 GET /v1/AUTH_9f41729c3600455b8ee569c968fa446b/gnocchi.1114fed5-4398-456f-8f40-8ef990b5cf80%3Fformat%3Djson%26states%3Dlisting HTTP/1.0 200 - python-swiftclient-4.7.0 gAAAAABpPGHN3vHt... - 357 - tx70cd85bea5ae4c88a2dc3-00693c6221 - 0.0202 - - 1765564961.804526806 1765564961.824696064 0
Dec 12 13:42:41 np0005557558.novalocal container-server[96475]: ::1 - - [12/Dec/2025:18:42:41 +0000] "GET /2/132307/AUTH_9f41729c3600455b8ee569c968fa446b/gnocchi.1114fed5-4398-456f-8f40-8ef990b5cf80" 200 2 "GET https://[::1]:8080/v1/AUTH_9f41729c3600455b8ee569c968fa446b/gnocchi.1114fed5-4398-456f-8f40-8ef990b5cf80?format=json&marker=none_v3&states=listing" "tx381fff67b8554cdbbeaa9-00693c6221" "proxy-server 97771" 0.0081 "-" 96475 0
Dec 12 13:42:41 np0005557558.novalocal proxy-server[97771]: ::1 ::1 12/Dec/2025/18/42/41 GET /v1/AUTH_9f41729c3600455b8ee569c968fa446b/gnocchi.1114fed5-4398-456f-8f40-8ef990b5cf80%3Fformat%3Djson%26marker%3Dnone_v3%26states%3Dlisting HTTP/1.0 200 - python-swiftclient-4.7.0 gAAAAABpPGHN3vHt... - 2 - tx381fff67b8554cdbbeaa9-00693c6221 - 0.0170 - - 1765564961.828254461 1765564961.845240831 0
Dec 12 13:42:41 np0005557558.novalocal object-server[96771]: ::1 - - [12/Dec/2025:18:42:41 +0000] "GET /2/245539/AUTH_9f41729c3600455b8ee569c968fa446b/gnocchi.1114fed5-4398-456f-8f40-8ef990b5cf80/1764720000.0_mean_300.0_v3" 200 16 "GET https://[::1]:8080/v1/AUTH_9f41729c3600455b8ee569c968fa446b/gnocchi.1114fed5-4398-456f-8f40-8ef990b5cf80/1764720000.0_mean_300.0_v3" "tx58367a39bd6e4b4faee55-00693c6221" "proxy-server 97771" 0.0006 "-" 96771 0
Dec 12 13:42:41 np0005557558.novalocal proxy-server[97771]: ::1 ::1 12/Dec/2025/18/42/41 GET /v1/AUTH_9f41729c3600455b8ee569c968fa446b/gnocchi.1114fed5-4398-456f-8f40-8ef990b5cf80/1764720000.0_mean_300.0_v3 HTTP/1.0 200 - python-swiftclient-4.7.0 gAAAAABpPGHN3vHt... - 16 - tx58367a39bd6e4b4faee55-00693c6221 - 0.0080 - - 1765564961.849425316 1765564961.857397556 0
Dec 12 13:42:41 np0005557558.novalocal container-server[96475]: ::1 - - [12/Dec/2025:18:42:41 +0000] "PUT /2/132307/AUTH_9f41729c3600455b8ee569c968fa446b/gnocchi.1114fed5-4398-456f-8f40-8ef990b5cf80/1764720000.0_mean_300.0_v3" 201 - "PUT http://[::1]:8080/3/245539/AUTH_9f41729c3600455b8ee569c968fa446b/gnocchi.1114fed5-4398-456f-8f40-8ef990b5cf80/1764720000.0_mean_300.0_v3" "tx3bd392fcfdd749f49df97-00693c6221" "object-server 96771" 0.0010 "-" 96475 0
Dec 12 13:42:41 np0005557558.novalocal container-server[96474]: ::1 - - [12/Dec/2025:18:42:41 +0000] "PUT /1/132307/AUTH_9f41729c3600455b8ee569c968fa446b/gnocchi.1114fed5-4398-456f-8f40-8ef990b5cf80/1764720000.0_mean_300.0_v3" 201 - "PUT http://[::1]:8080/2/245539/AUTH_9f41729c3600455b8ee569c968fa446b/gnocchi.1114fed5-4398-456f-8f40-8ef990b5cf80/1764720000.0_mean_300.0_v3" "tx3bd392fcfdd749f49df97-00693c6221" "object-server 96772" 0.0011 "-" 96474 0
Dec 12 13:42:41 np0005557558.novalocal object-server[96771]: ::1 - - [12/Dec/2025:18:42:41 +0000] "PUT /3/245539/AUTH_9f41729c3600455b8ee569c968fa446b/gnocchi.1114fed5-4398-456f-8f40-8ef990b5cf80/1764720000.0_mean_300.0_v3" 201 - "PUT https://[::1]:8080/v1/AUTH_9f41729c3600455b8ee569c968fa446b/gnocchi.1114fed5-4398-456f-8f40-8ef990b5cf80/1764720000.0_mean_300.0_v3" "tx3bd392fcfdd749f49df97-00693c6221" "proxy-server 97771" 0.0198 "-" 96771 0
Dec 12 13:42:41 np0005557558.novalocal object-server[96772]: ::1 - - [12/Dec/2025:18:42:41 +0000] "PUT /2/245539/AUTH_9f41729c3600455b8ee569c968fa446b/gnocchi.1114fed5-4398-456f-8f40-8ef990b5cf80/1764720000.0_mean_300.0_v3" 201 - "PUT https://[::1]:8080/v1/AUTH_9f41729c3600455b8ee569c968fa446b/gnocchi.1114fed5-4398-456f-8f40-8ef990b5cf80/1764720000.0_mean_300.0_v3" "tx3bd392fcfdd749f49df97-00693c6221" "proxy-server 97771" 0.0215 "-" 96772 0
Dec 12 13:42:41 np0005557558.novalocal container-server[96475]: ::1 - - [12/Dec/2025:18:42:41 +0000] "PUT /3/132307/AUTH_9f41729c3600455b8ee569c968fa446b/gnocchi.1114fed5-4398-456f-8f40-8ef990b5cf80/1764720000.0_mean_300.0_v3" 201 - "PUT http://[::1]:8080/1/245539/AUTH_9f41729c3600455b8ee569c968fa446b/gnocchi.1114fed5-4398-456f-8f40-8ef990b5cf80/1764720000.0_mean_300.0_v3" "tx3bd392fcfdd749f49df97-00693c6221" "object-server 96771" 0.0008 "-" 96475 0
Dec 12 13:42:41 np0005557558.novalocal object-server[96771]: ::1 - - [12/Dec/2025:18:42:41 +0000] "PUT /1/245539/AUTH_9f41729c3600455b8ee569c968fa446b/gnocchi.1114fed5-4398-456f-8f40-8ef990b5cf80/1764720000.0_mean_300.0_v3" 201 - "PUT https://[::1]:8080/v1/AUTH_9f41729c3600455b8ee569c968fa446b/gnocchi.1114fed5-4398-456f-8f40-8ef990b5cf80/1764720000.0_mean_300.0_v3" "tx3bd392fcfdd749f49df97-00693c6221" "proxy-server 97771" 0.0195 "-" 96771 0
Dec 12 13:42:41 np0005557558.novalocal proxy-server[97771]: ::1 ::1 12/Dec/2025/18/42/41 PUT /v1/AUTH_9f41729c3600455b8ee569c968fa446b/gnocchi.1114fed5-4398-456f-8f40-8ef990b5cf80/1764720000.0_mean_300.0_v3 HTTP/1.0 201 - python-swiftclient-4.7.0 gAAAAABpPGHN3vHt... 16 - - tx3bd392fcfdd749f49df97-00693c6221 - 0.0345 - - 1765564961.861403227 1765564961.895856619 0
Dec 12 13:42:41 np0005557558.novalocal object-server[96772]: ::1 - - [12/Dec/2025:18:42:41 +0000] "GET /3/132649/AUTH_9f41729c3600455b8ee569c968fa446b/gnocchi.a83a0515-e11d-4360-b552-98bfc945920d/none_v3" 200 84 "GET https://[::1]:8080/v1/AUTH_9f41729c3600455b8ee569c968fa446b/gnocchi.a83a0515-e11d-4360-b552-98bfc945920d/none_v3" "txa7547072f49d4092a84e0-00693c6221" "proxy-server 97772" 0.0049 "-" 96772 0
Dec 12 13:42:41 np0005557558.novalocal proxy-server[97772]: ::1 ::1 12/Dec/2025/18/42/41 GET /v1/AUTH_9f41729c3600455b8ee569c968fa446b/gnocchi.a83a0515-e11d-4360-b552-98bfc945920d/none_v3 HTTP/1.0 200 - python-swiftclient-4.7.0 gAAAAABpPGHN1oGc... - 84 - txa7547072f49d4092a84e0-00693c6221 - 0.0168 - - 1765564961.887436390 1765564961.904205322 0
Dec 12 13:42:41 np0005557558.novalocal container-server[96475]: ::1 - - [12/Dec/2025:18:42:41 +0000] "GET /1/57131/AUTH_9f41729c3600455b8ee569c968fa446b/gnocchi.a83a0515-e11d-4360-b552-98bfc945920d" 200 357 "GET https://[::1]:8080/v1/AUTH_9f41729c3600455b8ee569c968fa446b/gnocchi.a83a0515-e11d-4360-b552-98bfc945920d?format=json&states=listing" "tx8c89ca9c281d43ce95ce2-00693c6221" "proxy-server 97772" 0.0078 "-" 96475 0
Dec 12 13:42:41 np0005557558.novalocal container-server[96475]: ::1 - - [12/Dec/2025:18:42:41 +0000] "PUT /1/132307/AUTH_9f41729c3600455b8ee569c968fa446b/gnocchi.1114fed5-4398-456f-8f40-8ef990b5cf80/none_v3" 201 - "PUT http://[::1]:8080/1/192701/AUTH_9f41729c3600455b8ee569c968fa446b/gnocchi.1114fed5-4398-456f-8f40-8ef990b5cf80/none_v3" "tx64dda89346d945fe815fa-00693c6221" "object-server 96771" 0.0005 "-" 96475 0
Dec 12 13:42:41 np0005557558.novalocal proxy-server[97772]: ::1 ::1 12/Dec/2025/18/42/41 GET /v1/AUTH_9f41729c3600455b8ee569c968fa446b/gnocchi.a83a0515-e11d-4360-b552-98bfc945920d%3Fformat%3Djson%26states%3Dlisting HTTP/1.0 200 - python-swiftclient-4.7.0 gAAAAABpPGHN1oGc... - 357 - tx8c89ca9c281d43ce95ce2-00693c6221 - 0.0165 - - 1765564961.910891771 1765564961.927382231 0
Dec 12 13:42:41 np0005557558.novalocal object-server[96771]: ::1 - - [12/Dec/2025:18:42:41 +0000] "PUT /1/192701/AUTH_9f41729c3600455b8ee569c968fa446b/gnocchi.1114fed5-4398-456f-8f40-8ef990b5cf80/none_v3" 201 - "PUT https://[::1]:8080/v1/AUTH_9f41729c3600455b8ee569c968fa446b/gnocchi.1114fed5-4398-456f-8f40-8ef990b5cf80/none_v3" "tx64dda89346d945fe815fa-00693c6221" "proxy-server 97771" 0.0082 "-" 96771 0
Dec 12 13:42:41 np0005557558.novalocal container-server[96474]: ::1 - - [12/Dec/2025:18:42:41 +0000] "PUT /3/132307/AUTH_9f41729c3600455b8ee569c968fa446b/gnocchi.1114fed5-4398-456f-8f40-8ef990b5cf80/none_v3" 201 - "PUT http://[::1]:8080/2/192701/AUTH_9f41729c3600455b8ee569c968fa446b/gnocchi.1114fed5-4398-456f-8f40-8ef990b5cf80/none_v3" "tx64dda89346d945fe815fa-00693c6221" "object-server 96772" 0.0007 "-" 96474 0
Dec 12 13:42:41 np0005557558.novalocal object-server[96772]: ::1 - - [12/Dec/2025:18:42:41 +0000] "PUT /2/192701/AUTH_9f41729c3600455b8ee569c968fa446b/gnocchi.1114fed5-4398-456f-8f40-8ef990b5cf80/none_v3" 201 - "PUT https://[::1]:8080/v1/AUTH_9f41729c3600455b8ee569c968fa446b/gnocchi.1114fed5-4398-456f-8f40-8ef990b5cf80/none_v3" "tx64dda89346d945fe815fa-00693c6221" "proxy-server 97771" 0.0126 "-" 96772 0
Dec 12 13:42:41 np0005557558.novalocal container-server[96474]: ::1 - - [12/Dec/2025:18:42:41 +0000] "PUT /2/132307/AUTH_9f41729c3600455b8ee569c968fa446b/gnocchi.1114fed5-4398-456f-8f40-8ef990b5cf80/none_v3" 201 - "PUT http://[::1]:8080/3/192701/AUTH_9f41729c3600455b8ee569c968fa446b/gnocchi.1114fed5-4398-456f-8f40-8ef990b5cf80/none_v3" "tx64dda89346d945fe815fa-00693c6221" "object-server 96771" 0.0009 "-" 96474 0
Dec 12 13:42:41 np0005557558.novalocal object-server[96771]: ::1 - - [12/Dec/2025:18:42:41 +0000] "PUT /3/192701/AUTH_9f41729c3600455b8ee569c968fa446b/gnocchi.1114fed5-4398-456f-8f40-8ef990b5cf80/none_v3" 201 - "PUT https://[::1]:8080/v1/AUTH_9f41729c3600455b8ee569c968fa446b/gnocchi.1114fed5-4398-456f-8f40-8ef990b5cf80/none_v3" "tx64dda89346d945fe815fa-00693c6221" "proxy-server 97771" 0.0144 "-" 96771 0
Dec 12 13:42:41 np0005557558.novalocal proxy-server[97771]: ::1 ::1 12/Dec/2025/18/42/41 PUT /v1/AUTH_9f41729c3600455b8ee569c968fa446b/gnocchi.1114fed5-4398-456f-8f40-8ef990b5cf80/none_v3 HTTP/1.0 201 - python-swiftclient-4.7.0 gAAAAABpPGHN3vHt... 32 - - tx64dda89346d945fe815fa-00693c6221 - 0.0255 - - 1765564961.907752037 1765564961.933269024 0
Dec 12 13:42:41 np0005557558.novalocal container-server[96475]: ::1 - - [12/Dec/2025:18:42:41 +0000] "GET /3/57131/AUTH_9f41729c3600455b8ee569c968fa446b/gnocchi.a83a0515-e11d-4360-b552-98bfc945920d" 200 2 "GET https://[::1]:8080/v1/AUTH_9f41729c3600455b8ee569c968fa446b/gnocchi.a83a0515-e11d-4360-b552-98bfc945920d?format=json&marker=none_v3&states=listing" "tx2c5ca423eb3547a4973ee-00693c6221" "proxy-server 97772" 0.0073 "-" 96475 0
Dec 12 13:42:41 np0005557558.novalocal proxy-server[97772]: ::1 ::1 12/Dec/2025/18/42/41 GET /v1/AUTH_9f41729c3600455b8ee569c968fa446b/gnocchi.a83a0515-e11d-4360-b552-98bfc945920d%3Fformat%3Djson%26marker%3Dnone_v3%26states%3Dlisting HTTP/1.0 200 - python-swiftclient-4.7.0 gAAAAABpPGHN1oGc... - 2 - tx2c5ca423eb3547a4973ee-00693c6221 - 0.0155 - - 1765564961.930713892 1765564961.946236849 0
Dec 12 13:42:41 np0005557558.novalocal object-server[96771]: ::1 - - [12/Dec/2025:18:42:41 +0000] "GET /3/56111/AUTH_9f41729c3600455b8ee569c968fa446b/gnocchi.a83a0515-e11d-4360-b552-98bfc945920d/1764720000.0_mean_300.0_v3" 200 16 "GET https://[::1]:8080/v1/AUTH_9f41729c3600455b8ee569c968fa446b/gnocchi.a83a0515-e11d-4360-b552-98bfc945920d/1764720000.0_mean_300.0_v3" "txc0ce2627042949cfa67d0-00693c6221" "proxy-server 97772" 0.0006 "-" 96771 0
Dec 12 13:42:41 np0005557558.novalocal proxy-server[97772]: ::1 ::1 12/Dec/2025/18/42/41 GET /v1/AUTH_9f41729c3600455b8ee569c968fa446b/gnocchi.a83a0515-e11d-4360-b552-98bfc945920d/1764720000.0_mean_300.0_v3 HTTP/1.0 200 - python-swiftclient-4.7.0 gAAAAABpPGHN1oGc... - 16 - txc0ce2627042949cfa67d0-00693c6221 - 0.0113 - - 1765564961.954116106 1765564961.965458155 0
Dec 12 13:42:41 np0005557558.novalocal container-server[96474]: ::1 - - [12/Dec/2025:18:42:41 +0000] "PUT /3/57131/AUTH_9f41729c3600455b8ee569c968fa446b/gnocchi.a83a0515-e11d-4360-b552-98bfc945920d/1764720000.0_mean_300.0_v3" 201 - "PUT http://[::1]:8080/1/56111/AUTH_9f41729c3600455b8ee569c968fa446b/gnocchi.a83a0515-e11d-4360-b552-98bfc945920d/1764720000.0_mean_300.0_v3" "txef41ac5a871046c39c2cd-00693c6221" "object-server 96772" 0.0006 "-" 96474 0
Dec 12 13:42:41 np0005557558.novalocal container-server[96475]: ::1 - - [12/Dec/2025:18:42:41 +0000] "PUT /2/57131/AUTH_9f41729c3600455b8ee569c968fa446b/gnocchi.a83a0515-e11d-4360-b552-98bfc945920d/1764720000.0_mean_300.0_v3" 201 - "PUT http://[::1]:8080/2/56111/AUTH_9f41729c3600455b8ee569c968fa446b/gnocchi.a83a0515-e11d-4360-b552-98bfc945920d/1764720000.0_mean_300.0_v3" "txef41ac5a871046c39c2cd-00693c6221" "object-server 96771" 0.0011 "-" 96475 0
Dec 12 13:42:42 np0005557558.novalocal object-server[96771]: ::1 - - [12/Dec/2025:18:42:42 +0000] "PUT /2/56111/AUTH_9f41729c3600455b8ee569c968fa446b/gnocchi.a83a0515-e11d-4360-b552-98bfc945920d/1764720000.0_mean_300.0_v3" 201 - "PUT https://[::1]:8080/v1/AUTH_9f41729c3600455b8ee569c968fa446b/gnocchi.a83a0515-e11d-4360-b552-98bfc945920d/1764720000.0_mean_300.0_v3" "txef41ac5a871046c39c2cd-00693c6221" "proxy-server 97772" 0.0145 "-" 96771 0
Dec 12 13:42:42 np0005557558.novalocal object-server[96772]: ::1 - - [12/Dec/2025:18:42:42 +0000] "GET /3/101904/AUTH_9f41729c3600455b8ee569c968fa446b/gnocchi.cae9900d-0536-4144-9778-fb3356bcf5a9/none_v3" 200 22 "GET https://[::1]:8080/v1/AUTH_9f41729c3600455b8ee569c968fa446b/gnocchi.cae9900d-0536-4144-9778-fb3356bcf5a9/none_v3" "tx3a186545b6b64287b6d59-00693c6221" "proxy-server 97771" 0.0015 "-" 96772 0
Dec 12 13:42:42 np0005557558.novalocal object-server[96772]: ::1 - - [12/Dec/2025:18:42:42 +0000] "PUT /1/56111/AUTH_9f41729c3600455b8ee569c968fa446b/gnocchi.a83a0515-e11d-4360-b552-98bfc945920d/1764720000.0_mean_300.0_v3" 201 - "PUT https://[::1]:8080/v1/AUTH_9f41729c3600455b8ee569c968fa446b/gnocchi.a83a0515-e11d-4360-b552-98bfc945920d/1764720000.0_mean_300.0_v3" "txef41ac5a871046c39c2cd-00693c6221" "proxy-server 97772" 0.0187 "-" 96772 0
Dec 12 13:42:42 np0005557558.novalocal proxy-server[97771]: ::1 ::1 12/Dec/2025/18/42/42 GET /v1/AUTH_9f41729c3600455b8ee569c968fa446b/gnocchi.cae9900d-0536-4144-9778-fb3356bcf5a9/none_v3 HTTP/1.0 200 - python-swiftclient-4.7.0 gAAAAABpPGHN3vHt... - 22 - tx3a186545b6b64287b6d59-00693c6221 - 0.0107 - - 1765564961.993974447 1765564962.004700899 0
Dec 12 13:42:42 np0005557558.novalocal container-server[96474]: ::1 - - [12/Dec/2025:18:42:42 +0000] "PUT /1/57131/AUTH_9f41729c3600455b8ee569c968fa446b/gnocchi.a83a0515-e11d-4360-b552-98bfc945920d/1764720000.0_mean_300.0_v3" 201 - "PUT http://[::1]:8080/3/56111/AUTH_9f41729c3600455b8ee569c968fa446b/gnocchi.a83a0515-e11d-4360-b552-98bfc945920d/1764720000.0_mean_300.0_v3" "txef41ac5a871046c39c2cd-00693c6221" "object-server 96772" 0.0006 "-" 96474 0
Dec 12 13:42:42 np0005557558.novalocal object-server[96772]: ::1 - - [12/Dec/2025:18:42:42 +0000] "PUT /3/56111/AUTH_9f41729c3600455b8ee569c968fa446b/gnocchi.a83a0515-e11d-4360-b552-98bfc945920d/1764720000.0_mean_300.0_v3" 201 - "PUT https://[::1]:8080/v1/AUTH_9f41729c3600455b8ee569c968fa446b/gnocchi.a83a0515-e11d-4360-b552-98bfc945920d/1764720000.0_mean_300.0_v3" "txef41ac5a871046c39c2cd-00693c6221" "proxy-server 97772" 0.0179 "-" 96772 0
Dec 12 13:42:42 np0005557558.novalocal proxy-server[97772]: ::1 ::1 12/Dec/2025/18/42/42 PUT /v1/AUTH_9f41729c3600455b8ee569c968fa446b/gnocchi.a83a0515-e11d-4360-b552-98bfc945920d/1764720000.0_mean_300.0_v3 HTTP/1.0 201 - python-swiftclient-4.7.0 gAAAAABpPGHN1oGc... 16 - - txef41ac5a871046c39c2cd-00693c6221 - 0.0347 - - 1765564961.973180771 1765564962.007865429 0
Dec 12 13:42:42 np0005557558.novalocal container-server[96474]: ::1 - - [12/Dec/2025:18:42:42 +0000] "GET /3/49590/AUTH_9f41729c3600455b8ee569c968fa446b/gnocchi.cae9900d-0536-4144-9778-fb3356bcf5a9" 200 357 "GET https://[::1]:8080/v1/AUTH_9f41729c3600455b8ee569c968fa446b/gnocchi.cae9900d-0536-4144-9778-fb3356bcf5a9?format=json&states=listing" "tx4fdca34266b8429fb6761-00693c6222" "proxy-server 97771" 0.0057 "-" 96474 0
Dec 12 13:42:42 np0005557558.novalocal proxy-server[97771]: ::1 ::1 12/Dec/2025/18/42/42 GET /v1/AUTH_9f41729c3600455b8ee569c968fa446b/gnocchi.cae9900d-0536-4144-9778-fb3356bcf5a9%3Fformat%3Djson%26states%3Dlisting HTTP/1.0 200 - python-swiftclient-4.7.0 gAAAAABpPGHN3vHt... - 357 - tx4fdca34266b8429fb6761-00693c6222 - 0.0142 - - 1765564962.007806540 1765564962.022044420 0
Dec 12 13:42:42 np0005557558.novalocal container-server[96474]: ::1 - - [12/Dec/2025:18:42:42 +0000] "PUT /1/57131/AUTH_9f41729c3600455b8ee569c968fa446b/gnocchi.a83a0515-e11d-4360-b552-98bfc945920d/none_v3" 201 - "PUT http://[::1]:8080/1/132649/AUTH_9f41729c3600455b8ee569c968fa446b/gnocchi.a83a0515-e11d-4360-b552-98bfc945920d/none_v3" "txf9b70c2988b74579b7249-00693c6222" "object-server 96772" 0.0004 "-" 96474 0
Dec 12 13:42:42 np0005557558.novalocal container-server[96475]: ::1 - - [12/Dec/2025:18:42:42 +0000] "GET /3/49590/AUTH_9f41729c3600455b8ee569c968fa446b/gnocchi.cae9900d-0536-4144-9778-fb3356bcf5a9" 200 2 "GET https://[::1]:8080/v1/AUTH_9f41729c3600455b8ee569c968fa446b/gnocchi.cae9900d-0536-4144-9778-fb3356bcf5a9?format=json&marker=none_v3&states=listing" "tx13208fb5b3fb41209e4e3-00693c6222" "proxy-server 97771" 0.0068 "-" 96475 0
Dec 12 13:42:42 np0005557558.novalocal object-server[96772]: ::1 - - [12/Dec/2025:18:42:42 +0000] "PUT /1/132649/AUTH_9f41729c3600455b8ee569c968fa446b/gnocchi.a83a0515-e11d-4360-b552-98bfc945920d/none_v3" 201 - "PUT https://[::1]:8080/v1/AUTH_9f41729c3600455b8ee569c968fa446b/gnocchi.a83a0515-e11d-4360-b552-98bfc945920d/none_v3" "txf9b70c2988b74579b7249-00693c6222" "proxy-server 97772" 0.0148 "-" 96772 0
Dec 12 13:42:42 np0005557558.novalocal container-server[96474]: ::1 - - [12/Dec/2025:18:42:42 +0000] "PUT /2/57131/AUTH_9f41729c3600455b8ee569c968fa446b/gnocchi.a83a0515-e11d-4360-b552-98bfc945920d/none_v3" 201 - "PUT http://[::1]:8080/2/132649/AUTH_9f41729c3600455b8ee569c968fa446b/gnocchi.a83a0515-e11d-4360-b552-98bfc945920d/none_v3" "txf9b70c2988b74579b7249-00693c6222" "object-server 96772" 0.0003 "-" 96474 0
