Dec 12 13:42:57 np0005557558.novalocal object-server[96772]: ::1 - - [12/Dec/2025:18:42:57 +0000] "GET /2/133120/AUTH_9f41729c3600455b8ee569c968fa446b/gnocchi.c459a300-5423-4903-9d0f-b6cadce2eda3/none_v3" 404 70 "GET https://[::1]:8080/v1/AUTH_9f41729c3600455b8ee569c968fa446b/gnocchi.c459a300-5423-4903-9d0f-b6cadce2eda3/none_v3" "tx4e8dea4e48974f0298a0f-00693c6231" "proxy-server 97771" 0.0003 "-" 96772 0
Dec 12 13:42:57 np0005557558.novalocal proxy-server[97771]: ::1 ::1 12/Dec/2025/18/42/57 GET /v1/AUTH_9f41729c3600455b8ee569c968fa446b/gnocchi.c459a300-5423-4903-9d0f-b6cadce2eda3/none_v3 HTTP/1.0 404 - python-swiftclient-4.7.0 gAAAAABpPGHN3vHt... - 70 - tx4e8dea4e48974f0298a0f-00693c6231 - 0.0322 - - 1765564977.082755566 1765564977.114963770 0
Dec 12 13:42:57 np0005557558.novalocal account-server[96175]: ::1 - - [12/Dec/2025:18:42:57 +0000] "PUT /2/24542/AUTH_9f41729c3600455b8ee569c968fa446b/gnocchi.c459a300-5423-4903-9d0f-b6cadce2eda3" 201 - "PUT http://[::1]:6001/3/2848/AUTH_9f41729c3600455b8ee569c968fa446b/gnocchi.c459a300-5423-4903-9d0f-b6cadce2eda3" "tx1ba4375ad3194ebb9a1aa-00693c6231" "container-server 96475" 0.0038 "-" 96175 0
Dec 12 13:42:57 np0005557558.novalocal container-server[96475]: ::1 - - [12/Dec/2025:18:42:57 +0000] "PUT /3/2848/AUTH_9f41729c3600455b8ee569c968fa446b/gnocchi.c459a300-5423-4903-9d0f-b6cadce2eda3" 201 - "PUT https://[::1]:8080/v1/AUTH_9f41729c3600455b8ee569c968fa446b/gnocchi.c459a300-5423-4903-9d0f-b6cadce2eda3" "tx1ba4375ad3194ebb9a1aa-00693c6231" "proxy-server 97771" 0.0217 "-" 96475 0
Dec 12 13:42:57 np0005557558.novalocal account-server[96175]: ::1 - - [12/Dec/2025:18:42:57 +0000] "PUT /1/24542/AUTH_9f41729c3600455b8ee569c968fa446b/gnocchi.c459a300-5423-4903-9d0f-b6cadce2eda3" 201 - "PUT http://[::1]:6001/1/2848/AUTH_9f41729c3600455b8ee569c968fa446b/gnocchi.c459a300-5423-4903-9d0f-b6cadce2eda3" "tx1ba4375ad3194ebb9a1aa-00693c6231" "container-server 96474" 0.0038 "-" 96175 0
Dec 12 13:42:57 np0005557558.novalocal container-server[96475]: ::1 - - [12/Dec/2025:18:42:57 +0000] "HEAD /1/43632/AUTH_9f41729c3600455b8ee569c968fa446b/gnocchi.02e22b0e-92b7-4010-88b6-ff43f43cfdb6" 404 - "HEAD http://[::1]:8080/v1/AUTH_9f41729c3600455b8ee569c968fa446b/gnocchi.02e22b0e-92b7-4010-88b6-ff43f43cfdb6" "txd60d16d06aa94ab8a7d81-00693c6231" "proxy-server 97772" 0.0003 "-" 96475 0
Dec 12 13:42:57 np0005557558.novalocal container-server[96474]: ::1 - - [12/Dec/2025:18:42:57 +0000] "PUT /1/2848/AUTH_9f41729c3600455b8ee569c968fa446b/gnocchi.c459a300-5423-4903-9d0f-b6cadce2eda3" 201 - "PUT https://[::1]:8080/v1/AUTH_9f41729c3600455b8ee569c968fa446b/gnocchi.c459a300-5423-4903-9d0f-b6cadce2eda3" "tx1ba4375ad3194ebb9a1aa-00693c6231" "proxy-server 97771" 0.0168 "-" 96474 0
Dec 12 13:42:57 np0005557558.novalocal account-server[96175]: ::1 - - [12/Dec/2025:18:42:57 +0000] "PUT /3/24542/AUTH_9f41729c3600455b8ee569c968fa446b/gnocchi.c459a300-5423-4903-9d0f-b6cadce2eda3" 201 - "PUT http://[::1]:6001/2/2848/AUTH_9f41729c3600455b8ee569c968fa446b/gnocchi.c459a300-5423-4903-9d0f-b6cadce2eda3" "tx1ba4375ad3194ebb9a1aa-00693c6231" "container-server 96474" 0.0034 "-" 96175 0
Dec 12 13:42:57 np0005557558.novalocal container-server[96475]: ::1 - - [12/Dec/2025:18:42:57 +0000] "HEAD /2/43632/AUTH_9f41729c3600455b8ee569c968fa446b/gnocchi.02e22b0e-92b7-4010-88b6-ff43f43cfdb6" 404 - "HEAD http://[::1]:8080/v1/AUTH_9f41729c3600455b8ee569c968fa446b/gnocchi.02e22b0e-92b7-4010-88b6-ff43f43cfdb6" "txd60d16d06aa94ab8a7d81-00693c6231" "proxy-server 97772" 0.0002 "-" 96475 0
Dec 12 13:42:57 np0005557558.novalocal container-server[96474]: ::1 - - [12/Dec/2025:18:42:57 +0000] "PUT /2/2848/AUTH_9f41729c3600455b8ee569c968fa446b/gnocchi.c459a300-5423-4903-9d0f-b6cadce2eda3" 201 - "PUT https://[::1]:8080/v1/AUTH_9f41729c3600455b8ee569c968fa446b/gnocchi.c459a300-5423-4903-9d0f-b6cadce2eda3" "tx1ba4375ad3194ebb9a1aa-00693c6231" "proxy-server 97771" 0.0357 "-" 96474 0
Dec 12 13:42:57 np0005557558.novalocal proxy-server[97771]: ::1 ::1 12/Dec/2025/18/42/57 PUT /v1/AUTH_9f41729c3600455b8ee569c968fa446b/gnocchi.c459a300-5423-4903-9d0f-b6cadce2eda3 HTTP/1.0 201 - python-swiftclient-4.7.0 gAAAAABpPGHN3vHt... - - - tx1ba4375ad3194ebb9a1aa-00693c6231 - 0.0467 - - 1765564977.118524313 1765564977.165203810 0
Dec 12 13:42:57 np0005557558.novalocal container-server[96474]: ::1 - - [12/Dec/2025:18:42:57 +0000] "HEAD /3/43632/AUTH_9f41729c3600455b8ee569c968fa446b/gnocchi.02e22b0e-92b7-4010-88b6-ff43f43cfdb6" 404 - "HEAD http://[::1]:8080/v1/AUTH_9f41729c3600455b8ee569c968fa446b/gnocchi.02e22b0e-92b7-4010-88b6-ff43f43cfdb6" "txd60d16d06aa94ab8a7d81-00693c6231" "proxy-server 97772" 0.0003 "-" 96474 0
Dec 12 13:42:57 np0005557558.novalocal proxy-server[97772]: - - 12/Dec/2025/18/42/57 HEAD /v1/AUTH_9f41729c3600455b8ee569c968fa446b/gnocchi.02e22b0e-92b7-4010-88b6-ff43f43cfdb6 HTTP/1.0 404 - Swift - - - - txd60d16d06aa94ab8a7d81-00693c6231 - 0.0110 CS - 1765564977.156520367 1765564977.167530060 0
Dec 12 13:42:57 np0005557558.novalocal container-server[96475]: ::1 - - [12/Dec/2025:18:42:57 +0000] "HEAD /3/2848/AUTH_9f41729c3600455b8ee569c968fa446b/gnocchi.c459a300-5423-4903-9d0f-b6cadce2eda3" 204 - "HEAD http://[::1]:8080/v1/AUTH_9f41729c3600455b8ee569c968fa446b/gnocchi.c459a300-5423-4903-9d0f-b6cadce2eda3" "tx3b78c1ab04f94e40b96c4-00693c6231" "proxy-server 97771" 0.0022 "-" 96475 0
Dec 12 13:42:57 np0005557558.novalocal proxy-server[97771]: - - 12/Dec/2025/18/42/57 HEAD /v1/AUTH_9f41729c3600455b8ee569c968fa446b/gnocchi.c459a300-5423-4903-9d0f-b6cadce2eda3 HTTP/1.0 204 - Swift - - - - tx3b78c1ab04f94e40b96c4-00693c6231 - 0.0063 CS - 1765564977.169348955 1765564977.175638199 0
Dec 12 13:42:57 np0005557558.novalocal object-server[96772]: ::1 - - [12/Dec/2025:18:42:57 +0000] "GET /1/124351/AUTH_9f41729c3600455b8ee569c968fa446b/gnocchi.02e22b0e-92b7-4010-88b6-ff43f43cfdb6/none_v3" 404 70 "GET https://[::1]:8080/v1/AUTH_9f41729c3600455b8ee569c968fa446b/gnocchi.02e22b0e-92b7-4010-88b6-ff43f43cfdb6/none_v3" "txd60d16d06aa94ab8a7d81-00693c6231" "proxy-server 97772" 0.0003 "-" 96772 0
Dec 12 13:42:57 np0005557558.novalocal object-server[96772]: ::1 - - [12/Dec/2025:18:42:57 +0000] "GET /2/124351/AUTH_9f41729c3600455b8ee569c968fa446b/gnocchi.02e22b0e-92b7-4010-88b6-ff43f43cfdb6/none_v3" 404 70 "GET https://[::1]:8080/v1/AUTH_9f41729c3600455b8ee569c968fa446b/gnocchi.02e22b0e-92b7-4010-88b6-ff43f43cfdb6/none_v3" "txd60d16d06aa94ab8a7d81-00693c6231" "proxy-server 97772" 0.0002 "-" 96772 0
Dec 12 13:42:57 np0005557558.novalocal object-server[96772]: ::1 - - [12/Dec/2025:18:42:57 +0000] "GET /3/124351/AUTH_9f41729c3600455b8ee569c968fa446b/gnocchi.02e22b0e-92b7-4010-88b6-ff43f43cfdb6/none_v3" 404 70 "GET https://[::1]:8080/v1/AUTH_9f41729c3600455b8ee569c968fa446b/gnocchi.02e22b0e-92b7-4010-88b6-ff43f43cfdb6/none_v3" "txd60d16d06aa94ab8a7d81-00693c6231" "proxy-server 97772" 0.0002 "-" 96772 0
Dec 12 13:42:57 np0005557558.novalocal container-server[96475]: ::1 - - [12/Dec/2025:18:42:57 +0000] "GET /3/2848/AUTH_9f41729c3600455b8ee569c968fa446b/gnocchi.c459a300-5423-4903-9d0f-b6cadce2eda3" 200 2 "GET https://[::1]:8080/v1/AUTH_9f41729c3600455b8ee569c968fa446b/gnocchi.c459a300-5423-4903-9d0f-b6cadce2eda3?format=json&states=listing" "tx3b78c1ab04f94e40b96c4-00693c6231" "proxy-server 97771" 0.0032 "-" 96475 0
Dec 12 13:42:57 np0005557558.novalocal proxy-server[97771]: ::1 ::1 12/Dec/2025/18/42/57 GET /v1/AUTH_9f41729c3600455b8ee569c968fa446b/gnocchi.c459a300-5423-4903-9d0f-b6cadce2eda3%3Fformat%3Djson%26states%3Dlisting HTTP/1.0 200 - python-swiftclient-4.7.0 gAAAAABpPGHN3vHt... - 2 - tx3b78c1ab04f94e40b96c4-00693c6231 - 0.0154 - - 1765564977.168929100 1765564977.184368134 0
Dec 12 13:42:57 np0005557558.novalocal proxy-server[97772]: ::1 ::1 12/Dec/2025/18/42/57 GET /v1/AUTH_9f41729c3600455b8ee569c968fa446b/gnocchi.02e22b0e-92b7-4010-88b6-ff43f43cfdb6/none_v3 HTTP/1.0 404 - python-swiftclient-4.7.0 gAAAAABpPGHN1oGc... - 70 - txd60d16d06aa94ab8a7d81-00693c6231 - 0.0287 - - 1765564977.155676842 1765564977.184381485 0
Dec 12 13:42:57 np0005557558.novalocal object-server[96771]: ::1 - - [12/Dec/2025:18:42:57 +0000] "GET /1/194631/AUTH_9f41729c3600455b8ee569c968fa446b/gnocchi.c459a300-5423-4903-9d0f-b6cadce2eda3/1764720000.0_mean_300.0_v3" 404 70 "GET https://[::1]:8080/v1/AUTH_9f41729c3600455b8ee569c968fa446b/gnocchi.c459a300-5423-4903-9d0f-b6cadce2eda3/1764720000.0_mean_300.0_v3" "tx401e19b70a424e9a98505-00693c6231" "proxy-server 97771" 0.0002 "-" 96771 0
Dec 12 13:42:57 np0005557558.novalocal object-server[96772]: ::1 - - [12/Dec/2025:18:42:57 +0000] "GET /2/194631/AUTH_9f41729c3600455b8ee569c968fa446b/gnocchi.c459a300-5423-4903-9d0f-b6cadce2eda3/1764720000.0_mean_300.0_v3" 404 70 "GET https://[::1]:8080/v1/AUTH_9f41729c3600455b8ee569c968fa446b/gnocchi.c459a300-5423-4903-9d0f-b6cadce2eda3/1764720000.0_mean_300.0_v3" "tx401e19b70a424e9a98505-00693c6231" "proxy-server 97771" 0.0002 "-" 96772 0
Dec 12 13:42:57 np0005557558.novalocal object-server[96771]: ::1 - - [12/Dec/2025:18:42:57 +0000] "GET /3/194631/AUTH_9f41729c3600455b8ee569c968fa446b/gnocchi.c459a300-5423-4903-9d0f-b6cadce2eda3/1764720000.0_mean_300.0_v3" 404 70 "GET https://[::1]:8080/v1/AUTH_9f41729c3600455b8ee569c968fa446b/gnocchi.c459a300-5423-4903-9d0f-b6cadce2eda3/1764720000.0_mean_300.0_v3" "tx401e19b70a424e9a98505-00693c6231" "proxy-server 97771" 0.0002 "-" 96771 0
Dec 12 13:42:57 np0005557558.novalocal proxy-server[97771]: ::1 ::1 12/Dec/2025/18/42/57 GET /v1/AUTH_9f41729c3600455b8ee569c968fa446b/gnocchi.c459a300-5423-4903-9d0f-b6cadce2eda3/1764720000.0_mean_300.0_v3 HTTP/1.0 404 - python-swiftclient-4.7.0 gAAAAABpPGHN3vHt... - 70 - tx401e19b70a424e9a98505-00693c6231 - 0.0100 - - 1765564977.189193964 1765564977.199200869 0
Dec 12 13:42:57 np0005557558.novalocal account-server[96175]: ::1 - - [12/Dec/2025:18:42:57 +0000] "PUT /2/24542/AUTH_9f41729c3600455b8ee569c968fa446b/gnocchi.02e22b0e-92b7-4010-88b6-ff43f43cfdb6" 201 - "PUT http://[::1]:6001/1/43632/AUTH_9f41729c3600455b8ee569c968fa446b/gnocchi.02e22b0e-92b7-4010-88b6-ff43f43cfdb6" "txdc2af711b97a4a81aefbd-00693c6231" "container-server 96475" 0.0039 "-" 96175 0
Dec 12 13:42:57 np0005557558.novalocal container-server[96475]: ::1 - - [12/Dec/2025:18:42:57 +0000] "PUT /1/43632/AUTH_9f41729c3600455b8ee569c968fa446b/gnocchi.02e22b0e-92b7-4010-88b6-ff43f43cfdb6" 201 - "PUT https://[::1]:8080/v1/AUTH_9f41729c3600455b8ee569c968fa446b/gnocchi.02e22b0e-92b7-4010-88b6-ff43f43cfdb6" "txdc2af711b97a4a81aefbd-00693c6231" "proxy-server 97772" 0.0165 "-" 96475 0
Dec 12 13:42:57 np0005557558.novalocal account-server[96174]: ::1 - - [12/Dec/2025:18:42:57 +0000] "PUT /3/24542/AUTH_9f41729c3600455b8ee569c968fa446b/gnocchi.02e22b0e-92b7-4010-88b6-ff43f43cfdb6" 201 - "PUT http://[::1]:6001/2/43632/AUTH_9f41729c3600455b8ee569c968fa446b/gnocchi.02e22b0e-92b7-4010-88b6-ff43f43cfdb6" "txdc2af711b97a4a81aefbd-00693c6231" "container-server 96474" 0.0052 "-" 96174 0
Dec 12 13:42:57 np0005557558.novalocal container-server[96474]: ::1 - - [12/Dec/2025:18:42:57 +0000] "PUT /2/43632/AUTH_9f41729c3600455b8ee569c968fa446b/gnocchi.02e22b0e-92b7-4010-88b6-ff43f43cfdb6" 201 - "PUT https://[::1]:8080/v1/AUTH_9f41729c3600455b8ee569c968fa446b/gnocchi.02e22b0e-92b7-4010-88b6-ff43f43cfdb6" "txdc2af711b97a4a81aefbd-00693c6231" "proxy-server 97772" 0.0214 "-" 96474 0
Dec 12 13:42:57 np0005557558.novalocal container-server[96474]: ::1 - - [12/Dec/2025:18:42:57 +0000] "PUT /1/2848/AUTH_9f41729c3600455b8ee569c968fa446b/gnocchi.c459a300-5423-4903-9d0f-b6cadce2eda3/1764720000.0_mean_300.0_v3" 201 - "PUT http://[::1]:8080/1/194631/AUTH_9f41729c3600455b8ee569c968fa446b/gnocchi.c459a300-5423-4903-9d0f-b6cadce2eda3/1764720000.0_mean_300.0_v3" "txd075807a277b44dd83cb6-00693c6231" "object-server 96772" 0.0003 "-" 96474 0
Dec 12 13:42:57 np0005557558.novalocal object-server[96772]: ::1 - - [12/Dec/2025:18:42:57 +0000] "PUT /1/194631/AUTH_9f41729c3600455b8ee569c968fa446b/gnocchi.c459a300-5423-4903-9d0f-b6cadce2eda3/1764720000.0_mean_300.0_v3" 201 - "PUT https://[::1]:8080/v1/AUTH_9f41729c3600455b8ee569c968fa446b/gnocchi.c459a300-5423-4903-9d0f-b6cadce2eda3/1764720000.0_mean_300.0_v3" "txd075807a277b44dd83cb6-00693c6231" "proxy-server 97771" 0.0144 "-" 96772 0
Dec 12 13:42:57 np0005557558.novalocal container-server[96475]: ::1 - - [12/Dec/2025:18:42:57 +0000] "PUT /3/2848/AUTH_9f41729c3600455b8ee569c968fa446b/gnocchi.c459a300-5423-4903-9d0f-b6cadce2eda3/1764720000.0_mean_300.0_v3" 201 - "PUT http://[::1]:8080/3/194631/AUTH_9f41729c3600455b8ee569c968fa446b/gnocchi.c459a300-5423-4903-9d0f-b6cadce2eda3/1764720000.0_mean_300.0_v3" "txd075807a277b44dd83cb6-00693c6231" "object-server 96772" 0.0008 "-" 96475 0
Dec 12 13:42:57 np0005557558.novalocal object-server[96772]: ::1 - - [12/Dec/2025:18:42:57 +0000] "PUT /3/194631/AUTH_9f41729c3600455b8ee569c968fa446b/gnocchi.c459a300-5423-4903-9d0f-b6cadce2eda3/1764720000.0_mean_300.0_v3" 201 - "PUT https://[::1]:8080/v1/AUTH_9f41729c3600455b8ee569c968fa446b/gnocchi.c459a300-5423-4903-9d0f-b6cadce2eda3/1764720000.0_mean_300.0_v3" "txd075807a277b44dd83cb6-00693c6231" "proxy-server 97771" 0.0135 "-" 96772 0
Dec 12 13:42:57 np0005557558.novalocal container-server[96474]: ::1 - - [12/Dec/2025:18:42:57 +0000] "PUT /2/2848/AUTH_9f41729c3600455b8ee569c968fa446b/gnocchi.c459a300-5423-4903-9d0f-b6cadce2eda3/1764720000.0_mean_300.0_v3" 201 - "PUT http://[::1]:8080/2/194631/AUTH_9f41729c3600455b8ee569c968fa446b/gnocchi.c459a300-5423-4903-9d0f-b6cadce2eda3/1764720000.0_mean_300.0_v3" "txd075807a277b44dd83cb6-00693c6231" "object-server 96772" 0.0003 "-" 96474 0
Dec 12 13:42:57 np0005557558.novalocal object-server[96772]: ::1 - - [12/Dec/2025:18:42:57 +0000] "PUT /2/194631/AUTH_9f41729c3600455b8ee569c968fa446b/gnocchi.c459a300-5423-4903-9d0f-b6cadce2eda3/1764720000.0_mean_300.0_v3" 201 - "PUT https://[::1]:8080/v1/AUTH_9f41729c3600455b8ee569c968fa446b/gnocchi.c459a300-5423-4903-9d0f-b6cadce2eda3/1764720000.0_mean_300.0_v3" "txd075807a277b44dd83cb6-00693c6231" "proxy-server 97771" 0.0157 "-" 96772 0
Dec 12 13:42:57 np0005557558.novalocal account-server[96174]: ::1 - - [12/Dec/2025:18:42:57 +0000] "PUT /1/24542/AUTH_9f41729c3600455b8ee569c968fa446b/gnocchi.02e22b0e-92b7-4010-88b6-ff43f43cfdb6" 201 - "PUT http://[::1]:6001/3/43632/AUTH_9f41729c3600455b8ee569c968fa446b/gnocchi.02e22b0e-92b7-4010-88b6-ff43f43cfdb6" "txdc2af711b97a4a81aefbd-00693c6231" "container-server 96474" 0.0046 "-" 96174 0
Dec 12 13:42:57 np0005557558.novalocal proxy-server[97771]: ::1 ::1 12/Dec/2025/18/42/57 PUT /v1/AUTH_9f41729c3600455b8ee569c968fa446b/gnocchi.c459a300-5423-4903-9d0f-b6cadce2eda3/1764720000.0_mean_300.0_v3 HTTP/1.0 201 - python-swiftclient-4.7.0 gAAAAABpPGHN3vHt... 16 - - txd075807a277b44dd83cb6-00693c6231 - 0.0236 - - 1765564977.201830864 1765564977.225421906 0
Dec 12 13:42:57 np0005557558.novalocal container-server[96474]: ::1 - - [12/Dec/2025:18:42:57 +0000] "PUT /3/43632/AUTH_9f41729c3600455b8ee569c968fa446b/gnocchi.02e22b0e-92b7-4010-88b6-ff43f43cfdb6" 201 - "PUT https://[::1]:8080/v1/AUTH_9f41729c3600455b8ee569c968fa446b/gnocchi.02e22b0e-92b7-4010-88b6-ff43f43cfdb6" "txdc2af711b97a4a81aefbd-00693c6231" "proxy-server 97772" 0.0141 "-" 96474 0
Dec 12 13:42:57 np0005557558.novalocal proxy-server[97772]: ::1 ::1 12/Dec/2025/18/42/57 PUT /v1/AUTH_9f41729c3600455b8ee569c968fa446b/gnocchi.02e22b0e-92b7-4010-88b6-ff43f43cfdb6 HTTP/1.0 201 - python-swiftclient-4.7.0 gAAAAABpPGHN1oGc... - - - txdc2af711b97a4a81aefbd-00693c6231 - 0.0386 - - 1765564977.189148188 1765564977.227711916 0
Dec 12 13:42:57 np0005557558.novalocal container-server[96475]: ::1 - - [12/Dec/2025:18:42:57 +0000] "HEAD /2/43632/AUTH_9f41729c3600455b8ee569c968fa446b/gnocchi.02e22b0e-92b7-4010-88b6-ff43f43cfdb6" 204 - "HEAD http://[::1]:8080/v1/AUTH_9f41729c3600455b8ee569c968fa446b/gnocchi.02e22b0e-92b7-4010-88b6-ff43f43cfdb6" "tx57fabdcbcb3d494381dfb-00693c6231" "proxy-server 97772" 0.0017 "-" 96475 0
Dec 12 13:42:57 np0005557558.novalocal proxy-server[97772]: - - 12/Dec/2025/18/42/57 HEAD /v1/AUTH_9f41729c3600455b8ee569c968fa446b/gnocchi.02e22b0e-92b7-4010-88b6-ff43f43cfdb6 HTTP/1.0 204 - Swift - - - - tx57fabdcbcb3d494381dfb-00693c6231 - 0.0062 CS - 1765564977.231513023 1765564977.237705469 0
Dec 12 13:42:57 np0005557558.novalocal container-server[96475]: ::1 - - [12/Dec/2025:18:42:57 +0000] "PUT /2/2848/AUTH_9f41729c3600455b8ee569c968fa446b/gnocchi.c459a300-5423-4903-9d0f-b6cadce2eda3/none_v3" 201 - "PUT http://[::1]:8080/2/133120/AUTH_9f41729c3600455b8ee569c968fa446b/gnocchi.c459a300-5423-4903-9d0f-b6cadce2eda3/none_v3" "tx3592384d7cde453e9a164-00693c6231" "object-server 96772" 0.0005 "-" 96475 0
Dec 12 13:42:57 np0005557558.novalocal container-server[96474]: ::1 - - [12/Dec/2025:18:42:57 +0000] "GET /1/43632/AUTH_9f41729c3600455b8ee569c968fa446b/gnocchi.02e22b0e-92b7-4010-88b6-ff43f43cfdb6" 200 2 "GET https://[::1]:8080/v1/AUTH_9f41729c3600455b8ee569c968fa446b/gnocchi.02e22b0e-92b7-4010-88b6-ff43f43cfdb6?format=json&states=listing" "tx57fabdcbcb3d494381dfb-00693c6231" "proxy-server 97772" 0.0016 "-" 96474 0
Dec 12 13:42:57 np0005557558.novalocal object-server[96772]: ::1 - - [12/Dec/2025:18:42:57 +0000] "PUT /2/133120/AUTH_9f41729c3600455b8ee569c968fa446b/gnocchi.c459a300-5423-4903-9d0f-b6cadce2eda3/none_v3" 201 - "PUT https://[::1]:8080/v1/AUTH_9f41729c3600455b8ee569c968fa446b/gnocchi.c459a300-5423-4903-9d0f-b6cadce2eda3/none_v3" "tx3592384d7cde453e9a164-00693c6231" "proxy-server 97771" 0.0095 "-" 96772 0
Dec 12 13:42:57 np0005557558.novalocal container-server[96474]: ::1 - - [12/Dec/2025:18:42:57 +0000] "PUT /1/2848/AUTH_9f41729c3600455b8ee569c968fa446b/gnocchi.c459a300-5423-4903-9d0f-b6cadce2eda3/none_v3" 201 - "PUT http://[::1]:8080/3/133120/AUTH_9f41729c3600455b8ee569c968fa446b/gnocchi.c459a300-5423-4903-9d0f-b6cadce2eda3/none_v3" "tx3592384d7cde453e9a164-00693c6231" "object-server 96771" 0.0003 "-" 96474 0
Dec 12 13:42:57 np0005557558.novalocal container-server[96474]: ::1 - - [12/Dec/2025:18:42:57 +0000] "PUT /3/2848/AUTH_9f41729c3600455b8ee569c968fa446b/gnocchi.c459a300-5423-4903-9d0f-b6cadce2eda3/none_v3" 201 - "PUT http://[::1]:8080/1/133120/AUTH_9f41729c3600455b8ee569c968fa446b/gnocchi.c459a300-5423-4903-9d0f-b6cadce2eda3/none_v3" "tx3592384d7cde453e9a164-00693c6231" "object-server 96772" 0.0003 "-" 96474 0
Dec 12 13:42:57 np0005557558.novalocal object-server[96772]: ::1 - - [12/Dec/2025:18:42:57 +0000] "PUT /1/133120/AUTH_9f41729c3600455b8ee569c968fa446b/gnocchi.c459a300-5423-4903-9d0f-b6cadce2eda3/none_v3" 201 - "PUT https://[::1]:8080/v1/AUTH_9f41729c3600455b8ee569c968fa446b/gnocchi.c459a300-5423-4903-9d0f-b6cadce2eda3/none_v3" "tx3592384d7cde453e9a164-00693c6231" "proxy-server 97771" 0.0101 "-" 96772 0
Dec 12 13:42:57 np0005557558.novalocal object-server[96771]: ::1 - - [12/Dec/2025:18:42:57 +0000] "PUT /3/133120/AUTH_9f41729c3600455b8ee569c968fa446b/gnocchi.c459a300-5423-4903-9d0f-b6cadce2eda3/none_v3" 201 - "PUT https://[::1]:8080/v1/AUTH_9f41729c3600455b8ee569c968fa446b/gnocchi.c459a300-5423-4903-9d0f-b6cadce2eda3/none_v3" "tx3592384d7cde453e9a164-00693c6231" "proxy-server 97771" 0.0115 "-" 96771 0
Dec 12 13:42:57 np0005557558.novalocal proxy-server[97772]: ::1 ::1 12/Dec/2025/18/42/57 GET /v1/AUTH_9f41729c3600455b8ee569c968fa446b/gnocchi.02e22b0e-92b7-4010-88b6-ff43f43cfdb6%3Fformat%3Djson%26states%3Dlisting HTTP/1.0 200 - python-swiftclient-4.7.0 gAAAAABpPGHN1oGc... - 2 - tx57fabdcbcb3d494381dfb-00693c6231 - 0.0170 - - 1765564977.230865479 1765564977.247828245 0
Dec 12 13:42:57 np0005557558.novalocal proxy-server[97771]: ::1 ::1 12/Dec/2025/18/42/57 PUT /v1/AUTH_9f41729c3600455b8ee569c968fa446b/gnocchi.c459a300-5423-4903-9d0f-b6cadce2eda3/none_v3 HTTP/1.0 201 - python-swiftclient-4.7.0 gAAAAABpPGHN3vHt... 22 - - tx3592384d7cde453e9a164-00693c6231 - 0.0199 - - 1765564977.228876114 1765564977.248804569 0
Dec 12 13:42:57 np0005557558.novalocal sudo[106020]: pam_unix(sudo:session): session closed for user root
Dec 12 13:42:57 np0005557558.novalocal systemd[1]: session-c120.scope: Deactivated successfully.
Dec 12 13:42:57 np0005557558.novalocal object-server[96771]: ::1 - - [12/Dec/2025:18:42:57 +0000] "GET /3/224270/AUTH_9f41729c3600455b8ee569c968fa446b/gnocchi.02e22b0e-92b7-4010-88b6-ff43f43cfdb6/1764720000.0_mean_300.0_v3" 404 70 "GET https://[::1]:8080/v1/AUTH_9f41729c3600455b8ee569c968fa446b/gnocchi.02e22b0e-92b7-4010-88b6-ff43f43cfdb6/1764720000.0_mean_300.0_v3" "tx4420ac3a62894e9fb5bcf-00693c6231" "proxy-server 97772" 0.0004 "-" 96771 0
Dec 12 13:42:57 np0005557558.novalocal object-server[96771]: ::1 - - [12/Dec/2025:18:42:57 +0000] "GET /1/224270/AUTH_9f41729c3600455b8ee569c968fa446b/gnocchi.02e22b0e-92b7-4010-88b6-ff43f43cfdb6/1764720000.0_mean_300.0_v3" 404 70 "GET https://[::1]:8080/v1/AUTH_9f41729c3600455b8ee569c968fa446b/gnocchi.02e22b0e-92b7-4010-88b6-ff43f43cfdb6/1764720000.0_mean_300.0_v3" "tx4420ac3a62894e9fb5bcf-00693c6231" "proxy-server 97772" 0.0002 "-" 96771 0
Dec 12 13:42:57 np0005557558.novalocal object-server[96771]: ::1 - - [12/Dec/2025:18:42:57 +0000] "GET /2/224270/AUTH_9f41729c3600455b8ee569c968fa446b/gnocchi.02e22b0e-92b7-4010-88b6-ff43f43cfdb6/1764720000.0_mean_300.0_v3" 404 70 "GET https://[::1]:8080/v1/AUTH_9f41729c3600455b8ee569c968fa446b/gnocchi.02e22b0e-92b7-4010-88b6-ff43f43cfdb6/1764720000.0_mean_300.0_v3" "tx4420ac3a62894e9fb5bcf-00693c6231" "proxy-server 97772" 0.0003 "-" 96771 0
Dec 12 13:42:57 np0005557558.novalocal proxy-server[97772]: ::1 ::1 12/Dec/2025/18/42/57 GET /v1/AUTH_9f41729c3600455b8ee569c968fa446b/gnocchi.02e22b0e-92b7-4010-88b6-ff43f43cfdb6/1764720000.0_mean_300.0_v3 HTTP/1.0 404 - python-swiftclient-4.7.0 gAAAAABpPGHN1oGc... - 70 - tx4420ac3a62894e9fb5bcf-00693c6231 - 0.0190 - - 1765564977.251635313 1765564977.270620584 0
Dec 12 13:42:57 np0005557558.novalocal container-server[96475]: ::1 - - [12/Dec/2025:18:42:57 +0000] "PUT /2/43632/AUTH_9f41729c3600455b8ee569c968fa446b/gnocchi.02e22b0e-92b7-4010-88b6-ff43f43cfdb6/1764720000.0_mean_300.0_v3" 201 - "PUT http://[::1]:8080/3/224270/AUTH_9f41729c3600455b8ee569c968fa446b/gnocchi.02e22b0e-92b7-4010-88b6-ff43f43cfdb6/1764720000.0_mean_300.0_v3" "tx6d037491286746e0ab362-00693c6231" "object-server 96772" 0.0006 "-" 96475 0
Dec 12 13:42:57 np0005557558.novalocal container-server[96474]: ::1 - - [12/Dec/2025:18:42:57 +0000] "PUT /1/43632/AUTH_9f41729c3600455b8ee569c968fa446b/gnocchi.02e22b0e-92b7-4010-88b6-ff43f43cfdb6/1764720000.0_mean_300.0_v3" 201 - "PUT http://[::1]:8080/2/224270/AUTH_9f41729c3600455b8ee569c968fa446b/gnocchi.02e22b0e-92b7-4010-88b6-ff43f43cfdb6/1764720000.0_mean_300.0_v3" "tx6d037491286746e0ab362-00693c6231" "object-server 96771" 0.0008 "-" 96474 0
Dec 12 13:42:57 np0005557558.novalocal container-server[96475]: ::1 - - [12/Dec/2025:18:42:57 +0000] "PUT /3/43632/AUTH_9f41729c3600455b8ee569c968fa446b/gnocchi.02e22b0e-92b7-4010-88b6-ff43f43cfdb6/1764720000.0_mean_300.0_v3" 201 - "PUT http://[::1]:8080/1/224270/AUTH_9f41729c3600455b8ee569c968fa446b/gnocchi.02e22b0e-92b7-4010-88b6-ff43f43cfdb6/1764720000.0_mean_300.0_v3" "tx6d037491286746e0ab362-00693c6231" "object-server 96771" 0.0004 "-" 96475 0
Dec 12 13:42:57 np0005557558.novalocal object-server[96771]: ::1 - - [12/Dec/2025:18:42:57 +0000] "PUT /2/224270/AUTH_9f41729c3600455b8ee569c968fa446b/gnocchi.02e22b0e-92b7-4010-88b6-ff43f43cfdb6/1764720000.0_mean_300.0_v3" 201 - "PUT https://[::1]:8080/v1/AUTH_9f41729c3600455b8ee569c968fa446b/gnocchi.02e22b0e-92b7-4010-88b6-ff43f43cfdb6/1764720000.0_mean_300.0_v3" "tx6d037491286746e0ab362-00693c6231" "proxy-server 97772" 0.0100 "-" 96771 0
Dec 12 13:42:57 np0005557558.novalocal object-server[96772]: ::1 - - [12/Dec/2025:18:42:57 +0000] "PUT /3/224270/AUTH_9f41729c3600455b8ee569c968fa446b/gnocchi.02e22b0e-92b7-4010-88b6-ff43f43cfdb6/1764720000.0_mean_300.0_v3" 201 - "PUT https://[::1]:8080/v1/AUTH_9f41729c3600455b8ee569c968fa446b/gnocchi.02e22b0e-92b7-4010-88b6-ff43f43cfdb6/1764720000.0_mean_300.0_v3" "tx6d037491286746e0ab362-00693c6231" "proxy-server 97772" 0.0118 "-" 96772 0
Dec 12 13:42:57 np0005557558.novalocal object-server[96771]: ::1 - - [12/Dec/2025:18:42:57 +0000] "PUT /1/224270/AUTH_9f41729c3600455b8ee569c968fa446b/gnocchi.02e22b0e-92b7-4010-88b6-ff43f43cfdb6/1764720000.0_mean_300.0_v3" 201 - "PUT https://[::1]:8080/v1/AUTH_9f41729c3600455b8ee569c968fa446b/gnocchi.02e22b0e-92b7-4010-88b6-ff43f43cfdb6/1764720000.0_mean_300.0_v3" "tx6d037491286746e0ab362-00693c6231" "proxy-server 97772" 0.0123 "-" 96771 0
Dec 12 13:42:57 np0005557558.novalocal proxy-server[97772]: ::1 ::1 12/Dec/2025/18/42/57 PUT /v1/AUTH_9f41729c3600455b8ee569c968fa446b/gnocchi.02e22b0e-92b7-4010-88b6-ff43f43cfdb6/1764720000.0_mean_300.0_v3 HTTP/1.0 201 - python-swiftclient-4.7.0 gAAAAABpPGHN1oGc... 16 - - tx6d037491286746e0ab362-00693c6231 - 0.0200 - - 1765564977.273200750 1765564977.293158770 0
Dec 12 13:42:57 np0005557558.novalocal sudo[106026]: cinder : PWD=/ ; USER=root ; COMMAND=/usr/bin/cinder-rootwrap /etc/cinder/rootwrap.conf env LC_ALL=C lvcreate -T -V 1g -n volume-476045ba-6297-43f3-ad9d-aac66825e0e3 cinder-volumes/cinder-volumes-pool
Dec 12 13:42:57 np0005557558.novalocal container-server[96475]: ::1 - - [12/Dec/2025:18:42:57 +0000] "HEAD /1/38739/AUTH_9f41729c3600455b8ee569c968fa446b/gnocchi.0d42e1bc-b32f-4b7b-9565-7e7890afc4c3" 404 - "HEAD http://[::1]:8080/v1/AUTH_9f41729c3600455b8ee569c968fa446b/gnocchi.0d42e1bc-b32f-4b7b-9565-7e7890afc4c3" "txb3689c9eebad4b9db878e-00693c6231" "proxy-server 97771" 0.0003 "-" 96475 0
Dec 12 13:42:57 np0005557558.novalocal container-server[96474]: ::1 - - [12/Dec/2025:18:42:57 +0000] "HEAD /2/38739/AUTH_9f41729c3600455b8ee569c968fa446b/gnocchi.0d42e1bc-b32f-4b7b-9565-7e7890afc4c3" 404 - "HEAD http://[::1]:8080/v1/AUTH_9f41729c3600455b8ee569c968fa446b/gnocchi.0d42e1bc-b32f-4b7b-9565-7e7890afc4c3" "txb3689c9eebad4b9db878e-00693c6231" "proxy-server 97771" 0.0005 "-" 96474 0
Dec 12 13:42:57 np0005557558.novalocal container-server[96474]: ::1 - - [12/Dec/2025:18:42:57 +0000] "HEAD /3/38739/AUTH_9f41729c3600455b8ee569c968fa446b/gnocchi.0d42e1bc-b32f-4b7b-9565-7e7890afc4c3" 404 - "HEAD http://[::1]:8080/v1/AUTH_9f41729c3600455b8ee569c968fa446b/gnocchi.0d42e1bc-b32f-4b7b-9565-7e7890afc4c3" "txb3689c9eebad4b9db878e-00693c6231" "proxy-server 97771" 0.0002 "-" 96474 0
Dec 12 13:42:57 np0005557558.novalocal proxy-server[97771]: - - 12/Dec/2025/18/42/57 HEAD /v1/AUTH_9f41729c3600455b8ee569c968fa446b/gnocchi.0d42e1bc-b32f-4b7b-9565-7e7890afc4c3 HTTP/1.0 404 - Swift - - - - txb3689c9eebad4b9db878e-00693c6231 - 0.0104 CS - 1765564977.291556358 1765564977.301977873 0
Dec 12 13:42:57 np0005557558.novalocal object-server[96772]: ::1 - - [12/Dec/2025:18:42:57 +0000] "GET /1/58533/AUTH_9f41729c3600455b8ee569c968fa446b/gnocchi.0d42e1bc-b32f-4b7b-9565-7e7890afc4c3/none_v3" 404 70 "GET https://[::1]:8080/v1/AUTH_9f41729c3600455b8ee569c968fa446b/gnocchi.0d42e1bc-b32f-4b7b-9565-7e7890afc4c3/none_v3" "txb3689c9eebad4b9db878e-00693c6231" "proxy-server 97771" 0.0003 "-" 96772 0
Dec 12 13:42:57 np0005557558.novalocal object-server[96772]: ::1 - - [12/Dec/2025:18:42:57 +0000] "GET /2/58533/AUTH_9f41729c3600455b8ee569c968fa446b/gnocchi.0d42e1bc-b32f-4b7b-9565-7e7890afc4c3/none_v3" 404 70 "GET https://[::1]:8080/v1/AUTH_9f41729c3600455b8ee569c968fa446b/gnocchi.0d42e1bc-b32f-4b7b-9565-7e7890afc4c3/none_v3" "txb3689c9eebad4b9db878e-00693c6231" "proxy-server 97771" 0.0002 "-" 96772 0
Dec 12 13:42:57 np0005557558.novalocal object-server[96771]: ::1 - - [12/Dec/2025:18:42:57 +0000] "GET /3/58533/AUTH_9f41729c3600455b8ee569c968fa446b/gnocchi.0d42e1bc-b32f-4b7b-9565-7e7890afc4c3/none_v3" 404 70 "GET https://[::1]:8080/v1/AUTH_9f41729c3600455b8ee569c968fa446b/gnocchi.0d42e1bc-b32f-4b7b-9565-7e7890afc4c3/none_v3" "txb3689c9eebad4b9db878e-00693c6231" "proxy-server 97771" 0.0009 "-" 96771 0
Dec 12 13:42:57 np0005557558.novalocal proxy-server[97771]: ::1 ::1 12/Dec/2025/18/42/57 GET /v1/AUTH_9f41729c3600455b8ee569c968fa446b/gnocchi.0d42e1bc-b32f-4b7b-9565-7e7890afc4c3/none_v3 HTTP/1.0 404 - python-swiftclient-4.7.0 gAAAAABpPGHN3vHt... - 70 - txb3689c9eebad4b9db878e-00693c6231 - 0.0253 - - 1765564977.290965080 1765564977.316303968 0
Dec 12 13:42:57 np0005557558.novalocal systemd[1]: Started Session c121 of User root.
Dec 12 13:42:57 np0005557558.novalocal container-server[96474]: ::1 - - [12/Dec/2025:18:42:57 +0000] "PUT /3/43632/AUTH_9f41729c3600455b8ee569c968fa446b/gnocchi.02e22b0e-92b7-4010-88b6-ff43f43cfdb6/none_v3" 201 - "PUT http://[::1]:8080/3/124351/AUTH_9f41729c3600455b8ee569c968fa446b/gnocchi.02e22b0e-92b7-4010-88b6-ff43f43cfdb6/none_v3" "tx95a361080ef240c5af4da-00693c6231" "object-server 96771" 0.0005 "-" 96474 0
Dec 12 13:42:57 np0005557558.novalocal container-server[96475]: ::1 - - [12/Dec/2025:18:42:57 +0000] "PUT /1/43632/AUTH_9f41729c3600455b8ee569c968fa446b/gnocchi.02e22b0e-92b7-4010-88b6-ff43f43cfdb6/none_v3" 201 - "PUT http://[::1]:8080/1/124351/AUTH_9f41729c3600455b8ee569c968fa446b/gnocchi.02e22b0e-92b7-4010-88b6-ff43f43cfdb6/none_v3" "tx95a361080ef240c5af4da-00693c6231" "object-server 96771" 0.0012 "-" 96475 0
Dec 12 13:42:57 np0005557558.novalocal object-server[96771]: ::1 - - [12/Dec/2025:18:42:57 +0000] "PUT /1/124351/AUTH_9f41729c3600455b8ee569c968fa446b/gnocchi.02e22b0e-92b7-4010-88b6-ff43f43cfdb6/none_v3" 201 - "PUT https://[::1]:8080/v1/AUTH_9f41729c3600455b8ee569c968fa446b/gnocchi.02e22b0e-92b7-4010-88b6-ff43f43cfdb6/none_v3" "tx95a361080ef240c5af4da-00693c6231" "proxy-server 97772" 0.0152 "-" 96771 0
Dec 12 13:42:57 np0005557558.novalocal object-server[96771]: ::1 - - [12/Dec/2025:18:42:57 +0000] "PUT /3/124351/AUTH_9f41729c3600455b8ee569c968fa446b/gnocchi.02e22b0e-92b7-4010-88b6-ff43f43cfdb6/none_v3" 201 - "PUT https://[::1]:8080/v1/AUTH_9f41729c3600455b8ee569c968fa446b/gnocchi.02e22b0e-92b7-4010-88b6-ff43f43cfdb6/none_v3" "tx95a361080ef240c5af4da-00693c6231" "proxy-server 97772" 0.0119 "-" 96771 0
Dec 12 13:42:57 np0005557558.novalocal container-server[96475]: ::1 - - [12/Dec/2025:18:42:57 +0000] "PUT /2/43632/AUTH_9f41729c3600455b8ee569c968fa446b/gnocchi.02e22b0e-92b7-4010-88b6-ff43f43cfdb6/none_v3" 201 - "PUT http://[::1]:8080/2/124351/AUTH_9f41729c3600455b8ee569c968fa446b/gnocchi.02e22b0e-92b7-4010-88b6-ff43f43cfdb6/none_v3" "tx95a361080ef240c5af4da-00693c6231" "object-server 96771" 0.0005 "-" 96475 0
Dec 12 13:42:57 np0005557558.novalocal sudo[106026]: pam_unix(sudo:session): session opened for user root(uid=0) by (uid=165)
Dec 12 13:42:57 np0005557558.novalocal object-server[96771]: ::1 - - [12/Dec/2025:18:42:57 +0000] "PUT /2/124351/AUTH_9f41729c3600455b8ee569c968fa446b/gnocchi.02e22b0e-92b7-4010-88b6-ff43f43cfdb6/none_v3" 201 - "PUT https://[::1]:8080/v1/AUTH_9f41729c3600455b8ee569c968fa446b/gnocchi.02e22b0e-92b7-4010-88b6-ff43f43cfdb6/none_v3" "tx95a361080ef240c5af4da-00693c6231" "proxy-server 97772" 0.0174 "-" 96771 0
Dec 12 13:42:57 np0005557558.novalocal proxy-server[97772]: ::1 ::1 12/Dec/2025/18/42/57 PUT /v1/AUTH_9f41729c3600455b8ee569c968fa446b/gnocchi.02e22b0e-92b7-4010-88b6-ff43f43cfdb6/none_v3 HTTP/1.0 201 - python-swiftclient-4.7.0 gAAAAABpPGHN1oGc... 22 - - tx95a361080ef240c5af4da-00693c6231 - 0.0303 - - 1765564977.295954704 1765564977.326272964 0
Dec 12 13:42:57 np0005557558.novalocal account-server[96175]: ::1 - - [12/Dec/2025:18:42:57 +0000] "PUT /3/24542/AUTH_9f41729c3600455b8ee569c968fa446b/gnocchi.0d42e1bc-b32f-4b7b-9565-7e7890afc4c3" 201 - "PUT http://[::1]:6001/3/38739/AUTH_9f41729c3600455b8ee569c968fa446b/gnocchi.0d42e1bc-b32f-4b7b-9565-7e7890afc4c3" "txe9de197b5ebc4946b4858-00693c6231" "container-server 96474" 0.0036 "-" 96175 0
Dec 12 13:42:57 np0005557558.novalocal container-server[96474]: ::1 - - [12/Dec/2025:18:42:57 +0000] "PUT /3/38739/AUTH_9f41729c3600455b8ee569c968fa446b/gnocchi.0d42e1bc-b32f-4b7b-9565-7e7890afc4c3" 201 - "PUT https://[::1]:8080/v1/AUTH_9f41729c3600455b8ee569c968fa446b/gnocchi.0d42e1bc-b32f-4b7b-9565-7e7890afc4c3" "txe9de197b5ebc4946b4858-00693c6231" "proxy-server 97771" 0.0173 "-" 96474 0
Dec 12 13:42:57 np0005557558.novalocal account-server[96174]: ::1 - - [12/Dec/2025:18:42:57 +0000] "PUT /1/24542/AUTH_9f41729c3600455b8ee569c968fa446b/gnocchi.0d42e1bc-b32f-4b7b-9565-7e7890afc4c3" 201 - "PUT http://[::1]:6001/2/38739/AUTH_9f41729c3600455b8ee569c968fa446b/gnocchi.0d42e1bc-b32f-4b7b-9565-7e7890afc4c3" "txe9de197b5ebc4946b4858-00693c6231" "container-server 96475" 0.0065 "-" 96174 0
Dec 12 13:42:57 np0005557558.novalocal account-server[96175]: ::1 - - [12/Dec/2025:18:42:57 +0000] "PUT /2/24542/AUTH_9f41729c3600455b8ee569c968fa446b/gnocchi.0d42e1bc-b32f-4b7b-9565-7e7890afc4c3" 201 - "PUT http://[::1]:6001/1/38739/AUTH_9f41729c3600455b8ee569c968fa446b/gnocchi.0d42e1bc-b32f-4b7b-9565-7e7890afc4c3" "txe9de197b5ebc4946b4858-00693c6231" "container-server 96475" 0.0073 "-" 96175 0
Dec 12 13:42:57 np0005557558.novalocal container-server[96475]: ::1 - - [12/Dec/2025:18:42:57 +0000] "PUT /2/38739/AUTH_9f41729c3600455b8ee569c968fa446b/gnocchi.0d42e1bc-b32f-4b7b-9565-7e7890afc4c3" 201 - "PUT https://[::1]:8080/v1/AUTH_9f41729c3600455b8ee569c968fa446b/gnocchi.0d42e1bc-b32f-4b7b-9565-7e7890afc4c3" "txe9de197b5ebc4946b4858-00693c6231" "proxy-server 97771" 0.0312 "-" 96475 0
Dec 12 13:42:57 np0005557558.novalocal container-server[96475]: ::1 - - [12/Dec/2025:18:42:57 +0000] "PUT /1/38739/AUTH_9f41729c3600455b8ee569c968fa446b/gnocchi.0d42e1bc-b32f-4b7b-9565-7e7890afc4c3" 201 - "PUT https://[::1]:8080/v1/AUTH_9f41729c3600455b8ee569c968fa446b/gnocchi.0d42e1bc-b32f-4b7b-9565-7e7890afc4c3" "txe9de197b5ebc4946b4858-00693c6231" "proxy-server 97771" 0.0216 "-" 96475 0
Dec 12 13:42:57 np0005557558.novalocal proxy-server[97771]: ::1 ::1 12/Dec/2025/18/42/57 PUT /v1/AUTH_9f41729c3600455b8ee569c968fa446b/gnocchi.0d42e1bc-b32f-4b7b-9565-7e7890afc4c3 HTTP/1.0 201 - python-swiftclient-4.7.0 gAAAAABpPGHN3vHt... - - - txe9de197b5ebc4946b4858-00693c6231 - 0.0389 - - 1765564977.318802118 1765564977.357685566 0
Dec 12 13:42:57 np0005557558.novalocal container-server[96474]: ::1 - - [12/Dec/2025:18:42:57 +0000] "HEAD /2/38739/AUTH_9f41729c3600455b8ee569c968fa446b/gnocchi.0d42e1bc-b32f-4b7b-9565-7e7890afc4c3" 204 - "HEAD http://[::1]:8080/v1/AUTH_9f41729c3600455b8ee569c968fa446b/gnocchi.0d42e1bc-b32f-4b7b-9565-7e7890afc4c3" "tx6446d8bca79a4a67b73c6-00693c6231" "proxy-server 97771" 0.0011 "-" 96474 0
Dec 12 13:42:57 np0005557558.novalocal proxy-server[97771]: - - 12/Dec/2025/18/42/57 HEAD /v1/AUTH_9f41729c3600455b8ee569c968fa446b/gnocchi.0d42e1bc-b32f-4b7b-9565-7e7890afc4c3 HTTP/1.0 204 - Swift - - - - tx6446d8bca79a4a67b73c6-00693c6231 - 0.0040 CS - 1765564977.362112045 1765564977.366065979 0
Dec 12 13:42:57 np0005557558.novalocal container-server[96475]: ::1 - - [12/Dec/2025:18:42:57 +0000] "GET /2/38739/AUTH_9f41729c3600455b8ee569c968fa446b/gnocchi.0d42e1bc-b32f-4b7b-9565-7e7890afc4c3" 200 2 "GET https://[::1]:8080/v1/AUTH_9f41729c3600455b8ee569c968fa446b/gnocchi.0d42e1bc-b32f-4b7b-9565-7e7890afc4c3?format=json&states=listing" "tx6446d8bca79a4a67b73c6-00693c6231" "proxy-server 97771" 0.0017 "-" 96475 0
Dec 12 13:42:57 np0005557558.novalocal proxy-server[97771]: ::1 ::1 12/Dec/2025/18/42/57 GET /v1/AUTH_9f41729c3600455b8ee569c968fa446b/gnocchi.0d42e1bc-b32f-4b7b-9565-7e7890afc4c3%3Fformat%3Djson%26states%3Dlisting HTTP/1.0 200 - python-swiftclient-4.7.0 gAAAAABpPGHN3vHt... - 2 - tx6446d8bca79a4a67b73c6-00693c6231 - 0.0113 - - 1765564977.361660480 1765564977.372981787 0
Dec 12 13:42:57 np0005557558.novalocal object-server[96771]: ::1 - - [12/Dec/2025:18:42:57 +0000] "GET /1/213969/AUTH_9f41729c3600455b8ee569c968fa446b/gnocchi.0d42e1bc-b32f-4b7b-9565-7e7890afc4c3/1764720000.0_mean_300.0_v3" 404 70 "GET https://[::1]:8080/v1/AUTH_9f41729c3600455b8ee569c968fa446b/gnocchi.0d42e1bc-b32f-4b7b-9565-7e7890afc4c3/1764720000.0_mean_300.0_v3" "tx611d6090c44a4cb4bab72-00693c6231" "proxy-server 97771" 0.0003 "-" 96771 0
Dec 12 13:42:57 np0005557558.novalocal object-server[96771]: ::1 - - [12/Dec/2025:18:42:57 +0000] "GET /2/213969/AUTH_9f41729c3600455b8ee569c968fa446b/gnocchi.0d42e1bc-b32f-4b7b-9565-7e7890afc4c3/1764720000.0_mean_300.0_v3" 404 70 "GET https://[::1]:8080/v1/AUTH_9f41729c3600455b8ee569c968fa446b/gnocchi.0d42e1bc-b32f-4b7b-9565-7e7890afc4c3/1764720000.0_mean_300.0_v3" "tx611d6090c44a4cb4bab72-00693c6231" "proxy-server 97771" 0.0002 "-" 96771 0
Dec 12 13:42:57 np0005557558.novalocal object-server[96771]: ::1 - - [12/Dec/2025:18:42:57 +0000] "GET /3/213969/AUTH_9f41729c3600455b8ee569c968fa446b/gnocchi.0d42e1bc-b32f-4b7b-9565-7e7890afc4c3/1764720000.0_mean_300.0_v3" 404 70 "GET https://[::1]:8080/v1/AUTH_9f41729c3600455b8ee569c968fa446b/gnocchi.0d42e1bc-b32f-4b7b-9565-7e7890afc4c3/1764720000.0_mean_300.0_v3" "tx611d6090c44a4cb4bab72-00693c6231" "proxy-server 97771" 0.0002 "-" 96771 0
Dec 12 13:42:57 np0005557558.novalocal proxy-server[97771]: ::1 ::1 12/Dec/2025/18/42/57 GET /v1/AUTH_9f41729c3600455b8ee569c968fa446b/gnocchi.0d42e1bc-b32f-4b7b-9565-7e7890afc4c3/1764720000.0_mean_300.0_v3 HTTP/1.0 404 - python-swiftclient-4.7.0 gAAAAABpPGHN3vHt... - 70 - tx611d6090c44a4cb4bab72-00693c6231 - 0.0075 - - 1765564977.375938416 1765564977.383408308 0
Dec 12 13:42:57 np0005557558.novalocal container-server[96474]: ::1 - - [12/Dec/2025:18:42:57 +0000] "HEAD /2/143660/AUTH_9f41729c3600455b8ee569c968fa446b/gnocchi.63892f0b-c8af-4880-9d43-6caff60a0d69" 404 - "HEAD http://[::1]:8080/v1/AUTH_9f41729c3600455b8ee569c968fa446b/gnocchi.63892f0b-c8af-4880-9d43-6caff60a0d69" "tx02e7dd267278498e89572-00693c6231" "proxy-server 97772" 0.0003 "-" 96474 0
Dec 12 13:42:57 np0005557558.novalocal container-server[96474]: ::1 - - [12/Dec/2025:18:42:57 +0000] "HEAD /3/143660/AUTH_9f41729c3600455b8ee569c968fa446b/gnocchi.63892f0b-c8af-4880-9d43-6caff60a0d69" 404 - "HEAD http://[::1]:8080/v1/AUTH_9f41729c3600455b8ee569c968fa446b/gnocchi.63892f0b-c8af-4880-9d43-6caff60a0d69" "tx02e7dd267278498e89572-00693c6231" "proxy-server 97772" 0.0004 "-" 96474 0
Dec 12 13:42:57 np0005557558.novalocal container-server[96475]: ::1 - - [12/Dec/2025:18:42:57 +0000] "HEAD /1/143660/AUTH_9f41729c3600455b8ee569c968fa446b/gnocchi.63892f0b-c8af-4880-9d43-6caff60a0d69" 404 - "HEAD http://[::1]:8080/v1/AUTH_9f41729c3600455b8ee569c968fa446b/gnocchi.63892f0b-c8af-4880-9d43-6caff60a0d69" "tx02e7dd267278498e89572-00693c6231" "proxy-server 97772" 0.0003 "-" 96475 0
Dec 12 13:42:57 np0005557558.novalocal proxy-server[97772]: - - 12/Dec/2025/18/42/57 HEAD /v1/AUTH_9f41729c3600455b8ee569c968fa446b/gnocchi.63892f0b-c8af-4880-9d43-6caff60a0d69 HTTP/1.0 404 - Swift - - - - tx02e7dd267278498e89572-00693c6231 - 0.0104 CS - 1765564977.388284922 1765564977.398672104 0
Dec 12 13:42:57 np0005557558.novalocal container-server[96475]: ::1 - - [12/Dec/2025:18:42:57 +0000] "PUT /3/38739/AUTH_9f41729c3600455b8ee569c968fa446b/gnocchi.0d42e1bc-b32f-4b7b-9565-7e7890afc4c3/1764720000.0_mean_300.0_v3" 201 - "PUT http://[::1]:8080/3/213969/AUTH_9f41729c3600455b8ee569c968fa446b/gnocchi.0d42e1bc-b32f-4b7b-9565-7e7890afc4c3/1764720000.0_mean_300.0_v3" "tx5fc06bed838e428e869a5-00693c6231" "object-server 96771" 0.0005 "-" 96475 0
Dec 12 13:42:57 np0005557558.novalocal container-server[96474]: ::1 - - [12/Dec/2025:18:42:57 +0000] "PUT /2/38739/AUTH_9f41729c3600455b8ee569c968fa446b/gnocchi.0d42e1bc-b32f-4b7b-9565-7e7890afc4c3/1764720000.0_mean_300.0_v3" 201 - "PUT http://[::1]:8080/1/213969/AUTH_9f41729c3600455b8ee569c968fa446b/gnocchi.0d42e1bc-b32f-4b7b-9565-7e7890afc4c3/1764720000.0_mean_300.0_v3" "tx5fc06bed838e428e869a5-00693c6231" "object-server 96771" 0.0007 "-" 96474 0
Dec 12 13:42:57 np0005557558.novalocal object-server[96771]: ::1 - - [12/Dec/2025:18:42:57 +0000] "PUT /1/213969/AUTH_9f41729c3600455b8ee569c968fa446b/gnocchi.0d42e1bc-b32f-4b7b-9565-7e7890afc4c3/1764720000.0_mean_300.0_v3" 201 - "PUT https://[::1]:8080/v1/AUTH_9f41729c3600455b8ee569c968fa446b/gnocchi.0d42e1bc-b32f-4b7b-9565-7e7890afc4c3/1764720000.0_mean_300.0_v3" "tx5fc06bed838e428e869a5-00693c6231" "proxy-server 97771" 0.0120 "-" 96771 0
Dec 12 13:42:57 np0005557558.novalocal object-server[96771]: ::1 - - [12/Dec/2025:18:42:57 +0000] "PUT /3/213969/AUTH_9f41729c3600455b8ee569c968fa446b/gnocchi.0d42e1bc-b32f-4b7b-9565-7e7890afc4c3/1764720000.0_mean_300.0_v3" 201 - "PUT https://[::1]:8080/v1/AUTH_9f41729c3600455b8ee569c968fa446b/gnocchi.0d42e1bc-b32f-4b7b-9565-7e7890afc4c3/1764720000.0_mean_300.0_v3" "tx5fc06bed838e428e869a5-00693c6231" "proxy-server 97771" 0.0113 "-" 96771 0
Dec 12 13:42:57 np0005557558.novalocal container-server[96474]: ::1 - - [12/Dec/2025:18:42:57 +0000] "PUT /1/38739/AUTH_9f41729c3600455b8ee569c968fa446b/gnocchi.0d42e1bc-b32f-4b7b-9565-7e7890afc4c3/1764720000.0_mean_300.0_v3" 201 - "PUT http://[::1]:8080/2/213969/AUTH_9f41729c3600455b8ee569c968fa446b/gnocchi.0d42e1bc-b32f-4b7b-9565-7e7890afc4c3/1764720000.0_mean_300.0_v3" "tx5fc06bed838e428e869a5-00693c6231" "object-server 96772" 0.0006 "-" 96474 0
Dec 12 13:42:57 np0005557558.novalocal object-server[96772]: ::1 - - [12/Dec/2025:18:42:57 +0000] "PUT /2/213969/AUTH_9f41729c3600455b8ee569c968fa446b/gnocchi.0d42e1bc-b32f-4b7b-9565-7e7890afc4c3/1764720000.0_mean_300.0_v3" 201 - "PUT https://[::1]:8080/v1/AUTH_9f41729c3600455b8ee569c968fa446b/gnocchi.0d42e1bc-b32f-4b7b-9565-7e7890afc4c3/1764720000.0_mean_300.0_v3" "tx5fc06bed838e428e869a5-00693c6231" "proxy-server 97771" 0.0142 "-" 96772 0
Dec 12 13:42:57 np0005557558.novalocal object-server[96772]: ::1 - - [12/Dec/2025:18:42:57 +0000] "GET /3/219540/AUTH_9f41729c3600455b8ee569c968fa446b/gnocchi.63892f0b-c8af-4880-9d43-6caff60a0d69/none_v3" 404 70 "GET https://[::1]:8080/v1/AUTH_9f41729c3600455b8ee569c968fa446b/gnocchi.63892f0b-c8af-4880-9d43-6caff60a0d69/none_v3" "tx02e7dd267278498e89572-00693c6231" "proxy-server 97772" 0.0003 "-" 96772 0
Dec 12 13:42:57 np0005557558.novalocal proxy-server[97771]: ::1 ::1 12/Dec/2025/18/42/57 PUT /v1/AUTH_9f41729c3600455b8ee569c968fa446b/gnocchi.0d42e1bc-b32f-4b7b-9565-7e7890afc4c3/1764720000.0_mean_300.0_v3 HTTP/1.0 201 - python-swiftclient-4.7.0 gAAAAABpPGHN3vHt... 16 - - tx5fc06bed838e428e869a5-00693c6231 - 0.0242 - - 1765564977.385637522 1765564977.409873962 0
Dec 12 13:42:57 np0005557558.novalocal object-server[96772]: ::1 - - [12/Dec/2025:18:42:57 +0000] "GET /1/219540/AUTH_9f41729c3600455b8ee569c968fa446b/gnocchi.63892f0b-c8af-4880-9d43-6caff60a0d69/none_v3" 404 70 "GET https://[::1]:8080/v1/AUTH_9f41729c3600455b8ee569c968fa446b/gnocchi.63892f0b-c8af-4880-9d43-6caff60a0d69/none_v3" "tx02e7dd267278498e89572-00693c6231" "proxy-server 97772" 0.0002 "-" 96772 0
Dec 12 13:42:57 np0005557558.novalocal object-server[96772]: ::1 - - [12/Dec/2025:18:42:57 +0000] "GET /2/219540/AUTH_9f41729c3600455b8ee569c968fa446b/gnocchi.63892f0b-c8af-4880-9d43-6caff60a0d69/none_v3" 404 70 "GET https://[::1]:8080/v1/AUTH_9f41729c3600455b8ee569c968fa446b/gnocchi.63892f0b-c8af-4880-9d43-6caff60a0d69/none_v3" "tx02e7dd267278498e89572-00693c6231" "proxy-server 97772" 0.0002 "-" 96772 0
Dec 12 13:42:57 np0005557558.novalocal proxy-server[97772]: ::1 ::1 12/Dec/2025/18/42/57 GET /v1/AUTH_9f41729c3600455b8ee569c968fa446b/gnocchi.63892f0b-c8af-4880-9d43-6caff60a0d69/none_v3 HTTP/1.0 404 - python-swiftclient-4.7.0 gAAAAABpPGHN1oGc... - 70 - tx02e7dd267278498e89572-00693c6231 - 0.0296 - - 1765564977.387505770 1765564977.417064667 0
Dec 12 13:42:57 np0005557558.novalocal container-sharder[95838]: Since Fri Dec 12 18:42:55 2025 visited - attempted:0 success:0 failure:0 skipped:84 completed:0
Dec 12 13:42:57 np0005557558.novalocal container-sharder[95838]: Since Fri Dec 12 18:42:55 2025 scanned - attempted:0 success:0 failure:0 found:0 min_time:0 max_time:0
Dec 12 13:42:57 np0005557558.novalocal container-sharder[95838]: Since Fri Dec 12 18:42:55 2025 created - attempted:0 success:0 failure:0
Dec 12 13:42:57 np0005557558.novalocal container-sharder[95838]: Since Fri Dec 12 18:42:55 2025 cleaved - attempted:0 success:0 failure:0 min_time:0 max_time:0
Dec 12 13:42:57 np0005557558.novalocal container-sharder[95838]: Since Fri Dec 12 18:42:55 2025 misplaced - attempted:0 success:0 failure:0 found:0 placed:0 unplaced:0
Dec 12 13:42:57 np0005557558.novalocal container-sharder[95838]: Since Fri Dec 12 18:42:55 2025 audit_root - attempted:0 success:0 failure:0 has_overlap:0 num_overlap:0
Dec 12 13:42:57 np0005557558.novalocal container-sharder[95838]: Since Fri Dec 12 18:42:55 2025 audit_shard - attempted:0 success:0 failure:0
Dec 12 13:42:57 np0005557558.novalocal container-sharder[95838]: Container sharder cycle completed: 1.67s
Dec 12 13:42:57 np0005557558.novalocal container-server[96474]: ::1 - - [12/Dec/2025:18:42:57 +0000] "PUT /3/38739/AUTH_9f41729c3600455b8ee569c968fa446b/gnocchi.0d42e1bc-b32f-4b7b-9565-7e7890afc4c3/none_v3" 201 - "PUT http://[::1]:8080/1/58533/AUTH_9f41729c3600455b8ee569c968fa446b/gnocchi.0d42e1bc-b32f-4b7b-9565-7e7890afc4c3/none_v3" "txc19fc3f3a56645c095f09-00693c6231" "object-server 96771" 0.0004 "-" 96474 0
Dec 12 13:42:57 np0005557558.novalocal object-server[96771]: ::1 - - [12/Dec/2025:18:42:57 +0000] "PUT /1/58533/AUTH_9f41729c3600455b8ee569c968fa446b/gnocchi.0d42e1bc-b32f-4b7b-9565-7e7890afc4c3/none_v3" 201 - "PUT https://[::1]:8080/v1/AUTH_9f41729c3600455b8ee569c968fa446b/gnocchi.0d42e1bc-b32f-4b7b-9565-7e7890afc4c3/none_v3" "txc19fc3f3a56645c095f09-00693c6231" "proxy-server 97771" 0.0106 "-" 96771 0
Dec 12 13:42:57 np0005557558.novalocal container-server[96474]: ::1 - - [12/Dec/2025:18:42:57 +0000] "PUT /1/38739/AUTH_9f41729c3600455b8ee569c968fa446b/gnocchi.0d42e1bc-b32f-4b7b-9565-7e7890afc4c3/none_v3" 201 - "PUT http://[::1]:8080/3/58533/AUTH_9f41729c3600455b8ee569c968fa446b/gnocchi.0d42e1bc-b32f-4b7b-9565-7e7890afc4c3/none_v3" "txc19fc3f3a56645c095f09-00693c6231" "object-server 96772" 0.0004 "-" 96474 0
Dec 12 13:42:57 np0005557558.novalocal object-server[96772]: ::1 - - [12/Dec/2025:18:42:57 +0000] "PUT /3/58533/AUTH_9f41729c3600455b8ee569c968fa446b/gnocchi.0d42e1bc-b32f-4b7b-9565-7e7890afc4c3/none_v3" 201 - "PUT https://[::1]:8080/v1/AUTH_9f41729c3600455b8ee569c968fa446b/gnocchi.0d42e1bc-b32f-4b7b-9565-7e7890afc4c3/none_v3" "txc19fc3f3a56645c095f09-00693c6231" "proxy-server 97771" 0.0212 "-" 96772 0
Dec 12 13:42:57 np0005557558.novalocal account-server[96175]: ::1 - - [12/Dec/2025:18:42:57 +0000] "PUT /3/24542/AUTH_9f41729c3600455b8ee569c968fa446b/gnocchi.63892f0b-c8af-4880-9d43-6caff60a0d69" 201 - "PUT http://[::1]:6001/2/143660/AUTH_9f41729c3600455b8ee569c968fa446b/gnocchi.63892f0b-c8af-4880-9d43-6caff60a0d69" "txb8b54e99023d47119259a-00693c6231" "container-server 96474" 0.0032 "-" 96175 0
Dec 12 13:42:57 np0005557558.novalocal container-server[96474]: ::1 - - [12/Dec/2025:18:42:57 +0000] "PUT /2/143660/AUTH_9f41729c3600455b8ee569c968fa446b/gnocchi.63892f0b-c8af-4880-9d43-6caff60a0d69" 201 - "PUT https://[::1]:8080/v1/AUTH_9f41729c3600455b8ee569c968fa446b/gnocchi.63892f0b-c8af-4880-9d43-6caff60a0d69" "txb8b54e99023d47119259a-00693c6231" "proxy-server 97772" 0.0135 "-" 96474 0
Dec 12 13:42:57 np0005557558.novalocal container-server[96475]: ::1 - - [12/Dec/2025:18:42:57 +0000] "PUT /2/38739/AUTH_9f41729c3600455b8ee569c968fa446b/gnocchi.0d42e1bc-b32f-4b7b-9565-7e7890afc4c3/none_v3" 201 - "PUT http://[::1]:8080/2/58533/AUTH_9f41729c3600455b8ee569c968fa446b/gnocchi.0d42e1bc-b32f-4b7b-9565-7e7890afc4c3/none_v3" "txc19fc3f3a56645c095f09-00693c6231" "object-server 96772" 0.0005 "-" 96475 0
Dec 12 13:42:57 np0005557558.novalocal object-server[96772]: ::1 - - [12/Dec/2025:18:42:57 +0000] "PUT /2/58533/AUTH_9f41729c3600455b8ee569c968fa446b/gnocchi.0d42e1bc-b32f-4b7b-9565-7e7890afc4c3/none_v3" 201 - "PUT https://[::1]:8080/v1/AUTH_9f41729c3600455b8ee569c968fa446b/gnocchi.0d42e1bc-b32f-4b7b-9565-7e7890afc4c3/none_v3" "txc19fc3f3a56645c095f09-00693c6231" "proxy-server 97771" 0.0301 "-" 96772 0
Dec 12 13:42:57 np0005557558.novalocal account-server[96175]: ::1 - - [12/Dec/2025:18:42:57 +0000] "PUT /1/24542/AUTH_9f41729c3600455b8ee569c968fa446b/gnocchi.63892f0b-c8af-4880-9d43-6caff60a0d69" 201 - "PUT http://[::1]:6001/1/143660/AUTH_9f41729c3600455b8ee569c968fa446b/gnocchi.63892f0b-c8af-4880-9d43-6caff60a0d69" "txb8b54e99023d47119259a-00693c6231" "container-server 96475" 0.0035 "-" 96175 0
Dec 12 13:42:57 np0005557558.novalocal container-server[96475]: ::1 - - [12/Dec/2025:18:42:57 +0000] "PUT /1/143660/AUTH_9f41729c3600455b8ee569c968fa446b/gnocchi.63892f0b-c8af-4880-9d43-6caff60a0d69" 201 - "PUT https://[::1]:8080/v1/AUTH_9f41729c3600455b8ee569c968fa446b/gnocchi.63892f0b-c8af-4880-9d43-6caff60a0d69" "txb8b54e99023d47119259a-00693c6231" "proxy-server 97772" 0.0231 "-" 96475 0
Dec 12 13:42:57 np0005557558.novalocal proxy-server[97771]: ::1 ::1 12/Dec/2025/18/42/57 PUT /v1/AUTH_9f41729c3600455b8ee569c968fa446b/gnocchi.0d42e1bc-b32f-4b7b-9565-7e7890afc4c3/none_v3 HTTP/1.0 201 - python-swiftclient-4.7.0 gAAAAABpPGHN3vHt... 22 - - txc19fc3f3a56645c095f09-00693c6231 - 0.0423 - - 1765564977.414200306 1765564977.456460953 0
Dec 12 13:42:57 np0005557558.novalocal account-server[96175]: ::1 - - [12/Dec/2025:18:42:57 +0000] "PUT /2/24542/AUTH_9f41729c3600455b8ee569c968fa446b/gnocchi.63892f0b-c8af-4880-9d43-6caff60a0d69" 201 - "PUT http://[::1]:6001/3/143660/AUTH_9f41729c3600455b8ee569c968fa446b/gnocchi.63892f0b-c8af-4880-9d43-6caff60a0d69" "txb8b54e99023d47119259a-00693c6231" "container-server 96475" 0.0034 "-" 96175 0
Dec 12 13:42:57 np0005557558.novalocal container-server[96475]: ::1 - - [12/Dec/2025:18:42:57 +0000] "PUT /3/143660/AUTH_9f41729c3600455b8ee569c968fa446b/gnocchi.63892f0b-c8af-4880-9d43-6caff60a0d69" 201 - "PUT https://[::1]:8080/v1/AUTH_9f41729c3600455b8ee569c968fa446b/gnocchi.63892f0b-c8af-4880-9d43-6caff60a0d69" "txb8b54e99023d47119259a-00693c6231" "proxy-server 97772" 0.0179 "-" 96475 0
Dec 12 13:42:57 np0005557558.novalocal proxy-server[97772]: ::1 ::1 12/Dec/2025/18/42/57 PUT /v1/AUTH_9f41729c3600455b8ee569c968fa446b/gnocchi.63892f0b-c8af-4880-9d43-6caff60a0d69 HTTP/1.0 201 - python-swiftclient-4.7.0 gAAAAABpPGHN1oGc... - - - txb8b54e99023d47119259a-00693c6231 - 0.0409 - - 1765564977.420015812 1765564977.460874557 0
