2026-02-02 07:35:59.203 17 DEBUG neutron_lib.callbacks.manager [req-6410fbc0-93c3-407c-ab3f-e3b3806557ad 77433d359a534004883dfe207cd32626 72a1a1061c164c00b2ddbadba7eb6a62 - default default] Notify callbacks ['neutron.plugins.ml2.plugin.SecurityGroupServerNotifierRpcMixin.notify_sg_on_port_change-587677', 'neutron.plugins.ml2.extensions.dns_integration._create_port_in_external_dns_service-8743733570389', 'neutron.plugins.ml2.ovo_rpc._ObjectChangeHandler.handle_event-249257', 'neutron.api.rpc.agentnotifiers.dhcp_rpc_agent_api.DhcpAgentNotifyAPI._native_event_send_dhcp_notification-4182263', 'neutron.services.segments.plugin.NovaSegmentNotifier._notify_port_created_or_deleted-3747551'] for port, after_create _notify_loop /usr/lib/python3.9/site-packages/neutron_lib/callbacks/manager.py:200
2026-02-02 07:35:59.205 17 DEBUG neutron_lib.callbacks.manager [req-2253d3af-5ada-4371-b2a4-f04cce0c7b75 77433d359a534004883dfe207cd32626 72a1a1061c164c00b2ddbadba7eb6a62 - default default] Notify callbacks ['neutron.plugins.ml2.plugin.SecurityGroupServerNotifierRpcMixin.notify_sg_on_port_change-587677', 'neutron.plugins.ml2.extensions.dns_integration._create_port_in_external_dns_service-8743733570389', 'neutron.plugins.ml2.ovo_rpc._ObjectChangeHandler.handle_event-249257', 'neutron.api.rpc.agentnotifiers.dhcp_rpc_agent_api.DhcpAgentNotifyAPI._native_event_send_dhcp_notification-4182263', 'neutron.services.segments.plugin.NovaSegmentNotifier._notify_port_created_or_deleted-3747551'] for port, after_create _notify_loop /usr/lib/python3.9/site-packages/neutron_lib/callbacks/manager.py:200
2026-02-02 07:35:59.270 16 DEBUG neutron_lib.callbacks.manager [req-43ca1384-22fa-4c99-9bf0-9094a2f0ca30 77433d359a534004883dfe207cd32626 72a1a1061c164c00b2ddbadba7eb6a62 - default default] Notify callbacks [] for allowed_address_pair, before_create _notify_loop /usr/lib/python3.9/site-packages/neutron_lib/callbacks/manager.py:200
2026-02-02 07:35:59.271 16 DEBUG neutron_lib.callbacks.manager [req-43ca1384-22fa-4c99-9bf0-9094a2f0ca30 77433d359a534004883dfe207cd32626 72a1a1061c164c00b2ddbadba7eb6a62 - default default] Notify callbacks [] for port, precommit_create _notify_loop /usr/lib/python3.9/site-packages/neutron_lib/callbacks/manager.py:200
2026-02-02 07:35:59.275 17 DEBUG neutron.api.rpc.handlers.resources_rpc [req-6410fbc0-93c3-407c-ab3f-e3b3806557ad 77433d359a534004883dfe207cd32626 72a1a1061c164c00b2ddbadba7eb6a62 - - -] Pushing event updated for resources: {'Port': ['ID=bfc845b4-9fea-4660-a2e5-406d177c5d7c,revision_number=1']} push /usr/lib/python3.9/site-packages/neutron/api/rpc/handlers/resources_rpc.py:237
2026-02-02 07:35:59.287 16 DEBUG neutron.db.provisioning_blocks [req-43ca1384-22fa-4c99-9bf0-9094a2f0ca30 77433d359a534004883dfe207cd32626 72a1a1061c164c00b2ddbadba7eb6a62 - default default] Transition to ACTIVE for port object b2ff0f0d-754b-498e-91bf-cf2644d7034f will not be triggered until provisioned by entity DHCP. add_provisioning_component /usr/lib/python3.9/site-packages/neutron/db/provisioning_blocks.py:74
2026-02-02 07:35:59.289 16 DEBUG neutron_lib.callbacks.manager [req-d76386b2-ee0a-47a7-a2a0-ac479052ec90 77433d359a534004883dfe207cd32626 72a1a1061c164c00b2ddbadba7eb6a62 - default default] Notify callbacks ['neutron.plugins.ml2.plugin.SecurityGroupServerNotifierRpcMixin.notify_sg_on_port_change-587677', 'neutron.plugins.ml2.extensions.dns_integration._create_port_in_external_dns_service-8743733570389', 'neutron.plugins.ml2.ovo_rpc._ObjectChangeHandler.handle_event-249257', 'neutron.api.rpc.agentnotifiers.dhcp_rpc_agent_api.DhcpAgentNotifyAPI._native_event_send_dhcp_notification-4182263', 'neutron.services.segments.plugin.NovaSegmentNotifier._notify_port_created_or_deleted-3747551'] for port, after_create _notify_loop /usr/lib/python3.9/site-packages/neutron_lib/callbacks/manager.py:200
2026-02-02 07:35:59.299 17 DEBUG neutron.plugins.ml2.drivers.mech_agent [req-2253d3af-5ada-4371-b2a4-f04cce0c7b75 77433d359a534004883dfe207cd32626 72a1a1061c164c00b2ddbadba7eb6a62 - default default] Checking segment: {'id': 'd094c069-7598-4882-913e-3644458270bb', 'network_type': 'flat', 'physical_network': 'external_external_subnet', 'segmentation_id': None, 'network_id': '3e280cde-458f-4d7b-992d-950f68515f7a'} for mappings: {'ctlplane': 'br-ctlplane'} with network types: ['local', 'flat', 'vlan'] check_segment_for_agent /usr/lib/python3.9/site-packages/neutron/plugins/ml2/drivers/mech_agent.py:343
2026-02-02 07:35:59.300 17 DEBUG neutron.plugins.ml2.drivers.mech_agent [req-2253d3af-5ada-4371-b2a4-f04cce0c7b75 77433d359a534004883dfe207cd32626 72a1a1061c164c00b2ddbadba7eb6a62 - default default] Network 3e280cde-458f-4d7b-992d-950f68515f7a with segment d094c069-7598-4882-913e-3644458270bb is connected to physical network external_external_subnet, but agent undercloud.ooo.test reported physical networks {'ctlplane': 'br-ctlplane'}. The physical network must be configured on the agent if binding is to succeed. check_segment_for_agent /usr/lib/python3.9/site-packages/neutron/plugins/ml2/drivers/mech_agent.py:365
2026-02-02 07:35:59.303 17 DEBUG neutron.plugins.ml2.drivers.mech_agent [req-6410fbc0-93c3-407c-ab3f-e3b3806557ad 77433d359a534004883dfe207cd32626 72a1a1061c164c00b2ddbadba7eb6a62 - default default] Checking segment: {'id': '78dc1a51-267b-4ab3-a10c-d6212f8001ad', 'network_type': 'flat', 'physical_network': 'storage_mgmt_storage_mgmt_subnet', 'segmentation_id': None, 'network_id': 'eab2bfcb-3362-4b28-992b-7d5c17203151'} for mappings: {'ctlplane': 'br-ctlplane'} with network types: ['local', 'flat', 'vlan'] check_segment_for_agent /usr/lib/python3.9/site-packages/neutron/plugins/ml2/drivers/mech_agent.py:343
2026-02-02 07:35:59.303 17 DEBUG neutron.plugins.ml2.drivers.mech_agent [req-6410fbc0-93c3-407c-ab3f-e3b3806557ad 77433d359a534004883dfe207cd32626 72a1a1061c164c00b2ddbadba7eb6a62 - default default] Network eab2bfcb-3362-4b28-992b-7d5c17203151 with segment 78dc1a51-267b-4ab3-a10c-d6212f8001ad is connected to physical network storage_mgmt_storage_mgmt_subnet, but agent undercloud.ooo.test reported physical networks {'ctlplane': 'br-ctlplane'}. The physical network must be configured on the agent if binding is to succeed. check_segment_for_agent /usr/lib/python3.9/site-packages/neutron/plugins/ml2/drivers/mech_agent.py:365
2026-02-02 07:35:59.307 17 DEBUG neutron.scheduler.dhcp_agent_scheduler [req-2253d3af-5ada-4371-b2a4-f04cce0c7b75 77433d359a534004883dfe207cd32626 72a1a1061c164c00b2ddbadba7eb6a62 - default default] Network hostable DHCP agents. Network: 3e280cde-458f-4d7b-992d-950f68515f7a, hostable agents: [], hosted agents: [] _get_network_hostable_dhcp_agents /usr/lib/python3.9/site-packages/neutron/scheduler/dhcp_agent_scheduler.py:329
2026-02-02 07:35:59.307 17 DEBUG neutron.scheduler.base_scheduler [req-2253d3af-5ada-4371-b2a4-f04cce0c7b75 77433d359a534004883dfe207cd32626 72a1a1061c164c00b2ddbadba7eb6a62 - default default] Resources bound (agent type, host, resource id): schedule /usr/lib/python3.9/site-packages/neutron/scheduler/base_scheduler.py:57
2026-02-02 07:35:59.307 17 WARNING neutron.api.rpc.agentnotifiers.dhcp_rpc_agent_api [req-2253d3af-5ada-4371-b2a4-f04cce0c7b75 77433d359a534004883dfe207cd32626 72a1a1061c164c00b2ddbadba7eb6a62 - default default] Unable to schedule network 3e280cde-458f-4d7b-992d-950f68515f7a: no agents available; will retry on subsequent port and subnet creation events.
2026-02-02 07:35:59.307 17 DEBUG neutron.api.rpc.agentnotifiers.dhcp_rpc_agent_api [req-2253d3af-5ada-4371-b2a4-f04cce0c7b75 77433d359a534004883dfe207cd32626 72a1a1061c164c00b2ddbadba7eb6a62 - default default] Network 3e280cde-458f-4d7b-992d-950f68515f7a is not hosted by any dhcp agent _notify_agents /usr/lib/python3.9/site-packages/neutron/api/rpc/agentnotifiers/dhcp_rpc_agent_api.py:228
2026-02-02 07:35:59.319 17 DEBUG neutron.scheduler.dhcp_agent_scheduler [req-6410fbc0-93c3-407c-ab3f-e3b3806557ad 77433d359a534004883dfe207cd32626 72a1a1061c164c00b2ddbadba7eb6a62 - default default] Network hostable DHCP agents. Network: eab2bfcb-3362-4b28-992b-7d5c17203151, hostable agents: [], hosted agents: [] _get_network_hostable_dhcp_agents /usr/lib/python3.9/site-packages/neutron/scheduler/dhcp_agent_scheduler.py:329
2026-02-02 07:35:59.320 17 DEBUG neutron.scheduler.base_scheduler [req-6410fbc0-93c3-407c-ab3f-e3b3806557ad 77433d359a534004883dfe207cd32626 72a1a1061c164c00b2ddbadba7eb6a62 - default default] Resources bound (agent type, host, resource id): schedule /usr/lib/python3.9/site-packages/neutron/scheduler/base_scheduler.py:57
2026-02-02 07:35:59.320 17 WARNING neutron.api.rpc.agentnotifiers.dhcp_rpc_agent_api [req-6410fbc0-93c3-407c-ab3f-e3b3806557ad 77433d359a534004883dfe207cd32626 72a1a1061c164c00b2ddbadba7eb6a62 - default default] Unable to schedule network eab2bfcb-3362-4b28-992b-7d5c17203151: no agents available; will retry on subsequent port and subnet creation events.
2026-02-02 07:35:59.320 17 DEBUG neutron.api.rpc.agentnotifiers.dhcp_rpc_agent_api [req-6410fbc0-93c3-407c-ab3f-e3b3806557ad 77433d359a534004883dfe207cd32626 72a1a1061c164c00b2ddbadba7eb6a62 - default default] Network eab2bfcb-3362-4b28-992b-7d5c17203151 is not hosted by any dhcp agent _notify_agents /usr/lib/python3.9/site-packages/neutron/api/rpc/agentnotifiers/dhcp_rpc_agent_api.py:228
2026-02-02 07:35:59.344 17 DEBUG neutron.api.rpc.handlers.resources_rpc [req-2253d3af-5ada-4371-b2a4-f04cce0c7b75 77433d359a534004883dfe207cd32626 72a1a1061c164c00b2ddbadba7eb6a62 - - -] Pushing event updated for resources: {'Port': ['ID=1d30aadd-ce78-4878-886a-84326aa201a8,revision_number=1']} push /usr/lib/python3.9/site-packages/neutron/api/rpc/handlers/resources_rpc.py:237
2026-02-02 07:35:59.354 17 DEBUG neutron.pecan_wsgi.hooks.policy_enforcement [req-2253d3af-5ada-4371-b2a4-f04cce0c7b75 77433d359a534004883dfe207cd32626 72a1a1061c164c00b2ddbadba7eb6a62 - default default] Attributes excluded by policy engine: ['standard_attr_id', 'network'] _exclude_attributes_by_policy /usr/lib/python3.9/site-packages/neutron/pecan_wsgi/hooks/policy_enforcement.py:259
2026-02-02 07:35:59.354 17 DEBUG neutron_lib.callbacks.manager [req-2253d3af-5ada-4371-b2a4-f04cce0c7b75 77433d359a534004883dfe207cd32626 72a1a1061c164c00b2ddbadba7eb6a62 - default default] Notify callbacks ['neutron.notifiers.nova.Notifier._send_nova_notification-153933', 'neutron.api.rpc.agentnotifiers.dhcp_rpc_agent_api.DhcpAgentNotifyAPI._send_dhcp_notification-4182145'] for port, before_response _notify_loop /usr/lib/python3.9/site-packages/neutron_lib/callbacks/manager.py:200
2026-02-02 07:35:59.358 16 DEBUG neutron.api.rpc.handlers.resources_rpc [req-d76386b2-ee0a-47a7-a2a0-ac479052ec90 77433d359a534004883dfe207cd32626 72a1a1061c164c00b2ddbadba7eb6a62 - - -] Pushing event updated for resources: {'Port': ['ID=cc038d69-7c28-458a-85bf-7a95c637a94a,revision_number=1']} push /usr/lib/python3.9/site-packages/neutron/api/rpc/handlers/resources_rpc.py:237
2026-02-02 07:35:59.359 17 DEBUG neutron.pecan_wsgi.hooks.policy_enforcement [req-6410fbc0-93c3-407c-ab3f-e3b3806557ad 77433d359a534004883dfe207cd32626 72a1a1061c164c00b2ddbadba7eb6a62 - default default] Attributes excluded by policy engine: ['standard_attr_id', 'network'] _exclude_attributes_by_policy /usr/lib/python3.9/site-packages/neutron/pecan_wsgi/hooks/policy_enforcement.py:259
2026-02-02 07:35:59.359 17 DEBUG neutron_lib.callbacks.manager [req-6410fbc0-93c3-407c-ab3f-e3b3806557ad 77433d359a534004883dfe207cd32626 72a1a1061c164c00b2ddbadba7eb6a62 - default default] Notify callbacks ['neutron.notifiers.nova.Notifier._send_nova_notification-153933', 'neutron.api.rpc.agentnotifiers.dhcp_rpc_agent_api.DhcpAgentNotifyAPI._send_dhcp_notification-4182145'] for port, before_response _notify_loop /usr/lib/python3.9/site-packages/neutron_lib/callbacks/manager.py:200
2026-02-02 07:35:59.360 16 DEBUG neutron_lib.callbacks.manager [req-43ca1384-22fa-4c99-9bf0-9094a2f0ca30 77433d359a534004883dfe207cd32626 72a1a1061c164c00b2ddbadba7eb6a62 - default default] Notify callbacks ['neutron.plugins.ml2.plugin.SecurityGroupServerNotifierRpcMixin.notify_sg_on_port_change-587677', 'neutron.plugins.ml2.extensions.dns_integration._create_port_in_external_dns_service-8743733570389', 'neutron.plugins.ml2.ovo_rpc._ObjectChangeHandler.handle_event-249257', 'neutron.api.rpc.agentnotifiers.dhcp_rpc_agent_api.DhcpAgentNotifyAPI._native_event_send_dhcp_notification-4182263', 'neutron.services.segments.plugin.NovaSegmentNotifier._notify_port_created_or_deleted-3747551'] for port, after_create _notify_loop /usr/lib/python3.9/site-packages/neutron_lib/callbacks/manager.py:200
2026-02-02 07:35:59.369 17 INFO neutron.wsgi [req-2253d3af-5ada-4371-b2a4-f04cce0c7b75 77433d359a534004883dfe207cd32626 72a1a1061c164c00b2ddbadba7eb6a62 - default default] 192.168.122.99,192.168.122.100 "POST /v2.0/ports HTTP/1.1" status: 201 len: 1151 time: 0.7037337
2026-02-02 07:35:59.370 16 DEBUG neutron.plugins.ml2.drivers.mech_agent [req-d76386b2-ee0a-47a7-a2a0-ac479052ec90 77433d359a534004883dfe207cd32626 72a1a1061c164c00b2ddbadba7eb6a62 - default default] Checking segment: {'id': 'ad9383cf-6dc6-420b-88bb-c759c27d4eab', 'network_type': 'flat', 'physical_network': 'internal_api_internal_api_subnet', 'segmentation_id': None, 'network_id': '7e05ebb7-5689-4cf3-b222-3b32af1a33d4'} for mappings: {'ctlplane': 'br-ctlplane'} with network types: ['local', 'flat', 'vlan'] check_segment_for_agent /usr/lib/python3.9/site-packages/neutron/plugins/ml2/drivers/mech_agent.py:343
2026-02-02 07:35:59.375 16 DEBUG neutron.plugins.ml2.drivers.mech_agent [req-d76386b2-ee0a-47a7-a2a0-ac479052ec90 77433d359a534004883dfe207cd32626 72a1a1061c164c00b2ddbadba7eb6a62 - default default] Network 7e05ebb7-5689-4cf3-b222-3b32af1a33d4 with segment ad9383cf-6dc6-420b-88bb-c759c27d4eab is connected to physical network internal_api_internal_api_subnet, but agent undercloud.ooo.test reported physical networks {'ctlplane': 'br-ctlplane'}. The physical network must be configured on the agent if binding is to succeed. check_segment_for_agent /usr/lib/python3.9/site-packages/neutron/plugins/ml2/drivers/mech_agent.py:365
2026-02-02 07:35:59.377 17 INFO neutron.wsgi [req-6410fbc0-93c3-407c-ab3f-e3b3806557ad 77433d359a534004883dfe207cd32626 72a1a1061c164c00b2ddbadba7eb6a62 - default default] 192.168.122.99,192.168.122.100 "POST /v2.0/ports HTTP/1.1" status: 201 len: 1155 time: 0.7517457
2026-02-02 07:35:59.379 17 DEBUG neutron.services.tag.tag_plugin [req-21a20f50-4a3e-4461-bf7e-10b4763822a1 77433d359a534004883dfe207cd32626 72a1a1061c164c00b2ddbadba7eb6a62 - default default] neutron.services.tag.tag_plugin.TagPlugin method update_tags called with arguments (, 'ports', '1d30aadd-ce78-4878-886a-84326aa201a8', {'tags': ['tripleo_stack_name=overcloud', 'tripleo_vip_net=external']}) {} wrapper /usr/lib/python3.9/site-packages/oslo_log/helpers.py:65
2026-02-02 07:35:59.383 16 DEBUG neutron.scheduler.dhcp_agent_scheduler [req-d76386b2-ee0a-47a7-a2a0-ac479052ec90 77433d359a534004883dfe207cd32626 72a1a1061c164c00b2ddbadba7eb6a62 - default default] Network hostable DHCP agents. Network: 7e05ebb7-5689-4cf3-b222-3b32af1a33d4, hostable agents: [], hosted agents: [] _get_network_hostable_dhcp_agents /usr/lib/python3.9/site-packages/neutron/scheduler/dhcp_agent_scheduler.py:329
2026-02-02 07:35:59.384 16 DEBUG neutron.scheduler.base_scheduler [req-d76386b2-ee0a-47a7-a2a0-ac479052ec90 77433d359a534004883dfe207cd32626 72a1a1061c164c00b2ddbadba7eb6a62 - default default] Resources bound (agent type, host, resource id): schedule /usr/lib/python3.9/site-packages/neutron/scheduler/base_scheduler.py:57
2026-02-02 07:35:59.384 16 WARNING neutron.api.rpc.agentnotifiers.dhcp_rpc_agent_api [req-d76386b2-ee0a-47a7-a2a0-ac479052ec90 77433d359a534004883dfe207cd32626 72a1a1061c164c00b2ddbadba7eb6a62 - default default] Unable to schedule network 7e05ebb7-5689-4cf3-b222-3b32af1a33d4: no agents available; will retry on subsequent port and subnet creation events.
2026-02-02 07:35:59.384 16 DEBUG neutron.api.rpc.agentnotifiers.dhcp_rpc_agent_api [req-d76386b2-ee0a-47a7-a2a0-ac479052ec90 77433d359a534004883dfe207cd32626 72a1a1061c164c00b2ddbadba7eb6a62 - default default] Network 7e05ebb7-5689-4cf3-b222-3b32af1a33d4 is not hosted by any dhcp agent _notify_agents /usr/lib/python3.9/site-packages/neutron/api/rpc/agentnotifiers/dhcp_rpc_agent_api.py:228
2026-02-02 07:35:59.393 17 DEBUG neutron.services.tag.tag_plugin [req-9c5cca7f-e661-4c78-8b29-a6d0ec444891 77433d359a534004883dfe207cd32626 72a1a1061c164c00b2ddbadba7eb6a62 - default default] neutron.services.tag.tag_plugin.TagPlugin method update_tags called with arguments (, 'ports', 'bfc845b4-9fea-4660-a2e5-406d177c5d7c', {'tags': ['tripleo_stack_name=overcloud', 'tripleo_vip_net=storage_mgmt']}) {} wrapper /usr/lib/python3.9/site-packages/oslo_log/helpers.py:65
2026-02-02 07:35:59.430 17 INFO neutron.wsgi [req-21a20f50-4a3e-4461-bf7e-10b4763822a1 77433d359a534004883dfe207cd32626 72a1a1061c164c00b2ddbadba7eb6a62 - default default] 192.168.122.99,192.168.122.100 "PUT /v2.0/ports/1d30aadd-ce78-4878-886a-84326aa201a8/tags HTTP/1.1" status: 200 len: 244 time: 0.0539985
2026-02-02 07:35:59.432 17 INFO neutron.wsgi [req-9c5cca7f-e661-4c78-8b29-a6d0ec444891 77433d359a534004883dfe207cd32626 72a1a1061c164c00b2ddbadba7eb6a62 - default default] 192.168.122.99,192.168.122.100 "PUT /v2.0/ports/bfc845b4-9fea-4660-a2e5-406d177c5d7c/tags HTTP/1.1" status: 200 len: 248 time: 0.0420043
2026-02-02 07:35:59.438 16 DEBUG neutron.pecan_wsgi.hooks.policy_enforcement [req-d76386b2-ee0a-47a7-a2a0-ac479052ec90 77433d359a534004883dfe207cd32626 72a1a1061c164c00b2ddbadba7eb6a62 - default default] Attributes excluded by policy engine: ['standard_attr_id', 'network'] _exclude_attributes_by_policy /usr/lib/python3.9/site-packages/neutron/pecan_wsgi/hooks/policy_enforcement.py:259
2026-02-02 07:35:59.439 16 DEBUG neutron_lib.callbacks.manager [req-d76386b2-ee0a-47a7-a2a0-ac479052ec90 77433d359a534004883dfe207cd32626 72a1a1061c164c00b2ddbadba7eb6a62 - default default] Notify callbacks ['neutron.notifiers.nova.Notifier._send_nova_notification-153933', 'neutron.api.rpc.agentnotifiers.dhcp_rpc_agent_api.DhcpAgentNotifyAPI._send_dhcp_notification-4182145'] for port, before_response _notify_loop /usr/lib/python3.9/site-packages/neutron_lib/callbacks/manager.py:200
2026-02-02 07:35:59.442 16 DEBUG neutron.scheduler.dhcp_agent_scheduler [req-43ca1384-22fa-4c99-9bf0-9094a2f0ca30 77433d359a534004883dfe207cd32626 72a1a1061c164c00b2ddbadba7eb6a62 - default default] Network 90c82e18-65b5-42b2-9567-09a4ba2ce086 is already hosted by enough agents. _get_dhcp_agents_hosting_network /usr/lib/python3.9/site-packages/neutron/scheduler/dhcp_agent_scheduler.py:275
2026-02-02 07:35:59.447 16 DEBUG neutron.scheduler.base_scheduler [req-43ca1384-22fa-4c99-9bf0-9094a2f0ca30 77433d359a534004883dfe207cd32626 72a1a1061c164c00b2ddbadba7eb6a62 - default default] Resources bound (agent type, host, resource id): schedule /usr/lib/python3.9/site-packages/neutron/scheduler/base_scheduler.py:57
2026-02-02 07:35:59.470 16 DEBUG neutron.api.rpc.handlers.resources_rpc [req-43ca1384-22fa-4c99-9bf0-9094a2f0ca30 77433d359a534004883dfe207cd32626 72a1a1061c164c00b2ddbadba7eb6a62 - - -] Pushing event updated for resources: {'Port': ['ID=b2ff0f0d-754b-498e-91bf-cf2644d7034f,revision_number=1']} push /usr/lib/python3.9/site-packages/neutron/api/rpc/handlers/resources_rpc.py:237
2026-02-02 07:35:59.482 16 INFO neutron.wsgi [req-d76386b2-ee0a-47a7-a2a0-ac479052ec90 77433d359a534004883dfe207cd32626 72a1a1061c164c00b2ddbadba7eb6a62 - default default] 192.168.122.99,192.168.122.100 "POST /v2.0/ports HTTP/1.1" status: 201 len: 1155 time: 0.8727508
2026-02-02 07:35:59.491 16 DEBUG neutron.services.tag.tag_plugin [req-0be197ca-7955-456c-9a6e-51e53dca6d14 77433d359a534004883dfe207cd32626 72a1a1061c164c00b2ddbadba7eb6a62 - default default] neutron.services.tag.tag_plugin.TagPlugin method update_tags called with arguments (, 'ports', 'cc038d69-7c28-458a-85bf-7a95c637a94a', {'tags': ['tripleo_stack_name=overcloud', 'tripleo_vip_net=internal_api']}) {} wrapper /usr/lib/python3.9/site-packages/oslo_log/helpers.py:65
2026-02-02 07:35:59.517 16 DEBUG neutron.pecan_wsgi.hooks.policy_enforcement [req-43ca1384-22fa-4c99-9bf0-9094a2f0ca30 77433d359a534004883dfe207cd32626 72a1a1061c164c00b2ddbadba7eb6a62 - default default] Attributes excluded by policy engine: ['standard_attr_id', 'network'] _exclude_attributes_by_policy /usr/lib/python3.9/site-packages/neutron/pecan_wsgi/hooks/policy_enforcement.py:259
2026-02-02 07:35:59.518 16 DEBUG neutron_lib.callbacks.manager [req-43ca1384-22fa-4c99-9bf0-9094a2f0ca30 77433d359a534004883dfe207cd32626 72a1a1061c164c00b2ddbadba7eb6a62 - default default] Notify callbacks ['neutron.notifiers.nova.Notifier._send_nova_notification-153933', 'neutron.api.rpc.agentnotifiers.dhcp_rpc_agent_api.DhcpAgentNotifyAPI._send_dhcp_notification-4182145'] for port, before_response _notify_loop /usr/lib/python3.9/site-packages/neutron_lib/callbacks/manager.py:200
2026-02-02 07:35:59.540 16 INFO neutron.wsgi [req-43ca1384-22fa-4c99-9bf0-9094a2f0ca30 77433d359a534004883dfe207cd32626 72a1a1061c164c00b2ddbadba7eb6a62 - default default] 192.168.122.99,192.168.122.100 "POST /v2.0/ports HTTP/1.1" status: 201 len: 1155 time: 0.8661561
2026-02-02 07:35:59.541 16 INFO neutron.wsgi [req-0be197ca-7955-456c-9a6e-51e53dca6d14 77433d359a534004883dfe207cd32626 72a1a1061c164c00b2ddbadba7eb6a62 - default default] 192.168.122.99,192.168.122.100 "PUT /v2.0/ports/cc038d69-7c28-458a-85bf-7a95c637a94a/tags HTTP/1.1" status: 200 len: 248 time: 0.0535915
2026-02-02 07:35:59.554 16 DEBUG neutron.services.tag.tag_plugin [req-cb7994dc-5476-4e08-82f7-e5867b2affdc 77433d359a534004883dfe207cd32626 72a1a1061c164c00b2ddbadba7eb6a62 - default default] neutron.services.tag.tag_plugin.TagPlugin method update_tags called with arguments (, 'ports', 'b2ff0f0d-754b-498e-91bf-cf2644d7034f', {'tags': ['tripleo_stack_name=overcloud', 'tripleo_vip_net=ctlplane']}) {} wrapper /usr/lib/python3.9/site-packages/oslo_log/helpers.py:65
2026-02-02 07:35:59.589 16 INFO neutron.wsgi [req-cb7994dc-5476-4e08-82f7-e5867b2affdc 77433d359a534004883dfe207cd32626 72a1a1061c164c00b2ddbadba7eb6a62 - default default] 192.168.122.99,192.168.122.100 "PUT /v2.0/ports/b2ff0f0d-754b-498e-91bf-cf2644d7034f/tags HTTP/1.1" status: 200 len: 244 time: 0.0420878
2026-02-02 07:35:59.633 16 DEBUG neutron.pecan_wsgi.hooks.policy_enforcement [req-e503fed2-cfad-4a77-a022-57638928aa61 77433d359a534004883dfe207cd32626 72a1a1061c164c00b2ddbadba7eb6a62 - default default] Attributes excluded by policy engine: ['standard_attr_id'] _exclude_attributes_by_policy /usr/lib/python3.9/site-packages/neutron/pecan_wsgi/hooks/policy_enforcement.py:259
2026-02-02 07:35:59.633 16 DEBUG neutron.pecan_wsgi.hooks.policy_enforcement [req-e503fed2-cfad-4a77-a022-57638928aa61 77433d359a534004883dfe207cd32626 72a1a1061c164c00b2ddbadba7eb6a62 - default default] Attributes excluded by policy engine: ['standard_attr_id'] _exclude_attributes_by_policy /usr/lib/python3.9/site-packages/neutron/pecan_wsgi/hooks/policy_enforcement.py:259
2026-02-02 07:35:59.633 16 DEBUG neutron.pecan_wsgi.hooks.policy_enforcement [req-e503fed2-cfad-4a77-a022-57638928aa61 77433d359a534004883dfe207cd32626 72a1a1061c164c00b2ddbadba7eb6a62 - default default] Attributes excluded by policy engine: ['standard_attr_id'] _exclude_attributes_by_policy /usr/lib/python3.9/site-packages/neutron/pecan_wsgi/hooks/policy_enforcement.py:259
2026-02-02 07:35:59.633 16 DEBUG neutron.pecan_wsgi.hooks.policy_enforcement [req-e503fed2-cfad-4a77-a022-57638928aa61 77433d359a534004883dfe207cd32626 72a1a1061c164c00b2ddbadba7eb6a62 - default default] Attributes excluded by policy engine: ['standard_attr_id'] _exclude_attributes_by_policy /usr/lib/python3.9/site-packages/neutron/pecan_wsgi/hooks/policy_enforcement.py:259
2026-02-02 07:35:59.634 16 DEBUG neutron.pecan_wsgi.hooks.policy_enforcement [req-e503fed2-cfad-4a77-a022-57638928aa61 77433d359a534004883dfe207cd32626 72a1a1061c164c00b2ddbadba7eb6a62 - default default] Attributes excluded by policy engine: ['standard_attr_id'] _exclude_attributes_by_policy /usr/lib/python3.9/site-packages/neutron/pecan_wsgi/hooks/policy_enforcement.py:259
2026-02-02 07:35:59.658 16 INFO neutron.wsgi [req-e503fed2-cfad-4a77-a022-57638928aa61 77433d359a534004883dfe207cd32626 72a1a1061c164c00b2ddbadba7eb6a62 - default default] 192.168.122.99,192.168.122.100 "GET /v2.0/ports?tags=tripleo_stack_name%3Dovercloud HTTP/1.1" status: 200 len: 5305 time: 0.0656321
2026-02-02 07:35:59.773 18 DEBUG neutron.wsgi [-] (18) accepted ('192.168.122.100', 36964) server /usr/lib/python3.9/site-packages/eventlet/wsgi.py:992
2026-02-02 07:35:59.776 18 INFO neutron.wsgi [-] 192.168.122.100 "GET /healthcheck HTTP/1.0" status: 200 len: 137 time: 0.0018120
2026-02-02 07:35:59.893 20 DEBUG neutron.db.provisioning_blocks [req-90366436-8d34-4bc8-8507-a1404f4b137b - - - - -] Provisioning for port b2ff0f0d-754b-498e-91bf-cf2644d7034f completed by entity DHCP. provisioning_complete /usr/lib/python3.9/site-packages/neutron/db/provisioning_blocks.py:134
2026-02-02 07:35:59.898 20 DEBUG neutron.db.provisioning_blocks [req-90366436-8d34-4bc8-8507-a1404f4b137b - - - - -] Provisioning complete for port b2ff0f0d-754b-498e-91bf-cf2644d7034f triggered by entity DHCP. provisioning_complete /usr/lib/python3.9/site-packages/neutron/db/provisioning_blocks.py:140
2026-02-02 07:35:59.899 20 DEBUG neutron_lib.callbacks.manager [req-90366436-8d34-4bc8-8507-a1404f4b137b - - - - -] Notify callbacks ['neutron.plugins.ml2.plugin.Ml2Plugin._port_provisioned-921768'] for port, provisioning_complete _notify_loop /usr/lib/python3.9/site-packages/neutron_lib/callbacks/manager.py:200
2026-02-02 07:35:59.899 20 INFO neutron.plugins.ml2.plugin [req-90366436-8d34-4bc8-8507-a1404f4b137b - - - - -] Attempt 1 to provision port b2ff0f0d-754b-498e-91bf-cf2644d7034f
2026-02-02 07:35:59.944 20 DEBUG neutron.plugins.ml2.plugin [req-90366436-8d34-4bc8-8507-a1404f4b137b - - - - -] Port b2ff0f0d-754b-498e-91bf-cf2644d7034f cannot update to ACTIVE because it is not bound. _port_provisioned /usr/lib/python3.9/site-packages/neutron/plugins/ml2/plugin.py:353
2026-02-02 07:36:01.777 17 DEBUG neutron.wsgi [-] (17) accepted ('192.168.122.100', 36966) server /usr/lib/python3.9/site-packages/eventlet/wsgi.py:992
2026-02-02 07:36:01.782 17 INFO neutron.wsgi [-] 192.168.122.100 "GET /healthcheck HTTP/1.0" status: 200 len: 137 time: 0.0036230
2026-02-02 07:36:02.316 16 DEBUG neutron.wsgi [-] (16) accepted ('192.168.122.100', 36980) server /usr/lib/python3.9/site-packages/eventlet/wsgi.py:992
2026-02-02 07:36:02.466 16 DEBUG neutron.pecan_wsgi.hooks.policy_enforcement [req-69708c6d-b12e-4b8f-b8ae-e1eafb41527d 77433d359a534004883dfe207cd32626 72a1a1061c164c00b2ddbadba7eb6a62 - default default] Attributes excluded by policy engine: ['standard_attr_id', 'vlan_transparent'] _exclude_attributes_by_policy /usr/lib/python3.9/site-packages/neutron/pecan_wsgi/hooks/policy_enforcement.py:259
2026-02-02 07:36:02.467 16 DEBUG neutron.pecan_wsgi.hooks.policy_enforcement [req-69708c6d-b12e-4b8f-b8ae-e1eafb41527d 77433d359a534004883dfe207cd32626 72a1a1061c164c00b2ddbadba7eb6a62 - default default] Attributes excluded by policy engine: ['standard_attr_id', 'vlan_transparent'] _exclude_attributes_by_policy /usr/lib/python3.9/site-packages/neutron/pecan_wsgi/hooks/policy_enforcement.py:259
2026-02-02 07:36:02.467 16 DEBUG neutron.pecan_wsgi.hooks.policy_enforcement [req-69708c6d-b12e-4b8f-b8ae-e1eafb41527d 77433d359a534004883dfe207cd32626 72a1a1061c164c00b2ddbadba7eb6a62 - default default] Attributes excluded by policy engine: ['standard_attr_id', 'vlan_transparent'] _exclude_attributes_by_policy /usr/lib/python3.9/site-packages/neutron/pecan_wsgi/hooks/policy_enforcement.py:259
2026-02-02 07:36:02.467 16 DEBUG neutron.pecan_wsgi.hooks.policy_enforcement [req-69708c6d-b12e-4b8f-b8ae-e1eafb41527d 77433d359a534004883dfe207cd32626 72a1a1061c164c00b2ddbadba7eb6a62 - default default] Attributes excluded by policy engine: ['standard_attr_id', 'vlan_transparent'] _exclude_attributes_by_policy /usr/lib/python3.9/site-packages/neutron/pecan_wsgi/hooks/policy_enforcement.py:259
2026-02-02 07:36:02.467 16 DEBUG neutron.pecan_wsgi.hooks.policy_enforcement [req-69708c6d-b12e-4b8f-b8ae-e1eafb41527d 77433d359a534004883dfe207cd32626 72a1a1061c164c00b2ddbadba7eb6a62 - default default] Attributes excluded by policy engine: ['standard_attr_id', 'vlan_transparent'] _exclude_attributes_by_policy /usr/lib/python3.9/site-packages/neutron/pecan_wsgi/hooks/policy_enforcement.py:259
2026-02-02 07:36:02.468 16 DEBUG neutron.pecan_wsgi.hooks.policy_enforcement [req-69708c6d-b12e-4b8f-b8ae-e1eafb41527d 77433d359a534004883dfe207cd32626 72a1a1061c164c00b2ddbadba7eb6a62 - default default] Attributes excluded by policy engine: ['standard_attr_id', 'vlan_transparent'] _exclude_attributes_by_policy /usr/lib/python3.9/site-packages/neutron/pecan_wsgi/hooks/policy_enforcement.py:259
2026-02-02 07:36:02.468 16 INFO neutron.wsgi [req-69708c6d-b12e-4b8f-b8ae-e1eafb41527d 77433d359a534004883dfe207cd32626 72a1a1061c164c00b2ddbadba7eb6a62 - default default] 192.168.122.99,192.168.122.100 "GET /v2.0/networks HTTP/1.1" status: 200 len: 5131 time: 0.1508613
2026-02-02 07:36:02.503 16 DEBUG neutron.pecan_wsgi.hooks.policy_enforcement [req-14d15076-e2fa-4194-88aa-1a8f43471b0b 77433d359a534004883dfe207cd32626 72a1a1061c164c00b2ddbadba7eb6a62 - default default] Attributes excluded by policy engine: ['standard_attr_id', 'shared'] _exclude_attributes_by_policy /usr/lib/python3.9/site-packages/neutron/pecan_wsgi/hooks/policy_enforcement.py:259
2026-02-02 07:36:02.504 16 INFO neutron.wsgi [req-14d15076-e2fa-4194-88aa-1a8f43471b0b 77433d359a534004883dfe207cd32626 72a1a1061c164c00b2ddbadba7eb6a62 - default default] 192.168.122.99,192.168.122.100 "GET /v2.0/subnets?network_id=3e280cde-458f-4d7b-992d-950f68515f7a HTTP/1.1" status: 200 len: 863 time: 0.0282071
2026-02-02 07:36:02.537 16 DEBUG neutron.pecan_wsgi.hooks.policy_enforcement [req-b2bb1bb4-9dbc-4413-82f1-4ea62f09fc07 77433d359a534004883dfe207cd32626 72a1a1061c164c00b2ddbadba7eb6a62 - default default] Attributes excluded by policy engine: ['standard_attr_id', 'shared'] _exclude_attributes_by_policy /usr/lib/python3.9/site-packages/neutron/pecan_wsgi/hooks/policy_enforcement.py:259
2026-02-02 07:36:02.538 16 INFO neutron.wsgi [req-b2bb1bb4-9dbc-4413-82f1-4ea62f09fc07 77433d359a534004883dfe207cd32626 72a1a1061c164c00b2ddbadba7eb6a62 - default default] 192.168.122.99,192.168.122.100 "GET /v2.0/subnets?network_id=426555de-097d-405c-aa6d-d1370326b0fb HTTP/1.1" status: 200 len: 861 time: 0.0268650
2026-02-02 07:36:02.571 16 DEBUG neutron.pecan_wsgi.hooks.policy_enforcement [req-82c15681-7e92-4c8f-8679-6c67296a4690 77433d359a534004883dfe207cd32626 72a1a1061c164c00b2ddbadba7eb6a62 - default default] Attributes excluded by policy engine: ['standard_attr_id', 'shared'] _exclude_attributes_by_policy /usr/lib/python3.9/site-packages/neutron/pecan_wsgi/hooks/policy_enforcement.py:259
2026-02-02 07:36:02.572 16 INFO neutron.wsgi [req-82c15681-7e92-4c8f-8679-6c67296a4690 77433d359a534004883dfe207cd32626 72a1a1061c164c00b2ddbadba7eb6a62 - default default] 192.168.122.99,192.168.122.100 "GET /v2.0/subnets?network_id=7e05ebb7-5689-4cf3-b222-3b32af1a33d4 HTTP/1.1" status: 200 len: 867 time: 0.0267043
2026-02-02 07:36:02.604 16 DEBUG neutron.pecan_wsgi.hooks.policy_enforcement [req-9f1f1219-c8f5-4e9c-b5af-3b66bf086a57 77433d359a534004883dfe207cd32626 72a1a1061c164c00b2ddbadba7eb6a62 - default default] Attributes excluded by policy engine: ['standard_attr_id', 'shared'] _exclude_attributes_by_policy /usr/lib/python3.9/site-packages/neutron/pecan_wsgi/hooks/policy_enforcement.py:259
2026-02-02 07:36:02.605 16 INFO neutron.wsgi [req-9f1f1219-c8f5-4e9c-b5af-3b66bf086a57 77433d359a534004883dfe207cd32626 72a1a1061c164c00b2ddbadba7eb6a62 - default default] 192.168.122.99,192.168.122.100 "GET /v2.0/subnets?network_id=90c82e18-65b5-42b2-9567-09a4ba2ce086 HTTP/1.1" status: 200 len: 845 time: 0.0264070
2026-02-02 07:36:02.637 16 DEBUG neutron.pecan_wsgi.hooks.policy_enforcement [req-330b0faa-bf4a-42a8-ac2b-ec9b8b71d741 77433d359a534004883dfe207cd32626 72a1a1061c164c00b2ddbadba7eb6a62 - default default] Attributes excluded by policy engine: ['standard_attr_id', 'shared'] _exclude_attributes_by_policy /usr/lib/python3.9/site-packages/neutron/pecan_wsgi/hooks/policy_enforcement.py:259
2026-02-02 07:36:02.638 16 INFO neutron.wsgi [req-330b0faa-bf4a-42a8-ac2b-ec9b8b71d741 77433d359a534004883dfe207cd32626 72a1a1061c164c00b2ddbadba7eb6a62 - default default] 192.168.122.99,192.168.122.100 "GET /v2.0/subnets?network_id=a72f9c85-1ef7-4000-bfa1-a7fd26fce47c HTTP/1.1" status: 200 len: 862 time: 0.0267406
2026-02-02 07:36:02.669 16 DEBUG neutron.pecan_wsgi.hooks.policy_enforcement [req-91bf74fb-32bc-4883-b89a-acc87373977f 77433d359a534004883dfe207cd32626 72a1a1061c164c00b2ddbadba7eb6a62 - default default] Attributes excluded by policy engine: ['standard_attr_id', 'shared'] _exclude_attributes_by_policy /usr/lib/python3.9/site-packages/neutron/pecan_wsgi/hooks/policy_enforcement.py:259
2026-02-02 07:36:02.670 16 INFO neutron.wsgi [req-91bf74fb-32bc-4883-b89a-acc87373977f 77433d359a534004883dfe207cd32626 72a1a1061c164c00b2ddbadba7eb6a62 - default default] 192.168.122.99,192.168.122.100 "GET /v2.0/subnets?network_id=eab2bfcb-3362-4b28-992b-7d5c17203151 HTTP/1.1" status: 200 len: 867 time: 0.0256152
2026-02-02 07:36:02.730 16 DEBUG neutron.pecan_wsgi.hooks.policy_enforcement [req-770528e4-2287-4b98-b110-d53220783ae7 77433d359a534004883dfe207cd32626 72a1a1061c164c00b2ddbadba7eb6a62 - default default] Attributes excluded by policy engine: ['standard_attr_id', 'vlan_transparent'] _exclude_attributes_by_policy /usr/lib/python3.9/site-packages/neutron/pecan_wsgi/hooks/policy_enforcement.py:259
2026-02-02 07:36:02.730 16 DEBUG neutron.pecan_wsgi.hooks.policy_enforcement [req-770528e4-2287-4b98-b110-d53220783ae7 77433d359a534004883dfe207cd32626 72a1a1061c164c00b2ddbadba7eb6a62 - default default] Attributes excluded by policy engine: ['standard_attr_id', 'vlan_transparent'] _exclude_attributes_by_policy /usr/lib/python3.9/site-packages/neutron/pecan_wsgi/hooks/policy_enforcement.py:259
2026-02-02 07:36:02.730 16 DEBUG neutron.pecan_wsgi.hooks.policy_enforcement [req-770528e4-2287-4b98-b110-d53220783ae7 77433d359a534004883dfe207cd32626 72a1a1061c164c00b2ddbadba7eb6a62 - default default] Attributes excluded by policy engine: ['standard_attr_id', 'vlan_transparent'] _exclude_attributes_by_policy /usr/lib/python3.9/site-packages/neutron/pecan_wsgi/hooks/policy_enforcement.py:259
2026-02-02 07:36:02.731 16 DEBUG neutron.pecan_wsgi.hooks.policy_enforcement [req-770528e4-2287-4b98-b110-d53220783ae7 77433d359a534004883dfe207cd32626 72a1a1061c164c00b2ddbadba7eb6a62 - default default] Attributes excluded by policy engine: ['standard_attr_id', 'vlan_transparent'] _exclude_attributes_by_policy /usr/lib/python3.9/site-packages/neutron/pecan_wsgi/hooks/policy_enforcement.py:259
2026-02-02 07:36:02.731 16 DEBUG neutron.pecan_wsgi.hooks.policy_enforcement [req-770528e4-2287-4b98-b110-d53220783ae7 77433d359a534004883dfe207cd32626 72a1a1061c164c00b2ddbadba7eb6a62 - default default] Attributes excluded by policy engine: ['standard_attr_id', 'vlan_transparent'] _exclude_attributes_by_policy /usr/lib/python3.9/site-packages/neutron/pecan_wsgi/hooks/policy_enforcement.py:259
2026-02-02 07:36:02.731 16 DEBUG neutron.pecan_wsgi.hooks.policy_enforcement [req-770528e4-2287-4b98-b110-d53220783ae7 77433d359a534004883dfe207cd32626 72a1a1061c164c00b2ddbadba7eb6a62 - default default] Attributes excluded by policy engine: ['standard_attr_id', 'vlan_transparent'] _exclude_attributes_by_policy /usr/lib/python3.9/site-packages/neutron/pecan_wsgi/hooks/policy_enforcement.py:259
2026-02-02 07:36:02.732 16 INFO neutron.wsgi [req-770528e4-2287-4b98-b110-d53220783ae7 77433d359a534004883dfe207cd32626 72a1a1061c164c00b2ddbadba7eb6a62 - default default] 192.168.122.99,192.168.122.100 "GET /v2.0/networks HTTP/1.1" status: 200 len: 5131 time: 0.0562949
2026-02-02 07:36:02.783 16 DEBUG neutron.pecan_wsgi.hooks.policy_enforcement [req-683636a3-d16b-4757-aa76-e61e07cb954d 77433d359a534004883dfe207cd32626 72a1a1061c164c00b2ddbadba7eb6a62 - default default] Attributes excluded by policy engine: ['standard_attr_id'] _exclude_attributes_by_policy /usr/lib/python3.9/site-packages/neutron/pecan_wsgi/hooks/policy_enforcement.py:259
2026-02-02 07:36:02.784 16 INFO neutron.wsgi [req-683636a3-d16b-4757-aa76-e61e07cb954d 77433d359a534004883dfe207cd32626 72a1a1061c164c00b2ddbadba7eb6a62 - default default] 192.168.122.99,192.168.122.100 "GET /v2.0/ports?network_id=7e05ebb7-5689-4cf3-b222-3b32af1a33d4&tags=tripleo_stack_name%3Dovercloud&tags=tripleo_vip_net%3Dinternal_api HTTP/1.1" status: 200 len: 1215 time: 0.0398707
2026-02-02 07:36:02.820 16 DEBUG neutron.pecan_wsgi.hooks.policy_enforcement [req-afa8bda8-1c60-4837-a567-cb980d74afca 77433d359a534004883dfe207cd32626 72a1a1061c164c00b2ddbadba7eb6a62 - default default] Attributes excluded by policy engine: ['standard_attr_id', 'shared'] _exclude_attributes_by_policy /usr/lib/python3.9/site-packages/neutron/pecan_wsgi/hooks/policy_enforcement.py:259
2026-02-02 07:36:02.821 16 INFO neutron.wsgi [req-afa8bda8-1c60-4837-a567-cb980d74afca 77433d359a534004883dfe207cd32626 72a1a1061c164c00b2ddbadba7eb6a62 - default default] 192.168.122.99,192.168.122.100 "GET /v2.0/subnets/091ed45b-2485-4ba0-a9cf-63e38c654032 HTTP/1.1" status: 200 len: 864 time: 0.0314589
2026-02-02 07:36:02.868 16 DEBUG neutron.pecan_wsgi.hooks.policy_enforcement [req-55121816-6270-4499-b1d8-b447f624c243 77433d359a534004883dfe207cd32626 72a1a1061c164c00b2ddbadba7eb6a62 - default default] Attributes excluded by policy engine: ['standard_attr_id'] _exclude_attributes_by_policy /usr/lib/python3.9/site-packages/neutron/pecan_wsgi/hooks/policy_enforcement.py:259
2026-02-02 07:36:02.869 16 INFO neutron.wsgi [req-55121816-6270-4499-b1d8-b447f624c243 77433d359a534004883dfe207cd32626 72a1a1061c164c00b2ddbadba7eb6a62 - default default] 192.168.122.99,192.168.122.100 "GET /v2.0/ports?network_id=a72f9c85-1ef7-4000-bfa1-a7fd26fce47c&tags=tripleo_stack_name%3Dovercloud&tags=tripleo_vip_net%3Dstorage HTTP/1.1" status: 200 len: 1205 time: 0.0427969
2026-02-02 07:36:02.931 16 DEBUG neutron.pecan_wsgi.hooks.policy_enforcement [req-38a905c3-024b-4b67-b700-a2994044cc66 77433d359a534004883dfe207cd32626 72a1a1061c164c00b2ddbadba7eb6a62 - default default] Attributes excluded by policy engine: ['standard_attr_id', 'shared'] _exclude_attributes_by_policy /usr/lib/python3.9/site-packages/neutron/pecan_wsgi/hooks/policy_enforcement.py:259
2026-02-02 07:36:02.932 16 INFO neutron.wsgi [req-38a905c3-024b-4b67-b700-a2994044cc66 77433d359a534004883dfe207cd32626 72a1a1061c164c00b2ddbadba7eb6a62 - default default] 192.168.122.99,192.168.122.100 "GET /v2.0/subnets/67658c5c-7af1-4fb7-b8ec-757f6cd6ad37 HTTP/1.1" status: 200 len: 859 time: 0.0565805
2026-02-02 07:36:02.982 16 DEBUG neutron.pecan_wsgi.hooks.policy_enforcement [req-aa7cd257-954a-47e9-af11-b37825f837cc 77433d359a534004883dfe207cd32626 72a1a1061c164c00b2ddbadba7eb6a62 - default default] Attributes excluded by policy engine: ['standard_attr_id'] _exclude_attributes_by_policy /usr/lib/python3.9/site-packages/neutron/pecan_wsgi/hooks/policy_enforcement.py:259
2026-02-02 07:36:02.983 16 INFO neutron.wsgi [req-aa7cd257-954a-47e9-af11-b37825f837cc 77433d359a534004883dfe207cd32626 72a1a1061c164c00b2ddbadba7eb6a62 - default default] 192.168.122.99,192.168.122.100 "GET /v2.0/ports?network_id=eab2bfcb-3362-4b28-992b-7d5c17203151&tags=tripleo_stack_name%3Dovercloud&tags=tripleo_vip_net%3Dstorage_mgmt HTTP/1.1" status: 200 len: 1215 time: 0.0446141
2026-02-02 07:36:03.022 16 DEBUG neutron.pecan_wsgi.hooks.policy_enforcement [req-1e59cfd9-ebb9-45cc-8963-982a4a2cafec 77433d359a534004883dfe207cd32626 72a1a1061c164c00b2ddbadba7eb6a62 - default default] Attributes excluded by policy engine: ['standard_attr_id', 'shared'] _exclude_attributes_by_policy /usr/lib/python3.9/site-packages/neutron/pecan_wsgi/hooks/policy_enforcement.py:259
2026-02-02 07:36:03.023 16 INFO neutron.wsgi [req-1e59cfd9-ebb9-45cc-8963-982a4a2cafec 77433d359a534004883dfe207cd32626 72a1a1061c164c00b2ddbadba7eb6a62 - default default] 192.168.122.99,192.168.122.100 "GET /v2.0/subnets/9399adc0-e9cf-42a3-a5b0-693c8a2a4a83 HTTP/1.1" status: 200 len: 864 time: 0.0314374
2026-02-02 07:36:03.071 16 DEBUG neutron.pecan_wsgi.hooks.policy_enforcement [req-0ea3704b-11e4-4767-801e-770030da8844 77433d359a534004883dfe207cd32626 72a1a1061c164c00b2ddbadba7eb6a62 - default default] Attributes excluded by policy engine: ['standard_attr_id'] _exclude_attributes_by_policy /usr/lib/python3.9/site-packages/neutron/pecan_wsgi/hooks/policy_enforcement.py:259
2026-02-02 07:36:03.072 16 INFO neutron.wsgi [req-0ea3704b-11e4-4767-801e-770030da8844 77433d359a534004883dfe207cd32626 72a1a1061c164c00b2ddbadba7eb6a62 - default default] 192.168.122.99,192.168.122.100 "GET /v2.0/ports?network_id=3e280cde-458f-4d7b-992d-950f68515f7a&tags=tripleo_stack_name%3Dovercloud&tags=tripleo_vip_net%3Dexternal HTTP/1.1" status: 200 len: 1207 time: 0.0422475
2026-02-02 07:36:03.107 16 DEBUG neutron.pecan_wsgi.hooks.policy_enforcement [req-feba0f8e-c697-43c0-9957-8b40d6a8548f 77433d359a534004883dfe207cd32626 72a1a1061c164c00b2ddbadba7eb6a62 - default default] Attributes excluded by policy engine: ['standard_attr_id', 'shared'] _exclude_attributes_by_policy /usr/lib/python3.9/site-packages/neutron/pecan_wsgi/hooks/policy_enforcement.py:259
2026-02-02 07:36:03.108 16 INFO neutron.wsgi [req-feba0f8e-c697-43c0-9957-8b40d6a8548f 77433d359a534004883dfe207cd32626 72a1a1061c164c00b2ddbadba7eb6a62 - default default] 192.168.122.99,192.168.122.100 "GET /v2.0/subnets/6bc5b8e6-37c3-42dd-9a7e-ce233845c79a HTTP/1.1" status: 200 len: 860 time: 0.0291693
2026-02-02 07:36:03.155 16 DEBUG neutron.pecan_wsgi.hooks.policy_enforcement [req-8c54e9cb-c7c0-4818-aa97-f6faf71468c7 77433d359a534004883dfe207cd32626 72a1a1061c164c00b2ddbadba7eb6a62 - default default] Attributes excluded by policy engine: ['standard_attr_id'] _exclude_attributes_by_policy /usr/lib/python3.9/site-packages/neutron/pecan_wsgi/hooks/policy_enforcement.py:259
2026-02-02 07:36:03.156 16 INFO neutron.wsgi [req-8c54e9cb-c7c0-4818-aa97-f6faf71468c7 77433d359a534004883dfe207cd32626 72a1a1061c164c00b2ddbadba7eb6a62 - default default] 192.168.122.99,192.168.122.100 "GET /v2.0/ports?network_id=90c82e18-65b5-42b2-9567-09a4ba2ce086&tags=tripleo_stack_name%3Dovercloud&tags=tripleo_vip_net%3Dctlplane HTTP/1.1" status: 200 len: 1211 time: 0.0425742
2026-02-02 07:36:03.225 16 DEBUG neutron.pecan_wsgi.hooks.policy_enforcement [req-c7b225ad-f2bb-4e78-8723-a42920a2f8ce 77433d359a534004883dfe207cd32626 72a1a1061c164c00b2ddbadba7eb6a62 - default default] Attributes excluded by policy engine: ['standard_attr_id', 'vlan_transparent'] _exclude_attributes_by_policy /usr/lib/python3.9/site-packages/neutron/pecan_wsgi/hooks/policy_enforcement.py:259
2026-02-02 07:36:03.226 16 INFO neutron.wsgi [req-c7b225ad-f2bb-4e78-8723-a42920a2f8ce 77433d359a534004883dfe207cd32626 72a1a1061c164c00b2ddbadba7eb6a62 - default default] 192.168.122.99,192.168.122.100 "GET /v2.0/networks/90c82e18-65b5-42b2-9567-09a4ba2ce086 HTTP/1.1" status: 200 len: 919 time: 0.0624607
2026-02-02 07:36:03.261 16 DEBUG neutron.pecan_wsgi.hooks.policy_enforcement [req-8890f567-0ee3-410f-8c18-666a2b7f2d8b 77433d359a534004883dfe207cd32626 72a1a1061c164c00b2ddbadba7eb6a62 - default default] Attributes excluded by policy engine: ['standard_attr_id', 'shared'] _exclude_attributes_by_policy /usr/lib/python3.9/site-packages/neutron/pecan_wsgi/hooks/policy_enforcement.py:259
2026-02-02 07:36:03.262 16 INFO neutron.wsgi [req-8890f567-0ee3-410f-8c18-666a2b7f2d8b 77433d359a534004883dfe207cd32626 72a1a1061c164c00b2ddbadba7eb6a62 - default default] 192.168.122.99,192.168.122.100 "GET /v2.0/subnets/c3981d00-a045-44c2-8be2-3e1dc63f4878 HTTP/1.1" status: 200 len: 842 time: 0.0307579
2026-02-02 07:36:03.800 15 DEBUG neutron.wsgi [-] (15) accepted ('192.168.122.100', 39382) server /usr/lib/python3.9/site-packages/eventlet/wsgi.py:992
2026-02-02 07:36:03.804 15 INFO neutron.wsgi [-] 192.168.122.100 "GET /healthcheck HTTP/1.0" status: 200 len: 137 time: 0.0025840
2026-02-02 07:36:05.806 18 DEBUG neutron.wsgi [-] (18) accepted ('192.168.122.100', 39392) server /usr/lib/python3.9/site-packages/eventlet/wsgi.py:992
2026-02-02 07:36:05.809 18 INFO neutron.wsgi [-] 192.168.122.100 "GET /healthcheck HTTP/1.0" status: 200 len: 137 time: 0.0020413
2026-02-02 07:36:07.810 15 DEBUG neutron.wsgi [-] (15) accepted ('192.168.122.100', 39400) server /usr/lib/python3.9/site-packages/eventlet/wsgi.py:992
2026-02-02 07:36:07.812 15 INFO neutron.wsgi [-] 192.168.122.100 "GET /healthcheck HTTP/1.0" status: 200 len: 137 time: 0.0013874
2026-02-02 07:36:09.813 15 DEBUG neutron.wsgi [-] (15) accepted ('192.168.122.100', 39408) server /usr/lib/python3.9/site-packages/eventlet/wsgi.py:992
2026-02-02 07:36:09.817 15 INFO neutron.wsgi [-] 192.168.122.100 "GET /healthcheck HTTP/1.0" status: 200 len: 137 time: 0.0028064
2026-02-02 07:36:11.819 16 DEBUG neutron.wsgi [-] (16) accepted ('192.168.122.100', 39410) server /usr/lib/python3.9/site-packages/eventlet/wsgi.py:992
2026-02-02 07:36:11.822 16 INFO neutron.wsgi [-] 192.168.122.100 "GET /healthcheck HTTP/1.0" status: 200 len: 137 time: 0.0028632
2026-02-02 07:36:13.824 15 DEBUG neutron.wsgi [-] (15) accepted ('192.168.122.100', 49354) server /usr/lib/python3.9/site-packages/eventlet/wsgi.py:992
2026-02-02 07:36:13.830 15 INFO neutron.wsgi [-] 192.168.122.100 "GET /healthcheck HTTP/1.0" status: 200 len: 137 time: 0.0043890
2026-02-02 07:36:15.832 16 DEBUG neutron.wsgi [-] (16) accepted ('192.168.122.100', 49356) server /usr/lib/python3.9/site-packages/eventlet/wsgi.py:992
2026-02-02 07:36:15.835 16 INFO neutron.wsgi [-] 192.168.122.100 "GET /healthcheck HTTP/1.0" status: 200 len: 137 time: 0.0018318
2026-02-02 07:36:17.837 18 DEBUG neutron.wsgi [-] (18) accepted ('192.168.122.100', 49358) server /usr/lib/python3.9/site-packages/eventlet/wsgi.py:992
2026-02-02 07:36:17.841 18 INFO neutron.wsgi [-] 192.168.122.100 "GET /healthcheck HTTP/1.0" status: 200 len: 137 time: 0.0028765
2026-02-02 07:36:19.843 16 DEBUG neutron.wsgi [-] (16) accepted ('192.168.122.100', 49360) server /usr/lib/python3.9/site-packages/eventlet/wsgi.py:992
2026-02-02 07:36:19.847 16 INFO neutron.wsgi [-] 192.168.122.100 "GET /healthcheck HTTP/1.0" status: 200 len: 137 time: 0.0026526
2026-02-02 07:36:21.621 15 DEBUG neutron.wsgi [-] (15) accepted ('192.168.122.100', 49364) server /usr/lib/python3.9/site-packages/eventlet/wsgi.py:992
2026-02-02 07:36:21.623 15 INFO neutron.wsgi [-] 192.168.122.100 "GET / HTTP/1.1" status: 200 len: 233 time: 0.0015790
2026-02-02 07:36:21.849 15 DEBUG neutron.wsgi [-] (15) accepted ('192.168.122.100', 49366) server /usr/lib/python3.9/site-packages/eventlet/wsgi.py:992
2026-02-02 07:36:21.852 15 INFO neutron.wsgi [-] 192.168.122.100 "GET /healthcheck HTTP/1.0" status: 200 len: 137 time: 0.0026982
2026-02-02 07:36:23.854 15 DEBUG neutron.wsgi [-] (15) accepted ('192.168.122.100', 44264) server /usr/lib/python3.9/site-packages/eventlet/wsgi.py:992
2026-02-02 07:36:23.858 15 INFO neutron.wsgi [-] 192.168.122.100 "GET /healthcheck HTTP/1.0" status: 200 len: 137 time: 0.0028229
2026-02-02 07:36:25.860 16 DEBUG neutron.wsgi [-] (16) accepted ('192.168.122.100', 44276) server /usr/lib/python3.9/site-packages/eventlet/wsgi.py:992
2026-02-02 07:36:25.865 16 INFO neutron.wsgi [-] 192.168.122.100 "GET /healthcheck HTTP/1.0" status: 200 len: 137 time: 0.0031719
2026-02-02 07:36:27.866 17 DEBUG neutron.wsgi [-] (17) accepted ('192.168.122.100', 44282) server /usr/lib/python3.9/site-packages/eventlet/wsgi.py:992
2026-02-02 07:36:27.870 17 INFO neutron.wsgi [-] 192.168.122.100 "GET /healthcheck HTTP/1.0" status: 200 len: 137 time: 0.0026872
2026-02-02 07:36:29.872 17 DEBUG neutron.wsgi [-] (17) accepted ('192.168.122.100', 44298) server /usr/lib/python3.9/site-packages/eventlet/wsgi.py:992
2026-02-02 07:36:29.876 17 INFO neutron.wsgi [-] 192.168.122.100 "GET /healthcheck HTTP/1.0" status: 200 len: 137 time: 0.0025997
2026-02-02 07:36:31.878 15 DEBUG neutron.wsgi [-] (15) accepted ('192.168.122.100', 44314) server /usr/lib/python3.9/site-packages/eventlet/wsgi.py:992
2026-02-02 07:36:31.880 15 INFO neutron.wsgi [-] 192.168.122.100 "GET /healthcheck HTTP/1.0" status: 200 len: 137 time: 0.0013239
2026-02-02 07:36:33.882 15 DEBUG neutron.wsgi [-] (15) accepted ('192.168.122.100', 38560) server /usr/lib/python3.9/site-packages/eventlet/wsgi.py:992
2026-02-02 07:36:33.886 15 INFO neutron.wsgi [-] 192.168.122.100 "GET /healthcheck HTTP/1.0" status: 200 len: 137 time: 0.0026577
2026-02-02 07:36:35.888 18 DEBUG neutron.wsgi [-] (18) accepted ('192.168.122.100', 38570) server /usr/lib/python3.9/site-packages/eventlet/wsgi.py:992
2026-02-02 07:36:35.892 18 INFO neutron.wsgi [-] 192.168.122.100 "GET /healthcheck HTTP/1.0" status: 200 len: 137 time: 0.0028727
2026-02-02 07:36:37.893 15 DEBUG neutron.wsgi [-] (15) accepted ('192.168.122.100', 38586) server /usr/lib/python3.9/site-packages/eventlet/wsgi.py:992
2026-02-02 07:36:37.895 15 INFO neutron.wsgi [-] 192.168.122.100 "GET /healthcheck HTTP/1.0" status: 200 len: 137 time: 0.0013111
2026-02-02 07:36:39.898 18 DEBUG neutron.wsgi [-] (18) accepted ('192.168.122.100', 38590) server /usr/lib/python3.9/site-packages/eventlet/wsgi.py:992
2026-02-02 07:36:39.902 18 INFO neutron.wsgi [-] 192.168.122.100 "GET /healthcheck HTTP/1.0" status: 200 len: 137 time: 0.0026069
2026-02-02 07:36:41.904 15 DEBUG neutron.wsgi [-] (15) accepted ('192.168.122.100', 38592) server /usr/lib/python3.9/site-packages/eventlet/wsgi.py:992
