2026-02-02 07:35:49.702 16 DEBUG neutron.plugins.ml2.managers [req-e0f96325-3952-4921-bb06-b0147e8da528 77433d359a534004883dfe207cd32626 72a1a1061c164c00b2ddbadba7eb6a62 - default default] Network 3e280cde-458f-4d7b-992d-950f68515f7a has no segments extend_network_with_provider_segments /usr/lib/python3.9/site-packages/neutron/plugins/ml2/managers.py:169
2026-02-02 07:35:49.717 16 DEBUG neutron_lib.callbacks.manager [req-e0f96325-3952-4921-bb06-b0147e8da528 77433d359a534004883dfe207cd32626 72a1a1061c164c00b2ddbadba7eb6a62 - default default] Notify callbacks ['neutron.plugins.ml2.plugin.Ml2Plugin._handle_segment_change-920762'] for segment, after_create _notify_loop /usr/lib/python3.9/site-packages/neutron_lib/callbacks/manager.py:200
2026-02-02 07:35:49.748 18 DEBUG neutron.wsgi [-] (18) accepted ('192.168.122.100', 54852) server /usr/lib/python3.9/site-packages/eventlet/wsgi.py:992
2026-02-02 07:35:49.752 18 INFO neutron.wsgi [-] 192.168.122.100 "GET /healthcheck HTTP/1.0" status: 200 len: 137 time: 0.0027273
2026-02-02 07:35:49.807 16 DEBUG neutron_lib.callbacks.manager [req-e0f96325-3952-4921-bb06-b0147e8da528 77433d359a534004883dfe207cd32626 72a1a1061c164c00b2ddbadba7eb6a62 - default default] Notify callbacks [] for segment, before_response _notify_loop /usr/lib/python3.9/site-packages/neutron_lib/callbacks/manager.py:200
2026-02-02 07:35:49.808 16 INFO neutron.wsgi [req-e0f96325-3952-4921-bb06-b0147e8da528 77433d359a534004883dfe207cd32626 72a1a1061c164c00b2ddbadba7eb6a62 - default default] 192.168.122.99,192.168.122.100 "POST /v2.0/segments HTTP/1.1" status: 201 len: 543 time: 0.2261310
2026-02-02 07:35:49.835 16 INFO neutron.pecan_wsgi.hooks.translation [req-722b28c0-ad1c-44e6-a070-36e75f50ba5e 77433d359a534004883dfe207cd32626 72a1a1061c164c00b2ddbadba7eb6a62 - default default] GET failed (client error): The resource could not be found.
2026-02-02 07:35:49.837 16 INFO neutron.wsgi [req-722b28c0-ad1c-44e6-a070-36e75f50ba5e 77433d359a534004883dfe207cd32626 72a1a1061c164c00b2ddbadba7eb6a62 - default default] 192.168.122.99,192.168.122.100 "GET /v2.0/subnets/external_subnet?network_id=3e280cde-458f-4d7b-992d-950f68515f7a HTTP/1.1" status: 404 len: 297 time: 0.0234227
2026-02-02 07:35:49.859 16 INFO neutron.wsgi [req-3001658e-d37d-4af3-9e91-5883a89f2461 77433d359a534004883dfe207cd32626 72a1a1061c164c00b2ddbadba7eb6a62 - default default] 192.168.122.99,192.168.122.100 "GET /v2.0/subnets?name=external_subnet&network_id=3e280cde-458f-4d7b-992d-950f68515f7a HTTP/1.1" status: 200 len: 188 time: 0.0185494
2026-02-02 07:35:49.867 16 DEBUG neutron.api.v2.base [req-900d311b-ad77-4960-b23e-c996ea4298d7 77433d359a534004883dfe207cd32626 72a1a1061c164c00b2ddbadba7eb6a62 - default default] Request body: {'subnet': {'name': 'external_subnet', 'cidr': '172.21.0.0/24', 'allocation_pools': [{'start': '172.21.0.120', 'end': '172.21.0.250'}], 'ip_version': 4, 'network_id': '3e280cde-458f-4d7b-992d-950f68515f7a', 'segment_id': 'd094c069-7598-4882-913e-3644458270bb', 'gateway_ip': None, 'host_routes': [], 'enable_dhcp': False}} prepare_request_body /usr/lib/python3.9/site-packages/neutron/api/v2/base.py:729
2026-02-02 07:35:49.880 16 DEBUG neutron.pecan_wsgi.hooks.quota_enforcement [req-900d311b-ad77-4960-b23e-c996ea4298d7 77433d359a534004883dfe207cd32626 72a1a1061c164c00b2ddbadba7eb6a62 - default default] Made reservation on behalf of 72a1a1061c164c00b2ddbadba7eb6a62 for: {'subnet': 1} before /usr/lib/python3.9/site-packages/neutron/pecan_wsgi/hooks/quota_enforcement.py:53
2026-02-02 07:35:49.882 16 DEBUG neutron_lib.callbacks.manager [req-900d311b-ad77-4960-b23e-c996ea4298d7 77433d359a534004883dfe207cd32626 72a1a1061c164c00b2ddbadba7eb6a62 - default default] Notify callbacks ['neutron.services.segments.plugin.SegmentHostRoutes.host_routes_before_create-3698507'] for subnet, before_create _notify_loop /usr/lib/python3.9/site-packages/neutron_lib/callbacks/manager.py:200
2026-02-02 07:35:49.917 16 DEBUG neutron.db.ipam_backend_mixin [req-900d311b-ad77-4960-b23e-c996ea4298d7 77433d359a534004883dfe207cd32626 72a1a1061c164c00b2ddbadba7eb6a62 - default default] Performing IP validity checks on allocation pools validate_allocation_pools /usr/lib/python3.9/site-packages/neutron/db/ipam_backend_mixin.py:314
2026-02-02 07:35:49.918 16 DEBUG neutron.db.ipam_backend_mixin [req-900d311b-ad77-4960-b23e-c996ea4298d7 77433d359a534004883dfe207cd32626 72a1a1061c164c00b2ddbadba7eb6a62 - default default] Checking for overlaps among allocation pools and gateway ip validate_allocation_pools /usr/lib/python3.9/site-packages/neutron/db/ipam_backend_mixin.py:335
2026-02-02 07:35:50.009 16 DEBUG neutron_lib.callbacks.manager [req-900d311b-ad77-4960-b23e-c996ea4298d7 77433d359a534004883dfe207cd32626 72a1a1061c164c00b2ddbadba7eb6a62 - default default] Notify callbacks ['neutron.plugins.ml2.ovo_rpc._ObjectChangeHandler.handle_event-4156518', 'neutron.api.rpc.agentnotifiers.dhcp_rpc_agent_api.DhcpAgentNotifyAPI._native_event_send_dhcp_notification-4182263', 'neutron.services.segments.plugin.NovaSegmentNotifier._notify_subnet_created-3747178', 'neutron.services.segments.plugin.SegmentHostRoutes.host_routes_after_create-3698553'] for subnet, after_create _notify_loop /usr/lib/python3.9/site-packages/neutron_lib/callbacks/manager.py:200
2026-02-02 07:35:50.009 16 DEBUG neutron.services.segments.db [req-900d311b-ad77-4960-b23e-c996ea4298d7 77433d359a534004883dfe207cd32626 72a1a1061c164c00b2ddbadba7eb6a62 - default default] neutron.services.segments.plugin.Plugin method get_segment called with arguments (, 'd094c069-7598-4882-913e-3644458270bb') {} wrapper /usr/lib/python3.9/site-packages/oslo_log/helpers.py:65
2026-02-02 07:35:50.041 16 DEBUG neutron.api.rpc.handlers.resources_rpc [req-900d311b-ad77-4960-b23e-c996ea4298d7 77433d359a534004883dfe207cd32626 72a1a1061c164c00b2ddbadba7eb6a62 - - -] Pushing event updated for resources: {'Subnet': ['ID=6bc5b8e6-37c3-42dd-9a7e-ce233845c79a,revision_number=0']} push /usr/lib/python3.9/site-packages/neutron/api/rpc/handlers/resources_rpc.py:237
2026-02-02 07:35:50.056 16 DEBUG neutron.plugins.ml2.drivers.mech_agent [req-900d311b-ad77-4960-b23e-c996ea4298d7 77433d359a534004883dfe207cd32626 72a1a1061c164c00b2ddbadba7eb6a62 - default default] Checking segment: {'id': 'd094c069-7598-4882-913e-3644458270bb', 'network_type': 'flat', 'physical_network': 'external_external_subnet', 'segmentation_id': None, 'network_id': '3e280cde-458f-4d7b-992d-950f68515f7a'} for mappings: {'ctlplane': 'br-ctlplane'} with network types: ['local', 'flat', 'vlan'] check_segment_for_agent /usr/lib/python3.9/site-packages/neutron/plugins/ml2/drivers/mech_agent.py:343
2026-02-02 07:35:50.056 16 DEBUG neutron.plugins.ml2.drivers.mech_agent [req-900d311b-ad77-4960-b23e-c996ea4298d7 77433d359a534004883dfe207cd32626 72a1a1061c164c00b2ddbadba7eb6a62 - default default] Network 3e280cde-458f-4d7b-992d-950f68515f7a with segment d094c069-7598-4882-913e-3644458270bb is connected to physical network external_external_subnet, but agent undercloud.ooo.test reported physical networks {'ctlplane': 'br-ctlplane'}. The physical network must be configured on the agent if binding is to succeed. check_segment_for_agent /usr/lib/python3.9/site-packages/neutron/plugins/ml2/drivers/mech_agent.py:365
2026-02-02 07:35:50.063 16 DEBUG neutron.scheduler.dhcp_agent_scheduler [req-900d311b-ad77-4960-b23e-c996ea4298d7 77433d359a534004883dfe207cd32626 72a1a1061c164c00b2ddbadba7eb6a62 - default default] Network hostable DHCP agents. Network: 3e280cde-458f-4d7b-992d-950f68515f7a, hostable agents: [], hosted agents: [] _get_network_hostable_dhcp_agents /usr/lib/python3.9/site-packages/neutron/scheduler/dhcp_agent_scheduler.py:329
2026-02-02 07:35:50.063 16 DEBUG neutron.scheduler.base_scheduler [req-900d311b-ad77-4960-b23e-c996ea4298d7 77433d359a534004883dfe207cd32626 72a1a1061c164c00b2ddbadba7eb6a62 - default default] Resources bound (agent type, host, resource id): schedule /usr/lib/python3.9/site-packages/neutron/scheduler/base_scheduler.py:57
2026-02-02 07:35:50.064 16 WARNING neutron.api.rpc.agentnotifiers.dhcp_rpc_agent_api [req-900d311b-ad77-4960-b23e-c996ea4298d7 77433d359a534004883dfe207cd32626 72a1a1061c164c00b2ddbadba7eb6a62 - default default] Unable to schedule network 3e280cde-458f-4d7b-992d-950f68515f7a: no agents available; will retry on subsequent port and subnet creation events.
2026-02-02 07:35:50.064 16 DEBUG neutron.api.rpc.agentnotifiers.dhcp_rpc_agent_api [req-900d311b-ad77-4960-b23e-c996ea4298d7 77433d359a534004883dfe207cd32626 72a1a1061c164c00b2ddbadba7eb6a62 - default default] Network 3e280cde-458f-4d7b-992d-950f68515f7a is not hosted by any dhcp agent _notify_agents /usr/lib/python3.9/site-packages/neutron/api/rpc/agentnotifiers/dhcp_rpc_agent_api.py:228
2026-02-02 07:35:50.073 16 DEBUG neutron.pecan_wsgi.hooks.policy_enforcement [req-900d311b-ad77-4960-b23e-c996ea4298d7 77433d359a534004883dfe207cd32626 72a1a1061c164c00b2ddbadba7eb6a62 - default default] Attributes excluded by policy engine: ['standard_attr_id', 'shared', 'network'] _exclude_attributes_by_policy /usr/lib/python3.9/site-packages/neutron/pecan_wsgi/hooks/policy_enforcement.py:259
2026-02-02 07:35:50.074 16 DEBUG neutron_lib.callbacks.manager [req-900d311b-ad77-4960-b23e-c996ea4298d7 77433d359a534004883dfe207cd32626 72a1a1061c164c00b2ddbadba7eb6a62 - default default] Notify callbacks ['neutron.api.rpc.agentnotifiers.dhcp_rpc_agent_api.DhcpAgentNotifyAPI._send_dhcp_notification-4182145'] for subnet, before_response _notify_loop /usr/lib/python3.9/site-packages/neutron_lib/callbacks/manager.py:200
2026-02-02 07:35:50.076 17 DEBUG neutron.wsgi [-] (17) accepted ('192.168.122.100', 54866) server /usr/lib/python3.9/site-packages/eventlet/wsgi.py:992
2026-02-02 07:35:50.081 17 INFO neutron.wsgi [-] 192.168.122.100 "GET / HTTP/1.1" status: 200 len: 233 time: 0.0035744
2026-02-02 07:35:50.094 16 INFO neutron.wsgi [req-900d311b-ad77-4960-b23e-c996ea4298d7 77433d359a534004883dfe207cd32626 72a1a1061c164c00b2ddbadba7eb6a62 - default default] 192.168.122.99,192.168.122.100 "POST /v2.0/subnets HTTP/1.1" status: 201 len: 845 time: 0.2289085
2026-02-02 07:35:50.104 16 DEBUG neutron.services.tag.tag_plugin [req-e8e35fd4-ca84-49ef-bace-559fd8c438aa 77433d359a534004883dfe207cd32626 72a1a1061c164c00b2ddbadba7eb6a62 - default default] neutron.services.tag.tag_plugin.TagPlugin method update_tags called with arguments (, 'subnets', '6bc5b8e6-37c3-42dd-9a7e-ce233845c79a', {'tags': ['tripleo_vlan_id=44']}) {} wrapper /usr/lib/python3.9/site-packages/oslo_log/helpers.py:65
2026-02-02 07:35:50.151 16 INFO neutron.wsgi [req-e8e35fd4-ca84-49ef-bace-559fd8c438aa 77433d359a534004883dfe207cd32626 72a1a1061c164c00b2ddbadba7eb6a62 - default default] 192.168.122.99,192.168.122.100 "PUT /v2.0/subnets/6bc5b8e6-37c3-42dd-9a7e-ce233845c79a/tags HTTP/1.1" status: 200 len: 206 time: 0.0521986
2026-02-02 07:35:51.506 17 DEBUG neutron.wsgi [-] (17) accepted ('192.168.122.100', 54870) server /usr/lib/python3.9/site-packages/eventlet/wsgi.py:992
2026-02-02 07:35:51.565 17 INFO neutron.pecan_wsgi.hooks.translation [req-d2782429-f7f0-493e-a92a-df4a07ef72c5 77433d359a534004883dfe207cd32626 72a1a1061c164c00b2ddbadba7eb6a62 - default default] GET failed (client error): The resource could not be found.
2026-02-02 07:35:51.566 17 INFO neutron.wsgi [req-d2782429-f7f0-493e-a92a-df4a07ef72c5 77433d359a534004883dfe207cd32626 72a1a1061c164c00b2ddbadba7eb6a62 - default default] 192.168.122.99,192.168.122.100 "GET /v2.0/networks/storage HTTP/1.1" status: 404 len: 291 time: 0.0588717
2026-02-02 07:35:51.651 17 DEBUG neutron.pecan_wsgi.hooks.policy_enforcement [req-ae155006-0ebc-4eb5-a507-7cd235709887 77433d359a534004883dfe207cd32626 72a1a1061c164c00b2ddbadba7eb6a62 - default default] Attributes excluded by policy engine: ['standard_attr_id', 'vlan_transparent'] _exclude_attributes_by_policy /usr/lib/python3.9/site-packages/neutron/pecan_wsgi/hooks/policy_enforcement.py:259
2026-02-02 07:35:51.652 17 INFO neutron.wsgi [req-ae155006-0ebc-4eb5-a507-7cd235709887 77433d359a534004883dfe207cd32626 72a1a1061c164c00b2ddbadba7eb6a62 - default default] 192.168.122.99,192.168.122.100 "GET /v2.0/networks?name=storage HTTP/1.1" status: 200 len: 1023 time: 0.0825479
2026-02-02 07:35:51.690 17 DEBUG neutron.pecan_wsgi.hooks.policy_enforcement [req-be857c57-44f4-449a-ab72-dfd391346e14 77433d359a534004883dfe207cd32626 72a1a1061c164c00b2ddbadba7eb6a62 - default default] Attributes excluded by policy engine: ['standard_attr_id', 'shared'] _exclude_attributes_by_policy /usr/lib/python3.9/site-packages/neutron/pecan_wsgi/hooks/policy_enforcement.py:259
2026-02-02 07:35:51.690 17 INFO neutron.wsgi [req-be857c57-44f4-449a-ab72-dfd391346e14 77433d359a534004883dfe207cd32626 72a1a1061c164c00b2ddbadba7eb6a62 - default default] 192.168.122.99,192.168.122.100 "GET /v2.0/subnets/67658c5c-7af1-4fb7-b8ec-757f6cd6ad37 HTTP/1.1" status: 200 len: 859 time: 0.0316269
2026-02-02 07:35:51.708 17 INFO neutron.pecan_wsgi.hooks.translation [req-9d60b95c-7c67-43ba-a6ec-07992326c79d 77433d359a534004883dfe207cd32626 72a1a1061c164c00b2ddbadba7eb6a62 - default default] GET failed (client error): The resource could not be found.
2026-02-02 07:35:51.709 17 INFO neutron.wsgi [req-9d60b95c-7c67-43ba-a6ec-07992326c79d 77433d359a534004883dfe207cd32626 72a1a1061c164c00b2ddbadba7eb6a62 - default default] 192.168.122.99,192.168.122.100 "GET /v2.0/networks/storage_mgmt HTTP/1.1" status: 404 len: 296 time: 0.0122409
2026-02-02 07:35:51.752 16 DEBUG neutron.wsgi [-] (16) accepted ('192.168.122.100', 54880) server /usr/lib/python3.9/site-packages/eventlet/wsgi.py:992
2026-02-02 07:35:51.756 16 INFO neutron.wsgi [-] 192.168.122.100 "GET /healthcheck HTTP/1.0" status: 200 len: 137 time: 0.0028353
2026-02-02 07:35:51.769 17 DEBUG neutron.pecan_wsgi.hooks.policy_enforcement [req-823b2bcd-f1db-454e-b872-3a30fb6ce5d4 77433d359a534004883dfe207cd32626 72a1a1061c164c00b2ddbadba7eb6a62 - default default] Attributes excluded by policy engine: ['standard_attr_id', 'vlan_transparent'] _exclude_attributes_by_policy /usr/lib/python3.9/site-packages/neutron/pecan_wsgi/hooks/policy_enforcement.py:259
2026-02-02 07:35:51.770 17 INFO neutron.wsgi [req-823b2bcd-f1db-454e-b872-3a30fb6ce5d4 77433d359a534004883dfe207cd32626 72a1a1061c164c00b2ddbadba7eb6a62 - default default] 192.168.122.99,192.168.122.100 "GET /v2.0/networks?name=storage_mgmt HTTP/1.1" status: 200 len: 1051 time: 0.0578854
2026-02-02 07:35:51.807 17 DEBUG neutron.pecan_wsgi.hooks.policy_enforcement [req-ac2cecd7-7d43-49ac-a620-6f5e50ea6431 77433d359a534004883dfe207cd32626 72a1a1061c164c00b2ddbadba7eb6a62 - default default] Attributes excluded by policy engine: ['standard_attr_id', 'shared'] _exclude_attributes_by_policy /usr/lib/python3.9/site-packages/neutron/pecan_wsgi/hooks/policy_enforcement.py:259
2026-02-02 07:35:51.808 17 INFO neutron.wsgi [req-ac2cecd7-7d43-49ac-a620-6f5e50ea6431 77433d359a534004883dfe207cd32626 72a1a1061c164c00b2ddbadba7eb6a62 - default default] 192.168.122.99,192.168.122.100 "GET /v2.0/subnets/9399adc0-e9cf-42a3-a5b0-693c8a2a4a83 HTTP/1.1" status: 200 len: 864 time: 0.0299072
2026-02-02 07:35:51.827 17 INFO neutron.pecan_wsgi.hooks.translation [req-05143b1b-aa92-4fb3-b3bf-6b0ceb0d03eb 77433d359a534004883dfe207cd32626 72a1a1061c164c00b2ddbadba7eb6a62 - default default] GET failed (client error): The resource could not be found.
2026-02-02 07:35:51.827 17 INFO neutron.wsgi [req-05143b1b-aa92-4fb3-b3bf-6b0ceb0d03eb 77433d359a534004883dfe207cd32626 72a1a1061c164c00b2ddbadba7eb6a62 - default default] 192.168.122.99,192.168.122.100 "GET /v2.0/networks/internal_api HTTP/1.1" status: 404 len: 296 time: 0.0133173
2026-02-02 07:35:51.885 17 DEBUG neutron.pecan_wsgi.hooks.policy_enforcement [req-cc974ca1-1978-49dd-ab55-4819fba13865 77433d359a534004883dfe207cd32626 72a1a1061c164c00b2ddbadba7eb6a62 - default default] Attributes excluded by policy engine: ['standard_attr_id', 'vlan_transparent'] _exclude_attributes_by_policy /usr/lib/python3.9/site-packages/neutron/pecan_wsgi/hooks/policy_enforcement.py:259
2026-02-02 07:35:51.886 17 INFO neutron.wsgi [req-cc974ca1-1978-49dd-ab55-4819fba13865 77433d359a534004883dfe207cd32626 72a1a1061c164c00b2ddbadba7eb6a62 - default default] 192.168.122.99,192.168.122.100 "GET /v2.0/networks?name=internal_api HTTP/1.1" status: 200 len: 1052 time: 0.0541902
2026-02-02 07:35:51.925 17 DEBUG neutron.pecan_wsgi.hooks.policy_enforcement [req-c5ece42a-38db-440d-a4d7-1c62a3fccbe4 77433d359a534004883dfe207cd32626 72a1a1061c164c00b2ddbadba7eb6a62 - default default] Attributes excluded by policy engine: ['standard_attr_id', 'shared'] _exclude_attributes_by_policy /usr/lib/python3.9/site-packages/neutron/pecan_wsgi/hooks/policy_enforcement.py:259
2026-02-02 07:35:51.925 17 INFO neutron.wsgi [req-c5ece42a-38db-440d-a4d7-1c62a3fccbe4 77433d359a534004883dfe207cd32626 72a1a1061c164c00b2ddbadba7eb6a62 - default default] 192.168.122.99,192.168.122.100 "GET /v2.0/subnets/091ed45b-2485-4ba0-a9cf-63e38c654032 HTTP/1.1" status: 200 len: 864 time: 0.0320356
2026-02-02 07:35:51.943 17 INFO neutron.pecan_wsgi.hooks.translation [req-0c96de6d-d7d1-4d4a-81f6-ce775855f753 77433d359a534004883dfe207cd32626 72a1a1061c164c00b2ddbadba7eb6a62 - default default] GET failed (client error): The resource could not be found.
2026-02-02 07:35:51.943 17 INFO neutron.wsgi [req-0c96de6d-d7d1-4d4a-81f6-ce775855f753 77433d359a534004883dfe207cd32626 72a1a1061c164c00b2ddbadba7eb6a62 - default default] 192.168.122.99,192.168.122.100 "GET /v2.0/networks/tenant HTTP/1.1" status: 404 len: 290 time: 0.0113878
2026-02-02 07:35:51.998 17 DEBUG neutron.pecan_wsgi.hooks.policy_enforcement [req-df20ff33-840a-40a1-8c7e-71e956dc0eea 77433d359a534004883dfe207cd32626 72a1a1061c164c00b2ddbadba7eb6a62 - default default] Attributes excluded by policy engine: ['standard_attr_id', 'vlan_transparent'] _exclude_attributes_by_policy /usr/lib/python3.9/site-packages/neutron/pecan_wsgi/hooks/policy_enforcement.py:259
2026-02-02 07:35:52.000 17 INFO neutron.wsgi [req-df20ff33-840a-40a1-8c7e-71e956dc0eea 77433d359a534004883dfe207cd32626 72a1a1061c164c00b2ddbadba7eb6a62 - default default] 192.168.122.99,192.168.122.100 "GET /v2.0/networks?name=tenant HTTP/1.1" status: 200 len: 998 time: 0.0528460
2026-02-02 07:35:52.051 17 DEBUG neutron.pecan_wsgi.hooks.policy_enforcement [req-0bfe3a69-0c36-46d4-a385-543a3e6a8bf2 77433d359a534004883dfe207cd32626 72a1a1061c164c00b2ddbadba7eb6a62 - default default] Attributes excluded by policy engine: ['standard_attr_id', 'shared'] _exclude_attributes_by_policy /usr/lib/python3.9/site-packages/neutron/pecan_wsgi/hooks/policy_enforcement.py:259
2026-02-02 07:35:52.053 17 INFO neutron.wsgi [req-0bfe3a69-0c36-46d4-a385-543a3e6a8bf2 77433d359a534004883dfe207cd32626 72a1a1061c164c00b2ddbadba7eb6a62 - default default] 192.168.122.99,192.168.122.100 "GET /v2.0/subnets/56ba3d8c-413a-47e8-acee-b5c5acc2d6b3 HTTP/1.1" status: 200 len: 858 time: 0.0463080
2026-02-02 07:35:52.091 17 INFO neutron.pecan_wsgi.hooks.translation [req-f00cfaba-f1fe-42e1-be73-b029df07fa60 77433d359a534004883dfe207cd32626 72a1a1061c164c00b2ddbadba7eb6a62 - default default] GET failed (client error): The resource could not be found.
2026-02-02 07:35:52.093 17 INFO neutron.wsgi [req-f00cfaba-f1fe-42e1-be73-b029df07fa60 77433d359a534004883dfe207cd32626 72a1a1061c164c00b2ddbadba7eb6a62 - default default] 192.168.122.99,192.168.122.100 "GET /v2.0/networks/external HTTP/1.1" status: 404 len: 292 time: 0.0354819
2026-02-02 07:35:52.198 17 DEBUG neutron.pecan_wsgi.hooks.policy_enforcement [req-ec92f051-98cb-43e9-a961-1f0207d996af 77433d359a534004883dfe207cd32626 72a1a1061c164c00b2ddbadba7eb6a62 - default default] Attributes excluded by policy engine: ['standard_attr_id', 'vlan_transparent'] _exclude_attributes_by_policy /usr/lib/python3.9/site-packages/neutron/pecan_wsgi/hooks/policy_enforcement.py:259
2026-02-02 07:35:52.199 17 INFO neutron.wsgi [req-ec92f051-98cb-43e9-a961-1f0207d996af 77433d359a534004883dfe207cd32626 72a1a1061c164c00b2ddbadba7eb6a62 - default default] 192.168.122.99,192.168.122.100 "GET /v2.0/networks?name=external HTTP/1.1" status: 200 len: 1029 time: 0.1025646
2026-02-02 07:35:52.239 17 DEBUG neutron.pecan_wsgi.hooks.policy_enforcement [req-42cae96c-b2a9-426d-97a9-90f87321e670 77433d359a534004883dfe207cd32626 72a1a1061c164c00b2ddbadba7eb6a62 - default default] Attributes excluded by policy engine: ['standard_attr_id', 'shared'] _exclude_attributes_by_policy /usr/lib/python3.9/site-packages/neutron/pecan_wsgi/hooks/policy_enforcement.py:259
2026-02-02 07:35:52.240 17 INFO neutron.wsgi [req-42cae96c-b2a9-426d-97a9-90f87321e670 77433d359a534004883dfe207cd32626 72a1a1061c164c00b2ddbadba7eb6a62 - default default] 192.168.122.99,192.168.122.100 "GET /v2.0/subnets/6bc5b8e6-37c3-42dd-9a7e-ce233845c79a HTTP/1.1" status: 200 len: 860 time: 0.0351245
2026-02-02 07:35:53.757 18 DEBUG neutron.wsgi [-] (18) accepted ('192.168.122.100', 36900) server /usr/lib/python3.9/site-packages/eventlet/wsgi.py:992
2026-02-02 07:35:53.761 18 INFO neutron.wsgi [-] 192.168.122.100 "GET /healthcheck HTTP/1.0" status: 200 len: 137 time: 0.0025597
2026-02-02 07:35:55.763 16 DEBUG neutron.wsgi [-] (16) accepted ('192.168.122.100', 36904) server /usr/lib/python3.9/site-packages/eventlet/wsgi.py:992
2026-02-02 07:35:55.767 16 INFO neutron.wsgi [-] 192.168.122.100 "GET /healthcheck HTTP/1.0" status: 200 len: 137 time: 0.0028946
2026-02-02 07:35:57.769 16 DEBUG neutron.wsgi [-] (16) accepted ('192.168.122.100', 36906) server /usr/lib/python3.9/site-packages/eventlet/wsgi.py:992
2026-02-02 07:35:57.771 16 INFO neutron.wsgi [-] 192.168.122.100 "GET /healthcheck HTTP/1.0" status: 200 len: 137 time: 0.0017624
2026-02-02 07:35:58.031 16 DEBUG neutron.wsgi [-] (16) accepted ('192.168.122.100', 36920) server /usr/lib/python3.9/site-packages/eventlet/wsgi.py:992
2026-02-02 07:35:58.227 16 DEBUG neutron.pecan_wsgi.hooks.policy_enforcement [req-54de917f-181e-426f-83e3-ec0f17cb78b8 77433d359a534004883dfe207cd32626 72a1a1061c164c00b2ddbadba7eb6a62 - default default] Attributes excluded by policy engine: ['standard_attr_id', 'vlan_transparent'] _exclude_attributes_by_policy /usr/lib/python3.9/site-packages/neutron/pecan_wsgi/hooks/policy_enforcement.py:259
2026-02-02 07:35:58.227 16 DEBUG neutron.pecan_wsgi.hooks.policy_enforcement [req-54de917f-181e-426f-83e3-ec0f17cb78b8 77433d359a534004883dfe207cd32626 72a1a1061c164c00b2ddbadba7eb6a62 - default default] Attributes excluded by policy engine: ['standard_attr_id', 'vlan_transparent'] _exclude_attributes_by_policy /usr/lib/python3.9/site-packages/neutron/pecan_wsgi/hooks/policy_enforcement.py:259
2026-02-02 07:35:58.228 16 DEBUG neutron.pecan_wsgi.hooks.policy_enforcement [req-54de917f-181e-426f-83e3-ec0f17cb78b8 77433d359a534004883dfe207cd32626 72a1a1061c164c00b2ddbadba7eb6a62 - default default] Attributes excluded by policy engine: ['standard_attr_id', 'vlan_transparent'] _exclude_attributes_by_policy /usr/lib/python3.9/site-packages/neutron/pecan_wsgi/hooks/policy_enforcement.py:259
2026-02-02 07:35:58.228 16 DEBUG neutron.pecan_wsgi.hooks.policy_enforcement [req-54de917f-181e-426f-83e3-ec0f17cb78b8 77433d359a534004883dfe207cd32626 72a1a1061c164c00b2ddbadba7eb6a62 - default default] Attributes excluded by policy engine: ['standard_attr_id', 'vlan_transparent'] _exclude_attributes_by_policy /usr/lib/python3.9/site-packages/neutron/pecan_wsgi/hooks/policy_enforcement.py:259
2026-02-02 07:35:58.228 16 DEBUG neutron.pecan_wsgi.hooks.policy_enforcement [req-54de917f-181e-426f-83e3-ec0f17cb78b8 77433d359a534004883dfe207cd32626 72a1a1061c164c00b2ddbadba7eb6a62 - default default] Attributes excluded by policy engine: ['standard_attr_id', 'vlan_transparent'] _exclude_attributes_by_policy /usr/lib/python3.9/site-packages/neutron/pecan_wsgi/hooks/policy_enforcement.py:259
2026-02-02 07:35:58.228 16 DEBUG neutron.pecan_wsgi.hooks.policy_enforcement [req-54de917f-181e-426f-83e3-ec0f17cb78b8 77433d359a534004883dfe207cd32626 72a1a1061c164c00b2ddbadba7eb6a62 - default default] Attributes excluded by policy engine: ['standard_attr_id', 'vlan_transparent'] _exclude_attributes_by_policy /usr/lib/python3.9/site-packages/neutron/pecan_wsgi/hooks/policy_enforcement.py:259
2026-02-02 07:35:58.229 16 INFO neutron.wsgi [req-54de917f-181e-426f-83e3-ec0f17cb78b8 77433d359a534004883dfe207cd32626 72a1a1061c164c00b2ddbadba7eb6a62 - default default] 192.168.122.99,192.168.122.100 "GET /v2.0/networks HTTP/1.1" status: 200 len: 5131 time: 0.1975834
2026-02-02 07:35:58.269 16 DEBUG neutron.pecan_wsgi.hooks.policy_enforcement [req-2fef6f13-d407-4a04-9b7c-53db564e3ef0 77433d359a534004883dfe207cd32626 72a1a1061c164c00b2ddbadba7eb6a62 - default default] Attributes excluded by policy engine: ['standard_attr_id', 'shared'] _exclude_attributes_by_policy /usr/lib/python3.9/site-packages/neutron/pecan_wsgi/hooks/policy_enforcement.py:259
2026-02-02 07:35:58.270 16 INFO neutron.wsgi [req-2fef6f13-d407-4a04-9b7c-53db564e3ef0 77433d359a534004883dfe207cd32626 72a1a1061c164c00b2ddbadba7eb6a62 - default default] 192.168.122.99,192.168.122.100 "GET /v2.0/subnets?network_id=3e280cde-458f-4d7b-992d-950f68515f7a HTTP/1.1" status: 200 len: 863 time: 0.0369816
2026-02-02 07:35:58.318 16 DEBUG neutron.pecan_wsgi.hooks.policy_enforcement [req-db6fb42c-8ecb-42d8-b4c8-f599ea1401bd 77433d359a534004883dfe207cd32626 72a1a1061c164c00b2ddbadba7eb6a62 - default default] Attributes excluded by policy engine: ['standard_attr_id', 'shared'] _exclude_attributes_by_policy /usr/lib/python3.9/site-packages/neutron/pecan_wsgi/hooks/policy_enforcement.py:259
2026-02-02 07:35:58.319 16 INFO neutron.wsgi [req-db6fb42c-8ecb-42d8-b4c8-f599ea1401bd 77433d359a534004883dfe207cd32626 72a1a1061c164c00b2ddbadba7eb6a62 - default default] 192.168.122.99,192.168.122.100 "GET /v2.0/subnets?network_id=426555de-097d-405c-aa6d-d1370326b0fb HTTP/1.1" status: 200 len: 861 time: 0.0415335
2026-02-02 07:35:58.376 16 DEBUG neutron.pecan_wsgi.hooks.policy_enforcement [req-fc10fcb3-8b90-424b-8cdb-4c6220b38a73 77433d359a534004883dfe207cd32626 72a1a1061c164c00b2ddbadba7eb6a62 - default default] Attributes excluded by policy engine: ['standard_attr_id', 'shared'] _exclude_attributes_by_policy /usr/lib/python3.9/site-packages/neutron/pecan_wsgi/hooks/policy_enforcement.py:259
2026-02-02 07:35:58.378 16 INFO neutron.wsgi [req-fc10fcb3-8b90-424b-8cdb-4c6220b38a73 77433d359a534004883dfe207cd32626 72a1a1061c164c00b2ddbadba7eb6a62 - default default] 192.168.122.99,192.168.122.100 "GET /v2.0/subnets?network_id=7e05ebb7-5689-4cf3-b222-3b32af1a33d4 HTTP/1.1" status: 200 len: 867 time: 0.0515115
2026-02-02 07:35:58.438 16 DEBUG neutron.pecan_wsgi.hooks.policy_enforcement [req-179cd152-59dd-442a-8756-a7c82acbb29d 77433d359a534004883dfe207cd32626 72a1a1061c164c00b2ddbadba7eb6a62 - default default] Attributes excluded by policy engine: ['standard_attr_id', 'shared'] _exclude_attributes_by_policy /usr/lib/python3.9/site-packages/neutron/pecan_wsgi/hooks/policy_enforcement.py:259
2026-02-02 07:35:58.439 16 INFO neutron.wsgi [req-179cd152-59dd-442a-8756-a7c82acbb29d 77433d359a534004883dfe207cd32626 72a1a1061c164c00b2ddbadba7eb6a62 - default default] 192.168.122.99,192.168.122.100 "GET /v2.0/subnets?network_id=90c82e18-65b5-42b2-9567-09a4ba2ce086 HTTP/1.1" status: 200 len: 845 time: 0.0535402
2026-02-02 07:35:58.491 16 DEBUG neutron.pecan_wsgi.hooks.policy_enforcement [req-0eb04b6a-4526-4bd1-86fb-22f3b782d8d1 77433d359a534004883dfe207cd32626 72a1a1061c164c00b2ddbadba7eb6a62 - default default] Attributes excluded by policy engine: ['standard_attr_id', 'shared'] _exclude_attributes_by_policy /usr/lib/python3.9/site-packages/neutron/pecan_wsgi/hooks/policy_enforcement.py:259
2026-02-02 07:35:58.492 16 INFO neutron.wsgi [req-0eb04b6a-4526-4bd1-86fb-22f3b782d8d1 77433d359a534004883dfe207cd32626 72a1a1061c164c00b2ddbadba7eb6a62 - default default] 192.168.122.99,192.168.122.100 "GET /v2.0/subnets?network_id=a72f9c85-1ef7-4000-bfa1-a7fd26fce47c HTTP/1.1" status: 200 len: 862 time: 0.0448098
2026-02-02 07:35:58.540 16 DEBUG neutron.pecan_wsgi.hooks.policy_enforcement [req-229a8ffb-8583-4454-840d-afda56d25276 77433d359a534004883dfe207cd32626 72a1a1061c164c00b2ddbadba7eb6a62 - default default] Attributes excluded by policy engine: ['standard_attr_id', 'shared'] _exclude_attributes_by_policy /usr/lib/python3.9/site-packages/neutron/pecan_wsgi/hooks/policy_enforcement.py:259
2026-02-02 07:35:58.541 16 INFO neutron.wsgi [req-229a8ffb-8583-4454-840d-afda56d25276 77433d359a534004883dfe207cd32626 72a1a1061c164c00b2ddbadba7eb6a62 - default default] 192.168.122.99,192.168.122.100 "GET /v2.0/subnets?network_id=eab2bfcb-3362-4b28-992b-7d5c17203151 HTTP/1.1" status: 200 len: 867 time: 0.0419364
2026-02-02 07:35:58.567 18 DEBUG neutron.wsgi [-] (18) accepted ('192.168.122.100', 36936) server /usr/lib/python3.9/site-packages/eventlet/wsgi.py:992
2026-02-02 07:35:58.573 17 DEBUG neutron.wsgi [-] (17) accepted ('192.168.122.100', 36950) server /usr/lib/python3.9/site-packages/eventlet/wsgi.py:992
2026-02-02 07:35:58.575 17 DEBUG neutron.wsgi [-] (17) accepted ('192.168.122.100', 36952) server /usr/lib/python3.9/site-packages/eventlet/wsgi.py:992
2026-02-02 07:35:58.576 16 DEBUG neutron.wsgi [-] (16) accepted ('192.168.122.100', 36956) server /usr/lib/python3.9/site-packages/eventlet/wsgi.py:992
2026-02-02 07:35:58.603 16 INFO neutron.wsgi [req-3d0602e8-cbe1-44df-b2ce-ca062f628d61 77433d359a534004883dfe207cd32626 72a1a1061c164c00b2ddbadba7eb6a62 - default default] 192.168.122.99,192.168.122.100 "GET /v2.0/ports?network_id=7e05ebb7-5689-4cf3-b222-3b32af1a33d4&tags=tripleo_stack_name%3Dovercloud&tags=tripleo_vip_net%3Dinternal_api HTTP/1.1" status: 200 len: 186 time: 0.0553842
2026-02-02 07:35:58.607 16 INFO neutron.wsgi [req-75049072-ef23-4f4a-af58-659079cc13c2 77433d359a534004883dfe207cd32626 72a1a1061c164c00b2ddbadba7eb6a62 - default default] 192.168.122.99,192.168.122.100 "GET /v2.0/ports?network_id=eab2bfcb-3362-4b28-992b-7d5c17203151&tags=tripleo_stack_name%3Dovercloud&tags=tripleo_vip_net%3Dstorage_mgmt HTTP/1.1" status: 200 len: 186 time: 0.0303423
2026-02-02 07:35:58.615 16 DEBUG neutron.api.v2.base [req-d76386b2-ee0a-47a7-a2a0-ac479052ec90 77433d359a534004883dfe207cd32626 72a1a1061c164c00b2ddbadba7eb6a62 - default default] Request body: {'port': {'dns_name': 'overcloud', 'network_id': '7e05ebb7-5689-4cf3-b222-3b32af1a33d4', 'name': 'internal_api_vip', 'fixed_ips': [{'subnet_id': '091ed45b-2485-4ba0-a9cf-63e38c654032'}]}} prepare_request_body /usr/lib/python3.9/site-packages/neutron/api/v2/base.py:729
2026-02-02 07:35:58.625 16 DEBUG neutron.pecan_wsgi.hooks.quota_enforcement [req-d76386b2-ee0a-47a7-a2a0-ac479052ec90 77433d359a534004883dfe207cd32626 72a1a1061c164c00b2ddbadba7eb6a62 - default default] Made reservation on behalf of 72a1a1061c164c00b2ddbadba7eb6a62 for: {'port': 1} before /usr/lib/python3.9/site-packages/neutron/pecan_wsgi/hooks/quota_enforcement.py:53
2026-02-02 07:35:58.626 16 DEBUG neutron_lib.callbacks.manager [req-d76386b2-ee0a-47a7-a2a0-ac479052ec90 77433d359a534004883dfe207cd32626 72a1a1061c164c00b2ddbadba7eb6a62 - default default] Notify callbacks ['neutron.plugins.ml2.plugin.SecurityGroupDbMixin._ensure_default_security_group_handler-557641'] for port, before_create _notify_loop /usr/lib/python3.9/site-packages/neutron_lib/callbacks/manager.py:200
2026-02-02 07:35:58.629 18 INFO neutron.wsgi [req-ce8f23da-7dd3-4aea-85b2-c8b12d4a5cc2 77433d359a534004883dfe207cd32626 72a1a1061c164c00b2ddbadba7eb6a62 - default default] 192.168.122.99,192.168.122.100 "GET /v2.0/ports?network_id=a72f9c85-1ef7-4000-bfa1-a7fd26fce47c&tags=tripleo_stack_name%3Dovercloud&tags=tripleo_vip_net%3Dstorage HTTP/1.1" status: 200 len: 186 time: 0.0604520
2026-02-02 07:35:58.637 18 DEBUG neutron.api.v2.base [req-3dc1d920-60fb-41c9-a1f1-0fbe24f15a1d 77433d359a534004883dfe207cd32626 72a1a1061c164c00b2ddbadba7eb6a62 - default default] Request body: {'port': {'dns_name': 'overcloud', 'network_id': 'a72f9c85-1ef7-4000-bfa1-a7fd26fce47c', 'name': 'storage_vip', 'fixed_ips': [{'subnet_id': '67658c5c-7af1-4fb7-b8ec-757f6cd6ad37'}]}} prepare_request_body /usr/lib/python3.9/site-packages/neutron/api/v2/base.py:729
2026-02-02 07:35:58.641 17 DEBUG neutron.api.v2.base [req-6410fbc0-93c3-407c-ab3f-e3b3806557ad 77433d359a534004883dfe207cd32626 72a1a1061c164c00b2ddbadba7eb6a62 - default default] Request body: {'port': {'dns_name': 'overcloud', 'network_id': 'eab2bfcb-3362-4b28-992b-7d5c17203151', 'name': 'storage_mgmt_vip', 'fixed_ips': [{'subnet_id': '9399adc0-e9cf-42a3-a5b0-693c8a2a4a83'}]}} prepare_request_body /usr/lib/python3.9/site-packages/neutron/api/v2/base.py:729
2026-02-02 07:35:58.649 18 DEBUG neutron.pecan_wsgi.hooks.quota_enforcement [req-3dc1d920-60fb-41c9-a1f1-0fbe24f15a1d 77433d359a534004883dfe207cd32626 72a1a1061c164c00b2ddbadba7eb6a62 - default default] Made reservation on behalf of 72a1a1061c164c00b2ddbadba7eb6a62 for: {'port': 1} before /usr/lib/python3.9/site-packages/neutron/pecan_wsgi/hooks/quota_enforcement.py:53
2026-02-02 07:35:58.650 16 DEBUG neutron.notifiers.nova [req-d76386b2-ee0a-47a7-a2a0-ac479052ec90 77433d359a534004883dfe207cd32626 72a1a1061c164c00b2ddbadba7eb6a62 - default default] device_id is not set on port cc038d69-7c28-458a-85bf-7a95c637a94a yet. _can_notify /usr/lib/python3.9/site-packages/neutron/notifiers/nova.py:201
2026-02-02 07:35:58.650 18 DEBUG neutron_lib.callbacks.manager [req-3dc1d920-60fb-41c9-a1f1-0fbe24f15a1d 77433d359a534004883dfe207cd32626 72a1a1061c164c00b2ddbadba7eb6a62 - default default] Notify callbacks ['neutron.plugins.ml2.plugin.SecurityGroupDbMixin._ensure_default_security_group_handler-557641'] for port, before_create _notify_loop /usr/lib/python3.9/site-packages/neutron_lib/callbacks/manager.py:200
2026-02-02 07:35:58.656 17 INFO neutron.wsgi [req-04bf1d4b-cf88-4e91-85ad-33988eb28106 77433d359a534004883dfe207cd32626 72a1a1061c164c00b2ddbadba7eb6a62 - default default] 192.168.122.99,192.168.122.100 "GET /v2.0/ports?network_id=90c82e18-65b5-42b2-9567-09a4ba2ce086&tags=tripleo_stack_name%3Dovercloud&tags=tripleo_vip_net%3Dctlplane HTTP/1.1" status: 200 len: 186 time: 0.0812447
2026-02-02 07:35:58.659 17 INFO neutron.wsgi [req-0bbd7474-d3ad-4f57-9104-78de5d893909 77433d359a534004883dfe207cd32626 72a1a1061c164c00b2ddbadba7eb6a62 - default default] 192.168.122.99,192.168.122.100 "GET /v2.0/ports?network_id=3e280cde-458f-4d7b-992d-950f68515f7a&tags=tripleo_stack_name%3Dovercloud&tags=tripleo_vip_net%3Dexternal HTTP/1.1" status: 200 len: 186 time: 0.0829597
2026-02-02 07:35:58.666 18 DEBUG neutron.notifiers.nova [req-3dc1d920-60fb-41c9-a1f1-0fbe24f15a1d 77433d359a534004883dfe207cd32626 72a1a1061c164c00b2ddbadba7eb6a62 - default default] device_id is not set on port 1e9256cb-2e7a-438d-8ba8-d3ce26e42d6a yet. _can_notify /usr/lib/python3.9/site-packages/neutron/notifiers/nova.py:201
2026-02-02 07:35:58.673 17 DEBUG neutron.api.v2.base [req-2253d3af-5ada-4371-b2a4-f04cce0c7b75 77433d359a534004883dfe207cd32626 72a1a1061c164c00b2ddbadba7eb6a62 - default default] Request body: {'port': {'dns_name': 'overcloud', 'network_id': '3e280cde-458f-4d7b-992d-950f68515f7a', 'name': 'external_vip', 'fixed_ips': [{'subnet_id': '6bc5b8e6-37c3-42dd-9a7e-ce233845c79a'}]}} prepare_request_body /usr/lib/python3.9/site-packages/neutron/api/v2/base.py:729
2026-02-02 07:35:58.678 16 DEBUG neutron.api.v2.base [req-43ca1384-22fa-4c99-9bf0-9094a2f0ca30 77433d359a534004883dfe207cd32626 72a1a1061c164c00b2ddbadba7eb6a62 - default default] Request body: {'port': {'dns_name': 'overcloud', 'network_id': '90c82e18-65b5-42b2-9567-09a4ba2ce086', 'name': 'ctlplane_vip', 'fixed_ips': [{'ip_address': '192.168.122.99'}]}} prepare_request_body /usr/lib/python3.9/site-packages/neutron/api/v2/base.py:729
2026-02-02 07:35:58.693 17 DEBUG neutron.pecan_wsgi.hooks.quota_enforcement [req-6410fbc0-93c3-407c-ab3f-e3b3806557ad 77433d359a534004883dfe207cd32626 72a1a1061c164c00b2ddbadba7eb6a62 - default default] Made reservation on behalf of 72a1a1061c164c00b2ddbadba7eb6a62 for: {'port': 1} before /usr/lib/python3.9/site-packages/neutron/pecan_wsgi/hooks/quota_enforcement.py:53
2026-02-02 07:35:58.696 17 DEBUG neutron_lib.callbacks.manager [req-6410fbc0-93c3-407c-ab3f-e3b3806557ad 77433d359a534004883dfe207cd32626 72a1a1061c164c00b2ddbadba7eb6a62 - default default] Notify callbacks ['neutron.plugins.ml2.plugin.SecurityGroupDbMixin._ensure_default_security_group_handler-557641'] for port, before_create _notify_loop /usr/lib/python3.9/site-packages/neutron_lib/callbacks/manager.py:200
2026-02-02 07:35:58.700 16 DEBUG neutron.pecan_wsgi.hooks.quota_enforcement [req-43ca1384-22fa-4c99-9bf0-9094a2f0ca30 77433d359a534004883dfe207cd32626 72a1a1061c164c00b2ddbadba7eb6a62 - default default] Made reservation on behalf of 72a1a1061c164c00b2ddbadba7eb6a62 for: {'port': 1} before /usr/lib/python3.9/site-packages/neutron/pecan_wsgi/hooks/quota_enforcement.py:53
2026-02-02 07:35:58.702 16 DEBUG neutron_lib.callbacks.manager [req-43ca1384-22fa-4c99-9bf0-9094a2f0ca30 77433d359a534004883dfe207cd32626 72a1a1061c164c00b2ddbadba7eb6a62 - default default] Notify callbacks ['neutron.plugins.ml2.plugin.SecurityGroupDbMixin._ensure_default_security_group_handler-557641'] for port, before_create _notify_loop /usr/lib/python3.9/site-packages/neutron_lib/callbacks/manager.py:200
2026-02-02 07:35:58.708 17 DEBUG neutron.pecan_wsgi.hooks.quota_enforcement [req-2253d3af-5ada-4371-b2a4-f04cce0c7b75 77433d359a534004883dfe207cd32626 72a1a1061c164c00b2ddbadba7eb6a62 - default default] Made reservation on behalf of 72a1a1061c164c00b2ddbadba7eb6a62 for: {'port': 1} before /usr/lib/python3.9/site-packages/neutron/pecan_wsgi/hooks/quota_enforcement.py:53
2026-02-02 07:35:58.710 17 DEBUG neutron_lib.callbacks.manager [req-2253d3af-5ada-4371-b2a4-f04cce0c7b75 77433d359a534004883dfe207cd32626 72a1a1061c164c00b2ddbadba7eb6a62 - default default] Notify callbacks ['neutron.plugins.ml2.plugin.SecurityGroupDbMixin._ensure_default_security_group_handler-557641'] for port, before_create _notify_loop /usr/lib/python3.9/site-packages/neutron_lib/callbacks/manager.py:200
2026-02-02 07:35:58.736 17 DEBUG neutron.notifiers.nova [req-6410fbc0-93c3-407c-ab3f-e3b3806557ad 77433d359a534004883dfe207cd32626 72a1a1061c164c00b2ddbadba7eb6a62 - default default] device_id is not set on port bfc845b4-9fea-4660-a2e5-406d177c5d7c yet. _can_notify /usr/lib/python3.9/site-packages/neutron/notifiers/nova.py:201
2026-02-02 07:35:58.738 16 DEBUG neutron.notifiers.nova [req-43ca1384-22fa-4c99-9bf0-9094a2f0ca30 77433d359a534004883dfe207cd32626 72a1a1061c164c00b2ddbadba7eb6a62 - default default] device_id is not set on port b2ff0f0d-754b-498e-91bf-cf2644d7034f yet. _can_notify /usr/lib/python3.9/site-packages/neutron/notifiers/nova.py:201
2026-02-02 07:35:58.751 17 DEBUG neutron.notifiers.nova [req-2253d3af-5ada-4371-b2a4-f04cce0c7b75 77433d359a534004883dfe207cd32626 72a1a1061c164c00b2ddbadba7eb6a62 - default default] device_id is not set on port 1d30aadd-ce78-4878-886a-84326aa201a8 yet. _can_notify /usr/lib/python3.9/site-packages/neutron/notifiers/nova.py:201
2026-02-02 07:35:58.759 18 DEBUG neutron.db.db_base_plugin_common [req-3dc1d920-60fb-41c9-a1f1-0fbe24f15a1d 77433d359a534004883dfe207cd32626 72a1a1061c164c00b2ddbadba7eb6a62 - default default] Allocated IP 172.18.0.162 (a72f9c85-1ef7-4000-bfa1-a7fd26fce47c/67658c5c-7af1-4fb7-b8ec-757f6cd6ad37/1e9256cb-2e7a-438d-8ba8-d3ce26e42d6a) _store_ip_allocation /usr/lib/python3.9/site-packages/neutron/db/db_base_plugin_common.py:131
2026-02-02 07:35:58.869 16 DEBUG neutron.db.db_base_plugin_common [req-d76386b2-ee0a-47a7-a2a0-ac479052ec90 77433d359a534004883dfe207cd32626 72a1a1061c164c00b2ddbadba7eb6a62 - default default] Allocated IP 172.17.0.127 (7e05ebb7-5689-4cf3-b222-3b32af1a33d4/091ed45b-2485-4ba0-a9cf-63e38c654032/cc038d69-7c28-458a-85bf-7a95c637a94a) _store_ip_allocation /usr/lib/python3.9/site-packages/neutron/db/db_base_plugin_common.py:131
2026-02-02 07:35:58.907 17 DEBUG neutron.db.db_base_plugin_common [req-6410fbc0-93c3-407c-ab3f-e3b3806557ad 77433d359a534004883dfe207cd32626 72a1a1061c164c00b2ddbadba7eb6a62 - default default] Allocated IP 172.20.0.221 (eab2bfcb-3362-4b28-992b-7d5c17203151/9399adc0-e9cf-42a3-a5b0-693c8a2a4a83/bfc845b4-9fea-4660-a2e5-406d177c5d7c) _store_ip_allocation /usr/lib/python3.9/site-packages/neutron/db/db_base_plugin_common.py:131
2026-02-02 07:35:58.909 17 DEBUG neutron.db.db_base_plugin_common [req-2253d3af-5ada-4371-b2a4-f04cce0c7b75 77433d359a534004883dfe207cd32626 72a1a1061c164c00b2ddbadba7eb6a62 - default default] Allocated IP 172.21.0.122 (3e280cde-458f-4d7b-992d-950f68515f7a/6bc5b8e6-37c3-42dd-9a7e-ce233845c79a/1d30aadd-ce78-4878-886a-84326aa201a8) _store_ip_allocation /usr/lib/python3.9/site-packages/neutron/db/db_base_plugin_common.py:131
2026-02-02 07:35:58.931 18 DEBUG neutron_lib.callbacks.manager [req-3dc1d920-60fb-41c9-a1f1-0fbe24f15a1d 77433d359a534004883dfe207cd32626 72a1a1061c164c00b2ddbadba7eb6a62 - default default] Notify callbacks [] for allowed_address_pair, before_create _notify_loop /usr/lib/python3.9/site-packages/neutron_lib/callbacks/manager.py:200
2026-02-02 07:35:58.932 18 DEBUG neutron_lib.callbacks.manager [req-3dc1d920-60fb-41c9-a1f1-0fbe24f15a1d 77433d359a534004883dfe207cd32626 72a1a1061c164c00b2ddbadba7eb6a62 - default default] Notify callbacks [] for port, precommit_create _notify_loop /usr/lib/python3.9/site-packages/neutron_lib/callbacks/manager.py:200
2026-02-02 07:35:58.937 16 DEBUG neutron.db.db_base_plugin_common [req-43ca1384-22fa-4c99-9bf0-9094a2f0ca30 77433d359a534004883dfe207cd32626 72a1a1061c164c00b2ddbadba7eb6a62 - default default] Allocated IP 192.168.122.99 (90c82e18-65b5-42b2-9567-09a4ba2ce086/c3981d00-a045-44c2-8be2-3e1dc63f4878/b2ff0f0d-754b-498e-91bf-cf2644d7034f) _store_ip_allocation /usr/lib/python3.9/site-packages/neutron/db/db_base_plugin_common.py:131
2026-02-02 07:35:58.974 18 DEBUG neutron_lib.callbacks.manager [req-3dc1d920-60fb-41c9-a1f1-0fbe24f15a1d 77433d359a534004883dfe207cd32626 72a1a1061c164c00b2ddbadba7eb6a62 - default default] Notify callbacks ['neutron.plugins.ml2.plugin.SecurityGroupServerNotifierRpcMixin.notify_sg_on_port_change-587677', 'neutron.plugins.ml2.extensions.dns_integration._create_port_in_external_dns_service-8743733570389', 'neutron.plugins.ml2.ovo_rpc._ObjectChangeHandler.handle_event-249257', 'neutron.api.rpc.agentnotifiers.dhcp_rpc_agent_api.DhcpAgentNotifyAPI._native_event_send_dhcp_notification-4182263', 'neutron.services.segments.plugin.NovaSegmentNotifier._notify_port_created_or_deleted-3747551'] for port, after_create _notify_loop /usr/lib/python3.9/site-packages/neutron_lib/callbacks/manager.py:200
2026-02-02 07:35:59.049 18 DEBUG neutron.api.rpc.handlers.resources_rpc [req-3dc1d920-60fb-41c9-a1f1-0fbe24f15a1d 77433d359a534004883dfe207cd32626 72a1a1061c164c00b2ddbadba7eb6a62 - - -] Pushing event updated for resources: {'Port': ['ID=1e9256cb-2e7a-438d-8ba8-d3ce26e42d6a,revision_number=1']} push /usr/lib/python3.9/site-packages/neutron/api/rpc/handlers/resources_rpc.py:237
2026-02-02 07:35:59.053 18 DEBUG neutron.plugins.ml2.drivers.mech_agent [req-3dc1d920-60fb-41c9-a1f1-0fbe24f15a1d 77433d359a534004883dfe207cd32626 72a1a1061c164c00b2ddbadba7eb6a62 - default default] Checking segment: {'id': 'bbb7f47c-1814-414f-855a-e1d1d9cb001f', 'network_type': 'flat', 'physical_network': 'storage_storage_subnet', 'segmentation_id': None, 'network_id': 'a72f9c85-1ef7-4000-bfa1-a7fd26fce47c'} for mappings: {'ctlplane': 'br-ctlplane'} with network types: ['local', 'flat', 'vlan'] check_segment_for_agent /usr/lib/python3.9/site-packages/neutron/plugins/ml2/drivers/mech_agent.py:343
2026-02-02 07:35:59.053 18 DEBUG neutron.plugins.ml2.drivers.mech_agent [req-3dc1d920-60fb-41c9-a1f1-0fbe24f15a1d 77433d359a534004883dfe207cd32626 72a1a1061c164c00b2ddbadba7eb6a62 - default default] Network a72f9c85-1ef7-4000-bfa1-a7fd26fce47c with segment bbb7f47c-1814-414f-855a-e1d1d9cb001f is connected to physical network storage_storage_subnet, but agent undercloud.ooo.test reported physical networks {'ctlplane': 'br-ctlplane'}. The physical network must be configured on the agent if binding is to succeed. check_segment_for_agent /usr/lib/python3.9/site-packages/neutron/plugins/ml2/drivers/mech_agent.py:365
2026-02-02 07:35:59.056 18 DEBUG neutron.scheduler.dhcp_agent_scheduler [req-3dc1d920-60fb-41c9-a1f1-0fbe24f15a1d 77433d359a534004883dfe207cd32626 72a1a1061c164c00b2ddbadba7eb6a62 - default default] Network hostable DHCP agents. Network: a72f9c85-1ef7-4000-bfa1-a7fd26fce47c, hostable agents: [], hosted agents: [] _get_network_hostable_dhcp_agents /usr/lib/python3.9/site-packages/neutron/scheduler/dhcp_agent_scheduler.py:329
2026-02-02 07:35:59.056 18 DEBUG neutron.scheduler.base_scheduler [req-3dc1d920-60fb-41c9-a1f1-0fbe24f15a1d 77433d359a534004883dfe207cd32626 72a1a1061c164c00b2ddbadba7eb6a62 - default default] Resources bound (agent type, host, resource id): schedule /usr/lib/python3.9/site-packages/neutron/scheduler/base_scheduler.py:57
2026-02-02 07:35:59.056 18 WARNING neutron.api.rpc.agentnotifiers.dhcp_rpc_agent_api [req-3dc1d920-60fb-41c9-a1f1-0fbe24f15a1d 77433d359a534004883dfe207cd32626 72a1a1061c164c00b2ddbadba7eb6a62 - default default] Unable to schedule network a72f9c85-1ef7-4000-bfa1-a7fd26fce47c: no agents available; will retry on subsequent port and subnet creation events.
2026-02-02 07:35:59.056 18 DEBUG neutron.api.rpc.agentnotifiers.dhcp_rpc_agent_api [req-3dc1d920-60fb-41c9-a1f1-0fbe24f15a1d 77433d359a534004883dfe207cd32626 72a1a1061c164c00b2ddbadba7eb6a62 - default default] Network a72f9c85-1ef7-4000-bfa1-a7fd26fce47c is not hosted by any dhcp agent _notify_agents /usr/lib/python3.9/site-packages/neutron/api/rpc/agentnotifiers/dhcp_rpc_agent_api.py:228
2026-02-02 07:35:59.083 18 DEBUG neutron.pecan_wsgi.hooks.policy_enforcement [req-3dc1d920-60fb-41c9-a1f1-0fbe24f15a1d 77433d359a534004883dfe207cd32626 72a1a1061c164c00b2ddbadba7eb6a62 - default default] Attributes excluded by policy engine: ['standard_attr_id', 'network'] _exclude_attributes_by_policy /usr/lib/python3.9/site-packages/neutron/pecan_wsgi/hooks/policy_enforcement.py:259
2026-02-02 07:35:59.084 18 DEBUG neutron_lib.callbacks.manager [req-3dc1d920-60fb-41c9-a1f1-0fbe24f15a1d 77433d359a534004883dfe207cd32626 72a1a1061c164c00b2ddbadba7eb6a62 - default default] Notify callbacks ['neutron.notifiers.nova.Notifier._send_nova_notification-153933', 'neutron.api.rpc.agentnotifiers.dhcp_rpc_agent_api.DhcpAgentNotifyAPI._send_dhcp_notification-4182145'] for port, before_response _notify_loop /usr/lib/python3.9/site-packages/neutron_lib/callbacks/manager.py:200
2026-02-02 07:35:59.096 18 INFO neutron.wsgi [req-3dc1d920-60fb-41c9-a1f1-0fbe24f15a1d 77433d359a534004883dfe207cd32626 72a1a1061c164c00b2ddbadba7eb6a62 - default default] 192.168.122.99,192.168.122.100 "POST /v2.0/ports HTTP/1.1" status: 201 len: 1150 time: 0.4625428
2026-02-02 07:35:59.104 18 DEBUG neutron.services.tag.tag_plugin [req-646709bd-d130-4825-ab5f-3f8b0b67415b 77433d359a534004883dfe207cd32626 72a1a1061c164c00b2ddbadba7eb6a62 - default default] neutron.services.tag.tag_plugin.TagPlugin method update_tags called with arguments (, 'ports', '1e9256cb-2e7a-438d-8ba8-d3ce26e42d6a', {'tags': ['tripleo_stack_name=overcloud', 'tripleo_vip_net=storage']}) {} wrapper /usr/lib/python3.9/site-packages/oslo_log/helpers.py:65
2026-02-02 07:35:59.140 18 INFO neutron.wsgi [req-646709bd-d130-4825-ab5f-3f8b0b67415b 77433d359a534004883dfe207cd32626 72a1a1061c164c00b2ddbadba7eb6a62 - default default] 192.168.122.99,192.168.122.100 "PUT /v2.0/ports/1e9256cb-2e7a-438d-8ba8-d3ce26e42d6a/tags HTTP/1.1" status: 200 len: 243 time: 0.0394087
2026-02-02 07:35:59.163 17 DEBUG neutron_lib.callbacks.manager [req-2253d3af-5ada-4371-b2a4-f04cce0c7b75 77433d359a534004883dfe207cd32626 72a1a1061c164c00b2ddbadba7eb6a62 - default default] Notify callbacks [] for allowed_address_pair, before_create _notify_loop /usr/lib/python3.9/site-packages/neutron_lib/callbacks/manager.py:200
2026-02-02 07:35:59.163 17 DEBUG neutron_lib.callbacks.manager [req-2253d3af-5ada-4371-b2a4-f04cce0c7b75 77433d359a534004883dfe207cd32626 72a1a1061c164c00b2ddbadba7eb6a62 - default default] Notify callbacks [] for port, precommit_create _notify_loop /usr/lib/python3.9/site-packages/neutron_lib/callbacks/manager.py:200
2026-02-02 07:35:59.165 17 DEBUG neutron_lib.callbacks.manager [req-6410fbc0-93c3-407c-ab3f-e3b3806557ad 77433d359a534004883dfe207cd32626 72a1a1061c164c00b2ddbadba7eb6a62 - default default] Notify callbacks [] for allowed_address_pair, before_create _notify_loop /usr/lib/python3.9/site-packages/neutron_lib/callbacks/manager.py:200
2026-02-02 07:35:59.166 17 DEBUG neutron_lib.callbacks.manager [req-6410fbc0-93c3-407c-ab3f-e3b3806557ad 77433d359a534004883dfe207cd32626 72a1a1061c164c00b2ddbadba7eb6a62 - default default] Notify callbacks [] for port, precommit_create _notify_loop /usr/lib/python3.9/site-packages/neutron_lib/callbacks/manager.py:200
2026-02-02 07:35:59.194 16 DEBUG neutron_lib.callbacks.manager [req-d76386b2-ee0a-47a7-a2a0-ac479052ec90 77433d359a534004883dfe207cd32626 72a1a1061c164c00b2ddbadba7eb6a62 - default default] Notify callbacks [] for allowed_address_pair, before_create _notify_loop /usr/lib/python3.9/site-packages/neutron_lib/callbacks/manager.py:200
2026-02-02 07:35:59.195 16 DEBUG neutron_lib.callbacks.manager [req-d76386b2-ee0a-47a7-a2a0-ac479052ec90 77433d359a534004883dfe207cd32626 72a1a1061c164c00b2ddbadba7eb6a62 - default default] Notify callbacks [] for port, precommit_create _notify_loop /usr/lib/python3.9/site-packages/neutron_lib/callbacks/manager.py:200
