2026-02-02 07:47:07.585 16 DEBUG neutron_lib.callbacks.manager [req-65ebd3a8-c414-4fe9-9732-ed80360c131d 77433d359a534004883dfe207cd32626 72a1a1061c164c00b2ddbadba7eb6a62 - default default] Notify callbacks ['neutron.plugins.ml2.plugin.SecurityGroupDbMixin._ensure_default_security_group_handler-557641'] for port, before_create _notify_loop /usr/lib/python3.9/site-packages/neutron_lib/callbacks/manager.py:200
2026-02-02 07:47:07.587 18 DEBUG neutron.pecan_wsgi.hooks.quota_enforcement [req-27c36b07-ff6d-4037-876d-beaf0f2e838f 77433d359a534004883dfe207cd32626 72a1a1061c164c00b2ddbadba7eb6a62 - default default] Made reservation on behalf of 72a1a1061c164c00b2ddbadba7eb6a62 for: {'port': 1} before /usr/lib/python3.9/site-packages/neutron/pecan_wsgi/hooks/quota_enforcement.py:53
2026-02-02 07:47:07.589 18 DEBUG neutron_lib.callbacks.manager [req-27c36b07-ff6d-4037-876d-beaf0f2e838f 77433d359a534004883dfe207cd32626 72a1a1061c164c00b2ddbadba7eb6a62 - default default] Notify callbacks ['neutron.plugins.ml2.plugin.SecurityGroupDbMixin._ensure_default_security_group_handler-557641'] for port, before_create _notify_loop /usr/lib/python3.9/site-packages/neutron_lib/callbacks/manager.py:200
2026-02-02 07:47:07.594 15 DEBUG neutron.pecan_wsgi.hooks.quota_enforcement [req-85c04eb6-21ba-442d-a48b-33fa06c45d43 77433d359a534004883dfe207cd32626 72a1a1061c164c00b2ddbadba7eb6a62 - default default] Made reservation on behalf of 72a1a1061c164c00b2ddbadba7eb6a62 for: {'port': 1} before /usr/lib/python3.9/site-packages/neutron/pecan_wsgi/hooks/quota_enforcement.py:53
2026-02-02 07:47:07.596 15 DEBUG neutron_lib.callbacks.manager [req-85c04eb6-21ba-442d-a48b-33fa06c45d43 77433d359a534004883dfe207cd32626 72a1a1061c164c00b2ddbadba7eb6a62 - default default] Notify callbacks ['neutron.plugins.ml2.plugin.SecurityGroupDbMixin._ensure_default_security_group_handler-557641'] for port, before_create _notify_loop /usr/lib/python3.9/site-packages/neutron_lib/callbacks/manager.py:200
2026-02-02 07:47:07.610 18 DEBUG neutron.notifiers.nova [req-27c36b07-ff6d-4037-876d-beaf0f2e838f 77433d359a534004883dfe207cd32626 72a1a1061c164c00b2ddbadba7eb6a62 - default default] device_id is not set on port b1acc4e8-a63e-4985-865c-b45408b8f909 yet. _can_notify /usr/lib/python3.9/site-packages/neutron/notifiers/nova.py:201
2026-02-02 07:47:07.613 16 DEBUG neutron.notifiers.nova [req-65ebd3a8-c414-4fe9-9732-ed80360c131d 77433d359a534004883dfe207cd32626 72a1a1061c164c00b2ddbadba7eb6a62 - default default] device_id is not set on port 0b00721f-f426-49be-8ea3-8adb7b43c094 yet. _can_notify /usr/lib/python3.9/site-packages/neutron/notifiers/nova.py:201
2026-02-02 07:47:07.625 15 DEBUG neutron.notifiers.nova [req-85c04eb6-21ba-442d-a48b-33fa06c45d43 77433d359a534004883dfe207cd32626 72a1a1061c164c00b2ddbadba7eb6a62 - default default] device_id is not set on port 8091f3e5-9f1b-4726-9b2d-e07b1996fe16 yet. _can_notify /usr/lib/python3.9/site-packages/neutron/notifiers/nova.py:201
2026-02-02 07:47:07.762 18 DEBUG neutron_lib.callbacks.manager [req-27c36b07-ff6d-4037-876d-beaf0f2e838f 77433d359a534004883dfe207cd32626 72a1a1061c164c00b2ddbadba7eb6a62 - default default] Notify callbacks [] for allowed_address_pair, before_create _notify_loop /usr/lib/python3.9/site-packages/neutron_lib/callbacks/manager.py:200
2026-02-02 07:47:07.763 18 DEBUG neutron_lib.callbacks.manager [req-27c36b07-ff6d-4037-876d-beaf0f2e838f 77433d359a534004883dfe207cd32626 72a1a1061c164c00b2ddbadba7eb6a62 - default default] Notify callbacks [] for port, precommit_create _notify_loop /usr/lib/python3.9/site-packages/neutron_lib/callbacks/manager.py:200
2026-02-02 07:47:07.775 18 DEBUG neutron_lib.callbacks.manager [req-27c36b07-ff6d-4037-876d-beaf0f2e838f 77433d359a534004883dfe207cd32626 72a1a1061c164c00b2ddbadba7eb6a62 - default default] Notify callbacks ['neutron.plugins.ml2.plugin.SecurityGroupServerNotifierRpcMixin.notify_sg_on_port_change-587677', 'neutron.plugins.ml2.extensions.dns_integration._create_port_in_external_dns_service-8743733570389', 'neutron.plugins.ml2.ovo_rpc._ObjectChangeHandler.handle_event-249257', 'neutron.api.rpc.agentnotifiers.dhcp_rpc_agent_api.DhcpAgentNotifyAPI._native_event_send_dhcp_notification-4182263', 'neutron.services.segments.plugin.NovaSegmentNotifier._notify_port_created_or_deleted-3747551'] for port, after_create _notify_loop /usr/lib/python3.9/site-packages/neutron_lib/callbacks/manager.py:200
2026-02-02 07:47:07.780 16 DEBUG neutron_lib.callbacks.manager [req-65ebd3a8-c414-4fe9-9732-ed80360c131d 77433d359a534004883dfe207cd32626 72a1a1061c164c00b2ddbadba7eb6a62 - default default] Notify callbacks [] for allowed_address_pair, before_create _notify_loop /usr/lib/python3.9/site-packages/neutron_lib/callbacks/manager.py:200
2026-02-02 07:47:07.781 16 DEBUG neutron_lib.callbacks.manager [req-65ebd3a8-c414-4fe9-9732-ed80360c131d 77433d359a534004883dfe207cd32626 72a1a1061c164c00b2ddbadba7eb6a62 - default default] Notify callbacks [] for port, precommit_create _notify_loop /usr/lib/python3.9/site-packages/neutron_lib/callbacks/manager.py:200
2026-02-02 07:47:07.797 16 DEBUG neutron_lib.callbacks.manager [req-65ebd3a8-c414-4fe9-9732-ed80360c131d 77433d359a534004883dfe207cd32626 72a1a1061c164c00b2ddbadba7eb6a62 - default default] Notify callbacks ['neutron.plugins.ml2.plugin.SecurityGroupServerNotifierRpcMixin.notify_sg_on_port_change-587677', 'neutron.plugins.ml2.extensions.dns_integration._create_port_in_external_dns_service-8743733570389', 'neutron.plugins.ml2.ovo_rpc._ObjectChangeHandler.handle_event-249257', 'neutron.api.rpc.agentnotifiers.dhcp_rpc_agent_api.DhcpAgentNotifyAPI._native_event_send_dhcp_notification-4182263', 'neutron.services.segments.plugin.NovaSegmentNotifier._notify_port_created_or_deleted-3747551'] for port, after_create _notify_loop /usr/lib/python3.9/site-packages/neutron_lib/callbacks/manager.py:200
2026-02-02 07:47:07.804 18 DEBUG neutron.scheduler.dhcp_agent_scheduler [req-27c36b07-ff6d-4037-876d-beaf0f2e838f 77433d359a534004883dfe207cd32626 72a1a1061c164c00b2ddbadba7eb6a62 - default default] Network 4fdd82a7-3404-4a86-a169-56812b80dc6a is already hosted by enough agents. _get_dhcp_agents_hosting_network /usr/lib/python3.9/site-packages/neutron/scheduler/dhcp_agent_scheduler.py:275
2026-02-02 07:47:07.807 18 DEBUG neutron.scheduler.base_scheduler [req-27c36b07-ff6d-4037-876d-beaf0f2e838f 77433d359a534004883dfe207cd32626 72a1a1061c164c00b2ddbadba7eb6a62 - default default] Resources bound (agent type, host, resource id): schedule /usr/lib/python3.9/site-packages/neutron/scheduler/base_scheduler.py:57
2026-02-02 07:47:07.809 18 DEBUG neutron.pecan_wsgi.hooks.policy_enforcement [req-27c36b07-ff6d-4037-876d-beaf0f2e838f 77433d359a534004883dfe207cd32626 72a1a1061c164c00b2ddbadba7eb6a62 - default default] Attributes excluded by policy engine: ['standard_attr_id', 'network'] _exclude_attributes_by_policy /usr/lib/python3.9/site-packages/neutron/pecan_wsgi/hooks/policy_enforcement.py:259
2026-02-02 07:47:07.810 18 DEBUG neutron_lib.callbacks.manager [req-27c36b07-ff6d-4037-876d-beaf0f2e838f 77433d359a534004883dfe207cd32626 72a1a1061c164c00b2ddbadba7eb6a62 - default default] Notify callbacks ['neutron.notifiers.nova.Notifier._send_nova_notification-153933', 'neutron.api.rpc.agentnotifiers.dhcp_rpc_agent_api.DhcpAgentNotifyAPI._send_dhcp_notification-4182145'] for port, before_response _notify_loop /usr/lib/python3.9/site-packages/neutron_lib/callbacks/manager.py:200
2026-02-02 07:47:07.813 18 DEBUG neutron.api.rpc.handlers.resources_rpc [req-27c36b07-ff6d-4037-876d-beaf0f2e838f 77433d359a534004883dfe207cd32626 72a1a1061c164c00b2ddbadba7eb6a62 - - -] Pushing event updated for resources: {'Port': ['ID=b1acc4e8-a63e-4985-865c-b45408b8f909,revision_number=1']} push /usr/lib/python3.9/site-packages/neutron/api/rpc/handlers/resources_rpc.py:237
2026-02-02 07:47:07.823 18 INFO neutron.wsgi [req-27c36b07-ff6d-4037-876d-beaf0f2e838f 77433d359a534004883dfe207cd32626 72a1a1061c164c00b2ddbadba7eb6a62 - default default] 192.168.122.99,192.168.122.100 "POST /v2.0/ports HTTP/1.1" status: 201 len: 1016 time: 0.2516906
2026-02-02 07:47:07.833 16 DEBUG neutron.scheduler.dhcp_agent_scheduler [req-65ebd3a8-c414-4fe9-9732-ed80360c131d 77433d359a534004883dfe207cd32626 72a1a1061c164c00b2ddbadba7eb6a62 - default default] Network 4fdd82a7-3404-4a86-a169-56812b80dc6a is already hosted by enough agents. _get_dhcp_agents_hosting_network /usr/lib/python3.9/site-packages/neutron/scheduler/dhcp_agent_scheduler.py:275
2026-02-02 07:47:07.833 18 DEBUG neutron.services.tag.tag_plugin [req-07659a0c-0b64-4d2a-9762-f41be1e6a0c8 77433d359a534004883dfe207cd32626 72a1a1061c164c00b2ddbadba7eb6a62 - default default] neutron.services.tag.tag_plugin.TagPlugin method update_tags called with arguments (, 'ports', 'b1acc4e8-a63e-4985-865c-b45408b8f909', {'tags': ['tripleo_stack_name=overcloud', 'tripleo_ovn_physnet=datacentre']}) {} wrapper /usr/lib/python3.9/site-packages/oslo_log/helpers.py:65
2026-02-02 07:47:07.834 16 DEBUG neutron.scheduler.base_scheduler [req-65ebd3a8-c414-4fe9-9732-ed80360c131d 77433d359a534004883dfe207cd32626 72a1a1061c164c00b2ddbadba7eb6a62 - default default] Resources bound (agent type, host, resource id): schedule /usr/lib/python3.9/site-packages/neutron/scheduler/base_scheduler.py:57
2026-02-02 07:47:07.839 16 DEBUG neutron.pecan_wsgi.hooks.policy_enforcement [req-65ebd3a8-c414-4fe9-9732-ed80360c131d 77433d359a534004883dfe207cd32626 72a1a1061c164c00b2ddbadba7eb6a62 - default default] Attributes excluded by policy engine: ['standard_attr_id', 'network'] _exclude_attributes_by_policy /usr/lib/python3.9/site-packages/neutron/pecan_wsgi/hooks/policy_enforcement.py:259
2026-02-02 07:47:07.839 16 DEBUG neutron_lib.callbacks.manager [req-65ebd3a8-c414-4fe9-9732-ed80360c131d 77433d359a534004883dfe207cd32626 72a1a1061c164c00b2ddbadba7eb6a62 - default default] Notify callbacks ['neutron.notifiers.nova.Notifier._send_nova_notification-153933', 'neutron.api.rpc.agentnotifiers.dhcp_rpc_agent_api.DhcpAgentNotifyAPI._send_dhcp_notification-4182145'] for port, before_response _notify_loop /usr/lib/python3.9/site-packages/neutron_lib/callbacks/manager.py:200
2026-02-02 07:47:07.839 15 DEBUG neutron_lib.callbacks.manager [req-85c04eb6-21ba-442d-a48b-33fa06c45d43 77433d359a534004883dfe207cd32626 72a1a1061c164c00b2ddbadba7eb6a62 - default default] Notify callbacks [] for allowed_address_pair, before_create _notify_loop /usr/lib/python3.9/site-packages/neutron_lib/callbacks/manager.py:200
2026-02-02 07:47:07.840 15 DEBUG neutron_lib.callbacks.manager [req-85c04eb6-21ba-442d-a48b-33fa06c45d43 77433d359a534004883dfe207cd32626 72a1a1061c164c00b2ddbadba7eb6a62 - default default] Notify callbacks [] for port, precommit_create _notify_loop /usr/lib/python3.9/site-packages/neutron_lib/callbacks/manager.py:200
2026-02-02 07:47:07.846 16 DEBUG neutron.api.rpc.handlers.resources_rpc [req-65ebd3a8-c414-4fe9-9732-ed80360c131d 77433d359a534004883dfe207cd32626 72a1a1061c164c00b2ddbadba7eb6a62 - - -] Pushing event updated for resources: {'Port': ['ID=0b00721f-f426-49be-8ea3-8adb7b43c094,revision_number=1']} push /usr/lib/python3.9/site-packages/neutron/api/rpc/handlers/resources_rpc.py:237
2026-02-02 07:47:07.852 16 INFO neutron.wsgi [req-65ebd3a8-c414-4fe9-9732-ed80360c131d 77433d359a534004883dfe207cd32626 72a1a1061c164c00b2ddbadba7eb6a62 - default default] 192.168.122.99,192.168.122.100 "POST /v2.0/ports HTTP/1.1" status: 201 len: 1016 time: 0.2911444
2026-02-02 07:47:07.857 16 DEBUG neutron.services.tag.tag_plugin [req-1108bb93-b3e5-43e5-9471-f71dc94d0c60 77433d359a534004883dfe207cd32626 72a1a1061c164c00b2ddbadba7eb6a62 - default default] neutron.services.tag.tag_plugin.TagPlugin method update_tags called with arguments (, 'ports', '0b00721f-f426-49be-8ea3-8adb7b43c094', {'tags': ['tripleo_stack_name=overcloud', 'tripleo_ovn_physnet=datacentre']}) {} wrapper /usr/lib/python3.9/site-packages/oslo_log/helpers.py:65
2026-02-02 07:47:07.882 15 DEBUG neutron_lib.callbacks.manager [req-85c04eb6-21ba-442d-a48b-33fa06c45d43 77433d359a534004883dfe207cd32626 72a1a1061c164c00b2ddbadba7eb6a62 - default default] Notify callbacks ['neutron.plugins.ml2.plugin.SecurityGroupServerNotifierRpcMixin.notify_sg_on_port_change-587677', 'neutron.plugins.ml2.extensions.dns_integration._create_port_in_external_dns_service-8743733570389', 'neutron.plugins.ml2.ovo_rpc._ObjectChangeHandler.handle_event-249257', 'neutron.api.rpc.agentnotifiers.dhcp_rpc_agent_api.DhcpAgentNotifyAPI._native_event_send_dhcp_notification-4182263', 'neutron.services.segments.plugin.NovaSegmentNotifier._notify_port_created_or_deleted-3747551'] for port, after_create _notify_loop /usr/lib/python3.9/site-packages/neutron_lib/callbacks/manager.py:200
2026-02-02 07:47:07.890 18 INFO neutron.wsgi [req-07659a0c-0b64-4d2a-9762-f41be1e6a0c8 77433d359a534004883dfe207cd32626 72a1a1061c164c00b2ddbadba7eb6a62 - default default] 192.168.122.99,192.168.122.100 "PUT /v2.0/ports/b1acc4e8-a63e-4985-865c-b45408b8f909/tags HTTP/1.1" status: 200 len: 250 time: 0.0590777
2026-02-02 07:47:07.893 16 INFO neutron.wsgi [req-1108bb93-b3e5-43e5-9471-f71dc94d0c60 77433d359a534004883dfe207cd32626 72a1a1061c164c00b2ddbadba7eb6a62 - default default] 192.168.122.99,192.168.122.100 "PUT /v2.0/ports/0b00721f-f426-49be-8ea3-8adb7b43c094/tags HTTP/1.1" status: 200 len: 250 time: 0.0385134
2026-02-02 07:47:07.898 16 DEBUG neutron.wsgi [-] (16) accepted ('192.168.122.100', 42236) server /usr/lib/python3.9/site-packages/eventlet/wsgi.py:992
2026-02-02 07:47:07.900 16 INFO neutron.wsgi [-] 192.168.122.100 "GET /healthcheck HTTP/1.0" status: 200 len: 137 time: 0.0015116
2026-02-02 07:47:07.945 15 DEBUG neutron.scheduler.dhcp_agent_scheduler [req-85c04eb6-21ba-442d-a48b-33fa06c45d43 77433d359a534004883dfe207cd32626 72a1a1061c164c00b2ddbadba7eb6a62 - default default] Network 4fdd82a7-3404-4a86-a169-56812b80dc6a is already hosted by enough agents. _get_dhcp_agents_hosting_network /usr/lib/python3.9/site-packages/neutron/scheduler/dhcp_agent_scheduler.py:275
2026-02-02 07:47:07.949 15 DEBUG neutron.scheduler.base_scheduler [req-85c04eb6-21ba-442d-a48b-33fa06c45d43 77433d359a534004883dfe207cd32626 72a1a1061c164c00b2ddbadba7eb6a62 - default default] Resources bound (agent type, host, resource id): schedule /usr/lib/python3.9/site-packages/neutron/scheduler/base_scheduler.py:57
2026-02-02 07:47:07.957 15 DEBUG neutron.pecan_wsgi.hooks.policy_enforcement [req-85c04eb6-21ba-442d-a48b-33fa06c45d43 77433d359a534004883dfe207cd32626 72a1a1061c164c00b2ddbadba7eb6a62 - default default] Attributes excluded by policy engine: ['standard_attr_id', 'network'] _exclude_attributes_by_policy /usr/lib/python3.9/site-packages/neutron/pecan_wsgi/hooks/policy_enforcement.py:259
2026-02-02 07:47:07.958 15 DEBUG neutron_lib.callbacks.manager [req-85c04eb6-21ba-442d-a48b-33fa06c45d43 77433d359a534004883dfe207cd32626 72a1a1061c164c00b2ddbadba7eb6a62 - default default] Notify callbacks ['neutron.notifiers.nova.Notifier._send_nova_notification-153933', 'neutron.api.rpc.agentnotifiers.dhcp_rpc_agent_api.DhcpAgentNotifyAPI._send_dhcp_notification-4182145'] for port, before_response _notify_loop /usr/lib/python3.9/site-packages/neutron_lib/callbacks/manager.py:200
2026-02-02 07:47:07.968 15 DEBUG neutron.api.rpc.handlers.resources_rpc [req-85c04eb6-21ba-442d-a48b-33fa06c45d43 77433d359a534004883dfe207cd32626 72a1a1061c164c00b2ddbadba7eb6a62 - - -] Pushing event updated for resources: {'Port': ['ID=8091f3e5-9f1b-4726-9b2d-e07b1996fe16,revision_number=1']} push /usr/lib/python3.9/site-packages/neutron/api/rpc/handlers/resources_rpc.py:237
2026-02-02 07:47:07.980 15 DEBUG neutron.api.rpc.callbacks.version_manager [req-85c04eb6-21ba-442d-a48b-33fa06c45d43 77433d359a534004883dfe207cd32626 72a1a1061c164c00b2ddbadba7eb6a62 - - -] Version for resource type AddressGroup changed None to 1.2 on consumer Open vSwitch agent@undercloud.ooo.test _set_version /usr/lib/python3.9/site-packages/neutron/api/rpc/callbacks/version_manager.py:113
2026-02-02 07:47:07.981 15 DEBUG neutron.api.rpc.callbacks.version_manager [req-85c04eb6-21ba-442d-a48b-33fa06c45d43 77433d359a534004883dfe207cd32626 72a1a1061c164c00b2ddbadba7eb6a62 - - -] Version for resource type ConntrackHelper changed None to 1.0 on consumer Open vSwitch agent@undercloud.ooo.test _set_version /usr/lib/python3.9/site-packages/neutron/api/rpc/callbacks/version_manager.py:113
2026-02-02 07:47:07.981 15 DEBUG neutron.api.rpc.callbacks.version_manager [req-85c04eb6-21ba-442d-a48b-33fa06c45d43 77433d359a534004883dfe207cd32626 72a1a1061c164c00b2ddbadba7eb6a62 - - -] Version for resource type Log changed None to 1.0 on consumer Open vSwitch agent@undercloud.ooo.test _set_version /usr/lib/python3.9/site-packages/neutron/api/rpc/callbacks/version_manager.py:113
2026-02-02 07:47:07.981 15 DEBUG neutron.api.rpc.callbacks.version_manager [req-85c04eb6-21ba-442d-a48b-33fa06c45d43 77433d359a534004883dfe207cd32626 72a1a1061c164c00b2ddbadba7eb6a62 - - -] Version for resource type Network changed None to 1.1 on consumer Open vSwitch agent@undercloud.ooo.test _set_version /usr/lib/python3.9/site-packages/neutron/api/rpc/callbacks/version_manager.py:113
2026-02-02 07:47:07.981 15 DEBUG neutron.api.rpc.callbacks.version_manager [req-85c04eb6-21ba-442d-a48b-33fa06c45d43 77433d359a534004883dfe207cd32626 72a1a1061c164c00b2ddbadba7eb6a62 - - -] Version for resource type Port changed None to 1.7 on consumer Open vSwitch agent@undercloud.ooo.test _set_version /usr/lib/python3.9/site-packages/neutron/api/rpc/callbacks/version_manager.py:113
2026-02-02 07:47:07.982 15 DEBUG neutron.api.rpc.callbacks.version_manager [req-85c04eb6-21ba-442d-a48b-33fa06c45d43 77433d359a534004883dfe207cd32626 72a1a1061c164c00b2ddbadba7eb6a62 - - -] Version for resource type PortForwarding changed None to 1.2 on consumer Open vSwitch agent@undercloud.ooo.test _set_version /usr/lib/python3.9/site-packages/neutron/api/rpc/callbacks/version_manager.py:113
2026-02-02 07:47:07.982 15 DEBUG neutron.api.rpc.callbacks.version_manager [req-85c04eb6-21ba-442d-a48b-33fa06c45d43 77433d359a534004883dfe207cd32626 72a1a1061c164c00b2ddbadba7eb6a62 - - -] Version for resource type QosPolicy changed None to 1.8 on consumer Open vSwitch agent@undercloud.ooo.test _set_version /usr/lib/python3.9/site-packages/neutron/api/rpc/callbacks/version_manager.py:113
2026-02-02 07:47:07.982 15 DEBUG neutron.api.rpc.callbacks.version_manager [req-85c04eb6-21ba-442d-a48b-33fa06c45d43 77433d359a534004883dfe207cd32626 72a1a1061c164c00b2ddbadba7eb6a62 - - -] Version for resource type SecurityGroup changed None to 1.5 on consumer Open vSwitch agent@undercloud.ooo.test _set_version /usr/lib/python3.9/site-packages/neutron/api/rpc/callbacks/version_manager.py:113
2026-02-02 07:47:07.982 15 DEBUG neutron.api.rpc.callbacks.version_manager [req-85c04eb6-21ba-442d-a48b-33fa06c45d43 77433d359a534004883dfe207cd32626 72a1a1061c164c00b2ddbadba7eb6a62 - - -] Version for resource type SecurityGroupRule changed None to 1.2 on consumer Open vSwitch agent@undercloud.ooo.test _set_version /usr/lib/python3.9/site-packages/neutron/api/rpc/callbacks/version_manager.py:113
2026-02-02 07:47:07.982 15 DEBUG neutron.api.rpc.callbacks.version_manager [req-85c04eb6-21ba-442d-a48b-33fa06c45d43 77433d359a534004883dfe207cd32626 72a1a1061c164c00b2ddbadba7eb6a62 - - -] Version for resource type SubPort changed None to 1.0 on consumer Open vSwitch agent@undercloud.ooo.test _set_version /usr/lib/python3.9/site-packages/neutron/api/rpc/callbacks/version_manager.py:113
2026-02-02 07:47:07.983 15 DEBUG neutron.api.rpc.callbacks.version_manager [req-85c04eb6-21ba-442d-a48b-33fa06c45d43 77433d359a534004883dfe207cd32626 72a1a1061c164c00b2ddbadba7eb6a62 - - -] Version for resource type Subnet changed None to 1.1 on consumer Open vSwitch agent@undercloud.ooo.test _set_version /usr/lib/python3.9/site-packages/neutron/api/rpc/callbacks/version_manager.py:113
2026-02-02 07:47:07.983 15 DEBUG neutron.api.rpc.callbacks.version_manager [req-85c04eb6-21ba-442d-a48b-33fa06c45d43 77433d359a534004883dfe207cd32626 72a1a1061c164c00b2ddbadba7eb6a62 - - -] Version for resource type Trunk changed None to 1.1 on consumer Open vSwitch agent@undercloud.ooo.test _set_version /usr/lib/python3.9/site-packages/neutron/api/rpc/callbacks/version_manager.py:113
2026-02-02 07:47:07.989 15 INFO neutron.wsgi [req-85c04eb6-21ba-442d-a48b-33fa06c45d43 77433d359a534004883dfe207cd32626 72a1a1061c164c00b2ddbadba7eb6a62 - default default] 192.168.122.99,192.168.122.100 "POST /v2.0/ports HTTP/1.1" status: 201 len: 1016 time: 0.4122915
2026-02-02 07:47:08.001 15 DEBUG neutron.services.tag.tag_plugin [req-3dc45ecf-1cbf-407d-820f-fd0eed6e655e 77433d359a534004883dfe207cd32626 72a1a1061c164c00b2ddbadba7eb6a62 - default default] neutron.services.tag.tag_plugin.TagPlugin method update_tags called with arguments (, 'ports', '8091f3e5-9f1b-4726-9b2d-e07b1996fe16', {'tags': ['tripleo_stack_name=overcloud', 'tripleo_ovn_physnet=datacentre']}) {} wrapper /usr/lib/python3.9/site-packages/oslo_log/helpers.py:65
2026-02-02 07:47:08.046 15 INFO neutron.wsgi [req-3dc45ecf-1cbf-407d-820f-fd0eed6e655e 77433d359a534004883dfe207cd32626 72a1a1061c164c00b2ddbadba7eb6a62 - default default] 192.168.122.99,192.168.122.100 "PUT /v2.0/ports/8091f3e5-9f1b-4726-9b2d-e07b1996fe16/tags HTTP/1.1" status: 200 len: 250 time: 0.0487123
2026-02-02 07:47:08.121 15 DEBUG neutron.pecan_wsgi.hooks.policy_enforcement [req-bf7b9c67-91cc-474a-9604-9113478ecdf1 77433d359a534004883dfe207cd32626 72a1a1061c164c00b2ddbadba7eb6a62 - default default] Attributes excluded by policy engine: ['standard_attr_id'] _exclude_attributes_by_policy /usr/lib/python3.9/site-packages/neutron/pecan_wsgi/hooks/policy_enforcement.py:259
2026-02-02 07:47:08.122 15 DEBUG neutron.pecan_wsgi.hooks.policy_enforcement [req-bf7b9c67-91cc-474a-9604-9113478ecdf1 77433d359a534004883dfe207cd32626 72a1a1061c164c00b2ddbadba7eb6a62 - default default] Attributes excluded by policy engine: ['standard_attr_id'] _exclude_attributes_by_policy /usr/lib/python3.9/site-packages/neutron/pecan_wsgi/hooks/policy_enforcement.py:259
2026-02-02 07:47:08.122 15 DEBUG neutron.pecan_wsgi.hooks.policy_enforcement [req-bf7b9c67-91cc-474a-9604-9113478ecdf1 77433d359a534004883dfe207cd32626 72a1a1061c164c00b2ddbadba7eb6a62 - default default] Attributes excluded by policy engine: ['standard_attr_id'] _exclude_attributes_by_policy /usr/lib/python3.9/site-packages/neutron/pecan_wsgi/hooks/policy_enforcement.py:259
2026-02-02 07:47:08.122 15 DEBUG neutron.pecan_wsgi.hooks.policy_enforcement [req-bf7b9c67-91cc-474a-9604-9113478ecdf1 77433d359a534004883dfe207cd32626 72a1a1061c164c00b2ddbadba7eb6a62 - default default] Attributes excluded by policy engine: ['standard_attr_id'] _exclude_attributes_by_policy /usr/lib/python3.9/site-packages/neutron/pecan_wsgi/hooks/policy_enforcement.py:259
2026-02-02 07:47:08.122 15 DEBUG neutron.pecan_wsgi.hooks.policy_enforcement [req-bf7b9c67-91cc-474a-9604-9113478ecdf1 77433d359a534004883dfe207cd32626 72a1a1061c164c00b2ddbadba7eb6a62 - default default] Attributes excluded by policy engine: ['standard_attr_id'] _exclude_attributes_by_policy /usr/lib/python3.9/site-packages/neutron/pecan_wsgi/hooks/policy_enforcement.py:259
2026-02-02 07:47:08.123 15 DEBUG neutron.pecan_wsgi.hooks.policy_enforcement [req-bf7b9c67-91cc-474a-9604-9113478ecdf1 77433d359a534004883dfe207cd32626 72a1a1061c164c00b2ddbadba7eb6a62 - default default] Attributes excluded by policy engine: ['standard_attr_id'] _exclude_attributes_by_policy /usr/lib/python3.9/site-packages/neutron/pecan_wsgi/hooks/policy_enforcement.py:259
2026-02-02 07:47:08.124 15 INFO neutron.wsgi [req-bf7b9c67-91cc-474a-9604-9113478ecdf1 77433d359a534004883dfe207cd32626 72a1a1061c164c00b2ddbadba7eb6a62 - default default] 192.168.122.99,192.168.122.100 "GET /v2.0/ports?network_id=4fdd82a7-3404-4a86-a169-56812b80dc6a&tags=tripleo_stack_name%3Dovercloud HTTP/1.1" status: 200 len: 5533 time: 0.0707135
2026-02-02 07:47:08.165 15 DEBUG neutron.plugins.ml2.plugin [req-090f9d62-9c7c-47b5-9537-55351c7301f5 77433d359a534004883dfe207cd32626 72a1a1061c164c00b2ddbadba7eb6a62 - default default] Deleting port 0af044d4-15e1-4552-a432-9b35f868ac1c _pre_delete_port /usr/lib/python3.9/site-packages/neutron/plugins/ml2/plugin.py:2025
2026-02-02 07:47:08.165 15 DEBUG neutron_lib.callbacks.manager [req-090f9d62-9c7c-47b5-9537-55351c7301f5 77433d359a534004883dfe207cd32626 72a1a1061c164c00b2ddbadba7eb6a62 - default default] Notify callbacks ['neutron.plugins.ml2.extensions.dns_integration._delete_port_in_external_dns_service-8743733570425', 'neutron.db.l3_db.L3_NAT_dbonly_mixin._prevent_l3_port_delete_callback-8743733635112'] for port, before_delete _notify_loop /usr/lib/python3.9/site-packages/neutron_lib/callbacks/manager.py:200
2026-02-02 07:47:08.254 15 DEBUG neutron_lib.callbacks.manager [req-090f9d62-9c7c-47b5-9537-55351c7301f5 77433d359a534004883dfe207cd32626 72a1a1061c164c00b2ddbadba7eb6a62 - default default] Notify callbacks ['neutron.services.l3_router.l3_router_plugin.L3_NAT_dbonly_mixin._precommit_delete_port_callback-3789721'] for port, precommit_delete _notify_loop /usr/lib/python3.9/site-packages/neutron_lib/callbacks/manager.py:200
2026-02-02 07:47:08.264 15 DEBUG neutron.plugins.ml2.plugin [req-090f9d62-9c7c-47b5-9537-55351c7301f5 77433d359a534004883dfe207cd32626 72a1a1061c164c00b2ddbadba7eb6a62 - default default] Calling delete_port for 0af044d4-15e1-4552-a432-9b35f868ac1c owned by delete_port /usr/lib/python3.9/site-packages/neutron/plugins/ml2/plugin.py:2097
2026-02-02 07:47:08.344 15 DEBUG neutron_lib.callbacks.manager [req-090f9d62-9c7c-47b5-9537-55351c7301f5 77433d359a534004883dfe207cd32626 72a1a1061c164c00b2ddbadba7eb6a62 - default default] Notify callbacks ['neutron.plugins.ml2.plugin.SecurityGroupServerNotifierRpcMixin.notify_sg_on_port_change-587677', 'neutron.plugins.ml2.ovo_rpc._ObjectChangeHandler.handle_event-249257', 'neutron.api.rpc.agentnotifiers.dhcp_rpc_agent_api.DhcpAgentNotifyAPI._native_event_send_dhcp_notification-4182263', 'neutron.db.l3_db.L3RpcNotifierMixin._notify_routers_callback-8743733640852', 'neutron.services.segments.plugin.NovaSegmentNotifier._notify_port_created_or_deleted-3747551'] for port, after_delete _notify_loop /usr/lib/python3.9/site-packages/neutron_lib/callbacks/manager.py:200
2026-02-02 07:47:08.370 15 DEBUG neutron.api.rpc.handlers.resources_rpc [req-090f9d62-9c7c-47b5-9537-55351c7301f5 77433d359a534004883dfe207cd32626 72a1a1061c164c00b2ddbadba7eb6a62 - - -] Pushing event deleted for resources: {'Port': ['ID=0af044d4-15e1-4552-a432-9b35f868ac1c,revision_number=None']} push /usr/lib/python3.9/site-packages/neutron/api/rpc/handlers/resources_rpc.py:237
2026-02-02 07:47:08.388 15 DEBUG neutron_lib.callbacks.manager [req-090f9d62-9c7c-47b5-9537-55351c7301f5 77433d359a534004883dfe207cd32626 72a1a1061c164c00b2ddbadba7eb6a62 - default default] Notify callbacks ['neutron.notifiers.nova.Notifier._send_nova_notification-153933', 'neutron.api.rpc.agentnotifiers.dhcp_rpc_agent_api.DhcpAgentNotifyAPI._send_dhcp_notification-4182145'] for port, before_response _notify_loop /usr/lib/python3.9/site-packages/neutron_lib/callbacks/manager.py:200
2026-02-02 07:47:08.390 15 INFO neutron.wsgi [req-090f9d62-9c7c-47b5-9537-55351c7301f5 77433d359a534004883dfe207cd32626 72a1a1061c164c00b2ddbadba7eb6a62 - default default] 192.168.122.99,192.168.122.100 "DELETE /v2.0/ports/0af044d4-15e1-4552-a432-9b35f868ac1c HTTP/1.1" status: 204 len: 149 time: 0.2588789
2026-02-02 07:47:08.425 15 DEBUG neutron.plugins.ml2.plugin [req-d34e3e73-0508-47e5-98ff-5e57dd3c9505 77433d359a534004883dfe207cd32626 72a1a1061c164c00b2ddbadba7eb6a62 - default default] Deleting port 5d1a4006-e15e-40f4-a2c3-1406a0f972ae _pre_delete_port /usr/lib/python3.9/site-packages/neutron/plugins/ml2/plugin.py:2025
2026-02-02 07:47:08.425 15 DEBUG neutron_lib.callbacks.manager [req-d34e3e73-0508-47e5-98ff-5e57dd3c9505 77433d359a534004883dfe207cd32626 72a1a1061c164c00b2ddbadba7eb6a62 - default default] Notify callbacks ['neutron.plugins.ml2.extensions.dns_integration._delete_port_in_external_dns_service-8743733570425', 'neutron.db.l3_db.L3_NAT_dbonly_mixin._prevent_l3_port_delete_callback-8743733635112'] for port, before_delete _notify_loop /usr/lib/python3.9/site-packages/neutron_lib/callbacks/manager.py:200
2026-02-02 07:47:08.574 15 DEBUG neutron_lib.callbacks.manager [req-d34e3e73-0508-47e5-98ff-5e57dd3c9505 77433d359a534004883dfe207cd32626 72a1a1061c164c00b2ddbadba7eb6a62 - default default] Notify callbacks ['neutron.services.l3_router.l3_router_plugin.L3_NAT_dbonly_mixin._precommit_delete_port_callback-3789721'] for port, precommit_delete _notify_loop /usr/lib/python3.9/site-packages/neutron_lib/callbacks/manager.py:200
2026-02-02 07:47:08.586 15 DEBUG neutron.plugins.ml2.plugin [req-d34e3e73-0508-47e5-98ff-5e57dd3c9505 77433d359a534004883dfe207cd32626 72a1a1061c164c00b2ddbadba7eb6a62 - default default] Calling delete_port for 5d1a4006-e15e-40f4-a2c3-1406a0f972ae owned by delete_port /usr/lib/python3.9/site-packages/neutron/plugins/ml2/plugin.py:2097
2026-02-02 07:47:08.635 15 DEBUG neutron_lib.callbacks.manager [req-d34e3e73-0508-47e5-98ff-5e57dd3c9505 77433d359a534004883dfe207cd32626 72a1a1061c164c00b2ddbadba7eb6a62 - default default] Notify callbacks ['neutron.plugins.ml2.plugin.SecurityGroupServerNotifierRpcMixin.notify_sg_on_port_change-587677', 'neutron.plugins.ml2.ovo_rpc._ObjectChangeHandler.handle_event-249257', 'neutron.api.rpc.agentnotifiers.dhcp_rpc_agent_api.DhcpAgentNotifyAPI._native_event_send_dhcp_notification-4182263', 'neutron.db.l3_db.L3RpcNotifierMixin._notify_routers_callback-8743733640852', 'neutron.services.segments.plugin.NovaSegmentNotifier._notify_port_created_or_deleted-3747551'] for port, after_delete _notify_loop /usr/lib/python3.9/site-packages/neutron_lib/callbacks/manager.py:200
2026-02-02 07:47:08.663 15 DEBUG neutron.api.rpc.handlers.resources_rpc [req-d34e3e73-0508-47e5-98ff-5e57dd3c9505 77433d359a534004883dfe207cd32626 72a1a1061c164c00b2ddbadba7eb6a62 - - -] Pushing event deleted for resources: {'Port': ['ID=5d1a4006-e15e-40f4-a2c3-1406a0f972ae,revision_number=None']} push /usr/lib/python3.9/site-packages/neutron/api/rpc/handlers/resources_rpc.py:237
2026-02-02 07:47:08.667 15 DEBUG neutron_lib.callbacks.manager [req-d34e3e73-0508-47e5-98ff-5e57dd3c9505 77433d359a534004883dfe207cd32626 72a1a1061c164c00b2ddbadba7eb6a62 - default default] Notify callbacks ['neutron.notifiers.nova.Notifier._send_nova_notification-153933', 'neutron.api.rpc.agentnotifiers.dhcp_rpc_agent_api.DhcpAgentNotifyAPI._send_dhcp_notification-4182145'] for port, before_response _notify_loop /usr/lib/python3.9/site-packages/neutron_lib/callbacks/manager.py:200
2026-02-02 07:47:08.668 15 INFO neutron.wsgi [req-d34e3e73-0508-47e5-98ff-5e57dd3c9505 77433d359a534004883dfe207cd32626 72a1a1061c164c00b2ddbadba7eb6a62 - default default] 192.168.122.99,192.168.122.100 "DELETE /v2.0/ports/5d1a4006-e15e-40f4-a2c3-1406a0f972ae HTTP/1.1" status: 204 len: 149 time: 0.2734625
2026-02-02 07:47:08.714 15 DEBUG neutron.plugins.ml2.plugin [req-f63c778e-244a-4209-bc0b-50b7dd1c1891 77433d359a534004883dfe207cd32626 72a1a1061c164c00b2ddbadba7eb6a62 - default default] Deleting port c76ae5de-9e8c-466a-ab78-478308244e42 _pre_delete_port /usr/lib/python3.9/site-packages/neutron/plugins/ml2/plugin.py:2025
2026-02-02 07:47:08.714 15 DEBUG neutron_lib.callbacks.manager [req-f63c778e-244a-4209-bc0b-50b7dd1c1891 77433d359a534004883dfe207cd32626 72a1a1061c164c00b2ddbadba7eb6a62 - default default] Notify callbacks ['neutron.plugins.ml2.extensions.dns_integration._delete_port_in_external_dns_service-8743733570425', 'neutron.db.l3_db.L3_NAT_dbonly_mixin._prevent_l3_port_delete_callback-8743733635112'] for port, before_delete _notify_loop /usr/lib/python3.9/site-packages/neutron_lib/callbacks/manager.py:200
2026-02-02 07:47:08.806 15 DEBUG neutron_lib.callbacks.manager [req-f63c778e-244a-4209-bc0b-50b7dd1c1891 77433d359a534004883dfe207cd32626 72a1a1061c164c00b2ddbadba7eb6a62 - default default] Notify callbacks ['neutron.services.l3_router.l3_router_plugin.L3_NAT_dbonly_mixin._precommit_delete_port_callback-3789721'] for port, precommit_delete _notify_loop /usr/lib/python3.9/site-packages/neutron_lib/callbacks/manager.py:200
2026-02-02 07:47:08.815 15 DEBUG neutron.plugins.ml2.plugin [req-f63c778e-244a-4209-bc0b-50b7dd1c1891 77433d359a534004883dfe207cd32626 72a1a1061c164c00b2ddbadba7eb6a62 - default default] Calling delete_port for c76ae5de-9e8c-466a-ab78-478308244e42 owned by delete_port /usr/lib/python3.9/site-packages/neutron/plugins/ml2/plugin.py:2097
2026-02-02 07:47:08.869 15 DEBUG neutron_lib.callbacks.manager [req-f63c778e-244a-4209-bc0b-50b7dd1c1891 77433d359a534004883dfe207cd32626 72a1a1061c164c00b2ddbadba7eb6a62 - default default] Notify callbacks ['neutron.plugins.ml2.plugin.SecurityGroupServerNotifierRpcMixin.notify_sg_on_port_change-587677', 'neutron.plugins.ml2.ovo_rpc._ObjectChangeHandler.handle_event-249257', 'neutron.api.rpc.agentnotifiers.dhcp_rpc_agent_api.DhcpAgentNotifyAPI._native_event_send_dhcp_notification-4182263', 'neutron.db.l3_db.L3RpcNotifierMixin._notify_routers_callback-8743733640852', 'neutron.services.segments.plugin.NovaSegmentNotifier._notify_port_created_or_deleted-3747551'] for port, after_delete _notify_loop /usr/lib/python3.9/site-packages/neutron_lib/callbacks/manager.py:200
2026-02-02 07:47:08.902 15 DEBUG neutron.api.rpc.handlers.resources_rpc [req-f63c778e-244a-4209-bc0b-50b7dd1c1891 77433d359a534004883dfe207cd32626 72a1a1061c164c00b2ddbadba7eb6a62 - - -] Pushing event deleted for resources: {'Port': ['ID=c76ae5de-9e8c-466a-ab78-478308244e42,revision_number=None']} push /usr/lib/python3.9/site-packages/neutron/api/rpc/handlers/resources_rpc.py:237
2026-02-02 07:47:08.906 15 DEBUG neutron_lib.callbacks.manager [req-f63c778e-244a-4209-bc0b-50b7dd1c1891 77433d359a534004883dfe207cd32626 72a1a1061c164c00b2ddbadba7eb6a62 - default default] Notify callbacks ['neutron.notifiers.nova.Notifier._send_nova_notification-153933', 'neutron.api.rpc.agentnotifiers.dhcp_rpc_agent_api.DhcpAgentNotifyAPI._send_dhcp_notification-4182145'] for port, before_response _notify_loop /usr/lib/python3.9/site-packages/neutron_lib/callbacks/manager.py:200
2026-02-02 07:47:08.907 15 INFO neutron.wsgi [req-f63c778e-244a-4209-bc0b-50b7dd1c1891 77433d359a534004883dfe207cd32626 72a1a1061c164c00b2ddbadba7eb6a62 - default default] 192.168.122.99,192.168.122.100 "DELETE /v2.0/ports/c76ae5de-9e8c-466a-ab78-478308244e42 HTTP/1.1" status: 204 len: 149 time: 0.2275641
2026-02-02 07:47:08.974 15 DEBUG neutron.pecan_wsgi.hooks.policy_enforcement [req-724733f8-0585-4d99-819a-04d049d05c1c 77433d359a534004883dfe207cd32626 72a1a1061c164c00b2ddbadba7eb6a62 - default default] Attributes excluded by policy engine: ['standard_attr_id'] _exclude_attributes_by_policy /usr/lib/python3.9/site-packages/neutron/pecan_wsgi/hooks/policy_enforcement.py:259
2026-02-02 07:47:08.975 15 DEBUG neutron.pecan_wsgi.hooks.policy_enforcement [req-724733f8-0585-4d99-819a-04d049d05c1c 77433d359a534004883dfe207cd32626 72a1a1061c164c00b2ddbadba7eb6a62 - default default] Attributes excluded by policy engine: ['standard_attr_id'] _exclude_attributes_by_policy /usr/lib/python3.9/site-packages/neutron/pecan_wsgi/hooks/policy_enforcement.py:259
2026-02-02 07:47:08.975 15 DEBUG neutron.pecan_wsgi.hooks.policy_enforcement [req-724733f8-0585-4d99-819a-04d049d05c1c 77433d359a534004883dfe207cd32626 72a1a1061c164c00b2ddbadba7eb6a62 - default default] Attributes excluded by policy engine: ['standard_attr_id'] _exclude_attributes_by_policy /usr/lib/python3.9/site-packages/neutron/pecan_wsgi/hooks/policy_enforcement.py:259
2026-02-02 07:47:08.976 15 INFO neutron.wsgi [req-724733f8-0585-4d99-819a-04d049d05c1c 77433d359a534004883dfe207cd32626 72a1a1061c164c00b2ddbadba7eb6a62 - default default] 192.168.122.99,192.168.122.100 "GET /v2.0/ports?network_id=4fdd82a7-3404-4a86-a169-56812b80dc6a&tags=tripleo_stack_name%3Dovercloud HTTP/1.1" status: 200 len: 2860 time: 0.0629952
2026-02-02 07:47:09.315 18 DEBUG neutron.wsgi [-] (18) accepted ('192.168.122.100', 42246) server /usr/lib/python3.9/site-packages/eventlet/wsgi.py:992
2026-02-02 07:47:09.317 18 INFO neutron.wsgi [-] 192.168.122.100 "GET / HTTP/1.1" status: 200 len: 233 time: 0.0012717
2026-02-02 07:47:09.902 18 DEBUG neutron.wsgi [-] (18) accepted ('192.168.122.100', 42250) server /usr/lib/python3.9/site-packages/eventlet/wsgi.py:992
2026-02-02 07:47:09.906 18 INFO neutron.wsgi [-] 192.168.122.100 "GET /healthcheck HTTP/1.0" status: 200 len: 137 time: 0.0028117
2026-02-02 07:47:11.908 15 DEBUG neutron.wsgi [-] (15) accepted ('192.168.122.100', 42256) server /usr/lib/python3.9/site-packages/eventlet/wsgi.py:992
2026-02-02 07:47:11.912 15 INFO neutron.wsgi [-] 192.168.122.100 "GET /healthcheck HTTP/1.0" status: 200 len: 137 time: 0.0028143
2026-02-02 07:47:13.913 15 DEBUG neutron.wsgi [-] (15) accepted ('192.168.122.100', 41276) server /usr/lib/python3.9/site-packages/eventlet/wsgi.py:992
2026-02-02 07:47:13.917 15 INFO neutron.wsgi [-] 192.168.122.100 "GET /healthcheck HTTP/1.0" status: 200 len: 137 time: 0.0019841
2026-02-02 07:47:15.918 18 DEBUG neutron.wsgi [-] (18) accepted ('192.168.122.100', 41286) server /usr/lib/python3.9/site-packages/eventlet/wsgi.py:992
2026-02-02 07:47:15.920 18 INFO neutron.wsgi [-] 192.168.122.100 "GET /healthcheck HTTP/1.0" status: 200 len: 137 time: 0.0017591
2026-02-02 07:47:17.921 15 DEBUG neutron.wsgi [-] (15) accepted ('192.168.122.100', 41288) server /usr/lib/python3.9/site-packages/eventlet/wsgi.py:992
2026-02-02 07:47:17.924 15 INFO neutron.wsgi [-] 192.168.122.100 "GET /healthcheck HTTP/1.0" status: 200 len: 137 time: 0.0014193
2026-02-02 07:47:19.926 15 DEBUG neutron.wsgi [-] (15) accepted ('192.168.122.100', 41302) server /usr/lib/python3.9/site-packages/eventlet/wsgi.py:992
2026-02-02 07:47:19.930 15 INFO neutron.wsgi [-] 192.168.122.100 "GET /healthcheck HTTP/1.0" status: 200 len: 137 time: 0.0026469
2026-02-02 07:47:21.932 18 DEBUG neutron.wsgi [-] (18) accepted ('192.168.122.100', 41312) server /usr/lib/python3.9/site-packages/eventlet/wsgi.py:992
2026-02-02 07:47:21.936 18 INFO neutron.wsgi [-] 192.168.122.100 "GET /healthcheck HTTP/1.0" status: 200 len: 137 time: 0.0027556
2026-02-02 07:47:23.938 18 DEBUG neutron.wsgi [-] (18) accepted ('192.168.122.100', 42358) server /usr/lib/python3.9/site-packages/eventlet/wsgi.py:992
2026-02-02 07:47:23.940 18 INFO neutron.wsgi [-] 192.168.122.100 "GET /healthcheck HTTP/1.0" status: 200 len: 137 time: 0.0019813
2026-02-02 07:47:25.942 18 DEBUG neutron.wsgi [-] (18) accepted ('192.168.122.100', 42364) server /usr/lib/python3.9/site-packages/eventlet/wsgi.py:992
2026-02-02 07:47:25.944 18 INFO neutron.wsgi [-] 192.168.122.100 "GET /healthcheck HTTP/1.0" status: 200 len: 137 time: 0.0016968
2026-02-02 07:47:27.946 15 DEBUG neutron.wsgi [-] (15) accepted ('192.168.122.100', 42376) server /usr/lib/python3.9/site-packages/eventlet/wsgi.py:992
2026-02-02 07:47:27.949 15 INFO neutron.wsgi [-] 192.168.122.100 "GET /healthcheck HTTP/1.0" status: 200 len: 137 time: 0.0025616
2026-02-02 07:47:29.950 18 DEBUG neutron.wsgi [-] (18) accepted ('192.168.122.100', 42392) server /usr/lib/python3.9/site-packages/eventlet/wsgi.py:992
2026-02-02 07:47:29.954 18 INFO neutron.wsgi [-] 192.168.122.100 "GET /healthcheck HTTP/1.0" status: 200 len: 137 time: 0.0025446
2026-02-02 07:47:31.956 15 DEBUG neutron.wsgi [-] (15) accepted ('192.168.122.100', 42406) server /usr/lib/python3.9/site-packages/eventlet/wsgi.py:992
2026-02-02 07:47:31.960 15 INFO neutron.wsgi [-] 192.168.122.100 "GET /healthcheck HTTP/1.0" status: 200 len: 137 time: 0.0028059
2026-02-02 07:47:33.962 15 DEBUG neutron.wsgi [-] (15) accepted ('192.168.122.100', 39594) server /usr/lib/python3.9/site-packages/eventlet/wsgi.py:992
2026-02-02 07:47:33.966 15 INFO neutron.wsgi [-] 192.168.122.100 "GET /healthcheck HTTP/1.0" status: 200 len: 137 time: 0.0026336
2026-02-02 07:47:35.966 18 DEBUG neutron.wsgi [-] (18) accepted ('192.168.122.100', 39606) server /usr/lib/python3.9/site-packages/eventlet/wsgi.py:992
2026-02-02 07:47:35.970 18 INFO neutron.wsgi [-] 192.168.122.100 "GET /healthcheck HTTP/1.0" status: 200 len: 137 time: 0.0024650
2026-02-02 07:47:37.971 16 DEBUG neutron.wsgi [-] (16) accepted ('192.168.122.100', 39608) server /usr/lib/python3.9/site-packages/eventlet/wsgi.py:992
2026-02-02 07:47:37.975 16 INFO neutron.wsgi [-] 192.168.122.100 "GET /healthcheck HTTP/1.0" status: 200 len: 137 time: 0.0027442
2026-02-02 07:47:39.977 18 DEBUG neutron.wsgi [-] (18) accepted ('192.168.122.100', 39622) server /usr/lib/python3.9/site-packages/eventlet/wsgi.py:992
2026-02-02 07:47:39.980 18 INFO neutron.wsgi [-] 192.168.122.100 "GET /healthcheck HTTP/1.0" status: 200 len: 137 time: 0.0019288
2026-02-02 07:47:40.210 18 DEBUG neutron.wsgi [-] (18) accepted ('192.168.122.100', 39636) server /usr/lib/python3.9/site-packages/eventlet/wsgi.py:992
2026-02-02 07:47:40.214 18 INFO neutron.wsgi [-] 192.168.122.100 "GET / HTTP/1.1" status: 200 len: 233 time: 0.0023782
2026-02-02 07:47:41.982 15 DEBUG neutron.wsgi [-] (15) accepted ('192.168.122.100', 39650) server /usr/lib/python3.9/site-packages/eventlet/wsgi.py:992
2026-02-02 07:47:41.986 15 INFO neutron.wsgi [-] 192.168.122.100 "GET /healthcheck HTTP/1.0" status: 200 len: 137 time: 0.0028608
2026-02-02 07:47:43.988 16 DEBUG neutron.wsgi [-] (16) accepted ('192.168.122.100', 39648) server /usr/lib/python3.9/site-packages/eventlet/wsgi.py:992
2026-02-02 07:47:43.991 16 INFO neutron.wsgi [-] 192.168.122.100 "GET /healthcheck HTTP/1.0" status: 200 len: 137 time: 0.0021420
2026-02-02 07:47:45.993 15 DEBUG neutron.wsgi [-] (15) accepted ('192.168.122.100', 39652) server /usr/lib/python3.9/site-packages/eventlet/wsgi.py:992
2026-02-02 07:47:45.998 15 INFO neutron.wsgi [-] 192.168.122.100 "GET /healthcheck HTTP/1.0" status: 200 len: 137 time: 0.0032573
2026-02-02 07:47:47.999 16 DEBUG neutron.wsgi [-] (16) accepted ('192.168.122.100', 39662) server /usr/lib/python3.9/site-packages/eventlet/wsgi.py:992
2026-02-02 07:47:48.002 16 INFO neutron.wsgi [-] 192.168.122.100 "GET /healthcheck HTTP/1.0" status: 200 len: 137 time: 0.0021172
2026-02-02 07:47:50.004 15 DEBUG neutron.wsgi [-] (15) accepted ('192.168.122.100', 39674) server /usr/lib/python3.9/site-packages/eventlet/wsgi.py:992
2026-02-02 07:47:50.008 15 INFO neutron.wsgi [-] 192.168.122.100 "GET /healthcheck HTTP/1.0" status: 200 len: 137 time: 0.0027831
2026-02-02 07:47:52.010 16 DEBUG neutron.wsgi [-] (16) accepted ('192.168.122.100', 39684) server /usr/lib/python3.9/site-packages/eventlet/wsgi.py:992
2026-02-02 07:47:52.014 16 INFO neutron.wsgi [-] 192.168.122.100 "GET /healthcheck HTTP/1.0" status: 200 len: 137 time: 0.0029492
2026-02-02 07:47:54.016 18 DEBUG neutron.wsgi [-] (18) accepted ('192.168.122.100', 39184) server /usr/lib/python3.9/site-packages/eventlet/wsgi.py:992
2026-02-02 07:47:54.021 18 INFO neutron.wsgi [-] 192.168.122.100 "GET /healthcheck HTTP/1.0" status: 200 len: 137 time: 0.0040388
2026-02-02 07:47:56.023 15 DEBUG neutron.wsgi [-] (15) accepted ('192.168.122.100', 39186) server /usr/lib/python3.9/site-packages/eventlet/wsgi.py:992
2026-02-02 07:47:56.028 15 INFO neutron.wsgi [-] 192.168.122.100 "GET /healthcheck HTTP/1.0" status: 200 len: 137 time: 0.0032058
2026-02-02 07:47:58.029 16 DEBUG neutron.wsgi [-] (16) accepted ('192.168.122.100', 39196) server /usr/lib/python3.9/site-packages/eventlet/wsgi.py:992
2026-02-02 07:47:58.033 16 INFO neutron.wsgi [-] 192.168.122.100 "GET /healthcheck HTTP/1.0" status: 200 len: 137 time: 0.0028157
2026-02-02 07:48:00.034 18 DEBUG neutron.wsgi [-] (18) accepted ('192.168.122.100', 39202) server /usr/lib/python3.9/site-packages/eventlet/wsgi.py:992
2026-02-02 07:48:00.037 18 INFO neutron.wsgi [-] 192.168.122.100 "GET /healthcheck HTTP/1.0" status: 200 len: 137 time: 0.0014896
2026-02-02 07:48:02.039 15 DEBUG neutron.wsgi [-] (15) accepted ('192.168.122.100', 39214) server /usr/lib/python3.9/site-packages/eventlet/wsgi.py:992
2026-02-02 07:48:02.042 15 INFO neutron.wsgi [-] 192.168.122.100 "GET /healthcheck HTTP/1.0" status: 200 len: 137 time: 0.0021179
2026-02-02 07:48:04.044 18 DEBUG neutron.wsgi [-] (18) accepted ('192.168.122.100', 44426) server /usr/lib/python3.9/site-packages/eventlet/wsgi.py:992
2026-02-02 07:48:04.049 18 INFO neutron.wsgi [-] 192.168.122.100 "GET /healthcheck HTTP/1.0" status: 200 len: 137 time: 0.0033836
2026-02-02 07:48:06.051 17 DEBUG neutron.wsgi [-] (17) accepted ('192.168.122.100', 44432) server /usr/lib/python3.9/site-packages/eventlet/wsgi.py:992
2026-02-02 07:48:06.053 17 INFO neutron.wsgi [-] 192.168.122.100 "GET /healthcheck HTTP/1.0" status: 200 len: 137 time: 0.0017009
2026-02-02 07:48:08.055 15 DEBUG neutron.wsgi [-] (15) accepted ('192.168.122.100', 44448) server /usr/lib/python3.9/site-packages/eventlet/wsgi.py:992
2026-02-02 07:48:08.059 15 INFO neutron.wsgi [-] 192.168.122.100 "GET /healthcheck HTTP/1.0" status: 200 len: 137 time: 0.0031040
2026-02-02 07:48:10.061 15 DEBUG neutron.wsgi [-] (15) accepted ('192.168.122.100', 44456) server /usr/lib/python3.9/site-packages/eventlet/wsgi.py:992
2026-02-02 07:48:10.064 15 INFO neutron.wsgi [-] 192.168.122.100 "GET /healthcheck HTTP/1.0" status: 200 len: 137 time: 0.0020826
2026-02-02 07:48:11.387 15 DEBUG neutron.wsgi [-] (15) accepted ('192.168.122.100', 44466) server /usr/lib/python3.9/site-packages/eventlet/wsgi.py:992
2026-02-02 07:48:11.391 15 INFO neutron.wsgi [-] 192.168.122.100 "GET / HTTP/1.1" status: 200 len: 233 time: 0.0020001
2026-02-02 07:48:12.066 15 DEBUG neutron.wsgi [-] (15) accepted ('192.168.122.100', 44482) server /usr/lib/python3.9/site-packages/eventlet/wsgi.py:992
2026-02-02 07:48:12.069 15 INFO neutron.wsgi [-] 192.168.122.100 "GET /healthcheck HTTP/1.0" status: 200 len: 137 time: 0.0022166
2026-02-02 07:48:14.071 15 DEBUG neutron.wsgi [-] (15) accepted ('192.168.122.100', 36718) server /usr/lib/python3.9/site-packages/eventlet/wsgi.py:992
2026-02-02 07:48:14.077 15 INFO neutron.wsgi [-] 192.168.122.100 "GET /healthcheck HTTP/1.0" status: 200 len: 137 time: 0.0038638
2026-02-02 07:48:16.078 16 DEBUG neutron.wsgi [-] (16) accepted ('192.168.122.100', 36720) server /usr/lib/python3.9/site-packages/eventlet/wsgi.py:992
2026-02-02 07:48:16.081 16 INFO neutron.wsgi [-] 192.168.122.100 "GET /healthcheck HTTP/1.0" status: 200 len: 137 time: 0.0018492
2026-02-02 07:48:18.083 17 DEBUG neutron.wsgi [-] (17) accepted ('192.168.122.100', 36726) server /usr/lib/python3.9/site-packages/eventlet/wsgi.py:992
2026-02-02 07:48:18.086 17 INFO neutron.wsgi [-] 192.168.122.100 "GET /healthcheck HTTP/1.0" status: 200 len: 137 time: 0.0024395
2026-02-02 07:48:20.088 17 DEBUG neutron.wsgi [-] (17) accepted ('192.168.122.100', 36740) server /usr/lib/python3.9/site-packages/eventlet/wsgi.py:992
2026-02-02 07:48:20.091 17 INFO neutron.wsgi [-] 192.168.122.100 "GET /healthcheck HTTP/1.0" status: 200 len: 137 time: 0.0018826
2026-02-02 07:48:22.093 18 DEBUG neutron.wsgi [-] (18) accepted ('192.168.122.100', 36744) server /usr/lib/python3.9/site-packages/eventlet/wsgi.py:992
2026-02-02 07:48:22.097 18 INFO neutron.wsgi [-] 192.168.122.100 "GET /healthcheck HTTP/1.0" status: 200 len: 137 time: 0.0035334
2026-02-02 07:48:24.099 17 DEBUG neutron.wsgi [-] (17) accepted ('192.168.122.100', 42678) server /usr/lib/python3.9/site-packages/eventlet/wsgi.py:992
2026-02-02 07:48:24.103 17 INFO neutron.wsgi [-] 192.168.122.100 "GET /healthcheck HTTP/1.0" status: 200 len: 137 time: 0.0025666
2026-02-02 07:48:26.104 16 DEBUG neutron.wsgi [-] (16) accepted ('192.168.122.100', 42694) server /usr/lib/python3.9/site-packages/eventlet/wsgi.py:992
2026-02-02 07:48:26.107 16 INFO neutron.wsgi [-] 192.168.122.100 "GET /healthcheck HTTP/1.0" status: 200 len: 137 time: 0.0013926
2026-02-02 07:48:28.109 15 DEBUG neutron.wsgi [-] (15) accepted ('192.168.122.100', 42700) server /usr/lib/python3.9/site-packages/eventlet/wsgi.py:992
2026-02-02 07:48:28.113 15 INFO neutron.wsgi [-] 192.168.122.100 "GET /healthcheck HTTP/1.0" status: 200 len: 137 time: 0.0026491
2026-02-02 07:48:30.115 15 DEBUG neutron.wsgi [-] (15) accepted ('192.168.122.100', 42708) server /usr/lib/python3.9/site-packages/eventlet/wsgi.py:992
2026-02-02 07:48:30.119 15 INFO neutron.wsgi [-] 192.168.122.100 "GET /healthcheck HTTP/1.0" status: 200 len: 137 time: 0.0029147
2026-02-02 07:48:32.121 15 DEBUG neutron.wsgi [-] (15) accepted ('192.168.122.100', 42724) server /usr/lib/python3.9/site-packages/eventlet/wsgi.py:992
2026-02-02 07:48:32.125 15 INFO neutron.wsgi [-] 192.168.122.100 "GET /healthcheck HTTP/1.0" status: 200 len: 137 time: 0.0027516
2026-02-02 07:48:34.127 16 DEBUG neutron.wsgi [-] (16) accepted ('192.168.122.100', 34472) server /usr/lib/python3.9/site-packages/eventlet/wsgi.py:992
2026-02-02 07:48:34.130 16 INFO neutron.wsgi [-] 192.168.122.100 "GET /healthcheck HTTP/1.0" status: 200 len: 137 time: 0.0025830
2026-02-02 07:48:36.132 17 DEBUG neutron.wsgi [-] (17) accepted ('192.168.122.100', 34484) server /usr/lib/python3.9/site-packages/eventlet/wsgi.py:992
2026-02-02 07:48:36.134 17 INFO neutron.wsgi [-] 192.168.122.100 "GET /healthcheck HTTP/1.0" status: 200 len: 137 time: 0.0013831
2026-02-02 07:48:38.135 16 DEBUG neutron.wsgi [-] (16) accepted ('192.168.122.100', 34494) server /usr/lib/python3.9/site-packages/eventlet/wsgi.py:992
2026-02-02 07:48:38.140 16 INFO neutron.wsgi [-] 192.168.122.100 "GET /healthcheck HTTP/1.0" status: 200 len: 137 time: 0.0030468
2026-02-02 07:48:40.142 17 DEBUG neutron.wsgi [-] (17) accepted ('192.168.122.100', 34508) server /usr/lib/python3.9/site-packages/eventlet/wsgi.py:992
2026-02-02 07:48:40.145 17 INFO neutron.wsgi [-] 192.168.122.100 "GET /healthcheck HTTP/1.0" status: 200 len: 137 time: 0.0023334
