Mar 10 10:48:21 standalone account-server[127563]: Starting 2
Mar 10 10:48:21 standalone container-server[127741]: Option allow_versions is deprecated. Configure the versioned_writes middleware in the proxy-server instead. This option will be ignored in a future release.
Mar 10 10:48:21 standalone container-server[127923]: Option allow_versions is deprecated. Configure the versioned_writes middleware in the proxy-server instead. This option will be ignored in a future release.
Mar 10 10:48:21 standalone container-server[127741]: Started child 20 from parent 2
Mar 10 10:48:21 standalone container-server[127926]: Option allow_versions is deprecated. Configure the versioned_writes middleware in the proxy-server instead. This option will be ignored in a future release.
Mar 10 10:48:21 standalone container-server[127741]: Started child 21 from parent 2
Mar 10 10:48:21 standalone container-server[127939]: Option allow_versions is deprecated. Configure the versioned_writes middleware in the proxy-server instead. This option will be ignored in a future release.
Mar 10 10:48:21 standalone container-server[127741]: Started child 22 from parent 2
Mar 10 10:48:21 standalone container-server[127951]: Option allow_versions is deprecated. Configure the versioned_writes middleware in the proxy-server instead. This option will be ignored in a future release.
Mar 10 10:48:21 standalone container-server[127741]: Started child 23 from parent 2
Mar 10 10:48:21 standalone account-server[127722]: Started child 14 from parent 2
Mar 10 10:48:21 standalone account-server[127722]: Started child 15 from parent 2
Mar 10 10:48:21 standalone account-server[127722]: Started child 16 from parent 2
Mar 10 10:48:21 standalone account-server[127722]: Started child 17 from parent 2
Mar 10 10:48:22 standalone container-server[127889]: Starting 2
Mar 10 10:48:22 standalone object-expirer[127919]: Starting 2
Mar 10 10:48:22 standalone object-expirer[127919]: Option auto_create_account_prefix is deprecated. Configure auto_create_account_prefix under the swift-constraints section of swift.conf. This option will be ignored in a future release.
Mar 10 10:48:22 standalone object-server[128086]: Starting 2
Mar 10 10:48:22 standalone object-server[128090]: Started child 22 from parent 2
Mar 10 10:48:22 standalone object-server[128090]: Started child 23 from parent 2
Mar 10 10:48:22 standalone object-server[128090]: Started child 24 from parent 2
Mar 10 10:48:22 standalone object-server[128090]: Started child 25 from parent 2
Mar 10 10:48:29 standalone proxy-server[129770]: Starting Keystone auth_token middleware
Mar 10 10:48:29 standalone proxy-server[129770]: AuthToken middleware is set with keystone_authtoken.service_token_roles_required set to False. This is backwards compatible but deprecated behaviour. Please set this to True.
Mar 10 10:48:29 standalone proxy-server[130184]: Starting Keystone auth_token middleware
Mar 10 10:48:29 standalone proxy-server[130184]: STDERR: The option "bind_port" is not known to keystonemiddleware
Mar 10 10:48:29 standalone proxy-server[130184]: STDERR: The option "workers" is not known to keystonemiddleware
Mar 10 10:48:29 standalone proxy-server[130184]: STDERR: The option "user" is not known to keystonemiddleware
Mar 10 10:48:29 standalone proxy-server[130184]: STDERR: The option "bind_ip" is not known to keystonemiddleware
Mar 10 10:48:29 standalone proxy-server[130184]: STDERR: The option "log_name" is not known to keystonemiddleware
Mar 10 10:48:29 standalone proxy-server[130184]: STDERR: The option "log_facility" is not known to keystonemiddleware
Mar 10 10:48:29 standalone proxy-server[130184]: STDERR: The option "log_level" is not known to keystonemiddleware
Mar 10 10:48:29 standalone proxy-server[130184]: STDERR: The option "log_headers" is not known to keystonemiddleware
Mar 10 10:48:29 standalone proxy-server[130184]: STDERR: The option "log_address" is not known to keystonemiddleware
Mar 10 10:48:29 standalone proxy-server[130184]: STDERR: The option "project_name" is not known to keystonemiddleware
Mar 10 10:48:29 standalone proxy-server[130184]: STDERR: The option "username" is not known to keystonemiddleware
Mar 10 10:48:29 standalone proxy-server[130184]: STDERR: The option "password" is not known to keystonemiddleware
Mar 10 10:48:29 standalone proxy-server[130184]: STDERR: The option "auth_url" is not known to keystonemiddleware
Mar 10 10:48:29 standalone proxy-server[130184]: STDERR: The option "signing_dir" is not known to keystonemiddleware
Mar 10 10:48:29 standalone proxy-server[130184]: STDERR: The option "project_domain_id" is not known to keystonemiddleware
Mar 10 10:48:29 standalone proxy-server[130184]: STDERR: The option "user_domain_id" is not known to keystonemiddleware
Mar 10 10:48:29 standalone proxy-server[130184]: STDERR: The option "__name__" is not known to keystonemiddleware
Mar 10 10:48:29 standalone proxy-server[130184]: AuthToken middleware is set with keystone_authtoken.service_token_roles_required set to False. This is backwards compatible but deprecated behaviour. Please set this to True.
Mar 10 10:48:29 standalone proxy-server[129770]: Started child 20 from parent 2
Mar 10 10:49:27 standalone container-server[127889]: Begin container update sweep
Mar 10 10:49:27 standalone container-server[127889]: Container update sweep completed: 0.00s
Mar 10 10:49:59 standalone object-server[128086]: Begin object update sweep
Mar 10 10:49:59 standalone object-server[140606]: Object update sweep starting on /srv/node/d1 (pid: 11)
Mar 10 10:49:59 standalone object-server[140606]: Object update sweep completed on /srv/node/d1 in 0.00s seconds:, 0 successes, 0 failures, 0 quarantines, 0 unlinks, 0 errors, 0 redirects (pid: 11)
Mar 10 10:49:59 standalone object-server[140606]: Object update sweep of d1 completed: 0.00s, 0 successes, 0 failures, 0 quarantines, 0 unlinks, 0 errors, 0 redirects
Mar 10 10:49:59 standalone object-server[128086]: Object update sweep completed: 0.07s
Mar 10 10:51:04 standalone account-server[127968]: 172.20.0.100 - - [10/Mar/2026:10:51:04 +0000] "HEAD /d1/289/.expiring_objects" 404 - "HEAD http://localhost/v1/.expiring_objects?format=json" "tx6c87f68153a04b8783e72-0069aff798" "proxy-server 2" 0.0011 "-" 16 -
Mar 10 10:51:04 standalone object-expirer[127919]: Pass completed in 0s; 0 objects expired (txn: tx6c87f68153a04b8783e72-0069aff798)
Mar 10 10:51:42 standalone account-server[127986]: 172.20.0.100 - - [10/Mar/2026:10:51:42 +0000] "HEAD /d1/289/.expiring_objects" 404 - "HEAD http://localhost/v1/.expiring_objects?format=json" "txb6741f0d53b645d1b65b5-0069aff7be" "proxy-server 2" 0.0010 "-" 17 -
Mar 10 10:51:42 standalone object-expirer[127919]: Pass completed in 0s; 0 objects expired (txn: txb6741f0d53b645d1b65b5-0069aff7be)
Mar 10 10:53:41 standalone account-server[127962]: 172.20.0.100 - - [10/Mar/2026:10:53:41 +0000] "HEAD /d1/289/.expiring_objects" 404 - "HEAD http://localhost/v1/.expiring_objects?format=json" "txb414b4c1a00a41f2a1335-0069aff835" "proxy-server 2" 0.0013 "-" 14 -
Mar 10 10:53:41 standalone object-expirer[127919]: Pass completed in 0s; 0 objects expired (txn: txb414b4c1a00a41f2a1335-0069aff835)
Mar 10 10:53:59 standalone account-server[127964]: 172.20.0.100 - - [10/Mar/2026:10:53:59 +0000] "HEAD /d1/289/.expiring_objects" 404 - "HEAD http://localhost/v1/.expiring_objects?format=json" "txcd19ecb4b3f04d7f8173a-0069aff847" "proxy-server 2" 0.0012 "-" 15 -
Mar 10 10:53:59 standalone object-expirer[127919]: Pass completed in 0s; 0 objects expired (txn: txcd19ecb4b3f04d7f8173a-0069aff847)
Mar 10 10:54:27 standalone container-server[127889]: Begin container update sweep
Mar 10 10:54:27 standalone container-server[127889]: Container update sweep completed: 0.00s
Mar 10 10:54:59 standalone object-server[128086]: Begin object update sweep
Mar 10 10:54:59 standalone object-server[178032]: Object update sweep starting on /srv/node/d1 (pid: 13)
Mar 10 10:54:59 standalone object-server[178032]: Object update sweep completed on /srv/node/d1 in 0.00s seconds:, 0 successes, 0 failures, 0 quarantines, 0 unlinks, 0 errors, 0 redirects (pid: 13)
Mar 10 10:54:59 standalone object-server[178032]: Object update sweep of d1 completed: 0.00s, 0 successes, 0 failures, 0 quarantines, 0 unlinks, 0 errors, 0 redirects
Mar 10 10:54:59 standalone object-server[128086]: Object update sweep completed: 0.05s
Mar 10 10:56:00 standalone account-server[127986]: 172.20.0.100 - - [10/Mar/2026:10:56:00 +0000] "HEAD /d1/289/.expiring_objects" 404 - "HEAD http://localhost/v1/.expiring_objects?format=json" "tx878980812ff1415d87cbc-0069aff8c0" "proxy-server 2" 0.0005 "-" 17 -
Mar 10 10:56:00 standalone object-expirer[127919]: Pass completed in 0s; 0 objects expired (txn: tx878980812ff1415d87cbc-0069aff8c0)
Mar 10 10:59:28 standalone container-server[127889]: Begin container update sweep
Mar 10 10:59:28 standalone container-server[127889]: Container update sweep completed: 0.00s
Mar 10 10:59:59 standalone object-server[128086]: Begin object update sweep
Mar 10 10:59:59 standalone object-server[216962]: Object update sweep starting on /srv/node/d1 (pid: 14)
Mar 10 10:59:59 standalone object-server[216962]: Object update sweep completed on /srv/node/d1 in 0.00s seconds:, 0 successes, 0 failures, 0 quarantines, 0 unlinks, 0 errors, 0 redirects (pid: 14)
Mar 10 10:59:59 standalone object-server[216962]: Object update sweep of d1 completed: 0.00s, 0 successes, 0 failures, 0 quarantines, 0 unlinks, 0 errors, 0 redirects
Mar 10 10:59:59 standalone object-server[128086]: Object update sweep completed: 0.08s
Mar 10 11:00:19 standalone account-server[127964]: 172.20.0.100 - - [10/Mar/2026:11:00:19 +0000] "HEAD /d1/783/AUTH_894cd03fe1784539ac082e86e3f12d55" 404 - "HEAD http://172.18.0.2:8080/v1/AUTH_894cd03fe1784539ac082e86e3f12d55?format=json" "tx8afbd5a9aa564710ac9d0-0069aff9c3" "proxy-server 20" 0.0003 "-" 15 -
Mar 10 11:00:19 standalone proxy-server[130184]: - - 10/Mar/2026/11/00/19 HEAD /v1/AUTH_894cd03fe1784539ac082e86e3f12d55%3Fformat%3Djson HTTP/1.0 200 - Swift - - - - tx8afbd5a9aa564710ac9d0-0069aff9c3 - 0.0045 RL - 1773140419.343857050 1773140419.348311663 -
Mar 10 11:00:19 standalone object-server[128308]: 172.20.0.100 - - [10/Mar/2026:11:00:19 +0000] "GET /d1/231/AUTH_894cd03fe1784539ac082e86e3f12d55/gnocchi.78d28610-e692-4cb1-a520-636fae9640cb/none_v3" 404 70 "GET http://172.18.0.2:8080/v1/AUTH_894cd03fe1784539ac082e86e3f12d55/gnocchi.78d28610-e692-4cb1-a520-636fae9640cb/none_v3" "tx8afbd5a9aa564710ac9d0-0069aff9c3" "proxy-server 20" 0.0010 "-" 24 0
Mar 10 11:00:19 standalone proxy-server[130184]: 172.18.0.2 172.18.0.100 10/Mar/2026/11/00/19 GET /v1/AUTH_894cd03fe1784539ac082e86e3f12d55/gnocchi.78d28610-e692-4cb1-a520-636fae9640cb/none_v3 HTTP/1.0 404 - python-swiftclient-3.11.1 gAAAAABpr_nDnkB_... - 70 - tx8afbd5a9aa564710ac9d0-0069aff9c3 - 0.4270 - - 1773140419.341210604 1773140419.768179417 0
Mar 10 11:00:19 standalone account-server[127986]: 172.20.0.100 - - [10/Mar/2026:11:00:19 +0000] "PUT /d1/783/AUTH_894cd03fe1784539ac082e86e3f12d55" 201 - "-" "tx3bc0b9dc1d2c4cdda77fc-0069aff9c3" "-" 0.0142 "-" 17 -
Mar 10 11:00:19 standalone proxy-server[130184]: autocreate account '/AUTH_894cd03fe1784539ac082e86e3f12d55' (txn: tx3bc0b9dc1d2c4cdda77fc-0069aff9c3)
Mar 10 11:00:19 standalone account-server[127962]: 172.20.0.100 - - [10/Mar/2026:11:00:19 +0000] "HEAD /d1/783/AUTH_894cd03fe1784539ac082e86e3f12d55" 204 - "HEAD http://172.18.0.2:8080/v1/AUTH_894cd03fe1784539ac082e86e3f12d55?format=json" "tx3bc0b9dc1d2c4cdda77fc-0069aff9c3" "proxy-server 20" 0.0015 "-" 14 -
Mar 10 11:00:19 standalone account-server[127986]: 172.20.0.100 - - [10/Mar/2026:11:00:19 +0000] "PUT /d1/783/AUTH_894cd03fe1784539ac082e86e3f12d55/gnocchi.78d28610-e692-4cb1-a520-636fae9640cb" 201 - "PUT http://172.20.0.100:6001/d1/1022/AUTH_894cd03fe1784539ac082e86e3f12d55/gnocchi.78d28610-e692-4cb1-a520-636fae9640cb" "tx3bc0b9dc1d2c4cdda77fc-0069aff9c3" "container-server 20" 0.0019 "-" 17 0
Mar 10 11:00:19 standalone container-server[127923]: 172.20.0.100 - - [10/Mar/2026:11:00:19 +0000] "PUT /d1/1022/AUTH_894cd03fe1784539ac082e86e3f12d55/gnocchi.78d28610-e692-4cb1-a520-636fae9640cb" 201 - "PUT http://172.18.0.2:8080/v1/AUTH_894cd03fe1784539ac082e86e3f12d55/gnocchi.78d28610-e692-4cb1-a520-636fae9640cb" "tx3bc0b9dc1d2c4cdda77fc-0069aff9c3" "proxy-server 20" 0.0179 "-" 20 0
Mar 10 11:00:19 standalone proxy-server[130184]: 172.18.0.2 172.18.0.100 10/Mar/2026/11/00/19 PUT /v1/AUTH_894cd03fe1784539ac082e86e3f12d55/gnocchi.78d28610-e692-4cb1-a520-636fae9640cb HTTP/1.0 201 - python-swiftclient-3.11.1 gAAAAABpr_nDnkB_... - - - tx3bc0b9dc1d2c4cdda77fc-0069aff9c3 - 0.0460 - - 1773140419.770663261 1773140419.816653252 0
Mar 10 11:00:19 standalone container-server[127923]: 172.20.0.100 - - [10/Mar/2026:11:00:19 +0000] "HEAD /d1/1022/AUTH_894cd03fe1784539ac082e86e3f12d55/gnocchi.78d28610-e692-4cb1-a520-636fae9640cb" 204 - "HEAD http://172.18.0.2:8080/v1/AUTH_894cd03fe1784539ac082e86e3f12d55/gnocchi.78d28610-e692-4cb1-a520-636fae9640cb?format=json&states=listing" "tx632fe0d131e648f19bc79-0069aff9c3" "proxy-server 20" 0.0028 "-" 20 0
Mar 10 11:00:19 standalone proxy-server[130184]: - - 10/Mar/2026/11/00/19 HEAD /v1/AUTH_894cd03fe1784539ac082e86e3f12d55/gnocchi.78d28610-e692-4cb1-a520-636fae9640cb%3Fformat%3Djson%26states%3Dlisting HTTP/1.0 204 - Swift - - - - tx632fe0d131e648f19bc79-0069aff9c3 - 0.0068 RL - 1773140419.822246075 1773140419.829020500 0
Mar 10 11:00:19 standalone container-server[127951]: 172.20.0.100 - - [10/Mar/2026:11:00:19 +0000] "GET /d1/1022/AUTH_894cd03fe1784539ac082e86e3f12d55/gnocchi.78d28610-e692-4cb1-a520-636fae9640cb" 200 2 "GET http://172.18.0.2:8080/v1/AUTH_894cd03fe1784539ac082e86e3f12d55/gnocchi.78d28610-e692-4cb1-a520-636fae9640cb?format=json&states=listing" "tx632fe0d131e648f19bc79-0069aff9c3" "proxy-server 20" 0.0038 "-" 23 0
Mar 10 11:00:19 standalone proxy-server[130184]: 172.18.0.2 172.18.0.100 10/Mar/2026/11/00/19 GET /v1/AUTH_894cd03fe1784539ac082e86e3f12d55/gnocchi.78d28610-e692-4cb1-a520-636fae9640cb%3Fformat%3Djson%26states%3Dlisting HTTP/1.0 200 - python-swiftclient-3.11.1 gAAAAABpr_nDnkB_... - 2 - tx632fe0d131e648f19bc79-0069aff9c3 - 0.0182 - - 1773140419.821093082 1773140419.839289188 0
Mar 10 11:00:19 standalone object-server[128308]: 172.20.0.100 - - [10/Mar/2026:11:00:19 +0000] "GET /d1/72/AUTH_894cd03fe1784539ac082e86e3f12d55/gnocchi.78d28610-e692-4cb1-a520-636fae9640cb/1772280000.0_mean_300.0_v3" 404 70 "GET http://172.18.0.2:8080/v1/AUTH_894cd03fe1784539ac082e86e3f12d55/gnocchi.78d28610-e692-4cb1-a520-636fae9640cb/1772280000.0_mean_300.0_v3" "tx3e0bff0e25b9438f9d036-0069aff9c3" "proxy-server 20" 0.0002 "-" 24 0
Mar 10 11:00:19 standalone proxy-server[130184]: 172.18.0.2 172.18.0.100 10/Mar/2026/11/00/19 GET /v1/AUTH_894cd03fe1784539ac082e86e3f12d55/gnocchi.78d28610-e692-4cb1-a520-636fae9640cb/1772280000.0_mean_300.0_v3 HTTP/1.0 404 - python-swiftclient-3.11.1 gAAAAABpr_nDnkB_... - 70 - tx3e0bff0e25b9438f9d036-0069aff9c3 - 0.0043 - - 1773140419.843562126 1773140419.847828627 0
Mar 10 11:00:19 standalone container-server[127951]: 172.20.0.100 - - [10/Mar/2026:11:00:19 +0000] "PUT /d1/1022/AUTH_894cd03fe1784539ac082e86e3f12d55/gnocchi.78d28610-e692-4cb1-a520-636fae9640cb/1772280000.0_mean_300.0_v3" 201 - "PUT http://172.18.0.2:8080/d1/72/AUTH_894cd03fe1784539ac082e86e3f12d55/gnocchi.78d28610-e692-4cb1-a520-636fae9640cb/1772280000.0_mean_300.0_v3" "txfed08dd130694ed39d327-0069aff9c3" "object-server 22" 0.0007 "-" 23 0
Mar 10 11:00:19 standalone object-server[128304]: 172.20.0.100 - - [10/Mar/2026:11:00:19 +0000] "PUT /d1/72/AUTH_894cd03fe1784539ac082e86e3f12d55/gnocchi.78d28610-e692-4cb1-a520-636fae9640cb/1772280000.0_mean_300.0_v3" 201 - "PUT http://172.18.0.2:8080/v1/AUTH_894cd03fe1784539ac082e86e3f12d55/gnocchi.78d28610-e692-4cb1-a520-636fae9640cb/1772280000.0_mean_300.0_v3" "txfed08dd130694ed39d327-0069aff9c3" "proxy-server 20" 0.0233 "-" 22 0
Mar 10 11:00:19 standalone proxy-server[130184]: 172.18.0.2 172.18.0.100 10/Mar/2026/11/00/19 PUT /v1/AUTH_894cd03fe1784539ac082e86e3f12d55/gnocchi.78d28610-e692-4cb1-a520-636fae9640cb/1772280000.0_mean_300.0_v3 HTTP/1.0 201 - python-swiftclient-3.11.1 gAAAAABpr_nDnkB_... 16 - - txfed08dd130694ed39d327-0069aff9c3 - 0.0284 - - 1773140419.850395441 1773140419.878825903 0
Mar 10 11:00:19 standalone container-server[127923]: 172.20.0.100 - - [10/Mar/2026:11:00:19 +0000] "PUT /d1/1022/AUTH_894cd03fe1784539ac082e86e3f12d55/gnocchi.78d28610-e692-4cb1-a520-636fae9640cb/none_v3" 201 - "PUT http://172.18.0.2:8080/d1/231/AUTH_894cd03fe1784539ac082e86e3f12d55/gnocchi.78d28610-e692-4cb1-a520-636fae9640cb/none_v3" "txef8047ec7b2746e7b9626-0069aff9c3" "object-server 24" 0.0005 "-" 20 0
Mar 10 11:00:19 standalone object-server[128308]: 172.20.0.100 - - [10/Mar/2026:11:00:19 +0000] "PUT /d1/231/AUTH_894cd03fe1784539ac082e86e3f12d55/gnocchi.78d28610-e692-4cb1-a520-636fae9640cb/none_v3" 201 - "PUT http://172.18.0.2:8080/v1/AUTH_894cd03fe1784539ac082e86e3f12d55/gnocchi.78d28610-e692-4cb1-a520-636fae9640cb/none_v3" "txef8047ec7b2746e7b9626-0069aff9c3" "proxy-server 20" 0.0325 "-" 24 0
Mar 10 11:00:19 standalone proxy-server[130184]: 172.18.0.2 172.18.0.100 10/Mar/2026/11/00/19 PUT /v1/AUTH_894cd03fe1784539ac082e86e3f12d55/gnocchi.78d28610-e692-4cb1-a520-636fae9640cb/none_v3 HTTP/1.0 201 - python-swiftclient-3.11.1 gAAAAABpr_nDnkB_... 22 - - txef8047ec7b2746e7b9626-0069aff9c3 - 0.0381 - - 1773140419.881289005 1773140419.919347525 0
Mar 10 11:00:49 standalone object-server[128307]: 172.20.0.100 - - [10/Mar/2026:11:00:49 +0000] "GET /d1/231/AUTH_894cd03fe1784539ac082e86e3f12d55/gnocchi.78d28610-e692-4cb1-a520-636fae9640cb/none_v3" 200 22 "GET http://172.18.0.2:8080/v1/AUTH_894cd03fe1784539ac082e86e3f12d55/gnocchi.78d28610-e692-4cb1-a520-636fae9640cb/none_v3" "tx4abe571055f74b0384649-0069aff9e1" "proxy-server 20" 0.0025 "-" 23 0
Mar 10 11:00:49 standalone proxy-server[130184]: 172.18.0.2 172.18.0.100 10/Mar/2026/11/00/49 GET /v1/AUTH_894cd03fe1784539ac082e86e3f12d55/gnocchi.78d28610-e692-4cb1-a520-636fae9640cb/none_v3 HTTP/1.0 200 - python-swiftclient-3.11.1 gAAAAABpr_nDnkB_... - 22 - tx4abe571055f74b0384649-0069aff9e1 - 0.0194 - - 1773140449.114549875 1773140449.133944750 0
Mar 10 11:00:49 standalone container-server[127923]: 172.20.0.100 - - [10/Mar/2026:11:00:49 +0000] "GET /d1/1022/AUTH_894cd03fe1784539ac082e86e3f12d55/gnocchi.78d28610-e692-4cb1-a520-636fae9640cb" 200 357 "GET http://172.18.0.2:8080/v1/AUTH_894cd03fe1784539ac082e86e3f12d55/gnocchi.78d28610-e692-4cb1-a520-636fae9640cb?format=json&states=listing" "tx1fb5207b04a44e38a3642-0069aff9e1" "proxy-server 20" 0.0177 "-" 20 0
Mar 10 11:00:49 standalone proxy-server[130184]: 172.18.0.2 172.18.0.100 10/Mar/2026/11/00/49 GET /v1/AUTH_894cd03fe1784539ac082e86e3f12d55/gnocchi.78d28610-e692-4cb1-a520-636fae9640cb%3Fformat%3Djson%26states%3Dlisting HTTP/1.0 200 - python-swiftclient-3.11.1 gAAAAABpr_nDnkB_... - 357 - tx1fb5207b04a44e38a3642-0069aff9e1 - 0.0254 - - 1773140449.137461901 1773140449.162895918 0
Mar 10 11:00:49 standalone container-server[127939]: 172.20.0.100 - - [10/Mar/2026:11:00:49 +0000] "GET /d1/1022/AUTH_894cd03fe1784539ac082e86e3f12d55/gnocchi.78d28610-e692-4cb1-a520-636fae9640cb" 200 2 "GET http://172.18.0.2:8080/v1/AUTH_894cd03fe1784539ac082e86e3f12d55/gnocchi.78d28610-e692-4cb1-a520-636fae9640cb?format=json&marker=none_v3&states=listing" "tx5fcb2b40d2fe418cb03d8-0069aff9e1" "proxy-server 20" 0.0031 "-" 22 0
Mar 10 11:00:49 standalone proxy-server[130184]: 172.18.0.2 172.18.0.100 10/Mar/2026/11/00/49 GET /v1/AUTH_894cd03fe1784539ac082e86e3f12d55/gnocchi.78d28610-e692-4cb1-a520-636fae9640cb%3Fformat%3Djson%26marker%3Dnone_v3%26states%3Dlisting HTTP/1.0 200 - python-swiftclient-3.11.1 gAAAAABpr_nDnkB_... - 2 - tx5fcb2b40d2fe418cb03d8-0069aff9e1 - 0.0123 - - 1773140449.165586948 1773140449.177844048 0
Mar 10 11:00:49 standalone object-server[128304]: 172.20.0.100 - - [10/Mar/2026:11:00:49 +0000] "GET /d1/72/AUTH_894cd03fe1784539ac082e86e3f12d55/gnocchi.78d28610-e692-4cb1-a520-636fae9640cb/1772280000.0_mean_300.0_v3" 200 16 "GET http://172.18.0.2:8080/v1/AUTH_894cd03fe1784539ac082e86e3f12d55/gnocchi.78d28610-e692-4cb1-a520-636fae9640cb/1772280000.0_mean_300.0_v3" "txd5a72e854a624148b3dc8-0069aff9e1" "proxy-server 20" 0.0010 "-" 22 0
Mar 10 11:00:49 standalone proxy-server[130184]: 172.18.0.2 172.18.0.100 10/Mar/2026/11/00/49 GET /v1/AUTH_894cd03fe1784539ac082e86e3f12d55/gnocchi.78d28610-e692-4cb1-a520-636fae9640cb/1772280000.0_mean_300.0_v3 HTTP/1.0 200 - python-swiftclient-3.11.1 gAAAAABpr_nDnkB_... - 16 - txd5a72e854a624148b3dc8-0069aff9e1 - 0.0071 - - 1773140449.181629181 1773140449.188750029 0
Mar 10 11:00:49 standalone container-server[127926]: 172.20.0.100 - - [10/Mar/2026:11:00:49 +0000] "PUT /d1/1022/AUTH_894cd03fe1784539ac082e86e3f12d55/gnocchi.78d28610-e692-4cb1-a520-636fae9640cb/1772280000.0_mean_300.0_v3" 201 - "PUT http://172.18.0.2:8080/d1/72/AUTH_894cd03fe1784539ac082e86e3f12d55/gnocchi.78d28610-e692-4cb1-a520-636fae9640cb/1772280000.0_mean_300.0_v3" "txcbe5f9086bd6496e897e3-0069aff9e1" "object-server 25" 0.0017 "-" 21 0
Mar 10 11:00:49 standalone object-server[128310]: 172.20.0.100 - - [10/Mar/2026:11:00:49 +0000] "PUT /d1/72/AUTH_894cd03fe1784539ac082e86e3f12d55/gnocchi.78d28610-e692-4cb1-a520-636fae9640cb/1772280000.0_mean_300.0_v3" 201 - "PUT http://172.18.0.2:8080/v1/AUTH_894cd03fe1784539ac082e86e3f12d55/gnocchi.78d28610-e692-4cb1-a520-636fae9640cb/1772280000.0_mean_300.0_v3" "txcbe5f9086bd6496e897e3-0069aff9e1" "proxy-server 20" 0.0326 "-" 25 0
Mar 10 11:00:49 standalone proxy-server[130184]: 172.18.0.2 172.18.0.100 10/Mar/2026/11/00/49 PUT /v1/AUTH_894cd03fe1784539ac082e86e3f12d55/gnocchi.78d28610-e692-4cb1-a520-636fae9640cb/1772280000.0_mean_300.0_v3 HTTP/1.0 201 - python-swiftclient-3.11.1 gAAAAABpr_nDnkB_... 16 - - txcbe5f9086bd6496e897e3-0069aff9e1 - 0.0385 - - 1773140449.191683292 1773140449.230136871 0
Mar 10 11:00:49 standalone container-server[127926]: 172.20.0.100 - - [10/Mar/2026:11:00:49 +0000] "PUT /d1/1022/AUTH_894cd03fe1784539ac082e86e3f12d55/gnocchi.78d28610-e692-4cb1-a520-636fae9640cb/none_v3" 201 - "PUT http://172.18.0.2:8080/d1/231/AUTH_894cd03fe1784539ac082e86e3f12d55/gnocchi.78d28610-e692-4cb1-a520-636fae9640cb/none_v3" "tx313705a953af45bca9b7c-0069aff9e1" "object-server 23" 0.0006 "-" 21 0
Mar 10 11:00:49 standalone object-server[128307]: 172.20.0.100 - - [10/Mar/2026:11:00:49 +0000] "PUT /d1/231/AUTH_894cd03fe1784539ac082e86e3f12d55/gnocchi.78d28610-e692-4cb1-a520-636fae9640cb/none_v3" 201 - "PUT http://172.18.0.2:8080/v1/AUTH_894cd03fe1784539ac082e86e3f12d55/gnocchi.78d28610-e692-4cb1-a520-636fae9640cb/none_v3" "tx313705a953af45bca9b7c-0069aff9e1" "proxy-server 20" 0.0286 "-" 23 0
Mar 10 11:00:49 standalone proxy-server[130184]: 172.18.0.2 172.18.0.100 10/Mar/2026/11/00/49 PUT /v1/AUTH_894cd03fe1784539ac082e86e3f12d55/gnocchi.78d28610-e692-4cb1-a520-636fae9640cb/none_v3 HTTP/1.0 201 - python-swiftclient-3.11.1 gAAAAABpr_nDnkB_... 32 - - tx313705a953af45bca9b7c-0069aff9e1 - 0.0363 - - 1773140449.233258009 1773140449.269554138 0
Mar 10 11:00:55 standalone account-server[127968]: 172.20.0.100 - - [10/Mar/2026:11:00:55 +0000] "HEAD /d1/289/.expiring_objects" 404 - "HEAD http://localhost/v1/.expiring_objects?format=json" "txd30b38007d87400fb7998-0069aff9e7" "proxy-server 2" 0.0007 "-" 16 -
Mar 10 11:00:55 standalone object-expirer[127919]: Pass completed in 0s; 0 objects expired (txn: txd30b38007d87400fb7998-0069aff9e7)
Mar 10 11:01:19 standalone container-server[127926]: 172.20.0.100 - - [10/Mar/2026:11:01:19 +0000] "HEAD /d1/741/AUTH_894cd03fe1784539ac082e86e3f12d55/gnocchi.b7155fba-0fb1-4921-94d4-cf1e36746ef7" 404 - "HEAD http://172.18.0.2:8080/v1/AUTH_894cd03fe1784539ac082e86e3f12d55/gnocchi.b7155fba-0fb1-4921-94d4-cf1e36746ef7?format=json&states=listing" "tx20f43ad5f2fa4cfcb2678-0069aff9ff" "proxy-server 20" 0.0009 "-" 21 0
Mar 10 11:01:19 standalone object-server[128310]: 172.20.0.100 - - [10/Mar/2026:11:01:19 +0000] "GET /d1/698/AUTH_894cd03fe1784539ac082e86e3f12d55/gnocchi.b7155fba-0fb1-4921-94d4-cf1e36746ef7/none_v3" 404 70 "GET http://172.18.0.2:8080/v1/AUTH_894cd03fe1784539ac082e86e3f12d55/gnocchi.b7155fba-0fb1-4921-94d4-cf1e36746ef7/none_v3" "tx20f43ad5f2fa4cfcb2678-0069aff9ff" "proxy-server 20" 0.0010 "-" 25 0
Mar 10 11:01:19 standalone proxy-server[130184]: 172.18.0.2 172.18.0.100 10/Mar/2026/11/01/19 GET /v1/AUTH_894cd03fe1784539ac082e86e3f12d55/gnocchi.b7155fba-0fb1-4921-94d4-cf1e36746ef7/none_v3 HTTP/1.0 404 - python-swiftclient-3.11.1 gAAAAABpr_nDnkB_... - 70 - tx20f43ad5f2fa4cfcb2678-0069aff9ff - 0.0141 - - 1773140479.663144588 1773140479.677220345 0
Mar 10 11:01:19 standalone account-server[127968]: 172.20.0.100 - - [10/Mar/2026:11:01:19 +0000] "PUT /d1/783/AUTH_894cd03fe1784539ac082e86e3f12d55/gnocchi.b7155fba-0fb1-4921-94d4-cf1e36746ef7" 201 - "PUT http://172.20.0.100:6001/d1/741/AUTH_894cd03fe1784539ac082e86e3f12d55/gnocchi.b7155fba-0fb1-4921-94d4-cf1e36746ef7" "txa77a6f3b9a694743817ad-0069aff9ff" "container-server 20" 0.0078 "-" 16 0
Mar 10 11:01:19 standalone container-server[127923]: 172.20.0.100 - - [10/Mar/2026:11:01:19 +0000] "PUT /d1/741/AUTH_894cd03fe1784539ac082e86e3f12d55/gnocchi.b7155fba-0fb1-4921-94d4-cf1e36746ef7" 201 - "PUT http://172.18.0.2:8080/v1/AUTH_894cd03fe1784539ac082e86e3f12d55/gnocchi.b7155fba-0fb1-4921-94d4-cf1e36746ef7" "txa77a6f3b9a694743817ad-0069aff9ff" "proxy-server 20" 0.0247 "-" 20 0
Mar 10 11:01:19 standalone proxy-server[130184]: 172.18.0.2 172.18.0.100 10/Mar/2026/11/01/19 PUT /v1/AUTH_894cd03fe1784539ac082e86e3f12d55/gnocchi.b7155fba-0fb1-4921-94d4-cf1e36746ef7 HTTP/1.0 201 - python-swiftclient-3.11.1 gAAAAABpr_nDnkB_... - - - txa77a6f3b9a694743817ad-0069aff9ff - 0.0309 - - 1773140479.680444479 1773140479.711386919 0
Mar 10 11:01:19 standalone container-server[127939]: 172.20.0.100 - - [10/Mar/2026:11:01:19 +0000] "HEAD /d1/741/AUTH_894cd03fe1784539ac082e86e3f12d55/gnocchi.b7155fba-0fb1-4921-94d4-cf1e36746ef7" 204 - "HEAD http://172.18.0.2:8080/v1/AUTH_894cd03fe1784539ac082e86e3f12d55/gnocchi.b7155fba-0fb1-4921-94d4-cf1e36746ef7?format=json&states=listing" "tx6a8f81e0d0894e3c833bd-0069aff9ff" "proxy-server 20" 0.0017 "-" 22 0
Mar 10 11:01:19 standalone proxy-server[130184]: - - 10/Mar/2026/11/01/19 HEAD /v1/AUTH_894cd03fe1784539ac082e86e3f12d55/gnocchi.b7155fba-0fb1-4921-94d4-cf1e36746ef7%3Fformat%3Djson%26states%3Dlisting HTTP/1.0 204 - Swift - - - - tx6a8f81e0d0894e3c833bd-0069aff9ff - 0.0074 RL - 1773140479.716207504 1773140479.723645449 0
Mar 10 11:01:19 standalone container-server[127939]: 172.20.0.100 - - [10/Mar/2026:11:01:19 +0000] "GET /d1/741/AUTH_894cd03fe1784539ac082e86e3f12d55/gnocchi.b7155fba-0fb1-4921-94d4-cf1e36746ef7" 200 2 "GET http://172.18.0.2:8080/v1/AUTH_894cd03fe1784539ac082e86e3f12d55/gnocchi.b7155fba-0fb1-4921-94d4-cf1e36746ef7?format=json&states=listing" "tx6a8f81e0d0894e3c833bd-0069aff9ff" "proxy-server 20" 0.0016 "-" 22 0
Mar 10 11:01:19 standalone proxy-server[130184]: 172.18.0.2 172.18.0.100 10/Mar/2026/11/01/19 GET /v1/AUTH_894cd03fe1784539ac082e86e3f12d55/gnocchi.b7155fba-0fb1-4921-94d4-cf1e36746ef7%3Fformat%3Djson%26states%3Dlisting HTTP/1.0 200 - python-swiftclient-3.11.1 gAAAAABpr_nDnkB_... - 2 - tx6a8f81e0d0894e3c833bd-0069aff9ff - 0.0167 - - 1773140479.715163469 1773140479.731881618 0
Mar 10 11:01:19 standalone object-server[128307]: 172.20.0.100 - - [10/Mar/2026:11:01:19 +0000] "GET /d1/896/AUTH_894cd03fe1784539ac082e86e3f12d55/gnocchi.b7155fba-0fb1-4921-94d4-cf1e36746ef7/1772280000.0_mean_300.0_v3" 404 70 "GET http://172.18.0.2:8080/v1/AUTH_894cd03fe1784539ac082e86e3f12d55/gnocchi.b7155fba-0fb1-4921-94d4-cf1e36746ef7/1772280000.0_mean_300.0_v3" "txf20d363a72a64ebaa5924-0069aff9ff" "proxy-server 20" 0.0004 "-" 23 0
Mar 10 11:01:19 standalone proxy-server[130184]: 172.18.0.2 172.18.0.100 10/Mar/2026/11/01/19 GET /v1/AUTH_894cd03fe1784539ac082e86e3f12d55/gnocchi.b7155fba-0fb1-4921-94d4-cf1e36746ef7/1772280000.0_mean_300.0_v3 HTTP/1.0 404 - python-swiftclient-3.11.1 gAAAAABpr_nDnkB_... - 70 - txf20d363a72a64ebaa5924-0069aff9ff - 0.0053 - - 1773140479.736226559 1773140479.741530180 0
Mar 10 11:01:19 standalone container-server[127923]: 172.20.0.100 - - [10/Mar/2026:11:01:19 +0000] "PUT /d1/741/AUTH_894cd03fe1784539ac082e86e3f12d55/gnocchi.b7155fba-0fb1-4921-94d4-cf1e36746ef7/1772280000.0_mean_300.0_v3" 201 - "PUT http://172.18.0.2:8080/d1/896/AUTH_894cd03fe1784539ac082e86e3f12d55/gnocchi.b7155fba-0fb1-4921-94d4-cf1e36746ef7/1772280000.0_mean_300.0_v3" "tx910245a49031483b87a32-0069aff9ff" "object-server 24" 0.0009 "-" 20 0
Mar 10 11:01:19 standalone object-server[128308]: 172.20.0.100 - - [10/Mar/2026:11:01:19 +0000] "PUT /d1/896/AUTH_894cd03fe1784539ac082e86e3f12d55/gnocchi.b7155fba-0fb1-4921-94d4-cf1e36746ef7/1772280000.0_mean_300.0_v3" 201 - "PUT http://172.18.0.2:8080/v1/AUTH_894cd03fe1784539ac082e86e3f12d55/gnocchi.b7155fba-0fb1-4921-94d4-cf1e36746ef7/1772280000.0_mean_300.0_v3" "tx910245a49031483b87a32-0069aff9ff" "proxy-server 20" 0.0246 "-" 24 0
Mar 10 11:01:19 standalone proxy-server[130184]: 172.18.0.2 172.18.0.100 10/Mar/2026/11/01/19 PUT /v1/AUTH_894cd03fe1784539ac082e86e3f12d55/gnocchi.b7155fba-0fb1-4921-94d4-cf1e36746ef7/1772280000.0_mean_300.0_v3 HTTP/1.0 201 - python-swiftclient-3.11.1 gAAAAABpr_nDnkB_... 16 - - tx910245a49031483b87a32-0069aff9ff - 0.0308 - - 1773140479.743833780 1773140479.774629116 0
Mar 10 11:01:19 standalone container-server[127951]: 172.20.0.100 - - [10/Mar/2026:11:01:19 +0000] "PUT /d1/741/AUTH_894cd03fe1784539ac082e86e3f12d55/gnocchi.b7155fba-0fb1-4921-94d4-cf1e36746ef7/none_v3" 201 - "PUT http://172.18.0.2:8080/d1/698/AUTH_894cd03fe1784539ac082e86e3f12d55/gnocchi.b7155fba-0fb1-4921-94d4-cf1e36746ef7/none_v3" "tx4a6d47139e474c48833e6-0069aff9ff" "object-server 22" 0.0004 "-" 23 0
Mar 10 11:01:19 standalone object-server[128304]: 172.20.0.100 - - [10/Mar/2026:11:01:19 +0000] "PUT /d1/698/AUTH_894cd03fe1784539ac082e86e3f12d55/gnocchi.b7155fba-0fb1-4921-94d4-cf1e36746ef7/none_v3" 201 - "PUT http://172.18.0.2:8080/v1/AUTH_894cd03fe1784539ac082e86e3f12d55/gnocchi.b7155fba-0fb1-4921-94d4-cf1e36746ef7/none_v3" "tx4a6d47139e474c48833e6-0069aff9ff" "proxy-server 20" 0.0160 "-" 22 0
Mar 10 11:01:19 standalone proxy-server[130184]: 172.18.0.2 172.18.0.100 10/Mar/2026/11/01/19 PUT /v1/AUTH_894cd03fe1784539ac082e86e3f12d55/gnocchi.b7155fba-0fb1-4921-94d4-cf1e36746ef7/none_v3 HTTP/1.0 201 - python-swiftclient-3.11.1 gAAAAABpr_nDnkB_... 22 - - tx4a6d47139e474c48833e6-0069aff9ff - 0.0251 - - 1773140479.777662754 1773140479.802767754 0
Mar 10 11:01:19 standalone container-server[127926]: 172.20.0.100 - - [10/Mar/2026:11:01:19 +0000] "HEAD /d1/285/AUTH_894cd03fe1784539ac082e86e3f12d55/gnocchi.fd86fc43-bb18-4102-8ba0-5d89dc3dac5d" 404 - "HEAD http://172.18.0.2:8080/v1/AUTH_894cd03fe1784539ac082e86e3f12d55/gnocchi.fd86fc43-bb18-4102-8ba0-5d89dc3dac5d?format=json&states=listing" "txa2766307b47348a5ae554-0069aff9ff" "proxy-server 20" 0.0006 "-" 21 0
Mar 10 11:01:19 standalone object-server[128308]: 172.20.0.100 - - [10/Mar/2026:11:01:19 +0000] "GET /d1/223/AUTH_894cd03fe1784539ac082e86e3f12d55/gnocchi.fd86fc43-bb18-4102-8ba0-5d89dc3dac5d/none_v3" 404 70 "GET http://172.18.0.2:8080/v1/AUTH_894cd03fe1784539ac082e86e3f12d55/gnocchi.fd86fc43-bb18-4102-8ba0-5d89dc3dac5d/none_v3" "txa2766307b47348a5ae554-0069aff9ff" "proxy-server 20" 0.0005 "-" 24 0
Mar 10 11:01:19 standalone proxy-server[130184]: 172.18.0.2 172.18.0.100 10/Mar/2026/11/01/19 GET /v1/AUTH_894cd03fe1784539ac082e86e3f12d55/gnocchi.fd86fc43-bb18-4102-8ba0-5d89dc3dac5d/none_v3 HTTP/1.0 404 - python-swiftclient-3.11.1 gAAAAABpr_nDnkB_... - 70 - txa2766307b47348a5ae554-0069aff9ff - 0.0108 - - 1773140479.813433647 1773140479.824198484 0
Mar 10 11:01:19 standalone account-server[127962]: 172.20.0.100 - - [10/Mar/2026:11:01:19 +0000] "HEAD /d1/783/AUTH_894cd03fe1784539ac082e86e3f12d55" 204 - "HEAD http://172.18.0.2:8080/v1/AUTH_894cd03fe1784539ac082e86e3f12d55?format=json" "txb279858ee25b437491924-0069aff9ff" "proxy-server 20" 0.0166 "-" 14 -
Mar 10 11:01:19 standalone proxy-server[130184]: - - 10/Mar/2026/11/01/19 HEAD /v1/AUTH_894cd03fe1784539ac082e86e3f12d55%3Fformat%3Djson HTTP/1.0 204 - Swift - - - - txb279858ee25b437491924-0069aff9ff - 0.0214 RL - 1773140479.830118418 1773140479.851495504 -
Mar 10 11:01:19 standalone account-server[127986]: 172.20.0.100 - - [10/Mar/2026:11:01:19 +0000] "PUT /d1/783/AUTH_894cd03fe1784539ac082e86e3f12d55/gnocchi.fd86fc43-bb18-4102-8ba0-5d89dc3dac5d" 201 - "PUT http://172.20.0.100:6001/d1/285/AUTH_894cd03fe1784539ac082e86e3f12d55/gnocchi.fd86fc43-bb18-4102-8ba0-5d89dc3dac5d" "txb279858ee25b437491924-0069aff9ff" "container-server 22" 0.0015 "-" 17 0
Mar 10 11:01:19 standalone container-server[127939]: 172.20.0.100 - - [10/Mar/2026:11:01:19 +0000] "PUT /d1/285/AUTH_894cd03fe1784539ac082e86e3f12d55/gnocchi.fd86fc43-bb18-4102-8ba0-5d89dc3dac5d" 201 - "PUT http://172.18.0.2:8080/v1/AUTH_894cd03fe1784539ac082e86e3f12d55/gnocchi.fd86fc43-bb18-4102-8ba0-5d89dc3dac5d" "txb279858ee25b437491924-0069aff9ff" "proxy-server 20" 0.0257 "-" 22 0
Mar 10 11:01:19 standalone proxy-server[130184]: 172.18.0.2 172.18.0.100 10/Mar/2026/11/01/19 PUT /v1/AUTH_894cd03fe1784539ac082e86e3f12d55/gnocchi.fd86fc43-bb18-4102-8ba0-5d89dc3dac5d HTTP/1.0 201 - python-swiftclient-3.11.1 gAAAAABpr_nDnkB_... - - - txb279858ee25b437491924-0069aff9ff - 0.0543 - - 1773140479.829424381 1773140479.883754969 0
Mar 10 11:01:19 standalone container-server[127923]: 172.20.0.100 - - [10/Mar/2026:11:01:19 +0000] "HEAD /d1/285/AUTH_894cd03fe1784539ac082e86e3f12d55/gnocchi.fd86fc43-bb18-4102-8ba0-5d89dc3dac5d" 204 - "HEAD http://172.18.0.2:8080/v1/AUTH_894cd03fe1784539ac082e86e3f12d55/gnocchi.fd86fc43-bb18-4102-8ba0-5d89dc3dac5d?format=json&states=listing" "tx13e76011b22f43bb85a8b-0069aff9ff" "proxy-server 20" 0.0039 "-" 20 0
Mar 10 11:01:19 standalone proxy-server[130184]: - - 10/Mar/2026/11/01/19 HEAD /v1/AUTH_894cd03fe1784539ac082e86e3f12d55/gnocchi.fd86fc43-bb18-4102-8ba0-5d89dc3dac5d%3Fformat%3Djson%26states%3Dlisting HTTP/1.0 204 - Swift - - - - tx13e76011b22f43bb85a8b-0069aff9ff - 0.0107 RL - 1773140479.892716646 1773140479.903433561 0
Mar 10 11:01:19 standalone container-server[127951]: 172.20.0.100 - - [10/Mar/2026:11:01:19 +0000] "GET /d1/285/AUTH_894cd03fe1784539ac082e86e3f12d55/gnocchi.fd86fc43-bb18-4102-8ba0-5d89dc3dac5d" 200 2 "GET http://172.18.0.2:8080/v1/AUTH_894cd03fe1784539ac082e86e3f12d55/gnocchi.fd86fc43-bb18-4102-8ba0-5d89dc3dac5d?format=json&states=listing" "tx13e76011b22f43bb85a8b-0069aff9ff" "proxy-server 20" 0.0027 "-" 23 0
Mar 10 11:01:19 standalone proxy-server[130184]: 172.18.0.2 172.18.0.100 10/Mar/2026/11/01/19 GET /v1/AUTH_894cd03fe1784539ac082e86e3f12d55/gnocchi.fd86fc43-bb18-4102-8ba0-5d89dc3dac5d%3Fformat%3Djson%26states%3Dlisting HTTP/1.0 200 - python-swiftclient-3.11.1 gAAAAABpr_nDnkB_... - 2 - tx13e76011b22f43bb85a8b-0069aff9ff - 0.0230 - - 1773140479.891429663 1773140479.914409399 0
Mar 10 11:01:19 standalone object-server[128308]: 172.20.0.100 - - [10/Mar/2026:11:01:19 +0000] "GET /d1/687/AUTH_894cd03fe1784539ac082e86e3f12d55/gnocchi.fd86fc43-bb18-4102-8ba0-5d89dc3dac5d/1772280000.0_mean_300.0_v3" 404 70 "GET http://172.18.0.2:8080/v1/AUTH_894cd03fe1784539ac082e86e3f12d55/gnocchi.fd86fc43-bb18-4102-8ba0-5d89dc3dac5d/1772280000.0_mean_300.0_v3" "txc4a412f1995e46d981c9a-0069aff9ff" "proxy-server 20" 0.0004 "-" 24 0
Mar 10 11:01:19 standalone proxy-server[130184]: 172.18.0.2 172.18.0.100 10/Mar/2026/11/01/19 GET /v1/AUTH_894cd03fe1784539ac082e86e3f12d55/gnocchi.fd86fc43-bb18-4102-8ba0-5d89dc3dac5d/1772280000.0_mean_300.0_v3 HTTP/1.0 404 - python-swiftclient-3.11.1 gAAAAABpr_nDnkB_... - 70 - txc4a412f1995e46d981c9a-0069aff9ff - 0.0089 - - 1773140479.920312643 1773140479.929227352 0
Mar 10 11:01:19 standalone container-server[127951]: 172.20.0.100 - - [10/Mar/2026:11:01:19 +0000] "PUT /d1/285/AUTH_894cd03fe1784539ac082e86e3f12d55/gnocchi.fd86fc43-bb18-4102-8ba0-5d89dc3dac5d/1772280000.0_mean_300.0_v3" 201 - "PUT http://172.18.0.2:8080/d1/687/AUTH_894cd03fe1784539ac082e86e3f12d55/gnocchi.fd86fc43-bb18-4102-8ba0-5d89dc3dac5d/1772280000.0_mean_300.0_v3" "tx7c12cc9727aa43fcb0119-0069aff9ff" "object-server 23" 0.0006 "-" 23 0
Mar 10 11:01:19 standalone object-server[128307]: 172.20.0.100 - - [10/Mar/2026:11:01:19 +0000] "PUT /d1/687/AUTH_894cd03fe1784539ac082e86e3f12d55/gnocchi.fd86fc43-bb18-4102-8ba0-5d89dc3dac5d/1772280000.0_mean_300.0_v3" 201 - "PUT http://172.18.0.2:8080/v1/AUTH_894cd03fe1784539ac082e86e3f12d55/gnocchi.fd86fc43-bb18-4102-8ba0-5d89dc3dac5d/1772280000.0_mean_300.0_v3" "tx7c12cc9727aa43fcb0119-0069aff9ff" "proxy-server 20" 0.0163 "-" 23 0
Mar 10 11:01:19 standalone proxy-server[130184]: 172.18.0.2 172.18.0.100 10/Mar/2026/11/01/19 PUT /v1/AUTH_894cd03fe1784539ac082e86e3f12d55/gnocchi.fd86fc43-bb18-4102-8ba0-5d89dc3dac5d/1772280000.0_mean_300.0_v3 HTTP/1.0 201 - python-swiftclient-3.11.1 gAAAAABpr_nDnkB_... 16 - - tx7c12cc9727aa43fcb0119-0069aff9ff - 0.0223 - - 1773140479.934244156 1773140479.956529856 0
Mar 10 11:01:19 standalone container-server[127939]: 172.20.0.100 - - [10/Mar/2026:11:01:19 +0000] "PUT /d1/285/AUTH_894cd03fe1784539ac082e86e3f12d55/gnocchi.fd86fc43-bb18-4102-8ba0-5d89dc3dac5d/none_v3" 201 - "PUT http://172.18.0.2:8080/d1/223/AUTH_894cd03fe1784539ac082e86e3f12d55/gnocchi.fd86fc43-bb18-4102-8ba0-5d89dc3dac5d/none_v3" "tx0208f8dcdfa446f3bfb7a-0069aff9ff" "object-server 24" 0.0008 "-" 22 0
Mar 10 11:01:19 standalone object-server[128308]: 172.20.0.100 - - [10/Mar/2026:11:01:19 +0000] "PUT /d1/223/AUTH_894cd03fe1784539ac082e86e3f12d55/gnocchi.fd86fc43-bb18-4102-8ba0-5d89dc3dac5d/none_v3" 201 - "PUT http://172.18.0.2:8080/v1/AUTH_894cd03fe1784539ac082e86e3f12d55/gnocchi.fd86fc43-bb18-4102-8ba0-5d89dc3dac5d/none_v3" "tx0208f8dcdfa446f3bfb7a-0069aff9ff" "proxy-server 20" 0.0173 "-" 24 0
Mar 10 11:01:19 standalone proxy-server[130184]: 172.18.0.2 172.18.0.100 10/Mar/2026/11/01/19 PUT /v1/AUTH_894cd03fe1784539ac082e86e3f12d55/gnocchi.fd86fc43-bb18-4102-8ba0-5d89dc3dac5d/none_v3 HTTP/1.0 201 - python-swiftclient-3.11.1 gAAAAABpr_nDnkB_... 22 - - tx0208f8dcdfa446f3bfb7a-0069aff9ff - 0.0234 - - 1773140479.960806370 1773140479.984183311 0
Mar 10 11:01:27 standalone container-server[127926]: 172.20.0.100 - - [10/Mar/2026:11:01:27 +0000] "HEAD /d1/34/AUTH_894cd03fe1784539ac082e86e3f12d55/gnocchi.f34ba1d5-03aa-4204-8371-d241fed5c86e" 404 - "HEAD http://172.18.0.2:8080/v1/AUTH_894cd03fe1784539ac082e86e3f12d55/gnocchi.f34ba1d5-03aa-4204-8371-d241fed5c86e?format=json&states=listing" "txa49ca064970e46c2a5b8a-0069affa07" "proxy-server 20" 0.0007 "-" 21 0
Mar 10 11:01:28 standalone object-server[128310]: 172.20.0.100 - - [10/Mar/2026:11:01:28 +0000] "GET /d1/367/AUTH_894cd03fe1784539ac082e86e3f12d55/gnocchi.f34ba1d5-03aa-4204-8371-d241fed5c86e/none_v3" 404 70 "GET http://172.18.0.2:8080/v1/AUTH_894cd03fe1784539ac082e86e3f12d55/gnocchi.f34ba1d5-03aa-4204-8371-d241fed5c86e/none_v3" "txa49ca064970e46c2a5b8a-0069affa07" "proxy-server 20" 0.0009 "-" 25 0
Mar 10 11:01:28 standalone proxy-server[130184]: 172.18.0.2 172.18.0.100 10/Mar/2026/11/01/28 GET /v1/AUTH_894cd03fe1784539ac082e86e3f12d55/gnocchi.f34ba1d5-03aa-4204-8371-d241fed5c86e/none_v3 HTTP/1.0 404 - python-swiftclient-3.11.1 gAAAAABpr_nDnkB_... - 70 - txa49ca064970e46c2a5b8a-0069affa07 - 0.0131 - - 1773140487.992343187 1773140488.005422115 0
Mar 10 11:01:28 standalone account-server[127962]: 172.20.0.100 - - [10/Mar/2026:11:01:28 +0000] "PUT /d1/783/AUTH_894cd03fe1784539ac082e86e3f12d55/gnocchi.f34ba1d5-03aa-4204-8371-d241fed5c86e" 201 - "PUT http://172.20.0.100:6001/d1/34/AUTH_894cd03fe1784539ac082e86e3f12d55/gnocchi.f34ba1d5-03aa-4204-8371-d241fed5c86e" "tx01227273861246d0bfa30-0069affa08" "container-server 23" 0.0057 "-" 14 0
Mar 10 11:01:28 standalone container-server[127951]: 172.20.0.100 - - [10/Mar/2026:11:01:28 +0000] "PUT /d1/34/AUTH_894cd03fe1784539ac082e86e3f12d55/gnocchi.f34ba1d5-03aa-4204-8371-d241fed5c86e" 201 - "PUT http://172.18.0.2:8080/v1/AUTH_894cd03fe1784539ac082e86e3f12d55/gnocchi.f34ba1d5-03aa-4204-8371-d241fed5c86e" "tx01227273861246d0bfa30-0069affa08" "proxy-server 20" 0.0268 "-" 23 0
Mar 10 11:01:28 standalone proxy-server[130184]: 172.18.0.2 172.18.0.100 10/Mar/2026/11/01/28 PUT /v1/AUTH_894cd03fe1784539ac082e86e3f12d55/gnocchi.f34ba1d5-03aa-4204-8371-d241fed5c86e HTTP/1.0 201 - python-swiftclient-3.11.1 gAAAAABpr_nDnkB_... - - - tx01227273861246d0bfa30-0069affa08 - 0.0386 - - 1773140488.007616520 1773140488.046187878 0
Mar 10 11:01:28 standalone container-server[127923]: 172.20.0.100 - - [10/Mar/2026:11:01:28 +0000] "HEAD /d1/34/AUTH_894cd03fe1784539ac082e86e3f12d55/gnocchi.f34ba1d5-03aa-4204-8371-d241fed5c86e" 204 - "HEAD http://172.18.0.2:8080/v1/AUTH_894cd03fe1784539ac082e86e3f12d55/gnocchi.f34ba1d5-03aa-4204-8371-d241fed5c86e?format=json&states=listing" "txf42af252bfda4e2b9bb54-0069affa08" "proxy-server 20" 0.0011 "-" 20 0
Mar 10 11:01:28 standalone proxy-server[130184]: - - 10/Mar/2026/11/01/28 HEAD /v1/AUTH_894cd03fe1784539ac082e86e3f12d55/gnocchi.f34ba1d5-03aa-4204-8371-d241fed5c86e%3Fformat%3Djson%26states%3Dlisting HTTP/1.0 204 - Swift - - - - txf42af252bfda4e2b9bb54-0069affa08 - 0.0051 RL - 1773140488.050459385 1773140488.055550098 0
Mar 10 11:01:28 standalone container-server[127926]: 172.20.0.100 - - [10/Mar/2026:11:01:28 +0000] "GET /d1/34/AUTH_894cd03fe1784539ac082e86e3f12d55/gnocchi.f34ba1d5-03aa-4204-8371-d241fed5c86e" 200 2 "GET http://172.18.0.2:8080/v1/AUTH_894cd03fe1784539ac082e86e3f12d55/gnocchi.f34ba1d5-03aa-4204-8371-d241fed5c86e?format=json&states=listing" "txf42af252bfda4e2b9bb54-0069affa08" "proxy-server 20" 0.0047 "-" 21 0
Mar 10 11:01:28 standalone proxy-server[130184]: 172.18.0.2 172.18.0.100 10/Mar/2026/11/01/28 GET /v1/AUTH_894cd03fe1784539ac082e86e3f12d55/gnocchi.f34ba1d5-03aa-4204-8371-d241fed5c86e%3Fformat%3Djson%26states%3Dlisting HTTP/1.0 200 - python-swiftclient-3.11.1 gAAAAABpr_nDnkB_... - 2 - txf42af252bfda4e2b9bb54-0069affa08 - 0.0199 - - 1773140488.049010515 1773140488.068937302 0
Mar 10 11:01:28 standalone object-server[128307]: 172.20.0.100 - - [10/Mar/2026:11:01:28 +0000] "GET /d1/646/AUTH_894cd03fe1784539ac082e86e3f12d55/gnocchi.f34ba1d5-03aa-4204-8371-d241fed5c86e/1772280000.0_mean_300.0_v3" 404 70 "GET http://172.18.0.2:8080/v1/AUTH_894cd03fe1784539ac082e86e3f12d55/gnocchi.f34ba1d5-03aa-4204-8371-d241fed5c86e/1772280000.0_mean_300.0_v3" "txe4554f458a6d4dfdb85cb-0069affa08" "proxy-server 20" 0.0008 "-" 23 0
Mar 10 11:01:28 standalone proxy-server[130184]: 172.18.0.2 172.18.0.100 10/Mar/2026/11/01/28 GET /v1/AUTH_894cd03fe1784539ac082e86e3f12d55/gnocchi.f34ba1d5-03aa-4204-8371-d241fed5c86e/1772280000.0_mean_300.0_v3 HTTP/1.0 404 - python-swiftclient-3.11.1 gAAAAABpr_nDnkB_... - 70 - txe4554f458a6d4dfdb85cb-0069affa08 - 0.0106 - - 1773140488.072729111 1773140488.083371401 0
Mar 10 11:01:28 standalone container-server[127926]: 172.20.0.100 - - [10/Mar/2026:11:01:28 +0000] "PUT /d1/34/AUTH_894cd03fe1784539ac082e86e3f12d55/gnocchi.f34ba1d5-03aa-4204-8371-d241fed5c86e/1772280000.0_mean_300.0_v3" 201 - "PUT http://172.18.0.2:8080/d1/646/AUTH_894cd03fe1784539ac082e86e3f12d55/gnocchi.f34ba1d5-03aa-4204-8371-d241fed5c86e/1772280000.0_mean_300.0_v3" "tx4e55dd85cf644a4e8232e-0069affa08" "object-server 25" 0.0012 "-" 21 0
Mar 10 11:01:28 standalone object-server[128310]: 172.20.0.100 - - [10/Mar/2026:11:01:28 +0000] "PUT /d1/646/AUTH_894cd03fe1784539ac082e86e3f12d55/gnocchi.f34ba1d5-03aa-4204-8371-d241fed5c86e/1772280000.0_mean_300.0_v3" 201 - "PUT http://172.18.0.2:8080/v1/AUTH_894cd03fe1784539ac082e86e3f12d55/gnocchi.f34ba1d5-03aa-4204-8371-d241fed5c86e/1772280000.0_mean_300.0_v3" "tx4e55dd85cf644a4e8232e-0069affa08" "proxy-server 20" 0.0175 "-" 25 0
Mar 10 11:01:28 standalone proxy-server[130184]: 172.18.0.2 172.18.0.100 10/Mar/2026/11/01/28 PUT /v1/AUTH_894cd03fe1784539ac082e86e3f12d55/gnocchi.f34ba1d5-03aa-4204-8371-d241fed5c86e/1772280000.0_mean_300.0_v3 HTTP/1.0 201 - python-swiftclient-3.11.1 gAAAAABpr_nDnkB_... 16 - - tx4e55dd85cf644a4e8232e-0069affa08 - 0.0280 - - 1773140488.086248875 1773140488.114215136 0
Mar 10 11:01:28 standalone container-server[127951]: 172.20.0.100 - - [10/Mar/2026:11:01:28 +0000] "PUT /d1/34/AUTH_894cd03fe1784539ac082e86e3f12d55/gnocchi.f34ba1d5-03aa-4204-8371-d241fed5c86e/none_v3" 201 - "PUT http://172.18.0.2:8080/d1/367/AUTH_894cd03fe1784539ac082e86e3f12d55/gnocchi.f34ba1d5-03aa-4204-8371-d241fed5c86e/none_v3" "tx69821249fbb24bf48dce7-0069affa08" "object-server 24" 0.0008 "-" 23 0
Mar 10 11:01:28 standalone object-server[128308]: 172.20.0.100 - - [10/Mar/2026:11:01:28 +0000] "PUT /d1/367/AUTH_894cd03fe1784539ac082e86e3f12d55/gnocchi.f34ba1d5-03aa-4204-8371-d241fed5c86e/none_v3" 201 - "PUT http://172.18.0.2:8080/v1/AUTH_894cd03fe1784539ac082e86e3f12d55/gnocchi.f34ba1d5-03aa-4204-8371-d241fed5c86e/none_v3" "tx69821249fbb24bf48dce7-0069affa08" "proxy-server 20" 0.0170 "-" 24 0
Mar 10 11:01:28 standalone proxy-server[130184]: 172.18.0.2 172.18.0.100 10/Mar/2026/11/01/28 PUT /v1/AUTH_894cd03fe1784539ac082e86e3f12d55/gnocchi.f34ba1d5-03aa-4204-8371-d241fed5c86e/none_v3 HTTP/1.0 201 - python-swiftclient-3.11.1 gAAAAABpr_nDnkB_... 22 - - tx69821249fbb24bf48dce7-0069affa08 - 0.0271 - - 1773140488.117246151 1773140488.144358873 0
Mar 10 11:01:28 standalone container-server[127926]: 172.20.0.100 - - [10/Mar/2026:11:01:28 +0000] "HEAD /d1/582/AUTH_894cd03fe1784539ac082e86e3f12d55/gnocchi.839fc369-bbd2-4bad-9bde-8bf2237024e1" 404 - "HEAD http://172.18.0.2:8080/v1/AUTH_894cd03fe1784539ac082e86e3f12d55/gnocchi.839fc369-bbd2-4bad-9bde-8bf2237024e1?format=json&states=listing" "txbbb31957b7de4612a5e7a-0069affa08" "proxy-server 20" 0.0006 "-" 21 0
Mar 10 11:01:28 standalone object-server[128307]: 172.20.0.100 - - [10/Mar/2026:11:01:28 +0000] "GET /d1/943/AUTH_894cd03fe1784539ac082e86e3f12d55/gnocchi.839fc369-bbd2-4bad-9bde-8bf2237024e1/none_v3" 404 70 "GET http://172.18.0.2:8080/v1/AUTH_894cd03fe1784539ac082e86e3f12d55/gnocchi.839fc369-bbd2-4bad-9bde-8bf2237024e1/none_v3" "txbbb31957b7de4612a5e7a-0069affa08" "proxy-server 20" 0.0004 "-" 23 0
Mar 10 11:01:28 standalone proxy-server[130184]: 172.18.0.2 172.18.0.100 10/Mar/2026/11/01/28 GET /v1/AUTH_894cd03fe1784539ac082e86e3f12d55/gnocchi.839fc369-bbd2-4bad-9bde-8bf2237024e1/none_v3 HTTP/1.0 404 - python-swiftclient-3.11.1 gAAAAABpr_nDnkB_... - 70 - txbbb31957b7de4612a5e7a-0069affa08 - 0.0155 - - 1773140488.155885220 1773140488.171367884 0
Mar 10 11:01:28 standalone account-server[127964]: 172.20.0.100 - - [10/Mar/2026:11:01:28 +0000] "PUT /d1/783/AUTH_894cd03fe1784539ac082e86e3f12d55/gnocchi.839fc369-bbd2-4bad-9bde-8bf2237024e1" 201 - "PUT http://172.20.0.100:6001/d1/582/AUTH_894cd03fe1784539ac082e86e3f12d55/gnocchi.839fc369-bbd2-4bad-9bde-8bf2237024e1" "txf88306660f2f449ebd75b-0069affa08" "container-server 20" 0.0084 "-" 15 0
Mar 10 11:01:28 standalone container-server[127923]: 172.20.0.100 - - [10/Mar/2026:11:01:28 +0000] "PUT /d1/582/AUTH_894cd03fe1784539ac082e86e3f12d55/gnocchi.839fc369-bbd2-4bad-9bde-8bf2237024e1" 201 - "PUT http://172.18.0.2:8080/v1/AUTH_894cd03fe1784539ac082e86e3f12d55/gnocchi.839fc369-bbd2-4bad-9bde-8bf2237024e1" "txf88306660f2f449ebd75b-0069affa08" "proxy-server 20" 0.0315 "-" 20 0
Mar 10 11:01:28 standalone proxy-server[130184]: 172.18.0.2 172.18.0.100 10/Mar/2026/11/01/28 PUT /v1/AUTH_894cd03fe1784539ac082e86e3f12d55/gnocchi.839fc369-bbd2-4bad-9bde-8bf2237024e1 HTTP/1.0 201 - python-swiftclient-3.11.1 gAAAAABpr_nDnkB_... - - - txf88306660f2f449ebd75b-0069affa08 - 0.0379 - - 1773140488.174793720 1773140488.212657452 0
Mar 10 11:01:28 standalone container-server[127926]: 172.20.0.100 - - [10/Mar/2026:11:01:28 +0000] "HEAD /d1/582/AUTH_894cd03fe1784539ac082e86e3f12d55/gnocchi.839fc369-bbd2-4bad-9bde-8bf2237024e1" 204 - "HEAD http://172.18.0.2:8080/v1/AUTH_894cd03fe1784539ac082e86e3f12d55/gnocchi.839fc369-bbd2-4bad-9bde-8bf2237024e1?format=json&states=listing" "tx44adc4ba117e459d91cf6-0069affa08" "proxy-server 20" 0.0016 "-" 21 0
Mar 10 11:01:28 standalone proxy-server[130184]: - - 10/Mar/2026/11/01/28 HEAD /v1/AUTH_894cd03fe1784539ac082e86e3f12d55/gnocchi.839fc369-bbd2-4bad-9bde-8bf2237024e1%3Fformat%3Djson%26states%3Dlisting HTTP/1.0 204 - Swift - - - - tx44adc4ba117e459d91cf6-0069affa08 - 0.0053 RL - 1773140488.216434717 1773140488.221707106 0
Mar 10 11:01:28 standalone container-server[127939]: 172.20.0.100 - - [10/Mar/2026:11:01:28 +0000] "GET /d1/582/AUTH_894cd03fe1784539ac082e86e3f12d55/gnocchi.839fc369-bbd2-4bad-9bde-8bf2237024e1" 200 2 "GET http://172.18.0.2:8080/v1/AUTH_894cd03fe1784539ac082e86e3f12d55/gnocchi.839fc369-bbd2-4bad-9bde-8bf2237024e1?format=json&states=listing" "tx44adc4ba117e459d91cf6-0069affa08" "proxy-server 20" 0.0053 "-" 22 0
Mar 10 11:01:28 standalone proxy-server[130184]: 172.18.0.2 172.18.0.100 10/Mar/2026/11/01/28 GET /v1/AUTH_894cd03fe1784539ac082e86e3f12d55/gnocchi.839fc369-bbd2-4bad-9bde-8bf2237024e1%3Fformat%3Djson%26states%3Dlisting HTTP/1.0 200 - python-swiftclient-3.11.1 gAAAAABpr_nDnkB_... - 2 - tx44adc4ba117e459d91cf6-0069affa08 - 0.0186 - - 1773140488.215328217 1773140488.233911753 0
Mar 10 11:01:28 standalone object-server[128308]: 172.20.0.100 - - [10/Mar/2026:11:01:28 +0000] "GET /d1/234/AUTH_894cd03fe1784539ac082e86e3f12d55/gnocchi.839fc369-bbd2-4bad-9bde-8bf2237024e1/1772280000.0_mean_300.0_v3" 404 70 "GET http://172.18.0.2:8080/v1/AUTH_894cd03fe1784539ac082e86e3f12d55/gnocchi.839fc369-bbd2-4bad-9bde-8bf2237024e1/1772280000.0_mean_300.0_v3" "tx103c4d50c1344ea3af751-0069affa08" "proxy-server 20" 0.0036 "-" 24 0
Mar 10 11:01:28 standalone proxy-server[130184]: 172.18.0.2 172.18.0.100 10/Mar/2026/11/01/28 GET /v1/AUTH_894cd03fe1784539ac082e86e3f12d55/gnocchi.839fc369-bbd2-4bad-9bde-8bf2237024e1/1772280000.0_mean_300.0_v3 HTTP/1.0 404 - python-swiftclient-3.11.1 gAAAAABpr_nDnkB_... - 70 - tx103c4d50c1344ea3af751-0069affa08 - 0.0449 - - 1773140488.236999273 1773140488.281909943 0
