Mar 10 11:01:28 standalone container-server[127939]: 172.20.0.100 - - [10/Mar/2026:11:01:28 +0000] "PUT /d1/582/AUTH_894cd03fe1784539ac082e86e3f12d55/gnocchi.839fc369-bbd2-4bad-9bde-8bf2237024e1/1772280000.0_mean_300.0_v3" 201 - "PUT http://172.18.0.2:8080/d1/234/AUTH_894cd03fe1784539ac082e86e3f12d55/gnocchi.839fc369-bbd2-4bad-9bde-8bf2237024e1/1772280000.0_mean_300.0_v3" "tx04dfae1192e3434b9527a-0069affa08" "object-server 25" 0.0011 "-" 22 0
Mar 10 11:01:28 standalone object-server[128310]: 172.20.0.100 - - [10/Mar/2026:11:01:28 +0000] "PUT /d1/234/AUTH_894cd03fe1784539ac082e86e3f12d55/gnocchi.839fc369-bbd2-4bad-9bde-8bf2237024e1/1772280000.0_mean_300.0_v3" 201 - "PUT http://172.18.0.2:8080/v1/AUTH_894cd03fe1784539ac082e86e3f12d55/gnocchi.839fc369-bbd2-4bad-9bde-8bf2237024e1/1772280000.0_mean_300.0_v3" "tx04dfae1192e3434b9527a-0069affa08" "proxy-server 20" 0.0185 "-" 25 0
Mar 10 11:01:28 standalone proxy-server[130184]: 172.18.0.2 172.18.0.100 10/Mar/2026/11/01/28 PUT /v1/AUTH_894cd03fe1784539ac082e86e3f12d55/gnocchi.839fc369-bbd2-4bad-9bde-8bf2237024e1/1772280000.0_mean_300.0_v3 HTTP/1.0 201 - python-swiftclient-3.11.1 gAAAAABpr_nDnkB_... 16 - - tx04dfae1192e3434b9527a-0069affa08 - 0.0267 - - 1773140488.284759045 1773140488.311455250 0
Mar 10 11:01:28 standalone container-server[127923]: 172.20.0.100 - - [10/Mar/2026:11:01:28 +0000] "PUT /d1/582/AUTH_894cd03fe1784539ac082e86e3f12d55/gnocchi.839fc369-bbd2-4bad-9bde-8bf2237024e1/none_v3" 201 - "PUT http://172.18.0.2:8080/d1/943/AUTH_894cd03fe1784539ac082e86e3f12d55/gnocchi.839fc369-bbd2-4bad-9bde-8bf2237024e1/none_v3" "tx75ff17eac41544939b9ff-0069affa08" "object-server 25" 0.0010 "-" 20 0
Mar 10 11:01:28 standalone object-server[128310]: 172.20.0.100 - - [10/Mar/2026:11:01:28 +0000] "PUT /d1/943/AUTH_894cd03fe1784539ac082e86e3f12d55/gnocchi.839fc369-bbd2-4bad-9bde-8bf2237024e1/none_v3" 201 - "PUT http://172.18.0.2:8080/v1/AUTH_894cd03fe1784539ac082e86e3f12d55/gnocchi.839fc369-bbd2-4bad-9bde-8bf2237024e1/none_v3" "tx75ff17eac41544939b9ff-0069affa08" "proxy-server 20" 0.0162 "-" 25 0
Mar 10 11:01:28 standalone proxy-server[130184]: 172.18.0.2 172.18.0.100 10/Mar/2026/11/01/28 PUT /v1/AUTH_894cd03fe1784539ac082e86e3f12d55/gnocchi.839fc369-bbd2-4bad-9bde-8bf2237024e1/none_v3 HTTP/1.0 201 - python-swiftclient-3.11.1 gAAAAABpr_nDnkB_... 22 - - tx75ff17eac41544939b9ff-0069affa08 - 0.0252 - - 1773140488.316924095 1773140488.342074633 0
Mar 10 11:01:28 standalone container-server[127923]: 172.20.0.100 - - [10/Mar/2026:11:01:28 +0000] "HEAD /d1/420/AUTH_894cd03fe1784539ac082e86e3f12d55/gnocchi.9a3f0d19-4f6d-4b4c-9267-cef68f605724" 404 - "HEAD http://172.18.0.2:8080/v1/AUTH_894cd03fe1784539ac082e86e3f12d55/gnocchi.9a3f0d19-4f6d-4b4c-9267-cef68f605724?format=json&states=listing" "txc6ceb576c444454a8fe91-0069affa08" "proxy-server 20" 0.0007 "-" 20 0
Mar 10 11:01:28 standalone object-server[128304]: 172.20.0.100 - - [10/Mar/2026:11:01:28 +0000] "GET /d1/11/AUTH_894cd03fe1784539ac082e86e3f12d55/gnocchi.9a3f0d19-4f6d-4b4c-9267-cef68f605724/none_v3" 404 70 "GET http://172.18.0.2:8080/v1/AUTH_894cd03fe1784539ac082e86e3f12d55/gnocchi.9a3f0d19-4f6d-4b4c-9267-cef68f605724/none_v3" "txc6ceb576c444454a8fe91-0069affa08" "proxy-server 20" 0.0012 "-" 22 0
Mar 10 11:01:28 standalone proxy-server[130184]: 172.18.0.2 172.18.0.100 10/Mar/2026/11/01/28 GET /v1/AUTH_894cd03fe1784539ac082e86e3f12d55/gnocchi.9a3f0d19-4f6d-4b4c-9267-cef68f605724/none_v3 HTTP/1.0 404 - python-swiftclient-3.11.1 gAAAAABpr_nDnkB_... - 70 - txc6ceb576c444454a8fe91-0069affa08 - 0.0217 - - 1773140488.360724688 1773140488.382451534 0
Mar 10 11:01:28 standalone account-server[127968]: 172.20.0.100 - - [10/Mar/2026:11:01:28 +0000] "PUT /d1/783/AUTH_894cd03fe1784539ac082e86e3f12d55/gnocchi.9a3f0d19-4f6d-4b4c-9267-cef68f605724" 201 - "PUT http://172.20.0.100:6001/d1/420/AUTH_894cd03fe1784539ac082e86e3f12d55/gnocchi.9a3f0d19-4f6d-4b4c-9267-cef68f605724" "txe66c3f6380fd42958cf0e-0069affa08" "container-server 21" 0.0081 "-" 16 0
Mar 10 11:01:28 standalone container-server[127926]: 172.20.0.100 - - [10/Mar/2026:11:01:28 +0000] "PUT /d1/420/AUTH_894cd03fe1784539ac082e86e3f12d55/gnocchi.9a3f0d19-4f6d-4b4c-9267-cef68f605724" 201 - "PUT http://172.18.0.2:8080/v1/AUTH_894cd03fe1784539ac082e86e3f12d55/gnocchi.9a3f0d19-4f6d-4b4c-9267-cef68f605724" "txe66c3f6380fd42958cf0e-0069affa08" "proxy-server 20" 0.0331 "-" 21 0
Mar 10 11:01:28 standalone proxy-server[130184]: 172.18.0.2 172.18.0.100 10/Mar/2026/11/01/28 PUT /v1/AUTH_894cd03fe1784539ac082e86e3f12d55/gnocchi.9a3f0d19-4f6d-4b4c-9267-cef68f605724 HTTP/1.0 201 - python-swiftclient-3.11.1 gAAAAABpr_nDnkB_... - - - txe66c3f6380fd42958cf0e-0069affa08 - 0.0458 - - 1773140488.387964010 1773140488.433736801 0
Mar 10 11:01:28 standalone container-server[127926]: 172.20.0.100 - - [10/Mar/2026:11:01:28 +0000] "HEAD /d1/420/AUTH_894cd03fe1784539ac082e86e3f12d55/gnocchi.9a3f0d19-4f6d-4b4c-9267-cef68f605724" 204 - "HEAD http://172.18.0.2:8080/v1/AUTH_894cd03fe1784539ac082e86e3f12d55/gnocchi.9a3f0d19-4f6d-4b4c-9267-cef68f605724?format=json&states=listing" "txe0728ccbb71043c0bc61f-0069affa08" "proxy-server 20" 0.0044 "-" 21 0
Mar 10 11:01:28 standalone proxy-server[130184]: - - 10/Mar/2026/11/01/28 HEAD /v1/AUTH_894cd03fe1784539ac082e86e3f12d55/gnocchi.9a3f0d19-4f6d-4b4c-9267-cef68f605724%3Fformat%3Djson%26states%3Dlisting HTTP/1.0 204 - Swift - - - - txe0728ccbb71043c0bc61f-0069affa08 - 0.0139 RL - 1773140488.445751905 1773140488.459636211 0
Mar 10 11:01:28 standalone container-server[127923]: 172.20.0.100 - - [10/Mar/2026:11:01:28 +0000] "GET /d1/420/AUTH_894cd03fe1784539ac082e86e3f12d55/gnocchi.9a3f0d19-4f6d-4b4c-9267-cef68f605724" 200 2 "GET http://172.18.0.2:8080/v1/AUTH_894cd03fe1784539ac082e86e3f12d55/gnocchi.9a3f0d19-4f6d-4b4c-9267-cef68f605724?format=json&states=listing" "txe0728ccbb71043c0bc61f-0069affa08" "proxy-server 20" 0.0060 "-" 20 0
Mar 10 11:01:28 standalone proxy-server[130184]: 172.18.0.2 172.18.0.100 10/Mar/2026/11/01/28 GET /v1/AUTH_894cd03fe1784539ac082e86e3f12d55/gnocchi.9a3f0d19-4f6d-4b4c-9267-cef68f605724%3Fformat%3Djson%26states%3Dlisting HTTP/1.0 200 - python-swiftclient-3.11.1 gAAAAABpr_nDnkB_... - 2 - txe0728ccbb71043c0bc61f-0069affa08 - 0.0335 - - 1773140488.442219973 1773140488.475728750 0
Mar 10 11:01:28 standalone object-server[128307]: 172.20.0.100 - - [10/Mar/2026:11:01:28 +0000] "GET /d1/431/AUTH_894cd03fe1784539ac082e86e3f12d55/gnocchi.9a3f0d19-4f6d-4b4c-9267-cef68f605724/1772280000.0_mean_300.0_v3" 404 70 "GET http://172.18.0.2:8080/v1/AUTH_894cd03fe1784539ac082e86e3f12d55/gnocchi.9a3f0d19-4f6d-4b4c-9267-cef68f605724/1772280000.0_mean_300.0_v3" "tx51afdf67ccdc4d95a11c4-0069affa08" "proxy-server 20" 0.0010 "-" 23 0
Mar 10 11:01:28 standalone proxy-server[130184]: 172.18.0.2 172.18.0.100 10/Mar/2026/11/01/28 GET /v1/AUTH_894cd03fe1784539ac082e86e3f12d55/gnocchi.9a3f0d19-4f6d-4b4c-9267-cef68f605724/1772280000.0_mean_300.0_v3 HTTP/1.0 404 - python-swiftclient-3.11.1 gAAAAABpr_nDnkB_... - 70 - tx51afdf67ccdc4d95a11c4-0069affa08 - 0.0087 - - 1773140488.482320070 1773140488.490975857 0
Mar 10 11:01:28 standalone container-server[127951]: 172.20.0.100 - - [10/Mar/2026:11:01:28 +0000] "PUT /d1/420/AUTH_894cd03fe1784539ac082e86e3f12d55/gnocchi.9a3f0d19-4f6d-4b4c-9267-cef68f605724/1772280000.0_mean_300.0_v3" 201 - "PUT http://172.18.0.2:8080/d1/431/AUTH_894cd03fe1784539ac082e86e3f12d55/gnocchi.9a3f0d19-4f6d-4b4c-9267-cef68f605724/1772280000.0_mean_300.0_v3" "tx434d03d27b0943a28bda0-0069affa08" "object-server 22" 0.0009 "-" 23 0
Mar 10 11:01:28 standalone object-server[128304]: 172.20.0.100 - - [10/Mar/2026:11:01:28 +0000] "PUT /d1/431/AUTH_894cd03fe1784539ac082e86e3f12d55/gnocchi.9a3f0d19-4f6d-4b4c-9267-cef68f605724/1772280000.0_mean_300.0_v3" 201 - "PUT http://172.18.0.2:8080/v1/AUTH_894cd03fe1784539ac082e86e3f12d55/gnocchi.9a3f0d19-4f6d-4b4c-9267-cef68f605724/1772280000.0_mean_300.0_v3" "tx434d03d27b0943a28bda0-0069affa08" "proxy-server 20" 0.0196 "-" 22 0
Mar 10 11:01:28 standalone proxy-server[130184]: 172.18.0.2 172.18.0.100 10/Mar/2026/11/01/28 PUT /v1/AUTH_894cd03fe1784539ac082e86e3f12d55/gnocchi.9a3f0d19-4f6d-4b4c-9267-cef68f605724/1772280000.0_mean_300.0_v3 HTTP/1.0 201 - python-swiftclient-3.11.1 gAAAAABpr_nDnkB_... 16 - - tx434d03d27b0943a28bda0-0069affa08 - 0.0271 - - 1773140488.494916439 1773140488.521986961 0
Mar 10 11:01:28 standalone container-server[127951]: 172.20.0.100 - - [10/Mar/2026:11:01:28 +0000] "PUT /d1/420/AUTH_894cd03fe1784539ac082e86e3f12d55/gnocchi.9a3f0d19-4f6d-4b4c-9267-cef68f605724/none_v3" 201 - "PUT http://172.18.0.2:8080/d1/11/AUTH_894cd03fe1784539ac082e86e3f12d55/gnocchi.9a3f0d19-4f6d-4b4c-9267-cef68f605724/none_v3" "tx0afd8518efbc4851b9822-0069affa08" "object-server 25" 0.0007 "-" 23 0
Mar 10 11:01:28 standalone object-server[128310]: 172.20.0.100 - - [10/Mar/2026:11:01:28 +0000] "PUT /d1/11/AUTH_894cd03fe1784539ac082e86e3f12d55/gnocchi.9a3f0d19-4f6d-4b4c-9267-cef68f605724/none_v3" 201 - "PUT http://172.18.0.2:8080/v1/AUTH_894cd03fe1784539ac082e86e3f12d55/gnocchi.9a3f0d19-4f6d-4b4c-9267-cef68f605724/none_v3" "tx0afd8518efbc4851b9822-0069affa08" "proxy-server 20" 0.0164 "-" 25 0
Mar 10 11:01:28 standalone proxy-server[130184]: 172.18.0.2 172.18.0.100 10/Mar/2026/11/01/28 PUT /v1/AUTH_894cd03fe1784539ac082e86e3f12d55/gnocchi.9a3f0d19-4f6d-4b4c-9267-cef68f605724/none_v3 HTTP/1.0 201 - python-swiftclient-3.11.1 gAAAAABpr_nDnkB_... 22 - - tx0afd8518efbc4851b9822-0069affa08 - 0.0267 - - 1773140488.527108908 1773140488.553788900 0
Mar 10 11:01:28 standalone container-server[127951]: 172.20.0.100 - - [10/Mar/2026:11:01:28 +0000] "HEAD /d1/229/AUTH_894cd03fe1784539ac082e86e3f12d55/gnocchi.93a0c04c-2747-4a7d-82ca-bce4ea022bad" 404 - "HEAD http://172.18.0.2:8080/v1/AUTH_894cd03fe1784539ac082e86e3f12d55/gnocchi.93a0c04c-2747-4a7d-82ca-bce4ea022bad?format=json&states=listing" "tx05cfc7819e714f7aac3a4-0069affa08" "proxy-server 20" 0.0006 "-" 23 0
Mar 10 11:01:28 standalone object-server[128310]: 172.20.0.100 - - [10/Mar/2026:11:01:28 +0000] "GET /d1/137/AUTH_894cd03fe1784539ac082e86e3f12d55/gnocchi.93a0c04c-2747-4a7d-82ca-bce4ea022bad/none_v3" 404 70 "GET http://172.18.0.2:8080/v1/AUTH_894cd03fe1784539ac082e86e3f12d55/gnocchi.93a0c04c-2747-4a7d-82ca-bce4ea022bad/none_v3" "tx05cfc7819e714f7aac3a4-0069affa08" "proxy-server 20" 0.0004 "-" 25 0
Mar 10 11:01:28 standalone proxy-server[130184]: 172.18.0.2 172.18.0.100 10/Mar/2026/11/01/28 GET /v1/AUTH_894cd03fe1784539ac082e86e3f12d55/gnocchi.93a0c04c-2747-4a7d-82ca-bce4ea022bad/none_v3 HTTP/1.0 404 - python-swiftclient-3.11.1 gAAAAABpr_nDnkB_... - 70 - tx05cfc7819e714f7aac3a4-0069affa08 - 0.0132 - - 1773140488.570983648 1773140488.584186316 0
Mar 10 11:01:28 standalone account-server[127986]: 172.20.0.100 - - [10/Mar/2026:11:01:28 +0000] "PUT /d1/783/AUTH_894cd03fe1784539ac082e86e3f12d55/gnocchi.93a0c04c-2747-4a7d-82ca-bce4ea022bad" 201 - "PUT http://172.20.0.100:6001/d1/229/AUTH_894cd03fe1784539ac082e86e3f12d55/gnocchi.93a0c04c-2747-4a7d-82ca-bce4ea022bad" "tx0e2997f440614dea84e03-0069affa08" "container-server 21" 0.0105 "-" 17 0
Mar 10 11:01:28 standalone container-server[127926]: 172.20.0.100 - - [10/Mar/2026:11:01:28 +0000] "PUT /d1/229/AUTH_894cd03fe1784539ac082e86e3f12d55/gnocchi.93a0c04c-2747-4a7d-82ca-bce4ea022bad" 201 - "PUT http://172.18.0.2:8080/v1/AUTH_894cd03fe1784539ac082e86e3f12d55/gnocchi.93a0c04c-2747-4a7d-82ca-bce4ea022bad" "tx0e2997f440614dea84e03-0069affa08" "proxy-server 20" 0.0377 "-" 21 0
Mar 10 11:01:28 standalone proxy-server[130184]: 172.18.0.2 172.18.0.100 10/Mar/2026/11/01/28 PUT /v1/AUTH_894cd03fe1784539ac082e86e3f12d55/gnocchi.93a0c04c-2747-4a7d-82ca-bce4ea022bad HTTP/1.0 201 - python-swiftclient-3.11.1 gAAAAABpr_nDnkB_... - - - tx0e2997f440614dea84e03-0069affa08 - 0.0448 - - 1773140488.589045525 1773140488.633874178 0
Mar 10 11:01:28 standalone container-server[127923]: 172.20.0.100 - - [10/Mar/2026:11:01:28 +0000] "HEAD /d1/229/AUTH_894cd03fe1784539ac082e86e3f12d55/gnocchi.93a0c04c-2747-4a7d-82ca-bce4ea022bad" 204 - "HEAD http://172.18.0.2:8080/v1/AUTH_894cd03fe1784539ac082e86e3f12d55/gnocchi.93a0c04c-2747-4a7d-82ca-bce4ea022bad?format=json&states=listing" "tx305dfb553b574bc5bc0ee-0069affa08" "proxy-server 20" 0.0023 "-" 20 0
Mar 10 11:01:28 standalone proxy-server[130184]: - - 10/Mar/2026/11/01/28 HEAD /v1/AUTH_894cd03fe1784539ac082e86e3f12d55/gnocchi.93a0c04c-2747-4a7d-82ca-bce4ea022bad%3Fformat%3Djson%26states%3Dlisting HTTP/1.0 204 - Swift - - - - tx305dfb553b574bc5bc0ee-0069affa08 - 0.0059 RL - 1773140488.641465425 1773140488.647392273 0
Mar 10 11:01:28 standalone container-server[127923]: 172.20.0.100 - - [10/Mar/2026:11:01:28 +0000] "GET /d1/229/AUTH_894cd03fe1784539ac082e86e3f12d55/gnocchi.93a0c04c-2747-4a7d-82ca-bce4ea022bad" 200 2 "GET http://172.18.0.2:8080/v1/AUTH_894cd03fe1784539ac082e86e3f12d55/gnocchi.93a0c04c-2747-4a7d-82ca-bce4ea022bad?format=json&states=listing" "tx305dfb553b574bc5bc0ee-0069affa08" "proxy-server 20" 0.0030 "-" 20 0
Mar 10 11:01:28 standalone proxy-server[130184]: 172.18.0.2 172.18.0.100 10/Mar/2026/11/01/28 GET /v1/AUTH_894cd03fe1784539ac082e86e3f12d55/gnocchi.93a0c04c-2747-4a7d-82ca-bce4ea022bad%3Fformat%3Djson%26states%3Dlisting HTTP/1.0 200 - python-swiftclient-3.11.1 gAAAAABpr_nDnkB_... - 2 - tx305dfb553b574bc5bc0ee-0069affa08 - 0.0186 - - 1773140488.640372276 1773140488.658991814 0
Mar 10 11:01:28 standalone object-server[128304]: 172.20.0.100 - - [10/Mar/2026:11:01:28 +0000] "GET /d1/950/AUTH_894cd03fe1784539ac082e86e3f12d55/gnocchi.93a0c04c-2747-4a7d-82ca-bce4ea022bad/1772280000.0_mean_300.0_v3" 404 70 "GET http://172.18.0.2:8080/v1/AUTH_894cd03fe1784539ac082e86e3f12d55/gnocchi.93a0c04c-2747-4a7d-82ca-bce4ea022bad/1772280000.0_mean_300.0_v3" "tx127f31f80455402ca615a-0069affa08" "proxy-server 20" 0.0008 "-" 22 0
Mar 10 11:01:28 standalone proxy-server[130184]: 172.18.0.2 172.18.0.100 10/Mar/2026/11/01/28 GET /v1/AUTH_894cd03fe1784539ac082e86e3f12d55/gnocchi.93a0c04c-2747-4a7d-82ca-bce4ea022bad/1772280000.0_mean_300.0_v3 HTTP/1.0 404 - python-swiftclient-3.11.1 gAAAAABpr_nDnkB_... - 70 - tx127f31f80455402ca615a-0069affa08 - 0.0130 - - 1773140488.665611744 1773140488.678630590 0
Mar 10 11:01:28 standalone container-server[127939]: 172.20.0.100 - - [10/Mar/2026:11:01:28 +0000] "PUT /d1/229/AUTH_894cd03fe1784539ac082e86e3f12d55/gnocchi.93a0c04c-2747-4a7d-82ca-bce4ea022bad/1772280000.0_mean_300.0_v3" 201 - "PUT http://172.18.0.2:8080/d1/950/AUTH_894cd03fe1784539ac082e86e3f12d55/gnocchi.93a0c04c-2747-4a7d-82ca-bce4ea022bad/1772280000.0_mean_300.0_v3" "txd95345b9f5924cbb8742b-0069affa08" "object-server 22" 0.0014 "-" 22 0
Mar 10 11:01:28 standalone object-server[128304]: 172.20.0.100 - - [10/Mar/2026:11:01:28 +0000] "PUT /d1/950/AUTH_894cd03fe1784539ac082e86e3f12d55/gnocchi.93a0c04c-2747-4a7d-82ca-bce4ea022bad/1772280000.0_mean_300.0_v3" 201 - "PUT http://172.18.0.2:8080/v1/AUTH_894cd03fe1784539ac082e86e3f12d55/gnocchi.93a0c04c-2747-4a7d-82ca-bce4ea022bad/1772280000.0_mean_300.0_v3" "txd95345b9f5924cbb8742b-0069affa08" "proxy-server 20" 0.0157 "-" 22 0
Mar 10 11:01:28 standalone proxy-server[130184]: 172.18.0.2 172.18.0.100 10/Mar/2026/11/01/28 PUT /v1/AUTH_894cd03fe1784539ac082e86e3f12d55/gnocchi.93a0c04c-2747-4a7d-82ca-bce4ea022bad/1772280000.0_mean_300.0_v3 HTTP/1.0 201 - python-swiftclient-3.11.1 gAAAAABpr_nDnkB_... 16 - - txd95345b9f5924cbb8742b-0069affa08 - 0.0220 - - 1773140488.683126926 1773140488.705136061 0
Mar 10 11:01:28 standalone container-server[127923]: 172.20.0.100 - - [10/Mar/2026:11:01:28 +0000] "PUT /d1/229/AUTH_894cd03fe1784539ac082e86e3f12d55/gnocchi.93a0c04c-2747-4a7d-82ca-bce4ea022bad/none_v3" 201 - "PUT http://172.18.0.2:8080/d1/137/AUTH_894cd03fe1784539ac082e86e3f12d55/gnocchi.93a0c04c-2747-4a7d-82ca-bce4ea022bad/none_v3" "tx6e0bb1c545d04813b53a8-0069affa08" "object-server 23" 0.0009 "-" 20 0
Mar 10 11:01:28 standalone object-server[128307]: 172.20.0.100 - - [10/Mar/2026:11:01:28 +0000] "PUT /d1/137/AUTH_894cd03fe1784539ac082e86e3f12d55/gnocchi.93a0c04c-2747-4a7d-82ca-bce4ea022bad/none_v3" 201 - "PUT http://172.18.0.2:8080/v1/AUTH_894cd03fe1784539ac082e86e3f12d55/gnocchi.93a0c04c-2747-4a7d-82ca-bce4ea022bad/none_v3" "tx6e0bb1c545d04813b53a8-0069affa08" "proxy-server 20" 0.0158 "-" 23 0
Mar 10 11:01:28 standalone proxy-server[130184]: 172.18.0.2 172.18.0.100 10/Mar/2026/11/01/28 PUT /v1/AUTH_894cd03fe1784539ac082e86e3f12d55/gnocchi.93a0c04c-2747-4a7d-82ca-bce4ea022bad/none_v3 HTTP/1.0 201 - python-swiftclient-3.11.1 gAAAAABpr_nDnkB_... 22 - - tx6e0bb1c545d04813b53a8-0069affa08 - 0.0230 - - 1773140488.708470345 1773140488.731473207 0
Mar 10 11:01:28 standalone container-server[127923]: 172.20.0.100 - - [10/Mar/2026:11:01:28 +0000] "HEAD /d1/144/AUTH_894cd03fe1784539ac082e86e3f12d55/gnocchi.b0ee55de-4b33-43c6-b341-fd5ea31bd9eb" 404 - "HEAD http://172.18.0.2:8080/v1/AUTH_894cd03fe1784539ac082e86e3f12d55/gnocchi.b0ee55de-4b33-43c6-b341-fd5ea31bd9eb?format=json&states=listing" "tx3f92d850802a4dcfb3da1-0069affa08" "proxy-server 20" 0.0007 "-" 20 0
Mar 10 11:01:28 standalone object-server[128310]: 172.20.0.100 - - [10/Mar/2026:11:01:28 +0000] "GET /d1/772/AUTH_894cd03fe1784539ac082e86e3f12d55/gnocchi.b0ee55de-4b33-43c6-b341-fd5ea31bd9eb/none_v3" 404 70 "GET http://172.18.0.2:8080/v1/AUTH_894cd03fe1784539ac082e86e3f12d55/gnocchi.b0ee55de-4b33-43c6-b341-fd5ea31bd9eb/none_v3" "tx3f92d850802a4dcfb3da1-0069affa08" "proxy-server 20" 0.0005 "-" 25 0
Mar 10 11:01:28 standalone proxy-server[130184]: 172.18.0.2 172.18.0.100 10/Mar/2026/11/01/28 GET /v1/AUTH_894cd03fe1784539ac082e86e3f12d55/gnocchi.b0ee55de-4b33-43c6-b341-fd5ea31bd9eb/none_v3 HTTP/1.0 404 - python-swiftclient-3.11.1 gAAAAABpr_nDnkB_... - 70 - tx3f92d850802a4dcfb3da1-0069affa08 - 0.0174 - - 1773140488.750472307 1773140488.767876148 0
Mar 10 11:01:28 standalone account-server[127964]: 172.20.0.100 - - [10/Mar/2026:11:01:28 +0000] "PUT /d1/783/AUTH_894cd03fe1784539ac082e86e3f12d55/gnocchi.b0ee55de-4b33-43c6-b341-fd5ea31bd9eb" 201 - "PUT http://172.20.0.100:6001/d1/144/AUTH_894cd03fe1784539ac082e86e3f12d55/gnocchi.b0ee55de-4b33-43c6-b341-fd5ea31bd9eb" "txdb4580e0b7414182a6825-0069affa08" "container-server 22" 0.0070 "-" 15 0
Mar 10 11:01:28 standalone container-server[127939]: 172.20.0.100 - - [10/Mar/2026:11:01:28 +0000] "PUT /d1/144/AUTH_894cd03fe1784539ac082e86e3f12d55/gnocchi.b0ee55de-4b33-43c6-b341-fd5ea31bd9eb" 201 - "PUT http://172.18.0.2:8080/v1/AUTH_894cd03fe1784539ac082e86e3f12d55/gnocchi.b0ee55de-4b33-43c6-b341-fd5ea31bd9eb" "txdb4580e0b7414182a6825-0069affa08" "proxy-server 20" 0.0239 "-" 22 0
Mar 10 11:01:28 standalone proxy-server[130184]: 172.18.0.2 172.18.0.100 10/Mar/2026/11/01/28 PUT /v1/AUTH_894cd03fe1784539ac082e86e3f12d55/gnocchi.b0ee55de-4b33-43c6-b341-fd5ea31bd9eb HTTP/1.0 201 - python-swiftclient-3.11.1 gAAAAABpr_nDnkB_... - - - txdb4580e0b7414182a6825-0069affa08 - 0.0362 - - 1773140488.779226780 1773140488.815472603 0
Mar 10 11:01:28 standalone container-server[127939]: 172.20.0.100 - - [10/Mar/2026:11:01:28 +0000] "HEAD /d1/144/AUTH_894cd03fe1784539ac082e86e3f12d55/gnocchi.b0ee55de-4b33-43c6-b341-fd5ea31bd9eb" 204 - "HEAD http://172.18.0.2:8080/v1/AUTH_894cd03fe1784539ac082e86e3f12d55/gnocchi.b0ee55de-4b33-43c6-b341-fd5ea31bd9eb?format=json&states=listing" "tx10f36bf4ac6743bcb60d9-0069affa08" "proxy-server 20" 0.0046 "-" 22 0
Mar 10 11:01:28 standalone proxy-server[130184]: - - 10/Mar/2026/11/01/28 HEAD /v1/AUTH_894cd03fe1784539ac082e86e3f12d55/gnocchi.b0ee55de-4b33-43c6-b341-fd5ea31bd9eb%3Fformat%3Djson%26states%3Dlisting HTTP/1.0 204 - Swift - - - - tx10f36bf4ac6743bcb60d9-0069affa08 - 0.0112 RL - 1773140488.823251247 1773140488.834493876 0
Mar 10 11:01:28 standalone container-server[127923]: 172.20.0.100 - - [10/Mar/2026:11:01:28 +0000] "GET /d1/144/AUTH_894cd03fe1784539ac082e86e3f12d55/gnocchi.b0ee55de-4b33-43c6-b341-fd5ea31bd9eb" 200 2 "GET http://172.18.0.2:8080/v1/AUTH_894cd03fe1784539ac082e86e3f12d55/gnocchi.b0ee55de-4b33-43c6-b341-fd5ea31bd9eb?format=json&states=listing" "tx10f36bf4ac6743bcb60d9-0069affa08" "proxy-server 20" 0.0052 "-" 20 0
Mar 10 11:01:28 standalone proxy-server[130184]: 172.18.0.2 172.18.0.100 10/Mar/2026/11/01/28 GET /v1/AUTH_894cd03fe1784539ac082e86e3f12d55/gnocchi.b0ee55de-4b33-43c6-b341-fd5ea31bd9eb%3Fformat%3Djson%26states%3Dlisting HTTP/1.0 200 - python-swiftclient-3.11.1 gAAAAABpr_nDnkB_... - 2 - tx10f36bf4ac6743bcb60d9-0069affa08 - 0.0317 - - 1773140488.820458174 1773140488.852137327 0
Mar 10 11:01:28 standalone object-server[128310]: 172.20.0.100 - - [10/Mar/2026:11:01:28 +0000] "GET /d1/648/AUTH_894cd03fe1784539ac082e86e3f12d55/gnocchi.b0ee55de-4b33-43c6-b341-fd5ea31bd9eb/1772280000.0_mean_300.0_v3" 404 70 "GET http://172.18.0.2:8080/v1/AUTH_894cd03fe1784539ac082e86e3f12d55/gnocchi.b0ee55de-4b33-43c6-b341-fd5ea31bd9eb/1772280000.0_mean_300.0_v3" "tx03767d8736274654800b6-0069affa08" "proxy-server 20" 0.0013 "-" 25 0
Mar 10 11:01:28 standalone proxy-server[130184]: 172.18.0.2 172.18.0.100 10/Mar/2026/11/01/28 GET /v1/AUTH_894cd03fe1784539ac082e86e3f12d55/gnocchi.b0ee55de-4b33-43c6-b341-fd5ea31bd9eb/1772280000.0_mean_300.0_v3 HTTP/1.0 404 - python-swiftclient-3.11.1 gAAAAABpr_nDnkB_... - 70 - tx03767d8736274654800b6-0069affa08 - 0.0131 - - 1773140488.862939119 1773140488.876008749 0
Mar 10 11:01:28 standalone container-server[127939]: 172.20.0.100 - - [10/Mar/2026:11:01:28 +0000] "PUT /d1/144/AUTH_894cd03fe1784539ac082e86e3f12d55/gnocchi.b0ee55de-4b33-43c6-b341-fd5ea31bd9eb/1772280000.0_mean_300.0_v3" 201 - "PUT http://172.18.0.2:8080/d1/648/AUTH_894cd03fe1784539ac082e86e3f12d55/gnocchi.b0ee55de-4b33-43c6-b341-fd5ea31bd9eb/1772280000.0_mean_300.0_v3" "txf290c189e6b0478b89997-0069affa08" "object-server 25" 0.0008 "-" 22 0
Mar 10 11:01:28 standalone object-server[128310]: 172.20.0.100 - - [10/Mar/2026:11:01:28 +0000] "PUT /d1/648/AUTH_894cd03fe1784539ac082e86e3f12d55/gnocchi.b0ee55de-4b33-43c6-b341-fd5ea31bd9eb/1772280000.0_mean_300.0_v3" 201 - "PUT http://172.18.0.2:8080/v1/AUTH_894cd03fe1784539ac082e86e3f12d55/gnocchi.b0ee55de-4b33-43c6-b341-fd5ea31bd9eb/1772280000.0_mean_300.0_v3" "txf290c189e6b0478b89997-0069affa08" "proxy-server 20" 0.0150 "-" 25 0
Mar 10 11:01:28 standalone proxy-server[130184]: 172.18.0.2 172.18.0.100 10/Mar/2026/11/01/28 PUT /v1/AUTH_894cd03fe1784539ac082e86e3f12d55/gnocchi.b0ee55de-4b33-43c6-b341-fd5ea31bd9eb/1772280000.0_mean_300.0_v3 HTTP/1.0 201 - python-swiftclient-3.11.1 gAAAAABpr_nDnkB_... 16 - - txf290c189e6b0478b89997-0069affa08 - 0.0252 - - 1773140488.880303621 1773140488.905473232 0
Mar 10 11:01:28 standalone container-server[127926]: 172.20.0.100 - - [10/Mar/2026:11:01:28 +0000] "PUT /d1/144/AUTH_894cd03fe1784539ac082e86e3f12d55/gnocchi.b0ee55de-4b33-43c6-b341-fd5ea31bd9eb/none_v3" 201 - "PUT http://172.18.0.2:8080/d1/772/AUTH_894cd03fe1784539ac082e86e3f12d55/gnocchi.b0ee55de-4b33-43c6-b341-fd5ea31bd9eb/none_v3" "txd8248b512bb04d078c6f9-0069affa08" "object-server 25" 0.0009 "-" 21 0
Mar 10 11:01:28 standalone object-server[128310]: 172.20.0.100 - - [10/Mar/2026:11:01:28 +0000] "PUT /d1/772/AUTH_894cd03fe1784539ac082e86e3f12d55/gnocchi.b0ee55de-4b33-43c6-b341-fd5ea31bd9eb/none_v3" 201 - "PUT http://172.18.0.2:8080/v1/AUTH_894cd03fe1784539ac082e86e3f12d55/gnocchi.b0ee55de-4b33-43c6-b341-fd5ea31bd9eb/none_v3" "txd8248b512bb04d078c6f9-0069affa08" "proxy-server 20" 0.0171 "-" 25 0
Mar 10 11:01:28 standalone proxy-server[130184]: 172.18.0.2 172.18.0.100 10/Mar/2026/11/01/28 PUT /v1/AUTH_894cd03fe1784539ac082e86e3f12d55/gnocchi.b0ee55de-4b33-43c6-b341-fd5ea31bd9eb/none_v3 HTTP/1.0 201 - python-swiftclient-3.11.1 gAAAAABpr_nDnkB_... 22 - - txd8248b512bb04d078c6f9-0069affa08 - 0.0292 - - 1773140488.912531614 1773140488.941757441 0
Mar 10 11:01:59 standalone container-server[127926]: 172.20.0.100 - - [10/Mar/2026:11:01:59 +0000] "HEAD /d1/949/AUTH_894cd03fe1784539ac082e86e3f12d55/gnocchi.7839ec1a-0aec-470b-8b19-df6277601745" 404 - "HEAD http://172.18.0.2:8080/v1/AUTH_894cd03fe1784539ac082e86e3f12d55/gnocchi.7839ec1a-0aec-470b-8b19-df6277601745?format=json&states=listing" "tx344f229829094abeab681-0069affa27" "proxy-server 20" 0.0010 "-" 21 0
Mar 10 11:01:59 standalone object-server[128307]: 172.20.0.100 - - [10/Mar/2026:11:01:59 +0000] "GET /d1/308/AUTH_894cd03fe1784539ac082e86e3f12d55/gnocchi.7839ec1a-0aec-470b-8b19-df6277601745/none_v3" 404 70 "GET http://172.18.0.2:8080/v1/AUTH_894cd03fe1784539ac082e86e3f12d55/gnocchi.7839ec1a-0aec-470b-8b19-df6277601745/none_v3" "tx344f229829094abeab681-0069affa27" "proxy-server 20" 0.0009 "-" 23 0
Mar 10 11:01:59 standalone proxy-server[130184]: 172.18.0.2 172.18.0.100 10/Mar/2026/11/01/59 GET /v1/AUTH_894cd03fe1784539ac082e86e3f12d55/gnocchi.7839ec1a-0aec-470b-8b19-df6277601745/none_v3 HTTP/1.0 404 - python-swiftclient-3.11.1 gAAAAABpr_nDnkB_... - 70 - tx344f229829094abeab681-0069affa27 - 0.0162 - - 1773140519.330430508 1773140519.346622705 0
Mar 10 11:01:59 standalone account-server[127968]: 172.20.0.100 - - [10/Mar/2026:11:01:59 +0000] "PUT /d1/783/AUTH_894cd03fe1784539ac082e86e3f12d55/gnocchi.7839ec1a-0aec-470b-8b19-df6277601745" 201 - "PUT http://172.20.0.100:6001/d1/949/AUTH_894cd03fe1784539ac082e86e3f12d55/gnocchi.7839ec1a-0aec-470b-8b19-df6277601745" "tx169724771c7b483da0e30-0069affa27" "container-server 22" 0.0055 "-" 16 0
Mar 10 11:01:59 standalone container-server[127939]: 172.20.0.100 - - [10/Mar/2026:11:01:59 +0000] "PUT /d1/949/AUTH_894cd03fe1784539ac082e86e3f12d55/gnocchi.7839ec1a-0aec-470b-8b19-df6277601745" 201 - "PUT http://172.18.0.2:8080/v1/AUTH_894cd03fe1784539ac082e86e3f12d55/gnocchi.7839ec1a-0aec-470b-8b19-df6277601745" "tx169724771c7b483da0e30-0069affa27" "proxy-server 20" 0.0229 "-" 22 0
Mar 10 11:01:59 standalone proxy-server[130184]: 172.18.0.2 172.18.0.100 10/Mar/2026/11/01/59 PUT /v1/AUTH_894cd03fe1784539ac082e86e3f12d55/gnocchi.7839ec1a-0aec-470b-8b19-df6277601745 HTTP/1.0 201 - python-swiftclient-3.11.1 gAAAAABpr_nDnkB_... - - - tx169724771c7b483da0e30-0069affa27 - 0.0306 - - 1773140519.350712538 1773140519.381271362 0
Mar 10 11:01:59 standalone container-server[127939]: 172.20.0.100 - - [10/Mar/2026:11:01:59 +0000] "HEAD /d1/949/AUTH_894cd03fe1784539ac082e86e3f12d55/gnocchi.7839ec1a-0aec-470b-8b19-df6277601745" 204 - "HEAD http://172.18.0.2:8080/v1/AUTH_894cd03fe1784539ac082e86e3f12d55/gnocchi.7839ec1a-0aec-470b-8b19-df6277601745?format=json&states=listing" "tx7fc7f8e8ac23410699d2f-0069affa27" "proxy-server 20" 0.0046 "-" 22 0
Mar 10 11:01:59 standalone proxy-server[130184]: - - 10/Mar/2026/11/01/59 HEAD /v1/AUTH_894cd03fe1784539ac082e86e3f12d55/gnocchi.7839ec1a-0aec-470b-8b19-df6277601745%3Fformat%3Djson%26states%3Dlisting HTTP/1.0 204 - Swift - - - - tx7fc7f8e8ac23410699d2f-0069affa27 - 0.0097 RL - 1773140519.387394667 1773140519.397047281 0
Mar 10 11:01:59 standalone container-server[127926]: 172.20.0.100 - - [10/Mar/2026:11:01:59 +0000] "GET /d1/949/AUTH_894cd03fe1784539ac082e86e3f12d55/gnocchi.7839ec1a-0aec-470b-8b19-df6277601745" 200 2 "GET http://172.18.0.2:8080/v1/AUTH_894cd03fe1784539ac082e86e3f12d55/gnocchi.7839ec1a-0aec-470b-8b19-df6277601745?format=json&states=listing" "tx7fc7f8e8ac23410699d2f-0069affa27" "proxy-server 20" 0.0034 "-" 21 0
Mar 10 11:01:59 standalone proxy-server[130184]: 172.18.0.2 172.18.0.100 10/Mar/2026/11/01/59 GET /v1/AUTH_894cd03fe1784539ac082e86e3f12d55/gnocchi.7839ec1a-0aec-470b-8b19-df6277601745%3Fformat%3Djson%26states%3Dlisting HTTP/1.0 200 - python-swiftclient-3.11.1 gAAAAABpr_nDnkB_... - 2 - tx7fc7f8e8ac23410699d2f-0069affa27 - 0.0261 - - 1773140519.385744333 1773140519.411867142 0
Mar 10 11:01:59 standalone object-server[128308]: 172.20.0.100 - - [10/Mar/2026:11:01:59 +0000] "GET /d1/258/AUTH_894cd03fe1784539ac082e86e3f12d55/gnocchi.7839ec1a-0aec-470b-8b19-df6277601745/1772280000.0_mean_300.0_v3" 404 70 "GET http://172.18.0.2:8080/v1/AUTH_894cd03fe1784539ac082e86e3f12d55/gnocchi.7839ec1a-0aec-470b-8b19-df6277601745/1772280000.0_mean_300.0_v3" "txffaec3221c4d42f5892c3-0069affa27" "proxy-server 20" 0.0005 "-" 24 0
Mar 10 11:01:59 standalone proxy-server[130184]: 172.18.0.2 172.18.0.100 10/Mar/2026/11/01/59 GET /v1/AUTH_894cd03fe1784539ac082e86e3f12d55/gnocchi.7839ec1a-0aec-470b-8b19-df6277601745/1772280000.0_mean_300.0_v3 HTTP/1.0 404 - python-swiftclient-3.11.1 gAAAAABpr_nDnkB_... - 70 - txffaec3221c4d42f5892c3-0069affa27 - 0.0091 - - 1773140519.422037363 1773140519.431148291 0
Mar 10 11:01:59 standalone container-server[127939]: 172.20.0.100 - - [10/Mar/2026:11:01:59 +0000] "PUT /d1/949/AUTH_894cd03fe1784539ac082e86e3f12d55/gnocchi.7839ec1a-0aec-470b-8b19-df6277601745/1772280000.0_mean_300.0_v3" 201 - "PUT http://172.18.0.2:8080/d1/258/AUTH_894cd03fe1784539ac082e86e3f12d55/gnocchi.7839ec1a-0aec-470b-8b19-df6277601745/1772280000.0_mean_300.0_v3" "tx9da25e9bb9c144e7beffe-0069affa27" "object-server 23" 0.0010 "-" 22 0
Mar 10 11:01:59 standalone object-server[128307]: 172.20.0.100 - - [10/Mar/2026:11:01:59 +0000] "PUT /d1/258/AUTH_894cd03fe1784539ac082e86e3f12d55/gnocchi.7839ec1a-0aec-470b-8b19-df6277601745/1772280000.0_mean_300.0_v3" 201 - "PUT http://172.18.0.2:8080/v1/AUTH_894cd03fe1784539ac082e86e3f12d55/gnocchi.7839ec1a-0aec-470b-8b19-df6277601745/1772280000.0_mean_300.0_v3" "tx9da25e9bb9c144e7beffe-0069affa27" "proxy-server 20" 0.0186 "-" 23 0
Mar 10 11:01:59 standalone proxy-server[130184]: 172.18.0.2 172.18.0.100 10/Mar/2026/11/01/59 PUT /v1/AUTH_894cd03fe1784539ac082e86e3f12d55/gnocchi.7839ec1a-0aec-470b-8b19-df6277601745/1772280000.0_mean_300.0_v3 HTTP/1.0 201 - python-swiftclient-3.11.1 gAAAAABpr_nDnkB_... 16 - - tx9da25e9bb9c144e7beffe-0069affa27 - 0.0278 - - 1773140519.436080217 1773140519.463834524 0
Mar 10 11:01:59 standalone container-server[127939]: 172.20.0.100 - - [10/Mar/2026:11:01:59 +0000] "PUT /d1/949/AUTH_894cd03fe1784539ac082e86e3f12d55/gnocchi.7839ec1a-0aec-470b-8b19-df6277601745/none_v3" 201 - "PUT http://172.18.0.2:8080/d1/308/AUTH_894cd03fe1784539ac082e86e3f12d55/gnocchi.7839ec1a-0aec-470b-8b19-df6277601745/none_v3" "tx4b93278a148b4eddaccf9-0069affa27" "object-server 24" 0.0008 "-" 22 0
Mar 10 11:01:59 standalone object-server[128308]: 172.20.0.100 - - [10/Mar/2026:11:01:59 +0000] "PUT /d1/308/AUTH_894cd03fe1784539ac082e86e3f12d55/gnocchi.7839ec1a-0aec-470b-8b19-df6277601745/none_v3" 201 - "PUT http://172.18.0.2:8080/v1/AUTH_894cd03fe1784539ac082e86e3f12d55/gnocchi.7839ec1a-0aec-470b-8b19-df6277601745/none_v3" "tx4b93278a148b4eddaccf9-0069affa27" "proxy-server 20" 0.0152 "-" 24 0
Mar 10 11:01:59 standalone proxy-server[130184]: 172.18.0.2 172.18.0.100 10/Mar/2026/11/01/59 PUT /v1/AUTH_894cd03fe1784539ac082e86e3f12d55/gnocchi.7839ec1a-0aec-470b-8b19-df6277601745/none_v3 HTTP/1.0 201 - python-swiftclient-3.11.1 gAAAAABpr_nDnkB_... 22 - - tx4b93278a148b4eddaccf9-0069affa27 - 0.0256 - - 1773140519.468647242 1773140519.494229078 0
Mar 10 11:01:59 standalone object-server[128310]: 172.20.0.100 - - [10/Mar/2026:11:01:59 +0000] "GET /d1/698/AUTH_894cd03fe1784539ac082e86e3f12d55/gnocchi.b7155fba-0fb1-4921-94d4-cf1e36746ef7/none_v3" 200 22 "GET http://172.18.0.2:8080/v1/AUTH_894cd03fe1784539ac082e86e3f12d55/gnocchi.b7155fba-0fb1-4921-94d4-cf1e36746ef7/none_v3" "tx9c6d0099d37447cf99608-0069affa27" "proxy-server 20" 0.0014 "-" 25 0
Mar 10 11:01:59 standalone proxy-server[130184]: 172.18.0.2 172.18.0.100 10/Mar/2026/11/01/59 GET /v1/AUTH_894cd03fe1784539ac082e86e3f12d55/gnocchi.b7155fba-0fb1-4921-94d4-cf1e36746ef7/none_v3 HTTP/1.0 200 - python-swiftclient-3.11.1 gAAAAABpr_nDnkB_... - 22 - tx9c6d0099d37447cf99608-0069affa27 - 0.0118 - - 1773140519.584698439 1773140519.596539021 0
Mar 10 11:01:59 standalone container-server[127926]: 172.20.0.100 - - [10/Mar/2026:11:01:59 +0000] "GET /d1/741/AUTH_894cd03fe1784539ac082e86e3f12d55/gnocchi.b7155fba-0fb1-4921-94d4-cf1e36746ef7" 200 357 "GET http://172.18.0.2:8080/v1/AUTH_894cd03fe1784539ac082e86e3f12d55/gnocchi.b7155fba-0fb1-4921-94d4-cf1e36746ef7?format=json&states=listing" "tx8cd0f8d11dd349c1900fd-0069affa27" "proxy-server 20" 0.0145 "-" 21 0
Mar 10 11:01:59 standalone proxy-server[130184]: 172.18.0.2 172.18.0.100 10/Mar/2026/11/01/59 GET /v1/AUTH_894cd03fe1784539ac082e86e3f12d55/gnocchi.b7155fba-0fb1-4921-94d4-cf1e36746ef7%3Fformat%3Djson%26states%3Dlisting HTTP/1.0 200 - python-swiftclient-3.11.1 gAAAAABpr_nDnkB_... - 357 - tx8cd0f8d11dd349c1900fd-0069affa27 - 0.0234 - - 1773140519.601174593 1773140519.624553680 0
Mar 10 11:01:59 standalone container-server[127939]: 172.20.0.100 - - [10/Mar/2026:11:01:59 +0000] "GET /d1/741/AUTH_894cd03fe1784539ac082e86e3f12d55/gnocchi.b7155fba-0fb1-4921-94d4-cf1e36746ef7" 200 2 "GET http://172.18.0.2:8080/v1/AUTH_894cd03fe1784539ac082e86e3f12d55/gnocchi.b7155fba-0fb1-4921-94d4-cf1e36746ef7?format=json&marker=none_v3&states=listing" "tx9e9bac220c1f41309b1cd-0069affa27" "proxy-server 20" 0.0052 "-" 22 0
Mar 10 11:01:59 standalone proxy-server[130184]: 172.18.0.2 172.18.0.100 10/Mar/2026/11/01/59 GET /v1/AUTH_894cd03fe1784539ac082e86e3f12d55/gnocchi.b7155fba-0fb1-4921-94d4-cf1e36746ef7%3Fformat%3Djson%26marker%3Dnone_v3%26states%3Dlisting HTTP/1.0 200 - python-swiftclient-3.11.1 gAAAAABpr_nDnkB_... - 2 - tx9e9bac220c1f41309b1cd-0069affa27 - 0.0226 - - 1773140519.627664804 1773140519.650246382 0
Mar 10 11:01:59 standalone object-server[128308]: 172.20.0.100 - - [10/Mar/2026:11:01:59 +0000] "GET /d1/896/AUTH_894cd03fe1784539ac082e86e3f12d55/gnocchi.b7155fba-0fb1-4921-94d4-cf1e36746ef7/1772280000.0_mean_300.0_v3" 200 16 "GET http://172.18.0.2:8080/v1/AUTH_894cd03fe1784539ac082e86e3f12d55/gnocchi.b7155fba-0fb1-4921-94d4-cf1e36746ef7/1772280000.0_mean_300.0_v3" "tx35f77e3c0ee84ba7a995c-0069affa27" "proxy-server 20" 0.0013 "-" 24 0
Mar 10 11:01:59 standalone proxy-server[130184]: 172.18.0.2 172.18.0.100 10/Mar/2026/11/01/59 GET /v1/AUTH_894cd03fe1784539ac082e86e3f12d55/gnocchi.b7155fba-0fb1-4921-94d4-cf1e36746ef7/1772280000.0_mean_300.0_v3 HTTP/1.0 200 - python-swiftclient-3.11.1 gAAAAABpr_nDnkB_... - 16 - tx35f77e3c0ee84ba7a995c-0069affa27 - 0.0143 - - 1773140519.656478167 1773140519.670812607 0
Mar 10 11:01:59 standalone container-server[127923]: 172.20.0.100 - - [10/Mar/2026:11:01:59 +0000] "PUT /d1/741/AUTH_894cd03fe1784539ac082e86e3f12d55/gnocchi.b7155fba-0fb1-4921-94d4-cf1e36746ef7/1772280000.0_mean_300.0_v3" 201 - "PUT http://172.18.0.2:8080/d1/896/AUTH_894cd03fe1784539ac082e86e3f12d55/gnocchi.b7155fba-0fb1-4921-94d4-cf1e36746ef7/1772280000.0_mean_300.0_v3" "txb3c72552a1c84b3d88b11-0069affa27" "object-server 24" 0.0009 "-" 20 0
Mar 10 11:01:59 standalone object-server[128308]: 172.20.0.100 - - [10/Mar/2026:11:01:59 +0000] "PUT /d1/896/AUTH_894cd03fe1784539ac082e86e3f12d55/gnocchi.b7155fba-0fb1-4921-94d4-cf1e36746ef7/1772280000.0_mean_300.0_v3" 201 - "PUT http://172.18.0.2:8080/v1/AUTH_894cd03fe1784539ac082e86e3f12d55/gnocchi.b7155fba-0fb1-4921-94d4-cf1e36746ef7/1772280000.0_mean_300.0_v3" "txb3c72552a1c84b3d88b11-0069affa27" "proxy-server 20" 0.0155 "-" 24 0
Mar 10 11:01:59 standalone proxy-server[130184]: 172.18.0.2 172.18.0.100 10/Mar/2026/11/01/59 PUT /v1/AUTH_894cd03fe1784539ac082e86e3f12d55/gnocchi.b7155fba-0fb1-4921-94d4-cf1e36746ef7/1772280000.0_mean_300.0_v3 HTTP/1.0 201 - python-swiftclient-3.11.1 gAAAAABpr_nDnkB_... 16 - - txb3c72552a1c84b3d88b11-0069affa27 - 0.0250 - - 1773140519.676117182 1773140519.701090813 0
Mar 10 11:01:59 standalone container-server[127926]: 172.20.0.100 - - [10/Mar/2026:11:01:59 +0000] "PUT /d1/741/AUTH_894cd03fe1784539ac082e86e3f12d55/gnocchi.b7155fba-0fb1-4921-94d4-cf1e36746ef7/none_v3" 201 - "PUT http://172.18.0.2:8080/d1/698/AUTH_894cd03fe1784539ac082e86e3f12d55/gnocchi.b7155fba-0fb1-4921-94d4-cf1e36746ef7/none_v3" "tx450197581a114865b4630-0069affa27" "object-server 23" 0.0008 "-" 21 0
Mar 10 11:01:59 standalone object-server[128307]: 172.20.0.100 - - [10/Mar/2026:11:01:59 +0000] "PUT /d1/698/AUTH_894cd03fe1784539ac082e86e3f12d55/gnocchi.b7155fba-0fb1-4921-94d4-cf1e36746ef7/none_v3" 201 - "PUT http://172.18.0.2:8080/v1/AUTH_894cd03fe1784539ac082e86e3f12d55/gnocchi.b7155fba-0fb1-4921-94d4-cf1e36746ef7/none_v3" "tx450197581a114865b4630-0069affa27" "proxy-server 20" 0.0133 "-" 23 0
Mar 10 11:01:59 standalone proxy-server[130184]: 172.18.0.2 172.18.0.100 10/Mar/2026/11/01/59 PUT /v1/AUTH_894cd03fe1784539ac082e86e3f12d55/gnocchi.b7155fba-0fb1-4921-94d4-cf1e36746ef7/none_v3 HTTP/1.0 201 - python-swiftclient-3.11.1 gAAAAABpr_nDnkB_... 33 - - tx450197581a114865b4630-0069affa27 - 0.0228 - - 1773140519.707406282 1773140519.730224609 0
Mar 10 11:01:59 standalone object-server[128308]: 172.20.0.100 - - [10/Mar/2026:11:01:59 +0000] "GET /d1/223/AUTH_894cd03fe1784539ac082e86e3f12d55/gnocchi.fd86fc43-bb18-4102-8ba0-5d89dc3dac5d/none_v3" 200 22 "GET http://172.18.0.2:8080/v1/AUTH_894cd03fe1784539ac082e86e3f12d55/gnocchi.fd86fc43-bb18-4102-8ba0-5d89dc3dac5d/none_v3" "tx1809d29f3b8c4039b5600-0069affa27" "proxy-server 20" 0.0011 "-" 24 0
Mar 10 11:01:59 standalone proxy-server[130184]: 172.18.0.2 172.18.0.100 10/Mar/2026/11/01/59 GET /v1/AUTH_894cd03fe1784539ac082e86e3f12d55/gnocchi.fd86fc43-bb18-4102-8ba0-5d89dc3dac5d/none_v3 HTTP/1.0 200 - python-swiftclient-3.11.1 gAAAAABpr_nDnkB_... - 22 - tx1809d29f3b8c4039b5600-0069affa27 - 0.0101 - - 1773140519.744368076 1773140519.754452705 0
Mar 10 11:01:59 standalone container-server[127939]: 172.20.0.100 - - [10/Mar/2026:11:01:59 +0000] "GET /d1/285/AUTH_894cd03fe1784539ac082e86e3f12d55/gnocchi.fd86fc43-bb18-4102-8ba0-5d89dc3dac5d" 200 357 "GET http://172.18.0.2:8080/v1/AUTH_894cd03fe1784539ac082e86e3f12d55/gnocchi.fd86fc43-bb18-4102-8ba0-5d89dc3dac5d?format=json&states=listing" "tx546f76212940496c8240f-0069affa27" "proxy-server 20" 0.0178 "-" 22 0
Mar 10 11:01:59 standalone proxy-server[130184]: 172.18.0.2 172.18.0.100 10/Mar/2026/11/01/59 GET /v1/AUTH_894cd03fe1784539ac082e86e3f12d55/gnocchi.fd86fc43-bb18-4102-8ba0-5d89dc3dac5d%3Fformat%3Djson%26states%3Dlisting HTTP/1.0 200 - python-swiftclient-3.11.1 gAAAAABpr_nDnkB_... - 357 - tx546f76212940496c8240f-0069affa27 - 0.0292 - - 1773140519.758687019 1773140519.787910700 0
Mar 10 11:01:59 standalone container-server[127939]: 172.20.0.100 - - [10/Mar/2026:11:01:59 +0000] "GET /d1/285/AUTH_894cd03fe1784539ac082e86e3f12d55/gnocchi.fd86fc43-bb18-4102-8ba0-5d89dc3dac5d" 200 2 "GET http://172.18.0.2:8080/v1/AUTH_894cd03fe1784539ac082e86e3f12d55/gnocchi.fd86fc43-bb18-4102-8ba0-5d89dc3dac5d?format=json&marker=none_v3&states=listing" "tx94ee05b719bb432aadfe8-0069affa27" "proxy-server 20" 0.0043 "-" 22 0
Mar 10 11:01:59 standalone proxy-server[130184]: 172.18.0.2 172.18.0.100 10/Mar/2026/11/01/59 GET /v1/AUTH_894cd03fe1784539ac082e86e3f12d55/gnocchi.fd86fc43-bb18-4102-8ba0-5d89dc3dac5d%3Fformat%3Djson%26marker%3Dnone_v3%26states%3Dlisting HTTP/1.0 200 - python-swiftclient-3.11.1 gAAAAABpr_nDnkB_... - 2 - tx94ee05b719bb432aadfe8-0069affa27 - 0.0131 - - 1773140519.792077780 1773140519.805151939 0
Mar 10 11:01:59 standalone object-server[128308]: 172.20.0.100 - - [10/Mar/2026:11:01:59 +0000] "GET /d1/687/AUTH_894cd03fe1784539ac082e86e3f12d55/gnocchi.fd86fc43-bb18-4102-8ba0-5d89dc3dac5d/1772280000.0_mean_300.0_v3" 200 16 "GET http://172.18.0.2:8080/v1/AUTH_894cd03fe1784539ac082e86e3f12d55/gnocchi.fd86fc43-bb18-4102-8ba0-5d89dc3dac5d/1772280000.0_mean_300.0_v3" "txebf7edd2cef24cba93d8c-0069affa27" "proxy-server 20" 0.0011 "-" 24 0
Mar 10 11:01:59 standalone proxy-server[130184]: 172.18.0.2 172.18.0.100 10/Mar/2026/11/01/59 GET /v1/AUTH_894cd03fe1784539ac082e86e3f12d55/gnocchi.fd86fc43-bb18-4102-8ba0-5d89dc3dac5d/1772280000.0_mean_300.0_v3 HTTP/1.0 200 - python-swiftclient-3.11.1 gAAAAABpr_nDnkB_... - 16 - txebf7edd2cef24cba93d8c-0069affa27 - 0.0089 - - 1773140519.809852839 1773140519.818779230 0
Mar 10 11:01:59 standalone container-server[127939]: 172.20.0.100 - - [10/Mar/2026:11:01:59 +0000] "PUT /d1/285/AUTH_894cd03fe1784539ac082e86e3f12d55/gnocchi.fd86fc43-bb18-4102-8ba0-5d89dc3dac5d/1772280000.0_mean_300.0_v3" 201 - "PUT http://172.18.0.2:8080/d1/687/AUTH_894cd03fe1784539ac082e86e3f12d55/gnocchi.fd86fc43-bb18-4102-8ba0-5d89dc3dac5d/1772280000.0_mean_300.0_v3" "tx45db3b082a5240b08a5cf-0069affa27" "object-server 25" 0.0011 "-" 22 0
Mar 10 11:01:59 standalone object-server[128310]: 172.20.0.100 - - [10/Mar/2026:11:01:59 +0000] "PUT /d1/687/AUTH_894cd03fe1784539ac082e86e3f12d55/gnocchi.fd86fc43-bb18-4102-8ba0-5d89dc3dac5d/1772280000.0_mean_300.0_v3" 201 - "PUT http://172.18.0.2:8080/v1/AUTH_894cd03fe1784539ac082e86e3f12d55/gnocchi.fd86fc43-bb18-4102-8ba0-5d89dc3dac5d/1772280000.0_mean_300.0_v3" "tx45db3b082a5240b08a5cf-0069affa27" "proxy-server 20" 0.0194 "-" 25 0
Mar 10 11:01:59 standalone proxy-server[130184]: 172.18.0.2 172.18.0.100 10/Mar/2026/11/01/59 PUT /v1/AUTH_894cd03fe1784539ac082e86e3f12d55/gnocchi.fd86fc43-bb18-4102-8ba0-5d89dc3dac5d/1772280000.0_mean_300.0_v3 HTTP/1.0 201 - python-swiftclient-3.11.1 gAAAAABpr_nDnkB_... 16 - - tx45db3b082a5240b08a5cf-0069affa27 - 0.0272 - - 1773140519.822192907 1773140519.849346876 0
Mar 10 11:01:59 standalone container-server[127923]: 172.20.0.100 - - [10/Mar/2026:11:01:59 +0000] "PUT /d1/285/AUTH_894cd03fe1784539ac082e86e3f12d55/gnocchi.fd86fc43-bb18-4102-8ba0-5d89dc3dac5d/none_v3" 201 - "PUT http://172.18.0.2:8080/d1/223/AUTH_894cd03fe1784539ac082e86e3f12d55/gnocchi.fd86fc43-bb18-4102-8ba0-5d89dc3dac5d/none_v3" "tx30d1ca8ac40d4f7ab9f1f-0069affa27" "object-server 22" 0.0010 "-" 20 0
Mar 10 11:01:59 standalone object-server[128304]: 172.20.0.100 - - [10/Mar/2026:11:01:59 +0000] "PUT /d1/223/AUTH_894cd03fe1784539ac082e86e3f12d55/gnocchi.fd86fc43-bb18-4102-8ba0-5d89dc3dac5d/none_v3" 201 - "PUT http://172.18.0.2:8080/v1/AUTH_894cd03fe1784539ac082e86e3f12d55/gnocchi.fd86fc43-bb18-4102-8ba0-5d89dc3dac5d/none_v3" "tx30d1ca8ac40d4f7ab9f1f-0069affa27" "proxy-server 20" 0.0119 "-" 22 0
Mar 10 11:01:59 standalone proxy-server[130184]: 172.18.0.2 172.18.0.100 10/Mar/2026/11/01/59 PUT /v1/AUTH_894cd03fe1784539ac082e86e3f12d55/gnocchi.fd86fc43-bb18-4102-8ba0-5d89dc3dac5d/none_v3 HTTP/1.0 201 - python-swiftclient-3.11.1 gAAAAABpr_nDnkB_... 33 - - tx30d1ca8ac40d4f7ab9f1f-0069affa27 - 0.0191 - - 1773140519.853153467 1773140519.872229576 0
Mar 10 11:02:00 standalone account-server[127986]: 172.20.0.100 - - [10/Mar/2026:11:02:00 +0000] "HEAD /d1/289/.expiring_objects" 404 - "HEAD http://localhost/v1/.expiring_objects?format=json" "tx3f47c09dbec84b818afde-0069affa28" "proxy-server 2" 0.0007 "-" 17 -
Mar 10 11:02:00 standalone object-expirer[127919]: Pass completed in 0s; 0 objects expired (txn: tx3f47c09dbec84b818afde-0069affa28)
Mar 10 11:02:03 standalone object-server[128307]: 172.20.0.100 - - [10/Mar/2026:11:02:03 +0000] "GET /d1/308/AUTH_894cd03fe1784539ac082e86e3f12d55/gnocchi.7839ec1a-0aec-470b-8b19-df6277601745/none_v3" 200 22 "GET http://172.18.0.2:8080/v1/AUTH_894cd03fe1784539ac082e86e3f12d55/gnocchi.7839ec1a-0aec-470b-8b19-df6277601745/none_v3" "tx627aa2ab3e5f470c96cd0-0069affa2b" "proxy-server 20" 0.0013 "-" 23 0
Mar 10 11:02:03 standalone proxy-server[130184]: 172.18.0.2 172.18.0.100 10/Mar/2026/11/02/03 GET /v1/AUTH_894cd03fe1784539ac082e86e3f12d55/gnocchi.7839ec1a-0aec-470b-8b19-df6277601745/none_v3 HTTP/1.0 200 - python-swiftclient-3.11.1 gAAAAABpr_nDnkB_... - 22 - tx627aa2ab3e5f470c96cd0-0069affa2b - 0.0102 - - 1773140523.649760485 1773140523.659960747 0
Mar 10 11:02:03 standalone container-server[127923]: 172.20.0.100 - - [10/Mar/2026:11:02:03 +0000] "GET /d1/949/AUTH_894cd03fe1784539ac082e86e3f12d55/gnocchi.7839ec1a-0aec-470b-8b19-df6277601745" 200 357 "GET http://172.18.0.2:8080/v1/AUTH_894cd03fe1784539ac082e86e3f12d55/gnocchi.7839ec1a-0aec-470b-8b19-df6277601745?format=json&states=listing" "tx7d307fc318474af8a4692-0069affa2b" "proxy-server 20" 0.0091 "-" 20 0
Mar 10 11:02:03 standalone proxy-server[130184]: 172.18.0.2 172.18.0.100 10/Mar/2026/11/02/03 GET /v1/AUTH_894cd03fe1784539ac082e86e3f12d55/gnocchi.7839ec1a-0aec-470b-8b19-df6277601745%3Fformat%3Djson%26states%3Dlisting HTTP/1.0 200 - python-swiftclient-3.11.1 gAAAAABpr_nDnkB_... - 357 - tx7d307fc318474af8a4692-0069affa2b - 0.0164 - - 1773140523.663544416 1773140523.679983377 0
Mar 10 11:02:03 standalone container-server[127926]: 172.20.0.100 - - [10/Mar/2026:11:02:03 +0000] "GET /d1/949/AUTH_894cd03fe1784539ac082e86e3f12d55/gnocchi.7839ec1a-0aec-470b-8b19-df6277601745" 200 2 "GET http://172.18.0.2:8080/v1/AUTH_894cd03fe1784539ac082e86e3f12d55/gnocchi.7839ec1a-0aec-470b-8b19-df6277601745?format=json&marker=none_v3&states=listing" "txc8e07ebfec4e42398858f-0069affa2b" "proxy-server 20" 0.0045 "-" 21 0
Mar 10 11:02:03 standalone proxy-server[130184]: 172.18.0.2 172.18.0.100 10/Mar/2026/11/02/03 GET /v1/AUTH_894cd03fe1784539ac082e86e3f12d55/gnocchi.7839ec1a-0aec-470b-8b19-df6277601745%3Fformat%3Djson%26marker%3Dnone_v3%26states%3Dlisting HTTP/1.0 200 - python-swiftclient-3.11.1 gAAAAABpr_nDnkB_... - 2 - txc8e07ebfec4e42398858f-0069affa2b - 0.0120 - - 1773140523.682533026 1773140523.694483995 0
Mar 10 11:02:03 standalone object-server[128307]: 172.20.0.100 - - [10/Mar/2026:11:02:03 +0000] "GET /d1/258/AUTH_894cd03fe1784539ac082e86e3f12d55/gnocchi.7839ec1a-0aec-470b-8b19-df6277601745/1772280000.0_mean_300.0_v3" 200 16 "GET http://172.18.0.2:8080/v1/AUTH_894cd03fe1784539ac082e86e3f12d55/gnocchi.7839ec1a-0aec-470b-8b19-df6277601745/1772280000.0_mean_300.0_v3" "tx87fa9103bdd4433aaa74c-0069affa2b" "proxy-server 20" 0.0006 "-" 23 0
Mar 10 11:02:03 standalone proxy-server[130184]: 172.18.0.2 172.18.0.100 10/Mar/2026/11/02/03 GET /v1/AUTH_894cd03fe1784539ac082e86e3f12d55/gnocchi.7839ec1a-0aec-470b-8b19-df6277601745/1772280000.0_mean_300.0_v3 HTTP/1.0 200 - python-swiftclient-3.11.1 gAAAAABpr_nDnkB_... - 16 - tx87fa9103bdd4433aaa74c-0069affa2b - 0.0064 - - 1773140523.697333813 1773140523.703771591 0
Mar 10 11:02:03 standalone container-server[127939]: 172.20.0.100 - - [10/Mar/2026:11:02:03 +0000] "PUT /d1/949/AUTH_894cd03fe1784539ac082e86e3f12d55/gnocchi.7839ec1a-0aec-470b-8b19-df6277601745/1772280000.0_mean_300.0_v3" 201 - "PUT http://172.18.0.2:8080/d1/258/AUTH_894cd03fe1784539ac082e86e3f12d55/gnocchi.7839ec1a-0aec-470b-8b19-df6277601745/1772280000.0_mean_300.0_v3" "txc7b1b551aeb4492fb68bb-0069affa2b" "object-server 24" 0.0006 "-" 22 0
Mar 10 11:02:03 standalone object-server[128308]: 172.20.0.100 - - [10/Mar/2026:11:02:03 +0000] "PUT /d1/258/AUTH_894cd03fe1784539ac082e86e3f12d55/gnocchi.7839ec1a-0aec-470b-8b19-df6277601745/1772280000.0_mean_300.0_v3" 201 - "PUT http://172.18.0.2:8080/v1/AUTH_894cd03fe1784539ac082e86e3f12d55/gnocchi.7839ec1a-0aec-470b-8b19-df6277601745/1772280000.0_mean_300.0_v3" "txc7b1b551aeb4492fb68bb-0069affa2b" "proxy-server 20" 0.0102 "-" 24 0
Mar 10 11:02:03 standalone proxy-server[130184]: 172.18.0.2 172.18.0.100 10/Mar/2026/11/02/03 PUT /v1/AUTH_894cd03fe1784539ac082e86e3f12d55/gnocchi.7839ec1a-0aec-470b-8b19-df6277601745/1772280000.0_mean_300.0_v3 HTTP/1.0 201 - python-swiftclient-3.11.1 gAAAAABpr_nDnkB_... 16 - - txc7b1b551aeb4492fb68bb-0069affa2b - 0.0167 - - 1773140523.706224203 1773140523.722898722 0
Mar 10 11:02:03 standalone container-server[127939]: 172.20.0.100 - - [10/Mar/2026:11:02:03 +0000] "PUT /d1/949/AUTH_894cd03fe1784539ac082e86e3f12d55/gnocchi.7839ec1a-0aec-470b-8b19-df6277601745/none_v3" 201 - "PUT http://172.18.0.2:8080/d1/308/AUTH_894cd03fe1784539ac082e86e3f12d55/gnocchi.7839ec1a-0aec-470b-8b19-df6277601745/none_v3" "txd02ce6cb5a754b82b4e24-0069affa2b" "object-server 22" 0.0004 "-" 22 0
Mar 10 11:02:03 standalone object-server[128304]: 172.20.0.100 - - [10/Mar/2026:11:02:03 +0000] "PUT /d1/308/AUTH_894cd03fe1784539ac082e86e3f12d55/gnocchi.7839ec1a-0aec-470b-8b19-df6277601745/none_v3" 201 - "PUT http://172.18.0.2:8080/v1/AUTH_894cd03fe1784539ac082e86e3f12d55/gnocchi.7839ec1a-0aec-470b-8b19-df6277601745/none_v3" "txd02ce6cb5a754b82b4e24-0069affa2b" "proxy-server 20" 0.0104 "-" 22 0
Mar 10 11:02:03 standalone proxy-server[130184]: 172.18.0.2 172.18.0.100 10/Mar/2026/11/02/03 PUT /v1/AUTH_894cd03fe1784539ac082e86e3f12d55/gnocchi.7839ec1a-0aec-470b-8b19-df6277601745/none_v3 HTTP/1.0 201 - python-swiftclient-3.11.1 gAAAAABpr_nDnkB_... 32 - - txd02ce6cb5a754b82b4e24-0069affa2b - 0.0165 - - 1773140523.726174831 1773140523.742718935 0
Mar 10 11:02:14 standalone container-server[127939]: 172.20.0.100 - - [10/Mar/2026:11:02:14 +0000] "HEAD /d1/174/AUTH_894cd03fe1784539ac082e86e3f12d55/gnocchi.e782e87f-7246-4cf3-81c4-90b36c234bf1" 404 - "HEAD http://172.18.0.2:8080/v1/AUTH_894cd03fe1784539ac082e86e3f12d55/gnocchi.e782e87f-7246-4cf3-81c4-90b36c234bf1?format=json&states=listing" "tx2d65b4d5f3b04b4cb8e27-0069affa36" "proxy-server 20" 0.0009 "-" 22 0
Mar 10 11:02:14 standalone object-server[128304]: 172.20.0.100 - - [10/Mar/2026:11:02:14 +0000] "GET /d1/1021/AUTH_894cd03fe1784539ac082e86e3f12d55/gnocchi.e782e87f-7246-4cf3-81c4-90b36c234bf1/none_v3" 404 70 "GET http://172.18.0.2:8080/v1/AUTH_894cd03fe1784539ac082e86e3f12d55/gnocchi.e782e87f-7246-4cf3-81c4-90b36c234bf1/none_v3" "tx2d65b4d5f3b04b4cb8e27-0069affa36" "proxy-server 20" 0.0007 "-" 22 0
Mar 10 11:02:14 standalone proxy-server[130184]: 172.18.0.2 172.18.0.100 10/Mar/2026/11/02/14 GET /v1/AUTH_894cd03fe1784539ac082e86e3f12d55/gnocchi.e782e87f-7246-4cf3-81c4-90b36c234bf1/none_v3 HTTP/1.0 404 - python-swiftclient-3.11.1 gAAAAABpr_nDnkB_... - 70 - tx2d65b4d5f3b04b4cb8e27-0069affa36 - 0.0177 - - 1773140534.716031790 1773140534.733712912 0
Mar 10 11:02:14 standalone account-server[127968]: 172.20.0.100 - - [10/Mar/2026:11:02:14 +0000] "PUT /d1/783/AUTH_894cd03fe1784539ac082e86e3f12d55/gnocchi.e782e87f-7246-4cf3-81c4-90b36c234bf1" 201 - "PUT http://172.20.0.100:6001/d1/174/AUTH_894cd03fe1784539ac082e86e3f12d55/gnocchi.e782e87f-7246-4cf3-81c4-90b36c234bf1" "tx94d322d4ccdd4670b6d8a-0069affa36" "container-server 20" 0.0075 "-" 16 0
Mar 10 11:02:14 standalone container-server[127923]: 172.20.0.100 - - [10/Mar/2026:11:02:14 +0000] "PUT /d1/174/AUTH_894cd03fe1784539ac082e86e3f12d55/gnocchi.e782e87f-7246-4cf3-81c4-90b36c234bf1" 201 - "PUT http://172.18.0.2:8080/v1/AUTH_894cd03fe1784539ac082e86e3f12d55/gnocchi.e782e87f-7246-4cf3-81c4-90b36c234bf1" "tx94d322d4ccdd4670b6d8a-0069affa36" "proxy-server 20" 0.0270 "-" 20 0
