Mar 10 11:02:14 standalone proxy-server[130184]: 172.18.0.2 172.18.0.100 10/Mar/2026/11/02/14 PUT /v1/AUTH_894cd03fe1784539ac082e86e3f12d55/gnocchi.e782e87f-7246-4cf3-81c4-90b36c234bf1 HTTP/1.0 201 - python-swiftclient-3.11.1 gAAAAABpr_nDnkB_... - - - tx94d322d4ccdd4670b6d8a-0069affa36 - 0.0350 - - 1773140534.738558054 1773140534.773539066 0
Mar 10 11:02:14 standalone container-server[127951]: 172.20.0.100 - - [10/Mar/2026:11:02:14 +0000] "HEAD /d1/174/AUTH_894cd03fe1784539ac082e86e3f12d55/gnocchi.e782e87f-7246-4cf3-81c4-90b36c234bf1" 204 - "HEAD http://172.18.0.2:8080/v1/AUTH_894cd03fe1784539ac082e86e3f12d55/gnocchi.e782e87f-7246-4cf3-81c4-90b36c234bf1?format=json&states=listing" "txde7c11eab1d2461d832df-0069affa36" "proxy-server 20" 0.0023 "-" 23 0
Mar 10 11:02:14 standalone proxy-server[130184]: - - 10/Mar/2026/11/02/14 HEAD /v1/AUTH_894cd03fe1784539ac082e86e3f12d55/gnocchi.e782e87f-7246-4cf3-81c4-90b36c234bf1%3Fformat%3Djson%26states%3Dlisting HTTP/1.0 204 - Swift - - - - txde7c11eab1d2461d832df-0069affa36 - 0.0074 RL - 1773140534.781390190 1773140534.788799763 0
Mar 10 11:02:14 standalone container-server[127939]: 172.20.0.100 - - [10/Mar/2026:11:02:14 +0000] "GET /d1/174/AUTH_894cd03fe1784539ac082e86e3f12d55/gnocchi.e782e87f-7246-4cf3-81c4-90b36c234bf1" 200 2 "GET http://172.18.0.2:8080/v1/AUTH_894cd03fe1784539ac082e86e3f12d55/gnocchi.e782e87f-7246-4cf3-81c4-90b36c234bf1?format=json&states=listing" "txde7c11eab1d2461d832df-0069affa36" "proxy-server 20" 0.0017 "-" 22 0
Mar 10 11:02:14 standalone proxy-server[130184]: 172.18.0.2 172.18.0.100 10/Mar/2026/11/02/14 GET /v1/AUTH_894cd03fe1784539ac082e86e3f12d55/gnocchi.e782e87f-7246-4cf3-81c4-90b36c234bf1%3Fformat%3Djson%26states%3Dlisting HTTP/1.0 200 - python-swiftclient-3.11.1 gAAAAABpr_nDnkB_... - 2 - txde7c11eab1d2461d832df-0069affa36 - 0.0198 - - 1773140534.779354572 1773140534.799135447 0
Mar 10 11:02:14 standalone object-server[128310]: 172.20.0.100 - - [10/Mar/2026:11:02:14 +0000] "GET /d1/1005/AUTH_894cd03fe1784539ac082e86e3f12d55/gnocchi.e782e87f-7246-4cf3-81c4-90b36c234bf1/1772280000.0_mean_300.0_v3" 404 70 "GET http://172.18.0.2:8080/v1/AUTH_894cd03fe1784539ac082e86e3f12d55/gnocchi.e782e87f-7246-4cf3-81c4-90b36c234bf1/1772280000.0_mean_300.0_v3" "tx5a13d77fa7144b9fa3c4a-0069affa36" "proxy-server 20" 0.0003 "-" 25 0
Mar 10 11:02:14 standalone proxy-server[130184]: 172.18.0.2 172.18.0.100 10/Mar/2026/11/02/14 GET /v1/AUTH_894cd03fe1784539ac082e86e3f12d55/gnocchi.e782e87f-7246-4cf3-81c4-90b36c234bf1/1772280000.0_mean_300.0_v3 HTTP/1.0 404 - python-swiftclient-3.11.1 gAAAAABpr_nDnkB_... - 70 - tx5a13d77fa7144b9fa3c4a-0069affa36 - 0.0067 - - 1773140534.804165840 1773140534.810826063 0
Mar 10 11:02:14 standalone container-server[127939]: 172.20.0.100 - - [10/Mar/2026:11:02:14 +0000] "PUT /d1/174/AUTH_894cd03fe1784539ac082e86e3f12d55/gnocchi.e782e87f-7246-4cf3-81c4-90b36c234bf1/1772280000.0_mean_300.0_v3" 201 - "PUT http://172.18.0.2:8080/d1/1005/AUTH_894cd03fe1784539ac082e86e3f12d55/gnocchi.e782e87f-7246-4cf3-81c4-90b36c234bf1/1772280000.0_mean_300.0_v3" "tx33bc4a3df4ec4bd6b3a24-0069affa36" "object-server 25" 0.0004 "-" 22 0
Mar 10 11:02:14 standalone object-server[128310]: 172.20.0.100 - - [10/Mar/2026:11:02:14 +0000] "PUT /d1/1005/AUTH_894cd03fe1784539ac082e86e3f12d55/gnocchi.e782e87f-7246-4cf3-81c4-90b36c234bf1/1772280000.0_mean_300.0_v3" 201 - "PUT http://172.18.0.2:8080/v1/AUTH_894cd03fe1784539ac082e86e3f12d55/gnocchi.e782e87f-7246-4cf3-81c4-90b36c234bf1/1772280000.0_mean_300.0_v3" "tx33bc4a3df4ec4bd6b3a24-0069affa36" "proxy-server 20" 0.0098 "-" 25 0
Mar 10 11:02:14 standalone proxy-server[130184]: 172.18.0.2 172.18.0.100 10/Mar/2026/11/02/14 PUT /v1/AUTH_894cd03fe1784539ac082e86e3f12d55/gnocchi.e782e87f-7246-4cf3-81c4-90b36c234bf1/1772280000.0_mean_300.0_v3 HTTP/1.0 201 - python-swiftclient-3.11.1 gAAAAABpr_nDnkB_... 16 - - tx33bc4a3df4ec4bd6b3a24-0069affa36 - 0.0163 - - 1773140534.815323353 1773140534.831635237 0
Mar 10 11:02:14 standalone container-server[127923]: 172.20.0.100 - - [10/Mar/2026:11:02:14 +0000] "PUT /d1/174/AUTH_894cd03fe1784539ac082e86e3f12d55/gnocchi.e782e87f-7246-4cf3-81c4-90b36c234bf1/none_v3" 201 - "PUT http://172.18.0.2:8080/d1/1021/AUTH_894cd03fe1784539ac082e86e3f12d55/gnocchi.e782e87f-7246-4cf3-81c4-90b36c234bf1/none_v3" "txec6018ba51e64738af131-0069affa36" "object-server 24" 0.0004 "-" 20 0
Mar 10 11:02:14 standalone object-server[128308]: 172.20.0.100 - - [10/Mar/2026:11:02:14 +0000] "PUT /d1/1021/AUTH_894cd03fe1784539ac082e86e3f12d55/gnocchi.e782e87f-7246-4cf3-81c4-90b36c234bf1/none_v3" 201 - "PUT http://172.18.0.2:8080/v1/AUTH_894cd03fe1784539ac082e86e3f12d55/gnocchi.e782e87f-7246-4cf3-81c4-90b36c234bf1/none_v3" "txec6018ba51e64738af131-0069affa36" "proxy-server 20" 0.0103 "-" 24 0
Mar 10 11:02:14 standalone proxy-server[130184]: 172.18.0.2 172.18.0.100 10/Mar/2026/11/02/14 PUT /v1/AUTH_894cd03fe1784539ac082e86e3f12d55/gnocchi.e782e87f-7246-4cf3-81c4-90b36c234bf1/none_v3 HTTP/1.0 201 - python-swiftclient-3.11.1 gAAAAABpr_nDnkB_... 22 - - txec6018ba51e64738af131-0069affa36 - 0.0179 - - 1773140534.835385323 1773140534.853240013 0
Mar 10 11:02:15 standalone object-server[128308]: 172.20.0.100 - - [10/Mar/2026:11:02:15 +0000] "GET /d1/1021/AUTH_894cd03fe1784539ac082e86e3f12d55/gnocchi.e782e87f-7246-4cf3-81c4-90b36c234bf1/none_v3" 200 22 "GET http://172.18.0.2:8080/v1/AUTH_894cd03fe1784539ac082e86e3f12d55/gnocchi.e782e87f-7246-4cf3-81c4-90b36c234bf1/none_v3" "tx2ecdd26284ee4f7aacee2-0069affa37" "proxy-server 20" 0.0010 "-" 24 0
Mar 10 11:02:15 standalone proxy-server[130184]: 172.18.0.2 172.18.0.100 10/Mar/2026/11/02/15 GET /v1/AUTH_894cd03fe1784539ac082e86e3f12d55/gnocchi.e782e87f-7246-4cf3-81c4-90b36c234bf1/none_v3 HTTP/1.0 200 - python-swiftclient-3.11.1 gAAAAABpr_nDnkB_... - 22 - tx2ecdd26284ee4f7aacee2-0069affa37 - 0.0068 - - 1773140535.497854710 1773140535.504609823 0
Mar 10 11:02:15 standalone container-server[127939]: 172.20.0.100 - - [10/Mar/2026:11:02:15 +0000] "GET /d1/174/AUTH_894cd03fe1784539ac082e86e3f12d55/gnocchi.e782e87f-7246-4cf3-81c4-90b36c234bf1" 200 357 "GET http://172.18.0.2:8080/v1/AUTH_894cd03fe1784539ac082e86e3f12d55/gnocchi.e782e87f-7246-4cf3-81c4-90b36c234bf1?format=json&states=listing" "txc3ce8bb5cbc5450e9dca8-0069affa37" "proxy-server 20" 0.0097 "-" 22 0
Mar 10 11:02:15 standalone proxy-server[130184]: 172.18.0.2 172.18.0.100 10/Mar/2026/11/02/15 GET /v1/AUTH_894cd03fe1784539ac082e86e3f12d55/gnocchi.e782e87f-7246-4cf3-81c4-90b36c234bf1%3Fformat%3Djson%26states%3Dlisting HTTP/1.0 200 - python-swiftclient-3.11.1 gAAAAABpr_nDnkB_... - 357 - txc3ce8bb5cbc5450e9dca8-0069affa37 - 0.0156 - - 1773140535.508393049 1773140535.523956299 0
Mar 10 11:02:15 standalone container-server[127923]: 172.20.0.100 - - [10/Mar/2026:11:02:15 +0000] "GET /d1/174/AUTH_894cd03fe1784539ac082e86e3f12d55/gnocchi.e782e87f-7246-4cf3-81c4-90b36c234bf1" 200 2 "GET http://172.18.0.2:8080/v1/AUTH_894cd03fe1784539ac082e86e3f12d55/gnocchi.e782e87f-7246-4cf3-81c4-90b36c234bf1?format=json&marker=none_v3&states=listing" "txdae93870c481456b90742-0069affa37" "proxy-server 20" 0.0018 "-" 20 0
Mar 10 11:02:15 standalone proxy-server[130184]: 172.18.0.2 172.18.0.100 10/Mar/2026/11/02/15 GET /v1/AUTH_894cd03fe1784539ac082e86e3f12d55/gnocchi.e782e87f-7246-4cf3-81c4-90b36c234bf1%3Fformat%3Djson%26marker%3Dnone_v3%26states%3Dlisting HTTP/1.0 200 - python-swiftclient-3.11.1 gAAAAABpr_nDnkB_... - 2 - txdae93870c481456b90742-0069affa37 - 0.0062 - - 1773140535.526576996 1773140535.532768250 0
Mar 10 11:02:15 standalone object-server[128307]: 172.20.0.100 - - [10/Mar/2026:11:02:15 +0000] "GET /d1/1005/AUTH_894cd03fe1784539ac082e86e3f12d55/gnocchi.e782e87f-7246-4cf3-81c4-90b36c234bf1/1772280000.0_mean_300.0_v3" 200 16 "GET http://172.18.0.2:8080/v1/AUTH_894cd03fe1784539ac082e86e3f12d55/gnocchi.e782e87f-7246-4cf3-81c4-90b36c234bf1/1772280000.0_mean_300.0_v3" "txe0478c962bd340b9abc32-0069affa37" "proxy-server 20" 0.0006 "-" 23 0
Mar 10 11:02:15 standalone proxy-server[130184]: 172.18.0.2 172.18.0.100 10/Mar/2026/11/02/15 GET /v1/AUTH_894cd03fe1784539ac082e86e3f12d55/gnocchi.e782e87f-7246-4cf3-81c4-90b36c234bf1/1772280000.0_mean_300.0_v3 HTTP/1.0 200 - python-swiftclient-3.11.1 gAAAAABpr_nDnkB_... - 16 - txe0478c962bd340b9abc32-0069affa37 - 0.0048 - - 1773140535.535812378 1773140535.540633678 0
Mar 10 11:02:15 standalone container-server[127939]: 172.20.0.100 - - [10/Mar/2026:11:02:15 +0000] "PUT /d1/174/AUTH_894cd03fe1784539ac082e86e3f12d55/gnocchi.e782e87f-7246-4cf3-81c4-90b36c234bf1/1772280000.0_mean_300.0_v3" 201 - "PUT http://172.18.0.2:8080/d1/1005/AUTH_894cd03fe1784539ac082e86e3f12d55/gnocchi.e782e87f-7246-4cf3-81c4-90b36c234bf1/1772280000.0_mean_300.0_v3" "tx8fc3f06df423414a9304f-0069affa37" "object-server 22" 0.0008 "-" 22 0
Mar 10 11:02:15 standalone object-server[128304]: 172.20.0.100 - - [10/Mar/2026:11:02:15 +0000] "PUT /d1/1005/AUTH_894cd03fe1784539ac082e86e3f12d55/gnocchi.e782e87f-7246-4cf3-81c4-90b36c234bf1/1772280000.0_mean_300.0_v3" 201 - "PUT http://172.18.0.2:8080/v1/AUTH_894cd03fe1784539ac082e86e3f12d55/gnocchi.e782e87f-7246-4cf3-81c4-90b36c234bf1/1772280000.0_mean_300.0_v3" "tx8fc3f06df423414a9304f-0069affa37" "proxy-server 20" 0.0098 "-" 22 0
Mar 10 11:02:15 standalone proxy-server[130184]: 172.18.0.2 172.18.0.100 10/Mar/2026/11/02/15 PUT /v1/AUTH_894cd03fe1784539ac082e86e3f12d55/gnocchi.e782e87f-7246-4cf3-81c4-90b36c234bf1/1772280000.0_mean_300.0_v3 HTTP/1.0 201 - python-swiftclient-3.11.1 gAAAAABpr_nDnkB_... 16 - - tx8fc3f06df423414a9304f-0069affa37 - 0.0138 - - 1773140535.543247223 1773140535.557068586 0
Mar 10 11:02:15 standalone container-server[127923]: 172.20.0.100 - - [10/Mar/2026:11:02:15 +0000] "PUT /d1/174/AUTH_894cd03fe1784539ac082e86e3f12d55/gnocchi.e782e87f-7246-4cf3-81c4-90b36c234bf1/none_v3" 201 - "PUT http://172.18.0.2:8080/d1/1021/AUTH_894cd03fe1784539ac082e86e3f12d55/gnocchi.e782e87f-7246-4cf3-81c4-90b36c234bf1/none_v3" "txb517abf9c8c44ba592c13-0069affa37" "object-server 25" 0.0005 "-" 20 0
Mar 10 11:02:15 standalone object-server[128310]: 172.20.0.100 - - [10/Mar/2026:11:02:15 +0000] "PUT /d1/1021/AUTH_894cd03fe1784539ac082e86e3f12d55/gnocchi.e782e87f-7246-4cf3-81c4-90b36c234bf1/none_v3" 201 - "PUT http://172.18.0.2:8080/v1/AUTH_894cd03fe1784539ac082e86e3f12d55/gnocchi.e782e87f-7246-4cf3-81c4-90b36c234bf1/none_v3" "txb517abf9c8c44ba592c13-0069affa37" "proxy-server 20" 0.0145 "-" 25 0
Mar 10 11:02:15 standalone proxy-server[130184]: 172.18.0.2 172.18.0.100 10/Mar/2026/11/02/15 PUT /v1/AUTH_894cd03fe1784539ac082e86e3f12d55/gnocchi.e782e87f-7246-4cf3-81c4-90b36c234bf1/none_v3 HTTP/1.0 201 - python-swiftclient-3.11.1 gAAAAABpr_nDnkB_... 31 - - txb517abf9c8c44ba592c13-0069affa37 - 0.0187 - - 1773140535.559537888 1773140535.578266144 0
Mar 10 11:02:24 standalone account-server[127986]: 172.20.0.100 - - [10/Mar/2026:11:02:24 +0000] "HEAD /d1/783/AUTH_894cd03fe1784539ac082e86e3f12d55" 204 - "HEAD http://172.18.0.2:8080/v1/AUTH_894cd03fe1784539ac082e86e3f12d55?format=json" "tx0d255730f48b4a36a429e-0069affa40" "proxy-server 20" 0.0080 "-" 17 -
Mar 10 11:02:24 standalone proxy-server[130184]: - - 10/Mar/2026/11/02/24 HEAD /v1/AUTH_894cd03fe1784539ac082e86e3f12d55%3Fformat%3Djson HTTP/1.0 204 - Swift - - - - tx0d255730f48b4a36a429e-0069affa40 - 0.0149 RL - 1773140544.256919622 1773140544.271800995 -
Mar 10 11:02:24 standalone object-server[128307]: 172.20.0.100 - - [10/Mar/2026:11:02:24 +0000] "GET /d1/308/AUTH_894cd03fe1784539ac082e86e3f12d55/gnocchi.7839ec1a-0aec-470b-8b19-df6277601745/none_v3" 200 32 "GET http://172.18.0.2:8080/v1/AUTH_894cd03fe1784539ac082e86e3f12d55/gnocchi.7839ec1a-0aec-470b-8b19-df6277601745/none_v3" "tx0d255730f48b4a36a429e-0069affa40" "proxy-server 20" 0.0015 "-" 23 0
Mar 10 11:02:24 standalone proxy-server[130184]: 172.18.0.2 172.18.0.100 10/Mar/2026/11/02/24 GET /v1/AUTH_894cd03fe1784539ac082e86e3f12d55/gnocchi.7839ec1a-0aec-470b-8b19-df6277601745/none_v3 HTTP/1.0 200 - python-swiftclient-3.11.1 gAAAAABpr_nDnkB_... - 32 - tx0d255730f48b4a36a429e-0069affa40 - 0.0280 - - 1773140544.255487204 1773140544.283464909 0
Mar 10 11:02:24 standalone container-server[127923]: 172.20.0.100 - - [10/Mar/2026:11:02:24 +0000] "GET /d1/949/AUTH_894cd03fe1784539ac082e86e3f12d55/gnocchi.7839ec1a-0aec-470b-8b19-df6277601745" 200 357 "GET http://172.18.0.2:8080/v1/AUTH_894cd03fe1784539ac082e86e3f12d55/gnocchi.7839ec1a-0aec-470b-8b19-df6277601745?format=json&states=listing" "txec656f5a00c3451a82d7d-0069affa40" "proxy-server 20" 0.0097 "-" 20 0
Mar 10 11:02:24 standalone proxy-server[130184]: 172.18.0.2 172.18.0.100 10/Mar/2026/11/02/24 GET /v1/AUTH_894cd03fe1784539ac082e86e3f12d55/gnocchi.7839ec1a-0aec-470b-8b19-df6277601745%3Fformat%3Djson%26states%3Dlisting HTTP/1.0 200 - python-swiftclient-3.11.1 gAAAAABpr_nDnkB_... - 357 - txec656f5a00c3451a82d7d-0069affa40 - 0.0187 - - 1773140544.287088156 1773140544.305752754 0
Mar 10 11:02:24 standalone container-server[127926]: 172.20.0.100 - - [10/Mar/2026:11:02:24 +0000] "GET /d1/949/AUTH_894cd03fe1784539ac082e86e3f12d55/gnocchi.7839ec1a-0aec-470b-8b19-df6277601745" 200 2 "GET http://172.18.0.2:8080/v1/AUTH_894cd03fe1784539ac082e86e3f12d55/gnocchi.7839ec1a-0aec-470b-8b19-df6277601745?format=json&marker=none_v3&states=listing" "tx8e56ccbd139c4603a843d-0069affa40" "proxy-server 20" 0.0018 "-" 21 0
Mar 10 11:02:24 standalone proxy-server[130184]: 172.18.0.2 172.18.0.100 10/Mar/2026/11/02/24 GET /v1/AUTH_894cd03fe1784539ac082e86e3f12d55/gnocchi.7839ec1a-0aec-470b-8b19-df6277601745%3Fformat%3Djson%26marker%3Dnone_v3%26states%3Dlisting HTTP/1.0 200 - python-swiftclient-3.11.1 gAAAAABpr_nDnkB_... - 2 - tx8e56ccbd139c4603a843d-0069affa40 - 0.0070 - - 1773140544.307996273 1773140544.315010309 0
Mar 10 11:02:24 standalone object-server[128308]: 172.20.0.100 - - [10/Mar/2026:11:02:24 +0000] "GET /d1/258/AUTH_894cd03fe1784539ac082e86e3f12d55/gnocchi.7839ec1a-0aec-470b-8b19-df6277601745/1772280000.0_mean_300.0_v3" 200 16 "GET http://172.18.0.2:8080/v1/AUTH_894cd03fe1784539ac082e86e3f12d55/gnocchi.7839ec1a-0aec-470b-8b19-df6277601745/1772280000.0_mean_300.0_v3" "tx2f3c57aacb9046359a645-0069affa40" "proxy-server 20" 0.0006 "-" 24 0
Mar 10 11:02:24 standalone proxy-server[130184]: 172.18.0.2 172.18.0.100 10/Mar/2026/11/02/24 GET /v1/AUTH_894cd03fe1784539ac082e86e3f12d55/gnocchi.7839ec1a-0aec-470b-8b19-df6277601745/1772280000.0_mean_300.0_v3 HTTP/1.0 200 - python-swiftclient-3.11.1 gAAAAABpr_nDnkB_... - 16 - tx2f3c57aacb9046359a645-0069affa40 - 0.0051 - - 1773140544.318425179 1773140544.323502302 0
Mar 10 11:02:24 standalone container-server[127923]: 172.20.0.100 - - [10/Mar/2026:11:02:24 +0000] "PUT /d1/949/AUTH_894cd03fe1784539ac082e86e3f12d55/gnocchi.7839ec1a-0aec-470b-8b19-df6277601745/1772280000.0_mean_300.0_v3" 201 - "PUT http://172.18.0.2:8080/d1/258/AUTH_894cd03fe1784539ac082e86e3f12d55/gnocchi.7839ec1a-0aec-470b-8b19-df6277601745/1772280000.0_mean_300.0_v3" "tx13de3a79f0444f879f355-0069affa40" "object-server 24" 0.0008 "-" 20 0
Mar 10 11:02:24 standalone object-server[128308]: 172.20.0.100 - - [10/Mar/2026:11:02:24 +0000] "PUT /d1/258/AUTH_894cd03fe1784539ac082e86e3f12d55/gnocchi.7839ec1a-0aec-470b-8b19-df6277601745/1772280000.0_mean_300.0_v3" 201 - "PUT http://172.18.0.2:8080/v1/AUTH_894cd03fe1784539ac082e86e3f12d55/gnocchi.7839ec1a-0aec-470b-8b19-df6277601745/1772280000.0_mean_300.0_v3" "tx13de3a79f0444f879f355-0069affa40" "proxy-server 20" 0.0102 "-" 24 0
Mar 10 11:02:24 standalone proxy-server[130184]: 172.18.0.2 172.18.0.100 10/Mar/2026/11/02/24 PUT /v1/AUTH_894cd03fe1784539ac082e86e3f12d55/gnocchi.7839ec1a-0aec-470b-8b19-df6277601745/1772280000.0_mean_300.0_v3 HTTP/1.0 201 - python-swiftclient-3.11.1 gAAAAABpr_nDnkB_... 16 - - tx13de3a79f0444f879f355-0069affa40 - 0.0145 - - 1773140544.326827049 1773140544.341374874 0
Mar 10 11:02:24 standalone container-server[127926]: 172.20.0.100 - - [10/Mar/2026:11:02:24 +0000] "PUT /d1/949/AUTH_894cd03fe1784539ac082e86e3f12d55/gnocchi.7839ec1a-0aec-470b-8b19-df6277601745/none_v3" 201 - "PUT http://172.18.0.2:8080/d1/308/AUTH_894cd03fe1784539ac082e86e3f12d55/gnocchi.7839ec1a-0aec-470b-8b19-df6277601745/none_v3" "tx9b5e49bc8d564787a6277-0069affa40" "object-server 25" 0.0004 "-" 21 0
Mar 10 11:02:24 standalone object-server[128310]: 172.20.0.100 - - [10/Mar/2026:11:02:24 +0000] "PUT /d1/308/AUTH_894cd03fe1784539ac082e86e3f12d55/gnocchi.7839ec1a-0aec-470b-8b19-df6277601745/none_v3" 201 - "PUT http://172.18.0.2:8080/v1/AUTH_894cd03fe1784539ac082e86e3f12d55/gnocchi.7839ec1a-0aec-470b-8b19-df6277601745/none_v3" "tx9b5e49bc8d564787a6277-0069affa40" "proxy-server 20" 0.0115 "-" 25 0
Mar 10 11:02:24 standalone proxy-server[130184]: 172.18.0.2 172.18.0.100 10/Mar/2026/11/02/24 PUT /v1/AUTH_894cd03fe1784539ac082e86e3f12d55/gnocchi.7839ec1a-0aec-470b-8b19-df6277601745/none_v3 HTTP/1.0 201 - python-swiftclient-3.11.1 gAAAAABpr_nDnkB_... 46 - - tx9b5e49bc8d564787a6277-0069affa40 - 0.0172 - - 1773140544.343744516 1773140544.360951662 0
Mar 10 11:02:25 standalone object-server[128310]: 172.20.0.100 - - [10/Mar/2026:11:02:25 +0000] "GET /d1/308/AUTH_894cd03fe1784539ac082e86e3f12d55/gnocchi.7839ec1a-0aec-470b-8b19-df6277601745/none_v3" 200 46 "GET http://172.18.0.2:8080/v1/AUTH_894cd03fe1784539ac082e86e3f12d55/gnocchi.7839ec1a-0aec-470b-8b19-df6277601745/none_v3" "txb5b8120a01234a81a58ab-0069affa41" "proxy-server 20" 0.0008 "-" 25 0
Mar 10 11:02:25 standalone proxy-server[130184]: 172.18.0.2 172.18.0.100 10/Mar/2026/11/02/25 GET /v1/AUTH_894cd03fe1784539ac082e86e3f12d55/gnocchi.7839ec1a-0aec-470b-8b19-df6277601745/none_v3 HTTP/1.0 200 - python-swiftclient-3.11.1 gAAAAABpr_nDnkB_... - 46 - txb5b8120a01234a81a58ab-0069affa41 - 0.0117 - - 1773140545.222002268 1773140545.233681917 0
Mar 10 11:02:25 standalone container-server[127926]: 172.20.0.100 - - [10/Mar/2026:11:02:25 +0000] "GET /d1/949/AUTH_894cd03fe1784539ac082e86e3f12d55/gnocchi.7839ec1a-0aec-470b-8b19-df6277601745" 200 357 "GET http://172.18.0.2:8080/v1/AUTH_894cd03fe1784539ac082e86e3f12d55/gnocchi.7839ec1a-0aec-470b-8b19-df6277601745?format=json&states=listing" "txab4f30173f814219bf806-0069affa41" "proxy-server 20" 0.0079 "-" 21 0
Mar 10 11:02:25 standalone proxy-server[130184]: 172.18.0.2 172.18.0.100 10/Mar/2026/11/02/25 GET /v1/AUTH_894cd03fe1784539ac082e86e3f12d55/gnocchi.7839ec1a-0aec-470b-8b19-df6277601745%3Fformat%3Djson%26states%3Dlisting HTTP/1.0 200 - python-swiftclient-3.11.1 gAAAAABpr_nDnkB_... - 357 - txab4f30173f814219bf806-0069affa41 - 0.0184 - - 1773140545.238349676 1773140545.256722450 0
Mar 10 11:02:25 standalone container-server[127939]: 172.20.0.100 - - [10/Mar/2026:11:02:25 +0000] "GET /d1/949/AUTH_894cd03fe1784539ac082e86e3f12d55/gnocchi.7839ec1a-0aec-470b-8b19-df6277601745" 200 2 "GET http://172.18.0.2:8080/v1/AUTH_894cd03fe1784539ac082e86e3f12d55/gnocchi.7839ec1a-0aec-470b-8b19-df6277601745?format=json&marker=none_v3&states=listing" "txfb78d7882a9f427b83981-0069affa41" "proxy-server 20" 0.0051 "-" 22 0
Mar 10 11:02:25 standalone proxy-server[130184]: 172.18.0.2 172.18.0.100 10/Mar/2026/11/02/25 GET /v1/AUTH_894cd03fe1784539ac082e86e3f12d55/gnocchi.7839ec1a-0aec-470b-8b19-df6277601745%3Fformat%3Djson%26marker%3Dnone_v3%26states%3Dlisting HTTP/1.0 200 - python-swiftclient-3.11.1 gAAAAABpr_nDnkB_... - 2 - txfb78d7882a9f427b83981-0069affa41 - 0.0136 - - 1773140545.262267351 1773140545.275863647 0
Mar 10 11:02:25 standalone object-server[128310]: 172.20.0.100 - - [10/Mar/2026:11:02:25 +0000] "GET /d1/258/AUTH_894cd03fe1784539ac082e86e3f12d55/gnocchi.7839ec1a-0aec-470b-8b19-df6277601745/1772280000.0_mean_300.0_v3" 200 16 "GET http://172.18.0.2:8080/v1/AUTH_894cd03fe1784539ac082e86e3f12d55/gnocchi.7839ec1a-0aec-470b-8b19-df6277601745/1772280000.0_mean_300.0_v3" "tx7f8bb1a5896549138c7ee-0069affa41" "proxy-server 20" 0.0010 "-" 25 0
Mar 10 11:02:25 standalone proxy-server[130184]: 172.18.0.2 172.18.0.100 10/Mar/2026/11/02/25 GET /v1/AUTH_894cd03fe1784539ac082e86e3f12d55/gnocchi.7839ec1a-0aec-470b-8b19-df6277601745/1772280000.0_mean_300.0_v3 HTTP/1.0 200 - python-swiftclient-3.11.1 gAAAAABpr_nDnkB_... - 16 - tx7f8bb1a5896549138c7ee-0069affa41 - 0.0077 - - 1773140545.280021906 1773140545.287717104 0
Mar 10 11:02:25 standalone container-server[127923]: 172.20.0.100 - - [10/Mar/2026:11:02:25 +0000] "PUT /d1/949/AUTH_894cd03fe1784539ac082e86e3f12d55/gnocchi.7839ec1a-0aec-470b-8b19-df6277601745/1772280000.0_mean_300.0_v3" 201 - "PUT http://172.18.0.2:8080/d1/258/AUTH_894cd03fe1784539ac082e86e3f12d55/gnocchi.7839ec1a-0aec-470b-8b19-df6277601745/1772280000.0_mean_300.0_v3" "tx8290bb960aaa467e869b3-0069affa41" "object-server 25" 0.0011 "-" 20 0
Mar 10 11:02:25 standalone object-server[128310]: 172.20.0.100 - - [10/Mar/2026:11:02:25 +0000] "PUT /d1/258/AUTH_894cd03fe1784539ac082e86e3f12d55/gnocchi.7839ec1a-0aec-470b-8b19-df6277601745/1772280000.0_mean_300.0_v3" 201 - "PUT http://172.18.0.2:8080/v1/AUTH_894cd03fe1784539ac082e86e3f12d55/gnocchi.7839ec1a-0aec-470b-8b19-df6277601745/1772280000.0_mean_300.0_v3" "tx8290bb960aaa467e869b3-0069affa41" "proxy-server 20" 0.0114 "-" 25 0
Mar 10 11:02:25 standalone proxy-server[130184]: 172.18.0.2 172.18.0.100 10/Mar/2026/11/02/25 PUT /v1/AUTH_894cd03fe1784539ac082e86e3f12d55/gnocchi.7839ec1a-0aec-470b-8b19-df6277601745/1772280000.0_mean_300.0_v3 HTTP/1.0 201 - python-swiftclient-3.11.1 gAAAAABpr_nDnkB_... 16 - - tx8290bb960aaa467e869b3-0069affa41 - 0.0185 - - 1773140545.290622950 1773140545.309166670 0
Mar 10 11:02:25 standalone container-server[127923]: 172.20.0.100 - - [10/Mar/2026:11:02:25 +0000] "PUT /d1/949/AUTH_894cd03fe1784539ac082e86e3f12d55/gnocchi.7839ec1a-0aec-470b-8b19-df6277601745/none_v3" 201 - "PUT http://172.18.0.2:8080/d1/308/AUTH_894cd03fe1784539ac082e86e3f12d55/gnocchi.7839ec1a-0aec-470b-8b19-df6277601745/none_v3" "txf867309d47ed42adb2a53-0069affa41" "object-server 22" 0.0006 "-" 20 0
Mar 10 11:02:25 standalone object-server[128304]: 172.20.0.100 - - [10/Mar/2026:11:02:25 +0000] "PUT /d1/308/AUTH_894cd03fe1784539ac082e86e3f12d55/gnocchi.7839ec1a-0aec-470b-8b19-df6277601745/none_v3" 201 - "PUT http://172.18.0.2:8080/v1/AUTH_894cd03fe1784539ac082e86e3f12d55/gnocchi.7839ec1a-0aec-470b-8b19-df6277601745/none_v3" "txf867309d47ed42adb2a53-0069affa41" "proxy-server 20" 0.0108 "-" 22 0
Mar 10 11:02:25 standalone proxy-server[130184]: 172.18.0.2 172.18.0.100 10/Mar/2026/11/02/25 PUT /v1/AUTH_894cd03fe1784539ac082e86e3f12d55/gnocchi.7839ec1a-0aec-470b-8b19-df6277601745/none_v3 HTTP/1.0 201 - python-swiftclient-3.11.1 gAAAAABpr_nDnkB_... 51 - - txf867309d47ed42adb2a53-0069affa41 - 0.0161 - - 1773140545.312181234 1773140545.328246832 0
Mar 10 11:02:25 standalone object-server[128310]: 172.20.0.100 - - [10/Mar/2026:11:02:25 +0000] "GET /d1/367/AUTH_894cd03fe1784539ac082e86e3f12d55/gnocchi.f34ba1d5-03aa-4204-8371-d241fed5c86e/none_v3" 200 22 "GET http://172.18.0.2:8080/v1/AUTH_894cd03fe1784539ac082e86e3f12d55/gnocchi.f34ba1d5-03aa-4204-8371-d241fed5c86e/none_v3" "tx7d08cd5ae0a44872b1311-0069affa41" "proxy-server 20" 0.0009 "-" 25 0
Mar 10 11:02:25 standalone proxy-server[130184]: 172.18.0.2 172.18.0.100 10/Mar/2026/11/02/25 GET /v1/AUTH_894cd03fe1784539ac082e86e3f12d55/gnocchi.f34ba1d5-03aa-4204-8371-d241fed5c86e/none_v3 HTTP/1.0 200 - python-swiftclient-3.11.1 gAAAAABpr_nDnkB_... - 22 - tx7d08cd5ae0a44872b1311-0069affa41 - 0.0068 - - 1773140545.346952915 1773140545.353793383 0
Mar 10 11:02:25 standalone container-server[127923]: 172.20.0.100 - - [10/Mar/2026:11:02:25 +0000] "GET /d1/34/AUTH_894cd03fe1784539ac082e86e3f12d55/gnocchi.f34ba1d5-03aa-4204-8371-d241fed5c86e" 200 357 "GET http://172.18.0.2:8080/v1/AUTH_894cd03fe1784539ac082e86e3f12d55/gnocchi.f34ba1d5-03aa-4204-8371-d241fed5c86e?format=json&states=listing" "txf0aafcae1c9045b5b01d5-0069affa41" "proxy-server 20" 0.0123 "-" 20 0
Mar 10 11:02:25 standalone proxy-server[130184]: 172.18.0.2 172.18.0.100 10/Mar/2026/11/02/25 GET /v1/AUTH_894cd03fe1784539ac082e86e3f12d55/gnocchi.f34ba1d5-03aa-4204-8371-d241fed5c86e%3Fformat%3Djson%26states%3Dlisting HTTP/1.0 200 - python-swiftclient-3.11.1 gAAAAABpr_nDnkB_... - 357 - txf0aafcae1c9045b5b01d5-0069affa41 - 0.0201 - - 1773140545.357267857 1773140545.377411604 0
Mar 10 11:02:25 standalone container-server[127923]: 172.20.0.100 - - [10/Mar/2026:11:02:25 +0000] "GET /d1/34/AUTH_894cd03fe1784539ac082e86e3f12d55/gnocchi.f34ba1d5-03aa-4204-8371-d241fed5c86e" 200 2 "GET http://172.18.0.2:8080/v1/AUTH_894cd03fe1784539ac082e86e3f12d55/gnocchi.f34ba1d5-03aa-4204-8371-d241fed5c86e?format=json&marker=none_v3&states=listing" "txf0da02291ef04a4ab68c7-0069affa41" "proxy-server 20" 0.0031 "-" 20 0
Mar 10 11:02:25 standalone proxy-server[130184]: 172.18.0.2 172.18.0.100 10/Mar/2026/11/02/25 GET /v1/AUTH_894cd03fe1784539ac082e86e3f12d55/gnocchi.f34ba1d5-03aa-4204-8371-d241fed5c86e%3Fformat%3Djson%26marker%3Dnone_v3%26states%3Dlisting HTTP/1.0 200 - python-swiftclient-3.11.1 gAAAAABpr_nDnkB_... - 2 - txf0da02291ef04a4ab68c7-0069affa41 - 0.0140 - - 1773140545.381432295 1773140545.395391464 0
Mar 10 11:02:25 standalone object-server[128304]: 172.20.0.100 - - [10/Mar/2026:11:02:25 +0000] "GET /d1/646/AUTH_894cd03fe1784539ac082e86e3f12d55/gnocchi.f34ba1d5-03aa-4204-8371-d241fed5c86e/1772280000.0_mean_300.0_v3" 200 16 "GET http://172.18.0.2:8080/v1/AUTH_894cd03fe1784539ac082e86e3f12d55/gnocchi.f34ba1d5-03aa-4204-8371-d241fed5c86e/1772280000.0_mean_300.0_v3" "txd0a45dd5227d46578ba05-0069affa41" "proxy-server 20" 0.0008 "-" 22 0
Mar 10 11:02:25 standalone proxy-server[130184]: 172.18.0.2 172.18.0.100 10/Mar/2026/11/02/25 GET /v1/AUTH_894cd03fe1784539ac082e86e3f12d55/gnocchi.f34ba1d5-03aa-4204-8371-d241fed5c86e/1772280000.0_mean_300.0_v3 HTTP/1.0 200 - python-swiftclient-3.11.1 gAAAAABpr_nDnkB_... - 16 - txd0a45dd5227d46578ba05-0069affa41 - 0.0110 - - 1773140545.401282072 1773140545.412327528 0
Mar 10 11:02:25 standalone container-server[127923]: 172.20.0.100 - - [10/Mar/2026:11:02:25 +0000] "PUT /d1/34/AUTH_894cd03fe1784539ac082e86e3f12d55/gnocchi.f34ba1d5-03aa-4204-8371-d241fed5c86e/1772280000.0_mean_300.0_v3" 201 - "PUT http://172.18.0.2:8080/d1/646/AUTH_894cd03fe1784539ac082e86e3f12d55/gnocchi.f34ba1d5-03aa-4204-8371-d241fed5c86e/1772280000.0_mean_300.0_v3" "tx86d9d57f85fc4dd385c42-0069affa41" "object-server 24" 0.0009 "-" 20 0
Mar 10 11:02:25 standalone object-server[128308]: 172.20.0.100 - - [10/Mar/2026:11:02:25 +0000] "PUT /d1/646/AUTH_894cd03fe1784539ac082e86e3f12d55/gnocchi.f34ba1d5-03aa-4204-8371-d241fed5c86e/1772280000.0_mean_300.0_v3" 201 - "PUT http://172.18.0.2:8080/v1/AUTH_894cd03fe1784539ac082e86e3f12d55/gnocchi.f34ba1d5-03aa-4204-8371-d241fed5c86e/1772280000.0_mean_300.0_v3" "tx86d9d57f85fc4dd385c42-0069affa41" "proxy-server 20" 0.0123 "-" 24 0
Mar 10 11:02:25 standalone proxy-server[130184]: 172.18.0.2 172.18.0.100 10/Mar/2026/11/02/25 PUT /v1/AUTH_894cd03fe1784539ac082e86e3f12d55/gnocchi.f34ba1d5-03aa-4204-8371-d241fed5c86e/1772280000.0_mean_300.0_v3 HTTP/1.0 201 - python-swiftclient-3.11.1 gAAAAABpr_nDnkB_... 16 - - tx86d9d57f85fc4dd385c42-0069affa41 - 0.0191 - - 1773140545.416954994 1773140545.436030388 0
Mar 10 11:02:25 standalone container-server[127926]: 172.20.0.100 - - [10/Mar/2026:11:02:25 +0000] "PUT /d1/34/AUTH_894cd03fe1784539ac082e86e3f12d55/gnocchi.f34ba1d5-03aa-4204-8371-d241fed5c86e/none_v3" 201 - "PUT http://172.18.0.2:8080/d1/367/AUTH_894cd03fe1784539ac082e86e3f12d55/gnocchi.f34ba1d5-03aa-4204-8371-d241fed5c86e/none_v3" "tx97afc63bbc5a4d9eb51fb-0069affa41" "object-server 24" 0.0005 "-" 21 0
Mar 10 11:02:25 standalone object-server[128308]: 172.20.0.100 - - [10/Mar/2026:11:02:25 +0000] "PUT /d1/367/AUTH_894cd03fe1784539ac082e86e3f12d55/gnocchi.f34ba1d5-03aa-4204-8371-d241fed5c86e/none_v3" 201 - "PUT http://172.18.0.2:8080/v1/AUTH_894cd03fe1784539ac082e86e3f12d55/gnocchi.f34ba1d5-03aa-4204-8371-d241fed5c86e/none_v3" "tx97afc63bbc5a4d9eb51fb-0069affa41" "proxy-server 20" 0.0079 "-" 24 0
Mar 10 11:02:25 standalone proxy-server[130184]: 172.18.0.2 172.18.0.100 10/Mar/2026/11/02/25 PUT /v1/AUTH_894cd03fe1784539ac082e86e3f12d55/gnocchi.f34ba1d5-03aa-4204-8371-d241fed5c86e/none_v3 HTTP/1.0 201 - python-swiftclient-3.11.1 gAAAAABpr_nDnkB_... 32 - - tx97afc63bbc5a4d9eb51fb-0069affa41 - 0.0121 - - 1773140545.439944744 1773140545.452090025 0
Mar 10 11:02:25 standalone object-server[128310]: 172.20.0.100 - - [10/Mar/2026:11:02:25 +0000] "GET /d1/772/AUTH_894cd03fe1784539ac082e86e3f12d55/gnocchi.b0ee55de-4b33-43c6-b341-fd5ea31bd9eb/none_v3" 200 22 "GET http://172.18.0.2:8080/v1/AUTH_894cd03fe1784539ac082e86e3f12d55/gnocchi.b0ee55de-4b33-43c6-b341-fd5ea31bd9eb/none_v3" "txfd65ebd8454b480b80cc6-0069affa41" "proxy-server 20" 0.0010 "-" 25 0
Mar 10 11:02:25 standalone proxy-server[130184]: 172.18.0.2 172.18.0.100 10/Mar/2026/11/02/25 GET /v1/AUTH_894cd03fe1784539ac082e86e3f12d55/gnocchi.b0ee55de-4b33-43c6-b341-fd5ea31bd9eb/none_v3 HTTP/1.0 200 - python-swiftclient-3.11.1 gAAAAABpr_nDnkB_... - 22 - txfd65ebd8454b480b80cc6-0069affa41 - 0.0060 - - 1773140545.462831974 1773140545.468854666 0
Mar 10 11:02:25 standalone container-server[127926]: 172.20.0.100 - - [10/Mar/2026:11:02:25 +0000] "GET /d1/144/AUTH_894cd03fe1784539ac082e86e3f12d55/gnocchi.b0ee55de-4b33-43c6-b341-fd5ea31bd9eb" 200 357 "GET http://172.18.0.2:8080/v1/AUTH_894cd03fe1784539ac082e86e3f12d55/gnocchi.b0ee55de-4b33-43c6-b341-fd5ea31bd9eb?format=json&states=listing" "tx11478aa2561347ac976f8-0069affa41" "proxy-server 20" 0.0056 "-" 21 0
Mar 10 11:02:25 standalone proxy-server[130184]: 172.18.0.2 172.18.0.100 10/Mar/2026/11/02/25 GET /v1/AUTH_894cd03fe1784539ac082e86e3f12d55/gnocchi.b0ee55de-4b33-43c6-b341-fd5ea31bd9eb%3Fformat%3Djson%26states%3Dlisting HTTP/1.0 200 - python-swiftclient-3.11.1 gAAAAABpr_nDnkB_... - 357 - tx11478aa2561347ac976f8-0069affa41 - 0.0106 - - 1773140545.472245216 1773140545.482851267 0
Mar 10 11:02:25 standalone container-server[127923]: 172.20.0.100 - - [10/Mar/2026:11:02:25 +0000] "GET /d1/144/AUTH_894cd03fe1784539ac082e86e3f12d55/gnocchi.b0ee55de-4b33-43c6-b341-fd5ea31bd9eb" 200 2 "GET http://172.18.0.2:8080/v1/AUTH_894cd03fe1784539ac082e86e3f12d55/gnocchi.b0ee55de-4b33-43c6-b341-fd5ea31bd9eb?format=json&marker=none_v3&states=listing" "tx06c9558a826b4f8491f4d-0069affa41" "proxy-server 20" 0.0026 "-" 20 0
Mar 10 11:02:25 standalone proxy-server[130184]: 172.18.0.2 172.18.0.100 10/Mar/2026/11/02/25 GET /v1/AUTH_894cd03fe1784539ac082e86e3f12d55/gnocchi.b0ee55de-4b33-43c6-b341-fd5ea31bd9eb%3Fformat%3Djson%26marker%3Dnone_v3%26states%3Dlisting HTTP/1.0 200 - python-swiftclient-3.11.1 gAAAAABpr_nDnkB_... - 2 - tx06c9558a826b4f8491f4d-0069affa41 - 0.0076 - - 1773140545.486083746 1773140545.493663788 0
Mar 10 11:02:25 standalone object-server[128304]: 172.20.0.100 - - [10/Mar/2026:11:02:25 +0000] "GET /d1/648/AUTH_894cd03fe1784539ac082e86e3f12d55/gnocchi.b0ee55de-4b33-43c6-b341-fd5ea31bd9eb/1772280000.0_mean_300.0_v3" 200 16 "GET http://172.18.0.2:8080/v1/AUTH_894cd03fe1784539ac082e86e3f12d55/gnocchi.b0ee55de-4b33-43c6-b341-fd5ea31bd9eb/1772280000.0_mean_300.0_v3" "tx1d45132cb563430ba9416-0069affa41" "proxy-server 20" 0.0007 "-" 22 0
Mar 10 11:02:25 standalone proxy-server[130184]: 172.18.0.2 172.18.0.100 10/Mar/2026/11/02/25 GET /v1/AUTH_894cd03fe1784539ac082e86e3f12d55/gnocchi.b0ee55de-4b33-43c6-b341-fd5ea31bd9eb/1772280000.0_mean_300.0_v3 HTTP/1.0 200 - python-swiftclient-3.11.1 gAAAAABpr_nDnkB_... - 16 - tx1d45132cb563430ba9416-0069affa41 - 0.0052 - - 1773140545.497162819 1773140545.502396584 0
Mar 10 11:02:25 standalone container-server[127939]: 172.20.0.100 - - [10/Mar/2026:11:02:25 +0000] "PUT /d1/144/AUTH_894cd03fe1784539ac082e86e3f12d55/gnocchi.b0ee55de-4b33-43c6-b341-fd5ea31bd9eb/1772280000.0_mean_300.0_v3" 201 - "PUT http://172.18.0.2:8080/d1/648/AUTH_894cd03fe1784539ac082e86e3f12d55/gnocchi.b0ee55de-4b33-43c6-b341-fd5ea31bd9eb/1772280000.0_mean_300.0_v3" "tx8af81e98e55f40a09a4b6-0069affa41" "object-server 22" 0.0011 "-" 22 0
Mar 10 11:02:25 standalone object-server[128304]: 172.20.0.100 - - [10/Mar/2026:11:02:25 +0000] "PUT /d1/648/AUTH_894cd03fe1784539ac082e86e3f12d55/gnocchi.b0ee55de-4b33-43c6-b341-fd5ea31bd9eb/1772280000.0_mean_300.0_v3" 201 - "PUT http://172.18.0.2:8080/v1/AUTH_894cd03fe1784539ac082e86e3f12d55/gnocchi.b0ee55de-4b33-43c6-b341-fd5ea31bd9eb/1772280000.0_mean_300.0_v3" "tx8af81e98e55f40a09a4b6-0069affa41" "proxy-server 20" 0.0114 "-" 22 0
Mar 10 11:02:25 standalone proxy-server[130184]: 172.18.0.2 172.18.0.100 10/Mar/2026/11/02/25 PUT /v1/AUTH_894cd03fe1784539ac082e86e3f12d55/gnocchi.b0ee55de-4b33-43c6-b341-fd5ea31bd9eb/1772280000.0_mean_300.0_v3 HTTP/1.0 201 - python-swiftclient-3.11.1 gAAAAABpr_nDnkB_... 16 - - tx8af81e98e55f40a09a4b6-0069affa41 - 0.0151 - - 1773140545.504742146 1773140545.519849062 0
Mar 10 11:02:25 standalone container-server[127939]: 172.20.0.100 - - [10/Mar/2026:11:02:25 +0000] "PUT /d1/144/AUTH_894cd03fe1784539ac082e86e3f12d55/gnocchi.b0ee55de-4b33-43c6-b341-fd5ea31bd9eb/none_v3" 201 - "PUT http://172.18.0.2:8080/d1/772/AUTH_894cd03fe1784539ac082e86e3f12d55/gnocchi.b0ee55de-4b33-43c6-b341-fd5ea31bd9eb/none_v3" "tx39aa7537076a4f239c736-0069affa41" "object-server 22" 0.0006 "-" 22 0
Mar 10 11:02:25 standalone object-server[128304]: 172.20.0.100 - - [10/Mar/2026:11:02:25 +0000] "PUT /d1/772/AUTH_894cd03fe1784539ac082e86e3f12d55/gnocchi.b0ee55de-4b33-43c6-b341-fd5ea31bd9eb/none_v3" 201 - "PUT http://172.18.0.2:8080/v1/AUTH_894cd03fe1784539ac082e86e3f12d55/gnocchi.b0ee55de-4b33-43c6-b341-fd5ea31bd9eb/none_v3" "tx39aa7537076a4f239c736-0069affa41" "proxy-server 20" 0.0167 "-" 22 0
Mar 10 11:02:25 standalone proxy-server[130184]: 172.18.0.2 172.18.0.100 10/Mar/2026/11/02/25 PUT /v1/AUTH_894cd03fe1784539ac082e86e3f12d55/gnocchi.b0ee55de-4b33-43c6-b341-fd5ea31bd9eb/none_v3 HTTP/1.0 201 - python-swiftclient-3.11.1 gAAAAABpr_nDnkB_... 32 - - tx39aa7537076a4f239c736-0069affa41 - 0.0218 - - 1773140545.522543192 1773140545.544350147 0
Mar 10 11:02:25 standalone object-server[128307]: 172.20.0.100 - - [10/Mar/2026:11:02:25 +0000] "GET /d1/943/AUTH_894cd03fe1784539ac082e86e3f12d55/gnocchi.839fc369-bbd2-4bad-9bde-8bf2237024e1/none_v3" 200 22 "GET http://172.18.0.2:8080/v1/AUTH_894cd03fe1784539ac082e86e3f12d55/gnocchi.839fc369-bbd2-4bad-9bde-8bf2237024e1/none_v3" "tx57ea1712ca464cce98851-0069affa41" "proxy-server 20" 0.0008 "-" 23 0
Mar 10 11:02:25 standalone proxy-server[130184]: 172.18.0.2 172.18.0.100 10/Mar/2026/11/02/25 GET /v1/AUTH_894cd03fe1784539ac082e86e3f12d55/gnocchi.839fc369-bbd2-4bad-9bde-8bf2237024e1/none_v3 HTTP/1.0 200 - python-swiftclient-3.11.1 gAAAAABpr_nDnkB_... - 22 - tx57ea1712ca464cce98851-0069affa41 - 0.0071 - - 1773140545.558904409 1773140545.565960407 0
Mar 10 11:02:25 standalone container-server[127951]: 172.20.0.100 - - [10/Mar/2026:11:02:25 +0000] "GET /d1/582/AUTH_894cd03fe1784539ac082e86e3f12d55/gnocchi.839fc369-bbd2-4bad-9bde-8bf2237024e1" 200 357 "GET http://172.18.0.2:8080/v1/AUTH_894cd03fe1784539ac082e86e3f12d55/gnocchi.839fc369-bbd2-4bad-9bde-8bf2237024e1?format=json&states=listing" "txe03e76ebbec54dc58f35d-0069affa41" "proxy-server 20" 0.0185 "-" 23 0
Mar 10 11:02:25 standalone proxy-server[130184]: 172.18.0.2 172.18.0.100 10/Mar/2026/11/02/25 GET /v1/AUTH_894cd03fe1784539ac082e86e3f12d55/gnocchi.839fc369-bbd2-4bad-9bde-8bf2237024e1%3Fformat%3Djson%26states%3Dlisting HTTP/1.0 200 - python-swiftclient-3.11.1 gAAAAABpr_nDnkB_... - 357 - txe03e76ebbec54dc58f35d-0069affa41 - 0.0269 - - 1773140545.569202185 1773140545.596103907 0
Mar 10 11:02:25 standalone container-server[127951]: 172.20.0.100 - - [10/Mar/2026:11:02:25 +0000] "GET /d1/582/AUTH_894cd03fe1784539ac082e86e3f12d55/gnocchi.839fc369-bbd2-4bad-9bde-8bf2237024e1" 200 2 "GET http://172.18.0.2:8080/v1/AUTH_894cd03fe1784539ac082e86e3f12d55/gnocchi.839fc369-bbd2-4bad-9bde-8bf2237024e1?format=json&marker=none_v3&states=listing" "txcd34400fdc424d2f93099-0069affa41" "proxy-server 20" 0.0034 "-" 23 0
Mar 10 11:02:25 standalone proxy-server[130184]: 172.18.0.2 172.18.0.100 10/Mar/2026/11/02/25 GET /v1/AUTH_894cd03fe1784539ac082e86e3f12d55/gnocchi.839fc369-bbd2-4bad-9bde-8bf2237024e1%3Fformat%3Djson%26marker%3Dnone_v3%26states%3Dlisting HTTP/1.0 200 - python-swiftclient-3.11.1 gAAAAABpr_nDnkB_... - 2 - txcd34400fdc424d2f93099-0069affa41 - 0.0087 - - 1773140545.598935604 1773140545.607646465 0
Mar 10 11:02:25 standalone object-server[128310]: 172.20.0.100 - - [10/Mar/2026:11:02:25 +0000] "GET /d1/234/AUTH_894cd03fe1784539ac082e86e3f12d55/gnocchi.839fc369-bbd2-4bad-9bde-8bf2237024e1/1772280000.0_mean_300.0_v3" 200 16 "GET http://172.18.0.2:8080/v1/AUTH_894cd03fe1784539ac082e86e3f12d55/gnocchi.839fc369-bbd2-4bad-9bde-8bf2237024e1/1772280000.0_mean_300.0_v3" "tx0a9425eac65643a99d86a-0069affa41" "proxy-server 20" 0.0011 "-" 25 0
Mar 10 11:02:25 standalone proxy-server[130184]: 172.18.0.2 172.18.0.100 10/Mar/2026/11/02/25 GET /v1/AUTH_894cd03fe1784539ac082e86e3f12d55/gnocchi.839fc369-bbd2-4bad-9bde-8bf2237024e1/1772280000.0_mean_300.0_v3 HTTP/1.0 200 - python-swiftclient-3.11.1 gAAAAABpr_nDnkB_... - 16 - tx0a9425eac65643a99d86a-0069affa41 - 0.0068 - - 1773140545.610707760 1773140545.617512465 0
Mar 10 11:02:25 standalone container-server[127939]: 172.20.0.100 - - [10/Mar/2026:11:02:25 +0000] "PUT /d1/582/AUTH_894cd03fe1784539ac082e86e3f12d55/gnocchi.839fc369-bbd2-4bad-9bde-8bf2237024e1/1772280000.0_mean_300.0_v3" 201 - "PUT http://172.18.0.2:8080/d1/234/AUTH_894cd03fe1784539ac082e86e3f12d55/gnocchi.839fc369-bbd2-4bad-9bde-8bf2237024e1/1772280000.0_mean_300.0_v3" "txe4d057992dc842fe9531d-0069affa41" "object-server 25" 0.0008 "-" 22 0
Mar 10 11:02:25 standalone object-server[128310]: 172.20.0.100 - - [10/Mar/2026:11:02:25 +0000] "PUT /d1/234/AUTH_894cd03fe1784539ac082e86e3f12d55/gnocchi.839fc369-bbd2-4bad-9bde-8bf2237024e1/1772280000.0_mean_300.0_v3" 201 - "PUT http://172.18.0.2:8080/v1/AUTH_894cd03fe1784539ac082e86e3f12d55/gnocchi.839fc369-bbd2-4bad-9bde-8bf2237024e1/1772280000.0_mean_300.0_v3" "txe4d057992dc842fe9531d-0069affa41" "proxy-server 20" 0.0121 "-" 25 0
Mar 10 11:02:25 standalone proxy-server[130184]: 172.18.0.2 172.18.0.100 10/Mar/2026/11/02/25 PUT /v1/AUTH_894cd03fe1784539ac082e86e3f12d55/gnocchi.839fc369-bbd2-4bad-9bde-8bf2237024e1/1772280000.0_mean_300.0_v3 HTTP/1.0 201 - python-swiftclient-3.11.1 gAAAAABpr_nDnkB_... 16 - - txe4d057992dc842fe9531d-0069affa41 - 0.0164 - - 1773140545.621389151 1773140545.637769938 0
Mar 10 11:02:25 standalone container-server[127939]: 172.20.0.100 - - [10/Mar/2026:11:02:25 +0000] "PUT /d1/582/AUTH_894cd03fe1784539ac082e86e3f12d55/gnocchi.839fc369-bbd2-4bad-9bde-8bf2237024e1/none_v3" 201 - "PUT http://172.18.0.2:8080/d1/943/AUTH_894cd03fe1784539ac082e86e3f12d55/gnocchi.839fc369-bbd2-4bad-9bde-8bf2237024e1/none_v3" "tx64b87c00a1e141aca2ee9-0069affa41" "object-server 24" 0.0006 "-" 22 0
Mar 10 11:02:25 standalone object-server[128308]: 172.20.0.100 - - [10/Mar/2026:11:02:25 +0000] "PUT /d1/943/AUTH_894cd03fe1784539ac082e86e3f12d55/gnocchi.839fc369-bbd2-4bad-9bde-8bf2237024e1/none_v3" 201 - "PUT http://172.18.0.2:8080/v1/AUTH_894cd03fe1784539ac082e86e3f12d55/gnocchi.839fc369-bbd2-4bad-9bde-8bf2237024e1/none_v3" "tx64b87c00a1e141aca2ee9-0069affa41" "proxy-server 20" 0.0092 "-" 24 0
Mar 10 11:02:25 standalone proxy-server[130184]: 172.18.0.2 172.18.0.100 10/Mar/2026/11/02/25 PUT /v1/AUTH_894cd03fe1784539ac082e86e3f12d55/gnocchi.839fc369-bbd2-4bad-9bde-8bf2237024e1/none_v3 HTTP/1.0 201 - python-swiftclient-3.11.1 gAAAAABpr_nDnkB_... 32 - - tx64b87c00a1e141aca2ee9-0069affa41 - 0.0129 - - 1773140545.639942884 1773140545.652854681 0
Mar 10 11:02:25 standalone object-server[128310]: 172.20.0.100 - - [10/Mar/2026:11:02:25 +0000] "GET /d1/11/AUTH_894cd03fe1784539ac082e86e3f12d55/gnocchi.9a3f0d19-4f6d-4b4c-9267-cef68f605724/none_v3" 200 22 "GET http://172.18.0.2:8080/v1/AUTH_894cd03fe1784539ac082e86e3f12d55/gnocchi.9a3f0d19-4f6d-4b4c-9267-cef68f605724/none_v3" "txb6c46afdd17445609b942-0069affa41" "proxy-server 20" 0.0011 "-" 25 0
Mar 10 11:02:25 standalone proxy-server[130184]: 172.18.0.2 172.18.0.100 10/Mar/2026/11/02/25 GET /v1/AUTH_894cd03fe1784539ac082e86e3f12d55/gnocchi.9a3f0d19-4f6d-4b4c-9267-cef68f605724/none_v3 HTTP/1.0 200 - python-swiftclient-3.11.1 gAAAAABpr_nDnkB_... - 22 - txb6c46afdd17445609b942-0069affa41 - 0.0072 - - 1773140545.669943094 1773140545.677182198 0
Mar 10 11:02:25 standalone container-server[127923]: 172.20.0.100 - - [10/Mar/2026:11:02:25 +0000] "GET /d1/420/AUTH_894cd03fe1784539ac082e86e3f12d55/gnocchi.9a3f0d19-4f6d-4b4c-9267-cef68f605724" 200 357 "GET http://172.18.0.2:8080/v1/AUTH_894cd03fe1784539ac082e86e3f12d55/gnocchi.9a3f0d19-4f6d-4b4c-9267-cef68f605724?format=json&states=listing" "tx7c4b98836ea0419f9e9bb-0069affa41" "proxy-server 20" 0.0064 "-" 20 0
Mar 10 11:02:25 standalone proxy-server[130184]: 172.18.0.2 172.18.0.100 10/Mar/2026/11/02/25 GET /v1/AUTH_894cd03fe1784539ac082e86e3f12d55/gnocchi.9a3f0d19-4f6d-4b4c-9267-cef68f605724%3Fformat%3Djson%26states%3Dlisting HTTP/1.0 200 - python-swiftclient-3.11.1 gAAAAABpr_nDnkB_... - 357 - tx7c4b98836ea0419f9e9bb-0069affa41 - 0.0110 - - 1773140545.684358597 1773140545.695379734 0
Mar 10 11:02:25 standalone container-server[127939]: 172.20.0.100 - - [10/Mar/2026:11:02:25 +0000] "GET /d1/420/AUTH_894cd03fe1784539ac082e86e3f12d55/gnocchi.9a3f0d19-4f6d-4b4c-9267-cef68f605724" 200 2 "GET http://172.18.0.2:8080/v1/AUTH_894cd03fe1784539ac082e86e3f12d55/gnocchi.9a3f0d19-4f6d-4b4c-9267-cef68f605724?format=json&marker=none_v3&states=listing" "txd75b0d68bec7447fa4b46-0069affa41" "proxy-server 20" 0.0027 "-" 22 0
Mar 10 11:02:25 standalone proxy-server[130184]: 172.18.0.2 172.18.0.100 10/Mar/2026/11/02/25 GET /v1/AUTH_894cd03fe1784539ac082e86e3f12d55/gnocchi.9a3f0d19-4f6d-4b4c-9267-cef68f605724%3Fformat%3Djson%26marker%3Dnone_v3%26states%3Dlisting HTTP/1.0 200 - python-swiftclient-3.11.1 gAAAAABpr_nDnkB_... - 2 - txd75b0d68bec7447fa4b46-0069affa41 - 0.0082 - - 1773140545.697881699 1773140545.706065893 0
Mar 10 11:02:25 standalone object-server[128310]: 172.20.0.100 - - [10/Mar/2026:11:02:25 +0000] "GET /d1/431/AUTH_894cd03fe1784539ac082e86e3f12d55/gnocchi.9a3f0d19-4f6d-4b4c-9267-cef68f605724/1772280000.0_mean_300.0_v3" 200 16 "GET http://172.18.0.2:8080/v1/AUTH_894cd03fe1784539ac082e86e3f12d55/gnocchi.9a3f0d19-4f6d-4b4c-9267-cef68f605724/1772280000.0_mean_300.0_v3" "tx5ea3e71cbcf34fc89b02f-0069affa41" "proxy-server 20" 0.0007 "-" 25 0
Mar 10 11:02:25 standalone proxy-server[130184]: 172.18.0.2 172.18.0.100 10/Mar/2026/11/02/25 GET /v1/AUTH_894cd03fe1784539ac082e86e3f12d55/gnocchi.9a3f0d19-4f6d-4b4c-9267-cef68f605724/1772280000.0_mean_300.0_v3 HTTP/1.0 200 - python-swiftclient-3.11.1 gAAAAABpr_nDnkB_... - 16 - tx5ea3e71cbcf34fc89b02f-0069affa41 - 0.0051 - - 1773140545.709241629 1773140545.714295864 0
Mar 10 11:02:25 standalone container-server[127951]: 172.20.0.100 - - [10/Mar/2026:11:02:25 +0000] "PUT /d1/420/AUTH_894cd03fe1784539ac082e86e3f12d55/gnocchi.9a3f0d19-4f6d-4b4c-9267-cef68f605724/1772280000.0_mean_300.0_v3" 201 - "PUT http://172.18.0.2:8080/d1/431/AUTH_894cd03fe1784539ac082e86e3f12d55/gnocchi.9a3f0d19-4f6d-4b4c-9267-cef68f605724/1772280000.0_mean_300.0_v3" "tx5438c72da9454314aea1c-0069affa41" "object-server 25" 0.0006 "-" 23 0
Mar 10 11:02:25 standalone object-server[128310]: 172.20.0.100 - - [10/Mar/2026:11:02:25 +0000] "PUT /d1/431/AUTH_894cd03fe1784539ac082e86e3f12d55/gnocchi.9a3f0d19-4f6d-4b4c-9267-cef68f605724/1772280000.0_mean_300.0_v3" 201 - "PUT http://172.18.0.2:8080/v1/AUTH_894cd03fe1784539ac082e86e3f12d55/gnocchi.9a3f0d19-4f6d-4b4c-9267-cef68f605724/1772280000.0_mean_300.0_v3" "tx5438c72da9454314aea1c-0069affa41" "proxy-server 20" 0.0086 "-" 25 0
Mar 10 11:02:25 standalone proxy-server[130184]: 172.18.0.2 172.18.0.100 10/Mar/2026/11/02/25 PUT /v1/AUTH_894cd03fe1784539ac082e86e3f12d55/gnocchi.9a3f0d19-4f6d-4b4c-9267-cef68f605724/1772280000.0_mean_300.0_v3 HTTP/1.0 201 - python-swiftclient-3.11.1 gAAAAABpr_nDnkB_... 16 - - tx5438c72da9454314aea1c-0069affa41 - 0.0146 - - 1773140545.717328548 1773140545.731938362 0
Mar 10 11:02:25 standalone container-server[127939]: 172.20.0.100 - - [10/Mar/2026:11:02:25 +0000] "PUT /d1/420/AUTH_894cd03fe1784539ac082e86e3f12d55/gnocchi.9a3f0d19-4f6d-4b4c-9267-cef68f605724/none_v3" 201 - "PUT http://172.18.0.2:8080/d1/11/AUTH_894cd03fe1784539ac082e86e3f12d55/gnocchi.9a3f0d19-4f6d-4b4c-9267-cef68f605724/none_v3" "tx1616416362fd4ba6ae7ed-0069affa41" "object-server 22" 0.0006 "-" 22 0
Mar 10 11:02:25 standalone object-server[128304]: 172.20.0.100 - - [10/Mar/2026:11:02:25 +0000] "PUT /d1/11/AUTH_894cd03fe1784539ac082e86e3f12d55/gnocchi.9a3f0d19-4f6d-4b4c-9267-cef68f605724/none_v3" 201 - "PUT http://172.18.0.2:8080/v1/AUTH_894cd03fe1784539ac082e86e3f12d55/gnocchi.9a3f0d19-4f6d-4b4c-9267-cef68f605724/none_v3" "tx1616416362fd4ba6ae7ed-0069affa41" "proxy-server 20" 0.0094 "-" 22 0
Mar 10 11:02:25 standalone proxy-server[130184]: 172.18.0.2 172.18.0.100 10/Mar/2026/11/02/25 PUT /v1/AUTH_894cd03fe1784539ac082e86e3f12d55/gnocchi.9a3f0d19-4f6d-4b4c-9267-cef68f605724/none_v3 HTTP/1.0 201 - python-swiftclient-3.11.1 gAAAAABpr_nDnkB_... 32 - - tx1616416362fd4ba6ae7ed-0069affa41 - 0.0138 - - 1773140545.734928608 1773140545.748685360 0
Mar 10 11:02:29 standalone container-server[127951]: 172.20.0.100 - - [10/Mar/2026:11:02:29 +0000] "HEAD /d1/291/AUTH_894cd03fe1784539ac082e86e3f12d55/gnocchi.6a2772c8-4a61-4465-bdd0-c642ac8a95e8" 404 - "HEAD http://172.18.0.2:8080/v1/AUTH_894cd03fe1784539ac082e86e3f12d55/gnocchi.6a2772c8-4a61-4465-bdd0-c642ac8a95e8?format=json&states=listing" "tx07a6c069c78d4f0d81c28-0069affa45" "proxy-server 20" 0.0011 "-" 23 0
Mar 10 11:02:29 standalone object-server[128308]: 172.20.0.100 - - [10/Mar/2026:11:02:29 +0000] "GET /d1/539/AUTH_894cd03fe1784539ac082e86e3f12d55/gnocchi.6a2772c8-4a61-4465-bdd0-c642ac8a95e8/none_v3" 404 70 "GET http://172.18.0.2:8080/v1/AUTH_894cd03fe1784539ac082e86e3f12d55/gnocchi.6a2772c8-4a61-4465-bdd0-c642ac8a95e8/none_v3" "tx07a6c069c78d4f0d81c28-0069affa45" "proxy-server 20" 0.0009 "-" 24 0
Mar 10 11:02:29 standalone proxy-server[130184]: 172.18.0.2 172.18.0.100 10/Mar/2026/11/02/29 GET /v1/AUTH_894cd03fe1784539ac082e86e3f12d55/gnocchi.6a2772c8-4a61-4465-bdd0-c642ac8a95e8/none_v3 HTTP/1.0 404 - python-swiftclient-3.11.1 gAAAAABpr_nDnkB_... - 70 - tx07a6c069c78d4f0d81c28-0069affa45 - 0.0163 - - 1773140549.308084249 1773140549.324337721 0
Mar 10 11:02:29 standalone account-server[127986]: 172.20.0.100 - - [10/Mar/2026:11:02:29 +0000] "PUT /d1/783/AUTH_894cd03fe1784539ac082e86e3f12d55/gnocchi.6a2772c8-4a61-4465-bdd0-c642ac8a95e8" 201 - "PUT http://172.20.0.100:6001/d1/291/AUTH_894cd03fe1784539ac082e86e3f12d55/gnocchi.6a2772c8-4a61-4465-bdd0-c642ac8a95e8" "txa5ed242c19724582a8105-0069affa45" "container-server 22" 0.0015 "-" 17 0
Mar 10 11:02:29 standalone container-server[127939]: 172.20.0.100 - - [10/Mar/2026:11:02:29 +0000] "PUT /d1/291/AUTH_894cd03fe1784539ac082e86e3f12d55/gnocchi.6a2772c8-4a61-4465-bdd0-c642ac8a95e8" 201 - "PUT http://172.18.0.2:8080/v1/AUTH_894cd03fe1784539ac082e86e3f12d55/gnocchi.6a2772c8-4a61-4465-bdd0-c642ac8a95e8" "txa5ed242c19724582a8105-0069affa45" "proxy-server 20" 0.0115 "-" 22 0
Mar 10 11:02:29 standalone proxy-server[130184]: 172.18.0.2 172.18.0.100 10/Mar/2026/11/02/29 PUT /v1/AUTH_894cd03fe1784539ac082e86e3f12d55/gnocchi.6a2772c8-4a61-4465-bdd0-c642ac8a95e8 HTTP/1.0 201 - python-swiftclient-3.11.1 gAAAAABpr_nDnkB_... - - - txa5ed242c19724582a8105-0069affa45 - 0.0163 - - 1773140549.327817202 1773140549.344160795 0
Mar 10 11:02:29 standalone container-server[127923]: 172.20.0.100 - - [10/Mar/2026:11:02:29 +0000] "HEAD /d1/291/AUTH_894cd03fe1784539ac082e86e3f12d55/gnocchi.6a2772c8-4a61-4465-bdd0-c642ac8a95e8" 204 - "HEAD http://172.18.0.2:8080/v1/AUTH_894cd03fe1784539ac082e86e3f12d55/gnocchi.6a2772c8-4a61-4465-bdd0-c642ac8a95e8?format=json&states=listing" "tx77b4101c02bc40a4b06ec-0069affa45" "proxy-server 20" 0.0025 "-" 20 0
Mar 10 11:02:29 standalone proxy-server[130184]: - - 10/Mar/2026/11/02/29 HEAD /v1/AUTH_894cd03fe1784539ac082e86e3f12d55/gnocchi.6a2772c8-4a61-4465-bdd0-c642ac8a95e8%3Fformat%3Djson%26states%3Dlisting HTTP/1.0 204 - Swift - - - - tx77b4101c02bc40a4b06ec-0069affa45 - 0.0112 RL - 1773140549.351840734 1773140549.363088846 0
Mar 10 11:02:29 standalone container-server[127939]: 172.20.0.100 - - [10/Mar/2026:11:02:29 +0000] "GET /d1/291/AUTH_894cd03fe1784539ac082e86e3f12d55/gnocchi.6a2772c8-4a61-4465-bdd0-c642ac8a95e8" 200 2 "GET http://172.18.0.2:8080/v1/AUTH_894cd03fe1784539ac082e86e3f12d55/gnocchi.6a2772c8-4a61-4465-bdd0-c642ac8a95e8?format=json&states=listing" "tx77b4101c02bc40a4b06ec-0069affa45" "proxy-server 20" 0.0018 "-" 22 0
Mar 10 11:02:29 standalone proxy-server[130184]: 172.18.0.2 172.18.0.100 10/Mar/2026/11/02/29 GET /v1/AUTH_894cd03fe1784539ac082e86e3f12d55/gnocchi.6a2772c8-4a61-4465-bdd0-c642ac8a95e8%3Fformat%3Djson%26states%3Dlisting HTTP/1.0 200 - python-swiftclient-3.11.1 gAAAAABpr_nDnkB_... - 2 - tx77b4101c02bc40a4b06ec-0069affa45 - 0.0192 - - 1773140549.350643396 1773140549.369867802 0
Mar 10 11:02:29 standalone object-server[128310]: 172.20.0.100 - - [10/Mar/2026:11:02:29 +0000] "GET /d1/694/AUTH_894cd03fe1784539ac082e86e3f12d55/gnocchi.6a2772c8-4a61-4465-bdd0-c642ac8a95e8/1772280000.0_mean_300.0_v3" 404 70 "GET http://172.18.0.2:8080/v1/AUTH_894cd03fe1784539ac082e86e3f12d55/gnocchi.6a2772c8-4a61-4465-bdd0-c642ac8a95e8/1772280000.0_mean_300.0_v3" "txed382e9ba8cf431fafd20-0069affa45" "proxy-server 20" 0.0006 "-" 25 0
Mar 10 11:02:29 standalone proxy-server[130184]: 172.18.0.2 172.18.0.100 10/Mar/2026/11/02/29 GET /v1/AUTH_894cd03fe1784539ac082e86e3f12d55/gnocchi.6a2772c8-4a61-4465-bdd0-c642ac8a95e8/1772280000.0_mean_300.0_v3 HTTP/1.0 404 - python-swiftclient-3.11.1 gAAAAABpr_nDnkB_... - 70 - txed382e9ba8cf431fafd20-0069affa45 - 0.0057 - - 1773140549.375409603 1773140549.381149530 0
