2025-11-27 07:53:02.468 16 DEBUG neutron_lib.callbacks.manager [req-da84fe20-ebcd-4692-9555-0b653d77080d ad7ab1972c92434f9ce5b7d1d8b5f91c 054a9949fc854822942570e1b7e09bbe - default default] Notify callbacks [] for port, precommit_create _notify_loop /usr/lib/python3.9/site-packages/neutron_lib/callbacks/manager.py:200
2025-11-27 07:53:02.482 16 DEBUG neutron_lib.callbacks.manager [req-da84fe20-ebcd-4692-9555-0b653d77080d ad7ab1972c92434f9ce5b7d1d8b5f91c 054a9949fc854822942570e1b7e09bbe - default default] Notify callbacks ['neutron.plugins.ml2.plugin.SecurityGroupServerNotifierRpcMixin.notify_sg_on_port_change-3682443', 'neutron.plugins.ml2.extensions.dns_integration._create_port_in_external_dns_service-8772245903198', 'neutron.plugins.ml2.ovo_rpc._ObjectChangeHandler.handle_event-185338', 'neutron.api.rpc.agentnotifiers.dhcp_rpc_agent_api.DhcpAgentNotifyAPI._native_event_send_dhcp_notification-946421', 'neutron.services.segments.plugin.NovaSegmentNotifier._notify_port_created_or_deleted-588273'] for port, after_create _notify_loop /usr/lib/python3.9/site-packages/neutron_lib/callbacks/manager.py:200
2025-11-27 07:53:02.497 18 INFO neutron.wsgi [req-fc7630ee-b972-4131-9951-0aca85c0dca2 ad7ab1972c92434f9ce5b7d1d8b5f91c 054a9949fc854822942570e1b7e09bbe - default default] 192.168.122.100 "PUT /v2.0/ports/e8f602e1-3aad-4e36-acae-cc60b788e876/tags HTTP/1.1" status: 200 len: 274 time: 0.0436268
2025-11-27 07:53:02.507 16 DEBUG neutron.scheduler.dhcp_agent_scheduler [req-da84fe20-ebcd-4692-9555-0b653d77080d ad7ab1972c92434f9ce5b7d1d8b5f91c 054a9949fc854822942570e1b7e09bbe - default default] Network c7c71cd1-ef51-40cf-b44b-74bcfdebd5bc is already hosted by enough agents. _get_dhcp_agents_hosting_network /usr/lib/python3.9/site-packages/neutron/scheduler/dhcp_agent_scheduler.py:275
2025-11-27 07:53:02.510 16 DEBUG neutron.scheduler.base_scheduler [req-da84fe20-ebcd-4692-9555-0b653d77080d ad7ab1972c92434f9ce5b7d1d8b5f91c 054a9949fc854822942570e1b7e09bbe - default default] Resources bound (agent type, host, resource id): schedule /usr/lib/python3.9/site-packages/neutron/scheduler/base_scheduler.py:57
2025-11-27 07:53:02.513 16 DEBUG neutron.pecan_wsgi.hooks.policy_enforcement [req-da84fe20-ebcd-4692-9555-0b653d77080d ad7ab1972c92434f9ce5b7d1d8b5f91c 054a9949fc854822942570e1b7e09bbe - default default] Attributes excluded by policy engine: ['standard_attr_id', 'network'] _exclude_attributes_by_policy /usr/lib/python3.9/site-packages/neutron/pecan_wsgi/hooks/policy_enforcement.py:259
2025-11-27 07:53:02.513 16 DEBUG neutron_lib.callbacks.manager [req-da84fe20-ebcd-4692-9555-0b653d77080d ad7ab1972c92434f9ce5b7d1d8b5f91c 054a9949fc854822942570e1b7e09bbe - default default] Notify callbacks ['neutron.notifiers.nova.Notifier._send_nova_notification-125517', 'neutron.api.rpc.agentnotifiers.dhcp_rpc_agent_api.DhcpAgentNotifyAPI._send_dhcp_notification-946311'] for port, before_response _notify_loop /usr/lib/python3.9/site-packages/neutron_lib/callbacks/manager.py:200
2025-11-27 07:53:02.519 16 DEBUG neutron.api.rpc.handlers.resources_rpc [req-da84fe20-ebcd-4692-9555-0b653d77080d ad7ab1972c92434f9ce5b7d1d8b5f91c 054a9949fc854822942570e1b7e09bbe - - -] Pushing event updated for resources: {'Port': ['ID=1379f91f-ad05-4fa0-8e2e-51085365de0c,revision_number=1']} push /usr/lib/python3.9/site-packages/neutron/api/rpc/handlers/resources_rpc.py:237
2025-11-27 07:53:02.526 16 INFO neutron.wsgi [req-da84fe20-ebcd-4692-9555-0b653d77080d ad7ab1972c92434f9ce5b7d1d8b5f91c 054a9949fc854822942570e1b7e09bbe - default default] 192.168.122.100 "POST /v2.0/ports HTTP/1.1" status: 201 len: 1040 time: 0.3631184
2025-11-27 07:53:02.529 16 DEBUG neutron.services.tag.tag_plugin [req-a00eb375-a1ff-45a1-a9b1-70c7e47666f8 ad7ab1972c92434f9ce5b7d1d8b5f91c 054a9949fc854822942570e1b7e09bbe - default default] neutron.services.tag.tag_plugin.TagPlugin method update_tags called with arguments (, 'ports', '1379f91f-ad05-4fa0-8e2e-51085365de0c', {'tags': ['tripleo_stack_name=overcloud', 'tripleo_ovn_physnet=datacentre']}) {} wrapper /usr/lib/python3.9/site-packages/oslo_log/helpers.py:65
2025-11-27 07:53:02.562 16 INFO neutron.wsgi [req-a00eb375-a1ff-45a1-a9b1-70c7e47666f8 ad7ab1972c92434f9ce5b7d1d8b5f91c 054a9949fc854822942570e1b7e09bbe - default default] 192.168.122.100 "PUT /v2.0/ports/1379f91f-ad05-4fa0-8e2e-51085365de0c/tags HTTP/1.1" status: 200 len: 274 time: 0.0355375
2025-11-27 07:53:02.606 16 DEBUG neutron.pecan_wsgi.hooks.policy_enforcement [req-e2be5a85-9ce0-4ad1-ab31-18fec9213b4c ad7ab1972c92434f9ce5b7d1d8b5f91c 054a9949fc854822942570e1b7e09bbe - default default] Attributes excluded by policy engine: ['standard_attr_id'] _exclude_attributes_by_policy /usr/lib/python3.9/site-packages/neutron/pecan_wsgi/hooks/policy_enforcement.py:259
2025-11-27 07:53:02.606 16 DEBUG neutron.pecan_wsgi.hooks.policy_enforcement [req-e2be5a85-9ce0-4ad1-ab31-18fec9213b4c ad7ab1972c92434f9ce5b7d1d8b5f91c 054a9949fc854822942570e1b7e09bbe - default default] Attributes excluded by policy engine: ['standard_attr_id'] _exclude_attributes_by_policy /usr/lib/python3.9/site-packages/neutron/pecan_wsgi/hooks/policy_enforcement.py:259
2025-11-27 07:53:02.606 16 DEBUG neutron.pecan_wsgi.hooks.policy_enforcement [req-e2be5a85-9ce0-4ad1-ab31-18fec9213b4c ad7ab1972c92434f9ce5b7d1d8b5f91c 054a9949fc854822942570e1b7e09bbe - default default] Attributes excluded by policy engine: ['standard_attr_id'] _exclude_attributes_by_policy /usr/lib/python3.9/site-packages/neutron/pecan_wsgi/hooks/policy_enforcement.py:259
2025-11-27 07:53:02.606 16 DEBUG neutron.pecan_wsgi.hooks.policy_enforcement [req-e2be5a85-9ce0-4ad1-ab31-18fec9213b4c ad7ab1972c92434f9ce5b7d1d8b5f91c 054a9949fc854822942570e1b7e09bbe - default default] Attributes excluded by policy engine: ['standard_attr_id'] _exclude_attributes_by_policy /usr/lib/python3.9/site-packages/neutron/pecan_wsgi/hooks/policy_enforcement.py:259
2025-11-27 07:53:02.607 16 DEBUG neutron.pecan_wsgi.hooks.policy_enforcement [req-e2be5a85-9ce0-4ad1-ab31-18fec9213b4c ad7ab1972c92434f9ce5b7d1d8b5f91c 054a9949fc854822942570e1b7e09bbe - default default] Attributes excluded by policy engine: ['standard_attr_id'] _exclude_attributes_by_policy /usr/lib/python3.9/site-packages/neutron/pecan_wsgi/hooks/policy_enforcement.py:259
2025-11-27 07:53:02.607 16 DEBUG neutron.pecan_wsgi.hooks.policy_enforcement [req-e2be5a85-9ce0-4ad1-ab31-18fec9213b4c ad7ab1972c92434f9ce5b7d1d8b5f91c 054a9949fc854822942570e1b7e09bbe - default default] Attributes excluded by policy engine: ['standard_attr_id'] _exclude_attributes_by_policy /usr/lib/python3.9/site-packages/neutron/pecan_wsgi/hooks/policy_enforcement.py:259
2025-11-27 07:53:02.608 16 INFO neutron.wsgi [req-e2be5a85-9ce0-4ad1-ab31-18fec9213b4c ad7ab1972c92434f9ce5b7d1d8b5f91c 054a9949fc854822942570e1b7e09bbe - default default] 192.168.122.100 "GET /v2.0/ports?network_id=c7c71cd1-ef51-40cf-b44b-74bcfdebd5bc&tags=tripleo_stack_name%3Dovercloud HTTP/1.1" status: 200 len: 5557 time: 0.0419707
2025-11-27 07:53:02.643 16 DEBUG neutron.plugins.ml2.plugin [req-e5f6cb07-5b50-4b6b-af88-f3fd3da41c71 ad7ab1972c92434f9ce5b7d1d8b5f91c 054a9949fc854822942570e1b7e09bbe - default default] Deleting port 2b4ba3e8-ca2b-4de2-a8b7-637e0016ea7c _pre_delete_port /usr/lib/python3.9/site-packages/neutron/plugins/ml2/plugin.py:2025
2025-11-27 07:53:02.643 16 DEBUG neutron_lib.callbacks.manager [req-e5f6cb07-5b50-4b6b-af88-f3fd3da41c71 ad7ab1972c92434f9ce5b7d1d8b5f91c 054a9949fc854822942570e1b7e09bbe - default default] Notify callbacks ['neutron.plugins.ml2.extensions.dns_integration._delete_port_in_external_dns_service-8772245903234', 'neutron.db.l3_db.L3_NAT_dbonly_mixin._prevent_l3_port_delete_callback-8772245967647'] for port, before_delete _notify_loop /usr/lib/python3.9/site-packages/neutron_lib/callbacks/manager.py:200
2025-11-27 07:53:02.730 16 DEBUG neutron_lib.callbacks.manager [req-e5f6cb07-5b50-4b6b-af88-f3fd3da41c71 ad7ab1972c92434f9ce5b7d1d8b5f91c 054a9949fc854822942570e1b7e09bbe - default default] Notify callbacks ['neutron.services.l3_router.l3_router_plugin.L3_NAT_dbonly_mixin._precommit_delete_port_callback-553915'] for port, precommit_delete _notify_loop /usr/lib/python3.9/site-packages/neutron_lib/callbacks/manager.py:200
2025-11-27 07:53:02.739 16 DEBUG neutron.plugins.ml2.plugin [req-e5f6cb07-5b50-4b6b-af88-f3fd3da41c71 ad7ab1972c92434f9ce5b7d1d8b5f91c 054a9949fc854822942570e1b7e09bbe - default default] Calling delete_port for 2b4ba3e8-ca2b-4de2-a8b7-637e0016ea7c owned by delete_port /usr/lib/python3.9/site-packages/neutron/plugins/ml2/plugin.py:2097
2025-11-27 07:53:02.804 16 DEBUG neutron_lib.callbacks.manager [req-e5f6cb07-5b50-4b6b-af88-f3fd3da41c71 ad7ab1972c92434f9ce5b7d1d8b5f91c 054a9949fc854822942570e1b7e09bbe - default default] Notify callbacks ['neutron.plugins.ml2.plugin.SecurityGroupServerNotifierRpcMixin.notify_sg_on_port_change-3682443', 'neutron.plugins.ml2.ovo_rpc._ObjectChangeHandler.handle_event-185338', 'neutron.api.rpc.agentnotifiers.dhcp_rpc_agent_api.DhcpAgentNotifyAPI._native_event_send_dhcp_notification-946421', 'neutron.db.l3_db.L3RpcNotifierMixin._notify_routers_callback-8772245973899', 'neutron.services.segments.plugin.NovaSegmentNotifier._notify_port_created_or_deleted-588273'] for port, after_delete _notify_loop /usr/lib/python3.9/site-packages/neutron_lib/callbacks/manager.py:200
2025-11-27 07:53:02.825 16 DEBUG neutron.api.rpc.handlers.resources_rpc [req-e5f6cb07-5b50-4b6b-af88-f3fd3da41c71 ad7ab1972c92434f9ce5b7d1d8b5f91c 054a9949fc854822942570e1b7e09bbe - - -] Pushing event deleted for resources: {'Port': ['ID=2b4ba3e8-ca2b-4de2-a8b7-637e0016ea7c,revision_number=None']} push /usr/lib/python3.9/site-packages/neutron/api/rpc/handlers/resources_rpc.py:237
2025-11-27 07:53:02.829 16 DEBUG neutron_lib.callbacks.manager [req-e5f6cb07-5b50-4b6b-af88-f3fd3da41c71 ad7ab1972c92434f9ce5b7d1d8b5f91c 054a9949fc854822942570e1b7e09bbe - default default] Notify callbacks ['neutron.notifiers.nova.Notifier._send_nova_notification-125517', 'neutron.api.rpc.agentnotifiers.dhcp_rpc_agent_api.DhcpAgentNotifyAPI._send_dhcp_notification-946311'] for port, before_response _notify_loop /usr/lib/python3.9/site-packages/neutron_lib/callbacks/manager.py:200
2025-11-27 07:53:02.830 16 INFO neutron.wsgi [req-e5f6cb07-5b50-4b6b-af88-f3fd3da41c71 ad7ab1972c92434f9ce5b7d1d8b5f91c 054a9949fc854822942570e1b7e09bbe - default default] 192.168.122.100 "DELETE /v2.0/ports/2b4ba3e8-ca2b-4de2-a8b7-637e0016ea7c HTTP/1.1" status: 204 len: 173 time: 0.2146316
2025-11-27 07:53:02.885 16 DEBUG neutron.plugins.ml2.plugin [req-db5852f1-4f5d-4ff0-a9eb-490344df8aa4 ad7ab1972c92434f9ce5b7d1d8b5f91c 054a9949fc854822942570e1b7e09bbe - default default] Deleting port cc817f60-928a-40e8-89d3-95d550160ddb _pre_delete_port /usr/lib/python3.9/site-packages/neutron/plugins/ml2/plugin.py:2025
2025-11-27 07:53:02.886 16 DEBUG neutron_lib.callbacks.manager [req-db5852f1-4f5d-4ff0-a9eb-490344df8aa4 ad7ab1972c92434f9ce5b7d1d8b5f91c 054a9949fc854822942570e1b7e09bbe - default default] Notify callbacks ['neutron.plugins.ml2.extensions.dns_integration._delete_port_in_external_dns_service-8772245903234', 'neutron.db.l3_db.L3_NAT_dbonly_mixin._prevent_l3_port_delete_callback-8772245967647'] for port, before_delete _notify_loop /usr/lib/python3.9/site-packages/neutron_lib/callbacks/manager.py:200
2025-11-27 07:53:03.053 16 DEBUG neutron_lib.callbacks.manager [req-db5852f1-4f5d-4ff0-a9eb-490344df8aa4 ad7ab1972c92434f9ce5b7d1d8b5f91c 054a9949fc854822942570e1b7e09bbe - default default] Notify callbacks ['neutron.services.l3_router.l3_router_plugin.L3_NAT_dbonly_mixin._precommit_delete_port_callback-553915'] for port, precommit_delete _notify_loop /usr/lib/python3.9/site-packages/neutron_lib/callbacks/manager.py:200
2025-11-27 07:53:03.070 16 DEBUG neutron.plugins.ml2.plugin [req-db5852f1-4f5d-4ff0-a9eb-490344df8aa4 ad7ab1972c92434f9ce5b7d1d8b5f91c 054a9949fc854822942570e1b7e09bbe - default default] Calling delete_port for cc817f60-928a-40e8-89d3-95d550160ddb owned by delete_port /usr/lib/python3.9/site-packages/neutron/plugins/ml2/plugin.py:2097
2025-11-27 07:53:03.119 16 DEBUG neutron_lib.callbacks.manager [req-db5852f1-4f5d-4ff0-a9eb-490344df8aa4 ad7ab1972c92434f9ce5b7d1d8b5f91c 054a9949fc854822942570e1b7e09bbe - default default] Notify callbacks ['neutron.plugins.ml2.plugin.SecurityGroupServerNotifierRpcMixin.notify_sg_on_port_change-3682443', 'neutron.plugins.ml2.ovo_rpc._ObjectChangeHandler.handle_event-185338', 'neutron.api.rpc.agentnotifiers.dhcp_rpc_agent_api.DhcpAgentNotifyAPI._native_event_send_dhcp_notification-946421', 'neutron.db.l3_db.L3RpcNotifierMixin._notify_routers_callback-8772245973899', 'neutron.services.segments.plugin.NovaSegmentNotifier._notify_port_created_or_deleted-588273'] for port, after_delete _notify_loop /usr/lib/python3.9/site-packages/neutron_lib/callbacks/manager.py:200
2025-11-27 07:53:03.143 16 DEBUG neutron.api.rpc.handlers.resources_rpc [req-db5852f1-4f5d-4ff0-a9eb-490344df8aa4 ad7ab1972c92434f9ce5b7d1d8b5f91c 054a9949fc854822942570e1b7e09bbe - - -] Pushing event deleted for resources: {'Port': ['ID=cc817f60-928a-40e8-89d3-95d550160ddb,revision_number=None']} push /usr/lib/python3.9/site-packages/neutron/api/rpc/handlers/resources_rpc.py:237
2025-11-27 07:53:03.147 16 DEBUG neutron_lib.callbacks.manager [req-db5852f1-4f5d-4ff0-a9eb-490344df8aa4 ad7ab1972c92434f9ce5b7d1d8b5f91c 054a9949fc854822942570e1b7e09bbe - default default] Notify callbacks ['neutron.notifiers.nova.Notifier._send_nova_notification-125517', 'neutron.api.rpc.agentnotifiers.dhcp_rpc_agent_api.DhcpAgentNotifyAPI._send_dhcp_notification-946311'] for port, before_response _notify_loop /usr/lib/python3.9/site-packages/neutron_lib/callbacks/manager.py:200
2025-11-27 07:53:03.149 16 INFO neutron.wsgi [req-db5852f1-4f5d-4ff0-a9eb-490344df8aa4 ad7ab1972c92434f9ce5b7d1d8b5f91c 054a9949fc854822942570e1b7e09bbe - default default] 192.168.122.100 "DELETE /v2.0/ports/cc817f60-928a-40e8-89d3-95d550160ddb HTTP/1.1" status: 204 len: 173 time: 0.3129385
2025-11-27 07:53:03.189 16 DEBUG neutron.plugins.ml2.plugin [req-72f97081-6946-4cd3-ab75-def5e40f2525 ad7ab1972c92434f9ce5b7d1d8b5f91c 054a9949fc854822942570e1b7e09bbe - default default] Deleting port e5e30c6a-58f4-4a9b-a85c-619d05986e4f _pre_delete_port /usr/lib/python3.9/site-packages/neutron/plugins/ml2/plugin.py:2025
2025-11-27 07:53:03.189 16 DEBUG neutron_lib.callbacks.manager [req-72f97081-6946-4cd3-ab75-def5e40f2525 ad7ab1972c92434f9ce5b7d1d8b5f91c 054a9949fc854822942570e1b7e09bbe - default default] Notify callbacks ['neutron.plugins.ml2.extensions.dns_integration._delete_port_in_external_dns_service-8772245903234', 'neutron.db.l3_db.L3_NAT_dbonly_mixin._prevent_l3_port_delete_callback-8772245967647'] for port, before_delete _notify_loop /usr/lib/python3.9/site-packages/neutron_lib/callbacks/manager.py:200
2025-11-27 07:53:03.308 16 DEBUG neutron_lib.callbacks.manager [req-72f97081-6946-4cd3-ab75-def5e40f2525 ad7ab1972c92434f9ce5b7d1d8b5f91c 054a9949fc854822942570e1b7e09bbe - default default] Notify callbacks ['neutron.services.l3_router.l3_router_plugin.L3_NAT_dbonly_mixin._precommit_delete_port_callback-553915'] for port, precommit_delete _notify_loop /usr/lib/python3.9/site-packages/neutron_lib/callbacks/manager.py:200
2025-11-27 07:53:03.316 16 DEBUG neutron.plugins.ml2.plugin [req-72f97081-6946-4cd3-ab75-def5e40f2525 ad7ab1972c92434f9ce5b7d1d8b5f91c 054a9949fc854822942570e1b7e09bbe - default default] Calling delete_port for e5e30c6a-58f4-4a9b-a85c-619d05986e4f owned by delete_port /usr/lib/python3.9/site-packages/neutron/plugins/ml2/plugin.py:2097
2025-11-27 07:53:03.352 16 DEBUG neutron_lib.callbacks.manager [req-72f97081-6946-4cd3-ab75-def5e40f2525 ad7ab1972c92434f9ce5b7d1d8b5f91c 054a9949fc854822942570e1b7e09bbe - default default] Notify callbacks ['neutron.plugins.ml2.plugin.SecurityGroupServerNotifierRpcMixin.notify_sg_on_port_change-3682443', 'neutron.plugins.ml2.ovo_rpc._ObjectChangeHandler.handle_event-185338', 'neutron.api.rpc.agentnotifiers.dhcp_rpc_agent_api.DhcpAgentNotifyAPI._native_event_send_dhcp_notification-946421', 'neutron.db.l3_db.L3RpcNotifierMixin._notify_routers_callback-8772245973899', 'neutron.services.segments.plugin.NovaSegmentNotifier._notify_port_created_or_deleted-588273'] for port, after_delete _notify_loop /usr/lib/python3.9/site-packages/neutron_lib/callbacks/manager.py:200
2025-11-27 07:53:03.373 16 DEBUG neutron.api.rpc.handlers.resources_rpc [req-72f97081-6946-4cd3-ab75-def5e40f2525 ad7ab1972c92434f9ce5b7d1d8b5f91c 054a9949fc854822942570e1b7e09bbe - - -] Pushing event deleted for resources: {'Port': ['ID=e5e30c6a-58f4-4a9b-a85c-619d05986e4f,revision_number=None']} push /usr/lib/python3.9/site-packages/neutron/api/rpc/handlers/resources_rpc.py:237
2025-11-27 07:53:03.377 16 DEBUG neutron_lib.callbacks.manager [req-72f97081-6946-4cd3-ab75-def5e40f2525 ad7ab1972c92434f9ce5b7d1d8b5f91c 054a9949fc854822942570e1b7e09bbe - default default] Notify callbacks ['neutron.notifiers.nova.Notifier._send_nova_notification-125517', 'neutron.api.rpc.agentnotifiers.dhcp_rpc_agent_api.DhcpAgentNotifyAPI._send_dhcp_notification-946311'] for port, before_response _notify_loop /usr/lib/python3.9/site-packages/neutron_lib/callbacks/manager.py:200
2025-11-27 07:53:03.378 16 INFO neutron.wsgi [req-72f97081-6946-4cd3-ab75-def5e40f2525 ad7ab1972c92434f9ce5b7d1d8b5f91c 054a9949fc854822942570e1b7e09bbe - default default] 192.168.122.100 "DELETE /v2.0/ports/e5e30c6a-58f4-4a9b-a85c-619d05986e4f HTTP/1.1" status: 204 len: 173 time: 0.2222044
2025-11-27 07:53:03.429 16 DEBUG neutron.pecan_wsgi.hooks.policy_enforcement [req-c5e9f551-4c67-47f3-8202-376135150aed ad7ab1972c92434f9ce5b7d1d8b5f91c 054a9949fc854822942570e1b7e09bbe - default default] Attributes excluded by policy engine: ['standard_attr_id'] _exclude_attributes_by_policy /usr/lib/python3.9/site-packages/neutron/pecan_wsgi/hooks/policy_enforcement.py:259
2025-11-27 07:53:03.429 16 DEBUG neutron.pecan_wsgi.hooks.policy_enforcement [req-c5e9f551-4c67-47f3-8202-376135150aed ad7ab1972c92434f9ce5b7d1d8b5f91c 054a9949fc854822942570e1b7e09bbe - default default] Attributes excluded by policy engine: ['standard_attr_id'] _exclude_attributes_by_policy /usr/lib/python3.9/site-packages/neutron/pecan_wsgi/hooks/policy_enforcement.py:259
2025-11-27 07:53:03.429 16 DEBUG neutron.pecan_wsgi.hooks.policy_enforcement [req-c5e9f551-4c67-47f3-8202-376135150aed ad7ab1972c92434f9ce5b7d1d8b5f91c 054a9949fc854822942570e1b7e09bbe - default default] Attributes excluded by policy engine: ['standard_attr_id'] _exclude_attributes_by_policy /usr/lib/python3.9/site-packages/neutron/pecan_wsgi/hooks/policy_enforcement.py:259
2025-11-27 07:53:03.430 16 INFO neutron.wsgi [req-c5e9f551-4c67-47f3-8202-376135150aed ad7ab1972c92434f9ce5b7d1d8b5f91c 054a9949fc854822942570e1b7e09bbe - default default] 192.168.122.100 "GET /v2.0/ports?network_id=c7c71cd1-ef51-40cf-b44b-74bcfdebd5bc&tags=tripleo_stack_name%3Dovercloud HTTP/1.1" status: 200 len: 2884 time: 0.0425839
2025-11-27 07:53:15.080 18 DEBUG neutron.wsgi [-] (18) accepted ('192.168.122.100', 56004) server /usr/lib/python3.9/site-packages/eventlet/wsgi.py:992
2025-11-27 07:53:15.082 18 INFO neutron.wsgi [-] 192.168.122.100 "GET / HTTP/1.1" status: 200 len: 233 time: 0.0011699
2025-11-27 07:53:45.988 15 DEBUG neutron.wsgi [-] (15) accepted ('192.168.122.100', 51016) server /usr/lib/python3.9/site-packages/eventlet/wsgi.py:992
2025-11-27 07:53:45.991 15 INFO neutron.wsgi [-] 192.168.122.100 "GET / HTTP/1.1" status: 200 len: 233 time: 0.0024059
2025-11-27 07:54:17.192 16 DEBUG neutron.wsgi [-] (16) accepted ('192.168.122.100', 48384) server /usr/lib/python3.9/site-packages/eventlet/wsgi.py:992
2025-11-27 07:54:17.195 16 INFO neutron.wsgi [-] 192.168.122.100 "GET / HTTP/1.1" status: 200 len: 233 time: 0.0022562
2025-11-27 07:54:48.025 15 DEBUG neutron.wsgi [-] (15) accepted ('192.168.122.100', 42452) server /usr/lib/python3.9/site-packages/eventlet/wsgi.py:992
2025-11-27 07:54:48.027 15 INFO neutron.wsgi [-] 192.168.122.100 "GET / HTTP/1.1" status: 200 len: 233 time: 0.0010958
2025-11-27 07:55:19.048 16 DEBUG neutron.wsgi [-] (16) accepted ('192.168.122.100', 54590) server /usr/lib/python3.9/site-packages/eventlet/wsgi.py:992
2025-11-27 07:55:19.050 16 INFO neutron.wsgi [-] 192.168.122.100 "GET / HTTP/1.1" status: 200 len: 233 time: 0.0011239
2025-11-27 07:55:50.122 18 DEBUG neutron.wsgi [-] (18) accepted ('192.168.122.100', 42400) server /usr/lib/python3.9/site-packages/eventlet/wsgi.py:992
2025-11-27 07:55:50.125 18 INFO neutron.wsgi [-] 192.168.122.100 "GET / HTTP/1.1" status: 200 len: 233 time: 0.0016756
2025-11-27 07:55:56.524 20 DEBUG neutron_lib.callbacks.manager [req-aafd9ce6-8f60-445c-91c5-f4d7bef1c902 - - - - -] Notify callbacks ['neutron.services.segments.db._update_segment_host_mapping_for_agent-8772246017774', 'neutron.plugins.ml2.plugin.Ml2Plugin._retry_binding_revived_agents-4067574'] for agent, after_update _notify_loop /usr/lib/python3.9/site-packages/neutron_lib/callbacks/manager.py:200
2025-11-27 07:55:56.857 22 DEBUG neutron_lib.callbacks.manager [req-392db52f-f3ec-47c0-bec4-a5ec280afe79 - - - - -] Notify callbacks ['neutron.services.segments.db._update_segment_host_mapping_for_agent-8772246017774', 'neutron.plugins.ml2.plugin.Ml2Plugin._retry_binding_revived_agents-4067574'] for agent, after_update _notify_loop /usr/lib/python3.9/site-packages/neutron_lib/callbacks/manager.py:200
2025-11-27 07:56:02.754 19 DEBUG neutron_lib.callbacks.manager [req-3cd93e8c-bebd-4dc9-814b-a04960335d42 - - - - -] Notify callbacks ['neutron.services.segments.db._update_segment_host_mapping_for_agent-8772246017774', 'neutron.plugins.ml2.plugin.Ml2Plugin._retry_binding_revived_agents-4067574'] for agent, after_update _notify_loop /usr/lib/python3.9/site-packages/neutron_lib/callbacks/manager.py:200
2025-11-27 07:56:19.373 24 DEBUG neutron.db.agents_db [req-3e1ce5a6-eb91-4236-ba76-d6c5f84fa72b - - - - -] Agent healthcheck: found 3 active agents agent_health_check /usr/lib/python3.9/site-packages/neutron/db/agents_db.py:328
2025-11-27 07:56:20.962 16 DEBUG neutron.wsgi [-] (16) accepted ('192.168.122.100', 50374) server /usr/lib/python3.9/site-packages/eventlet/wsgi.py:992
2025-11-27 07:56:20.963 16 INFO neutron.wsgi [-] 192.168.122.100 "GET / HTTP/1.1" status: 200 len: 233 time: 0.0011036
2025-11-27 07:56:52.071 17 DEBUG neutron.wsgi [-] (17) accepted ('192.168.122.100', 33890) server /usr/lib/python3.9/site-packages/eventlet/wsgi.py:992
2025-11-27 07:56:52.075 17 INFO neutron.wsgi [-] 192.168.122.100 "GET / HTTP/1.1" status: 200 len: 233 time: 0.0023730
2025-11-27 07:57:23.075 18 DEBUG neutron.wsgi [-] (18) accepted ('192.168.122.100', 42730) server /usr/lib/python3.9/site-packages/eventlet/wsgi.py:992
2025-11-27 07:57:23.078 18 INFO neutron.wsgi [-] 192.168.122.100 "GET / HTTP/1.1" status: 200 len: 233 time: 0.0012982
2025-11-27 07:57:54.246 18 DEBUG neutron.wsgi [-] (18) accepted ('192.168.122.100', 45370) server /usr/lib/python3.9/site-packages/eventlet/wsgi.py:992
2025-11-27 07:57:54.249 18 INFO neutron.wsgi [-] 192.168.122.100 "GET / HTTP/1.1" status: 200 len: 233 time: 0.0016534
2025-11-27 07:58:25.041 18 DEBUG neutron.wsgi [-] (18) accepted ('192.168.122.100', 47526) server /usr/lib/python3.9/site-packages/eventlet/wsgi.py:992
2025-11-27 07:58:25.045 18 INFO neutron.wsgi [-] 192.168.122.100 "GET / HTTP/1.1" status: 200 len: 233 time: 0.0025122
2025-11-27 07:58:55.987 18 DEBUG neutron.wsgi [-] (18) accepted ('192.168.122.100', 49158) server /usr/lib/python3.9/site-packages/eventlet/wsgi.py:992
2025-11-27 07:58:55.991 18 INFO neutron.wsgi [-] 192.168.122.100 "GET / HTTP/1.1" status: 200 len: 233 time: 0.0017748
2025-11-27 07:59:26.949 18 DEBUG neutron.wsgi [-] (18) accepted ('192.168.122.100', 47686) server /usr/lib/python3.9/site-packages/eventlet/wsgi.py:992
2025-11-27 07:59:26.953 18 INFO neutron.wsgi [-] 192.168.122.100 "GET / HTTP/1.1" status: 200 len: 233 time: 0.0026827
2025-11-27 07:59:57.998 17 DEBUG neutron.wsgi [-] (17) accepted ('192.168.122.100', 44064) server /usr/lib/python3.9/site-packages/eventlet/wsgi.py:992
2025-11-27 07:59:58.001 17 INFO neutron.wsgi [-] 192.168.122.100 "GET / HTTP/1.1" status: 200 len: 233 time: 0.0016272
2025-11-27 08:00:29.044 16 DEBUG neutron.wsgi [-] (16) accepted ('192.168.122.100', 35830) server /usr/lib/python3.9/site-packages/eventlet/wsgi.py:992
2025-11-27 08:00:29.047 16 INFO neutron.wsgi [-] 192.168.122.100 "GET / HTTP/1.1" status: 200 len: 233 time: 0.0022438
2025-11-27 08:00:56.528 21 DEBUG neutron_lib.callbacks.manager [req-0b78637d-8a6b-428d-93a5-0d12896fdba0 - - - - -] Notify callbacks ['neutron.services.segments.db._update_segment_host_mapping_for_agent-8772246017774', 'neutron.plugins.ml2.plugin.Ml2Plugin._retry_binding_revived_agents-4067574'] for agent, after_update _notify_loop /usr/lib/python3.9/site-packages/neutron_lib/callbacks/manager.py:200
2025-11-27 08:00:56.855 23 DEBUG neutron_lib.callbacks.manager [req-4d7558b4-ba9e-49e5-81fb-10ca60a003f9 - - - - -] Notify callbacks ['neutron.services.segments.db._update_segment_host_mapping_for_agent-8772246017774', 'neutron.plugins.ml2.plugin.Ml2Plugin._retry_binding_revived_agents-4067574'] for agent, after_update _notify_loop /usr/lib/python3.9/site-packages/neutron_lib/callbacks/manager.py:200
2025-11-27 08:01:00.207 16 DEBUG neutron.wsgi [-] (16) accepted ('192.168.122.100', 48086) server /usr/lib/python3.9/site-packages/eventlet/wsgi.py:992
2025-11-27 08:01:00.211 16 INFO neutron.wsgi [-] 192.168.122.100 "GET / HTTP/1.1" status: 200 len: 233 time: 0.0025268
2025-11-27 08:01:02.758 20 DEBUG neutron_lib.callbacks.manager [req-3cd93e8c-bebd-4dc9-814b-a04960335d42 - - - - -] Notify callbacks ['neutron.services.segments.db._update_segment_host_mapping_for_agent-8772246017774', 'neutron.plugins.ml2.plugin.Ml2Plugin._retry_binding_revived_agents-4067574'] for agent, after_update _notify_loop /usr/lib/python3.9/site-packages/neutron_lib/callbacks/manager.py:200
2025-11-27 08:01:19.382 24 DEBUG neutron.db.agents_db [req-3e1ce5a6-eb91-4236-ba76-d6c5f84fa72b - - - - -] Agent healthcheck: found 3 active agents agent_health_check /usr/lib/python3.9/site-packages/neutron/db/agents_db.py:328
2025-11-27 08:01:31.021 17 DEBUG neutron.wsgi [-] (17) accepted ('192.168.122.100', 35072) server /usr/lib/python3.9/site-packages/eventlet/wsgi.py:992
2025-11-27 08:01:31.024 17 INFO neutron.wsgi [-] 192.168.122.100 "GET / HTTP/1.1" status: 200 len: 233 time: 0.0017843
2025-11-27 08:02:01.978 18 DEBUG neutron.wsgi [-] (18) accepted ('192.168.122.100', 49232) server /usr/lib/python3.9/site-packages/eventlet/wsgi.py:992
2025-11-27 08:02:01.981 18 INFO neutron.wsgi [-] 192.168.122.100 "GET / HTTP/1.1" status: 200 len: 233 time: 0.0012519
2025-11-27 08:02:33.083 17 DEBUG neutron.wsgi [-] (17) accepted ('192.168.122.100', 46558) server /usr/lib/python3.9/site-packages/eventlet/wsgi.py:992
2025-11-27 08:02:33.086 17 INFO neutron.wsgi [-] 192.168.122.100 "GET / HTTP/1.1" status: 200 len: 233 time: 0.0018899
2025-11-27 08:03:03.916 17 DEBUG neutron.wsgi [-] (17) accepted ('192.168.122.100', 41846) server /usr/lib/python3.9/site-packages/eventlet/wsgi.py:992
2025-11-27 08:03:03.919 17 INFO neutron.wsgi [-] 192.168.122.100 "GET / HTTP/1.1" status: 200 len: 233 time: 0.0021293
2025-11-27 08:03:35.052 18 DEBUG neutron.wsgi [-] (18) accepted ('192.168.122.100', 38130) server /usr/lib/python3.9/site-packages/eventlet/wsgi.py:992
2025-11-27 08:03:35.055 18 INFO neutron.wsgi [-] 192.168.122.100 "GET / HTTP/1.1" status: 200 len: 233 time: 0.0013275
2025-11-27 08:04:05.583 18 DEBUG neutron.wsgi [-] (18) accepted ('192.168.122.100', 55876) server /usr/lib/python3.9/site-packages/eventlet/wsgi.py:992
2025-11-27 08:04:05.589 18 INFO neutron.wsgi [-] 192.168.122.100 "GET / HTTP/1.1" status: 200 len: 233 time: 0.0043268
2025-11-27 08:04:36.160 18 DEBUG neutron.wsgi [-] (18) accepted ('192.168.122.100', 44020) server /usr/lib/python3.9/site-packages/eventlet/wsgi.py:992
2025-11-27 08:04:36.164 18 INFO neutron.wsgi [-] 192.168.122.100 "GET / HTTP/1.1" status: 200 len: 233 time: 0.0026388
2025-11-27 08:05:07.040 17 DEBUG neutron.wsgi [-] (17) accepted ('192.168.122.100', 34670) server /usr/lib/python3.9/site-packages/eventlet/wsgi.py:992
2025-11-27 08:05:07.044 17 INFO neutron.wsgi [-] 192.168.122.100 "GET / HTTP/1.1" status: 200 len: 233 time: 0.0021343
2025-11-27 08:05:38.080 17 DEBUG neutron.wsgi [-] (17) accepted ('192.168.122.100', 38576) server /usr/lib/python3.9/site-packages/eventlet/wsgi.py:992
2025-11-27 08:05:38.084 17 INFO neutron.wsgi [-] 192.168.122.100 "GET / HTTP/1.1" status: 200 len: 233 time: 0.0029964
2025-11-27 08:05:56.534 22 DEBUG neutron_lib.callbacks.manager [req-6ff47ee7-2914-4714-a269-f30321f24769 - - - - -] Notify callbacks ['neutron.services.segments.db._update_segment_host_mapping_for_agent-8772246017774', 'neutron.plugins.ml2.plugin.Ml2Plugin._retry_binding_revived_agents-4067574'] for agent, after_update _notify_loop /usr/lib/python3.9/site-packages/neutron_lib/callbacks/manager.py:200
2025-11-27 08:05:56.857 19 DEBUG neutron_lib.callbacks.manager [req-2bf31744-61e2-4cca-a731-96ee6d971628 - - - - -] Notify callbacks ['neutron.services.segments.db._update_segment_host_mapping_for_agent-8772246017774', 'neutron.plugins.ml2.plugin.Ml2Plugin._retry_binding_revived_agents-4067574'] for agent, after_update _notify_loop /usr/lib/python3.9/site-packages/neutron_lib/callbacks/manager.py:200
2025-11-27 08:06:02.761 21 DEBUG neutron_lib.callbacks.manager [req-3cd93e8c-bebd-4dc9-814b-a04960335d42 - - - - -] Notify callbacks ['neutron.services.segments.db._update_segment_host_mapping_for_agent-8772246017774', 'neutron.plugins.ml2.plugin.Ml2Plugin._retry_binding_revived_agents-4067574'] for agent, after_update _notify_loop /usr/lib/python3.9/site-packages/neutron_lib/callbacks/manager.py:200
2025-11-27 08:06:09.044 16 DEBUG neutron.wsgi [-] (16) accepted ('192.168.122.100', 51944) server /usr/lib/python3.9/site-packages/eventlet/wsgi.py:992
2025-11-27 08:06:09.046 16 INFO neutron.wsgi [-] 192.168.122.100 "GET / HTTP/1.1" status: 200 len: 233 time: 0.0011990
2025-11-27 08:06:19.383 24 DEBUG neutron.db.agents_db [req-3e1ce5a6-eb91-4236-ba76-d6c5f84fa72b - - - - -] Agent healthcheck: found 3 active agents agent_health_check /usr/lib/python3.9/site-packages/neutron/db/agents_db.py:328
2025-11-27 08:06:40.254 18 DEBUG neutron.wsgi [-] (18) accepted ('192.168.122.100', 56568) server /usr/lib/python3.9/site-packages/eventlet/wsgi.py:992
2025-11-27 08:06:40.256 18 INFO neutron.wsgi [-] 192.168.122.100 "GET / HTTP/1.1" status: 200 len: 233 time: 0.0011754
2025-11-27 08:07:11.102 16 DEBUG neutron.wsgi [-] (16) accepted ('192.168.122.100', 45204) server /usr/lib/python3.9/site-packages/eventlet/wsgi.py:992
2025-11-27 08:07:11.104 16 INFO neutron.wsgi [-] 192.168.122.100 "GET / HTTP/1.1" status: 200 len: 233 time: 0.0016055
2025-11-27 08:07:42.132 16 DEBUG neutron.wsgi [-] (16) accepted ('192.168.122.100', 58528) server /usr/lib/python3.9/site-packages/eventlet/wsgi.py:992
2025-11-27 08:07:42.137 16 INFO neutron.wsgi [-] 192.168.122.100 "GET / HTTP/1.1" status: 200 len: 233 time: 0.0025442
2025-11-27 08:08:12.937 17 DEBUG neutron.wsgi [-] (17) accepted ('192.168.122.100', 33910) server /usr/lib/python3.9/site-packages/eventlet/wsgi.py:992
2025-11-27 08:08:12.939 17 INFO neutron.wsgi [-] 192.168.122.100 "GET / HTTP/1.1" status: 200 len: 233 time: 0.0013938
2025-11-27 08:08:44.035 18 DEBUG neutron.wsgi [-] (18) accepted ('192.168.122.100', 59758) server /usr/lib/python3.9/site-packages/eventlet/wsgi.py:992
2025-11-27 08:08:44.039 18 INFO neutron.wsgi [-] 192.168.122.100 "GET / HTTP/1.1" status: 200 len: 233 time: 0.0024164
2025-11-27 08:09:14.970 15 DEBUG neutron.wsgi [-] (15) accepted ('192.168.122.100', 34954) server /usr/lib/python3.9/site-packages/eventlet/wsgi.py:992
2025-11-27 08:09:14.973 15 INFO neutron.wsgi [-] 192.168.122.100 "GET / HTTP/1.1" status: 200 len: 233 time: 0.0012510
2025-11-27 08:09:45.896 15 DEBUG neutron.wsgi [-] (15) accepted ('192.168.122.100', 40466) server /usr/lib/python3.9/site-packages/eventlet/wsgi.py:992
2025-11-27 08:09:45.899 15 INFO neutron.wsgi [-] 192.168.122.100 "GET / HTTP/1.1" status: 200 len: 233 time: 0.0012982
2025-11-27 08:10:16.963 16 DEBUG neutron.wsgi [-] (16) accepted ('192.168.122.100', 46982) server /usr/lib/python3.9/site-packages/eventlet/wsgi.py:992
2025-11-27 08:10:16.965 16 INFO neutron.wsgi [-] 192.168.122.100 "GET / HTTP/1.1" status: 200 len: 233 time: 0.0016856
2025-11-27 08:10:48.138 15 DEBUG neutron.wsgi [-] (15) accepted ('192.168.122.100', 33728) server /usr/lib/python3.9/site-packages/eventlet/wsgi.py:992
2025-11-27 08:10:48.140 15 INFO neutron.wsgi [-] 192.168.122.100 "GET / HTTP/1.1" status: 200 len: 233 time: 0.0015626
2025-11-27 08:10:56.552 23 DEBUG neutron_lib.callbacks.manager [req-81f6b85a-2126-4de1-988f-e54654c2b78d - - - - -] Notify callbacks ['neutron.services.segments.db._update_segment_host_mapping_for_agent-8772246017774', 'neutron.plugins.ml2.plugin.Ml2Plugin._retry_binding_revived_agents-4067574'] for agent, after_update _notify_loop /usr/lib/python3.9/site-packages/neutron_lib/callbacks/manager.py:200
2025-11-27 08:10:56.857 20 DEBUG neutron_lib.callbacks.manager [req-d219b520-cb0b-4c2b-af65-fb62c90adc11 - - - - -] Notify callbacks ['neutron.services.segments.db._update_segment_host_mapping_for_agent-8772246017774', 'neutron.plugins.ml2.plugin.Ml2Plugin._retry_binding_revived_agents-4067574'] for agent, after_update _notify_loop /usr/lib/python3.9/site-packages/neutron_lib/callbacks/manager.py:200
2025-11-27 08:11:02.770 22 DEBUG neutron_lib.callbacks.manager [req-3cd93e8c-bebd-4dc9-814b-a04960335d42 - - - - -] Notify callbacks ['neutron.services.segments.db._update_segment_host_mapping_for_agent-8772246017774', 'neutron.plugins.ml2.plugin.Ml2Plugin._retry_binding_revived_agents-4067574'] for agent, after_update _notify_loop /usr/lib/python3.9/site-packages/neutron_lib/callbacks/manager.py:200
2025-11-27 08:11:19.118 15 DEBUG neutron.wsgi [-] (15) accepted ('192.168.122.100', 33822) server /usr/lib/python3.9/site-packages/eventlet/wsgi.py:992
2025-11-27 08:11:19.122 15 INFO neutron.wsgi [-] 192.168.122.100 "GET / HTTP/1.1" status: 200 len: 233 time: 0.0030706
2025-11-27 08:11:19.390 24 DEBUG neutron.db.agents_db [req-3e1ce5a6-eb91-4236-ba76-d6c5f84fa72b - - - - -] Agent healthcheck: found 3 active agents agent_health_check /usr/lib/python3.9/site-packages/neutron/db/agents_db.py:328
2025-11-27 08:11:49.955 15 DEBUG neutron.wsgi [-] (15) accepted ('192.168.122.100', 58486) server /usr/lib/python3.9/site-packages/eventlet/wsgi.py:992
2025-11-27 08:11:49.960 15 INFO neutron.wsgi [-] 192.168.122.100 "GET / HTTP/1.1" status: 200 len: 233 time: 0.0034127
2025-11-27 08:12:20.992 17 DEBUG neutron.wsgi [-] (17) accepted ('192.168.122.100', 37722) server /usr/lib/python3.9/site-packages/eventlet/wsgi.py:992
2025-11-27 08:12:20.996 17 INFO neutron.wsgi [-] 192.168.122.100 "GET / HTTP/1.1" status: 200 len: 233 time: 0.0020711
2025-11-27 08:12:52.172 17 DEBUG neutron.wsgi [-] (17) accepted ('192.168.122.100', 41458) server /usr/lib/python3.9/site-packages/eventlet/wsgi.py:992
2025-11-27 08:12:52.176 17 INFO neutron.wsgi [-] 192.168.122.100 "GET / HTTP/1.1" status: 200 len: 233 time: 0.0022588
2025-11-27 08:13:23.117 16 DEBUG neutron.wsgi [-] (16) accepted ('192.168.122.100', 59716) server /usr/lib/python3.9/site-packages/eventlet/wsgi.py:992
2025-11-27 08:13:23.119 16 INFO neutron.wsgi [-] 192.168.122.100 "GET / HTTP/1.1" status: 200 len: 233 time: 0.0015156
2025-11-27 08:13:53.984 17 DEBUG neutron.wsgi [-] (17) accepted ('192.168.122.100', 36472) server /usr/lib/python3.9/site-packages/eventlet/wsgi.py:992
2025-11-27 08:13:53.987 17 INFO neutron.wsgi [-] 192.168.122.100 "GET / HTTP/1.1" status: 200 len: 233 time: 0.0018139
2025-11-27 08:14:25.072 17 DEBUG neutron.wsgi [-] (17) accepted ('192.168.122.100', 34050) server /usr/lib/python3.9/site-packages/eventlet/wsgi.py:992
2025-11-27 08:14:25.075 17 INFO neutron.wsgi [-] 192.168.122.100 "GET / HTTP/1.1" status: 200 len: 233 time: 0.0017297
2025-11-27 08:14:55.989 16 DEBUG neutron.wsgi [-] (16) accepted ('192.168.122.100', 60062) server /usr/lib/python3.9/site-packages/eventlet/wsgi.py:992
2025-11-27 08:14:55.992 16 INFO neutron.wsgi [-] 192.168.122.100 "GET / HTTP/1.1" status: 200 len: 233 time: 0.0013583
2025-11-27 08:15:26.986 18 DEBUG neutron.wsgi [-] (18) accepted ('192.168.122.100', 46312) server /usr/lib/python3.9/site-packages/eventlet/wsgi.py:992
2025-11-27 08:15:26.994 18 INFO neutron.wsgi [-] 192.168.122.100 "GET / HTTP/1.1" status: 200 len: 233 time: 0.0038912
2025-11-27 08:15:56.537 19 DEBUG neutron_lib.callbacks.manager [req-3306c8cb-c85f-40c5-b178-c9807c7bb7ed - - - - -] Notify callbacks ['neutron.services.segments.db._update_segment_host_mapping_for_agent-8772246017774', 'neutron.plugins.ml2.plugin.Ml2Plugin._retry_binding_revived_agents-4067574'] for agent, after_update _notify_loop /usr/lib/python3.9/site-packages/neutron_lib/callbacks/manager.py:200
2025-11-27 08:15:56.868 21 DEBUG neutron_lib.callbacks.manager [req-17a8eda9-5080-41cb-89f7-8e42f0b74e9f - - - - -] Notify callbacks ['neutron.services.segments.db._update_segment_host_mapping_for_agent-8772246017774', 'neutron.plugins.ml2.plugin.Ml2Plugin._retry_binding_revived_agents-4067574'] for agent, after_update _notify_loop /usr/lib/python3.9/site-packages/neutron_lib/callbacks/manager.py:200
2025-11-27 08:15:58.071 18 DEBUG neutron.wsgi [-] (18) accepted ('192.168.122.100', 37880) server /usr/lib/python3.9/site-packages/eventlet/wsgi.py:992
2025-11-27 08:15:58.075 18 INFO neutron.wsgi [-] 192.168.122.100 "GET / HTTP/1.1" status: 200 len: 233 time: 0.0030601
2025-11-27 08:16:02.764 23 DEBUG neutron_lib.callbacks.manager [req-3cd93e8c-bebd-4dc9-814b-a04960335d42 - - - - -] Notify callbacks ['neutron.services.segments.db._update_segment_host_mapping_for_agent-8772246017774', 'neutron.plugins.ml2.plugin.Ml2Plugin._retry_binding_revived_agents-4067574'] for agent, after_update _notify_loop /usr/lib/python3.9/site-packages/neutron_lib/callbacks/manager.py:200
2025-11-27 08:16:19.394 24 DEBUG neutron.db.agents_db [req-3e1ce5a6-eb91-4236-ba76-d6c5f84fa72b - - - - -] Agent healthcheck: found 3 active agents agent_health_check /usr/lib/python3.9/site-packages/neutron/db/agents_db.py:328
2025-11-27 08:16:28.437 16 DEBUG neutron.wsgi [-] (16) accepted ('192.168.122.100', 49604) server /usr/lib/python3.9/site-packages/eventlet/wsgi.py:992
2025-11-27 08:16:28.441 16 INFO neutron.wsgi [-] 192.168.122.100 "GET / HTTP/1.1" status: 200 len: 233 time: 0.0024767
2025-11-27 08:16:58.997 18 DEBUG neutron.wsgi [-] (18) accepted ('192.168.122.100', 57214) server /usr/lib/python3.9/site-packages/eventlet/wsgi.py:992
2025-11-27 08:16:59.001 18 INFO neutron.wsgi [-] 192.168.122.100 "GET / HTTP/1.1" status: 200 len: 233 time: 0.0024366
2025-11-27 08:17:29.497 17 DEBUG neutron.wsgi [-] (17) accepted ('192.168.122.100', 39866) server /usr/lib/python3.9/site-packages/eventlet/wsgi.py:992
2025-11-27 08:17:29.504 17 INFO neutron.wsgi [-] 192.168.122.100 "GET / HTTP/1.1" status: 200 len: 233 time: 0.0052741
2025-11-27 08:17:59.890 15 DEBUG neutron.wsgi [-] (15) accepted ('192.168.122.100', 50514) server /usr/lib/python3.9/site-packages/eventlet/wsgi.py:992
2025-11-27 08:17:59.893 15 INFO neutron.wsgi [-] 192.168.122.100 "GET / HTTP/1.1" status: 200 len: 233 time: 0.0022612
2025-11-27 08:18:30.327 18 DEBUG neutron.wsgi [-] (18) accepted ('192.168.122.100', 43216) server /usr/lib/python3.9/site-packages/eventlet/wsgi.py:992
2025-11-27 08:18:30.330 18 INFO neutron.wsgi [-] 192.168.122.100 "GET / HTTP/1.1" status: 200 len: 233 time: 0.0018651
2025-11-27 08:19:00.950 15 DEBUG neutron.wsgi [-] (15) accepted ('192.168.122.100', 53484) server /usr/lib/python3.9/site-packages/eventlet/wsgi.py:992
2025-11-27 08:19:00.955 15 INFO neutron.wsgi [-] 192.168.122.100 "GET / HTTP/1.1" status: 200 len: 233 time: 0.0034530
2025-11-27 08:19:32.013 17 DEBUG neutron.wsgi [-] (17) accepted ('192.168.122.100', 35338) server /usr/lib/python3.9/site-packages/eventlet/wsgi.py:992
2025-11-27 08:19:32.016 17 INFO neutron.wsgi [-] 192.168.122.100 "GET / HTTP/1.1" status: 200 len: 233 time: 0.0014048
2025-11-27 08:20:02.971 15 DEBUG neutron.wsgi [-] (15) accepted ('192.168.122.100', 51578) server /usr/lib/python3.9/site-packages/eventlet/wsgi.py:992
2025-11-27 08:20:02.974 15 INFO neutron.wsgi [-] 192.168.122.100 "GET / HTTP/1.1" status: 200 len: 233 time: 0.0014045
2025-11-27 08:20:33.922 16 DEBUG neutron.wsgi [-] (16) accepted ('192.168.122.100', 47106) server /usr/lib/python3.9/site-packages/eventlet/wsgi.py:992
2025-11-27 08:20:33.924 16 INFO neutron.wsgi [-] 192.168.122.100 "GET / HTTP/1.1" status: 200 len: 233 time: 0.0013440
2025-11-27 08:20:56.535 20 DEBUG neutron_lib.callbacks.manager [req-cad7f365-fff7-4819-b8d6-501410d5feb1 - - - - -] Notify callbacks ['neutron.services.segments.db._update_segment_host_mapping_for_agent-8772246017774', 'neutron.plugins.ml2.plugin.Ml2Plugin._retry_binding_revived_agents-4067574'] for agent, after_update _notify_loop /usr/lib/python3.9/site-packages/neutron_lib/callbacks/manager.py:200
2025-11-27 08:20:56.901 22 DEBUG neutron_lib.callbacks.manager [req-95969499-b70b-4bc0-88f1-eecb8ea93924 - - - - -] Notify callbacks ['neutron.services.segments.db._update_segment_host_mapping_for_agent-8772246017774', 'neutron.plugins.ml2.plugin.Ml2Plugin._retry_binding_revived_agents-4067574'] for agent, after_update _notify_loop /usr/lib/python3.9/site-packages/neutron_lib/callbacks/manager.py:200
2025-11-27 08:21:02.764 19 DEBUG neutron_lib.callbacks.manager [req-3cd93e8c-bebd-4dc9-814b-a04960335d42 - - - - -] Notify callbacks ['neutron.services.segments.db._update_segment_host_mapping_for_agent-8772246017774', 'neutron.plugins.ml2.plugin.Ml2Plugin._retry_binding_revived_agents-4067574'] for agent, after_update _notify_loop /usr/lib/python3.9/site-packages/neutron_lib/callbacks/manager.py:200
2025-11-27 08:21:05.210 16 DEBUG neutron.wsgi [-] (16) accepted ('192.168.122.100', 47762) server /usr/lib/python3.9/site-packages/eventlet/wsgi.py:992
2025-11-27 08:21:05.212 16 INFO neutron.wsgi [-] 192.168.122.100 "GET / HTTP/1.1" status: 200 len: 233 time: 0.0011632
2025-11-27 08:21:19.396 24 DEBUG neutron.db.agents_db [req-3e1ce5a6-eb91-4236-ba76-d6c5f84fa72b - - - - -] Agent healthcheck: found 3 active agents agent_health_check /usr/lib/python3.9/site-packages/neutron/db/agents_db.py:328
2025-11-27 08:21:36.099 17 DEBUG neutron.wsgi [-] (17) accepted ('192.168.122.100', 47800) server /usr/lib/python3.9/site-packages/eventlet/wsgi.py:992
2025-11-27 08:21:36.103 17 INFO neutron.wsgi [-] 192.168.122.100 "GET / HTTP/1.1" status: 200 len: 233 time: 0.0029624
2025-11-27 08:22:06.910 15 DEBUG neutron.wsgi [-] (15) accepted ('192.168.122.100', 40082) server /usr/lib/python3.9/site-packages/eventlet/wsgi.py:992
2025-11-27 08:22:06.913 15 INFO neutron.wsgi [-] 192.168.122.100 "GET / HTTP/1.1" status: 200 len: 233 time: 0.0016489
2025-11-27 08:22:37.187 17 DEBUG neutron.wsgi [-] (17) accepted ('192.168.122.100', 59752) server /usr/lib/python3.9/site-packages/eventlet/wsgi.py:992
2025-11-27 08:22:37.190 17 INFO neutron.wsgi [-] 192.168.122.100 "GET / HTTP/1.1" status: 200 len: 233 time: 0.0016489
2025-11-27 08:23:08.178 15 DEBUG neutron.wsgi [-] (15) accepted ('192.168.122.100', 56018) server /usr/lib/python3.9/site-packages/eventlet/wsgi.py:992
2025-11-27 08:23:08.182 15 INFO neutron.wsgi [-] 192.168.122.100 "GET / HTTP/1.1" status: 200 len: 233 time: 0.0024068
2025-11-27 08:23:38.980 15 DEBUG neutron.wsgi [-] (15) accepted ('192.168.122.100', 47644) server /usr/lib/python3.9/site-packages/eventlet/wsgi.py:992
2025-11-27 08:23:38.982 15 INFO neutron.wsgi [-] 192.168.122.100 "GET / HTTP/1.1" status: 200 len: 233 time: 0.0011864
2025-11-27 08:24:10.002 15 DEBUG neutron.wsgi [-] (15) accepted ('192.168.122.100', 35222) server /usr/lib/python3.9/site-packages/eventlet/wsgi.py:992
2025-11-27 08:24:10.004 15 INFO neutron.wsgi [-] 192.168.122.100 "GET / HTTP/1.1" status: 200 len: 233 time: 0.0011711
2025-11-27 08:24:41.073 15 DEBUG neutron.wsgi [-] (15) accepted ('192.168.122.100', 51650) server /usr/lib/python3.9/site-packages/eventlet/wsgi.py:992
2025-11-27 08:24:41.075 15 INFO neutron.wsgi [-] 192.168.122.100 "GET / HTTP/1.1" status: 200 len: 233 time: 0.0011103
2025-11-27 08:25:11.954 17 DEBUG neutron.wsgi [-] (17) accepted ('192.168.122.100', 56518) server /usr/lib/python3.9/site-packages/eventlet/wsgi.py:992
2025-11-27 08:25:11.957 17 INFO neutron.wsgi [-] 192.168.122.100 "GET / HTTP/1.1" status: 200 len: 233 time: 0.0020487
2025-11-27 08:25:42.951 15 DEBUG neutron.wsgi [-] (15) accepted ('192.168.122.100', 39296) server /usr/lib/python3.9/site-packages/eventlet/wsgi.py:992
2025-11-27 08:25:42.953 15 INFO neutron.wsgi [-] 192.168.122.100 "GET / HTTP/1.1" status: 200 len: 233 time: 0.0011647
2025-11-27 08:25:56.538 21 DEBUG neutron_lib.callbacks.manager [req-8da8cd00-129f-47e1-a684-4269d070b901 - - - - -] Notify callbacks ['neutron.services.segments.db._update_segment_host_mapping_for_agent-8772246017774', 'neutron.plugins.ml2.plugin.Ml2Plugin._retry_binding_revived_agents-4067574'] for agent, after_update _notify_loop /usr/lib/python3.9/site-packages/neutron_lib/callbacks/manager.py:200
2025-11-27 08:25:56.863 23 DEBUG neutron_lib.callbacks.manager [req-96097abe-b3fb-4496-bafe-79d4f7caa0bd - - - - -] Notify callbacks ['neutron.services.segments.db._update_segment_host_mapping_for_agent-8772246017774', 'neutron.plugins.ml2.plugin.Ml2Plugin._retry_binding_revived_agents-4067574'] for agent, after_update _notify_loop /usr/lib/python3.9/site-packages/neutron_lib/callbacks/manager.py:200
2025-11-27 08:26:02.759 20 DEBUG neutron_lib.callbacks.manager [req-3cd93e8c-bebd-4dc9-814b-a04960335d42 - - - - -] Notify callbacks ['neutron.services.segments.db._update_segment_host_mapping_for_agent-8772246017774', 'neutron.plugins.ml2.plugin.Ml2Plugin._retry_binding_revived_agents-4067574'] for agent, after_update _notify_loop /usr/lib/python3.9/site-packages/neutron_lib/callbacks/manager.py:200
2025-11-27 08:26:13.980 17 DEBUG neutron.wsgi [-] (17) accepted ('192.168.122.100', 34294) server /usr/lib/python3.9/site-packages/eventlet/wsgi.py:992
2025-11-27 08:26:13.982 17 INFO neutron.wsgi [-] 192.168.122.100 "GET / HTTP/1.1" status: 200 len: 233 time: 0.0012801
2025-11-27 08:26:19.403 24 DEBUG neutron.db.agents_db [req-3e1ce5a6-eb91-4236-ba76-d6c5f84fa72b - - - - -] Agent healthcheck: found 3 active agents agent_health_check /usr/lib/python3.9/site-packages/neutron/db/agents_db.py:328
2025-11-27 08:26:45.058 18 DEBUG neutron.wsgi [-] (18) accepted ('192.168.122.100', 53900) server /usr/lib/python3.9/site-packages/eventlet/wsgi.py:992
2025-11-27 08:26:45.062 18 INFO neutron.wsgi [-] 192.168.122.100 "GET / HTTP/1.1" status: 200 len: 233 time: 0.0023768
2025-11-27 08:27:15.949 17 DEBUG neutron.wsgi [-] (17) accepted ('192.168.122.100', 35958) server /usr/lib/python3.9/site-packages/eventlet/wsgi.py:992
2025-11-27 08:27:15.950 17 INFO neutron.wsgi [-] 192.168.122.100 "GET / HTTP/1.1" status: 200 len: 233 time: 0.0011976
2025-11-27 08:27:46.995 15 DEBUG neutron.wsgi [-] (15) accepted ('192.168.122.100', 38558) server /usr/lib/python3.9/site-packages/eventlet/wsgi.py:992
2025-11-27 08:27:46.999 15 INFO neutron.wsgi [-] 192.168.122.100 "GET / HTTP/1.1" status: 200 len: 233 time: 0.0024755
2025-11-27 08:28:17.987 15 DEBUG neutron.wsgi [-] (15) accepted ('192.168.122.100', 46326) server /usr/lib/python3.9/site-packages/eventlet/wsgi.py:992
2025-11-27 08:28:17.989 15 INFO neutron.wsgi [-] 192.168.122.100 "GET / HTTP/1.1" status: 200 len: 233 time: 0.0011449
2025-11-27 08:28:49.031 15 DEBUG neutron.wsgi [-] (15) accepted ('192.168.122.100', 41322) server /usr/lib/python3.9/site-packages/eventlet/wsgi.py:992
2025-11-27 08:28:49.034 15 INFO neutron.wsgi [-] 192.168.122.100 "GET / HTTP/1.1" status: 200 len: 233 time: 0.0018189
2025-11-27 08:29:20.001 15 DEBUG neutron.wsgi [-] (15) accepted ('192.168.122.100', 57142) server /usr/lib/python3.9/site-packages/eventlet/wsgi.py:992
2025-11-27 08:29:20.003 15 INFO neutron.wsgi [-] 192.168.122.100 "GET / HTTP/1.1" status: 200 len: 233 time: 0.0013847
2025-11-27 08:29:51.028 15 DEBUG neutron.wsgi [-] (15) accepted ('192.168.122.100', 52160) server /usr/lib/python3.9/site-packages/eventlet/wsgi.py:992
2025-11-27 08:29:51.031 15 INFO neutron.wsgi [-] 192.168.122.100 "GET / HTTP/1.1" status: 200 len: 233 time: 0.0023656
2025-11-27 08:30:22.068 15 DEBUG neutron.wsgi [-] (15) accepted ('192.168.122.100', 46694) server /usr/lib/python3.9/site-packages/eventlet/wsgi.py:992
2025-11-27 08:30:22.072 15 INFO neutron.wsgi [-] 192.168.122.100 "GET / HTTP/1.1" status: 200 len: 233 time: 0.0023417
2025-11-27 08:30:52.989 18 DEBUG neutron.wsgi [-] (18) accepted ('192.168.122.100', 36746) server /usr/lib/python3.9/site-packages/eventlet/wsgi.py:992
2025-11-27 08:30:52.992 18 INFO neutron.wsgi [-] 192.168.122.100 "GET / HTTP/1.1" status: 200 len: 233 time: 0.0011623
2025-11-27 08:30:56.540 22 DEBUG neutron_lib.callbacks.manager [req-d45d985f-03a4-4d12-b653-c7a93df8f24b - - - - -] Notify callbacks ['neutron.services.segments.db._update_segment_host_mapping_for_agent-8772246017774', 'neutron.plugins.ml2.plugin.Ml2Plugin._retry_binding_revived_agents-4067574'] for agent, after_update _notify_loop /usr/lib/python3.9/site-packages/neutron_lib/callbacks/manager.py:200
2025-11-27 08:30:56.860 19 DEBUG neutron_lib.callbacks.manager [req-aec3fbac-6c69-4b3d-b3cb-31851aade807 - - - - -] Notify callbacks ['neutron.services.segments.db._update_segment_host_mapping_for_agent-8772246017774', 'neutron.plugins.ml2.plugin.Ml2Plugin._retry_binding_revived_agents-4067574'] for agent, after_update _notify_loop /usr/lib/python3.9/site-packages/neutron_lib/callbacks/manager.py:200
