Nov 27 08:34:05 np0005537443 object-server[122032]: 172.20.0.103 - - [27/Nov/2025:08:34:05 +0000] "GET /d1/1006/AUTH_ece81c3214184c54956c375af05c2f4f/gnocchi.b9a53ce3-89df-45f5-bb9b-6c435da4c58f/none_v3" 404 70 "GET http://172.18.0.158:8080/v1/AUTH_ece81c3214184c54956c375af05c2f4f/gnocchi.b9a53ce3-89df-45f5-bb9b-6c435da4c58f/none_v3" "tx4937ab8eedfe4369b42e7-0069280cfd" "proxy-server 20" 0.0005 "-" 20 0
Nov 27 08:34:05 np0005537443 object-server[122034]: 172.20.0.104 - - [27/Nov/2025:08:34:05 +0000] "PUT /d1/549/AUTH_ece81c3214184c54956c375af05c2f4f/gnocchi.7f8b3d46-6254-4186-9dc1-0d87082affd2/1763640000.0_mean_300.0_v3" 201 - "PUT http://172.18.0.158:8080/v1/AUTH_ece81c3214184c54956c375af05c2f4f/gnocchi.7f8b3d46-6254-4186-9dc1-0d87082affd2/1763640000.0_mean_300.0_v3" "tx594862a4afef4918993ad-0069280cfd" "proxy-server 20" 0.0147 "-" 21 0
Nov 27 08:34:05 np0005537443 account-server[121252]: 172.20.0.105 - - [27/Nov/2025:08:34:05 +0000] "PUT /d1/447/AUTH_ece81c3214184c54956c375af05c2f4f/gnocchi.a810e4b9-eb68-4cf0-903a-360b9882c553" 201 - "PUT http://172.20.0.105:6001/d1/744/AUTH_ece81c3214184c54956c375af05c2f4f/gnocchi.a810e4b9-eb68-4cf0-903a-360b9882c553" "txd2e90cc2894a4b158e003-0069280cfd" "container-server 22" 0.0059 "-" 20 0
Nov 27 08:34:05 np0005537443 container-server[121643]: 172.20.0.105 - - [27/Nov/2025:08:34:05 +0000] "PUT /d1/744/AUTH_ece81c3214184c54956c375af05c2f4f/gnocchi.a810e4b9-eb68-4cf0-903a-360b9882c553" 201 - "PUT http://172.18.0.158:8080/v1/AUTH_ece81c3214184c54956c375af05c2f4f/gnocchi.a810e4b9-eb68-4cf0-903a-360b9882c553" "txd2e90cc2894a4b158e003-0069280cfd" "proxy-server 20" 0.0185 "-" 22 0
Nov 27 08:34:05 np0005537443 proxy-server[123624]: 172.18.0.105 172.18.0.104 27/Nov/2025/08/34/05 PUT /v1/AUTH_ece81c3214184c54956c375af05c2f4f/gnocchi.a810e4b9-eb68-4cf0-903a-360b9882c553 HTTP/1.0 201 - python-swiftclient-3.11.1 gAAAAABpKAx_sfH7... - - - txd2e90cc2894a4b158e003-0069280cfd - 0.0362 - - 1764232445.865372896 1764232445.901552677 0
Nov 27 08:34:05 np0005537443 container-server[121660]: 172.20.0.105 - - [27/Nov/2025:08:34:05 +0000] "HEAD /d1/744/AUTH_ece81c3214184c54956c375af05c2f4f/gnocchi.a810e4b9-eb68-4cf0-903a-360b9882c553" 204 - "HEAD http://172.18.0.158:8080/v1/AUTH_ece81c3214184c54956c375af05c2f4f/gnocchi.a810e4b9-eb68-4cf0-903a-360b9882c553?format=json&states=listing" "txdafd0bc6a18746a48d676-0069280cfd" "proxy-server 20" 0.0025 "-" 23 0
Nov 27 08:34:05 np0005537443 account-server[121306]: 172.20.0.103 - - [27/Nov/2025:08:34:05 +0000] "PUT /d1/447/AUTH_ece81c3214184c54956c375af05c2f4f/gnocchi.b9a53ce3-89df-45f5-bb9b-6c435da4c58f" 201 - "PUT http://172.20.0.103:6001/d1/28/AUTH_ece81c3214184c54956c375af05c2f4f/gnocchi.b9a53ce3-89df-45f5-bb9b-6c435da4c58f" "tx58196f96a7744f1db7eb2-0069280cfd" "container-server 22" 0.0066 "-" 23 0
Nov 27 08:34:05 np0005537443 proxy-server[123624]: - - 27/Nov/2025/08/34/05 HEAD /v1/AUTH_ece81c3214184c54956c375af05c2f4f/gnocchi.a810e4b9-eb68-4cf0-903a-360b9882c553%3Fformat%3Djson%26states%3Dlisting HTTP/1.0 204 - Swift - - - - txdafd0bc6a18746a48d676-0069280cfd - 0.0156 RL - 1764232445.908429861 1764232445.924009800 0
Nov 27 08:34:05 np0005537443 container-server[121660]: 172.20.0.104 - - [27/Nov/2025:08:34:05 +0000] "PUT /d1/751/AUTH_ece81c3214184c54956c375af05c2f4f/gnocchi.5eeb2c2d-f661-444c-aaeb-b43a6648d752/none_v3" 201 - "PUT http://172.18.0.158:8080/d1/851/AUTH_ece81c3214184c54956c375af05c2f4f/gnocchi.5eeb2c2d-f661-444c-aaeb-b43a6648d752/none_v3" "tx83c8a1d3bc124c9cb91b0-0069280cfd" "object-server 25" 0.0012 "-" 23 0
Nov 27 08:34:05 np0005537443 object-server[122022]: 172.20.0.103 - - [27/Nov/2025:08:34:05 +0000] "PUT /d1/851/AUTH_ece81c3214184c54956c375af05c2f4f/gnocchi.5eeb2c2d-f661-444c-aaeb-b43a6648d752/none_v3" 201 - "PUT http://172.18.0.158:8080/v1/AUTH_ece81c3214184c54956c375af05c2f4f/gnocchi.5eeb2c2d-f661-444c-aaeb-b43a6648d752/none_v3" "tx83c8a1d3bc124c9cb91b0-0069280cfd" "proxy-server 20" 0.0198 "-" 16 0
Nov 27 08:34:05 np0005537443 container-server[121660]: 172.20.0.104 - - [27/Nov/2025:08:34:05 +0000] "PUT /d1/28/AUTH_ece81c3214184c54956c375af05c2f4f/gnocchi.b9a53ce3-89df-45f5-bb9b-6c435da4c58f" 201 - "PUT http://172.18.0.158:8080/v1/AUTH_ece81c3214184c54956c375af05c2f4f/gnocchi.b9a53ce3-89df-45f5-bb9b-6c435da4c58f" "tx58196f96a7744f1db7eb2-0069280cfd" "proxy-server 20" 0.0322 "-" 23 0
Nov 27 08:34:05 np0005537443 container-server[121618]: 172.20.0.105 - - [27/Nov/2025:08:34:05 +0000] "GET /d1/744/AUTH_ece81c3214184c54956c375af05c2f4f/gnocchi.a810e4b9-eb68-4cf0-903a-360b9882c553" 200 2 "GET http://172.18.0.158:8080/v1/AUTH_ece81c3214184c54956c375af05c2f4f/gnocchi.a810e4b9-eb68-4cf0-903a-360b9882c553?format=json&states=listing" "txdafd0bc6a18746a48d676-0069280cfd" "proxy-server 20" 0.0041 "-" 20 0
Nov 27 08:34:05 np0005537443 proxy-server[123624]: 172.18.0.105 172.18.0.104 27/Nov/2025/08/34/05 GET /v1/AUTH_ece81c3214184c54956c375af05c2f4f/gnocchi.a810e4b9-eb68-4cf0-903a-360b9882c553%3Fformat%3Djson%26states%3Dlisting HTTP/1.0 200 - python-swiftclient-3.11.1 gAAAAABpKAx_sfH7... - 2 - txdafd0bc6a18746a48d676-0069280cfd - 0.0342 - - 1764232445.906056166 1764232445.940299034 0
Nov 27 08:34:05 np0005537443 container-server[121618]: 172.20.0.104 - - [27/Nov/2025:08:34:05 +0000] "PUT /d1/403/AUTH_ece81c3214184c54956c375af05c2f4f/gnocchi.7f8b3d46-6254-4186-9dc1-0d87082affd2/none_v3" 201 - "PUT http://172.18.0.158:8080/d1/211/AUTH_ece81c3214184c54956c375af05c2f4f/gnocchi.7f8b3d46-6254-4186-9dc1-0d87082affd2/none_v3" "tx9d7078a0d2184941ab9ed-0069280cfd" "object-server 24" 0.0009 "-" 20 0
Nov 27 08:34:05 np0005537443 object-server[122050]: 172.20.0.103 - - [27/Nov/2025:08:34:05 +0000] "PUT /d1/211/AUTH_ece81c3214184c54956c375af05c2f4f/gnocchi.7f8b3d46-6254-4186-9dc1-0d87082affd2/none_v3" 201 - "PUT http://172.18.0.158:8080/v1/AUTH_ece81c3214184c54956c375af05c2f4f/gnocchi.7f8b3d46-6254-4186-9dc1-0d87082affd2/none_v3" "tx9d7078a0d2184941ab9ed-0069280cfd" "proxy-server 20" 0.0129 "-" 24 0
Nov 27 08:34:05 np0005537443 container-server[121618]: 172.20.0.104 - - [27/Nov/2025:08:34:05 +0000] "GET /d1/28/AUTH_ece81c3214184c54956c375af05c2f4f/gnocchi.b9a53ce3-89df-45f5-bb9b-6c435da4c58f" 200 2 "GET http://172.18.0.158:8080/v1/AUTH_ece81c3214184c54956c375af05c2f4f/gnocchi.b9a53ce3-89df-45f5-bb9b-6c435da4c58f?format=json&states=listing" "tx5534a61edbb84af5857e2-0069280cfd" "proxy-server 20" 0.0039 "-" 20 0
Nov 27 08:34:05 np0005537443 object-server[122034]: 172.20.0.105 - - [27/Nov/2025:08:34:05 +0000] "GET /d1/500/AUTH_ece81c3214184c54956c375af05c2f4f/gnocchi.a810e4b9-eb68-4cf0-903a-360b9882c553/1763640000.0_mean_300.0_v3" 404 70 "GET http://172.18.0.158:8080/v1/AUTH_ece81c3214184c54956c375af05c2f4f/gnocchi.a810e4b9-eb68-4cf0-903a-360b9882c553/1763640000.0_mean_300.0_v3" "txca3e32b758914d01b4262-0069280cfd" "proxy-server 20" 0.0007 "-" 21 0
Nov 27 08:34:05 np0005537443 proxy-server[123624]: 172.18.0.105 172.18.0.104 27/Nov/2025/08/34/05 GET /v1/AUTH_ece81c3214184c54956c375af05c2f4f/gnocchi.a810e4b9-eb68-4cf0-903a-360b9882c553/1763640000.0_mean_300.0_v3 HTTP/1.0 404 - python-swiftclient-3.11.1 gAAAAABpKAx_sfH7... - 70 - txca3e32b758914d01b4262-0069280cfd - 0.0229 - - 1764232445.948068380 1764232445.970952988 0
Nov 27 08:34:05 np0005537443 object-server[122050]: 172.20.0.103 - - [27/Nov/2025:08:34:05 +0000] "GET /d1/47/AUTH_ece81c3214184c54956c375af05c2f4f/gnocchi.b9a53ce3-89df-45f5-bb9b-6c435da4c58f/1763640000.0_mean_300.0_v3" 404 70 "GET http://172.18.0.158:8080/v1/AUTH_ece81c3214184c54956c375af05c2f4f/gnocchi.b9a53ce3-89df-45f5-bb9b-6c435da4c58f/1763640000.0_mean_300.0_v3" "tx50ae195f961a404abd8f1-0069280cfd" "proxy-server 20" 0.0006 "-" 24 0
Nov 27 08:34:06 np0005537443 container-server[121660]: 172.20.0.103 - - [27/Nov/2025:08:34:06 +0000] "PUT /d1/744/AUTH_ece81c3214184c54956c375af05c2f4f/gnocchi.a810e4b9-eb68-4cf0-903a-360b9882c553/1763640000.0_mean_300.0_v3" 201 - "PUT http://172.18.0.158:8080/d1/500/AUTH_ece81c3214184c54956c375af05c2f4f/gnocchi.a810e4b9-eb68-4cf0-903a-360b9882c553/1763640000.0_mean_300.0_v3" "tx7f6223e0cf6a4bfc89d6b-0069280cfd" "object-server 18" 0.0010 "-" 23 0
Nov 27 08:34:06 np0005537443 container-server[121643]: 172.20.0.105 - - [27/Nov/2025:08:34:06 +0000] "HEAD /d1/498/AUTH_ece81c3214184c54956c375af05c2f4f/gnocchi.bd52dd4b-08ed-4939-a37d-67aee58e632d" 404 - "HEAD http://172.18.0.158:8080/v1/AUTH_ece81c3214184c54956c375af05c2f4f/gnocchi.bd52dd4b-08ed-4939-a37d-67aee58e632d?format=json&states=listing" "tx9cf084821980481a8ac50-0069280cfd" "proxy-server 20" 0.0006 "-" 22 0
Nov 27 08:34:06 np0005537443 object-server[122034]: 172.20.0.104 - - [27/Nov/2025:08:34:06 +0000] "PUT /d1/500/AUTH_ece81c3214184c54956c375af05c2f4f/gnocchi.a810e4b9-eb68-4cf0-903a-360b9882c553/1763640000.0_mean_300.0_v3" 201 - "PUT http://172.18.0.158:8080/v1/AUTH_ece81c3214184c54956c375af05c2f4f/gnocchi.a810e4b9-eb68-4cf0-903a-360b9882c553/1763640000.0_mean_300.0_v3" "tx7f6223e0cf6a4bfc89d6b-0069280cfd" "proxy-server 20" 0.0188 "-" 21 0
Nov 27 08:34:06 np0005537443 container-server[121618]: 172.20.0.103 - - [27/Nov/2025:08:34:06 +0000] "PUT /d1/28/AUTH_ece81c3214184c54956c375af05c2f4f/gnocchi.b9a53ce3-89df-45f5-bb9b-6c435da4c58f/1763640000.0_mean_300.0_v3" 201 - "PUT http://172.18.0.158:8080/d1/47/AUTH_ece81c3214184c54956c375af05c2f4f/gnocchi.b9a53ce3-89df-45f5-bb9b-6c435da4c58f/1763640000.0_mean_300.0_v3" "tx490e64021f6f4615a1910-0069280cfd" "object-server 18" 0.0010 "-" 20 0
Nov 27 08:34:06 np0005537443 object-server[122050]: 172.20.0.105 - - [27/Nov/2025:08:34:06 +0000] "GET /d1/244/AUTH_ece81c3214184c54956c375af05c2f4f/gnocchi.bd52dd4b-08ed-4939-a37d-67aee58e632d/none_v3" 404 70 "GET http://172.18.0.158:8080/v1/AUTH_ece81c3214184c54956c375af05c2f4f/gnocchi.bd52dd4b-08ed-4939-a37d-67aee58e632d/none_v3" "tx9cf084821980481a8ac50-0069280cfd" "proxy-server 20" 0.0006 "-" 24 0
Nov 27 08:34:06 np0005537443 object-server[122034]: 172.20.0.103 - - [27/Nov/2025:08:34:06 +0000] "PUT /d1/47/AUTH_ece81c3214184c54956c375af05c2f4f/gnocchi.b9a53ce3-89df-45f5-bb9b-6c435da4c58f/1763640000.0_mean_300.0_v3" 201 - "PUT http://172.18.0.158:8080/v1/AUTH_ece81c3214184c54956c375af05c2f4f/gnocchi.b9a53ce3-89df-45f5-bb9b-6c435da4c58f/1763640000.0_mean_300.0_v3" "tx490e64021f6f4615a1910-0069280cfd" "proxy-server 20" 0.0128 "-" 21 0
Nov 27 08:34:06 np0005537443 proxy-server[123624]: 172.18.0.103 172.18.0.104 27/Nov/2025/08/34/06 GET /v1/AUTH_ece81c3214184c54956c375af05c2f4f/gnocchi.bd52dd4b-08ed-4939-a37d-67aee58e632d/none_v3 HTTP/1.0 404 - python-swiftclient-3.11.1 gAAAAABpKAzB-Xe5... - 70 - tx9cf084821980481a8ac50-0069280cfd - 0.0403 - - 1764232445.987445831 1764232446.027784586 0
Nov 27 08:34:06 np0005537443 container-server[121660]: 172.20.0.104 - - [27/Nov/2025:08:34:06 +0000] "PUT /d1/744/AUTH_ece81c3214184c54956c375af05c2f4f/gnocchi.a810e4b9-eb68-4cf0-903a-360b9882c553/none_v3" 201 - "PUT http://172.18.0.158:8080/d1/895/AUTH_ece81c3214184c54956c375af05c2f4f/gnocchi.a810e4b9-eb68-4cf0-903a-360b9882c553/none_v3" "txe4ea62a231b847cba59c3-0069280cfe" "object-server 25" 0.0007 "-" 23 0
Nov 27 08:34:06 np0005537443 object-server[122032]: 172.20.0.104 - - [27/Nov/2025:08:34:06 +0000] "PUT /d1/895/AUTH_ece81c3214184c54956c375af05c2f4f/gnocchi.a810e4b9-eb68-4cf0-903a-360b9882c553/none_v3" 201 - "PUT http://172.18.0.158:8080/v1/AUTH_ece81c3214184c54956c375af05c2f4f/gnocchi.a810e4b9-eb68-4cf0-903a-360b9882c553/none_v3" "txe4ea62a231b847cba59c3-0069280cfe" "proxy-server 20" 0.0134 "-" 20 0
Nov 27 08:34:06 np0005537443 container-server[121618]: 172.20.0.104 - - [27/Nov/2025:08:34:06 +0000] "PUT /d1/28/AUTH_ece81c3214184c54956c375af05c2f4f/gnocchi.b9a53ce3-89df-45f5-bb9b-6c435da4c58f/none_v3" 201 - "PUT http://172.18.0.158:8080/d1/1006/AUTH_ece81c3214184c54956c375af05c2f4f/gnocchi.b9a53ce3-89df-45f5-bb9b-6c435da4c58f/none_v3" "tx7041be11c1574a8f8a464-0069280cfe" "object-server 23" 0.0010 "-" 20 0
Nov 27 08:34:06 np0005537443 object-server[122050]: 172.20.0.103 - - [27/Nov/2025:08:34:06 +0000] "PUT /d1/1006/AUTH_ece81c3214184c54956c375af05c2f4f/gnocchi.b9a53ce3-89df-45f5-bb9b-6c435da4c58f/none_v3" 201 - "PUT http://172.18.0.158:8080/v1/AUTH_ece81c3214184c54956c375af05c2f4f/gnocchi.b9a53ce3-89df-45f5-bb9b-6c435da4c58f/none_v3" "tx7041be11c1574a8f8a464-0069280cfe" "proxy-server 20" 0.0143 "-" 24 0
Nov 27 08:34:06 np0005537443 account-server[121252]: 172.20.0.104 - - [27/Nov/2025:08:34:06 +0000] "PUT /d1/447/AUTH_ece81c3214184c54956c375af05c2f4f/gnocchi.bd52dd4b-08ed-4939-a37d-67aee58e632d" 201 - "PUT http://172.20.0.104:6001/d1/498/AUTH_ece81c3214184c54956c375af05c2f4f/gnocchi.bd52dd4b-08ed-4939-a37d-67aee58e632d" "txd4595b84c5bc4e8cbad73-0069280cfe" "container-server 23" 0.0086 "-" 20 0
Nov 27 08:34:06 np0005537443 container-server[121643]: 172.20.0.105 - - [27/Nov/2025:08:34:06 +0000] "PUT /d1/498/AUTH_ece81c3214184c54956c375af05c2f4f/gnocchi.bd52dd4b-08ed-4939-a37d-67aee58e632d" 201 - "PUT http://172.18.0.158:8080/v1/AUTH_ece81c3214184c54956c375af05c2f4f/gnocchi.bd52dd4b-08ed-4939-a37d-67aee58e632d" "txd4595b84c5bc4e8cbad73-0069280cfe" "proxy-server 20" 0.0244 "-" 22 0
Nov 27 08:34:06 np0005537443 proxy-server[123624]: 172.18.0.103 172.18.0.104 27/Nov/2025/08/34/06 PUT /v1/AUTH_ece81c3214184c54956c375af05c2f4f/gnocchi.bd52dd4b-08ed-4939-a37d-67aee58e632d HTTP/1.0 201 - python-swiftclient-3.11.1 gAAAAABpKAzB-Xe5... - - - txd4595b84c5bc4e8cbad73-0069280cfe - 0.0381 - - 1764232446.032027721 1764232446.070140600 0
Nov 27 08:34:06 np0005537443 container-server[121660]: 172.20.0.104 - - [27/Nov/2025:08:34:06 +0000] "HEAD /d1/660/AUTH_ece81c3214184c54956c375af05c2f4f/gnocchi.4ee0ec4d-43c0-49ad-b997-941681c82b80" 404 - "HEAD http://172.18.0.158:8080/v1/AUTH_ece81c3214184c54956c375af05c2f4f/gnocchi.4ee0ec4d-43c0-49ad-b997-941681c82b80?format=json&states=listing" "tx61bf301f5f394308b5e11-0069280cfe" "proxy-server 20" 0.0008 "-" 23 0
Nov 27 08:34:06 np0005537443 container-server[121643]: 172.20.0.103 - - [27/Nov/2025:08:34:06 +0000] "HEAD /d1/498/AUTH_ece81c3214184c54956c375af05c2f4f/gnocchi.bd52dd4b-08ed-4939-a37d-67aee58e632d" 204 - "HEAD http://172.18.0.158:8080/v1/AUTH_ece81c3214184c54956c375af05c2f4f/gnocchi.bd52dd4b-08ed-4939-a37d-67aee58e632d?format=json&states=listing" "txe8d255900a79447286047-0069280cfe" "proxy-server 20" 0.0022 "-" 22 0
Nov 27 08:34:06 np0005537443 object-server[122032]: 172.20.0.104 - - [27/Nov/2025:08:34:06 +0000] "GET /d1/362/AUTH_ece81c3214184c54956c375af05c2f4f/gnocchi.4ee0ec4d-43c0-49ad-b997-941681c82b80/none_v3" 404 70 "GET http://172.18.0.158:8080/v1/AUTH_ece81c3214184c54956c375af05c2f4f/gnocchi.4ee0ec4d-43c0-49ad-b997-941681c82b80/none_v3" "tx61bf301f5f394308b5e11-0069280cfe" "proxy-server 20" 0.0005 "-" 20 0
Nov 27 08:34:06 np0005537443 container-server[121660]: 172.20.0.105 - - [27/Nov/2025:08:34:06 +0000] "HEAD /d1/480/AUTH_ece81c3214184c54956c375af05c2f4f/gnocchi.3284b76f-9bcb-4cbd-9109-179682c1984e" 404 - "HEAD http://172.18.0.158:8080/v1/AUTH_ece81c3214184c54956c375af05c2f4f/gnocchi.3284b76f-9bcb-4cbd-9109-179682c1984e?format=json&states=listing" "tx5e4d59e26c2a41079f27f-0069280cfe" "proxy-server 20" 0.0004 "-" 23 0
Nov 27 08:34:06 np0005537443 object-server[122034]: 172.20.0.105 - - [27/Nov/2025:08:34:06 +0000] "GET /d1/676/AUTH_ece81c3214184c54956c375af05c2f4f/gnocchi.3284b76f-9bcb-4cbd-9109-179682c1984e/none_v3" 404 70 "GET http://172.18.0.158:8080/v1/AUTH_ece81c3214184c54956c375af05c2f4f/gnocchi.3284b76f-9bcb-4cbd-9109-179682c1984e/none_v3" "tx5e4d59e26c2a41079f27f-0069280cfe" "proxy-server 20" 0.0008 "-" 21 0
Nov 27 08:34:06 np0005537443 proxy-server[123624]: 172.18.0.158 172.18.0.104 27/Nov/2025/08/34/06 GET /v1/AUTH_ece81c3214184c54956c375af05c2f4f/gnocchi.3284b76f-9bcb-4cbd-9109-179682c1984e/none_v3 HTTP/1.0 404 - python-swiftclient-3.11.1 gAAAAABpKAzJpV3u... - 70 - tx5e4d59e26c2a41079f27f-0069280cfe - 0.0392 - - 1764232446.084543943 1764232446.123780251 0
Nov 27 08:34:06 np0005537443 object-server[122050]: 172.20.0.103 - - [27/Nov/2025:08:34:06 +0000] "GET /d1/838/AUTH_ece81c3214184c54956c375af05c2f4f/gnocchi.bd52dd4b-08ed-4939-a37d-67aee58e632d/1763640000.0_mean_300.0_v3" 404 70 "GET http://172.18.0.158:8080/v1/AUTH_ece81c3214184c54956c375af05c2f4f/gnocchi.bd52dd4b-08ed-4939-a37d-67aee58e632d/1763640000.0_mean_300.0_v3" "txe86a325aaa6c4ef093b84-0069280cfe" "proxy-server 20" 0.0006 "-" 24 0
Nov 27 08:34:06 np0005537443 account-server[121252]: 172.20.0.105 - - [27/Nov/2025:08:34:06 +0000] "PUT /d1/447/AUTH_ece81c3214184c54956c375af05c2f4f/gnocchi.4ee0ec4d-43c0-49ad-b997-941681c82b80" 201 - "PUT http://172.20.0.105:6001/d1/660/AUTH_ece81c3214184c54956c375af05c2f4f/gnocchi.4ee0ec4d-43c0-49ad-b997-941681c82b80" "txda96758d5fc44dbc98850-0069280cfe" "container-server 20" 0.0074 "-" 20 0
Nov 27 08:34:06 np0005537443 container-server[121618]: 172.20.0.104 - - [27/Nov/2025:08:34:06 +0000] "PUT /d1/660/AUTH_ece81c3214184c54956c375af05c2f4f/gnocchi.4ee0ec4d-43c0-49ad-b997-941681c82b80" 201 - "PUT http://172.18.0.158:8080/v1/AUTH_ece81c3214184c54956c375af05c2f4f/gnocchi.4ee0ec4d-43c0-49ad-b997-941681c82b80" "txda96758d5fc44dbc98850-0069280cfe" "proxy-server 20" 0.0254 "-" 20 0
Nov 27 08:34:06 np0005537443 container-server[121618]: 172.20.0.104 - - [27/Nov/2025:08:34:06 +0000] "HEAD /d1/660/AUTH_ece81c3214184c54956c375af05c2f4f/gnocchi.4ee0ec4d-43c0-49ad-b997-941681c82b80" 204 - "HEAD http://172.18.0.158:8080/v1/AUTH_ece81c3214184c54956c375af05c2f4f/gnocchi.4ee0ec4d-43c0-49ad-b997-941681c82b80?format=json&states=listing" "txa3ec03fe9b0b41eaa5715-0069280cfe" "proxy-server 20" 0.0014 "-" 20 0
Nov 27 08:34:06 np0005537443 object-server[122022]: 172.20.0.103 - - [27/Nov/2025:08:34:06 +0000] "PUT /d1/838/AUTH_ece81c3214184c54956c375af05c2f4f/gnocchi.bd52dd4b-08ed-4939-a37d-67aee58e632d/1763640000.0_mean_300.0_v3" 201 - "PUT http://172.18.0.158:8080/v1/AUTH_ece81c3214184c54956c375af05c2f4f/gnocchi.bd52dd4b-08ed-4939-a37d-67aee58e632d/1763640000.0_mean_300.0_v3" "txb5250cce762b4af89edcc-0069280cfe" "proxy-server 20" 0.0129 "-" 16 0
Nov 27 08:34:06 np0005537443 container-server[121643]: 172.20.0.103 - - [27/Nov/2025:08:34:06 +0000] "PUT /d1/498/AUTH_ece81c3214184c54956c375af05c2f4f/gnocchi.bd52dd4b-08ed-4939-a37d-67aee58e632d/1763640000.0_mean_300.0_v3" 201 - "PUT http://172.18.0.158:8080/d1/838/AUTH_ece81c3214184c54956c375af05c2f4f/gnocchi.bd52dd4b-08ed-4939-a37d-67aee58e632d/1763640000.0_mean_300.0_v3" "txb5250cce762b4af89edcc-0069280cfe" "object-server 20" 0.0007 "-" 22 0
Nov 27 08:34:06 np0005537443 account-server[121306]: 172.20.0.104 - - [27/Nov/2025:08:34:06 +0000] "PUT /d1/447/AUTH_ece81c3214184c54956c375af05c2f4f/gnocchi.3284b76f-9bcb-4cbd-9109-179682c1984e" 201 - "PUT http://172.20.0.104:6001/d1/480/AUTH_ece81c3214184c54956c375af05c2f4f/gnocchi.3284b76f-9bcb-4cbd-9109-179682c1984e" "tx4301f236de6b45e691814-0069280cfe" "container-server 21" 0.0062 "-" 23 0
Nov 27 08:34:06 np0005537443 container-server[121643]: 172.20.0.105 - - [27/Nov/2025:08:34:06 +0000] "PUT /d1/480/AUTH_ece81c3214184c54956c375af05c2f4f/gnocchi.3284b76f-9bcb-4cbd-9109-179682c1984e" 201 - "PUT http://172.18.0.158:8080/v1/AUTH_ece81c3214184c54956c375af05c2f4f/gnocchi.3284b76f-9bcb-4cbd-9109-179682c1984e" "tx4301f236de6b45e691814-0069280cfe" "proxy-server 20" 0.0216 "-" 22 0
Nov 27 08:34:06 np0005537443 proxy-server[123624]: 172.18.0.158 172.18.0.104 27/Nov/2025/08/34/06 PUT /v1/AUTH_ece81c3214184c54956c375af05c2f4f/gnocchi.3284b76f-9bcb-4cbd-9109-179682c1984e HTTP/1.0 201 - python-swiftclient-3.11.1 gAAAAABpKAzJpV3u... - - - tx4301f236de6b45e691814-0069280cfe - 0.0338 - - 1764232446.129125118 1764232446.162938118 0
Nov 27 08:34:06 np0005537443 object-server[122050]: 172.20.0.104 - - [27/Nov/2025:08:34:06 +0000] "GET /d1/263/AUTH_ece81c3214184c54956c375af05c2f4f/gnocchi.4ee0ec4d-43c0-49ad-b997-941681c82b80/1763640000.0_mean_300.0_v3" 404 70 "GET http://172.18.0.158:8080/v1/AUTH_ece81c3214184c54956c375af05c2f4f/gnocchi.4ee0ec4d-43c0-49ad-b997-941681c82b80/1763640000.0_mean_300.0_v3" "tx7cee0788bfc54092a4a79-0069280cfe" "proxy-server 20" 0.0006 "-" 24 0
Nov 27 08:34:06 np0005537443 proxy-server[123624]: - - 27/Nov/2025/08/34/06 HEAD /v1/AUTH_ece81c3214184c54956c375af05c2f4f/gnocchi.3284b76f-9bcb-4cbd-9109-179682c1984e%3Fformat%3Djson%26states%3Dlisting HTTP/1.0 204 - Swift - - - - tx5ed5be7199ec4834bc394-0069280cfe - 0.0081 RL - 1764232446.170204163 1764232446.178257227 0
Nov 27 08:34:06 np0005537443 container-server[121623]: 172.20.0.104 - - [27/Nov/2025:08:34:06 +0000] "PUT /d1/498/AUTH_ece81c3214184c54956c375af05c2f4f/gnocchi.bd52dd4b-08ed-4939-a37d-67aee58e632d/none_v3" 201 - "PUT http://172.18.0.158:8080/d1/244/AUTH_ece81c3214184c54956c375af05c2f4f/gnocchi.bd52dd4b-08ed-4939-a37d-67aee58e632d/none_v3" "txa7347297851e4d85922b3-0069280cfe" "object-server 23" 0.0010 "-" 21 0
Nov 27 08:34:06 np0005537443 object-server[122032]: 172.20.0.103 - - [27/Nov/2025:08:34:06 +0000] "PUT /d1/244/AUTH_ece81c3214184c54956c375af05c2f4f/gnocchi.bd52dd4b-08ed-4939-a37d-67aee58e632d/none_v3" 201 - "PUT http://172.18.0.158:8080/v1/AUTH_ece81c3214184c54956c375af05c2f4f/gnocchi.bd52dd4b-08ed-4939-a37d-67aee58e632d/none_v3" "txa7347297851e4d85922b3-0069280cfe" "proxy-server 20" 0.0127 "-" 20 0
Nov 27 08:34:06 np0005537443 container-server[121643]: 172.20.0.105 - - [27/Nov/2025:08:34:06 +0000] "GET /d1/480/AUTH_ece81c3214184c54956c375af05c2f4f/gnocchi.3284b76f-9bcb-4cbd-9109-179682c1984e" 200 2 "GET http://172.18.0.158:8080/v1/AUTH_ece81c3214184c54956c375af05c2f4f/gnocchi.3284b76f-9bcb-4cbd-9109-179682c1984e?format=json&states=listing" "tx5ed5be7199ec4834bc394-0069280cfe" "proxy-server 20" 0.0051 "-" 22 0
Nov 27 08:34:06 np0005537443 proxy-server[123624]: 172.18.0.158 172.18.0.104 27/Nov/2025/08/34/06 GET /v1/AUTH_ece81c3214184c54956c375af05c2f4f/gnocchi.3284b76f-9bcb-4cbd-9109-179682c1984e%3Fformat%3Djson%26states%3Dlisting HTTP/1.0 200 - python-swiftclient-3.11.1 gAAAAABpKAzJpV3u... - 2 - tx5ed5be7199ec4834bc394-0069280cfe - 0.0261 - - 1764232446.168255806 1764232446.194392204 0
Nov 27 08:34:06 np0005537443 container-server[121660]: 172.20.0.105 - - [27/Nov/2025:08:34:06 +0000] "PUT /d1/660/AUTH_ece81c3214184c54956c375af05c2f4f/gnocchi.4ee0ec4d-43c0-49ad-b997-941681c82b80/1763640000.0_mean_300.0_v3" 201 - "PUT http://172.18.0.158:8080/d1/263/AUTH_ece81c3214184c54956c375af05c2f4f/gnocchi.4ee0ec4d-43c0-49ad-b997-941681c82b80/1763640000.0_mean_300.0_v3" "txd9e76f46c5874fd7a3273-0069280cfe" "object-server 24" 0.0010 "-" 23 0
Nov 27 08:34:06 np0005537443 object-server[122050]: 172.20.0.104 - - [27/Nov/2025:08:34:06 +0000] "PUT /d1/263/AUTH_ece81c3214184c54956c375af05c2f4f/gnocchi.4ee0ec4d-43c0-49ad-b997-941681c82b80/1763640000.0_mean_300.0_v3" 201 - "PUT http://172.18.0.158:8080/v1/AUTH_ece81c3214184c54956c375af05c2f4f/gnocchi.4ee0ec4d-43c0-49ad-b997-941681c82b80/1763640000.0_mean_300.0_v3" "txd9e76f46c5874fd7a3273-0069280cfe" "proxy-server 20" 0.0124 "-" 24 0
Nov 27 08:34:06 np0005537443 object-server[122034]: 172.20.0.103 - - [27/Nov/2025:08:34:06 +0000] "GET /d1/656/AUTH_ece81c3214184c54956c375af05c2f4f/gnocchi.3284b76f-9bcb-4cbd-9109-179682c1984e/1763640000.0_mean_300.0_v3" 404 70 "GET http://172.18.0.158:8080/v1/AUTH_ece81c3214184c54956c375af05c2f4f/gnocchi.3284b76f-9bcb-4cbd-9109-179682c1984e/1763640000.0_mean_300.0_v3" "txbf6f5581fde347a8a9d9b-0069280cfe" "proxy-server 20" 0.0006 "-" 21 0
Nov 27 08:34:06 np0005537443 container-server[121643]: 172.20.0.103 - - [27/Nov/2025:08:34:06 +0000] "HEAD /d1/832/AUTH_ece81c3214184c54956c375af05c2f4f/gnocchi.af8703a9-2ebe-4244-abc6-55ccb13e752f" 404 - "HEAD http://172.18.0.158:8080/v1/AUTH_ece81c3214184c54956c375af05c2f4f/gnocchi.af8703a9-2ebe-4244-abc6-55ccb13e752f?format=json&states=listing" "tx11016857b94042c5aba57-0069280cfe" "proxy-server 20" 0.0007 "-" 22 0
Nov 27 08:34:06 np0005537443 object-server[122032]: 172.20.0.105 - - [27/Nov/2025:08:34:06 +0000] "PUT /d1/362/AUTH_ece81c3214184c54956c375af05c2f4f/gnocchi.4ee0ec4d-43c0-49ad-b997-941681c82b80/none_v3" 201 - "PUT http://172.18.0.158:8080/v1/AUTH_ece81c3214184c54956c375af05c2f4f/gnocchi.4ee0ec4d-43c0-49ad-b997-941681c82b80/none_v3" "tx1cd43ae2fe6c4e2dbac1c-0069280cfe" "proxy-server 20" 0.0143 "-" 20 0
Nov 27 08:34:06 np0005537443 container-server[121643]: 172.20.0.104 - - [27/Nov/2025:08:34:06 +0000] "PUT /d1/660/AUTH_ece81c3214184c54956c375af05c2f4f/gnocchi.4ee0ec4d-43c0-49ad-b997-941681c82b80/none_v3" 201 - "PUT http://172.18.0.158:8080/d1/362/AUTH_ece81c3214184c54956c375af05c2f4f/gnocchi.4ee0ec4d-43c0-49ad-b997-941681c82b80/none_v3" "tx1cd43ae2fe6c4e2dbac1c-0069280cfe" "object-server 25" 0.0007 "-" 22 0
Nov 27 08:34:06 np0005537443 container-server[121643]: 172.20.0.105 - - [27/Nov/2025:08:34:06 +0000] "PUT /d1/480/AUTH_ece81c3214184c54956c375af05c2f4f/gnocchi.3284b76f-9bcb-4cbd-9109-179682c1984e/1763640000.0_mean_300.0_v3" 201 - "PUT http://172.18.0.158:8080/d1/656/AUTH_ece81c3214184c54956c375af05c2f4f/gnocchi.3284b76f-9bcb-4cbd-9109-179682c1984e/1763640000.0_mean_300.0_v3" "tx72e07aadd9e1434c91322-0069280cfe" "object-server 20" 0.0006 "-" 22 0
Nov 27 08:34:06 np0005537443 object-server[122050]: 172.20.0.103 - - [27/Nov/2025:08:34:06 +0000] "GET /d1/875/AUTH_ece81c3214184c54956c375af05c2f4f/gnocchi.af8703a9-2ebe-4244-abc6-55ccb13e752f/none_v3" 404 70 "GET http://172.18.0.158:8080/v1/AUTH_ece81c3214184c54956c375af05c2f4f/gnocchi.af8703a9-2ebe-4244-abc6-55ccb13e752f/none_v3" "tx11016857b94042c5aba57-0069280cfe" "proxy-server 20" 0.0004 "-" 24 0
Nov 27 08:34:06 np0005537443 object-server[122032]: 172.20.0.104 - - [27/Nov/2025:08:34:06 +0000] "PUT /d1/656/AUTH_ece81c3214184c54956c375af05c2f4f/gnocchi.3284b76f-9bcb-4cbd-9109-179682c1984e/1763640000.0_mean_300.0_v3" 201 - "PUT http://172.18.0.158:8080/v1/AUTH_ece81c3214184c54956c375af05c2f4f/gnocchi.3284b76f-9bcb-4cbd-9109-179682c1984e/1763640000.0_mean_300.0_v3" "tx72e07aadd9e1434c91322-0069280cfe" "proxy-server 20" 0.0129 "-" 20 0
Nov 27 08:34:06 np0005537443 proxy-server[123624]: 172.18.0.105 172.18.0.104 27/Nov/2025/08/34/06 PUT /v1/AUTH_ece81c3214184c54956c375af05c2f4f/gnocchi.4ee0ec4d-43c0-49ad-b997-941681c82b80/none_v3 HTTP/1.0 201 - python-swiftclient-3.11.1 gAAAAABpKAx_sfH7... 22 - - tx1cd43ae2fe6c4e2dbac1c-0069280cfe - 0.0291 - - 1764232446.218410969 1764232446.247514963 0
Nov 27 08:34:06 np0005537443 container-server[121643]: 172.20.0.103 - - [27/Nov/2025:08:34:06 +0000] "PUT /d1/480/AUTH_ece81c3214184c54956c375af05c2f4f/gnocchi.3284b76f-9bcb-4cbd-9109-179682c1984e/none_v3" 201 - "PUT http://172.18.0.158:8080/d1/676/AUTH_ece81c3214184c54956c375af05c2f4f/gnocchi.3284b76f-9bcb-4cbd-9109-179682c1984e/none_v3" "tx111b52fe988b4c9c9237f-0069280cfe" "object-server 21" 0.0007 "-" 22 0
Nov 27 08:34:06 np0005537443 account-server[121289]: 172.20.0.104 - - [27/Nov/2025:08:34:06 +0000] "PUT /d1/447/AUTH_ece81c3214184c54956c375af05c2f4f/gnocchi.af8703a9-2ebe-4244-abc6-55ccb13e752f" 201 - "PUT http://172.20.0.104:6001/d1/832/AUTH_ece81c3214184c54956c375af05c2f4f/gnocchi.af8703a9-2ebe-4244-abc6-55ccb13e752f" "txbc06abb4fda54df3b5c71-0069280cfe" "container-server 20" 0.0077 "-" 22 0
Nov 27 08:34:06 np0005537443 object-server[122034]: 172.20.0.105 - - [27/Nov/2025:08:34:06 +0000] "PUT /d1/676/AUTH_ece81c3214184c54956c375af05c2f4f/gnocchi.3284b76f-9bcb-4cbd-9109-179682c1984e/none_v3" 201 - "PUT http://172.18.0.158:8080/v1/AUTH_ece81c3214184c54956c375af05c2f4f/gnocchi.3284b76f-9bcb-4cbd-9109-179682c1984e/none_v3" "tx111b52fe988b4c9c9237f-0069280cfe" "proxy-server 20" 0.0161 "-" 21 0
Nov 27 08:34:06 np0005537443 proxy-server[123624]: 172.18.0.158 172.18.0.104 27/Nov/2025/08/34/06 PUT /v1/AUTH_ece81c3214184c54956c375af05c2f4f/gnocchi.3284b76f-9bcb-4cbd-9109-179682c1984e/none_v3 HTTP/1.0 201 - python-swiftclient-3.11.1 gAAAAABpKAzJpV3u... 22 - - tx111b52fe988b4c9c9237f-0069280cfe - 0.0365 - - 1764232446.257456303 1764232446.293990374 0
Nov 27 08:34:06 np0005537443 container-server[121660]: 172.20.0.103 - - [27/Nov/2025:08:34:06 +0000] "HEAD /d1/983/AUTH_ece81c3214184c54956c375af05c2f4f/gnocchi.0770a4e0-6b8d-4077-9e78-05e8ac7aebbb" 404 - "HEAD http://172.18.0.158:8080/v1/AUTH_ece81c3214184c54956c375af05c2f4f/gnocchi.0770a4e0-6b8d-4077-9e78-05e8ac7aebbb?format=json&states=listing" "tx3e94027122464b3988ff7-0069280cfe" "proxy-server 20" 0.0006 "-" 23 0
Nov 27 08:34:06 np0005537443 container-server[121623]: 172.20.0.104 - - [27/Nov/2025:08:34:06 +0000] "PUT /d1/832/AUTH_ece81c3214184c54956c375af05c2f4f/gnocchi.af8703a9-2ebe-4244-abc6-55ccb13e752f" 201 - "PUT http://172.18.0.158:8080/v1/AUTH_ece81c3214184c54956c375af05c2f4f/gnocchi.af8703a9-2ebe-4244-abc6-55ccb13e752f" "txbc06abb4fda54df3b5c71-0069280cfe" "proxy-server 20" 0.0418 "-" 21 0
Nov 27 08:34:06 np0005537443 object-server[122034]: 172.20.0.103 - - [27/Nov/2025:08:34:06 +0000] "GET /d1/870/AUTH_ece81c3214184c54956c375af05c2f4f/gnocchi.0770a4e0-6b8d-4077-9e78-05e8ac7aebbb/none_v3" 404 70 "GET http://172.18.0.158:8080/v1/AUTH_ece81c3214184c54956c375af05c2f4f/gnocchi.0770a4e0-6b8d-4077-9e78-05e8ac7aebbb/none_v3" "tx3e94027122464b3988ff7-0069280cfe" "proxy-server 20" 0.0004 "-" 21 0
Nov 27 08:34:06 np0005537443 proxy-server[123624]: - - 27/Nov/2025/08/34/06 HEAD /v1/AUTH_ece81c3214184c54956c375af05c2f4f/gnocchi.af8703a9-2ebe-4244-abc6-55ccb13e752f%3Fformat%3Djson%26states%3Dlisting HTTP/1.0 204 - Swift - - - - tx864dbb2d270346ceb3379-0069280cfe - 0.0096 RL - 1764232446.326665401 1764232446.336215496 0
Nov 27 08:34:06 np0005537443 proxy-server[123624]: 172.18.0.103 172.18.0.104 27/Nov/2025/08/34/06 GET /v1/AUTH_ece81c3214184c54956c375af05c2f4f/gnocchi.af8703a9-2ebe-4244-abc6-55ccb13e752f%3Fformat%3Djson%26states%3Dlisting HTTP/1.0 200 - python-swiftclient-3.11.1 gAAAAABpKAzB-Xe5... - 2 - tx864dbb2d270346ceb3379-0069280cfe - 0.0257 - - 1764232446.323726416 1764232446.349384546 0
Nov 27 08:34:06 np0005537443 container-server[121623]: 172.20.0.104 - - [27/Nov/2025:08:34:06 +0000] "PUT /d1/983/AUTH_ece81c3214184c54956c375af05c2f4f/gnocchi.0770a4e0-6b8d-4077-9e78-05e8ac7aebbb" 201 - "PUT http://172.18.0.158:8080/v1/AUTH_ece81c3214184c54956c375af05c2f4f/gnocchi.0770a4e0-6b8d-4077-9e78-05e8ac7aebbb" "tx4ce4295c531d4a108e7de-0069280cfe" "proxy-server 20" 0.0198 "-" 21 0
Nov 27 08:34:06 np0005537443 account-server[121289]: 172.20.0.103 - - [27/Nov/2025:08:34:06 +0000] "PUT /d1/447/AUTH_ece81c3214184c54956c375af05c2f4f/gnocchi.0770a4e0-6b8d-4077-9e78-05e8ac7aebbb" 201 - "PUT http://172.20.0.103:6001/d1/983/AUTH_ece81c3214184c54956c375af05c2f4f/gnocchi.0770a4e0-6b8d-4077-9e78-05e8ac7aebbb" "tx4ce4295c531d4a108e7de-0069280cfe" "container-server 22" 0.0060 "-" 22 0
Nov 27 08:34:06 np0005537443 proxy-server[123624]: - - 27/Nov/2025/08/34/06 HEAD /v1/AUTH_ece81c3214184c54956c375af05c2f4f/gnocchi.0770a4e0-6b8d-4077-9e78-05e8ac7aebbb%3Fformat%3Djson%26states%3Dlisting HTTP/1.0 204 - Swift - - - - tx02611d63507947129632f-0069280cfe - 0.0079 RL - 1764232446.364720821 1764232446.372642040 0
Nov 27 08:34:06 np0005537443 object-server[122034]: 172.20.0.103 - - [27/Nov/2025:08:34:06 +0000] "GET /d1/138/AUTH_ece81c3214184c54956c375af05c2f4f/gnocchi.af8703a9-2ebe-4244-abc6-55ccb13e752f/1763640000.0_mean_300.0_v3" 404 70 "GET http://172.18.0.158:8080/v1/AUTH_ece81c3214184c54956c375af05c2f4f/gnocchi.af8703a9-2ebe-4244-abc6-55ccb13e752f/1763640000.0_mean_300.0_v3" "txf6375c410eab4bffadad4-0069280cfe" "proxy-server 20" 0.0006 "-" 21 0
Nov 27 08:34:06 np0005537443 proxy-server[123624]: 172.18.0.105 172.18.0.104 27/Nov/2025/08/34/06 GET /v1/AUTH_ece81c3214184c54956c375af05c2f4f/gnocchi.0770a4e0-6b8d-4077-9e78-05e8ac7aebbb%3Fformat%3Djson%26states%3Dlisting HTTP/1.0 200 - python-swiftclient-3.11.1 gAAAAABpKAx_sfH7... - 2 - tx02611d63507947129632f-0069280cfe - 0.0257 - - 1764232446.362281322 1764232446.387931824 0
Nov 27 08:34:06 np0005537443 object-server[122022]: 172.20.0.103 - - [27/Nov/2025:08:34:06 +0000] "GET /d1/814/AUTH_ece81c3214184c54956c375af05c2f4f/gnocchi.0770a4e0-6b8d-4077-9e78-05e8ac7aebbb/1763640000.0_mean_300.0_v3" 404 70 "GET http://172.18.0.158:8080/v1/AUTH_ece81c3214184c54956c375af05c2f4f/gnocchi.0770a4e0-6b8d-4077-9e78-05e8ac7aebbb/1763640000.0_mean_300.0_v3" "tx930e5f02cd9b49809c023-0069280cfe" "proxy-server 20" 0.0006 "-" 16 0
Nov 27 08:34:06 np0005537443 container-server[121618]: 172.20.0.103 - - [27/Nov/2025:08:34:06 +0000] "PUT /d1/832/AUTH_ece81c3214184c54956c375af05c2f4f/gnocchi.af8703a9-2ebe-4244-abc6-55ccb13e752f/1763640000.0_mean_300.0_v3" 201 - "PUT http://172.18.0.158:8080/d1/138/AUTH_ece81c3214184c54956c375af05c2f4f/gnocchi.af8703a9-2ebe-4244-abc6-55ccb13e752f/1763640000.0_mean_300.0_v3" "tx35603aa88d10475ab1dc0-0069280cfe" "object-server 19" 0.0011 "-" 20 0
Nov 27 08:34:06 np0005537443 container-server[121311]: Beginning replication run
Nov 27 08:34:06 np0005537443 object-server[122050]: 172.20.0.104 - - [27/Nov/2025:08:34:06 +0000] "PUT /d1/138/AUTH_ece81c3214184c54956c375af05c2f4f/gnocchi.af8703a9-2ebe-4244-abc6-55ccb13e752f/1763640000.0_mean_300.0_v3" 201 - "PUT http://172.18.0.158:8080/v1/AUTH_ece81c3214184c54956c375af05c2f4f/gnocchi.af8703a9-2ebe-4244-abc6-55ccb13e752f/1763640000.0_mean_300.0_v3" "tx35603aa88d10475ab1dc0-0069280cfe" "proxy-server 20" 0.0174 "-" 24 0
Nov 27 08:34:06 np0005537443 container-server[121660]: 172.20.0.105 - - [27/Nov/2025:08:34:06 +0000] "PUT /d1/983/AUTH_ece81c3214184c54956c375af05c2f4f/gnocchi.0770a4e0-6b8d-4077-9e78-05e8ac7aebbb/1763640000.0_mean_300.0_v3" 201 - "PUT http://172.18.0.158:8080/d1/814/AUTH_ece81c3214184c54956c375af05c2f4f/gnocchi.0770a4e0-6b8d-4077-9e78-05e8ac7aebbb/1763640000.0_mean_300.0_v3" "tx45c0359460684078a8e27-0069280cfe" "object-server 16" 0.0012 "-" 23 0
Nov 27 08:34:06 np0005537443 container-server[121643]: 172.20.0.105 - - [27/Nov/2025:08:34:06 +0000] "PUT /d1/832/AUTH_ece81c3214184c54956c375af05c2f4f/gnocchi.af8703a9-2ebe-4244-abc6-55ccb13e752f/none_v3" 201 - "PUT http://172.18.0.158:8080/d1/875/AUTH_ece81c3214184c54956c375af05c2f4f/gnocchi.af8703a9-2ebe-4244-abc6-55ccb13e752f/none_v3" "tx390dd330dce9442eb023f-0069280cfe" "object-server 24" 0.0010 "-" 22 0
Nov 27 08:34:06 np0005537443 object-server[122050]: 172.20.0.103 - - [27/Nov/2025:08:34:06 +0000] "PUT /d1/875/AUTH_ece81c3214184c54956c375af05c2f4f/gnocchi.af8703a9-2ebe-4244-abc6-55ccb13e752f/none_v3" 201 - "PUT http://172.18.0.158:8080/v1/AUTH_ece81c3214184c54956c375af05c2f4f/gnocchi.af8703a9-2ebe-4244-abc6-55ccb13e752f/none_v3" "tx390dd330dce9442eb023f-0069280cfe" "proxy-server 20" 0.0137 "-" 24 0
Nov 27 08:34:06 np0005537443 object-server[122022]: 172.20.0.105 - - [27/Nov/2025:08:34:06 +0000] "PUT /d1/814/AUTH_ece81c3214184c54956c375af05c2f4f/gnocchi.0770a4e0-6b8d-4077-9e78-05e8ac7aebbb/1763640000.0_mean_300.0_v3" 201 - "PUT http://172.18.0.158:8080/v1/AUTH_ece81c3214184c54956c375af05c2f4f/gnocchi.0770a4e0-6b8d-4077-9e78-05e8ac7aebbb/1763640000.0_mean_300.0_v3" "tx45c0359460684078a8e27-0069280cfe" "proxy-server 20" 0.0152 "-" 16 0
Nov 27 08:34:06 np0005537443 proxy-server[123624]: 172.18.0.105 172.18.0.104 27/Nov/2025/08/34/06 PUT /v1/AUTH_ece81c3214184c54956c375af05c2f4f/gnocchi.0770a4e0-6b8d-4077-9e78-05e8ac7aebbb/1763640000.0_mean_300.0_v3 HTTP/1.0 201 - python-swiftclient-3.11.1 gAAAAABpKAx_sfH7... 16 - - tx45c0359460684078a8e27-0069280cfe - 0.0294 - - 1764232446.420247793 1764232446.449616432 0
Nov 27 08:34:06 np0005537443 container-server[121623]: 172.20.0.104 - - [27/Nov/2025:08:34:06 +0000] "PUT /d1/983/AUTH_ece81c3214184c54956c375af05c2f4f/gnocchi.0770a4e0-6b8d-4077-9e78-05e8ac7aebbb/none_v3" 201 - "PUT http://172.18.0.158:8080/d1/870/AUTH_ece81c3214184c54956c375af05c2f4f/gnocchi.0770a4e0-6b8d-4077-9e78-05e8ac7aebbb/none_v3" "txe0e562f803164d0a90f9d-0069280cfe" "object-server 25" 0.0011 "-" 21 0
Nov 27 08:34:06 np0005537443 object-server[122022]: 172.20.0.104 - - [27/Nov/2025:08:34:06 +0000] "PUT /d1/870/AUTH_ece81c3214184c54956c375af05c2f4f/gnocchi.0770a4e0-6b8d-4077-9e78-05e8ac7aebbb/none_v3" 201 - "PUT http://172.18.0.158:8080/v1/AUTH_ece81c3214184c54956c375af05c2f4f/gnocchi.0770a4e0-6b8d-4077-9e78-05e8ac7aebbb/none_v3" "txe0e562f803164d0a90f9d-0069280cfe" "proxy-server 20" 0.0143 "-" 16 0
Nov 27 08:34:06 np0005537443 object-server[221948]: Begin object audit "forever" mode (ZBF)
Nov 27 08:34:06 np0005537443 object-server[221948]: Object audit (ZBF). Since Thu Nov 27 08:34:06 2025: Locally: 1 passed, 0 quarantined, 0 errors, files/sec: 540.16, bytes/sec: 0.00, Total time: 0.00, Auditing time: 0.00, Rate: 0.00
Nov 27 08:34:06 np0005537443 object-server[221949]: Begin object audit "forever" mode (ALL)
Nov 27 08:34:06 np0005537443 object-server[221949]: Object audit (ALL). Since Thu Nov 27 08:34:06 2025: Locally: 1 passed, 0 quarantined, 0 errors, files/sec: 104.99, bytes/sec: 1679.91, Total time: 0.01, Auditing time: 0.00, Rate: 0.00
Nov 27 08:34:07 np0005537443 container-server[121311]: Replication run OVER
Nov 27 08:34:07 np0005537443 container-server[121311]: Attempted to replicate 22 dbs in 0.96725 seconds (22.74497/s)
Nov 27 08:34:07 np0005537443 container-server[121311]: Removed 0 dbs
Nov 27 08:34:07 np0005537443 container-server[121311]: 44 successes, 0 failures
Nov 27 08:34:07 np0005537443 container-server[121311]: diff:0 diff_capped:0 empty:0 hashmatch:0 no_change:44 remote_merge:0 rsync:0 ts_repl:0
Nov 27 08:34:07 np0005537443 object-server[221948]: Object audit (ZBF) "forever" mode completed: 0.84s. Total quarantined: 0, Total errors: 0, Total files/sec: 52.16, Total bytes/sec: 0.00, Auditing time: 0.83, Rate: 0.99
Nov 27 08:34:07 np0005537443 account-server[120930]: Beginning replication run
Nov 27 08:34:07 np0005537443 account-server[120930]: Replication run OVER
Nov 27 08:34:07 np0005537443 account-server[120930]: Attempted to replicate 1 dbs in 0.04195 seconds (23.83555/s)
Nov 27 08:34:07 np0005537443 account-server[120930]: Removed 0 dbs
Nov 27 08:34:07 np0005537443 account-server[120930]: 2 successes, 0 failures
Nov 27 08:34:07 np0005537443 account-server[120930]: diff:0 diff_capped:0 empty:0 hashmatch:0 no_change:2 remote_merge:0 rsync:0 ts_repl:0
Nov 27 08:34:08 np0005537443 object-server[221949]: Object audit (ALL) "forever" mode completed: 2.11s. Total quarantined: 0, Total errors: 0, Total files/sec: 20.83, Total bytes/sec: 400.52, Auditing time: 2.10, Rate: 0.99
Nov 27 08:34:21 np0005537443 account-server[121306]: 172.20.0.105 - - [27/Nov/2025:08:34:21 +0000] "HEAD /d1/812/.expiring_objects" 404 - "HEAD http://localhost/v1/.expiring_objects?format=json" "tx92f0c53a965e43e489cfd-0069280d0d" "proxy-server 2" 0.0005 "-" 23 -
Nov 27 08:34:21 np0005537443 object-expirer[121790]: Pass completed in 0s; 0 objects expired (txn: tx92f0c53a965e43e489cfd-0069280d0d)
Nov 27 08:34:34 np0005537443 object-server[121862]: Starting object replication pass.
Nov 27 08:34:35 np0005537443 object-server[121862]: 43/43 (100.00%) partitions replicated in 0.42s (103.52/sec, 0s remaining)
Nov 27 08:34:35 np0005537443 object-server[121862]: 86 successes, 0 failures
Nov 27 08:34:35 np0005537443 object-server[121862]: 44 suffixes checked - 0.00% hashed, 0.00% synced
Nov 27 08:34:35 np0005537443 object-server[121862]: Partition times: max 0.0147s, min 0.0064s, med 0.0087s
Nov 27 08:34:35 np0005537443 object-server[121862]: Object replication complete. (0.01 minutes)
Nov 27 08:34:36 np0005537443 container-server[121311]: Beginning replication run
Nov 27 08:34:36 np0005537443 container-server[121311]: Replication run OVER
Nov 27 08:34:36 np0005537443 container-server[121311]: Attempted to replicate 22 dbs in 0.43767 seconds (50.26669/s)
Nov 27 08:34:36 np0005537443 container-server[121311]: Removed 0 dbs
Nov 27 08:34:36 np0005537443 container-server[121311]: 44 successes, 0 failures
Nov 27 08:34:36 np0005537443 container-server[121311]: diff:0 diff_capped:0 empty:0 hashmatch:0 no_change:44 remote_merge:0 rsync:0 ts_repl:0
Nov 27 08:34:37 np0005537443 account-server[120930]: Beginning replication run
Nov 27 08:34:37 np0005537443 account-server[120930]: Replication run OVER
Nov 27 08:34:37 np0005537443 account-server[120930]: Attempted to replicate 1 dbs in 0.01847 seconds (54.14561/s)
Nov 27 08:34:37 np0005537443 account-server[120930]: Removed 0 dbs
Nov 27 08:34:37 np0005537443 account-server[120930]: 2 successes, 0 failures
Nov 27 08:34:37 np0005537443 account-server[120930]: diff:0 diff_capped:0 empty:0 hashmatch:0 no_change:2 remote_merge:0 rsync:0 ts_repl:0
Nov 27 08:34:37 np0005537443 object-server[222043]: Begin object audit "forever" mode (ZBF)
Nov 27 08:34:37 np0005537443 object-server[222043]: Object audit (ZBF). Since Thu Nov 27 08:34:37 2025: Locally: 1 passed, 0 quarantined, 0 errors, files/sec: 511.44, bytes/sec: 0.00, Total time: 0.00, Auditing time: 0.00, Rate: 0.00
Nov 27 08:34:38 np0005537443 object-server[222043]: Object audit (ZBF) "forever" mode completed: 0.84s. Total quarantined: 0, Total errors: 0, Total files/sec: 52.15, Total bytes/sec: 0.00, Auditing time: 0.83, Rate: 0.98
Nov 27 08:35:05 np0005537443 object-server[121862]: Starting object replication pass.
Nov 27 08:35:05 np0005537443 object-server[121862]: 43/43 (100.00%) partitions replicated in 0.48s (90.12/sec, 0s remaining)
Nov 27 08:35:05 np0005537443 object-server[121862]: 86 successes, 0 failures
Nov 27 08:35:05 np0005537443 object-server[121862]: 44 suffixes checked - 0.00% hashed, 0.00% synced
Nov 27 08:35:05 np0005537443 object-server[121862]: Partition times: max 0.0341s, min 0.0075s, med 0.0097s
Nov 27 08:35:05 np0005537443 object-server[121862]: Object replication complete. (0.01 minutes)
Nov 27 08:35:06 np0005537443 container-server[121311]: Beginning replication run
Nov 27 08:35:06 np0005537443 container-server[121311]: Replication run OVER
Nov 27 08:35:06 np0005537443 container-server[121311]: Attempted to replicate 22 dbs in 0.43911 seconds (50.10141/s)
Nov 27 08:35:06 np0005537443 container-server[121311]: Removed 0 dbs
Nov 27 08:35:06 np0005537443 container-server[121311]: 44 successes, 0 failures
Nov 27 08:35:06 np0005537443 container-server[121311]: diff:0 diff_capped:0 empty:0 hashmatch:0 no_change:44 remote_merge:0 rsync:0 ts_repl:0
Nov 27 08:35:07 np0005537443 account-server[120930]: Beginning replication run
Nov 27 08:35:07 np0005537443 account-server[120930]: Replication run OVER
Nov 27 08:35:07 np0005537443 account-server[120930]: Attempted to replicate 1 dbs in 0.01959 seconds (51.03527/s)
Nov 27 08:35:07 np0005537443 account-server[120930]: Removed 0 dbs
Nov 27 08:35:07 np0005537443 account-server[120930]: 2 successes, 0 failures
Nov 27 08:35:07 np0005537443 account-server[120930]: diff:0 diff_capped:0 empty:0 hashmatch:0 no_change:2 remote_merge:0 rsync:0 ts_repl:0
Nov 27 08:35:08 np0005537443 object-server[227949]: Begin object audit "forever" mode (ZBF)
Nov 27 08:35:08 np0005537443 object-server[227949]: Object audit (ZBF). Since Thu Nov 27 08:35:08 2025: Locally: 1 passed, 0 quarantined, 0 errors, files/sec: 557.01, bytes/sec: 0.00, Total time: 0.00, Auditing time: 0.00, Rate: 0.00
Nov 27 08:35:08 np0005537443 object-server[227950]: Begin object audit "forever" mode (ALL)
Nov 27 08:35:08 np0005537443 object-server[227950]: Object audit (ALL). Since Thu Nov 27 08:35:08 2025: Locally: 1 passed, 0 quarantined, 0 errors, files/sec: 94.59, bytes/sec: 1513.40, Total time: 0.01, Auditing time: 0.00, Rate: 0.00
Nov 27 08:35:09 np0005537443 object-server[227949]: Object audit (ZBF) "forever" mode completed: 0.84s. Total quarantined: 0, Total errors: 0, Total files/sec: 52.12, Total bytes/sec: 0.00, Auditing time: 0.83, Rate: 0.98
Nov 27 08:35:10 np0005537443 object-server[227950]: Object audit (ALL) "forever" mode completed: 2.11s. Total quarantined: 0, Total errors: 0, Total files/sec: 20.83, Total bytes/sec: 400.45, Auditing time: 2.10, Rate: 0.99
Nov 27 08:35:13 np0005537443 account-server[121306]: 172.20.0.103 - - [27/Nov/2025:08:35:13 +0000] "HEAD /d1/812/.expiring_objects" 404 - "HEAD http://localhost/v1/.expiring_objects?format=json" "tx87cdd99f687243c488f81-0069280d41" "proxy-server 2" 0.0009 "-" 23 -
Nov 27 08:35:35 np0005537443 object-server[121862]: Starting object replication pass.
Nov 27 08:35:36 np0005537443 object-server[121862]: 43/43 (100.00%) partitions replicated in 0.39s (110.59/sec, 0s remaining)
Nov 27 08:35:36 np0005537443 object-server[121862]: 86 successes, 0 failures
Nov 27 08:35:36 np0005537443 object-server[121862]: 44 suffixes checked - 0.00% hashed, 0.00% synced
Nov 27 08:35:36 np0005537443 object-server[121862]: Partition times: max 0.0139s, min 0.0060s, med 0.0079s
Nov 27 08:35:36 np0005537443 object-server[121862]: Object replication complete. (0.01 minutes)
Nov 27 08:35:36 np0005537443 container-server[121311]: Beginning replication run
Nov 27 08:35:36 np0005537443 container-server[121311]: Replication run OVER
Nov 27 08:35:36 np0005537443 container-server[121311]: Attempted to replicate 22 dbs in 0.43528 seconds (50.54196/s)
Nov 27 08:35:36 np0005537443 container-server[121311]: Removed 0 dbs
Nov 27 08:35:36 np0005537443 container-server[121311]: 44 successes, 0 failures
Nov 27 08:35:36 np0005537443 container-server[121311]: diff:0 diff_capped:0 empty:0 hashmatch:0 no_change:44 remote_merge:0 rsync:0 ts_repl:0
Nov 27 08:35:37 np0005537443 account-server[120930]: Beginning replication run
Nov 27 08:35:37 np0005537443 account-server[120930]: Replication run OVER
Nov 27 08:35:37 np0005537443 account-server[120930]: Attempted to replicate 1 dbs in 0.01506 seconds (66.41452/s)
Nov 27 08:35:37 np0005537443 account-server[120930]: Removed 0 dbs
Nov 27 08:35:37 np0005537443 account-server[120930]: 2 successes, 0 failures
Nov 27 08:35:37 np0005537443 account-server[120930]: diff:0 diff_capped:0 empty:0 hashmatch:0 no_change:2 remote_merge:0 rsync:0 ts_repl:0
Nov 27 08:35:39 np0005537443 object-server[228009]: Begin object audit "forever" mode (ZBF)
Nov 27 08:35:39 np0005537443 object-server[228009]: Object audit (ZBF). Since Thu Nov 27 08:35:39 2025: Locally: 1 passed, 0 quarantined, 0 errors, files/sec: 600.04, bytes/sec: 0.00, Total time: 0.00, Auditing time: 0.00, Rate: 0.00
Nov 27 08:35:40 np0005537443 object-server[228009]: Object audit (ZBF) "forever" mode completed: 0.84s. Total quarantined: 0, Total errors: 0, Total files/sec: 52.16, Total bytes/sec: 0.00, Auditing time: 0.83, Rate: 0.99
Nov 27 08:36:06 np0005537443 object-server[121862]: Starting object replication pass.
Nov 27 08:36:06 np0005537443 container-server[121311]: Beginning replication run
Nov 27 08:36:06 np0005537443 object-server[121862]: 43/43 (100.00%) partitions replicated in 0.40s (106.19/sec, 0s remaining)
Nov 27 08:36:06 np0005537443 object-server[121862]: 86 successes, 0 failures
Nov 27 08:36:06 np0005537443 object-server[121862]: 44 suffixes checked - 0.00% hashed, 0.00% synced
Nov 27 08:36:06 np0005537443 object-server[121862]: Partition times: max 0.0188s, min 0.0065s, med 0.0084s
Nov 27 08:36:06 np0005537443 object-server[121862]: Object replication complete. (0.01 minutes)
Nov 27 08:36:06 np0005537443 container-server[121311]: Replication run OVER
Nov 27 08:36:06 np0005537443 container-server[121311]: Attempted to replicate 22 dbs in 0.43975 seconds (50.02855/s)
Nov 27 08:36:06 np0005537443 container-server[121311]: Removed 0 dbs
Nov 27 08:36:06 np0005537443 container-server[121311]: 44 successes, 0 failures
Nov 27 08:36:06 np0005537443 container-server[121311]: diff:0 diff_capped:0 empty:0 hashmatch:0 no_change:44 remote_merge:0 rsync:0 ts_repl:0
Nov 27 08:36:07 np0005537443 account-server[120930]: Beginning replication run
Nov 27 08:36:07 np0005537443 account-server[120930]: Replication run OVER
Nov 27 08:36:07 np0005537443 account-server[120930]: Attempted to replicate 1 dbs in 0.03286 seconds (30.43245/s)
Nov 27 08:36:07 np0005537443 account-server[120930]: Removed 0 dbs
Nov 27 08:36:07 np0005537443 account-server[120930]: 2 successes, 0 failures
Nov 27 08:36:07 np0005537443 account-server[120930]: diff:0 diff_capped:0 empty:0 hashmatch:0 no_change:2 remote_merge:0 rsync:0 ts_repl:0
Nov 27 08:36:10 np0005537443 object-server[233880]: Begin object audit "forever" mode (ALL)
Nov 27 08:36:10 np0005537443 object-server[233879]: Begin object audit "forever" mode (ZBF)
Nov 27 08:36:10 np0005537443 object-server[233879]: Object audit (ZBF). Since Thu Nov 27 08:36:10 2025: Locally: 1 passed, 0 quarantined, 0 errors, files/sec: 589.92, bytes/sec: 0.00, Total time: 0.00, Auditing time: 0.00, Rate: 0.00
Nov 27 08:36:10 np0005537443 object-server[233880]: Object audit (ALL). Since Thu Nov 27 08:36:10 2025: Locally: 1 passed, 0 quarantined, 0 errors, files/sec: 131.69, bytes/sec: 2106.96, Total time: 0.01, Auditing time: 0.00, Rate: 0.00
Nov 27 08:36:11 np0005537443 object-server[233879]: Object audit (ZBF) "forever" mode completed: 0.84s. Total quarantined: 0, Total errors: 0, Total files/sec: 52.15, Total bytes/sec: 0.00, Auditing time: 0.83, Rate: 0.98
Nov 27 08:36:12 np0005537443 object-server[233880]: Object audit (ALL) "forever" mode completed: 2.11s. Total quarantined: 0, Total errors: 0, Total files/sec: 20.86, Total bytes/sec: 401.02, Auditing time: 2.10, Rate: 0.99
Nov 27 08:36:18 np0005537443 account-server[121266]: 172.20.0.105 - - [27/Nov/2025:08:36:18 +0000] "HEAD /d1/812/.expiring_objects" 404 - "HEAD http://localhost/v1/.expiring_objects?format=json" "tx0a4711cbb35e440b8fe55-0069280d82" "proxy-server 2" 0.0005 "-" 21 -
Nov 27 08:36:18 np0005537443 object-expirer[121790]: Pass completed in 0s; 0 objects expired (txn: tx0a4711cbb35e440b8fe55-0069280d82)
Nov 27 08:36:22 np0005537443 account-server[121252]: 172.20.0.103 - - [27/Nov/2025:08:36:22 +0000] "HEAD /d1/812/.expiring_objects" 404 - "HEAD http://localhost/v1/.expiring_objects?format=json" "tx9d2e3d253324438eacf14-0069280d86" "proxy-server 2" 0.0005 "-" 20 -
Nov 27 08:36:36 np0005537443 container-server[121311]: Beginning replication run
Nov 27 08:36:36 np0005537443 object-server[121862]: Starting object replication pass.
Nov 27 08:36:36 np0005537443 container-server[121311]: Replication run OVER
Nov 27 08:36:36 np0005537443 container-server[121311]: Attempted to replicate 22 dbs in 0.44002 seconds (49.99744/s)
Nov 27 08:36:36 np0005537443 container-server[121311]: Removed 0 dbs
Nov 27 08:36:36 np0005537443 container-server[121311]: 44 successes, 0 failures
