Nov 27 08:33:13 np0005537443 container-server[121623]: 172.20.0.104 - - [27/Nov/2025:08:33:13 +0000] "PUT /d1/31/AUTH_ece81c3214184c54956c375af05c2f4f/gnocchi.cac30b74-1162-41fd-bfe7-26243a46b556/1763640000.0_mean_300.0_v3" 201 - "PUT http://172.18.0.158:8080/d1/585/AUTH_ece81c3214184c54956c375af05c2f4f/gnocchi.cac30b74-1162-41fd-bfe7-26243a46b556/1763640000.0_mean_300.0_v3" "tx0d2989a78bc64156a5778-0069280cc9" "object-server 22" 0.0008 "-" 21 0
Nov 27 08:33:13 np0005537443 object-server[122022]: 172.20.0.105 - - [27/Nov/2025:08:33:13 +0000] "PUT /d1/585/AUTH_ece81c3214184c54956c375af05c2f4f/gnocchi.cac30b74-1162-41fd-bfe7-26243a46b556/1763640000.0_mean_300.0_v3" 201 - "PUT http://172.18.0.158:8080/v1/AUTH_ece81c3214184c54956c375af05c2f4f/gnocchi.cac30b74-1162-41fd-bfe7-26243a46b556/1763640000.0_mean_300.0_v3" "tx0d2989a78bc64156a5778-0069280cc9" "proxy-server 20" 0.0121 "-" 16 0
Nov 27 08:33:13 np0005537443 object-server[122050]: 172.20.0.104 - - [27/Nov/2025:08:33:13 +0000] "GET /d1/484/AUTH_ece81c3214184c54956c375af05c2f4f/gnocchi.27bd9a82-8708-4570-8037-cd32eafea7ca/none_v3" 404 70 "GET http://172.18.0.158:8080/v1/AUTH_ece81c3214184c54956c375af05c2f4f/gnocchi.27bd9a82-8708-4570-8037-cd32eafea7ca/none_v3" "tx9a75ca637ac546969012c-0069280cc9" "proxy-server 20" 0.0005 "-" 24 0
Nov 27 08:33:13 np0005537443 proxy-server[123624]: 172.18.0.105 172.18.0.104 27/Nov/2025/08/33/13 PUT /v1/AUTH_ece81c3214184c54956c375af05c2f4f/gnocchi.cac30b74-1162-41fd-bfe7-26243a46b556/1763640000.0_mean_300.0_v3 HTTP/1.0 201 - python-swiftclient-3.11.1 gAAAAABpKAx_sfH7... 16 - - tx0d2989a78bc64156a5778-0069280cc9 - 0.0231 - - 1764232393.594189405 1764232393.617283583 0
Nov 27 08:33:13 np0005537443 object-server[122034]: 172.20.0.103 - - [27/Nov/2025:08:33:13 +0000] "PUT /d1/400/AUTH_ece81c3214184c54956c375af05c2f4f/gnocchi.bb7a2f99-abf4-449a-ba29-1f52b715aed6/none_v3" 201 - "PUT http://172.18.0.158:8080/v1/AUTH_ece81c3214184c54956c375af05c2f4f/gnocchi.bb7a2f99-abf4-449a-ba29-1f52b715aed6/none_v3" "tx60ed8c492c75459b82019-0069280cc9" "proxy-server 20" 0.0124 "-" 21 0
Nov 27 08:33:13 np0005537443 account-server[121252]: 172.20.0.104 - - [27/Nov/2025:08:33:13 +0000] "PUT /d1/447/AUTH_ece81c3214184c54956c375af05c2f4f/gnocchi.27bd9a82-8708-4570-8037-cd32eafea7ca" 201 - "PUT http://172.20.0.104:6001/d1/410/AUTH_ece81c3214184c54956c375af05c2f4f/gnocchi.27bd9a82-8708-4570-8037-cd32eafea7ca" "tx182ecba584aa41768ea08-0069280cc9" "container-server 21" 0.0059 "-" 20 0
Nov 27 08:33:13 np0005537443 container-server[121618]: 172.20.0.103 - - [27/Nov/2025:08:33:13 +0000] "PUT /d1/631/AUTH_ece81c3214184c54956c375af05c2f4f/gnocchi.bb7a2f99-abf4-449a-ba29-1f52b715aed6/none_v3" 201 - "PUT http://172.18.0.158:8080/d1/400/AUTH_ece81c3214184c54956c375af05c2f4f/gnocchi.bb7a2f99-abf4-449a-ba29-1f52b715aed6/none_v3" "tx60ed8c492c75459b82019-0069280cc9" "object-server 21" 0.0009 "-" 20 0
Nov 27 08:33:13 np0005537443 container-server[121618]: 172.20.0.105 - - [27/Nov/2025:08:33:13 +0000] "PUT /d1/410/AUTH_ece81c3214184c54956c375af05c2f4f/gnocchi.27bd9a82-8708-4570-8037-cd32eafea7ca" 201 - "PUT http://172.18.0.158:8080/v1/AUTH_ece81c3214184c54956c375af05c2f4f/gnocchi.27bd9a82-8708-4570-8037-cd32eafea7ca" "tx182ecba584aa41768ea08-0069280cc9" "proxy-server 20" 0.0183 "-" 20 0
Nov 27 08:33:13 np0005537443 proxy-server[123624]: 172.18.0.103 172.18.0.104 27/Nov/2025/08/33/13 PUT /v1/AUTH_ece81c3214184c54956c375af05c2f4f/gnocchi.27bd9a82-8708-4570-8037-cd32eafea7ca HTTP/1.0 201 - python-swiftclient-3.11.1 gAAAAABpKAzB-Xe5... - - - tx182ecba584aa41768ea08-0069280cc9 - 0.0290 - - 1764232393.629922867 1764232393.658930063 0
Nov 27 08:33:13 np0005537443 object-server[122034]: 172.20.0.105 - - [27/Nov/2025:08:33:13 +0000] "GET /d1/888/AUTH_ece81c3214184c54956c375af05c2f4f/gnocchi.27bd9a82-8708-4570-8037-cd32eafea7ca/1763640000.0_mean_300.0_v3" 404 70 "GET http://172.18.0.158:8080/v1/AUTH_ece81c3214184c54956c375af05c2f4f/gnocchi.27bd9a82-8708-4570-8037-cd32eafea7ca/1763640000.0_mean_300.0_v3" "tx10e5432305484d48b59a4-0069280cc9" "proxy-server 20" 0.0009 "-" 21 0
Nov 27 08:33:13 np0005537443 container-server[121643]: 172.20.0.104 - - [27/Nov/2025:08:33:13 +0000] "PUT /d1/31/AUTH_ece81c3214184c54956c375af05c2f4f/gnocchi.cac30b74-1162-41fd-bfe7-26243a46b556/none_v3" 201 - "PUT http://172.18.0.158:8080/d1/114/AUTH_ece81c3214184c54956c375af05c2f4f/gnocchi.cac30b74-1162-41fd-bfe7-26243a46b556/none_v3" "txdab195d53bc74064a3814-0069280cc9" "object-server 25" 0.0010 "-" 22 0
Nov 27 08:33:13 np0005537443 proxy-server[123624]: 172.18.0.103 172.18.0.104 27/Nov/2025/08/33/13 GET /v1/AUTH_ece81c3214184c54956c375af05c2f4f/gnocchi.27bd9a82-8708-4570-8037-cd32eafea7ca/1763640000.0_mean_300.0_v3 HTTP/1.0 404 - python-swiftclient-3.11.1 gAAAAABpKAzB-Xe5... - 70 - tx10e5432305484d48b59a4-0069280cc9 - 0.0306 - - 1764232393.689367533 1764232393.719992399 0
Nov 27 08:33:13 np0005537443 object-server[122034]: 172.20.0.104 - - [27/Nov/2025:08:33:13 +0000] "PUT /d1/114/AUTH_ece81c3214184c54956c375af05c2f4f/gnocchi.cac30b74-1162-41fd-bfe7-26243a46b556/none_v3" 201 - "PUT http://172.18.0.158:8080/v1/AUTH_ece81c3214184c54956c375af05c2f4f/gnocchi.cac30b74-1162-41fd-bfe7-26243a46b556/none_v3" "txdab195d53bc74064a3814-0069280cc9" "proxy-server 20" 0.0206 "-" 21 0
Nov 27 08:33:13 np0005537443 container-server[121643]: 172.20.0.105 - - [27/Nov/2025:08:33:13 +0000] "PUT /d1/410/AUTH_ece81c3214184c54956c375af05c2f4f/gnocchi.27bd9a82-8708-4570-8037-cd32eafea7ca/1763640000.0_mean_300.0_v3" 201 - "PUT http://172.18.0.158:8080/d1/888/AUTH_ece81c3214184c54956c375af05c2f4f/gnocchi.27bd9a82-8708-4570-8037-cd32eafea7ca/1763640000.0_mean_300.0_v3" "tx48ca1385f7cd43ee85f1c-0069280cc9" "object-server 24" 0.0009 "-" 22 0
Nov 27 08:33:13 np0005537443 object-server[122050]: 172.20.0.103 - - [27/Nov/2025:08:33:13 +0000] "PUT /d1/888/AUTH_ece81c3214184c54956c375af05c2f4f/gnocchi.27bd9a82-8708-4570-8037-cd32eafea7ca/1763640000.0_mean_300.0_v3" 201 - "PUT http://172.18.0.158:8080/v1/AUTH_ece81c3214184c54956c375af05c2f4f/gnocchi.27bd9a82-8708-4570-8037-cd32eafea7ca/1763640000.0_mean_300.0_v3" "tx48ca1385f7cd43ee85f1c-0069280cc9" "proxy-server 20" 0.0150 "-" 24 0
Nov 27 08:33:13 np0005537443 container-server[121643]: 172.20.0.105 - - [27/Nov/2025:08:33:13 +0000] "PUT /d1/410/AUTH_ece81c3214184c54956c375af05c2f4f/gnocchi.27bd9a82-8708-4570-8037-cd32eafea7ca/none_v3" 201 - "PUT http://172.18.0.158:8080/d1/484/AUTH_ece81c3214184c54956c375af05c2f4f/gnocchi.27bd9a82-8708-4570-8037-cd32eafea7ca/none_v3" "tx68dc9133c7dc4bc3bf400-0069280cc9" "object-server 24" 0.0006 "-" 22 0
Nov 27 08:33:13 np0005537443 object-server[122050]: 172.20.0.104 - - [27/Nov/2025:08:33:13 +0000] "PUT /d1/484/AUTH_ece81c3214184c54956c375af05c2f4f/gnocchi.27bd9a82-8708-4570-8037-cd32eafea7ca/none_v3" 201 - "PUT http://172.18.0.158:8080/v1/AUTH_ece81c3214184c54956c375af05c2f4f/gnocchi.27bd9a82-8708-4570-8037-cd32eafea7ca/none_v3" "tx68dc9133c7dc4bc3bf400-0069280cc9" "proxy-server 20" 0.0107 "-" 24 0
Nov 27 08:33:14 np0005537443 container-server[121643]: 172.20.0.105 - - [27/Nov/2025:08:33:14 +0000] "HEAD /d1/516/AUTH_ece81c3214184c54956c375af05c2f4f/gnocchi.4e6ea734-1a86-4266-9699-612f12effd1b" 404 - "HEAD http://172.18.0.158:8080/v1/AUTH_ece81c3214184c54956c375af05c2f4f/gnocchi.4e6ea734-1a86-4266-9699-612f12effd1b?format=json&states=listing" "tx9f354a9077af482daefbe-0069280cc9" "proxy-server 20" 0.0009 "-" 22 0
Nov 27 08:33:14 np0005537443 object-server[122022]: 172.20.0.105 - - [27/Nov/2025:08:33:14 +0000] "GET /d1/222/AUTH_ece81c3214184c54956c375af05c2f4f/gnocchi.4e6ea734-1a86-4266-9699-612f12effd1b/none_v3" 404 70 "GET http://172.18.0.158:8080/v1/AUTH_ece81c3214184c54956c375af05c2f4f/gnocchi.4e6ea734-1a86-4266-9699-612f12effd1b/none_v3" "tx9f354a9077af482daefbe-0069280cc9" "proxy-server 20" 0.0006 "-" 16 0
Nov 27 08:33:14 np0005537443 proxy-server[123624]: 172.18.0.158 172.18.0.104 27/Nov/2025/08/33/14 GET /v1/AUTH_ece81c3214184c54956c375af05c2f4f/gnocchi.4e6ea734-1a86-4266-9699-612f12effd1b/none_v3 HTTP/1.0 404 - python-swiftclient-3.11.1 gAAAAABpKAzJpV3u... - 70 - tx9f354a9077af482daefbe-0069280cc9 - 0.3811 - - 1764232393.766061306 1764232394.147138596 0
Nov 27 08:33:14 np0005537443 account-server[121266]: 172.20.0.104 - - [27/Nov/2025:08:33:14 +0000] "PUT /d1/447/AUTH_ece81c3214184c54956c375af05c2f4f/gnocchi.4e6ea734-1a86-4266-9699-612f12effd1b" 201 - "PUT http://172.20.0.104:6001/d1/516/AUTH_ece81c3214184c54956c375af05c2f4f/gnocchi.4e6ea734-1a86-4266-9699-612f12effd1b" "txdfbfceb727974030aec84-0069280cca" "container-server 21" 0.0054 "-" 21 0
Nov 27 08:33:14 np0005537443 container-server[121660]: 172.20.0.103 - - [27/Nov/2025:08:33:14 +0000] "PUT /d1/516/AUTH_ece81c3214184c54956c375af05c2f4f/gnocchi.4e6ea734-1a86-4266-9699-612f12effd1b" 201 - "PUT http://172.18.0.158:8080/v1/AUTH_ece81c3214184c54956c375af05c2f4f/gnocchi.4e6ea734-1a86-4266-9699-612f12effd1b" "txdfbfceb727974030aec84-0069280cca" "proxy-server 20" 0.0249 "-" 23 0
Nov 27 08:33:14 np0005537443 object-server[122050]: 172.20.0.105 - - [27/Nov/2025:08:33:14 +0000] "GET /d1/791/AUTH_ece81c3214184c54956c375af05c2f4f/gnocchi.4e6ea734-1a86-4266-9699-612f12effd1b/1763640000.0_mean_300.0_v3" 404 70 "GET http://172.18.0.158:8080/v1/AUTH_ece81c3214184c54956c375af05c2f4f/gnocchi.4e6ea734-1a86-4266-9699-612f12effd1b/1763640000.0_mean_300.0_v3" "txb65d15ad30c448249d38e-0069280cca" "proxy-server 20" 0.0006 "-" 24 0
Nov 27 08:33:14 np0005537443 proxy-server[123624]: 172.18.0.158 172.18.0.104 27/Nov/2025/08/33/14 GET /v1/AUTH_ece81c3214184c54956c375af05c2f4f/gnocchi.4e6ea734-1a86-4266-9699-612f12effd1b/1763640000.0_mean_300.0_v3 HTTP/1.0 404 - python-swiftclient-3.11.1 gAAAAABpKAzJpV3u... - 70 - txb65d15ad30c448249d38e-0069280cca - 0.0198 - - 1764232394.233042479 1764232394.252814293 0
Nov 27 08:33:14 np0005537443 container-server[121660]: 172.20.0.105 - - [27/Nov/2025:08:33:14 +0000] "PUT /d1/516/AUTH_ece81c3214184c54956c375af05c2f4f/gnocchi.4e6ea734-1a86-4266-9699-612f12effd1b/1763640000.0_mean_300.0_v3" 201 - "PUT http://172.18.0.158:8080/d1/791/AUTH_ece81c3214184c54956c375af05c2f4f/gnocchi.4e6ea734-1a86-4266-9699-612f12effd1b/1763640000.0_mean_300.0_v3" "tx37ec1c9f915240c7b326b-0069280cca" "object-server 20" 0.0008 "-" 23 0
Nov 27 08:33:14 np0005537443 object-server[122032]: 172.20.0.103 - - [27/Nov/2025:08:33:14 +0000] "PUT /d1/791/AUTH_ece81c3214184c54956c375af05c2f4f/gnocchi.4e6ea734-1a86-4266-9699-612f12effd1b/1763640000.0_mean_300.0_v3" 201 - "PUT http://172.18.0.158:8080/v1/AUTH_ece81c3214184c54956c375af05c2f4f/gnocchi.4e6ea734-1a86-4266-9699-612f12effd1b/1763640000.0_mean_300.0_v3" "tx37ec1c9f915240c7b326b-0069280cca" "proxy-server 20" 0.0118 "-" 20 0
Nov 27 08:33:14 np0005537443 container-server[121643]: 172.20.0.105 - - [27/Nov/2025:08:33:14 +0000] "PUT /d1/516/AUTH_ece81c3214184c54956c375af05c2f4f/gnocchi.4e6ea734-1a86-4266-9699-612f12effd1b/none_v3" 201 - "PUT http://172.18.0.158:8080/d1/222/AUTH_ece81c3214184c54956c375af05c2f4f/gnocchi.4e6ea734-1a86-4266-9699-612f12effd1b/none_v3" "txacb2d0c1fad444218411b-0069280cca" "object-server 20" 0.0012 "-" 22 0
Nov 27 08:33:14 np0005537443 object-server[122032]: 172.20.0.104 - - [27/Nov/2025:08:33:14 +0000] "PUT /d1/222/AUTH_ece81c3214184c54956c375af05c2f4f/gnocchi.4e6ea734-1a86-4266-9699-612f12effd1b/none_v3" 201 - "PUT http://172.18.0.158:8080/v1/AUTH_ece81c3214184c54956c375af05c2f4f/gnocchi.4e6ea734-1a86-4266-9699-612f12effd1b/none_v3" "txacb2d0c1fad444218411b-0069280cca" "proxy-server 20" 0.0119 "-" 20 0
Nov 27 08:33:19 np0005537443 container-server[121518]: Begin container update sweep
Nov 27 08:33:19 np0005537443 account-server[121306]: 172.20.0.105 - - [27/Nov/2025:08:33:19 +0000] "PUT /d1/447/AUTH_ece81c3214184c54956c375af05c2f4f/gnocchi.bb7a2f99-abf4-449a-ba29-1f52b715aed6" 201 - "-" "-" "container-updater 2" 0.0007 "-" 23 0
Nov 27 08:33:20 np0005537443 account-server[121289]: 172.20.0.105 - - [27/Nov/2025:08:33:20 +0000] "PUT /d1/447/AUTH_ece81c3214184c54956c375af05c2f4f/gnocchi.4e6ea734-1a86-4266-9699-612f12effd1b" 201 - "-" "-" "container-updater 2" 0.0005 "-" 22 0
Nov 27 08:33:20 np0005537443 account-server[121306]: 172.20.0.105 - - [27/Nov/2025:08:33:20 +0000] "PUT /d1/447/AUTH_ece81c3214184c54956c375af05c2f4f/gnocchi.a592f6e1-5e78-4d12-9919-4453ccb7dfab" 201 - "-" "-" "container-updater 2" 0.0009 "-" 23 0
Nov 27 08:33:20 np0005537443 account-server[121289]: 172.20.0.105 - - [27/Nov/2025:08:33:20 +0000] "PUT /d1/447/AUTH_ece81c3214184c54956c375af05c2f4f/gnocchi.e3c8f6c5-b9b7-4eed-89c3-b79968f658d1" 201 - "-" "-" "container-updater 2" 0.0006 "-" 22 0
Nov 27 08:33:20 np0005537443 account-server[121289]: 172.20.0.105 - - [27/Nov/2025:08:33:20 +0000] "PUT /d1/447/AUTH_ece81c3214184c54956c375af05c2f4f/gnocchi.28393ba4-ad3e-4920-96d2-37fcaf8c713a" 201 - "-" "-" "container-updater 2" 0.0008 "-" 22 0
Nov 27 08:33:20 np0005537443 account-server[121289]: 172.20.0.105 - - [27/Nov/2025:08:33:20 +0000] "PUT /d1/447/AUTH_ece81c3214184c54956c375af05c2f4f/gnocchi.10cef5b0-1cac-473d-bfb4-001090ec8091" 201 - "-" "-" "container-updater 2" 0.0006 "-" 22 0
Nov 27 08:33:20 np0005537443 account-server[121266]: 172.20.0.105 - - [27/Nov/2025:08:33:20 +0000] "PUT /d1/447/AUTH_ece81c3214184c54956c375af05c2f4f/gnocchi.cac30b74-1162-41fd-bfe7-26243a46b556" 201 - "-" "-" "container-updater 2" 0.0007 "-" 21 0
Nov 27 08:33:20 np0005537443 account-server[121289]: 172.20.0.105 - - [27/Nov/2025:08:33:20 +0000] "PUT /d1/447/AUTH_ece81c3214184c54956c375af05c2f4f/gnocchi.27bd9a82-8708-4570-8037-cd32eafea7ca" 201 - "-" "-" "container-updater 2" 0.0006 "-" 22 0
Nov 27 08:33:20 np0005537443 container-server[121518]: Container update sweep completed: 0.82s
Nov 27 08:33:34 np0005537443 object-server[121862]: Starting object replication pass.
Nov 27 08:33:34 np0005537443 object-server[121862]: 16/16 (100.00%) partitions replicated in 0.18s (91.06/sec, 0s remaining)
Nov 27 08:33:34 np0005537443 object-server[121862]: 32 successes, 0 failures
Nov 27 08:33:34 np0005537443 object-server[121862]: 16 suffixes checked - 0.00% hashed, 0.00% synced
Nov 27 08:33:34 np0005537443 object-server[121862]: Partition times: max 0.0140s, min 0.0082s, med 0.0105s
Nov 27 08:33:34 np0005537443 object-server[121862]: Object replication complete. (0.00 minutes)
Nov 27 08:33:36 np0005537443 object-server[216169]: Begin object audit "forever" mode (ZBF)
Nov 27 08:33:36 np0005537443 object-server[216169]: Object audit (ZBF). Since Thu Nov 27 08:33:36 2025: Locally: 1 passed, 0 quarantined, 0 errors, files/sec: 541.20, bytes/sec: 0.00, Total time: 0.00, Auditing time: 0.00, Rate: 0.00
Nov 27 08:33:36 np0005537443 container-server[121311]: Beginning replication run
Nov 27 08:33:36 np0005537443 object-server[216169]: Object audit (ZBF) "forever" mode completed: 0.28s. Total quarantined: 0, Total errors: 0, Total files/sec: 56.42, Total bytes/sec: 0.00, Auditing time: 0.28, Rate: 0.98
Nov 27 08:33:36 np0005537443 container-server[121311]: Replication run OVER
Nov 27 08:33:36 np0005537443 container-server[121311]: Attempted to replicate 8 dbs in 0.19742 seconds (40.52226/s)
Nov 27 08:33:36 np0005537443 container-server[121311]: Removed 0 dbs
Nov 27 08:33:36 np0005537443 container-server[121311]: 16 successes, 0 failures
Nov 27 08:33:36 np0005537443 container-server[121311]: diff:0 diff_capped:0 empty:0 hashmatch:0 no_change:16 remote_merge:0 rsync:0 ts_repl:0
Nov 27 08:33:37 np0005537443 object-server[122071]: Begin object update sweep
Nov 27 08:33:37 np0005537443 object-server[219036]: Object update sweep starting on /srv/node/d1 (pid: 14)
Nov 27 08:33:37 np0005537443 object-server[219036]: Object update sweep completed on /srv/node/d1 in 0.00s seconds:, 0 successes, 0 failures, 0 quarantines, 0 unlinks, 0 errors, 0 redirects (pid: 14)
Nov 27 08:33:37 np0005537443 object-server[219036]: Object update sweep of d1 completed: 0.00s, 0 successes, 0 failures, 0 quarantines, 0 unlinks, 0 errors, 0 redirects
Nov 27 08:33:37 np0005537443 object-server[122071]: Object update sweep completed: 0.11s
Nov 27 08:33:37 np0005537443 account-server[120930]: Beginning replication run
Nov 27 08:33:37 np0005537443 account-server[120930]: Replication run OVER
Nov 27 08:33:37 np0005537443 account-server[120930]: Attempted to replicate 1 dbs in 0.04243 seconds (23.56941/s)
Nov 27 08:33:37 np0005537443 account-server[120930]: Removed 0 dbs
Nov 27 08:33:37 np0005537443 account-server[120930]: 2 successes, 0 failures
Nov 27 08:33:37 np0005537443 account-server[120930]: diff:0 diff_capped:0 empty:0 hashmatch:0 no_change:2 remote_merge:0 rsync:0 ts_repl:0
Nov 27 08:34:04 np0005537443 object-server[121862]: Starting object replication pass.
Nov 27 08:34:04 np0005537443 object-server[121862]: 16/16 (100.00%) partitions replicated in 0.19s (82.67/sec, 0s remaining)
Nov 27 08:34:04 np0005537443 object-server[121862]: 32 successes, 0 failures
Nov 27 08:34:04 np0005537443 object-server[121862]: 16 suffixes checked - 0.00% hashed, 0.00% synced
Nov 27 08:34:04 np0005537443 object-server[121862]: Partition times: max 0.0175s, min 0.0085s, med 0.0104s
Nov 27 08:34:04 np0005537443 object-server[121862]: Object replication complete. (0.00 minutes)
Nov 27 08:34:05 np0005537443 proxy-server[123624]: - - 27/Nov/2025/08/34/05 HEAD /v1/AUTH_ece81c3214184c54956c375af05c2f4f%3Fformat%3Djson HTTP/1.0 204 - Swift - - - - txcfdd1c27476249138abc7-0069280cfd - 0.0118 RL - 1764232445.396067858 1764232445.407832623 -
Nov 27 08:34:05 np0005537443 container-server[121618]: 172.20.0.105 - - [27/Nov/2025:08:34:05 +0000] "HEAD /d1/108/AUTH_ece81c3214184c54956c375af05c2f4f/gnocchi.94721da7-d267-4216-92dd-7b0b5e52e054" 404 - "HEAD http://172.18.0.158:8080/v1/AUTH_ece81c3214184c54956c375af05c2f4f/gnocchi.94721da7-d267-4216-92dd-7b0b5e52e054?format=json&states=listing" "txcfdd1c27476249138abc7-0069280cfd" "proxy-server 20" 0.0013 "-" 20 0
Nov 27 08:34:05 np0005537443 container-server[121660]: 172.20.0.103 - - [27/Nov/2025:08:34:05 +0000] "HEAD /d1/720/AUTH_ece81c3214184c54956c375af05c2f4f/gnocchi.33da1868-ece3-474e-91a0-8b893c127b3d" 404 - "HEAD http://172.18.0.158:8080/v1/AUTH_ece81c3214184c54956c375af05c2f4f/gnocchi.33da1868-ece3-474e-91a0-8b893c127b3d?format=json&states=listing" "tx953ebd5a37c640a485f89-0069280cfd" "proxy-server 20" 0.0006 "-" 23 0
Nov 27 08:34:05 np0005537443 object-server[122034]: 172.20.0.105 - - [27/Nov/2025:08:34:05 +0000] "GET /d1/662/AUTH_ece81c3214184c54956c375af05c2f4f/gnocchi.94721da7-d267-4216-92dd-7b0b5e52e054/none_v3" 404 70 "GET http://172.18.0.158:8080/v1/AUTH_ece81c3214184c54956c375af05c2f4f/gnocchi.94721da7-d267-4216-92dd-7b0b5e52e054/none_v3" "txcfdd1c27476249138abc7-0069280cfd" "proxy-server 20" 0.0009 "-" 21 0
Nov 27 08:34:05 np0005537443 container-server[121618]: 172.20.0.104 - - [27/Nov/2025:08:34:05 +0000] "HEAD /d1/964/AUTH_ece81c3214184c54956c375af05c2f4f/gnocchi.b967894a-ef0a-4ad9-a63b-a964df942846" 404 - "HEAD http://172.18.0.158:8080/v1/AUTH_ece81c3214184c54956c375af05c2f4f/gnocchi.b967894a-ef0a-4ad9-a63b-a964df942846?format=json&states=listing" "tx34c9ee2e6fa749339c283-0069280cfd" "proxy-server 20" 0.0005 "-" 20 0
Nov 27 08:34:05 np0005537443 object-server[122050]: 172.20.0.103 - - [27/Nov/2025:08:34:05 +0000] "GET /d1/901/AUTH_ece81c3214184c54956c375af05c2f4f/gnocchi.33da1868-ece3-474e-91a0-8b893c127b3d/none_v3" 404 70 "GET http://172.18.0.158:8080/v1/AUTH_ece81c3214184c54956c375af05c2f4f/gnocchi.33da1868-ece3-474e-91a0-8b893c127b3d/none_v3" "tx953ebd5a37c640a485f89-0069280cfd" "proxy-server 20" 0.0005 "-" 24 0
Nov 27 08:34:05 np0005537443 proxy-server[123624]: 172.18.0.105 172.18.0.104 27/Nov/2025/08/34/05 GET /v1/AUTH_ece81c3214184c54956c375af05c2f4f/gnocchi.94721da7-d267-4216-92dd-7b0b5e52e054/none_v3 HTTP/1.0 404 - python-swiftclient-3.11.1 gAAAAABpKAx_sfH7... - 70 - txcfdd1c27476249138abc7-0069280cfd - 0.0525 - - 1764232445.394119978 1764232445.446655989 0
Nov 27 08:34:05 np0005537443 object-server[122022]: 172.20.0.104 - - [27/Nov/2025:08:34:05 +0000] "GET /d1/825/AUTH_ece81c3214184c54956c375af05c2f4f/gnocchi.b967894a-ef0a-4ad9-a63b-a964df942846/none_v3" 404 70 "GET http://172.18.0.158:8080/v1/AUTH_ece81c3214184c54956c375af05c2f4f/gnocchi.b967894a-ef0a-4ad9-a63b-a964df942846/none_v3" "tx34c9ee2e6fa749339c283-0069280cfd" "proxy-server 20" 0.0007 "-" 16 0
Nov 27 08:34:05 np0005537443 container-server[121660]: 172.20.0.105 - - [27/Nov/2025:08:34:05 +0000] "PUT /d1/108/AUTH_ece81c3214184c54956c375af05c2f4f/gnocchi.94721da7-d267-4216-92dd-7b0b5e52e054" 201 - "PUT http://172.18.0.158:8080/v1/AUTH_ece81c3214184c54956c375af05c2f4f/gnocchi.94721da7-d267-4216-92dd-7b0b5e52e054" "tx8297665529cb4c17a000d-0069280cfd" "proxy-server 20" 0.0177 "-" 23 0
Nov 27 08:34:05 np0005537443 account-server[121289]: 172.20.0.103 - - [27/Nov/2025:08:34:05 +0000] "PUT /d1/447/AUTH_ece81c3214184c54956c375af05c2f4f/gnocchi.33da1868-ece3-474e-91a0-8b893c127b3d" 201 - "PUT http://172.20.0.103:6001/d1/720/AUTH_ece81c3214184c54956c375af05c2f4f/gnocchi.33da1868-ece3-474e-91a0-8b893c127b3d" "tx3eea8f907bad449cb904c-0069280cfd" "container-server 21" 0.0033 "-" 22 0
Nov 27 08:34:05 np0005537443 account-server[121266]: 172.20.0.104 - - [27/Nov/2025:08:34:05 +0000] "PUT /d1/447/AUTH_ece81c3214184c54956c375af05c2f4f/gnocchi.94721da7-d267-4216-92dd-7b0b5e52e054" 201 - "PUT http://172.20.0.104:6001/d1/108/AUTH_ece81c3214184c54956c375af05c2f4f/gnocchi.94721da7-d267-4216-92dd-7b0b5e52e054" "tx8297665529cb4c17a000d-0069280cfd" "container-server 21" 0.0060 "-" 21 0
Nov 27 08:34:05 np0005537443 proxy-server[123624]: 172.18.0.105 172.18.0.104 27/Nov/2025/08/34/05 PUT /v1/AUTH_ece81c3214184c54956c375af05c2f4f/gnocchi.94721da7-d267-4216-92dd-7b0b5e52e054 HTTP/1.0 201 - python-swiftclient-3.11.1 gAAAAABpKAx_sfH7... - - - tx8297665529cb4c17a000d-0069280cfd - 0.0456 - - 1764232445.451617718 1764232445.497219563 0
Nov 27 08:34:05 np0005537443 account-server[121266]: 172.20.0.105 - - [27/Nov/2025:08:34:05 +0000] "PUT /d1/447/AUTH_ece81c3214184c54956c375af05c2f4f/gnocchi.b967894a-ef0a-4ad9-a63b-a964df942846" 201 - "PUT http://172.20.0.105:6001/d1/964/AUTH_ece81c3214184c54956c375af05c2f4f/gnocchi.b967894a-ef0a-4ad9-a63b-a964df942846" "tx783c36123caa45c4b2aea-0069280cfd" "container-server 22" 0.0058 "-" 21 0
Nov 27 08:34:05 np0005537443 container-server[121643]: 172.20.0.103 - - [27/Nov/2025:08:34:05 +0000] "PUT /d1/720/AUTH_ece81c3214184c54956c375af05c2f4f/gnocchi.33da1868-ece3-474e-91a0-8b893c127b3d" 201 - "PUT http://172.18.0.158:8080/v1/AUTH_ece81c3214184c54956c375af05c2f4f/gnocchi.33da1868-ece3-474e-91a0-8b893c127b3d" "tx3eea8f907bad449cb904c-0069280cfd" "proxy-server 20" 0.0320 "-" 22 0
Nov 27 08:34:05 np0005537443 container-server[121643]: 172.20.0.104 - - [27/Nov/2025:08:34:05 +0000] "PUT /d1/964/AUTH_ece81c3214184c54956c375af05c2f4f/gnocchi.b967894a-ef0a-4ad9-a63b-a964df942846" 201 - "PUT http://172.18.0.158:8080/v1/AUTH_ece81c3214184c54956c375af05c2f4f/gnocchi.b967894a-ef0a-4ad9-a63b-a964df942846" "tx783c36123caa45c4b2aea-0069280cfd" "proxy-server 20" 0.0245 "-" 22 0
Nov 27 08:34:05 np0005537443 proxy-server[123624]: - - 27/Nov/2025/08/34/05 HEAD /v1/AUTH_ece81c3214184c54956c375af05c2f4f/gnocchi.94721da7-d267-4216-92dd-7b0b5e52e054%3Fformat%3Djson%26states%3Dlisting HTTP/1.0 204 - Swift - - - - tx5556733557d94fab8c9b2-0069280cfd - 0.0079 RL - 1764232445.505971670 1764232445.513837337 0
Nov 27 08:34:05 np0005537443 container-server[121643]: 172.20.0.104 - - [27/Nov/2025:08:34:05 +0000] "HEAD /d1/964/AUTH_ece81c3214184c54956c375af05c2f4f/gnocchi.b967894a-ef0a-4ad9-a63b-a964df942846" 204 - "HEAD http://172.18.0.158:8080/v1/AUTH_ece81c3214184c54956c375af05c2f4f/gnocchi.b967894a-ef0a-4ad9-a63b-a964df942846?format=json&states=listing" "tx3c612bb0c60749e095382-0069280cfd" "proxy-server 20" 0.0021 "-" 22 0
Nov 27 08:34:05 np0005537443 proxy-server[123624]: 172.18.0.105 172.18.0.104 27/Nov/2025/08/34/05 GET /v1/AUTH_ece81c3214184c54956c375af05c2f4f/gnocchi.94721da7-d267-4216-92dd-7b0b5e52e054%3Fformat%3Djson%26states%3Dlisting HTTP/1.0 200 - python-swiftclient-3.11.1 gAAAAABpKAx_sfH7... - 2 - tx5556733557d94fab8c9b2-0069280cfd - 0.0233 - - 1764232445.503367901 1764232445.526702404 0
Nov 27 08:34:05 np0005537443 container-server[121623]: 172.20.0.104 - - [27/Nov/2025:08:34:05 +0000] "GET /d1/964/AUTH_ece81c3214184c54956c375af05c2f4f/gnocchi.b967894a-ef0a-4ad9-a63b-a964df942846" 200 2 "GET http://172.18.0.158:8080/v1/AUTH_ece81c3214184c54956c375af05c2f4f/gnocchi.b967894a-ef0a-4ad9-a63b-a964df942846?format=json&states=listing" "tx3c612bb0c60749e095382-0069280cfd" "proxy-server 20" 0.0045 "-" 21 0
Nov 27 08:34:05 np0005537443 object-server[122034]: 172.20.0.105 - - [27/Nov/2025:08:34:05 +0000] "GET /d1/781/AUTH_ece81c3214184c54956c375af05c2f4f/gnocchi.94721da7-d267-4216-92dd-7b0b5e52e054/1763640000.0_mean_300.0_v3" 404 70 "GET http://172.18.0.158:8080/v1/AUTH_ece81c3214184c54956c375af05c2f4f/gnocchi.94721da7-d267-4216-92dd-7b0b5e52e054/1763640000.0_mean_300.0_v3" "tx268474253c024dc3a6b31-0069280cfd" "proxy-server 20" 0.0006 "-" 21 0
Nov 27 08:34:05 np0005537443 object-server[122034]: 172.20.0.103 - - [27/Nov/2025:08:34:05 +0000] "GET /d1/791/AUTH_ece81c3214184c54956c375af05c2f4f/gnocchi.33da1868-ece3-474e-91a0-8b893c127b3d/1763640000.0_mean_300.0_v3" 404 70 "GET http://172.18.0.158:8080/v1/AUTH_ece81c3214184c54956c375af05c2f4f/gnocchi.33da1868-ece3-474e-91a0-8b893c127b3d/1763640000.0_mean_300.0_v3" "txdc086b78903b4f91be9c3-0069280cfd" "proxy-server 20" 0.0023 "-" 21 0
Nov 27 08:34:05 np0005537443 proxy-server[123624]: 172.18.0.105 172.18.0.104 27/Nov/2025/08/34/05 GET /v1/AUTH_ece81c3214184c54956c375af05c2f4f/gnocchi.94721da7-d267-4216-92dd-7b0b5e52e054/1763640000.0_mean_300.0_v3 HTTP/1.0 404 - python-swiftclient-3.11.1 gAAAAABpKAx_sfH7... - 70 - tx268474253c024dc3a6b31-0069280cfd - 0.0194 - - 1764232445.532982826 1764232445.552345037 0
Nov 27 08:34:05 np0005537443 object-server[122050]: 172.20.0.104 - - [27/Nov/2025:08:34:05 +0000] "GET /d1/563/AUTH_ece81c3214184c54956c375af05c2f4f/gnocchi.b967894a-ef0a-4ad9-a63b-a964df942846/1763640000.0_mean_300.0_v3" 404 70 "GET http://172.18.0.158:8080/v1/AUTH_ece81c3214184c54956c375af05c2f4f/gnocchi.b967894a-ef0a-4ad9-a63b-a964df942846/1763640000.0_mean_300.0_v3" "txa604c73b54de47c8a5bdf-0069280cfd" "proxy-server 20" 0.0005 "-" 24 0
Nov 27 08:34:05 np0005537443 container-server[121643]: 172.20.0.104 - - [27/Nov/2025:08:34:05 +0000] "PUT /d1/964/AUTH_ece81c3214184c54956c375af05c2f4f/gnocchi.b967894a-ef0a-4ad9-a63b-a964df942846/1763640000.0_mean_300.0_v3" 201 - "PUT http://172.18.0.158:8080/d1/563/AUTH_ece81c3214184c54956c375af05c2f4f/gnocchi.b967894a-ef0a-4ad9-a63b-a964df942846/1763640000.0_mean_300.0_v3" "txb3beff17471d44f2bba37-0069280cfd" "object-server 22" 0.0009 "-" 22 0
Nov 27 08:34:05 np0005537443 container-server[121660]: 172.20.0.105 - - [27/Nov/2025:08:34:05 +0000] "PUT /d1/108/AUTH_ece81c3214184c54956c375af05c2f4f/gnocchi.94721da7-d267-4216-92dd-7b0b5e52e054/1763640000.0_mean_300.0_v3" 201 - "PUT http://172.18.0.158:8080/d1/781/AUTH_ece81c3214184c54956c375af05c2f4f/gnocchi.94721da7-d267-4216-92dd-7b0b5e52e054/1763640000.0_mean_300.0_v3" "tx85cd08907bdc449794f4f-0069280cfd" "object-server 21" 0.0009 "-" 23 0
Nov 27 08:34:05 np0005537443 object-server[122034]: 172.20.0.105 - - [27/Nov/2025:08:34:05 +0000] "PUT /d1/781/AUTH_ece81c3214184c54956c375af05c2f4f/gnocchi.94721da7-d267-4216-92dd-7b0b5e52e054/1763640000.0_mean_300.0_v3" 201 - "PUT http://172.18.0.158:8080/v1/AUTH_ece81c3214184c54956c375af05c2f4f/gnocchi.94721da7-d267-4216-92dd-7b0b5e52e054/1763640000.0_mean_300.0_v3" "tx85cd08907bdc449794f4f-0069280cfd" "proxy-server 20" 0.0272 "-" 21 0
Nov 27 08:34:05 np0005537443 container-server[121643]: 172.20.0.105 - - [27/Nov/2025:08:34:05 +0000] "PUT /d1/720/AUTH_ece81c3214184c54956c375af05c2f4f/gnocchi.33da1868-ece3-474e-91a0-8b893c127b3d/1763640000.0_mean_300.0_v3" 201 - "PUT http://172.18.0.158:8080/d1/791/AUTH_ece81c3214184c54956c375af05c2f4f/gnocchi.33da1868-ece3-474e-91a0-8b893c127b3d/1763640000.0_mean_300.0_v3" "tx97b839687ffa4573a5889-0069280cfd" "object-server 16" 0.0006 "-" 22 0
Nov 27 08:34:05 np0005537443 object-server[122050]: 172.20.0.104 - - [27/Nov/2025:08:34:05 +0000] "PUT /d1/563/AUTH_ece81c3214184c54956c375af05c2f4f/gnocchi.b967894a-ef0a-4ad9-a63b-a964df942846/1763640000.0_mean_300.0_v3" 201 - "PUT http://172.18.0.158:8080/v1/AUTH_ece81c3214184c54956c375af05c2f4f/gnocchi.b967894a-ef0a-4ad9-a63b-a964df942846/1763640000.0_mean_300.0_v3" "txb3beff17471d44f2bba37-0069280cfd" "proxy-server 20" 0.0182 "-" 24 0
Nov 27 08:34:05 np0005537443 object-server[122022]: 172.20.0.103 - - [27/Nov/2025:08:34:05 +0000] "PUT /d1/791/AUTH_ece81c3214184c54956c375af05c2f4f/gnocchi.33da1868-ece3-474e-91a0-8b893c127b3d/1763640000.0_mean_300.0_v3" 201 - "PUT http://172.18.0.158:8080/v1/AUTH_ece81c3214184c54956c375af05c2f4f/gnocchi.33da1868-ece3-474e-91a0-8b893c127b3d/1763640000.0_mean_300.0_v3" "tx97b839687ffa4573a5889-0069280cfd" "proxy-server 20" 0.0338 "-" 16 0
Nov 27 08:34:05 np0005537443 proxy-server[123624]: 172.18.0.105 172.18.0.104 27/Nov/2025/08/34/05 PUT /v1/AUTH_ece81c3214184c54956c375af05c2f4f/gnocchi.94721da7-d267-4216-92dd-7b0b5e52e054/1763640000.0_mean_300.0_v3 HTTP/1.0 201 - python-swiftclient-3.11.1 gAAAAABpKAx_sfH7... 16 - - tx85cd08907bdc449794f4f-0069280cfd - 0.0415 - - 1764232445.557416677 1764232445.598922729 0
Nov 27 08:34:05 np0005537443 container-server[121660]: 172.20.0.104 - - [27/Nov/2025:08:34:05 +0000] "PUT /d1/720/AUTH_ece81c3214184c54956c375af05c2f4f/gnocchi.33da1868-ece3-474e-91a0-8b893c127b3d/none_v3" 201 - "PUT http://172.18.0.158:8080/d1/901/AUTH_ece81c3214184c54956c375af05c2f4f/gnocchi.33da1868-ece3-474e-91a0-8b893c127b3d/none_v3" "tx9225b0191526448f94cfc-0069280cfd" "object-server 25" 0.0006 "-" 23 0
Nov 27 08:34:05 np0005537443 object-server[122050]: 172.20.0.103 - - [27/Nov/2025:08:34:05 +0000] "PUT /d1/901/AUTH_ece81c3214184c54956c375af05c2f4f/gnocchi.33da1868-ece3-474e-91a0-8b893c127b3d/none_v3" 201 - "PUT http://172.18.0.158:8080/v1/AUTH_ece81c3214184c54956c375af05c2f4f/gnocchi.33da1868-ece3-474e-91a0-8b893c127b3d/none_v3" "tx9225b0191526448f94cfc-0069280cfd" "proxy-server 20" 0.0145 "-" 24 0
Nov 27 08:34:05 np0005537443 container-server[121660]: 172.20.0.105 - - [27/Nov/2025:08:34:05 +0000] "PUT /d1/964/AUTH_ece81c3214184c54956c375af05c2f4f/gnocchi.b967894a-ef0a-4ad9-a63b-a964df942846/none_v3" 201 - "PUT http://172.18.0.158:8080/d1/825/AUTH_ece81c3214184c54956c375af05c2f4f/gnocchi.b967894a-ef0a-4ad9-a63b-a964df942846/none_v3" "tx45c07e870eb042a9940fb-0069280cfd" "object-server 16" 0.0005 "-" 23 0
Nov 27 08:34:05 np0005537443 container-server[121660]: 172.20.0.103 - - [27/Nov/2025:08:34:05 +0000] "PUT /d1/108/AUTH_ece81c3214184c54956c375af05c2f4f/gnocchi.94721da7-d267-4216-92dd-7b0b5e52e054/none_v3" 201 - "PUT http://172.18.0.158:8080/d1/662/AUTH_ece81c3214184c54956c375af05c2f4f/gnocchi.94721da7-d267-4216-92dd-7b0b5e52e054/none_v3" "txc1fff9d8b86f4d02b024a-0069280cfd" "object-server 18" 0.0004 "-" 23 0
Nov 27 08:34:05 np0005537443 object-server[122022]: 172.20.0.104 - - [27/Nov/2025:08:34:05 +0000] "PUT /d1/825/AUTH_ece81c3214184c54956c375af05c2f4f/gnocchi.b967894a-ef0a-4ad9-a63b-a964df942846/none_v3" 201 - "PUT http://172.18.0.158:8080/v1/AUTH_ece81c3214184c54956c375af05c2f4f/gnocchi.b967894a-ef0a-4ad9-a63b-a964df942846/none_v3" "tx45c07e870eb042a9940fb-0069280cfd" "proxy-server 20" 0.0145 "-" 16 0
Nov 27 08:34:05 np0005537443 object-server[122034]: 172.20.0.105 - - [27/Nov/2025:08:34:05 +0000] "PUT /d1/662/AUTH_ece81c3214184c54956c375af05c2f4f/gnocchi.94721da7-d267-4216-92dd-7b0b5e52e054/none_v3" 201 - "PUT http://172.18.0.158:8080/v1/AUTH_ece81c3214184c54956c375af05c2f4f/gnocchi.94721da7-d267-4216-92dd-7b0b5e52e054/none_v3" "txc1fff9d8b86f4d02b024a-0069280cfd" "proxy-server 20" 0.0148 "-" 21 0
Nov 27 08:34:05 np0005537443 proxy-server[123624]: 172.18.0.105 172.18.0.104 27/Nov/2025/08/34/05 PUT /v1/AUTH_ece81c3214184c54956c375af05c2f4f/gnocchi.94721da7-d267-4216-92dd-7b0b5e52e054/none_v3 HTTP/1.0 201 - python-swiftclient-3.11.1 gAAAAABpKAx_sfH7... 22 - - txc1fff9d8b86f4d02b024a-0069280cfd - 0.0297 - - 1764232445.604219675 1764232445.633956194 0
Nov 27 08:34:05 np0005537443 container-server[121660]: 172.20.0.104 - - [27/Nov/2025:08:34:05 +0000] "HEAD /d1/307/AUTH_ece81c3214184c54956c375af05c2f4f/gnocchi.74ad0b71-6c79-4314-88b1-f8919429a361" 404 - "HEAD http://172.18.0.158:8080/v1/AUTH_ece81c3214184c54956c375af05c2f4f/gnocchi.74ad0b71-6c79-4314-88b1-f8919429a361?format=json&states=listing" "tx1e4e49863ec84fd89542e-0069280cfd" "proxy-server 20" 0.0004 "-" 23 0
Nov 27 08:34:05 np0005537443 container-server[121618]: 172.20.0.103 - - [27/Nov/2025:08:34:05 +0000] "HEAD /d1/751/AUTH_ece81c3214184c54956c375af05c2f4f/gnocchi.5eeb2c2d-f661-444c-aaeb-b43a6648d752" 404 - "HEAD http://172.18.0.158:8080/v1/AUTH_ece81c3214184c54956c375af05c2f4f/gnocchi.5eeb2c2d-f661-444c-aaeb-b43a6648d752?format=json&states=listing" "txd046c1db05a14ded89550-0069280cfd" "proxy-server 20" 0.0008 "-" 20 0
Nov 27 08:34:05 np0005537443 object-server[122032]: 172.20.0.103 - - [27/Nov/2025:08:34:05 +0000] "GET /d1/851/AUTH_ece81c3214184c54956c375af05c2f4f/gnocchi.5eeb2c2d-f661-444c-aaeb-b43a6648d752/none_v3" 404 70 "GET http://172.18.0.158:8080/v1/AUTH_ece81c3214184c54956c375af05c2f4f/gnocchi.5eeb2c2d-f661-444c-aaeb-b43a6648d752/none_v3" "txd046c1db05a14ded89550-0069280cfd" "proxy-server 20" 0.0004 "-" 20 0
Nov 27 08:34:05 np0005537443 object-server[122032]: 172.20.0.104 - - [27/Nov/2025:08:34:05 +0000] "GET /d1/279/AUTH_ece81c3214184c54956c375af05c2f4f/gnocchi.74ad0b71-6c79-4314-88b1-f8919429a361/none_v3" 404 70 "GET http://172.18.0.158:8080/v1/AUTH_ece81c3214184c54956c375af05c2f4f/gnocchi.74ad0b71-6c79-4314-88b1-f8919429a361/none_v3" "tx1e4e49863ec84fd89542e-0069280cfd" "proxy-server 20" 0.0002 "-" 20 0
Nov 27 08:34:05 np0005537443 container-server[121623]: 172.20.0.105 - - [27/Nov/2025:08:34:05 +0000] "HEAD /d1/559/AUTH_ece81c3214184c54956c375af05c2f4f/gnocchi.8191bfaf-d9af-48e2-bfc8-5d23e696ee10" 404 - "HEAD http://172.18.0.158:8080/v1/AUTH_ece81c3214184c54956c375af05c2f4f/gnocchi.8191bfaf-d9af-48e2-bfc8-5d23e696ee10?format=json&states=listing" "txc909d2561a3d40d79d3f8-0069280cfd" "proxy-server 20" 0.0007 "-" 21 0
Nov 27 08:34:05 np0005537443 object-server[122034]: 172.20.0.105 - - [27/Nov/2025:08:34:05 +0000] "GET /d1/133/AUTH_ece81c3214184c54956c375af05c2f4f/gnocchi.8191bfaf-d9af-48e2-bfc8-5d23e696ee10/none_v3" 404 70 "GET http://172.18.0.158:8080/v1/AUTH_ece81c3214184c54956c375af05c2f4f/gnocchi.8191bfaf-d9af-48e2-bfc8-5d23e696ee10/none_v3" "txc909d2561a3d40d79d3f8-0069280cfd" "proxy-server 20" 0.0005 "-" 21 0
Nov 27 08:34:05 np0005537443 account-server[121252]: 172.20.0.103 - - [27/Nov/2025:08:34:05 +0000] "PUT /d1/447/AUTH_ece81c3214184c54956c375af05c2f4f/gnocchi.5eeb2c2d-f661-444c-aaeb-b43a6648d752" 201 - "PUT http://172.20.0.103:6001/d1/751/AUTH_ece81c3214184c54956c375af05c2f4f/gnocchi.5eeb2c2d-f661-444c-aaeb-b43a6648d752" "txb2237ae85d184c35beb2b-0069280cfd" "container-server 20" 0.0060 "-" 20 0
Nov 27 08:34:05 np0005537443 proxy-server[123624]: 172.18.0.158 172.18.0.104 27/Nov/2025/08/34/05 GET /v1/AUTH_ece81c3214184c54956c375af05c2f4f/gnocchi.8191bfaf-d9af-48e2-bfc8-5d23e696ee10/none_v3 HTTP/1.0 404 - python-swiftclient-3.11.1 gAAAAABpKAzJpV3u... - 70 - txc909d2561a3d40d79d3f8-0069280cfd - 0.0372 - - 1764232445.656579018 1764232445.693783998 0
Nov 27 08:34:05 np0005537443 container-server[121660]: 172.20.0.103 - - [27/Nov/2025:08:34:05 +0000] "PUT /d1/751/AUTH_ece81c3214184c54956c375af05c2f4f/gnocchi.5eeb2c2d-f661-444c-aaeb-b43a6648d752" 201 - "PUT http://172.18.0.158:8080/v1/AUTH_ece81c3214184c54956c375af05c2f4f/gnocchi.5eeb2c2d-f661-444c-aaeb-b43a6648d752" "txb2237ae85d184c35beb2b-0069280cfd" "proxy-server 20" 0.0185 "-" 23 0
Nov 27 08:34:05 np0005537443 container-server[121643]: 172.20.0.104 - - [27/Nov/2025:08:34:05 +0000] "PUT /d1/307/AUTH_ece81c3214184c54956c375af05c2f4f/gnocchi.74ad0b71-6c79-4314-88b1-f8919429a361" 201 - "PUT http://172.18.0.158:8080/v1/AUTH_ece81c3214184c54956c375af05c2f4f/gnocchi.74ad0b71-6c79-4314-88b1-f8919429a361" "txdf7cdfffb61f446d8f580-0069280cfd" "proxy-server 20" 0.0133 "-" 22 0
Nov 27 08:34:05 np0005537443 account-server[121252]: 172.20.0.104 - - [27/Nov/2025:08:34:05 +0000] "PUT /d1/447/AUTH_ece81c3214184c54956c375af05c2f4f/gnocchi.74ad0b71-6c79-4314-88b1-f8919429a361" 201 - "PUT http://172.20.0.104:6001/d1/307/AUTH_ece81c3214184c54956c375af05c2f4f/gnocchi.74ad0b71-6c79-4314-88b1-f8919429a361" "txdf7cdfffb61f446d8f580-0069280cfd" "container-server 20" 0.0073 "-" 20 0
Nov 27 08:34:05 np0005537443 container-server[121643]: 172.20.0.103 - - [27/Nov/2025:08:34:05 +0000] "HEAD /d1/403/AUTH_ece81c3214184c54956c375af05c2f4f/gnocchi.7f8b3d46-6254-4186-9dc1-0d87082affd2" 404 - "HEAD http://172.18.0.158:8080/v1/AUTH_ece81c3214184c54956c375af05c2f4f/gnocchi.7f8b3d46-6254-4186-9dc1-0d87082affd2?format=json&states=listing" "tx0a039c26e5294d53bdf24-0069280cfd" "proxy-server 20" 0.0005 "-" 22 0
Nov 27 08:34:05 np0005537443 account-server[121252]: 172.20.0.105 - - [27/Nov/2025:08:34:05 +0000] "PUT /d1/447/AUTH_ece81c3214184c54956c375af05c2f4f/gnocchi.8191bfaf-d9af-48e2-bfc8-5d23e696ee10" 201 - "PUT http://172.20.0.105:6001/d1/559/AUTH_ece81c3214184c54956c375af05c2f4f/gnocchi.8191bfaf-d9af-48e2-bfc8-5d23e696ee10" "txa8cf0715b1e74af88c6e8-0069280cfd" "container-server 21" 0.0055 "-" 20 0
Nov 27 08:34:05 np0005537443 object-server[122022]: 172.20.0.103 - - [27/Nov/2025:08:34:05 +0000] "GET /d1/211/AUTH_ece81c3214184c54956c375af05c2f4f/gnocchi.7f8b3d46-6254-4186-9dc1-0d87082affd2/none_v3" 404 70 "GET http://172.18.0.158:8080/v1/AUTH_ece81c3214184c54956c375af05c2f4f/gnocchi.7f8b3d46-6254-4186-9dc1-0d87082affd2/none_v3" "tx0a039c26e5294d53bdf24-0069280cfd" "proxy-server 20" 0.0004 "-" 16 0
Nov 27 08:34:05 np0005537443 container-server[121623]: 172.20.0.105 - - [27/Nov/2025:08:34:05 +0000] "PUT /d1/559/AUTH_ece81c3214184c54956c375af05c2f4f/gnocchi.8191bfaf-d9af-48e2-bfc8-5d23e696ee10" 201 - "PUT http://172.18.0.158:8080/v1/AUTH_ece81c3214184c54956c375af05c2f4f/gnocchi.8191bfaf-d9af-48e2-bfc8-5d23e696ee10" "txa8cf0715b1e74af88c6e8-0069280cfd" "proxy-server 20" 0.0178 "-" 21 0
Nov 27 08:34:05 np0005537443 proxy-server[123624]: 172.18.0.158 172.18.0.104 27/Nov/2025/08/34/05 PUT /v1/AUTH_ece81c3214184c54956c375af05c2f4f/gnocchi.8191bfaf-d9af-48e2-bfc8-5d23e696ee10 HTTP/1.0 201 - python-swiftclient-3.11.1 gAAAAABpKAzJpV3u... - - - txa8cf0715b1e74af88c6e8-0069280cfd - 0.0310 - - 1764232445.698842049 1764232445.729889631 0
Nov 27 08:34:05 np0005537443 container-server[121643]: 172.20.0.105 - - [27/Nov/2025:08:34:05 +0000] "HEAD /d1/559/AUTH_ece81c3214184c54956c375af05c2f4f/gnocchi.8191bfaf-d9af-48e2-bfc8-5d23e696ee10" 204 - "HEAD http://172.18.0.158:8080/v1/AUTH_ece81c3214184c54956c375af05c2f4f/gnocchi.8191bfaf-d9af-48e2-bfc8-5d23e696ee10?format=json&states=listing" "txc929d6a70e5b4eaea8bc0-0069280cfd" "proxy-server 20" 0.0020 "-" 22 0
Nov 27 08:34:05 np0005537443 proxy-server[123624]: - - 27/Nov/2025/08/34/05 HEAD /v1/AUTH_ece81c3214184c54956c375af05c2f4f/gnocchi.8191bfaf-d9af-48e2-bfc8-5d23e696ee10%3Fformat%3Djson%26states%3Dlisting HTTP/1.0 204 - Swift - - - - txc929d6a70e5b4eaea8bc0-0069280cfd - 0.0067 RL - 1764232445.737900257 1764232445.744582176 0
Nov 27 08:34:05 np0005537443 object-server[122032]: 172.20.0.104 - - [27/Nov/2025:08:34:05 +0000] "GET /d1/78/AUTH_ece81c3214184c54956c375af05c2f4f/gnocchi.74ad0b71-6c79-4314-88b1-f8919429a361/1763640000.0_mean_300.0_v3" 404 70 "GET http://172.18.0.158:8080/v1/AUTH_ece81c3214184c54956c375af05c2f4f/gnocchi.74ad0b71-6c79-4314-88b1-f8919429a361/1763640000.0_mean_300.0_v3" "txf255af9808a1434fb9506-0069280cfd" "proxy-server 20" 0.0004 "-" 20 0
Nov 27 08:34:05 np0005537443 account-server[121266]: 172.20.0.103 - - [27/Nov/2025:08:34:05 +0000] "PUT /d1/447/AUTH_ece81c3214184c54956c375af05c2f4f/gnocchi.7f8b3d46-6254-4186-9dc1-0d87082affd2" 201 - "PUT http://172.20.0.103:6001/d1/403/AUTH_ece81c3214184c54956c375af05c2f4f/gnocchi.7f8b3d46-6254-4186-9dc1-0d87082affd2" "tx71276c43a4f244259dcac-0069280cfd" "container-server 20" 0.0065 "-" 21 0
Nov 27 08:34:05 np0005537443 container-server[121660]: 172.20.0.103 - - [27/Nov/2025:08:34:05 +0000] "PUT /d1/403/AUTH_ece81c3214184c54956c375af05c2f4f/gnocchi.7f8b3d46-6254-4186-9dc1-0d87082affd2" 201 - "PUT http://172.18.0.158:8080/v1/AUTH_ece81c3214184c54956c375af05c2f4f/gnocchi.7f8b3d46-6254-4186-9dc1-0d87082affd2" "tx71276c43a4f244259dcac-0069280cfd" "proxy-server 20" 0.0182 "-" 23 0
Nov 27 08:34:05 np0005537443 proxy-server[123624]: 172.18.0.158 172.18.0.104 27/Nov/2025/08/34/05 GET /v1/AUTH_ece81c3214184c54956c375af05c2f4f/gnocchi.8191bfaf-d9af-48e2-bfc8-5d23e696ee10%3Fformat%3Djson%26states%3Dlisting HTTP/1.0 200 - python-swiftclient-3.11.1 gAAAAABpKAzJpV3u... - 2 - txc929d6a70e5b4eaea8bc0-0069280cfd - 0.0264 - - 1764232445.735175371 1764232445.761589050 0
Nov 27 08:34:05 np0005537443 container-server[121643]: 172.20.0.103 - - [27/Nov/2025:08:34:05 +0000] "PUT /d1/307/AUTH_ece81c3214184c54956c375af05c2f4f/gnocchi.74ad0b71-6c79-4314-88b1-f8919429a361/1763640000.0_mean_300.0_v3" 201 - "PUT http://172.18.0.158:8080/d1/78/AUTH_ece81c3214184c54956c375af05c2f4f/gnocchi.74ad0b71-6c79-4314-88b1-f8919429a361/1763640000.0_mean_300.0_v3" "tx95ab4874c2b644b28d84a-0069280cfd" "object-server 20" 0.0005 "-" 22 0
Nov 27 08:34:05 np0005537443 object-server[122022]: 172.20.0.104 - - [27/Nov/2025:08:34:05 +0000] "PUT /d1/78/AUTH_ece81c3214184c54956c375af05c2f4f/gnocchi.74ad0b71-6c79-4314-88b1-f8919429a361/1763640000.0_mean_300.0_v3" 201 - "PUT http://172.18.0.158:8080/v1/AUTH_ece81c3214184c54956c375af05c2f4f/gnocchi.74ad0b71-6c79-4314-88b1-f8919429a361/1763640000.0_mean_300.0_v3" "tx95ab4874c2b644b28d84a-0069280cfd" "proxy-server 20" 0.0134 "-" 16 0
Nov 27 08:34:05 np0005537443 object-server[122034]: 172.20.0.105 - - [27/Nov/2025:08:34:05 +0000] "GET /d1/134/AUTH_ece81c3214184c54956c375af05c2f4f/gnocchi.8191bfaf-d9af-48e2-bfc8-5d23e696ee10/1763640000.0_mean_300.0_v3" 404 70 "GET http://172.18.0.158:8080/v1/AUTH_ece81c3214184c54956c375af05c2f4f/gnocchi.8191bfaf-d9af-48e2-bfc8-5d23e696ee10/1763640000.0_mean_300.0_v3" "tx76045603cd924a1a9e1fb-0069280cfd" "proxy-server 20" 0.0005 "-" 21 0
Nov 27 08:34:05 np0005537443 proxy-server[123624]: 172.18.0.158 172.18.0.104 27/Nov/2025/08/34/05 GET /v1/AUTH_ece81c3214184c54956c375af05c2f4f/gnocchi.8191bfaf-d9af-48e2-bfc8-5d23e696ee10/1763640000.0_mean_300.0_v3 HTTP/1.0 404 - python-swiftclient-3.11.1 gAAAAABpKAzJpV3u... - 70 - tx76045603cd924a1a9e1fb-0069280cfd - 0.0173 - - 1764232445.766542435 1764232445.783857822 0
Nov 27 08:34:05 np0005537443 container-server[121660]: 172.20.0.103 - - [27/Nov/2025:08:34:05 +0000] "HEAD /d1/403/AUTH_ece81c3214184c54956c375af05c2f4f/gnocchi.7f8b3d46-6254-4186-9dc1-0d87082affd2" 204 - "HEAD http://172.18.0.158:8080/v1/AUTH_ece81c3214184c54956c375af05c2f4f/gnocchi.7f8b3d46-6254-4186-9dc1-0d87082affd2?format=json&states=listing" "txf0d0e861758d4969b0b84-0069280cfd" "proxy-server 20" 0.0014 "-" 23 0
Nov 27 08:34:05 np0005537443 container-server[121660]: 172.20.0.104 - - [27/Nov/2025:08:34:05 +0000] "PUT /d1/307/AUTH_ece81c3214184c54956c375af05c2f4f/gnocchi.74ad0b71-6c79-4314-88b1-f8919429a361/none_v3" 201 - "PUT http://172.18.0.158:8080/d1/279/AUTH_ece81c3214184c54956c375af05c2f4f/gnocchi.74ad0b71-6c79-4314-88b1-f8919429a361/none_v3" "tx1a98fdf2e88b4ad18da2a-0069280cfd" "object-server 23" 0.0005 "-" 23 0
Nov 27 08:34:05 np0005537443 object-server[122022]: 172.20.0.104 - - [27/Nov/2025:08:34:05 +0000] "PUT /d1/279/AUTH_ece81c3214184c54956c375af05c2f4f/gnocchi.74ad0b71-6c79-4314-88b1-f8919429a361/none_v3" 201 - "PUT http://172.18.0.158:8080/v1/AUTH_ece81c3214184c54956c375af05c2f4f/gnocchi.74ad0b71-6c79-4314-88b1-f8919429a361/none_v3" "tx1a98fdf2e88b4ad18da2a-0069280cfd" "proxy-server 20" 0.0110 "-" 16 0
Nov 27 08:34:05 np0005537443 object-server[122022]: 172.20.0.103 - - [27/Nov/2025:08:34:05 +0000] "GET /d1/783/AUTH_ece81c3214184c54956c375af05c2f4f/gnocchi.5eeb2c2d-f661-444c-aaeb-b43a6648d752/1763640000.0_mean_300.0_v3" 404 70 "GET http://172.18.0.158:8080/v1/AUTH_ece81c3214184c54956c375af05c2f4f/gnocchi.5eeb2c2d-f661-444c-aaeb-b43a6648d752/1763640000.0_mean_300.0_v3" "txc9a81c89cb0f4096876c0-0069280cfd" "proxy-server 20" 0.0003 "-" 16 0
Nov 27 08:34:05 np0005537443 object-server[122032]: 172.20.0.105 - - [27/Nov/2025:08:34:05 +0000] "PUT /d1/134/AUTH_ece81c3214184c54956c375af05c2f4f/gnocchi.8191bfaf-d9af-48e2-bfc8-5d23e696ee10/1763640000.0_mean_300.0_v3" 201 - "PUT http://172.18.0.158:8080/v1/AUTH_ece81c3214184c54956c375af05c2f4f/gnocchi.8191bfaf-d9af-48e2-bfc8-5d23e696ee10/1763640000.0_mean_300.0_v3" "txf17dc01e8f8948868e69b-0069280cfd" "proxy-server 20" 0.0138 "-" 20 0
Nov 27 08:34:05 np0005537443 container-server[121618]: 172.20.0.104 - - [27/Nov/2025:08:34:05 +0000] "PUT /d1/559/AUTH_ece81c3214184c54956c375af05c2f4f/gnocchi.8191bfaf-d9af-48e2-bfc8-5d23e696ee10/1763640000.0_mean_300.0_v3" 201 - "PUT http://172.18.0.158:8080/d1/134/AUTH_ece81c3214184c54956c375af05c2f4f/gnocchi.8191bfaf-d9af-48e2-bfc8-5d23e696ee10/1763640000.0_mean_300.0_v3" "txf17dc01e8f8948868e69b-0069280cfd" "object-server 22" 0.0010 "-" 20 0
Nov 27 08:34:05 np0005537443 proxy-server[123624]: 172.18.0.158 172.18.0.104 27/Nov/2025/08/34/05 PUT /v1/AUTH_ece81c3214184c54956c375af05c2f4f/gnocchi.8191bfaf-d9af-48e2-bfc8-5d23e696ee10/1763640000.0_mean_300.0_v3 HTTP/1.0 201 - python-swiftclient-3.11.1 gAAAAABpKAzJpV3u... 16 - - txf17dc01e8f8948868e69b-0069280cfd - 0.0286 - - 1764232445.788402081 1764232445.816996813 0
Nov 27 08:34:05 np0005537443 object-server[122022]: 172.20.0.104 - - [27/Nov/2025:08:34:05 +0000] "GET /d1/549/AUTH_ece81c3214184c54956c375af05c2f4f/gnocchi.7f8b3d46-6254-4186-9dc1-0d87082affd2/1763640000.0_mean_300.0_v3" 404 70 "GET http://172.18.0.158:8080/v1/AUTH_ece81c3214184c54956c375af05c2f4f/gnocchi.7f8b3d46-6254-4186-9dc1-0d87082affd2/1763640000.0_mean_300.0_v3" "tx1049a3568f5c4b65a8e97-0069280cfd" "proxy-server 20" 0.0003 "-" 16 0
Nov 27 08:34:05 np0005537443 container-server[121623]: 172.20.0.105 - - [27/Nov/2025:08:34:05 +0000] "HEAD /d1/744/AUTH_ece81c3214184c54956c375af05c2f4f/gnocchi.a810e4b9-eb68-4cf0-903a-360b9882c553" 404 - "HEAD http://172.18.0.158:8080/v1/AUTH_ece81c3214184c54956c375af05c2f4f/gnocchi.a810e4b9-eb68-4cf0-903a-360b9882c553?format=json&states=listing" "tx764af6c4d1d44001878cf-0069280cfd" "proxy-server 20" 0.0006 "-" 21 0
Nov 27 08:34:05 np0005537443 container-server[121643]: 172.20.0.103 - - [27/Nov/2025:08:34:05 +0000] "PUT /d1/559/AUTH_ece81c3214184c54956c375af05c2f4f/gnocchi.8191bfaf-d9af-48e2-bfc8-5d23e696ee10/none_v3" 201 - "PUT http://172.18.0.158:8080/d1/133/AUTH_ece81c3214184c54956c375af05c2f4f/gnocchi.8191bfaf-d9af-48e2-bfc8-5d23e696ee10/none_v3" "tx4e0a58f7d4f645f6a0a92-0069280cfd" "object-server 20" 0.0008 "-" 22 0
Nov 27 08:34:05 np0005537443 object-server[122050]: 172.20.0.103 - - [27/Nov/2025:08:34:05 +0000] "PUT /d1/133/AUTH_ece81c3214184c54956c375af05c2f4f/gnocchi.8191bfaf-d9af-48e2-bfc8-5d23e696ee10/none_v3" 201 - "PUT http://172.18.0.158:8080/v1/AUTH_ece81c3214184c54956c375af05c2f4f/gnocchi.8191bfaf-d9af-48e2-bfc8-5d23e696ee10/none_v3" "tx4e0a58f7d4f645f6a0a92-0069280cfd" "proxy-server 20" 0.0148 "-" 24 0
Nov 27 08:34:05 np0005537443 object-server[122050]: 172.20.0.105 - - [27/Nov/2025:08:34:05 +0000] "GET /d1/895/AUTH_ece81c3214184c54956c375af05c2f4f/gnocchi.a810e4b9-eb68-4cf0-903a-360b9882c553/none_v3" 404 70 "GET http://172.18.0.158:8080/v1/AUTH_ece81c3214184c54956c375af05c2f4f/gnocchi.a810e4b9-eb68-4cf0-903a-360b9882c553/none_v3" "tx764af6c4d1d44001878cf-0069280cfd" "proxy-server 20" 0.0004 "-" 24 0
Nov 27 08:34:05 np0005537443 container-server[121623]: 172.20.0.105 - - [27/Nov/2025:08:34:05 +0000] "PUT /d1/751/AUTH_ece81c3214184c54956c375af05c2f4f/gnocchi.5eeb2c2d-f661-444c-aaeb-b43a6648d752/1763640000.0_mean_300.0_v3" 201 - "PUT http://172.18.0.158:8080/d1/783/AUTH_ece81c3214184c54956c375af05c2f4f/gnocchi.5eeb2c2d-f661-444c-aaeb-b43a6648d752/1763640000.0_mean_300.0_v3" "tx2af66fdf0f824378b5993-0069280cfd" "object-server 16" 0.0009 "-" 21 0
Nov 27 08:34:05 np0005537443 object-server[122022]: 172.20.0.104 - - [27/Nov/2025:08:34:05 +0000] "PUT /d1/783/AUTH_ece81c3214184c54956c375af05c2f4f/gnocchi.5eeb2c2d-f661-444c-aaeb-b43a6648d752/1763640000.0_mean_300.0_v3" 201 - "PUT http://172.18.0.158:8080/v1/AUTH_ece81c3214184c54956c375af05c2f4f/gnocchi.5eeb2c2d-f661-444c-aaeb-b43a6648d752/1763640000.0_mean_300.0_v3" "tx2af66fdf0f824378b5993-0069280cfd" "proxy-server 20" 0.0124 "-" 16 0
Nov 27 08:34:05 np0005537443 proxy-server[123624]: 172.18.0.105 172.18.0.104 27/Nov/2025/08/34/05 GET /v1/AUTH_ece81c3214184c54956c375af05c2f4f/gnocchi.a810e4b9-eb68-4cf0-903a-360b9882c553/none_v3 HTTP/1.0 404 - python-swiftclient-3.11.1 gAAAAABpKAx_sfH7... - 70 - tx764af6c4d1d44001878cf-0069280cfd - 0.0369 - - 1764232445.823817968 1764232445.860669374 0
Nov 27 08:34:05 np0005537443 container-server[121660]: 172.20.0.103 - - [27/Nov/2025:08:34:05 +0000] "HEAD /d1/28/AUTH_ece81c3214184c54956c375af05c2f4f/gnocchi.b9a53ce3-89df-45f5-bb9b-6c435da4c58f" 404 - "HEAD http://172.18.0.158:8080/v1/AUTH_ece81c3214184c54956c375af05c2f4f/gnocchi.b9a53ce3-89df-45f5-bb9b-6c435da4c58f?format=json&states=listing" "tx4937ab8eedfe4369b42e7-0069280cfd" "proxy-server 20" 0.0005 "-" 23 0
Nov 27 08:34:05 np0005537443 container-server[121660]: 172.20.0.103 - - [27/Nov/2025:08:34:05 +0000] "PUT /d1/403/AUTH_ece81c3214184c54956c375af05c2f4f/gnocchi.7f8b3d46-6254-4186-9dc1-0d87082affd2/1763640000.0_mean_300.0_v3" 201 - "PUT http://172.18.0.158:8080/d1/549/AUTH_ece81c3214184c54956c375af05c2f4f/gnocchi.7f8b3d46-6254-4186-9dc1-0d87082affd2/1763640000.0_mean_300.0_v3" "tx594862a4afef4918993ad-0069280cfd" "object-server 20" 0.0008 "-" 23 0
