Nov 27 08:29:36 np0005537443 container-server[121311]: Beginning replication run
Nov 27 08:29:36 np0005537443 container-server[121311]: Replication run OVER
Nov 27 08:29:36 np0005537443 container-server[121311]: Attempted to replicate 0 dbs in 0.00131 seconds (0.00000/s)
Nov 27 08:29:36 np0005537443 container-server[121311]: Removed 0 dbs
Nov 27 08:29:36 np0005537443 container-server[121311]: 0 successes, 0 failures
Nov 27 08:29:36 np0005537443 container-server[121311]: diff:0 diff_capped:0 empty:0 hashmatch:0 no_change:0 remote_merge:0 rsync:0 ts_repl:0
Nov 27 08:29:37 np0005537443 account-server[120930]: Beginning replication run
Nov 27 08:29:37 np0005537443 account-server[120930]: Replication run OVER
Nov 27 08:29:37 np0005537443 account-server[120930]: Attempted to replicate 0 dbs in 0.00147 seconds (0.00000/s)
Nov 27 08:29:37 np0005537443 account-server[120930]: Removed 0 dbs
Nov 27 08:29:37 np0005537443 account-server[120930]: 0 successes, 0 failures
Nov 27 08:29:37 np0005537443 account-server[120930]: diff:0 diff_capped:0 empty:0 hashmatch:0 no_change:0 remote_merge:0 rsync:0 ts_repl:0
Nov 27 08:29:50 np0005537443 account-server[121289]: 172.20.0.104 - - [27/Nov/2025:08:29:50 +0000] "HEAD /d1/812/.expiring_objects" 404 - "HEAD http://localhost/v1/.expiring_objects?format=json" "txb7599c92f36345d884f3c-0069280bfe" "proxy-server 2" 0.0007 "-" 22 -
Nov 27 08:29:55 np0005537443 account-server[121252]: 172.20.0.105 - - [27/Nov/2025:08:29:55 +0000] "HEAD /d1/812/.expiring_objects" 404 - "HEAD http://localhost/v1/.expiring_objects?format=json" "tx765c283a13a740bd9701e-0069280c03" "proxy-server 2" 0.0008 "-" 20 -
Nov 27 08:29:55 np0005537443 object-expirer[121790]: Pass completed in 0s; 0 objects expired (txn: tx765c283a13a740bd9701e-0069280c03)
Nov 27 08:30:04 np0005537443 object-server[121862]: Starting object replication pass.
Nov 27 08:30:04 np0005537443 object-server[121862]: Nothing replicated for 0.004149913787841797 seconds.
Nov 27 08:30:04 np0005537443 object-server[121862]: Object replication complete. (0.00 minutes)
Nov 27 08:30:04 np0005537443 account-server[121266]: 172.20.0.105 - - [27/Nov/2025:08:30:04 +0000] "HEAD /d1/812/.expiring_objects" 404 - "HEAD http://localhost/v1/.expiring_objects?format=json" "tx9c2c4de6760e45ed99dac-0069280c0c" "proxy-server 2" 0.0009 "-" 21 -
Nov 27 08:30:04 np0005537443 object-expirer[121790]: Pass completed in 0s; 0 objects expired (txn: tx9c2c4de6760e45ed99dac-0069280c0c)
Nov 27 08:30:05 np0005537443 object-server[195371]: Begin object audit "forever" mode (ZBF)
Nov 27 08:30:05 np0005537443 object-server[195371]: Object audit (ZBF) "forever" mode completed: 0.00s. Total quarantined: 0, Total errors: 0, Total files/sec: 0.00, Total bytes/sec: 0.00, Auditing time: 0.00, Rate: 0.00
Nov 27 08:30:06 np0005537443 container-server[121311]: Beginning replication run
Nov 27 08:30:06 np0005537443 container-server[121311]: Replication run OVER
Nov 27 08:30:06 np0005537443 container-server[121311]: Attempted to replicate 0 dbs in 0.00193 seconds (0.00000/s)
Nov 27 08:30:06 np0005537443 container-server[121311]: Removed 0 dbs
Nov 27 08:30:06 np0005537443 container-server[121311]: 0 successes, 0 failures
Nov 27 08:30:06 np0005537443 container-server[121311]: diff:0 diff_capped:0 empty:0 hashmatch:0 no_change:0 remote_merge:0 rsync:0 ts_repl:0
Nov 27 08:30:07 np0005537443 account-server[120930]: Beginning replication run
Nov 27 08:30:07 np0005537443 account-server[120930]: Replication run OVER
Nov 27 08:30:07 np0005537443 account-server[120930]: Attempted to replicate 0 dbs in 0.00200 seconds (0.00000/s)
Nov 27 08:30:07 np0005537443 account-server[120930]: Removed 0 dbs
Nov 27 08:30:07 np0005537443 account-server[120930]: 0 successes, 0 failures
Nov 27 08:30:07 np0005537443 account-server[120930]: diff:0 diff_capped:0 empty:0 hashmatch:0 no_change:0 remote_merge:0 rsync:0 ts_repl:0
Nov 27 08:30:34 np0005537443 object-server[121862]: Starting object replication pass.
Nov 27 08:30:34 np0005537443 object-server[121862]: Nothing replicated for 0.00398564338684082 seconds.
Nov 27 08:30:34 np0005537443 object-server[121862]: Object replication complete. (0.00 minutes)
Nov 27 08:30:35 np0005537443 object-server[201291]: Begin object audit "forever" mode (ZBF)
Nov 27 08:30:35 np0005537443 object-server[201291]: Object audit (ZBF) "forever" mode completed: 0.00s. Total quarantined: 0, Total errors: 0, Total files/sec: 0.00, Total bytes/sec: 0.00, Auditing time: 0.00, Rate: 0.00
Nov 27 08:30:35 np0005537443 object-server[201292]: Begin object audit "forever" mode (ALL)
Nov 27 08:30:35 np0005537443 object-server[201292]: Object audit (ALL) "forever" mode completed: 0.00s. Total quarantined: 0, Total errors: 0, Total files/sec: 0.00, Total bytes/sec: 0.00, Auditing time: 0.00, Rate: 0.00
Nov 27 08:30:36 np0005537443 container-server[121311]: Beginning replication run
Nov 27 08:30:36 np0005537443 container-server[121311]: Replication run OVER
Nov 27 08:30:36 np0005537443 container-server[121311]: Attempted to replicate 0 dbs in 0.00244 seconds (0.00000/s)
Nov 27 08:30:36 np0005537443 container-server[121311]: Removed 0 dbs
Nov 27 08:30:36 np0005537443 container-server[121311]: 0 successes, 0 failures
Nov 27 08:30:36 np0005537443 container-server[121311]: diff:0 diff_capped:0 empty:0 hashmatch:0 no_change:0 remote_merge:0 rsync:0 ts_repl:0
Nov 27 08:30:37 np0005537443 account-server[120930]: Beginning replication run
Nov 27 08:30:37 np0005537443 account-server[120930]: Replication run OVER
Nov 27 08:30:37 np0005537443 account-server[120930]: Attempted to replicate 0 dbs in 0.00188 seconds (0.00000/s)
Nov 27 08:30:37 np0005537443 account-server[120930]: Removed 0 dbs
Nov 27 08:30:37 np0005537443 account-server[120930]: 0 successes, 0 failures
Nov 27 08:30:37 np0005537443 account-server[120930]: diff:0 diff_capped:0 empty:0 hashmatch:0 no_change:0 remote_merge:0 rsync:0 ts_repl:0
Nov 27 08:31:04 np0005537443 object-server[121862]: Starting object replication pass.
Nov 27 08:31:04 np0005537443 object-server[121862]: Nothing replicated for 0.003755331039428711 seconds.
Nov 27 08:31:04 np0005537443 object-server[121862]: Object replication complete. (0.00 minutes)
Nov 27 08:31:05 np0005537443 object-server[201293]: Begin object audit "forever" mode (ZBF)
Nov 27 08:31:05 np0005537443 object-server[201293]: Object audit (ZBF) "forever" mode completed: 0.00s. Total quarantined: 0, Total errors: 0, Total files/sec: 0.00, Total bytes/sec: 0.00, Auditing time: 0.00, Rate: 0.00
Nov 27 08:31:06 np0005537443 container-server[121311]: Beginning replication run
Nov 27 08:31:06 np0005537443 container-server[121311]: Replication run OVER
Nov 27 08:31:06 np0005537443 container-server[121311]: Attempted to replicate 0 dbs in 0.00391 seconds (0.00000/s)
Nov 27 08:31:06 np0005537443 container-server[121311]: Removed 0 dbs
Nov 27 08:31:06 np0005537443 container-server[121311]: 0 successes, 0 failures
Nov 27 08:31:06 np0005537443 container-server[121311]: diff:0 diff_capped:0 empty:0 hashmatch:0 no_change:0 remote_merge:0 rsync:0 ts_repl:0
Nov 27 08:31:07 np0005537443 account-server[120930]: Beginning replication run
Nov 27 08:31:07 np0005537443 account-server[120930]: Replication run OVER
Nov 27 08:31:07 np0005537443 account-server[120930]: Attempted to replicate 0 dbs in 0.00293 seconds (0.00000/s)
Nov 27 08:31:07 np0005537443 account-server[120930]: Removed 0 dbs
Nov 27 08:31:07 np0005537443 account-server[120930]: 0 successes, 0 failures
Nov 27 08:31:07 np0005537443 account-server[120930]: diff:0 diff_capped:0 empty:0 hashmatch:0 no_change:0 remote_merge:0 rsync:0 ts_repl:0
Nov 27 08:31:17 np0005537443 account-server[121266]: 172.20.0.103 - - [27/Nov/2025:08:31:17 +0000] "HEAD /d1/812/.expiring_objects" 404 - "HEAD http://localhost/v1/.expiring_objects?format=json" "tx2d1fee142872446ea487e-0069280c55" "proxy-server 2" 0.0008 "-" 21 -
Nov 27 08:31:28 np0005537443 account-server[121306]: 172.20.0.103 - - [27/Nov/2025:08:31:28 +0000] "HEAD /d1/812/.expiring_objects" 404 - "HEAD http://localhost/v1/.expiring_objects?format=json" "tx3f0b2fbe7d1c42968e26f-0069280c60" "proxy-server 2" 0.0009 "-" 23 -
Nov 27 08:31:34 np0005537443 object-server[121862]: Starting object replication pass.
Nov 27 08:31:34 np0005537443 object-server[121862]: Nothing replicated for 0.004208564758300781 seconds.
Nov 27 08:31:34 np0005537443 object-server[121862]: Object replication complete. (0.00 minutes)
Nov 27 08:31:35 np0005537443 object-server[207157]: Begin object audit "forever" mode (ZBF)
Nov 27 08:31:35 np0005537443 object-server[207157]: Object audit (ZBF) "forever" mode completed: 0.00s. Total quarantined: 0, Total errors: 0, Total files/sec: 0.00, Total bytes/sec: 0.00, Auditing time: 0.00, Rate: 0.00
Nov 27 08:31:35 np0005537443 object-server[207158]: Begin object audit "forever" mode (ALL)
Nov 27 08:31:35 np0005537443 object-server[207158]: Object audit (ALL) "forever" mode completed: 0.00s. Total quarantined: 0, Total errors: 0, Total files/sec: 0.00, Total bytes/sec: 0.00, Auditing time: 0.00, Rate: 0.00
Nov 27 08:31:36 np0005537443 container-server[121311]: Beginning replication run
Nov 27 08:31:36 np0005537443 container-server[121311]: Replication run OVER
Nov 27 08:31:36 np0005537443 container-server[121311]: Attempted to replicate 0 dbs in 0.00174 seconds (0.00000/s)
Nov 27 08:31:36 np0005537443 container-server[121311]: Removed 0 dbs
Nov 27 08:31:36 np0005537443 container-server[121311]: 0 successes, 0 failures
Nov 27 08:31:36 np0005537443 container-server[121311]: diff:0 diff_capped:0 empty:0 hashmatch:0 no_change:0 remote_merge:0 rsync:0 ts_repl:0
Nov 27 08:31:37 np0005537443 account-server[120930]: Beginning replication run
Nov 27 08:31:37 np0005537443 account-server[120930]: Replication run OVER
Nov 27 08:31:37 np0005537443 account-server[120930]: Attempted to replicate 0 dbs in 0.00318 seconds (0.00000/s)
Nov 27 08:31:37 np0005537443 account-server[120930]: Removed 0 dbs
Nov 27 08:31:37 np0005537443 account-server[120930]: 0 successes, 0 failures
Nov 27 08:31:37 np0005537443 account-server[120930]: diff:0 diff_capped:0 empty:0 hashmatch:0 no_change:0 remote_merge:0 rsync:0 ts_repl:0
Nov 27 08:31:50 np0005537443 account-server[121252]: 172.20.0.105 - - [27/Nov/2025:08:31:50 +0000] "HEAD /d1/812/.expiring_objects" 404 - "HEAD http://localhost/v1/.expiring_objects?format=json" "tx7718f4b8521d4c8a914d8-0069280c76" "proxy-server 2" 0.0006 "-" 20 -
Nov 27 08:31:50 np0005537443 object-expirer[121790]: Pass completed in 0s; 0 objects expired (txn: tx7718f4b8521d4c8a914d8-0069280c76)
Nov 27 08:31:59 np0005537443 account-server[121289]: 172.20.0.103 - - [27/Nov/2025:08:31:59 +0000] "HEAD /d1/447/AUTH_ece81c3214184c54956c375af05c2f4f" 404 - "HEAD http://172.18.0.158:8080/v1/AUTH_ece81c3214184c54956c375af05c2f4f?format=json" "tx5847d797cdd24241b56aa-0069280c7f" "proxy-server 20" 0.0008 "-" 22 -
Nov 27 08:32:00 np0005537443 object-server[122022]: 172.20.0.103 - - [27/Nov/2025:08:32:00 +0000] "GET /d1/660/AUTH_ece81c3214184c54956c375af05c2f4f/gnocchi.10cef5b0-1cac-473d-bfb4-001090ec8091/none_v3" 404 70 "GET http://172.18.0.158:8080/v1/AUTH_ece81c3214184c54956c375af05c2f4f/gnocchi.10cef5b0-1cac-473d-bfb4-001090ec8091/none_v3" "tx5847d797cdd24241b56aa-0069280c7f" "proxy-server 20" 0.0012 "-" 16 0
Nov 27 08:32:00 np0005537443 account-server[121266]: 172.20.0.104 - - [27/Nov/2025:08:32:00 +0000] "PUT /d1/447/AUTH_ece81c3214184c54956c375af05c2f4f" 201 - "-" "tx7c7b38963bdf4227b3beb-0069280c80" "-" 0.0158 "-" 21 -
Nov 27 08:32:00 np0005537443 account-server[121252]: 172.20.0.103 - - [27/Nov/2025:08:32:00 +0000] "PUT /d1/447/AUTH_ece81c3214184c54956c375af05c2f4f/gnocchi.10cef5b0-1cac-473d-bfb4-001090ec8091" 201 - "PUT http://172.20.0.103:6001/d1/277/AUTH_ece81c3214184c54956c375af05c2f4f/gnocchi.10cef5b0-1cac-473d-bfb4-001090ec8091" "tx7c7b38963bdf4227b3beb-0069280c80" "container-server 19" 0.0027 "-" 20 0
Nov 27 08:32:00 np0005537443 container-server[121660]: 172.20.0.104 - - [27/Nov/2025:08:32:00 +0000] "PUT /d1/277/AUTH_ece81c3214184c54956c375af05c2f4f/gnocchi.10cef5b0-1cac-473d-bfb4-001090ec8091" 201 - "PUT http://172.18.0.158:8080/v1/AUTH_ece81c3214184c54956c375af05c2f4f/gnocchi.10cef5b0-1cac-473d-bfb4-001090ec8091" "tx7c7b38963bdf4227b3beb-0069280c80" "proxy-server 20" 0.0144 "-" 23 0
Nov 27 08:32:00 np0005537443 proxy-server[123624]: - - 27/Nov/2025/08/32/00 HEAD /v1/AUTH_ece81c3214184c54956c375af05c2f4f/gnocchi.10cef5b0-1cac-473d-bfb4-001090ec8091%3Fformat%3Djson%26states%3Dlisting HTTP/1.0 204 - Swift - - - - tx630738928279483fbe358-0069280c80 - 0.0065 RL - 1764232320.324558735 1764232320.331077814 0
Nov 27 08:32:00 np0005537443 container-server[121618]: 172.20.0.105 - - [27/Nov/2025:08:32:00 +0000] "GET /d1/277/AUTH_ece81c3214184c54956c375af05c2f4f/gnocchi.10cef5b0-1cac-473d-bfb4-001090ec8091" 200 2 "GET http://172.18.0.158:8080/v1/AUTH_ece81c3214184c54956c375af05c2f4f/gnocchi.10cef5b0-1cac-473d-bfb4-001090ec8091?format=json&states=listing" "tx630738928279483fbe358-0069280c80" "proxy-server 20" 0.0030 "-" 20 0
Nov 27 08:32:00 np0005537443 proxy-server[123624]: 172.18.0.105 172.18.0.104 27/Nov/2025/08/32/00 GET /v1/AUTH_ece81c3214184c54956c375af05c2f4f/gnocchi.10cef5b0-1cac-473d-bfb4-001090ec8091%3Fformat%3Djson%26states%3Dlisting HTTP/1.0 200 - python-swiftclient-3.11.1 gAAAAABpKAx_sfH7... - 2 - tx630738928279483fbe358-0069280c80 - 0.0233 - - 1764232320.318133593 1764232320.341401815 0
Nov 27 08:32:00 np0005537443 object-server[122050]: 172.20.0.103 - - [27/Nov/2025:08:32:00 +0000] "GET /d1/702/AUTH_ece81c3214184c54956c375af05c2f4f/gnocchi.10cef5b0-1cac-473d-bfb4-001090ec8091/1763640000.0_mean_300.0_v3" 404 70 "GET http://172.18.0.158:8080/v1/AUTH_ece81c3214184c54956c375af05c2f4f/gnocchi.10cef5b0-1cac-473d-bfb4-001090ec8091/1763640000.0_mean_300.0_v3" "txbc655584a60048bd9f388-0069280c80" "proxy-server 20" 0.0017 "-" 24 0
Nov 27 08:32:00 np0005537443 container-server[121618]: 172.20.0.103 - - [27/Nov/2025:08:32:00 +0000] "PUT /d1/277/AUTH_ece81c3214184c54956c375af05c2f4f/gnocchi.10cef5b0-1cac-473d-bfb4-001090ec8091/1763640000.0_mean_300.0_v3" 201 - "PUT http://172.18.0.158:8080/d1/702/AUTH_ece81c3214184c54956c375af05c2f4f/gnocchi.10cef5b0-1cac-473d-bfb4-001090ec8091/1763640000.0_mean_300.0_v3" "tx8b25765476b24acfb8881-0069280c80" "object-server 21" 0.0011 "-" 20 0
Nov 27 08:32:00 np0005537443 object-server[122022]: 172.20.0.104 - - [27/Nov/2025:08:32:00 +0000] "PUT /d1/702/AUTH_ece81c3214184c54956c375af05c2f4f/gnocchi.10cef5b0-1cac-473d-bfb4-001090ec8091/1763640000.0_mean_300.0_v3" 201 - "PUT http://172.18.0.158:8080/v1/AUTH_ece81c3214184c54956c375af05c2f4f/gnocchi.10cef5b0-1cac-473d-bfb4-001090ec8091/1763640000.0_mean_300.0_v3" "tx8b25765476b24acfb8881-0069280c80" "proxy-server 20" 0.0357 "-" 16 0
Nov 27 08:32:00 np0005537443 container-server[121623]: 172.20.0.104 - - [27/Nov/2025:08:32:00 +0000] "PUT /d1/277/AUTH_ece81c3214184c54956c375af05c2f4f/gnocchi.10cef5b0-1cac-473d-bfb4-001090ec8091/none_v3" 201 - "PUT http://172.18.0.158:8080/d1/660/AUTH_ece81c3214184c54956c375af05c2f4f/gnocchi.10cef5b0-1cac-473d-bfb4-001090ec8091/none_v3" "tx68de8c6d09c043b78427f-0069280c80" "object-server 23" 0.0011 "-" 21 0
Nov 27 08:32:00 np0005537443 object-server[122050]: 172.20.0.105 - - [27/Nov/2025:08:32:00 +0000] "PUT /d1/660/AUTH_ece81c3214184c54956c375af05c2f4f/gnocchi.10cef5b0-1cac-473d-bfb4-001090ec8091/none_v3" 201 - "PUT http://172.18.0.158:8080/v1/AUTH_ece81c3214184c54956c375af05c2f4f/gnocchi.10cef5b0-1cac-473d-bfb4-001090ec8091/none_v3" "tx68de8c6d09c043b78427f-0069280c80" "proxy-server 20" 0.0305 "-" 24 0
Nov 27 08:32:00 np0005537443 proxy-server[123624]: 172.18.0.105 172.18.0.104 27/Nov/2025/08/32/00 PUT /v1/AUTH_ece81c3214184c54956c375af05c2f4f/gnocchi.10cef5b0-1cac-473d-bfb4-001090ec8091/none_v3 HTTP/1.0 201 - python-swiftclient-3.11.1 gAAAAABpKAx_sfH7... 22 - - tx68de8c6d09c043b78427f-0069280c80 - 0.0436 - - 1764232320.416350365 1764232320.459924221 0
Nov 27 08:32:04 np0005537443 object-server[121862]: Starting object replication pass.
Nov 27 08:32:04 np0005537443 object-server[121862]: 2/2 (100.00%) partitions replicated in 0.04s (46.73/sec, 0s remaining)
Nov 27 08:32:04 np0005537443 object-server[121862]: 4 successes, 0 failures
Nov 27 08:32:04 np0005537443 object-server[121862]: 2 suffixes checked - 0.00% hashed, 0.00% synced
Nov 27 08:32:04 np0005537443 object-server[121862]: Partition times: max 0.0273s, min 0.0122s, med 0.0273s
Nov 27 08:32:04 np0005537443 object-server[121862]: Object replication complete. (0.00 minutes)
Nov 27 08:32:05 np0005537443 account-server[121266]: 172.20.0.104 - - [27/Nov/2025:08:32:05 +0000] "PUT /d1/447/AUTH_ece81c3214184c54956c375af05c2f4f/gnocchi.10cef5b0-1cac-473d-bfb4-001090ec8091" 201 - "-" "-" "container-updater 2" 0.0013 "-" 21 0
Nov 27 08:32:05 np0005537443 object-server[210260]: Begin object audit "forever" mode (ZBF)
Nov 27 08:32:05 np0005537443 object-server[210261]: Begin object audit "forever" mode (ALL)
Nov 27 08:32:05 np0005537443 object-server[210260]: Object audit (ZBF). Since Thu Nov 27 08:32:05 2025: Locally: 1 passed, 0 quarantined, 0 errors, files/sec: 576.93, bytes/sec: 0.00, Total time: 0.00, Auditing time: 0.00, Rate: 0.00
Nov 27 08:32:05 np0005537443 object-server[210260]: Object audit (ZBF) "forever" mode completed: 0.00s. Total quarantined: 0, Total errors: 0, Total files/sec: 441.30, Total bytes/sec: 0.00, Auditing time: 0.00, Rate: 0.28
Nov 27 08:32:05 np0005537443 object-server[210261]: Object audit (ALL). Since Thu Nov 27 08:32:05 2025: Locally: 1 passed, 0 quarantined, 0 errors, files/sec: 102.26, bytes/sec: 1636.08, Total time: 0.01, Auditing time: 0.00, Rate: 0.00
Nov 27 08:32:05 np0005537443 object-server[210261]: Object audit (ALL) "forever" mode completed: 0.01s. Total quarantined: 0, Total errors: 0, Total files/sec: 152.46, Total bytes/sec: 2896.83, Auditing time: 0.01, Rate: 0.76
Nov 27 08:32:06 np0005537443 container-server[121311]: Beginning replication run
Nov 27 08:32:06 np0005537443 container-server[121311]: Replication run OVER
Nov 27 08:32:06 np0005537443 container-server[121311]: Attempted to replicate 1 dbs in 0.07476 seconds (13.37557/s)
Nov 27 08:32:06 np0005537443 container-server[121311]: Removed 0 dbs
Nov 27 08:32:06 np0005537443 container-server[121311]: 2 successes, 0 failures
Nov 27 08:32:06 np0005537443 container-server[121311]: diff:0 diff_capped:0 empty:0 hashmatch:0 no_change:2 remote_merge:0 rsync:0 ts_repl:0
Nov 27 08:32:07 np0005537443 account-server[120930]: Beginning replication run
Nov 27 08:32:07 np0005537443 account-server[120930]: Replication run OVER
Nov 27 08:32:07 np0005537443 account-server[120930]: Attempted to replicate 1 dbs in 0.05058 seconds (19.77210/s)
Nov 27 08:32:07 np0005537443 account-server[120930]: Removed 0 dbs
Nov 27 08:32:07 np0005537443 account-server[120930]: 2 successes, 0 failures
Nov 27 08:32:07 np0005537443 account-server[120930]: diff:0 diff_capped:0 empty:0 hashmatch:0 no_change:2 remote_merge:0 rsync:0 ts_repl:0
Nov 27 08:32:27 np0005537443 account-server[121306]: 172.20.0.104 - - [27/Nov/2025:08:32:27 +0000] "HEAD /d1/812/.expiring_objects" 404 - "HEAD http://localhost/v1/.expiring_objects?format=json" "tx34bbd584def24cd1b591c-0069280c9b" "proxy-server 2" 0.0011 "-" 23 -
Nov 27 08:32:29 np0005537443 proxy-server[123624]: 172.18.0.105 172.18.0.104 27/Nov/2025/08/32/29 GET /v1/AUTH_ece81c3214184c54956c375af05c2f4f/gnocchi.10cef5b0-1cac-473d-bfb4-001090ec8091%3Fformat%3Djson%26marker%3Dnone_v3%26states%3Dlisting HTTP/1.0 200 - python-swiftclient-3.11.1 gAAAAABpKAx_sfH7... - 2 - txe5a94d5ebc664e33829c7-0069280c9d - 0.0171 - - 1764232349.478658915 1764232349.495804310 0
Nov 27 08:32:29 np0005537443 container-server[121660]: 172.20.0.103 - - [27/Nov/2025:08:32:29 +0000] "PUT /d1/277/AUTH_ece81c3214184c54956c375af05c2f4f/gnocchi.10cef5b0-1cac-473d-bfb4-001090ec8091/1763640000.0_mean_300.0_v3" 201 - "PUT http://172.18.0.158:8080/d1/702/AUTH_ece81c3214184c54956c375af05c2f4f/gnocchi.10cef5b0-1cac-473d-bfb4-001090ec8091/1763640000.0_mean_300.0_v3" "tx8bc3ac86b973411ebcbda-0069280c9d" "object-server 21" 0.0012 "-" 23 0
Nov 27 08:32:29 np0005537443 object-server[122032]: 172.20.0.104 - - [27/Nov/2025:08:32:29 +0000] "PUT /d1/702/AUTH_ece81c3214184c54956c375af05c2f4f/gnocchi.10cef5b0-1cac-473d-bfb4-001090ec8091/1763640000.0_mean_300.0_v3" 201 - "PUT http://172.18.0.158:8080/v1/AUTH_ece81c3214184c54956c375af05c2f4f/gnocchi.10cef5b0-1cac-473d-bfb4-001090ec8091/1763640000.0_mean_300.0_v3" "tx8bc3ac86b973411ebcbda-0069280c9d" "proxy-server 20" 0.0420 "-" 20 0
Nov 27 08:32:29 np0005537443 container-server[121660]: 172.20.0.105 - - [27/Nov/2025:08:32:29 +0000] "PUT /d1/277/AUTH_ece81c3214184c54956c375af05c2f4f/gnocchi.10cef5b0-1cac-473d-bfb4-001090ec8091/none_v3" 201 - "PUT http://172.18.0.158:8080/d1/660/AUTH_ece81c3214184c54956c375af05c2f4f/gnocchi.10cef5b0-1cac-473d-bfb4-001090ec8091/none_v3" "tx5e847cb94b574e009d486-0069280c9d" "object-server 21" 0.0006 "-" 23 0
Nov 27 08:32:29 np0005537443 object-server[122034]: 172.20.0.105 - - [27/Nov/2025:08:32:29 +0000] "PUT /d1/660/AUTH_ece81c3214184c54956c375af05c2f4f/gnocchi.10cef5b0-1cac-473d-bfb4-001090ec8091/none_v3" 201 - "PUT http://172.18.0.158:8080/v1/AUTH_ece81c3214184c54956c375af05c2f4f/gnocchi.10cef5b0-1cac-473d-bfb4-001090ec8091/none_v3" "tx5e847cb94b574e009d486-0069280c9d" "proxy-server 20" 0.0335 "-" 21 0
Nov 27 08:32:29 np0005537443 proxy-server[123624]: 172.18.0.105 172.18.0.104 27/Nov/2025/08/32/29 PUT /v1/AUTH_ece81c3214184c54956c375af05c2f4f/gnocchi.10cef5b0-1cac-473d-bfb4-001090ec8091/none_v3 HTTP/1.0 201 - python-swiftclient-3.11.1 gAAAAABpKAx_sfH7... 32 - - tx5e847cb94b574e009d486-0069280c9d - 0.0464 - - 1764232349.579434395 1764232349.625874519 0
Nov 27 08:32:34 np0005537443 object-server[121862]: Starting object replication pass.
Nov 27 08:32:34 np0005537443 object-server[121862]: 2/2 (100.00%) partitions replicated in 0.03s (62.81/sec, 0s remaining)
Nov 27 08:32:34 np0005537443 object-server[121862]: 4 successes, 0 failures
Nov 27 08:32:34 np0005537443 object-server[121862]: 2 suffixes checked - 0.00% hashed, 0.00% synced
Nov 27 08:32:34 np0005537443 object-server[121862]: Partition times: max 0.0189s, min 0.0083s, med 0.0189s
Nov 27 08:32:34 np0005537443 object-server[121862]: Object replication complete. (0.00 minutes)
Nov 27 08:32:35 np0005537443 object-server[210263]: Begin object audit "forever" mode (ZBF)
Nov 27 08:32:35 np0005537443 object-server[210263]: Object audit (ZBF). Since Thu Nov 27 08:32:35 2025: Locally: 1 passed, 0 quarantined, 0 errors, files/sec: 568.56, bytes/sec: 0.00, Total time: 0.00, Auditing time: 0.00, Rate: 0.00
Nov 27 08:32:35 np0005537443 object-server[210263]: Object audit (ZBF) "forever" mode completed: 0.00s. Total quarantined: 0, Total errors: 0, Total files/sec: 436.38, Total bytes/sec: 0.00, Auditing time: 0.00, Rate: 0.28
Nov 27 08:32:36 np0005537443 container-server[121311]: Beginning replication run
Nov 27 08:32:36 np0005537443 container-server[121311]: Replication run OVER
Nov 27 08:32:36 np0005537443 container-server[121311]: Attempted to replicate 1 dbs in 0.05236 seconds (19.09806/s)
Nov 27 08:32:36 np0005537443 container-server[121311]: Removed 0 dbs
Nov 27 08:32:36 np0005537443 container-server[121311]: 2 successes, 0 failures
Nov 27 08:32:36 np0005537443 container-server[121311]: diff:0 diff_capped:0 empty:0 hashmatch:0 no_change:2 remote_merge:0 rsync:0 ts_repl:0
Nov 27 08:32:37 np0005537443 account-server[120930]: Beginning replication run
Nov 27 08:32:37 np0005537443 account-server[120930]: Replication run OVER
Nov 27 08:32:37 np0005537443 account-server[120930]: Attempted to replicate 1 dbs in 0.01761 seconds (56.79997/s)
Nov 27 08:32:37 np0005537443 account-server[120930]: Removed 0 dbs
Nov 27 08:32:37 np0005537443 account-server[120930]: 2 successes, 0 failures
Nov 27 08:32:37 np0005537443 account-server[120930]: diff:0 diff_capped:0 empty:0 hashmatch:0 no_change:2 remote_merge:0 rsync:0 ts_repl:0
Nov 27 08:32:53 np0005537443 account-server[121266]: 172.20.0.103 - - [27/Nov/2025:08:32:53 +0000] "PUT /d1/447/AUTH_ece81c3214184c54956c375af05c2f4f/gnocchi.10cef5b0-1cac-473d-bfb4-001090ec8091" 201 - "-" "-" "container-updater 2" 0.0008 "-" 21 0
Nov 27 08:33:04 np0005537443 object-server[121862]: Starting object replication pass.
Nov 27 08:33:04 np0005537443 object-server[121862]: 2/2 (100.00%) partitions replicated in 0.04s (48.23/sec, 0s remaining)
Nov 27 08:33:04 np0005537443 object-server[121862]: 4 successes, 0 failures
Nov 27 08:33:04 np0005537443 object-server[121862]: 2 suffixes checked - 0.00% hashed, 0.00% synced
Nov 27 08:33:04 np0005537443 object-server[121862]: Partition times: max 0.0208s, min 0.0163s, med 0.0208s
Nov 27 08:33:04 np0005537443 object-server[121862]: Object replication complete. (0.00 minutes)
Nov 27 08:33:04 np0005537443 container-server[121618]: 172.20.0.103 - - [27/Nov/2025:08:33:04 +0000] "HEAD /d1/376/AUTH_ece81c3214184c54956c375af05c2f4f/gnocchi.28393ba4-ad3e-4920-96d2-37fcaf8c713a" 404 - "HEAD http://172.18.0.158:8080/v1/AUTH_ece81c3214184c54956c375af05c2f4f/gnocchi.28393ba4-ad3e-4920-96d2-37fcaf8c713a?format=json&states=listing" "tx1deaafdd095340f8ac66c-0069280cc0" "proxy-server 20" 0.0009 "-" 20 0
Nov 27 08:33:04 np0005537443 object-server[122050]: 172.20.0.103 - - [27/Nov/2025:08:33:04 +0000] "GET /d1/323/AUTH_ece81c3214184c54956c375af05c2f4f/gnocchi.28393ba4-ad3e-4920-96d2-37fcaf8c713a/none_v3" 404 70 "GET http://172.18.0.158:8080/v1/AUTH_ece81c3214184c54956c375af05c2f4f/gnocchi.28393ba4-ad3e-4920-96d2-37fcaf8c713a/none_v3" "tx1deaafdd095340f8ac66c-0069280cc0" "proxy-server 20" 0.0010 "-" 24 0
Nov 27 08:33:04 np0005537443 account-server[121266]: 172.20.0.103 - - [27/Nov/2025:08:33:04 +0000] "PUT /d1/447/AUTH_ece81c3214184c54956c375af05c2f4f/gnocchi.28393ba4-ad3e-4920-96d2-37fcaf8c713a" 201 - "PUT http://172.20.0.103:6001/d1/376/AUTH_ece81c3214184c54956c375af05c2f4f/gnocchi.28393ba4-ad3e-4920-96d2-37fcaf8c713a" "txffc9786f60ce4e8e976e1-0069280cc0" "container-server 20" 0.0085 "-" 21 0
Nov 27 08:33:04 np0005537443 container-server[121643]: 172.20.0.104 - - [27/Nov/2025:08:33:04 +0000] "PUT /d1/376/AUTH_ece81c3214184c54956c375af05c2f4f/gnocchi.28393ba4-ad3e-4920-96d2-37fcaf8c713a" 201 - "PUT http://172.18.0.158:8080/v1/AUTH_ece81c3214184c54956c375af05c2f4f/gnocchi.28393ba4-ad3e-4920-96d2-37fcaf8c713a" "txffc9786f60ce4e8e976e1-0069280cc0" "proxy-server 20" 0.0241 "-" 22 0
Nov 27 08:33:04 np0005537443 proxy-server[123624]: - - 27/Nov/2025/08/33/04 HEAD /v1/AUTH_ece81c3214184c54956c375af05c2f4f/gnocchi.28393ba4-ad3e-4920-96d2-37fcaf8c713a%3Fformat%3Djson%26states%3Dlisting HTTP/1.0 204 - Swift - - - - tx59bcf2b1aec645b3b46f3-0069280cc0 - 0.0078 RL - 1764232384.859467268 1764232384.867243052 0
Nov 27 08:33:04 np0005537443 container-server[121660]: 172.20.0.105 - - [27/Nov/2025:08:33:04 +0000] "GET /d1/376/AUTH_ece81c3214184c54956c375af05c2f4f/gnocchi.28393ba4-ad3e-4920-96d2-37fcaf8c713a" 200 2 "GET http://172.18.0.158:8080/v1/AUTH_ece81c3214184c54956c375af05c2f4f/gnocchi.28393ba4-ad3e-4920-96d2-37fcaf8c713a?format=json&states=listing" "tx59bcf2b1aec645b3b46f3-0069280cc0" "proxy-server 20" 0.0030 "-" 23 0
Nov 27 08:33:04 np0005537443 proxy-server[123624]: 172.18.0.105 172.18.0.104 27/Nov/2025/08/33/04 GET /v1/AUTH_ece81c3214184c54956c375af05c2f4f/gnocchi.28393ba4-ad3e-4920-96d2-37fcaf8c713a%3Fformat%3Djson%26states%3Dlisting HTTP/1.0 200 - python-swiftclient-3.11.1 gAAAAABpKAx_sfH7... - 2 - tx59bcf2b1aec645b3b46f3-0069280cc0 - 0.0226 - - 1764232384.856865168 1764232384.879464149 0
Nov 27 08:33:04 np0005537443 object-server[122022]: 172.20.0.103 - - [27/Nov/2025:08:33:04 +0000] "GET /d1/99/AUTH_ece81c3214184c54956c375af05c2f4f/gnocchi.28393ba4-ad3e-4920-96d2-37fcaf8c713a/1763640000.0_mean_300.0_v3" 404 70 "GET http://172.18.0.158:8080/v1/AUTH_ece81c3214184c54956c375af05c2f4f/gnocchi.28393ba4-ad3e-4920-96d2-37fcaf8c713a/1763640000.0_mean_300.0_v3" "tx031e62d91cfb453c979ea-0069280cc0" "proxy-server 20" 0.0005 "-" 16 0
Nov 27 08:33:04 np0005537443 container-server[121618]: 172.20.0.105 - - [27/Nov/2025:08:33:04 +0000] "PUT /d1/376/AUTH_ece81c3214184c54956c375af05c2f4f/gnocchi.28393ba4-ad3e-4920-96d2-37fcaf8c713a/1763640000.0_mean_300.0_v3" 201 - "PUT http://172.18.0.158:8080/d1/99/AUTH_ece81c3214184c54956c375af05c2f4f/gnocchi.28393ba4-ad3e-4920-96d2-37fcaf8c713a/1763640000.0_mean_300.0_v3" "tx0e8cc7494aba46c0a53bc-0069280cc0" "object-server 21" 0.0006 "-" 20 0
Nov 27 08:33:04 np0005537443 object-server[122034]: 172.20.0.104 - - [27/Nov/2025:08:33:04 +0000] "PUT /d1/99/AUTH_ece81c3214184c54956c375af05c2f4f/gnocchi.28393ba4-ad3e-4920-96d2-37fcaf8c713a/1763640000.0_mean_300.0_v3" 201 - "PUT http://172.18.0.158:8080/v1/AUTH_ece81c3214184c54956c375af05c2f4f/gnocchi.28393ba4-ad3e-4920-96d2-37fcaf8c713a/1763640000.0_mean_300.0_v3" "tx0e8cc7494aba46c0a53bc-0069280cc0" "proxy-server 20" 0.0199 "-" 21 0
Nov 27 08:33:04 np0005537443 object-server[122034]: 172.20.0.105 - - [27/Nov/2025:08:33:04 +0000] "PUT /d1/323/AUTH_ece81c3214184c54956c375af05c2f4f/gnocchi.28393ba4-ad3e-4920-96d2-37fcaf8c713a/none_v3" 201 - "PUT http://172.18.0.158:8080/v1/AUTH_ece81c3214184c54956c375af05c2f4f/gnocchi.28393ba4-ad3e-4920-96d2-37fcaf8c713a/none_v3" "tx50e936f8541847dc97d75-0069280cc0" "proxy-server 20" 0.0130 "-" 21 0
Nov 27 08:33:04 np0005537443 container-server[121643]: 172.20.0.103 - - [27/Nov/2025:08:33:04 +0000] "PUT /d1/376/AUTH_ece81c3214184c54956c375af05c2f4f/gnocchi.28393ba4-ad3e-4920-96d2-37fcaf8c713a/none_v3" 201 - "PUT http://172.18.0.158:8080/d1/323/AUTH_ece81c3214184c54956c375af05c2f4f/gnocchi.28393ba4-ad3e-4920-96d2-37fcaf8c713a/none_v3" "tx50e936f8541847dc97d75-0069280cc0" "object-server 21" 0.0006 "-" 22 0
Nov 27 08:33:04 np0005537443 proxy-server[123624]: 172.18.0.105 172.18.0.104 27/Nov/2025/08/33/04 PUT /v1/AUTH_ece81c3214184c54956c375af05c2f4f/gnocchi.28393ba4-ad3e-4920-96d2-37fcaf8c713a/none_v3 HTTP/1.0 201 - python-swiftclient-3.11.1 gAAAAABpKAx_sfH7... 22 - - tx50e936f8541847dc97d75-0069280cc0 - 0.0266 - - 1764232384.940638542 1764232384.967212200 0
Nov 27 08:33:05 np0005537443 container-server[121660]: 172.20.0.103 - - [27/Nov/2025:08:33:05 +0000] "HEAD /d1/255/AUTH_ece81c3214184c54956c375af05c2f4f/gnocchi.a592f6e1-5e78-4d12-9919-4453ccb7dfab" 404 - "HEAD http://172.18.0.158:8080/v1/AUTH_ece81c3214184c54956c375af05c2f4f/gnocchi.a592f6e1-5e78-4d12-9919-4453ccb7dfab?format=json&states=listing" "tx0309fc1243d74cd7b7a33-0069280cc1" "proxy-server 20" 0.0005 "-" 23 0
Nov 27 08:33:05 np0005537443 object-server[122032]: 172.20.0.103 - - [27/Nov/2025:08:33:05 +0000] "GET /d1/611/AUTH_ece81c3214184c54956c375af05c2f4f/gnocchi.a592f6e1-5e78-4d12-9919-4453ccb7dfab/none_v3" 404 70 "GET http://172.18.0.158:8080/v1/AUTH_ece81c3214184c54956c375af05c2f4f/gnocchi.a592f6e1-5e78-4d12-9919-4453ccb7dfab/none_v3" "tx0309fc1243d74cd7b7a33-0069280cc1" "proxy-server 20" 0.0008 "-" 20 0
Nov 27 08:33:05 np0005537443 container-server[121618]: 172.20.0.104 - - [27/Nov/2025:08:33:05 +0000] "PUT /d1/255/AUTH_ece81c3214184c54956c375af05c2f4f/gnocchi.a592f6e1-5e78-4d12-9919-4453ccb7dfab" 201 - "PUT http://172.18.0.158:8080/v1/AUTH_ece81c3214184c54956c375af05c2f4f/gnocchi.a592f6e1-5e78-4d12-9919-4453ccb7dfab" "txc32e17be361d4c5787c1c-0069280cc1" "proxy-server 20" 0.0205 "-" 20 0
Nov 27 08:33:05 np0005537443 account-server[121306]: 172.20.0.104 - - [27/Nov/2025:08:33:05 +0000] "PUT /d1/447/AUTH_ece81c3214184c54956c375af05c2f4f/gnocchi.a592f6e1-5e78-4d12-9919-4453ccb7dfab" 201 - "PUT http://172.20.0.104:6001/d1/255/AUTH_ece81c3214184c54956c375af05c2f4f/gnocchi.a592f6e1-5e78-4d12-9919-4453ccb7dfab" "txc32e17be361d4c5787c1c-0069280cc1" "container-server 21" 0.0066 "-" 23 0
Nov 27 08:33:05 np0005537443 container-server[121643]: 172.20.0.105 - - [27/Nov/2025:08:33:05 +0000] "HEAD /d1/255/AUTH_ece81c3214184c54956c375af05c2f4f/gnocchi.a592f6e1-5e78-4d12-9919-4453ccb7dfab" 204 - "HEAD http://172.18.0.158:8080/v1/AUTH_ece81c3214184c54956c375af05c2f4f/gnocchi.a592f6e1-5e78-4d12-9919-4453ccb7dfab?format=json&states=listing" "tx4591a6b25ac8481d82c5c-0069280cc1" "proxy-server 20" 0.0026 "-" 22 0
Nov 27 08:33:05 np0005537443 proxy-server[123624]: - - 27/Nov/2025/08/33/05 HEAD /v1/AUTH_ece81c3214184c54956c375af05c2f4f/gnocchi.a592f6e1-5e78-4d12-9919-4453ccb7dfab%3Fformat%3Djson%26states%3Dlisting HTTP/1.0 204 - Swift - - - - tx4591a6b25ac8481d82c5c-0069280cc1 - 0.0081 RL - 1764232385.437761545 1764232385.445858717 0
Nov 27 08:33:05 np0005537443 container-server[121643]: 172.20.0.105 - - [27/Nov/2025:08:33:05 +0000] "GET /d1/255/AUTH_ece81c3214184c54956c375af05c2f4f/gnocchi.a592f6e1-5e78-4d12-9919-4453ccb7dfab" 200 2 "GET http://172.18.0.158:8080/v1/AUTH_ece81c3214184c54956c375af05c2f4f/gnocchi.a592f6e1-5e78-4d12-9919-4453ccb7dfab?format=json&states=listing" "tx4591a6b25ac8481d82c5c-0069280cc1" "proxy-server 20" 0.0034 "-" 22 0
Nov 27 08:33:05 np0005537443 proxy-server[123624]: 172.18.0.103 172.18.0.104 27/Nov/2025/08/33/05 GET /v1/AUTH_ece81c3214184c54956c375af05c2f4f/gnocchi.a592f6e1-5e78-4d12-9919-4453ccb7dfab%3Fformat%3Djson%26states%3Dlisting HTTP/1.0 200 - python-swiftclient-3.11.1 gAAAAABpKAzB-Xe5... - 2 - tx4591a6b25ac8481d82c5c-0069280cc1 - 0.0277 - - 1764232385.435209751 1764232385.462952137 0
Nov 27 08:33:05 np0005537443 object-server[122022]: 172.20.0.103 - - [27/Nov/2025:08:33:05 +0000] "GET /d1/409/AUTH_ece81c3214184c54956c375af05c2f4f/gnocchi.a592f6e1-5e78-4d12-9919-4453ccb7dfab/1763640000.0_mean_300.0_v3" 404 70 "GET http://172.18.0.158:8080/v1/AUTH_ece81c3214184c54956c375af05c2f4f/gnocchi.a592f6e1-5e78-4d12-9919-4453ccb7dfab/1763640000.0_mean_300.0_v3" "tx1170d643cdc844e9b2923-0069280cc1" "proxy-server 20" 0.0004 "-" 16 0
Nov 27 08:33:05 np0005537443 object-server[122034]: 172.20.0.104 - - [27/Nov/2025:08:33:05 +0000] "PUT /d1/409/AUTH_ece81c3214184c54956c375af05c2f4f/gnocchi.a592f6e1-5e78-4d12-9919-4453ccb7dfab/1763640000.0_mean_300.0_v3" 201 - "PUT http://172.18.0.158:8080/v1/AUTH_ece81c3214184c54956c375af05c2f4f/gnocchi.a592f6e1-5e78-4d12-9919-4453ccb7dfab/1763640000.0_mean_300.0_v3" "txd0bd557b1d1e4415a06be-0069280cc1" "proxy-server 20" 0.0097 "-" 21 0
Nov 27 08:33:05 np0005537443 container-server[121623]: 172.20.0.103 - - [27/Nov/2025:08:33:05 +0000] "PUT /d1/255/AUTH_ece81c3214184c54956c375af05c2f4f/gnocchi.a592f6e1-5e78-4d12-9919-4453ccb7dfab/1763640000.0_mean_300.0_v3" 201 - "PUT http://172.18.0.158:8080/d1/409/AUTH_ece81c3214184c54956c375af05c2f4f/gnocchi.a592f6e1-5e78-4d12-9919-4453ccb7dfab/1763640000.0_mean_300.0_v3" "txd0bd557b1d1e4415a06be-0069280cc1" "object-server 18" 0.0009 "-" 21 0
Nov 27 08:33:05 np0005537443 object-server[122034]: 172.20.0.105 - - [27/Nov/2025:08:33:05 +0000] "PUT /d1/611/AUTH_ece81c3214184c54956c375af05c2f4f/gnocchi.a592f6e1-5e78-4d12-9919-4453ccb7dfab/none_v3" 201 - "PUT http://172.18.0.158:8080/v1/AUTH_ece81c3214184c54956c375af05c2f4f/gnocchi.a592f6e1-5e78-4d12-9919-4453ccb7dfab/none_v3" "txfebf635b7ff44947a0600-0069280cc1" "proxy-server 20" 0.0149 "-" 21 0
Nov 27 08:33:05 np0005537443 container-server[121660]: 172.20.0.104 - - [27/Nov/2025:08:33:05 +0000] "PUT /d1/255/AUTH_ece81c3214184c54956c375af05c2f4f/gnocchi.a592f6e1-5e78-4d12-9919-4453ccb7dfab/none_v3" 201 - "PUT http://172.18.0.158:8080/d1/611/AUTH_ece81c3214184c54956c375af05c2f4f/gnocchi.a592f6e1-5e78-4d12-9919-4453ccb7dfab/none_v3" "txfebf635b7ff44947a0600-0069280cc1" "object-server 22" 0.0008 "-" 23 0
Nov 27 08:33:05 np0005537443 proxy-server[123624]: 172.18.0.103 172.18.0.104 27/Nov/2025/08/33/05 PUT /v1/AUTH_ece81c3214184c54956c375af05c2f4f/gnocchi.a592f6e1-5e78-4d12-9919-4453ccb7dfab/none_v3 HTTP/1.0 201 - python-swiftclient-3.11.1 gAAAAABpKAzB-Xe5... 22 - - txfebf635b7ff44947a0600-0069280cc1 - 0.0376 - - 1764232385.504683971 1764232385.542246103 0
Nov 27 08:33:06 np0005537443 object-server[216140]: Begin object audit "forever" mode (ALL)
Nov 27 08:33:06 np0005537443 object-server[216139]: Begin object audit "forever" mode (ZBF)
Nov 27 08:33:06 np0005537443 object-server[216139]: Object audit (ZBF). Since Thu Nov 27 08:33:06 2025: Locally: 1 passed, 0 quarantined, 0 errors, files/sec: 421.16, bytes/sec: 0.00, Total time: 0.00, Auditing time: 0.00, Rate: 0.00
Nov 27 08:33:06 np0005537443 object-server[216140]: Object audit (ALL). Since Thu Nov 27 08:33:06 2025: Locally: 1 passed, 0 quarantined, 0 errors, files/sec: 112.30, bytes/sec: 1796.80, Total time: 0.01, Auditing time: 0.00, Rate: 0.00
Nov 27 08:33:06 np0005537443 object-server[216139]: Object audit (ZBF) "forever" mode completed: 0.09s. Total quarantined: 0, Total errors: 0, Total files/sec: 67.80, Total bytes/sec: 0.00, Auditing time: 0.08, Rate: 0.94
Nov 27 08:33:06 np0005537443 object-server[216140]: Object audit (ALL) "forever" mode completed: 0.21s. Total quarantined: 0, Total errors: 0, Total files/sec: 28.45, Total bytes/sec: 587.88, Auditing time: 0.21, Rate: 0.98
Nov 27 08:33:06 np0005537443 container-server[121311]: Beginning replication run
Nov 27 08:33:06 np0005537443 container-server[121311]: Replication run OVER
Nov 27 08:33:06 np0005537443 container-server[121311]: Attempted to replicate 3 dbs in 0.15837 seconds (18.94268/s)
Nov 27 08:33:06 np0005537443 container-server[121311]: Removed 0 dbs
Nov 27 08:33:06 np0005537443 container-server[121311]: 6 successes, 0 failures
Nov 27 08:33:06 np0005537443 container-server[121311]: diff:0 diff_capped:0 empty:0 hashmatch:0 no_change:6 remote_merge:0 rsync:0 ts_repl:0
Nov 27 08:33:07 np0005537443 account-server[120930]: Beginning replication run
Nov 27 08:33:07 np0005537443 account-server[120930]: Replication run OVER
Nov 27 08:33:07 np0005537443 account-server[120930]: Attempted to replicate 1 dbs in 0.04206 seconds (23.77812/s)
Nov 27 08:33:07 np0005537443 account-server[120930]: Removed 0 dbs
Nov 27 08:33:07 np0005537443 account-server[120930]: 2 successes, 0 failures
Nov 27 08:33:07 np0005537443 account-server[120930]: diff:0 diff_capped:0 empty:0 hashmatch:0 no_change:2 remote_merge:0 rsync:0 ts_repl:0
Nov 27 08:33:13 np0005537443 container-server[121623]: 172.20.0.103 - - [27/Nov/2025:08:33:13 +0000] "HEAD /d1/631/AUTH_ece81c3214184c54956c375af05c2f4f/gnocchi.bb7a2f99-abf4-449a-ba29-1f52b715aed6" 404 - "HEAD http://172.18.0.158:8080/v1/AUTH_ece81c3214184c54956c375af05c2f4f/gnocchi.bb7a2f99-abf4-449a-ba29-1f52b715aed6?format=json&states=listing" "tx94e00af68e824912ace3e-0069280cc9" "proxy-server 20" 0.0014 "-" 21 0
Nov 27 08:33:13 np0005537443 container-server[121618]: 172.20.0.104 - - [27/Nov/2025:08:33:13 +0000] "HEAD /d1/736/AUTH_ece81c3214184c54956c375af05c2f4f/gnocchi.e3c8f6c5-b9b7-4eed-89c3-b79968f658d1" 404 - "HEAD http://172.18.0.158:8080/v1/AUTH_ece81c3214184c54956c375af05c2f4f/gnocchi.e3c8f6c5-b9b7-4eed-89c3-b79968f658d1?format=json&states=listing" "txbc272332c8ea41e884c2f-0069280cc9" "proxy-server 20" 0.0006 "-" 20 0
Nov 27 08:33:13 np0005537443 object-server[122050]: 172.20.0.103 - - [27/Nov/2025:08:33:13 +0000] "GET /d1/400/AUTH_ece81c3214184c54956c375af05c2f4f/gnocchi.bb7a2f99-abf4-449a-ba29-1f52b715aed6/none_v3" 404 70 "GET http://172.18.0.158:8080/v1/AUTH_ece81c3214184c54956c375af05c2f4f/gnocchi.bb7a2f99-abf4-449a-ba29-1f52b715aed6/none_v3" "tx94e00af68e824912ace3e-0069280cc9" "proxy-server 20" 0.0009 "-" 24 0
Nov 27 08:33:13 np0005537443 object-server[122022]: 172.20.0.104 - - [27/Nov/2025:08:33:13 +0000] "GET /d1/334/AUTH_ece81c3214184c54956c375af05c2f4f/gnocchi.e3c8f6c5-b9b7-4eed-89c3-b79968f658d1/none_v3" 404 70 "GET http://172.18.0.158:8080/v1/AUTH_ece81c3214184c54956c375af05c2f4f/gnocchi.e3c8f6c5-b9b7-4eed-89c3-b79968f658d1/none_v3" "txbc272332c8ea41e884c2f-0069280cc9" "proxy-server 20" 0.0006 "-" 16 0
Nov 27 08:33:13 np0005537443 account-server[121252]: 172.20.0.104 - - [27/Nov/2025:08:33:13 +0000] "PUT /d1/447/AUTH_ece81c3214184c54956c375af05c2f4f/gnocchi.e3c8f6c5-b9b7-4eed-89c3-b79968f658d1" 201 - "PUT http://172.20.0.104:6001/d1/736/AUTH_ece81c3214184c54956c375af05c2f4f/gnocchi.e3c8f6c5-b9b7-4eed-89c3-b79968f658d1" "tx231b1573c0c0487bb1a87-0069280cc9" "container-server 20" 0.0022 "-" 20 0
Nov 27 08:33:13 np0005537443 account-server[121306]: 172.20.0.105 - - [27/Nov/2025:08:33:13 +0000] "PUT /d1/447/AUTH_ece81c3214184c54956c375af05c2f4f/gnocchi.bb7a2f99-abf4-449a-ba29-1f52b715aed6" 201 - "PUT http://172.20.0.105:6001/d1/631/AUTH_ece81c3214184c54956c375af05c2f4f/gnocchi.bb7a2f99-abf4-449a-ba29-1f52b715aed6" "tx2bedd76d02e14e61a7335-0069280cc9" "container-server 22" 0.0022 "-" 23 0
Nov 27 08:33:13 np0005537443 container-server[121643]: 172.20.0.105 - - [27/Nov/2025:08:33:13 +0000] "PUT /d1/631/AUTH_ece81c3214184c54956c375af05c2f4f/gnocchi.bb7a2f99-abf4-449a-ba29-1f52b715aed6" 201 - "PUT http://172.18.0.158:8080/v1/AUTH_ece81c3214184c54956c375af05c2f4f/gnocchi.bb7a2f99-abf4-449a-ba29-1f52b715aed6" "tx2bedd76d02e14e61a7335-0069280cc9" "proxy-server 20" 0.0217 "-" 22 0
Nov 27 08:33:13 np0005537443 proxy-server[123624]: 172.18.0.105 172.18.0.104 27/Nov/2025/08/33/13 PUT /v1/AUTH_ece81c3214184c54956c375af05c2f4f/gnocchi.bb7a2f99-abf4-449a-ba29-1f52b715aed6 HTTP/1.0 201 - python-swiftclient-3.11.1 gAAAAABpKAx_sfH7... - - - tx2bedd76d02e14e61a7335-0069280cc9 - 0.0375 - - 1764232393.341349840 1764232393.378846645 0
Nov 27 08:33:13 np0005537443 container-server[121623]: 172.20.0.103 - - [27/Nov/2025:08:33:13 +0000] "PUT /d1/736/AUTH_ece81c3214184c54956c375af05c2f4f/gnocchi.e3c8f6c5-b9b7-4eed-89c3-b79968f658d1" 201 - "PUT http://172.18.0.158:8080/v1/AUTH_ece81c3214184c54956c375af05c2f4f/gnocchi.e3c8f6c5-b9b7-4eed-89c3-b79968f658d1" "tx231b1573c0c0487bb1a87-0069280cc9" "proxy-server 20" 0.0291 "-" 21 0
Nov 27 08:33:13 np0005537443 container-server[121660]: 172.20.0.104 - - [27/Nov/2025:08:33:13 +0000] "HEAD /d1/31/AUTH_ece81c3214184c54956c375af05c2f4f/gnocchi.cac30b74-1162-41fd-bfe7-26243a46b556" 404 - "HEAD http://172.18.0.158:8080/v1/AUTH_ece81c3214184c54956c375af05c2f4f/gnocchi.cac30b74-1162-41fd-bfe7-26243a46b556?format=json&states=listing" "tx13a1c69a614d4a49aed10-0069280cc9" "proxy-server 20" 0.0006 "-" 23 0
Nov 27 08:33:13 np0005537443 proxy-server[123624]: - - 27/Nov/2025/08/33/13 HEAD /v1/AUTH_ece81c3214184c54956c375af05c2f4f/gnocchi.e3c8f6c5-b9b7-4eed-89c3-b79968f658d1%3Fformat%3Djson%26states%3Dlisting HTTP/1.0 204 - Swift - - - - tx6541a67a11814407b3f25-0069280cc9 - 0.0086 RL - 1764232393.390453100 1764232393.399096489 0
Nov 27 08:33:13 np0005537443 object-server[122034]: 172.20.0.104 - - [27/Nov/2025:08:33:13 +0000] "GET /d1/114/AUTH_ece81c3214184c54956c375af05c2f4f/gnocchi.cac30b74-1162-41fd-bfe7-26243a46b556/none_v3" 404 70 "GET http://172.18.0.158:8080/v1/AUTH_ece81c3214184c54956c375af05c2f4f/gnocchi.cac30b74-1162-41fd-bfe7-26243a46b556/none_v3" "tx13a1c69a614d4a49aed10-0069280cc9" "proxy-server 20" 0.0007 "-" 21 0
Nov 27 08:33:13 np0005537443 proxy-server[123624]: 172.18.0.103 172.18.0.104 27/Nov/2025/08/33/13 GET /v1/AUTH_ece81c3214184c54956c375af05c2f4f/gnocchi.e3c8f6c5-b9b7-4eed-89c3-b79968f658d1%3Fformat%3Djson%26states%3Dlisting HTTP/1.0 200 - python-swiftclient-3.11.1 gAAAAABpKAzB-Xe5... - 2 - tx6541a67a11814407b3f25-0069280cc9 - 0.0248 - - 1764232393.388004541 1764232393.412808657 0
Nov 27 08:33:13 np0005537443 object-server[122022]: 172.20.0.103 - - [27/Nov/2025:08:33:13 +0000] "GET /d1/982/AUTH_ece81c3214184c54956c375af05c2f4f/gnocchi.e3c8f6c5-b9b7-4eed-89c3-b79968f658d1/1763640000.0_mean_300.0_v3" 404 70 "GET http://172.18.0.158:8080/v1/AUTH_ece81c3214184c54956c375af05c2f4f/gnocchi.e3c8f6c5-b9b7-4eed-89c3-b79968f658d1/1763640000.0_mean_300.0_v3" "tx24819911fbad48509fc47-0069280cc9" "proxy-server 20" 0.0006 "-" 16 0
Nov 27 08:33:13 np0005537443 account-server[121289]: 172.20.0.103 - - [27/Nov/2025:08:33:13 +0000] "PUT /d1/447/AUTH_ece81c3214184c54956c375af05c2f4f/gnocchi.cac30b74-1162-41fd-bfe7-26243a46b556" 201 - "PUT http://172.20.0.103:6001/d1/31/AUTH_ece81c3214184c54956c375af05c2f4f/gnocchi.cac30b74-1162-41fd-bfe7-26243a46b556" "txed0140ae286749b8a45b8-0069280cc9" "container-server 20" 0.0071 "-" 22 0
Nov 27 08:33:13 np0005537443 container-server[121623]: 172.20.0.105 - - [27/Nov/2025:08:33:13 +0000] "PUT /d1/31/AUTH_ece81c3214184c54956c375af05c2f4f/gnocchi.cac30b74-1162-41fd-bfe7-26243a46b556" 201 - "PUT http://172.18.0.158:8080/v1/AUTH_ece81c3214184c54956c375af05c2f4f/gnocchi.cac30b74-1162-41fd-bfe7-26243a46b556" "txed0140ae286749b8a45b8-0069280cc9" "proxy-server 20" 0.0189 "-" 21 0
Nov 27 08:33:13 np0005537443 proxy-server[123624]: 172.18.0.105 172.18.0.104 27/Nov/2025/08/33/13 PUT /v1/AUTH_ece81c3214184c54956c375af05c2f4f/gnocchi.cac30b74-1162-41fd-bfe7-26243a46b556 HTTP/1.0 201 - python-swiftclient-3.11.1 gAAAAABpKAx_sfH7... - - - txed0140ae286749b8a45b8-0069280cc9 - 0.0326 - - 1764232393.426937580 1764232393.459495783 0
Nov 27 08:33:13 np0005537443 object-server[122022]: 172.20.0.104 - - [27/Nov/2025:08:33:13 +0000] "PUT /d1/982/AUTH_ece81c3214184c54956c375af05c2f4f/gnocchi.e3c8f6c5-b9b7-4eed-89c3-b79968f658d1/1763640000.0_mean_300.0_v3" 201 - "PUT http://172.18.0.158:8080/v1/AUTH_ece81c3214184c54956c375af05c2f4f/gnocchi.e3c8f6c5-b9b7-4eed-89c3-b79968f658d1/1763640000.0_mean_300.0_v3" "tx05266e5af68d46eb87d53-0069280cc9" "proxy-server 20" 0.0207 "-" 16 0
Nov 27 08:33:13 np0005537443 container-server[121623]: 172.20.0.104 - - [27/Nov/2025:08:33:13 +0000] "PUT /d1/736/AUTH_ece81c3214184c54956c375af05c2f4f/gnocchi.e3c8f6c5-b9b7-4eed-89c3-b79968f658d1/1763640000.0_mean_300.0_v3" 201 - "PUT http://172.18.0.158:8080/d1/982/AUTH_ece81c3214184c54956c375af05c2f4f/gnocchi.e3c8f6c5-b9b7-4eed-89c3-b79968f658d1/1763640000.0_mean_300.0_v3" "tx05266e5af68d46eb87d53-0069280cc9" "object-server 24" 0.0008 "-" 21 0
Nov 27 08:33:13 np0005537443 container-server[121618]: 172.20.0.104 - - [27/Nov/2025:08:33:13 +0000] "HEAD /d1/31/AUTH_ece81c3214184c54956c375af05c2f4f/gnocchi.cac30b74-1162-41fd-bfe7-26243a46b556" 204 - "HEAD http://172.18.0.158:8080/v1/AUTH_ece81c3214184c54956c375af05c2f4f/gnocchi.cac30b74-1162-41fd-bfe7-26243a46b556?format=json&states=listing" "tx9c003f084a314d9a8c08a-0069280cc9" "proxy-server 20" 0.0026 "-" 20 0
Nov 27 08:33:13 np0005537443 container-server[121660]: 172.20.0.105 - - [27/Nov/2025:08:33:13 +0000] "PUT /d1/736/AUTH_ece81c3214184c54956c375af05c2f4f/gnocchi.e3c8f6c5-b9b7-4eed-89c3-b79968f658d1/none_v3" 201 - "PUT http://172.18.0.158:8080/d1/334/AUTH_ece81c3214184c54956c375af05c2f4f/gnocchi.e3c8f6c5-b9b7-4eed-89c3-b79968f658d1/none_v3" "txf12cdf07f5cf42cba2355-0069280cc9" "object-server 16" 0.0007 "-" 23 0
Nov 27 08:33:13 np0005537443 object-server[122022]: 172.20.0.105 - - [27/Nov/2025:08:33:13 +0000] "PUT /d1/334/AUTH_ece81c3214184c54956c375af05c2f4f/gnocchi.e3c8f6c5-b9b7-4eed-89c3-b79968f658d1/none_v3" 201 - "PUT http://172.18.0.158:8080/v1/AUTH_ece81c3214184c54956c375af05c2f4f/gnocchi.e3c8f6c5-b9b7-4eed-89c3-b79968f658d1/none_v3" "txf12cdf07f5cf42cba2355-0069280cc9" "proxy-server 20" 0.0233 "-" 16 0
Nov 27 08:33:13 np0005537443 container-server[121660]: 172.20.0.104 - - [27/Nov/2025:08:33:13 +0000] "GET /d1/31/AUTH_ece81c3214184c54956c375af05c2f4f/gnocchi.cac30b74-1162-41fd-bfe7-26243a46b556" 200 2 "GET http://172.18.0.158:8080/v1/AUTH_ece81c3214184c54956c375af05c2f4f/gnocchi.cac30b74-1162-41fd-bfe7-26243a46b556?format=json&states=listing" "tx9c003f084a314d9a8c08a-0069280cc9" "proxy-server 20" 0.0040 "-" 23 0
Nov 27 08:33:13 np0005537443 object-server[122050]: 172.20.0.103 - - [27/Nov/2025:08:33:13 +0000] "GET /d1/73/AUTH_ece81c3214184c54956c375af05c2f4f/gnocchi.bb7a2f99-abf4-449a-ba29-1f52b715aed6/1763640000.0_mean_300.0_v3" 404 70 "GET http://172.18.0.158:8080/v1/AUTH_ece81c3214184c54956c375af05c2f4f/gnocchi.bb7a2f99-abf4-449a-ba29-1f52b715aed6/1763640000.0_mean_300.0_v3" "txbf2347334faf4b408a327-0069280cc9" "proxy-server 20" 0.0005 "-" 24 0
Nov 27 08:33:13 np0005537443 object-server[122050]: 172.20.0.104 - - [27/Nov/2025:08:33:13 +0000] "GET /d1/585/AUTH_ece81c3214184c54956c375af05c2f4f/gnocchi.cac30b74-1162-41fd-bfe7-26243a46b556/1763640000.0_mean_300.0_v3" 404 70 "GET http://172.18.0.158:8080/v1/AUTH_ece81c3214184c54956c375af05c2f4f/gnocchi.cac30b74-1162-41fd-bfe7-26243a46b556/1763640000.0_mean_300.0_v3" "txe640e4594c2b416e89ec8-0069280cc9" "proxy-server 20" 0.0004 "-" 24 0
Nov 27 08:33:13 np0005537443 proxy-server[123624]: 172.18.0.103 172.18.0.104 27/Nov/2025/08/33/13 PUT /v1/AUTH_ece81c3214184c54956c375af05c2f4f/gnocchi.e3c8f6c5-b9b7-4eed-89c3-b79968f658d1/none_v3 HTTP/1.0 201 - python-swiftclient-3.11.1 gAAAAABpKAzB-Xe5... 22 - - txf12cdf07f5cf42cba2355-0069280cc9 - 0.0901 - - 1764232393.488355875 1764232393.578490019 0
Nov 27 08:33:13 np0005537443 container-server[121643]: 172.20.0.104 - - [27/Nov/2025:08:33:13 +0000] "PUT /d1/631/AUTH_ece81c3214184c54956c375af05c2f4f/gnocchi.bb7a2f99-abf4-449a-ba29-1f52b715aed6/1763640000.0_mean_300.0_v3" 201 - "PUT http://172.18.0.158:8080/d1/73/AUTH_ece81c3214184c54956c375af05c2f4f/gnocchi.bb7a2f99-abf4-449a-ba29-1f52b715aed6/1763640000.0_mean_300.0_v3" "tx40762d33a4a14f5887656-0069280cc9" "object-server 25" 0.0011 "-" 22 0
Nov 27 08:33:13 np0005537443 object-server[122032]: 172.20.0.103 - - [27/Nov/2025:08:33:13 +0000] "PUT /d1/73/AUTH_ece81c3214184c54956c375af05c2f4f/gnocchi.bb7a2f99-abf4-449a-ba29-1f52b715aed6/1763640000.0_mean_300.0_v3" 201 - "PUT http://172.18.0.158:8080/v1/AUTH_ece81c3214184c54956c375af05c2f4f/gnocchi.bb7a2f99-abf4-449a-ba29-1f52b715aed6/1763640000.0_mean_300.0_v3" "tx40762d33a4a14f5887656-0069280cc9" "proxy-server 20" 0.0130 "-" 20 0
Nov 27 08:33:13 np0005537443 container-server[121643]: 172.20.0.104 - - [27/Nov/2025:08:33:13 +0000] "HEAD /d1/410/AUTH_ece81c3214184c54956c375af05c2f4f/gnocchi.27bd9a82-8708-4570-8037-cd32eafea7ca" 404 - "HEAD http://172.18.0.158:8080/v1/AUTH_ece81c3214184c54956c375af05c2f4f/gnocchi.27bd9a82-8708-4570-8037-cd32eafea7ca?format=json&states=listing" "tx9a75ca637ac546969012c-0069280cc9" "proxy-server 20" 0.0013 "-" 22 0
