Nov 27 08:34:05 np0005537441 object-server[125642]: 172.20.0.103 - - [27/Nov/2025:08:34:05 +0000] "GET /d1/783/AUTH_ece81c3214184c54956c375af05c2f4f/gnocchi.5eeb2c2d-f661-444c-aaeb-b43a6648d752/1763640000.0_mean_300.0_v3" 404 70 "GET http://172.18.0.158:8080/v1/AUTH_ece81c3214184c54956c375af05c2f4f/gnocchi.5eeb2c2d-f661-444c-aaeb-b43a6648d752/1763640000.0_mean_300.0_v3" "txc9a81c89cb0f4096876c0-0069280cfd" "proxy-server 20" 0.0005 "-" 20 0
Nov 27 08:34:05 np0005537441 proxy-server[126999]: 172.18.0.103 172.18.0.104 27/Nov/2025/08/34/05 GET /v1/AUTH_ece81c3214184c54956c375af05c2f4f/gnocchi.5eeb2c2d-f661-444c-aaeb-b43a6648d752/1763640000.0_mean_300.0_v3 HTTP/1.0 404 - python-swiftclient-3.11.1 gAAAAABpKAzB-Xe5... - 70 - txc9a81c89cb0f4096876c0-0069280cfd - 0.0122 - - 1764232445.798893213 1764232445.811047792 0
Nov 27 08:34:05 np0005537441 object-server[125632]: 172.20.0.105 - - [27/Nov/2025:08:34:05 +0000] "PUT /d1/134/AUTH_ece81c3214184c54956c375af05c2f4f/gnocchi.8191bfaf-d9af-48e2-bfc8-5d23e696ee10/1763640000.0_mean_300.0_v3" 201 - "PUT http://172.18.0.158:8080/v1/AUTH_ece81c3214184c54956c375af05c2f4f/gnocchi.8191bfaf-d9af-48e2-bfc8-5d23e696ee10/1763640000.0_mean_300.0_v3" "txf17dc01e8f8948868e69b-0069280cfd" "proxy-server 20" 0.0126 "-" 18 0
Nov 27 08:34:05 np0005537441 object-server[125635]: 172.20.0.104 - - [27/Nov/2025:08:34:05 +0000] "GET /d1/549/AUTH_ece81c3214184c54956c375af05c2f4f/gnocchi.7f8b3d46-6254-4186-9dc1-0d87082affd2/1763640000.0_mean_300.0_v3" 404 70 "GET http://172.18.0.158:8080/v1/AUTH_ece81c3214184c54956c375af05c2f4f/gnocchi.7f8b3d46-6254-4186-9dc1-0d87082affd2/1763640000.0_mean_300.0_v3" "tx1049a3568f5c4b65a8e97-0069280cfd" "proxy-server 20" 0.0007 "-" 19 0
Nov 27 08:34:05 np0005537441 container-server[125137]: 172.20.0.105 - - [27/Nov/2025:08:34:05 +0000] "HEAD /d1/744/AUTH_ece81c3214184c54956c375af05c2f4f/gnocchi.a810e4b9-eb68-4cf0-903a-360b9882c553" 404 - "HEAD http://172.18.0.158:8080/v1/AUTH_ece81c3214184c54956c375af05c2f4f/gnocchi.a810e4b9-eb68-4cf0-903a-360b9882c553?format=json&states=listing" "tx764af6c4d1d44001878cf-0069280cfd" "proxy-server 20" 0.0006 "-" 19 0
Nov 27 08:34:05 np0005537441 container-server[125162]: 172.20.0.105 - - [27/Nov/2025:08:34:05 +0000] "PUT /d1/559/AUTH_ece81c3214184c54956c375af05c2f4f/gnocchi.8191bfaf-d9af-48e2-bfc8-5d23e696ee10/none_v3" 201 - "PUT http://172.18.0.158:8080/d1/133/AUTH_ece81c3214184c54956c375af05c2f4f/gnocchi.8191bfaf-d9af-48e2-bfc8-5d23e696ee10/none_v3" "tx4e0a58f7d4f645f6a0a92-0069280cfd" "object-server 24" 0.0007 "-" 20 0
Nov 27 08:34:05 np0005537441 object-server[125642]: 172.20.0.103 - - [27/Nov/2025:08:34:05 +0000] "PUT /d1/133/AUTH_ece81c3214184c54956c375af05c2f4f/gnocchi.8191bfaf-d9af-48e2-bfc8-5d23e696ee10/none_v3" 201 - "PUT http://172.18.0.158:8080/v1/AUTH_ece81c3214184c54956c375af05c2f4f/gnocchi.8191bfaf-d9af-48e2-bfc8-5d23e696ee10/none_v3" "tx4e0a58f7d4f645f6a0a92-0069280cfd" "proxy-server 20" 0.0142 "-" 20 0
Nov 27 08:34:05 np0005537441 proxy-server[126999]: 172.18.0.158 172.18.0.104 27/Nov/2025/08/34/05 PUT /v1/AUTH_ece81c3214184c54956c375af05c2f4f/gnocchi.8191bfaf-d9af-48e2-bfc8-5d23e696ee10/none_v3 HTTP/1.0 201 - python-swiftclient-3.11.1 gAAAAABpKAzJpV3u... 22 - - tx4e0a58f7d4f645f6a0a92-0069280cfd - 0.0254 - - 1764232445.821030617 1764232445.846422672 0
Nov 27 08:34:05 np0005537441 object-server[125642]: 172.20.0.105 - - [27/Nov/2025:08:34:05 +0000] "GET /d1/895/AUTH_ece81c3214184c54956c375af05c2f4f/gnocchi.a810e4b9-eb68-4cf0-903a-360b9882c553/none_v3" 404 70 "GET http://172.18.0.158:8080/v1/AUTH_ece81c3214184c54956c375af05c2f4f/gnocchi.a810e4b9-eb68-4cf0-903a-360b9882c553/none_v3" "tx764af6c4d1d44001878cf-0069280cfd" "proxy-server 20" 0.0002 "-" 20 0
Nov 27 08:34:05 np0005537441 container-server[125201]: 172.20.0.103 - - [27/Nov/2025:08:34:05 +0000] "PUT /d1/751/AUTH_ece81c3214184c54956c375af05c2f4f/gnocchi.5eeb2c2d-f661-444c-aaeb-b43a6648d752/1763640000.0_mean_300.0_v3" 201 - "PUT http://172.18.0.158:8080/d1/783/AUTH_ece81c3214184c54956c375af05c2f4f/gnocchi.5eeb2c2d-f661-444c-aaeb-b43a6648d752/1763640000.0_mean_300.0_v3" "tx2af66fdf0f824378b5993-0069280cfd" "object-server 21" 0.0010 "-" 22 0
Nov 27 08:34:05 np0005537441 object-server[125649]: 172.20.0.104 - - [27/Nov/2025:08:34:05 +0000] "PUT /d1/783/AUTH_ece81c3214184c54956c375af05c2f4f/gnocchi.5eeb2c2d-f661-444c-aaeb-b43a6648d752/1763640000.0_mean_300.0_v3" 201 - "PUT http://172.18.0.158:8080/v1/AUTH_ece81c3214184c54956c375af05c2f4f/gnocchi.5eeb2c2d-f661-444c-aaeb-b43a6648d752/1763640000.0_mean_300.0_v3" "tx2af66fdf0f824378b5993-0069280cfd" "proxy-server 20" 0.0139 "-" 21 0
Nov 27 08:34:05 np0005537441 container-server[125137]: 172.20.0.103 - - [27/Nov/2025:08:34:05 +0000] "HEAD /d1/28/AUTH_ece81c3214184c54956c375af05c2f4f/gnocchi.b9a53ce3-89df-45f5-bb9b-6c435da4c58f" 404 - "HEAD http://172.18.0.158:8080/v1/AUTH_ece81c3214184c54956c375af05c2f4f/gnocchi.b9a53ce3-89df-45f5-bb9b-6c435da4c58f?format=json&states=listing" "tx4937ab8eedfe4369b42e7-0069280cfd" "proxy-server 20" 0.0006 "-" 19 0
Nov 27 08:34:05 np0005537441 container-server[125137]: 172.20.0.105 - - [27/Nov/2025:08:34:05 +0000] "PUT /d1/403/AUTH_ece81c3214184c54956c375af05c2f4f/gnocchi.7f8b3d46-6254-4186-9dc1-0d87082affd2/1763640000.0_mean_300.0_v3" 201 - "PUT http://172.18.0.158:8080/d1/549/AUTH_ece81c3214184c54956c375af05c2f4f/gnocchi.7f8b3d46-6254-4186-9dc1-0d87082affd2/1763640000.0_mean_300.0_v3" "tx594862a4afef4918993ad-0069280cfd" "object-server 21" 0.0008 "-" 19 0
Nov 27 08:34:05 np0005537441 object-server[125642]: 172.20.0.104 - - [27/Nov/2025:08:34:05 +0000] "PUT /d1/549/AUTH_ece81c3214184c54956c375af05c2f4f/gnocchi.7f8b3d46-6254-4186-9dc1-0d87082affd2/1763640000.0_mean_300.0_v3" 201 - "PUT http://172.18.0.158:8080/v1/AUTH_ece81c3214184c54956c375af05c2f4f/gnocchi.7f8b3d46-6254-4186-9dc1-0d87082affd2/1763640000.0_mean_300.0_v3" "tx594862a4afef4918993ad-0069280cfd" "proxy-server 20" 0.0138 "-" 20 0
Nov 27 08:34:05 np0005537441 object-server[125635]: 172.20.0.103 - - [27/Nov/2025:08:34:05 +0000] "GET /d1/1006/AUTH_ece81c3214184c54956c375af05c2f4f/gnocchi.b9a53ce3-89df-45f5-bb9b-6c435da4c58f/none_v3" 404 70 "GET http://172.18.0.158:8080/v1/AUTH_ece81c3214184c54956c375af05c2f4f/gnocchi.b9a53ce3-89df-45f5-bb9b-6c435da4c58f/none_v3" "tx4937ab8eedfe4369b42e7-0069280cfd" "proxy-server 20" 0.0004 "-" 19 0
Nov 27 08:34:05 np0005537441 proxy-server[126999]: 172.18.0.158 172.18.0.104 27/Nov/2025/08/34/05 GET /v1/AUTH_ece81c3214184c54956c375af05c2f4f/gnocchi.b9a53ce3-89df-45f5-bb9b-6c435da4c58f/none_v3 HTTP/1.0 404 - python-swiftclient-3.11.1 gAAAAABpKAzJpV3u... - 70 - tx4937ab8eedfe4369b42e7-0069280cfd - 0.0292 - - 1764232445.861989021 1764232445.891197205 0
Nov 27 08:34:05 np0005537441 container-server[125162]: 172.20.0.105 - - [27/Nov/2025:08:34:05 +0000] "PUT /d1/744/AUTH_ece81c3214184c54956c375af05c2f4f/gnocchi.a810e4b9-eb68-4cf0-903a-360b9882c553" 201 - "PUT http://172.18.0.158:8080/v1/AUTH_ece81c3214184c54956c375af05c2f4f/gnocchi.a810e4b9-eb68-4cf0-903a-360b9882c553" "txd2e90cc2894a4b158e003-0069280cfd" "proxy-server 20" 0.0200 "-" 20 0
Nov 27 08:34:05 np0005537441 account-server[125075]: 172.20.0.104 - - [27/Nov/2025:08:34:05 +0000] "PUT /d1/447/AUTH_ece81c3214184c54956c375af05c2f4f/gnocchi.a810e4b9-eb68-4cf0-903a-360b9882c553" 201 - "PUT http://172.20.0.104:6001/d1/744/AUTH_ece81c3214184c54956c375af05c2f4f/gnocchi.a810e4b9-eb68-4cf0-903a-360b9882c553" "txd2e90cc2894a4b158e003-0069280cfd" "container-server 20" 0.0049 "-" 23 0
Nov 27 08:34:05 np0005537441 account-server[125073]: 172.20.0.104 - - [27/Nov/2025:08:34:05 +0000] "PUT /d1/447/AUTH_ece81c3214184c54956c375af05c2f4f/gnocchi.b9a53ce3-89df-45f5-bb9b-6c435da4c58f" 201 - "PUT http://172.20.0.104:6001/d1/28/AUTH_ece81c3214184c54956c375af05c2f4f/gnocchi.b9a53ce3-89df-45f5-bb9b-6c435da4c58f" "tx58196f96a7744f1db7eb2-0069280cfd" "container-server 21" 0.0051 "-" 22 0
Nov 27 08:34:05 np0005537441 container-server[125201]: 172.20.0.104 - - [27/Nov/2025:08:34:05 +0000] "PUT /d1/28/AUTH_ece81c3214184c54956c375af05c2f4f/gnocchi.b9a53ce3-89df-45f5-bb9b-6c435da4c58f" 201 - "PUT http://172.18.0.158:8080/v1/AUTH_ece81c3214184c54956c375af05c2f4f/gnocchi.b9a53ce3-89df-45f5-bb9b-6c435da4c58f" "tx58196f96a7744f1db7eb2-0069280cfd" "proxy-server 20" 0.0195 "-" 22 0
Nov 27 08:34:05 np0005537441 object-server[125649]: 172.20.0.103 - - [27/Nov/2025:08:34:05 +0000] "PUT /d1/851/AUTH_ece81c3214184c54956c375af05c2f4f/gnocchi.5eeb2c2d-f661-444c-aaeb-b43a6648d752/none_v3" 201 - "PUT http://172.18.0.158:8080/v1/AUTH_ece81c3214184c54956c375af05c2f4f/gnocchi.5eeb2c2d-f661-444c-aaeb-b43a6648d752/none_v3" "tx83c8a1d3bc124c9cb91b0-0069280cfd" "proxy-server 20" 0.0156 "-" 21 0
Nov 27 08:34:05 np0005537441 container-server[125137]: 172.20.0.105 - - [27/Nov/2025:08:34:05 +0000] "PUT /d1/751/AUTH_ece81c3214184c54956c375af05c2f4f/gnocchi.5eeb2c2d-f661-444c-aaeb-b43a6648d752/none_v3" 201 - "PUT http://172.18.0.158:8080/d1/851/AUTH_ece81c3214184c54956c375af05c2f4f/gnocchi.5eeb2c2d-f661-444c-aaeb-b43a6648d752/none_v3" "tx83c8a1d3bc124c9cb91b0-0069280cfd" "object-server 16" 0.0008 "-" 19 0
Nov 27 08:34:05 np0005537441 proxy-server[126999]: 172.18.0.103 172.18.0.104 27/Nov/2025/08/34/05 PUT /v1/AUTH_ece81c3214184c54956c375af05c2f4f/gnocchi.5eeb2c2d-f661-444c-aaeb-b43a6648d752/none_v3 HTTP/1.0 201 - python-swiftclient-3.11.1 gAAAAABpKAzB-Xe5... 22 - - tx83c8a1d3bc124c9cb91b0-0069280cfd - 0.0335 - - 1764232445.895568371 1764232445.929080725 0
Nov 27 08:34:05 np0005537441 container-server[125201]: 172.20.0.103 - - [27/Nov/2025:08:34:05 +0000] "PUT /d1/403/AUTH_ece81c3214184c54956c375af05c2f4f/gnocchi.7f8b3d46-6254-4186-9dc1-0d87082affd2/none_v3" 201 - "PUT http://172.18.0.158:8080/d1/211/AUTH_ece81c3214184c54956c375af05c2f4f/gnocchi.7f8b3d46-6254-4186-9dc1-0d87082affd2/none_v3" "tx9d7078a0d2184941ab9ed-0069280cfd" "object-server 21" 0.0006 "-" 22 0
Nov 27 08:34:05 np0005537441 container-server[125184]: 172.20.0.104 - - [27/Nov/2025:08:34:05 +0000] "HEAD /d1/28/AUTH_ece81c3214184c54956c375af05c2f4f/gnocchi.b9a53ce3-89df-45f5-bb9b-6c435da4c58f" 204 - "HEAD http://172.18.0.158:8080/v1/AUTH_ece81c3214184c54956c375af05c2f4f/gnocchi.b9a53ce3-89df-45f5-bb9b-6c435da4c58f?format=json&states=listing" "tx5534a61edbb84af5857e2-0069280cfd" "proxy-server 20" 0.0025 "-" 21 0
Nov 27 08:34:05 np0005537441 object-server[125649]: 172.20.0.103 - - [27/Nov/2025:08:34:05 +0000] "PUT /d1/211/AUTH_ece81c3214184c54956c375af05c2f4f/gnocchi.7f8b3d46-6254-4186-9dc1-0d87082affd2/none_v3" 201 - "PUT http://172.18.0.158:8080/v1/AUTH_ece81c3214184c54956c375af05c2f4f/gnocchi.7f8b3d46-6254-4186-9dc1-0d87082affd2/none_v3" "tx9d7078a0d2184941ab9ed-0069280cfd" "proxy-server 20" 0.0161 "-" 21 0
Nov 27 08:34:05 np0005537441 object-server[125642]: 172.20.0.105 - - [27/Nov/2025:08:34:05 +0000] "GET /d1/500/AUTH_ece81c3214184c54956c375af05c2f4f/gnocchi.a810e4b9-eb68-4cf0-903a-360b9882c553/1763640000.0_mean_300.0_v3" 404 70 "GET http://172.18.0.158:8080/v1/AUTH_ece81c3214184c54956c375af05c2f4f/gnocchi.a810e4b9-eb68-4cf0-903a-360b9882c553/1763640000.0_mean_300.0_v3" "txca3e32b758914d01b4262-0069280cfd" "proxy-server 20" 0.0005 "-" 20 0
Nov 27 08:34:05 np0005537441 proxy-server[126999]: 172.18.0.103 172.18.0.104 27/Nov/2025/08/34/05 PUT /v1/AUTH_ece81c3214184c54956c375af05c2f4f/gnocchi.7f8b3d46-6254-4186-9dc1-0d87082affd2/none_v3 HTTP/1.0 201 - python-swiftclient-3.11.1 gAAAAABpKAzB-Xe5... 22 - - tx9d7078a0d2184941ab9ed-0069280cfd - 0.0256 - - 1764232445.932438135 1764232445.958011627 0
Nov 27 08:34:05 np0005537441 object-server[125635]: 172.20.0.103 - - [27/Nov/2025:08:34:05 +0000] "GET /d1/47/AUTH_ece81c3214184c54956c375af05c2f4f/gnocchi.b9a53ce3-89df-45f5-bb9b-6c435da4c58f/1763640000.0_mean_300.0_v3" 404 70 "GET http://172.18.0.158:8080/v1/AUTH_ece81c3214184c54956c375af05c2f4f/gnocchi.b9a53ce3-89df-45f5-bb9b-6c435da4c58f/1763640000.0_mean_300.0_v3" "tx50ae195f961a404abd8f1-0069280cfd" "proxy-server 20" 0.0005 "-" 19 0
Nov 27 08:34:05 np0005537441 proxy-server[126999]: 172.18.0.158 172.18.0.104 27/Nov/2025/08/34/05 GET /v1/AUTH_ece81c3214184c54956c375af05c2f4f/gnocchi.b9a53ce3-89df-45f5-bb9b-6c435da4c58f/1763640000.0_mean_300.0_v3 HTTP/1.0 404 - python-swiftclient-3.11.1 gAAAAABpKAzJpV3u... - 70 - tx50ae195f961a404abd8f1-0069280cfd - 0.0173 - - 1764232445.974957466 1764232445.992238998 0
Nov 27 08:34:05 np0005537441 container-server[125184]: 172.20.0.105 - - [27/Nov/2025:08:34:05 +0000] "HEAD /d1/498/AUTH_ece81c3214184c54956c375af05c2f4f/gnocchi.bd52dd4b-08ed-4939-a37d-67aee58e632d" 404 - "HEAD http://172.18.0.158:8080/v1/AUTH_ece81c3214184c54956c375af05c2f4f/gnocchi.bd52dd4b-08ed-4939-a37d-67aee58e632d?format=json&states=listing" "tx9cf084821980481a8ac50-0069280cfd" "proxy-server 20" 0.0005 "-" 21 0
Nov 27 08:34:06 np0005537441 container-server[125184]: 172.20.0.104 - - [27/Nov/2025:08:34:06 +0000] "PUT /d1/744/AUTH_ece81c3214184c54956c375af05c2f4f/gnocchi.a810e4b9-eb68-4cf0-903a-360b9882c553/1763640000.0_mean_300.0_v3" 201 - "PUT http://172.18.0.158:8080/d1/500/AUTH_ece81c3214184c54956c375af05c2f4f/gnocchi.a810e4b9-eb68-4cf0-903a-360b9882c553/1763640000.0_mean_300.0_v3" "tx7f6223e0cf6a4bfc89d6b-0069280cfd" "object-server 25" 0.0005 "-" 21 0
Nov 27 08:34:06 np0005537441 object-server[125632]: 172.20.0.104 - - [27/Nov/2025:08:34:06 +0000] "PUT /d1/500/AUTH_ece81c3214184c54956c375af05c2f4f/gnocchi.a810e4b9-eb68-4cf0-903a-360b9882c553/1763640000.0_mean_300.0_v3" 201 - "PUT http://172.18.0.158:8080/v1/AUTH_ece81c3214184c54956c375af05c2f4f/gnocchi.a810e4b9-eb68-4cf0-903a-360b9882c553/1763640000.0_mean_300.0_v3" "tx7f6223e0cf6a4bfc89d6b-0069280cfd" "proxy-server 20" 0.0131 "-" 18 0
Nov 27 08:34:06 np0005537441 container-server[125201]: 172.20.0.105 - - [27/Nov/2025:08:34:06 +0000] "PUT /d1/28/AUTH_ece81c3214184c54956c375af05c2f4f/gnocchi.b9a53ce3-89df-45f5-bb9b-6c435da4c58f/1763640000.0_mean_300.0_v3" 201 - "PUT http://172.18.0.158:8080/d1/47/AUTH_ece81c3214184c54956c375af05c2f4f/gnocchi.b9a53ce3-89df-45f5-bb9b-6c435da4c58f/1763640000.0_mean_300.0_v3" "tx490e64021f6f4615a1910-0069280cfd" "object-server 21" 0.0009 "-" 22 0
Nov 27 08:34:06 np0005537441 object-server[125632]: 172.20.0.103 - - [27/Nov/2025:08:34:06 +0000] "PUT /d1/47/AUTH_ece81c3214184c54956c375af05c2f4f/gnocchi.b9a53ce3-89df-45f5-bb9b-6c435da4c58f/1763640000.0_mean_300.0_v3" 201 - "PUT http://172.18.0.158:8080/v1/AUTH_ece81c3214184c54956c375af05c2f4f/gnocchi.b9a53ce3-89df-45f5-bb9b-6c435da4c58f/1763640000.0_mean_300.0_v3" "tx490e64021f6f4615a1910-0069280cfd" "proxy-server 20" 0.0129 "-" 18 0
Nov 27 08:34:06 np0005537441 proxy-server[126999]: 172.18.0.158 172.18.0.104 27/Nov/2025/08/34/06 PUT /v1/AUTH_ece81c3214184c54956c375af05c2f4f/gnocchi.b9a53ce3-89df-45f5-bb9b-6c435da4c58f/1763640000.0_mean_300.0_v3 HTTP/1.0 201 - python-swiftclient-3.11.1 gAAAAABpKAzJpV3u... 16 - - tx490e64021f6f4615a1910-0069280cfd - 0.0235 - - 1764232445.996858597 1764232446.020349264 0
Nov 27 08:34:06 np0005537441 object-server[125642]: 172.20.0.105 - - [27/Nov/2025:08:34:06 +0000] "GET /d1/244/AUTH_ece81c3214184c54956c375af05c2f4f/gnocchi.bd52dd4b-08ed-4939-a37d-67aee58e632d/none_v3" 404 70 "GET http://172.18.0.158:8080/v1/AUTH_ece81c3214184c54956c375af05c2f4f/gnocchi.bd52dd4b-08ed-4939-a37d-67aee58e632d/none_v3" "tx9cf084821980481a8ac50-0069280cfd" "proxy-server 20" 0.0005 "-" 20 0
Nov 27 08:34:06 np0005537441 container-server[125201]: 172.20.0.103 - - [27/Nov/2025:08:34:06 +0000] "PUT /d1/744/AUTH_ece81c3214184c54956c375af05c2f4f/gnocchi.a810e4b9-eb68-4cf0-903a-360b9882c553/none_v3" 201 - "PUT http://172.18.0.158:8080/d1/895/AUTH_ece81c3214184c54956c375af05c2f4f/gnocchi.a810e4b9-eb68-4cf0-903a-360b9882c553/none_v3" "txe4ea62a231b847cba59c3-0069280cfe" "object-server 20" 0.0006 "-" 22 0
Nov 27 08:34:06 np0005537441 object-server[125642]: 172.20.0.104 - - [27/Nov/2025:08:34:06 +0000] "PUT /d1/895/AUTH_ece81c3214184c54956c375af05c2f4f/gnocchi.a810e4b9-eb68-4cf0-903a-360b9882c553/none_v3" 201 - "PUT http://172.18.0.158:8080/v1/AUTH_ece81c3214184c54956c375af05c2f4f/gnocchi.a810e4b9-eb68-4cf0-903a-360b9882c553/none_v3" "txe4ea62a231b847cba59c3-0069280cfe" "proxy-server 20" 0.0111 "-" 20 0
Nov 27 08:34:06 np0005537441 container-server[125137]: 172.20.0.103 - - [27/Nov/2025:08:34:06 +0000] "PUT /d1/28/AUTH_ece81c3214184c54956c375af05c2f4f/gnocchi.b9a53ce3-89df-45f5-bb9b-6c435da4c58f/none_v3" 201 - "PUT http://172.18.0.158:8080/d1/1006/AUTH_ece81c3214184c54956c375af05c2f4f/gnocchi.b9a53ce3-89df-45f5-bb9b-6c435da4c58f/none_v3" "tx7041be11c1574a8f8a464-0069280cfe" "object-server 21" 0.0007 "-" 19 0
Nov 27 08:34:06 np0005537441 object-server[125649]: 172.20.0.103 - - [27/Nov/2025:08:34:06 +0000] "PUT /d1/1006/AUTH_ece81c3214184c54956c375af05c2f4f/gnocchi.b9a53ce3-89df-45f5-bb9b-6c435da4c58f/none_v3" 201 - "PUT http://172.18.0.158:8080/v1/AUTH_ece81c3214184c54956c375af05c2f4f/gnocchi.b9a53ce3-89df-45f5-bb9b-6c435da4c58f/none_v3" "tx7041be11c1574a8f8a464-0069280cfe" "proxy-server 20" 0.0151 "-" 21 0
Nov 27 08:34:06 np0005537441 proxy-server[126999]: 172.18.0.158 172.18.0.104 27/Nov/2025/08/34/06 PUT /v1/AUTH_ece81c3214184c54956c375af05c2f4f/gnocchi.b9a53ce3-89df-45f5-bb9b-6c435da4c58f/none_v3 HTTP/1.0 201 - python-swiftclient-3.11.1 gAAAAABpKAzJpV3u... 22 - - tx7041be11c1574a8f8a464-0069280cfe - 0.0303 - - 1764232446.024065495 1764232446.054364204 0
Nov 27 08:34:06 np0005537441 account-server[125075]: 172.20.0.103 - - [27/Nov/2025:08:34:06 +0000] "PUT /d1/447/AUTH_ece81c3214184c54956c375af05c2f4f/gnocchi.bd52dd4b-08ed-4939-a37d-67aee58e632d" 201 - "PUT http://172.20.0.103:6001/d1/498/AUTH_ece81c3214184c54956c375af05c2f4f/gnocchi.bd52dd4b-08ed-4939-a37d-67aee58e632d" "txd4595b84c5bc4e8cbad73-0069280cfe" "container-server 20" 0.0056 "-" 23 0
Nov 27 08:34:06 np0005537441 container-server[125162]: 172.20.0.105 - - [27/Nov/2025:08:34:06 +0000] "PUT /d1/498/AUTH_ece81c3214184c54956c375af05c2f4f/gnocchi.bd52dd4b-08ed-4939-a37d-67aee58e632d" 201 - "PUT http://172.18.0.158:8080/v1/AUTH_ece81c3214184c54956c375af05c2f4f/gnocchi.bd52dd4b-08ed-4939-a37d-67aee58e632d" "txd4595b84c5bc4e8cbad73-0069280cfe" "proxy-server 20" 0.0228 "-" 20 0
Nov 27 08:34:06 np0005537441 container-server[125137]: 172.20.0.104 - - [27/Nov/2025:08:34:06 +0000] "HEAD /d1/660/AUTH_ece81c3214184c54956c375af05c2f4f/gnocchi.4ee0ec4d-43c0-49ad-b997-941681c82b80" 404 - "HEAD http://172.18.0.158:8080/v1/AUTH_ece81c3214184c54956c375af05c2f4f/gnocchi.4ee0ec4d-43c0-49ad-b997-941681c82b80?format=json&states=listing" "tx61bf301f5f394308b5e11-0069280cfe" "proxy-server 20" 0.0005 "-" 19 0
Nov 27 08:34:06 np0005537441 object-server[125642]: 172.20.0.104 - - [27/Nov/2025:08:34:06 +0000] "GET /d1/362/AUTH_ece81c3214184c54956c375af05c2f4f/gnocchi.4ee0ec4d-43c0-49ad-b997-941681c82b80/none_v3" 404 70 "GET http://172.18.0.158:8080/v1/AUTH_ece81c3214184c54956c375af05c2f4f/gnocchi.4ee0ec4d-43c0-49ad-b997-941681c82b80/none_v3" "tx61bf301f5f394308b5e11-0069280cfe" "proxy-server 20" 0.0005 "-" 20 0
Nov 27 08:34:06 np0005537441 proxy-server[126999]: - - 27/Nov/2025/08/34/06 HEAD /v1/AUTH_ece81c3214184c54956c375af05c2f4f/gnocchi.bd52dd4b-08ed-4939-a37d-67aee58e632d%3Fformat%3Djson%26states%3Dlisting HTTP/1.0 204 - Swift - - - - txe8d255900a79447286047-0069280cfe - 0.0086 RL - 1764232446.078053713 1764232446.086688519 0
Nov 27 08:34:06 np0005537441 proxy-server[126999]: 172.18.0.103 172.18.0.104 27/Nov/2025/08/34/06 GET /v1/AUTH_ece81c3214184c54956c375af05c2f4f/gnocchi.bd52dd4b-08ed-4939-a37d-67aee58e632d%3Fformat%3Djson%26states%3Dlisting HTTP/1.0 200 - python-swiftclient-3.11.1 gAAAAABpKAzB-Xe5... - 2 - txe8d255900a79447286047-0069280cfe - 0.0257 - - 1764232446.075223446 1764232446.100924492 0
Nov 27 08:34:06 np0005537441 container-server[125201]: 172.20.0.105 - - [27/Nov/2025:08:34:06 +0000] "HEAD /d1/480/AUTH_ece81c3214184c54956c375af05c2f4f/gnocchi.3284b76f-9bcb-4cbd-9109-179682c1984e" 404 - "HEAD http://172.18.0.158:8080/v1/AUTH_ece81c3214184c54956c375af05c2f4f/gnocchi.3284b76f-9bcb-4cbd-9109-179682c1984e?format=json&states=listing" "tx5e4d59e26c2a41079f27f-0069280cfe" "proxy-server 20" 0.0012 "-" 22 0
Nov 27 08:34:06 np0005537441 object-server[125649]: 172.20.0.105 - - [27/Nov/2025:08:34:06 +0000] "GET /d1/676/AUTH_ece81c3214184c54956c375af05c2f4f/gnocchi.3284b76f-9bcb-4cbd-9109-179682c1984e/none_v3" 404 70 "GET http://172.18.0.158:8080/v1/AUTH_ece81c3214184c54956c375af05c2f4f/gnocchi.3284b76f-9bcb-4cbd-9109-179682c1984e/none_v3" "tx5e4d59e26c2a41079f27f-0069280cfe" "proxy-server 20" 0.0005 "-" 21 0
Nov 27 08:34:06 np0005537441 object-server[125635]: 172.20.0.103 - - [27/Nov/2025:08:34:06 +0000] "GET /d1/838/AUTH_ece81c3214184c54956c375af05c2f4f/gnocchi.bd52dd4b-08ed-4939-a37d-67aee58e632d/1763640000.0_mean_300.0_v3" 404 70 "GET http://172.18.0.158:8080/v1/AUTH_ece81c3214184c54956c375af05c2f4f/gnocchi.bd52dd4b-08ed-4939-a37d-67aee58e632d/1763640000.0_mean_300.0_v3" "txe86a325aaa6c4ef093b84-0069280cfe" "proxy-server 20" 0.0005 "-" 19 0
Nov 27 08:34:06 np0005537441 proxy-server[126999]: 172.18.0.103 172.18.0.104 27/Nov/2025/08/34/06 GET /v1/AUTH_ece81c3214184c54956c375af05c2f4f/gnocchi.bd52dd4b-08ed-4939-a37d-67aee58e632d/1763640000.0_mean_300.0_v3 HTTP/1.0 404 - python-swiftclient-3.11.1 gAAAAABpKAzB-Xe5... - 70 - txe86a325aaa6c4ef093b84-0069280cfe - 0.0217 - - 1764232446.105372429 1764232446.127103090 0
Nov 27 08:34:06 np0005537441 account-server[125063]: 172.20.0.103 - - [27/Nov/2025:08:34:06 +0000] "PUT /d1/447/AUTH_ece81c3214184c54956c375af05c2f4f/gnocchi.4ee0ec4d-43c0-49ad-b997-941681c82b80" 201 - "PUT http://172.20.0.103:6001/d1/660/AUTH_ece81c3214184c54956c375af05c2f4f/gnocchi.4ee0ec4d-43c0-49ad-b997-941681c82b80" "txda96758d5fc44dbc98850-0069280cfe" "container-server 20" 0.0064 "-" 21 0
Nov 27 08:34:06 np0005537441 container-server[125162]: 172.20.0.104 - - [27/Nov/2025:08:34:06 +0000] "PUT /d1/660/AUTH_ece81c3214184c54956c375af05c2f4f/gnocchi.4ee0ec4d-43c0-49ad-b997-941681c82b80" 201 - "PUT http://172.18.0.158:8080/v1/AUTH_ece81c3214184c54956c375af05c2f4f/gnocchi.4ee0ec4d-43c0-49ad-b997-941681c82b80" "txda96758d5fc44dbc98850-0069280cfe" "proxy-server 20" 0.0235 "-" 20 0
Nov 27 08:34:06 np0005537441 container-server[125162]: 172.20.0.105 - - [27/Nov/2025:08:34:06 +0000] "PUT /d1/498/AUTH_ece81c3214184c54956c375af05c2f4f/gnocchi.bd52dd4b-08ed-4939-a37d-67aee58e632d/1763640000.0_mean_300.0_v3" 201 - "PUT http://172.18.0.158:8080/d1/838/AUTH_ece81c3214184c54956c375af05c2f4f/gnocchi.bd52dd4b-08ed-4939-a37d-67aee58e632d/1763640000.0_mean_300.0_v3" "txb5250cce762b4af89edcc-0069280cfe" "object-server 16" 0.0010 "-" 20 0
Nov 27 08:34:06 np0005537441 account-server[125063]: 172.20.0.105 - - [27/Nov/2025:08:34:06 +0000] "PUT /d1/447/AUTH_ece81c3214184c54956c375af05c2f4f/gnocchi.3284b76f-9bcb-4cbd-9109-179682c1984e" 201 - "PUT http://172.20.0.105:6001/d1/480/AUTH_ece81c3214184c54956c375af05c2f4f/gnocchi.3284b76f-9bcb-4cbd-9109-179682c1984e" "tx4301f236de6b45e691814-0069280cfe" "container-server 22" 0.0050 "-" 21 0
Nov 27 08:34:06 np0005537441 container-server[125162]: 172.20.0.105 - - [27/Nov/2025:08:34:06 +0000] "PUT /d1/480/AUTH_ece81c3214184c54956c375af05c2f4f/gnocchi.3284b76f-9bcb-4cbd-9109-179682c1984e" 201 - "PUT http://172.18.0.158:8080/v1/AUTH_ece81c3214184c54956c375af05c2f4f/gnocchi.3284b76f-9bcb-4cbd-9109-179682c1984e" "tx4301f236de6b45e691814-0069280cfe" "proxy-server 20" 0.0212 "-" 20 0
Nov 27 08:34:06 np0005537441 object-server[125642]: 172.20.0.103 - - [27/Nov/2025:08:34:06 +0000] "PUT /d1/838/AUTH_ece81c3214184c54956c375af05c2f4f/gnocchi.bd52dd4b-08ed-4939-a37d-67aee58e632d/1763640000.0_mean_300.0_v3" 201 - "PUT http://172.18.0.158:8080/v1/AUTH_ece81c3214184c54956c375af05c2f4f/gnocchi.bd52dd4b-08ed-4939-a37d-67aee58e632d/1763640000.0_mean_300.0_v3" "txb5250cce762b4af89edcc-0069280cfe" "proxy-server 20" 0.0167 "-" 20 0
Nov 27 08:34:06 np0005537441 proxy-server[126999]: 172.18.0.103 172.18.0.104 27/Nov/2025/08/34/06 PUT /v1/AUTH_ece81c3214184c54956c375af05c2f4f/gnocchi.bd52dd4b-08ed-4939-a37d-67aee58e632d/1763640000.0_mean_300.0_v3 HTTP/1.0 201 - python-swiftclient-3.11.1 gAAAAABpKAzB-Xe5... 16 - - txb5250cce762b4af89edcc-0069280cfe - 0.0313 - - 1764232446.131683350 1764232446.162945747 0
Nov 27 08:34:06 np0005537441 container-server[125137]: 172.20.0.105 - - [27/Nov/2025:08:34:06 +0000] "HEAD /d1/480/AUTH_ece81c3214184c54956c375af05c2f4f/gnocchi.3284b76f-9bcb-4cbd-9109-179682c1984e" 204 - "HEAD http://172.18.0.158:8080/v1/AUTH_ece81c3214184c54956c375af05c2f4f/gnocchi.3284b76f-9bcb-4cbd-9109-179682c1984e?format=json&states=listing" "tx5ed5be7199ec4834bc394-0069280cfe" "proxy-server 20" 0.0018 "-" 19 0
Nov 27 08:34:06 np0005537441 object-server[125635]: 172.20.0.104 - - [27/Nov/2025:08:34:06 +0000] "GET /d1/263/AUTH_ece81c3214184c54956c375af05c2f4f/gnocchi.4ee0ec4d-43c0-49ad-b997-941681c82b80/1763640000.0_mean_300.0_v3" 404 70 "GET http://172.18.0.158:8080/v1/AUTH_ece81c3214184c54956c375af05c2f4f/gnocchi.4ee0ec4d-43c0-49ad-b997-941681c82b80/1763640000.0_mean_300.0_v3" "tx7cee0788bfc54092a4a79-0069280cfe" "proxy-server 20" 0.0006 "-" 19 0
Nov 27 08:34:06 np0005537441 object-server[125642]: 172.20.0.103 - - [27/Nov/2025:08:34:06 +0000] "PUT /d1/244/AUTH_ece81c3214184c54956c375af05c2f4f/gnocchi.bd52dd4b-08ed-4939-a37d-67aee58e632d/none_v3" 201 - "PUT http://172.18.0.158:8080/v1/AUTH_ece81c3214184c54956c375af05c2f4f/gnocchi.bd52dd4b-08ed-4939-a37d-67aee58e632d/none_v3" "txa7347297851e4d85922b3-0069280cfe" "proxy-server 20" 0.0110 "-" 20 0
Nov 27 08:34:06 np0005537441 container-server[125201]: 172.20.0.105 - - [27/Nov/2025:08:34:06 +0000] "PUT /d1/498/AUTH_ece81c3214184c54956c375af05c2f4f/gnocchi.bd52dd4b-08ed-4939-a37d-67aee58e632d/none_v3" 201 - "PUT http://172.18.0.158:8080/d1/244/AUTH_ece81c3214184c54956c375af05c2f4f/gnocchi.bd52dd4b-08ed-4939-a37d-67aee58e632d/none_v3" "txa7347297851e4d85922b3-0069280cfe" "object-server 20" 0.0008 "-" 22 0
Nov 27 08:34:06 np0005537441 proxy-server[126999]: 172.18.0.103 172.18.0.104 27/Nov/2025/08/34/06 PUT /v1/AUTH_ece81c3214184c54956c375af05c2f4f/gnocchi.bd52dd4b-08ed-4939-a37d-67aee58e632d/none_v3 HTTP/1.0 201 - python-swiftclient-3.11.1 gAAAAABpKAzB-Xe5... 22 - - txa7347297851e4d85922b3-0069280cfe - 0.0227 - - 1764232446.167034626 1764232446.189782858 0
Nov 27 08:34:06 np0005537441 object-server[125632]: 172.20.0.103 - - [27/Nov/2025:08:34:06 +0000] "GET /d1/656/AUTH_ece81c3214184c54956c375af05c2f4f/gnocchi.3284b76f-9bcb-4cbd-9109-179682c1984e/1763640000.0_mean_300.0_v3" 404 70 "GET http://172.18.0.158:8080/v1/AUTH_ece81c3214184c54956c375af05c2f4f/gnocchi.3284b76f-9bcb-4cbd-9109-179682c1984e/1763640000.0_mean_300.0_v3" "txbf6f5581fde347a8a9d9b-0069280cfe" "proxy-server 20" 0.0002 "-" 18 0
Nov 27 08:34:06 np0005537441 container-server[125162]: 172.20.0.103 - - [27/Nov/2025:08:34:06 +0000] "PUT /d1/660/AUTH_ece81c3214184c54956c375af05c2f4f/gnocchi.4ee0ec4d-43c0-49ad-b997-941681c82b80/1763640000.0_mean_300.0_v3" 201 - "PUT http://172.18.0.158:8080/d1/263/AUTH_ece81c3214184c54956c375af05c2f4f/gnocchi.4ee0ec4d-43c0-49ad-b997-941681c82b80/1763640000.0_mean_300.0_v3" "txd9e76f46c5874fd7a3273-0069280cfe" "object-server 18" 0.0010 "-" 20 0
Nov 27 08:34:06 np0005537441 object-server[125632]: 172.20.0.104 - - [27/Nov/2025:08:34:06 +0000] "PUT /d1/263/AUTH_ece81c3214184c54956c375af05c2f4f/gnocchi.4ee0ec4d-43c0-49ad-b997-941681c82b80/1763640000.0_mean_300.0_v3" 201 - "PUT http://172.18.0.158:8080/v1/AUTH_ece81c3214184c54956c375af05c2f4f/gnocchi.4ee0ec4d-43c0-49ad-b997-941681c82b80/1763640000.0_mean_300.0_v3" "txd9e76f46c5874fd7a3273-0069280cfe" "proxy-server 20" 0.0144 "-" 18 0
Nov 27 08:34:06 np0005537441 proxy-server[126999]: 172.18.0.158 172.18.0.104 27/Nov/2025/08/34/06 GET /v1/AUTH_ece81c3214184c54956c375af05c2f4f/gnocchi.3284b76f-9bcb-4cbd-9109-179682c1984e/1763640000.0_mean_300.0_v3 HTTP/1.0 404 - python-swiftclient-3.11.1 gAAAAABpKAzJpV3u... - 70 - txbf6f5581fde347a8a9d9b-0069280cfe - 0.0162 - - 1764232446.204292774 1764232446.220510721 0
Nov 27 08:34:06 np0005537441 container-server[125201]: 172.20.0.103 - - [27/Nov/2025:08:34:06 +0000] "HEAD /d1/832/AUTH_ece81c3214184c54956c375af05c2f4f/gnocchi.af8703a9-2ebe-4244-abc6-55ccb13e752f" 404 - "HEAD http://172.18.0.158:8080/v1/AUTH_ece81c3214184c54956c375af05c2f4f/gnocchi.af8703a9-2ebe-4244-abc6-55ccb13e752f?format=json&states=listing" "tx11016857b94042c5aba57-0069280cfe" "proxy-server 20" 0.0005 "-" 22 0
Nov 27 08:34:06 np0005537441 container-server[125201]: 172.20.0.105 - - [27/Nov/2025:08:34:06 +0000] "PUT /d1/660/AUTH_ece81c3214184c54956c375af05c2f4f/gnocchi.4ee0ec4d-43c0-49ad-b997-941681c82b80/none_v3" 201 - "PUT http://172.18.0.158:8080/d1/362/AUTH_ece81c3214184c54956c375af05c2f4f/gnocchi.4ee0ec4d-43c0-49ad-b997-941681c82b80/none_v3" "tx1cd43ae2fe6c4e2dbac1c-0069280cfe" "object-server 20" 0.0006 "-" 22 0
Nov 27 08:34:06 np0005537441 object-server[125635]: 172.20.0.105 - - [27/Nov/2025:08:34:06 +0000] "PUT /d1/362/AUTH_ece81c3214184c54956c375af05c2f4f/gnocchi.4ee0ec4d-43c0-49ad-b997-941681c82b80/none_v3" 201 - "PUT http://172.18.0.158:8080/v1/AUTH_ece81c3214184c54956c375af05c2f4f/gnocchi.4ee0ec4d-43c0-49ad-b997-941681c82b80/none_v3" "tx1cd43ae2fe6c4e2dbac1c-0069280cfe" "proxy-server 20" 0.0167 "-" 19 0
Nov 27 08:34:06 np0005537441 container-server[125184]: 172.20.0.103 - - [27/Nov/2025:08:34:06 +0000] "PUT /d1/480/AUTH_ece81c3214184c54956c375af05c2f4f/gnocchi.3284b76f-9bcb-4cbd-9109-179682c1984e/1763640000.0_mean_300.0_v3" 201 - "PUT http://172.18.0.158:8080/d1/656/AUTH_ece81c3214184c54956c375af05c2f4f/gnocchi.3284b76f-9bcb-4cbd-9109-179682c1984e/1763640000.0_mean_300.0_v3" "tx72e07aadd9e1434c91322-0069280cfe" "object-server 18" 0.0014 "-" 21 0
Nov 27 08:34:06 np0005537441 object-server[125632]: 172.20.0.104 - - [27/Nov/2025:08:34:06 +0000] "PUT /d1/656/AUTH_ece81c3214184c54956c375af05c2f4f/gnocchi.3284b76f-9bcb-4cbd-9109-179682c1984e/1763640000.0_mean_300.0_v3" 201 - "PUT http://172.18.0.158:8080/v1/AUTH_ece81c3214184c54956c375af05c2f4f/gnocchi.3284b76f-9bcb-4cbd-9109-179682c1984e/1763640000.0_mean_300.0_v3" "tx72e07aadd9e1434c91322-0069280cfe" "proxy-server 20" 0.0152 "-" 18 0
Nov 27 08:34:06 np0005537441 object-server[125632]: 172.20.0.103 - - [27/Nov/2025:08:34:06 +0000] "GET /d1/875/AUTH_ece81c3214184c54956c375af05c2f4f/gnocchi.af8703a9-2ebe-4244-abc6-55ccb13e752f/none_v3" 404 70 "GET http://172.18.0.158:8080/v1/AUTH_ece81c3214184c54956c375af05c2f4f/gnocchi.af8703a9-2ebe-4244-abc6-55ccb13e752f/none_v3" "tx11016857b94042c5aba57-0069280cfe" "proxy-server 20" 0.0003 "-" 18 0
Nov 27 08:34:06 np0005537441 proxy-server[126999]: 172.18.0.103 172.18.0.104 27/Nov/2025/08/34/06 GET /v1/AUTH_ece81c3214184c54956c375af05c2f4f/gnocchi.af8703a9-2ebe-4244-abc6-55ccb13e752f/none_v3 HTTP/1.0 404 - python-swiftclient-3.11.1 gAAAAABpKAzB-Xe5... - 70 - tx11016857b94042c5aba57-0069280cfe - 0.0334 - - 1764232446.226183891 1764232446.259592533 0
Nov 27 08:34:06 np0005537441 object-server[125649]: 172.20.0.105 - - [27/Nov/2025:08:34:06 +0000] "PUT /d1/676/AUTH_ece81c3214184c54956c375af05c2f4f/gnocchi.3284b76f-9bcb-4cbd-9109-179682c1984e/none_v3" 201 - "PUT http://172.18.0.158:8080/v1/AUTH_ece81c3214184c54956c375af05c2f4f/gnocchi.3284b76f-9bcb-4cbd-9109-179682c1984e/none_v3" "tx111b52fe988b4c9c9237f-0069280cfe" "proxy-server 20" 0.0152 "-" 21 0
Nov 27 08:34:06 np0005537441 container-server[125137]: 172.20.0.104 - - [27/Nov/2025:08:34:06 +0000] "PUT /d1/480/AUTH_ece81c3214184c54956c375af05c2f4f/gnocchi.3284b76f-9bcb-4cbd-9109-179682c1984e/none_v3" 201 - "PUT http://172.18.0.158:8080/d1/676/AUTH_ece81c3214184c54956c375af05c2f4f/gnocchi.3284b76f-9bcb-4cbd-9109-179682c1984e/none_v3" "tx111b52fe988b4c9c9237f-0069280cfe" "object-server 23" 0.0013 "-" 19 0
Nov 27 08:34:06 np0005537441 container-server[125162]: 172.20.0.104 - - [27/Nov/2025:08:34:06 +0000] "PUT /d1/832/AUTH_ece81c3214184c54956c375af05c2f4f/gnocchi.af8703a9-2ebe-4244-abc6-55ccb13e752f" 201 - "PUT http://172.18.0.158:8080/v1/AUTH_ece81c3214184c54956c375af05c2f4f/gnocchi.af8703a9-2ebe-4244-abc6-55ccb13e752f" "txbc06abb4fda54df3b5c71-0069280cfe" "proxy-server 20" 0.0207 "-" 20 0
Nov 27 08:34:06 np0005537441 container-server[125201]: 172.20.0.103 - - [27/Nov/2025:08:34:06 +0000] "HEAD /d1/983/AUTH_ece81c3214184c54956c375af05c2f4f/gnocchi.0770a4e0-6b8d-4077-9e78-05e8ac7aebbb" 404 - "HEAD http://172.18.0.158:8080/v1/AUTH_ece81c3214184c54956c375af05c2f4f/gnocchi.0770a4e0-6b8d-4077-9e78-05e8ac7aebbb?format=json&states=listing" "tx3e94027122464b3988ff7-0069280cfe" "proxy-server 20" 0.0005 "-" 22 0
Nov 27 08:34:06 np0005537441 object-server[125632]: 172.20.0.103 - - [27/Nov/2025:08:34:06 +0000] "GET /d1/870/AUTH_ece81c3214184c54956c375af05c2f4f/gnocchi.0770a4e0-6b8d-4077-9e78-05e8ac7aebbb/none_v3" 404 70 "GET http://172.18.0.158:8080/v1/AUTH_ece81c3214184c54956c375af05c2f4f/gnocchi.0770a4e0-6b8d-4077-9e78-05e8ac7aebbb/none_v3" "tx3e94027122464b3988ff7-0069280cfe" "proxy-server 20" 0.0005 "-" 18 0
Nov 27 08:34:06 np0005537441 account-server[125063]: 172.20.0.105 - - [27/Nov/2025:08:34:06 +0000] "PUT /d1/447/AUTH_ece81c3214184c54956c375af05c2f4f/gnocchi.af8703a9-2ebe-4244-abc6-55ccb13e752f" 201 - "PUT http://172.20.0.105:6001/d1/832/AUTH_ece81c3214184c54956c375af05c2f4f/gnocchi.af8703a9-2ebe-4244-abc6-55ccb13e752f" "txbc06abb4fda54df3b5c71-0069280cfe" "container-server 21" 0.0192 "-" 21 0
Nov 27 08:34:06 np0005537441 proxy-server[126999]: 172.18.0.105 172.18.0.104 27/Nov/2025/08/34/06 GET /v1/AUTH_ece81c3214184c54956c375af05c2f4f/gnocchi.0770a4e0-6b8d-4077-9e78-05e8ac7aebbb/none_v3 HTTP/1.0 404 - python-swiftclient-3.11.1 gAAAAABpKAx_sfH7... - 70 - tx3e94027122464b3988ff7-0069280cfe - 0.0319 - - 1764232446.287365675 1764232446.319226265 0
Nov 27 08:34:06 np0005537441 container-server[125184]: 172.20.0.105 - - [27/Nov/2025:08:34:06 +0000] "HEAD /d1/832/AUTH_ece81c3214184c54956c375af05c2f4f/gnocchi.af8703a9-2ebe-4244-abc6-55ccb13e752f" 204 - "HEAD http://172.18.0.158:8080/v1/AUTH_ece81c3214184c54956c375af05c2f4f/gnocchi.af8703a9-2ebe-4244-abc6-55ccb13e752f?format=json&states=listing" "tx864dbb2d270346ceb3379-0069280cfe" "proxy-server 20" 0.0027 "-" 21 0
Nov 27 08:34:06 np0005537441 account-server[125063]: 172.20.0.105 - - [27/Nov/2025:08:34:06 +0000] "PUT /d1/447/AUTH_ece81c3214184c54956c375af05c2f4f/gnocchi.0770a4e0-6b8d-4077-9e78-05e8ac7aebbb" 201 - "PUT http://172.20.0.105:6001/d1/983/AUTH_ece81c3214184c54956c375af05c2f4f/gnocchi.0770a4e0-6b8d-4077-9e78-05e8ac7aebbb" "tx4ce4295c531d4a108e7de-0069280cfe" "container-server 21" 0.0059 "-" 21 0
Nov 27 08:34:06 np0005537441 container-server[125201]: 172.20.0.104 - - [27/Nov/2025:08:34:06 +0000] "PUT /d1/983/AUTH_ece81c3214184c54956c375af05c2f4f/gnocchi.0770a4e0-6b8d-4077-9e78-05e8ac7aebbb" 201 - "PUT http://172.18.0.158:8080/v1/AUTH_ece81c3214184c54956c375af05c2f4f/gnocchi.0770a4e0-6b8d-4077-9e78-05e8ac7aebbb" "tx4ce4295c531d4a108e7de-0069280cfe" "proxy-server 20" 0.0218 "-" 22 0
Nov 27 08:34:06 np0005537441 object-server[125642]: 172.20.0.103 - - [27/Nov/2025:08:34:06 +0000] "GET /d1/138/AUTH_ece81c3214184c54956c375af05c2f4f/gnocchi.af8703a9-2ebe-4244-abc6-55ccb13e752f/1763640000.0_mean_300.0_v3" 404 70 "GET http://172.18.0.158:8080/v1/AUTH_ece81c3214184c54956c375af05c2f4f/gnocchi.af8703a9-2ebe-4244-abc6-55ccb13e752f/1763640000.0_mean_300.0_v3" "txf6375c410eab4bffadad4-0069280cfe" "proxy-server 20" 0.0007 "-" 20 0
Nov 27 08:34:06 np0005537441 container-server[125162]: 172.20.0.105 - - [27/Nov/2025:08:34:06 +0000] "HEAD /d1/983/AUTH_ece81c3214184c54956c375af05c2f4f/gnocchi.0770a4e0-6b8d-4077-9e78-05e8ac7aebbb" 204 - "HEAD http://172.18.0.158:8080/v1/AUTH_ece81c3214184c54956c375af05c2f4f/gnocchi.0770a4e0-6b8d-4077-9e78-05e8ac7aebbb?format=json&states=listing" "tx02611d63507947129632f-0069280cfe" "proxy-server 20" 0.0021 "-" 20 0
Nov 27 08:34:06 np0005537441 proxy-server[126999]: 172.18.0.103 172.18.0.104 27/Nov/2025/08/34/06 GET /v1/AUTH_ece81c3214184c54956c375af05c2f4f/gnocchi.af8703a9-2ebe-4244-abc6-55ccb13e752f/1763640000.0_mean_300.0_v3 HTTP/1.0 404 - python-swiftclient-3.11.1 gAAAAABpKAzB-Xe5... - 70 - txf6375c410eab4bffadad4-0069280cfe - 0.0238 - - 1764232446.356616497 1764232446.380403996 0
Nov 27 08:34:06 np0005537441 container-server[125137]: 172.20.0.105 - - [27/Nov/2025:08:34:06 +0000] "GET /d1/983/AUTH_ece81c3214184c54956c375af05c2f4f/gnocchi.0770a4e0-6b8d-4077-9e78-05e8ac7aebbb" 200 2 "GET http://172.18.0.158:8080/v1/AUTH_ece81c3214184c54956c375af05c2f4f/gnocchi.0770a4e0-6b8d-4077-9e78-05e8ac7aebbb?format=json&states=listing" "tx02611d63507947129632f-0069280cfe" "proxy-server 20" 0.0045 "-" 19 0
Nov 27 08:34:06 np0005537441 object-server[125635]: 172.20.0.104 - - [27/Nov/2025:08:34:06 +0000] "PUT /d1/138/AUTH_ece81c3214184c54956c375af05c2f4f/gnocchi.af8703a9-2ebe-4244-abc6-55ccb13e752f/1763640000.0_mean_300.0_v3" 201 - "PUT http://172.18.0.158:8080/v1/AUTH_ece81c3214184c54956c375af05c2f4f/gnocchi.af8703a9-2ebe-4244-abc6-55ccb13e752f/1763640000.0_mean_300.0_v3" "tx35603aa88d10475ab1dc0-0069280cfe" "proxy-server 20" 0.0135 "-" 19 0
Nov 27 08:34:06 np0005537441 object-server[125649]: 172.20.0.103 - - [27/Nov/2025:08:34:06 +0000] "GET /d1/814/AUTH_ece81c3214184c54956c375af05c2f4f/gnocchi.0770a4e0-6b8d-4077-9e78-05e8ac7aebbb/1763640000.0_mean_300.0_v3" 404 70 "GET http://172.18.0.158:8080/v1/AUTH_ece81c3214184c54956c375af05c2f4f/gnocchi.0770a4e0-6b8d-4077-9e78-05e8ac7aebbb/1763640000.0_mean_300.0_v3" "tx930e5f02cd9b49809c023-0069280cfe" "proxy-server 20" 0.0004 "-" 21 0
Nov 27 08:34:06 np0005537441 container-server[125137]: 172.20.0.105 - - [27/Nov/2025:08:34:06 +0000] "PUT /d1/832/AUTH_ece81c3214184c54956c375af05c2f4f/gnocchi.af8703a9-2ebe-4244-abc6-55ccb13e752f/1763640000.0_mean_300.0_v3" 201 - "PUT http://172.18.0.158:8080/d1/138/AUTH_ece81c3214184c54956c375af05c2f4f/gnocchi.af8703a9-2ebe-4244-abc6-55ccb13e752f/1763640000.0_mean_300.0_v3" "tx35603aa88d10475ab1dc0-0069280cfe" "object-server 24" 0.0015 "-" 19 0
Nov 27 08:34:06 np0005537441 proxy-server[126999]: 172.18.0.105 172.18.0.104 27/Nov/2025/08/34/06 GET /v1/AUTH_ece81c3214184c54956c375af05c2f4f/gnocchi.0770a4e0-6b8d-4077-9e78-05e8ac7aebbb/1763640000.0_mean_300.0_v3 HTTP/1.0 404 - python-swiftclient-3.11.1 gAAAAABpKAx_sfH7... - 70 - tx930e5f02cd9b49809c023-0069280cfe - 0.0202 - - 1764232446.393658876 1764232446.413809061 0
Nov 27 08:34:06 np0005537441 container-server[125137]: 172.20.0.103 - - [27/Nov/2025:08:34:06 +0000] "PUT /d1/983/AUTH_ece81c3214184c54956c375af05c2f4f/gnocchi.0770a4e0-6b8d-4077-9e78-05e8ac7aebbb/1763640000.0_mean_300.0_v3" 201 - "PUT http://172.18.0.158:8080/d1/814/AUTH_ece81c3214184c54956c375af05c2f4f/gnocchi.0770a4e0-6b8d-4077-9e78-05e8ac7aebbb/1763640000.0_mean_300.0_v3" "tx45c0359460684078a8e27-0069280cfe" "object-server 19" 0.0017 "-" 19 0
Nov 27 08:34:06 np0005537441 object-server[125635]: 172.20.0.105 - - [27/Nov/2025:08:34:06 +0000] "PUT /d1/814/AUTH_ece81c3214184c54956c375af05c2f4f/gnocchi.0770a4e0-6b8d-4077-9e78-05e8ac7aebbb/1763640000.0_mean_300.0_v3" 201 - "PUT http://172.18.0.158:8080/v1/AUTH_ece81c3214184c54956c375af05c2f4f/gnocchi.0770a4e0-6b8d-4077-9e78-05e8ac7aebbb/1763640000.0_mean_300.0_v3" "tx45c0359460684078a8e27-0069280cfe" "proxy-server 20" 0.0147 "-" 19 0
Nov 27 08:34:06 np0005537441 object-server[125649]: 172.20.0.103 - - [27/Nov/2025:08:34:06 +0000] "PUT /d1/875/AUTH_ece81c3214184c54956c375af05c2f4f/gnocchi.af8703a9-2ebe-4244-abc6-55ccb13e752f/none_v3" 201 - "PUT http://172.18.0.158:8080/v1/AUTH_ece81c3214184c54956c375af05c2f4f/gnocchi.af8703a9-2ebe-4244-abc6-55ccb13e752f/none_v3" "tx390dd330dce9442eb023f-0069280cfe" "proxy-server 20" 0.0151 "-" 21 0
Nov 27 08:34:06 np0005537441 container-server[125137]: 172.20.0.104 - - [27/Nov/2025:08:34:06 +0000] "PUT /d1/832/AUTH_ece81c3214184c54956c375af05c2f4f/gnocchi.af8703a9-2ebe-4244-abc6-55ccb13e752f/none_v3" 201 - "PUT http://172.18.0.158:8080/d1/875/AUTH_ece81c3214184c54956c375af05c2f4f/gnocchi.af8703a9-2ebe-4244-abc6-55ccb13e752f/none_v3" "tx390dd330dce9442eb023f-0069280cfe" "object-server 23" 0.0007 "-" 19 0
Nov 27 08:34:06 np0005537441 proxy-server[126999]: 172.18.0.103 172.18.0.104 27/Nov/2025/08/34/06 PUT /v1/AUTH_ece81c3214184c54956c375af05c2f4f/gnocchi.af8703a9-2ebe-4244-abc6-55ccb13e752f/none_v3 HTTP/1.0 201 - python-swiftclient-3.11.1 gAAAAABpKAzB-Xe5... 22 - - tx390dd330dce9442eb023f-0069280cfe - 0.0297 - - 1764232446.421682835 1764232446.451402664 0
Nov 27 08:34:06 np0005537441 container-server[125162]: 172.20.0.105 - - [27/Nov/2025:08:34:06 +0000] "PUT /d1/983/AUTH_ece81c3214184c54956c375af05c2f4f/gnocchi.0770a4e0-6b8d-4077-9e78-05e8ac7aebbb/none_v3" 201 - "PUT http://172.18.0.158:8080/d1/870/AUTH_ece81c3214184c54956c375af05c2f4f/gnocchi.0770a4e0-6b8d-4077-9e78-05e8ac7aebbb/none_v3" "txe0e562f803164d0a90f9d-0069280cfe" "object-server 16" 0.0009 "-" 20 0
Nov 27 08:34:06 np0005537441 object-server[125632]: 172.20.0.104 - - [27/Nov/2025:08:34:06 +0000] "PUT /d1/870/AUTH_ece81c3214184c54956c375af05c2f4f/gnocchi.0770a4e0-6b8d-4077-9e78-05e8ac7aebbb/none_v3" 201 - "PUT http://172.18.0.158:8080/v1/AUTH_ece81c3214184c54956c375af05c2f4f/gnocchi.0770a4e0-6b8d-4077-9e78-05e8ac7aebbb/none_v3" "txe0e562f803164d0a90f9d-0069280cfe" "proxy-server 20" 0.0162 "-" 18 0
Nov 27 08:34:16 np0005537441 account-server[124469]: Beginning replication run
Nov 27 08:34:16 np0005537441 account-server[124469]: Replication run OVER
Nov 27 08:34:16 np0005537441 account-server[124469]: Attempted to replicate 1 dbs in 0.03132 seconds (31.92755/s)
Nov 27 08:34:16 np0005537441 account-server[124469]: Removed 0 dbs
Nov 27 08:34:16 np0005537441 account-server[124469]: 2 successes, 0 failures
Nov 27 08:34:16 np0005537441 account-server[124469]: diff:0 diff_capped:0 empty:0 hashmatch:0 no_change:2 remote_merge:0 rsync:0 ts_repl:0
Nov 27 08:34:16 np0005537441 object-server[125372]: Starting object replication pass.
Nov 27 08:34:17 np0005537441 object-server[125372]: 43/43 (100.00%) partitions replicated in 1.10s (39.00/sec, 0s remaining)
Nov 27 08:34:17 np0005537441 object-server[125372]: 86 successes, 0 failures
Nov 27 08:34:17 np0005537441 object-server[125372]: 44 suffixes checked - 63.64% hashed, 0.00% synced
Nov 27 08:34:17 np0005537441 object-server[125372]: Partition times: max 0.0401s, min 0.0078s, med 0.0316s
Nov 27 08:34:17 np0005537441 object-server[125372]: Object replication complete. (0.02 minutes)
Nov 27 08:34:18 np0005537441 object-server[224394]: Begin object audit "forever" mode (ZBF)
Nov 27 08:34:18 np0005537441 object-server[224394]: Object audit (ZBF). Since Thu Nov 27 08:34:18 2025: Locally: 1 passed, 0 quarantined, 0 errors, files/sec: 586.53, bytes/sec: 0.00, Total time: 0.00, Auditing time: 0.00, Rate: 0.00
Nov 27 08:34:19 np0005537441 object-server[224394]: Object audit (ZBF) "forever" mode completed: 0.84s. Total quarantined: 0, Total errors: 0, Total files/sec: 52.15, Total bytes/sec: 0.00, Auditing time: 0.83, Rate: 0.98
Nov 27 08:34:21 np0005537441 account-server[125060]: 172.20.0.105 - - [27/Nov/2025:08:34:21 +0000] "HEAD /d1/812/.expiring_objects" 404 - "HEAD http://localhost/v1/.expiring_objects?format=json" "tx92f0c53a965e43e489cfd-0069280d0d" "proxy-server 2" 0.0005 "-" 20 -
Nov 27 08:34:24 np0005537441 container-server[124819]: Beginning replication run
Nov 27 08:34:24 np0005537441 container-server[124819]: Replication run OVER
Nov 27 08:34:24 np0005537441 container-server[124819]: Attempted to replicate 22 dbs in 0.52657 seconds (41.77962/s)
Nov 27 08:34:24 np0005537441 container-server[124819]: Removed 0 dbs
Nov 27 08:34:24 np0005537441 container-server[124819]: 44 successes, 0 failures
Nov 27 08:34:24 np0005537441 container-server[124819]: diff:0 diff_capped:0 empty:0 hashmatch:0 no_change:44 remote_merge:0 rsync:0 ts_repl:0
Nov 27 08:34:46 np0005537441 account-server[124469]: Beginning replication run
Nov 27 08:34:46 np0005537441 account-server[124469]: Replication run OVER
Nov 27 08:34:46 np0005537441 account-server[124469]: Attempted to replicate 1 dbs in 0.01680 seconds (59.52034/s)
Nov 27 08:34:46 np0005537441 account-server[124469]: Removed 0 dbs
Nov 27 08:34:46 np0005537441 account-server[124469]: 2 successes, 0 failures
Nov 27 08:34:46 np0005537441 account-server[124469]: diff:0 diff_capped:0 empty:0 hashmatch:0 no_change:2 remote_merge:0 rsync:0 ts_repl:0
Nov 27 08:34:47 np0005537441 object-server[125372]: Starting object replication pass.
Nov 27 08:34:48 np0005537441 object-server[125372]: 43/43 (100.00%) partitions replicated in 0.48s (89.65/sec, 0s remaining)
Nov 27 08:34:48 np0005537441 object-server[125372]: 86 successes, 0 failures
Nov 27 08:34:48 np0005537441 object-server[125372]: 44 suffixes checked - 0.00% hashed, 0.00% synced
Nov 27 08:34:48 np0005537441 object-server[125372]: Partition times: max 0.0862s, min 0.0058s, med 0.0089s
Nov 27 08:34:48 np0005537441 object-server[125372]: Object replication complete. (0.01 minutes)
Nov 27 08:34:49 np0005537441 object-server[230362]: Begin object audit "forever" mode (ZBF)
Nov 27 08:34:49 np0005537441 object-server[230363]: Begin object audit "forever" mode (ALL)
Nov 27 08:34:49 np0005537441 object-server[230362]: Object audit (ZBF). Since Thu Nov 27 08:34:49 2025: Locally: 1 passed, 0 quarantined, 0 errors, files/sec: 616.45, bytes/sec: 0.00, Total time: 0.00, Auditing time: 0.00, Rate: 0.00
Nov 27 08:34:49 np0005537441 object-server[230363]: Object audit (ALL). Since Thu Nov 27 08:34:49 2025: Locally: 1 passed, 0 quarantined, 0 errors, files/sec: 133.79, bytes/sec: 2140.57, Total time: 0.01, Auditing time: 0.00, Rate: 0.00
Nov 27 08:34:50 np0005537441 object-server[230362]: Object audit (ZBF) "forever" mode completed: 0.84s. Total quarantined: 0, Total errors: 0, Total files/sec: 52.17, Total bytes/sec: 0.00, Auditing time: 0.83, Rate: 0.99
Nov 27 08:34:51 np0005537441 object-server[230363]: Object audit (ALL) "forever" mode completed: 2.11s. Total quarantined: 0, Total errors: 0, Total files/sec: 20.85, Total bytes/sec: 400.87, Auditing time: 2.10, Rate: 0.99
Nov 27 08:34:54 np0005537441 container-server[124819]: Beginning replication run
Nov 27 08:34:54 np0005537441 container-server[124819]: Replication run OVER
Nov 27 08:34:54 np0005537441 container-server[124819]: Attempted to replicate 22 dbs in 0.43896 seconds (50.11833/s)
Nov 27 08:34:54 np0005537441 container-server[124819]: Removed 0 dbs
Nov 27 08:34:54 np0005537441 container-server[124819]: 44 successes, 0 failures
Nov 27 08:34:54 np0005537441 container-server[124819]: diff:0 diff_capped:0 empty:0 hashmatch:0 no_change:44 remote_merge:0 rsync:0 ts_repl:0
Nov 27 08:35:13 np0005537441 account-server[125063]: 172.20.0.103 - - [27/Nov/2025:08:35:13 +0000] "HEAD /d1/812/.expiring_objects" 404 - "HEAD http://localhost/v1/.expiring_objects?format=json" "tx87cdd99f687243c488f81-0069280d41" "proxy-server 2" 0.0007 "-" 21 -
Nov 27 08:35:13 np0005537441 object-expirer[125334]: Pass completed in 0s; 0 objects expired (txn: tx87cdd99f687243c488f81-0069280d41)
Nov 27 08:35:16 np0005537441 account-server[124469]: Beginning replication run
Nov 27 08:35:16 np0005537441 account-server[124469]: Replication run OVER
Nov 27 08:35:16 np0005537441 account-server[124469]: Attempted to replicate 1 dbs in 0.02082 seconds (48.02798/s)
Nov 27 08:35:16 np0005537441 account-server[124469]: Removed 0 dbs
Nov 27 08:35:16 np0005537441 account-server[124469]: 2 successes, 0 failures
Nov 27 08:35:16 np0005537441 account-server[124469]: diff:0 diff_capped:0 empty:0 hashmatch:0 no_change:2 remote_merge:0 rsync:0 ts_repl:0
Nov 27 08:35:18 np0005537441 object-server[125372]: Starting object replication pass.
Nov 27 08:35:18 np0005537441 object-server[125372]: 43/43 (100.00%) partitions replicated in 0.42s (102.51/sec, 0s remaining)
Nov 27 08:35:18 np0005537441 object-server[125372]: 86 successes, 0 failures
Nov 27 08:35:18 np0005537441 object-server[125372]: 44 suffixes checked - 0.00% hashed, 0.00% synced
Nov 27 08:35:18 np0005537441 object-server[125372]: Partition times: max 0.0171s, min 0.0068s, med 0.0089s
Nov 27 08:35:18 np0005537441 object-server[125372]: Object replication complete. (0.01 minutes)
Nov 27 08:35:20 np0005537441 object-server[230389]: Begin object audit "forever" mode (ZBF)
Nov 27 08:35:20 np0005537441 object-server[230389]: Object audit (ZBF). Since Thu Nov 27 08:35:20 2025: Locally: 1 passed, 0 quarantined, 0 errors, files/sec: 517.82, bytes/sec: 0.00, Total time: 0.00, Auditing time: 0.00, Rate: 0.00
Nov 27 08:35:21 np0005537441 object-server[230389]: Object audit (ZBF) "forever" mode completed: 0.84s. Total quarantined: 0, Total errors: 0, Total files/sec: 52.15, Total bytes/sec: 0.00, Auditing time: 0.83, Rate: 0.99
Nov 27 08:35:24 np0005537441 container-server[124819]: Beginning replication run
Nov 27 08:35:24 np0005537441 container-server[124819]: Replication run OVER
Nov 27 08:35:24 np0005537441 container-server[124819]: Attempted to replicate 22 dbs in 0.43517 seconds (50.55539/s)
Nov 27 08:35:24 np0005537441 container-server[124819]: Removed 0 dbs
Nov 27 08:35:24 np0005537441 container-server[124819]: 44 successes, 0 failures
Nov 27 08:35:24 np0005537441 container-server[124819]: diff:0 diff_capped:0 empty:0 hashmatch:0 no_change:44 remote_merge:0 rsync:0 ts_repl:0
Nov 27 08:35:46 np0005537441 account-server[124469]: Beginning replication run
Nov 27 08:35:46 np0005537441 account-server[124469]: Replication run OVER
Nov 27 08:35:46 np0005537441 account-server[124469]: Attempted to replicate 1 dbs in 0.01965 seconds (50.88482/s)
Nov 27 08:35:46 np0005537441 account-server[124469]: Removed 0 dbs
Nov 27 08:35:46 np0005537441 account-server[124469]: 2 successes, 0 failures
Nov 27 08:35:46 np0005537441 account-server[124469]: diff:0 diff_capped:0 empty:0 hashmatch:0 no_change:2 remote_merge:0 rsync:0 ts_repl:0
Nov 27 08:35:48 np0005537441 object-server[125372]: Starting object replication pass.
Nov 27 08:35:49 np0005537441 object-server[125372]: 43/43 (100.00%) partitions replicated in 0.35s (121.22/sec, 0s remaining)
Nov 27 08:35:49 np0005537441 object-server[125372]: 86 successes, 0 failures
Nov 27 08:35:49 np0005537441 object-server[125372]: 44 suffixes checked - 0.00% hashed, 0.00% synced
