Nov 27 08:33:13 np0005537441 container-server[125162]: 172.20.0.104 - - [27/Nov/2025:08:33:13 +0000] "HEAD /d1/410/AUTH_ece81c3214184c54956c375af05c2f4f/gnocchi.27bd9a82-8708-4570-8037-cd32eafea7ca" 404 - "HEAD http://172.18.0.158:8080/v1/AUTH_ece81c3214184c54956c375af05c2f4f/gnocchi.27bd9a82-8708-4570-8037-cd32eafea7ca?format=json&states=listing" "tx9a75ca637ac546969012c-0069280cc9" "proxy-server 20" 0.0006 "-" 20 0
Nov 27 08:33:13 np0005537441 container-server[125162]: 172.20.0.103 - - [27/Nov/2025:08:33:13 +0000] "PUT /d1/31/AUTH_ece81c3214184c54956c375af05c2f4f/gnocchi.cac30b74-1162-41fd-bfe7-26243a46b556/1763640000.0_mean_300.0_v3" 201 - "PUT http://172.18.0.158:8080/d1/585/AUTH_ece81c3214184c54956c375af05c2f4f/gnocchi.cac30b74-1162-41fd-bfe7-26243a46b556/1763640000.0_mean_300.0_v3" "tx0d2989a78bc64156a5778-0069280cc9" "object-server 19" 0.0005 "-" 20 0
Nov 27 08:33:13 np0005537441 object-server[125635]: 172.20.0.105 - - [27/Nov/2025:08:33:13 +0000] "PUT /d1/585/AUTH_ece81c3214184c54956c375af05c2f4f/gnocchi.cac30b74-1162-41fd-bfe7-26243a46b556/1763640000.0_mean_300.0_v3" 201 - "PUT http://172.18.0.158:8080/v1/AUTH_ece81c3214184c54956c375af05c2f4f/gnocchi.cac30b74-1162-41fd-bfe7-26243a46b556/1763640000.0_mean_300.0_v3" "tx0d2989a78bc64156a5778-0069280cc9" "proxy-server 20" 0.0100 "-" 19 0
Nov 27 08:33:13 np0005537441 object-server[125632]: 172.20.0.104 - - [27/Nov/2025:08:33:13 +0000] "GET /d1/484/AUTH_ece81c3214184c54956c375af05c2f4f/gnocchi.27bd9a82-8708-4570-8037-cd32eafea7ca/none_v3" 404 70 "GET http://172.18.0.158:8080/v1/AUTH_ece81c3214184c54956c375af05c2f4f/gnocchi.27bd9a82-8708-4570-8037-cd32eafea7ca/none_v3" "tx9a75ca637ac546969012c-0069280cc9" "proxy-server 20" 0.0005 "-" 18 0
Nov 27 08:33:13 np0005537441 container-server[125184]: 172.20.0.104 - - [27/Nov/2025:08:33:13 +0000] "PUT /d1/631/AUTH_ece81c3214184c54956c375af05c2f4f/gnocchi.bb7a2f99-abf4-449a-ba29-1f52b715aed6/none_v3" 201 - "PUT http://172.18.0.158:8080/d1/400/AUTH_ece81c3214184c54956c375af05c2f4f/gnocchi.bb7a2f99-abf4-449a-ba29-1f52b715aed6/none_v3" "tx60ed8c492c75459b82019-0069280cc9" "object-server 22" 0.0004 "-" 21 0
Nov 27 08:33:13 np0005537441 account-server[125075]: 172.20.0.103 - - [27/Nov/2025:08:33:13 +0000] "PUT /d1/447/AUTH_ece81c3214184c54956c375af05c2f4f/gnocchi.27bd9a82-8708-4570-8037-cd32eafea7ca" 201 - "PUT http://172.20.0.103:6001/d1/410/AUTH_ece81c3214184c54956c375af05c2f4f/gnocchi.27bd9a82-8708-4570-8037-cd32eafea7ca" "tx182ecba584aa41768ea08-0069280cc9" "container-server 21" 0.0043 "-" 23 0
Nov 27 08:33:13 np0005537441 container-server[125184]: 172.20.0.105 - - [27/Nov/2025:08:33:13 +0000] "PUT /d1/410/AUTH_ece81c3214184c54956c375af05c2f4f/gnocchi.27bd9a82-8708-4570-8037-cd32eafea7ca" 201 - "PUT http://172.18.0.158:8080/v1/AUTH_ece81c3214184c54956c375af05c2f4f/gnocchi.27bd9a82-8708-4570-8037-cd32eafea7ca" "tx182ecba584aa41768ea08-0069280cc9" "proxy-server 20" 0.0150 "-" 21 0
Nov 27 08:33:13 np0005537441 object-server[125649]: 172.20.0.103 - - [27/Nov/2025:08:33:13 +0000] "PUT /d1/400/AUTH_ece81c3214184c54956c375af05c2f4f/gnocchi.bb7a2f99-abf4-449a-ba29-1f52b715aed6/none_v3" 201 - "PUT http://172.18.0.158:8080/v1/AUTH_ece81c3214184c54956c375af05c2f4f/gnocchi.bb7a2f99-abf4-449a-ba29-1f52b715aed6/none_v3" "tx60ed8c492c75459b82019-0069280cc9" "proxy-server 20" 0.0251 "-" 21 0
Nov 27 08:33:13 np0005537441 proxy-server[126999]: 172.18.0.105 172.18.0.104 27/Nov/2025/08/33/13 PUT /v1/AUTH_ece81c3214184c54956c375af05c2f4f/gnocchi.bb7a2f99-abf4-449a-ba29-1f52b715aed6/none_v3 HTTP/1.0 201 - python-swiftclient-3.11.1 gAAAAABpKAx_sfH7... 22 - - tx60ed8c492c75459b82019-0069280cc9 - 0.0334 - - 1764232393.622359991 1764232393.655760527 0
Nov 27 08:33:13 np0005537441 container-server[125184]: 172.20.0.103 - - [27/Nov/2025:08:33:13 +0000] "HEAD /d1/410/AUTH_ece81c3214184c54956c375af05c2f4f/gnocchi.27bd9a82-8708-4570-8037-cd32eafea7ca" 204 - "HEAD http://172.18.0.158:8080/v1/AUTH_ece81c3214184c54956c375af05c2f4f/gnocchi.27bd9a82-8708-4570-8037-cd32eafea7ca?format=json&states=listing" "tx9b7cf53e5e7e4f659bf84-0069280cc9" "proxy-server 20" 0.0011 "-" 21 0
Nov 27 08:33:13 np0005537441 proxy-server[126999]: - - 27/Nov/2025/08/33/13 HEAD /v1/AUTH_ece81c3214184c54956c375af05c2f4f/gnocchi.27bd9a82-8708-4570-8037-cd32eafea7ca%3Fformat%3Djson%26states%3Dlisting HTTP/1.0 204 - Swift - - - - tx9b7cf53e5e7e4f659bf84-0069280cc9 - 0.0040 RL - 1764232393.665907383 1764232393.669908285 0
Nov 27 08:33:13 np0005537441 container-server[125201]: 172.20.0.103 - - [27/Nov/2025:08:33:13 +0000] "GET /d1/410/AUTH_ece81c3214184c54956c375af05c2f4f/gnocchi.27bd9a82-8708-4570-8037-cd32eafea7ca" 200 2 "GET http://172.18.0.158:8080/v1/AUTH_ece81c3214184c54956c375af05c2f4f/gnocchi.27bd9a82-8708-4570-8037-cd32eafea7ca?format=json&states=listing" "tx9b7cf53e5e7e4f659bf84-0069280cc9" "proxy-server 20" 0.0034 "-" 22 0
Nov 27 08:33:13 np0005537441 proxy-server[126999]: 172.18.0.103 172.18.0.104 27/Nov/2025/08/33/13 GET /v1/AUTH_ece81c3214184c54956c375af05c2f4f/gnocchi.27bd9a82-8708-4570-8037-cd32eafea7ca%3Fformat%3Djson%26states%3Dlisting HTTP/1.0 200 - python-swiftclient-3.11.1 gAAAAABpKAzB-Xe5... - 2 - tx9b7cf53e5e7e4f659bf84-0069280cc9 - 0.0178 - - 1764232393.664472580 1764232393.682229757 0
Nov 27 08:33:13 np0005537441 object-server[125635]: 172.20.0.105 - - [27/Nov/2025:08:33:13 +0000] "GET /d1/888/AUTH_ece81c3214184c54956c375af05c2f4f/gnocchi.27bd9a82-8708-4570-8037-cd32eafea7ca/1763640000.0_mean_300.0_v3" 404 70 "GET http://172.18.0.158:8080/v1/AUTH_ece81c3214184c54956c375af05c2f4f/gnocchi.27bd9a82-8708-4570-8037-cd32eafea7ca/1763640000.0_mean_300.0_v3" "tx10e5432305484d48b59a4-0069280cc9" "proxy-server 20" 0.0006 "-" 19 0
Nov 27 08:33:13 np0005537441 container-server[125201]: 172.20.0.103 - - [27/Nov/2025:08:33:13 +0000] "PUT /d1/31/AUTH_ece81c3214184c54956c375af05c2f4f/gnocchi.cac30b74-1162-41fd-bfe7-26243a46b556/none_v3" 201 - "PUT http://172.18.0.158:8080/d1/114/AUTH_ece81c3214184c54956c375af05c2f4f/gnocchi.cac30b74-1162-41fd-bfe7-26243a46b556/none_v3" "txdab195d53bc74064a3814-0069280cc9" "object-server 21" 0.0007 "-" 22 0
Nov 27 08:33:13 np0005537441 object-server[125649]: 172.20.0.104 - - [27/Nov/2025:08:33:13 +0000] "PUT /d1/114/AUTH_ece81c3214184c54956c375af05c2f4f/gnocchi.cac30b74-1162-41fd-bfe7-26243a46b556/none_v3" 201 - "PUT http://172.18.0.158:8080/v1/AUTH_ece81c3214184c54956c375af05c2f4f/gnocchi.cac30b74-1162-41fd-bfe7-26243a46b556/none_v3" "txdab195d53bc74064a3814-0069280cc9" "proxy-server 20" 0.0133 "-" 21 0
Nov 27 08:33:13 np0005537441 container-server[125162]: 172.20.0.104 - - [27/Nov/2025:08:33:13 +0000] "PUT /d1/410/AUTH_ece81c3214184c54956c375af05c2f4f/gnocchi.27bd9a82-8708-4570-8037-cd32eafea7ca/1763640000.0_mean_300.0_v3" 201 - "PUT http://172.18.0.158:8080/d1/888/AUTH_ece81c3214184c54956c375af05c2f4f/gnocchi.27bd9a82-8708-4570-8037-cd32eafea7ca/1763640000.0_mean_300.0_v3" "tx48ca1385f7cd43ee85f1c-0069280cc9" "object-server 24" 0.0006 "-" 20 0
Nov 27 08:33:13 np0005537441 object-server[125635]: 172.20.0.103 - - [27/Nov/2025:08:33:13 +0000] "PUT /d1/888/AUTH_ece81c3214184c54956c375af05c2f4f/gnocchi.27bd9a82-8708-4570-8037-cd32eafea7ca/1763640000.0_mean_300.0_v3" 201 - "PUT http://172.18.0.158:8080/v1/AUTH_ece81c3214184c54956c375af05c2f4f/gnocchi.27bd9a82-8708-4570-8037-cd32eafea7ca/1763640000.0_mean_300.0_v3" "tx48ca1385f7cd43ee85f1c-0069280cc9" "proxy-server 20" 0.0137 "-" 19 0
Nov 27 08:33:13 np0005537441 proxy-server[126999]: 172.18.0.103 172.18.0.104 27/Nov/2025/08/33/13 PUT /v1/AUTH_ece81c3214184c54956c375af05c2f4f/gnocchi.27bd9a82-8708-4570-8037-cd32eafea7ca/1763640000.0_mean_300.0_v3 HTTP/1.0 201 - python-swiftclient-3.11.1 gAAAAABpKAzB-Xe5... 16 - - tx48ca1385f7cd43ee85f1c-0069280cc9 - 0.0290 - - 1764232393.727179289 1764232393.756181955 0
Nov 27 08:33:13 np0005537441 container-server[125162]: 172.20.0.103 - - [27/Nov/2025:08:33:13 +0000] "PUT /d1/410/AUTH_ece81c3214184c54956c375af05c2f4f/gnocchi.27bd9a82-8708-4570-8037-cd32eafea7ca/none_v3" 201 - "PUT http://172.18.0.158:8080/d1/484/AUTH_ece81c3214184c54956c375af05c2f4f/gnocchi.27bd9a82-8708-4570-8037-cd32eafea7ca/none_v3" "tx68dc9133c7dc4bc3bf400-0069280cc9" "object-server 21" 0.0012 "-" 20 0
Nov 27 08:33:13 np0005537441 object-server[125649]: 172.20.0.104 - - [27/Nov/2025:08:33:13 +0000] "PUT /d1/484/AUTH_ece81c3214184c54956c375af05c2f4f/gnocchi.27bd9a82-8708-4570-8037-cd32eafea7ca/none_v3" 201 - "PUT http://172.18.0.158:8080/v1/AUTH_ece81c3214184c54956c375af05c2f4f/gnocchi.27bd9a82-8708-4570-8037-cd32eafea7ca/none_v3" "tx68dc9133c7dc4bc3bf400-0069280cc9" "proxy-server 20" 0.0130 "-" 21 0
Nov 27 08:33:14 np0005537441 container-server[125162]: 172.20.0.105 - - [27/Nov/2025:08:33:14 +0000] "HEAD /d1/516/AUTH_ece81c3214184c54956c375af05c2f4f/gnocchi.4e6ea734-1a86-4266-9699-612f12effd1b" 404 - "HEAD http://172.18.0.158:8080/v1/AUTH_ece81c3214184c54956c375af05c2f4f/gnocchi.4e6ea734-1a86-4266-9699-612f12effd1b?format=json&states=listing" "tx9f354a9077af482daefbe-0069280cc9" "proxy-server 20" 0.0005 "-" 20 0
Nov 27 08:33:14 np0005537441 object-server[125642]: 172.20.0.105 - - [27/Nov/2025:08:33:14 +0000] "GET /d1/222/AUTH_ece81c3214184c54956c375af05c2f4f/gnocchi.4e6ea734-1a86-4266-9699-612f12effd1b/none_v3" 404 70 "GET http://172.18.0.158:8080/v1/AUTH_ece81c3214184c54956c375af05c2f4f/gnocchi.4e6ea734-1a86-4266-9699-612f12effd1b/none_v3" "tx9f354a9077af482daefbe-0069280cc9" "proxy-server 20" 0.0005 "-" 20 0
Nov 27 08:33:14 np0005537441 account-server[125063]: 172.20.0.103 - - [27/Nov/2025:08:33:14 +0000] "PUT /d1/447/AUTH_ece81c3214184c54956c375af05c2f4f/gnocchi.4e6ea734-1a86-4266-9699-612f12effd1b" 201 - "PUT http://172.20.0.103:6001/d1/516/AUTH_ece81c3214184c54956c375af05c2f4f/gnocchi.4e6ea734-1a86-4266-9699-612f12effd1b" "txdfbfceb727974030aec84-0069280cca" "container-server 22" 0.0055 "-" 21 0
Nov 27 08:33:14 np0005537441 container-server[125201]: 172.20.0.103 - - [27/Nov/2025:08:33:14 +0000] "PUT /d1/516/AUTH_ece81c3214184c54956c375af05c2f4f/gnocchi.4e6ea734-1a86-4266-9699-612f12effd1b" 201 - "PUT http://172.18.0.158:8080/v1/AUTH_ece81c3214184c54956c375af05c2f4f/gnocchi.4e6ea734-1a86-4266-9699-612f12effd1b" "txdfbfceb727974030aec84-0069280cca" "proxy-server 20" 0.0195 "-" 22 0
Nov 27 08:33:14 np0005537441 proxy-server[126999]: 172.18.0.158 172.18.0.104 27/Nov/2025/08/33/14 PUT /v1/AUTH_ece81c3214184c54956c375af05c2f4f/gnocchi.4e6ea734-1a86-4266-9699-612f12effd1b HTTP/1.0 201 - python-swiftclient-3.11.1 gAAAAABpKAzJpV3u... - - - txdfbfceb727974030aec84-0069280cca - 0.0408 - - 1764232394.153082371 1764232394.193920851 0
Nov 27 08:33:14 np0005537441 container-server[125184]: 172.20.0.104 - - [27/Nov/2025:08:33:14 +0000] "GET /d1/516/AUTH_ece81c3214184c54956c375af05c2f4f/gnocchi.4e6ea734-1a86-4266-9699-612f12effd1b" 200 2 "GET http://172.18.0.158:8080/v1/AUTH_ece81c3214184c54956c375af05c2f4f/gnocchi.4e6ea734-1a86-4266-9699-612f12effd1b?format=json&states=listing" "txd46d93fea11e4c95a96b8-0069280cca" "proxy-server 20" 0.0041 "-" 21 0
Nov 27 08:33:14 np0005537441 object-server[125642]: 172.20.0.105 - - [27/Nov/2025:08:33:14 +0000] "GET /d1/791/AUTH_ece81c3214184c54956c375af05c2f4f/gnocchi.4e6ea734-1a86-4266-9699-612f12effd1b/1763640000.0_mean_300.0_v3" 404 70 "GET http://172.18.0.158:8080/v1/AUTH_ece81c3214184c54956c375af05c2f4f/gnocchi.4e6ea734-1a86-4266-9699-612f12effd1b/1763640000.0_mean_300.0_v3" "txb65d15ad30c448249d38e-0069280cca" "proxy-server 20" 0.0005 "-" 20 0
Nov 27 08:33:14 np0005537441 container-server[125162]: 172.20.0.103 - - [27/Nov/2025:08:33:14 +0000] "PUT /d1/516/AUTH_ece81c3214184c54956c375af05c2f4f/gnocchi.4e6ea734-1a86-4266-9699-612f12effd1b/1763640000.0_mean_300.0_v3" 201 - "PUT http://172.18.0.158:8080/d1/791/AUTH_ece81c3214184c54956c375af05c2f4f/gnocchi.4e6ea734-1a86-4266-9699-612f12effd1b/1763640000.0_mean_300.0_v3" "tx37ec1c9f915240c7b326b-0069280cca" "object-server 21" 0.0015 "-" 20 0
Nov 27 08:33:14 np0005537441 object-server[125649]: 172.20.0.103 - - [27/Nov/2025:08:33:14 +0000] "PUT /d1/791/AUTH_ece81c3214184c54956c375af05c2f4f/gnocchi.4e6ea734-1a86-4266-9699-612f12effd1b/1763640000.0_mean_300.0_v3" 201 - "PUT http://172.18.0.158:8080/v1/AUTH_ece81c3214184c54956c375af05c2f4f/gnocchi.4e6ea734-1a86-4266-9699-612f12effd1b/1763640000.0_mean_300.0_v3" "tx37ec1c9f915240c7b326b-0069280cca" "proxy-server 20" 0.0131 "-" 21 0
Nov 27 08:33:14 np0005537441 proxy-server[126999]: 172.18.0.158 172.18.0.104 27/Nov/2025/08/33/14 PUT /v1/AUTH_ece81c3214184c54956c375af05c2f4f/gnocchi.4e6ea734-1a86-4266-9699-612f12effd1b/1763640000.0_mean_300.0_v3 HTTP/1.0 201 - python-swiftclient-3.11.1 gAAAAABpKAzJpV3u... 16 - - tx37ec1c9f915240c7b326b-0069280cca - 0.0297 - - 1764232394.257638454 1764232394.287311316 0
Nov 27 08:33:14 np0005537441 container-server[125201]: 172.20.0.103 - - [27/Nov/2025:08:33:14 +0000] "PUT /d1/516/AUTH_ece81c3214184c54956c375af05c2f4f/gnocchi.4e6ea734-1a86-4266-9699-612f12effd1b/none_v3" 201 - "PUT http://172.18.0.158:8080/d1/222/AUTH_ece81c3214184c54956c375af05c2f4f/gnocchi.4e6ea734-1a86-4266-9699-612f12effd1b/none_v3" "txacb2d0c1fad444218411b-0069280cca" "object-server 18" 0.0010 "-" 22 0
Nov 27 08:33:14 np0005537441 object-server[125632]: 172.20.0.104 - - [27/Nov/2025:08:33:14 +0000] "PUT /d1/222/AUTH_ece81c3214184c54956c375af05c2f4f/gnocchi.4e6ea734-1a86-4266-9699-612f12effd1b/none_v3" 201 - "PUT http://172.18.0.158:8080/v1/AUTH_ece81c3214184c54956c375af05c2f4f/gnocchi.4e6ea734-1a86-4266-9699-612f12effd1b/none_v3" "txacb2d0c1fad444218411b-0069280cca" "proxy-server 20" 0.0116 "-" 18 0
Nov 27 08:33:15 np0005537441 object-server[125372]: Starting object replication pass.
Nov 27 08:33:16 np0005537441 account-server[124469]: Beginning replication run
Nov 27 08:33:16 np0005537441 account-server[124469]: Replication run OVER
Nov 27 08:33:16 np0005537441 account-server[124469]: Attempted to replicate 1 dbs in 0.04467 seconds (22.38844/s)
Nov 27 08:33:16 np0005537441 account-server[124469]: Removed 0 dbs
Nov 27 08:33:16 np0005537441 account-server[124469]: 2 successes, 0 failures
Nov 27 08:33:16 np0005537441 account-server[124469]: diff:0 diff_capped:0 empty:0 hashmatch:0 no_change:2 remote_merge:0 rsync:0 ts_repl:0
Nov 27 08:33:16 np0005537441 object-server[125372]: 16/16 (100.00%) partitions replicated in 0.80s (19.98/sec, 0s remaining)
Nov 27 08:33:16 np0005537441 object-server[125372]: 32 successes, 0 failures
Nov 27 08:33:16 np0005537441 object-server[125372]: 16 suffixes checked - 87.50% hashed, 0.00% synced
Nov 27 08:33:16 np0005537441 object-server[125372]: Partition times: max 0.3182s, min 0.0073s, med 0.0357s
Nov 27 08:33:16 np0005537441 object-server[125372]: Object replication complete. (0.01 minutes)
Nov 27 08:33:17 np0005537441 object-server[218482]: Begin object audit "forever" mode (ZBF)
Nov 27 08:33:17 np0005537441 object-server[218482]: Object audit (ZBF). Since Thu Nov 27 08:33:17 2025: Locally: 1 passed, 0 quarantined, 0 errors, files/sec: 591.33, bytes/sec: 0.00, Total time: 0.00, Auditing time: 0.00, Rate: 0.00
Nov 27 08:33:17 np0005537441 object-server[218482]: Object audit (ZBF) "forever" mode completed: 0.28s. Total quarantined: 0, Total errors: 0, Total files/sec: 56.37, Total bytes/sec: 0.00, Auditing time: 0.28, Rate: 0.98
Nov 27 08:33:19 np0005537441 account-server[125063]: 172.20.0.105 - - [27/Nov/2025:08:33:19 +0000] "PUT /d1/447/AUTH_ece81c3214184c54956c375af05c2f4f/gnocchi.bb7a2f99-abf4-449a-ba29-1f52b715aed6" 201 - "-" "-" "container-updater 2" 0.0016 "-" 21 0
Nov 27 08:33:20 np0005537441 account-server[125063]: 172.20.0.105 - - [27/Nov/2025:08:33:20 +0000] "PUT /d1/447/AUTH_ece81c3214184c54956c375af05c2f4f/gnocchi.4e6ea734-1a86-4266-9699-612f12effd1b" 201 - "-" "-" "container-updater 2" 0.0007 "-" 21 0
Nov 27 08:33:20 np0005537441 account-server[125075]: 172.20.0.105 - - [27/Nov/2025:08:33:20 +0000] "PUT /d1/447/AUTH_ece81c3214184c54956c375af05c2f4f/gnocchi.a592f6e1-5e78-4d12-9919-4453ccb7dfab" 201 - "-" "-" "container-updater 2" 0.0006 "-" 23 0
Nov 27 08:33:20 np0005537441 account-server[125073]: 172.20.0.105 - - [27/Nov/2025:08:33:20 +0000] "PUT /d1/447/AUTH_ece81c3214184c54956c375af05c2f4f/gnocchi.e3c8f6c5-b9b7-4eed-89c3-b79968f658d1" 201 - "-" "-" "container-updater 2" 0.0012 "-" 22 0
Nov 27 08:33:20 np0005537441 account-server[125073]: 172.20.0.105 - - [27/Nov/2025:08:33:20 +0000] "PUT /d1/447/AUTH_ece81c3214184c54956c375af05c2f4f/gnocchi.28393ba4-ad3e-4920-96d2-37fcaf8c713a" 201 - "-" "-" "container-updater 2" 0.0004 "-" 22 0
Nov 27 08:33:20 np0005537441 account-server[125075]: 172.20.0.105 - - [27/Nov/2025:08:33:20 +0000] "PUT /d1/447/AUTH_ece81c3214184c54956c375af05c2f4f/gnocchi.10cef5b0-1cac-473d-bfb4-001090ec8091" 201 - "-" "-" "container-updater 2" 0.0011 "-" 23 0
Nov 27 08:33:20 np0005537441 account-server[125063]: 172.20.0.105 - - [27/Nov/2025:08:33:20 +0000] "PUT /d1/447/AUTH_ece81c3214184c54956c375af05c2f4f/gnocchi.cac30b74-1162-41fd-bfe7-26243a46b556" 201 - "-" "-" "container-updater 2" 0.0009 "-" 21 0
Nov 27 08:33:20 np0005537441 account-server[125060]: 172.20.0.105 - - [27/Nov/2025:08:33:20 +0000] "PUT /d1/447/AUTH_ece81c3214184c54956c375af05c2f4f/gnocchi.27bd9a82-8708-4570-8037-cd32eafea7ca" 201 - "-" "-" "container-updater 2" 0.0007 "-" 20 0
Nov 27 08:33:24 np0005537441 container-server[124819]: Beginning replication run
Nov 27 08:33:24 np0005537441 container-server[124819]: Replication run OVER
Nov 27 08:33:24 np0005537441 container-server[124819]: Attempted to replicate 8 dbs in 0.21089 seconds (37.93530/s)
Nov 27 08:33:24 np0005537441 container-server[124819]: Removed 0 dbs
Nov 27 08:33:24 np0005537441 container-server[124819]: 16 successes, 0 failures
Nov 27 08:33:24 np0005537441 container-server[124819]: diff:0 diff_capped:0 empty:0 hashmatch:0 no_change:16 remote_merge:0 rsync:0 ts_repl:0
Nov 27 08:33:46 np0005537441 account-server[124469]: Beginning replication run
Nov 27 08:33:46 np0005537441 account-server[124469]: Replication run OVER
Nov 27 08:33:46 np0005537441 account-server[124469]: Attempted to replicate 1 dbs in 0.03249 seconds (30.77927/s)
Nov 27 08:33:46 np0005537441 account-server[124469]: Removed 0 dbs
Nov 27 08:33:46 np0005537441 account-server[124469]: 2 successes, 0 failures
Nov 27 08:33:46 np0005537441 account-server[124469]: diff:0 diff_capped:0 empty:0 hashmatch:0 no_change:2 remote_merge:0 rsync:0 ts_repl:0
Nov 27 08:33:46 np0005537441 object-server[125372]: Starting object replication pass.
Nov 27 08:33:46 np0005537441 object-server[125372]: 16/16 (100.00%) partitions replicated in 0.19s (85.14/sec, 0s remaining)
Nov 27 08:33:46 np0005537441 object-server[125372]: 32 successes, 0 failures
Nov 27 08:33:46 np0005537441 object-server[125372]: 16 suffixes checked - 0.00% hashed, 0.00% synced
Nov 27 08:33:46 np0005537441 object-server[125372]: Partition times: max 0.0150s, min 0.0078s, med 0.0105s
Nov 27 08:33:46 np0005537441 object-server[125372]: Object replication complete. (0.00 minutes)
Nov 27 08:33:48 np0005537441 object-server[224376]: Begin object audit "forever" mode (ALL)
Nov 27 08:33:48 np0005537441 object-server[224375]: Begin object audit "forever" mode (ZBF)
Nov 27 08:33:48 np0005537441 object-server[224375]: Object audit (ZBF). Since Thu Nov 27 08:33:48 2025: Locally: 1 passed, 0 quarantined, 0 errors, files/sec: 487.65, bytes/sec: 0.00, Total time: 0.00, Auditing time: 0.00, Rate: 0.00
Nov 27 08:33:48 np0005537441 object-server[224376]: Object audit (ALL). Since Thu Nov 27 08:33:48 2025: Locally: 1 passed, 0 quarantined, 0 errors, files/sec: 109.93, bytes/sec: 1758.80, Total time: 0.01, Auditing time: 0.00, Rate: 0.00
Nov 27 08:33:48 np0005537441 object-server[224375]: Object audit (ZBF) "forever" mode completed: 0.33s. Total quarantined: 0, Total errors: 0, Total files/sec: 48.36, Total bytes/sec: 0.00, Auditing time: 0.28, Rate: 0.84
Nov 27 08:33:48 np0005537441 object-server[224376]: Object audit (ALL) "forever" mode completed: 0.71s. Total quarantined: 0, Total errors: 0, Total files/sec: 22.49, Total bytes/sec: 441.35, Auditing time: 0.71, Rate: 0.99
Nov 27 08:33:54 np0005537441 container-server[124819]: Beginning replication run
Nov 27 08:33:54 np0005537441 container-server[124819]: Replication run OVER
Nov 27 08:33:54 np0005537441 container-server[124819]: Attempted to replicate 8 dbs in 0.15284 seconds (52.34191/s)
Nov 27 08:33:54 np0005537441 container-server[124819]: Removed 0 dbs
Nov 27 08:33:54 np0005537441 container-server[124819]: 16 successes, 0 failures
Nov 27 08:33:54 np0005537441 container-server[124819]: diff:0 diff_capped:0 empty:0 hashmatch:0 no_change:16 remote_merge:0 rsync:0 ts_repl:0
Nov 27 08:34:05 np0005537441 account-server[125075]: 172.20.0.105 - - [27/Nov/2025:08:34:05 +0000] "HEAD /d1/447/AUTH_ece81c3214184c54956c375af05c2f4f" 204 - "HEAD http://172.18.0.158:8080/v1/AUTH_ece81c3214184c54956c375af05c2f4f?format=json" "txcfdd1c27476249138abc7-0069280cfd" "proxy-server 20" 0.0024 "-" 23 -
Nov 27 08:34:05 np0005537441 container-server[125162]: 172.20.0.105 - - [27/Nov/2025:08:34:05 +0000] "HEAD /d1/108/AUTH_ece81c3214184c54956c375af05c2f4f/gnocchi.94721da7-d267-4216-92dd-7b0b5e52e054" 404 - "HEAD http://172.18.0.158:8080/v1/AUTH_ece81c3214184c54956c375af05c2f4f/gnocchi.94721da7-d267-4216-92dd-7b0b5e52e054?format=json&states=listing" "txcfdd1c27476249138abc7-0069280cfd" "proxy-server 20" 0.0009 "-" 20 0
Nov 27 08:34:05 np0005537441 container-server[125201]: 172.20.0.103 - - [27/Nov/2025:08:34:05 +0000] "HEAD /d1/720/AUTH_ece81c3214184c54956c375af05c2f4f/gnocchi.33da1868-ece3-474e-91a0-8b893c127b3d" 404 - "HEAD http://172.18.0.158:8080/v1/AUTH_ece81c3214184c54956c375af05c2f4f/gnocchi.33da1868-ece3-474e-91a0-8b893c127b3d?format=json&states=listing" "tx953ebd5a37c640a485f89-0069280cfd" "proxy-server 20" 0.0004 "-" 22 0
Nov 27 08:34:05 np0005537441 object-server[125635]: 172.20.0.105 - - [27/Nov/2025:08:34:05 +0000] "GET /d1/662/AUTH_ece81c3214184c54956c375af05c2f4f/gnocchi.94721da7-d267-4216-92dd-7b0b5e52e054/none_v3" 404 70 "GET http://172.18.0.158:8080/v1/AUTH_ece81c3214184c54956c375af05c2f4f/gnocchi.94721da7-d267-4216-92dd-7b0b5e52e054/none_v3" "txcfdd1c27476249138abc7-0069280cfd" "proxy-server 20" 0.0003 "-" 19 0
Nov 27 08:34:05 np0005537441 container-server[125201]: 172.20.0.104 - - [27/Nov/2025:08:34:05 +0000] "HEAD /d1/964/AUTH_ece81c3214184c54956c375af05c2f4f/gnocchi.b967894a-ef0a-4ad9-a63b-a964df942846" 404 - "HEAD http://172.18.0.158:8080/v1/AUTH_ece81c3214184c54956c375af05c2f4f/gnocchi.b967894a-ef0a-4ad9-a63b-a964df942846?format=json&states=listing" "tx34c9ee2e6fa749339c283-0069280cfd" "proxy-server 20" 0.0003 "-" 22 0
Nov 27 08:34:05 np0005537441 object-server[125642]: 172.20.0.103 - - [27/Nov/2025:08:34:05 +0000] "GET /d1/901/AUTH_ece81c3214184c54956c375af05c2f4f/gnocchi.33da1868-ece3-474e-91a0-8b893c127b3d/none_v3" 404 70 "GET http://172.18.0.158:8080/v1/AUTH_ece81c3214184c54956c375af05c2f4f/gnocchi.33da1868-ece3-474e-91a0-8b893c127b3d/none_v3" "tx953ebd5a37c640a485f89-0069280cfd" "proxy-server 20" 0.0005 "-" 20 0
Nov 27 08:34:05 np0005537441 object-server[125642]: 172.20.0.104 - - [27/Nov/2025:08:34:05 +0000] "GET /d1/825/AUTH_ece81c3214184c54956c375af05c2f4f/gnocchi.b967894a-ef0a-4ad9-a63b-a964df942846/none_v3" 404 70 "GET http://172.18.0.158:8080/v1/AUTH_ece81c3214184c54956c375af05c2f4f/gnocchi.b967894a-ef0a-4ad9-a63b-a964df942846/none_v3" "tx34c9ee2e6fa749339c283-0069280cfd" "proxy-server 20" 0.0003 "-" 20 0
Nov 27 08:34:05 np0005537441 proxy-server[126999]: 172.18.0.103 172.18.0.104 27/Nov/2025/08/34/05 GET /v1/AUTH_ece81c3214184c54956c375af05c2f4f/gnocchi.33da1868-ece3-474e-91a0-8b893c127b3d/none_v3 HTTP/1.0 404 - python-swiftclient-3.11.1 gAAAAABpKAzB-Xe5... - 70 - tx953ebd5a37c640a485f89-0069280cfd - 0.0321 - - 1764232445.424545288 1764232445.456626654 0
Nov 27 08:34:05 np0005537441 container-server[125201]: 172.20.0.105 - - [27/Nov/2025:08:34:05 +0000] "PUT /d1/108/AUTH_ece81c3214184c54956c375af05c2f4f/gnocchi.94721da7-d267-4216-92dd-7b0b5e52e054" 201 - "PUT http://172.18.0.158:8080/v1/AUTH_ece81c3214184c54956c375af05c2f4f/gnocchi.94721da7-d267-4216-92dd-7b0b5e52e054" "tx8297665529cb4c17a000d-0069280cfd" "proxy-server 20" 0.0140 "-" 22 0
Nov 27 08:34:05 np0005537441 account-server[125060]: 172.20.0.105 - - [27/Nov/2025:08:34:05 +0000] "PUT /d1/447/AUTH_ece81c3214184c54956c375af05c2f4f/gnocchi.94721da7-d267-4216-92dd-7b0b5e52e054" 201 - "PUT http://172.20.0.105:6001/d1/108/AUTH_ece81c3214184c54956c375af05c2f4f/gnocchi.94721da7-d267-4216-92dd-7b0b5e52e054" "tx8297665529cb4c17a000d-0069280cfd" "container-server 23" 0.0013 "-" 20 0
Nov 27 08:34:05 np0005537441 container-server[125184]: 172.20.0.103 - - [27/Nov/2025:08:34:05 +0000] "PUT /d1/720/AUTH_ece81c3214184c54956c375af05c2f4f/gnocchi.33da1868-ece3-474e-91a0-8b893c127b3d" 201 - "PUT http://172.18.0.158:8080/v1/AUTH_ece81c3214184c54956c375af05c2f4f/gnocchi.33da1868-ece3-474e-91a0-8b893c127b3d" "tx3eea8f907bad449cb904c-0069280cfd" "proxy-server 20" 0.0149 "-" 21 0
Nov 27 08:34:05 np0005537441 account-server[125060]: 172.20.0.103 - - [27/Nov/2025:08:34:05 +0000] "PUT /d1/447/AUTH_ece81c3214184c54956c375af05c2f4f/gnocchi.b967894a-ef0a-4ad9-a63b-a964df942846" 201 - "PUT http://172.20.0.103:6001/d1/964/AUTH_ece81c3214184c54956c375af05c2f4f/gnocchi.b967894a-ef0a-4ad9-a63b-a964df942846" "tx783c36123caa45c4b2aea-0069280cfd" "container-server 21" 0.0039 "-" 20 0
Nov 27 08:34:05 np0005537441 container-server[125184]: 172.20.0.104 - - [27/Nov/2025:08:34:05 +0000] "PUT /d1/964/AUTH_ece81c3214184c54956c375af05c2f4f/gnocchi.b967894a-ef0a-4ad9-a63b-a964df942846" 201 - "PUT http://172.18.0.158:8080/v1/AUTH_ece81c3214184c54956c375af05c2f4f/gnocchi.b967894a-ef0a-4ad9-a63b-a964df942846" "tx783c36123caa45c4b2aea-0069280cfd" "proxy-server 20" 0.0135 "-" 21 0
Nov 27 08:34:05 np0005537441 account-server[125063]: 172.20.0.105 - - [27/Nov/2025:08:34:05 +0000] "PUT /d1/447/AUTH_ece81c3214184c54956c375af05c2f4f/gnocchi.33da1868-ece3-474e-91a0-8b893c127b3d" 201 - "PUT http://172.20.0.105:6001/d1/720/AUTH_ece81c3214184c54956c375af05c2f4f/gnocchi.33da1868-ece3-474e-91a0-8b893c127b3d" "tx3eea8f907bad449cb904c-0069280cfd" "container-server 22" 0.0069 "-" 21 0
Nov 27 08:34:05 np0005537441 proxy-server[126999]: 172.18.0.103 172.18.0.104 27/Nov/2025/08/34/05 PUT /v1/AUTH_ece81c3214184c54956c375af05c2f4f/gnocchi.33da1868-ece3-474e-91a0-8b893c127b3d HTTP/1.0 201 - python-swiftclient-3.11.1 gAAAAABpKAzB-Xe5... - - - tx3eea8f907bad449cb904c-0069280cfd - 0.0449 - - 1764232445.461079597 1764232445.505971193 0
Nov 27 08:34:05 np0005537441 container-server[125137]: 172.20.0.105 - - [27/Nov/2025:08:34:05 +0000] "HEAD /d1/108/AUTH_ece81c3214184c54956c375af05c2f4f/gnocchi.94721da7-d267-4216-92dd-7b0b5e52e054" 204 - "HEAD http://172.18.0.158:8080/v1/AUTH_ece81c3214184c54956c375af05c2f4f/gnocchi.94721da7-d267-4216-92dd-7b0b5e52e054?format=json&states=listing" "tx5556733557d94fab8c9b2-0069280cfd" "proxy-server 20" 0.0016 "-" 19 0
Nov 27 08:34:05 np0005537441 container-server[125137]: 172.20.0.103 - - [27/Nov/2025:08:34:05 +0000] "HEAD /d1/720/AUTH_ece81c3214184c54956c375af05c2f4f/gnocchi.33da1868-ece3-474e-91a0-8b893c127b3d" 204 - "HEAD http://172.18.0.158:8080/v1/AUTH_ece81c3214184c54956c375af05c2f4f/gnocchi.33da1868-ece3-474e-91a0-8b893c127b3d?format=json&states=listing" "tx64d95f1ae43c472e928cf-0069280cfd" "proxy-server 20" 0.0012 "-" 19 0
Nov 27 08:34:05 np0005537441 proxy-server[126999]: - - 27/Nov/2025/08/34/05 HEAD /v1/AUTH_ece81c3214184c54956c375af05c2f4f/gnocchi.33da1868-ece3-474e-91a0-8b893c127b3d%3Fformat%3Djson%26states%3Dlisting HTTP/1.0 204 - Swift - - - - tx64d95f1ae43c472e928cf-0069280cfd - 0.0043 RL - 1764232445.513278723 1764232445.517618418 0
Nov 27 08:34:05 np0005537441 container-server[125201]: 172.20.0.105 - - [27/Nov/2025:08:34:05 +0000] "GET /d1/108/AUTH_ece81c3214184c54956c375af05c2f4f/gnocchi.94721da7-d267-4216-92dd-7b0b5e52e054" 200 2 "GET http://172.18.0.158:8080/v1/AUTH_ece81c3214184c54956c375af05c2f4f/gnocchi.94721da7-d267-4216-92dd-7b0b5e52e054?format=json&states=listing" "tx5556733557d94fab8c9b2-0069280cfd" "proxy-server 20" 0.0024 "-" 22 0
Nov 27 08:34:05 np0005537441 proxy-server[126999]: 172.18.0.103 172.18.0.104 27/Nov/2025/08/34/05 GET /v1/AUTH_ece81c3214184c54956c375af05c2f4f/gnocchi.33da1868-ece3-474e-91a0-8b893c127b3d%3Fformat%3Djson%26states%3Dlisting HTTP/1.0 200 - python-swiftclient-3.11.1 gAAAAABpKAzB-Xe5... - 2 - tx64d95f1ae43c472e928cf-0069280cfd - 0.0189 - - 1764232445.511460543 1764232445.530383348 0
Nov 27 08:34:05 np0005537441 object-server[125649]: 172.20.0.105 - - [27/Nov/2025:08:34:05 +0000] "GET /d1/781/AUTH_ece81c3214184c54956c375af05c2f4f/gnocchi.94721da7-d267-4216-92dd-7b0b5e52e054/1763640000.0_mean_300.0_v3" 404 70 "GET http://172.18.0.158:8080/v1/AUTH_ece81c3214184c54956c375af05c2f4f/gnocchi.94721da7-d267-4216-92dd-7b0b5e52e054/1763640000.0_mean_300.0_v3" "tx268474253c024dc3a6b31-0069280cfd" "proxy-server 20" 0.0003 "-" 21 0
Nov 27 08:34:05 np0005537441 object-server[125635]: 172.20.0.103 - - [27/Nov/2025:08:34:05 +0000] "GET /d1/791/AUTH_ece81c3214184c54956c375af05c2f4f/gnocchi.33da1868-ece3-474e-91a0-8b893c127b3d/1763640000.0_mean_300.0_v3" 404 70 "GET http://172.18.0.158:8080/v1/AUTH_ece81c3214184c54956c375af05c2f4f/gnocchi.33da1868-ece3-474e-91a0-8b893c127b3d/1763640000.0_mean_300.0_v3" "txdc086b78903b4f91be9c3-0069280cfd" "proxy-server 20" 0.0004 "-" 19 0
Nov 27 08:34:05 np0005537441 proxy-server[126999]: 172.18.0.103 172.18.0.104 27/Nov/2025/08/34/05 GET /v1/AUTH_ece81c3214184c54956c375af05c2f4f/gnocchi.33da1868-ece3-474e-91a0-8b893c127b3d/1763640000.0_mean_300.0_v3 HTTP/1.0 404 - python-swiftclient-3.11.1 gAAAAABpKAzB-Xe5... - 70 - txdc086b78903b4f91be9c3-0069280cfd - 0.0163 - - 1764232445.536772013 1764232445.553095341 0
Nov 27 08:34:05 np0005537441 object-server[125632]: 172.20.0.104 - - [27/Nov/2025:08:34:05 +0000] "GET /d1/563/AUTH_ece81c3214184c54956c375af05c2f4f/gnocchi.b967894a-ef0a-4ad9-a63b-a964df942846/1763640000.0_mean_300.0_v3" 404 70 "GET http://172.18.0.158:8080/v1/AUTH_ece81c3214184c54956c375af05c2f4f/gnocchi.b967894a-ef0a-4ad9-a63b-a964df942846/1763640000.0_mean_300.0_v3" "txa604c73b54de47c8a5bdf-0069280cfd" "proxy-server 20" 0.0004 "-" 18 0
Nov 27 08:34:05 np0005537441 container-server[125137]: 172.20.0.104 - - [27/Nov/2025:08:34:05 +0000] "PUT /d1/720/AUTH_ece81c3214184c54956c375af05c2f4f/gnocchi.33da1868-ece3-474e-91a0-8b893c127b3d/1763640000.0_mean_300.0_v3" 201 - "PUT http://172.18.0.158:8080/d1/791/AUTH_ece81c3214184c54956c375af05c2f4f/gnocchi.33da1868-ece3-474e-91a0-8b893c127b3d/1763640000.0_mean_300.0_v3" "tx97b839687ffa4573a5889-0069280cfd" "object-server 24" 0.0007 "-" 19 0
Nov 27 08:34:05 np0005537441 object-server[125649]: 172.20.0.103 - - [27/Nov/2025:08:34:05 +0000] "PUT /d1/791/AUTH_ece81c3214184c54956c375af05c2f4f/gnocchi.33da1868-ece3-474e-91a0-8b893c127b3d/1763640000.0_mean_300.0_v3" 201 - "PUT http://172.18.0.158:8080/v1/AUTH_ece81c3214184c54956c375af05c2f4f/gnocchi.33da1868-ece3-474e-91a0-8b893c127b3d/1763640000.0_mean_300.0_v3" "tx97b839687ffa4573a5889-0069280cfd" "proxy-server 20" 0.0170 "-" 21 0
Nov 27 08:34:05 np0005537441 object-server[125642]: 172.20.0.105 - - [27/Nov/2025:08:34:05 +0000] "PUT /d1/781/AUTH_ece81c3214184c54956c375af05c2f4f/gnocchi.94721da7-d267-4216-92dd-7b0b5e52e054/1763640000.0_mean_300.0_v3" 201 - "PUT http://172.18.0.158:8080/v1/AUTH_ece81c3214184c54956c375af05c2f4f/gnocchi.94721da7-d267-4216-92dd-7b0b5e52e054/1763640000.0_mean_300.0_v3" "tx85cd08907bdc449794f4f-0069280cfd" "proxy-server 20" 0.0123 "-" 20 0
Nov 27 08:34:05 np0005537441 container-server[125184]: 172.20.0.104 - - [27/Nov/2025:08:34:05 +0000] "PUT /d1/108/AUTH_ece81c3214184c54956c375af05c2f4f/gnocchi.94721da7-d267-4216-92dd-7b0b5e52e054/1763640000.0_mean_300.0_v3" 201 - "PUT http://172.18.0.158:8080/d1/781/AUTH_ece81c3214184c54956c375af05c2f4f/gnocchi.94721da7-d267-4216-92dd-7b0b5e52e054/1763640000.0_mean_300.0_v3" "tx85cd08907bdc449794f4f-0069280cfd" "object-server 24" 0.0007 "-" 21 0
Nov 27 08:34:05 np0005537441 container-server[125162]: 172.20.0.103 - - [27/Nov/2025:08:34:05 +0000] "PUT /d1/964/AUTH_ece81c3214184c54956c375af05c2f4f/gnocchi.b967894a-ef0a-4ad9-a63b-a964df942846/1763640000.0_mean_300.0_v3" 201 - "PUT http://172.18.0.158:8080/d1/563/AUTH_ece81c3214184c54956c375af05c2f4f/gnocchi.b967894a-ef0a-4ad9-a63b-a964df942846/1763640000.0_mean_300.0_v3" "txb3beff17471d44f2bba37-0069280cfd" "object-server 20" 0.0006 "-" 20 0
Nov 27 08:34:05 np0005537441 object-server[125642]: 172.20.0.104 - - [27/Nov/2025:08:34:05 +0000] "PUT /d1/563/AUTH_ece81c3214184c54956c375af05c2f4f/gnocchi.b967894a-ef0a-4ad9-a63b-a964df942846/1763640000.0_mean_300.0_v3" 201 - "PUT http://172.18.0.158:8080/v1/AUTH_ece81c3214184c54956c375af05c2f4f/gnocchi.b967894a-ef0a-4ad9-a63b-a964df942846/1763640000.0_mean_300.0_v3" "txb3beff17471d44f2bba37-0069280cfd" "proxy-server 20" 0.0112 "-" 20 0
Nov 27 08:34:05 np0005537441 proxy-server[126999]: 172.18.0.103 172.18.0.104 27/Nov/2025/08/34/05 PUT /v1/AUTH_ece81c3214184c54956c375af05c2f4f/gnocchi.33da1868-ece3-474e-91a0-8b893c127b3d/1763640000.0_mean_300.0_v3 HTTP/1.0 201 - python-swiftclient-3.11.1 gAAAAABpKAzB-Xe5... 16 - - tx97b839687ffa4573a5889-0069280cfd - 0.0435 - - 1764232445.557433367 1764232445.600888491 0
Nov 27 08:34:05 np0005537441 container-server[125162]: 172.20.0.103 - - [27/Nov/2025:08:34:05 +0000] "PUT /d1/720/AUTH_ece81c3214184c54956c375af05c2f4f/gnocchi.33da1868-ece3-474e-91a0-8b893c127b3d/none_v3" 201 - "PUT http://172.18.0.158:8080/d1/901/AUTH_ece81c3214184c54956c375af05c2f4f/gnocchi.33da1868-ece3-474e-91a0-8b893c127b3d/none_v3" "tx9225b0191526448f94cfc-0069280cfd" "object-server 20" 0.0008 "-" 20 0
Nov 27 08:34:05 np0005537441 object-server[125642]: 172.20.0.103 - - [27/Nov/2025:08:34:05 +0000] "PUT /d1/901/AUTH_ece81c3214184c54956c375af05c2f4f/gnocchi.33da1868-ece3-474e-91a0-8b893c127b3d/none_v3" 201 - "PUT http://172.18.0.158:8080/v1/AUTH_ece81c3214184c54956c375af05c2f4f/gnocchi.33da1868-ece3-474e-91a0-8b893c127b3d/none_v3" "tx9225b0191526448f94cfc-0069280cfd" "proxy-server 20" 0.0123 "-" 20 0
Nov 27 08:34:05 np0005537441 proxy-server[126999]: 172.18.0.103 172.18.0.104 27/Nov/2025/08/34/05 PUT /v1/AUTH_ece81c3214184c54956c375af05c2f4f/gnocchi.33da1868-ece3-474e-91a0-8b893c127b3d/none_v3 HTTP/1.0 201 - python-swiftclient-3.11.1 gAAAAABpKAzB-Xe5... 22 - - tx9225b0191526448f94cfc-0069280cfd - 0.0225 - - 1764232445.604105473 1764232445.626640797 0
Nov 27 08:34:05 np0005537441 container-server[125137]: 172.20.0.104 - - [27/Nov/2025:08:34:05 +0000] "PUT /d1/964/AUTH_ece81c3214184c54956c375af05c2f4f/gnocchi.b967894a-ef0a-4ad9-a63b-a964df942846/none_v3" 201 - "PUT http://172.18.0.158:8080/d1/825/AUTH_ece81c3214184c54956c375af05c2f4f/gnocchi.b967894a-ef0a-4ad9-a63b-a964df942846/none_v3" "tx45c07e870eb042a9940fb-0069280cfd" "object-server 22" 0.0008 "-" 19 0
Nov 27 08:34:05 np0005537441 object-server[125632]: 172.20.0.105 - - [27/Nov/2025:08:34:05 +0000] "PUT /d1/662/AUTH_ece81c3214184c54956c375af05c2f4f/gnocchi.94721da7-d267-4216-92dd-7b0b5e52e054/none_v3" 201 - "PUT http://172.18.0.158:8080/v1/AUTH_ece81c3214184c54956c375af05c2f4f/gnocchi.94721da7-d267-4216-92dd-7b0b5e52e054/none_v3" "txc1fff9d8b86f4d02b024a-0069280cfd" "proxy-server 20" 0.0114 "-" 18 0
Nov 27 08:34:05 np0005537441 container-server[125137]: 172.20.0.104 - - [27/Nov/2025:08:34:05 +0000] "PUT /d1/108/AUTH_ece81c3214184c54956c375af05c2f4f/gnocchi.94721da7-d267-4216-92dd-7b0b5e52e054/none_v3" 201 - "PUT http://172.18.0.158:8080/d1/662/AUTH_ece81c3214184c54956c375af05c2f4f/gnocchi.94721da7-d267-4216-92dd-7b0b5e52e054/none_v3" "txc1fff9d8b86f4d02b024a-0069280cfd" "object-server 23" 0.0006 "-" 19 0
Nov 27 08:34:05 np0005537441 object-server[125649]: 172.20.0.104 - - [27/Nov/2025:08:34:05 +0000] "PUT /d1/825/AUTH_ece81c3214184c54956c375af05c2f4f/gnocchi.b967894a-ef0a-4ad9-a63b-a964df942846/none_v3" 201 - "PUT http://172.18.0.158:8080/v1/AUTH_ece81c3214184c54956c375af05c2f4f/gnocchi.b967894a-ef0a-4ad9-a63b-a964df942846/none_v3" "tx45c07e870eb042a9940fb-0069280cfd" "proxy-server 20" 0.0175 "-" 21 0
Nov 27 08:34:05 np0005537441 container-server[125184]: 172.20.0.103 - - [27/Nov/2025:08:34:05 +0000] "HEAD /d1/751/AUTH_ece81c3214184c54956c375af05c2f4f/gnocchi.5eeb2c2d-f661-444c-aaeb-b43a6648d752" 404 - "HEAD http://172.18.0.158:8080/v1/AUTH_ece81c3214184c54956c375af05c2f4f/gnocchi.5eeb2c2d-f661-444c-aaeb-b43a6648d752?format=json&states=listing" "txd046c1db05a14ded89550-0069280cfd" "proxy-server 20" 0.0003 "-" 21 0
Nov 27 08:34:05 np0005537441 container-server[125184]: 172.20.0.104 - - [27/Nov/2025:08:34:05 +0000] "HEAD /d1/307/AUTH_ece81c3214184c54956c375af05c2f4f/gnocchi.74ad0b71-6c79-4314-88b1-f8919429a361" 404 - "HEAD http://172.18.0.158:8080/v1/AUTH_ece81c3214184c54956c375af05c2f4f/gnocchi.74ad0b71-6c79-4314-88b1-f8919429a361?format=json&states=listing" "tx1e4e49863ec84fd89542e-0069280cfd" "proxy-server 20" 0.0003 "-" 21 0
Nov 27 08:34:05 np0005537441 object-server[125632]: 172.20.0.103 - - [27/Nov/2025:08:34:05 +0000] "GET /d1/851/AUTH_ece81c3214184c54956c375af05c2f4f/gnocchi.5eeb2c2d-f661-444c-aaeb-b43a6648d752/none_v3" 404 70 "GET http://172.18.0.158:8080/v1/AUTH_ece81c3214184c54956c375af05c2f4f/gnocchi.5eeb2c2d-f661-444c-aaeb-b43a6648d752/none_v3" "txd046c1db05a14ded89550-0069280cfd" "proxy-server 20" 0.0005 "-" 18 0
Nov 27 08:34:05 np0005537441 container-server[125162]: 172.20.0.105 - - [27/Nov/2025:08:34:05 +0000] "HEAD /d1/559/AUTH_ece81c3214184c54956c375af05c2f4f/gnocchi.8191bfaf-d9af-48e2-bfc8-5d23e696ee10" 404 - "HEAD http://172.18.0.158:8080/v1/AUTH_ece81c3214184c54956c375af05c2f4f/gnocchi.8191bfaf-d9af-48e2-bfc8-5d23e696ee10?format=json&states=listing" "txc909d2561a3d40d79d3f8-0069280cfd" "proxy-server 20" 0.0003 "-" 20 0
Nov 27 08:34:05 np0005537441 proxy-server[126999]: 172.18.0.103 172.18.0.104 27/Nov/2025/08/34/05 GET /v1/AUTH_ece81c3214184c54956c375af05c2f4f/gnocchi.5eeb2c2d-f661-444c-aaeb-b43a6648d752/none_v3 HTTP/1.0 404 - python-swiftclient-3.11.1 gAAAAABpKAzB-Xe5... - 70 - txd046c1db05a14ded89550-0069280cfd - 0.0289 - - 1764232445.640110731 1764232445.668993950 0
Nov 27 08:34:05 np0005537441 object-server[125642]: 172.20.0.104 - - [27/Nov/2025:08:34:05 +0000] "GET /d1/279/AUTH_ece81c3214184c54956c375af05c2f4f/gnocchi.74ad0b71-6c79-4314-88b1-f8919429a361/none_v3" 404 70 "GET http://172.18.0.158:8080/v1/AUTH_ece81c3214184c54956c375af05c2f4f/gnocchi.74ad0b71-6c79-4314-88b1-f8919429a361/none_v3" "tx1e4e49863ec84fd89542e-0069280cfd" "proxy-server 20" 0.0003 "-" 20 0
Nov 27 08:34:05 np0005537441 object-server[125635]: 172.20.0.105 - - [27/Nov/2025:08:34:05 +0000] "GET /d1/133/AUTH_ece81c3214184c54956c375af05c2f4f/gnocchi.8191bfaf-d9af-48e2-bfc8-5d23e696ee10/none_v3" 404 70 "GET http://172.18.0.158:8080/v1/AUTH_ece81c3214184c54956c375af05c2f4f/gnocchi.8191bfaf-d9af-48e2-bfc8-5d23e696ee10/none_v3" "txc909d2561a3d40d79d3f8-0069280cfd" "proxy-server 20" 0.0005 "-" 19 0
Nov 27 08:34:05 np0005537441 container-server[125162]: 172.20.0.103 - - [27/Nov/2025:08:34:05 +0000] "PUT /d1/751/AUTH_ece81c3214184c54956c375af05c2f4f/gnocchi.5eeb2c2d-f661-444c-aaeb-b43a6648d752" 201 - "PUT http://172.18.0.158:8080/v1/AUTH_ece81c3214184c54956c375af05c2f4f/gnocchi.5eeb2c2d-f661-444c-aaeb-b43a6648d752" "txb2237ae85d184c35beb2b-0069280cfd" "proxy-server 20" 0.0181 "-" 20 0
Nov 27 08:34:05 np0005537441 account-server[125060]: 172.20.0.104 - - [27/Nov/2025:08:34:05 +0000] "PUT /d1/447/AUTH_ece81c3214184c54956c375af05c2f4f/gnocchi.5eeb2c2d-f661-444c-aaeb-b43a6648d752" 201 - "PUT http://172.20.0.104:6001/d1/751/AUTH_ece81c3214184c54956c375af05c2f4f/gnocchi.5eeb2c2d-f661-444c-aaeb-b43a6648d752" "txb2237ae85d184c35beb2b-0069280cfd" "container-server 21" 0.0068 "-" 20 0
Nov 27 08:34:05 np0005537441 proxy-server[126999]: 172.18.0.103 172.18.0.104 27/Nov/2025/08/34/05 PUT /v1/AUTH_ece81c3214184c54956c375af05c2f4f/gnocchi.5eeb2c2d-f661-444c-aaeb-b43a6648d752 HTTP/1.0 201 - python-swiftclient-3.11.1 gAAAAABpKAzB-Xe5... - - - txb2237ae85d184c35beb2b-0069280cfd - 0.0266 - - 1764232445.672312021 1764232445.698907375 0
Nov 27 08:34:05 np0005537441 account-server[125063]: 172.20.0.105 - - [27/Nov/2025:08:34:05 +0000] "PUT /d1/447/AUTH_ece81c3214184c54956c375af05c2f4f/gnocchi.74ad0b71-6c79-4314-88b1-f8919429a361" 201 - "PUT http://172.20.0.105:6001/d1/307/AUTH_ece81c3214184c54956c375af05c2f4f/gnocchi.74ad0b71-6c79-4314-88b1-f8919429a361" "txdf7cdfffb61f446d8f580-0069280cfd" "container-server 22" 0.0037 "-" 21 0
Nov 27 08:34:05 np0005537441 container-server[125137]: 172.20.0.104 - - [27/Nov/2025:08:34:05 +0000] "PUT /d1/307/AUTH_ece81c3214184c54956c375af05c2f4f/gnocchi.74ad0b71-6c79-4314-88b1-f8919429a361" 201 - "PUT http://172.18.0.158:8080/v1/AUTH_ece81c3214184c54956c375af05c2f4f/gnocchi.74ad0b71-6c79-4314-88b1-f8919429a361" "txdf7cdfffb61f446d8f580-0069280cfd" "proxy-server 20" 0.0243 "-" 19 0
Nov 27 08:34:05 np0005537441 container-server[125184]: 172.20.0.103 - - [27/Nov/2025:08:34:05 +0000] "HEAD /d1/403/AUTH_ece81c3214184c54956c375af05c2f4f/gnocchi.7f8b3d46-6254-4186-9dc1-0d87082affd2" 404 - "HEAD http://172.18.0.158:8080/v1/AUTH_ece81c3214184c54956c375af05c2f4f/gnocchi.7f8b3d46-6254-4186-9dc1-0d87082affd2?format=json&states=listing" "tx0a039c26e5294d53bdf24-0069280cfd" "proxy-server 20" 0.0003 "-" 21 0
Nov 27 08:34:05 np0005537441 account-server[125073]: 172.20.0.103 - - [27/Nov/2025:08:34:05 +0000] "PUT /d1/447/AUTH_ece81c3214184c54956c375af05c2f4f/gnocchi.8191bfaf-d9af-48e2-bfc8-5d23e696ee10" 201 - "PUT http://172.20.0.103:6001/d1/559/AUTH_ece81c3214184c54956c375af05c2f4f/gnocchi.8191bfaf-d9af-48e2-bfc8-5d23e696ee10" "txa8cf0715b1e74af88c6e8-0069280cfd" "container-server 21" 0.0059 "-" 22 0
Nov 27 08:34:05 np0005537441 container-server[125184]: 172.20.0.105 - - [27/Nov/2025:08:34:05 +0000] "PUT /d1/559/AUTH_ece81c3214184c54956c375af05c2f4f/gnocchi.8191bfaf-d9af-48e2-bfc8-5d23e696ee10" 201 - "PUT http://172.18.0.158:8080/v1/AUTH_ece81c3214184c54956c375af05c2f4f/gnocchi.8191bfaf-d9af-48e2-bfc8-5d23e696ee10" "txa8cf0715b1e74af88c6e8-0069280cfd" "proxy-server 20" 0.0164 "-" 21 0
Nov 27 08:34:05 np0005537441 object-server[125649]: 172.20.0.103 - - [27/Nov/2025:08:34:05 +0000] "GET /d1/211/AUTH_ece81c3214184c54956c375af05c2f4f/gnocchi.7f8b3d46-6254-4186-9dc1-0d87082affd2/none_v3" 404 70 "GET http://172.18.0.158:8080/v1/AUTH_ece81c3214184c54956c375af05c2f4f/gnocchi.7f8b3d46-6254-4186-9dc1-0d87082affd2/none_v3" "tx0a039c26e5294d53bdf24-0069280cfd" "proxy-server 20" 0.0005 "-" 21 0
Nov 27 08:34:05 np0005537441 proxy-server[126999]: 172.18.0.103 172.18.0.104 27/Nov/2025/08/34/05 GET /v1/AUTH_ece81c3214184c54956c375af05c2f4f/gnocchi.7f8b3d46-6254-4186-9dc1-0d87082affd2/none_v3 HTTP/1.0 404 - python-swiftclient-3.11.1 gAAAAABpKAzB-Xe5... - 70 - tx0a039c26e5294d53bdf24-0069280cfd - 0.0323 - - 1764232445.701503992 1764232445.733804941 0
Nov 27 08:34:05 np0005537441 container-server[125201]: 172.20.0.104 - - [27/Nov/2025:08:34:05 +0000] "GET /d1/307/AUTH_ece81c3214184c54956c375af05c2f4f/gnocchi.74ad0b71-6c79-4314-88b1-f8919429a361" 200 2 "GET http://172.18.0.158:8080/v1/AUTH_ece81c3214184c54956c375af05c2f4f/gnocchi.74ad0b71-6c79-4314-88b1-f8919429a361?format=json&states=listing" "tx6b2db441a13c4e43a5a30-0069280cfd" "proxy-server 20" 0.0023 "-" 22 0
Nov 27 08:34:05 np0005537441 object-server[125649]: 172.20.0.104 - - [27/Nov/2025:08:34:05 +0000] "GET /d1/78/AUTH_ece81c3214184c54956c375af05c2f4f/gnocchi.74ad0b71-6c79-4314-88b1-f8919429a361/1763640000.0_mean_300.0_v3" 404 70 "GET http://172.18.0.158:8080/v1/AUTH_ece81c3214184c54956c375af05c2f4f/gnocchi.74ad0b71-6c79-4314-88b1-f8919429a361/1763640000.0_mean_300.0_v3" "txf255af9808a1434fb9506-0069280cfd" "proxy-server 20" 0.0003 "-" 21 0
Nov 27 08:34:05 np0005537441 account-server[125060]: 172.20.0.104 - - [27/Nov/2025:08:34:05 +0000] "PUT /d1/447/AUTH_ece81c3214184c54956c375af05c2f4f/gnocchi.7f8b3d46-6254-4186-9dc1-0d87082affd2" 201 - "PUT http://172.20.0.104:6001/d1/403/AUTH_ece81c3214184c54956c375af05c2f4f/gnocchi.7f8b3d46-6254-4186-9dc1-0d87082affd2" "tx71276c43a4f244259dcac-0069280cfd" "container-server 21" 0.0040 "-" 20 0
Nov 27 08:34:05 np0005537441 container-server[125162]: 172.20.0.103 - - [27/Nov/2025:08:34:05 +0000] "PUT /d1/403/AUTH_ece81c3214184c54956c375af05c2f4f/gnocchi.7f8b3d46-6254-4186-9dc1-0d87082affd2" 201 - "PUT http://172.18.0.158:8080/v1/AUTH_ece81c3214184c54956c375af05c2f4f/gnocchi.7f8b3d46-6254-4186-9dc1-0d87082affd2" "tx71276c43a4f244259dcac-0069280cfd" "proxy-server 20" 0.0195 "-" 20 0
Nov 27 08:34:05 np0005537441 proxy-server[126999]: 172.18.0.103 172.18.0.104 27/Nov/2025/08/34/05 PUT /v1/AUTH_ece81c3214184c54956c375af05c2f4f/gnocchi.7f8b3d46-6254-4186-9dc1-0d87082affd2 HTTP/1.0 201 - python-swiftclient-3.11.1 gAAAAABpKAzB-Xe5... - - - tx71276c43a4f244259dcac-0069280cfd - 0.0253 - - 1764232445.736436367 1764232445.761752605 0
Nov 27 08:34:05 np0005537441 container-server[125201]: 172.20.0.103 - - [27/Nov/2025:08:34:05 +0000] "HEAD /d1/751/AUTH_ece81c3214184c54956c375af05c2f4f/gnocchi.5eeb2c2d-f661-444c-aaeb-b43a6648d752" 204 - "HEAD http://172.18.0.158:8080/v1/AUTH_ece81c3214184c54956c375af05c2f4f/gnocchi.5eeb2c2d-f661-444c-aaeb-b43a6648d752?format=json&states=listing" "txf4e51db939b8412ea3e84-0069280cfd" "proxy-server 20" 0.0016 "-" 22 0
Nov 27 08:34:05 np0005537441 proxy-server[126999]: - - 27/Nov/2025/08/34/05 HEAD /v1/AUTH_ece81c3214184c54956c375af05c2f4f/gnocchi.5eeb2c2d-f661-444c-aaeb-b43a6648d752%3Fformat%3Djson%26states%3Dlisting HTTP/1.0 204 - Swift - - - - txf4e51db939b8412ea3e84-0069280cfd - 0.0048 RL - 1764232445.766337395 1764232445.771172762 0
Nov 27 08:34:05 np0005537441 object-server[125642]: 172.20.0.105 - - [27/Nov/2025:08:34:05 +0000] "GET /d1/134/AUTH_ece81c3214184c54956c375af05c2f4f/gnocchi.8191bfaf-d9af-48e2-bfc8-5d23e696ee10/1763640000.0_mean_300.0_v3" 404 70 "GET http://172.18.0.158:8080/v1/AUTH_ece81c3214184c54956c375af05c2f4f/gnocchi.8191bfaf-d9af-48e2-bfc8-5d23e696ee10/1763640000.0_mean_300.0_v3" "tx76045603cd924a1a9e1fb-0069280cfd" "proxy-server 20" 0.0003 "-" 20 0
Nov 27 08:34:05 np0005537441 container-server[125201]: 172.20.0.103 - - [27/Nov/2025:08:34:05 +0000] "GET /d1/751/AUTH_ece81c3214184c54956c375af05c2f4f/gnocchi.5eeb2c2d-f661-444c-aaeb-b43a6648d752" 200 2 "GET http://172.18.0.158:8080/v1/AUTH_ece81c3214184c54956c375af05c2f4f/gnocchi.5eeb2c2d-f661-444c-aaeb-b43a6648d752?format=json&states=listing" "txf4e51db939b8412ea3e84-0069280cfd" "proxy-server 20" 0.0020 "-" 22 0
Nov 27 08:34:05 np0005537441 object-server[125642]: 172.20.0.104 - - [27/Nov/2025:08:34:05 +0000] "PUT /d1/78/AUTH_ece81c3214184c54956c375af05c2f4f/gnocchi.74ad0b71-6c79-4314-88b1-f8919429a361/1763640000.0_mean_300.0_v3" 201 - "PUT http://172.18.0.158:8080/v1/AUTH_ece81c3214184c54956c375af05c2f4f/gnocchi.74ad0b71-6c79-4314-88b1-f8919429a361/1763640000.0_mean_300.0_v3" "tx95ab4874c2b644b28d84a-0069280cfd" "proxy-server 20" 0.0112 "-" 20 0
Nov 27 08:34:05 np0005537441 container-server[125201]: 172.20.0.104 - - [27/Nov/2025:08:34:05 +0000] "PUT /d1/307/AUTH_ece81c3214184c54956c375af05c2f4f/gnocchi.74ad0b71-6c79-4314-88b1-f8919429a361/1763640000.0_mean_300.0_v3" 201 - "PUT http://172.18.0.158:8080/d1/78/AUTH_ece81c3214184c54956c375af05c2f4f/gnocchi.74ad0b71-6c79-4314-88b1-f8919429a361/1763640000.0_mean_300.0_v3" "tx95ab4874c2b644b28d84a-0069280cfd" "object-server 24" 0.0006 "-" 22 0
Nov 27 08:34:05 np0005537441 proxy-server[126999]: 172.18.0.103 172.18.0.104 27/Nov/2025/08/34/05 GET /v1/AUTH_ece81c3214184c54956c375af05c2f4f/gnocchi.5eeb2c2d-f661-444c-aaeb-b43a6648d752%3Fformat%3Djson%26states%3Dlisting HTTP/1.0 200 - python-swiftclient-3.11.1 gAAAAABpKAzB-Xe5... - 2 - txf4e51db939b8412ea3e84-0069280cfd - 0.0139 - - 1764232445.764757156 1764232445.778648138 0
Nov 27 08:34:05 np0005537441 proxy-server[126999]: - - 27/Nov/2025/08/34/05 HEAD /v1/AUTH_ece81c3214184c54956c375af05c2f4f/gnocchi.7f8b3d46-6254-4186-9dc1-0d87082affd2%3Fformat%3Djson%26states%3Dlisting HTTP/1.0 204 - Swift - - - - txf0d0e861758d4969b0b84-0069280cfd - 0.0049 RL - 1764232445.783475876 1764232445.788394928 0
Nov 27 08:34:05 np0005537441 container-server[125201]: 172.20.0.103 - - [27/Nov/2025:08:34:05 +0000] "GET /d1/403/AUTH_ece81c3214184c54956c375af05c2f4f/gnocchi.7f8b3d46-6254-4186-9dc1-0d87082affd2" 200 2 "GET http://172.18.0.158:8080/v1/AUTH_ece81c3214184c54956c375af05c2f4f/gnocchi.7f8b3d46-6254-4186-9dc1-0d87082affd2?format=json&states=listing" "txf0d0e861758d4969b0b84-0069280cfd" "proxy-server 20" 0.0023 "-" 22 0
Nov 27 08:34:05 np0005537441 proxy-server[126999]: 172.18.0.103 172.18.0.104 27/Nov/2025/08/34/05 GET /v1/AUTH_ece81c3214184c54956c375af05c2f4f/gnocchi.7f8b3d46-6254-4186-9dc1-0d87082affd2%3Fformat%3Djson%26states%3Dlisting HTTP/1.0 200 - python-swiftclient-3.11.1 gAAAAABpKAzB-Xe5... - 2 - txf0d0e861758d4969b0b84-0069280cfd - 0.0132 - - 1764232445.782377958 1764232445.795606852 0
Nov 27 08:34:05 np0005537441 container-server[125137]: 172.20.0.105 - - [27/Nov/2025:08:34:05 +0000] "PUT /d1/307/AUTH_ece81c3214184c54956c375af05c2f4f/gnocchi.74ad0b71-6c79-4314-88b1-f8919429a361/none_v3" 201 - "PUT http://172.18.0.158:8080/d1/279/AUTH_ece81c3214184c54956c375af05c2f4f/gnocchi.74ad0b71-6c79-4314-88b1-f8919429a361/none_v3" "tx1a98fdf2e88b4ad18da2a-0069280cfd" "object-server 16" 0.0007 "-" 19 0
Nov 27 08:34:05 np0005537441 object-server[125649]: 172.20.0.104 - - [27/Nov/2025:08:34:05 +0000] "PUT /d1/279/AUTH_ece81c3214184c54956c375af05c2f4f/gnocchi.74ad0b71-6c79-4314-88b1-f8919429a361/none_v3" 201 - "PUT http://172.18.0.158:8080/v1/AUTH_ece81c3214184c54956c375af05c2f4f/gnocchi.74ad0b71-6c79-4314-88b1-f8919429a361/none_v3" "tx1a98fdf2e88b4ad18da2a-0069280cfd" "proxy-server 20" 0.0147 "-" 21 0
Nov 27 08:34:05 np0005537441 container-server[125184]: 172.20.0.103 - - [27/Nov/2025:08:34:05 +0000] "PUT /d1/559/AUTH_ece81c3214184c54956c375af05c2f4f/gnocchi.8191bfaf-d9af-48e2-bfc8-5d23e696ee10/1763640000.0_mean_300.0_v3" 201 - "PUT http://172.18.0.158:8080/d1/134/AUTH_ece81c3214184c54956c375af05c2f4f/gnocchi.8191bfaf-d9af-48e2-bfc8-5d23e696ee10/1763640000.0_mean_300.0_v3" "txf17dc01e8f8948868e69b-0069280cfd" "object-server 18" 0.0009 "-" 21 0
