Nov 27 08:29:16 np0005537441 account-server[124469]: diff:0 diff_capped:0 empty:0 hashmatch:0 no_change:0 remote_merge:0 rsync:0 ts_repl:0
Nov 27 08:29:16 np0005537441 object-server[194484]: Begin object audit "forever" mode (ZBF)
Nov 27 08:29:16 np0005537441 object-server[194484]: Object audit (ZBF) "forever" mode completed: 0.00s. Total quarantined: 0, Total errors: 0, Total files/sec: 0.00, Total bytes/sec: 0.00, Auditing time: 0.00, Rate: 0.00
Nov 27 08:29:23 np0005537441 container-server[124819]: Beginning replication run
Nov 27 08:29:23 np0005537441 container-server[124819]: Replication run OVER
Nov 27 08:29:23 np0005537441 container-server[124819]: Attempted to replicate 0 dbs in 0.00181 seconds (0.00000/s)
Nov 27 08:29:23 np0005537441 container-server[124819]: Removed 0 dbs
Nov 27 08:29:23 np0005537441 container-server[124819]: 0 successes, 0 failures
Nov 27 08:29:23 np0005537441 container-server[124819]: diff:0 diff_capped:0 empty:0 hashmatch:0 no_change:0 remote_merge:0 rsync:0 ts_repl:0
Nov 27 08:29:45 np0005537441 object-server[125372]: Starting object replication pass.
Nov 27 08:29:45 np0005537441 object-server[125372]: Nothing replicated for 0.0038726329803466797 seconds.
Nov 27 08:29:45 np0005537441 object-server[125372]: Object replication complete. (0.00 minutes)
Nov 27 08:29:46 np0005537441 account-server[124469]: Beginning replication run
Nov 27 08:29:46 np0005537441 account-server[124469]: Replication run OVER
Nov 27 08:29:46 np0005537441 account-server[124469]: Attempted to replicate 0 dbs in 0.00156 seconds (0.00000/s)
Nov 27 08:29:46 np0005537441 account-server[124469]: Removed 0 dbs
Nov 27 08:29:46 np0005537441 account-server[124469]: 0 successes, 0 failures
Nov 27 08:29:46 np0005537441 account-server[124469]: diff:0 diff_capped:0 empty:0 hashmatch:0 no_change:0 remote_merge:0 rsync:0 ts_repl:0
Nov 27 08:29:46 np0005537441 object-server[200475]: Begin object audit "forever" mode (ALL)
Nov 27 08:29:46 np0005537441 object-server[200475]: Object audit (ALL) "forever" mode completed: 0.00s. Total quarantined: 0, Total errors: 0, Total files/sec: 0.00, Total bytes/sec: 0.00, Auditing time: 0.00, Rate: 0.00
Nov 27 08:29:46 np0005537441 object-server[200474]: Begin object audit "forever" mode (ZBF)
Nov 27 08:29:46 np0005537441 object-server[200474]: Object audit (ZBF) "forever" mode completed: 0.00s. Total quarantined: 0, Total errors: 0, Total files/sec: 0.00, Total bytes/sec: 0.00, Auditing time: 0.00, Rate: 0.00
Nov 27 08:29:50 np0005537441 account-server[125075]: 172.20.0.104 - - [27/Nov/2025:08:29:50 +0000] "HEAD /d1/812/.expiring_objects" 404 - "HEAD http://localhost/v1/.expiring_objects?format=json" "txb7599c92f36345d884f3c-0069280bfe" "proxy-server 2" 0.0008 "-" 23 -
Nov 27 08:29:53 np0005537441 container-server[124819]: Beginning replication run
Nov 27 08:29:53 np0005537441 container-server[124819]: Replication run OVER
Nov 27 08:29:53 np0005537441 container-server[124819]: Attempted to replicate 0 dbs in 0.00263 seconds (0.00000/s)
Nov 27 08:29:53 np0005537441 container-server[124819]: Removed 0 dbs
Nov 27 08:29:53 np0005537441 container-server[124819]: 0 successes, 0 failures
Nov 27 08:29:53 np0005537441 container-server[124819]: diff:0 diff_capped:0 empty:0 hashmatch:0 no_change:0 remote_merge:0 rsync:0 ts_repl:0
Nov 27 08:29:55 np0005537441 account-server[125073]: 172.20.0.105 - - [27/Nov/2025:08:29:55 +0000] "HEAD /d1/812/.expiring_objects" 404 - "HEAD http://localhost/v1/.expiring_objects?format=json" "tx765c283a13a740bd9701e-0069280c03" "proxy-server 2" 0.0008 "-" 22 -
Nov 27 08:30:04 np0005537441 account-server[125073]: 172.20.0.105 - - [27/Nov/2025:08:30:04 +0000] "HEAD /d1/812/.expiring_objects" 404 - "HEAD http://localhost/v1/.expiring_objects?format=json" "tx9c2c4de6760e45ed99dac-0069280c0c" "proxy-server 2" 0.0008 "-" 22 -
Nov 27 08:30:15 np0005537441 object-server[125372]: Starting object replication pass.
Nov 27 08:30:15 np0005537441 object-server[125372]: Nothing replicated for 0.003951549530029297 seconds.
Nov 27 08:30:15 np0005537441 object-server[125372]: Object replication complete. (0.00 minutes)
Nov 27 08:30:16 np0005537441 account-server[124469]: Beginning replication run
Nov 27 08:30:16 np0005537441 account-server[124469]: Replication run OVER
Nov 27 08:30:16 np0005537441 account-server[124469]: Attempted to replicate 0 dbs in 0.00204 seconds (0.00000/s)
Nov 27 08:30:16 np0005537441 account-server[124469]: Removed 0 dbs
Nov 27 08:30:16 np0005537441 account-server[124469]: 0 successes, 0 failures
Nov 27 08:30:16 np0005537441 account-server[124469]: diff:0 diff_capped:0 empty:0 hashmatch:0 no_change:0 remote_merge:0 rsync:0 ts_repl:0
Nov 27 08:30:16 np0005537441 object-server[200476]: Begin object audit "forever" mode (ZBF)
Nov 27 08:30:16 np0005537441 object-server[200476]: Object audit (ZBF) "forever" mode completed: 0.00s. Total quarantined: 0, Total errors: 0, Total files/sec: 0.00, Total bytes/sec: 0.00, Auditing time: 0.00, Rate: 0.00
Nov 27 08:30:23 np0005537441 container-server[124819]: Beginning replication run
Nov 27 08:30:23 np0005537441 container-server[124819]: Replication run OVER
Nov 27 08:30:23 np0005537441 container-server[124819]: Attempted to replicate 0 dbs in 0.00160 seconds (0.00000/s)
Nov 27 08:30:23 np0005537441 container-server[124819]: Removed 0 dbs
Nov 27 08:30:23 np0005537441 container-server[124819]: 0 successes, 0 failures
Nov 27 08:30:23 np0005537441 container-server[124819]: diff:0 diff_capped:0 empty:0 hashmatch:0 no_change:0 remote_merge:0 rsync:0 ts_repl:0
Nov 27 08:30:45 np0005537441 object-server[125372]: Starting object replication pass.
Nov 27 08:30:45 np0005537441 object-server[125372]: Nothing replicated for 0.00461268424987793 seconds.
Nov 27 08:30:45 np0005537441 object-server[125372]: Object replication complete. (0.00 minutes)
Nov 27 08:30:46 np0005537441 account-server[124469]: Beginning replication run
Nov 27 08:30:46 np0005537441 account-server[124469]: Replication run OVER
Nov 27 08:30:46 np0005537441 account-server[124469]: Attempted to replicate 0 dbs in 0.00244 seconds (0.00000/s)
Nov 27 08:30:46 np0005537441 account-server[124469]: Removed 0 dbs
Nov 27 08:30:46 np0005537441 account-server[124469]: 0 successes, 0 failures
Nov 27 08:30:46 np0005537441 account-server[124469]: diff:0 diff_capped:0 empty:0 hashmatch:0 no_change:0 remote_merge:0 rsync:0 ts_repl:0
Nov 27 08:30:47 np0005537441 object-server[206412]: Begin object audit "forever" mode (ZBF)
Nov 27 08:30:47 np0005537441 object-server[206412]: Object audit (ZBF) "forever" mode completed: 0.00s. Total quarantined: 0, Total errors: 0, Total files/sec: 0.00, Total bytes/sec: 0.00, Auditing time: 0.00, Rate: 0.00
Nov 27 08:30:47 np0005537441 object-server[206413]: Begin object audit "forever" mode (ALL)
Nov 27 08:30:47 np0005537441 object-server[206413]: Object audit (ALL) "forever" mode completed: 0.00s. Total quarantined: 0, Total errors: 0, Total files/sec: 0.00, Total bytes/sec: 0.00, Auditing time: 0.00, Rate: 0.00
Nov 27 08:30:53 np0005537441 account-server[124324]: Begin account audit pass.
Nov 27 08:30:53 np0005537441 container-server[124819]: Beginning replication run
Nov 27 08:30:53 np0005537441 container-server[124819]: Replication run OVER
Nov 27 08:30:53 np0005537441 container-server[124819]: Attempted to replicate 0 dbs in 0.00182 seconds (0.00000/s)
Nov 27 08:30:53 np0005537441 container-server[124819]: Removed 0 dbs
Nov 27 08:30:53 np0005537441 container-server[124819]: 0 successes, 0 failures
Nov 27 08:30:53 np0005537441 container-server[124819]: diff:0 diff_capped:0 empty:0 hashmatch:0 no_change:0 remote_merge:0 rsync:0 ts_repl:0
Nov 27 08:31:15 np0005537441 object-server[125372]: Starting object replication pass.
Nov 27 08:31:15 np0005537441 object-server[125372]: Nothing replicated for 0.0025794506072998047 seconds.
Nov 27 08:31:15 np0005537441 object-server[125372]: Object replication complete. (0.00 minutes)
Nov 27 08:31:16 np0005537441 account-server[124469]: Beginning replication run
Nov 27 08:31:16 np0005537441 account-server[124469]: Replication run OVER
Nov 27 08:31:16 np0005537441 account-server[124469]: Attempted to replicate 0 dbs in 0.00166 seconds (0.00000/s)
Nov 27 08:31:16 np0005537441 account-server[124469]: Removed 0 dbs
Nov 27 08:31:16 np0005537441 account-server[124469]: 0 successes, 0 failures
Nov 27 08:31:16 np0005537441 account-server[124469]: diff:0 diff_capped:0 empty:0 hashmatch:0 no_change:0 remote_merge:0 rsync:0 ts_repl:0
Nov 27 08:31:17 np0005537441 object-server[206423]: Begin object audit "forever" mode (ZBF)
Nov 27 08:31:17 np0005537441 object-server[206423]: Object audit (ZBF) "forever" mode completed: 0.00s. Total quarantined: 0, Total errors: 0, Total files/sec: 0.00, Total bytes/sec: 0.00, Auditing time: 0.00, Rate: 0.00
Nov 27 08:31:17 np0005537441 account-server[125073]: 172.20.0.103 - - [27/Nov/2025:08:31:17 +0000] "HEAD /d1/812/.expiring_objects" 404 - "HEAD http://localhost/v1/.expiring_objects?format=json" "tx2d1fee142872446ea487e-0069280c55" "proxy-server 2" 0.0012 "-" 22 -
Nov 27 08:31:17 np0005537441 object-expirer[125334]: Pass completed in 0s; 0 objects expired (txn: tx2d1fee142872446ea487e-0069280c55)
Nov 27 08:31:19 np0005537441 object-server[125465]: Begin object update sweep
Nov 27 08:31:19 np0005537441 object-server[209587]: Object update sweep starting on /srv/node/d1 (pid: 14)
Nov 27 08:31:19 np0005537441 object-server[209587]: Object update sweep completed on /srv/node/d1 in 0.00s seconds:, 0 successes, 0 failures, 0 quarantines, 0 unlinks, 0 errors, 0 redirects (pid: 14)
Nov 27 08:31:19 np0005537441 object-server[209587]: Object update sweep of d1 completed: 0.00s, 0 successes, 0 failures, 0 quarantines, 0 unlinks, 0 errors, 0 redirects
Nov 27 08:31:19 np0005537441 object-server[125465]: Object update sweep completed: 0.08s
Nov 27 08:31:23 np0005537441 container-server[124819]: Beginning replication run
Nov 27 08:31:23 np0005537441 container-server[124819]: Replication run OVER
Nov 27 08:31:23 np0005537441 container-server[124819]: Attempted to replicate 0 dbs in 0.00131 seconds (0.00000/s)
Nov 27 08:31:23 np0005537441 container-server[124819]: Removed 0 dbs
Nov 27 08:31:23 np0005537441 container-server[124819]: 0 successes, 0 failures
Nov 27 08:31:23 np0005537441 container-server[124819]: diff:0 diff_capped:0 empty:0 hashmatch:0 no_change:0 remote_merge:0 rsync:0 ts_repl:0
Nov 27 08:31:28 np0005537441 account-server[125073]: 172.20.0.103 - - [27/Nov/2025:08:31:28 +0000] "HEAD /d1/812/.expiring_objects" 404 - "HEAD http://localhost/v1/.expiring_objects?format=json" "tx3f0b2fbe7d1c42968e26f-0069280c60" "proxy-server 2" 0.0007 "-" 22 -
Nov 27 08:31:28 np0005537441 object-expirer[125334]: Pass completed in 0s; 0 objects expired (txn: tx3f0b2fbe7d1c42968e26f-0069280c60)
Nov 27 08:31:45 np0005537441 object-server[125372]: Starting object replication pass.
Nov 27 08:31:45 np0005537441 object-server[125372]: Nothing replicated for 0.004141330718994141 seconds.
Nov 27 08:31:45 np0005537441 object-server[125372]: Object replication complete. (0.00 minutes)
Nov 27 08:31:46 np0005537441 account-server[124469]: Beginning replication run
Nov 27 08:31:46 np0005537441 account-server[124469]: Replication run OVER
Nov 27 08:31:46 np0005537441 account-server[124469]: Attempted to replicate 0 dbs in 0.00197 seconds (0.00000/s)
Nov 27 08:31:46 np0005537441 account-server[124469]: Removed 0 dbs
Nov 27 08:31:46 np0005537441 account-server[124469]: 0 successes, 0 failures
Nov 27 08:31:46 np0005537441 account-server[124469]: diff:0 diff_capped:0 empty:0 hashmatch:0 no_change:0 remote_merge:0 rsync:0 ts_repl:0
Nov 27 08:31:47 np0005537441 object-server[212403]: Begin object audit "forever" mode (ZBF)
Nov 27 08:31:47 np0005537441 object-server[212403]: Object audit (ZBF) "forever" mode completed: 0.00s. Total quarantined: 0, Total errors: 0, Total files/sec: 0.00, Total bytes/sec: 0.00, Auditing time: 0.00, Rate: 0.00
Nov 27 08:31:47 np0005537441 object-server[212404]: Begin object audit "forever" mode (ALL)
Nov 27 08:31:47 np0005537441 object-server[212404]: Object audit (ALL) "forever" mode completed: 0.00s. Total quarantined: 0, Total errors: 0, Total files/sec: 0.00, Total bytes/sec: 0.00, Auditing time: 0.00, Rate: 0.00
Nov 27 08:31:50 np0005537441 account-server[125075]: 172.20.0.105 - - [27/Nov/2025:08:31:50 +0000] "HEAD /d1/812/.expiring_objects" 404 - "HEAD http://localhost/v1/.expiring_objects?format=json" "tx7718f4b8521d4c8a914d8-0069280c76" "proxy-server 2" 0.0009 "-" 23 -
Nov 27 08:31:53 np0005537441 container-server[124819]: Beginning replication run
Nov 27 08:31:53 np0005537441 container-server[124819]: Replication run OVER
Nov 27 08:31:53 np0005537441 container-server[124819]: Attempted to replicate 0 dbs in 0.00177 seconds (0.00000/s)
Nov 27 08:31:53 np0005537441 container-server[124819]: Removed 0 dbs
Nov 27 08:31:53 np0005537441 container-server[124819]: 0 successes, 0 failures
Nov 27 08:31:53 np0005537441 container-server[124819]: diff:0 diff_capped:0 empty:0 hashmatch:0 no_change:0 remote_merge:0 rsync:0 ts_repl:0
Nov 27 08:31:59 np0005537441 account-server[125073]: 172.20.0.103 - - [27/Nov/2025:08:31:59 +0000] "HEAD /d1/447/AUTH_ece81c3214184c54956c375af05c2f4f" 404 - "HEAD http://172.18.0.158:8080/v1/AUTH_ece81c3214184c54956c375af05c2f4f?format=json" "tx5847d797cdd24241b56aa-0069280c7f" "proxy-server 20" 0.0005 "-" 22 -
Nov 27 08:31:59 np0005537441 proxy-server[126999]: - - 27/Nov/2025/08/31/59 HEAD /v1/AUTH_ece81c3214184c54956c375af05c2f4f%3Fformat%3Djson HTTP/1.0 200 - Swift - - - - tx5847d797cdd24241b56aa-0069280c7f - 0.0189 RL - 1764232319.741889715 1764232319.760818243 -
Nov 27 08:32:00 np0005537441 object-server[125632]: 172.20.0.103 - - [27/Nov/2025:08:32:00 +0000] "GET /d1/660/AUTH_ece81c3214184c54956c375af05c2f4f/gnocchi.10cef5b0-1cac-473d-bfb4-001090ec8091/none_v3" 404 70 "GET http://172.18.0.158:8080/v1/AUTH_ece81c3214184c54956c375af05c2f4f/gnocchi.10cef5b0-1cac-473d-bfb4-001090ec8091/none_v3" "tx5847d797cdd24241b56aa-0069280c7f" "proxy-server 20" 0.0016 "-" 18 0
Nov 27 08:32:00 np0005537441 proxy-server[126999]: 172.18.0.105 172.18.0.104 27/Nov/2025/08/32/00 GET /v1/AUTH_ece81c3214184c54956c375af05c2f4f/gnocchi.10cef5b0-1cac-473d-bfb4-001090ec8091/none_v3 HTTP/1.0 404 - python-swiftclient-3.11.1 gAAAAABpKAx_sfH7... - 70 - tx5847d797cdd24241b56aa-0069280c7f - 0.4926 - - 1764232319.735472918 1764232320.228092432 0
Nov 27 08:32:00 np0005537441 account-server[125063]: 172.20.0.104 - - [27/Nov/2025:08:32:00 +0000] "PUT /d1/447/AUTH_ece81c3214184c54956c375af05c2f4f" 201 - "-" "tx7c7b38963bdf4227b3beb-0069280c80" "-" 0.0346 "-" 21 -
Nov 27 08:32:00 np0005537441 account-server[125073]: 172.20.0.104 - - [27/Nov/2025:08:32:00 +0000] "PUT /d1/447/AUTH_ece81c3214184c54956c375af05c2f4f/gnocchi.10cef5b0-1cac-473d-bfb4-001090ec8091" 201 - "PUT http://172.20.0.104:6001/d1/277/AUTH_ece81c3214184c54956c375af05c2f4f/gnocchi.10cef5b0-1cac-473d-bfb4-001090ec8091" "tx7c7b38963bdf4227b3beb-0069280c80" "container-server 22" 0.0026 "-" 22 0
Nov 27 08:32:00 np0005537441 container-server[125137]: 172.20.0.104 - - [27/Nov/2025:08:32:00 +0000] "PUT /d1/277/AUTH_ece81c3214184c54956c375af05c2f4f/gnocchi.10cef5b0-1cac-473d-bfb4-001090ec8091" 201 - "PUT http://172.18.0.158:8080/v1/AUTH_ece81c3214184c54956c375af05c2f4f/gnocchi.10cef5b0-1cac-473d-bfb4-001090ec8091" "tx7c7b38963bdf4227b3beb-0069280c80" "proxy-server 20" 0.0147 "-" 19 0
Nov 27 08:32:00 np0005537441 object-server[125635]: 172.20.0.103 - - [27/Nov/2025:08:32:00 +0000] "GET /d1/702/AUTH_ece81c3214184c54956c375af05c2f4f/gnocchi.10cef5b0-1cac-473d-bfb4-001090ec8091/1763640000.0_mean_300.0_v3" 404 70 "GET http://172.18.0.158:8080/v1/AUTH_ece81c3214184c54956c375af05c2f4f/gnocchi.10cef5b0-1cac-473d-bfb4-001090ec8091/1763640000.0_mean_300.0_v3" "txbc655584a60048bd9f388-0069280c80" "proxy-server 20" 0.0007 "-" 19 0
Nov 27 08:32:00 np0005537441 proxy-server[126999]: 172.18.0.105 172.18.0.104 27/Nov/2025/08/32/00 GET /v1/AUTH_ece81c3214184c54956c375af05c2f4f/gnocchi.10cef5b0-1cac-473d-bfb4-001090ec8091/1763640000.0_mean_300.0_v3 HTTP/1.0 404 - python-swiftclient-3.11.1 gAAAAABpKAx_sfH7... - 70 - txbc655584a60048bd9f388-0069280c80 - 0.0146 - - 1764232320.346945047 1764232320.361528635 0
Nov 27 08:32:00 np0005537441 object-server[125649]: 172.20.0.104 - - [27/Nov/2025:08:32:00 +0000] "PUT /d1/702/AUTH_ece81c3214184c54956c375af05c2f4f/gnocchi.10cef5b0-1cac-473d-bfb4-001090ec8091/1763640000.0_mean_300.0_v3" 201 - "PUT http://172.18.0.158:8080/v1/AUTH_ece81c3214184c54956c375af05c2f4f/gnocchi.10cef5b0-1cac-473d-bfb4-001090ec8091/1763640000.0_mean_300.0_v3" "tx8b25765476b24acfb8881-0069280c80" "proxy-server 20" 0.0272 "-" 21 0
Nov 27 08:32:00 np0005537441 container-server[125162]: 172.20.0.105 - - [27/Nov/2025:08:32:00 +0000] "PUT /d1/277/AUTH_ece81c3214184c54956c375af05c2f4f/gnocchi.10cef5b0-1cac-473d-bfb4-001090ec8091/1763640000.0_mean_300.0_v3" 201 - "PUT http://172.18.0.158:8080/d1/702/AUTH_ece81c3214184c54956c375af05c2f4f/gnocchi.10cef5b0-1cac-473d-bfb4-001090ec8091/1763640000.0_mean_300.0_v3" "tx8b25765476b24acfb8881-0069280c80" "object-server 16" 0.0010 "-" 20 0
Nov 27 08:32:00 np0005537441 container-server[125201]: 172.20.0.103 - - [27/Nov/2025:08:32:00 +0000] "PUT /d1/277/AUTH_ece81c3214184c54956c375af05c2f4f/gnocchi.10cef5b0-1cac-473d-bfb4-001090ec8091/none_v3" 201 - "PUT http://172.18.0.158:8080/d1/660/AUTH_ece81c3214184c54956c375af05c2f4f/gnocchi.10cef5b0-1cac-473d-bfb4-001090ec8091/none_v3" "tx68de8c6d09c043b78427f-0069280c80" "object-server 18" 0.0009 "-" 22 0
Nov 27 08:32:00 np0005537441 object-server[125632]: 172.20.0.105 - - [27/Nov/2025:08:32:00 +0000] "PUT /d1/660/AUTH_ece81c3214184c54956c375af05c2f4f/gnocchi.10cef5b0-1cac-473d-bfb4-001090ec8091/none_v3" 201 - "PUT http://172.18.0.158:8080/v1/AUTH_ece81c3214184c54956c375af05c2f4f/gnocchi.10cef5b0-1cac-473d-bfb4-001090ec8091/none_v3" "tx68de8c6d09c043b78427f-0069280c80" "proxy-server 20" 0.0261 "-" 18 0
Nov 27 08:32:05 np0005537441 account-server[125073]: 172.20.0.104 - - [27/Nov/2025:08:32:05 +0000] "PUT /d1/447/AUTH_ece81c3214184c54956c375af05c2f4f/gnocchi.10cef5b0-1cac-473d-bfb4-001090ec8091" 201 - "-" "-" "container-updater 2" 0.0016 "-" 22 0
Nov 27 08:32:15 np0005537441 object-server[125372]: Starting object replication pass.
Nov 27 08:32:15 np0005537441 object-server[125372]: 2/2 (100.00%) partitions replicated in 0.04s (46.35/sec, 0s remaining)
Nov 27 08:32:15 np0005537441 object-server[125372]: 4 successes, 0 failures
Nov 27 08:32:15 np0005537441 object-server[125372]: 2 suffixes checked - 0.00% hashed, 0.00% synced
Nov 27 08:32:15 np0005537441 object-server[125372]: Partition times: max 0.0290s, min 0.0099s, med 0.0290s
Nov 27 08:32:15 np0005537441 object-server[125372]: Object replication complete. (0.00 minutes)
Nov 27 08:32:16 np0005537441 account-server[124469]: Beginning replication run
Nov 27 08:32:16 np0005537441 account-server[124469]: Replication run OVER
Nov 27 08:32:16 np0005537441 account-server[124469]: Attempted to replicate 1 dbs in 0.03421 seconds (29.23320/s)
Nov 27 08:32:16 np0005537441 account-server[124469]: Removed 0 dbs
Nov 27 08:32:16 np0005537441 account-server[124469]: 2 successes, 0 failures
Nov 27 08:32:16 np0005537441 account-server[124469]: diff:0 diff_capped:0 empty:0 hashmatch:0 no_change:2 remote_merge:0 rsync:0 ts_repl:0
Nov 27 08:32:17 np0005537441 object-server[212405]: Begin object audit "forever" mode (ZBF)
Nov 27 08:32:17 np0005537441 object-server[212405]: Object audit (ZBF). Since Thu Nov 27 08:32:17 2025: Locally: 1 passed, 0 quarantined, 0 errors, files/sec: 654.95, bytes/sec: 0.00, Total time: 0.00, Auditing time: 0.00, Rate: 0.00
Nov 27 08:32:17 np0005537441 object-server[212405]: Object audit (ZBF) "forever" mode completed: 0.00s. Total quarantined: 0, Total errors: 0, Total files/sec: 440.44, Total bytes/sec: 0.00, Auditing time: 0.00, Rate: 0.22
Nov 27 08:32:24 np0005537441 container-server[124819]: Beginning replication run
Nov 27 08:32:24 np0005537441 container-server[124819]: Replication run OVER
Nov 27 08:32:24 np0005537441 container-server[124819]: Attempted to replicate 1 dbs in 0.03378 seconds (29.60753/s)
Nov 27 08:32:24 np0005537441 container-server[124819]: Removed 0 dbs
Nov 27 08:32:24 np0005537441 container-server[124819]: 2 successes, 0 failures
Nov 27 08:32:24 np0005537441 container-server[124819]: diff:0 diff_capped:0 empty:0 hashmatch:0 no_change:2 remote_merge:0 rsync:0 ts_repl:0
Nov 27 08:32:27 np0005537441 account-server[125063]: 172.20.0.104 - - [27/Nov/2025:08:32:27 +0000] "HEAD /d1/812/.expiring_objects" 404 - "HEAD http://localhost/v1/.expiring_objects?format=json" "tx34bbd584def24cd1b591c-0069280c9b" "proxy-server 2" 0.0006 "-" 21 -
Nov 27 08:32:29 np0005537441 object-server[125649]: 172.20.0.103 - - [27/Nov/2025:08:32:29 +0000] "GET /d1/660/AUTH_ece81c3214184c54956c375af05c2f4f/gnocchi.10cef5b0-1cac-473d-bfb4-001090ec8091/none_v3" 200 22 "GET http://172.18.0.158:8080/v1/AUTH_ece81c3214184c54956c375af05c2f4f/gnocchi.10cef5b0-1cac-473d-bfb4-001090ec8091/none_v3" "tx08fd7f7296a1412db287c-0069280c9d" "proxy-server 20" 0.0032 "-" 21 0
Nov 27 08:32:29 np0005537441 proxy-server[126999]: 172.18.0.105 172.18.0.104 27/Nov/2025/08/32/29 GET /v1/AUTH_ece81c3214184c54956c375af05c2f4f/gnocchi.10cef5b0-1cac-473d-bfb4-001090ec8091/none_v3 HTTP/1.0 200 - python-swiftclient-3.11.1 gAAAAABpKAx_sfH7... - 22 - tx08fd7f7296a1412db287c-0069280c9d - 0.0175 - - 1764232349.433887959 1764232349.451378107 0
Nov 27 08:32:29 np0005537441 container-server[125137]: 172.20.0.105 - - [27/Nov/2025:08:32:29 +0000] "GET /d1/277/AUTH_ece81c3214184c54956c375af05c2f4f/gnocchi.10cef5b0-1cac-473d-bfb4-001090ec8091" 200 2 "GET http://172.18.0.158:8080/v1/AUTH_ece81c3214184c54956c375af05c2f4f/gnocchi.10cef5b0-1cac-473d-bfb4-001090ec8091?format=json&marker=none_v3&states=listing" "txe5a94d5ebc664e33829c7-0069280c9d" "proxy-server 20" 0.0050 "-" 19 0
Nov 27 08:32:29 np0005537441 object-server[125642]: 172.20.0.103 - - [27/Nov/2025:08:32:29 +0000] "GET /d1/702/AUTH_ece81c3214184c54956c375af05c2f4f/gnocchi.10cef5b0-1cac-473d-bfb4-001090ec8091/1763640000.0_mean_300.0_v3" 200 16 "GET http://172.18.0.158:8080/v1/AUTH_ece81c3214184c54956c375af05c2f4f/gnocchi.10cef5b0-1cac-473d-bfb4-001090ec8091/1763640000.0_mean_300.0_v3" "tx2122a4c32b2446d883e81-0069280c9d" "proxy-server 20" 0.0009 "-" 20 0
Nov 27 08:32:29 np0005537441 proxy-server[126999]: 172.18.0.105 172.18.0.104 27/Nov/2025/08/32/29 GET /v1/AUTH_ece81c3214184c54956c375af05c2f4f/gnocchi.10cef5b0-1cac-473d-bfb4-001090ec8091/1763640000.0_mean_300.0_v3 HTTP/1.0 200 - python-swiftclient-3.11.1 gAAAAABpKAx_sfH7... - 16 - tx2122a4c32b2446d883e81-0069280c9d - 0.0141 - - 1764232349.502322197 1764232349.516389132 0
Nov 27 08:32:29 np0005537441 object-server[125649]: 172.20.0.104 - - [27/Nov/2025:08:32:29 +0000] "PUT /d1/702/AUTH_ece81c3214184c54956c375af05c2f4f/gnocchi.10cef5b0-1cac-473d-bfb4-001090ec8091/1763640000.0_mean_300.0_v3" 201 - "PUT http://172.18.0.158:8080/v1/AUTH_ece81c3214184c54956c375af05c2f4f/gnocchi.10cef5b0-1cac-473d-bfb4-001090ec8091/1763640000.0_mean_300.0_v3" "tx8bc3ac86b973411ebcbda-0069280c9d" "proxy-server 20" 0.0302 "-" 21 0
Nov 27 08:32:29 np0005537441 container-server[125137]: 172.20.0.105 - - [27/Nov/2025:08:32:29 +0000] "PUT /d1/277/AUTH_ece81c3214184c54956c375af05c2f4f/gnocchi.10cef5b0-1cac-473d-bfb4-001090ec8091/1763640000.0_mean_300.0_v3" 201 - "PUT http://172.18.0.158:8080/d1/702/AUTH_ece81c3214184c54956c375af05c2f4f/gnocchi.10cef5b0-1cac-473d-bfb4-001090ec8091/1763640000.0_mean_300.0_v3" "tx8bc3ac86b973411ebcbda-0069280c9d" "object-server 20" 0.0010 "-" 19 0
Nov 27 08:32:29 np0005537441 object-server[125632]: 172.20.0.105 - - [27/Nov/2025:08:32:29 +0000] "PUT /d1/660/AUTH_ece81c3214184c54956c375af05c2f4f/gnocchi.10cef5b0-1cac-473d-bfb4-001090ec8091/none_v3" 201 - "PUT http://172.18.0.158:8080/v1/AUTH_ece81c3214184c54956c375af05c2f4f/gnocchi.10cef5b0-1cac-473d-bfb4-001090ec8091/none_v3" "tx5e847cb94b574e009d486-0069280c9d" "proxy-server 20" 0.0235 "-" 18 0
Nov 27 08:32:29 np0005537441 container-server[125137]: 172.20.0.104 - - [27/Nov/2025:08:32:29 +0000] "PUT /d1/277/AUTH_ece81c3214184c54956c375af05c2f4f/gnocchi.10cef5b0-1cac-473d-bfb4-001090ec8091/none_v3" 201 - "PUT http://172.18.0.158:8080/d1/660/AUTH_ece81c3214184c54956c375af05c2f4f/gnocchi.10cef5b0-1cac-473d-bfb4-001090ec8091/none_v3" "tx5e847cb94b574e009d486-0069280c9d" "object-server 22" 0.0006 "-" 19 0
Nov 27 08:32:45 np0005537441 object-server[125372]: Starting object replication pass.
Nov 27 08:32:45 np0005537441 object-server[125372]: 2/2 (100.00%) partitions replicated in 0.04s (56.17/sec, 0s remaining)
Nov 27 08:32:45 np0005537441 object-server[125372]: 4 successes, 0 failures
Nov 27 08:32:45 np0005537441 object-server[125372]: 2 suffixes checked - 0.00% hashed, 0.00% synced
Nov 27 08:32:45 np0005537441 object-server[125372]: Partition times: max 0.0196s, min 0.0093s, med 0.0196s
Nov 27 08:32:45 np0005537441 object-server[125372]: Object replication complete. (0.00 minutes)
Nov 27 08:32:46 np0005537441 account-server[124469]: Beginning replication run
Nov 27 08:32:46 np0005537441 account-server[124469]: Replication run OVER
Nov 27 08:32:46 np0005537441 account-server[124469]: Attempted to replicate 1 dbs in 0.01532 seconds (65.25416/s)
Nov 27 08:32:46 np0005537441 account-server[124469]: Removed 0 dbs
Nov 27 08:32:46 np0005537441 account-server[124469]: 2 successes, 0 failures
Nov 27 08:32:46 np0005537441 account-server[124469]: diff:0 diff_capped:0 empty:0 hashmatch:0 no_change:2 remote_merge:0 rsync:0 ts_repl:0
Nov 27 08:32:47 np0005537441 object-server[218479]: Begin object audit "forever" mode (ALL)
Nov 27 08:32:47 np0005537441 object-server[218478]: Begin object audit "forever" mode (ZBF)
Nov 27 08:32:47 np0005537441 object-server[218478]: Object audit (ZBF). Since Thu Nov 27 08:32:47 2025: Locally: 1 passed, 0 quarantined, 0 errors, files/sec: 645.38, bytes/sec: 0.00, Total time: 0.00, Auditing time: 0.00, Rate: 0.00
Nov 27 08:32:47 np0005537441 object-server[218478]: Object audit (ZBF) "forever" mode completed: 0.01s. Total quarantined: 0, Total errors: 0, Total files/sec: 381.86, Total bytes/sec: 0.00, Auditing time: 0.00, Rate: 0.24
Nov 27 08:32:47 np0005537441 object-server[218479]: Object audit (ALL). Since Thu Nov 27 08:32:47 2025: Locally: 1 passed, 0 quarantined, 0 errors, files/sec: 109.60, bytes/sec: 1753.61, Total time: 0.01, Auditing time: 0.00, Rate: 0.00
Nov 27 08:32:47 np0005537441 object-server[218479]: Object audit (ALL) "forever" mode completed: 0.01s. Total quarantined: 0, Total errors: 0, Total files/sec: 145.99, Total bytes/sec: 3503.83, Auditing time: 0.01, Rate: 0.76
Nov 27 08:32:53 np0005537441 container-server[124918]: Begin container update sweep
Nov 27 08:32:53 np0005537441 account-server[125073]: 172.20.0.103 - - [27/Nov/2025:08:32:53 +0000] "PUT /d1/447/AUTH_ece81c3214184c54956c375af05c2f4f/gnocchi.10cef5b0-1cac-473d-bfb4-001090ec8091" 201 - "-" "-" "container-updater 2" 0.0007 "-" 22 0
Nov 27 08:32:53 np0005537441 container-server[124918]: Container update sweep completed: 0.11s
Nov 27 08:32:54 np0005537441 container-server[124819]: Beginning replication run
Nov 27 08:32:54 np0005537441 container-server[124819]: Replication run OVER
Nov 27 08:32:54 np0005537441 container-server[124819]: Attempted to replicate 1 dbs in 0.03689 seconds (27.10717/s)
Nov 27 08:32:54 np0005537441 container-server[124819]: Removed 0 dbs
Nov 27 08:32:54 np0005537441 container-server[124819]: 2 successes, 0 failures
Nov 27 08:32:54 np0005537441 container-server[124819]: diff:0 diff_capped:0 empty:0 hashmatch:0 no_change:2 remote_merge:0 rsync:0 ts_repl:0
Nov 27 08:33:04 np0005537441 account-server[125075]: 172.20.0.103 - - [27/Nov/2025:08:33:04 +0000] "HEAD /d1/447/AUTH_ece81c3214184c54956c375af05c2f4f" 204 - "HEAD http://172.18.0.158:8080/v1/AUTH_ece81c3214184c54956c375af05c2f4f?format=json" "tx1deaafdd095340f8ac66c-0069280cc0" "proxy-server 20" 0.0080 "-" 23 -
Nov 27 08:33:04 np0005537441 proxy-server[126999]: - - 27/Nov/2025/08/33/04 HEAD /v1/AUTH_ece81c3214184c54956c375af05c2f4f%3Fformat%3Djson HTTP/1.0 204 - Swift - - - - tx1deaafdd095340f8ac66c-0069280cc0 - 0.0148 RL - 1764232384.716622591 1764232384.731460094 -
Nov 27 08:33:04 np0005537441 container-server[125184]: 172.20.0.103 - - [27/Nov/2025:08:33:04 +0000] "HEAD /d1/376/AUTH_ece81c3214184c54956c375af05c2f4f/gnocchi.28393ba4-ad3e-4920-96d2-37fcaf8c713a" 404 - "HEAD http://172.18.0.158:8080/v1/AUTH_ece81c3214184c54956c375af05c2f4f/gnocchi.28393ba4-ad3e-4920-96d2-37fcaf8c713a?format=json&states=listing" "tx1deaafdd095340f8ac66c-0069280cc0" "proxy-server 20" 0.0015 "-" 21 0
Nov 27 08:33:04 np0005537441 object-server[125649]: 172.20.0.103 - - [27/Nov/2025:08:33:04 +0000] "GET /d1/323/AUTH_ece81c3214184c54956c375af05c2f4f/gnocchi.28393ba4-ad3e-4920-96d2-37fcaf8c713a/none_v3" 404 70 "GET http://172.18.0.158:8080/v1/AUTH_ece81c3214184c54956c375af05c2f4f/gnocchi.28393ba4-ad3e-4920-96d2-37fcaf8c713a/none_v3" "tx1deaafdd095340f8ac66c-0069280cc0" "proxy-server 20" 0.0008 "-" 21 0
Nov 27 08:33:04 np0005537441 proxy-server[126999]: 172.18.0.105 172.18.0.104 27/Nov/2025/08/33/04 GET /v1/AUTH_ece81c3214184c54956c375af05c2f4f/gnocchi.28393ba4-ad3e-4920-96d2-37fcaf8c713a/none_v3 HTTP/1.0 404 - python-swiftclient-3.11.1 gAAAAABpKAx_sfH7... - 70 - tx1deaafdd095340f8ac66c-0069280cc0 - 0.0973 - - 1764232384.715289593 1764232384.812557459 0
Nov 27 08:33:04 np0005537441 account-server[125075]: 172.20.0.104 - - [27/Nov/2025:08:33:04 +0000] "PUT /d1/447/AUTH_ece81c3214184c54956c375af05c2f4f/gnocchi.28393ba4-ad3e-4920-96d2-37fcaf8c713a" 201 - "PUT http://172.20.0.104:6001/d1/376/AUTH_ece81c3214184c54956c375af05c2f4f/gnocchi.28393ba4-ad3e-4920-96d2-37fcaf8c713a" "txffc9786f60ce4e8e976e1-0069280cc0" "container-server 21" 0.0025 "-" 23 0
Nov 27 08:33:04 np0005537441 container-server[125162]: 172.20.0.104 - - [27/Nov/2025:08:33:04 +0000] "PUT /d1/376/AUTH_ece81c3214184c54956c375af05c2f4f/gnocchi.28393ba4-ad3e-4920-96d2-37fcaf8c713a" 201 - "PUT http://172.18.0.158:8080/v1/AUTH_ece81c3214184c54956c375af05c2f4f/gnocchi.28393ba4-ad3e-4920-96d2-37fcaf8c713a" "txffc9786f60ce4e8e976e1-0069280cc0" "proxy-server 20" 0.0236 "-" 20 0
Nov 27 08:33:04 np0005537441 object-server[125642]: 172.20.0.103 - - [27/Nov/2025:08:33:04 +0000] "GET /d1/99/AUTH_ece81c3214184c54956c375af05c2f4f/gnocchi.28393ba4-ad3e-4920-96d2-37fcaf8c713a/1763640000.0_mean_300.0_v3" 404 70 "GET http://172.18.0.158:8080/v1/AUTH_ece81c3214184c54956c375af05c2f4f/gnocchi.28393ba4-ad3e-4920-96d2-37fcaf8c713a/1763640000.0_mean_300.0_v3" "tx031e62d91cfb453c979ea-0069280cc0" "proxy-server 20" 0.0007 "-" 20 0
Nov 27 08:33:04 np0005537441 proxy-server[126999]: 172.18.0.105 172.18.0.104 27/Nov/2025/08/33/04 GET /v1/AUTH_ece81c3214184c54956c375af05c2f4f/gnocchi.28393ba4-ad3e-4920-96d2-37fcaf8c713a/1763640000.0_mean_300.0_v3 HTTP/1.0 404 - python-swiftclient-3.11.1 gAAAAABpKAx_sfH7... - 70 - tx031e62d91cfb453c979ea-0069280cc0 - 0.0162 - - 1764232384.883800745 1764232384.900038004 0
Nov 27 08:33:04 np0005537441 container-server[125137]: 172.20.0.104 - - [27/Nov/2025:08:33:04 +0000] "PUT /d1/376/AUTH_ece81c3214184c54956c375af05c2f4f/gnocchi.28393ba4-ad3e-4920-96d2-37fcaf8c713a/1763640000.0_mean_300.0_v3" 201 - "PUT http://172.18.0.158:8080/d1/99/AUTH_ece81c3214184c54956c375af05c2f4f/gnocchi.28393ba4-ad3e-4920-96d2-37fcaf8c713a/1763640000.0_mean_300.0_v3" "tx0e8cc7494aba46c0a53bc-0069280cc0" "object-server 22" 0.0009 "-" 19 0
Nov 27 08:33:04 np0005537441 object-server[125642]: 172.20.0.104 - - [27/Nov/2025:08:33:04 +0000] "PUT /d1/99/AUTH_ece81c3214184c54956c375af05c2f4f/gnocchi.28393ba4-ad3e-4920-96d2-37fcaf8c713a/1763640000.0_mean_300.0_v3" 201 - "PUT http://172.18.0.158:8080/v1/AUTH_ece81c3214184c54956c375af05c2f4f/gnocchi.28393ba4-ad3e-4920-96d2-37fcaf8c713a/1763640000.0_mean_300.0_v3" "tx0e8cc7494aba46c0a53bc-0069280cc0" "proxy-server 20" 0.0233 "-" 20 0
Nov 27 08:33:04 np0005537441 container-server[125162]: 172.20.0.105 - - [27/Nov/2025:08:33:04 +0000] "PUT /d1/376/AUTH_ece81c3214184c54956c375af05c2f4f/gnocchi.28393ba4-ad3e-4920-96d2-37fcaf8c713a/none_v3" 201 - "PUT http://172.18.0.158:8080/d1/323/AUTH_ece81c3214184c54956c375af05c2f4f/gnocchi.28393ba4-ad3e-4920-96d2-37fcaf8c713a/none_v3" "tx50e936f8541847dc97d75-0069280cc0" "object-server 21" 0.0008 "-" 20 0
Nov 27 08:33:04 np0005537441 object-server[125649]: 172.20.0.105 - - [27/Nov/2025:08:33:04 +0000] "PUT /d1/323/AUTH_ece81c3214184c54956c375af05c2f4f/gnocchi.28393ba4-ad3e-4920-96d2-37fcaf8c713a/none_v3" 201 - "PUT http://172.18.0.158:8080/v1/AUTH_ece81c3214184c54956c375af05c2f4f/gnocchi.28393ba4-ad3e-4920-96d2-37fcaf8c713a/none_v3" "tx50e936f8541847dc97d75-0069280cc0" "proxy-server 20" 0.0169 "-" 21 0
Nov 27 08:33:05 np0005537441 container-server[125137]: 172.20.0.103 - - [27/Nov/2025:08:33:05 +0000] "HEAD /d1/255/AUTH_ece81c3214184c54956c375af05c2f4f/gnocchi.a592f6e1-5e78-4d12-9919-4453ccb7dfab" 404 - "HEAD http://172.18.0.158:8080/v1/AUTH_ece81c3214184c54956c375af05c2f4f/gnocchi.a592f6e1-5e78-4d12-9919-4453ccb7dfab?format=json&states=listing" "tx0309fc1243d74cd7b7a33-0069280cc1" "proxy-server 20" 0.0005 "-" 19 0
Nov 27 08:33:05 np0005537441 object-server[125649]: 172.20.0.103 - - [27/Nov/2025:08:33:05 +0000] "GET /d1/611/AUTH_ece81c3214184c54956c375af05c2f4f/gnocchi.a592f6e1-5e78-4d12-9919-4453ccb7dfab/none_v3" 404 70 "GET http://172.18.0.158:8080/v1/AUTH_ece81c3214184c54956c375af05c2f4f/gnocchi.a592f6e1-5e78-4d12-9919-4453ccb7dfab/none_v3" "tx0309fc1243d74cd7b7a33-0069280cc1" "proxy-server 20" 0.0005 "-" 21 0
Nov 27 08:33:05 np0005537441 proxy-server[126999]: 172.18.0.103 172.18.0.104 27/Nov/2025/08/33/05 GET /v1/AUTH_ece81c3214184c54956c375af05c2f4f/gnocchi.a592f6e1-5e78-4d12-9919-4453ccb7dfab/none_v3 HTTP/1.0 404 - python-swiftclient-3.11.1 gAAAAABpKAzB-Xe5... - 70 - tx0309fc1243d74cd7b7a33-0069280cc1 - 0.0917 - - 1764232385.299854994 1764232385.391585588 0
Nov 27 08:33:05 np0005537441 container-server[125137]: 172.20.0.104 - - [27/Nov/2025:08:33:05 +0000] "PUT /d1/255/AUTH_ece81c3214184c54956c375af05c2f4f/gnocchi.a592f6e1-5e78-4d12-9919-4453ccb7dfab" 201 - "PUT http://172.18.0.158:8080/v1/AUTH_ece81c3214184c54956c375af05c2f4f/gnocchi.a592f6e1-5e78-4d12-9919-4453ccb7dfab" "txc32e17be361d4c5787c1c-0069280cc1" "proxy-server 20" 0.0187 "-" 19 0
Nov 27 08:33:05 np0005537441 account-server[125063]: 172.20.0.105 - - [27/Nov/2025:08:33:05 +0000] "PUT /d1/447/AUTH_ece81c3214184c54956c375af05c2f4f/gnocchi.a592f6e1-5e78-4d12-9919-4453ccb7dfab" 201 - "PUT http://172.20.0.105:6001/d1/255/AUTH_ece81c3214184c54956c375af05c2f4f/gnocchi.a592f6e1-5e78-4d12-9919-4453ccb7dfab" "txc32e17be361d4c5787c1c-0069280cc1" "container-server 20" 0.0040 "-" 21 0
Nov 27 08:33:05 np0005537441 object-server[125635]: 172.20.0.103 - - [27/Nov/2025:08:33:05 +0000] "GET /d1/409/AUTH_ece81c3214184c54956c375af05c2f4f/gnocchi.a592f6e1-5e78-4d12-9919-4453ccb7dfab/1763640000.0_mean_300.0_v3" 404 70 "GET http://172.18.0.158:8080/v1/AUTH_ece81c3214184c54956c375af05c2f4f/gnocchi.a592f6e1-5e78-4d12-9919-4453ccb7dfab/1763640000.0_mean_300.0_v3" "tx1170d643cdc844e9b2923-0069280cc1" "proxy-server 20" 0.0003 "-" 19 0
Nov 27 08:33:05 np0005537441 proxy-server[126999]: 172.18.0.103 172.18.0.104 27/Nov/2025/08/33/05 GET /v1/AUTH_ece81c3214184c54956c375af05c2f4f/gnocchi.a592f6e1-5e78-4d12-9919-4453ccb7dfab/1763640000.0_mean_300.0_v3 HTTP/1.0 404 - python-swiftclient-3.11.1 gAAAAABpKAzB-Xe5... - 70 - tx1170d643cdc844e9b2923-0069280cc1 - 0.0112 - - 1764232385.467188835 1764232385.478339434 0
Nov 27 08:33:05 np0005537441 container-server[125137]: 172.20.0.105 - - [27/Nov/2025:08:33:05 +0000] "PUT /d1/255/AUTH_ece81c3214184c54956c375af05c2f4f/gnocchi.a592f6e1-5e78-4d12-9919-4453ccb7dfab/1763640000.0_mean_300.0_v3" 201 - "PUT http://172.18.0.158:8080/d1/409/AUTH_ece81c3214184c54956c375af05c2f4f/gnocchi.a592f6e1-5e78-4d12-9919-4453ccb7dfab/1763640000.0_mean_300.0_v3" "txd0bd557b1d1e4415a06be-0069280cc1" "object-server 21" 0.0008 "-" 19 0
Nov 27 08:33:05 np0005537441 object-server[125632]: 172.20.0.104 - - [27/Nov/2025:08:33:05 +0000] "PUT /d1/409/AUTH_ece81c3214184c54956c375af05c2f4f/gnocchi.a592f6e1-5e78-4d12-9919-4453ccb7dfab/1763640000.0_mean_300.0_v3" 201 - "PUT http://172.18.0.158:8080/v1/AUTH_ece81c3214184c54956c375af05c2f4f/gnocchi.a592f6e1-5e78-4d12-9919-4453ccb7dfab/1763640000.0_mean_300.0_v3" "txd0bd557b1d1e4415a06be-0069280cc1" "proxy-server 20" 0.0125 "-" 18 0
Nov 27 08:33:05 np0005537441 container-server[125184]: 172.20.0.103 - - [27/Nov/2025:08:33:05 +0000] "PUT /d1/255/AUTH_ece81c3214184c54956c375af05c2f4f/gnocchi.a592f6e1-5e78-4d12-9919-4453ccb7dfab/none_v3" 201 - "PUT http://172.18.0.158:8080/d1/611/AUTH_ece81c3214184c54956c375af05c2f4f/gnocchi.a592f6e1-5e78-4d12-9919-4453ccb7dfab/none_v3" "txfebf635b7ff44947a0600-0069280cc1" "object-server 21" 0.0009 "-" 21 0
Nov 27 08:33:05 np0005537441 object-server[125649]: 172.20.0.105 - - [27/Nov/2025:08:33:05 +0000] "PUT /d1/611/AUTH_ece81c3214184c54956c375af05c2f4f/gnocchi.a592f6e1-5e78-4d12-9919-4453ccb7dfab/none_v3" 201 - "PUT http://172.18.0.158:8080/v1/AUTH_ece81c3214184c54956c375af05c2f4f/gnocchi.a592f6e1-5e78-4d12-9919-4453ccb7dfab/none_v3" "txfebf635b7ff44947a0600-0069280cc1" "proxy-server 20" 0.0149 "-" 21 0
Nov 27 08:33:13 np0005537441 container-server[125201]: 172.20.0.103 - - [27/Nov/2025:08:33:13 +0000] "HEAD /d1/631/AUTH_ece81c3214184c54956c375af05c2f4f/gnocchi.bb7a2f99-abf4-449a-ba29-1f52b715aed6" 404 - "HEAD http://172.18.0.158:8080/v1/AUTH_ece81c3214184c54956c375af05c2f4f/gnocchi.bb7a2f99-abf4-449a-ba29-1f52b715aed6?format=json&states=listing" "tx94e00af68e824912ace3e-0069280cc9" "proxy-server 20" 0.0015 "-" 22 0
Nov 27 08:33:13 np0005537441 container-server[125201]: 172.20.0.104 - - [27/Nov/2025:08:33:13 +0000] "HEAD /d1/736/AUTH_ece81c3214184c54956c375af05c2f4f/gnocchi.e3c8f6c5-b9b7-4eed-89c3-b79968f658d1" 404 - "HEAD http://172.18.0.158:8080/v1/AUTH_ece81c3214184c54956c375af05c2f4f/gnocchi.e3c8f6c5-b9b7-4eed-89c3-b79968f658d1?format=json&states=listing" "txbc272332c8ea41e884c2f-0069280cc9" "proxy-server 20" 0.0005 "-" 22 0
Nov 27 08:33:13 np0005537441 object-server[125632]: 172.20.0.103 - - [27/Nov/2025:08:33:13 +0000] "GET /d1/400/AUTH_ece81c3214184c54956c375af05c2f4f/gnocchi.bb7a2f99-abf4-449a-ba29-1f52b715aed6/none_v3" 404 70 "GET http://172.18.0.158:8080/v1/AUTH_ece81c3214184c54956c375af05c2f4f/gnocchi.bb7a2f99-abf4-449a-ba29-1f52b715aed6/none_v3" "tx94e00af68e824912ace3e-0069280cc9" "proxy-server 20" 0.0011 "-" 18 0
Nov 27 08:33:13 np0005537441 proxy-server[126999]: 172.18.0.105 172.18.0.104 27/Nov/2025/08/33/13 GET /v1/AUTH_ece81c3214184c54956c375af05c2f4f/gnocchi.bb7a2f99-abf4-449a-ba29-1f52b715aed6/none_v3 HTTP/1.0 404 - python-swiftclient-3.11.1 gAAAAABpKAx_sfH7... - 70 - tx94e00af68e824912ace3e-0069280cc9 - 0.0339 - - 1764232393.298784494 1764232393.332682848 0
Nov 27 08:33:13 np0005537441 object-server[125632]: 172.20.0.104 - - [27/Nov/2025:08:33:13 +0000] "GET /d1/334/AUTH_ece81c3214184c54956c375af05c2f4f/gnocchi.e3c8f6c5-b9b7-4eed-89c3-b79968f658d1/none_v3" 404 70 "GET http://172.18.0.158:8080/v1/AUTH_ece81c3214184c54956c375af05c2f4f/gnocchi.e3c8f6c5-b9b7-4eed-89c3-b79968f658d1/none_v3" "txbc272332c8ea41e884c2f-0069280cc9" "proxy-server 20" 0.0005 "-" 18 0
Nov 27 08:33:13 np0005537441 account-server[125073]: 172.20.0.104 - - [27/Nov/2025:08:33:13 +0000] "PUT /d1/447/AUTH_ece81c3214184c54956c375af05c2f4f/gnocchi.bb7a2f99-abf4-449a-ba29-1f52b715aed6" 201 - "PUT http://172.20.0.104:6001/d1/631/AUTH_ece81c3214184c54956c375af05c2f4f/gnocchi.bb7a2f99-abf4-449a-ba29-1f52b715aed6" "tx2bedd76d02e14e61a7335-0069280cc9" "container-server 23" 0.0015 "-" 22 0
Nov 27 08:33:13 np0005537441 container-server[125162]: 172.20.0.103 - - [27/Nov/2025:08:33:13 +0000] "PUT /d1/736/AUTH_ece81c3214184c54956c375af05c2f4f/gnocchi.e3c8f6c5-b9b7-4eed-89c3-b79968f658d1" 201 - "PUT http://172.18.0.158:8080/v1/AUTH_ece81c3214184c54956c375af05c2f4f/gnocchi.e3c8f6c5-b9b7-4eed-89c3-b79968f658d1" "tx231b1573c0c0487bb1a87-0069280cc9" "proxy-server 20" 0.0173 "-" 20 0
Nov 27 08:33:13 np0005537441 container-server[125162]: 172.20.0.105 - - [27/Nov/2025:08:33:13 +0000] "PUT /d1/631/AUTH_ece81c3214184c54956c375af05c2f4f/gnocchi.bb7a2f99-abf4-449a-ba29-1f52b715aed6" 201 - "PUT http://172.18.0.158:8080/v1/AUTH_ece81c3214184c54956c375af05c2f4f/gnocchi.bb7a2f99-abf4-449a-ba29-1f52b715aed6" "tx2bedd76d02e14e61a7335-0069280cc9" "proxy-server 20" 0.0200 "-" 20 0
Nov 27 08:33:13 np0005537441 account-server[125075]: 172.20.0.105 - - [27/Nov/2025:08:33:13 +0000] "PUT /d1/447/AUTH_ece81c3214184c54956c375af05c2f4f/gnocchi.e3c8f6c5-b9b7-4eed-89c3-b79968f658d1" 201 - "PUT http://172.20.0.105:6001/d1/736/AUTH_ece81c3214184c54956c375af05c2f4f/gnocchi.e3c8f6c5-b9b7-4eed-89c3-b79968f658d1" "tx231b1573c0c0487bb1a87-0069280cc9" "container-server 21" 0.0048 "-" 23 0
Nov 27 08:33:13 np0005537441 proxy-server[126999]: 172.18.0.103 172.18.0.104 27/Nov/2025/08/33/13 PUT /v1/AUTH_ece81c3214184c54956c375af05c2f4f/gnocchi.e3c8f6c5-b9b7-4eed-89c3-b79968f658d1 HTTP/1.0 201 - python-swiftclient-3.11.1 gAAAAABpKAzB-Xe5... - - - tx231b1573c0c0487bb1a87-0069280cc9 - 0.0407 - - 1764232393.342960358 1764232393.383678198 0
Nov 27 08:33:13 np0005537441 container-server[125184]: 172.20.0.104 - - [27/Nov/2025:08:33:13 +0000] "HEAD /d1/31/AUTH_ece81c3214184c54956c375af05c2f4f/gnocchi.cac30b74-1162-41fd-bfe7-26243a46b556" 404 - "HEAD http://172.18.0.158:8080/v1/AUTH_ece81c3214184c54956c375af05c2f4f/gnocchi.cac30b74-1162-41fd-bfe7-26243a46b556?format=json&states=listing" "tx13a1c69a614d4a49aed10-0069280cc9" "proxy-server 20" 0.0007 "-" 21 0
Nov 27 08:33:13 np0005537441 container-server[125184]: 172.20.0.105 - - [27/Nov/2025:08:33:13 +0000] "GET /d1/736/AUTH_ece81c3214184c54956c375af05c2f4f/gnocchi.e3c8f6c5-b9b7-4eed-89c3-b79968f658d1" 200 2 "GET http://172.18.0.158:8080/v1/AUTH_ece81c3214184c54956c375af05c2f4f/gnocchi.e3c8f6c5-b9b7-4eed-89c3-b79968f658d1?format=json&states=listing" "tx6541a67a11814407b3f25-0069280cc9" "proxy-server 20" 0.0030 "-" 21 0
Nov 27 08:33:13 np0005537441 object-server[125642]: 172.20.0.104 - - [27/Nov/2025:08:33:13 +0000] "GET /d1/114/AUTH_ece81c3214184c54956c375af05c2f4f/gnocchi.cac30b74-1162-41fd-bfe7-26243a46b556/none_v3" 404 70 "GET http://172.18.0.158:8080/v1/AUTH_ece81c3214184c54956c375af05c2f4f/gnocchi.cac30b74-1162-41fd-bfe7-26243a46b556/none_v3" "tx13a1c69a614d4a49aed10-0069280cc9" "proxy-server 20" 0.0003 "-" 20 0
Nov 27 08:33:13 np0005537441 object-server[125649]: 172.20.0.103 - - [27/Nov/2025:08:33:13 +0000] "GET /d1/982/AUTH_ece81c3214184c54956c375af05c2f4f/gnocchi.e3c8f6c5-b9b7-4eed-89c3-b79968f658d1/1763640000.0_mean_300.0_v3" 404 70 "GET http://172.18.0.158:8080/v1/AUTH_ece81c3214184c54956c375af05c2f4f/gnocchi.e3c8f6c5-b9b7-4eed-89c3-b79968f658d1/1763640000.0_mean_300.0_v3" "tx24819911fbad48509fc47-0069280cc9" "proxy-server 20" 0.0003 "-" 21 0
Nov 27 08:33:13 np0005537441 proxy-server[126999]: 172.18.0.103 172.18.0.104 27/Nov/2025/08/33/13 GET /v1/AUTH_ece81c3214184c54956c375af05c2f4f/gnocchi.e3c8f6c5-b9b7-4eed-89c3-b79968f658d1/1763640000.0_mean_300.0_v3 HTTP/1.0 404 - python-swiftclient-3.11.1 gAAAAABpKAzB-Xe5... - 70 - tx24819911fbad48509fc47-0069280cc9 - 0.0219 - - 1764232393.419344425 1764232393.441216469 0
Nov 27 08:33:13 np0005537441 account-server[125060]: 172.20.0.104 - - [27/Nov/2025:08:33:13 +0000] "PUT /d1/447/AUTH_ece81c3214184c54956c375af05c2f4f/gnocchi.cac30b74-1162-41fd-bfe7-26243a46b556" 201 - "PUT http://172.20.0.104:6001/d1/31/AUTH_ece81c3214184c54956c375af05c2f4f/gnocchi.cac30b74-1162-41fd-bfe7-26243a46b556" "txed0140ae286749b8a45b8-0069280cc9" "container-server 22" 0.0047 "-" 20 0
Nov 27 08:33:13 np0005537441 container-server[125162]: 172.20.0.105 - - [27/Nov/2025:08:33:13 +0000] "PUT /d1/31/AUTH_ece81c3214184c54956c375af05c2f4f/gnocchi.cac30b74-1162-41fd-bfe7-26243a46b556" 201 - "PUT http://172.18.0.158:8080/v1/AUTH_ece81c3214184c54956c375af05c2f4f/gnocchi.cac30b74-1162-41fd-bfe7-26243a46b556" "txed0140ae286749b8a45b8-0069280cc9" "proxy-server 20" 0.0196 "-" 20 0
Nov 27 08:33:13 np0005537441 container-server[125137]: 172.20.0.105 - - [27/Nov/2025:08:33:13 +0000] "PUT /d1/736/AUTH_ece81c3214184c54956c375af05c2f4f/gnocchi.e3c8f6c5-b9b7-4eed-89c3-b79968f658d1/1763640000.0_mean_300.0_v3" 201 - "PUT http://172.18.0.158:8080/d1/982/AUTH_ece81c3214184c54956c375af05c2f4f/gnocchi.e3c8f6c5-b9b7-4eed-89c3-b79968f658d1/1763640000.0_mean_300.0_v3" "tx05266e5af68d46eb87d53-0069280cc9" "object-server 16" 0.0006 "-" 19 0
Nov 27 08:33:13 np0005537441 container-server[125201]: 172.20.0.103 - - [27/Nov/2025:08:33:13 +0000] "HEAD /d1/631/AUTH_ece81c3214184c54956c375af05c2f4f/gnocchi.bb7a2f99-abf4-449a-ba29-1f52b715aed6" 204 - "HEAD http://172.18.0.158:8080/v1/AUTH_ece81c3214184c54956c375af05c2f4f/gnocchi.bb7a2f99-abf4-449a-ba29-1f52b715aed6?format=json&states=listing" "tx3c0caeeb66d8485783a09-0069280cc9" "proxy-server 20" 0.0024 "-" 22 0
Nov 27 08:33:13 np0005537441 proxy-server[126999]: - - 27/Nov/2025/08/33/13 HEAD /v1/AUTH_ece81c3214184c54956c375af05c2f4f/gnocchi.bb7a2f99-abf4-449a-ba29-1f52b715aed6%3Fformat%3Djson%26states%3Dlisting HTTP/1.0 204 - Swift - - - - tx3c0caeeb66d8485783a09-0069280cc9 - 0.0071 RL - 1764232393.468422890 1764232393.475521564 0
Nov 27 08:33:13 np0005537441 object-server[125635]: 172.20.0.104 - - [27/Nov/2025:08:33:13 +0000] "PUT /d1/982/AUTH_ece81c3214184c54956c375af05c2f4f/gnocchi.e3c8f6c5-b9b7-4eed-89c3-b79968f658d1/1763640000.0_mean_300.0_v3" 201 - "PUT http://172.18.0.158:8080/v1/AUTH_ece81c3214184c54956c375af05c2f4f/gnocchi.e3c8f6c5-b9b7-4eed-89c3-b79968f658d1/1763640000.0_mean_300.0_v3" "tx05266e5af68d46eb87d53-0069280cc9" "proxy-server 20" 0.0285 "-" 19 0
Nov 27 08:33:13 np0005537441 container-server[125201]: 172.20.0.103 - - [27/Nov/2025:08:33:13 +0000] "GET /d1/631/AUTH_ece81c3214184c54956c375af05c2f4f/gnocchi.bb7a2f99-abf4-449a-ba29-1f52b715aed6" 200 2 "GET http://172.18.0.158:8080/v1/AUTH_ece81c3214184c54956c375af05c2f4f/gnocchi.bb7a2f99-abf4-449a-ba29-1f52b715aed6?format=json&states=listing" "tx3c0caeeb66d8485783a09-0069280cc9" "proxy-server 20" 0.0034 "-" 22 0
Nov 27 08:33:13 np0005537441 proxy-server[126999]: 172.18.0.105 172.18.0.104 27/Nov/2025/08/33/13 GET /v1/AUTH_ece81c3214184c54956c375af05c2f4f/gnocchi.bb7a2f99-abf4-449a-ba29-1f52b715aed6%3Fformat%3Djson%26states%3Dlisting HTTP/1.0 200 - python-swiftclient-3.11.1 gAAAAABpKAx_sfH7... - 2 - tx3c0caeeb66d8485783a09-0069280cc9 - 0.0204 - - 1764232393.466599703 1764232393.486979246 0
Nov 27 08:33:13 np0005537441 container-server[125162]: 172.20.0.104 - - [27/Nov/2025:08:33:13 +0000] "PUT /d1/736/AUTH_ece81c3214184c54956c375af05c2f4f/gnocchi.e3c8f6c5-b9b7-4eed-89c3-b79968f658d1/none_v3" 201 - "PUT http://172.18.0.158:8080/d1/334/AUTH_ece81c3214184c54956c375af05c2f4f/gnocchi.e3c8f6c5-b9b7-4eed-89c3-b79968f658d1/none_v3" "txf12cdf07f5cf42cba2355-0069280cc9" "object-server 23" 0.0006 "-" 20 0
Nov 27 08:33:13 np0005537441 object-server[125632]: 172.20.0.105 - - [27/Nov/2025:08:33:13 +0000] "PUT /d1/334/AUTH_ece81c3214184c54956c375af05c2f4f/gnocchi.e3c8f6c5-b9b7-4eed-89c3-b79968f658d1/none_v3" 201 - "PUT http://172.18.0.158:8080/v1/AUTH_ece81c3214184c54956c375af05c2f4f/gnocchi.e3c8f6c5-b9b7-4eed-89c3-b79968f658d1/none_v3" "txf12cdf07f5cf42cba2355-0069280cc9" "proxy-server 20" 0.0207 "-" 18 0
Nov 27 08:33:13 np0005537441 object-server[125632]: 172.20.0.103 - - [27/Nov/2025:08:33:13 +0000] "GET /d1/73/AUTH_ece81c3214184c54956c375af05c2f4f/gnocchi.bb7a2f99-abf4-449a-ba29-1f52b715aed6/1763640000.0_mean_300.0_v3" 404 70 "GET http://172.18.0.158:8080/v1/AUTH_ece81c3214184c54956c375af05c2f4f/gnocchi.bb7a2f99-abf4-449a-ba29-1f52b715aed6/1763640000.0_mean_300.0_v3" "txbf2347334faf4b408a327-0069280cc9" "proxy-server 20" 0.0004 "-" 18 0
Nov 27 08:33:13 np0005537441 proxy-server[126999]: 172.18.0.105 172.18.0.104 27/Nov/2025/08/33/13 GET /v1/AUTH_ece81c3214184c54956c375af05c2f4f/gnocchi.bb7a2f99-abf4-449a-ba29-1f52b715aed6/1763640000.0_mean_300.0_v3 HTTP/1.0 404 - python-swiftclient-3.11.1 gAAAAABpKAx_sfH7... - 70 - txbf2347334faf4b408a327-0069280cc9 - 0.0128 - - 1764232393.534337521 1764232393.547101736 0
Nov 27 08:33:13 np0005537441 object-server[125632]: 172.20.0.104 - - [27/Nov/2025:08:33:13 +0000] "GET /d1/585/AUTH_ece81c3214184c54956c375af05c2f4f/gnocchi.cac30b74-1162-41fd-bfe7-26243a46b556/1763640000.0_mean_300.0_v3" 404 70 "GET http://172.18.0.158:8080/v1/AUTH_ece81c3214184c54956c375af05c2f4f/gnocchi.cac30b74-1162-41fd-bfe7-26243a46b556/1763640000.0_mean_300.0_v3" "txe640e4594c2b416e89ec8-0069280cc9" "proxy-server 20" 0.0002 "-" 18 0
Nov 27 08:33:13 np0005537441 container-server[125184]: 172.20.0.103 - - [27/Nov/2025:08:33:13 +0000] "PUT /d1/631/AUTH_ece81c3214184c54956c375af05c2f4f/gnocchi.bb7a2f99-abf4-449a-ba29-1f52b715aed6/1763640000.0_mean_300.0_v3" 201 - "PUT http://172.18.0.158:8080/d1/73/AUTH_ece81c3214184c54956c375af05c2f4f/gnocchi.bb7a2f99-abf4-449a-ba29-1f52b715aed6/1763640000.0_mean_300.0_v3" "tx40762d33a4a14f5887656-0069280cc9" "object-server 19" 0.0006 "-" 21 0
Nov 27 08:33:13 np0005537441 object-server[125635]: 172.20.0.103 - - [27/Nov/2025:08:33:13 +0000] "PUT /d1/73/AUTH_ece81c3214184c54956c375af05c2f4f/gnocchi.bb7a2f99-abf4-449a-ba29-1f52b715aed6/1763640000.0_mean_300.0_v3" 201 - "PUT http://172.18.0.158:8080/v1/AUTH_ece81c3214184c54956c375af05c2f4f/gnocchi.bb7a2f99-abf4-449a-ba29-1f52b715aed6/1763640000.0_mean_300.0_v3" "tx40762d33a4a14f5887656-0069280cc9" "proxy-server 20" 0.0096 "-" 19 0
Nov 27 08:33:13 np0005537441 proxy-server[126999]: 172.18.0.105 172.18.0.104 27/Nov/2025/08/33/13 PUT /v1/AUTH_ece81c3214184c54956c375af05c2f4f/gnocchi.bb7a2f99-abf4-449a-ba29-1f52b715aed6/1763640000.0_mean_300.0_v3 HTTP/1.0 201 - python-swiftclient-3.11.1 gAAAAABpKAx_sfH7... 16 - - tx40762d33a4a14f5887656-0069280cc9 - 0.0212 - - 1764232393.568690538 1764232393.589845657 0
