Dec 1 10:09:21 standalone account-server[127469]: Starting 2
Dec 1 10:09:22 standalone container-server[127662]: Option allow_versions is deprecated. Configure the versioned_writes middleware in the proxy-server instead. This option will be ignored in a future release.
Dec 1 10:09:22 standalone container-server[127841]: Option allow_versions is deprecated. Configure the versioned_writes middleware in the proxy-server instead. This option will be ignored in a future release.
Dec 1 10:09:22 standalone container-server[127662]: Started child 17 from parent 2
Dec 1 10:09:22 standalone container-server[127852]: Option allow_versions is deprecated. Configure the versioned_writes middleware in the proxy-server instead. This option will be ignored in a future release.
Dec 1 10:09:22 standalone container-server[127662]: Started child 18 from parent 2
Dec 1 10:09:22 standalone account-server[127599]: Started child 20 from parent 2
Dec 1 10:09:22 standalone container-server[127872]: Option allow_versions is deprecated. Configure the versioned_writes middleware in the proxy-server instead. This option will be ignored in a future release.
Dec 1 10:09:22 standalone container-server[127662]: Started child 21 from parent 2
Dec 1 10:09:22 standalone account-server[127599]: Started child 21 from parent 2
Dec 1 10:09:22 standalone container-server[127877]: Option allow_versions is deprecated. Configure the versioned_writes middleware in the proxy-server instead. This option will be ignored in a future release.
Dec 1 10:09:22 standalone account-server[127599]: Started child 22 from parent 2
Dec 1 10:09:22 standalone container-server[127662]: Started child 22 from parent 2
Dec 1 10:09:22 standalone account-server[127599]: Started child 23 from parent 2
Dec 1 10:09:22 standalone container-server[127804]: Starting 2
Dec 1 10:09:22 standalone object-expirer[127838]: Starting 2
Dec 1 10:09:22 standalone object-expirer[127838]: Option auto_create_account_prefix is deprecated. Configure auto_create_account_prefix under the swift-constraints section of swift.conf. This option will be ignored in a future release.
Dec 1 10:09:23 standalone object-server[128003]: Starting 2
Dec 1 10:09:23 standalone object-server[127939]: Started child 20 from parent 2
Dec 1 10:09:23 standalone object-server[127939]: Started child 21 from parent 2
Dec 1 10:09:23 standalone object-server[127939]: Started child 22 from parent 2
Dec 1 10:09:23 standalone object-server[127939]: Started child 23 from parent 2
Dec 1 10:09:29 standalone proxy-server[129781]: Starting Keystone auth_token middleware
Dec 1 10:09:29 standalone proxy-server[129781]: AuthToken middleware is set with keystone_authtoken.service_token_roles_required set to False. This is backwards compatible but deprecated behaviour. Please set this to True.
Dec 1 10:09:29 standalone proxy-server[129981]: Starting Keystone auth_token middleware
Dec 1 10:09:29 standalone proxy-server[129981]: STDERR: The option "bind_port" is not known to keystonemiddleware
Dec 1 10:09:29 standalone proxy-server[129981]: STDERR: The option "workers" is not known to keystonemiddleware
Dec 1 10:09:29 standalone proxy-server[129981]: STDERR: The option "user" is not known to keystonemiddleware
Dec 1 10:09:29 standalone proxy-server[129981]: STDERR: The option "bind_ip" is not known to keystonemiddleware
Dec 1 10:09:29 standalone proxy-server[129981]: STDERR: The option "log_name" is not known to keystonemiddleware
Dec 1 10:09:29 standalone proxy-server[129981]: STDERR: The option "log_facility" is not known to keystonemiddleware
Dec 1 10:09:29 standalone proxy-server[129981]: STDERR: The option "log_level" is not known to keystonemiddleware
Dec 1 10:09:29 standalone proxy-server[129981]: STDERR: The option "log_headers" is not known to keystonemiddleware
Dec 1 10:09:29 standalone proxy-server[129981]: STDERR: The option "log_address" is not known to keystonemiddleware
Dec 1 10:09:29 standalone proxy-server[129981]: STDERR: The option "project_name" is not known to keystonemiddleware
Dec 1 10:09:29 standalone proxy-server[129981]: STDERR: The option "username" is not known to keystonemiddleware
Dec 1 10:09:29 standalone proxy-server[129981]: STDERR: The option "password" is not known to keystonemiddleware
Dec 1 10:09:29 standalone proxy-server[129981]: STDERR: The option "auth_url" is not known to keystonemiddleware
Dec 1 10:09:29 standalone proxy-server[129981]: STDERR: The option "signing_dir" is not known to keystonemiddleware
Dec 1 10:09:29 standalone proxy-server[129981]: STDERR: The option "project_domain_id" is not known to keystonemiddleware
Dec 1 10:09:29 standalone proxy-server[129981]: STDERR: The option "user_domain_id" is not known to keystonemiddleware
Dec 1 10:09:29 standalone proxy-server[129981]: STDERR: The option "__name__" is not known to keystonemiddleware
Dec 1 10:09:29 standalone proxy-server[129981]: AuthToken middleware is set with keystone_authtoken.service_token_roles_required set to False. This is backwards compatible but deprecated behaviour. Please set this to True.
Dec 1 10:09:29 standalone proxy-server[129781]: Started child 20 from parent 2
Dec 1 10:10:56 standalone container-server[127804]: Begin container update sweep
Dec 1 10:10:56 standalone container-server[127804]: Container update sweep completed: 0.00s
Dec 1 10:12:37 standalone account-server[127876]: 172.20.0.100 - - [01/Dec/2025:10:12:37 +0000] "HEAD /d1/1011/.expiring_objects" 404 - "HEAD http://localhost/v1/.expiring_objects?format=json" "txa0971610e73b4f77947c2-00692d6a15" "proxy-server 2" 0.0017 "-" 21 -
Dec 1 10:12:37 standalone object-expirer[127838]: Pass completed in 0s; 0 objects expired (txn: txa0971610e73b4f77947c2-00692d6a15)
Dec 1 10:13:07 standalone object-server[128003]: Begin object update sweep
Dec 1 10:13:07 standalone object-server[155574]: Object update sweep starting on /srv/node/d1 (pid: 11)
Dec 1 10:13:07 standalone object-server[155574]: Object update sweep completed on /srv/node/d1 in 0.00s seconds:, 0 successes, 0 failures, 0 quarantines, 0 unlinks, 0 errors, 0 redirects (pid: 11)
Dec 1 10:13:07 standalone object-server[155574]: Object update sweep of d1 completed: 0.00s, 0 successes, 0 failures, 0 quarantines, 0 unlinks, 0 errors, 0 redirects
Dec 1 10:13:07 standalone object-server[128003]: Object update sweep completed: 0.09s
Dec 1 10:14:11 standalone account-server[127886]: 172.20.0.100 - - [01/Dec/2025:10:14:11 +0000] "HEAD /d1/1011/.expiring_objects" 404 - "HEAD http://localhost/v1/.expiring_objects?format=json" "tx879ca92871ad40e1a2c97-00692d6a73" "proxy-server 2" 0.0017 "-" 22 -
Dec 1 10:14:11 standalone object-expirer[127838]: Pass completed in 0s; 0 objects expired (txn: tx879ca92871ad40e1a2c97-00692d6a73)
Dec 1 10:14:41 standalone account-server[127873]: 172.20.0.100 - - [01/Dec/2025:10:14:41 +0000] "HEAD /d1/1011/.expiring_objects" 404 - "HEAD http://localhost/v1/.expiring_objects?format=json" "tx9552646f5b3d4784aff85-00692d6a91" "proxy-server 2" 0.0016 "-" 20 -
Dec 1 10:14:41 standalone object-expirer[127838]: Pass completed in 0s; 0 objects expired (txn: tx9552646f5b3d4784aff85-00692d6a91)
Dec 1 10:15:56 standalone container-server[127804]: Begin container update sweep
Dec 1 10:15:56 standalone container-server[127804]: Container update sweep completed: 0.00s
Dec 1 10:18:07 standalone object-server[128003]: Begin object update sweep
Dec 1 10:18:07 standalone object-server[196978]: Object update sweep starting on /srv/node/d1 (pid: 13)
Dec 1 10:18:07 standalone object-server[196978]: Object update sweep completed on /srv/node/d1 in 0.00s seconds:, 0 successes, 0 failures, 0 quarantines, 0 unlinks, 0 errors, 0 redirects (pid: 13)
Dec 1 10:18:07 standalone object-server[196978]: Object update sweep of d1 completed: 0.00s, 0 successes, 0 failures, 0 quarantines, 0 unlinks, 0 errors, 0 redirects
Dec 1 10:18:07 standalone object-server[128003]: Object update sweep completed: 0.06s
Dec 1 10:19:07 standalone account-server[127886]: 172.20.0.100 - - [01/Dec/2025:10:19:07 +0000] "HEAD /d1/1011/.expiring_objects" 404 - "HEAD http://localhost/v1/.expiring_objects?format=json" "tx85c6ead5eab54c1c979b3-00692d6b9b" "proxy-server 2" 0.0005 "-" 22 -
Dec 1 10:19:07 standalone object-expirer[127838]: Pass completed in 0s; 0 objects expired (txn: tx85c6ead5eab54c1c979b3-00692d6b9b)
Dec 1 10:20:56 standalone container-server[127804]: Begin container update sweep
Dec 1 10:20:56 standalone container-server[127804]: Container update sweep completed: 0.00s
Dec 1 10:21:17 standalone account-server[127873]: 172.20.0.100 - - [01/Dec/2025:10:21:17 +0000] "HEAD /d1/340/AUTH_390dd1408bf04077a205fb4c4b69a4d9" 404 - "HEAD http://172.18.0.2:8080/v1/AUTH_390dd1408bf04077a205fb4c4b69a4d9?format=json" "txd819510d72d64d46a307b-00692d6c1d" "proxy-server 20" 0.0008 "-" 20 -
Dec 1 10:21:17 standalone proxy-server[129981]: - - 01/Dec/2025/10/21/17 HEAD /v1/AUTH_390dd1408bf04077a205fb4c4b69a4d9%3Fformat%3Djson HTTP/1.0 200 - Swift - - - - txd819510d72d64d46a307b-00692d6c1d - 0.0081 RL - 1764584477.723570108 1764584477.731640339 -
Dec 1 10:21:18 standalone object-server[128048]: 172.20.0.100 - - [01/Dec/2025:10:21:18 +0000] "GET /d1/732/AUTH_390dd1408bf04077a205fb4c4b69a4d9/gnocchi.71245f7a-f5ee-4ef6-af9f-657abc4afc36/none_v3" 404 70 "GET http://172.18.0.2:8080/v1/AUTH_390dd1408bf04077a205fb4c4b69a4d9/gnocchi.71245f7a-f5ee-4ef6-af9f-657abc4afc36/none_v3" "txd819510d72d64d46a307b-00692d6c1d" "proxy-server 20" 0.0016 "-" 23 0
Dec 1 10:21:18 standalone proxy-server[129981]: 172.18.0.2 172.18.0.100 01/Dec/2025/10/21/18 GET /v1/AUTH_390dd1408bf04077a205fb4c4b69a4d9/gnocchi.71245f7a-f5ee-4ef6-af9f-657abc4afc36/none_v3 HTTP/1.0 404 - python-swiftclient-3.11.1 gAAAAABpLWwde6ma... - 70 - txd819510d72d64d46a307b-00692d6c1d - 0.4007 - - 1764584477.718317032 1764584478.119014740 0
Dec 1 10:21:18 standalone account-server[127876]: 172.20.0.100 - - [01/Dec/2025:10:21:18 +0000] "PUT /d1/340/AUTH_390dd1408bf04077a205fb4c4b69a4d9" 201 - "-" "txcdeadeaaa07f416a9f34d-00692d6c1e" "-" 0.0219 "-" 21 -
Dec 1 10:21:18 standalone proxy-server[129981]: autocreate account '/AUTH_390dd1408bf04077a205fb4c4b69a4d9' (txn: txcdeadeaaa07f416a9f34d-00692d6c1e)
Dec 1 10:21:18 standalone account-server[127876]: 172.20.0.100 - - [01/Dec/2025:10:21:18 +0000] "HEAD /d1/340/AUTH_390dd1408bf04077a205fb4c4b69a4d9" 204 - "HEAD http://172.18.0.2:8080/v1/AUTH_390dd1408bf04077a205fb4c4b69a4d9?format=json" "txcdeadeaaa07f416a9f34d-00692d6c1e" "proxy-server 20" 0.0018 "-" 21 -
Dec 1 10:21:18 standalone account-server[127892]: 172.20.0.100 - - [01/Dec/2025:10:21:18 +0000] "PUT /d1/340/AUTH_390dd1408bf04077a205fb4c4b69a4d9/gnocchi.71245f7a-f5ee-4ef6-af9f-657abc4afc36" 201 - "PUT http://172.20.0.100:6001/d1/974/AUTH_390dd1408bf04077a205fb4c4b69a4d9/gnocchi.71245f7a-f5ee-4ef6-af9f-657abc4afc36" "txcdeadeaaa07f416a9f34d-00692d6c1e" "container-server 18" 0.0031 "-" 23 0
Dec 1 10:21:18 standalone container-server[127852]: 172.20.0.100 - - [01/Dec/2025:10:21:18 +0000] "PUT /d1/974/AUTH_390dd1408bf04077a205fb4c4b69a4d9/gnocchi.71245f7a-f5ee-4ef6-af9f-657abc4afc36" 201 - "PUT http://172.18.0.2:8080/v1/AUTH_390dd1408bf04077a205fb4c4b69a4d9/gnocchi.71245f7a-f5ee-4ef6-af9f-657abc4afc36" "txcdeadeaaa07f416a9f34d-00692d6c1e" "proxy-server 20" 0.0154 "-" 18 0
Dec 1 10:21:18 standalone proxy-server[129981]: 172.18.0.2 172.18.0.100 01/Dec/2025/10/21/18 PUT /v1/AUTH_390dd1408bf04077a205fb4c4b69a4d9/gnocchi.71245f7a-f5ee-4ef6-af9f-657abc4afc36 HTTP/1.0 201 - python-swiftclient-3.11.1 gAAAAABpLWwde6ma... - - - txcdeadeaaa07f416a9f34d-00692d6c1e - 0.0574 - - 1764584478.124058485 1764584478.181413174 0
Dec 1 10:21:18 standalone container-server[127877]: 172.20.0.100 - - [01/Dec/2025:10:21:18 +0000] "HEAD /d1/974/AUTH_390dd1408bf04077a205fb4c4b69a4d9/gnocchi.71245f7a-f5ee-4ef6-af9f-657abc4afc36" 204 - "HEAD http://172.18.0.2:8080/v1/AUTH_390dd1408bf04077a205fb4c4b69a4d9/gnocchi.71245f7a-f5ee-4ef6-af9f-657abc4afc36?format=json&states=listing" "tx28c7caf5d2e64c26be5e1-00692d6c1e" "proxy-server 20" 0.0059 "-" 22 0
Dec 1 10:21:18 standalone proxy-server[129981]: - - 01/Dec/2025/10/21/18 HEAD /v1/AUTH_390dd1408bf04077a205fb4c4b69a4d9/gnocchi.71245f7a-f5ee-4ef6-af9f-657abc4afc36%3Fformat%3Djson%26states%3Dlisting HTTP/1.0 204 - Swift - - - - tx28c7caf5d2e64c26be5e1-00692d6c1e - 0.0125 RL - 1764584478.190070629 1764584478.202524424 0
Dec 1 10:21:18 standalone container-server[127852]: 172.20.0.100 - - [01/Dec/2025:10:21:18 +0000] "GET /d1/974/AUTH_390dd1408bf04077a205fb4c4b69a4d9/gnocchi.71245f7a-f5ee-4ef6-af9f-657abc4afc36" 200 2 "GET http://172.18.0.2:8080/v1/AUTH_390dd1408bf04077a205fb4c4b69a4d9/gnocchi.71245f7a-f5ee-4ef6-af9f-657abc4afc36?format=json&states=listing" "tx28c7caf5d2e64c26be5e1-00692d6c1e" "proxy-server 20" 0.0022 "-" 18 0
Dec 1 10:21:18 standalone proxy-server[129981]: 172.18.0.2 172.18.0.100 01/Dec/2025/10/21/18 GET /v1/AUTH_390dd1408bf04077a205fb4c4b69a4d9/gnocchi.71245f7a-f5ee-4ef6-af9f-657abc4afc36%3Fformat%3Djson%26states%3Dlisting HTTP/1.0 200 - python-swiftclient-3.11.1 gAAAAABpLWwde6ma... - 2 - tx28c7caf5d2e64c26be5e1-00692d6c1e - 0.0240 - - 1764584478.188336849 1764584478.212320805 0
Dec 1 10:21:18 standalone object-server[128048]: 172.20.0.100 - - [01/Dec/2025:10:21:18 +0000] "GET /d1/66/AUTH_390dd1408bf04077a205fb4c4b69a4d9/gnocchi.71245f7a-f5ee-4ef6-af9f-657abc4afc36/1763640000.0_mean_300.0_v3" 404 70 "GET http://172.18.0.2:8080/v1/AUTH_390dd1408bf04077a205fb4c4b69a4d9/gnocchi.71245f7a-f5ee-4ef6-af9f-657abc4afc36/1763640000.0_mean_300.0_v3" "tx5c12c619de28418fab50e-00692d6c1e" "proxy-server 20" 0.0004 "-" 23 0
Dec 1 10:21:18 standalone proxy-server[129981]: 172.18.0.2 172.18.0.100 01/Dec/2025/10/21/18 GET /v1/AUTH_390dd1408bf04077a205fb4c4b69a4d9/gnocchi.71245f7a-f5ee-4ef6-af9f-657abc4afc36/1763640000.0_mean_300.0_v3 HTTP/1.0 404 - python-swiftclient-3.11.1 gAAAAABpLWwde6ma... - 70 - tx5c12c619de28418fab50e-00692d6c1e - 0.0077 - - 1764584478.218713284 1764584478.226452589 0
Dec 1 10:21:18 standalone container-server[127852]: 172.20.0.100 - - [01/Dec/2025:10:21:18 +0000] "PUT /d1/974/AUTH_390dd1408bf04077a205fb4c4b69a4d9/gnocchi.71245f7a-f5ee-4ef6-af9f-657abc4afc36/1763640000.0_mean_300.0_v3" 201 - "PUT http://172.18.0.2:8080/d1/66/AUTH_390dd1408bf04077a205fb4c4b69a4d9/gnocchi.71245f7a-f5ee-4ef6-af9f-657abc4afc36/1763640000.0_mean_300.0_v3" "txbae609cc374c4c59ac9e0-00692d6c1e" "object-server 23" 0.0018 "-" 18 0
Dec 1 10:21:18 standalone object-server[128048]: 172.20.0.100 - - [01/Dec/2025:10:21:18 +0000] "PUT /d1/66/AUTH_390dd1408bf04077a205fb4c4b69a4d9/gnocchi.71245f7a-f5ee-4ef6-af9f-657abc4afc36/1763640000.0_mean_300.0_v3" 201 - "PUT http://172.18.0.2:8080/v1/AUTH_390dd1408bf04077a205fb4c4b69a4d9/gnocchi.71245f7a-f5ee-4ef6-af9f-657abc4afc36/1763640000.0_mean_300.0_v3" "txbae609cc374c4c59ac9e0-00692d6c1e" "proxy-server 20" 0.0339 "-" 23 0
Dec 1 10:21:18 standalone proxy-server[129981]: 172.18.0.2 172.18.0.100 01/Dec/2025/10/21/18 PUT /v1/AUTH_390dd1408bf04077a205fb4c4b69a4d9/gnocchi.71245f7a-f5ee-4ef6-af9f-657abc4afc36/1763640000.0_mean_300.0_v3 HTTP/1.0 201 - python-swiftclient-3.11.1 gAAAAABpLWwde6ma... 16 - - txbae609cc374c4c59ac9e0-00692d6c1e - 0.0418 - - 1764584478.230779886 1764584478.272619724 0
Dec 1 10:21:18 standalone container-server[127841]: 172.20.0.100 - - [01/Dec/2025:10:21:18 +0000] "PUT /d1/974/AUTH_390dd1408bf04077a205fb4c4b69a4d9/gnocchi.71245f7a-f5ee-4ef6-af9f-657abc4afc36/none_v3" 201 - "PUT http://172.18.0.2:8080/d1/732/AUTH_390dd1408bf04077a205fb4c4b69a4d9/gnocchi.71245f7a-f5ee-4ef6-af9f-657abc4afc36/none_v3" "tx974bd0380cb6451db6936-00692d6c1e" "object-server 22" 0.0019 "-" 17 0
Dec 1 10:21:18 standalone object-server[128047]: 172.20.0.100 - - [01/Dec/2025:10:21:18 +0000] "PUT /d1/732/AUTH_390dd1408bf04077a205fb4c4b69a4d9/gnocchi.71245f7a-f5ee-4ef6-af9f-657abc4afc36/none_v3" 201 - "PUT http://172.18.0.2:8080/v1/AUTH_390dd1408bf04077a205fb4c4b69a4d9/gnocchi.71245f7a-f5ee-4ef6-af9f-657abc4afc36/none_v3" "tx974bd0380cb6451db6936-00692d6c1e" "proxy-server 20" 0.0393 "-" 22 0
Dec 1 10:21:18 standalone proxy-server[129981]: 172.18.0.2 172.18.0.100 01/Dec/2025/10/21/18 PUT /v1/AUTH_390dd1408bf04077a205fb4c4b69a4d9/gnocchi.71245f7a-f5ee-4ef6-af9f-657abc4afc36/none_v3 HTTP/1.0 201 - python-swiftclient-3.11.1 gAAAAABpLWwde6ma... 22 - - tx974bd0380cb6451db6936-00692d6c1e - 0.0487 - - 1764584478.276659489 1764584478.325405598 0
Dec 1 10:21:47 standalone object-server[128046]: 172.20.0.100 - - [01/Dec/2025:10:21:47 +0000] "GET /d1/732/AUTH_390dd1408bf04077a205fb4c4b69a4d9/gnocchi.71245f7a-f5ee-4ef6-af9f-657abc4afc36/none_v3" 200 22 "GET http://172.18.0.2:8080/v1/AUTH_390dd1408bf04077a205fb4c4b69a4d9/gnocchi.71245f7a-f5ee-4ef6-af9f-657abc4afc36/none_v3" "tx20eb10e8d23149b58e33a-00692d6c3b" "proxy-server 20" 0.0015 "-" 21 0
Dec 1 10:21:47 standalone proxy-server[129981]: 172.18.0.2 172.18.0.100 01/Dec/2025/10/21/47 GET /v1/AUTH_390dd1408bf04077a205fb4c4b69a4d9/gnocchi.71245f7a-f5ee-4ef6-af9f-657abc4afc36/none_v3 HTTP/1.0 200 - python-swiftclient-3.11.1 gAAAAABpLWwde6ma... - 22 - tx20eb10e8d23149b58e33a-00692d6c3b - 0.0162 - - 1764584507.465550661 1764584507.481775045 0
Dec 1 10:21:47 standalone container-server[127852]: 172.20.0.100 - - [01/Dec/2025:10:21:47 +0000] "GET /d1/974/AUTH_390dd1408bf04077a205fb4c4b69a4d9/gnocchi.71245f7a-f5ee-4ef6-af9f-657abc4afc36" 200 357 "GET http://172.18.0.2:8080/v1/AUTH_390dd1408bf04077a205fb4c4b69a4d9/gnocchi.71245f7a-f5ee-4ef6-af9f-657abc4afc36?format=json&states=listing" "txf65a85427e504a58869ca-00692d6c3b" "proxy-server 20" 0.0324 "-" 18 0
Dec 1 10:21:47 standalone proxy-server[129981]: 172.18.0.2 172.18.0.100 01/Dec/2025/10/21/47 GET /v1/AUTH_390dd1408bf04077a205fb4c4b69a4d9/gnocchi.71245f7a-f5ee-4ef6-af9f-657abc4afc36%3Fformat%3Djson%26states%3Dlisting HTTP/1.0 200 - python-swiftclient-3.11.1 gAAAAABpLWwde6ma... - 357 - txf65a85427e504a58869ca-00692d6c3b - 0.0465 - - 1764584507.485996962 1764584507.532513380 0
Dec 1 10:21:47 standalone container-server[127872]: 172.20.0.100 - - [01/Dec/2025:10:21:47 +0000] "GET /d1/974/AUTH_390dd1408bf04077a205fb4c4b69a4d9/gnocchi.71245f7a-f5ee-4ef6-af9f-657abc4afc36" 200 2 "GET http://172.18.0.2:8080/v1/AUTH_390dd1408bf04077a205fb4c4b69a4d9/gnocchi.71245f7a-f5ee-4ef6-af9f-657abc4afc36?format=json&marker=none_v3&states=listing" "txc825c1a5b899486091330-00692d6c3b" "proxy-server 20" 0.0042 "-" 21 0
Dec 1 10:21:47 standalone proxy-server[129981]: 172.18.0.2 172.18.0.100 01/Dec/2025/10/21/47 GET /v1/AUTH_390dd1408bf04077a205fb4c4b69a4d9/gnocchi.71245f7a-f5ee-4ef6-af9f-657abc4afc36%3Fformat%3Djson%26marker%3Dnone_v3%26states%3Dlisting HTTP/1.0 200 - python-swiftclient-3.11.1 gAAAAABpLWwde6ma... - 2 - txc825c1a5b899486091330-00692d6c3b - 0.0113 - - 1764584507.535305500 1764584507.546582460 0
Dec 1 10:21:47 standalone object-server[128046]: 172.20.0.100 - - [01/Dec/2025:10:21:47 +0000] "GET /d1/66/AUTH_390dd1408bf04077a205fb4c4b69a4d9/gnocchi.71245f7a-f5ee-4ef6-af9f-657abc4afc36/1763640000.0_mean_300.0_v3" 200 16 "GET http://172.18.0.2:8080/v1/AUTH_390dd1408bf04077a205fb4c4b69a4d9/gnocchi.71245f7a-f5ee-4ef6-af9f-657abc4afc36/1763640000.0_mean_300.0_v3" "txeeccdce12b4b43548d061-00692d6c3b" "proxy-server 20" 0.0011 "-" 21 0
Dec 1 10:21:47 standalone proxy-server[129981]: 172.18.0.2 172.18.0.100 01/Dec/2025/10/21/47 GET /v1/AUTH_390dd1408bf04077a205fb4c4b69a4d9/gnocchi.71245f7a-f5ee-4ef6-af9f-657abc4afc36/1763640000.0_mean_300.0_v3 HTTP/1.0 200 - python-swiftclient-3.11.1 gAAAAABpLWwde6ma... - 16 - txeeccdce12b4b43548d061-00692d6c3b - 0.0076 - - 1764584507.551572800 1764584507.559182405 0
Dec 1 10:21:47 standalone container-server[127872]: 172.20.0.100 - - [01/Dec/2025:10:21:47 +0000] "PUT /d1/974/AUTH_390dd1408bf04077a205fb4c4b69a4d9/gnocchi.71245f7a-f5ee-4ef6-af9f-657abc4afc36/1763640000.0_mean_300.0_v3" 201 - "PUT http://172.18.0.2:8080/d1/66/AUTH_390dd1408bf04077a205fb4c4b69a4d9/gnocchi.71245f7a-f5ee-4ef6-af9f-657abc4afc36/1763640000.0_mean_300.0_v3" "txe27a38a6f5824b03afc92-00692d6c3b" "object-server 20" 0.0007 "-" 21 0
Dec 1 10:21:47 standalone object-server[128045]: 172.20.0.100 - - [01/Dec/2025:10:21:47 +0000] "PUT /d1/66/AUTH_390dd1408bf04077a205fb4c4b69a4d9/gnocchi.71245f7a-f5ee-4ef6-af9f-657abc4afc36/1763640000.0_mean_300.0_v3" 201 - "PUT http://172.18.0.2:8080/v1/AUTH_390dd1408bf04077a205fb4c4b69a4d9/gnocchi.71245f7a-f5ee-4ef6-af9f-657abc4afc36/1763640000.0_mean_300.0_v3" "txe27a38a6f5824b03afc92-00692d6c3b" "proxy-server 20" 0.0360 "-" 20 0
Dec 1 10:21:47 standalone proxy-server[129981]: 172.18.0.2 172.18.0.100 01/Dec/2025/10/21/47 PUT /v1/AUTH_390dd1408bf04077a205fb4c4b69a4d9/gnocchi.71245f7a-f5ee-4ef6-af9f-657abc4afc36/1763640000.0_mean_300.0_v3 HTTP/1.0 201 - python-swiftclient-3.11.1 gAAAAABpLWwde6ma... 16 - - txe27a38a6f5824b03afc92-00692d6c3b - 0.0416 - - 1764584507.561897516 1764584507.603507280 0
Dec 1 10:21:47 standalone container-server[127841]: 172.20.0.100 - - [01/Dec/2025:10:21:47 +0000] "PUT /d1/974/AUTH_390dd1408bf04077a205fb4c4b69a4d9/gnocchi.71245f7a-f5ee-4ef6-af9f-657abc4afc36/none_v3" 201 - "PUT http://172.18.0.2:8080/d1/732/AUTH_390dd1408bf04077a205fb4c4b69a4d9/gnocchi.71245f7a-f5ee-4ef6-af9f-657abc4afc36/none_v3" "tx426431cbf64b4706bc2cb-00692d6c3b" "object-server 20" 0.0008 "-" 17 0
Dec 1 10:21:47 standalone object-server[128045]: 172.20.0.100 - - [01/Dec/2025:10:21:47 +0000] "PUT /d1/732/AUTH_390dd1408bf04077a205fb4c4b69a4d9/gnocchi.71245f7a-f5ee-4ef6-af9f-657abc4afc36/none_v3" 201 - "PUT http://172.18.0.2:8080/v1/AUTH_390dd1408bf04077a205fb4c4b69a4d9/gnocchi.71245f7a-f5ee-4ef6-af9f-657abc4afc36/none_v3" "tx426431cbf64b4706bc2cb-00692d6c3b" "proxy-server 20" 0.0172 "-" 20 0
Dec 1 10:21:47 standalone proxy-server[129981]: 172.18.0.2 172.18.0.100 01/Dec/2025/10/21/47 PUT /v1/AUTH_390dd1408bf04077a205fb4c4b69a4d9/gnocchi.71245f7a-f5ee-4ef6-af9f-657abc4afc36/none_v3 HTTP/1.0 201 - python-swiftclient-3.11.1 gAAAAABpLWwde6ma... 32 - - tx426431cbf64b4706bc2cb-00692d6c3b - 0.0234 - - 1764584507.607096434 1764584507.630447388 0
Dec 1 10:22:01 standalone account-server[127876]: 172.20.0.100 - - [01/Dec/2025:10:22:01 +0000] "HEAD /d1/1011/.expiring_objects" 404 - "HEAD http://localhost/v1/.expiring_objects?format=json" "tx08d43823420349d89568d-00692d6c49" "proxy-server 2" 0.0003 "-" 21 -
Dec 1 10:22:01 standalone object-expirer[127838]: Pass completed in 0s; 0 objects expired (txn: tx08d43823420349d89568d-00692d6c49)
Dec 1 10:22:18 standalone account-server[127886]: 172.20.0.100 - - [01/Dec/2025:10:22:18 +0000] "HEAD /d1/340/AUTH_390dd1408bf04077a205fb4c4b69a4d9" 204 - "HEAD http://172.18.0.2:8080/v1/AUTH_390dd1408bf04077a205fb4c4b69a4d9?format=json" "txe1f2eee4b824415b99a1f-00692d6c5a" "proxy-server 20" 0.0148 "-" 22 -
Dec 1 10:22:18 standalone proxy-server[129981]: - - 01/Dec/2025/10/22/18 HEAD /v1/AUTH_390dd1408bf04077a205fb4c4b69a4d9%3Fformat%3Djson HTTP/1.0 204 - Swift - - - - txe1f2eee4b824415b99a1f-00692d6c5a - 0.0180 RL - 1764584538.541916609 1764584538.559902191 -
Dec 1 10:22:18 standalone container-server[127872]: 172.20.0.100 - - [01/Dec/2025:10:22:18 +0000] "HEAD /d1/800/AUTH_390dd1408bf04077a205fb4c4b69a4d9/gnocchi.381fa026-66b0-4855-8464-efad54d88127" 404 - "HEAD http://172.18.0.2:8080/v1/AUTH_390dd1408bf04077a205fb4c4b69a4d9/gnocchi.381fa026-66b0-4855-8464-efad54d88127?format=json&states=listing" "txe1f2eee4b824415b99a1f-00692d6c5a" "proxy-server 20" 0.0005 "-" 21 0
Dec 1 10:22:18 standalone object-server[128045]: 172.20.0.100 - - [01/Dec/2025:10:22:18 +0000] "GET /d1/335/AUTH_390dd1408bf04077a205fb4c4b69a4d9/gnocchi.381fa026-66b0-4855-8464-efad54d88127/none_v3" 404 70 "GET http://172.18.0.2:8080/v1/AUTH_390dd1408bf04077a205fb4c4b69a4d9/gnocchi.381fa026-66b0-4855-8464-efad54d88127/none_v3" "txe1f2eee4b824415b99a1f-00692d6c5a" "proxy-server 20" 0.0005 "-" 20 0
Dec 1 10:22:18 standalone proxy-server[129981]: 172.18.0.2 172.18.0.100 01/Dec/2025/10/22/18 GET /v1/AUTH_390dd1408bf04077a205fb4c4b69a4d9/gnocchi.381fa026-66b0-4855-8464-efad54d88127/none_v3 HTTP/1.0 404 - python-swiftclient-3.11.1 gAAAAABpLWwde6ma... - 70 - txe1f2eee4b824415b99a1f-00692d6c5a - 0.0283 - - 1764584538.541162252 1764584538.569471836 0
Dec 1 10:22:18 standalone account-server[127873]: 172.20.0.100 - - [01/Dec/2025:10:22:18 +0000] "PUT /d1/340/AUTH_390dd1408bf04077a205fb4c4b69a4d9/gnocchi.381fa026-66b0-4855-8464-efad54d88127" 201 - "PUT http://172.20.0.100:6001/d1/800/AUTH_390dd1408bf04077a205fb4c4b69a4d9/gnocchi.381fa026-66b0-4855-8464-efad54d88127" "tx32191016668547fcade05-00692d6c5a" "container-server 21" 0.0018 "-" 20 0
Dec 1 10:22:18 standalone container-server[127872]: 172.20.0.100 - - [01/Dec/2025:10:22:18 +0000] "PUT /d1/800/AUTH_390dd1408bf04077a205fb4c4b69a4d9/gnocchi.381fa026-66b0-4855-8464-efad54d88127" 201 - "PUT http://172.18.0.2:8080/v1/AUTH_390dd1408bf04077a205fb4c4b69a4d9/gnocchi.381fa026-66b0-4855-8464-efad54d88127" "tx32191016668547fcade05-00692d6c5a" "proxy-server 20" 0.0122 "-" 21 0
Dec 1 10:22:18 standalone proxy-server[129981]: 172.18.0.2 172.18.0.100 01/Dec/2025/10/22/18 PUT /v1/AUTH_390dd1408bf04077a205fb4c4b69a4d9/gnocchi.381fa026-66b0-4855-8464-efad54d88127 HTTP/1.0 201 - python-swiftclient-3.11.1 gAAAAABpLWwde6ma... - - - tx32191016668547fcade05-00692d6c5a - 0.0178 - - 1764584538.574940681 1764584538.592698336 0
Dec 1 10:22:18 standalone container-server[127877]: 172.20.0.100 - - [01/Dec/2025:10:22:18 +0000] "HEAD /d1/800/AUTH_390dd1408bf04077a205fb4c4b69a4d9/gnocchi.381fa026-66b0-4855-8464-efad54d88127" 204 - "HEAD http://172.18.0.2:8080/v1/AUTH_390dd1408bf04077a205fb4c4b69a4d9/gnocchi.381fa026-66b0-4855-8464-efad54d88127?format=json&states=listing" "tx0037511544d5460a9e5ce-00692d6c5a" "proxy-server 20" 0.0012 "-" 22 0
Dec 1 10:22:18 standalone proxy-server[129981]: - - 01/Dec/2025/10/22/18 HEAD /v1/AUTH_390dd1408bf04077a205fb4c4b69a4d9/gnocchi.381fa026-66b0-4855-8464-efad54d88127%3Fformat%3Djson%26states%3Dlisting HTTP/1.0 204 - Swift - - - - tx0037511544d5460a9e5ce-00692d6c5a - 0.0040 RL - 1764584538.596230984 1764584538.600253582 0
Dec 1 10:22:18 standalone container-server[127872]: 172.20.0.100 - - [01/Dec/2025:10:22:18 +0000] "GET /d1/800/AUTH_390dd1408bf04077a205fb4c4b69a4d9/gnocchi.381fa026-66b0-4855-8464-efad54d88127" 200 2 "GET http://172.18.0.2:8080/v1/AUTH_390dd1408bf04077a205fb4c4b69a4d9/gnocchi.381fa026-66b0-4855-8464-efad54d88127?format=json&states=listing" "tx0037511544d5460a9e5ce-00692d6c5a" "proxy-server 20" 0.0015 "-" 21 0
Dec 1 10:22:18 standalone proxy-server[129981]: 172.18.0.2 172.18.0.100 01/Dec/2025/10/22/18 GET /v1/AUTH_390dd1408bf04077a205fb4c4b69a4d9/gnocchi.381fa026-66b0-4855-8464-efad54d88127%3Fformat%3Djson%26states%3Dlisting HTTP/1.0 200 - python-swiftclient-3.11.1 gAAAAABpLWwde6ma... - 2 - tx0037511544d5460a9e5ce-00692d6c5a - 0.0109 - - 1764584538.595321655 1764584538.606202126 0
Dec 1 10:22:18 standalone object-server[128048]: 172.20.0.100 - - [01/Dec/2025:10:22:18 +0000] "GET /d1/401/AUTH_390dd1408bf04077a205fb4c4b69a4d9/gnocchi.381fa026-66b0-4855-8464-efad54d88127/1763640000.0_mean_300.0_v3" 404 70 "GET http://172.18.0.2:8080/v1/AUTH_390dd1408bf04077a205fb4c4b69a4d9/gnocchi.381fa026-66b0-4855-8464-efad54d88127/1763640000.0_mean_300.0_v3" "tx9bd5fd4e0df14567999c7-00692d6c5a" "proxy-server 20" 0.0003 "-" 23 0
Dec 1 10:22:18 standalone proxy-server[129981]: 172.18.0.2 172.18.0.100 01/Dec/2025/10/22/18 GET /v1/AUTH_390dd1408bf04077a205fb4c4b69a4d9/gnocchi.381fa026-66b0-4855-8464-efad54d88127/1763640000.0_mean_300.0_v3 HTTP/1.0 404 - python-swiftclient-3.11.1 gAAAAABpLWwde6ma... - 70 - tx9bd5fd4e0df14567999c7-00692d6c5a - 0.0063 - - 1764584538.608647585 1764584538.614934444 0
Dec 1 10:22:18 standalone container-server[127841]: 172.20.0.100 - - [01/Dec/2025:10:22:18 +0000] "PUT /d1/800/AUTH_390dd1408bf04077a205fb4c4b69a4d9/gnocchi.381fa026-66b0-4855-8464-efad54d88127/1763640000.0_mean_300.0_v3" 201 - "PUT http://172.18.0.2:8080/d1/401/AUTH_390dd1408bf04077a205fb4c4b69a4d9/gnocchi.381fa026-66b0-4855-8464-efad54d88127/1763640000.0_mean_300.0_v3" "tx633c87d777e14d8e943bd-00692d6c5a" "object-server 21" 0.0004 "-" 17 0
Dec 1 10:22:18 standalone object-server[128046]: 172.20.0.100 - - [01/Dec/2025:10:22:18 +0000] "PUT /d1/401/AUTH_390dd1408bf04077a205fb4c4b69a4d9/gnocchi.381fa026-66b0-4855-8464-efad54d88127/1763640000.0_mean_300.0_v3" 201 - "PUT http://172.18.0.2:8080/v1/AUTH_390dd1408bf04077a205fb4c4b69a4d9/gnocchi.381fa026-66b0-4855-8464-efad54d88127/1763640000.0_mean_300.0_v3" "tx633c87d777e14d8e943bd-00692d6c5a" "proxy-server 20" 0.0264 "-" 21 0
Dec 1 10:22:18 standalone proxy-server[129981]: 172.18.0.2 172.18.0.100 01/Dec/2025/10/22/18 PUT /v1/AUTH_390dd1408bf04077a205fb4c4b69a4d9/gnocchi.381fa026-66b0-4855-8464-efad54d88127/1763640000.0_mean_300.0_v3 HTTP/1.0 201 - python-swiftclient-3.11.1 gAAAAABpLWwde6ma... 16 - - tx633c87d777e14d8e943bd-00692d6c5a - 0.0303 - - 1764584538.616870403 1764584538.647162199 0
Dec 1 10:22:18 standalone container-server[127877]: 172.20.0.100 - - [01/Dec/2025:10:22:18 +0000] "PUT /d1/800/AUTH_390dd1408bf04077a205fb4c4b69a4d9/gnocchi.381fa026-66b0-4855-8464-efad54d88127/none_v3" 201 - "PUT http://172.18.0.2:8080/d1/335/AUTH_390dd1408bf04077a205fb4c4b69a4d9/gnocchi.381fa026-66b0-4855-8464-efad54d88127/none_v3" "tx10aac7303d944279801d9-00692d6c5a" "object-server 20" 0.0007 "-" 22 0
Dec 1 10:22:18 standalone object-server[128045]: 172.20.0.100 - - [01/Dec/2025:10:22:18 +0000] "PUT /d1/335/AUTH_390dd1408bf04077a205fb4c4b69a4d9/gnocchi.381fa026-66b0-4855-8464-efad54d88127/none_v3" 201 - "PUT http://172.18.0.2:8080/v1/AUTH_390dd1408bf04077a205fb4c4b69a4d9/gnocchi.381fa026-66b0-4855-8464-efad54d88127/none_v3" "tx10aac7303d944279801d9-00692d6c5a" "proxy-server 20" 0.0130 "-" 20 0
Dec 1 10:22:18 standalone proxy-server[129981]: 172.18.0.2 172.18.0.100 01/Dec/2025/10/22/18 PUT /v1/AUTH_390dd1408bf04077a205fb4c4b69a4d9/gnocchi.381fa026-66b0-4855-8464-efad54d88127/none_v3 HTTP/1.0 201 - python-swiftclient-3.11.1 gAAAAABpLWwde6ma... 22 - - tx10aac7303d944279801d9-00692d6c5a - 0.0193 - - 1764584538.651767254 1764584538.671064138 0
Dec 1 10:22:18 standalone container-server[127877]: 172.20.0.100 - - [01/Dec/2025:10:22:18 +0000] "HEAD /d1/735/AUTH_390dd1408bf04077a205fb4c4b69a4d9/gnocchi.92001595-b51f-4b97-b507-05df9a54e7d5" 404 - "HEAD http://172.18.0.2:8080/v1/AUTH_390dd1408bf04077a205fb4c4b69a4d9/gnocchi.92001595-b51f-4b97-b507-05df9a54e7d5?format=json&states=listing" "tx382d2e3b29644ad1a1f7c-00692d6c5a" "proxy-server 20" 0.0003 "-" 22 0
Dec 1 10:22:18 standalone object-server[128048]: 172.20.0.100 - - [01/Dec/2025:10:22:18 +0000] "GET /d1/677/AUTH_390dd1408bf04077a205fb4c4b69a4d9/gnocchi.92001595-b51f-4b97-b507-05df9a54e7d5/none_v3" 404 70 "GET http://172.18.0.2:8080/v1/AUTH_390dd1408bf04077a205fb4c4b69a4d9/gnocchi.92001595-b51f-4b97-b507-05df9a54e7d5/none_v3" "tx382d2e3b29644ad1a1f7c-00692d6c5a" "proxy-server 20" 0.0003 "-" 23 0
Dec 1 10:22:18 standalone proxy-server[129981]: 172.18.0.2 172.18.0.100 01/Dec/2025/10/22/18 GET /v1/AUTH_390dd1408bf04077a205fb4c4b69a4d9/gnocchi.92001595-b51f-4b97-b507-05df9a54e7d5/none_v3 HTTP/1.0 404 - python-swiftclient-3.11.1 gAAAAABpLWwde6ma... - 70 - tx382d2e3b29644ad1a1f7c-00692d6c5a - 0.0086 - - 1764584538.685902357 1764584538.694535255 0
Dec 1 10:22:18 standalone account-server[127876]: 172.20.0.100 - - [01/Dec/2025:10:22:18 +0000] "PUT /d1/340/AUTH_390dd1408bf04077a205fb4c4b69a4d9/gnocchi.92001595-b51f-4b97-b507-05df9a54e7d5" 201 - "PUT http://172.20.0.100:6001/d1/735/AUTH_390dd1408bf04077a205fb4c4b69a4d9/gnocchi.92001595-b51f-4b97-b507-05df9a54e7d5" "txb650e99391f447499a41f-00692d6c5a" "container-server 17" 0.0042 "-" 21 0
Dec 1 10:22:18 standalone container-server[127841]: 172.20.0.100 - - [01/Dec/2025:10:22:18 +0000] "PUT /d1/735/AUTH_390dd1408bf04077a205fb4c4b69a4d9/gnocchi.92001595-b51f-4b97-b507-05df9a54e7d5" 201 - "PUT http://172.18.0.2:8080/v1/AUTH_390dd1408bf04077a205fb4c4b69a4d9/gnocchi.92001595-b51f-4b97-b507-05df9a54e7d5" "txb650e99391f447499a41f-00692d6c5a" "proxy-server 20" 0.0125 "-" 17 0
Dec 1 10:22:18 standalone proxy-server[129981]: 172.18.0.2 172.18.0.100 01/Dec/2025/10/22/18 PUT /v1/AUTH_390dd1408bf04077a205fb4c4b69a4d9/gnocchi.92001595-b51f-4b97-b507-05df9a54e7d5 HTTP/1.0 201 - python-swiftclient-3.11.1 gAAAAABpLWwde6ma... - - - txb650e99391f447499a41f-00692d6c5a - 0.0166 - - 1764584538.697164536 1764584538.713811874 0
Dec 1 10:22:18 standalone container-server[127872]: 172.20.0.100 - - [01/Dec/2025:10:22:18 +0000] "HEAD /d1/735/AUTH_390dd1408bf04077a205fb4c4b69a4d9/gnocchi.92001595-b51f-4b97-b507-05df9a54e7d5" 204 - "HEAD http://172.18.0.2:8080/v1/AUTH_390dd1408bf04077a205fb4c4b69a4d9/gnocchi.92001595-b51f-4b97-b507-05df9a54e7d5?format=json&states=listing" "tx95d784c936914987a6998-00692d6c5a" "proxy-server 20" 0.0011 "-" 21 0
Dec 1 10:22:18 standalone proxy-server[129981]: - - 01/Dec/2025/10/22/18 HEAD /v1/AUTH_390dd1408bf04077a205fb4c4b69a4d9/gnocchi.92001595-b51f-4b97-b507-05df9a54e7d5%3Fformat%3Djson%26states%3Dlisting HTTP/1.0 204 - Swift - - - - tx95d784c936914987a6998-00692d6c5a - 0.0037 RL - 1764584538.717260122 1764584538.720917225 0
Dec 1 10:22:18 standalone container-server[127872]: 172.20.0.100 - - [01/Dec/2025:10:22:18 +0000] "GET /d1/735/AUTH_390dd1408bf04077a205fb4c4b69a4d9/gnocchi.92001595-b51f-4b97-b507-05df9a54e7d5" 200 2 "GET http://172.18.0.2:8080/v1/AUTH_390dd1408bf04077a205fb4c4b69a4d9/gnocchi.92001595-b51f-4b97-b507-05df9a54e7d5?format=json&states=listing" "tx95d784c936914987a6998-00692d6c5a" "proxy-server 20" 0.0019 "-" 21 0
Dec 1 10:22:18 standalone proxy-server[129981]: 172.18.0.2 172.18.0.100 01/Dec/2025/10/22/18 GET /v1/AUTH_390dd1408bf04077a205fb4c4b69a4d9/gnocchi.92001595-b51f-4b97-b507-05df9a54e7d5%3Fformat%3Djson%26states%3Dlisting HTTP/1.0 200 - python-swiftclient-3.11.1 gAAAAABpLWwde6ma... - 2 - tx95d784c936914987a6998-00692d6c5a - 0.0106 - - 1764584538.716442823 1764584538.727058649 0
Dec 1 10:22:18 standalone object-server[128047]: 172.20.0.100 - - [01/Dec/2025:10:22:18 +0000] "GET /d1/16/AUTH_390dd1408bf04077a205fb4c4b69a4d9/gnocchi.92001595-b51f-4b97-b507-05df9a54e7d5/1763640000.0_mean_300.0_v3" 404 70 "GET http://172.18.0.2:8080/v1/AUTH_390dd1408bf04077a205fb4c4b69a4d9/gnocchi.92001595-b51f-4b97-b507-05df9a54e7d5/1763640000.0_mean_300.0_v3" "tx800c5db06b8446529b142-00692d6c5a" "proxy-server 20" 0.0003 "-" 22 0
Dec 1 10:22:18 standalone proxy-server[129981]: 172.18.0.2 172.18.0.100 01/Dec/2025/10/22/18 GET /v1/AUTH_390dd1408bf04077a205fb4c4b69a4d9/gnocchi.92001595-b51f-4b97-b507-05df9a54e7d5/1763640000.0_mean_300.0_v3 HTTP/1.0 404 - python-swiftclient-3.11.1 gAAAAABpLWwde6ma... - 70 - tx800c5db06b8446529b142-00692d6c5a - 0.0057 - - 1764584538.729293108 1764584538.734962225 0
Dec 1 10:22:18 standalone container-server[127852]: 172.20.0.100 - - [01/Dec/2025:10:22:18 +0000] "PUT /d1/735/AUTH_390dd1408bf04077a205fb4c4b69a4d9/gnocchi.92001595-b51f-4b97-b507-05df9a54e7d5/1763640000.0_mean_300.0_v3" 201 - "PUT http://172.18.0.2:8080/d1/16/AUTH_390dd1408bf04077a205fb4c4b69a4d9/gnocchi.92001595-b51f-4b97-b507-05df9a54e7d5/1763640000.0_mean_300.0_v3" "tx31dce63250264ed3a392d-00692d6c5a" "object-server 23" 0.0005 "-" 18 0
Dec 1 10:22:18 standalone object-server[128048]: 172.20.0.100 - - [01/Dec/2025:10:22:18 +0000] "PUT /d1/16/AUTH_390dd1408bf04077a205fb4c4b69a4d9/gnocchi.92001595-b51f-4b97-b507-05df9a54e7d5/1763640000.0_mean_300.0_v3" 201 - "PUT http://172.18.0.2:8080/v1/AUTH_390dd1408bf04077a205fb4c4b69a4d9/gnocchi.92001595-b51f-4b97-b507-05df9a54e7d5/1763640000.0_mean_300.0_v3" "tx31dce63250264ed3a392d-00692d6c5a" "proxy-server 20" 0.0106 "-" 23 0
Dec 1 10:22:18 standalone proxy-server[129981]: 172.18.0.2 172.18.0.100 01/Dec/2025/10/22/18 PUT /v1/AUTH_390dd1408bf04077a205fb4c4b69a4d9/gnocchi.92001595-b51f-4b97-b507-05df9a54e7d5/1763640000.0_mean_300.0_v3 HTTP/1.0 201 - python-swiftclient-3.11.1 gAAAAABpLWwde6ma... 16 - - tx31dce63250264ed3a392d-00692d6c5a - 0.0155 - - 1764584538.737972260 1764584538.753466129 0
Dec 1 10:22:18 standalone container-server[127877]: 172.20.0.100 - - [01/Dec/2025:10:22:18 +0000] "PUT /d1/735/AUTH_390dd1408bf04077a205fb4c4b69a4d9/gnocchi.92001595-b51f-4b97-b507-05df9a54e7d5/none_v3" 201 - "PUT http://172.18.0.2:8080/d1/677/AUTH_390dd1408bf04077a205fb4c4b69a4d9/gnocchi.92001595-b51f-4b97-b507-05df9a54e7d5/none_v3" "tx4dd5fb0d2edc49f29a1dc-00692d6c5a" "object-server 21" 0.0005 "-" 22 0
Dec 1 10:22:18 standalone object-server[128046]: 172.20.0.100 - - [01/Dec/2025:10:22:18 +0000] "PUT /d1/677/AUTH_390dd1408bf04077a205fb4c4b69a4d9/gnocchi.92001595-b51f-4b97-b507-05df9a54e7d5/none_v3" 201 - "PUT http://172.18.0.2:8080/v1/AUTH_390dd1408bf04077a205fb4c4b69a4d9/gnocchi.92001595-b51f-4b97-b507-05df9a54e7d5/none_v3" "tx4dd5fb0d2edc49f29a1dc-00692d6c5a" "proxy-server 20" 0.0074 "-" 21 0
Dec 1 10:22:18 standalone proxy-server[129981]: 172.18.0.2 172.18.0.100 01/Dec/2025/10/22/18 PUT /v1/AUTH_390dd1408bf04077a205fb4c4b69a4d9/gnocchi.92001595-b51f-4b97-b507-05df9a54e7d5/none_v3 HTTP/1.0 201 - python-swiftclient-3.11.1 gAAAAABpLWwde6ma... 22 - - tx4dd5fb0d2edc49f29a1dc-00692d6c5a - 0.0112 - - 1764584538.755474091 1764584538.766694546 0
Dec 1 10:22:25 standalone container-server[127841]: 172.20.0.100 - - [01/Dec/2025:10:22:25 +0000] "HEAD /d1/66/AUTH_390dd1408bf04077a205fb4c4b69a4d9/gnocchi.94210d44-0468-477f-9f39-be63201d0c7c" 404 - "HEAD http://172.18.0.2:8080/v1/AUTH_390dd1408bf04077a205fb4c4b69a4d9/gnocchi.94210d44-0468-477f-9f39-be63201d0c7c?format=json&states=listing" "txd0b20cd52a9e4daba1ece-00692d6c61" "proxy-server 20" 0.0023 "-" 17 0
Dec 1 10:22:25 standalone object-server[128046]: 172.20.0.100 - - [01/Dec/2025:10:22:25 +0000] "GET /d1/556/AUTH_390dd1408bf04077a205fb4c4b69a4d9/gnocchi.94210d44-0468-477f-9f39-be63201d0c7c/none_v3" 404 70 "GET http://172.18.0.2:8080/v1/AUTH_390dd1408bf04077a205fb4c4b69a4d9/gnocchi.94210d44-0468-477f-9f39-be63201d0c7c/none_v3" "txd0b20cd52a9e4daba1ece-00692d6c61" "proxy-server 20" 0.0021 "-" 21 0
Dec 1 10:22:25 standalone proxy-server[129981]: 172.18.0.2 172.18.0.100 01/Dec/2025/10/22/25 GET /v1/AUTH_390dd1408bf04077a205fb4c4b69a4d9/gnocchi.94210d44-0468-477f-9f39-be63201d0c7c/none_v3 HTTP/1.0 404 - python-swiftclient-3.11.1 gAAAAABpLWwde6ma... - 70 - txd0b20cd52a9e4daba1ece-00692d6c61 - 0.0192 - - 1764584545.547504187 1764584545.566739559 0
Dec 1 10:22:25 standalone account-server[127892]: 172.20.0.100 - - [01/Dec/2025:10:22:25 +0000] "PUT /d1/340/AUTH_390dd1408bf04077a205fb4c4b69a4d9/gnocchi.94210d44-0468-477f-9f39-be63201d0c7c" 201 - "PUT http://172.20.0.100:6001/d1/66/AUTH_390dd1408bf04077a205fb4c4b69a4d9/gnocchi.94210d44-0468-477f-9f39-be63201d0c7c" "tx9efa140223884da18fba2-00692d6c61" "container-server 17" 0.0055 "-" 23 0
Dec 1 10:22:25 standalone container-server[127841]: 172.20.0.100 - - [01/Dec/2025:10:22:25 +0000] "PUT /d1/66/AUTH_390dd1408bf04077a205fb4c4b69a4d9/gnocchi.94210d44-0468-477f-9f39-be63201d0c7c" 201 - "PUT http://172.18.0.2:8080/v1/AUTH_390dd1408bf04077a205fb4c4b69a4d9/gnocchi.94210d44-0468-477f-9f39-be63201d0c7c" "tx9efa140223884da18fba2-00692d6c61" "proxy-server 20" 0.0175 "-" 17 0
Dec 1 10:22:25 standalone proxy-server[129981]: 172.18.0.2 172.18.0.100 01/Dec/2025/10/22/25 PUT /v1/AUTH_390dd1408bf04077a205fb4c4b69a4d9/gnocchi.94210d44-0468-477f-9f39-be63201d0c7c HTTP/1.0 201 - python-swiftclient-3.11.1 gAAAAABpLWwde6ma... - - - tx9efa140223884da18fba2-00692d6c61 - 0.0250 - - 1764584545.570743322 1764584545.595764875 0
Dec 1 10:22:25 standalone container-server[127852]: 172.20.0.100 - - [01/Dec/2025:10:22:25 +0000] "HEAD /d1/66/AUTH_390dd1408bf04077a205fb4c4b69a4d9/gnocchi.94210d44-0468-477f-9f39-be63201d0c7c" 204 - "HEAD http://172.18.0.2:8080/v1/AUTH_390dd1408bf04077a205fb4c4b69a4d9/gnocchi.94210d44-0468-477f-9f39-be63201d0c7c?format=json&states=listing" "txa788b2c65960496690e62-00692d6c61" "proxy-server 20" 0.0031 "-" 18 0
Dec 1 10:22:25 standalone proxy-server[129981]: - - 01/Dec/2025/10/22/25 HEAD /v1/AUTH_390dd1408bf04077a205fb4c4b69a4d9/gnocchi.94210d44-0468-477f-9f39-be63201d0c7c%3Fformat%3Djson%26states%3Dlisting HTTP/1.0 204 - Swift - - - - txa788b2c65960496690e62-00692d6c61 - 0.0082 RL - 1764584545.603623390 1764584545.611843586 0
Dec 1 10:22:25 standalone container-server[127841]: 172.20.0.100 - - [01/Dec/2025:10:22:25 +0000] "GET /d1/66/AUTH_390dd1408bf04077a205fb4c4b69a4d9/gnocchi.94210d44-0468-477f-9f39-be63201d0c7c" 200 2 "GET http://172.18.0.2:8080/v1/AUTH_390dd1408bf04077a205fb4c4b69a4d9/gnocchi.94210d44-0468-477f-9f39-be63201d0c7c?format=json&states=listing" "txa788b2c65960496690e62-00692d6c61" "proxy-server 20" 0.0030 "-" 17 0
Dec 1 10:22:25 standalone proxy-server[129981]: 172.18.0.2 172.18.0.100 01/Dec/2025/10/22/25 GET /v1/AUTH_390dd1408bf04077a205fb4c4b69a4d9/gnocchi.94210d44-0468-477f-9f39-be63201d0c7c%3Fformat%3Djson%26states%3Dlisting HTTP/1.0 200 - python-swiftclient-3.11.1 gAAAAABpLWwde6ma... - 2 - txa788b2c65960496690e62-00692d6c61 - 0.0349 - - 1764584545.602069616 1764584545.636989355 0
Dec 1 10:22:25 standalone object-server[128047]: 172.20.0.100 - - [01/Dec/2025:10:22:25 +0000] "GET /d1/798/AUTH_390dd1408bf04077a205fb4c4b69a4d9/gnocchi.94210d44-0468-477f-9f39-be63201d0c7c/1763640000.0_mean_300.0_v3" 404 70 "GET http://172.18.0.2:8080/v1/AUTH_390dd1408bf04077a205fb4c4b69a4d9/gnocchi.94210d44-0468-477f-9f39-be63201d0c7c/1763640000.0_mean_300.0_v3" "tx5e3e7303ff394c8ab699e-00692d6c61" "proxy-server 20" 0.0005 "-" 22 0
Dec 1 10:22:25 standalone proxy-server[129981]: 172.18.0.2 172.18.0.100 01/Dec/2025/10/22/25 GET /v1/AUTH_390dd1408bf04077a205fb4c4b69a4d9/gnocchi.94210d44-0468-477f-9f39-be63201d0c7c/1763640000.0_mean_300.0_v3 HTTP/1.0 404 - python-swiftclient-3.11.1 gAAAAABpLWwde6ma... - 70 - tx5e3e7303ff394c8ab699e-00692d6c61 - 0.0093 - - 1764584545.645642519 1764584545.654935598 0
Dec 1 10:22:25 standalone container-server[127841]: 172.20.0.100 - - [01/Dec/2025:10:22:25 +0000] "PUT /d1/66/AUTH_390dd1408bf04077a205fb4c4b69a4d9/gnocchi.94210d44-0468-477f-9f39-be63201d0c7c/1763640000.0_mean_300.0_v3" 201 - "PUT http://172.18.0.2:8080/d1/798/AUTH_390dd1408bf04077a205fb4c4b69a4d9/gnocchi.94210d44-0468-477f-9f39-be63201d0c7c/1763640000.0_mean_300.0_v3" "tx7e9ade1a144c447e99dea-00692d6c61" "object-server 23" 0.0008 "-" 17 0
Dec 1 10:22:25 standalone object-server[128048]: 172.20.0.100 - - [01/Dec/2025:10:22:25 +0000] "PUT /d1/798/AUTH_390dd1408bf04077a205fb4c4b69a4d9/gnocchi.94210d44-0468-477f-9f39-be63201d0c7c/1763640000.0_mean_300.0_v3" 201 - "PUT http://172.18.0.2:8080/v1/AUTH_390dd1408bf04077a205fb4c4b69a4d9/gnocchi.94210d44-0468-477f-9f39-be63201d0c7c/1763640000.0_mean_300.0_v3" "tx7e9ade1a144c447e99dea-00692d6c61" "proxy-server 20" 0.0110 "-" 23 0
Dec 1 10:22:25 standalone proxy-server[129981]: 172.18.0.2 172.18.0.100 01/Dec/2025/10/22/25 PUT /v1/AUTH_390dd1408bf04077a205fb4c4b69a4d9/gnocchi.94210d44-0468-477f-9f39-be63201d0c7c/1763640000.0_mean_300.0_v3 HTTP/1.0 201 - python-swiftclient-3.11.1 gAAAAABpLWwde6ma... 16 - - tx7e9ade1a144c447e99dea-00692d6c61 - 0.0195 - - 1764584545.660664320 1764584545.680201292 0
Dec 1 10:22:25 standalone container-server[127841]: 172.20.0.100 - - [01/Dec/2025:10:22:25 +0000] "PUT /d1/66/AUTH_390dd1408bf04077a205fb4c4b69a4d9/gnocchi.94210d44-0468-477f-9f39-be63201d0c7c/none_v3" 201 - "PUT http://172.18.0.2:8080/d1/556/AUTH_390dd1408bf04077a205fb4c4b69a4d9/gnocchi.94210d44-0468-477f-9f39-be63201d0c7c/none_v3" "tx4e46e24b96eb481faf96b-00692d6c61" "object-server 21" 0.0004 "-" 17 0
Dec 1 10:22:25 standalone object-server[128046]: 172.20.0.100 - - [01/Dec/2025:10:22:25 +0000] "PUT /d1/556/AUTH_390dd1408bf04077a205fb4c4b69a4d9/gnocchi.94210d44-0468-477f-9f39-be63201d0c7c/none_v3" 201 - "PUT http://172.18.0.2:8080/v1/AUTH_390dd1408bf04077a205fb4c4b69a4d9/gnocchi.94210d44-0468-477f-9f39-be63201d0c7c/none_v3" "tx4e46e24b96eb481faf96b-00692d6c61" "proxy-server 20" 0.0116 "-" 21 0
Dec 1 10:22:25 standalone proxy-server[129981]: 172.18.0.2 172.18.0.100 01/Dec/2025/10/22/25 PUT /v1/AUTH_390dd1408bf04077a205fb4c4b69a4d9/gnocchi.94210d44-0468-477f-9f39-be63201d0c7c/none_v3 HTTP/1.0 201 - python-swiftclient-3.11.1 gAAAAABpLWwde6ma... 22 - - tx4e46e24b96eb481faf96b-00692d6c61 - 0.0200 - - 1764584545.685810804 1764584545.705841064 0
Dec 1 10:22:25 standalone container-server[127877]: 172.20.0.100 - - [01/Dec/2025:10:22:25 +0000] "HEAD /d1/331/AUTH_390dd1408bf04077a205fb4c4b69a4d9/gnocchi.55d35323-29aa-42d6-af9e-2fb17528bae5" 404 - "HEAD http://172.18.0.2:8080/v1/AUTH_390dd1408bf04077a205fb4c4b69a4d9/gnocchi.55d35323-29aa-42d6-af9e-2fb17528bae5?format=json&states=listing" "tx6eccf76665614a23a5ca8-00692d6c61" "proxy-server 20" 0.0003 "-" 22 0
Dec 1 10:22:25 standalone object-server[128045]: 172.20.0.100 - - [01/Dec/2025:10:22:25 +0000] "GET /d1/23/AUTH_390dd1408bf04077a205fb4c4b69a4d9/gnocchi.55d35323-29aa-42d6-af9e-2fb17528bae5/none_v3" 404 70 "GET http://172.18.0.2:8080/v1/AUTH_390dd1408bf04077a205fb4c4b69a4d9/gnocchi.55d35323-29aa-42d6-af9e-2fb17528bae5/none_v3" "tx6eccf76665614a23a5ca8-00692d6c61" "proxy-server 20" 0.0005 "-" 20 0
Dec 1 10:22:25 standalone proxy-server[129981]: 172.18.0.2 172.18.0.100 01/Dec/2025/10/22/25 GET /v1/AUTH_390dd1408bf04077a205fb4c4b69a4d9/gnocchi.55d35323-29aa-42d6-af9e-2fb17528bae5/none_v3 HTTP/1.0 404 - python-swiftclient-3.11.1 gAAAAABpLWwde6ma... - 70 - tx6eccf76665614a23a5ca8-00692d6c61 - 0.0151 - - 1764584545.724842310 1764584545.739901066 0
Dec 1 10:22:25 standalone account-server[127876]: 172.20.0.100 - - [01/Dec/2025:10:22:25 +0000] "PUT /d1/340/AUTH_390dd1408bf04077a205fb4c4b69a4d9/gnocchi.55d35323-29aa-42d6-af9e-2fb17528bae5" 201 - "PUT http://172.20.0.100:6001/d1/331/AUTH_390dd1408bf04077a205fb4c4b69a4d9/gnocchi.55d35323-29aa-42d6-af9e-2fb17528bae5" "tx86ebe8a13b7e4654b0ceb-00692d6c61" "container-server 22" 0.0064 "-" 21 0
Dec 1 10:22:25 standalone container-server[127877]: 172.20.0.100 - - [01/Dec/2025:10:22:25 +0000] "PUT /d1/331/AUTH_390dd1408bf04077a205fb4c4b69a4d9/gnocchi.55d35323-29aa-42d6-af9e-2fb17528bae5" 201 - "PUT http://172.18.0.2:8080/v1/AUTH_390dd1408bf04077a205fb4c4b69a4d9/gnocchi.55d35323-29aa-42d6-af9e-2fb17528bae5" "tx86ebe8a13b7e4654b0ceb-00692d6c61" "proxy-server 20" 0.0195 "-" 22 0
Dec 1 10:22:25 standalone proxy-server[129981]: 172.18.0.2 172.18.0.100 01/Dec/2025/10/22/25 PUT /v1/AUTH_390dd1408bf04077a205fb4c4b69a4d9/gnocchi.55d35323-29aa-42d6-af9e-2fb17528bae5 HTTP/1.0 201 - python-swiftclient-3.11.1 gAAAAABpLWwde6ma... - - - tx86ebe8a13b7e4654b0ceb-00692d6c61 - 0.0263 - - 1764584545.745351076 1764584545.771691799 0
Dec 1 10:22:25 standalone container-server[127872]: 172.20.0.100 - - [01/Dec/2025:10:22:25 +0000] "HEAD /d1/331/AUTH_390dd1408bf04077a205fb4c4b69a4d9/gnocchi.55d35323-29aa-42d6-af9e-2fb17528bae5" 204 - "HEAD http://172.18.0.2:8080/v1/AUTH_390dd1408bf04077a205fb4c4b69a4d9/gnocchi.55d35323-29aa-42d6-af9e-2fb17528bae5?format=json&states=listing" "txc7abf4e7789d493cbe650-00692d6c61" "proxy-server 20" 0.0027 "-" 21 0
Dec 1 10:22:25 standalone proxy-server[129981]: - - 01/Dec/2025/10/22/25 HEAD /v1/AUTH_390dd1408bf04077a205fb4c4b69a4d9/gnocchi.55d35323-29aa-42d6-af9e-2fb17528bae5%3Fformat%3Djson%26states%3Dlisting HTTP/1.0 204 - Swift - - - - txc7abf4e7789d493cbe650-00692d6c61 - 0.0096 RL - 1764584545.778177977 1764584545.787783623 0
Dec 1 10:22:25 standalone container-server[127872]: 172.20.0.100 - - [01/Dec/2025:10:22:25 +0000] "GET /d1/331/AUTH_390dd1408bf04077a205fb4c4b69a4d9/gnocchi.55d35323-29aa-42d6-af9e-2fb17528bae5" 200 2 "GET http://172.18.0.2:8080/v1/AUTH_390dd1408bf04077a205fb4c4b69a4d9/gnocchi.55d35323-29aa-42d6-af9e-2fb17528bae5?format=json&states=listing" "txc7abf4e7789d493cbe650-00692d6c61" "proxy-server 20" 0.0026 "-" 21 0
Dec 1 10:22:25 standalone proxy-server[129981]: 172.18.0.2 172.18.0.100 01/Dec/2025/10/22/25 GET /v1/AUTH_390dd1408bf04077a205fb4c4b69a4d9/gnocchi.55d35323-29aa-42d6-af9e-2fb17528bae5%3Fformat%3Djson%26states%3Dlisting HTTP/1.0 200 - python-swiftclient-3.11.1 gAAAAABpLWwde6ma... - 2 - txc7abf4e7789d493cbe650-00692d6c61 - 0.0622 - - 1764584545.776736498 1764584545.838971376 0
Dec 1 10:22:25 standalone object-server[128047]: 172.20.0.100 - - [01/Dec/2025:10:22:25 +0000] "GET /d1/296/AUTH_390dd1408bf04077a205fb4c4b69a4d9/gnocchi.55d35323-29aa-42d6-af9e-2fb17528bae5/1763640000.0_mean_300.0_v3" 404 70 "GET http://172.18.0.2:8080/v1/AUTH_390dd1408bf04077a205fb4c4b69a4d9/gnocchi.55d35323-29aa-42d6-af9e-2fb17528bae5/1763640000.0_mean_300.0_v3" "tx4eea8ffd6f374aa3bf708-00692d6c61" "proxy-server 20" 0.0005 "-" 22 0
Dec 1 10:22:25 standalone proxy-server[129981]: 172.18.0.2 172.18.0.100 01/Dec/2025/10/22/25 GET /v1/AUTH_390dd1408bf04077a205fb4c4b69a4d9/gnocchi.55d35323-29aa-42d6-af9e-2fb17528bae5/1763640000.0_mean_300.0_v3 HTTP/1.0 404 - python-swiftclient-3.11.1 gAAAAABpLWwde6ma... - 70 - tx4eea8ffd6f374aa3bf708-00692d6c61 - 0.0075 - - 1764584545.845927238 1764584545.853386164 0
Dec 1 10:22:25 standalone container-server[127877]: 172.20.0.100 - - [01/Dec/2025:10:22:25 +0000] "PUT /d1/331/AUTH_390dd1408bf04077a205fb4c4b69a4d9/gnocchi.55d35323-29aa-42d6-af9e-2fb17528bae5/1763640000.0_mean_300.0_v3" 201 - "PUT http://172.18.0.2:8080/d1/296/AUTH_390dd1408bf04077a205fb4c4b69a4d9/gnocchi.55d35323-29aa-42d6-af9e-2fb17528bae5/1763640000.0_mean_300.0_v3" "tx11b8f4a9a73f4835b20e1-00692d6c61" "object-server 20" 0.0008 "-" 22 0
Dec 1 10:22:25 standalone object-server[128045]: 172.20.0.100 - - [01/Dec/2025:10:22:25 +0000] "PUT /d1/296/AUTH_390dd1408bf04077a205fb4c4b69a4d9/gnocchi.55d35323-29aa-42d6-af9e-2fb17528bae5/1763640000.0_mean_300.0_v3" 201 - "PUT http://172.18.0.2:8080/v1/AUTH_390dd1408bf04077a205fb4c4b69a4d9/gnocchi.55d35323-29aa-42d6-af9e-2fb17528bae5/1763640000.0_mean_300.0_v3" "tx11b8f4a9a73f4835b20e1-00692d6c61" "proxy-server 20" 0.0124 "-" 20 0
Dec 1 10:22:25 standalone proxy-server[129981]: 172.18.0.2 172.18.0.100 01/Dec/2025/10/22/25 PUT /v1/AUTH_390dd1408bf04077a205fb4c4b69a4d9/gnocchi.55d35323-29aa-42d6-af9e-2fb17528bae5/1763640000.0_mean_300.0_v3 HTTP/1.0 201 - python-swiftclient-3.11.1 gAAAAABpLWwde6ma... 16 - - tx11b8f4a9a73f4835b20e1-00692d6c61 - 0.0202 - - 1764584545.863260508 1764584545.883492470 0
