Dec 1 10:23:36 standalone container-server[127841]: 172.20.0.100 - - [01/Dec/2025:10:23:36 +0000] "HEAD /d1/855/AUTH_390dd1408bf04077a205fb4c4b69a4d9/gnocchi.52e2aec9-f2cc-4f3f-bf6f-d3dff1bf6dba" 404 - "HEAD http://172.18.0.2:8080/v1/AUTH_390dd1408bf04077a205fb4c4b69a4d9/gnocchi.52e2aec9-f2cc-4f3f-bf6f-d3dff1bf6dba?format=json&states=listing" "txb2d74dd10b884f9486006-00692d6ca8" "proxy-server 20" 0.0007 "-" 17 0
Dec 1 10:23:36 standalone object-server[128048]: 172.20.0.100 - - [01/Dec/2025:10:23:36 +0000] "GET /d1/789/AUTH_390dd1408bf04077a205fb4c4b69a4d9/gnocchi.52e2aec9-f2cc-4f3f-bf6f-d3dff1bf6dba/none_v3" 404 70 "GET http://172.18.0.2:8080/v1/AUTH_390dd1408bf04077a205fb4c4b69a4d9/gnocchi.52e2aec9-f2cc-4f3f-bf6f-d3dff1bf6dba/none_v3" "txb2d74dd10b884f9486006-00692d6ca8" "proxy-server 20" 0.0006 "-" 23 0
Dec 1 10:23:36 standalone proxy-server[129981]: 172.18.0.2 172.18.0.100 01/Dec/2025/10/23/36 GET /v1/AUTH_390dd1408bf04077a205fb4c4b69a4d9/gnocchi.52e2aec9-f2cc-4f3f-bf6f-d3dff1bf6dba/none_v3 HTTP/1.0 404 - python-swiftclient-3.11.1 gAAAAABpLWwde6ma... - 70 - txb2d74dd10b884f9486006-00692d6ca8 - 0.0108 - - 1764584616.305757999 1764584616.316598892 0
Dec 1 10:23:36 standalone account-server[127873]: 172.20.0.100 - - [01/Dec/2025:10:23:36 +0000] "PUT /d1/340/AUTH_390dd1408bf04077a205fb4c4b69a4d9/gnocchi.52e2aec9-f2cc-4f3f-bf6f-d3dff1bf6dba" 201 - "PUT http://172.20.0.100:6001/d1/855/AUTH_390dd1408bf04077a205fb4c4b69a4d9/gnocchi.52e2aec9-f2cc-4f3f-bf6f-d3dff1bf6dba" "tx2566023b27424c8290810-00692d6ca8" "container-server 22" 0.0092 "-" 20 0
Dec 1 10:23:36 standalone container-server[127877]: 172.20.0.100 - - [01/Dec/2025:10:23:36 +0000] "PUT /d1/855/AUTH_390dd1408bf04077a205fb4c4b69a4d9/gnocchi.52e2aec9-f2cc-4f3f-bf6f-d3dff1bf6dba" 201 - "PUT http://172.18.0.2:8080/v1/AUTH_390dd1408bf04077a205fb4c4b69a4d9/gnocchi.52e2aec9-f2cc-4f3f-bf6f-d3dff1bf6dba" "tx2566023b27424c8290810-00692d6ca8" "proxy-server 20" 0.0232 "-" 22 0
Dec 1 10:23:36 standalone proxy-server[129981]: 172.18.0.2 172.18.0.100 01/Dec/2025/10/23/36 PUT /v1/AUTH_390dd1408bf04077a205fb4c4b69a4d9/gnocchi.52e2aec9-f2cc-4f3f-bf6f-d3dff1bf6dba HTTP/1.0 201 - python-swiftclient-3.11.1 gAAAAABpLWwde6ma... - - - tx2566023b27424c8290810-00692d6ca8 - 0.0283 - - 1764584616.319078207 1764584616.347348452 0
Dec 1 10:23:36 standalone container-server[127841]: 172.20.0.100 - - [01/Dec/2025:10:23:36 +0000] "HEAD /d1/855/AUTH_390dd1408bf04077a205fb4c4b69a4d9/gnocchi.52e2aec9-f2cc-4f3f-bf6f-d3dff1bf6dba" 204 - "HEAD http://172.18.0.2:8080/v1/AUTH_390dd1408bf04077a205fb4c4b69a4d9/gnocchi.52e2aec9-f2cc-4f3f-bf6f-d3dff1bf6dba?format=json&states=listing" "tx0c1b52ec4f4f4225aecd1-00692d6ca8" "proxy-server 20" 0.0038 "-" 17 0
Dec 1 10:23:36 standalone proxy-server[129981]: - - 01/Dec/2025/10/23/36 HEAD /v1/AUTH_390dd1408bf04077a205fb4c4b69a4d9/gnocchi.52e2aec9-f2cc-4f3f-bf6f-d3dff1bf6dba%3Fformat%3Djson%26states%3Dlisting HTTP/1.0 204 - Swift - - - - tx0c1b52ec4f4f4225aecd1-00692d6ca8 - 0.0124 RL - 1764584616.352203846 1764584616.364558697 0
Dec 1 10:23:36 standalone container-server[127872]: 172.20.0.100 - - [01/Dec/2025:10:23:36 +0000] "GET /d1/855/AUTH_390dd1408bf04077a205fb4c4b69a4d9/gnocchi.52e2aec9-f2cc-4f3f-bf6f-d3dff1bf6dba" 200 2 "GET http://172.18.0.2:8080/v1/AUTH_390dd1408bf04077a205fb4c4b69a4d9/gnocchi.52e2aec9-f2cc-4f3f-bf6f-d3dff1bf6dba?format=json&states=listing" "tx0c1b52ec4f4f4225aecd1-00692d6ca8" "proxy-server 20" 0.0031 "-" 21 0
Dec 1 10:23:36 standalone proxy-server[129981]: 172.18.0.2 172.18.0.100 01/Dec/2025/10/23/36 GET /v1/AUTH_390dd1408bf04077a205fb4c4b69a4d9/gnocchi.52e2aec9-f2cc-4f3f-bf6f-d3dff1bf6dba%3Fformat%3Djson%26states%3Dlisting HTTP/1.0 200 - python-swiftclient-3.11.1 gAAAAABpLWwde6ma... - 2 - tx0c1b52ec4f4f4225aecd1-00692d6ca8 - 0.0270 - - 1764584616.350909472 1764584616.377876997 0
Dec 1 10:23:36 standalone object-server[128045]: 172.20.0.100 - - [01/Dec/2025:10:23:36 +0000] "GET /d1/809/AUTH_390dd1408bf04077a205fb4c4b69a4d9/gnocchi.52e2aec9-f2cc-4f3f-bf6f-d3dff1bf6dba/1763640000.0_mean_300.0_v3" 404 70 "GET http://172.18.0.2:8080/v1/AUTH_390dd1408bf04077a205fb4c4b69a4d9/gnocchi.52e2aec9-f2cc-4f3f-bf6f-d3dff1bf6dba/1763640000.0_mean_300.0_v3" "tx68c2964f4f9d4e72946c0-00692d6ca8" "proxy-server 20" 0.0004 "-" 20 0
Dec 1 10:23:36 standalone proxy-server[129981]: 172.18.0.2 172.18.0.100 01/Dec/2025/10/23/36 GET /v1/AUTH_390dd1408bf04077a205fb4c4b69a4d9/gnocchi.52e2aec9-f2cc-4f3f-bf6f-d3dff1bf6dba/1763640000.0_mean_300.0_v3 HTTP/1.0 404 - python-swiftclient-3.11.1 gAAAAABpLWwde6ma... - 70 - tx68c2964f4f9d4e72946c0-00692d6ca8 - 0.0053 - - 1764584616.381258488 1764584616.386534929 0
Dec 1 10:23:36 standalone container-server[127877]: 172.20.0.100 - - [01/Dec/2025:10:23:36 +0000] "PUT /d1/855/AUTH_390dd1408bf04077a205fb4c4b69a4d9/gnocchi.52e2aec9-f2cc-4f3f-bf6f-d3dff1bf6dba/1763640000.0_mean_300.0_v3" 201 - "PUT http://172.18.0.2:8080/d1/809/AUTH_390dd1408bf04077a205fb4c4b69a4d9/gnocchi.52e2aec9-f2cc-4f3f-bf6f-d3dff1bf6dba/1763640000.0_mean_300.0_v3" "tx9534fb06b6324de0a44df-00692d6ca8" "object-server 21" 0.0006 "-" 22 0
Dec 1 10:23:36 standalone object-server[128046]: 172.20.0.100 - - [01/Dec/2025:10:23:36 +0000] "PUT /d1/809/AUTH_390dd1408bf04077a205fb4c4b69a4d9/gnocchi.52e2aec9-f2cc-4f3f-bf6f-d3dff1bf6dba/1763640000.0_mean_300.0_v3" 201 - "PUT http://172.18.0.2:8080/v1/AUTH_390dd1408bf04077a205fb4c4b69a4d9/gnocchi.52e2aec9-f2cc-4f3f-bf6f-d3dff1bf6dba/1763640000.0_mean_300.0_v3" "tx9534fb06b6324de0a44df-00692d6ca8" "proxy-server 20" 0.0129 "-" 21 0
Dec 1 10:23:36 standalone proxy-server[129981]: 172.18.0.2 172.18.0.100 01/Dec/2025/10/23/36 PUT /v1/AUTH_390dd1408bf04077a205fb4c4b69a4d9/gnocchi.52e2aec9-f2cc-4f3f-bf6f-d3dff1bf6dba/1763640000.0_mean_300.0_v3 HTTP/1.0 201 - python-swiftclient-3.11.1 gAAAAABpLWwde6ma... 16 - - tx9534fb06b6324de0a44df-00692d6ca8 - 0.0192 - - 1764584616.389002800 1764584616.408196211 0
Dec 1 10:23:36 standalone container-server[127852]: 172.20.0.100 - - [01/Dec/2025:10:23:36 +0000] "PUT /d1/855/AUTH_390dd1408bf04077a205fb4c4b69a4d9/gnocchi.52e2aec9-f2cc-4f3f-bf6f-d3dff1bf6dba/none_v3" 201 - "PUT http://172.18.0.2:8080/d1/789/AUTH_390dd1408bf04077a205fb4c4b69a4d9/gnocchi.52e2aec9-f2cc-4f3f-bf6f-d3dff1bf6dba/none_v3" "txd676ca05effc408a9403a-00692d6ca8" "object-server 20" 0.0005 "-" 18 0
Dec 1 10:23:36 standalone object-server[128045]: 172.20.0.100 - - [01/Dec/2025:10:23:36 +0000] "PUT /d1/789/AUTH_390dd1408bf04077a205fb4c4b69a4d9/gnocchi.52e2aec9-f2cc-4f3f-bf6f-d3dff1bf6dba/none_v3" 201 - "PUT http://172.18.0.2:8080/v1/AUTH_390dd1408bf04077a205fb4c4b69a4d9/gnocchi.52e2aec9-f2cc-4f3f-bf6f-d3dff1bf6dba/none_v3" "txd676ca05effc408a9403a-00692d6ca8" "proxy-server 20" 0.0093 "-" 20 0
Dec 1 10:23:36 standalone proxy-server[129981]: 172.18.0.2 172.18.0.100 01/Dec/2025/10/23/36 PUT /v1/AUTH_390dd1408bf04077a205fb4c4b69a4d9/gnocchi.52e2aec9-f2cc-4f3f-bf6f-d3dff1bf6dba/none_v3 HTTP/1.0 201 - python-swiftclient-3.11.1 gAAAAABpLWwde6ma... 22 - - txd676ca05effc408a9403a-00692d6ca8 - 0.0149 - - 1764584616.411199570 1764584616.426146269 0
Dec 1 10:23:36 standalone container-server[127872]: 172.20.0.100 - - [01/Dec/2025:10:23:36 +0000] "HEAD /d1/230/AUTH_390dd1408bf04077a205fb4c4b69a4d9/gnocchi.0baa42e8-83b0-4bbb-a598-2d42e5dfdbd9" 404 - "HEAD http://172.18.0.2:8080/v1/AUTH_390dd1408bf04077a205fb4c4b69a4d9/gnocchi.0baa42e8-83b0-4bbb-a598-2d42e5dfdbd9?format=json&states=listing" "tx4931dc821210417db6c48-00692d6ca8" "proxy-server 20" 0.0010 "-" 21 0
Dec 1 10:23:36 standalone object-server[128046]: 172.20.0.100 - - [01/Dec/2025:10:23:36 +0000] "GET /d1/733/AUTH_390dd1408bf04077a205fb4c4b69a4d9/gnocchi.0baa42e8-83b0-4bbb-a598-2d42e5dfdbd9/none_v3" 404 70 "GET http://172.18.0.2:8080/v1/AUTH_390dd1408bf04077a205fb4c4b69a4d9/gnocchi.0baa42e8-83b0-4bbb-a598-2d42e5dfdbd9/none_v3" "tx4931dc821210417db6c48-00692d6ca8" "proxy-server 20" 0.0006 "-" 21 0
Dec 1 10:23:36 standalone proxy-server[129981]: 172.18.0.2 172.18.0.100 01/Dec/2025/10/23/36 GET /v1/AUTH_390dd1408bf04077a205fb4c4b69a4d9/gnocchi.0baa42e8-83b0-4bbb-a598-2d42e5dfdbd9/none_v3 HTTP/1.0 404 - python-swiftclient-3.11.1 gAAAAABpLWwde6ma... - 70 - tx4931dc821210417db6c48-00692d6ca8 - 0.0117 - - 1764584616.436467409 1764584616.448212385 0
Dec 1 10:23:36 standalone account-server[127892]: 172.20.0.100 - - [01/Dec/2025:10:23:36 +0000] "PUT /d1/340/AUTH_390dd1408bf04077a205fb4c4b69a4d9/gnocchi.0baa42e8-83b0-4bbb-a598-2d42e5dfdbd9" 201 - "PUT http://172.20.0.100:6001/d1/230/AUTH_390dd1408bf04077a205fb4c4b69a4d9/gnocchi.0baa42e8-83b0-4bbb-a598-2d42e5dfdbd9" "tx63a95d9764064106a58fb-00692d6ca8" "container-server 17" 0.0051 "-" 23 0
Dec 1 10:23:36 standalone container-server[127841]: 172.20.0.100 - - [01/Dec/2025:10:23:36 +0000] "PUT /d1/230/AUTH_390dd1408bf04077a205fb4c4b69a4d9/gnocchi.0baa42e8-83b0-4bbb-a598-2d42e5dfdbd9" 201 - "PUT http://172.18.0.2:8080/v1/AUTH_390dd1408bf04077a205fb4c4b69a4d9/gnocchi.0baa42e8-83b0-4bbb-a598-2d42e5dfdbd9" "tx63a95d9764064106a58fb-00692d6ca8" "proxy-server 20" 0.0186 "-" 17 0
Dec 1 10:23:36 standalone proxy-server[129981]: 172.18.0.2 172.18.0.100 01/Dec/2025/10/23/36 PUT /v1/AUTH_390dd1408bf04077a205fb4c4b69a4d9/gnocchi.0baa42e8-83b0-4bbb-a598-2d42e5dfdbd9 HTTP/1.0 201 - python-swiftclient-3.11.1 gAAAAABpLWwde6ma... - - - tx63a95d9764064106a58fb-00692d6ca8 - 0.0236 - - 1764584616.450395346 1764584616.473985195 0
Dec 1 10:23:36 standalone container-server[127872]: 172.20.0.100 - - [01/Dec/2025:10:23:36 +0000] "HEAD /d1/230/AUTH_390dd1408bf04077a205fb4c4b69a4d9/gnocchi.0baa42e8-83b0-4bbb-a598-2d42e5dfdbd9" 204 - "HEAD http://172.18.0.2:8080/v1/AUTH_390dd1408bf04077a205fb4c4b69a4d9/gnocchi.0baa42e8-83b0-4bbb-a598-2d42e5dfdbd9?format=json&states=listing" "txeeed4e11350746e580d0c-00692d6ca8" "proxy-server 20" 0.0036 "-" 21 0
Dec 1 10:23:36 standalone proxy-server[129981]: - - 01/Dec/2025/10/23/36 HEAD /v1/AUTH_390dd1408bf04077a205fb4c4b69a4d9/gnocchi.0baa42e8-83b0-4bbb-a598-2d42e5dfdbd9%3Fformat%3Djson%26states%3Dlisting HTTP/1.0 204 - Swift - - - - txeeed4e11350746e580d0c-00692d6ca8 - 0.0082 RL - 1764584616.477986097 1764584616.486197710 0
Dec 1 10:23:36 standalone container-server[127852]: 172.20.0.100 - - [01/Dec/2025:10:23:36 +0000] "GET /d1/230/AUTH_390dd1408bf04077a205fb4c4b69a4d9/gnocchi.0baa42e8-83b0-4bbb-a598-2d42e5dfdbd9" 200 2 "GET http://172.18.0.2:8080/v1/AUTH_390dd1408bf04077a205fb4c4b69a4d9/gnocchi.0baa42e8-83b0-4bbb-a598-2d42e5dfdbd9?format=json&states=listing" "txeeed4e11350746e580d0c-00692d6ca8" "proxy-server 20" 0.0016 "-" 18 0
Dec 1 10:23:36 standalone proxy-server[129981]: 172.18.0.2 172.18.0.100 01/Dec/2025/10/23/36 GET /v1/AUTH_390dd1408bf04077a205fb4c4b69a4d9/gnocchi.0baa42e8-83b0-4bbb-a598-2d42e5dfdbd9%3Fformat%3Djson%26states%3Dlisting HTTP/1.0 200 - python-swiftclient-3.11.1 gAAAAABpLWwde6ma... - 2 - txeeed4e11350746e580d0c-00692d6ca8 - 0.0177 - - 1764584616.476810455 1764584616.494471073 0
Dec 1 10:23:36 standalone object-server[128048]: 172.20.0.100 - - [01/Dec/2025:10:23:36 +0000] "GET /d1/929/AUTH_390dd1408bf04077a205fb4c4b69a4d9/gnocchi.0baa42e8-83b0-4bbb-a598-2d42e5dfdbd9/1763640000.0_mean_300.0_v3" 404 70 "GET http://172.18.0.2:8080/v1/AUTH_390dd1408bf04077a205fb4c4b69a4d9/gnocchi.0baa42e8-83b0-4bbb-a598-2d42e5dfdbd9/1763640000.0_mean_300.0_v3" "tx2b74bf4f45004b08a87e5-00692d6ca8" "proxy-server 20" 0.0004 "-" 23 0
Dec 1 10:23:36 standalone proxy-server[129981]: 172.18.0.2 172.18.0.100 01/Dec/2025/10/23/36 GET /v1/AUTH_390dd1408bf04077a205fb4c4b69a4d9/gnocchi.0baa42e8-83b0-4bbb-a598-2d42e5dfdbd9/1763640000.0_mean_300.0_v3 HTTP/1.0 404 - python-swiftclient-3.11.1 gAAAAABpLWwde6ma... - 70 - tx2b74bf4f45004b08a87e5-00692d6ca8 - 0.0083 - - 1764584616.497488976 1764584616.505807161 0
Dec 1 10:23:36 standalone container-server[127841]: 172.20.0.100 - - [01/Dec/2025:10:23:36 +0000] "PUT /d1/230/AUTH_390dd1408bf04077a205fb4c4b69a4d9/gnocchi.0baa42e8-83b0-4bbb-a598-2d42e5dfdbd9/1763640000.0_mean_300.0_v3" 201 - "PUT http://172.18.0.2:8080/d1/929/AUTH_390dd1408bf04077a205fb4c4b69a4d9/gnocchi.0baa42e8-83b0-4bbb-a598-2d42e5dfdbd9/1763640000.0_mean_300.0_v3" "tx63d0f951d16f4406b1869-00692d6ca8" "object-server 22" 0.0009 "-" 17 0
Dec 1 10:23:36 standalone object-server[128047]: 172.20.0.100 - - [01/Dec/2025:10:23:36 +0000] "PUT /d1/929/AUTH_390dd1408bf04077a205fb4c4b69a4d9/gnocchi.0baa42e8-83b0-4bbb-a598-2d42e5dfdbd9/1763640000.0_mean_300.0_v3" 201 - "PUT http://172.18.0.2:8080/v1/AUTH_390dd1408bf04077a205fb4c4b69a4d9/gnocchi.0baa42e8-83b0-4bbb-a598-2d42e5dfdbd9/1763640000.0_mean_300.0_v3" "tx63d0f951d16f4406b1869-00692d6ca8" "proxy-server 20" 0.0152 "-" 22 0
Dec 1 10:23:36 standalone proxy-server[129981]: 172.18.0.2 172.18.0.100 01/Dec/2025/10/23/36 PUT /v1/AUTH_390dd1408bf04077a205fb4c4b69a4d9/gnocchi.0baa42e8-83b0-4bbb-a598-2d42e5dfdbd9/1763640000.0_mean_300.0_v3 HTTP/1.0 201 - python-swiftclient-3.11.1 gAAAAABpLWwde6ma... 16 - - tx63d0f951d16f4406b1869-00692d6ca8 - 0.0257 - - 1764584616.508185625 1764584616.533882856 0
Dec 1 10:23:36 standalone container-server[127872]: 172.20.0.100 - - [01/Dec/2025:10:23:36 +0000] "PUT /d1/230/AUTH_390dd1408bf04077a205fb4c4b69a4d9/gnocchi.0baa42e8-83b0-4bbb-a598-2d42e5dfdbd9/none_v3" 201 - "PUT http://172.18.0.2:8080/d1/733/AUTH_390dd1408bf04077a205fb4c4b69a4d9/gnocchi.0baa42e8-83b0-4bbb-a598-2d42e5dfdbd9/none_v3" "tx88faf63d8aa54dd6a793b-00692d6ca8" "object-server 22" 0.0007 "-" 21 0
Dec 1 10:23:36 standalone object-server[128047]: 172.20.0.100 - - [01/Dec/2025:10:23:36 +0000] "PUT /d1/733/AUTH_390dd1408bf04077a205fb4c4b69a4d9/gnocchi.0baa42e8-83b0-4bbb-a598-2d42e5dfdbd9/none_v3" 201 - "PUT http://172.18.0.2:8080/v1/AUTH_390dd1408bf04077a205fb4c4b69a4d9/gnocchi.0baa42e8-83b0-4bbb-a598-2d42e5dfdbd9/none_v3" "tx88faf63d8aa54dd6a793b-00692d6ca8" "proxy-server 20" 0.0110 "-" 22 0
Dec 1 10:23:36 standalone proxy-server[129981]: 172.18.0.2 172.18.0.100 01/Dec/2025/10/23/36 PUT /v1/AUTH_390dd1408bf04077a205fb4c4b69a4d9/gnocchi.0baa42e8-83b0-4bbb-a598-2d42e5dfdbd9/none_v3 HTTP/1.0 201 - python-swiftclient-3.11.1 gAAAAABpLWwde6ma... 22 - - tx88faf63d8aa54dd6a793b-00692d6ca8 - 0.0183 - - 1764584616.537181616 1764584616.555522203 0
Dec 1 10:23:47 standalone container-server[127841]: 172.20.0.100 - - [01/Dec/2025:10:23:47 +0000] "HEAD /d1/707/AUTH_390dd1408bf04077a205fb4c4b69a4d9/gnocchi.d083d534-0181-4d24-9408-898239c48e65" 404 - "HEAD http://172.18.0.2:8080/v1/AUTH_390dd1408bf04077a205fb4c4b69a4d9/gnocchi.d083d534-0181-4d24-9408-898239c48e65?format=json&states=listing" "txb3294488911748e2ab3b5-00692d6cb3" "proxy-server 20" 0.0006 "-" 17 0
Dec 1 10:23:47 standalone object-server[128046]: 172.20.0.100 - - [01/Dec/2025:10:23:47 +0000] "GET /d1/473/AUTH_390dd1408bf04077a205fb4c4b69a4d9/gnocchi.d083d534-0181-4d24-9408-898239c48e65/none_v3" 404 70 "GET http://172.18.0.2:8080/v1/AUTH_390dd1408bf04077a205fb4c4b69a4d9/gnocchi.d083d534-0181-4d24-9408-898239c48e65/none_v3" "txb3294488911748e2ab3b5-00692d6cb3" "proxy-server 20" 0.0005 "-" 21 0
Dec 1 10:23:47 standalone proxy-server[129981]: 172.18.0.2 172.18.0.100 01/Dec/2025/10/23/47 GET /v1/AUTH_390dd1408bf04077a205fb4c4b69a4d9/gnocchi.d083d534-0181-4d24-9408-898239c48e65/none_v3 HTTP/1.0 404 - python-swiftclient-3.11.1 gAAAAABpLWwde6ma... - 70 - txb3294488911748e2ab3b5-00692d6cb3 - 0.0093 - - 1764584627.009259939 1764584627.018529654 0
Dec 1 10:23:47 standalone account-server[127886]: 172.20.0.100 - - [01/Dec/2025:10:23:47 +0000] "PUT /d1/340/AUTH_390dd1408bf04077a205fb4c4b69a4d9/gnocchi.d083d534-0181-4d24-9408-898239c48e65" 201 - "PUT http://172.20.0.100:6001/d1/707/AUTH_390dd1408bf04077a205fb4c4b69a4d9/gnocchi.d083d534-0181-4d24-9408-898239c48e65" "txdd101aaf331e46af9d78b-00692d6cb3" "container-server 22" 0.0044 "-" 22 0
Dec 1 10:23:47 standalone container-server[127877]: 172.20.0.100 - - [01/Dec/2025:10:23:47 +0000] "PUT /d1/707/AUTH_390dd1408bf04077a205fb4c4b69a4d9/gnocchi.d083d534-0181-4d24-9408-898239c48e65" 201 - "PUT http://172.18.0.2:8080/v1/AUTH_390dd1408bf04077a205fb4c4b69a4d9/gnocchi.d083d534-0181-4d24-9408-898239c48e65" "txdd101aaf331e46af9d78b-00692d6cb3" "proxy-server 20" 0.0164 "-" 22 0
Dec 1 10:23:47 standalone proxy-server[129981]: 172.18.0.2 172.18.0.100 01/Dec/2025/10/23/47 PUT /v1/AUTH_390dd1408bf04077a205fb4c4b69a4d9/gnocchi.d083d534-0181-4d24-9408-898239c48e65 HTTP/1.0 201 - python-swiftclient-3.11.1 gAAAAABpLWwde6ma... - - - txdd101aaf331e46af9d78b-00692d6cb3 - 0.0211 - - 1764584627.021149397 1764584627.042245865 0
Dec 1 10:23:47 standalone container-server[127877]: 172.20.0.100 - - [01/Dec/2025:10:23:47 +0000] "HEAD /d1/707/AUTH_390dd1408bf04077a205fb4c4b69a4d9/gnocchi.d083d534-0181-4d24-9408-898239c48e65" 204 - "HEAD http://172.18.0.2:8080/v1/AUTH_390dd1408bf04077a205fb4c4b69a4d9/gnocchi.d083d534-0181-4d24-9408-898239c48e65?format=json&states=listing" "txe51a4b2e77d3444d9f285-00692d6cb3" "proxy-server 20" 0.0015 "-" 22 0
Dec 1 10:23:47 standalone proxy-server[129981]: - - 01/Dec/2025/10/23/47 HEAD /v1/AUTH_390dd1408bf04077a205fb4c4b69a4d9/gnocchi.d083d534-0181-4d24-9408-898239c48e65%3Fformat%3Djson%26states%3Dlisting HTTP/1.0 204 - Swift - - - - txe51a4b2e77d3444d9f285-00692d6cb3 - 0.0040 RL - 1764584627.046731234 1764584627.050771475 0
Dec 1 10:23:47 standalone container-server[127841]: 172.20.0.100 - - [01/Dec/2025:10:23:47 +0000] "GET /d1/707/AUTH_390dd1408bf04077a205fb4c4b69a4d9/gnocchi.d083d534-0181-4d24-9408-898239c48e65" 200 2 "GET http://172.18.0.2:8080/v1/AUTH_390dd1408bf04077a205fb4c4b69a4d9/gnocchi.d083d534-0181-4d24-9408-898239c48e65?format=json&states=listing" "txe51a4b2e77d3444d9f285-00692d6cb3" "proxy-server 20" 0.0037 "-" 17 0
Dec 1 10:23:47 standalone proxy-server[129981]: 172.18.0.2 172.18.0.100 01/Dec/2025/10/23/47 GET /v1/AUTH_390dd1408bf04077a205fb4c4b69a4d9/gnocchi.d083d534-0181-4d24-9408-898239c48e65%3Fformat%3Djson%26states%3Dlisting HTTP/1.0 200 - python-swiftclient-3.11.1 gAAAAABpLWwde6ma... - 2 - txe51a4b2e77d3444d9f285-00692d6cb3 - 0.0148 - - 1764584627.045341730 1764584627.060119867 0
Dec 1 10:23:47 standalone object-server[128047]: 172.20.0.100 - - [01/Dec/2025:10:23:47 +0000] "GET /d1/875/AUTH_390dd1408bf04077a205fb4c4b69a4d9/gnocchi.d083d534-0181-4d24-9408-898239c48e65/1763640000.0_mean_300.0_v3" 404 70 "GET http://172.18.0.2:8080/v1/AUTH_390dd1408bf04077a205fb4c4b69a4d9/gnocchi.d083d534-0181-4d24-9408-898239c48e65/1763640000.0_mean_300.0_v3" "tx1aac1b6e445b46b6a48bf-00692d6cb3" "proxy-server 20" 0.0003 "-" 22 0
Dec 1 10:23:47 standalone proxy-server[129981]: 172.18.0.2 172.18.0.100 01/Dec/2025/10/23/47 GET /v1/AUTH_390dd1408bf04077a205fb4c4b69a4d9/gnocchi.d083d534-0181-4d24-9408-898239c48e65/1763640000.0_mean_300.0_v3 HTTP/1.0 404 - python-swiftclient-3.11.1 gAAAAABpLWwde6ma... - 70 - tx1aac1b6e445b46b6a48bf-00692d6cb3 - 0.0045 - - 1764584627.063433170 1764584627.067902565 0
Dec 1 10:23:47 standalone container-server[127852]: 172.20.0.100 - - [01/Dec/2025:10:23:47 +0000] "PUT /d1/707/AUTH_390dd1408bf04077a205fb4c4b69a4d9/gnocchi.d083d534-0181-4d24-9408-898239c48e65/1763640000.0_mean_300.0_v3" 201 - "PUT http://172.18.0.2:8080/d1/875/AUTH_390dd1408bf04077a205fb4c4b69a4d9/gnocchi.d083d534-0181-4d24-9408-898239c48e65/1763640000.0_mean_300.0_v3" "tx12a3572dbbb64766960ea-00692d6cb3" "object-server 22" 0.0007 "-" 18 0
Dec 1 10:23:47 standalone object-server[128047]: 172.20.0.100 - - [01/Dec/2025:10:23:47 +0000] "PUT /d1/875/AUTH_390dd1408bf04077a205fb4c4b69a4d9/gnocchi.d083d534-0181-4d24-9408-898239c48e65/1763640000.0_mean_300.0_v3" 201 - "PUT http://172.18.0.2:8080/v1/AUTH_390dd1408bf04077a205fb4c4b69a4d9/gnocchi.d083d534-0181-4d24-9408-898239c48e65/1763640000.0_mean_300.0_v3" "tx12a3572dbbb64766960ea-00692d6cb3" "proxy-server 20" 0.0187 "-" 22 0
Dec 1 10:23:47 standalone proxy-server[129981]: 172.18.0.2 172.18.0.100 01/Dec/2025/10/23/47 PUT /v1/AUTH_390dd1408bf04077a205fb4c4b69a4d9/gnocchi.d083d534-0181-4d24-9408-898239c48e65/1763640000.0_mean_300.0_v3 HTTP/1.0 201 - python-swiftclient-3.11.1 gAAAAABpLWwde6ma... 16 - - tx12a3572dbbb64766960ea-00692d6cb3 - 0.0225 - - 1764584627.070183277 1764584627.092692852 0
Dec 1 10:23:47 standalone container-server[127841]: 172.20.0.100 - - [01/Dec/2025:10:23:47 +0000] "PUT /d1/707/AUTH_390dd1408bf04077a205fb4c4b69a4d9/gnocchi.d083d534-0181-4d24-9408-898239c48e65/none_v3" 201 - "PUT http://172.18.0.2:8080/d1/473/AUTH_390dd1408bf04077a205fb4c4b69a4d9/gnocchi.d083d534-0181-4d24-9408-898239c48e65/none_v3" "tx64e016250dc94049a7ab5-00692d6cb3" "object-server 23" 0.0010 "-" 17 0
Dec 1 10:23:47 standalone object-server[128048]: 172.20.0.100 - - [01/Dec/2025:10:23:47 +0000] "PUT /d1/473/AUTH_390dd1408bf04077a205fb4c4b69a4d9/gnocchi.d083d534-0181-4d24-9408-898239c48e65/none_v3" 201 - "PUT http://172.18.0.2:8080/v1/AUTH_390dd1408bf04077a205fb4c4b69a4d9/gnocchi.d083d534-0181-4d24-9408-898239c48e65/none_v3" "tx64e016250dc94049a7ab5-00692d6cb3" "proxy-server 20" 0.0099 "-" 23 0
Dec 1 10:23:47 standalone proxy-server[129981]: 172.18.0.2 172.18.0.100 01/Dec/2025/10/23/47 PUT /v1/AUTH_390dd1408bf04077a205fb4c4b69a4d9/gnocchi.d083d534-0181-4d24-9408-898239c48e65/none_v3 HTTP/1.0 201 - python-swiftclient-3.11.1 gAAAAABpLWwde6ma... 22 - - tx64e016250dc94049a7ab5-00692d6cb3 - 0.0139 - - 1764584627.095207930 1764584627.109129667 0
Dec 1 10:23:52 standalone object-server[128048]: 172.20.0.100 - - [01/Dec/2025:10:23:52 +0000] "GET /d1/473/AUTH_390dd1408bf04077a205fb4c4b69a4d9/gnocchi.d083d534-0181-4d24-9408-898239c48e65/none_v3" 200 22 "GET http://172.18.0.2:8080/v1/AUTH_390dd1408bf04077a205fb4c4b69a4d9/gnocchi.d083d534-0181-4d24-9408-898239c48e65/none_v3" "tx92268b6b8dc747a2ab57d-00692d6cb8" "proxy-server 20" 0.0015 "-" 23 0
Dec 1 10:23:52 standalone proxy-server[129981]: 172.18.0.2 172.18.0.100 01/Dec/2025/10/23/52 GET /v1/AUTH_390dd1408bf04077a205fb4c4b69a4d9/gnocchi.d083d534-0181-4d24-9408-898239c48e65/none_v3 HTTP/1.0 200 - python-swiftclient-3.11.1 gAAAAABpLWwde6ma... - 22 - tx92268b6b8dc747a2ab57d-00692d6cb8 - 0.0085 - - 1764584632.759950876 1764584632.768444300 0
Dec 1 10:23:52 standalone container-server[127841]: 172.20.0.100 - - [01/Dec/2025:10:23:52 +0000] "GET /d1/707/AUTH_390dd1408bf04077a205fb4c4b69a4d9/gnocchi.d083d534-0181-4d24-9408-898239c48e65" 200 357 "GET http://172.18.0.2:8080/v1/AUTH_390dd1408bf04077a205fb4c4b69a4d9/gnocchi.d083d534-0181-4d24-9408-898239c48e65?format=json&states=listing" "tx94adbd3b62dd41e99e996-00692d6cb8" "proxy-server 20" 0.0103 "-" 17 0
Dec 1 10:23:52 standalone proxy-server[129981]: 172.18.0.2 172.18.0.100 01/Dec/2025/10/23/52 GET /v1/AUTH_390dd1408bf04077a205fb4c4b69a4d9/gnocchi.d083d534-0181-4d24-9408-898239c48e65%3Fformat%3Djson%26states%3Dlisting HTTP/1.0 200 - python-swiftclient-3.11.1 gAAAAABpLWwde6ma... - 357 - tx94adbd3b62dd41e99e996-00692d6cb8 - 0.0203 - - 1764584632.772943020 1764584632.793196440 0
Dec 1 10:23:52 standalone container-server[127852]: 172.20.0.100 - - [01/Dec/2025:10:23:52 +0000] "GET /d1/707/AUTH_390dd1408bf04077a205fb4c4b69a4d9/gnocchi.d083d534-0181-4d24-9408-898239c48e65" 200 2 "GET http://172.18.0.2:8080/v1/AUTH_390dd1408bf04077a205fb4c4b69a4d9/gnocchi.d083d534-0181-4d24-9408-898239c48e65?format=json&marker=none_v3&states=listing" "tx68870fc707f64a5bb30ac-00692d6cb8" "proxy-server 20" 0.0018 "-" 18 0
Dec 1 10:23:52 standalone proxy-server[129981]: 172.18.0.2 172.18.0.100 01/Dec/2025/10/23/52 GET /v1/AUTH_390dd1408bf04077a205fb4c4b69a4d9/gnocchi.d083d534-0181-4d24-9408-898239c48e65%3Fformat%3Djson%26marker%3Dnone_v3%26states%3Dlisting HTTP/1.0 200 - python-swiftclient-3.11.1 gAAAAABpLWwde6ma... - 2 - tx68870fc707f64a5bb30ac-00692d6cb8 - 0.0099 - - 1764584632.797744274 1764584632.807611465 0
Dec 1 10:23:52 standalone object-server[128046]: 172.20.0.100 - - [01/Dec/2025:10:23:52 +0000] "GET /d1/875/AUTH_390dd1408bf04077a205fb4c4b69a4d9/gnocchi.d083d534-0181-4d24-9408-898239c48e65/1763640000.0_mean_300.0_v3" 200 16 "GET http://172.18.0.2:8080/v1/AUTH_390dd1408bf04077a205fb4c4b69a4d9/gnocchi.d083d534-0181-4d24-9408-898239c48e65/1763640000.0_mean_300.0_v3" "txd793f864c3b64969a9704-00692d6cb8" "proxy-server 20" 0.0006 "-" 21 0
Dec 1 10:23:52 standalone proxy-server[129981]: 172.18.0.2 172.18.0.100 01/Dec/2025/10/23/52 GET /v1/AUTH_390dd1408bf04077a205fb4c4b69a4d9/gnocchi.d083d534-0181-4d24-9408-898239c48e65/1763640000.0_mean_300.0_v3 HTTP/1.0 200 - python-swiftclient-3.11.1 gAAAAABpLWwde6ma... - 16 - txd793f864c3b64969a9704-00692d6cb8 - 0.0071 - - 1764584632.810923576 1764584632.818070889 0
Dec 1 10:23:52 standalone container-server[127877]: 172.20.0.100 - - [01/Dec/2025:10:23:52 +0000] "PUT /d1/707/AUTH_390dd1408bf04077a205fb4c4b69a4d9/gnocchi.d083d534-0181-4d24-9408-898239c48e65/1763640000.0_mean_300.0_v3" 201 - "PUT http://172.18.0.2:8080/d1/875/AUTH_390dd1408bf04077a205fb4c4b69a4d9/gnocchi.d083d534-0181-4d24-9408-898239c48e65/1763640000.0_mean_300.0_v3" "txa241df6710e64b1183f4c-00692d6cb8" "object-server 21" 0.0012 "-" 22 0
Dec 1 10:23:52 standalone object-server[128046]: 172.20.0.100 - - [01/Dec/2025:10:23:52 +0000] "PUT /d1/875/AUTH_390dd1408bf04077a205fb4c4b69a4d9/gnocchi.d083d534-0181-4d24-9408-898239c48e65/1763640000.0_mean_300.0_v3" 201 - "PUT http://172.18.0.2:8080/v1/AUTH_390dd1408bf04077a205fb4c4b69a4d9/gnocchi.d083d534-0181-4d24-9408-898239c48e65/1763640000.0_mean_300.0_v3" "txa241df6710e64b1183f4c-00692d6cb8" "proxy-server 20" 0.0103 "-" 21 0
Dec 1 10:23:52 standalone proxy-server[129981]: 172.18.0.2 172.18.0.100 01/Dec/2025/10/23/52 PUT /v1/AUTH_390dd1408bf04077a205fb4c4b69a4d9/gnocchi.d083d534-0181-4d24-9408-898239c48e65/1763640000.0_mean_300.0_v3 HTTP/1.0 201 - python-swiftclient-3.11.1 gAAAAABpLWwde6ma... 16 - - txa241df6710e64b1183f4c-00692d6cb8 - 0.0163 - - 1764584632.820650101 1764584632.836970329 0
Dec 1 10:23:52 standalone container-server[127852]: 172.20.0.100 - - [01/Dec/2025:10:23:52 +0000] "PUT /d1/707/AUTH_390dd1408bf04077a205fb4c4b69a4d9/gnocchi.d083d534-0181-4d24-9408-898239c48e65/none_v3" 201 - "PUT http://172.18.0.2:8080/d1/473/AUTH_390dd1408bf04077a205fb4c4b69a4d9/gnocchi.d083d534-0181-4d24-9408-898239c48e65/none_v3" "tx78b985142f1a47d1bf5a2-00692d6cb8" "object-server 21" 0.0009 "-" 18 0
Dec 1 10:23:52 standalone object-server[128046]: 172.20.0.100 - - [01/Dec/2025:10:23:52 +0000] "PUT /d1/473/AUTH_390dd1408bf04077a205fb4c4b69a4d9/gnocchi.d083d534-0181-4d24-9408-898239c48e65/none_v3" 201 - "PUT http://172.18.0.2:8080/v1/AUTH_390dd1408bf04077a205fb4c4b69a4d9/gnocchi.d083d534-0181-4d24-9408-898239c48e65/none_v3" "tx78b985142f1a47d1bf5a2-00692d6cb8" "proxy-server 20" 0.0087 "-" 21 0
Dec 1 10:23:52 standalone proxy-server[129981]: 172.18.0.2 172.18.0.100 01/Dec/2025/10/23/52 PUT /v1/AUTH_390dd1408bf04077a205fb4c4b69a4d9/gnocchi.d083d534-0181-4d24-9408-898239c48e65/none_v3 HTTP/1.0 201 - python-swiftclient-3.11.1 gAAAAABpLWwde6ma... 32 - - tx78b985142f1a47d1bf5a2-00692d6cb8 - 0.0156 - - 1764584632.842891693 1764584632.858536243 0
Dec 1 10:24:18 standalone account-server[127876]: 172.20.0.100 - - [01/Dec/2025:10:24:18 +0000] "HEAD /d1/340/AUTH_390dd1408bf04077a205fb4c4b69a4d9" 204 - "HEAD http://172.18.0.2:8080/v1/AUTH_390dd1408bf04077a205fb4c4b69a4d9?format=json" "txbad78493fb004e25aac58-00692d6cd2" "proxy-server 20" 0.0086 "-" 21 -
Dec 1 10:24:18 standalone proxy-server[129981]: - - 01/Dec/2025/10/24/18 HEAD /v1/AUTH_390dd1408bf04077a205fb4c4b69a4d9%3Fformat%3Djson HTTP/1.0 204 - Swift - - - - txbad78493fb004e25aac58-00692d6cd2 - 0.0144 RL - 1764584658.778110981 1764584658.792528868 -
Dec 1 10:24:18 standalone container-server[127877]: 172.20.0.100 - - [01/Dec/2025:10:24:18 +0000] "HEAD /d1/274/AUTH_390dd1408bf04077a205fb4c4b69a4d9/gnocchi.3b9420e0-f38b-4af7-a54d-664744661710" 404 - "HEAD http://172.18.0.2:8080/v1/AUTH_390dd1408bf04077a205fb4c4b69a4d9/gnocchi.3b9420e0-f38b-4af7-a54d-664744661710?format=json&states=listing" "txbad78493fb004e25aac58-00692d6cd2" "proxy-server 20" 0.0008 "-" 22 0
Dec 1 10:24:18 standalone object-server[128047]: 172.20.0.100 - - [01/Dec/2025:10:24:18 +0000] "GET /d1/505/AUTH_390dd1408bf04077a205fb4c4b69a4d9/gnocchi.3b9420e0-f38b-4af7-a54d-664744661710/none_v3" 404 70 "GET http://172.18.0.2:8080/v1/AUTH_390dd1408bf04077a205fb4c4b69a4d9/gnocchi.3b9420e0-f38b-4af7-a54d-664744661710/none_v3" "txbad78493fb004e25aac58-00692d6cd2" "proxy-server 20" 0.0007 "-" 22 0
Dec 1 10:24:18 standalone proxy-server[129981]: 172.18.0.2 172.18.0.100 01/Dec/2025/10/24/18 GET /v1/AUTH_390dd1408bf04077a205fb4c4b69a4d9/gnocchi.3b9420e0-f38b-4af7-a54d-664744661710/none_v3 HTTP/1.0 404 - python-swiftclient-3.11.1 gAAAAABpLWwde6ma... - 70 - txbad78493fb004e25aac58-00692d6cd2 - 0.0289 - - 1764584658.776864767 1764584658.805810690 0
Dec 1 10:24:18 standalone account-server[127886]: 172.20.0.100 - - [01/Dec/2025:10:24:18 +0000] "PUT /d1/340/AUTH_390dd1408bf04077a205fb4c4b69a4d9/gnocchi.3b9420e0-f38b-4af7-a54d-664744661710" 201 - "PUT http://172.20.0.100:6001/d1/274/AUTH_390dd1408bf04077a205fb4c4b69a4d9/gnocchi.3b9420e0-f38b-4af7-a54d-664744661710" "txd2b878d456c1497588f86-00692d6cd2" "container-server 17" 0.0014 "-" 22 0
Dec 1 10:24:18 standalone container-server[127841]: 172.20.0.100 - - [01/Dec/2025:10:24:18 +0000] "PUT /d1/274/AUTH_390dd1408bf04077a205fb4c4b69a4d9/gnocchi.3b9420e0-f38b-4af7-a54d-664744661710" 201 - "PUT http://172.18.0.2:8080/v1/AUTH_390dd1408bf04077a205fb4c4b69a4d9/gnocchi.3b9420e0-f38b-4af7-a54d-664744661710" "txd2b878d456c1497588f86-00692d6cd2" "proxy-server 20" 0.0209 "-" 17 0
Dec 1 10:24:18 standalone proxy-server[129981]: 172.18.0.2 172.18.0.100 01/Dec/2025/10/24/18 PUT /v1/AUTH_390dd1408bf04077a205fb4c4b69a4d9/gnocchi.3b9420e0-f38b-4af7-a54d-664744661710 HTTP/1.0 201 - python-swiftclient-3.11.1 gAAAAABpLWwde6ma... - - - txd2b878d456c1497588f86-00692d6cd2 - 0.0273 - - 1764584658.808674335 1764584658.835955381 0
Dec 1 10:24:18 standalone container-server[127841]: 172.20.0.100 - - [01/Dec/2025:10:24:18 +0000] "HEAD /d1/274/AUTH_390dd1408bf04077a205fb4c4b69a4d9/gnocchi.3b9420e0-f38b-4af7-a54d-664744661710" 204 - "HEAD http://172.18.0.2:8080/v1/AUTH_390dd1408bf04077a205fb4c4b69a4d9/gnocchi.3b9420e0-f38b-4af7-a54d-664744661710?format=json&states=listing" "txc1dd42a9f0834042ad097-00692d6cd2" "proxy-server 20" 0.0037 "-" 17 0
Dec 1 10:24:18 standalone proxy-server[129981]: - - 01/Dec/2025/10/24/18 HEAD /v1/AUTH_390dd1408bf04077a205fb4c4b69a4d9/gnocchi.3b9420e0-f38b-4af7-a54d-664744661710%3Fformat%3Djson%26states%3Dlisting HTTP/1.0 204 - Swift - - - - txc1dd42a9f0834042ad097-00692d6cd2 - 0.0091 RL - 1764584658.840518236 1764584658.849587917 0
Dec 1 10:24:18 standalone container-server[127841]: 172.20.0.100 - - [01/Dec/2025:10:24:18 +0000] "GET /d1/274/AUTH_390dd1408bf04077a205fb4c4b69a4d9/gnocchi.3b9420e0-f38b-4af7-a54d-664744661710" 200 2 "GET http://172.18.0.2:8080/v1/AUTH_390dd1408bf04077a205fb4c4b69a4d9/gnocchi.3b9420e0-f38b-4af7-a54d-664744661710?format=json&states=listing" "txc1dd42a9f0834042ad097-00692d6cd2" "proxy-server 20" 0.0070 "-" 17 0
Dec 1 10:24:18 standalone proxy-server[129981]: 172.18.0.2 172.18.0.100 01/Dec/2025/10/24/18 GET /v1/AUTH_390dd1408bf04077a205fb4c4b69a4d9/gnocchi.3b9420e0-f38b-4af7-a54d-664744661710%3Fformat%3Djson%26states%3Dlisting HTTP/1.0 200 - python-swiftclient-3.11.1 gAAAAABpLWwde6ma... - 2 - txc1dd42a9f0834042ad097-00692d6cd2 - 0.0255 - - 1764584658.839150190 1764584658.864645481 0
Dec 1 10:24:18 standalone object-server[128047]: 172.20.0.100 - - [01/Dec/2025:10:24:18 +0000] "GET /d1/225/AUTH_390dd1408bf04077a205fb4c4b69a4d9/gnocchi.3b9420e0-f38b-4af7-a54d-664744661710/1763640000.0_mean_300.0_v3" 404 70 "GET http://172.18.0.2:8080/v1/AUTH_390dd1408bf04077a205fb4c4b69a4d9/gnocchi.3b9420e0-f38b-4af7-a54d-664744661710/1763640000.0_mean_300.0_v3" "tx07a4290b72104f588935c-00692d6cd2" "proxy-server 20" 0.0004 "-" 22 0
Dec 1 10:24:18 standalone proxy-server[129981]: 172.18.0.2 172.18.0.100 01/Dec/2025/10/24/18 GET /v1/AUTH_390dd1408bf04077a205fb4c4b69a4d9/gnocchi.3b9420e0-f38b-4af7-a54d-664744661710/1763640000.0_mean_300.0_v3 HTTP/1.0 404 - python-swiftclient-3.11.1 gAAAAABpLWwde6ma... - 70 - tx07a4290b72104f588935c-00692d6cd2 - 0.0086 - - 1764584658.868040562 1764584658.876671791 0
Dec 1 10:24:18 standalone container-server[127872]: 172.20.0.100 - - [01/Dec/2025:10:24:18 +0000] "PUT /d1/274/AUTH_390dd1408bf04077a205fb4c4b69a4d9/gnocchi.3b9420e0-f38b-4af7-a54d-664744661710/1763640000.0_mean_300.0_v3" 201 - "PUT http://172.18.0.2:8080/d1/225/AUTH_390dd1408bf04077a205fb4c4b69a4d9/gnocchi.3b9420e0-f38b-4af7-a54d-664744661710/1763640000.0_mean_300.0_v3" "tx4c6c5ba446c04b199b3e2-00692d6cd2" "object-server 23" 0.0009 "-" 21 0
Dec 1 10:24:18 standalone object-server[128048]: 172.20.0.100 - - [01/Dec/2025:10:24:18 +0000] "PUT /d1/225/AUTH_390dd1408bf04077a205fb4c4b69a4d9/gnocchi.3b9420e0-f38b-4af7-a54d-664744661710/1763640000.0_mean_300.0_v3" 201 - "PUT http://172.18.0.2:8080/v1/AUTH_390dd1408bf04077a205fb4c4b69a4d9/gnocchi.3b9420e0-f38b-4af7-a54d-664744661710/1763640000.0_mean_300.0_v3" "tx4c6c5ba446c04b199b3e2-00692d6cd2" "proxy-server 20" 0.0106 "-" 23 0
Dec 1 10:24:18 standalone proxy-server[129981]: 172.18.0.2 172.18.0.100 01/Dec/2025/10/24/18 PUT /v1/AUTH_390dd1408bf04077a205fb4c4b69a4d9/gnocchi.3b9420e0-f38b-4af7-a54d-664744661710/1763640000.0_mean_300.0_v3 HTTP/1.0 201 - python-swiftclient-3.11.1 gAAAAABpLWwde6ma... 16 - - tx4c6c5ba446c04b199b3e2-00692d6cd2 - 0.0156 - - 1764584658.879116297 1764584658.894699097 0
Dec 1 10:24:18 standalone container-server[127877]: 172.20.0.100 - - [01/Dec/2025:10:24:18 +0000] "PUT /d1/274/AUTH_390dd1408bf04077a205fb4c4b69a4d9/gnocchi.3b9420e0-f38b-4af7-a54d-664744661710/none_v3" 201 - "PUT http://172.18.0.2:8080/d1/505/AUTH_390dd1408bf04077a205fb4c4b69a4d9/gnocchi.3b9420e0-f38b-4af7-a54d-664744661710/none_v3" "tx1e1f1990707b4237a04e9-00692d6cd2" "object-server 23" 0.0006 "-" 22 0
Dec 1 10:24:18 standalone object-server[128048]: 172.20.0.100 - - [01/Dec/2025:10:24:18 +0000] "PUT /d1/505/AUTH_390dd1408bf04077a205fb4c4b69a4d9/gnocchi.3b9420e0-f38b-4af7-a54d-664744661710/none_v3" 201 - "PUT http://172.18.0.2:8080/v1/AUTH_390dd1408bf04077a205fb4c4b69a4d9/gnocchi.3b9420e0-f38b-4af7-a54d-664744661710/none_v3" "tx1e1f1990707b4237a04e9-00692d6cd2" "proxy-server 20" 0.0099 "-" 23 0
Dec 1 10:24:18 standalone proxy-server[129981]: 172.18.0.2 172.18.0.100 01/Dec/2025/10/24/18 PUT /v1/AUTH_390dd1408bf04077a205fb4c4b69a4d9/gnocchi.3b9420e0-f38b-4af7-a54d-664744661710/none_v3 HTTP/1.0 201 - python-swiftclient-3.11.1 gAAAAABpLWwde6ma... 22 - - tx1e1f1990707b4237a04e9-00692d6cd2 - 0.0155 - - 1764584658.897310257 1764584658.912775517 0
Dec 1 10:24:18 standalone container-server[127841]: 172.20.0.100 - - [01/Dec/2025:10:24:18 +0000] "HEAD /d1/471/AUTH_390dd1408bf04077a205fb4c4b69a4d9/gnocchi.b2bdeee8-77be-4aef-8479-23e65a499a92" 404 - "HEAD http://172.18.0.2:8080/v1/AUTH_390dd1408bf04077a205fb4c4b69a4d9/gnocchi.b2bdeee8-77be-4aef-8479-23e65a499a92?format=json&states=listing" "tx0e25980145d9434b8eee3-00692d6cd2" "proxy-server 20" 0.0004 "-" 17 0
Dec 1 10:24:18 standalone object-server[128045]: 172.20.0.100 - - [01/Dec/2025:10:24:18 +0000] "GET /d1/463/AUTH_390dd1408bf04077a205fb4c4b69a4d9/gnocchi.b2bdeee8-77be-4aef-8479-23e65a499a92/none_v3" 404 70 "GET http://172.18.0.2:8080/v1/AUTH_390dd1408bf04077a205fb4c4b69a4d9/gnocchi.b2bdeee8-77be-4aef-8479-23e65a499a92/none_v3" "tx0e25980145d9434b8eee3-00692d6cd2" "proxy-server 20" 0.0003 "-" 20 0
Dec 1 10:24:18 standalone proxy-server[129981]: 172.18.0.2 172.18.0.100 01/Dec/2025/10/24/18 GET /v1/AUTH_390dd1408bf04077a205fb4c4b69a4d9/gnocchi.b2bdeee8-77be-4aef-8479-23e65a499a92/none_v3 HTTP/1.0 404 - python-swiftclient-3.11.1 gAAAAABpLWwde6ma... - 70 - tx0e25980145d9434b8eee3-00692d6cd2 - 0.0105 - - 1764584658.922037363 1764584658.932570457 0
Dec 1 10:24:18 standalone account-server[127886]: 172.20.0.100 - - [01/Dec/2025:10:24:18 +0000] "PUT /d1/340/AUTH_390dd1408bf04077a205fb4c4b69a4d9/gnocchi.b2bdeee8-77be-4aef-8479-23e65a499a92" 201 - "PUT http://172.20.0.100:6001/d1/471/AUTH_390dd1408bf04077a205fb4c4b69a4d9/gnocchi.b2bdeee8-77be-4aef-8479-23e65a499a92" "txab69d506131f4e38a1076-00692d6cd2" "container-server 22" 0.0049 "-" 22 0
Dec 1 10:24:18 standalone container-server[127877]: 172.20.0.100 - - [01/Dec/2025:10:24:18 +0000] "PUT /d1/471/AUTH_390dd1408bf04077a205fb4c4b69a4d9/gnocchi.b2bdeee8-77be-4aef-8479-23e65a499a92" 201 - "PUT http://172.18.0.2:8080/v1/AUTH_390dd1408bf04077a205fb4c4b69a4d9/gnocchi.b2bdeee8-77be-4aef-8479-23e65a499a92" "txab69d506131f4e38a1076-00692d6cd2" "proxy-server 20" 0.0162 "-" 22 0
Dec 1 10:24:18 standalone proxy-server[129981]: 172.18.0.2 172.18.0.100 01/Dec/2025/10/24/18 PUT /v1/AUTH_390dd1408bf04077a205fb4c4b69a4d9/gnocchi.b2bdeee8-77be-4aef-8479-23e65a499a92 HTTP/1.0 201 - python-swiftclient-3.11.1 gAAAAABpLWwde6ma... - - - txab69d506131f4e38a1076-00692d6cd2 - 0.0217 - - 1764584658.934839487 1764584658.956530094 0
Dec 1 10:24:18 standalone container-server[127872]: 172.20.0.100 - - [01/Dec/2025:10:24:18 +0000] "HEAD /d1/471/AUTH_390dd1408bf04077a205fb4c4b69a4d9/gnocchi.b2bdeee8-77be-4aef-8479-23e65a499a92" 204 - "HEAD http://172.18.0.2:8080/v1/AUTH_390dd1408bf04077a205fb4c4b69a4d9/gnocchi.b2bdeee8-77be-4aef-8479-23e65a499a92?format=json&states=listing" "txeb293befae59447bbce06-00692d6cd2" "proxy-server 20" 0.0029 "-" 21 0
Dec 1 10:24:18 standalone proxy-server[129981]: - - 01/Dec/2025/10/24/18 HEAD /v1/AUTH_390dd1408bf04077a205fb4c4b69a4d9/gnocchi.b2bdeee8-77be-4aef-8479-23e65a499a92%3Fformat%3Djson%26states%3Dlisting HTTP/1.0 204 - Swift - - - - txeb293befae59447bbce06-00692d6cd2 - 0.0071 RL - 1764584658.961214542 1764584658.968356609 0
Dec 1 10:24:18 standalone container-server[127877]: 172.20.0.100 - - [01/Dec/2025:10:24:18 +0000] "GET /d1/471/AUTH_390dd1408bf04077a205fb4c4b69a4d9/gnocchi.b2bdeee8-77be-4aef-8479-23e65a499a92" 200 2 "GET http://172.18.0.2:8080/v1/AUTH_390dd1408bf04077a205fb4c4b69a4d9/gnocchi.b2bdeee8-77be-4aef-8479-23e65a499a92?format=json&states=listing" "txeb293befae59447bbce06-00692d6cd2" "proxy-server 20" 0.0018 "-" 22 0
Dec 1 10:24:18 standalone proxy-server[129981]: 172.18.0.2 172.18.0.100 01/Dec/2025/10/24/18 GET /v1/AUTH_390dd1408bf04077a205fb4c4b69a4d9/gnocchi.b2bdeee8-77be-4aef-8479-23e65a499a92%3Fformat%3Djson%26states%3Dlisting HTTP/1.0 200 - python-swiftclient-3.11.1 gAAAAABpLWwde6ma... - 2 - txeb293befae59447bbce06-00692d6cd2 - 0.0155 - - 1764584658.959920168 1764584658.975449324 0
Dec 1 10:24:18 standalone object-server[128047]: 172.20.0.100 - - [01/Dec/2025:10:24:18 +0000] "GET /d1/347/AUTH_390dd1408bf04077a205fb4c4b69a4d9/gnocchi.b2bdeee8-77be-4aef-8479-23e65a499a92/1763640000.0_mean_300.0_v3" 404 70 "GET http://172.18.0.2:8080/v1/AUTH_390dd1408bf04077a205fb4c4b69a4d9/gnocchi.b2bdeee8-77be-4aef-8479-23e65a499a92/1763640000.0_mean_300.0_v3" "txd32f25c169744fff8d3e8-00692d6cd2" "proxy-server 20" 0.0003 "-" 22 0
Dec 1 10:24:18 standalone proxy-server[129981]: 172.18.0.2 172.18.0.100 01/Dec/2025/10/24/18 GET /v1/AUTH_390dd1408bf04077a205fb4c4b69a4d9/gnocchi.b2bdeee8-77be-4aef-8479-23e65a499a92/1763640000.0_mean_300.0_v3 HTTP/1.0 404 - python-swiftclient-3.11.1 gAAAAABpLWwde6ma... - 70 - txd32f25c169744fff8d3e8-00692d6cd2 - 0.0056 - - 1764584658.977933645 1764584658.983508587 0
Dec 1 10:24:18 standalone container-server[127872]: 172.20.0.100 - - [01/Dec/2025:10:24:18 +0000] "PUT /d1/471/AUTH_390dd1408bf04077a205fb4c4b69a4d9/gnocchi.b2bdeee8-77be-4aef-8479-23e65a499a92/1763640000.0_mean_300.0_v3" 201 - "PUT http://172.18.0.2:8080/d1/347/AUTH_390dd1408bf04077a205fb4c4b69a4d9/gnocchi.b2bdeee8-77be-4aef-8479-23e65a499a92/1763640000.0_mean_300.0_v3" "txc68ffa047eed4c168f23a-00692d6cd2" "object-server 23" 0.0009 "-" 21 0
Dec 1 10:24:18 standalone object-server[128048]: 172.20.0.100 - - [01/Dec/2025:10:24:18 +0000] "PUT /d1/347/AUTH_390dd1408bf04077a205fb4c4b69a4d9/gnocchi.b2bdeee8-77be-4aef-8479-23e65a499a92/1763640000.0_mean_300.0_v3" 201 - "PUT http://172.18.0.2:8080/v1/AUTH_390dd1408bf04077a205fb4c4b69a4d9/gnocchi.b2bdeee8-77be-4aef-8479-23e65a499a92/1763640000.0_mean_300.0_v3" "txc68ffa047eed4c168f23a-00692d6cd2" "proxy-server 20" 0.0092 "-" 23 0
Dec 1 10:24:19 standalone proxy-server[129981]: 172.18.0.2 172.18.0.100 01/Dec/2025/10/24/19 PUT /v1/AUTH_390dd1408bf04077a205fb4c4b69a4d9/gnocchi.b2bdeee8-77be-4aef-8479-23e65a499a92/1763640000.0_mean_300.0_v3 HTTP/1.0 201 - python-swiftclient-3.11.1 gAAAAABpLWwde6ma... 16 - - txc68ffa047eed4c168f23a-00692d6cd2 - 0.0138 - - 1764584658.986517429 1764584659.000345230 0
Dec 1 10:24:19 standalone container-server[127877]: 172.20.0.100 - - [01/Dec/2025:10:24:19 +0000] "PUT /d1/471/AUTH_390dd1408bf04077a205fb4c4b69a4d9/gnocchi.b2bdeee8-77be-4aef-8479-23e65a499a92/none_v3" 201 - "PUT http://172.18.0.2:8080/d1/463/AUTH_390dd1408bf04077a205fb4c4b69a4d9/gnocchi.b2bdeee8-77be-4aef-8479-23e65a499a92/none_v3" "tx398867f6c950490ca0f05-00692d6cd3" "object-server 20" 0.0006 "-" 22 0
Dec 1 10:24:19 standalone object-server[128045]: 172.20.0.100 - - [01/Dec/2025:10:24:19 +0000] "PUT /d1/463/AUTH_390dd1408bf04077a205fb4c4b69a4d9/gnocchi.b2bdeee8-77be-4aef-8479-23e65a499a92/none_v3" 201 - "PUT http://172.18.0.2:8080/v1/AUTH_390dd1408bf04077a205fb4c4b69a4d9/gnocchi.b2bdeee8-77be-4aef-8479-23e65a499a92/none_v3" "tx398867f6c950490ca0f05-00692d6cd3" "proxy-server 20" 0.0086 "-" 20 0
Dec 1 10:24:19 standalone proxy-server[129981]: 172.18.0.2 172.18.0.100 01/Dec/2025/10/24/19 PUT /v1/AUTH_390dd1408bf04077a205fb4c4b69a4d9/gnocchi.b2bdeee8-77be-4aef-8479-23e65a499a92/none_v3 HTTP/1.0 201 - python-swiftclient-3.11.1 gAAAAABpLWwde6ma... 22 - - tx398867f6c950490ca0f05-00692d6cd3 - 0.0163 - - 1764584659.002111197 1764584659.018383026 0
Dec 1 10:24:19 standalone container-server[127841]: 172.20.0.100 - - [01/Dec/2025:10:24:19 +0000] "HEAD /d1/130/AUTH_390dd1408bf04077a205fb4c4b69a4d9/gnocchi.1838e3b3-7f1b-473f-9e0e-e9b2eb1a8595" 404 - "HEAD http://172.18.0.2:8080/v1/AUTH_390dd1408bf04077a205fb4c4b69a4d9/gnocchi.1838e3b3-7f1b-473f-9e0e-e9b2eb1a8595?format=json&states=listing" "tx4efc43a0640047ef8ea09-00692d6cd3" "proxy-server 20" 0.0003 "-" 17 0
Dec 1 10:24:19 standalone object-server[128046]: 172.20.0.100 - - [01/Dec/2025:10:24:19 +0000] "GET /d1/542/AUTH_390dd1408bf04077a205fb4c4b69a4d9/gnocchi.1838e3b3-7f1b-473f-9e0e-e9b2eb1a8595/none_v3" 404 70 "GET http://172.18.0.2:8080/v1/AUTH_390dd1408bf04077a205fb4c4b69a4d9/gnocchi.1838e3b3-7f1b-473f-9e0e-e9b2eb1a8595/none_v3" "tx4efc43a0640047ef8ea09-00692d6cd3" "proxy-server 20" 0.0003 "-" 21 0
Dec 1 10:24:19 standalone proxy-server[129981]: 172.18.0.2 172.18.0.100 01/Dec/2025/10/24/19 GET /v1/AUTH_390dd1408bf04077a205fb4c4b69a4d9/gnocchi.1838e3b3-7f1b-473f-9e0e-e9b2eb1a8595/none_v3 HTTP/1.0 404 - python-swiftclient-3.11.1 gAAAAABpLWwde6ma... - 70 - tx4efc43a0640047ef8ea09-00692d6cd3 - 0.0071 - - 1764584659.027119160 1764584659.034208298 0
Dec 1 10:24:19 standalone account-server[127873]: 172.20.0.100 - - [01/Dec/2025:10:24:19 +0000] "PUT /d1/340/AUTH_390dd1408bf04077a205fb4c4b69a4d9/gnocchi.1838e3b3-7f1b-473f-9e0e-e9b2eb1a8595" 201 - "PUT http://172.20.0.100:6001/d1/130/AUTH_390dd1408bf04077a205fb4c4b69a4d9/gnocchi.1838e3b3-7f1b-473f-9e0e-e9b2eb1a8595" "tx08634ab951ad4f459edfd-00692d6cd3" "container-server 21" 0.0053 "-" 20 0
Dec 1 10:24:19 standalone container-server[127872]: 172.20.0.100 - - [01/Dec/2025:10:24:19 +0000] "PUT /d1/130/AUTH_390dd1408bf04077a205fb4c4b69a4d9/gnocchi.1838e3b3-7f1b-473f-9e0e-e9b2eb1a8595" 201 - "PUT http://172.18.0.2:8080/v1/AUTH_390dd1408bf04077a205fb4c4b69a4d9/gnocchi.1838e3b3-7f1b-473f-9e0e-e9b2eb1a8595" "tx08634ab951ad4f459edfd-00692d6cd3" "proxy-server 20" 0.0159 "-" 21 0
Dec 1 10:24:19 standalone proxy-server[129981]: 172.18.0.2 172.18.0.100 01/Dec/2025/10/24/19 PUT /v1/AUTH_390dd1408bf04077a205fb4c4b69a4d9/gnocchi.1838e3b3-7f1b-473f-9e0e-e9b2eb1a8595 HTTP/1.0 201 - python-swiftclient-3.11.1 gAAAAABpLWwde6ma... - - - tx08634ab951ad4f459edfd-00692d6cd3 - 0.0198 - - 1764584659.035877943 1764584659.055708647 0
Dec 1 10:24:19 standalone container-server[127877]: 172.20.0.100 - - [01/Dec/2025:10:24:19 +0000] "HEAD /d1/130/AUTH_390dd1408bf04077a205fb4c4b69a4d9/gnocchi.1838e3b3-7f1b-473f-9e0e-e9b2eb1a8595" 204 - "HEAD http://172.18.0.2:8080/v1/AUTH_390dd1408bf04077a205fb4c4b69a4d9/gnocchi.1838e3b3-7f1b-473f-9e0e-e9b2eb1a8595?format=json&states=listing" "tx6107903874a34fd2a625b-00692d6cd3" "proxy-server 20" 0.0017 "-" 22 0
Dec 1 10:24:19 standalone proxy-server[129981]: - - 01/Dec/2025/10/24/19 HEAD /v1/AUTH_390dd1408bf04077a205fb4c4b69a4d9/gnocchi.1838e3b3-7f1b-473f-9e0e-e9b2eb1a8595%3Fformat%3Djson%26states%3Dlisting HTTP/1.0 204 - Swift - - - - tx6107903874a34fd2a625b-00692d6cd3 - 0.0049 RL - 1764584659.060576677 1764584659.065455437 0
Dec 1 10:24:19 standalone container-server[127852]: 172.20.0.100 - - [01/Dec/2025:10:24:19 +0000] "GET /d1/130/AUTH_390dd1408bf04077a205fb4c4b69a4d9/gnocchi.1838e3b3-7f1b-473f-9e0e-e9b2eb1a8595" 200 2 "GET http://172.18.0.2:8080/v1/AUTH_390dd1408bf04077a205fb4c4b69a4d9/gnocchi.1838e3b3-7f1b-473f-9e0e-e9b2eb1a8595?format=json&states=listing" "tx6107903874a34fd2a625b-00692d6cd3" "proxy-server 20" 0.0024 "-" 18 0
Dec 1 10:24:19 standalone proxy-server[129981]: 172.18.0.2 172.18.0.100 01/Dec/2025/10/24/19 GET /v1/AUTH_390dd1408bf04077a205fb4c4b69a4d9/gnocchi.1838e3b3-7f1b-473f-9e0e-e9b2eb1a8595%3Fformat%3Djson%26states%3Dlisting HTTP/1.0 200 - python-swiftclient-3.11.1 gAAAAABpLWwde6ma... - 2 - tx6107903874a34fd2a625b-00692d6cd3 - 0.0141 - - 1764584659.059509993 1764584659.073634624 0
Dec 1 10:24:19 standalone object-server[128048]: 172.20.0.100 - - [01/Dec/2025:10:24:19 +0000] "GET /d1/389/AUTH_390dd1408bf04077a205fb4c4b69a4d9/gnocchi.1838e3b3-7f1b-473f-9e0e-e9b2eb1a8595/1763640000.0_mean_300.0_v3" 404 70 "GET http://172.18.0.2:8080/v1/AUTH_390dd1408bf04077a205fb4c4b69a4d9/gnocchi.1838e3b3-7f1b-473f-9e0e-e9b2eb1a8595/1763640000.0_mean_300.0_v3" "tx657c59b762354553be510-00692d6cd3" "proxy-server 20" 0.0004 "-" 23 0
Dec 1 10:24:19 standalone proxy-server[129981]: 172.18.0.2 172.18.0.100 01/Dec/2025/10/24/19 GET /v1/AUTH_390dd1408bf04077a205fb4c4b69a4d9/gnocchi.1838e3b3-7f1b-473f-9e0e-e9b2eb1a8595/1763640000.0_mean_300.0_v3 HTTP/1.0 404 - python-swiftclient-3.11.1 gAAAAABpLWwde6ma... - 70 - tx657c59b762354553be510-00692d6cd3 - 0.0054 - - 1764584659.077658415 1764584659.083024025 0
Dec 1 10:24:19 standalone container-server[127872]: 172.20.0.100 - - [01/Dec/2025:10:24:19 +0000] "PUT /d1/130/AUTH_390dd1408bf04077a205fb4c4b69a4d9/gnocchi.1838e3b3-7f1b-473f-9e0e-e9b2eb1a8595/1763640000.0_mean_300.0_v3" 201 - "PUT http://172.18.0.2:8080/d1/389/AUTH_390dd1408bf04077a205fb4c4b69a4d9/gnocchi.1838e3b3-7f1b-473f-9e0e-e9b2eb1a8595/1763640000.0_mean_300.0_v3" "tx39e27a5b067b4f8889758-00692d6cd3" "object-server 21" 0.0007 "-" 21 0
Dec 1 10:24:19 standalone object-server[128046]: 172.20.0.100 - - [01/Dec/2025:10:24:19 +0000] "PUT /d1/389/AUTH_390dd1408bf04077a205fb4c4b69a4d9/gnocchi.1838e3b3-7f1b-473f-9e0e-e9b2eb1a8595/1763640000.0_mean_300.0_v3" 201 - "PUT http://172.18.0.2:8080/v1/AUTH_390dd1408bf04077a205fb4c4b69a4d9/gnocchi.1838e3b3-7f1b-473f-9e0e-e9b2eb1a8595/1763640000.0_mean_300.0_v3" "tx39e27a5b067b4f8889758-00692d6cd3" "proxy-server 20" 0.0089 "-" 21 0
Dec 1 10:24:19 standalone proxy-server[129981]: 172.18.0.2 172.18.0.100 01/Dec/2025/10/24/19 PUT /v1/AUTH_390dd1408bf04077a205fb4c4b69a4d9/gnocchi.1838e3b3-7f1b-473f-9e0e-e9b2eb1a8595/1763640000.0_mean_300.0_v3 HTTP/1.0 201 - python-swiftclient-3.11.1 gAAAAABpLWwde6ma... 16 - - tx39e27a5b067b4f8889758-00692d6cd3 - 0.0134 - - 1764584659.086433172 1764584659.099857330 0
Dec 1 10:24:19 standalone container-server[127872]: 172.20.0.100 - - [01/Dec/2025:10:24:19 +0000] "PUT /d1/130/AUTH_390dd1408bf04077a205fb4c4b69a4d9/gnocchi.1838e3b3-7f1b-473f-9e0e-e9b2eb1a8595/none_v3" 201 - "PUT http://172.18.0.2:8080/d1/542/AUTH_390dd1408bf04077a205fb4c4b69a4d9/gnocchi.1838e3b3-7f1b-473f-9e0e-e9b2eb1a8595/none_v3" "tx0fe137c3d48c4489a7dbe-00692d6cd3" "object-server 20" 0.0004 "-" 21 0
Dec 1 10:24:19 standalone object-server[128045]: 172.20.0.100 - - [01/Dec/2025:10:24:19 +0000] "PUT /d1/542/AUTH_390dd1408bf04077a205fb4c4b69a4d9/gnocchi.1838e3b3-7f1b-473f-9e0e-e9b2eb1a8595/none_v3" 201 - "PUT http://172.18.0.2:8080/v1/AUTH_390dd1408bf04077a205fb4c4b69a4d9/gnocchi.1838e3b3-7f1b-473f-9e0e-e9b2eb1a8595/none_v3" "tx0fe137c3d48c4489a7dbe-00692d6cd3" "proxy-server 20" 0.0093 "-" 20 0
Dec 1 10:24:19 standalone proxy-server[129981]: 172.18.0.2 172.18.0.100 01/Dec/2025/10/24/19 PUT /v1/AUTH_390dd1408bf04077a205fb4c4b69a4d9/gnocchi.1838e3b3-7f1b-473f-9e0e-e9b2eb1a8595/none_v3 HTTP/1.0 201 - python-swiftclient-3.11.1 gAAAAABpLWwde6ma... 22 - - tx0fe137c3d48c4489a7dbe-00692d6cd3 - 0.0162 - - 1764584659.102925539 1764584659.119119883 0
Dec 1 10:24:19 standalone container-server[127852]: 172.20.0.100 - - [01/Dec/2025:10:24:19 +0000] "HEAD /d1/56/AUTH_390dd1408bf04077a205fb4c4b69a4d9/gnocchi.d8fb9f33-2a38-4180-8441-b074ded1ef1e" 404 - "HEAD http://172.18.0.2:8080/v1/AUTH_390dd1408bf04077a205fb4c4b69a4d9/gnocchi.d8fb9f33-2a38-4180-8441-b074ded1ef1e?format=json&states=listing" "tx169a978e3ab445ca98381-00692d6cd3" "proxy-server 20" 0.0006 "-" 18 0
Dec 1 10:24:19 standalone object-server[128047]: 172.20.0.100 - - [01/Dec/2025:10:24:19 +0000] "GET /d1/626/AUTH_390dd1408bf04077a205fb4c4b69a4d9/gnocchi.d8fb9f33-2a38-4180-8441-b074ded1ef1e/none_v3" 404 70 "GET http://172.18.0.2:8080/v1/AUTH_390dd1408bf04077a205fb4c4b69a4d9/gnocchi.d8fb9f33-2a38-4180-8441-b074ded1ef1e/none_v3" "tx169a978e3ab445ca98381-00692d6cd3" "proxy-server 20" 0.0005 "-" 22 0
Dec 1 10:24:19 standalone proxy-server[129981]: 172.18.0.2 172.18.0.100 01/Dec/2025/10/24/19 GET /v1/AUTH_390dd1408bf04077a205fb4c4b69a4d9/gnocchi.d8fb9f33-2a38-4180-8441-b074ded1ef1e/none_v3 HTTP/1.0 404 - python-swiftclient-3.11.1 gAAAAABpLWwde6ma... - 70 - tx169a978e3ab445ca98381-00692d6cd3 - 0.0113 - - 1764584659.143373251 1764584659.154632330 0
