Dec 1 10:23:07 standalone object-server[128046]: 172.20.0.100 - - [01/Dec/2025:10:23:07 +0000] "GET /d1/536/AUTH_390dd1408bf04077a205fb4c4b69a4d9/gnocchi.a64d0280-8c7c-449f-b0e1-4d002f9e1ec0/1763640000.0_mean_300.0_v3" 404 70 "GET http://172.18.0.2:8080/v1/AUTH_390dd1408bf04077a205fb4c4b69a4d9/gnocchi.a64d0280-8c7c-449f-b0e1-4d002f9e1ec0/1763640000.0_mean_300.0_v3" "tx12c48407555740a4b9fac-00692d6c8b" "proxy-server 20" 0.0005 "-" 21 0
Dec 1 10:23:07 standalone proxy-server[129981]: 172.18.0.2 172.18.0.100 01/Dec/2025/10/23/07 GET /v1/AUTH_390dd1408bf04077a205fb4c4b69a4d9/gnocchi.a64d0280-8c7c-449f-b0e1-4d002f9e1ec0/1763640000.0_mean_300.0_v3 HTTP/1.0 404 - python-swiftclient-3.11.1 gAAAAABpLWwde6ma... - 70 - tx12c48407555740a4b9fac-00692d6c8b - 0.0085 - - 1764584587.493016720 1764584587.501551628 0
Dec 1 10:23:07 standalone container-server[127877]: 172.20.0.100 - - [01/Dec/2025:10:23:07 +0000] "PUT /d1/275/AUTH_390dd1408bf04077a205fb4c4b69a4d9/gnocchi.a64d0280-8c7c-449f-b0e1-4d002f9e1ec0/1763640000.0_mean_300.0_v3" 201 - "PUT http://172.18.0.2:8080/d1/536/AUTH_390dd1408bf04077a205fb4c4b69a4d9/gnocchi.a64d0280-8c7c-449f-b0e1-4d002f9e1ec0/1763640000.0_mean_300.0_v3" "tx004a062420ab422d92c6c-00692d6c8b" "object-server 21" 0.0006 "-" 22 0
Dec 1 10:23:07 standalone object-server[128046]: 172.20.0.100 - - [01/Dec/2025:10:23:07 +0000] "PUT /d1/536/AUTH_390dd1408bf04077a205fb4c4b69a4d9/gnocchi.a64d0280-8c7c-449f-b0e1-4d002f9e1ec0/1763640000.0_mean_300.0_v3" 201 - "PUT http://172.18.0.2:8080/v1/AUTH_390dd1408bf04077a205fb4c4b69a4d9/gnocchi.a64d0280-8c7c-449f-b0e1-4d002f9e1ec0/1763640000.0_mean_300.0_v3" "tx004a062420ab422d92c6c-00692d6c8b" "proxy-server 20" 0.0120 "-" 21 0
Dec 1 10:23:07 standalone proxy-server[129981]: 172.18.0.2 172.18.0.100 01/Dec/2025/10/23/07 PUT /v1/AUTH_390dd1408bf04077a205fb4c4b69a4d9/gnocchi.a64d0280-8c7c-449f-b0e1-4d002f9e1ec0/1763640000.0_mean_300.0_v3 HTTP/1.0 201 - python-swiftclient-3.11.1 gAAAAABpLWwde6ma... 16 - - tx004a062420ab422d92c6c-00692d6c8b - 0.0179 - - 1764584587.504005671 1764584587.521866322 0
Dec 1 10:23:07 standalone container-server[127841]: 172.20.0.100 - - [01/Dec/2025:10:23:07 +0000] "PUT /d1/275/AUTH_390dd1408bf04077a205fb4c4b69a4d9/gnocchi.a64d0280-8c7c-449f-b0e1-4d002f9e1ec0/none_v3" 201 - "PUT http://172.18.0.2:8080/d1/194/AUTH_390dd1408bf04077a205fb4c4b69a4d9/gnocchi.a64d0280-8c7c-449f-b0e1-4d002f9e1ec0/none_v3" "txa4094789f9954c40a16aa-00692d6c8b" "object-server 21" 0.0005 "-" 17 0
Dec 1 10:23:07 standalone object-server[128046]: 172.20.0.100 - - [01/Dec/2025:10:23:07 +0000] "PUT /d1/194/AUTH_390dd1408bf04077a205fb4c4b69a4d9/gnocchi.a64d0280-8c7c-449f-b0e1-4d002f9e1ec0/none_v3" 201 - "PUT http://172.18.0.2:8080/v1/AUTH_390dd1408bf04077a205fb4c4b69a4d9/gnocchi.a64d0280-8c7c-449f-b0e1-4d002f9e1ec0/none_v3" "txa4094789f9954c40a16aa-00692d6c8b" "proxy-server 20" 0.0128 "-" 21 0
Dec 1 10:23:07 standalone proxy-server[129981]: 172.18.0.2 172.18.0.100 01/Dec/2025/10/23/07 PUT /v1/AUTH_390dd1408bf04077a205fb4c4b69a4d9/gnocchi.a64d0280-8c7c-449f-b0e1-4d002f9e1ec0/none_v3 HTTP/1.0 201 - python-swiftclient-3.11.1 gAAAAABpLWwde6ma... 22 - - txa4094789f9954c40a16aa-00692d6c8b - 0.0207 - - 1764584587.525037766 1764584587.545742750 0
Dec 1 10:23:07 standalone object-server[128047]: 172.20.0.100 - - [01/Dec/2025:10:23:07 +0000] "GET /d1/194/AUTH_390dd1408bf04077a205fb4c4b69a4d9/gnocchi.a64d0280-8c7c-449f-b0e1-4d002f9e1ec0/none_v3" 200 22 "GET http://172.18.0.2:8080/v1/AUTH_390dd1408bf04077a205fb4c4b69a4d9/gnocchi.a64d0280-8c7c-449f-b0e1-4d002f9e1ec0/none_v3" "tx11422ee9156548f2a08b9-00692d6c8b" "proxy-server 20" 0.0008 "-" 22 0
Dec 1 10:23:07 standalone proxy-server[129981]: 172.18.0.2 172.18.0.100 01/Dec/2025/10/23/07 GET /v1/AUTH_390dd1408bf04077a205fb4c4b69a4d9/gnocchi.a64d0280-8c7c-449f-b0e1-4d002f9e1ec0/none_v3 HTTP/1.0 200 - python-swiftclient-3.11.1 gAAAAABpLWwde6ma... - 22 - tx11422ee9156548f2a08b9-00692d6c8b - 0.0104 - - 1764584587.608056068 1764584587.618502140 0
Dec 1 10:23:07 standalone container-server[127877]: 172.20.0.100 - - [01/Dec/2025:10:23:07 +0000] "GET /d1/275/AUTH_390dd1408bf04077a205fb4c4b69a4d9/gnocchi.a64d0280-8c7c-449f-b0e1-4d002f9e1ec0" 200 357 "GET http://172.18.0.2:8080/v1/AUTH_390dd1408bf04077a205fb4c4b69a4d9/gnocchi.a64d0280-8c7c-449f-b0e1-4d002f9e1ec0?format=json&states=listing" "tx8983322226c94d6f9b1c1-00692d6c8b" "proxy-server 20" 0.0092 "-" 22 0
Dec 1 10:23:07 standalone proxy-server[129981]: 172.18.0.2 172.18.0.100 01/Dec/2025/10/23/07 GET /v1/AUTH_390dd1408bf04077a205fb4c4b69a4d9/gnocchi.a64d0280-8c7c-449f-b0e1-4d002f9e1ec0%3Fformat%3Djson%26states%3Dlisting HTTP/1.0 200 - python-swiftclient-3.11.1 gAAAAABpLWwde6ma... - 357 - tx8983322226c94d6f9b1c1-00692d6c8b - 0.0219 - - 1764584587.624581337 1764584587.646465063 0
Dec 1 10:23:07 standalone container-server[127841]: 172.20.0.100 - - [01/Dec/2025:10:23:07 +0000] "GET /d1/275/AUTH_390dd1408bf04077a205fb4c4b69a4d9/gnocchi.a64d0280-8c7c-449f-b0e1-4d002f9e1ec0" 200 2 "GET http://172.18.0.2:8080/v1/AUTH_390dd1408bf04077a205fb4c4b69a4d9/gnocchi.a64d0280-8c7c-449f-b0e1-4d002f9e1ec0?format=json&marker=none_v3&states=listing" "tx60e8aa1cb2fb48d493b97-00692d6c8b" "proxy-server 20" 0.0022 "-" 17 0
Dec 1 10:23:07 standalone proxy-server[129981]: 172.18.0.2 172.18.0.100 01/Dec/2025/10/23/07 GET /v1/AUTH_390dd1408bf04077a205fb4c4b69a4d9/gnocchi.a64d0280-8c7c-449f-b0e1-4d002f9e1ec0%3Fformat%3Djson%26marker%3Dnone_v3%26states%3Dlisting HTTP/1.0 200 - python-swiftclient-3.11.1 gAAAAABpLWwde6ma... - 2 - tx60e8aa1cb2fb48d493b97-00692d6c8b - 0.0079 - - 1764584587.649872303 1764584587.657781839 0
Dec 1 10:23:07 standalone object-server[128046]: 172.20.0.100 - - [01/Dec/2025:10:23:07 +0000] "GET /d1/536/AUTH_390dd1408bf04077a205fb4c4b69a4d9/gnocchi.a64d0280-8c7c-449f-b0e1-4d002f9e1ec0/1763640000.0_mean_300.0_v3" 200 16 "GET http://172.18.0.2:8080/v1/AUTH_390dd1408bf04077a205fb4c4b69a4d9/gnocchi.a64d0280-8c7c-449f-b0e1-4d002f9e1ec0/1763640000.0_mean_300.0_v3" "txa6a7efc0bb1249af978c7-00692d6c8b" "proxy-server 20" 0.0008 "-" 21 0
Dec 1 10:23:07 standalone proxy-server[129981]: 172.18.0.2 172.18.0.100 01/Dec/2025/10/23/07 GET /v1/AUTH_390dd1408bf04077a205fb4c4b69a4d9/gnocchi.a64d0280-8c7c-449f-b0e1-4d002f9e1ec0/1763640000.0_mean_300.0_v3 HTTP/1.0 200 - python-swiftclient-3.11.1 gAAAAABpLWwde6ma... - 16 - txa6a7efc0bb1249af978c7-00692d6c8b - 0.0066 - - 1764584587.662942410 1764584587.669551611 0
Dec 1 10:23:07 standalone container-server[127872]: 172.20.0.100 - - [01/Dec/2025:10:23:07 +0000] "PUT /d1/275/AUTH_390dd1408bf04077a205fb4c4b69a4d9/gnocchi.a64d0280-8c7c-449f-b0e1-4d002f9e1ec0/1763640000.0_mean_300.0_v3" 201 - "PUT http://172.18.0.2:8080/d1/536/AUTH_390dd1408bf04077a205fb4c4b69a4d9/gnocchi.a64d0280-8c7c-449f-b0e1-4d002f9e1ec0/1763640000.0_mean_300.0_v3" "txd9a36a6a659343d789bec-00692d6c8b" "object-server 20" 0.0008 "-" 21 0
Dec 1 10:23:07 standalone object-server[128045]: 172.20.0.100 - - [01/Dec/2025:10:23:07 +0000] "PUT /d1/536/AUTH_390dd1408bf04077a205fb4c4b69a4d9/gnocchi.a64d0280-8c7c-449f-b0e1-4d002f9e1ec0/1763640000.0_mean_300.0_v3" 201 - "PUT http://172.18.0.2:8080/v1/AUTH_390dd1408bf04077a205fb4c4b69a4d9/gnocchi.a64d0280-8c7c-449f-b0e1-4d002f9e1ec0/1763640000.0_mean_300.0_v3" "txd9a36a6a659343d789bec-00692d6c8b" "proxy-server 20" 0.0115 "-" 20 0
Dec 1 10:23:07 standalone proxy-server[129981]: 172.18.0.2 172.18.0.100 01/Dec/2025/10/23/07 PUT /v1/AUTH_390dd1408bf04077a205fb4c4b69a4d9/gnocchi.a64d0280-8c7c-449f-b0e1-4d002f9e1ec0/1763640000.0_mean_300.0_v3 HTTP/1.0 201 - python-swiftclient-3.11.1 gAAAAABpLWwde6ma... 16 - - txd9a36a6a659343d789bec-00692d6c8b - 0.0175 - - 1764584587.672178507 1764584587.689702511 0
Dec 1 10:23:07 standalone container-server[127877]: 172.20.0.100 - - [01/Dec/2025:10:23:07 +0000] "PUT /d1/275/AUTH_390dd1408bf04077a205fb4c4b69a4d9/gnocchi.a64d0280-8c7c-449f-b0e1-4d002f9e1ec0/none_v3" 201 - "PUT http://172.18.0.2:8080/d1/194/AUTH_390dd1408bf04077a205fb4c4b69a4d9/gnocchi.a64d0280-8c7c-449f-b0e1-4d002f9e1ec0/none_v3" "tx220e5b223b6142fea33a7-00692d6c8b" "object-server 22" 0.0008 "-" 22 0
Dec 1 10:23:07 standalone object-server[128047]: 172.20.0.100 - - [01/Dec/2025:10:23:07 +0000] "PUT /d1/194/AUTH_390dd1408bf04077a205fb4c4b69a4d9/gnocchi.a64d0280-8c7c-449f-b0e1-4d002f9e1ec0/none_v3" 201 - "PUT http://172.18.0.2:8080/v1/AUTH_390dd1408bf04077a205fb4c4b69a4d9/gnocchi.a64d0280-8c7c-449f-b0e1-4d002f9e1ec0/none_v3" "tx220e5b223b6142fea33a7-00692d6c8b" "proxy-server 20" 0.0098 "-" 22 0
Dec 1 10:23:07 standalone proxy-server[129981]: 172.18.0.2 172.18.0.100 01/Dec/2025/10/23/07 PUT /v1/AUTH_390dd1408bf04077a205fb4c4b69a4d9/gnocchi.a64d0280-8c7c-449f-b0e1-4d002f9e1ec0/none_v3 HTTP/1.0 201 - python-swiftclient-3.11.1 gAAAAABpLWwde6ma... 31 - - tx220e5b223b6142fea33a7-00692d6c8b - 0.0154 - - 1764584587.692408800 1764584587.707846165 0
Dec 1 10:23:07 standalone object-server[128003]: Begin object update sweep
Dec 1 10:23:08 standalone object-server[232105]: Object update sweep starting on /srv/node/d1 (pid: 14)
Dec 1 10:23:08 standalone object-server[232105]: Object update sweep completed on /srv/node/d1 in 0.00s seconds:, 0 successes, 0 failures, 0 quarantines, 0 unlinks, 0 errors, 0 redirects (pid: 14)
Dec 1 10:23:08 standalone object-server[232105]: Object update sweep of d1 completed: 0.00s, 0 successes, 0 failures, 0 quarantines, 0 unlinks, 0 errors, 0 redirects
Dec 1 10:23:08 standalone object-server[128003]: Object update sweep completed: 0.08s
Dec 1 10:23:17 standalone object-server[128046]: 172.20.0.100 - - [01/Dec/2025:10:23:17 +0000] "GET /d1/854/AUTH_390dd1408bf04077a205fb4c4b69a4d9/gnocchi.f23c9a9c-c05a-4198-a605-11a3c9380b56/none_v3" 200 32 "GET http://172.18.0.2:8080/v1/AUTH_390dd1408bf04077a205fb4c4b69a4d9/gnocchi.f23c9a9c-c05a-4198-a605-11a3c9380b56/none_v3" "tx046e5c7cbefc49549000e-00692d6c95" "proxy-server 20" 0.0014 "-" 21 0
Dec 1 10:23:17 standalone proxy-server[129981]: 172.18.0.2 172.18.0.100 01/Dec/2025/10/23/17 GET /v1/AUTH_390dd1408bf04077a205fb4c4b69a4d9/gnocchi.f23c9a9c-c05a-4198-a605-11a3c9380b56/none_v3 HTTP/1.0 200 - python-swiftclient-3.11.1 gAAAAABpLWwde6ma... - 32 - tx046e5c7cbefc49549000e-00692d6c95 - 0.0112 - - 1764584597.713184357 1764584597.724393845 0
Dec 1 10:23:17 standalone container-server[127872]: 172.20.0.100 - - [01/Dec/2025:10:23:17 +0000] "GET /d1/302/AUTH_390dd1408bf04077a205fb4c4b69a4d9/gnocchi.f23c9a9c-c05a-4198-a605-11a3c9380b56" 200 357 "GET http://172.18.0.2:8080/v1/AUTH_390dd1408bf04077a205fb4c4b69a4d9/gnocchi.f23c9a9c-c05a-4198-a605-11a3c9380b56?format=json&states=listing" "txec7bc4fea0a24950a61c0-00692d6c95" "proxy-server 20" 0.0124 "-" 21 0
Dec 1 10:23:17 standalone proxy-server[129981]: 172.18.0.2 172.18.0.100 01/Dec/2025/10/23/17 GET /v1/AUTH_390dd1408bf04077a205fb4c4b69a4d9/gnocchi.f23c9a9c-c05a-4198-a605-11a3c9380b56%3Fformat%3Djson%26states%3Dlisting HTTP/1.0 200 - python-swiftclient-3.11.1 gAAAAABpLWwde6ma... - 357 - txec7bc4fea0a24950a61c0-00692d6c95 - 0.0230 - - 1764584597.729527473 1764584597.752545357 0
Dec 1 10:23:17 standalone container-server[127872]: 172.20.0.100 - - [01/Dec/2025:10:23:17 +0000] "GET /d1/302/AUTH_390dd1408bf04077a205fb4c4b69a4d9/gnocchi.f23c9a9c-c05a-4198-a605-11a3c9380b56" 200 2 "GET http://172.18.0.2:8080/v1/AUTH_390dd1408bf04077a205fb4c4b69a4d9/gnocchi.f23c9a9c-c05a-4198-a605-11a3c9380b56?format=json&marker=none_v3&states=listing" "txff00ef4927dd46acba481-00692d6c95" "proxy-server 20" 0.0029 "-" 21 0
Dec 1 10:23:17 standalone proxy-server[129981]: 172.18.0.2 172.18.0.100 01/Dec/2025/10/23/17 GET /v1/AUTH_390dd1408bf04077a205fb4c4b69a4d9/gnocchi.f23c9a9c-c05a-4198-a605-11a3c9380b56%3Fformat%3Djson%26marker%3Dnone_v3%26states%3Dlisting HTTP/1.0 200 - python-swiftclient-3.11.1 gAAAAABpLWwde6ma... - 2 - txff00ef4927dd46acba481-00692d6c95 - 0.0111 - - 1764584597.756973028 1764584597.768112898 0
Dec 1 10:23:17 standalone object-server[128045]: 172.20.0.100 - - [01/Dec/2025:10:23:17 +0000] "GET /d1/388/AUTH_390dd1408bf04077a205fb4c4b69a4d9/gnocchi.f23c9a9c-c05a-4198-a605-11a3c9380b56/1763640000.0_mean_300.0_v3" 200 16 "GET http://172.18.0.2:8080/v1/AUTH_390dd1408bf04077a205fb4c4b69a4d9/gnocchi.f23c9a9c-c05a-4198-a605-11a3c9380b56/1763640000.0_mean_300.0_v3" "txc39d03873cde4a36831fd-00692d6c95" "proxy-server 20" 0.0008 "-" 20 0
Dec 1 10:23:17 standalone proxy-server[129981]: 172.18.0.2 172.18.0.100 01/Dec/2025/10/23/17 GET /v1/AUTH_390dd1408bf04077a205fb4c4b69a4d9/gnocchi.f23c9a9c-c05a-4198-a605-11a3c9380b56/1763640000.0_mean_300.0_v3 HTTP/1.0 200 - python-swiftclient-3.11.1 gAAAAABpLWwde6ma... - 16 - txc39d03873cde4a36831fd-00692d6c95 - 0.0081 - - 1764584597.772538900 1764584597.780662537 0
Dec 1 10:23:17 standalone container-server[127877]: 172.20.0.100 - - [01/Dec/2025:10:23:17 +0000] "PUT /d1/302/AUTH_390dd1408bf04077a205fb4c4b69a4d9/gnocchi.f23c9a9c-c05a-4198-a605-11a3c9380b56/1763640000.0_mean_300.0_v3" 201 - "PUT http://172.18.0.2:8080/d1/388/AUTH_390dd1408bf04077a205fb4c4b69a4d9/gnocchi.f23c9a9c-c05a-4198-a605-11a3c9380b56/1763640000.0_mean_300.0_v3" "tx1bb3967ba47342ebb03f0-00692d6c95" "object-server 22" 0.0008 "-" 22 0
Dec 1 10:23:17 standalone object-server[128047]: 172.20.0.100 - - [01/Dec/2025:10:23:17 +0000] "PUT /d1/388/AUTH_390dd1408bf04077a205fb4c4b69a4d9/gnocchi.f23c9a9c-c05a-4198-a605-11a3c9380b56/1763640000.0_mean_300.0_v3" 201 - "PUT http://172.18.0.2:8080/v1/AUTH_390dd1408bf04077a205fb4c4b69a4d9/gnocchi.f23c9a9c-c05a-4198-a605-11a3c9380b56/1763640000.0_mean_300.0_v3" "tx1bb3967ba47342ebb03f0-00692d6c95" "proxy-server 20" 0.0127 "-" 22 0
Dec 1 10:23:17 standalone proxy-server[129981]: 172.18.0.2 172.18.0.100 01/Dec/2025/10/23/17 PUT /v1/AUTH_390dd1408bf04077a205fb4c4b69a4d9/gnocchi.f23c9a9c-c05a-4198-a605-11a3c9380b56/1763640000.0_mean_300.0_v3 HTTP/1.0 201 - python-swiftclient-3.11.1 gAAAAABpLWwde6ma... 16 - - tx1bb3967ba47342ebb03f0-00692d6c95 - 0.0210 - - 1764584597.785204411 1764584597.806242704 0
Dec 1 10:23:17 standalone container-server[127872]: 172.20.0.100 - - [01/Dec/2025:10:23:17 +0000] "PUT /d1/302/AUTH_390dd1408bf04077a205fb4c4b69a4d9/gnocchi.f23c9a9c-c05a-4198-a605-11a3c9380b56/none_v3" 201 - "PUT http://172.18.0.2:8080/d1/854/AUTH_390dd1408bf04077a205fb4c4b69a4d9/gnocchi.f23c9a9c-c05a-4198-a605-11a3c9380b56/none_v3" "txb705c5b3562f439798a72-00692d6c95" "object-server 21" 0.0009 "-" 21 0
Dec 1 10:23:17 standalone object-server[128046]: 172.20.0.100 - - [01/Dec/2025:10:23:17 +0000] "PUT /d1/854/AUTH_390dd1408bf04077a205fb4c4b69a4d9/gnocchi.f23c9a9c-c05a-4198-a605-11a3c9380b56/none_v3" 201 - "PUT http://172.18.0.2:8080/v1/AUTH_390dd1408bf04077a205fb4c4b69a4d9/gnocchi.f23c9a9c-c05a-4198-a605-11a3c9380b56/none_v3" "txb705c5b3562f439798a72-00692d6c95" "proxy-server 20" 0.0127 "-" 21 0
Dec 1 10:23:17 standalone proxy-server[129981]: 172.18.0.2 172.18.0.100 01/Dec/2025/10/23/17 PUT /v1/AUTH_390dd1408bf04077a205fb4c4b69a4d9/gnocchi.f23c9a9c-c05a-4198-a605-11a3c9380b56/none_v3 HTTP/1.0 201 - python-swiftclient-3.11.1 gAAAAABpLWwde6ma... 46 - - txb705c5b3562f439798a72-00692d6c95 - 0.0214 - - 1764584597.810295582 1764584597.831675291 0
Dec 1 10:23:18 standalone account-server[127873]: 172.20.0.100 - - [01/Dec/2025:10:23:18 +0000] "HEAD /d1/340/AUTH_390dd1408bf04077a205fb4c4b69a4d9" 204 - "HEAD http://172.18.0.2:8080/v1/AUTH_390dd1408bf04077a205fb4c4b69a4d9?format=json" "tx7411d8520b7741efb666c-00692d6c96" "proxy-server 20" 0.0079 "-" 20 -
Dec 1 10:23:18 standalone proxy-server[129981]: - - 01/Dec/2025/10/23/18 HEAD /v1/AUTH_390dd1408bf04077a205fb4c4b69a4d9%3Fformat%3Djson HTTP/1.0 204 - Swift - - - - tx7411d8520b7741efb666c-00692d6c96 - 0.0145 RL - 1764584598.844072819 1764584598.858597279 -
Dec 1 10:23:18 standalone object-server[128045]: 172.20.0.100 - - [01/Dec/2025:10:23:18 +0000] "GET /d1/854/AUTH_390dd1408bf04077a205fb4c4b69a4d9/gnocchi.f23c9a9c-c05a-4198-a605-11a3c9380b56/none_v3" 200 46 "GET http://172.18.0.2:8080/v1/AUTH_390dd1408bf04077a205fb4c4b69a4d9/gnocchi.f23c9a9c-c05a-4198-a605-11a3c9380b56/none_v3" "tx7411d8520b7741efb666c-00692d6c96" "proxy-server 20" 0.0011 "-" 20 0
Dec 1 10:23:18 standalone proxy-server[129981]: 172.18.0.2 172.18.0.100 01/Dec/2025/10/23/18 GET /v1/AUTH_390dd1408bf04077a205fb4c4b69a4d9/gnocchi.f23c9a9c-c05a-4198-a605-11a3c9380b56/none_v3 HTTP/1.0 200 - python-swiftclient-3.11.1 gAAAAABpLWwde6ma... - 46 - tx7411d8520b7741efb666c-00692d6c96 - 0.0220 - - 1764584598.843388557 1764584598.865433693 0
Dec 1 10:23:18 standalone container-server[127872]: 172.20.0.100 - - [01/Dec/2025:10:23:18 +0000] "GET /d1/302/AUTH_390dd1408bf04077a205fb4c4b69a4d9/gnocchi.f23c9a9c-c05a-4198-a605-11a3c9380b56" 200 357 "GET http://172.18.0.2:8080/v1/AUTH_390dd1408bf04077a205fb4c4b69a4d9/gnocchi.f23c9a9c-c05a-4198-a605-11a3c9380b56?format=json&states=listing" "txaf6bab85adf94f0589d01-00692d6c96" "proxy-server 20" 0.0097 "-" 21 0
Dec 1 10:23:18 standalone proxy-server[129981]: 172.18.0.2 172.18.0.100 01/Dec/2025/10/23/18 GET /v1/AUTH_390dd1408bf04077a205fb4c4b69a4d9/gnocchi.f23c9a9c-c05a-4198-a605-11a3c9380b56%3Fformat%3Djson%26states%3Dlisting HTTP/1.0 200 - python-swiftclient-3.11.1 gAAAAABpLWwde6ma... - 357 - txaf6bab85adf94f0589d01-00692d6c96 - 0.0150 - - 1764584598.872371197 1764584598.887412071 0
Dec 1 10:23:18 standalone container-server[127841]: 172.20.0.100 - - [01/Dec/2025:10:23:18 +0000] "GET /d1/302/AUTH_390dd1408bf04077a205fb4c4b69a4d9/gnocchi.f23c9a9c-c05a-4198-a605-11a3c9380b56" 200 2 "GET http://172.18.0.2:8080/v1/AUTH_390dd1408bf04077a205fb4c4b69a4d9/gnocchi.f23c9a9c-c05a-4198-a605-11a3c9380b56?format=json&marker=none_v3&states=listing" "txc8cf487e8e86457382dde-00692d6c96" "proxy-server 20" 0.0037 "-" 17 0
Dec 1 10:23:18 standalone proxy-server[129981]: 172.18.0.2 172.18.0.100 01/Dec/2025/10/23/18 GET /v1/AUTH_390dd1408bf04077a205fb4c4b69a4d9/gnocchi.f23c9a9c-c05a-4198-a605-11a3c9380b56%3Fformat%3Djson%26marker%3Dnone_v3%26states%3Dlisting HTTP/1.0 200 - python-swiftclient-3.11.1 gAAAAABpLWwde6ma... - 2 - txc8cf487e8e86457382dde-00692d6c96 - 0.0087 - - 1764584598.890665531 1764584598.899327517 0
Dec 1 10:23:18 standalone object-server[128045]: 172.20.0.100 - - [01/Dec/2025:10:23:18 +0000] "GET /d1/388/AUTH_390dd1408bf04077a205fb4c4b69a4d9/gnocchi.f23c9a9c-c05a-4198-a605-11a3c9380b56/1763640000.0_mean_300.0_v3" 200 16 "GET http://172.18.0.2:8080/v1/AUTH_390dd1408bf04077a205fb4c4b69a4d9/gnocchi.f23c9a9c-c05a-4198-a605-11a3c9380b56/1763640000.0_mean_300.0_v3" "txa97910b53607426f9e53c-00692d6c96" "proxy-server 20" 0.0010 "-" 20 0
Dec 1 10:23:18 standalone proxy-server[129981]: 172.18.0.2 172.18.0.100 01/Dec/2025/10/23/18 GET /v1/AUTH_390dd1408bf04077a205fb4c4b69a4d9/gnocchi.f23c9a9c-c05a-4198-a605-11a3c9380b56/1763640000.0_mean_300.0_v3 HTTP/1.0 200 - python-swiftclient-3.11.1 gAAAAABpLWwde6ma... - 16 - txa97910b53607426f9e53c-00692d6c96 - 0.0058 - - 1764584598.903788090 1764584598.909606695 0
Dec 1 10:23:18 standalone container-server[127872]: 172.20.0.100 - - [01/Dec/2025:10:23:18 +0000] "PUT /d1/302/AUTH_390dd1408bf04077a205fb4c4b69a4d9/gnocchi.f23c9a9c-c05a-4198-a605-11a3c9380b56/1763640000.0_mean_300.0_v3" 201 - "PUT http://172.18.0.2:8080/d1/388/AUTH_390dd1408bf04077a205fb4c4b69a4d9/gnocchi.f23c9a9c-c05a-4198-a605-11a3c9380b56/1763640000.0_mean_300.0_v3" "txa842d329a2174739abf25-00692d6c96" "object-server 21" 0.0007 "-" 21 0
Dec 1 10:23:18 standalone object-server[128046]: 172.20.0.100 - - [01/Dec/2025:10:23:18 +0000] "PUT /d1/388/AUTH_390dd1408bf04077a205fb4c4b69a4d9/gnocchi.f23c9a9c-c05a-4198-a605-11a3c9380b56/1763640000.0_mean_300.0_v3" 201 - "PUT http://172.18.0.2:8080/v1/AUTH_390dd1408bf04077a205fb4c4b69a4d9/gnocchi.f23c9a9c-c05a-4198-a605-11a3c9380b56/1763640000.0_mean_300.0_v3" "txa842d329a2174739abf25-00692d6c96" "proxy-server 20" 0.0094 "-" 21 0
Dec 1 10:23:18 standalone proxy-server[129981]: 172.18.0.2 172.18.0.100 01/Dec/2025/10/23/18 PUT /v1/AUTH_390dd1408bf04077a205fb4c4b69a4d9/gnocchi.f23c9a9c-c05a-4198-a605-11a3c9380b56/1763640000.0_mean_300.0_v3 HTTP/1.0 201 - python-swiftclient-3.11.1 gAAAAABpLWwde6ma... 16 - - txa842d329a2174739abf25-00692d6c96 - 0.0135 - - 1764584598.913970470 1764584598.927463770 0
Dec 1 10:23:18 standalone container-server[127841]: 172.20.0.100 - - [01/Dec/2025:10:23:18 +0000] "PUT /d1/302/AUTH_390dd1408bf04077a205fb4c4b69a4d9/gnocchi.f23c9a9c-c05a-4198-a605-11a3c9380b56/none_v3" 201 - "PUT http://172.18.0.2:8080/d1/854/AUTH_390dd1408bf04077a205fb4c4b69a4d9/gnocchi.f23c9a9c-c05a-4198-a605-11a3c9380b56/none_v3" "tx55eebc6007494a2ea483b-00692d6c96" "object-server 23" 0.0006 "-" 17 0
Dec 1 10:23:18 standalone object-server[128048]: 172.20.0.100 - - [01/Dec/2025:10:23:18 +0000] "PUT /d1/854/AUTH_390dd1408bf04077a205fb4c4b69a4d9/gnocchi.f23c9a9c-c05a-4198-a605-11a3c9380b56/none_v3" 201 - "PUT http://172.18.0.2:8080/v1/AUTH_390dd1408bf04077a205fb4c4b69a4d9/gnocchi.f23c9a9c-c05a-4198-a605-11a3c9380b56/none_v3" "tx55eebc6007494a2ea483b-00692d6c96" "proxy-server 20" 0.0099 "-" 23 0
Dec 1 10:23:18 standalone proxy-server[129981]: 172.18.0.2 172.18.0.100 01/Dec/2025/10/23/18 PUT /v1/AUTH_390dd1408bf04077a205fb4c4b69a4d9/gnocchi.f23c9a9c-c05a-4198-a605-11a3c9380b56/none_v3 HTTP/1.0 201 - python-swiftclient-3.11.1 gAAAAABpLWwde6ma... 51 - - tx55eebc6007494a2ea483b-00692d6c96 - 0.0149 - - 1764584598.929784536 1764584598.944683313 0
Dec 1 10:23:18 standalone object-server[128045]: 172.20.0.100 - - [01/Dec/2025:10:23:18 +0000] "GET /d1/11/AUTH_390dd1408bf04077a205fb4c4b69a4d9/gnocchi.bd28a981-2eea-4976-b6b8-af354c6a4d7d/none_v3" 200 22 "GET http://172.18.0.2:8080/v1/AUTH_390dd1408bf04077a205fb4c4b69a4d9/gnocchi.bd28a981-2eea-4976-b6b8-af354c6a4d7d/none_v3" "tx47f0d9b485ba472983665-00692d6c96" "proxy-server 20" 0.0010 "-" 20 0
Dec 1 10:23:18 standalone proxy-server[129981]: 172.18.0.2 172.18.0.100 01/Dec/2025/10/23/18 GET /v1/AUTH_390dd1408bf04077a205fb4c4b69a4d9/gnocchi.bd28a981-2eea-4976-b6b8-af354c6a4d7d/none_v3 HTTP/1.0 200 - python-swiftclient-3.11.1 gAAAAABpLWwde6ma... - 22 - tx47f0d9b485ba472983665-00692d6c96 - 0.0061 - - 1764584598.955626011 1764584598.961716652 0
Dec 1 10:23:18 standalone container-server[127852]: 172.20.0.100 - - [01/Dec/2025:10:23:18 +0000] "GET /d1/658/AUTH_390dd1408bf04077a205fb4c4b69a4d9/gnocchi.bd28a981-2eea-4976-b6b8-af354c6a4d7d" 200 357 "GET http://172.18.0.2:8080/v1/AUTH_390dd1408bf04077a205fb4c4b69a4d9/gnocchi.bd28a981-2eea-4976-b6b8-af354c6a4d7d?format=json&states=listing" "tx952b0748f0734e57aab62-00692d6c96" "proxy-server 20" 0.0089 "-" 18 0
Dec 1 10:23:18 standalone proxy-server[129981]: 172.18.0.2 172.18.0.100 01/Dec/2025/10/23/18 GET /v1/AUTH_390dd1408bf04077a205fb4c4b69a4d9/gnocchi.bd28a981-2eea-4976-b6b8-af354c6a4d7d%3Fformat%3Djson%26states%3Dlisting HTTP/1.0 200 - python-swiftclient-3.11.1 gAAAAABpLWwde6ma... - 357 - tx952b0748f0734e57aab62-00692d6c96 - 0.0156 - - 1764584598.965033293 1764584598.980630159 0
Dec 1 10:23:18 standalone container-server[127852]: 172.20.0.100 - - [01/Dec/2025:10:23:18 +0000] "GET /d1/658/AUTH_390dd1408bf04077a205fb4c4b69a4d9/gnocchi.bd28a981-2eea-4976-b6b8-af354c6a4d7d" 200 2 "GET http://172.18.0.2:8080/v1/AUTH_390dd1408bf04077a205fb4c4b69a4d9/gnocchi.bd28a981-2eea-4976-b6b8-af354c6a4d7d?format=json&marker=none_v3&states=listing" "tx7a0a2169326c4d929dc28-00692d6c96" "proxy-server 20" 0.0032 "-" 18 0
Dec 1 10:23:18 standalone proxy-server[129981]: 172.18.0.2 172.18.0.100 01/Dec/2025/10/23/18 GET /v1/AUTH_390dd1408bf04077a205fb4c4b69a4d9/gnocchi.bd28a981-2eea-4976-b6b8-af354c6a4d7d%3Fformat%3Djson%26marker%3Dnone_v3%26states%3Dlisting HTTP/1.0 200 - python-swiftclient-3.11.1 gAAAAABpLWwde6ma... - 2 - tx7a0a2169326c4d929dc28-00692d6c96 - 0.0080 - - 1764584598.982840300 1764584598.990884304 0
Dec 1 10:23:18 standalone object-server[128048]: 172.20.0.100 - - [01/Dec/2025:10:23:18 +0000] "GET /d1/708/AUTH_390dd1408bf04077a205fb4c4b69a4d9/gnocchi.bd28a981-2eea-4976-b6b8-af354c6a4d7d/1763640000.0_mean_300.0_v3" 200 16 "GET http://172.18.0.2:8080/v1/AUTH_390dd1408bf04077a205fb4c4b69a4d9/gnocchi.bd28a981-2eea-4976-b6b8-af354c6a4d7d/1763640000.0_mean_300.0_v3" "tx97b1d9864c314acbae8e9-00692d6c96" "proxy-server 20" 0.0010 "-" 23 0
Dec 1 10:23:18 standalone proxy-server[129981]: 172.18.0.2 172.18.0.100 01/Dec/2025/10/23/18 GET /v1/AUTH_390dd1408bf04077a205fb4c4b69a4d9/gnocchi.bd28a981-2eea-4976-b6b8-af354c6a4d7d/1763640000.0_mean_300.0_v3 HTTP/1.0 200 - python-swiftclient-3.11.1 gAAAAABpLWwde6ma... - 16 - tx97b1d9864c314acbae8e9-00692d6c96 - 0.0059 - - 1764584598.993691921 1764584598.999553442 0
Dec 1 10:23:19 standalone container-server[127841]: 172.20.0.100 - - [01/Dec/2025:10:23:19 +0000] "PUT /d1/658/AUTH_390dd1408bf04077a205fb4c4b69a4d9/gnocchi.bd28a981-2eea-4976-b6b8-af354c6a4d7d/1763640000.0_mean_300.0_v3" 201 - "PUT http://172.18.0.2:8080/d1/708/AUTH_390dd1408bf04077a205fb4c4b69a4d9/gnocchi.bd28a981-2eea-4976-b6b8-af354c6a4d7d/1763640000.0_mean_300.0_v3" "tx54337d3d6bde4e0fb5e03-00692d6c97" "object-server 22" 0.0006 "-" 17 0
Dec 1 10:23:19 standalone object-server[128047]: 172.20.0.100 - - [01/Dec/2025:10:23:19 +0000] "PUT /d1/708/AUTH_390dd1408bf04077a205fb4c4b69a4d9/gnocchi.bd28a981-2eea-4976-b6b8-af354c6a4d7d/1763640000.0_mean_300.0_v3" 201 - "PUT http://172.18.0.2:8080/v1/AUTH_390dd1408bf04077a205fb4c4b69a4d9/gnocchi.bd28a981-2eea-4976-b6b8-af354c6a4d7d/1763640000.0_mean_300.0_v3" "tx54337d3d6bde4e0fb5e03-00692d6c97" "proxy-server 20" 0.0107 "-" 22 0
Dec 1 10:23:19 standalone proxy-server[129981]: 172.18.0.2 172.18.0.100 01/Dec/2025/10/23/19 PUT /v1/AUTH_390dd1408bf04077a205fb4c4b69a4d9/gnocchi.bd28a981-2eea-4976-b6b8-af354c6a4d7d/1763640000.0_mean_300.0_v3 HTTP/1.0 201 - python-swiftclient-3.11.1 gAAAAABpLWwde6ma... 16 - - tx54337d3d6bde4e0fb5e03-00692d6c97 - 0.0168 - - 1764584599.001951933 1764584599.018738031 0
Dec 1 10:23:19 standalone container-server[127841]: 172.20.0.100 - - [01/Dec/2025:10:23:19 +0000] "PUT /d1/658/AUTH_390dd1408bf04077a205fb4c4b69a4d9/gnocchi.bd28a981-2eea-4976-b6b8-af354c6a4d7d/none_v3" 201 - "PUT http://172.18.0.2:8080/d1/11/AUTH_390dd1408bf04077a205fb4c4b69a4d9/gnocchi.bd28a981-2eea-4976-b6b8-af354c6a4d7d/none_v3" "txcb68d199beef439bad5fa-00692d6c97" "object-server 20" 0.0005 "-" 17 0
Dec 1 10:23:19 standalone object-server[128045]: 172.20.0.100 - - [01/Dec/2025:10:23:19 +0000] "PUT /d1/11/AUTH_390dd1408bf04077a205fb4c4b69a4d9/gnocchi.bd28a981-2eea-4976-b6b8-af354c6a4d7d/none_v3" 201 - "PUT http://172.18.0.2:8080/v1/AUTH_390dd1408bf04077a205fb4c4b69a4d9/gnocchi.bd28a981-2eea-4976-b6b8-af354c6a4d7d/none_v3" "txcb68d199beef439bad5fa-00692d6c97" "proxy-server 20" 0.0100 "-" 20 0
Dec 1 10:23:19 standalone proxy-server[129981]: 172.18.0.2 172.18.0.100 01/Dec/2025/10/23/19 PUT /v1/AUTH_390dd1408bf04077a205fb4c4b69a4d9/gnocchi.bd28a981-2eea-4976-b6b8-af354c6a4d7d/none_v3 HTTP/1.0 201 - python-swiftclient-3.11.1 gAAAAABpLWwde6ma... 32 - - txcb68d199beef439bad5fa-00692d6c97 - 0.0178 - - 1764584599.022106886 1764584599.039882183 0
Dec 1 10:23:19 standalone object-server[128048]: 172.20.0.100 - - [01/Dec/2025:10:23:19 +0000] "GET /d1/556/AUTH_390dd1408bf04077a205fb4c4b69a4d9/gnocchi.94210d44-0468-477f-9f39-be63201d0c7c/none_v3" 200 22 "GET http://172.18.0.2:8080/v1/AUTH_390dd1408bf04077a205fb4c4b69a4d9/gnocchi.94210d44-0468-477f-9f39-be63201d0c7c/none_v3" "txf49528b126804ba88f9ef-00692d6c97" "proxy-server 20" 0.0010 "-" 23 0
Dec 1 10:23:19 standalone proxy-server[129981]: 172.18.0.2 172.18.0.100 01/Dec/2025/10/23/19 GET /v1/AUTH_390dd1408bf04077a205fb4c4b69a4d9/gnocchi.94210d44-0468-477f-9f39-be63201d0c7c/none_v3 HTTP/1.0 200 - python-swiftclient-3.11.1 gAAAAABpLWwde6ma... - 22 - txf49528b126804ba88f9ef-00692d6c97 - 0.0085 - - 1764584599.049115181 1764584599.057623386 0
Dec 1 10:23:19 standalone container-server[127872]: 172.20.0.100 - - [01/Dec/2025:10:23:19 +0000] "GET /d1/66/AUTH_390dd1408bf04077a205fb4c4b69a4d9/gnocchi.94210d44-0468-477f-9f39-be63201d0c7c" 200 357 "GET http://172.18.0.2:8080/v1/AUTH_390dd1408bf04077a205fb4c4b69a4d9/gnocchi.94210d44-0468-477f-9f39-be63201d0c7c?format=json&states=listing" "tx08bb9bbaae9c40bb81363-00692d6c97" "proxy-server 20" 0.0073 "-" 21 0
Dec 1 10:23:19 standalone proxy-server[129981]: 172.18.0.2 172.18.0.100 01/Dec/2025/10/23/19 GET /v1/AUTH_390dd1408bf04077a205fb4c4b69a4d9/gnocchi.94210d44-0468-477f-9f39-be63201d0c7c%3Fformat%3Djson%26states%3Dlisting HTTP/1.0 200 - python-swiftclient-3.11.1 gAAAAABpLWwde6ma... - 357 - tx08bb9bbaae9c40bb81363-00692d6c97 - 0.0137 - - 1764584599.060668230 1764584599.074399471 0
Dec 1 10:23:19 standalone container-server[127841]: 172.20.0.100 - - [01/Dec/2025:10:23:19 +0000] "GET /d1/66/AUTH_390dd1408bf04077a205fb4c4b69a4d9/gnocchi.94210d44-0468-477f-9f39-be63201d0c7c" 200 2 "GET http://172.18.0.2:8080/v1/AUTH_390dd1408bf04077a205fb4c4b69a4d9/gnocchi.94210d44-0468-477f-9f39-be63201d0c7c?format=json&marker=none_v3&states=listing" "tx459636cc6a43468e9a88b-00692d6c97" "proxy-server 20" 0.0023 "-" 17 0
Dec 1 10:23:19 standalone proxy-server[129981]: 172.18.0.2 172.18.0.100 01/Dec/2025/10/23/19 GET /v1/AUTH_390dd1408bf04077a205fb4c4b69a4d9/gnocchi.94210d44-0468-477f-9f39-be63201d0c7c%3Fformat%3Djson%26marker%3Dnone_v3%26states%3Dlisting HTTP/1.0 200 - python-swiftclient-3.11.1 gAAAAABpLWwde6ma... - 2 - tx459636cc6a43468e9a88b-00692d6c97 - 0.0086 - - 1764584599.077199697 1764584599.085782528 0
Dec 1 10:23:19 standalone object-server[128045]: 172.20.0.100 - - [01/Dec/2025:10:23:19 +0000] "GET /d1/798/AUTH_390dd1408bf04077a205fb4c4b69a4d9/gnocchi.94210d44-0468-477f-9f39-be63201d0c7c/1763640000.0_mean_300.0_v3" 200 16 "GET http://172.18.0.2:8080/v1/AUTH_390dd1408bf04077a205fb4c4b69a4d9/gnocchi.94210d44-0468-477f-9f39-be63201d0c7c/1763640000.0_mean_300.0_v3" "tx916d4096d5fe4066816d2-00692d6c97" "proxy-server 20" 0.0009 "-" 20 0
Dec 1 10:23:19 standalone proxy-server[129981]: 172.18.0.2 172.18.0.100 01/Dec/2025/10/23/19 GET /v1/AUTH_390dd1408bf04077a205fb4c4b69a4d9/gnocchi.94210d44-0468-477f-9f39-be63201d0c7c/1763640000.0_mean_300.0_v3 HTTP/1.0 200 - python-swiftclient-3.11.1 gAAAAABpLWwde6ma... - 16 - tx916d4096d5fe4066816d2-00692d6c97 - 0.0068 - - 1764584599.089118719 1764584599.095869780 0
Dec 1 10:23:19 standalone container-server[127872]: 172.20.0.100 - - [01/Dec/2025:10:23:19 +0000] "PUT /d1/66/AUTH_390dd1408bf04077a205fb4c4b69a4d9/gnocchi.94210d44-0468-477f-9f39-be63201d0c7c/1763640000.0_mean_300.0_v3" 201 - "PUT http://172.18.0.2:8080/d1/798/AUTH_390dd1408bf04077a205fb4c4b69a4d9/gnocchi.94210d44-0468-477f-9f39-be63201d0c7c/1763640000.0_mean_300.0_v3" "txf6a343c92cf74cb2aa909-00692d6c97" "object-server 21" 0.0006 "-" 21 0
Dec 1 10:23:19 standalone object-server[128046]: 172.20.0.100 - - [01/Dec/2025:10:23:19 +0000] "PUT /d1/798/AUTH_390dd1408bf04077a205fb4c4b69a4d9/gnocchi.94210d44-0468-477f-9f39-be63201d0c7c/1763640000.0_mean_300.0_v3" 201 - "PUT http://172.18.0.2:8080/v1/AUTH_390dd1408bf04077a205fb4c4b69a4d9/gnocchi.94210d44-0468-477f-9f39-be63201d0c7c/1763640000.0_mean_300.0_v3" "txf6a343c92cf74cb2aa909-00692d6c97" "proxy-server 20" 0.0103 "-" 21 0
Dec 1 10:23:19 standalone proxy-server[129981]: 172.18.0.2 172.18.0.100 01/Dec/2025/10/23/19 PUT /v1/AUTH_390dd1408bf04077a205fb4c4b69a4d9/gnocchi.94210d44-0468-477f-9f39-be63201d0c7c/1763640000.0_mean_300.0_v3 HTTP/1.0 201 - python-swiftclient-3.11.1 gAAAAABpLWwde6ma... 16 - - txf6a343c92cf74cb2aa909-00692d6c97 - 0.0175 - - 1764584599.098636389 1764584599.116099358 0
Dec 1 10:23:19 standalone container-server[127841]: 172.20.0.100 - - [01/Dec/2025:10:23:19 +0000] "PUT /d1/66/AUTH_390dd1408bf04077a205fb4c4b69a4d9/gnocchi.94210d44-0468-477f-9f39-be63201d0c7c/none_v3" 201 - "PUT http://172.18.0.2:8080/d1/556/AUTH_390dd1408bf04077a205fb4c4b69a4d9/gnocchi.94210d44-0468-477f-9f39-be63201d0c7c/none_v3" "txf313891bb5214379804f7-00692d6c97" "object-server 20" 0.0005 "-" 17 0
Dec 1 10:23:19 standalone object-server[128045]: 172.20.0.100 - - [01/Dec/2025:10:23:19 +0000] "PUT /d1/556/AUTH_390dd1408bf04077a205fb4c4b69a4d9/gnocchi.94210d44-0468-477f-9f39-be63201d0c7c/none_v3" 201 - "PUT http://172.18.0.2:8080/v1/AUTH_390dd1408bf04077a205fb4c4b69a4d9/gnocchi.94210d44-0468-477f-9f39-be63201d0c7c/none_v3" "txf313891bb5214379804f7-00692d6c97" "proxy-server 20" 0.0099 "-" 20 0
Dec 1 10:23:19 standalone proxy-server[129981]: 172.18.0.2 172.18.0.100 01/Dec/2025/10/23/19 PUT /v1/AUTH_390dd1408bf04077a205fb4c4b69a4d9/gnocchi.94210d44-0468-477f-9f39-be63201d0c7c/none_v3 HTTP/1.0 201 - python-swiftclient-3.11.1 gAAAAABpLWwde6ma... 32 - - txf313891bb5214379804f7-00692d6c97 - 0.0158 - - 1764584599.119003057 1764584599.134765387 0
Dec 1 10:23:19 standalone object-server[128045]: 172.20.0.100 - - [01/Dec/2025:10:23:19 +0000] "GET /d1/829/AUTH_390dd1408bf04077a205fb4c4b69a4d9/gnocchi.bc32ac2a-6c5c-4399-8f1a-54519db7bf16/none_v3" 200 22 "GET http://172.18.0.2:8080/v1/AUTH_390dd1408bf04077a205fb4c4b69a4d9/gnocchi.bc32ac2a-6c5c-4399-8f1a-54519db7bf16/none_v3" "txf707d45d44cc489f83245-00692d6c97" "proxy-server 20" 0.0023 "-" 20 0
Dec 1 10:23:19 standalone proxy-server[129981]: 172.18.0.2 172.18.0.100 01/Dec/2025/10/23/19 GET /v1/AUTH_390dd1408bf04077a205fb4c4b69a4d9/gnocchi.bc32ac2a-6c5c-4399-8f1a-54519db7bf16/none_v3 HTTP/1.0 200 - python-swiftclient-3.11.1 gAAAAABpLWwde6ma... - 22 - txf707d45d44cc489f83245-00692d6c97 - 0.0087 - - 1764584599.144465685 1764584599.153167009 0
Dec 1 10:23:19 standalone container-server[127841]: 172.20.0.100 - - [01/Dec/2025:10:23:19 +0000] "GET /d1/606/AUTH_390dd1408bf04077a205fb4c4b69a4d9/gnocchi.bc32ac2a-6c5c-4399-8f1a-54519db7bf16" 200 357 "GET http://172.18.0.2:8080/v1/AUTH_390dd1408bf04077a205fb4c4b69a4d9/gnocchi.bc32ac2a-6c5c-4399-8f1a-54519db7bf16?format=json&states=listing" "txe571201fb2434e8caaa48-00692d6c97" "proxy-server 20" 0.0147 "-" 17 0
Dec 1 10:23:19 standalone proxy-server[129981]: 172.18.0.2 172.18.0.100 01/Dec/2025/10/23/19 GET /v1/AUTH_390dd1408bf04077a205fb4c4b69a4d9/gnocchi.bc32ac2a-6c5c-4399-8f1a-54519db7bf16%3Fformat%3Djson%26states%3Dlisting HTTP/1.0 200 - python-swiftclient-3.11.1 gAAAAABpLWwde6ma... - 357 - txe571201fb2434e8caaa48-00692d6c97 - 0.0249 - - 1764584599.156757832 1764584599.181658506 0
Dec 1 10:23:19 standalone container-server[127841]: 172.20.0.100 - - [01/Dec/2025:10:23:19 +0000] "GET /d1/606/AUTH_390dd1408bf04077a205fb4c4b69a4d9/gnocchi.bc32ac2a-6c5c-4399-8f1a-54519db7bf16" 200 2 "GET http://172.18.0.2:8080/v1/AUTH_390dd1408bf04077a205fb4c4b69a4d9/gnocchi.bc32ac2a-6c5c-4399-8f1a-54519db7bf16?format=json&marker=none_v3&states=listing" "txbcfde22b082b4365bec8e-00692d6c97" "proxy-server 20" 0.0021 "-" 17 0
Dec 1 10:23:19 standalone proxy-server[129981]: 172.18.0.2 172.18.0.100 01/Dec/2025/10/23/19 GET /v1/AUTH_390dd1408bf04077a205fb4c4b69a4d9/gnocchi.bc32ac2a-6c5c-4399-8f1a-54519db7bf16%3Fformat%3Djson%26marker%3Dnone_v3%26states%3Dlisting HTTP/1.0 200 - python-swiftclient-3.11.1 gAAAAABpLWwde6ma... - 2 - txbcfde22b082b4365bec8e-00692d6c97 - 0.0117 - - 1764584599.185526371 1764584599.197238684 0
Dec 1 10:23:19 standalone object-server[128045]: 172.20.0.100 - - [01/Dec/2025:10:23:19 +0000] "GET /d1/211/AUTH_390dd1408bf04077a205fb4c4b69a4d9/gnocchi.bc32ac2a-6c5c-4399-8f1a-54519db7bf16/1763640000.0_mean_300.0_v3" 200 16 "GET http://172.18.0.2:8080/v1/AUTH_390dd1408bf04077a205fb4c4b69a4d9/gnocchi.bc32ac2a-6c5c-4399-8f1a-54519db7bf16/1763640000.0_mean_300.0_v3" "tx4233f9d84df94c439be85-00692d6c97" "proxy-server 20" 0.0010 "-" 20 0
Dec 1 10:23:19 standalone proxy-server[129981]: 172.18.0.2 172.18.0.100 01/Dec/2025/10/23/19 GET /v1/AUTH_390dd1408bf04077a205fb4c4b69a4d9/gnocchi.bc32ac2a-6c5c-4399-8f1a-54519db7bf16/1763640000.0_mean_300.0_v3 HTTP/1.0 200 - python-swiftclient-3.11.1 gAAAAABpLWwde6ma... - 16 - tx4233f9d84df94c439be85-00692d6c97 - 0.0098 - - 1764584599.201249838 1764584599.211001635 0
Dec 1 10:23:19 standalone container-server[127841]: 172.20.0.100 - - [01/Dec/2025:10:23:19 +0000] "PUT /d1/606/AUTH_390dd1408bf04077a205fb4c4b69a4d9/gnocchi.bc32ac2a-6c5c-4399-8f1a-54519db7bf16/1763640000.0_mean_300.0_v3" 201 - "PUT http://172.18.0.2:8080/d1/211/AUTH_390dd1408bf04077a205fb4c4b69a4d9/gnocchi.bc32ac2a-6c5c-4399-8f1a-54519db7bf16/1763640000.0_mean_300.0_v3" "tx8cb7a19a28974fad9d82d-00692d6c97" "object-server 22" 0.0005 "-" 17 0
Dec 1 10:23:19 standalone object-server[128047]: 172.20.0.100 - - [01/Dec/2025:10:23:19 +0000] "PUT /d1/211/AUTH_390dd1408bf04077a205fb4c4b69a4d9/gnocchi.bc32ac2a-6c5c-4399-8f1a-54519db7bf16/1763640000.0_mean_300.0_v3" 201 - "PUT http://172.18.0.2:8080/v1/AUTH_390dd1408bf04077a205fb4c4b69a4d9/gnocchi.bc32ac2a-6c5c-4399-8f1a-54519db7bf16/1763640000.0_mean_300.0_v3" "tx8cb7a19a28974fad9d82d-00692d6c97" "proxy-server 20" 0.0121 "-" 22 0
Dec 1 10:23:19 standalone proxy-server[129981]: 172.18.0.2 172.18.0.100 01/Dec/2025/10/23/19 PUT /v1/AUTH_390dd1408bf04077a205fb4c4b69a4d9/gnocchi.bc32ac2a-6c5c-4399-8f1a-54519db7bf16/1763640000.0_mean_300.0_v3 HTTP/1.0 201 - python-swiftclient-3.11.1 gAAAAABpLWwde6ma... 16 - - tx8cb7a19a28974fad9d82d-00692d6c97 - 0.0217 - - 1764584599.214186668 1764584599.235847950 0
Dec 1 10:23:19 standalone container-server[127877]: 172.20.0.100 - - [01/Dec/2025:10:23:19 +0000] "PUT /d1/606/AUTH_390dd1408bf04077a205fb4c4b69a4d9/gnocchi.bc32ac2a-6c5c-4399-8f1a-54519db7bf16/none_v3" 201 - "PUT http://172.18.0.2:8080/d1/829/AUTH_390dd1408bf04077a205fb4c4b69a4d9/gnocchi.bc32ac2a-6c5c-4399-8f1a-54519db7bf16/none_v3" "tx7056618d45ed45a2b9760-00692d6c97" "object-server 21" 0.0010 "-" 22 0
Dec 1 10:23:19 standalone object-server[128046]: 172.20.0.100 - - [01/Dec/2025:10:23:19 +0000] "PUT /d1/829/AUTH_390dd1408bf04077a205fb4c4b69a4d9/gnocchi.bc32ac2a-6c5c-4399-8f1a-54519db7bf16/none_v3" 201 - "PUT http://172.18.0.2:8080/v1/AUTH_390dd1408bf04077a205fb4c4b69a4d9/gnocchi.bc32ac2a-6c5c-4399-8f1a-54519db7bf16/none_v3" "tx7056618d45ed45a2b9760-00692d6c97" "proxy-server 20" 0.0122 "-" 21 0
Dec 1 10:23:19 standalone proxy-server[129981]: 172.18.0.2 172.18.0.100 01/Dec/2025/10/23/19 PUT /v1/AUTH_390dd1408bf04077a205fb4c4b69a4d9/gnocchi.bc32ac2a-6c5c-4399-8f1a-54519db7bf16/none_v3 HTTP/1.0 201 - python-swiftclient-3.11.1 gAAAAABpLWwde6ma... 32 - - tx7056618d45ed45a2b9760-00692d6c97 - 0.0208 - - 1764584599.238994837 1764584599.259842873 0
Dec 1 10:23:19 standalone object-server[128045]: 172.20.0.100 - - [01/Dec/2025:10:23:19 +0000] "GET /d1/440/AUTH_390dd1408bf04077a205fb4c4b69a4d9/gnocchi.d95df563-dcd1-4e04-881e-55a3887f5b87/none_v3" 200 22 "GET http://172.18.0.2:8080/v1/AUTH_390dd1408bf04077a205fb4c4b69a4d9/gnocchi.d95df563-dcd1-4e04-881e-55a3887f5b87/none_v3" "txc81a2d23a764442f93706-00692d6c97" "proxy-server 20" 0.0008 "-" 20 0
Dec 1 10:23:19 standalone proxy-server[129981]: 172.18.0.2 172.18.0.100 01/Dec/2025/10/23/19 GET /v1/AUTH_390dd1408bf04077a205fb4c4b69a4d9/gnocchi.d95df563-dcd1-4e04-881e-55a3887f5b87/none_v3 HTTP/1.0 200 - python-swiftclient-3.11.1 gAAAAABpLWwde6ma... - 22 - txc81a2d23a764442f93706-00692d6c97 - 0.0089 - - 1764584599.269046068 1764584599.277953863 0
Dec 1 10:23:19 standalone container-server[127841]: 172.20.0.100 - - [01/Dec/2025:10:23:19 +0000] "GET /d1/174/AUTH_390dd1408bf04077a205fb4c4b69a4d9/gnocchi.d95df563-dcd1-4e04-881e-55a3887f5b87" 200 357 "GET http://172.18.0.2:8080/v1/AUTH_390dd1408bf04077a205fb4c4b69a4d9/gnocchi.d95df563-dcd1-4e04-881e-55a3887f5b87?format=json&states=listing" "txc0a49cf45a3c49d6b3622-00692d6c97" "proxy-server 20" 0.0076 "-" 17 0
Dec 1 10:23:19 standalone proxy-server[129981]: 172.18.0.2 172.18.0.100 01/Dec/2025/10/23/19 GET /v1/AUTH_390dd1408bf04077a205fb4c4b69a4d9/gnocchi.d95df563-dcd1-4e04-881e-55a3887f5b87%3Fformat%3Djson%26states%3Dlisting HTTP/1.0 200 - python-swiftclient-3.11.1 gAAAAABpLWwde6ma... - 357 - txc0a49cf45a3c49d6b3622-00692d6c97 - 0.0135 - - 1764584599.280874252 1764584599.294385910 0
Dec 1 10:23:19 standalone container-server[127852]: 172.20.0.100 - - [01/Dec/2025:10:23:19 +0000] "GET /d1/174/AUTH_390dd1408bf04077a205fb4c4b69a4d9/gnocchi.d95df563-dcd1-4e04-881e-55a3887f5b87" 200 2 "GET http://172.18.0.2:8080/v1/AUTH_390dd1408bf04077a205fb4c4b69a4d9/gnocchi.d95df563-dcd1-4e04-881e-55a3887f5b87?format=json&marker=none_v3&states=listing" "txa94a89723c7c4cf0947b3-00692d6c97" "proxy-server 20" 0.0036 "-" 18 0
Dec 1 10:23:19 standalone proxy-server[129981]: 172.18.0.2 172.18.0.100 01/Dec/2025/10/23/19 GET /v1/AUTH_390dd1408bf04077a205fb4c4b69a4d9/gnocchi.d95df563-dcd1-4e04-881e-55a3887f5b87%3Fformat%3Djson%26marker%3Dnone_v3%26states%3Dlisting HTTP/1.0 200 - python-swiftclient-3.11.1 gAAAAABpLWwde6ma... - 2 - txa94a89723c7c4cf0947b3-00692d6c97 - 0.0102 - - 1764584599.296965122 1764584599.307142496 0
Dec 1 10:23:19 standalone object-server[128048]: 172.20.0.100 - - [01/Dec/2025:10:23:19 +0000] "GET /d1/228/AUTH_390dd1408bf04077a205fb4c4b69a4d9/gnocchi.d95df563-dcd1-4e04-881e-55a3887f5b87/1763640000.0_mean_300.0_v3" 200 16 "GET http://172.18.0.2:8080/v1/AUTH_390dd1408bf04077a205fb4c4b69a4d9/gnocchi.d95df563-dcd1-4e04-881e-55a3887f5b87/1763640000.0_mean_300.0_v3" "txf31e2f2d606344629cfd1-00692d6c97" "proxy-server 20" 0.0009 "-" 23 0
Dec 1 10:23:19 standalone proxy-server[129981]: 172.18.0.2 172.18.0.100 01/Dec/2025/10/23/19 GET /v1/AUTH_390dd1408bf04077a205fb4c4b69a4d9/gnocchi.d95df563-dcd1-4e04-881e-55a3887f5b87/1763640000.0_mean_300.0_v3 HTTP/1.0 200 - python-swiftclient-3.11.1 gAAAAABpLWwde6ma... - 16 - txf31e2f2d606344629cfd1-00692d6c97 - 0.0066 - - 1764584599.310323715 1764584599.316883802 0
Dec 1 10:23:19 standalone container-server[127852]: 172.20.0.100 - - [01/Dec/2025:10:23:19 +0000] "PUT /d1/174/AUTH_390dd1408bf04077a205fb4c4b69a4d9/gnocchi.d95df563-dcd1-4e04-881e-55a3887f5b87/1763640000.0_mean_300.0_v3" 201 - "PUT http://172.18.0.2:8080/d1/228/AUTH_390dd1408bf04077a205fb4c4b69a4d9/gnocchi.d95df563-dcd1-4e04-881e-55a3887f5b87/1763640000.0_mean_300.0_v3" "tx4eb719134d244829be67d-00692d6c97" "object-server 21" 0.0007 "-" 18 0
Dec 1 10:23:19 standalone object-server[128046]: 172.20.0.100 - - [01/Dec/2025:10:23:19 +0000] "PUT /d1/228/AUTH_390dd1408bf04077a205fb4c4b69a4d9/gnocchi.d95df563-dcd1-4e04-881e-55a3887f5b87/1763640000.0_mean_300.0_v3" 201 - "PUT http://172.18.0.2:8080/v1/AUTH_390dd1408bf04077a205fb4c4b69a4d9/gnocchi.d95df563-dcd1-4e04-881e-55a3887f5b87/1763640000.0_mean_300.0_v3" "tx4eb719134d244829be67d-00692d6c97" "proxy-server 20" 0.0118 "-" 21 0
Dec 1 10:23:19 standalone proxy-server[129981]: 172.18.0.2 172.18.0.100 01/Dec/2025/10/23/19 PUT /v1/AUTH_390dd1408bf04077a205fb4c4b69a4d9/gnocchi.d95df563-dcd1-4e04-881e-55a3887f5b87/1763640000.0_mean_300.0_v3 HTTP/1.0 201 - python-swiftclient-3.11.1 gAAAAABpLWwde6ma... 16 - - tx4eb719134d244829be67d-00692d6c97 - 0.0175 - - 1764584599.319646835 1764584599.337174892 0
Dec 1 10:23:19 standalone container-server[127852]: 172.20.0.100 - - [01/Dec/2025:10:23:19 +0000] "PUT /d1/174/AUTH_390dd1408bf04077a205fb4c4b69a4d9/gnocchi.d95df563-dcd1-4e04-881e-55a3887f5b87/none_v3" 201 - "PUT http://172.18.0.2:8080/d1/440/AUTH_390dd1408bf04077a205fb4c4b69a4d9/gnocchi.d95df563-dcd1-4e04-881e-55a3887f5b87/none_v3" "txfde7363faad84e0c9b2ce-00692d6c97" "object-server 23" 0.0006 "-" 18 0
Dec 1 10:23:19 standalone object-server[128048]: 172.20.0.100 - - [01/Dec/2025:10:23:19 +0000] "PUT /d1/440/AUTH_390dd1408bf04077a205fb4c4b69a4d9/gnocchi.d95df563-dcd1-4e04-881e-55a3887f5b87/none_v3" 201 - "PUT http://172.18.0.2:8080/v1/AUTH_390dd1408bf04077a205fb4c4b69a4d9/gnocchi.d95df563-dcd1-4e04-881e-55a3887f5b87/none_v3" "txfde7363faad84e0c9b2ce-00692d6c97" "proxy-server 20" 0.0097 "-" 23 0
Dec 1 10:23:19 standalone proxy-server[129981]: 172.18.0.2 172.18.0.100 01/Dec/2025/10/23/19 PUT /v1/AUTH_390dd1408bf04077a205fb4c4b69a4d9/gnocchi.d95df563-dcd1-4e04-881e-55a3887f5b87/none_v3 HTTP/1.0 201 - python-swiftclient-3.11.1 gAAAAABpLWwde6ma... 32 - - txfde7363faad84e0c9b2ce-00692d6c97 - 0.0153 - - 1764584599.339579582 1764584599.354884624 0
Dec 1 10:23:22 standalone container-server[127852]: 172.20.0.100 - - [01/Dec/2025:10:23:22 +0000] "HEAD /d1/638/AUTH_390dd1408bf04077a205fb4c4b69a4d9/gnocchi.7dba21fe-8998-4f63-8048-87e059e5c9e6" 404 - "HEAD http://172.18.0.2:8080/v1/AUTH_390dd1408bf04077a205fb4c4b69a4d9/gnocchi.7dba21fe-8998-4f63-8048-87e059e5c9e6?format=json&states=listing" "tx346fbc901d7441edb618f-00692d6c9a" "proxy-server 20" 0.0008 "-" 18 0
Dec 1 10:23:22 standalone object-server[128048]: 172.20.0.100 - - [01/Dec/2025:10:23:22 +0000] "GET /d1/702/AUTH_390dd1408bf04077a205fb4c4b69a4d9/gnocchi.7dba21fe-8998-4f63-8048-87e059e5c9e6/none_v3" 404 70 "GET http://172.18.0.2:8080/v1/AUTH_390dd1408bf04077a205fb4c4b69a4d9/gnocchi.7dba21fe-8998-4f63-8048-87e059e5c9e6/none_v3" "tx346fbc901d7441edb618f-00692d6c9a" "proxy-server 20" 0.0008 "-" 23 0
Dec 1 10:23:22 standalone proxy-server[129981]: 172.18.0.2 172.18.0.100 01/Dec/2025/10/23/22 GET /v1/AUTH_390dd1408bf04077a205fb4c4b69a4d9/gnocchi.7dba21fe-8998-4f63-8048-87e059e5c9e6/none_v3 HTTP/1.0 404 - python-swiftclient-3.11.1 gAAAAABpLWwde6ma... - 70 - tx346fbc901d7441edb618f-00692d6c9a - 0.0219 - - 1764584602.507020235 1764584602.528908730 0
Dec 1 10:23:22 standalone account-server[127876]: 172.20.0.100 - - [01/Dec/2025:10:23:22 +0000] "PUT /d1/340/AUTH_390dd1408bf04077a205fb4c4b69a4d9/gnocchi.7dba21fe-8998-4f63-8048-87e059e5c9e6" 201 - "PUT http://172.20.0.100:6001/d1/638/AUTH_390dd1408bf04077a205fb4c4b69a4d9/gnocchi.7dba21fe-8998-4f63-8048-87e059e5c9e6" "tx888256d2d36e4ad8a3bbc-00692d6c9a" "container-server 17" 0.0017 "-" 21 0
Dec 1 10:23:22 standalone container-server[127841]: 172.20.0.100 - - [01/Dec/2025:10:23:22 +0000] "PUT /d1/638/AUTH_390dd1408bf04077a205fb4c4b69a4d9/gnocchi.7dba21fe-8998-4f63-8048-87e059e5c9e6" 201 - "PUT http://172.18.0.2:8080/v1/AUTH_390dd1408bf04077a205fb4c4b69a4d9/gnocchi.7dba21fe-8998-4f63-8048-87e059e5c9e6" "tx888256d2d36e4ad8a3bbc-00692d6c9a" "proxy-server 20" 0.0244 "-" 17 0
Dec 1 10:23:22 standalone proxy-server[129981]: 172.18.0.2 172.18.0.100 01/Dec/2025/10/23/22 PUT /v1/AUTH_390dd1408bf04077a205fb4c4b69a4d9/gnocchi.7dba21fe-8998-4f63-8048-87e059e5c9e6 HTTP/1.0 201 - python-swiftclient-3.11.1 gAAAAABpLWwde6ma... - - - tx888256d2d36e4ad8a3bbc-00692d6c9a - 0.0339 - - 1764584602.533946991 1764584602.567820549 0
Dec 1 10:23:22 standalone container-server[127872]: 172.20.0.100 - - [01/Dec/2025:10:23:22 +0000] "HEAD /d1/638/AUTH_390dd1408bf04077a205fb4c4b69a4d9/gnocchi.7dba21fe-8998-4f63-8048-87e059e5c9e6" 204 - "HEAD http://172.18.0.2:8080/v1/AUTH_390dd1408bf04077a205fb4c4b69a4d9/gnocchi.7dba21fe-8998-4f63-8048-87e059e5c9e6?format=json&states=listing" "tx88a3af279af7401398b7c-00692d6c9a" "proxy-server 20" 0.0014 "-" 21 0
Dec 1 10:23:22 standalone proxy-server[129981]: - - 01/Dec/2025/10/23/22 HEAD /v1/AUTH_390dd1408bf04077a205fb4c4b69a4d9/gnocchi.7dba21fe-8998-4f63-8048-87e059e5c9e6%3Fformat%3Djson%26states%3Dlisting HTTP/1.0 204 - Swift - - - - tx88a3af279af7401398b7c-00692d6c9a - 0.0047 RL - 1764584602.574132681 1764584602.578816652 0
Dec 1 10:23:22 standalone container-server[127872]: 172.20.0.100 - - [01/Dec/2025:10:23:22 +0000] "GET /d1/638/AUTH_390dd1408bf04077a205fb4c4b69a4d9/gnocchi.7dba21fe-8998-4f63-8048-87e059e5c9e6" 200 2 "GET http://172.18.0.2:8080/v1/AUTH_390dd1408bf04077a205fb4c4b69a4d9/gnocchi.7dba21fe-8998-4f63-8048-87e059e5c9e6?format=json&states=listing" "tx88a3af279af7401398b7c-00692d6c9a" "proxy-server 20" 0.0019 "-" 21 0
Dec 1 10:23:22 standalone proxy-server[129981]: 172.18.0.2 172.18.0.100 01/Dec/2025/10/23/22 GET /v1/AUTH_390dd1408bf04077a205fb4c4b69a4d9/gnocchi.7dba21fe-8998-4f63-8048-87e059e5c9e6%3Fformat%3Djson%26states%3Dlisting HTTP/1.0 200 - python-swiftclient-3.11.1 gAAAAABpLWwde6ma... - 2 - tx88a3af279af7401398b7c-00692d6c9a - 0.0133 - - 1764584602.572891235 1764584602.586144209 0
Dec 1 10:23:22 standalone object-server[128045]: 172.20.0.100 - - [01/Dec/2025:10:23:22 +0000] "GET /d1/478/AUTH_390dd1408bf04077a205fb4c4b69a4d9/gnocchi.7dba21fe-8998-4f63-8048-87e059e5c9e6/1763640000.0_mean_300.0_v3" 404 70 "GET http://172.18.0.2:8080/v1/AUTH_390dd1408bf04077a205fb4c4b69a4d9/gnocchi.7dba21fe-8998-4f63-8048-87e059e5c9e6/1763640000.0_mean_300.0_v3" "tx402b613fb66f4e51b8e26-00692d6c9a" "proxy-server 20" 0.0003 "-" 20 0
Dec 1 10:23:22 standalone proxy-server[129981]: 172.18.0.2 172.18.0.100 01/Dec/2025/10/23/22 GET /v1/AUTH_390dd1408bf04077a205fb4c4b69a4d9/gnocchi.7dba21fe-8998-4f63-8048-87e059e5c9e6/1763640000.0_mean_300.0_v3 HTTP/1.0 404 - python-swiftclient-3.11.1 gAAAAABpLWwde6ma... - 70 - tx402b613fb66f4e51b8e26-00692d6c9a - 0.0055 - - 1764584602.591055393 1764584602.596604347 0
Dec 1 10:23:22 standalone container-server[127852]: 172.20.0.100 - - [01/Dec/2025:10:23:22 +0000] "PUT /d1/638/AUTH_390dd1408bf04077a205fb4c4b69a4d9/gnocchi.7dba21fe-8998-4f63-8048-87e059e5c9e6/1763640000.0_mean_300.0_v3" 201 - "PUT http://172.18.0.2:8080/d1/478/AUTH_390dd1408bf04077a205fb4c4b69a4d9/gnocchi.7dba21fe-8998-4f63-8048-87e059e5c9e6/1763640000.0_mean_300.0_v3" "tx1670406c39b2471da7ecb-00692d6c9a" "object-server 20" 0.0012 "-" 18 0
Dec 1 10:23:22 standalone object-server[128045]: 172.20.0.100 - - [01/Dec/2025:10:23:22 +0000] "PUT /d1/478/AUTH_390dd1408bf04077a205fb4c4b69a4d9/gnocchi.7dba21fe-8998-4f63-8048-87e059e5c9e6/1763640000.0_mean_300.0_v3" 201 - "PUT http://172.18.0.2:8080/v1/AUTH_390dd1408bf04077a205fb4c4b69a4d9/gnocchi.7dba21fe-8998-4f63-8048-87e059e5c9e6/1763640000.0_mean_300.0_v3" "tx1670406c39b2471da7ecb-00692d6c9a" "proxy-server 20" 0.0122 "-" 20 0
Dec 1 10:23:22 standalone proxy-server[129981]: 172.18.0.2 172.18.0.100 01/Dec/2025/10/23/22 PUT /v1/AUTH_390dd1408bf04077a205fb4c4b69a4d9/gnocchi.7dba21fe-8998-4f63-8048-87e059e5c9e6/1763640000.0_mean_300.0_v3 HTTP/1.0 201 - python-swiftclient-3.11.1 gAAAAABpLWwde6ma... 16 - - tx1670406c39b2471da7ecb-00692d6c9a - 0.0177 - - 1764584602.602194071 1764584602.619922400 0
Dec 1 10:23:22 standalone container-server[127852]: 172.20.0.100 - - [01/Dec/2025:10:23:22 +0000] "PUT /d1/638/AUTH_390dd1408bf04077a205fb4c4b69a4d9/gnocchi.7dba21fe-8998-4f63-8048-87e059e5c9e6/none_v3" 201 - "PUT http://172.18.0.2:8080/d1/702/AUTH_390dd1408bf04077a205fb4c4b69a4d9/gnocchi.7dba21fe-8998-4f63-8048-87e059e5c9e6/none_v3" "tx867896d16def4872a696d-00692d6c9a" "object-server 21" 0.0010 "-" 18 0
