Dec 1 10:24:19 standalone account-server[127876]: 172.20.0.100 - - [01/Dec/2025:10:24:19 +0000] "PUT /d1/340/AUTH_390dd1408bf04077a205fb4c4b69a4d9/gnocchi.d8fb9f33-2a38-4180-8441-b074ded1ef1e" 201 - "PUT http://172.20.0.100:6001/d1/56/AUTH_390dd1408bf04077a205fb4c4b69a4d9/gnocchi.d8fb9f33-2a38-4180-8441-b074ded1ef1e" "txb2e9232d44c646918c11e-00692d6cd3" "container-server 17" 0.0049 "-" 21 0
Dec 1 10:24:19 standalone container-server[127841]: 172.20.0.100 - - [01/Dec/2025:10:24:19 +0000] "PUT /d1/56/AUTH_390dd1408bf04077a205fb4c4b69a4d9/gnocchi.d8fb9f33-2a38-4180-8441-b074ded1ef1e" 201 - "PUT http://172.18.0.2:8080/v1/AUTH_390dd1408bf04077a205fb4c4b69a4d9/gnocchi.d8fb9f33-2a38-4180-8441-b074ded1ef1e" "txb2e9232d44c646918c11e-00692d6cd3" "proxy-server 20" 0.0194 "-" 17 0
Dec 1 10:24:19 standalone proxy-server[129981]: 172.18.0.2 172.18.0.100 01/Dec/2025/10/24/19 PUT /v1/AUTH_390dd1408bf04077a205fb4c4b69a4d9/gnocchi.d8fb9f33-2a38-4180-8441-b074ded1ef1e HTTP/1.0 201 - python-swiftclient-3.11.1 gAAAAABpLWwde6ma... - - - txb2e9232d44c646918c11e-00692d6cd3 - 0.0253 - - 1764584659.157651186 1764584659.182921171 0
Dec 1 10:24:19 standalone container-server[127872]: 172.20.0.100 - - [01/Dec/2025:10:24:19 +0000] "HEAD /d1/56/AUTH_390dd1408bf04077a205fb4c4b69a4d9/gnocchi.d8fb9f33-2a38-4180-8441-b074ded1ef1e" 204 - "HEAD http://172.18.0.2:8080/v1/AUTH_390dd1408bf04077a205fb4c4b69a4d9/gnocchi.d8fb9f33-2a38-4180-8441-b074ded1ef1e?format=json&states=listing" "tx02f36dad81cc4df9bff41-00692d6cd3" "proxy-server 20" 0.0017 "-" 21 0
Dec 1 10:24:19 standalone proxy-server[129981]: - - 01/Dec/2025/10/24/19 HEAD /v1/AUTH_390dd1408bf04077a205fb4c4b69a4d9/gnocchi.d8fb9f33-2a38-4180-8441-b074ded1ef1e%3Fformat%3Djson%26states%3Dlisting HTTP/1.0 204 - Swift - - - - tx02f36dad81cc4df9bff41-00692d6cd3 - 0.0066 RL - 1764584659.190200806 1764584659.196777821 0
Dec 1 10:24:19 standalone container-server[127872]: 172.20.0.100 - - [01/Dec/2025:10:24:19 +0000] "GET /d1/56/AUTH_390dd1408bf04077a205fb4c4b69a4d9/gnocchi.d8fb9f33-2a38-4180-8441-b074ded1ef1e" 200 2 "GET http://172.18.0.2:8080/v1/AUTH_390dd1408bf04077a205fb4c4b69a4d9/gnocchi.d8fb9f33-2a38-4180-8441-b074ded1ef1e?format=json&states=listing" "tx02f36dad81cc4df9bff41-00692d6cd3" "proxy-server 20" 0.0026 "-" 21 0
Dec 1 10:24:19 standalone proxy-server[129981]: 172.18.0.2 172.18.0.100 01/Dec/2025/10/24/19 GET /v1/AUTH_390dd1408bf04077a205fb4c4b69a4d9/gnocchi.d8fb9f33-2a38-4180-8441-b074ded1ef1e%3Fformat%3Djson%26states%3Dlisting HTTP/1.0 200 - python-swiftclient-3.11.1 gAAAAABpLWwde6ma... - 2 - tx02f36dad81cc4df9bff41-00692d6cd3 - 0.0186 - - 1764584659.188335657 1764584659.206909180 0
Dec 1 10:24:19 standalone object-server[128047]: 172.20.0.100 - - [01/Dec/2025:10:24:19 +0000] "GET /d1/561/AUTH_390dd1408bf04077a205fb4c4b69a4d9/gnocchi.d8fb9f33-2a38-4180-8441-b074ded1ef1e/1763640000.0_mean_300.0_v3" 404 70 "GET http://172.18.0.2:8080/v1/AUTH_390dd1408bf04077a205fb4c4b69a4d9/gnocchi.d8fb9f33-2a38-4180-8441-b074ded1ef1e/1763640000.0_mean_300.0_v3" "tx94b7dd63440c4c0b84549-00692d6cd3" "proxy-server 20" 0.0005 "-" 22 0
Dec 1 10:24:19 standalone proxy-server[129981]: 172.18.0.2 172.18.0.100 01/Dec/2025/10/24/19 GET /v1/AUTH_390dd1408bf04077a205fb4c4b69a4d9/gnocchi.d8fb9f33-2a38-4180-8441-b074ded1ef1e/1763640000.0_mean_300.0_v3 HTTP/1.0 404 - python-swiftclient-3.11.1 gAAAAABpLWwde6ma... - 70 - tx94b7dd63440c4c0b84549-00692d6cd3 - 0.0096 - - 1764584659.211575508 1764584659.221151590 0
Dec 1 10:24:19 standalone container-server[127872]: 172.20.0.100 - - [01/Dec/2025:10:24:19 +0000] "PUT /d1/56/AUTH_390dd1408bf04077a205fb4c4b69a4d9/gnocchi.d8fb9f33-2a38-4180-8441-b074ded1ef1e/1763640000.0_mean_300.0_v3" 201 - "PUT http://172.18.0.2:8080/d1/561/AUTH_390dd1408bf04077a205fb4c4b69a4d9/gnocchi.d8fb9f33-2a38-4180-8441-b074ded1ef1e/1763640000.0_mean_300.0_v3" "txb21214e3047f42f9bd33e-00692d6cd3" "object-server 20" 0.0007 "-" 21 0
Dec 1 10:24:19 standalone object-server[128045]: 172.20.0.100 - - [01/Dec/2025:10:24:19 +0000] "PUT /d1/561/AUTH_390dd1408bf04077a205fb4c4b69a4d9/gnocchi.d8fb9f33-2a38-4180-8441-b074ded1ef1e/1763640000.0_mean_300.0_v3" 201 - "PUT http://172.18.0.2:8080/v1/AUTH_390dd1408bf04077a205fb4c4b69a4d9/gnocchi.d8fb9f33-2a38-4180-8441-b074ded1ef1e/1763640000.0_mean_300.0_v3" "txb21214e3047f42f9bd33e-00692d6cd3" "proxy-server 20" 0.0128 "-" 20 0
Dec 1 10:24:19 standalone proxy-server[129981]: 172.18.0.2 172.18.0.100 01/Dec/2025/10/24/19 PUT /v1/AUTH_390dd1408bf04077a205fb4c4b69a4d9/gnocchi.d8fb9f33-2a38-4180-8441-b074ded1ef1e/1763640000.0_mean_300.0_v3 HTTP/1.0 201 - python-swiftclient-3.11.1 gAAAAABpLWwde6ma... 16 - - txb21214e3047f42f9bd33e-00692d6cd3 - 0.0216 - - 1764584659.225489378 1764584659.247092485 0
Dec 1 10:24:19 standalone container-server[127841]: 172.20.0.100 - - [01/Dec/2025:10:24:19 +0000] "PUT /d1/56/AUTH_390dd1408bf04077a205fb4c4b69a4d9/gnocchi.d8fb9f33-2a38-4180-8441-b074ded1ef1e/none_v3" 201 - "PUT http://172.18.0.2:8080/d1/626/AUTH_390dd1408bf04077a205fb4c4b69a4d9/gnocchi.d8fb9f33-2a38-4180-8441-b074ded1ef1e/none_v3" "txba86b7746066435695eb9-00692d6cd3" "object-server 21" 0.0008 "-" 17 0
Dec 1 10:24:19 standalone object-server[128046]: 172.20.0.100 - - [01/Dec/2025:10:24:19 +0000] "PUT /d1/626/AUTH_390dd1408bf04077a205fb4c4b69a4d9/gnocchi.d8fb9f33-2a38-4180-8441-b074ded1ef1e/none_v3" 201 - "PUT http://172.18.0.2:8080/v1/AUTH_390dd1408bf04077a205fb4c4b69a4d9/gnocchi.d8fb9f33-2a38-4180-8441-b074ded1ef1e/none_v3" "txba86b7746066435695eb9-00692d6cd3" "proxy-server 20" 0.0128 "-" 21 0
Dec 1 10:24:19 standalone proxy-server[129981]: 172.18.0.2 172.18.0.100 01/Dec/2025/10/24/19 PUT /v1/AUTH_390dd1408bf04077a205fb4c4b69a4d9/gnocchi.d8fb9f33-2a38-4180-8441-b074ded1ef1e/none_v3 HTTP/1.0 201 - python-swiftclient-3.11.1 gAAAAABpLWwde6ma... 22 - - txba86b7746066435695eb9-00692d6cd3 - 0.0203 - - 1764584659.250300646 1764584659.270552158 0
Dec 1 10:24:19 standalone container-server[127841]: 172.20.0.100 - - [01/Dec/2025:10:24:19 +0000] "HEAD /d1/665/AUTH_390dd1408bf04077a205fb4c4b69a4d9/gnocchi.6f8f4023-c98c-43ac-9446-97c0f495849f" 404 - "HEAD http://172.18.0.2:8080/v1/AUTH_390dd1408bf04077a205fb4c4b69a4d9/gnocchi.6f8f4023-c98c-43ac-9446-97c0f495849f?format=json&states=listing" "tx6aa8df957e0246909f400-00692d6cd3" "proxy-server 20" 0.0005 "-" 17 0
Dec 1 10:24:19 standalone object-server[128048]: 172.20.0.100 - - [01/Dec/2025:10:24:19 +0000] "GET /d1/446/AUTH_390dd1408bf04077a205fb4c4b69a4d9/gnocchi.6f8f4023-c98c-43ac-9446-97c0f495849f/none_v3" 404 70 "GET http://172.18.0.2:8080/v1/AUTH_390dd1408bf04077a205fb4c4b69a4d9/gnocchi.6f8f4023-c98c-43ac-9446-97c0f495849f/none_v3" "tx6aa8df957e0246909f400-00692d6cd3" "proxy-server 20" 0.0003 "-" 23 0
Dec 1 10:24:19 standalone proxy-server[129981]: 172.18.0.2 172.18.0.100 01/Dec/2025/10/24/19 GET /v1/AUTH_390dd1408bf04077a205fb4c4b69a4d9/gnocchi.6f8f4023-c98c-43ac-9446-97c0f495849f/none_v3 HTTP/1.0 404 - python-swiftclient-3.11.1 gAAAAABpLWwde6ma... - 70 - tx6aa8df957e0246909f400-00692d6cd3 - 0.0137 - - 1764584659.283536196 1764584659.297272921 0
Dec 1 10:24:19 standalone account-server[127892]: 172.20.0.100 - - [01/Dec/2025:10:24:19 +0000] "PUT /d1/340/AUTH_390dd1408bf04077a205fb4c4b69a4d9/gnocchi.6f8f4023-c98c-43ac-9446-97c0f495849f" 201 - "PUT http://172.20.0.100:6001/d1/665/AUTH_390dd1408bf04077a205fb4c4b69a4d9/gnocchi.6f8f4023-c98c-43ac-9446-97c0f495849f" "tx24cf0200c0ac4c54b614e-00692d6cd3" "container-server 17" 0.0061 "-" 23 0
Dec 1 10:24:19 standalone container-server[127841]: 172.20.0.100 - - [01/Dec/2025:10:24:19 +0000] "PUT /d1/665/AUTH_390dd1408bf04077a205fb4c4b69a4d9/gnocchi.6f8f4023-c98c-43ac-9446-97c0f495849f" 201 - "PUT http://172.18.0.2:8080/v1/AUTH_390dd1408bf04077a205fb4c4b69a4d9/gnocchi.6f8f4023-c98c-43ac-9446-97c0f495849f" "tx24cf0200c0ac4c54b614e-00692d6cd3" "proxy-server 20" 0.0184 "-" 17 0
Dec 1 10:24:19 standalone proxy-server[129981]: 172.18.0.2 172.18.0.100 01/Dec/2025/10/24/19 PUT /v1/AUTH_390dd1408bf04077a205fb4c4b69a4d9/gnocchi.6f8f4023-c98c-43ac-9446-97c0f495849f HTTP/1.0 201 - python-swiftclient-3.11.1 gAAAAABpLWwde6ma... - - - tx24cf0200c0ac4c54b614e-00692d6cd3 - 0.0264 - - 1764584659.301246166 1764584659.327602148 0
Dec 1 10:24:19 standalone container-server[127872]: 172.20.0.100 - - [01/Dec/2025:10:24:19 +0000] "HEAD /d1/665/AUTH_390dd1408bf04077a205fb4c4b69a4d9/gnocchi.6f8f4023-c98c-43ac-9446-97c0f495849f" 204 - "HEAD http://172.18.0.2:8080/v1/AUTH_390dd1408bf04077a205fb4c4b69a4d9/gnocchi.6f8f4023-c98c-43ac-9446-97c0f495849f?format=json&states=listing" "tx988d705d976045e88c95a-00692d6cd3" "proxy-server 20" 0.0022 "-" 21 0
Dec 1 10:24:19 standalone proxy-server[129981]: - - 01/Dec/2025/10/24/19 HEAD /v1/AUTH_390dd1408bf04077a205fb4c4b69a4d9/gnocchi.6f8f4023-c98c-43ac-9446-97c0f495849f%3Fformat%3Djson%26states%3Dlisting HTTP/1.0 204 - Swift - - - - tx988d705d976045e88c95a-00692d6cd3 - 0.0079 RL - 1764584659.334725618 1764584659.342635632 0
Dec 1 10:24:19 standalone container-server[127877]: 172.20.0.100 - - [01/Dec/2025:10:24:19 +0000] "GET /d1/665/AUTH_390dd1408bf04077a205fb4c4b69a4d9/gnocchi.6f8f4023-c98c-43ac-9446-97c0f495849f" 200 2 "GET http://172.18.0.2:8080/v1/AUTH_390dd1408bf04077a205fb4c4b69a4d9/gnocchi.6f8f4023-c98c-43ac-9446-97c0f495849f?format=json&states=listing" "tx988d705d976045e88c95a-00692d6cd3" "proxy-server 20" 0.0038 "-" 22 0
Dec 1 10:24:19 standalone proxy-server[129981]: 172.18.0.2 172.18.0.100 01/Dec/2025/10/24/19 GET /v1/AUTH_390dd1408bf04077a205fb4c4b69a4d9/gnocchi.6f8f4023-c98c-43ac-9446-97c0f495849f%3Fformat%3Djson%26states%3Dlisting HTTP/1.0 200 - python-swiftclient-3.11.1 gAAAAABpLWwde6ma... - 2 - tx988d705d976045e88c95a-00692d6cd3 - 0.0250 - - 1764584659.332756519 1764584659.357722282 0
Dec 1 10:24:19 standalone object-server[128046]: 172.20.0.100 - - [01/Dec/2025:10:24:19 +0000] "GET /d1/93/AUTH_390dd1408bf04077a205fb4c4b69a4d9/gnocchi.6f8f4023-c98c-43ac-9446-97c0f495849f/1763640000.0_mean_300.0_v3" 404 70 "GET http://172.18.0.2:8080/v1/AUTH_390dd1408bf04077a205fb4c4b69a4d9/gnocchi.6f8f4023-c98c-43ac-9446-97c0f495849f/1763640000.0_mean_300.0_v3" "txf8cc3a217a06493e98ad2-00692d6cd3" "proxy-server 20" 0.0006 "-" 21 0
Dec 1 10:24:19 standalone proxy-server[129981]: 172.18.0.2 172.18.0.100 01/Dec/2025/10/24/19 GET /v1/AUTH_390dd1408bf04077a205fb4c4b69a4d9/gnocchi.6f8f4023-c98c-43ac-9446-97c0f495849f/1763640000.0_mean_300.0_v3 HTTP/1.0 404 - python-swiftclient-3.11.1 gAAAAABpLWwde6ma... - 70 - txf8cc3a217a06493e98ad2-00692d6cd3 - 0.0070 - - 1764584659.363416910 1764584659.370395422 0
Dec 1 10:24:19 standalone container-server[127841]: 172.20.0.100 - - [01/Dec/2025:10:24:19 +0000] "PUT /d1/665/AUTH_390dd1408bf04077a205fb4c4b69a4d9/gnocchi.6f8f4023-c98c-43ac-9446-97c0f495849f/1763640000.0_mean_300.0_v3" 201 - "PUT http://172.18.0.2:8080/d1/93/AUTH_390dd1408bf04077a205fb4c4b69a4d9/gnocchi.6f8f4023-c98c-43ac-9446-97c0f495849f/1763640000.0_mean_300.0_v3" "txdd5f3c20bd654631a77f8-00692d6cd3" "object-server 22" 0.0008 "-" 17 0
Dec 1 10:24:19 standalone object-server[128047]: 172.20.0.100 - - [01/Dec/2025:10:24:19 +0000] "PUT /d1/93/AUTH_390dd1408bf04077a205fb4c4b69a4d9/gnocchi.6f8f4023-c98c-43ac-9446-97c0f495849f/1763640000.0_mean_300.0_v3" 201 - "PUT http://172.18.0.2:8080/v1/AUTH_390dd1408bf04077a205fb4c4b69a4d9/gnocchi.6f8f4023-c98c-43ac-9446-97c0f495849f/1763640000.0_mean_300.0_v3" "txdd5f3c20bd654631a77f8-00692d6cd3" "proxy-server 20" 0.0115 "-" 22 0
Dec 1 10:24:19 standalone proxy-server[129981]: 172.18.0.2 172.18.0.100 01/Dec/2025/10/24/19 PUT /v1/AUTH_390dd1408bf04077a205fb4c4b69a4d9/gnocchi.6f8f4023-c98c-43ac-9446-97c0f495849f/1763640000.0_mean_300.0_v3 HTTP/1.0 201 - python-swiftclient-3.11.1 gAAAAABpLWwde6ma... 16 - - txdd5f3c20bd654631a77f8-00692d6cd3 - 0.0177 - - 1764584659.374452591 1764584659.392190933 0
Dec 1 10:24:19 standalone container-server[127841]: 172.20.0.100 - - [01/Dec/2025:10:24:19 +0000] "PUT /d1/665/AUTH_390dd1408bf04077a205fb4c4b69a4d9/gnocchi.6f8f4023-c98c-43ac-9446-97c0f495849f/none_v3" 201 - "PUT http://172.18.0.2:8080/d1/446/AUTH_390dd1408bf04077a205fb4c4b69a4d9/gnocchi.6f8f4023-c98c-43ac-9446-97c0f495849f/none_v3" "tx6a587d70ad4c4bb18c590-00692d6cd3" "object-server 21" 0.0007 "-" 17 0
Dec 1 10:24:19 standalone object-server[128046]: 172.20.0.100 - - [01/Dec/2025:10:24:19 +0000] "PUT /d1/446/AUTH_390dd1408bf04077a205fb4c4b69a4d9/gnocchi.6f8f4023-c98c-43ac-9446-97c0f495849f/none_v3" 201 - "PUT http://172.18.0.2:8080/v1/AUTH_390dd1408bf04077a205fb4c4b69a4d9/gnocchi.6f8f4023-c98c-43ac-9446-97c0f495849f/none_v3" "tx6a587d70ad4c4bb18c590-00692d6cd3" "proxy-server 20" 0.0100 "-" 21 0
Dec 1 10:24:19 standalone proxy-server[129981]: 172.18.0.2 172.18.0.100 01/Dec/2025/10/24/19 PUT /v1/AUTH_390dd1408bf04077a205fb4c4b69a4d9/gnocchi.6f8f4023-c98c-43ac-9446-97c0f495849f/none_v3 HTTP/1.0 201 - python-swiftclient-3.11.1 gAAAAABpLWwde6ma... 22 - - tx6a587d70ad4c4bb18c590-00692d6cd3 - 0.0160 - - 1764584659.395734310 1764584659.411714554 0
Dec 1 10:24:19 standalone container-server[127872]: 172.20.0.100 - - [01/Dec/2025:10:24:19 +0000] "HEAD /d1/430/AUTH_390dd1408bf04077a205fb4c4b69a4d9/gnocchi.c262716b-fde7-4ea3-bd98-fa09344da0a2" 404 - "HEAD http://172.18.0.2:8080/v1/AUTH_390dd1408bf04077a205fb4c4b69a4d9/gnocchi.c262716b-fde7-4ea3-bd98-fa09344da0a2?format=json&states=listing" "tx19a8751d60264a6cbaf3a-00692d6cd3" "proxy-server 20" 0.0006 "-" 21 0
Dec 1 10:24:19 standalone object-server[128047]: 172.20.0.100 - - [01/Dec/2025:10:24:19 +0000] "GET /d1/500/AUTH_390dd1408bf04077a205fb4c4b69a4d9/gnocchi.c262716b-fde7-4ea3-bd98-fa09344da0a2/none_v3" 404 70 "GET http://172.18.0.2:8080/v1/AUTH_390dd1408bf04077a205fb4c4b69a4d9/gnocchi.c262716b-fde7-4ea3-bd98-fa09344da0a2/none_v3" "tx19a8751d60264a6cbaf3a-00692d6cd3" "proxy-server 20" 0.0005 "-" 22 0
Dec 1 10:24:19 standalone proxy-server[129981]: 172.18.0.2 172.18.0.100 01/Dec/2025/10/24/19 GET /v1/AUTH_390dd1408bf04077a205fb4c4b69a4d9/gnocchi.c262716b-fde7-4ea3-bd98-fa09344da0a2/none_v3 HTTP/1.0 404 - python-swiftclient-3.11.1 gAAAAABpLWwde6ma... - 70 - tx19a8751d60264a6cbaf3a-00692d6cd3 - 0.0110 - - 1764584659.428924084 1764584659.439906359 0
Dec 1 10:24:19 standalone account-server[127886]: 172.20.0.100 - - [01/Dec/2025:10:24:19 +0000] "PUT /d1/340/AUTH_390dd1408bf04077a205fb4c4b69a4d9/gnocchi.c262716b-fde7-4ea3-bd98-fa09344da0a2" 201 - "PUT http://172.20.0.100:6001/d1/430/AUTH_390dd1408bf04077a205fb4c4b69a4d9/gnocchi.c262716b-fde7-4ea3-bd98-fa09344da0a2" "txc69b8dd8efd046c298994-00692d6cd3" "container-server 18" 0.0058 "-" 22 0
Dec 1 10:24:19 standalone container-server[127852]: 172.20.0.100 - - [01/Dec/2025:10:24:19 +0000] "PUT /d1/430/AUTH_390dd1408bf04077a205fb4c4b69a4d9/gnocchi.c262716b-fde7-4ea3-bd98-fa09344da0a2" 201 - "PUT http://172.18.0.2:8080/v1/AUTH_390dd1408bf04077a205fb4c4b69a4d9/gnocchi.c262716b-fde7-4ea3-bd98-fa09344da0a2" "txc69b8dd8efd046c298994-00692d6cd3" "proxy-server 20" 0.0200 "-" 18 0
Dec 1 10:24:19 standalone proxy-server[129981]: 172.18.0.2 172.18.0.100 01/Dec/2025/10/24/19 PUT /v1/AUTH_390dd1408bf04077a205fb4c4b69a4d9/gnocchi.c262716b-fde7-4ea3-bd98-fa09344da0a2 HTTP/1.0 201 - python-swiftclient-3.11.1 gAAAAABpLWwde6ma... - - - txc69b8dd8efd046c298994-00692d6cd3 - 0.0251 - - 1764584659.443274260 1764584659.468356133 0
Dec 1 10:24:19 standalone container-server[127841]: 172.20.0.100 - - [01/Dec/2025:10:24:19 +0000] "HEAD /d1/430/AUTH_390dd1408bf04077a205fb4c4b69a4d9/gnocchi.c262716b-fde7-4ea3-bd98-fa09344da0a2" 204 - "HEAD http://172.18.0.2:8080/v1/AUTH_390dd1408bf04077a205fb4c4b69a4d9/gnocchi.c262716b-fde7-4ea3-bd98-fa09344da0a2?format=json&states=listing" "txde7139ce5e1d4b858753e-00692d6cd3" "proxy-server 20" 0.0020 "-" 17 0
Dec 1 10:24:19 standalone proxy-server[129981]: - - 01/Dec/2025/10/24/19 HEAD /v1/AUTH_390dd1408bf04077a205fb4c4b69a4d9/gnocchi.c262716b-fde7-4ea3-bd98-fa09344da0a2%3Fformat%3Djson%26states%3Dlisting HTTP/1.0 204 - Swift - - - - txde7139ce5e1d4b858753e-00692d6cd3 - 0.0056 RL - 1764584659.473815918 1764584659.479452133 0
Dec 1 10:24:19 standalone container-server[127877]: 172.20.0.100 - - [01/Dec/2025:10:24:19 +0000] "GET /d1/430/AUTH_390dd1408bf04077a205fb4c4b69a4d9/gnocchi.c262716b-fde7-4ea3-bd98-fa09344da0a2" 200 2 "GET http://172.18.0.2:8080/v1/AUTH_390dd1408bf04077a205fb4c4b69a4d9/gnocchi.c262716b-fde7-4ea3-bd98-fa09344da0a2?format=json&states=listing" "txde7139ce5e1d4b858753e-00692d6cd3" "proxy-server 20" 0.0025 "-" 22 0
Dec 1 10:24:19 standalone proxy-server[129981]: 172.18.0.2 172.18.0.100 01/Dec/2025/10/24/19 GET /v1/AUTH_390dd1408bf04077a205fb4c4b69a4d9/gnocchi.c262716b-fde7-4ea3-bd98-fa09344da0a2%3Fformat%3Djson%26states%3Dlisting HTTP/1.0 200 - python-swiftclient-3.11.1 gAAAAABpLWwde6ma... - 2 - txde7139ce5e1d4b858753e-00692d6cd3 - 0.0154 - - 1764584659.472681999 1764584659.488096237 0
Dec 1 10:24:19 standalone object-server[128048]: 172.20.0.100 - - [01/Dec/2025:10:24:19 +0000] "GET /d1/42/AUTH_390dd1408bf04077a205fb4c4b69a4d9/gnocchi.c262716b-fde7-4ea3-bd98-fa09344da0a2/1763640000.0_mean_300.0_v3" 404 70 "GET http://172.18.0.2:8080/v1/AUTH_390dd1408bf04077a205fb4c4b69a4d9/gnocchi.c262716b-fde7-4ea3-bd98-fa09344da0a2/1763640000.0_mean_300.0_v3" "tx16580d5609f04378959c8-00692d6cd3" "proxy-server 20" 0.0004 "-" 23 0
Dec 1 10:24:19 standalone proxy-server[129981]: 172.18.0.2 172.18.0.100 01/Dec/2025/10/24/19 GET /v1/AUTH_390dd1408bf04077a205fb4c4b69a4d9/gnocchi.c262716b-fde7-4ea3-bd98-fa09344da0a2/1763640000.0_mean_300.0_v3 HTTP/1.0 404 - python-swiftclient-3.11.1 gAAAAABpLWwde6ma... - 70 - tx16580d5609f04378959c8-00692d6cd3 - 0.0070 - - 1764584659.492268801 1764584659.499239445 0
Dec 1 10:24:19 standalone container-server[127877]: 172.20.0.100 - - [01/Dec/2025:10:24:19 +0000] "PUT /d1/430/AUTH_390dd1408bf04077a205fb4c4b69a4d9/gnocchi.c262716b-fde7-4ea3-bd98-fa09344da0a2/1763640000.0_mean_300.0_v3" 201 - "PUT http://172.18.0.2:8080/d1/42/AUTH_390dd1408bf04077a205fb4c4b69a4d9/gnocchi.c262716b-fde7-4ea3-bd98-fa09344da0a2/1763640000.0_mean_300.0_v3" "txc73cc888911e4429be877-00692d6cd3" "object-server 22" 0.0008 "-" 22 0
Dec 1 10:24:19 standalone object-server[128047]: 172.20.0.100 - - [01/Dec/2025:10:24:19 +0000] "PUT /d1/42/AUTH_390dd1408bf04077a205fb4c4b69a4d9/gnocchi.c262716b-fde7-4ea3-bd98-fa09344da0a2/1763640000.0_mean_300.0_v3" 201 - "PUT http://172.18.0.2:8080/v1/AUTH_390dd1408bf04077a205fb4c4b69a4d9/gnocchi.c262716b-fde7-4ea3-bd98-fa09344da0a2/1763640000.0_mean_300.0_v3" "txc73cc888911e4429be877-00692d6cd3" "proxy-server 20" 0.0115 "-" 22 0
Dec 1 10:24:19 standalone proxy-server[129981]: 172.18.0.2 172.18.0.100 01/Dec/2025/10/24/19 PUT /v1/AUTH_390dd1408bf04077a205fb4c4b69a4d9/gnocchi.c262716b-fde7-4ea3-bd98-fa09344da0a2/1763640000.0_mean_300.0_v3 HTTP/1.0 201 - python-swiftclient-3.11.1 gAAAAABpLWwde6ma... 16 - - txc73cc888911e4429be877-00692d6cd3 - 0.0172 - - 1764584659.504765749 1764584659.521943808 0
Dec 1 10:24:19 standalone container-server[127841]: 172.20.0.100 - - [01/Dec/2025:10:24:19 +0000] "PUT /d1/430/AUTH_390dd1408bf04077a205fb4c4b69a4d9/gnocchi.c262716b-fde7-4ea3-bd98-fa09344da0a2/none_v3" 201 - "PUT http://172.18.0.2:8080/d1/500/AUTH_390dd1408bf04077a205fb4c4b69a4d9/gnocchi.c262716b-fde7-4ea3-bd98-fa09344da0a2/none_v3" "tx745e561145ec4b359e020-00692d6cd3" "object-server 23" 0.0007 "-" 17 0
Dec 1 10:24:19 standalone object-server[128048]: 172.20.0.100 - - [01/Dec/2025:10:24:19 +0000] "PUT /d1/500/AUTH_390dd1408bf04077a205fb4c4b69a4d9/gnocchi.c262716b-fde7-4ea3-bd98-fa09344da0a2/none_v3" 201 - "PUT http://172.18.0.2:8080/v1/AUTH_390dd1408bf04077a205fb4c4b69a4d9/gnocchi.c262716b-fde7-4ea3-bd98-fa09344da0a2/none_v3" "tx745e561145ec4b359e020-00692d6cd3" "proxy-server 20" 0.0122 "-" 23 0
Dec 1 10:24:19 standalone proxy-server[129981]: 172.18.0.2 172.18.0.100 01/Dec/2025/10/24/19 PUT /v1/AUTH_390dd1408bf04077a205fb4c4b69a4d9/gnocchi.c262716b-fde7-4ea3-bd98-fa09344da0a2/none_v3 HTTP/1.0 201 - python-swiftclient-3.11.1 gAAAAABpLWwde6ma... 22 - - tx745e561145ec4b359e020-00692d6cd3 - 0.0182 - - 1764584659.525173903 1764584659.543419838 0
Dec 1 10:24:19 standalone container-server[127872]: 172.20.0.100 - - [01/Dec/2025:10:24:19 +0000] "HEAD /d1/879/AUTH_390dd1408bf04077a205fb4c4b69a4d9/gnocchi.ab670e9c-0973-455d-adf9-419327d81fab" 404 - "HEAD http://172.18.0.2:8080/v1/AUTH_390dd1408bf04077a205fb4c4b69a4d9/gnocchi.ab670e9c-0973-455d-adf9-419327d81fab?format=json&states=listing" "txdaa6a5d4ec4c45a3bf705-00692d6cd3" "proxy-server 20" 0.0006 "-" 21 0
Dec 1 10:24:19 standalone object-server[128046]: 172.20.0.100 - - [01/Dec/2025:10:24:19 +0000] "GET /d1/266/AUTH_390dd1408bf04077a205fb4c4b69a4d9/gnocchi.ab670e9c-0973-455d-adf9-419327d81fab/none_v3" 404 70 "GET http://172.18.0.2:8080/v1/AUTH_390dd1408bf04077a205fb4c4b69a4d9/gnocchi.ab670e9c-0973-455d-adf9-419327d81fab/none_v3" "txdaa6a5d4ec4c45a3bf705-00692d6cd3" "proxy-server 20" 0.0004 "-" 21 0
Dec 1 10:24:19 standalone proxy-server[129981]: 172.18.0.2 172.18.0.100 01/Dec/2025/10/24/19 GET /v1/AUTH_390dd1408bf04077a205fb4c4b69a4d9/gnocchi.ab670e9c-0973-455d-adf9-419327d81fab/none_v3 HTTP/1.0 404 - python-swiftclient-3.11.1 gAAAAABpLWwde6ma... - 70 - txdaa6a5d4ec4c45a3bf705-00692d6cd3 - 0.0121 - - 1764584659.573427677 1764584659.585552692 0
Dec 1 10:24:19 standalone account-server[127873]: 172.20.0.100 - - [01/Dec/2025:10:24:19 +0000] "PUT /d1/340/AUTH_390dd1408bf04077a205fb4c4b69a4d9/gnocchi.ab670e9c-0973-455d-adf9-419327d81fab" 201 - "PUT http://172.20.0.100:6001/d1/879/AUTH_390dd1408bf04077a205fb4c4b69a4d9/gnocchi.ab670e9c-0973-455d-adf9-419327d81fab" "tx13daf2db38b54b97af29b-00692d6cd3" "container-server 17" 0.0059 "-" 20 0
Dec 1 10:24:19 standalone container-server[127841]: 172.20.0.100 - - [01/Dec/2025:10:24:19 +0000] "PUT /d1/879/AUTH_390dd1408bf04077a205fb4c4b69a4d9/gnocchi.ab670e9c-0973-455d-adf9-419327d81fab" 201 - "PUT http://172.18.0.2:8080/v1/AUTH_390dd1408bf04077a205fb4c4b69a4d9/gnocchi.ab670e9c-0973-455d-adf9-419327d81fab" "tx13daf2db38b54b97af29b-00692d6cd3" "proxy-server 20" 0.0192 "-" 17 0
Dec 1 10:24:19 standalone proxy-server[129981]: 172.18.0.2 172.18.0.100 01/Dec/2025/10/24/19 PUT /v1/AUTH_390dd1408bf04077a205fb4c4b69a4d9/gnocchi.ab670e9c-0973-455d-adf9-419327d81fab HTTP/1.0 201 - python-swiftclient-3.11.1 gAAAAABpLWwde6ma... - - - tx13daf2db38b54b97af29b-00692d6cd3 - 0.0267 - - 1764584659.589547157 1764584659.616261005 0
Dec 1 10:24:19 standalone container-server[127852]: 172.20.0.100 - - [01/Dec/2025:10:24:19 +0000] "HEAD /d1/879/AUTH_390dd1408bf04077a205fb4c4b69a4d9/gnocchi.ab670e9c-0973-455d-adf9-419327d81fab" 204 - "HEAD http://172.18.0.2:8080/v1/AUTH_390dd1408bf04077a205fb4c4b69a4d9/gnocchi.ab670e9c-0973-455d-adf9-419327d81fab?format=json&states=listing" "txc49370a9f78744328996a-00692d6cd3" "proxy-server 20" 0.0022 "-" 18 0
Dec 1 10:24:19 standalone proxy-server[129981]: - - 01/Dec/2025/10/24/19 HEAD /v1/AUTH_390dd1408bf04077a205fb4c4b69a4d9/gnocchi.ab670e9c-0973-455d-adf9-419327d81fab%3Fformat%3Djson%26states%3Dlisting HTTP/1.0 204 - Swift - - - - txc49370a9f78744328996a-00692d6cd3 - 0.0062 RL - 1764584659.625962496 1764584659.632207155 0
Dec 1 10:24:19 standalone container-server[127852]: 172.20.0.100 - - [01/Dec/2025:10:24:19 +0000] "GET /d1/879/AUTH_390dd1408bf04077a205fb4c4b69a4d9/gnocchi.ab670e9c-0973-455d-adf9-419327d81fab" 200 2 "GET http://172.18.0.2:8080/v1/AUTH_390dd1408bf04077a205fb4c4b69a4d9/gnocchi.ab670e9c-0973-455d-adf9-419327d81fab?format=json&states=listing" "txc49370a9f78744328996a-00692d6cd3" "proxy-server 20" 0.0030 "-" 18 0
Dec 1 10:24:19 standalone proxy-server[129981]: 172.18.0.2 172.18.0.100 01/Dec/2025/10/24/19 GET /v1/AUTH_390dd1408bf04077a205fb4c4b69a4d9/gnocchi.ab670e9c-0973-455d-adf9-419327d81fab%3Fformat%3Djson%26states%3Dlisting HTTP/1.0 200 - python-swiftclient-3.11.1 gAAAAABpLWwde6ma... - 2 - txc49370a9f78744328996a-00692d6cd3 - 0.0169 - - 1764584659.624608755 1764584659.641480207 0
Dec 1 10:24:19 standalone object-server[128045]: 172.20.0.100 - - [01/Dec/2025:10:24:19 +0000] "GET /d1/833/AUTH_390dd1408bf04077a205fb4c4b69a4d9/gnocchi.ab670e9c-0973-455d-adf9-419327d81fab/1763640000.0_mean_300.0_v3" 404 70 "GET http://172.18.0.2:8080/v1/AUTH_390dd1408bf04077a205fb4c4b69a4d9/gnocchi.ab670e9c-0973-455d-adf9-419327d81fab/1763640000.0_mean_300.0_v3" "txe7784232a1ee443f9490d-00692d6cd3" "proxy-server 20" 0.0005 "-" 20 0
Dec 1 10:24:19 standalone proxy-server[129981]: 172.18.0.2 172.18.0.100 01/Dec/2025/10/24/19 GET /v1/AUTH_390dd1408bf04077a205fb4c4b69a4d9/gnocchi.ab670e9c-0973-455d-adf9-419327d81fab/1763640000.0_mean_300.0_v3 HTTP/1.0 404 - python-swiftclient-3.11.1 gAAAAABpLWwde6ma... - 70 - txe7784232a1ee443f9490d-00692d6cd3 - 0.0068 - - 1764584659.646072388 1764584659.652884245 0
Dec 1 10:24:19 standalone container-server[127841]: 172.20.0.100 - - [01/Dec/2025:10:24:19 +0000] "PUT /d1/879/AUTH_390dd1408bf04077a205fb4c4b69a4d9/gnocchi.ab670e9c-0973-455d-adf9-419327d81fab/1763640000.0_mean_300.0_v3" 201 - "PUT http://172.18.0.2:8080/d1/833/AUTH_390dd1408bf04077a205fb4c4b69a4d9/gnocchi.ab670e9c-0973-455d-adf9-419327d81fab/1763640000.0_mean_300.0_v3" "txd3712b530c224a1886565-00692d6cd3" "object-server 21" 0.0011 "-" 17 0
Dec 1 10:24:19 standalone object-server[128046]: 172.20.0.100 - - [01/Dec/2025:10:24:19 +0000] "PUT /d1/833/AUTH_390dd1408bf04077a205fb4c4b69a4d9/gnocchi.ab670e9c-0973-455d-adf9-419327d81fab/1763640000.0_mean_300.0_v3" 201 - "PUT http://172.18.0.2:8080/v1/AUTH_390dd1408bf04077a205fb4c4b69a4d9/gnocchi.ab670e9c-0973-455d-adf9-419327d81fab/1763640000.0_mean_300.0_v3" "txd3712b530c224a1886565-00692d6cd3" "proxy-server 20" 0.0128 "-" 21 0
Dec 1 10:24:19 standalone proxy-server[129981]: 172.18.0.2 172.18.0.100 01/Dec/2025/10/24/19 PUT /v1/AUTH_390dd1408bf04077a205fb4c4b69a4d9/gnocchi.ab670e9c-0973-455d-adf9-419327d81fab/1763640000.0_mean_300.0_v3 HTTP/1.0 201 - python-swiftclient-3.11.1 gAAAAABpLWwde6ma... 16 - - txd3712b530c224a1886565-00692d6cd3 - 0.0190 - - 1764584659.657275200 1764584659.676303148 0
Dec 1 10:24:19 standalone container-server[127872]: 172.20.0.100 - - [01/Dec/2025:10:24:19 +0000] "PUT /d1/879/AUTH_390dd1408bf04077a205fb4c4b69a4d9/gnocchi.ab670e9c-0973-455d-adf9-419327d81fab/none_v3" 201 - "PUT http://172.18.0.2:8080/d1/266/AUTH_390dd1408bf04077a205fb4c4b69a4d9/gnocchi.ab670e9c-0973-455d-adf9-419327d81fab/none_v3" "tx692f2389ef3a47db92dfa-00692d6cd3" "object-server 20" 0.0008 "-" 21 0
Dec 1 10:24:19 standalone object-server[128045]: 172.20.0.100 - - [01/Dec/2025:10:24:19 +0000] "PUT /d1/266/AUTH_390dd1408bf04077a205fb4c4b69a4d9/gnocchi.ab670e9c-0973-455d-adf9-419327d81fab/none_v3" 201 - "PUT http://172.18.0.2:8080/v1/AUTH_390dd1408bf04077a205fb4c4b69a4d9/gnocchi.ab670e9c-0973-455d-adf9-419327d81fab/none_v3" "tx692f2389ef3a47db92dfa-00692d6cd3" "proxy-server 20" 0.0106 "-" 20 0
Dec 1 10:24:19 standalone proxy-server[129981]: 172.18.0.2 172.18.0.100 01/Dec/2025/10/24/19 PUT /v1/AUTH_390dd1408bf04077a205fb4c4b69a4d9/gnocchi.ab670e9c-0973-455d-adf9-419327d81fab/none_v3 HTTP/1.0 201 - python-swiftclient-3.11.1 gAAAAABpLWwde6ma... 22 - - tx692f2389ef3a47db92dfa-00692d6cd3 - 0.0167 - - 1764584659.681105852 1764584659.697756529 0
Dec 1 10:24:19 standalone container-server[127877]: 172.20.0.100 - - [01/Dec/2025:10:24:19 +0000] "HEAD /d1/48/AUTH_390dd1408bf04077a205fb4c4b69a4d9/gnocchi.97e481ab-f5f8-4185-b4b6-c1d68066292c" 404 - "HEAD http://172.18.0.2:8080/v1/AUTH_390dd1408bf04077a205fb4c4b69a4d9/gnocchi.97e481ab-f5f8-4185-b4b6-c1d68066292c?format=json&states=listing" "tx9be1328bd79a4001ae08d-00692d6cd3" "proxy-server 20" 0.0006 "-" 22 0
Dec 1 10:24:19 standalone object-server[128047]: 172.20.0.100 - - [01/Dec/2025:10:24:19 +0000] "GET /d1/194/AUTH_390dd1408bf04077a205fb4c4b69a4d9/gnocchi.97e481ab-f5f8-4185-b4b6-c1d68066292c/none_v3" 404 70 "GET http://172.18.0.2:8080/v1/AUTH_390dd1408bf04077a205fb4c4b69a4d9/gnocchi.97e481ab-f5f8-4185-b4b6-c1d68066292c/none_v3" "tx9be1328bd79a4001ae08d-00692d6cd3" "proxy-server 20" 0.0005 "-" 22 0
Dec 1 10:24:19 standalone proxy-server[129981]: 172.18.0.2 172.18.0.100 01/Dec/2025/10/24/19 GET /v1/AUTH_390dd1408bf04077a205fb4c4b69a4d9/gnocchi.97e481ab-f5f8-4185-b4b6-c1d68066292c/none_v3 HTTP/1.0 404 - python-swiftclient-3.11.1 gAAAAABpLWwde6ma... - 70 - tx9be1328bd79a4001ae08d-00692d6cd3 - 0.0106 - - 1764584659.712112427 1764584659.722747087 0
Dec 1 10:24:19 standalone account-server[127876]: 172.20.0.100 - - [01/Dec/2025:10:24:19 +0000] "PUT /d1/340/AUTH_390dd1408bf04077a205fb4c4b69a4d9/gnocchi.97e481ab-f5f8-4185-b4b6-c1d68066292c" 201 - "PUT http://172.20.0.100:6001/d1/48/AUTH_390dd1408bf04077a205fb4c4b69a4d9/gnocchi.97e481ab-f5f8-4185-b4b6-c1d68066292c" "txf94c0369a925460885648-00692d6cd3" "container-server 18" 0.0074 "-" 21 0
Dec 1 10:24:19 standalone container-server[127852]: 172.20.0.100 - - [01/Dec/2025:10:24:19 +0000] "PUT /d1/48/AUTH_390dd1408bf04077a205fb4c4b69a4d9/gnocchi.97e481ab-f5f8-4185-b4b6-c1d68066292c" 201 - "PUT http://172.18.0.2:8080/v1/AUTH_390dd1408bf04077a205fb4c4b69a4d9/gnocchi.97e481ab-f5f8-4185-b4b6-c1d68066292c" "txf94c0369a925460885648-00692d6cd3" "proxy-server 20" 0.0210 "-" 18 0
Dec 1 10:24:19 standalone proxy-server[129981]: 172.18.0.2 172.18.0.100 01/Dec/2025/10/24/19 PUT /v1/AUTH_390dd1408bf04077a205fb4c4b69a4d9/gnocchi.97e481ab-f5f8-4185-b4b6-c1d68066292c HTTP/1.0 201 - python-swiftclient-3.11.1 gAAAAABpLWwde6ma... - - - txf94c0369a925460885648-00692d6cd3 - 0.0273 - - 1764584659.726158142 1764584659.753424644 0
Dec 1 10:24:19 standalone container-server[127877]: 172.20.0.100 - - [01/Dec/2025:10:24:19 +0000] "HEAD /d1/48/AUTH_390dd1408bf04077a205fb4c4b69a4d9/gnocchi.97e481ab-f5f8-4185-b4b6-c1d68066292c" 204 - "HEAD http://172.18.0.2:8080/v1/AUTH_390dd1408bf04077a205fb4c4b69a4d9/gnocchi.97e481ab-f5f8-4185-b4b6-c1d68066292c?format=json&states=listing" "tx46eb061ccc9948e6b48cf-00692d6cd3" "proxy-server 20" 0.0024 "-" 22 0
Dec 1 10:24:19 standalone proxy-server[129981]: - - 01/Dec/2025/10/24/19 HEAD /v1/AUTH_390dd1408bf04077a205fb4c4b69a4d9/gnocchi.97e481ab-f5f8-4185-b4b6-c1d68066292c%3Fformat%3Djson%26states%3Dlisting HTTP/1.0 204 - Swift - - - - tx46eb061ccc9948e6b48cf-00692d6cd3 - 0.0070 RL - 1764584659.759737015 1764584659.766712666 0
Dec 1 10:24:19 standalone container-server[127872]: 172.20.0.100 - - [01/Dec/2025:10:24:19 +0000] "GET /d1/48/AUTH_390dd1408bf04077a205fb4c4b69a4d9/gnocchi.97e481ab-f5f8-4185-b4b6-c1d68066292c" 200 2 "GET http://172.18.0.2:8080/v1/AUTH_390dd1408bf04077a205fb4c4b69a4d9/gnocchi.97e481ab-f5f8-4185-b4b6-c1d68066292c?format=json&states=listing" "tx46eb061ccc9948e6b48cf-00692d6cd3" "proxy-server 20" 0.0037 "-" 21 0
Dec 1 10:24:19 standalone proxy-server[129981]: 172.18.0.2 172.18.0.100 01/Dec/2025/10/24/19 GET /v1/AUTH_390dd1408bf04077a205fb4c4b69a4d9/gnocchi.97e481ab-f5f8-4185-b4b6-c1d68066292c%3Fformat%3Djson%26states%3Dlisting HTTP/1.0 200 - python-swiftclient-3.11.1 gAAAAABpLWwde6ma... - 2 - tx46eb061ccc9948e6b48cf-00692d6cd3 - 0.0217 - - 1764584659.758442163 1764584659.780186176 0
Dec 1 10:24:19 standalone object-server[128045]: 172.20.0.100 - - [01/Dec/2025:10:24:19 +0000] "GET /d1/579/AUTH_390dd1408bf04077a205fb4c4b69a4d9/gnocchi.97e481ab-f5f8-4185-b4b6-c1d68066292c/1763640000.0_mean_300.0_v3" 404 70 "GET http://172.18.0.2:8080/v1/AUTH_390dd1408bf04077a205fb4c4b69a4d9/gnocchi.97e481ab-f5f8-4185-b4b6-c1d68066292c/1763640000.0_mean_300.0_v3" "tx711967d530e0439295d18-00692d6cd3" "proxy-server 20" 0.0006 "-" 20 0
Dec 1 10:24:19 standalone proxy-server[129981]: 172.18.0.2 172.18.0.100 01/Dec/2025/10/24/19 GET /v1/AUTH_390dd1408bf04077a205fb4c4b69a4d9/gnocchi.97e481ab-f5f8-4185-b4b6-c1d68066292c/1763640000.0_mean_300.0_v3 HTTP/1.0 404 - python-swiftclient-3.11.1 gAAAAABpLWwde6ma... - 70 - tx711967d530e0439295d18-00692d6cd3 - 0.0076 - - 1764584659.784590244 1764584659.792227268 0
Dec 1 10:24:19 standalone container-server[127872]: 172.20.0.100 - - [01/Dec/2025:10:24:19 +0000] "PUT /d1/48/AUTH_390dd1408bf04077a205fb4c4b69a4d9/gnocchi.97e481ab-f5f8-4185-b4b6-c1d68066292c/1763640000.0_mean_300.0_v3" 201 - "PUT http://172.18.0.2:8080/d1/579/AUTH_390dd1408bf04077a205fb4c4b69a4d9/gnocchi.97e481ab-f5f8-4185-b4b6-c1d68066292c/1763640000.0_mean_300.0_v3" "tx99c12638612c4288af564-00692d6cd3" "object-server 23" 0.0009 "-" 21 0
Dec 1 10:24:19 standalone object-server[128048]: 172.20.0.100 - - [01/Dec/2025:10:24:19 +0000] "PUT /d1/579/AUTH_390dd1408bf04077a205fb4c4b69a4d9/gnocchi.97e481ab-f5f8-4185-b4b6-c1d68066292c/1763640000.0_mean_300.0_v3" 201 - "PUT http://172.18.0.2:8080/v1/AUTH_390dd1408bf04077a205fb4c4b69a4d9/gnocchi.97e481ab-f5f8-4185-b4b6-c1d68066292c/1763640000.0_mean_300.0_v3" "tx99c12638612c4288af564-00692d6cd3" "proxy-server 20" 0.0117 "-" 23 0
Dec 1 10:24:19 standalone proxy-server[129981]: 172.18.0.2 172.18.0.100 01/Dec/2025/10/24/19 PUT /v1/AUTH_390dd1408bf04077a205fb4c4b69a4d9/gnocchi.97e481ab-f5f8-4185-b4b6-c1d68066292c/1763640000.0_mean_300.0_v3 HTTP/1.0 201 - python-swiftclient-3.11.1 gAAAAABpLWwde6ma... 16 - - tx99c12638612c4288af564-00692d6cd3 - 0.0184 - - 1764584659.795585871 1764584659.814015150 0
Dec 1 10:24:19 standalone container-server[127852]: 172.20.0.100 - - [01/Dec/2025:10:24:19 +0000] "PUT /d1/48/AUTH_390dd1408bf04077a205fb4c4b69a4d9/gnocchi.97e481ab-f5f8-4185-b4b6-c1d68066292c/none_v3" 201 - "PUT http://172.18.0.2:8080/d1/194/AUTH_390dd1408bf04077a205fb4c4b69a4d9/gnocchi.97e481ab-f5f8-4185-b4b6-c1d68066292c/none_v3" "tx7ad6799cf847413eb3a94-00692d6cd3" "object-server 23" 0.0004 "-" 18 0
Dec 1 10:24:19 standalone object-server[128048]: 172.20.0.100 - - [01/Dec/2025:10:24:19 +0000] "PUT /d1/194/AUTH_390dd1408bf04077a205fb4c4b69a4d9/gnocchi.97e481ab-f5f8-4185-b4b6-c1d68066292c/none_v3" 201 - "PUT http://172.18.0.2:8080/v1/AUTH_390dd1408bf04077a205fb4c4b69a4d9/gnocchi.97e481ab-f5f8-4185-b4b6-c1d68066292c/none_v3" "tx7ad6799cf847413eb3a94-00692d6cd3" "proxy-server 20" 0.0085 "-" 23 0
Dec 1 10:24:19 standalone proxy-server[129981]: 172.18.0.2 172.18.0.100 01/Dec/2025/10/24/19 PUT /v1/AUTH_390dd1408bf04077a205fb4c4b69a4d9/gnocchi.97e481ab-f5f8-4185-b4b6-c1d68066292c/none_v3 HTTP/1.0 201 - python-swiftclient-3.11.1 gAAAAABpLWwde6ma... 22 - - tx7ad6799cf847413eb3a94-00692d6cd3 - 0.0146 - - 1764584659.817394972 1764584659.831986904 0
Dec 1 10:24:19 standalone container-server[127877]: 172.20.0.100 - - [01/Dec/2025:10:24:19 +0000] "HEAD /d1/513/AUTH_390dd1408bf04077a205fb4c4b69a4d9/gnocchi.333b8385-5726-4cd4-aedd-af21f4df5b34" 404 - "HEAD http://172.18.0.2:8080/v1/AUTH_390dd1408bf04077a205fb4c4b69a4d9/gnocchi.333b8385-5726-4cd4-aedd-af21f4df5b34?format=json&states=listing" "tx2c720cf334a44c2dbecc8-00692d6cd3" "proxy-server 20" 0.0005 "-" 22 0
Dec 1 10:24:19 standalone object-server[128047]: 172.20.0.100 - - [01/Dec/2025:10:24:19 +0000] "GET /d1/425/AUTH_390dd1408bf04077a205fb4c4b69a4d9/gnocchi.333b8385-5726-4cd4-aedd-af21f4df5b34/none_v3" 404 70 "GET http://172.18.0.2:8080/v1/AUTH_390dd1408bf04077a205fb4c4b69a4d9/gnocchi.333b8385-5726-4cd4-aedd-af21f4df5b34/none_v3" "tx2c720cf334a44c2dbecc8-00692d6cd3" "proxy-server 20" 0.0005 "-" 22 0
Dec 1 10:24:19 standalone proxy-server[129981]: 172.18.0.2 172.18.0.100 01/Dec/2025/10/24/19 GET /v1/AUTH_390dd1408bf04077a205fb4c4b69a4d9/gnocchi.333b8385-5726-4cd4-aedd-af21f4df5b34/none_v3 HTTP/1.0 404 - python-swiftclient-3.11.1 gAAAAABpLWwde6ma... - 70 - tx2c720cf334a44c2dbecc8-00692d6cd3 - 0.0085 - - 1764584659.854662180 1764584659.863190413 0
Dec 1 10:24:19 standalone account-server[127876]: 172.20.0.100 - - [01/Dec/2025:10:24:19 +0000] "PUT /d1/340/AUTH_390dd1408bf04077a205fb4c4b69a4d9/gnocchi.333b8385-5726-4cd4-aedd-af21f4df5b34" 201 - "PUT http://172.20.0.100:6001/d1/513/AUTH_390dd1408bf04077a205fb4c4b69a4d9/gnocchi.333b8385-5726-4cd4-aedd-af21f4df5b34" "tx4184c180ef5547028404c-00692d6cd3" "container-server 18" 0.0061 "-" 21 0
Dec 1 10:24:19 standalone container-server[127852]: 172.20.0.100 - - [01/Dec/2025:10:24:19 +0000] "PUT /d1/513/AUTH_390dd1408bf04077a205fb4c4b69a4d9/gnocchi.333b8385-5726-4cd4-aedd-af21f4df5b34" 201 - "PUT http://172.18.0.2:8080/v1/AUTH_390dd1408bf04077a205fb4c4b69a4d9/gnocchi.333b8385-5726-4cd4-aedd-af21f4df5b34" "tx4184c180ef5547028404c-00692d6cd3" "proxy-server 20" 0.0187 "-" 18 0
Dec 1 10:24:19 standalone proxy-server[129981]: 172.18.0.2 172.18.0.100 01/Dec/2025/10/24/19 PUT /v1/AUTH_390dd1408bf04077a205fb4c4b69a4d9/gnocchi.333b8385-5726-4cd4-aedd-af21f4df5b34 HTTP/1.0 201 - python-swiftclient-3.11.1 gAAAAABpLWwde6ma... - - - tx4184c180ef5547028404c-00692d6cd3 - 0.0256 - - 1764584659.867112160 1764584659.892722130 0
Dec 1 10:24:19 standalone container-server[127877]: 172.20.0.100 - - [01/Dec/2025:10:24:19 +0000] "HEAD /d1/513/AUTH_390dd1408bf04077a205fb4c4b69a4d9/gnocchi.333b8385-5726-4cd4-aedd-af21f4df5b34" 204 - "HEAD http://172.18.0.2:8080/v1/AUTH_390dd1408bf04077a205fb4c4b69a4d9/gnocchi.333b8385-5726-4cd4-aedd-af21f4df5b34?format=json&states=listing" "tx751b1f5336754b148fcb9-00692d6cd3" "proxy-server 20" 0.0022 "-" 22 0
Dec 1 10:24:19 standalone proxy-server[129981]: - - 01/Dec/2025/10/24/19 HEAD /v1/AUTH_390dd1408bf04077a205fb4c4b69a4d9/gnocchi.333b8385-5726-4cd4-aedd-af21f4df5b34%3Fformat%3Djson%26states%3Dlisting HTTP/1.0 204 - Swift - - - - tx751b1f5336754b148fcb9-00692d6cd3 - 0.0072 RL - 1764584659.899959326 1764584659.907180548 0
Dec 1 10:24:19 standalone container-server[127841]: 172.20.0.100 - - [01/Dec/2025:10:24:19 +0000] "GET /d1/513/AUTH_390dd1408bf04077a205fb4c4b69a4d9/gnocchi.333b8385-5726-4cd4-aedd-af21f4df5b34" 200 2 "GET http://172.18.0.2:8080/v1/AUTH_390dd1408bf04077a205fb4c4b69a4d9/gnocchi.333b8385-5726-4cd4-aedd-af21f4df5b34?format=json&states=listing" "tx751b1f5336754b148fcb9-00692d6cd3" "proxy-server 20" 0.0034 "-" 17 0
Dec 1 10:24:19 standalone proxy-server[129981]: 172.18.0.2 172.18.0.100 01/Dec/2025/10/24/19 GET /v1/AUTH_390dd1408bf04077a205fb4c4b69a4d9/gnocchi.333b8385-5726-4cd4-aedd-af21f4df5b34%3Fformat%3Djson%26states%3Dlisting HTTP/1.0 200 - python-swiftclient-3.11.1 gAAAAABpLWwde6ma... - 2 - tx751b1f5336754b148fcb9-00692d6cd3 - 0.0210 - - 1764584659.898416996 1764584659.919408560 0
Dec 1 10:24:19 standalone object-server[128046]: 172.20.0.100 - - [01/Dec/2025:10:24:19 +0000] "GET /d1/363/AUTH_390dd1408bf04077a205fb4c4b69a4d9/gnocchi.333b8385-5726-4cd4-aedd-af21f4df5b34/1763640000.0_mean_300.0_v3" 404 70 "GET http://172.18.0.2:8080/v1/AUTH_390dd1408bf04077a205fb4c4b69a4d9/gnocchi.333b8385-5726-4cd4-aedd-af21f4df5b34/1763640000.0_mean_300.0_v3" "tx176c76e85d944705a174d-00692d6cd3" "proxy-server 20" 0.0005 "-" 21 0
Dec 1 10:24:19 standalone proxy-server[129981]: 172.18.0.2 172.18.0.100 01/Dec/2025/10/24/19 GET /v1/AUTH_390dd1408bf04077a205fb4c4b69a4d9/gnocchi.333b8385-5726-4cd4-aedd-af21f4df5b34/1763640000.0_mean_300.0_v3 HTTP/1.0 404 - python-swiftclient-3.11.1 gAAAAABpLWwde6ma... - 70 - tx176c76e85d944705a174d-00692d6cd3 - 0.0078 - - 1764584659.924448252 1764584659.932280064 0
Dec 1 10:24:19 standalone container-server[127852]: 172.20.0.100 - - [01/Dec/2025:10:24:19 +0000] "PUT /d1/513/AUTH_390dd1408bf04077a205fb4c4b69a4d9/gnocchi.333b8385-5726-4cd4-aedd-af21f4df5b34/1763640000.0_mean_300.0_v3" 201 - "PUT http://172.18.0.2:8080/d1/363/AUTH_390dd1408bf04077a205fb4c4b69a4d9/gnocchi.333b8385-5726-4cd4-aedd-af21f4df5b34/1763640000.0_mean_300.0_v3" "txb0a32f65a00c4859a8bc3-00692d6cd3" "object-server 22" 0.0009 "-" 18 0
Dec 1 10:24:19 standalone object-server[128047]: 172.20.0.100 - - [01/Dec/2025:10:24:19 +0000] "PUT /d1/363/AUTH_390dd1408bf04077a205fb4c4b69a4d9/gnocchi.333b8385-5726-4cd4-aedd-af21f4df5b34/1763640000.0_mean_300.0_v3" 201 - "PUT http://172.18.0.2:8080/v1/AUTH_390dd1408bf04077a205fb4c4b69a4d9/gnocchi.333b8385-5726-4cd4-aedd-af21f4df5b34/1763640000.0_mean_300.0_v3" "txb0a32f65a00c4859a8bc3-00692d6cd3" "proxy-server 20" 0.0118 "-" 22 0
Dec 1 10:24:19 standalone proxy-server[129981]: 172.18.0.2 172.18.0.100 01/Dec/2025/10/24/19 PUT /v1/AUTH_390dd1408bf04077a205fb4c4b69a4d9/gnocchi.333b8385-5726-4cd4-aedd-af21f4df5b34/1763640000.0_mean_300.0_v3 HTTP/1.0 201 - python-swiftclient-3.11.1 gAAAAABpLWwde6ma... 16 - - txb0a32f65a00c4859a8bc3-00692d6cd3 - 0.0192 - - 1764584659.936515331 1764584659.955741644 0
Dec 1 10:24:19 standalone container-server[127877]: 172.20.0.100 - - [01/Dec/2025:10:24:19 +0000] "PUT /d1/513/AUTH_390dd1408bf04077a205fb4c4b69a4d9/gnocchi.333b8385-5726-4cd4-aedd-af21f4df5b34/none_v3" 201 - "PUT http://172.18.0.2:8080/d1/425/AUTH_390dd1408bf04077a205fb4c4b69a4d9/gnocchi.333b8385-5726-4cd4-aedd-af21f4df5b34/none_v3" "txf69c5271692f47ddb2861-00692d6cd3" "object-server 22" 0.0008 "-" 22 0
Dec 1 10:24:19 standalone object-server[128047]: 172.20.0.100 - - [01/Dec/2025:10:24:19 +0000] "PUT /d1/425/AUTH_390dd1408bf04077a205fb4c4b69a4d9/gnocchi.333b8385-5726-4cd4-aedd-af21f4df5b34/none_v3" 201 - "PUT http://172.18.0.2:8080/v1/AUTH_390dd1408bf04077a205fb4c4b69a4d9/gnocchi.333b8385-5726-4cd4-aedd-af21f4df5b34/none_v3" "txf69c5271692f47ddb2861-00692d6cd3" "proxy-server 20" 0.0117 "-" 22 0
Dec 1 10:24:19 standalone proxy-server[129981]: 172.18.0.2 172.18.0.100 01/Dec/2025/10/24/19 PUT /v1/AUTH_390dd1408bf04077a205fb4c4b69a4d9/gnocchi.333b8385-5726-4cd4-aedd-af21f4df5b34/none_v3 HTTP/1.0 201 - python-swiftclient-3.11.1 gAAAAABpLWwde6ma... 22 - - txf69c5271692f47ddb2861-00692d6cd3 - 0.0190 - - 1764584659.959545374 1764584659.978531361 0
Dec 1 10:24:20 standalone container-server[127852]: 172.20.0.100 - - [01/Dec/2025:10:24:20 +0000] "HEAD /d1/966/AUTH_390dd1408bf04077a205fb4c4b69a4d9/gnocchi.a9ac0fa3-5f93-46a7-9776-635081a6fcba" 404 - "HEAD http://172.18.0.2:8080/v1/AUTH_390dd1408bf04077a205fb4c4b69a4d9/gnocchi.a9ac0fa3-5f93-46a7-9776-635081a6fcba?format=json&states=listing" "tx65071f30655a4b57b7353-00692d6cd4" "proxy-server 20" 0.0005 "-" 18 0
Dec 1 10:24:20 standalone object-server[128046]: 172.20.0.100 - - [01/Dec/2025:10:24:20 +0000] "GET /d1/695/AUTH_390dd1408bf04077a205fb4c4b69a4d9/gnocchi.a9ac0fa3-5f93-46a7-9776-635081a6fcba/none_v3" 404 70 "GET http://172.18.0.2:8080/v1/AUTH_390dd1408bf04077a205fb4c4b69a4d9/gnocchi.a9ac0fa3-5f93-46a7-9776-635081a6fcba/none_v3" "tx65071f30655a4b57b7353-00692d6cd4" "proxy-server 20" 0.0006 "-" 21 0
Dec 1 10:24:20 standalone proxy-server[129981]: 172.18.0.2 172.18.0.100 01/Dec/2025/10/24/20 GET /v1/AUTH_390dd1408bf04077a205fb4c4b69a4d9/gnocchi.a9ac0fa3-5f93-46a7-9776-635081a6fcba/none_v3 HTTP/1.0 404 - python-swiftclient-3.11.1 gAAAAABpLWwde6ma... - 70 - tx65071f30655a4b57b7353-00692d6cd4 - 0.0159 - - 1764584660.001286030 1764584660.017232656 0
Dec 1 10:24:20 standalone account-server[127892]: 172.20.0.100 - - [01/Dec/2025:10:24:20 +0000] "PUT /d1/340/AUTH_390dd1408bf04077a205fb4c4b69a4d9/gnocchi.a9ac0fa3-5f93-46a7-9776-635081a6fcba" 201 - "PUT http://172.20.0.100:6001/d1/966/AUTH_390dd1408bf04077a205fb4c4b69a4d9/gnocchi.a9ac0fa3-5f93-46a7-9776-635081a6fcba" "tx3107a6c0bc334372809c5-00692d6cd4" "container-server 21" 0.0073 "-" 23 0
Dec 1 10:24:20 standalone container-server[127872]: 172.20.0.100 - - [01/Dec/2025:10:24:20 +0000] "PUT /d1/966/AUTH_390dd1408bf04077a205fb4c4b69a4d9/gnocchi.a9ac0fa3-5f93-46a7-9776-635081a6fcba" 201 - "PUT http://172.18.0.2:8080/v1/AUTH_390dd1408bf04077a205fb4c4b69a4d9/gnocchi.a9ac0fa3-5f93-46a7-9776-635081a6fcba" "tx3107a6c0bc334372809c5-00692d6cd4" "proxy-server 20" 0.0224 "-" 21 0
Dec 1 10:24:20 standalone proxy-server[129981]: 172.18.0.2 172.18.0.100 01/Dec/2025/10/24/20 PUT /v1/AUTH_390dd1408bf04077a205fb4c4b69a4d9/gnocchi.a9ac0fa3-5f93-46a7-9776-635081a6fcba HTTP/1.0 201 - python-swiftclient-3.11.1 gAAAAABpLWwde6ma... - - - tx3107a6c0bc334372809c5-00692d6cd4 - 0.0339 - - 1764584660.021889687 1764584660.055801630 0
Dec 1 10:24:20 standalone container-server[127872]: 172.20.0.100 - - [01/Dec/2025:10:24:20 +0000] "HEAD /d1/966/AUTH_390dd1408bf04077a205fb4c4b69a4d9/gnocchi.a9ac0fa3-5f93-46a7-9776-635081a6fcba" 204 - "HEAD http://172.18.0.2:8080/v1/AUTH_390dd1408bf04077a205fb4c4b69a4d9/gnocchi.a9ac0fa3-5f93-46a7-9776-635081a6fcba?format=json&states=listing" "tx219346144f654ffba75d0-00692d6cd4" "proxy-server 20" 0.0043 "-" 21 0
Dec 1 10:24:20 standalone proxy-server[129981]: - - 01/Dec/2025/10/24/20 HEAD /v1/AUTH_390dd1408bf04077a205fb4c4b69a4d9/gnocchi.a9ac0fa3-5f93-46a7-9776-635081a6fcba%3Fformat%3Djson%26states%3Dlisting HTTP/1.0 204 - Swift - - - - tx219346144f654ffba75d0-00692d6cd4 - 0.0101 RL - 1764584660.062704325 1764584660.072826624 0
Dec 1 10:24:20 standalone container-server[127872]: 172.20.0.100 - - [01/Dec/2025:10:24:20 +0000] "GET /d1/966/AUTH_390dd1408bf04077a205fb4c4b69a4d9/gnocchi.a9ac0fa3-5f93-46a7-9776-635081a6fcba" 200 2 "GET http://172.18.0.2:8080/v1/AUTH_390dd1408bf04077a205fb4c4b69a4d9/gnocchi.a9ac0fa3-5f93-46a7-9776-635081a6fcba?format=json&states=listing" "tx219346144f654ffba75d0-00692d6cd4" "proxy-server 20" 0.0056 "-" 21 0
Dec 1 10:24:20 standalone proxy-server[129981]: 172.18.0.2 172.18.0.100 01/Dec/2025/10/24/20 GET /v1/AUTH_390dd1408bf04077a205fb4c4b69a4d9/gnocchi.a9ac0fa3-5f93-46a7-9776-635081a6fcba%3Fformat%3Djson%26states%3Dlisting HTTP/1.0 200 - python-swiftclient-3.11.1 gAAAAABpLWwde6ma... - 2 - tx219346144f654ffba75d0-00692d6cd4 - 0.0289 - - 1764584660.061116695 1764584660.090039253 0
Dec 1 10:24:20 standalone object-server[128046]: 172.20.0.100 - - [01/Dec/2025:10:24:20 +0000] "GET /d1/110/AUTH_390dd1408bf04077a205fb4c4b69a4d9/gnocchi.a9ac0fa3-5f93-46a7-9776-635081a6fcba/1763640000.0_mean_300.0_v3" 404 70 "GET http://172.18.0.2:8080/v1/AUTH_390dd1408bf04077a205fb4c4b69a4d9/gnocchi.a9ac0fa3-5f93-46a7-9776-635081a6fcba/1763640000.0_mean_300.0_v3" "tx7728d5439424483283ea1-00692d6cd4" "proxy-server 20" 0.0009 "-" 21 0
Dec 1 10:24:20 standalone proxy-server[129981]: 172.18.0.2 172.18.0.100 01/Dec/2025/10/24/20 GET /v1/AUTH_390dd1408bf04077a205fb4c4b69a4d9/gnocchi.a9ac0fa3-5f93-46a7-9776-635081a6fcba/1763640000.0_mean_300.0_v3 HTTP/1.0 404 - python-swiftclient-3.11.1 gAAAAABpLWwde6ma... - 70 - tx7728d5439424483283ea1-00692d6cd4 - 0.0130 - - 1764584660.097462893 1764584660.110493422 0
Dec 1 10:24:20 standalone container-server[127852]: 172.20.0.100 - - [01/Dec/2025:10:24:20 +0000] "PUT /d1/966/AUTH_390dd1408bf04077a205fb4c4b69a4d9/gnocchi.a9ac0fa3-5f93-46a7-9776-635081a6fcba/1763640000.0_mean_300.0_v3" 201 - "PUT http://172.18.0.2:8080/d1/110/AUTH_390dd1408bf04077a205fb4c4b69a4d9/gnocchi.a9ac0fa3-5f93-46a7-9776-635081a6fcba/1763640000.0_mean_300.0_v3" "txd9635f5f240a4801b5f66-00692d6cd4" "object-server 22" 0.0006 "-" 18 0
Dec 1 10:24:20 standalone object-server[128047]: 172.20.0.100 - - [01/Dec/2025:10:24:20 +0000] "PUT /d1/110/AUTH_390dd1408bf04077a205fb4c4b69a4d9/gnocchi.a9ac0fa3-5f93-46a7-9776-635081a6fcba/1763640000.0_mean_300.0_v3" 201 - "PUT http://172.18.0.2:8080/v1/AUTH_390dd1408bf04077a205fb4c4b69a4d9/gnocchi.a9ac0fa3-5f93-46a7-9776-635081a6fcba/1763640000.0_mean_300.0_v3" "txd9635f5f240a4801b5f66-00692d6cd4" "proxy-server 20" 0.0114 "-" 22 0
Dec 1 10:24:20 standalone proxy-server[129981]: 172.18.0.2 172.18.0.100 01/Dec/2025/10/24/20 PUT /v1/AUTH_390dd1408bf04077a205fb4c4b69a4d9/gnocchi.a9ac0fa3-5f93-46a7-9776-635081a6fcba/1763640000.0_mean_300.0_v3 HTTP/1.0 201 - python-swiftclient-3.11.1 gAAAAABpLWwde6ma... 16 - - txd9635f5f240a4801b5f66-00692d6cd4 - 0.0192 - - 1764584660.115417004 1764584660.134658337 0
Dec 1 10:24:20 standalone container-server[127877]: 172.20.0.100 - - [01/Dec/2025:10:24:20 +0000] "PUT /d1/966/AUTH_390dd1408bf04077a205fb4c4b69a4d9/gnocchi.a9ac0fa3-5f93-46a7-9776-635081a6fcba/none_v3" 201 - "PUT http://172.18.0.2:8080/d1/695/AUTH_390dd1408bf04077a205fb4c4b69a4d9/gnocchi.a9ac0fa3-5f93-46a7-9776-635081a6fcba/none_v3" "txf95544235da44f3bafa4f-00692d6cd4" "object-server 20" 0.0007 "-" 22 0
Dec 1 10:24:20 standalone object-server[128045]: 172.20.0.100 - - [01/Dec/2025:10:24:20 +0000] "PUT /d1/695/AUTH_390dd1408bf04077a205fb4c4b69a4d9/gnocchi.a9ac0fa3-5f93-46a7-9776-635081a6fcba/none_v3" 201 - "PUT http://172.18.0.2:8080/v1/AUTH_390dd1408bf04077a205fb4c4b69a4d9/gnocchi.a9ac0fa3-5f93-46a7-9776-635081a6fcba/none_v3" "txf95544235da44f3bafa4f-00692d6cd4" "proxy-server 20" 0.0105 "-" 20 0
Dec 1 10:24:20 standalone proxy-server[129981]: 172.18.0.2 172.18.0.100 01/Dec/2025/10/24/20 PUT /v1/AUTH_390dd1408bf04077a205fb4c4b69a4d9/gnocchi.a9ac0fa3-5f93-46a7-9776-635081a6fcba/none_v3 HTTP/1.0 201 - python-swiftclient-3.11.1 gAAAAABpLWwde6ma... 22 - - txf95544235da44f3bafa4f-00692d6cd4 - 0.0171 - - 1764584660.142868280 1764584660.159954786 0
Dec 1 10:24:20 standalone container-server[127872]: 172.20.0.100 - - [01/Dec/2025:10:24:20 +0000] "HEAD /d1/384/AUTH_390dd1408bf04077a205fb4c4b69a4d9/gnocchi.45d0e199-69ea-4cca-8e16-8871a854fe3b" 404 - "HEAD http://172.18.0.2:8080/v1/AUTH_390dd1408bf04077a205fb4c4b69a4d9/gnocchi.45d0e199-69ea-4cca-8e16-8871a854fe3b?format=json&states=listing" "tx607184a20036462dbe3d5-00692d6cd4" "proxy-server 20" 0.0006 "-" 21 0
Dec 1 10:24:20 standalone object-server[128048]: 172.20.0.100 - - [01/Dec/2025:10:24:20 +0000] "GET /d1/114/AUTH_390dd1408bf04077a205fb4c4b69a4d9/gnocchi.45d0e199-69ea-4cca-8e16-8871a854fe3b/none_v3" 404 70 "GET http://172.18.0.2:8080/v1/AUTH_390dd1408bf04077a205fb4c4b69a4d9/gnocchi.45d0e199-69ea-4cca-8e16-8871a854fe3b/none_v3" "tx607184a20036462dbe3d5-00692d6cd4" "proxy-server 20" 0.0004 "-" 23 0
Dec 1 10:24:20 standalone proxy-server[129981]: 172.18.0.2 172.18.0.100 01/Dec/2025/10/24/20 GET /v1/AUTH_390dd1408bf04077a205fb4c4b69a4d9/gnocchi.45d0e199-69ea-4cca-8e16-8871a854fe3b/none_v3 HTTP/1.0 404 - python-swiftclient-3.11.1 gAAAAABpLWwde6ma... - 70 - tx607184a20036462dbe3d5-00692d6cd4 - 0.0111 - - 1764584660.173695564 1764584660.184756994 0
Dec 1 10:24:20 standalone account-server[127876]: 172.20.0.100 - - [01/Dec/2025:10:24:20 +0000] "PUT /d1/340/AUTH_390dd1408bf04077a205fb4c4b69a4d9/gnocchi.45d0e199-69ea-4cca-8e16-8871a854fe3b" 201 - "PUT http://172.20.0.100:6001/d1/384/AUTH_390dd1408bf04077a205fb4c4b69a4d9/gnocchi.45d0e199-69ea-4cca-8e16-8871a854fe3b" "txe0d24563c8d64dd98ae8c-00692d6cd4" "container-server 18" 0.0055 "-" 21 0
