Jan 27 18:20:46 standalone object-server[127062]: 172.20.0.100 - - [27/Jan/2026:18:20:46 +0000] "PUT /d1/596/AUTH_0ba9aba32adc4e04adc8b70a76b70122/gnocchi.ae6b96bc-5021-4231-8bae-c3ddac0b96d8/none_v3" 201 - "PUT http://172.18.0.2:8080/v1/AUTH_0ba9aba32adc4e04adc8b70a76b70122/gnocchi.ae6b96bc-5021-4231-8bae-c3ddac0b96d8/none_v3" "tx9c09991f306f4de5b53cb-00697901fe" "proxy-server 20" 0.0122 "-" 22 0
Jan 27 18:20:46 standalone proxy-server[129066]: 172.18.0.2 172.18.0.100 27/Jan/2026/18/20/46 PUT /v1/AUTH_0ba9aba32adc4e04adc8b70a76b70122/gnocchi.ae6b96bc-5021-4231-8bae-c3ddac0b96d8/none_v3 HTTP/1.0 201 - python-swiftclient-3.11.1 gAAAAABpeQCPbRNX... 22 - - tx9c09991f306f4de5b53cb-00697901fe - 0.0205 - - 1769538046.218902349 1769538046.239445210 0
Jan 27 18:20:46 standalone container-server[126831]: 172.20.0.100 - - [27/Jan/2026:18:20:46 +0000] "HEAD /d1/790/AUTH_0ba9aba32adc4e04adc8b70a76b70122/gnocchi.24470525-aeaa-45f1-a32e-22b4c62d1b37" 404 - "HEAD http://172.18.0.2:8080/v1/AUTH_0ba9aba32adc4e04adc8b70a76b70122/gnocchi.24470525-aeaa-45f1-a32e-22b4c62d1b37?format=json&states=listing" "tx664fc85246db481092e80-00697901fe" "proxy-server 20" 0.0006 "-" 20 0
Jan 27 18:20:46 standalone object-server[127062]: 172.20.0.100 - - [27/Jan/2026:18:20:46 +0000] "GET /d1/241/AUTH_0ba9aba32adc4e04adc8b70a76b70122/gnocchi.24470525-aeaa-45f1-a32e-22b4c62d1b37/none_v3" 404 70 "GET http://172.18.0.2:8080/v1/AUTH_0ba9aba32adc4e04adc8b70a76b70122/gnocchi.24470525-aeaa-45f1-a32e-22b4c62d1b37/none_v3" "tx664fc85246db481092e80-00697901fe" "proxy-server 20" 0.0006 "-" 22 0
Jan 27 18:20:46 standalone proxy-server[129066]: 172.18.0.2 172.18.0.100 27/Jan/2026/18/20/46 GET /v1/AUTH_0ba9aba32adc4e04adc8b70a76b70122/gnocchi.24470525-aeaa-45f1-a32e-22b4c62d1b37/none_v3 HTTP/1.0 404 - python-swiftclient-3.11.1 gAAAAABpeQCPbRNX... - 70 - tx664fc85246db481092e80-00697901fe - 0.0172 - - 1769538046.253782272 1769538046.270980358 0
Jan 27 18:20:46 standalone account-server[126751]: 172.20.0.100 - - [27/Jan/2026:18:20:46 +0000] "PUT /d1/1011/AUTH_0ba9aba32adc4e04adc8b70a76b70122/gnocchi.24470525-aeaa-45f1-a32e-22b4c62d1b37" 201 - "PUT http://172.20.0.100:6001/d1/790/AUTH_0ba9aba32adc4e04adc8b70a76b70122/gnocchi.24470525-aeaa-45f1-a32e-22b4c62d1b37" "txec826dd5453f452b84f50-00697901fe" "container-server 22" 0.0059 "-" 20 0
Jan 27 18:20:46 standalone container-server[126848]: 172.20.0.100 - - [27/Jan/2026:18:20:46 +0000] "PUT /d1/790/AUTH_0ba9aba32adc4e04adc8b70a76b70122/gnocchi.24470525-aeaa-45f1-a32e-22b4c62d1b37" 201 - "PUT http://172.18.0.2:8080/v1/AUTH_0ba9aba32adc4e04adc8b70a76b70122/gnocchi.24470525-aeaa-45f1-a32e-22b4c62d1b37" "txec826dd5453f452b84f50-00697901fe" "proxy-server 20" 0.0234 "-" 22 0
Jan 27 18:20:46 standalone proxy-server[129066]: 172.18.0.2 172.18.0.100 27/Jan/2026/18/20/46 PUT /v1/AUTH_0ba9aba32adc4e04adc8b70a76b70122/gnocchi.24470525-aeaa-45f1-a32e-22b4c62d1b37 HTTP/1.0 201 - python-swiftclient-3.11.1 gAAAAABpeQCPbRNX... - - - txec826dd5453f452b84f50-00697901fe - 0.0323 - - 1769538046.275466919 1769538046.307771444 0
Jan 27 18:20:46 standalone container-server[126820]: 172.20.0.100 - - [27/Jan/2026:18:20:46 +0000] "HEAD /d1/790/AUTH_0ba9aba32adc4e04adc8b70a76b70122/gnocchi.24470525-aeaa-45f1-a32e-22b4c62d1b37" 204 - "HEAD http://172.18.0.2:8080/v1/AUTH_0ba9aba32adc4e04adc8b70a76b70122/gnocchi.24470525-aeaa-45f1-a32e-22b4c62d1b37?format=json&states=listing" "tx447e3fe683094873aa33e-00697901fe" "proxy-server 20" 0.0025 "-" 19 0
Jan 27 18:20:46 standalone proxy-server[129066]: - - 27/Jan/2026/18/20/46 HEAD /v1/AUTH_0ba9aba32adc4e04adc8b70a76b70122/gnocchi.24470525-aeaa-45f1-a32e-22b4c62d1b37%3Fformat%3Djson%26states%3Dlisting HTTP/1.0 204 - Swift - - - - tx447e3fe683094873aa33e-00697901fe - 0.0085 RL - 1769538046.316132307 1769538046.324631453 0
Jan 27 18:20:46 standalone container-server[126831]: 172.20.0.100 - - [27/Jan/2026:18:20:46 +0000] "GET /d1/790/AUTH_0ba9aba32adc4e04adc8b70a76b70122/gnocchi.24470525-aeaa-45f1-a32e-22b4c62d1b37" 200 2 "GET http://172.18.0.2:8080/v1/AUTH_0ba9aba32adc4e04adc8b70a76b70122/gnocchi.24470525-aeaa-45f1-a32e-22b4c62d1b37?format=json&states=listing" "tx447e3fe683094873aa33e-00697901fe" "proxy-server 20" 0.0036 "-" 20 0
Jan 27 18:20:46 standalone proxy-server[129066]: 172.18.0.2 172.18.0.100 27/Jan/2026/18/20/46 GET /v1/AUTH_0ba9aba32adc4e04adc8b70a76b70122/gnocchi.24470525-aeaa-45f1-a32e-22b4c62d1b37%3Fformat%3Djson%26states%3Dlisting HTTP/1.0 200 - python-swiftclient-3.11.1 gAAAAABpeQCPbRNX... - 2 - tx447e3fe683094873aa33e-00697901fe - 0.0268 - - 1769538046.314273357 1769538046.341101408 0
Jan 27 18:20:46 standalone object-server[127096]: 172.20.0.100 - - [27/Jan/2026:18:20:46 +0000] "GET /d1/407/AUTH_0ba9aba32adc4e04adc8b70a76b70122/gnocchi.24470525-aeaa-45f1-a32e-22b4c62d1b37/1769040000.0_mean_300.0_v3" 404 70 "GET http://172.18.0.2:8080/v1/AUTH_0ba9aba32adc4e04adc8b70a76b70122/gnocchi.24470525-aeaa-45f1-a32e-22b4c62d1b37/1769040000.0_mean_300.0_v3" "tx8fb9f02cd99f4c088d19d-00697901fe" "proxy-server 20" 0.0004 "-" 25 0
Jan 27 18:20:46 standalone proxy-server[129066]: 172.18.0.2 172.18.0.100 27/Jan/2026/18/20/46 GET /v1/AUTH_0ba9aba32adc4e04adc8b70a76b70122/gnocchi.24470525-aeaa-45f1-a32e-22b4c62d1b37/1769040000.0_mean_300.0_v3 HTTP/1.0 404 - python-swiftclient-3.11.1 gAAAAABpeQCPbRNX... - 70 - tx8fb9f02cd99f4c088d19d-00697901fe - 0.0085 - - 1769538046.346473694 1769538046.354975939 0
Jan 27 18:20:46 standalone container-server[126840]: 172.20.0.100 - - [27/Jan/2026:18:20:46 +0000] "PUT /d1/790/AUTH_0ba9aba32adc4e04adc8b70a76b70122/gnocchi.24470525-aeaa-45f1-a32e-22b4c62d1b37/1769040000.0_mean_300.0_v3" 201 - "PUT http://172.18.0.2:8080/d1/407/AUTH_0ba9aba32adc4e04adc8b70a76b70122/gnocchi.24470525-aeaa-45f1-a32e-22b4c62d1b37/1769040000.0_mean_300.0_v3" "tx6d645ba8659b4dd49c615-00697901fe" "object-server 23" 0.0010 "-" 21 0
Jan 27 18:20:46 standalone object-server[127078]: 172.20.0.100 - - [27/Jan/2026:18:20:46 +0000] "PUT /d1/407/AUTH_0ba9aba32adc4e04adc8b70a76b70122/gnocchi.24470525-aeaa-45f1-a32e-22b4c62d1b37/1769040000.0_mean_300.0_v3" 201 - "PUT http://172.18.0.2:8080/v1/AUTH_0ba9aba32adc4e04adc8b70a76b70122/gnocchi.24470525-aeaa-45f1-a32e-22b4c62d1b37/1769040000.0_mean_300.0_v3" "tx6d645ba8659b4dd49c615-00697901fe" "proxy-server 20" 0.0110 "-" 23 0
Jan 27 18:20:46 standalone proxy-server[129066]: 172.18.0.2 172.18.0.100 27/Jan/2026/18/20/46 PUT /v1/AUTH_0ba9aba32adc4e04adc8b70a76b70122/gnocchi.24470525-aeaa-45f1-a32e-22b4c62d1b37/1769040000.0_mean_300.0_v3 HTTP/1.0 201 - python-swiftclient-3.11.1 gAAAAABpeQCPbRNX... 16 - - tx6d645ba8659b4dd49c615-00697901fe - 0.0209 - - 1769538046.359064817 1769538046.379925728 0
Jan 27 18:20:46 standalone container-server[126840]: 172.20.0.100 - - [27/Jan/2026:18:20:46 +0000] "PUT /d1/790/AUTH_0ba9aba32adc4e04adc8b70a76b70122/gnocchi.24470525-aeaa-45f1-a32e-22b4c62d1b37/none_v3" 201 - "PUT http://172.18.0.2:8080/d1/241/AUTH_0ba9aba32adc4e04adc8b70a76b70122/gnocchi.24470525-aeaa-45f1-a32e-22b4c62d1b37/none_v3" "txb259596130fb4338bde7d-00697901fe" "object-server 25" 0.0008 "-" 21 0
Jan 27 18:20:46 standalone object-server[127096]: 172.20.0.100 - - [27/Jan/2026:18:20:46 +0000] "PUT /d1/241/AUTH_0ba9aba32adc4e04adc8b70a76b70122/gnocchi.24470525-aeaa-45f1-a32e-22b4c62d1b37/none_v3" 201 - "PUT http://172.18.0.2:8080/v1/AUTH_0ba9aba32adc4e04adc8b70a76b70122/gnocchi.24470525-aeaa-45f1-a32e-22b4c62d1b37/none_v3" "txb259596130fb4338bde7d-00697901fe" "proxy-server 20" 0.0116 "-" 25 0
Jan 27 18:20:46 standalone proxy-server[129066]: 172.18.0.2 172.18.0.100 27/Jan/2026/18/20/46 PUT /v1/AUTH_0ba9aba32adc4e04adc8b70a76b70122/gnocchi.24470525-aeaa-45f1-a32e-22b4c62d1b37/none_v3 HTTP/1.0 201 - python-swiftclient-3.11.1 gAAAAABpeQCPbRNX... 22 - - txb259596130fb4338bde7d-00697901fe - 0.0194 - - 1769538046.384059906 1769538046.403508186 0
Jan 27 18:20:46 standalone container-server[126840]: 172.20.0.100 - - [27/Jan/2026:18:20:46 +0000] "HEAD /d1/575/AUTH_0ba9aba32adc4e04adc8b70a76b70122/gnocchi.e97d1887-f2ca-4344-bd50-b0a0ba190e9f" 404 - "HEAD http://172.18.0.2:8080/v1/AUTH_0ba9aba32adc4e04adc8b70a76b70122/gnocchi.e97d1887-f2ca-4344-bd50-b0a0ba190e9f?format=json&states=listing" "tx1fd1b15f96d14a259ca29-00697901fe" "proxy-server 20" 0.0006 "-" 21 0
Jan 27 18:20:46 standalone object-server[127089]: 172.20.0.100 - - [27/Jan/2026:18:20:46 +0000] "GET /d1/1001/AUTH_0ba9aba32adc4e04adc8b70a76b70122/gnocchi.e97d1887-f2ca-4344-bd50-b0a0ba190e9f/none_v3" 404 70 "GET http://172.18.0.2:8080/v1/AUTH_0ba9aba32adc4e04adc8b70a76b70122/gnocchi.e97d1887-f2ca-4344-bd50-b0a0ba190e9f/none_v3" "tx1fd1b15f96d14a259ca29-00697901fe" "proxy-server 20" 0.0007 "-" 24 0
Jan 27 18:20:46 standalone proxy-server[129066]: 172.18.0.2 172.18.0.100 27/Jan/2026/18/20/46 GET /v1/AUTH_0ba9aba32adc4e04adc8b70a76b70122/gnocchi.e97d1887-f2ca-4344-bd50-b0a0ba190e9f/none_v3 HTTP/1.0 404 - python-swiftclient-3.11.1 gAAAAABpeQCPbRNX... - 70 - tx1fd1b15f96d14a259ca29-00697901fe - 0.0140 - - 1769538046.417204618 1769538046.431221008 0
Jan 27 18:20:46 standalone account-server[126754]: 172.20.0.100 - - [27/Jan/2026:18:20:46 +0000] "PUT /d1/1011/AUTH_0ba9aba32adc4e04adc8b70a76b70122/gnocchi.e97d1887-f2ca-4344-bd50-b0a0ba190e9f" 201 - "PUT http://172.20.0.100:6001/d1/575/AUTH_0ba9aba32adc4e04adc8b70a76b70122/gnocchi.e97d1887-f2ca-4344-bd50-b0a0ba190e9f" "tx0f19f6d1d1874ded9de20-00697901fe" "container-server 22" 0.0048 "-" 21 0
Jan 27 18:20:46 standalone container-server[126848]: 172.20.0.100 - - [27/Jan/2026:18:20:46 +0000] "PUT /d1/575/AUTH_0ba9aba32adc4e04adc8b70a76b70122/gnocchi.e97d1887-f2ca-4344-bd50-b0a0ba190e9f" 201 - "PUT http://172.18.0.2:8080/v1/AUTH_0ba9aba32adc4e04adc8b70a76b70122/gnocchi.e97d1887-f2ca-4344-bd50-b0a0ba190e9f" "tx0f19f6d1d1874ded9de20-00697901fe" "proxy-server 20" 0.0176 "-" 22 0
Jan 27 18:20:46 standalone proxy-server[129066]: 172.18.0.2 172.18.0.100 27/Jan/2026/18/20/46 PUT /v1/AUTH_0ba9aba32adc4e04adc8b70a76b70122/gnocchi.e97d1887-f2ca-4344-bd50-b0a0ba190e9f HTTP/1.0 201 - python-swiftclient-3.11.1 gAAAAABpeQCPbRNX... - - - tx0f19f6d1d1874ded9de20-00697901fe - 0.0246 - - 1769538046.435081244 1769538046.459669590 0
Jan 27 18:20:46 standalone container-server[126840]: 172.20.0.100 - - [27/Jan/2026:18:20:46 +0000] "HEAD /d1/575/AUTH_0ba9aba32adc4e04adc8b70a76b70122/gnocchi.e97d1887-f2ca-4344-bd50-b0a0ba190e9f" 204 - "HEAD http://172.18.0.2:8080/v1/AUTH_0ba9aba32adc4e04adc8b70a76b70122/gnocchi.e97d1887-f2ca-4344-bd50-b0a0ba190e9f?format=json&states=listing" "tx62680f5b936549f987e73-00697901fe" "proxy-server 20" 0.0026 "-" 21 0
Jan 27 18:20:46 standalone proxy-server[129066]: - - 27/Jan/2026/18/20/46 HEAD /v1/AUTH_0ba9aba32adc4e04adc8b70a76b70122/gnocchi.e97d1887-f2ca-4344-bd50-b0a0ba190e9f%3Fformat%3Djson%26states%3Dlisting HTTP/1.0 204 - Swift - - - - tx62680f5b936549f987e73-00697901fe - 0.0076 RL - 1769538046.466520548 1769538046.474129200 0
Jan 27 18:20:46 standalone container-server[126831]: 172.20.0.100 - - [27/Jan/2026:18:20:46 +0000] "GET /d1/575/AUTH_0ba9aba32adc4e04adc8b70a76b70122/gnocchi.e97d1887-f2ca-4344-bd50-b0a0ba190e9f" 200 2 "GET http://172.18.0.2:8080/v1/AUTH_0ba9aba32adc4e04adc8b70a76b70122/gnocchi.e97d1887-f2ca-4344-bd50-b0a0ba190e9f?format=json&states=listing" "tx62680f5b936549f987e73-00697901fe" "proxy-server 20" 0.0024 "-" 20 0
Jan 27 18:20:46 standalone proxy-server[129066]: 172.18.0.2 172.18.0.100 27/Jan/2026/18/20/46 GET /v1/AUTH_0ba9aba32adc4e04adc8b70a76b70122/gnocchi.e97d1887-f2ca-4344-bd50-b0a0ba190e9f%3Fformat%3Djson%26states%3Dlisting HTTP/1.0 200 - python-swiftclient-3.11.1 gAAAAABpeQCPbRNX... - 2 - tx62680f5b936549f987e73-00697901fe - 0.0199 - - 1769538046.464991331 1769538046.484847307 0
Jan 27 18:20:46 standalone object-server[127078]: 172.20.0.100 - - [27/Jan/2026:18:20:46 +0000] "GET /d1/533/AUTH_0ba9aba32adc4e04adc8b70a76b70122/gnocchi.e97d1887-f2ca-4344-bd50-b0a0ba190e9f/1769040000.0_mean_300.0_v3" 404 70 "GET http://172.18.0.2:8080/v1/AUTH_0ba9aba32adc4e04adc8b70a76b70122/gnocchi.e97d1887-f2ca-4344-bd50-b0a0ba190e9f/1769040000.0_mean_300.0_v3" "txe90d56b500aa4496a2014-00697901fe" "proxy-server 20" 0.0005 "-" 23 0
Jan 27 18:20:46 standalone proxy-server[129066]: 172.18.0.2 172.18.0.100 27/Jan/2026/18/20/46 GET /v1/AUTH_0ba9aba32adc4e04adc8b70a76b70122/gnocchi.e97d1887-f2ca-4344-bd50-b0a0ba190e9f/1769040000.0_mean_300.0_v3 HTTP/1.0 404 - python-swiftclient-3.11.1 gAAAAABpeQCPbRNX... - 70 - txe90d56b500aa4496a2014-00697901fe - 0.0103 - - 1769538046.490536690 1769538046.500866413 0
Jan 27 18:20:46 standalone container-server[126820]: 172.20.0.100 - - [27/Jan/2026:18:20:46 +0000] "PUT /d1/575/AUTH_0ba9aba32adc4e04adc8b70a76b70122/gnocchi.e97d1887-f2ca-4344-bd50-b0a0ba190e9f/1769040000.0_mean_300.0_v3" 201 - "PUT http://172.18.0.2:8080/d1/533/AUTH_0ba9aba32adc4e04adc8b70a76b70122/gnocchi.e97d1887-f2ca-4344-bd50-b0a0ba190e9f/1769040000.0_mean_300.0_v3" "txb5ebe00c78a243c8ba602-00697901fe" "object-server 25" 0.0007 "-" 19 0
Jan 27 18:20:46 standalone object-server[127096]: 172.20.0.100 - - [27/Jan/2026:18:20:46 +0000] "PUT /d1/533/AUTH_0ba9aba32adc4e04adc8b70a76b70122/gnocchi.e97d1887-f2ca-4344-bd50-b0a0ba190e9f/1769040000.0_mean_300.0_v3" 201 - "PUT http://172.18.0.2:8080/v1/AUTH_0ba9aba32adc4e04adc8b70a76b70122/gnocchi.e97d1887-f2ca-4344-bd50-b0a0ba190e9f/1769040000.0_mean_300.0_v3" "txb5ebe00c78a243c8ba602-00697901fe" "proxy-server 20" 0.0131 "-" 25 0
Jan 27 18:20:46 standalone proxy-server[129066]: 172.18.0.2 172.18.0.100 27/Jan/2026/18/20/46 PUT /v1/AUTH_0ba9aba32adc4e04adc8b70a76b70122/gnocchi.e97d1887-f2ca-4344-bd50-b0a0ba190e9f/1769040000.0_mean_300.0_v3 HTTP/1.0 201 - python-swiftclient-3.11.1 gAAAAABpeQCPbRNX... 16 - - txb5ebe00c78a243c8ba602-00697901fe - 0.0239 - - 1769538046.506341934 1769538046.530236721 0
Jan 27 18:20:46 standalone container-server[126840]: 172.20.0.100 - - [27/Jan/2026:18:20:46 +0000] "PUT /d1/575/AUTH_0ba9aba32adc4e04adc8b70a76b70122/gnocchi.e97d1887-f2ca-4344-bd50-b0a0ba190e9f/none_v3" 201 - "PUT http://172.18.0.2:8080/d1/1001/AUTH_0ba9aba32adc4e04adc8b70a76b70122/gnocchi.e97d1887-f2ca-4344-bd50-b0a0ba190e9f/none_v3" "txfb3b644f1d254347aa08f-00697901fe" "object-server 23" 0.0008 "-" 21 0
Jan 27 18:20:46 standalone object-server[127078]: 172.20.0.100 - - [27/Jan/2026:18:20:46 +0000] "PUT /d1/1001/AUTH_0ba9aba32adc4e04adc8b70a76b70122/gnocchi.e97d1887-f2ca-4344-bd50-b0a0ba190e9f/none_v3" 201 - "PUT http://172.18.0.2:8080/v1/AUTH_0ba9aba32adc4e04adc8b70a76b70122/gnocchi.e97d1887-f2ca-4344-bd50-b0a0ba190e9f/none_v3" "txfb3b644f1d254347aa08f-00697901fe" "proxy-server 20" 0.0121 "-" 23 0
Jan 27 18:20:46 standalone proxy-server[129066]: 172.18.0.2 172.18.0.100 27/Jan/2026/18/20/46 PUT /v1/AUTH_0ba9aba32adc4e04adc8b70a76b70122/gnocchi.e97d1887-f2ca-4344-bd50-b0a0ba190e9f/none_v3 HTTP/1.0 201 - python-swiftclient-3.11.1 gAAAAABpeQCPbRNX... 22 - - txfb3b644f1d254347aa08f-00697901fe - 0.0232 - - 1769538046.535185099 1769538046.558424234 0
Jan 27 18:20:46 standalone container-server[126831]: 172.20.0.100 - - [27/Jan/2026:18:20:46 +0000] "HEAD /d1/64/AUTH_0ba9aba32adc4e04adc8b70a76b70122/gnocchi.db0f31a6-cebc-4f87-9c6f-d69ecbd73f8b" 404 - "HEAD http://172.18.0.2:8080/v1/AUTH_0ba9aba32adc4e04adc8b70a76b70122/gnocchi.db0f31a6-cebc-4f87-9c6f-d69ecbd73f8b?format=json&states=listing" "txff740a90890a4059a48e7-00697901fe" "proxy-server 20" 0.0005 "-" 20 0
Jan 27 18:20:46 standalone object-server[127096]: 172.20.0.100 - - [27/Jan/2026:18:20:46 +0000] "GET /d1/888/AUTH_0ba9aba32adc4e04adc8b70a76b70122/gnocchi.db0f31a6-cebc-4f87-9c6f-d69ecbd73f8b/none_v3" 404 70 "GET http://172.18.0.2:8080/v1/AUTH_0ba9aba32adc4e04adc8b70a76b70122/gnocchi.db0f31a6-cebc-4f87-9c6f-d69ecbd73f8b/none_v3" "txff740a90890a4059a48e7-00697901fe" "proxy-server 20" 0.0004 "-" 25 0
Jan 27 18:20:46 standalone proxy-server[129066]: 172.18.0.2 172.18.0.100 27/Jan/2026/18/20/46 GET /v1/AUTH_0ba9aba32adc4e04adc8b70a76b70122/gnocchi.db0f31a6-cebc-4f87-9c6f-d69ecbd73f8b/none_v3 HTTP/1.0 404 - python-swiftclient-3.11.1 gAAAAABpeQCPbRNX... - 70 - txff740a90890a4059a48e7-00697901fe - 0.0121 - - 1769538046.571292639 1769538046.583420277 0
Jan 27 18:20:46 standalone account-server[126751]: 172.20.0.100 - - [27/Jan/2026:18:20:46 +0000] "PUT /d1/1011/AUTH_0ba9aba32adc4e04adc8b70a76b70122/gnocchi.db0f31a6-cebc-4f87-9c6f-d69ecbd73f8b" 201 - "PUT http://172.20.0.100:6001/d1/64/AUTH_0ba9aba32adc4e04adc8b70a76b70122/gnocchi.db0f31a6-cebc-4f87-9c6f-d69ecbd73f8b" "txb5fb9abfa86843a888067-00697901fe" "container-server 19" 0.0066 "-" 20 0
Jan 27 18:20:46 standalone container-server[126820]: 172.20.0.100 - - [27/Jan/2026:18:20:46 +0000] "PUT /d1/64/AUTH_0ba9aba32adc4e04adc8b70a76b70122/gnocchi.db0f31a6-cebc-4f87-9c6f-d69ecbd73f8b" 201 - "PUT http://172.18.0.2:8080/v1/AUTH_0ba9aba32adc4e04adc8b70a76b70122/gnocchi.db0f31a6-cebc-4f87-9c6f-d69ecbd73f8b" "txb5fb9abfa86843a888067-00697901fe" "proxy-server 20" 0.0192 "-" 19 0
Jan 27 18:20:46 standalone proxy-server[129066]: 172.18.0.2 172.18.0.100 27/Jan/2026/18/20/46 PUT /v1/AUTH_0ba9aba32adc4e04adc8b70a76b70122/gnocchi.db0f31a6-cebc-4f87-9c6f-d69ecbd73f8b HTTP/1.0 201 - python-swiftclient-3.11.1 gAAAAABpeQCPbRNX... - - - txb5fb9abfa86843a888067-00697901fe - 0.0253 - - 1769538046.586796284 1769538046.612048626 0
Jan 27 18:20:46 standalone container-server[126831]: 172.20.0.100 - - [27/Jan/2026:18:20:46 +0000] "HEAD /d1/64/AUTH_0ba9aba32adc4e04adc8b70a76b70122/gnocchi.db0f31a6-cebc-4f87-9c6f-d69ecbd73f8b" 204 - "HEAD http://172.18.0.2:8080/v1/AUTH_0ba9aba32adc4e04adc8b70a76b70122/gnocchi.db0f31a6-cebc-4f87-9c6f-d69ecbd73f8b?format=json&states=listing" "tx904f566159274fe5b5c82-00697901fe" "proxy-server 20" 0.0023 "-" 20 0
Jan 27 18:20:46 standalone proxy-server[129066]: - - 27/Jan/2026/18/20/46 HEAD /v1/AUTH_0ba9aba32adc4e04adc8b70a76b70122/gnocchi.db0f31a6-cebc-4f87-9c6f-d69ecbd73f8b%3Fformat%3Djson%26states%3Dlisting HTTP/1.0 204 - Swift - - - - tx904f566159274fe5b5c82-00697901fe - 0.0061 RL - 1769538046.618325472 1769538046.624468327 0
Jan 27 18:20:46 standalone container-server[126840]: 172.20.0.100 - - [27/Jan/2026:18:20:46 +0000] "GET /d1/64/AUTH_0ba9aba32adc4e04adc8b70a76b70122/gnocchi.db0f31a6-cebc-4f87-9c6f-d69ecbd73f8b" 200 2 "GET http://172.18.0.2:8080/v1/AUTH_0ba9aba32adc4e04adc8b70a76b70122/gnocchi.db0f31a6-cebc-4f87-9c6f-d69ecbd73f8b?format=json&states=listing" "tx904f566159274fe5b5c82-00697901fe" "proxy-server 20" 0.0034 "-" 21 0
Jan 27 18:20:46 standalone proxy-server[129066]: 172.18.0.2 172.18.0.100 27/Jan/2026/18/20/46 GET /v1/AUTH_0ba9aba32adc4e04adc8b70a76b70122/gnocchi.db0f31a6-cebc-4f87-9c6f-d69ecbd73f8b%3Fformat%3Djson%26states%3Dlisting HTTP/1.0 200 - python-swiftclient-3.11.1 gAAAAABpeQCPbRNX... - 2 - tx904f566159274fe5b5c82-00697901fe - 0.0187 - - 1769538046.617059469 1769538046.635776043 0
Jan 27 18:20:46 standalone object-server[127062]: 172.20.0.100 - - [27/Jan/2026:18:20:46 +0000] "GET /d1/198/AUTH_0ba9aba32adc4e04adc8b70a76b70122/gnocchi.db0f31a6-cebc-4f87-9c6f-d69ecbd73f8b/1769040000.0_mean_300.0_v3" 404 70 "GET http://172.18.0.2:8080/v1/AUTH_0ba9aba32adc4e04adc8b70a76b70122/gnocchi.db0f31a6-cebc-4f87-9c6f-d69ecbd73f8b/1769040000.0_mean_300.0_v3" "tx2dc7fe77df54455a8c666-00697901fe" "proxy-server 20" 0.0003 "-" 22 0
Jan 27 18:20:46 standalone proxy-server[129066]: 172.18.0.2 172.18.0.100 27/Jan/2026/18/20/46 GET /v1/AUTH_0ba9aba32adc4e04adc8b70a76b70122/gnocchi.db0f31a6-cebc-4f87-9c6f-d69ecbd73f8b/1769040000.0_mean_300.0_v3 HTTP/1.0 404 - python-swiftclient-3.11.1 gAAAAABpeQCPbRNX... - 70 - tx2dc7fe77df54455a8c666-00697901fe - 0.0070 - - 1769538046.640192747 1769538046.647204161 0
Jan 27 18:20:46 standalone container-server[126840]: 172.20.0.100 - - [27/Jan/2026:18:20:46 +0000] "PUT /d1/64/AUTH_0ba9aba32adc4e04adc8b70a76b70122/gnocchi.db0f31a6-cebc-4f87-9c6f-d69ecbd73f8b/1769040000.0_mean_300.0_v3" 201 - "PUT http://172.18.0.2:8080/d1/198/AUTH_0ba9aba32adc4e04adc8b70a76b70122/gnocchi.db0f31a6-cebc-4f87-9c6f-d69ecbd73f8b/1769040000.0_mean_300.0_v3" "tx987310dd04234dea97c46-00697901fe" "object-server 24" 0.0009 "-" 21 0
Jan 27 18:20:46 standalone object-server[127089]: 172.20.0.100 - - [27/Jan/2026:18:20:46 +0000] "PUT /d1/198/AUTH_0ba9aba32adc4e04adc8b70a76b70122/gnocchi.db0f31a6-cebc-4f87-9c6f-d69ecbd73f8b/1769040000.0_mean_300.0_v3" 201 - "PUT http://172.18.0.2:8080/v1/AUTH_0ba9aba32adc4e04adc8b70a76b70122/gnocchi.db0f31a6-cebc-4f87-9c6f-d69ecbd73f8b/1769040000.0_mean_300.0_v3" "tx987310dd04234dea97c46-00697901fe" "proxy-server 20" 0.0116 "-" 24 0
Jan 27 18:20:46 standalone proxy-server[129066]: 172.18.0.2 172.18.0.100 27/Jan/2026/18/20/46 PUT /v1/AUTH_0ba9aba32adc4e04adc8b70a76b70122/gnocchi.db0f31a6-cebc-4f87-9c6f-d69ecbd73f8b/1769040000.0_mean_300.0_v3 HTTP/1.0 201 - python-swiftclient-3.11.1 gAAAAABpeQCPbRNX... 16 - - tx987310dd04234dea97c46-00697901fe - 0.0186 - - 1769538046.650598288 1769538046.669196606 0
Jan 27 18:20:46 standalone container-server[126848]: 172.20.0.100 - - [27/Jan/2026:18:20:46 +0000] "PUT /d1/64/AUTH_0ba9aba32adc4e04adc8b70a76b70122/gnocchi.db0f31a6-cebc-4f87-9c6f-d69ecbd73f8b/none_v3" 201 - "PUT http://172.18.0.2:8080/d1/888/AUTH_0ba9aba32adc4e04adc8b70a76b70122/gnocchi.db0f31a6-cebc-4f87-9c6f-d69ecbd73f8b/none_v3" "tx4bc668f4748d43aeba8fc-00697901fe" "object-server 24" 0.0008 "-" 22 0
Jan 27 18:20:46 standalone object-server[127089]: 172.20.0.100 - - [27/Jan/2026:18:20:46 +0000] "PUT /d1/888/AUTH_0ba9aba32adc4e04adc8b70a76b70122/gnocchi.db0f31a6-cebc-4f87-9c6f-d69ecbd73f8b/none_v3" 201 - "PUT http://172.18.0.2:8080/v1/AUTH_0ba9aba32adc4e04adc8b70a76b70122/gnocchi.db0f31a6-cebc-4f87-9c6f-d69ecbd73f8b/none_v3" "tx4bc668f4748d43aeba8fc-00697901fe" "proxy-server 20" 0.0103 "-" 24 0
Jan 27 18:20:46 standalone proxy-server[129066]: 172.18.0.2 172.18.0.100 27/Jan/2026/18/20/46 PUT /v1/AUTH_0ba9aba32adc4e04adc8b70a76b70122/gnocchi.db0f31a6-cebc-4f87-9c6f-d69ecbd73f8b/none_v3 HTTP/1.0 201 - python-swiftclient-3.11.1 gAAAAABpeQCPbRNX... 22 - - tx4bc668f4748d43aeba8fc-00697901fe - 0.0186 - - 1769538046.672435999 1769538046.691022635 0
Jan 27 18:20:46 standalone container-server[126820]: 172.20.0.100 - - [27/Jan/2026:18:20:46 +0000] "HEAD /d1/34/AUTH_0ba9aba32adc4e04adc8b70a76b70122/gnocchi.96ed8d2e-1835-4f97-89c5-bed810e85d70" 404 - "HEAD http://172.18.0.2:8080/v1/AUTH_0ba9aba32adc4e04adc8b70a76b70122/gnocchi.96ed8d2e-1835-4f97-89c5-bed810e85d70?format=json&states=listing" "txc53007dcbaac4de0a7116-00697901fe" "proxy-server 20" 0.0008 "-" 19 0
Jan 27 18:20:46 standalone object-server[127089]: 172.20.0.100 - - [27/Jan/2026:18:20:46 +0000] "GET /d1/350/AUTH_0ba9aba32adc4e04adc8b70a76b70122/gnocchi.96ed8d2e-1835-4f97-89c5-bed810e85d70/none_v3" 404 70 "GET http://172.18.0.2:8080/v1/AUTH_0ba9aba32adc4e04adc8b70a76b70122/gnocchi.96ed8d2e-1835-4f97-89c5-bed810e85d70/none_v3" "txc53007dcbaac4de0a7116-00697901fe" "proxy-server 20" 0.0005 "-" 24 0
Jan 27 18:20:46 standalone proxy-server[129066]: 172.18.0.2 172.18.0.100 27/Jan/2026/18/20/46 GET /v1/AUTH_0ba9aba32adc4e04adc8b70a76b70122/gnocchi.96ed8d2e-1835-4f97-89c5-bed810e85d70/none_v3 HTTP/1.0 404 - python-swiftclient-3.11.1 gAAAAABpeQCPbRNX... - 70 - txc53007dcbaac4de0a7116-00697901fe - 0.0139 - - 1769538046.706833839 1769538046.720730305 0
Jan 27 18:20:46 standalone account-server[126762]: 172.20.0.100 - - [27/Jan/2026:18:20:46 +0000] "PUT /d1/1011/AUTH_0ba9aba32adc4e04adc8b70a76b70122/gnocchi.96ed8d2e-1835-4f97-89c5-bed810e85d70" 201 - "PUT http://172.20.0.100:6001/d1/34/AUTH_0ba9aba32adc4e04adc8b70a76b70122/gnocchi.96ed8d2e-1835-4f97-89c5-bed810e85d70" "tx6a3db78621b04246aa562-00697901fe" "container-server 22" 0.0072 "-" 22 0
Jan 27 18:20:46 standalone container-server[126848]: 172.20.0.100 - - [27/Jan/2026:18:20:46 +0000] "PUT /d1/34/AUTH_0ba9aba32adc4e04adc8b70a76b70122/gnocchi.96ed8d2e-1835-4f97-89c5-bed810e85d70" 201 - "PUT http://172.18.0.2:8080/v1/AUTH_0ba9aba32adc4e04adc8b70a76b70122/gnocchi.96ed8d2e-1835-4f97-89c5-bed810e85d70" "tx6a3db78621b04246aa562-00697901fe" "proxy-server 20" 0.0214 "-" 22 0
Jan 27 18:20:46 standalone proxy-server[129066]: 172.18.0.2 172.18.0.100 27/Jan/2026/18/20/46 PUT /v1/AUTH_0ba9aba32adc4e04adc8b70a76b70122/gnocchi.96ed8d2e-1835-4f97-89c5-bed810e85d70 HTTP/1.0 201 - python-swiftclient-3.11.1 gAAAAABpeQCPbRNX... - - - tx6a3db78621b04246aa562-00697901fe - 0.0293 - - 1769538046.725291014 1769538046.754587889 0
Jan 27 18:20:46 standalone container-server[126840]: 172.20.0.100 - - [27/Jan/2026:18:20:46 +0000] "HEAD /d1/34/AUTH_0ba9aba32adc4e04adc8b70a76b70122/gnocchi.96ed8d2e-1835-4f97-89c5-bed810e85d70" 204 - "HEAD http://172.18.0.2:8080/v1/AUTH_0ba9aba32adc4e04adc8b70a76b70122/gnocchi.96ed8d2e-1835-4f97-89c5-bed810e85d70?format=json&states=listing" "txfb1726c4c9b44a5b9d40d-00697901fe" "proxy-server 20" 0.0026 "-" 21 0
Jan 27 18:20:46 standalone proxy-server[129066]: - - 27/Jan/2026/18/20/46 HEAD /v1/AUTH_0ba9aba32adc4e04adc8b70a76b70122/gnocchi.96ed8d2e-1835-4f97-89c5-bed810e85d70%3Fformat%3Djson%26states%3Dlisting HTTP/1.0 204 - Swift - - - - txfb1726c4c9b44a5b9d40d-00697901fe - 0.0100 RL - 1769538046.761770487 1769538046.771793365 0
Jan 27 18:20:46 standalone container-server[126831]: 172.20.0.100 - - [27/Jan/2026:18:20:46 +0000] "GET /d1/34/AUTH_0ba9aba32adc4e04adc8b70a76b70122/gnocchi.96ed8d2e-1835-4f97-89c5-bed810e85d70" 200 2 "GET http://172.18.0.2:8080/v1/AUTH_0ba9aba32adc4e04adc8b70a76b70122/gnocchi.96ed8d2e-1835-4f97-89c5-bed810e85d70?format=json&states=listing" "txfb1726c4c9b44a5b9d40d-00697901fe" "proxy-server 20" 0.0039 "-" 20 0
Jan 27 18:20:46 standalone proxy-server[129066]: 172.18.0.2 172.18.0.100 27/Jan/2026/18/20/46 GET /v1/AUTH_0ba9aba32adc4e04adc8b70a76b70122/gnocchi.96ed8d2e-1835-4f97-89c5-bed810e85d70%3Fformat%3Djson%26states%3Dlisting HTTP/1.0 200 - python-swiftclient-3.11.1 gAAAAABpeQCPbRNX... - 2 - txfb1726c4c9b44a5b9d40d-00697901fe - 0.0268 - - 1769538046.760081291 1769538046.786919832 0
Jan 27 18:20:46 standalone object-server[127089]: 172.20.0.100 - - [27/Jan/2026:18:20:46 +0000] "GET /d1/30/AUTH_0ba9aba32adc4e04adc8b70a76b70122/gnocchi.96ed8d2e-1835-4f97-89c5-bed810e85d70/1769040000.0_mean_300.0_v3" 404 70 "GET http://172.18.0.2:8080/v1/AUTH_0ba9aba32adc4e04adc8b70a76b70122/gnocchi.96ed8d2e-1835-4f97-89c5-bed810e85d70/1769040000.0_mean_300.0_v3" "tx26d9a2bea7a3479e968ce-00697901fe" "proxy-server 20" 0.0005 "-" 24 0
Jan 27 18:20:46 standalone proxy-server[129066]: 172.18.0.2 172.18.0.100 27/Jan/2026/18/20/46 GET /v1/AUTH_0ba9aba32adc4e04adc8b70a76b70122/gnocchi.96ed8d2e-1835-4f97-89c5-bed810e85d70/1769040000.0_mean_300.0_v3 HTTP/1.0 404 - python-swiftclient-3.11.1 gAAAAABpeQCPbRNX... - 70 - tx26d9a2bea7a3479e968ce-00697901fe - 0.0088 - - 1769538046.792652369 1769538046.801498175 0
Jan 27 18:20:46 standalone container-server[126840]: 172.20.0.100 - - [27/Jan/2026:18:20:46 +0000] "PUT /d1/34/AUTH_0ba9aba32adc4e04adc8b70a76b70122/gnocchi.96ed8d2e-1835-4f97-89c5-bed810e85d70/1769040000.0_mean_300.0_v3" 201 - "PUT http://172.18.0.2:8080/d1/30/AUTH_0ba9aba32adc4e04adc8b70a76b70122/gnocchi.96ed8d2e-1835-4f97-89c5-bed810e85d70/1769040000.0_mean_300.0_v3" "tx366e41ba232a4270aebad-00697901fe" "object-server 22" 0.0013 "-" 21 0
Jan 27 18:20:46 standalone object-server[127062]: 172.20.0.100 - - [27/Jan/2026:18:20:46 +0000] "PUT /d1/30/AUTH_0ba9aba32adc4e04adc8b70a76b70122/gnocchi.96ed8d2e-1835-4f97-89c5-bed810e85d70/1769040000.0_mean_300.0_v3" 201 - "PUT http://172.18.0.2:8080/v1/AUTH_0ba9aba32adc4e04adc8b70a76b70122/gnocchi.96ed8d2e-1835-4f97-89c5-bed810e85d70/1769040000.0_mean_300.0_v3" "tx366e41ba232a4270aebad-00697901fe" "proxy-server 20" 0.0113 "-" 22 0
Jan 27 18:20:46 standalone proxy-server[129066]: 172.18.0.2 172.18.0.100 27/Jan/2026/18/20/46 PUT /v1/AUTH_0ba9aba32adc4e04adc8b70a76b70122/gnocchi.96ed8d2e-1835-4f97-89c5-bed810e85d70/1769040000.0_mean_300.0_v3 HTTP/1.0 201 - python-swiftclient-3.11.1 gAAAAABpeQCPbRNX... 16 - - tx366e41ba232a4270aebad-00697901fe - 0.0193 - - 1769538046.806218147 1769538046.825561523 0
Jan 27 18:20:46 standalone container-server[126840]: 172.20.0.100 - - [27/Jan/2026:18:20:46 +0000] "PUT /d1/34/AUTH_0ba9aba32adc4e04adc8b70a76b70122/gnocchi.96ed8d2e-1835-4f97-89c5-bed810e85d70/none_v3" 201 - "PUT http://172.18.0.2:8080/d1/350/AUTH_0ba9aba32adc4e04adc8b70a76b70122/gnocchi.96ed8d2e-1835-4f97-89c5-bed810e85d70/none_v3" "txcedc423ca53e4395971b2-00697901fe" "object-server 24" 0.0007 "-" 21 0
Jan 27 18:20:46 standalone object-server[127089]: 172.20.0.100 - - [27/Jan/2026:18:20:46 +0000] "PUT /d1/350/AUTH_0ba9aba32adc4e04adc8b70a76b70122/gnocchi.96ed8d2e-1835-4f97-89c5-bed810e85d70/none_v3" 201 - "PUT http://172.18.0.2:8080/v1/AUTH_0ba9aba32adc4e04adc8b70a76b70122/gnocchi.96ed8d2e-1835-4f97-89c5-bed810e85d70/none_v3" "txcedc423ca53e4395971b2-00697901fe" "proxy-server 20" 0.0113 "-" 24 0
Jan 27 18:20:46 standalone proxy-server[129066]: 172.18.0.2 172.18.0.100 27/Jan/2026/18/20/46 PUT /v1/AUTH_0ba9aba32adc4e04adc8b70a76b70122/gnocchi.96ed8d2e-1835-4f97-89c5-bed810e85d70/none_v3 HTTP/1.0 201 - python-swiftclient-3.11.1 gAAAAABpeQCPbRNX... 22 - - txcedc423ca53e4395971b2-00697901fe - 0.0207 - - 1769538046.829669714 1769538046.850376844 0
Jan 27 18:20:46 standalone container-server[126848]: 172.20.0.100 - - [27/Jan/2026:18:20:46 +0000] "HEAD /d1/638/AUTH_0ba9aba32adc4e04adc8b70a76b70122/gnocchi.6e215cdc-1fa4-420c-9b0e-771be1a2dcc6" 404 - "HEAD http://172.18.0.2:8080/v1/AUTH_0ba9aba32adc4e04adc8b70a76b70122/gnocchi.6e215cdc-1fa4-420c-9b0e-771be1a2dcc6?format=json&states=listing" "tx9ba138086c604ac2b8d63-00697901fe" "proxy-server 20" 0.0005 "-" 22 0
Jan 27 18:20:46 standalone object-server[127078]: 172.20.0.100 - - [27/Jan/2026:18:20:46 +0000] "GET /d1/327/AUTH_0ba9aba32adc4e04adc8b70a76b70122/gnocchi.6e215cdc-1fa4-420c-9b0e-771be1a2dcc6/none_v3" 404 70 "GET http://172.18.0.2:8080/v1/AUTH_0ba9aba32adc4e04adc8b70a76b70122/gnocchi.6e215cdc-1fa4-420c-9b0e-771be1a2dcc6/none_v3" "tx9ba138086c604ac2b8d63-00697901fe" "proxy-server 20" 0.0006 "-" 23 0
Jan 27 18:20:46 standalone proxy-server[129066]: 172.18.0.2 172.18.0.100 27/Jan/2026/18/20/46 GET /v1/AUTH_0ba9aba32adc4e04adc8b70a76b70122/gnocchi.6e215cdc-1fa4-420c-9b0e-771be1a2dcc6/none_v3 HTTP/1.0 404 - python-swiftclient-3.11.1 gAAAAABpeQCPbRNX... - 70 - tx9ba138086c604ac2b8d63-00697901fe - 0.0205 - - 1769538046.867016554 1769538046.887469053 0
Jan 27 18:20:46 standalone account-server[126751]: 172.20.0.100 - - [27/Jan/2026:18:20:46 +0000] "PUT /d1/1011/AUTH_0ba9aba32adc4e04adc8b70a76b70122/gnocchi.6e215cdc-1fa4-420c-9b0e-771be1a2dcc6" 201 - "PUT http://172.20.0.100:6001/d1/638/AUTH_0ba9aba32adc4e04adc8b70a76b70122/gnocchi.6e215cdc-1fa4-420c-9b0e-771be1a2dcc6" "tx53095c89a2c94cb09e08e-00697901fe" "container-server 21" 0.0068 "-" 20 0
Jan 27 18:20:46 standalone container-server[126840]: 172.20.0.100 - - [27/Jan/2026:18:20:46 +0000] "PUT /d1/638/AUTH_0ba9aba32adc4e04adc8b70a76b70122/gnocchi.6e215cdc-1fa4-420c-9b0e-771be1a2dcc6" 201 - "PUT http://172.18.0.2:8080/v1/AUTH_0ba9aba32adc4e04adc8b70a76b70122/gnocchi.6e215cdc-1fa4-420c-9b0e-771be1a2dcc6" "tx53095c89a2c94cb09e08e-00697901fe" "proxy-server 20" 0.0320 "-" 21 0
Jan 27 18:20:46 standalone proxy-server[129066]: 172.18.0.2 172.18.0.100 27/Jan/2026/18/20/46 PUT /v1/AUTH_0ba9aba32adc4e04adc8b70a76b70122/gnocchi.6e215cdc-1fa4-420c-9b0e-771be1a2dcc6 HTTP/1.0 201 - python-swiftclient-3.11.1 gAAAAABpeQCPbRNX... - - - tx53095c89a2c94cb09e08e-00697901fe - 0.0399 - - 1769538046.891986132 1769538046.931866646 0
Jan 27 18:20:46 standalone container-server[126840]: 172.20.0.100 - - [27/Jan/2026:18:20:46 +0000] "HEAD /d1/638/AUTH_0ba9aba32adc4e04adc8b70a76b70122/gnocchi.6e215cdc-1fa4-420c-9b0e-771be1a2dcc6" 204 - "HEAD http://172.18.0.2:8080/v1/AUTH_0ba9aba32adc4e04adc8b70a76b70122/gnocchi.6e215cdc-1fa4-420c-9b0e-771be1a2dcc6?format=json&states=listing" "tx5e05e0c00458475fafe55-00697901fe" "proxy-server 20" 0.0029 "-" 21 0
Jan 27 18:20:46 standalone proxy-server[129066]: - - 27/Jan/2026/18/20/46 HEAD /v1/AUTH_0ba9aba32adc4e04adc8b70a76b70122/gnocchi.6e215cdc-1fa4-420c-9b0e-771be1a2dcc6%3Fformat%3Djson%26states%3Dlisting HTTP/1.0 204 - Swift - - - - tx5e05e0c00458475fafe55-00697901fe - 0.0080 RL - 1769538046.939963579 1769538046.947950363 0
Jan 27 18:20:46 standalone container-server[126820]: 172.20.0.100 - - [27/Jan/2026:18:20:46 +0000] "GET /d1/638/AUTH_0ba9aba32adc4e04adc8b70a76b70122/gnocchi.6e215cdc-1fa4-420c-9b0e-771be1a2dcc6" 200 2 "GET http://172.18.0.2:8080/v1/AUTH_0ba9aba32adc4e04adc8b70a76b70122/gnocchi.6e215cdc-1fa4-420c-9b0e-771be1a2dcc6?format=json&states=listing" "tx5e05e0c00458475fafe55-00697901fe" "proxy-server 20" 0.0023 "-" 19 0
Jan 27 18:20:46 standalone proxy-server[129066]: 172.18.0.2 172.18.0.100 27/Jan/2026/18/20/46 GET /v1/AUTH_0ba9aba32adc4e04adc8b70a76b70122/gnocchi.6e215cdc-1fa4-420c-9b0e-771be1a2dcc6%3Fformat%3Djson%26states%3Dlisting HTTP/1.0 200 - python-swiftclient-3.11.1 gAAAAABpeQCPbRNX... - 2 - tx5e05e0c00458475fafe55-00697901fe - 0.0206 - - 1769538046.938478947 1769538046.959101677 0
Jan 27 18:20:46 standalone object-server[127089]: 172.20.0.100 - - [27/Jan/2026:18:20:46 +0000] "GET /d1/432/AUTH_0ba9aba32adc4e04adc8b70a76b70122/gnocchi.6e215cdc-1fa4-420c-9b0e-771be1a2dcc6/1769040000.0_mean_300.0_v3" 404 70 "GET http://172.18.0.2:8080/v1/AUTH_0ba9aba32adc4e04adc8b70a76b70122/gnocchi.6e215cdc-1fa4-420c-9b0e-771be1a2dcc6/1769040000.0_mean_300.0_v3" "tx3359525ef6744a7aa6ffd-00697901fe" "proxy-server 20" 0.0006 "-" 24 0
Jan 27 18:20:46 standalone proxy-server[129066]: 172.18.0.2 172.18.0.100 27/Jan/2026/18/20/46 GET /v1/AUTH_0ba9aba32adc4e04adc8b70a76b70122/gnocchi.6e215cdc-1fa4-420c-9b0e-771be1a2dcc6/1769040000.0_mean_300.0_v3 HTTP/1.0 404 - python-swiftclient-3.11.1 gAAAAABpeQCPbRNX... - 70 - tx3359525ef6744a7aa6ffd-00697901fe - 0.0049 - - 1769538046.965151310 1769538046.970091105 0
Jan 27 18:20:46 standalone container-server[126831]: 172.20.0.100 - - [27/Jan/2026:18:20:46 +0000] "PUT /d1/638/AUTH_0ba9aba32adc4e04adc8b70a76b70122/gnocchi.6e215cdc-1fa4-420c-9b0e-771be1a2dcc6/1769040000.0_mean_300.0_v3" 201 - "PUT http://172.18.0.2:8080/d1/432/AUTH_0ba9aba32adc4e04adc8b70a76b70122/gnocchi.6e215cdc-1fa4-420c-9b0e-771be1a2dcc6/1769040000.0_mean_300.0_v3" "tx567a31f0e5664cd7bf819-00697901fe" "object-server 25" 0.0011 "-" 20 0
Jan 27 18:20:46 standalone object-server[127096]: 172.20.0.100 - - [27/Jan/2026:18:20:46 +0000] "PUT /d1/432/AUTH_0ba9aba32adc4e04adc8b70a76b70122/gnocchi.6e215cdc-1fa4-420c-9b0e-771be1a2dcc6/1769040000.0_mean_300.0_v3" 201 - "PUT http://172.18.0.2:8080/v1/AUTH_0ba9aba32adc4e04adc8b70a76b70122/gnocchi.6e215cdc-1fa4-420c-9b0e-771be1a2dcc6/1769040000.0_mean_300.0_v3" "tx567a31f0e5664cd7bf819-00697901fe" "proxy-server 20" 0.0161 "-" 25 0
Jan 27 18:20:46 standalone proxy-server[129066]: 172.18.0.2 172.18.0.100 27/Jan/2026/18/20/46 PUT /v1/AUTH_0ba9aba32adc4e04adc8b70a76b70122/gnocchi.6e215cdc-1fa4-420c-9b0e-771be1a2dcc6/1769040000.0_mean_300.0_v3 HTTP/1.0 201 - python-swiftclient-3.11.1 gAAAAABpeQCPbRNX... 16 - - tx567a31f0e5664cd7bf819-00697901fe - 0.0235 - - 1769538046.973587275 1769538046.997122765 0
Jan 27 18:20:47 standalone container-server[126820]: 172.20.0.100 - - [27/Jan/2026:18:20:47 +0000] "PUT /d1/638/AUTH_0ba9aba32adc4e04adc8b70a76b70122/gnocchi.6e215cdc-1fa4-420c-9b0e-771be1a2dcc6/none_v3" 201 - "PUT http://172.18.0.2:8080/d1/327/AUTH_0ba9aba32adc4e04adc8b70a76b70122/gnocchi.6e215cdc-1fa4-420c-9b0e-771be1a2dcc6/none_v3" "tx5343d0f504044fe3b0205-00697901ff" "object-server 24" 0.0006 "-" 19 0
Jan 27 18:20:47 standalone object-server[127089]: 172.20.0.100 - - [27/Jan/2026:18:20:47 +0000] "PUT /d1/327/AUTH_0ba9aba32adc4e04adc8b70a76b70122/gnocchi.6e215cdc-1fa4-420c-9b0e-771be1a2dcc6/none_v3" 201 - "PUT http://172.18.0.2:8080/v1/AUTH_0ba9aba32adc4e04adc8b70a76b70122/gnocchi.6e215cdc-1fa4-420c-9b0e-771be1a2dcc6/none_v3" "tx5343d0f504044fe3b0205-00697901ff" "proxy-server 20" 0.0095 "-" 24 0
Jan 27 18:20:47 standalone proxy-server[129066]: 172.18.0.2 172.18.0.100 27/Jan/2026/18/20/47 PUT /v1/AUTH_0ba9aba32adc4e04adc8b70a76b70122/gnocchi.6e215cdc-1fa4-420c-9b0e-771be1a2dcc6/none_v3 HTTP/1.0 201 - python-swiftclient-3.11.1 gAAAAABpeQCPbRNX... 22 - - tx5343d0f504044fe3b0205-00697901ff - 0.0156 - - 1769538047.000964165 1769538047.016593695 0
Jan 27 18:20:47 standalone container-server[126848]: 172.20.0.100 - - [27/Jan/2026:18:20:47 +0000] "HEAD /d1/716/AUTH_0ba9aba32adc4e04adc8b70a76b70122/gnocchi.7afa9c7e-f281-4204-bc79-50b6726a358f" 404 - "HEAD http://172.18.0.2:8080/v1/AUTH_0ba9aba32adc4e04adc8b70a76b70122/gnocchi.7afa9c7e-f281-4204-bc79-50b6726a358f?format=json&states=listing" "txcac8a72604114c3cbc788-00697901ff" "proxy-server 20" 0.0005 "-" 22 0
Jan 27 18:20:47 standalone object-server[127089]: 172.20.0.100 - - [27/Jan/2026:18:20:47 +0000] "GET /d1/470/AUTH_0ba9aba32adc4e04adc8b70a76b70122/gnocchi.7afa9c7e-f281-4204-bc79-50b6726a358f/none_v3" 404 70 "GET http://172.18.0.2:8080/v1/AUTH_0ba9aba32adc4e04adc8b70a76b70122/gnocchi.7afa9c7e-f281-4204-bc79-50b6726a358f/none_v3" "txcac8a72604114c3cbc788-00697901ff" "proxy-server 20" 0.0003 "-" 24 0
Jan 27 18:20:47 standalone proxy-server[129066]: 172.18.0.2 172.18.0.100 27/Jan/2026/18/20/47 GET /v1/AUTH_0ba9aba32adc4e04adc8b70a76b70122/gnocchi.7afa9c7e-f281-4204-bc79-50b6726a358f/none_v3 HTTP/1.0 404 - python-swiftclient-3.11.1 gAAAAABpeQCPbRNX... - 70 - txcac8a72604114c3cbc788-00697901ff - 0.0103 - - 1769538047.029847622 1769538047.040132761 0
Jan 27 18:20:47 standalone account-server[126765]: 172.20.0.100 - - [27/Jan/2026:18:20:47 +0000] "PUT /d1/1011/AUTH_0ba9aba32adc4e04adc8b70a76b70122/gnocchi.7afa9c7e-f281-4204-bc79-50b6726a358f" 201 - "PUT http://172.20.0.100:6001/d1/716/AUTH_0ba9aba32adc4e04adc8b70a76b70122/gnocchi.7afa9c7e-f281-4204-bc79-50b6726a358f" "tx9a20ec427bb44790aeeba-00697901ff" "container-server 22" 0.0085 "-" 23 0
Jan 27 18:20:47 standalone container-server[126848]: 172.20.0.100 - - [27/Jan/2026:18:20:47 +0000] "PUT /d1/716/AUTH_0ba9aba32adc4e04adc8b70a76b70122/gnocchi.7afa9c7e-f281-4204-bc79-50b6726a358f" 201 - "PUT http://172.18.0.2:8080/v1/AUTH_0ba9aba32adc4e04adc8b70a76b70122/gnocchi.7afa9c7e-f281-4204-bc79-50b6726a358f" "tx9a20ec427bb44790aeeba-00697901ff" "proxy-server 20" 0.0207 "-" 22 0
Jan 27 18:20:47 standalone proxy-server[129066]: 172.18.0.2 172.18.0.100 27/Jan/2026/18/20/47 PUT /v1/AUTH_0ba9aba32adc4e04adc8b70a76b70122/gnocchi.7afa9c7e-f281-4204-bc79-50b6726a358f HTTP/1.0 201 - python-swiftclient-3.11.1 gAAAAABpeQCPbRNX... - - - tx9a20ec427bb44790aeeba-00697901ff - 0.0273 - - 1769538047.044456482 1769538047.071767092 0
Jan 27 18:20:47 standalone container-server[126831]: 172.20.0.100 - - [27/Jan/2026:18:20:47 +0000] "HEAD /d1/716/AUTH_0ba9aba32adc4e04adc8b70a76b70122/gnocchi.7afa9c7e-f281-4204-bc79-50b6726a358f" 204 - "HEAD http://172.18.0.2:8080/v1/AUTH_0ba9aba32adc4e04adc8b70a76b70122/gnocchi.7afa9c7e-f281-4204-bc79-50b6726a358f?format=json&states=listing" "tx54fdf0af8bf242b38cbd3-00697901ff" "proxy-server 20" 0.0024 "-" 20 0
Jan 27 18:20:47 standalone proxy-server[129066]: - - 27/Jan/2026/18/20/47 HEAD /v1/AUTH_0ba9aba32adc4e04adc8b70a76b70122/gnocchi.7afa9c7e-f281-4204-bc79-50b6726a358f%3Fformat%3Djson%26states%3Dlisting HTTP/1.0 204 - Swift - - - - tx54fdf0af8bf242b38cbd3-00697901ff - 0.0074 RL - 1769538047.077617645 1769538047.084973335 0
Jan 27 18:20:47 standalone container-server[126820]: 172.20.0.100 - - [27/Jan/2026:18:20:47 +0000] "GET /d1/716/AUTH_0ba9aba32adc4e04adc8b70a76b70122/gnocchi.7afa9c7e-f281-4204-bc79-50b6726a358f" 200 2 "GET http://172.18.0.2:8080/v1/AUTH_0ba9aba32adc4e04adc8b70a76b70122/gnocchi.7afa9c7e-f281-4204-bc79-50b6726a358f?format=json&states=listing" "tx54fdf0af8bf242b38cbd3-00697901ff" "proxy-server 20" 0.0032 "-" 19 0
Jan 27 18:20:47 standalone proxy-server[129066]: 172.18.0.2 172.18.0.100 27/Jan/2026/18/20/47 GET /v1/AUTH_0ba9aba32adc4e04adc8b70a76b70122/gnocchi.7afa9c7e-f281-4204-bc79-50b6726a358f%3Fformat%3Djson%26states%3Dlisting HTTP/1.0 200 - python-swiftclient-3.11.1 gAAAAABpeQCPbRNX... - 2 - tx54fdf0af8bf242b38cbd3-00697901ff - 0.0186 - - 1769538047.076430082 1769538047.095061541 0
Jan 27 18:20:47 standalone object-server[127062]: 172.20.0.100 - - [27/Jan/2026:18:20:47 +0000] "GET /d1/53/AUTH_0ba9aba32adc4e04adc8b70a76b70122/gnocchi.7afa9c7e-f281-4204-bc79-50b6726a358f/1769040000.0_mean_300.0_v3" 404 70 "GET http://172.18.0.2:8080/v1/AUTH_0ba9aba32adc4e04adc8b70a76b70122/gnocchi.7afa9c7e-f281-4204-bc79-50b6726a358f/1769040000.0_mean_300.0_v3" "tx3091fb8369af42ceb0923-00697901ff" "proxy-server 20" 0.0005 "-" 22 0
Jan 27 18:20:47 standalone proxy-server[129066]: 172.18.0.2 172.18.0.100 27/Jan/2026/18/20/47 GET /v1/AUTH_0ba9aba32adc4e04adc8b70a76b70122/gnocchi.7afa9c7e-f281-4204-bc79-50b6726a358f/1769040000.0_mean_300.0_v3 HTTP/1.0 404 - python-swiftclient-3.11.1 gAAAAABpeQCPbRNX... - 70 - tx3091fb8369af42ceb0923-00697901ff - 0.0081 - - 1769538047.101588011 1769538047.109736919 0
Jan 27 18:20:47 standalone container-server[126831]: 172.20.0.100 - - [27/Jan/2026:18:20:47 +0000] "PUT /d1/716/AUTH_0ba9aba32adc4e04adc8b70a76b70122/gnocchi.7afa9c7e-f281-4204-bc79-50b6726a358f/1769040000.0_mean_300.0_v3" 201 - "PUT http://172.18.0.2:8080/d1/53/AUTH_0ba9aba32adc4e04adc8b70a76b70122/gnocchi.7afa9c7e-f281-4204-bc79-50b6726a358f/1769040000.0_mean_300.0_v3" "tx44245dd6a98442129084c-00697901ff" "object-server 24" 0.0009 "-" 20 0
Jan 27 18:20:47 standalone object-server[127089]: 172.20.0.100 - - [27/Jan/2026:18:20:47 +0000] "PUT /d1/53/AUTH_0ba9aba32adc4e04adc8b70a76b70122/gnocchi.7afa9c7e-f281-4204-bc79-50b6726a358f/1769040000.0_mean_300.0_v3" 201 - "PUT http://172.18.0.2:8080/v1/AUTH_0ba9aba32adc4e04adc8b70a76b70122/gnocchi.7afa9c7e-f281-4204-bc79-50b6726a358f/1769040000.0_mean_300.0_v3" "tx44245dd6a98442129084c-00697901ff" "proxy-server 20" 0.0099 "-" 24 0
Jan 27 18:20:47 standalone proxy-server[129066]: 172.18.0.2 172.18.0.100 27/Jan/2026/18/20/47 PUT /v1/AUTH_0ba9aba32adc4e04adc8b70a76b70122/gnocchi.7afa9c7e-f281-4204-bc79-50b6726a358f/1769040000.0_mean_300.0_v3 HTTP/1.0 201 - python-swiftclient-3.11.1 gAAAAABpeQCPbRNX... 16 - - tx44245dd6a98442129084c-00697901ff - 0.0157 - - 1769538047.113713980 1769538047.129452944 0
Jan 27 18:20:47 standalone container-server[126831]: 172.20.0.100 - - [27/Jan/2026:18:20:47 +0000] "PUT /d1/716/AUTH_0ba9aba32adc4e04adc8b70a76b70122/gnocchi.7afa9c7e-f281-4204-bc79-50b6726a358f/none_v3" 201 - "PUT http://172.18.0.2:8080/d1/470/AUTH_0ba9aba32adc4e04adc8b70a76b70122/gnocchi.7afa9c7e-f281-4204-bc79-50b6726a358f/none_v3" "tx790421208d63412793ca4-00697901ff" "object-server 25" 0.0006 "-" 20 0
Jan 27 18:20:47 standalone object-server[127096]: 172.20.0.100 - - [27/Jan/2026:18:20:47 +0000] "PUT /d1/470/AUTH_0ba9aba32adc4e04adc8b70a76b70122/gnocchi.7afa9c7e-f281-4204-bc79-50b6726a358f/none_v3" 201 - "PUT http://172.18.0.2:8080/v1/AUTH_0ba9aba32adc4e04adc8b70a76b70122/gnocchi.7afa9c7e-f281-4204-bc79-50b6726a358f/none_v3" "tx790421208d63412793ca4-00697901ff" "proxy-server 20" 0.0105 "-" 25 0
Jan 27 18:20:47 standalone proxy-server[129066]: 172.18.0.2 172.18.0.100 27/Jan/2026/18/20/47 PUT /v1/AUTH_0ba9aba32adc4e04adc8b70a76b70122/gnocchi.7afa9c7e-f281-4204-bc79-50b6726a358f/none_v3 HTTP/1.0 201 - python-swiftclient-3.11.1 gAAAAABpeQCPbRNX... 22 - - tx790421208d63412793ca4-00697901ff - 0.0167 - - 1769538047.132274389 1769538047.148950100 0
Jan 27 18:20:47 standalone container-server[126848]: 172.20.0.100 - - [27/Jan/2026:18:20:47 +0000] "HEAD /d1/518/AUTH_0ba9aba32adc4e04adc8b70a76b70122/gnocchi.ab8bd0b1-93e8-4cc9-92d0-f1cd3fac1ec8" 404 - "HEAD http://172.18.0.2:8080/v1/AUTH_0ba9aba32adc4e04adc8b70a76b70122/gnocchi.ab8bd0b1-93e8-4cc9-92d0-f1cd3fac1ec8?format=json&states=listing" "txb26c40ef35ba4d169be76-00697901ff" "proxy-server 20" 0.0004 "-" 22 0
Jan 27 18:20:47 standalone object-server[127096]: 172.20.0.100 - - [27/Jan/2026:18:20:47 +0000] "GET /d1/1004/AUTH_0ba9aba32adc4e04adc8b70a76b70122/gnocchi.ab8bd0b1-93e8-4cc9-92d0-f1cd3fac1ec8/none_v3" 404 70 "GET http://172.18.0.2:8080/v1/AUTH_0ba9aba32adc4e04adc8b70a76b70122/gnocchi.ab8bd0b1-93e8-4cc9-92d0-f1cd3fac1ec8/none_v3" "txb26c40ef35ba4d169be76-00697901ff" "proxy-server 20" 0.0005 "-" 25 0
Jan 27 18:20:47 standalone proxy-server[129066]: 172.18.0.2 172.18.0.100 27/Jan/2026/18/20/47 GET /v1/AUTH_0ba9aba32adc4e04adc8b70a76b70122/gnocchi.ab8bd0b1-93e8-4cc9-92d0-f1cd3fac1ec8/none_v3 HTTP/1.0 404 - python-swiftclient-3.11.1 gAAAAABpeQCPbRNX... - 70 - txb26c40ef35ba4d169be76-00697901ff - 0.0102 - - 1769538047.158272982 1769538047.168425560 0
Jan 27 18:20:47 standalone account-server[126765]: 172.20.0.100 - - [27/Jan/2026:18:20:47 +0000] "PUT /d1/1011/AUTH_0ba9aba32adc4e04adc8b70a76b70122/gnocchi.ab8bd0b1-93e8-4cc9-92d0-f1cd3fac1ec8" 201 - "PUT http://172.20.0.100:6001/d1/518/AUTH_0ba9aba32adc4e04adc8b70a76b70122/gnocchi.ab8bd0b1-93e8-4cc9-92d0-f1cd3fac1ec8" "txf532d8d5cc7344a7bb072-00697901ff" "container-server 21" 0.0055 "-" 23 0
Jan 27 18:20:47 standalone container-server[126840]: 172.20.0.100 - - [27/Jan/2026:18:20:47 +0000] "PUT /d1/518/AUTH_0ba9aba32adc4e04adc8b70a76b70122/gnocchi.ab8bd0b1-93e8-4cc9-92d0-f1cd3fac1ec8" 201 - "PUT http://172.18.0.2:8080/v1/AUTH_0ba9aba32adc4e04adc8b70a76b70122/gnocchi.ab8bd0b1-93e8-4cc9-92d0-f1cd3fac1ec8" "txf532d8d5cc7344a7bb072-00697901ff" "proxy-server 20" 0.0157 "-" 21 0
Jan 27 18:20:47 standalone proxy-server[129066]: 172.18.0.2 172.18.0.100 27/Jan/2026/18/20/47 PUT /v1/AUTH_0ba9aba32adc4e04adc8b70a76b70122/gnocchi.ab8bd0b1-93e8-4cc9-92d0-f1cd3fac1ec8 HTTP/1.0 201 - python-swiftclient-3.11.1 gAAAAABpeQCPbRNX... - - - txf532d8d5cc7344a7bb072-00697901ff - 0.0207 - - 1769538047.172037363 1769538047.192717791 0
Jan 27 18:20:47 standalone container-server[126831]: 172.20.0.100 - - [27/Jan/2026:18:20:47 +0000] "HEAD /d1/518/AUTH_0ba9aba32adc4e04adc8b70a76b70122/gnocchi.ab8bd0b1-93e8-4cc9-92d0-f1cd3fac1ec8" 204 - "HEAD http://172.18.0.2:8080/v1/AUTH_0ba9aba32adc4e04adc8b70a76b70122/gnocchi.ab8bd0b1-93e8-4cc9-92d0-f1cd3fac1ec8?format=json&states=listing" "txd6ac49c27eee45dcb2ee4-00697901ff" "proxy-server 20" 0.0023 "-" 20 0
Jan 27 18:20:47 standalone proxy-server[129066]: - - 27/Jan/2026/18/20/47 HEAD /v1/AUTH_0ba9aba32adc4e04adc8b70a76b70122/gnocchi.ab8bd0b1-93e8-4cc9-92d0-f1cd3fac1ec8%3Fformat%3Djson%26states%3Dlisting HTTP/1.0 204 - Swift - - - - txd6ac49c27eee45dcb2ee4-00697901ff - 0.0070 RL - 1769538047.197415352 1769538047.204426050 0
Jan 27 18:20:47 standalone container-server[126848]: 172.20.0.100 - - [27/Jan/2026:18:20:47 +0000] "GET /d1/518/AUTH_0ba9aba32adc4e04adc8b70a76b70122/gnocchi.ab8bd0b1-93e8-4cc9-92d0-f1cd3fac1ec8" 200 2 "GET http://172.18.0.2:8080/v1/AUTH_0ba9aba32adc4e04adc8b70a76b70122/gnocchi.ab8bd0b1-93e8-4cc9-92d0-f1cd3fac1ec8?format=json&states=listing" "txd6ac49c27eee45dcb2ee4-00697901ff" "proxy-server 20" 0.0029 "-" 22 0
Jan 27 18:20:47 standalone proxy-server[129066]: 172.18.0.2 172.18.0.100 27/Jan/2026/18/20/47 GET /v1/AUTH_0ba9aba32adc4e04adc8b70a76b70122/gnocchi.ab8bd0b1-93e8-4cc9-92d0-f1cd3fac1ec8%3Fformat%3Djson%26states%3Dlisting HTTP/1.0 200 - python-swiftclient-3.11.1 gAAAAABpeQCPbRNX... - 2 - txd6ac49c27eee45dcb2ee4-00697901ff - 0.0202 - - 1769538047.196384192 1769538047.216555834 0
Jan 27 18:20:47 standalone object-server[127096]: 172.20.0.100 - - [27/Jan/2026:18:20:47 +0000] "GET /d1/23/AUTH_0ba9aba32adc4e04adc8b70a76b70122/gnocchi.ab8bd0b1-93e8-4cc9-92d0-f1cd3fac1ec8/1769040000.0_mean_300.0_v3" 404 70 "GET http://172.18.0.2:8080/v1/AUTH_0ba9aba32adc4e04adc8b70a76b70122/gnocchi.ab8bd0b1-93e8-4cc9-92d0-f1cd3fac1ec8/1769040000.0_mean_300.0_v3" "tx2e71e31f00964e95a165b-00697901ff" "proxy-server 20" 0.0005 "-" 25 0
Jan 27 18:20:47 standalone proxy-server[129066]: 172.18.0.2 172.18.0.100 27/Jan/2026/18/20/47 GET /v1/AUTH_0ba9aba32adc4e04adc8b70a76b70122/gnocchi.ab8bd0b1-93e8-4cc9-92d0-f1cd3fac1ec8/1769040000.0_mean_300.0_v3 HTTP/1.0 404 - python-swiftclient-3.11.1 gAAAAABpeQCPbRNX... - 70 - tx2e71e31f00964e95a165b-00697901ff - 0.0060 - - 1769538047.219893217 1769538047.225929976 0
Jan 27 18:20:47 standalone container-server[126831]: 172.20.0.100 - - [27/Jan/2026:18:20:47 +0000] "PUT /d1/518/AUTH_0ba9aba32adc4e04adc8b70a76b70122/gnocchi.ab8bd0b1-93e8-4cc9-92d0-f1cd3fac1ec8/1769040000.0_mean_300.0_v3" 201 - "PUT http://172.18.0.2:8080/d1/23/AUTH_0ba9aba32adc4e04adc8b70a76b70122/gnocchi.ab8bd0b1-93e8-4cc9-92d0-f1cd3fac1ec8/1769040000.0_mean_300.0_v3" "tx78c7d4fb9007476bb3666-00697901ff" "object-server 24" 0.0008 "-" 20 0
Jan 27 18:20:47 standalone object-server[127089]: 172.20.0.100 - - [27/Jan/2026:18:20:47 +0000] "PUT /d1/23/AUTH_0ba9aba32adc4e04adc8b70a76b70122/gnocchi.ab8bd0b1-93e8-4cc9-92d0-f1cd3fac1ec8/1769040000.0_mean_300.0_v3" 201 - "PUT http://172.18.0.2:8080/v1/AUTH_0ba9aba32adc4e04adc8b70a76b70122/gnocchi.ab8bd0b1-93e8-4cc9-92d0-f1cd3fac1ec8/1769040000.0_mean_300.0_v3" "tx78c7d4fb9007476bb3666-00697901ff" "proxy-server 20" 0.0109 "-" 24 0
Jan 27 18:20:47 standalone proxy-server[129066]: 172.18.0.2 172.18.0.100 27/Jan/2026/18/20/47 PUT /v1/AUTH_0ba9aba32adc4e04adc8b70a76b70122/gnocchi.ab8bd0b1-93e8-4cc9-92d0-f1cd3fac1ec8/1769040000.0_mean_300.0_v3 HTTP/1.0 201 - python-swiftclient-3.11.1 gAAAAABpeQCPbRNX... 16 - - tx78c7d4fb9007476bb3666-00697901ff - 0.0169 - - 1769538047.229248285 1769538047.246099472 0
Jan 27 18:20:47 standalone container-server[126840]: 172.20.0.100 - - [27/Jan/2026:18:20:47 +0000] "PUT /d1/518/AUTH_0ba9aba32adc4e04adc8b70a76b70122/gnocchi.ab8bd0b1-93e8-4cc9-92d0-f1cd3fac1ec8/none_v3" 201 - "PUT http://172.18.0.2:8080/d1/1004/AUTH_0ba9aba32adc4e04adc8b70a76b70122/gnocchi.ab8bd0b1-93e8-4cc9-92d0-f1cd3fac1ec8/none_v3" "txdb42b15e4db34e9490936-00697901ff" "object-server 22" 0.0005 "-" 21 0
Jan 27 18:20:47 standalone object-server[127062]: 172.20.0.100 - - [27/Jan/2026:18:20:47 +0000] "PUT /d1/1004/AUTH_0ba9aba32adc4e04adc8b70a76b70122/gnocchi.ab8bd0b1-93e8-4cc9-92d0-f1cd3fac1ec8/none_v3" 201 - "PUT http://172.18.0.2:8080/v1/AUTH_0ba9aba32adc4e04adc8b70a76b70122/gnocchi.ab8bd0b1-93e8-4cc9-92d0-f1cd3fac1ec8/none_v3" "txdb42b15e4db34e9490936-00697901ff" "proxy-server 20" 0.0095 "-" 22 0
