Jan 27 18:20:45 standalone container-server[126840]: 172.20.0.100 - - [27/Jan/2026:18:20:45 +0000] "PUT /d1/657/AUTH_0ba9aba32adc4e04adc8b70a76b70122/gnocchi.d849700a-281d-4c1b-b7c5-86d13f3a9336/none_v3" 201 - "PUT http://172.18.0.2:8080/d1/533/AUTH_0ba9aba32adc4e04adc8b70a76b70122/gnocchi.d849700a-281d-4c1b-b7c5-86d13f3a9336/none_v3" "tx9d09220285c54c2dac132-00697901fd" "object-server 24" 0.0004 "-" 21 0
Jan 27 18:20:45 standalone object-server[127089]: 172.20.0.100 - - [27/Jan/2026:18:20:45 +0000] "PUT /d1/533/AUTH_0ba9aba32adc4e04adc8b70a76b70122/gnocchi.d849700a-281d-4c1b-b7c5-86d13f3a9336/none_v3" 201 - "PUT http://172.18.0.2:8080/v1/AUTH_0ba9aba32adc4e04adc8b70a76b70122/gnocchi.d849700a-281d-4c1b-b7c5-86d13f3a9336/none_v3" "tx9d09220285c54c2dac132-00697901fd" "proxy-server 20" 0.0132 "-" 24 0
Jan 27 18:20:45 standalone proxy-server[129066]: 172.18.0.2 172.18.0.100 27/Jan/2026/18/20/45 PUT /v1/AUTH_0ba9aba32adc4e04adc8b70a76b70122/gnocchi.d849700a-281d-4c1b-b7c5-86d13f3a9336/none_v3 HTTP/1.0 201 - python-swiftclient-3.11.1 gAAAAABpeQCPbRNX... 22 - - tx9d09220285c54c2dac132-00697901fd - 0.0183 - - 1769538045.245696306 1769538045.264044046 0
Jan 27 18:20:45 standalone container-server[126848]: 172.20.0.100 - - [27/Jan/2026:18:20:45 +0000] "HEAD /d1/422/AUTH_0ba9aba32adc4e04adc8b70a76b70122/gnocchi.6c569ae8-9f49-44b9-bc8d-c3372d1315f3" 404 - "HEAD http://172.18.0.2:8080/v1/AUTH_0ba9aba32adc4e04adc8b70a76b70122/gnocchi.6c569ae8-9f49-44b9-bc8d-c3372d1315f3?format=json&states=listing" "txb76dfe049cf44e7fb154e-00697901fd" "proxy-server 20" 0.0006 "-" 22 0
Jan 27 18:20:45 standalone object-server[127089]: 172.20.0.100 - - [27/Jan/2026:18:20:45 +0000] "GET /d1/646/AUTH_0ba9aba32adc4e04adc8b70a76b70122/gnocchi.6c569ae8-9f49-44b9-bc8d-c3372d1315f3/none_v3" 404 70 "GET http://172.18.0.2:8080/v1/AUTH_0ba9aba32adc4e04adc8b70a76b70122/gnocchi.6c569ae8-9f49-44b9-bc8d-c3372d1315f3/none_v3" "txb76dfe049cf44e7fb154e-00697901fd" "proxy-server 20" 0.0006 "-" 24 0
Jan 27 18:20:45 standalone proxy-server[129066]: 172.18.0.2 172.18.0.100 27/Jan/2026/18/20/45 GET /v1/AUTH_0ba9aba32adc4e04adc8b70a76b70122/gnocchi.6c569ae8-9f49-44b9-bc8d-c3372d1315f3/none_v3 HTTP/1.0 404 - python-swiftclient-3.11.1 gAAAAABpeQCPbRNX... - 70 - txb76dfe049cf44e7fb154e-00697901fd - 0.0091 - - 1769538045.277438164 1769538045.286556482 0
Jan 27 18:20:45 standalone account-server[126751]: 172.20.0.100 - - [27/Jan/2026:18:20:45 +0000] "PUT /d1/1011/AUTH_0ba9aba32adc4e04adc8b70a76b70122/gnocchi.6c569ae8-9f49-44b9-bc8d-c3372d1315f3" 201 - "PUT http://172.20.0.100:6001/d1/422/AUTH_0ba9aba32adc4e04adc8b70a76b70122/gnocchi.6c569ae8-9f49-44b9-bc8d-c3372d1315f3" "tx7013f2a3ffe34fd889f3e-00697901fd" "container-server 20" 0.0060 "-" 20 0
Jan 27 18:20:45 standalone container-server[126831]: 172.20.0.100 - - [27/Jan/2026:18:20:45 +0000] "PUT /d1/422/AUTH_0ba9aba32adc4e04adc8b70a76b70122/gnocchi.6c569ae8-9f49-44b9-bc8d-c3372d1315f3" 201 - "PUT http://172.18.0.2:8080/v1/AUTH_0ba9aba32adc4e04adc8b70a76b70122/gnocchi.6c569ae8-9f49-44b9-bc8d-c3372d1315f3" "tx7013f2a3ffe34fd889f3e-00697901fd" "proxy-server 20" 0.0192 "-" 20 0
Jan 27 18:20:45 standalone proxy-server[129066]: 172.18.0.2 172.18.0.100 27/Jan/2026/18/20/45 PUT /v1/AUTH_0ba9aba32adc4e04adc8b70a76b70122/gnocchi.6c569ae8-9f49-44b9-bc8d-c3372d1315f3 HTTP/1.0 201 - python-swiftclient-3.11.1 gAAAAABpeQCPbRNX... - - - tx7013f2a3ffe34fd889f3e-00697901fd - 0.0240 - - 1769538045.289768457 1769538045.313815117 0
Jan 27 18:20:45 standalone container-server[126840]: 172.20.0.100 - - [27/Jan/2026:18:20:45 +0000] "HEAD /d1/690/AUTH_0ba9aba32adc4e04adc8b70a76b70122/gnocchi.95104f73-2cad-458e-9dfc-43a2912da973" 404 - "HEAD http://172.18.0.2:8080/v1/AUTH_0ba9aba32adc4e04adc8b70a76b70122/gnocchi.95104f73-2cad-458e-9dfc-43a2912da973?format=json&states=listing" "txde54c0c298de4c81ba54e-00697901fd" "proxy-server 20" 0.0005 "-" 21 0
Jan 27 18:20:45 standalone object-server[127062]: 172.20.0.100 - - [27/Jan/2026:18:20:45 +0000] "GET /d1/141/AUTH_0ba9aba32adc4e04adc8b70a76b70122/gnocchi.95104f73-2cad-458e-9dfc-43a2912da973/none_v3" 404 70 "GET http://172.18.0.2:8080/v1/AUTH_0ba9aba32adc4e04adc8b70a76b70122/gnocchi.95104f73-2cad-458e-9dfc-43a2912da973/none_v3" "txde54c0c298de4c81ba54e-00697901fd" "proxy-server 20" 0.0005 "-" 22 0
Jan 27 18:20:45 standalone proxy-server[129066]: 172.18.0.2 172.18.0.100 27/Jan/2026/18/20/45 GET /v1/AUTH_0ba9aba32adc4e04adc8b70a76b70122/gnocchi.95104f73-2cad-458e-9dfc-43a2912da973/none_v3 HTTP/1.0 404 - python-swiftclient-3.11.1 gAAAAABpeQCPbRNX... - 70 - txde54c0c298de4c81ba54e-00697901fd - 0.0110 - - 1769538045.322398901 1769538045.333419561 0
Jan 27 18:20:45 standalone account-server[126762]: 172.20.0.100 - - [27/Jan/2026:18:20:45 +0000] "PUT /d1/1011/AUTH_0ba9aba32adc4e04adc8b70a76b70122/gnocchi.95104f73-2cad-458e-9dfc-43a2912da973" 201 - "PUT http://172.20.0.100:6001/d1/690/AUTH_0ba9aba32adc4e04adc8b70a76b70122/gnocchi.95104f73-2cad-458e-9dfc-43a2912da973" "tx7f55001917d940c3b3c5a-00697901fd" "container-server 22" 0.0061 "-" 22 0
Jan 27 18:20:45 standalone container-server[126848]: 172.20.0.100 - - [27/Jan/2026:18:20:45 +0000] "PUT /d1/690/AUTH_0ba9aba32adc4e04adc8b70a76b70122/gnocchi.95104f73-2cad-458e-9dfc-43a2912da973" 201 - "PUT http://172.18.0.2:8080/v1/AUTH_0ba9aba32adc4e04adc8b70a76b70122/gnocchi.95104f73-2cad-458e-9dfc-43a2912da973" "tx7f55001917d940c3b3c5a-00697901fd" "proxy-server 20" 0.0207 "-" 22 0
Jan 27 18:20:45 standalone proxy-server[129066]: 172.18.0.2 172.18.0.100 27/Jan/2026/18/20/45 PUT /v1/AUTH_0ba9aba32adc4e04adc8b70a76b70122/gnocchi.95104f73-2cad-458e-9dfc-43a2912da973 HTTP/1.0 201 - python-swiftclient-3.11.1 gAAAAABpeQCPbRNX... - - - tx7f55001917d940c3b3c5a-00697901fd - 0.0269 - - 1769538045.337116957 1769538045.364046097 0
Jan 27 18:20:45 standalone container-server[126820]: 172.20.0.100 - - [27/Jan/2026:18:20:45 +0000] "HEAD /d1/632/AUTH_0ba9aba32adc4e04adc8b70a76b70122/gnocchi.99529d59-1d47-4009-a05b-55aecd290573" 404 - "HEAD http://172.18.0.2:8080/v1/AUTH_0ba9aba32adc4e04adc8b70a76b70122/gnocchi.99529d59-1d47-4009-a05b-55aecd290573?format=json&states=listing" "txa7e092210ed04853ba37b-00697901fd" "proxy-server 20" 0.0007 "-" 19 0
Jan 27 18:20:45 standalone object-server[127062]: 172.20.0.100 - - [27/Jan/2026:18:20:45 +0000] "GET /d1/888/AUTH_0ba9aba32adc4e04adc8b70a76b70122/gnocchi.99529d59-1d47-4009-a05b-55aecd290573/none_v3" 404 70 "GET http://172.18.0.2:8080/v1/AUTH_0ba9aba32adc4e04adc8b70a76b70122/gnocchi.99529d59-1d47-4009-a05b-55aecd290573/none_v3" "txa7e092210ed04853ba37b-00697901fd" "proxy-server 20" 0.0006 "-" 22 0
Jan 27 18:20:45 standalone proxy-server[129066]: 172.18.0.2 172.18.0.100 27/Jan/2026/18/20/45 GET /v1/AUTH_0ba9aba32adc4e04adc8b70a76b70122/gnocchi.99529d59-1d47-4009-a05b-55aecd290573/none_v3 HTTP/1.0 404 - python-swiftclient-3.11.1 gAAAAABpeQCPbRNX... - 70 - txa7e092210ed04853ba37b-00697901fd - 0.0144 - - 1769538045.368583441 1769538045.382960081 0
Jan 27 18:20:45 standalone account-server[126751]: 172.20.0.100 - - [27/Jan/2026:18:20:45 +0000] "PUT /d1/1011/AUTH_0ba9aba32adc4e04adc8b70a76b70122/gnocchi.99529d59-1d47-4009-a05b-55aecd290573" 201 - "PUT http://172.20.0.100:6001/d1/632/AUTH_0ba9aba32adc4e04adc8b70a76b70122/gnocchi.99529d59-1d47-4009-a05b-55aecd290573" "tx1161d03385624ed2a9691-00697901fd" "container-server 19" 0.0056 "-" 20 0
Jan 27 18:20:45 standalone container-server[126820]: 172.20.0.100 - - [27/Jan/2026:18:20:45 +0000] "PUT /d1/632/AUTH_0ba9aba32adc4e04adc8b70a76b70122/gnocchi.99529d59-1d47-4009-a05b-55aecd290573" 201 - "PUT http://172.18.0.2:8080/v1/AUTH_0ba9aba32adc4e04adc8b70a76b70122/gnocchi.99529d59-1d47-4009-a05b-55aecd290573" "tx1161d03385624ed2a9691-00697901fd" "proxy-server 20" 0.0198 "-" 19 0
Jan 27 18:20:45 standalone proxy-server[129066]: 172.18.0.2 172.18.0.100 27/Jan/2026/18/20/45 PUT /v1/AUTH_0ba9aba32adc4e04adc8b70a76b70122/gnocchi.99529d59-1d47-4009-a05b-55aecd290573 HTTP/1.0 201 - python-swiftclient-3.11.1 gAAAAABpeQCPbRNX... - - - tx1161d03385624ed2a9691-00697901fd - 0.0264 - - 1769538045.387061596 1769538045.413424969 0
Jan 27 18:20:45 standalone container-server[126848]: 172.20.0.100 - - [27/Jan/2026:18:20:45 +0000] "HEAD /d1/422/AUTH_0ba9aba32adc4e04adc8b70a76b70122/gnocchi.6c569ae8-9f49-44b9-bc8d-c3372d1315f3" 204 - "HEAD http://172.18.0.2:8080/v1/AUTH_0ba9aba32adc4e04adc8b70a76b70122/gnocchi.6c569ae8-9f49-44b9-bc8d-c3372d1315f3?format=json&states=listing" "txb5a4a29a78ca4bce8c2d4-00697901fd" "proxy-server 20" 0.0027 "-" 22 0
Jan 27 18:20:45 standalone proxy-server[129066]: - - 27/Jan/2026/18/20/45 HEAD /v1/AUTH_0ba9aba32adc4e04adc8b70a76b70122/gnocchi.6c569ae8-9f49-44b9-bc8d-c3372d1315f3%3Fformat%3Djson%26states%3Dlisting HTTP/1.0 204 - Swift - - - - txb5a4a29a78ca4bce8c2d4-00697901fd - 0.0075 RL - 1769538045.419980764 1769538045.427530289 0
Jan 27 18:20:45 standalone container-server[126840]: 172.20.0.100 - - [27/Jan/2026:18:20:45 +0000] "GET /d1/422/AUTH_0ba9aba32adc4e04adc8b70a76b70122/gnocchi.6c569ae8-9f49-44b9-bc8d-c3372d1315f3" 200 2 "GET http://172.18.0.2:8080/v1/AUTH_0ba9aba32adc4e04adc8b70a76b70122/gnocchi.6c569ae8-9f49-44b9-bc8d-c3372d1315f3?format=json&states=listing" "txb5a4a29a78ca4bce8c2d4-00697901fd" "proxy-server 20" 0.0027 "-" 21 0
Jan 27 18:20:45 standalone proxy-server[129066]: 172.18.0.2 172.18.0.100 27/Jan/2026/18/20/45 GET /v1/AUTH_0ba9aba32adc4e04adc8b70a76b70122/gnocchi.6c569ae8-9f49-44b9-bc8d-c3372d1315f3%3Fformat%3Djson%26states%3Dlisting HTTP/1.0 200 - python-swiftclient-3.11.1 gAAAAABpeQCPbRNX... - 2 - txb5a4a29a78ca4bce8c2d4-00697901fd - 0.0199 - - 1769538045.418475628 1769538045.438347101 0
Jan 27 18:20:45 standalone container-server[126840]: 172.20.0.100 - - [27/Jan/2026:18:20:45 +0000] "HEAD /d1/690/AUTH_0ba9aba32adc4e04adc8b70a76b70122/gnocchi.95104f73-2cad-458e-9dfc-43a2912da973" 204 - "HEAD http://172.18.0.2:8080/v1/AUTH_0ba9aba32adc4e04adc8b70a76b70122/gnocchi.95104f73-2cad-458e-9dfc-43a2912da973?format=json&states=listing" "txc53cad928c26428daf376-00697901fd" "proxy-server 20" 0.0014 "-" 21 0
Jan 27 18:20:45 standalone proxy-server[129066]: - - 27/Jan/2026/18/20/45 HEAD /v1/AUTH_0ba9aba32adc4e04adc8b70a76b70122/gnocchi.95104f73-2cad-458e-9dfc-43a2912da973%3Fformat%3Djson%26states%3Dlisting HTTP/1.0 204 - Swift - - - - txc53cad928c26428daf376-00697901fd - 0.0054 RL - 1769538045.446038485 1769538045.451428652 0
Jan 27 18:20:45 standalone container-server[126848]: 172.20.0.100 - - [27/Jan/2026:18:20:45 +0000] "GET /d1/690/AUTH_0ba9aba32adc4e04adc8b70a76b70122/gnocchi.95104f73-2cad-458e-9dfc-43a2912da973" 200 2 "GET http://172.18.0.2:8080/v1/AUTH_0ba9aba32adc4e04adc8b70a76b70122/gnocchi.95104f73-2cad-458e-9dfc-43a2912da973?format=json&states=listing" "txc53cad928c26428daf376-00697901fd" "proxy-server 20" 0.0044 "-" 22 0
Jan 27 18:20:45 standalone proxy-server[129066]: 172.18.0.2 172.18.0.100 27/Jan/2026/18/20/45 GET /v1/AUTH_0ba9aba32adc4e04adc8b70a76b70122/gnocchi.95104f73-2cad-458e-9dfc-43a2912da973%3Fformat%3Djson%26states%3Dlisting HTTP/1.0 200 - python-swiftclient-3.11.1 gAAAAABpeQCPbRNX... - 2 - txc53cad928c26428daf376-00697901fd - 0.0214 - - 1769538045.444693327 1769538045.466102362 0
Jan 27 18:20:45 standalone container-server[126831]: 172.20.0.100 - - [27/Jan/2026:18:20:45 +0000] "HEAD /d1/632/AUTH_0ba9aba32adc4e04adc8b70a76b70122/gnocchi.99529d59-1d47-4009-a05b-55aecd290573" 204 - "HEAD http://172.18.0.2:8080/v1/AUTH_0ba9aba32adc4e04adc8b70a76b70122/gnocchi.99529d59-1d47-4009-a05b-55aecd290573?format=json&states=listing" "tx85d498f9015d43aca985d-00697901fd" "proxy-server 20" 0.0026 "-" 20 0
Jan 27 18:20:45 standalone proxy-server[129066]: - - 27/Jan/2026/18/20/45 HEAD /v1/AUTH_0ba9aba32adc4e04adc8b70a76b70122/gnocchi.99529d59-1d47-4009-a05b-55aecd290573%3Fformat%3Djson%26states%3Dlisting HTTP/1.0 204 - Swift - - - - tx85d498f9015d43aca985d-00697901fd - 0.0090 RL - 1769538045.475389004 1769538045.484400988 0
Jan 27 18:20:45 standalone container-server[126820]: 172.20.0.100 - - [27/Jan/2026:18:20:45 +0000] "GET /d1/632/AUTH_0ba9aba32adc4e04adc8b70a76b70122/gnocchi.99529d59-1d47-4009-a05b-55aecd290573" 200 2 "GET http://172.18.0.2:8080/v1/AUTH_0ba9aba32adc4e04adc8b70a76b70122/gnocchi.99529d59-1d47-4009-a05b-55aecd290573?format=json&states=listing" "tx85d498f9015d43aca985d-00697901fd" "proxy-server 20" 0.0039 "-" 19 0
Jan 27 18:20:45 standalone proxy-server[129066]: 172.18.0.2 172.18.0.100 27/Jan/2026/18/20/45 GET /v1/AUTH_0ba9aba32adc4e04adc8b70a76b70122/gnocchi.99529d59-1d47-4009-a05b-55aecd290573%3Fformat%3Djson%26states%3Dlisting HTTP/1.0 200 - python-swiftclient-3.11.1 gAAAAABpeQCPbRNX... - 2 - tx85d498f9015d43aca985d-00697901fd - 0.0251 - - 1769538045.473389864 1769538045.498531580 0
Jan 27 18:20:45 standalone object-server[127062]: 172.20.0.100 - - [27/Jan/2026:18:20:45 +0000] "GET /d1/589/AUTH_0ba9aba32adc4e04adc8b70a76b70122/gnocchi.6c569ae8-9f49-44b9-bc8d-c3372d1315f3/1769040000.0_mean_300.0_v3" 404 70 "GET http://172.18.0.2:8080/v1/AUTH_0ba9aba32adc4e04adc8b70a76b70122/gnocchi.6c569ae8-9f49-44b9-bc8d-c3372d1315f3/1769040000.0_mean_300.0_v3" "tx908a717744874211af8c3-00697901fd" "proxy-server 20" 0.0005 "-" 22 0
Jan 27 18:20:45 standalone proxy-server[129066]: 172.18.0.2 172.18.0.100 27/Jan/2026/18/20/45 GET /v1/AUTH_0ba9aba32adc4e04adc8b70a76b70122/gnocchi.6c569ae8-9f49-44b9-bc8d-c3372d1315f3/1769040000.0_mean_300.0_v3 HTTP/1.0 404 - python-swiftclient-3.11.1 gAAAAABpeQCPbRNX... - 70 - tx908a717744874211af8c3-00697901fd - 0.0069 - - 1769538045.505085230 1769538045.511938334 0
Jan 27 18:20:45 standalone object-server[127078]: 172.20.0.100 - - [27/Jan/2026:18:20:45 +0000] "GET /d1/190/AUTH_0ba9aba32adc4e04adc8b70a76b70122/gnocchi.95104f73-2cad-458e-9dfc-43a2912da973/1769040000.0_mean_300.0_v3" 404 70 "GET http://172.18.0.2:8080/v1/AUTH_0ba9aba32adc4e04adc8b70a76b70122/gnocchi.95104f73-2cad-458e-9dfc-43a2912da973/1769040000.0_mean_300.0_v3" "tx333f607591da470395a4a-00697901fd" "proxy-server 20" 0.0007 "-" 23 0
Jan 27 18:20:45 standalone proxy-server[129066]: 172.18.0.2 172.18.0.100 27/Jan/2026/18/20/45 GET /v1/AUTH_0ba9aba32adc4e04adc8b70a76b70122/gnocchi.95104f73-2cad-458e-9dfc-43a2912da973/1769040000.0_mean_300.0_v3 HTTP/1.0 404 - python-swiftclient-3.11.1 gAAAAABpeQCPbRNX... - 70 - tx333f607591da470395a4a-00697901fd - 0.0093 - - 1769538045.516162872 1769538045.525435209 0
Jan 27 18:20:45 standalone object-server[127062]: 172.20.0.100 - - [27/Jan/2026:18:20:45 +0000] "GET /d1/511/AUTH_0ba9aba32adc4e04adc8b70a76b70122/gnocchi.99529d59-1d47-4009-a05b-55aecd290573/1769040000.0_mean_300.0_v3" 404 70 "GET http://172.18.0.2:8080/v1/AUTH_0ba9aba32adc4e04adc8b70a76b70122/gnocchi.99529d59-1d47-4009-a05b-55aecd290573/1769040000.0_mean_300.0_v3" "tx7d196ef04a464966a87de-00697901fd" "proxy-server 20" 0.0005 "-" 22 0
Jan 27 18:20:45 standalone proxy-server[129066]: 172.18.0.2 172.18.0.100 27/Jan/2026/18/20/45 GET /v1/AUTH_0ba9aba32adc4e04adc8b70a76b70122/gnocchi.99529d59-1d47-4009-a05b-55aecd290573/1769040000.0_mean_300.0_v3 HTTP/1.0 404 - python-swiftclient-3.11.1 gAAAAABpeQCPbRNX... - 70 - tx7d196ef04a464966a87de-00697901fd - 0.0073 - - 1769538045.530590057 1769538045.537892580 0
Jan 27 18:20:45 standalone container-server[126820]: 172.20.0.100 - - [27/Jan/2026:18:20:45 +0000] "PUT /d1/422/AUTH_0ba9aba32adc4e04adc8b70a76b70122/gnocchi.6c569ae8-9f49-44b9-bc8d-c3372d1315f3/1769040000.0_mean_300.0_v3" 201 - "PUT http://172.18.0.2:8080/d1/589/AUTH_0ba9aba32adc4e04adc8b70a76b70122/gnocchi.6c569ae8-9f49-44b9-bc8d-c3372d1315f3/1769040000.0_mean_300.0_v3" "txf38fc4553d474467a0203-00697901fd" "object-server 24" 0.0007 "-" 19 0
Jan 27 18:20:45 standalone object-server[127089]: 172.20.0.100 - - [27/Jan/2026:18:20:45 +0000] "PUT /d1/589/AUTH_0ba9aba32adc4e04adc8b70a76b70122/gnocchi.6c569ae8-9f49-44b9-bc8d-c3372d1315f3/1769040000.0_mean_300.0_v3" 201 - "PUT http://172.18.0.2:8080/v1/AUTH_0ba9aba32adc4e04adc8b70a76b70122/gnocchi.6c569ae8-9f49-44b9-bc8d-c3372d1315f3/1769040000.0_mean_300.0_v3" "txf38fc4553d474467a0203-00697901fd" "proxy-server 20" 0.0097 "-" 24 0
Jan 27 18:20:45 standalone proxy-server[129066]: 172.18.0.2 172.18.0.100 27/Jan/2026/18/20/45 PUT /v1/AUTH_0ba9aba32adc4e04adc8b70a76b70122/gnocchi.6c569ae8-9f49-44b9-bc8d-c3372d1315f3/1769040000.0_mean_300.0_v3 HTTP/1.0 201 - python-swiftclient-3.11.1 gAAAAABpeQCPbRNX... 16 - - txf38fc4553d474467a0203-00697901fd - 0.0152 - - 1769538045.541561604 1769538045.556714535 0
Jan 27 18:20:45 standalone container-server[126848]: 172.20.0.100 - - [27/Jan/2026:18:20:45 +0000] "PUT /d1/690/AUTH_0ba9aba32adc4e04adc8b70a76b70122/gnocchi.95104f73-2cad-458e-9dfc-43a2912da973/1769040000.0_mean_300.0_v3" 201 - "PUT http://172.18.0.2:8080/d1/190/AUTH_0ba9aba32adc4e04adc8b70a76b70122/gnocchi.95104f73-2cad-458e-9dfc-43a2912da973/1769040000.0_mean_300.0_v3" "txa4c288b9e4d54a81aced5-00697901fd" "object-server 25" 0.0007 "-" 22 0
Jan 27 18:20:45 standalone object-server[127096]: 172.20.0.100 - - [27/Jan/2026:18:20:45 +0000] "PUT /d1/190/AUTH_0ba9aba32adc4e04adc8b70a76b70122/gnocchi.95104f73-2cad-458e-9dfc-43a2912da973/1769040000.0_mean_300.0_v3" 201 - "PUT http://172.18.0.2:8080/v1/AUTH_0ba9aba32adc4e04adc8b70a76b70122/gnocchi.95104f73-2cad-458e-9dfc-43a2912da973/1769040000.0_mean_300.0_v3" "txa4c288b9e4d54a81aced5-00697901fd" "proxy-server 20" 0.0121 "-" 25 0
Jan 27 18:20:45 standalone proxy-server[129066]: 172.18.0.2 172.18.0.100 27/Jan/2026/18/20/45 PUT /v1/AUTH_0ba9aba32adc4e04adc8b70a76b70122/gnocchi.95104f73-2cad-458e-9dfc-43a2912da973/1769040000.0_mean_300.0_v3 HTTP/1.0 201 - python-swiftclient-3.11.1 gAAAAABpeQCPbRNX... 16 - - txa4c288b9e4d54a81aced5-00697901fd - 0.0178 - - 1769538045.560547590 1769538045.578322172 0
Jan 27 18:20:45 standalone container-server[126820]: 172.20.0.100 - - [27/Jan/2026:18:20:45 +0000] "PUT /d1/632/AUTH_0ba9aba32adc4e04adc8b70a76b70122/gnocchi.99529d59-1d47-4009-a05b-55aecd290573/1769040000.0_mean_300.0_v3" 201 - "PUT http://172.18.0.2:8080/d1/511/AUTH_0ba9aba32adc4e04adc8b70a76b70122/gnocchi.99529d59-1d47-4009-a05b-55aecd290573/1769040000.0_mean_300.0_v3" "txce4bd53032d5467fb2563-00697901fd" "object-server 23" 0.0005 "-" 19 0
Jan 27 18:20:45 standalone object-server[127078]: 172.20.0.100 - - [27/Jan/2026:18:20:45 +0000] "PUT /d1/511/AUTH_0ba9aba32adc4e04adc8b70a76b70122/gnocchi.99529d59-1d47-4009-a05b-55aecd290573/1769040000.0_mean_300.0_v3" 201 - "PUT http://172.18.0.2:8080/v1/AUTH_0ba9aba32adc4e04adc8b70a76b70122/gnocchi.99529d59-1d47-4009-a05b-55aecd290573/1769040000.0_mean_300.0_v3" "txce4bd53032d5467fb2563-00697901fd" "proxy-server 20" 0.0123 "-" 23 0
Jan 27 18:20:45 standalone proxy-server[129066]: 172.18.0.2 172.18.0.100 27/Jan/2026/18/20/45 PUT /v1/AUTH_0ba9aba32adc4e04adc8b70a76b70122/gnocchi.99529d59-1d47-4009-a05b-55aecd290573/1769040000.0_mean_300.0_v3 HTTP/1.0 201 - python-swiftclient-3.11.1 gAAAAABpeQCPbRNX... 16 - - txce4bd53032d5467fb2563-00697901fd - 0.0191 - - 1769538045.581957817 1769538045.601055384 0
Jan 27 18:20:45 standalone container-server[126848]: 172.20.0.100 - - [27/Jan/2026:18:20:45 +0000] "PUT /d1/422/AUTH_0ba9aba32adc4e04adc8b70a76b70122/gnocchi.6c569ae8-9f49-44b9-bc8d-c3372d1315f3/none_v3" 201 - "PUT http://172.18.0.2:8080/d1/646/AUTH_0ba9aba32adc4e04adc8b70a76b70122/gnocchi.6c569ae8-9f49-44b9-bc8d-c3372d1315f3/none_v3" "tx513ac818207145fa8aca8-00697901fd" "object-server 25" 0.0007 "-" 22 0
Jan 27 18:20:45 standalone object-server[127096]: 172.20.0.100 - - [27/Jan/2026:18:20:45 +0000] "PUT /d1/646/AUTH_0ba9aba32adc4e04adc8b70a76b70122/gnocchi.6c569ae8-9f49-44b9-bc8d-c3372d1315f3/none_v3" 201 - "PUT http://172.18.0.2:8080/v1/AUTH_0ba9aba32adc4e04adc8b70a76b70122/gnocchi.6c569ae8-9f49-44b9-bc8d-c3372d1315f3/none_v3" "tx513ac818207145fa8aca8-00697901fd" "proxy-server 20" 0.0108 "-" 25 0
Jan 27 18:20:45 standalone proxy-server[129066]: 172.18.0.2 172.18.0.100 27/Jan/2026/18/20/45 PUT /v1/AUTH_0ba9aba32adc4e04adc8b70a76b70122/gnocchi.6c569ae8-9f49-44b9-bc8d-c3372d1315f3/none_v3 HTTP/1.0 201 - python-swiftclient-3.11.1 gAAAAABpeQCPbRNX... 22 - - tx513ac818207145fa8aca8-00697901fd - 0.0169 - - 1769538045.604854584 1769538045.621736526 0
Jan 27 18:20:45 standalone container-server[126831]: 172.20.0.100 - - [27/Jan/2026:18:20:45 +0000] "PUT /d1/690/AUTH_0ba9aba32adc4e04adc8b70a76b70122/gnocchi.95104f73-2cad-458e-9dfc-43a2912da973/none_v3" 201 - "PUT http://172.18.0.2:8080/d1/141/AUTH_0ba9aba32adc4e04adc8b70a76b70122/gnocchi.95104f73-2cad-458e-9dfc-43a2912da973/none_v3" "txf204a5cae38441c189287-00697901fd" "object-server 25" 0.0007 "-" 20 0
Jan 27 18:20:45 standalone object-server[127096]: 172.20.0.100 - - [27/Jan/2026:18:20:45 +0000] "PUT /d1/141/AUTH_0ba9aba32adc4e04adc8b70a76b70122/gnocchi.95104f73-2cad-458e-9dfc-43a2912da973/none_v3" 201 - "PUT http://172.18.0.2:8080/v1/AUTH_0ba9aba32adc4e04adc8b70a76b70122/gnocchi.95104f73-2cad-458e-9dfc-43a2912da973/none_v3" "txf204a5cae38441c189287-00697901fd" "proxy-server 20" 0.0118 "-" 25 0
Jan 27 18:20:45 standalone proxy-server[129066]: 172.18.0.2 172.18.0.100 27/Jan/2026/18/20/45 PUT /v1/AUTH_0ba9aba32adc4e04adc8b70a76b70122/gnocchi.95104f73-2cad-458e-9dfc-43a2912da973/none_v3 HTTP/1.0 201 - python-swiftclient-3.11.1 gAAAAABpeQCPbRNX... 22 - - txf204a5cae38441c189287-00697901fd - 0.0181 - - 1769538045.624923706 1769538045.643044710 0
Jan 27 18:20:45 standalone container-server[126820]: 172.20.0.100 - - [27/Jan/2026:18:20:45 +0000] "PUT /d1/632/AUTH_0ba9aba32adc4e04adc8b70a76b70122/gnocchi.99529d59-1d47-4009-a05b-55aecd290573/none_v3" 201 - "PUT http://172.18.0.2:8080/d1/888/AUTH_0ba9aba32adc4e04adc8b70a76b70122/gnocchi.99529d59-1d47-4009-a05b-55aecd290573/none_v3" "tx50c7e40f0b8244619da24-00697901fd" "object-server 22" 0.0004 "-" 19 0
Jan 27 18:20:45 standalone object-server[127062]: 172.20.0.100 - - [27/Jan/2026:18:20:45 +0000] "PUT /d1/888/AUTH_0ba9aba32adc4e04adc8b70a76b70122/gnocchi.99529d59-1d47-4009-a05b-55aecd290573/none_v3" 201 - "PUT http://172.18.0.2:8080/v1/AUTH_0ba9aba32adc4e04adc8b70a76b70122/gnocchi.99529d59-1d47-4009-a05b-55aecd290573/none_v3" "tx50c7e40f0b8244619da24-00697901fd" "proxy-server 20" 0.0087 "-" 22 0
Jan 27 18:20:45 standalone proxy-server[129066]: 172.18.0.2 172.18.0.100 27/Jan/2026/18/20/45 PUT /v1/AUTH_0ba9aba32adc4e04adc8b70a76b70122/gnocchi.99529d59-1d47-4009-a05b-55aecd290573/none_v3 HTTP/1.0 201 - python-swiftclient-3.11.1 gAAAAABpeQCPbRNX... 22 - - tx50c7e40f0b8244619da24-00697901fd - 0.0150 - - 1769538045.646531582 1769538045.661481619 0
Jan 27 18:20:45 standalone container-server[126840]: 172.20.0.100 - - [27/Jan/2026:18:20:45 +0000] "HEAD /d1/945/AUTH_0ba9aba32adc4e04adc8b70a76b70122/gnocchi.daada4fb-fdde-4a83-a7f6-51d28fa28110" 404 - "HEAD http://172.18.0.2:8080/v1/AUTH_0ba9aba32adc4e04adc8b70a76b70122/gnocchi.daada4fb-fdde-4a83-a7f6-51d28fa28110?format=json&states=listing" "tx31eafc6b1b27474196d4d-00697901fd" "proxy-server 20" 0.0019 "-" 21 0
Jan 27 18:20:45 standalone object-server[127062]: 172.20.0.100 - - [27/Jan/2026:18:20:45 +0000] "GET /d1/503/AUTH_0ba9aba32adc4e04adc8b70a76b70122/gnocchi.daada4fb-fdde-4a83-a7f6-51d28fa28110/none_v3" 404 70 "GET http://172.18.0.2:8080/v1/AUTH_0ba9aba32adc4e04adc8b70a76b70122/gnocchi.daada4fb-fdde-4a83-a7f6-51d28fa28110/none_v3" "tx31eafc6b1b27474196d4d-00697901fd" "proxy-server 20" 0.0003 "-" 22 0
Jan 27 18:20:45 standalone proxy-server[129066]: 172.18.0.2 172.18.0.100 27/Jan/2026/18/20/45 GET /v1/AUTH_0ba9aba32adc4e04adc8b70a76b70122/gnocchi.daada4fb-fdde-4a83-a7f6-51d28fa28110/none_v3 HTTP/1.0 404 - python-swiftclient-3.11.1 gAAAAABpeQCPbRNX... - 70 - tx31eafc6b1b27474196d4d-00697901fd - 0.0131 - - 1769538045.674373627 1769538045.687471151 0
Jan 27 18:20:45 standalone account-server[126762]: 172.20.0.100 - - [27/Jan/2026:18:20:45 +0000] "PUT /d1/1011/AUTH_0ba9aba32adc4e04adc8b70a76b70122/gnocchi.daada4fb-fdde-4a83-a7f6-51d28fa28110" 201 - "PUT http://172.20.0.100:6001/d1/945/AUTH_0ba9aba32adc4e04adc8b70a76b70122/gnocchi.daada4fb-fdde-4a83-a7f6-51d28fa28110" "tx49a1d0b09c204c5d834b8-00697901fd" "container-server 21" 0.0052 "-" 22 0
Jan 27 18:20:45 standalone container-server[126840]: 172.20.0.100 - - [27/Jan/2026:18:20:45 +0000] "PUT /d1/945/AUTH_0ba9aba32adc4e04adc8b70a76b70122/gnocchi.daada4fb-fdde-4a83-a7f6-51d28fa28110" 201 - "PUT http://172.18.0.2:8080/v1/AUTH_0ba9aba32adc4e04adc8b70a76b70122/gnocchi.daada4fb-fdde-4a83-a7f6-51d28fa28110" "tx49a1d0b09c204c5d834b8-00697901fd" "proxy-server 20" 0.0294 "-" 21 0
Jan 27 18:20:45 standalone proxy-server[129066]: 172.18.0.2 172.18.0.100 27/Jan/2026/18/20/45 PUT /v1/AUTH_0ba9aba32adc4e04adc8b70a76b70122/gnocchi.daada4fb-fdde-4a83-a7f6-51d28fa28110 HTTP/1.0 201 - python-swiftclient-3.11.1 gAAAAABpeQCPbRNX... - - - tx49a1d0b09c204c5d834b8-00697901fd - 0.0375 - - 1769538045.690402508 1769538045.727884531 0
Jan 27 18:20:45 standalone container-server[126831]: 172.20.0.100 - - [27/Jan/2026:18:20:45 +0000] "HEAD /d1/945/AUTH_0ba9aba32adc4e04adc8b70a76b70122/gnocchi.daada4fb-fdde-4a83-a7f6-51d28fa28110" 204 - "HEAD http://172.18.0.2:8080/v1/AUTH_0ba9aba32adc4e04adc8b70a76b70122/gnocchi.daada4fb-fdde-4a83-a7f6-51d28fa28110?format=json&states=listing" "txc463f788f4114d4b9f80c-00697901fd" "proxy-server 20" 0.0013 "-" 20 0
Jan 27 18:20:45 standalone proxy-server[129066]: - - 27/Jan/2026/18/20/45 HEAD /v1/AUTH_0ba9aba32adc4e04adc8b70a76b70122/gnocchi.daada4fb-fdde-4a83-a7f6-51d28fa28110%3Fformat%3Djson%26states%3Dlisting HTTP/1.0 204 - Swift - - - - txc463f788f4114d4b9f80c-00697901fd - 0.0050 RL - 1769538045.735387087 1769538045.740359306 0
Jan 27 18:20:45 standalone container-server[126820]: 172.20.0.100 - - [27/Jan/2026:18:20:45 +0000] "GET /d1/945/AUTH_0ba9aba32adc4e04adc8b70a76b70122/gnocchi.daada4fb-fdde-4a83-a7f6-51d28fa28110" 200 2 "GET http://172.18.0.2:8080/v1/AUTH_0ba9aba32adc4e04adc8b70a76b70122/gnocchi.daada4fb-fdde-4a83-a7f6-51d28fa28110?format=json&states=listing" "txc463f788f4114d4b9f80c-00697901fd" "proxy-server 20" 0.0037 "-" 19 0
Jan 27 18:20:45 standalone proxy-server[129066]: 172.18.0.2 172.18.0.100 27/Jan/2026/18/20/45 GET /v1/AUTH_0ba9aba32adc4e04adc8b70a76b70122/gnocchi.daada4fb-fdde-4a83-a7f6-51d28fa28110%3Fformat%3Djson%26states%3Dlisting HTTP/1.0 200 - python-swiftclient-3.11.1 gAAAAABpeQCPbRNX... - 2 - txc463f788f4114d4b9f80c-00697901fd - 0.0163 - - 1769538045.734181881 1769538045.750526428 0
Jan 27 18:20:45 standalone object-server[127089]: 172.20.0.100 - - [27/Jan/2026:18:20:45 +0000] "GET /d1/442/AUTH_0ba9aba32adc4e04adc8b70a76b70122/gnocchi.daada4fb-fdde-4a83-a7f6-51d28fa28110/1769040000.0_mean_300.0_v3" 404 70 "GET http://172.18.0.2:8080/v1/AUTH_0ba9aba32adc4e04adc8b70a76b70122/gnocchi.daada4fb-fdde-4a83-a7f6-51d28fa28110/1769040000.0_mean_300.0_v3" "txfdef0502cd274dfa91f82-00697901fd" "proxy-server 20" 0.0003 "-" 24 0
Jan 27 18:20:45 standalone proxy-server[129066]: 172.18.0.2 172.18.0.100 27/Jan/2026/18/20/45 GET /v1/AUTH_0ba9aba32adc4e04adc8b70a76b70122/gnocchi.daada4fb-fdde-4a83-a7f6-51d28fa28110/1769040000.0_mean_300.0_v3 HTTP/1.0 404 - python-swiftclient-3.11.1 gAAAAABpeQCPbRNX... - 70 - txfdef0502cd274dfa91f82-00697901fd - 0.0060 - - 1769538045.756330013 1769538045.762339115 0
Jan 27 18:20:45 standalone container-server[126840]: 172.20.0.100 - - [27/Jan/2026:18:20:45 +0000] "PUT /d1/945/AUTH_0ba9aba32adc4e04adc8b70a76b70122/gnocchi.daada4fb-fdde-4a83-a7f6-51d28fa28110/1769040000.0_mean_300.0_v3" 201 - "PUT http://172.18.0.2:8080/d1/442/AUTH_0ba9aba32adc4e04adc8b70a76b70122/gnocchi.daada4fb-fdde-4a83-a7f6-51d28fa28110/1769040000.0_mean_300.0_v3" "txcc3a56a2767740198fff2-00697901fd" "object-server 25" 0.0010 "-" 21 0
Jan 27 18:20:45 standalone object-server[127096]: 172.20.0.100 - - [27/Jan/2026:18:20:45 +0000] "PUT /d1/442/AUTH_0ba9aba32adc4e04adc8b70a76b70122/gnocchi.daada4fb-fdde-4a83-a7f6-51d28fa28110/1769040000.0_mean_300.0_v3" 201 - "PUT http://172.18.0.2:8080/v1/AUTH_0ba9aba32adc4e04adc8b70a76b70122/gnocchi.daada4fb-fdde-4a83-a7f6-51d28fa28110/1769040000.0_mean_300.0_v3" "txcc3a56a2767740198fff2-00697901fd" "proxy-server 20" 0.0121 "-" 25 0
Jan 27 18:20:45 standalone proxy-server[129066]: 172.18.0.2 172.18.0.100 27/Jan/2026/18/20/45 PUT /v1/AUTH_0ba9aba32adc4e04adc8b70a76b70122/gnocchi.daada4fb-fdde-4a83-a7f6-51d28fa28110/1769040000.0_mean_300.0_v3 HTTP/1.0 201 - python-swiftclient-3.11.1 gAAAAABpeQCPbRNX... 16 - - txcc3a56a2767740198fff2-00697901fd - 0.0177 - - 1769538045.766220570 1769538045.783965588 0
Jan 27 18:20:45 standalone container-server[126848]: 172.20.0.100 - - [27/Jan/2026:18:20:45 +0000] "PUT /d1/945/AUTH_0ba9aba32adc4e04adc8b70a76b70122/gnocchi.daada4fb-fdde-4a83-a7f6-51d28fa28110/none_v3" 201 - "PUT http://172.18.0.2:8080/d1/503/AUTH_0ba9aba32adc4e04adc8b70a76b70122/gnocchi.daada4fb-fdde-4a83-a7f6-51d28fa28110/none_v3" "txe81a56261ba84a61aab9a-00697901fd" "object-server 24" 0.0006 "-" 22 0
Jan 27 18:20:45 standalone object-server[127089]: 172.20.0.100 - - [27/Jan/2026:18:20:45 +0000] "PUT /d1/503/AUTH_0ba9aba32adc4e04adc8b70a76b70122/gnocchi.daada4fb-fdde-4a83-a7f6-51d28fa28110/none_v3" 201 - "PUT http://172.18.0.2:8080/v1/AUTH_0ba9aba32adc4e04adc8b70a76b70122/gnocchi.daada4fb-fdde-4a83-a7f6-51d28fa28110/none_v3" "txe81a56261ba84a61aab9a-00697901fd" "proxy-server 20" 0.0100 "-" 24 0
Jan 27 18:20:45 standalone proxy-server[129066]: 172.18.0.2 172.18.0.100 27/Jan/2026/18/20/45 PUT /v1/AUTH_0ba9aba32adc4e04adc8b70a76b70122/gnocchi.daada4fb-fdde-4a83-a7f6-51d28fa28110/none_v3 HTTP/1.0 201 - python-swiftclient-3.11.1 gAAAAABpeQCPbRNX... 22 - - txe81a56261ba84a61aab9a-00697901fd - 0.0152 - - 1769538045.787478924 1769538045.802642584 0
Jan 27 18:20:45 standalone container-server[126831]: 172.20.0.100 - - [27/Jan/2026:18:20:45 +0000] "HEAD /d1/10/AUTH_0ba9aba32adc4e04adc8b70a76b70122/gnocchi.71ea69b0-7abe-4607-b4d7-6fbd387eb7e5" 404 - "HEAD http://172.18.0.2:8080/v1/AUTH_0ba9aba32adc4e04adc8b70a76b70122/gnocchi.71ea69b0-7abe-4607-b4d7-6fbd387eb7e5?format=json&states=listing" "tx305b99ec44314fb4afc1f-00697901fd" "proxy-server 20" 0.0005 "-" 20 0
Jan 27 18:20:45 standalone object-server[127062]: 172.20.0.100 - - [27/Jan/2026:18:20:45 +0000] "GET /d1/513/AUTH_0ba9aba32adc4e04adc8b70a76b70122/gnocchi.71ea69b0-7abe-4607-b4d7-6fbd387eb7e5/none_v3" 404 70 "GET http://172.18.0.2:8080/v1/AUTH_0ba9aba32adc4e04adc8b70a76b70122/gnocchi.71ea69b0-7abe-4607-b4d7-6fbd387eb7e5/none_v3" "tx305b99ec44314fb4afc1f-00697901fd" "proxy-server 20" 0.0012 "-" 22 0
Jan 27 18:20:45 standalone proxy-server[129066]: 172.18.0.2 172.18.0.100 27/Jan/2026/18/20/45 GET /v1/AUTH_0ba9aba32adc4e04adc8b70a76b70122/gnocchi.71ea69b0-7abe-4607-b4d7-6fbd387eb7e5/none_v3 HTTP/1.0 404 - python-swiftclient-3.11.1 gAAAAABpeQCPbRNX... - 70 - tx305b99ec44314fb4afc1f-00697901fd - 0.0118 - - 1769538045.816135645 1769538045.827917099 0
Jan 27 18:20:45 standalone account-server[126754]: 172.20.0.100 - - [27/Jan/2026:18:20:45 +0000] "PUT /d1/1011/AUTH_0ba9aba32adc4e04adc8b70a76b70122/gnocchi.71ea69b0-7abe-4607-b4d7-6fbd387eb7e5" 201 - "PUT http://172.20.0.100:6001/d1/10/AUTH_0ba9aba32adc4e04adc8b70a76b70122/gnocchi.71ea69b0-7abe-4607-b4d7-6fbd387eb7e5" "tx2428ad0c9ed74ba1b9cfe-00697901fd" "container-server 19" 0.0043 "-" 21 0
Jan 27 18:20:45 standalone container-server[126820]: 172.20.0.100 - - [27/Jan/2026:18:20:45 +0000] "PUT /d1/10/AUTH_0ba9aba32adc4e04adc8b70a76b70122/gnocchi.71ea69b0-7abe-4607-b4d7-6fbd387eb7e5" 201 - "PUT http://172.18.0.2:8080/v1/AUTH_0ba9aba32adc4e04adc8b70a76b70122/gnocchi.71ea69b0-7abe-4607-b4d7-6fbd387eb7e5" "tx2428ad0c9ed74ba1b9cfe-00697901fd" "proxy-server 20" 0.0195 "-" 19 0
Jan 27 18:20:45 standalone proxy-server[129066]: 172.18.0.2 172.18.0.100 27/Jan/2026/18/20/45 PUT /v1/AUTH_0ba9aba32adc4e04adc8b70a76b70122/gnocchi.71ea69b0-7abe-4607-b4d7-6fbd387eb7e5 HTTP/1.0 201 - python-swiftclient-3.11.1 gAAAAABpeQCPbRNX... - - - tx2428ad0c9ed74ba1b9cfe-00697901fd - 0.0253 - - 1769538045.832646608 1769538045.857940674 0
Jan 27 18:20:45 standalone container-server[126820]: 172.20.0.100 - - [27/Jan/2026:18:20:45 +0000] "HEAD /d1/10/AUTH_0ba9aba32adc4e04adc8b70a76b70122/gnocchi.71ea69b0-7abe-4607-b4d7-6fbd387eb7e5" 204 - "HEAD http://172.18.0.2:8080/v1/AUTH_0ba9aba32adc4e04adc8b70a76b70122/gnocchi.71ea69b0-7abe-4607-b4d7-6fbd387eb7e5?format=json&states=listing" "tx32e27ed4d8f94ed2a22a7-00697901fd" "proxy-server 20" 0.0021 "-" 19 0
Jan 27 18:20:45 standalone proxy-server[129066]: - - 27/Jan/2026/18/20/45 HEAD /v1/AUTH_0ba9aba32adc4e04adc8b70a76b70122/gnocchi.71ea69b0-7abe-4607-b4d7-6fbd387eb7e5%3Fformat%3Djson%26states%3Dlisting HTTP/1.0 204 - Swift - - - - tx32e27ed4d8f94ed2a22a7-00697901fd - 0.0058 RL - 1769538045.863365173 1769538045.869125366 0
Jan 27 18:20:45 standalone container-server[126820]: 172.20.0.100 - - [27/Jan/2026:18:20:45 +0000] "GET /d1/10/AUTH_0ba9aba32adc4e04adc8b70a76b70122/gnocchi.71ea69b0-7abe-4607-b4d7-6fbd387eb7e5" 200 2 "GET http://172.18.0.2:8080/v1/AUTH_0ba9aba32adc4e04adc8b70a76b70122/gnocchi.71ea69b0-7abe-4607-b4d7-6fbd387eb7e5?format=json&states=listing" "tx32e27ed4d8f94ed2a22a7-00697901fd" "proxy-server 20" 0.0031 "-" 19 0
Jan 27 18:20:45 standalone proxy-server[129066]: 172.18.0.2 172.18.0.100 27/Jan/2026/18/20/45 GET /v1/AUTH_0ba9aba32adc4e04adc8b70a76b70122/gnocchi.71ea69b0-7abe-4607-b4d7-6fbd387eb7e5%3Fformat%3Djson%26states%3Dlisting HTTP/1.0 200 - python-swiftclient-3.11.1 gAAAAABpeQCPbRNX... - 2 - tx32e27ed4d8f94ed2a22a7-00697901fd - 0.0164 - - 1769538045.862286329 1769538045.878670454 0
Jan 27 18:20:45 standalone object-server[127096]: 172.20.0.100 - - [27/Jan/2026:18:20:45 +0000] "GET /d1/658/AUTH_0ba9aba32adc4e04adc8b70a76b70122/gnocchi.71ea69b0-7abe-4607-b4d7-6fbd387eb7e5/1769040000.0_mean_300.0_v3" 404 70 "GET http://172.18.0.2:8080/v1/AUTH_0ba9aba32adc4e04adc8b70a76b70122/gnocchi.71ea69b0-7abe-4607-b4d7-6fbd387eb7e5/1769040000.0_mean_300.0_v3" "tx47cb35400320476db2185-00697901fd" "proxy-server 20" 0.0004 "-" 25 0
Jan 27 18:20:45 standalone proxy-server[129066]: 172.18.0.2 172.18.0.100 27/Jan/2026/18/20/45 GET /v1/AUTH_0ba9aba32adc4e04adc8b70a76b70122/gnocchi.71ea69b0-7abe-4607-b4d7-6fbd387eb7e5/1769040000.0_mean_300.0_v3 HTTP/1.0 404 - python-swiftclient-3.11.1 gAAAAABpeQCPbRNX... - 70 - tx47cb35400320476db2185-00697901fd - 0.0061 - - 1769538045.882979870 1769538045.889109850 0
Jan 27 18:20:45 standalone container-server[126848]: 172.20.0.100 - - [27/Jan/2026:18:20:45 +0000] "PUT /d1/10/AUTH_0ba9aba32adc4e04adc8b70a76b70122/gnocchi.71ea69b0-7abe-4607-b4d7-6fbd387eb7e5/1769040000.0_mean_300.0_v3" 201 - "PUT http://172.18.0.2:8080/d1/658/AUTH_0ba9aba32adc4e04adc8b70a76b70122/gnocchi.71ea69b0-7abe-4607-b4d7-6fbd387eb7e5/1769040000.0_mean_300.0_v3" "txfda42e2a43fe4a479bc6c-00697901fd" "object-server 22" 0.0007 "-" 22 0
Jan 27 18:20:45 standalone object-server[127062]: 172.20.0.100 - - [27/Jan/2026:18:20:45 +0000] "PUT /d1/658/AUTH_0ba9aba32adc4e04adc8b70a76b70122/gnocchi.71ea69b0-7abe-4607-b4d7-6fbd387eb7e5/1769040000.0_mean_300.0_v3" 201 - "PUT http://172.18.0.2:8080/v1/AUTH_0ba9aba32adc4e04adc8b70a76b70122/gnocchi.71ea69b0-7abe-4607-b4d7-6fbd387eb7e5/1769040000.0_mean_300.0_v3" "txfda42e2a43fe4a479bc6c-00697901fd" "proxy-server 20" 0.0155 "-" 22 0
Jan 27 18:20:45 standalone proxy-server[129066]: 172.18.0.2 172.18.0.100 27/Jan/2026/18/20/45 PUT /v1/AUTH_0ba9aba32adc4e04adc8b70a76b70122/gnocchi.71ea69b0-7abe-4607-b4d7-6fbd387eb7e5/1769040000.0_mean_300.0_v3 HTTP/1.0 201 - python-swiftclient-3.11.1 gAAAAABpeQCPbRNX... 16 - - txfda42e2a43fe4a479bc6c-00697901fd - 0.0217 - - 1769538045.892620087 1769538045.914291859 0
Jan 27 18:20:45 standalone container-server[126820]: 172.20.0.100 - - [27/Jan/2026:18:20:45 +0000] "PUT /d1/10/AUTH_0ba9aba32adc4e04adc8b70a76b70122/gnocchi.71ea69b0-7abe-4607-b4d7-6fbd387eb7e5/none_v3" 201 - "PUT http://172.18.0.2:8080/d1/513/AUTH_0ba9aba32adc4e04adc8b70a76b70122/gnocchi.71ea69b0-7abe-4607-b4d7-6fbd387eb7e5/none_v3" "tx7cbb1579367d4dde9d678-00697901fd" "object-server 25" 0.0008 "-" 19 0
Jan 27 18:20:45 standalone object-server[127096]: 172.20.0.100 - - [27/Jan/2026:18:20:45 +0000] "PUT /d1/513/AUTH_0ba9aba32adc4e04adc8b70a76b70122/gnocchi.71ea69b0-7abe-4607-b4d7-6fbd387eb7e5/none_v3" 201 - "PUT http://172.18.0.2:8080/v1/AUTH_0ba9aba32adc4e04adc8b70a76b70122/gnocchi.71ea69b0-7abe-4607-b4d7-6fbd387eb7e5/none_v3" "tx7cbb1579367d4dde9d678-00697901fd" "proxy-server 20" 0.0118 "-" 25 0
Jan 27 18:20:45 standalone proxy-server[129066]: 172.18.0.2 172.18.0.100 27/Jan/2026/18/20/45 PUT /v1/AUTH_0ba9aba32adc4e04adc8b70a76b70122/gnocchi.71ea69b0-7abe-4607-b4d7-6fbd387eb7e5/none_v3 HTTP/1.0 201 - python-swiftclient-3.11.1 gAAAAABpeQCPbRNX... 22 - - tx7cbb1579367d4dde9d678-00697901fd - 0.0177 - - 1769538045.917494535 1769538045.935157061 0
Jan 27 18:20:45 standalone container-server[126840]: 172.20.0.100 - - [27/Jan/2026:18:20:45 +0000] "HEAD /d1/748/AUTH_0ba9aba32adc4e04adc8b70a76b70122/gnocchi.e00c89d6-b8e8-4d9b-baa3-27c9244cc18e" 404 - "HEAD http://172.18.0.2:8080/v1/AUTH_0ba9aba32adc4e04adc8b70a76b70122/gnocchi.e00c89d6-b8e8-4d9b-baa3-27c9244cc18e?format=json&states=listing" "tx25cb975cc2684ca68b75a-00697901fd" "proxy-server 20" 0.0006 "-" 21 0
Jan 27 18:20:45 standalone object-server[127078]: 172.20.0.100 - - [27/Jan/2026:18:20:45 +0000] "GET /d1/819/AUTH_0ba9aba32adc4e04adc8b70a76b70122/gnocchi.e00c89d6-b8e8-4d9b-baa3-27c9244cc18e/none_v3" 404 70 "GET http://172.18.0.2:8080/v1/AUTH_0ba9aba32adc4e04adc8b70a76b70122/gnocchi.e00c89d6-b8e8-4d9b-baa3-27c9244cc18e/none_v3" "tx25cb975cc2684ca68b75a-00697901fd" "proxy-server 20" 0.0005 "-" 23 0
Jan 27 18:20:45 standalone proxy-server[129066]: 172.18.0.2 172.18.0.100 27/Jan/2026/18/20/45 GET /v1/AUTH_0ba9aba32adc4e04adc8b70a76b70122/gnocchi.e00c89d6-b8e8-4d9b-baa3-27c9244cc18e/none_v3 HTTP/1.0 404 - python-swiftclient-3.11.1 gAAAAABpeQCPbRNX... - 70 - tx25cb975cc2684ca68b75a-00697901fd - 0.0140 - - 1769538045.950063944 1769538045.964025021 0
Jan 27 18:20:45 standalone account-server[126762]: 172.20.0.100 - - [27/Jan/2026:18:20:45 +0000] "PUT /d1/1011/AUTH_0ba9aba32adc4e04adc8b70a76b70122/gnocchi.e00c89d6-b8e8-4d9b-baa3-27c9244cc18e" 201 - "PUT http://172.20.0.100:6001/d1/748/AUTH_0ba9aba32adc4e04adc8b70a76b70122/gnocchi.e00c89d6-b8e8-4d9b-baa3-27c9244cc18e" "txb9129cb607124d0a8a425-00697901fd" "container-server 20" 0.0049 "-" 22 0
Jan 27 18:20:45 standalone container-server[126831]: 172.20.0.100 - - [27/Jan/2026:18:20:45 +0000] "PUT /d1/748/AUTH_0ba9aba32adc4e04adc8b70a76b70122/gnocchi.e00c89d6-b8e8-4d9b-baa3-27c9244cc18e" 201 - "PUT http://172.18.0.2:8080/v1/AUTH_0ba9aba32adc4e04adc8b70a76b70122/gnocchi.e00c89d6-b8e8-4d9b-baa3-27c9244cc18e" "txb9129cb607124d0a8a425-00697901fd" "proxy-server 20" 0.0184 "-" 20 0
Jan 27 18:20:45 standalone proxy-server[129066]: 172.18.0.2 172.18.0.100 27/Jan/2026/18/20/45 PUT /v1/AUTH_0ba9aba32adc4e04adc8b70a76b70122/gnocchi.e00c89d6-b8e8-4d9b-baa3-27c9244cc18e HTTP/1.0 201 - python-swiftclient-3.11.1 gAAAAABpeQCPbRNX... - - - txb9129cb607124d0a8a425-00697901fd - 0.0260 - - 1769538045.968432188 1769538045.994444847 0
Jan 27 18:20:46 standalone container-server[126831]: 172.20.0.100 - - [27/Jan/2026:18:20:46 +0000] "HEAD /d1/748/AUTH_0ba9aba32adc4e04adc8b70a76b70122/gnocchi.e00c89d6-b8e8-4d9b-baa3-27c9244cc18e" 204 - "HEAD http://172.18.0.2:8080/v1/AUTH_0ba9aba32adc4e04adc8b70a76b70122/gnocchi.e00c89d6-b8e8-4d9b-baa3-27c9244cc18e?format=json&states=listing" "tx4d0b06f3c9b840b6bf1d4-00697901fd" "proxy-server 20" 0.0018 "-" 20 0
Jan 27 18:20:46 standalone proxy-server[129066]: - - 27/Jan/2026/18/20/46 HEAD /v1/AUTH_0ba9aba32adc4e04adc8b70a76b70122/gnocchi.e00c89d6-b8e8-4d9b-baa3-27c9244cc18e%3Fformat%3Djson%26states%3Dlisting HTTP/1.0 204 - Swift - - - - tx4d0b06f3c9b840b6bf1d4-00697901fd - 0.0077 RL - 1769538046.001320601 1769538046.009013653 0
Jan 27 18:20:46 standalone container-server[126820]: 172.20.0.100 - - [27/Jan/2026:18:20:46 +0000] "GET /d1/748/AUTH_0ba9aba32adc4e04adc8b70a76b70122/gnocchi.e00c89d6-b8e8-4d9b-baa3-27c9244cc18e" 200 2 "GET http://172.18.0.2:8080/v1/AUTH_0ba9aba32adc4e04adc8b70a76b70122/gnocchi.e00c89d6-b8e8-4d9b-baa3-27c9244cc18e?format=json&states=listing" "tx4d0b06f3c9b840b6bf1d4-00697901fd" "proxy-server 20" 0.0034 "-" 19 0
Jan 27 18:20:46 standalone proxy-server[129066]: 172.18.0.2 172.18.0.100 27/Jan/2026/18/20/46 GET /v1/AUTH_0ba9aba32adc4e04adc8b70a76b70122/gnocchi.e00c89d6-b8e8-4d9b-baa3-27c9244cc18e%3Fformat%3Djson%26states%3Dlisting HTTP/1.0 200 - python-swiftclient-3.11.1 gAAAAABpeQCPbRNX... - 2 - tx4d0b06f3c9b840b6bf1d4-00697901fd - 0.0216 - - 1769538045.999583721 1769538046.021169662 0
Jan 27 18:20:46 standalone object-server[127096]: 172.20.0.100 - - [27/Jan/2026:18:20:46 +0000] "GET /d1/541/AUTH_0ba9aba32adc4e04adc8b70a76b70122/gnocchi.e00c89d6-b8e8-4d9b-baa3-27c9244cc18e/1769040000.0_mean_300.0_v3" 404 70 "GET http://172.18.0.2:8080/v1/AUTH_0ba9aba32adc4e04adc8b70a76b70122/gnocchi.e00c89d6-b8e8-4d9b-baa3-27c9244cc18e/1769040000.0_mean_300.0_v3" "tx95444c8993bc492988104-00697901fe" "proxy-server 20" 0.0006 "-" 25 0
Jan 27 18:20:46 standalone proxy-server[129066]: 172.18.0.2 172.18.0.100 27/Jan/2026/18/20/46 GET /v1/AUTH_0ba9aba32adc4e04adc8b70a76b70122/gnocchi.e00c89d6-b8e8-4d9b-baa3-27c9244cc18e/1769040000.0_mean_300.0_v3 HTTP/1.0 404 - python-swiftclient-3.11.1 gAAAAABpeQCPbRNX... - 70 - tx95444c8993bc492988104-00697901fe - 0.0072 - - 1769538046.025707960 1769538046.032920361 0
Jan 27 18:20:46 standalone container-server[126820]: 172.20.0.100 - - [27/Jan/2026:18:20:46 +0000] "PUT /d1/748/AUTH_0ba9aba32adc4e04adc8b70a76b70122/gnocchi.e00c89d6-b8e8-4d9b-baa3-27c9244cc18e/1769040000.0_mean_300.0_v3" 201 - "PUT http://172.18.0.2:8080/d1/541/AUTH_0ba9aba32adc4e04adc8b70a76b70122/gnocchi.e00c89d6-b8e8-4d9b-baa3-27c9244cc18e/1769040000.0_mean_300.0_v3" "txf0fbab335e41433db9de6-00697901fe" "object-server 22" 0.0009 "-" 19 0
Jan 27 18:20:46 standalone object-server[127062]: 172.20.0.100 - - [27/Jan/2026:18:20:46 +0000] "PUT /d1/541/AUTH_0ba9aba32adc4e04adc8b70a76b70122/gnocchi.e00c89d6-b8e8-4d9b-baa3-27c9244cc18e/1769040000.0_mean_300.0_v3" 201 - "PUT http://172.18.0.2:8080/v1/AUTH_0ba9aba32adc4e04adc8b70a76b70122/gnocchi.e00c89d6-b8e8-4d9b-baa3-27c9244cc18e/1769040000.0_mean_300.0_v3" "txf0fbab335e41433db9de6-00697901fe" "proxy-server 20" 0.0115 "-" 22 0
Jan 27 18:20:46 standalone proxy-server[129066]: 172.18.0.2 172.18.0.100 27/Jan/2026/18/20/46 PUT /v1/AUTH_0ba9aba32adc4e04adc8b70a76b70122/gnocchi.e00c89d6-b8e8-4d9b-baa3-27c9244cc18e/1769040000.0_mean_300.0_v3 HTTP/1.0 201 - python-swiftclient-3.11.1 gAAAAABpeQCPbRNX... 16 - - txf0fbab335e41433db9de6-00697901fe - 0.0185 - - 1769538046.037769318 1769538046.056303263 0
Jan 27 18:20:46 standalone container-server[126848]: 172.20.0.100 - - [27/Jan/2026:18:20:46 +0000] "PUT /d1/748/AUTH_0ba9aba32adc4e04adc8b70a76b70122/gnocchi.e00c89d6-b8e8-4d9b-baa3-27c9244cc18e/none_v3" 201 - "PUT http://172.18.0.2:8080/d1/819/AUTH_0ba9aba32adc4e04adc8b70a76b70122/gnocchi.e00c89d6-b8e8-4d9b-baa3-27c9244cc18e/none_v3" "txd27f8c52d00249ec8513d-00697901fe" "object-server 25" 0.0009 "-" 22 0
Jan 27 18:20:46 standalone object-server[127096]: 172.20.0.100 - - [27/Jan/2026:18:20:46 +0000] "PUT /d1/819/AUTH_0ba9aba32adc4e04adc8b70a76b70122/gnocchi.e00c89d6-b8e8-4d9b-baa3-27c9244cc18e/none_v3" 201 - "PUT http://172.18.0.2:8080/v1/AUTH_0ba9aba32adc4e04adc8b70a76b70122/gnocchi.e00c89d6-b8e8-4d9b-baa3-27c9244cc18e/none_v3" "txd27f8c52d00249ec8513d-00697901fe" "proxy-server 20" 0.0130 "-" 25 0
Jan 27 18:20:46 standalone proxy-server[129066]: 172.18.0.2 172.18.0.100 27/Jan/2026/18/20/46 PUT /v1/AUTH_0ba9aba32adc4e04adc8b70a76b70122/gnocchi.e00c89d6-b8e8-4d9b-baa3-27c9244cc18e/none_v3 HTTP/1.0 201 - python-swiftclient-3.11.1 gAAAAABpeQCPbRNX... 22 - - txd27f8c52d00249ec8513d-00697901fe - 0.0205 - - 1769538046.059943914 1769538046.080481291 0
Jan 27 18:20:46 standalone container-server[126848]: 172.20.0.100 - - [27/Jan/2026:18:20:46 +0000] "HEAD /d1/759/AUTH_0ba9aba32adc4e04adc8b70a76b70122/gnocchi.ae6b96bc-5021-4231-8bae-c3ddac0b96d8" 404 - "HEAD http://172.18.0.2:8080/v1/AUTH_0ba9aba32adc4e04adc8b70a76b70122/gnocchi.ae6b96bc-5021-4231-8bae-c3ddac0b96d8?format=json&states=listing" "txee0a4afa758740e295419-00697901fe" "proxy-server 20" 0.0007 "-" 22 0
Jan 27 18:20:46 standalone object-server[127096]: 172.20.0.100 - - [27/Jan/2026:18:20:46 +0000] "GET /d1/596/AUTH_0ba9aba32adc4e04adc8b70a76b70122/gnocchi.ae6b96bc-5021-4231-8bae-c3ddac0b96d8/none_v3" 404 70 "GET http://172.18.0.2:8080/v1/AUTH_0ba9aba32adc4e04adc8b70a76b70122/gnocchi.ae6b96bc-5021-4231-8bae-c3ddac0b96d8/none_v3" "txee0a4afa758740e295419-00697901fe" "proxy-server 20" 0.0005 "-" 25 0
Jan 27 18:20:46 standalone proxy-server[129066]: 172.18.0.2 172.18.0.100 27/Jan/2026/18/20/46 GET /v1/AUTH_0ba9aba32adc4e04adc8b70a76b70122/gnocchi.ae6b96bc-5021-4231-8bae-c3ddac0b96d8/none_v3 HTTP/1.0 404 - python-swiftclient-3.11.1 gAAAAABpeQCPbRNX... - 70 - txee0a4afa758740e295419-00697901fe - 0.0140 - - 1769538046.095129967 1769538046.109177351 0
Jan 27 18:20:46 standalone account-server[126751]: 172.20.0.100 - - [27/Jan/2026:18:20:46 +0000] "PUT /d1/1011/AUTH_0ba9aba32adc4e04adc8b70a76b70122/gnocchi.ae6b96bc-5021-4231-8bae-c3ddac0b96d8" 201 - "PUT http://172.20.0.100:6001/d1/759/AUTH_0ba9aba32adc4e04adc8b70a76b70122/gnocchi.ae6b96bc-5021-4231-8bae-c3ddac0b96d8" "txf62d2ec5be714bf588a9d-00697901fe" "container-server 22" 0.0068 "-" 20 0
Jan 27 18:20:46 standalone container-server[126848]: 172.20.0.100 - - [27/Jan/2026:18:20:46 +0000] "PUT /d1/759/AUTH_0ba9aba32adc4e04adc8b70a76b70122/gnocchi.ae6b96bc-5021-4231-8bae-c3ddac0b96d8" 201 - "PUT http://172.18.0.2:8080/v1/AUTH_0ba9aba32adc4e04adc8b70a76b70122/gnocchi.ae6b96bc-5021-4231-8bae-c3ddac0b96d8" "txf62d2ec5be714bf588a9d-00697901fe" "proxy-server 20" 0.0215 "-" 22 0
Jan 27 18:20:46 standalone proxy-server[129066]: 172.18.0.2 172.18.0.100 27/Jan/2026/18/20/46 PUT /v1/AUTH_0ba9aba32adc4e04adc8b70a76b70122/gnocchi.ae6b96bc-5021-4231-8bae-c3ddac0b96d8 HTTP/1.0 201 - python-swiftclient-3.11.1 gAAAAABpeQCPbRNX... - - - txf62d2ec5be714bf588a9d-00697901fe - 0.0279 - - 1769538046.113426447 1769538046.141372919 0
Jan 27 18:20:46 standalone container-server[126820]: 172.20.0.100 - - [27/Jan/2026:18:20:46 +0000] "HEAD /d1/759/AUTH_0ba9aba32adc4e04adc8b70a76b70122/gnocchi.ae6b96bc-5021-4231-8bae-c3ddac0b96d8" 204 - "HEAD http://172.18.0.2:8080/v1/AUTH_0ba9aba32adc4e04adc8b70a76b70122/gnocchi.ae6b96bc-5021-4231-8bae-c3ddac0b96d8?format=json&states=listing" "tx623f2908ae8e445894895-00697901fe" "proxy-server 20" 0.0023 "-" 19 0
Jan 27 18:20:46 standalone proxy-server[129066]: - - 27/Jan/2026/18/20/46 HEAD /v1/AUTH_0ba9aba32adc4e04adc8b70a76b70122/gnocchi.ae6b96bc-5021-4231-8bae-c3ddac0b96d8%3Fformat%3Djson%26states%3Dlisting HTTP/1.0 204 - Swift - - - - tx623f2908ae8e445894895-00697901fe - 0.0099 RL - 1769538046.147748947 1769538046.157622099 0
Jan 27 18:20:46 standalone container-server[126840]: 172.20.0.100 - - [27/Jan/2026:18:20:46 +0000] "GET /d1/759/AUTH_0ba9aba32adc4e04adc8b70a76b70122/gnocchi.ae6b96bc-5021-4231-8bae-c3ddac0b96d8" 200 2 "GET http://172.18.0.2:8080/v1/AUTH_0ba9aba32adc4e04adc8b70a76b70122/gnocchi.ae6b96bc-5021-4231-8bae-c3ddac0b96d8?format=json&states=listing" "tx623f2908ae8e445894895-00697901fe" "proxy-server 20" 0.0038 "-" 21 0
Jan 27 18:20:46 standalone proxy-server[129066]: 172.18.0.2 172.18.0.100 27/Jan/2026/18/20/46 GET /v1/AUTH_0ba9aba32adc4e04adc8b70a76b70122/gnocchi.ae6b96bc-5021-4231-8bae-c3ddac0b96d8%3Fformat%3Djson%26states%3Dlisting HTTP/1.0 200 - python-swiftclient-3.11.1 gAAAAABpeQCPbRNX... - 2 - tx623f2908ae8e445894895-00697901fe - 0.0251 - - 1769538046.146618128 1769538046.171729565 0
Jan 27 18:20:46 standalone object-server[127089]: 172.20.0.100 - - [27/Jan/2026:18:20:46 +0000] "GET /d1/237/AUTH_0ba9aba32adc4e04adc8b70a76b70122/gnocchi.ae6b96bc-5021-4231-8bae-c3ddac0b96d8/1769040000.0_mean_300.0_v3" 404 70 "GET http://172.18.0.2:8080/v1/AUTH_0ba9aba32adc4e04adc8b70a76b70122/gnocchi.ae6b96bc-5021-4231-8bae-c3ddac0b96d8/1769040000.0_mean_300.0_v3" "tx6a9ea7fcce6a45328b486-00697901fe" "proxy-server 20" 0.0005 "-" 24 0
Jan 27 18:20:46 standalone proxy-server[129066]: 172.18.0.2 172.18.0.100 27/Jan/2026/18/20/46 GET /v1/AUTH_0ba9aba32adc4e04adc8b70a76b70122/gnocchi.ae6b96bc-5021-4231-8bae-c3ddac0b96d8/1769040000.0_mean_300.0_v3 HTTP/1.0 404 - python-swiftclient-3.11.1 gAAAAABpeQCPbRNX... - 70 - tx6a9ea7fcce6a45328b486-00697901fe - 0.0091 - - 1769538046.177943230 1769538046.187077522 0
Jan 27 18:20:46 standalone container-server[126848]: 172.20.0.100 - - [27/Jan/2026:18:20:46 +0000] "PUT /d1/759/AUTH_0ba9aba32adc4e04adc8b70a76b70122/gnocchi.ae6b96bc-5021-4231-8bae-c3ddac0b96d8/1769040000.0_mean_300.0_v3" 201 - "PUT http://172.18.0.2:8080/d1/237/AUTH_0ba9aba32adc4e04adc8b70a76b70122/gnocchi.ae6b96bc-5021-4231-8bae-c3ddac0b96d8/1769040000.0_mean_300.0_v3" "tx81c197a510644c6396583-00697901fe" "object-server 25" 0.0009 "-" 22 0
Jan 27 18:20:46 standalone object-server[127096]: 172.20.0.100 - - [27/Jan/2026:18:20:46 +0000] "PUT /d1/237/AUTH_0ba9aba32adc4e04adc8b70a76b70122/gnocchi.ae6b96bc-5021-4231-8bae-c3ddac0b96d8/1769040000.0_mean_300.0_v3" 201 - "PUT http://172.18.0.2:8080/v1/AUTH_0ba9aba32adc4e04adc8b70a76b70122/gnocchi.ae6b96bc-5021-4231-8bae-c3ddac0b96d8/1769040000.0_mean_300.0_v3" "tx81c197a510644c6396583-00697901fe" "proxy-server 20" 0.0136 "-" 25 0
Jan 27 18:20:46 standalone proxy-server[129066]: 172.18.0.2 172.18.0.100 27/Jan/2026/18/20/46 PUT /v1/AUTH_0ba9aba32adc4e04adc8b70a76b70122/gnocchi.ae6b96bc-5021-4231-8bae-c3ddac0b96d8/1769040000.0_mean_300.0_v3 HTTP/1.0 201 - python-swiftclient-3.11.1 gAAAAABpeQCPbRNX... 16 - - tx81c197a510644c6396583-00697901fe - 0.0220 - - 1769538046.191888571 1769538046.213889599 0
Jan 27 18:20:46 standalone container-server[126848]: 172.20.0.100 - - [27/Jan/2026:18:20:46 +0000] "PUT /d1/759/AUTH_0ba9aba32adc4e04adc8b70a76b70122/gnocchi.ae6b96bc-5021-4231-8bae-c3ddac0b96d8/none_v3" 201 - "PUT http://172.18.0.2:8080/d1/596/AUTH_0ba9aba32adc4e04adc8b70a76b70122/gnocchi.ae6b96bc-5021-4231-8bae-c3ddac0b96d8/none_v3" "tx9c09991f306f4de5b53cb-00697901fe" "object-server 22" 0.0009 "-" 22 0
