Jan 27 18:16:30 standalone proxy-server[129066]: 172.18.0.2 172.18.0.100 27/Jan/2026/18/16/30 PUT /v1/AUTH_0ba9aba32adc4e04adc8b70a76b70122/gnocchi.854c8c63-59ec-4f10-bcec-08badd845a21/none_v3 HTTP/1.0 201 - python-swiftclient-3.11.1 gAAAAABpeQCPbRNX... 22 - - txad2535e614984097a092f-00697900fe - 0.0238 - - 1769537790.267379761 1769537790.291133165 0
Jan 27 18:16:31 standalone object-server[127078]: 172.20.0.100 - - [27/Jan/2026:18:16:31 +0000] "GET /d1/833/AUTH_0ba9aba32adc4e04adc8b70a76b70122/gnocchi.854c8c63-59ec-4f10-bcec-08badd845a21/none_v3" 200 22 "GET http://172.18.0.2:8080/v1/AUTH_0ba9aba32adc4e04adc8b70a76b70122/gnocchi.854c8c63-59ec-4f10-bcec-08badd845a21/none_v3" "tx5c5805f75d454a7bb1c15-00697900ff" "proxy-server 20" 0.0013 "-" 23 0
Jan 27 18:16:31 standalone proxy-server[129066]: 172.18.0.2 172.18.0.100 27/Jan/2026/18/16/31 GET /v1/AUTH_0ba9aba32adc4e04adc8b70a76b70122/gnocchi.854c8c63-59ec-4f10-bcec-08badd845a21/none_v3 HTTP/1.0 200 - python-swiftclient-3.11.1 gAAAAABpeQCPbRNX... - 22 - tx5c5805f75d454a7bb1c15-00697900ff - 0.0086 - - 1769537791.127945900 1769537791.136508226 0
Jan 27 18:16:31 standalone container-server[126848]: 172.20.0.100 - - [27/Jan/2026:18:16:31 +0000] "GET /d1/583/AUTH_0ba9aba32adc4e04adc8b70a76b70122/gnocchi.854c8c63-59ec-4f10-bcec-08badd845a21" 200 357 "GET http://172.18.0.2:8080/v1/AUTH_0ba9aba32adc4e04adc8b70a76b70122/gnocchi.854c8c63-59ec-4f10-bcec-08badd845a21?format=json&states=listing" "txd99876c48ad24ff9b4658-00697900ff" "proxy-server 20" 0.0101 "-" 22 0
Jan 27 18:16:31 standalone proxy-server[129066]: 172.18.0.2 172.18.0.100 27/Jan/2026/18/16/31 GET /v1/AUTH_0ba9aba32adc4e04adc8b70a76b70122/gnocchi.854c8c63-59ec-4f10-bcec-08badd845a21%3Fformat%3Djson%26states%3Dlisting HTTP/1.0 200 - python-swiftclient-3.11.1 gAAAAABpeQCPbRNX... - 357 - txd99876c48ad24ff9b4658-00697900ff - 0.0176 - - 1769537791.140916824 1769537791.158483505 0
Jan 27 18:16:31 standalone container-server[126848]: 172.20.0.100 - - [27/Jan/2026:18:16:31 +0000] "GET /d1/583/AUTH_0ba9aba32adc4e04adc8b70a76b70122/gnocchi.854c8c63-59ec-4f10-bcec-08badd845a21" 200 2 "GET http://172.18.0.2:8080/v1/AUTH_0ba9aba32adc4e04adc8b70a76b70122/gnocchi.854c8c63-59ec-4f10-bcec-08badd845a21?format=json&marker=none_v3&states=listing" "tx1f1f8ef0e2b04f5a9f4fd-00697900ff" "proxy-server 20" 0.0025 "-" 22 0
Jan 27 18:16:31 standalone proxy-server[129066]: 172.18.0.2 172.18.0.100 27/Jan/2026/18/16/31 GET /v1/AUTH_0ba9aba32adc4e04adc8b70a76b70122/gnocchi.854c8c63-59ec-4f10-bcec-08badd845a21%3Fformat%3Djson%26marker%3Dnone_v3%26states%3Dlisting HTTP/1.0 200 - python-swiftclient-3.11.1 gAAAAABpeQCPbRNX... - 2 - tx1f1f8ef0e2b04f5a9f4fd-00697900ff - 0.0083 - - 1769537791.161826372 1769537791.170124292 0
Jan 27 18:16:31 standalone object-server[127078]: 172.20.0.100 - - [27/Jan/2026:18:16:31 +0000] "GET /d1/545/AUTH_0ba9aba32adc4e04adc8b70a76b70122/gnocchi.854c8c63-59ec-4f10-bcec-08badd845a21/1769040000.0_mean_300.0_v3" 200 16 "GET http://172.18.0.2:8080/v1/AUTH_0ba9aba32adc4e04adc8b70a76b70122/gnocchi.854c8c63-59ec-4f10-bcec-08badd845a21/1769040000.0_mean_300.0_v3" "tx0cfa81ed85134354a0d86-00697900ff" "proxy-server 20" 0.0011 "-" 23 0
Jan 27 18:16:31 standalone proxy-server[129066]: 172.18.0.2 172.18.0.100 27/Jan/2026/18/16/31 GET /v1/AUTH_0ba9aba32adc4e04adc8b70a76b70122/gnocchi.854c8c63-59ec-4f10-bcec-08badd845a21/1769040000.0_mean_300.0_v3 HTTP/1.0 200 - python-swiftclient-3.11.1 gAAAAABpeQCPbRNX... - 16 - tx0cfa81ed85134354a0d86-00697900ff - 0.0089 - - 1769537791.174364090 1769537791.183261633 0
Jan 27 18:16:31 standalone container-server[126831]: 172.20.0.100 - - [27/Jan/2026:18:16:31 +0000] "PUT /d1/583/AUTH_0ba9aba32adc4e04adc8b70a76b70122/gnocchi.854c8c63-59ec-4f10-bcec-08badd845a21/1769040000.0_mean_300.0_v3" 201 - "PUT http://172.18.0.2:8080/d1/545/AUTH_0ba9aba32adc4e04adc8b70a76b70122/gnocchi.854c8c63-59ec-4f10-bcec-08badd845a21/1769040000.0_mean_300.0_v3" "txcacb732ec4524f1195f11-00697900ff" "object-server 24" 0.0007 "-" 20 0
Jan 27 18:16:31 standalone object-server[127089]: 172.20.0.100 - - [27/Jan/2026:18:16:31 +0000] "PUT /d1/545/AUTH_0ba9aba32adc4e04adc8b70a76b70122/gnocchi.854c8c63-59ec-4f10-bcec-08badd845a21/1769040000.0_mean_300.0_v3" 201 - "PUT http://172.18.0.2:8080/v1/AUTH_0ba9aba32adc4e04adc8b70a76b70122/gnocchi.854c8c63-59ec-4f10-bcec-08badd845a21/1769040000.0_mean_300.0_v3" "txcacb732ec4524f1195f11-00697900ff" "proxy-server 20" 0.0108 "-" 24 0
Jan 27 18:16:31 standalone proxy-server[129066]: 172.18.0.2 172.18.0.100 27/Jan/2026/18/16/31 PUT /v1/AUTH_0ba9aba32adc4e04adc8b70a76b70122/gnocchi.854c8c63-59ec-4f10-bcec-08badd845a21/1769040000.0_mean_300.0_v3 HTTP/1.0 201 - python-swiftclient-3.11.1 gAAAAABpeQCPbRNX... 16 - - txcacb732ec4524f1195f11-00697900ff - 0.0178 - - 1769537791.187226534 1769537791.204997301 0
Jan 27 18:16:31 standalone container-server[126820]: 172.20.0.100 - - [27/Jan/2026:18:16:31 +0000] "PUT /d1/583/AUTH_0ba9aba32adc4e04adc8b70a76b70122/gnocchi.854c8c63-59ec-4f10-bcec-08badd845a21/none_v3" 201 - "PUT http://172.18.0.2:8080/d1/833/AUTH_0ba9aba32adc4e04adc8b70a76b70122/gnocchi.854c8c63-59ec-4f10-bcec-08badd845a21/none_v3" "tx414790f982d74f279aa0a-00697900ff" "object-server 22" 0.0006 "-" 19 0
Jan 27 18:16:31 standalone object-server[127062]: 172.20.0.100 - - [27/Jan/2026:18:16:31 +0000] "PUT /d1/833/AUTH_0ba9aba32adc4e04adc8b70a76b70122/gnocchi.854c8c63-59ec-4f10-bcec-08badd845a21/none_v3" 201 - "PUT http://172.18.0.2:8080/v1/AUTH_0ba9aba32adc4e04adc8b70a76b70122/gnocchi.854c8c63-59ec-4f10-bcec-08badd845a21/none_v3" "tx414790f982d74f279aa0a-00697900ff" "proxy-server 20" 0.0115 "-" 22 0
Jan 27 18:16:31 standalone proxy-server[129066]: 172.18.0.2 172.18.0.100 27/Jan/2026/18/16/31 PUT /v1/AUTH_0ba9aba32adc4e04adc8b70a76b70122/gnocchi.854c8c63-59ec-4f10-bcec-08badd845a21/none_v3 HTTP/1.0 201 - python-swiftclient-3.11.1 gAAAAABpeQCPbRNX... 31 - - tx414790f982d74f279aa0a-00697900ff - 0.0187 - - 1769537791.209041595 1769537791.227703810 0
Jan 27 18:16:40 standalone object-server[127078]: 172.20.0.100 - - [27/Jan/2026:18:16:40 +0000] "GET /d1/258/AUTH_0ba9aba32adc4e04adc8b70a76b70122/gnocchi.0562003c-1f40-4a23-9574-b5b43eb1bf9d/none_v3" 200 32 "GET http://172.18.0.2:8080/v1/AUTH_0ba9aba32adc4e04adc8b70a76b70122/gnocchi.0562003c-1f40-4a23-9574-b5b43eb1bf9d/none_v3" "tx309c4d590f4e4a339cdcc-0069790108" "proxy-server 20" 0.0012 "-" 23 0
Jan 27 18:16:40 standalone proxy-server[129066]: 172.18.0.2 172.18.0.100 27/Jan/2026/18/16/40 GET /v1/AUTH_0ba9aba32adc4e04adc8b70a76b70122/gnocchi.0562003c-1f40-4a23-9574-b5b43eb1bf9d/none_v3 HTTP/1.0 200 - python-swiftclient-3.11.1 gAAAAABpeQCPbRNX... - 32 - tx309c4d590f4e4a339cdcc-0069790108 - 0.0091 - - 1769537800.294280529 1769537800.303411961 0
Jan 27 18:16:40 standalone container-server[126820]: 172.20.0.100 - - [27/Jan/2026:18:16:40 +0000] "GET /d1/732/AUTH_0ba9aba32adc4e04adc8b70a76b70122/gnocchi.0562003c-1f40-4a23-9574-b5b43eb1bf9d" 200 357 "GET http://172.18.0.2:8080/v1/AUTH_0ba9aba32adc4e04adc8b70a76b70122/gnocchi.0562003c-1f40-4a23-9574-b5b43eb1bf9d?format=json&states=listing" "tx4b88c7152e4d40f285944-0069790108" "proxy-server 20" 0.0105 "-" 19 0
Jan 27 18:16:40 standalone proxy-server[129066]: 172.18.0.2 172.18.0.100 27/Jan/2026/18/16/40 GET /v1/AUTH_0ba9aba32adc4e04adc8b70a76b70122/gnocchi.0562003c-1f40-4a23-9574-b5b43eb1bf9d%3Fformat%3Djson%26states%3Dlisting HTTP/1.0 200 - python-swiftclient-3.11.1 gAAAAABpeQCPbRNX... - 357 - tx4b88c7152e4d40f285944-0069790108 - 0.0207 - - 1769537800.308434486 1769537800.329143047 0
Jan 27 18:16:40 standalone container-server[126840]: 172.20.0.100 - - [27/Jan/2026:18:16:40 +0000] "GET /d1/732/AUTH_0ba9aba32adc4e04adc8b70a76b70122/gnocchi.0562003c-1f40-4a23-9574-b5b43eb1bf9d" 200 2 "GET http://172.18.0.2:8080/v1/AUTH_0ba9aba32adc4e04adc8b70a76b70122/gnocchi.0562003c-1f40-4a23-9574-b5b43eb1bf9d?format=json&marker=none_v3&states=listing" "tx14bfc3e339664adfaade6-0069790108" "proxy-server 20" 0.0018 "-" 21 0
Jan 27 18:16:40 standalone proxy-server[129066]: 172.18.0.2 172.18.0.100 27/Jan/2026/18/16/40 GET /v1/AUTH_0ba9aba32adc4e04adc8b70a76b70122/gnocchi.0562003c-1f40-4a23-9574-b5b43eb1bf9d%3Fformat%3Djson%26marker%3Dnone_v3%26states%3Dlisting HTTP/1.0 200 - python-swiftclient-3.11.1 gAAAAABpeQCPbRNX... - 2 - tx14bfc3e339664adfaade6-0069790108 - 0.0086 - - 1769537800.333143950 1769537800.341778517 0
Jan 27 18:16:40 standalone object-server[127062]: 172.20.0.100 - - [27/Jan/2026:18:16:40 +0000] "GET /d1/277/AUTH_0ba9aba32adc4e04adc8b70a76b70122/gnocchi.0562003c-1f40-4a23-9574-b5b43eb1bf9d/1769040000.0_mean_300.0_v3" 200 16 "GET http://172.18.0.2:8080/v1/AUTH_0ba9aba32adc4e04adc8b70a76b70122/gnocchi.0562003c-1f40-4a23-9574-b5b43eb1bf9d/1769040000.0_mean_300.0_v3" "txb3833aa966ff4c998b40a-0069790108" "proxy-server 20" 0.0008 "-" 22 0
Jan 27 18:16:40 standalone proxy-server[129066]: 172.18.0.2 172.18.0.100 27/Jan/2026/18/16/40 GET /v1/AUTH_0ba9aba32adc4e04adc8b70a76b70122/gnocchi.0562003c-1f40-4a23-9574-b5b43eb1bf9d/1769040000.0_mean_300.0_v3 HTTP/1.0 200 - python-swiftclient-3.11.1 gAAAAABpeQCPbRNX... - 16 - txb3833aa966ff4c998b40a-0069790108 - 0.0102 - - 1769537800.346887827 1769537800.357072830 0
Jan 27 18:16:40 standalone container-server[126831]: 172.20.0.100 - - [27/Jan/2026:18:16:40 +0000] "PUT /d1/732/AUTH_0ba9aba32adc4e04adc8b70a76b70122/gnocchi.0562003c-1f40-4a23-9574-b5b43eb1bf9d/1769040000.0_mean_300.0_v3" 201 - "PUT http://172.18.0.2:8080/d1/277/AUTH_0ba9aba32adc4e04adc8b70a76b70122/gnocchi.0562003c-1f40-4a23-9574-b5b43eb1bf9d/1769040000.0_mean_300.0_v3" "tx7b8b2fa5f91b4ea893396-0069790108" "object-server 25" 0.0009 "-" 20 0
Jan 27 18:16:40 standalone object-server[127096]: 172.20.0.100 - - [27/Jan/2026:18:16:40 +0000] "PUT /d1/277/AUTH_0ba9aba32adc4e04adc8b70a76b70122/gnocchi.0562003c-1f40-4a23-9574-b5b43eb1bf9d/1769040000.0_mean_300.0_v3" 201 - "PUT http://172.18.0.2:8080/v1/AUTH_0ba9aba32adc4e04adc8b70a76b70122/gnocchi.0562003c-1f40-4a23-9574-b5b43eb1bf9d/1769040000.0_mean_300.0_v3" "tx7b8b2fa5f91b4ea893396-0069790108" "proxy-server 20" 0.0207 "-" 25 0
Jan 27 18:16:40 standalone proxy-server[129066]: 172.18.0.2 172.18.0.100 27/Jan/2026/18/16/40 PUT /v1/AUTH_0ba9aba32adc4e04adc8b70a76b70122/gnocchi.0562003c-1f40-4a23-9574-b5b43eb1bf9d/1769040000.0_mean_300.0_v3 HTTP/1.0 201 - python-swiftclient-3.11.1 gAAAAABpeQCPbRNX... 16 - - tx7b8b2fa5f91b4ea893396-0069790108 - 0.0284 - - 1769537800.362041235 1769537800.390424490 0
Jan 27 18:16:40 standalone container-server[126831]: 172.20.0.100 - - [27/Jan/2026:18:16:40 +0000] "PUT /d1/732/AUTH_0ba9aba32adc4e04adc8b70a76b70122/gnocchi.0562003c-1f40-4a23-9574-b5b43eb1bf9d/none_v3" 201 - "PUT http://172.18.0.2:8080/d1/258/AUTH_0ba9aba32adc4e04adc8b70a76b70122/gnocchi.0562003c-1f40-4a23-9574-b5b43eb1bf9d/none_v3" "tx6af0c95cd99b44c98c6c6-0069790108" "object-server 25" 0.0008 "-" 20 0
Jan 27 18:16:40 standalone object-server[127096]: 172.20.0.100 - - [27/Jan/2026:18:16:40 +0000] "PUT /d1/258/AUTH_0ba9aba32adc4e04adc8b70a76b70122/gnocchi.0562003c-1f40-4a23-9574-b5b43eb1bf9d/none_v3" 201 - "PUT http://172.18.0.2:8080/v1/AUTH_0ba9aba32adc4e04adc8b70a76b70122/gnocchi.0562003c-1f40-4a23-9574-b5b43eb1bf9d/none_v3" "tx6af0c95cd99b44c98c6c6-0069790108" "proxy-server 20" 0.0268 "-" 25 0
Jan 27 18:16:40 standalone proxy-server[129066]: 172.18.0.2 172.18.0.100 27/Jan/2026/18/16/40 PUT /v1/AUTH_0ba9aba32adc4e04adc8b70a76b70122/gnocchi.0562003c-1f40-4a23-9574-b5b43eb1bf9d/none_v3 HTTP/1.0 201 - python-swiftclient-3.11.1 gAAAAABpeQCPbRNX... 46 - - tx6af0c95cd99b44c98c6c6-0069790108 - 0.0348 - - 1769537800.394512415 1769537800.429301023 0
Jan 27 18:16:41 standalone object-server[127078]: 172.20.0.100 - - [27/Jan/2026:18:16:41 +0000] "GET /d1/258/AUTH_0ba9aba32adc4e04adc8b70a76b70122/gnocchi.0562003c-1f40-4a23-9574-b5b43eb1bf9d/none_v3" 200 46 "GET http://172.18.0.2:8080/v1/AUTH_0ba9aba32adc4e04adc8b70a76b70122/gnocchi.0562003c-1f40-4a23-9574-b5b43eb1bf9d/none_v3" "tx2dc4011f08c2400a8accf-0069790109" "proxy-server 20" 0.0010 "-" 23 0
Jan 27 18:16:41 standalone proxy-server[129066]: 172.18.0.2 172.18.0.100 27/Jan/2026/18/16/41 GET /v1/AUTH_0ba9aba32adc4e04adc8b70a76b70122/gnocchi.0562003c-1f40-4a23-9574-b5b43eb1bf9d/none_v3 HTTP/1.0 200 - python-swiftclient-3.11.1 gAAAAABpeQCPbRNX... - 46 - tx2dc4011f08c2400a8accf-0069790109 - 0.0065 - - 1769537801.293580055 1769537801.300086737 0
Jan 27 18:16:41 standalone container-server[126831]: 172.20.0.100 - - [27/Jan/2026:18:16:41 +0000] "GET /d1/732/AUTH_0ba9aba32adc4e04adc8b70a76b70122/gnocchi.0562003c-1f40-4a23-9574-b5b43eb1bf9d" 200 357 "GET http://172.18.0.2:8080/v1/AUTH_0ba9aba32adc4e04adc8b70a76b70122/gnocchi.0562003c-1f40-4a23-9574-b5b43eb1bf9d?format=json&states=listing" "tx1e92a14f9be342a2b1bc8-0069790109" "proxy-server 20" 0.0198 "-" 20 0
Jan 27 18:16:41 standalone proxy-server[129066]: 172.18.0.2 172.18.0.100 27/Jan/2026/18/16/41 GET /v1/AUTH_0ba9aba32adc4e04adc8b70a76b70122/gnocchi.0562003c-1f40-4a23-9574-b5b43eb1bf9d%3Fformat%3Djson%26states%3Dlisting HTTP/1.0 200 - python-swiftclient-3.11.1 gAAAAABpeQCPbRNX... - 357 - tx1e92a14f9be342a2b1bc8-0069790109 - 0.0288 - - 1769537801.314327002 1769537801.343157053 0
Jan 27 18:16:41 standalone container-server[126848]: 172.20.0.100 - - [27/Jan/2026:18:16:41 +0000] "GET /d1/732/AUTH_0ba9aba32adc4e04adc8b70a76b70122/gnocchi.0562003c-1f40-4a23-9574-b5b43eb1bf9d" 200 2 "GET http://172.18.0.2:8080/v1/AUTH_0ba9aba32adc4e04adc8b70a76b70122/gnocchi.0562003c-1f40-4a23-9574-b5b43eb1bf9d?format=json&marker=none_v3&states=listing" "tx49073560a43f42739ea8b-0069790109" "proxy-server 20" 0.0025 "-" 22 0
Jan 27 18:16:41 standalone proxy-server[129066]: 172.18.0.2 172.18.0.100 27/Jan/2026/18/16/41 GET /v1/AUTH_0ba9aba32adc4e04adc8b70a76b70122/gnocchi.0562003c-1f40-4a23-9574-b5b43eb1bf9d%3Fformat%3Djson%26marker%3Dnone_v3%26states%3Dlisting HTTP/1.0 200 - python-swiftclient-3.11.1 gAAAAABpeQCPbRNX... - 2 - tx49073560a43f42739ea8b-0069790109 - 0.0093 - - 1769537801.346678734 1769537801.355940104 0
Jan 27 18:16:41 standalone object-server[127062]: 172.20.0.100 - - [27/Jan/2026:18:16:41 +0000] "GET /d1/277/AUTH_0ba9aba32adc4e04adc8b70a76b70122/gnocchi.0562003c-1f40-4a23-9574-b5b43eb1bf9d/1769040000.0_mean_300.0_v3" 200 16 "GET http://172.18.0.2:8080/v1/AUTH_0ba9aba32adc4e04adc8b70a76b70122/gnocchi.0562003c-1f40-4a23-9574-b5b43eb1bf9d/1769040000.0_mean_300.0_v3" "txabf0db333ddc4477b3180-0069790109" "proxy-server 20" 0.0006 "-" 22 0
Jan 27 18:16:41 standalone proxy-server[129066]: 172.18.0.2 172.18.0.100 27/Jan/2026/18/16/41 GET /v1/AUTH_0ba9aba32adc4e04adc8b70a76b70122/gnocchi.0562003c-1f40-4a23-9574-b5b43eb1bf9d/1769040000.0_mean_300.0_v3 HTTP/1.0 200 - python-swiftclient-3.11.1 gAAAAABpeQCPbRNX... - 16 - txabf0db333ddc4477b3180-0069790109 - 0.0053 - - 1769537801.358890295 1769537801.364227533 0
Jan 27 18:16:41 standalone container-server[126820]: 172.20.0.100 - - [27/Jan/2026:18:16:41 +0000] "PUT /d1/732/AUTH_0ba9aba32adc4e04adc8b70a76b70122/gnocchi.0562003c-1f40-4a23-9574-b5b43eb1bf9d/1769040000.0_mean_300.0_v3" 201 - "PUT http://172.18.0.2:8080/d1/277/AUTH_0ba9aba32adc4e04adc8b70a76b70122/gnocchi.0562003c-1f40-4a23-9574-b5b43eb1bf9d/1769040000.0_mean_300.0_v3" "tx35b6c7315b6e4428b305e-0069790109" "object-server 24" 0.0010 "-" 19 0
Jan 27 18:16:41 standalone object-server[127089]: 172.20.0.100 - - [27/Jan/2026:18:16:41 +0000] "PUT /d1/277/AUTH_0ba9aba32adc4e04adc8b70a76b70122/gnocchi.0562003c-1f40-4a23-9574-b5b43eb1bf9d/1769040000.0_mean_300.0_v3" 201 - "PUT http://172.18.0.2:8080/v1/AUTH_0ba9aba32adc4e04adc8b70a76b70122/gnocchi.0562003c-1f40-4a23-9574-b5b43eb1bf9d/1769040000.0_mean_300.0_v3" "tx35b6c7315b6e4428b305e-0069790109" "proxy-server 20" 0.0126 "-" 24 0
Jan 27 18:16:41 standalone proxy-server[129066]: 172.18.0.2 172.18.0.100 27/Jan/2026/18/16/41 PUT /v1/AUTH_0ba9aba32adc4e04adc8b70a76b70122/gnocchi.0562003c-1f40-4a23-9574-b5b43eb1bf9d/1769040000.0_mean_300.0_v3 HTTP/1.0 201 - python-swiftclient-3.11.1 gAAAAABpeQCPbRNX... 16 - - tx35b6c7315b6e4428b305e-0069790109 - 0.0219 - - 1769537801.369480848 1769537801.391332865 0
Jan 27 18:16:41 standalone container-server[126848]: 172.20.0.100 - - [27/Jan/2026:18:16:41 +0000] "PUT /d1/732/AUTH_0ba9aba32adc4e04adc8b70a76b70122/gnocchi.0562003c-1f40-4a23-9574-b5b43eb1bf9d/none_v3" 201 - "PUT http://172.18.0.2:8080/d1/258/AUTH_0ba9aba32adc4e04adc8b70a76b70122/gnocchi.0562003c-1f40-4a23-9574-b5b43eb1bf9d/none_v3" "tx045585df628a4add801a2-0069790109" "object-server 22" 0.0007 "-" 22 0
Jan 27 18:16:41 standalone object-server[127062]: 172.20.0.100 - - [27/Jan/2026:18:16:41 +0000] "PUT /d1/258/AUTH_0ba9aba32adc4e04adc8b70a76b70122/gnocchi.0562003c-1f40-4a23-9574-b5b43eb1bf9d/none_v3" 201 - "PUT http://172.18.0.2:8080/v1/AUTH_0ba9aba32adc4e04adc8b70a76b70122/gnocchi.0562003c-1f40-4a23-9574-b5b43eb1bf9d/none_v3" "tx045585df628a4add801a2-0069790109" "proxy-server 20" 0.0091 "-" 22 0
Jan 27 18:16:41 standalone proxy-server[129066]: 172.18.0.2 172.18.0.100 27/Jan/2026/18/16/41 PUT /v1/AUTH_0ba9aba32adc4e04adc8b70a76b70122/gnocchi.0562003c-1f40-4a23-9574-b5b43eb1bf9d/none_v3 HTTP/1.0 201 - python-swiftclient-3.11.1 gAAAAABpeQCPbRNX... 51 - - tx045585df628a4add801a2-0069790109 - 0.0132 - - 1769537801.397994757 1769537801.411178589 0
Jan 27 18:16:41 standalone object-server[127096]: 172.20.0.100 - - [27/Jan/2026:18:16:41 +0000] "GET /d1/583/AUTH_0ba9aba32adc4e04adc8b70a76b70122/gnocchi.d4fa8954-f2fc-4781-be5a-75e6f36e25f1/none_v3" 200 22 "GET http://172.18.0.2:8080/v1/AUTH_0ba9aba32adc4e04adc8b70a76b70122/gnocchi.d4fa8954-f2fc-4781-be5a-75e6f36e25f1/none_v3" "tx347c99225a024ffe8ff10-0069790109" "proxy-server 20" 0.0014 "-" 25 0
Jan 27 18:16:41 standalone proxy-server[129066]: 172.18.0.2 172.18.0.100 27/Jan/2026/18/16/41 GET /v1/AUTH_0ba9aba32adc4e04adc8b70a76b70122/gnocchi.d4fa8954-f2fc-4781-be5a-75e6f36e25f1/none_v3 HTTP/1.0 200 - python-swiftclient-3.11.1 gAAAAABpeQCPbRNX... - 22 - tx347c99225a024ffe8ff10-0069790109 - 0.0067 - - 1769537801.424666405 1769537801.431339264 0
Jan 27 18:16:41 standalone container-server[126848]: 172.20.0.100 - - [27/Jan/2026:18:16:41 +0000] "GET /d1/754/AUTH_0ba9aba32adc4e04adc8b70a76b70122/gnocchi.d4fa8954-f2fc-4781-be5a-75e6f36e25f1" 200 357 "GET http://172.18.0.2:8080/v1/AUTH_0ba9aba32adc4e04adc8b70a76b70122/gnocchi.d4fa8954-f2fc-4781-be5a-75e6f36e25f1?format=json&states=listing" "txd2d5bef63a0a4b00b5a86-0069790109" "proxy-server 20" 0.0133 "-" 22 0
Jan 27 18:16:41 standalone proxy-server[129066]: 172.18.0.2 172.18.0.100 27/Jan/2026/18/16/41 GET /v1/AUTH_0ba9aba32adc4e04adc8b70a76b70122/gnocchi.d4fa8954-f2fc-4781-be5a-75e6f36e25f1%3Fformat%3Djson%26states%3Dlisting HTTP/1.0 200 - python-swiftclient-3.11.1 gAAAAABpeQCPbRNX... - 357 - txd2d5bef63a0a4b00b5a86-0069790109 - 0.0179 - - 1769537801.434657812 1769537801.452527046 0
Jan 27 18:16:41 standalone container-server[126840]: 172.20.0.100 - - [27/Jan/2026:18:16:41 +0000] "GET /d1/754/AUTH_0ba9aba32adc4e04adc8b70a76b70122/gnocchi.d4fa8954-f2fc-4781-be5a-75e6f36e25f1" 200 2 "GET http://172.18.0.2:8080/v1/AUTH_0ba9aba32adc4e04adc8b70a76b70122/gnocchi.d4fa8954-f2fc-4781-be5a-75e6f36e25f1?format=json&marker=none_v3&states=listing" "tx622aa8d347d84ef19c18f-0069790109" "proxy-server 20" 0.0026 "-" 21 0
Jan 27 18:16:41 standalone proxy-server[129066]: 172.18.0.2 172.18.0.100 27/Jan/2026/18/16/41 GET /v1/AUTH_0ba9aba32adc4e04adc8b70a76b70122/gnocchi.d4fa8954-f2fc-4781-be5a-75e6f36e25f1%3Fformat%3Djson%26marker%3Dnone_v3%26states%3Dlisting HTTP/1.0 200 - python-swiftclient-3.11.1 gAAAAABpeQCPbRNX... - 2 - tx622aa8d347d84ef19c18f-0069790109 - 0.0069 - - 1769537801.455755472 1769537801.462642670 0
Jan 27 18:16:41 standalone object-server[127089]: 172.20.0.100 - - [27/Jan/2026:18:16:41 +0000] "GET /d1/1000/AUTH_0ba9aba32adc4e04adc8b70a76b70122/gnocchi.d4fa8954-f2fc-4781-be5a-75e6f36e25f1/1769040000.0_mean_300.0_v3" 200 16 "GET http://172.18.0.2:8080/v1/AUTH_0ba9aba32adc4e04adc8b70a76b70122/gnocchi.d4fa8954-f2fc-4781-be5a-75e6f36e25f1/1769040000.0_mean_300.0_v3" "txf885d0cec6e04cd39cbf0-0069790109" "proxy-server 20" 0.0010 "-" 24 0
Jan 27 18:16:41 standalone proxy-server[129066]: 172.18.0.2 172.18.0.100 27/Jan/2026/18/16/41 GET /v1/AUTH_0ba9aba32adc4e04adc8b70a76b70122/gnocchi.d4fa8954-f2fc-4781-be5a-75e6f36e25f1/1769040000.0_mean_300.0_v3 HTTP/1.0 200 - python-swiftclient-3.11.1 gAAAAABpeQCPbRNX... - 16 - txf885d0cec6e04cd39cbf0-0069790109 - 0.0056 - - 1769537801.465792179 1769537801.471404314 0
Jan 27 18:16:41 standalone container-server[126848]: 172.20.0.100 - - [27/Jan/2026:18:16:41 +0000] "PUT /d1/754/AUTH_0ba9aba32adc4e04adc8b70a76b70122/gnocchi.d4fa8954-f2fc-4781-be5a-75e6f36e25f1/1769040000.0_mean_300.0_v3" 201 - "PUT http://172.18.0.2:8080/d1/1000/AUTH_0ba9aba32adc4e04adc8b70a76b70122/gnocchi.d4fa8954-f2fc-4781-be5a-75e6f36e25f1/1769040000.0_mean_300.0_v3" "tx13a54d3619d647d8b95e6-0069790109" "object-server 25" 0.0005 "-" 22 0
Jan 27 18:16:41 standalone object-server[127096]: 172.20.0.100 - - [27/Jan/2026:18:16:41 +0000] "PUT /d1/1000/AUTH_0ba9aba32adc4e04adc8b70a76b70122/gnocchi.d4fa8954-f2fc-4781-be5a-75e6f36e25f1/1769040000.0_mean_300.0_v3" 201 - "PUT http://172.18.0.2:8080/v1/AUTH_0ba9aba32adc4e04adc8b70a76b70122/gnocchi.d4fa8954-f2fc-4781-be5a-75e6f36e25f1/1769040000.0_mean_300.0_v3" "tx13a54d3619d647d8b95e6-0069790109" "proxy-server 20" 0.0092 "-" 25 0
Jan 27 18:16:41 standalone proxy-server[129066]: 172.18.0.2 172.18.0.100 27/Jan/2026/18/16/41 PUT /v1/AUTH_0ba9aba32adc4e04adc8b70a76b70122/gnocchi.d4fa8954-f2fc-4781-be5a-75e6f36e25f1/1769040000.0_mean_300.0_v3 HTTP/1.0 201 - python-swiftclient-3.11.1 gAAAAABpeQCPbRNX... 16 - - tx13a54d3619d647d8b95e6-0069790109 - 0.0134 - - 1769537801.474274158 1769537801.487709284 0
Jan 27 18:16:41 standalone container-server[126820]: 172.20.0.100 - - [27/Jan/2026:18:16:41 +0000] "PUT /d1/754/AUTH_0ba9aba32adc4e04adc8b70a76b70122/gnocchi.d4fa8954-f2fc-4781-be5a-75e6f36e25f1/none_v3" 201 - "PUT http://172.18.0.2:8080/d1/583/AUTH_0ba9aba32adc4e04adc8b70a76b70122/gnocchi.d4fa8954-f2fc-4781-be5a-75e6f36e25f1/none_v3" "txc588184fd16d42ccac877-0069790109" "object-server 22" 0.0006 "-" 19 0
Jan 27 18:16:41 standalone object-server[127062]: 172.20.0.100 - - [27/Jan/2026:18:16:41 +0000] "PUT /d1/583/AUTH_0ba9aba32adc4e04adc8b70a76b70122/gnocchi.d4fa8954-f2fc-4781-be5a-75e6f36e25f1/none_v3" 201 - "PUT http://172.18.0.2:8080/v1/AUTH_0ba9aba32adc4e04adc8b70a76b70122/gnocchi.d4fa8954-f2fc-4781-be5a-75e6f36e25f1/none_v3" "txc588184fd16d42ccac877-0069790109" "proxy-server 20" 0.0083 "-" 22 0
Jan 27 18:16:41 standalone proxy-server[129066]: 172.18.0.2 172.18.0.100 27/Jan/2026/18/16/41 PUT /v1/AUTH_0ba9aba32adc4e04adc8b70a76b70122/gnocchi.d4fa8954-f2fc-4781-be5a-75e6f36e25f1/none_v3 HTTP/1.0 201 - python-swiftclient-3.11.1 gAAAAABpeQCPbRNX... 32 - - txc588184fd16d42ccac877-0069790109 - 0.0121 - - 1769537801.490561962 1769537801.502631426 0
Jan 27 18:16:41 standalone object-server[127078]: 172.20.0.100 - - [27/Jan/2026:18:16:41 +0000] "GET /d1/482/AUTH_0ba9aba32adc4e04adc8b70a76b70122/gnocchi.88831b9f-a59c-4af6-b727-ec5b6960e0c4/none_v3" 200 22 "GET http://172.18.0.2:8080/v1/AUTH_0ba9aba32adc4e04adc8b70a76b70122/gnocchi.88831b9f-a59c-4af6-b727-ec5b6960e0c4/none_v3" "tx1d33576d65444214aaca3-0069790109" "proxy-server 20" 0.0013 "-" 23 0
Jan 27 18:16:41 standalone proxy-server[129066]: 172.18.0.2 172.18.0.100 27/Jan/2026/18/16/41 GET /v1/AUTH_0ba9aba32adc4e04adc8b70a76b70122/gnocchi.88831b9f-a59c-4af6-b727-ec5b6960e0c4/none_v3 HTTP/1.0 200 - python-swiftclient-3.11.1 gAAAAABpeQCPbRNX... - 22 - tx1d33576d65444214aaca3-0069790109 - 0.0099 - - 1769537801.512551785 1769537801.522442818 0
Jan 27 18:16:41 standalone container-server[126848]: 172.20.0.100 - - [27/Jan/2026:18:16:41 +0000] "GET /d1/166/AUTH_0ba9aba32adc4e04adc8b70a76b70122/gnocchi.88831b9f-a59c-4af6-b727-ec5b6960e0c4" 200 357 "GET http://172.18.0.2:8080/v1/AUTH_0ba9aba32adc4e04adc8b70a76b70122/gnocchi.88831b9f-a59c-4af6-b727-ec5b6960e0c4?format=json&states=listing" "tx5aa6796c62564fa0bc9a6-0069790109" "proxy-server 20" 0.0077 "-" 22 0
Jan 27 18:16:41 standalone proxy-server[129066]: 172.18.0.2 172.18.0.100 27/Jan/2026/18/16/41 GET /v1/AUTH_0ba9aba32adc4e04adc8b70a76b70122/gnocchi.88831b9f-a59c-4af6-b727-ec5b6960e0c4%3Fformat%3Djson%26states%3Dlisting HTTP/1.0 200 - python-swiftclient-3.11.1 gAAAAABpeQCPbRNX... - 357 - tx5aa6796c62564fa0bc9a6-0069790109 - 0.0165 - - 1769537801.526241064 1769537801.542751789 0
Jan 27 18:16:41 standalone container-server[126820]: 172.20.0.100 - - [27/Jan/2026:18:16:41 +0000] "GET /d1/166/AUTH_0ba9aba32adc4e04adc8b70a76b70122/gnocchi.88831b9f-a59c-4af6-b727-ec5b6960e0c4" 200 2 "GET http://172.18.0.2:8080/v1/AUTH_0ba9aba32adc4e04adc8b70a76b70122/gnocchi.88831b9f-a59c-4af6-b727-ec5b6960e0c4?format=json&marker=none_v3&states=listing" "txefd99f6d070b472387586-0069790109" "proxy-server 20" 0.0049 "-" 19 0
Jan 27 18:16:41 standalone proxy-server[129066]: 172.18.0.2 172.18.0.100 27/Jan/2026/18/16/41 GET /v1/AUTH_0ba9aba32adc4e04adc8b70a76b70122/gnocchi.88831b9f-a59c-4af6-b727-ec5b6960e0c4%3Fformat%3Djson%26marker%3Dnone_v3%26states%3Dlisting HTTP/1.0 200 - python-swiftclient-3.11.1 gAAAAABpeQCPbRNX... - 2 - txefd99f6d070b472387586-0069790109 - 0.0120 - - 1769537801.546377182 1769537801.558340549 0
Jan 27 18:16:41 standalone object-server[127089]: 172.20.0.100 - - [27/Jan/2026:18:16:41 +0000] "GET /d1/152/AUTH_0ba9aba32adc4e04adc8b70a76b70122/gnocchi.88831b9f-a59c-4af6-b727-ec5b6960e0c4/1769040000.0_mean_300.0_v3" 200 16 "GET http://172.18.0.2:8080/v1/AUTH_0ba9aba32adc4e04adc8b70a76b70122/gnocchi.88831b9f-a59c-4af6-b727-ec5b6960e0c4/1769040000.0_mean_300.0_v3" "txe66a28711eab40779c57f-0069790109" "proxy-server 20" 0.0006 "-" 24 0
Jan 27 18:16:41 standalone proxy-server[129066]: 172.18.0.2 172.18.0.100 27/Jan/2026/18/16/41 GET /v1/AUTH_0ba9aba32adc4e04adc8b70a76b70122/gnocchi.88831b9f-a59c-4af6-b727-ec5b6960e0c4/1769040000.0_mean_300.0_v3 HTTP/1.0 200 - python-swiftclient-3.11.1 gAAAAABpeQCPbRNX... - 16 - txe66a28711eab40779c57f-0069790109 - 0.0057 - - 1769537801.563249588 1769537801.568995476 0
Jan 27 18:16:41 standalone container-server[126820]: 172.20.0.100 - - [27/Jan/2026:18:16:41 +0000] "PUT /d1/166/AUTH_0ba9aba32adc4e04adc8b70a76b70122/gnocchi.88831b9f-a59c-4af6-b727-ec5b6960e0c4/1769040000.0_mean_300.0_v3" 201 - "PUT http://172.18.0.2:8080/d1/152/AUTH_0ba9aba32adc4e04adc8b70a76b70122/gnocchi.88831b9f-a59c-4af6-b727-ec5b6960e0c4/1769040000.0_mean_300.0_v3" "tx8188f742f3064bfb8fecb-0069790109" "object-server 24" 0.0008 "-" 19 0
Jan 27 18:16:41 standalone object-server[127089]: 172.20.0.100 - - [27/Jan/2026:18:16:41 +0000] "PUT /d1/152/AUTH_0ba9aba32adc4e04adc8b70a76b70122/gnocchi.88831b9f-a59c-4af6-b727-ec5b6960e0c4/1769040000.0_mean_300.0_v3" 201 - "PUT http://172.18.0.2:8080/v1/AUTH_0ba9aba32adc4e04adc8b70a76b70122/gnocchi.88831b9f-a59c-4af6-b727-ec5b6960e0c4/1769040000.0_mean_300.0_v3" "tx8188f742f3064bfb8fecb-0069790109" "proxy-server 20" 0.0095 "-" 24 0
Jan 27 18:16:41 standalone proxy-server[129066]: 172.18.0.2 172.18.0.100 27/Jan/2026/18/16/41 PUT /v1/AUTH_0ba9aba32adc4e04adc8b70a76b70122/gnocchi.88831b9f-a59c-4af6-b727-ec5b6960e0c4/1769040000.0_mean_300.0_v3 HTTP/1.0 201 - python-swiftclient-3.11.1 gAAAAABpeQCPbRNX... 16 - - tx8188f742f3064bfb8fecb-0069790109 - 0.0139 - - 1769537801.575868845 1769537801.589796305 0
Jan 27 18:16:41 standalone container-server[126840]: 172.20.0.100 - - [27/Jan/2026:18:16:41 +0000] "PUT /d1/166/AUTH_0ba9aba32adc4e04adc8b70a76b70122/gnocchi.88831b9f-a59c-4af6-b727-ec5b6960e0c4/none_v3" 201 - "PUT http://172.18.0.2:8080/d1/482/AUTH_0ba9aba32adc4e04adc8b70a76b70122/gnocchi.88831b9f-a59c-4af6-b727-ec5b6960e0c4/none_v3" "tx86f6dc9e736f46c691616-0069790109" "object-server 23" 0.0009 "-" 21 0
Jan 27 18:16:41 standalone object-server[127078]: 172.20.0.100 - - [27/Jan/2026:18:16:41 +0000] "PUT /d1/482/AUTH_0ba9aba32adc4e04adc8b70a76b70122/gnocchi.88831b9f-a59c-4af6-b727-ec5b6960e0c4/none_v3" 201 - "PUT http://172.18.0.2:8080/v1/AUTH_0ba9aba32adc4e04adc8b70a76b70122/gnocchi.88831b9f-a59c-4af6-b727-ec5b6960e0c4/none_v3" "tx86f6dc9e736f46c691616-0069790109" "proxy-server 20" 0.0146 "-" 23 0
Jan 27 18:16:41 standalone proxy-server[129066]: 172.18.0.2 172.18.0.100 27/Jan/2026/18/16/41 PUT /v1/AUTH_0ba9aba32adc4e04adc8b70a76b70122/gnocchi.88831b9f-a59c-4af6-b727-ec5b6960e0c4/none_v3 HTTP/1.0 201 - python-swiftclient-3.11.1 gAAAAABpeQCPbRNX... 32 - - tx86f6dc9e736f46c691616-0069790109 - 0.0216 - - 1769537801.594670773 1769537801.616297245 0
Jan 27 18:16:41 standalone object-server[127096]: 172.20.0.100 - - [27/Jan/2026:18:16:41 +0000] "GET /d1/290/AUTH_0ba9aba32adc4e04adc8b70a76b70122/gnocchi.7774b1c9-4966-40af-8f06-7ef8c5e7fa63/none_v3" 200 22 "GET http://172.18.0.2:8080/v1/AUTH_0ba9aba32adc4e04adc8b70a76b70122/gnocchi.7774b1c9-4966-40af-8f06-7ef8c5e7fa63/none_v3" "tx410b779c6fe14132b0354-0069790109" "proxy-server 20" 0.0012 "-" 25 0
Jan 27 18:16:41 standalone proxy-server[129066]: 172.18.0.2 172.18.0.100 27/Jan/2026/18/16/41 GET /v1/AUTH_0ba9aba32adc4e04adc8b70a76b70122/gnocchi.7774b1c9-4966-40af-8f06-7ef8c5e7fa63/none_v3 HTTP/1.0 200 - python-swiftclient-3.11.1 gAAAAABpeQCPbRNX... - 22 - tx410b779c6fe14132b0354-0069790109 - 0.0090 - - 1769537801.633830070 1769537801.642846107 0
Jan 27 18:16:41 standalone container-server[126831]: 172.20.0.100 - - [27/Jan/2026:18:16:41 +0000] "GET /d1/456/AUTH_0ba9aba32adc4e04adc8b70a76b70122/gnocchi.7774b1c9-4966-40af-8f06-7ef8c5e7fa63" 200 357 "GET http://172.18.0.2:8080/v1/AUTH_0ba9aba32adc4e04adc8b70a76b70122/gnocchi.7774b1c9-4966-40af-8f06-7ef8c5e7fa63?format=json&states=listing" "txe209a382b3914317affa7-0069790109" "proxy-server 20" 0.0079 "-" 20 0
Jan 27 18:16:41 standalone proxy-server[129066]: 172.18.0.2 172.18.0.100 27/Jan/2026/18/16/41 GET /v1/AUTH_0ba9aba32adc4e04adc8b70a76b70122/gnocchi.7774b1c9-4966-40af-8f06-7ef8c5e7fa63%3Fformat%3Djson%26states%3Dlisting HTTP/1.0 200 - python-swiftclient-3.11.1 gAAAAABpeQCPbRNX... - 357 - txe209a382b3914317affa7-0069790109 - 0.0141 - - 1769537801.648535490 1769537801.662682295 0
Jan 27 18:16:41 standalone container-server[126840]: 172.20.0.100 - - [27/Jan/2026:18:16:41 +0000] "GET /d1/456/AUTH_0ba9aba32adc4e04adc8b70a76b70122/gnocchi.7774b1c9-4966-40af-8f06-7ef8c5e7fa63" 200 2 "GET http://172.18.0.2:8080/v1/AUTH_0ba9aba32adc4e04adc8b70a76b70122/gnocchi.7774b1c9-4966-40af-8f06-7ef8c5e7fa63?format=json&marker=none_v3&states=listing" "txf733fd1bd25042f3ae33b-0069790109" "proxy-server 20" 0.0036 "-" 21 0
Jan 27 18:16:41 standalone proxy-server[129066]: 172.18.0.2 172.18.0.100 27/Jan/2026/18/16/41 GET /v1/AUTH_0ba9aba32adc4e04adc8b70a76b70122/gnocchi.7774b1c9-4966-40af-8f06-7ef8c5e7fa63%3Fformat%3Djson%26marker%3Dnone_v3%26states%3Dlisting HTTP/1.0 200 - python-swiftclient-3.11.1 gAAAAABpeQCPbRNX... - 2 - txf733fd1bd25042f3ae33b-0069790109 - 0.0106 - - 1769537801.666703939 1769537801.677311897 0
Jan 27 18:16:41 standalone object-server[127078]: 172.20.0.100 - - [27/Jan/2026:18:16:41 +0000] "GET /d1/206/AUTH_0ba9aba32adc4e04adc8b70a76b70122/gnocchi.7774b1c9-4966-40af-8f06-7ef8c5e7fa63/1769040000.0_mean_300.0_v3" 200 16 "GET http://172.18.0.2:8080/v1/AUTH_0ba9aba32adc4e04adc8b70a76b70122/gnocchi.7774b1c9-4966-40af-8f06-7ef8c5e7fa63/1769040000.0_mean_300.0_v3" "tx12d535e4dfb3458382a47-0069790109" "proxy-server 20" 0.0009 "-" 23 0
Jan 27 18:16:41 standalone proxy-server[129066]: 172.18.0.2 172.18.0.100 27/Jan/2026/18/16/41 GET /v1/AUTH_0ba9aba32adc4e04adc8b70a76b70122/gnocchi.7774b1c9-4966-40af-8f06-7ef8c5e7fa63/1769040000.0_mean_300.0_v3 HTTP/1.0 200 - python-swiftclient-3.11.1 gAAAAABpeQCPbRNX... - 16 - tx12d535e4dfb3458382a47-0069790109 - 0.0070 - - 1769537801.683865070 1769537801.690907955 0
Jan 27 18:16:41 standalone container-server[126820]: 172.20.0.100 - - [27/Jan/2026:18:16:41 +0000] "PUT /d1/456/AUTH_0ba9aba32adc4e04adc8b70a76b70122/gnocchi.7774b1c9-4966-40af-8f06-7ef8c5e7fa63/1769040000.0_mean_300.0_v3" 201 - "PUT http://172.18.0.2:8080/d1/206/AUTH_0ba9aba32adc4e04adc8b70a76b70122/gnocchi.7774b1c9-4966-40af-8f06-7ef8c5e7fa63/1769040000.0_mean_300.0_v3" "tx414dbaabac184f9aaf2d4-0069790109" "object-server 25" 0.0008 "-" 19 0
Jan 27 18:16:41 standalone object-server[127096]: 172.20.0.100 - - [27/Jan/2026:18:16:41 +0000] "PUT /d1/206/AUTH_0ba9aba32adc4e04adc8b70a76b70122/gnocchi.7774b1c9-4966-40af-8f06-7ef8c5e7fa63/1769040000.0_mean_300.0_v3" 201 - "PUT http://172.18.0.2:8080/v1/AUTH_0ba9aba32adc4e04adc8b70a76b70122/gnocchi.7774b1c9-4966-40af-8f06-7ef8c5e7fa63/1769040000.0_mean_300.0_v3" "tx414dbaabac184f9aaf2d4-0069790109" "proxy-server 20" 0.0124 "-" 25 0
Jan 27 18:16:41 standalone proxy-server[129066]: 172.18.0.2 172.18.0.100 27/Jan/2026/18/16/41 PUT /v1/AUTH_0ba9aba32adc4e04adc8b70a76b70122/gnocchi.7774b1c9-4966-40af-8f06-7ef8c5e7fa63/1769040000.0_mean_300.0_v3 HTTP/1.0 201 - python-swiftclient-3.11.1 gAAAAABpeQCPbRNX... 16 - - tx414dbaabac184f9aaf2d4-0069790109 - 0.0193 - - 1769537801.695916891 1769537801.715261459 0
Jan 27 18:16:41 standalone container-server[126831]: 172.20.0.100 - - [27/Jan/2026:18:16:41 +0000] "PUT /d1/456/AUTH_0ba9aba32adc4e04adc8b70a76b70122/gnocchi.7774b1c9-4966-40af-8f06-7ef8c5e7fa63/none_v3" 201 - "PUT http://172.18.0.2:8080/d1/290/AUTH_0ba9aba32adc4e04adc8b70a76b70122/gnocchi.7774b1c9-4966-40af-8f06-7ef8c5e7fa63/none_v3" "tx857fef32b8fd4530bfb9c-0069790109" "object-server 25" 0.0006 "-" 20 0
Jan 27 18:16:41 standalone object-server[127096]: 172.20.0.100 - - [27/Jan/2026:18:16:41 +0000] "PUT /d1/290/AUTH_0ba9aba32adc4e04adc8b70a76b70122/gnocchi.7774b1c9-4966-40af-8f06-7ef8c5e7fa63/none_v3" 201 - "PUT http://172.18.0.2:8080/v1/AUTH_0ba9aba32adc4e04adc8b70a76b70122/gnocchi.7774b1c9-4966-40af-8f06-7ef8c5e7fa63/none_v3" "tx857fef32b8fd4530bfb9c-0069790109" "proxy-server 20" 0.0106 "-" 25 0
Jan 27 18:16:41 standalone proxy-server[129066]: 172.18.0.2 172.18.0.100 27/Jan/2026/18/16/41 PUT /v1/AUTH_0ba9aba32adc4e04adc8b70a76b70122/gnocchi.7774b1c9-4966-40af-8f06-7ef8c5e7fa63/none_v3 HTTP/1.0 201 - python-swiftclient-3.11.1 gAAAAABpeQCPbRNX... 32 - - tx857fef32b8fd4530bfb9c-0069790109 - 0.0188 - - 1769537801.719877720 1769537801.738658667 0
Jan 27 18:16:41 standalone object-server[127096]: 172.20.0.100 - - [27/Jan/2026:18:16:41 +0000] "GET /d1/338/AUTH_0ba9aba32adc4e04adc8b70a76b70122/gnocchi.1fa5a454-b9b0-4800-891c-2378458da32e/none_v3" 200 22 "GET http://172.18.0.2:8080/v1/AUTH_0ba9aba32adc4e04adc8b70a76b70122/gnocchi.1fa5a454-b9b0-4800-891c-2378458da32e/none_v3" "tx68d1ee45dcd448b08eeae-0069790109" "proxy-server 20" 0.0009 "-" 25 0
Jan 27 18:16:41 standalone proxy-server[129066]: 172.18.0.2 172.18.0.100 27/Jan/2026/18/16/41 GET /v1/AUTH_0ba9aba32adc4e04adc8b70a76b70122/gnocchi.1fa5a454-b9b0-4800-891c-2378458da32e/none_v3 HTTP/1.0 200 - python-swiftclient-3.11.1 gAAAAABpeQCPbRNX... - 22 - tx68d1ee45dcd448b08eeae-0069790109 - 0.0095 - - 1769537801.753429413 1769537801.762938261 0
Jan 27 18:16:41 standalone container-server[126848]: 172.20.0.100 - - [27/Jan/2026:18:16:41 +0000] "GET /d1/312/AUTH_0ba9aba32adc4e04adc8b70a76b70122/gnocchi.1fa5a454-b9b0-4800-891c-2378458da32e" 200 357 "GET http://172.18.0.2:8080/v1/AUTH_0ba9aba32adc4e04adc8b70a76b70122/gnocchi.1fa5a454-b9b0-4800-891c-2378458da32e?format=json&states=listing" "tx0a8767adb6d84e8d8a17a-0069790109" "proxy-server 20" 0.0068 "-" 22 0
Jan 27 18:16:41 standalone proxy-server[129066]: 172.18.0.2 172.18.0.100 27/Jan/2026/18/16/41 GET /v1/AUTH_0ba9aba32adc4e04adc8b70a76b70122/gnocchi.1fa5a454-b9b0-4800-891c-2378458da32e%3Fformat%3Djson%26states%3Dlisting HTTP/1.0 200 - python-swiftclient-3.11.1 gAAAAABpeQCPbRNX... - 357 - tx0a8767adb6d84e8d8a17a-0069790109 - 0.0152 - - 1769537801.769117355 1769537801.784274340 0
Jan 27 18:16:41 standalone container-server[126848]: 172.20.0.100 - - [27/Jan/2026:18:16:41 +0000] "GET /d1/312/AUTH_0ba9aba32adc4e04adc8b70a76b70122/gnocchi.1fa5a454-b9b0-4800-891c-2378458da32e" 200 2 "GET http://172.18.0.2:8080/v1/AUTH_0ba9aba32adc4e04adc8b70a76b70122/gnocchi.1fa5a454-b9b0-4800-891c-2378458da32e?format=json&marker=none_v3&states=listing" "tx45a3bf9d00b240248f1fe-0069790109" "proxy-server 20" 0.0019 "-" 22 0
Jan 27 18:16:41 standalone proxy-server[129066]: 172.18.0.2 172.18.0.100 27/Jan/2026/18/16/41 GET /v1/AUTH_0ba9aba32adc4e04adc8b70a76b70122/gnocchi.1fa5a454-b9b0-4800-891c-2378458da32e%3Fformat%3Djson%26marker%3Dnone_v3%26states%3Dlisting HTTP/1.0 200 - python-swiftclient-3.11.1 gAAAAABpeQCPbRNX... - 2 - tx45a3bf9d00b240248f1fe-0069790109 - 0.0096 - - 1769537801.788842440 1769537801.798460007 0
Jan 27 18:16:41 standalone object-server[127062]: 172.20.0.100 - - [27/Jan/2026:18:16:41 +0000] "GET /d1/578/AUTH_0ba9aba32adc4e04adc8b70a76b70122/gnocchi.1fa5a454-b9b0-4800-891c-2378458da32e/1769040000.0_mean_300.0_v3" 200 16 "GET http://172.18.0.2:8080/v1/AUTH_0ba9aba32adc4e04adc8b70a76b70122/gnocchi.1fa5a454-b9b0-4800-891c-2378458da32e/1769040000.0_mean_300.0_v3" "tx6feecbbb07e4479896c27-0069790109" "proxy-server 20" 0.0011 "-" 22 0
Jan 27 18:16:41 standalone proxy-server[129066]: 172.18.0.2 172.18.0.100 27/Jan/2026/18/16/41 GET /v1/AUTH_0ba9aba32adc4e04adc8b70a76b70122/gnocchi.1fa5a454-b9b0-4800-891c-2378458da32e/1769040000.0_mean_300.0_v3 HTTP/1.0 200 - python-swiftclient-3.11.1 gAAAAABpeQCPbRNX... - 16 - tx6feecbbb07e4479896c27-0069790109 - 0.0102 - - 1769537801.805679798 1769537801.815874577 0
Jan 27 18:16:41 standalone container-server[126820]: 172.20.0.100 - - [27/Jan/2026:18:16:41 +0000] "PUT /d1/312/AUTH_0ba9aba32adc4e04adc8b70a76b70122/gnocchi.1fa5a454-b9b0-4800-891c-2378458da32e/1769040000.0_mean_300.0_v3" 201 - "PUT http://172.18.0.2:8080/d1/578/AUTH_0ba9aba32adc4e04adc8b70a76b70122/gnocchi.1fa5a454-b9b0-4800-891c-2378458da32e/1769040000.0_mean_300.0_v3" "txf9889e7236424bc295b48-0069790109" "object-server 25" 0.0011 "-" 19 0
Jan 27 18:16:41 standalone object-server[127096]: 172.20.0.100 - - [27/Jan/2026:18:16:41 +0000] "PUT /d1/578/AUTH_0ba9aba32adc4e04adc8b70a76b70122/gnocchi.1fa5a454-b9b0-4800-891c-2378458da32e/1769040000.0_mean_300.0_v3" 201 - "PUT http://172.18.0.2:8080/v1/AUTH_0ba9aba32adc4e04adc8b70a76b70122/gnocchi.1fa5a454-b9b0-4800-891c-2378458da32e/1769040000.0_mean_300.0_v3" "txf9889e7236424bc295b48-0069790109" "proxy-server 20" 0.0140 "-" 25 0
Jan 27 18:16:41 standalone proxy-server[129066]: 172.18.0.2 172.18.0.100 27/Jan/2026/18/16/41 PUT /v1/AUTH_0ba9aba32adc4e04adc8b70a76b70122/gnocchi.1fa5a454-b9b0-4800-891c-2378458da32e/1769040000.0_mean_300.0_v3 HTTP/1.0 201 - python-swiftclient-3.11.1 gAAAAABpeQCPbRNX... 16 - - txf9889e7236424bc295b48-0069790109 - 0.0209 - - 1769537801.823543549 1769537801.844456673 0
Jan 27 18:16:41 standalone container-server[126831]: 172.20.0.100 - - [27/Jan/2026:18:16:41 +0000] "PUT /d1/312/AUTH_0ba9aba32adc4e04adc8b70a76b70122/gnocchi.1fa5a454-b9b0-4800-891c-2378458da32e/none_v3" 201 - "PUT http://172.18.0.2:8080/d1/338/AUTH_0ba9aba32adc4e04adc8b70a76b70122/gnocchi.1fa5a454-b9b0-4800-891c-2378458da32e/none_v3" "tx9109c3b41bb34218a6b66-0069790109" "object-server 23" 0.0006 "-" 20 0
Jan 27 18:16:41 standalone object-server[127078]: 172.20.0.100 - - [27/Jan/2026:18:16:41 +0000] "PUT /d1/338/AUTH_0ba9aba32adc4e04adc8b70a76b70122/gnocchi.1fa5a454-b9b0-4800-891c-2378458da32e/none_v3" 201 - "PUT http://172.18.0.2:8080/v1/AUTH_0ba9aba32adc4e04adc8b70a76b70122/gnocchi.1fa5a454-b9b0-4800-891c-2378458da32e/none_v3" "tx9109c3b41bb34218a6b66-0069790109" "proxy-server 20" 0.0352 "-" 23 0
Jan 27 18:16:41 standalone proxy-server[129066]: 172.18.0.2 172.18.0.100 27/Jan/2026/18/16/41 PUT /v1/AUTH_0ba9aba32adc4e04adc8b70a76b70122/gnocchi.1fa5a454-b9b0-4800-891c-2378458da32e/none_v3 HTTP/1.0 201 - python-swiftclient-3.11.1 gAAAAABpeQCPbRNX... 32 - - tx9109c3b41bb34218a6b66-0069790109 - 0.0412 - - 1769537801.847277880 1769537801.888493061 0
Jan 27 18:16:45 standalone container-server[126820]: 172.20.0.100 - - [27/Jan/2026:18:16:45 +0000] "HEAD /d1/723/AUTH_0ba9aba32adc4e04adc8b70a76b70122/gnocchi.31159aba-52e7-45a0-a5b7-ad9db399f8c5" 404 - "HEAD http://172.18.0.2:8080/v1/AUTH_0ba9aba32adc4e04adc8b70a76b70122/gnocchi.31159aba-52e7-45a0-a5b7-ad9db399f8c5?format=json&states=listing" "tx9f5e7091b34b44c987417-006979010d" "proxy-server 20" 0.0007 "-" 19 0
Jan 27 18:16:45 standalone object-server[127062]: 172.20.0.100 - - [27/Jan/2026:18:16:45 +0000] "GET /d1/222/AUTH_0ba9aba32adc4e04adc8b70a76b70122/gnocchi.31159aba-52e7-45a0-a5b7-ad9db399f8c5/none_v3" 404 70 "GET http://172.18.0.2:8080/v1/AUTH_0ba9aba32adc4e04adc8b70a76b70122/gnocchi.31159aba-52e7-45a0-a5b7-ad9db399f8c5/none_v3" "tx9f5e7091b34b44c987417-006979010d" "proxy-server 20" 0.0006 "-" 22 0
Jan 27 18:16:45 standalone proxy-server[129066]: 172.18.0.2 172.18.0.100 27/Jan/2026/18/16/45 GET /v1/AUTH_0ba9aba32adc4e04adc8b70a76b70122/gnocchi.31159aba-52e7-45a0-a5b7-ad9db399f8c5/none_v3 HTTP/1.0 404 - python-swiftclient-3.11.1 gAAAAABpeQCPbRNX... - 70 - tx9f5e7091b34b44c987417-006979010d - 0.0125 - - 1769537805.024010897 1769537805.036551952 0
Jan 27 18:16:45 standalone account-server[126765]: 172.20.0.100 - - [27/Jan/2026:18:16:45 +0000] "PUT /d1/1011/AUTH_0ba9aba32adc4e04adc8b70a76b70122/gnocchi.31159aba-52e7-45a0-a5b7-ad9db399f8c5" 201 - "PUT http://172.20.0.100:6001/d1/723/AUTH_0ba9aba32adc4e04adc8b70a76b70122/gnocchi.31159aba-52e7-45a0-a5b7-ad9db399f8c5" "txa105892121ad4f2e93405-006979010d" "container-server 20" 0.0190 "-" 23 0
Jan 27 18:16:45 standalone container-server[126831]: 172.20.0.100 - - [27/Jan/2026:18:16:45 +0000] "PUT /d1/723/AUTH_0ba9aba32adc4e04adc8b70a76b70122/gnocchi.31159aba-52e7-45a0-a5b7-ad9db399f8c5" 201 - "PUT http://172.18.0.2:8080/v1/AUTH_0ba9aba32adc4e04adc8b70a76b70122/gnocchi.31159aba-52e7-45a0-a5b7-ad9db399f8c5" "txa105892121ad4f2e93405-006979010d" "proxy-server 20" 0.0538 "-" 20 0
Jan 27 18:16:45 standalone proxy-server[129066]: 172.18.0.2 172.18.0.100 27/Jan/2026/18/16/45 PUT /v1/AUTH_0ba9aba32adc4e04adc8b70a76b70122/gnocchi.31159aba-52e7-45a0-a5b7-ad9db399f8c5 HTTP/1.0 201 - python-swiftclient-3.11.1 gAAAAABpeQCPbRNX... - - - txa105892121ad4f2e93405-006979010d - 0.0617 - - 1769537805.041206360 1769537805.102945089 0
Jan 27 18:16:45 standalone container-server[126831]: 172.20.0.100 - - [27/Jan/2026:18:16:45 +0000] "HEAD /d1/723/AUTH_0ba9aba32adc4e04adc8b70a76b70122/gnocchi.31159aba-52e7-45a0-a5b7-ad9db399f8c5" 204 - "HEAD http://172.18.0.2:8080/v1/AUTH_0ba9aba32adc4e04adc8b70a76b70122/gnocchi.31159aba-52e7-45a0-a5b7-ad9db399f8c5?format=json&states=listing" "tx2ca222da2010413fad814-006979010d" "proxy-server 20" 0.0015 "-" 20 0
Jan 27 18:16:45 standalone proxy-server[129066]: - - 27/Jan/2026/18/16/45 HEAD /v1/AUTH_0ba9aba32adc4e04adc8b70a76b70122/gnocchi.31159aba-52e7-45a0-a5b7-ad9db399f8c5%3Fformat%3Djson%26states%3Dlisting HTTP/1.0 204 - Swift - - - - tx2ca222da2010413fad814-006979010d - 0.0074 RL - 1769537805.110106468 1769537805.117555618 0
Jan 27 18:16:45 standalone container-server[126820]: 172.20.0.100 - - [27/Jan/2026:18:16:45 +0000] "GET /d1/723/AUTH_0ba9aba32adc4e04adc8b70a76b70122/gnocchi.31159aba-52e7-45a0-a5b7-ad9db399f8c5" 200 2 "GET http://172.18.0.2:8080/v1/AUTH_0ba9aba32adc4e04adc8b70a76b70122/gnocchi.31159aba-52e7-45a0-a5b7-ad9db399f8c5?format=json&states=listing" "tx2ca222da2010413fad814-006979010d" "proxy-server 20" 0.0021 "-" 19 0
Jan 27 18:16:45 standalone proxy-server[129066]: 172.18.0.2 172.18.0.100 27/Jan/2026/18/16/45 GET /v1/AUTH_0ba9aba32adc4e04adc8b70a76b70122/gnocchi.31159aba-52e7-45a0-a5b7-ad9db399f8c5%3Fformat%3Djson%26states%3Dlisting HTTP/1.0 200 - python-swiftclient-3.11.1 gAAAAABpeQCPbRNX... - 2 - tx2ca222da2010413fad814-006979010d - 0.0215 - - 1769537805.108238220 1769537805.129707813 0
Jan 27 18:16:45 standalone object-server[127078]: 172.20.0.100 - - [27/Jan/2026:18:16:45 +0000] "GET /d1/487/AUTH_0ba9aba32adc4e04adc8b70a76b70122/gnocchi.31159aba-52e7-45a0-a5b7-ad9db399f8c5/1769040000.0_mean_300.0_v3" 404 70 "GET http://172.18.0.2:8080/v1/AUTH_0ba9aba32adc4e04adc8b70a76b70122/gnocchi.31159aba-52e7-45a0-a5b7-ad9db399f8c5/1769040000.0_mean_300.0_v3" "txe72692271f724b66a77f1-006979010d" "proxy-server 20" 0.0003 "-" 23 0
Jan 27 18:16:45 standalone proxy-server[129066]: 172.18.0.2 172.18.0.100 27/Jan/2026/18/16/45 GET /v1/AUTH_0ba9aba32adc4e04adc8b70a76b70122/gnocchi.31159aba-52e7-45a0-a5b7-ad9db399f8c5/1769040000.0_mean_300.0_v3 HTTP/1.0 404 - python-swiftclient-3.11.1 gAAAAABpeQCPbRNX... - 70 - txe72692271f724b66a77f1-006979010d - 0.0073 - - 1769537805.134614229 1769537805.141867161 0
Jan 27 18:16:45 standalone container-server[126820]: 172.20.0.100 - - [27/Jan/2026:18:16:45 +0000] "PUT /d1/723/AUTH_0ba9aba32adc4e04adc8b70a76b70122/gnocchi.31159aba-52e7-45a0-a5b7-ad9db399f8c5/1769040000.0_mean_300.0_v3" 201 - "PUT http://172.18.0.2:8080/d1/487/AUTH_0ba9aba32adc4e04adc8b70a76b70122/gnocchi.31159aba-52e7-45a0-a5b7-ad9db399f8c5/1769040000.0_mean_300.0_v3" "tx21fa8adde64a4844a2c57-006979010d" "object-server 24" 0.0006 "-" 19 0
Jan 27 18:16:45 standalone object-server[127089]: 172.20.0.100 - - [27/Jan/2026:18:16:45 +0000] "PUT /d1/487/AUTH_0ba9aba32adc4e04adc8b70a76b70122/gnocchi.31159aba-52e7-45a0-a5b7-ad9db399f8c5/1769040000.0_mean_300.0_v3" 201 - "PUT http://172.18.0.2:8080/v1/AUTH_0ba9aba32adc4e04adc8b70a76b70122/gnocchi.31159aba-52e7-45a0-a5b7-ad9db399f8c5/1769040000.0_mean_300.0_v3" "tx21fa8adde64a4844a2c57-006979010d" "proxy-server 20" 0.0155 "-" 24 0
Jan 27 18:16:45 standalone proxy-server[129066]: 172.18.0.2 172.18.0.100 27/Jan/2026/18/16/45 PUT /v1/AUTH_0ba9aba32adc4e04adc8b70a76b70122/gnocchi.31159aba-52e7-45a0-a5b7-ad9db399f8c5/1769040000.0_mean_300.0_v3 HTTP/1.0 201 - python-swiftclient-3.11.1 gAAAAABpeQCPbRNX... 16 - - tx21fa8adde64a4844a2c57-006979010d - 0.0248 - - 1769537805.145522833 1769537805.170298100 0
Jan 27 18:16:45 standalone container-server[126848]: 172.20.0.100 - - [27/Jan/2026:18:16:45 +0000] "PUT /d1/723/AUTH_0ba9aba32adc4e04adc8b70a76b70122/gnocchi.31159aba-52e7-45a0-a5b7-ad9db399f8c5/none_v3" 201 - "PUT http://172.18.0.2:8080/d1/222/AUTH_0ba9aba32adc4e04adc8b70a76b70122/gnocchi.31159aba-52e7-45a0-a5b7-ad9db399f8c5/none_v3" "txc2643ebfadb041c19a607-006979010d" "object-server 22" 0.0008 "-" 22 0
Jan 27 18:16:45 standalone object-server[127062]: 172.20.0.100 - - [27/Jan/2026:18:16:45 +0000] "PUT /d1/222/AUTH_0ba9aba32adc4e04adc8b70a76b70122/gnocchi.31159aba-52e7-45a0-a5b7-ad9db399f8c5/none_v3" 201 - "PUT http://172.18.0.2:8080/v1/AUTH_0ba9aba32adc4e04adc8b70a76b70122/gnocchi.31159aba-52e7-45a0-a5b7-ad9db399f8c5/none_v3" "txc2643ebfadb041c19a607-006979010d" "proxy-server 20" 0.0151 "-" 22 0
Jan 27 18:16:45 standalone proxy-server[129066]: 172.18.0.2 172.18.0.100 27/Jan/2026/18/16/45 PUT /v1/AUTH_0ba9aba32adc4e04adc8b70a76b70122/gnocchi.31159aba-52e7-45a0-a5b7-ad9db399f8c5/none_v3 HTTP/1.0 201 - python-swiftclient-3.11.1 gAAAAABpeQCPbRNX... 22 - - txc2643ebfadb041c19a607-006979010d - 0.0224 - - 1769537805.173649073 1769537805.196078062 0
Jan 27 18:16:45 standalone object-server[127078]: 172.20.0.100 - - [27/Jan/2026:18:16:45 +0000] "GET /d1/332/AUTH_0ba9aba32adc4e04adc8b70a76b70122/gnocchi.0634b667-a10e-4e93-835a-aa0262f6b5d1/none_v3" 200 33 "GET http://172.18.0.2:8080/v1/AUTH_0ba9aba32adc4e04adc8b70a76b70122/gnocchi.0634b667-a10e-4e93-835a-aa0262f6b5d1/none_v3" "txd9fe95b66a3d4d8481891-006979010d" "proxy-server 20" 0.0009 "-" 23 0
Jan 27 18:16:45 standalone proxy-server[129066]: 172.18.0.2 172.18.0.100 27/Jan/2026/18/16/45 GET /v1/AUTH_0ba9aba32adc4e04adc8b70a76b70122/gnocchi.0634b667-a10e-4e93-835a-aa0262f6b5d1/none_v3 HTTP/1.0 200 - python-swiftclient-3.11.1 gAAAAABpeQCPbRNX... - 33 - txd9fe95b66a3d4d8481891-006979010d - 0.0149 - - 1769537805.343175411 1769537805.358076572 0
Jan 27 18:16:45 standalone container-server[126820]: 172.20.0.100 - - [27/Jan/2026:18:16:45 +0000] "GET /d1/825/AUTH_0ba9aba32adc4e04adc8b70a76b70122/gnocchi.0634b667-a10e-4e93-835a-aa0262f6b5d1" 200 357 "GET http://172.18.0.2:8080/v1/AUTH_0ba9aba32adc4e04adc8b70a76b70122/gnocchi.0634b667-a10e-4e93-835a-aa0262f6b5d1?format=json&states=listing" "txf5dc028d1d49488c9131f-006979010d" "proxy-server 20" 0.0180 "-" 19 0
Jan 27 18:16:45 standalone proxy-server[129066]: 172.18.0.2 172.18.0.100 27/Jan/2026/18/16/45 GET /v1/AUTH_0ba9aba32adc4e04adc8b70a76b70122/gnocchi.0634b667-a10e-4e93-835a-aa0262f6b5d1%3Fformat%3Djson%26states%3Dlisting HTTP/1.0 200 - python-swiftclient-3.11.1 gAAAAABpeQCPbRNX... - 357 - txf5dc028d1d49488c9131f-006979010d - 0.0295 - - 1769537805.362449884 1769537805.391939878 0
Jan 27 18:16:45 standalone container-server[126820]: 172.20.0.100 - - [27/Jan/2026:18:16:45 +0000] "GET /d1/825/AUTH_0ba9aba32adc4e04adc8b70a76b70122/gnocchi.0634b667-a10e-4e93-835a-aa0262f6b5d1" 200 2 "GET http://172.18.0.2:8080/v1/AUTH_0ba9aba32adc4e04adc8b70a76b70122/gnocchi.0634b667-a10e-4e93-835a-aa0262f6b5d1?format=json&marker=none_v3&states=listing" "tx6909c16b7d3a49f88e9e1-006979010d" "proxy-server 20" 0.0037 "-" 19 0
Jan 27 18:16:45 standalone proxy-server[129066]: 172.18.0.2 172.18.0.100 27/Jan/2026/18/16/45 GET /v1/AUTH_0ba9aba32adc4e04adc8b70a76b70122/gnocchi.0634b667-a10e-4e93-835a-aa0262f6b5d1%3Fformat%3Djson%26marker%3Dnone_v3%26states%3Dlisting HTTP/1.0 200 - python-swiftclient-3.11.1 gAAAAABpeQCPbRNX... - 2 - tx6909c16b7d3a49f88e9e1-006979010d - 0.0134 - - 1769537805.395003080 1769537805.408372641 0
Jan 27 18:16:45 standalone object-server[127078]: 172.20.0.100 - - [27/Jan/2026:18:16:45 +0000] "GET /d1/302/AUTH_0ba9aba32adc4e04adc8b70a76b70122/gnocchi.0634b667-a10e-4e93-835a-aa0262f6b5d1/1769040000.0_mean_300.0_v3" 200 16 "GET http://172.18.0.2:8080/v1/AUTH_0ba9aba32adc4e04adc8b70a76b70122/gnocchi.0634b667-a10e-4e93-835a-aa0262f6b5d1/1769040000.0_mean_300.0_v3" "tx8bd0afd9473a47c081a03-006979010d" "proxy-server 20" 0.0006 "-" 23 0
Jan 27 18:16:45 standalone proxy-server[129066]: 172.18.0.2 172.18.0.100 27/Jan/2026/18/16/45 GET /v1/AUTH_0ba9aba32adc4e04adc8b70a76b70122/gnocchi.0634b667-a10e-4e93-835a-aa0262f6b5d1/1769040000.0_mean_300.0_v3 HTTP/1.0 200 - python-swiftclient-3.11.1 gAAAAABpeQCPbRNX... - 16 - tx8bd0afd9473a47c081a03-006979010d - 0.0081 - - 1769537805.411572933 1769537805.419708729 0
