Jan 27 18:00:47 standalone account-server[126468]: Starting 2
Jan 27 18:00:47 standalone account-server[126541]: Started child 20 from parent 2
Jan 27 18:00:47 standalone account-server[126541]: Started child 21 from parent 2
Jan 27 18:00:47 standalone account-server[126541]: Started child 22 from parent 2
Jan 27 18:00:47 standalone account-server[126541]: Started child 23 from parent 2
Jan 27 18:00:48 standalone container-server[126672]: Option allow_versions is deprecated. Configure the versioned_writes middleware in the proxy-server instead. This option will be ignored in a future release.
Jan 27 18:00:48 standalone container-server[126820]: Option allow_versions is deprecated. Configure the versioned_writes middleware in the proxy-server instead. This option will be ignored in a future release.
Jan 27 18:00:48 standalone container-server[126672]: Started child 19 from parent 2
Jan 27 18:00:48 standalone container-server[126831]: Option allow_versions is deprecated. Configure the versioned_writes middleware in the proxy-server instead. This option will be ignored in a future release.
Jan 27 18:00:48 standalone container-server[126672]: Started child 20 from parent 2
Jan 27 18:00:48 standalone container-server[126840]: Option allow_versions is deprecated. Configure the versioned_writes middleware in the proxy-server instead. This option will be ignored in a future release.
Jan 27 18:00:48 standalone container-server[126672]: Started child 21 from parent 2
Jan 27 18:00:48 standalone container-server[126848]: Option allow_versions is deprecated. Configure the versioned_writes middleware in the proxy-server instead. This option will be ignored in a future release.
Jan 27 18:00:48 standalone container-server[126672]: Started child 22 from parent 2
Jan 27 18:00:48 standalone container-server[126739]: Starting 2
Jan 27 18:00:48 standalone object-expirer[126837]: Starting 2
Jan 27 18:00:48 standalone object-expirer[126837]: Option auto_create_account_prefix is deprecated. Configure auto_create_account_prefix under the swift-constraints section of swift.conf. This option will be ignored in a future release.
Jan 27 18:00:48 standalone object-server[126892]: Started child 22 from parent 2
Jan 27 18:00:48 standalone object-server[126892]: Started child 23 from parent 2
Jan 27 18:00:48 standalone object-server[126892]: Started child 24 from parent 2
Jan 27 18:00:48 standalone object-server[126892]: Started child 25 from parent 2
Jan 27 18:00:49 standalone object-server[127030]: Starting 2
Jan 27 18:00:54 standalone proxy-server[128776]: Starting Keystone auth_token middleware
Jan 27 18:00:54 standalone proxy-server[128776]: AuthToken middleware is set with keystone_authtoken.service_token_roles_required set to False. This is backwards compatible but deprecated behaviour. Please set this to True.
Jan 27 18:00:54 standalone proxy-server[129066]: Starting Keystone auth_token middleware
Jan 27 18:00:54 standalone proxy-server[129066]: STDERR: The option "bind_port" is not known to keystonemiddleware
Jan 27 18:00:54 standalone proxy-server[129066]: STDERR: The option "workers" is not known to keystonemiddleware
Jan 27 18:00:54 standalone proxy-server[129066]: STDERR: The option "user" is not known to keystonemiddleware
Jan 27 18:00:54 standalone proxy-server[129066]: STDERR: The option "bind_ip" is not known to keystonemiddleware
Jan 27 18:00:54 standalone proxy-server[129066]: STDERR: The option "log_name" is not known to keystonemiddleware
Jan 27 18:00:54 standalone proxy-server[129066]: STDERR: The option "log_facility" is not known to keystonemiddleware
Jan 27 18:00:54 standalone proxy-server[129066]: STDERR: The option "log_level" is not known to keystonemiddleware
Jan 27 18:00:54 standalone proxy-server[129066]: STDERR: The option "log_headers" is not known to keystonemiddleware
Jan 27 18:00:54 standalone proxy-server[129066]: STDERR: The option "log_address" is not known to keystonemiddleware
Jan 27 18:00:54 standalone proxy-server[129066]: STDERR: The option "project_name" is not known to keystonemiddleware
Jan 27 18:00:54 standalone proxy-server[129066]: STDERR: The option "username" is not known to keystonemiddleware
Jan 27 18:00:54 standalone proxy-server[129066]: STDERR: The option "password" is not known to keystonemiddleware
Jan 27 18:00:54 standalone proxy-server[129066]: STDERR: The option "auth_url" is not known to keystonemiddleware
Jan 27 18:00:54 standalone proxy-server[129066]: STDERR: The option "signing_dir" is not known to keystonemiddleware
Jan 27 18:00:54 standalone proxy-server[129066]: STDERR: The option "project_domain_id" is not known to keystonemiddleware
Jan 27 18:00:54 standalone proxy-server[129066]: STDERR: The option "user_domain_id" is not known to keystonemiddleware
Jan 27 18:00:54 standalone proxy-server[129066]: STDERR: The option "__name__" is not known to keystonemiddleware
Jan 27 18:00:54 standalone proxy-server[129066]: AuthToken middleware is set with keystone_authtoken.service_token_roles_required set to False. This is backwards compatible but deprecated behaviour. Please set this to True.
Jan 27 18:00:54 standalone proxy-server[128776]: Started child 20 from parent 2
Jan 27 18:02:14 standalone account-server[126765]: 172.20.0.100 - - [27/Jan/2026:18:02:14 +0000] "HEAD /d1/787/.expiring_objects" 404 - "HEAD http://localhost/v1/.expiring_objects?format=json" "txbc736515cb1642f19e16a-006978fda6" "proxy-server 2" 0.0016 "-" 23 -
Jan 27 18:02:14 standalone object-expirer[126837]: Pass completed in 0s; 0 objects expired (txn: txbc736515cb1642f19e16a-006978fda6)
Jan 27 18:02:37 standalone account-server[126751]: 172.20.0.100 - - [27/Jan/2026:18:02:37 +0000] "HEAD /d1/787/.expiring_objects" 404 - "HEAD http://localhost/v1/.expiring_objects?format=json" "tx66004b42b5ea4ce696460-006978fdbd" "proxy-server 2" 0.0017 "-" 20 -
Jan 27 18:02:37 standalone object-expirer[126837]: Pass completed in 0s; 0 objects expired (txn: tx66004b42b5ea4ce696460-006978fdbd)
Jan 27 18:04:30 standalone object-server[127030]: Begin object update sweep
Jan 27 18:04:30 standalone object-server[154042]: Object update sweep starting on /srv/node/d1 (pid: 11)
Jan 27 18:04:30 standalone object-server[154042]: Object update sweep completed on /srv/node/d1 in 0.00s seconds:, 0 successes, 0 failures, 0 quarantines, 0 unlinks, 0 errors, 0 redirects (pid: 11)
Jan 27 18:04:30 standalone object-server[154042]: Object update sweep of d1 completed: 0.00s, 0 successes, 0 failures, 0 quarantines, 0 unlinks, 0 errors, 0 redirects
Jan 27 18:04:30 standalone object-server[127030]: Object update sweep completed: 0.08s
Jan 27 18:04:55 standalone account-server[126751]: 172.20.0.100 - - [27/Jan/2026:18:04:55 +0000] "HEAD /d1/787/.expiring_objects" 404 - "HEAD http://localhost/v1/.expiring_objects?format=json" "txdc7deb262efe447fa2825-006978fe47" "proxy-server 2" 0.0004 "-" 20 -
Jan 27 18:04:55 standalone object-expirer[126837]: Pass completed in 0s; 0 objects expired (txn: txdc7deb262efe447fa2825-006978fe47)
Jan 27 18:05:22 standalone container-server[126739]: Begin container update sweep
Jan 27 18:05:22 standalone container-server[126739]: Container update sweep completed: 0.00s
Jan 27 18:09:06 standalone account-server[126754]: 172.20.0.100 - - [27/Jan/2026:18:09:06 +0000] "HEAD /d1/787/.expiring_objects" 404 - "HEAD http://localhost/v1/.expiring_objects?format=json" "tx744470a5629f4b768e93a-006978ff42" "proxy-server 2" 0.0013 "-" 21 -
Jan 27 18:09:06 standalone object-expirer[126837]: Pass completed in 0s; 0 objects expired (txn: tx744470a5629f4b768e93a-006978ff42)
Jan 27 18:09:30 standalone object-server[127030]: Begin object update sweep
Jan 27 18:09:30 standalone object-server[190331]: Object update sweep starting on /srv/node/d1 (pid: 13)
Jan 27 18:09:30 standalone object-server[190331]: Object update sweep completed on /srv/node/d1 in 0.00s seconds:, 0 successes, 0 failures, 0 quarantines, 0 unlinks, 0 errors, 0 redirects (pid: 13)
Jan 27 18:09:30 standalone object-server[190331]: Object update sweep of d1 completed: 0.00s, 0 successes, 0 failures, 0 quarantines, 0 unlinks, 0 errors, 0 redirects
Jan 27 18:09:30 standalone object-server[127030]: Object update sweep completed: 0.11s
Jan 27 18:10:22 standalone container-server[126739]: Begin container update sweep
Jan 27 18:10:22 standalone container-server[126739]: Container update sweep completed: 0.00s
Jan 27 18:13:56 standalone account-server[126765]: 172.20.0.100 - - [27/Jan/2026:18:13:56 +0000] "HEAD /d1/787/.expiring_objects" 404 - "HEAD http://localhost/v1/.expiring_objects?format=json" "tx29eaf256f2f34732ae5ac-0069790064" "proxy-server 2" 0.0008 "-" 23 -
Jan 27 18:13:56 standalone object-expirer[126837]: Pass completed in 0s; 0 objects expired (txn: tx29eaf256f2f34732ae5ac-0069790064)
Jan 27 18:14:30 standalone object-server[127030]: Begin object update sweep
Jan 27 18:14:30 standalone object-server[220191]: Object update sweep starting on /srv/node/d1 (pid: 14)
Jan 27 18:14:30 standalone object-server[220191]: Object update sweep completed on /srv/node/d1 in 0.00s seconds:, 0 successes, 0 failures, 0 quarantines, 0 unlinks, 0 errors, 0 redirects (pid: 14)
Jan 27 18:14:30 standalone object-server[220191]: Object update sweep of d1 completed: 0.00s, 0 successes, 0 failures, 0 quarantines, 0 unlinks, 0 errors, 0 redirects
Jan 27 18:14:30 standalone object-server[127030]: Object update sweep completed: 0.07s
Jan 27 18:14:34 standalone account-server[126751]: 172.20.0.100 - - [27/Jan/2026:18:14:34 +0000] "HEAD /d1/787/.expiring_objects" 404 - "HEAD http://localhost/v1/.expiring_objects?format=json" "txc230a65c3e5c45abb4af8-006979008a" "proxy-server 2" 0.0007 "-" 20 -
Jan 27 18:14:34 standalone object-expirer[126837]: Pass completed in 0s; 0 objects expired (txn: txc230a65c3e5c45abb4af8-006979008a)
Jan 27 18:14:39 standalone account-server[126762]: 172.20.0.100 - - [27/Jan/2026:18:14:39 +0000] "HEAD /d1/1011/AUTH_0ba9aba32adc4e04adc8b70a76b70122" 404 - "HEAD http://172.18.0.2:8080/v1/AUTH_0ba9aba32adc4e04adc8b70a76b70122?format=json" "txb0a1a80a166d4ddca35ef-006979008f" "proxy-server 20" 0.0019 "-" 22 -
Jan 27 18:14:39 standalone proxy-server[129066]: - - 27/Jan/2026/18/14/39 HEAD /v1/AUTH_0ba9aba32adc4e04adc8b70a76b70122%3Fformat%3Djson HTTP/1.0 200 - Swift - - - - txb0a1a80a166d4ddca35ef-006979008f - 0.0095 RL - 1769537679.783725023 1769537679.793264866 -
Jan 27 18:14:40 standalone object-server[127089]: 172.20.0.100 - - [27/Jan/2026:18:14:40 +0000] "GET /d1/520/AUTH_0ba9aba32adc4e04adc8b70a76b70122/gnocchi.228be40e-71db-448a-86d4-353b25a2605f/none_v3" 404 70 "GET http://172.18.0.2:8080/v1/AUTH_0ba9aba32adc4e04adc8b70a76b70122/gnocchi.228be40e-71db-448a-86d4-353b25a2605f/none_v3" "txb0a1a80a166d4ddca35ef-006979008f" "proxy-server 20" 0.0011 "-" 24 0
Jan 27 18:14:40 standalone proxy-server[129066]: 172.18.0.2 172.18.0.100 27/Jan/2026/18/14/40 GET /v1/AUTH_0ba9aba32adc4e04adc8b70a76b70122/gnocchi.228be40e-71db-448a-86d4-353b25a2605f/none_v3 HTTP/1.0 404 - python-swiftclient-3.11.1 gAAAAABpeQCPbRNX... - 70 - txb0a1a80a166d4ddca35ef-006979008f - 0.4252 - - 1769537679.778887510 1769537680.204077005 0
Jan 27 18:14:40 standalone account-server[126751]: 172.20.0.100 - - [27/Jan/2026:18:14:40 +0000] "PUT /d1/1011/AUTH_0ba9aba32adc4e04adc8b70a76b70122" 201 - "-" "tx63409fa2b78c462e89453-0069790090" "-" 0.0158 "-" 20 -
Jan 27 18:14:40 standalone proxy-server[129066]: autocreate account '/AUTH_0ba9aba32adc4e04adc8b70a76b70122' (txn: tx63409fa2b78c462e89453-0069790090)
Jan 27 18:14:40 standalone account-server[126765]: 172.20.0.100 - - [27/Jan/2026:18:14:40 +0000] "HEAD /d1/1011/AUTH_0ba9aba32adc4e04adc8b70a76b70122" 204 - "HEAD http://172.18.0.2:8080/v1/AUTH_0ba9aba32adc4e04adc8b70a76b70122?format=json" "tx63409fa2b78c462e89453-0069790090" "proxy-server 20" 0.0022 "-" 23 -
Jan 27 18:14:40 standalone account-server[126751]: 172.20.0.100 - - [27/Jan/2026:18:14:40 +0000] "PUT /d1/1011/AUTH_0ba9aba32adc4e04adc8b70a76b70122/gnocchi.228be40e-71db-448a-86d4-353b25a2605f" 201 - "PUT http://172.20.0.100:6001/d1/281/AUTH_0ba9aba32adc4e04adc8b70a76b70122/gnocchi.228be40e-71db-448a-86d4-353b25a2605f" "tx63409fa2b78c462e89453-0069790090" "container-server 20" 0.0016 "-" 20 0
Jan 27 18:14:40 standalone container-server[126831]: 172.20.0.100 - - [27/Jan/2026:18:14:40 +0000] "PUT /d1/281/AUTH_0ba9aba32adc4e04adc8b70a76b70122/gnocchi.228be40e-71db-448a-86d4-353b25a2605f" 201 - "PUT http://172.18.0.2:8080/v1/AUTH_0ba9aba32adc4e04adc8b70a76b70122/gnocchi.228be40e-71db-448a-86d4-353b25a2605f" "tx63409fa2b78c462e89453-0069790090" "proxy-server 20" 0.0229 "-" 20 0
Jan 27 18:14:40 standalone proxy-server[129066]: 172.18.0.2 172.18.0.100 27/Jan/2026/18/14/40 PUT /v1/AUTH_0ba9aba32adc4e04adc8b70a76b70122/gnocchi.228be40e-71db-448a-86d4-353b25a2605f HTTP/1.0 201 - python-swiftclient-3.11.1 gAAAAABpeQCPbRNX... - - - tx63409fa2b78c462e89453-0069790090 - 0.0581 - - 1769537680.209572554 1769537680.267694950 0
Jan 27 18:14:40 standalone container-server[126848]: 172.20.0.100 - - [27/Jan/2026:18:14:40 +0000] "HEAD /d1/281/AUTH_0ba9aba32adc4e04adc8b70a76b70122/gnocchi.228be40e-71db-448a-86d4-353b25a2605f" 204 - "HEAD http://172.18.0.2:8080/v1/AUTH_0ba9aba32adc4e04adc8b70a76b70122/gnocchi.228be40e-71db-448a-86d4-353b25a2605f?format=json&states=listing" "txaee4c6e950a94b738d57b-0069790090" "proxy-server 20" 0.0029 "-" 22 0
Jan 27 18:14:40 standalone proxy-server[129066]: - - 27/Jan/2026/18/14/40 HEAD /v1/AUTH_0ba9aba32adc4e04adc8b70a76b70122/gnocchi.228be40e-71db-448a-86d4-353b25a2605f%3Fformat%3Djson%26states%3Dlisting HTTP/1.0 204 - Swift - - - - txaee4c6e950a94b738d57b-0069790090 - 0.0073 RL - 1769537680.274715900 1769537680.282052755 0
Jan 27 18:14:40 standalone container-server[126831]: 172.20.0.100 - - [27/Jan/2026:18:14:40 +0000] "GET /d1/281/AUTH_0ba9aba32adc4e04adc8b70a76b70122/gnocchi.228be40e-71db-448a-86d4-353b25a2605f" 200 2 "GET http://172.18.0.2:8080/v1/AUTH_0ba9aba32adc4e04adc8b70a76b70122/gnocchi.228be40e-71db-448a-86d4-353b25a2605f?format=json&states=listing" "txaee4c6e950a94b738d57b-0069790090" "proxy-server 20" 0.0046 "-" 20 0
Jan 27 18:14:40 standalone proxy-server[129066]: 172.18.0.2 172.18.0.100 27/Jan/2026/18/14/40 GET /v1/AUTH_0ba9aba32adc4e04adc8b70a76b70122/gnocchi.228be40e-71db-448a-86d4-353b25a2605f%3Fformat%3Djson%26states%3Dlisting HTTP/1.0 200 - python-swiftclient-3.11.1 gAAAAABpeQCPbRNX... - 2 - txaee4c6e950a94b738d57b-0069790090 - 0.0219 - - 1769537680.273259878 1769537680.295156479 0
Jan 27 18:14:40 standalone object-server[127089]: 172.20.0.100 - - [27/Jan/2026:18:14:40 +0000] "GET /d1/119/AUTH_0ba9aba32adc4e04adc8b70a76b70122/gnocchi.228be40e-71db-448a-86d4-353b25a2605f/1769040000.0_mean_300.0_v3" 404 70 "GET http://172.18.0.2:8080/v1/AUTH_0ba9aba32adc4e04adc8b70a76b70122/gnocchi.228be40e-71db-448a-86d4-353b25a2605f/1769040000.0_mean_300.0_v3" "tx82aaef2469cc423fa6c96-0069790090" "proxy-server 20" 0.0004 "-" 24 0
Jan 27 18:14:40 standalone proxy-server[129066]: 172.18.0.2 172.18.0.100 27/Jan/2026/18/14/40 GET /v1/AUTH_0ba9aba32adc4e04adc8b70a76b70122/gnocchi.228be40e-71db-448a-86d4-353b25a2605f/1769040000.0_mean_300.0_v3 HTTP/1.0 404 - python-swiftclient-3.11.1 gAAAAABpeQCPbRNX... - 70 - tx82aaef2469cc423fa6c96-0069790090 - 0.0066 - - 1769537680.302107811 1769537680.308749199 0
Jan 27 18:14:40 standalone container-server[126820]: 172.20.0.100 - - [27/Jan/2026:18:14:40 +0000] "PUT /d1/281/AUTH_0ba9aba32adc4e04adc8b70a76b70122/gnocchi.228be40e-71db-448a-86d4-353b25a2605f/1769040000.0_mean_300.0_v3" 201 - "PUT http://172.18.0.2:8080/d1/119/AUTH_0ba9aba32adc4e04adc8b70a76b70122/gnocchi.228be40e-71db-448a-86d4-353b25a2605f/1769040000.0_mean_300.0_v3" "tx2c773d7dc57d4476a61c0-0069790090" "object-server 25" 0.0023 "-" 19 0
Jan 27 18:14:40 standalone object-server[127096]: 172.20.0.100 - - [27/Jan/2026:18:14:40 +0000] "PUT /d1/119/AUTH_0ba9aba32adc4e04adc8b70a76b70122/gnocchi.228be40e-71db-448a-86d4-353b25a2605f/1769040000.0_mean_300.0_v3" 201 - "PUT http://172.18.0.2:8080/v1/AUTH_0ba9aba32adc4e04adc8b70a76b70122/gnocchi.228be40e-71db-448a-86d4-353b25a2605f/1769040000.0_mean_300.0_v3" "tx2c773d7dc57d4476a61c0-0069790090" "proxy-server 20" 0.0363 "-" 25 0
Jan 27 18:14:40 standalone proxy-server[129066]: 172.18.0.2 172.18.0.100 27/Jan/2026/18/14/40 PUT /v1/AUTH_0ba9aba32adc4e04adc8b70a76b70122/gnocchi.228be40e-71db-448a-86d4-353b25a2605f/1769040000.0_mean_300.0_v3 HTTP/1.0 201 - python-swiftclient-3.11.1 gAAAAABpeQCPbRNX... 16 - - tx2c773d7dc57d4476a61c0-0069790090 - 0.0452 - - 1769537680.313569546 1769537680.358783722 0
Jan 27 18:14:40 standalone container-server[126848]: 172.20.0.100 - - [27/Jan/2026:18:14:40 +0000] "PUT /d1/281/AUTH_0ba9aba32adc4e04adc8b70a76b70122/gnocchi.228be40e-71db-448a-86d4-353b25a2605f/none_v3" 201 - "PUT http://172.18.0.2:8080/d1/520/AUTH_0ba9aba32adc4e04adc8b70a76b70122/gnocchi.228be40e-71db-448a-86d4-353b25a2605f/none_v3" "tx3bf4c864f5794eafadb87-0069790090" "object-server 24" 0.0010 "-" 22 0
Jan 27 18:14:40 standalone object-server[127089]: 172.20.0.100 - - [27/Jan/2026:18:14:40 +0000] "PUT /d1/520/AUTH_0ba9aba32adc4e04adc8b70a76b70122/gnocchi.228be40e-71db-448a-86d4-353b25a2605f/none_v3" 201 - "PUT http://172.18.0.2:8080/v1/AUTH_0ba9aba32adc4e04adc8b70a76b70122/gnocchi.228be40e-71db-448a-86d4-353b25a2605f/none_v3" "tx3bf4c864f5794eafadb87-0069790090" "proxy-server 20" 0.0269 "-" 24 0
Jan 27 18:14:40 standalone proxy-server[129066]: 172.18.0.2 172.18.0.100 27/Jan/2026/18/14/40 PUT /v1/AUTH_0ba9aba32adc4e04adc8b70a76b70122/gnocchi.228be40e-71db-448a-86d4-353b25a2605f/none_v3 HTTP/1.0 201 - python-swiftclient-3.11.1 gAAAAABpeQCPbRNX... 32 - - tx3bf4c864f5794eafadb87-0069790090 - 0.0370 - - 1769537680.363849640 1769537680.400869608 0
Jan 27 18:15:22 standalone container-server[126739]: Begin container update sweep
Jan 27 18:15:22 standalone account-server[126765]: 172.20.0.100 - - [27/Jan/2026:18:15:22 +0000] "PUT /d1/1011/AUTH_0ba9aba32adc4e04adc8b70a76b70122/gnocchi.228be40e-71db-448a-86d4-353b25a2605f" 201 - "-" "-" "container-updater 2" 0.0007 "-" 23 0
Jan 27 18:15:22 standalone container-server[126739]: Container update sweep completed: 0.09s
Jan 27 18:15:39 standalone container-server[126831]: 172.20.0.100 - - [27/Jan/2026:18:15:39 +0000] "HEAD /d1/825/AUTH_0ba9aba32adc4e04adc8b70a76b70122/gnocchi.0634b667-a10e-4e93-835a-aa0262f6b5d1" 404 - "HEAD http://172.18.0.2:8080/v1/AUTH_0ba9aba32adc4e04adc8b70a76b70122/gnocchi.0634b667-a10e-4e93-835a-aa0262f6b5d1?format=json&states=listing" "txbc8202afcc5b43bb80513-00697900cb" "proxy-server 20" 0.0005 "-" 20 0
Jan 27 18:15:39 standalone object-server[127062]: 172.20.0.100 - - [27/Jan/2026:18:15:39 +0000] "GET /d1/332/AUTH_0ba9aba32adc4e04adc8b70a76b70122/gnocchi.0634b667-a10e-4e93-835a-aa0262f6b5d1/none_v3" 404 70 "GET http://172.18.0.2:8080/v1/AUTH_0ba9aba32adc4e04adc8b70a76b70122/gnocchi.0634b667-a10e-4e93-835a-aa0262f6b5d1/none_v3" "txbc8202afcc5b43bb80513-00697900cb" "proxy-server 20" 0.0008 "-" 22 0
Jan 27 18:15:39 standalone proxy-server[129066]: 172.18.0.2 172.18.0.100 27/Jan/2026/18/15/39 GET /v1/AUTH_0ba9aba32adc4e04adc8b70a76b70122/gnocchi.0634b667-a10e-4e93-835a-aa0262f6b5d1/none_v3 HTTP/1.0 404 - python-swiftclient-3.11.1 gAAAAABpeQCPbRNX... - 70 - txbc8202afcc5b43bb80513-00697900cb - 0.0096 - - 1769537739.596685886 1769537739.606282473 0
Jan 27 18:15:39 standalone account-server[126765]: 172.20.0.100 - - [27/Jan/2026:18:15:39 +0000] "PUT /d1/1011/AUTH_0ba9aba32adc4e04adc8b70a76b70122/gnocchi.0634b667-a10e-4e93-835a-aa0262f6b5d1" 201 - "PUT http://172.20.0.100:6001/d1/825/AUTH_0ba9aba32adc4e04adc8b70a76b70122/gnocchi.0634b667-a10e-4e93-835a-aa0262f6b5d1" "tx5ed067ff6a064c9986b24-00697900cb" "container-server 20" 0.0052 "-" 23 0
Jan 27 18:15:39 standalone container-server[126831]: 172.20.0.100 - - [27/Jan/2026:18:15:39 +0000] "PUT /d1/825/AUTH_0ba9aba32adc4e04adc8b70a76b70122/gnocchi.0634b667-a10e-4e93-835a-aa0262f6b5d1" 201 - "PUT http://172.18.0.2:8080/v1/AUTH_0ba9aba32adc4e04adc8b70a76b70122/gnocchi.0634b667-a10e-4e93-835a-aa0262f6b5d1" "tx5ed067ff6a064c9986b24-00697900cb" "proxy-server 20" 0.0127 "-" 20 0
Jan 27 18:15:39 standalone proxy-server[129066]: 172.18.0.2 172.18.0.100 27/Jan/2026/18/15/39 PUT /v1/AUTH_0ba9aba32adc4e04adc8b70a76b70122/gnocchi.0634b667-a10e-4e93-835a-aa0262f6b5d1 HTTP/1.0 201 - python-swiftclient-3.11.1 gAAAAABpeQCPbRNX... - - - tx5ed067ff6a064c9986b24-00697900cb - 0.0170 - - 1769537739.608469486 1769537739.625483513 0
Jan 27 18:15:39 standalone container-server[126820]: 172.20.0.100 - - [27/Jan/2026:18:15:39 +0000] "HEAD /d1/825/AUTH_0ba9aba32adc4e04adc8b70a76b70122/gnocchi.0634b667-a10e-4e93-835a-aa0262f6b5d1" 204 - "HEAD http://172.18.0.2:8080/v1/AUTH_0ba9aba32adc4e04adc8b70a76b70122/gnocchi.0634b667-a10e-4e93-835a-aa0262f6b5d1?format=json&states=listing" "txb63a7b389a9a49c98320f-00697900cb" "proxy-server 20" 0.0020 "-" 19 0
Jan 27 18:15:39 standalone proxy-server[129066]: - - 27/Jan/2026/18/15/39 HEAD /v1/AUTH_0ba9aba32adc4e04adc8b70a76b70122/gnocchi.0634b667-a10e-4e93-835a-aa0262f6b5d1%3Fformat%3Djson%26states%3Dlisting HTTP/1.0 204 - Swift - - - - txb63a7b389a9a49c98320f-00697900cb - 0.0054 RL - 1769537739.629003763 1769537739.634433031 0
Jan 27 18:15:39 standalone container-server[126820]: 172.20.0.100 - - [27/Jan/2026:18:15:39 +0000] "GET /d1/825/AUTH_0ba9aba32adc4e04adc8b70a76b70122/gnocchi.0634b667-a10e-4e93-835a-aa0262f6b5d1" 200 2 "GET http://172.18.0.2:8080/v1/AUTH_0ba9aba32adc4e04adc8b70a76b70122/gnocchi.0634b667-a10e-4e93-835a-aa0262f6b5d1?format=json&states=listing" "txb63a7b389a9a49c98320f-00697900cb" "proxy-server 20" 0.0019 "-" 19 0
Jan 27 18:15:39 standalone proxy-server[129066]: 172.18.0.2 172.18.0.100 27/Jan/2026/18/15/39 GET /v1/AUTH_0ba9aba32adc4e04adc8b70a76b70122/gnocchi.0634b667-a10e-4e93-835a-aa0262f6b5d1%3Fformat%3Djson%26states%3Dlisting HTTP/1.0 200 - python-swiftclient-3.11.1 gAAAAABpeQCPbRNX... - 2 - txb63a7b389a9a49c98320f-00697900cb - 0.0131 - - 1769537739.628082991 1769537739.641227007 0
Jan 27 18:15:39 standalone object-server[127096]: 172.20.0.100 - - [27/Jan/2026:18:15:39 +0000] "GET /d1/302/AUTH_0ba9aba32adc4e04adc8b70a76b70122/gnocchi.0634b667-a10e-4e93-835a-aa0262f6b5d1/1769040000.0_mean_300.0_v3" 404 70 "GET http://172.18.0.2:8080/v1/AUTH_0ba9aba32adc4e04adc8b70a76b70122/gnocchi.0634b667-a10e-4e93-835a-aa0262f6b5d1/1769040000.0_mean_300.0_v3" "tx5567144fcfc2449290016-00697900cb" "proxy-server 20" 0.0004 "-" 25 0
Jan 27 18:15:39 standalone proxy-server[129066]: 172.18.0.2 172.18.0.100 27/Jan/2026/18/15/39 GET /v1/AUTH_0ba9aba32adc4e04adc8b70a76b70122/gnocchi.0634b667-a10e-4e93-835a-aa0262f6b5d1/1769040000.0_mean_300.0_v3 HTTP/1.0 404 - python-swiftclient-3.11.1 gAAAAABpeQCPbRNX... - 70 - tx5567144fcfc2449290016-00697900cb - 0.0049 - - 1769537739.643819809 1769537739.648763418 0
Jan 27 18:15:39 standalone container-server[126831]: 172.20.0.100 - - [27/Jan/2026:18:15:39 +0000] "PUT /d1/825/AUTH_0ba9aba32adc4e04adc8b70a76b70122/gnocchi.0634b667-a10e-4e93-835a-aa0262f6b5d1/1769040000.0_mean_300.0_v3" 201 - "PUT http://172.18.0.2:8080/d1/302/AUTH_0ba9aba32adc4e04adc8b70a76b70122/gnocchi.0634b667-a10e-4e93-835a-aa0262f6b5d1/1769040000.0_mean_300.0_v3" "txd1172ca0d55f4024b45fb-00697900cb" "object-server 22" 0.0008 "-" 20 0
Jan 27 18:15:39 standalone object-server[127062]: 172.20.0.100 - - [27/Jan/2026:18:15:39 +0000] "PUT /d1/302/AUTH_0ba9aba32adc4e04adc8b70a76b70122/gnocchi.0634b667-a10e-4e93-835a-aa0262f6b5d1/1769040000.0_mean_300.0_v3" 201 - "PUT http://172.18.0.2:8080/v1/AUTH_0ba9aba32adc4e04adc8b70a76b70122/gnocchi.0634b667-a10e-4e93-835a-aa0262f6b5d1/1769040000.0_mean_300.0_v3" "txd1172ca0d55f4024b45fb-00697900cb" "proxy-server 20" 0.0214 "-" 22 0
Jan 27 18:15:39 standalone proxy-server[129066]: 172.18.0.2 172.18.0.100 27/Jan/2026/18/15/39 PUT /v1/AUTH_0ba9aba32adc4e04adc8b70a76b70122/gnocchi.0634b667-a10e-4e93-835a-aa0262f6b5d1/1769040000.0_mean_300.0_v3 HTTP/1.0 201 - python-swiftclient-3.11.1 gAAAAABpeQCPbRNX... 16 - - txd1172ca0d55f4024b45fb-00697900cb - 0.0258 - - 1769537739.650778055 1769537739.676558733 0
Jan 27 18:15:39 standalone container-server[126848]: 172.20.0.100 - - [27/Jan/2026:18:15:39 +0000] "PUT /d1/825/AUTH_0ba9aba32adc4e04adc8b70a76b70122/gnocchi.0634b667-a10e-4e93-835a-aa0262f6b5d1/none_v3" 201 - "PUT http://172.18.0.2:8080/d1/332/AUTH_0ba9aba32adc4e04adc8b70a76b70122/gnocchi.0634b667-a10e-4e93-835a-aa0262f6b5d1/none_v3" "tx89a95fd8131448449dec2-00697900cb" "object-server 25" 0.0007 "-" 22 0
Jan 27 18:15:39 standalone object-server[127096]: 172.20.0.100 - - [27/Jan/2026:18:15:39 +0000] "PUT /d1/332/AUTH_0ba9aba32adc4e04adc8b70a76b70122/gnocchi.0634b667-a10e-4e93-835a-aa0262f6b5d1/none_v3" 201 - "PUT http://172.18.0.2:8080/v1/AUTH_0ba9aba32adc4e04adc8b70a76b70122/gnocchi.0634b667-a10e-4e93-835a-aa0262f6b5d1/none_v3" "tx89a95fd8131448449dec2-00697900cb" "proxy-server 20" 0.0082 "-" 25 0
Jan 27 18:15:39 standalone proxy-server[129066]: 172.18.0.2 172.18.0.100 27/Jan/2026/18/15/39 PUT /v1/AUTH_0ba9aba32adc4e04adc8b70a76b70122/gnocchi.0634b667-a10e-4e93-835a-aa0262f6b5d1/none_v3 HTTP/1.0 201 - python-swiftclient-3.11.1 gAAAAABpeQCPbRNX... 22 - - tx89a95fd8131448449dec2-00697900cb - 0.0137 - - 1769537739.679296970 1769537739.692981243 0
Jan 27 18:15:39 standalone container-server[126840]: 172.20.0.100 - - [27/Jan/2026:18:15:39 +0000] "HEAD /d1/461/AUTH_0ba9aba32adc4e04adc8b70a76b70122/gnocchi.cba4171f-e896-4c63-bd35-84e2ecb559e7" 404 - "HEAD http://172.18.0.2:8080/v1/AUTH_0ba9aba32adc4e04adc8b70a76b70122/gnocchi.cba4171f-e896-4c63-bd35-84e2ecb559e7?format=json&states=listing" "tx8f4fce120ea447caa88df-00697900cb" "proxy-server 20" 0.0008 "-" 21 0
Jan 27 18:15:39 standalone object-server[127089]: 172.20.0.100 - - [27/Jan/2026:18:15:39 +0000] "GET /d1/877/AUTH_0ba9aba32adc4e04adc8b70a76b70122/gnocchi.cba4171f-e896-4c63-bd35-84e2ecb559e7/none_v3" 404 70 "GET http://172.18.0.2:8080/v1/AUTH_0ba9aba32adc4e04adc8b70a76b70122/gnocchi.cba4171f-e896-4c63-bd35-84e2ecb559e7/none_v3" "tx8f4fce120ea447caa88df-00697900cb" "proxy-server 20" 0.0004 "-" 24 0
Jan 27 18:15:39 standalone proxy-server[129066]: 172.18.0.2 172.18.0.100 27/Jan/2026/18/15/39 GET /v1/AUTH_0ba9aba32adc4e04adc8b70a76b70122/gnocchi.cba4171f-e896-4c63-bd35-84e2ecb559e7/none_v3 HTTP/1.0 404 - python-swiftclient-3.11.1 gAAAAABpeQCPbRNX... - 70 - tx8f4fce120ea447caa88df-00697900cb - 0.0088 - - 1769537739.709322691 1769537739.718103409 0
Jan 27 18:15:39 standalone account-server[126762]: 172.20.0.100 - - [27/Jan/2026:18:15:39 +0000] "PUT /d1/1011/AUTH_0ba9aba32adc4e04adc8b70a76b70122/gnocchi.cba4171f-e896-4c63-bd35-84e2ecb559e7" 201 - "PUT http://172.20.0.100:6001/d1/461/AUTH_0ba9aba32adc4e04adc8b70a76b70122/gnocchi.cba4171f-e896-4c63-bd35-84e2ecb559e7" "tx6deeee1ec9d84f8e89fcc-00697900cb" "container-server 22" 0.0062 "-" 22 0
Jan 27 18:15:39 standalone container-server[126848]: 172.20.0.100 - - [27/Jan/2026:18:15:39 +0000] "PUT /d1/461/AUTH_0ba9aba32adc4e04adc8b70a76b70122/gnocchi.cba4171f-e896-4c63-bd35-84e2ecb559e7" 201 - "PUT http://172.18.0.2:8080/v1/AUTH_0ba9aba32adc4e04adc8b70a76b70122/gnocchi.cba4171f-e896-4c63-bd35-84e2ecb559e7" "tx6deeee1ec9d84f8e89fcc-00697900cb" "proxy-server 20" 0.0172 "-" 22 0
Jan 27 18:15:39 standalone proxy-server[129066]: 172.18.0.2 172.18.0.100 27/Jan/2026/18/15/39 PUT /v1/AUTH_0ba9aba32adc4e04adc8b70a76b70122/gnocchi.cba4171f-e896-4c63-bd35-84e2ecb559e7 HTTP/1.0 201 - python-swiftclient-3.11.1 gAAAAABpeQCPbRNX... - - - tx6deeee1ec9d84f8e89fcc-00697900cb - 0.0221 - - 1769537739.720011234 1769537739.742088079 0
Jan 27 18:15:39 standalone container-server[126840]: 172.20.0.100 - - [27/Jan/2026:18:15:39 +0000] "HEAD /d1/461/AUTH_0ba9aba32adc4e04adc8b70a76b70122/gnocchi.cba4171f-e896-4c63-bd35-84e2ecb559e7" 204 - "HEAD http://172.18.0.2:8080/v1/AUTH_0ba9aba32adc4e04adc8b70a76b70122/gnocchi.cba4171f-e896-4c63-bd35-84e2ecb559e7?format=json&states=listing" "txc4311c5563fa49979496c-00697900cb" "proxy-server 20" 0.0021 "-" 21 0
Jan 27 18:15:39 standalone proxy-server[129066]: - - 27/Jan/2026/18/15/39 HEAD /v1/AUTH_0ba9aba32adc4e04adc8b70a76b70122/gnocchi.cba4171f-e896-4c63-bd35-84e2ecb559e7%3Fformat%3Djson%26states%3Dlisting HTTP/1.0 204 - Swift - - - - txc4311c5563fa49979496c-00697900cb - 0.0060 RL - 1769537739.745835543 1769537739.751825809 0
Jan 27 18:15:39 standalone container-server[126840]: 172.20.0.100 - - [27/Jan/2026:18:15:39 +0000] "GET /d1/461/AUTH_0ba9aba32adc4e04adc8b70a76b70122/gnocchi.cba4171f-e896-4c63-bd35-84e2ecb559e7" 200 2 "GET http://172.18.0.2:8080/v1/AUTH_0ba9aba32adc4e04adc8b70a76b70122/gnocchi.cba4171f-e896-4c63-bd35-84e2ecb559e7?format=json&states=listing" "txc4311c5563fa49979496c-00697900cb" "proxy-server 20" 0.0018 "-" 21 0
Jan 27 18:15:39 standalone proxy-server[129066]: 172.18.0.2 172.18.0.100 27/Jan/2026/18/15/39 GET /v1/AUTH_0ba9aba32adc4e04adc8b70a76b70122/gnocchi.cba4171f-e896-4c63-bd35-84e2ecb559e7%3Fformat%3Djson%26states%3Dlisting HTTP/1.0 200 - python-swiftclient-3.11.1 gAAAAABpeQCPbRNX... - 2 - txc4311c5563fa49979496c-00697900cb - 0.0131 - - 1769537739.744841576 1769537739.757936239 0
Jan 27 18:15:39 standalone object-server[127089]: 172.20.0.100 - - [27/Jan/2026:18:15:39 +0000] "GET /d1/272/AUTH_0ba9aba32adc4e04adc8b70a76b70122/gnocchi.cba4171f-e896-4c63-bd35-84e2ecb559e7/1769040000.0_mean_300.0_v3" 404 70 "GET http://172.18.0.2:8080/v1/AUTH_0ba9aba32adc4e04adc8b70a76b70122/gnocchi.cba4171f-e896-4c63-bd35-84e2ecb559e7/1769040000.0_mean_300.0_v3" "tx4da14a9a59584c6b9c883-00697900cb" "proxy-server 20" 0.0004 "-" 24 0
Jan 27 18:15:39 standalone proxy-server[129066]: 172.18.0.2 172.18.0.100 27/Jan/2026/18/15/39 GET /v1/AUTH_0ba9aba32adc4e04adc8b70a76b70122/gnocchi.cba4171f-e896-4c63-bd35-84e2ecb559e7/1769040000.0_mean_300.0_v3 HTTP/1.0 404 - python-swiftclient-3.11.1 gAAAAABpeQCPbRNX... - 70 - tx4da14a9a59584c6b9c883-00697900cb - 0.0052 - - 1769537739.761186600 1769537739.766369104 0
Jan 27 18:15:39 standalone container-server[126840]: 172.20.0.100 - - [27/Jan/2026:18:15:39 +0000] "PUT /d1/461/AUTH_0ba9aba32adc4e04adc8b70a76b70122/gnocchi.cba4171f-e896-4c63-bd35-84e2ecb559e7/1769040000.0_mean_300.0_v3" 201 - "PUT http://172.18.0.2:8080/d1/272/AUTH_0ba9aba32adc4e04adc8b70a76b70122/gnocchi.cba4171f-e896-4c63-bd35-84e2ecb559e7/1769040000.0_mean_300.0_v3" "tx97a6dba81b06440896902-00697900cb" "object-server 24" 0.0006 "-" 21 0
Jan 27 18:15:39 standalone object-server[127089]: 172.20.0.100 - - [27/Jan/2026:18:15:39 +0000] "PUT /d1/272/AUTH_0ba9aba32adc4e04adc8b70a76b70122/gnocchi.cba4171f-e896-4c63-bd35-84e2ecb559e7/1769040000.0_mean_300.0_v3" 201 - "PUT http://172.18.0.2:8080/v1/AUTH_0ba9aba32adc4e04adc8b70a76b70122/gnocchi.cba4171f-e896-4c63-bd35-84e2ecb559e7/1769040000.0_mean_300.0_v3" "tx97a6dba81b06440896902-00697900cb" "proxy-server 20" 0.0147 "-" 24 0
Jan 27 18:15:39 standalone proxy-server[129066]: 172.18.0.2 172.18.0.100 27/Jan/2026/18/15/39 PUT /v1/AUTH_0ba9aba32adc4e04adc8b70a76b70122/gnocchi.cba4171f-e896-4c63-bd35-84e2ecb559e7/1769040000.0_mean_300.0_v3 HTTP/1.0 201 - python-swiftclient-3.11.1 gAAAAABpeQCPbRNX... 16 - - tx97a6dba81b06440896902-00697900cb - 0.0208 - - 1769537739.768525362 1769537739.789345026 0
Jan 27 18:15:39 standalone container-server[126831]: 172.20.0.100 - - [27/Jan/2026:18:15:39 +0000] "PUT /d1/461/AUTH_0ba9aba32adc4e04adc8b70a76b70122/gnocchi.cba4171f-e896-4c63-bd35-84e2ecb559e7/none_v3" 201 - "PUT http://172.18.0.2:8080/d1/877/AUTH_0ba9aba32adc4e04adc8b70a76b70122/gnocchi.cba4171f-e896-4c63-bd35-84e2ecb559e7/none_v3" "tx7198c403ead149a6be339-00697900cb" "object-server 24" 0.0004 "-" 20 0
Jan 27 18:15:39 standalone object-server[127089]: 172.20.0.100 - - [27/Jan/2026:18:15:39 +0000] "PUT /d1/877/AUTH_0ba9aba32adc4e04adc8b70a76b70122/gnocchi.cba4171f-e896-4c63-bd35-84e2ecb559e7/none_v3" 201 - "PUT http://172.18.0.2:8080/v1/AUTH_0ba9aba32adc4e04adc8b70a76b70122/gnocchi.cba4171f-e896-4c63-bd35-84e2ecb559e7/none_v3" "tx7198c403ead149a6be339-00697900cb" "proxy-server 20" 0.0188 "-" 24 0
Jan 27 18:15:39 standalone proxy-server[129066]: 172.18.0.2 172.18.0.100 27/Jan/2026/18/15/39 PUT /v1/AUTH_0ba9aba32adc4e04adc8b70a76b70122/gnocchi.cba4171f-e896-4c63-bd35-84e2ecb559e7/none_v3 HTTP/1.0 201 - python-swiftclient-3.11.1 gAAAAABpeQCPbRNX... 22 - - tx7198c403ead149a6be339-00697900cb - 0.0253 - - 1769537739.791595459 1769537739.816887617 0
Jan 27 18:15:45 standalone account-server[126765]: 172.20.0.100 - - [27/Jan/2026:18:15:45 +0000] "HEAD /d1/787/.expiring_objects" 404 - "HEAD http://localhost/v1/.expiring_objects?format=json" "tx249c18744b5044d4b57f5-00697900d1" "proxy-server 2" 0.0007 "-" 23 -
Jan 27 18:15:45 standalone object-expirer[126837]: Pass completed in 0s; 0 objects expired (txn: tx249c18744b5044d4b57f5-00697900d1)
Jan 27 18:15:45 standalone account-server[126751]: 172.20.0.100 - - [27/Jan/2026:18:15:45 +0000] "HEAD /d1/787/.expiring_objects" 404 - "HEAD http://localhost/v1/.expiring_objects?format=json" "tx169c1f6a74384a98855e0-00697900d1" "proxy-server 2" 0.0005 "-" 20 -
Jan 27 18:15:45 standalone object-expirer[126837]: Pass completed in 0s; 0 objects expired (txn: tx169c1f6a74384a98855e0-00697900d1)
Jan 27 18:15:47 standalone account-server[126751]: 172.20.0.100 - - [27/Jan/2026:18:15:47 +0000] "HEAD /d1/1011/AUTH_0ba9aba32adc4e04adc8b70a76b70122" 204 - "HEAD http://172.18.0.2:8080/v1/AUTH_0ba9aba32adc4e04adc8b70a76b70122?format=json" "tx70bc50fc1bc44c6782ba4-00697900d3" "proxy-server 20" 0.0057 "-" 20 -
Jan 27 18:15:47 standalone proxy-server[129066]: - - 27/Jan/2026/18/15/47 HEAD /v1/AUTH_0ba9aba32adc4e04adc8b70a76b70122%3Fformat%3Djson HTTP/1.0 204 - Swift - - - - tx70bc50fc1bc44c6782ba4-00697900d3 - 0.0095 RL - 1769537747.532589674 1769537747.542040586 -
Jan 27 18:15:47 standalone container-server[126840]: 172.20.0.100 - - [27/Jan/2026:18:15:47 +0000] "HEAD /d1/754/AUTH_0ba9aba32adc4e04adc8b70a76b70122/gnocchi.d4fa8954-f2fc-4781-be5a-75e6f36e25f1" 404 - "HEAD http://172.18.0.2:8080/v1/AUTH_0ba9aba32adc4e04adc8b70a76b70122/gnocchi.d4fa8954-f2fc-4781-be5a-75e6f36e25f1?format=json&states=listing" "tx70bc50fc1bc44c6782ba4-00697900d3" "proxy-server 20" 0.0010 "-" 21 0
Jan 27 18:15:47 standalone object-server[127078]: 172.20.0.100 - - [27/Jan/2026:18:15:47 +0000] "GET /d1/583/AUTH_0ba9aba32adc4e04adc8b70a76b70122/gnocchi.d4fa8954-f2fc-4781-be5a-75e6f36e25f1/none_v3" 404 70 "GET http://172.18.0.2:8080/v1/AUTH_0ba9aba32adc4e04adc8b70a76b70122/gnocchi.d4fa8954-f2fc-4781-be5a-75e6f36e25f1/none_v3" "tx70bc50fc1bc44c6782ba4-00697900d3" "proxy-server 20" 0.0011 "-" 23 0
Jan 27 18:15:47 standalone proxy-server[129066]: 172.18.0.2 172.18.0.100 27/Jan/2026/18/15/47 GET /v1/AUTH_0ba9aba32adc4e04adc8b70a76b70122/gnocchi.d4fa8954-f2fc-4781-be5a-75e6f36e25f1/none_v3 HTTP/1.0 404 - python-swiftclient-3.11.1 gAAAAABpeQCPbRNX... - 70 - tx70bc50fc1bc44c6782ba4-00697900d3 - 0.0240 - - 1769537747.531651497 1769537747.555631876 0
Jan 27 18:15:47 standalone account-server[126751]: 172.20.0.100 - - [27/Jan/2026:18:15:47 +0000] "PUT /d1/1011/AUTH_0ba9aba32adc4e04adc8b70a76b70122/gnocchi.d4fa8954-f2fc-4781-be5a-75e6f36e25f1" 201 - "PUT http://172.20.0.100:6001/d1/754/AUTH_0ba9aba32adc4e04adc8b70a76b70122/gnocchi.d4fa8954-f2fc-4781-be5a-75e6f36e25f1" "tx499f53d874fc4d4b90787-00697900d3" "container-server 19" 0.0032 "-" 20 0
Jan 27 18:15:47 standalone container-server[126820]: 172.20.0.100 - - [27/Jan/2026:18:15:47 +0000] "PUT /d1/754/AUTH_0ba9aba32adc4e04adc8b70a76b70122/gnocchi.d4fa8954-f2fc-4781-be5a-75e6f36e25f1" 201 - "PUT http://172.18.0.2:8080/v1/AUTH_0ba9aba32adc4e04adc8b70a76b70122/gnocchi.d4fa8954-f2fc-4781-be5a-75e6f36e25f1" "tx499f53d874fc4d4b90787-00697900d3" "proxy-server 20" 0.0150 "-" 19 0
Jan 27 18:15:47 standalone proxy-server[129066]: 172.18.0.2 172.18.0.100 27/Jan/2026/18/15/47 PUT /v1/AUTH_0ba9aba32adc4e04adc8b70a76b70122/gnocchi.d4fa8954-f2fc-4781-be5a-75e6f36e25f1 HTTP/1.0 201 - python-swiftclient-3.11.1 gAAAAABpeQCPbRNX... - - - tx499f53d874fc4d4b90787-00697900d3 - 0.0206 - - 1769537747.564934969 1769537747.585542679 0
Jan 27 18:15:47 standalone container-server[126840]: 172.20.0.100 - - [27/Jan/2026:18:15:47 +0000] "HEAD /d1/754/AUTH_0ba9aba32adc4e04adc8b70a76b70122/gnocchi.d4fa8954-f2fc-4781-be5a-75e6f36e25f1" 204 - "HEAD http://172.18.0.2:8080/v1/AUTH_0ba9aba32adc4e04adc8b70a76b70122/gnocchi.d4fa8954-f2fc-4781-be5a-75e6f36e25f1?format=json&states=listing" "txbcbd0cce10ff43f780134-00697900d3" "proxy-server 20" 0.0022 "-" 21 0
Jan 27 18:15:47 standalone proxy-server[129066]: - - 27/Jan/2026/18/15/47 HEAD /v1/AUTH_0ba9aba32adc4e04adc8b70a76b70122/gnocchi.d4fa8954-f2fc-4781-be5a-75e6f36e25f1%3Fformat%3Djson%26states%3Dlisting HTTP/1.0 204 - Swift - - - - txbcbd0cce10ff43f780134-00697900d3 - 0.0060 RL - 1769537747.590972662 1769537747.596961975 0
Jan 27 18:15:47 standalone container-server[126848]: 172.20.0.100 - - [27/Jan/2026:18:15:47 +0000] "GET /d1/754/AUTH_0ba9aba32adc4e04adc8b70a76b70122/gnocchi.d4fa8954-f2fc-4781-be5a-75e6f36e25f1" 200 2 "GET http://172.18.0.2:8080/v1/AUTH_0ba9aba32adc4e04adc8b70a76b70122/gnocchi.d4fa8954-f2fc-4781-be5a-75e6f36e25f1?format=json&states=listing" "txbcbd0cce10ff43f780134-00697900d3" "proxy-server 20" 0.0021 "-" 22 0
Jan 27 18:15:47 standalone proxy-server[129066]: 172.18.0.2 172.18.0.100 27/Jan/2026/18/15/47 GET /v1/AUTH_0ba9aba32adc4e04adc8b70a76b70122/gnocchi.d4fa8954-f2fc-4781-be5a-75e6f36e25f1%3Fformat%3Djson%26states%3Dlisting HTTP/1.0 200 - python-swiftclient-3.11.1 gAAAAABpeQCPbRNX... - 2 - txbcbd0cce10ff43f780134-00697900d3 - 0.0158 - - 1769537747.589892626 1769537747.605712652 0
Jan 27 18:15:47 standalone object-server[127096]: 172.20.0.100 - - [27/Jan/2026:18:15:47 +0000] "GET /d1/1000/AUTH_0ba9aba32adc4e04adc8b70a76b70122/gnocchi.d4fa8954-f2fc-4781-be5a-75e6f36e25f1/1769040000.0_mean_300.0_v3" 404 70 "GET http://172.18.0.2:8080/v1/AUTH_0ba9aba32adc4e04adc8b70a76b70122/gnocchi.d4fa8954-f2fc-4781-be5a-75e6f36e25f1/1769040000.0_mean_300.0_v3" "tx4917969d4d984c5581b55-00697900d3" "proxy-server 20" 0.0003 "-" 25 0
Jan 27 18:15:47 standalone proxy-server[129066]: 172.18.0.2 172.18.0.100 27/Jan/2026/18/15/47 GET /v1/AUTH_0ba9aba32adc4e04adc8b70a76b70122/gnocchi.d4fa8954-f2fc-4781-be5a-75e6f36e25f1/1769040000.0_mean_300.0_v3 HTTP/1.0 404 - python-swiftclient-3.11.1 gAAAAABpeQCPbRNX... - 70 - tx4917969d4d984c5581b55-00697900d3 - 0.0056 - - 1769537747.612303257 1769537747.617863178 0
Jan 27 18:15:47 standalone container-server[126820]: 172.20.0.100 - - [27/Jan/2026:18:15:47 +0000] "PUT /d1/754/AUTH_0ba9aba32adc4e04adc8b70a76b70122/gnocchi.d4fa8954-f2fc-4781-be5a-75e6f36e25f1/1769040000.0_mean_300.0_v3" 201 - "PUT http://172.18.0.2:8080/d1/1000/AUTH_0ba9aba32adc4e04adc8b70a76b70122/gnocchi.d4fa8954-f2fc-4781-be5a-75e6f36e25f1/1769040000.0_mean_300.0_v3" "tx79b1aa69c2024e2a9120e-00697900d3" "object-server 24" 0.0006 "-" 19 0
Jan 27 18:15:47 standalone object-server[127089]: 172.20.0.100 - - [27/Jan/2026:18:15:47 +0000] "PUT /d1/1000/AUTH_0ba9aba32adc4e04adc8b70a76b70122/gnocchi.d4fa8954-f2fc-4781-be5a-75e6f36e25f1/1769040000.0_mean_300.0_v3" 201 - "PUT http://172.18.0.2:8080/v1/AUTH_0ba9aba32adc4e04adc8b70a76b70122/gnocchi.d4fa8954-f2fc-4781-be5a-75e6f36e25f1/1769040000.0_mean_300.0_v3" "tx79b1aa69c2024e2a9120e-00697900d3" "proxy-server 20" 0.0081 "-" 24 0
Jan 27 18:15:47 standalone proxy-server[129066]: 172.18.0.2 172.18.0.100 27/Jan/2026/18/15/47 PUT /v1/AUTH_0ba9aba32adc4e04adc8b70a76b70122/gnocchi.d4fa8954-f2fc-4781-be5a-75e6f36e25f1/1769040000.0_mean_300.0_v3 HTTP/1.0 201 - python-swiftclient-3.11.1 gAAAAABpeQCPbRNX... 16 - - tx79b1aa69c2024e2a9120e-00697900d3 - 0.0144 - - 1769537747.621775389 1769537747.636125803 0
Jan 27 18:15:47 standalone container-server[126840]: 172.20.0.100 - - [27/Jan/2026:18:15:47 +0000] "PUT /d1/754/AUTH_0ba9aba32adc4e04adc8b70a76b70122/gnocchi.d4fa8954-f2fc-4781-be5a-75e6f36e25f1/none_v3" 201 - "PUT http://172.18.0.2:8080/d1/583/AUTH_0ba9aba32adc4e04adc8b70a76b70122/gnocchi.d4fa8954-f2fc-4781-be5a-75e6f36e25f1/none_v3" "tx09cc09e0598341759d586-00697900d3" "object-server 22" 0.0010 "-" 21 0
Jan 27 18:15:47 standalone object-server[127062]: 172.20.0.100 - - [27/Jan/2026:18:15:47 +0000] "PUT /d1/583/AUTH_0ba9aba32adc4e04adc8b70a76b70122/gnocchi.d4fa8954-f2fc-4781-be5a-75e6f36e25f1/none_v3" 201 - "PUT http://172.18.0.2:8080/v1/AUTH_0ba9aba32adc4e04adc8b70a76b70122/gnocchi.d4fa8954-f2fc-4781-be5a-75e6f36e25f1/none_v3" "tx09cc09e0598341759d586-00697900d3" "proxy-server 20" 0.0094 "-" 22 0
Jan 27 18:15:47 standalone proxy-server[129066]: 172.18.0.2 172.18.0.100 27/Jan/2026/18/15/47 PUT /v1/AUTH_0ba9aba32adc4e04adc8b70a76b70122/gnocchi.d4fa8954-f2fc-4781-be5a-75e6f36e25f1/none_v3 HTTP/1.0 201 - python-swiftclient-3.11.1 gAAAAABpeQCPbRNX... 22 - - tx09cc09e0598341759d586-00697900d3 - 0.0158 - - 1769537747.640332699 1769537747.656135321 0
Jan 27 18:15:47 standalone container-server[126820]: 172.20.0.100 - - [27/Jan/2026:18:15:47 +0000] "HEAD /d1/452/AUTH_0ba9aba32adc4e04adc8b70a76b70122/gnocchi.967264d1-436c-459d-aed1-9b203a136bca" 404 - "HEAD http://172.18.0.2:8080/v1/AUTH_0ba9aba32adc4e04adc8b70a76b70122/gnocchi.967264d1-436c-459d-aed1-9b203a136bca?format=json&states=listing" "tx81728722edaa42beab999-00697900d3" "proxy-server 20" 0.0006 "-" 19 0
Jan 27 18:15:47 standalone object-server[127089]: 172.20.0.100 - - [27/Jan/2026:18:15:47 +0000] "GET /d1/261/AUTH_0ba9aba32adc4e04adc8b70a76b70122/gnocchi.967264d1-436c-459d-aed1-9b203a136bca/none_v3" 404 70 "GET http://172.18.0.2:8080/v1/AUTH_0ba9aba32adc4e04adc8b70a76b70122/gnocchi.967264d1-436c-459d-aed1-9b203a136bca/none_v3" "tx81728722edaa42beab999-00697900d3" "proxy-server 20" 0.0003 "-" 24 0
Jan 27 18:15:47 standalone proxy-server[129066]: 172.18.0.2 172.18.0.100 27/Jan/2026/18/15/47 GET /v1/AUTH_0ba9aba32adc4e04adc8b70a76b70122/gnocchi.967264d1-436c-459d-aed1-9b203a136bca/none_v3 HTTP/1.0 404 - python-swiftclient-3.11.1 gAAAAABpeQCPbRNX... - 70 - tx81728722edaa42beab999-00697900d3 - 0.0128 - - 1769537747.673613310 1769537747.686444283 0
Jan 27 18:15:47 standalone account-server[126754]: 172.20.0.100 - - [27/Jan/2026:18:15:47 +0000] "PUT /d1/1011/AUTH_0ba9aba32adc4e04adc8b70a76b70122/gnocchi.967264d1-436c-459d-aed1-9b203a136bca" 201 - "PUT http://172.20.0.100:6001/d1/452/AUTH_0ba9aba32adc4e04adc8b70a76b70122/gnocchi.967264d1-436c-459d-aed1-9b203a136bca" "tx798914dc9b2e4416bdaed-00697900d3" "container-server 22" 0.0107 "-" 21 0
Jan 27 18:15:47 standalone container-server[126848]: 172.20.0.100 - - [27/Jan/2026:18:15:47 +0000] "PUT /d1/452/AUTH_0ba9aba32adc4e04adc8b70a76b70122/gnocchi.967264d1-436c-459d-aed1-9b203a136bca" 201 - "PUT http://172.18.0.2:8080/v1/AUTH_0ba9aba32adc4e04adc8b70a76b70122/gnocchi.967264d1-436c-459d-aed1-9b203a136bca" "tx798914dc9b2e4416bdaed-00697900d3" "proxy-server 20" 0.0299 "-" 22 0
Jan 27 18:15:47 standalone proxy-server[129066]: 172.18.0.2 172.18.0.100 27/Jan/2026/18/15/47 PUT /v1/AUTH_0ba9aba32adc4e04adc8b70a76b70122/gnocchi.967264d1-436c-459d-aed1-9b203a136bca HTTP/1.0 201 - python-swiftclient-3.11.1 gAAAAABpeQCPbRNX... - - - tx798914dc9b2e4416bdaed-00697900d3 - 0.0364 - - 1769537747.693366051 1769537747.729742765 0
Jan 27 18:15:47 standalone container-server[126840]: 172.20.0.100 - - [27/Jan/2026:18:15:47 +0000] "HEAD /d1/452/AUTH_0ba9aba32adc4e04adc8b70a76b70122/gnocchi.967264d1-436c-459d-aed1-9b203a136bca" 204 - "HEAD http://172.18.0.2:8080/v1/AUTH_0ba9aba32adc4e04adc8b70a76b70122/gnocchi.967264d1-436c-459d-aed1-9b203a136bca?format=json&states=listing" "tx8e899fab64be41c29b0d0-00697900d3" "proxy-server 20" 0.0017 "-" 21 0
Jan 27 18:15:47 standalone proxy-server[129066]: - - 27/Jan/2026/18/15/47 HEAD /v1/AUTH_0ba9aba32adc4e04adc8b70a76b70122/gnocchi.967264d1-436c-459d-aed1-9b203a136bca%3Fformat%3Djson%26states%3Dlisting HTTP/1.0 204 - Swift - - - - tx8e899fab64be41c29b0d0-00697900d3 - 0.0054 RL - 1769537747.738633394 1769537747.744080782 0
Jan 27 18:15:47 standalone container-server[126840]: 172.20.0.100 - - [27/Jan/2026:18:15:47 +0000] "GET /d1/452/AUTH_0ba9aba32adc4e04adc8b70a76b70122/gnocchi.967264d1-436c-459d-aed1-9b203a136bca" 200 2 "GET http://172.18.0.2:8080/v1/AUTH_0ba9aba32adc4e04adc8b70a76b70122/gnocchi.967264d1-436c-459d-aed1-9b203a136bca?format=json&states=listing" "tx8e899fab64be41c29b0d0-00697900d3" "proxy-server 20" 0.0028 "-" 21 0
Jan 27 18:15:47 standalone proxy-server[129066]: 172.18.0.2 172.18.0.100 27/Jan/2026/18/15/47 GET /v1/AUTH_0ba9aba32adc4e04adc8b70a76b70122/gnocchi.967264d1-436c-459d-aed1-9b203a136bca%3Fformat%3Djson%26states%3Dlisting HTTP/1.0 200 - python-swiftclient-3.11.1 gAAAAABpeQCPbRNX... - 2 - tx8e899fab64be41c29b0d0-00697900d3 - 0.0147 - - 1769537747.737691641 1769537747.752391100 0
Jan 27 18:15:47 standalone object-server[127062]: 172.20.0.100 - - [27/Jan/2026:18:15:47 +0000] "GET /d1/543/AUTH_0ba9aba32adc4e04adc8b70a76b70122/gnocchi.967264d1-436c-459d-aed1-9b203a136bca/1769040000.0_mean_300.0_v3" 404 70 "GET http://172.18.0.2:8080/v1/AUTH_0ba9aba32adc4e04adc8b70a76b70122/gnocchi.967264d1-436c-459d-aed1-9b203a136bca/1769040000.0_mean_300.0_v3" "tx252de11b83b445089275d-00697900d3" "proxy-server 20" 0.0003 "-" 22 0
Jan 27 18:15:47 standalone proxy-server[129066]: 172.18.0.2 172.18.0.100 27/Jan/2026/18/15/47 GET /v1/AUTH_0ba9aba32adc4e04adc8b70a76b70122/gnocchi.967264d1-436c-459d-aed1-9b203a136bca/1769040000.0_mean_300.0_v3 HTTP/1.0 404 - python-swiftclient-3.11.1 gAAAAABpeQCPbRNX... - 70 - tx252de11b83b445089275d-00697900d3 - 0.0054 - - 1769537747.755948067 1769537747.761346102 0
Jan 27 18:15:47 standalone container-server[126831]: 172.20.0.100 - - [27/Jan/2026:18:15:47 +0000] "PUT /d1/452/AUTH_0ba9aba32adc4e04adc8b70a76b70122/gnocchi.967264d1-436c-459d-aed1-9b203a136bca/1769040000.0_mean_300.0_v3" 201 - "PUT http://172.18.0.2:8080/d1/543/AUTH_0ba9aba32adc4e04adc8b70a76b70122/gnocchi.967264d1-436c-459d-aed1-9b203a136bca/1769040000.0_mean_300.0_v3" "txb5f1cee821f4420cb94d2-00697900d3" "object-server 23" 0.0008 "-" 20 0
Jan 27 18:15:47 standalone object-server[127078]: 172.20.0.100 - - [27/Jan/2026:18:15:47 +0000] "PUT /d1/543/AUTH_0ba9aba32adc4e04adc8b70a76b70122/gnocchi.967264d1-436c-459d-aed1-9b203a136bca/1769040000.0_mean_300.0_v3" 201 - "PUT http://172.18.0.2:8080/v1/AUTH_0ba9aba32adc4e04adc8b70a76b70122/gnocchi.967264d1-436c-459d-aed1-9b203a136bca/1769040000.0_mean_300.0_v3" "txb5f1cee821f4420cb94d2-00697900d3" "proxy-server 20" 0.0370 "-" 23 0
Jan 27 18:15:47 standalone proxy-server[129066]: 172.18.0.2 172.18.0.100 27/Jan/2026/18/15/47 PUT /v1/AUTH_0ba9aba32adc4e04adc8b70a76b70122/gnocchi.967264d1-436c-459d-aed1-9b203a136bca/1769040000.0_mean_300.0_v3 HTTP/1.0 201 - python-swiftclient-3.11.1 gAAAAABpeQCPbRNX... 16 - - txb5f1cee821f4420cb94d2-00697900d3 - 0.0448 - - 1769537747.764539957 1769537747.809383631 0
Jan 27 18:15:47 standalone container-server[126848]: 172.20.0.100 - - [27/Jan/2026:18:15:47 +0000] "PUT /d1/452/AUTH_0ba9aba32adc4e04adc8b70a76b70122/gnocchi.967264d1-436c-459d-aed1-9b203a136bca/none_v3" 201 - "PUT http://172.18.0.2:8080/d1/261/AUTH_0ba9aba32adc4e04adc8b70a76b70122/gnocchi.967264d1-436c-459d-aed1-9b203a136bca/none_v3" "tx1dd882e8d9a3489b8b63f-00697900d3" "object-server 24" 0.0006 "-" 22 0
Jan 27 18:15:47 standalone object-server[127089]: 172.20.0.100 - - [27/Jan/2026:18:15:47 +0000] "PUT /d1/261/AUTH_0ba9aba32adc4e04adc8b70a76b70122/gnocchi.967264d1-436c-459d-aed1-9b203a136bca/none_v3" 201 - "PUT http://172.18.0.2:8080/v1/AUTH_0ba9aba32adc4e04adc8b70a76b70122/gnocchi.967264d1-436c-459d-aed1-9b203a136bca/none_v3" "tx1dd882e8d9a3489b8b63f-00697900d3" "proxy-server 20" 0.0113 "-" 24 0
Jan 27 18:15:47 standalone proxy-server[129066]: 172.18.0.2 172.18.0.100 27/Jan/2026/18/15/47 PUT /v1/AUTH_0ba9aba32adc4e04adc8b70a76b70122/gnocchi.967264d1-436c-459d-aed1-9b203a136bca/none_v3 HTTP/1.0 201 - python-swiftclient-3.11.1 gAAAAABpeQCPbRNX... 22 - - tx1dd882e8d9a3489b8b63f-00697900d3 - 0.0160 - - 1769537747.811767340 1769537747.827754736 0
Jan 27 18:15:47 standalone container-server[126840]: 172.20.0.100 - - [27/Jan/2026:18:15:47 +0000] "HEAD /d1/312/AUTH_0ba9aba32adc4e04adc8b70a76b70122/gnocchi.1fa5a454-b9b0-4800-891c-2378458da32e" 404 - "HEAD http://172.18.0.2:8080/v1/AUTH_0ba9aba32adc4e04adc8b70a76b70122/gnocchi.1fa5a454-b9b0-4800-891c-2378458da32e?format=json&states=listing" "tx3a6192d88df3468899c4e-00697900d3" "proxy-server 20" 0.0006 "-" 21 0
Jan 27 18:15:47 standalone object-server[127078]: 172.20.0.100 - - [27/Jan/2026:18:15:47 +0000] "GET /d1/338/AUTH_0ba9aba32adc4e04adc8b70a76b70122/gnocchi.1fa5a454-b9b0-4800-891c-2378458da32e/none_v3" 404 70 "GET http://172.18.0.2:8080/v1/AUTH_0ba9aba32adc4e04adc8b70a76b70122/gnocchi.1fa5a454-b9b0-4800-891c-2378458da32e/none_v3" "tx3a6192d88df3468899c4e-00697900d3" "proxy-server 20" 0.0005 "-" 23 0
Jan 27 18:15:47 standalone proxy-server[129066]: 172.18.0.2 172.18.0.100 27/Jan/2026/18/15/47 GET /v1/AUTH_0ba9aba32adc4e04adc8b70a76b70122/gnocchi.1fa5a454-b9b0-4800-891c-2378458da32e/none_v3 HTTP/1.0 404 - python-swiftclient-3.11.1 gAAAAABpeQCPbRNX... - 70 - tx3a6192d88df3468899c4e-00697900d3 - 0.0115 - - 1769537747.842474937 1769537747.853967905 0
Jan 27 18:15:47 standalone account-server[126751]: 172.20.0.100 - - [27/Jan/2026:18:15:47 +0000] "PUT /d1/1011/AUTH_0ba9aba32adc4e04adc8b70a76b70122/gnocchi.1fa5a454-b9b0-4800-891c-2378458da32e" 201 - "PUT http://172.20.0.100:6001/d1/312/AUTH_0ba9aba32adc4e04adc8b70a76b70122/gnocchi.1fa5a454-b9b0-4800-891c-2378458da32e" "txed01912e7b37441baa1e0-00697900d3" "container-server 20" 0.0044 "-" 20 0
Jan 27 18:15:47 standalone container-server[126831]: 172.20.0.100 - - [27/Jan/2026:18:15:47 +0000] "PUT /d1/312/AUTH_0ba9aba32adc4e04adc8b70a76b70122/gnocchi.1fa5a454-b9b0-4800-891c-2378458da32e" 201 - "PUT http://172.18.0.2:8080/v1/AUTH_0ba9aba32adc4e04adc8b70a76b70122/gnocchi.1fa5a454-b9b0-4800-891c-2378458da32e" "txed01912e7b37441baa1e0-00697900d3" "proxy-server 20" 0.0181 "-" 20 0
