Jan 27 18:16:45 standalone container-server[126820]: 172.20.0.100 - - [27/Jan/2026:18:16:45 +0000] "PUT /d1/825/AUTH_0ba9aba32adc4e04adc8b70a76b70122/gnocchi.0634b667-a10e-4e93-835a-aa0262f6b5d1/1769040000.0_mean_300.0_v3" 201 - "PUT http://172.18.0.2:8080/d1/302/AUTH_0ba9aba32adc4e04adc8b70a76b70122/gnocchi.0634b667-a10e-4e93-835a-aa0262f6b5d1/1769040000.0_mean_300.0_v3" "tx06c84df8feea4aa9bcaa8-006979010d" "object-server 24" 0.0009 "-" 19 0
Jan 27 18:16:45 standalone object-server[127089]: 172.20.0.100 - - [27/Jan/2026:18:16:45 +0000] "PUT /d1/302/AUTH_0ba9aba32adc4e04adc8b70a76b70122/gnocchi.0634b667-a10e-4e93-835a-aa0262f6b5d1/1769040000.0_mean_300.0_v3" 201 - "PUT http://172.18.0.2:8080/v1/AUTH_0ba9aba32adc4e04adc8b70a76b70122/gnocchi.0634b667-a10e-4e93-835a-aa0262f6b5d1/1769040000.0_mean_300.0_v3" "tx06c84df8feea4aa9bcaa8-006979010d" "proxy-server 20" 0.0246 "-" 24 0
Jan 27 18:16:45 standalone proxy-server[129066]: 172.18.0.2 172.18.0.100 27/Jan/2026/18/16/45 PUT /v1/AUTH_0ba9aba32adc4e04adc8b70a76b70122/gnocchi.0634b667-a10e-4e93-835a-aa0262f6b5d1/1769040000.0_mean_300.0_v3 HTTP/1.0 201 - python-swiftclient-3.11.1 gAAAAABpeQCPbRNX... 16 - - tx06c84df8feea4aa9bcaa8-006979010d - 0.0361 - - 1769537805.422654390 1769537805.458744287 0
Jan 27 18:16:45 standalone container-server[126848]: 172.20.0.100 - - [27/Jan/2026:18:16:45 +0000] "PUT /d1/825/AUTH_0ba9aba32adc4e04adc8b70a76b70122/gnocchi.0634b667-a10e-4e93-835a-aa0262f6b5d1/none_v3" 201 - "PUT http://172.18.0.2:8080/d1/332/AUTH_0ba9aba32adc4e04adc8b70a76b70122/gnocchi.0634b667-a10e-4e93-835a-aa0262f6b5d1/none_v3" "tx06b364d05f0c4503acb3a-006979010d" "object-server 24" 0.0005 "-" 22 0
Jan 27 18:16:45 standalone object-server[127089]: 172.20.0.100 - - [27/Jan/2026:18:16:45 +0000] "PUT /d1/332/AUTH_0ba9aba32adc4e04adc8b70a76b70122/gnocchi.0634b667-a10e-4e93-835a-aa0262f6b5d1/none_v3" 201 - "PUT http://172.18.0.2:8080/v1/AUTH_0ba9aba32adc4e04adc8b70a76b70122/gnocchi.0634b667-a10e-4e93-835a-aa0262f6b5d1/none_v3" "tx06b364d05f0c4503acb3a-006979010d" "proxy-server 20" 0.0158 "-" 24 0
Jan 27 18:16:45 standalone proxy-server[129066]: 172.18.0.2 172.18.0.100 27/Jan/2026/18/16/45 PUT /v1/AUTH_0ba9aba32adc4e04adc8b70a76b70122/gnocchi.0634b667-a10e-4e93-835a-aa0262f6b5d1/none_v3 HTTP/1.0 201 - python-swiftclient-3.11.1 gAAAAABpeQCPbRNX... 48 - - tx06b364d05f0c4503acb3a-006979010d - 0.0278 - - 1769537805.462448359 1769537805.490288973 0
Jan 27 18:16:45 standalone object-server[127078]: 172.20.0.100 - - [27/Jan/2026:18:16:45 +0000] "GET /d1/877/AUTH_0ba9aba32adc4e04adc8b70a76b70122/gnocchi.cba4171f-e896-4c63-bd35-84e2ecb559e7/none_v3" 200 33 "GET http://172.18.0.2:8080/v1/AUTH_0ba9aba32adc4e04adc8b70a76b70122/gnocchi.cba4171f-e896-4c63-bd35-84e2ecb559e7/none_v3" "tx8170f4f8f53d4f06b42f8-006979010d" "proxy-server 20" 0.0011 "-" 23 0
Jan 27 18:16:45 standalone proxy-server[129066]: 172.18.0.2 172.18.0.100 27/Jan/2026/18/16/45 GET /v1/AUTH_0ba9aba32adc4e04adc8b70a76b70122/gnocchi.cba4171f-e896-4c63-bd35-84e2ecb559e7/none_v3 HTTP/1.0 200 - python-swiftclient-3.11.1 gAAAAABpeQCPbRNX... - 33 - tx8170f4f8f53d4f06b42f8-006979010d - 0.0303 - - 1769537805.524187803 1769537805.554438353 0
Jan 27 18:16:45 standalone container-server[126840]: 172.20.0.100 - - [27/Jan/2026:18:16:45 +0000] "GET /d1/461/AUTH_0ba9aba32adc4e04adc8b70a76b70122/gnocchi.cba4171f-e896-4c63-bd35-84e2ecb559e7" 200 357 "GET http://172.18.0.2:8080/v1/AUTH_0ba9aba32adc4e04adc8b70a76b70122/gnocchi.cba4171f-e896-4c63-bd35-84e2ecb559e7?format=json&states=listing" "tx0ad00deddad740c2a707f-006979010d" "proxy-server 20" 0.0105 "-" 21 0
Jan 27 18:16:45 standalone proxy-server[129066]: 172.18.0.2 172.18.0.100 27/Jan/2026/18/16/45 GET /v1/AUTH_0ba9aba32adc4e04adc8b70a76b70122/gnocchi.cba4171f-e896-4c63-bd35-84e2ecb559e7%3Fformat%3Djson%26states%3Dlisting HTTP/1.0 200 - python-swiftclient-3.11.1 gAAAAABpeQCPbRNX... - 357 - tx0ad00deddad740c2a707f-006979010d - 0.0184 - - 1769537805.559140444 1769537805.577496767 0
Jan 27 18:16:45 standalone container-server[126848]: 172.20.0.100 - - [27/Jan/2026:18:16:45 +0000] "GET /d1/461/AUTH_0ba9aba32adc4e04adc8b70a76b70122/gnocchi.cba4171f-e896-4c63-bd35-84e2ecb559e7" 200 2 "GET http://172.18.0.2:8080/v1/AUTH_0ba9aba32adc4e04adc8b70a76b70122/gnocchi.cba4171f-e896-4c63-bd35-84e2ecb559e7?format=json&marker=none_v3&states=listing" "txb4b30139abc142df8c5de-006979010d" "proxy-server 20" 0.0045 "-" 22 0
Jan 27 18:16:45 standalone proxy-server[129066]: 172.18.0.2 172.18.0.100 27/Jan/2026/18/16/45 GET /v1/AUTH_0ba9aba32adc4e04adc8b70a76b70122/gnocchi.cba4171f-e896-4c63-bd35-84e2ecb559e7%3Fformat%3Djson%26marker%3Dnone_v3%26states%3Dlisting HTTP/1.0 200 - python-swiftclient-3.11.1 gAAAAABpeQCPbRNX... - 2 - txb4b30139abc142df8c5de-006979010d - 0.0128 - - 1769537805.581188440 1769537805.594000816 0
Jan 27 18:16:45 standalone object-server[127062]: 172.20.0.100 - - [27/Jan/2026:18:16:45 +0000] "GET /d1/272/AUTH_0ba9aba32adc4e04adc8b70a76b70122/gnocchi.cba4171f-e896-4c63-bd35-84e2ecb559e7/1769040000.0_mean_300.0_v3" 200 16 "GET http://172.18.0.2:8080/v1/AUTH_0ba9aba32adc4e04adc8b70a76b70122/gnocchi.cba4171f-e896-4c63-bd35-84e2ecb559e7/1769040000.0_mean_300.0_v3" "tx45c60b8901d94381bfe1d-006979010d" "proxy-server 20" 0.0007 "-" 22 0
Jan 27 18:16:45 standalone proxy-server[129066]: 172.18.0.2 172.18.0.100 27/Jan/2026/18/16/45 GET /v1/AUTH_0ba9aba32adc4e04adc8b70a76b70122/gnocchi.cba4171f-e896-4c63-bd35-84e2ecb559e7/1769040000.0_mean_300.0_v3 HTTP/1.0 200 - python-swiftclient-3.11.1 gAAAAABpeQCPbRNX... - 16 - tx45c60b8901d94381bfe1d-006979010d - 0.0106 - - 1769537805.597407341 1769537805.608056545 0
Jan 27 18:16:45 standalone container-server[126840]: 172.20.0.100 - - [27/Jan/2026:18:16:45 +0000] "PUT /d1/461/AUTH_0ba9aba32adc4e04adc8b70a76b70122/gnocchi.cba4171f-e896-4c63-bd35-84e2ecb559e7/1769040000.0_mean_300.0_v3" 201 - "PUT http://172.18.0.2:8080/d1/272/AUTH_0ba9aba32adc4e04adc8b70a76b70122/gnocchi.cba4171f-e896-4c63-bd35-84e2ecb559e7/1769040000.0_mean_300.0_v3" "tx42b11a398a3046a5be9de-006979010d" "object-server 24" 0.0008 "-" 21 0
Jan 27 18:16:45 standalone object-server[127089]: 172.20.0.100 - - [27/Jan/2026:18:16:45 +0000] "PUT /d1/272/AUTH_0ba9aba32adc4e04adc8b70a76b70122/gnocchi.cba4171f-e896-4c63-bd35-84e2ecb559e7/1769040000.0_mean_300.0_v3" 201 - "PUT http://172.18.0.2:8080/v1/AUTH_0ba9aba32adc4e04adc8b70a76b70122/gnocchi.cba4171f-e896-4c63-bd35-84e2ecb559e7/1769040000.0_mean_300.0_v3" "tx42b11a398a3046a5be9de-006979010d" "proxy-server 20" 0.0952 "-" 24 0
Jan 27 18:16:45 standalone proxy-server[129066]: 172.18.0.2 172.18.0.100 27/Jan/2026/18/16/45 PUT /v1/AUTH_0ba9aba32adc4e04adc8b70a76b70122/gnocchi.cba4171f-e896-4c63-bd35-84e2ecb559e7/1769040000.0_mean_300.0_v3 HTTP/1.0 201 - python-swiftclient-3.11.1 gAAAAABpeQCPbRNX... 16 - - tx42b11a398a3046a5be9de-006979010d - 0.1015 - - 1769537805.611091375 1769537805.712543964 0
Jan 27 18:16:45 standalone container-server[126840]: 172.20.0.100 - - [27/Jan/2026:18:16:45 +0000] "PUT /d1/461/AUTH_0ba9aba32adc4e04adc8b70a76b70122/gnocchi.cba4171f-e896-4c63-bd35-84e2ecb559e7/none_v3" 201 - "PUT http://172.18.0.2:8080/d1/877/AUTH_0ba9aba32adc4e04adc8b70a76b70122/gnocchi.cba4171f-e896-4c63-bd35-84e2ecb559e7/none_v3" "tx6ff48e84e1e943e192199-006979010d" "object-server 24" 0.0009 "-" 21 0
Jan 27 18:16:45 standalone object-server[127089]: 172.20.0.100 - - [27/Jan/2026:18:16:45 +0000] "PUT /d1/877/AUTH_0ba9aba32adc4e04adc8b70a76b70122/gnocchi.cba4171f-e896-4c63-bd35-84e2ecb559e7/none_v3" 201 - "PUT http://172.18.0.2:8080/v1/AUTH_0ba9aba32adc4e04adc8b70a76b70122/gnocchi.cba4171f-e896-4c63-bd35-84e2ecb559e7/none_v3" "tx6ff48e84e1e943e192199-006979010d" "proxy-server 20" 0.0850 "-" 24 0
Jan 27 18:16:45 standalone proxy-server[129066]: 172.18.0.2 172.18.0.100 27/Jan/2026/18/16/45 PUT /v1/AUTH_0ba9aba32adc4e04adc8b70a76b70122/gnocchi.cba4171f-e896-4c63-bd35-84e2ecb559e7/none_v3 HTTP/1.0 201 - python-swiftclient-3.11.1 gAAAAABpeQCPbRNX... 48 - - tx6ff48e84e1e943e192199-006979010d - 0.0936 - - 1769537805.716763735 1769537805.810367346 0
Jan 27 18:16:47 standalone object-server[127089]: 172.20.0.100 - - [27/Jan/2026:18:16:47 +0000] "GET /d1/222/AUTH_0ba9aba32adc4e04adc8b70a76b70122/gnocchi.31159aba-52e7-45a0-a5b7-ad9db399f8c5/none_v3" 200 22 "GET http://172.18.0.2:8080/v1/AUTH_0ba9aba32adc4e04adc8b70a76b70122/gnocchi.31159aba-52e7-45a0-a5b7-ad9db399f8c5/none_v3" "txa417332c2caa4dccbddef-006979010f" "proxy-server 20" 0.0014 "-" 24 0
Jan 27 18:16:47 standalone proxy-server[129066]: 172.18.0.2 172.18.0.100 27/Jan/2026/18/16/47 GET /v1/AUTH_0ba9aba32adc4e04adc8b70a76b70122/gnocchi.31159aba-52e7-45a0-a5b7-ad9db399f8c5/none_v3 HTTP/1.0 200 - python-swiftclient-3.11.1 gAAAAABpeQCPbRNX... - 22 - txa417332c2caa4dccbddef-006979010f - 0.0089 - - 1769537807.109694004 1769537807.118636370 0
Jan 27 18:16:47 standalone container-server[126840]: 172.20.0.100 - - [27/Jan/2026:18:16:47 +0000] "GET /d1/723/AUTH_0ba9aba32adc4e04adc8b70a76b70122/gnocchi.31159aba-52e7-45a0-a5b7-ad9db399f8c5" 200 357 "GET http://172.18.0.2:8080/v1/AUTH_0ba9aba32adc4e04adc8b70a76b70122/gnocchi.31159aba-52e7-45a0-a5b7-ad9db399f8c5?format=json&states=listing" "tx39e6e0426d3a4cfebae53-006979010f" "proxy-server 20" 0.0082 "-" 21 0
Jan 27 18:16:47 standalone proxy-server[129066]: 172.18.0.2 172.18.0.100 27/Jan/2026/18/16/47 GET /v1/AUTH_0ba9aba32adc4e04adc8b70a76b70122/gnocchi.31159aba-52e7-45a0-a5b7-ad9db399f8c5%3Fformat%3Djson%26states%3Dlisting HTTP/1.0 200 - python-swiftclient-3.11.1 gAAAAABpeQCPbRNX... - 357 - tx39e6e0426d3a4cfebae53-006979010f - 0.0138 - - 1769537807.121542692 1769537807.135373592 0
Jan 27 18:16:47 standalone container-server[126848]: 172.20.0.100 - - [27/Jan/2026:18:16:47 +0000] "GET /d1/723/AUTH_0ba9aba32adc4e04adc8b70a76b70122/gnocchi.31159aba-52e7-45a0-a5b7-ad9db399f8c5" 200 2 "GET http://172.18.0.2:8080/v1/AUTH_0ba9aba32adc4e04adc8b70a76b70122/gnocchi.31159aba-52e7-45a0-a5b7-ad9db399f8c5?format=json&marker=none_v3&states=listing" "txf53c85e2cf89492dbafa1-006979010f" "proxy-server 20" 0.0042 "-" 22 0
Jan 27 18:16:47 standalone proxy-server[129066]: 172.18.0.2 172.18.0.100 27/Jan/2026/18/16/47 GET /v1/AUTH_0ba9aba32adc4e04adc8b70a76b70122/gnocchi.31159aba-52e7-45a0-a5b7-ad9db399f8c5%3Fformat%3Djson%26marker%3Dnone_v3%26states%3Dlisting HTTP/1.0 200 - python-swiftclient-3.11.1 gAAAAABpeQCPbRNX... - 2 - txf53c85e2cf89492dbafa1-006979010f - 0.0100 - - 1769537807.137510538 1769537807.147497892 0
Jan 27 18:16:47 standalone object-server[127089]: 172.20.0.100 - - [27/Jan/2026:18:16:47 +0000] "GET /d1/487/AUTH_0ba9aba32adc4e04adc8b70a76b70122/gnocchi.31159aba-52e7-45a0-a5b7-ad9db399f8c5/1769040000.0_mean_300.0_v3" 200 16 "GET http://172.18.0.2:8080/v1/AUTH_0ba9aba32adc4e04adc8b70a76b70122/gnocchi.31159aba-52e7-45a0-a5b7-ad9db399f8c5/1769040000.0_mean_300.0_v3" "txbeb6f61d00c24a6fb2025-006979010f" "proxy-server 20" 0.0007 "-" 24 0
Jan 27 18:16:47 standalone proxy-server[129066]: 172.18.0.2 172.18.0.100 27/Jan/2026/18/16/47 GET /v1/AUTH_0ba9aba32adc4e04adc8b70a76b70122/gnocchi.31159aba-52e7-45a0-a5b7-ad9db399f8c5/1769040000.0_mean_300.0_v3 HTTP/1.0 200 - python-swiftclient-3.11.1 gAAAAABpeQCPbRNX... - 16 - txbeb6f61d00c24a6fb2025-006979010f - 0.0063 - - 1769537807.150344849 1769537807.156672716 0
Jan 27 18:16:47 standalone container-server[126840]: 172.20.0.100 - - [27/Jan/2026:18:16:47 +0000] "PUT /d1/723/AUTH_0ba9aba32adc4e04adc8b70a76b70122/gnocchi.31159aba-52e7-45a0-a5b7-ad9db399f8c5/1769040000.0_mean_300.0_v3" 201 - "PUT http://172.18.0.2:8080/d1/487/AUTH_0ba9aba32adc4e04adc8b70a76b70122/gnocchi.31159aba-52e7-45a0-a5b7-ad9db399f8c5/1769040000.0_mean_300.0_v3" "tx2ec1c382b4304299b82a1-006979010f" "object-server 23" 0.0010 "-" 21 0
Jan 27 18:16:47 standalone object-server[127078]: 172.20.0.100 - - [27/Jan/2026:18:16:47 +0000] "PUT /d1/487/AUTH_0ba9aba32adc4e04adc8b70a76b70122/gnocchi.31159aba-52e7-45a0-a5b7-ad9db399f8c5/1769040000.0_mean_300.0_v3" 201 - "PUT http://172.18.0.2:8080/v1/AUTH_0ba9aba32adc4e04adc8b70a76b70122/gnocchi.31159aba-52e7-45a0-a5b7-ad9db399f8c5/1769040000.0_mean_300.0_v3" "tx2ec1c382b4304299b82a1-006979010f" "proxy-server 20" 0.0245 "-" 23 0
Jan 27 18:16:47 standalone proxy-server[129066]: 172.18.0.2 172.18.0.100 27/Jan/2026/18/16/47 PUT /v1/AUTH_0ba9aba32adc4e04adc8b70a76b70122/gnocchi.31159aba-52e7-45a0-a5b7-ad9db399f8c5/1769040000.0_mean_300.0_v3 HTTP/1.0 201 - python-swiftclient-3.11.1 gAAAAABpeQCPbRNX... 16 - - tx2ec1c382b4304299b82a1-006979010f - 0.0285 - - 1769537807.158977270 1769537807.187444925 0
Jan 27 18:16:47 standalone container-server[126831]: 172.20.0.100 - - [27/Jan/2026:18:16:47 +0000] "PUT /d1/723/AUTH_0ba9aba32adc4e04adc8b70a76b70122/gnocchi.31159aba-52e7-45a0-a5b7-ad9db399f8c5/none_v3" 201 - "PUT http://172.18.0.2:8080/d1/222/AUTH_0ba9aba32adc4e04adc8b70a76b70122/gnocchi.31159aba-52e7-45a0-a5b7-ad9db399f8c5/none_v3" "txa532d9ddd6244a0e9e77c-006979010f" "object-server 23" 0.0006 "-" 20 0
Jan 27 18:16:47 standalone object-server[127078]: 172.20.0.100 - - [27/Jan/2026:18:16:47 +0000] "PUT /d1/222/AUTH_0ba9aba32adc4e04adc8b70a76b70122/gnocchi.31159aba-52e7-45a0-a5b7-ad9db399f8c5/none_v3" 201 - "PUT http://172.18.0.2:8080/v1/AUTH_0ba9aba32adc4e04adc8b70a76b70122/gnocchi.31159aba-52e7-45a0-a5b7-ad9db399f8c5/none_v3" "txa532d9ddd6244a0e9e77c-006979010f" "proxy-server 20" 0.0160 "-" 23 0
Jan 27 18:16:47 standalone proxy-server[129066]: 172.18.0.2 172.18.0.100 27/Jan/2026/18/16/47 PUT /v1/AUTH_0ba9aba32adc4e04adc8b70a76b70122/gnocchi.31159aba-52e7-45a0-a5b7-ad9db399f8c5/none_v3 HTTP/1.0 201 - python-swiftclient-3.11.1 gAAAAABpeQCPbRNX... 31 - - txa532d9ddd6244a0e9e77c-006979010f - 0.0361 - - 1769537807.202634811 1769537807.238692760 0
Jan 27 18:16:55 standalone account-server[126754]: 172.20.0.100 - - [27/Jan/2026:18:16:55 +0000] "HEAD /d1/1011/AUTH_0ba9aba32adc4e04adc8b70a76b70122" 204 - "HEAD http://172.18.0.2:8080/v1/AUTH_0ba9aba32adc4e04adc8b70a76b70122?format=json" "tx16bcb91bd0a6417b898b9-0069790117" "proxy-server 20" 0.0075 "-" 21 -
Jan 27 18:16:55 standalone proxy-server[129066]: - - 27/Jan/2026/18/16/55 HEAD /v1/AUTH_0ba9aba32adc4e04adc8b70a76b70122%3Fformat%3Djson HTTP/1.0 204 - Swift - - - - tx16bcb91bd0a6417b898b9-0069790117 - 0.0120 RL - 1769537815.454356194 1769537815.466320753 -
Jan 27 18:16:55 standalone object-server[127062]: 172.20.0.100 - - [27/Jan/2026:18:16:55 +0000] "GET /d1/222/AUTH_0ba9aba32adc4e04adc8b70a76b70122/gnocchi.31159aba-52e7-45a0-a5b7-ad9db399f8c5/none_v3" 200 31 "GET http://172.18.0.2:8080/v1/AUTH_0ba9aba32adc4e04adc8b70a76b70122/gnocchi.31159aba-52e7-45a0-a5b7-ad9db399f8c5/none_v3" "tx16bcb91bd0a6417b898b9-0069790117" "proxy-server 20" 0.0014 "-" 22 0
Jan 27 18:16:55 standalone proxy-server[129066]: 172.18.0.2 172.18.0.100 27/Jan/2026/18/16/55 GET /v1/AUTH_0ba9aba32adc4e04adc8b70a76b70122/gnocchi.31159aba-52e7-45a0-a5b7-ad9db399f8c5/none_v3 HTTP/1.0 200 - python-swiftclient-3.11.1 gAAAAABpeQCPbRNX... - 31 - tx16bcb91bd0a6417b898b9-0069790117 - 0.0240 - - 1769537815.453395128 1769537815.477414131 0
Jan 27 18:16:55 standalone container-server[126831]: 172.20.0.100 - - [27/Jan/2026:18:16:55 +0000] "GET /d1/723/AUTH_0ba9aba32adc4e04adc8b70a76b70122/gnocchi.31159aba-52e7-45a0-a5b7-ad9db399f8c5" 200 357 "GET http://172.18.0.2:8080/v1/AUTH_0ba9aba32adc4e04adc8b70a76b70122/gnocchi.31159aba-52e7-45a0-a5b7-ad9db399f8c5?format=json&states=listing" "txa760b7659e8441c987d5c-0069790117" "proxy-server 20" 0.0084 "-" 20 0
Jan 27 18:16:55 standalone proxy-server[129066]: 172.18.0.2 172.18.0.100 27/Jan/2026/18/16/55 GET /v1/AUTH_0ba9aba32adc4e04adc8b70a76b70122/gnocchi.31159aba-52e7-45a0-a5b7-ad9db399f8c5%3Fformat%3Djson%26states%3Dlisting HTTP/1.0 200 - python-swiftclient-3.11.1 gAAAAABpeQCPbRNX... - 357 - txa760b7659e8441c987d5c-0069790117 - 0.0200 - - 1769537815.484152317 1769537815.504104853 0
Jan 27 18:16:55 standalone container-server[126840]: 172.20.0.100 - - [27/Jan/2026:18:16:55 +0000] "GET /d1/723/AUTH_0ba9aba32adc4e04adc8b70a76b70122/gnocchi.31159aba-52e7-45a0-a5b7-ad9db399f8c5" 200 2 "GET http://172.18.0.2:8080/v1/AUTH_0ba9aba32adc4e04adc8b70a76b70122/gnocchi.31159aba-52e7-45a0-a5b7-ad9db399f8c5?format=json&marker=none_v3&states=listing" "tx056994a944844c40a165d-0069790117" "proxy-server 20" 0.0044 "-" 21 0
Jan 27 18:16:55 standalone proxy-server[129066]: 172.18.0.2 172.18.0.100 27/Jan/2026/18/16/55 GET /v1/AUTH_0ba9aba32adc4e04adc8b70a76b70122/gnocchi.31159aba-52e7-45a0-a5b7-ad9db399f8c5%3Fformat%3Djson%26marker%3Dnone_v3%26states%3Dlisting HTTP/1.0 200 - python-swiftclient-3.11.1 gAAAAABpeQCPbRNX... - 2 - tx056994a944844c40a165d-0069790117 - 0.0140 - - 1769537815.508477926 1769537815.522463799 0
Jan 27 18:16:55 standalone object-server[127078]: 172.20.0.100 - - [27/Jan/2026:18:16:55 +0000] "GET /d1/487/AUTH_0ba9aba32adc4e04adc8b70a76b70122/gnocchi.31159aba-52e7-45a0-a5b7-ad9db399f8c5/1769040000.0_mean_300.0_v3" 200 16 "GET http://172.18.0.2:8080/v1/AUTH_0ba9aba32adc4e04adc8b70a76b70122/gnocchi.31159aba-52e7-45a0-a5b7-ad9db399f8c5/1769040000.0_mean_300.0_v3" "txc9e6bae00112409988545-0069790117" "proxy-server 20" 0.0009 "-" 23 0
Jan 27 18:16:55 standalone proxy-server[129066]: 172.18.0.2 172.18.0.100 27/Jan/2026/18/16/55 GET /v1/AUTH_0ba9aba32adc4e04adc8b70a76b70122/gnocchi.31159aba-52e7-45a0-a5b7-ad9db399f8c5/1769040000.0_mean_300.0_v3 HTTP/1.0 200 - python-swiftclient-3.11.1 gAAAAABpeQCPbRNX... - 16 - txc9e6bae00112409988545-0069790117 - 0.0098 - - 1769537815.528026104 1769537815.537786007 0
Jan 27 18:16:55 standalone container-server[126840]: 172.20.0.100 - - [27/Jan/2026:18:16:55 +0000] "PUT /d1/723/AUTH_0ba9aba32adc4e04adc8b70a76b70122/gnocchi.31159aba-52e7-45a0-a5b7-ad9db399f8c5/1769040000.0_mean_300.0_v3" 201 - "PUT http://172.18.0.2:8080/d1/487/AUTH_0ba9aba32adc4e04adc8b70a76b70122/gnocchi.31159aba-52e7-45a0-a5b7-ad9db399f8c5/1769040000.0_mean_300.0_v3" "tx2a9e94e6e24746d0bf6c2-0069790117" "object-server 23" 0.0009 "-" 21 0
Jan 27 18:16:55 standalone object-server[127078]: 172.20.0.100 - - [27/Jan/2026:18:16:55 +0000] "PUT /d1/487/AUTH_0ba9aba32adc4e04adc8b70a76b70122/gnocchi.31159aba-52e7-45a0-a5b7-ad9db399f8c5/1769040000.0_mean_300.0_v3" 201 - "PUT http://172.18.0.2:8080/v1/AUTH_0ba9aba32adc4e04adc8b70a76b70122/gnocchi.31159aba-52e7-45a0-a5b7-ad9db399f8c5/1769040000.0_mean_300.0_v3" "tx2a9e94e6e24746d0bf6c2-0069790117" "proxy-server 20" 0.0092 "-" 23 0
Jan 27 18:16:55 standalone proxy-server[129066]: 172.18.0.2 172.18.0.100 27/Jan/2026/18/16/55 PUT /v1/AUTH_0ba9aba32adc4e04adc8b70a76b70122/gnocchi.31159aba-52e7-45a0-a5b7-ad9db399f8c5/1769040000.0_mean_300.0_v3 HTTP/1.0 201 - python-swiftclient-3.11.1 gAAAAABpeQCPbRNX... 16 - - tx2a9e94e6e24746d0bf6c2-0069790117 - 0.0196 - - 1769537815.544131756 1769537815.563733578 0
Jan 27 18:16:55 standalone container-server[126820]: 172.20.0.100 - - [27/Jan/2026:18:16:55 +0000] "PUT /d1/723/AUTH_0ba9aba32adc4e04adc8b70a76b70122/gnocchi.31159aba-52e7-45a0-a5b7-ad9db399f8c5/none_v3" 201 - "PUT http://172.18.0.2:8080/d1/222/AUTH_0ba9aba32adc4e04adc8b70a76b70122/gnocchi.31159aba-52e7-45a0-a5b7-ad9db399f8c5/none_v3" "tx6c57d49318ed426580de4-0069790117" "object-server 25" 0.0006 "-" 19 0
Jan 27 18:16:55 standalone object-server[127096]: 172.20.0.100 - - [27/Jan/2026:18:16:55 +0000] "PUT /d1/222/AUTH_0ba9aba32adc4e04adc8b70a76b70122/gnocchi.31159aba-52e7-45a0-a5b7-ad9db399f8c5/none_v3" 201 - "PUT http://172.18.0.2:8080/v1/AUTH_0ba9aba32adc4e04adc8b70a76b70122/gnocchi.31159aba-52e7-45a0-a5b7-ad9db399f8c5/none_v3" "tx6c57d49318ed426580de4-0069790117" "proxy-server 20" 0.0097 "-" 25 0
Jan 27 18:16:55 standalone proxy-server[129066]: 172.18.0.2 172.18.0.100 27/Jan/2026/18/16/55 PUT /v1/AUTH_0ba9aba32adc4e04adc8b70a76b70122/gnocchi.31159aba-52e7-45a0-a5b7-ad9db399f8c5/none_v3 HTTP/1.0 201 - python-swiftclient-3.11.1 gAAAAABpeQCPbRNX... 46 - - tx6c57d49318ed426580de4-0069790117 - 0.0183 - - 1769537815.568734407 1769537815.587036133 0
Jan 27 18:16:56 standalone object-server[127078]: 172.20.0.100 - - [27/Jan/2026:18:16:56 +0000] "GET /d1/222/AUTH_0ba9aba32adc4e04adc8b70a76b70122/gnocchi.31159aba-52e7-45a0-a5b7-ad9db399f8c5/none_v3" 200 46 "GET http://172.18.0.2:8080/v1/AUTH_0ba9aba32adc4e04adc8b70a76b70122/gnocchi.31159aba-52e7-45a0-a5b7-ad9db399f8c5/none_v3" "tx92a82d9bba2f44c581a48-0069790118" "proxy-server 20" 0.0008 "-" 23 0
Jan 27 18:16:56 standalone proxy-server[129066]: 172.18.0.2 172.18.0.100 27/Jan/2026/18/16/56 GET /v1/AUTH_0ba9aba32adc4e04adc8b70a76b70122/gnocchi.31159aba-52e7-45a0-a5b7-ad9db399f8c5/none_v3 HTTP/1.0 200 - python-swiftclient-3.11.1 gAAAAABpeQCPbRNX... - 46 - tx92a82d9bba2f44c581a48-0069790118 - 0.0090 - - 1769537816.165974617 1769537816.175014257 0
Jan 27 18:16:56 standalone container-server[126820]: 172.20.0.100 - - [27/Jan/2026:18:16:56 +0000] "GET /d1/723/AUTH_0ba9aba32adc4e04adc8b70a76b70122/gnocchi.31159aba-52e7-45a0-a5b7-ad9db399f8c5" 200 357 "GET http://172.18.0.2:8080/v1/AUTH_0ba9aba32adc4e04adc8b70a76b70122/gnocchi.31159aba-52e7-45a0-a5b7-ad9db399f8c5?format=json&states=listing" "tx820439e62a75450599dce-0069790118" "proxy-server 20" 0.0091 "-" 19 0
Jan 27 18:16:56 standalone proxy-server[129066]: 172.18.0.2 172.18.0.100 27/Jan/2026/18/16/56 GET /v1/AUTH_0ba9aba32adc4e04adc8b70a76b70122/gnocchi.31159aba-52e7-45a0-a5b7-ad9db399f8c5%3Fformat%3Djson%26states%3Dlisting HTTP/1.0 200 - python-swiftclient-3.11.1 gAAAAABpeQCPbRNX... - 357 - tx820439e62a75450599dce-0069790118 - 0.0161 - - 1769537816.183455944 1769537816.199546814 0
Jan 27 18:16:56 standalone container-server[126820]: 172.20.0.100 - - [27/Jan/2026:18:16:56 +0000] "GET /d1/723/AUTH_0ba9aba32adc4e04adc8b70a76b70122/gnocchi.31159aba-52e7-45a0-a5b7-ad9db399f8c5" 200 2 "GET http://172.18.0.2:8080/v1/AUTH_0ba9aba32adc4e04adc8b70a76b70122/gnocchi.31159aba-52e7-45a0-a5b7-ad9db399f8c5?format=json&marker=none_v3&states=listing" "tx698bb16eb21048afac76f-0069790118" "proxy-server 20" 0.0020 "-" 19 0
Jan 27 18:16:56 standalone proxy-server[129066]: 172.18.0.2 172.18.0.100 27/Jan/2026/18/16/56 GET /v1/AUTH_0ba9aba32adc4e04adc8b70a76b70122/gnocchi.31159aba-52e7-45a0-a5b7-ad9db399f8c5%3Fformat%3Djson%26marker%3Dnone_v3%26states%3Dlisting HTTP/1.0 200 - python-swiftclient-3.11.1 gAAAAABpeQCPbRNX... - 2 - tx698bb16eb21048afac76f-0069790118 - 0.0130 - - 1769537816.204167128 1769537816.217177868 0
Jan 27 18:16:56 standalone object-server[127078]: 172.20.0.100 - - [27/Jan/2026:18:16:56 +0000] "GET /d1/487/AUTH_0ba9aba32adc4e04adc8b70a76b70122/gnocchi.31159aba-52e7-45a0-a5b7-ad9db399f8c5/1769040000.0_mean_300.0_v3" 200 16 "GET http://172.18.0.2:8080/v1/AUTH_0ba9aba32adc4e04adc8b70a76b70122/gnocchi.31159aba-52e7-45a0-a5b7-ad9db399f8c5/1769040000.0_mean_300.0_v3" "tx49a169c1d83f4ad6b1169-0069790118" "proxy-server 20" 0.0007 "-" 23 0
Jan 27 18:16:56 standalone proxy-server[129066]: 172.18.0.2 172.18.0.100 27/Jan/2026/18/16/56 GET /v1/AUTH_0ba9aba32adc4e04adc8b70a76b70122/gnocchi.31159aba-52e7-45a0-a5b7-ad9db399f8c5/1769040000.0_mean_300.0_v3 HTTP/1.0 200 - python-swiftclient-3.11.1 gAAAAABpeQCPbRNX... - 16 - tx49a169c1d83f4ad6b1169-0069790118 - 0.0342 - - 1769537816.220758677 1769537816.254997253 0
Jan 27 18:16:56 standalone container-server[126840]: 172.20.0.100 - - [27/Jan/2026:18:16:56 +0000] "PUT /d1/723/AUTH_0ba9aba32adc4e04adc8b70a76b70122/gnocchi.31159aba-52e7-45a0-a5b7-ad9db399f8c5/1769040000.0_mean_300.0_v3" 201 - "PUT http://172.18.0.2:8080/d1/487/AUTH_0ba9aba32adc4e04adc8b70a76b70122/gnocchi.31159aba-52e7-45a0-a5b7-ad9db399f8c5/1769040000.0_mean_300.0_v3" "tx93aff8b7934940099744b-0069790118" "object-server 23" 0.0005 "-" 21 0
Jan 27 18:16:56 standalone object-server[127078]: 172.20.0.100 - - [27/Jan/2026:18:16:56 +0000] "PUT /d1/487/AUTH_0ba9aba32adc4e04adc8b70a76b70122/gnocchi.31159aba-52e7-45a0-a5b7-ad9db399f8c5/1769040000.0_mean_300.0_v3" 201 - "PUT http://172.18.0.2:8080/v1/AUTH_0ba9aba32adc4e04adc8b70a76b70122/gnocchi.31159aba-52e7-45a0-a5b7-ad9db399f8c5/1769040000.0_mean_300.0_v3" "tx93aff8b7934940099744b-0069790118" "proxy-server 20" 0.0122 "-" 23 0
Jan 27 18:16:56 standalone proxy-server[129066]: 172.18.0.2 172.18.0.100 27/Jan/2026/18/16/56 PUT /v1/AUTH_0ba9aba32adc4e04adc8b70a76b70122/gnocchi.31159aba-52e7-45a0-a5b7-ad9db399f8c5/1769040000.0_mean_300.0_v3 HTTP/1.0 201 - python-swiftclient-3.11.1 gAAAAABpeQCPbRNX... 16 - - tx93aff8b7934940099744b-0069790118 - 0.0170 - - 1769537816.258238792 1769537816.275270939 0
Jan 27 18:16:56 standalone container-server[126840]: 172.20.0.100 - - [27/Jan/2026:18:16:56 +0000] "PUT /d1/723/AUTH_0ba9aba32adc4e04adc8b70a76b70122/gnocchi.31159aba-52e7-45a0-a5b7-ad9db399f8c5/none_v3" 201 - "PUT http://172.18.0.2:8080/d1/222/AUTH_0ba9aba32adc4e04adc8b70a76b70122/gnocchi.31159aba-52e7-45a0-a5b7-ad9db399f8c5/none_v3" "tx02fb2f58b054412baa7aa-0069790118" "object-server 23" 0.0004 "-" 21 0
Jan 27 18:16:56 standalone object-server[127078]: 172.20.0.100 - - [27/Jan/2026:18:16:56 +0000] "PUT /d1/222/AUTH_0ba9aba32adc4e04adc8b70a76b70122/gnocchi.31159aba-52e7-45a0-a5b7-ad9db399f8c5/none_v3" 201 - "PUT http://172.18.0.2:8080/v1/AUTH_0ba9aba32adc4e04adc8b70a76b70122/gnocchi.31159aba-52e7-45a0-a5b7-ad9db399f8c5/none_v3" "tx02fb2f58b054412baa7aa-0069790118" "proxy-server 20" 0.0091 "-" 23 0
Jan 27 18:16:56 standalone proxy-server[129066]: 172.18.0.2 172.18.0.100 27/Jan/2026/18/16/56 PUT /v1/AUTH_0ba9aba32adc4e04adc8b70a76b70122/gnocchi.31159aba-52e7-45a0-a5b7-ad9db399f8c5/none_v3 HTTP/1.0 201 - python-swiftclient-3.11.1 gAAAAABpeQCPbRNX... 51 - - tx02fb2f58b054412baa7aa-0069790118 - 0.0162 - - 1769537816.278197527 1769537816.294397116 0
Jan 27 18:16:59 standalone container-server[126831]: 172.20.0.100 - - [27/Jan/2026:18:16:59 +0000] "HEAD /d1/386/AUTH_0ba9aba32adc4e04adc8b70a76b70122/gnocchi.b3a2ccef-05d2-49d4-b7c3-02b994ec0dae" 404 - "HEAD http://172.18.0.2:8080/v1/AUTH_0ba9aba32adc4e04adc8b70a76b70122/gnocchi.b3a2ccef-05d2-49d4-b7c3-02b994ec0dae?format=json&states=listing" "txca75fd6fbae4426485e3a-006979011b" "proxy-server 20" 0.0010 "-" 20 0
Jan 27 18:16:59 standalone object-server[127089]: 172.20.0.100 - - [27/Jan/2026:18:16:59 +0000] "GET /d1/445/AUTH_0ba9aba32adc4e04adc8b70a76b70122/gnocchi.b3a2ccef-05d2-49d4-b7c3-02b994ec0dae/none_v3" 404 70 "GET http://172.18.0.2:8080/v1/AUTH_0ba9aba32adc4e04adc8b70a76b70122/gnocchi.b3a2ccef-05d2-49d4-b7c3-02b994ec0dae/none_v3" "txca75fd6fbae4426485e3a-006979011b" "proxy-server 20" 0.0007 "-" 24 0
Jan 27 18:16:59 standalone proxy-server[129066]: 172.18.0.2 172.18.0.100 27/Jan/2026/18/16/59 GET /v1/AUTH_0ba9aba32adc4e04adc8b70a76b70122/gnocchi.b3a2ccef-05d2-49d4-b7c3-02b994ec0dae/none_v3 HTTP/1.0 404 - python-swiftclient-3.11.1 gAAAAABpeQCPbRNX... - 70 - txca75fd6fbae4426485e3a-006979011b - 0.0211 - - 1769537819.443082094 1769537819.464162350 0
Jan 27 18:16:59 standalone account-server[126765]: 172.20.0.100 - - [27/Jan/2026:18:16:59 +0000] "PUT /d1/1011/AUTH_0ba9aba32adc4e04adc8b70a76b70122/gnocchi.b3a2ccef-05d2-49d4-b7c3-02b994ec0dae" 201 - "PUT http://172.20.0.100:6001/d1/386/AUTH_0ba9aba32adc4e04adc8b70a76b70122/gnocchi.b3a2ccef-05d2-49d4-b7c3-02b994ec0dae" "tx9f29b821a9ba4d0db5ed3-006979011b" "container-server 20" 0.0024 "-" 23 0
Jan 27 18:16:59 standalone container-server[126831]: 172.20.0.100 - - [27/Jan/2026:18:16:59 +0000] "PUT /d1/386/AUTH_0ba9aba32adc4e04adc8b70a76b70122/gnocchi.b3a2ccef-05d2-49d4-b7c3-02b994ec0dae" 201 - "PUT http://172.18.0.2:8080/v1/AUTH_0ba9aba32adc4e04adc8b70a76b70122/gnocchi.b3a2ccef-05d2-49d4-b7c3-02b994ec0dae" "tx9f29b821a9ba4d0db5ed3-006979011b" "proxy-server 20" 0.0331 "-" 20 0
Jan 27 18:16:59 standalone proxy-server[129066]: 172.18.0.2 172.18.0.100 27/Jan/2026/18/16/59 PUT /v1/AUTH_0ba9aba32adc4e04adc8b70a76b70122/gnocchi.b3a2ccef-05d2-49d4-b7c3-02b994ec0dae HTTP/1.0 201 - python-swiftclient-3.11.1 gAAAAABpeQCPbRNX... - - - tx9f29b821a9ba4d0db5ed3-006979011b - 0.0413 - - 1769537819.473316193 1769537819.514656067 0
Jan 27 18:16:59 standalone container-server[126840]: 172.20.0.100 - - [27/Jan/2026:18:16:59 +0000] "HEAD /d1/386/AUTH_0ba9aba32adc4e04adc8b70a76b70122/gnocchi.b3a2ccef-05d2-49d4-b7c3-02b994ec0dae" 204 - "HEAD http://172.18.0.2:8080/v1/AUTH_0ba9aba32adc4e04adc8b70a76b70122/gnocchi.b3a2ccef-05d2-49d4-b7c3-02b994ec0dae?format=json&states=listing" "tx5cbffc65cb5f4174b1e5c-006979011b" "proxy-server 20" 0.0012 "-" 21 0
Jan 27 18:16:59 standalone proxy-server[129066]: - - 27/Jan/2026/18/16/59 HEAD /v1/AUTH_0ba9aba32adc4e04adc8b70a76b70122/gnocchi.b3a2ccef-05d2-49d4-b7c3-02b994ec0dae%3Fformat%3Djson%26states%3Dlisting HTTP/1.0 204 - Swift - - - - tx5cbffc65cb5f4174b1e5c-006979011b - 0.0041 RL - 1769537819.521518946 1769537819.525569201 0
Jan 27 18:16:59 standalone container-server[126831]: 172.20.0.100 - - [27/Jan/2026:18:16:59 +0000] "GET /d1/386/AUTH_0ba9aba32adc4e04adc8b70a76b70122/gnocchi.b3a2ccef-05d2-49d4-b7c3-02b994ec0dae" 200 2 "GET http://172.18.0.2:8080/v1/AUTH_0ba9aba32adc4e04adc8b70a76b70122/gnocchi.b3a2ccef-05d2-49d4-b7c3-02b994ec0dae?format=json&states=listing" "tx5cbffc65cb5f4174b1e5c-006979011b" "proxy-server 20" 0.0041 "-" 20 0
Jan 27 18:16:59 standalone proxy-server[129066]: 172.18.0.2 172.18.0.100 27/Jan/2026/18/16/59 GET /v1/AUTH_0ba9aba32adc4e04adc8b70a76b70122/gnocchi.b3a2ccef-05d2-49d4-b7c3-02b994ec0dae%3Fformat%3Djson%26states%3Dlisting HTTP/1.0 200 - python-swiftclient-3.11.1 gAAAAABpeQCPbRNX... - 2 - tx5cbffc65cb5f4174b1e5c-006979011b - 0.0137 - - 1769537819.520354509 1769537819.534091711 0
Jan 27 18:16:59 standalone object-server[127089]: 172.20.0.100 - - [27/Jan/2026:18:16:59 +0000] "GET /d1/188/AUTH_0ba9aba32adc4e04adc8b70a76b70122/gnocchi.b3a2ccef-05d2-49d4-b7c3-02b994ec0dae/1769040000.0_mean_300.0_v3" 404 70 "GET http://172.18.0.2:8080/v1/AUTH_0ba9aba32adc4e04adc8b70a76b70122/gnocchi.b3a2ccef-05d2-49d4-b7c3-02b994ec0dae/1769040000.0_mean_300.0_v3" "tx3a15d34595814e7b83b6f-006979011b" "proxy-server 20" 0.0005 "-" 24 0
Jan 27 18:16:59 standalone proxy-server[129066]: 172.18.0.2 172.18.0.100 27/Jan/2026/18/16/59 GET /v1/AUTH_0ba9aba32adc4e04adc8b70a76b70122/gnocchi.b3a2ccef-05d2-49d4-b7c3-02b994ec0dae/1769040000.0_mean_300.0_v3 HTTP/1.0 404 - python-swiftclient-3.11.1 gAAAAABpeQCPbRNX... - 70 - tx3a15d34595814e7b83b6f-006979011b - 0.0115 - - 1769537819.541043758 1769537819.552562237 0
Jan 27 18:16:59 standalone container-server[126820]: 172.20.0.100 - - [27/Jan/2026:18:16:59 +0000] "PUT /d1/386/AUTH_0ba9aba32adc4e04adc8b70a76b70122/gnocchi.b3a2ccef-05d2-49d4-b7c3-02b994ec0dae/1769040000.0_mean_300.0_v3" 201 - "PUT http://172.18.0.2:8080/d1/188/AUTH_0ba9aba32adc4e04adc8b70a76b70122/gnocchi.b3a2ccef-05d2-49d4-b7c3-02b994ec0dae/1769040000.0_mean_300.0_v3" "tx64b462821ffa49f39f389-006979011b" "object-server 22" 0.0008 "-" 19 0
Jan 27 18:16:59 standalone object-server[127062]: 172.20.0.100 - - [27/Jan/2026:18:16:59 +0000] "PUT /d1/188/AUTH_0ba9aba32adc4e04adc8b70a76b70122/gnocchi.b3a2ccef-05d2-49d4-b7c3-02b994ec0dae/1769040000.0_mean_300.0_v3" 201 - "PUT http://172.18.0.2:8080/v1/AUTH_0ba9aba32adc4e04adc8b70a76b70122/gnocchi.b3a2ccef-05d2-49d4-b7c3-02b994ec0dae/1769040000.0_mean_300.0_v3" "tx64b462821ffa49f39f389-006979011b" "proxy-server 20" 0.0250 "-" 22 0
Jan 27 18:16:59 standalone proxy-server[129066]: 172.18.0.2 172.18.0.100 27/Jan/2026/18/16/59 PUT /v1/AUTH_0ba9aba32adc4e04adc8b70a76b70122/gnocchi.b3a2ccef-05d2-49d4-b7c3-02b994ec0dae/1769040000.0_mean_300.0_v3 HTTP/1.0 201 - python-swiftclient-3.11.1 gAAAAABpeQCPbRNX... 16 - - tx64b462821ffa49f39f389-006979011b - 0.0350 - - 1769537819.558333874 1769537819.593352556 0
Jan 27 18:16:59 standalone container-server[126848]: 172.20.0.100 - - [27/Jan/2026:18:16:59 +0000] "PUT /d1/386/AUTH_0ba9aba32adc4e04adc8b70a76b70122/gnocchi.b3a2ccef-05d2-49d4-b7c3-02b994ec0dae/none_v3" 201 - "PUT http://172.18.0.2:8080/d1/445/AUTH_0ba9aba32adc4e04adc8b70a76b70122/gnocchi.b3a2ccef-05d2-49d4-b7c3-02b994ec0dae/none_v3" "tx5c4d3e40aa184b28ab8d9-006979011b" "object-server 23" 0.0008 "-" 22 0
Jan 27 18:16:59 standalone object-server[127078]: 172.20.0.100 - - [27/Jan/2026:18:16:59 +0000] "PUT /d1/445/AUTH_0ba9aba32adc4e04adc8b70a76b70122/gnocchi.b3a2ccef-05d2-49d4-b7c3-02b994ec0dae/none_v3" 201 - "PUT http://172.18.0.2:8080/v1/AUTH_0ba9aba32adc4e04adc8b70a76b70122/gnocchi.b3a2ccef-05d2-49d4-b7c3-02b994ec0dae/none_v3" "tx5c4d3e40aa184b28ab8d9-006979011b" "proxy-server 20" 0.0195 "-" 23 0
Jan 27 18:16:59 standalone proxy-server[129066]: 172.18.0.2 172.18.0.100 27/Jan/2026/18/16/59 PUT /v1/AUTH_0ba9aba32adc4e04adc8b70a76b70122/gnocchi.b3a2ccef-05d2-49d4-b7c3-02b994ec0dae/none_v3 HTTP/1.0 201 - python-swiftclient-3.11.1 gAAAAABpeQCPbRNX... 22 - - tx5c4d3e40aa184b28ab8d9-006979011b - 0.0304 - - 1769537819.599233389 1769537819.629645348 0
Jan 27 18:16:59 standalone container-server[126831]: 172.20.0.100 - - [27/Jan/2026:18:16:59 +0000] "HEAD /d1/276/AUTH_0ba9aba32adc4e04adc8b70a76b70122/gnocchi.ea94e8b9-fd8e-4499-a2a7-4144907bf5a8" 404 - "HEAD http://172.18.0.2:8080/v1/AUTH_0ba9aba32adc4e04adc8b70a76b70122/gnocchi.ea94e8b9-fd8e-4499-a2a7-4144907bf5a8?format=json&states=listing" "tx5dd77cfbe91e41238066b-006979011b" "proxy-server 20" 0.0007 "-" 20 0
Jan 27 18:16:59 standalone object-server[127096]: 172.20.0.100 - - [27/Jan/2026:18:16:59 +0000] "GET /d1/525/AUTH_0ba9aba32adc4e04adc8b70a76b70122/gnocchi.ea94e8b9-fd8e-4499-a2a7-4144907bf5a8/none_v3" 404 70 "GET http://172.18.0.2:8080/v1/AUTH_0ba9aba32adc4e04adc8b70a76b70122/gnocchi.ea94e8b9-fd8e-4499-a2a7-4144907bf5a8/none_v3" "tx5dd77cfbe91e41238066b-006979011b" "proxy-server 20" 0.0003 "-" 25 0
Jan 27 18:16:59 standalone proxy-server[129066]: 172.18.0.2 172.18.0.100 27/Jan/2026/18/16/59 GET /v1/AUTH_0ba9aba32adc4e04adc8b70a76b70122/gnocchi.ea94e8b9-fd8e-4499-a2a7-4144907bf5a8/none_v3 HTTP/1.0 404 - python-swiftclient-3.11.1 gAAAAABpeQCPbRNX... - 70 - tx5dd77cfbe91e41238066b-006979011b - 0.0196 - - 1769537819.649632692 1769537819.669228792 0
Jan 27 18:16:59 standalone account-server[126765]: 172.20.0.100 - - [27/Jan/2026:18:16:59 +0000] "PUT /d1/1011/AUTH_0ba9aba32adc4e04adc8b70a76b70122/gnocchi.ea94e8b9-fd8e-4499-a2a7-4144907bf5a8" 201 - "PUT http://172.20.0.100:6001/d1/276/AUTH_0ba9aba32adc4e04adc8b70a76b70122/gnocchi.ea94e8b9-fd8e-4499-a2a7-4144907bf5a8" "txd3d3a55ee00940499a8b2-006979011b" "container-server 21" 0.0067 "-" 23 0
Jan 27 18:16:59 standalone container-server[126840]: 172.20.0.100 - - [27/Jan/2026:18:16:59 +0000] "PUT /d1/276/AUTH_0ba9aba32adc4e04adc8b70a76b70122/gnocchi.ea94e8b9-fd8e-4499-a2a7-4144907bf5a8" 201 - "PUT http://172.18.0.2:8080/v1/AUTH_0ba9aba32adc4e04adc8b70a76b70122/gnocchi.ea94e8b9-fd8e-4499-a2a7-4144907bf5a8" "txd3d3a55ee00940499a8b2-006979011b" "proxy-server 20" 0.0197 "-" 21 0
Jan 27 18:16:59 standalone proxy-server[129066]: 172.18.0.2 172.18.0.100 27/Jan/2026/18/16/59 PUT /v1/AUTH_0ba9aba32adc4e04adc8b70a76b70122/gnocchi.ea94e8b9-fd8e-4499-a2a7-4144907bf5a8 HTTP/1.0 201 - python-swiftclient-3.11.1 gAAAAABpeQCPbRNX... - - - txd3d3a55ee00940499a8b2-006979011b - 0.0275 - - 1769537819.671912432 1769537819.699379921 0
Jan 27 18:16:59 standalone container-server[126848]: 172.20.0.100 - - [27/Jan/2026:18:16:59 +0000] "HEAD /d1/276/AUTH_0ba9aba32adc4e04adc8b70a76b70122/gnocchi.ea94e8b9-fd8e-4499-a2a7-4144907bf5a8" 204 - "HEAD http://172.18.0.2:8080/v1/AUTH_0ba9aba32adc4e04adc8b70a76b70122/gnocchi.ea94e8b9-fd8e-4499-a2a7-4144907bf5a8?format=json&states=listing" "tx188db1aee3f24778802f8-006979011b" "proxy-server 20" 0.0020 "-" 22 0
Jan 27 18:16:59 standalone proxy-server[129066]: - - 27/Jan/2026/18/16/59 HEAD /v1/AUTH_0ba9aba32adc4e04adc8b70a76b70122/gnocchi.ea94e8b9-fd8e-4499-a2a7-4144907bf5a8%3Fformat%3Djson%26states%3Dlisting HTTP/1.0 204 - Swift - - - - tx188db1aee3f24778802f8-006979011b - 0.0120 RL - 1769537819.706656218 1769537819.718665361 0
Jan 27 18:16:59 standalone container-server[126848]: 172.20.0.100 - - [27/Jan/2026:18:16:59 +0000] "GET /d1/276/AUTH_0ba9aba32adc4e04adc8b70a76b70122/gnocchi.ea94e8b9-fd8e-4499-a2a7-4144907bf5a8" 200 2 "GET http://172.18.0.2:8080/v1/AUTH_0ba9aba32adc4e04adc8b70a76b70122/gnocchi.ea94e8b9-fd8e-4499-a2a7-4144907bf5a8?format=json&states=listing" "tx188db1aee3f24778802f8-006979011b" "proxy-server 20" 0.0029 "-" 22 0
Jan 27 18:16:59 standalone proxy-server[129066]: 172.18.0.2 172.18.0.100 27/Jan/2026/18/16/59 GET /v1/AUTH_0ba9aba32adc4e04adc8b70a76b70122/gnocchi.ea94e8b9-fd8e-4499-a2a7-4144907bf5a8%3Fformat%3Djson%26states%3Dlisting HTTP/1.0 200 - python-swiftclient-3.11.1 gAAAAABpeQCPbRNX... - 2 - tx188db1aee3f24778802f8-006979011b - 0.0236 - - 1769537819.704663515 1769537819.728312254 0
Jan 27 18:16:59 standalone object-server[127089]: 172.20.0.100 - - [27/Jan/2026:18:16:59 +0000] "GET /d1/590/AUTH_0ba9aba32adc4e04adc8b70a76b70122/gnocchi.ea94e8b9-fd8e-4499-a2a7-4144907bf5a8/1769040000.0_mean_300.0_v3" 404 70 "GET http://172.18.0.2:8080/v1/AUTH_0ba9aba32adc4e04adc8b70a76b70122/gnocchi.ea94e8b9-fd8e-4499-a2a7-4144907bf5a8/1769040000.0_mean_300.0_v3" "tx129bc2339db34598addbb-006979011b" "proxy-server 20" 0.0004 "-" 24 0
Jan 27 18:16:59 standalone proxy-server[129066]: 172.18.0.2 172.18.0.100 27/Jan/2026/18/16/59 GET /v1/AUTH_0ba9aba32adc4e04adc8b70a76b70122/gnocchi.ea94e8b9-fd8e-4499-a2a7-4144907bf5a8/1769040000.0_mean_300.0_v3 HTTP/1.0 404 - python-swiftclient-3.11.1 gAAAAABpeQCPbRNX... - 70 - tx129bc2339db34598addbb-006979011b - 0.0067 - - 1769537819.732121944 1769537819.738774538 0
Jan 27 18:16:59 standalone container-server[126840]: 172.20.0.100 - - [27/Jan/2026:18:16:59 +0000] "PUT /d1/276/AUTH_0ba9aba32adc4e04adc8b70a76b70122/gnocchi.ea94e8b9-fd8e-4499-a2a7-4144907bf5a8/1769040000.0_mean_300.0_v3" 201 - "PUT http://172.18.0.2:8080/d1/590/AUTH_0ba9aba32adc4e04adc8b70a76b70122/gnocchi.ea94e8b9-fd8e-4499-a2a7-4144907bf5a8/1769040000.0_mean_300.0_v3" "tx338dd6e5aeb544aba9d98-006979011b" "object-server 23" 0.0006 "-" 21 0
Jan 27 18:16:59 standalone object-server[127078]: 172.20.0.100 - - [27/Jan/2026:18:16:59 +0000] "PUT /d1/590/AUTH_0ba9aba32adc4e04adc8b70a76b70122/gnocchi.ea94e8b9-fd8e-4499-a2a7-4144907bf5a8/1769040000.0_mean_300.0_v3" 201 - "PUT http://172.18.0.2:8080/v1/AUTH_0ba9aba32adc4e04adc8b70a76b70122/gnocchi.ea94e8b9-fd8e-4499-a2a7-4144907bf5a8/1769040000.0_mean_300.0_v3" "tx338dd6e5aeb544aba9d98-006979011b" "proxy-server 20" 0.0126 "-" 23 0
Jan 27 18:16:59 standalone proxy-server[129066]: 172.18.0.2 172.18.0.100 27/Jan/2026/18/16/59 PUT /v1/AUTH_0ba9aba32adc4e04adc8b70a76b70122/gnocchi.ea94e8b9-fd8e-4499-a2a7-4144907bf5a8/1769040000.0_mean_300.0_v3 HTTP/1.0 201 - python-swiftclient-3.11.1 gAAAAABpeQCPbRNX... 16 - - tx338dd6e5aeb544aba9d98-006979011b - 0.0198 - - 1769537819.742769480 1769537819.762566328 0
Jan 27 18:16:59 standalone container-server[126820]: 172.20.0.100 - - [27/Jan/2026:18:16:59 +0000] "PUT /d1/276/AUTH_0ba9aba32adc4e04adc8b70a76b70122/gnocchi.ea94e8b9-fd8e-4499-a2a7-4144907bf5a8/none_v3" 201 - "PUT http://172.18.0.2:8080/d1/525/AUTH_0ba9aba32adc4e04adc8b70a76b70122/gnocchi.ea94e8b9-fd8e-4499-a2a7-4144907bf5a8/none_v3" "tx3fcb54669754475783332-006979011b" "object-server 22" 0.0006 "-" 19 0
Jan 27 18:16:59 standalone object-server[127062]: 172.20.0.100 - - [27/Jan/2026:18:16:59 +0000] "PUT /d1/525/AUTH_0ba9aba32adc4e04adc8b70a76b70122/gnocchi.ea94e8b9-fd8e-4499-a2a7-4144907bf5a8/none_v3" 201 - "PUT http://172.18.0.2:8080/v1/AUTH_0ba9aba32adc4e04adc8b70a76b70122/gnocchi.ea94e8b9-fd8e-4499-a2a7-4144907bf5a8/none_v3" "tx3fcb54669754475783332-006979011b" "proxy-server 20" 0.0181 "-" 22 0
Jan 27 18:16:59 standalone proxy-server[129066]: 172.18.0.2 172.18.0.100 27/Jan/2026/18/16/59 PUT /v1/AUTH_0ba9aba32adc4e04adc8b70a76b70122/gnocchi.ea94e8b9-fd8e-4499-a2a7-4144907bf5a8/none_v3 HTTP/1.0 201 - python-swiftclient-3.11.1 gAAAAABpeQCPbRNX... 22 - - tx3fcb54669754475783332-006979011b - 0.0262 - - 1769537819.765724182 1769537819.791944504 0
Jan 27 18:16:59 standalone container-server[126831]: 172.20.0.100 - - [27/Jan/2026:18:16:59 +0000] "HEAD /d1/830/AUTH_0ba9aba32adc4e04adc8b70a76b70122/gnocchi.a0c1a845-c346-4915-8a1e-5bf715270c42" 404 - "HEAD http://172.18.0.2:8080/v1/AUTH_0ba9aba32adc4e04adc8b70a76b70122/gnocchi.a0c1a845-c346-4915-8a1e-5bf715270c42?format=json&states=listing" "txcd53565e614840b895baf-006979011b" "proxy-server 20" 0.0006 "-" 20 0
Jan 27 18:16:59 standalone object-server[127089]: 172.20.0.100 - - [27/Jan/2026:18:16:59 +0000] "GET /d1/220/AUTH_0ba9aba32adc4e04adc8b70a76b70122/gnocchi.a0c1a845-c346-4915-8a1e-5bf715270c42/none_v3" 404 70 "GET http://172.18.0.2:8080/v1/AUTH_0ba9aba32adc4e04adc8b70a76b70122/gnocchi.a0c1a845-c346-4915-8a1e-5bf715270c42/none_v3" "txcd53565e614840b895baf-006979011b" "proxy-server 20" 0.0003 "-" 24 0
Jan 27 18:16:59 standalone proxy-server[129066]: 172.18.0.2 172.18.0.100 27/Jan/2026/18/16/59 GET /v1/AUTH_0ba9aba32adc4e04adc8b70a76b70122/gnocchi.a0c1a845-c346-4915-8a1e-5bf715270c42/none_v3 HTTP/1.0 404 - python-swiftclient-3.11.1 gAAAAABpeQCPbRNX... - 70 - txcd53565e614840b895baf-006979011b - 0.0118 - - 1769537819.802498579 1769537819.814304829 0
Jan 27 18:16:59 standalone account-server[126751]: 172.20.0.100 - - [27/Jan/2026:18:16:59 +0000] "PUT /d1/1011/AUTH_0ba9aba32adc4e04adc8b70a76b70122/gnocchi.a0c1a845-c346-4915-8a1e-5bf715270c42" 201 - "PUT http://172.20.0.100:6001/d1/830/AUTH_0ba9aba32adc4e04adc8b70a76b70122/gnocchi.a0c1a845-c346-4915-8a1e-5bf715270c42" "tx20ae41bfc40e4c9b8a308-006979011b" "container-server 21" 0.0039 "-" 20 0
Jan 27 18:16:59 standalone container-server[126840]: 172.20.0.100 - - [27/Jan/2026:18:16:59 +0000] "PUT /d1/830/AUTH_0ba9aba32adc4e04adc8b70a76b70122/gnocchi.a0c1a845-c346-4915-8a1e-5bf715270c42" 201 - "PUT http://172.18.0.2:8080/v1/AUTH_0ba9aba32adc4e04adc8b70a76b70122/gnocchi.a0c1a845-c346-4915-8a1e-5bf715270c42" "tx20ae41bfc40e4c9b8a308-006979011b" "proxy-server 20" 0.0212 "-" 21 0
Jan 27 18:16:59 standalone proxy-server[129066]: 172.18.0.2 172.18.0.100 27/Jan/2026/18/16/59 PUT /v1/AUTH_0ba9aba32adc4e04adc8b70a76b70122/gnocchi.a0c1a845-c346-4915-8a1e-5bf715270c42 HTTP/1.0 201 - python-swiftclient-3.11.1 gAAAAABpeQCPbRNX... - - - tx20ae41bfc40e4c9b8a308-006979011b - 0.0277 - - 1769537819.817611456 1769537819.845332146 0
Jan 27 18:16:59 standalone container-server[126848]: 172.20.0.100 - - [27/Jan/2026:18:16:59 +0000] "HEAD /d1/830/AUTH_0ba9aba32adc4e04adc8b70a76b70122/gnocchi.a0c1a845-c346-4915-8a1e-5bf715270c42" 204 - "HEAD http://172.18.0.2:8080/v1/AUTH_0ba9aba32adc4e04adc8b70a76b70122/gnocchi.a0c1a845-c346-4915-8a1e-5bf715270c42?format=json&states=listing" "tx541a9060e9e24a7da1e74-006979011b" "proxy-server 20" 0.0023 "-" 22 0
Jan 27 18:16:59 standalone proxy-server[129066]: - - 27/Jan/2026/18/16/59 HEAD /v1/AUTH_0ba9aba32adc4e04adc8b70a76b70122/gnocchi.a0c1a845-c346-4915-8a1e-5bf715270c42%3Fformat%3Djson%26states%3Dlisting HTTP/1.0 204 - Swift - - - - tx541a9060e9e24a7da1e74-006979011b - 0.0062 RL - 1769537819.849592924 1769537819.855791569 0
Jan 27 18:16:59 standalone container-server[126848]: 172.20.0.100 - - [27/Jan/2026:18:16:59 +0000] "GET /d1/830/AUTH_0ba9aba32adc4e04adc8b70a76b70122/gnocchi.a0c1a845-c346-4915-8a1e-5bf715270c42" 200 2 "GET http://172.18.0.2:8080/v1/AUTH_0ba9aba32adc4e04adc8b70a76b70122/gnocchi.a0c1a845-c346-4915-8a1e-5bf715270c42?format=json&states=listing" "tx541a9060e9e24a7da1e74-006979011b" "proxy-server 20" 0.0041 "-" 22 0
Jan 27 18:16:59 standalone proxy-server[129066]: 172.18.0.2 172.18.0.100 27/Jan/2026/18/16/59 GET /v1/AUTH_0ba9aba32adc4e04adc8b70a76b70122/gnocchi.a0c1a845-c346-4915-8a1e-5bf715270c42%3Fformat%3Djson%26states%3Dlisting HTTP/1.0 200 - python-swiftclient-3.11.1 gAAAAABpeQCPbRNX... - 2 - tx541a9060e9e24a7da1e74-006979011b - 0.0175 - - 1769537819.848311186 1769537819.865791798 0
Jan 27 18:16:59 standalone object-server[127096]: 172.20.0.100 - - [27/Jan/2026:18:16:59 +0000] "GET /d1/866/AUTH_0ba9aba32adc4e04adc8b70a76b70122/gnocchi.a0c1a845-c346-4915-8a1e-5bf715270c42/1769040000.0_mean_300.0_v3" 404 70 "GET http://172.18.0.2:8080/v1/AUTH_0ba9aba32adc4e04adc8b70a76b70122/gnocchi.a0c1a845-c346-4915-8a1e-5bf715270c42/1769040000.0_mean_300.0_v3" "tx8af472eb7cdf43b48f6fe-006979011b" "proxy-server 20" 0.0004 "-" 25 0
Jan 27 18:16:59 standalone proxy-server[129066]: 172.18.0.2 172.18.0.100 27/Jan/2026/18/16/59 GET /v1/AUTH_0ba9aba32adc4e04adc8b70a76b70122/gnocchi.a0c1a845-c346-4915-8a1e-5bf715270c42/1769040000.0_mean_300.0_v3 HTTP/1.0 404 - python-swiftclient-3.11.1 gAAAAABpeQCPbRNX... - 70 - tx8af472eb7cdf43b48f6fe-006979011b - 0.0055 - - 1769537819.870171547 1769537819.875650406 0
Jan 27 18:16:59 standalone container-server[126840]: 172.20.0.100 - - [27/Jan/2026:18:16:59 +0000] "PUT /d1/830/AUTH_0ba9aba32adc4e04adc8b70a76b70122/gnocchi.a0c1a845-c346-4915-8a1e-5bf715270c42/1769040000.0_mean_300.0_v3" 201 - "PUT http://172.18.0.2:8080/d1/866/AUTH_0ba9aba32adc4e04adc8b70a76b70122/gnocchi.a0c1a845-c346-4915-8a1e-5bf715270c42/1769040000.0_mean_300.0_v3" "txc2d27ecb9d884236bdfb7-006979011b" "object-server 24" 0.0005 "-" 21 0
Jan 27 18:16:59 standalone object-server[127089]: 172.20.0.100 - - [27/Jan/2026:18:16:59 +0000] "PUT /d1/866/AUTH_0ba9aba32adc4e04adc8b70a76b70122/gnocchi.a0c1a845-c346-4915-8a1e-5bf715270c42/1769040000.0_mean_300.0_v3" 201 - "PUT http://172.18.0.2:8080/v1/AUTH_0ba9aba32adc4e04adc8b70a76b70122/gnocchi.a0c1a845-c346-4915-8a1e-5bf715270c42/1769040000.0_mean_300.0_v3" "txc2d27ecb9d884236bdfb7-006979011b" "proxy-server 20" 0.0119 "-" 24 0
Jan 27 18:16:59 standalone proxy-server[129066]: 172.18.0.2 172.18.0.100 27/Jan/2026/18/16/59 PUT /v1/AUTH_0ba9aba32adc4e04adc8b70a76b70122/gnocchi.a0c1a845-c346-4915-8a1e-5bf715270c42/1769040000.0_mean_300.0_v3 HTTP/1.0 201 - python-swiftclient-3.11.1 gAAAAABpeQCPbRNX... 16 - - txc2d27ecb9d884236bdfb7-006979011b - 0.0177 - - 1769537819.878562212 1769537819.896302700 0
Jan 27 18:16:59 standalone container-server[126840]: 172.20.0.100 - - [27/Jan/2026:18:16:59 +0000] "PUT /d1/830/AUTH_0ba9aba32adc4e04adc8b70a76b70122/gnocchi.a0c1a845-c346-4915-8a1e-5bf715270c42/none_v3" 201 - "PUT http://172.18.0.2:8080/d1/220/AUTH_0ba9aba32adc4e04adc8b70a76b70122/gnocchi.a0c1a845-c346-4915-8a1e-5bf715270c42/none_v3" "tx8a7e1a74f624462bbd553-006979011b" "object-server 25" 0.0006 "-" 21 0
Jan 27 18:16:59 standalone object-server[127096]: 172.20.0.100 - - [27/Jan/2026:18:16:59 +0000] "PUT /d1/220/AUTH_0ba9aba32adc4e04adc8b70a76b70122/gnocchi.a0c1a845-c346-4915-8a1e-5bf715270c42/none_v3" 201 - "PUT http://172.18.0.2:8080/v1/AUTH_0ba9aba32adc4e04adc8b70a76b70122/gnocchi.a0c1a845-c346-4915-8a1e-5bf715270c42/none_v3" "tx8a7e1a74f624462bbd553-006979011b" "proxy-server 20" 0.0094 "-" 25 0
Jan 27 18:16:59 standalone proxy-server[129066]: 172.18.0.2 172.18.0.100 27/Jan/2026/18/16/59 PUT /v1/AUTH_0ba9aba32adc4e04adc8b70a76b70122/gnocchi.a0c1a845-c346-4915-8a1e-5bf715270c42/none_v3 HTTP/1.0 201 - python-swiftclient-3.11.1 gAAAAABpeQCPbRNX... 22 - - tx8a7e1a74f624462bbd553-006979011b - 0.0148 - - 1769537819.898905516 1769537819.913747549 0
Jan 27 18:16:59 standalone container-server[126820]: 172.20.0.100 - - [27/Jan/2026:18:16:59 +0000] "HEAD /d1/198/AUTH_0ba9aba32adc4e04adc8b70a76b70122/gnocchi.347a2cd9-6c88-4502-9002-1c8c29627d67" 404 - "HEAD http://172.18.0.2:8080/v1/AUTH_0ba9aba32adc4e04adc8b70a76b70122/gnocchi.347a2cd9-6c88-4502-9002-1c8c29627d67?format=json&states=listing" "tx0fe743d70d784c35b0ed3-006979011b" "proxy-server 20" 0.0005 "-" 19 0
Jan 27 18:16:59 standalone object-server[127078]: 172.20.0.100 - - [27/Jan/2026:18:16:59 +0000] "GET /d1/745/AUTH_0ba9aba32adc4e04adc8b70a76b70122/gnocchi.347a2cd9-6c88-4502-9002-1c8c29627d67/none_v3" 404 70 "GET http://172.18.0.2:8080/v1/AUTH_0ba9aba32adc4e04adc8b70a76b70122/gnocchi.347a2cd9-6c88-4502-9002-1c8c29627d67/none_v3" "tx0fe743d70d784c35b0ed3-006979011b" "proxy-server 20" 0.0004 "-" 23 0
Jan 27 18:16:59 standalone proxy-server[129066]: 172.18.0.2 172.18.0.100 27/Jan/2026/18/16/59 GET /v1/AUTH_0ba9aba32adc4e04adc8b70a76b70122/gnocchi.347a2cd9-6c88-4502-9002-1c8c29627d67/none_v3 HTTP/1.0 404 - python-swiftclient-3.11.1 gAAAAABpeQCPbRNX... - 70 - tx0fe743d70d784c35b0ed3-006979011b - 0.0100 - - 1769537819.923195839 1769537819.933205366 0
Jan 27 18:16:59 standalone account-server[126765]: 172.20.0.100 - - [27/Jan/2026:18:16:59 +0000] "PUT /d1/1011/AUTH_0ba9aba32adc4e04adc8b70a76b70122/gnocchi.347a2cd9-6c88-4502-9002-1c8c29627d67" 201 - "PUT http://172.20.0.100:6001/d1/198/AUTH_0ba9aba32adc4e04adc8b70a76b70122/gnocchi.347a2cd9-6c88-4502-9002-1c8c29627d67" "txe8cd892588e74dda8a74f-006979011b" "container-server 22" 0.0057 "-" 23 0
Jan 27 18:16:59 standalone container-server[126848]: 172.20.0.100 - - [27/Jan/2026:18:16:59 +0000] "PUT /d1/198/AUTH_0ba9aba32adc4e04adc8b70a76b70122/gnocchi.347a2cd9-6c88-4502-9002-1c8c29627d67" 201 - "PUT http://172.18.0.2:8080/v1/AUTH_0ba9aba32adc4e04adc8b70a76b70122/gnocchi.347a2cd9-6c88-4502-9002-1c8c29627d67" "txe8cd892588e74dda8a74f-006979011b" "proxy-server 20" 0.0217 "-" 22 0
Jan 27 18:16:59 standalone proxy-server[129066]: 172.18.0.2 172.18.0.100 27/Jan/2026/18/16/59 PUT /v1/AUTH_0ba9aba32adc4e04adc8b70a76b70122/gnocchi.347a2cd9-6c88-4502-9002-1c8c29627d67 HTTP/1.0 201 - python-swiftclient-3.11.1 gAAAAABpeQCPbRNX... - - - txe8cd892588e74dda8a74f-006979011b - 0.0277 - - 1769537819.936276197 1769537819.963945627 0
Jan 27 18:16:59 standalone container-server[126848]: 172.20.0.100 - - [27/Jan/2026:18:16:59 +0000] "HEAD /d1/198/AUTH_0ba9aba32adc4e04adc8b70a76b70122/gnocchi.347a2cd9-6c88-4502-9002-1c8c29627d67" 204 - "HEAD http://172.18.0.2:8080/v1/AUTH_0ba9aba32adc4e04adc8b70a76b70122/gnocchi.347a2cd9-6c88-4502-9002-1c8c29627d67?format=json&states=listing" "txe569753b27b14d54a5c24-006979011b" "proxy-server 20" 0.0022 "-" 22 0
Jan 27 18:16:59 standalone proxy-server[129066]: - - 27/Jan/2026/18/16/59 HEAD /v1/AUTH_0ba9aba32adc4e04adc8b70a76b70122/gnocchi.347a2cd9-6c88-4502-9002-1c8c29627d67%3Fformat%3Djson%26states%3Dlisting HTTP/1.0 204 - Swift - - - - txe569753b27b14d54a5c24-006979011b - 0.0059 RL - 1769537819.968523026 1769537819.974376917 0
