Jan 27 18:16:59 standalone container-server[126840]: 172.20.0.100 - - [27/Jan/2026:18:16:59 +0000] "GET /d1/198/AUTH_0ba9aba32adc4e04adc8b70a76b70122/gnocchi.347a2cd9-6c88-4502-9002-1c8c29627d67" 200 2 "GET http://172.18.0.2:8080/v1/AUTH_0ba9aba32adc4e04adc8b70a76b70122/gnocchi.347a2cd9-6c88-4502-9002-1c8c29627d67?format=json&states=listing" "txe569753b27b14d54a5c24-006979011b" "proxy-server 20" 0.0023 "-" 21 0
Jan 27 18:16:59 standalone proxy-server[129066]: 172.18.0.2 172.18.0.100 27/Jan/2026/18/16/59 GET /v1/AUTH_0ba9aba32adc4e04adc8b70a76b70122/gnocchi.347a2cd9-6c88-4502-9002-1c8c29627d67%3Fformat%3Djson%26states%3Dlisting HTTP/1.0 200 - python-swiftclient-3.11.1 gAAAAABpeQCPbRNX... - 2 - txe569753b27b14d54a5c24-006979011b - 0.0150 - - 1769537819.967323303 1769537819.982357740 0
Jan 27 18:16:59 standalone object-server[127078]: 172.20.0.100 - - [27/Jan/2026:18:16:59 +0000] "GET /d1/669/AUTH_0ba9aba32adc4e04adc8b70a76b70122/gnocchi.347a2cd9-6c88-4502-9002-1c8c29627d67/1769040000.0_mean_300.0_v3" 404 70 "GET http://172.18.0.2:8080/v1/AUTH_0ba9aba32adc4e04adc8b70a76b70122/gnocchi.347a2cd9-6c88-4502-9002-1c8c29627d67/1769040000.0_mean_300.0_v3" "tx6014717729964af1b826c-006979011b" "proxy-server 20" 0.0004 "-" 23 0
Jan 27 18:16:59 standalone proxy-server[129066]: 172.18.0.2 172.18.0.100 27/Jan/2026/18/16/59 GET /v1/AUTH_0ba9aba32adc4e04adc8b70a76b70122/gnocchi.347a2cd9-6c88-4502-9002-1c8c29627d67/1769040000.0_mean_300.0_v3 HTTP/1.0 404 - python-swiftclient-3.11.1 gAAAAABpeQCPbRNX... - 70 - tx6014717729964af1b826c-006979011b - 0.0063 - - 1769537819.986265898 1769537819.992535114 0
Jan 27 18:17:00 standalone container-server[126831]: 172.20.0.100 - - [27/Jan/2026:18:17:00 +0000] "PUT /d1/198/AUTH_0ba9aba32adc4e04adc8b70a76b70122/gnocchi.347a2cd9-6c88-4502-9002-1c8c29627d67/1769040000.0_mean_300.0_v3" 201 - "PUT http://172.18.0.2:8080/d1/669/AUTH_0ba9aba32adc4e04adc8b70a76b70122/gnocchi.347a2cd9-6c88-4502-9002-1c8c29627d67/1769040000.0_mean_300.0_v3" "tx6eeba5e6348b4abeb52dc-006979011b" "object-server 23" 0.0010 "-" 20 0
Jan 27 18:17:00 standalone object-server[127078]: 172.20.0.100 - - [27/Jan/2026:18:17:00 +0000] "PUT /d1/669/AUTH_0ba9aba32adc4e04adc8b70a76b70122/gnocchi.347a2cd9-6c88-4502-9002-1c8c29627d67/1769040000.0_mean_300.0_v3" 201 - "PUT http://172.18.0.2:8080/v1/AUTH_0ba9aba32adc4e04adc8b70a76b70122/gnocchi.347a2cd9-6c88-4502-9002-1c8c29627d67/1769040000.0_mean_300.0_v3" "tx6eeba5e6348b4abeb52dc-006979011b" "proxy-server 20" 0.0112 "-" 23 0
Jan 27 18:17:00 standalone proxy-server[129066]: 172.18.0.2 172.18.0.100 27/Jan/2026/18/17/00 PUT /v1/AUTH_0ba9aba32adc4e04adc8b70a76b70122/gnocchi.347a2cd9-6c88-4502-9002-1c8c29627d67/1769040000.0_mean_300.0_v3 HTTP/1.0 201 - python-swiftclient-3.11.1 gAAAAABpeQCPbRNX... 16 - - tx6eeba5e6348b4abeb52dc-006979011b - 0.0177 - - 1769537819.995342016 1769537820.013032198 0
Jan 27 18:17:00 standalone container-server[126820]: 172.20.0.100 - - [27/Jan/2026:18:17:00 +0000] "PUT /d1/198/AUTH_0ba9aba32adc4e04adc8b70a76b70122/gnocchi.347a2cd9-6c88-4502-9002-1c8c29627d67/none_v3" 201 - "PUT http://172.18.0.2:8080/d1/745/AUTH_0ba9aba32adc4e04adc8b70a76b70122/gnocchi.347a2cd9-6c88-4502-9002-1c8c29627d67/none_v3" "tx867bc486fa6b46a5af3cf-006979011c" "object-server 23" 0.0006 "-" 19 0
Jan 27 18:17:00 standalone object-server[127078]: 172.20.0.100 - - [27/Jan/2026:18:17:00 +0000] "PUT /d1/745/AUTH_0ba9aba32adc4e04adc8b70a76b70122/gnocchi.347a2cd9-6c88-4502-9002-1c8c29627d67/none_v3" 201 - "PUT http://172.18.0.2:8080/v1/AUTH_0ba9aba32adc4e04adc8b70a76b70122/gnocchi.347a2cd9-6c88-4502-9002-1c8c29627d67/none_v3" "tx867bc486fa6b46a5af3cf-006979011c" "proxy-server 20" 0.0129 "-" 23 0
Jan 27 18:17:00 standalone proxy-server[129066]: 172.18.0.2 172.18.0.100 27/Jan/2026/18/17/00 PUT /v1/AUTH_0ba9aba32adc4e04adc8b70a76b70122/gnocchi.347a2cd9-6c88-4502-9002-1c8c29627d67/none_v3 HTTP/1.0 201 - python-swiftclient-3.11.1 gAAAAABpeQCPbRNX... 22 - - tx867bc486fa6b46a5af3cf-006979011c - 0.0189 - - 1769537820.020257711 1769537820.039190292 0
Jan 27 18:17:00 standalone container-server[126840]: 172.20.0.100 - - [27/Jan/2026:18:17:00 +0000] "HEAD /d1/273/AUTH_0ba9aba32adc4e04adc8b70a76b70122/gnocchi.b91f31a6-0631-4380-a77a-c37837c3dd94" 404 - "HEAD http://172.18.0.2:8080/v1/AUTH_0ba9aba32adc4e04adc8b70a76b70122/gnocchi.b91f31a6-0631-4380-a77a-c37837c3dd94?format=json&states=listing" "tx4f3a882e90f14545a9e2e-006979011c" "proxy-server 20" 0.0004 "-" 21 0
Jan 27 18:17:00 standalone object-server[127089]: 172.20.0.100 - - [27/Jan/2026:18:17:00 +0000] "GET /d1/677/AUTH_0ba9aba32adc4e04adc8b70a76b70122/gnocchi.b91f31a6-0631-4380-a77a-c37837c3dd94/none_v3" 404 70 "GET http://172.18.0.2:8080/v1/AUTH_0ba9aba32adc4e04adc8b70a76b70122/gnocchi.b91f31a6-0631-4380-a77a-c37837c3dd94/none_v3" "tx4f3a882e90f14545a9e2e-006979011c" "proxy-server 20" 0.0004 "-" 24 0
Jan 27 18:17:00 standalone proxy-server[129066]: 172.18.0.2 172.18.0.100 27/Jan/2026/18/17/00 GET /v1/AUTH_0ba9aba32adc4e04adc8b70a76b70122/gnocchi.b91f31a6-0631-4380-a77a-c37837c3dd94/none_v3 HTTP/1.0 404 - python-swiftclient-3.11.1 gAAAAABpeQCPbRNX... - 70 - tx4f3a882e90f14545a9e2e-006979011c - 0.0284 - - 1769537820.060303926 1769537820.088660479 0
Jan 27 18:17:00 standalone account-server[126751]: 172.20.0.100 - - [27/Jan/2026:18:17:00 +0000] "PUT /d1/1011/AUTH_0ba9aba32adc4e04adc8b70a76b70122/gnocchi.b91f31a6-0631-4380-a77a-c37837c3dd94" 201 - "PUT http://172.20.0.100:6001/d1/273/AUTH_0ba9aba32adc4e04adc8b70a76b70122/gnocchi.b91f31a6-0631-4380-a77a-c37837c3dd94" "tx09f55de50baa44d79c084-006979011c" "container-server 21" 0.0092 "-" 20 0
Jan 27 18:17:00 standalone container-server[126840]: 172.20.0.100 - - [27/Jan/2026:18:17:00 +0000] "PUT /d1/273/AUTH_0ba9aba32adc4e04adc8b70a76b70122/gnocchi.b91f31a6-0631-4380-a77a-c37837c3dd94" 201 - "PUT http://172.18.0.2:8080/v1/AUTH_0ba9aba32adc4e04adc8b70a76b70122/gnocchi.b91f31a6-0631-4380-a77a-c37837c3dd94" "tx09f55de50baa44d79c084-006979011c" "proxy-server 20" 0.0187 "-" 21 0
Jan 27 18:17:00 standalone proxy-server[129066]: 172.18.0.2 172.18.0.100 27/Jan/2026/18/17/00 PUT /v1/AUTH_0ba9aba32adc4e04adc8b70a76b70122/gnocchi.b91f31a6-0631-4380-a77a-c37837c3dd94 HTTP/1.0 201 - python-swiftclient-3.11.1 gAAAAABpeQCPbRNX... - - - tx09f55de50baa44d79c084-006979011c - 0.0258 - - 1769537820.091388702 1769537820.117164373 0
Jan 27 18:17:00 standalone container-server[126848]: 172.20.0.100 - - [27/Jan/2026:18:17:00 +0000] "HEAD /d1/273/AUTH_0ba9aba32adc4e04adc8b70a76b70122/gnocchi.b91f31a6-0631-4380-a77a-c37837c3dd94" 204 - "HEAD http://172.18.0.2:8080/v1/AUTH_0ba9aba32adc4e04adc8b70a76b70122/gnocchi.b91f31a6-0631-4380-a77a-c37837c3dd94?format=json&states=listing" "tx894b7f6116454162b483c-006979011c" "proxy-server 20" 0.0015 "-" 22 0
Jan 27 18:17:00 standalone proxy-server[129066]: - - 27/Jan/2026/18/17/00 HEAD /v1/AUTH_0ba9aba32adc4e04adc8b70a76b70122/gnocchi.b91f31a6-0631-4380-a77a-c37837c3dd94%3Fformat%3Djson%26states%3Dlisting HTTP/1.0 204 - Swift - - - - tx894b7f6116454162b483c-006979011c - 0.0053 RL - 1769537820.123359442 1769537820.128689766 0
Jan 27 18:17:00 standalone container-server[126848]: 172.20.0.100 - - [27/Jan/2026:18:17:00 +0000] "GET /d1/273/AUTH_0ba9aba32adc4e04adc8b70a76b70122/gnocchi.b91f31a6-0631-4380-a77a-c37837c3dd94" 200 2 "GET http://172.18.0.2:8080/v1/AUTH_0ba9aba32adc4e04adc8b70a76b70122/gnocchi.b91f31a6-0631-4380-a77a-c37837c3dd94?format=json&states=listing" "tx894b7f6116454162b483c-006979011c" "proxy-server 20" 0.0027 "-" 22 0
Jan 27 18:17:00 standalone proxy-server[129066]: 172.18.0.2 172.18.0.100 27/Jan/2026/18/17/00 GET /v1/AUTH_0ba9aba32adc4e04adc8b70a76b70122/gnocchi.b91f31a6-0631-4380-a77a-c37837c3dd94%3Fformat%3Djson%26states%3Dlisting HTTP/1.0 200 - python-swiftclient-3.11.1 gAAAAABpeQCPbRNX... - 2 - tx894b7f6116454162b483c-006979011c - 0.0166 - - 1769537820.122306585 1769537820.138873339 0
Jan 27 18:17:00 standalone object-server[127062]: 172.20.0.100 - - [27/Jan/2026:18:17:00 +0000] "GET /d1/928/AUTH_0ba9aba32adc4e04adc8b70a76b70122/gnocchi.b91f31a6-0631-4380-a77a-c37837c3dd94/1769040000.0_mean_300.0_v3" 404 70 "GET http://172.18.0.2:8080/v1/AUTH_0ba9aba32adc4e04adc8b70a76b70122/gnocchi.b91f31a6-0631-4380-a77a-c37837c3dd94/1769040000.0_mean_300.0_v3" "txf81e4ae730fc4116ac2b1-006979011c" "proxy-server 20" 0.0005 "-" 22 0
Jan 27 18:17:00 standalone proxy-server[129066]: 172.18.0.2 172.18.0.100 27/Jan/2026/18/17/00 GET /v1/AUTH_0ba9aba32adc4e04adc8b70a76b70122/gnocchi.b91f31a6-0631-4380-a77a-c37837c3dd94/1769040000.0_mean_300.0_v3 HTTP/1.0 404 - python-swiftclient-3.11.1 gAAAAABpeQCPbRNX... - 70 - txf81e4ae730fc4116ac2b1-006979011c - 0.0101 - - 1769537820.143238306 1769537820.153296947 0
Jan 27 18:17:00 standalone container-server[126848]: 172.20.0.100 - - [27/Jan/2026:18:17:00 +0000] "PUT /d1/273/AUTH_0ba9aba32adc4e04adc8b70a76b70122/gnocchi.b91f31a6-0631-4380-a77a-c37837c3dd94/1769040000.0_mean_300.0_v3" 201 - "PUT http://172.18.0.2:8080/d1/928/AUTH_0ba9aba32adc4e04adc8b70a76b70122/gnocchi.b91f31a6-0631-4380-a77a-c37837c3dd94/1769040000.0_mean_300.0_v3" "tx2f125f53d0754399a8d2c-006979011c" "object-server 22" 0.0006 "-" 22 0
Jan 27 18:17:00 standalone object-server[127062]: 172.20.0.100 - - [27/Jan/2026:18:17:00 +0000] "PUT /d1/928/AUTH_0ba9aba32adc4e04adc8b70a76b70122/gnocchi.b91f31a6-0631-4380-a77a-c37837c3dd94/1769040000.0_mean_300.0_v3" 201 - "PUT http://172.18.0.2:8080/v1/AUTH_0ba9aba32adc4e04adc8b70a76b70122/gnocchi.b91f31a6-0631-4380-a77a-c37837c3dd94/1769040000.0_mean_300.0_v3" "tx2f125f53d0754399a8d2c-006979011c" "proxy-server 20" 0.0137 "-" 22 0
Jan 27 18:17:00 standalone proxy-server[129066]: 172.18.0.2 172.18.0.100 27/Jan/2026/18/17/00 PUT /v1/AUTH_0ba9aba32adc4e04adc8b70a76b70122/gnocchi.b91f31a6-0631-4380-a77a-c37837c3dd94/1769040000.0_mean_300.0_v3 HTTP/1.0 201 - python-swiftclient-3.11.1 gAAAAABpeQCPbRNX... 16 - - tx2f125f53d0754399a8d2c-006979011c - 0.0228 - - 1769537820.158849955 1769537820.181652308 0
Jan 27 18:17:00 standalone container-server[126840]: 172.20.0.100 - - [27/Jan/2026:18:17:00 +0000] "PUT /d1/273/AUTH_0ba9aba32adc4e04adc8b70a76b70122/gnocchi.b91f31a6-0631-4380-a77a-c37837c3dd94/none_v3" 201 - "PUT http://172.18.0.2:8080/d1/677/AUTH_0ba9aba32adc4e04adc8b70a76b70122/gnocchi.b91f31a6-0631-4380-a77a-c37837c3dd94/none_v3" "tx0ffa659afff54dc3837f5-006979011c" "object-server 23" 0.0007 "-" 21 0
Jan 27 18:17:00 standalone object-server[127078]: 172.20.0.100 - - [27/Jan/2026:18:17:00 +0000] "PUT /d1/677/AUTH_0ba9aba32adc4e04adc8b70a76b70122/gnocchi.b91f31a6-0631-4380-a77a-c37837c3dd94/none_v3" 201 - "PUT http://172.18.0.2:8080/v1/AUTH_0ba9aba32adc4e04adc8b70a76b70122/gnocchi.b91f31a6-0631-4380-a77a-c37837c3dd94/none_v3" "tx0ffa659afff54dc3837f5-006979011c" "proxy-server 20" 0.0110 "-" 23 0
Jan 27 18:17:00 standalone proxy-server[129066]: 172.18.0.2 172.18.0.100 27/Jan/2026/18/17/00 PUT /v1/AUTH_0ba9aba32adc4e04adc8b70a76b70122/gnocchi.b91f31a6-0631-4380-a77a-c37837c3dd94/none_v3 HTTP/1.0 201 - python-swiftclient-3.11.1 gAAAAABpeQCPbRNX... 22 - - tx0ffa659afff54dc3837f5-006979011c - 0.0180 - - 1769537820.185793638 1769537820.203768492 0
Jan 27 18:17:10 standalone container-server[126840]: 172.20.0.100 - - [27/Jan/2026:18:17:10 +0000] "HEAD /d1/510/AUTH_0ba9aba32adc4e04adc8b70a76b70122/gnocchi.c335136e-13f6-4ef8-91fd-e62e42f61adc" 404 - "HEAD http://172.18.0.2:8080/v1/AUTH_0ba9aba32adc4e04adc8b70a76b70122/gnocchi.c335136e-13f6-4ef8-91fd-e62e42f61adc?format=json&states=listing" "tx3eae825cc35c462983679-0069790126" "proxy-server 20" 0.0006 "-" 21 0
Jan 27 18:17:10 standalone object-server[127089]: 172.20.0.100 - - [27/Jan/2026:18:17:10 +0000] "GET /d1/443/AUTH_0ba9aba32adc4e04adc8b70a76b70122/gnocchi.c335136e-13f6-4ef8-91fd-e62e42f61adc/none_v3" 404 70 "GET http://172.18.0.2:8080/v1/AUTH_0ba9aba32adc4e04adc8b70a76b70122/gnocchi.c335136e-13f6-4ef8-91fd-e62e42f61adc/none_v3" "tx3eae825cc35c462983679-0069790126" "proxy-server 20" 0.0011 "-" 24 0
Jan 27 18:17:10 standalone proxy-server[129066]: 172.18.0.2 172.18.0.100 27/Jan/2026/18/17/10 GET /v1/AUTH_0ba9aba32adc4e04adc8b70a76b70122/gnocchi.c335136e-13f6-4ef8-91fd-e62e42f61adc/none_v3 HTTP/1.0 404 - python-swiftclient-3.11.1 gAAAAABpeQCPbRNX... - 70 - tx3eae825cc35c462983679-0069790126 - 0.0234 - - 1769537830.360561848 1769537830.383925915 0
Jan 27 18:17:10 standalone account-server[126754]: 172.20.0.100 - - [27/Jan/2026:18:17:10 +0000] "PUT /d1/1011/AUTH_0ba9aba32adc4e04adc8b70a76b70122/gnocchi.c335136e-13f6-4ef8-91fd-e62e42f61adc" 201 - "PUT http://172.20.0.100:6001/d1/510/AUTH_0ba9aba32adc4e04adc8b70a76b70122/gnocchi.c335136e-13f6-4ef8-91fd-e62e42f61adc" "tx74250a5f2050437484c42-0069790126" "container-server 19" 0.0066 "-" 21 0
Jan 27 18:17:10 standalone container-server[126820]: 172.20.0.100 - - [27/Jan/2026:18:17:10 +0000] "PUT /d1/510/AUTH_0ba9aba32adc4e04adc8b70a76b70122/gnocchi.c335136e-13f6-4ef8-91fd-e62e42f61adc" 201 - "PUT http://172.18.0.2:8080/v1/AUTH_0ba9aba32adc4e04adc8b70a76b70122/gnocchi.c335136e-13f6-4ef8-91fd-e62e42f61adc" "tx74250a5f2050437484c42-0069790126" "proxy-server 20" 0.0277 "-" 19 0
Jan 27 18:17:10 standalone proxy-server[129066]: 172.18.0.2 172.18.0.100 27/Jan/2026/18/17/10 PUT /v1/AUTH_0ba9aba32adc4e04adc8b70a76b70122/gnocchi.c335136e-13f6-4ef8-91fd-e62e42f61adc HTTP/1.0 201 - python-swiftclient-3.11.1 gAAAAABpeQCPbRNX... - - - tx74250a5f2050437484c42-0069790126 - 0.0508 - - 1769537830.394534349 1769537830.445367575 0
Jan 27 18:17:10 standalone container-server[126820]: 172.20.0.100 - - [27/Jan/2026:18:17:10 +0000] "HEAD /d1/510/AUTH_0ba9aba32adc4e04adc8b70a76b70122/gnocchi.c335136e-13f6-4ef8-91fd-e62e42f61adc" 204 - "HEAD http://172.18.0.2:8080/v1/AUTH_0ba9aba32adc4e04adc8b70a76b70122/gnocchi.c335136e-13f6-4ef8-91fd-e62e42f61adc?format=json&states=listing" "tx9a074824823b424682bbc-0069790126" "proxy-server 20" 0.0026 "-" 19 0
Jan 27 18:17:10 standalone proxy-server[129066]: - - 27/Jan/2026/18/17/10 HEAD /v1/AUTH_0ba9aba32adc4e04adc8b70a76b70122/gnocchi.c335136e-13f6-4ef8-91fd-e62e42f61adc%3Fformat%3Djson%26states%3Dlisting HTTP/1.0 204 - Swift - - - - tx9a074824823b424682bbc-0069790126 - 0.0079 RL - 1769537830.454656601 1769537830.462577581 0
Jan 27 18:17:10 standalone container-server[126848]: 172.20.0.100 - - [27/Jan/2026:18:17:10 +0000] "GET /d1/510/AUTH_0ba9aba32adc4e04adc8b70a76b70122/gnocchi.c335136e-13f6-4ef8-91fd-e62e42f61adc" 200 2 "GET http://172.18.0.2:8080/v1/AUTH_0ba9aba32adc4e04adc8b70a76b70122/gnocchi.c335136e-13f6-4ef8-91fd-e62e42f61adc?format=json&states=listing" "tx9a074824823b424682bbc-0069790126" "proxy-server 20" 0.0091 "-" 22 0
Jan 27 18:17:10 standalone proxy-server[129066]: 172.18.0.2 172.18.0.100 27/Jan/2026/18/17/10 GET /v1/AUTH_0ba9aba32adc4e04adc8b70a76b70122/gnocchi.c335136e-13f6-4ef8-91fd-e62e42f61adc%3Fformat%3Djson%26states%3Dlisting HTTP/1.0 200 - python-swiftclient-3.11.1 gAAAAABpeQCPbRNX... - 2 - tx9a074824823b424682bbc-0069790126 - 0.0379 - - 1769537830.452612877 1769537830.490464449 0
Jan 27 18:17:10 standalone object-server[127089]: 172.20.0.100 - - [27/Jan/2026:18:17:10 +0000] "GET /d1/420/AUTH_0ba9aba32adc4e04adc8b70a76b70122/gnocchi.c335136e-13f6-4ef8-91fd-e62e42f61adc/1769040000.0_mean_300.0_v3" 404 70 "GET http://172.18.0.2:8080/v1/AUTH_0ba9aba32adc4e04adc8b70a76b70122/gnocchi.c335136e-13f6-4ef8-91fd-e62e42f61adc/1769040000.0_mean_300.0_v3" "txba635a6363f741bc83371-0069790126" "proxy-server 20" 0.0007 "-" 24 0
Jan 27 18:17:10 standalone proxy-server[129066]: 172.18.0.2 172.18.0.100 27/Jan/2026/18/17/10 GET /v1/AUTH_0ba9aba32adc4e04adc8b70a76b70122/gnocchi.c335136e-13f6-4ef8-91fd-e62e42f61adc/1769040000.0_mean_300.0_v3 HTTP/1.0 404 - python-swiftclient-3.11.1 gAAAAABpeQCPbRNX... - 70 - txba635a6363f741bc83371-0069790126 - 0.0196 - - 1769537830.498918295 1769537830.518527985 0
Jan 27 18:17:10 standalone container-server[126840]: 172.20.0.100 - - [27/Jan/2026:18:17:10 +0000] "PUT /d1/510/AUTH_0ba9aba32adc4e04adc8b70a76b70122/gnocchi.c335136e-13f6-4ef8-91fd-e62e42f61adc/1769040000.0_mean_300.0_v3" 201 - "PUT http://172.18.0.2:8080/d1/420/AUTH_0ba9aba32adc4e04adc8b70a76b70122/gnocchi.c335136e-13f6-4ef8-91fd-e62e42f61adc/1769040000.0_mean_300.0_v3" "txf0ba9cfed2944f9bb5fc8-0069790126" "object-server 22" 0.0006 "-" 21 0
Jan 27 18:17:10 standalone object-server[127062]: 172.20.0.100 - - [27/Jan/2026:18:17:10 +0000] "PUT /d1/420/AUTH_0ba9aba32adc4e04adc8b70a76b70122/gnocchi.c335136e-13f6-4ef8-91fd-e62e42f61adc/1769040000.0_mean_300.0_v3" 201 - "PUT http://172.18.0.2:8080/v1/AUTH_0ba9aba32adc4e04adc8b70a76b70122/gnocchi.c335136e-13f6-4ef8-91fd-e62e42f61adc/1769040000.0_mean_300.0_v3" "txf0ba9cfed2944f9bb5fc8-0069790126" "proxy-server 20" 0.0306 "-" 22 0
Jan 27 18:17:10 standalone proxy-server[129066]: 172.18.0.2 172.18.0.100 27/Jan/2026/18/17/10 PUT /v1/AUTH_0ba9aba32adc4e04adc8b70a76b70122/gnocchi.c335136e-13f6-4ef8-91fd-e62e42f61adc/1769040000.0_mean_300.0_v3 HTTP/1.0 201 - python-swiftclient-3.11.1 gAAAAABpeQCPbRNX... 16 - - txf0ba9cfed2944f9bb5fc8-0069790126 - 0.0435 - - 1769537830.523396969 1769537830.566942453 0
Jan 27 18:17:10 standalone container-server[126820]: 172.20.0.100 - - [27/Jan/2026:18:17:10 +0000] "PUT /d1/510/AUTH_0ba9aba32adc4e04adc8b70a76b70122/gnocchi.c335136e-13f6-4ef8-91fd-e62e42f61adc/none_v3" 201 - "PUT http://172.18.0.2:8080/d1/443/AUTH_0ba9aba32adc4e04adc8b70a76b70122/gnocchi.c335136e-13f6-4ef8-91fd-e62e42f61adc/none_v3" "tx13ca869c4b8e4c2fb2bb0-0069790126" "object-server 25" 0.0008 "-" 19 0
Jan 27 18:17:10 standalone object-server[127096]: 172.20.0.100 - - [27/Jan/2026:18:17:10 +0000] "PUT /d1/443/AUTH_0ba9aba32adc4e04adc8b70a76b70122/gnocchi.c335136e-13f6-4ef8-91fd-e62e42f61adc/none_v3" 201 - "PUT http://172.18.0.2:8080/v1/AUTH_0ba9aba32adc4e04adc8b70a76b70122/gnocchi.c335136e-13f6-4ef8-91fd-e62e42f61adc/none_v3" "tx13ca869c4b8e4c2fb2bb0-0069790126" "proxy-server 20" 0.0297 "-" 25 0
Jan 27 18:17:10 standalone proxy-server[129066]: 172.18.0.2 172.18.0.100 27/Jan/2026/18/17/10 PUT /v1/AUTH_0ba9aba32adc4e04adc8b70a76b70122/gnocchi.c335136e-13f6-4ef8-91fd-e62e42f61adc/none_v3 HTTP/1.0 201 - python-swiftclient-3.11.1 gAAAAABpeQCPbRNX... 22 - - tx13ca869c4b8e4c2fb2bb0-0069790126 - 0.0435 - - 1769537830.572698832 1769537830.616230488 0
Jan 27 18:17:16 standalone object-server[127078]: 172.20.0.100 - - [27/Jan/2026:18:17:16 +0000] "GET /d1/443/AUTH_0ba9aba32adc4e04adc8b70a76b70122/gnocchi.c335136e-13f6-4ef8-91fd-e62e42f61adc/none_v3" 200 22 "GET http://172.18.0.2:8080/v1/AUTH_0ba9aba32adc4e04adc8b70a76b70122/gnocchi.c335136e-13f6-4ef8-91fd-e62e42f61adc/none_v3" "tx79495a06eaca48049f548-006979012c" "proxy-server 20" 0.0020 "-" 23 0
Jan 27 18:17:16 standalone proxy-server[129066]: 172.18.0.2 172.18.0.100 27/Jan/2026/18/17/16 GET /v1/AUTH_0ba9aba32adc4e04adc8b70a76b70122/gnocchi.c335136e-13f6-4ef8-91fd-e62e42f61adc/none_v3 HTTP/1.0 200 - python-swiftclient-3.11.1 gAAAAABpeQCPbRNX... - 22 - tx79495a06eaca48049f548-006979012c - 0.0110 - - 1769537836.516750097 1769537836.527725220 0
Jan 27 18:17:16 standalone container-server[126840]: 172.20.0.100 - - [27/Jan/2026:18:17:16 +0000] "GET /d1/510/AUTH_0ba9aba32adc4e04adc8b70a76b70122/gnocchi.c335136e-13f6-4ef8-91fd-e62e42f61adc" 200 357 "GET http://172.18.0.2:8080/v1/AUTH_0ba9aba32adc4e04adc8b70a76b70122/gnocchi.c335136e-13f6-4ef8-91fd-e62e42f61adc?format=json&states=listing" "tx8779112ecde04a4d9129c-006979012c" "proxy-server 20" 0.0115 "-" 21 0
Jan 27 18:17:16 standalone proxy-server[129066]: 172.18.0.2 172.18.0.100 27/Jan/2026/18/17/16 GET /v1/AUTH_0ba9aba32adc4e04adc8b70a76b70122/gnocchi.c335136e-13f6-4ef8-91fd-e62e42f61adc%3Fformat%3Djson%26states%3Dlisting HTTP/1.0 200 - python-swiftclient-3.11.1 gAAAAABpeQCPbRNX... - 357 - tx8779112ecde04a4d9129c-006979012c - 0.0191 - - 1769537836.532013416 1769537836.551134348 0
Jan 27 18:17:16 standalone container-server[126840]: 172.20.0.100 - - [27/Jan/2026:18:17:16 +0000] "GET /d1/510/AUTH_0ba9aba32adc4e04adc8b70a76b70122/gnocchi.c335136e-13f6-4ef8-91fd-e62e42f61adc" 200 2 "GET http://172.18.0.2:8080/v1/AUTH_0ba9aba32adc4e04adc8b70a76b70122/gnocchi.c335136e-13f6-4ef8-91fd-e62e42f61adc?format=json&marker=none_v3&states=listing" "tx724ccd23288f484fbd977-006979012c" "proxy-server 20" 0.0039 "-" 21 0
Jan 27 18:17:16 standalone proxy-server[129066]: 172.18.0.2 172.18.0.100 27/Jan/2026/18/17/16 GET /v1/AUTH_0ba9aba32adc4e04adc8b70a76b70122/gnocchi.c335136e-13f6-4ef8-91fd-e62e42f61adc%3Fformat%3Djson%26marker%3Dnone_v3%26states%3Dlisting HTTP/1.0 200 - python-swiftclient-3.11.1 gAAAAABpeQCPbRNX... - 2 - tx724ccd23288f484fbd977-006979012c - 0.0103 - - 1769537836.554098606 1769537836.564377308 0
Jan 27 18:17:16 standalone object-server[127078]: 172.20.0.100 - - [27/Jan/2026:18:17:16 +0000] "GET /d1/420/AUTH_0ba9aba32adc4e04adc8b70a76b70122/gnocchi.c335136e-13f6-4ef8-91fd-e62e42f61adc/1769040000.0_mean_300.0_v3" 200 16 "GET http://172.18.0.2:8080/v1/AUTH_0ba9aba32adc4e04adc8b70a76b70122/gnocchi.c335136e-13f6-4ef8-91fd-e62e42f61adc/1769040000.0_mean_300.0_v3" "tx5a8e3924d57e4894a16aa-006979012c" "proxy-server 20" 0.0012 "-" 23 0
Jan 27 18:17:16 standalone proxy-server[129066]: 172.18.0.2 172.18.0.100 27/Jan/2026/18/17/16 GET /v1/AUTH_0ba9aba32adc4e04adc8b70a76b70122/gnocchi.c335136e-13f6-4ef8-91fd-e62e42f61adc/1769040000.0_mean_300.0_v3 HTTP/1.0 200 - python-swiftclient-3.11.1 gAAAAABpeQCPbRNX... - 16 - tx5a8e3924d57e4894a16aa-006979012c - 0.0082 - - 1769537836.567688465 1769537836.575899839 0
Jan 27 18:17:16 standalone container-server[126840]: 172.20.0.100 - - [27/Jan/2026:18:17:16 +0000] "PUT /d1/510/AUTH_0ba9aba32adc4e04adc8b70a76b70122/gnocchi.c335136e-13f6-4ef8-91fd-e62e42f61adc/1769040000.0_mean_300.0_v3" 201 - "PUT http://172.18.0.2:8080/d1/420/AUTH_0ba9aba32adc4e04adc8b70a76b70122/gnocchi.c335136e-13f6-4ef8-91fd-e62e42f61adc/1769040000.0_mean_300.0_v3" "tx69a9bdfaa2ec447ba043a-006979012c" "object-server 24" 0.0009 "-" 21 0
Jan 27 18:17:16 standalone object-server[127089]: 172.20.0.100 - - [27/Jan/2026:18:17:16 +0000] "PUT /d1/420/AUTH_0ba9aba32adc4e04adc8b70a76b70122/gnocchi.c335136e-13f6-4ef8-91fd-e62e42f61adc/1769040000.0_mean_300.0_v3" 201 - "PUT http://172.18.0.2:8080/v1/AUTH_0ba9aba32adc4e04adc8b70a76b70122/gnocchi.c335136e-13f6-4ef8-91fd-e62e42f61adc/1769040000.0_mean_300.0_v3" "tx69a9bdfaa2ec447ba043a-006979012c" "proxy-server 20" 0.0106 "-" 24 0
Jan 27 18:17:16 standalone proxy-server[129066]: 172.18.0.2 172.18.0.100 27/Jan/2026/18/17/16 PUT /v1/AUTH_0ba9aba32adc4e04adc8b70a76b70122/gnocchi.c335136e-13f6-4ef8-91fd-e62e42f61adc/1769040000.0_mean_300.0_v3 HTTP/1.0 201 - python-swiftclient-3.11.1 gAAAAABpeQCPbRNX... 16 - - tx69a9bdfaa2ec447ba043a-006979012c - 0.0158 - - 1769537836.579192877 1769537836.594963789 0
Jan 27 18:17:16 standalone container-server[126840]: 172.20.0.100 - - [27/Jan/2026:18:17:16 +0000] "PUT /d1/510/AUTH_0ba9aba32adc4e04adc8b70a76b70122/gnocchi.c335136e-13f6-4ef8-91fd-e62e42f61adc/none_v3" 201 - "PUT http://172.18.0.2:8080/d1/443/AUTH_0ba9aba32adc4e04adc8b70a76b70122/gnocchi.c335136e-13f6-4ef8-91fd-e62e42f61adc/none_v3" "tx74da0820ba704392aae82-006979012c" "object-server 23" 0.0010 "-" 21 0
Jan 27 18:17:16 standalone object-server[127078]: 172.20.0.100 - - [27/Jan/2026:18:17:16 +0000] "PUT /d1/443/AUTH_0ba9aba32adc4e04adc8b70a76b70122/gnocchi.c335136e-13f6-4ef8-91fd-e62e42f61adc/none_v3" 201 - "PUT http://172.18.0.2:8080/v1/AUTH_0ba9aba32adc4e04adc8b70a76b70122/gnocchi.c335136e-13f6-4ef8-91fd-e62e42f61adc/none_v3" "tx74da0820ba704392aae82-006979012c" "proxy-server 20" 0.0112 "-" 23 0
Jan 27 18:17:16 standalone proxy-server[129066]: 172.18.0.2 172.18.0.100 27/Jan/2026/18/17/16 PUT /v1/AUTH_0ba9aba32adc4e04adc8b70a76b70122/gnocchi.c335136e-13f6-4ef8-91fd-e62e42f61adc/none_v3 HTTP/1.0 201 - python-swiftclient-3.11.1 gAAAAABpeQCPbRNX... 32 - - tx74da0820ba704392aae82-006979012c - 0.0174 - - 1769537836.597569227 1769537836.614936352 0
Jan 27 18:17:38 standalone account-server[126762]: 172.20.0.100 - - [27/Jan/2026:18:17:38 +0000] "HEAD /d1/787/.expiring_objects" 404 - "HEAD http://localhost/v1/.expiring_objects?format=json" "tx15a89beca11f4b1eb6a9d-0069790142" "proxy-server 2" 0.0009 "-" 22 -
Jan 27 18:17:38 standalone object-expirer[126837]: Pass completed in 0s; 0 objects expired (txn: tx15a89beca11f4b1eb6a9d-0069790142)
Jan 27 18:19:30 standalone object-server[127030]: Begin object update sweep
Jan 27 18:19:30 standalone object-server[254170]: Object update sweep starting on /srv/node/d1 (pid: 15)
Jan 27 18:19:30 standalone object-server[254170]: Object update sweep completed on /srv/node/d1 in 0.00s seconds:, 0 successes, 0 failures, 0 quarantines, 0 unlinks, 0 errors, 0 redirects (pid: 15)
Jan 27 18:19:30 standalone object-server[254170]: Object update sweep of d1 completed: 0.00s, 0 successes, 0 failures, 0 quarantines, 0 unlinks, 0 errors, 0 redirects
Jan 27 18:19:31 standalone object-server[127030]: Object update sweep completed: 0.10s
Jan 27 18:20:22 standalone container-server[126739]: Begin container update sweep
Jan 27 18:20:22 standalone account-server[126754]: 172.20.0.100 - - [27/Jan/2026:18:20:22 +0000] "PUT /d1/1011/AUTH_0ba9aba32adc4e04adc8b70a76b70122/gnocchi.cba4171f-e896-4c63-bd35-84e2ecb559e7" 201 - "-" "-" "container-updater 2" 0.0008 "-" 21 0
Jan 27 18:20:23 standalone account-server[126751]: 172.20.0.100 - - [27/Jan/2026:18:20:23 +0000] "PUT /d1/1011/AUTH_0ba9aba32adc4e04adc8b70a76b70122/gnocchi.854c8c63-59ec-4f10-bcec-08badd845a21" 201 - "-" "-" "container-updater 2" 0.0004 "-" 20 0
Jan 27 18:20:23 standalone account-server[126751]: 172.20.0.100 - - [27/Jan/2026:18:20:23 +0000] "PUT /d1/1011/AUTH_0ba9aba32adc4e04adc8b70a76b70122/gnocchi.0634b667-a10e-4e93-835a-aa0262f6b5d1" 201 - "-" "-" "container-updater 2" 0.0004 "-" 20 0
Jan 27 18:20:23 standalone account-server[126751]: 172.20.0.100 - - [27/Jan/2026:18:20:23 +0000] "PUT /d1/1011/AUTH_0ba9aba32adc4e04adc8b70a76b70122/gnocchi.7774b1c9-4966-40af-8f06-7ef8c5e7fa63" 201 - "-" "-" "container-updater 2" 0.0009 "-" 20 0
Jan 27 18:20:23 standalone account-server[126751]: 172.20.0.100 - - [27/Jan/2026:18:20:23 +0000] "PUT /d1/1011/AUTH_0ba9aba32adc4e04adc8b70a76b70122/gnocchi.31159aba-52e7-45a0-a5b7-ad9db399f8c5" 201 - "-" "-" "container-updater 2" 0.0006 "-" 20 0
Jan 27 18:20:23 standalone account-server[126754]: 172.20.0.100 - - [27/Jan/2026:18:20:23 +0000] "PUT /d1/1011/AUTH_0ba9aba32adc4e04adc8b70a76b70122/gnocchi.a0c1a845-c346-4915-8a1e-5bf715270c42" 201 - "-" "-" "container-updater 2" 0.0004 "-" 21 0
Jan 27 18:20:23 standalone account-server[126754]: 172.20.0.100 - - [27/Jan/2026:18:20:23 +0000] "PUT /d1/1011/AUTH_0ba9aba32adc4e04adc8b70a76b70122/gnocchi.1fa5a454-b9b0-4800-891c-2378458da32e" 201 - "-" "-" "container-updater 2" 0.0005 "-" 21 0
Jan 27 18:20:23 standalone account-server[126762]: 172.20.0.100 - - [27/Jan/2026:18:20:23 +0000] "PUT /d1/1011/AUTH_0ba9aba32adc4e04adc8b70a76b70122/gnocchi.b3a2ccef-05d2-49d4-b7c3-02b994ec0dae" 201 - "-" "-" "container-updater 2" 0.0009 "-" 22 0
Jan 27 18:20:23 standalone account-server[126762]: 172.20.0.100 - - [27/Jan/2026:18:20:23 +0000] "PUT /d1/1011/AUTH_0ba9aba32adc4e04adc8b70a76b70122/gnocchi.d4fa8954-f2fc-4781-be5a-75e6f36e25f1" 201 - "-" "-" "container-updater 2" 0.0006 "-" 22 0
Jan 27 18:20:23 standalone account-server[126751]: 172.20.0.100 - - [27/Jan/2026:18:20:23 +0000] "PUT /d1/1011/AUTH_0ba9aba32adc4e04adc8b70a76b70122/gnocchi.0562003c-1f40-4a23-9574-b5b43eb1bf9d" 201 - "-" "-" "container-updater 2" 0.0005 "-" 20 0
Jan 27 18:20:24 standalone account-server[126762]: 172.20.0.100 - - [27/Jan/2026:18:20:24 +0000] "PUT /d1/1011/AUTH_0ba9aba32adc4e04adc8b70a76b70122/gnocchi.967264d1-436c-459d-aed1-9b203a136bca" 201 - "-" "-" "container-updater 2" 0.0010 "-" 22 0
Jan 27 18:20:24 standalone account-server[126762]: 172.20.0.100 - - [27/Jan/2026:18:20:24 +0000] "PUT /d1/1011/AUTH_0ba9aba32adc4e04adc8b70a76b70122/gnocchi.c335136e-13f6-4ef8-91fd-e62e42f61adc" 201 - "-" "-" "container-updater 2" 0.0006 "-" 22 0
Jan 27 18:20:24 standalone account-server[126762]: 172.20.0.100 - - [27/Jan/2026:18:20:24 +0000] "PUT /d1/1011/AUTH_0ba9aba32adc4e04adc8b70a76b70122/gnocchi.b91f31a6-0631-4380-a77a-c37837c3dd94" 201 - "-" "-" "container-updater 2" 0.0005 "-" 22 0
Jan 27 18:20:24 standalone account-server[126762]: 172.20.0.100 - - [27/Jan/2026:18:20:24 +0000] "PUT /d1/1011/AUTH_0ba9aba32adc4e04adc8b70a76b70122/gnocchi.347a2cd9-6c88-4502-9002-1c8c29627d67" 201 - "-" "-" "container-updater 2" 0.0004 "-" 22 0
Jan 27 18:20:24 standalone account-server[126765]: 172.20.0.100 - - [27/Jan/2026:18:20:24 +0000] "PUT /d1/1011/AUTH_0ba9aba32adc4e04adc8b70a76b70122/gnocchi.88831b9f-a59c-4af6-b727-ec5b6960e0c4" 201 - "-" "-" "container-updater 2" 0.0005 "-" 23 0
Jan 27 18:20:24 standalone account-server[126751]: 172.20.0.100 - - [27/Jan/2026:18:20:24 +0000] "PUT /d1/1011/AUTH_0ba9aba32adc4e04adc8b70a76b70122/gnocchi.ea94e8b9-fd8e-4499-a2a7-4144907bf5a8" 201 - "-" "-" "container-updater 2" 0.0005 "-" 20 0
Jan 27 18:20:24 standalone container-server[126739]: Container update sweep completed: 1.58s
Jan 27 18:20:26 standalone account-server[126765]: 172.20.0.100 - - [27/Jan/2026:18:20:26 +0000] "HEAD /d1/787/.expiring_objects" 404 - "HEAD http://localhost/v1/.expiring_objects?format=json" "txa65788eb3b344e6988062-00697901ea" "proxy-server 2" 0.0004 "-" 23 -
Jan 27 18:20:26 standalone object-expirer[126837]: Pass completed in 0s; 0 objects expired (txn: txa65788eb3b344e6988062-00697901ea)
Jan 27 18:20:44 standalone account-server[126754]: 172.20.0.100 - - [27/Jan/2026:18:20:44 +0000] "HEAD /d1/1011/AUTH_0ba9aba32adc4e04adc8b70a76b70122" 204 - "HEAD http://172.18.0.2:8080/v1/AUTH_0ba9aba32adc4e04adc8b70a76b70122?format=json" "tx5c56368439e744f4a31cd-00697901fc" "proxy-server 20" 0.0074 "-" 21 -
Jan 27 18:20:44 standalone proxy-server[129066]: - - 27/Jan/2026/18/20/44 HEAD /v1/AUTH_0ba9aba32adc4e04adc8b70a76b70122%3Fformat%3Djson HTTP/1.0 204 - Swift - - - - tx5c56368439e744f4a31cd-00697901fc - 0.0125 RL - 1769538044.725994825 1769538044.738471270 -
Jan 27 18:20:44 standalone container-server[126840]: 172.20.0.100 - - [27/Jan/2026:18:20:44 +0000] "HEAD /d1/885/AUTH_0ba9aba32adc4e04adc8b70a76b70122/gnocchi.a75d69ec-de7e-46c4-b6c2-b3f82d768904" 404 - "HEAD http://172.18.0.2:8080/v1/AUTH_0ba9aba32adc4e04adc8b70a76b70122/gnocchi.a75d69ec-de7e-46c4-b6c2-b3f82d768904?format=json&states=listing" "tx5c56368439e744f4a31cd-00697901fc" "proxy-server 20" 0.0007 "-" 21 0
Jan 27 18:20:44 standalone object-server[127096]: 172.20.0.100 - - [27/Jan/2026:18:20:44 +0000] "GET /d1/570/AUTH_0ba9aba32adc4e04adc8b70a76b70122/gnocchi.a75d69ec-de7e-46c4-b6c2-b3f82d768904/none_v3" 404 70 "GET http://172.18.0.2:8080/v1/AUTH_0ba9aba32adc4e04adc8b70a76b70122/gnocchi.a75d69ec-de7e-46c4-b6c2-b3f82d768904/none_v3" "tx5c56368439e744f4a31cd-00697901fc" "proxy-server 20" 0.0008 "-" 25 0
Jan 27 18:20:44 standalone proxy-server[129066]: 172.18.0.2 172.18.0.100 27/Jan/2026/18/20/44 GET /v1/AUTH_0ba9aba32adc4e04adc8b70a76b70122/gnocchi.a75d69ec-de7e-46c4-b6c2-b3f82d768904/none_v3 HTTP/1.0 404 - python-swiftclient-3.11.1 gAAAAABpeQCPbRNX... - 70 - tx5c56368439e744f4a31cd-00697901fc - 0.2320 - - 1769538044.725273848 1769538044.957286358 0
Jan 27 18:20:44 standalone account-server[126765]: 172.20.0.100 - - [27/Jan/2026:18:20:44 +0000] "PUT /d1/1011/AUTH_0ba9aba32adc4e04adc8b70a76b70122/gnocchi.a75d69ec-de7e-46c4-b6c2-b3f82d768904" 201 - "PUT http://172.20.0.100:6001/d1/885/AUTH_0ba9aba32adc4e04adc8b70a76b70122/gnocchi.a75d69ec-de7e-46c4-b6c2-b3f82d768904" "txb0b5feed0aa9417d9a54e-00697901fc" "container-server 20" 0.0010 "-" 23 0
Jan 27 18:20:44 standalone container-server[126831]: 172.20.0.100 - - [27/Jan/2026:18:20:44 +0000] "PUT /d1/885/AUTH_0ba9aba32adc4e04adc8b70a76b70122/gnocchi.a75d69ec-de7e-46c4-b6c2-b3f82d768904" 201 - "PUT http://172.18.0.2:8080/v1/AUTH_0ba9aba32adc4e04adc8b70a76b70122/gnocchi.a75d69ec-de7e-46c4-b6c2-b3f82d768904" "txb0b5feed0aa9417d9a54e-00697901fc" "proxy-server 20" 0.0099 "-" 20 0
Jan 27 18:20:44 standalone proxy-server[129066]: 172.18.0.2 172.18.0.100 27/Jan/2026/18/20/44 PUT /v1/AUTH_0ba9aba32adc4e04adc8b70a76b70122/gnocchi.a75d69ec-de7e-46c4-b6c2-b3f82d768904 HTTP/1.0 201 - python-swiftclient-3.11.1 gAAAAABpeQCPbRNX... - - - txb0b5feed0aa9417d9a54e-00697901fc - 0.0140 - - 1769538044.959632158 1769538044.973659277 0
Jan 27 18:20:44 standalone container-server[126831]: 172.20.0.100 - - [27/Jan/2026:18:20:44 +0000] "HEAD /d1/885/AUTH_0ba9aba32adc4e04adc8b70a76b70122/gnocchi.a75d69ec-de7e-46c4-b6c2-b3f82d768904" 204 - "HEAD http://172.18.0.2:8080/v1/AUTH_0ba9aba32adc4e04adc8b70a76b70122/gnocchi.a75d69ec-de7e-46c4-b6c2-b3f82d768904?format=json&states=listing" "txddd3b854a1b742c8858c8-00697901fc" "proxy-server 20" 0.0010 "-" 20 0
Jan 27 18:20:44 standalone proxy-server[129066]: - - 27/Jan/2026/18/20/44 HEAD /v1/AUTH_0ba9aba32adc4e04adc8b70a76b70122/gnocchi.a75d69ec-de7e-46c4-b6c2-b3f82d768904%3Fformat%3Djson%26states%3Dlisting HTTP/1.0 204 - Swift - - - - txddd3b854a1b742c8858c8-00697901fc - 0.0055 RL - 1769538044.977327585 1769538044.982875824 0
Jan 27 18:20:44 standalone container-server[126848]: 172.20.0.100 - - [27/Jan/2026:18:20:44 +0000] "GET /d1/885/AUTH_0ba9aba32adc4e04adc8b70a76b70122/gnocchi.a75d69ec-de7e-46c4-b6c2-b3f82d768904" 200 2 "GET http://172.18.0.2:8080/v1/AUTH_0ba9aba32adc4e04adc8b70a76b70122/gnocchi.a75d69ec-de7e-46c4-b6c2-b3f82d768904?format=json&states=listing" "txddd3b854a1b742c8858c8-00697901fc" "proxy-server 20" 0.0020 "-" 22 0
Jan 27 18:20:44 standalone proxy-server[129066]: 172.18.0.2 172.18.0.100 27/Jan/2026/18/20/44 GET /v1/AUTH_0ba9aba32adc4e04adc8b70a76b70122/gnocchi.a75d69ec-de7e-46c4-b6c2-b3f82d768904%3Fformat%3Djson%26states%3Dlisting HTTP/1.0 200 - python-swiftclient-3.11.1 gAAAAABpeQCPbRNX... - 2 - txddd3b854a1b742c8858c8-00697901fc - 0.0134 - - 1769538044.976459026 1769538044.989854574 0
Jan 27 18:20:44 standalone object-server[127089]: 172.20.0.100 - - [27/Jan/2026:18:20:44 +0000] "GET /d1/624/AUTH_0ba9aba32adc4e04adc8b70a76b70122/gnocchi.a75d69ec-de7e-46c4-b6c2-b3f82d768904/1769040000.0_mean_300.0_v3" 404 70 "GET http://172.18.0.2:8080/v1/AUTH_0ba9aba32adc4e04adc8b70a76b70122/gnocchi.a75d69ec-de7e-46c4-b6c2-b3f82d768904/1769040000.0_mean_300.0_v3" "tx5d968378bcc943b883b62-00697901fc" "proxy-server 20" 0.0007 "-" 24 0
Jan 27 18:20:44 standalone proxy-server[129066]: 172.18.0.2 172.18.0.100 27/Jan/2026/18/20/44 GET /v1/AUTH_0ba9aba32adc4e04adc8b70a76b70122/gnocchi.a75d69ec-de7e-46c4-b6c2-b3f82d768904/1769040000.0_mean_300.0_v3 HTTP/1.0 404 - python-swiftclient-3.11.1 gAAAAABpeQCPbRNX... - 70 - tx5d968378bcc943b883b62-00697901fc - 0.0062 - - 1769538044.993101835 1769538044.999254704 0
Jan 27 18:20:45 standalone container-server[126820]: 172.20.0.100 - - [27/Jan/2026:18:20:45 +0000] "PUT /d1/885/AUTH_0ba9aba32adc4e04adc8b70a76b70122/gnocchi.a75d69ec-de7e-46c4-b6c2-b3f82d768904/1769040000.0_mean_300.0_v3" 201 - "PUT http://172.18.0.2:8080/d1/624/AUTH_0ba9aba32adc4e04adc8b70a76b70122/gnocchi.a75d69ec-de7e-46c4-b6c2-b3f82d768904/1769040000.0_mean_300.0_v3" "tx72d37c81802c4993b8a4e-00697901fd" "object-server 24" 0.0006 "-" 19 0
Jan 27 18:20:45 standalone object-server[127089]: 172.20.0.100 - - [27/Jan/2026:18:20:45 +0000] "PUT /d1/624/AUTH_0ba9aba32adc4e04adc8b70a76b70122/gnocchi.a75d69ec-de7e-46c4-b6c2-b3f82d768904/1769040000.0_mean_300.0_v3" 201 - "PUT http://172.18.0.2:8080/v1/AUTH_0ba9aba32adc4e04adc8b70a76b70122/gnocchi.a75d69ec-de7e-46c4-b6c2-b3f82d768904/1769040000.0_mean_300.0_v3" "tx72d37c81802c4993b8a4e-00697901fd" "proxy-server 20" 0.0112 "-" 24 0
Jan 27 18:20:45 standalone proxy-server[129066]: 172.18.0.2 172.18.0.100 27/Jan/2026/18/20/45 PUT /v1/AUTH_0ba9aba32adc4e04adc8b70a76b70122/gnocchi.a75d69ec-de7e-46c4-b6c2-b3f82d768904/1769040000.0_mean_300.0_v3 HTTP/1.0 201 - python-swiftclient-3.11.1 gAAAAABpeQCPbRNX... 16 - - tx72d37c81802c4993b8a4e-00697901fd - 0.0158 - - 1769538045.002460480 1769538045.018249512 0
Jan 27 18:20:45 standalone container-server[126820]: 172.20.0.100 - - [27/Jan/2026:18:20:45 +0000] "PUT /d1/885/AUTH_0ba9aba32adc4e04adc8b70a76b70122/gnocchi.a75d69ec-de7e-46c4-b6c2-b3f82d768904/none_v3" 201 - "PUT http://172.18.0.2:8080/d1/570/AUTH_0ba9aba32adc4e04adc8b70a76b70122/gnocchi.a75d69ec-de7e-46c4-b6c2-b3f82d768904/none_v3" "txa551ee5399fc41ae80db9-00697901fd" "object-server 22" 0.0006 "-" 19 0
Jan 27 18:20:45 standalone object-server[127062]: 172.20.0.100 - - [27/Jan/2026:18:20:45 +0000] "PUT /d1/570/AUTH_0ba9aba32adc4e04adc8b70a76b70122/gnocchi.a75d69ec-de7e-46c4-b6c2-b3f82d768904/none_v3" 201 - "PUT http://172.18.0.2:8080/v1/AUTH_0ba9aba32adc4e04adc8b70a76b70122/gnocchi.a75d69ec-de7e-46c4-b6c2-b3f82d768904/none_v3" "txa551ee5399fc41ae80db9-00697901fd" "proxy-server 20" 0.0128 "-" 22 0
Jan 27 18:20:45 standalone proxy-server[129066]: 172.18.0.2 172.18.0.100 27/Jan/2026/18/20/45 PUT /v1/AUTH_0ba9aba32adc4e04adc8b70a76b70122/gnocchi.a75d69ec-de7e-46c4-b6c2-b3f82d768904/none_v3 HTTP/1.0 201 - python-swiftclient-3.11.1 gAAAAABpeQCPbRNX... 22 - - txa551ee5399fc41ae80db9-00697901fd - 0.0185 - - 1769538045.022977352 1769538045.041526794 0
Jan 27 18:20:45 standalone container-server[126848]: 172.20.0.100 - - [27/Jan/2026:18:20:45 +0000] "HEAD /d1/580/AUTH_0ba9aba32adc4e04adc8b70a76b70122/gnocchi.50c6745a-66a7-4a8a-8463-f89c8e478c2a" 404 - "HEAD http://172.18.0.2:8080/v1/AUTH_0ba9aba32adc4e04adc8b70a76b70122/gnocchi.50c6745a-66a7-4a8a-8463-f89c8e478c2a?format=json&states=listing" "tx209c3ae9e76548f098b5a-00697901fd" "proxy-server 20" 0.0004 "-" 22 0
Jan 27 18:20:45 standalone object-server[127062]: 172.20.0.100 - - [27/Jan/2026:18:20:45 +0000] "GET /d1/728/AUTH_0ba9aba32adc4e04adc8b70a76b70122/gnocchi.50c6745a-66a7-4a8a-8463-f89c8e478c2a/none_v3" 404 70 "GET http://172.18.0.2:8080/v1/AUTH_0ba9aba32adc4e04adc8b70a76b70122/gnocchi.50c6745a-66a7-4a8a-8463-f89c8e478c2a/none_v3" "tx209c3ae9e76548f098b5a-00697901fd" "proxy-server 20" 0.0004 "-" 22 0
Jan 27 18:20:45 standalone proxy-server[129066]: 172.18.0.2 172.18.0.100 27/Jan/2026/18/20/45 GET /v1/AUTH_0ba9aba32adc4e04adc8b70a76b70122/gnocchi.50c6745a-66a7-4a8a-8463-f89c8e478c2a/none_v3 HTTP/1.0 404 - python-swiftclient-3.11.1 gAAAAABpeQCPbRNX... - 70 - tx209c3ae9e76548f098b5a-00697901fd - 0.0112 - - 1769538045.051375389 1769538045.062553167 0
Jan 27 18:20:45 standalone account-server[126751]: 172.20.0.100 - - [27/Jan/2026:18:20:45 +0000] "PUT /d1/1011/AUTH_0ba9aba32adc4e04adc8b70a76b70122/gnocchi.50c6745a-66a7-4a8a-8463-f89c8e478c2a" 201 - "PUT http://172.20.0.100:6001/d1/580/AUTH_0ba9aba32adc4e04adc8b70a76b70122/gnocchi.50c6745a-66a7-4a8a-8463-f89c8e478c2a" "tx37de02a3a08f4086ac648-00697901fd" "container-server 19" 0.0065 "-" 20 0
Jan 27 18:20:45 standalone container-server[126820]: 172.20.0.100 - - [27/Jan/2026:18:20:45 +0000] "PUT /d1/580/AUTH_0ba9aba32adc4e04adc8b70a76b70122/gnocchi.50c6745a-66a7-4a8a-8463-f89c8e478c2a" 201 - "PUT http://172.18.0.2:8080/v1/AUTH_0ba9aba32adc4e04adc8b70a76b70122/gnocchi.50c6745a-66a7-4a8a-8463-f89c8e478c2a" "tx37de02a3a08f4086ac648-00697901fd" "proxy-server 20" 0.0179 "-" 19 0
Jan 27 18:20:45 standalone proxy-server[129066]: 172.18.0.2 172.18.0.100 27/Jan/2026/18/20/45 PUT /v1/AUTH_0ba9aba32adc4e04adc8b70a76b70122/gnocchi.50c6745a-66a7-4a8a-8463-f89c8e478c2a HTTP/1.0 201 - python-swiftclient-3.11.1 gAAAAABpeQCPbRNX... - - - tx37de02a3a08f4086ac648-00697901fd - 0.0221 - - 1769538045.070719242 1769538045.092869043 0
Jan 27 18:20:45 standalone container-server[126848]: 172.20.0.100 - - [27/Jan/2026:18:20:45 +0000] "HEAD /d1/580/AUTH_0ba9aba32adc4e04adc8b70a76b70122/gnocchi.50c6745a-66a7-4a8a-8463-f89c8e478c2a" 204 - "HEAD http://172.18.0.2:8080/v1/AUTH_0ba9aba32adc4e04adc8b70a76b70122/gnocchi.50c6745a-66a7-4a8a-8463-f89c8e478c2a?format=json&states=listing" "tx96901168e17143909dbcd-00697901fd" "proxy-server 20" 0.0017 "-" 22 0
Jan 27 18:20:45 standalone proxy-server[129066]: - - 27/Jan/2026/18/20/45 HEAD /v1/AUTH_0ba9aba32adc4e04adc8b70a76b70122/gnocchi.50c6745a-66a7-4a8a-8463-f89c8e478c2a%3Fformat%3Djson%26states%3Dlisting HTTP/1.0 204 - Swift - - - - tx96901168e17143909dbcd-00697901fd - 0.0049 RL - 1769538045.097391605 1769538045.102254868 0
Jan 27 18:20:45 standalone container-server[126848]: 172.20.0.100 - - [27/Jan/2026:18:20:45 +0000] "GET /d1/580/AUTH_0ba9aba32adc4e04adc8b70a76b70122/gnocchi.50c6745a-66a7-4a8a-8463-f89c8e478c2a" 200 2 "GET http://172.18.0.2:8080/v1/AUTH_0ba9aba32adc4e04adc8b70a76b70122/gnocchi.50c6745a-66a7-4a8a-8463-f89c8e478c2a?format=json&states=listing" "tx96901168e17143909dbcd-00697901fd" "proxy-server 20" 0.0022 "-" 22 0
Jan 27 18:20:45 standalone proxy-server[129066]: 172.18.0.2 172.18.0.100 27/Jan/2026/18/20/45 GET /v1/AUTH_0ba9aba32adc4e04adc8b70a76b70122/gnocchi.50c6745a-66a7-4a8a-8463-f89c8e478c2a%3Fformat%3Djson%26states%3Dlisting HTTP/1.0 200 - python-swiftclient-3.11.1 gAAAAABpeQCPbRNX... - 2 - tx96901168e17143909dbcd-00697901fd - 0.0124 - - 1769538045.096555471 1769538045.108926296 0
Jan 27 18:20:45 standalone object-server[127096]: 172.20.0.100 - - [27/Jan/2026:18:20:45 +0000] "GET /d1/941/AUTH_0ba9aba32adc4e04adc8b70a76b70122/gnocchi.50c6745a-66a7-4a8a-8463-f89c8e478c2a/1769040000.0_mean_300.0_v3" 404 70 "GET http://172.18.0.2:8080/v1/AUTH_0ba9aba32adc4e04adc8b70a76b70122/gnocchi.50c6745a-66a7-4a8a-8463-f89c8e478c2a/1769040000.0_mean_300.0_v3" "txb6a846bb953544939895b-00697901fd" "proxy-server 20" 0.0005 "-" 25 0
Jan 27 18:20:45 standalone proxy-server[129066]: 172.18.0.2 172.18.0.100 27/Jan/2026/18/20/45 GET /v1/AUTH_0ba9aba32adc4e04adc8b70a76b70122/gnocchi.50c6745a-66a7-4a8a-8463-f89c8e478c2a/1769040000.0_mean_300.0_v3 HTTP/1.0 404 - python-swiftclient-3.11.1 gAAAAABpeQCPbRNX... - 70 - txb6a846bb953544939895b-00697901fd - 0.0061 - - 1769538045.112361431 1769538045.118429899 0
Jan 27 18:20:45 standalone container-server[126820]: 172.20.0.100 - - [27/Jan/2026:18:20:45 +0000] "PUT /d1/580/AUTH_0ba9aba32adc4e04adc8b70a76b70122/gnocchi.50c6745a-66a7-4a8a-8463-f89c8e478c2a/1769040000.0_mean_300.0_v3" 201 - "PUT http://172.18.0.2:8080/d1/941/AUTH_0ba9aba32adc4e04adc8b70a76b70122/gnocchi.50c6745a-66a7-4a8a-8463-f89c8e478c2a/1769040000.0_mean_300.0_v3" "tx6c80fe655f724b10b0a19-00697901fd" "object-server 23" 0.0005 "-" 19 0
Jan 27 18:20:45 standalone object-server[127078]: 172.20.0.100 - - [27/Jan/2026:18:20:45 +0000] "PUT /d1/941/AUTH_0ba9aba32adc4e04adc8b70a76b70122/gnocchi.50c6745a-66a7-4a8a-8463-f89c8e478c2a/1769040000.0_mean_300.0_v3" 201 - "PUT http://172.18.0.2:8080/v1/AUTH_0ba9aba32adc4e04adc8b70a76b70122/gnocchi.50c6745a-66a7-4a8a-8463-f89c8e478c2a/1769040000.0_mean_300.0_v3" "tx6c80fe655f724b10b0a19-00697901fd" "proxy-server 20" 0.0103 "-" 23 0
Jan 27 18:20:45 standalone proxy-server[129066]: 172.18.0.2 172.18.0.100 27/Jan/2026/18/20/45 PUT /v1/AUTH_0ba9aba32adc4e04adc8b70a76b70122/gnocchi.50c6745a-66a7-4a8a-8463-f89c8e478c2a/1769040000.0_mean_300.0_v3 HTTP/1.0 201 - python-swiftclient-3.11.1 gAAAAABpeQCPbRNX... 16 - - tx6c80fe655f724b10b0a19-00697901fd - 0.0153 - - 1769538045.120830536 1769538045.136080742 0
Jan 27 18:20:45 standalone container-server[126840]: 172.20.0.100 - - [27/Jan/2026:18:20:45 +0000] "PUT /d1/580/AUTH_0ba9aba32adc4e04adc8b70a76b70122/gnocchi.50c6745a-66a7-4a8a-8463-f89c8e478c2a/none_v3" 201 - "PUT http://172.18.0.2:8080/d1/728/AUTH_0ba9aba32adc4e04adc8b70a76b70122/gnocchi.50c6745a-66a7-4a8a-8463-f89c8e478c2a/none_v3" "txf19b39871ce84f83aad77-00697901fd" "object-server 25" 0.0005 "-" 21 0
Jan 27 18:20:45 standalone object-server[127096]: 172.20.0.100 - - [27/Jan/2026:18:20:45 +0000] "PUT /d1/728/AUTH_0ba9aba32adc4e04adc8b70a76b70122/gnocchi.50c6745a-66a7-4a8a-8463-f89c8e478c2a/none_v3" 201 - "PUT http://172.18.0.2:8080/v1/AUTH_0ba9aba32adc4e04adc8b70a76b70122/gnocchi.50c6745a-66a7-4a8a-8463-f89c8e478c2a/none_v3" "txf19b39871ce84f83aad77-00697901fd" "proxy-server 20" 0.0093 "-" 25 0
Jan 27 18:20:45 standalone proxy-server[129066]: 172.18.0.2 172.18.0.100 27/Jan/2026/18/20/45 PUT /v1/AUTH_0ba9aba32adc4e04adc8b70a76b70122/gnocchi.50c6745a-66a7-4a8a-8463-f89c8e478c2a/none_v3 HTTP/1.0 201 - python-swiftclient-3.11.1 gAAAAABpeQCPbRNX... 22 - - txf19b39871ce84f83aad77-00697901fd - 0.0147 - - 1769538045.138405085 1769538045.153118610 0
Jan 27 18:20:45 standalone container-server[126820]: 172.20.0.100 - - [27/Jan/2026:18:20:45 +0000] "HEAD /d1/657/AUTH_0ba9aba32adc4e04adc8b70a76b70122/gnocchi.d849700a-281d-4c1b-b7c5-86d13f3a9336" 404 - "HEAD http://172.18.0.2:8080/v1/AUTH_0ba9aba32adc4e04adc8b70a76b70122/gnocchi.d849700a-281d-4c1b-b7c5-86d13f3a9336?format=json&states=listing" "txb96697fc2199454f93aec-00697901fd" "proxy-server 20" 0.0009 "-" 19 0
Jan 27 18:20:45 standalone object-server[127096]: 172.20.0.100 - - [27/Jan/2026:18:20:45 +0000] "GET /d1/533/AUTH_0ba9aba32adc4e04adc8b70a76b70122/gnocchi.d849700a-281d-4c1b-b7c5-86d13f3a9336/none_v3" 404 70 "GET http://172.18.0.2:8080/v1/AUTH_0ba9aba32adc4e04adc8b70a76b70122/gnocchi.d849700a-281d-4c1b-b7c5-86d13f3a9336/none_v3" "txb96697fc2199454f93aec-00697901fd" "proxy-server 20" 0.0005 "-" 25 0
Jan 27 18:20:45 standalone proxy-server[129066]: 172.18.0.2 172.18.0.100 27/Jan/2026/18/20/45 GET /v1/AUTH_0ba9aba32adc4e04adc8b70a76b70122/gnocchi.d849700a-281d-4c1b-b7c5-86d13f3a9336/none_v3 HTTP/1.0 404 - python-swiftclient-3.11.1 gAAAAABpeQCPbRNX... - 70 - txb96697fc2199454f93aec-00697901fd - 0.0106 - - 1769538045.163113832 1769538045.173689127 0
Jan 27 18:20:45 standalone account-server[126762]: 172.20.0.100 - - [27/Jan/2026:18:20:45 +0000] "PUT /d1/1011/AUTH_0ba9aba32adc4e04adc8b70a76b70122/gnocchi.d849700a-281d-4c1b-b7c5-86d13f3a9336" 201 - "PUT http://172.20.0.100:6001/d1/657/AUTH_0ba9aba32adc4e04adc8b70a76b70122/gnocchi.d849700a-281d-4c1b-b7c5-86d13f3a9336" "tx731f15d8f1b946698b158-00697901fd" "container-server 22" 0.0061 "-" 22 0
Jan 27 18:20:45 standalone container-server[126848]: 172.20.0.100 - - [27/Jan/2026:18:20:45 +0000] "PUT /d1/657/AUTH_0ba9aba32adc4e04adc8b70a76b70122/gnocchi.d849700a-281d-4c1b-b7c5-86d13f3a9336" 201 - "PUT http://172.18.0.2:8080/v1/AUTH_0ba9aba32adc4e04adc8b70a76b70122/gnocchi.d849700a-281d-4c1b-b7c5-86d13f3a9336" "tx731f15d8f1b946698b158-00697901fd" "proxy-server 20" 0.0183 "-" 22 0
Jan 27 18:20:45 standalone proxy-server[129066]: 172.18.0.2 172.18.0.100 27/Jan/2026/18/20/45 PUT /v1/AUTH_0ba9aba32adc4e04adc8b70a76b70122/gnocchi.d849700a-281d-4c1b-b7c5-86d13f3a9336 HTTP/1.0 201 - python-swiftclient-3.11.1 gAAAAABpeQCPbRNX... - - - tx731f15d8f1b946698b158-00697901fd - 0.0226 - - 1769538045.175901413 1769538045.198460579 0
Jan 27 18:20:45 standalone container-server[126848]: 172.20.0.100 - - [27/Jan/2026:18:20:45 +0000] "HEAD /d1/657/AUTH_0ba9aba32adc4e04adc8b70a76b70122/gnocchi.d849700a-281d-4c1b-b7c5-86d13f3a9336" 204 - "HEAD http://172.18.0.2:8080/v1/AUTH_0ba9aba32adc4e04adc8b70a76b70122/gnocchi.d849700a-281d-4c1b-b7c5-86d13f3a9336?format=json&states=listing" "tx45f3e7a8133d42c181bcf-00697901fd" "proxy-server 20" 0.0023 "-" 22 0
Jan 27 18:20:45 standalone proxy-server[129066]: - - 27/Jan/2026/18/20/45 HEAD /v1/AUTH_0ba9aba32adc4e04adc8b70a76b70122/gnocchi.d849700a-281d-4c1b-b7c5-86d13f3a9336%3Fformat%3Djson%26states%3Dlisting HTTP/1.0 204 - Swift - - - - tx45f3e7a8133d42c181bcf-00697901fd - 0.0052 RL - 1769538045.203715324 1769538045.208896875 0
Jan 27 18:20:45 standalone container-server[126840]: 172.20.0.100 - - [27/Jan/2026:18:20:45 +0000] "GET /d1/657/AUTH_0ba9aba32adc4e04adc8b70a76b70122/gnocchi.d849700a-281d-4c1b-b7c5-86d13f3a9336" 200 2 "GET http://172.18.0.2:8080/v1/AUTH_0ba9aba32adc4e04adc8b70a76b70122/gnocchi.d849700a-281d-4c1b-b7c5-86d13f3a9336?format=json&states=listing" "tx45f3e7a8133d42c181bcf-00697901fd" "proxy-server 20" 0.0023 "-" 21 0
Jan 27 18:20:45 standalone proxy-server[129066]: 172.18.0.2 172.18.0.100 27/Jan/2026/18/20/45 GET /v1/AUTH_0ba9aba32adc4e04adc8b70a76b70122/gnocchi.d849700a-281d-4c1b-b7c5-86d13f3a9336%3Fformat%3Djson%26states%3Dlisting HTTP/1.0 200 - python-swiftclient-3.11.1 gAAAAABpeQCPbRNX... - 2 - tx45f3e7a8133d42c181bcf-00697901fd - 0.0127 - - 1769538045.202931643 1769538045.215654850 0
Jan 27 18:20:45 standalone object-server[127078]: 172.20.0.100 - - [27/Jan/2026:18:20:45 +0000] "GET /d1/106/AUTH_0ba9aba32adc4e04adc8b70a76b70122/gnocchi.d849700a-281d-4c1b-b7c5-86d13f3a9336/1769040000.0_mean_300.0_v3" 404 70 "GET http://172.18.0.2:8080/v1/AUTH_0ba9aba32adc4e04adc8b70a76b70122/gnocchi.d849700a-281d-4c1b-b7c5-86d13f3a9336/1769040000.0_mean_300.0_v3" "tx4081988ba8744e76a97cb-00697901fd" "proxy-server 20" 0.0005 "-" 23 0
Jan 27 18:20:45 standalone proxy-server[129066]: 172.18.0.2 172.18.0.100 27/Jan/2026/18/20/45 GET /v1/AUTH_0ba9aba32adc4e04adc8b70a76b70122/gnocchi.d849700a-281d-4c1b-b7c5-86d13f3a9336/1769040000.0_mean_300.0_v3 HTTP/1.0 404 - python-swiftclient-3.11.1 gAAAAABpeQCPbRNX... - 70 - tx4081988ba8744e76a97cb-00697901fd - 0.0051 - - 1769538045.219834566 1769538045.224907637 0
Jan 27 18:20:45 standalone container-server[126840]: 172.20.0.100 - - [27/Jan/2026:18:20:45 +0000] "PUT /d1/657/AUTH_0ba9aba32adc4e04adc8b70a76b70122/gnocchi.d849700a-281d-4c1b-b7c5-86d13f3a9336/1769040000.0_mean_300.0_v3" 201 - "PUT http://172.18.0.2:8080/d1/106/AUTH_0ba9aba32adc4e04adc8b70a76b70122/gnocchi.d849700a-281d-4c1b-b7c5-86d13f3a9336/1769040000.0_mean_300.0_v3" "txbbb757267f494b6f80aa2-00697901fd" "object-server 23" 0.0006 "-" 21 0
Jan 27 18:20:45 standalone object-server[127078]: 172.20.0.100 - - [27/Jan/2026:18:20:45 +0000] "PUT /d1/106/AUTH_0ba9aba32adc4e04adc8b70a76b70122/gnocchi.d849700a-281d-4c1b-b7c5-86d13f3a9336/1769040000.0_mean_300.0_v3" 201 - "PUT http://172.18.0.2:8080/v1/AUTH_0ba9aba32adc4e04adc8b70a76b70122/gnocchi.d849700a-281d-4c1b-b7c5-86d13f3a9336/1769040000.0_mean_300.0_v3" "txbbb757267f494b6f80aa2-00697901fd" "proxy-server 20" 0.0104 "-" 23 0
Jan 27 18:20:45 standalone proxy-server[129066]: 172.18.0.2 172.18.0.100 27/Jan/2026/18/20/45 PUT /v1/AUTH_0ba9aba32adc4e04adc8b70a76b70122/gnocchi.d849700a-281d-4c1b-b7c5-86d13f3a9336/1769040000.0_mean_300.0_v3 HTTP/1.0 201 - python-swiftclient-3.11.1 gAAAAABpeQCPbRNX... 16 - - txbbb757267f494b6f80aa2-00697901fd - 0.0146 - - 1769538045.228102207 1769538045.242716312 0
