Jan 27 18:15:47 standalone proxy-server[129066]: 172.18.0.2 172.18.0.100 27/Jan/2026/18/15/47 PUT /v1/AUTH_0ba9aba32adc4e04adc8b70a76b70122/gnocchi.1fa5a454-b9b0-4800-891c-2378458da32e HTTP/1.0 201 - python-swiftclient-3.11.1 gAAAAABpeQCPbRNX... - - - txed01912e7b37441baa1e0-00697900d3 - 0.0247 - - 1769537747.857645512 1769537747.882369518 0
Jan 27 18:15:47 standalone container-server[126831]: 172.20.0.100 - - [27/Jan/2026:18:15:47 +0000] "HEAD /d1/312/AUTH_0ba9aba32adc4e04adc8b70a76b70122/gnocchi.1fa5a454-b9b0-4800-891c-2378458da32e" 204 - "HEAD http://172.18.0.2:8080/v1/AUTH_0ba9aba32adc4e04adc8b70a76b70122/gnocchi.1fa5a454-b9b0-4800-891c-2378458da32e?format=json&states=listing" "txd7201f8a699a471580f6d-00697900d3" "proxy-server 20" 0.0024 "-" 20 0
Jan 27 18:15:47 standalone proxy-server[129066]: - - 27/Jan/2026/18/15/47 HEAD /v1/AUTH_0ba9aba32adc4e04adc8b70a76b70122/gnocchi.1fa5a454-b9b0-4800-891c-2378458da32e%3Fformat%3Djson%26states%3Dlisting HTTP/1.0 204 - Swift - - - - txd7201f8a699a471580f6d-00697900d3 - 0.0067 RL - 1769537747.888400078 1769537747.895115852 0
Jan 27 18:15:47 standalone container-server[126848]: 172.20.0.100 - - [27/Jan/2026:18:15:47 +0000] "GET /d1/312/AUTH_0ba9aba32adc4e04adc8b70a76b70122/gnocchi.1fa5a454-b9b0-4800-891c-2378458da32e" 200 2 "GET http://172.18.0.2:8080/v1/AUTH_0ba9aba32adc4e04adc8b70a76b70122/gnocchi.1fa5a454-b9b0-4800-891c-2378458da32e?format=json&states=listing" "txd7201f8a699a471580f6d-00697900d3" "proxy-server 20" 0.0030 "-" 22 0
Jan 27 18:15:47 standalone proxy-server[129066]: 172.18.0.2 172.18.0.100 27/Jan/2026/18/15/47 GET /v1/AUTH_0ba9aba32adc4e04adc8b70a76b70122/gnocchi.1fa5a454-b9b0-4800-891c-2378458da32e%3Fformat%3Djson%26states%3Dlisting HTTP/1.0 200 - python-swiftclient-3.11.1 gAAAAABpeQCPbRNX... - 2 - txd7201f8a699a471580f6d-00697900d3 - 0.0705 - - 1769537747.887044430 1769537747.957514048 0
Jan 27 18:15:47 standalone object-server[127078]: 172.20.0.100 - - [27/Jan/2026:18:15:47 +0000] "GET /d1/578/AUTH_0ba9aba32adc4e04adc8b70a76b70122/gnocchi.1fa5a454-b9b0-4800-891c-2378458da32e/1769040000.0_mean_300.0_v3" 404 70 "GET http://172.18.0.2:8080/v1/AUTH_0ba9aba32adc4e04adc8b70a76b70122/gnocchi.1fa5a454-b9b0-4800-891c-2378458da32e/1769040000.0_mean_300.0_v3" "txda2c7c29cf864d51a6b39-00697900d3" "proxy-server 20" 0.0009 "-" 23 0
Jan 27 18:15:47 standalone proxy-server[129066]: 172.18.0.2 172.18.0.100 27/Jan/2026/18/15/47 GET /v1/AUTH_0ba9aba32adc4e04adc8b70a76b70122/gnocchi.1fa5a454-b9b0-4800-891c-2378458da32e/1769040000.0_mean_300.0_v3 HTTP/1.0 404 - python-swiftclient-3.11.1 gAAAAABpeQCPbRNX... - 70 - txda2c7c29cf864d51a6b39-00697900d3 - 0.0088 - - 1769537747.962852716 1769537747.971652031 0
Jan 27 18:15:47 standalone container-server[126820]: 172.20.0.100 - - [27/Jan/2026:18:15:47 +0000] "PUT /d1/312/AUTH_0ba9aba32adc4e04adc8b70a76b70122/gnocchi.1fa5a454-b9b0-4800-891c-2378458da32e/1769040000.0_mean_300.0_v3" 201 - "PUT http://172.18.0.2:8080/d1/578/AUTH_0ba9aba32adc4e04adc8b70a76b70122/gnocchi.1fa5a454-b9b0-4800-891c-2378458da32e/1769040000.0_mean_300.0_v3" "tx26dd39a8729144329c493-00697900d3" "object-server 22" 0.0007 "-" 19 0
Jan 27 18:15:47 standalone object-server[127062]: 172.20.0.100 - - [27/Jan/2026:18:15:47 +0000] "PUT /d1/578/AUTH_0ba9aba32adc4e04adc8b70a76b70122/gnocchi.1fa5a454-b9b0-4800-891c-2378458da32e/1769040000.0_mean_300.0_v3" 201 - "PUT http://172.18.0.2:8080/v1/AUTH_0ba9aba32adc4e04adc8b70a76b70122/gnocchi.1fa5a454-b9b0-4800-891c-2378458da32e/1769040000.0_mean_300.0_v3" "tx26dd39a8729144329c493-00697900d3" "proxy-server 20" 0.0125 "-" 22 0
Jan 27 18:15:47 standalone proxy-server[129066]: 172.18.0.2 172.18.0.100 27/Jan/2026/18/15/47 PUT /v1/AUTH_0ba9aba32adc4e04adc8b70a76b70122/gnocchi.1fa5a454-b9b0-4800-891c-2378458da32e/1769040000.0_mean_300.0_v3 HTTP/1.0 201 - python-swiftclient-3.11.1 gAAAAABpeQCPbRNX... 16 - - tx26dd39a8729144329c493-00697900d3 - 0.0197 - - 1769537747.975638390 1769537747.995359659 0
Jan 27 18:15:48 standalone container-server[126820]: 172.20.0.100 - - [27/Jan/2026:18:15:48 +0000] "PUT /d1/312/AUTH_0ba9aba32adc4e04adc8b70a76b70122/gnocchi.1fa5a454-b9b0-4800-891c-2378458da32e/none_v3" 201 - "PUT http://172.18.0.2:8080/d1/338/AUTH_0ba9aba32adc4e04adc8b70a76b70122/gnocchi.1fa5a454-b9b0-4800-891c-2378458da32e/none_v3" "tx86f81be70c934cc299507-00697900d3" "object-server 23" 0.0004 "-" 19 0
Jan 27 18:15:48 standalone object-server[127078]: 172.20.0.100 - - [27/Jan/2026:18:15:48 +0000] "PUT /d1/338/AUTH_0ba9aba32adc4e04adc8b70a76b70122/gnocchi.1fa5a454-b9b0-4800-891c-2378458da32e/none_v3" 201 - "PUT http://172.18.0.2:8080/v1/AUTH_0ba9aba32adc4e04adc8b70a76b70122/gnocchi.1fa5a454-b9b0-4800-891c-2378458da32e/none_v3" "tx86f81be70c934cc299507-00697900d3" "proxy-server 20" 0.0139 "-" 23 0
Jan 27 18:15:48 standalone proxy-server[129066]: 172.18.0.2 172.18.0.100 27/Jan/2026/18/15/48 PUT /v1/AUTH_0ba9aba32adc4e04adc8b70a76b70122/gnocchi.1fa5a454-b9b0-4800-891c-2378458da32e/none_v3 HTTP/1.0 201 - python-swiftclient-3.11.1 gAAAAABpeQCPbRNX... 22 - - tx86f81be70c934cc299507-00697900d3 - 0.0192 - - 1769537748.000318289 1769537748.019549131 0
Jan 27 18:15:48 standalone container-server[126840]: 172.20.0.100 - - [27/Jan/2026:18:15:48 +0000] "HEAD /d1/166/AUTH_0ba9aba32adc4e04adc8b70a76b70122/gnocchi.88831b9f-a59c-4af6-b727-ec5b6960e0c4" 404 - "HEAD http://172.18.0.2:8080/v1/AUTH_0ba9aba32adc4e04adc8b70a76b70122/gnocchi.88831b9f-a59c-4af6-b727-ec5b6960e0c4?format=json&states=listing" "tx2dcb8458466b48cf92164-00697900d4" "proxy-server 20" 0.0003 "-" 21 0
Jan 27 18:15:48 standalone object-server[127078]: 172.20.0.100 - - [27/Jan/2026:18:15:48 +0000] "GET /d1/482/AUTH_0ba9aba32adc4e04adc8b70a76b70122/gnocchi.88831b9f-a59c-4af6-b727-ec5b6960e0c4/none_v3" 404 70 "GET http://172.18.0.2:8080/v1/AUTH_0ba9aba32adc4e04adc8b70a76b70122/gnocchi.88831b9f-a59c-4af6-b727-ec5b6960e0c4/none_v3" "tx2dcb8458466b48cf92164-00697900d4" "proxy-server 20" 0.0003 "-" 23 0
Jan 27 18:15:48 standalone proxy-server[129066]: 172.18.0.2 172.18.0.100 27/Jan/2026/18/15/48 GET /v1/AUTH_0ba9aba32adc4e04adc8b70a76b70122/gnocchi.88831b9f-a59c-4af6-b727-ec5b6960e0c4/none_v3 HTTP/1.0 404 - python-swiftclient-3.11.1 gAAAAABpeQCPbRNX... - 70 - tx2dcb8458466b48cf92164-00697900d4 - 0.0173 - - 1769537748.045019150 1769537748.062348127 0
Jan 27 18:15:48 standalone account-server[126754]: 172.20.0.100 - - [27/Jan/2026:18:15:48 +0000] "PUT /d1/1011/AUTH_0ba9aba32adc4e04adc8b70a76b70122/gnocchi.88831b9f-a59c-4af6-b727-ec5b6960e0c4" 201 - "PUT http://172.20.0.100:6001/d1/166/AUTH_0ba9aba32adc4e04adc8b70a76b70122/gnocchi.88831b9f-a59c-4af6-b727-ec5b6960e0c4" "tx552291a2c7a3438b812d9-00697900d4" "container-server 21" 0.0042 "-" 21 0
Jan 27 18:15:48 standalone container-server[126840]: 172.20.0.100 - - [27/Jan/2026:18:15:48 +0000] "PUT /d1/166/AUTH_0ba9aba32adc4e04adc8b70a76b70122/gnocchi.88831b9f-a59c-4af6-b727-ec5b6960e0c4" 201 - "PUT http://172.18.0.2:8080/v1/AUTH_0ba9aba32adc4e04adc8b70a76b70122/gnocchi.88831b9f-a59c-4af6-b727-ec5b6960e0c4" "tx552291a2c7a3438b812d9-00697900d4" "proxy-server 20" 0.0170 "-" 21 0
Jan 27 18:15:48 standalone proxy-server[129066]: 172.18.0.2 172.18.0.100 27/Jan/2026/18/15/48 PUT /v1/AUTH_0ba9aba32adc4e04adc8b70a76b70122/gnocchi.88831b9f-a59c-4af6-b727-ec5b6960e0c4 HTTP/1.0 201 - python-swiftclient-3.11.1 gAAAAABpeQCPbRNX... - - - tx552291a2c7a3438b812d9-00697900d4 - 0.0243 - - 1769537748.066059351 1769537748.090318441 0
Jan 27 18:15:48 standalone container-server[126820]: 172.20.0.100 - - [27/Jan/2026:18:15:48 +0000] "HEAD /d1/166/AUTH_0ba9aba32adc4e04adc8b70a76b70122/gnocchi.88831b9f-a59c-4af6-b727-ec5b6960e0c4" 204 - "HEAD http://172.18.0.2:8080/v1/AUTH_0ba9aba32adc4e04adc8b70a76b70122/gnocchi.88831b9f-a59c-4af6-b727-ec5b6960e0c4?format=json&states=listing" "tx37657430fb2e4aaaa7418-00697900d4" "proxy-server 20" 0.0014 "-" 19 0
Jan 27 18:15:48 standalone proxy-server[129066]: - - 27/Jan/2026/18/15/48 HEAD /v1/AUTH_0ba9aba32adc4e04adc8b70a76b70122/gnocchi.88831b9f-a59c-4af6-b727-ec5b6960e0c4%3Fformat%3Djson%26states%3Dlisting HTTP/1.0 204 - Swift - - - - tx37657430fb2e4aaaa7418-00697900d4 - 0.0049 RL - 1769537748.094986677 1769537748.099873304 0
Jan 27 18:15:48 standalone container-server[126831]: 172.20.0.100 - - [27/Jan/2026:18:15:48 +0000] "GET /d1/166/AUTH_0ba9aba32adc4e04adc8b70a76b70122/gnocchi.88831b9f-a59c-4af6-b727-ec5b6960e0c4" 200 2 "GET http://172.18.0.2:8080/v1/AUTH_0ba9aba32adc4e04adc8b70a76b70122/gnocchi.88831b9f-a59c-4af6-b727-ec5b6960e0c4?format=json&states=listing" "tx37657430fb2e4aaaa7418-00697900d4" "proxy-server 20" 0.0024 "-" 20 0
Jan 27 18:15:48 standalone proxy-server[129066]: 172.18.0.2 172.18.0.100 27/Jan/2026/18/15/48 GET /v1/AUTH_0ba9aba32adc4e04adc8b70a76b70122/gnocchi.88831b9f-a59c-4af6-b727-ec5b6960e0c4%3Fformat%3Djson%26states%3Dlisting HTTP/1.0 200 - python-swiftclient-3.11.1 gAAAAABpeQCPbRNX... - 2 - tx37657430fb2e4aaaa7418-00697900d4 - 0.0152 - - 1769537748.093790293 1769537748.109030962 0
Jan 27 18:15:48 standalone object-server[127062]: 172.20.0.100 - - [27/Jan/2026:18:15:48 +0000] "GET /d1/152/AUTH_0ba9aba32adc4e04adc8b70a76b70122/gnocchi.88831b9f-a59c-4af6-b727-ec5b6960e0c4/1769040000.0_mean_300.0_v3" 404 70 "GET http://172.18.0.2:8080/v1/AUTH_0ba9aba32adc4e04adc8b70a76b70122/gnocchi.88831b9f-a59c-4af6-b727-ec5b6960e0c4/1769040000.0_mean_300.0_v3" "tx844fea05eb3c403bbabdd-00697900d4" "proxy-server 20" 0.0004 "-" 22 0
Jan 27 18:15:48 standalone proxy-server[129066]: 172.18.0.2 172.18.0.100 27/Jan/2026/18/15/48 GET /v1/AUTH_0ba9aba32adc4e04adc8b70a76b70122/gnocchi.88831b9f-a59c-4af6-b727-ec5b6960e0c4/1769040000.0_mean_300.0_v3 HTTP/1.0 404 - python-swiftclient-3.11.1 gAAAAABpeQCPbRNX... - 70 - tx844fea05eb3c403bbabdd-00697900d4 - 0.0062 - - 1769537748.112642765 1769537748.118813753 0
Jan 27 18:15:48 standalone container-server[126820]: 172.20.0.100 - - [27/Jan/2026:18:15:48 +0000] "PUT /d1/166/AUTH_0ba9aba32adc4e04adc8b70a76b70122/gnocchi.88831b9f-a59c-4af6-b727-ec5b6960e0c4/1769040000.0_mean_300.0_v3" 201 - "PUT http://172.18.0.2:8080/d1/152/AUTH_0ba9aba32adc4e04adc8b70a76b70122/gnocchi.88831b9f-a59c-4af6-b727-ec5b6960e0c4/1769040000.0_mean_300.0_v3" "tx155e3104f4f644b88b04b-00697900d4" "object-server 23" 0.0005 "-" 19 0
Jan 27 18:15:48 standalone object-server[127078]: 172.20.0.100 - - [27/Jan/2026:18:15:48 +0000] "PUT /d1/152/AUTH_0ba9aba32adc4e04adc8b70a76b70122/gnocchi.88831b9f-a59c-4af6-b727-ec5b6960e0c4/1769040000.0_mean_300.0_v3" 201 - "PUT http://172.18.0.2:8080/v1/AUTH_0ba9aba32adc4e04adc8b70a76b70122/gnocchi.88831b9f-a59c-4af6-b727-ec5b6960e0c4/1769040000.0_mean_300.0_v3" "tx155e3104f4f644b88b04b-00697900d4" "proxy-server 20" 0.0177 "-" 23 0
Jan 27 18:15:48 standalone proxy-server[129066]: 172.18.0.2 172.18.0.100 27/Jan/2026/18/15/48 PUT /v1/AUTH_0ba9aba32adc4e04adc8b70a76b70122/gnocchi.88831b9f-a59c-4af6-b727-ec5b6960e0c4/1769040000.0_mean_300.0_v3 HTTP/1.0 201 - python-swiftclient-3.11.1 gAAAAABpeQCPbRNX... 16 - - tx155e3104f4f644b88b04b-00697900d4 - 0.0246 - - 1769537748.121704817 1769537748.146341801 0
Jan 27 18:15:48 standalone container-server[126848]: 172.20.0.100 - - [27/Jan/2026:18:15:48 +0000] "PUT /d1/166/AUTH_0ba9aba32adc4e04adc8b70a76b70122/gnocchi.88831b9f-a59c-4af6-b727-ec5b6960e0c4/none_v3" 201 - "PUT http://172.18.0.2:8080/d1/482/AUTH_0ba9aba32adc4e04adc8b70a76b70122/gnocchi.88831b9f-a59c-4af6-b727-ec5b6960e0c4/none_v3" "txe413ea4ec3294033b8206-00697900d4" "object-server 25" 0.0009 "-" 22 0
Jan 27 18:15:48 standalone object-server[127096]: 172.20.0.100 - - [27/Jan/2026:18:15:48 +0000] "PUT /d1/482/AUTH_0ba9aba32adc4e04adc8b70a76b70122/gnocchi.88831b9f-a59c-4af6-b727-ec5b6960e0c4/none_v3" 201 - "PUT http://172.18.0.2:8080/v1/AUTH_0ba9aba32adc4e04adc8b70a76b70122/gnocchi.88831b9f-a59c-4af6-b727-ec5b6960e0c4/none_v3" "txe413ea4ec3294033b8206-00697900d4" "proxy-server 20" 0.0123 "-" 25 0
Jan 27 18:15:48 standalone proxy-server[129066]: 172.18.0.2 172.18.0.100 27/Jan/2026/18/15/48 PUT /v1/AUTH_0ba9aba32adc4e04adc8b70a76b70122/gnocchi.88831b9f-a59c-4af6-b727-ec5b6960e0c4/none_v3 HTTP/1.0 201 - python-swiftclient-3.11.1 gAAAAABpeQCPbRNX... 22 - - txe413ea4ec3294033b8206-00697900d4 - 0.0177 - - 1769537748.148849726 1769537748.166517973 0
Jan 27 18:15:48 standalone container-server[126831]: 172.20.0.100 - - [27/Jan/2026:18:15:48 +0000] "HEAD /d1/456/AUTH_0ba9aba32adc4e04adc8b70a76b70122/gnocchi.7774b1c9-4966-40af-8f06-7ef8c5e7fa63" 404 - "HEAD http://172.18.0.2:8080/v1/AUTH_0ba9aba32adc4e04adc8b70a76b70122/gnocchi.7774b1c9-4966-40af-8f06-7ef8c5e7fa63?format=json&states=listing" "txf9224f45c7db425098925-00697900d4" "proxy-server 20" 0.0006 "-" 20 0
Jan 27 18:15:48 standalone object-server[127078]: 172.20.0.100 - - [27/Jan/2026:18:15:48 +0000] "GET /d1/290/AUTH_0ba9aba32adc4e04adc8b70a76b70122/gnocchi.7774b1c9-4966-40af-8f06-7ef8c5e7fa63/none_v3" 404 70 "GET http://172.18.0.2:8080/v1/AUTH_0ba9aba32adc4e04adc8b70a76b70122/gnocchi.7774b1c9-4966-40af-8f06-7ef8c5e7fa63/none_v3" "txf9224f45c7db425098925-00697900d4" "proxy-server 20" 0.0004 "-" 23 0
Jan 27 18:15:48 standalone proxy-server[129066]: 172.18.0.2 172.18.0.100 27/Jan/2026/18/15/48 GET /v1/AUTH_0ba9aba32adc4e04adc8b70a76b70122/gnocchi.7774b1c9-4966-40af-8f06-7ef8c5e7fa63/none_v3 HTTP/1.0 404 - python-swiftclient-3.11.1 gAAAAABpeQCPbRNX... - 70 - txf9224f45c7db425098925-00697900d4 - 0.0104 - - 1769537748.182332993 1769537748.192724943 0
Jan 27 18:15:48 standalone account-server[126754]: 172.20.0.100 - - [27/Jan/2026:18:15:48 +0000] "PUT /d1/1011/AUTH_0ba9aba32adc4e04adc8b70a76b70122/gnocchi.7774b1c9-4966-40af-8f06-7ef8c5e7fa63" 201 - "PUT http://172.20.0.100:6001/d1/456/AUTH_0ba9aba32adc4e04adc8b70a76b70122/gnocchi.7774b1c9-4966-40af-8f06-7ef8c5e7fa63" "tx6fb6c02b31c94f5c8b80f-00697900d4" "container-server 22" 0.0058 "-" 21 0
Jan 27 18:15:48 standalone container-server[126848]: 172.20.0.100 - - [27/Jan/2026:18:15:48 +0000] "PUT /d1/456/AUTH_0ba9aba32adc4e04adc8b70a76b70122/gnocchi.7774b1c9-4966-40af-8f06-7ef8c5e7fa63" 201 - "PUT http://172.18.0.2:8080/v1/AUTH_0ba9aba32adc4e04adc8b70a76b70122/gnocchi.7774b1c9-4966-40af-8f06-7ef8c5e7fa63" "tx6fb6c02b31c94f5c8b80f-00697900d4" "proxy-server 20" 0.0190 "-" 22 0
Jan 27 18:15:48 standalone proxy-server[129066]: 172.18.0.2 172.18.0.100 27/Jan/2026/18/15/48 PUT /v1/AUTH_0ba9aba32adc4e04adc8b70a76b70122/gnocchi.7774b1c9-4966-40af-8f06-7ef8c5e7fa63 HTTP/1.0 201 - python-swiftclient-3.11.1 gAAAAABpeQCPbRNX... - - - tx6fb6c02b31c94f5c8b80f-00697900d4 - 0.0259 - - 1769537748.195435524 1769537748.221311331 0
Jan 27 18:15:48 standalone container-server[126820]: 172.20.0.100 - - [27/Jan/2026:18:15:48 +0000] "HEAD /d1/456/AUTH_0ba9aba32adc4e04adc8b70a76b70122/gnocchi.7774b1c9-4966-40af-8f06-7ef8c5e7fa63" 204 - "HEAD http://172.18.0.2:8080/v1/AUTH_0ba9aba32adc4e04adc8b70a76b70122/gnocchi.7774b1c9-4966-40af-8f06-7ef8c5e7fa63?format=json&states=listing" "tx93414d9459f94e3d99c9e-00697900d4" "proxy-server 20" 0.0012 "-" 19 0
Jan 27 18:15:48 standalone proxy-server[129066]: - - 27/Jan/2026/18/15/48 HEAD /v1/AUTH_0ba9aba32adc4e04adc8b70a76b70122/gnocchi.7774b1c9-4966-40af-8f06-7ef8c5e7fa63%3Fformat%3Djson%26states%3Dlisting HTTP/1.0 204 - Swift - - - - tx93414d9459f94e3d99c9e-00697900d4 - 0.0051 RL - 1769537748.225935221 1769537748.231025934 0
Jan 27 18:15:48 standalone container-server[126831]: 172.20.0.100 - - [27/Jan/2026:18:15:48 +0000] "GET /d1/456/AUTH_0ba9aba32adc4e04adc8b70a76b70122/gnocchi.7774b1c9-4966-40af-8f06-7ef8c5e7fa63" 200 2 "GET http://172.18.0.2:8080/v1/AUTH_0ba9aba32adc4e04adc8b70a76b70122/gnocchi.7774b1c9-4966-40af-8f06-7ef8c5e7fa63?format=json&states=listing" "tx93414d9459f94e3d99c9e-00697900d4" "proxy-server 20" 0.0019 "-" 20 0
Jan 27 18:15:48 standalone proxy-server[129066]: 172.18.0.2 172.18.0.100 27/Jan/2026/18/15/48 GET /v1/AUTH_0ba9aba32adc4e04adc8b70a76b70122/gnocchi.7774b1c9-4966-40af-8f06-7ef8c5e7fa63%3Fformat%3Djson%26states%3Dlisting HTTP/1.0 200 - python-swiftclient-3.11.1 gAAAAABpeQCPbRNX... - 2 - tx93414d9459f94e3d99c9e-00697900d4 - 0.0241 - - 1769537748.224582434 1769537748.248707056 0
Jan 27 18:15:48 standalone object-server[127096]: 172.20.0.100 - - [27/Jan/2026:18:15:48 +0000] "GET /d1/206/AUTH_0ba9aba32adc4e04adc8b70a76b70122/gnocchi.7774b1c9-4966-40af-8f06-7ef8c5e7fa63/1769040000.0_mean_300.0_v3" 404 70 "GET http://172.18.0.2:8080/v1/AUTH_0ba9aba32adc4e04adc8b70a76b70122/gnocchi.7774b1c9-4966-40af-8f06-7ef8c5e7fa63/1769040000.0_mean_300.0_v3" "tx9e218c42588f4fbea0139-00697900d4" "proxy-server 20" 0.0003 "-" 25 0
Jan 27 18:15:48 standalone proxy-server[129066]: 172.18.0.2 172.18.0.100 27/Jan/2026/18/15/48 GET /v1/AUTH_0ba9aba32adc4e04adc8b70a76b70122/gnocchi.7774b1c9-4966-40af-8f06-7ef8c5e7fa63/1769040000.0_mean_300.0_v3 HTTP/1.0 404 - python-swiftclient-3.11.1 gAAAAABpeQCPbRNX... - 70 - tx9e218c42588f4fbea0139-00697900d4 - 0.0058 - - 1769537748.255357742 1769537748.261140108 0
Jan 27 18:15:48 standalone container-server[126831]: 172.20.0.100 - - [27/Jan/2026:18:15:48 +0000] "PUT /d1/456/AUTH_0ba9aba32adc4e04adc8b70a76b70122/gnocchi.7774b1c9-4966-40af-8f06-7ef8c5e7fa63/1769040000.0_mean_300.0_v3" 201 - "PUT http://172.18.0.2:8080/d1/206/AUTH_0ba9aba32adc4e04adc8b70a76b70122/gnocchi.7774b1c9-4966-40af-8f06-7ef8c5e7fa63/1769040000.0_mean_300.0_v3" "txdcfda02730b84488b4e24-00697900d4" "object-server 23" 0.0005 "-" 20 0
Jan 27 18:15:48 standalone object-server[127078]: 172.20.0.100 - - [27/Jan/2026:18:15:48 +0000] "PUT /d1/206/AUTH_0ba9aba32adc4e04adc8b70a76b70122/gnocchi.7774b1c9-4966-40af-8f06-7ef8c5e7fa63/1769040000.0_mean_300.0_v3" 201 - "PUT http://172.18.0.2:8080/v1/AUTH_0ba9aba32adc4e04adc8b70a76b70122/gnocchi.7774b1c9-4966-40af-8f06-7ef8c5e7fa63/1769040000.0_mean_300.0_v3" "txdcfda02730b84488b4e24-00697900d4" "proxy-server 20" 0.0167 "-" 23 0
Jan 27 18:15:48 standalone proxy-server[129066]: 172.18.0.2 172.18.0.100 27/Jan/2026/18/15/48 PUT /v1/AUTH_0ba9aba32adc4e04adc8b70a76b70122/gnocchi.7774b1c9-4966-40af-8f06-7ef8c5e7fa63/1769040000.0_mean_300.0_v3 HTTP/1.0 201 - python-swiftclient-3.11.1 gAAAAABpeQCPbRNX... 16 - - txdcfda02730b84488b4e24-00697900d4 - 0.0237 - - 1769537748.263664961 1769537748.287375212 0
Jan 27 18:15:48 standalone container-server[126820]: 172.20.0.100 - - [27/Jan/2026:18:15:48 +0000] "PUT /d1/456/AUTH_0ba9aba32adc4e04adc8b70a76b70122/gnocchi.7774b1c9-4966-40af-8f06-7ef8c5e7fa63/none_v3" 201 - "PUT http://172.18.0.2:8080/d1/290/AUTH_0ba9aba32adc4e04adc8b70a76b70122/gnocchi.7774b1c9-4966-40af-8f06-7ef8c5e7fa63/none_v3" "tx688bcca5605c4815ad25c-00697900d4" "object-server 25" 0.0007 "-" 19 0
Jan 27 18:15:48 standalone object-server[127096]: 172.20.0.100 - - [27/Jan/2026:18:15:48 +0000] "PUT /d1/290/AUTH_0ba9aba32adc4e04adc8b70a76b70122/gnocchi.7774b1c9-4966-40af-8f06-7ef8c5e7fa63/none_v3" 201 - "PUT http://172.18.0.2:8080/v1/AUTH_0ba9aba32adc4e04adc8b70a76b70122/gnocchi.7774b1c9-4966-40af-8f06-7ef8c5e7fa63/none_v3" "tx688bcca5605c4815ad25c-00697900d4" "proxy-server 20" 0.0173 "-" 25 0
Jan 27 18:15:48 standalone proxy-server[129066]: 172.18.0.2 172.18.0.100 27/Jan/2026/18/15/48 PUT /v1/AUTH_0ba9aba32adc4e04adc8b70a76b70122/gnocchi.7774b1c9-4966-40af-8f06-7ef8c5e7fa63/none_v3 HTTP/1.0 201 - python-swiftclient-3.11.1 gAAAAABpeQCPbRNX... 22 - - tx688bcca5605c4815ad25c-00697900d4 - 0.0252 - - 1769537748.290968418 1769537748.316152096 0
Jan 27 18:16:14 standalone container-server[126820]: 172.20.0.100 - - [27/Jan/2026:18:16:14 +0000] "HEAD /d1/732/AUTH_0ba9aba32adc4e04adc8b70a76b70122/gnocchi.0562003c-1f40-4a23-9574-b5b43eb1bf9d" 404 - "HEAD http://172.18.0.2:8080/v1/AUTH_0ba9aba32adc4e04adc8b70a76b70122/gnocchi.0562003c-1f40-4a23-9574-b5b43eb1bf9d?format=json&states=listing" "tx7762b07b18884df9a558b-00697900ee" "proxy-server 20" 0.0006 "-" 19 0
Jan 27 18:16:14 standalone object-server[127089]: 172.20.0.100 - - [27/Jan/2026:18:16:14 +0000] "GET /d1/258/AUTH_0ba9aba32adc4e04adc8b70a76b70122/gnocchi.0562003c-1f40-4a23-9574-b5b43eb1bf9d/none_v3" 404 70 "GET http://172.18.0.2:8080/v1/AUTH_0ba9aba32adc4e04adc8b70a76b70122/gnocchi.0562003c-1f40-4a23-9574-b5b43eb1bf9d/none_v3" "tx7762b07b18884df9a558b-00697900ee" "proxy-server 20" 0.0005 "-" 24 0
Jan 27 18:16:14 standalone proxy-server[129066]: 172.18.0.2 172.18.0.100 27/Jan/2026/18/16/14 GET /v1/AUTH_0ba9aba32adc4e04adc8b70a76b70122/gnocchi.0562003c-1f40-4a23-9574-b5b43eb1bf9d/none_v3 HTTP/1.0 404 - python-swiftclient-3.11.1 gAAAAABpeQCPbRNX... - 70 - tx7762b07b18884df9a558b-00697900ee - 0.0096 - - 1769537774.846885204 1769537774.856471300 0
Jan 27 18:16:14 standalone account-server[126751]: 172.20.0.100 - - [27/Jan/2026:18:16:14 +0000] "PUT /d1/1011/AUTH_0ba9aba32adc4e04adc8b70a76b70122/gnocchi.0562003c-1f40-4a23-9574-b5b43eb1bf9d" 201 - "PUT http://172.20.0.100:6001/d1/732/AUTH_0ba9aba32adc4e04adc8b70a76b70122/gnocchi.0562003c-1f40-4a23-9574-b5b43eb1bf9d" "txeb6f4e62562d42dd9d47e-00697900ee" "container-server 20" 0.0045 "-" 20 0
Jan 27 18:16:14 standalone container-server[126831]: 172.20.0.100 - - [27/Jan/2026:18:16:14 +0000] "PUT /d1/732/AUTH_0ba9aba32adc4e04adc8b70a76b70122/gnocchi.0562003c-1f40-4a23-9574-b5b43eb1bf9d" 201 - "PUT http://172.18.0.2:8080/v1/AUTH_0ba9aba32adc4e04adc8b70a76b70122/gnocchi.0562003c-1f40-4a23-9574-b5b43eb1bf9d" "txeb6f4e62562d42dd9d47e-00697900ee" "proxy-server 20" 0.0168 "-" 20 0
Jan 27 18:16:14 standalone proxy-server[129066]: 172.18.0.2 172.18.0.100 27/Jan/2026/18/16/14 PUT /v1/AUTH_0ba9aba32adc4e04adc8b70a76b70122/gnocchi.0562003c-1f40-4a23-9574-b5b43eb1bf9d HTTP/1.0 201 - python-swiftclient-3.11.1 gAAAAABpeQCPbRNX... - - - txeb6f4e62562d42dd9d47e-00697900ee - 0.0224 - - 1769537774.859224558 1769537774.881645203 0
Jan 27 18:16:14 standalone container-server[126820]: 172.20.0.100 - - [27/Jan/2026:18:16:14 +0000] "HEAD /d1/732/AUTH_0ba9aba32adc4e04adc8b70a76b70122/gnocchi.0562003c-1f40-4a23-9574-b5b43eb1bf9d" 204 - "HEAD http://172.18.0.2:8080/v1/AUTH_0ba9aba32adc4e04adc8b70a76b70122/gnocchi.0562003c-1f40-4a23-9574-b5b43eb1bf9d?format=json&states=listing" "txd45beb1265ee4cdcbda44-00697900ee" "proxy-server 20" 0.0012 "-" 19 0
Jan 27 18:16:14 standalone proxy-server[129066]: - - 27/Jan/2026/18/16/14 HEAD /v1/AUTH_0ba9aba32adc4e04adc8b70a76b70122/gnocchi.0562003c-1f40-4a23-9574-b5b43eb1bf9d%3Fformat%3Djson%26states%3Dlisting HTTP/1.0 204 - Swift - - - - txd45beb1265ee4cdcbda44-00697900ee - 0.0039 RL - 1769537774.885420084 1769537774.889350414 0
Jan 27 18:16:14 standalone container-server[126848]: 172.20.0.100 - - [27/Jan/2026:18:16:14 +0000] "GET /d1/732/AUTH_0ba9aba32adc4e04adc8b70a76b70122/gnocchi.0562003c-1f40-4a23-9574-b5b43eb1bf9d" 200 2 "GET http://172.18.0.2:8080/v1/AUTH_0ba9aba32adc4e04adc8b70a76b70122/gnocchi.0562003c-1f40-4a23-9574-b5b43eb1bf9d?format=json&states=listing" "txd45beb1265ee4cdcbda44-00697900ee" "proxy-server 20" 0.0027 "-" 22 0
Jan 27 18:16:14 standalone proxy-server[129066]: 172.18.0.2 172.18.0.100 27/Jan/2026/18/16/14 GET /v1/AUTH_0ba9aba32adc4e04adc8b70a76b70122/gnocchi.0562003c-1f40-4a23-9574-b5b43eb1bf9d%3Fformat%3Djson%26states%3Dlisting HTTP/1.0 200 - python-swiftclient-3.11.1 gAAAAABpeQCPbRNX... - 2 - txd45beb1265ee4cdcbda44-00697900ee - 0.0133 - - 1769537774.884350777 1769537774.897681713 0
Jan 27 18:16:14 standalone object-server[127062]: 172.20.0.100 - - [27/Jan/2026:18:16:14 +0000] "GET /d1/277/AUTH_0ba9aba32adc4e04adc8b70a76b70122/gnocchi.0562003c-1f40-4a23-9574-b5b43eb1bf9d/1769040000.0_mean_300.0_v3" 404 70 "GET http://172.18.0.2:8080/v1/AUTH_0ba9aba32adc4e04adc8b70a76b70122/gnocchi.0562003c-1f40-4a23-9574-b5b43eb1bf9d/1769040000.0_mean_300.0_v3" "tx5a7ee5788e5241899b467-00697900ee" "proxy-server 20" 0.0006 "-" 22 0
Jan 27 18:16:14 standalone proxy-server[129066]: 172.18.0.2 172.18.0.100 27/Jan/2026/18/16/14 GET /v1/AUTH_0ba9aba32adc4e04adc8b70a76b70122/gnocchi.0562003c-1f40-4a23-9574-b5b43eb1bf9d/1769040000.0_mean_300.0_v3 HTTP/1.0 404 - python-swiftclient-3.11.1 gAAAAABpeQCPbRNX... - 70 - tx5a7ee5788e5241899b467-00697900ee - 0.0073 - - 1769537774.900615215 1769537774.907949209 0
Jan 27 18:16:14 standalone container-server[126840]: 172.20.0.100 - - [27/Jan/2026:18:16:14 +0000] "PUT /d1/732/AUTH_0ba9aba32adc4e04adc8b70a76b70122/gnocchi.0562003c-1f40-4a23-9574-b5b43eb1bf9d/1769040000.0_mean_300.0_v3" 201 - "PUT http://172.18.0.2:8080/d1/277/AUTH_0ba9aba32adc4e04adc8b70a76b70122/gnocchi.0562003c-1f40-4a23-9574-b5b43eb1bf9d/1769040000.0_mean_300.0_v3" "tx2350992603454727a4abe-00697900ee" "object-server 22" 0.0012 "-" 21 0
Jan 27 18:16:14 standalone object-server[127062]: 172.20.0.100 - - [27/Jan/2026:18:16:14 +0000] "PUT /d1/277/AUTH_0ba9aba32adc4e04adc8b70a76b70122/gnocchi.0562003c-1f40-4a23-9574-b5b43eb1bf9d/1769040000.0_mean_300.0_v3" 201 - "PUT http://172.18.0.2:8080/v1/AUTH_0ba9aba32adc4e04adc8b70a76b70122/gnocchi.0562003c-1f40-4a23-9574-b5b43eb1bf9d/1769040000.0_mean_300.0_v3" "tx2350992603454727a4abe-00697900ee" "proxy-server 20" 0.0122 "-" 22 0
Jan 27 18:16:14 standalone proxy-server[129066]: 172.18.0.2 172.18.0.100 27/Jan/2026/18/16/14 PUT /v1/AUTH_0ba9aba32adc4e04adc8b70a76b70122/gnocchi.0562003c-1f40-4a23-9574-b5b43eb1bf9d/1769040000.0_mean_300.0_v3 HTTP/1.0 201 - python-swiftclient-3.11.1 gAAAAABpeQCPbRNX... 16 - - tx2350992603454727a4abe-00697900ee - 0.0172 - - 1769537774.910407543 1769537774.927565336 0
Jan 27 18:16:14 standalone container-server[126820]: 172.20.0.100 - - [27/Jan/2026:18:16:14 +0000] "PUT /d1/732/AUTH_0ba9aba32adc4e04adc8b70a76b70122/gnocchi.0562003c-1f40-4a23-9574-b5b43eb1bf9d/none_v3" 201 - "PUT http://172.18.0.2:8080/d1/258/AUTH_0ba9aba32adc4e04adc8b70a76b70122/gnocchi.0562003c-1f40-4a23-9574-b5b43eb1bf9d/none_v3" "txf78fede895c04614a4e6e-00697900ee" "object-server 24" 0.0005 "-" 19 0
Jan 27 18:16:14 standalone object-server[127089]: 172.20.0.100 - - [27/Jan/2026:18:16:14 +0000] "PUT /d1/258/AUTH_0ba9aba32adc4e04adc8b70a76b70122/gnocchi.0562003c-1f40-4a23-9574-b5b43eb1bf9d/none_v3" 201 - "PUT http://172.18.0.2:8080/v1/AUTH_0ba9aba32adc4e04adc8b70a76b70122/gnocchi.0562003c-1f40-4a23-9574-b5b43eb1bf9d/none_v3" "txf78fede895c04614a4e6e-00697900ee" "proxy-server 20" 0.0082 "-" 24 0
Jan 27 18:16:14 standalone proxy-server[129066]: 172.18.0.2 172.18.0.100 27/Jan/2026/18/16/14 PUT /v1/AUTH_0ba9aba32adc4e04adc8b70a76b70122/gnocchi.0562003c-1f40-4a23-9574-b5b43eb1bf9d/none_v3 HTTP/1.0 201 - python-swiftclient-3.11.1 gAAAAABpeQCPbRNX... 22 - - txf78fede895c04614a4e6e-00697900ee - 0.0134 - - 1769537774.932080984 1769537774.945530891 0
Jan 27 18:16:15 standalone object-server[127089]: 172.20.0.100 - - [27/Jan/2026:18:16:15 +0000] "GET /d1/332/AUTH_0ba9aba32adc4e04adc8b70a76b70122/gnocchi.0634b667-a10e-4e93-835a-aa0262f6b5d1/none_v3" 200 22 "GET http://172.18.0.2:8080/v1/AUTH_0ba9aba32adc4e04adc8b70a76b70122/gnocchi.0634b667-a10e-4e93-835a-aa0262f6b5d1/none_v3" "tx1e6bcdb92c8145d0be3d8-00697900ef" "proxy-server 20" 0.0008 "-" 24 0
Jan 27 18:16:15 standalone proxy-server[129066]: 172.18.0.2 172.18.0.100 27/Jan/2026/18/16/15 GET /v1/AUTH_0ba9aba32adc4e04adc8b70a76b70122/gnocchi.0634b667-a10e-4e93-835a-aa0262f6b5d1/none_v3 HTTP/1.0 200 - python-swiftclient-3.11.1 gAAAAABpeQCPbRNX... - 22 - tx1e6bcdb92c8145d0be3d8-00697900ef - 0.0068 - - 1769537775.029182673 1769537775.035974026 0
Jan 27 18:16:15 standalone container-server[126848]: 172.20.0.100 - - [27/Jan/2026:18:16:15 +0000] "GET /d1/825/AUTH_0ba9aba32adc4e04adc8b70a76b70122/gnocchi.0634b667-a10e-4e93-835a-aa0262f6b5d1" 200 357 "GET http://172.18.0.2:8080/v1/AUTH_0ba9aba32adc4e04adc8b70a76b70122/gnocchi.0634b667-a10e-4e93-835a-aa0262f6b5d1?format=json&states=listing" "tx67874940e65841fa99291-00697900ef" "proxy-server 20" 0.0152 "-" 22 0
Jan 27 18:16:15 standalone proxy-server[129066]: 172.18.0.2 172.18.0.100 27/Jan/2026/18/16/15 GET /v1/AUTH_0ba9aba32adc4e04adc8b70a76b70122/gnocchi.0634b667-a10e-4e93-835a-aa0262f6b5d1%3Fformat%3Djson%26states%3Dlisting HTTP/1.0 200 - python-swiftclient-3.11.1 gAAAAABpeQCPbRNX... - 357 - tx67874940e65841fa99291-00697900ef - 0.0228 - - 1769537775.039518118 1769537775.062301636 0
Jan 27 18:16:15 standalone container-server[126840]: 172.20.0.100 - - [27/Jan/2026:18:16:15 +0000] "GET /d1/825/AUTH_0ba9aba32adc4e04adc8b70a76b70122/gnocchi.0634b667-a10e-4e93-835a-aa0262f6b5d1" 200 2 "GET http://172.18.0.2:8080/v1/AUTH_0ba9aba32adc4e04adc8b70a76b70122/gnocchi.0634b667-a10e-4e93-835a-aa0262f6b5d1?format=json&marker=none_v3&states=listing" "tx2d0f5061aba94ef2a301c-00697900ef" "proxy-server 20" 0.0028 "-" 21 0
Jan 27 18:16:15 standalone proxy-server[129066]: 172.18.0.2 172.18.0.100 27/Jan/2026/18/16/15 GET /v1/AUTH_0ba9aba32adc4e04adc8b70a76b70122/gnocchi.0634b667-a10e-4e93-835a-aa0262f6b5d1%3Fformat%3Djson%26marker%3Dnone_v3%26states%3Dlisting HTTP/1.0 200 - python-swiftclient-3.11.1 gAAAAABpeQCPbRNX... - 2 - tx2d0f5061aba94ef2a301c-00697900ef - 0.0101 - - 1769537775.065280199 1769537775.075365782 0
Jan 27 18:16:15 standalone object-server[127089]: 172.20.0.100 - - [27/Jan/2026:18:16:15 +0000] "GET /d1/302/AUTH_0ba9aba32adc4e04adc8b70a76b70122/gnocchi.0634b667-a10e-4e93-835a-aa0262f6b5d1/1769040000.0_mean_300.0_v3" 200 16 "GET http://172.18.0.2:8080/v1/AUTH_0ba9aba32adc4e04adc8b70a76b70122/gnocchi.0634b667-a10e-4e93-835a-aa0262f6b5d1/1769040000.0_mean_300.0_v3" "tx2d22b654c16944b893b05-00697900ef" "proxy-server 20" 0.0006 "-" 24 0
Jan 27 18:16:15 standalone proxy-server[129066]: 172.18.0.2 172.18.0.100 27/Jan/2026/18/16/15 GET /v1/AUTH_0ba9aba32adc4e04adc8b70a76b70122/gnocchi.0634b667-a10e-4e93-835a-aa0262f6b5d1/1769040000.0_mean_300.0_v3 HTTP/1.0 200 - python-swiftclient-3.11.1 gAAAAABpeQCPbRNX... - 16 - tx2d22b654c16944b893b05-00697900ef - 0.0071 - - 1769537775.078905106 1769537775.085978508 0
Jan 27 18:16:15 standalone container-server[126848]: 172.20.0.100 - - [27/Jan/2026:18:16:15 +0000] "PUT /d1/825/AUTH_0ba9aba32adc4e04adc8b70a76b70122/gnocchi.0634b667-a10e-4e93-835a-aa0262f6b5d1/1769040000.0_mean_300.0_v3" 201 - "PUT http://172.18.0.2:8080/d1/302/AUTH_0ba9aba32adc4e04adc8b70a76b70122/gnocchi.0634b667-a10e-4e93-835a-aa0262f6b5d1/1769040000.0_mean_300.0_v3" "tx256eabc52ac648ffb2592-00697900ef" "object-server 22" 0.0007 "-" 22 0
Jan 27 18:16:15 standalone object-server[127062]: 172.20.0.100 - - [27/Jan/2026:18:16:15 +0000] "PUT /d1/302/AUTH_0ba9aba32adc4e04adc8b70a76b70122/gnocchi.0634b667-a10e-4e93-835a-aa0262f6b5d1/1769040000.0_mean_300.0_v3" 201 - "PUT http://172.18.0.2:8080/v1/AUTH_0ba9aba32adc4e04adc8b70a76b70122/gnocchi.0634b667-a10e-4e93-835a-aa0262f6b5d1/1769040000.0_mean_300.0_v3" "tx256eabc52ac648ffb2592-00697900ef" "proxy-server 20" 0.0177 "-" 22 0
Jan 27 18:16:15 standalone proxy-server[129066]: 172.18.0.2 172.18.0.100 27/Jan/2026/18/16/15 PUT /v1/AUTH_0ba9aba32adc4e04adc8b70a76b70122/gnocchi.0634b667-a10e-4e93-835a-aa0262f6b5d1/1769040000.0_mean_300.0_v3 HTTP/1.0 201 - python-swiftclient-3.11.1 gAAAAABpeQCPbRNX... 16 - - tx256eabc52ac648ffb2592-00697900ef - 0.0235 - - 1769537775.088862181 1769537775.112316132 0
Jan 27 18:16:15 standalone container-server[126820]: 172.20.0.100 - - [27/Jan/2026:18:16:15 +0000] "PUT /d1/825/AUTH_0ba9aba32adc4e04adc8b70a76b70122/gnocchi.0634b667-a10e-4e93-835a-aa0262f6b5d1/none_v3" 201 - "PUT http://172.18.0.2:8080/d1/332/AUTH_0ba9aba32adc4e04adc8b70a76b70122/gnocchi.0634b667-a10e-4e93-835a-aa0262f6b5d1/none_v3" "txb741a93156ad499b9d42a-00697900ef" "object-server 24" 0.0006 "-" 19 0
Jan 27 18:16:15 standalone object-server[127089]: 172.20.0.100 - - [27/Jan/2026:18:16:15 +0000] "PUT /d1/332/AUTH_0ba9aba32adc4e04adc8b70a76b70122/gnocchi.0634b667-a10e-4e93-835a-aa0262f6b5d1/none_v3" 201 - "PUT http://172.18.0.2:8080/v1/AUTH_0ba9aba32adc4e04adc8b70a76b70122/gnocchi.0634b667-a10e-4e93-835a-aa0262f6b5d1/none_v3" "txb741a93156ad499b9d42a-00697900ef" "proxy-server 20" 0.0118 "-" 24 0
Jan 27 18:16:15 standalone proxy-server[129066]: 172.18.0.2 172.18.0.100 27/Jan/2026/18/16/15 PUT /v1/AUTH_0ba9aba32adc4e04adc8b70a76b70122/gnocchi.0634b667-a10e-4e93-835a-aa0262f6b5d1/none_v3 HTTP/1.0 201 - python-swiftclient-3.11.1 gAAAAABpeQCPbRNX... 33 - - txb741a93156ad499b9d42a-00697900ef - 0.0181 - - 1769537775.117126226 1769537775.135203600 0
Jan 27 18:16:15 standalone object-server[127078]: 172.20.0.100 - - [27/Jan/2026:18:16:15 +0000] "GET /d1/877/AUTH_0ba9aba32adc4e04adc8b70a76b70122/gnocchi.cba4171f-e896-4c63-bd35-84e2ecb559e7/none_v3" 200 22 "GET http://172.18.0.2:8080/v1/AUTH_0ba9aba32adc4e04adc8b70a76b70122/gnocchi.cba4171f-e896-4c63-bd35-84e2ecb559e7/none_v3" "tx17c6f6fa01fa4d53952ed-00697900ef" "proxy-server 20" 0.0012 "-" 23 0
Jan 27 18:16:15 standalone proxy-server[129066]: 172.18.0.2 172.18.0.100 27/Jan/2026/18/16/15 GET /v1/AUTH_0ba9aba32adc4e04adc8b70a76b70122/gnocchi.cba4171f-e896-4c63-bd35-84e2ecb559e7/none_v3 HTTP/1.0 200 - python-swiftclient-3.11.1 gAAAAABpeQCPbRNX... - 22 - tx17c6f6fa01fa4d53952ed-00697900ef - 0.0132 - - 1769537775.146991014 1769537775.160236597 0
Jan 27 18:16:15 standalone container-server[126840]: 172.20.0.100 - - [27/Jan/2026:18:16:15 +0000] "GET /d1/461/AUTH_0ba9aba32adc4e04adc8b70a76b70122/gnocchi.cba4171f-e896-4c63-bd35-84e2ecb559e7" 200 357 "GET http://172.18.0.2:8080/v1/AUTH_0ba9aba32adc4e04adc8b70a76b70122/gnocchi.cba4171f-e896-4c63-bd35-84e2ecb559e7?format=json&states=listing" "tx03c0bb606a3340a6b2513-00697900ef" "proxy-server 20" 0.0257 "-" 21 0
Jan 27 18:16:15 standalone proxy-server[129066]: 172.18.0.2 172.18.0.100 27/Jan/2026/18/16/15 GET /v1/AUTH_0ba9aba32adc4e04adc8b70a76b70122/gnocchi.cba4171f-e896-4c63-bd35-84e2ecb559e7%3Fformat%3Djson%26states%3Dlisting HTTP/1.0 200 - python-swiftclient-3.11.1 gAAAAABpeQCPbRNX... - 357 - tx03c0bb606a3340a6b2513-00697900ef - 0.0337 - - 1769537775.164077759 1769537775.197744370 0
Jan 27 18:16:15 standalone container-server[126831]: 172.20.0.100 - - [27/Jan/2026:18:16:15 +0000] "GET /d1/461/AUTH_0ba9aba32adc4e04adc8b70a76b70122/gnocchi.cba4171f-e896-4c63-bd35-84e2ecb559e7" 200 2 "GET http://172.18.0.2:8080/v1/AUTH_0ba9aba32adc4e04adc8b70a76b70122/gnocchi.cba4171f-e896-4c63-bd35-84e2ecb559e7?format=json&marker=none_v3&states=listing" "tx94ae0431d6dd4ccda41a3-00697900ef" "proxy-server 20" 0.0041 "-" 20 0
Jan 27 18:16:15 standalone proxy-server[129066]: 172.18.0.2 172.18.0.100 27/Jan/2026/18/16/15 GET /v1/AUTH_0ba9aba32adc4e04adc8b70a76b70122/gnocchi.cba4171f-e896-4c63-bd35-84e2ecb559e7%3Fformat%3Djson%26marker%3Dnone_v3%26states%3Dlisting HTTP/1.0 200 - python-swiftclient-3.11.1 gAAAAABpeQCPbRNX... - 2 - tx94ae0431d6dd4ccda41a3-00697900ef - 0.0112 - - 1769537775.200491667 1769537775.211661339 0
Jan 27 18:16:15 standalone object-server[127062]: 172.20.0.100 - - [27/Jan/2026:18:16:15 +0000] "GET /d1/272/AUTH_0ba9aba32adc4e04adc8b70a76b70122/gnocchi.cba4171f-e896-4c63-bd35-84e2ecb559e7/1769040000.0_mean_300.0_v3" 200 16 "GET http://172.18.0.2:8080/v1/AUTH_0ba9aba32adc4e04adc8b70a76b70122/gnocchi.cba4171f-e896-4c63-bd35-84e2ecb559e7/1769040000.0_mean_300.0_v3" "tx490ebf8d08b6403eaaecd-00697900ef" "proxy-server 20" 0.0007 "-" 22 0
Jan 27 18:16:15 standalone proxy-server[129066]: 172.18.0.2 172.18.0.100 27/Jan/2026/18/16/15 GET /v1/AUTH_0ba9aba32adc4e04adc8b70a76b70122/gnocchi.cba4171f-e896-4c63-bd35-84e2ecb559e7/1769040000.0_mean_300.0_v3 HTTP/1.0 200 - python-swiftclient-3.11.1 gAAAAABpeQCPbRNX... - 16 - tx490ebf8d08b6403eaaecd-00697900ef - 0.0064 - - 1769537775.215018511 1769537775.221410513 0
Jan 27 18:16:15 standalone container-server[126848]: 172.20.0.100 - - [27/Jan/2026:18:16:15 +0000] "PUT /d1/461/AUTH_0ba9aba32adc4e04adc8b70a76b70122/gnocchi.cba4171f-e896-4c63-bd35-84e2ecb559e7/1769040000.0_mean_300.0_v3" 201 - "PUT http://172.18.0.2:8080/d1/272/AUTH_0ba9aba32adc4e04adc8b70a76b70122/gnocchi.cba4171f-e896-4c63-bd35-84e2ecb559e7/1769040000.0_mean_300.0_v3" "txf230cff726b748b0b288c-00697900ef" "object-server 22" 0.0007 "-" 22 0
Jan 27 18:16:15 standalone object-server[127062]: 172.20.0.100 - - [27/Jan/2026:18:16:15 +0000] "PUT /d1/272/AUTH_0ba9aba32adc4e04adc8b70a76b70122/gnocchi.cba4171f-e896-4c63-bd35-84e2ecb559e7/1769040000.0_mean_300.0_v3" 201 - "PUT http://172.18.0.2:8080/v1/AUTH_0ba9aba32adc4e04adc8b70a76b70122/gnocchi.cba4171f-e896-4c63-bd35-84e2ecb559e7/1769040000.0_mean_300.0_v3" "txf230cff726b748b0b288c-00697900ef" "proxy-server 20" 0.0093 "-" 22 0
Jan 27 18:16:15 standalone proxy-server[129066]: 172.18.0.2 172.18.0.100 27/Jan/2026/18/16/15 PUT /v1/AUTH_0ba9aba32adc4e04adc8b70a76b70122/gnocchi.cba4171f-e896-4c63-bd35-84e2ecb559e7/1769040000.0_mean_300.0_v3 HTTP/1.0 201 - python-swiftclient-3.11.1 gAAAAABpeQCPbRNX... 16 - - txf230cff726b748b0b288c-00697900ef - 0.0143 - - 1769537775.223964691 1769537775.238270521 0
Jan 27 18:16:15 standalone container-server[126831]: 172.20.0.100 - - [27/Jan/2026:18:16:15 +0000] "PUT /d1/461/AUTH_0ba9aba32adc4e04adc8b70a76b70122/gnocchi.cba4171f-e896-4c63-bd35-84e2ecb559e7/none_v3" 201 - "PUT http://172.18.0.2:8080/d1/877/AUTH_0ba9aba32adc4e04adc8b70a76b70122/gnocchi.cba4171f-e896-4c63-bd35-84e2ecb559e7/none_v3" "txece2cdb30c974bb3a7ee0-00697900ef" "object-server 24" 0.0008 "-" 20 0
Jan 27 18:16:15 standalone object-server[127089]: 172.20.0.100 - - [27/Jan/2026:18:16:15 +0000] "PUT /d1/877/AUTH_0ba9aba32adc4e04adc8b70a76b70122/gnocchi.cba4171f-e896-4c63-bd35-84e2ecb559e7/none_v3" 201 - "PUT http://172.18.0.2:8080/v1/AUTH_0ba9aba32adc4e04adc8b70a76b70122/gnocchi.cba4171f-e896-4c63-bd35-84e2ecb559e7/none_v3" "txece2cdb30c974bb3a7ee0-00697900ef" "proxy-server 20" 0.0112 "-" 24 0
Jan 27 18:16:15 standalone proxy-server[129066]: 172.18.0.2 172.18.0.100 27/Jan/2026/18/16/15 PUT /v1/AUTH_0ba9aba32adc4e04adc8b70a76b70122/gnocchi.cba4171f-e896-4c63-bd35-84e2ecb559e7/none_v3 HTTP/1.0 201 - python-swiftclient-3.11.1 gAAAAABpeQCPbRNX... 33 - - txece2cdb30c974bb3a7ee0-00697900ef - 0.0181 - - 1769537775.240691185 1769537775.258826017 0
Jan 27 18:16:19 standalone object-server[127089]: 172.20.0.100 - - [27/Jan/2026:18:16:19 +0000] "GET /d1/258/AUTH_0ba9aba32adc4e04adc8b70a76b70122/gnocchi.0562003c-1f40-4a23-9574-b5b43eb1bf9d/none_v3" 200 22 "GET http://172.18.0.2:8080/v1/AUTH_0ba9aba32adc4e04adc8b70a76b70122/gnocchi.0562003c-1f40-4a23-9574-b5b43eb1bf9d/none_v3" "tx6b996f996b054bdfab5df-00697900f3" "proxy-server 20" 0.0017 "-" 24 0
Jan 27 18:16:19 standalone proxy-server[129066]: 172.18.0.2 172.18.0.100 27/Jan/2026/18/16/19 GET /v1/AUTH_0ba9aba32adc4e04adc8b70a76b70122/gnocchi.0562003c-1f40-4a23-9574-b5b43eb1bf9d/none_v3 HTTP/1.0 200 - python-swiftclient-3.11.1 gAAAAABpeQCPbRNX... - 22 - tx6b996f996b054bdfab5df-00697900f3 - 0.0095 - - 1769537779.382989168 1769537779.392531633 0
Jan 27 18:16:19 standalone container-server[126820]: 172.20.0.100 - - [27/Jan/2026:18:16:19 +0000] "GET /d1/732/AUTH_0ba9aba32adc4e04adc8b70a76b70122/gnocchi.0562003c-1f40-4a23-9574-b5b43eb1bf9d" 200 357 "GET http://172.18.0.2:8080/v1/AUTH_0ba9aba32adc4e04adc8b70a76b70122/gnocchi.0562003c-1f40-4a23-9574-b5b43eb1bf9d?format=json&states=listing" "txd7ca2083da4f45f0a0faf-00697900f3" "proxy-server 20" 0.0146 "-" 19 0
Jan 27 18:16:19 standalone proxy-server[129066]: 172.18.0.2 172.18.0.100 27/Jan/2026/18/16/19 GET /v1/AUTH_0ba9aba32adc4e04adc8b70a76b70122/gnocchi.0562003c-1f40-4a23-9574-b5b43eb1bf9d%3Fformat%3Djson%26states%3Dlisting HTTP/1.0 200 - python-swiftclient-3.11.1 gAAAAABpeQCPbRNX... - 357 - txd7ca2083da4f45f0a0faf-00697900f3 - 0.0213 - - 1769537779.397911072 1769537779.419249058 0
Jan 27 18:16:19 standalone container-server[126848]: 172.20.0.100 - - [27/Jan/2026:18:16:19 +0000] "GET /d1/732/AUTH_0ba9aba32adc4e04adc8b70a76b70122/gnocchi.0562003c-1f40-4a23-9574-b5b43eb1bf9d" 200 2 "GET http://172.18.0.2:8080/v1/AUTH_0ba9aba32adc4e04adc8b70a76b70122/gnocchi.0562003c-1f40-4a23-9574-b5b43eb1bf9d?format=json&marker=none_v3&states=listing" "tx777027dc3a0c4ebeb5c7c-00697900f3" "proxy-server 20" 0.0019 "-" 22 0
Jan 27 18:16:19 standalone proxy-server[129066]: 172.18.0.2 172.18.0.100 27/Jan/2026/18/16/19 GET /v1/AUTH_0ba9aba32adc4e04adc8b70a76b70122/gnocchi.0562003c-1f40-4a23-9574-b5b43eb1bf9d%3Fformat%3Djson%26marker%3Dnone_v3%26states%3Dlisting HTTP/1.0 200 - python-swiftclient-3.11.1 gAAAAABpeQCPbRNX... - 2 - tx777027dc3a0c4ebeb5c7c-00697900f3 - 0.0117 - - 1769537779.427834034 1769537779.439514875 0
Jan 27 18:16:19 standalone object-server[127078]: 172.20.0.100 - - [27/Jan/2026:18:16:19 +0000] "GET /d1/277/AUTH_0ba9aba32adc4e04adc8b70a76b70122/gnocchi.0562003c-1f40-4a23-9574-b5b43eb1bf9d/1769040000.0_mean_300.0_v3" 200 16 "GET http://172.18.0.2:8080/v1/AUTH_0ba9aba32adc4e04adc8b70a76b70122/gnocchi.0562003c-1f40-4a23-9574-b5b43eb1bf9d/1769040000.0_mean_300.0_v3" "tx4719a771712a4ea185098-00697900f3" "proxy-server 20" 0.0006 "-" 23 0
Jan 27 18:16:19 standalone proxy-server[129066]: 172.18.0.2 172.18.0.100 27/Jan/2026/18/16/19 GET /v1/AUTH_0ba9aba32adc4e04adc8b70a76b70122/gnocchi.0562003c-1f40-4a23-9574-b5b43eb1bf9d/1769040000.0_mean_300.0_v3 HTTP/1.0 200 - python-swiftclient-3.11.1 gAAAAABpeQCPbRNX... - 16 - tx4719a771712a4ea185098-00697900f3 - 0.0057 - - 1769537779.445124149 1769537779.450777769 0
Jan 27 18:16:19 standalone container-server[126840]: 172.20.0.100 - - [27/Jan/2026:18:16:19 +0000] "PUT /d1/732/AUTH_0ba9aba32adc4e04adc8b70a76b70122/gnocchi.0562003c-1f40-4a23-9574-b5b43eb1bf9d/1769040000.0_mean_300.0_v3" 201 - "PUT http://172.18.0.2:8080/d1/277/AUTH_0ba9aba32adc4e04adc8b70a76b70122/gnocchi.0562003c-1f40-4a23-9574-b5b43eb1bf9d/1769040000.0_mean_300.0_v3" "tx18dbcf0d95f548c88e94a-00697900f3" "object-server 24" 0.0005 "-" 21 0
Jan 27 18:16:19 standalone object-server[127089]: 172.20.0.100 - - [27/Jan/2026:18:16:19 +0000] "PUT /d1/277/AUTH_0ba9aba32adc4e04adc8b70a76b70122/gnocchi.0562003c-1f40-4a23-9574-b5b43eb1bf9d/1769040000.0_mean_300.0_v3" 201 - "PUT http://172.18.0.2:8080/v1/AUTH_0ba9aba32adc4e04adc8b70a76b70122/gnocchi.0562003c-1f40-4a23-9574-b5b43eb1bf9d/1769040000.0_mean_300.0_v3" "tx18dbcf0d95f548c88e94a-00697900f3" "proxy-server 20" 0.0145 "-" 24 0
Jan 27 18:16:19 standalone proxy-server[129066]: 172.18.0.2 172.18.0.100 27/Jan/2026/18/16/19 PUT /v1/AUTH_0ba9aba32adc4e04adc8b70a76b70122/gnocchi.0562003c-1f40-4a23-9574-b5b43eb1bf9d/1769040000.0_mean_300.0_v3 HTTP/1.0 201 - python-swiftclient-3.11.1 gAAAAABpeQCPbRNX... 16 - - tx18dbcf0d95f548c88e94a-00697900f3 - 0.0206 - - 1769537779.453094721 1769537779.473679781 0
Jan 27 18:16:19 standalone container-server[126840]: 172.20.0.100 - - [27/Jan/2026:18:16:19 +0000] "PUT /d1/732/AUTH_0ba9aba32adc4e04adc8b70a76b70122/gnocchi.0562003c-1f40-4a23-9574-b5b43eb1bf9d/none_v3" 201 - "PUT http://172.18.0.2:8080/d1/258/AUTH_0ba9aba32adc4e04adc8b70a76b70122/gnocchi.0562003c-1f40-4a23-9574-b5b43eb1bf9d/none_v3" "txbdebdf2f581b4d82b8c70-00697900f3" "object-server 23" 0.0005 "-" 21 0
Jan 27 18:16:19 standalone object-server[127078]: 172.20.0.100 - - [27/Jan/2026:18:16:19 +0000] "PUT /d1/258/AUTH_0ba9aba32adc4e04adc8b70a76b70122/gnocchi.0562003c-1f40-4a23-9574-b5b43eb1bf9d/none_v3" 201 - "PUT http://172.18.0.2:8080/v1/AUTH_0ba9aba32adc4e04adc8b70a76b70122/gnocchi.0562003c-1f40-4a23-9574-b5b43eb1bf9d/none_v3" "txbdebdf2f581b4d82b8c70-00697900f3" "proxy-server 20" 0.0162 "-" 23 0
Jan 27 18:16:19 standalone proxy-server[129066]: 172.18.0.2 172.18.0.100 27/Jan/2026/18/16/19 PUT /v1/AUTH_0ba9aba32adc4e04adc8b70a76b70122/gnocchi.0562003c-1f40-4a23-9574-b5b43eb1bf9d/none_v3 HTTP/1.0 201 - python-swiftclient-3.11.1 gAAAAABpeQCPbRNX... 32 - - txbdebdf2f581b4d82b8c70-00697900f3 - 0.0222 - - 1769537779.477714777 1769537779.499951363 0
Jan 27 18:16:30 standalone container-server[126831]: 172.20.0.100 - - [27/Jan/2026:18:16:30 +0000] "HEAD /d1/583/AUTH_0ba9aba32adc4e04adc8b70a76b70122/gnocchi.854c8c63-59ec-4f10-bcec-08badd845a21" 404 - "HEAD http://172.18.0.2:8080/v1/AUTH_0ba9aba32adc4e04adc8b70a76b70122/gnocchi.854c8c63-59ec-4f10-bcec-08badd845a21?format=json&states=listing" "txd86e0df0de65449299128-00697900fe" "proxy-server 20" 0.0008 "-" 20 0
Jan 27 18:16:30 standalone object-server[127096]: 172.20.0.100 - - [27/Jan/2026:18:16:30 +0000] "GET /d1/833/AUTH_0ba9aba32adc4e04adc8b70a76b70122/gnocchi.854c8c63-59ec-4f10-bcec-08badd845a21/none_v3" 404 70 "GET http://172.18.0.2:8080/v1/AUTH_0ba9aba32adc4e04adc8b70a76b70122/gnocchi.854c8c63-59ec-4f10-bcec-08badd845a21/none_v3" "txd86e0df0de65449299128-00697900fe" "proxy-server 20" 0.0005 "-" 25 0
Jan 27 18:16:30 standalone proxy-server[129066]: 172.18.0.2 172.18.0.100 27/Jan/2026/18/16/30 GET /v1/AUTH_0ba9aba32adc4e04adc8b70a76b70122/gnocchi.854c8c63-59ec-4f10-bcec-08badd845a21/none_v3 HTTP/1.0 404 - python-swiftclient-3.11.1 gAAAAABpeQCPbRNX... - 70 - txd86e0df0de65449299128-00697900fe - 0.0120 - - 1769537790.171537399 1769537790.183556080 0
Jan 27 18:16:30 standalone account-server[126751]: 172.20.0.100 - - [27/Jan/2026:18:16:30 +0000] "PUT /d1/1011/AUTH_0ba9aba32adc4e04adc8b70a76b70122/gnocchi.854c8c63-59ec-4f10-bcec-08badd845a21" 201 - "PUT http://172.20.0.100:6001/d1/583/AUTH_0ba9aba32adc4e04adc8b70a76b70122/gnocchi.854c8c63-59ec-4f10-bcec-08badd845a21" "txb9fe97b6229a43aeb45f8-00697900fe" "container-server 20" 0.0065 "-" 20 0
Jan 27 18:16:30 standalone container-server[126831]: 172.20.0.100 - - [27/Jan/2026:18:16:30 +0000] "PUT /d1/583/AUTH_0ba9aba32adc4e04adc8b70a76b70122/gnocchi.854c8c63-59ec-4f10-bcec-08badd845a21" 201 - "PUT http://172.18.0.2:8080/v1/AUTH_0ba9aba32adc4e04adc8b70a76b70122/gnocchi.854c8c63-59ec-4f10-bcec-08badd845a21" "txb9fe97b6229a43aeb45f8-00697900fe" "proxy-server 20" 0.0199 "-" 20 0
Jan 27 18:16:30 standalone proxy-server[129066]: 172.18.0.2 172.18.0.100 27/Jan/2026/18/16/30 PUT /v1/AUTH_0ba9aba32adc4e04adc8b70a76b70122/gnocchi.854c8c63-59ec-4f10-bcec-08badd845a21 HTTP/1.0 201 - python-swiftclient-3.11.1 gAAAAABpeQCPbRNX... - - - txb9fe97b6229a43aeb45f8-00697900fe - 0.0253 - - 1769537790.186870337 1769537790.212212563 0
Jan 27 18:16:30 standalone container-server[126840]: 172.20.0.100 - - [27/Jan/2026:18:16:30 +0000] "HEAD /d1/583/AUTH_0ba9aba32adc4e04adc8b70a76b70122/gnocchi.854c8c63-59ec-4f10-bcec-08badd845a21" 204 - "HEAD http://172.18.0.2:8080/v1/AUTH_0ba9aba32adc4e04adc8b70a76b70122/gnocchi.854c8c63-59ec-4f10-bcec-08badd845a21?format=json&states=listing" "txd5af45e81df7463481e6e-00697900fe" "proxy-server 20" 0.0012 "-" 21 0
Jan 27 18:16:30 standalone proxy-server[129066]: - - 27/Jan/2026/18/16/30 HEAD /v1/AUTH_0ba9aba32adc4e04adc8b70a76b70122/gnocchi.854c8c63-59ec-4f10-bcec-08badd845a21%3Fformat%3Djson%26states%3Dlisting HTTP/1.0 204 - Swift - - - - txd5af45e81df7463481e6e-00697900fe - 0.0049 RL - 1769537790.217612505 1769537790.222492218 0
Jan 27 18:16:30 standalone container-server[126820]: 172.20.0.100 - - [27/Jan/2026:18:16:30 +0000] "GET /d1/583/AUTH_0ba9aba32adc4e04adc8b70a76b70122/gnocchi.854c8c63-59ec-4f10-bcec-08badd845a21" 200 2 "GET http://172.18.0.2:8080/v1/AUTH_0ba9aba32adc4e04adc8b70a76b70122/gnocchi.854c8c63-59ec-4f10-bcec-08badd845a21?format=json&states=listing" "txd5af45e81df7463481e6e-00697900fe" "proxy-server 20" 0.0037 "-" 19 0
Jan 27 18:16:30 standalone proxy-server[129066]: 172.18.0.2 172.18.0.100 27/Jan/2026/18/16/30 GET /v1/AUTH_0ba9aba32adc4e04adc8b70a76b70122/gnocchi.854c8c63-59ec-4f10-bcec-08badd845a21%3Fformat%3Djson%26states%3Dlisting HTTP/1.0 200 - python-swiftclient-3.11.1 gAAAAABpeQCPbRNX... - 2 - txd5af45e81df7463481e6e-00697900fe - 0.0164 - - 1769537790.216243267 1769537790.232648849 0
Jan 27 18:16:30 standalone object-server[127062]: 172.20.0.100 - - [27/Jan/2026:18:16:30 +0000] "GET /d1/545/AUTH_0ba9aba32adc4e04adc8b70a76b70122/gnocchi.854c8c63-59ec-4f10-bcec-08badd845a21/1769040000.0_mean_300.0_v3" 404 70 "GET http://172.18.0.2:8080/v1/AUTH_0ba9aba32adc4e04adc8b70a76b70122/gnocchi.854c8c63-59ec-4f10-bcec-08badd845a21/1769040000.0_mean_300.0_v3" "tx1d9b7d15d12b4f4d934a1-00697900fe" "proxy-server 20" 0.0003 "-" 22 0
Jan 27 18:16:30 standalone proxy-server[129066]: 172.18.0.2 172.18.0.100 27/Jan/2026/18/16/30 GET /v1/AUTH_0ba9aba32adc4e04adc8b70a76b70122/gnocchi.854c8c63-59ec-4f10-bcec-08badd845a21/1769040000.0_mean_300.0_v3 HTTP/1.0 404 - python-swiftclient-3.11.1 gAAAAABpeQCPbRNX... - 70 - tx1d9b7d15d12b4f4d934a1-00697900fe - 0.0055 - - 1769537790.236446142 1769537790.241897106 0
Jan 27 18:16:30 standalone container-server[126820]: 172.20.0.100 - - [27/Jan/2026:18:16:30 +0000] "PUT /d1/583/AUTH_0ba9aba32adc4e04adc8b70a76b70122/gnocchi.854c8c63-59ec-4f10-bcec-08badd845a21/1769040000.0_mean_300.0_v3" 201 - "PUT http://172.18.0.2:8080/d1/545/AUTH_0ba9aba32adc4e04adc8b70a76b70122/gnocchi.854c8c63-59ec-4f10-bcec-08badd845a21/1769040000.0_mean_300.0_v3" "txa257d7d8388a46a58541c-00697900fe" "object-server 25" 0.0009 "-" 19 0
Jan 27 18:16:30 standalone object-server[127096]: 172.20.0.100 - - [27/Jan/2026:18:16:30 +0000] "PUT /d1/545/AUTH_0ba9aba32adc4e04adc8b70a76b70122/gnocchi.854c8c63-59ec-4f10-bcec-08badd845a21/1769040000.0_mean_300.0_v3" 201 - "PUT http://172.18.0.2:8080/v1/AUTH_0ba9aba32adc4e04adc8b70a76b70122/gnocchi.854c8c63-59ec-4f10-bcec-08badd845a21/1769040000.0_mean_300.0_v3" "txa257d7d8388a46a58541c-00697900fe" "proxy-server 20" 0.0126 "-" 25 0
Jan 27 18:16:30 standalone proxy-server[129066]: 172.18.0.2 172.18.0.100 27/Jan/2026/18/16/30 PUT /v1/AUTH_0ba9aba32adc4e04adc8b70a76b70122/gnocchi.854c8c63-59ec-4f10-bcec-08badd845a21/1769040000.0_mean_300.0_v3 HTTP/1.0 201 - python-swiftclient-3.11.1 gAAAAABpeQCPbRNX... 16 - - txa257d7d8388a46a58541c-00697900fe - 0.0189 - - 1769537790.245063305 1769537790.263942242 0
Jan 27 18:16:30 standalone container-server[126831]: 172.20.0.100 - - [27/Jan/2026:18:16:30 +0000] "PUT /d1/583/AUTH_0ba9aba32adc4e04adc8b70a76b70122/gnocchi.854c8c63-59ec-4f10-bcec-08badd845a21/none_v3" 201 - "PUT http://172.18.0.2:8080/d1/833/AUTH_0ba9aba32adc4e04adc8b70a76b70122/gnocchi.854c8c63-59ec-4f10-bcec-08badd845a21/none_v3" "txad2535e614984097a092f-00697900fe" "object-server 24" 0.0007 "-" 20 0
Jan 27 18:16:30 standalone object-server[127089]: 172.20.0.100 - - [27/Jan/2026:18:16:30 +0000] "PUT /d1/833/AUTH_0ba9aba32adc4e04adc8b70a76b70122/gnocchi.854c8c63-59ec-4f10-bcec-08badd845a21/none_v3" 201 - "PUT http://172.18.0.2:8080/v1/AUTH_0ba9aba32adc4e04adc8b70a76b70122/gnocchi.854c8c63-59ec-4f10-bcec-08badd845a21/none_v3" "txad2535e614984097a092f-00697900fe" "proxy-server 20" 0.0142 "-" 24 0
