Feb 23 08:20:14 np0005626461 account-server[120394]: 172.20.0.104 - - [23/Feb/2026:08:20:14 +0000] "HEAD /d1/185/.expiring_objects" 404 - "HEAD http://localhost/v1/.expiring_objects?format=json" "tx16cfff82863749e3912ac-00699c0dbe" "proxy-server 2" 0.0005 "-" 16 -
Feb 23 08:20:17 np0005626461 container-server[120160]: Beginning replication run
Feb 23 08:20:17 np0005626461 container-server[120160]: Replication run OVER
Feb 23 08:20:17 np0005626461 container-server[120160]: Attempted to replicate 0 dbs in 0.00191 seconds (0.00000/s)
Feb 23 08:20:17 np0005626461 container-server[120160]: Removed 0 dbs
Feb 23 08:20:17 np0005626461 container-server[120160]: 0 successes, 0 failures
Feb 23 08:20:17 np0005626461 container-server[120160]: diff:0 diff_capped:0 empty:0 hashmatch:0 no_change:0 remote_merge:0 rsync:0 ts_repl:0
Feb 23 08:20:28 np0005626461 account-server[120092]: Beginning replication run
Feb 23 08:20:28 np0005626461 account-server[120092]: Replication run OVER
Feb 23 08:20:28 np0005626461 account-server[120092]: Attempted to replicate 0 dbs in 0.00153 seconds (0.00000/s)
Feb 23 08:20:28 np0005626461 account-server[120092]: Removed 0 dbs
Feb 23 08:20:28 np0005626461 account-server[120092]: 0 successes, 0 failures
Feb 23 08:20:28 np0005626461 account-server[120092]: diff:0 diff_capped:0 empty:0 hashmatch:0 no_change:0 remote_merge:0 rsync:0 ts_repl:0
Feb 23 08:20:38 np0005626461 object-server[120701]: Starting object replication pass.
Feb 23 08:20:38 np0005626461 object-server[120701]: Nothing replicated for 0.0037391185760498047 seconds.
Feb 23 08:20:38 np0005626461 object-server[120701]: Object replication complete. (0.00 minutes)
Feb 23 08:20:39 np0005626461 object-server[193644]: Begin object audit "forever" mode (ZBF)
Feb 23 08:20:39 np0005626461 object-server[193644]: Object audit (ZBF) "forever" mode completed: 0.00s. Total quarantined: 0, Total errors: 0, Total files/sec: 0.00, Total bytes/sec: 0.00, Auditing time: 0.00, Rate: 0.00
Feb 23 08:20:47 np0005626461 container-server[120160]: Beginning replication run
Feb 23 08:20:47 np0005626461 container-server[120160]: Replication run OVER
Feb 23 08:20:47 np0005626461 container-server[120160]: Attempted to replicate 0 dbs in 0.00128 seconds (0.00000/s)
Feb 23 08:20:47 np0005626461 container-server[120160]: Removed 0 dbs
Feb 23 08:20:47 np0005626461 container-server[120160]: 0 successes, 0 failures
Feb 23 08:20:47 np0005626461 container-server[120160]: diff:0 diff_capped:0 empty:0 hashmatch:0 no_change:0 remote_merge:0 rsync:0 ts_repl:0
Feb 23 08:20:58 np0005626461 account-server[120092]: Beginning replication run
Feb 23 08:20:58 np0005626461 account-server[120092]: Replication run OVER
Feb 23 08:20:58 np0005626461 account-server[120092]: Attempted to replicate 0 dbs in 0.00211 seconds (0.00000/s)
Feb 23 08:20:58 np0005626461 account-server[120092]: Removed 0 dbs
Feb 23 08:20:58 np0005626461 account-server[120092]: 0 successes, 0 failures
Feb 23 08:20:58 np0005626461 account-server[120092]: diff:0 diff_capped:0 empty:0 hashmatch:0 no_change:0 remote_merge:0 rsync:0 ts_repl:0
Feb 23 08:21:07 np0005626461 container-server[120565]: Begin container update sweep
Feb 23 08:21:07 np0005626461 container-server[120565]: Container update sweep completed: 0.00s
Feb 23 08:21:08 np0005626461 object-server[120701]: Starting object replication pass.
Feb 23 08:21:08 np0005626461 object-server[120701]: Nothing replicated for 0.003840923309326172 seconds.
Feb 23 08:21:08 np0005626461 object-server[120701]: Object replication complete. (0.00 minutes)
Feb 23 08:21:09 np0005626461 object-server[199591]: Begin object audit "forever" mode (ZBF)
Feb 23 08:21:09 np0005626461 object-server[199591]: Object audit (ZBF) "forever" mode completed: 0.00s. Total quarantined: 0, Total errors: 0, Total files/sec: 0.00, Total bytes/sec: 0.00, Auditing time: 0.00, Rate: 0.00
Feb 23 08:21:09 np0005626461 object-server[199592]: Begin object audit "forever" mode (ALL)
Feb 23 08:21:09 np0005626461 object-server[199592]: Object audit (ALL) "forever" mode completed: 0.00s. Total quarantined: 0, Total errors: 0, Total files/sec: 0.00, Total bytes/sec: 0.00, Auditing time: 0.00, Rate: 0.00
Feb 23 08:21:17 np0005626461 container-server[120160]: Beginning replication run
Feb 23 08:21:17 np0005626461 container-server[120160]: Replication run OVER
Feb 23 08:21:17 np0005626461 container-server[120160]: Attempted to replicate 0 dbs in 0.00146 seconds (0.00000/s)
Feb 23 08:21:17 np0005626461 container-server[120160]: Removed 0 dbs
Feb 23 08:21:17 np0005626461 container-server[120160]: 0 successes, 0 failures
Feb 23 08:21:17 np0005626461 container-server[120160]: diff:0 diff_capped:0 empty:0 hashmatch:0 no_change:0 remote_merge:0 rsync:0 ts_repl:0
Feb 23 08:21:28 np0005626461 account-server[120092]: Beginning replication run
Feb 23 08:21:28 np0005626461 account-server[120092]: Replication run OVER
Feb 23 08:21:28 np0005626461 account-server[120092]: Attempted to replicate 0 dbs in 0.00190 seconds (0.00000/s)
Feb 23 08:21:28 np0005626461 account-server[120092]: Removed 0 dbs
Feb 23 08:21:28 np0005626461 account-server[120092]: 0 successes, 0 failures
Feb 23 08:21:28 np0005626461 account-server[120092]: diff:0 diff_capped:0 empty:0 hashmatch:0 no_change:0 remote_merge:0 rsync:0 ts_repl:0
Feb 23 08:21:38 np0005626461 object-server[120701]: Starting object replication pass.
Feb 23 08:21:38 np0005626461 object-server[120701]: Nothing replicated for 0.002515077590942383 seconds.
Feb 23 08:21:38 np0005626461 object-server[120701]: Object replication complete. (0.00 minutes)
Feb 23 08:21:39 np0005626461 account-server[120394]: 172.20.0.105 - - [23/Feb/2026:08:21:39 +0000] "HEAD /d1/185/.expiring_objects" 404 - "HEAD http://localhost/v1/.expiring_objects?format=json" "txb8a14e05c6154be193a6b-00699c0e13" "proxy-server 2" 0.0008 "-" 16 -
Feb 23 08:21:39 np0005626461 object-expirer[120597]: Pass completed in 0s; 0 objects expired (txn: txb8a14e05c6154be193a6b-00699c0e13)
Feb 23 08:21:39 np0005626461 object-server[199593]: Begin object audit "forever" mode (ZBF)
Feb 23 08:21:39 np0005626461 object-server[199593]: Object audit (ZBF) "forever" mode completed: 0.00s. Total quarantined: 0, Total errors: 0, Total files/sec: 0.00, Total bytes/sec: 0.00, Auditing time: 0.00, Rate: 0.00
Feb 23 08:21:47 np0005626461 container-server[120160]: Beginning replication run
Feb 23 08:21:47 np0005626461 container-server[120160]: Replication run OVER
Feb 23 08:21:47 np0005626461 container-server[120160]: Attempted to replicate 0 dbs in 0.00253 seconds (0.00000/s)
Feb 23 08:21:47 np0005626461 container-server[120160]: Removed 0 dbs
Feb 23 08:21:47 np0005626461 container-server[120160]: 0 successes, 0 failures
Feb 23 08:21:47 np0005626461 container-server[120160]: diff:0 diff_capped:0 empty:0 hashmatch:0 no_change:0 remote_merge:0 rsync:0 ts_repl:0
Feb 23 08:21:58 np0005626461 account-server[120092]: Beginning replication run
Feb 23 08:21:58 np0005626461 account-server[120092]: Replication run OVER
Feb 23 08:21:58 np0005626461 account-server[120092]: Attempted to replicate 0 dbs in 0.00113 seconds (0.00000/s)
Feb 23 08:21:58 np0005626461 account-server[120092]: Removed 0 dbs
Feb 23 08:21:58 np0005626461 account-server[120092]: 0 successes, 0 failures
Feb 23 08:21:58 np0005626461 account-server[120092]: diff:0 diff_capped:0 empty:0 hashmatch:0 no_change:0 remote_merge:0 rsync:0 ts_repl:0
Feb 23 08:22:00 np0005626461 account-server[120392]: 172.20.0.103 - - [23/Feb/2026:08:22:00 +0000] "HEAD /d1/979/AUTH_d351b5d019cd497ab1d84160f10b653c" 404 - "HEAD http://172.18.0.134:8080/v1/AUTH_d351b5d019cd497ab1d84160f10b653c?format=json" "txba96882d626b45c6a93a7-00699c0e28" "proxy-server 20" 0.0006 "-" 15 -
Feb 23 08:22:00 np0005626461 object-server[120975]: 172.20.0.103 - - [23/Feb/2026:08:22:00 +0000] "GET /d1/1018/AUTH_d351b5d019cd497ab1d84160f10b653c/gnocchi.5eed7344-1baa-4108-b5cd-7766867b85df/none_v3" 404 70 "GET http://172.18.0.134:8080/v1/AUTH_d351b5d019cd497ab1d84160f10b653c/gnocchi.5eed7344-1baa-4108-b5cd-7766867b85df/none_v3" "txba96882d626b45c6a93a7-00699c0e28" "proxy-server 20" 0.0014 "-" 24 0
Feb 23 08:22:00 np0005626461 account-server[120394]: 172.20.0.104 - - [23/Feb/2026:08:22:00 +0000] "PUT /d1/979/AUTH_d351b5d019cd497ab1d84160f10b653c" 201 - "-" "txe2d0031af82a4df4901ed-00699c0e28" "-" 0.0153 "-" 16 -
Feb 23 08:22:00 np0005626461 container-server[120513]: 172.20.0.104 - - [23/Feb/2026:08:22:00 +0000] "PUT /d1/651/AUTH_d351b5d019cd497ab1d84160f10b653c/gnocchi.5eed7344-1baa-4108-b5cd-7766867b85df" 201 - "PUT http://172.18.0.134:8080/v1/AUTH_d351b5d019cd497ab1d84160f10b653c/gnocchi.5eed7344-1baa-4108-b5cd-7766867b85df" "txe2d0031af82a4df4901ed-00699c0e28" "proxy-server 20" 0.0196 "-" 14 0
Feb 23 08:22:00 np0005626461 account-server[120403]: 172.20.0.104 - - [23/Feb/2026:08:22:00 +0000] "PUT /d1/979/AUTH_d351b5d019cd497ab1d84160f10b653c/gnocchi.5eed7344-1baa-4108-b5cd-7766867b85df" 201 - "PUT http://172.20.0.104:6001/d1/651/AUTH_d351b5d019cd497ab1d84160f10b653c/gnocchi.5eed7344-1baa-4108-b5cd-7766867b85df" "txe2d0031af82a4df4901ed-00699c0e28" "container-server 14" 0.0046 "-" 17 0
Feb 23 08:22:00 np0005626461 container-server[120529]: 172.20.0.105 - - [23/Feb/2026:08:22:00 +0000] "HEAD /d1/651/AUTH_d351b5d019cd497ab1d84160f10b653c/gnocchi.5eed7344-1baa-4108-b5cd-7766867b85df" 204 - "HEAD http://172.18.0.134:8080/v1/AUTH_d351b5d019cd497ab1d84160f10b653c/gnocchi.5eed7344-1baa-4108-b5cd-7766867b85df?format=json&states=listing" "txe34ad4d267114e9385514-00699c0e28" "proxy-server 20" 0.0039 "-" 17 0
Feb 23 08:22:00 np0005626461 proxy-server[122398]: - - 23/Feb/2026/08/22/00 HEAD /v1/AUTH_d351b5d019cd497ab1d84160f10b653c/gnocchi.5eed7344-1baa-4108-b5cd-7766867b85df%3Fformat%3Djson%26states%3Dlisting HTTP/1.0 204 - Swift - - - - txe34ad4d267114e9385514-00699c0e28 - 0.0108 RL - 1771834920.923718929 1771834920.934492588 0
Feb 23 08:22:00 np0005626461 proxy-server[122398]: 172.18.0.105 172.18.0.104 23/Feb/2026/08/22/00 GET /v1/AUTH_d351b5d019cd497ab1d84160f10b653c/gnocchi.5eed7344-1baa-4108-b5cd-7766867b85df%3Fformat%3Djson%26states%3Dlisting HTTP/1.0 200 - python-swiftclient-3.11.1 gAAAAABpnA4o6Gk-... - 2 - txe34ad4d267114e9385514-00699c0e28 - 0.0338 - - 1771834920.915856361 1771834920.949705839 0
Feb 23 08:22:00 np0005626461 object-server[120975]: 172.20.0.103 - - [23/Feb/2026:08:22:00 +0000] "GET /d1/436/AUTH_d351b5d019cd497ab1d84160f10b653c/gnocchi.5eed7344-1baa-4108-b5cd-7766867b85df/1771200000.0_mean_300.0_v3" 404 70 "GET http://172.18.0.134:8080/v1/AUTH_d351b5d019cd497ab1d84160f10b653c/gnocchi.5eed7344-1baa-4108-b5cd-7766867b85df/1771200000.0_mean_300.0_v3" "tx9639e96d6f564c3e881c6-00699c0e28" "proxy-server 20" 0.0005 "-" 24 0
Feb 23 08:22:01 np0005626461 container-server[120529]: 172.20.0.104 - - [23/Feb/2026:08:22:01 +0000] "PUT /d1/651/AUTH_d351b5d019cd497ab1d84160f10b653c/gnocchi.5eed7344-1baa-4108-b5cd-7766867b85df/1771200000.0_mean_300.0_v3" 201 - "PUT http://172.18.0.134:8080/d1/436/AUTH_d351b5d019cd497ab1d84160f10b653c/gnocchi.5eed7344-1baa-4108-b5cd-7766867b85df/1771200000.0_mean_300.0_v3" "txc184836b7cc94529a8cdf-00699c0e28" "object-server 22" 0.0010 "-" 17 0
Feb 23 08:22:01 np0005626461 object-server[120975]: 172.20.0.104 - - [23/Feb/2026:08:22:01 +0000] "PUT /d1/436/AUTH_d351b5d019cd497ab1d84160f10b653c/gnocchi.5eed7344-1baa-4108-b5cd-7766867b85df/1771200000.0_mean_300.0_v3" 201 - "PUT http://172.18.0.134:8080/v1/AUTH_d351b5d019cd497ab1d84160f10b653c/gnocchi.5eed7344-1baa-4108-b5cd-7766867b85df/1771200000.0_mean_300.0_v3" "txc184836b7cc94529a8cdf-00699c0e28" "proxy-server 20" 0.0381 "-" 24 0
Feb 23 08:22:01 np0005626461 container-server[120529]: 172.20.0.104 - - [23/Feb/2026:08:22:01 +0000] "PUT /d1/651/AUTH_d351b5d019cd497ab1d84160f10b653c/gnocchi.5eed7344-1baa-4108-b5cd-7766867b85df/none_v3" 201 - "PUT http://172.18.0.134:8080/d1/1018/AUTH_d351b5d019cd497ab1d84160f10b653c/gnocchi.5eed7344-1baa-4108-b5cd-7766867b85df/none_v3" "tx5539632c9c184bcca2cfd-00699c0e29" "object-server 22" 0.0008 "-" 17 0
Feb 23 08:22:01 np0005626461 object-server[120970]: 172.20.0.105 - - [23/Feb/2026:08:22:01 +0000] "PUT /d1/1018/AUTH_d351b5d019cd497ab1d84160f10b653c/gnocchi.5eed7344-1baa-4108-b5cd-7766867b85df/none_v3" 201 - "PUT http://172.18.0.134:8080/v1/AUTH_d351b5d019cd497ab1d84160f10b653c/gnocchi.5eed7344-1baa-4108-b5cd-7766867b85df/none_v3" "tx5539632c9c184bcca2cfd-00699c0e29" "proxy-server 20" 0.0392 "-" 22 0
Feb 23 08:22:01 np0005626461 proxy-server[122398]: 172.18.0.105 172.18.0.104 23/Feb/2026/08/22/01 PUT /v1/AUTH_d351b5d019cd497ab1d84160f10b653c/gnocchi.5eed7344-1baa-4108-b5cd-7766867b85df/none_v3 HTTP/1.0 201 - python-swiftclient-3.11.1 gAAAAABpnA4o6Gk-... 22 - - tx5539632c9c184bcca2cfd-00699c0e29 - 0.0513 - - 1771834921.035896301 1771834921.087241173 0
Feb 23 08:22:08 np0005626461 object-server[120701]: Starting object replication pass.
Feb 23 08:22:08 np0005626461 object-server[120701]: 2/2 (100.00%) partitions replicated in 0.05s (42.84/sec, 0s remaining)
Feb 23 08:22:08 np0005626461 object-server[120701]: 4 successes, 0 failures
Feb 23 08:22:08 np0005626461 object-server[120701]: 2 suffixes checked - 0.00% hashed, 0.00% synced
Feb 23 08:22:08 np0005626461 object-server[120701]: Partition times: max 0.0216s, min 0.0189s, med 0.0216s
Feb 23 08:22:08 np0005626461 object-server[120701]: Object replication complete. (0.00 minutes)
Feb 23 08:22:10 np0005626461 object-server[205493]: Begin object audit "forever" mode (ZBF)
Feb 23 08:22:10 np0005626461 object-server[205494]: Begin object audit "forever" mode (ALL)
Feb 23 08:22:10 np0005626461 object-server[205493]: Object audit (ZBF). Since Mon Feb 23 08:22:10 2026: Locally: 1 passed, 0 quarantined, 0 errors, files/sec: 726.41, bytes/sec: 0.00, Total time: 0.00, Auditing time: 0.00, Rate: 0.00
Feb 23 08:22:10 np0005626461 object-server[205493]: Object audit (ZBF) "forever" mode completed: 0.00s. Total quarantined: 0, Total errors: 0, Total files/sec: 492.23, Total bytes/sec: 0.00, Auditing time: 0.00, Rate: 0.24
Feb 23 08:22:10 np0005626461 object-server[205494]: Object audit (ALL). Since Mon Feb 23 08:22:10 2026: Locally: 1 passed, 0 quarantined, 0 errors, files/sec: 123.58, bytes/sec: 1977.22, Total time: 0.01, Auditing time: 0.00, Rate: 0.00
Feb 23 08:22:10 np0005626461 object-server[205494]: Object audit (ALL) "forever" mode completed: 0.01s. Total quarantined: 0, Total errors: 0, Total files/sec: 168.87, Total bytes/sec: 3208.53, Auditing time: 0.01, Rate: 0.72
Feb 23 08:22:17 np0005626461 container-server[120160]: Beginning replication run
Feb 23 08:22:18 np0005626461 container-server[120160]: Replication run OVER
Feb 23 08:22:18 np0005626461 container-server[120160]: Attempted to replicate 1 dbs in 0.10212 seconds (9.79265/s)
Feb 23 08:22:18 np0005626461 container-server[120160]: Removed 0 dbs
Feb 23 08:22:18 np0005626461 container-server[120160]: 2 successes, 0 failures
Feb 23 08:22:18 np0005626461 container-server[120160]: diff:0 diff_capped:0 empty:0 hashmatch:0 no_change:2 remote_merge:0 rsync:0 ts_repl:0
Feb 23 08:22:28 np0005626461 account-server[120092]: Beginning replication run
Feb 23 08:22:28 np0005626461 account-server[120092]: Replication run OVER
Feb 23 08:22:28 np0005626461 account-server[120092]: Attempted to replicate 1 dbs in 0.02811 seconds (35.57950/s)
Feb 23 08:22:28 np0005626461 account-server[120092]: Removed 0 dbs
Feb 23 08:22:28 np0005626461 account-server[120092]: 2 successes, 0 failures
Feb 23 08:22:28 np0005626461 account-server[120092]: diff:0 diff_capped:0 empty:0 hashmatch:0 no_change:2 remote_merge:0 rsync:0 ts_repl:0
Feb 23 08:22:30 np0005626461 object-server[120970]: 172.20.0.103 - - [23/Feb/2026:08:22:30 +0000] "GET /d1/1018/AUTH_d351b5d019cd497ab1d84160f10b653c/gnocchi.5eed7344-1baa-4108-b5cd-7766867b85df/none_v3" 200 22 "GET http://172.18.0.134:8080/v1/AUTH_d351b5d019cd497ab1d84160f10b653c/gnocchi.5eed7344-1baa-4108-b5cd-7766867b85df/none_v3" "txb6df4c6a4b7640f1a4f60-00699c0e46" "proxy-server 20" 0.0016 "-" 22 0
Feb 23 08:22:30 np0005626461 proxy-server[122398]: 172.18.0.105 172.18.0.104 23/Feb/2026/08/22/30 GET /v1/AUTH_d351b5d019cd497ab1d84160f10b653c/gnocchi.5eed7344-1baa-4108-b5cd-7766867b85df%3Fformat%3Djson%26marker%3Dnone_v3%26states%3Dlisting HTTP/1.0 200 - python-swiftclient-3.11.1 gAAAAABpnA4o6Gk-... - 2 - txa865185622a74348bf8b5-00699c0e46 - 0.0157 - - 1771834950.269776106 1771834950.285467386 0
Feb 23 08:22:30 np0005626461 object-server[120970]: 172.20.0.103 - - [23/Feb/2026:08:22:30 +0000] "GET /d1/436/AUTH_d351b5d019cd497ab1d84160f10b653c/gnocchi.5eed7344-1baa-4108-b5cd-7766867b85df/1771200000.0_mean_300.0_v3" 200 16 "GET http://172.18.0.134:8080/v1/AUTH_d351b5d019cd497ab1d84160f10b653c/gnocchi.5eed7344-1baa-4108-b5cd-7766867b85df/1771200000.0_mean_300.0_v3" "tx5e33599074ed434283b86-00699c0e46" "proxy-server 20" 0.0014 "-" 22 0
Feb 23 08:22:30 np0005626461 object-server[120975]: 172.20.0.104 - - [23/Feb/2026:08:22:30 +0000] "PUT /d1/436/AUTH_d351b5d019cd497ab1d84160f10b653c/gnocchi.5eed7344-1baa-4108-b5cd-7766867b85df/1771200000.0_mean_300.0_v3" 201 - "PUT http://172.18.0.134:8080/v1/AUTH_d351b5d019cd497ab1d84160f10b653c/gnocchi.5eed7344-1baa-4108-b5cd-7766867b85df/1771200000.0_mean_300.0_v3" "txe92b5f52948347dbbb261-00699c0e46" "proxy-server 20" 0.0514 "-" 24 0
Feb 23 08:22:30 np0005626461 container-server[120519]: 172.20.0.103 - - [23/Feb/2026:08:22:30 +0000] "PUT /d1/651/AUTH_d351b5d019cd497ab1d84160f10b653c/gnocchi.5eed7344-1baa-4108-b5cd-7766867b85df/1771200000.0_mean_300.0_v3" 201 - "PUT http://172.18.0.134:8080/d1/436/AUTH_d351b5d019cd497ab1d84160f10b653c/gnocchi.5eed7344-1baa-4108-b5cd-7766867b85df/1771200000.0_mean_300.0_v3" "txe92b5f52948347dbbb261-00699c0e46" "object-server 25" 0.0014 "-" 15 0
Feb 23 08:22:30 np0005626461 container-server[120513]: 172.20.0.105 - - [23/Feb/2026:08:22:30 +0000] "PUT /d1/651/AUTH_d351b5d019cd497ab1d84160f10b653c/gnocchi.5eed7344-1baa-4108-b5cd-7766867b85df/none_v3" 201 - "PUT http://172.18.0.134:8080/d1/1018/AUTH_d351b5d019cd497ab1d84160f10b653c/gnocchi.5eed7344-1baa-4108-b5cd-7766867b85df/none_v3" "tx9b95ad6b901a43bdbc01f-00699c0e46" "object-server 22" 0.0010 "-" 14 0
Feb 23 08:22:30 np0005626461 object-server[120970]: 172.20.0.105 - - [23/Feb/2026:08:22:30 +0000] "PUT /d1/1018/AUTH_d351b5d019cd497ab1d84160f10b653c/gnocchi.5eed7344-1baa-4108-b5cd-7766867b85df/none_v3" 201 - "PUT http://172.18.0.134:8080/v1/AUTH_d351b5d019cd497ab1d84160f10b653c/gnocchi.5eed7344-1baa-4108-b5cd-7766867b85df/none_v3" "tx9b95ad6b901a43bdbc01f-00699c0e46" "proxy-server 20" 0.0189 "-" 22 0
Feb 23 08:22:30 np0005626461 proxy-server[122398]: 172.18.0.105 172.18.0.104 23/Feb/2026/08/22/30 PUT /v1/AUTH_d351b5d019cd497ab1d84160f10b653c/gnocchi.5eed7344-1baa-4108-b5cd-7766867b85df/none_v3 HTTP/1.0 201 - python-swiftclient-3.11.1 gAAAAABpnA4o6Gk-... 32 - - tx9b95ad6b901a43bdbc01f-00699c0e46 - 0.0440 - - 1771834950.385567188 1771834950.429539680 0
Feb 23 08:22:38 np0005626461 object-server[120701]: Starting object replication pass.
Feb 23 08:22:38 np0005626461 object-server[120701]: 2/2 (100.00%) partitions replicated in 0.03s (57.94/sec, 0s remaining)
Feb 23 08:22:38 np0005626461 object-server[120701]: 4 successes, 0 failures
Feb 23 08:22:38 np0005626461 object-server[120701]: 2 suffixes checked - 0.00% hashed, 0.00% synced
Feb 23 08:22:38 np0005626461 object-server[120701]: Partition times: max 0.0178s, min 0.0126s, med 0.0178s
Feb 23 08:22:38 np0005626461 object-server[120701]: Object replication complete. (0.00 minutes)
Feb 23 08:22:40 np0005626461 object-server[205496]: Begin object audit "forever" mode (ZBF)
Feb 23 08:22:40 np0005626461 object-server[205496]: Object audit (ZBF). Since Mon Feb 23 08:22:40 2026: Locally: 1 passed, 0 quarantined, 0 errors, files/sec: 812.69, bytes/sec: 0.00, Total time: 0.00, Auditing time: 0.00, Rate: 0.00
Feb 23 08:22:40 np0005626461 object-server[205496]: Object audit (ZBF) "forever" mode completed: 0.00s. Total quarantined: 0, Total errors: 0, Total files/sec: 642.81, Total bytes/sec: 0.00, Auditing time: 0.00, Rate: 0.22
Feb 23 08:22:47 np0005626461 container-server[120160]: Beginning replication run
Feb 23 08:22:48 np0005626461 container-server[120160]: Replication run OVER
Feb 23 08:22:48 np0005626461 container-server[120160]: Attempted to replicate 1 dbs in 0.06237 seconds (16.03361/s)
Feb 23 08:22:48 np0005626461 container-server[120160]: Removed 0 dbs
Feb 23 08:22:48 np0005626461 container-server[120160]: 2 successes, 0 failures
Feb 23 08:22:48 np0005626461 container-server[120160]: diff:0 diff_capped:0 empty:0 hashmatch:0 no_change:2 remote_merge:0 rsync:0 ts_repl:0
Feb 23 08:22:58 np0005626461 account-server[120092]: Beginning replication run
Feb 23 08:22:58 np0005626461 account-server[120092]: Replication run OVER
Feb 23 08:22:58 np0005626461 account-server[120092]: Attempted to replicate 1 dbs in 0.01391 seconds (71.87021/s)
Feb 23 08:22:58 np0005626461 account-server[120092]: Removed 0 dbs
Feb 23 08:22:58 np0005626461 account-server[120092]: 2 successes, 0 failures
Feb 23 08:22:58 np0005626461 account-server[120092]: diff:0 diff_capped:0 empty:0 hashmatch:0 no_change:2 remote_merge:0 rsync:0 ts_repl:0
Feb 23 08:23:03 np0005626461 container-server[120519]: 172.20.0.103 - - [23/Feb/2026:08:23:03 +0000] "HEAD /d1/779/AUTH_d351b5d019cd497ab1d84160f10b653c/gnocchi.69d2d350-9221-4230-9161-e63c7a424f29" 404 - "HEAD http://172.18.0.134:8080/v1/AUTH_d351b5d019cd497ab1d84160f10b653c/gnocchi.69d2d350-9221-4230-9161-e63c7a424f29?format=json&states=listing" "txe275c1cce7af42b0885a2-00699c0e67" "proxy-server 20" 0.0013 "-" 15 0
Feb 23 08:23:03 np0005626461 object-server[120955]: 172.20.0.103 - - [23/Feb/2026:08:23:03 +0000] "GET /d1/247/AUTH_d351b5d019cd497ab1d84160f10b653c/gnocchi.69d2d350-9221-4230-9161-e63c7a424f29/none_v3" 404 70 "GET http://172.18.0.134:8080/v1/AUTH_d351b5d019cd497ab1d84160f10b653c/gnocchi.69d2d350-9221-4230-9161-e63c7a424f29/none_v3" "txe275c1cce7af42b0885a2-00699c0e67" "proxy-server 20" 0.0012 "-" 21 0
Feb 23 08:23:03 np0005626461 account-server[120391]: 172.20.0.105 - - [23/Feb/2026:08:23:03 +0000] "PUT /d1/979/AUTH_d351b5d019cd497ab1d84160f10b653c/gnocchi.69d2d350-9221-4230-9161-e63c7a424f29" 201 - "PUT http://172.20.0.105:6001/d1/779/AUTH_d351b5d019cd497ab1d84160f10b653c/gnocchi.69d2d350-9221-4230-9161-e63c7a424f29" "tx757597fe9b634f5cbee0c-00699c0e67" "container-server 15" 0.0028 "-" 14 0
Feb 23 08:23:03 np0005626461 container-server[120519]: 172.20.0.104 - - [23/Feb/2026:08:23:03 +0000] "PUT /d1/779/AUTH_d351b5d019cd497ab1d84160f10b653c/gnocchi.69d2d350-9221-4230-9161-e63c7a424f29" 201 - "PUT http://172.18.0.134:8080/v1/AUTH_d351b5d019cd497ab1d84160f10b653c/gnocchi.69d2d350-9221-4230-9161-e63c7a424f29" "tx757597fe9b634f5cbee0c-00699c0e67" "proxy-server 20" 0.0174 "-" 15 0
Feb 23 08:23:03 np0005626461 container-server[120529]: 172.20.0.105 - - [23/Feb/2026:08:23:03 +0000] "HEAD /d1/779/AUTH_d351b5d019cd497ab1d84160f10b653c/gnocchi.69d2d350-9221-4230-9161-e63c7a424f29" 204 - "HEAD http://172.18.0.134:8080/v1/AUTH_d351b5d019cd497ab1d84160f10b653c/gnocchi.69d2d350-9221-4230-9161-e63c7a424f29?format=json&states=listing" "tx73b8e011259444749609c-00699c0e67" "proxy-server 20" 0.0024 "-" 17 0
Feb 23 08:23:03 np0005626461 proxy-server[122398]: - - 23/Feb/2026/08/23/03 HEAD /v1/AUTH_d351b5d019cd497ab1d84160f10b653c/gnocchi.69d2d350-9221-4230-9161-e63c7a424f29%3Fformat%3Djson%26states%3Dlisting HTTP/1.0 204 - Swift - - - - tx73b8e011259444749609c-00699c0e67 - 0.0104 RL - 1771834983.694882393 1771834983.705279589 0
Feb 23 08:23:03 np0005626461 container-server[120519]: 172.20.0.105 - - [23/Feb/2026:08:23:03 +0000] "GET /d1/779/AUTH_d351b5d019cd497ab1d84160f10b653c/gnocchi.69d2d350-9221-4230-9161-e63c7a424f29" 200 2 "GET http://172.18.0.134:8080/v1/AUTH_d351b5d019cd497ab1d84160f10b653c/gnocchi.69d2d350-9221-4230-9161-e63c7a424f29?format=json&states=listing" "tx73b8e011259444749609c-00699c0e67" "proxy-server 20" 0.0037 "-" 15 0
Feb 23 08:23:03 np0005626461 proxy-server[122398]: 172.18.0.105 172.18.0.104 23/Feb/2026/08/23/03 GET /v1/AUTH_d351b5d019cd497ab1d84160f10b653c/gnocchi.69d2d350-9221-4230-9161-e63c7a424f29%3Fformat%3Djson%26states%3Dlisting HTTP/1.0 200 - python-swiftclient-3.11.1 gAAAAABpnA4o6Gk-... - 2 - tx73b8e011259444749609c-00699c0e67 - 0.0268 - - 1771834983.692050934 1771834983.718868732 0
Feb 23 08:23:03 np0005626461 object-server[120975]: 172.20.0.103 - - [23/Feb/2026:08:23:03 +0000] "GET /d1/102/AUTH_d351b5d019cd497ab1d84160f10b653c/gnocchi.69d2d350-9221-4230-9161-e63c7a424f29/1771200000.0_mean_300.0_v3" 404 70 "GET http://172.18.0.134:8080/v1/AUTH_d351b5d019cd497ab1d84160f10b653c/gnocchi.69d2d350-9221-4230-9161-e63c7a424f29/1771200000.0_mean_300.0_v3" "tx935e650d507449ff91b0f-00699c0e67" "proxy-server 20" 0.0007 "-" 24 0
Feb 23 08:23:03 np0005626461 container-server[120513]: 172.20.0.104 - - [23/Feb/2026:08:23:03 +0000] "PUT /d1/779/AUTH_d351b5d019cd497ab1d84160f10b653c/gnocchi.69d2d350-9221-4230-9161-e63c7a424f29/1771200000.0_mean_300.0_v3" 201 - "PUT http://172.18.0.134:8080/d1/102/AUTH_d351b5d019cd497ab1d84160f10b653c/gnocchi.69d2d350-9221-4230-9161-e63c7a424f29/1771200000.0_mean_300.0_v3" "txd443e1f3aa224004be644-00699c0e67" "object-server 22" 0.0009 "-" 14 0
Feb 23 08:23:03 np0005626461 object-server[120955]: 172.20.0.104 - - [23/Feb/2026:08:23:03 +0000] "PUT /d1/102/AUTH_d351b5d019cd497ab1d84160f10b653c/gnocchi.69d2d350-9221-4230-9161-e63c7a424f29/1771200000.0_mean_300.0_v3" 201 - "PUT http://172.18.0.134:8080/v1/AUTH_d351b5d019cd497ab1d84160f10b653c/gnocchi.69d2d350-9221-4230-9161-e63c7a424f29/1771200000.0_mean_300.0_v3" "txd443e1f3aa224004be644-00699c0e67" "proxy-server 20" 0.0323 "-" 21 0
Feb 23 08:23:03 np0005626461 container-server[120513]: 172.20.0.104 - - [23/Feb/2026:08:23:03 +0000] "PUT /d1/779/AUTH_d351b5d019cd497ab1d84160f10b653c/gnocchi.69d2d350-9221-4230-9161-e63c7a424f29/none_v3" 201 - "PUT http://172.18.0.134:8080/d1/247/AUTH_d351b5d019cd497ab1d84160f10b653c/gnocchi.69d2d350-9221-4230-9161-e63c7a424f29/none_v3" "tx4f146672e6f84447b4914-00699c0e67" "object-server 25" 0.0007 "-" 14 0
Feb 23 08:23:03 np0005626461 object-server[120955]: 172.20.0.105 - - [23/Feb/2026:08:23:03 +0000] "PUT /d1/247/AUTH_d351b5d019cd497ab1d84160f10b653c/gnocchi.69d2d350-9221-4230-9161-e63c7a424f29/none_v3" 201 - "PUT http://172.18.0.134:8080/v1/AUTH_d351b5d019cd497ab1d84160f10b653c/gnocchi.69d2d350-9221-4230-9161-e63c7a424f29/none_v3" "tx4f146672e6f84447b4914-00699c0e67" "proxy-server 20" 0.0144 "-" 21 0
Feb 23 08:23:03 np0005626461 proxy-server[122398]: 172.18.0.105 172.18.0.104 23/Feb/2026/08/23/03 PUT /v1/AUTH_d351b5d019cd497ab1d84160f10b653c/gnocchi.69d2d350-9221-4230-9161-e63c7a424f29/none_v3 HTTP/1.0 201 - python-swiftclient-3.11.1 gAAAAABpnA4o6Gk-... 22 - - tx4f146672e6f84447b4914-00699c0e67 - 0.0302 - - 1771834983.798479795 1771834983.828642845 0
Feb 23 08:23:03 np0005626461 container-server[120529]: 172.20.0.103 - - [23/Feb/2026:08:23:03 +0000] "HEAD /d1/618/AUTH_d351b5d019cd497ab1d84160f10b653c/gnocchi.222d0e86-652d-4feb-b78c-d17d1d5c9c62" 404 - "HEAD http://172.18.0.134:8080/v1/AUTH_d351b5d019cd497ab1d84160f10b653c/gnocchi.222d0e86-652d-4feb-b78c-d17d1d5c9c62?format=json&states=listing" "tx100e2d1a01944af29d63f-00699c0e67" "proxy-server 20" 0.0007 "-" 17 0
Feb 23 08:23:03 np0005626461 object-server[120970]: 172.20.0.103 - - [23/Feb/2026:08:23:03 +0000] "GET /d1/636/AUTH_d351b5d019cd497ab1d84160f10b653c/gnocchi.222d0e86-652d-4feb-b78c-d17d1d5c9c62/none_v3" 404 70 "GET http://172.18.0.134:8080/v1/AUTH_d351b5d019cd497ab1d84160f10b653c/gnocchi.222d0e86-652d-4feb-b78c-d17d1d5c9c62/none_v3" "tx100e2d1a01944af29d63f-00699c0e67" "proxy-server 20" 0.0007 "-" 22 0
Feb 23 08:23:03 np0005626461 account-server[120394]: 172.20.0.103 - - [23/Feb/2026:08:23:03 +0000] "PUT /d1/979/AUTH_d351b5d019cd497ab1d84160f10b653c/gnocchi.222d0e86-652d-4feb-b78c-d17d1d5c9c62" 201 - "PUT http://172.20.0.103:6001/d1/618/AUTH_d351b5d019cd497ab1d84160f10b653c/gnocchi.222d0e86-652d-4feb-b78c-d17d1d5c9c62" "txe1a34d2ef0ee499fb07f2-00699c0e67" "container-server 20" 0.0062 "-" 16 0
Feb 23 08:23:03 np0005626461 container-server[120529]: 172.20.0.104 - - [23/Feb/2026:08:23:03 +0000] "PUT /d1/618/AUTH_d351b5d019cd497ab1d84160f10b653c/gnocchi.222d0e86-652d-4feb-b78c-d17d1d5c9c62" 201 - "PUT http://172.18.0.134:8080/v1/AUTH_d351b5d019cd497ab1d84160f10b653c/gnocchi.222d0e86-652d-4feb-b78c-d17d1d5c9c62" "txe1a34d2ef0ee499fb07f2-00699c0e67" "proxy-server 20" 0.0232 "-" 17 0
Feb 23 08:23:03 np0005626461 container-server[120519]: 172.20.0.105 - - [23/Feb/2026:08:23:03 +0000] "HEAD /d1/618/AUTH_d351b5d019cd497ab1d84160f10b653c/gnocchi.222d0e86-652d-4feb-b78c-d17d1d5c9c62" 204 - "HEAD http://172.18.0.134:8080/v1/AUTH_d351b5d019cd497ab1d84160f10b653c/gnocchi.222d0e86-652d-4feb-b78c-d17d1d5c9c62?format=json&states=listing" "txa8781f7a287840989e22d-00699c0e67" "proxy-server 20" 0.0023 "-" 15 0
Feb 23 08:23:03 np0005626461 proxy-server[122398]: - - 23/Feb/2026/08/23/03 HEAD /v1/AUTH_d351b5d019cd497ab1d84160f10b653c/gnocchi.222d0e86-652d-4feb-b78c-d17d1d5c9c62%3Fformat%3Djson%26states%3Dlisting HTTP/1.0 204 - Swift - - - - txa8781f7a287840989e22d-00699c0e67 - 0.0085 RL - 1771834983.927909851 1771834983.936360359 0
Feb 23 08:23:03 np0005626461 proxy-server[122398]: 172.18.0.105 172.18.0.104 23/Feb/2026/08/23/03 GET /v1/AUTH_d351b5d019cd497ab1d84160f10b653c/gnocchi.222d0e86-652d-4feb-b78c-d17d1d5c9c62%3Fformat%3Djson%26states%3Dlisting HTTP/1.0 200 - python-swiftclient-3.11.1 gAAAAABpnA4o6Gk-... - 2 - txa8781f7a287840989e22d-00699c0e67 - 0.0268 - - 1771834983.925133705 1771834983.951968193 0
Feb 23 08:23:03 np0005626461 object-server[120975]: 172.20.0.103 - - [23/Feb/2026:08:23:03 +0000] "GET /d1/106/AUTH_d351b5d019cd497ab1d84160f10b653c/gnocchi.222d0e86-652d-4feb-b78c-d17d1d5c9c62/1771200000.0_mean_300.0_v3" 404 70 "GET http://172.18.0.134:8080/v1/AUTH_d351b5d019cd497ab1d84160f10b653c/gnocchi.222d0e86-652d-4feb-b78c-d17d1d5c9c62/1771200000.0_mean_300.0_v3" "tx15e9db1f54804208be7f8-00699c0e67" "proxy-server 20" 0.0008 "-" 24 0
Feb 23 08:23:04 np0005626461 container-server[120519]: 172.20.0.103 - - [23/Feb/2026:08:23:04 +0000] "PUT /d1/618/AUTH_d351b5d019cd497ab1d84160f10b653c/gnocchi.222d0e86-652d-4feb-b78c-d17d1d5c9c62/1771200000.0_mean_300.0_v3" 201 - "PUT http://172.18.0.134:8080/d1/106/AUTH_d351b5d019cd497ab1d84160f10b653c/gnocchi.222d0e86-652d-4feb-b78c-d17d1d5c9c62/1771200000.0_mean_300.0_v3" "tx4a1b673b568943458059e-00699c0e67" "object-server 22" 0.0009 "-" 15 0
Feb 23 08:23:04 np0005626461 object-server[120975]: 172.20.0.104 - - [23/Feb/2026:08:23:04 +0000] "PUT /d1/106/AUTH_d351b5d019cd497ab1d84160f10b653c/gnocchi.222d0e86-652d-4feb-b78c-d17d1d5c9c62/1771200000.0_mean_300.0_v3" 201 - "PUT http://172.18.0.134:8080/v1/AUTH_d351b5d019cd497ab1d84160f10b653c/gnocchi.222d0e86-652d-4feb-b78c-d17d1d5c9c62/1771200000.0_mean_300.0_v3" "tx4a1b673b568943458059e-00699c0e67" "proxy-server 20" 0.0221 "-" 24 0
Feb 23 08:23:04 np0005626461 container-server[120529]: 172.20.0.103 - - [23/Feb/2026:08:23:04 +0000] "PUT /d1/618/AUTH_d351b5d019cd497ab1d84160f10b653c/gnocchi.222d0e86-652d-4feb-b78c-d17d1d5c9c62/none_v3" 201 - "PUT http://172.18.0.134:8080/d1/636/AUTH_d351b5d019cd497ab1d84160f10b653c/gnocchi.222d0e86-652d-4feb-b78c-d17d1d5c9c62/none_v3" "tx01c9798e6f9343f5abeab-00699c0e68" "object-server 25" 0.0008 "-" 17 0
Feb 23 08:23:04 np0005626461 object-server[120975]: 172.20.0.105 - - [23/Feb/2026:08:23:04 +0000] "PUT /d1/636/AUTH_d351b5d019cd497ab1d84160f10b653c/gnocchi.222d0e86-652d-4feb-b78c-d17d1d5c9c62/none_v3" 201 - "PUT http://172.18.0.134:8080/v1/AUTH_d351b5d019cd497ab1d84160f10b653c/gnocchi.222d0e86-652d-4feb-b78c-d17d1d5c9c62/none_v3" "tx01c9798e6f9343f5abeab-00699c0e68" "proxy-server 20" 0.0140 "-" 24 0
Feb 23 08:23:04 np0005626461 proxy-server[122398]: 172.18.0.105 172.18.0.104 23/Feb/2026/08/23/04 PUT /v1/AUTH_d351b5d019cd497ab1d84160f10b653c/gnocchi.222d0e86-652d-4feb-b78c-d17d1d5c9c62/none_v3 HTTP/1.0 201 - python-swiftclient-3.11.1 gAAAAABpnA4o6Gk-... 22 - - tx01c9798e6f9343f5abeab-00699c0e68 - 0.0316 - - 1771834984.026280165 1771834984.057837248 0
Feb 23 08:23:08 np0005626461 object-server[120701]: Starting object replication pass.
Feb 23 08:23:08 np0005626461 object-server[120701]: 6/6 (100.00%) partitions replicated in 0.07s (88.35/sec, 0s remaining)
Feb 23 08:23:08 np0005626461 object-server[120701]: 12 successes, 0 failures
Feb 23 08:23:08 np0005626461 object-server[120701]: 6 suffixes checked - 0.00% hashed, 0.00% synced
Feb 23 08:23:08 np0005626461 object-server[120701]: Partition times: max 0.0145s, min 0.0082s, med 0.0107s
Feb 23 08:23:08 np0005626461 object-server[120701]: Object replication complete. (0.00 minutes)
Feb 23 08:23:10 np0005626461 object-server[211260]: Begin object audit "forever" mode (ALL)
Feb 23 08:23:10 np0005626461 object-server[211259]: Begin object audit "forever" mode (ZBF)
Feb 23 08:23:10 np0005626461 object-server[211259]: Object audit (ZBF). Since Mon Feb 23 08:23:10 2026: Locally: 1 passed, 0 quarantined, 0 errors, files/sec: 420.10, bytes/sec: 0.00, Total time: 0.00, Auditing time: 0.00, Rate: 0.00
Feb 23 08:23:10 np0005626461 object-server[211260]: Object audit (ALL). Since Mon Feb 23 08:23:10 2026: Locally: 1 passed, 0 quarantined, 0 errors, files/sec: 108.49, bytes/sec: 1735.78, Total time: 0.01, Auditing time: 0.00, Rate: 0.00
Feb 23 08:23:10 np0005626461 object-server[211259]: Object audit (ZBF) "forever" mode completed: 0.08s. Total quarantined: 0, Total errors: 0, Total files/sec: 71.03, Total bytes/sec: 0.00, Auditing time: 0.08, Rate: 0.94
Feb 23 08:23:10 np0005626461 account-server[120392]: 172.20.0.104 - - [23/Feb/2026:08:23:10 +0000] "PUT /d1/979/AUTH_d351b5d019cd497ab1d84160f10b653c/gnocchi.69d2d350-9221-4230-9161-e63c7a424f29" 201 - "-" "-" "container-updater 2" 0.0009 "-" 15 0
Feb 23 08:23:10 np0005626461 account-server[120392]: 172.20.0.104 - - [23/Feb/2026:08:23:10 +0000] "PUT /d1/979/AUTH_d351b5d019cd497ab1d84160f10b653c/gnocchi.5eed7344-1baa-4108-b5cd-7766867b85df" 201 - "-" "-" "container-updater 2" 0.0006 "-" 15 0
Feb 23 08:23:10 np0005626461 object-server[211260]: Object audit (ALL) "forever" mode completed: 0.21s. Total quarantined: 0, Total errors: 0, Total files/sec: 28.37, Total bytes/sec: 586.36, Auditing time: 0.21, Rate: 0.98
Feb 23 08:23:10 np0005626461 account-server[120403]: 172.20.0.104 - - [23/Feb/2026:08:23:10 +0000] "PUT /d1/979/AUTH_d351b5d019cd497ab1d84160f10b653c/gnocchi.222d0e86-652d-4feb-b78c-d17d1d5c9c62" 201 - "-" "-" "container-updater 2" 0.0006 "-" 17 0
Feb 23 08:23:13 np0005626461 container-server[120525]: 172.20.0.103 - - [23/Feb/2026:08:23:13 +0000] "HEAD /d1/223/AUTH_d351b5d019cd497ab1d84160f10b653c/gnocchi.08d5a395-fac8-4028-b76f-2d40a0ad1549" 404 - "HEAD http://172.18.0.134:8080/v1/AUTH_d351b5d019cd497ab1d84160f10b653c/gnocchi.08d5a395-fac8-4028-b76f-2d40a0ad1549?format=json&states=listing" "tx2eff3885631346139c5b8-00699c0e71" "proxy-server 20" 0.0025 "-" 16 0
Feb 23 08:23:13 np0005626461 account-server[120391]: 172.20.0.104 - - [23/Feb/2026:08:23:13 +0000] "HEAD /d1/185/.expiring_objects" 404 - "HEAD http://localhost/v1/.expiring_objects?format=json" "tx0a450ab70c3b451d9db1e-00699c0e71" "proxy-server 2" 0.0006 "-" 14 -
Feb 23 08:23:13 np0005626461 object-server[120975]: 172.20.0.103 - - [23/Feb/2026:08:23:13 +0000] "GET /d1/629/AUTH_d351b5d019cd497ab1d84160f10b653c/gnocchi.08d5a395-fac8-4028-b76f-2d40a0ad1549/none_v3" 404 70 "GET http://172.18.0.134:8080/v1/AUTH_d351b5d019cd497ab1d84160f10b653c/gnocchi.08d5a395-fac8-4028-b76f-2d40a0ad1549/none_v3" "tx2eff3885631346139c5b8-00699c0e71" "proxy-server 20" 0.0012 "-" 24 0
Feb 23 08:23:13 np0005626461 container-server[120513]: 172.20.0.104 - - [23/Feb/2026:08:23:13 +0000] "PUT /d1/223/AUTH_d351b5d019cd497ab1d84160f10b653c/gnocchi.08d5a395-fac8-4028-b76f-2d40a0ad1549" 201 - "PUT http://172.18.0.134:8080/v1/AUTH_d351b5d019cd497ab1d84160f10b653c/gnocchi.08d5a395-fac8-4028-b76f-2d40a0ad1549" "tx766134ce5469435aab50d-00699c0e71" "proxy-server 20" 0.0219 "-" 14 0
Feb 23 08:23:13 np0005626461 account-server[120403]: 172.20.0.103 - - [23/Feb/2026:08:23:13 +0000] "PUT /d1/979/AUTH_d351b5d019cd497ab1d84160f10b653c/gnocchi.08d5a395-fac8-4028-b76f-2d40a0ad1549" 201 - "PUT http://172.20.0.103:6001/d1/223/AUTH_d351b5d019cd497ab1d84160f10b653c/gnocchi.08d5a395-fac8-4028-b76f-2d40a0ad1549" "tx766134ce5469435aab50d-00699c0e71" "container-server 22" 0.0080 "-" 17 0
Feb 23 08:23:13 np0005626461 container-server[120529]: 172.20.0.105 - - [23/Feb/2026:08:23:13 +0000] "HEAD /d1/223/AUTH_d351b5d019cd497ab1d84160f10b653c/gnocchi.08d5a395-fac8-4028-b76f-2d40a0ad1549" 204 - "HEAD http://172.18.0.134:8080/v1/AUTH_d351b5d019cd497ab1d84160f10b653c/gnocchi.08d5a395-fac8-4028-b76f-2d40a0ad1549?format=json&states=listing" "tx02a2aaa994d745838c0ec-00699c0e71" "proxy-server 20" 0.0026 "-" 17 0
Feb 23 08:23:13 np0005626461 proxy-server[122398]: - - 23/Feb/2026/08/23/13 HEAD /v1/AUTH_d351b5d019cd497ab1d84160f10b653c/gnocchi.08d5a395-fac8-4028-b76f-2d40a0ad1549%3Fformat%3Djson%26states%3Dlisting HTTP/1.0 204 - Swift - - - - tx02a2aaa994d745838c0ec-00699c0e71 - 0.0088 RL - 1771834993.573427439 1771834993.582197905 0
Feb 23 08:23:13 np0005626461 proxy-server[122398]: 172.18.0.105 172.18.0.104 23/Feb/2026/08/23/13 GET /v1/AUTH_d351b5d019cd497ab1d84160f10b653c/gnocchi.08d5a395-fac8-4028-b76f-2d40a0ad1549%3Fformat%3Djson%26states%3Dlisting HTTP/1.0 200 - python-swiftclient-3.11.1 gAAAAABpnA4o6Gk-... - 2 - tx02a2aaa994d745838c0ec-00699c0e71 - 0.0293 - - 1771834993.569672346 1771834993.598935127 0
Feb 23 08:23:13 np0005626461 object-server[120970]: 172.20.0.103 - - [23/Feb/2026:08:23:13 +0000] "GET /d1/775/AUTH_d351b5d019cd497ab1d84160f10b653c/gnocchi.08d5a395-fac8-4028-b76f-2d40a0ad1549/1771200000.0_mean_300.0_v3" 404 70 "GET http://172.18.0.134:8080/v1/AUTH_d351b5d019cd497ab1d84160f10b653c/gnocchi.08d5a395-fac8-4028-b76f-2d40a0ad1549/1771200000.0_mean_300.0_v3" "tx1158eef747f54c18a6262-00699c0e71" "proxy-server 20" 0.0006 "-" 22 0
Feb 23 08:23:13 np0005626461 object-server[120975]: 172.20.0.104 - - [23/Feb/2026:08:23:13 +0000] "PUT /d1/775/AUTH_d351b5d019cd497ab1d84160f10b653c/gnocchi.08d5a395-fac8-4028-b76f-2d40a0ad1549/1771200000.0_mean_300.0_v3" 201 - "PUT http://172.18.0.134:8080/v1/AUTH_d351b5d019cd497ab1d84160f10b653c/gnocchi.08d5a395-fac8-4028-b76f-2d40a0ad1549/1771200000.0_mean_300.0_v3" "txffea28ef76fd49b987418-00699c0e71" "proxy-server 20" 0.0149 "-" 24 0
Feb 23 08:23:13 np0005626461 container-server[120519]: 172.20.0.103 - - [23/Feb/2026:08:23:13 +0000] "PUT /d1/223/AUTH_d351b5d019cd497ab1d84160f10b653c/gnocchi.08d5a395-fac8-4028-b76f-2d40a0ad1549/1771200000.0_mean_300.0_v3" 201 - "PUT http://172.18.0.134:8080/d1/775/AUTH_d351b5d019cd497ab1d84160f10b653c/gnocchi.08d5a395-fac8-4028-b76f-2d40a0ad1549/1771200000.0_mean_300.0_v3" "txffea28ef76fd49b987418-00699c0e71" "object-server 25" 0.0012 "-" 15 0
Feb 23 08:23:13 np0005626461 container-server[120529]: 172.20.0.105 - - [23/Feb/2026:08:23:13 +0000] "PUT /d1/223/AUTH_d351b5d019cd497ab1d84160f10b653c/gnocchi.08d5a395-fac8-4028-b76f-2d40a0ad1549/none_v3" 201 - "PUT http://172.18.0.134:8080/d1/629/AUTH_d351b5d019cd497ab1d84160f10b653c/gnocchi.08d5a395-fac8-4028-b76f-2d40a0ad1549/none_v3" "txc2f56ecbdc194808ad35f-00699c0e71" "object-server 22" 0.0009 "-" 17 0
Feb 23 08:23:13 np0005626461 object-server[120970]: 172.20.0.105 - - [23/Feb/2026:08:23:13 +0000] "PUT /d1/629/AUTH_d351b5d019cd497ab1d84160f10b653c/gnocchi.08d5a395-fac8-4028-b76f-2d40a0ad1549/none_v3" 201 - "PUT http://172.18.0.134:8080/v1/AUTH_d351b5d019cd497ab1d84160f10b653c/gnocchi.08d5a395-fac8-4028-b76f-2d40a0ad1549/none_v3" "txc2f56ecbdc194808ad35f-00699c0e71" "proxy-server 20" 0.0110 "-" 22 0
Feb 23 08:23:13 np0005626461 proxy-server[122398]: 172.18.0.105 172.18.0.104 23/Feb/2026/08/23/13 PUT /v1/AUTH_d351b5d019cd497ab1d84160f10b653c/gnocchi.08d5a395-fac8-4028-b76f-2d40a0ad1549/none_v3 HTTP/1.0 201 - python-swiftclient-3.11.1 gAAAAABpnA4o6Gk-... 22 - - txc2f56ecbdc194808ad35f-00699c0e71 - 0.0282 - - 1771834993.683727503 1771834993.711888075 0
Feb 23 08:23:13 np0005626461 container-server[120519]: 172.20.0.103 - - [23/Feb/2026:08:23:13 +0000] "HEAD /d1/164/AUTH_d351b5d019cd497ab1d84160f10b653c/gnocchi.c089f97e-e091-405f-8302-e66fcd0b069d" 404 - "HEAD http://172.18.0.134:8080/v1/AUTH_d351b5d019cd497ab1d84160f10b653c/gnocchi.c089f97e-e091-405f-8302-e66fcd0b069d?format=json&states=listing" "txb9ce1187e05642cf9e8cc-00699c0e71" "proxy-server 20" 0.0005 "-" 15 0
Feb 23 08:23:13 np0005626461 object-server[120975]: 172.20.0.103 - - [23/Feb/2026:08:23:13 +0000] "GET /d1/928/AUTH_d351b5d019cd497ab1d84160f10b653c/gnocchi.c089f97e-e091-405f-8302-e66fcd0b069d/none_v3" 404 70 "GET http://172.18.0.134:8080/v1/AUTH_d351b5d019cd497ab1d84160f10b653c/gnocchi.c089f97e-e091-405f-8302-e66fcd0b069d/none_v3" "txb9ce1187e05642cf9e8cc-00699c0e71" "proxy-server 20" 0.0006 "-" 24 0
Feb 23 08:23:13 np0005626461 account-server[120394]: 172.20.0.105 - - [23/Feb/2026:08:23:13 +0000] "PUT /d1/979/AUTH_d351b5d019cd497ab1d84160f10b653c/gnocchi.c089f97e-e091-405f-8302-e66fcd0b069d" 201 - "PUT http://172.20.0.105:6001/d1/164/AUTH_d351b5d019cd497ab1d84160f10b653c/gnocchi.c089f97e-e091-405f-8302-e66fcd0b069d" "txc5d89fc2dd2645ed954aa-00699c0e71" "container-server 14" 0.0087 "-" 16 0
Feb 23 08:23:13 np0005626461 container-server[120513]: 172.20.0.104 - - [23/Feb/2026:08:23:13 +0000] "PUT /d1/164/AUTH_d351b5d019cd497ab1d84160f10b653c/gnocchi.c089f97e-e091-405f-8302-e66fcd0b069d" 201 - "PUT http://172.18.0.134:8080/v1/AUTH_d351b5d019cd497ab1d84160f10b653c/gnocchi.c089f97e-e091-405f-8302-e66fcd0b069d" "txc5d89fc2dd2645ed954aa-00699c0e71" "proxy-server 20" 0.0274 "-" 14 0
Feb 23 08:23:13 np0005626461 proxy-server[122398]: - - 23/Feb/2026/08/23/13 HEAD /v1/AUTH_d351b5d019cd497ab1d84160f10b653c/gnocchi.c089f97e-e091-405f-8302-e66fcd0b069d%3Fformat%3Djson%26states%3Dlisting HTTP/1.0 204 - Swift - - - - txcab7c712b90d4c4ca834c-00699c0e71 - 0.0073 RL - 1771834993.814377069 1771834993.821707726 0
Feb 23 08:23:13 np0005626461 proxy-server[122398]: 172.18.0.105 172.18.0.104 23/Feb/2026/08/23/13 GET /v1/AUTH_d351b5d019cd497ab1d84160f10b653c/gnocchi.c089f97e-e091-405f-8302-e66fcd0b069d%3Fformat%3Djson%26states%3Dlisting HTTP/1.0 200 - python-swiftclient-3.11.1 gAAAAABpnA4o6Gk-... - 2 - txcab7c712b90d4c4ca834c-00699c0e71 - 0.0225 - - 1771834993.811729193 1771834993.834180593 0
Feb 23 08:23:13 np0005626461 object-server[120981]: 172.20.0.103 - - [23/Feb/2026:08:23:13 +0000] "GET /d1/280/AUTH_d351b5d019cd497ab1d84160f10b653c/gnocchi.c089f97e-e091-405f-8302-e66fcd0b069d/1771200000.0_mean_300.0_v3" 404 70 "GET http://172.18.0.134:8080/v1/AUTH_d351b5d019cd497ab1d84160f10b653c/gnocchi.c089f97e-e091-405f-8302-e66fcd0b069d/1771200000.0_mean_300.0_v3" "txfbd98d6d52bb442caeb78-00699c0e71" "proxy-server 20" 0.0006 "-" 25 0
Feb 23 08:23:13 np0005626461 container-server[120529]: 172.20.0.105 - - [23/Feb/2026:08:23:13 +0000] "PUT /d1/164/AUTH_d351b5d019cd497ab1d84160f10b653c/gnocchi.c089f97e-e091-405f-8302-e66fcd0b069d/1771200000.0_mean_300.0_v3" 201 - "PUT http://172.18.0.134:8080/d1/280/AUTH_d351b5d019cd497ab1d84160f10b653c/gnocchi.c089f97e-e091-405f-8302-e66fcd0b069d/1771200000.0_mean_300.0_v3" "txde669f5f912b4f58883f2-00699c0e71" "object-server 21" 0.0013 "-" 17 0
Feb 23 08:23:13 np0005626461 object-server[120955]: 172.20.0.105 - - [23/Feb/2026:08:23:13 +0000] "PUT /d1/280/AUTH_d351b5d019cd497ab1d84160f10b653c/gnocchi.c089f97e-e091-405f-8302-e66fcd0b069d/1771200000.0_mean_300.0_v3" 201 - "PUT http://172.18.0.134:8080/v1/AUTH_d351b5d019cd497ab1d84160f10b653c/gnocchi.c089f97e-e091-405f-8302-e66fcd0b069d/1771200000.0_mean_300.0_v3" "txde669f5f912b4f58883f2-00699c0e71" "proxy-server 20" 0.0495 "-" 21 0
Feb 23 08:23:13 np0005626461 proxy-server[122398]: 172.18.0.105 172.18.0.104 23/Feb/2026/08/23/13 PUT /v1/AUTH_d351b5d019cd497ab1d84160f10b653c/gnocchi.c089f97e-e091-405f-8302-e66fcd0b069d/1771200000.0_mean_300.0_v3 HTTP/1.0 201 - python-swiftclient-3.11.1 gAAAAABpnA4o6Gk-... 16 - - txde669f5f912b4f58883f2-00699c0e71 - 0.0628 - - 1771834993.867601871 1771834993.930446148 0
Feb 23 08:23:13 np0005626461 object-server[120975]: 172.20.0.103 - - [23/Feb/2026:08:23:13 +0000] "PUT /d1/928/AUTH_d351b5d019cd497ab1d84160f10b653c/gnocchi.c089f97e-e091-405f-8302-e66fcd0b069d/none_v3" 201 - "PUT http://172.18.0.134:8080/v1/AUTH_d351b5d019cd497ab1d84160f10b653c/gnocchi.c089f97e-e091-405f-8302-e66fcd0b069d/none_v3" "txfad129133f644715a2532-00699c0e71" "proxy-server 20" 0.0183 "-" 24 0
Feb 23 08:23:13 np0005626461 container-server[120529]: 172.20.0.103 - - [23/Feb/2026:08:23:13 +0000] "PUT /d1/164/AUTH_d351b5d019cd497ab1d84160f10b653c/gnocchi.c089f97e-e091-405f-8302-e66fcd0b069d/none_v3" 201 - "PUT http://172.18.0.134:8080/d1/928/AUTH_d351b5d019cd497ab1d84160f10b653c/gnocchi.c089f97e-e091-405f-8302-e66fcd0b069d/none_v3" "txfad129133f644715a2532-00699c0e71" "object-server 22" 0.0008 "-" 17 0
Feb 23 08:23:13 np0005626461 container-server[120519]: 172.20.0.103 - - [23/Feb/2026:08:23:13 +0000] "HEAD /d1/945/AUTH_d351b5d019cd497ab1d84160f10b653c/gnocchi.dfea0713-920c-4e14-bed3-3f08daee5fc5" 404 - "HEAD http://172.18.0.134:8080/v1/AUTH_d351b5d019cd497ab1d84160f10b653c/gnocchi.dfea0713-920c-4e14-bed3-3f08daee5fc5?format=json&states=listing" "tx07667939f5734e3c80685-00699c0e71" "proxy-server 20" 0.0006 "-" 15 0
Feb 23 08:23:14 np0005626461 object-server[120981]: 172.20.0.103 - - [23/Feb/2026:08:23:14 +0000] "GET /d1/488/AUTH_d351b5d019cd497ab1d84160f10b653c/gnocchi.dfea0713-920c-4e14-bed3-3f08daee5fc5/none_v3" 404 70 "GET http://172.18.0.134:8080/v1/AUTH_d351b5d019cd497ab1d84160f10b653c/gnocchi.dfea0713-920c-4e14-bed3-3f08daee5fc5/none_v3" "tx07667939f5734e3c80685-00699c0e71" "proxy-server 20" 0.0005 "-" 25 0
Feb 23 08:23:14 np0005626461 account-server[120403]: 172.20.0.105 - - [23/Feb/2026:08:23:14 +0000] "PUT /d1/979/AUTH_d351b5d019cd497ab1d84160f10b653c/gnocchi.dfea0713-920c-4e14-bed3-3f08daee5fc5" 201 - "PUT http://172.20.0.105:6001/d1/945/AUTH_d351b5d019cd497ab1d84160f10b653c/gnocchi.dfea0713-920c-4e14-bed3-3f08daee5fc5" "tx13abf3448218404b9fb90-00699c0e72" "container-server 15" 0.0062 "-" 17 0
Feb 23 08:23:14 np0005626461 container-server[120519]: 172.20.0.103 - - [23/Feb/2026:08:23:14 +0000] "PUT /d1/945/AUTH_d351b5d019cd497ab1d84160f10b653c/gnocchi.dfea0713-920c-4e14-bed3-3f08daee5fc5" 201 - "PUT http://172.18.0.134:8080/v1/AUTH_d351b5d019cd497ab1d84160f10b653c/gnocchi.dfea0713-920c-4e14-bed3-3f08daee5fc5" "tx13abf3448218404b9fb90-00699c0e72" "proxy-server 20" 0.0226 "-" 15 0
Feb 23 08:23:14 np0005626461 container-server[120525]: 172.20.0.103 - - [23/Feb/2026:08:23:14 +0000] "HEAD /d1/945/AUTH_d351b5d019cd497ab1d84160f10b653c/gnocchi.dfea0713-920c-4e14-bed3-3f08daee5fc5" 204 - "HEAD http://172.18.0.134:8080/v1/AUTH_d351b5d019cd497ab1d84160f10b653c/gnocchi.dfea0713-920c-4e14-bed3-3f08daee5fc5?format=json&states=listing" "tx975ba0f1c67b442eabb24-00699c0e72" "proxy-server 20" 0.0043 "-" 16 0
Feb 23 08:23:14 np0005626461 object-server[120970]: 172.20.0.103 - - [23/Feb/2026:08:23:14 +0000] "GET /d1/779/AUTH_d351b5d019cd497ab1d84160f10b653c/gnocchi.dfea0713-920c-4e14-bed3-3f08daee5fc5/1771200000.0_mean_300.0_v3" 404 70 "GET http://172.18.0.134:8080/v1/AUTH_d351b5d019cd497ab1d84160f10b653c/gnocchi.dfea0713-920c-4e14-bed3-3f08daee5fc5/1771200000.0_mean_300.0_v3" "txb993d331bc3d4b94806ef-00699c0e72" "proxy-server 20" 0.0005 "-" 22 0
Feb 23 08:23:14 np0005626461 container-server[120529]: 172.20.0.104 - - [23/Feb/2026:08:23:14 +0000] "PUT /d1/945/AUTH_d351b5d019cd497ab1d84160f10b653c/gnocchi.dfea0713-920c-4e14-bed3-3f08daee5fc5/1771200000.0_mean_300.0_v3" 201 - "PUT http://172.18.0.134:8080/d1/779/AUTH_d351b5d019cd497ab1d84160f10b653c/gnocchi.dfea0713-920c-4e14-bed3-3f08daee5fc5/1771200000.0_mean_300.0_v3" "tx9216bc9018e44a19959ba-00699c0e72" "object-server 23" 0.0014 "-" 17 0
Feb 23 08:23:14 np0005626461 object-server[120955]: 172.20.0.103 - - [23/Feb/2026:08:23:14 +0000] "PUT /d1/779/AUTH_d351b5d019cd497ab1d84160f10b653c/gnocchi.dfea0713-920c-4e14-bed3-3f08daee5fc5/1771200000.0_mean_300.0_v3" 201 - "PUT http://172.18.0.134:8080/v1/AUTH_d351b5d019cd497ab1d84160f10b653c/gnocchi.dfea0713-920c-4e14-bed3-3f08daee5fc5/1771200000.0_mean_300.0_v3" "tx9216bc9018e44a19959ba-00699c0e72" "proxy-server 20" 0.0190 "-" 21 0
Feb 23 08:23:14 np0005626461 container-server[120513]: 172.20.0.103 - - [23/Feb/2026:08:23:14 +0000] "PUT /d1/945/AUTH_d351b5d019cd497ab1d84160f10b653c/gnocchi.dfea0713-920c-4e14-bed3-3f08daee5fc5/none_v3" 201 - "PUT http://172.18.0.134:8080/d1/488/AUTH_d351b5d019cd497ab1d84160f10b653c/gnocchi.dfea0713-920c-4e14-bed3-3f08daee5fc5/none_v3" "txc0a4cdf5a53645aeb064c-00699c0e72" "object-server 25" 0.0009 "-" 14 0
Feb 23 08:23:14 np0005626461 object-server[120970]: 172.20.0.103 - - [23/Feb/2026:08:23:14 +0000] "PUT /d1/488/AUTH_d351b5d019cd497ab1d84160f10b653c/gnocchi.dfea0713-920c-4e14-bed3-3f08daee5fc5/none_v3" 201 - "PUT http://172.18.0.134:8080/v1/AUTH_d351b5d019cd497ab1d84160f10b653c/gnocchi.dfea0713-920c-4e14-bed3-3f08daee5fc5/none_v3" "txc0a4cdf5a53645aeb064c-00699c0e72" "proxy-server 20" 0.0121 "-" 22 0
Feb 23 08:23:14 np0005626461 container-server[120525]: 172.20.0.104 - - [23/Feb/2026:08:23:14 +0000] "HEAD /d1/791/AUTH_d351b5d019cd497ab1d84160f10b653c/gnocchi.02ad80ff-06f3-4c63-9576-128a218cdeb0" 404 - "HEAD http://172.18.0.134:8080/v1/AUTH_d351b5d019cd497ab1d84160f10b653c/gnocchi.02ad80ff-06f3-4c63-9576-128a218cdeb0?format=json&states=listing" "tx1eaeba929cb042f88efd3-00699c0e71" "proxy-server 20" 0.0006 "-" 16 0
Feb 23 08:23:14 np0005626461 object-server[120975]: 172.20.0.104 - - [23/Feb/2026:08:23:14 +0000] "GET /d1/46/AUTH_d351b5d019cd497ab1d84160f10b653c/gnocchi.02ad80ff-06f3-4c63-9576-128a218cdeb0/none_v3" 404 70 "GET http://172.18.0.134:8080/v1/AUTH_d351b5d019cd497ab1d84160f10b653c/gnocchi.02ad80ff-06f3-4c63-9576-128a218cdeb0/none_v3" "tx1eaeba929cb042f88efd3-00699c0e71" "proxy-server 20" 0.0005 "-" 24 0
