Feb 23 08:23:14 np0005626461 account-server[120392]: 172.20.0.104 - - [23/Feb/2026:08:23:14 +0000] "PUT /d1/979/AUTH_d351b5d019cd497ab1d84160f10b653c/gnocchi.02ad80ff-06f3-4c63-9576-128a218cdeb0" 201 - "PUT http://172.20.0.104:6001/d1/791/AUTH_d351b5d019cd497ab1d84160f10b653c/gnocchi.02ad80ff-06f3-4c63-9576-128a218cdeb0" "txc0f0a74edb2d496897979-00699c0e72" "container-server 15" 0.0070 "-" 15 0
Feb 23 08:23:14 np0005626461 container-server[120519]: 172.20.0.103 - - [23/Feb/2026:08:23:14 +0000] "PUT /d1/791/AUTH_d351b5d019cd497ab1d84160f10b653c/gnocchi.02ad80ff-06f3-4c63-9576-128a218cdeb0" 201 - "PUT http://172.18.0.134:8080/v1/AUTH_d351b5d019cd497ab1d84160f10b653c/gnocchi.02ad80ff-06f3-4c63-9576-128a218cdeb0" "txc0f0a74edb2d496897979-00699c0e72" "proxy-server 20" 0.0210 "-" 15 0
Feb 23 08:23:14 np0005626461 object-server[120981]: 172.20.0.103 - - [23/Feb/2026:08:23:14 +0000] "GET /d1/689/AUTH_d351b5d019cd497ab1d84160f10b653c/gnocchi.02ad80ff-06f3-4c63-9576-128a218cdeb0/1771200000.0_mean_300.0_v3" 404 70 "GET http://172.18.0.134:8080/v1/AUTH_d351b5d019cd497ab1d84160f10b653c/gnocchi.02ad80ff-06f3-4c63-9576-128a218cdeb0/1771200000.0_mean_300.0_v3" "txe62198328b7d49afa3450-00699c0e72" "proxy-server 20" 0.0006 "-" 25 0
Feb 23 08:23:14 np0005626461 container-server[120525]: 172.20.0.103 - - [23/Feb/2026:08:23:14 +0000] "PUT /d1/791/AUTH_d351b5d019cd497ab1d84160f10b653c/gnocchi.02ad80ff-06f3-4c63-9576-128a218cdeb0/1771200000.0_mean_300.0_v3" 201 - "PUT http://172.18.0.134:8080/d1/689/AUTH_d351b5d019cd497ab1d84160f10b653c/gnocchi.02ad80ff-06f3-4c63-9576-128a218cdeb0/1771200000.0_mean_300.0_v3" "txfe91841110d54a318aa46-00699c0e72" "object-server 22" 0.0011 "-" 16 0
Feb 23 08:23:14 np0005626461 object-server[120970]: 172.20.0.104 - - [23/Feb/2026:08:23:14 +0000] "PUT /d1/689/AUTH_d351b5d019cd497ab1d84160f10b653c/gnocchi.02ad80ff-06f3-4c63-9576-128a218cdeb0/1771200000.0_mean_300.0_v3" 201 - "PUT http://172.18.0.134:8080/v1/AUTH_d351b5d019cd497ab1d84160f10b653c/gnocchi.02ad80ff-06f3-4c63-9576-128a218cdeb0/1771200000.0_mean_300.0_v3" "txfe91841110d54a318aa46-00699c0e72" "proxy-server 20" 0.0143 "-" 22 0
Feb 23 08:23:14 np0005626461 container-server[120519]: 172.20.0.105 - - [23/Feb/2026:08:23:14 +0000] "PUT /d1/791/AUTH_d351b5d019cd497ab1d84160f10b653c/gnocchi.02ad80ff-06f3-4c63-9576-128a218cdeb0/none_v3" 201 - "PUT http://172.18.0.134:8080/d1/46/AUTH_d351b5d019cd497ab1d84160f10b653c/gnocchi.02ad80ff-06f3-4c63-9576-128a218cdeb0/none_v3" "tx858275f3c9494442920a6-00699c0e72" "object-server 22" 0.0007 "-" 15 0
Feb 23 08:23:14 np0005626461 object-server[120970]: 172.20.0.103 - - [23/Feb/2026:08:23:14 +0000] "PUT /d1/46/AUTH_d351b5d019cd497ab1d84160f10b653c/gnocchi.02ad80ff-06f3-4c63-9576-128a218cdeb0/none_v3" 201 - "PUT http://172.18.0.134:8080/v1/AUTH_d351b5d019cd497ab1d84160f10b653c/gnocchi.02ad80ff-06f3-4c63-9576-128a218cdeb0/none_v3" "tx858275f3c9494442920a6-00699c0e72" "proxy-server 20" 0.0128 "-" 22 0
Feb 23 08:23:14 np0005626461 container-server[120513]: 172.20.0.105 - - [23/Feb/2026:08:23:14 +0000] "HEAD /d1/37/AUTH_d351b5d019cd497ab1d84160f10b653c/gnocchi.8a80798a-9adf-47a5-9b75-792205eb526c" 404 - "HEAD http://172.18.0.134:8080/v1/AUTH_d351b5d019cd497ab1d84160f10b653c/gnocchi.8a80798a-9adf-47a5-9b75-792205eb526c?format=json&states=listing" "tx0a71376ef24441a98e5f8-00699c0e71" "proxy-server 20" 0.0009 "-" 14 0
Feb 23 08:23:14 np0005626461 object-server[120970]: 172.20.0.105 - - [23/Feb/2026:08:23:14 +0000] "GET /d1/866/AUTH_d351b5d019cd497ab1d84160f10b653c/gnocchi.8a80798a-9adf-47a5-9b75-792205eb526c/none_v3" 404 70 "GET http://172.18.0.134:8080/v1/AUTH_d351b5d019cd497ab1d84160f10b653c/gnocchi.8a80798a-9adf-47a5-9b75-792205eb526c/none_v3" "tx0a71376ef24441a98e5f8-00699c0e71" "proxy-server 20" 0.0004 "-" 22 0
Feb 23 08:23:14 np0005626461 proxy-server[122398]: 172.18.0.103 172.18.0.104 23/Feb/2026/08/23/14 GET /v1/AUTH_d351b5d019cd497ab1d84160f10b653c/gnocchi.8a80798a-9adf-47a5-9b75-792205eb526c/none_v3 HTTP/1.0 404 - python-swiftclient-3.11.1 gAAAAABpnA5xV5GH... - 70 - tx0a71376ef24441a98e5f8-00699c0e71 - 0.5115 - - 1771834993.942199230 1771834994.453709126 0
Feb 23 08:23:14 np0005626461 account-server[120403]: 172.20.0.105 - - [23/Feb/2026:08:23:14 +0000] "PUT /d1/979/AUTH_d351b5d019cd497ab1d84160f10b653c/gnocchi.8a80798a-9adf-47a5-9b75-792205eb526c" 201 - "PUT http://172.20.0.105:6001/d1/37/AUTH_d351b5d019cd497ab1d84160f10b653c/gnocchi.8a80798a-9adf-47a5-9b75-792205eb526c" "txc91143baa3884d57bc5bd-00699c0e72" "container-server 15" 0.0059 "-" 17 0
Feb 23 08:23:14 np0005626461 container-server[120519]: 172.20.0.104 - - [23/Feb/2026:08:23:14 +0000] "PUT /d1/37/AUTH_d351b5d019cd497ab1d84160f10b653c/gnocchi.8a80798a-9adf-47a5-9b75-792205eb526c" 201 - "PUT http://172.18.0.134:8080/v1/AUTH_d351b5d019cd497ab1d84160f10b653c/gnocchi.8a80798a-9adf-47a5-9b75-792205eb526c" "txc91143baa3884d57bc5bd-00699c0e72" "proxy-server 20" 0.0193 "-" 15 0
Feb 23 08:23:14 np0005626461 container-server[120513]: 172.20.0.103 - - [23/Feb/2026:08:23:14 +0000] "GET /d1/37/AUTH_d351b5d019cd497ab1d84160f10b653c/gnocchi.8a80798a-9adf-47a5-9b75-792205eb526c" 200 2 "GET http://172.18.0.134:8080/v1/AUTH_d351b5d019cd497ab1d84160f10b653c/gnocchi.8a80798a-9adf-47a5-9b75-792205eb526c?format=json&states=listing" "txb8bb1d746282420fa9b8a-00699c0e72" "proxy-server 20" 0.0038 "-" 14 0
Feb 23 08:23:14 np0005626461 object-server[120955]: 172.20.0.105 - - [23/Feb/2026:08:23:14 +0000] "GET /d1/129/AUTH_d351b5d019cd497ab1d84160f10b653c/gnocchi.8a80798a-9adf-47a5-9b75-792205eb526c/1771200000.0_mean_300.0_v3" 404 70 "GET http://172.18.0.134:8080/v1/AUTH_d351b5d019cd497ab1d84160f10b653c/gnocchi.8a80798a-9adf-47a5-9b75-792205eb526c/1771200000.0_mean_300.0_v3" "tx8668d72dfd7846f09f7f2-00699c0e72" "proxy-server 20" 0.0006 "-" 21 0
Feb 23 08:23:14 np0005626461 proxy-server[122398]: 172.18.0.103 172.18.0.104 23/Feb/2026/08/23/14 GET /v1/AUTH_d351b5d019cd497ab1d84160f10b653c/gnocchi.8a80798a-9adf-47a5-9b75-792205eb526c/1771200000.0_mean_300.0_v3 HTTP/1.0 404 - python-swiftclient-3.11.1 gAAAAABpnA5xV5GH... - 70 - tx8668d72dfd7846f09f7f2-00699c0e72 - 0.0214 - - 1771834994.530153751 1771834994.551585197 0
Feb 23 08:23:14 np0005626461 container-server[120513]: 172.20.0.103 - - [23/Feb/2026:08:23:14 +0000] "PUT /d1/37/AUTH_d351b5d019cd497ab1d84160f10b653c/gnocchi.8a80798a-9adf-47a5-9b75-792205eb526c/1771200000.0_mean_300.0_v3" 201 - "PUT http://172.18.0.134:8080/d1/129/AUTH_d351b5d019cd497ab1d84160f10b653c/gnocchi.8a80798a-9adf-47a5-9b75-792205eb526c/1771200000.0_mean_300.0_v3" "tx68fa6c67cb2c46f49c469-00699c0e72" "object-server 22" 0.0007 "-" 14 0
Feb 23 08:23:14 np0005626461 object-server[120975]: 172.20.0.104 - - [23/Feb/2026:08:23:14 +0000] "PUT /d1/129/AUTH_d351b5d019cd497ab1d84160f10b653c/gnocchi.8a80798a-9adf-47a5-9b75-792205eb526c/1771200000.0_mean_300.0_v3" 201 - "PUT http://172.18.0.134:8080/v1/AUTH_d351b5d019cd497ab1d84160f10b653c/gnocchi.8a80798a-9adf-47a5-9b75-792205eb526c/1771200000.0_mean_300.0_v3" "tx68fa6c67cb2c46f49c469-00699c0e72" "proxy-server 20" 0.0184 "-" 24 0
Feb 23 08:23:14 np0005626461 container-server[120525]: 172.20.0.103 - - [23/Feb/2026:08:23:14 +0000] "PUT /d1/37/AUTH_d351b5d019cd497ab1d84160f10b653c/gnocchi.8a80798a-9adf-47a5-9b75-792205eb526c/none_v3" 201 - "PUT http://172.18.0.134:8080/d1/866/AUTH_d351b5d019cd497ab1d84160f10b653c/gnocchi.8a80798a-9adf-47a5-9b75-792205eb526c/none_v3" "txd5621b5f9c804e83bb816-00699c0e72" "object-server 25" 0.0010 "-" 16 0
Feb 23 08:23:14 np0005626461 object-server[120955]: 172.20.0.103 - - [23/Feb/2026:08:23:14 +0000] "PUT /d1/866/AUTH_d351b5d019cd497ab1d84160f10b653c/gnocchi.8a80798a-9adf-47a5-9b75-792205eb526c/none_v3" 201 - "PUT http://172.18.0.134:8080/v1/AUTH_d351b5d019cd497ab1d84160f10b653c/gnocchi.8a80798a-9adf-47a5-9b75-792205eb526c/none_v3" "txd5621b5f9c804e83bb816-00699c0e72" "proxy-server 20" 0.0174 "-" 21 0
Feb 23 08:23:17 np0005626461 container-server[120160]: Beginning replication run
Feb 23 08:23:19 np0005626461 container-server[120160]: Replication run OVER
Feb 23 08:23:19 np0005626461 container-server[120160]: Attempted to replicate 8 dbs in 1.06907 seconds (7.48311/s)
Feb 23 08:23:19 np0005626461 container-server[120160]: Removed 0 dbs
Feb 23 08:23:19 np0005626461 container-server[120160]: 16 successes, 0 failures
Feb 23 08:23:19 np0005626461 container-server[120160]: diff:0 diff_capped:0 empty:0 hashmatch:0 no_change:16 remote_merge:0 rsync:0 ts_repl:0
Feb 23 08:23:27 np0005626461 account-server[120391]: 172.20.0.103 - - [23/Feb/2026:08:23:27 +0000] "PUT /d1/979/AUTH_d351b5d019cd497ab1d84160f10b653c/gnocchi.222d0e86-652d-4feb-b78c-d17d1d5c9c62" 201 - "-" "-" "container-updater 2" 0.0007 "-" 14 0
Feb 23 08:23:27 np0005626461 account-server[120394]: 172.20.0.103 - - [23/Feb/2026:08:23:27 +0000] "PUT /d1/979/AUTH_d351b5d019cd497ab1d84160f10b653c/gnocchi.02ad80ff-06f3-4c63-9576-128a218cdeb0" 201 - "-" "-" "container-updater 2" 0.0007 "-" 16 0
Feb 23 08:23:27 np0005626461 account-server[120394]: 172.20.0.103 - - [23/Feb/2026:08:23:27 +0000] "PUT /d1/979/AUTH_d351b5d019cd497ab1d84160f10b653c/gnocchi.dfea0713-920c-4e14-bed3-3f08daee5fc5" 201 - "-" "-" "container-updater 2" 0.0007 "-" 16 0
Feb 23 08:23:27 np0005626461 account-server[120391]: 172.20.0.103 - - [23/Feb/2026:08:23:27 +0000] "PUT /d1/979/AUTH_d351b5d019cd497ab1d84160f10b653c/gnocchi.69d2d350-9221-4230-9161-e63c7a424f29" 201 - "-" "-" "container-updater 2" 0.0007 "-" 14 0
Feb 23 08:23:27 np0005626461 account-server[120403]: 172.20.0.103 - - [23/Feb/2026:08:23:27 +0000] "PUT /d1/979/AUTH_d351b5d019cd497ab1d84160f10b653c/gnocchi.08d5a395-fac8-4028-b76f-2d40a0ad1549" 201 - "-" "-" "container-updater 2" 0.0007 "-" 17 0
Feb 23 08:23:27 np0005626461 account-server[120403]: 172.20.0.103 - - [23/Feb/2026:08:23:27 +0000] "PUT /d1/979/AUTH_d351b5d019cd497ab1d84160f10b653c/gnocchi.5eed7344-1baa-4108-b5cd-7766867b85df" 201 - "-" "-" "container-updater 2" 0.0006 "-" 17 0
Feb 23 08:23:27 np0005626461 account-server[120394]: 172.20.0.103 - - [23/Feb/2026:08:23:27 +0000] "PUT /d1/979/AUTH_d351b5d019cd497ab1d84160f10b653c/gnocchi.c089f97e-e091-405f-8302-e66fcd0b069d" 201 - "-" "-" "container-updater 2" 0.0007 "-" 16 0
Feb 23 08:23:27 np0005626461 account-server[120403]: 172.20.0.103 - - [23/Feb/2026:08:23:27 +0000] "PUT /d1/979/AUTH_d351b5d019cd497ab1d84160f10b653c/gnocchi.8a80798a-9adf-47a5-9b75-792205eb526c" 201 - "-" "-" "container-updater 2" 0.0007 "-" 17 0
Feb 23 08:23:28 np0005626461 account-server[120392]: 172.20.0.103 - - [23/Feb/2026:08:23:28 +0000] "HEAD /d1/185/.expiring_objects" 404 - "HEAD http://localhost/v1/.expiring_objects?format=json" "tx103665a48ee54a73bee37-00699c0e7f" "proxy-server 2" 0.0003 "-" 15 -
Feb 23 08:23:28 np0005626461 account-server[120092]: Beginning replication run
Feb 23 08:23:28 np0005626461 account-server[120092]: Replication run OVER
Feb 23 08:23:28 np0005626461 account-server[120092]: Attempted to replicate 1 dbs in 0.04924 seconds (20.30900/s)
Feb 23 08:23:28 np0005626461 account-server[120092]: Removed 0 dbs
Feb 23 08:23:28 np0005626461 account-server[120092]: 2 successes, 0 failures
Feb 23 08:23:28 np0005626461 account-server[120092]: diff:0 diff_capped:0 empty:0 hashmatch:0 no_change:2 remote_merge:0 rsync:0 ts_repl:0
Feb 23 08:23:38 np0005626461 object-server[120701]: Starting object replication pass.
Feb 23 08:23:38 np0005626461 object-server[120701]: 16/16 (100.00%) partitions replicated in 0.15s (103.55/sec, 0s remaining)
Feb 23 08:23:38 np0005626461 object-server[120701]: 32 successes, 0 failures
Feb 23 08:23:38 np0005626461 object-server[120701]: 16 suffixes checked - 0.00% hashed, 0.00% synced
Feb 23 08:23:38 np0005626461 object-server[120701]: Partition times: max 0.0116s, min 0.0078s, med 0.0087s
Feb 23 08:23:38 np0005626461 object-server[120701]: Object replication complete. (0.00 minutes)
Feb 23 08:23:40 np0005626461 object-server[211298]: Begin object audit "forever" mode (ZBF)
Feb 23 08:23:40 np0005626461 object-server[211298]: Object audit (ZBF). Since Mon Feb 23 08:23:40 2026: Locally: 1 passed, 0 quarantined, 0 errors, files/sec: 590.41, bytes/sec: 0.00, Total time: 0.00, Auditing time: 0.00, Rate: 0.00
Feb 23 08:23:40 np0005626461 object-server[211298]: Object audit (ZBF) "forever" mode completed: 0.28s. Total quarantined: 0, Total errors: 0, Total files/sec: 56.53, Total bytes/sec: 0.00, Auditing time: 0.28, Rate: 0.98
Feb 23 08:23:47 np0005626461 container-server[120160]: Beginning replication run
Feb 23 08:23:48 np0005626461 container-server[120160]: Replication run OVER
Feb 23 08:23:48 np0005626461 container-server[120160]: Attempted to replicate 8 dbs in 0.15706 seconds (50.93610/s)
Feb 23 08:23:48 np0005626461 container-server[120160]: Removed 0 dbs
Feb 23 08:23:48 np0005626461 container-server[120160]: 16 successes, 0 failures
Feb 23 08:23:48 np0005626461 container-server[120160]: diff:0 diff_capped:0 empty:0 hashmatch:0 no_change:16 remote_merge:0 rsync:0 ts_repl:0
Feb 23 08:23:58 np0005626461 account-server[120092]: Beginning replication run
Feb 23 08:23:58 np0005626461 account-server[120092]: Replication run OVER
Feb 23 08:23:58 np0005626461 account-server[120092]: Attempted to replicate 1 dbs in 0.01727 seconds (57.89366/s)
Feb 23 08:23:58 np0005626461 account-server[120092]: Removed 0 dbs
Feb 23 08:23:58 np0005626461 account-server[120092]: 2 successes, 0 failures
Feb 23 08:23:58 np0005626461 account-server[120092]: diff:0 diff_capped:0 empty:0 hashmatch:0 no_change:2 remote_merge:0 rsync:0 ts_repl:0
Feb 23 08:24:08 np0005626461 object-server[120701]: Starting object replication pass.
Feb 23 08:24:08 np0005626461 object-server[120701]: 16/16 (100.00%) partitions replicated in 0.18s (90.86/sec, 0s remaining)
Feb 23 08:24:08 np0005626461 object-server[120701]: 32 successes, 0 failures
Feb 23 08:24:08 np0005626461 object-server[120701]: 16 suffixes checked - 0.00% hashed, 0.00% synced
Feb 23 08:24:08 np0005626461 object-server[120701]: Partition times: max 0.0310s, min 0.0071s, med 0.0090s
Feb 23 08:24:08 np0005626461 object-server[120701]: Object replication complete. (0.00 minutes)
Feb 23 08:24:10 np0005626461 object-server[217086]: Begin object audit "forever" mode (ZBF)
Feb 23 08:24:10 np0005626461 object-server[217087]: Begin object audit "forever" mode (ALL)
Feb 23 08:24:10 np0005626461 object-server[217086]: Object audit (ZBF). Since Mon Feb 23 08:24:10 2026: Locally: 1 passed, 0 quarantined, 0 errors, files/sec: 625.83, bytes/sec: 0.00, Total time: 0.00, Auditing time: 0.00, Rate: 0.00
Feb 23 08:24:10 np0005626461 object-server[217087]: Object audit (ALL). Since Mon Feb 23 08:24:10 2026: Locally: 1 passed, 0 quarantined, 0 errors, files/sec: 110.38, bytes/sec: 1766.02, Total time: 0.01, Auditing time: 0.00, Rate: 0.00
Feb 23 08:24:11 np0005626461 object-server[217086]: Object audit (ZBF) "forever" mode completed: 0.28s. Total quarantined: 0, Total errors: 0, Total files/sec: 56.52, Total bytes/sec: 0.00, Auditing time: 0.28, Rate: 0.98
Feb 23 08:24:11 np0005626461 object-server[217087]: Object audit (ALL) "forever" mode completed: 0.71s. Total quarantined: 0, Total errors: 0, Total files/sec: 22.49, Total bytes/sec: 441.46, Auditing time: 0.70, Rate: 0.99
Feb 23 08:24:18 np0005626461 container-server[120160]: Beginning replication run
Feb 23 08:24:18 np0005626461 container-server[120160]: Replication run OVER
Feb 23 08:24:18 np0005626461 container-server[120160]: Attempted to replicate 8 dbs in 0.15944 seconds (50.17587/s)
Feb 23 08:24:18 np0005626461 container-server[120160]: Removed 0 dbs
Feb 23 08:24:18 np0005626461 container-server[120160]: 16 successes, 0 failures
Feb 23 08:24:18 np0005626461 container-server[120160]: diff:0 diff_capped:0 empty:0 hashmatch:0 no_change:16 remote_merge:0 rsync:0 ts_repl:0
Feb 23 08:24:28 np0005626461 account-server[120092]: Beginning replication run
Feb 23 08:24:28 np0005626461 account-server[120092]: Replication run OVER
Feb 23 08:24:28 np0005626461 account-server[120092]: Attempted to replicate 1 dbs in 0.01714 seconds (58.33085/s)
Feb 23 08:24:28 np0005626461 account-server[120092]: Removed 0 dbs
Feb 23 08:24:28 np0005626461 account-server[120092]: 2 successes, 0 failures
Feb 23 08:24:28 np0005626461 account-server[120092]: diff:0 diff_capped:0 empty:0 hashmatch:0 no_change:2 remote_merge:0 rsync:0 ts_repl:0
Feb 23 08:24:36 np0005626461 container-server[120157]: Begin container audit pass.
Feb 23 08:24:38 np0005626461 object-server[120701]: Starting object replication pass.
Feb 23 08:24:39 np0005626461 object-server[120701]: 16/16 (100.00%) partitions replicated in 0.19s (85.79/sec, 0s remaining)
Feb 23 08:24:39 np0005626461 object-server[120701]: 32 successes, 0 failures
Feb 23 08:24:39 np0005626461 object-server[120701]: 16 suffixes checked - 0.00% hashed, 0.00% synced
Feb 23 08:24:39 np0005626461 object-server[120701]: Partition times: max 0.0388s, min 0.0070s, med 0.0085s
Feb 23 08:24:39 np0005626461 object-server[120701]: Object replication complete. (0.00 minutes)
Feb 23 08:24:41 np0005626461 object-server[217097]: Begin object audit "forever" mode (ZBF)
Feb 23 08:24:41 np0005626461 object-server[217097]: Object audit (ZBF). Since Mon Feb 23 08:24:41 2026: Locally: 1 passed, 0 quarantined, 0 errors, files/sec: 464.95, bytes/sec: 0.00, Total time: 0.00, Auditing time: 0.00, Rate: 0.00
Feb 23 08:24:41 np0005626461 object-server[217097]: Object audit (ZBF) "forever" mode completed: 0.28s. Total quarantined: 0, Total errors: 0, Total files/sec: 56.47, Total bytes/sec: 0.00, Auditing time: 0.28, Rate: 0.98
Feb 23 08:24:42 np0005626461 proxy-server[122398]: - - 23/Feb/2026/08/24/42 HEAD /v1/AUTH_d351b5d019cd497ab1d84160f10b653c%3Fformat%3Djson HTTP/1.0 204 - Swift - - - - tx6b6585bf93524c32ab041-00699c0eca - 0.0104 RL - 1771835082.765002489 1771835082.775383234 -
Feb 23 08:24:42 np0005626461 container-server[120513]: 172.20.0.105 - - [23/Feb/2026:08:24:42 +0000] "HEAD /d1/906/AUTH_d351b5d019cd497ab1d84160f10b653c/gnocchi.4b66d46e-016e-4cb9-b0b5-14764823da38" 404 - "HEAD http://172.18.0.134:8080/v1/AUTH_d351b5d019cd497ab1d84160f10b653c/gnocchi.4b66d46e-016e-4cb9-b0b5-14764823da38?format=json&states=listing" "tx6b6585bf93524c32ab041-00699c0eca" "proxy-server 20" 0.0005 "-" 14 0
Feb 23 08:24:42 np0005626461 container-server[120513]: 172.20.0.104 - - [23/Feb/2026:08:24:42 +0000] "HEAD /d1/299/AUTH_d351b5d019cd497ab1d84160f10b653c/gnocchi.610b2609-c529-49db-b009-27c0f145563c" 404 - "HEAD http://172.18.0.134:8080/v1/AUTH_d351b5d019cd497ab1d84160f10b653c/gnocchi.610b2609-c529-49db-b009-27c0f145563c?format=json&states=listing" "tx9710b86a5fd4428fa025e-00699c0eca" "proxy-server 20" 0.0003 "-" 14 0
Feb 23 08:24:42 np0005626461 object-server[120975]: 172.20.0.104 - - [23/Feb/2026:08:24:42 +0000] "GET /d1/1019/AUTH_d351b5d019cd497ab1d84160f10b653c/gnocchi.610b2609-c529-49db-b009-27c0f145563c/none_v3" 404 70 "GET http://172.18.0.134:8080/v1/AUTH_d351b5d019cd497ab1d84160f10b653c/gnocchi.610b2609-c529-49db-b009-27c0f145563c/none_v3" "tx9710b86a5fd4428fa025e-00699c0eca" "proxy-server 20" 0.0006 "-" 24 0
Feb 23 08:24:42 np0005626461 object-server[120955]: 172.20.0.105 - - [23/Feb/2026:08:24:42 +0000] "GET /d1/355/AUTH_d351b5d019cd497ab1d84160f10b653c/gnocchi.4b66d46e-016e-4cb9-b0b5-14764823da38/none_v3" 404 70 "GET http://172.18.0.134:8080/v1/AUTH_d351b5d019cd497ab1d84160f10b653c/gnocchi.4b66d46e-016e-4cb9-b0b5-14764823da38/none_v3" "tx6b6585bf93524c32ab041-00699c0eca" "proxy-server 20" 0.0007 "-" 21 0
Feb 23 08:24:42 np0005626461 proxy-server[122398]: 172.18.0.105 172.18.0.104 23/Feb/2026/08/24/42 GET /v1/AUTH_d351b5d019cd497ab1d84160f10b653c/gnocchi.4b66d46e-016e-4cb9-b0b5-14764823da38/none_v3 HTTP/1.0 404 - python-swiftclient-3.11.1 gAAAAABpnA4o6Gk-... - 70 - tx6b6585bf93524c32ab041-00699c0eca - 0.0527 - - 1771835082.763140202 1771835082.815843821 0
Feb 23 08:24:42 np0005626461 container-server[120513]: 172.20.0.104 - - [23/Feb/2026:08:24:42 +0000] "HEAD /d1/200/AUTH_d351b5d019cd497ab1d84160f10b653c/gnocchi.775bdd17-dd47-4d35-b74f-be986e860bd1" 404 - "HEAD http://172.18.0.134:8080/v1/AUTH_d351b5d019cd497ab1d84160f10b653c/gnocchi.775bdd17-dd47-4d35-b74f-be986e860bd1?format=json&states=listing" "txdf331b2868764a5a9e3c3-00699c0eca" "proxy-server 20" 0.0003 "-" 14 0
Feb 23 08:24:42 np0005626461 account-server[120391]: 172.20.0.105 - - [23/Feb/2026:08:24:42 +0000] "PUT /d1/979/AUTH_d351b5d019cd497ab1d84160f10b653c/gnocchi.610b2609-c529-49db-b009-27c0f145563c" 201 - "PUT http://172.20.0.105:6001/d1/299/AUTH_d351b5d019cd497ab1d84160f10b653c/gnocchi.610b2609-c529-49db-b009-27c0f145563c" "txa9d86762d132419984b71-00699c0eca" "container-server 15" 0.0021 "-" 14 0
Feb 23 08:24:42 np0005626461 container-server[120519]: 172.20.0.105 - - [23/Feb/2026:08:24:42 +0000] "PUT /d1/299/AUTH_d351b5d019cd497ab1d84160f10b653c/gnocchi.610b2609-c529-49db-b009-27c0f145563c" 201 - "PUT http://172.18.0.134:8080/v1/AUTH_d351b5d019cd497ab1d84160f10b653c/gnocchi.610b2609-c529-49db-b009-27c0f145563c" "txa9d86762d132419984b71-00699c0eca" "proxy-server 20" 0.0136 "-" 15 0
Feb 23 08:24:42 np0005626461 object-server[120975]: 172.20.0.104 - - [23/Feb/2026:08:24:42 +0000] "GET /d1/556/AUTH_d351b5d019cd497ab1d84160f10b653c/gnocchi.775bdd17-dd47-4d35-b74f-be986e860bd1/none_v3" 404 70 "GET http://172.18.0.134:8080/v1/AUTH_d351b5d019cd497ab1d84160f10b653c/gnocchi.775bdd17-dd47-4d35-b74f-be986e860bd1/none_v3" "txdf331b2868764a5a9e3c3-00699c0eca" "proxy-server 20" 0.0003 "-" 24 0
Feb 23 08:24:42 np0005626461 proxy-server[122398]: 172.18.0.103 172.18.0.104 23/Feb/2026/08/24/42 PUT /v1/AUTH_d351b5d019cd497ab1d84160f10b653c/gnocchi.610b2609-c529-49db-b009-27c0f145563c HTTP/1.0 201 - python-swiftclient-3.11.1 gAAAAABpnA5xV5GH... - - - txa9d86762d132419984b71-00699c0eca - 0.0376 - - 1771835082.822320223 1771835082.859948397 0
Feb 23 08:24:42 np0005626461 container-server[120529]: 172.20.0.103 - - [23/Feb/2026:08:24:42 +0000] "PUT /d1/906/AUTH_d351b5d019cd497ab1d84160f10b653c/gnocchi.4b66d46e-016e-4cb9-b0b5-14764823da38" 201 - "PUT http://172.18.0.134:8080/v1/AUTH_d351b5d019cd497ab1d84160f10b653c/gnocchi.4b66d46e-016e-4cb9-b0b5-14764823da38" "txb8bc45bff9df415380d70-00699c0eca" "proxy-server 20" 0.0180 "-" 17 0
Feb 23 08:24:42 np0005626461 account-server[120394]: 172.20.0.103 - - [23/Feb/2026:08:24:42 +0000] "PUT /d1/979/AUTH_d351b5d019cd497ab1d84160f10b653c/gnocchi.4b66d46e-016e-4cb9-b0b5-14764823da38" 201 - "PUT http://172.20.0.103:6001/d1/906/AUTH_d351b5d019cd497ab1d84160f10b653c/gnocchi.4b66d46e-016e-4cb9-b0b5-14764823da38" "txb8bc45bff9df415380d70-00699c0eca" "container-server 23" 0.0070 "-" 16 0
Feb 23 08:24:42 np0005626461 account-server[120403]: 172.20.0.105 - - [23/Feb/2026:08:24:42 +0000] "PUT /d1/979/AUTH_d351b5d019cd497ab1d84160f10b653c/gnocchi.775bdd17-dd47-4d35-b74f-be986e860bd1" 201 - "PUT http://172.20.0.105:6001/d1/200/AUTH_d351b5d019cd497ab1d84160f10b653c/gnocchi.775bdd17-dd47-4d35-b74f-be986e860bd1" "tx28b9ada3189245b69d7b0-00699c0eca" "container-server 15" 0.0055 "-" 17 0
Feb 23 08:24:42 np0005626461 container-server[120519]: 172.20.0.104 - - [23/Feb/2026:08:24:42 +0000] "PUT /d1/200/AUTH_d351b5d019cd497ab1d84160f10b653c/gnocchi.775bdd17-dd47-4d35-b74f-be986e860bd1" 201 - "PUT http://172.18.0.134:8080/v1/AUTH_d351b5d019cd497ab1d84160f10b653c/gnocchi.775bdd17-dd47-4d35-b74f-be986e860bd1" "tx28b9ada3189245b69d7b0-00699c0eca" "proxy-server 20" 0.0135 "-" 15 0
Feb 23 08:24:42 np0005626461 container-server[120529]: 172.20.0.103 - - [23/Feb/2026:08:24:42 +0000] "HEAD /d1/906/AUTH_d351b5d019cd497ab1d84160f10b653c/gnocchi.4b66d46e-016e-4cb9-b0b5-14764823da38" 204 - "HEAD http://172.18.0.134:8080/v1/AUTH_d351b5d019cd497ab1d84160f10b653c/gnocchi.4b66d46e-016e-4cb9-b0b5-14764823da38?format=json&states=listing" "tx2ce2596ef8924bacbc007-00699c0eca" "proxy-server 20" 0.0012 "-" 17 0
Feb 23 08:24:42 np0005626461 proxy-server[122398]: - - 23/Feb/2026/08/24/42 HEAD /v1/AUTH_d351b5d019cd497ab1d84160f10b653c/gnocchi.610b2609-c529-49db-b009-27c0f145563c%3Fformat%3Djson%26states%3Dlisting HTTP/1.0 204 - Swift - - - - txa7f13fbbcb204ab6a1622-00699c0eca - 0.0181 RL - 1771835082.867177963 1771835082.885246992 0
Feb 23 08:24:42 np0005626461 container-server[120529]: 172.20.0.103 - - [23/Feb/2026:08:24:42 +0000] "GET /d1/906/AUTH_d351b5d019cd497ab1d84160f10b653c/gnocchi.4b66d46e-016e-4cb9-b0b5-14764823da38" 200 2 "GET http://172.18.0.134:8080/v1/AUTH_d351b5d019cd497ab1d84160f10b653c/gnocchi.4b66d46e-016e-4cb9-b0b5-14764823da38?format=json&states=listing" "tx2ce2596ef8924bacbc007-00699c0eca" "proxy-server 20" 0.0018 "-" 17 0
Feb 23 08:24:42 np0005626461 proxy-server[122398]: 172.18.0.103 172.18.0.104 23/Feb/2026/08/24/42 GET /v1/AUTH_d351b5d019cd497ab1d84160f10b653c/gnocchi.610b2609-c529-49db-b009-27c0f145563c%3Fformat%3Djson%26states%3Dlisting HTTP/1.0 200 - python-swiftclient-3.11.1 gAAAAABpnA5xV5GH... - 2 - txa7f13fbbcb204ab6a1622-00699c0eca - 0.0368 - - 1771835082.865108013 1771835082.901877642 0
Feb 23 08:24:42 np0005626461 object-server[120975]: 172.20.0.103 - - [23/Feb/2026:08:24:42 +0000] "GET /d1/1018/AUTH_d351b5d019cd497ab1d84160f10b653c/gnocchi.4b66d46e-016e-4cb9-b0b5-14764823da38/1771200000.0_mean_300.0_v3" 404 70 "GET http://172.18.0.134:8080/v1/AUTH_d351b5d019cd497ab1d84160f10b653c/gnocchi.4b66d46e-016e-4cb9-b0b5-14764823da38/1771200000.0_mean_300.0_v3" "tx5a6f20724eb8495ca3d22-00699c0eca" "proxy-server 20" 0.0005 "-" 24 0
Feb 23 08:24:42 np0005626461 container-server[120525]: 172.20.0.104 - - [23/Feb/2026:08:24:42 +0000] "GET /d1/200/AUTH_d351b5d019cd497ab1d84160f10b653c/gnocchi.775bdd17-dd47-4d35-b74f-be986e860bd1" 200 2 "GET http://172.18.0.134:8080/v1/AUTH_d351b5d019cd497ab1d84160f10b653c/gnocchi.775bdd17-dd47-4d35-b74f-be986e860bd1?format=json&states=listing" "tx42e71b399289414e91223-00699c0eca" "proxy-server 20" 0.0031 "-" 16 0
Feb 23 08:24:42 np0005626461 object-server[120955]: 172.20.0.105 - - [23/Feb/2026:08:24:42 +0000] "GET /d1/164/AUTH_d351b5d019cd497ab1d84160f10b653c/gnocchi.610b2609-c529-49db-b009-27c0f145563c/1771200000.0_mean_300.0_v3" 404 70 "GET http://172.18.0.134:8080/v1/AUTH_d351b5d019cd497ab1d84160f10b653c/gnocchi.610b2609-c529-49db-b009-27c0f145563c/1771200000.0_mean_300.0_v3" "tx79f84cc39f064a8a8c173-00699c0eca" "proxy-server 20" 0.0004 "-" 21 0
Feb 23 08:24:42 np0005626461 proxy-server[122398]: 172.18.0.103 172.18.0.104 23/Feb/2026/08/24/42 GET /v1/AUTH_d351b5d019cd497ab1d84160f10b653c/gnocchi.610b2609-c529-49db-b009-27c0f145563c/1771200000.0_mean_300.0_v3 HTTP/1.0 404 - python-swiftclient-3.11.1 gAAAAABpnA5xV5GH... - 70 - tx79f84cc39f064a8a8c173-00699c0eca - 0.0180 - - 1771835082.907544374 1771835082.925513744 0
Feb 23 08:24:42 np0005626461 object-server[120970]: 172.20.0.104 - - [23/Feb/2026:08:24:42 +0000] "GET /d1/613/AUTH_d351b5d019cd497ab1d84160f10b653c/gnocchi.775bdd17-dd47-4d35-b74f-be986e860bd1/1771200000.0_mean_300.0_v3" 404 70 "GET http://172.18.0.134:8080/v1/AUTH_d351b5d019cd497ab1d84160f10b653c/gnocchi.775bdd17-dd47-4d35-b74f-be986e860bd1/1771200000.0_mean_300.0_v3" "tx7d198310cc5747c18109b-00699c0eca" "proxy-server 20" 0.0004 "-" 22 0
Feb 23 08:24:42 np0005626461 container-server[120519]: 172.20.0.105 - - [23/Feb/2026:08:24:42 +0000] "PUT /d1/906/AUTH_d351b5d019cd497ab1d84160f10b653c/gnocchi.4b66d46e-016e-4cb9-b0b5-14764823da38/1771200000.0_mean_300.0_v3" 201 - "PUT http://172.18.0.134:8080/d1/1018/AUTH_d351b5d019cd497ab1d84160f10b653c/gnocchi.4b66d46e-016e-4cb9-b0b5-14764823da38/1771200000.0_mean_300.0_v3" "txe2cd866e17f6477b9df56-00699c0eca" "object-server 22" 0.0009 "-" 15 0
Feb 23 08:24:42 np0005626461 object-server[120970]: 172.20.0.103 - - [23/Feb/2026:08:24:42 +0000] "PUT /d1/1018/AUTH_d351b5d019cd497ab1d84160f10b653c/gnocchi.4b66d46e-016e-4cb9-b0b5-14764823da38/1771200000.0_mean_300.0_v3" 201 - "PUT http://172.18.0.134:8080/v1/AUTH_d351b5d019cd497ab1d84160f10b653c/gnocchi.4b66d46e-016e-4cb9-b0b5-14764823da38/1771200000.0_mean_300.0_v3" "txe2cd866e17f6477b9df56-00699c0eca" "proxy-server 20" 0.0116 "-" 22 0
Feb 23 08:24:42 np0005626461 container-server[120519]: 172.20.0.105 - - [23/Feb/2026:08:24:42 +0000] "PUT /d1/299/AUTH_d351b5d019cd497ab1d84160f10b653c/gnocchi.610b2609-c529-49db-b009-27c0f145563c/1771200000.0_mean_300.0_v3" 201 - "PUT http://172.18.0.134:8080/d1/164/AUTH_d351b5d019cd497ab1d84160f10b653c/gnocchi.610b2609-c529-49db-b009-27c0f145563c/1771200000.0_mean_300.0_v3" "tx844d95a210254195ac76b-00699c0eca" "object-server 24" 0.0007 "-" 15 0
Feb 23 08:24:42 np0005626461 object-server[120975]: 172.20.0.105 - - [23/Feb/2026:08:24:42 +0000] "PUT /d1/164/AUTH_d351b5d019cd497ab1d84160f10b653c/gnocchi.610b2609-c529-49db-b009-27c0f145563c/1771200000.0_mean_300.0_v3" 201 - "PUT http://172.18.0.134:8080/v1/AUTH_d351b5d019cd497ab1d84160f10b653c/gnocchi.610b2609-c529-49db-b009-27c0f145563c/1771200000.0_mean_300.0_v3" "tx844d95a210254195ac76b-00699c0eca" "proxy-server 20" 0.0094 "-" 24 0
Feb 23 08:24:42 np0005626461 proxy-server[122398]: 172.18.0.103 172.18.0.104 23/Feb/2026/08/24/42 PUT /v1/AUTH_d351b5d019cd497ab1d84160f10b653c/gnocchi.610b2609-c529-49db-b009-27c0f145563c/1771200000.0_mean_300.0_v3 HTTP/1.0 201 - python-swiftclient-3.11.1 gAAAAABpnA5xV5GH... 16 - - tx844d95a210254195ac76b-00699c0eca - 0.0231 - - 1771835082.930301189 1771835082.953400373 0
Feb 23 08:24:42 np0005626461 container-server[120513]: 172.20.0.104 - - [23/Feb/2026:08:24:42 +0000] "PUT /d1/200/AUTH_d351b5d019cd497ab1d84160f10b653c/gnocchi.775bdd17-dd47-4d35-b74f-be986e860bd1/1771200000.0_mean_300.0_v3" 201 - "PUT http://172.18.0.134:8080/d1/613/AUTH_d351b5d019cd497ab1d84160f10b653c/gnocchi.775bdd17-dd47-4d35-b74f-be986e860bd1/1771200000.0_mean_300.0_v3" "tx4042e7a5ef494b318b7f6-00699c0eca" "object-server 23" 0.0008 "-" 14 0
Feb 23 08:24:42 np0005626461 object-server[120970]: 172.20.0.104 - - [23/Feb/2026:08:24:42 +0000] "PUT /d1/613/AUTH_d351b5d019cd497ab1d84160f10b653c/gnocchi.775bdd17-dd47-4d35-b74f-be986e860bd1/1771200000.0_mean_300.0_v3" 201 - "PUT http://172.18.0.134:8080/v1/AUTH_d351b5d019cd497ab1d84160f10b653c/gnocchi.775bdd17-dd47-4d35-b74f-be986e860bd1/1771200000.0_mean_300.0_v3" "tx4042e7a5ef494b318b7f6-00699c0eca" "proxy-server 20" 0.0141 "-" 22 0
Feb 23 08:24:42 np0005626461 container-server[120529]: 172.20.0.104 - - [23/Feb/2026:08:24:42 +0000] "PUT /d1/299/AUTH_d351b5d019cd497ab1d84160f10b653c/gnocchi.610b2609-c529-49db-b009-27c0f145563c/none_v3" 201 - "PUT http://172.18.0.134:8080/d1/1019/AUTH_d351b5d019cd497ab1d84160f10b653c/gnocchi.610b2609-c529-49db-b009-27c0f145563c/none_v3" "tx6d6ff4c9da824a598db0d-00699c0eca" "object-server 22" 0.0004 "-" 17 0
Feb 23 08:24:42 np0005626461 container-server[120525]: 172.20.0.103 - - [23/Feb/2026:08:24:42 +0000] "PUT /d1/200/AUTH_d351b5d019cd497ab1d84160f10b653c/gnocchi.775bdd17-dd47-4d35-b74f-be986e860bd1/none_v3" 201 - "PUT http://172.18.0.134:8080/d1/556/AUTH_d351b5d019cd497ab1d84160f10b653c/gnocchi.775bdd17-dd47-4d35-b74f-be986e860bd1/none_v3" "tx4e79080c78df4faa97cb1-00699c0eca" "object-server 24" 0.0006 "-" 16 0
Feb 23 08:24:42 np0005626461 container-server[120519]: 172.20.0.105 - - [23/Feb/2026:08:24:42 +0000] "PUT /d1/906/AUTH_d351b5d019cd497ab1d84160f10b653c/gnocchi.4b66d46e-016e-4cb9-b0b5-14764823da38/none_v3" 201 - "PUT http://172.18.0.134:8080/d1/355/AUTH_d351b5d019cd497ab1d84160f10b653c/gnocchi.4b66d46e-016e-4cb9-b0b5-14764823da38/none_v3" "txe0e1a00e1a524a37b7a38-00699c0eca" "object-server 24" 0.0007 "-" 15 0
Feb 23 08:24:42 np0005626461 object-server[120970]: 172.20.0.104 - - [23/Feb/2026:08:24:42 +0000] "PUT /d1/556/AUTH_d351b5d019cd497ab1d84160f10b653c/gnocchi.775bdd17-dd47-4d35-b74f-be986e860bd1/none_v3" 201 - "PUT http://172.18.0.134:8080/v1/AUTH_d351b5d019cd497ab1d84160f10b653c/gnocchi.775bdd17-dd47-4d35-b74f-be986e860bd1/none_v3" "tx4e79080c78df4faa97cb1-00699c0eca" "proxy-server 20" 0.0126 "-" 22 0
Feb 23 08:24:42 np0005626461 object-server[120975]: 172.20.0.103 - - [23/Feb/2026:08:24:42 +0000] "PUT /d1/355/AUTH_d351b5d019cd497ab1d84160f10b653c/gnocchi.4b66d46e-016e-4cb9-b0b5-14764823da38/none_v3" 201 - "PUT http://172.18.0.134:8080/v1/AUTH_d351b5d019cd497ab1d84160f10b653c/gnocchi.4b66d46e-016e-4cb9-b0b5-14764823da38/none_v3" "txe0e1a00e1a524a37b7a38-00699c0eca" "proxy-server 20" 0.0113 "-" 24 0
Feb 23 08:24:42 np0005626461 object-server[120970]: 172.20.0.105 - - [23/Feb/2026:08:24:42 +0000] "PUT /d1/1019/AUTH_d351b5d019cd497ab1d84160f10b653c/gnocchi.610b2609-c529-49db-b009-27c0f145563c/none_v3" 201 - "PUT http://172.18.0.134:8080/v1/AUTH_d351b5d019cd497ab1d84160f10b653c/gnocchi.610b2609-c529-49db-b009-27c0f145563c/none_v3" "tx6d6ff4c9da824a598db0d-00699c0eca" "proxy-server 20" 0.0165 "-" 22 0
Feb 23 08:24:42 np0005626461 proxy-server[122398]: 172.18.0.103 172.18.0.104 23/Feb/2026/08/24/42 PUT /v1/AUTH_d351b5d019cd497ab1d84160f10b653c/gnocchi.610b2609-c529-49db-b009-27c0f145563c/none_v3 HTTP/1.0 201 - python-swiftclient-3.11.1 gAAAAABpnA5xV5GH... 22 - - tx6d6ff4c9da824a598db0d-00699c0eca - 0.0259 - - 1771835082.959010601 1771835082.984903574 0
Feb 23 08:24:43 np0005626461 container-server[120513]: 172.20.0.104 - - [23/Feb/2026:08:24:43 +0000] "HEAD /d1/923/AUTH_d351b5d019cd497ab1d84160f10b653c/gnocchi.ff3d4d84-f6cc-4223-a974-ba1e7eba000f" 404 - "HEAD http://172.18.0.134:8080/v1/AUTH_d351b5d019cd497ab1d84160f10b653c/gnocchi.ff3d4d84-f6cc-4223-a974-ba1e7eba000f?format=json&states=listing" "txd10daa7d350a415296b6a-00699c0ecb" "proxy-server 20" 0.0006 "-" 14 0
Feb 23 08:24:43 np0005626461 container-server[120513]: 172.20.0.103 - - [23/Feb/2026:08:24:43 +0000] "HEAD /d1/856/AUTH_d351b5d019cd497ab1d84160f10b653c/gnocchi.b25f77ea-58e0-414c-9b64-df56f720745a" 404 - "HEAD http://172.18.0.134:8080/v1/AUTH_d351b5d019cd497ab1d84160f10b653c/gnocchi.b25f77ea-58e0-414c-9b64-df56f720745a?format=json&states=listing" "txb1485f5a86eb4fc68d521-00699c0ecb" "proxy-server 20" 0.0004 "-" 14 0
Feb 23 08:24:43 np0005626461 container-server[120525]: 172.20.0.105 - - [23/Feb/2026:08:24:43 +0000] "HEAD /d1/557/AUTH_d351b5d019cd497ab1d84160f10b653c/gnocchi.1d0d75ac-6399-40be-82c8-e645a7bf9a38" 404 - "HEAD http://172.18.0.134:8080/v1/AUTH_d351b5d019cd497ab1d84160f10b653c/gnocchi.1d0d75ac-6399-40be-82c8-e645a7bf9a38?format=json&states=listing" "tx83730f5536aa400ca99ea-00699c0ecb" "proxy-server 20" 0.0004 "-" 16 0
Feb 23 08:24:43 np0005626461 object-server[120970]: 172.20.0.104 - - [23/Feb/2026:08:24:43 +0000] "GET /d1/385/AUTH_d351b5d019cd497ab1d84160f10b653c/gnocchi.ff3d4d84-f6cc-4223-a974-ba1e7eba000f/none_v3" 404 70 "GET http://172.18.0.134:8080/v1/AUTH_d351b5d019cd497ab1d84160f10b653c/gnocchi.ff3d4d84-f6cc-4223-a974-ba1e7eba000f/none_v3" "txd10daa7d350a415296b6a-00699c0ecb" "proxy-server 20" 0.0004 "-" 22 0
Feb 23 08:24:43 np0005626461 object-server[120970]: 172.20.0.105 - - [23/Feb/2026:08:24:43 +0000] "GET /d1/1022/AUTH_d351b5d019cd497ab1d84160f10b653c/gnocchi.1d0d75ac-6399-40be-82c8-e645a7bf9a38/none_v3" 404 70 "GET http://172.18.0.134:8080/v1/AUTH_d351b5d019cd497ab1d84160f10b653c/gnocchi.1d0d75ac-6399-40be-82c8-e645a7bf9a38/none_v3" "tx83730f5536aa400ca99ea-00699c0ecb" "proxy-server 20" 0.0004 "-" 22 0
Feb 23 08:24:43 np0005626461 object-server[120975]: 172.20.0.103 - - [23/Feb/2026:08:24:43 +0000] "GET /d1/752/AUTH_d351b5d019cd497ab1d84160f10b653c/gnocchi.b25f77ea-58e0-414c-9b64-df56f720745a/none_v3" 404 70 "GET http://172.18.0.134:8080/v1/AUTH_d351b5d019cd497ab1d84160f10b653c/gnocchi.b25f77ea-58e0-414c-9b64-df56f720745a/none_v3" "txb1485f5a86eb4fc68d521-00699c0ecb" "proxy-server 20" 0.0006 "-" 24 0
Feb 23 08:24:43 np0005626461 proxy-server[122398]: 172.18.0.103 172.18.0.104 23/Feb/2026/08/24/43 GET /v1/AUTH_d351b5d019cd497ab1d84160f10b653c/gnocchi.1d0d75ac-6399-40be-82c8-e645a7bf9a38/none_v3 HTTP/1.0 404 - python-swiftclient-3.11.1 gAAAAABpnA5xV5GH... - 70 - tx83730f5536aa400ca99ea-00699c0ecb - 0.0314 - - 1771835083.003026009 1771835083.034388065 0
Feb 23 08:24:43 np0005626461 account-server[120392]: 172.20.0.105 - - [23/Feb/2026:08:24:43 +0000] "PUT /d1/979/AUTH_d351b5d019cd497ab1d84160f10b653c/gnocchi.ff3d4d84-f6cc-4223-a974-ba1e7eba000f" 201 - "PUT http://172.20.0.105:6001/d1/923/AUTH_d351b5d019cd497ab1d84160f10b653c/gnocchi.ff3d4d84-f6cc-4223-a974-ba1e7eba000f" "txc974cebe8fcd4d7d9fcfa-00699c0ecb" "container-server 15" 0.0065 "-" 15 0
Feb 23 08:24:43 np0005626461 container-server[120519]: 172.20.0.104 - - [23/Feb/2026:08:24:43 +0000] "PUT /d1/923/AUTH_d351b5d019cd497ab1d84160f10b653c/gnocchi.ff3d4d84-f6cc-4223-a974-ba1e7eba000f" 201 - "PUT http://172.18.0.134:8080/v1/AUTH_d351b5d019cd497ab1d84160f10b653c/gnocchi.ff3d4d84-f6cc-4223-a974-ba1e7eba000f" "txc974cebe8fcd4d7d9fcfa-00699c0ecb" "proxy-server 20" 0.0216 "-" 15 0
Feb 23 08:24:43 np0005626461 account-server[120403]: 172.20.0.104 - - [23/Feb/2026:08:24:43 +0000] "PUT /d1/979/AUTH_d351b5d019cd497ab1d84160f10b653c/gnocchi.1d0d75ac-6399-40be-82c8-e645a7bf9a38" 201 - "PUT http://172.20.0.104:6001/d1/557/AUTH_d351b5d019cd497ab1d84160f10b653c/gnocchi.1d0d75ac-6399-40be-82c8-e645a7bf9a38" "txa1d39924791e4a06a5168-00699c0ecb" "container-server 16" 0.0045 "-" 17 0
Feb 23 08:24:43 np0005626461 container-server[120525]: 172.20.0.105 - - [23/Feb/2026:08:24:43 +0000] "PUT /d1/557/AUTH_d351b5d019cd497ab1d84160f10b653c/gnocchi.1d0d75ac-6399-40be-82c8-e645a7bf9a38" 201 - "PUT http://172.18.0.134:8080/v1/AUTH_d351b5d019cd497ab1d84160f10b653c/gnocchi.1d0d75ac-6399-40be-82c8-e645a7bf9a38" "txa1d39924791e4a06a5168-00699c0ecb" "proxy-server 20" 0.0172 "-" 16 0
Feb 23 08:24:43 np0005626461 proxy-server[122398]: 172.18.0.103 172.18.0.104 23/Feb/2026/08/24/43 PUT /v1/AUTH_d351b5d019cd497ab1d84160f10b653c/gnocchi.1d0d75ac-6399-40be-82c8-e645a7bf9a38 HTTP/1.0 201 - python-swiftclient-3.11.1 gAAAAABpnA5xV5GH... - - - txa1d39924791e4a06a5168-00699c0ecb - 0.0304 - - 1771835083.039328575 1771835083.069695473 0
Feb 23 08:24:43 np0005626461 account-server[120403]: 172.20.0.105 - - [23/Feb/2026:08:24:43 +0000] "PUT /d1/979/AUTH_d351b5d019cd497ab1d84160f10b653c/gnocchi.b25f77ea-58e0-414c-9b64-df56f720745a" 201 - "PUT http://172.20.0.105:6001/d1/856/AUTH_d351b5d019cd497ab1d84160f10b653c/gnocchi.b25f77ea-58e0-414c-9b64-df56f720745a" "tx1e8b451031544a2cb7029-00699c0ecb" "container-server 17" 0.0057 "-" 17 0
Feb 23 08:24:43 np0005626461 container-server[120529]: 172.20.0.103 - - [23/Feb/2026:08:24:43 +0000] "PUT /d1/856/AUTH_d351b5d019cd497ab1d84160f10b653c/gnocchi.b25f77ea-58e0-414c-9b64-df56f720745a" 201 - "PUT http://172.18.0.134:8080/v1/AUTH_d351b5d019cd497ab1d84160f10b653c/gnocchi.b25f77ea-58e0-414c-9b64-df56f720745a" "tx1e8b451031544a2cb7029-00699c0ecb" "proxy-server 20" 0.0181 "-" 17 0
Feb 23 08:24:43 np0005626461 container-server[120525]: 172.20.0.104 - - [23/Feb/2026:08:24:43 +0000] "GET /d1/923/AUTH_d351b5d019cd497ab1d84160f10b653c/gnocchi.ff3d4d84-f6cc-4223-a974-ba1e7eba000f" 200 2 "GET http://172.18.0.134:8080/v1/AUTH_d351b5d019cd497ab1d84160f10b653c/gnocchi.ff3d4d84-f6cc-4223-a974-ba1e7eba000f?format=json&states=listing" "tx12e366d55cc649ae862d9-00699c0ecb" "proxy-server 20" 0.0024 "-" 16 0
Feb 23 08:24:43 np0005626461 container-server[120513]: 172.20.0.105 - - [23/Feb/2026:08:24:43 +0000] "HEAD /d1/557/AUTH_d351b5d019cd497ab1d84160f10b653c/gnocchi.1d0d75ac-6399-40be-82c8-e645a7bf9a38" 204 - "HEAD http://172.18.0.134:8080/v1/AUTH_d351b5d019cd497ab1d84160f10b653c/gnocchi.1d0d75ac-6399-40be-82c8-e645a7bf9a38?format=json&states=listing" "tx47f3c09acd62431f8d250-00699c0ecb" "proxy-server 20" 0.0020 "-" 14 0
Feb 23 08:24:43 np0005626461 proxy-server[122398]: - - 23/Feb/2026/08/24/43 HEAD /v1/AUTH_d351b5d019cd497ab1d84160f10b653c/gnocchi.1d0d75ac-6399-40be-82c8-e645a7bf9a38%3Fformat%3Djson%26states%3Dlisting HTTP/1.0 204 - Swift - - - - tx47f3c09acd62431f8d250-00699c0ecb - 0.0073 RL - 1771835083.078526020 1771835083.085867405 0
Feb 23 08:24:43 np0005626461 proxy-server[122398]: 172.18.0.103 172.18.0.104 23/Feb/2026/08/24/43 GET /v1/AUTH_d351b5d019cd497ab1d84160f10b653c/gnocchi.1d0d75ac-6399-40be-82c8-e645a7bf9a38%3Fformat%3Djson%26states%3Dlisting HTTP/1.0 200 - python-swiftclient-3.11.1 gAAAAABpnA5xV5GH... - 2 - tx47f3c09acd62431f8d250-00699c0ecb - 0.0229 - - 1771835083.076416969 1771835083.099303722 0
Feb 23 08:24:43 np0005626461 object-server[120955]: 172.20.0.104 - - [23/Feb/2026:08:24:43 +0000] "GET /d1/577/AUTH_d351b5d019cd497ab1d84160f10b653c/gnocchi.ff3d4d84-f6cc-4223-a974-ba1e7eba000f/1771200000.0_mean_300.0_v3" 404 70 "GET http://172.18.0.134:8080/v1/AUTH_d351b5d019cd497ab1d84160f10b653c/gnocchi.ff3d4d84-f6cc-4223-a974-ba1e7eba000f/1771200000.0_mean_300.0_v3" "tx9ee409b1543e4b2baacd2-00699c0ecb" "proxy-server 20" 0.0004 "-" 21 0
Feb 23 08:24:43 np0005626461 object-server[120955]: 172.20.0.105 - - [23/Feb/2026:08:24:43 +0000] "GET /d1/817/AUTH_d351b5d019cd497ab1d84160f10b653c/gnocchi.1d0d75ac-6399-40be-82c8-e645a7bf9a38/1771200000.0_mean_300.0_v3" 404 70 "GET http://172.18.0.134:8080/v1/AUTH_d351b5d019cd497ab1d84160f10b653c/gnocchi.1d0d75ac-6399-40be-82c8-e645a7bf9a38/1771200000.0_mean_300.0_v3" "tx2082a617da7e403ba72a8-00699c0ecb" "proxy-server 20" 0.0003 "-" 21 0
Feb 23 08:24:43 np0005626461 proxy-server[122398]: 172.18.0.103 172.18.0.104 23/Feb/2026/08/24/43 GET /v1/AUTH_d351b5d019cd497ab1d84160f10b653c/gnocchi.1d0d75ac-6399-40be-82c8-e645a7bf9a38/1771200000.0_mean_300.0_v3 HTTP/1.0 404 - python-swiftclient-3.11.1 gAAAAABpnA5xV5GH... - 70 - tx2082a617da7e403ba72a8-00699c0ecb - 0.0190 - - 1771835083.105390549 1771835083.124345064 0
Feb 23 08:24:43 np0005626461 object-server[120955]: 172.20.0.103 - - [23/Feb/2026:08:24:43 +0000] "GET /d1/650/AUTH_d351b5d019cd497ab1d84160f10b653c/gnocchi.b25f77ea-58e0-414c-9b64-df56f720745a/1771200000.0_mean_300.0_v3" 404 70 "GET http://172.18.0.134:8080/v1/AUTH_d351b5d019cd497ab1d84160f10b653c/gnocchi.b25f77ea-58e0-414c-9b64-df56f720745a/1771200000.0_mean_300.0_v3" "txaaa832993672461d9c6c0-00699c0ecb" "proxy-server 20" 0.0004 "-" 21 0
Feb 23 08:24:43 np0005626461 container-server[120513]: 172.20.0.103 - - [23/Feb/2026:08:24:43 +0000] "PUT /d1/923/AUTH_d351b5d019cd497ab1d84160f10b653c/gnocchi.ff3d4d84-f6cc-4223-a974-ba1e7eba000f/1771200000.0_mean_300.0_v3" 201 - "PUT http://172.18.0.134:8080/d1/577/AUTH_d351b5d019cd497ab1d84160f10b653c/gnocchi.ff3d4d84-f6cc-4223-a974-ba1e7eba000f/1771200000.0_mean_300.0_v3" "tx6715b7e9c79b4ec19966a-00699c0ecb" "object-server 24" 0.0008 "-" 14 0
Feb 23 08:24:43 np0005626461 object-server[120975]: 172.20.0.104 - - [23/Feb/2026:08:24:43 +0000] "PUT /d1/577/AUTH_d351b5d019cd497ab1d84160f10b653c/gnocchi.ff3d4d84-f6cc-4223-a974-ba1e7eba000f/1771200000.0_mean_300.0_v3" 201 - "PUT http://172.18.0.134:8080/v1/AUTH_d351b5d019cd497ab1d84160f10b653c/gnocchi.ff3d4d84-f6cc-4223-a974-ba1e7eba000f/1771200000.0_mean_300.0_v3" "tx6715b7e9c79b4ec19966a-00699c0ecb" "proxy-server 20" 0.0135 "-" 24 0
Feb 23 08:24:43 np0005626461 container-server[120529]: 172.20.0.104 - - [23/Feb/2026:08:24:43 +0000] "PUT /d1/557/AUTH_d351b5d019cd497ab1d84160f10b653c/gnocchi.1d0d75ac-6399-40be-82c8-e645a7bf9a38/1771200000.0_mean_300.0_v3" 201 - "PUT http://172.18.0.134:8080/d1/817/AUTH_d351b5d019cd497ab1d84160f10b653c/gnocchi.1d0d75ac-6399-40be-82c8-e645a7bf9a38/1771200000.0_mean_300.0_v3" "tx5b7b56a39b3e45079d0f8-00699c0ecb" "object-server 22" 0.0011 "-" 17 0
Feb 23 08:24:43 np0005626461 container-server[120513]: 172.20.0.105 - - [23/Feb/2026:08:24:43 +0000] "PUT /d1/856/AUTH_d351b5d019cd497ab1d84160f10b653c/gnocchi.b25f77ea-58e0-414c-9b64-df56f720745a/1771200000.0_mean_300.0_v3" 201 - "PUT http://172.18.0.134:8080/d1/650/AUTH_d351b5d019cd497ab1d84160f10b653c/gnocchi.b25f77ea-58e0-414c-9b64-df56f720745a/1771200000.0_mean_300.0_v3" "tx75b918e1f7da4a5f9446f-00699c0ecb" "object-server 21" 0.0010 "-" 14 0
Feb 23 08:24:43 np0005626461 object-server[120955]: 172.20.0.103 - - [23/Feb/2026:08:24:43 +0000] "PUT /d1/650/AUTH_d351b5d019cd497ab1d84160f10b653c/gnocchi.b25f77ea-58e0-414c-9b64-df56f720745a/1771200000.0_mean_300.0_v3" 201 - "PUT http://172.18.0.134:8080/v1/AUTH_d351b5d019cd497ab1d84160f10b653c/gnocchi.b25f77ea-58e0-414c-9b64-df56f720745a/1771200000.0_mean_300.0_v3" "tx75b918e1f7da4a5f9446f-00699c0ecb" "proxy-server 20" 0.0140 "-" 21 0
Feb 23 08:24:43 np0005626461 container-server[120525]: 172.20.0.105 - - [23/Feb/2026:08:24:43 +0000] "PUT /d1/923/AUTH_d351b5d019cd497ab1d84160f10b653c/gnocchi.ff3d4d84-f6cc-4223-a974-ba1e7eba000f/none_v3" 201 - "PUT http://172.18.0.134:8080/d1/385/AUTH_d351b5d019cd497ab1d84160f10b653c/gnocchi.ff3d4d84-f6cc-4223-a974-ba1e7eba000f/none_v3" "tx3341171dfd1d4e71b47b8-00699c0ecb" "object-server 21" 0.0008 "-" 16 0
Feb 23 08:24:43 np0005626461 object-server[120955]: 172.20.0.104 - - [23/Feb/2026:08:24:43 +0000] "PUT /d1/385/AUTH_d351b5d019cd497ab1d84160f10b653c/gnocchi.ff3d4d84-f6cc-4223-a974-ba1e7eba000f/none_v3" 201 - "PUT http://172.18.0.134:8080/v1/AUTH_d351b5d019cd497ab1d84160f10b653c/gnocchi.ff3d4d84-f6cc-4223-a974-ba1e7eba000f/none_v3" "tx3341171dfd1d4e71b47b8-00699c0ecb" "proxy-server 20" 0.0144 "-" 21 0
Feb 23 08:24:43 np0005626461 object-server[120955]: 172.20.0.105 - - [23/Feb/2026:08:24:43 +0000] "PUT /d1/817/AUTH_d351b5d019cd497ab1d84160f10b653c/gnocchi.1d0d75ac-6399-40be-82c8-e645a7bf9a38/1771200000.0_mean_300.0_v3" 201 - "PUT http://172.18.0.134:8080/v1/AUTH_d351b5d019cd497ab1d84160f10b653c/gnocchi.1d0d75ac-6399-40be-82c8-e645a7bf9a38/1771200000.0_mean_300.0_v3" "tx5b7b56a39b3e45079d0f8-00699c0ecb" "proxy-server 20" 0.0227 "-" 21 0
Feb 23 08:24:43 np0005626461 proxy-server[122398]: 172.18.0.103 172.18.0.104 23/Feb/2026/08/24/43 PUT /v1/AUTH_d351b5d019cd497ab1d84160f10b653c/gnocchi.1d0d75ac-6399-40be-82c8-e645a7bf9a38/1771200000.0_mean_300.0_v3 HTTP/1.0 201 - python-swiftclient-3.11.1 gAAAAABpnA5xV5GH... 16 - - tx5b7b56a39b3e45079d0f8-00699c0ecb - 0.0394 - - 1771835083.129798412 1771835083.169176817 0
Feb 23 08:24:43 np0005626461 container-server[120519]: 172.20.0.103 - - [23/Feb/2026:08:24:43 +0000] "PUT /d1/856/AUTH_d351b5d019cd497ab1d84160f10b653c/gnocchi.b25f77ea-58e0-414c-9b64-df56f720745a/none_v3" 201 - "PUT http://172.18.0.134:8080/d1/752/AUTH_d351b5d019cd497ab1d84160f10b653c/gnocchi.b25f77ea-58e0-414c-9b64-df56f720745a/none_v3" "txebe3824957ae4caaa88b8-00699c0ecb" "object-server 24" 0.0008 "-" 15 0
Feb 23 08:24:43 np0005626461 object-server[120975]: 172.20.0.104 - - [23/Feb/2026:08:24:43 +0000] "PUT /d1/752/AUTH_d351b5d019cd497ab1d84160f10b653c/gnocchi.b25f77ea-58e0-414c-9b64-df56f720745a/none_v3" 201 - "PUT http://172.18.0.134:8080/v1/AUTH_d351b5d019cd497ab1d84160f10b653c/gnocchi.b25f77ea-58e0-414c-9b64-df56f720745a/none_v3" "txebe3824957ae4caaa88b8-00699c0ecb" "proxy-server 20" 0.0145 "-" 24 0
Feb 23 08:24:43 np0005626461 container-server[120519]: 172.20.0.105 - - [23/Feb/2026:08:24:43 +0000] "HEAD /d1/752/AUTH_d351b5d019cd497ab1d84160f10b653c/gnocchi.2006331c-4bf4-4bc2-bafa-b6d01219e73a" 404 - "HEAD http://172.18.0.134:8080/v1/AUTH_d351b5d019cd497ab1d84160f10b653c/gnocchi.2006331c-4bf4-4bc2-bafa-b6d01219e73a?format=json&states=listing" "txa941dc5ddfa94cf88b830-00699c0ecb" "proxy-server 20" 0.0006 "-" 15 0
Feb 23 08:24:43 np0005626461 container-server[120513]: 172.20.0.104 - - [23/Feb/2026:08:24:43 +0000] "PUT /d1/557/AUTH_d351b5d019cd497ab1d84160f10b653c/gnocchi.1d0d75ac-6399-40be-82c8-e645a7bf9a38/none_v3" 201 - "PUT http://172.18.0.134:8080/d1/1022/AUTH_d351b5d019cd497ab1d84160f10b653c/gnocchi.1d0d75ac-6399-40be-82c8-e645a7bf9a38/none_v3" "txb792d558431a419a86fd7-00699c0ecb" "object-server 24" 0.0007 "-" 14 0
Feb 23 08:24:43 np0005626461 object-server[120975]: 172.20.0.103 - - [23/Feb/2026:08:24:43 +0000] "PUT /d1/1022/AUTH_d351b5d019cd497ab1d84160f10b653c/gnocchi.1d0d75ac-6399-40be-82c8-e645a7bf9a38/none_v3" 201 - "PUT http://172.18.0.134:8080/v1/AUTH_d351b5d019cd497ab1d84160f10b653c/gnocchi.1d0d75ac-6399-40be-82c8-e645a7bf9a38/none_v3" "txb792d558431a419a86fd7-00699c0ecb" "proxy-server 20" 0.0129 "-" 24 0
Feb 23 08:24:43 np0005626461 object-server[120955]: 172.20.0.105 - - [23/Feb/2026:08:24:43 +0000] "GET /d1/184/AUTH_d351b5d019cd497ab1d84160f10b653c/gnocchi.2006331c-4bf4-4bc2-bafa-b6d01219e73a/none_v3" 404 70 "GET http://172.18.0.134:8080/v1/AUTH_d351b5d019cd497ab1d84160f10b653c/gnocchi.2006331c-4bf4-4bc2-bafa-b6d01219e73a/none_v3" "txa941dc5ddfa94cf88b830-00699c0ecb" "proxy-server 20" 0.0004 "-" 21 0
Feb 23 08:24:43 np0005626461 proxy-server[122398]: 172.18.0.105 172.18.0.104 23/Feb/2026/08/24/43 GET /v1/AUTH_d351b5d019cd497ab1d84160f10b653c/gnocchi.2006331c-4bf4-4bc2-bafa-b6d01219e73a/none_v3 HTTP/1.0 404 - python-swiftclient-3.11.1 gAAAAABpnA4o6Gk-... - 70 - txa941dc5ddfa94cf88b830-00699c0ecb - 0.0329 - - 1771835083.176733971 1771835083.209661722 0
Feb 23 08:24:43 np0005626461 container-server[120513]: 172.20.0.105 - - [23/Feb/2026:08:24:43 +0000] "HEAD /d1/602/AUTH_d351b5d019cd497ab1d84160f10b653c/gnocchi.3be5ab82-59d1-486f-86d4-ae944e1266d2" 404 - "HEAD http://172.18.0.134:8080/v1/AUTH_d351b5d019cd497ab1d84160f10b653c/gnocchi.3be5ab82-59d1-486f-86d4-ae944e1266d2?format=json&states=listing" "txe3cc600f688447cb90603-00699c0ecb" "proxy-server 20" 0.0003 "-" 14 0
Feb 23 08:24:43 np0005626461 container-server[120529]: 172.20.0.103 - - [23/Feb/2026:08:24:43 +0000] "HEAD /d1/931/AUTH_d351b5d019cd497ab1d84160f10b653c/gnocchi.815f70e1-ec9a-4abf-8604-b6ebe6f65d13" 404 - "HEAD http://172.18.0.134:8080/v1/AUTH_d351b5d019cd497ab1d84160f10b653c/gnocchi.815f70e1-ec9a-4abf-8604-b6ebe6f65d13?format=json&states=listing" "txde07bb6d1d584aa2b4925-00699c0ecb" "proxy-server 20" 0.0007 "-" 17 0
Feb 23 08:24:43 np0005626461 object-server[120955]: 172.20.0.103 - - [23/Feb/2026:08:24:43 +0000] "GET /d1/229/AUTH_d351b5d019cd497ab1d84160f10b653c/gnocchi.815f70e1-ec9a-4abf-8604-b6ebe6f65d13/none_v3" 404 70 "GET http://172.18.0.134:8080/v1/AUTH_d351b5d019cd497ab1d84160f10b653c/gnocchi.815f70e1-ec9a-4abf-8604-b6ebe6f65d13/none_v3" "txde07bb6d1d584aa2b4925-00699c0ecb" "proxy-server 20" 0.0004 "-" 21 0
