Feb 23 08:29:46 np0005626461 proxy-server[122398]: 172.18.0.105 172.18.0.104 23/Feb/2026/08/29/46 PUT /v1/AUTH_d351b5d019cd497ab1d84160f10b653c/gnocchi.1d0d75ac-6399-40be-82c8-e645a7bf9a38/none_v3 HTTP/1.0 201 - python-swiftclient-3.11.1 gAAAAABpnA4o6Gk-... 32 - - tx46a1dc2429204777bb85e-00699c0ffa - 0.0334 - - 1771835386.160156250 1771835386.193570852 0
Feb 23 08:29:46 np0005626461 object-server[120970]: 172.20.0.104 - - [23/Feb/2026:08:29:46 +0000] "GET /d1/832/AUTH_d351b5d019cd497ab1d84160f10b653c/gnocchi.775bdd17-dd47-4d35-b74f-be986e860bd1/1771200000.0_rate%3Amean_300.0_v3" 404 70 "GET http://172.18.0.134:8080/v1/AUTH_d351b5d019cd497ab1d84160f10b653c/gnocchi.775bdd17-dd47-4d35-b74f-be986e860bd1/1771200000.0_rate%3Amean_300.0_v3" "tx3ef344952bd64d6dbcc5c-00699c0ffa" "proxy-server 20" 0.0005 "-" 22 0
Feb 23 08:29:46 np0005626461 container-server[120519]: 172.20.0.104 - - [23/Feb/2026:08:29:46 +0000] "PUT /d1/752/AUTH_d351b5d019cd497ab1d84160f10b653c/gnocchi.2006331c-4bf4-4bc2-bafa-b6d01219e73a/none_v3" 201 - "PUT http://172.18.0.134:8080/d1/184/AUTH_d351b5d019cd497ab1d84160f10b653c/gnocchi.2006331c-4bf4-4bc2-bafa-b6d01219e73a/none_v3" "txd19c0eb55c5a4351951de-00699c0ffa" "object-server 25" 0.0006 "-" 15 0
Feb 23 08:29:46 np0005626461 object-server[120955]: 172.20.0.105 - - [23/Feb/2026:08:29:46 +0000] "PUT /d1/184/AUTH_d351b5d019cd497ab1d84160f10b653c/gnocchi.2006331c-4bf4-4bc2-bafa-b6d01219e73a/none_v3" 201 - "PUT http://172.18.0.134:8080/v1/AUTH_d351b5d019cd497ab1d84160f10b653c/gnocchi.2006331c-4bf4-4bc2-bafa-b6d01219e73a/none_v3" "txd19c0eb55c5a4351951de-00699c0ffa" "proxy-server 20" 0.0181 "-" 21 0
Feb 23 08:29:46 np0005626461 proxy-server[122398]: 172.18.0.134 172.18.0.104 23/Feb/2026/08/29/46 PUT /v1/AUTH_d351b5d019cd497ab1d84160f10b653c/gnocchi.2006331c-4bf4-4bc2-bafa-b6d01219e73a/none_v3 HTTP/1.0 201 - python-swiftclient-3.11.1 gAAAAABpnA5xJZZ6... 33 - - txd19c0eb55c5a4351951de-00699c0ffa - 0.0277 - - 1771835386.199222565 1771835386.226888657 0
Feb 23 08:29:46 np0005626461 container-server[120529]: 172.20.0.105 - - [23/Feb/2026:08:29:46 +0000] "HEAD /d1/685/AUTH_d351b5d019cd497ab1d84160f10b653c/gnocchi.a9a3f913-6e88-4980-a5d3-395f971e818d" 204 - "HEAD http://172.18.0.134:8080/v1/AUTH_d351b5d019cd497ab1d84160f10b653c/gnocchi.a9a3f913-6e88-4980-a5d3-395f971e818d?format=json&states=listing" "tx456fe9d924a040819678e-00699c0ffa" "proxy-server 20" 0.0028 "-" 17 0
Feb 23 08:29:46 np0005626461 proxy-server[122398]: 172.18.0.105 172.18.0.104 23/Feb/2026/08/29/46 GET /v1/AUTH_d351b5d019cd497ab1d84160f10b653c/gnocchi.a9a3f913-6e88-4980-a5d3-395f971e818d/none_v3 HTTP/1.0 200 - python-swiftclient-3.11.1 gAAAAABpnA4o6Gk-... - 22 - tx456fe9d924a040819678e-00699c0ffa - 0.0181 - - 1771835386.248972654 1771835386.267042160 0
Feb 23 08:29:46 np0005626461 container-server[120519]: 172.20.0.104 - - [23/Feb/2026:08:29:46 +0000] "PUT /d1/200/AUTH_d351b5d019cd497ab1d84160f10b653c/gnocchi.775bdd17-dd47-4d35-b74f-be986e860bd1/1771200000.0_rate%3Amean_300.0_v3" 201 - "PUT http://172.18.0.134:8080/d1/832/AUTH_d351b5d019cd497ab1d84160f10b653c/gnocchi.775bdd17-dd47-4d35-b74f-be986e860bd1/1771200000.0_rate%3Amean_300.0_v3" "tx27dca6bfdbb741acbb666-00699c0ffa" "object-server 22" 0.0008 "-" 15 0
Feb 23 08:29:46 np0005626461 object-server[120955]: 172.20.0.104 - - [23/Feb/2026:08:29:46 +0000] "PUT /d1/832/AUTH_d351b5d019cd497ab1d84160f10b653c/gnocchi.775bdd17-dd47-4d35-b74f-be986e860bd1/1771200000.0_rate%3Amean_300.0_v3" 201 - "PUT http://172.18.0.134:8080/v1/AUTH_d351b5d019cd497ab1d84160f10b653c/gnocchi.775bdd17-dd47-4d35-b74f-be986e860bd1/1771200000.0_rate%3Amean_300.0_v3" "tx27dca6bfdbb741acbb666-00699c0ffa" "proxy-server 20" 0.0164 "-" 21 0
Feb 23 08:29:46 np0005626461 proxy-server[122398]: 172.18.0.105 172.18.0.104 23/Feb/2026/08/29/46 GET /v1/AUTH_d351b5d019cd497ab1d84160f10b653c/gnocchi.a9a3f913-6e88-4980-a5d3-395f971e818d%3Fformat%3Djson%26marker%3Dnone_v3%26states%3Dlisting HTTP/1.0 200 - python-swiftclient-3.11.1 gAAAAABpnA4o6Gk-... - 2 - tx0331e506f210482988311-00699c0ffa - 0.0156 - - 1771835386.291788101 1771835386.307429075 0
Feb 23 08:29:46 np0005626461 container-server[120519]: 172.20.0.105 - - [23/Feb/2026:08:29:46 +0000] "PUT /d1/200/AUTH_d351b5d019cd497ab1d84160f10b653c/gnocchi.775bdd17-dd47-4d35-b74f-be986e860bd1/1771200000.0_mean_300.0_v3" 201 - "PUT http://172.18.0.134:8080/d1/613/AUTH_d351b5d019cd497ab1d84160f10b653c/gnocchi.775bdd17-dd47-4d35-b74f-be986e860bd1/1771200000.0_mean_300.0_v3" "txb21b1a2d138a444fa237c-00699c0ffa" "object-server 22" 0.0006 "-" 15 0
Feb 23 08:29:46 np0005626461 object-server[120970]: 172.20.0.103 - - [23/Feb/2026:08:29:46 +0000] "PUT /d1/613/AUTH_d351b5d019cd497ab1d84160f10b653c/gnocchi.775bdd17-dd47-4d35-b74f-be986e860bd1/1771200000.0_mean_300.0_v3" 201 - "PUT http://172.18.0.134:8080/v1/AUTH_d351b5d019cd497ab1d84160f10b653c/gnocchi.775bdd17-dd47-4d35-b74f-be986e860bd1/1771200000.0_mean_300.0_v3" "txb21b1a2d138a444fa237c-00699c0ffa" "proxy-server 20" 0.0095 "-" 22 0
Feb 23 08:29:46 np0005626461 object-server[120970]: 172.20.0.104 - - [23/Feb/2026:08:29:46 +0000] "GET /d1/3/AUTH_d351b5d019cd497ab1d84160f10b653c/gnocchi.a9a3f913-6e88-4980-a5d3-395f971e818d/1771200000.0_mean_300.0_v3" 200 16 "GET http://172.18.0.134:8080/v1/AUTH_d351b5d019cd497ab1d84160f10b653c/gnocchi.a9a3f913-6e88-4980-a5d3-395f971e818d/1771200000.0_mean_300.0_v3" "tx99a98f6cdcd64422a9e34-00699c0ffa" "proxy-server 20" 0.0008 "-" 22 0
Feb 23 08:29:46 np0005626461 object-server[120955]: 172.20.0.104 - - [23/Feb/2026:08:29:46 +0000] "GET /d1/688/AUTH_d351b5d019cd497ab1d84160f10b653c/gnocchi.a9a3f913-6e88-4980-a5d3-395f971e818d/1771200000.0_rate%3Amean_300.0_v3" 404 70 "GET http://172.18.0.134:8080/v1/AUTH_d351b5d019cd497ab1d84160f10b653c/gnocchi.a9a3f913-6e88-4980-a5d3-395f971e818d/1771200000.0_rate%3Amean_300.0_v3" "tx653c0d89dd2e4173b4ae2-00699c0ffa" "proxy-server 20" 0.0004 "-" 21 0
Feb 23 08:29:46 np0005626461 object-server[120975]: 172.20.0.103 - - [23/Feb/2026:08:29:46 +0000] "GET /d1/229/AUTH_d351b5d019cd497ab1d84160f10b653c/gnocchi.815f70e1-ec9a-4abf-8604-b6ebe6f65d13/none_v3" 200 22 "GET http://172.18.0.134:8080/v1/AUTH_d351b5d019cd497ab1d84160f10b653c/gnocchi.815f70e1-ec9a-4abf-8604-b6ebe6f65d13/none_v3" "tx0dc1997e6a0440e4bc4d1-00699c0ffa" "proxy-server 20" 0.0009 "-" 24 0
Feb 23 08:29:46 np0005626461 object-server[120970]: 172.20.0.105 - - [23/Feb/2026:08:29:46 +0000] "PUT /d1/556/AUTH_d351b5d019cd497ab1d84160f10b653c/gnocchi.775bdd17-dd47-4d35-b74f-be986e860bd1/none_v3" 201 - "PUT http://172.18.0.134:8080/v1/AUTH_d351b5d019cd497ab1d84160f10b653c/gnocchi.775bdd17-dd47-4d35-b74f-be986e860bd1/none_v3" "tx7840c29bf8064981aa471-00699c0ffa" "proxy-server 20" 0.0134 "-" 22 0
Feb 23 08:29:46 np0005626461 container-server[120519]: 172.20.0.103 - - [23/Feb/2026:08:29:46 +0000] "PUT /d1/200/AUTH_d351b5d019cd497ab1d84160f10b653c/gnocchi.775bdd17-dd47-4d35-b74f-be986e860bd1/none_v3" 201 - "PUT http://172.18.0.134:8080/d1/556/AUTH_d351b5d019cd497ab1d84160f10b653c/gnocchi.775bdd17-dd47-4d35-b74f-be986e860bd1/none_v3" "tx7840c29bf8064981aa471-00699c0ffa" "object-server 24" 0.0004 "-" 15 0
Feb 23 08:29:46 np0005626461 proxy-server[122398]: 172.18.0.103 172.18.0.104 23/Feb/2026/08/29/46 PUT /v1/AUTH_d351b5d019cd497ab1d84160f10b653c/gnocchi.775bdd17-dd47-4d35-b74f-be986e860bd1/none_v3 HTTP/1.0 201 - python-swiftclient-3.11.1 gAAAAABpnA5xV5GH... 33 - - tx7840c29bf8064981aa471-00699c0ffa - 0.0350 - - 1771835386.323916197 1771835386.358919621 0
Feb 23 08:29:46 np0005626461 container-server[120519]: 172.20.0.103 - - [23/Feb/2026:08:29:46 +0000] "GET /d1/931/AUTH_d351b5d019cd497ab1d84160f10b653c/gnocchi.815f70e1-ec9a-4abf-8604-b6ebe6f65d13" 200 357 "GET http://172.18.0.134:8080/v1/AUTH_d351b5d019cd497ab1d84160f10b653c/gnocchi.815f70e1-ec9a-4abf-8604-b6ebe6f65d13?format=json&states=listing" "tx4f45d85b6714497690956-00699c0ffa" "proxy-server 20" 0.0023 "-" 15 0
Feb 23 08:29:46 np0005626461 container-server[120513]: 172.20.0.103 - - [23/Feb/2026:08:29:46 +0000] "PUT /d1/685/AUTH_d351b5d019cd497ab1d84160f10b653c/gnocchi.a9a3f913-6e88-4980-a5d3-395f971e818d/1771200000.0_mean_300.0_v3" 201 - "PUT http://172.18.0.134:8080/d1/3/AUTH_d351b5d019cd497ab1d84160f10b653c/gnocchi.a9a3f913-6e88-4980-a5d3-395f971e818d/1771200000.0_mean_300.0_v3" "tx15f3edf500ae46eaa7270-00699c0ffa" "object-server 24" 0.0010 "-" 14 0
Feb 23 08:29:46 np0005626461 object-server[120975]: 172.20.0.105 - - [23/Feb/2026:08:29:46 +0000] "PUT /d1/3/AUTH_d351b5d019cd497ab1d84160f10b653c/gnocchi.a9a3f913-6e88-4980-a5d3-395f971e818d/1771200000.0_mean_300.0_v3" 201 - "PUT http://172.18.0.134:8080/v1/AUTH_d351b5d019cd497ab1d84160f10b653c/gnocchi.a9a3f913-6e88-4980-a5d3-395f971e818d/1771200000.0_mean_300.0_v3" "tx15f3edf500ae46eaa7270-00699c0ffa" "proxy-server 20" 0.0158 "-" 24 0
Feb 23 08:29:46 np0005626461 proxy-server[122398]: 172.18.0.105 172.18.0.104 23/Feb/2026/08/29/46 PUT /v1/AUTH_d351b5d019cd497ab1d84160f10b653c/gnocchi.a9a3f913-6e88-4980-a5d3-395f971e818d/1771200000.0_mean_300.0_v3 HTTP/1.0 201 - python-swiftclient-3.11.1 gAAAAABpnA4o6Gk-... 24 - - tx15f3edf500ae46eaa7270-00699c0ffa - 0.0251 - - 1771835386.369474411 1771835386.394552231 0
Feb 23 08:29:46 np0005626461 object-server[120981]: 172.20.0.103 - - [23/Feb/2026:08:29:46 +0000] "GET /d1/912/AUTH_d351b5d019cd497ab1d84160f10b653c/gnocchi.815f70e1-ec9a-4abf-8604-b6ebe6f65d13/1771200000.0_rate%3Amean_300.0_v3" 404 70 "GET http://172.18.0.134:8080/v1/AUTH_d351b5d019cd497ab1d84160f10b653c/gnocchi.815f70e1-ec9a-4abf-8604-b6ebe6f65d13/1771200000.0_rate%3Amean_300.0_v3" "tx1d80bc39370d4d2fb60ca-00699c0ffa" "proxy-server 20" 0.0005 "-" 25 0
Feb 23 08:29:46 np0005626461 container-server[120525]: 172.20.0.104 - - [23/Feb/2026:08:29:46 +0000] "PUT /d1/685/AUTH_d351b5d019cd497ab1d84160f10b653c/gnocchi.a9a3f913-6e88-4980-a5d3-395f971e818d/1771200000.0_rate%3Amean_300.0_v3" 201 - "PUT http://172.18.0.134:8080/d1/688/AUTH_d351b5d019cd497ab1d84160f10b653c/gnocchi.a9a3f913-6e88-4980-a5d3-395f971e818d/1771200000.0_rate%3Amean_300.0_v3" "tx204e7c28562e475f9412b-00699c0ffa" "object-server 23" 0.0007 "-" 16 0
Feb 23 08:29:46 np0005626461 object-server[120981]: 172.20.0.104 - - [23/Feb/2026:08:29:46 +0000] "PUT /d1/688/AUTH_d351b5d019cd497ab1d84160f10b653c/gnocchi.a9a3f913-6e88-4980-a5d3-395f971e818d/1771200000.0_rate%3Amean_300.0_v3" 201 - "PUT http://172.18.0.134:8080/v1/AUTH_d351b5d019cd497ab1d84160f10b653c/gnocchi.a9a3f913-6e88-4980-a5d3-395f971e818d/1771200000.0_rate%3Amean_300.0_v3" "tx204e7c28562e475f9412b-00699c0ffa" "proxy-server 20" 0.0130 "-" 25 0
Feb 23 08:29:46 np0005626461 proxy-server[122398]: 172.18.0.134 172.18.0.104 23/Feb/2026/08/29/46 GET /v1/AUTH_d351b5d019cd497ab1d84160f10b653c/gnocchi.815f70e1-ec9a-4abf-8604-b6ebe6f65d13/1771200000.0_mean_300.0_v3 HTTP/1.0 200 - python-swiftclient-3.11.1 gAAAAABpnA5xJZZ6... - 16 - tx58014ecc9ec7405b9d780-00699c0ffa - 0.0124 - - 1771835386.421710730 1771835386.434149265 0
Feb 23 08:29:46 np0005626461 container-server[120513]: 172.20.0.105 - - [23/Feb/2026:08:29:46 +0000] "HEAD /d1/923/AUTH_d351b5d019cd497ab1d84160f10b653c/gnocchi.ff3d4d84-f6cc-4223-a974-ba1e7eba000f" 204 - "HEAD http://172.18.0.134:8080/v1/AUTH_d351b5d019cd497ab1d84160f10b653c/gnocchi.ff3d4d84-f6cc-4223-a974-ba1e7eba000f?format=json&states=listing" "tx4ac7917d704744e693eaa-00699c0ffa" "proxy-server 20" 0.0027 "-" 14 0
Feb 23 08:29:46 np0005626461 container-server[120529]: 172.20.0.104 - - [23/Feb/2026:08:29:46 +0000] "PUT /d1/685/AUTH_d351b5d019cd497ab1d84160f10b653c/gnocchi.a9a3f913-6e88-4980-a5d3-395f971e818d/none_v3" 201 - "PUT http://172.18.0.134:8080/d1/568/AUTH_d351b5d019cd497ab1d84160f10b653c/gnocchi.a9a3f913-6e88-4980-a5d3-395f971e818d/none_v3" "tx94a28f30c9f34e34b25da-00699c0ffa" "object-server 23" 0.0010 "-" 17 0
Feb 23 08:29:46 np0005626461 object-server[120975]: 172.20.0.103 - - [23/Feb/2026:08:29:46 +0000] "PUT /d1/912/AUTH_d351b5d019cd497ab1d84160f10b653c/gnocchi.815f70e1-ec9a-4abf-8604-b6ebe6f65d13/1771200000.0_rate%3Amean_300.0_v3" 201 - "PUT http://172.18.0.134:8080/v1/AUTH_d351b5d019cd497ab1d84160f10b653c/gnocchi.815f70e1-ec9a-4abf-8604-b6ebe6f65d13/1771200000.0_rate%3Amean_300.0_v3" "tx1c0019cd09444dbdbdcf6-00699c0ffa" "proxy-server 20" 0.0197 "-" 24 0
Feb 23 08:29:46 np0005626461 proxy-server[122398]: 172.18.0.103 172.18.0.104 23/Feb/2026/08/29/46 GET /v1/AUTH_d351b5d019cd497ab1d84160f10b653c/gnocchi.ff3d4d84-f6cc-4223-a974-ba1e7eba000f/none_v3 HTTP/1.0 200 - python-swiftclient-3.11.1 gAAAAABpnA5xV5GH... - 22 - tx4ac7917d704744e693eaa-00699c0ffa - 0.0277 - - 1771835386.445413113 1771835386.473113537 0
Feb 23 08:29:46 np0005626461 object-server[120981]: 172.20.0.104 - - [23/Feb/2026:08:29:46 +0000] "PUT /d1/568/AUTH_d351b5d019cd497ab1d84160f10b653c/gnocchi.a9a3f913-6e88-4980-a5d3-395f971e818d/none_v3" 201 - "PUT http://172.18.0.134:8080/v1/AUTH_d351b5d019cd497ab1d84160f10b653c/gnocchi.a9a3f913-6e88-4980-a5d3-395f971e818d/none_v3" "tx94a28f30c9f34e34b25da-00699c0ffa" "proxy-server 20" 0.0153 "-" 25 0
Feb 23 08:29:46 np0005626461 container-server[120519]: 172.20.0.103 - - [23/Feb/2026:08:29:46 +0000] "PUT /d1/931/AUTH_d351b5d019cd497ab1d84160f10b653c/gnocchi.815f70e1-ec9a-4abf-8604-b6ebe6f65d13/1771200000.0_rate%3Amean_300.0_v3" 201 - "PUT http://172.18.0.134:8080/d1/912/AUTH_d351b5d019cd497ab1d84160f10b653c/gnocchi.815f70e1-ec9a-4abf-8604-b6ebe6f65d13/1771200000.0_rate%3Amean_300.0_v3" "tx1c0019cd09444dbdbdcf6-00699c0ffa" "object-server 22" 0.0017 "-" 15 0
Feb 23 08:29:46 np0005626461 container-server[120525]: 172.20.0.105 - - [23/Feb/2026:08:29:46 +0000] "GET /d1/923/AUTH_d351b5d019cd497ab1d84160f10b653c/gnocchi.ff3d4d84-f6cc-4223-a974-ba1e7eba000f" 200 357 "GET http://172.18.0.134:8080/v1/AUTH_d351b5d019cd497ab1d84160f10b653c/gnocchi.ff3d4d84-f6cc-4223-a974-ba1e7eba000f?format=json&states=listing" "tx59b4ad1b544d47f19053f-00699c0ffa" "proxy-server 20" 0.0110 "-" 16 0
Feb 23 08:29:46 np0005626461 container-server[120513]: 172.20.0.105 - - [23/Feb/2026:08:29:46 +0000] "PUT /d1/931/AUTH_d351b5d019cd497ab1d84160f10b653c/gnocchi.815f70e1-ec9a-4abf-8604-b6ebe6f65d13/1771200000.0_mean_300.0_v3" 201 - "PUT http://172.18.0.134:8080/d1/433/AUTH_d351b5d019cd497ab1d84160f10b653c/gnocchi.815f70e1-ec9a-4abf-8604-b6ebe6f65d13/1771200000.0_mean_300.0_v3" "txe0942eba825541c3b53a0-00699c0ffa" "object-server 22" 0.0009 "-" 14 0
Feb 23 08:29:46 np0005626461 proxy-server[122398]: 172.18.0.103 172.18.0.104 23/Feb/2026/08/29/46 GET /v1/AUTH_d351b5d019cd497ab1d84160f10b653c/gnocchi.ff3d4d84-f6cc-4223-a974-ba1e7eba000f%3Fformat%3Djson%26states%3Dlisting HTTP/1.0 200 - python-swiftclient-3.11.1 gAAAAABpnA5xV5GH... - 357 - tx59b4ad1b544d47f19053f-00699c0ffa - 0.0317 - - 1771835386.479465961 1771835386.511196613 0
Feb 23 08:29:46 np0005626461 object-server[120970]: 172.20.0.104 - - [23/Feb/2026:08:29:46 +0000] "PUT /d1/433/AUTH_d351b5d019cd497ab1d84160f10b653c/gnocchi.815f70e1-ec9a-4abf-8604-b6ebe6f65d13/1771200000.0_mean_300.0_v3" 201 - "PUT http://172.18.0.134:8080/v1/AUTH_d351b5d019cd497ab1d84160f10b653c/gnocchi.815f70e1-ec9a-4abf-8604-b6ebe6f65d13/1771200000.0_mean_300.0_v3" "txe0942eba825541c3b53a0-00699c0ffa" "proxy-server 20" 0.0145 "-" 22 0
Feb 23 08:29:46 np0005626461 proxy-server[122398]: 172.18.0.103 172.18.0.104 23/Feb/2026/08/29/46 GET /v1/AUTH_d351b5d019cd497ab1d84160f10b653c/gnocchi.ff3d4d84-f6cc-4223-a974-ba1e7eba000f%3Fformat%3Djson%26marker%3Dnone_v3%26states%3Dlisting HTTP/1.0 200 - python-swiftclient-3.11.1 gAAAAABpnA5xV5GH... - 2 - tx67c0010fe2c840a08f311-00699c0ffa - 0.0154 - - 1771835386.516892433 1771835386.532242775 0
Feb 23 08:29:46 np0005626461 container-server[120513]: 172.20.0.105 - - [23/Feb/2026:08:29:46 +0000] "PUT /d1/931/AUTH_d351b5d019cd497ab1d84160f10b653c/gnocchi.815f70e1-ec9a-4abf-8604-b6ebe6f65d13/none_v3" 201 - "PUT http://172.18.0.134:8080/d1/229/AUTH_d351b5d019cd497ab1d84160f10b653c/gnocchi.815f70e1-ec9a-4abf-8604-b6ebe6f65d13/none_v3" "txdb287addb31144e28f46c-00699c0ffa" "object-server 21" 0.0009 "-" 14 0
Feb 23 08:29:46 np0005626461 object-server[120955]: 172.20.0.104 - - [23/Feb/2026:08:29:46 +0000] "PUT /d1/229/AUTH_d351b5d019cd497ab1d84160f10b653c/gnocchi.815f70e1-ec9a-4abf-8604-b6ebe6f65d13/none_v3" 201 - "PUT http://172.18.0.134:8080/v1/AUTH_d351b5d019cd497ab1d84160f10b653c/gnocchi.815f70e1-ec9a-4abf-8604-b6ebe6f65d13/none_v3" "txdb287addb31144e28f46c-00699c0ffa" "proxy-server 20" 0.0116 "-" 21 0
Feb 23 08:29:46 np0005626461 container-server[120525]: 172.20.0.103 - - [23/Feb/2026:08:29:46 +0000] "GET /d1/975/AUTH_d351b5d019cd497ab1d84160f10b653c/gnocchi.fa83dd2f-03fa-4931-9293-9d3f29a5d892" 200 357 "GET http://172.18.0.134:8080/v1/AUTH_d351b5d019cd497ab1d84160f10b653c/gnocchi.fa83dd2f-03fa-4931-9293-9d3f29a5d892?format=json&states=listing" "tx6b7fe616ecc1495fb995a-00699c0ffa" "proxy-server 20" 0.0042 "-" 16 0
Feb 23 08:29:46 np0005626461 object-server[120970]: 172.20.0.105 - - [23/Feb/2026:08:29:46 +0000] "GET /d1/158/AUTH_d351b5d019cd497ab1d84160f10b653c/gnocchi.ff3d4d84-f6cc-4223-a974-ba1e7eba000f/1771200000.0_rate%3Amean_300.0_v3" 404 70 "GET http://172.18.0.134:8080/v1/AUTH_d351b5d019cd497ab1d84160f10b653c/gnocchi.ff3d4d84-f6cc-4223-a974-ba1e7eba000f/1771200000.0_rate%3Amean_300.0_v3" "tx53cc48ceef1b4f1b8261c-00699c0ffa" "proxy-server 20" 0.0008 "-" 22 0
Feb 23 08:29:46 np0005626461 proxy-server[122398]: 172.18.0.103 172.18.0.104 23/Feb/2026/08/29/46 GET /v1/AUTH_d351b5d019cd497ab1d84160f10b653c/gnocchi.ff3d4d84-f6cc-4223-a974-ba1e7eba000f/1771200000.0_rate%253Amean_300.0_v3 HTTP/1.0 404 - python-swiftclient-3.11.1 gAAAAABpnA5xV5GH... - 70 - tx53cc48ceef1b4f1b8261c-00699c0ffa - 0.0251 - - 1771835386.538719893 1771835386.563774824 0
Feb 23 08:29:46 np0005626461 object-server[120981]: 172.20.0.103 - - [23/Feb/2026:08:29:46 +0000] "GET /d1/577/AUTH_d351b5d019cd497ab1d84160f10b653c/gnocchi.ff3d4d84-f6cc-4223-a974-ba1e7eba000f/1771200000.0_mean_300.0_v3" 200 16 "GET http://172.18.0.134:8080/v1/AUTH_d351b5d019cd497ab1d84160f10b653c/gnocchi.ff3d4d84-f6cc-4223-a974-ba1e7eba000f/1771200000.0_mean_300.0_v3" "tx2f1f5112be444e4498feb-00699c0ffa" "proxy-server 20" 0.0012 "-" 25 0
Feb 23 08:29:46 np0005626461 object-server[120955]: 172.20.0.105 - - [23/Feb/2026:08:29:46 +0000] "PUT /d1/158/AUTH_d351b5d019cd497ab1d84160f10b653c/gnocchi.ff3d4d84-f6cc-4223-a974-ba1e7eba000f/1771200000.0_rate%3Amean_300.0_v3" 201 - "PUT http://172.18.0.134:8080/v1/AUTH_d351b5d019cd497ab1d84160f10b653c/gnocchi.ff3d4d84-f6cc-4223-a974-ba1e7eba000f/1771200000.0_rate%3Amean_300.0_v3" "tx6827a8cf2627426c99202-00699c0ffa" "proxy-server 20" 0.0224 "-" 21 0
Feb 23 08:29:46 np0005626461 object-server[120975]: 172.20.0.104 - - [23/Feb/2026:08:29:46 +0000] "GET /d1/82/AUTH_d351b5d019cd497ab1d84160f10b653c/gnocchi.fa83dd2f-03fa-4931-9293-9d3f29a5d892/1771200000.0_rate%3Amean_300.0_v3" 404 70 "GET http://172.18.0.134:8080/v1/AUTH_d351b5d019cd497ab1d84160f10b653c/gnocchi.fa83dd2f-03fa-4931-9293-9d3f29a5d892/1771200000.0_rate%3Amean_300.0_v3" "tx955ada3ada67426996803-00699c0ffa" "proxy-server 20" 0.0005 "-" 24 0
Feb 23 08:29:46 np0005626461 container-server[120513]: 172.20.0.104 - - [23/Feb/2026:08:29:46 +0000] "PUT /d1/923/AUTH_d351b5d019cd497ab1d84160f10b653c/gnocchi.ff3d4d84-f6cc-4223-a974-ba1e7eba000f/1771200000.0_rate%3Amean_300.0_v3" 201 - "PUT http://172.18.0.134:8080/d1/158/AUTH_d351b5d019cd497ab1d84160f10b653c/gnocchi.ff3d4d84-f6cc-4223-a974-ba1e7eba000f/1771200000.0_rate%3Amean_300.0_v3" "tx6827a8cf2627426c99202-00699c0ffa" "object-server 24" 0.0007 "-" 14 0
Feb 23 08:29:46 np0005626461 proxy-server[122398]: 172.18.0.103 172.18.0.104 23/Feb/2026/08/29/46 PUT /v1/AUTH_d351b5d019cd497ab1d84160f10b653c/gnocchi.ff3d4d84-f6cc-4223-a974-ba1e7eba000f/1771200000.0_rate%253Amean_300.0_v3 HTTP/1.0 201 - python-swiftclient-3.11.1 gAAAAABpnA5xV5GH... 16 - - tx6827a8cf2627426c99202-00699c0ffa - 0.0577 - - 1771835386.585556507 1771835386.643268585 0
Feb 23 08:29:46 np0005626461 object-server[120970]: 172.20.0.103 - - [23/Feb/2026:08:29:46 +0000] "PUT /d1/22/AUTH_d351b5d019cd497ab1d84160f10b653c/gnocchi.fa83dd2f-03fa-4931-9293-9d3f29a5d892/1771200000.0_mean_300.0_v3" 201 - "PUT http://172.18.0.134:8080/v1/AUTH_d351b5d019cd497ab1d84160f10b653c/gnocchi.fa83dd2f-03fa-4931-9293-9d3f29a5d892/1771200000.0_mean_300.0_v3" "txe1e80b8289314aa0bdf5a-00699c0ffa" "proxy-server 20" 0.0134 "-" 22 0
Feb 23 08:29:46 np0005626461 container-server[120519]: 172.20.0.103 - - [23/Feb/2026:08:29:46 +0000] "PUT /d1/975/AUTH_d351b5d019cd497ab1d84160f10b653c/gnocchi.fa83dd2f-03fa-4931-9293-9d3f29a5d892/1771200000.0_mean_300.0_v3" 201 - "PUT http://172.18.0.134:8080/d1/22/AUTH_d351b5d019cd497ab1d84160f10b653c/gnocchi.fa83dd2f-03fa-4931-9293-9d3f29a5d892/1771200000.0_mean_300.0_v3" "txe1e80b8289314aa0bdf5a-00699c0ffa" "object-server 23" 0.0015 "-" 15 0
Feb 23 08:29:46 np0005626461 container-server[120529]: 172.20.0.103 - - [23/Feb/2026:08:29:46 +0000] "PUT /d1/923/AUTH_d351b5d019cd497ab1d84160f10b653c/gnocchi.ff3d4d84-f6cc-4223-a974-ba1e7eba000f/1771200000.0_mean_300.0_v3" 201 - "PUT http://172.18.0.134:8080/d1/577/AUTH_d351b5d019cd497ab1d84160f10b653c/gnocchi.ff3d4d84-f6cc-4223-a974-ba1e7eba000f/1771200000.0_mean_300.0_v3" "tx50c1873a2ea449a1991d6-00699c0ffa" "object-server 25" 0.0008 "-" 17 0
Feb 23 08:29:46 np0005626461 object-server[120981]: 172.20.0.105 - - [23/Feb/2026:08:29:46 +0000] "PUT /d1/577/AUTH_d351b5d019cd497ab1d84160f10b653c/gnocchi.ff3d4d84-f6cc-4223-a974-ba1e7eba000f/1771200000.0_mean_300.0_v3" 201 - "PUT http://172.18.0.134:8080/v1/AUTH_d351b5d019cd497ab1d84160f10b653c/gnocchi.ff3d4d84-f6cc-4223-a974-ba1e7eba000f/1771200000.0_mean_300.0_v3" "tx50c1873a2ea449a1991d6-00699c0ffa" "proxy-server 20" 0.0164 "-" 25 0
Feb 23 08:29:46 np0005626461 proxy-server[122398]: 172.18.0.103 172.18.0.104 23/Feb/2026/08/29/46 PUT /v1/AUTH_d351b5d019cd497ab1d84160f10b653c/gnocchi.ff3d4d84-f6cc-4223-a974-ba1e7eba000f/1771200000.0_mean_300.0_v3 HTTP/1.0 201 - python-swiftclient-3.11.1 gAAAAABpnA5xV5GH... 24 - - tx50c1873a2ea449a1991d6-00699c0ffa - 0.0262 - - 1771835386.651544809 1771835386.677763939 0
Feb 23 08:29:46 np0005626461 container-server[120525]: 172.20.0.103 - - [23/Feb/2026:08:29:46 +0000] "PUT /d1/923/AUTH_d351b5d019cd497ab1d84160f10b653c/gnocchi.ff3d4d84-f6cc-4223-a974-ba1e7eba000f/none_v3" 201 - "PUT http://172.18.0.134:8080/d1/385/AUTH_d351b5d019cd497ab1d84160f10b653c/gnocchi.ff3d4d84-f6cc-4223-a974-ba1e7eba000f/none_v3" "tx0198d83f500d480287158-00699c0ffa" "object-server 25" 0.0008 "-" 16 0
Feb 23 08:29:46 np0005626461 object-server[120970]: 172.20.0.104 - - [23/Feb/2026:08:29:46 +0000] "PUT /d1/82/AUTH_d351b5d019cd497ab1d84160f10b653c/gnocchi.fa83dd2f-03fa-4931-9293-9d3f29a5d892/1771200000.0_rate%3Amean_300.0_v3" 201 - "PUT http://172.18.0.134:8080/v1/AUTH_d351b5d019cd497ab1d84160f10b653c/gnocchi.fa83dd2f-03fa-4931-9293-9d3f29a5d892/1771200000.0_rate%3Amean_300.0_v3" "txfcf4a605a6ca44998c70b-00699c0ffa" "proxy-server 20" 0.0127 "-" 22 0
Feb 23 08:29:46 np0005626461 container-server[120519]: 172.20.0.103 - - [23/Feb/2026:08:29:46 +0000] "PUT /d1/975/AUTH_d351b5d019cd497ab1d84160f10b653c/gnocchi.fa83dd2f-03fa-4931-9293-9d3f29a5d892/1771200000.0_rate%3Amean_300.0_v3" 201 - "PUT http://172.18.0.134:8080/d1/82/AUTH_d351b5d019cd497ab1d84160f10b653c/gnocchi.fa83dd2f-03fa-4931-9293-9d3f29a5d892/1771200000.0_rate%3Amean_300.0_v3" "txfcf4a605a6ca44998c70b-00699c0ffa" "object-server 24" 0.0007 "-" 15 0
Feb 23 08:29:46 np0005626461 object-server[120970]: 172.20.0.103 - - [23/Feb/2026:08:29:46 +0000] "PUT /d1/385/AUTH_d351b5d019cd497ab1d84160f10b653c/gnocchi.ff3d4d84-f6cc-4223-a974-ba1e7eba000f/none_v3" 201 - "PUT http://172.18.0.134:8080/v1/AUTH_d351b5d019cd497ab1d84160f10b653c/gnocchi.ff3d4d84-f6cc-4223-a974-ba1e7eba000f/none_v3" "tx0198d83f500d480287158-00699c0ffa" "proxy-server 20" 0.0169 "-" 22 0
Feb 23 08:29:46 np0005626461 object-server[120701]: 44/44 (100.00%) partitions replicated in 2.73s (16.12/sec, 0s remaining)
Feb 23 08:29:46 np0005626461 object-server[120701]: 88 successes, 0 failures
Feb 23 08:29:46 np0005626461 object-server[120701]: 47 suffixes checked - 19.15% hashed, 0.00% synced
Feb 23 08:29:46 np0005626461 object-server[120701]: Partition times: max 1.9921s, min 0.0072s, med 0.0128s
Feb 23 08:29:46 np0005626461 object-server[120701]: Object replication complete. (0.05 minutes)
Feb 23 08:29:46 np0005626461 container-server[120513]: 172.20.0.103 - - [23/Feb/2026:08:29:46 +0000] "PUT /d1/975/AUTH_d351b5d019cd497ab1d84160f10b653c/gnocchi.fa83dd2f-03fa-4931-9293-9d3f29a5d892/none_v3" 201 - "PUT http://172.18.0.134:8080/d1/792/AUTH_d351b5d019cd497ab1d84160f10b653c/gnocchi.fa83dd2f-03fa-4931-9293-9d3f29a5d892/none_v3" "tx0ee0fd135bbd4039a0dab-00699c0ffa" "object-server 24" 0.0010 "-" 14 0
Feb 23 08:29:46 np0005626461 object-server[120970]: 172.20.0.105 - - [23/Feb/2026:08:29:46 +0000] "PUT /d1/792/AUTH_d351b5d019cd497ab1d84160f10b653c/gnocchi.fa83dd2f-03fa-4931-9293-9d3f29a5d892/none_v3" 201 - "PUT http://172.18.0.134:8080/v1/AUTH_d351b5d019cd497ab1d84160f10b653c/gnocchi.fa83dd2f-03fa-4931-9293-9d3f29a5d892/none_v3" "tx0ee0fd135bbd4039a0dab-00699c0ffa" "proxy-server 20" 0.0119 "-" 22 0
Feb 23 08:29:46 np0005626461 proxy-server[122398]: 172.18.0.105 172.18.0.104 23/Feb/2026/08/29/46 PUT /v1/AUTH_d351b5d019cd497ab1d84160f10b653c/gnocchi.fa83dd2f-03fa-4931-9293-9d3f29a5d892/none_v3 HTTP/1.0 201 - python-swiftclient-3.11.1 gAAAAABpnA4o6Gk-... 32 - - tx0ee0fd135bbd4039a0dab-00699c0ffa - 0.0209 - - 1771835386.717600346 1771835386.738462925 0
Feb 23 08:29:46 np0005626461 proxy-server[122398]: 172.18.0.134 172.18.0.104 23/Feb/2026/08/29/46 GET /v1/AUTH_d351b5d019cd497ab1d84160f10b653c/gnocchi.4b66d46e-016e-4cb9-b0b5-14764823da38%3Fformat%3Djson%26marker%3Dnone_v3%26states%3Dlisting HTTP/1.0 200 - python-swiftclient-3.11.1 gAAAAABpnA5xJZZ6... - 2 - txd69567f7d5c4497b805fe-00699c0ffa - 0.0116 - - 1771835386.768459797 1771835386.780016422 0
Feb 23 08:29:46 np0005626461 container-server[120519]: 172.20.0.105 - - [23/Feb/2026:08:29:46 +0000] "PUT /d1/906/AUTH_d351b5d019cd497ab1d84160f10b653c/gnocchi.4b66d46e-016e-4cb9-b0b5-14764823da38/1771200000.0_mean_300.0_v3" 201 - "PUT http://172.18.0.134:8080/d1/1018/AUTH_d351b5d019cd497ab1d84160f10b653c/gnocchi.4b66d46e-016e-4cb9-b0b5-14764823da38/1771200000.0_mean_300.0_v3" "tx982606b59a044e52b74da-00699c0ffa" "object-server 24" 0.0009 "-" 15 0
Feb 23 08:29:46 np0005626461 object-server[120975]: 172.20.0.104 - - [23/Feb/2026:08:29:46 +0000] "PUT /d1/1018/AUTH_d351b5d019cd497ab1d84160f10b653c/gnocchi.4b66d46e-016e-4cb9-b0b5-14764823da38/1771200000.0_mean_300.0_v3" 201 - "PUT http://172.18.0.134:8080/v1/AUTH_d351b5d019cd497ab1d84160f10b653c/gnocchi.4b66d46e-016e-4cb9-b0b5-14764823da38/1771200000.0_mean_300.0_v3" "tx982606b59a044e52b74da-00699c0ffa" "proxy-server 20" 0.0130 "-" 24 0
Feb 23 08:29:46 np0005626461 object-server[120970]: 172.20.0.105 - - [23/Feb/2026:08:29:46 +0000] "PUT /d1/355/AUTH_d351b5d019cd497ab1d84160f10b653c/gnocchi.4b66d46e-016e-4cb9-b0b5-14764823da38/none_v3" 201 - "PUT http://172.18.0.134:8080/v1/AUTH_d351b5d019cd497ab1d84160f10b653c/gnocchi.4b66d46e-016e-4cb9-b0b5-14764823da38/none_v3" "txd8026f2d2cef46139cd88-00699c0ffa" "proxy-server 20" 0.0131 "-" 22 0
Feb 23 08:29:46 np0005626461 container-server[120525]: 172.20.0.103 - - [23/Feb/2026:08:29:46 +0000] "PUT /d1/906/AUTH_d351b5d019cd497ab1d84160f10b653c/gnocchi.4b66d46e-016e-4cb9-b0b5-14764823da38/none_v3" 201 - "PUT http://172.18.0.134:8080/d1/355/AUTH_d351b5d019cd497ab1d84160f10b653c/gnocchi.4b66d46e-016e-4cb9-b0b5-14764823da38/none_v3" "txd8026f2d2cef46139cd88-00699c0ffa" "object-server 22" 0.0006 "-" 16 0
Feb 23 08:29:46 np0005626461 proxy-server[122398]: 172.18.0.134 172.18.0.104 23/Feb/2026/08/29/46 PUT /v1/AUTH_d351b5d019cd497ab1d84160f10b653c/gnocchi.4b66d46e-016e-4cb9-b0b5-14764823da38/none_v3 HTTP/1.0 201 - python-swiftclient-3.11.1 gAAAAABpnA5xJZZ6... 22 - - txd8026f2d2cef46139cd88-00699c0ffa - 0.0234 - - 1771835386.833424568 1771835386.856844425 0
Feb 23 08:29:46 np0005626461 proxy-server[122398]: 172.18.0.105 172.18.0.104 23/Feb/2026/08/29/46 GET /v1/AUTH_d351b5d019cd497ab1d84160f10b653c/gnocchi.610b2609-c529-49db-b009-27c0f145563c%3Fformat%3Djson%26marker%3Dnone_v3%26states%3Dlisting HTTP/1.0 200 - python-swiftclient-3.11.1 gAAAAABpnA4o6Gk-... - 2 - txc3d3e92cb5704a78bb46b-00699c0ffa - 0.0136 - - 1771835386.903069496 1771835386.916683674 0
Feb 23 08:29:46 np0005626461 container-server[120529]: 172.20.0.103 - - [23/Feb/2026:08:29:46 +0000] "HEAD /d1/585/AUTH_d351b5d019cd497ab1d84160f10b653c/gnocchi.94c5af18-f79c-4a4f-bc99-8f29403606ca" 204 - "HEAD http://172.18.0.134:8080/v1/AUTH_d351b5d019cd497ab1d84160f10b653c/gnocchi.94c5af18-f79c-4a4f-bc99-8f29403606ca?format=json&states=listing" "tx9d7b9d592e95468eba71a-00699c0ffa" "proxy-server 20" 0.0016 "-" 17 0
Feb 23 08:29:46 np0005626461 object-server[120975]: 172.20.0.104 - - [23/Feb/2026:08:29:46 +0000] "GET /d1/164/AUTH_d351b5d019cd497ab1d84160f10b653c/gnocchi.610b2609-c529-49db-b009-27c0f145563c/1771200000.0_mean_300.0_v3" 200 16 "GET http://172.18.0.134:8080/v1/AUTH_d351b5d019cd497ab1d84160f10b653c/gnocchi.610b2609-c529-49db-b009-27c0f145563c/1771200000.0_mean_300.0_v3" "tx98bf171dd5104415a21d0-00699c0ffa" "proxy-server 20" 0.0009 "-" 24 0
Feb 23 08:29:46 np0005626461 container-server[120513]: 172.20.0.104 - - [23/Feb/2026:08:29:46 +0000] "GET /d1/585/AUTH_d351b5d019cd497ab1d84160f10b653c/gnocchi.94c5af18-f79c-4a4f-bc99-8f29403606ca" 200 357 "GET http://172.18.0.134:8080/v1/AUTH_d351b5d019cd497ab1d84160f10b653c/gnocchi.94c5af18-f79c-4a4f-bc99-8f29403606ca?format=json&states=listing" "txb928aaafc01d40fe862f2-00699c0ffa" "proxy-server 20" 0.0045 "-" 14 0
Feb 23 08:29:46 np0005626461 object-server[120981]: 172.20.0.105 - - [23/Feb/2026:08:29:46 +0000] "GET /d1/618/AUTH_d351b5d019cd497ab1d84160f10b653c/gnocchi.610b2609-c529-49db-b009-27c0f145563c/1771200000.0_rate%3Amean_300.0_v3" 404 70 "GET http://172.18.0.134:8080/v1/AUTH_d351b5d019cd497ab1d84160f10b653c/gnocchi.610b2609-c529-49db-b009-27c0f145563c/1771200000.0_rate%3Amean_300.0_v3" "tx814fa94638794b9cbe8ca-00699c0ffa" "proxy-server 20" 0.0006 "-" 25 0
Feb 23 08:29:46 np0005626461 proxy-server[122398]: 172.18.0.105 172.18.0.104 23/Feb/2026/08/29/46 GET /v1/AUTH_d351b5d019cd497ab1d84160f10b653c/gnocchi.610b2609-c529-49db-b009-27c0f145563c/1771200000.0_rate%253Amean_300.0_v3 HTTP/1.0 404 - python-swiftclient-3.11.1 gAAAAABpnA4o6Gk-... - 70 - tx814fa94638794b9cbe8ca-00699c0ffa - 0.0175 - - 1771835386.937021732 1771835386.954500675 0
Feb 23 08:29:46 np0005626461 container-server[120519]: 172.20.0.103 - - [23/Feb/2026:08:29:46 +0000] "HEAD /d1/602/AUTH_d351b5d019cd497ab1d84160f10b653c/gnocchi.3be5ab82-59d1-486f-86d4-ae944e1266d2" 204 - "HEAD http://172.18.0.134:8080/v1/AUTH_d351b5d019cd497ab1d84160f10b653c/gnocchi.3be5ab82-59d1-486f-86d4-ae944e1266d2?format=json&states=listing" "tx964e588717764bb4826b7-00699c0ffa" "proxy-server 20" 0.0016 "-" 15 0
Feb 23 08:29:46 np0005626461 object-server[120975]: 172.20.0.103 - - [23/Feb/2026:08:29:46 +0000] "GET /d1/476/AUTH_d351b5d019cd497ab1d84160f10b653c/gnocchi.3be5ab82-59d1-486f-86d4-ae944e1266d2/none_v3" 200 22 "GET http://172.18.0.134:8080/v1/AUTH_d351b5d019cd497ab1d84160f10b653c/gnocchi.3be5ab82-59d1-486f-86d4-ae944e1266d2/none_v3" "tx964e588717764bb4826b7-00699c0ffa" "proxy-server 20" 0.0015 "-" 24 0
Feb 23 08:29:46 np0005626461 proxy-server[122398]: 172.18.0.103 172.18.0.104 23/Feb/2026/08/29/46 GET /v1/AUTH_d351b5d019cd497ab1d84160f10b653c/gnocchi.94c5af18-f79c-4a4f-bc99-8f29403606ca%3Fformat%3Djson%26marker%3Dnone_v3%26states%3Dlisting HTTP/1.0 200 - python-swiftclient-3.11.1 gAAAAABpnA5xV5GH... - 2 - tx8fa37fbabc604394a2f06-00699c0ffa - 0.0139 - - 1771835386.959011078 1771835386.972887039 0
Feb 23 08:29:46 np0005626461 container-server[120513]: 172.20.0.105 - - [23/Feb/2026:08:29:46 +0000] "PUT /d1/299/AUTH_d351b5d019cd497ab1d84160f10b653c/gnocchi.610b2609-c529-49db-b009-27c0f145563c/1771200000.0_mean_300.0_v3" 201 - "PUT http://172.18.0.134:8080/d1/164/AUTH_d351b5d019cd497ab1d84160f10b653c/gnocchi.610b2609-c529-49db-b009-27c0f145563c/1771200000.0_mean_300.0_v3" "txc9ea58b229c94a2ca3848-00699c0ffa" "object-server 21" 0.0017 "-" 14 0
Feb 23 08:29:46 np0005626461 object-server[120955]: 172.20.0.104 - - [23/Feb/2026:08:29:46 +0000] "PUT /d1/164/AUTH_d351b5d019cd497ab1d84160f10b653c/gnocchi.610b2609-c529-49db-b009-27c0f145563c/1771200000.0_mean_300.0_v3" 201 - "PUT http://172.18.0.134:8080/v1/AUTH_d351b5d019cd497ab1d84160f10b653c/gnocchi.610b2609-c529-49db-b009-27c0f145563c/1771200000.0_mean_300.0_v3" "txc9ea58b229c94a2ca3848-00699c0ffa" "proxy-server 20" 0.0119 "-" 21 0
Feb 23 08:29:46 np0005626461 object-server[120955]: 172.20.0.105 - - [23/Feb/2026:08:29:46 +0000] "GET /d1/206/AUTH_d351b5d019cd497ab1d84160f10b653c/gnocchi.94c5af18-f79c-4a4f-bc99-8f29403606ca/1771200000.0_rate%3Amean_300.0_v3" 404 70 "GET http://172.18.0.134:8080/v1/AUTH_d351b5d019cd497ab1d84160f10b653c/gnocchi.94c5af18-f79c-4a4f-bc99-8f29403606ca/1771200000.0_rate%3Amean_300.0_v3" "tx27df401fc71540e7b8fb0-00699c0ffa" "proxy-server 20" 0.0006 "-" 21 0
Feb 23 08:29:47 np0005626461 proxy-server[122398]: 172.18.0.103 172.18.0.104 23/Feb/2026/08/29/47 GET /v1/AUTH_d351b5d019cd497ab1d84160f10b653c/gnocchi.94c5af18-f79c-4a4f-bc99-8f29403606ca/1771200000.0_rate%253Amean_300.0_v3 HTTP/1.0 404 - python-swiftclient-3.11.1 gAAAAABpnA5xV5GH... - 70 - tx27df401fc71540e7b8fb0-00699c0ffa - 0.0269 - - 1771835386.979835510 1771835387.006752491 0
Feb 23 08:29:47 np0005626461 container-server[120519]: 172.20.0.105 - - [23/Feb/2026:08:29:47 +0000] "PUT /d1/299/AUTH_d351b5d019cd497ab1d84160f10b653c/gnocchi.610b2609-c529-49db-b009-27c0f145563c/1771200000.0_rate%3Amean_300.0_v3" 201 - "PUT http://172.18.0.134:8080/d1/618/AUTH_d351b5d019cd497ab1d84160f10b653c/gnocchi.610b2609-c529-49db-b009-27c0f145563c/1771200000.0_rate%3Amean_300.0_v3" "txcd7985a769334cd1b8bec-00699c0ffa" "object-server 22" 0.0008 "-" 15 0
Feb 23 08:29:47 np0005626461 object-server[120970]: 172.20.0.104 - - [23/Feb/2026:08:29:47 +0000] "PUT /d1/618/AUTH_d351b5d019cd497ab1d84160f10b653c/gnocchi.610b2609-c529-49db-b009-27c0f145563c/1771200000.0_rate%3Amean_300.0_v3" 201 - "PUT http://172.18.0.134:8080/v1/AUTH_d351b5d019cd497ab1d84160f10b653c/gnocchi.610b2609-c529-49db-b009-27c0f145563c/1771200000.0_rate%3Amean_300.0_v3" "txcd7985a769334cd1b8bec-00699c0ffa" "proxy-server 20" 0.0185 "-" 22 0
Feb 23 08:29:47 np0005626461 object-server[120955]: 172.20.0.105 - - [23/Feb/2026:08:29:47 +0000] "GET /d1/1009/AUTH_d351b5d019cd497ab1d84160f10b653c/gnocchi.94c5af18-f79c-4a4f-bc99-8f29403606ca/1771200000.0_mean_300.0_v3" 200 16 "GET http://172.18.0.134:8080/v1/AUTH_d351b5d019cd497ab1d84160f10b653c/gnocchi.94c5af18-f79c-4a4f-bc99-8f29403606ca/1771200000.0_mean_300.0_v3" "txfe255bc7a9404305aaca1-00699c0ffb" "proxy-server 20" 0.0010 "-" 21 0
Feb 23 08:29:47 np0005626461 proxy-server[122398]: 172.18.0.103 172.18.0.104 23/Feb/2026/08/29/47 GET /v1/AUTH_d351b5d019cd497ab1d84160f10b653c/gnocchi.94c5af18-f79c-4a4f-bc99-8f29403606ca/1771200000.0_mean_300.0_v3 HTTP/1.0 200 - python-swiftclient-3.11.1 gAAAAABpnA5xV5GH... - 16 - txfe255bc7a9404305aaca1-00699c0ffb - 0.0144 - - 1771835387.011568308 1771835387.026016712 0
Feb 23 08:29:47 np0005626461 object-server[120975]: 172.20.0.103 - - [23/Feb/2026:08:29:47 +0000] "GET /d1/489/AUTH_d351b5d019cd497ab1d84160f10b653c/gnocchi.3be5ab82-59d1-486f-86d4-ae944e1266d2/1771200000.0_rate%3Amean_300.0_v3" 404 70 "GET http://172.18.0.134:8080/v1/AUTH_d351b5d019cd497ab1d84160f10b653c/gnocchi.3be5ab82-59d1-486f-86d4-ae944e1266d2/1771200000.0_rate%3Amean_300.0_v3" "tx2964a6188472454aa5e9a-00699c0ffb" "proxy-server 20" 0.0003 "-" 24 0
Feb 23 08:29:47 np0005626461 container-server[120525]: 172.20.0.104 - - [23/Feb/2026:08:29:47 +0000] "PUT /d1/299/AUTH_d351b5d019cd497ab1d84160f10b653c/gnocchi.610b2609-c529-49db-b009-27c0f145563c/none_v3" 201 - "PUT http://172.18.0.134:8080/d1/1019/AUTH_d351b5d019cd497ab1d84160f10b653c/gnocchi.610b2609-c529-49db-b009-27c0f145563c/none_v3" "txd32a3fe492f14f87abcec-00699c0ffb" "object-server 24" 0.0011 "-" 16 0
Feb 23 08:29:47 np0005626461 container-server[120529]: 172.20.0.103 - - [23/Feb/2026:08:29:47 +0000] "PUT /d1/585/AUTH_d351b5d019cd497ab1d84160f10b653c/gnocchi.94c5af18-f79c-4a4f-bc99-8f29403606ca/1771200000.0_rate%3Amean_300.0_v3" 201 - "PUT http://172.18.0.134:8080/d1/206/AUTH_d351b5d019cd497ab1d84160f10b653c/gnocchi.94c5af18-f79c-4a4f-bc99-8f29403606ca/1771200000.0_rate%3Amean_300.0_v3" "tx18bee77657764ca0bc5da-00699c0ffb" "object-server 22" 0.0007 "-" 17 0
Feb 23 08:29:47 np0005626461 object-server[120975]: 172.20.0.104 - - [23/Feb/2026:08:29:47 +0000] "PUT /d1/1019/AUTH_d351b5d019cd497ab1d84160f10b653c/gnocchi.610b2609-c529-49db-b009-27c0f145563c/none_v3" 201 - "PUT http://172.18.0.134:8080/v1/AUTH_d351b5d019cd497ab1d84160f10b653c/gnocchi.610b2609-c529-49db-b009-27c0f145563c/none_v3" "txd32a3fe492f14f87abcec-00699c0ffb" "proxy-server 20" 0.0178 "-" 24 0
Feb 23 08:29:47 np0005626461 object-server[120955]: 172.20.0.105 - - [23/Feb/2026:08:29:47 +0000] "PUT /d1/206/AUTH_d351b5d019cd497ab1d84160f10b653c/gnocchi.94c5af18-f79c-4a4f-bc99-8f29403606ca/1771200000.0_rate%3Amean_300.0_v3" 201 - "PUT http://172.18.0.134:8080/v1/AUTH_d351b5d019cd497ab1d84160f10b653c/gnocchi.94c5af18-f79c-4a4f-bc99-8f29403606ca/1771200000.0_rate%3Amean_300.0_v3" "tx18bee77657764ca0bc5da-00699c0ffb" "proxy-server 20" 0.0223 "-" 21 0
Feb 23 08:29:47 np0005626461 proxy-server[122398]: 172.18.0.103 172.18.0.104 23/Feb/2026/08/29/47 PUT /v1/AUTH_d351b5d019cd497ab1d84160f10b653c/gnocchi.94c5af18-f79c-4a4f-bc99-8f29403606ca/1771200000.0_rate%253Amean_300.0_v3 HTTP/1.0 201 - python-swiftclient-3.11.1 gAAAAABpnA5xV5GH... 16 - - tx18bee77657764ca0bc5da-00699c0ffb - 0.0318 - - 1771835387.031911850 1771835387.063723803 0
Feb 23 08:29:47 np0005626461 container-server[120513]: 172.20.0.104 - - [23/Feb/2026:08:29:47 +0000] "PUT /d1/585/AUTH_d351b5d019cd497ab1d84160f10b653c/gnocchi.94c5af18-f79c-4a4f-bc99-8f29403606ca/1771200000.0_mean_300.0_v3" 201 - "PUT http://172.18.0.134:8080/d1/1009/AUTH_d351b5d019cd497ab1d84160f10b653c/gnocchi.94c5af18-f79c-4a4f-bc99-8f29403606ca/1771200000.0_mean_300.0_v3" "tx63b9fc7a10a944c096ab0-00699c0ffb" "object-server 23" 0.0009 "-" 14 0
Feb 23 08:29:47 np0005626461 container-server[120529]: 172.20.0.105 - - [23/Feb/2026:08:29:47 +0000] "PUT /d1/602/AUTH_d351b5d019cd497ab1d84160f10b653c/gnocchi.3be5ab82-59d1-486f-86d4-ae944e1266d2/1771200000.0_rate%3Amean_300.0_v3" 201 - "PUT http://172.18.0.134:8080/d1/489/AUTH_d351b5d019cd497ab1d84160f10b653c/gnocchi.3be5ab82-59d1-486f-86d4-ae944e1266d2/1771200000.0_rate%3Amean_300.0_v3" "tx59bf23efc12445b4af4b4-00699c0ffb" "object-server 21" 0.0008 "-" 17 0
Feb 23 08:29:47 np0005626461 object-server[120955]: 172.20.0.104 - - [23/Feb/2026:08:29:47 +0000] "PUT /d1/489/AUTH_d351b5d019cd497ab1d84160f10b653c/gnocchi.3be5ab82-59d1-486f-86d4-ae944e1266d2/1771200000.0_rate%3Amean_300.0_v3" 201 - "PUT http://172.18.0.134:8080/v1/AUTH_d351b5d019cd497ab1d84160f10b653c/gnocchi.3be5ab82-59d1-486f-86d4-ae944e1266d2/1771200000.0_rate%3Amean_300.0_v3" "tx59bf23efc12445b4af4b4-00699c0ffb" "proxy-server 20" 0.0154 "-" 21 0
Feb 23 08:29:47 np0005626461 object-server[120955]: 172.20.0.103 - - [23/Feb/2026:08:29:47 +0000] "PUT /d1/1009/AUTH_d351b5d019cd497ab1d84160f10b653c/gnocchi.94c5af18-f79c-4a4f-bc99-8f29403606ca/1771200000.0_mean_300.0_v3" 201 - "PUT http://172.18.0.134:8080/v1/AUTH_d351b5d019cd497ab1d84160f10b653c/gnocchi.94c5af18-f79c-4a4f-bc99-8f29403606ca/1771200000.0_mean_300.0_v3" "tx63b9fc7a10a944c096ab0-00699c0ffb" "proxy-server 20" 0.0151 "-" 21 0
Feb 23 08:29:47 np0005626461 container-server[120513]: 172.20.0.105 - - [23/Feb/2026:08:29:47 +0000] "PUT /d1/602/AUTH_d351b5d019cd497ab1d84160f10b653c/gnocchi.3be5ab82-59d1-486f-86d4-ae944e1266d2/1771200000.0_mean_300.0_v3" 201 - "PUT http://172.18.0.134:8080/d1/488/AUTH_d351b5d019cd497ab1d84160f10b653c/gnocchi.3be5ab82-59d1-486f-86d4-ae944e1266d2/1771200000.0_mean_300.0_v3" "txea28d8d5b2524e0db8a41-00699c0ffb" "object-server 24" 0.0007 "-" 14 0
Feb 23 08:29:47 np0005626461 object-server[120975]: 172.20.0.105 - - [23/Feb/2026:08:29:47 +0000] "PUT /d1/488/AUTH_d351b5d019cd497ab1d84160f10b653c/gnocchi.3be5ab82-59d1-486f-86d4-ae944e1266d2/1771200000.0_mean_300.0_v3" 201 - "PUT http://172.18.0.134:8080/v1/AUTH_d351b5d019cd497ab1d84160f10b653c/gnocchi.3be5ab82-59d1-486f-86d4-ae944e1266d2/1771200000.0_mean_300.0_v3" "txea28d8d5b2524e0db8a41-00699c0ffb" "proxy-server 20" 0.0149 "-" 24 0
Feb 23 08:29:47 np0005626461 proxy-server[122398]: 172.18.0.134 172.18.0.104 23/Feb/2026/08/29/47 PUT /v1/AUTH_d351b5d019cd497ab1d84160f10b653c/gnocchi.3be5ab82-59d1-486f-86d4-ae944e1266d2/1771200000.0_mean_300.0_v3 HTTP/1.0 201 - python-swiftclient-3.11.1 gAAAAABpnA5xJZZ6... 24 - - txea28d8d5b2524e0db8a41-00699c0ffb - 0.0290 - - 1771835387.108312368 1771835387.137309790 0
Feb 23 08:29:47 np0005626461 object-server[120970]: 172.20.0.103 - - [23/Feb/2026:08:29:47 +0000] "PUT /d1/476/AUTH_d351b5d019cd497ab1d84160f10b653c/gnocchi.3be5ab82-59d1-486f-86d4-ae944e1266d2/none_v3" 201 - "PUT http://172.18.0.134:8080/v1/AUTH_d351b5d019cd497ab1d84160f10b653c/gnocchi.3be5ab82-59d1-486f-86d4-ae944e1266d2/none_v3" "tx2c494672e9c243a78e551-00699c0ffb" "proxy-server 20" 0.0129 "-" 22 0
Feb 23 08:29:47 np0005626461 container-server[120529]: 172.20.0.104 - - [23/Feb/2026:08:29:47 +0000] "PUT /d1/602/AUTH_d351b5d019cd497ab1d84160f10b653c/gnocchi.3be5ab82-59d1-486f-86d4-ae944e1266d2/none_v3" 201 - "PUT http://172.18.0.134:8080/d1/476/AUTH_d351b5d019cd497ab1d84160f10b653c/gnocchi.3be5ab82-59d1-486f-86d4-ae944e1266d2/none_v3" "tx2c494672e9c243a78e551-00699c0ffb" "object-server 24" 0.0026 "-" 17 0
Feb 23 08:29:47 np0005626461 object-server[120981]: 172.20.0.104 - - [23/Feb/2026:08:29:47 +0000] "PUT /d1/549/AUTH_d351b5d019cd497ab1d84160f10b653c/gnocchi.94c5af18-f79c-4a4f-bc99-8f29403606ca/none_v3" 201 - "PUT http://172.18.0.134:8080/v1/AUTH_d351b5d019cd497ab1d84160f10b653c/gnocchi.94c5af18-f79c-4a4f-bc99-8f29403606ca/none_v3" "tx49031bdab7a449c2b569b-00699c0ffb" "proxy-server 20" 0.0522 "-" 25 0
Feb 23 08:29:47 np0005626461 container-server[120525]: 172.20.0.103 - - [23/Feb/2026:08:29:47 +0000] "PUT /d1/585/AUTH_d351b5d019cd497ab1d84160f10b653c/gnocchi.94c5af18-f79c-4a4f-bc99-8f29403606ca/none_v3" 201 - "PUT http://172.18.0.134:8080/d1/549/AUTH_d351b5d019cd497ab1d84160f10b653c/gnocchi.94c5af18-f79c-4a4f-bc99-8f29403606ca/none_v3" "tx49031bdab7a449c2b569b-00699c0ffb" "object-server 24" 0.0008 "-" 16 0
Feb 23 08:29:48 np0005626461 container-server[120160]: Beginning replication run
Feb 23 08:29:48 np0005626461 container-server[120160]: Replication run OVER
Feb 23 08:29:48 np0005626461 container-server[120160]: Attempted to replicate 22 dbs in 0.78300 seconds (28.09714/s)
Feb 23 08:29:48 np0005626461 container-server[120160]: Removed 0 dbs
Feb 23 08:29:48 np0005626461 container-server[120160]: 44 successes, 0 failures
Feb 23 08:29:48 np0005626461 container-server[120160]: diff:0 diff_capped:0 empty:0 hashmatch:0 no_change:44 remote_merge:0 rsync:0 ts_repl:0
Feb 23 08:29:50 np0005626461 object-server[246395]: Begin object audit "forever" mode (ZBF)
Feb 23 08:29:50 np0005626461 object-server[246395]: Object audit (ZBF). Since Mon Feb 23 08:29:50 2026: Locally: 1 passed, 0 quarantined, 0 errors, files/sec: 496.31, bytes/sec: 0.00, Total time: 0.00, Auditing time: 0.00, Rate: 0.00
Feb 23 08:29:51 np0005626461 object-server[246395]: Object audit (ZBF) "forever" mode completed: 1.12s. Total quarantined: 0, Total errors: 0, Total files/sec: 50.75, Total bytes/sec: 0.00, Auditing time: 1.11, Rate: 0.99
Feb 23 08:29:59 np0005626461 account-server[120092]: Beginning replication run
Feb 23 08:29:59 np0005626461 account-server[120092]: Replication run OVER
Feb 23 08:29:59 np0005626461 account-server[120092]: Attempted to replicate 1 dbs in 0.23603 seconds (4.23681/s)
Feb 23 08:29:59 np0005626461 account-server[120092]: Removed 0 dbs
Feb 23 08:29:59 np0005626461 account-server[120092]: 2 successes, 0 failures
Feb 23 08:29:59 np0005626461 account-server[120092]: diff:0 diff_capped:0 empty:0 hashmatch:0 no_change:2 remote_merge:0 rsync:0 ts_repl:0
Feb 23 08:30:00 np0005626461 object-server[120946]: Begin object update sweep
Feb 23 08:30:00 np0005626461 object-server[249933]: Object update sweep starting on /srv/node/d1 (pid: 15)
Feb 23 08:30:00 np0005626461 object-server[249933]: Object update sweep completed on /srv/node/d1 in 0.00s seconds:, 0 successes, 0 failures, 0 quarantines, 0 unlinks, 0 errors, 0 redirects (pid: 15)
Feb 23 08:30:00 np0005626461 object-server[249933]: Object update sweep of d1 completed: 0.00s, 0 successes, 0 failures, 0 quarantines, 0 unlinks, 0 errors, 0 redirects
Feb 23 08:30:00 np0005626461 object-server[120946]: Object update sweep completed: 0.07s
Feb 23 08:30:17 np0005626461 object-server[120701]: Starting object replication pass.
Feb 23 08:30:18 np0005626461 container-server[120160]: Beginning replication run
Feb 23 08:30:19 np0005626461 container-server[120160]: Replication run OVER
Feb 23 08:30:19 np0005626461 container-server[120160]: Attempted to replicate 22 dbs in 0.99635 seconds (22.08053/s)
Feb 23 08:30:19 np0005626461 container-server[120160]: Removed 0 dbs
Feb 23 08:30:19 np0005626461 container-server[120160]: 44 successes, 0 failures
Feb 23 08:30:19 np0005626461 container-server[120160]: diff:0 diff_capped:0 empty:0 hashmatch:0 no_change:44 remote_merge:0 rsync:0 ts_repl:0
Feb 23 08:30:19 np0005626461 object-server[120701]: 54/54 (100.00%) partitions replicated in 2.24s (24.08/sec, 0s remaining)
Feb 23 08:30:19 np0005626461 object-server[120701]: 108 successes, 0 failures
Feb 23 08:30:19 np0005626461 object-server[120701]: 57 suffixes checked - 0.00% hashed, 0.00% synced
Feb 23 08:30:19 np0005626461 object-server[120701]: Partition times: max 0.9526s, min 0.0060s, med 0.0091s
Feb 23 08:30:19 np0005626461 object-server[120701]: Object replication complete. (0.04 minutes)
Feb 23 08:30:21 np0005626461 object-server[252343]: Begin object audit "forever" mode (ZBF)
Feb 23 08:30:21 np0005626461 object-server[252344]: Begin object audit "forever" mode (ALL)
Feb 23 08:30:21 np0005626461 object-server[252343]: Object audit (ZBF). Since Mon Feb 23 08:30:21 2026: Locally: 1 passed, 0 quarantined, 0 errors, files/sec: 448.68, bytes/sec: 0.00, Total time: 0.00, Auditing time: 0.00, Rate: 0.00
Feb 23 08:30:21 np0005626461 object-server[252344]: Object audit (ALL). Since Mon Feb 23 08:30:21 2026: Locally: 1 passed, 0 quarantined, 0 errors, files/sec: 82.30, bytes/sec: 1316.82, Total time: 0.01, Auditing time: 0.00, Rate: 0.00
Feb 23 08:30:22 np0005626461 object-server[252343]: Object audit (ZBF) "forever" mode completed: 1.12s. Total quarantined: 0, Total errors: 0, Total files/sec: 50.75, Total bytes/sec: 0.00, Auditing time: 1.11, Rate: 0.98
Feb 23 08:30:26 np0005626461 object-server[252344]: Object audit (ALL) "forever" mode completed: 4.80s. Total quarantined: 0, Total errors: 0, Total files/sec: 11.88, Total bytes/sec: 274.98, Auditing time: 4.49, Rate: 0.94
Feb 23 08:30:29 np0005626461 account-server[120092]: Beginning replication run
Feb 23 08:30:29 np0005626461 account-server[120092]: Replication run OVER
Feb 23 08:30:29 np0005626461 account-server[120092]: Attempted to replicate 1 dbs in 0.01749 seconds (57.18797/s)
Feb 23 08:30:29 np0005626461 account-server[120092]: Removed 0 dbs
Feb 23 08:30:29 np0005626461 account-server[120092]: 2 successes, 0 failures
Feb 23 08:30:29 np0005626461 account-server[120092]: diff:0 diff_capped:0 empty:0 hashmatch:0 no_change:2 remote_merge:0 rsync:0 ts_repl:0
Feb 23 08:30:32 np0005626461 account-server[120403]: 172.20.0.103 - - [23/Feb/2026:08:30:32 +0000] "HEAD /d1/185/.expiring_objects" 404 - "HEAD http://localhost/v1/.expiring_objects?format=json" "tx8f069c514232427897bbe-00699c1028" "proxy-server 2" 0.0009 "-" 17 -
Feb 23 08:30:48 np0005626461 container-server[120160]: Beginning replication run
Feb 23 08:30:48 np0005626461 container-server[120160]: Replication run OVER
Feb 23 08:30:48 np0005626461 container-server[120160]: Attempted to replicate 22 dbs in 0.44472 seconds (49.46910/s)
Feb 23 08:30:48 np0005626461 container-server[120160]: Removed 0 dbs
Feb 23 08:30:48 np0005626461 container-server[120160]: 44 successes, 0 failures
Feb 23 08:30:48 np0005626461 container-server[120160]: diff:0 diff_capped:0 empty:0 hashmatch:0 no_change:44 remote_merge:0 rsync:0 ts_repl:0
Feb 23 08:30:49 np0005626461 object-server[120701]: Starting object replication pass.
Feb 23 08:30:49 np0005626461 object-server[120701]: 54/54 (100.00%) partitions replicated in 0.54s (100.36/sec, 0s remaining)
Feb 23 08:30:49 np0005626461 object-server[120701]: 108 successes, 0 failures
Feb 23 08:30:49 np0005626461 object-server[120701]: 57 suffixes checked - 0.00% hashed, 0.00% synced
Feb 23 08:30:49 np0005626461 object-server[120701]: Partition times: max 0.0157s, min 0.0065s, med 0.0091s
Feb 23 08:30:49 np0005626461 object-server[120701]: Object replication complete. (0.01 minutes)
Feb 23 08:30:52 np0005626461 object-server[252417]: Begin object audit "forever" mode (ZBF)
Feb 23 08:30:52 np0005626461 object-server[252417]: Object audit (ZBF). Since Mon Feb 23 08:30:52 2026: Locally: 1 passed, 0 quarantined, 0 errors, files/sec: 462.28, bytes/sec: 0.00, Total time: 0.00, Auditing time: 0.00, Rate: 0.00
Feb 23 08:30:54 np0005626461 object-server[252417]: Object audit (ZBF) "forever" mode completed: 1.12s. Total quarantined: 0, Total errors: 0, Total files/sec: 50.74, Total bytes/sec: 0.00, Auditing time: 1.11, Rate: 0.99
Feb 23 08:30:59 np0005626461 account-server[120092]: Beginning replication run
Feb 23 08:30:59 np0005626461 account-server[120092]: Replication run OVER
Feb 23 08:30:59 np0005626461 account-server[120092]: Attempted to replicate 1 dbs in 0.01843 seconds (54.25838/s)
Feb 23 08:30:59 np0005626461 account-server[120092]: Removed 0 dbs
Feb 23 08:30:59 np0005626461 account-server[120092]: 2 successes, 0 failures
