Feb 23 08:24:43 np0005626461 account-server[120403]: 172.20.0.105 - - [23/Feb/2026:08:24:43 +0000] "PUT /d1/979/AUTH_d351b5d019cd497ab1d84160f10b653c/gnocchi.2006331c-4bf4-4bc2-bafa-b6d01219e73a" 201 - "PUT http://172.20.0.105:6001/d1/752/AUTH_d351b5d019cd497ab1d84160f10b653c/gnocchi.2006331c-4bf4-4bc2-bafa-b6d01219e73a" "txeba6593302c54dfea0aa7-00699c0ecb" "container-server 15" 0.0055 "-" 17 0
Feb 23 08:24:43 np0005626461 container-server[120519]: 172.20.0.104 - - [23/Feb/2026:08:24:43 +0000] "PUT /d1/752/AUTH_d351b5d019cd497ab1d84160f10b653c/gnocchi.2006331c-4bf4-4bc2-bafa-b6d01219e73a" 201 - "PUT http://172.18.0.134:8080/v1/AUTH_d351b5d019cd497ab1d84160f10b653c/gnocchi.2006331c-4bf4-4bc2-bafa-b6d01219e73a" "txeba6593302c54dfea0aa7-00699c0ecb" "proxy-server 20" 0.0190 "-" 15 0
Feb 23 08:24:43 np0005626461 object-server[120970]: 172.20.0.105 - - [23/Feb/2026:08:24:43 +0000] "GET /d1/476/AUTH_d351b5d019cd497ab1d84160f10b653c/gnocchi.3be5ab82-59d1-486f-86d4-ae944e1266d2/none_v3" 404 70 "GET http://172.18.0.134:8080/v1/AUTH_d351b5d019cd497ab1d84160f10b653c/gnocchi.3be5ab82-59d1-486f-86d4-ae944e1266d2/none_v3" "txe3cc600f688447cb90603-00699c0ecb" "proxy-server 20" 0.0005 "-" 22 0
Feb 23 08:24:43 np0005626461 proxy-server[122398]: 172.18.0.103 172.18.0.104 23/Feb/2026/08/24/43 GET /v1/AUTH_d351b5d019cd497ab1d84160f10b653c/gnocchi.3be5ab82-59d1-486f-86d4-ae944e1266d2/none_v3 HTTP/1.0 404 - python-swiftclient-3.11.1 gAAAAABpnA5xV5GH... - 70 - txe3cc600f688447cb90603-00699c0ecb - 0.0312 - - 1771835083.219452858 1771835083.250650883 0
Feb 23 08:24:43 np0005626461 account-server[120403]: 172.20.0.105 - - [23/Feb/2026:08:24:43 +0000] "PUT /d1/979/AUTH_d351b5d019cd497ab1d84160f10b653c/gnocchi.3be5ab82-59d1-486f-86d4-ae944e1266d2" 201 - "PUT http://172.20.0.105:6001/d1/602/AUTH_d351b5d019cd497ab1d84160f10b653c/gnocchi.3be5ab82-59d1-486f-86d4-ae944e1266d2" "tx2728d585d5294cc983a5d-00699c0ecb" "container-server 14" 0.0058 "-" 17 0
Feb 23 08:24:43 np0005626461 container-server[120513]: 172.20.0.105 - - [23/Feb/2026:08:24:43 +0000] "PUT /d1/602/AUTH_d351b5d019cd497ab1d84160f10b653c/gnocchi.3be5ab82-59d1-486f-86d4-ae944e1266d2" 201 - "PUT http://172.18.0.134:8080/v1/AUTH_d351b5d019cd497ab1d84160f10b653c/gnocchi.3be5ab82-59d1-486f-86d4-ae944e1266d2" "tx2728d585d5294cc983a5d-00699c0ecb" "proxy-server 20" 0.0137 "-" 14 0
Feb 23 08:24:43 np0005626461 container-server[120519]: 172.20.0.103 - - [23/Feb/2026:08:24:43 +0000] "PUT /d1/931/AUTH_d351b5d019cd497ab1d84160f10b653c/gnocchi.815f70e1-ec9a-4abf-8604-b6ebe6f65d13" 201 - "PUT http://172.18.0.134:8080/v1/AUTH_d351b5d019cd497ab1d84160f10b653c/gnocchi.815f70e1-ec9a-4abf-8604-b6ebe6f65d13" "tx0d2e909afb5541b6851f3-00699c0ecb" "proxy-server 20" 0.0209 "-" 15 0
Feb 23 08:24:43 np0005626461 account-server[120394]: 172.20.0.104 - - [23/Feb/2026:08:24:43 +0000] "PUT /d1/979/AUTH_d351b5d019cd497ab1d84160f10b653c/gnocchi.815f70e1-ec9a-4abf-8604-b6ebe6f65d13" 201 - "PUT http://172.20.0.104:6001/d1/931/AUTH_d351b5d019cd497ab1d84160f10b653c/gnocchi.815f70e1-ec9a-4abf-8604-b6ebe6f65d13" "tx0d2e909afb5541b6851f3-00699c0ecb" "container-server 14" 0.0062 "-" 16 0
Feb 23 08:24:43 np0005626461 proxy-server[122398]: 172.18.0.103 172.18.0.104 23/Feb/2026/08/24/43 PUT /v1/AUTH_d351b5d019cd497ab1d84160f10b653c/gnocchi.3be5ab82-59d1-486f-86d4-ae944e1266d2 HTTP/1.0 201 - python-swiftclient-3.11.1 gAAAAABpnA5xV5GH... - - - tx2728d585d5294cc983a5d-00699c0ecb - 0.0377 - - 1771835083.255437851 1771835083.293099165 0
Feb 23 08:24:43 np0005626461 object-server[120955]: 172.20.0.104 - - [23/Feb/2026:08:24:43 +0000] "GET /d1/523/AUTH_d351b5d019cd497ab1d84160f10b653c/gnocchi.2006331c-4bf4-4bc2-bafa-b6d01219e73a/1771200000.0_mean_300.0_v3" 404 70 "GET http://172.18.0.134:8080/v1/AUTH_d351b5d019cd497ab1d84160f10b653c/gnocchi.2006331c-4bf4-4bc2-bafa-b6d01219e73a/1771200000.0_mean_300.0_v3" "txeffb76cb556d4b878570c-00699c0ecb" "proxy-server 20" 0.0004 "-" 21 0
Feb 23 08:24:43 np0005626461 container-server[120513]: 172.20.0.103 - - [23/Feb/2026:08:24:43 +0000] "HEAD /d1/931/AUTH_d351b5d019cd497ab1d84160f10b653c/gnocchi.815f70e1-ec9a-4abf-8604-b6ebe6f65d13" 204 - "HEAD http://172.18.0.134:8080/v1/AUTH_d351b5d019cd497ab1d84160f10b653c/gnocchi.815f70e1-ec9a-4abf-8604-b6ebe6f65d13?format=json&states=listing" "txae68fa0c48c2420198786-00699c0ecb" "proxy-server 20" 0.0011 "-" 14 0
Feb 23 08:24:43 np0005626461 container-server[120513]: 172.20.0.105 - - [23/Feb/2026:08:24:43 +0000] "HEAD /d1/602/AUTH_d351b5d019cd497ab1d84160f10b653c/gnocchi.3be5ab82-59d1-486f-86d4-ae944e1266d2" 204 - "HEAD http://172.18.0.134:8080/v1/AUTH_d351b5d019cd497ab1d84160f10b653c/gnocchi.3be5ab82-59d1-486f-86d4-ae944e1266d2?format=json&states=listing" "txf4e0ccf2aba441f8a56ce-00699c0ecb" "proxy-server 20" 0.0013 "-" 14 0
Feb 23 08:24:43 np0005626461 proxy-server[122398]: - - 23/Feb/2026/08/24/43 HEAD /v1/AUTH_d351b5d019cd497ab1d84160f10b653c/gnocchi.3be5ab82-59d1-486f-86d4-ae944e1266d2%3Fformat%3Djson%26states%3Dlisting HTTP/1.0 204 - Swift - - - - txf4e0ccf2aba441f8a56ce-00699c0ecb - 0.0043 RL - 1771835083.302044630 1771835083.306354284 0
Feb 23 08:24:43 np0005626461 proxy-server[122398]: 172.18.0.103 172.18.0.104 23/Feb/2026/08/24/43 GET /v1/AUTH_d351b5d019cd497ab1d84160f10b653c/gnocchi.3be5ab82-59d1-486f-86d4-ae944e1266d2%3Fformat%3Djson%26states%3Dlisting HTTP/1.0 200 - python-swiftclient-3.11.1 gAAAAABpnA5xV5GH... - 2 - txf4e0ccf2aba441f8a56ce-00699c0ecb - 0.0168 - - 1771835083.300091505 1771835083.316914082 0
Feb 23 08:24:43 np0005626461 object-server[120975]: 172.20.0.103 - - [23/Feb/2026:08:24:43 +0000] "GET /d1/433/AUTH_d351b5d019cd497ab1d84160f10b653c/gnocchi.815f70e1-ec9a-4abf-8604-b6ebe6f65d13/1771200000.0_mean_300.0_v3" 404 70 "GET http://172.18.0.134:8080/v1/AUTH_d351b5d019cd497ab1d84160f10b653c/gnocchi.815f70e1-ec9a-4abf-8604-b6ebe6f65d13/1771200000.0_mean_300.0_v3" "txd5db3862a34e44b18963a-00699c0ecb" "proxy-server 20" 0.0004 "-" 24 0
Feb 23 08:24:43 np0005626461 object-server[120981]: 172.20.0.105 - - [23/Feb/2026:08:24:43 +0000] "GET /d1/488/AUTH_d351b5d019cd497ab1d84160f10b653c/gnocchi.3be5ab82-59d1-486f-86d4-ae944e1266d2/1771200000.0_mean_300.0_v3" 404 70 "GET http://172.18.0.134:8080/v1/AUTH_d351b5d019cd497ab1d84160f10b653c/gnocchi.3be5ab82-59d1-486f-86d4-ae944e1266d2/1771200000.0_mean_300.0_v3" "tx7208d1d62d3c43f299312-00699c0ecb" "proxy-server 20" 0.0005 "-" 25 0
Feb 23 08:24:43 np0005626461 container-server[120513]: 172.20.0.104 - - [23/Feb/2026:08:24:43 +0000] "PUT /d1/752/AUTH_d351b5d019cd497ab1d84160f10b653c/gnocchi.2006331c-4bf4-4bc2-bafa-b6d01219e73a/1771200000.0_mean_300.0_v3" 201 - "PUT http://172.18.0.134:8080/d1/523/AUTH_d351b5d019cd497ab1d84160f10b653c/gnocchi.2006331c-4bf4-4bc2-bafa-b6d01219e73a/1771200000.0_mean_300.0_v3" "txeba07f59709a4ca78c1f6-00699c0ecb" "object-server 22" 0.0006 "-" 14 0
Feb 23 08:24:43 np0005626461 object-server[120975]: 172.20.0.104 - - [23/Feb/2026:08:24:43 +0000] "PUT /d1/523/AUTH_d351b5d019cd497ab1d84160f10b653c/gnocchi.2006331c-4bf4-4bc2-bafa-b6d01219e73a/1771200000.0_mean_300.0_v3" 201 - "PUT http://172.18.0.134:8080/v1/AUTH_d351b5d019cd497ab1d84160f10b653c/gnocchi.2006331c-4bf4-4bc2-bafa-b6d01219e73a/1771200000.0_mean_300.0_v3" "txeba07f59709a4ca78c1f6-00699c0ecb" "proxy-server 20" 0.0138 "-" 24 0
Feb 23 08:24:43 np0005626461 proxy-server[122398]: 172.18.0.103 172.18.0.104 23/Feb/2026/08/24/43 GET /v1/AUTH_d351b5d019cd497ab1d84160f10b653c/gnocchi.3be5ab82-59d1-486f-86d4-ae944e1266d2/1771200000.0_mean_300.0_v3 HTTP/1.0 404 - python-swiftclient-3.11.1 gAAAAABpnA5xV5GH... - 70 - tx7208d1d62d3c43f299312-00699c0ecb - 0.0166 - - 1771835083.322264433 1771835083.338816166 0
Feb 23 08:24:43 np0005626461 container-server[120529]: 172.20.0.105 - - [23/Feb/2026:08:24:43 +0000] "PUT /d1/931/AUTH_d351b5d019cd497ab1d84160f10b653c/gnocchi.815f70e1-ec9a-4abf-8604-b6ebe6f65d13/1771200000.0_mean_300.0_v3" 201 - "PUT http://172.18.0.134:8080/d1/433/AUTH_d351b5d019cd497ab1d84160f10b653c/gnocchi.815f70e1-ec9a-4abf-8604-b6ebe6f65d13/1771200000.0_mean_300.0_v3" "tx0ecac19ef9f143b488f6d-00699c0ecb" "object-server 21" 0.0008 "-" 17 0
Feb 23 08:24:43 np0005626461 object-server[120955]: 172.20.0.103 - - [23/Feb/2026:08:24:43 +0000] "PUT /d1/433/AUTH_d351b5d019cd497ab1d84160f10b653c/gnocchi.815f70e1-ec9a-4abf-8604-b6ebe6f65d13/1771200000.0_mean_300.0_v3" 201 - "PUT http://172.18.0.134:8080/v1/AUTH_d351b5d019cd497ab1d84160f10b653c/gnocchi.815f70e1-ec9a-4abf-8604-b6ebe6f65d13/1771200000.0_mean_300.0_v3" "tx0ecac19ef9f143b488f6d-00699c0ecb" "proxy-server 20" 0.0109 "-" 21 0
Feb 23 08:24:43 np0005626461 container-server[120513]: 172.20.0.103 - - [23/Feb/2026:08:24:43 +0000] "PUT /d1/602/AUTH_d351b5d019cd497ab1d84160f10b653c/gnocchi.3be5ab82-59d1-486f-86d4-ae944e1266d2/1771200000.0_mean_300.0_v3" 201 - "PUT http://172.18.0.134:8080/d1/488/AUTH_d351b5d019cd497ab1d84160f10b653c/gnocchi.3be5ab82-59d1-486f-86d4-ae944e1266d2/1771200000.0_mean_300.0_v3" "txc8005e3738724577a3990-00699c0ecb" "object-server 25" 0.0004 "-" 14 0
Feb 23 08:24:43 np0005626461 object-server[120955]: 172.20.0.105 - - [23/Feb/2026:08:24:43 +0000] "PUT /d1/488/AUTH_d351b5d019cd497ab1d84160f10b653c/gnocchi.3be5ab82-59d1-486f-86d4-ae944e1266d2/1771200000.0_mean_300.0_v3" 201 - "PUT http://172.18.0.134:8080/v1/AUTH_d351b5d019cd497ab1d84160f10b653c/gnocchi.3be5ab82-59d1-486f-86d4-ae944e1266d2/1771200000.0_mean_300.0_v3" "txc8005e3738724577a3990-00699c0ecb" "proxy-server 20" 0.0151 "-" 21 0
Feb 23 08:24:43 np0005626461 container-server[120513]: 172.20.0.103 - - [23/Feb/2026:08:24:43 +0000] "PUT /d1/931/AUTH_d351b5d019cd497ab1d84160f10b653c/gnocchi.815f70e1-ec9a-4abf-8604-b6ebe6f65d13/none_v3" 201 - "PUT http://172.18.0.134:8080/d1/229/AUTH_d351b5d019cd497ab1d84160f10b653c/gnocchi.815f70e1-ec9a-4abf-8604-b6ebe6f65d13/none_v3" "tx30bb4d915f93433198325-00699c0ecb" "object-server 24" 0.0003 "-" 14 0
Feb 23 08:24:43 np0005626461 container-server[120525]: 172.20.0.105 - - [23/Feb/2026:08:24:43 +0000] "PUT /d1/752/AUTH_d351b5d019cd497ab1d84160f10b653c/gnocchi.2006331c-4bf4-4bc2-bafa-b6d01219e73a/none_v3" 201 - "PUT http://172.18.0.134:8080/d1/184/AUTH_d351b5d019cd497ab1d84160f10b653c/gnocchi.2006331c-4bf4-4bc2-bafa-b6d01219e73a/none_v3" "tx7d226e4bb9614808b2975-00699c0ecb" "object-server 25" 0.0006 "-" 16 0
Feb 23 08:24:43 np0005626461 object-server[120981]: 172.20.0.104 - - [23/Feb/2026:08:24:43 +0000] "PUT /d1/184/AUTH_d351b5d019cd497ab1d84160f10b653c/gnocchi.2006331c-4bf4-4bc2-bafa-b6d01219e73a/none_v3" 201 - "PUT http://172.18.0.134:8080/v1/AUTH_d351b5d019cd497ab1d84160f10b653c/gnocchi.2006331c-4bf4-4bc2-bafa-b6d01219e73a/none_v3" "tx7d226e4bb9614808b2975-00699c0ecb" "proxy-server 20" 0.0227 "-" 25 0
Feb 23 08:24:43 np0005626461 proxy-server[122398]: 172.18.0.103 172.18.0.104 23/Feb/2026/08/24/43 PUT /v1/AUTH_d351b5d019cd497ab1d84160f10b653c/gnocchi.3be5ab82-59d1-486f-86d4-ae944e1266d2/1771200000.0_mean_300.0_v3 HTTP/1.0 201 - python-swiftclient-3.11.1 gAAAAABpnA5xV5GH... 16 - - txc8005e3738724577a3990-00699c0ecb - 0.0314 - - 1771835083.343610287 1771835083.375018597 0
Feb 23 08:24:43 np0005626461 object-server[120981]: 172.20.0.103 - - [23/Feb/2026:08:24:43 +0000] "PUT /d1/229/AUTH_d351b5d019cd497ab1d84160f10b653c/gnocchi.815f70e1-ec9a-4abf-8604-b6ebe6f65d13/none_v3" 201 - "PUT http://172.18.0.134:8080/v1/AUTH_d351b5d019cd497ab1d84160f10b653c/gnocchi.815f70e1-ec9a-4abf-8604-b6ebe6f65d13/none_v3" "tx30bb4d915f93433198325-00699c0ecb" "proxy-server 20" 0.0146 "-" 25 0
Feb 23 08:24:43 np0005626461 object-server[120981]: 172.20.0.105 - - [23/Feb/2026:08:24:43 +0000] "PUT /d1/476/AUTH_d351b5d019cd497ab1d84160f10b653c/gnocchi.3be5ab82-59d1-486f-86d4-ae944e1266d2/none_v3" 201 - "PUT http://172.18.0.134:8080/v1/AUTH_d351b5d019cd497ab1d84160f10b653c/gnocchi.3be5ab82-59d1-486f-86d4-ae944e1266d2/none_v3" "tx86daec334ff04a37bbe29-00699c0ecb" "proxy-server 20" 0.0127 "-" 25 0
Feb 23 08:24:43 np0005626461 container-server[120519]: 172.20.0.103 - - [23/Feb/2026:08:24:43 +0000] "PUT /d1/602/AUTH_d351b5d019cd497ab1d84160f10b653c/gnocchi.3be5ab82-59d1-486f-86d4-ae944e1266d2/none_v3" 201 - "PUT http://172.18.0.134:8080/d1/476/AUTH_d351b5d019cd497ab1d84160f10b653c/gnocchi.3be5ab82-59d1-486f-86d4-ae944e1266d2/none_v3" "tx86daec334ff04a37bbe29-00699c0ecb" "object-server 22" 0.0007 "-" 15 0
Feb 23 08:24:43 np0005626461 container-server[120525]: 172.20.0.103 - - [23/Feb/2026:08:24:43 +0000] "HEAD /d1/988/AUTH_d351b5d019cd497ab1d84160f10b653c/gnocchi.45ee1f1b-219e-4de5-9f51-a477b96343e7" 404 - "HEAD http://172.18.0.134:8080/v1/AUTH_d351b5d019cd497ab1d84160f10b653c/gnocchi.45ee1f1b-219e-4de5-9f51-a477b96343e7?format=json&states=listing" "tx9addb5d16bcf470294fa8-00699c0ecb" "proxy-server 20" 0.0004 "-" 16 0
Feb 23 08:24:43 np0005626461 container-server[120519]: 172.20.0.104 - - [23/Feb/2026:08:24:43 +0000] "HEAD /d1/685/AUTH_d351b5d019cd497ab1d84160f10b653c/gnocchi.a9a3f913-6e88-4980-a5d3-395f971e818d" 404 - "HEAD http://172.18.0.134:8080/v1/AUTH_d351b5d019cd497ab1d84160f10b653c/gnocchi.a9a3f913-6e88-4980-a5d3-395f971e818d?format=json&states=listing" "tx8d52a3704e554482aab42-00699c0ecb" "proxy-server 20" 0.0005 "-" 15 0
Feb 23 08:24:43 np0005626461 proxy-server[122398]: 172.18.0.103 172.18.0.104 23/Feb/2026/08/24/43 PUT /v1/AUTH_d351b5d019cd497ab1d84160f10b653c/gnocchi.3be5ab82-59d1-486f-86d4-ae944e1266d2/none_v3 HTTP/1.0 201 - python-swiftclient-3.11.1 gAAAAABpnA5xV5GH... 22 - - tx86daec334ff04a37bbe29-00699c0ecb - 0.0260 - - 1771835083.379322767 1771835083.405316830 0
Feb 23 08:24:43 np0005626461 object-server[120975]: 172.20.0.103 - - [23/Feb/2026:08:24:43 +0000] "GET /d1/290/AUTH_d351b5d019cd497ab1d84160f10b653c/gnocchi.45ee1f1b-219e-4de5-9f51-a477b96343e7/none_v3" 404 70 "GET http://172.18.0.134:8080/v1/AUTH_d351b5d019cd497ab1d84160f10b653c/gnocchi.45ee1f1b-219e-4de5-9f51-a477b96343e7/none_v3" "tx9addb5d16bcf470294fa8-00699c0ecb" "proxy-server 20" 0.0005 "-" 24 0
Feb 23 08:24:43 np0005626461 object-server[120955]: 172.20.0.104 - - [23/Feb/2026:08:24:43 +0000] "GET /d1/568/AUTH_d351b5d019cd497ab1d84160f10b653c/gnocchi.a9a3f913-6e88-4980-a5d3-395f971e818d/none_v3" 404 70 "GET http://172.18.0.134:8080/v1/AUTH_d351b5d019cd497ab1d84160f10b653c/gnocchi.a9a3f913-6e88-4980-a5d3-395f971e818d/none_v3" "tx8d52a3704e554482aab42-00699c0ecb" "proxy-server 20" 0.0005 "-" 21 0
Feb 23 08:24:43 np0005626461 container-server[120519]: 172.20.0.105 - - [23/Feb/2026:08:24:43 +0000] "HEAD /d1/86/AUTH_d351b5d019cd497ab1d84160f10b653c/gnocchi.d2661c51-987b-4292-b272-bb9565a975d0" 404 - "HEAD http://172.18.0.134:8080/v1/AUTH_d351b5d019cd497ab1d84160f10b653c/gnocchi.d2661c51-987b-4292-b272-bb9565a975d0?format=json&states=listing" "tx36eda49273e346bfbdde9-00699c0ecb" "proxy-server 20" 0.0005 "-" 15 0
Feb 23 08:24:43 np0005626461 object-server[120981]: 172.20.0.105 - - [23/Feb/2026:08:24:43 +0000] "GET /d1/476/AUTH_d351b5d019cd497ab1d84160f10b653c/gnocchi.d2661c51-987b-4292-b272-bb9565a975d0/none_v3" 404 70 "GET http://172.18.0.134:8080/v1/AUTH_d351b5d019cd497ab1d84160f10b653c/gnocchi.d2661c51-987b-4292-b272-bb9565a975d0/none_v3" "tx36eda49273e346bfbdde9-00699c0ecb" "proxy-server 20" 0.0003 "-" 25 0
Feb 23 08:24:43 np0005626461 account-server[120391]: 172.20.0.105 - - [23/Feb/2026:08:24:43 +0000] "PUT /d1/979/AUTH_d351b5d019cd497ab1d84160f10b653c/gnocchi.45ee1f1b-219e-4de5-9f51-a477b96343e7" 201 - "PUT http://172.20.0.105:6001/d1/988/AUTH_d351b5d019cd497ab1d84160f10b653c/gnocchi.45ee1f1b-219e-4de5-9f51-a477b96343e7" "tx5af6d1cef37f4712a777f-00699c0ecb" "container-server 15" 0.0059 "-" 14 0
Feb 23 08:24:43 np0005626461 container-server[120519]: 172.20.0.103 - - [23/Feb/2026:08:24:43 +0000] "PUT /d1/988/AUTH_d351b5d019cd497ab1d84160f10b653c/gnocchi.45ee1f1b-219e-4de5-9f51-a477b96343e7" 201 - "PUT http://172.18.0.134:8080/v1/AUTH_d351b5d019cd497ab1d84160f10b653c/gnocchi.45ee1f1b-219e-4de5-9f51-a477b96343e7" "tx5af6d1cef37f4712a777f-00699c0ecb" "proxy-server 20" 0.0200 "-" 15 0
Feb 23 08:24:43 np0005626461 account-server[120392]: 172.20.0.104 - - [23/Feb/2026:08:24:43 +0000] "PUT /d1/979/AUTH_d351b5d019cd497ab1d84160f10b653c/gnocchi.a9a3f913-6e88-4980-a5d3-395f971e818d" 201 - "PUT http://172.20.0.104:6001/d1/685/AUTH_d351b5d019cd497ab1d84160f10b653c/gnocchi.a9a3f913-6e88-4980-a5d3-395f971e818d" "txec6ba418c6514e8d9b57d-00699c0ecb" "container-server 14" 0.0042 "-" 15 0
Feb 23 08:24:43 np0005626461 proxy-server[122398]: 172.18.0.103 172.18.0.104 23/Feb/2026/08/24/43 GET /v1/AUTH_d351b5d019cd497ab1d84160f10b653c/gnocchi.d2661c51-987b-4292-b272-bb9565a975d0/none_v3 HTTP/1.0 404 - python-swiftclient-3.11.1 gAAAAABpnA5xV5GH... - 70 - tx36eda49273e346bfbdde9-00699c0ecb - 0.0378 - - 1771835083.423757076 1771835083.461524725 0
Feb 23 08:24:43 np0005626461 container-server[120513]: 172.20.0.104 - - [23/Feb/2026:08:24:43 +0000] "PUT /d1/685/AUTH_d351b5d019cd497ab1d84160f10b653c/gnocchi.a9a3f913-6e88-4980-a5d3-395f971e818d" 201 - "PUT http://172.18.0.134:8080/v1/AUTH_d351b5d019cd497ab1d84160f10b653c/gnocchi.a9a3f913-6e88-4980-a5d3-395f971e818d" "txec6ba418c6514e8d9b57d-00699c0ecb" "proxy-server 20" 0.0270 "-" 14 0
Feb 23 08:24:43 np0005626461 account-server[120392]: 172.20.0.104 - - [23/Feb/2026:08:24:43 +0000] "PUT /d1/979/AUTH_d351b5d019cd497ab1d84160f10b653c/gnocchi.d2661c51-987b-4292-b272-bb9565a975d0" 201 - "PUT http://172.20.0.104:6001/d1/86/AUTH_d351b5d019cd497ab1d84160f10b653c/gnocchi.d2661c51-987b-4292-b272-bb9565a975d0" "tx0d916f116a23489788ee5-00699c0ecb" "container-server 16" 0.0037 "-" 15 0
Feb 23 08:24:43 np0005626461 container-server[120519]: 172.20.0.105 - - [23/Feb/2026:08:24:43 +0000] "PUT /d1/86/AUTH_d351b5d019cd497ab1d84160f10b653c/gnocchi.d2661c51-987b-4292-b272-bb9565a975d0" 201 - "PUT http://172.18.0.134:8080/v1/AUTH_d351b5d019cd497ab1d84160f10b653c/gnocchi.d2661c51-987b-4292-b272-bb9565a975d0" "tx0d916f116a23489788ee5-00699c0ecb" "proxy-server 20" 0.0198 "-" 15 0
Feb 23 08:24:43 np0005626461 container-server[120513]: 172.20.0.103 - - [23/Feb/2026:08:24:43 +0000] "GET /d1/988/AUTH_d351b5d019cd497ab1d84160f10b653c/gnocchi.45ee1f1b-219e-4de5-9f51-a477b96343e7" 200 2 "GET http://172.18.0.134:8080/v1/AUTH_d351b5d019cd497ab1d84160f10b653c/gnocchi.45ee1f1b-219e-4de5-9f51-a477b96343e7?format=json&states=listing" "tx8213df020a1d41f4b3797-00699c0ecb" "proxy-server 20" 0.0018 "-" 14 0
Feb 23 08:24:43 np0005626461 proxy-server[122398]: 172.18.0.103 172.18.0.104 23/Feb/2026/08/24/43 PUT /v1/AUTH_d351b5d019cd497ab1d84160f10b653c/gnocchi.d2661c51-987b-4292-b272-bb9565a975d0 HTTP/1.0 201 - python-swiftclient-3.11.1 gAAAAABpnA5xV5GH... - - - tx0d916f116a23489788ee5-00699c0ecb - 0.0300 - - 1771835083.466043472 1771835083.496002674 0
Feb 23 08:24:43 np0005626461 object-server[120970]: 172.20.0.103 - - [23/Feb/2026:08:24:43 +0000] "GET /d1/951/AUTH_d351b5d019cd497ab1d84160f10b653c/gnocchi.45ee1f1b-219e-4de5-9f51-a477b96343e7/1771200000.0_mean_300.0_v3" 404 70 "GET http://172.18.0.134:8080/v1/AUTH_d351b5d019cd497ab1d84160f10b653c/gnocchi.45ee1f1b-219e-4de5-9f51-a477b96343e7/1771200000.0_mean_300.0_v3" "tx16a40aaeaa6144548ca84-00699c0ecb" "proxy-server 20" 0.0006 "-" 22 0
Feb 23 08:24:43 np0005626461 object-server[120955]: 172.20.0.104 - - [23/Feb/2026:08:24:43 +0000] "GET /d1/3/AUTH_d351b5d019cd497ab1d84160f10b653c/gnocchi.a9a3f913-6e88-4980-a5d3-395f971e818d/1771200000.0_mean_300.0_v3" 404 70 "GET http://172.18.0.134:8080/v1/AUTH_d351b5d019cd497ab1d84160f10b653c/gnocchi.a9a3f913-6e88-4980-a5d3-395f971e818d/1771200000.0_mean_300.0_v3" "tx301e442c23844f46a00dc-00699c0ecb" "proxy-server 20" 0.0004 "-" 21 0
Feb 23 08:24:43 np0005626461 proxy-server[122398]: - - 23/Feb/2026/08/24/43 HEAD /v1/AUTH_d351b5d019cd497ab1d84160f10b653c/gnocchi.d2661c51-987b-4292-b272-bb9565a975d0%3Fformat%3Djson%26states%3Dlisting HTTP/1.0 204 - Swift - - - - tx55d4942071934b96aae40-00699c0ecb - 0.0068 RL - 1771835083.504178286 1771835083.510961294 0
Feb 23 08:24:43 np0005626461 container-server[120529]: 172.20.0.105 - - [23/Feb/2026:08:24:43 +0000] "GET /d1/86/AUTH_d351b5d019cd497ab1d84160f10b653c/gnocchi.d2661c51-987b-4292-b272-bb9565a975d0" 200 2 "GET http://172.18.0.134:8080/v1/AUTH_d351b5d019cd497ab1d84160f10b653c/gnocchi.d2661c51-987b-4292-b272-bb9565a975d0?format=json&states=listing" "tx55d4942071934b96aae40-00699c0ecb" "proxy-server 20" 0.0035 "-" 17 0
Feb 23 08:24:43 np0005626461 proxy-server[122398]: 172.18.0.103 172.18.0.104 23/Feb/2026/08/24/43 GET /v1/AUTH_d351b5d019cd497ab1d84160f10b653c/gnocchi.d2661c51-987b-4292-b272-bb9565a975d0%3Fformat%3Djson%26states%3Dlisting HTTP/1.0 200 - python-swiftclient-3.11.1 gAAAAABpnA5xV5GH... - 2 - tx55d4942071934b96aae40-00699c0ecb - 0.0189 - - 1771835083.502430201 1771835083.521340847 0
Feb 23 08:24:43 np0005626461 object-server[120955]: 172.20.0.105 - - [23/Feb/2026:08:24:43 +0000] "GET /d1/132/AUTH_d351b5d019cd497ab1d84160f10b653c/gnocchi.d2661c51-987b-4292-b272-bb9565a975d0/1771200000.0_mean_300.0_v3" 404 70 "GET http://172.18.0.134:8080/v1/AUTH_d351b5d019cd497ab1d84160f10b653c/gnocchi.d2661c51-987b-4292-b272-bb9565a975d0/1771200000.0_mean_300.0_v3" "txa7e9fe1cd7064455868bc-00699c0ecb" "proxy-server 20" 0.0004 "-" 21 0
Feb 23 08:24:43 np0005626461 container-server[120529]: 172.20.0.105 - - [23/Feb/2026:08:24:43 +0000] "PUT /d1/988/AUTH_d351b5d019cd497ab1d84160f10b653c/gnocchi.45ee1f1b-219e-4de5-9f51-a477b96343e7/1771200000.0_mean_300.0_v3" 201 - "PUT http://172.18.0.134:8080/d1/951/AUTH_d351b5d019cd497ab1d84160f10b653c/gnocchi.45ee1f1b-219e-4de5-9f51-a477b96343e7/1771200000.0_mean_300.0_v3" "tx595b6936f85c4750bb428-00699c0ecb" "object-server 21" 0.0008 "-" 17 0
Feb 23 08:24:43 np0005626461 object-server[120955]: 172.20.0.103 - - [23/Feb/2026:08:24:43 +0000] "PUT /d1/951/AUTH_d351b5d019cd497ab1d84160f10b653c/gnocchi.45ee1f1b-219e-4de5-9f51-a477b96343e7/1771200000.0_mean_300.0_v3" 201 - "PUT http://172.18.0.134:8080/v1/AUTH_d351b5d019cd497ab1d84160f10b653c/gnocchi.45ee1f1b-219e-4de5-9f51-a477b96343e7/1771200000.0_mean_300.0_v3" "tx595b6936f85c4750bb428-00699c0ecb" "proxy-server 20" 0.0129 "-" 21 0
Feb 23 08:24:43 np0005626461 proxy-server[122398]: 172.18.0.103 172.18.0.104 23/Feb/2026/08/24/43 GET /v1/AUTH_d351b5d019cd497ab1d84160f10b653c/gnocchi.d2661c51-987b-4292-b272-bb9565a975d0/1771200000.0_mean_300.0_v3 HTTP/1.0 404 - python-swiftclient-3.11.1 gAAAAABpnA5xV5GH... - 70 - txa7e9fe1cd7064455868bc-00699c0ecb - 0.0191 - - 1771835083.526527643 1771835083.545648813 0
Feb 23 08:24:43 np0005626461 object-server[120970]: 172.20.0.104 - - [23/Feb/2026:08:24:43 +0000] "PUT /d1/3/AUTH_d351b5d019cd497ab1d84160f10b653c/gnocchi.a9a3f913-6e88-4980-a5d3-395f971e818d/1771200000.0_mean_300.0_v3" 201 - "PUT http://172.18.0.134:8080/v1/AUTH_d351b5d019cd497ab1d84160f10b653c/gnocchi.a9a3f913-6e88-4980-a5d3-395f971e818d/1771200000.0_mean_300.0_v3" "tx87c65fe6f1a143e39268d-00699c0ecb" "proxy-server 20" 0.0112 "-" 22 0
Feb 23 08:24:43 np0005626461 container-server[120525]: 172.20.0.104 - - [23/Feb/2026:08:24:43 +0000] "PUT /d1/685/AUTH_d351b5d019cd497ab1d84160f10b653c/gnocchi.a9a3f913-6e88-4980-a5d3-395f971e818d/1771200000.0_mean_300.0_v3" 201 - "PUT http://172.18.0.134:8080/d1/3/AUTH_d351b5d019cd497ab1d84160f10b653c/gnocchi.a9a3f913-6e88-4980-a5d3-395f971e818d/1771200000.0_mean_300.0_v3" "tx87c65fe6f1a143e39268d-00699c0ecb" "object-server 25" 0.0006 "-" 16 0
Feb 23 08:24:43 np0005626461 object-server[120981]: 172.20.0.105 - - [23/Feb/2026:08:24:43 +0000] "PUT /d1/132/AUTH_d351b5d019cd497ab1d84160f10b653c/gnocchi.d2661c51-987b-4292-b272-bb9565a975d0/1771200000.0_mean_300.0_v3" 201 - "PUT http://172.18.0.134:8080/v1/AUTH_d351b5d019cd497ab1d84160f10b653c/gnocchi.d2661c51-987b-4292-b272-bb9565a975d0/1771200000.0_mean_300.0_v3" "tx57b1a46ee7ac44dd8de0a-00699c0ecb" "proxy-server 20" 0.0122 "-" 25 0
Feb 23 08:24:43 np0005626461 container-server[120525]: 172.20.0.103 - - [23/Feb/2026:08:24:43 +0000] "PUT /d1/86/AUTH_d351b5d019cd497ab1d84160f10b653c/gnocchi.d2661c51-987b-4292-b272-bb9565a975d0/1771200000.0_mean_300.0_v3" 201 - "PUT http://172.18.0.134:8080/d1/132/AUTH_d351b5d019cd497ab1d84160f10b653c/gnocchi.d2661c51-987b-4292-b272-bb9565a975d0/1771200000.0_mean_300.0_v3" "tx57b1a46ee7ac44dd8de0a-00699c0ecb" "object-server 25" 0.0008 "-" 16 0
Feb 23 08:24:43 np0005626461 container-server[120529]: 172.20.0.104 - - [23/Feb/2026:08:24:43 +0000] "PUT /d1/988/AUTH_d351b5d019cd497ab1d84160f10b653c/gnocchi.45ee1f1b-219e-4de5-9f51-a477b96343e7/none_v3" 201 - "PUT http://172.18.0.134:8080/d1/290/AUTH_d351b5d019cd497ab1d84160f10b653c/gnocchi.45ee1f1b-219e-4de5-9f51-a477b96343e7/none_v3" "txfafaeae8107d44f7822ec-00699c0ecb" "object-server 23" 0.0012 "-" 17 0
Feb 23 08:24:43 np0005626461 proxy-server[122398]: 172.18.0.103 172.18.0.104 23/Feb/2026/08/24/43 PUT /v1/AUTH_d351b5d019cd497ab1d84160f10b653c/gnocchi.d2661c51-987b-4292-b272-bb9565a975d0/1771200000.0_mean_300.0_v3 HTTP/1.0 201 - python-swiftclient-3.11.1 gAAAAABpnA5xV5GH... 16 - - tx57b1a46ee7ac44dd8de0a-00699c0ecb - 0.0231 - - 1771835083.550781727 1771835083.573843718 0
Feb 23 08:24:43 np0005626461 object-server[120981]: 172.20.0.103 - - [23/Feb/2026:08:24:43 +0000] "PUT /d1/290/AUTH_d351b5d019cd497ab1d84160f10b653c/gnocchi.45ee1f1b-219e-4de5-9f51-a477b96343e7/none_v3" 201 - "PUT http://172.18.0.134:8080/v1/AUTH_d351b5d019cd497ab1d84160f10b653c/gnocchi.45ee1f1b-219e-4de5-9f51-a477b96343e7/none_v3" "txfafaeae8107d44f7822ec-00699c0ecb" "proxy-server 20" 0.0176 "-" 25 0
Feb 23 08:24:43 np0005626461 container-server[120525]: 172.20.0.103 - - [23/Feb/2026:08:24:43 +0000] "PUT /d1/685/AUTH_d351b5d019cd497ab1d84160f10b653c/gnocchi.a9a3f913-6e88-4980-a5d3-395f971e818d/none_v3" 201 - "PUT http://172.18.0.134:8080/d1/568/AUTH_d351b5d019cd497ab1d84160f10b653c/gnocchi.a9a3f913-6e88-4980-a5d3-395f971e818d/none_v3" "txb101b88bb2404de28feb7-00699c0ecb" "object-server 23" 0.0005 "-" 16 0
Feb 23 08:24:43 np0005626461 object-server[120970]: 172.20.0.104 - - [23/Feb/2026:08:24:43 +0000] "PUT /d1/568/AUTH_d351b5d019cd497ab1d84160f10b653c/gnocchi.a9a3f913-6e88-4980-a5d3-395f971e818d/none_v3" 201 - "PUT http://172.18.0.134:8080/v1/AUTH_d351b5d019cd497ab1d84160f10b653c/gnocchi.a9a3f913-6e88-4980-a5d3-395f971e818d/none_v3" "txb101b88bb2404de28feb7-00699c0ecb" "proxy-server 20" 0.0133 "-" 22 0
Feb 23 08:24:43 np0005626461 object-server[120970]: 172.20.0.105 - - [23/Feb/2026:08:24:43 +0000] "PUT /d1/476/AUTH_d351b5d019cd497ab1d84160f10b653c/gnocchi.d2661c51-987b-4292-b272-bb9565a975d0/none_v3" 201 - "PUT http://172.18.0.134:8080/v1/AUTH_d351b5d019cd497ab1d84160f10b653c/gnocchi.d2661c51-987b-4292-b272-bb9565a975d0/none_v3" "tx104bd38af87d4f058eb26-00699c0ecb" "proxy-server 20" 0.0116 "-" 22 0
Feb 23 08:24:43 np0005626461 container-server[120529]: 172.20.0.104 - - [23/Feb/2026:08:24:43 +0000] "PUT /d1/86/AUTH_d351b5d019cd497ab1d84160f10b653c/gnocchi.d2661c51-987b-4292-b272-bb9565a975d0/none_v3" 201 - "PUT http://172.18.0.134:8080/d1/476/AUTH_d351b5d019cd497ab1d84160f10b653c/gnocchi.d2661c51-987b-4292-b272-bb9565a975d0/none_v3" "tx104bd38af87d4f058eb26-00699c0ecb" "object-server 23" 0.0008 "-" 17 0
Feb 23 08:24:43 np0005626461 proxy-server[122398]: 172.18.0.103 172.18.0.104 23/Feb/2026/08/24/43 PUT /v1/AUTH_d351b5d019cd497ab1d84160f10b653c/gnocchi.d2661c51-987b-4292-b272-bb9565a975d0/none_v3 HTTP/1.0 201 - python-swiftclient-3.11.1 gAAAAABpnA5xV5GH... 22 - - tx104bd38af87d4f058eb26-00699c0ecb - 0.0278 - - 1771835083.579272270 1771835083.607096910 0
Feb 23 08:24:43 np0005626461 container-server[120513]: 172.20.0.103 - - [23/Feb/2026:08:24:43 +0000] "HEAD /d1/975/AUTH_d351b5d019cd497ab1d84160f10b653c/gnocchi.fa83dd2f-03fa-4931-9293-9d3f29a5d892" 404 - "HEAD http://172.18.0.134:8080/v1/AUTH_d351b5d019cd497ab1d84160f10b653c/gnocchi.fa83dd2f-03fa-4931-9293-9d3f29a5d892?format=json&states=listing" "tx764616d7bafe4f96b159d-00699c0ecb" "proxy-server 20" 0.0003 "-" 14 0
Feb 23 08:24:43 np0005626461 container-server[120519]: 172.20.0.104 - - [23/Feb/2026:08:24:43 +0000] "HEAD /d1/585/AUTH_d351b5d019cd497ab1d84160f10b653c/gnocchi.94c5af18-f79c-4a4f-bc99-8f29403606ca" 404 - "HEAD http://172.18.0.134:8080/v1/AUTH_d351b5d019cd497ab1d84160f10b653c/gnocchi.94c5af18-f79c-4a4f-bc99-8f29403606ca?format=json&states=listing" "tx638e7f6ae0c446debf365-00699c0ecb" "proxy-server 20" 0.0006 "-" 15 0
Feb 23 08:24:43 np0005626461 object-server[120955]: 172.20.0.103 - - [23/Feb/2026:08:24:43 +0000] "GET /d1/792/AUTH_d351b5d019cd497ab1d84160f10b653c/gnocchi.fa83dd2f-03fa-4931-9293-9d3f29a5d892/none_v3" 404 70 "GET http://172.18.0.134:8080/v1/AUTH_d351b5d019cd497ab1d84160f10b653c/gnocchi.fa83dd2f-03fa-4931-9293-9d3f29a5d892/none_v3" "tx764616d7bafe4f96b159d-00699c0ecb" "proxy-server 20" 0.0004 "-" 21 0
Feb 23 08:24:43 np0005626461 object-server[120955]: 172.20.0.104 - - [23/Feb/2026:08:24:43 +0000] "GET /d1/549/AUTH_d351b5d019cd497ab1d84160f10b653c/gnocchi.94c5af18-f79c-4a4f-bc99-8f29403606ca/none_v3" 404 70 "GET http://172.18.0.134:8080/v1/AUTH_d351b5d019cd497ab1d84160f10b653c/gnocchi.94c5af18-f79c-4a4f-bc99-8f29403606ca/none_v3" "tx638e7f6ae0c446debf365-00699c0ecb" "proxy-server 20" 0.0002 "-" 21 0
Feb 23 08:24:43 np0005626461 container-server[120519]: 172.20.0.105 - - [23/Feb/2026:08:24:43 +0000] "PUT /d1/975/AUTH_d351b5d019cd497ab1d84160f10b653c/gnocchi.fa83dd2f-03fa-4931-9293-9d3f29a5d892" 201 - "PUT http://172.18.0.134:8080/v1/AUTH_d351b5d019cd497ab1d84160f10b653c/gnocchi.fa83dd2f-03fa-4931-9293-9d3f29a5d892" "txc47f6b0610e8406c9a540-00699c0ecb" "proxy-server 20" 0.0201 "-" 15 0
Feb 23 08:24:43 np0005626461 account-server[120391]: 172.20.0.104 - - [23/Feb/2026:08:24:43 +0000] "PUT /d1/979/AUTH_d351b5d019cd497ab1d84160f10b653c/gnocchi.fa83dd2f-03fa-4931-9293-9d3f29a5d892" 201 - "PUT http://172.20.0.104:6001/d1/975/AUTH_d351b5d019cd497ab1d84160f10b653c/gnocchi.fa83dd2f-03fa-4931-9293-9d3f29a5d892" "txc47f6b0610e8406c9a540-00699c0ecb" "container-server 16" 0.0067 "-" 14 0
Feb 23 08:24:43 np0005626461 proxy-server[122398]: 172.18.0.134 172.18.0.104 23/Feb/2026/08/24/43 PUT /v1/AUTH_d351b5d019cd497ab1d84160f10b653c/gnocchi.fa83dd2f-03fa-4931-9293-9d3f29a5d892 HTTP/1.0 201 - python-swiftclient-3.11.1 gAAAAABpnA5xJZZ6... - - - txc47f6b0610e8406c9a540-00699c0ecb - 0.0354 - - 1771835083.634506941 1771835083.669875860 0
Feb 23 08:24:43 np0005626461 container-server[120513]: 172.20.0.103 - - [23/Feb/2026:08:24:43 +0000] "PUT /d1/585/AUTH_d351b5d019cd497ab1d84160f10b653c/gnocchi.94c5af18-f79c-4a4f-bc99-8f29403606ca" 201 - "PUT http://172.18.0.134:8080/v1/AUTH_d351b5d019cd497ab1d84160f10b653c/gnocchi.94c5af18-f79c-4a4f-bc99-8f29403606ca" "tx5c39e6407f3d46ab9af78-00699c0ecb" "proxy-server 20" 0.0159 "-" 14 0
Feb 23 08:24:43 np0005626461 account-server[120391]: 172.20.0.104 - - [23/Feb/2026:08:24:43 +0000] "PUT /d1/979/AUTH_d351b5d019cd497ab1d84160f10b653c/gnocchi.94c5af18-f79c-4a4f-bc99-8f29403606ca" 201 - "PUT http://172.20.0.104:6001/d1/585/AUTH_d351b5d019cd497ab1d84160f10b653c/gnocchi.94c5af18-f79c-4a4f-bc99-8f29403606ca" "tx5c39e6407f3d46ab9af78-00699c0ecb" "container-server 14" 0.0062 "-" 14 0
Feb 23 08:24:43 np0005626461 container-server[120513]: 172.20.0.104 - - [23/Feb/2026:08:24:43 +0000] "GET /d1/975/AUTH_d351b5d019cd497ab1d84160f10b653c/gnocchi.fa83dd2f-03fa-4931-9293-9d3f29a5d892" 200 2 "GET http://172.18.0.134:8080/v1/AUTH_d351b5d019cd497ab1d84160f10b653c/gnocchi.fa83dd2f-03fa-4931-9293-9d3f29a5d892?format=json&states=listing" "tx4647d8c4d21a41fbb70c5-00699c0ecb" "proxy-server 20" 0.0014 "-" 14 0
Feb 23 08:24:43 np0005626461 container-server[120529]: 172.20.0.105 - - [23/Feb/2026:08:24:43 +0000] "HEAD /d1/585/AUTH_d351b5d019cd497ab1d84160f10b653c/gnocchi.94c5af18-f79c-4a4f-bc99-8f29403606ca" 204 - "HEAD http://172.18.0.134:8080/v1/AUTH_d351b5d019cd497ab1d84160f10b653c/gnocchi.94c5af18-f79c-4a4f-bc99-8f29403606ca?format=json&states=listing" "tx6cef3245b31c4142b94b6-00699c0ecb" "proxy-server 20" 0.0021 "-" 17 0
Feb 23 08:24:43 np0005626461 proxy-server[122398]: - - 23/Feb/2026/08/24/43 HEAD /v1/AUTH_d351b5d019cd497ab1d84160f10b653c/gnocchi.94c5af18-f79c-4a4f-bc99-8f29403606ca%3Fformat%3Djson%26states%3Dlisting HTTP/1.0 204 - Swift - - - - tx6cef3245b31c4142b94b6-00699c0ecb - 0.0067 RL - 1771835083.696508408 1771835083.703257084 0
Feb 23 08:24:43 np0005626461 proxy-server[122398]: 172.18.0.105 172.18.0.104 23/Feb/2026/08/24/43 GET /v1/AUTH_d351b5d019cd497ab1d84160f10b653c/gnocchi.94c5af18-f79c-4a4f-bc99-8f29403606ca%3Fformat%3Djson%26states%3Dlisting HTTP/1.0 200 - python-swiftclient-3.11.1 gAAAAABpnA4o6Gk-... - 2 - tx6cef3245b31c4142b94b6-00699c0ecb - 0.0205 - - 1771835083.693975449 1771835083.714441538 0
Feb 23 08:24:43 np0005626461 object-server[120981]: 172.20.0.103 - - [23/Feb/2026:08:24:43 +0000] "GET /d1/22/AUTH_d351b5d019cd497ab1d84160f10b653c/gnocchi.fa83dd2f-03fa-4931-9293-9d3f29a5d892/1771200000.0_mean_300.0_v3" 404 70 "GET http://172.18.0.134:8080/v1/AUTH_d351b5d019cd497ab1d84160f10b653c/gnocchi.fa83dd2f-03fa-4931-9293-9d3f29a5d892/1771200000.0_mean_300.0_v3" "tx3a2dba1dcffe46fdb17b9-00699c0ecb" "proxy-server 20" 0.0005 "-" 25 0
Feb 23 08:24:43 np0005626461 object-server[120975]: 172.20.0.104 - - [23/Feb/2026:08:24:43 +0000] "GET /d1/1009/AUTH_d351b5d019cd497ab1d84160f10b653c/gnocchi.94c5af18-f79c-4a4f-bc99-8f29403606ca/1771200000.0_mean_300.0_v3" 404 70 "GET http://172.18.0.134:8080/v1/AUTH_d351b5d019cd497ab1d84160f10b653c/gnocchi.94c5af18-f79c-4a4f-bc99-8f29403606ca/1771200000.0_mean_300.0_v3" "txe36ad6907c9846f19d7ee-00699c0ecb" "proxy-server 20" 0.0005 "-" 24 0
Feb 23 08:24:43 np0005626461 container-server[120529]: 172.20.0.104 - - [23/Feb/2026:08:24:43 +0000] "PUT /d1/975/AUTH_d351b5d019cd497ab1d84160f10b653c/gnocchi.fa83dd2f-03fa-4931-9293-9d3f29a5d892/1771200000.0_mean_300.0_v3" 201 - "PUT http://172.18.0.134:8080/d1/22/AUTH_d351b5d019cd497ab1d84160f10b653c/gnocchi.fa83dd2f-03fa-4931-9293-9d3f29a5d892/1771200000.0_mean_300.0_v3" "tx8bbd193d08ab4668a0f55-00699c0ecb" "object-server 24" 0.0009 "-" 17 0
Feb 23 08:24:43 np0005626461 object-server[120955]: 172.20.0.105 - - [23/Feb/2026:08:24:43 +0000] "PUT /d1/22/AUTH_d351b5d019cd497ab1d84160f10b653c/gnocchi.fa83dd2f-03fa-4931-9293-9d3f29a5d892/1771200000.0_mean_300.0_v3" 201 - "PUT http://172.18.0.134:8080/v1/AUTH_d351b5d019cd497ab1d84160f10b653c/gnocchi.fa83dd2f-03fa-4931-9293-9d3f29a5d892/1771200000.0_mean_300.0_v3" "tx8bbd193d08ab4668a0f55-00699c0ecb" "proxy-server 20" 0.0146 "-" 21 0
Feb 23 08:24:43 np0005626461 proxy-server[122398]: 172.18.0.134 172.18.0.104 23/Feb/2026/08/24/43 PUT /v1/AUTH_d351b5d019cd497ab1d84160f10b653c/gnocchi.fa83dd2f-03fa-4931-9293-9d3f29a5d892/1771200000.0_mean_300.0_v3 HTTP/1.0 201 - python-swiftclient-3.11.1 gAAAAABpnA5xJZZ6... 16 - - tx8bbd193d08ab4668a0f55-00699c0ecb - 0.0273 - - 1771835083.726585150 1771835083.753895521 0
Feb 23 08:24:43 np0005626461 container-server[120529]: 172.20.0.105 - - [23/Feb/2026:08:24:43 +0000] "PUT /d1/585/AUTH_d351b5d019cd497ab1d84160f10b653c/gnocchi.94c5af18-f79c-4a4f-bc99-8f29403606ca/1771200000.0_mean_300.0_v3" 201 - "PUT http://172.18.0.134:8080/d1/1009/AUTH_d351b5d019cd497ab1d84160f10b653c/gnocchi.94c5af18-f79c-4a4f-bc99-8f29403606ca/1771200000.0_mean_300.0_v3" "txf89c4bb740934222be4d6-00699c0ecb" "object-server 25" 0.0007 "-" 17 0
Feb 23 08:24:43 np0005626461 object-server[120981]: 172.20.0.103 - - [23/Feb/2026:08:24:43 +0000] "PUT /d1/1009/AUTH_d351b5d019cd497ab1d84160f10b653c/gnocchi.94c5af18-f79c-4a4f-bc99-8f29403606ca/1771200000.0_mean_300.0_v3" 201 - "PUT http://172.18.0.134:8080/v1/AUTH_d351b5d019cd497ab1d84160f10b653c/gnocchi.94c5af18-f79c-4a4f-bc99-8f29403606ca/1771200000.0_mean_300.0_v3" "txf89c4bb740934222be4d6-00699c0ecb" "proxy-server 20" 0.0115 "-" 25 0
Feb 23 08:24:43 np0005626461 container-server[120513]: 172.20.0.104 - - [23/Feb/2026:08:24:43 +0000] "PUT /d1/975/AUTH_d351b5d019cd497ab1d84160f10b653c/gnocchi.fa83dd2f-03fa-4931-9293-9d3f29a5d892/none_v3" 201 - "PUT http://172.18.0.134:8080/d1/792/AUTH_d351b5d019cd497ab1d84160f10b653c/gnocchi.fa83dd2f-03fa-4931-9293-9d3f29a5d892/none_v3" "tx8b12ac4551bf4c97b8509-00699c0ecb" "object-server 22" 0.0004 "-" 14 0
Feb 23 08:24:43 np0005626461 object-server[120981]: 172.20.0.104 - - [23/Feb/2026:08:24:43 +0000] "PUT /d1/792/AUTH_d351b5d019cd497ab1d84160f10b653c/gnocchi.fa83dd2f-03fa-4931-9293-9d3f29a5d892/none_v3" 201 - "PUT http://172.18.0.134:8080/v1/AUTH_d351b5d019cd497ab1d84160f10b653c/gnocchi.fa83dd2f-03fa-4931-9293-9d3f29a5d892/none_v3" "tx8b12ac4551bf4c97b8509-00699c0ecb" "proxy-server 20" 0.0129 "-" 25 0
Feb 23 08:24:43 np0005626461 container-server[120513]: 172.20.0.105 - - [23/Feb/2026:08:24:43 +0000] "PUT /d1/585/AUTH_d351b5d019cd497ab1d84160f10b653c/gnocchi.94c5af18-f79c-4a4f-bc99-8f29403606ca/none_v3" 201 - "PUT http://172.18.0.134:8080/d1/549/AUTH_d351b5d019cd497ab1d84160f10b653c/gnocchi.94c5af18-f79c-4a4f-bc99-8f29403606ca/none_v3" "tx327f805b7e04419e9a764-00699c0ecb" "object-server 24" 0.0006 "-" 14 0
Feb 23 08:24:43 np0005626461 object-server[120975]: 172.20.0.105 - - [23/Feb/2026:08:24:43 +0000] "PUT /d1/549/AUTH_d351b5d019cd497ab1d84160f10b653c/gnocchi.94c5af18-f79c-4a4f-bc99-8f29403606ca/none_v3" 201 - "PUT http://172.18.0.134:8080/v1/AUTH_d351b5d019cd497ab1d84160f10b653c/gnocchi.94c5af18-f79c-4a4f-bc99-8f29403606ca/none_v3" "tx327f805b7e04419e9a764-00699c0ecb" "proxy-server 20" 0.0133 "-" 24 0
Feb 23 08:24:43 np0005626461 proxy-server[122398]: 172.18.0.105 172.18.0.104 23/Feb/2026/08/24/43 PUT /v1/AUTH_d351b5d019cd497ab1d84160f10b653c/gnocchi.94c5af18-f79c-4a4f-bc99-8f29403606ca/none_v3 HTTP/1.0 201 - python-swiftclient-3.11.1 gAAAAABpnA4o6Gk-... 22 - - tx327f805b7e04419e9a764-00699c0ecb - 0.0246 - - 1771835083.772682190 1771835083.797253132 0
Feb 23 08:24:48 np0005626461 container-server[120160]: Beginning replication run
Feb 23 08:24:48 np0005626461 container-server[120160]: Replication run OVER
Feb 23 08:24:48 np0005626461 container-server[120160]: Attempted to replicate 22 dbs in 0.96961 seconds (22.68948/s)
Feb 23 08:24:48 np0005626461 container-server[120160]: Removed 0 dbs
Feb 23 08:24:48 np0005626461 container-server[120160]: 44 successes, 0 failures
Feb 23 08:24:48 np0005626461 container-server[120160]: diff:0 diff_capped:0 empty:0 hashmatch:0 no_change:44 remote_merge:0 rsync:0 ts_repl:0
Feb 23 08:24:58 np0005626461 account-server[120092]: Beginning replication run
Feb 23 08:24:58 np0005626461 account-server[120092]: Replication run OVER
Feb 23 08:24:58 np0005626461 account-server[120092]: Attempted to replicate 1 dbs in 0.02631 seconds (38.01033/s)
Feb 23 08:24:58 np0005626461 account-server[120092]: Removed 0 dbs
Feb 23 08:24:58 np0005626461 account-server[120092]: 2 successes, 0 failures
Feb 23 08:24:58 np0005626461 account-server[120092]: diff:0 diff_capped:0 empty:0 hashmatch:0 no_change:2 remote_merge:0 rsync:0 ts_repl:0
Feb 23 08:25:00 np0005626461 object-server[120946]: Begin object update sweep
Feb 23 08:25:00 np0005626461 object-server[221978]: Object update sweep starting on /srv/node/d1 (pid: 14)
Feb 23 08:25:00 np0005626461 object-server[221978]: Object update sweep completed on /srv/node/d1 in 0.00s seconds:, 0 successes, 0 failures, 0 quarantines, 0 unlinks, 0 errors, 0 redirects (pid: 14)
Feb 23 08:25:00 np0005626461 object-server[221978]: Object update sweep of d1 completed: 0.00s, 0 successes, 0 failures, 0 quarantines, 0 unlinks, 0 errors, 0 redirects
Feb 23 08:25:00 np0005626461 object-server[120946]: Object update sweep completed: 0.08s
Feb 23 08:25:01 np0005626461 account-server[120394]: 172.20.0.105 - - [23/Feb/2026:08:25:01 +0000] "HEAD /d1/185/.expiring_objects" 404 - "HEAD http://localhost/v1/.expiring_objects?format=json" "tx2d4b5659b067418da57ab-00699c0edd" "proxy-server 2" 0.0009 "-" 16 -
Feb 23 08:25:01 np0005626461 object-expirer[120597]: Pass completed in 0s; 0 objects expired (txn: tx2d4b5659b067418da57ab-00699c0edd)
Feb 23 08:25:09 np0005626461 object-server[120701]: Starting object replication pass.
Feb 23 08:25:09 np0005626461 object-server[120701]: 41/41 (100.00%) partitions replicated in 0.43s (95.05/sec, 0s remaining)
Feb 23 08:25:09 np0005626461 object-server[120701]: 82 successes, 0 failures
Feb 23 08:25:09 np0005626461 object-server[120701]: 44 suffixes checked - 0.00% hashed, 0.00% synced
Feb 23 08:25:09 np0005626461 object-server[120701]: Partition times: max 0.0164s, min 0.0066s, med 0.0096s
Feb 23 08:25:09 np0005626461 object-server[120701]: Object replication complete. (0.01 minutes)
Feb 23 08:25:11 np0005626461 object-server[222886]: Begin object audit "forever" mode (ALL)
Feb 23 08:25:11 np0005626461 object-server[222885]: Begin object audit "forever" mode (ZBF)
Feb 23 08:25:11 np0005626461 object-server[222885]: Object audit (ZBF). Since Mon Feb 23 08:25:11 2026: Locally: 1 passed, 0 quarantined, 0 errors, files/sec: 540.43, bytes/sec: 0.00, Total time: 0.00, Auditing time: 0.00, Rate: 0.00
Feb 23 08:25:11 np0005626461 object-server[222886]: Object audit (ALL). Since Mon Feb 23 08:25:11 2026: Locally: 1 passed, 0 quarantined, 0 errors, files/sec: 98.23, bytes/sec: 1571.71, Total time: 0.01, Auditing time: 0.00, Rate: 0.00
Feb 23 08:25:12 np0005626461 object-server[222885]: Object audit (ZBF) "forever" mode completed: 0.84s. Total quarantined: 0, Total errors: 0, Total files/sec: 52.17, Total bytes/sec: 0.00, Auditing time: 0.83, Rate: 0.99
Feb 23 08:25:13 np0005626461 object-server[222886]: Object audit (ALL) "forever" mode completed: 2.11s. Total quarantined: 0, Total errors: 0, Total files/sec: 20.83, Total bytes/sec: 400.49, Auditing time: 2.10, Rate: 0.99
Feb 23 08:25:18 np0005626461 container-server[120160]: Beginning replication run
Feb 23 08:25:18 np0005626461 container-server[120160]: Replication run OVER
Feb 23 08:25:18 np0005626461 container-server[120160]: Attempted to replicate 22 dbs in 0.43558 seconds (50.50769/s)
Feb 23 08:25:18 np0005626461 container-server[120160]: Removed 0 dbs
Feb 23 08:25:18 np0005626461 container-server[120160]: 44 successes, 0 failures
Feb 23 08:25:18 np0005626461 container-server[120160]: diff:0 diff_capped:0 empty:0 hashmatch:0 no_change:44 remote_merge:0 rsync:0 ts_repl:0
Feb 23 08:25:26 np0005626461 account-server[120394]: 172.20.0.105 - - [23/Feb/2026:08:25:26 +0000] "HEAD /d1/185/.expiring_objects" 404 - "HEAD http://localhost/v1/.expiring_objects?format=json" "txae679b22570a4b4e9c056-00699c0ef6" "proxy-server 2" 0.0008 "-" 16 -
Feb 23 08:25:26 np0005626461 object-expirer[120597]: Pass completed in 0s; 0 objects expired (txn: txae679b22570a4b4e9c056-00699c0ef6)
Feb 23 08:25:28 np0005626461 account-server[120092]: Beginning replication run
Feb 23 08:25:28 np0005626461 account-server[120092]: Replication run OVER
Feb 23 08:25:28 np0005626461 account-server[120092]: Attempted to replicate 1 dbs in 0.01829 seconds (54.66500/s)
Feb 23 08:25:28 np0005626461 account-server[120092]: Removed 0 dbs
Feb 23 08:25:28 np0005626461 account-server[120092]: 2 successes, 0 failures
Feb 23 08:25:28 np0005626461 account-server[120092]: diff:0 diff_capped:0 empty:0 hashmatch:0 no_change:2 remote_merge:0 rsync:0 ts_repl:0
Feb 23 08:25:39 np0005626461 object-server[120701]: Starting object replication pass.
Feb 23 08:25:39 np0005626461 object-server[120701]: 41/41 (100.00%) partitions replicated in 0.40s (103.72/sec, 0s remaining)
Feb 23 08:25:39 np0005626461 object-server[120701]: 82 successes, 0 failures
Feb 23 08:25:39 np0005626461 object-server[120701]: 44 suffixes checked - 0.00% hashed, 0.00% synced
Feb 23 08:25:39 np0005626461 object-server[120701]: Partition times: max 0.0168s, min 0.0070s, med 0.0087s
Feb 23 08:25:39 np0005626461 object-server[120701]: Object replication complete. (0.01 minutes)
Feb 23 08:25:42 np0005626461 object-server[222904]: Begin object audit "forever" mode (ZBF)
Feb 23 08:25:42 np0005626461 object-server[222904]: Object audit (ZBF). Since Mon Feb 23 08:25:42 2026: Locally: 1 passed, 0 quarantined, 0 errors, files/sec: 577.09, bytes/sec: 0.00, Total time: 0.00, Auditing time: 0.00, Rate: 0.00
Feb 23 08:25:43 np0005626461 object-server[222904]: Object audit (ZBF) "forever" mode completed: 0.84s. Total quarantined: 0, Total errors: 0, Total files/sec: 52.19, Total bytes/sec: 0.00, Auditing time: 0.83, Rate: 0.98
Feb 23 08:25:48 np0005626461 container-server[120160]: Beginning replication run
Feb 23 08:25:48 np0005626461 container-server[120160]: Replication run OVER
Feb 23 08:25:48 np0005626461 container-server[120160]: Attempted to replicate 22 dbs in 0.43618 seconds (50.43781/s)
Feb 23 08:25:48 np0005626461 container-server[120160]: Removed 0 dbs
Feb 23 08:25:48 np0005626461 container-server[120160]: 44 successes, 0 failures
Feb 23 08:25:48 np0005626461 container-server[120160]: diff:0 diff_capped:0 empty:0 hashmatch:0 no_change:44 remote_merge:0 rsync:0 ts_repl:0
Feb 23 08:25:58 np0005626461 account-server[120092]: Beginning replication run
Feb 23 08:25:58 np0005626461 account-server[120092]: Replication run OVER
Feb 23 08:25:58 np0005626461 account-server[120092]: Attempted to replicate 1 dbs in 0.03140 seconds (31.84586/s)
Feb 23 08:25:58 np0005626461 account-server[120092]: Removed 0 dbs
Feb 23 08:25:58 np0005626461 account-server[120092]: 2 successes, 0 failures
Feb 23 08:25:58 np0005626461 account-server[120092]: diff:0 diff_capped:0 empty:0 hashmatch:0 no_change:2 remote_merge:0 rsync:0 ts_repl:0
Feb 23 08:26:07 np0005626461 container-server[120565]: Begin container update sweep
Feb 23 08:26:07 np0005626461 account-server[120394]: 172.20.0.105 - - [23/Feb/2026:08:26:07 +0000] "PUT /d1/979/AUTH_d351b5d019cd497ab1d84160f10b653c/gnocchi.a9a3f913-6e88-4980-a5d3-395f971e818d" 201 - "-" "-" "container-updater 2" 0.0014 "-" 16 0
Feb 23 08:26:07 np0005626461 account-server[120394]: 172.20.0.105 - - [23/Feb/2026:08:26:07 +0000] "PUT /d1/979/AUTH_d351b5d019cd497ab1d84160f10b653c/gnocchi.8a80798a-9adf-47a5-9b75-792205eb526c" 201 - "-" "-" "container-updater 2" 0.0005 "-" 16 0
Feb 23 08:26:07 np0005626461 account-server[120394]: 172.20.0.105 - - [23/Feb/2026:08:26:07 +0000] "PUT /d1/979/AUTH_d351b5d019cd497ab1d84160f10b653c/gnocchi.94c5af18-f79c-4a4f-bc99-8f29403606ca" 201 - "-" "-" "container-updater 2" 0.0008 "-" 16 0
Feb 23 08:26:07 np0005626461 account-server[120403]: 172.20.0.105 - - [23/Feb/2026:08:26:07 +0000] "PUT /d1/979/AUTH_d351b5d019cd497ab1d84160f10b653c/gnocchi.02ad80ff-06f3-4c63-9576-128a218cdeb0" 201 - "-" "-" "container-updater 2" 0.0007 "-" 17 0
Feb 23 08:26:08 np0005626461 account-server[120403]: 172.20.0.105 - - [23/Feb/2026:08:26:08 +0000] "PUT /d1/979/AUTH_d351b5d019cd497ab1d84160f10b653c/gnocchi.69d2d350-9221-4230-9161-e63c7a424f29" 201 - "-" "-" "container-updater 2" 0.0008 "-" 17 0
Feb 23 08:26:08 np0005626461 account-server[120394]: 172.20.0.105 - - [23/Feb/2026:08:26:08 +0000] "PUT /d1/979/AUTH_d351b5d019cd497ab1d84160f10b653c/gnocchi.ff3d4d84-f6cc-4223-a974-ba1e7eba000f" 201 - "-" "-" "container-updater 2" 0.0010 "-" 16 0
Feb 23 08:26:08 np0005626461 account-server[120403]: 172.20.0.105 - - [23/Feb/2026:08:26:08 +0000] "PUT /d1/979/AUTH_d351b5d019cd497ab1d84160f10b653c/gnocchi.c089f97e-e091-405f-8302-e66fcd0b069d" 201 - "-" "-" "container-updater 2" 0.0010 "-" 17 0
Feb 23 08:26:08 np0005626461 account-server[120394]: 172.20.0.105 - - [23/Feb/2026:08:26:08 +0000] "PUT /d1/979/AUTH_d351b5d019cd497ab1d84160f10b653c/gnocchi.775bdd17-dd47-4d35-b74f-be986e860bd1" 201 - "-" "-" "container-updater 2" 0.0007 "-" 16 0
Feb 23 08:26:08 np0005626461 account-server[120391]: 172.20.0.105 - - [23/Feb/2026:08:26:08 +0000] "PUT /d1/979/AUTH_d351b5d019cd497ab1d84160f10b653c/gnocchi.d2661c51-987b-4292-b272-bb9565a975d0" 201 - "-" "-" "container-updater 2" 0.0006 "-" 14 0
Feb 23 08:26:08 np0005626461 account-server[120394]: 172.20.0.105 - - [23/Feb/2026:08:26:08 +0000] "PUT /d1/979/AUTH_d351b5d019cd497ab1d84160f10b653c/gnocchi.3be5ab82-59d1-486f-86d4-ae944e1266d2" 201 - "-" "-" "container-updater 2" 0.0008 "-" 16 0
Feb 23 08:26:08 np0005626461 account-server[120394]: 172.20.0.105 - - [23/Feb/2026:08:26:08 +0000] "PUT /d1/979/AUTH_d351b5d019cd497ab1d84160f10b653c/gnocchi.4b66d46e-016e-4cb9-b0b5-14764823da38" 201 - "-" "-" "container-updater 2" 0.0008 "-" 16 0
Feb 23 08:26:08 np0005626461 account-server[120403]: 172.20.0.105 - - [23/Feb/2026:08:26:08 +0000] "PUT /d1/979/AUTH_d351b5d019cd497ab1d84160f10b653c/gnocchi.815f70e1-ec9a-4abf-8604-b6ebe6f65d13" 201 - "-" "-" "container-updater 2" 0.0008 "-" 17 0
Feb 23 08:26:08 np0005626461 account-server[120392]: 172.20.0.105 - - [23/Feb/2026:08:26:08 +0000] "PUT /d1/979/AUTH_d351b5d019cd497ab1d84160f10b653c/gnocchi.45ee1f1b-219e-4de5-9f51-a477b96343e7" 201 - "-" "-" "container-updater 2" 0.0004 "-" 15 0
Feb 23 08:26:08 np0005626461 account-server[120403]: 172.20.0.105 - - [23/Feb/2026:08:26:08 +0000] "PUT /d1/979/AUTH_d351b5d019cd497ab1d84160f10b653c/gnocchi.5eed7344-1baa-4108-b5cd-7766867b85df" 201 - "-" "-" "container-updater 2" 0.0006 "-" 17 0
Feb 23 08:26:08 np0005626461 account-server[120392]: 172.20.0.105 - - [23/Feb/2026:08:26:08 +0000] "PUT /d1/979/AUTH_d351b5d019cd497ab1d84160f10b653c/gnocchi.2006331c-4bf4-4bc2-bafa-b6d01219e73a" 201 - "-" "-" "container-updater 2" 0.0009 "-" 15 0
Feb 23 08:26:09 np0005626461 account-server[120392]: 172.20.0.105 - - [23/Feb/2026:08:26:09 +0000] "PUT /d1/979/AUTH_d351b5d019cd497ab1d84160f10b653c/gnocchi.fa83dd2f-03fa-4931-9293-9d3f29a5d892" 201 - "-" "-" "container-updater 2" 0.0006 "-" 15 0
Feb 23 08:26:09 np0005626461 account-server[120403]: 172.20.0.105 - - [23/Feb/2026:08:26:09 +0000] "PUT /d1/979/AUTH_d351b5d019cd497ab1d84160f10b653c/gnocchi.b25f77ea-58e0-414c-9b64-df56f720745a" 201 - "-" "-" "container-updater 2" 0.0009 "-" 17 0
Feb 23 08:26:09 np0005626461 account-server[120394]: 172.20.0.105 - - [23/Feb/2026:08:26:09 +0000] "PUT /d1/979/AUTH_d351b5d019cd497ab1d84160f10b653c/gnocchi.dfea0713-920c-4e14-bed3-3f08daee5fc5" 201 - "-" "-" "container-updater 2" 0.0008 "-" 16 0
Feb 23 08:26:09 np0005626461 account-server[120391]: 172.20.0.105 - - [23/Feb/2026:08:26:09 +0000] "PUT /d1/979/AUTH_d351b5d019cd497ab1d84160f10b653c/gnocchi.222d0e86-652d-4feb-b78c-d17d1d5c9c62" 201 - "-" "-" "container-updater 2" 0.0004 "-" 14 0
