Feb 23 08:20:09 np0005626460 account-server[121182]: Removed 0 dbs
Feb 23 08:20:09 np0005626460 account-server[121182]: 0 successes, 0 failures
Feb 23 08:20:09 np0005626460 account-server[121182]: diff:0 diff_capped:0 empty:0 hashmatch:0 no_change:0 remote_merge:0 rsync:0 ts_repl:0
Feb 23 08:20:14 np0005626460 account-server[121609]: 172.20.0.104 - - [23/Feb/2026:08:20:14 +0000] "HEAD /d1/185/.expiring_objects" 404 - "HEAD http://localhost/v1/.expiring_objects?format=json" "tx16cfff82863749e3912ac-00699c0dbe" "proxy-server 2" 0.0010 "-" 20 -
Feb 23 08:20:14 np0005626460 object-expirer[121907]: Pass completed in 0s; 0 objects expired (txn: tx16cfff82863749e3912ac-00699c0dbe)
Feb 23 08:20:23 np0005626460 container-server[121440]: Beginning replication run
Feb 23 08:20:23 np0005626460 container-server[121440]: Replication run OVER
Feb 23 08:20:23 np0005626460 container-server[121440]: Attempted to replicate 0 dbs in 0.00174 seconds (0.00000/s)
Feb 23 08:20:23 np0005626460 container-server[121440]: Removed 0 dbs
Feb 23 08:20:23 np0005626460 container-server[121440]: 0 successes, 0 failures
Feb 23 08:20:23 np0005626460 container-server[121440]: diff:0 diff_capped:0 empty:0 hashmatch:0 no_change:0 remote_merge:0 rsync:0 ts_repl:0
Feb 23 08:20:36 np0005626460 object-server[121997]: Starting object replication pass.
Feb 23 08:20:36 np0005626460 object-server[121997]: Nothing replicated for 0.0036919116973876953 seconds.
Feb 23 08:20:36 np0005626460 object-server[121997]: Object replication complete. (0.00 minutes)
Feb 23 08:20:37 np0005626460 object-server[196916]: Begin object audit "forever" mode (ALL)
Feb 23 08:20:37 np0005626460 object-server[196916]: Object audit (ALL) "forever" mode completed: 0.00s. Total quarantined: 0, Total errors: 0, Total files/sec: 0.00, Total bytes/sec: 0.00, Auditing time: 0.00, Rate: 0.00
Feb 23 08:20:37 np0005626460 object-server[196915]: Begin object audit "forever" mode (ZBF)
Feb 23 08:20:37 np0005626460 object-server[196915]: Object audit (ZBF) "forever" mode completed: 0.00s. Total quarantined: 0, Total errors: 0, Total files/sec: 0.00, Total bytes/sec: 0.00, Auditing time: 0.00, Rate: 0.00
Feb 23 08:20:39 np0005626460 account-server[121182]: Beginning replication run
Feb 23 08:20:39 np0005626460 account-server[121182]: Replication run OVER
Feb 23 08:20:39 np0005626460 account-server[121182]: Attempted to replicate 0 dbs in 0.00170 seconds (0.00000/s)
Feb 23 08:20:39 np0005626460 account-server[121182]: Removed 0 dbs
Feb 23 08:20:39 np0005626460 account-server[121182]: 0 successes, 0 failures
Feb 23 08:20:39 np0005626460 account-server[121182]: diff:0 diff_capped:0 empty:0 hashmatch:0 no_change:0 remote_merge:0 rsync:0 ts_repl:0
Feb 23 08:20:53 np0005626460 container-server[121440]: Beginning replication run
Feb 23 08:20:53 np0005626460 container-server[121440]: Replication run OVER
Feb 23 08:20:53 np0005626460 container-server[121440]: Attempted to replicate 0 dbs in 0.00339 seconds (0.00000/s)
Feb 23 08:20:53 np0005626460 container-server[121440]: Removed 0 dbs
Feb 23 08:20:53 np0005626460 container-server[121440]: 0 successes, 0 failures
Feb 23 08:20:53 np0005626460 container-server[121440]: diff:0 diff_capped:0 empty:0 hashmatch:0 no_change:0 remote_merge:0 rsync:0 ts_repl:0
Feb 23 08:21:06 np0005626460 object-server[121997]: Starting object replication pass.
Feb 23 08:21:06 np0005626460 object-server[121997]: Nothing replicated for 0.004080533981323242 seconds.
Feb 23 08:21:06 np0005626460 object-server[121997]: Object replication complete. (0.00 minutes)
Feb 23 08:21:07 np0005626460 object-server[199925]: Begin object audit "forever" mode (ALL)
Feb 23 08:21:07 np0005626460 object-server[199925]: Object audit (ALL) "forever" mode completed: 0.00s. Total quarantined: 0, Total errors: 0, Total files/sec: 0.00, Total bytes/sec: 0.00, Auditing time: 0.00, Rate: 0.00
Feb 23 08:21:07 np0005626460 object-server[199924]: Begin object audit "forever" mode (ZBF)
Feb 23 08:21:07 np0005626460 object-server[199924]: Object audit (ZBF) "forever" mode completed: 0.00s. Total quarantined: 0, Total errors: 0, Total files/sec: 0.00, Total bytes/sec: 0.00, Auditing time: 0.00, Rate: 0.00
Feb 23 08:21:09 np0005626460 account-server[121182]: Beginning replication run
Feb 23 08:21:09 np0005626460 account-server[121182]: Replication run OVER
Feb 23 08:21:09 np0005626460 account-server[121182]: Attempted to replicate 0 dbs in 0.00159 seconds (0.00000/s)
Feb 23 08:21:09 np0005626460 account-server[121182]: Removed 0 dbs
Feb 23 08:21:09 np0005626460 account-server[121182]: 0 successes, 0 failures
Feb 23 08:21:09 np0005626460 account-server[121182]: diff:0 diff_capped:0 empty:0 hashmatch:0 no_change:0 remote_merge:0 rsync:0 ts_repl:0
Feb 23 08:21:23 np0005626460 container-server[121440]: Beginning replication run
Feb 23 08:21:23 np0005626460 container-server[121440]: Replication run OVER
Feb 23 08:21:23 np0005626460 container-server[121440]: Attempted to replicate 0 dbs in 0.00114 seconds (0.00000/s)
Feb 23 08:21:23 np0005626460 container-server[121440]: Removed 0 dbs
Feb 23 08:21:23 np0005626460 container-server[121440]: 0 successes, 0 failures
Feb 23 08:21:23 np0005626460 container-server[121440]: diff:0 diff_capped:0 empty:0 hashmatch:0 no_change:0 remote_merge:0 rsync:0 ts_repl:0
Feb 23 08:21:36 np0005626460 object-server[121997]: Starting object replication pass.
Feb 23 08:21:36 np0005626460 object-server[121997]: Nothing replicated for 0.004230499267578125 seconds.
Feb 23 08:21:36 np0005626460 object-server[121997]: Object replication complete. (0.00 minutes)
Feb 23 08:21:37 np0005626460 object-server[199927]: Begin object audit "forever" mode (ZBF)
Feb 23 08:21:37 np0005626460 object-server[199927]: Object audit (ZBF) "forever" mode completed: 0.00s. Total quarantined: 0, Total errors: 0, Total files/sec: 0.00, Total bytes/sec: 0.00, Auditing time: 0.00, Rate: 0.00
Feb 23 08:21:39 np0005626460 account-server[121182]: Beginning replication run
Feb 23 08:21:39 np0005626460 account-server[121182]: Replication run OVER
Feb 23 08:21:39 np0005626460 account-server[121182]: Attempted to replicate 0 dbs in 0.00179 seconds (0.00000/s)
Feb 23 08:21:39 np0005626460 account-server[121182]: Removed 0 dbs
Feb 23 08:21:39 np0005626460 account-server[121182]: 0 successes, 0 failures
Feb 23 08:21:39 np0005626460 account-server[121182]: diff:0 diff_capped:0 empty:0 hashmatch:0 no_change:0 remote_merge:0 rsync:0 ts_repl:0
Feb 23 08:21:39 np0005626460 account-server[121609]: 172.20.0.105 - - [23/Feb/2026:08:21:39 +0000] "HEAD /d1/185/.expiring_objects" 404 - "HEAD http://localhost/v1/.expiring_objects?format=json" "txb8a14e05c6154be193a6b-00699c0e13" "proxy-server 2" 0.0006 "-" 20 -
Feb 23 08:21:53 np0005626460 container-server[121440]: Beginning replication run
Feb 23 08:21:53 np0005626460 container-server[121440]: Replication run OVER
Feb 23 08:21:53 np0005626460 container-server[121440]: Attempted to replicate 0 dbs in 0.00131 seconds (0.00000/s)
Feb 23 08:21:53 np0005626460 container-server[121440]: Removed 0 dbs
Feb 23 08:21:53 np0005626460 container-server[121440]: 0 successes, 0 failures
Feb 23 08:21:53 np0005626460 container-server[121440]: diff:0 diff_capped:0 empty:0 hashmatch:0 no_change:0 remote_merge:0 rsync:0 ts_repl:0
Feb 23 08:22:00 np0005626460 account-server[121634]: 172.20.0.103 - - [23/Feb/2026:08:22:00 +0000] "HEAD /d1/979/AUTH_d351b5d019cd497ab1d84160f10b653c" 404 - "HEAD http://172.18.0.134:8080/v1/AUTH_d351b5d019cd497ab1d84160f10b653c?format=json" "txba96882d626b45c6a93a7-00699c0e28" "proxy-server 20" 0.0005 "-" 21 -
Feb 23 08:22:00 np0005626460 object-server[122294]: 172.20.0.103 - - [23/Feb/2026:08:22:00 +0000] "GET /d1/1018/AUTH_d351b5d019cd497ab1d84160f10b653c/gnocchi.5eed7344-1baa-4108-b5cd-7766867b85df/none_v3" 404 70 "GET http://172.18.0.134:8080/v1/AUTH_d351b5d019cd497ab1d84160f10b653c/gnocchi.5eed7344-1baa-4108-b5cd-7766867b85df/none_v3" "txba96882d626b45c6a93a7-00699c0e28" "proxy-server 20" 0.0013 "-" 24 0
Feb 23 08:22:00 np0005626460 account-server[121609]: 172.20.0.104 - - [23/Feb/2026:08:22:00 +0000] "PUT /d1/979/AUTH_d351b5d019cd497ab1d84160f10b653c" 201 - "-" "txe2d0031af82a4df4901ed-00699c0e28" "-" 0.0157 "-" 20 -
Feb 23 08:22:00 np0005626460 proxy-server[123514]: autocreate account '/AUTH_d351b5d019cd497ab1d84160f10b653c' (txn: txe2d0031af82a4df4901ed-00699c0e28)
Feb 23 08:22:00 np0005626460 account-server[121634]: 172.20.0.104 - - [23/Feb/2026:08:22:00 +0000] "HEAD /d1/979/AUTH_d351b5d019cd497ab1d84160f10b653c" 204 - "HEAD http://172.18.0.134:8080/v1/AUTH_d351b5d019cd497ab1d84160f10b653c?format=json" "txe2d0031af82a4df4901ed-00699c0e28" "proxy-server 20" 0.0025 "-" 21 -
Feb 23 08:22:00 np0005626460 account-server[121609]: 172.20.0.103 - - [23/Feb/2026:08:22:00 +0000] "PUT /d1/979/AUTH_d351b5d019cd497ab1d84160f10b653c/gnocchi.5eed7344-1baa-4108-b5cd-7766867b85df" 201 - "PUT http://172.20.0.103:6001/d1/651/AUTH_d351b5d019cd497ab1d84160f10b653c/gnocchi.5eed7344-1baa-4108-b5cd-7766867b85df" "txe2d0031af82a4df4901ed-00699c0e28" "container-server 20" 0.0022 "-" 20 0
Feb 23 08:22:00 np0005626460 container-server[121883]: 172.20.0.104 - - [23/Feb/2026:08:22:00 +0000] "PUT /d1/651/AUTH_d351b5d019cd497ab1d84160f10b653c/gnocchi.5eed7344-1baa-4108-b5cd-7766867b85df" 201 - "PUT http://172.18.0.134:8080/v1/AUTH_d351b5d019cd497ab1d84160f10b653c/gnocchi.5eed7344-1baa-4108-b5cd-7766867b85df" "txe2d0031af82a4df4901ed-00699c0e28" "proxy-server 20" 0.0255 "-" 14 0
Feb 23 08:22:00 np0005626460 proxy-server[123514]: 172.18.0.105 172.18.0.104 23/Feb/2026/08/22/00 PUT /v1/AUTH_d351b5d019cd497ab1d84160f10b653c/gnocchi.5eed7344-1baa-4108-b5cd-7766867b85df HTTP/1.0 201 - python-swiftclient-3.11.1 gAAAAABpnA4o6Gk-... - - - txe2d0031af82a4df4901ed-00699c0e28 - 0.0802 - - 1771834920.830964565 1771834920.911168337 0
Feb 23 08:22:00 np0005626460 container-server[121883]: 172.20.0.105 - - [23/Feb/2026:08:22:00 +0000] "GET /d1/651/AUTH_d351b5d019cd497ab1d84160f10b653c/gnocchi.5eed7344-1baa-4108-b5cd-7766867b85df" 200 2 "GET http://172.18.0.134:8080/v1/AUTH_d351b5d019cd497ab1d84160f10b653c/gnocchi.5eed7344-1baa-4108-b5cd-7766867b85df?format=json&states=listing" "txe34ad4d267114e9385514-00699c0e28" "proxy-server 20" 0.0031 "-" 14 0
Feb 23 08:22:00 np0005626460 object-server[122305]: 172.20.0.103 - - [23/Feb/2026:08:22:00 +0000] "GET /d1/436/AUTH_d351b5d019cd497ab1d84160f10b653c/gnocchi.5eed7344-1baa-4108-b5cd-7766867b85df/1771200000.0_mean_300.0_v3" 404 70 "GET http://172.18.0.134:8080/v1/AUTH_d351b5d019cd497ab1d84160f10b653c/gnocchi.5eed7344-1baa-4108-b5cd-7766867b85df/1771200000.0_mean_300.0_v3" "tx9639e96d6f564c3e881c6-00699c0e28" "proxy-server 20" 0.0012 "-" 25 0
Feb 23 08:22:01 np0005626460 object-server[122290]: 172.20.0.104 - - [23/Feb/2026:08:22:01 +0000] "PUT /d1/436/AUTH_d351b5d019cd497ab1d84160f10b653c/gnocchi.5eed7344-1baa-4108-b5cd-7766867b85df/1771200000.0_mean_300.0_v3" 201 - "PUT http://172.18.0.134:8080/v1/AUTH_d351b5d019cd497ab1d84160f10b653c/gnocchi.5eed7344-1baa-4108-b5cd-7766867b85df/1771200000.0_mean_300.0_v3" "txc184836b7cc94529a8cdf-00699c0e28" "proxy-server 20" 0.0353 "-" 22 0
Feb 23 08:22:01 np0005626460 container-server[121892]: 172.20.0.105 - - [23/Feb/2026:08:22:01 +0000] "PUT /d1/651/AUTH_d351b5d019cd497ab1d84160f10b653c/gnocchi.5eed7344-1baa-4108-b5cd-7766867b85df/1771200000.0_mean_300.0_v3" 201 - "PUT http://172.18.0.134:8080/d1/436/AUTH_d351b5d019cd497ab1d84160f10b653c/gnocchi.5eed7344-1baa-4108-b5cd-7766867b85df/1771200000.0_mean_300.0_v3" "txc184836b7cc94529a8cdf-00699c0e28" "object-server 24" 0.0013 "-" 17 0
Feb 23 08:22:01 np0005626460 proxy-server[123514]: 172.18.0.105 172.18.0.104 23/Feb/2026/08/22/01 PUT /v1/AUTH_d351b5d019cd497ab1d84160f10b653c/gnocchi.5eed7344-1baa-4108-b5cd-7766867b85df/1771200000.0_mean_300.0_v3 HTTP/1.0 201 - python-swiftclient-3.11.1 gAAAAABpnA4o6Gk-... 16 - - txc184836b7cc94529a8cdf-00699c0e28 - 0.0485 - - 1771834920.984386206 1771834921.032891273 0
Feb 23 08:22:01 np0005626460 object-server[122290]: 172.20.0.105 - - [23/Feb/2026:08:22:01 +0000] "PUT /d1/1018/AUTH_d351b5d019cd497ab1d84160f10b653c/gnocchi.5eed7344-1baa-4108-b5cd-7766867b85df/none_v3" 201 - "PUT http://172.18.0.134:8080/v1/AUTH_d351b5d019cd497ab1d84160f10b653c/gnocchi.5eed7344-1baa-4108-b5cd-7766867b85df/none_v3" "tx5539632c9c184bcca2cfd-00699c0e29" "proxy-server 20" 0.0215 "-" 22 0
Feb 23 08:22:01 np0005626460 container-server[121891]: 172.20.0.103 - - [23/Feb/2026:08:22:01 +0000] "PUT /d1/651/AUTH_d351b5d019cd497ab1d84160f10b653c/gnocchi.5eed7344-1baa-4108-b5cd-7766867b85df/none_v3" 201 - "PUT http://172.18.0.134:8080/d1/1018/AUTH_d351b5d019cd497ab1d84160f10b653c/gnocchi.5eed7344-1baa-4108-b5cd-7766867b85df/none_v3" "tx5539632c9c184bcca2cfd-00699c0e29" "object-server 22" 0.0010 "-" 16 0
Feb 23 08:22:06 np0005626460 object-server[121997]: Starting object replication pass.
Feb 23 08:22:06 np0005626460 object-server[121997]: 2/2 (100.00%) partitions replicated in 0.29s (6.90/sec, 0s remaining)
Feb 23 08:22:06 np0005626460 object-server[121997]: 4 successes, 0 failures
Feb 23 08:22:06 np0005626460 object-server[121997]: 2 suffixes checked - 100.00% hashed, 0.00% synced
Feb 23 08:22:06 np0005626460 object-server[121997]: Partition times: max 0.1859s, min 0.1018s, med 0.1859s
Feb 23 08:22:06 np0005626460 object-server[121997]: Object replication complete. (0.00 minutes)
Feb 23 08:22:08 np0005626460 object-server[205736]: Begin object audit "forever" mode (ZBF)
Feb 23 08:22:08 np0005626460 object-server[205737]: Begin object audit "forever" mode (ALL)
Feb 23 08:22:08 np0005626460 object-server[205736]: Object audit (ZBF). Since Mon Feb 23 08:22:08 2026: Locally: 1 passed, 0 quarantined, 0 errors, files/sec: 557.16, bytes/sec: 0.00, Total time: 0.00, Auditing time: 0.00, Rate: 0.00
Feb 23 08:22:08 np0005626460 object-server[205736]: Object audit (ZBF) "forever" mode completed: 0.00s. Total quarantined: 0, Total errors: 0, Total files/sec: 469.40, Total bytes/sec: 0.00, Auditing time: 0.00, Rate: 0.31
Feb 23 08:22:08 np0005626460 object-server[205737]: Object audit (ALL). Since Mon Feb 23 08:22:08 2026: Locally: 1 passed, 0 quarantined, 0 errors, files/sec: 113.50, bytes/sec: 1815.96, Total time: 0.01, Auditing time: 0.00, Rate: 0.00
Feb 23 08:22:08 np0005626460 object-server[205737]: Object audit (ALL) "forever" mode completed: 0.01s. Total quarantined: 0, Total errors: 0, Total files/sec: 161.45, Total bytes/sec: 3067.49, Auditing time: 0.01, Rate: 0.71
Feb 23 08:22:09 np0005626460 account-server[121182]: Beginning replication run
Feb 23 08:22:09 np0005626460 account-server[121182]: Replication run OVER
Feb 23 08:22:09 np0005626460 account-server[121182]: Attempted to replicate 1 dbs in 0.05765 seconds (17.34549/s)
Feb 23 08:22:09 np0005626460 account-server[121182]: Removed 0 dbs
Feb 23 08:22:09 np0005626460 account-server[121182]: 2 successes, 0 failures
Feb 23 08:22:09 np0005626460 account-server[121182]: diff:0 diff_capped:0 empty:0 hashmatch:0 no_change:2 remote_merge:0 rsync:0 ts_repl:0
Feb 23 08:22:23 np0005626460 container-server[121440]: Beginning replication run
Feb 23 08:22:23 np0005626460 container-server[121440]: Replication run OVER
Feb 23 08:22:23 np0005626460 container-server[121440]: Attempted to replicate 1 dbs in 0.03059 seconds (32.69560/s)
Feb 23 08:22:23 np0005626460 container-server[121440]: Removed 0 dbs
Feb 23 08:22:23 np0005626460 container-server[121440]: 2 successes, 0 failures
Feb 23 08:22:23 np0005626460 container-server[121440]: diff:0 diff_capped:0 empty:0 hashmatch:0 no_change:2 remote_merge:0 rsync:0 ts_repl:0
Feb 23 08:22:24 np0005626460 container-server[121261]: Begin container audit pass.
Feb 23 08:22:30 np0005626460 proxy-server[123514]: 172.18.0.105 172.18.0.104 23/Feb/2026/08/22/30 GET /v1/AUTH_d351b5d019cd497ab1d84160f10b653c/gnocchi.5eed7344-1baa-4108-b5cd-7766867b85df%3Fformat%3Djson%26states%3Dlisting HTTP/1.0 200 - python-swiftclient-3.11.1 gAAAAABpnA4o6Gk-... - 357 - txe6b25e7711144544a0639-00699c0e46 - 0.0222 - - 1771834950.243191481 1771834950.265343904 0
Feb 23 08:22:30 np0005626460 container-server[121883]: 172.20.0.104 - - [23/Feb/2026:08:22:30 +0000] "PUT /d1/651/AUTH_d351b5d019cd497ab1d84160f10b653c/gnocchi.5eed7344-1baa-4108-b5cd-7766867b85df/1771200000.0_mean_300.0_v3" 201 - "PUT http://172.18.0.134:8080/d1/436/AUTH_d351b5d019cd497ab1d84160f10b653c/gnocchi.5eed7344-1baa-4108-b5cd-7766867b85df/1771200000.0_mean_300.0_v3" "txe92b5f52948347dbbb261-00699c0e46" "object-server 22" 0.0013 "-" 14 0
Feb 23 08:22:30 np0005626460 object-server[122290]: 172.20.0.104 - - [23/Feb/2026:08:22:30 +0000] "PUT /d1/436/AUTH_d351b5d019cd497ab1d84160f10b653c/gnocchi.5eed7344-1baa-4108-b5cd-7766867b85df/1771200000.0_mean_300.0_v3" 201 - "PUT http://172.18.0.134:8080/v1/AUTH_d351b5d019cd497ab1d84160f10b653c/gnocchi.5eed7344-1baa-4108-b5cd-7766867b85df/1771200000.0_mean_300.0_v3" "txe92b5f52948347dbbb261-00699c0e46" "proxy-server 20" 0.0490 "-" 22 0
Feb 23 08:22:30 np0005626460 proxy-server[123514]: 172.18.0.105 172.18.0.104 23/Feb/2026/08/22/30 PUT /v1/AUTH_d351b5d019cd497ab1d84160f10b653c/gnocchi.5eed7344-1baa-4108-b5cd-7766867b85df/1771200000.0_mean_300.0_v3 HTTP/1.0 201 - python-swiftclient-3.11.1 gAAAAABpnA4o6Gk-... 16 - - txe92b5f52948347dbbb261-00699c0e46 - 0.0705 - - 1771834950.312083244 1771834950.382569075 0
Feb 23 08:22:30 np0005626460 container-server[121892]: 172.20.0.104 - - [23/Feb/2026:08:22:30 +0000] "PUT /d1/651/AUTH_d351b5d019cd497ab1d84160f10b653c/gnocchi.5eed7344-1baa-4108-b5cd-7766867b85df/none_v3" 201 - "PUT http://172.18.0.134:8080/d1/1018/AUTH_d351b5d019cd497ab1d84160f10b653c/gnocchi.5eed7344-1baa-4108-b5cd-7766867b85df/none_v3" "tx9b95ad6b901a43bdbc01f-00699c0e46" "object-server 25" 0.0008 "-" 17 0
Feb 23 08:22:30 np0005626460 object-server[122305]: 172.20.0.105 - - [23/Feb/2026:08:22:30 +0000] "PUT /d1/1018/AUTH_d351b5d019cd497ab1d84160f10b653c/gnocchi.5eed7344-1baa-4108-b5cd-7766867b85df/none_v3" 201 - "PUT http://172.18.0.134:8080/v1/AUTH_d351b5d019cd497ab1d84160f10b653c/gnocchi.5eed7344-1baa-4108-b5cd-7766867b85df/none_v3" "tx9b95ad6b901a43bdbc01f-00699c0e46" "proxy-server 20" 0.0321 "-" 25 0
Feb 23 08:22:36 np0005626460 object-server[121997]: Starting object replication pass.
Feb 23 08:22:36 np0005626460 object-server[121997]: 2/2 (100.00%) partitions replicated in 0.09s (22.82/sec, 0s remaining)
Feb 23 08:22:36 np0005626460 object-server[121997]: 4 successes, 0 failures
Feb 23 08:22:36 np0005626460 object-server[121997]: 2 suffixes checked - 100.00% hashed, 0.00% synced
Feb 23 08:22:36 np0005626460 object-server[121997]: Partition times: max 0.0431s, min 0.0397s, med 0.0431s
Feb 23 08:22:36 np0005626460 object-server[121997]: Object replication complete. (0.00 minutes)
Feb 23 08:22:38 np0005626460 object-server[205739]: Begin object audit "forever" mode (ZBF)
Feb 23 08:22:38 np0005626460 object-server[205739]: Object audit (ZBF). Since Mon Feb 23 08:22:38 2026: Locally: 1 passed, 0 quarantined, 0 errors, files/sec: 877.65, bytes/sec: 0.00, Total time: 0.00, Auditing time: 0.00, Rate: 0.00
Feb 23 08:22:38 np0005626460 object-server[205739]: Object audit (ZBF) "forever" mode completed: 0.00s. Total quarantined: 0, Total errors: 0, Total files/sec: 696.90, Total bytes/sec: 0.00, Auditing time: 0.00, Rate: 0.28
Feb 23 08:22:39 np0005626460 account-server[121182]: Beginning replication run
Feb 23 08:22:39 np0005626460 account-server[121182]: Replication run OVER
Feb 23 08:22:39 np0005626460 account-server[121182]: Attempted to replicate 1 dbs in 0.01579 seconds (63.34714/s)
Feb 23 08:22:39 np0005626460 account-server[121182]: Removed 0 dbs
Feb 23 08:22:39 np0005626460 account-server[121182]: 2 successes, 0 failures
Feb 23 08:22:39 np0005626460 account-server[121182]: diff:0 diff_capped:0 empty:0 hashmatch:0 no_change:2 remote_merge:0 rsync:0 ts_repl:0
Feb 23 08:22:53 np0005626460 container-server[121440]: Beginning replication run
Feb 23 08:22:53 np0005626460 container-server[121440]: Replication run OVER
Feb 23 08:22:53 np0005626460 container-server[121440]: Attempted to replicate 1 dbs in 0.02917 seconds (34.28500/s)
Feb 23 08:22:53 np0005626460 container-server[121440]: Removed 0 dbs
Feb 23 08:22:53 np0005626460 container-server[121440]: 2 successes, 0 failures
Feb 23 08:22:53 np0005626460 container-server[121440]: diff:0 diff_capped:0 empty:0 hashmatch:0 no_change:2 remote_merge:0 rsync:0 ts_repl:0
Feb 23 08:23:03 np0005626460 account-server[121649]: 172.20.0.103 - - [23/Feb/2026:08:23:03 +0000] "HEAD /d1/979/AUTH_d351b5d019cd497ab1d84160f10b653c" 204 - "HEAD http://172.18.0.134:8080/v1/AUTH_d351b5d019cd497ab1d84160f10b653c?format=json" "txe275c1cce7af42b0885a2-00699c0e67" "proxy-server 20" 0.0021 "-" 22 -
Feb 23 08:23:03 np0005626460 container-server[121891]: 172.20.0.103 - - [23/Feb/2026:08:23:03 +0000] "HEAD /d1/779/AUTH_d351b5d019cd497ab1d84160f10b653c/gnocchi.69d2d350-9221-4230-9161-e63c7a424f29" 404 - "HEAD http://172.18.0.134:8080/v1/AUTH_d351b5d019cd497ab1d84160f10b653c/gnocchi.69d2d350-9221-4230-9161-e63c7a424f29?format=json&states=listing" "txe275c1cce7af42b0885a2-00699c0e67" "proxy-server 20" 0.0013 "-" 16 0
Feb 23 08:23:03 np0005626460 object-server[122305]: 172.20.0.103 - - [23/Feb/2026:08:23:03 +0000] "GET /d1/247/AUTH_d351b5d019cd497ab1d84160f10b653c/gnocchi.69d2d350-9221-4230-9161-e63c7a424f29/none_v3" 404 70 "GET http://172.18.0.134:8080/v1/AUTH_d351b5d019cd497ab1d84160f10b653c/gnocchi.69d2d350-9221-4230-9161-e63c7a424f29/none_v3" "txe275c1cce7af42b0885a2-00699c0e67" "proxy-server 20" 0.0006 "-" 25 0
Feb 23 08:23:03 np0005626460 account-server[121649]: 172.20.0.103 - - [23/Feb/2026:08:23:03 +0000] "PUT /d1/979/AUTH_d351b5d019cd497ab1d84160f10b653c/gnocchi.69d2d350-9221-4230-9161-e63c7a424f29" 201 - "PUT http://172.20.0.103:6001/d1/779/AUTH_d351b5d019cd497ab1d84160f10b653c/gnocchi.69d2d350-9221-4230-9161-e63c7a424f29" "tx757597fe9b634f5cbee0c-00699c0e67" "container-server 20" 0.0017 "-" 22 0
Feb 23 08:23:03 np0005626460 container-server[121889]: 172.20.0.104 - - [23/Feb/2026:08:23:03 +0000] "PUT /d1/779/AUTH_d351b5d019cd497ab1d84160f10b653c/gnocchi.69d2d350-9221-4230-9161-e63c7a424f29" 201 - "PUT http://172.18.0.134:8080/v1/AUTH_d351b5d019cd497ab1d84160f10b653c/gnocchi.69d2d350-9221-4230-9161-e63c7a424f29" "tx757597fe9b634f5cbee0c-00699c0e67" "proxy-server 20" 0.0143 "-" 15 0
Feb 23 08:23:03 np0005626460 proxy-server[123514]: 172.18.0.105 172.18.0.104 23/Feb/2026/08/23/03 PUT /v1/AUTH_d351b5d019cd497ab1d84160f10b653c/gnocchi.69d2d350-9221-4230-9161-e63c7a424f29 HTTP/1.0 201 - python-swiftclient-3.11.1 gAAAAABpnA4o6Gk-... - - - tx757597fe9b634f5cbee0c-00699c0e67 - 0.0284 - - 1771834983.658117294 1771834983.686479092 0
Feb 23 08:23:03 np0005626460 object-server[122305]: 172.20.0.103 - - [23/Feb/2026:08:23:03 +0000] "GET /d1/102/AUTH_d351b5d019cd497ab1d84160f10b653c/gnocchi.69d2d350-9221-4230-9161-e63c7a424f29/1771200000.0_mean_300.0_v3" 404 70 "GET http://172.18.0.134:8080/v1/AUTH_d351b5d019cd497ab1d84160f10b653c/gnocchi.69d2d350-9221-4230-9161-e63c7a424f29/1771200000.0_mean_300.0_v3" "tx935e650d507449ff91b0f-00699c0e67" "proxy-server 20" 0.0007 "-" 25 0
Feb 23 08:23:03 np0005626460 object-server[122290]: 172.20.0.104 - - [23/Feb/2026:08:23:03 +0000] "PUT /d1/102/AUTH_d351b5d019cd497ab1d84160f10b653c/gnocchi.69d2d350-9221-4230-9161-e63c7a424f29/1771200000.0_mean_300.0_v3" 201 - "PUT http://172.18.0.134:8080/v1/AUTH_d351b5d019cd497ab1d84160f10b653c/gnocchi.69d2d350-9221-4230-9161-e63c7a424f29/1771200000.0_mean_300.0_v3" "txd443e1f3aa224004be644-00699c0e67" "proxy-server 20" 0.0199 "-" 22 0
Feb 23 08:23:03 np0005626460 container-server[121892]: 172.20.0.105 - - [23/Feb/2026:08:23:03 +0000] "PUT /d1/779/AUTH_d351b5d019cd497ab1d84160f10b653c/gnocchi.69d2d350-9221-4230-9161-e63c7a424f29/1771200000.0_mean_300.0_v3" 201 - "PUT http://172.18.0.134:8080/d1/102/AUTH_d351b5d019cd497ab1d84160f10b653c/gnocchi.69d2d350-9221-4230-9161-e63c7a424f29/1771200000.0_mean_300.0_v3" "txd443e1f3aa224004be644-00699c0e67" "object-server 21" 0.0008 "-" 17 0
Feb 23 08:23:03 np0005626460 proxy-server[123514]: 172.18.0.105 172.18.0.104 23/Feb/2026/08/23/03 PUT /v1/AUTH_d351b5d019cd497ab1d84160f10b653c/gnocchi.69d2d350-9221-4230-9161-e63c7a424f29/1771200000.0_mean_300.0_v3 HTTP/1.0 201 - python-swiftclient-3.11.1 gAAAAABpnA4o6Gk-... 16 - - txd443e1f3aa224004be644-00699c0e67 - 0.0441 - - 1771834983.751361370 1771834983.795452595 0
Feb 23 08:23:03 np0005626460 container-server[121892]: 172.20.0.105 - - [23/Feb/2026:08:23:03 +0000] "PUT /d1/779/AUTH_d351b5d019cd497ab1d84160f10b653c/gnocchi.69d2d350-9221-4230-9161-e63c7a424f29/none_v3" 201 - "PUT http://172.18.0.134:8080/d1/247/AUTH_d351b5d019cd497ab1d84160f10b653c/gnocchi.69d2d350-9221-4230-9161-e63c7a424f29/none_v3" "tx4f146672e6f84447b4914-00699c0e67" "object-server 21" 0.0007 "-" 17 0
Feb 23 08:23:03 np0005626460 object-server[122305]: 172.20.0.105 - - [23/Feb/2026:08:23:03 +0000] "PUT /d1/247/AUTH_d351b5d019cd497ab1d84160f10b653c/gnocchi.69d2d350-9221-4230-9161-e63c7a424f29/none_v3" 201 - "PUT http://172.18.0.134:8080/v1/AUTH_d351b5d019cd497ab1d84160f10b653c/gnocchi.69d2d350-9221-4230-9161-e63c7a424f29/none_v3" "tx4f146672e6f84447b4914-00699c0e67" "proxy-server 20" 0.0138 "-" 25 0
Feb 23 08:23:03 np0005626460 container-server[121889]: 172.20.0.103 - - [23/Feb/2026:08:23:03 +0000] "HEAD /d1/618/AUTH_d351b5d019cd497ab1d84160f10b653c/gnocchi.222d0e86-652d-4feb-b78c-d17d1d5c9c62" 404 - "HEAD http://172.18.0.134:8080/v1/AUTH_d351b5d019cd497ab1d84160f10b653c/gnocchi.222d0e86-652d-4feb-b78c-d17d1d5c9c62?format=json&states=listing" "tx100e2d1a01944af29d63f-00699c0e67" "proxy-server 20" 0.0010 "-" 15 0
Feb 23 08:23:03 np0005626460 object-server[122291]: 172.20.0.103 - - [23/Feb/2026:08:23:03 +0000] "GET /d1/636/AUTH_d351b5d019cd497ab1d84160f10b653c/gnocchi.222d0e86-652d-4feb-b78c-d17d1d5c9c62/none_v3" 404 70 "GET http://172.18.0.134:8080/v1/AUTH_d351b5d019cd497ab1d84160f10b653c/gnocchi.222d0e86-652d-4feb-b78c-d17d1d5c9c62/none_v3" "tx100e2d1a01944af29d63f-00699c0e67" "proxy-server 20" 0.0008 "-" 23 0
Feb 23 08:23:03 np0005626460 container-server[121891]: 172.20.0.104 - - [23/Feb/2026:08:23:03 +0000] "PUT /d1/618/AUTH_d351b5d019cd497ab1d84160f10b653c/gnocchi.222d0e86-652d-4feb-b78c-d17d1d5c9c62" 201 - "PUT http://172.18.0.134:8080/v1/AUTH_d351b5d019cd497ab1d84160f10b653c/gnocchi.222d0e86-652d-4feb-b78c-d17d1d5c9c62" "txe1a34d2ef0ee499fb07f2-00699c0e67" "proxy-server 20" 0.0198 "-" 16 0
Feb 23 08:23:03 np0005626460 account-server[121649]: 172.20.0.105 - - [23/Feb/2026:08:23:03 +0000] "PUT /d1/979/AUTH_d351b5d019cd497ab1d84160f10b653c/gnocchi.222d0e86-652d-4feb-b78c-d17d1d5c9c62" 201 - "PUT http://172.20.0.105:6001/d1/618/AUTH_d351b5d019cd497ab1d84160f10b653c/gnocchi.222d0e86-652d-4feb-b78c-d17d1d5c9c62" "txe1a34d2ef0ee499fb07f2-00699c0e67" "container-server 17" 0.0081 "-" 22 0
Feb 23 08:23:03 np0005626460 proxy-server[123514]: 172.18.0.105 172.18.0.104 23/Feb/2026/08/23/03 PUT /v1/AUTH_d351b5d019cd497ab1d84160f10b653c/gnocchi.222d0e86-652d-4feb-b78c-d17d1d5c9c62 HTTP/1.0 201 - python-swiftclient-3.11.1 gAAAAABpnA4o6Gk-... - - - txe1a34d2ef0ee499fb07f2-00699c0e67 - 0.0343 - - 1771834983.887117386 1771834983.921401501 0
Feb 23 08:23:03 np0005626460 object-server[122290]: 172.20.0.103 - - [23/Feb/2026:08:23:03 +0000] "GET /d1/106/AUTH_d351b5d019cd497ab1d84160f10b653c/gnocchi.222d0e86-652d-4feb-b78c-d17d1d5c9c62/1771200000.0_mean_300.0_v3" 404 70 "GET http://172.18.0.134:8080/v1/AUTH_d351b5d019cd497ab1d84160f10b653c/gnocchi.222d0e86-652d-4feb-b78c-d17d1d5c9c62/1771200000.0_mean_300.0_v3" "tx15e9db1f54804208be7f8-00699c0e67" "proxy-server 20" 0.0004 "-" 22 0
Feb 23 08:23:04 np0005626460 container-server[121889]: 172.20.0.104 - - [23/Feb/2026:08:23:04 +0000] "PUT /d1/618/AUTH_d351b5d019cd497ab1d84160f10b653c/gnocchi.222d0e86-652d-4feb-b78c-d17d1d5c9c62/1771200000.0_mean_300.0_v3" 201 - "PUT http://172.18.0.134:8080/d1/106/AUTH_d351b5d019cd497ab1d84160f10b653c/gnocchi.222d0e86-652d-4feb-b78c-d17d1d5c9c62/1771200000.0_mean_300.0_v3" "tx4a1b673b568943458059e-00699c0e67" "object-server 23" 0.0010 "-" 15 0
Feb 23 08:23:04 np0005626460 object-server[122291]: 172.20.0.104 - - [23/Feb/2026:08:23:04 +0000] "PUT /d1/106/AUTH_d351b5d019cd497ab1d84160f10b653c/gnocchi.222d0e86-652d-4feb-b78c-d17d1d5c9c62/1771200000.0_mean_300.0_v3" 201 - "PUT http://172.18.0.134:8080/v1/AUTH_d351b5d019cd497ab1d84160f10b653c/gnocchi.222d0e86-652d-4feb-b78c-d17d1d5c9c62/1771200000.0_mean_300.0_v3" "tx4a1b673b568943458059e-00699c0e67" "proxy-server 20" 0.0289 "-" 23 0
Feb 23 08:23:04 np0005626460 proxy-server[123514]: 172.18.0.105 172.18.0.104 23/Feb/2026/08/23/04 PUT /v1/AUTH_d351b5d019cd497ab1d84160f10b653c/gnocchi.222d0e86-652d-4feb-b78c-d17d1d5c9c62/1771200000.0_mean_300.0_v3 HTTP/1.0 201 - python-swiftclient-3.11.1 gAAAAABpnA4o6Gk-... 16 - - tx4a1b673b568943458059e-00699c0e67 - 0.0419 - - 1771834983.980347872 1771834984.022254229 0
Feb 23 08:23:04 np0005626460 container-server[121891]: 172.20.0.105 - - [23/Feb/2026:08:23:04 +0000] "PUT /d1/618/AUTH_d351b5d019cd497ab1d84160f10b653c/gnocchi.222d0e86-652d-4feb-b78c-d17d1d5c9c62/none_v3" 201 - "PUT http://172.18.0.134:8080/d1/636/AUTH_d351b5d019cd497ab1d84160f10b653c/gnocchi.222d0e86-652d-4feb-b78c-d17d1d5c9c62/none_v3" "tx01c9798e6f9343f5abeab-00699c0e68" "object-server 24" 0.0008 "-" 16 0
Feb 23 08:23:04 np0005626460 object-server[122291]: 172.20.0.105 - - [23/Feb/2026:08:23:04 +0000] "PUT /d1/636/AUTH_d351b5d019cd497ab1d84160f10b653c/gnocchi.222d0e86-652d-4feb-b78c-d17d1d5c9c62/none_v3" 201 - "PUT http://172.18.0.134:8080/v1/AUTH_d351b5d019cd497ab1d84160f10b653c/gnocchi.222d0e86-652d-4feb-b78c-d17d1d5c9c62/none_v3" "tx01c9798e6f9343f5abeab-00699c0e68" "proxy-server 20" 0.0141 "-" 23 0
Feb 23 08:23:06 np0005626460 object-server[122201]: Begin object update sweep
Feb 23 08:23:06 np0005626460 object-server[211505]: Object update sweep starting on /srv/node/d1 (pid: 14)
Feb 23 08:23:06 np0005626460 object-server[211505]: Object update sweep completed on /srv/node/d1 in 0.00s seconds:, 0 successes, 0 failures, 0 quarantines, 0 unlinks, 0 errors, 0 redirects (pid: 14)
Feb 23 08:23:06 np0005626460 object-server[211505]: Object update sweep of d1 completed: 0.00s, 0 successes, 0 failures, 0 quarantines, 0 unlinks, 0 errors, 0 redirects
Feb 23 08:23:06 np0005626460 object-server[122201]: Object update sweep completed: 0.08s
Feb 23 08:23:06 np0005626460 object-server[121997]: Starting object replication pass.
Feb 23 08:23:06 np0005626460 object-server[121997]: 6/6 (100.00%) partitions replicated in 0.17s (35.82/sec, 0s remaining)
Feb 23 08:23:06 np0005626460 object-server[121997]: 12 successes, 0 failures
Feb 23 08:23:06 np0005626460 object-server[121997]: 6 suffixes checked - 66.67% hashed, 0.00% synced
Feb 23 08:23:06 np0005626460 object-server[121997]: Partition times: max 0.0403s, min 0.0080s, med 0.0339s
Feb 23 08:23:06 np0005626460 object-server[121997]: Object replication complete. (0.00 minutes)
Feb 23 08:23:08 np0005626460 object-server[211665]: Begin object audit "forever" mode (ALL)
Feb 23 08:23:08 np0005626460 object-server[211664]: Begin object audit "forever" mode (ZBF)
Feb 23 08:23:08 np0005626460 object-server[211664]: Object audit (ZBF). Since Mon Feb 23 08:23:08 2026: Locally: 1 passed, 0 quarantined, 0 errors, files/sec: 570.73, bytes/sec: 0.00, Total time: 0.00, Auditing time: 0.00, Rate: 0.00
Feb 23 08:23:08 np0005626460 object-server[211665]: Object audit (ALL). Since Mon Feb 23 08:23:08 2026: Locally: 1 passed, 0 quarantined, 0 errors, files/sec: 109.17, bytes/sec: 1746.72, Total time: 0.01, Auditing time: 0.00, Rate: 0.00
Feb 23 08:23:08 np0005626460 object-server[211664]: Object audit (ZBF) "forever" mode completed: 0.08s. Total quarantined: 0, Total errors: 0, Total files/sec: 71.77, Total bytes/sec: 0.00, Auditing time: 0.08, Rate: 0.94
Feb 23 08:23:08 np0005626460 object-server[211665]: Object audit (ALL) "forever" mode completed: 0.21s. Total quarantined: 0, Total errors: 0, Total files/sec: 28.25, Total bytes/sec: 583.85, Auditing time: 0.21, Rate: 0.97
Feb 23 08:23:09 np0005626460 account-server[121182]: Beginning replication run
Feb 23 08:23:10 np0005626460 account-server[121182]: Replication run OVER
Feb 23 08:23:10 np0005626460 account-server[121182]: Attempted to replicate 1 dbs in 1.14422 seconds (0.87396/s)
Feb 23 08:23:10 np0005626460 account-server[121182]: Removed 0 dbs
Feb 23 08:23:10 np0005626460 account-server[121182]: 2 successes, 0 failures
Feb 23 08:23:10 np0005626460 account-server[121182]: diff:0 diff_capped:0 empty:0 hashmatch:0 no_change:2 remote_merge:0 rsync:0 ts_repl:0
Feb 23 08:23:10 np0005626460 container-server[121804]: Begin container update sweep
Feb 23 08:23:10 np0005626460 account-server[121601]: 172.20.0.104 - - [23/Feb/2026:08:23:10 +0000] "PUT /d1/979/AUTH_d351b5d019cd497ab1d84160f10b653c/gnocchi.69d2d350-9221-4230-9161-e63c7a424f29" 201 - "-" "-" "container-updater 2" 0.0008 "-" 19 0
Feb 23 08:23:10 np0005626460 account-server[121649]: 172.20.0.104 - - [23/Feb/2026:08:23:10 +0000] "PUT /d1/979/AUTH_d351b5d019cd497ab1d84160f10b653c/gnocchi.5eed7344-1baa-4108-b5cd-7766867b85df" 201 - "-" "-" "container-updater 2" 0.0005 "-" 22 0
Feb 23 08:23:10 np0005626460 account-server[121634]: 172.20.0.104 - - [23/Feb/2026:08:23:10 +0000] "PUT /d1/979/AUTH_d351b5d019cd497ab1d84160f10b653c/gnocchi.222d0e86-652d-4feb-b78c-d17d1d5c9c62" 201 - "-" "-" "container-updater 2" 0.0006 "-" 21 0
Feb 23 08:23:10 np0005626460 container-server[121804]: Container update sweep completed: 0.30s
Feb 23 08:23:13 np0005626460 container-server[121891]: 172.20.0.103 - - [23/Feb/2026:08:23:13 +0000] "HEAD /d1/223/AUTH_d351b5d019cd497ab1d84160f10b653c/gnocchi.08d5a395-fac8-4028-b76f-2d40a0ad1549" 404 - "HEAD http://172.18.0.134:8080/v1/AUTH_d351b5d019cd497ab1d84160f10b653c/gnocchi.08d5a395-fac8-4028-b76f-2d40a0ad1549?format=json&states=listing" "tx2eff3885631346139c5b8-00699c0e71" "proxy-server 20" 0.0009 "-" 16 0
Feb 23 08:23:13 np0005626460 account-server[121649]: 172.20.0.104 - - [23/Feb/2026:08:23:13 +0000] "HEAD /d1/185/.expiring_objects" 404 - "HEAD http://localhost/v1/.expiring_objects?format=json" "tx0a450ab70c3b451d9db1e-00699c0e71" "proxy-server 2" 0.0007 "-" 22 -
Feb 23 08:23:13 np0005626460 object-expirer[121907]: Pass completed in 0s; 0 objects expired (txn: tx0a450ab70c3b451d9db1e-00699c0e71)
Feb 23 08:23:13 np0005626460 object-server[122291]: 172.20.0.103 - - [23/Feb/2026:08:23:13 +0000] "GET /d1/629/AUTH_d351b5d019cd497ab1d84160f10b653c/gnocchi.08d5a395-fac8-4028-b76f-2d40a0ad1549/none_v3" 404 70 "GET http://172.18.0.134:8080/v1/AUTH_d351b5d019cd497ab1d84160f10b653c/gnocchi.08d5a395-fac8-4028-b76f-2d40a0ad1549/none_v3" "tx2eff3885631346139c5b8-00699c0e71" "proxy-server 20" 0.0007 "-" 23 0
Feb 23 08:23:13 np0005626460 account-server[121601]: 172.20.0.104 - - [23/Feb/2026:08:23:13 +0000] "PUT /d1/979/AUTH_d351b5d019cd497ab1d84160f10b653c/gnocchi.08d5a395-fac8-4028-b76f-2d40a0ad1549" 201 - "PUT http://172.20.0.104:6001/d1/223/AUTH_d351b5d019cd497ab1d84160f10b653c/gnocchi.08d5a395-fac8-4028-b76f-2d40a0ad1549" "tx766134ce5469435aab50d-00699c0e71" "container-server 16" 0.0052 "-" 19 0
Feb 23 08:23:13 np0005626460 container-server[121891]: 172.20.0.104 - - [23/Feb/2026:08:23:13 +0000] "PUT /d1/223/AUTH_d351b5d019cd497ab1d84160f10b653c/gnocchi.08d5a395-fac8-4028-b76f-2d40a0ad1549" 201 - "PUT http://172.18.0.134:8080/v1/AUTH_d351b5d019cd497ab1d84160f10b653c/gnocchi.08d5a395-fac8-4028-b76f-2d40a0ad1549" "tx766134ce5469435aab50d-00699c0e71" "proxy-server 20" 0.0178 "-" 16 0
Feb 23 08:23:13 np0005626460 proxy-server[123514]: 172.18.0.105 172.18.0.104 23/Feb/2026/08/23/13 PUT /v1/AUTH_d351b5d019cd497ab1d84160f10b653c/gnocchi.08d5a395-fac8-4028-b76f-2d40a0ad1549 HTTP/1.0 201 - python-swiftclient-3.11.1 gAAAAABpnA4o6Gk-... - - - tx766134ce5469435aab50d-00699c0e71 - 0.0406 - - 1771834993.523808956 1771834993.564397812 0
Feb 23 08:23:13 np0005626460 container-server[121891]: 172.20.0.105 - - [23/Feb/2026:08:23:13 +0000] "GET /d1/223/AUTH_d351b5d019cd497ab1d84160f10b653c/gnocchi.08d5a395-fac8-4028-b76f-2d40a0ad1549" 200 2 "GET http://172.18.0.134:8080/v1/AUTH_d351b5d019cd497ab1d84160f10b653c/gnocchi.08d5a395-fac8-4028-b76f-2d40a0ad1549?format=json&states=listing" "tx02a2aaa994d745838c0ec-00699c0e71" "proxy-server 20" 0.0040 "-" 16 0
Feb 23 08:23:13 np0005626460 object-server[122290]: 172.20.0.103 - - [23/Feb/2026:08:23:13 +0000] "GET /d1/775/AUTH_d351b5d019cd497ab1d84160f10b653c/gnocchi.08d5a395-fac8-4028-b76f-2d40a0ad1549/1771200000.0_mean_300.0_v3" 404 70 "GET http://172.18.0.134:8080/v1/AUTH_d351b5d019cd497ab1d84160f10b653c/gnocchi.08d5a395-fac8-4028-b76f-2d40a0ad1549/1771200000.0_mean_300.0_v3" "tx1158eef747f54c18a6262-00699c0e71" "proxy-server 20" 0.0004 "-" 22 0
Feb 23 08:23:13 np0005626460 container-server[121883]: 172.20.0.104 - - [23/Feb/2026:08:23:13 +0000] "PUT /d1/223/AUTH_d351b5d019cd497ab1d84160f10b653c/gnocchi.08d5a395-fac8-4028-b76f-2d40a0ad1549/1771200000.0_mean_300.0_v3" 201 - "PUT http://172.18.0.134:8080/d1/775/AUTH_d351b5d019cd497ab1d84160f10b653c/gnocchi.08d5a395-fac8-4028-b76f-2d40a0ad1549/1771200000.0_mean_300.0_v3" "txffea28ef76fd49b987418-00699c0e71" "object-server 23" 0.0009 "-" 14 0
Feb 23 08:23:13 np0005626460 object-server[122291]: 172.20.0.104 - - [23/Feb/2026:08:23:13 +0000] "PUT /d1/775/AUTH_d351b5d019cd497ab1d84160f10b653c/gnocchi.08d5a395-fac8-4028-b76f-2d40a0ad1549/1771200000.0_mean_300.0_v3" 201 - "PUT http://172.18.0.134:8080/v1/AUTH_d351b5d019cd497ab1d84160f10b653c/gnocchi.08d5a395-fac8-4028-b76f-2d40a0ad1549/1771200000.0_mean_300.0_v3" "txffea28ef76fd49b987418-00699c0e71" "proxy-server 20" 0.0156 "-" 23 0
Feb 23 08:23:13 np0005626460 proxy-server[123514]: 172.18.0.105 172.18.0.104 23/Feb/2026/08/23/13 PUT /v1/AUTH_d351b5d019cd497ab1d84160f10b653c/gnocchi.08d5a395-fac8-4028-b76f-2d40a0ad1549/1771200000.0_mean_300.0_v3 HTTP/1.0 201 - python-swiftclient-3.11.1 gAAAAABpnA4o6Gk-... 16 - - txffea28ef76fd49b987418-00699c0e71 - 0.0493 - - 1771834993.629833937 1771834993.679131031 0
Feb 23 08:23:13 np0005626460 container-server[121889]: 172.20.0.103 - - [23/Feb/2026:08:23:13 +0000] "PUT /d1/223/AUTH_d351b5d019cd497ab1d84160f10b653c/gnocchi.08d5a395-fac8-4028-b76f-2d40a0ad1549/none_v3" 201 - "PUT http://172.18.0.134:8080/d1/629/AUTH_d351b5d019cd497ab1d84160f10b653c/gnocchi.08d5a395-fac8-4028-b76f-2d40a0ad1549/none_v3" "txc2f56ecbdc194808ad35f-00699c0e71" "object-server 25" 0.0007 "-" 15 0
Feb 23 08:23:13 np0005626460 object-server[122290]: 172.20.0.105 - - [23/Feb/2026:08:23:13 +0000] "PUT /d1/629/AUTH_d351b5d019cd497ab1d84160f10b653c/gnocchi.08d5a395-fac8-4028-b76f-2d40a0ad1549/none_v3" 201 - "PUT http://172.18.0.134:8080/v1/AUTH_d351b5d019cd497ab1d84160f10b653c/gnocchi.08d5a395-fac8-4028-b76f-2d40a0ad1549/none_v3" "txc2f56ecbdc194808ad35f-00699c0e71" "proxy-server 20" 0.0126 "-" 22 0
Feb 23 08:23:13 np0005626460 container-server[121892]: 172.20.0.103 - - [23/Feb/2026:08:23:13 +0000] "HEAD /d1/164/AUTH_d351b5d019cd497ab1d84160f10b653c/gnocchi.c089f97e-e091-405f-8302-e66fcd0b069d" 404 - "HEAD http://172.18.0.134:8080/v1/AUTH_d351b5d019cd497ab1d84160f10b653c/gnocchi.c089f97e-e091-405f-8302-e66fcd0b069d?format=json&states=listing" "txb9ce1187e05642cf9e8cc-00699c0e71" "proxy-server 20" 0.0012 "-" 17 0
Feb 23 08:23:13 np0005626460 object-server[122294]: 172.20.0.103 - - [23/Feb/2026:08:23:13 +0000] "GET /d1/928/AUTH_d351b5d019cd497ab1d84160f10b653c/gnocchi.c089f97e-e091-405f-8302-e66fcd0b069d/none_v3" 404 70 "GET http://172.18.0.134:8080/v1/AUTH_d351b5d019cd497ab1d84160f10b653c/gnocchi.c089f97e-e091-405f-8302-e66fcd0b069d/none_v3" "txb9ce1187e05642cf9e8cc-00699c0e71" "proxy-server 20" 0.0006 "-" 24 0
Feb 23 08:23:13 np0005626460 account-server[121601]: 172.20.0.103 - - [23/Feb/2026:08:23:13 +0000] "PUT /d1/979/AUTH_d351b5d019cd497ab1d84160f10b653c/gnocchi.c089f97e-e091-405f-8302-e66fcd0b069d" 201 - "PUT http://172.20.0.103:6001/d1/164/AUTH_d351b5d019cd497ab1d84160f10b653c/gnocchi.c089f97e-e091-405f-8302-e66fcd0b069d" "txc5d89fc2dd2645ed954aa-00699c0e71" "container-server 21" 0.0066 "-" 19 0
Feb 23 08:23:13 np0005626460 container-server[121883]: 172.20.0.104 - - [23/Feb/2026:08:23:13 +0000] "PUT /d1/164/AUTH_d351b5d019cd497ab1d84160f10b653c/gnocchi.c089f97e-e091-405f-8302-e66fcd0b069d" 201 - "PUT http://172.18.0.134:8080/v1/AUTH_d351b5d019cd497ab1d84160f10b653c/gnocchi.c089f97e-e091-405f-8302-e66fcd0b069d" "txc5d89fc2dd2645ed954aa-00699c0e71" "proxy-server 20" 0.0252 "-" 14 0
Feb 23 08:23:13 np0005626460 proxy-server[123514]: 172.18.0.105 172.18.0.104 23/Feb/2026/08/23/13 PUT /v1/AUTH_d351b5d019cd497ab1d84160f10b653c/gnocchi.c089f97e-e091-405f-8302-e66fcd0b069d HTTP/1.0 201 - python-swiftclient-3.11.1 gAAAAABpnA4o6Gk-... - - - txc5d89fc2dd2645ed954aa-00699c0e71 - 0.0398 - - 1771834993.769171238 1771834993.808946371 0
Feb 23 08:23:13 np0005626460 object-server[122291]: 172.20.0.103 - - [23/Feb/2026:08:23:13 +0000] "GET /d1/280/AUTH_d351b5d019cd497ab1d84160f10b653c/gnocchi.c089f97e-e091-405f-8302-e66fcd0b069d/1771200000.0_mean_300.0_v3" 404 70 "GET http://172.18.0.134:8080/v1/AUTH_d351b5d019cd497ab1d84160f10b653c/gnocchi.c089f97e-e091-405f-8302-e66fcd0b069d/1771200000.0_mean_300.0_v3" "txfbd98d6d52bb442caeb78-00699c0e71" "proxy-server 20" 0.0008 "-" 23 0
Feb 23 08:23:13 np0005626460 container-server[121883]: 172.20.0.104 - - [23/Feb/2026:08:23:13 +0000] "PUT /d1/164/AUTH_d351b5d019cd497ab1d84160f10b653c/gnocchi.c089f97e-e091-405f-8302-e66fcd0b069d/1771200000.0_mean_300.0_v3" 201 - "PUT http://172.18.0.134:8080/d1/280/AUTH_d351b5d019cd497ab1d84160f10b653c/gnocchi.c089f97e-e091-405f-8302-e66fcd0b069d/1771200000.0_mean_300.0_v3" "txde669f5f912b4f58883f2-00699c0e71" "object-server 25" 0.0009 "-" 14 0
Feb 23 08:23:13 np0005626460 object-server[122305]: 172.20.0.105 - - [23/Feb/2026:08:23:13 +0000] "PUT /d1/280/AUTH_d351b5d019cd497ab1d84160f10b653c/gnocchi.c089f97e-e091-405f-8302-e66fcd0b069d/1771200000.0_mean_300.0_v3" 201 - "PUT http://172.18.0.134:8080/v1/AUTH_d351b5d019cd497ab1d84160f10b653c/gnocchi.c089f97e-e091-405f-8302-e66fcd0b069d/1771200000.0_mean_300.0_v3" "txde669f5f912b4f58883f2-00699c0e71" "proxy-server 20" 0.0474 "-" 25 0
Feb 23 08:23:13 np0005626460 container-server[121892]: 172.20.0.104 - - [23/Feb/2026:08:23:13 +0000] "PUT /d1/164/AUTH_d351b5d019cd497ab1d84160f10b653c/gnocchi.c089f97e-e091-405f-8302-e66fcd0b069d/none_v3" 201 - "PUT http://172.18.0.134:8080/d1/928/AUTH_d351b5d019cd497ab1d84160f10b653c/gnocchi.c089f97e-e091-405f-8302-e66fcd0b069d/none_v3" "txfad129133f644715a2532-00699c0e71" "object-server 24" 0.0008 "-" 17 0
Feb 23 08:23:13 np0005626460 object-server[122294]: 172.20.0.103 - - [23/Feb/2026:08:23:13 +0000] "PUT /d1/928/AUTH_d351b5d019cd497ab1d84160f10b653c/gnocchi.c089f97e-e091-405f-8302-e66fcd0b069d/none_v3" 201 - "PUT http://172.18.0.134:8080/v1/AUTH_d351b5d019cd497ab1d84160f10b653c/gnocchi.c089f97e-e091-405f-8302-e66fcd0b069d/none_v3" "txfad129133f644715a2532-00699c0e71" "proxy-server 20" 0.0274 "-" 24 0
Feb 23 08:23:14 np0005626460 container-server[121891]: 172.20.0.103 - - [23/Feb/2026:08:23:14 +0000] "HEAD /d1/945/AUTH_d351b5d019cd497ab1d84160f10b653c/gnocchi.dfea0713-920c-4e14-bed3-3f08daee5fc5" 404 - "HEAD http://172.18.0.134:8080/v1/AUTH_d351b5d019cd497ab1d84160f10b653c/gnocchi.dfea0713-920c-4e14-bed3-3f08daee5fc5?format=json&states=listing" "tx07667939f5734e3c80685-00699c0e71" "proxy-server 20" 0.0007 "-" 16 0
Feb 23 08:23:14 np0005626460 object-server[122294]: 172.20.0.103 - - [23/Feb/2026:08:23:14 +0000] "GET /d1/488/AUTH_d351b5d019cd497ab1d84160f10b653c/gnocchi.dfea0713-920c-4e14-bed3-3f08daee5fc5/none_v3" 404 70 "GET http://172.18.0.134:8080/v1/AUTH_d351b5d019cd497ab1d84160f10b653c/gnocchi.dfea0713-920c-4e14-bed3-3f08daee5fc5/none_v3" "tx07667939f5734e3c80685-00699c0e71" "proxy-server 20" 0.0004 "-" 24 0
Feb 23 08:23:14 np0005626460 account-server[121649]: 172.20.0.103 - - [23/Feb/2026:08:23:14 +0000] "PUT /d1/979/AUTH_d351b5d019cd497ab1d84160f10b653c/gnocchi.dfea0713-920c-4e14-bed3-3f08daee5fc5" 201 - "PUT http://172.20.0.103:6001/d1/945/AUTH_d351b5d019cd497ab1d84160f10b653c/gnocchi.dfea0713-920c-4e14-bed3-3f08daee5fc5" "tx13abf3448218404b9fb90-00699c0e72" "container-server 21" 0.0061 "-" 22 0
Feb 23 08:23:14 np0005626460 container-server[121883]: 172.20.0.103 - - [23/Feb/2026:08:23:14 +0000] "PUT /d1/945/AUTH_d351b5d019cd497ab1d84160f10b653c/gnocchi.dfea0713-920c-4e14-bed3-3f08daee5fc5" 201 - "PUT http://172.18.0.134:8080/v1/AUTH_d351b5d019cd497ab1d84160f10b653c/gnocchi.dfea0713-920c-4e14-bed3-3f08daee5fc5" "tx13abf3448218404b9fb90-00699c0e72" "proxy-server 20" 0.0156 "-" 14 0
Feb 23 08:23:14 np0005626460 object-server[122294]: 172.20.0.103 - - [23/Feb/2026:08:23:14 +0000] "GET /d1/779/AUTH_d351b5d019cd497ab1d84160f10b653c/gnocchi.dfea0713-920c-4e14-bed3-3f08daee5fc5/1771200000.0_mean_300.0_v3" 404 70 "GET http://172.18.0.134:8080/v1/AUTH_d351b5d019cd497ab1d84160f10b653c/gnocchi.dfea0713-920c-4e14-bed3-3f08daee5fc5/1771200000.0_mean_300.0_v3" "txb993d331bc3d4b94806ef-00699c0e72" "proxy-server 20" 0.0007 "-" 24 0
Feb 23 08:23:14 np0005626460 container-server[121892]: 172.20.0.105 - - [23/Feb/2026:08:23:14 +0000] "PUT /d1/945/AUTH_d351b5d019cd497ab1d84160f10b653c/gnocchi.dfea0713-920c-4e14-bed3-3f08daee5fc5/1771200000.0_mean_300.0_v3" 201 - "PUT http://172.18.0.134:8080/d1/779/AUTH_d351b5d019cd497ab1d84160f10b653c/gnocchi.dfea0713-920c-4e14-bed3-3f08daee5fc5/1771200000.0_mean_300.0_v3" "tx9216bc9018e44a19959ba-00699c0e72" "object-server 21" 0.0010 "-" 17 0
Feb 23 08:23:14 np0005626460 object-server[122291]: 172.20.0.103 - - [23/Feb/2026:08:23:14 +0000] "PUT /d1/779/AUTH_d351b5d019cd497ab1d84160f10b653c/gnocchi.dfea0713-920c-4e14-bed3-3f08daee5fc5/1771200000.0_mean_300.0_v3" 201 - "PUT http://172.18.0.134:8080/v1/AUTH_d351b5d019cd497ab1d84160f10b653c/gnocchi.dfea0713-920c-4e14-bed3-3f08daee5fc5/1771200000.0_mean_300.0_v3" "tx9216bc9018e44a19959ba-00699c0e72" "proxy-server 20" 0.0194 "-" 23 0
Feb 23 08:23:14 np0005626460 container-server[121892]: 172.20.0.104 - - [23/Feb/2026:08:23:14 +0000] "PUT /d1/945/AUTH_d351b5d019cd497ab1d84160f10b653c/gnocchi.dfea0713-920c-4e14-bed3-3f08daee5fc5/none_v3" 201 - "PUT http://172.18.0.134:8080/d1/488/AUTH_d351b5d019cd497ab1d84160f10b653c/gnocchi.dfea0713-920c-4e14-bed3-3f08daee5fc5/none_v3" "txc0a4cdf5a53645aeb064c-00699c0e72" "object-server 23" 0.0006 "-" 17 0
Feb 23 08:23:14 np0005626460 object-server[122291]: 172.20.0.103 - - [23/Feb/2026:08:23:14 +0000] "PUT /d1/488/AUTH_d351b5d019cd497ab1d84160f10b653c/gnocchi.dfea0713-920c-4e14-bed3-3f08daee5fc5/none_v3" 201 - "PUT http://172.18.0.134:8080/v1/AUTH_d351b5d019cd497ab1d84160f10b653c/gnocchi.dfea0713-920c-4e14-bed3-3f08daee5fc5/none_v3" "txc0a4cdf5a53645aeb064c-00699c0e72" "proxy-server 20" 0.0119 "-" 23 0
Feb 23 08:23:14 np0005626460 container-server[121889]: 172.20.0.104 - - [23/Feb/2026:08:23:14 +0000] "HEAD /d1/791/AUTH_d351b5d019cd497ab1d84160f10b653c/gnocchi.02ad80ff-06f3-4c63-9576-128a218cdeb0" 404 - "HEAD http://172.18.0.134:8080/v1/AUTH_d351b5d019cd497ab1d84160f10b653c/gnocchi.02ad80ff-06f3-4c63-9576-128a218cdeb0?format=json&states=listing" "tx1eaeba929cb042f88efd3-00699c0e71" "proxy-server 20" 0.0007 "-" 15 0
Feb 23 08:23:14 np0005626460 object-server[122291]: 172.20.0.104 - - [23/Feb/2026:08:23:14 +0000] "GET /d1/46/AUTH_d351b5d019cd497ab1d84160f10b653c/gnocchi.02ad80ff-06f3-4c63-9576-128a218cdeb0/none_v3" 404 70 "GET http://172.18.0.134:8080/v1/AUTH_d351b5d019cd497ab1d84160f10b653c/gnocchi.02ad80ff-06f3-4c63-9576-128a218cdeb0/none_v3" "tx1eaeba929cb042f88efd3-00699c0e71" "proxy-server 20" 0.0004 "-" 23 0
Feb 23 08:23:14 np0005626460 proxy-server[123514]: 172.18.0.134 172.18.0.104 23/Feb/2026/08/23/14 GET /v1/AUTH_d351b5d019cd497ab1d84160f10b653c/gnocchi.02ad80ff-06f3-4c63-9576-128a218cdeb0/none_v3 HTTP/1.0 404 - python-swiftclient-3.11.1 gAAAAABpnA5xJZZ6... - 70 - tx1eaeba929cb042f88efd3-00699c0e71 - 0.4267 - - 1771834993.850408554 1771834994.277103424 0
Feb 23 08:23:14 np0005626460 account-server[121649]: 172.20.0.103 - - [23/Feb/2026:08:23:14 +0000] "PUT /d1/979/AUTH_d351b5d019cd497ab1d84160f10b653c/gnocchi.02ad80ff-06f3-4c63-9576-128a218cdeb0" 201 - "PUT http://172.20.0.103:6001/d1/791/AUTH_d351b5d019cd497ab1d84160f10b653c/gnocchi.02ad80ff-06f3-4c63-9576-128a218cdeb0" "txc0f0a74edb2d496897979-00699c0e72" "container-server 23" 0.0061 "-" 22 0
Feb 23 08:23:14 np0005626460 container-server[121889]: 172.20.0.103 - - [23/Feb/2026:08:23:14 +0000] "PUT /d1/791/AUTH_d351b5d019cd497ab1d84160f10b653c/gnocchi.02ad80ff-06f3-4c63-9576-128a218cdeb0" 201 - "PUT http://172.18.0.134:8080/v1/AUTH_d351b5d019cd497ab1d84160f10b653c/gnocchi.02ad80ff-06f3-4c63-9576-128a218cdeb0" "txc0f0a74edb2d496897979-00699c0e72" "proxy-server 20" 0.0169 "-" 15 0
Feb 23 08:23:14 np0005626460 container-server[121889]: 172.20.0.104 - - [23/Feb/2026:08:23:14 +0000] "HEAD /d1/791/AUTH_d351b5d019cd497ab1d84160f10b653c/gnocchi.02ad80ff-06f3-4c63-9576-128a218cdeb0" 204 - "HEAD http://172.18.0.134:8080/v1/AUTH_d351b5d019cd497ab1d84160f10b653c/gnocchi.02ad80ff-06f3-4c63-9576-128a218cdeb0?format=json&states=listing" "tx86fa20c5617847a2bb2f7-00699c0e72" "proxy-server 20" 0.0017 "-" 15 0
Feb 23 08:23:14 np0005626460 proxy-server[123514]: - - 23/Feb/2026/08/23/14 HEAD /v1/AUTH_d351b5d019cd497ab1d84160f10b653c/gnocchi.02ad80ff-06f3-4c63-9576-128a218cdeb0%3Fformat%3Djson%26states%3Dlisting HTTP/1.0 204 - Swift - - - - tx86fa20c5617847a2bb2f7-00699c0e72 - 0.0068 RL - 1771834994.327756405 1771834994.334532022 0
Feb 23 08:23:14 np0005626460 proxy-server[123514]: 172.18.0.134 172.18.0.104 23/Feb/2026/08/23/14 GET /v1/AUTH_d351b5d019cd497ab1d84160f10b653c/gnocchi.02ad80ff-06f3-4c63-9576-128a218cdeb0%3Fformat%3Djson%26states%3Dlisting HTTP/1.0 200 - python-swiftclient-3.11.1 gAAAAABpnA5xJZZ6... - 2 - tx86fa20c5617847a2bb2f7-00699c0e72 - 0.0225 - - 1771834994.324019670 1771834994.346487522 0
