Feb 23 08:26:11 np0005626460 object-server[229277]: Object audit (ALL). Since Mon Feb 23 08:26:11 2026: Locally: 1 passed, 0 quarantined, 0 errors, files/sec: 90.15, bytes/sec: 1442.33, Total time: 0.01, Auditing time: 0.00, Rate: 0.00
Feb 23 08:26:12 np0005626460 object-server[229276]: Object audit (ZBF) "forever" mode completed: 0.84s. Total quarantined: 0, Total errors: 0, Total files/sec: 52.18, Total bytes/sec: 0.00, Auditing time: 0.83, Rate: 0.99
Feb 23 08:26:13 np0005626460 object-server[229277]: Object audit (ALL) "forever" mode completed: 2.11s. Total quarantined: 0, Total errors: 0, Total files/sec: 20.82, Total bytes/sec: 400.29, Auditing time: 2.10, Rate: 0.99
Feb 23 08:26:23 np0005626460 container-server[121440]: Beginning replication run
Feb 23 08:26:24 np0005626460 container-server[121440]: Replication run OVER
Feb 23 08:26:24 np0005626460 container-server[121440]: Attempted to replicate 22 dbs in 0.43061 seconds (51.09087/s)
Feb 23 08:26:24 np0005626460 container-server[121440]: Removed 0 dbs
Feb 23 08:26:24 np0005626460 container-server[121440]: 44 successes, 0 failures
Feb 23 08:26:24 np0005626460 container-server[121440]: diff:0 diff_capped:0 empty:0 hashmatch:0 no_change:44 remote_merge:0 rsync:0 ts_repl:0
Feb 23 08:26:38 np0005626460 object-server[121997]: Starting object replication pass.
Feb 23 08:26:39 np0005626460 object-server[121997]: 41/41 (100.00%) partitions replicated in 0.45s (90.82/sec, 0s remaining)
Feb 23 08:26:39 np0005626460 object-server[121997]: 82 successes, 0 failures
Feb 23 08:26:39 np0005626460 object-server[121997]: 44 suffixes checked - 0.00% hashed, 0.00% synced
Feb 23 08:26:39 np0005626460 object-server[121997]: Partition times: max 0.0299s, min 0.0070s, med 0.0092s
Feb 23 08:26:39 np0005626460 object-server[121997]: Object replication complete. (0.01 minutes)
Feb 23 08:26:39 np0005626460 account-server[121182]: Beginning replication run
Feb 23 08:26:39 np0005626460 account-server[121182]: Replication run OVER
Feb 23 08:26:39 np0005626460 account-server[121182]: Attempted to replicate 1 dbs in 0.02789 seconds (35.85291/s)
Feb 23 08:26:39 np0005626460 account-server[121182]: Removed 0 dbs
Feb 23 08:26:39 np0005626460 account-server[121182]: 2 successes, 0 failures
Feb 23 08:26:39 np0005626460 account-server[121182]: diff:0 diff_capped:0 empty:0 hashmatch:0 no_change:2 remote_merge:0 rsync:0 ts_repl:0
Feb 23 08:26:42 np0005626460 object-server[229295]: Begin object audit "forever" mode (ZBF)
Feb 23 08:26:42 np0005626460 object-server[229295]: Object audit (ZBF). Since Mon Feb 23 08:26:42 2026: Locally: 1 passed, 0 quarantined, 0 errors, files/sec: 492.87, bytes/sec: 0.00, Total time: 0.00, Auditing time: 0.00, Rate: 0.00
Feb 23 08:26:43 np0005626460 object-server[229295]: Object audit (ZBF) "forever" mode completed: 0.84s. Total quarantined: 0, Total errors: 0, Total files/sec: 52.16, Total bytes/sec: 0.00, Auditing time: 0.83, Rate: 0.99
Feb 23 08:26:53 np0005626460 container-server[121440]: Beginning replication run
Feb 23 08:26:54 np0005626460 container-server[121440]: Replication run OVER
Feb 23 08:26:54 np0005626460 container-server[121440]: Attempted to replicate 22 dbs in 0.43598 seconds (50.46079/s)
Feb 23 08:26:54 np0005626460 container-server[121440]: Removed 0 dbs
Feb 23 08:26:54 np0005626460 container-server[121440]: 44 successes, 0 failures
Feb 23 08:26:54 np0005626460 container-server[121440]: diff:0 diff_capped:0 empty:0 hashmatch:0 no_change:44 remote_merge:0 rsync:0 ts_repl:0
Feb 23 08:26:55 np0005626460 account-server[121634]: 172.20.0.104 - - [23/Feb/2026:08:26:55 +0000] "HEAD /d1/185/.expiring_objects" 404 - "HEAD http://localhost/v1/.expiring_objects?format=json" "tx97315874a3aa4fa08ee79-00699c0f4f" "proxy-server 2" 0.0009 "-" 21 -
Feb 23 08:26:55 np0005626460 object-expirer[121907]: Pass completed in 0s; 0 objects expired (txn: tx97315874a3aa4fa08ee79-00699c0f4f)
Feb 23 08:26:59 np0005626460 account-server[121601]: 172.20.0.105 - - [23/Feb/2026:08:26:59 +0000] "HEAD /d1/185/.expiring_objects" 404 - "HEAD http://localhost/v1/.expiring_objects?format=json" "txbfc12927d98540fb9f00e-00699c0f53" "proxy-server 2" 0.0010 "-" 19 -
Feb 23 08:27:08 np0005626460 account-server[120835]: Begin account audit pass.
Feb 23 08:27:09 np0005626460 object-server[121997]: Starting object replication pass.
Feb 23 08:27:09 np0005626460 account-server[121182]: Beginning replication run
Feb 23 08:27:09 np0005626460 account-server[121182]: Replication run OVER
Feb 23 08:27:09 np0005626460 account-server[121182]: Attempted to replicate 1 dbs in 0.01903 seconds (52.54215/s)
Feb 23 08:27:09 np0005626460 account-server[121182]: Removed 0 dbs
Feb 23 08:27:09 np0005626460 account-server[121182]: 2 successes, 0 failures
Feb 23 08:27:09 np0005626460 account-server[121182]: diff:0 diff_capped:0 empty:0 hashmatch:0 no_change:2 remote_merge:0 rsync:0 ts_repl:0
Feb 23 08:27:10 np0005626460 object-server[121997]: 41/41 (100.00%) partitions replicated in 1.11s (36.88/sec, 0s remaining)
Feb 23 08:27:10 np0005626460 object-server[121997]: 82 successes, 0 failures
Feb 23 08:27:10 np0005626460 object-server[121997]: 44 suffixes checked - 0.00% hashed, 0.00% synced
Feb 23 08:27:10 np0005626460 object-server[121997]: Partition times: max 0.5779s, min 0.0073s, med 0.0098s
Feb 23 08:27:10 np0005626460 object-server[121997]: Object replication complete. (0.02 minutes)
Feb 23 08:27:13 np0005626460 object-server[235295]: Begin object audit "forever" mode (ZBF)
Feb 23 08:27:13 np0005626460 object-server[235295]: Object audit (ZBF). Since Mon Feb 23 08:27:13 2026: Locally: 1 passed, 0 quarantined, 0 errors, files/sec: 929.59, bytes/sec: 0.00, Total time: 0.00, Auditing time: 0.00, Rate: 0.00
Feb 23 08:27:13 np0005626460 object-server[235296]: Begin object audit "forever" mode (ALL)
Feb 23 08:27:13 np0005626460 object-server[235296]: Object audit (ALL). Since Mon Feb 23 08:27:13 2026: Locally: 1 passed, 0 quarantined, 0 errors, files/sec: 95.83, bytes/sec: 1533.32, Total time: 0.01, Auditing time: 0.00, Rate: 0.00
Feb 23 08:27:14 np0005626460 object-server[235295]: Object audit (ZBF) "forever" mode completed: 0.84s. Total quarantined: 0, Total errors: 0, Total files/sec: 52.23, Total bytes/sec: 0.00, Auditing time: 0.83, Rate: 0.99
Feb 23 08:27:15 np0005626460 object-server[235296]: Object audit (ALL) "forever" mode completed: 2.11s. Total quarantined: 0, Total errors: 0, Total files/sec: 20.82, Total bytes/sec: 400.35, Auditing time: 2.10, Rate: 0.99
Feb 23 08:27:19 np0005626460 account-server[121609]: 172.20.0.104 - - [23/Feb/2026:08:27:19 +0000] "HEAD /d1/185/.expiring_objects" 404 - "HEAD http://localhost/v1/.expiring_objects?format=json" "tx1261512e872943879306d-00699c0f67" "proxy-server 2" 0.0006 "-" 20 -
Feb 23 08:27:19 np0005626460 object-expirer[121907]: Pass completed in 0s; 0 objects expired (txn: tx1261512e872943879306d-00699c0f67)
Feb 23 08:27:23 np0005626460 container-server[121440]: Beginning replication run
Feb 23 08:27:24 np0005626460 container-server[121440]: Replication run OVER
Feb 23 08:27:24 np0005626460 container-server[121440]: Attempted to replicate 22 dbs in 0.43594 seconds (50.46614/s)
Feb 23 08:27:24 np0005626460 container-server[121440]: Removed 0 dbs
Feb 23 08:27:24 np0005626460 container-server[121440]: 44 successes, 0 failures
Feb 23 08:27:24 np0005626460 container-server[121440]: diff:0 diff_capped:0 empty:0 hashmatch:0 no_change:44 remote_merge:0 rsync:0 ts_repl:0
Feb 23 08:27:39 np0005626460 account-server[121182]: Beginning replication run
Feb 23 08:27:39 np0005626460 account-server[121182]: Replication run OVER
Feb 23 08:27:39 np0005626460 account-server[121182]: Attempted to replicate 1 dbs in 0.20347 seconds (4.91478/s)
Feb 23 08:27:39 np0005626460 account-server[121182]: Removed 0 dbs
Feb 23 08:27:39 np0005626460 account-server[121182]: 2 successes, 0 failures
Feb 23 08:27:39 np0005626460 account-server[121182]: diff:0 diff_capped:0 empty:0 hashmatch:0 no_change:2 remote_merge:0 rsync:0 ts_repl:0
Feb 23 08:27:40 np0005626460 object-server[121997]: Starting object replication pass.
Feb 23 08:27:41 np0005626460 account-server[121609]: 172.20.0.103 - - [23/Feb/2026:08:27:41 +0000] "HEAD /d1/185/.expiring_objects" 404 - "HEAD http://localhost/v1/.expiring_objects?format=json" "txc01dbb6b965f4c8299336-00699c0f7d" "proxy-server 2" 0.0008 "-" 20 -
Feb 23 08:27:41 np0005626460 object-server[121997]: 41/41 (100.00%) partitions replicated in 1.31s (31.39/sec, 0s remaining)
Feb 23 08:27:41 np0005626460 object-server[121997]: 82 successes, 0 failures
Feb 23 08:27:41 np0005626460 object-server[121997]: 44 suffixes checked - 0.00% hashed, 0.00% synced
Feb 23 08:27:41 np0005626460 object-server[121997]: Partition times: max 0.8986s, min 0.0075s, med 0.0092s
Feb 23 08:27:41 np0005626460 object-server[121997]: Object replication complete. (0.02 minutes)
Feb 23 08:27:44 np0005626460 object-server[235385]: Begin object audit "forever" mode (ZBF)
Feb 23 08:27:44 np0005626460 object-server[235385]: Object audit (ZBF). Since Mon Feb 23 08:27:44 2026: Locally: 1 passed, 0 quarantined, 0 errors, files/sec: 845.97, bytes/sec: 0.00, Total time: 0.00, Auditing time: 0.00, Rate: 0.00
Feb 23 08:27:45 np0005626460 object-server[235385]: Object audit (ZBF) "forever" mode completed: 0.84s. Total quarantined: 0, Total errors: 0, Total files/sec: 52.20, Total bytes/sec: 0.00, Auditing time: 0.83, Rate: 0.99
Feb 23 08:27:53 np0005626460 container-server[121440]: Beginning replication run
Feb 23 08:28:04 np0005626460 container-server[121440]: Replication run OVER
Feb 23 08:28:04 np0005626460 container-server[121440]: Attempted to replicate 22 dbs in 10.80132 seconds (2.03679/s)
Feb 23 08:28:04 np0005626460 container-server[121440]: Removed 0 dbs
Feb 23 08:28:04 np0005626460 container-server[121440]: 44 successes, 0 failures
Feb 23 08:28:04 np0005626460 container-server[121440]: diff:0 diff_capped:0 empty:0 hashmatch:0 no_change:44 remote_merge:0 rsync:0 ts_repl:0
Feb 23 08:28:06 np0005626460 object-server[122201]: Begin object update sweep
Feb 23 08:28:06 np0005626460 object-server[240327]: Object update sweep starting on /srv/node/d1 (pid: 15)
Feb 23 08:28:06 np0005626460 object-server[240327]: Object update sweep completed on /srv/node/d1 in 0.00s seconds:, 0 successes, 0 failures, 0 quarantines, 0 unlinks, 0 errors, 0 redirects (pid: 15)
Feb 23 08:28:06 np0005626460 object-server[240327]: Object update sweep of d1 completed: 0.00s, 0 successes, 0 failures, 0 quarantines, 0 unlinks, 0 errors, 0 redirects
Feb 23 08:28:06 np0005626460 object-server[122201]: Object update sweep completed: 0.12s
Feb 23 08:28:09 np0005626460 account-server[121182]: Beginning replication run
Feb 23 08:28:09 np0005626460 account-server[121182]: Replication run OVER
Feb 23 08:28:09 np0005626460 account-server[121182]: Attempted to replicate 1 dbs in 0.01720 seconds (58.15292/s)
Feb 23 08:28:09 np0005626460 account-server[121182]: Removed 0 dbs
Feb 23 08:28:09 np0005626460 account-server[121182]: 2 successes, 0 failures
Feb 23 08:28:09 np0005626460 account-server[121182]: diff:0 diff_capped:0 empty:0 hashmatch:0 no_change:2 remote_merge:0 rsync:0 ts_repl:0
Feb 23 08:28:10 np0005626460 container-server[121804]: Begin container update sweep
Feb 23 08:28:10 np0005626460 account-server[121649]: 172.20.0.104 - - [23/Feb/2026:08:28:10 +0000] "PUT /d1/979/AUTH_d351b5d019cd497ab1d84160f10b653c/gnocchi.dfea0713-920c-4e14-bed3-3f08daee5fc5" 201 - "-" "-" "container-updater 2" 0.0009 "-" 22 0
Feb 23 08:28:10 np0005626460 account-server[121649]: 172.20.0.104 - - [23/Feb/2026:08:28:10 +0000] "PUT /d1/979/AUTH_d351b5d019cd497ab1d84160f10b653c/gnocchi.4b66d46e-016e-4cb9-b0b5-14764823da38" 201 - "-" "-" "container-updater 2" 0.0005 "-" 22 0
Feb 23 08:28:10 np0005626460 account-server[121609]: 172.20.0.104 - - [23/Feb/2026:08:28:10 +0000] "PUT /d1/979/AUTH_d351b5d019cd497ab1d84160f10b653c/gnocchi.8a80798a-9adf-47a5-9b75-792205eb526c" 201 - "-" "-" "container-updater 2" 0.0006 "-" 20 0
Feb 23 08:28:10 np0005626460 account-server[121634]: 172.20.0.104 - - [23/Feb/2026:08:28:10 +0000] "PUT /d1/979/AUTH_d351b5d019cd497ab1d84160f10b653c/gnocchi.02ad80ff-06f3-4c63-9576-128a218cdeb0" 201 - "-" "-" "container-updater 2" 0.0005 "-" 21 0
Feb 23 08:28:10 np0005626460 account-server[121609]: 172.20.0.104 - - [23/Feb/2026:08:28:10 +0000] "PUT /d1/979/AUTH_d351b5d019cd497ab1d84160f10b653c/gnocchi.b25f77ea-58e0-414c-9b64-df56f720745a" 201 - "-" "-" "container-updater 2" 0.0010 "-" 20 0
Feb 23 08:28:10 np0005626460 account-server[121601]: 172.20.0.104 - - [23/Feb/2026:08:28:10 +0000] "PUT /d1/979/AUTH_d351b5d019cd497ab1d84160f10b653c/gnocchi.2006331c-4bf4-4bc2-bafa-b6d01219e73a" 201 - "-" "-" "container-updater 2" 0.0007 "-" 19 0
Feb 23 08:28:11 np0005626460 account-server[121609]: 172.20.0.104 - - [23/Feb/2026:08:28:11 +0000] "PUT /d1/979/AUTH_d351b5d019cd497ab1d84160f10b653c/gnocchi.1d0d75ac-6399-40be-82c8-e645a7bf9a38" 201 - "-" "-" "container-updater 2" 0.0006 "-" 20 0
Feb 23 08:28:11 np0005626460 account-server[121601]: 172.20.0.104 - - [23/Feb/2026:08:28:11 +0000] "PUT /d1/979/AUTH_d351b5d019cd497ab1d84160f10b653c/gnocchi.610b2609-c529-49db-b009-27c0f145563c" 201 - "-" "-" "container-updater 2" 0.0004 "-" 19 0
Feb 23 08:28:11 np0005626460 account-server[121634]: 172.20.0.104 - - [23/Feb/2026:08:28:11 +0000] "PUT /d1/979/AUTH_d351b5d019cd497ab1d84160f10b653c/gnocchi.815f70e1-ec9a-4abf-8604-b6ebe6f65d13" 201 - "-" "-" "container-updater 2" 0.0006 "-" 21 0
Feb 23 08:28:11 np0005626460 account-server[121634]: 172.20.0.104 - - [23/Feb/2026:08:28:11 +0000] "PUT /d1/979/AUTH_d351b5d019cd497ab1d84160f10b653c/gnocchi.775bdd17-dd47-4d35-b74f-be986e860bd1" 201 - "-" "-" "container-updater 2" 0.0006 "-" 21 0
Feb 23 08:28:11 np0005626460 account-server[121649]: 172.20.0.104 - - [23/Feb/2026:08:28:11 +0000] "PUT /d1/979/AUTH_d351b5d019cd497ab1d84160f10b653c/gnocchi.fa83dd2f-03fa-4931-9293-9d3f29a5d892" 201 - "-" "-" "container-updater 2" 0.0008 "-" 22 0
Feb 23 08:28:11 np0005626460 account-server[121601]: 172.20.0.104 - - [23/Feb/2026:08:28:11 +0000] "PUT /d1/979/AUTH_d351b5d019cd497ab1d84160f10b653c/gnocchi.c089f97e-e091-405f-8302-e66fcd0b069d" 201 - "-" "-" "container-updater 2" 0.0006 "-" 19 0
Feb 23 08:28:11 np0005626460 object-server[121997]: Starting object replication pass.
Feb 23 08:28:11 np0005626460 account-server[121649]: 172.20.0.104 - - [23/Feb/2026:08:28:11 +0000] "PUT /d1/979/AUTH_d351b5d019cd497ab1d84160f10b653c/gnocchi.a9a3f913-6e88-4980-a5d3-395f971e818d" 201 - "-" "-" "container-updater 2" 0.0006 "-" 22 0
Feb 23 08:28:11 np0005626460 account-server[121634]: 172.20.0.104 - - [23/Feb/2026:08:28:11 +0000] "PUT /d1/979/AUTH_d351b5d019cd497ab1d84160f10b653c/gnocchi.08d5a395-fac8-4028-b76f-2d40a0ad1549" 201 - "-" "-" "container-updater 2" 0.0004 "-" 21 0
Feb 23 08:28:11 np0005626460 account-server[121649]: 172.20.0.104 - - [23/Feb/2026:08:28:11 +0000] "PUT /d1/979/AUTH_d351b5d019cd497ab1d84160f10b653c/gnocchi.d2661c51-987b-4292-b272-bb9565a975d0" 201 - "-" "-" "container-updater 2" 0.0007 "-" 22 0
Feb 23 08:28:12 np0005626460 account-server[121649]: 172.20.0.104 - - [23/Feb/2026:08:28:12 +0000] "PUT /d1/979/AUTH_d351b5d019cd497ab1d84160f10b653c/gnocchi.ff3d4d84-f6cc-4223-a974-ba1e7eba000f" 201 - "-" "-" "container-updater 2" 0.0009 "-" 22 0
Feb 23 08:28:12 np0005626460 object-server[121997]: 41/41 (100.00%) partitions replicated in 0.46s (89.62/sec, 0s remaining)
Feb 23 08:28:12 np0005626460 object-server[121997]: 82 successes, 0 failures
Feb 23 08:28:12 np0005626460 object-server[121997]: 44 suffixes checked - 0.00% hashed, 0.00% synced
Feb 23 08:28:12 np0005626460 object-server[121997]: Partition times: max 0.0524s, min 0.0063s, med 0.0095s
Feb 23 08:28:12 np0005626460 object-server[121997]: Object replication complete. (0.01 minutes)
Feb 23 08:28:12 np0005626460 account-server[121649]: 172.20.0.104 - - [23/Feb/2026:08:28:12 +0000] "PUT /d1/979/AUTH_d351b5d019cd497ab1d84160f10b653c/gnocchi.45ee1f1b-219e-4de5-9f51-a477b96343e7" 201 - "-" "-" "container-updater 2" 0.0010 "-" 22 0
Feb 23 08:28:12 np0005626460 account-server[121601]: 172.20.0.104 - - [23/Feb/2026:08:28:12 +0000] "PUT /d1/979/AUTH_d351b5d019cd497ab1d84160f10b653c/gnocchi.3be5ab82-59d1-486f-86d4-ae944e1266d2" 201 - "-" "-" "container-updater 2" 0.0007 "-" 19 0
Feb 23 08:28:12 np0005626460 account-server[121601]: 172.20.0.104 - - [23/Feb/2026:08:28:12 +0000] "PUT /d1/979/AUTH_d351b5d019cd497ab1d84160f10b653c/gnocchi.94c5af18-f79c-4a4f-bc99-8f29403606ca" 201 - "-" "-" "container-updater 2" 0.0007 "-" 19 0
Feb 23 08:28:12 np0005626460 container-server[121804]: Container update sweep completed: 2.00s
Feb 23 08:28:15 np0005626460 object-server[241118]: Begin object audit "forever" mode (ZBF)
Feb 23 08:28:15 np0005626460 object-server[241119]: Begin object audit "forever" mode (ALL)
Feb 23 08:28:15 np0005626460 object-server[241118]: Object audit (ZBF). Since Mon Feb 23 08:28:15 2026: Locally: 1 passed, 0 quarantined, 0 errors, files/sec: 505.22, bytes/sec: 0.00, Total time: 0.00, Auditing time: 0.00, Rate: 0.00
Feb 23 08:28:15 np0005626460 object-server[241119]: Object audit (ALL). Since Mon Feb 23 08:28:15 2026: Locally: 1 passed, 0 quarantined, 0 errors, files/sec: 124.96, bytes/sec: 1999.37, Total time: 0.01, Auditing time: 0.00, Rate: 0.00
Feb 23 08:28:16 np0005626460 object-server[241118]: Object audit (ZBF) "forever" mode completed: 0.84s. Total quarantined: 0, Total errors: 0, Total files/sec: 52.15, Total bytes/sec: 0.00, Auditing time: 0.83, Rate: 0.99
Feb 23 08:28:17 np0005626460 object-server[241119]: Object audit (ALL) "forever" mode completed: 2.11s. Total quarantined: 0, Total errors: 0, Total files/sec: 20.85, Total bytes/sec: 400.82, Auditing time: 2.10, Rate: 0.99
Feb 23 08:28:23 np0005626460 container-server[121440]: Beginning replication run
Feb 23 08:28:24 np0005626460 container-server[121440]: Replication run OVER
Feb 23 08:28:24 np0005626460 container-server[121440]: Attempted to replicate 22 dbs in 0.68219 seconds (32.24922/s)
Feb 23 08:28:24 np0005626460 container-server[121440]: Removed 0 dbs
Feb 23 08:28:24 np0005626460 container-server[121440]: 44 successes, 0 failures
Feb 23 08:28:24 np0005626460 container-server[121440]: diff:0 diff_capped:0 empty:0 hashmatch:0 no_change:44 remote_merge:0 rsync:0 ts_repl:0
Feb 23 08:28:27 np0005626460 account-server[121634]: 172.20.0.103 - - [23/Feb/2026:08:28:27 +0000] "PUT /d1/979/AUTH_d351b5d019cd497ab1d84160f10b653c/gnocchi.815f70e1-ec9a-4abf-8604-b6ebe6f65d13" 201 - "-" "-" "container-updater 2" 0.0008 "-" 21 0
Feb 23 08:28:27 np0005626460 account-server[121649]: 172.20.0.103 - - [23/Feb/2026:08:28:27 +0000] "PUT /d1/979/AUTH_d351b5d019cd497ab1d84160f10b653c/gnocchi.1d0d75ac-6399-40be-82c8-e645a7bf9a38" 201 - "-" "-" "container-updater 2" 0.0006 "-" 22 0
Feb 23 08:28:27 np0005626460 account-server[121649]: 172.20.0.103 - - [23/Feb/2026:08:28:27 +0000] "PUT /d1/979/AUTH_d351b5d019cd497ab1d84160f10b653c/gnocchi.4b66d46e-016e-4cb9-b0b5-14764823da38" 201 - "-" "-" "container-updater 2" 0.0004 "-" 22 0
Feb 23 08:28:27 np0005626460 account-server[121634]: 172.20.0.103 - - [23/Feb/2026:08:28:27 +0000] "PUT /d1/979/AUTH_d351b5d019cd497ab1d84160f10b653c/gnocchi.610b2609-c529-49db-b009-27c0f145563c" 201 - "-" "-" "container-updater 2" 0.0004 "-" 21 0
Feb 23 08:28:28 np0005626460 account-server[121634]: 172.20.0.103 - - [23/Feb/2026:08:28:28 +0000] "PUT /d1/979/AUTH_d351b5d019cd497ab1d84160f10b653c/gnocchi.b25f77ea-58e0-414c-9b64-df56f720745a" 201 - "-" "-" "container-updater 2" 0.0009 "-" 21 0
Feb 23 08:28:28 np0005626460 account-server[121601]: 172.20.0.103 - - [23/Feb/2026:08:28:28 +0000] "PUT /d1/979/AUTH_d351b5d019cd497ab1d84160f10b653c/gnocchi.ff3d4d84-f6cc-4223-a974-ba1e7eba000f" 201 - "-" "-" "container-updater 2" 0.0005 "-" 19 0
Feb 23 08:28:28 np0005626460 account-server[121601]: 172.20.0.103 - - [23/Feb/2026:08:28:28 +0000] "PUT /d1/979/AUTH_d351b5d019cd497ab1d84160f10b653c/gnocchi.45ee1f1b-219e-4de5-9f51-a477b96343e7" 201 - "-" "-" "container-updater 2" 0.0008 "-" 19 0
Feb 23 08:28:28 np0005626460 account-server[121601]: 172.20.0.103 - - [23/Feb/2026:08:28:28 +0000] "PUT /d1/979/AUTH_d351b5d019cd497ab1d84160f10b653c/gnocchi.2006331c-4bf4-4bc2-bafa-b6d01219e73a" 201 - "-" "-" "container-updater 2" 0.0004 "-" 19 0
Feb 23 08:28:28 np0005626460 account-server[121634]: 172.20.0.103 - - [23/Feb/2026:08:28:28 +0000] "PUT /d1/979/AUTH_d351b5d019cd497ab1d84160f10b653c/gnocchi.a9a3f913-6e88-4980-a5d3-395f971e818d" 201 - "-" "-" "container-updater 2" 0.0007 "-" 21 0
Feb 23 08:28:28 np0005626460 account-server[121601]: 172.20.0.103 - - [23/Feb/2026:08:28:28 +0000] "PUT /d1/979/AUTH_d351b5d019cd497ab1d84160f10b653c/gnocchi.fa83dd2f-03fa-4931-9293-9d3f29a5d892" 201 - "-" "-" "container-updater 2" 0.0011 "-" 19 0
Feb 23 08:28:28 np0005626460 account-server[121634]: 172.20.0.103 - - [23/Feb/2026:08:28:28 +0000] "PUT /d1/979/AUTH_d351b5d019cd497ab1d84160f10b653c/gnocchi.94c5af18-f79c-4a4f-bc99-8f29403606ca" 201 - "-" "-" "container-updater 2" 0.0008 "-" 21 0
Feb 23 08:28:28 np0005626460 account-server[121634]: 172.20.0.103 - - [23/Feb/2026:08:28:28 +0000] "PUT /d1/979/AUTH_d351b5d019cd497ab1d84160f10b653c/gnocchi.775bdd17-dd47-4d35-b74f-be986e860bd1" 201 - "-" "-" "container-updater 2" 0.0011 "-" 21 0
Feb 23 08:28:29 np0005626460 account-server[121609]: 172.20.0.103 - - [23/Feb/2026:08:28:29 +0000] "PUT /d1/979/AUTH_d351b5d019cd497ab1d84160f10b653c/gnocchi.d2661c51-987b-4292-b272-bb9565a975d0" 201 - "-" "-" "container-updater 2" 0.0010 "-" 20 0
Feb 23 08:28:29 np0005626460 account-server[121634]: 172.20.0.103 - - [23/Feb/2026:08:28:29 +0000] "PUT /d1/979/AUTH_d351b5d019cd497ab1d84160f10b653c/gnocchi.3be5ab82-59d1-486f-86d4-ae944e1266d2" 201 - "-" "-" "container-updater 2" 0.0006 "-" 21 0
Feb 23 08:28:39 np0005626460 account-server[121182]: Beginning replication run
Feb 23 08:28:39 np0005626460 account-server[121182]: Replication run OVER
Feb 23 08:28:39 np0005626460 account-server[121182]: Attempted to replicate 1 dbs in 0.25313 seconds (3.95051/s)
Feb 23 08:28:39 np0005626460 account-server[121182]: Removed 0 dbs
Feb 23 08:28:39 np0005626460 account-server[121182]: 2 successes, 0 failures
Feb 23 08:28:39 np0005626460 account-server[121182]: diff:0 diff_capped:0 empty:0 hashmatch:0 no_change:2 remote_merge:0 rsync:0 ts_repl:0
Feb 23 08:28:42 np0005626460 object-server[121997]: Starting object replication pass.
Feb 23 08:28:43 np0005626460 object-server[121997]: 41/41 (100.00%) partitions replicated in 1.53s (26.86/sec, 0s remaining)
Feb 23 08:28:43 np0005626460 object-server[121997]: 82 successes, 0 failures
Feb 23 08:28:43 np0005626460 object-server[121997]: 44 suffixes checked - 0.00% hashed, 0.00% synced
Feb 23 08:28:43 np0005626460 object-server[121997]: Partition times: max 0.9947s, min 0.0058s, med 0.0092s
Feb 23 08:28:43 np0005626460 object-server[121997]: Object replication complete. (0.03 minutes)
Feb 23 08:28:46 np0005626460 object-server[241145]: Begin object audit "forever" mode (ZBF)
Feb 23 08:28:46 np0005626460 object-server[241145]: Object audit (ZBF). Since Mon Feb 23 08:28:46 2026: Locally: 1 passed, 0 quarantined, 0 errors, files/sec: 359.72, bytes/sec: 0.00, Total time: 0.00, Auditing time: 0.00, Rate: 0.00
Feb 23 08:28:47 np0005626460 object-server[241145]: Object audit (ZBF) "forever" mode completed: 0.84s. Total quarantined: 0, Total errors: 0, Total files/sec: 52.10, Total bytes/sec: 0.00, Auditing time: 0.83, Rate: 0.99
Feb 23 08:28:53 np0005626460 container-server[121440]: Beginning replication run
Feb 23 08:28:54 np0005626460 container-server[121440]: Replication run OVER
Feb 23 08:28:54 np0005626460 container-server[121440]: Attempted to replicate 22 dbs in 1.15428 seconds (19.05955/s)
Feb 23 08:28:54 np0005626460 container-server[121440]: Removed 0 dbs
Feb 23 08:28:54 np0005626460 container-server[121440]: 44 successes, 0 failures
Feb 23 08:28:54 np0005626460 container-server[121440]: diff:0 diff_capped:0 empty:0 hashmatch:0 no_change:44 remote_merge:0 rsync:0 ts_repl:0
Feb 23 08:29:09 np0005626460 account-server[121182]: Beginning replication run
Feb 23 08:29:09 np0005626460 account-server[121182]: Replication run OVER
Feb 23 08:29:09 np0005626460 account-server[121182]: Attempted to replicate 1 dbs in 0.02265 seconds (44.15409/s)
Feb 23 08:29:09 np0005626460 account-server[121182]: Removed 0 dbs
Feb 23 08:29:09 np0005626460 account-server[121182]: 2 successes, 0 failures
Feb 23 08:29:09 np0005626460 account-server[121182]: diff:0 diff_capped:0 empty:0 hashmatch:0 no_change:2 remote_merge:0 rsync:0 ts_repl:0
Feb 23 08:29:13 np0005626460 object-server[121997]: Starting object replication pass.
Feb 23 08:29:14 np0005626460 object-server[121997]: 41/41 (100.00%) partitions replicated in 0.41s (100.86/sec, 0s remaining)
Feb 23 08:29:14 np0005626460 object-server[121997]: 82 successes, 0 failures
Feb 23 08:29:14 np0005626460 object-server[121997]: 44 suffixes checked - 0.00% hashed, 0.00% synced
Feb 23 08:29:14 np0005626460 object-server[121997]: Partition times: max 0.0159s, min 0.0074s, med 0.0088s
Feb 23 08:29:14 np0005626460 object-server[121997]: Object replication complete. (0.01 minutes)
Feb 23 08:29:14 np0005626460 account-server[121634]: 172.20.0.104 - - [23/Feb/2026:08:29:14 +0000] "HEAD /d1/185/.expiring_objects" 404 - "HEAD http://localhost/v1/.expiring_objects?format=json" "tx5c48e12bdfcd49bb93a26-00699c0fda" "proxy-server 2" 0.0006 "-" 21 -
Feb 23 08:29:14 np0005626460 object-expirer[121907]: Pass completed in 0s; 0 objects expired (txn: tx5c48e12bdfcd49bb93a26-00699c0fda)
Feb 23 08:29:17 np0005626460 object-server[247062]: Begin object audit "forever" mode (ZBF)
Feb 23 08:29:17 np0005626460 object-server[247062]: Object audit (ZBF). Since Mon Feb 23 08:29:17 2026: Locally: 1 passed, 0 quarantined, 0 errors, files/sec: 790.93, bytes/sec: 0.00, Total time: 0.00, Auditing time: 0.00, Rate: 0.00
Feb 23 08:29:17 np0005626460 object-server[247063]: Begin object audit "forever" mode (ALL)
Feb 23 08:29:17 np0005626460 object-server[247063]: Object audit (ALL). Since Mon Feb 23 08:29:17 2026: Locally: 1 passed, 0 quarantined, 0 errors, files/sec: 115.37, bytes/sec: 1845.88, Total time: 0.01, Auditing time: 0.00, Rate: 0.00
Feb 23 08:29:18 np0005626460 object-server[247062]: Object audit (ZBF) "forever" mode completed: 0.84s. Total quarantined: 0, Total errors: 0, Total files/sec: 52.21, Total bytes/sec: 0.00, Auditing time: 0.83, Rate: 0.99
Feb 23 08:29:19 np0005626460 object-server[247063]: Object audit (ALL) "forever" mode completed: 2.11s. Total quarantined: 0, Total errors: 0, Total files/sec: 20.85, Total bytes/sec: 400.82, Auditing time: 2.10, Rate: 0.99
Feb 23 08:29:23 np0005626460 container-server[121440]: Beginning replication run
Feb 23 08:29:25 np0005626460 container-server[121440]: Replication run OVER
Feb 23 08:29:25 np0005626460 container-server[121440]: Attempted to replicate 22 dbs in 1.63469 seconds (13.45819/s)
Feb 23 08:29:25 np0005626460 container-server[121440]: Removed 0 dbs
Feb 23 08:29:25 np0005626460 container-server[121440]: 44 successes, 0 failures
Feb 23 08:29:25 np0005626460 container-server[121440]: diff:0 diff_capped:0 empty:0 hashmatch:0 no_change:44 remote_merge:0 rsync:0 ts_repl:0
Feb 23 08:29:39 np0005626460 account-server[121182]: Beginning replication run
Feb 23 08:29:39 np0005626460 account-server[121182]: Replication run OVER
Feb 23 08:29:39 np0005626460 account-server[121182]: Attempted to replicate 1 dbs in 0.17135 seconds (5.83584/s)
Feb 23 08:29:39 np0005626460 account-server[121182]: Removed 0 dbs
Feb 23 08:29:39 np0005626460 account-server[121182]: 2 successes, 0 failures
Feb 23 08:29:39 np0005626460 account-server[121182]: diff:0 diff_capped:0 empty:0 hashmatch:0 no_change:2 remote_merge:0 rsync:0 ts_repl:0
Feb 23 08:29:42 np0005626460 container-server[121889]: 172.20.0.103 - - [23/Feb/2026:08:29:42 +0000] "GET /d1/856/AUTH_d351b5d019cd497ab1d84160f10b653c/gnocchi.b25f77ea-58e0-414c-9b64-df56f720745a" 200 2 "GET http://172.18.0.134:8080/v1/AUTH_d351b5d019cd497ab1d84160f10b653c/gnocchi.b25f77ea-58e0-414c-9b64-df56f720745a?format=json&marker=none_v3&states=listing" "tx96c50db7efdc4577a0d9f-00699c0ff6" "proxy-server 20" 0.0045 "-" 15 0
Feb 23 08:29:42 np0005626460 object-server[122305]: 172.20.0.103 - - [23/Feb/2026:08:29:42 +0000] "GET /d1/742/AUTH_d351b5d019cd497ab1d84160f10b653c/gnocchi.b25f77ea-58e0-414c-9b64-df56f720745a/1771200000.0_rate%3Amean_300.0_v3" 404 70 "GET http://172.18.0.134:8080/v1/AUTH_d351b5d019cd497ab1d84160f10b653c/gnocchi.b25f77ea-58e0-414c-9b64-df56f720745a/1771200000.0_rate%3Amean_300.0_v3" "tx56576b6d739647d283682-00699c0ff6" "proxy-server 20" 0.0008 "-" 25 0
Feb 23 08:29:42 np0005626460 container-server[121889]: 172.20.0.103 - - [23/Feb/2026:08:29:42 +0000] "PUT /d1/856/AUTH_d351b5d019cd497ab1d84160f10b653c/gnocchi.b25f77ea-58e0-414c-9b64-df56f720745a/1771200000.0_mean_300.0_v3" 201 - "PUT http://172.18.0.134:8080/d1/650/AUTH_d351b5d019cd497ab1d84160f10b653c/gnocchi.b25f77ea-58e0-414c-9b64-df56f720745a/1771200000.0_mean_300.0_v3" "tx7c64b94a29ed4977a582f-00699c0ff6" "object-server 23" 0.0006 "-" 15 0
Feb 23 08:29:42 np0005626460 object-server[122294]: 172.20.0.103 - - [23/Feb/2026:08:29:42 +0000] "PUT /d1/650/AUTH_d351b5d019cd497ab1d84160f10b653c/gnocchi.b25f77ea-58e0-414c-9b64-df56f720745a/1771200000.0_mean_300.0_v3" 201 - "PUT http://172.18.0.134:8080/v1/AUTH_d351b5d019cd497ab1d84160f10b653c/gnocchi.b25f77ea-58e0-414c-9b64-df56f720745a/1771200000.0_mean_300.0_v3" "tx7c64b94a29ed4977a582f-00699c0ff6" "proxy-server 20" 0.0158 "-" 24 0
Feb 23 08:29:42 np0005626460 container-server[121889]: 172.20.0.103 - - [23/Feb/2026:08:29:42 +0000] "PUT /d1/856/AUTH_d351b5d019cd497ab1d84160f10b653c/gnocchi.b25f77ea-58e0-414c-9b64-df56f720745a/1771200000.0_rate%3Amean_300.0_v3" 201 - "PUT http://172.18.0.134:8080/d1/742/AUTH_d351b5d019cd497ab1d84160f10b653c/gnocchi.b25f77ea-58e0-414c-9b64-df56f720745a/1771200000.0_rate%3Amean_300.0_v3" "tx0e249f5220594847a12e9-00699c0ff6" "object-server 23" 0.0006 "-" 15 0
Feb 23 08:29:42 np0005626460 object-server[122291]: 172.20.0.103 - - [23/Feb/2026:08:29:42 +0000] "PUT /d1/742/AUTH_d351b5d019cd497ab1d84160f10b653c/gnocchi.b25f77ea-58e0-414c-9b64-df56f720745a/1771200000.0_rate%3Amean_300.0_v3" 201 - "PUT http://172.18.0.134:8080/v1/AUTH_d351b5d019cd497ab1d84160f10b653c/gnocchi.b25f77ea-58e0-414c-9b64-df56f720745a/1771200000.0_rate%3Amean_300.0_v3" "tx0e249f5220594847a12e9-00699c0ff6" "proxy-server 20" 0.0115 "-" 23 0
Feb 23 08:29:42 np0005626460 object-server[122291]: 172.20.0.103 - - [23/Feb/2026:08:29:42 +0000] "PUT /d1/752/AUTH_d351b5d019cd497ab1d84160f10b653c/gnocchi.b25f77ea-58e0-414c-9b64-df56f720745a/none_v3" 201 - "PUT http://172.18.0.134:8080/v1/AUTH_d351b5d019cd497ab1d84160f10b653c/gnocchi.b25f77ea-58e0-414c-9b64-df56f720745a/none_v3" "tx8b9e84af19fc4f89adfb3-00699c0ff6" "proxy-server 20" 0.0099 "-" 23 0
Feb 23 08:29:42 np0005626460 container-server[121883]: 172.20.0.105 - - [23/Feb/2026:08:29:42 +0000] "PUT /d1/856/AUTH_d351b5d019cd497ab1d84160f10b653c/gnocchi.b25f77ea-58e0-414c-9b64-df56f720745a/none_v3" 201 - "PUT http://172.18.0.134:8080/d1/752/AUTH_d351b5d019cd497ab1d84160f10b653c/gnocchi.b25f77ea-58e0-414c-9b64-df56f720745a/none_v3" "tx8b9e84af19fc4f89adfb3-00699c0ff6" "object-server 24" 0.0005 "-" 14 0
Feb 23 08:29:42 np0005626460 container-server[121883]: 172.20.0.104 - - [23/Feb/2026:08:29:42 +0000] "HEAD /d1/988/AUTH_d351b5d019cd497ab1d84160f10b653c/gnocchi.45ee1f1b-219e-4de5-9f51-a477b96343e7" 204 - "HEAD http://172.18.0.134:8080/v1/AUTH_d351b5d019cd497ab1d84160f10b653c/gnocchi.45ee1f1b-219e-4de5-9f51-a477b96343e7?format=json&states=listing" "tx4117c4864af14b2e8bbc8-00699c0ff6" "proxy-server 20" 0.0013 "-" 14 0
Feb 23 08:29:42 np0005626460 proxy-server[123514]: 172.18.0.103 172.18.0.104 23/Feb/2026/08/29/42 GET /v1/AUTH_d351b5d019cd497ab1d84160f10b653c/gnocchi.45ee1f1b-219e-4de5-9f51-a477b96343e7/none_v3 HTTP/1.0 200 - python-swiftclient-3.11.1 gAAAAABpnA5xV5GH... - 22 - tx4117c4864af14b2e8bbc8-00699c0ff6 - 0.2892 - - 1771835382.684891939 1771835382.974130392 0
Feb 23 08:29:42 np0005626460 container-server[121889]: 172.20.0.104 - - [23/Feb/2026:08:29:42 +0000] "GET /d1/988/AUTH_d351b5d019cd497ab1d84160f10b653c/gnocchi.45ee1f1b-219e-4de5-9f51-a477b96343e7" 200 357 "GET http://172.18.0.134:8080/v1/AUTH_d351b5d019cd497ab1d84160f10b653c/gnocchi.45ee1f1b-219e-4de5-9f51-a477b96343e7?format=json&states=listing" "tx3d72cba9e984445f82e42-00699c0ff6" "proxy-server 20" 0.0019 "-" 15 0
Feb 23 08:29:42 np0005626460 proxy-server[123514]: 172.18.0.103 172.18.0.104 23/Feb/2026/08/29/42 GET /v1/AUTH_d351b5d019cd497ab1d84160f10b653c/gnocchi.45ee1f1b-219e-4de5-9f51-a477b96343e7%3Fformat%3Djson%26states%3Dlisting HTTP/1.0 200 - python-swiftclient-3.11.1 gAAAAABpnA5xV5GH... - 357 - tx3d72cba9e984445f82e42-00699c0ff6 - 0.0116 - - 1771835382.982655764 1771835382.994223356 0
Feb 23 08:29:43 np0005626460 proxy-server[123514]: 172.18.0.103 172.18.0.104 23/Feb/2026/08/29/43 GET /v1/AUTH_d351b5d019cd497ab1d84160f10b653c/gnocchi.45ee1f1b-219e-4de5-9f51-a477b96343e7%3Fformat%3Djson%26marker%3Dnone_v3%26states%3Dlisting HTTP/1.0 200 - python-swiftclient-3.11.1 gAAAAABpnA5xV5GH... - 2 - txa86fb991b0334585a8e4e-00699c0ff7 - 0.0144 - - 1771835383.006476879 1771835383.020863295 0
Feb 23 08:29:43 np0005626460 object-server[122294]: 172.20.0.104 - - [23/Feb/2026:08:29:43 +0000] "GET /d1/128/AUTH_d351b5d019cd497ab1d84160f10b653c/gnocchi.45ee1f1b-219e-4de5-9f51-a477b96343e7/1771200000.0_rate%3Amean_300.0_v3" 404 70 "GET http://172.18.0.134:8080/v1/AUTH_d351b5d019cd497ab1d84160f10b653c/gnocchi.45ee1f1b-219e-4de5-9f51-a477b96343e7/1771200000.0_rate%3Amean_300.0_v3" "txe8d9e53637eb47a58ffb7-00699c0ff7" "proxy-server 20" 0.0005 "-" 24 0
Feb 23 08:29:43 np0005626460 container-server[121883]: 172.20.0.103 - - [23/Feb/2026:08:29:43 +0000] "GET /d1/86/AUTH_d351b5d019cd497ab1d84160f10b653c/gnocchi.d2661c51-987b-4292-b272-bb9565a975d0" 200 2 "GET http://172.18.0.134:8080/v1/AUTH_d351b5d019cd497ab1d84160f10b653c/gnocchi.d2661c51-987b-4292-b272-bb9565a975d0?format=json&marker=none_v3&states=listing" "txa250ee7611b6462d835c5-00699c0ff7" "proxy-server 20" 0.0041 "-" 14 0
Feb 23 08:29:43 np0005626460 proxy-server[123514]: 172.18.0.103 172.18.0.104 23/Feb/2026/08/29/43 GET /v1/AUTH_d351b5d019cd497ab1d84160f10b653c/gnocchi.45ee1f1b-219e-4de5-9f51-a477b96343e7/1771200000.0_rate%253Amean_300.0_v3 HTTP/1.0 404 - python-swiftclient-3.11.1 gAAAAABpnA5xV5GH... - 70 - txe8d9e53637eb47a58ffb7-00699c0ff7 - 0.0184 - - 1771835383.025700331 1771835383.044074774 0
Feb 23 08:29:43 np0005626460 proxy-server[123514]: 172.18.0.105 172.18.0.104 23/Feb/2026/08/29/43 GET /v1/AUTH_d351b5d019cd497ab1d84160f10b653c/gnocchi.d2661c51-987b-4292-b272-bb9565a975d0/1771200000.0_mean_300.0_v3 HTTP/1.0 200 - python-swiftclient-3.11.1 gAAAAABpnA4o6Gk-... - 16 - txaefb376ea6a1433897000-00699c0ff7 - 0.0125 - - 1771835383.048626184 1771835383.061076641 0
Feb 23 08:29:43 np0005626460 object-server[122290]: 172.20.0.104 - - [23/Feb/2026:08:29:43 +0000] "GET /d1/916/AUTH_d351b5d019cd497ab1d84160f10b653c/gnocchi.d2661c51-987b-4292-b272-bb9565a975d0/1771200000.0_rate%3Amean_300.0_v3" 404 70 "GET http://172.18.0.134:8080/v1/AUTH_d351b5d019cd497ab1d84160f10b653c/gnocchi.d2661c51-987b-4292-b272-bb9565a975d0/1771200000.0_rate%3Amean_300.0_v3" "tx2df4fec0d817410fa1eba-00699c0ff7" "proxy-server 20" 0.0002 "-" 22 0
Feb 23 08:29:43 np0005626460 object-server[122290]: 172.20.0.103 - - [23/Feb/2026:08:29:43 +0000] "PUT /d1/128/AUTH_d351b5d019cd497ab1d84160f10b653c/gnocchi.45ee1f1b-219e-4de5-9f51-a477b96343e7/1771200000.0_rate%3Amean_300.0_v3" 201 - "PUT http://172.18.0.134:8080/v1/AUTH_d351b5d019cd497ab1d84160f10b653c/gnocchi.45ee1f1b-219e-4de5-9f51-a477b96343e7/1771200000.0_rate%3Amean_300.0_v3" "tx0909439fc46d44309f1a5-00699c0ff7" "proxy-server 20" 0.0115 "-" 22 0
Feb 23 08:29:43 np0005626460 proxy-server[123514]: 172.18.0.105 172.18.0.104 23/Feb/2026/08/29/43 GET /v1/AUTH_d351b5d019cd497ab1d84160f10b653c/gnocchi.d2661c51-987b-4292-b272-bb9565a975d0/1771200000.0_rate%253Amean_300.0_v3 HTTP/1.0 404 - python-swiftclient-3.11.1 gAAAAABpnA4o6Gk-... - 70 - tx2df4fec0d817410fa1eba-00699c0ff7 - 0.0147 - - 1771835383.066095352 1771835383.080806732 0
Feb 23 08:29:43 np0005626460 container-server[121892]: 172.20.0.103 - - [23/Feb/2026:08:29:43 +0000] "PUT /d1/988/AUTH_d351b5d019cd497ab1d84160f10b653c/gnocchi.45ee1f1b-219e-4de5-9f51-a477b96343e7/1771200000.0_rate%3Amean_300.0_v3" 201 - "PUT http://172.18.0.134:8080/d1/128/AUTH_d351b5d019cd497ab1d84160f10b653c/gnocchi.45ee1f1b-219e-4de5-9f51-a477b96343e7/1771200000.0_rate%3Amean_300.0_v3" "tx0909439fc46d44309f1a5-00699c0ff7" "object-server 22" 0.0007 "-" 17 0
Feb 23 08:29:43 np0005626460 object-server[122290]: 172.20.0.104 - - [23/Feb/2026:08:29:43 +0000] "PUT /d1/132/AUTH_d351b5d019cd497ab1d84160f10b653c/gnocchi.d2661c51-987b-4292-b272-bb9565a975d0/1771200000.0_mean_300.0_v3" 201 - "PUT http://172.18.0.134:8080/v1/AUTH_d351b5d019cd497ab1d84160f10b653c/gnocchi.d2661c51-987b-4292-b272-bb9565a975d0/1771200000.0_mean_300.0_v3" "tx64bef9e5639943109d8cb-00699c0ff7" "proxy-server 20" 0.0130 "-" 22 0
Feb 23 08:29:43 np0005626460 container-server[121883]: 172.20.0.105 - - [23/Feb/2026:08:29:43 +0000] "PUT /d1/86/AUTH_d351b5d019cd497ab1d84160f10b653c/gnocchi.d2661c51-987b-4292-b272-bb9565a975d0/1771200000.0_mean_300.0_v3" 201 - "PUT http://172.18.0.134:8080/d1/132/AUTH_d351b5d019cd497ab1d84160f10b653c/gnocchi.d2661c51-987b-4292-b272-bb9565a975d0/1771200000.0_mean_300.0_v3" "tx64bef9e5639943109d8cb-00699c0ff7" "object-server 22" 0.0010 "-" 14 0
Feb 23 08:29:43 np0005626460 container-server[121891]: 172.20.0.105 - - [23/Feb/2026:08:29:43 +0000] "PUT /d1/988/AUTH_d351b5d019cd497ab1d84160f10b653c/gnocchi.45ee1f1b-219e-4de5-9f51-a477b96343e7/1771200000.0_mean_300.0_v3" 201 - "PUT http://172.18.0.134:8080/d1/951/AUTH_d351b5d019cd497ab1d84160f10b653c/gnocchi.45ee1f1b-219e-4de5-9f51-a477b96343e7/1771200000.0_mean_300.0_v3" "tx2bea4d31c1554c839d8d1-00699c0ff7" "object-server 25" 0.0006 "-" 16 0
Feb 23 08:29:43 np0005626460 proxy-server[123514]: 172.18.0.105 172.18.0.104 23/Feb/2026/08/29/43 PUT /v1/AUTH_d351b5d019cd497ab1d84160f10b653c/gnocchi.d2661c51-987b-4292-b272-bb9565a975d0/1771200000.0_mean_300.0_v3 HTTP/1.0 201 - python-swiftclient-3.11.1 gAAAAABpnA4o6Gk-... 23 - - tx64bef9e5639943109d8cb-00699c0ff7 - 0.0301 - - 1771835383.087026358 1771835383.117133141 0
Feb 23 08:29:43 np0005626460 object-server[122290]: 172.20.0.103 - - [23/Feb/2026:08:29:43 +0000] "PUT /d1/951/AUTH_d351b5d019cd497ab1d84160f10b653c/gnocchi.45ee1f1b-219e-4de5-9f51-a477b96343e7/1771200000.0_mean_300.0_v3" 201 - "PUT http://172.18.0.134:8080/v1/AUTH_d351b5d019cd497ab1d84160f10b653c/gnocchi.45ee1f1b-219e-4de5-9f51-a477b96343e7/1771200000.0_mean_300.0_v3" "tx2bea4d31c1554c839d8d1-00699c0ff7" "proxy-server 20" 0.0144 "-" 22 0
Feb 23 08:29:43 np0005626460 container-server[121891]: 172.20.0.104 - - [23/Feb/2026:08:29:43 +0000] "PUT /d1/988/AUTH_d351b5d019cd497ab1d84160f10b653c/gnocchi.45ee1f1b-219e-4de5-9f51-a477b96343e7/none_v3" 201 - "PUT http://172.18.0.134:8080/d1/290/AUTH_d351b5d019cd497ab1d84160f10b653c/gnocchi.45ee1f1b-219e-4de5-9f51-a477b96343e7/none_v3" "tx44efb994d8b24d8892651-00699c0ff7" "object-server 22" 0.0008 "-" 16 0
Feb 23 08:29:43 np0005626460 object-server[122290]: 172.20.0.103 - - [23/Feb/2026:08:29:43 +0000] "PUT /d1/290/AUTH_d351b5d019cd497ab1d84160f10b653c/gnocchi.45ee1f1b-219e-4de5-9f51-a477b96343e7/none_v3" 201 - "PUT http://172.18.0.134:8080/v1/AUTH_d351b5d019cd497ab1d84160f10b653c/gnocchi.45ee1f1b-219e-4de5-9f51-a477b96343e7/none_v3" "tx44efb994d8b24d8892651-00699c0ff7" "proxy-server 20" 0.0143 "-" 22 0
Feb 23 08:29:43 np0005626460 object-server[122290]: 172.20.0.104 - - [23/Feb/2026:08:29:43 +0000] "PUT /d1/916/AUTH_d351b5d019cd497ab1d84160f10b653c/gnocchi.d2661c51-987b-4292-b272-bb9565a975d0/1771200000.0_rate%3Amean_300.0_v3" 201 - "PUT http://172.18.0.134:8080/v1/AUTH_d351b5d019cd497ab1d84160f10b653c/gnocchi.d2661c51-987b-4292-b272-bb9565a975d0/1771200000.0_rate%3Amean_300.0_v3" "tx007d8424bee34f6594c98-00699c0ff7" "proxy-server 20" 0.0220 "-" 22 0
Feb 23 08:29:43 np0005626460 container-server[121892]: 172.20.0.105 - - [23/Feb/2026:08:29:43 +0000] "PUT /d1/86/AUTH_d351b5d019cd497ab1d84160f10b653c/gnocchi.d2661c51-987b-4292-b272-bb9565a975d0/1771200000.0_rate%3Amean_300.0_v3" 201 - "PUT http://172.18.0.134:8080/d1/916/AUTH_d351b5d019cd497ab1d84160f10b653c/gnocchi.d2661c51-987b-4292-b272-bb9565a975d0/1771200000.0_rate%3Amean_300.0_v3" "tx007d8424bee34f6594c98-00699c0ff7" "object-server 24" 0.0009 "-" 17 0
Feb 23 08:29:43 np0005626460 proxy-server[123514]: 172.18.0.105 172.18.0.104 23/Feb/2026/08/29/43 PUT /v1/AUTH_d351b5d019cd497ab1d84160f10b653c/gnocchi.d2661c51-987b-4292-b272-bb9565a975d0/1771200000.0_rate%253Amean_300.0_v3 HTTP/1.0 201 - python-swiftclient-3.11.1 gAAAAABpnA4o6Gk-... 16 - - tx007d8424bee34f6594c98-00699c0ff7 - 0.0368 - - 1771835383.123222589 1771835383.160006285 0
Feb 23 08:29:43 np0005626460 container-server[121883]: 172.20.0.105 - - [23/Feb/2026:08:29:43 +0000] "PUT /d1/86/AUTH_d351b5d019cd497ab1d84160f10b653c/gnocchi.d2661c51-987b-4292-b272-bb9565a975d0/none_v3" 201 - "PUT http://172.18.0.134:8080/d1/476/AUTH_d351b5d019cd497ab1d84160f10b653c/gnocchi.d2661c51-987b-4292-b272-bb9565a975d0/none_v3" "txb9b4cf1889d344eaa552b-00699c0ff7" "object-server 24" 0.0009 "-" 14 0
Feb 23 08:29:43 np0005626460 object-server[122290]: 172.20.0.103 - - [23/Feb/2026:08:29:43 +0000] "PUT /d1/476/AUTH_d351b5d019cd497ab1d84160f10b653c/gnocchi.d2661c51-987b-4292-b272-bb9565a975d0/none_v3" 201 - "PUT http://172.18.0.134:8080/v1/AUTH_d351b5d019cd497ab1d84160f10b653c/gnocchi.d2661c51-987b-4292-b272-bb9565a975d0/none_v3" "txb9b4cf1889d344eaa552b-00699c0ff7" "proxy-server 20" 0.0130 "-" 22 0
Feb 23 08:29:43 np0005626460 container-server[121891]: 172.20.0.104 - - [23/Feb/2026:08:29:43 +0000] "HEAD /d1/200/AUTH_d351b5d019cd497ab1d84160f10b653c/gnocchi.775bdd17-dd47-4d35-b74f-be986e860bd1" 204 - "HEAD http://172.18.0.134:8080/v1/AUTH_d351b5d019cd497ab1d84160f10b653c/gnocchi.775bdd17-dd47-4d35-b74f-be986e860bd1?format=json&states=listing" "txbc084faa776e47ca8947f-00699c0ff7" "proxy-server 20" 0.0025 "-" 16 0
Feb 23 08:29:43 np0005626460 object-server[122294]: 172.20.0.104 - - [23/Feb/2026:08:29:43 +0000] "GET /d1/556/AUTH_d351b5d019cd497ab1d84160f10b653c/gnocchi.775bdd17-dd47-4d35-b74f-be986e860bd1/none_v3" 200 22 "GET http://172.18.0.134:8080/v1/AUTH_d351b5d019cd497ab1d84160f10b653c/gnocchi.775bdd17-dd47-4d35-b74f-be986e860bd1/none_v3" "txbc084faa776e47ca8947f-00699c0ff7" "proxy-server 20" 0.0008 "-" 24 0
Feb 23 08:29:43 np0005626460 proxy-server[123514]: 172.18.0.103 172.18.0.104 23/Feb/2026/08/29/43 GET /v1/AUTH_d351b5d019cd497ab1d84160f10b653c/gnocchi.775bdd17-dd47-4d35-b74f-be986e860bd1/none_v3 HTTP/1.0 200 - python-swiftclient-3.11.1 gAAAAABpnA5xV5GH... - 22 - txbc084faa776e47ca8947f-00699c0ff7 - 0.0178 - - 1771835383.195447445 1771835383.213280678 0
Feb 23 08:29:44 np0005626460 object-server[121997]: Starting object replication pass.
Feb 23 08:29:45 np0005626460 container-server[121891]: 172.20.0.104 - - [23/Feb/2026:08:29:45 +0000] "HEAD /d1/557/AUTH_d351b5d019cd497ab1d84160f10b653c/gnocchi.1d0d75ac-6399-40be-82c8-e645a7bf9a38" 204 - "HEAD http://172.18.0.134:8080/v1/AUTH_d351b5d019cd497ab1d84160f10b653c/gnocchi.1d0d75ac-6399-40be-82c8-e645a7bf9a38?format=json&states=listing" "tx68c0aff9ec664f4394620-00699c0ff9" "proxy-server 20" 0.0024 "-" 16 0
Feb 23 08:29:45 np0005626460 proxy-server[123514]: 172.18.0.105 172.18.0.104 23/Feb/2026/08/29/45 GET /v1/AUTH_d351b5d019cd497ab1d84160f10b653c/gnocchi.1d0d75ac-6399-40be-82c8-e645a7bf9a38/none_v3 HTTP/1.0 200 - python-swiftclient-3.11.1 gAAAAABpnA4o6Gk-... - 22 - tx68c0aff9ec664f4394620-00699c0ff9 - 0.0262 - - 1771835385.954669237 1771835385.980857849 0
Feb 23 08:29:46 np0005626460 proxy-server[123514]: 172.18.0.105 172.18.0.104 23/Feb/2026/08/29/46 GET /v1/AUTH_d351b5d019cd497ab1d84160f10b653c/gnocchi.1d0d75ac-6399-40be-82c8-e645a7bf9a38%3Fformat%3Djson%26states%3Dlisting HTTP/1.0 200 - python-swiftclient-3.11.1 gAAAAABpnA4o6Gk-... - 357 - txfd601dc235e04e00977a5-00699c0ff9 - 0.0171 - - 1771835385.992136240 1771835386.009272814 0
Feb 23 08:29:46 np0005626460 container-server[121883]: 172.20.0.104 - - [23/Feb/2026:08:29:46 +0000] "GET /d1/557/AUTH_d351b5d019cd497ab1d84160f10b653c/gnocchi.1d0d75ac-6399-40be-82c8-e645a7bf9a38" 200 2 "GET http://172.18.0.134:8080/v1/AUTH_d351b5d019cd497ab1d84160f10b653c/gnocchi.1d0d75ac-6399-40be-82c8-e645a7bf9a38?format=json&marker=none_v3&states=listing" "tx4853b3b74ef84fc5b6c25-00699c0ffa" "proxy-server 20" 0.0057 "-" 14 0
Feb 23 08:29:46 np0005626460 proxy-server[123514]: 172.18.0.105 172.18.0.104 23/Feb/2026/08/29/46 GET /v1/AUTH_d351b5d019cd497ab1d84160f10b653c/gnocchi.1d0d75ac-6399-40be-82c8-e645a7bf9a38%3Fformat%3Djson%26marker%3Dnone_v3%26states%3Dlisting HTTP/1.0 200 - python-swiftclient-3.11.1 gAAAAABpnA4o6Gk-... - 2 - tx4853b3b74ef84fc5b6c25-00699c0ffa - 0.0212 - - 1771835386.013789892 1771835386.034954548 0
Feb 23 08:29:46 np0005626460 container-server[121889]: 172.20.0.104 - - [23/Feb/2026:08:29:46 +0000] "GET /d1/752/AUTH_d351b5d019cd497ab1d84160f10b653c/gnocchi.2006331c-4bf4-4bc2-bafa-b6d01219e73a" 200 357 "GET http://172.18.0.134:8080/v1/AUTH_d351b5d019cd497ab1d84160f10b653c/gnocchi.2006331c-4bf4-4bc2-bafa-b6d01219e73a?format=json&states=listing" "tx76bc8623dd6c40f598af0-00699c0ffa" "proxy-server 20" 0.0039 "-" 15 0
Feb 23 08:29:46 np0005626460 proxy-server[123514]: 172.18.0.134 172.18.0.104 23/Feb/2026/08/29/46 GET /v1/AUTH_d351b5d019cd497ab1d84160f10b653c/gnocchi.2006331c-4bf4-4bc2-bafa-b6d01219e73a%3Fformat%3Djson%26states%3Dlisting HTTP/1.0 200 - python-swiftclient-3.11.1 gAAAAABpnA5xJZZ6... - 357 - tx76bc8623dd6c40f598af0-00699c0ffa - 0.0157 - - 1771835386.041754961 1771835386.057417393 0
Feb 23 08:29:46 np0005626460 proxy-server[123514]: 172.18.0.134 172.18.0.104 23/Feb/2026/08/29/46 GET /v1/AUTH_d351b5d019cd497ab1d84160f10b653c/gnocchi.2006331c-4bf4-4bc2-bafa-b6d01219e73a%3Fformat%3Djson%26marker%3Dnone_v3%26states%3Dlisting HTTP/1.0 200 - python-swiftclient-3.11.1 gAAAAABpnA5xJZZ6... - 2 - txd3474cadd51246bcb24ee-00699c0ffa - 0.0133 - - 1771835386.061750412 1771835386.075028181 0
Feb 23 08:29:46 np0005626460 object-server[122290]: 172.20.0.105 - - [23/Feb/2026:08:29:46 +0000] "GET /d1/19/AUTH_d351b5d019cd497ab1d84160f10b653c/gnocchi.1d0d75ac-6399-40be-82c8-e645a7bf9a38/1771200000.0_rate%3Amean_300.0_v3" 404 70 "GET http://172.18.0.134:8080/v1/AUTH_d351b5d019cd497ab1d84160f10b653c/gnocchi.1d0d75ac-6399-40be-82c8-e645a7bf9a38/1771200000.0_rate%3Amean_300.0_v3" "tx24eeb2d592b843a789aa5-00699c0ffa" "proxy-server 20" 0.0007 "-" 22 0
Feb 23 08:29:46 np0005626460 object-server[122290]: 172.20.0.104 - - [23/Feb/2026:08:29:46 +0000] "GET /d1/377/AUTH_d351b5d019cd497ab1d84160f10b653c/gnocchi.2006331c-4bf4-4bc2-bafa-b6d01219e73a/1771200000.0_rate%3Amean_300.0_v3" 404 70 "GET http://172.18.0.134:8080/v1/AUTH_d351b5d019cd497ab1d84160f10b653c/gnocchi.2006331c-4bf4-4bc2-bafa-b6d01219e73a/1771200000.0_rate%3Amean_300.0_v3" "tx0e01b3bd5900442b871e2-00699c0ffa" "proxy-server 20" 0.0006 "-" 22 0
Feb 23 08:29:46 np0005626460 proxy-server[123514]: 172.18.0.134 172.18.0.104 23/Feb/2026/08/29/46 GET /v1/AUTH_d351b5d019cd497ab1d84160f10b653c/gnocchi.2006331c-4bf4-4bc2-bafa-b6d01219e73a/1771200000.0_rate%253Amean_300.0_v3 HTTP/1.0 404 - python-swiftclient-3.11.1 gAAAAABpnA5xJZZ6... - 70 - tx0e01b3bd5900442b871e2-00699c0ffa - 0.0206 - - 1771835386.080180883 1771835386.100828171 0
Feb 23 08:29:46 np0005626460 container-server[121892]: 172.20.0.103 - - [23/Feb/2026:08:29:46 +0000] "PUT /d1/557/AUTH_d351b5d019cd497ab1d84160f10b653c/gnocchi.1d0d75ac-6399-40be-82c8-e645a7bf9a38/1771200000.0_mean_300.0_v3" 201 - "PUT http://172.18.0.134:8080/d1/817/AUTH_d351b5d019cd497ab1d84160f10b653c/gnocchi.1d0d75ac-6399-40be-82c8-e645a7bf9a38/1771200000.0_mean_300.0_v3" "tx5e87e8dde89a4f7ca1ea7-00699c0ffa" "object-server 22" 0.0006 "-" 17 0
Feb 23 08:29:46 np0005626460 proxy-server[123514]: 172.18.0.134 172.18.0.104 23/Feb/2026/08/29/46 GET /v1/AUTH_d351b5d019cd497ab1d84160f10b653c/gnocchi.2006331c-4bf4-4bc2-bafa-b6d01219e73a/1771200000.0_mean_300.0_v3 HTTP/1.0 200 - python-swiftclient-3.11.1 gAAAAABpnA5xJZZ6... - 16 - txb4fc89d6fd5b47a0a2fca-00699c0ffa - 0.0095 - - 1771835386.105137110 1771835386.114623785 0
Feb 23 08:29:46 np0005626460 object-server[122305]: 172.20.0.105 - - [23/Feb/2026:08:29:46 +0000] "PUT /d1/817/AUTH_d351b5d019cd497ab1d84160f10b653c/gnocchi.1d0d75ac-6399-40be-82c8-e645a7bf9a38/1771200000.0_mean_300.0_v3" 201 - "PUT http://172.18.0.134:8080/v1/AUTH_d351b5d019cd497ab1d84160f10b653c/gnocchi.1d0d75ac-6399-40be-82c8-e645a7bf9a38/1771200000.0_mean_300.0_v3" "tx5e87e8dde89a4f7ca1ea7-00699c0ffa" "proxy-server 20" 0.0187 "-" 25 0
Feb 23 08:29:46 np0005626460 container-server[121892]: 172.20.0.105 - - [23/Feb/2026:08:29:46 +0000] "PUT /d1/752/AUTH_d351b5d019cd497ab1d84160f10b653c/gnocchi.2006331c-4bf4-4bc2-bafa-b6d01219e73a/1771200000.0_rate%3Amean_300.0_v3" 201 - "PUT http://172.18.0.134:8080/d1/377/AUTH_d351b5d019cd497ab1d84160f10b653c/gnocchi.2006331c-4bf4-4bc2-bafa-b6d01219e73a/1771200000.0_rate%3Amean_300.0_v3" "txbec88e73f38446d98cc0b-00699c0ffa" "object-server 24" 0.0005 "-" 17 0
Feb 23 08:29:46 np0005626460 container-server[121891]: 172.20.0.104 - - [23/Feb/2026:08:29:46 +0000] "PUT /d1/557/AUTH_d351b5d019cd497ab1d84160f10b653c/gnocchi.1d0d75ac-6399-40be-82c8-e645a7bf9a38/1771200000.0_rate%3Amean_300.0_v3" 201 - "PUT http://172.18.0.134:8080/d1/19/AUTH_d351b5d019cd497ab1d84160f10b653c/gnocchi.1d0d75ac-6399-40be-82c8-e645a7bf9a38/1771200000.0_rate%3Amean_300.0_v3" "tx1f32e7eeea5f4b1490087-00699c0ffa" "object-server 25" 0.0009 "-" 16 0
