Feb 23 08:23:14 np0005626460 object-server[122305]: 172.20.0.103 - - [23/Feb/2026:08:23:14 +0000] "GET /d1/689/AUTH_d351b5d019cd497ab1d84160f10b653c/gnocchi.02ad80ff-06f3-4c63-9576-128a218cdeb0/1771200000.0_mean_300.0_v3" 404 70 "GET http://172.18.0.134:8080/v1/AUTH_d351b5d019cd497ab1d84160f10b653c/gnocchi.02ad80ff-06f3-4c63-9576-128a218cdeb0/1771200000.0_mean_300.0_v3" "txe62198328b7d49afa3450-00699c0e72" "proxy-server 20" 0.0007 "-" 25 0
Feb 23 08:23:14 np0005626460 container-server[121883]: 172.20.0.104 - - [23/Feb/2026:08:23:14 +0000] "PUT /d1/791/AUTH_d351b5d019cd497ab1d84160f10b653c/gnocchi.02ad80ff-06f3-4c63-9576-128a218cdeb0/1771200000.0_mean_300.0_v3" 201 - "PUT http://172.18.0.134:8080/d1/689/AUTH_d351b5d019cd497ab1d84160f10b653c/gnocchi.02ad80ff-06f3-4c63-9576-128a218cdeb0/1771200000.0_mean_300.0_v3" "txfe91841110d54a318aa46-00699c0e72" "object-server 23" 0.0010 "-" 14 0
Feb 23 08:23:14 np0005626460 object-server[122291]: 172.20.0.104 - - [23/Feb/2026:08:23:14 +0000] "PUT /d1/689/AUTH_d351b5d019cd497ab1d84160f10b653c/gnocchi.02ad80ff-06f3-4c63-9576-128a218cdeb0/1771200000.0_mean_300.0_v3" 201 - "PUT http://172.18.0.134:8080/v1/AUTH_d351b5d019cd497ab1d84160f10b653c/gnocchi.02ad80ff-06f3-4c63-9576-128a218cdeb0/1771200000.0_mean_300.0_v3" "txfe91841110d54a318aa46-00699c0e72" "proxy-server 20" 0.0145 "-" 23 0
Feb 23 08:23:14 np0005626460 proxy-server[123514]: 172.18.0.134 172.18.0.104 23/Feb/2026/08/23/14 PUT /v1/AUTH_d351b5d019cd497ab1d84160f10b653c/gnocchi.02ad80ff-06f3-4c63-9576-128a218cdeb0/1771200000.0_mean_300.0_v3 HTTP/1.0 201 - python-swiftclient-3.11.1 gAAAAABpnA5xJZZ6... 16 - - txfe91841110d54a318aa46-00699c0e72 - 0.0268 - - 1771834994.379160404 1771834994.405910492 0
Feb 23 08:23:14 np0005626460 container-server[121891]: 172.20.0.105 - - [23/Feb/2026:08:23:14 +0000] "HEAD /d1/37/AUTH_d351b5d019cd497ab1d84160f10b653c/gnocchi.8a80798a-9adf-47a5-9b75-792205eb526c" 404 - "HEAD http://172.18.0.134:8080/v1/AUTH_d351b5d019cd497ab1d84160f10b653c/gnocchi.8a80798a-9adf-47a5-9b75-792205eb526c?format=json&states=listing" "tx0a71376ef24441a98e5f8-00699c0e71" "proxy-server 20" 0.0007 "-" 16 0
Feb 23 08:23:14 np0005626460 container-server[121891]: 172.20.0.103 - - [23/Feb/2026:08:23:14 +0000] "PUT /d1/791/AUTH_d351b5d019cd497ab1d84160f10b653c/gnocchi.02ad80ff-06f3-4c63-9576-128a218cdeb0/none_v3" 201 - "PUT http://172.18.0.134:8080/d1/46/AUTH_d351b5d019cd497ab1d84160f10b653c/gnocchi.02ad80ff-06f3-4c63-9576-128a218cdeb0/none_v3" "tx858275f3c9494442920a6-00699c0e72" "object-server 25" 0.0005 "-" 16 0
Feb 23 08:23:14 np0005626460 object-server[122294]: 172.20.0.103 - - [23/Feb/2026:08:23:14 +0000] "PUT /d1/46/AUTH_d351b5d019cd497ab1d84160f10b653c/gnocchi.02ad80ff-06f3-4c63-9576-128a218cdeb0/none_v3" 201 - "PUT http://172.18.0.134:8080/v1/AUTH_d351b5d019cd497ab1d84160f10b653c/gnocchi.02ad80ff-06f3-4c63-9576-128a218cdeb0/none_v3" "tx858275f3c9494442920a6-00699c0e72" "proxy-server 20" 0.0143 "-" 24 0
Feb 23 08:23:14 np0005626460 object-server[122290]: 172.20.0.105 - - [23/Feb/2026:08:23:14 +0000] "GET /d1/866/AUTH_d351b5d019cd497ab1d84160f10b653c/gnocchi.8a80798a-9adf-47a5-9b75-792205eb526c/none_v3" 404 70 "GET http://172.18.0.134:8080/v1/AUTH_d351b5d019cd497ab1d84160f10b653c/gnocchi.8a80798a-9adf-47a5-9b75-792205eb526c/none_v3" "tx0a71376ef24441a98e5f8-00699c0e71" "proxy-server 20" 0.0005 "-" 22 0
Feb 23 08:23:14 np0005626460 account-server[121601]: 172.20.0.104 - - [23/Feb/2026:08:23:14 +0000] "PUT /d1/979/AUTH_d351b5d019cd497ab1d84160f10b653c/gnocchi.8a80798a-9adf-47a5-9b75-792205eb526c" 201 - "PUT http://172.20.0.104:6001/d1/37/AUTH_d351b5d019cd497ab1d84160f10b653c/gnocchi.8a80798a-9adf-47a5-9b75-792205eb526c" "txc91143baa3884d57bc5bd-00699c0e72" "container-server 17" 0.0063 "-" 19 0
Feb 23 08:23:14 np0005626460 container-server[121892]: 172.20.0.104 - - [23/Feb/2026:08:23:14 +0000] "PUT /d1/37/AUTH_d351b5d019cd497ab1d84160f10b653c/gnocchi.8a80798a-9adf-47a5-9b75-792205eb526c" 201 - "PUT http://172.18.0.134:8080/v1/AUTH_d351b5d019cd497ab1d84160f10b653c/gnocchi.8a80798a-9adf-47a5-9b75-792205eb526c" "txc91143baa3884d57bc5bd-00699c0e72" "proxy-server 20" 0.0171 "-" 17 0
Feb 23 08:23:14 np0005626460 proxy-server[123514]: 172.18.0.103 172.18.0.104 23/Feb/2026/08/23/14 PUT /v1/AUTH_d351b5d019cd497ab1d84160f10b653c/gnocchi.8a80798a-9adf-47a5-9b75-792205eb526c HTTP/1.0 201 - python-swiftclient-3.11.1 gAAAAABpnA5xV5GH... - - - txc91143baa3884d57bc5bd-00699c0e72 - 0.0390 - - 1771834994.461970806 1771834994.500921488 0
Feb 23 08:23:14 np0005626460 object-server[122291]: 172.20.0.105 - - [23/Feb/2026:08:23:14 +0000] "GET /d1/129/AUTH_d351b5d019cd497ab1d84160f10b653c/gnocchi.8a80798a-9adf-47a5-9b75-792205eb526c/1771200000.0_mean_300.0_v3" 404 70 "GET http://172.18.0.134:8080/v1/AUTH_d351b5d019cd497ab1d84160f10b653c/gnocchi.8a80798a-9adf-47a5-9b75-792205eb526c/1771200000.0_mean_300.0_v3" "tx8668d72dfd7846f09f7f2-00699c0e72" "proxy-server 20" 0.0005 "-" 23 0
Feb 23 08:23:14 np0005626460 container-server[121883]: 172.20.0.104 - - [23/Feb/2026:08:23:14 +0000] "PUT /d1/37/AUTH_d351b5d019cd497ab1d84160f10b653c/gnocchi.8a80798a-9adf-47a5-9b75-792205eb526c/1771200000.0_mean_300.0_v3" 201 - "PUT http://172.18.0.134:8080/d1/129/AUTH_d351b5d019cd497ab1d84160f10b653c/gnocchi.8a80798a-9adf-47a5-9b75-792205eb526c/1771200000.0_mean_300.0_v3" "tx68fa6c67cb2c46f49c469-00699c0e72" "object-server 23" 0.0013 "-" 14 0
Feb 23 08:23:14 np0005626460 object-server[122291]: 172.20.0.104 - - [23/Feb/2026:08:23:14 +0000] "PUT /d1/129/AUTH_d351b5d019cd497ab1d84160f10b653c/gnocchi.8a80798a-9adf-47a5-9b75-792205eb526c/1771200000.0_mean_300.0_v3" 201 - "PUT http://172.18.0.134:8080/v1/AUTH_d351b5d019cd497ab1d84160f10b653c/gnocchi.8a80798a-9adf-47a5-9b75-792205eb526c/1771200000.0_mean_300.0_v3" "tx68fa6c67cb2c46f49c469-00699c0e72" "proxy-server 20" 0.0153 "-" 23 0
Feb 23 08:23:14 np0005626460 proxy-server[123514]: 172.18.0.103 172.18.0.104 23/Feb/2026/08/23/14 PUT /v1/AUTH_d351b5d019cd497ab1d84160f10b653c/gnocchi.8a80798a-9adf-47a5-9b75-792205eb526c/1771200000.0_mean_300.0_v3 HTTP/1.0 201 - python-swiftclient-3.11.1 gAAAAABpnA5xV5GH... 16 - - tx68fa6c67cb2c46f49c469-00699c0e72 - 0.0322 - - 1771834994.560290098 1771834994.592506647 0
Feb 23 08:23:14 np0005626460 container-server[121892]: 172.20.0.104 - - [23/Feb/2026:08:23:14 +0000] "PUT /d1/37/AUTH_d351b5d019cd497ab1d84160f10b653c/gnocchi.8a80798a-9adf-47a5-9b75-792205eb526c/none_v3" 201 - "PUT http://172.18.0.134:8080/d1/866/AUTH_d351b5d019cd497ab1d84160f10b653c/gnocchi.8a80798a-9adf-47a5-9b75-792205eb526c/none_v3" "txd5621b5f9c804e83bb816-00699c0e72" "object-server 24" 0.0008 "-" 17 0
Feb 23 08:23:14 np0005626460 object-server[122294]: 172.20.0.103 - - [23/Feb/2026:08:23:14 +0000] "PUT /d1/866/AUTH_d351b5d019cd497ab1d84160f10b653c/gnocchi.8a80798a-9adf-47a5-9b75-792205eb526c/none_v3" 201 - "PUT http://172.18.0.134:8080/v1/AUTH_d351b5d019cd497ab1d84160f10b653c/gnocchi.8a80798a-9adf-47a5-9b75-792205eb526c/none_v3" "txd5621b5f9c804e83bb816-00699c0e72" "proxy-server 20" 0.0136 "-" 24 0
Feb 23 08:23:23 np0005626460 container-server[121440]: Beginning replication run
Feb 23 08:23:24 np0005626460 container-server[121440]: Replication run OVER
Feb 23 08:23:24 np0005626460 container-server[121440]: Attempted to replicate 8 dbs in 0.83443 seconds (9.58741/s)
Feb 23 08:23:24 np0005626460 container-server[121440]: Removed 0 dbs
Feb 23 08:23:24 np0005626460 container-server[121440]: 16 successes, 0 failures
Feb 23 08:23:24 np0005626460 container-server[121440]: diff:0 diff_capped:0 empty:0 hashmatch:0 no_change:16 remote_merge:0 rsync:0 ts_repl:0
Feb 23 08:23:27 np0005626460 account-server[121601]: 172.20.0.103 - - [23/Feb/2026:08:23:27 +0000] "PUT /d1/979/AUTH_d351b5d019cd497ab1d84160f10b653c/gnocchi.222d0e86-652d-4feb-b78c-d17d1d5c9c62" 201 - "-" "-" "container-updater 2" 0.0012 "-" 19 0
Feb 23 08:23:27 np0005626460 account-server[121649]: 172.20.0.103 - - [23/Feb/2026:08:23:27 +0000] "PUT /d1/979/AUTH_d351b5d019cd497ab1d84160f10b653c/gnocchi.02ad80ff-06f3-4c63-9576-128a218cdeb0" 201 - "-" "-" "container-updater 2" 0.0009 "-" 22 0
Feb 23 08:23:27 np0005626460 account-server[121609]: 172.20.0.103 - - [23/Feb/2026:08:23:27 +0000] "PUT /d1/979/AUTH_d351b5d019cd497ab1d84160f10b653c/gnocchi.dfea0713-920c-4e14-bed3-3f08daee5fc5" 201 - "-" "-" "container-updater 2" 0.0009 "-" 20 0
Feb 23 08:23:27 np0005626460 account-server[121634]: 172.20.0.103 - - [23/Feb/2026:08:23:27 +0000] "PUT /d1/979/AUTH_d351b5d019cd497ab1d84160f10b653c/gnocchi.69d2d350-9221-4230-9161-e63c7a424f29" 201 - "-" "-" "container-updater 2" 0.0007 "-" 21 0
Feb 23 08:23:27 np0005626460 account-server[121609]: 172.20.0.103 - - [23/Feb/2026:08:23:27 +0000] "PUT /d1/979/AUTH_d351b5d019cd497ab1d84160f10b653c/gnocchi.08d5a395-fac8-4028-b76f-2d40a0ad1549" 201 - "-" "-" "container-updater 2" 0.0005 "-" 20 0
Feb 23 08:23:27 np0005626460 account-server[121601]: 172.20.0.103 - - [23/Feb/2026:08:23:27 +0000] "PUT /d1/979/AUTH_d351b5d019cd497ab1d84160f10b653c/gnocchi.5eed7344-1baa-4108-b5cd-7766867b85df" 201 - "-" "-" "container-updater 2" 0.0006 "-" 19 0
Feb 23 08:23:27 np0005626460 account-server[121601]: 172.20.0.103 - - [23/Feb/2026:08:23:27 +0000] "PUT /d1/979/AUTH_d351b5d019cd497ab1d84160f10b653c/gnocchi.c089f97e-e091-405f-8302-e66fcd0b069d" 201 - "-" "-" "container-updater 2" 0.0010 "-" 19 0
Feb 23 08:23:27 np0005626460 account-server[121649]: 172.20.0.103 - - [23/Feb/2026:08:23:27 +0000] "PUT /d1/979/AUTH_d351b5d019cd497ab1d84160f10b653c/gnocchi.8a80798a-9adf-47a5-9b75-792205eb526c" 201 - "-" "-" "container-updater 2" 0.0005 "-" 22 0
Feb 23 08:23:28 np0005626460 account-server[121634]: 172.20.0.103 - - [23/Feb/2026:08:23:28 +0000] "HEAD /d1/185/.expiring_objects" 404 - "HEAD http://localhost/v1/.expiring_objects?format=json" "tx103665a48ee54a73bee37-00699c0e7f" "proxy-server 2" 0.0015 "-" 21 -
Feb 23 08:23:36 np0005626460 object-server[121997]: Starting object replication pass.
Feb 23 08:23:37 np0005626460 object-server[121997]: 16/16 (100.00%) partitions replicated in 0.16s (101.40/sec, 0s remaining)
Feb 23 08:23:37 np0005626460 object-server[121997]: 32 successes, 0 failures
Feb 23 08:23:37 np0005626460 object-server[121997]: 16 suffixes checked - 0.00% hashed, 0.00% synced
Feb 23 08:23:37 np0005626460 object-server[121997]: Partition times: max 0.0114s, min 0.0078s, med 0.0093s
Feb 23 08:23:37 np0005626460 object-server[121997]: Object replication complete. (0.00 minutes)
Feb 23 08:23:38 np0005626460 object-server[211675]: Begin object audit "forever" mode (ZBF)
Feb 23 08:23:38 np0005626460 object-server[211675]: Object audit (ZBF). Since Mon Feb 23 08:23:38 2026: Locally: 1 passed, 0 quarantined, 0 errors, files/sec: 537.52, bytes/sec: 0.00, Total time: 0.00, Auditing time: 0.00, Rate: 0.00
Feb 23 08:23:38 np0005626460 object-server[211675]: Object audit (ZBF) "forever" mode completed: 0.28s. Total quarantined: 0, Total errors: 0, Total files/sec: 56.41, Total bytes/sec: 0.00, Auditing time: 0.28, Rate: 0.98
Feb 23 08:23:39 np0005626460 account-server[121182]: Beginning replication run
Feb 23 08:23:39 np0005626460 account-server[121182]: Replication run OVER
Feb 23 08:23:39 np0005626460 account-server[121182]: Attempted to replicate 1 dbs in 0.02772 seconds (36.06935/s)
Feb 23 08:23:39 np0005626460 account-server[121182]: Removed 0 dbs
Feb 23 08:23:39 np0005626460 account-server[121182]: 2 successes, 0 failures
Feb 23 08:23:39 np0005626460 account-server[121182]: diff:0 diff_capped:0 empty:0 hashmatch:0 no_change:2 remote_merge:0 rsync:0 ts_repl:0
Feb 23 08:23:53 np0005626460 container-server[121440]: Beginning replication run
Feb 23 08:23:53 np0005626460 container-server[121440]: Replication run OVER
Feb 23 08:23:53 np0005626460 container-server[121440]: Attempted to replicate 8 dbs in 0.15726 seconds (50.86984/s)
Feb 23 08:23:53 np0005626460 container-server[121440]: Removed 0 dbs
Feb 23 08:23:53 np0005626460 container-server[121440]: 16 successes, 0 failures
Feb 23 08:23:53 np0005626460 container-server[121440]: diff:0 diff_capped:0 empty:0 hashmatch:0 no_change:16 remote_merge:0 rsync:0 ts_repl:0
Feb 23 08:24:07 np0005626460 object-server[121997]: Starting object replication pass.
Feb 23 08:24:07 np0005626460 object-server[121997]: 16/16 (100.00%) partitions replicated in 0.16s (102.50/sec, 0s remaining)
Feb 23 08:24:07 np0005626460 object-server[121997]: 32 successes, 0 failures
Feb 23 08:24:07 np0005626460 object-server[121997]: 16 suffixes checked - 0.00% hashed, 0.00% synced
Feb 23 08:24:07 np0005626460 object-server[121997]: Partition times: max 0.0151s, min 0.0076s, med 0.0089s
Feb 23 08:24:07 np0005626460 object-server[121997]: Object replication complete. (0.00 minutes)
Feb 23 08:24:08 np0005626460 object-server[217427]: Begin object audit "forever" mode (ALL)
Feb 23 08:24:08 np0005626460 object-server[217426]: Begin object audit "forever" mode (ZBF)
Feb 23 08:24:08 np0005626460 object-server[217426]: Object audit (ZBF). Since Mon Feb 23 08:24:08 2026: Locally: 1 passed, 0 quarantined, 0 errors, files/sec: 571.98, bytes/sec: 0.00, Total time: 0.00, Auditing time: 0.00, Rate: 0.00
Feb 23 08:24:08 np0005626460 object-server[217427]: Object audit (ALL). Since Mon Feb 23 08:24:08 2026: Locally: 1 passed, 0 quarantined, 0 errors, files/sec: 138.57, bytes/sec: 2217.16, Total time: 0.01, Auditing time: 0.00, Rate: 0.00
Feb 23 08:24:09 np0005626460 object-server[217426]: Object audit (ZBF) "forever" mode completed: 0.28s. Total quarantined: 0, Total errors: 0, Total files/sec: 56.46, Total bytes/sec: 0.00, Auditing time: 0.28, Rate: 0.98
Feb 23 08:24:09 np0005626460 account-server[121182]: Beginning replication run
Feb 23 08:24:09 np0005626460 account-server[121182]: Replication run OVER
Feb 23 08:24:09 np0005626460 account-server[121182]: Attempted to replicate 1 dbs in 0.01399 seconds (71.46488/s)
Feb 23 08:24:09 np0005626460 account-server[121182]: Removed 0 dbs
Feb 23 08:24:09 np0005626460 account-server[121182]: 2 successes, 0 failures
Feb 23 08:24:09 np0005626460 account-server[121182]: diff:0 diff_capped:0 empty:0 hashmatch:0 no_change:2 remote_merge:0 rsync:0 ts_repl:0
Feb 23 08:24:09 np0005626460 object-server[217427]: Object audit (ALL) "forever" mode completed: 0.71s. Total quarantined: 0, Total errors: 0, Total files/sec: 22.56, Total bytes/sec: 442.79, Auditing time: 0.70, Rate: 0.99
Feb 23 08:24:23 np0005626460 container-server[121440]: Beginning replication run
Feb 23 08:24:24 np0005626460 container-server[121440]: Replication run OVER
Feb 23 08:24:24 np0005626460 container-server[121440]: Attempted to replicate 8 dbs in 0.82460 seconds (9.70169/s)
Feb 23 08:24:24 np0005626460 container-server[121440]: Removed 0 dbs
Feb 23 08:24:24 np0005626460 container-server[121440]: 16 successes, 0 failures
Feb 23 08:24:24 np0005626460 container-server[121440]: diff:0 diff_capped:0 empty:0 hashmatch:0 no_change:16 remote_merge:0 rsync:0 ts_repl:0
Feb 23 08:24:37 np0005626460 object-server[121997]: Starting object replication pass.
Feb 23 08:24:37 np0005626460 object-server[121997]: 16/16 (100.00%) partitions replicated in 0.17s (96.54/sec, 0s remaining)
Feb 23 08:24:37 np0005626460 object-server[121997]: 32 successes, 0 failures
Feb 23 08:24:37 np0005626460 object-server[121997]: 16 suffixes checked - 0.00% hashed, 0.00% synced
Feb 23 08:24:37 np0005626460 object-server[121997]: Partition times: max 0.0181s, min 0.0076s, med 0.0092s
Feb 23 08:24:37 np0005626460 object-server[121997]: Object replication complete. (0.00 minutes)
Feb 23 08:24:39 np0005626460 object-server[217429]: Begin object audit "forever" mode (ZBF)
Feb 23 08:24:39 np0005626460 object-server[217429]: Object audit (ZBF). Since Mon Feb 23 08:24:39 2026: Locally: 1 passed, 0 quarantined, 0 errors, files/sec: 753.15, bytes/sec: 0.00, Total time: 0.00, Auditing time: 0.00, Rate: 0.00
Feb 23 08:24:39 np0005626460 account-server[121182]: Beginning replication run
Feb 23 08:24:39 np0005626460 account-server[121182]: Replication run OVER
Feb 23 08:24:39 np0005626460 account-server[121182]: Attempted to replicate 1 dbs in 0.02132 seconds (46.89810/s)
Feb 23 08:24:39 np0005626460 account-server[121182]: Removed 0 dbs
Feb 23 08:24:39 np0005626460 account-server[121182]: 2 successes, 0 failures
Feb 23 08:24:39 np0005626460 account-server[121182]: diff:0 diff_capped:0 empty:0 hashmatch:0 no_change:2 remote_merge:0 rsync:0 ts_repl:0
Feb 23 08:24:39 np0005626460 object-server[217429]: Object audit (ZBF) "forever" mode completed: 0.28s. Total quarantined: 0, Total errors: 0, Total files/sec: 56.62, Total bytes/sec: 0.00, Auditing time: 0.28, Rate: 0.98
Feb 23 08:24:42 np0005626460 account-server[121649]: 172.20.0.105 - - [23/Feb/2026:08:24:42 +0000] "HEAD /d1/979/AUTH_d351b5d019cd497ab1d84160f10b653c" 204 - "HEAD http://172.18.0.134:8080/v1/AUTH_d351b5d019cd497ab1d84160f10b653c?format=json" "tx6b6585bf93524c32ab041-00699c0eca" "proxy-server 20" 0.0026 "-" 22 -
Feb 23 08:24:42 np0005626460 container-server[121883]: 172.20.0.105 - - [23/Feb/2026:08:24:42 +0000] "HEAD /d1/906/AUTH_d351b5d019cd497ab1d84160f10b653c/gnocchi.4b66d46e-016e-4cb9-b0b5-14764823da38" 404 - "HEAD http://172.18.0.134:8080/v1/AUTH_d351b5d019cd497ab1d84160f10b653c/gnocchi.4b66d46e-016e-4cb9-b0b5-14764823da38?format=json&states=listing" "tx6b6585bf93524c32ab041-00699c0eca" "proxy-server 20" 0.0008 "-" 14 0
Feb 23 08:24:42 np0005626460 container-server[121889]: 172.20.0.104 - - [23/Feb/2026:08:24:42 +0000] "HEAD /d1/299/AUTH_d351b5d019cd497ab1d84160f10b653c/gnocchi.610b2609-c529-49db-b009-27c0f145563c" 404 - "HEAD http://172.18.0.134:8080/v1/AUTH_d351b5d019cd497ab1d84160f10b653c/gnocchi.610b2609-c529-49db-b009-27c0f145563c?format=json&states=listing" "tx9710b86a5fd4428fa025e-00699c0eca" "proxy-server 20" 0.0007 "-" 15 0
Feb 23 08:24:42 np0005626460 object-server[122291]: 172.20.0.104 - - [23/Feb/2026:08:24:42 +0000] "GET /d1/1019/AUTH_d351b5d019cd497ab1d84160f10b653c/gnocchi.610b2609-c529-49db-b009-27c0f145563c/none_v3" 404 70 "GET http://172.18.0.134:8080/v1/AUTH_d351b5d019cd497ab1d84160f10b653c/gnocchi.610b2609-c529-49db-b009-27c0f145563c/none_v3" "tx9710b86a5fd4428fa025e-00699c0eca" "proxy-server 20" 0.0006 "-" 23 0
Feb 23 08:24:42 np0005626460 object-server[122305]: 172.20.0.105 - - [23/Feb/2026:08:24:42 +0000] "GET /d1/355/AUTH_d351b5d019cd497ab1d84160f10b653c/gnocchi.4b66d46e-016e-4cb9-b0b5-14764823da38/none_v3" 404 70 "GET http://172.18.0.134:8080/v1/AUTH_d351b5d019cd497ab1d84160f10b653c/gnocchi.4b66d46e-016e-4cb9-b0b5-14764823da38/none_v3" "tx6b6585bf93524c32ab041-00699c0eca" "proxy-server 20" 0.0003 "-" 25 0
Feb 23 08:24:42 np0005626460 proxy-server[123514]: 172.18.0.103 172.18.0.104 23/Feb/2026/08/24/42 GET /v1/AUTH_d351b5d019cd497ab1d84160f10b653c/gnocchi.610b2609-c529-49db-b009-27c0f145563c/none_v3 HTTP/1.0 404 - python-swiftclient-3.11.1 gAAAAABpnA5xV5GH... - 70 - tx9710b86a5fd4428fa025e-00699c0eca - 0.0378 - - 1771835082.781347990 1771835082.819118500 0
Feb 23 08:24:42 np0005626460 container-server[121889]: 172.20.0.104 - - [23/Feb/2026:08:24:42 +0000] "HEAD /d1/200/AUTH_d351b5d019cd497ab1d84160f10b653c/gnocchi.775bdd17-dd47-4d35-b74f-be986e860bd1" 404 - "HEAD http://172.18.0.134:8080/v1/AUTH_d351b5d019cd497ab1d84160f10b653c/gnocchi.775bdd17-dd47-4d35-b74f-be986e860bd1?format=json&states=listing" "txdf331b2868764a5a9e3c3-00699c0eca" "proxy-server 20" 0.0007 "-" 15 0
Feb 23 08:24:42 np0005626460 container-server[121892]: 172.20.0.105 - - [23/Feb/2026:08:24:42 +0000] "PUT /d1/299/AUTH_d351b5d019cd497ab1d84160f10b653c/gnocchi.610b2609-c529-49db-b009-27c0f145563c" 201 - "PUT http://172.18.0.134:8080/v1/AUTH_d351b5d019cd497ab1d84160f10b653c/gnocchi.610b2609-c529-49db-b009-27c0f145563c" "txa9d86762d132419984b71-00699c0eca" "proxy-server 20" 0.0175 "-" 17 0
Feb 23 08:24:42 np0005626460 account-server[121649]: 172.20.0.103 - - [23/Feb/2026:08:24:42 +0000] "PUT /d1/979/AUTH_d351b5d019cd497ab1d84160f10b653c/gnocchi.610b2609-c529-49db-b009-27c0f145563c" 201 - "PUT http://172.20.0.103:6001/d1/299/AUTH_d351b5d019cd497ab1d84160f10b653c/gnocchi.610b2609-c529-49db-b009-27c0f145563c" "txa9d86762d132419984b71-00699c0eca" "container-server 21" 0.0022 "-" 22 0
Feb 23 08:24:42 np0005626460 object-server[122305]: 172.20.0.104 - - [23/Feb/2026:08:24:42 +0000] "GET /d1/556/AUTH_d351b5d019cd497ab1d84160f10b653c/gnocchi.775bdd17-dd47-4d35-b74f-be986e860bd1/none_v3" 404 70 "GET http://172.18.0.134:8080/v1/AUTH_d351b5d019cd497ab1d84160f10b653c/gnocchi.775bdd17-dd47-4d35-b74f-be986e860bd1/none_v3" "txdf331b2868764a5a9e3c3-00699c0eca" "proxy-server 20" 0.0004 "-" 25 0
Feb 23 08:24:42 np0005626460 proxy-server[123514]: 172.18.0.134 172.18.0.104 23/Feb/2026/08/24/42 GET /v1/AUTH_d351b5d019cd497ab1d84160f10b653c/gnocchi.775bdd17-dd47-4d35-b74f-be986e860bd1/none_v3 HTTP/1.0 404 - python-swiftclient-3.11.1 gAAAAABpnA5xJZZ6... - 70 - txdf331b2868764a5a9e3c3-00699c0eca - 0.0271 - - 1771835082.832217932 1771835082.859336138 0
Feb 23 08:24:42 np0005626460 account-server[121634]: 172.20.0.104 - - [23/Feb/2026:08:24:42 +0000] "PUT /d1/979/AUTH_d351b5d019cd497ab1d84160f10b653c/gnocchi.4b66d46e-016e-4cb9-b0b5-14764823da38" 201 - "PUT http://172.20.0.104:6001/d1/906/AUTH_d351b5d019cd497ab1d84160f10b653c/gnocchi.4b66d46e-016e-4cb9-b0b5-14764823da38" "txb8bc45bff9df415380d70-00699c0eca" "container-server 15" 0.0065 "-" 21 0
Feb 23 08:24:42 np0005626460 container-server[121889]: 172.20.0.103 - - [23/Feb/2026:08:24:42 +0000] "PUT /d1/906/AUTH_d351b5d019cd497ab1d84160f10b653c/gnocchi.4b66d46e-016e-4cb9-b0b5-14764823da38" 201 - "PUT http://172.18.0.134:8080/v1/AUTH_d351b5d019cd497ab1d84160f10b653c/gnocchi.4b66d46e-016e-4cb9-b0b5-14764823da38" "txb8bc45bff9df415380d70-00699c0eca" "proxy-server 20" 0.0215 "-" 15 0
Feb 23 08:24:42 np0005626460 container-server[121889]: 172.20.0.105 - - [23/Feb/2026:08:24:42 +0000] "HEAD /d1/299/AUTH_d351b5d019cd497ab1d84160f10b653c/gnocchi.610b2609-c529-49db-b009-27c0f145563c" 204 - "HEAD http://172.18.0.134:8080/v1/AUTH_d351b5d019cd497ab1d84160f10b653c/gnocchi.610b2609-c529-49db-b009-27c0f145563c?format=json&states=listing" "txa7f13fbbcb204ab6a1622-00699c0eca" "proxy-server 20" 0.0022 "-" 15 0
Feb 23 08:24:42 np0005626460 account-server[121609]: 172.20.0.103 - - [23/Feb/2026:08:24:42 +0000] "PUT /d1/979/AUTH_d351b5d019cd497ab1d84160f10b653c/gnocchi.775bdd17-dd47-4d35-b74f-be986e860bd1" 201 - "PUT http://172.20.0.103:6001/d1/200/AUTH_d351b5d019cd497ab1d84160f10b653c/gnocchi.775bdd17-dd47-4d35-b74f-be986e860bd1" "tx28b9ada3189245b69d7b0-00699c0eca" "container-server 22" 0.0053 "-" 20 0
Feb 23 08:24:42 np0005626460 container-server[121889]: 172.20.0.104 - - [23/Feb/2026:08:24:42 +0000] "PUT /d1/200/AUTH_d351b5d019cd497ab1d84160f10b653c/gnocchi.775bdd17-dd47-4d35-b74f-be986e860bd1" 201 - "PUT http://172.18.0.134:8080/v1/AUTH_d351b5d019cd497ab1d84160f10b653c/gnocchi.775bdd17-dd47-4d35-b74f-be986e860bd1" "tx28b9ada3189245b69d7b0-00699c0eca" "proxy-server 20" 0.0229 "-" 15 0
Feb 23 08:24:42 np0005626460 proxy-server[123514]: 172.18.0.134 172.18.0.104 23/Feb/2026/08/24/42 PUT /v1/AUTH_d351b5d019cd497ab1d84160f10b653c/gnocchi.775bdd17-dd47-4d35-b74f-be986e860bd1 HTTP/1.0 201 - python-swiftclient-3.11.1 gAAAAABpnA5xJZZ6... - - - tx28b9ada3189245b69d7b0-00699c0eca - 0.0322 - - 1771835082.864264965 1771835082.896486044 0
Feb 23 08:24:42 np0005626460 container-server[121889]: 172.20.0.104 - - [23/Feb/2026:08:24:42 +0000] "HEAD /d1/200/AUTH_d351b5d019cd497ab1d84160f10b653c/gnocchi.775bdd17-dd47-4d35-b74f-be986e860bd1" 204 - "HEAD http://172.18.0.134:8080/v1/AUTH_d351b5d019cd497ab1d84160f10b653c/gnocchi.775bdd17-dd47-4d35-b74f-be986e860bd1?format=json&states=listing" "tx42e71b399289414e91223-00699c0eca" "proxy-server 20" 0.0020 "-" 15 0
Feb 23 08:24:42 np0005626460 proxy-server[123514]: - - 23/Feb/2026/08/24/42 HEAD /v1/AUTH_d351b5d019cd497ab1d84160f10b653c/gnocchi.775bdd17-dd47-4d35-b74f-be986e860bd1%3Fformat%3Djson%26states%3Dlisting HTTP/1.0 204 - Swift - - - - tx42e71b399289414e91223-00699c0eca - 0.0055 RL - 1771835082.902843237 1771835082.908295155 0
Feb 23 08:24:42 np0005626460 object-server[122291]: 172.20.0.103 - - [23/Feb/2026:08:24:42 +0000] "GET /d1/1018/AUTH_d351b5d019cd497ab1d84160f10b653c/gnocchi.4b66d46e-016e-4cb9-b0b5-14764823da38/1771200000.0_mean_300.0_v3" 404 70 "GET http://172.18.0.134:8080/v1/AUTH_d351b5d019cd497ab1d84160f10b653c/gnocchi.4b66d46e-016e-4cb9-b0b5-14764823da38/1771200000.0_mean_300.0_v3" "tx5a6f20724eb8495ca3d22-00699c0eca" "proxy-server 20" 0.0003 "-" 23 0
Feb 23 08:24:42 np0005626460 object-server[122290]: 172.20.0.105 - - [23/Feb/2026:08:24:42 +0000] "GET /d1/164/AUTH_d351b5d019cd497ab1d84160f10b653c/gnocchi.610b2609-c529-49db-b009-27c0f145563c/1771200000.0_mean_300.0_v3" 404 70 "GET http://172.18.0.134:8080/v1/AUTH_d351b5d019cd497ab1d84160f10b653c/gnocchi.610b2609-c529-49db-b009-27c0f145563c/1771200000.0_mean_300.0_v3" "tx79f84cc39f064a8a8c173-00699c0eca" "proxy-server 20" 0.0005 "-" 22 0
Feb 23 08:24:42 np0005626460 proxy-server[123514]: 172.18.0.134 172.18.0.104 23/Feb/2026/08/24/42 GET /v1/AUTH_d351b5d019cd497ab1d84160f10b653c/gnocchi.775bdd17-dd47-4d35-b74f-be986e860bd1%3Fformat%3Djson%26states%3Dlisting HTTP/1.0 200 - python-swiftclient-3.11.1 gAAAAABpnA5xJZZ6... - 2 - tx42e71b399289414e91223-00699c0eca - 0.0174 - - 1771835082.901565075 1771835082.918931484 0
Feb 23 08:24:42 np0005626460 object-server[122290]: 172.20.0.104 - - [23/Feb/2026:08:24:42 +0000] "GET /d1/613/AUTH_d351b5d019cd497ab1d84160f10b653c/gnocchi.775bdd17-dd47-4d35-b74f-be986e860bd1/1771200000.0_mean_300.0_v3" 404 70 "GET http://172.18.0.134:8080/v1/AUTH_d351b5d019cd497ab1d84160f10b653c/gnocchi.775bdd17-dd47-4d35-b74f-be986e860bd1/1771200000.0_mean_300.0_v3" "tx7d198310cc5747c18109b-00699c0eca" "proxy-server 20" 0.0003 "-" 22 0
Feb 23 08:24:42 np0005626460 proxy-server[123514]: 172.18.0.134 172.18.0.104 23/Feb/2026/08/24/42 GET /v1/AUTH_d351b5d019cd497ab1d84160f10b653c/gnocchi.775bdd17-dd47-4d35-b74f-be986e860bd1/1771200000.0_mean_300.0_v3 HTTP/1.0 404 - python-swiftclient-3.11.1 gAAAAABpnA5xJZZ6... - 70 - tx7d198310cc5747c18109b-00699c0eca - 0.0125 - - 1771835082.923875809 1771835082.936393261 0
Feb 23 08:24:42 np0005626460 object-server[122290]: 172.20.0.103 - - [23/Feb/2026:08:24:42 +0000] "PUT /d1/1018/AUTH_d351b5d019cd497ab1d84160f10b653c/gnocchi.4b66d46e-016e-4cb9-b0b5-14764823da38/1771200000.0_mean_300.0_v3" 201 - "PUT http://172.18.0.134:8080/v1/AUTH_d351b5d019cd497ab1d84160f10b653c/gnocchi.4b66d46e-016e-4cb9-b0b5-14764823da38/1771200000.0_mean_300.0_v3" "txe2cd866e17f6477b9df56-00699c0eca" "proxy-server 20" 0.0102 "-" 22 0
Feb 23 08:24:42 np0005626460 container-server[121889]: 172.20.0.103 - - [23/Feb/2026:08:24:42 +0000] "PUT /d1/906/AUTH_d351b5d019cd497ab1d84160f10b653c/gnocchi.4b66d46e-016e-4cb9-b0b5-14764823da38/1771200000.0_mean_300.0_v3" 201 - "PUT http://172.18.0.134:8080/d1/1018/AUTH_d351b5d019cd497ab1d84160f10b653c/gnocchi.4b66d46e-016e-4cb9-b0b5-14764823da38/1771200000.0_mean_300.0_v3" "txe2cd866e17f6477b9df56-00699c0eca" "object-server 22" 0.0008 "-" 15 0
Feb 23 08:24:42 np0005626460 object-server[122291]: 172.20.0.105 - - [23/Feb/2026:08:24:42 +0000] "PUT /d1/164/AUTH_d351b5d019cd497ab1d84160f10b653c/gnocchi.610b2609-c529-49db-b009-27c0f145563c/1771200000.0_mean_300.0_v3" 201 - "PUT http://172.18.0.134:8080/v1/AUTH_d351b5d019cd497ab1d84160f10b653c/gnocchi.610b2609-c529-49db-b009-27c0f145563c/1771200000.0_mean_300.0_v3" "tx844d95a210254195ac76b-00699c0eca" "proxy-server 20" 0.0096 "-" 23 0
Feb 23 08:24:42 np0005626460 container-server[121891]: 172.20.0.103 - - [23/Feb/2026:08:24:42 +0000] "PUT /d1/299/AUTH_d351b5d019cd497ab1d84160f10b653c/gnocchi.610b2609-c529-49db-b009-27c0f145563c/1771200000.0_mean_300.0_v3" 201 - "PUT http://172.18.0.134:8080/d1/164/AUTH_d351b5d019cd497ab1d84160f10b653c/gnocchi.610b2609-c529-49db-b009-27c0f145563c/1771200000.0_mean_300.0_v3" "tx844d95a210254195ac76b-00699c0eca" "object-server 24" 0.0010 "-" 16 0
Feb 23 08:24:42 np0005626460 container-server[121883]: 172.20.0.105 - - [23/Feb/2026:08:24:42 +0000] "PUT /d1/200/AUTH_d351b5d019cd497ab1d84160f10b653c/gnocchi.775bdd17-dd47-4d35-b74f-be986e860bd1/1771200000.0_mean_300.0_v3" 201 - "PUT http://172.18.0.134:8080/d1/613/AUTH_d351b5d019cd497ab1d84160f10b653c/gnocchi.775bdd17-dd47-4d35-b74f-be986e860bd1/1771200000.0_mean_300.0_v3" "tx4042e7a5ef494b318b7f6-00699c0eca" "object-server 22" 0.0007 "-" 14 0
Feb 23 08:24:42 np0005626460 object-server[122291]: 172.20.0.104 - - [23/Feb/2026:08:24:42 +0000] "PUT /d1/613/AUTH_d351b5d019cd497ab1d84160f10b653c/gnocchi.775bdd17-dd47-4d35-b74f-be986e860bd1/1771200000.0_mean_300.0_v3" 201 - "PUT http://172.18.0.134:8080/v1/AUTH_d351b5d019cd497ab1d84160f10b653c/gnocchi.775bdd17-dd47-4d35-b74f-be986e860bd1/1771200000.0_mean_300.0_v3" "tx4042e7a5ef494b318b7f6-00699c0eca" "proxy-server 20" 0.0139 "-" 23 0
Feb 23 08:24:42 np0005626460 proxy-server[123514]: 172.18.0.134 172.18.0.104 23/Feb/2026/08/24/42 PUT /v1/AUTH_d351b5d019cd497ab1d84160f10b653c/gnocchi.775bdd17-dd47-4d35-b74f-be986e860bd1/1771200000.0_mean_300.0_v3 HTTP/1.0 201 - python-swiftclient-3.11.1 gAAAAABpnA5xJZZ6... 16 - - tx4042e7a5ef494b318b7f6-00699c0eca - 0.0212 - - 1771835082.940499306 1771835082.961704731 0
Feb 23 08:24:42 np0005626460 container-server[121892]: 172.20.0.104 - - [23/Feb/2026:08:24:42 +0000] "PUT /d1/200/AUTH_d351b5d019cd497ab1d84160f10b653c/gnocchi.775bdd17-dd47-4d35-b74f-be986e860bd1/none_v3" 201 - "PUT http://172.18.0.134:8080/d1/556/AUTH_d351b5d019cd497ab1d84160f10b653c/gnocchi.775bdd17-dd47-4d35-b74f-be986e860bd1/none_v3" "tx4e79080c78df4faa97cb1-00699c0eca" "object-server 23" 0.0006 "-" 17 0
Feb 23 08:24:42 np0005626460 object-server[122291]: 172.20.0.104 - - [23/Feb/2026:08:24:42 +0000] "PUT /d1/556/AUTH_d351b5d019cd497ab1d84160f10b653c/gnocchi.775bdd17-dd47-4d35-b74f-be986e860bd1/none_v3" 201 - "PUT http://172.18.0.134:8080/v1/AUTH_d351b5d019cd497ab1d84160f10b653c/gnocchi.775bdd17-dd47-4d35-b74f-be986e860bd1/none_v3" "tx4e79080c78df4faa97cb1-00699c0eca" "proxy-server 20" 0.0088 "-" 23 0
Feb 23 08:24:42 np0005626460 container-server[121883]: 172.20.0.103 - - [23/Feb/2026:08:24:42 +0000] "PUT /d1/299/AUTH_d351b5d019cd497ab1d84160f10b653c/gnocchi.610b2609-c529-49db-b009-27c0f145563c/none_v3" 201 - "PUT http://172.18.0.134:8080/d1/1019/AUTH_d351b5d019cd497ab1d84160f10b653c/gnocchi.610b2609-c529-49db-b009-27c0f145563c/none_v3" "tx6d6ff4c9da824a598db0d-00699c0eca" "object-server 24" 0.0004 "-" 14 0
Feb 23 08:24:42 np0005626460 object-server[122290]: 172.20.0.105 - - [23/Feb/2026:08:24:42 +0000] "PUT /d1/1019/AUTH_d351b5d019cd497ab1d84160f10b653c/gnocchi.610b2609-c529-49db-b009-27c0f145563c/none_v3" 201 - "PUT http://172.18.0.134:8080/v1/AUTH_d351b5d019cd497ab1d84160f10b653c/gnocchi.610b2609-c529-49db-b009-27c0f145563c/none_v3" "tx6d6ff4c9da824a598db0d-00699c0eca" "proxy-server 20" 0.0112 "-" 22 0
Feb 23 08:24:42 np0005626460 container-server[121891]: 172.20.0.103 - - [23/Feb/2026:08:24:42 +0000] "PUT /d1/906/AUTH_d351b5d019cd497ab1d84160f10b653c/gnocchi.4b66d46e-016e-4cb9-b0b5-14764823da38/none_v3" 201 - "PUT http://172.18.0.134:8080/d1/355/AUTH_d351b5d019cd497ab1d84160f10b653c/gnocchi.4b66d46e-016e-4cb9-b0b5-14764823da38/none_v3" "txe0e1a00e1a524a37b7a38-00699c0eca" "object-server 22" 0.0008 "-" 16 0
Feb 23 08:24:42 np0005626460 proxy-server[123514]: 172.18.0.134 172.18.0.104 23/Feb/2026/08/24/42 PUT /v1/AUTH_d351b5d019cd497ab1d84160f10b653c/gnocchi.775bdd17-dd47-4d35-b74f-be986e860bd1/none_v3 HTTP/1.0 201 - python-swiftclient-3.11.1 gAAAAABpnA5xJZZ6... 22 - - tx4e79080c78df4faa97cb1-00699c0eca - 0.0200 - - 1771835082.965302467 1771835082.985286474 0
Feb 23 08:24:42 np0005626460 object-server[122290]: 172.20.0.103 - - [23/Feb/2026:08:24:42 +0000] "PUT /d1/355/AUTH_d351b5d019cd497ab1d84160f10b653c/gnocchi.4b66d46e-016e-4cb9-b0b5-14764823da38/none_v3" 201 - "PUT http://172.18.0.134:8080/v1/AUTH_d351b5d019cd497ab1d84160f10b653c/gnocchi.4b66d46e-016e-4cb9-b0b5-14764823da38/none_v3" "txe0e1a00e1a524a37b7a38-00699c0eca" "proxy-server 20" 0.0135 "-" 22 0
Feb 23 08:24:43 np0005626460 container-server[121883]: 172.20.0.104 - - [23/Feb/2026:08:24:43 +0000] "HEAD /d1/923/AUTH_d351b5d019cd497ab1d84160f10b653c/gnocchi.ff3d4d84-f6cc-4223-a974-ba1e7eba000f" 404 - "HEAD http://172.18.0.134:8080/v1/AUTH_d351b5d019cd497ab1d84160f10b653c/gnocchi.ff3d4d84-f6cc-4223-a974-ba1e7eba000f?format=json&states=listing" "txd10daa7d350a415296b6a-00699c0ecb" "proxy-server 20" 0.0003 "-" 14 0
Feb 23 08:24:43 np0005626460 container-server[121892]: 172.20.0.105 - - [23/Feb/2026:08:24:43 +0000] "HEAD /d1/557/AUTH_d351b5d019cd497ab1d84160f10b653c/gnocchi.1d0d75ac-6399-40be-82c8-e645a7bf9a38" 404 - "HEAD http://172.18.0.134:8080/v1/AUTH_d351b5d019cd497ab1d84160f10b653c/gnocchi.1d0d75ac-6399-40be-82c8-e645a7bf9a38?format=json&states=listing" "tx83730f5536aa400ca99ea-00699c0ecb" "proxy-server 20" 0.0005 "-" 17 0
Feb 23 08:24:43 np0005626460 container-server[121889]: 172.20.0.103 - - [23/Feb/2026:08:24:43 +0000] "HEAD /d1/856/AUTH_d351b5d019cd497ab1d84160f10b653c/gnocchi.b25f77ea-58e0-414c-9b64-df56f720745a" 404 - "HEAD http://172.18.0.134:8080/v1/AUTH_d351b5d019cd497ab1d84160f10b653c/gnocchi.b25f77ea-58e0-414c-9b64-df56f720745a?format=json&states=listing" "txb1485f5a86eb4fc68d521-00699c0ecb" "proxy-server 20" 0.0005 "-" 15 0
Feb 23 08:24:43 np0005626460 object-server[122294]: 172.20.0.104 - - [23/Feb/2026:08:24:43 +0000] "GET /d1/385/AUTH_d351b5d019cd497ab1d84160f10b653c/gnocchi.ff3d4d84-f6cc-4223-a974-ba1e7eba000f/none_v3" 404 70 "GET http://172.18.0.134:8080/v1/AUTH_d351b5d019cd497ab1d84160f10b653c/gnocchi.ff3d4d84-f6cc-4223-a974-ba1e7eba000f/none_v3" "txd10daa7d350a415296b6a-00699c0ecb" "proxy-server 20" 0.0005 "-" 24 0
Feb 23 08:24:43 np0005626460 proxy-server[123514]: 172.18.0.105 172.18.0.104 23/Feb/2026/08/24/43 GET /v1/AUTH_d351b5d019cd497ab1d84160f10b653c/gnocchi.ff3d4d84-f6cc-4223-a974-ba1e7eba000f/none_v3 HTTP/1.0 404 - python-swiftclient-3.11.1 gAAAAABpnA4o6Gk-... - 70 - txd10daa7d350a415296b6a-00699c0ecb - 0.0262 - - 1771835083.003030062 1771835083.029273510 0
Feb 23 08:24:43 np0005626460 object-server[122290]: 172.20.0.105 - - [23/Feb/2026:08:24:43 +0000] "GET /d1/1022/AUTH_d351b5d019cd497ab1d84160f10b653c/gnocchi.1d0d75ac-6399-40be-82c8-e645a7bf9a38/none_v3" 404 70 "GET http://172.18.0.134:8080/v1/AUTH_d351b5d019cd497ab1d84160f10b653c/gnocchi.1d0d75ac-6399-40be-82c8-e645a7bf9a38/none_v3" "tx83730f5536aa400ca99ea-00699c0ecb" "proxy-server 20" 0.0006 "-" 22 0
Feb 23 08:24:43 np0005626460 object-server[122305]: 172.20.0.103 - - [23/Feb/2026:08:24:43 +0000] "GET /d1/752/AUTH_d351b5d019cd497ab1d84160f10b653c/gnocchi.b25f77ea-58e0-414c-9b64-df56f720745a/none_v3" 404 70 "GET http://172.18.0.134:8080/v1/AUTH_d351b5d019cd497ab1d84160f10b653c/gnocchi.b25f77ea-58e0-414c-9b64-df56f720745a/none_v3" "txb1485f5a86eb4fc68d521-00699c0ecb" "proxy-server 20" 0.0005 "-" 25 0
Feb 23 08:24:43 np0005626460 account-server[121634]: 172.20.0.103 - - [23/Feb/2026:08:24:43 +0000] "PUT /d1/979/AUTH_d351b5d019cd497ab1d84160f10b653c/gnocchi.ff3d4d84-f6cc-4223-a974-ba1e7eba000f" 201 - "PUT http://172.20.0.103:6001/d1/923/AUTH_d351b5d019cd497ab1d84160f10b653c/gnocchi.ff3d4d84-f6cc-4223-a974-ba1e7eba000f" "txc974cebe8fcd4d7d9fcfa-00699c0ecb" "container-server 23" 0.0056 "-" 21 0
Feb 23 08:24:43 np0005626460 container-server[121892]: 172.20.0.104 - - [23/Feb/2026:08:24:43 +0000] "PUT /d1/923/AUTH_d351b5d019cd497ab1d84160f10b653c/gnocchi.ff3d4d84-f6cc-4223-a974-ba1e7eba000f" 201 - "PUT http://172.18.0.134:8080/v1/AUTH_d351b5d019cd497ab1d84160f10b653c/gnocchi.ff3d4d84-f6cc-4223-a974-ba1e7eba000f" "txc974cebe8fcd4d7d9fcfa-00699c0ecb" "proxy-server 20" 0.0220 "-" 17 0
Feb 23 08:24:43 np0005626460 proxy-server[123514]: 172.18.0.105 172.18.0.104 23/Feb/2026/08/24/43 PUT /v1/AUTH_d351b5d019cd497ab1d84160f10b653c/gnocchi.ff3d4d84-f6cc-4223-a974-ba1e7eba000f HTTP/1.0 201 - python-swiftclient-3.11.1 gAAAAABpnA4o6Gk-... - - - txc974cebe8fcd4d7d9fcfa-00699c0ecb - 0.0299 - - 1771835083.032401085 1771835083.062337399 0
Feb 23 08:24:43 np0005626460 account-server[121649]: 172.20.0.105 - - [23/Feb/2026:08:24:43 +0000] "PUT /d1/979/AUTH_d351b5d019cd497ab1d84160f10b653c/gnocchi.1d0d75ac-6399-40be-82c8-e645a7bf9a38" 201 - "PUT http://172.20.0.105:6001/d1/557/AUTH_d351b5d019cd497ab1d84160f10b653c/gnocchi.1d0d75ac-6399-40be-82c8-e645a7bf9a38" "txa1d39924791e4a06a5168-00699c0ecb" "container-server 16" 0.0049 "-" 22 0
Feb 23 08:24:43 np0005626460 container-server[121891]: 172.20.0.105 - - [23/Feb/2026:08:24:43 +0000] "PUT /d1/557/AUTH_d351b5d019cd497ab1d84160f10b653c/gnocchi.1d0d75ac-6399-40be-82c8-e645a7bf9a38" 201 - "PUT http://172.18.0.134:8080/v1/AUTH_d351b5d019cd497ab1d84160f10b653c/gnocchi.1d0d75ac-6399-40be-82c8-e645a7bf9a38" "txa1d39924791e4a06a5168-00699c0ecb" "proxy-server 20" 0.0169 "-" 16 0
Feb 23 08:24:43 np0005626460 container-server[121891]: 172.20.0.104 - - [23/Feb/2026:08:24:43 +0000] "HEAD /d1/923/AUTH_d351b5d019cd497ab1d84160f10b653c/gnocchi.ff3d4d84-f6cc-4223-a974-ba1e7eba000f" 204 - "HEAD http://172.18.0.134:8080/v1/AUTH_d351b5d019cd497ab1d84160f10b653c/gnocchi.ff3d4d84-f6cc-4223-a974-ba1e7eba000f?format=json&states=listing" "tx12e366d55cc649ae862d9-00699c0ecb" "proxy-server 20" 0.0019 "-" 16 0
Feb 23 08:24:43 np0005626460 proxy-server[123514]: - - 23/Feb/2026/08/24/43 HEAD /v1/AUTH_d351b5d019cd497ab1d84160f10b653c/gnocchi.ff3d4d84-f6cc-4223-a974-ba1e7eba000f%3Fformat%3Djson%26states%3Dlisting HTTP/1.0 204 - Swift - - - - tx12e366d55cc649ae862d9-00699c0ecb - 0.0055 RL - 1771835083.067632437 1771835083.073182106 0
Feb 23 08:24:43 np0005626460 container-server[121883]: 172.20.0.103 - - [23/Feb/2026:08:24:43 +0000] "PUT /d1/856/AUTH_d351b5d019cd497ab1d84160f10b653c/gnocchi.b25f77ea-58e0-414c-9b64-df56f720745a" 201 - "PUT http://172.18.0.134:8080/v1/AUTH_d351b5d019cd497ab1d84160f10b653c/gnocchi.b25f77ea-58e0-414c-9b64-df56f720745a" "tx1e8b451031544a2cb7029-00699c0ecb" "proxy-server 20" 0.0199 "-" 14 0
Feb 23 08:24:43 np0005626460 account-server[121609]: 172.20.0.103 - - [23/Feb/2026:08:24:43 +0000] "PUT /d1/979/AUTH_d351b5d019cd497ab1d84160f10b653c/gnocchi.b25f77ea-58e0-414c-9b64-df56f720745a" 201 - "PUT http://172.20.0.103:6001/d1/856/AUTH_d351b5d019cd497ab1d84160f10b653c/gnocchi.b25f77ea-58e0-414c-9b64-df56f720745a" "tx1e8b451031544a2cb7029-00699c0ecb" "container-server 20" 0.0062 "-" 20 0
Feb 23 08:24:43 np0005626460 proxy-server[123514]: 172.18.0.105 172.18.0.104 23/Feb/2026/08/24/43 GET /v1/AUTH_d351b5d019cd497ab1d84160f10b653c/gnocchi.ff3d4d84-f6cc-4223-a974-ba1e7eba000f%3Fformat%3Djson%26states%3Dlisting HTTP/1.0 200 - python-swiftclient-3.11.1 gAAAAABpnA4o6Gk-... - 2 - tx12e366d55cc649ae862d9-00699c0ecb - 0.0173 - - 1771835083.066076994 1771835083.083330631 0
Feb 23 08:24:43 np0005626460 object-server[122291]: 172.20.0.104 - - [23/Feb/2026:08:24:43 +0000] "GET /d1/577/AUTH_d351b5d019cd497ab1d84160f10b653c/gnocchi.ff3d4d84-f6cc-4223-a974-ba1e7eba000f/1771200000.0_mean_300.0_v3" 404 70 "GET http://172.18.0.134:8080/v1/AUTH_d351b5d019cd497ab1d84160f10b653c/gnocchi.ff3d4d84-f6cc-4223-a974-ba1e7eba000f/1771200000.0_mean_300.0_v3" "tx9ee409b1543e4b2baacd2-00699c0ecb" "proxy-server 20" 0.0007 "-" 23 0
Feb 23 08:24:43 np0005626460 container-server[121889]: 172.20.0.105 - - [23/Feb/2026:08:24:43 +0000] "GET /d1/557/AUTH_d351b5d019cd497ab1d84160f10b653c/gnocchi.1d0d75ac-6399-40be-82c8-e645a7bf9a38" 200 2 "GET http://172.18.0.134:8080/v1/AUTH_d351b5d019cd497ab1d84160f10b653c/gnocchi.1d0d75ac-6399-40be-82c8-e645a7bf9a38?format=json&states=listing" "tx47f3c09acd62431f8d250-00699c0ecb" "proxy-server 20" 0.0035 "-" 15 0
Feb 23 08:24:43 np0005626460 proxy-server[123514]: 172.18.0.105 172.18.0.104 23/Feb/2026/08/24/43 GET /v1/AUTH_d351b5d019cd497ab1d84160f10b653c/gnocchi.ff3d4d84-f6cc-4223-a974-ba1e7eba000f/1771200000.0_mean_300.0_v3 HTTP/1.0 404 - python-swiftclient-3.11.1 gAAAAABpnA4o6Gk-... - 70 - tx9ee409b1543e4b2baacd2-00699c0ecb - 0.0167 - - 1771835083.087498426 1771835083.104199409 0
Feb 23 08:24:43 np0005626460 container-server[121883]: 172.20.0.103 - - [23/Feb/2026:08:24:43 +0000] "GET /d1/856/AUTH_d351b5d019cd497ab1d84160f10b653c/gnocchi.b25f77ea-58e0-414c-9b64-df56f720745a" 200 2 "GET http://172.18.0.134:8080/v1/AUTH_d351b5d019cd497ab1d84160f10b653c/gnocchi.b25f77ea-58e0-414c-9b64-df56f720745a?format=json&states=listing" "tx077b491915d14b9c806b9-00699c0ecb" "proxy-server 20" 0.0024 "-" 14 0
Feb 23 08:24:43 np0005626460 object-server[122290]: 172.20.0.105 - - [23/Feb/2026:08:24:43 +0000] "GET /d1/817/AUTH_d351b5d019cd497ab1d84160f10b653c/gnocchi.1d0d75ac-6399-40be-82c8-e645a7bf9a38/1771200000.0_mean_300.0_v3" 404 70 "GET http://172.18.0.134:8080/v1/AUTH_d351b5d019cd497ab1d84160f10b653c/gnocchi.1d0d75ac-6399-40be-82c8-e645a7bf9a38/1771200000.0_mean_300.0_v3" "tx2082a617da7e403ba72a8-00699c0ecb" "proxy-server 20" 0.0007 "-" 22 0
Feb 23 08:24:43 np0005626460 object-server[122305]: 172.20.0.103 - - [23/Feb/2026:08:24:43 +0000] "GET /d1/650/AUTH_d351b5d019cd497ab1d84160f10b653c/gnocchi.b25f77ea-58e0-414c-9b64-df56f720745a/1771200000.0_mean_300.0_v3" 404 70 "GET http://172.18.0.134:8080/v1/AUTH_d351b5d019cd497ab1d84160f10b653c/gnocchi.b25f77ea-58e0-414c-9b64-df56f720745a/1771200000.0_mean_300.0_v3" "txaaa832993672461d9c6c0-00699c0ecb" "proxy-server 20" 0.0005 "-" 25 0
Feb 23 08:24:43 np0005626460 container-server[121891]: 172.20.0.104 - - [23/Feb/2026:08:24:43 +0000] "PUT /d1/923/AUTH_d351b5d019cd497ab1d84160f10b653c/gnocchi.ff3d4d84-f6cc-4223-a974-ba1e7eba000f/1771200000.0_mean_300.0_v3" 201 - "PUT http://172.18.0.134:8080/d1/577/AUTH_d351b5d019cd497ab1d84160f10b653c/gnocchi.ff3d4d84-f6cc-4223-a974-ba1e7eba000f/1771200000.0_mean_300.0_v3" "tx6715b7e9c79b4ec19966a-00699c0ecb" "object-server 22" 0.0009 "-" 16 0
Feb 23 08:24:43 np0005626460 object-server[122290]: 172.20.0.104 - - [23/Feb/2026:08:24:43 +0000] "PUT /d1/577/AUTH_d351b5d019cd497ab1d84160f10b653c/gnocchi.ff3d4d84-f6cc-4223-a974-ba1e7eba000f/1771200000.0_mean_300.0_v3" 201 - "PUT http://172.18.0.134:8080/v1/AUTH_d351b5d019cd497ab1d84160f10b653c/gnocchi.ff3d4d84-f6cc-4223-a974-ba1e7eba000f/1771200000.0_mean_300.0_v3" "tx6715b7e9c79b4ec19966a-00699c0ecb" "proxy-server 20" 0.0163 "-" 22 0
Feb 23 08:24:43 np0005626460 proxy-server[123514]: 172.18.0.105 172.18.0.104 23/Feb/2026/08/24/43 PUT /v1/AUTH_d351b5d019cd497ab1d84160f10b653c/gnocchi.ff3d4d84-f6cc-4223-a974-ba1e7eba000f/1771200000.0_mean_300.0_v3 HTTP/1.0 201 - python-swiftclient-3.11.1 gAAAAABpnA4o6Gk-... 16 - - tx6715b7e9c79b4ec19966a-00699c0ecb - 0.0254 - - 1771835083.108306646 1771835083.133713245 0
Feb 23 08:24:43 np0005626460 object-server[122290]: 172.20.0.105 - - [23/Feb/2026:08:24:43 +0000] "PUT /d1/817/AUTH_d351b5d019cd497ab1d84160f10b653c/gnocchi.1d0d75ac-6399-40be-82c8-e645a7bf9a38/1771200000.0_mean_300.0_v3" 201 - "PUT http://172.18.0.134:8080/v1/AUTH_d351b5d019cd497ab1d84160f10b653c/gnocchi.1d0d75ac-6399-40be-82c8-e645a7bf9a38/1771200000.0_mean_300.0_v3" "tx5b7b56a39b3e45079d0f8-00699c0ecb" "proxy-server 20" 0.0148 "-" 22 0
Feb 23 08:24:43 np0005626460 container-server[121889]: 172.20.0.103 - - [23/Feb/2026:08:24:43 +0000] "PUT /d1/923/AUTH_d351b5d019cd497ab1d84160f10b653c/gnocchi.ff3d4d84-f6cc-4223-a974-ba1e7eba000f/none_v3" 201 - "PUT http://172.18.0.134:8080/d1/385/AUTH_d351b5d019cd497ab1d84160f10b653c/gnocchi.ff3d4d84-f6cc-4223-a974-ba1e7eba000f/none_v3" "tx3341171dfd1d4e71b47b8-00699c0ecb" "object-server 24" 0.0011 "-" 15 0
Feb 23 08:24:43 np0005626460 object-server[122291]: 172.20.0.104 - - [23/Feb/2026:08:24:43 +0000] "PUT /d1/385/AUTH_d351b5d019cd497ab1d84160f10b653c/gnocchi.ff3d4d84-f6cc-4223-a974-ba1e7eba000f/none_v3" 201 - "PUT http://172.18.0.134:8080/v1/AUTH_d351b5d019cd497ab1d84160f10b653c/gnocchi.ff3d4d84-f6cc-4223-a974-ba1e7eba000f/none_v3" "tx3341171dfd1d4e71b47b8-00699c0ecb" "proxy-server 20" 0.0157 "-" 23 0
Feb 23 08:24:43 np0005626460 container-server[121889]: 172.20.0.104 - - [23/Feb/2026:08:24:43 +0000] "PUT /d1/856/AUTH_d351b5d019cd497ab1d84160f10b653c/gnocchi.b25f77ea-58e0-414c-9b64-df56f720745a/1771200000.0_mean_300.0_v3" 201 - "PUT http://172.18.0.134:8080/d1/650/AUTH_d351b5d019cd497ab1d84160f10b653c/gnocchi.b25f77ea-58e0-414c-9b64-df56f720745a/1771200000.0_mean_300.0_v3" "tx75b918e1f7da4a5f9446f-00699c0ecb" "object-server 24" 0.0008 "-" 15 0
Feb 23 08:24:43 np0005626460 proxy-server[123514]: 172.18.0.105 172.18.0.104 23/Feb/2026/08/24/43 PUT /v1/AUTH_d351b5d019cd497ab1d84160f10b653c/gnocchi.ff3d4d84-f6cc-4223-a974-ba1e7eba000f/none_v3 HTTP/1.0 201 - python-swiftclient-3.11.1 gAAAAABpnA4o6Gk-... 22 - - tx3341171dfd1d4e71b47b8-00699c0ecb - 0.0243 - - 1771835083.137846947 1771835083.162195444 0
Feb 23 08:24:43 np0005626460 object-server[122294]: 172.20.0.103 - - [23/Feb/2026:08:24:43 +0000] "PUT /d1/650/AUTH_d351b5d019cd497ab1d84160f10b653c/gnocchi.b25f77ea-58e0-414c-9b64-df56f720745a/1771200000.0_mean_300.0_v3" 201 - "PUT http://172.18.0.134:8080/v1/AUTH_d351b5d019cd497ab1d84160f10b653c/gnocchi.b25f77ea-58e0-414c-9b64-df56f720745a/1771200000.0_mean_300.0_v3" "tx75b918e1f7da4a5f9446f-00699c0ecb" "proxy-server 20" 0.0178 "-" 24 0
Feb 23 08:24:43 np0005626460 container-server[121889]: 172.20.0.105 - - [23/Feb/2026:08:24:43 +0000] "PUT /d1/557/AUTH_d351b5d019cd497ab1d84160f10b653c/gnocchi.1d0d75ac-6399-40be-82c8-e645a7bf9a38/1771200000.0_mean_300.0_v3" 201 - "PUT http://172.18.0.134:8080/d1/817/AUTH_d351b5d019cd497ab1d84160f10b653c/gnocchi.1d0d75ac-6399-40be-82c8-e645a7bf9a38/1771200000.0_mean_300.0_v3" "tx5b7b56a39b3e45079d0f8-00699c0ecb" "object-server 21" 0.0007 "-" 15 0
Feb 23 08:24:43 np0005626460 container-server[121892]: 172.20.0.105 - - [23/Feb/2026:08:24:43 +0000] "HEAD /d1/752/AUTH_d351b5d019cd497ab1d84160f10b653c/gnocchi.2006331c-4bf4-4bc2-bafa-b6d01219e73a" 404 - "HEAD http://172.18.0.134:8080/v1/AUTH_d351b5d019cd497ab1d84160f10b653c/gnocchi.2006331c-4bf4-4bc2-bafa-b6d01219e73a?format=json&states=listing" "txa941dc5ddfa94cf88b830-00699c0ecb" "proxy-server 20" 0.0008 "-" 17 0
Feb 23 08:24:43 np0005626460 container-server[121883]: 172.20.0.105 - - [23/Feb/2026:08:24:43 +0000] "PUT /d1/856/AUTH_d351b5d019cd497ab1d84160f10b653c/gnocchi.b25f77ea-58e0-414c-9b64-df56f720745a/none_v3" 201 - "PUT http://172.18.0.134:8080/d1/752/AUTH_d351b5d019cd497ab1d84160f10b653c/gnocchi.b25f77ea-58e0-414c-9b64-df56f720745a/none_v3" "txebe3824957ae4caaa88b8-00699c0ecb" "object-server 24" 0.0008 "-" 14 0
Feb 23 08:24:43 np0005626460 container-server[121883]: 172.20.0.105 - - [23/Feb/2026:08:24:43 +0000] "PUT /d1/557/AUTH_d351b5d019cd497ab1d84160f10b653c/gnocchi.1d0d75ac-6399-40be-82c8-e645a7bf9a38/none_v3" 201 - "PUT http://172.18.0.134:8080/d1/1022/AUTH_d351b5d019cd497ab1d84160f10b653c/gnocchi.1d0d75ac-6399-40be-82c8-e645a7bf9a38/none_v3" "txb792d558431a419a86fd7-00699c0ecb" "object-server 24" 0.0011 "-" 14 0
Feb 23 08:24:43 np0005626460 object-server[122291]: 172.20.0.104 - - [23/Feb/2026:08:24:43 +0000] "PUT /d1/752/AUTH_d351b5d019cd497ab1d84160f10b653c/gnocchi.b25f77ea-58e0-414c-9b64-df56f720745a/none_v3" 201 - "PUT http://172.18.0.134:8080/v1/AUTH_d351b5d019cd497ab1d84160f10b653c/gnocchi.b25f77ea-58e0-414c-9b64-df56f720745a/none_v3" "txebe3824957ae4caaa88b8-00699c0ecb" "proxy-server 20" 0.0168 "-" 23 0
Feb 23 08:24:43 np0005626460 object-server[122294]: 172.20.0.103 - - [23/Feb/2026:08:24:43 +0000] "PUT /d1/1022/AUTH_d351b5d019cd497ab1d84160f10b653c/gnocchi.1d0d75ac-6399-40be-82c8-e645a7bf9a38/none_v3" 201 - "PUT http://172.18.0.134:8080/v1/AUTH_d351b5d019cd497ab1d84160f10b653c/gnocchi.1d0d75ac-6399-40be-82c8-e645a7bf9a38/none_v3" "txb792d558431a419a86fd7-00699c0ecb" "proxy-server 20" 0.0127 "-" 24 0
Feb 23 08:24:43 np0005626460 proxy-server[123514]: 172.18.0.134 172.18.0.104 23/Feb/2026/08/24/43 PUT /v1/AUTH_d351b5d019cd497ab1d84160f10b653c/gnocchi.b25f77ea-58e0-414c-9b64-df56f720745a/none_v3 HTTP/1.0 201 - python-swiftclient-3.11.1 gAAAAABpnA5xJZZ6... 22 - - txebe3824957ae4caaa88b8-00699c0ecb - 0.0302 - - 1771835083.168915510 1771835083.199098587 0
Feb 23 08:24:43 np0005626460 object-server[122305]: 172.20.0.105 - - [23/Feb/2026:08:24:43 +0000] "GET /d1/184/AUTH_d351b5d019cd497ab1d84160f10b653c/gnocchi.2006331c-4bf4-4bc2-bafa-b6d01219e73a/none_v3" 404 70 "GET http://172.18.0.134:8080/v1/AUTH_d351b5d019cd497ab1d84160f10b653c/gnocchi.2006331c-4bf4-4bc2-bafa-b6d01219e73a/none_v3" "txa941dc5ddfa94cf88b830-00699c0ecb" "proxy-server 20" 0.0005 "-" 25 0
Feb 23 08:24:43 np0005626460 container-server[121891]: 172.20.0.105 - - [23/Feb/2026:08:24:43 +0000] "HEAD /d1/602/AUTH_d351b5d019cd497ab1d84160f10b653c/gnocchi.3be5ab82-59d1-486f-86d4-ae944e1266d2" 404 - "HEAD http://172.18.0.134:8080/v1/AUTH_d351b5d019cd497ab1d84160f10b653c/gnocchi.3be5ab82-59d1-486f-86d4-ae944e1266d2?format=json&states=listing" "txe3cc600f688447cb90603-00699c0ecb" "proxy-server 20" 0.0006 "-" 16 0
Feb 23 08:24:43 np0005626460 container-server[121889]: 172.20.0.103 - - [23/Feb/2026:08:24:43 +0000] "HEAD /d1/931/AUTH_d351b5d019cd497ab1d84160f10b653c/gnocchi.815f70e1-ec9a-4abf-8604-b6ebe6f65d13" 404 - "HEAD http://172.18.0.134:8080/v1/AUTH_d351b5d019cd497ab1d84160f10b653c/gnocchi.815f70e1-ec9a-4abf-8604-b6ebe6f65d13?format=json&states=listing" "txde07bb6d1d584aa2b4925-00699c0ecb" "proxy-server 20" 0.0005 "-" 15 0
Feb 23 08:24:43 np0005626460 account-server[121649]: 172.20.0.104 - - [23/Feb/2026:08:24:43 +0000] "PUT /d1/979/AUTH_d351b5d019cd497ab1d84160f10b653c/gnocchi.2006331c-4bf4-4bc2-bafa-b6d01219e73a" 201 - "PUT http://172.20.0.104:6001/d1/752/AUTH_d351b5d019cd497ab1d84160f10b653c/gnocchi.2006331c-4bf4-4bc2-bafa-b6d01219e73a" "txeba6593302c54dfea0aa7-00699c0ecb" "container-server 14" 0.0063 "-" 22 0
Feb 23 08:24:43 np0005626460 object-server[122290]: 172.20.0.103 - - [23/Feb/2026:08:24:43 +0000] "GET /d1/229/AUTH_d351b5d019cd497ab1d84160f10b653c/gnocchi.815f70e1-ec9a-4abf-8604-b6ebe6f65d13/none_v3" 404 70 "GET http://172.18.0.134:8080/v1/AUTH_d351b5d019cd497ab1d84160f10b653c/gnocchi.815f70e1-ec9a-4abf-8604-b6ebe6f65d13/none_v3" "txde07bb6d1d584aa2b4925-00699c0ecb" "proxy-server 20" 0.0007 "-" 22 0
