Feb 23 08:24:43 np0005626460 container-server[121883]: 172.20.0.104 - - [23/Feb/2026:08:24:43 +0000] "PUT /d1/752/AUTH_d351b5d019cd497ab1d84160f10b653c/gnocchi.2006331c-4bf4-4bc2-bafa-b6d01219e73a" 201 - "PUT http://172.18.0.134:8080/v1/AUTH_d351b5d019cd497ab1d84160f10b653c/gnocchi.2006331c-4bf4-4bc2-bafa-b6d01219e73a" "txeba6593302c54dfea0aa7-00699c0ecb" "proxy-server 20" 0.0215 "-" 14 0
Feb 23 08:24:43 np0005626460 proxy-server[123514]: 172.18.0.105 172.18.0.104 23/Feb/2026/08/24/43 PUT /v1/AUTH_d351b5d019cd497ab1d84160f10b653c/gnocchi.2006331c-4bf4-4bc2-bafa-b6d01219e73a HTTP/1.0 201 - python-swiftclient-3.11.1 gAAAAABpnA4o6Gk-... - - - txeba6593302c54dfea0aa7-00699c0ecb - 0.0330 - - 1771835083.215879440 1771835083.248863220 0
Feb 23 08:24:43 np0005626460 object-server[122294]: 172.20.0.105 - - [23/Feb/2026:08:24:43 +0000] "GET /d1/476/AUTH_d351b5d019cd497ab1d84160f10b653c/gnocchi.3be5ab82-59d1-486f-86d4-ae944e1266d2/none_v3" 404 70 "GET http://172.18.0.134:8080/v1/AUTH_d351b5d019cd497ab1d84160f10b653c/gnocchi.3be5ab82-59d1-486f-86d4-ae944e1266d2/none_v3" "txe3cc600f688447cb90603-00699c0ecb" "proxy-server 20" 0.0004 "-" 24 0
Feb 23 08:24:43 np0005626460 proxy-server[123514]: - - 23/Feb/2026/08/24/43 HEAD /v1/AUTH_d351b5d019cd497ab1d84160f10b653c/gnocchi.2006331c-4bf4-4bc2-bafa-b6d01219e73a%3Fformat%3Djson%26states%3Dlisting HTTP/1.0 204 - Swift - - - - txebbe955f2da847399bbb3-00699c0ecb - 0.0082 RL - 1771835083.255730391 1771835083.263923883 0
Feb 23 08:24:43 np0005626460 account-server[121634]: 172.20.0.105 - - [23/Feb/2026:08:24:43 +0000] "PUT /d1/979/AUTH_d351b5d019cd497ab1d84160f10b653c/gnocchi.815f70e1-ec9a-4abf-8604-b6ebe6f65d13" 201 - "PUT http://172.20.0.105:6001/d1/931/AUTH_d351b5d019cd497ab1d84160f10b653c/gnocchi.815f70e1-ec9a-4abf-8604-b6ebe6f65d13" "tx0d2e909afb5541b6851f3-00699c0ecb" "container-server 15" 0.0067 "-" 21 0
Feb 23 08:24:43 np0005626460 container-server[121883]: 172.20.0.104 - - [23/Feb/2026:08:24:43 +0000] "GET /d1/752/AUTH_d351b5d019cd497ab1d84160f10b653c/gnocchi.2006331c-4bf4-4bc2-bafa-b6d01219e73a" 200 2 "GET http://172.18.0.134:8080/v1/AUTH_d351b5d019cd497ab1d84160f10b653c/gnocchi.2006331c-4bf4-4bc2-bafa-b6d01219e73a?format=json&states=listing" "txebbe955f2da847399bbb3-00699c0ecb" "proxy-server 20" 0.0033 "-" 14 0
Feb 23 08:24:43 np0005626460 proxy-server[123514]: 172.18.0.105 172.18.0.104 23/Feb/2026/08/24/43 GET /v1/AUTH_d351b5d019cd497ab1d84160f10b653c/gnocchi.2006331c-4bf4-4bc2-bafa-b6d01219e73a%3Fformat%3Djson%26states%3Dlisting HTTP/1.0 200 - python-swiftclient-3.11.1 gAAAAABpnA4o6Gk-... - 2 - txebbe955f2da847399bbb3-00699c0ecb - 0.0310 - - 1771835083.253452063 1771835083.284416199 0
Feb 23 08:24:43 np0005626460 container-server[121883]: 172.20.0.103 - - [23/Feb/2026:08:24:43 +0000] "PUT /d1/931/AUTH_d351b5d019cd497ab1d84160f10b653c/gnocchi.815f70e1-ec9a-4abf-8604-b6ebe6f65d13" 201 - "PUT http://172.18.0.134:8080/v1/AUTH_d351b5d019cd497ab1d84160f10b653c/gnocchi.815f70e1-ec9a-4abf-8604-b6ebe6f65d13" "tx0d2e909afb5541b6851f3-00699c0ecb" "proxy-server 20" 0.0280 "-" 14 0
Feb 23 08:24:43 np0005626460 account-server[121601]: 172.20.0.104 - - [23/Feb/2026:08:24:43 +0000] "PUT /d1/979/AUTH_d351b5d019cd497ab1d84160f10b653c/gnocchi.3be5ab82-59d1-486f-86d4-ae944e1266d2" 201 - "PUT http://172.20.0.104:6001/d1/602/AUTH_d351b5d019cd497ab1d84160f10b653c/gnocchi.3be5ab82-59d1-486f-86d4-ae944e1266d2" "tx2728d585d5294cc983a5d-00699c0ecb" "container-server 16" 0.0155 "-" 19 0
Feb 23 08:24:43 np0005626460 container-server[121891]: 172.20.0.105 - - [23/Feb/2026:08:24:43 +0000] "PUT /d1/602/AUTH_d351b5d019cd497ab1d84160f10b653c/gnocchi.3be5ab82-59d1-486f-86d4-ae944e1266d2" 201 - "PUT http://172.18.0.134:8080/v1/AUTH_d351b5d019cd497ab1d84160f10b653c/gnocchi.3be5ab82-59d1-486f-86d4-ae944e1266d2" "tx2728d585d5294cc983a5d-00699c0ecb" "proxy-server 20" 0.0279 "-" 16 0
Feb 23 08:24:43 np0005626460 object-server[122290]: 172.20.0.104 - - [23/Feb/2026:08:24:43 +0000] "GET /d1/523/AUTH_d351b5d019cd497ab1d84160f10b653c/gnocchi.2006331c-4bf4-4bc2-bafa-b6d01219e73a/1771200000.0_mean_300.0_v3" 404 70 "GET http://172.18.0.134:8080/v1/AUTH_d351b5d019cd497ab1d84160f10b653c/gnocchi.2006331c-4bf4-4bc2-bafa-b6d01219e73a/1771200000.0_mean_300.0_v3" "txeffb76cb556d4b878570c-00699c0ecb" "proxy-server 20" 0.0005 "-" 22 0
Feb 23 08:24:43 np0005626460 proxy-server[123514]: 172.18.0.105 172.18.0.104 23/Feb/2026/08/24/43 GET /v1/AUTH_d351b5d019cd497ab1d84160f10b653c/gnocchi.2006331c-4bf4-4bc2-bafa-b6d01219e73a/1771200000.0_mean_300.0_v3 HTTP/1.0 404 - python-swiftclient-3.11.1 gAAAAABpnA4o6Gk-... - 70 - txeffb76cb556d4b878570c-00699c0ecb - 0.0191 - - 1771835083.289428234 1771835083.308507442 0
Feb 23 08:24:43 np0005626460 object-server[122291]: 172.20.0.103 - - [23/Feb/2026:08:24:43 +0000] "GET /d1/433/AUTH_d351b5d019cd497ab1d84160f10b653c/gnocchi.815f70e1-ec9a-4abf-8604-b6ebe6f65d13/1771200000.0_mean_300.0_v3" 404 70 "GET http://172.18.0.134:8080/v1/AUTH_d351b5d019cd497ab1d84160f10b653c/gnocchi.815f70e1-ec9a-4abf-8604-b6ebe6f65d13/1771200000.0_mean_300.0_v3" "txd5db3862a34e44b18963a-00699c0ecb" "proxy-server 20" 0.0006 "-" 23 0
Feb 23 08:24:43 np0005626460 object-server[122290]: 172.20.0.104 - - [23/Feb/2026:08:24:43 +0000] "PUT /d1/523/AUTH_d351b5d019cd497ab1d84160f10b653c/gnocchi.2006331c-4bf4-4bc2-bafa-b6d01219e73a/1771200000.0_mean_300.0_v3" 201 - "PUT http://172.18.0.134:8080/v1/AUTH_d351b5d019cd497ab1d84160f10b653c/gnocchi.2006331c-4bf4-4bc2-bafa-b6d01219e73a/1771200000.0_mean_300.0_v3" "txeba07f59709a4ca78c1f6-00699c0ecb" "proxy-server 20" 0.0118 "-" 22 0
Feb 23 08:24:43 np0005626460 container-server[121883]: 172.20.0.105 - - [23/Feb/2026:08:24:43 +0000] "PUT /d1/752/AUTH_d351b5d019cd497ab1d84160f10b653c/gnocchi.2006331c-4bf4-4bc2-bafa-b6d01219e73a/1771200000.0_mean_300.0_v3" 201 - "PUT http://172.18.0.134:8080/d1/523/AUTH_d351b5d019cd497ab1d84160f10b653c/gnocchi.2006331c-4bf4-4bc2-bafa-b6d01219e73a/1771200000.0_mean_300.0_v3" "txeba07f59709a4ca78c1f6-00699c0ecb" "object-server 24" 0.0009 "-" 14 0
Feb 23 08:24:43 np0005626460 object-server[122305]: 172.20.0.105 - - [23/Feb/2026:08:24:43 +0000] "GET /d1/488/AUTH_d351b5d019cd497ab1d84160f10b653c/gnocchi.3be5ab82-59d1-486f-86d4-ae944e1266d2/1771200000.0_mean_300.0_v3" 404 70 "GET http://172.18.0.134:8080/v1/AUTH_d351b5d019cd497ab1d84160f10b653c/gnocchi.3be5ab82-59d1-486f-86d4-ae944e1266d2/1771200000.0_mean_300.0_v3" "tx7208d1d62d3c43f299312-00699c0ecb" "proxy-server 20" 0.0005 "-" 25 0
Feb 23 08:24:43 np0005626460 proxy-server[123514]: 172.18.0.105 172.18.0.104 23/Feb/2026/08/24/43 PUT /v1/AUTH_d351b5d019cd497ab1d84160f10b653c/gnocchi.2006331c-4bf4-4bc2-bafa-b6d01219e73a/1771200000.0_mean_300.0_v3 HTTP/1.0 201 - python-swiftclient-3.11.1 gAAAAABpnA4o6Gk-... 16 - - txeba07f59709a4ca78c1f6-00699c0ecb - 0.0262 - - 1771835083.313771963 1771835083.340003252 0
Feb 23 08:24:43 np0005626460 container-server[121891]: 172.20.0.103 - - [23/Feb/2026:08:24:43 +0000] "PUT /d1/931/AUTH_d351b5d019cd497ab1d84160f10b653c/gnocchi.815f70e1-ec9a-4abf-8604-b6ebe6f65d13/1771200000.0_mean_300.0_v3" 201 - "PUT http://172.18.0.134:8080/d1/433/AUTH_d351b5d019cd497ab1d84160f10b653c/gnocchi.815f70e1-ec9a-4abf-8604-b6ebe6f65d13/1771200000.0_mean_300.0_v3" "tx0ecac19ef9f143b488f6d-00699c0ecb" "object-server 23" 0.0009 "-" 16 0
Feb 23 08:24:43 np0005626460 object-server[122290]: 172.20.0.103 - - [23/Feb/2026:08:24:43 +0000] "PUT /d1/433/AUTH_d351b5d019cd497ab1d84160f10b653c/gnocchi.815f70e1-ec9a-4abf-8604-b6ebe6f65d13/1771200000.0_mean_300.0_v3" 201 - "PUT http://172.18.0.134:8080/v1/AUTH_d351b5d019cd497ab1d84160f10b653c/gnocchi.815f70e1-ec9a-4abf-8604-b6ebe6f65d13/1771200000.0_mean_300.0_v3" "tx0ecac19ef9f143b488f6d-00699c0ecb" "proxy-server 20" 0.0137 "-" 22 0
Feb 23 08:24:43 np0005626460 container-server[121892]: 172.20.0.104 - - [23/Feb/2026:08:24:43 +0000] "PUT /d1/752/AUTH_d351b5d019cd497ab1d84160f10b653c/gnocchi.2006331c-4bf4-4bc2-bafa-b6d01219e73a/none_v3" 201 - "PUT http://172.18.0.134:8080/d1/184/AUTH_d351b5d019cd497ab1d84160f10b653c/gnocchi.2006331c-4bf4-4bc2-bafa-b6d01219e73a/none_v3" "tx7d226e4bb9614808b2975-00699c0ecb" "object-server 23" 0.0008 "-" 17 0
Feb 23 08:24:43 np0005626460 container-server[121891]: 172.20.0.104 - - [23/Feb/2026:08:24:43 +0000] "PUT /d1/602/AUTH_d351b5d019cd497ab1d84160f10b653c/gnocchi.3be5ab82-59d1-486f-86d4-ae944e1266d2/1771200000.0_mean_300.0_v3" 201 - "PUT http://172.18.0.134:8080/d1/488/AUTH_d351b5d019cd497ab1d84160f10b653c/gnocchi.3be5ab82-59d1-486f-86d4-ae944e1266d2/1771200000.0_mean_300.0_v3" "txc8005e3738724577a3990-00699c0ecb" "object-server 23" 0.0008 "-" 16 0
Feb 23 08:24:43 np0005626460 object-server[122291]: 172.20.0.104 - - [23/Feb/2026:08:24:43 +0000] "PUT /d1/184/AUTH_d351b5d019cd497ab1d84160f10b653c/gnocchi.2006331c-4bf4-4bc2-bafa-b6d01219e73a/none_v3" 201 - "PUT http://172.18.0.134:8080/v1/AUTH_d351b5d019cd497ab1d84160f10b653c/gnocchi.2006331c-4bf4-4bc2-bafa-b6d01219e73a/none_v3" "tx7d226e4bb9614808b2975-00699c0ecb" "proxy-server 20" 0.0186 "-" 23 0
Feb 23 08:24:43 np0005626460 object-server[122291]: 172.20.0.105 - - [23/Feb/2026:08:24:43 +0000] "PUT /d1/488/AUTH_d351b5d019cd497ab1d84160f10b653c/gnocchi.3be5ab82-59d1-486f-86d4-ae944e1266d2/1771200000.0_mean_300.0_v3" 201 - "PUT http://172.18.0.134:8080/v1/AUTH_d351b5d019cd497ab1d84160f10b653c/gnocchi.3be5ab82-59d1-486f-86d4-ae944e1266d2/1771200000.0_mean_300.0_v3" "txc8005e3738724577a3990-00699c0ecb" "proxy-server 20" 0.0192 "-" 23 0
Feb 23 08:24:43 np0005626460 container-server[121889]: 172.20.0.104 - - [23/Feb/2026:08:24:43 +0000] "PUT /d1/931/AUTH_d351b5d019cd497ab1d84160f10b653c/gnocchi.815f70e1-ec9a-4abf-8604-b6ebe6f65d13/none_v3" 201 - "PUT http://172.18.0.134:8080/d1/229/AUTH_d351b5d019cd497ab1d84160f10b653c/gnocchi.815f70e1-ec9a-4abf-8604-b6ebe6f65d13/none_v3" "tx30bb4d915f93433198325-00699c0ecb" "object-server 25" 0.0007 "-" 15 0
Feb 23 08:24:43 np0005626460 object-server[122305]: 172.20.0.103 - - [23/Feb/2026:08:24:43 +0000] "PUT /d1/229/AUTH_d351b5d019cd497ab1d84160f10b653c/gnocchi.815f70e1-ec9a-4abf-8604-b6ebe6f65d13/none_v3" 201 - "PUT http://172.18.0.134:8080/v1/AUTH_d351b5d019cd497ab1d84160f10b653c/gnocchi.815f70e1-ec9a-4abf-8604-b6ebe6f65d13/none_v3" "tx30bb4d915f93433198325-00699c0ecb" "proxy-server 20" 0.0127 "-" 25 0
Feb 23 08:24:43 np0005626460 proxy-server[123514]: 172.18.0.105 172.18.0.104 23/Feb/2026/08/24/43 PUT /v1/AUTH_d351b5d019cd497ab1d84160f10b653c/gnocchi.2006331c-4bf4-4bc2-bafa-b6d01219e73a/none_v3 HTTP/1.0 201 - python-swiftclient-3.11.1 gAAAAABpnA4o6Gk-... 22 - - tx7d226e4bb9614808b2975-00699c0ecb - 0.0337 - - 1771835083.343975067 1771835083.377649546 0
Feb 23 08:24:43 np0005626460 container-server[121891]: 172.20.0.105 - - [23/Feb/2026:08:24:43 +0000] "PUT /d1/602/AUTH_d351b5d019cd497ab1d84160f10b653c/gnocchi.3be5ab82-59d1-486f-86d4-ae944e1266d2/none_v3" 201 - "PUT http://172.18.0.134:8080/d1/476/AUTH_d351b5d019cd497ab1d84160f10b653c/gnocchi.3be5ab82-59d1-486f-86d4-ae944e1266d2/none_v3" "tx86daec334ff04a37bbe29-00699c0ecb" "object-server 25" 0.0010 "-" 16 0
Feb 23 08:24:43 np0005626460 container-server[121891]: 172.20.0.104 - - [23/Feb/2026:08:24:43 +0000] "HEAD /d1/685/AUTH_d351b5d019cd497ab1d84160f10b653c/gnocchi.a9a3f913-6e88-4980-a5d3-395f971e818d" 404 - "HEAD http://172.18.0.134:8080/v1/AUTH_d351b5d019cd497ab1d84160f10b653c/gnocchi.a9a3f913-6e88-4980-a5d3-395f971e818d?format=json&states=listing" "tx8d52a3704e554482aab42-00699c0ecb" "proxy-server 20" 0.0005 "-" 16 0
Feb 23 08:24:43 np0005626460 object-server[122305]: 172.20.0.105 - - [23/Feb/2026:08:24:43 +0000] "PUT /d1/476/AUTH_d351b5d019cd497ab1d84160f10b653c/gnocchi.3be5ab82-59d1-486f-86d4-ae944e1266d2/none_v3" 201 - "PUT http://172.18.0.134:8080/v1/AUTH_d351b5d019cd497ab1d84160f10b653c/gnocchi.3be5ab82-59d1-486f-86d4-ae944e1266d2/none_v3" "tx86daec334ff04a37bbe29-00699c0ecb" "proxy-server 20" 0.0152 "-" 25 0
Feb 23 08:24:43 np0005626460 container-server[121892]: 172.20.0.103 - - [23/Feb/2026:08:24:43 +0000] "HEAD /d1/988/AUTH_d351b5d019cd497ab1d84160f10b653c/gnocchi.45ee1f1b-219e-4de5-9f51-a477b96343e7" 404 - "HEAD http://172.18.0.134:8080/v1/AUTH_d351b5d019cd497ab1d84160f10b653c/gnocchi.45ee1f1b-219e-4de5-9f51-a477b96343e7?format=json&states=listing" "tx9addb5d16bcf470294fa8-00699c0ecb" "proxy-server 20" 0.0005 "-" 17 0
Feb 23 08:24:43 np0005626460 object-server[122305]: 172.20.0.104 - - [23/Feb/2026:08:24:43 +0000] "GET /d1/568/AUTH_d351b5d019cd497ab1d84160f10b653c/gnocchi.a9a3f913-6e88-4980-a5d3-395f971e818d/none_v3" 404 70 "GET http://172.18.0.134:8080/v1/AUTH_d351b5d019cd497ab1d84160f10b653c/gnocchi.a9a3f913-6e88-4980-a5d3-395f971e818d/none_v3" "tx8d52a3704e554482aab42-00699c0ecb" "proxy-server 20" 0.0004 "-" 25 0
Feb 23 08:24:43 np0005626460 object-server[122305]: 172.20.0.103 - - [23/Feb/2026:08:24:43 +0000] "GET /d1/290/AUTH_d351b5d019cd497ab1d84160f10b653c/gnocchi.45ee1f1b-219e-4de5-9f51-a477b96343e7/none_v3" 404 70 "GET http://172.18.0.134:8080/v1/AUTH_d351b5d019cd497ab1d84160f10b653c/gnocchi.45ee1f1b-219e-4de5-9f51-a477b96343e7/none_v3" "tx9addb5d16bcf470294fa8-00699c0ecb" "proxy-server 20" 0.0004 "-" 25 0
Feb 23 08:24:43 np0005626460 proxy-server[123514]: 172.18.0.105 172.18.0.104 23/Feb/2026/08/24/43 GET /v1/AUTH_d351b5d019cd497ab1d84160f10b653c/gnocchi.a9a3f913-6e88-4980-a5d3-395f971e818d/none_v3 HTTP/1.0 404 - python-swiftclient-3.11.1 gAAAAABpnA4o6Gk-... - 70 - tx8d52a3704e554482aab42-00699c0ecb - 0.0329 - - 1771835083.393358946 1771835083.426228762 0
Feb 23 08:24:43 np0005626460 container-server[121892]: 172.20.0.105 - - [23/Feb/2026:08:24:43 +0000] "HEAD /d1/86/AUTH_d351b5d019cd497ab1d84160f10b653c/gnocchi.d2661c51-987b-4292-b272-bb9565a975d0" 404 - "HEAD http://172.18.0.134:8080/v1/AUTH_d351b5d019cd497ab1d84160f10b653c/gnocchi.d2661c51-987b-4292-b272-bb9565a975d0?format=json&states=listing" "tx36eda49273e346bfbdde9-00699c0ecb" "proxy-server 20" 0.0004 "-" 17 0
Feb 23 08:24:43 np0005626460 account-server[121649]: 172.20.0.103 - - [23/Feb/2026:08:24:43 +0000] "PUT /d1/979/AUTH_d351b5d019cd497ab1d84160f10b653c/gnocchi.45ee1f1b-219e-4de5-9f51-a477b96343e7" 201 - "PUT http://172.20.0.103:6001/d1/988/AUTH_d351b5d019cd497ab1d84160f10b653c/gnocchi.45ee1f1b-219e-4de5-9f51-a477b96343e7" "tx5af6d1cef37f4712a777f-00699c0ecb" "container-server 21" 0.0066 "-" 22 0
Feb 23 08:24:43 np0005626460 container-server[121883]: 172.20.0.104 - - [23/Feb/2026:08:24:43 +0000] "PUT /d1/685/AUTH_d351b5d019cd497ab1d84160f10b653c/gnocchi.a9a3f913-6e88-4980-a5d3-395f971e818d" 201 - "PUT http://172.18.0.134:8080/v1/AUTH_d351b5d019cd497ab1d84160f10b653c/gnocchi.a9a3f913-6e88-4980-a5d3-395f971e818d" "txec6ba418c6514e8d9b57d-00699c0ecb" "proxy-server 20" 0.0174 "-" 14 0
Feb 23 08:24:43 np0005626460 object-server[122291]: 172.20.0.105 - - [23/Feb/2026:08:24:43 +0000] "GET /d1/476/AUTH_d351b5d019cd497ab1d84160f10b653c/gnocchi.d2661c51-987b-4292-b272-bb9565a975d0/none_v3" 404 70 "GET http://172.18.0.134:8080/v1/AUTH_d351b5d019cd497ab1d84160f10b653c/gnocchi.d2661c51-987b-4292-b272-bb9565a975d0/none_v3" "tx36eda49273e346bfbdde9-00699c0ecb" "proxy-server 20" 0.0004 "-" 23 0
Feb 23 08:24:43 np0005626460 account-server[121634]: 172.20.0.105 - - [23/Feb/2026:08:24:43 +0000] "PUT /d1/979/AUTH_d351b5d019cd497ab1d84160f10b653c/gnocchi.a9a3f913-6e88-4980-a5d3-395f971e818d" 201 - "PUT http://172.20.0.105:6001/d1/685/AUTH_d351b5d019cd497ab1d84160f10b653c/gnocchi.a9a3f913-6e88-4980-a5d3-395f971e818d" "txec6ba418c6514e8d9b57d-00699c0ecb" "container-server 14" 0.0163 "-" 21 0
Feb 23 08:24:43 np0005626460 proxy-server[123514]: 172.18.0.105 172.18.0.104 23/Feb/2026/08/24/43 PUT /v1/AUTH_d351b5d019cd497ab1d84160f10b653c/gnocchi.a9a3f913-6e88-4980-a5d3-395f971e818d HTTP/1.0 201 - python-swiftclient-3.11.1 gAAAAABpnA4o6Gk-... - - - txec6ba418c6514e8d9b57d-00699c0ecb - 0.0375 - - 1771835083.430617094 1771835083.468114376 0
Feb 23 08:24:43 np0005626460 container-server[121883]: 172.20.0.103 - - [23/Feb/2026:08:24:43 +0000] "PUT /d1/988/AUTH_d351b5d019cd497ab1d84160f10b653c/gnocchi.45ee1f1b-219e-4de5-9f51-a477b96343e7" 201 - "PUT http://172.18.0.134:8080/v1/AUTH_d351b5d019cd497ab1d84160f10b653c/gnocchi.45ee1f1b-219e-4de5-9f51-a477b96343e7" "tx5af6d1cef37f4712a777f-00699c0ecb" "proxy-server 20" 0.0396 "-" 14 0
Feb 23 08:24:43 np0005626460 container-server[121883]: 172.20.0.104 - - [23/Feb/2026:08:24:43 +0000] "HEAD /d1/685/AUTH_d351b5d019cd497ab1d84160f10b653c/gnocchi.a9a3f913-6e88-4980-a5d3-395f971e818d" 204 - "HEAD http://172.18.0.134:8080/v1/AUTH_d351b5d019cd497ab1d84160f10b653c/gnocchi.a9a3f913-6e88-4980-a5d3-395f971e818d?format=json&states=listing" "txce82b782bf3e4fd685b7c-00699c0ecb" "proxy-server 20" 0.0023 "-" 14 0
Feb 23 08:24:43 np0005626460 proxy-server[123514]: - - 23/Feb/2026/08/24/43 HEAD /v1/AUTH_d351b5d019cd497ab1d84160f10b653c/gnocchi.a9a3f913-6e88-4980-a5d3-395f971e818d%3Fformat%3Djson%26states%3Dlisting HTTP/1.0 204 - Swift - - - - txce82b782bf3e4fd685b7c-00699c0ecb - 0.0069 RL - 1771835083.475191355 1771835083.482125998 0
Feb 23 08:24:43 np0005626460 container-server[121883]: 172.20.0.104 - - [23/Feb/2026:08:24:43 +0000] "GET /d1/685/AUTH_d351b5d019cd497ab1d84160f10b653c/gnocchi.a9a3f913-6e88-4980-a5d3-395f971e818d" 200 2 "GET http://172.18.0.134:8080/v1/AUTH_d351b5d019cd497ab1d84160f10b653c/gnocchi.a9a3f913-6e88-4980-a5d3-395f971e818d?format=json&states=listing" "txce82b782bf3e4fd685b7c-00699c0ecb" "proxy-server 20" 0.0031 "-" 14 0
Feb 23 08:24:43 np0005626460 container-server[121891]: 172.20.0.105 - - [23/Feb/2026:08:24:43 +0000] "PUT /d1/86/AUTH_d351b5d019cd497ab1d84160f10b653c/gnocchi.d2661c51-987b-4292-b272-bb9565a975d0" 201 - "PUT http://172.18.0.134:8080/v1/AUTH_d351b5d019cd497ab1d84160f10b653c/gnocchi.d2661c51-987b-4292-b272-bb9565a975d0" "tx0d916f116a23489788ee5-00699c0ecb" "proxy-server 20" 0.0160 "-" 16 0
Feb 23 08:24:43 np0005626460 account-server[121601]: 172.20.0.105 - - [23/Feb/2026:08:24:43 +0000] "PUT /d1/979/AUTH_d351b5d019cd497ab1d84160f10b653c/gnocchi.d2661c51-987b-4292-b272-bb9565a975d0" 201 - "PUT http://172.20.0.105:6001/d1/86/AUTH_d351b5d019cd497ab1d84160f10b653c/gnocchi.d2661c51-987b-4292-b272-bb9565a975d0" "tx0d916f116a23489788ee5-00699c0ecb" "container-server 15" 0.0053 "-" 19 0
Feb 23 08:24:43 np0005626460 proxy-server[123514]: 172.18.0.105 172.18.0.104 23/Feb/2026/08/24/43 GET /v1/AUTH_d351b5d019cd497ab1d84160f10b653c/gnocchi.a9a3f913-6e88-4980-a5d3-395f971e818d%3Fformat%3Djson%26states%3Dlisting HTTP/1.0 200 - python-swiftclient-3.11.1 gAAAAABpnA4o6Gk-... - 2 - txce82b782bf3e4fd685b7c-00699c0ecb - 0.0209 - - 1771835083.473141670 1771835083.494017363 0
Feb 23 08:24:43 np0005626460 container-server[121892]: 172.20.0.105 - - [23/Feb/2026:08:24:43 +0000] "HEAD /d1/86/AUTH_d351b5d019cd497ab1d84160f10b653c/gnocchi.d2661c51-987b-4292-b272-bb9565a975d0" 204 - "HEAD http://172.18.0.134:8080/v1/AUTH_d351b5d019cd497ab1d84160f10b653c/gnocchi.d2661c51-987b-4292-b272-bb9565a975d0?format=json&states=listing" "tx55d4942071934b96aae40-00699c0ecb" "proxy-server 20" 0.0021 "-" 17 0
Feb 23 08:24:43 np0005626460 object-server[122294]: 172.20.0.104 - - [23/Feb/2026:08:24:43 +0000] "GET /d1/3/AUTH_d351b5d019cd497ab1d84160f10b653c/gnocchi.a9a3f913-6e88-4980-a5d3-395f971e818d/1771200000.0_mean_300.0_v3" 404 70 "GET http://172.18.0.134:8080/v1/AUTH_d351b5d019cd497ab1d84160f10b653c/gnocchi.a9a3f913-6e88-4980-a5d3-395f971e818d/1771200000.0_mean_300.0_v3" "tx301e442c23844f46a00dc-00699c0ecb" "proxy-server 20" 0.0008 "-" 24 0
Feb 23 08:24:43 np0005626460 object-server[122305]: 172.20.0.103 - - [23/Feb/2026:08:24:43 +0000] "GET /d1/951/AUTH_d351b5d019cd497ab1d84160f10b653c/gnocchi.45ee1f1b-219e-4de5-9f51-a477b96343e7/1771200000.0_mean_300.0_v3" 404 70 "GET http://172.18.0.134:8080/v1/AUTH_d351b5d019cd497ab1d84160f10b653c/gnocchi.45ee1f1b-219e-4de5-9f51-a477b96343e7/1771200000.0_mean_300.0_v3" "tx16a40aaeaa6144548ca84-00699c0ecb" "proxy-server 20" 0.0005 "-" 25 0
Feb 23 08:24:43 np0005626460 proxy-server[123514]: 172.18.0.105 172.18.0.104 23/Feb/2026/08/24/43 GET /v1/AUTH_d351b5d019cd497ab1d84160f10b653c/gnocchi.a9a3f913-6e88-4980-a5d3-395f971e818d/1771200000.0_mean_300.0_v3 HTTP/1.0 404 - python-swiftclient-3.11.1 gAAAAABpnA4o6Gk-... - 70 - tx301e442c23844f46a00dc-00699c0ecb - 0.0234 - - 1771835083.499152184 1771835083.522586346 0
Feb 23 08:24:43 np0005626460 object-server[122305]: 172.20.0.105 - - [23/Feb/2026:08:24:43 +0000] "GET /d1/132/AUTH_d351b5d019cd497ab1d84160f10b653c/gnocchi.d2661c51-987b-4292-b272-bb9565a975d0/1771200000.0_mean_300.0_v3" 404 70 "GET http://172.18.0.134:8080/v1/AUTH_d351b5d019cd497ab1d84160f10b653c/gnocchi.d2661c51-987b-4292-b272-bb9565a975d0/1771200000.0_mean_300.0_v3" "txa7e9fe1cd7064455868bc-00699c0ecb" "proxy-server 20" 0.0006 "-" 25 0
Feb 23 08:24:43 np0005626460 container-server[121892]: 172.20.0.104 - - [23/Feb/2026:08:24:43 +0000] "PUT /d1/988/AUTH_d351b5d019cd497ab1d84160f10b653c/gnocchi.45ee1f1b-219e-4de5-9f51-a477b96343e7/1771200000.0_mean_300.0_v3" 201 - "PUT http://172.18.0.134:8080/d1/951/AUTH_d351b5d019cd497ab1d84160f10b653c/gnocchi.45ee1f1b-219e-4de5-9f51-a477b96343e7/1771200000.0_mean_300.0_v3" "tx595b6936f85c4750bb428-00699c0ecb" "object-server 24" 0.0010 "-" 17 0
Feb 23 08:24:43 np0005626460 container-server[121889]: 172.20.0.105 - - [23/Feb/2026:08:24:43 +0000] "PUT /d1/685/AUTH_d351b5d019cd497ab1d84160f10b653c/gnocchi.a9a3f913-6e88-4980-a5d3-395f971e818d/1771200000.0_mean_300.0_v3" 201 - "PUT http://172.18.0.134:8080/d1/3/AUTH_d351b5d019cd497ab1d84160f10b653c/gnocchi.a9a3f913-6e88-4980-a5d3-395f971e818d/1771200000.0_mean_300.0_v3" "tx87c65fe6f1a143e39268d-00699c0ecb" "object-server 22" 0.0008 "-" 15 0
Feb 23 08:24:43 np0005626460 object-server[122294]: 172.20.0.103 - - [23/Feb/2026:08:24:43 +0000] "PUT /d1/951/AUTH_d351b5d019cd497ab1d84160f10b653c/gnocchi.45ee1f1b-219e-4de5-9f51-a477b96343e7/1771200000.0_mean_300.0_v3" 201 - "PUT http://172.18.0.134:8080/v1/AUTH_d351b5d019cd497ab1d84160f10b653c/gnocchi.45ee1f1b-219e-4de5-9f51-a477b96343e7/1771200000.0_mean_300.0_v3" "tx595b6936f85c4750bb428-00699c0ecb" "proxy-server 20" 0.0151 "-" 24 0
Feb 23 08:24:43 np0005626460 object-server[122305]: 172.20.0.104 - - [23/Feb/2026:08:24:43 +0000] "PUT /d1/3/AUTH_d351b5d019cd497ab1d84160f10b653c/gnocchi.a9a3f913-6e88-4980-a5d3-395f971e818d/1771200000.0_mean_300.0_v3" 201 - "PUT http://172.18.0.134:8080/v1/AUTH_d351b5d019cd497ab1d84160f10b653c/gnocchi.a9a3f913-6e88-4980-a5d3-395f971e818d/1771200000.0_mean_300.0_v3" "tx87c65fe6f1a143e39268d-00699c0ecb" "proxy-server 20" 0.0146 "-" 25 0
Feb 23 08:24:43 np0005626460 proxy-server[123514]: 172.18.0.105 172.18.0.104 23/Feb/2026/08/24/43 PUT /v1/AUTH_d351b5d019cd497ab1d84160f10b653c/gnocchi.a9a3f913-6e88-4980-a5d3-395f971e818d/1771200000.0_mean_300.0_v3 HTTP/1.0 201 - python-swiftclient-3.11.1 gAAAAABpnA4o6Gk-... 16 - - tx87c65fe6f1a143e39268d-00699c0ecb - 0.0264 - - 1771835083.528444052 1771835083.554892302 0
Feb 23 08:24:43 np0005626460 container-server[121891]: 172.20.0.104 - - [23/Feb/2026:08:24:43 +0000] "PUT /d1/86/AUTH_d351b5d019cd497ab1d84160f10b653c/gnocchi.d2661c51-987b-4292-b272-bb9565a975d0/1771200000.0_mean_300.0_v3" 201 - "PUT http://172.18.0.134:8080/d1/132/AUTH_d351b5d019cd497ab1d84160f10b653c/gnocchi.d2661c51-987b-4292-b272-bb9565a975d0/1771200000.0_mean_300.0_v3" "tx57b1a46ee7ac44dd8de0a-00699c0ecb" "object-server 22" 0.0012 "-" 16 0
Feb 23 08:24:43 np0005626460 object-server[122290]: 172.20.0.105 - - [23/Feb/2026:08:24:43 +0000] "PUT /d1/132/AUTH_d351b5d019cd497ab1d84160f10b653c/gnocchi.d2661c51-987b-4292-b272-bb9565a975d0/1771200000.0_mean_300.0_v3" 201 - "PUT http://172.18.0.134:8080/v1/AUTH_d351b5d019cd497ab1d84160f10b653c/gnocchi.d2661c51-987b-4292-b272-bb9565a975d0/1771200000.0_mean_300.0_v3" "tx57b1a46ee7ac44dd8de0a-00699c0ecb" "proxy-server 20" 0.0136 "-" 22 0
Feb 23 08:24:43 np0005626460 container-server[121892]: 172.20.0.103 - - [23/Feb/2026:08:24:43 +0000] "PUT /d1/988/AUTH_d351b5d019cd497ab1d84160f10b653c/gnocchi.45ee1f1b-219e-4de5-9f51-a477b96343e7/none_v3" 201 - "PUT http://172.18.0.134:8080/d1/290/AUTH_d351b5d019cd497ab1d84160f10b653c/gnocchi.45ee1f1b-219e-4de5-9f51-a477b96343e7/none_v3" "txfafaeae8107d44f7822ec-00699c0ecb" "object-server 22" 0.0013 "-" 17 0
Feb 23 08:24:43 np0005626460 object-server[122291]: 172.20.0.103 - - [23/Feb/2026:08:24:43 +0000] "PUT /d1/290/AUTH_d351b5d019cd497ab1d84160f10b653c/gnocchi.45ee1f1b-219e-4de5-9f51-a477b96343e7/none_v3" 201 - "PUT http://172.18.0.134:8080/v1/AUTH_d351b5d019cd497ab1d84160f10b653c/gnocchi.45ee1f1b-219e-4de5-9f51-a477b96343e7/none_v3" "txfafaeae8107d44f7822ec-00699c0ecb" "proxy-server 20" 0.0139 "-" 23 0
Feb 23 08:24:43 np0005626460 container-server[121883]: 172.20.0.105 - - [23/Feb/2026:08:24:43 +0000] "PUT /d1/685/AUTH_d351b5d019cd497ab1d84160f10b653c/gnocchi.a9a3f913-6e88-4980-a5d3-395f971e818d/none_v3" 201 - "PUT http://172.18.0.134:8080/d1/568/AUTH_d351b5d019cd497ab1d84160f10b653c/gnocchi.a9a3f913-6e88-4980-a5d3-395f971e818d/none_v3" "txb101b88bb2404de28feb7-00699c0ecb" "object-server 22" 0.0011 "-" 14 0
Feb 23 08:24:43 np0005626460 object-server[122290]: 172.20.0.104 - - [23/Feb/2026:08:24:43 +0000] "PUT /d1/568/AUTH_d351b5d019cd497ab1d84160f10b653c/gnocchi.a9a3f913-6e88-4980-a5d3-395f971e818d/none_v3" 201 - "PUT http://172.18.0.134:8080/v1/AUTH_d351b5d019cd497ab1d84160f10b653c/gnocchi.a9a3f913-6e88-4980-a5d3-395f971e818d/none_v3" "txb101b88bb2404de28feb7-00699c0ecb" "proxy-server 20" 0.0124 "-" 22 0
Feb 23 08:24:43 np0005626460 proxy-server[123514]: 172.18.0.105 172.18.0.104 23/Feb/2026/08/24/43 PUT /v1/AUTH_d351b5d019cd497ab1d84160f10b653c/gnocchi.a9a3f913-6e88-4980-a5d3-395f971e818d/none_v3 HTTP/1.0 201 - python-swiftclient-3.11.1 gAAAAABpnA4o6Gk-... 22 - - txb101b88bb2404de28feb7-00699c0ecb - 0.0313 - - 1771835083.559686661 1771835083.591000080 0
Feb 23 08:24:43 np0005626460 container-server[121891]: 172.20.0.103 - - [23/Feb/2026:08:24:43 +0000] "PUT /d1/86/AUTH_d351b5d019cd497ab1d84160f10b653c/gnocchi.d2661c51-987b-4292-b272-bb9565a975d0/none_v3" 201 - "PUT http://172.18.0.134:8080/d1/476/AUTH_d351b5d019cd497ab1d84160f10b653c/gnocchi.d2661c51-987b-4292-b272-bb9565a975d0/none_v3" "tx104bd38af87d4f058eb26-00699c0ecb" "object-server 25" 0.0009 "-" 16 0
Feb 23 08:24:43 np0005626460 object-server[122291]: 172.20.0.105 - - [23/Feb/2026:08:24:43 +0000] "PUT /d1/476/AUTH_d351b5d019cd497ab1d84160f10b653c/gnocchi.d2661c51-987b-4292-b272-bb9565a975d0/none_v3" 201 - "PUT http://172.18.0.134:8080/v1/AUTH_d351b5d019cd497ab1d84160f10b653c/gnocchi.d2661c51-987b-4292-b272-bb9565a975d0/none_v3" "tx104bd38af87d4f058eb26-00699c0ecb" "proxy-server 20" 0.0134 "-" 23 0
Feb 23 08:24:43 np0005626460 container-server[121883]: 172.20.0.103 - - [23/Feb/2026:08:24:43 +0000] "HEAD /d1/975/AUTH_d351b5d019cd497ab1d84160f10b653c/gnocchi.fa83dd2f-03fa-4931-9293-9d3f29a5d892" 404 - "HEAD http://172.18.0.134:8080/v1/AUTH_d351b5d019cd497ab1d84160f10b653c/gnocchi.fa83dd2f-03fa-4931-9293-9d3f29a5d892?format=json&states=listing" "tx764616d7bafe4f96b159d-00699c0ecb" "proxy-server 20" 0.0008 "-" 14 0
Feb 23 08:24:43 np0005626460 object-server[122305]: 172.20.0.103 - - [23/Feb/2026:08:24:43 +0000] "GET /d1/792/AUTH_d351b5d019cd497ab1d84160f10b653c/gnocchi.fa83dd2f-03fa-4931-9293-9d3f29a5d892/none_v3" 404 70 "GET http://172.18.0.134:8080/v1/AUTH_d351b5d019cd497ab1d84160f10b653c/gnocchi.fa83dd2f-03fa-4931-9293-9d3f29a5d892/none_v3" "tx764616d7bafe4f96b159d-00699c0ecb" "proxy-server 20" 0.0006 "-" 25 0
Feb 23 08:24:43 np0005626460 container-server[121891]: 172.20.0.104 - - [23/Feb/2026:08:24:43 +0000] "HEAD /d1/585/AUTH_d351b5d019cd497ab1d84160f10b653c/gnocchi.94c5af18-f79c-4a4f-bc99-8f29403606ca" 404 - "HEAD http://172.18.0.134:8080/v1/AUTH_d351b5d019cd497ab1d84160f10b653c/gnocchi.94c5af18-f79c-4a4f-bc99-8f29403606ca?format=json&states=listing" "tx638e7f6ae0c446debf365-00699c0ecb" "proxy-server 20" 0.0007 "-" 16 0
Feb 23 08:24:43 np0005626460 object-server[122291]: 172.20.0.104 - - [23/Feb/2026:08:24:43 +0000] "GET /d1/549/AUTH_d351b5d019cd497ab1d84160f10b653c/gnocchi.94c5af18-f79c-4a4f-bc99-8f29403606ca/none_v3" 404 70 "GET http://172.18.0.134:8080/v1/AUTH_d351b5d019cd497ab1d84160f10b653c/gnocchi.94c5af18-f79c-4a4f-bc99-8f29403606ca/none_v3" "tx638e7f6ae0c446debf365-00699c0ecb" "proxy-server 20" 0.0006 "-" 23 0
Feb 23 08:24:43 np0005626460 proxy-server[123514]: 172.18.0.105 172.18.0.104 23/Feb/2026/08/24/43 GET /v1/AUTH_d351b5d019cd497ab1d84160f10b653c/gnocchi.94c5af18-f79c-4a4f-bc99-8f29403606ca/none_v3 HTTP/1.0 404 - python-swiftclient-3.11.1 gAAAAABpnA4o6Gk-... - 70 - tx638e7f6ae0c446debf365-00699c0ecb - 0.0326 - - 1771835083.622646809 1771835083.655238390 0
Feb 23 08:24:43 np0005626460 account-server[121634]: 172.20.0.105 - - [23/Feb/2026:08:24:43 +0000] "PUT /d1/979/AUTH_d351b5d019cd497ab1d84160f10b653c/gnocchi.fa83dd2f-03fa-4931-9293-9d3f29a5d892" 201 - "PUT http://172.20.0.105:6001/d1/975/AUTH_d351b5d019cd497ab1d84160f10b653c/gnocchi.fa83dd2f-03fa-4931-9293-9d3f29a5d892" "txc47f6b0610e8406c9a540-00699c0ecb" "container-server 15" 0.0060 "-" 21 0
Feb 23 08:24:43 np0005626460 container-server[121891]: 172.20.0.105 - - [23/Feb/2026:08:24:43 +0000] "PUT /d1/975/AUTH_d351b5d019cd497ab1d84160f10b653c/gnocchi.fa83dd2f-03fa-4931-9293-9d3f29a5d892" 201 - "PUT http://172.18.0.134:8080/v1/AUTH_d351b5d019cd497ab1d84160f10b653c/gnocchi.fa83dd2f-03fa-4931-9293-9d3f29a5d892" "txc47f6b0610e8406c9a540-00699c0ecb" "proxy-server 20" 0.0239 "-" 16 0
Feb 23 08:24:43 np0005626460 container-server[121889]: 172.20.0.104 - - [23/Feb/2026:08:24:43 +0000] "HEAD /d1/975/AUTH_d351b5d019cd497ab1d84160f10b653c/gnocchi.fa83dd2f-03fa-4931-9293-9d3f29a5d892" 204 - "HEAD http://172.18.0.134:8080/v1/AUTH_d351b5d019cd497ab1d84160f10b653c/gnocchi.fa83dd2f-03fa-4931-9293-9d3f29a5d892?format=json&states=listing" "tx4647d8c4d21a41fbb70c5-00699c0ecb" "proxy-server 20" 0.0022 "-" 15 0
Feb 23 08:24:43 np0005626460 account-server[121601]: 172.20.0.103 - - [23/Feb/2026:08:24:43 +0000] "PUT /d1/979/AUTH_d351b5d019cd497ab1d84160f10b653c/gnocchi.94c5af18-f79c-4a4f-bc99-8f29403606ca" 201 - "PUT http://172.20.0.103:6001/d1/585/AUTH_d351b5d019cd497ab1d84160f10b653c/gnocchi.94c5af18-f79c-4a4f-bc99-8f29403606ca" "tx5c39e6407f3d46ab9af78-00699c0ecb" "container-server 20" 0.0057 "-" 19 0
Feb 23 08:24:43 np0005626460 container-server[121883]: 172.20.0.103 - - [23/Feb/2026:08:24:43 +0000] "PUT /d1/585/AUTH_d351b5d019cd497ab1d84160f10b653c/gnocchi.94c5af18-f79c-4a4f-bc99-8f29403606ca" 201 - "PUT http://172.18.0.134:8080/v1/AUTH_d351b5d019cd497ab1d84160f10b653c/gnocchi.94c5af18-f79c-4a4f-bc99-8f29403606ca" "tx5c39e6407f3d46ab9af78-00699c0ecb" "proxy-server 20" 0.0215 "-" 14 0
Feb 23 08:24:43 np0005626460 proxy-server[123514]: - - 23/Feb/2026/08/24/43 HEAD /v1/AUTH_d351b5d019cd497ab1d84160f10b653c/gnocchi.fa83dd2f-03fa-4931-9293-9d3f29a5d892%3Fformat%3Djson%26states%3Dlisting HTTP/1.0 204 - Swift - - - - tx4647d8c4d21a41fbb70c5-00699c0ecb - 0.0091 RL - 1771835083.679284334 1771835083.688393831 0
Feb 23 08:24:43 np0005626460 proxy-server[123514]: 172.18.0.134 172.18.0.104 23/Feb/2026/08/24/43 GET /v1/AUTH_d351b5d019cd497ab1d84160f10b653c/gnocchi.fa83dd2f-03fa-4931-9293-9d3f29a5d892%3Fformat%3Djson%26states%3Dlisting HTTP/1.0 200 - python-swiftclient-3.11.1 gAAAAABpnA5xJZZ6... - 2 - tx4647d8c4d21a41fbb70c5-00699c0ecb - 0.0252 - - 1771835083.677028656 1771835083.702193975 0
Feb 23 08:24:43 np0005626460 container-server[121883]: 172.20.0.105 - - [23/Feb/2026:08:24:43 +0000] "GET /d1/585/AUTH_d351b5d019cd497ab1d84160f10b653c/gnocchi.94c5af18-f79c-4a4f-bc99-8f29403606ca" 200 2 "GET http://172.18.0.134:8080/v1/AUTH_d351b5d019cd497ab1d84160f10b653c/gnocchi.94c5af18-f79c-4a4f-bc99-8f29403606ca?format=json&states=listing" "tx6cef3245b31c4142b94b6-00699c0ecb" "proxy-server 20" 0.0035 "-" 14 0
Feb 23 08:24:43 np0005626460 object-server[122291]: 172.20.0.103 - - [23/Feb/2026:08:24:43 +0000] "GET /d1/22/AUTH_d351b5d019cd497ab1d84160f10b653c/gnocchi.fa83dd2f-03fa-4931-9293-9d3f29a5d892/1771200000.0_mean_300.0_v3" 404 70 "GET http://172.18.0.134:8080/v1/AUTH_d351b5d019cd497ab1d84160f10b653c/gnocchi.fa83dd2f-03fa-4931-9293-9d3f29a5d892/1771200000.0_mean_300.0_v3" "tx3a2dba1dcffe46fdb17b9-00699c0ecb" "proxy-server 20" 0.0005 "-" 23 0
Feb 23 08:24:43 np0005626460 object-server[122290]: 172.20.0.104 - - [23/Feb/2026:08:24:43 +0000] "GET /d1/1009/AUTH_d351b5d019cd497ab1d84160f10b653c/gnocchi.94c5af18-f79c-4a4f-bc99-8f29403606ca/1771200000.0_mean_300.0_v3" 404 70 "GET http://172.18.0.134:8080/v1/AUTH_d351b5d019cd497ab1d84160f10b653c/gnocchi.94c5af18-f79c-4a4f-bc99-8f29403606ca/1771200000.0_mean_300.0_v3" "txe36ad6907c9846f19d7ee-00699c0ecb" "proxy-server 20" 0.0005 "-" 22 0
Feb 23 08:24:43 np0005626460 proxy-server[123514]: 172.18.0.105 172.18.0.104 23/Feb/2026/08/24/43 GET /v1/AUTH_d351b5d019cd497ab1d84160f10b653c/gnocchi.94c5af18-f79c-4a4f-bc99-8f29403606ca/1771200000.0_mean_300.0_v3 HTTP/1.0 404 - python-swiftclient-3.11.1 gAAAAABpnA4o6Gk-... - 70 - txe36ad6907c9846f19d7ee-00699c0ecb - 0.0220 - - 1771835083.722841740 1771835083.744889975 0
Feb 23 08:24:43 np0005626460 object-server[122294]: 172.20.0.105 - - [23/Feb/2026:08:24:43 +0000] "PUT /d1/22/AUTH_d351b5d019cd497ab1d84160f10b653c/gnocchi.fa83dd2f-03fa-4931-9293-9d3f29a5d892/1771200000.0_mean_300.0_v3" 201 - "PUT http://172.18.0.134:8080/v1/AUTH_d351b5d019cd497ab1d84160f10b653c/gnocchi.fa83dd2f-03fa-4931-9293-9d3f29a5d892/1771200000.0_mean_300.0_v3" "tx8bbd193d08ab4668a0f55-00699c0ecb" "proxy-server 20" 0.0133 "-" 24 0
Feb 23 08:24:43 np0005626460 container-server[121891]: 172.20.0.103 - - [23/Feb/2026:08:24:43 +0000] "PUT /d1/975/AUTH_d351b5d019cd497ab1d84160f10b653c/gnocchi.fa83dd2f-03fa-4931-9293-9d3f29a5d892/1771200000.0_mean_300.0_v3" 201 - "PUT http://172.18.0.134:8080/d1/22/AUTH_d351b5d019cd497ab1d84160f10b653c/gnocchi.fa83dd2f-03fa-4931-9293-9d3f29a5d892/1771200000.0_mean_300.0_v3" "tx8bbd193d08ab4668a0f55-00699c0ecb" "object-server 24" 0.0011 "-" 16 0
Feb 23 08:24:43 np0005626460 container-server[121883]: 172.20.0.104 - - [23/Feb/2026:08:24:43 +0000] "PUT /d1/585/AUTH_d351b5d019cd497ab1d84160f10b653c/gnocchi.94c5af18-f79c-4a4f-bc99-8f29403606ca/1771200000.0_mean_300.0_v3" 201 - "PUT http://172.18.0.134:8080/d1/1009/AUTH_d351b5d019cd497ab1d84160f10b653c/gnocchi.94c5af18-f79c-4a4f-bc99-8f29403606ca/1771200000.0_mean_300.0_v3" "txf89c4bb740934222be4d6-00699c0ecb" "object-server 22" 0.0008 "-" 14 0
Feb 23 08:24:43 np0005626460 object-server[122290]: 172.20.0.103 - - [23/Feb/2026:08:24:43 +0000] "PUT /d1/1009/AUTH_d351b5d019cd497ab1d84160f10b653c/gnocchi.94c5af18-f79c-4a4f-bc99-8f29403606ca/1771200000.0_mean_300.0_v3" 201 - "PUT http://172.18.0.134:8080/v1/AUTH_d351b5d019cd497ab1d84160f10b653c/gnocchi.94c5af18-f79c-4a4f-bc99-8f29403606ca/1771200000.0_mean_300.0_v3" "txf89c4bb740934222be4d6-00699c0ecb" "proxy-server 20" 0.0115 "-" 22 0
Feb 23 08:24:43 np0005626460 object-server[122290]: 172.20.0.104 - - [23/Feb/2026:08:24:43 +0000] "PUT /d1/792/AUTH_d351b5d019cd497ab1d84160f10b653c/gnocchi.fa83dd2f-03fa-4931-9293-9d3f29a5d892/none_v3" 201 - "PUT http://172.18.0.134:8080/v1/AUTH_d351b5d019cd497ab1d84160f10b653c/gnocchi.fa83dd2f-03fa-4931-9293-9d3f29a5d892/none_v3" "tx8b12ac4551bf4c97b8509-00699c0ecb" "proxy-server 20" 0.0105 "-" 22 0
Feb 23 08:24:43 np0005626460 container-server[121892]: 172.20.0.103 - - [23/Feb/2026:08:24:43 +0000] "PUT /d1/975/AUTH_d351b5d019cd497ab1d84160f10b653c/gnocchi.fa83dd2f-03fa-4931-9293-9d3f29a5d892/none_v3" 201 - "PUT http://172.18.0.134:8080/d1/792/AUTH_d351b5d019cd497ab1d84160f10b653c/gnocchi.fa83dd2f-03fa-4931-9293-9d3f29a5d892/none_v3" "tx8b12ac4551bf4c97b8509-00699c0ecb" "object-server 25" 0.0007 "-" 17 0
Feb 23 08:24:43 np0005626460 proxy-server[123514]: 172.18.0.134 172.18.0.104 23/Feb/2026/08/24/43 PUT /v1/AUTH_d351b5d019cd497ab1d84160f10b653c/gnocchi.fa83dd2f-03fa-4931-9293-9d3f29a5d892/none_v3 HTTP/1.0 201 - python-swiftclient-3.11.1 gAAAAABpnA5xJZZ6... 22 - - tx8b12ac4551bf4c97b8509-00699c0ecb - 0.0244 - - 1771835083.761109352 1771835083.785546064 0
Feb 23 08:24:43 np0005626460 container-server[121892]: 172.20.0.103 - - [23/Feb/2026:08:24:43 +0000] "PUT /d1/585/AUTH_d351b5d019cd497ab1d84160f10b653c/gnocchi.94c5af18-f79c-4a4f-bc99-8f29403606ca/none_v3" 201 - "PUT http://172.18.0.134:8080/d1/549/AUTH_d351b5d019cd497ab1d84160f10b653c/gnocchi.94c5af18-f79c-4a4f-bc99-8f29403606ca/none_v3" "tx327f805b7e04419e9a764-00699c0ecb" "object-server 22" 0.0007 "-" 17 0
Feb 23 08:24:43 np0005626460 object-server[122291]: 172.20.0.105 - - [23/Feb/2026:08:24:43 +0000] "PUT /d1/549/AUTH_d351b5d019cd497ab1d84160f10b653c/gnocchi.94c5af18-f79c-4a4f-bc99-8f29403606ca/none_v3" 201 - "PUT http://172.18.0.134:8080/v1/AUTH_d351b5d019cd497ab1d84160f10b653c/gnocchi.94c5af18-f79c-4a4f-bc99-8f29403606ca/none_v3" "tx327f805b7e04419e9a764-00699c0ecb" "proxy-server 20" 0.0123 "-" 23 0
Feb 23 08:24:53 np0005626460 container-server[121440]: Beginning replication run
Feb 23 08:24:54 np0005626460 container-server[121440]: Replication run OVER
Feb 23 08:24:54 np0005626460 container-server[121440]: Attempted to replicate 22 dbs in 0.53829 seconds (40.86994/s)
Feb 23 08:24:54 np0005626460 container-server[121440]: Removed 0 dbs
Feb 23 08:24:54 np0005626460 container-server[121440]: 44 successes, 0 failures
Feb 23 08:24:54 np0005626460 container-server[121440]: diff:0 diff_capped:0 empty:0 hashmatch:0 no_change:44 remote_merge:0 rsync:0 ts_repl:0
Feb 23 08:25:01 np0005626460 account-server[121634]: 172.20.0.105 - - [23/Feb/2026:08:25:01 +0000] "HEAD /d1/185/.expiring_objects" 404 - "HEAD http://localhost/v1/.expiring_objects?format=json" "tx2d4b5659b067418da57ab-00699c0edd" "proxy-server 2" 0.0006 "-" 21 -
Feb 23 08:25:07 np0005626460 object-server[121997]: Starting object replication pass.
Feb 23 08:25:07 np0005626460 object-server[121997]: 41/41 (100.00%) partitions replicated in 0.40s (101.79/sec, 0s remaining)
Feb 23 08:25:07 np0005626460 object-server[121997]: 82 successes, 0 failures
Feb 23 08:25:07 np0005626460 object-server[121997]: 44 suffixes checked - 0.00% hashed, 0.00% synced
Feb 23 08:25:07 np0005626460 object-server[121997]: Partition times: max 0.0180s, min 0.0068s, med 0.0089s
Feb 23 08:25:07 np0005626460 object-server[121997]: Object replication complete. (0.01 minutes)
Feb 23 08:25:09 np0005626460 account-server[121182]: Beginning replication run
Feb 23 08:25:09 np0005626460 account-server[121182]: Replication run OVER
Feb 23 08:25:09 np0005626460 account-server[121182]: Attempted to replicate 1 dbs in 0.02864 seconds (34.91430/s)
Feb 23 08:25:09 np0005626460 account-server[121182]: Removed 0 dbs
Feb 23 08:25:09 np0005626460 account-server[121182]: 2 successes, 0 failures
Feb 23 08:25:09 np0005626460 account-server[121182]: diff:0 diff_capped:0 empty:0 hashmatch:0 no_change:2 remote_merge:0 rsync:0 ts_repl:0
Feb 23 08:25:09 np0005626460 object-server[223366]: Begin object audit "forever" mode (ALL)
Feb 23 08:25:09 np0005626460 object-server[223365]: Begin object audit "forever" mode (ZBF)
Feb 23 08:25:09 np0005626460 object-server[223365]: Object audit (ZBF). Since Mon Feb 23 08:25:09 2026: Locally: 1 passed, 0 quarantined, 0 errors, files/sec: 587.68, bytes/sec: 0.00, Total time: 0.00, Auditing time: 0.00, Rate: 0.00
Feb 23 08:25:09 np0005626460 object-server[223366]: Object audit (ALL). Since Mon Feb 23 08:25:09 2026: Locally: 1 passed, 0 quarantined, 0 errors, files/sec: 140.41, bytes/sec: 2246.55, Total time: 0.01, Auditing time: 0.00, Rate: 0.00
Feb 23 08:25:10 np0005626460 object-server[223365]: Object audit (ZBF) "forever" mode completed: 0.84s. Total quarantined: 0, Total errors: 0, Total files/sec: 52.18, Total bytes/sec: 0.00, Auditing time: 0.83, Rate: 0.99
Feb 23 08:25:11 np0005626460 object-server[223366]: Object audit (ALL) "forever" mode completed: 2.11s. Total quarantined: 0, Total errors: 0, Total files/sec: 20.86, Total bytes/sec: 401.06, Auditing time: 2.10, Rate: 0.99
Feb 23 08:25:23 np0005626460 container-server[121440]: Beginning replication run
Feb 23 08:25:24 np0005626460 container-server[121440]: Replication run OVER
Feb 23 08:25:24 np0005626460 container-server[121440]: Attempted to replicate 22 dbs in 0.43620 seconds (50.43506/s)
Feb 23 08:25:24 np0005626460 container-server[121440]: Removed 0 dbs
Feb 23 08:25:24 np0005626460 container-server[121440]: 44 successes, 0 failures
Feb 23 08:25:24 np0005626460 container-server[121440]: diff:0 diff_capped:0 empty:0 hashmatch:0 no_change:44 remote_merge:0 rsync:0 ts_repl:0
Feb 23 08:25:26 np0005626460 account-server[121609]: 172.20.0.105 - - [23/Feb/2026:08:25:26 +0000] "HEAD /d1/185/.expiring_objects" 404 - "HEAD http://localhost/v1/.expiring_objects?format=json" "txae679b22570a4b4e9c056-00699c0ef6" "proxy-server 2" 0.0006 "-" 20 -
Feb 23 08:25:37 np0005626460 object-server[121997]: Starting object replication pass.
Feb 23 08:25:38 np0005626460 object-server[121997]: 41/41 (100.00%) partitions replicated in 0.43s (94.75/sec, 0s remaining)
Feb 23 08:25:38 np0005626460 object-server[121997]: 82 successes, 0 failures
Feb 23 08:25:38 np0005626460 object-server[121997]: 44 suffixes checked - 0.00% hashed, 0.00% synced
Feb 23 08:25:38 np0005626460 object-server[121997]: Partition times: max 0.0162s, min 0.0071s, med 0.0097s
Feb 23 08:25:38 np0005626460 object-server[121997]: Object replication complete. (0.01 minutes)
Feb 23 08:25:39 np0005626460 account-server[121182]: Beginning replication run
Feb 23 08:25:39 np0005626460 account-server[121182]: Replication run OVER
Feb 23 08:25:39 np0005626460 account-server[121182]: Attempted to replicate 1 dbs in 0.01861 seconds (53.74528/s)
Feb 23 08:25:39 np0005626460 account-server[121182]: Removed 0 dbs
Feb 23 08:25:39 np0005626460 account-server[121182]: 2 successes, 0 failures
Feb 23 08:25:39 np0005626460 account-server[121182]: diff:0 diff_capped:0 empty:0 hashmatch:0 no_change:2 remote_merge:0 rsync:0 ts_repl:0
Feb 23 08:25:40 np0005626460 object-server[223385]: Begin object audit "forever" mode (ZBF)
Feb 23 08:25:40 np0005626460 object-server[223385]: Object audit (ZBF). Since Mon Feb 23 08:25:40 2026: Locally: 1 passed, 0 quarantined, 0 errors, files/sec: 543.73, bytes/sec: 0.00, Total time: 0.00, Auditing time: 0.00, Rate: 0.00
Feb 23 08:25:41 np0005626460 object-server[223385]: Object audit (ZBF) "forever" mode completed: 0.84s. Total quarantined: 0, Total errors: 0, Total files/sec: 52.17, Total bytes/sec: 0.00, Auditing time: 0.83, Rate: 0.99
Feb 23 08:25:53 np0005626460 container-server[121440]: Beginning replication run
Feb 23 08:25:54 np0005626460 container-server[121440]: Replication run OVER
Feb 23 08:25:54 np0005626460 container-server[121440]: Attempted to replicate 22 dbs in 0.43355 seconds (50.74394/s)
Feb 23 08:25:54 np0005626460 container-server[121440]: Removed 0 dbs
Feb 23 08:25:54 np0005626460 container-server[121440]: 44 successes, 0 failures
Feb 23 08:25:54 np0005626460 container-server[121440]: diff:0 diff_capped:0 empty:0 hashmatch:0 no_change:44 remote_merge:0 rsync:0 ts_repl:0
Feb 23 08:26:07 np0005626460 account-server[121649]: 172.20.0.105 - - [23/Feb/2026:08:26:07 +0000] "PUT /d1/979/AUTH_d351b5d019cd497ab1d84160f10b653c/gnocchi.a9a3f913-6e88-4980-a5d3-395f971e818d" 201 - "-" "-" "container-updater 2" 0.0007 "-" 22 0
Feb 23 08:26:07 np0005626460 account-server[121634]: 172.20.0.105 - - [23/Feb/2026:08:26:07 +0000] "PUT /d1/979/AUTH_d351b5d019cd497ab1d84160f10b653c/gnocchi.8a80798a-9adf-47a5-9b75-792205eb526c" 201 - "-" "-" "container-updater 2" 0.0011 "-" 21 0
Feb 23 08:26:07 np0005626460 account-server[121601]: 172.20.0.105 - - [23/Feb/2026:08:26:07 +0000] "PUT /d1/979/AUTH_d351b5d019cd497ab1d84160f10b653c/gnocchi.94c5af18-f79c-4a4f-bc99-8f29403606ca" 201 - "-" "-" "container-updater 2" 0.0005 "-" 19 0
Feb 23 08:26:07 np0005626460 account-server[121634]: 172.20.0.105 - - [23/Feb/2026:08:26:07 +0000] "PUT /d1/979/AUTH_d351b5d019cd497ab1d84160f10b653c/gnocchi.02ad80ff-06f3-4c63-9576-128a218cdeb0" 201 - "-" "-" "container-updater 2" 0.0006 "-" 21 0
Feb 23 08:26:08 np0005626460 account-server[121609]: 172.20.0.105 - - [23/Feb/2026:08:26:08 +0000] "PUT /d1/979/AUTH_d351b5d019cd497ab1d84160f10b653c/gnocchi.69d2d350-9221-4230-9161-e63c7a424f29" 201 - "-" "-" "container-updater 2" 0.0006 "-" 20 0
Feb 23 08:26:08 np0005626460 account-server[121609]: 172.20.0.105 - - [23/Feb/2026:08:26:08 +0000] "PUT /d1/979/AUTH_d351b5d019cd497ab1d84160f10b653c/gnocchi.ff3d4d84-f6cc-4223-a974-ba1e7eba000f" 201 - "-" "-" "container-updater 2" 0.0007 "-" 20 0
Feb 23 08:26:08 np0005626460 account-server[121634]: 172.20.0.105 - - [23/Feb/2026:08:26:08 +0000] "PUT /d1/979/AUTH_d351b5d019cd497ab1d84160f10b653c/gnocchi.c089f97e-e091-405f-8302-e66fcd0b069d" 201 - "-" "-" "container-updater 2" 0.0004 "-" 21 0
Feb 23 08:26:08 np0005626460 account-server[121649]: 172.20.0.105 - - [23/Feb/2026:08:26:08 +0000] "PUT /d1/979/AUTH_d351b5d019cd497ab1d84160f10b653c/gnocchi.775bdd17-dd47-4d35-b74f-be986e860bd1" 201 - "-" "-" "container-updater 2" 0.0010 "-" 22 0
Feb 23 08:26:08 np0005626460 object-server[121997]: Starting object replication pass.
Feb 23 08:26:08 np0005626460 account-server[121649]: 172.20.0.105 - - [23/Feb/2026:08:26:08 +0000] "PUT /d1/979/AUTH_d351b5d019cd497ab1d84160f10b653c/gnocchi.d2661c51-987b-4292-b272-bb9565a975d0" 201 - "-" "-" "container-updater 2" 0.0006 "-" 22 0
Feb 23 08:26:08 np0005626460 account-server[121601]: 172.20.0.105 - - [23/Feb/2026:08:26:08 +0000] "PUT /d1/979/AUTH_d351b5d019cd497ab1d84160f10b653c/gnocchi.3be5ab82-59d1-486f-86d4-ae944e1266d2" 201 - "-" "-" "container-updater 2" 0.0005 "-" 19 0
Feb 23 08:26:08 np0005626460 account-server[121609]: 172.20.0.105 - - [23/Feb/2026:08:26:08 +0000] "PUT /d1/979/AUTH_d351b5d019cd497ab1d84160f10b653c/gnocchi.4b66d46e-016e-4cb9-b0b5-14764823da38" 201 - "-" "-" "container-updater 2" 0.0005 "-" 20 0
Feb 23 08:26:08 np0005626460 account-server[121601]: 172.20.0.105 - - [23/Feb/2026:08:26:08 +0000] "PUT /d1/979/AUTH_d351b5d019cd497ab1d84160f10b653c/gnocchi.815f70e1-ec9a-4abf-8604-b6ebe6f65d13" 201 - "-" "-" "container-updater 2" 0.0004 "-" 19 0
Feb 23 08:26:08 np0005626460 object-server[121997]: 41/41 (100.00%) partitions replicated in 0.45s (90.24/sec, 0s remaining)
Feb 23 08:26:08 np0005626460 object-server[121997]: 82 successes, 0 failures
Feb 23 08:26:08 np0005626460 object-server[121997]: 44 suffixes checked - 0.00% hashed, 0.00% synced
Feb 23 08:26:08 np0005626460 object-server[121997]: Partition times: max 0.0294s, min 0.0064s, med 0.0093s
Feb 23 08:26:08 np0005626460 object-server[121997]: Object replication complete. (0.01 minutes)
Feb 23 08:26:08 np0005626460 account-server[121634]: 172.20.0.105 - - [23/Feb/2026:08:26:08 +0000] "PUT /d1/979/AUTH_d351b5d019cd497ab1d84160f10b653c/gnocchi.45ee1f1b-219e-4de5-9f51-a477b96343e7" 201 - "-" "-" "container-updater 2" 0.0006 "-" 21 0
Feb 23 08:26:08 np0005626460 account-server[121601]: 172.20.0.105 - - [23/Feb/2026:08:26:08 +0000] "PUT /d1/979/AUTH_d351b5d019cd497ab1d84160f10b653c/gnocchi.5eed7344-1baa-4108-b5cd-7766867b85df" 201 - "-" "-" "container-updater 2" 0.0004 "-" 19 0
Feb 23 08:26:08 np0005626460 account-server[121649]: 172.20.0.105 - - [23/Feb/2026:08:26:08 +0000] "PUT /d1/979/AUTH_d351b5d019cd497ab1d84160f10b653c/gnocchi.2006331c-4bf4-4bc2-bafa-b6d01219e73a" 201 - "-" "-" "container-updater 2" 0.0005 "-" 22 0
Feb 23 08:26:09 np0005626460 account-server[121609]: 172.20.0.105 - - [23/Feb/2026:08:26:09 +0000] "PUT /d1/979/AUTH_d351b5d019cd497ab1d84160f10b653c/gnocchi.fa83dd2f-03fa-4931-9293-9d3f29a5d892" 201 - "-" "-" "container-updater 2" 0.0004 "-" 20 0
Feb 23 08:26:09 np0005626460 account-server[121634]: 172.20.0.105 - - [23/Feb/2026:08:26:09 +0000] "PUT /d1/979/AUTH_d351b5d019cd497ab1d84160f10b653c/gnocchi.b25f77ea-58e0-414c-9b64-df56f720745a" 201 - "-" "-" "container-updater 2" 0.0005 "-" 21 0
Feb 23 08:26:09 np0005626460 account-server[121649]: 172.20.0.105 - - [23/Feb/2026:08:26:09 +0000] "PUT /d1/979/AUTH_d351b5d019cd497ab1d84160f10b653c/gnocchi.dfea0713-920c-4e14-bed3-3f08daee5fc5" 201 - "-" "-" "container-updater 2" 0.0005 "-" 22 0
Feb 23 08:26:09 np0005626460 account-server[121182]: Beginning replication run
Feb 23 08:26:09 np0005626460 account-server[121609]: 172.20.0.105 - - [23/Feb/2026:08:26:09 +0000] "PUT /d1/979/AUTH_d351b5d019cd497ab1d84160f10b653c/gnocchi.222d0e86-652d-4feb-b78c-d17d1d5c9c62" 201 - "-" "-" "container-updater 2" 0.0006 "-" 20 0
Feb 23 08:26:09 np0005626460 account-server[121182]: Replication run OVER
Feb 23 08:26:09 np0005626460 account-server[121182]: Attempted to replicate 1 dbs in 0.05497 seconds (18.19280/s)
Feb 23 08:26:09 np0005626460 account-server[121182]: Removed 0 dbs
Feb 23 08:26:09 np0005626460 account-server[121182]: 2 successes, 0 failures
Feb 23 08:26:09 np0005626460 account-server[121182]: diff:0 diff_capped:0 empty:0 hashmatch:0 no_change:2 remote_merge:0 rsync:0 ts_repl:0
Feb 23 08:26:09 np0005626460 account-server[121649]: 172.20.0.105 - - [23/Feb/2026:08:26:09 +0000] "PUT /d1/979/AUTH_d351b5d019cd497ab1d84160f10b653c/gnocchi.08d5a395-fac8-4028-b76f-2d40a0ad1549" 201 - "-" "-" "container-updater 2" 0.0007 "-" 22 0
Feb 23 08:26:09 np0005626460 account-server[121601]: 172.20.0.105 - - [23/Feb/2026:08:26:09 +0000] "PUT /d1/979/AUTH_d351b5d019cd497ab1d84160f10b653c/gnocchi.610b2609-c529-49db-b009-27c0f145563c" 201 - "-" "-" "container-updater 2" 0.0009 "-" 19 0
Feb 23 08:26:09 np0005626460 account-server[121609]: 172.20.0.105 - - [23/Feb/2026:08:26:09 +0000] "PUT /d1/979/AUTH_d351b5d019cd497ab1d84160f10b653c/gnocchi.1d0d75ac-6399-40be-82c8-e645a7bf9a38" 201 - "-" "-" "container-updater 2" 0.0007 "-" 20 0
Feb 23 08:26:11 np0005626460 object-server[229276]: Begin object audit "forever" mode (ZBF)
Feb 23 08:26:11 np0005626460 object-server[229276]: Object audit (ZBF). Since Mon Feb 23 08:26:11 2026: Locally: 1 passed, 0 quarantined, 0 errors, files/sec: 576.93, bytes/sec: 0.00, Total time: 0.00, Auditing time: 0.00, Rate: 0.00
Feb 23 08:26:11 np0005626460 object-server[229277]: Begin object audit "forever" mode (ALL)
