Feb 23 08:29:46 np0005626460 object-server[122305]: 172.20.0.105 - - [23/Feb/2026:08:29:46 +0000] "PUT /d1/19/AUTH_d351b5d019cd497ab1d84160f10b653c/gnocchi.1d0d75ac-6399-40be-82c8-e645a7bf9a38/1771200000.0_rate%3Amean_300.0_v3" 201 - "PUT http://172.18.0.134:8080/v1/AUTH_d351b5d019cd497ab1d84160f10b653c/gnocchi.1d0d75ac-6399-40be-82c8-e645a7bf9a38/1771200000.0_rate%3Amean_300.0_v3" "tx1f32e7eeea5f4b1490087-00699c0ffa" "proxy-server 20" 0.0173 "-" 25 0
Feb 23 08:29:46 np0005626460 object-server[122305]: 172.20.0.104 - - [23/Feb/2026:08:29:46 +0000] "PUT /d1/377/AUTH_d351b5d019cd497ab1d84160f10b653c/gnocchi.2006331c-4bf4-4bc2-bafa-b6d01219e73a/1771200000.0_rate%3Amean_300.0_v3" 201 - "PUT http://172.18.0.134:8080/v1/AUTH_d351b5d019cd497ab1d84160f10b653c/gnocchi.2006331c-4bf4-4bc2-bafa-b6d01219e73a/1771200000.0_rate%3Amean_300.0_v3" "txbec88e73f38446d98cc0b-00699c0ffa" "proxy-server 20" 0.0185 "-" 25 0
Feb 23 08:29:46 np0005626460 proxy-server[123514]: 172.18.0.134 172.18.0.104 23/Feb/2026/08/29/46 PUT /v1/AUTH_d351b5d019cd497ab1d84160f10b653c/gnocchi.2006331c-4bf4-4bc2-bafa-b6d01219e73a/1771200000.0_rate%253Amean_300.0_v3 HTTP/1.0 201 - python-swiftclient-3.11.1 gAAAAABpnA5xJZZ6... 16 - - txbec88e73f38446d98cc0b-00699c0ffa - 0.0381 - - 1771835386.120692492 1771835386.158761024 0
Feb 23 08:29:46 np0005626460 container-server[121883]: 172.20.0.103 - - [23/Feb/2026:08:29:46 +0000] "GET /d1/200/AUTH_d351b5d019cd497ab1d84160f10b653c/gnocchi.775bdd17-dd47-4d35-b74f-be986e860bd1" 200 357 "GET http://172.18.0.134:8080/v1/AUTH_d351b5d019cd497ab1d84160f10b653c/gnocchi.775bdd17-dd47-4d35-b74f-be986e860bd1?format=json&states=listing" "tx6a7f3c5bf7624730a3553-00699c0ff7" "proxy-server 20" 0.0030 "-" 14 0
Feb 23 08:29:46 np0005626460 container-server[121892]: 172.20.0.105 - - [23/Feb/2026:08:29:46 +0000] "PUT /d1/752/AUTH_d351b5d019cd497ab1d84160f10b653c/gnocchi.2006331c-4bf4-4bc2-bafa-b6d01219e73a/1771200000.0_mean_300.0_v3" 201 - "PUT http://172.18.0.134:8080/d1/523/AUTH_d351b5d019cd497ab1d84160f10b653c/gnocchi.2006331c-4bf4-4bc2-bafa-b6d01219e73a/1771200000.0_mean_300.0_v3" "txb03224121fa34ee083c8a-00699c0ffa" "object-server 22" 0.0006 "-" 17 0
Feb 23 08:29:46 np0005626460 container-server[121891]: 172.20.0.104 - - [23/Feb/2026:08:29:46 +0000] "PUT /d1/557/AUTH_d351b5d019cd497ab1d84160f10b653c/gnocchi.1d0d75ac-6399-40be-82c8-e645a7bf9a38/none_v3" 201 - "PUT http://172.18.0.134:8080/d1/1022/AUTH_d351b5d019cd497ab1d84160f10b653c/gnocchi.1d0d75ac-6399-40be-82c8-e645a7bf9a38/none_v3" "tx46a1dc2429204777bb85e-00699c0ffa" "object-server 23" 0.0011 "-" 16 0
Feb 23 08:29:46 np0005626460 object-server[122294]: 172.20.0.104 - - [23/Feb/2026:08:29:46 +0000] "PUT /d1/523/AUTH_d351b5d019cd497ab1d84160f10b653c/gnocchi.2006331c-4bf4-4bc2-bafa-b6d01219e73a/1771200000.0_mean_300.0_v3" 201 - "PUT http://172.18.0.134:8080/v1/AUTH_d351b5d019cd497ab1d84160f10b653c/gnocchi.2006331c-4bf4-4bc2-bafa-b6d01219e73a/1771200000.0_mean_300.0_v3" "txb03224121fa34ee083c8a-00699c0ffa" "proxy-server 20" 0.0204 "-" 24 0
Feb 23 08:29:46 np0005626460 object-server[122291]: 172.20.0.105 - - [23/Feb/2026:08:29:46 +0000] "PUT /d1/1022/AUTH_d351b5d019cd497ab1d84160f10b653c/gnocchi.1d0d75ac-6399-40be-82c8-e645a7bf9a38/none_v3" 201 - "PUT http://172.18.0.134:8080/v1/AUTH_d351b5d019cd497ab1d84160f10b653c/gnocchi.1d0d75ac-6399-40be-82c8-e645a7bf9a38/none_v3" "tx46a1dc2429204777bb85e-00699c0ffa" "proxy-server 20" 0.0174 "-" 23 0
Feb 23 08:29:46 np0005626460 proxy-server[123514]: 172.18.0.134 172.18.0.104 23/Feb/2026/08/29/46 PUT /v1/AUTH_d351b5d019cd497ab1d84160f10b653c/gnocchi.2006331c-4bf4-4bc2-bafa-b6d01219e73a/1771200000.0_mean_300.0_v3 HTTP/1.0 201 - python-swiftclient-3.11.1 gAAAAABpnA5xJZZ6... 24 - - txb03224121fa34ee083c8a-00699c0ffa - 0.0313 - - 1771835386.163920403 1771835386.195236444 0
Feb 23 08:29:46 np0005626460 container-server[121892]: 172.20.0.105 - - [23/Feb/2026:08:29:46 +0000] "PUT /d1/752/AUTH_d351b5d019cd497ab1d84160f10b653c/gnocchi.2006331c-4bf4-4bc2-bafa-b6d01219e73a/none_v3" 201 - "PUT http://172.18.0.134:8080/d1/184/AUTH_d351b5d019cd497ab1d84160f10b653c/gnocchi.2006331c-4bf4-4bc2-bafa-b6d01219e73a/none_v3" "txd19c0eb55c5a4351951de-00699c0ffa" "object-server 21" 0.0006 "-" 17 0
Feb 23 08:29:46 np0005626460 object-server[122305]: 172.20.0.105 - - [23/Feb/2026:08:29:46 +0000] "PUT /d1/184/AUTH_d351b5d019cd497ab1d84160f10b653c/gnocchi.2006331c-4bf4-4bc2-bafa-b6d01219e73a/none_v3" 201 - "PUT http://172.18.0.134:8080/v1/AUTH_d351b5d019cd497ab1d84160f10b653c/gnocchi.2006331c-4bf4-4bc2-bafa-b6d01219e73a/none_v3" "txd19c0eb55c5a4351951de-00699c0ffa" "proxy-server 20" 0.0170 "-" 25 0
Feb 23 08:29:46 np0005626460 object-server[122291]: 172.20.0.104 - - [23/Feb/2026:08:29:46 +0000] "GET /d1/832/AUTH_d351b5d019cd497ab1d84160f10b653c/gnocchi.775bdd17-dd47-4d35-b74f-be986e860bd1/1771200000.0_rate%3Amean_300.0_v3" 404 70 "GET http://172.18.0.134:8080/v1/AUTH_d351b5d019cd497ab1d84160f10b653c/gnocchi.775bdd17-dd47-4d35-b74f-be986e860bd1/1771200000.0_rate%3Amean_300.0_v3" "tx3ef344952bd64d6dbcc5c-00699c0ffa" "proxy-server 20" 0.0007 "-" 23 0
Feb 23 08:29:46 np0005626460 proxy-server[123514]: 172.18.0.103 172.18.0.104 23/Feb/2026/08/29/46 GET /v1/AUTH_d351b5d019cd497ab1d84160f10b653c/gnocchi.775bdd17-dd47-4d35-b74f-be986e860bd1/1771200000.0_rate%253Amean_300.0_v3 HTTP/1.0 404 - python-swiftclient-3.11.1 gAAAAABpnA5xV5GH... - 70 - tx3ef344952bd64d6dbcc5c-00699c0ffa - 0.0211 - - 1771835386.212195635 1771835386.233245850 0
Feb 23 08:29:46 np0005626460 object-server[122294]: 172.20.0.103 - - [23/Feb/2026:08:29:46 +0000] "GET /d1/613/AUTH_d351b5d019cd497ab1d84160f10b653c/gnocchi.775bdd17-dd47-4d35-b74f-be986e860bd1/1771200000.0_mean_300.0_v3" 200 16 "GET http://172.18.0.134:8080/v1/AUTH_d351b5d019cd497ab1d84160f10b653c/gnocchi.775bdd17-dd47-4d35-b74f-be986e860bd1/1771200000.0_mean_300.0_v3" "tx7bf186d0e51d40ed9d9e0-00699c0ffa" "proxy-server 20" 0.0014 "-" 24 0
Feb 23 08:29:46 np0005626460 object-server[122291]: 172.20.0.105 - - [23/Feb/2026:08:29:46 +0000] "GET /d1/568/AUTH_d351b5d019cd497ab1d84160f10b653c/gnocchi.a9a3f913-6e88-4980-a5d3-395f971e818d/none_v3" 200 22 "GET http://172.18.0.134:8080/v1/AUTH_d351b5d019cd497ab1d84160f10b653c/gnocchi.a9a3f913-6e88-4980-a5d3-395f971e818d/none_v3" "tx456fe9d924a040819678e-00699c0ffa" "proxy-server 20" 0.0009 "-" 23 0
Feb 23 08:29:46 np0005626460 object-server[122290]: 172.20.0.104 - - [23/Feb/2026:08:29:46 +0000] "PUT /d1/832/AUTH_d351b5d019cd497ab1d84160f10b653c/gnocchi.775bdd17-dd47-4d35-b74f-be986e860bd1/1771200000.0_rate%3Amean_300.0_v3" 201 - "PUT http://172.18.0.134:8080/v1/AUTH_d351b5d019cd497ab1d84160f10b653c/gnocchi.775bdd17-dd47-4d35-b74f-be986e860bd1/1771200000.0_rate%3Amean_300.0_v3" "tx27dca6bfdbb741acbb666-00699c0ffa" "proxy-server 20" 0.0136 "-" 22 0
Feb 23 08:29:46 np0005626460 container-server[121891]: 172.20.0.105 - - [23/Feb/2026:08:29:46 +0000] "PUT /d1/200/AUTH_d351b5d019cd497ab1d84160f10b653c/gnocchi.775bdd17-dd47-4d35-b74f-be986e860bd1/1771200000.0_rate%3Amean_300.0_v3" 201 - "PUT http://172.18.0.134:8080/d1/832/AUTH_d351b5d019cd497ab1d84160f10b653c/gnocchi.775bdd17-dd47-4d35-b74f-be986e860bd1/1771200000.0_rate%3Amean_300.0_v3" "tx27dca6bfdbb741acbb666-00699c0ffa" "object-server 21" 0.0012 "-" 16 0
Feb 23 08:29:46 np0005626460 container-server[121891]: 172.20.0.103 - - [23/Feb/2026:08:29:46 +0000] "GET /d1/685/AUTH_d351b5d019cd497ab1d84160f10b653c/gnocchi.a9a3f913-6e88-4980-a5d3-395f971e818d" 200 357 "GET http://172.18.0.134:8080/v1/AUTH_d351b5d019cd497ab1d84160f10b653c/gnocchi.a9a3f913-6e88-4980-a5d3-395f971e818d?format=json&states=listing" "tx616a091d770140708e8b9-00699c0ffa" "proxy-server 20" 0.0048 "-" 16 0
Feb 23 08:29:46 np0005626460 proxy-server[123514]: 172.18.0.103 172.18.0.104 23/Feb/2026/08/29/46 PUT /v1/AUTH_d351b5d019cd497ab1d84160f10b653c/gnocchi.775bdd17-dd47-4d35-b74f-be986e860bd1/1771200000.0_rate%253Amean_300.0_v3 HTTP/1.0 201 - python-swiftclient-3.11.1 gAAAAABpnA5xV5GH... 16 - - tx27dca6bfdbb741acbb666-00699c0ffa - 0.0386 - - 1771835386.254292488 1771835386.292876720 0
Feb 23 08:29:46 np0005626460 container-server[121889]: 172.20.0.105 - - [23/Feb/2026:08:29:46 +0000] "GET /d1/685/AUTH_d351b5d019cd497ab1d84160f10b653c/gnocchi.a9a3f913-6e88-4980-a5d3-395f971e818d" 200 2 "GET http://172.18.0.134:8080/v1/AUTH_d351b5d019cd497ab1d84160f10b653c/gnocchi.a9a3f913-6e88-4980-a5d3-395f971e818d?format=json&marker=none_v3&states=listing" "tx0331e506f210482988311-00699c0ffa" "proxy-server 20" 0.0023 "-" 15 0
Feb 23 08:29:46 np0005626460 container-server[121892]: 172.20.0.104 - - [23/Feb/2026:08:29:46 +0000] "PUT /d1/200/AUTH_d351b5d019cd497ab1d84160f10b653c/gnocchi.775bdd17-dd47-4d35-b74f-be986e860bd1/1771200000.0_mean_300.0_v3" 201 - "PUT http://172.18.0.134:8080/d1/613/AUTH_d351b5d019cd497ab1d84160f10b653c/gnocchi.775bdd17-dd47-4d35-b74f-be986e860bd1/1771200000.0_mean_300.0_v3" "txb21b1a2d138a444fa237c-00699c0ffa" "object-server 23" 0.0006 "-" 17 0
Feb 23 08:29:46 np0005626460 object-server[122291]: 172.20.0.103 - - [23/Feb/2026:08:29:46 +0000] "PUT /d1/613/AUTH_d351b5d019cd497ab1d84160f10b653c/gnocchi.775bdd17-dd47-4d35-b74f-be986e860bd1/1771200000.0_mean_300.0_v3" 201 - "PUT http://172.18.0.134:8080/v1/AUTH_d351b5d019cd497ab1d84160f10b653c/gnocchi.775bdd17-dd47-4d35-b74f-be986e860bd1/1771200000.0_mean_300.0_v3" "txb21b1a2d138a444fa237c-00699c0ffa" "proxy-server 20" 0.0139 "-" 23 0
Feb 23 08:29:46 np0005626460 proxy-server[123514]: 172.18.0.105 172.18.0.104 23/Feb/2026/08/29/46 GET /v1/AUTH_d351b5d019cd497ab1d84160f10b653c/gnocchi.a9a3f913-6e88-4980-a5d3-395f971e818d/1771200000.0_mean_300.0_v3 HTTP/1.0 200 - python-swiftclient-3.11.1 gAAAAABpnA4o6Gk-... - 16 - tx99a98f6cdcd64422a9e34-00699c0ffa - 0.0160 - - 1771835386.318271637 1771835386.334253073 0
Feb 23 08:29:46 np0005626460 container-server[121891]: 172.20.0.104 - - [23/Feb/2026:08:29:46 +0000] "PUT /d1/200/AUTH_d351b5d019cd497ab1d84160f10b653c/gnocchi.775bdd17-dd47-4d35-b74f-be986e860bd1/none_v3" 201 - "PUT http://172.18.0.134:8080/d1/556/AUTH_d351b5d019cd497ab1d84160f10b653c/gnocchi.775bdd17-dd47-4d35-b74f-be986e860bd1/none_v3" "tx7840c29bf8064981aa471-00699c0ffa" "object-server 22" 0.0011 "-" 16 0
Feb 23 08:29:46 np0005626460 object-server[122290]: 172.20.0.105 - - [23/Feb/2026:08:29:46 +0000] "PUT /d1/556/AUTH_d351b5d019cd497ab1d84160f10b653c/gnocchi.775bdd17-dd47-4d35-b74f-be986e860bd1/none_v3" 201 - "PUT http://172.18.0.134:8080/v1/AUTH_d351b5d019cd497ab1d84160f10b653c/gnocchi.775bdd17-dd47-4d35-b74f-be986e860bd1/none_v3" "tx7840c29bf8064981aa471-00699c0ffa" "proxy-server 20" 0.0173 "-" 22 0
Feb 23 08:29:46 np0005626460 object-server[122305]: 172.20.0.104 - - [23/Feb/2026:08:29:46 +0000] "GET /d1/688/AUTH_d351b5d019cd497ab1d84160f10b653c/gnocchi.a9a3f913-6e88-4980-a5d3-395f971e818d/1771200000.0_rate%3Amean_300.0_v3" 404 70 "GET http://172.18.0.134:8080/v1/AUTH_d351b5d019cd497ab1d84160f10b653c/gnocchi.a9a3f913-6e88-4980-a5d3-395f971e818d/1771200000.0_rate%3Amean_300.0_v3" "tx653c0d89dd2e4173b4ae2-00699c0ffa" "proxy-server 20" 0.0007 "-" 25 0
Feb 23 08:29:46 np0005626460 proxy-server[123514]: 172.18.0.105 172.18.0.104 23/Feb/2026/08/29/46 GET /v1/AUTH_d351b5d019cd497ab1d84160f10b653c/gnocchi.a9a3f913-6e88-4980-a5d3-395f971e818d/1771200000.0_rate%253Amean_300.0_v3 HTTP/1.0 404 - python-swiftclient-3.11.1 gAAAAABpnA4o6Gk-... - 70 - tx653c0d89dd2e4173b4ae2-00699c0ffa - 0.0238 - - 1771835386.339716434 1771835386.363525391 0
Feb 23 08:29:46 np0005626460 container-server[121891]: 172.20.0.104 - - [23/Feb/2026:08:29:46 +0000] "GET /d1/931/AUTH_d351b5d019cd497ab1d84160f10b653c/gnocchi.815f70e1-ec9a-4abf-8604-b6ebe6f65d13" 200 2 "GET http://172.18.0.134:8080/v1/AUTH_d351b5d019cd497ab1d84160f10b653c/gnocchi.815f70e1-ec9a-4abf-8604-b6ebe6f65d13?format=json&marker=none_v3&states=listing" "txea38815ff5b24151a71c7-00699c0ffa" "proxy-server 20" 0.0041 "-" 16 0
Feb 23 08:29:46 np0005626460 container-server[121892]: 172.20.0.104 - - [23/Feb/2026:08:29:46 +0000] "PUT /d1/685/AUTH_d351b5d019cd497ab1d84160f10b653c/gnocchi.a9a3f913-6e88-4980-a5d3-395f971e818d/1771200000.0_mean_300.0_v3" 201 - "PUT http://172.18.0.134:8080/d1/3/AUTH_d351b5d019cd497ab1d84160f10b653c/gnocchi.a9a3f913-6e88-4980-a5d3-395f971e818d/1771200000.0_mean_300.0_v3" "tx15f3edf500ae46eaa7270-00699c0ffa" "object-server 22" 0.0006 "-" 17 0
Feb 23 08:29:46 np0005626460 object-server[122290]: 172.20.0.105 - - [23/Feb/2026:08:29:46 +0000] "PUT /d1/3/AUTH_d351b5d019cd497ab1d84160f10b653c/gnocchi.a9a3f913-6e88-4980-a5d3-395f971e818d/1771200000.0_mean_300.0_v3" 201 - "PUT http://172.18.0.134:8080/v1/AUTH_d351b5d019cd497ab1d84160f10b653c/gnocchi.a9a3f913-6e88-4980-a5d3-395f971e818d/1771200000.0_mean_300.0_v3" "tx15f3edf500ae46eaa7270-00699c0ffa" "proxy-server 20" 0.0116 "-" 22 0
Feb 23 08:29:46 np0005626460 proxy-server[123514]: 172.18.0.134 172.18.0.104 23/Feb/2026/08/29/46 GET /v1/AUTH_d351b5d019cd497ab1d84160f10b653c/gnocchi.815f70e1-ec9a-4abf-8604-b6ebe6f65d13%3Fformat%3Djson%26marker%3Dnone_v3%26states%3Dlisting HTTP/1.0 200 - python-swiftclient-3.11.1 gAAAAABpnA5xJZZ6... - 2 - txea38815ff5b24151a71c7-00699c0ffa - 0.0151 - - 1771835386.376374006 1771835386.391453981 0
Feb 23 08:29:46 np0005626460 object-server[122305]: 172.20.0.103 - - [23/Feb/2026:08:29:46 +0000] "GET /d1/912/AUTH_d351b5d019cd497ab1d84160f10b653c/gnocchi.815f70e1-ec9a-4abf-8604-b6ebe6f65d13/1771200000.0_rate%3Amean_300.0_v3" 404 70 "GET http://172.18.0.134:8080/v1/AUTH_d351b5d019cd497ab1d84160f10b653c/gnocchi.815f70e1-ec9a-4abf-8604-b6ebe6f65d13/1771200000.0_rate%3Amean_300.0_v3" "tx1d80bc39370d4d2fb60ca-00699c0ffa" "proxy-server 20" 0.0004 "-" 25 0
Feb 23 08:29:46 np0005626460 object-server[122291]: 172.20.0.104 - - [23/Feb/2026:08:29:46 +0000] "PUT /d1/688/AUTH_d351b5d019cd497ab1d84160f10b653c/gnocchi.a9a3f913-6e88-4980-a5d3-395f971e818d/1771200000.0_rate%3Amean_300.0_v3" 201 - "PUT http://172.18.0.134:8080/v1/AUTH_d351b5d019cd497ab1d84160f10b653c/gnocchi.a9a3f913-6e88-4980-a5d3-395f971e818d/1771200000.0_rate%3Amean_300.0_v3" "tx204e7c28562e475f9412b-00699c0ffa" "proxy-server 20" 0.0159 "-" 23 0
Feb 23 08:29:46 np0005626460 object-server[122294]: 172.20.0.105 - - [23/Feb/2026:08:29:46 +0000] "GET /d1/433/AUTH_d351b5d019cd497ab1d84160f10b653c/gnocchi.815f70e1-ec9a-4abf-8604-b6ebe6f65d13/1771200000.0_mean_300.0_v3" 200 16 "GET http://172.18.0.134:8080/v1/AUTH_d351b5d019cd497ab1d84160f10b653c/gnocchi.815f70e1-ec9a-4abf-8604-b6ebe6f65d13/1771200000.0_mean_300.0_v3" "tx58014ecc9ec7405b9d780-00699c0ffa" "proxy-server 20" 0.0008 "-" 24 0
Feb 23 08:29:46 np0005626460 container-server[121883]: 172.20.0.103 - - [23/Feb/2026:08:29:46 +0000] "PUT /d1/685/AUTH_d351b5d019cd497ab1d84160f10b653c/gnocchi.a9a3f913-6e88-4980-a5d3-395f971e818d/1771200000.0_rate%3Amean_300.0_v3" 201 - "PUT http://172.18.0.134:8080/d1/688/AUTH_d351b5d019cd497ab1d84160f10b653c/gnocchi.a9a3f913-6e88-4980-a5d3-395f971e818d/1771200000.0_rate%3Amean_300.0_v3" "tx204e7c28562e475f9412b-00699c0ffa" "object-server 24" 0.0019 "-" 14 0
Feb 23 08:29:46 np0005626460 proxy-server[123514]: 172.18.0.105 172.18.0.104 23/Feb/2026/08/29/46 PUT /v1/AUTH_d351b5d019cd497ab1d84160f10b653c/gnocchi.a9a3f913-6e88-4980-a5d3-395f971e818d/1771200000.0_rate%253Amean_300.0_v3 HTTP/1.0 201 - python-swiftclient-3.11.1 gAAAAABpnA4o6Gk-... 16 - - tx204e7c28562e475f9412b-00699c0ffa - 0.0405 - - 1771835386.401620150 1771835386.442134380 0
Feb 23 08:29:46 np0005626460 container-server[121891]: 172.20.0.104 - - [23/Feb/2026:08:29:46 +0000] "PUT /d1/931/AUTH_d351b5d019cd497ab1d84160f10b653c/gnocchi.815f70e1-ec9a-4abf-8604-b6ebe6f65d13/1771200000.0_rate%3Amean_300.0_v3" 201 - "PUT http://172.18.0.134:8080/d1/912/AUTH_d351b5d019cd497ab1d84160f10b653c/gnocchi.815f70e1-ec9a-4abf-8604-b6ebe6f65d13/1771200000.0_rate%3Amean_300.0_v3" "tx1c0019cd09444dbdbdcf6-00699c0ffa" "object-server 24" 0.0008 "-" 16 0
Feb 23 08:29:46 np0005626460 object-server[122294]: 172.20.0.103 - - [23/Feb/2026:08:29:46 +0000] "PUT /d1/912/AUTH_d351b5d019cd497ab1d84160f10b653c/gnocchi.815f70e1-ec9a-4abf-8604-b6ebe6f65d13/1771200000.0_rate%3Amean_300.0_v3" 201 - "PUT http://172.18.0.134:8080/v1/AUTH_d351b5d019cd497ab1d84160f10b653c/gnocchi.815f70e1-ec9a-4abf-8604-b6ebe6f65d13/1771200000.0_rate%3Amean_300.0_v3" "tx1c0019cd09444dbdbdcf6-00699c0ffa" "proxy-server 20" 0.0144 "-" 24 0
Feb 23 08:29:46 np0005626460 object-server[122291]: 172.20.0.104 - - [23/Feb/2026:08:29:46 +0000] "PUT /d1/568/AUTH_d351b5d019cd497ab1d84160f10b653c/gnocchi.a9a3f913-6e88-4980-a5d3-395f971e818d/none_v3" 201 - "PUT http://172.18.0.134:8080/v1/AUTH_d351b5d019cd497ab1d84160f10b653c/gnocchi.a9a3f913-6e88-4980-a5d3-395f971e818d/none_v3" "tx94a28f30c9f34e34b25da-00699c0ffa" "proxy-server 20" 0.0138 "-" 23 0
Feb 23 08:29:46 np0005626460 container-server[121883]: 172.20.0.105 - - [23/Feb/2026:08:29:46 +0000] "PUT /d1/685/AUTH_d351b5d019cd497ab1d84160f10b653c/gnocchi.a9a3f913-6e88-4980-a5d3-395f971e818d/none_v3" 201 - "PUT http://172.18.0.134:8080/d1/568/AUTH_d351b5d019cd497ab1d84160f10b653c/gnocchi.a9a3f913-6e88-4980-a5d3-395f971e818d/none_v3" "tx94a28f30c9f34e34b25da-00699c0ffa" "object-server 25" 0.0012 "-" 14 0
Feb 23 08:29:46 np0005626460 proxy-server[123514]: 172.18.0.105 172.18.0.104 23/Feb/2026/08/29/46 PUT /v1/AUTH_d351b5d019cd497ab1d84160f10b653c/gnocchi.a9a3f913-6e88-4980-a5d3-395f971e818d/none_v3 HTTP/1.0 201 - python-swiftclient-3.11.1 gAAAAABpnA4o6Gk-... 33 - - tx94a28f30c9f34e34b25da-00699c0ffa - 0.0322 - - 1771835386.447691679 1771835386.479919195 0
Feb 23 08:29:46 np0005626460 object-server[122291]: 172.20.0.104 - - [23/Feb/2026:08:29:46 +0000] "PUT /d1/433/AUTH_d351b5d019cd497ab1d84160f10b653c/gnocchi.815f70e1-ec9a-4abf-8604-b6ebe6f65d13/1771200000.0_mean_300.0_v3" 201 - "PUT http://172.18.0.134:8080/v1/AUTH_d351b5d019cd497ab1d84160f10b653c/gnocchi.815f70e1-ec9a-4abf-8604-b6ebe6f65d13/1771200000.0_mean_300.0_v3" "txe0942eba825541c3b53a0-00699c0ffa" "proxy-server 20" 0.0117 "-" 23 0
Feb 23 08:29:46 np0005626460 container-server[121892]: 172.20.0.103 - - [23/Feb/2026:08:29:46 +0000] "PUT /d1/931/AUTH_d351b5d019cd497ab1d84160f10b653c/gnocchi.815f70e1-ec9a-4abf-8604-b6ebe6f65d13/1771200000.0_mean_300.0_v3" 201 - "PUT http://172.18.0.134:8080/d1/433/AUTH_d351b5d019cd497ab1d84160f10b653c/gnocchi.815f70e1-ec9a-4abf-8604-b6ebe6f65d13/1771200000.0_mean_300.0_v3" "txe0942eba825541c3b53a0-00699c0ffa" "object-server 22" 0.0007 "-" 17 0
Feb 23 08:29:46 np0005626460 proxy-server[123514]: 172.18.0.134 172.18.0.104 23/Feb/2026/08/29/46 PUT /v1/AUTH_d351b5d019cd497ab1d84160f10b653c/gnocchi.815f70e1-ec9a-4abf-8604-b6ebe6f65d13/1771200000.0_mean_300.0_v3 HTTP/1.0 201 - python-swiftclient-3.11.1 gAAAAABpnA5xJZZ6... 24 - - txe0942eba825541c3b53a0-00699c0ffa - 0.0310 - - 1771835386.485191107 1771835386.516200781 0
Feb 23 08:29:46 np0005626460 container-server[121892]: 172.20.0.103 - - [23/Feb/2026:08:29:46 +0000] "PUT /d1/931/AUTH_d351b5d019cd497ab1d84160f10b653c/gnocchi.815f70e1-ec9a-4abf-8604-b6ebe6f65d13/none_v3" 201 - "PUT http://172.18.0.134:8080/d1/229/AUTH_d351b5d019cd497ab1d84160f10b653c/gnocchi.815f70e1-ec9a-4abf-8604-b6ebe6f65d13/none_v3" "txdb287addb31144e28f46c-00699c0ffa" "object-server 23" 0.0004 "-" 17 0
Feb 23 08:29:46 np0005626460 object-server[122294]: 172.20.0.104 - - [23/Feb/2026:08:29:46 +0000] "PUT /d1/229/AUTH_d351b5d019cd497ab1d84160f10b653c/gnocchi.815f70e1-ec9a-4abf-8604-b6ebe6f65d13/none_v3" 201 - "PUT http://172.18.0.134:8080/v1/AUTH_d351b5d019cd497ab1d84160f10b653c/gnocchi.815f70e1-ec9a-4abf-8604-b6ebe6f65d13/none_v3" "txdb287addb31144e28f46c-00699c0ffa" "proxy-server 20" 0.0155 "-" 24 0
Feb 23 08:29:46 np0005626460 object-server[122305]: 172.20.0.105 - - [23/Feb/2026:08:29:46 +0000] "GET /d1/158/AUTH_d351b5d019cd497ab1d84160f10b653c/gnocchi.ff3d4d84-f6cc-4223-a974-ba1e7eba000f/1771200000.0_rate%3Amean_300.0_v3" 404 70 "GET http://172.18.0.134:8080/v1/AUTH_d351b5d019cd497ab1d84160f10b653c/gnocchi.ff3d4d84-f6cc-4223-a974-ba1e7eba000f/1771200000.0_rate%3Amean_300.0_v3" "tx53cc48ceef1b4f1b8261c-00699c0ffa" "proxy-server 20" 0.0007 "-" 25 0
Feb 23 08:29:46 np0005626460 proxy-server[123514]: 172.18.0.134 172.18.0.104 23/Feb/2026/08/29/46 PUT /v1/AUTH_d351b5d019cd497ab1d84160f10b653c/gnocchi.815f70e1-ec9a-4abf-8604-b6ebe6f65d13/none_v3 HTTP/1.0 201 - python-swiftclient-3.11.1 gAAAAABpnA5xJZZ6... 33 - - txdb287addb31144e28f46c-00699c0ffa - 0.0300 - - 1771835386.521616697 1771835386.551593781 0
Feb 23 08:29:46 np0005626460 proxy-server[123514]: 172.18.0.105 172.18.0.104 23/Feb/2026/08/29/46 GET /v1/AUTH_d351b5d019cd497ab1d84160f10b653c/gnocchi.fa83dd2f-03fa-4931-9293-9d3f29a5d892%3Fformat%3Djson%26marker%3Dnone_v3%26states%3Dlisting HTTP/1.0 200 - python-swiftclient-3.11.1 gAAAAABpnA4o6Gk-... - 2 - tx436bfae6849942a787bc9-00699c0ffa - 0.0202 - - 1771835386.569028616 1771835386.589180231 0
Feb 23 08:29:46 np0005626460 object-server[121997]: 44/44 (100.00%) partitions replicated in 2.60s (16.94/sec, 0s remaining)
Feb 23 08:29:46 np0005626460 object-server[121997]: 88 successes, 0 failures
Feb 23 08:29:46 np0005626460 object-server[121997]: 47 suffixes checked - 17.02% hashed, 0.00% synced
Feb 23 08:29:46 np0005626460 object-server[121997]: Partition times: max 1.9270s, min 0.0049s, med 0.0099s
Feb 23 08:29:46 np0005626460 object-server[121997]: Object replication complete. (0.04 minutes)
Feb 23 08:29:46 np0005626460 container-server[121891]: 172.20.0.105 - - [23/Feb/2026:08:29:46 +0000] "PUT /d1/923/AUTH_d351b5d019cd497ab1d84160f10b653c/gnocchi.ff3d4d84-f6cc-4223-a974-ba1e7eba000f/1771200000.0_rate%3Amean_300.0_v3" 201 - "PUT http://172.18.0.134:8080/d1/158/AUTH_d351b5d019cd497ab1d84160f10b653c/gnocchi.ff3d4d84-f6cc-4223-a974-ba1e7eba000f/1771200000.0_rate%3Amean_300.0_v3" "tx6827a8cf2627426c99202-00699c0ffa" "object-server 21" 0.0023 "-" 16 0
Feb 23 08:29:46 np0005626460 object-server[122290]: 172.20.0.104 - - [23/Feb/2026:08:29:46 +0000] "GET /d1/82/AUTH_d351b5d019cd497ab1d84160f10b653c/gnocchi.fa83dd2f-03fa-4931-9293-9d3f29a5d892/1771200000.0_rate%3Amean_300.0_v3" 404 70 "GET http://172.18.0.134:8080/v1/AUTH_d351b5d019cd497ab1d84160f10b653c/gnocchi.fa83dd2f-03fa-4931-9293-9d3f29a5d892/1771200000.0_rate%3Amean_300.0_v3" "tx955ada3ada67426996803-00699c0ffa" "proxy-server 20" 0.0005 "-" 22 0
Feb 23 08:29:46 np0005626460 object-server[122294]: 172.20.0.105 - - [23/Feb/2026:08:29:46 +0000] "PUT /d1/158/AUTH_d351b5d019cd497ab1d84160f10b653c/gnocchi.ff3d4d84-f6cc-4223-a974-ba1e7eba000f/1771200000.0_rate%3Amean_300.0_v3" 201 - "PUT http://172.18.0.134:8080/v1/AUTH_d351b5d019cd497ab1d84160f10b653c/gnocchi.ff3d4d84-f6cc-4223-a974-ba1e7eba000f/1771200000.0_rate%3Amean_300.0_v3" "tx6827a8cf2627426c99202-00699c0ffa" "proxy-server 20" 0.0332 "-" 24 0
Feb 23 08:29:46 np0005626460 proxy-server[123514]: 172.18.0.105 172.18.0.104 23/Feb/2026/08/29/46 GET /v1/AUTH_d351b5d019cd497ab1d84160f10b653c/gnocchi.fa83dd2f-03fa-4931-9293-9d3f29a5d892/1771200000.0_rate%253Amean_300.0_v3 HTTP/1.0 404 - python-swiftclient-3.11.1 gAAAAABpnA4o6Gk-... - 70 - tx955ada3ada67426996803-00699c0ffa - 0.0237 - - 1771835386.622606039 1771835386.646293163 0
Feb 23 08:29:46 np0005626460 container-server[121883]: 172.20.0.104 - - [23/Feb/2026:08:29:46 +0000] "PUT /d1/975/AUTH_d351b5d019cd497ab1d84160f10b653c/gnocchi.fa83dd2f-03fa-4931-9293-9d3f29a5d892/1771200000.0_mean_300.0_v3" 201 - "PUT http://172.18.0.134:8080/d1/22/AUTH_d351b5d019cd497ab1d84160f10b653c/gnocchi.fa83dd2f-03fa-4931-9293-9d3f29a5d892/1771200000.0_mean_300.0_v3" "txe1e80b8289314aa0bdf5a-00699c0ffa" "object-server 25" 0.0008 "-" 14 0
Feb 23 08:29:46 np0005626460 container-server[121891]: 172.20.0.104 - - [23/Feb/2026:08:29:46 +0000] "PUT /d1/923/AUTH_d351b5d019cd497ab1d84160f10b653c/gnocchi.ff3d4d84-f6cc-4223-a974-ba1e7eba000f/1771200000.0_mean_300.0_v3" 201 - "PUT http://172.18.0.134:8080/d1/577/AUTH_d351b5d019cd497ab1d84160f10b653c/gnocchi.ff3d4d84-f6cc-4223-a974-ba1e7eba000f/1771200000.0_mean_300.0_v3" "tx50c1873a2ea449a1991d6-00699c0ffa" "object-server 25" 0.0005 "-" 16 0
Feb 23 08:29:46 np0005626460 object-server[122305]: 172.20.0.103 - - [23/Feb/2026:08:29:46 +0000] "PUT /d1/22/AUTH_d351b5d019cd497ab1d84160f10b653c/gnocchi.fa83dd2f-03fa-4931-9293-9d3f29a5d892/1771200000.0_mean_300.0_v3" 201 - "PUT http://172.18.0.134:8080/v1/AUTH_d351b5d019cd497ab1d84160f10b653c/gnocchi.fa83dd2f-03fa-4931-9293-9d3f29a5d892/1771200000.0_mean_300.0_v3" "txe1e80b8289314aa0bdf5a-00699c0ffa" "proxy-server 20" 0.0140 "-" 25 0
Feb 23 08:29:46 np0005626460 object-server[122305]: 172.20.0.105 - - [23/Feb/2026:08:29:46 +0000] "PUT /d1/577/AUTH_d351b5d019cd497ab1d84160f10b653c/gnocchi.ff3d4d84-f6cc-4223-a974-ba1e7eba000f/1771200000.0_mean_300.0_v3" 201 - "PUT http://172.18.0.134:8080/v1/AUTH_d351b5d019cd497ab1d84160f10b653c/gnocchi.ff3d4d84-f6cc-4223-a974-ba1e7eba000f/1771200000.0_mean_300.0_v3" "tx50c1873a2ea449a1991d6-00699c0ffa" "proxy-server 20" 0.0129 "-" 25 0
Feb 23 08:29:46 np0005626460 container-server[121889]: 172.20.0.104 - - [23/Feb/2026:08:29:46 +0000] "PUT /d1/923/AUTH_d351b5d019cd497ab1d84160f10b653c/gnocchi.ff3d4d84-f6cc-4223-a974-ba1e7eba000f/none_v3" 201 - "PUT http://172.18.0.134:8080/d1/385/AUTH_d351b5d019cd497ab1d84160f10b653c/gnocchi.ff3d4d84-f6cc-4223-a974-ba1e7eba000f/none_v3" "tx0198d83f500d480287158-00699c0ffa" "object-server 24" 0.0007 "-" 15 0
Feb 23 08:29:46 np0005626460 container-server[121889]: 172.20.0.105 - - [23/Feb/2026:08:29:46 +0000] "PUT /d1/975/AUTH_d351b5d019cd497ab1d84160f10b653c/gnocchi.fa83dd2f-03fa-4931-9293-9d3f29a5d892/1771200000.0_rate%3Amean_300.0_v3" 201 - "PUT http://172.18.0.134:8080/d1/82/AUTH_d351b5d019cd497ab1d84160f10b653c/gnocchi.fa83dd2f-03fa-4931-9293-9d3f29a5d892/1771200000.0_rate%3Amean_300.0_v3" "txfcf4a605a6ca44998c70b-00699c0ffa" "object-server 22" 0.0004 "-" 15 0
Feb 23 08:29:46 np0005626460 object-server[122294]: 172.20.0.103 - - [23/Feb/2026:08:29:46 +0000] "PUT /d1/385/AUTH_d351b5d019cd497ab1d84160f10b653c/gnocchi.ff3d4d84-f6cc-4223-a974-ba1e7eba000f/none_v3" 201 - "PUT http://172.18.0.134:8080/v1/AUTH_d351b5d019cd497ab1d84160f10b653c/gnocchi.ff3d4d84-f6cc-4223-a974-ba1e7eba000f/none_v3" "tx0198d83f500d480287158-00699c0ffa" "proxy-server 20" 0.0150 "-" 24 0
Feb 23 08:29:46 np0005626460 object-server[122291]: 172.20.0.104 - - [23/Feb/2026:08:29:46 +0000] "PUT /d1/82/AUTH_d351b5d019cd497ab1d84160f10b653c/gnocchi.fa83dd2f-03fa-4931-9293-9d3f29a5d892/1771200000.0_rate%3Amean_300.0_v3" 201 - "PUT http://172.18.0.134:8080/v1/AUTH_d351b5d019cd497ab1d84160f10b653c/gnocchi.fa83dd2f-03fa-4931-9293-9d3f29a5d892/1771200000.0_rate%3Amean_300.0_v3" "txfcf4a605a6ca44998c70b-00699c0ffa" "proxy-server 20" 0.0157 "-" 23 0
Feb 23 08:29:46 np0005626460 proxy-server[123514]: 172.18.0.105 172.18.0.104 23/Feb/2026/08/29/46 PUT /v1/AUTH_d351b5d019cd497ab1d84160f10b653c/gnocchi.fa83dd2f-03fa-4931-9293-9d3f29a5d892/1771200000.0_rate%253Amean_300.0_v3 HTTP/1.0 201 - python-swiftclient-3.11.1 gAAAAABpnA4o6Gk-... 16 - - txfcf4a605a6ca44998c70b-00699c0ffa - 0.0299 - - 1771835386.682761431 1771835386.712662697 0
Feb 23 08:29:46 np0005626460 container-server[121891]: 172.20.0.104 - - [23/Feb/2026:08:29:46 +0000] "PUT /d1/975/AUTH_d351b5d019cd497ab1d84160f10b653c/gnocchi.fa83dd2f-03fa-4931-9293-9d3f29a5d892/none_v3" 201 - "PUT http://172.18.0.134:8080/d1/792/AUTH_d351b5d019cd497ab1d84160f10b653c/gnocchi.fa83dd2f-03fa-4931-9293-9d3f29a5d892/none_v3" "tx0ee0fd135bbd4039a0dab-00699c0ffa" "object-server 25" 0.0008 "-" 16 0
Feb 23 08:29:46 np0005626460 object-server[122305]: 172.20.0.105 - - [23/Feb/2026:08:29:46 +0000] "PUT /d1/792/AUTH_d351b5d019cd497ab1d84160f10b653c/gnocchi.fa83dd2f-03fa-4931-9293-9d3f29a5d892/none_v3" 201 - "PUT http://172.18.0.134:8080/v1/AUTH_d351b5d019cd497ab1d84160f10b653c/gnocchi.fa83dd2f-03fa-4931-9293-9d3f29a5d892/none_v3" "tx0ee0fd135bbd4039a0dab-00699c0ffa" "proxy-server 20" 0.0115 "-" 25 0
Feb 23 08:29:46 np0005626460 object-server[122291]: 172.20.0.103 - - [23/Feb/2026:08:29:46 +0000] "GET /d1/355/AUTH_d351b5d019cd497ab1d84160f10b653c/gnocchi.4b66d46e-016e-4cb9-b0b5-14764823da38/none_v3" 200 22 "GET http://172.18.0.134:8080/v1/AUTH_d351b5d019cd497ab1d84160f10b653c/gnocchi.4b66d46e-016e-4cb9-b0b5-14764823da38/none_v3" "tx6272f1b3b7bc4e4b95ced-00699c0ffa" "proxy-server 20" 0.0008 "-" 23 0
Feb 23 08:29:46 np0005626460 proxy-server[123514]: 172.18.0.134 172.18.0.104 23/Feb/2026/08/29/46 GET /v1/AUTH_d351b5d019cd497ab1d84160f10b653c/gnocchi.4b66d46e-016e-4cb9-b0b5-14764823da38%3Fformat%3Djson%26states%3Dlisting HTTP/1.0 200 - python-swiftclient-3.11.1 gAAAAABpnA5xJZZ6... - 357 - tx87d9dc98fb3f43068317f-00699c0ffa - 0.0116 - - 1771835386.754199266 1771835386.765841007 0
Feb 23 08:29:46 np0005626460 container-server[121889]: 172.20.0.105 - - [23/Feb/2026:08:29:46 +0000] "GET /d1/906/AUTH_d351b5d019cd497ab1d84160f10b653c/gnocchi.4b66d46e-016e-4cb9-b0b5-14764823da38" 200 2 "GET http://172.18.0.134:8080/v1/AUTH_d351b5d019cd497ab1d84160f10b653c/gnocchi.4b66d46e-016e-4cb9-b0b5-14764823da38?format=json&marker=none_v3&states=listing" "txd69567f7d5c4497b805fe-00699c0ffa" "proxy-server 20" 0.0029 "-" 15 0
Feb 23 08:29:46 np0005626460 object-server[122305]: 172.20.0.103 - - [23/Feb/2026:08:29:46 +0000] "GET /d1/1018/AUTH_d351b5d019cd497ab1d84160f10b653c/gnocchi.4b66d46e-016e-4cb9-b0b5-14764823da38/1771200000.0_mean_300.0_v3" 200 16 "GET http://172.18.0.134:8080/v1/AUTH_d351b5d019cd497ab1d84160f10b653c/gnocchi.4b66d46e-016e-4cb9-b0b5-14764823da38/1771200000.0_mean_300.0_v3" "tx09f97867f18440e888795-00699c0ffa" "proxy-server 20" 0.0012 "-" 25 0
Feb 23 08:29:46 np0005626460 container-server[121891]: 172.20.0.104 - - [23/Feb/2026:08:29:46 +0000] "PUT /d1/906/AUTH_d351b5d019cd497ab1d84160f10b653c/gnocchi.4b66d46e-016e-4cb9-b0b5-14764823da38/1771200000.0_mean_300.0_v3" 201 - "PUT http://172.18.0.134:8080/d1/1018/AUTH_d351b5d019cd497ab1d84160f10b653c/gnocchi.4b66d46e-016e-4cb9-b0b5-14764823da38/1771200000.0_mean_300.0_v3" "tx982606b59a044e52b74da-00699c0ffa" "object-server 25" 0.0004 "-" 16 0
Feb 23 08:29:46 np0005626460 object-server[122305]: 172.20.0.104 - - [23/Feb/2026:08:29:46 +0000] "PUT /d1/1018/AUTH_d351b5d019cd497ab1d84160f10b653c/gnocchi.4b66d46e-016e-4cb9-b0b5-14764823da38/1771200000.0_mean_300.0_v3" 201 - "PUT http://172.18.0.134:8080/v1/AUTH_d351b5d019cd497ab1d84160f10b653c/gnocchi.4b66d46e-016e-4cb9-b0b5-14764823da38/1771200000.0_mean_300.0_v3" "tx982606b59a044e52b74da-00699c0ffa" "proxy-server 20" 0.0144 "-" 25 0
Feb 23 08:29:46 np0005626460 proxy-server[123514]: 172.18.0.134 172.18.0.104 23/Feb/2026/08/29/46 PUT /v1/AUTH_d351b5d019cd497ab1d84160f10b653c/gnocchi.4b66d46e-016e-4cb9-b0b5-14764823da38/1771200000.0_mean_300.0_v3 HTTP/1.0 201 - python-swiftclient-3.11.1 gAAAAABpnA5xJZZ6... 27 - - tx982606b59a044e52b74da-00699c0ffa - 0.0281 - - 1771835386.801844597 1771835386.829962730 0
Feb 23 08:29:46 np0005626460 container-server[121892]: 172.20.0.105 - - [23/Feb/2026:08:29:46 +0000] "PUT /d1/906/AUTH_d351b5d019cd497ab1d84160f10b653c/gnocchi.4b66d46e-016e-4cb9-b0b5-14764823da38/none_v3" 201 - "PUT http://172.18.0.134:8080/d1/355/AUTH_d351b5d019cd497ab1d84160f10b653c/gnocchi.4b66d46e-016e-4cb9-b0b5-14764823da38/none_v3" "txd8026f2d2cef46139cd88-00699c0ffa" "object-server 22" 0.0005 "-" 17 0
Feb 23 08:29:46 np0005626460 object-server[122291]: 172.20.0.105 - - [23/Feb/2026:08:29:46 +0000] "PUT /d1/355/AUTH_d351b5d019cd497ab1d84160f10b653c/gnocchi.4b66d46e-016e-4cb9-b0b5-14764823da38/none_v3" 201 - "PUT http://172.18.0.134:8080/v1/AUTH_d351b5d019cd497ab1d84160f10b653c/gnocchi.4b66d46e-016e-4cb9-b0b5-14764823da38/none_v3" "txd8026f2d2cef46139cd88-00699c0ffa" "proxy-server 20" 0.0133 "-" 23 0
Feb 23 08:29:46 np0005626460 container-server[121883]: 172.20.0.103 - - [23/Feb/2026:08:29:46 +0000] "HEAD /d1/299/AUTH_d351b5d019cd497ab1d84160f10b653c/gnocchi.610b2609-c529-49db-b009-27c0f145563c" 204 - "HEAD http://172.18.0.134:8080/v1/AUTH_d351b5d019cd497ab1d84160f10b653c/gnocchi.610b2609-c529-49db-b009-27c0f145563c?format=json&states=listing" "txaa8441768be94dde9c631-00699c0ffa" "proxy-server 20" 0.0022 "-" 14 0
Feb 23 08:29:46 np0005626460 object-server[122290]: 172.20.0.103 - - [23/Feb/2026:08:29:46 +0000] "GET /d1/1019/AUTH_d351b5d019cd497ab1d84160f10b653c/gnocchi.610b2609-c529-49db-b009-27c0f145563c/none_v3" 200 22 "GET http://172.18.0.134:8080/v1/AUTH_d351b5d019cd497ab1d84160f10b653c/gnocchi.610b2609-c529-49db-b009-27c0f145563c/none_v3" "txaa8441768be94dde9c631-00699c0ffa" "proxy-server 20" 0.0008 "-" 22 0
Feb 23 08:29:46 np0005626460 container-server[121891]: 172.20.0.104 - - [23/Feb/2026:08:29:46 +0000] "GET /d1/299/AUTH_d351b5d019cd497ab1d84160f10b653c/gnocchi.610b2609-c529-49db-b009-27c0f145563c" 200 357 "GET http://172.18.0.134:8080/v1/AUTH_d351b5d019cd497ab1d84160f10b653c/gnocchi.610b2609-c529-49db-b009-27c0f145563c?format=json&states=listing" "tx6b58db0cb06847ada18b0-00699c0ffa" "proxy-server 20" 0.0018 "-" 16 0
Feb 23 08:29:46 np0005626460 proxy-server[123514]: 172.18.0.105 172.18.0.104 23/Feb/2026/08/29/46 GET /v1/AUTH_d351b5d019cd497ab1d84160f10b653c/gnocchi.610b2609-c529-49db-b009-27c0f145563c%3Fformat%3Djson%26states%3Dlisting HTTP/1.0 200 - python-swiftclient-3.11.1 gAAAAABpnA4o6Gk-... - 357 - tx6b58db0cb06847ada18b0-00699c0ffa - 0.0101 - - 1771835386.890435219 1771835386.900515318 0
Feb 23 08:29:46 np0005626460 object-server[122290]: 172.20.0.103 - - [23/Feb/2026:08:29:46 +0000] "GET /d1/549/AUTH_d351b5d019cd497ab1d84160f10b653c/gnocchi.94c5af18-f79c-4a4f-bc99-8f29403606ca/none_v3" 200 22 "GET http://172.18.0.134:8080/v1/AUTH_d351b5d019cd497ab1d84160f10b653c/gnocchi.94c5af18-f79c-4a4f-bc99-8f29403606ca/none_v3" "tx9d7b9d592e95468eba71a-00699c0ffa" "proxy-server 20" 0.0008 "-" 22 0
Feb 23 08:29:46 np0005626460 proxy-server[123514]: 172.18.0.105 172.18.0.104 23/Feb/2026/08/29/46 GET /v1/AUTH_d351b5d019cd497ab1d84160f10b653c/gnocchi.610b2609-c529-49db-b009-27c0f145563c/1771200000.0_mean_300.0_v3 HTTP/1.0 200 - python-swiftclient-3.11.1 gAAAAABpnA4o6Gk-... - 16 - tx98bf171dd5104415a21d0-00699c0ffa - 0.0101 - - 1771835386.924366474 1771835386.934457541 0
Feb 23 08:29:46 np0005626460 object-server[122291]: 172.20.0.105 - - [23/Feb/2026:08:29:46 +0000] "GET /d1/618/AUTH_d351b5d019cd497ab1d84160f10b653c/gnocchi.610b2609-c529-49db-b009-27c0f145563c/1771200000.0_rate%3Amean_300.0_v3" 404 70 "GET http://172.18.0.134:8080/v1/AUTH_d351b5d019cd497ab1d84160f10b653c/gnocchi.610b2609-c529-49db-b009-27c0f145563c/1771200000.0_rate%3Amean_300.0_v3" "tx814fa94638794b9cbe8ca-00699c0ffa" "proxy-server 20" 0.0007 "-" 23 0
Feb 23 08:29:46 np0005626460 proxy-server[123514]: 172.18.0.103 172.18.0.104 23/Feb/2026/08/29/46 GET /v1/AUTH_d351b5d019cd497ab1d84160f10b653c/gnocchi.94c5af18-f79c-4a4f-bc99-8f29403606ca%3Fformat%3Djson%26states%3Dlisting HTTP/1.0 200 - python-swiftclient-3.11.1 gAAAAABpnA5xV5GH... - 357 - txb928aaafc01d40fe862f2-00699c0ffa - 0.0153 - - 1771835386.940989256 1771835386.956318617 0
Feb 23 08:29:46 np0005626460 container-server[121889]: 172.20.0.105 - - [23/Feb/2026:08:29:46 +0000] "GET /d1/585/AUTH_d351b5d019cd497ab1d84160f10b653c/gnocchi.94c5af18-f79c-4a4f-bc99-8f29403606ca" 200 2 "GET http://172.18.0.134:8080/v1/AUTH_d351b5d019cd497ab1d84160f10b653c/gnocchi.94c5af18-f79c-4a4f-bc99-8f29403606ca?format=json&marker=none_v3&states=listing" "tx8fa37fbabc604394a2f06-00699c0ffa" "proxy-server 20" 0.0045 "-" 15 0
Feb 23 08:29:46 np0005626460 container-server[121891]: 172.20.0.103 - - [23/Feb/2026:08:29:46 +0000] "PUT /d1/299/AUTH_d351b5d019cd497ab1d84160f10b653c/gnocchi.610b2609-c529-49db-b009-27c0f145563c/1771200000.0_mean_300.0_v3" 201 - "PUT http://172.18.0.134:8080/d1/164/AUTH_d351b5d019cd497ab1d84160f10b653c/gnocchi.610b2609-c529-49db-b009-27c0f145563c/1771200000.0_mean_300.0_v3" "txc9ea58b229c94a2ca3848-00699c0ffa" "object-server 22" 0.0005 "-" 16 0
Feb 23 08:29:46 np0005626460 object-server[122291]: 172.20.0.104 - - [23/Feb/2026:08:29:46 +0000] "PUT /d1/164/AUTH_d351b5d019cd497ab1d84160f10b653c/gnocchi.610b2609-c529-49db-b009-27c0f145563c/1771200000.0_mean_300.0_v3" 201 - "PUT http://172.18.0.134:8080/v1/AUTH_d351b5d019cd497ab1d84160f10b653c/gnocchi.610b2609-c529-49db-b009-27c0f145563c/1771200000.0_mean_300.0_v3" "txc9ea58b229c94a2ca3848-00699c0ffa" "proxy-server 20" 0.0123 "-" 23 0
Feb 23 08:29:46 np0005626460 proxy-server[123514]: 172.18.0.105 172.18.0.104 23/Feb/2026/08/29/46 PUT /v1/AUTH_d351b5d019cd497ab1d84160f10b653c/gnocchi.610b2609-c529-49db-b009-27c0f145563c/1771200000.0_mean_300.0_v3 HTTP/1.0 201 - python-swiftclient-3.11.1 gAAAAABpnA4o6Gk-... 27 - - txc9ea58b229c94a2ca3848-00699c0ffa - 0.0243 - - 1771835386.960982323 1771835386.985264540 0
Feb 23 08:29:47 np0005626460 object-server[122291]: 172.20.0.105 - - [23/Feb/2026:08:29:47 +0000] "GET /d1/206/AUTH_d351b5d019cd497ab1d84160f10b653c/gnocchi.94c5af18-f79c-4a4f-bc99-8f29403606ca/1771200000.0_rate%3Amean_300.0_v3" 404 70 "GET http://172.18.0.134:8080/v1/AUTH_d351b5d019cd497ab1d84160f10b653c/gnocchi.94c5af18-f79c-4a4f-bc99-8f29403606ca/1771200000.0_rate%3Amean_300.0_v3" "tx27df401fc71540e7b8fb0-00699c0ffa" "proxy-server 20" 0.0003 "-" 23 0
Feb 23 08:29:47 np0005626460 container-server[121889]: 172.20.0.103 - - [23/Feb/2026:08:29:47 +0000] "GET /d1/602/AUTH_d351b5d019cd497ab1d84160f10b653c/gnocchi.3be5ab82-59d1-486f-86d4-ae944e1266d2" 200 2 "GET http://172.18.0.134:8080/v1/AUTH_d351b5d019cd497ab1d84160f10b653c/gnocchi.3be5ab82-59d1-486f-86d4-ae944e1266d2?format=json&marker=none_v3&states=listing" "txdac2e2c8644443d69ed12-00699c0ffa" "proxy-server 20" 0.0038 "-" 15 0
Feb 23 08:29:47 np0005626460 container-server[121889]: 172.20.0.103 - - [23/Feb/2026:08:29:47 +0000] "PUT /d1/299/AUTH_d351b5d019cd497ab1d84160f10b653c/gnocchi.610b2609-c529-49db-b009-27c0f145563c/1771200000.0_rate%3Amean_300.0_v3" 201 - "PUT http://172.18.0.134:8080/d1/618/AUTH_d351b5d019cd497ab1d84160f10b653c/gnocchi.610b2609-c529-49db-b009-27c0f145563c/1771200000.0_rate%3Amean_300.0_v3" "txcd7985a769334cd1b8bec-00699c0ffa" "object-server 22" 0.0007 "-" 15 0
Feb 23 08:29:47 np0005626460 object-server[122294]: 172.20.0.104 - - [23/Feb/2026:08:29:47 +0000] "PUT /d1/618/AUTH_d351b5d019cd497ab1d84160f10b653c/gnocchi.610b2609-c529-49db-b009-27c0f145563c/1771200000.0_rate%3Amean_300.0_v3" 201 - "PUT http://172.18.0.134:8080/v1/AUTH_d351b5d019cd497ab1d84160f10b653c/gnocchi.610b2609-c529-49db-b009-27c0f145563c/1771200000.0_rate%3Amean_300.0_v3" "txcd7985a769334cd1b8bec-00699c0ffa" "proxy-server 20" 0.0136 "-" 24 0
Feb 23 08:29:47 np0005626460 proxy-server[123514]: 172.18.0.105 172.18.0.104 23/Feb/2026/08/29/47 PUT /v1/AUTH_d351b5d019cd497ab1d84160f10b653c/gnocchi.610b2609-c529-49db-b009-27c0f145563c/1771200000.0_rate%253Amean_300.0_v3 HTTP/1.0 201 - python-swiftclient-3.11.1 gAAAAABpnA4o6Gk-... 16 - - txcd7985a769334cd1b8bec-00699c0ffa - 0.0324 - - 1771835386.990390301 1771835387.022755623 0
Feb 23 08:29:47 np0005626460 object-server[122290]: 172.20.0.103 - - [23/Feb/2026:08:29:47 +0000] "GET /d1/489/AUTH_d351b5d019cd497ab1d84160f10b653c/gnocchi.3be5ab82-59d1-486f-86d4-ae944e1266d2/1771200000.0_rate%3Amean_300.0_v3" 404 70 "GET http://172.18.0.134:8080/v1/AUTH_d351b5d019cd497ab1d84160f10b653c/gnocchi.3be5ab82-59d1-486f-86d4-ae944e1266d2/1771200000.0_rate%3Amean_300.0_v3" "tx2964a6188472454aa5e9a-00699c0ffb" "proxy-server 20" 0.0005 "-" 22 0
Feb 23 08:29:47 np0005626460 object-server[122294]: 172.20.0.104 - - [23/Feb/2026:08:29:47 +0000] "PUT /d1/1019/AUTH_d351b5d019cd497ab1d84160f10b653c/gnocchi.610b2609-c529-49db-b009-27c0f145563c/none_v3" 201 - "PUT http://172.18.0.134:8080/v1/AUTH_d351b5d019cd497ab1d84160f10b653c/gnocchi.610b2609-c529-49db-b009-27c0f145563c/none_v3" "txd32a3fe492f14f87abcec-00699c0ffb" "proxy-server 20" 0.0168 "-" 24 0
Feb 23 08:29:47 np0005626460 container-server[121883]: 172.20.0.105 - - [23/Feb/2026:08:29:47 +0000] "PUT /d1/299/AUTH_d351b5d019cd497ab1d84160f10b653c/gnocchi.610b2609-c529-49db-b009-27c0f145563c/none_v3" 201 - "PUT http://172.18.0.134:8080/d1/1019/AUTH_d351b5d019cd497ab1d84160f10b653c/gnocchi.610b2609-c529-49db-b009-27c0f145563c/none_v3" "txd32a3fe492f14f87abcec-00699c0ffb" "object-server 24" 0.0009 "-" 14 0
Feb 23 08:29:47 np0005626460 object-server[122290]: 172.20.0.105 - - [23/Feb/2026:08:29:47 +0000] "PUT /d1/206/AUTH_d351b5d019cd497ab1d84160f10b653c/gnocchi.94c5af18-f79c-4a4f-bc99-8f29403606ca/1771200000.0_rate%3Amean_300.0_v3" 201 - "PUT http://172.18.0.134:8080/v1/AUTH_d351b5d019cd497ab1d84160f10b653c/gnocchi.94c5af18-f79c-4a4f-bc99-8f29403606ca/1771200000.0_rate%3Amean_300.0_v3" "tx18bee77657764ca0bc5da-00699c0ffb" "proxy-server 20" 0.0164 "-" 22 0
Feb 23 08:29:47 np0005626460 proxy-server[123514]: 172.18.0.105 172.18.0.104 23/Feb/2026/08/29/47 PUT /v1/AUTH_d351b5d019cd497ab1d84160f10b653c/gnocchi.610b2609-c529-49db-b009-27c0f145563c/none_v3 HTTP/1.0 201 - python-swiftclient-3.11.1 gAAAAABpnA4o6Gk-... 35 - - txd32a3fe492f14f87abcec-00699c0ffb - 0.0316 - - 1771835387.028117657 1771835387.059711456 0
Feb 23 08:29:47 np0005626460 container-server[121892]: 172.20.0.105 - - [23/Feb/2026:08:29:47 +0000] "PUT /d1/585/AUTH_d351b5d019cd497ab1d84160f10b653c/gnocchi.94c5af18-f79c-4a4f-bc99-8f29403606ca/1771200000.0_rate%3Amean_300.0_v3" 201 - "PUT http://172.18.0.134:8080/d1/206/AUTH_d351b5d019cd497ab1d84160f10b653c/gnocchi.94c5af18-f79c-4a4f-bc99-8f29403606ca/1771200000.0_rate%3Amean_300.0_v3" "tx18bee77657764ca0bc5da-00699c0ffb" "object-server 21" 0.0012 "-" 17 0
Feb 23 08:29:47 np0005626460 container-server[121889]: 172.20.0.104 - - [23/Feb/2026:08:29:47 +0000] "PUT /d1/602/AUTH_d351b5d019cd497ab1d84160f10b653c/gnocchi.3be5ab82-59d1-486f-86d4-ae944e1266d2/1771200000.0_rate%3Amean_300.0_v3" 201 - "PUT http://172.18.0.134:8080/d1/489/AUTH_d351b5d019cd497ab1d84160f10b653c/gnocchi.3be5ab82-59d1-486f-86d4-ae944e1266d2/1771200000.0_rate%3Amean_300.0_v3" "tx59bf23efc12445b4af4b4-00699c0ffb" "object-server 25" 0.0012 "-" 15 0
Feb 23 08:29:47 np0005626460 object-server[122305]: 172.20.0.104 - - [23/Feb/2026:08:29:47 +0000] "PUT /d1/489/AUTH_d351b5d019cd497ab1d84160f10b653c/gnocchi.3be5ab82-59d1-486f-86d4-ae944e1266d2/1771200000.0_rate%3Amean_300.0_v3" 201 - "PUT http://172.18.0.134:8080/v1/AUTH_d351b5d019cd497ab1d84160f10b653c/gnocchi.3be5ab82-59d1-486f-86d4-ae944e1266d2/1771200000.0_rate%3Amean_300.0_v3" "tx59bf23efc12445b4af4b4-00699c0ffb" "proxy-server 20" 0.0150 "-" 25 0
Feb 23 08:29:47 np0005626460 object-server[122291]: 172.20.0.103 - - [23/Feb/2026:08:29:47 +0000] "PUT /d1/1009/AUTH_d351b5d019cd497ab1d84160f10b653c/gnocchi.94c5af18-f79c-4a4f-bc99-8f29403606ca/1771200000.0_mean_300.0_v3" 201 - "PUT http://172.18.0.134:8080/v1/AUTH_d351b5d019cd497ab1d84160f10b653c/gnocchi.94c5af18-f79c-4a4f-bc99-8f29403606ca/1771200000.0_mean_300.0_v3" "tx63b9fc7a10a944c096ab0-00699c0ffb" "proxy-server 20" 0.0135 "-" 23 0
Feb 23 08:29:47 np0005626460 container-server[121883]: 172.20.0.103 - - [23/Feb/2026:08:29:47 +0000] "PUT /d1/585/AUTH_d351b5d019cd497ab1d84160f10b653c/gnocchi.94c5af18-f79c-4a4f-bc99-8f29403606ca/1771200000.0_mean_300.0_v3" 201 - "PUT http://172.18.0.134:8080/d1/1009/AUTH_d351b5d019cd497ab1d84160f10b653c/gnocchi.94c5af18-f79c-4a4f-bc99-8f29403606ca/1771200000.0_mean_300.0_v3" "tx63b9fc7a10a944c096ab0-00699c0ffb" "object-server 23" 0.0011 "-" 14 0
Feb 23 08:29:47 np0005626460 proxy-server[123514]: 172.18.0.134 172.18.0.104 23/Feb/2026/08/29/47 PUT /v1/AUTH_d351b5d019cd497ab1d84160f10b653c/gnocchi.3be5ab82-59d1-486f-86d4-ae944e1266d2/1771200000.0_rate%253Amean_300.0_v3 HTTP/1.0 201 - python-swiftclient-3.11.1 gAAAAABpnA5xJZZ6... 16 - - tx59bf23efc12445b4af4b4-00699c0ffb - 0.0332 - - 1771835387.068810463 1771835387.101984978 0
Feb 23 08:29:47 np0005626460 container-server[121892]: 172.20.0.104 - - [23/Feb/2026:08:29:47 +0000] "PUT /d1/602/AUTH_d351b5d019cd497ab1d84160f10b653c/gnocchi.3be5ab82-59d1-486f-86d4-ae944e1266d2/1771200000.0_mean_300.0_v3" 201 - "PUT http://172.18.0.134:8080/d1/488/AUTH_d351b5d019cd497ab1d84160f10b653c/gnocchi.3be5ab82-59d1-486f-86d4-ae944e1266d2/1771200000.0_mean_300.0_v3" "txea28d8d5b2524e0db8a41-00699c0ffb" "object-server 25" 0.0009 "-" 17 0
Feb 23 08:29:47 np0005626460 object-server[122305]: 172.20.0.105 - - [23/Feb/2026:08:29:47 +0000] "PUT /d1/488/AUTH_d351b5d019cd497ab1d84160f10b653c/gnocchi.3be5ab82-59d1-486f-86d4-ae944e1266d2/1771200000.0_mean_300.0_v3" 201 - "PUT http://172.18.0.134:8080/v1/AUTH_d351b5d019cd497ab1d84160f10b653c/gnocchi.3be5ab82-59d1-486f-86d4-ae944e1266d2/1771200000.0_mean_300.0_v3" "txea28d8d5b2524e0db8a41-00699c0ffb" "proxy-server 20" 0.0137 "-" 25 0
Feb 23 08:29:47 np0005626460 container-server[121889]: 172.20.0.105 - - [23/Feb/2026:08:29:47 +0000] "PUT /d1/602/AUTH_d351b5d019cd497ab1d84160f10b653c/gnocchi.3be5ab82-59d1-486f-86d4-ae944e1266d2/none_v3" 201 - "PUT http://172.18.0.134:8080/d1/476/AUTH_d351b5d019cd497ab1d84160f10b653c/gnocchi.3be5ab82-59d1-486f-86d4-ae944e1266d2/none_v3" "tx2c494672e9c243a78e551-00699c0ffb" "object-server 22" 0.0010 "-" 15 0
Feb 23 08:29:47 np0005626460 container-server[121891]: 172.20.0.105 - - [23/Feb/2026:08:29:47 +0000] "PUT /d1/585/AUTH_d351b5d019cd497ab1d84160f10b653c/gnocchi.94c5af18-f79c-4a4f-bc99-8f29403606ca/none_v3" 201 - "PUT http://172.18.0.134:8080/d1/549/AUTH_d351b5d019cd497ab1d84160f10b653c/gnocchi.94c5af18-f79c-4a4f-bc99-8f29403606ca/none_v3" "tx49031bdab7a449c2b569b-00699c0ffb" "object-server 25" 0.0011 "-" 16 0
Feb 23 08:29:47 np0005626460 object-server[122291]: 172.20.0.104 - - [23/Feb/2026:08:29:47 +0000] "PUT /d1/549/AUTH_d351b5d019cd497ab1d84160f10b653c/gnocchi.94c5af18-f79c-4a4f-bc99-8f29403606ca/none_v3" 201 - "PUT http://172.18.0.134:8080/v1/AUTH_d351b5d019cd497ab1d84160f10b653c/gnocchi.94c5af18-f79c-4a4f-bc99-8f29403606ca/none_v3" "tx49031bdab7a449c2b569b-00699c0ffb" "proxy-server 20" 0.0525 "-" 23 0
Feb 23 08:29:47 np0005626460 object-server[122294]: 172.20.0.103 - - [23/Feb/2026:08:29:47 +0000] "PUT /d1/476/AUTH_d351b5d019cd497ab1d84160f10b653c/gnocchi.3be5ab82-59d1-486f-86d4-ae944e1266d2/none_v3" 201 - "PUT http://172.18.0.134:8080/v1/AUTH_d351b5d019cd497ab1d84160f10b653c/gnocchi.3be5ab82-59d1-486f-86d4-ae944e1266d2/none_v3" "tx2c494672e9c243a78e551-00699c0ffb" "proxy-server 20" 0.0186 "-" 24 0
Feb 23 08:29:47 np0005626460 proxy-server[123514]: 172.18.0.103 172.18.0.104 23/Feb/2026/08/29/47 PUT /v1/AUTH_d351b5d019cd497ab1d84160f10b653c/gnocchi.94c5af18-f79c-4a4f-bc99-8f29403606ca/none_v3 HTTP/1.0 201 - python-swiftclient-3.11.1 gAAAAABpnA5xV5GH... 34 - - tx49031bdab7a449c2b569b-00699c0ffb - 0.0709 - - 1771835387.109630346 1771835387.180510998 0
Feb 23 08:29:48 np0005626460 object-server[247142]: Begin object audit "forever" mode (ZBF)
Feb 23 08:29:48 np0005626460 object-server[247142]: Object audit (ZBF). Since Mon Feb 23 08:29:48 2026: Locally: 1 passed, 0 quarantined, 0 errors, files/sec: 195.31, bytes/sec: 0.00, Total time: 0.01, Auditing time: 0.00, Rate: 0.00
Feb 23 08:29:49 np0005626460 object-server[247142]: Object audit (ZBF) "forever" mode completed: 1.13s. Total quarantined: 0, Total errors: 0, Total files/sec: 50.61, Total bytes/sec: 0.00, Auditing time: 1.11, Rate: 0.98
Feb 23 08:29:53 np0005626460 container-server[121440]: Beginning replication run
Feb 23 08:29:54 np0005626460 container-server[121440]: Replication run OVER
Feb 23 08:29:54 np0005626460 container-server[121440]: Attempted to replicate 22 dbs in 0.46493 seconds (47.31898/s)
Feb 23 08:29:54 np0005626460 container-server[121440]: Removed 0 dbs
Feb 23 08:29:54 np0005626460 container-server[121440]: 44 successes, 0 failures
Feb 23 08:29:54 np0005626460 container-server[121440]: diff:0 diff_capped:0 empty:0 hashmatch:0 no_change:44 remote_merge:0 rsync:0 ts_repl:0
Feb 23 08:30:09 np0005626460 account-server[121182]: Beginning replication run
Feb 23 08:30:09 np0005626460 account-server[121182]: Replication run OVER
Feb 23 08:30:09 np0005626460 account-server[121182]: Attempted to replicate 1 dbs in 0.02078 seconds (48.12442/s)
Feb 23 08:30:09 np0005626460 account-server[121182]: Removed 0 dbs
Feb 23 08:30:09 np0005626460 account-server[121182]: 2 successes, 0 failures
Feb 23 08:30:09 np0005626460 account-server[121182]: diff:0 diff_capped:0 empty:0 hashmatch:0 no_change:2 remote_merge:0 rsync:0 ts_repl:0
Feb 23 08:30:16 np0005626460 object-server[121997]: Starting object replication pass.
Feb 23 08:30:19 np0005626460 object-server[121997]: 54/54 (100.00%) partitions replicated in 2.65s (20.40/sec, 0s remaining)
Feb 23 08:30:19 np0005626460 object-server[121997]: 108 successes, 0 failures
Feb 23 08:30:19 np0005626460 object-server[121997]: 57 suffixes checked - 0.00% hashed, 0.00% synced
Feb 23 08:30:19 np0005626460 object-server[121997]: Partition times: max 1.3303s, min 0.0052s, med 0.0093s
Feb 23 08:30:19 np0005626460 object-server[121997]: Object replication complete. (0.04 minutes)
Feb 23 08:30:19 np0005626460 object-server[253008]: Begin object audit "forever" mode (ZBF)
Feb 23 08:30:19 np0005626460 object-server[253008]: Object audit (ZBF). Since Mon Feb 23 08:30:19 2026: Locally: 1 passed, 0 quarantined, 0 errors, files/sec: 963.54, bytes/sec: 0.00, Total time: 0.00, Auditing time: 0.00, Rate: 0.00
Feb 23 08:30:19 np0005626460 object-server[253009]: Begin object audit "forever" mode (ALL)
Feb 23 08:30:19 np0005626460 object-server[253009]: Object audit (ALL). Since Mon Feb 23 08:30:19 2026: Locally: 1 passed, 0 quarantined, 0 errors, files/sec: 78.08, bytes/sec: 1249.21, Total time: 0.01, Auditing time: 0.00, Rate: 0.00
Feb 23 08:30:20 np0005626460 object-server[253008]: Object audit (ZBF) "forever" mode completed: 1.12s. Total quarantined: 0, Total errors: 0, Total files/sec: 50.77, Total bytes/sec: 0.00, Auditing time: 1.11, Rate: 0.99
Feb 23 08:30:22 np0005626460 object-server[253009]: Object audit (ALL) "forever" mode completed: 2.81s. Total quarantined: 0, Total errors: 0, Total files/sec: 20.25, Total bytes/sec: 468.65, Auditing time: 2.80, Rate: 0.99
Feb 23 08:30:23 np0005626460 container-server[121440]: Beginning replication run
Feb 23 08:30:26 np0005626460 container-server[121440]: Replication run OVER
Feb 23 08:30:26 np0005626460 container-server[121440]: Attempted to replicate 22 dbs in 2.91608 seconds (7.54437/s)
