Feb 23 08:23:14 np0005626459 container-server[125537]: 172.20.0.104 - - [23/Feb/2026:08:23:14 +0000] "HEAD /d1/791/AUTH_d351b5d019cd497ab1d84160f10b653c/gnocchi.02ad80ff-06f3-4c63-9576-128a218cdeb0" 404 - "HEAD http://172.18.0.134:8080/v1/AUTH_d351b5d019cd497ab1d84160f10b653c/gnocchi.02ad80ff-06f3-4c63-9576-128a218cdeb0?format=json&states=listing" "tx1eaeba929cb042f88efd3-00699c0e71" "proxy-server 20" 0.0006 "-" 22 0
Feb 23 08:23:14 np0005626459 object-server[125833]: 172.20.0.104 - - [23/Feb/2026:08:23:14 +0000] "GET /d1/46/AUTH_d351b5d019cd497ab1d84160f10b653c/gnocchi.02ad80ff-06f3-4c63-9576-128a218cdeb0/none_v3" 404 70 "GET http://172.18.0.134:8080/v1/AUTH_d351b5d019cd497ab1d84160f10b653c/gnocchi.02ad80ff-06f3-4c63-9576-128a218cdeb0/none_v3" "tx1eaeba929cb042f88efd3-00699c0e71" "proxy-server 20" 0.0004 "-" 25 0
Feb 23 08:23:14 np0005626459 container-server[125555]: 172.20.0.103 - - [23/Feb/2026:08:23:14 +0000] "PUT /d1/791/AUTH_d351b5d019cd497ab1d84160f10b653c/gnocchi.02ad80ff-06f3-4c63-9576-128a218cdeb0" 201 - "PUT http://172.18.0.134:8080/v1/AUTH_d351b5d019cd497ab1d84160f10b653c/gnocchi.02ad80ff-06f3-4c63-9576-128a218cdeb0" "txc0f0a74edb2d496897979-00699c0e72" "proxy-server 20" 0.0188 "-" 23 0
Feb 23 08:23:14 np0005626459 account-server[124971]: 172.20.0.105 - - [23/Feb/2026:08:23:14 +0000] "PUT /d1/979/AUTH_d351b5d019cd497ab1d84160f10b653c/gnocchi.02ad80ff-06f3-4c63-9576-128a218cdeb0" 201 - "PUT http://172.20.0.105:6001/d1/791/AUTH_d351b5d019cd497ab1d84160f10b653c/gnocchi.02ad80ff-06f3-4c63-9576-128a218cdeb0" "txc0f0a74edb2d496897979-00699c0e72" "container-server 15" 0.0065 "-" 21 0
Feb 23 08:23:14 np0005626459 proxy-server[127031]: 172.18.0.134 172.18.0.104 23/Feb/2026/08/23/14 PUT /v1/AUTH_d351b5d019cd497ab1d84160f10b653c/gnocchi.02ad80ff-06f3-4c63-9576-128a218cdeb0 HTTP/1.0 201 - python-swiftclient-3.11.1 gAAAAABpnA5xJZZ6... - - - txc0f0a74edb2d496897979-00699c0e72 - 0.0347 - - 1771834994.283227444 1771834994.317930460 0
Feb 23 08:23:14 np0005626459 container-server[125509]: 172.20.0.104 - - [23/Feb/2026:08:23:14 +0000] "GET /d1/791/AUTH_d351b5d019cd497ab1d84160f10b653c/gnocchi.02ad80ff-06f3-4c63-9576-128a218cdeb0" 200 2 "GET http://172.18.0.134:8080/v1/AUTH_d351b5d019cd497ab1d84160f10b653c/gnocchi.02ad80ff-06f3-4c63-9576-128a218cdeb0?format=json&states=listing" "tx86fa20c5617847a2bb2f7-00699c0e72" "proxy-server 20" 0.0023 "-" 20 0
Feb 23 08:23:14 np0005626459 object-server[125801]: 172.20.0.103 - - [23/Feb/2026:08:23:14 +0000] "GET /d1/689/AUTH_d351b5d019cd497ab1d84160f10b653c/gnocchi.02ad80ff-06f3-4c63-9576-128a218cdeb0/1771200000.0_mean_300.0_v3" 404 70 "GET http://172.18.0.134:8080/v1/AUTH_d351b5d019cd497ab1d84160f10b653c/gnocchi.02ad80ff-06f3-4c63-9576-128a218cdeb0/1771200000.0_mean_300.0_v3" "txe62198328b7d49afa3450-00699c0e72" "proxy-server 20" 0.0011 "-" 22 0
Feb 23 08:23:14 np0005626459 proxy-server[127031]: 172.18.0.134 172.18.0.104 23/Feb/2026/08/23/14 GET /v1/AUTH_d351b5d019cd497ab1d84160f10b653c/gnocchi.02ad80ff-06f3-4c63-9576-128a218cdeb0/1771200000.0_mean_300.0_v3 HTTP/1.0 404 - python-swiftclient-3.11.1 gAAAAABpnA5xJZZ6... - 70 - txe62198328b7d49afa3450-00699c0e72 - 0.0235 - - 1771834994.352903128 1771834994.376408100 0
Feb 23 08:23:14 np0005626459 container-server[125555]: 172.20.0.105 - - [23/Feb/2026:08:23:14 +0000] "PUT /d1/791/AUTH_d351b5d019cd497ab1d84160f10b653c/gnocchi.02ad80ff-06f3-4c63-9576-128a218cdeb0/1771200000.0_mean_300.0_v3" 201 - "PUT http://172.18.0.134:8080/d1/689/AUTH_d351b5d019cd497ab1d84160f10b653c/gnocchi.02ad80ff-06f3-4c63-9576-128a218cdeb0/1771200000.0_mean_300.0_v3" "txfe91841110d54a318aa46-00699c0e72" "object-server 22" 0.0010 "-" 23 0
Feb 23 08:23:14 np0005626459 object-server[125801]: 172.20.0.104 - - [23/Feb/2026:08:23:14 +0000] "PUT /d1/689/AUTH_d351b5d019cd497ab1d84160f10b653c/gnocchi.02ad80ff-06f3-4c63-9576-128a218cdeb0/1771200000.0_mean_300.0_v3" 201 - "PUT http://172.18.0.134:8080/v1/AUTH_d351b5d019cd497ab1d84160f10b653c/gnocchi.02ad80ff-06f3-4c63-9576-128a218cdeb0/1771200000.0_mean_300.0_v3" "txfe91841110d54a318aa46-00699c0e72" "proxy-server 20" 0.0142 "-" 22 0
Feb 23 08:23:14 np0005626459 container-server[125509]: 172.20.0.105 - - [23/Feb/2026:08:23:14 +0000] "HEAD /d1/37/AUTH_d351b5d019cd497ab1d84160f10b653c/gnocchi.8a80798a-9adf-47a5-9b75-792205eb526c" 404 - "HEAD http://172.18.0.134:8080/v1/AUTH_d351b5d019cd497ab1d84160f10b653c/gnocchi.8a80798a-9adf-47a5-9b75-792205eb526c?format=json&states=listing" "tx0a71376ef24441a98e5f8-00699c0e71" "proxy-server 20" 0.0006 "-" 20 0
Feb 23 08:23:14 np0005626459 container-server[125537]: 172.20.0.104 - - [23/Feb/2026:08:23:14 +0000] "PUT /d1/791/AUTH_d351b5d019cd497ab1d84160f10b653c/gnocchi.02ad80ff-06f3-4c63-9576-128a218cdeb0/none_v3" 201 - "PUT http://172.18.0.134:8080/d1/46/AUTH_d351b5d019cd497ab1d84160f10b653c/gnocchi.02ad80ff-06f3-4c63-9576-128a218cdeb0/none_v3" "tx858275f3c9494442920a6-00699c0e72" "object-server 24" 0.0009 "-" 22 0
Feb 23 08:23:14 np0005626459 object-server[125833]: 172.20.0.103 - - [23/Feb/2026:08:23:14 +0000] "PUT /d1/46/AUTH_d351b5d019cd497ab1d84160f10b653c/gnocchi.02ad80ff-06f3-4c63-9576-128a218cdeb0/none_v3" 201 - "PUT http://172.18.0.134:8080/v1/AUTH_d351b5d019cd497ab1d84160f10b653c/gnocchi.02ad80ff-06f3-4c63-9576-128a218cdeb0/none_v3" "tx858275f3c9494442920a6-00699c0e72" "proxy-server 20" 0.0145 "-" 25 0
Feb 23 08:23:14 np0005626459 proxy-server[127031]: 172.18.0.134 172.18.0.104 23/Feb/2026/08/23/14 PUT /v1/AUTH_d351b5d019cd497ab1d84160f10b653c/gnocchi.02ad80ff-06f3-4c63-9576-128a218cdeb0/none_v3 HTTP/1.0 201 - python-swiftclient-3.11.1 gAAAAABpnA5xJZZ6... 22 - - tx858275f3c9494442920a6-00699c0e72 - 0.0259 - - 1771834994.411428928 1771834994.437281132 0
Feb 23 08:23:14 np0005626459 object-server[125801]: 172.20.0.105 - - [23/Feb/2026:08:23:14 +0000] "GET /d1/866/AUTH_d351b5d019cd497ab1d84160f10b653c/gnocchi.8a80798a-9adf-47a5-9b75-792205eb526c/none_v3" 404 70 "GET http://172.18.0.134:8080/v1/AUTH_d351b5d019cd497ab1d84160f10b653c/gnocchi.8a80798a-9adf-47a5-9b75-792205eb526c/none_v3" "tx0a71376ef24441a98e5f8-00699c0e71" "proxy-server 20" 0.0008 "-" 22 0
Feb 23 08:23:14 np0005626459 account-server[124971]: 172.20.0.103 - - [23/Feb/2026:08:23:14 +0000] "PUT /d1/979/AUTH_d351b5d019cd497ab1d84160f10b653c/gnocchi.8a80798a-9adf-47a5-9b75-792205eb526c" 201 - "PUT http://172.20.0.103:6001/d1/37/AUTH_d351b5d019cd497ab1d84160f10b653c/gnocchi.8a80798a-9adf-47a5-9b75-792205eb526c" "txc91143baa3884d57bc5bd-00699c0e72" "container-server 21" 0.0072 "-" 21 0
Feb 23 08:23:14 np0005626459 container-server[125515]: 172.20.0.104 - - [23/Feb/2026:08:23:14 +0000] "PUT /d1/37/AUTH_d351b5d019cd497ab1d84160f10b653c/gnocchi.8a80798a-9adf-47a5-9b75-792205eb526c" 201 - "PUT http://172.18.0.134:8080/v1/AUTH_d351b5d019cd497ab1d84160f10b653c/gnocchi.8a80798a-9adf-47a5-9b75-792205eb526c" "txc91143baa3884d57bc5bd-00699c0e72" "proxy-server 20" 0.0260 "-" 21 0
Feb 23 08:23:14 np0005626459 container-server[125537]: 172.20.0.103 - - [23/Feb/2026:08:23:14 +0000] "HEAD /d1/37/AUTH_d351b5d019cd497ab1d84160f10b653c/gnocchi.8a80798a-9adf-47a5-9b75-792205eb526c" 204 - "HEAD http://172.18.0.134:8080/v1/AUTH_d351b5d019cd497ab1d84160f10b653c/gnocchi.8a80798a-9adf-47a5-9b75-792205eb526c?format=json&states=listing" "txb8bb1d746282420fa9b8a-00699c0e72" "proxy-server 20" 0.0013 "-" 22 0
Feb 23 08:23:14 np0005626459 proxy-server[127031]: - - 23/Feb/2026/08/23/14 HEAD /v1/AUTH_d351b5d019cd497ab1d84160f10b653c/gnocchi.8a80798a-9adf-47a5-9b75-792205eb526c%3Fformat%3Djson%26states%3Dlisting HTTP/1.0 204 - Swift - - - - txb8bb1d746282420fa9b8a-00699c0e72 - 0.0044 RL - 1771834994.510561228 1771834994.514981270 0
Feb 23 08:23:14 np0005626459 proxy-server[127031]: 172.18.0.103 172.18.0.104 23/Feb/2026/08/23/14 GET /v1/AUTH_d351b5d019cd497ab1d84160f10b653c/gnocchi.8a80798a-9adf-47a5-9b75-792205eb526c%3Fformat%3Djson%26states%3Dlisting HTTP/1.0 200 - python-swiftclient-3.11.1 gAAAAABpnA5xV5GH... - 2 - txb8bb1d746282420fa9b8a-00699c0e72 - 0.0178 - - 1771834994.508624077 1771834994.526394129 0
Feb 23 08:23:14 np0005626459 object-server[125801]: 172.20.0.105 - - [23/Feb/2026:08:23:14 +0000] "GET /d1/129/AUTH_d351b5d019cd497ab1d84160f10b653c/gnocchi.8a80798a-9adf-47a5-9b75-792205eb526c/1771200000.0_mean_300.0_v3" 404 70 "GET http://172.18.0.134:8080/v1/AUTH_d351b5d019cd497ab1d84160f10b653c/gnocchi.8a80798a-9adf-47a5-9b75-792205eb526c/1771200000.0_mean_300.0_v3" "tx8668d72dfd7846f09f7f2-00699c0e72" "proxy-server 20" 0.0009 "-" 22 0
Feb 23 08:23:14 np0005626459 object-server[125801]: 172.20.0.104 - - [23/Feb/2026:08:23:14 +0000] "PUT /d1/129/AUTH_d351b5d019cd497ab1d84160f10b653c/gnocchi.8a80798a-9adf-47a5-9b75-792205eb526c/1771200000.0_mean_300.0_v3" 201 - "PUT http://172.18.0.134:8080/v1/AUTH_d351b5d019cd497ab1d84160f10b653c/gnocchi.8a80798a-9adf-47a5-9b75-792205eb526c/1771200000.0_mean_300.0_v3" "tx68fa6c67cb2c46f49c469-00699c0e72" "proxy-server 20" 0.0149 "-" 22 0
Feb 23 08:23:14 np0005626459 container-server[125509]: 172.20.0.105 - - [23/Feb/2026:08:23:14 +0000] "PUT /d1/37/AUTH_d351b5d019cd497ab1d84160f10b653c/gnocchi.8a80798a-9adf-47a5-9b75-792205eb526c/1771200000.0_mean_300.0_v3" 201 - "PUT http://172.18.0.134:8080/d1/129/AUTH_d351b5d019cd497ab1d84160f10b653c/gnocchi.8a80798a-9adf-47a5-9b75-792205eb526c/1771200000.0_mean_300.0_v3" "tx68fa6c67cb2c46f49c469-00699c0e72" "object-server 24" 0.0011 "-" 20 0
Feb 23 08:23:14 np0005626459 object-server[125833]: 172.20.0.103 - - [23/Feb/2026:08:23:14 +0000] "PUT /d1/866/AUTH_d351b5d019cd497ab1d84160f10b653c/gnocchi.8a80798a-9adf-47a5-9b75-792205eb526c/none_v3" 201 - "PUT http://172.18.0.134:8080/v1/AUTH_d351b5d019cd497ab1d84160f10b653c/gnocchi.8a80798a-9adf-47a5-9b75-792205eb526c/none_v3" "txd5621b5f9c804e83bb816-00699c0e72" "proxy-server 20" 0.0144 "-" 25 0
Feb 23 08:23:14 np0005626459 container-server[125515]: 172.20.0.105 - - [23/Feb/2026:08:23:14 +0000] "PUT /d1/37/AUTH_d351b5d019cd497ab1d84160f10b653c/gnocchi.8a80798a-9adf-47a5-9b75-792205eb526c/none_v3" 201 - "PUT http://172.18.0.134:8080/d1/866/AUTH_d351b5d019cd497ab1d84160f10b653c/gnocchi.8a80798a-9adf-47a5-9b75-792205eb526c/none_v3" "txd5621b5f9c804e83bb816-00699c0e72" "object-server 21" 0.0011 "-" 21 0
Feb 23 08:23:14 np0005626459 proxy-server[127031]: 172.18.0.103 172.18.0.104 23/Feb/2026/08/23/14 PUT /v1/AUTH_d351b5d019cd497ab1d84160f10b653c/gnocchi.8a80798a-9adf-47a5-9b75-792205eb526c/none_v3 HTTP/1.0 201 - python-swiftclient-3.11.1 gAAAAABpnA5xV5GH... 22 - - txd5621b5f9c804e83bb816-00699c0e72 - 0.0356 - - 1771834994.598720551 1771834994.634316206 0
Feb 23 08:23:18 np0005626459 container-server[124969]: Beginning replication run
Feb 23 08:23:19 np0005626459 container-server[124969]: Replication run OVER
Feb 23 08:23:19 np0005626459 container-server[124969]: Attempted to replicate 8 dbs in 0.21630 seconds (36.98540/s)
Feb 23 08:23:19 np0005626459 container-server[124969]: Removed 0 dbs
Feb 23 08:23:19 np0005626459 container-server[124969]: 16 successes, 0 failures
Feb 23 08:23:19 np0005626459 container-server[124969]: diff:0 diff_capped:0 empty:0 hashmatch:0 no_change:16 remote_merge:0 rsync:0 ts_repl:0
Feb 23 08:23:21 np0005626459 object-server[125384]: Starting object replication pass.
Feb 23 08:23:22 np0005626459 object-server[125384]: 16/16 (100.00%) partitions replicated in 0.44s (36.00/sec, 0s remaining)
Feb 23 08:23:22 np0005626459 object-server[125384]: 32 successes, 0 failures
Feb 23 08:23:22 np0005626459 object-server[125384]: 16 suffixes checked - 62.50% hashed, 0.00% synced
Feb 23 08:23:22 np0005626459 object-server[125384]: Partition times: max 0.0531s, min 0.0098s, med 0.0333s
Feb 23 08:23:22 np0005626459 object-server[125384]: Object replication complete. (0.01 minutes)
Feb 23 08:23:23 np0005626459 object-server[218623]: Begin object audit "forever" mode (ZBF)
Feb 23 08:23:23 np0005626459 object-server[218624]: Begin object audit "forever" mode (ALL)
Feb 23 08:23:23 np0005626459 object-server[218623]: Object audit (ZBF). Since Mon Feb 23 08:23:23 2026: Locally: 1 passed, 0 quarantined, 0 errors, files/sec: 400.87, bytes/sec: 0.00, Total time: 0.00, Auditing time: 0.00, Rate: 0.00
Feb 23 08:23:23 np0005626459 object-server[218624]: Object audit (ALL). Since Mon Feb 23 08:23:23 2026: Locally: 1 passed, 0 quarantined, 0 errors, files/sec: 88.20, bytes/sec: 1411.18, Total time: 0.01, Auditing time: 0.00, Rate: 0.00
Feb 23 08:23:24 np0005626459 object-server[218623]: Object audit (ZBF) "forever" mode completed: 0.28s. Total quarantined: 0, Total errors: 0, Total files/sec: 56.41, Total bytes/sec: 0.00, Auditing time: 0.28, Rate: 0.97
Feb 23 08:23:24 np0005626459 account-server[124525]: Beginning replication run
Feb 23 08:23:24 np0005626459 account-server[124525]: Replication run OVER
Feb 23 08:23:24 np0005626459 account-server[124525]: Attempted to replicate 1 dbs in 0.03709 seconds (26.95942/s)
Feb 23 08:23:24 np0005626459 account-server[124525]: Removed 0 dbs
Feb 23 08:23:24 np0005626459 account-server[124525]: 2 successes, 0 failures
Feb 23 08:23:24 np0005626459 account-server[124525]: diff:0 diff_capped:0 empty:0 hashmatch:0 no_change:2 remote_merge:0 rsync:0 ts_repl:0
Feb 23 08:23:24 np0005626459 object-server[218624]: Object audit (ALL) "forever" mode completed: 0.71s. Total quarantined: 0, Total errors: 0, Total files/sec: 22.42, Total bytes/sec: 440.03, Auditing time: 0.71, Rate: 0.99
Feb 23 08:23:27 np0005626459 container-server[125056]: Begin container update sweep
Feb 23 08:23:27 np0005626459 account-server[124973]: 172.20.0.103 - - [23/Feb/2026:08:23:27 +0000] "PUT /d1/979/AUTH_d351b5d019cd497ab1d84160f10b653c/gnocchi.222d0e86-652d-4feb-b78c-d17d1d5c9c62" 201 - "-" "-" "container-updater 2" 0.0011 "-" 22 0
Feb 23 08:23:27 np0005626459 account-server[124963]: 172.20.0.103 - - [23/Feb/2026:08:23:27 +0000] "PUT /d1/979/AUTH_d351b5d019cd497ab1d84160f10b653c/gnocchi.02ad80ff-06f3-4c63-9576-128a218cdeb0" 201 - "-" "-" "container-updater 2" 0.0007 "-" 20 0
Feb 23 08:23:27 np0005626459 account-server[124963]: 172.20.0.103 - - [23/Feb/2026:08:23:27 +0000] "PUT /d1/979/AUTH_d351b5d019cd497ab1d84160f10b653c/gnocchi.dfea0713-920c-4e14-bed3-3f08daee5fc5" 201 - "-" "-" "container-updater 2" 0.0008 "-" 20 0
Feb 23 08:23:27 np0005626459 account-server[124973]: 172.20.0.103 - - [23/Feb/2026:08:23:27 +0000] "PUT /d1/979/AUTH_d351b5d019cd497ab1d84160f10b653c/gnocchi.69d2d350-9221-4230-9161-e63c7a424f29" 201 - "-" "-" "container-updater 2" 0.0008 "-" 22 0
Feb 23 08:23:27 np0005626459 account-server[124971]: 172.20.0.103 - - [23/Feb/2026:08:23:27 +0000] "PUT /d1/979/AUTH_d351b5d019cd497ab1d84160f10b653c/gnocchi.08d5a395-fac8-4028-b76f-2d40a0ad1549" 201 - "-" "-" "container-updater 2" 0.0007 "-" 21 0
Feb 23 08:23:27 np0005626459 account-server[124979]: 172.20.0.103 - - [23/Feb/2026:08:23:27 +0000] "PUT /d1/979/AUTH_d351b5d019cd497ab1d84160f10b653c/gnocchi.5eed7344-1baa-4108-b5cd-7766867b85df" 201 - "-" "-" "container-updater 2" 0.0009 "-" 23 0
Feb 23 08:23:27 np0005626459 account-server[124973]: 172.20.0.103 - - [23/Feb/2026:08:23:27 +0000] "PUT /d1/979/AUTH_d351b5d019cd497ab1d84160f10b653c/gnocchi.c089f97e-e091-405f-8302-e66fcd0b069d" 201 - "-" "-" "container-updater 2" 0.0010 "-" 22 0
Feb 23 08:23:27 np0005626459 account-server[124963]: 172.20.0.103 - - [23/Feb/2026:08:23:27 +0000] "PUT /d1/979/AUTH_d351b5d019cd497ab1d84160f10b653c/gnocchi.8a80798a-9adf-47a5-9b75-792205eb526c" 201 - "-" "-" "container-updater 2" 0.0005 "-" 20 0
Feb 23 08:23:27 np0005626459 container-server[125056]: Container update sweep completed: 0.74s
Feb 23 08:23:27 np0005626459 account-server[124973]: 172.20.0.103 - - [23/Feb/2026:08:23:27 +0000] "HEAD /d1/185/.expiring_objects" 404 - "HEAD http://localhost/v1/.expiring_objects?format=json" "tx103665a48ee54a73bee37-00699c0e7f" "proxy-server 2" 0.0005 "-" 22 -
Feb 23 08:23:28 np0005626459 object-expirer[125296]: Pass completed in 0s; 0 objects expired (txn: tx103665a48ee54a73bee37-00699c0e7f)
Feb 23 08:23:48 np0005626459 container-server[124969]: Beginning replication run
Feb 23 08:23:49 np0005626459 container-server[124969]: Replication run OVER
Feb 23 08:23:49 np0005626459 container-server[124969]: Attempted to replicate 8 dbs in 0.15944 seconds (50.17707/s)
Feb 23 08:23:49 np0005626459 container-server[124969]: Removed 0 dbs
Feb 23 08:23:49 np0005626459 container-server[124969]: 16 successes, 0 failures
Feb 23 08:23:49 np0005626459 container-server[124969]: diff:0 diff_capped:0 empty:0 hashmatch:0 no_change:16 remote_merge:0 rsync:0 ts_repl:0
Feb 23 08:23:52 np0005626459 object-server[125384]: Starting object replication pass.
Feb 23 08:23:52 np0005626459 object-server[125384]: 16/16 (100.00%) partitions replicated in 0.15s (104.40/sec, 0s remaining)
Feb 23 08:23:52 np0005626459 object-server[125384]: 32 successes, 0 failures
Feb 23 08:23:52 np0005626459 object-server[125384]: 16 suffixes checked - 0.00% hashed, 0.00% synced
Feb 23 08:23:52 np0005626459 object-server[125384]: Partition times: max 0.0129s, min 0.0074s, med 0.0090s
Feb 23 08:23:52 np0005626459 object-server[125384]: Object replication complete. (0.00 minutes)
Feb 23 08:23:54 np0005626459 object-server[218626]: Begin object audit "forever" mode (ZBF)
Feb 23 08:23:54 np0005626459 object-server[218626]: Object audit (ZBF). Since Mon Feb 23 08:23:54 2026: Locally: 1 passed, 0 quarantined, 0 errors, files/sec: 541.20, bytes/sec: 0.00, Total time: 0.00, Auditing time: 0.00, Rate: 0.00
Feb 23 08:23:54 np0005626459 account-server[124525]: Beginning replication run
Feb 23 08:23:54 np0005626459 account-server[124525]: Replication run OVER
Feb 23 08:23:54 np0005626459 account-server[124525]: Attempted to replicate 1 dbs in 0.09004 seconds (11.10611/s)
Feb 23 08:23:54 np0005626459 account-server[124525]: Removed 0 dbs
Feb 23 08:23:54 np0005626459 account-server[124525]: 2 successes, 0 failures
Feb 23 08:23:54 np0005626459 account-server[124525]: diff:0 diff_capped:0 empty:0 hashmatch:0 no_change:2 remote_merge:0 rsync:0 ts_repl:0
Feb 23 08:23:54 np0005626459 object-server[218626]: Object audit (ZBF) "forever" mode completed: 0.28s. Total quarantined: 0, Total errors: 0, Total files/sec: 56.41, Total bytes/sec: 0.00, Auditing time: 0.28, Rate: 0.98
Feb 23 08:23:59 np0005626459 account-server[124425]: Begin account audit pass.
Feb 23 08:24:18 np0005626459 container-server[124969]: Beginning replication run
Feb 23 08:24:19 np0005626459 container-server[124969]: Replication run OVER
Feb 23 08:24:19 np0005626459 container-server[124969]: Attempted to replicate 8 dbs in 0.15593 seconds (51.30456/s)
Feb 23 08:24:19 np0005626459 container-server[124969]: Removed 0 dbs
Feb 23 08:24:19 np0005626459 container-server[124969]: 16 successes, 0 failures
Feb 23 08:24:19 np0005626459 container-server[124969]: diff:0 diff_capped:0 empty:0 hashmatch:0 no_change:16 remote_merge:0 rsync:0 ts_repl:0
Feb 23 08:24:22 np0005626459 object-server[125384]: Starting object replication pass.
Feb 23 08:24:24 np0005626459 object-server[125384]: 16/16 (100.00%) partitions replicated in 2.12s (7.54/sec, 0s remaining)
Feb 23 08:24:24 np0005626459 object-server[125384]: 32 successes, 0 failures
Feb 23 08:24:24 np0005626459 object-server[125384]: 16 suffixes checked - 0.00% hashed, 0.00% synced
Feb 23 08:24:24 np0005626459 object-server[125384]: Partition times: max 1.0114s, min 0.0074s, med 0.0100s
Feb 23 08:24:24 np0005626459 object-server[125384]: Object replication complete. (0.04 minutes)
Feb 23 08:24:24 np0005626459 account-server[124525]: Beginning replication run
Feb 23 08:24:24 np0005626459 account-server[124525]: Replication run OVER
Feb 23 08:24:24 np0005626459 account-server[124525]: Attempted to replicate 1 dbs in 0.01858 seconds (53.83357/s)
Feb 23 08:24:24 np0005626459 account-server[124525]: Removed 0 dbs
Feb 23 08:24:24 np0005626459 account-server[124525]: 2 successes, 0 failures
Feb 23 08:24:24 np0005626459 account-server[124525]: diff:0 diff_capped:0 empty:0 hashmatch:0 no_change:2 remote_merge:0 rsync:0 ts_repl:0
Feb 23 08:24:24 np0005626459 object-server[224524]: Begin object audit "forever" mode (ZBF)
Feb 23 08:24:24 np0005626459 object-server[224525]: Begin object audit "forever" mode (ALL)
Feb 23 08:24:24 np0005626459 object-server[224524]: Object audit (ZBF). Since Mon Feb 23 08:24:24 2026: Locally: 1 passed, 0 quarantined, 0 errors, files/sec: 204.17, bytes/sec: 0.00, Total time: 0.00, Auditing time: 0.00, Rate: 0.00
Feb 23 08:24:24 np0005626459 object-server[224525]: Object audit (ALL). Since Mon Feb 23 08:24:24 2026: Locally: 1 passed, 0 quarantined, 0 errors, files/sec: 81.28, bytes/sec: 1300.43, Total time: 0.01, Auditing time: 0.00, Rate: 0.00
Feb 23 08:24:24 np0005626459 object-server[224524]: Object audit (ZBF) "forever" mode completed: 0.29s. Total quarantined: 0, Total errors: 0, Total files/sec: 55.80, Total bytes/sec: 0.00, Auditing time: 0.28, Rate: 0.96
Feb 23 08:24:25 np0005626459 object-server[224525]: Object audit (ALL) "forever" mode completed: 0.71s. Total quarantined: 0, Total errors: 0, Total files/sec: 22.41, Total bytes/sec: 439.83, Auditing time: 0.71, Rate: 0.99
Feb 23 08:24:42 np0005626459 container-server[125515]: 172.20.0.104 - - [23/Feb/2026:08:24:42 +0000] "HEAD /d1/299/AUTH_d351b5d019cd497ab1d84160f10b653c/gnocchi.610b2609-c529-49db-b009-27c0f145563c" 404 - "HEAD http://172.18.0.134:8080/v1/AUTH_d351b5d019cd497ab1d84160f10b653c/gnocchi.610b2609-c529-49db-b009-27c0f145563c?format=json&states=listing" "tx9710b86a5fd4428fa025e-00699c0eca" "proxy-server 20" 0.0012 "-" 21 0
Feb 23 08:24:42 np0005626459 container-server[125537]: 172.20.0.105 - - [23/Feb/2026:08:24:42 +0000] "HEAD /d1/906/AUTH_d351b5d019cd497ab1d84160f10b653c/gnocchi.4b66d46e-016e-4cb9-b0b5-14764823da38" 404 - "HEAD http://172.18.0.134:8080/v1/AUTH_d351b5d019cd497ab1d84160f10b653c/gnocchi.4b66d46e-016e-4cb9-b0b5-14764823da38?format=json&states=listing" "tx6b6585bf93524c32ab041-00699c0eca" "proxy-server 20" 0.0006 "-" 22 0
Feb 23 08:24:42 np0005626459 object-server[125811]: 172.20.0.105 - - [23/Feb/2026:08:24:42 +0000] "GET /d1/355/AUTH_d351b5d019cd497ab1d84160f10b653c/gnocchi.4b66d46e-016e-4cb9-b0b5-14764823da38/none_v3" 404 70 "GET http://172.18.0.134:8080/v1/AUTH_d351b5d019cd497ab1d84160f10b653c/gnocchi.4b66d46e-016e-4cb9-b0b5-14764823da38/none_v3" "tx6b6585bf93524c32ab041-00699c0eca" "proxy-server 20" 0.0010 "-" 23 0
Feb 23 08:24:42 np0005626459 object-server[125801]: 172.20.0.104 - - [23/Feb/2026:08:24:42 +0000] "GET /d1/1019/AUTH_d351b5d019cd497ab1d84160f10b653c/gnocchi.610b2609-c529-49db-b009-27c0f145563c/none_v3" 404 70 "GET http://172.18.0.134:8080/v1/AUTH_d351b5d019cd497ab1d84160f10b653c/gnocchi.610b2609-c529-49db-b009-27c0f145563c/none_v3" "tx9710b86a5fd4428fa025e-00699c0eca" "proxy-server 20" 0.0008 "-" 22 0
Feb 23 08:24:42 np0005626459 container-server[125537]: 172.20.0.104 - - [23/Feb/2026:08:24:42 +0000] "HEAD /d1/200/AUTH_d351b5d019cd497ab1d84160f10b653c/gnocchi.775bdd17-dd47-4d35-b74f-be986e860bd1" 404 - "HEAD http://172.18.0.134:8080/v1/AUTH_d351b5d019cd497ab1d84160f10b653c/gnocchi.775bdd17-dd47-4d35-b74f-be986e860bd1?format=json&states=listing" "txdf331b2868764a5a9e3c3-00699c0eca" "proxy-server 20" 0.0005 "-" 22 0
Feb 23 08:24:42 np0005626459 account-server[124973]: 172.20.0.104 - - [23/Feb/2026:08:24:42 +0000] "PUT /d1/979/AUTH_d351b5d019cd497ab1d84160f10b653c/gnocchi.610b2609-c529-49db-b009-27c0f145563c" 201 - "PUT http://172.20.0.104:6001/d1/299/AUTH_d351b5d019cd497ab1d84160f10b653c/gnocchi.610b2609-c529-49db-b009-27c0f145563c" "txa9d86762d132419984b71-00699c0eca" "container-server 17" 0.0016 "-" 22 0
Feb 23 08:24:42 np0005626459 object-server[125801]: 172.20.0.104 - - [23/Feb/2026:08:24:42 +0000] "GET /d1/556/AUTH_d351b5d019cd497ab1d84160f10b653c/gnocchi.775bdd17-dd47-4d35-b74f-be986e860bd1/none_v3" 404 70 "GET http://172.18.0.134:8080/v1/AUTH_d351b5d019cd497ab1d84160f10b653c/gnocchi.775bdd17-dd47-4d35-b74f-be986e860bd1/none_v3" "txdf331b2868764a5a9e3c3-00699c0eca" "proxy-server 20" 0.0005 "-" 22 0
Feb 23 08:24:42 np0005626459 container-server[125515]: 172.20.0.105 - - [23/Feb/2026:08:24:42 +0000] "PUT /d1/299/AUTH_d351b5d019cd497ab1d84160f10b653c/gnocchi.610b2609-c529-49db-b009-27c0f145563c" 201 - "PUT http://172.18.0.134:8080/v1/AUTH_d351b5d019cd497ab1d84160f10b653c/gnocchi.610b2609-c529-49db-b009-27c0f145563c" "txa9d86762d132419984b71-00699c0eca" "proxy-server 20" 0.0221 "-" 21 0
Feb 23 08:24:42 np0005626459 account-server[124979]: 172.20.0.105 - - [23/Feb/2026:08:24:42 +0000] "PUT /d1/979/AUTH_d351b5d019cd497ab1d84160f10b653c/gnocchi.4b66d46e-016e-4cb9-b0b5-14764823da38" 201 - "PUT http://172.20.0.105:6001/d1/906/AUTH_d351b5d019cd497ab1d84160f10b653c/gnocchi.4b66d46e-016e-4cb9-b0b5-14764823da38" "txb8bc45bff9df415380d70-00699c0eca" "container-server 17" 0.0066 "-" 23 0
Feb 23 08:24:42 np0005626459 container-server[125555]: 172.20.0.103 - - [23/Feb/2026:08:24:42 +0000] "PUT /d1/906/AUTH_d351b5d019cd497ab1d84160f10b653c/gnocchi.4b66d46e-016e-4cb9-b0b5-14764823da38" 201 - "PUT http://172.18.0.134:8080/v1/AUTH_d351b5d019cd497ab1d84160f10b653c/gnocchi.4b66d46e-016e-4cb9-b0b5-14764823da38" "txb8bc45bff9df415380d70-00699c0eca" "proxy-server 20" 0.0225 "-" 23 0
Feb 23 08:24:42 np0005626459 proxy-server[127031]: 172.18.0.105 172.18.0.104 23/Feb/2026/08/24/42 PUT /v1/AUTH_d351b5d019cd497ab1d84160f10b653c/gnocchi.4b66d46e-016e-4cb9-b0b5-14764823da38 HTTP/1.0 201 - python-swiftclient-3.11.1 gAAAAABpnA4o6Gk-... - - - txb8bc45bff9df415380d70-00699c0eca - 0.0475 - - 1771835082.824848652 1771835082.872306585 0
Feb 23 08:24:42 np0005626459 proxy-server[127031]: - - 23/Feb/2026/08/24/42 HEAD /v1/AUTH_d351b5d019cd497ab1d84160f10b653c/gnocchi.4b66d46e-016e-4cb9-b0b5-14764823da38%3Fformat%3Djson%26states%3Dlisting HTTP/1.0 204 - Swift - - - - tx2ce2596ef8924bacbc007-00699c0eca - 0.0073 RL - 1771835082.880149841 1771835082.887407780 0
Feb 23 08:24:42 np0005626459 account-server[124963]: 172.20.0.104 - - [23/Feb/2026:08:24:42 +0000] "PUT /d1/979/AUTH_d351b5d019cd497ab1d84160f10b653c/gnocchi.775bdd17-dd47-4d35-b74f-be986e860bd1" 201 - "PUT http://172.20.0.104:6001/d1/200/AUTH_d351b5d019cd497ab1d84160f10b653c/gnocchi.775bdd17-dd47-4d35-b74f-be986e860bd1" "tx28b9ada3189245b69d7b0-00699c0eca" "container-server 15" 0.0069 "-" 20 0
Feb 23 08:24:42 np0005626459 container-server[125537]: 172.20.0.104 - - [23/Feb/2026:08:24:42 +0000] "PUT /d1/200/AUTH_d351b5d019cd497ab1d84160f10b653c/gnocchi.775bdd17-dd47-4d35-b74f-be986e860bd1" 201 - "PUT http://172.18.0.134:8080/v1/AUTH_d351b5d019cd497ab1d84160f10b653c/gnocchi.775bdd17-dd47-4d35-b74f-be986e860bd1" "tx28b9ada3189245b69d7b0-00699c0eca" "proxy-server 20" 0.0223 "-" 22 0
Feb 23 08:24:42 np0005626459 container-server[125509]: 172.20.0.105 - - [23/Feb/2026:08:24:42 +0000] "GET /d1/299/AUTH_d351b5d019cd497ab1d84160f10b653c/gnocchi.610b2609-c529-49db-b009-27c0f145563c" 200 2 "GET http://172.18.0.134:8080/v1/AUTH_d351b5d019cd497ab1d84160f10b653c/gnocchi.610b2609-c529-49db-b009-27c0f145563c?format=json&states=listing" "txa7f13fbbcb204ab6a1622-00699c0eca" "proxy-server 20" 0.0027 "-" 20 0
Feb 23 08:24:42 np0005626459 proxy-server[127031]: 172.18.0.105 172.18.0.104 23/Feb/2026/08/24/42 GET /v1/AUTH_d351b5d019cd497ab1d84160f10b653c/gnocchi.4b66d46e-016e-4cb9-b0b5-14764823da38%3Fformat%3Djson%26states%3Dlisting HTTP/1.0 200 - python-swiftclient-3.11.1 gAAAAABpnA4o6Gk-... - 2 - tx2ce2596ef8924bacbc007-00699c0eca - 0.0212 - - 1771835082.878074884 1771835082.899253607 0
Feb 23 08:24:42 np0005626459 object-server[125801]: 172.20.0.103 - - [23/Feb/2026:08:24:42 +0000] "GET /d1/1018/AUTH_d351b5d019cd497ab1d84160f10b653c/gnocchi.4b66d46e-016e-4cb9-b0b5-14764823da38/1771200000.0_mean_300.0_v3" 404 70 "GET http://172.18.0.134:8080/v1/AUTH_d351b5d019cd497ab1d84160f10b653c/gnocchi.4b66d46e-016e-4cb9-b0b5-14764823da38/1771200000.0_mean_300.0_v3" "tx5a6f20724eb8495ca3d22-00699c0eca" "proxy-server 20" 0.0008 "-" 22 0
Feb 23 08:24:42 np0005626459 proxy-server[127031]: 172.18.0.105 172.18.0.104 23/Feb/2026/08/24/42 GET /v1/AUTH_d351b5d019cd497ab1d84160f10b653c/gnocchi.4b66d46e-016e-4cb9-b0b5-14764823da38/1771200000.0_mean_300.0_v3 HTTP/1.0 404 - python-swiftclient-3.11.1 gAAAAABpnA4o6Gk-... - 70 - tx5a6f20724eb8495ca3d22-00699c0eca - 0.0139 - - 1771835082.905388117 1771835082.919317484 0
Feb 23 08:24:42 np0005626459 object-server[125814]: 172.20.0.105 - - [23/Feb/2026:08:24:42 +0000] "GET /d1/164/AUTH_d351b5d019cd497ab1d84160f10b653c/gnocchi.610b2609-c529-49db-b009-27c0f145563c/1771200000.0_mean_300.0_v3" 404 70 "GET http://172.18.0.134:8080/v1/AUTH_d351b5d019cd497ab1d84160f10b653c/gnocchi.610b2609-c529-49db-b009-27c0f145563c/1771200000.0_mean_300.0_v3" "tx79f84cc39f064a8a8c173-00699c0eca" "proxy-server 20" 0.0003 "-" 24 0
Feb 23 08:24:42 np0005626459 object-server[125801]: 172.20.0.104 - - [23/Feb/2026:08:24:42 +0000] "GET /d1/613/AUTH_d351b5d019cd497ab1d84160f10b653c/gnocchi.775bdd17-dd47-4d35-b74f-be986e860bd1/1771200000.0_mean_300.0_v3" 404 70 "GET http://172.18.0.134:8080/v1/AUTH_d351b5d019cd497ab1d84160f10b653c/gnocchi.775bdd17-dd47-4d35-b74f-be986e860bd1/1771200000.0_mean_300.0_v3" "tx7d198310cc5747c18109b-00699c0eca" "proxy-server 20" 0.0003 "-" 22 0
Feb 23 08:24:42 np0005626459 container-server[125537]: 172.20.0.104 - - [23/Feb/2026:08:24:42 +0000] "PUT /d1/906/AUTH_d351b5d019cd497ab1d84160f10b653c/gnocchi.4b66d46e-016e-4cb9-b0b5-14764823da38/1771200000.0_mean_300.0_v3" 201 - "PUT http://172.18.0.134:8080/d1/1018/AUTH_d351b5d019cd497ab1d84160f10b653c/gnocchi.4b66d46e-016e-4cb9-b0b5-14764823da38/1771200000.0_mean_300.0_v3" "txe2cd866e17f6477b9df56-00699c0eca" "object-server 22" 0.0008 "-" 22 0
Feb 23 08:24:42 np0005626459 object-server[125801]: 172.20.0.103 - - [23/Feb/2026:08:24:42 +0000] "PUT /d1/1018/AUTH_d351b5d019cd497ab1d84160f10b653c/gnocchi.4b66d46e-016e-4cb9-b0b5-14764823da38/1771200000.0_mean_300.0_v3" 201 - "PUT http://172.18.0.134:8080/v1/AUTH_d351b5d019cd497ab1d84160f10b653c/gnocchi.4b66d46e-016e-4cb9-b0b5-14764823da38/1771200000.0_mean_300.0_v3" "txe2cd866e17f6477b9df56-00699c0eca" "proxy-server 20" 0.0155 "-" 22 0
Feb 23 08:24:42 np0005626459 proxy-server[127031]: 172.18.0.105 172.18.0.104 23/Feb/2026/08/24/42 PUT /v1/AUTH_d351b5d019cd497ab1d84160f10b653c/gnocchi.4b66d46e-016e-4cb9-b0b5-14764823da38/1771200000.0_mean_300.0_v3 HTTP/1.0 201 - python-swiftclient-3.11.1 gAAAAABpnA4o6Gk-... 16 - - txe2cd866e17f6477b9df56-00699c0eca - 0.0262 - - 1771835082.924710512 1771835082.950871468 0
Feb 23 08:24:42 np0005626459 container-server[125555]: 172.20.0.104 - - [23/Feb/2026:08:24:42 +0000] "PUT /d1/299/AUTH_d351b5d019cd497ab1d84160f10b653c/gnocchi.610b2609-c529-49db-b009-27c0f145563c/1771200000.0_mean_300.0_v3" 201 - "PUT http://172.18.0.134:8080/d1/164/AUTH_d351b5d019cd497ab1d84160f10b653c/gnocchi.610b2609-c529-49db-b009-27c0f145563c/1771200000.0_mean_300.0_v3" "tx844d95a210254195ac76b-00699c0eca" "object-server 23" 0.0006 "-" 23 0
Feb 23 08:24:42 np0005626459 object-server[125814]: 172.20.0.105 - - [23/Feb/2026:08:24:42 +0000] "PUT /d1/164/AUTH_d351b5d019cd497ab1d84160f10b653c/gnocchi.610b2609-c529-49db-b009-27c0f145563c/1771200000.0_mean_300.0_v3" 201 - "PUT http://172.18.0.134:8080/v1/AUTH_d351b5d019cd497ab1d84160f10b653c/gnocchi.610b2609-c529-49db-b009-27c0f145563c/1771200000.0_mean_300.0_v3" "tx844d95a210254195ac76b-00699c0eca" "proxy-server 20" 0.0114 "-" 24 0
Feb 23 08:24:42 np0005626459 container-server[125555]: 172.20.0.103 - - [23/Feb/2026:08:24:42 +0000] "PUT /d1/200/AUTH_d351b5d019cd497ab1d84160f10b653c/gnocchi.775bdd17-dd47-4d35-b74f-be986e860bd1/1771200000.0_mean_300.0_v3" 201 - "PUT http://172.18.0.134:8080/d1/613/AUTH_d351b5d019cd497ab1d84160f10b653c/gnocchi.775bdd17-dd47-4d35-b74f-be986e860bd1/1771200000.0_mean_300.0_v3" "tx4042e7a5ef494b318b7f6-00699c0eca" "object-server 23" 0.0004 "-" 23 0
Feb 23 08:24:42 np0005626459 object-server[125811]: 172.20.0.104 - - [23/Feb/2026:08:24:42 +0000] "PUT /d1/613/AUTH_d351b5d019cd497ab1d84160f10b653c/gnocchi.775bdd17-dd47-4d35-b74f-be986e860bd1/1771200000.0_mean_300.0_v3" 201 - "PUT http://172.18.0.134:8080/v1/AUTH_d351b5d019cd497ab1d84160f10b653c/gnocchi.775bdd17-dd47-4d35-b74f-be986e860bd1/1771200000.0_mean_300.0_v3" "tx4042e7a5ef494b318b7f6-00699c0eca" "proxy-server 20" 0.0105 "-" 23 0
Feb 23 08:24:42 np0005626459 object-server[125814]: 172.20.0.105 - - [23/Feb/2026:08:24:42 +0000] "PUT /d1/1019/AUTH_d351b5d019cd497ab1d84160f10b653c/gnocchi.610b2609-c529-49db-b009-27c0f145563c/none_v3" 201 - "PUT http://172.18.0.134:8080/v1/AUTH_d351b5d019cd497ab1d84160f10b653c/gnocchi.610b2609-c529-49db-b009-27c0f145563c/none_v3" "tx6d6ff4c9da824a598db0d-00699c0eca" "proxy-server 20" 0.0112 "-" 24 0
Feb 23 08:24:42 np0005626459 object-server[125814]: 172.20.0.104 - - [23/Feb/2026:08:24:42 +0000] "PUT /d1/556/AUTH_d351b5d019cd497ab1d84160f10b653c/gnocchi.775bdd17-dd47-4d35-b74f-be986e860bd1/none_v3" 201 - "PUT http://172.18.0.134:8080/v1/AUTH_d351b5d019cd497ab1d84160f10b653c/gnocchi.775bdd17-dd47-4d35-b74f-be986e860bd1/none_v3" "tx4e79080c78df4faa97cb1-00699c0eca" "proxy-server 20" 0.0106 "-" 24 0
Feb 23 08:24:42 np0005626459 container-server[125515]: 172.20.0.105 - - [23/Feb/2026:08:24:42 +0000] "PUT /d1/200/AUTH_d351b5d019cd497ab1d84160f10b653c/gnocchi.775bdd17-dd47-4d35-b74f-be986e860bd1/none_v3" 201 - "PUT http://172.18.0.134:8080/d1/556/AUTH_d351b5d019cd497ab1d84160f10b653c/gnocchi.775bdd17-dd47-4d35-b74f-be986e860bd1/none_v3" "tx4e79080c78df4faa97cb1-00699c0eca" "object-server 22" 0.0008 "-" 21 0
Feb 23 08:24:42 np0005626459 container-server[125537]: 172.20.0.105 - - [23/Feb/2026:08:24:42 +0000] "PUT /d1/299/AUTH_d351b5d019cd497ab1d84160f10b653c/gnocchi.610b2609-c529-49db-b009-27c0f145563c/none_v3" 201 - "PUT http://172.18.0.134:8080/d1/1019/AUTH_d351b5d019cd497ab1d84160f10b653c/gnocchi.610b2609-c529-49db-b009-27c0f145563c/none_v3" "tx6d6ff4c9da824a598db0d-00699c0eca" "object-server 22" 0.0034 "-" 22 0
Feb 23 08:24:42 np0005626459 object-server[125801]: 172.20.0.103 - - [23/Feb/2026:08:24:42 +0000] "PUT /d1/355/AUTH_d351b5d019cd497ab1d84160f10b653c/gnocchi.4b66d46e-016e-4cb9-b0b5-14764823da38/none_v3" 201 - "PUT http://172.18.0.134:8080/v1/AUTH_d351b5d019cd497ab1d84160f10b653c/gnocchi.4b66d46e-016e-4cb9-b0b5-14764823da38/none_v3" "txe0e1a00e1a524a37b7a38-00699c0eca" "proxy-server 20" 0.0143 "-" 22 0
Feb 23 08:24:42 np0005626459 container-server[125515]: 172.20.0.104 - - [23/Feb/2026:08:24:42 +0000] "PUT /d1/906/AUTH_d351b5d019cd497ab1d84160f10b653c/gnocchi.4b66d46e-016e-4cb9-b0b5-14764823da38/none_v3" 201 - "PUT http://172.18.0.134:8080/d1/355/AUTH_d351b5d019cd497ab1d84160f10b653c/gnocchi.4b66d46e-016e-4cb9-b0b5-14764823da38/none_v3" "txe0e1a00e1a524a37b7a38-00699c0eca" "object-server 22" 0.0005 "-" 21 0
Feb 23 08:24:42 np0005626459 proxy-server[127031]: 172.18.0.105 172.18.0.104 23/Feb/2026/08/24/42 PUT /v1/AUTH_d351b5d019cd497ab1d84160f10b653c/gnocchi.4b66d46e-016e-4cb9-b0b5-14764823da38/none_v3 HTTP/1.0 201 - python-swiftclient-3.11.1 gAAAAABpnA4o6Gk-... 22 - - txe0e1a00e1a524a37b7a38-00699c0eca - 0.0292 - - 1771835082.959817648 1771835082.988977909 0
Feb 23 08:24:43 np0005626459 container-server[125515]: 172.20.0.104 - - [23/Feb/2026:08:24:43 +0000] "HEAD /d1/923/AUTH_d351b5d019cd497ab1d84160f10b653c/gnocchi.ff3d4d84-f6cc-4223-a974-ba1e7eba000f" 404 - "HEAD http://172.18.0.134:8080/v1/AUTH_d351b5d019cd497ab1d84160f10b653c/gnocchi.ff3d4d84-f6cc-4223-a974-ba1e7eba000f?format=json&states=listing" "txd10daa7d350a415296b6a-00699c0ecb" "proxy-server 20" 0.0005 "-" 21 0
Feb 23 08:24:43 np0005626459 container-server[125555]: 172.20.0.105 - - [23/Feb/2026:08:24:43 +0000] "HEAD /d1/557/AUTH_d351b5d019cd497ab1d84160f10b653c/gnocchi.1d0d75ac-6399-40be-82c8-e645a7bf9a38" 404 - "HEAD http://172.18.0.134:8080/v1/AUTH_d351b5d019cd497ab1d84160f10b653c/gnocchi.1d0d75ac-6399-40be-82c8-e645a7bf9a38?format=json&states=listing" "tx83730f5536aa400ca99ea-00699c0ecb" "proxy-server 20" 0.0006 "-" 23 0
Feb 23 08:24:43 np0005626459 container-server[125555]: 172.20.0.103 - - [23/Feb/2026:08:24:43 +0000] "HEAD /d1/856/AUTH_d351b5d019cd497ab1d84160f10b653c/gnocchi.b25f77ea-58e0-414c-9b64-df56f720745a" 404 - "HEAD http://172.18.0.134:8080/v1/AUTH_d351b5d019cd497ab1d84160f10b653c/gnocchi.b25f77ea-58e0-414c-9b64-df56f720745a?format=json&states=listing" "txb1485f5a86eb4fc68d521-00699c0ecb" "proxy-server 20" 0.0004 "-" 23 0
Feb 23 08:24:43 np0005626459 object-server[125811]: 172.20.0.104 - - [23/Feb/2026:08:24:43 +0000] "GET /d1/385/AUTH_d351b5d019cd497ab1d84160f10b653c/gnocchi.ff3d4d84-f6cc-4223-a974-ba1e7eba000f/none_v3" 404 70 "GET http://172.18.0.134:8080/v1/AUTH_d351b5d019cd497ab1d84160f10b653c/gnocchi.ff3d4d84-f6cc-4223-a974-ba1e7eba000f/none_v3" "txd10daa7d350a415296b6a-00699c0ecb" "proxy-server 20" 0.0006 "-" 23 0
Feb 23 08:24:43 np0005626459 object-server[125833]: 172.20.0.105 - - [23/Feb/2026:08:24:43 +0000] "GET /d1/1022/AUTH_d351b5d019cd497ab1d84160f10b653c/gnocchi.1d0d75ac-6399-40be-82c8-e645a7bf9a38/none_v3" 404 70 "GET http://172.18.0.134:8080/v1/AUTH_d351b5d019cd497ab1d84160f10b653c/gnocchi.1d0d75ac-6399-40be-82c8-e645a7bf9a38/none_v3" "tx83730f5536aa400ca99ea-00699c0ecb" "proxy-server 20" 0.0005 "-" 25 0
Feb 23 08:24:43 np0005626459 object-server[125811]: 172.20.0.103 - - [23/Feb/2026:08:24:43 +0000] "GET /d1/752/AUTH_d351b5d019cd497ab1d84160f10b653c/gnocchi.b25f77ea-58e0-414c-9b64-df56f720745a/none_v3" 404 70 "GET http://172.18.0.134:8080/v1/AUTH_d351b5d019cd497ab1d84160f10b653c/gnocchi.b25f77ea-58e0-414c-9b64-df56f720745a/none_v3" "txb1485f5a86eb4fc68d521-00699c0ecb" "proxy-server 20" 0.0004 "-" 23 0
Feb 23 08:24:43 np0005626459 proxy-server[127031]: 172.18.0.134 172.18.0.104 23/Feb/2026/08/24/43 GET /v1/AUTH_d351b5d019cd497ab1d84160f10b653c/gnocchi.b25f77ea-58e0-414c-9b64-df56f720745a/none_v3 HTTP/1.0 404 - python-swiftclient-3.11.1 gAAAAABpnA5xJZZ6... - 70 - txb1485f5a86eb4fc68d521-00699c0ecb - 0.0323 - - 1771835083.009671926 1771835083.041968346 0
Feb 23 08:24:43 np0005626459 account-server[124973]: 172.20.0.104 - - [23/Feb/2026:08:24:43 +0000] "PUT /d1/979/AUTH_d351b5d019cd497ab1d84160f10b653c/gnocchi.ff3d4d84-f6cc-4223-a974-ba1e7eba000f" 201 - "PUT http://172.20.0.104:6001/d1/923/AUTH_d351b5d019cd497ab1d84160f10b653c/gnocchi.ff3d4d84-f6cc-4223-a974-ba1e7eba000f" "txc974cebe8fcd4d7d9fcfa-00699c0ecb" "container-server 17" 0.0082 "-" 22 0
Feb 23 08:24:43 np0005626459 container-server[125555]: 172.20.0.104 - - [23/Feb/2026:08:24:43 +0000] "PUT /d1/923/AUTH_d351b5d019cd497ab1d84160f10b653c/gnocchi.ff3d4d84-f6cc-4223-a974-ba1e7eba000f" 201 - "PUT http://172.18.0.134:8080/v1/AUTH_d351b5d019cd497ab1d84160f10b653c/gnocchi.ff3d4d84-f6cc-4223-a974-ba1e7eba000f" "txc974cebe8fcd4d7d9fcfa-00699c0ecb" "proxy-server 20" 0.0228 "-" 23 0
Feb 23 08:24:43 np0005626459 account-server[124973]: 172.20.0.103 - - [23/Feb/2026:08:24:43 +0000] "PUT /d1/979/AUTH_d351b5d019cd497ab1d84160f10b653c/gnocchi.1d0d75ac-6399-40be-82c8-e645a7bf9a38" 201 - "PUT http://172.20.0.103:6001/d1/557/AUTH_d351b5d019cd497ab1d84160f10b653c/gnocchi.1d0d75ac-6399-40be-82c8-e645a7bf9a38" "txa1d39924791e4a06a5168-00699c0ecb" "container-server 23" 0.0065 "-" 22 0
Feb 23 08:24:43 np0005626459 container-server[125555]: 172.20.0.105 - - [23/Feb/2026:08:24:43 +0000] "PUT /d1/557/AUTH_d351b5d019cd497ab1d84160f10b653c/gnocchi.1d0d75ac-6399-40be-82c8-e645a7bf9a38" 201 - "PUT http://172.18.0.134:8080/v1/AUTH_d351b5d019cd497ab1d84160f10b653c/gnocchi.1d0d75ac-6399-40be-82c8-e645a7bf9a38" "txa1d39924791e4a06a5168-00699c0ecb" "proxy-server 20" 0.0197 "-" 23 0
Feb 23 08:24:43 np0005626459 account-server[124973]: 172.20.0.104 - - [23/Feb/2026:08:24:43 +0000] "PUT /d1/979/AUTH_d351b5d019cd497ab1d84160f10b653c/gnocchi.b25f77ea-58e0-414c-9b64-df56f720745a" 201 - "PUT http://172.20.0.104:6001/d1/856/AUTH_d351b5d019cd497ab1d84160f10b653c/gnocchi.b25f77ea-58e0-414c-9b64-df56f720745a" "tx1e8b451031544a2cb7029-00699c0ecb" "container-server 14" 0.0050 "-" 22 0
Feb 23 08:24:43 np0005626459 container-server[125509]: 172.20.0.103 - - [23/Feb/2026:08:24:43 +0000] "PUT /d1/856/AUTH_d351b5d019cd497ab1d84160f10b653c/gnocchi.b25f77ea-58e0-414c-9b64-df56f720745a" 201 - "PUT http://172.18.0.134:8080/v1/AUTH_d351b5d019cd497ab1d84160f10b653c/gnocchi.b25f77ea-58e0-414c-9b64-df56f720745a" "tx1e8b451031544a2cb7029-00699c0ecb" "proxy-server 20" 0.0228 "-" 20 0
Feb 23 08:24:43 np0005626459 proxy-server[127031]: 172.18.0.134 172.18.0.104 23/Feb/2026/08/24/43 PUT /v1/AUTH_d351b5d019cd497ab1d84160f10b653c/gnocchi.b25f77ea-58e0-414c-9b64-df56f720745a HTTP/1.0 201 - python-swiftclient-3.11.1 gAAAAABpnA5xJZZ6... - - - tx1e8b451031544a2cb7029-00699c0ecb - 0.0359 - - 1771835083.046073914 1771835083.081973553 0
Feb 23 08:24:43 np0005626459 container-server[125537]: 172.20.0.103 - - [23/Feb/2026:08:24:43 +0000] "HEAD /d1/856/AUTH_d351b5d019cd497ab1d84160f10b653c/gnocchi.b25f77ea-58e0-414c-9b64-df56f720745a" 204 - "HEAD http://172.18.0.134:8080/v1/AUTH_d351b5d019cd497ab1d84160f10b653c/gnocchi.b25f77ea-58e0-414c-9b64-df56f720745a?format=json&states=listing" "tx077b491915d14b9c806b9-00699c0ecb" "proxy-server 20" 0.0025 "-" 22 0
Feb 23 08:24:43 np0005626459 proxy-server[127031]: - - 23/Feb/2026/08/24/43 HEAD /v1/AUTH_d351b5d019cd497ab1d84160f10b653c/gnocchi.b25f77ea-58e0-414c-9b64-df56f720745a%3Fformat%3Djson%26states%3Dlisting HTTP/1.0 204 - Swift - - - - tx077b491915d14b9c806b9-00699c0ecb - 0.0087 RL - 1771835083.090415001 1771835083.099126101 0
Feb 23 08:24:43 np0005626459 object-server[125833]: 172.20.0.104 - - [23/Feb/2026:08:24:43 +0000] "GET /d1/577/AUTH_d351b5d019cd497ab1d84160f10b653c/gnocchi.ff3d4d84-f6cc-4223-a974-ba1e7eba000f/1771200000.0_mean_300.0_v3" 404 70 "GET http://172.18.0.134:8080/v1/AUTH_d351b5d019cd497ab1d84160f10b653c/gnocchi.ff3d4d84-f6cc-4223-a974-ba1e7eba000f/1771200000.0_mean_300.0_v3" "tx9ee409b1543e4b2baacd2-00699c0ecb" "proxy-server 20" 0.0005 "-" 25 0
Feb 23 08:24:43 np0005626459 proxy-server[127031]: 172.18.0.134 172.18.0.104 23/Feb/2026/08/24/43 GET /v1/AUTH_d351b5d019cd497ab1d84160f10b653c/gnocchi.b25f77ea-58e0-414c-9b64-df56f720745a%3Fformat%3Djson%26states%3Dlisting HTTP/1.0 200 - python-swiftclient-3.11.1 gAAAAABpnA5xJZZ6... - 2 - tx077b491915d14b9c806b9-00699c0ecb - 0.0240 - - 1771835083.087810993 1771835083.111830473 0
Feb 23 08:24:43 np0005626459 object-server[125811]: 172.20.0.105 - - [23/Feb/2026:08:24:43 +0000] "GET /d1/817/AUTH_d351b5d019cd497ab1d84160f10b653c/gnocchi.1d0d75ac-6399-40be-82c8-e645a7bf9a38/1771200000.0_mean_300.0_v3" 404 70 "GET http://172.18.0.134:8080/v1/AUTH_d351b5d019cd497ab1d84160f10b653c/gnocchi.1d0d75ac-6399-40be-82c8-e645a7bf9a38/1771200000.0_mean_300.0_v3" "tx2082a617da7e403ba72a8-00699c0ecb" "proxy-server 20" 0.0008 "-" 23 0
Feb 23 08:24:43 np0005626459 container-server[125537]: 172.20.0.105 - - [23/Feb/2026:08:24:43 +0000] "PUT /d1/923/AUTH_d351b5d019cd497ab1d84160f10b653c/gnocchi.ff3d4d84-f6cc-4223-a974-ba1e7eba000f/1771200000.0_mean_300.0_v3" 201 - "PUT http://172.18.0.134:8080/d1/577/AUTH_d351b5d019cd497ab1d84160f10b653c/gnocchi.ff3d4d84-f6cc-4223-a974-ba1e7eba000f/1771200000.0_mean_300.0_v3" "tx6715b7e9c79b4ec19966a-00699c0ecb" "object-server 24" 0.0009 "-" 22 0
Feb 23 08:24:43 np0005626459 object-server[125814]: 172.20.0.104 - - [23/Feb/2026:08:24:43 +0000] "PUT /d1/577/AUTH_d351b5d019cd497ab1d84160f10b653c/gnocchi.ff3d4d84-f6cc-4223-a974-ba1e7eba000f/1771200000.0_mean_300.0_v3" 201 - "PUT http://172.18.0.134:8080/v1/AUTH_d351b5d019cd497ab1d84160f10b653c/gnocchi.ff3d4d84-f6cc-4223-a974-ba1e7eba000f/1771200000.0_mean_300.0_v3" "tx6715b7e9c79b4ec19966a-00699c0ecb" "proxy-server 20" 0.0137 "-" 24 0
Feb 23 08:24:43 np0005626459 object-server[125833]: 172.20.0.103 - - [23/Feb/2026:08:24:43 +0000] "GET /d1/650/AUTH_d351b5d019cd497ab1d84160f10b653c/gnocchi.b25f77ea-58e0-414c-9b64-df56f720745a/1771200000.0_mean_300.0_v3" 404 70 "GET http://172.18.0.134:8080/v1/AUTH_d351b5d019cd497ab1d84160f10b653c/gnocchi.b25f77ea-58e0-414c-9b64-df56f720745a/1771200000.0_mean_300.0_v3" "txaaa832993672461d9c6c0-00699c0ecb" "proxy-server 20" 0.0007 "-" 25 0
Feb 23 08:24:43 np0005626459 proxy-server[127031]: 172.18.0.134 172.18.0.104 23/Feb/2026/08/24/43 GET /v1/AUTH_d351b5d019cd497ab1d84160f10b653c/gnocchi.b25f77ea-58e0-414c-9b64-df56f720745a/1771200000.0_mean_300.0_v3 HTTP/1.0 404 - python-swiftclient-3.11.1 gAAAAABpnA5xJZZ6... - 70 - txaaa832993672461d9c6c0-00699c0ecb - 0.0169 - - 1771835083.117575407 1771835083.134471893 0
Feb 23 08:24:43 np0005626459 container-server[125555]: 172.20.0.103 - - [23/Feb/2026:08:24:43 +0000] "PUT /d1/557/AUTH_d351b5d019cd497ab1d84160f10b653c/gnocchi.1d0d75ac-6399-40be-82c8-e645a7bf9a38/1771200000.0_mean_300.0_v3" 201 - "PUT http://172.18.0.134:8080/d1/817/AUTH_d351b5d019cd497ab1d84160f10b653c/gnocchi.1d0d75ac-6399-40be-82c8-e645a7bf9a38/1771200000.0_mean_300.0_v3" "tx5b7b56a39b3e45079d0f8-00699c0ecb" "object-server 23" 0.0008 "-" 23 0
Feb 23 08:24:43 np0005626459 container-server[125509]: 172.20.0.103 - - [23/Feb/2026:08:24:43 +0000] "PUT /d1/856/AUTH_d351b5d019cd497ab1d84160f10b653c/gnocchi.b25f77ea-58e0-414c-9b64-df56f720745a/1771200000.0_mean_300.0_v3" 201 - "PUT http://172.18.0.134:8080/d1/650/AUTH_d351b5d019cd497ab1d84160f10b653c/gnocchi.b25f77ea-58e0-414c-9b64-df56f720745a/1771200000.0_mean_300.0_v3" "tx75b918e1f7da4a5f9446f-00699c0ecb" "object-server 25" 0.0011 "-" 20 0
Feb 23 08:24:43 np0005626459 object-server[125811]: 172.20.0.105 - - [23/Feb/2026:08:24:43 +0000] "PUT /d1/817/AUTH_d351b5d019cd497ab1d84160f10b653c/gnocchi.1d0d75ac-6399-40be-82c8-e645a7bf9a38/1771200000.0_mean_300.0_v3" 201 - "PUT http://172.18.0.134:8080/v1/AUTH_d351b5d019cd497ab1d84160f10b653c/gnocchi.1d0d75ac-6399-40be-82c8-e645a7bf9a38/1771200000.0_mean_300.0_v3" "tx5b7b56a39b3e45079d0f8-00699c0ecb" "proxy-server 20" 0.0142 "-" 23 0
Feb 23 08:24:43 np0005626459 object-server[125833]: 172.20.0.103 - - [23/Feb/2026:08:24:43 +0000] "PUT /d1/650/AUTH_d351b5d019cd497ab1d84160f10b653c/gnocchi.b25f77ea-58e0-414c-9b64-df56f720745a/1771200000.0_mean_300.0_v3" 201 - "PUT http://172.18.0.134:8080/v1/AUTH_d351b5d019cd497ab1d84160f10b653c/gnocchi.b25f77ea-58e0-414c-9b64-df56f720745a/1771200000.0_mean_300.0_v3" "tx75b918e1f7da4a5f9446f-00699c0ecb" "proxy-server 20" 0.0134 "-" 25 0
Feb 23 08:24:43 np0005626459 container-server[125555]: 172.20.0.104 - - [23/Feb/2026:08:24:43 +0000] "PUT /d1/923/AUTH_d351b5d019cd497ab1d84160f10b653c/gnocchi.ff3d4d84-f6cc-4223-a974-ba1e7eba000f/none_v3" 201 - "PUT http://172.18.0.134:8080/d1/385/AUTH_d351b5d019cd497ab1d84160f10b653c/gnocchi.ff3d4d84-f6cc-4223-a974-ba1e7eba000f/none_v3" "tx3341171dfd1d4e71b47b8-00699c0ecb" "object-server 23" 0.0004 "-" 23 0
Feb 23 08:24:43 np0005626459 object-server[125814]: 172.20.0.104 - - [23/Feb/2026:08:24:43 +0000] "PUT /d1/385/AUTH_d351b5d019cd497ab1d84160f10b653c/gnocchi.ff3d4d84-f6cc-4223-a974-ba1e7eba000f/none_v3" 201 - "PUT http://172.18.0.134:8080/v1/AUTH_d351b5d019cd497ab1d84160f10b653c/gnocchi.ff3d4d84-f6cc-4223-a974-ba1e7eba000f/none_v3" "tx3341171dfd1d4e71b47b8-00699c0ecb" "proxy-server 20" 0.0152 "-" 24 0
Feb 23 08:24:43 np0005626459 proxy-server[127031]: 172.18.0.134 172.18.0.104 23/Feb/2026/08/24/43 PUT /v1/AUTH_d351b5d019cd497ab1d84160f10b653c/gnocchi.b25f77ea-58e0-414c-9b64-df56f720745a/1771200000.0_mean_300.0_v3 HTTP/1.0 201 - python-swiftclient-3.11.1 gAAAAABpnA5xJZZ6... 16 - - tx75b918e1f7da4a5f9446f-00699c0ecb - 0.0260 - - 1771835083.138858080 1771835083.164830923 0
Feb 23 08:24:43 np0005626459 container-server[125515]: 172.20.0.105 - - [23/Feb/2026:08:24:43 +0000] "HEAD /d1/752/AUTH_d351b5d019cd497ab1d84160f10b653c/gnocchi.2006331c-4bf4-4bc2-bafa-b6d01219e73a" 404 - "HEAD http://172.18.0.134:8080/v1/AUTH_d351b5d019cd497ab1d84160f10b653c/gnocchi.2006331c-4bf4-4bc2-bafa-b6d01219e73a?format=json&states=listing" "txa941dc5ddfa94cf88b830-00699c0ecb" "proxy-server 20" 0.0005 "-" 21 0
Feb 23 08:24:43 np0005626459 object-server[125814]: 172.20.0.104 - - [23/Feb/2026:08:24:43 +0000] "PUT /d1/752/AUTH_d351b5d019cd497ab1d84160f10b653c/gnocchi.b25f77ea-58e0-414c-9b64-df56f720745a/none_v3" 201 - "PUT http://172.18.0.134:8080/v1/AUTH_d351b5d019cd497ab1d84160f10b653c/gnocchi.b25f77ea-58e0-414c-9b64-df56f720745a/none_v3" "txebe3824957ae4caaa88b8-00699c0ecb" "proxy-server 20" 0.0140 "-" 24 0
Feb 23 08:24:43 np0005626459 container-server[125537]: 172.20.0.104 - - [23/Feb/2026:08:24:43 +0000] "PUT /d1/856/AUTH_d351b5d019cd497ab1d84160f10b653c/gnocchi.b25f77ea-58e0-414c-9b64-df56f720745a/none_v3" 201 - "PUT http://172.18.0.134:8080/d1/752/AUTH_d351b5d019cd497ab1d84160f10b653c/gnocchi.b25f77ea-58e0-414c-9b64-df56f720745a/none_v3" "txebe3824957ae4caaa88b8-00699c0ecb" "object-server 23" 0.0012 "-" 22 0
Feb 23 08:24:43 np0005626459 container-server[125537]: 172.20.0.103 - - [23/Feb/2026:08:24:43 +0000] "PUT /d1/557/AUTH_d351b5d019cd497ab1d84160f10b653c/gnocchi.1d0d75ac-6399-40be-82c8-e645a7bf9a38/none_v3" 201 - "PUT http://172.18.0.134:8080/d1/1022/AUTH_d351b5d019cd497ab1d84160f10b653c/gnocchi.1d0d75ac-6399-40be-82c8-e645a7bf9a38/none_v3" "txb792d558431a419a86fd7-00699c0ecb" "object-server 22" 0.0008 "-" 22 0
Feb 23 08:24:43 np0005626459 object-server[125801]: 172.20.0.103 - - [23/Feb/2026:08:24:43 +0000] "PUT /d1/1022/AUTH_d351b5d019cd497ab1d84160f10b653c/gnocchi.1d0d75ac-6399-40be-82c8-e645a7bf9a38/none_v3" 201 - "PUT http://172.18.0.134:8080/v1/AUTH_d351b5d019cd497ab1d84160f10b653c/gnocchi.1d0d75ac-6399-40be-82c8-e645a7bf9a38/none_v3" "txb792d558431a419a86fd7-00699c0ecb" "proxy-server 20" 0.0153 "-" 22 0
Feb 23 08:24:43 np0005626459 proxy-server[127031]: 172.18.0.103 172.18.0.104 23/Feb/2026/08/24/43 PUT /v1/AUTH_d351b5d019cd497ab1d84160f10b653c/gnocchi.1d0d75ac-6399-40be-82c8-e645a7bf9a38/none_v3 HTTP/1.0 201 - python-swiftclient-3.11.1 gAAAAABpnA5xV5GH... 22 - - txb792d558431a419a86fd7-00699c0ecb - 0.0252 - - 1771835083.177262783 1771835083.202460051 0
