Feb 23 08:26:08 np0005626459 account-server[124979]: 172.20.0.105 - - [23/Feb/2026:08:26:08 +0000] "PUT /d1/979/AUTH_d351b5d019cd497ab1d84160f10b653c/gnocchi.2006331c-4bf4-4bc2-bafa-b6d01219e73a" 201 - "-" "-" "container-updater 2" 0.0009 "-" 23 0
Feb 23 08:26:09 np0005626459 account-server[124971]: 172.20.0.105 - - [23/Feb/2026:08:26:09 +0000] "PUT /d1/979/AUTH_d351b5d019cd497ab1d84160f10b653c/gnocchi.fa83dd2f-03fa-4931-9293-9d3f29a5d892" 201 - "-" "-" "container-updater 2" 0.0009 "-" 21 0
Feb 23 08:26:09 np0005626459 account-server[124973]: 172.20.0.105 - - [23/Feb/2026:08:26:09 +0000] "PUT /d1/979/AUTH_d351b5d019cd497ab1d84160f10b653c/gnocchi.b25f77ea-58e0-414c-9b64-df56f720745a" 201 - "-" "-" "container-updater 2" 0.0008 "-" 22 0
Feb 23 08:26:09 np0005626459 account-server[124979]: 172.20.0.105 - - [23/Feb/2026:08:26:09 +0000] "PUT /d1/979/AUTH_d351b5d019cd497ab1d84160f10b653c/gnocchi.dfea0713-920c-4e14-bed3-3f08daee5fc5" 201 - "-" "-" "container-updater 2" 0.0009 "-" 23 0
Feb 23 08:26:09 np0005626459 account-server[124971]: 172.20.0.105 - - [23/Feb/2026:08:26:09 +0000] "PUT /d1/979/AUTH_d351b5d019cd497ab1d84160f10b653c/gnocchi.222d0e86-652d-4feb-b78c-d17d1d5c9c62" 201 - "-" "-" "container-updater 2" 0.0007 "-" 21 0
Feb 23 08:26:09 np0005626459 account-server[124973]: 172.20.0.105 - - [23/Feb/2026:08:26:09 +0000] "PUT /d1/979/AUTH_d351b5d019cd497ab1d84160f10b653c/gnocchi.08d5a395-fac8-4028-b76f-2d40a0ad1549" 201 - "-" "-" "container-updater 2" 0.0008 "-" 22 0
Feb 23 08:26:09 np0005626459 account-server[124963]: 172.20.0.105 - - [23/Feb/2026:08:26:09 +0000] "PUT /d1/979/AUTH_d351b5d019cd497ab1d84160f10b653c/gnocchi.610b2609-c529-49db-b009-27c0f145563c" 201 - "-" "-" "container-updater 2" 0.0008 "-" 20 0
Feb 23 08:26:09 np0005626459 account-server[124973]: 172.20.0.105 - - [23/Feb/2026:08:26:09 +0000] "PUT /d1/979/AUTH_d351b5d019cd497ab1d84160f10b653c/gnocchi.1d0d75ac-6399-40be-82c8-e645a7bf9a38" 201 - "-" "-" "container-updater 2" 0.0008 "-" 22 0
Feb 23 08:26:18 np0005626459 container-server[124969]: Beginning replication run
Feb 23 08:26:19 np0005626459 container-server[124969]: Replication run OVER
Feb 23 08:26:19 np0005626459 container-server[124969]: Attempted to replicate 22 dbs in 0.44442 seconds (49.50326/s)
Feb 23 08:26:19 np0005626459 container-server[124969]: Removed 0 dbs
Feb 23 08:26:19 np0005626459 container-server[124969]: 44 successes, 0 failures
Feb 23 08:26:19 np0005626459 container-server[124969]: diff:0 diff_capped:0 empty:0 hashmatch:0 no_change:44 remote_merge:0 rsync:0 ts_repl:0
Feb 23 08:26:24 np0005626459 account-server[124525]: Beginning replication run
Feb 23 08:26:24 np0005626459 account-server[124525]: Replication run OVER
Feb 23 08:26:24 np0005626459 account-server[124525]: Attempted to replicate 1 dbs in 0.04194 seconds (23.84083/s)
Feb 23 08:26:24 np0005626459 account-server[124525]: Removed 0 dbs
Feb 23 08:26:24 np0005626459 account-server[124525]: 2 successes, 0 failures
Feb 23 08:26:24 np0005626459 account-server[124525]: diff:0 diff_capped:0 empty:0 hashmatch:0 no_change:2 remote_merge:0 rsync:0 ts_repl:0
Feb 23 08:26:26 np0005626459 object-server[125384]: Starting object replication pass.
Feb 23 08:26:26 np0005626459 object-server[125384]: 41/41 (100.00%) partitions replicated in 0.41s (100.74/sec, 0s remaining)
Feb 23 08:26:26 np0005626459 object-server[125384]: 82 successes, 0 failures
Feb 23 08:26:26 np0005626459 object-server[125384]: 44 suffixes checked - 0.00% hashed, 0.00% synced
Feb 23 08:26:26 np0005626459 object-server[125384]: Partition times: max 0.0145s, min 0.0072s, med 0.0088s
Feb 23 08:26:26 np0005626459 object-server[125384]: Object replication complete. (0.01 minutes)
Feb 23 08:26:27 np0005626459 object-server[236409]: Begin object audit "forever" mode (ALL)
Feb 23 08:26:27 np0005626459 object-server[236408]: Begin object audit "forever" mode (ZBF)
Feb 23 08:26:27 np0005626459 object-server[236408]: Object audit (ZBF). Since Mon Feb 23 08:26:27 2026: Locally: 1 passed, 0 quarantined, 0 errors, files/sec: 426.68, bytes/sec: 0.00, Total time: 0.00, Auditing time: 0.00, Rate: 0.00
Feb 23 08:26:27 np0005626459 object-server[236409]: Object audit (ALL). Since Mon Feb 23 08:26:27 2026: Locally: 1 passed, 0 quarantined, 0 errors, files/sec: 94.90, bytes/sec: 1518.47, Total time: 0.01, Auditing time: 0.00, Rate: 0.00
Feb 23 08:26:28 np0005626459 object-server[236408]: Object audit (ZBF) "forever" mode completed: 0.84s. Total quarantined: 0, Total errors: 0, Total files/sec: 52.12, Total bytes/sec: 0.00, Auditing time: 0.83, Rate: 0.99
Feb 23 08:26:30 np0005626459 object-server[236409]: Object audit (ALL) "forever" mode completed: 2.11s. Total quarantined: 0, Total errors: 0, Total files/sec: 20.82, Total bytes/sec: 400.38, Auditing time: 2.10, Rate: 0.99
Feb 23 08:26:48 np0005626459 container-server[124969]: Beginning replication run
Feb 23 08:26:49 np0005626459 container-server[124969]: Replication run OVER
Feb 23 08:26:49 np0005626459 container-server[124969]: Attempted to replicate 22 dbs in 0.43230 seconds (50.89048/s)
Feb 23 08:26:49 np0005626459 container-server[124969]: Removed 0 dbs
Feb 23 08:26:49 np0005626459 container-server[124969]: 44 successes, 0 failures
Feb 23 08:26:49 np0005626459 container-server[124969]: diff:0 diff_capped:0 empty:0 hashmatch:0 no_change:44 remote_merge:0 rsync:0 ts_repl:0
Feb 23 08:26:54 np0005626459 account-server[124525]: Beginning replication run
Feb 23 08:26:54 np0005626459 account-server[124525]: Replication run OVER
Feb 23 08:26:54 np0005626459 account-server[124525]: Attempted to replicate 1 dbs in 0.01691 seconds (59.13682/s)
Feb 23 08:26:54 np0005626459 account-server[124525]: Removed 0 dbs
Feb 23 08:26:54 np0005626459 account-server[124525]: 2 successes, 0 failures
Feb 23 08:26:54 np0005626459 account-server[124525]: diff:0 diff_capped:0 empty:0 hashmatch:0 no_change:2 remote_merge:0 rsync:0 ts_repl:0
Feb 23 08:26:55 np0005626459 account-server[124979]: 172.20.0.104 - - [23/Feb/2026:08:26:55 +0000] "HEAD /d1/185/.expiring_objects" 404 - "HEAD http://localhost/v1/.expiring_objects?format=json" "tx97315874a3aa4fa08ee79-00699c0f4f" "proxy-server 2" 0.0010 "-" 23 -
Feb 23 08:26:56 np0005626459 object-server[125384]: Starting object replication pass.
Feb 23 08:26:57 np0005626459 object-server[125384]: 41/41 (100.00%) partitions replicated in 0.45s (91.58/sec, 0s remaining)
Feb 23 08:26:57 np0005626459 object-server[125384]: 82 successes, 0 failures
Feb 23 08:26:57 np0005626459 object-server[125384]: 44 suffixes checked - 0.00% hashed, 0.00% synced
Feb 23 08:26:57 np0005626459 object-server[125384]: Partition times: max 0.0304s, min 0.0069s, med 0.0093s
Feb 23 08:26:57 np0005626459 object-server[125384]: Object replication complete. (0.01 minutes)
Feb 23 08:26:58 np0005626459 object-server[236476]: Begin object audit "forever" mode (ZBF)
Feb 23 08:26:58 np0005626459 object-server[236476]: Object audit (ZBF). Since Mon Feb 23 08:26:58 2026: Locally: 1 passed, 0 quarantined, 0 errors, files/sec: 627.14, bytes/sec: 0.00, Total time: 0.00, Auditing time: 0.00, Rate: 0.00
Feb 23 08:26:59 np0005626459 account-server[124963]: 172.20.0.105 - - [23/Feb/2026:08:26:59 +0000] "HEAD /d1/185/.expiring_objects" 404 - "HEAD http://localhost/v1/.expiring_objects?format=json" "txbfc12927d98540fb9f00e-00699c0f53" "proxy-server 2" 0.0005 "-" 20 -
Feb 23 08:26:59 np0005626459 object-server[236476]: Object audit (ZBF) "forever" mode completed: 0.84s. Total quarantined: 0, Total errors: 0, Total files/sec: 52.18, Total bytes/sec: 0.00, Auditing time: 0.83, Rate: 0.99
Feb 23 08:27:19 np0005626459 container-server[124969]: Beginning replication run
Feb 23 08:27:19 np0005626459 account-server[124971]: 172.20.0.104 - - [23/Feb/2026:08:27:19 +0000] "HEAD /d1/185/.expiring_objects" 404 - "HEAD http://localhost/v1/.expiring_objects?format=json" "tx1261512e872943879306d-00699c0f67" "proxy-server 2" 0.0012 "-" 21 -
Feb 23 08:27:19 np0005626459 container-server[124969]: Replication run OVER
Feb 23 08:27:19 np0005626459 container-server[124969]: Attempted to replicate 22 dbs in 0.44165 seconds (49.81323/s)
Feb 23 08:27:19 np0005626459 container-server[124969]: Removed 0 dbs
Feb 23 08:27:19 np0005626459 container-server[124969]: 44 successes, 0 failures
Feb 23 08:27:19 np0005626459 container-server[124969]: diff:0 diff_capped:0 empty:0 hashmatch:0 no_change:44 remote_merge:0 rsync:0 ts_repl:0
Feb 23 08:27:24 np0005626459 account-server[124525]: Beginning replication run
Feb 23 08:27:24 np0005626459 account-server[124525]: Replication run OVER
Feb 23 08:27:24 np0005626459 account-server[124525]: Attempted to replicate 1 dbs in 0.01721 seconds (58.10539/s)
Feb 23 08:27:24 np0005626459 account-server[124525]: Removed 0 dbs
Feb 23 08:27:24 np0005626459 account-server[124525]: 2 successes, 0 failures
Feb 23 08:27:24 np0005626459 account-server[124525]: diff:0 diff_capped:0 empty:0 hashmatch:0 no_change:2 remote_merge:0 rsync:0 ts_repl:0
Feb 23 08:27:27 np0005626459 object-server[125384]: Starting object replication pass.
Feb 23 08:27:27 np0005626459 object-server[125384]: 41/41 (100.00%) partitions replicated in 0.44s (93.10/sec, 0s remaining)
Feb 23 08:27:27 np0005626459 object-server[125384]: 82 successes, 0 failures
Feb 23 08:27:27 np0005626459 object-server[125384]: 44 suffixes checked - 0.00% hashed, 0.00% synced
Feb 23 08:27:27 np0005626459 object-server[125384]: Partition times: max 0.0174s, min 0.0069s, med 0.0098s
Feb 23 08:27:27 np0005626459 object-server[125384]: Object replication complete. (0.01 minutes)
Feb 23 08:27:29 np0005626459 object-server[242988]: Begin object audit "forever" mode (ZBF)
Feb 23 08:27:29 np0005626459 object-server[242988]: Object audit (ZBF). Since Mon Feb 23 08:27:29 2026: Locally: 1 passed, 0 quarantined, 0 errors, files/sec: 918.59, bytes/sec: 0.00, Total time: 0.00, Auditing time: 0.00, Rate: 0.00
Feb 23 08:27:29 np0005626459 object-server[242989]: Begin object audit "forever" mode (ALL)
Feb 23 08:27:29 np0005626459 object-server[242989]: Object audit (ALL). Since Mon Feb 23 08:27:29 2026: Locally: 1 passed, 0 quarantined, 0 errors, files/sec: 88.20, bytes/sec: 1411.21, Total time: 0.01, Auditing time: 0.00, Rate: 0.00
Feb 23 08:27:30 np0005626459 object-server[242988]: Object audit (ZBF) "forever" mode completed: 0.84s. Total quarantined: 0, Total errors: 0, Total files/sec: 52.26, Total bytes/sec: 0.00, Auditing time: 0.83, Rate: 0.99
Feb 23 08:27:31 np0005626459 object-server[242989]: Object audit (ALL) "forever" mode completed: 2.11s. Total quarantined: 0, Total errors: 0, Total files/sec: 20.82, Total bytes/sec: 400.26, Auditing time: 2.10, Rate: 0.99
Feb 23 08:27:41 np0005626459 account-server[124963]: 172.20.0.103 - - [23/Feb/2026:08:27:41 +0000] "HEAD /d1/185/.expiring_objects" 404 - "HEAD http://localhost/v1/.expiring_objects?format=json" "txc01dbb6b965f4c8299336-00699c0f7d" "proxy-server 2" 0.0003 "-" 20 -
Feb 23 08:27:41 np0005626459 object-expirer[125296]: Pass completed in 0s; 0 objects expired (txn: txc01dbb6b965f4c8299336-00699c0f7d)
Feb 23 08:27:49 np0005626459 container-server[124969]: Beginning replication run
Feb 23 08:27:49 np0005626459 container-server[124969]: Replication run OVER
Feb 23 08:27:49 np0005626459 container-server[124969]: Attempted to replicate 22 dbs in 0.43899 seconds (50.11498/s)
Feb 23 08:27:49 np0005626459 container-server[124969]: Removed 0 dbs
Feb 23 08:27:49 np0005626459 container-server[124969]: 44 successes, 0 failures
Feb 23 08:27:49 np0005626459 container-server[124969]: diff:0 diff_capped:0 empty:0 hashmatch:0 no_change:44 remote_merge:0 rsync:0 ts_repl:0
Feb 23 08:27:54 np0005626459 account-server[124525]: Beginning replication run
Feb 23 08:27:56 np0005626459 account-server[124525]: Replication run OVER
Feb 23 08:27:56 np0005626459 account-server[124525]: Attempted to replicate 1 dbs in 2.15078 seconds (0.46495/s)
Feb 23 08:27:56 np0005626459 account-server[124525]: Removed 0 dbs
Feb 23 08:27:56 np0005626459 account-server[124525]: 2 successes, 0 failures
Feb 23 08:27:56 np0005626459 account-server[124525]: diff:0 diff_capped:0 empty:0 hashmatch:0 no_change:2 remote_merge:0 rsync:0 ts_repl:0
Feb 23 08:27:57 np0005626459 object-server[125384]: Starting object replication pass.
Feb 23 08:28:00 np0005626459 object-server[243102]: Begin object audit "forever" mode (ZBF)
Feb 23 08:28:00 np0005626459 object-server[243102]: Object audit (ZBF). Since Mon Feb 23 08:28:00 2026: Locally: 1 passed, 0 quarantined, 0 errors, files/sec: 522.20, bytes/sec: 0.00, Total time: 0.00, Auditing time: 0.00, Rate: 0.00
Feb 23 08:28:01 np0005626459 object-server[243102]: Object audit (ZBF) "forever" mode completed: 0.84s. Total quarantined: 0, Total errors: 0, Total files/sec: 52.13, Total bytes/sec: 0.00, Auditing time: 0.83, Rate: 0.99
Feb 23 08:28:04 np0005626459 object-server[125384]: 41/41 (100.00%) partitions replicated in 7.12s (5.76/sec, 0s remaining)
Feb 23 08:28:04 np0005626459 object-server[125384]: 82 successes, 0 failures
Feb 23 08:28:04 np0005626459 object-server[125384]: 44 suffixes checked - 0.00% hashed, 0.00% synced
Feb 23 08:28:04 np0005626459 object-server[125384]: Partition times: max 1.9848s, min 0.0060s, med 0.0111s
Feb 23 08:28:04 np0005626459 object-server[125384]: Object replication complete. (0.12 minutes)
Feb 23 08:28:10 np0005626459 account-server[124979]: 172.20.0.104 - - [23/Feb/2026:08:28:10 +0000] "PUT /d1/979/AUTH_d351b5d019cd497ab1d84160f10b653c/gnocchi.dfea0713-920c-4e14-bed3-3f08daee5fc5" 201 - "-" "-" "container-updater 2" 0.0009 "-" 23 0
Feb 23 08:28:10 np0005626459 account-server[124973]: 172.20.0.104 - - [23/Feb/2026:08:28:10 +0000] "PUT /d1/979/AUTH_d351b5d019cd497ab1d84160f10b653c/gnocchi.4b66d46e-016e-4cb9-b0b5-14764823da38" 201 - "-" "-" "container-updater 2" 0.0009 "-" 22 0
Feb 23 08:28:10 np0005626459 account-server[124971]: 172.20.0.104 - - [23/Feb/2026:08:28:10 +0000] "PUT /d1/979/AUTH_d351b5d019cd497ab1d84160f10b653c/gnocchi.8a80798a-9adf-47a5-9b75-792205eb526c" 201 - "-" "-" "container-updater 2" 0.0009 "-" 21 0
Feb 23 08:28:10 np0005626459 account-server[124963]: 172.20.0.104 - - [23/Feb/2026:08:28:10 +0000] "PUT /d1/979/AUTH_d351b5d019cd497ab1d84160f10b653c/gnocchi.02ad80ff-06f3-4c63-9576-128a218cdeb0" 201 - "-" "-" "container-updater 2" 0.0010 "-" 20 0
Feb 23 08:28:10 np0005626459 account-server[124979]: 172.20.0.104 - - [23/Feb/2026:08:28:10 +0000] "PUT /d1/979/AUTH_d351b5d019cd497ab1d84160f10b653c/gnocchi.b25f77ea-58e0-414c-9b64-df56f720745a" 201 - "-" "-" "container-updater 2" 0.0008 "-" 23 0
Feb 23 08:28:10 np0005626459 account-server[124963]: 172.20.0.104 - - [23/Feb/2026:08:28:10 +0000] "PUT /d1/979/AUTH_d351b5d019cd497ab1d84160f10b653c/gnocchi.2006331c-4bf4-4bc2-bafa-b6d01219e73a" 201 - "-" "-" "container-updater 2" 0.0007 "-" 20 0
Feb 23 08:28:11 np0005626459 account-server[124979]: 172.20.0.104 - - [23/Feb/2026:08:28:11 +0000] "PUT /d1/979/AUTH_d351b5d019cd497ab1d84160f10b653c/gnocchi.1d0d75ac-6399-40be-82c8-e645a7bf9a38" 201 - "-" "-" "container-updater 2" 0.0011 "-" 23 0
Feb 23 08:28:11 np0005626459 account-server[124979]: 172.20.0.104 - - [23/Feb/2026:08:28:11 +0000] "PUT /d1/979/AUTH_d351b5d019cd497ab1d84160f10b653c/gnocchi.610b2609-c529-49db-b009-27c0f145563c" 201 - "-" "-" "container-updater 2" 0.0010 "-" 23 0
Feb 23 08:28:11 np0005626459 account-server[124963]: 172.20.0.104 - - [23/Feb/2026:08:28:11 +0000] "PUT /d1/979/AUTH_d351b5d019cd497ab1d84160f10b653c/gnocchi.815f70e1-ec9a-4abf-8604-b6ebe6f65d13" 201 - "-" "-" "container-updater 2" 0.0009 "-" 20 0
Feb 23 08:28:11 np0005626459 account-server[124971]: 172.20.0.104 - - [23/Feb/2026:08:28:11 +0000] "PUT /d1/979/AUTH_d351b5d019cd497ab1d84160f10b653c/gnocchi.775bdd17-dd47-4d35-b74f-be986e860bd1" 201 - "-" "-" "container-updater 2" 0.0005 "-" 21 0
Feb 23 08:28:11 np0005626459 account-server[124973]: 172.20.0.104 - - [23/Feb/2026:08:28:11 +0000] "PUT /d1/979/AUTH_d351b5d019cd497ab1d84160f10b653c/gnocchi.fa83dd2f-03fa-4931-9293-9d3f29a5d892" 201 - "-" "-" "container-updater 2" 0.0008 "-" 22 0
Feb 23 08:28:11 np0005626459 account-server[124971]: 172.20.0.104 - - [23/Feb/2026:08:28:11 +0000] "PUT /d1/979/AUTH_d351b5d019cd497ab1d84160f10b653c/gnocchi.c089f97e-e091-405f-8302-e66fcd0b069d" 201 - "-" "-" "container-updater 2" 0.0007 "-" 21 0
Feb 23 08:28:11 np0005626459 account-server[124973]: 172.20.0.104 - - [23/Feb/2026:08:28:11 +0000] "PUT /d1/979/AUTH_d351b5d019cd497ab1d84160f10b653c/gnocchi.a9a3f913-6e88-4980-a5d3-395f971e818d" 201 - "-" "-" "container-updater 2" 0.0008 "-" 22 0
Feb 23 08:28:11 np0005626459 account-server[124973]: 172.20.0.104 - - [23/Feb/2026:08:28:11 +0000] "PUT /d1/979/AUTH_d351b5d019cd497ab1d84160f10b653c/gnocchi.08d5a395-fac8-4028-b76f-2d40a0ad1549" 201 - "-" "-" "container-updater 2" 0.0008 "-" 22 0
Feb 23 08:28:11 np0005626459 account-server[124979]: 172.20.0.104 - - [23/Feb/2026:08:28:11 +0000] "PUT /d1/979/AUTH_d351b5d019cd497ab1d84160f10b653c/gnocchi.d2661c51-987b-4292-b272-bb9565a975d0" 201 - "-" "-" "container-updater 2" 0.0009 "-" 23 0
Feb 23 08:28:12 np0005626459 account-server[124973]: 172.20.0.104 - - [23/Feb/2026:08:28:12 +0000] "PUT /d1/979/AUTH_d351b5d019cd497ab1d84160f10b653c/gnocchi.ff3d4d84-f6cc-4223-a974-ba1e7eba000f" 201 - "-" "-" "container-updater 2" 0.0009 "-" 22 0
Feb 23 08:28:12 np0005626459 account-server[124979]: 172.20.0.104 - - [23/Feb/2026:08:28:12 +0000] "PUT /d1/979/AUTH_d351b5d019cd497ab1d84160f10b653c/gnocchi.45ee1f1b-219e-4de5-9f51-a477b96343e7" 201 - "-" "-" "container-updater 2" 0.0009 "-" 23 0
Feb 23 08:28:12 np0005626459 account-server[124973]: 172.20.0.104 - - [23/Feb/2026:08:28:12 +0000] "PUT /d1/979/AUTH_d351b5d019cd497ab1d84160f10b653c/gnocchi.3be5ab82-59d1-486f-86d4-ae944e1266d2" 201 - "-" "-" "container-updater 2" 0.0010 "-" 22 0
Feb 23 08:28:12 np0005626459 account-server[124971]: 172.20.0.104 - - [23/Feb/2026:08:28:12 +0000] "PUT /d1/979/AUTH_d351b5d019cd497ab1d84160f10b653c/gnocchi.94c5af18-f79c-4a4f-bc99-8f29403606ca" 201 - "-" "-" "container-updater 2" 0.0007 "-" 21 0
Feb 23 08:28:19 np0005626459 container-server[124969]: Beginning replication run
Feb 23 08:28:22 np0005626459 container-server[124969]: Replication run OVER
Feb 23 08:28:22 np0005626459 container-server[124969]: Attempted to replicate 22 dbs in 3.25590 seconds (6.75697/s)
Feb 23 08:28:22 np0005626459 container-server[124969]: Removed 0 dbs
Feb 23 08:28:22 np0005626459 container-server[124969]: 44 successes, 0 failures
Feb 23 08:28:22 np0005626459 container-server[124969]: diff:0 diff_capped:0 empty:0 hashmatch:0 no_change:44 remote_merge:0 rsync:0 ts_repl:0
Feb 23 08:28:24 np0005626459 account-server[124525]: Beginning replication run
Feb 23 08:28:24 np0005626459 account-server[124525]: Replication run OVER
Feb 23 08:28:24 np0005626459 account-server[124525]: Attempted to replicate 1 dbs in 0.06770 seconds (14.77037/s)
Feb 23 08:28:24 np0005626459 account-server[124525]: Removed 0 dbs
Feb 23 08:28:24 np0005626459 account-server[124525]: 2 successes, 0 failures
Feb 23 08:28:24 np0005626459 account-server[124525]: diff:0 diff_capped:0 empty:0 hashmatch:0 no_change:2 remote_merge:0 rsync:0 ts_repl:0
Feb 23 08:28:27 np0005626459 container-server[125056]: Begin container update sweep
Feb 23 08:28:27 np0005626459 account-server[124979]: 172.20.0.103 - - [23/Feb/2026:08:28:27 +0000] "PUT /d1/979/AUTH_d351b5d019cd497ab1d84160f10b653c/gnocchi.815f70e1-ec9a-4abf-8604-b6ebe6f65d13" 201 - "-" "-" "container-updater 2" 0.0010 "-" 23 0
Feb 23 08:28:27 np0005626459 account-server[124971]: 172.20.0.103 - - [23/Feb/2026:08:28:27 +0000] "PUT /d1/979/AUTH_d351b5d019cd497ab1d84160f10b653c/gnocchi.1d0d75ac-6399-40be-82c8-e645a7bf9a38" 201 - "-" "-" "container-updater 2" 0.0009 "-" 21 0
Feb 23 08:28:27 np0005626459 account-server[124971]: 172.20.0.103 - - [23/Feb/2026:08:28:27 +0000] "PUT /d1/979/AUTH_d351b5d019cd497ab1d84160f10b653c/gnocchi.4b66d46e-016e-4cb9-b0b5-14764823da38" 201 - "-" "-" "container-updater 2" 0.0010 "-" 21 0
Feb 23 08:28:27 np0005626459 account-server[124979]: 172.20.0.103 - - [23/Feb/2026:08:28:27 +0000] "PUT /d1/979/AUTH_d351b5d019cd497ab1d84160f10b653c/gnocchi.610b2609-c529-49db-b009-27c0f145563c" 201 - "-" "-" "container-updater 2" 0.0007 "-" 23 0
Feb 23 08:28:28 np0005626459 account-server[124979]: 172.20.0.103 - - [23/Feb/2026:08:28:28 +0000] "PUT /d1/979/AUTH_d351b5d019cd497ab1d84160f10b653c/gnocchi.b25f77ea-58e0-414c-9b64-df56f720745a" 201 - "-" "-" "container-updater 2" 0.0006 "-" 23 0
Feb 23 08:28:28 np0005626459 account-server[124963]: 172.20.0.103 - - [23/Feb/2026:08:28:28 +0000] "PUT /d1/979/AUTH_d351b5d019cd497ab1d84160f10b653c/gnocchi.ff3d4d84-f6cc-4223-a974-ba1e7eba000f" 201 - "-" "-" "container-updater 2" 0.0011 "-" 20 0
Feb 23 08:28:28 np0005626459 account-server[124963]: 172.20.0.103 - - [23/Feb/2026:08:28:28 +0000] "PUT /d1/979/AUTH_d351b5d019cd497ab1d84160f10b653c/gnocchi.45ee1f1b-219e-4de5-9f51-a477b96343e7" 201 - "-" "-" "container-updater 2" 0.0008 "-" 20 0
Feb 23 08:28:28 np0005626459 account-server[124973]: 172.20.0.103 - - [23/Feb/2026:08:28:28 +0000] "PUT /d1/979/AUTH_d351b5d019cd497ab1d84160f10b653c/gnocchi.2006331c-4bf4-4bc2-bafa-b6d01219e73a" 201 - "-" "-" "container-updater 2" 0.0005 "-" 22 0
Feb 23 08:28:28 np0005626459 account-server[124973]: 172.20.0.103 - - [23/Feb/2026:08:28:28 +0000] "PUT /d1/979/AUTH_d351b5d019cd497ab1d84160f10b653c/gnocchi.a9a3f913-6e88-4980-a5d3-395f971e818d" 201 - "-" "-" "container-updater 2" 0.0009 "-" 22 0
Feb 23 08:28:28 np0005626459 account-server[124979]: 172.20.0.103 - - [23/Feb/2026:08:28:28 +0000] "PUT /d1/979/AUTH_d351b5d019cd497ab1d84160f10b653c/gnocchi.fa83dd2f-03fa-4931-9293-9d3f29a5d892" 201 - "-" "-" "container-updater 2" 0.0009 "-" 23 0
Feb 23 08:28:28 np0005626459 account-server[124963]: 172.20.0.103 - - [23/Feb/2026:08:28:28 +0000] "PUT /d1/979/AUTH_d351b5d019cd497ab1d84160f10b653c/gnocchi.94c5af18-f79c-4a4f-bc99-8f29403606ca" 201 - "-" "-" "container-updater 2" 0.0009 "-" 20 0
Feb 23 08:28:28 np0005626459 account-server[124979]: 172.20.0.103 - - [23/Feb/2026:08:28:28 +0000] "PUT /d1/979/AUTH_d351b5d019cd497ab1d84160f10b653c/gnocchi.775bdd17-dd47-4d35-b74f-be986e860bd1" 201 - "-" "-" "container-updater 2" 0.0009 "-" 23 0
Feb 23 08:28:29 np0005626459 account-server[124963]: 172.20.0.103 - - [23/Feb/2026:08:28:29 +0000] "PUT /d1/979/AUTH_d351b5d019cd497ab1d84160f10b653c/gnocchi.d2661c51-987b-4292-b272-bb9565a975d0" 201 - "-" "-" "container-updater 2" 0.0010 "-" 20 0
Feb 23 08:28:29 np0005626459 account-server[124973]: 172.20.0.103 - - [23/Feb/2026:08:28:29 +0000] "PUT /d1/979/AUTH_d351b5d019cd497ab1d84160f10b653c/gnocchi.3be5ab82-59d1-486f-86d4-ae944e1266d2" 201 - "-" "-" "container-updater 2" 0.0005 "-" 22 0
Feb 23 08:28:29 np0005626459 container-server[125056]: Container update sweep completed: 2.12s
Feb 23 08:28:31 np0005626459 object-server[248754]: Begin object audit "forever" mode (ZBF)
Feb 23 08:28:31 np0005626459 object-server[248755]: Begin object audit "forever" mode (ALL)
Feb 23 08:28:31 np0005626459 object-server[248754]: Object audit (ZBF). Since Mon Feb 23 08:28:31 2026: Locally: 1 passed, 0 quarantined, 0 errors, files/sec: 490.10, bytes/sec: 0.00, Total time: 0.00, Auditing time: 0.00, Rate: 0.00
Feb 23 08:28:31 np0005626459 object-server[248755]: Object audit (ALL). Since Mon Feb 23 08:28:31 2026: Locally: 1 passed, 0 quarantined, 0 errors, files/sec: 92.00, bytes/sec: 1472.01, Total time: 0.01, Auditing time: 0.00, Rate: 0.00
Feb 23 08:28:32 np0005626459 object-server[248754]: Object audit (ZBF) "forever" mode completed: 0.84s. Total quarantined: 0, Total errors: 0, Total files/sec: 52.15, Total bytes/sec: 0.00, Auditing time: 0.83, Rate: 0.98
Feb 23 08:28:33 np0005626459 object-server[248755]: Object audit (ALL) "forever" mode completed: 2.11s. Total quarantined: 0, Total errors: 0, Total files/sec: 20.82, Total bytes/sec: 400.39, Auditing time: 2.10, Rate: 0.99
Feb 23 08:28:34 np0005626459 object-server[125384]: Starting object replication pass.
Feb 23 08:28:36 np0005626459 object-server[125384]: 41/41 (100.00%) partitions replicated in 2.20s (18.63/sec, 0s remaining)
Feb 23 08:28:36 np0005626459 object-server[125384]: 82 successes, 0 failures
Feb 23 08:28:36 np0005626459 object-server[125384]: 44 suffixes checked - 0.00% hashed, 0.00% synced
Feb 23 08:28:36 np0005626459 object-server[125384]: Partition times: max 0.5930s, min 0.0072s, med 0.0091s
Feb 23 08:28:36 np0005626459 object-server[125384]: Object replication complete. (0.04 minutes)
Feb 23 08:28:49 np0005626459 container-server[124969]: Beginning replication run
Feb 23 08:28:49 np0005626459 container-server[124969]: Replication run OVER
Feb 23 08:28:49 np0005626459 container-server[124969]: Attempted to replicate 22 dbs in 0.43499 seconds (50.57623/s)
Feb 23 08:28:49 np0005626459 container-server[124969]: Removed 0 dbs
Feb 23 08:28:49 np0005626459 container-server[124969]: 44 successes, 0 failures
Feb 23 08:28:49 np0005626459 container-server[124969]: diff:0 diff_capped:0 empty:0 hashmatch:0 no_change:44 remote_merge:0 rsync:0 ts_repl:0
Feb 23 08:28:54 np0005626459 account-server[124525]: Beginning replication run
Feb 23 08:28:54 np0005626459 account-server[124525]: Replication run OVER
Feb 23 08:28:54 np0005626459 account-server[124525]: Attempted to replicate 1 dbs in 0.05802 seconds (17.23651/s)
Feb 23 08:28:54 np0005626459 account-server[124525]: Removed 0 dbs
Feb 23 08:28:54 np0005626459 account-server[124525]: 2 successes, 0 failures
Feb 23 08:28:54 np0005626459 account-server[124525]: diff:0 diff_capped:0 empty:0 hashmatch:0 no_change:2 remote_merge:0 rsync:0 ts_repl:0
Feb 23 08:29:02 np0005626459 object-server[248781]: Begin object audit "forever" mode (ZBF)
Feb 23 08:29:02 np0005626459 object-server[248781]: Object audit (ZBF). Since Mon Feb 23 08:29:02 2026: Locally: 1 passed, 0 quarantined, 0 errors, files/sec: 448.16, bytes/sec: 0.00, Total time: 0.00, Auditing time: 0.00, Rate: 0.00
Feb 23 08:29:03 np0005626459 object-server[248781]: Object audit (ZBF) "forever" mode completed: 0.84s. Total quarantined: 0, Total errors: 0, Total files/sec: 52.11, Total bytes/sec: 0.00, Auditing time: 0.83, Rate: 0.98
Feb 23 08:29:06 np0005626459 object-server[125384]: Starting object replication pass.
Feb 23 08:29:07 np0005626459 object-server[125384]: 41/41 (100.00%) partitions replicated in 0.43s (96.04/sec, 0s remaining)
Feb 23 08:29:07 np0005626459 object-server[125384]: 82 successes, 0 failures
Feb 23 08:29:07 np0005626459 object-server[125384]: 44 suffixes checked - 0.00% hashed, 0.00% synced
Feb 23 08:29:07 np0005626459 object-server[125384]: Partition times: max 0.0212s, min 0.0072s, med 0.0093s
Feb 23 08:29:07 np0005626459 object-server[125384]: Object replication complete. (0.01 minutes)
Feb 23 08:29:14 np0005626459 account-server[124971]: 172.20.0.104 - - [23/Feb/2026:08:29:14 +0000] "HEAD /d1/185/.expiring_objects" 404 - "HEAD http://localhost/v1/.expiring_objects?format=json" "tx5c48e12bdfcd49bb93a26-00699c0fda" "proxy-server 2" 0.0011 "-" 21 -
Feb 23 08:29:19 np0005626459 container-server[124969]: Beginning replication run
Feb 23 08:29:19 np0005626459 container-server[124969]: Replication run OVER
Feb 23 08:29:19 np0005626459 container-server[124969]: Attempted to replicate 22 dbs in 0.42641 seconds (51.59379/s)
Feb 23 08:29:19 np0005626459 container-server[124969]: Removed 0 dbs
Feb 23 08:29:19 np0005626459 container-server[124969]: 44 successes, 0 failures
Feb 23 08:29:19 np0005626459 container-server[124969]: diff:0 diff_capped:0 empty:0 hashmatch:0 no_change:44 remote_merge:0 rsync:0 ts_repl:0
Feb 23 08:29:24 np0005626459 account-server[124525]: Beginning replication run
Feb 23 08:29:25 np0005626459 account-server[124525]: Replication run OVER
Feb 23 08:29:25 np0005626459 account-server[124525]: Attempted to replicate 1 dbs in 0.54380 seconds (1.83892/s)
Feb 23 08:29:25 np0005626459 account-server[124525]: Removed 0 dbs
Feb 23 08:29:25 np0005626459 account-server[124525]: 2 successes, 0 failures
Feb 23 08:29:25 np0005626459 account-server[124525]: diff:0 diff_capped:0 empty:0 hashmatch:0 no_change:2 remote_merge:0 rsync:0 ts_repl:0
Feb 23 08:29:33 np0005626459 object-server[254796]: Begin object audit "forever" mode (ALL)
Feb 23 08:29:33 np0005626459 object-server[254795]: Begin object audit "forever" mode (ZBF)
Feb 23 08:29:33 np0005626459 object-server[254795]: Object audit (ZBF). Since Mon Feb 23 08:29:33 2026: Locally: 1 passed, 0 quarantined, 0 errors, files/sec: 544.01, bytes/sec: 0.00, Total time: 0.00, Auditing time: 0.00, Rate: 0.00
Feb 23 08:29:33 np0005626459 object-server[254796]: Object audit (ALL). Since Mon Feb 23 08:29:33 2026: Locally: 1 passed, 0 quarantined, 0 errors, files/sec: 97.82, bytes/sec: 1565.15, Total time: 0.01, Auditing time: 0.00, Rate: 0.00
Feb 23 08:29:34 np0005626459 object-server[254795]: Object audit (ZBF) "forever" mode completed: 0.84s. Total quarantined: 0, Total errors: 0, Total files/sec: 52.14, Total bytes/sec: 0.00, Auditing time: 0.83, Rate: 0.98
Feb 23 08:29:35 np0005626459 object-server[254796]: Object audit (ALL) "forever" mode completed: 2.11s. Total quarantined: 0, Total errors: 0, Total files/sec: 20.83, Total bytes/sec: 400.45, Auditing time: 2.10, Rate: 0.99
Feb 23 08:29:37 np0005626459 object-server[125384]: Starting object replication pass.
Feb 23 08:29:41 np0005626459 object-server[125384]: 41/41 (100.00%) partitions replicated in 3.90s (10.51/sec, 0s remaining)
Feb 23 08:29:41 np0005626459 object-server[125384]: 82 successes, 0 failures
Feb 23 08:29:41 np0005626459 object-server[125384]: 44 suffixes checked - 0.00% hashed, 0.00% synced
Feb 23 08:29:41 np0005626459 object-server[125384]: Partition times: max 0.9299s, min 0.0070s, med 0.0098s
Feb 23 08:29:41 np0005626459 object-server[125384]: Object replication complete. (0.07 minutes)
Feb 23 08:29:42 np0005626459 account-server[124971]: 172.20.0.103 - - [23/Feb/2026:08:29:42 +0000] "HEAD /d1/979/AUTH_d351b5d019cd497ab1d84160f10b653c" 204 - "HEAD http://172.18.0.134:8080/v1/AUTH_d351b5d019cd497ab1d84160f10b653c?format=json" "tx189bbc2f076b469e8df47-00699c0ff6" "proxy-server 20" 0.0031 "-" 21 -
Feb 23 08:29:42 np0005626459 proxy-server[127031]: - - 23/Feb/2026/08/29/42 HEAD /v1/AUTH_d351b5d019cd497ab1d84160f10b653c%3Fformat%3Djson HTTP/1.0 204 - Swift - - - - tx189bbc2f076b469e8df47-00699c0ff6 - 0.0136 RL - 1771835382.645007133 1771835382.658608913 -
Feb 23 08:29:42 np0005626459 object-server[125801]: 172.20.0.103 - - [23/Feb/2026:08:29:42 +0000] "GET /d1/752/AUTH_d351b5d019cd497ab1d84160f10b653c/gnocchi.b25f77ea-58e0-414c-9b64-df56f720745a/none_v3" 200 22 "GET http://172.18.0.134:8080/v1/AUTH_d351b5d019cd497ab1d84160f10b653c/gnocchi.b25f77ea-58e0-414c-9b64-df56f720745a/none_v3" "tx189bbc2f076b469e8df47-00699c0ff6" "proxy-server 20" 0.0027 "-" 22 0
Feb 23 08:29:42 np0005626459 proxy-server[127031]: 172.18.0.105 172.18.0.104 23/Feb/2026/08/29/42 GET /v1/AUTH_d351b5d019cd497ab1d84160f10b653c/gnocchi.b25f77ea-58e0-414c-9b64-df56f720745a/none_v3 HTTP/1.0 200 - python-swiftclient-3.11.1 gAAAAABpnA4o6Gk-... - 22 - tx189bbc2f076b469e8df47-00699c0ff6 - 0.1001 - - 1771835382.642413616 1771835382.742559195 0
Feb 23 08:29:42 np0005626459 proxy-server[127031]: 172.18.0.105 172.18.0.104 23/Feb/2026/08/29/42 GET /v1/AUTH_d351b5d019cd497ab1d84160f10b653c/gnocchi.b25f77ea-58e0-414c-9b64-df56f720745a%3Fformat%3Djson%26states%3Dlisting HTTP/1.0 200 - python-swiftclient-3.11.1 gAAAAABpnA4o6Gk-... - 357 - tx33c697c6d63b43b1bdf91-00699c0ff6 - 0.0154 - - 1771835382.750980377 1771835382.766414642 0
Feb 23 08:29:42 np0005626459 proxy-server[127031]: 172.18.0.105 172.18.0.104 23/Feb/2026/08/29/42 GET /v1/AUTH_d351b5d019cd497ab1d84160f10b653c/gnocchi.b25f77ea-58e0-414c-9b64-df56f720745a%3Fformat%3Djson%26marker%3Dnone_v3%26states%3Dlisting HTTP/1.0 200 - python-swiftclient-3.11.1 gAAAAABpnA4o6Gk-... - 2 - tx96c50db7efdc4577a0d9f-00699c0ff6 - 0.0163 - - 1771835382.771230221 1771835382.787576914 0
Feb 23 08:29:42 np0005626459 proxy-server[127031]: 172.18.0.105 172.18.0.104 23/Feb/2026/08/29/42 GET /v1/AUTH_d351b5d019cd497ab1d84160f10b653c/gnocchi.b25f77ea-58e0-414c-9b64-df56f720745a/1771200000.0_mean_300.0_v3 HTTP/1.0 200 - python-swiftclient-3.11.1 gAAAAABpnA4o6Gk-... - 16 - tx66d283fc469841e1ac034-00699c0ff6 - 0.0143 - - 1771835382.794628382 1771835382.808952570 0
Feb 23 08:29:42 np0005626459 object-server[125811]: 172.20.0.103 - - [23/Feb/2026:08:29:42 +0000] "GET /d1/742/AUTH_d351b5d019cd497ab1d84160f10b653c/gnocchi.b25f77ea-58e0-414c-9b64-df56f720745a/1771200000.0_rate%3Amean_300.0_v3" 404 70 "GET http://172.18.0.134:8080/v1/AUTH_d351b5d019cd497ab1d84160f10b653c/gnocchi.b25f77ea-58e0-414c-9b64-df56f720745a/1771200000.0_rate%3Amean_300.0_v3" "tx56576b6d739647d283682-00699c0ff6" "proxy-server 20" 0.0006 "-" 23 0
Feb 23 08:29:42 np0005626459 proxy-server[127031]: 172.18.0.105 172.18.0.104 23/Feb/2026/08/29/42 GET /v1/AUTH_d351b5d019cd497ab1d84160f10b653c/gnocchi.b25f77ea-58e0-414c-9b64-df56f720745a/1771200000.0_rate%253Amean_300.0_v3 HTTP/1.0 404 - python-swiftclient-3.11.1 gAAAAABpnA4o6Gk-... - 70 - tx56576b6d739647d283682-00699c0ff6 - 0.0247 - - 1771835382.815973997 1771835382.840686083 0
Feb 23 08:29:42 np0005626459 object-server[125811]: 172.20.0.103 - - [23/Feb/2026:08:29:42 +0000] "PUT /d1/650/AUTH_d351b5d019cd497ab1d84160f10b653c/gnocchi.b25f77ea-58e0-414c-9b64-df56f720745a/1771200000.0_mean_300.0_v3" 201 - "PUT http://172.18.0.134:8080/v1/AUTH_d351b5d019cd497ab1d84160f10b653c/gnocchi.b25f77ea-58e0-414c-9b64-df56f720745a/1771200000.0_mean_300.0_v3" "tx7c64b94a29ed4977a582f-00699c0ff6" "proxy-server 20" 0.0161 "-" 23 0
Feb 23 08:29:42 np0005626459 container-server[125509]: 172.20.0.105 - - [23/Feb/2026:08:29:42 +0000] "PUT /d1/856/AUTH_d351b5d019cd497ab1d84160f10b653c/gnocchi.b25f77ea-58e0-414c-9b64-df56f720745a/1771200000.0_mean_300.0_v3" 201 - "PUT http://172.18.0.134:8080/d1/650/AUTH_d351b5d019cd497ab1d84160f10b653c/gnocchi.b25f77ea-58e0-414c-9b64-df56f720745a/1771200000.0_mean_300.0_v3" "tx7c64b94a29ed4977a582f-00699c0ff6" "object-server 24" 0.0011 "-" 20 0
Feb 23 08:29:42 np0005626459 proxy-server[127031]: 172.18.0.105 172.18.0.104 23/Feb/2026/08/29/42 PUT /v1/AUTH_d351b5d019cd497ab1d84160f10b653c/gnocchi.b25f77ea-58e0-414c-9b64-df56f720745a/1771200000.0_mean_300.0_v3 HTTP/1.0 201 - python-swiftclient-3.11.1 gAAAAABpnA4o6Gk-... 24 - - tx7c64b94a29ed4977a582f-00699c0ff6 - 0.0317 - - 1771835382.846583843 1771835382.878295183 0
Feb 23 08:29:42 np0005626459 container-server[125509]: 172.20.0.105 - - [23/Feb/2026:08:29:42 +0000] "PUT /d1/856/AUTH_d351b5d019cd497ab1d84160f10b653c/gnocchi.b25f77ea-58e0-414c-9b64-df56f720745a/1771200000.0_rate%3Amean_300.0_v3" 201 - "PUT http://172.18.0.134:8080/d1/742/AUTH_d351b5d019cd497ab1d84160f10b653c/gnocchi.b25f77ea-58e0-414c-9b64-df56f720745a/1771200000.0_rate%3Amean_300.0_v3" "tx0e249f5220594847a12e9-00699c0ff6" "object-server 22" 0.0006 "-" 20 0
Feb 23 08:29:42 np0005626459 object-server[125811]: 172.20.0.103 - - [23/Feb/2026:08:29:42 +0000] "PUT /d1/742/AUTH_d351b5d019cd497ab1d84160f10b653c/gnocchi.b25f77ea-58e0-414c-9b64-df56f720745a/1771200000.0_rate%3Amean_300.0_v3" 201 - "PUT http://172.18.0.134:8080/v1/AUTH_d351b5d019cd497ab1d84160f10b653c/gnocchi.b25f77ea-58e0-414c-9b64-df56f720745a/1771200000.0_rate%3Amean_300.0_v3" "tx0e249f5220594847a12e9-00699c0ff6" "proxy-server 20" 0.0126 "-" 23 0
Feb 23 08:29:42 np0005626459 proxy-server[127031]: 172.18.0.105 172.18.0.104 23/Feb/2026/08/29/42 PUT /v1/AUTH_d351b5d019cd497ab1d84160f10b653c/gnocchi.b25f77ea-58e0-414c-9b64-df56f720745a/1771200000.0_rate%253Amean_300.0_v3 HTTP/1.0 201 - python-swiftclient-3.11.1 gAAAAABpnA4o6Gk-... 16 - - tx0e249f5220594847a12e9-00699c0ff6 - 0.0284 - - 1771835382.884291172 1771835382.912674904 0
Feb 23 08:29:42 np0005626459 container-server[125509]: 172.20.0.103 - - [23/Feb/2026:08:29:42 +0000] "PUT /d1/856/AUTH_d351b5d019cd497ab1d84160f10b653c/gnocchi.b25f77ea-58e0-414c-9b64-df56f720745a/none_v3" 201 - "PUT http://172.18.0.134:8080/d1/752/AUTH_d351b5d019cd497ab1d84160f10b653c/gnocchi.b25f77ea-58e0-414c-9b64-df56f720745a/none_v3" "tx8b9e84af19fc4f89adfb3-00699c0ff6" "object-server 22" 0.0006 "-" 20 0
Feb 23 08:29:42 np0005626459 object-server[125801]: 172.20.0.103 - - [23/Feb/2026:08:29:42 +0000] "PUT /d1/752/AUTH_d351b5d019cd497ab1d84160f10b653c/gnocchi.b25f77ea-58e0-414c-9b64-df56f720745a/none_v3" 201 - "PUT http://172.18.0.134:8080/v1/AUTH_d351b5d019cd497ab1d84160f10b653c/gnocchi.b25f77ea-58e0-414c-9b64-df56f720745a/none_v3" "tx8b9e84af19fc4f89adfb3-00699c0ff6" "proxy-server 20" 0.0124 "-" 22 0
Feb 23 08:29:42 np0005626459 proxy-server[127031]: 172.18.0.105 172.18.0.104 23/Feb/2026/08/29/42 PUT /v1/AUTH_d351b5d019cd497ab1d84160f10b653c/gnocchi.b25f77ea-58e0-414c-9b64-df56f720745a/none_v3 HTTP/1.0 201 - python-swiftclient-3.11.1 gAAAAABpnA4o6Gk-... 33 - - tx8b9e84af19fc4f89adfb3-00699c0ff6 - 0.0248 - - 1771835382.918056011 1771835382.942845345 0
Feb 23 08:29:42 np0005626459 container-server[125555]: 172.20.0.103 - - [23/Feb/2026:08:29:42 +0000] "HEAD /d1/86/AUTH_d351b5d019cd497ab1d84160f10b653c/gnocchi.d2661c51-987b-4292-b272-bb9565a975d0" 204 - "HEAD http://172.18.0.134:8080/v1/AUTH_d351b5d019cd497ab1d84160f10b653c/gnocchi.d2661c51-987b-4292-b272-bb9565a975d0?format=json&states=listing" "txa76577b202f0447c862dc-00699c0ff6" "proxy-server 20" 0.0022 "-" 23 0
Feb 23 08:29:42 np0005626459 object-server[125814]: 172.20.0.103 - - [23/Feb/2026:08:29:42 +0000] "GET /d1/476/AUTH_d351b5d019cd497ab1d84160f10b653c/gnocchi.d2661c51-987b-4292-b272-bb9565a975d0/none_v3" 200 22 "GET http://172.18.0.134:8080/v1/AUTH_d351b5d019cd497ab1d84160f10b653c/gnocchi.d2661c51-987b-4292-b272-bb9565a975d0/none_v3" "txa76577b202f0447c862dc-00699c0ff6" "proxy-server 20" 0.0015 "-" 24 0
Feb 23 08:29:42 np0005626459 proxy-server[127031]: 172.18.0.105 172.18.0.104 23/Feb/2026/08/29/42 GET /v1/AUTH_d351b5d019cd497ab1d84160f10b653c/gnocchi.d2661c51-987b-4292-b272-bb9565a975d0/none_v3 HTTP/1.0 200 - python-swiftclient-3.11.1 gAAAAABpnA4o6Gk-... - 22 - txa76577b202f0447c862dc-00699c0ff6 - 0.0211 - - 1771835382.964986086 1771835382.986063957 0
Feb 23 08:29:43 np0005626459 container-server[125509]: 172.20.0.103 - - [23/Feb/2026:08:29:43 +0000] "GET /d1/86/AUTH_d351b5d019cd497ab1d84160f10b653c/gnocchi.d2661c51-987b-4292-b272-bb9565a975d0" 200 357 "GET http://172.18.0.134:8080/v1/AUTH_d351b5d019cd497ab1d84160f10b653c/gnocchi.d2661c51-987b-4292-b272-bb9565a975d0?format=json&states=listing" "txfdd1ad7b5e08468f8f5c1-00699c0ff6" "proxy-server 20" 0.0046 "-" 20 0
Feb 23 08:29:43 np0005626459 proxy-server[127031]: 172.18.0.105 172.18.0.104 23/Feb/2026/08/29/43 GET /v1/AUTH_d351b5d019cd497ab1d84160f10b653c/gnocchi.d2661c51-987b-4292-b272-bb9565a975d0%3Fformat%3Djson%26states%3Dlisting HTTP/1.0 200 - python-swiftclient-3.11.1 gAAAAABpnA4o6Gk-... - 357 - txfdd1ad7b5e08468f8f5c1-00699c0ff6 - 0.0253 - - 1771835382.993662834 1771835383.018997908 0
Feb 23 08:29:43 np0005626459 object-server[125814]: 172.20.0.104 - - [23/Feb/2026:08:29:43 +0000] "GET /d1/128/AUTH_d351b5d019cd497ab1d84160f10b653c/gnocchi.45ee1f1b-219e-4de5-9f51-a477b96343e7/1771200000.0_rate%3Amean_300.0_v3" 404 70 "GET http://172.18.0.134:8080/v1/AUTH_d351b5d019cd497ab1d84160f10b653c/gnocchi.45ee1f1b-219e-4de5-9f51-a477b96343e7/1771200000.0_rate%3Amean_300.0_v3" "txe8d9e53637eb47a58ffb7-00699c0ff7" "proxy-server 20" 0.0006 "-" 24 0
Feb 23 08:29:43 np0005626459 proxy-server[127031]: 172.18.0.105 172.18.0.104 23/Feb/2026/08/29/43 GET /v1/AUTH_d351b5d019cd497ab1d84160f10b653c/gnocchi.d2661c51-987b-4292-b272-bb9565a975d0%3Fformat%3Djson%26marker%3Dnone_v3%26states%3Dlisting HTTP/1.0 200 - python-swiftclient-3.11.1 gAAAAABpnA4o6Gk-... - 2 - txa250ee7611b6462d835c5-00699c0ff7 - 0.0137 - - 1771835383.024217844 1771835383.037896872 0
Feb 23 08:29:43 np0005626459 proxy-server[127031]: 172.18.0.103 172.18.0.104 23/Feb/2026/08/29/43 GET /v1/AUTH_d351b5d019cd497ab1d84160f10b653c/gnocchi.45ee1f1b-219e-4de5-9f51-a477b96343e7/1771200000.0_mean_300.0_v3 HTTP/1.0 200 - python-swiftclient-3.11.1 gAAAAABpnA5xV5GH... - 16 - txbe4c815ab19342bcb3e0a-00699c0ff7 - 0.0100 - - 1771835383.048786879 1771835383.058824301 0
Feb 23 08:29:43 np0005626459 object-server[125814]: 172.20.0.104 - - [23/Feb/2026:08:29:43 +0000] "GET /d1/916/AUTH_d351b5d019cd497ab1d84160f10b653c/gnocchi.d2661c51-987b-4292-b272-bb9565a975d0/1771200000.0_rate%3Amean_300.0_v3" 404 70 "GET http://172.18.0.134:8080/v1/AUTH_d351b5d019cd497ab1d84160f10b653c/gnocchi.d2661c51-987b-4292-b272-bb9565a975d0/1771200000.0_rate%3Amean_300.0_v3" "tx2df4fec0d817410fa1eba-00699c0ff7" "proxy-server 20" 0.0004 "-" 24 0
Feb 23 08:29:43 np0005626459 object-server[125801]: 172.20.0.103 - - [23/Feb/2026:08:29:43 +0000] "PUT /d1/128/AUTH_d351b5d019cd497ab1d84160f10b653c/gnocchi.45ee1f1b-219e-4de5-9f51-a477b96343e7/1771200000.0_rate%3Amean_300.0_v3" 201 - "PUT http://172.18.0.134:8080/v1/AUTH_d351b5d019cd497ab1d84160f10b653c/gnocchi.45ee1f1b-219e-4de5-9f51-a477b96343e7/1771200000.0_rate%3Amean_300.0_v3" "tx0909439fc46d44309f1a5-00699c0ff7" "proxy-server 20" 0.0159 "-" 22 0
Feb 23 08:29:43 np0005626459 container-server[125515]: 172.20.0.105 - - [23/Feb/2026:08:29:43 +0000] "PUT /d1/988/AUTH_d351b5d019cd497ab1d84160f10b653c/gnocchi.45ee1f1b-219e-4de5-9f51-a477b96343e7/1771200000.0_rate%3Amean_300.0_v3" 201 - "PUT http://172.18.0.134:8080/d1/128/AUTH_d351b5d019cd497ab1d84160f10b653c/gnocchi.45ee1f1b-219e-4de5-9f51-a477b96343e7/1771200000.0_rate%3Amean_300.0_v3" "tx0909439fc46d44309f1a5-00699c0ff7" "object-server 24" 0.0009 "-" 21 0
Feb 23 08:29:43 np0005626459 proxy-server[127031]: 172.18.0.103 172.18.0.104 23/Feb/2026/08/29/43 PUT /v1/AUTH_d351b5d019cd497ab1d84160f10b653c/gnocchi.45ee1f1b-219e-4de5-9f51-a477b96343e7/1771200000.0_rate%253Amean_300.0_v3 HTTP/1.0 201 - python-swiftclient-3.11.1 gAAAAABpnA5xV5GH... 16 - - tx0909439fc46d44309f1a5-00699c0ff7 - 0.0299 - - 1771835383.062687159 1771835383.092628241 0
Feb 23 08:29:43 np0005626459 container-server[125509]: 172.20.0.104 - - [23/Feb/2026:08:29:43 +0000] "PUT /d1/86/AUTH_d351b5d019cd497ab1d84160f10b653c/gnocchi.d2661c51-987b-4292-b272-bb9565a975d0/1771200000.0_mean_300.0_v3" 201 - "PUT http://172.18.0.134:8080/d1/132/AUTH_d351b5d019cd497ab1d84160f10b653c/gnocchi.d2661c51-987b-4292-b272-bb9565a975d0/1771200000.0_mean_300.0_v3" "tx64bef9e5639943109d8cb-00699c0ff7" "object-server 22" 0.0009 "-" 20 0
Feb 23 08:29:43 np0005626459 object-server[125833]: 172.20.0.104 - - [23/Feb/2026:08:29:43 +0000] "PUT /d1/132/AUTH_d351b5d019cd497ab1d84160f10b653c/gnocchi.d2661c51-987b-4292-b272-bb9565a975d0/1771200000.0_mean_300.0_v3" 201 - "PUT http://172.18.0.134:8080/v1/AUTH_d351b5d019cd497ab1d84160f10b653c/gnocchi.d2661c51-987b-4292-b272-bb9565a975d0/1771200000.0_mean_300.0_v3" "tx64bef9e5639943109d8cb-00699c0ff7" "proxy-server 20" 0.0126 "-" 25 0
Feb 23 08:29:43 np0005626459 container-server[125555]: 172.20.0.104 - - [23/Feb/2026:08:29:43 +0000] "PUT /d1/988/AUTH_d351b5d019cd497ab1d84160f10b653c/gnocchi.45ee1f1b-219e-4de5-9f51-a477b96343e7/1771200000.0_mean_300.0_v3" 201 - "PUT http://172.18.0.134:8080/d1/951/AUTH_d351b5d019cd497ab1d84160f10b653c/gnocchi.45ee1f1b-219e-4de5-9f51-a477b96343e7/1771200000.0_mean_300.0_v3" "tx2bea4d31c1554c839d8d1-00699c0ff7" "object-server 22" 0.0007 "-" 23 0
Feb 23 08:29:43 np0005626459 object-server[125811]: 172.20.0.103 - - [23/Feb/2026:08:29:43 +0000] "PUT /d1/951/AUTH_d351b5d019cd497ab1d84160f10b653c/gnocchi.45ee1f1b-219e-4de5-9f51-a477b96343e7/1771200000.0_mean_300.0_v3" 201 - "PUT http://172.18.0.134:8080/v1/AUTH_d351b5d019cd497ab1d84160f10b653c/gnocchi.45ee1f1b-219e-4de5-9f51-a477b96343e7/1771200000.0_mean_300.0_v3" "tx2bea4d31c1554c839d8d1-00699c0ff7" "proxy-server 20" 0.0173 "-" 23 0
Feb 23 08:29:43 np0005626459 proxy-server[127031]: 172.18.0.103 172.18.0.104 23/Feb/2026/08/29/43 PUT /v1/AUTH_d351b5d019cd497ab1d84160f10b653c/gnocchi.45ee1f1b-219e-4de5-9f51-a477b96343e7/1771200000.0_mean_300.0_v3 HTTP/1.0 201 - python-swiftclient-3.11.1 gAAAAABpnA5xV5GH... 27 - - tx2bea4d31c1554c839d8d1-00699c0ff7 - 0.0275 - - 1771835383.096180201 1771835383.123704910 0
Feb 23 08:29:43 np0005626459 container-server[125537]: 172.20.0.103 - - [23/Feb/2026:08:29:43 +0000] "PUT /d1/988/AUTH_d351b5d019cd497ab1d84160f10b653c/gnocchi.45ee1f1b-219e-4de5-9f51-a477b96343e7/none_v3" 201 - "PUT http://172.18.0.134:8080/d1/290/AUTH_d351b5d019cd497ab1d84160f10b653c/gnocchi.45ee1f1b-219e-4de5-9f51-a477b96343e7/none_v3" "tx44efb994d8b24d8892651-00699c0ff7" "object-server 22" 0.0007 "-" 22 0
Feb 23 08:29:43 np0005626459 object-server[125801]: 172.20.0.103 - - [23/Feb/2026:08:29:43 +0000] "PUT /d1/290/AUTH_d351b5d019cd497ab1d84160f10b653c/gnocchi.45ee1f1b-219e-4de5-9f51-a477b96343e7/none_v3" 201 - "PUT http://172.18.0.134:8080/v1/AUTH_d351b5d019cd497ab1d84160f10b653c/gnocchi.45ee1f1b-219e-4de5-9f51-a477b96343e7/none_v3" "tx44efb994d8b24d8892651-00699c0ff7" "proxy-server 20" 0.0162 "-" 22 0
Feb 23 08:29:43 np0005626459 proxy-server[127031]: 172.18.0.103 172.18.0.104 23/Feb/2026/08/29/43 PUT /v1/AUTH_d351b5d019cd497ab1d84160f10b653c/gnocchi.45ee1f1b-219e-4de5-9f51-a477b96343e7/none_v3 HTTP/1.0 201 - python-swiftclient-3.11.1 gAAAAABpnA5xV5GH... 34 - - tx44efb994d8b24d8892651-00699c0ff7 - 0.0249 - - 1771835383.127285242 1771835383.152141094 0
Feb 23 08:29:43 np0005626459 container-server[125537]: 172.20.0.103 - - [23/Feb/2026:08:29:43 +0000] "PUT /d1/86/AUTH_d351b5d019cd497ab1d84160f10b653c/gnocchi.d2661c51-987b-4292-b272-bb9565a975d0/1771200000.0_rate%3Amean_300.0_v3" 201 - "PUT http://172.18.0.134:8080/d1/916/AUTH_d351b5d019cd497ab1d84160f10b653c/gnocchi.d2661c51-987b-4292-b272-bb9565a975d0/1771200000.0_rate%3Amean_300.0_v3" "tx007d8424bee34f6594c98-00699c0ff7" "object-server 23" 0.0004 "-" 22 0
Feb 23 08:29:43 np0005626459 object-server[125811]: 172.20.0.104 - - [23/Feb/2026:08:29:43 +0000] "PUT /d1/916/AUTH_d351b5d019cd497ab1d84160f10b653c/gnocchi.d2661c51-987b-4292-b272-bb9565a975d0/1771200000.0_rate%3Amean_300.0_v3" 201 - "PUT http://172.18.0.134:8080/v1/AUTH_d351b5d019cd497ab1d84160f10b653c/gnocchi.d2661c51-987b-4292-b272-bb9565a975d0/1771200000.0_rate%3Amean_300.0_v3" "tx007d8424bee34f6594c98-00699c0ff7" "proxy-server 20" 0.0180 "-" 23 0
Feb 23 08:29:43 np0005626459 container-server[125515]: 172.20.0.103 - - [23/Feb/2026:08:29:43 +0000] "PUT /d1/86/AUTH_d351b5d019cd497ab1d84160f10b653c/gnocchi.d2661c51-987b-4292-b272-bb9565a975d0/none_v3" 201 - "PUT http://172.18.0.134:8080/d1/476/AUTH_d351b5d019cd497ab1d84160f10b653c/gnocchi.d2661c51-987b-4292-b272-bb9565a975d0/none_v3" "txb9b4cf1889d344eaa552b-00699c0ff7" "object-server 25" 0.0009 "-" 21 0
Feb 23 08:29:43 np0005626459 object-server[125833]: 172.20.0.103 - - [23/Feb/2026:08:29:43 +0000] "PUT /d1/476/AUTH_d351b5d019cd497ab1d84160f10b653c/gnocchi.d2661c51-987b-4292-b272-bb9565a975d0/none_v3" 201 - "PUT http://172.18.0.134:8080/v1/AUTH_d351b5d019cd497ab1d84160f10b653c/gnocchi.d2661c51-987b-4292-b272-bb9565a975d0/none_v3" "txb9b4cf1889d344eaa552b-00699c0ff7" "proxy-server 20" 0.0121 "-" 25 0
Feb 23 08:29:43 np0005626459 proxy-server[127031]: 172.18.0.105 172.18.0.104 23/Feb/2026/08/29/43 PUT /v1/AUTH_d351b5d019cd497ab1d84160f10b653c/gnocchi.d2661c51-987b-4292-b272-bb9565a975d0/none_v3 HTTP/1.0 201 - python-swiftclient-3.11.1 gAAAAABpnA4o6Gk-... 32 - - txb9b4cf1889d344eaa552b-00699c0ff7 - 0.0222 - - 1771835383.167434216 1771835383.189634800 0
Feb 23 08:29:45 np0005626459 proxy-server[127031]: Timeout talking to memcached: np0005626461.internalapi.localdomain:11211 (txn: tx6a7f3c5bf7624730a3553-00699c0ff7) (client_ip: 172.18.0.105)
Feb 23 08:29:46 np0005626459 container-server[125515]: 172.20.0.104 - - [23/Feb/2026:08:29:46 +0000] "GET /d1/557/AUTH_d351b5d019cd497ab1d84160f10b653c/gnocchi.1d0d75ac-6399-40be-82c8-e645a7bf9a38" 200 357 "GET http://172.18.0.134:8080/v1/AUTH_d351b5d019cd497ab1d84160f10b653c/gnocchi.1d0d75ac-6399-40be-82c8-e645a7bf9a38?format=json&states=listing" "txfd601dc235e04e00977a5-00699c0ff9" "proxy-server 20" 0.0045 "-" 21 0
Feb 23 08:29:46 np0005626459 object-server[125811]: 172.20.0.105 - - [23/Feb/2026:08:29:46 +0000] "GET /d1/817/AUTH_d351b5d019cd497ab1d84160f10b653c/gnocchi.1d0d75ac-6399-40be-82c8-e645a7bf9a38/1771200000.0_mean_300.0_v3" 200 16 "GET http://172.18.0.134:8080/v1/AUTH_d351b5d019cd497ab1d84160f10b653c/gnocchi.1d0d75ac-6399-40be-82c8-e645a7bf9a38/1771200000.0_mean_300.0_v3" "tx0298c348ba8545f2a970f-00699c0ffa" "proxy-server 20" 0.0010 "-" 23 0
Feb 23 08:29:46 np0005626459 object-server[125814]: 172.20.0.105 - - [23/Feb/2026:08:29:46 +0000] "GET /d1/19/AUTH_d351b5d019cd497ab1d84160f10b653c/gnocchi.1d0d75ac-6399-40be-82c8-e645a7bf9a38/1771200000.0_rate%3Amean_300.0_v3" 404 70 "GET http://172.18.0.134:8080/v1/AUTH_d351b5d019cd497ab1d84160f10b653c/gnocchi.1d0d75ac-6399-40be-82c8-e645a7bf9a38/1771200000.0_rate%3Amean_300.0_v3" "tx24eeb2d592b843a789aa5-00699c0ffa" "proxy-server 20" 0.0009 "-" 24 0
Feb 23 08:29:46 np0005626459 object-server[125801]: 172.20.0.104 - - [23/Feb/2026:08:29:46 +0000] "GET /d1/377/AUTH_d351b5d019cd497ab1d84160f10b653c/gnocchi.2006331c-4bf4-4bc2-bafa-b6d01219e73a/1771200000.0_rate%3Amean_300.0_v3" 404 70 "GET http://172.18.0.134:8080/v1/AUTH_d351b5d019cd497ab1d84160f10b653c/gnocchi.2006331c-4bf4-4bc2-bafa-b6d01219e73a/1771200000.0_rate%3Amean_300.0_v3" "tx0e01b3bd5900442b871e2-00699c0ffa" "proxy-server 20" 0.0002 "-" 22 0
Feb 23 08:29:46 np0005626459 object-server[125801]: 172.20.0.105 - - [23/Feb/2026:08:29:46 +0000] "PUT /d1/817/AUTH_d351b5d019cd497ab1d84160f10b653c/gnocchi.1d0d75ac-6399-40be-82c8-e645a7bf9a38/1771200000.0_mean_300.0_v3" 201 - "PUT http://172.18.0.134:8080/v1/AUTH_d351b5d019cd497ab1d84160f10b653c/gnocchi.1d0d75ac-6399-40be-82c8-e645a7bf9a38/1771200000.0_mean_300.0_v3" "tx5e87e8dde89a4f7ca1ea7-00699c0ffa" "proxy-server 20" 0.0141 "-" 22 0
