Feb 23 08:19:54 np0005626459 account-server[124525]: Beginning replication run
Feb 23 08:19:54 np0005626459 account-server[124525]: Replication run OVER
Feb 23 08:19:54 np0005626459 account-server[124525]: Attempted to replicate 0 dbs in 0.00159 seconds (0.00000/s)
Feb 23 08:19:54 np0005626459 account-server[124525]: Removed 0 dbs
Feb 23 08:19:54 np0005626459 account-server[124525]: 0 successes, 0 failures
Feb 23 08:19:54 np0005626459 account-server[124525]: diff:0 diff_capped:0 empty:0 hashmatch:0 no_change:0 remote_merge:0 rsync:0 ts_repl:0
Feb 23 08:20:14 np0005626459 account-server[124971]: 172.20.0.104 - - [23/Feb/2026:08:20:14 +0000] "HEAD /d1/185/.expiring_objects" 404 - "HEAD http://localhost/v1/.expiring_objects?format=json" "tx16cfff82863749e3912ac-00699c0dbe" "proxy-server 2" 0.0008 "-" 21 -
Feb 23 08:20:18 np0005626459 container-server[124969]: Beginning replication run
Feb 23 08:20:18 np0005626459 container-server[124969]: Replication run OVER
Feb 23 08:20:18 np0005626459 container-server[124969]: Attempted to replicate 0 dbs in 0.00261 seconds (0.00000/s)
Feb 23 08:20:18 np0005626459 container-server[124969]: Removed 0 dbs
Feb 23 08:20:18 np0005626459 container-server[124969]: 0 successes, 0 failures
Feb 23 08:20:18 np0005626459 container-server[124969]: diff:0 diff_capped:0 empty:0 hashmatch:0 no_change:0 remote_merge:0 rsync:0 ts_repl:0
Feb 23 08:20:21 np0005626459 object-server[125384]: Starting object replication pass.
Feb 23 08:20:21 np0005626459 object-server[125384]: Nothing replicated for 0.0031540393829345703 seconds.
Feb 23 08:20:21 np0005626459 object-server[125384]: Object replication complete. (0.00 minutes)
Feb 23 08:20:23 np0005626459 object-server[200767]: Begin object audit "forever" mode (ZBF)
Feb 23 08:20:23 np0005626459 object-server[200768]: Begin object audit "forever" mode (ALL)
Feb 23 08:20:23 np0005626459 object-server[200767]: Object audit (ZBF) "forever" mode completed: 0.00s. Total quarantined: 0, Total errors: 0, Total files/sec: 0.00, Total bytes/sec: 0.00, Auditing time: 0.00, Rate: 0.00
Feb 23 08:20:23 np0005626459 object-server[200768]: Object audit (ALL) "forever" mode completed: 0.00s. Total quarantined: 0, Total errors: 0, Total files/sec: 0.00, Total bytes/sec: 0.00, Auditing time: 0.00, Rate: 0.00
Feb 23 08:20:24 np0005626459 account-server[124525]: Beginning replication run
Feb 23 08:20:24 np0005626459 account-server[124525]: Replication run OVER
Feb 23 08:20:24 np0005626459 account-server[124525]: Attempted to replicate 0 dbs in 0.00268 seconds (0.00000/s)
Feb 23 08:20:24 np0005626459 account-server[124525]: Removed 0 dbs
Feb 23 08:20:24 np0005626459 account-server[124525]: 0 successes, 0 failures
Feb 23 08:20:24 np0005626459 account-server[124525]: diff:0 diff_capped:0 empty:0 hashmatch:0 no_change:0 remote_merge:0 rsync:0 ts_repl:0
Feb 23 08:20:48 np0005626459 container-server[124969]: Beginning replication run
Feb 23 08:20:48 np0005626459 container-server[124969]: Replication run OVER
Feb 23 08:20:48 np0005626459 container-server[124969]: Attempted to replicate 0 dbs in 0.00261 seconds (0.00000/s)
Feb 23 08:20:48 np0005626459 container-server[124969]: Removed 0 dbs
Feb 23 08:20:48 np0005626459 container-server[124969]: 0 successes, 0 failures
Feb 23 08:20:48 np0005626459 container-server[124969]: diff:0 diff_capped:0 empty:0 hashmatch:0 no_change:0 remote_merge:0 rsync:0 ts_repl:0
Feb 23 08:20:51 np0005626459 object-server[125384]: Starting object replication pass.
Feb 23 08:20:51 np0005626459 object-server[125384]: Nothing replicated for 0.0044460296630859375 seconds.
Feb 23 08:20:51 np0005626459 object-server[125384]: Object replication complete. (0.00 minutes)
Feb 23 08:20:53 np0005626459 object-server[200769]: Begin object audit "forever" mode (ZBF)
Feb 23 08:20:53 np0005626459 object-server[200769]: Object audit (ZBF) "forever" mode completed: 0.00s. Total quarantined: 0, Total errors: 0, Total files/sec: 0.00, Total bytes/sec: 0.00, Auditing time: 0.00, Rate: 0.00
Feb 23 08:20:54 np0005626459 account-server[124525]: Beginning replication run
Feb 23 08:20:54 np0005626459 account-server[124525]: Replication run OVER
Feb 23 08:20:54 np0005626459 account-server[124525]: Attempted to replicate 0 dbs in 0.00219 seconds (0.00000/s)
Feb 23 08:20:54 np0005626459 account-server[124525]: Removed 0 dbs
Feb 23 08:20:54 np0005626459 account-server[124525]: 0 successes, 0 failures
Feb 23 08:20:54 np0005626459 account-server[124525]: diff:0 diff_capped:0 empty:0 hashmatch:0 no_change:0 remote_merge:0 rsync:0 ts_repl:0
Feb 23 08:21:18 np0005626459 container-server[124969]: Beginning replication run
Feb 23 08:21:18 np0005626459 container-server[124969]: Replication run OVER
Feb 23 08:21:18 np0005626459 container-server[124969]: Attempted to replicate 0 dbs in 0.00262 seconds (0.00000/s)
Feb 23 08:21:18 np0005626459 container-server[124969]: Removed 0 dbs
Feb 23 08:21:18 np0005626459 container-server[124969]: 0 successes, 0 failures
Feb 23 08:21:18 np0005626459 container-server[124969]: diff:0 diff_capped:0 empty:0 hashmatch:0 no_change:0 remote_merge:0 rsync:0 ts_repl:0
Feb 23 08:21:21 np0005626459 object-server[125384]: Starting object replication pass.
Feb 23 08:21:21 np0005626459 object-server[125384]: Nothing replicated for 0.003987789154052734 seconds.
Feb 23 08:21:21 np0005626459 object-server[125384]: Object replication complete. (0.00 minutes)
Feb 23 08:21:23 np0005626459 object-server[206589]: Begin object audit "forever" mode (ZBF)
Feb 23 08:21:23 np0005626459 object-server[206590]: Begin object audit "forever" mode (ALL)
Feb 23 08:21:23 np0005626459 object-server[206589]: Object audit (ZBF) "forever" mode completed: 0.00s. Total quarantined: 0, Total errors: 0, Total files/sec: 0.00, Total bytes/sec: 0.00, Auditing time: 0.00, Rate: 0.00
Feb 23 08:21:23 np0005626459 object-server[206590]: Object audit (ALL) "forever" mode completed: 0.00s. Total quarantined: 0, Total errors: 0, Total files/sec: 0.00, Total bytes/sec: 0.00, Auditing time: 0.00, Rate: 0.00
Feb 23 08:21:24 np0005626459 account-server[124525]: Beginning replication run
Feb 23 08:21:24 np0005626459 account-server[124525]: Replication run OVER
Feb 23 08:21:24 np0005626459 account-server[124525]: Attempted to replicate 0 dbs in 0.00236 seconds (0.00000/s)
Feb 23 08:21:24 np0005626459 account-server[124525]: Removed 0 dbs
Feb 23 08:21:24 np0005626459 account-server[124525]: 0 successes, 0 failures
Feb 23 08:21:24 np0005626459 account-server[124525]: diff:0 diff_capped:0 empty:0 hashmatch:0 no_change:0 remote_merge:0 rsync:0 ts_repl:0
Feb 23 08:21:39 np0005626459 account-server[124973]: 172.20.0.105 - - [23/Feb/2026:08:21:39 +0000] "HEAD /d1/185/.expiring_objects" 404 - "HEAD http://localhost/v1/.expiring_objects?format=json" "txb8a14e05c6154be193a6b-00699c0e13" "proxy-server 2" 0.0009 "-" 22 -
Feb 23 08:21:48 np0005626459 container-server[124969]: Beginning replication run
Feb 23 08:21:48 np0005626459 container-server[124969]: Replication run OVER
Feb 23 08:21:48 np0005626459 container-server[124969]: Attempted to replicate 0 dbs in 0.00233 seconds (0.00000/s)
Feb 23 08:21:48 np0005626459 container-server[124969]: Removed 0 dbs
Feb 23 08:21:48 np0005626459 container-server[124969]: 0 successes, 0 failures
Feb 23 08:21:48 np0005626459 container-server[124969]: diff:0 diff_capped:0 empty:0 hashmatch:0 no_change:0 remote_merge:0 rsync:0 ts_repl:0
Feb 23 08:21:51 np0005626459 object-server[125384]: Starting object replication pass.
Feb 23 08:21:51 np0005626459 object-server[125384]: Nothing replicated for 0.0041828155517578125 seconds.
Feb 23 08:21:51 np0005626459 object-server[125384]: Object replication complete. (0.00 minutes)
Feb 23 08:21:53 np0005626459 object-server[209433]: Begin object audit "forever" mode (ZBF)
Feb 23 08:21:53 np0005626459 object-server[209433]: Object audit (ZBF) "forever" mode completed: 0.00s. Total quarantined: 0, Total errors: 0, Total files/sec: 0.00, Total bytes/sec: 0.00, Auditing time: 0.00, Rate: 0.00
Feb 23 08:21:53 np0005626459 object-server[209434]: Begin object audit "forever" mode (ALL)
Feb 23 08:21:53 np0005626459 object-server[209434]: Object audit (ALL) "forever" mode completed: 0.00s. Total quarantined: 0, Total errors: 0, Total files/sec: 0.00, Total bytes/sec: 0.00, Auditing time: 0.00, Rate: 0.00
Feb 23 08:21:54 np0005626459 account-server[124525]: Beginning replication run
Feb 23 08:21:54 np0005626459 account-server[124525]: Replication run OVER
Feb 23 08:21:54 np0005626459 account-server[124525]: Attempted to replicate 0 dbs in 0.00206 seconds (0.00000/s)
Feb 23 08:21:54 np0005626459 account-server[124525]: Removed 0 dbs
Feb 23 08:21:54 np0005626459 account-server[124525]: 0 successes, 0 failures
Feb 23 08:21:54 np0005626459 account-server[124525]: diff:0 diff_capped:0 empty:0 hashmatch:0 no_change:0 remote_merge:0 rsync:0 ts_repl:0
Feb 23 08:22:00 np0005626459 account-server[124971]: 172.20.0.103 - - [23/Feb/2026:08:22:00 +0000] "HEAD /d1/979/AUTH_d351b5d019cd497ab1d84160f10b653c" 404 - "HEAD http://172.18.0.134:8080/v1/AUTH_d351b5d019cd497ab1d84160f10b653c?format=json" "txba96882d626b45c6a93a7-00699c0e28" "proxy-server 20" 0.0009 "-" 21 -
Feb 23 08:22:00 np0005626459 proxy-server[127031]: - - 23/Feb/2026/08/22/00 HEAD /v1/AUTH_d351b5d019cd497ab1d84160f10b653c%3Fformat%3Djson HTTP/1.0 200 - Swift - - - - txba96882d626b45c6a93a7-00699c0e28 - 0.0267 RL - 1771834920.276762724 1771834920.303488731 -
Feb 23 08:22:00 np0005626459 object-server[125814]: 172.20.0.103 - - [23/Feb/2026:08:22:00 +0000] "GET /d1/1018/AUTH_d351b5d019cd497ab1d84160f10b653c/gnocchi.5eed7344-1baa-4108-b5cd-7766867b85df/none_v3" 404 70 "GET http://172.18.0.134:8080/v1/AUTH_d351b5d019cd497ab1d84160f10b653c/gnocchi.5eed7344-1baa-4108-b5cd-7766867b85df/none_v3" "txba96882d626b45c6a93a7-00699c0e28" "proxy-server 20" 0.0017 "-" 24 0
Feb 23 08:22:00 np0005626459 proxy-server[127031]: 172.18.0.105 172.18.0.104 23/Feb/2026/08/22/00 GET /v1/AUTH_d351b5d019cd497ab1d84160f10b653c/gnocchi.5eed7344-1baa-4108-b5cd-7766867b85df/none_v3 HTTP/1.0 404 - python-swiftclient-3.11.1 gAAAAABpnA4o6Gk-... - 70 - txba96882d626b45c6a93a7-00699c0e28 - 0.5559 - - 1771834920.270395994 1771834920.826260567 0
Feb 23 08:22:00 np0005626459 account-server[124971]: 172.20.0.104 - - [23/Feb/2026:08:22:00 +0000] "PUT /d1/979/AUTH_d351b5d019cd497ab1d84160f10b653c" 201 - "-" "txe2d0031af82a4df4901ed-00699c0e28" "-" 0.0177 "-" 21 -
Feb 23 08:22:00 np0005626459 container-server[125509]: 172.20.0.104 - - [23/Feb/2026:08:22:00 +0000] "PUT /d1/651/AUTH_d351b5d019cd497ab1d84160f10b653c/gnocchi.5eed7344-1baa-4108-b5cd-7766867b85df" 201 - "PUT http://172.18.0.134:8080/v1/AUTH_d351b5d019cd497ab1d84160f10b653c/gnocchi.5eed7344-1baa-4108-b5cd-7766867b85df" "txe2d0031af82a4df4901ed-00699c0e28" "proxy-server 20" 0.0150 "-" 20 0
Feb 23 08:22:00 np0005626459 account-server[124971]: 172.20.0.105 - - [23/Feb/2026:08:22:00 +0000] "PUT /d1/979/AUTH_d351b5d019cd497ab1d84160f10b653c/gnocchi.5eed7344-1baa-4108-b5cd-7766867b85df" 201 - "PUT http://172.20.0.105:6001/d1/651/AUTH_d351b5d019cd497ab1d84160f10b653c/gnocchi.5eed7344-1baa-4108-b5cd-7766867b85df" "txe2d0031af82a4df4901ed-00699c0e28" "container-server 14" 0.0021 "-" 21 0
Feb 23 08:22:00 np0005626459 object-server[125801]: 172.20.0.103 - - [23/Feb/2026:08:22:00 +0000] "GET /d1/436/AUTH_d351b5d019cd497ab1d84160f10b653c/gnocchi.5eed7344-1baa-4108-b5cd-7766867b85df/1771200000.0_mean_300.0_v3" 404 70 "GET http://172.18.0.134:8080/v1/AUTH_d351b5d019cd497ab1d84160f10b653c/gnocchi.5eed7344-1baa-4108-b5cd-7766867b85df/1771200000.0_mean_300.0_v3" "tx9639e96d6f564c3e881c6-00699c0e28" "proxy-server 20" 0.0012 "-" 22 0
Feb 23 08:22:00 np0005626459 proxy-server[127031]: 172.18.0.105 172.18.0.104 23/Feb/2026/08/22/00 GET /v1/AUTH_d351b5d019cd497ab1d84160f10b653c/gnocchi.5eed7344-1baa-4108-b5cd-7766867b85df/1771200000.0_mean_300.0_v3 HTTP/1.0 404 - python-swiftclient-3.11.1 gAAAAABpnA4o6Gk-... - 70 - tx9639e96d6f564c3e881c6-00699c0e28 - 0.0212 - - 1771834920.958687305 1771834920.979921818 0
Feb 23 08:22:01 np0005626459 container-server[125509]: 172.20.0.103 - - [23/Feb/2026:08:22:01 +0000] "PUT /d1/651/AUTH_d351b5d019cd497ab1d84160f10b653c/gnocchi.5eed7344-1baa-4108-b5cd-7766867b85df/1771200000.0_mean_300.0_v3" 201 - "PUT http://172.18.0.134:8080/d1/436/AUTH_d351b5d019cd497ab1d84160f10b653c/gnocchi.5eed7344-1baa-4108-b5cd-7766867b85df/1771200000.0_mean_300.0_v3" "txc184836b7cc94529a8cdf-00699c0e28" "object-server 23" 0.0009 "-" 20 0
Feb 23 08:22:01 np0005626459 object-server[125811]: 172.20.0.104 - - [23/Feb/2026:08:22:01 +0000] "PUT /d1/436/AUTH_d351b5d019cd497ab1d84160f10b653c/gnocchi.5eed7344-1baa-4108-b5cd-7766867b85df/1771200000.0_mean_300.0_v3" 201 - "PUT http://172.18.0.134:8080/v1/AUTH_d351b5d019cd497ab1d84160f10b653c/gnocchi.5eed7344-1baa-4108-b5cd-7766867b85df/1771200000.0_mean_300.0_v3" "txc184836b7cc94529a8cdf-00699c0e28" "proxy-server 20" 0.0322 "-" 23 0
Feb 23 08:22:01 np0005626459 container-server[125509]: 172.20.0.105 - - [23/Feb/2026:08:22:01 +0000] "PUT /d1/651/AUTH_d351b5d019cd497ab1d84160f10b653c/gnocchi.5eed7344-1baa-4108-b5cd-7766867b85df/none_v3" 201 - "PUT http://172.18.0.134:8080/d1/1018/AUTH_d351b5d019cd497ab1d84160f10b653c/gnocchi.5eed7344-1baa-4108-b5cd-7766867b85df/none_v3" "tx5539632c9c184bcca2cfd-00699c0e29" "object-server 22" 0.0005 "-" 20 0
Feb 23 08:22:01 np0005626459 object-server[125801]: 172.20.0.105 - - [23/Feb/2026:08:22:01 +0000] "PUT /d1/1018/AUTH_d351b5d019cd497ab1d84160f10b653c/gnocchi.5eed7344-1baa-4108-b5cd-7766867b85df/none_v3" 201 - "PUT http://172.18.0.134:8080/v1/AUTH_d351b5d019cd497ab1d84160f10b653c/gnocchi.5eed7344-1baa-4108-b5cd-7766867b85df/none_v3" "tx5539632c9c184bcca2cfd-00699c0e29" "proxy-server 20" 0.0378 "-" 22 0
Feb 23 08:22:18 np0005626459 container-server[124969]: Beginning replication run
Feb 23 08:22:18 np0005626459 container-server[124969]: Replication run OVER
Feb 23 08:22:18 np0005626459 container-server[124969]: Attempted to replicate 1 dbs in 0.03464 seconds (28.87040/s)
Feb 23 08:22:18 np0005626459 container-server[124969]: Removed 0 dbs
Feb 23 08:22:18 np0005626459 container-server[124969]: 2 successes, 0 failures
Feb 23 08:22:18 np0005626459 container-server[124969]: diff:0 diff_capped:0 empty:0 hashmatch:0 no_change:2 remote_merge:0 rsync:0 ts_repl:0
Feb 23 08:22:21 np0005626459 object-server[125384]: Starting object replication pass.
Feb 23 08:22:21 np0005626459 object-server[125384]: 2/2 (100.00%) partitions replicated in 0.05s (40.06/sec, 0s remaining)
Feb 23 08:22:21 np0005626459 object-server[125384]: 4 successes, 0 failures
Feb 23 08:22:21 np0005626459 object-server[125384]: 2 suffixes checked - 0.00% hashed, 0.00% synced
Feb 23 08:22:21 np0005626459 object-server[125384]: Partition times: max 0.0266s, min 0.0191s, med 0.0266s
Feb 23 08:22:21 np0005626459 object-server[125384]: Object replication complete. (0.00 minutes)
Feb 23 08:22:23 np0005626459 object-server[212734]: Begin object audit "forever" mode (ZBF)
Feb 23 08:22:23 np0005626459 object-server[212735]: Begin object audit "forever" mode (ALL)
Feb 23 08:22:23 np0005626459 object-server[212734]: Object audit (ZBF). Since Mon Feb 23 08:22:23 2026: Locally: 1 passed, 0 quarantined, 0 errors, files/sec: 502.61, bytes/sec: 0.00, Total time: 0.00, Auditing time: 0.00, Rate: 0.00
Feb 23 08:22:23 np0005626459 object-server[212734]: Object audit (ZBF) "forever" mode completed: 0.00s. Total quarantined: 0, Total errors: 0, Total files/sec: 428.62, Total bytes/sec: 0.00, Auditing time: 0.00, Rate: 0.27
Feb 23 08:22:23 np0005626459 object-server[212735]: Object audit (ALL). Since Mon Feb 23 08:22:23 2026: Locally: 1 passed, 0 quarantined, 0 errors, files/sec: 116.89, bytes/sec: 1870.32, Total time: 0.01, Auditing time: 0.00, Rate: 0.00
Feb 23 08:22:23 np0005626459 object-server[212735]: Object audit (ALL) "forever" mode completed: 0.01s. Total quarantined: 0, Total errors: 0, Total files/sec: 182.45, Total bytes/sec: 3466.52, Auditing time: 0.01, Rate: 0.79
Feb 23 08:22:24 np0005626459 account-server[124525]: Beginning replication run
Feb 23 08:22:24 np0005626459 account-server[124525]: Replication run OVER
Feb 23 08:22:24 np0005626459 account-server[124525]: Attempted to replicate 1 dbs in 0.02859 seconds (34.97806/s)
Feb 23 08:22:24 np0005626459 account-server[124525]: Removed 0 dbs
Feb 23 08:22:24 np0005626459 account-server[124525]: 2 successes, 0 failures
Feb 23 08:22:24 np0005626459 account-server[124525]: diff:0 diff_capped:0 empty:0 hashmatch:0 no_change:2 remote_merge:0 rsync:0 ts_repl:0
Feb 23 08:22:30 np0005626459 proxy-server[127031]: 172.18.0.105 172.18.0.104 23/Feb/2026/08/22/30 GET /v1/AUTH_d351b5d019cd497ab1d84160f10b653c/gnocchi.5eed7344-1baa-4108-b5cd-7766867b85df/none_v3 HTTP/1.0 200 - python-swiftclient-3.11.1 gAAAAABpnA4o6Gk-... - 22 - txb6df4c6a4b7640f1a4f60-00699c0e46 - 0.0548 - - 1771834950.182406902 1771834950.237157345 0
Feb 23 08:22:30 np0005626459 container-server[125515]: 172.20.0.104 - - [23/Feb/2026:08:22:30 +0000] "GET /d1/651/AUTH_d351b5d019cd497ab1d84160f10b653c/gnocchi.5eed7344-1baa-4108-b5cd-7766867b85df" 200 357 "GET http://172.18.0.134:8080/v1/AUTH_d351b5d019cd497ab1d84160f10b653c/gnocchi.5eed7344-1baa-4108-b5cd-7766867b85df?format=json&states=listing" "txe6b25e7711144544a0639-00699c0e46" "proxy-server 20" 0.0075 "-" 21 0
Feb 23 08:22:30 np0005626459 container-server[125537]: 172.20.0.105 - - [23/Feb/2026:08:22:30 +0000] "GET /d1/651/AUTH_d351b5d019cd497ab1d84160f10b653c/gnocchi.5eed7344-1baa-4108-b5cd-7766867b85df" 200 2 "GET http://172.18.0.134:8080/v1/AUTH_d351b5d019cd497ab1d84160f10b653c/gnocchi.5eed7344-1baa-4108-b5cd-7766867b85df?format=json&marker=none_v3&states=listing" "txa865185622a74348bf8b5-00699c0e46" "proxy-server 20" 0.0037 "-" 22 0
Feb 23 08:22:30 np0005626459 proxy-server[127031]: 172.18.0.105 172.18.0.104 23/Feb/2026/08/22/30 GET /v1/AUTH_d351b5d019cd497ab1d84160f10b653c/gnocchi.5eed7344-1baa-4108-b5cd-7766867b85df/1771200000.0_mean_300.0_v3 HTTP/1.0 200 - python-swiftclient-3.11.1 gAAAAABpnA4o6Gk-... - 16 - tx5e33599074ed434283b86-00699c0e46 - 0.0108 - - 1771834950.297017813 1771834950.307809591 0
Feb 23 08:22:30 np0005626459 container-server[125515]: 172.20.0.105 - - [23/Feb/2026:08:22:30 +0000] "PUT /d1/651/AUTH_d351b5d019cd497ab1d84160f10b653c/gnocchi.5eed7344-1baa-4108-b5cd-7766867b85df/1771200000.0_mean_300.0_v3" 201 - "PUT http://172.18.0.134:8080/d1/436/AUTH_d351b5d019cd497ab1d84160f10b653c/gnocchi.5eed7344-1baa-4108-b5cd-7766867b85df/1771200000.0_mean_300.0_v3" "txe92b5f52948347dbbb261-00699c0e46" "object-server 24" 0.0021 "-" 21 0
Feb 23 08:22:30 np0005626459 object-server[125833]: 172.20.0.104 - - [23/Feb/2026:08:22:30 +0000] "PUT /d1/436/AUTH_d351b5d019cd497ab1d84160f10b653c/gnocchi.5eed7344-1baa-4108-b5cd-7766867b85df/1771200000.0_mean_300.0_v3" 201 - "PUT http://172.18.0.134:8080/v1/AUTH_d351b5d019cd497ab1d84160f10b653c/gnocchi.5eed7344-1baa-4108-b5cd-7766867b85df/1771200000.0_mean_300.0_v3" "txe92b5f52948347dbbb261-00699c0e46" "proxy-server 20" 0.0277 "-" 25 0
Feb 23 08:22:30 np0005626459 container-server[125537]: 172.20.0.103 - - [23/Feb/2026:08:22:30 +0000] "PUT /d1/651/AUTH_d351b5d019cd497ab1d84160f10b653c/gnocchi.5eed7344-1baa-4108-b5cd-7766867b85df/none_v3" 201 - "PUT http://172.18.0.134:8080/d1/1018/AUTH_d351b5d019cd497ab1d84160f10b653c/gnocchi.5eed7344-1baa-4108-b5cd-7766867b85df/none_v3" "tx9b95ad6b901a43bdbc01f-00699c0e46" "object-server 25" 0.0007 "-" 22 0
Feb 23 08:22:30 np0005626459 object-server[125833]: 172.20.0.105 - - [23/Feb/2026:08:22:30 +0000] "PUT /d1/1018/AUTH_d351b5d019cd497ab1d84160f10b653c/gnocchi.5eed7344-1baa-4108-b5cd-7766867b85df/none_v3" 201 - "PUT http://172.18.0.134:8080/v1/AUTH_d351b5d019cd497ab1d84160f10b653c/gnocchi.5eed7344-1baa-4108-b5cd-7766867b85df/none_v3" "tx9b95ad6b901a43bdbc01f-00699c0e46" "proxy-server 20" 0.0183 "-" 25 0
Feb 23 08:22:48 np0005626459 container-server[124969]: Beginning replication run
Feb 23 08:22:48 np0005626459 container-server[124969]: Replication run OVER
Feb 23 08:22:48 np0005626459 container-server[124969]: Attempted to replicate 1 dbs in 0.03270 seconds (30.58468/s)
Feb 23 08:22:48 np0005626459 container-server[124969]: Removed 0 dbs
Feb 23 08:22:48 np0005626459 container-server[124969]: 2 successes, 0 failures
Feb 23 08:22:48 np0005626459 container-server[124969]: diff:0 diff_capped:0 empty:0 hashmatch:0 no_change:2 remote_merge:0 rsync:0 ts_repl:0
Feb 23 08:22:51 np0005626459 object-server[125384]: Starting object replication pass.
Feb 23 08:22:51 np0005626459 object-server[125384]: 2/2 (100.00%) partitions replicated in 0.04s (57.15/sec, 0s remaining)
Feb 23 08:22:51 np0005626459 object-server[125384]: 4 successes, 0 failures
Feb 23 08:22:51 np0005626459 object-server[125384]: 2 suffixes checked - 0.00% hashed, 0.00% synced
Feb 23 08:22:51 np0005626459 object-server[125384]: Partition times: max 0.0163s, min 0.0121s, med 0.0163s
Feb 23 08:22:51 np0005626459 object-server[125384]: Object replication complete. (0.00 minutes)
Feb 23 08:22:53 np0005626459 object-server[212737]: Begin object audit "forever" mode (ZBF)
Feb 23 08:22:53 np0005626459 object-server[212737]: Object audit (ZBF). Since Mon Feb 23 08:22:53 2026: Locally: 1 passed, 0 quarantined, 0 errors, files/sec: 843.08, bytes/sec: 0.00, Total time: 0.00, Auditing time: 0.00, Rate: 0.00
Feb 23 08:22:53 np0005626459 object-server[212737]: Object audit (ZBF) "forever" mode completed: 0.00s. Total quarantined: 0, Total errors: 0, Total files/sec: 688.10, Total bytes/sec: 0.00, Auditing time: 0.00, Rate: 0.26
Feb 23 08:22:54 np0005626459 account-server[124525]: Beginning replication run
Feb 23 08:22:54 np0005626459 account-server[124525]: Replication run OVER
Feb 23 08:22:54 np0005626459 account-server[124525]: Attempted to replicate 1 dbs in 0.01673 seconds (59.76629/s)
Feb 23 08:22:54 np0005626459 account-server[124525]: Removed 0 dbs
Feb 23 08:22:54 np0005626459 account-server[124525]: 2 successes, 0 failures
Feb 23 08:22:54 np0005626459 account-server[124525]: diff:0 diff_capped:0 empty:0 hashmatch:0 no_change:2 remote_merge:0 rsync:0 ts_repl:0
Feb 23 08:23:03 np0005626459 proxy-server[127031]: - - 23/Feb/2026/08/23/03 HEAD /v1/AUTH_d351b5d019cd497ab1d84160f10b653c%3Fformat%3Djson HTTP/1.0 204 - Swift - - - - txe275c1cce7af42b0885a2-00699c0e67 - 0.0091 RL - 1771834983.603809834 1771834983.612872124 -
Feb 23 08:23:03 np0005626459 container-server[125555]: 172.20.0.103 - - [23/Feb/2026:08:23:03 +0000] "HEAD /d1/779/AUTH_d351b5d019cd497ab1d84160f10b653c/gnocchi.69d2d350-9221-4230-9161-e63c7a424f29" 404 - "HEAD http://172.18.0.134:8080/v1/AUTH_d351b5d019cd497ab1d84160f10b653c/gnocchi.69d2d350-9221-4230-9161-e63c7a424f29?format=json&states=listing" "txe275c1cce7af42b0885a2-00699c0e67" "proxy-server 20" 0.0013 "-" 23 0
Feb 23 08:23:03 np0005626459 object-server[125833]: 172.20.0.103 - - [23/Feb/2026:08:23:03 +0000] "GET /d1/247/AUTH_d351b5d019cd497ab1d84160f10b653c/gnocchi.69d2d350-9221-4230-9161-e63c7a424f29/none_v3" 404 70 "GET http://172.18.0.134:8080/v1/AUTH_d351b5d019cd497ab1d84160f10b653c/gnocchi.69d2d350-9221-4230-9161-e63c7a424f29/none_v3" "txe275c1cce7af42b0885a2-00699c0e67" "proxy-server 20" 0.0011 "-" 25 0
Feb 23 08:23:03 np0005626459 proxy-server[127031]: 172.18.0.105 172.18.0.104 23/Feb/2026/08/23/03 GET /v1/AUTH_d351b5d019cd497ab1d84160f10b653c/gnocchi.69d2d350-9221-4230-9161-e63c7a424f29/none_v3 HTTP/1.0 404 - python-swiftclient-3.11.1 gAAAAABpnA4o6Gk-... - 70 - txe275c1cce7af42b0885a2-00699c0e67 - 0.0521 - - 1771834983.602051020 1771834983.654113293 0
Feb 23 08:23:03 np0005626459 account-server[124973]: 172.20.0.104 - - [23/Feb/2026:08:23:03 +0000] "PUT /d1/979/AUTH_d351b5d019cd497ab1d84160f10b653c/gnocchi.69d2d350-9221-4230-9161-e63c7a424f29" 201 - "PUT http://172.20.0.104:6001/d1/779/AUTH_d351b5d019cd497ab1d84160f10b653c/gnocchi.69d2d350-9221-4230-9161-e63c7a424f29" "tx757597fe9b634f5cbee0c-00699c0e67" "container-server 15" 0.0017 "-" 22 0
Feb 23 08:23:03 np0005626459 container-server[125509]: 172.20.0.104 - - [23/Feb/2026:08:23:03 +0000] "PUT /d1/779/AUTH_d351b5d019cd497ab1d84160f10b653c/gnocchi.69d2d350-9221-4230-9161-e63c7a424f29" 201 - "PUT http://172.18.0.134:8080/v1/AUTH_d351b5d019cd497ab1d84160f10b653c/gnocchi.69d2d350-9221-4230-9161-e63c7a424f29" "tx757597fe9b634f5cbee0c-00699c0e67" "proxy-server 20" 0.0139 "-" 20 0
Feb 23 08:23:03 np0005626459 object-server[125801]: 172.20.0.103 - - [23/Feb/2026:08:23:03 +0000] "GET /d1/102/AUTH_d351b5d019cd497ab1d84160f10b653c/gnocchi.69d2d350-9221-4230-9161-e63c7a424f29/1771200000.0_mean_300.0_v3" 404 70 "GET http://172.18.0.134:8080/v1/AUTH_d351b5d019cd497ab1d84160f10b653c/gnocchi.69d2d350-9221-4230-9161-e63c7a424f29/1771200000.0_mean_300.0_v3" "tx935e650d507449ff91b0f-00699c0e67" "proxy-server 20" 0.0005 "-" 22 0
Feb 23 08:23:03 np0005626459 proxy-server[127031]: 172.18.0.105 172.18.0.104 23/Feb/2026/08/23/03 GET /v1/AUTH_d351b5d019cd497ab1d84160f10b653c/gnocchi.69d2d350-9221-4230-9161-e63c7a424f29/1771200000.0_mean_300.0_v3 HTTP/1.0 404 - python-swiftclient-3.11.1 gAAAAABpnA4o6Gk-... - 70 - tx935e650d507449ff91b0f-00699c0e67 - 0.0199 - - 1771834983.727294445 1771834983.747188568 0
Feb 23 08:23:03 np0005626459 container-server[125509]: 172.20.0.103 - - [23/Feb/2026:08:23:03 +0000] "PUT /d1/779/AUTH_d351b5d019cd497ab1d84160f10b653c/gnocchi.69d2d350-9221-4230-9161-e63c7a424f29/1771200000.0_mean_300.0_v3" 201 - "PUT http://172.18.0.134:8080/d1/102/AUTH_d351b5d019cd497ab1d84160f10b653c/gnocchi.69d2d350-9221-4230-9161-e63c7a424f29/1771200000.0_mean_300.0_v3" "txd443e1f3aa224004be644-00699c0e67" "object-server 23" 0.0011 "-" 20 0
Feb 23 08:23:03 np0005626459 object-server[125811]: 172.20.0.104 - - [23/Feb/2026:08:23:03 +0000] "PUT /d1/102/AUTH_d351b5d019cd497ab1d84160f10b653c/gnocchi.69d2d350-9221-4230-9161-e63c7a424f29/1771200000.0_mean_300.0_v3" 201 - "PUT http://172.18.0.134:8080/v1/AUTH_d351b5d019cd497ab1d84160f10b653c/gnocchi.69d2d350-9221-4230-9161-e63c7a424f29/1771200000.0_mean_300.0_v3" "txd443e1f3aa224004be644-00699c0e67" "proxy-server 20" 0.0215 "-" 23 0
Feb 23 08:23:03 np0005626459 container-server[125509]: 172.20.0.103 - - [23/Feb/2026:08:23:03 +0000] "PUT /d1/779/AUTH_d351b5d019cd497ab1d84160f10b653c/gnocchi.69d2d350-9221-4230-9161-e63c7a424f29/none_v3" 201 - "PUT http://172.18.0.134:8080/d1/247/AUTH_d351b5d019cd497ab1d84160f10b653c/gnocchi.69d2d350-9221-4230-9161-e63c7a424f29/none_v3" "tx4f146672e6f84447b4914-00699c0e67" "object-server 22" 0.0009 "-" 20 0
Feb 23 08:23:03 np0005626459 object-server[125801]: 172.20.0.105 - - [23/Feb/2026:08:23:03 +0000] "PUT /d1/247/AUTH_d351b5d019cd497ab1d84160f10b653c/gnocchi.69d2d350-9221-4230-9161-e63c7a424f29/none_v3" 201 - "PUT http://172.18.0.134:8080/v1/AUTH_d351b5d019cd497ab1d84160f10b653c/gnocchi.69d2d350-9221-4230-9161-e63c7a424f29/none_v3" "tx4f146672e6f84447b4914-00699c0e67" "proxy-server 20" 0.0172 "-" 22 0
Feb 23 08:23:03 np0005626459 container-server[125509]: 172.20.0.103 - - [23/Feb/2026:08:23:03 +0000] "HEAD /d1/618/AUTH_d351b5d019cd497ab1d84160f10b653c/gnocchi.222d0e86-652d-4feb-b78c-d17d1d5c9c62" 404 - "HEAD http://172.18.0.134:8080/v1/AUTH_d351b5d019cd497ab1d84160f10b653c/gnocchi.222d0e86-652d-4feb-b78c-d17d1d5c9c62?format=json&states=listing" "tx100e2d1a01944af29d63f-00699c0e67" "proxy-server 20" 0.0010 "-" 20 0
Feb 23 08:23:03 np0005626459 object-server[125814]: 172.20.0.103 - - [23/Feb/2026:08:23:03 +0000] "GET /d1/636/AUTH_d351b5d019cd497ab1d84160f10b653c/gnocchi.222d0e86-652d-4feb-b78c-d17d1d5c9c62/none_v3" 404 70 "GET http://172.18.0.134:8080/v1/AUTH_d351b5d019cd497ab1d84160f10b653c/gnocchi.222d0e86-652d-4feb-b78c-d17d1d5c9c62/none_v3" "tx100e2d1a01944af29d63f-00699c0e67" "proxy-server 20" 0.0004 "-" 24 0
Feb 23 08:23:03 np0005626459 proxy-server[127031]: 172.18.0.105 172.18.0.104 23/Feb/2026/08/23/03 GET /v1/AUTH_d351b5d019cd497ab1d84160f10b653c/gnocchi.222d0e86-652d-4feb-b78c-d17d1d5c9c62/none_v3 HTTP/1.0 404 - python-swiftclient-3.11.1 gAAAAABpnA4o6Gk-... - 70 - tx100e2d1a01944af29d63f-00699c0e67 - 0.0354 - - 1771834983.847555399 1771834983.882981300 0
Feb 23 08:23:03 np0005626459 account-server[124963]: 172.20.0.104 - - [23/Feb/2026:08:23:03 +0000] "PUT /d1/979/AUTH_d351b5d019cd497ab1d84160f10b653c/gnocchi.222d0e86-652d-4feb-b78c-d17d1d5c9c62" 201 - "PUT http://172.20.0.104:6001/d1/618/AUTH_d351b5d019cd497ab1d84160f10b653c/gnocchi.222d0e86-652d-4feb-b78c-d17d1d5c9c62" "txe1a34d2ef0ee499fb07f2-00699c0e67" "container-server 16" 0.0061 "-" 20 0
Feb 23 08:23:03 np0005626459 container-server[125509]: 172.20.0.104 - - [23/Feb/2026:08:23:03 +0000] "PUT /d1/618/AUTH_d351b5d019cd497ab1d84160f10b653c/gnocchi.222d0e86-652d-4feb-b78c-d17d1d5c9c62" 201 - "PUT http://172.18.0.134:8080/v1/AUTH_d351b5d019cd497ab1d84160f10b653c/gnocchi.222d0e86-652d-4feb-b78c-d17d1d5c9c62" "txe1a34d2ef0ee499fb07f2-00699c0e67" "proxy-server 20" 0.0238 "-" 20 0
Feb 23 08:23:03 np0005626459 container-server[125509]: 172.20.0.105 - - [23/Feb/2026:08:23:03 +0000] "GET /d1/618/AUTH_d351b5d019cd497ab1d84160f10b653c/gnocchi.222d0e86-652d-4feb-b78c-d17d1d5c9c62" 200 2 "GET http://172.18.0.134:8080/v1/AUTH_d351b5d019cd497ab1d84160f10b653c/gnocchi.222d0e86-652d-4feb-b78c-d17d1d5c9c62?format=json&states=listing" "txa8781f7a287840989e22d-00699c0e67" "proxy-server 20" 0.0027 "-" 20 0
Feb 23 08:23:03 np0005626459 object-server[125814]: 172.20.0.103 - - [23/Feb/2026:08:23:03 +0000] "GET /d1/106/AUTH_d351b5d019cd497ab1d84160f10b653c/gnocchi.222d0e86-652d-4feb-b78c-d17d1d5c9c62/1771200000.0_mean_300.0_v3" 404 70 "GET http://172.18.0.134:8080/v1/AUTH_d351b5d019cd497ab1d84160f10b653c/gnocchi.222d0e86-652d-4feb-b78c-d17d1d5c9c62/1771200000.0_mean_300.0_v3" "tx15e9db1f54804208be7f8-00699c0e67" "proxy-server 20" 0.0005 "-" 24 0
Feb 23 08:23:03 np0005626459 proxy-server[127031]: 172.18.0.105 172.18.0.104 23/Feb/2026/08/23/03 GET /v1/AUTH_d351b5d019cd497ab1d84160f10b653c/gnocchi.222d0e86-652d-4feb-b78c-d17d1d5c9c62/1771200000.0_mean_300.0_v3 HTTP/1.0 404 - python-swiftclient-3.11.1 gAAAAABpnA4o6Gk-... - 70 - tx15e9db1f54804208be7f8-00699c0e67 - 0.0163 - - 1771834983.960674047 1771834983.976954937 0
Feb 23 08:23:04 np0005626459 container-server[125537]: 172.20.0.105 - - [23/Feb/2026:08:23:04 +0000] "PUT /d1/618/AUTH_d351b5d019cd497ab1d84160f10b653c/gnocchi.222d0e86-652d-4feb-b78c-d17d1d5c9c62/1771200000.0_mean_300.0_v3" 201 - "PUT http://172.18.0.134:8080/d1/106/AUTH_d351b5d019cd497ab1d84160f10b653c/gnocchi.222d0e86-652d-4feb-b78c-d17d1d5c9c62/1771200000.0_mean_300.0_v3" "tx4a1b673b568943458059e-00699c0e67" "object-server 24" 0.0006 "-" 22 0
Feb 23 08:23:04 np0005626459 object-server[125801]: 172.20.0.104 - - [23/Feb/2026:08:23:04 +0000] "PUT /d1/106/AUTH_d351b5d019cd497ab1d84160f10b653c/gnocchi.222d0e86-652d-4feb-b78c-d17d1d5c9c62/1771200000.0_mean_300.0_v3" 201 - "PUT http://172.18.0.134:8080/v1/AUTH_d351b5d019cd497ab1d84160f10b653c/gnocchi.222d0e86-652d-4feb-b78c-d17d1d5c9c62/1771200000.0_mean_300.0_v3" "tx4a1b673b568943458059e-00699c0e67" "proxy-server 20" 0.0201 "-" 22 0
Feb 23 08:23:04 np0005626459 container-server[125537]: 172.20.0.104 - - [23/Feb/2026:08:23:04 +0000] "PUT /d1/618/AUTH_d351b5d019cd497ab1d84160f10b653c/gnocchi.222d0e86-652d-4feb-b78c-d17d1d5c9c62/none_v3" 201 - "PUT http://172.18.0.134:8080/d1/636/AUTH_d351b5d019cd497ab1d84160f10b653c/gnocchi.222d0e86-652d-4feb-b78c-d17d1d5c9c62/none_v3" "tx01c9798e6f9343f5abeab-00699c0e68" "object-server 23" 0.0009 "-" 22 0
Feb 23 08:23:04 np0005626459 object-server[125833]: 172.20.0.105 - - [23/Feb/2026:08:23:04 +0000] "PUT /d1/636/AUTH_d351b5d019cd497ab1d84160f10b653c/gnocchi.222d0e86-652d-4feb-b78c-d17d1d5c9c62/none_v3" 201 - "PUT http://172.18.0.134:8080/v1/AUTH_d351b5d019cd497ab1d84160f10b653c/gnocchi.222d0e86-652d-4feb-b78c-d17d1d5c9c62/none_v3" "tx01c9798e6f9343f5abeab-00699c0e68" "proxy-server 20" 0.0152 "-" 25 0
Feb 23 08:23:10 np0005626459 account-server[124963]: 172.20.0.104 - - [23/Feb/2026:08:23:10 +0000] "PUT /d1/979/AUTH_d351b5d019cd497ab1d84160f10b653c/gnocchi.69d2d350-9221-4230-9161-e63c7a424f29" 201 - "-" "-" "container-updater 2" 0.0012 "-" 20 0
Feb 23 08:23:10 np0005626459 account-server[124979]: 172.20.0.104 - - [23/Feb/2026:08:23:10 +0000] "PUT /d1/979/AUTH_d351b5d019cd497ab1d84160f10b653c/gnocchi.5eed7344-1baa-4108-b5cd-7766867b85df" 201 - "-" "-" "container-updater 2" 0.0009 "-" 23 0
Feb 23 08:23:10 np0005626459 account-server[124979]: 172.20.0.104 - - [23/Feb/2026:08:23:10 +0000] "PUT /d1/979/AUTH_d351b5d019cd497ab1d84160f10b653c/gnocchi.222d0e86-652d-4feb-b78c-d17d1d5c9c62" 201 - "-" "-" "container-updater 2" 0.0009 "-" 23 0
Feb 23 08:23:13 np0005626459 container-server[125509]: 172.20.0.103 - - [23/Feb/2026:08:23:13 +0000] "HEAD /d1/223/AUTH_d351b5d019cd497ab1d84160f10b653c/gnocchi.08d5a395-fac8-4028-b76f-2d40a0ad1549" 404 - "HEAD http://172.18.0.134:8080/v1/AUTH_d351b5d019cd497ab1d84160f10b653c/gnocchi.08d5a395-fac8-4028-b76f-2d40a0ad1549?format=json&states=listing" "tx2eff3885631346139c5b8-00699c0e71" "proxy-server 20" 0.0006 "-" 20 0
Feb 23 08:23:13 np0005626459 account-server[124971]: 172.20.0.104 - - [23/Feb/2026:08:23:13 +0000] "HEAD /d1/185/.expiring_objects" 404 - "HEAD http://localhost/v1/.expiring_objects?format=json" "tx0a450ab70c3b451d9db1e-00699c0e71" "proxy-server 2" 0.0006 "-" 21 -
Feb 23 08:23:13 np0005626459 object-server[125833]: 172.20.0.103 - - [23/Feb/2026:08:23:13 +0000] "GET /d1/629/AUTH_d351b5d019cd497ab1d84160f10b653c/gnocchi.08d5a395-fac8-4028-b76f-2d40a0ad1549/none_v3" 404 70 "GET http://172.18.0.134:8080/v1/AUTH_d351b5d019cd497ab1d84160f10b653c/gnocchi.08d5a395-fac8-4028-b76f-2d40a0ad1549/none_v3" "tx2eff3885631346139c5b8-00699c0e71" "proxy-server 20" 0.0006 "-" 25 0
Feb 23 08:23:13 np0005626459 proxy-server[127031]: 172.18.0.105 172.18.0.104 23/Feb/2026/08/23/13 GET /v1/AUTH_d351b5d019cd497ab1d84160f10b653c/gnocchi.08d5a395-fac8-4028-b76f-2d40a0ad1549/none_v3 HTTP/1.0 404 - python-swiftclient-3.11.1 gAAAAABpnA4o6Gk-... - 70 - tx2eff3885631346139c5b8-00699c0e71 - 0.0505 - - 1771834993.468147039 1771834993.518621683 0
Feb 23 08:23:13 np0005626459 account-server[124973]: 172.20.0.105 - - [23/Feb/2026:08:23:13 +0000] "PUT /d1/979/AUTH_d351b5d019cd497ab1d84160f10b653c/gnocchi.08d5a395-fac8-4028-b76f-2d40a0ad1549" 201 - "PUT http://172.20.0.105:6001/d1/223/AUTH_d351b5d019cd497ab1d84160f10b653c/gnocchi.08d5a395-fac8-4028-b76f-2d40a0ad1549" "tx766134ce5469435aab50d-00699c0e71" "container-server 14" 0.0068 "-" 22 0
Feb 23 08:23:13 np0005626459 container-server[125537]: 172.20.0.104 - - [23/Feb/2026:08:23:13 +0000] "PUT /d1/223/AUTH_d351b5d019cd497ab1d84160f10b653c/gnocchi.08d5a395-fac8-4028-b76f-2d40a0ad1549" 201 - "PUT http://172.18.0.134:8080/v1/AUTH_d351b5d019cd497ab1d84160f10b653c/gnocchi.08d5a395-fac8-4028-b76f-2d40a0ad1549" "tx766134ce5469435aab50d-00699c0e71" "proxy-server 20" 0.0249 "-" 22 0
Feb 23 08:23:13 np0005626459 object-server[125814]: 172.20.0.103 - - [23/Feb/2026:08:23:13 +0000] "GET /d1/775/AUTH_d351b5d019cd497ab1d84160f10b653c/gnocchi.08d5a395-fac8-4028-b76f-2d40a0ad1549/1771200000.0_mean_300.0_v3" 404 70 "GET http://172.18.0.134:8080/v1/AUTH_d351b5d019cd497ab1d84160f10b653c/gnocchi.08d5a395-fac8-4028-b76f-2d40a0ad1549/1771200000.0_mean_300.0_v3" "tx1158eef747f54c18a6262-00699c0e71" "proxy-server 20" 0.0004 "-" 24 0
Feb 23 08:23:13 np0005626459 proxy-server[127031]: 172.18.0.105 172.18.0.104 23/Feb/2026/08/23/13 GET /v1/AUTH_d351b5d019cd497ab1d84160f10b653c/gnocchi.08d5a395-fac8-4028-b76f-2d40a0ad1549/1771200000.0_mean_300.0_v3 HTTP/1.0 404 - python-swiftclient-3.11.1 gAAAAABpnA4o6Gk-... - 70 - tx1158eef747f54c18a6262-00699c0e71 - 0.0155 - - 1771834993.609490395 1771834993.624983788 0
Feb 23 08:23:13 np0005626459 container-server[125555]: 172.20.0.105 - - [23/Feb/2026:08:23:13 +0000] "PUT /d1/223/AUTH_d351b5d019cd497ab1d84160f10b653c/gnocchi.08d5a395-fac8-4028-b76f-2d40a0ad1549/1771200000.0_mean_300.0_v3" 201 - "PUT http://172.18.0.134:8080/d1/775/AUTH_d351b5d019cd497ab1d84160f10b653c/gnocchi.08d5a395-fac8-4028-b76f-2d40a0ad1549/1771200000.0_mean_300.0_v3" "txffea28ef76fd49b987418-00699c0e71" "object-server 24" 0.0009 "-" 23 0
Feb 23 08:23:13 np0005626459 object-server[125833]: 172.20.0.104 - - [23/Feb/2026:08:23:13 +0000] "PUT /d1/775/AUTH_d351b5d019cd497ab1d84160f10b653c/gnocchi.08d5a395-fac8-4028-b76f-2d40a0ad1549/1771200000.0_mean_300.0_v3" 201 - "PUT http://172.18.0.134:8080/v1/AUTH_d351b5d019cd497ab1d84160f10b653c/gnocchi.08d5a395-fac8-4028-b76f-2d40a0ad1549/1771200000.0_mean_300.0_v3" "txffea28ef76fd49b987418-00699c0e71" "proxy-server 20" 0.0342 "-" 25 0
Feb 23 08:23:13 np0005626459 container-server[125509]: 172.20.0.104 - - [23/Feb/2026:08:23:13 +0000] "PUT /d1/223/AUTH_d351b5d019cd497ab1d84160f10b653c/gnocchi.08d5a395-fac8-4028-b76f-2d40a0ad1549/none_v3" 201 - "PUT http://172.18.0.134:8080/d1/629/AUTH_d351b5d019cd497ab1d84160f10b653c/gnocchi.08d5a395-fac8-4028-b76f-2d40a0ad1549/none_v3" "txc2f56ecbdc194808ad35f-00699c0e71" "object-server 22" 0.0009 "-" 20 0
Feb 23 08:23:13 np0005626459 object-server[125833]: 172.20.0.105 - - [23/Feb/2026:08:23:13 +0000] "PUT /d1/629/AUTH_d351b5d019cd497ab1d84160f10b653c/gnocchi.08d5a395-fac8-4028-b76f-2d40a0ad1549/none_v3" 201 - "PUT http://172.18.0.134:8080/v1/AUTH_d351b5d019cd497ab1d84160f10b653c/gnocchi.08d5a395-fac8-4028-b76f-2d40a0ad1549/none_v3" "txc2f56ecbdc194808ad35f-00699c0e71" "proxy-server 20" 0.0148 "-" 25 0
Feb 23 08:23:13 np0005626459 container-server[125537]: 172.20.0.103 - - [23/Feb/2026:08:23:13 +0000] "HEAD /d1/164/AUTH_d351b5d019cd497ab1d84160f10b653c/gnocchi.c089f97e-e091-405f-8302-e66fcd0b069d" 404 - "HEAD http://172.18.0.134:8080/v1/AUTH_d351b5d019cd497ab1d84160f10b653c/gnocchi.c089f97e-e091-405f-8302-e66fcd0b069d?format=json&states=listing" "txb9ce1187e05642cf9e8cc-00699c0e71" "proxy-server 20" 0.0006 "-" 22 0
Feb 23 08:23:13 np0005626459 object-server[125801]: 172.20.0.103 - - [23/Feb/2026:08:23:13 +0000] "GET /d1/928/AUTH_d351b5d019cd497ab1d84160f10b653c/gnocchi.c089f97e-e091-405f-8302-e66fcd0b069d/none_v3" 404 70 "GET http://172.18.0.134:8080/v1/AUTH_d351b5d019cd497ab1d84160f10b653c/gnocchi.c089f97e-e091-405f-8302-e66fcd0b069d/none_v3" "txb9ce1187e05642cf9e8cc-00699c0e71" "proxy-server 20" 0.0004 "-" 22 0
Feb 23 08:23:13 np0005626459 proxy-server[127031]: 172.18.0.105 172.18.0.104 23/Feb/2026/08/23/13 GET /v1/AUTH_d351b5d019cd497ab1d84160f10b653c/gnocchi.c089f97e-e091-405f-8302-e66fcd0b069d/none_v3 HTTP/1.0 404 - python-swiftclient-3.11.1 gAAAAABpnA4o6Gk-... - 70 - txb9ce1187e05642cf9e8cc-00699c0e71 - 0.0376 - - 1771834993.728506804 1771834993.766147375 0
Feb 23 08:23:13 np0005626459 container-server[125515]: 172.20.0.104 - - [23/Feb/2026:08:23:13 +0000] "PUT /d1/164/AUTH_d351b5d019cd497ab1d84160f10b653c/gnocchi.c089f97e-e091-405f-8302-e66fcd0b069d" 201 - "PUT http://172.18.0.134:8080/v1/AUTH_d351b5d019cd497ab1d84160f10b653c/gnocchi.c089f97e-e091-405f-8302-e66fcd0b069d" "txc5d89fc2dd2645ed954aa-00699c0e71" "proxy-server 20" 0.0190 "-" 21 0
Feb 23 08:23:13 np0005626459 account-server[124979]: 172.20.0.104 - - [23/Feb/2026:08:23:13 +0000] "PUT /d1/979/AUTH_d351b5d019cd497ab1d84160f10b653c/gnocchi.c089f97e-e091-405f-8302-e66fcd0b069d" 201 - "PUT http://172.20.0.104:6001/d1/164/AUTH_d351b5d019cd497ab1d84160f10b653c/gnocchi.c089f97e-e091-405f-8302-e66fcd0b069d" "txc5d89fc2dd2645ed954aa-00699c0e71" "container-server 14" 0.0110 "-" 23 0
Feb 23 08:23:13 np0005626459 container-server[125509]: 172.20.0.105 - - [23/Feb/2026:08:23:13 +0000] "HEAD /d1/164/AUTH_d351b5d019cd497ab1d84160f10b653c/gnocchi.c089f97e-e091-405f-8302-e66fcd0b069d" 204 - "HEAD http://172.18.0.134:8080/v1/AUTH_d351b5d019cd497ab1d84160f10b653c/gnocchi.c089f97e-e091-405f-8302-e66fcd0b069d?format=json&states=listing" "txcab7c712b90d4c4ca834c-00699c0e71" "proxy-server 20" 0.0016 "-" 20 0
Feb 23 08:23:13 np0005626459 container-server[125509]: 172.20.0.105 - - [23/Feb/2026:08:23:13 +0000] "GET /d1/164/AUTH_d351b5d019cd497ab1d84160f10b653c/gnocchi.c089f97e-e091-405f-8302-e66fcd0b069d" 200 2 "GET http://172.18.0.134:8080/v1/AUTH_d351b5d019cd497ab1d84160f10b653c/gnocchi.c089f97e-e091-405f-8302-e66fcd0b069d?format=json&states=listing" "txcab7c712b90d4c4ca834c-00699c0e71" "proxy-server 20" 0.0020 "-" 20 0
Feb 23 08:23:13 np0005626459 object-server[125833]: 172.20.0.103 - - [23/Feb/2026:08:23:13 +0000] "GET /d1/280/AUTH_d351b5d019cd497ab1d84160f10b653c/gnocchi.c089f97e-e091-405f-8302-e66fcd0b069d/1771200000.0_mean_300.0_v3" 404 70 "GET http://172.18.0.134:8080/v1/AUTH_d351b5d019cd497ab1d84160f10b653c/gnocchi.c089f97e-e091-405f-8302-e66fcd0b069d/1771200000.0_mean_300.0_v3" "txfbd98d6d52bb442caeb78-00699c0e71" "proxy-server 20" 0.0006 "-" 25 0
Feb 23 08:23:13 np0005626459 proxy-server[127031]: 172.18.0.105 172.18.0.104 23/Feb/2026/08/23/13 GET /v1/AUTH_d351b5d019cd497ab1d84160f10b653c/gnocchi.c089f97e-e091-405f-8302-e66fcd0b069d/1771200000.0_mean_300.0_v3 HTTP/1.0 404 - python-swiftclient-3.11.1 gAAAAABpnA4o6Gk-... - 70 - txfbd98d6d52bb442caeb78-00699c0e71 - 0.0227 - - 1771834993.842556000 1771834993.865218639 0
Feb 23 08:23:13 np0005626459 container-server[125555]: 172.20.0.103 - - [23/Feb/2026:08:23:13 +0000] "PUT /d1/164/AUTH_d351b5d019cd497ab1d84160f10b653c/gnocchi.c089f97e-e091-405f-8302-e66fcd0b069d/1771200000.0_mean_300.0_v3" 201 - "PUT http://172.18.0.134:8080/d1/280/AUTH_d351b5d019cd497ab1d84160f10b653c/gnocchi.c089f97e-e091-405f-8302-e66fcd0b069d/1771200000.0_mean_300.0_v3" "txde669f5f912b4f58883f2-00699c0e71" "object-server 22" 0.0006 "-" 23 0
Feb 23 08:23:13 np0005626459 object-server[125801]: 172.20.0.105 - - [23/Feb/2026:08:23:13 +0000] "PUT /d1/280/AUTH_d351b5d019cd497ab1d84160f10b653c/gnocchi.c089f97e-e091-405f-8302-e66fcd0b069d/1771200000.0_mean_300.0_v3" 201 - "PUT http://172.18.0.134:8080/v1/AUTH_d351b5d019cd497ab1d84160f10b653c/gnocchi.c089f97e-e091-405f-8302-e66fcd0b069d/1771200000.0_mean_300.0_v3" "txde669f5f912b4f58883f2-00699c0e71" "proxy-server 20" 0.0491 "-" 22 0
Feb 23 08:23:13 np0005626459 container-server[125515]: 172.20.0.105 - - [23/Feb/2026:08:23:13 +0000] "PUT /d1/164/AUTH_d351b5d019cd497ab1d84160f10b653c/gnocchi.c089f97e-e091-405f-8302-e66fcd0b069d/none_v3" 201 - "PUT http://172.18.0.134:8080/d1/928/AUTH_d351b5d019cd497ab1d84160f10b653c/gnocchi.c089f97e-e091-405f-8302-e66fcd0b069d/none_v3" "txfad129133f644715a2532-00699c0e71" "object-server 24" 0.0007 "-" 21 0
Feb 23 08:23:13 np0005626459 object-server[125801]: 172.20.0.103 - - [23/Feb/2026:08:23:13 +0000] "PUT /d1/928/AUTH_d351b5d019cd497ab1d84160f10b653c/gnocchi.c089f97e-e091-405f-8302-e66fcd0b069d/none_v3" 201 - "PUT http://172.18.0.134:8080/v1/AUTH_d351b5d019cd497ab1d84160f10b653c/gnocchi.c089f97e-e091-405f-8302-e66fcd0b069d/none_v3" "txfad129133f644715a2532-00699c0e71" "proxy-server 20" 0.0238 "-" 22 0
Feb 23 08:23:13 np0005626459 proxy-server[127031]: 172.18.0.105 172.18.0.104 23/Feb/2026/08/23/13 PUT /v1/AUTH_d351b5d019cd497ab1d84160f10b653c/gnocchi.c089f97e-e091-405f-8302-e66fcd0b069d/none_v3 HTTP/1.0 201 - python-swiftclient-3.11.1 gAAAAABpnA4o6Gk-... 22 - - txfad129133f644715a2532-00699c0e71 - 0.0366 - - 1771834993.938720942 1771834993.975303173 0
Feb 23 08:23:14 np0005626459 container-server[125537]: 172.20.0.103 - - [23/Feb/2026:08:23:14 +0000] "HEAD /d1/945/AUTH_d351b5d019cd497ab1d84160f10b653c/gnocchi.dfea0713-920c-4e14-bed3-3f08daee5fc5" 404 - "HEAD http://172.18.0.134:8080/v1/AUTH_d351b5d019cd497ab1d84160f10b653c/gnocchi.dfea0713-920c-4e14-bed3-3f08daee5fc5?format=json&states=listing" "tx07667939f5734e3c80685-00699c0e71" "proxy-server 20" 0.0020 "-" 22 0
Feb 23 08:23:14 np0005626459 object-server[125801]: 172.20.0.103 - - [23/Feb/2026:08:23:14 +0000] "GET /d1/488/AUTH_d351b5d019cd497ab1d84160f10b653c/gnocchi.dfea0713-920c-4e14-bed3-3f08daee5fc5/none_v3" 404 70 "GET http://172.18.0.134:8080/v1/AUTH_d351b5d019cd497ab1d84160f10b653c/gnocchi.dfea0713-920c-4e14-bed3-3f08daee5fc5/none_v3" "tx07667939f5734e3c80685-00699c0e71" "proxy-server 20" 0.0007 "-" 22 0
Feb 23 08:23:14 np0005626459 proxy-server[127031]: 172.18.0.105 172.18.0.104 23/Feb/2026/08/23/14 GET /v1/AUTH_d351b5d019cd497ab1d84160f10b653c/gnocchi.dfea0713-920c-4e14-bed3-3f08daee5fc5/none_v3 HTTP/1.0 404 - python-swiftclient-3.11.1 gAAAAABpnA4o6Gk-... - 70 - tx07667939f5734e3c80685-00699c0e71 - 0.0409 - - 1771834993.992188454 1771834994.033092499 0
Feb 23 08:23:14 np0005626459 account-server[124979]: 172.20.0.104 - - [23/Feb/2026:08:23:14 +0000] "PUT /d1/979/AUTH_d351b5d019cd497ab1d84160f10b653c/gnocchi.dfea0713-920c-4e14-bed3-3f08daee5fc5" 201 - "PUT http://172.20.0.104:6001/d1/945/AUTH_d351b5d019cd497ab1d84160f10b653c/gnocchi.dfea0713-920c-4e14-bed3-3f08daee5fc5" "tx13abf3448218404b9fb90-00699c0e72" "container-server 14" 0.0042 "-" 23 0
Feb 23 08:23:14 np0005626459 container-server[125515]: 172.20.0.103 - - [23/Feb/2026:08:23:14 +0000] "PUT /d1/945/AUTH_d351b5d019cd497ab1d84160f10b653c/gnocchi.dfea0713-920c-4e14-bed3-3f08daee5fc5" 201 - "PUT http://172.18.0.134:8080/v1/AUTH_d351b5d019cd497ab1d84160f10b653c/gnocchi.dfea0713-920c-4e14-bed3-3f08daee5fc5" "tx13abf3448218404b9fb90-00699c0e72" "proxy-server 20" 0.0182 "-" 21 0
Feb 23 08:23:14 np0005626459 proxy-server[127031]: 172.18.0.105 172.18.0.104 23/Feb/2026/08/23/14 PUT /v1/AUTH_d351b5d019cd497ab1d84160f10b653c/gnocchi.dfea0713-920c-4e14-bed3-3f08daee5fc5 HTTP/1.0 201 - python-swiftclient-3.11.1 gAAAAABpnA4o6Gk-... - - - tx13abf3448218404b9fb90-00699c0e72 - 0.0328 - - 1771834994.037636042 1771834994.070438623 0
Feb 23 08:23:14 np0005626459 proxy-server[127031]: - - 23/Feb/2026/08/23/14 HEAD /v1/AUTH_d351b5d019cd497ab1d84160f10b653c/gnocchi.dfea0713-920c-4e14-bed3-3f08daee5fc5%3Fformat%3Djson%26states%3Dlisting HTTP/1.0 204 - Swift - - - - tx975ba0f1c67b442eabb24-00699c0e72 - 0.0111 RL - 1771834994.077348948 1771834994.088446140 0
Feb 23 08:23:14 np0005626459 container-server[125555]: 172.20.0.103 - - [23/Feb/2026:08:23:14 +0000] "GET /d1/945/AUTH_d351b5d019cd497ab1d84160f10b653c/gnocchi.dfea0713-920c-4e14-bed3-3f08daee5fc5" 200 2 "GET http://172.18.0.134:8080/v1/AUTH_d351b5d019cd497ab1d84160f10b653c/gnocchi.dfea0713-920c-4e14-bed3-3f08daee5fc5?format=json&states=listing" "tx975ba0f1c67b442eabb24-00699c0e72" "proxy-server 20" 0.0020 "-" 23 0
Feb 23 08:23:14 np0005626459 proxy-server[127031]: 172.18.0.105 172.18.0.104 23/Feb/2026/08/23/14 GET /v1/AUTH_d351b5d019cd497ab1d84160f10b653c/gnocchi.dfea0713-920c-4e14-bed3-3f08daee5fc5%3Fformat%3Djson%26states%3Dlisting HTTP/1.0 200 - python-swiftclient-3.11.1 gAAAAABpnA4o6Gk-... - 2 - tx975ba0f1c67b442eabb24-00699c0e72 - 0.0231 - - 1771834994.075341225 1771834994.098491192 0
Feb 23 08:23:14 np0005626459 object-server[125811]: 172.20.0.103 - - [23/Feb/2026:08:23:14 +0000] "GET /d1/779/AUTH_d351b5d019cd497ab1d84160f10b653c/gnocchi.dfea0713-920c-4e14-bed3-3f08daee5fc5/1771200000.0_mean_300.0_v3" 404 70 "GET http://172.18.0.134:8080/v1/AUTH_d351b5d019cd497ab1d84160f10b653c/gnocchi.dfea0713-920c-4e14-bed3-3f08daee5fc5/1771200000.0_mean_300.0_v3" "txb993d331bc3d4b94806ef-00699c0e72" "proxy-server 20" 0.0005 "-" 23 0
Feb 23 08:23:14 np0005626459 proxy-server[127031]: 172.18.0.105 172.18.0.104 23/Feb/2026/08/23/14 GET /v1/AUTH_d351b5d019cd497ab1d84160f10b653c/gnocchi.dfea0713-920c-4e14-bed3-3f08daee5fc5/1771200000.0_mean_300.0_v3 HTTP/1.0 404 - python-swiftclient-3.11.1 gAAAAABpnA4o6Gk-... - 70 - txb993d331bc3d4b94806ef-00699c0e72 - 0.0190 - - 1771834994.111886501 1771834994.130872726 0
Feb 23 08:23:14 np0005626459 container-server[125515]: 172.20.0.103 - - [23/Feb/2026:08:23:14 +0000] "PUT /d1/945/AUTH_d351b5d019cd497ab1d84160f10b653c/gnocchi.dfea0713-920c-4e14-bed3-3f08daee5fc5/1771200000.0_mean_300.0_v3" 201 - "PUT http://172.18.0.134:8080/d1/779/AUTH_d351b5d019cd497ab1d84160f10b653c/gnocchi.dfea0713-920c-4e14-bed3-3f08daee5fc5/1771200000.0_mean_300.0_v3" "tx9216bc9018e44a19959ba-00699c0e72" "object-server 24" 0.0007 "-" 21 0
Feb 23 08:23:14 np0005626459 object-server[125814]: 172.20.0.103 - - [23/Feb/2026:08:23:14 +0000] "PUT /d1/779/AUTH_d351b5d019cd497ab1d84160f10b653c/gnocchi.dfea0713-920c-4e14-bed3-3f08daee5fc5/1771200000.0_mean_300.0_v3" 201 - "PUT http://172.18.0.134:8080/v1/AUTH_d351b5d019cd497ab1d84160f10b653c/gnocchi.dfea0713-920c-4e14-bed3-3f08daee5fc5/1771200000.0_mean_300.0_v3" "tx9216bc9018e44a19959ba-00699c0e72" "proxy-server 20" 0.0247 "-" 24 0
Feb 23 08:23:14 np0005626459 proxy-server[127031]: 172.18.0.105 172.18.0.104 23/Feb/2026/08/23/14 PUT /v1/AUTH_d351b5d019cd497ab1d84160f10b653c/gnocchi.dfea0713-920c-4e14-bed3-3f08daee5fc5/1771200000.0_mean_300.0_v3 HTTP/1.0 201 - python-swiftclient-3.11.1 gAAAAABpnA4o6Gk-... 16 - - tx9216bc9018e44a19959ba-00699c0e72 - 0.0331 - - 1771834994.135141373 1771834994.168228865 0
Feb 23 08:23:14 np0005626459 container-server[125555]: 172.20.0.105 - - [23/Feb/2026:08:23:14 +0000] "PUT /d1/945/AUTH_d351b5d019cd497ab1d84160f10b653c/gnocchi.dfea0713-920c-4e14-bed3-3f08daee5fc5/none_v3" 201 - "PUT http://172.18.0.134:8080/d1/488/AUTH_d351b5d019cd497ab1d84160f10b653c/gnocchi.dfea0713-920c-4e14-bed3-3f08daee5fc5/none_v3" "txc0a4cdf5a53645aeb064c-00699c0e72" "object-server 22" 0.0006 "-" 23 0
Feb 23 08:23:14 np0005626459 object-server[125833]: 172.20.0.103 - - [23/Feb/2026:08:23:14 +0000] "PUT /d1/488/AUTH_d351b5d019cd497ab1d84160f10b653c/gnocchi.dfea0713-920c-4e14-bed3-3f08daee5fc5/none_v3" 201 - "PUT http://172.18.0.134:8080/v1/AUTH_d351b5d019cd497ab1d84160f10b653c/gnocchi.dfea0713-920c-4e14-bed3-3f08daee5fc5/none_v3" "txc0a4cdf5a53645aeb064c-00699c0e72" "proxy-server 20" 0.0126 "-" 25 0
Feb 23 08:23:14 np0005626459 proxy-server[127031]: 172.18.0.105 172.18.0.104 23/Feb/2026/08/23/14 PUT /v1/AUTH_d351b5d019cd497ab1d84160f10b653c/gnocchi.dfea0713-920c-4e14-bed3-3f08daee5fc5/none_v3 HTTP/1.0 201 - python-swiftclient-3.11.1 gAAAAABpnA4o6Gk-... 22 - - txc0a4cdf5a53645aeb064c-00699c0e72 - 0.0305 - - 1771834994.172762394 1771834994.203309059 0
