Feb 23 08:29:46 np0005626459 object-server[125833]: 172.20.0.104 - - [23/Feb/2026:08:29:46 +0000] "GET /d1/523/AUTH_d351b5d019cd497ab1d84160f10b653c/gnocchi.2006331c-4bf4-4bc2-bafa-b6d01219e73a/1771200000.0_mean_300.0_v3" 200 16 "GET http://172.18.0.134:8080/v1/AUTH_d351b5d019cd497ab1d84160f10b653c/gnocchi.2006331c-4bf4-4bc2-bafa-b6d01219e73a/1771200000.0_mean_300.0_v3" "txb4fc89d6fd5b47a0a2fca-00699c0ffa" "proxy-server 20" 0.0007 "-" 25 0
Feb 23 08:29:46 np0005626459 container-server[125537]: 172.20.0.104 - - [23/Feb/2026:08:29:46 +0000] "PUT /d1/557/AUTH_d351b5d019cd497ab1d84160f10b653c/gnocchi.1d0d75ac-6399-40be-82c8-e645a7bf9a38/1771200000.0_mean_300.0_v3" 201 - "PUT http://172.18.0.134:8080/d1/817/AUTH_d351b5d019cd497ab1d84160f10b653c/gnocchi.1d0d75ac-6399-40be-82c8-e645a7bf9a38/1771200000.0_mean_300.0_v3" "tx5e87e8dde89a4f7ca1ea7-00699c0ffa" "object-server 25" 0.0012 "-" 22 0
Feb 23 08:29:46 np0005626459 container-server[125515]: 172.20.0.103 - - [23/Feb/2026:08:29:46 +0000] "PUT /d1/557/AUTH_d351b5d019cd497ab1d84160f10b653c/gnocchi.1d0d75ac-6399-40be-82c8-e645a7bf9a38/1771200000.0_rate%3Amean_300.0_v3" 201 - "PUT http://172.18.0.134:8080/d1/19/AUTH_d351b5d019cd497ab1d84160f10b653c/gnocchi.1d0d75ac-6399-40be-82c8-e645a7bf9a38/1771200000.0_rate%3Amean_300.0_v3" "tx1f32e7eeea5f4b1490087-00699c0ffa" "object-server 25" 0.0006 "-" 21 0
Feb 23 08:29:46 np0005626459 object-server[125833]: 172.20.0.105 - - [23/Feb/2026:08:29:46 +0000] "PUT /d1/19/AUTH_d351b5d019cd497ab1d84160f10b653c/gnocchi.1d0d75ac-6399-40be-82c8-e645a7bf9a38/1771200000.0_rate%3Amean_300.0_v3" 201 - "PUT http://172.18.0.134:8080/v1/AUTH_d351b5d019cd497ab1d84160f10b653c/gnocchi.1d0d75ac-6399-40be-82c8-e645a7bf9a38/1771200000.0_rate%3Amean_300.0_v3" "tx1f32e7eeea5f4b1490087-00699c0ffa" "proxy-server 20" 0.0112 "-" 25 0
Feb 23 08:29:46 np0005626459 object-server[125801]: 172.20.0.104 - - [23/Feb/2026:08:29:46 +0000] "PUT /d1/377/AUTH_d351b5d019cd497ab1d84160f10b653c/gnocchi.2006331c-4bf4-4bc2-bafa-b6d01219e73a/1771200000.0_rate%3Amean_300.0_v3" 201 - "PUT http://172.18.0.134:8080/v1/AUTH_d351b5d019cd497ab1d84160f10b653c/gnocchi.2006331c-4bf4-4bc2-bafa-b6d01219e73a/1771200000.0_rate%3Amean_300.0_v3" "txbec88e73f38446d98cc0b-00699c0ffa" "proxy-server 20" 0.0145 "-" 22 0
Feb 23 08:29:46 np0005626459 container-server[125515]: 172.20.0.104 - - [23/Feb/2026:08:29:46 +0000] "PUT /d1/752/AUTH_d351b5d019cd497ab1d84160f10b653c/gnocchi.2006331c-4bf4-4bc2-bafa-b6d01219e73a/1771200000.0_rate%3Amean_300.0_v3" 201 - "PUT http://172.18.0.134:8080/d1/377/AUTH_d351b5d019cd497ab1d84160f10b653c/gnocchi.2006331c-4bf4-4bc2-bafa-b6d01219e73a/1771200000.0_rate%3Amean_300.0_v3" "txbec88e73f38446d98cc0b-00699c0ffa" "object-server 25" 0.0003 "-" 21 0
Feb 23 08:29:46 np0005626459 proxy-server[127031]: 172.18.0.103 172.18.0.104 23/Feb/2026/08/29/46 GET /v1/AUTH_d351b5d019cd497ab1d84160f10b653c/gnocchi.775bdd17-dd47-4d35-b74f-be986e860bd1%3Fformat%3Djson%26states%3Dlisting HTTP/1.0 200 - python-swiftclient-3.11.1 gAAAAABpnA5xV5GH... - 357 - tx6a7f3c5bf7624730a3553-00699c0ff7 - 2.9630 - - 1771835383.220265150 1771835386.183241367 0
Feb 23 08:29:46 np0005626459 object-server[125833]: 172.20.0.104 - - [23/Feb/2026:08:29:46 +0000] "PUT /d1/523/AUTH_d351b5d019cd497ab1d84160f10b653c/gnocchi.2006331c-4bf4-4bc2-bafa-b6d01219e73a/1771200000.0_mean_300.0_v3" 201 - "PUT http://172.18.0.134:8080/v1/AUTH_d351b5d019cd497ab1d84160f10b653c/gnocchi.2006331c-4bf4-4bc2-bafa-b6d01219e73a/1771200000.0_mean_300.0_v3" "txb03224121fa34ee083c8a-00699c0ffa" "proxy-server 20" 0.0120 "-" 25 0
Feb 23 08:29:46 np0005626459 container-server[125509]: 172.20.0.103 - - [23/Feb/2026:08:29:46 +0000] "PUT /d1/557/AUTH_d351b5d019cd497ab1d84160f10b653c/gnocchi.1d0d75ac-6399-40be-82c8-e645a7bf9a38/none_v3" 201 - "PUT http://172.18.0.134:8080/d1/1022/AUTH_d351b5d019cd497ab1d84160f10b653c/gnocchi.1d0d75ac-6399-40be-82c8-e645a7bf9a38/none_v3" "tx46a1dc2429204777bb85e-00699c0ffa" "object-server 23" 0.0006 "-" 20 0
Feb 23 08:29:46 np0005626459 object-server[125811]: 172.20.0.105 - - [23/Feb/2026:08:29:46 +0000] "PUT /d1/1022/AUTH_d351b5d019cd497ab1d84160f10b653c/gnocchi.1d0d75ac-6399-40be-82c8-e645a7bf9a38/none_v3" 201 - "PUT http://172.18.0.134:8080/v1/AUTH_d351b5d019cd497ab1d84160f10b653c/gnocchi.1d0d75ac-6399-40be-82c8-e645a7bf9a38/none_v3" "tx46a1dc2429204777bb85e-00699c0ffa" "proxy-server 20" 0.0153 "-" 23 0
Feb 23 08:29:46 np0005626459 container-server[125515]: 172.20.0.104 - - [23/Feb/2026:08:29:46 +0000] "PUT /d1/752/AUTH_d351b5d019cd497ab1d84160f10b653c/gnocchi.2006331c-4bf4-4bc2-bafa-b6d01219e73a/1771200000.0_mean_300.0_v3" 201 - "PUT http://172.18.0.134:8080/d1/523/AUTH_d351b5d019cd497ab1d84160f10b653c/gnocchi.2006331c-4bf4-4bc2-bafa-b6d01219e73a/1771200000.0_mean_300.0_v3" "txb03224121fa34ee083c8a-00699c0ffa" "object-server 24" 0.0005 "-" 21 0
Feb 23 08:29:46 np0005626459 container-server[125537]: 172.20.0.103 - - [23/Feb/2026:08:29:46 +0000] "GET /d1/200/AUTH_d351b5d019cd497ab1d84160f10b653c/gnocchi.775bdd17-dd47-4d35-b74f-be986e860bd1" 200 2 "GET http://172.18.0.134:8080/v1/AUTH_d351b5d019cd497ab1d84160f10b653c/gnocchi.775bdd17-dd47-4d35-b74f-be986e860bd1?format=json&marker=none_v3&states=listing" "tx9e43267e1e3e4d28b7d5d-00699c0ffa" "proxy-server 20" 0.0046 "-" 22 0
Feb 23 08:29:46 np0005626459 proxy-server[127031]: 172.18.0.103 172.18.0.104 23/Feb/2026/08/29/46 GET /v1/AUTH_d351b5d019cd497ab1d84160f10b653c/gnocchi.775bdd17-dd47-4d35-b74f-be986e860bd1%3Fformat%3Djson%26marker%3Dnone_v3%26states%3Dlisting HTTP/1.0 200 - python-swiftclient-3.11.1 gAAAAABpnA5xV5GH... - 2 - tx9e43267e1e3e4d28b7d5d-00699c0ffa - 0.0197 - - 1771835386.187139273 1771835386.206877470 0
Feb 23 08:29:46 np0005626459 container-server[125537]: 172.20.0.103 - - [23/Feb/2026:08:29:46 +0000] "PUT /d1/752/AUTH_d351b5d019cd497ab1d84160f10b653c/gnocchi.2006331c-4bf4-4bc2-bafa-b6d01219e73a/none_v3" 201 - "PUT http://172.18.0.134:8080/d1/184/AUTH_d351b5d019cd497ab1d84160f10b653c/gnocchi.2006331c-4bf4-4bc2-bafa-b6d01219e73a/none_v3" "txd19c0eb55c5a4351951de-00699c0ffa" "object-server 25" 0.0016 "-" 22 0
Feb 23 08:29:46 np0005626459 object-server[125833]: 172.20.0.105 - - [23/Feb/2026:08:29:46 +0000] "PUT /d1/184/AUTH_d351b5d019cd497ab1d84160f10b653c/gnocchi.2006331c-4bf4-4bc2-bafa-b6d01219e73a/none_v3" 201 - "PUT http://172.18.0.134:8080/v1/AUTH_d351b5d019cd497ab1d84160f10b653c/gnocchi.2006331c-4bf4-4bc2-bafa-b6d01219e73a/none_v3" "txd19c0eb55c5a4351951de-00699c0ffa" "proxy-server 20" 0.0109 "-" 25 0
Feb 23 08:29:46 np0005626459 object-server[125801]: 172.20.0.104 - - [23/Feb/2026:08:29:46 +0000] "GET /d1/832/AUTH_d351b5d019cd497ab1d84160f10b653c/gnocchi.775bdd17-dd47-4d35-b74f-be986e860bd1/1771200000.0_rate%3Amean_300.0_v3" 404 70 "GET http://172.18.0.134:8080/v1/AUTH_d351b5d019cd497ab1d84160f10b653c/gnocchi.775bdd17-dd47-4d35-b74f-be986e860bd1/1771200000.0_rate%3Amean_300.0_v3" "tx3ef344952bd64d6dbcc5c-00699c0ffa" "proxy-server 20" 0.0004 "-" 22 0
Feb 23 08:29:46 np0005626459 proxy-server[127031]: 172.18.0.103 172.18.0.104 23/Feb/2026/08/29/46 GET /v1/AUTH_d351b5d019cd497ab1d84160f10b653c/gnocchi.775bdd17-dd47-4d35-b74f-be986e860bd1/1771200000.0_mean_300.0_v3 HTTP/1.0 200 - python-swiftclient-3.11.1 gAAAAABpnA5xV5GH... - 16 - tx7bf186d0e51d40ed9d9e0-00699c0ffa - 0.0122 - - 1771835386.238440514 1771835386.250603437 0
Feb 23 08:29:46 np0005626459 proxy-server[127031]: 172.18.0.105 172.18.0.104 23/Feb/2026/08/29/46 GET /v1/AUTH_d351b5d019cd497ab1d84160f10b653c/gnocchi.a9a3f913-6e88-4980-a5d3-395f971e818d%3Fformat%3Djson%26states%3Dlisting HTTP/1.0 200 - python-swiftclient-3.11.1 gAAAAABpnA4o6Gk-... - 357 - tx616a091d770140708e8b9-00699c0ffa - 0.0138 - - 1771835386.275167704 1771835386.288940430 0
Feb 23 08:29:46 np0005626459 container-server[125555]: 172.20.0.103 - - [23/Feb/2026:08:29:46 +0000] "PUT /d1/200/AUTH_d351b5d019cd497ab1d84160f10b653c/gnocchi.775bdd17-dd47-4d35-b74f-be986e860bd1/1771200000.0_rate%3Amean_300.0_v3" 201 - "PUT http://172.18.0.134:8080/d1/832/AUTH_d351b5d019cd497ab1d84160f10b653c/gnocchi.775bdd17-dd47-4d35-b74f-be986e860bd1/1771200000.0_rate%3Amean_300.0_v3" "tx27dca6bfdbb741acbb666-00699c0ffa" "object-server 24" 0.0010 "-" 23 0
Feb 23 08:29:46 np0005626459 object-server[125814]: 172.20.0.104 - - [23/Feb/2026:08:29:46 +0000] "PUT /d1/832/AUTH_d351b5d019cd497ab1d84160f10b653c/gnocchi.775bdd17-dd47-4d35-b74f-be986e860bd1/1771200000.0_rate%3Amean_300.0_v3" 201 - "PUT http://172.18.0.134:8080/v1/AUTH_d351b5d019cd497ab1d84160f10b653c/gnocchi.775bdd17-dd47-4d35-b74f-be986e860bd1/1771200000.0_rate%3Amean_300.0_v3" "tx27dca6bfdbb741acbb666-00699c0ffa" "proxy-server 20" 0.0262 "-" 24 0
Feb 23 08:29:46 np0005626459 container-server[125537]: 172.20.0.103 - - [23/Feb/2026:08:29:46 +0000] "PUT /d1/200/AUTH_d351b5d019cd497ab1d84160f10b653c/gnocchi.775bdd17-dd47-4d35-b74f-be986e860bd1/1771200000.0_mean_300.0_v3" 201 - "PUT http://172.18.0.134:8080/d1/613/AUTH_d351b5d019cd497ab1d84160f10b653c/gnocchi.775bdd17-dd47-4d35-b74f-be986e860bd1/1771200000.0_mean_300.0_v3" "txb21b1a2d138a444fa237c-00699c0ffa" "object-server 24" 0.0010 "-" 22 0
Feb 23 08:29:46 np0005626459 object-server[125814]: 172.20.0.103 - - [23/Feb/2026:08:29:46 +0000] "PUT /d1/613/AUTH_d351b5d019cd497ab1d84160f10b653c/gnocchi.775bdd17-dd47-4d35-b74f-be986e860bd1/1771200000.0_mean_300.0_v3" 201 - "PUT http://172.18.0.134:8080/v1/AUTH_d351b5d019cd497ab1d84160f10b653c/gnocchi.775bdd17-dd47-4d35-b74f-be986e860bd1/1771200000.0_mean_300.0_v3" "txb21b1a2d138a444fa237c-00699c0ffa" "proxy-server 20" 0.0120 "-" 24 0
Feb 23 08:29:46 np0005626459 proxy-server[127031]: 172.18.0.103 172.18.0.104 23/Feb/2026/08/29/46 PUT /v1/AUTH_d351b5d019cd497ab1d84160f10b653c/gnocchi.775bdd17-dd47-4d35-b74f-be986e860bd1/1771200000.0_mean_300.0_v3 HTTP/1.0 201 - python-swiftclient-3.11.1 gAAAAABpnA5xV5GH... 24 - - txb21b1a2d138a444fa237c-00699c0ffa - 0.0240 - - 1771835386.298073053 1771835386.322046995 0
Feb 23 08:29:46 np0005626459 container-server[125509]: 172.20.0.103 - - [23/Feb/2026:08:29:46 +0000] "HEAD /d1/931/AUTH_d351b5d019cd497ab1d84160f10b653c/gnocchi.815f70e1-ec9a-4abf-8604-b6ebe6f65d13" 204 - "HEAD http://172.18.0.134:8080/v1/AUTH_d351b5d019cd497ab1d84160f10b653c/gnocchi.815f70e1-ec9a-4abf-8604-b6ebe6f65d13?format=json&states=listing" "tx0dc1997e6a0440e4bc4d1-00699c0ffa" "proxy-server 20" 0.0019 "-" 20 0
Feb 23 08:29:46 np0005626459 container-server[125515]: 172.20.0.105 - - [23/Feb/2026:08:29:46 +0000] "PUT /d1/200/AUTH_d351b5d019cd497ab1d84160f10b653c/gnocchi.775bdd17-dd47-4d35-b74f-be986e860bd1/none_v3" 201 - "PUT http://172.18.0.134:8080/d1/556/AUTH_d351b5d019cd497ab1d84160f10b653c/gnocchi.775bdd17-dd47-4d35-b74f-be986e860bd1/none_v3" "tx7840c29bf8064981aa471-00699c0ffa" "object-server 22" 0.0006 "-" 21 0
Feb 23 08:29:46 np0005626459 proxy-server[127031]: 172.18.0.134 172.18.0.104 23/Feb/2026/08/29/46 GET /v1/AUTH_d351b5d019cd497ab1d84160f10b653c/gnocchi.815f70e1-ec9a-4abf-8604-b6ebe6f65d13/none_v3 HTTP/1.0 200 - python-swiftclient-3.11.1 gAAAAABpnA5xJZZ6... - 22 - tx0dc1997e6a0440e4bc4d1-00699c0ffa - 0.0150 - - 1771835386.339092731 1771835386.354142189 0
Feb 23 08:29:46 np0005626459 object-server[125811]: 172.20.0.104 - - [23/Feb/2026:08:29:46 +0000] "GET /d1/688/AUTH_d351b5d019cd497ab1d84160f10b653c/gnocchi.a9a3f913-6e88-4980-a5d3-395f971e818d/1771200000.0_rate%3Amean_300.0_v3" 404 70 "GET http://172.18.0.134:8080/v1/AUTH_d351b5d019cd497ab1d84160f10b653c/gnocchi.a9a3f913-6e88-4980-a5d3-395f971e818d/1771200000.0_rate%3Amean_300.0_v3" "tx653c0d89dd2e4173b4ae2-00699c0ffa" "proxy-server 20" 0.0005 "-" 23 0
Feb 23 08:29:46 np0005626459 object-server[125814]: 172.20.0.105 - - [23/Feb/2026:08:29:46 +0000] "PUT /d1/556/AUTH_d351b5d019cd497ab1d84160f10b653c/gnocchi.775bdd17-dd47-4d35-b74f-be986e860bd1/none_v3" 201 - "PUT http://172.18.0.134:8080/v1/AUTH_d351b5d019cd497ab1d84160f10b653c/gnocchi.775bdd17-dd47-4d35-b74f-be986e860bd1/none_v3" "tx7840c29bf8064981aa471-00699c0ffa" "proxy-server 20" 0.0189 "-" 24 0
Feb 23 08:29:46 np0005626459 proxy-server[127031]: 172.18.0.134 172.18.0.104 23/Feb/2026/08/29/46 GET /v1/AUTH_d351b5d019cd497ab1d84160f10b653c/gnocchi.815f70e1-ec9a-4abf-8604-b6ebe6f65d13%3Fformat%3Djson%26states%3Dlisting HTTP/1.0 200 - python-swiftclient-3.11.1 gAAAAABpnA5xJZZ6... - 357 - tx4f45d85b6714497690956-00699c0ffa - 0.0113 - - 1771835386.360554695 1771835386.371808052 0
Feb 23 08:29:46 np0005626459 container-server[125537]: 172.20.0.105 - - [23/Feb/2026:08:29:46 +0000] "PUT /d1/685/AUTH_d351b5d019cd497ab1d84160f10b653c/gnocchi.a9a3f913-6e88-4980-a5d3-395f971e818d/1771200000.0_mean_300.0_v3" 201 - "PUT http://172.18.0.134:8080/d1/3/AUTH_d351b5d019cd497ab1d84160f10b653c/gnocchi.a9a3f913-6e88-4980-a5d3-395f971e818d/1771200000.0_mean_300.0_v3" "tx15f3edf500ae46eaa7270-00699c0ffa" "object-server 24" 0.0012 "-" 22 0
Feb 23 08:29:46 np0005626459 object-server[125814]: 172.20.0.105 - - [23/Feb/2026:08:29:46 +0000] "PUT /d1/3/AUTH_d351b5d019cd497ab1d84160f10b653c/gnocchi.a9a3f913-6e88-4980-a5d3-395f971e818d/1771200000.0_mean_300.0_v3" 201 - "PUT http://172.18.0.134:8080/v1/AUTH_d351b5d019cd497ab1d84160f10b653c/gnocchi.a9a3f913-6e88-4980-a5d3-395f971e818d/1771200000.0_mean_300.0_v3" "tx15f3edf500ae46eaa7270-00699c0ffa" "proxy-server 20" 0.0139 "-" 24 0
Feb 23 08:29:46 np0005626459 object-server[125811]: 172.20.0.103 - - [23/Feb/2026:08:29:46 +0000] "GET /d1/912/AUTH_d351b5d019cd497ab1d84160f10b653c/gnocchi.815f70e1-ec9a-4abf-8604-b6ebe6f65d13/1771200000.0_rate%3Amean_300.0_v3" 404 70 "GET http://172.18.0.134:8080/v1/AUTH_d351b5d019cd497ab1d84160f10b653c/gnocchi.815f70e1-ec9a-4abf-8604-b6ebe6f65d13/1771200000.0_rate%3Amean_300.0_v3" "tx1d80bc39370d4d2fb60ca-00699c0ffa" "proxy-server 20" 0.0006 "-" 23 0
Feb 23 08:29:46 np0005626459 proxy-server[127031]: 172.18.0.134 172.18.0.104 23/Feb/2026/08/29/46 GET /v1/AUTH_d351b5d019cd497ab1d84160f10b653c/gnocchi.815f70e1-ec9a-4abf-8604-b6ebe6f65d13/1771200000.0_rate%253Amean_300.0_v3 HTTP/1.0 404 - python-swiftclient-3.11.1 gAAAAABpnA5xJZZ6... - 70 - tx1d80bc39370d4d2fb60ca-00699c0ffa - 0.0177 - - 1771835386.400418997 1771835386.418077469 0
Feb 23 08:29:46 np0005626459 container-server[125509]: 172.20.0.105 - - [23/Feb/2026:08:29:46 +0000] "PUT /d1/685/AUTH_d351b5d019cd497ab1d84160f10b653c/gnocchi.a9a3f913-6e88-4980-a5d3-395f971e818d/1771200000.0_rate%3Amean_300.0_v3" 201 - "PUT http://172.18.0.134:8080/d1/688/AUTH_d351b5d019cd497ab1d84160f10b653c/gnocchi.a9a3f913-6e88-4980-a5d3-395f971e818d/1771200000.0_rate%3Amean_300.0_v3" "tx204e7c28562e475f9412b-00699c0ffa" "object-server 25" 0.0007 "-" 20 0
Feb 23 08:29:46 np0005626459 object-server[125814]: 172.20.0.104 - - [23/Feb/2026:08:29:46 +0000] "PUT /d1/688/AUTH_d351b5d019cd497ab1d84160f10b653c/gnocchi.a9a3f913-6e88-4980-a5d3-395f971e818d/1771200000.0_rate%3Amean_300.0_v3" 201 - "PUT http://172.18.0.134:8080/v1/AUTH_d351b5d019cd497ab1d84160f10b653c/gnocchi.a9a3f913-6e88-4980-a5d3-395f971e818d/1771200000.0_rate%3Amean_300.0_v3" "tx204e7c28562e475f9412b-00699c0ffa" "proxy-server 20" 0.0212 "-" 24 0
Feb 23 08:29:46 np0005626459 object-server[125801]: 172.20.0.105 - - [23/Feb/2026:08:29:46 +0000] "GET /d1/385/AUTH_d351b5d019cd497ab1d84160f10b653c/gnocchi.ff3d4d84-f6cc-4223-a974-ba1e7eba000f/none_v3" 200 22 "GET http://172.18.0.134:8080/v1/AUTH_d351b5d019cd497ab1d84160f10b653c/gnocchi.ff3d4d84-f6cc-4223-a974-ba1e7eba000f/none_v3" "tx4ac7917d704744e693eaa-00699c0ffa" "proxy-server 20" 0.0028 "-" 22 0
Feb 23 08:29:46 np0005626459 container-server[125509]: 172.20.0.105 - - [23/Feb/2026:08:29:46 +0000] "PUT /d1/931/AUTH_d351b5d019cd497ab1d84160f10b653c/gnocchi.815f70e1-ec9a-4abf-8604-b6ebe6f65d13/1771200000.0_rate%3Amean_300.0_v3" 201 - "PUT http://172.18.0.134:8080/d1/912/AUTH_d351b5d019cd497ab1d84160f10b653c/gnocchi.815f70e1-ec9a-4abf-8604-b6ebe6f65d13/1771200000.0_rate%3Amean_300.0_v3" "tx1c0019cd09444dbdbdcf6-00699c0ffa" "object-server 24" 0.0007 "-" 20 0
Feb 23 08:29:46 np0005626459 container-server[125509]: 172.20.0.103 - - [23/Feb/2026:08:29:46 +0000] "PUT /d1/685/AUTH_d351b5d019cd497ab1d84160f10b653c/gnocchi.a9a3f913-6e88-4980-a5d3-395f971e818d/none_v3" 201 - "PUT http://172.18.0.134:8080/d1/568/AUTH_d351b5d019cd497ab1d84160f10b653c/gnocchi.a9a3f913-6e88-4980-a5d3-395f971e818d/none_v3" "tx94a28f30c9f34e34b25da-00699c0ffa" "object-server 22" 0.0004 "-" 20 0
Feb 23 08:29:46 np0005626459 object-server[125801]: 172.20.0.104 - - [23/Feb/2026:08:29:46 +0000] "PUT /d1/568/AUTH_d351b5d019cd497ab1d84160f10b653c/gnocchi.a9a3f913-6e88-4980-a5d3-395f971e818d/none_v3" 201 - "PUT http://172.18.0.134:8080/v1/AUTH_d351b5d019cd497ab1d84160f10b653c/gnocchi.a9a3f913-6e88-4980-a5d3-395f971e818d/none_v3" "tx94a28f30c9f34e34b25da-00699c0ffa" "proxy-server 20" 0.0153 "-" 22 0
Feb 23 08:29:46 np0005626459 object-server[125801]: 172.20.0.103 - - [23/Feb/2026:08:29:46 +0000] "PUT /d1/912/AUTH_d351b5d019cd497ab1d84160f10b653c/gnocchi.815f70e1-ec9a-4abf-8604-b6ebe6f65d13/1771200000.0_rate%3Amean_300.0_v3" 201 - "PUT http://172.18.0.134:8080/v1/AUTH_d351b5d019cd497ab1d84160f10b653c/gnocchi.815f70e1-ec9a-4abf-8604-b6ebe6f65d13/1771200000.0_rate%3Amean_300.0_v3" "tx1c0019cd09444dbdbdcf6-00699c0ffa" "proxy-server 20" 0.0263 "-" 22 0
Feb 23 08:29:46 np0005626459 proxy-server[127031]: 172.18.0.134 172.18.0.104 23/Feb/2026/08/29/46 PUT /v1/AUTH_d351b5d019cd497ab1d84160f10b653c/gnocchi.815f70e1-ec9a-4abf-8604-b6ebe6f65d13/1771200000.0_rate%253Amean_300.0_v3 HTTP/1.0 201 - python-swiftclient-3.11.1 gAAAAABpnA5xJZZ6... 16 - - tx1c0019cd09444dbdbdcf6-00699c0ffa - 0.0362 - - 1771835386.445440769 1771835386.481690407 0
Feb 23 08:29:46 np0005626459 container-server[125509]: 172.20.0.104 - - [23/Feb/2026:08:29:46 +0000] "PUT /d1/931/AUTH_d351b5d019cd497ab1d84160f10b653c/gnocchi.815f70e1-ec9a-4abf-8604-b6ebe6f65d13/1771200000.0_mean_300.0_v3" 201 - "PUT http://172.18.0.134:8080/d1/433/AUTH_d351b5d019cd497ab1d84160f10b653c/gnocchi.815f70e1-ec9a-4abf-8604-b6ebe6f65d13/1771200000.0_mean_300.0_v3" "txe0942eba825541c3b53a0-00699c0ffa" "object-server 23" 0.0007 "-" 20 0
Feb 23 08:29:46 np0005626459 object-server[125801]: 172.20.0.104 - - [23/Feb/2026:08:29:46 +0000] "PUT /d1/433/AUTH_d351b5d019cd497ab1d84160f10b653c/gnocchi.815f70e1-ec9a-4abf-8604-b6ebe6f65d13/1771200000.0_mean_300.0_v3" 201 - "PUT http://172.18.0.134:8080/v1/AUTH_d351b5d019cd497ab1d84160f10b653c/gnocchi.815f70e1-ec9a-4abf-8604-b6ebe6f65d13/1771200000.0_mean_300.0_v3" "txe0942eba825541c3b53a0-00699c0ffa" "proxy-server 20" 0.0136 "-" 22 0
Feb 23 08:29:46 np0005626459 container-server[125509]: 172.20.0.103 - - [23/Feb/2026:08:29:46 +0000] "HEAD /d1/975/AUTH_d351b5d019cd497ab1d84160f10b653c/gnocchi.fa83dd2f-03fa-4931-9293-9d3f29a5d892" 204 - "HEAD http://172.18.0.134:8080/v1/AUTH_d351b5d019cd497ab1d84160f10b653c/gnocchi.fa83dd2f-03fa-4931-9293-9d3f29a5d892?format=json&states=listing" "tx8bad5c2f723842968f88f-00699c0ffa" "proxy-server 20" 0.0016 "-" 20 0
Feb 23 08:29:46 np0005626459 container-server[125515]: 172.20.0.105 - - [23/Feb/2026:08:29:46 +0000] "GET /d1/923/AUTH_d351b5d019cd497ab1d84160f10b653c/gnocchi.ff3d4d84-f6cc-4223-a974-ba1e7eba000f" 200 2 "GET http://172.18.0.134:8080/v1/AUTH_d351b5d019cd497ab1d84160f10b653c/gnocchi.ff3d4d84-f6cc-4223-a974-ba1e7eba000f?format=json&marker=none_v3&states=listing" "tx67c0010fe2c840a08f311-00699c0ffa" "proxy-server 20" 0.0020 "-" 21 0
Feb 23 08:29:46 np0005626459 object-server[125811]: 172.20.0.103 - - [23/Feb/2026:08:29:46 +0000] "GET /d1/792/AUTH_d351b5d019cd497ab1d84160f10b653c/gnocchi.fa83dd2f-03fa-4931-9293-9d3f29a5d892/none_v3" 200 22 "GET http://172.18.0.134:8080/v1/AUTH_d351b5d019cd497ab1d84160f10b653c/gnocchi.fa83dd2f-03fa-4931-9293-9d3f29a5d892/none_v3" "tx8bad5c2f723842968f88f-00699c0ffa" "proxy-server 20" 0.0015 "-" 23 0
Feb 23 08:29:46 np0005626459 proxy-server[127031]: 172.18.0.105 172.18.0.104 23/Feb/2026/08/29/46 GET /v1/AUTH_d351b5d019cd497ab1d84160f10b653c/gnocchi.fa83dd2f-03fa-4931-9293-9d3f29a5d892/none_v3 HTTP/1.0 200 - python-swiftclient-3.11.1 gAAAAABpnA4o6Gk-... - 22 - tx8bad5c2f723842968f88f-00699c0ffa - 0.0219 - - 1771835386.519448042 1771835386.541317225 0
Feb 23 08:29:46 np0005626459 container-server[125537]: 172.20.0.104 - - [23/Feb/2026:08:29:46 +0000] "PUT /d1/931/AUTH_d351b5d019cd497ab1d84160f10b653c/gnocchi.815f70e1-ec9a-4abf-8604-b6ebe6f65d13/none_v3" 201 - "PUT http://172.18.0.134:8080/d1/229/AUTH_d351b5d019cd497ab1d84160f10b653c/gnocchi.815f70e1-ec9a-4abf-8604-b6ebe6f65d13/none_v3" "txdb287addb31144e28f46c-00699c0ffa" "object-server 24" 0.0007 "-" 22 0
Feb 23 08:29:46 np0005626459 object-server[125811]: 172.20.0.104 - - [23/Feb/2026:08:29:46 +0000] "PUT /d1/229/AUTH_d351b5d019cd497ab1d84160f10b653c/gnocchi.815f70e1-ec9a-4abf-8604-b6ebe6f65d13/none_v3" 201 - "PUT http://172.18.0.134:8080/v1/AUTH_d351b5d019cd497ab1d84160f10b653c/gnocchi.815f70e1-ec9a-4abf-8604-b6ebe6f65d13/none_v3" "txdb287addb31144e28f46c-00699c0ffa" "proxy-server 20" 0.0141 "-" 23 0
Feb 23 08:29:46 np0005626459 object-server[125833]: 172.20.0.105 - - [23/Feb/2026:08:29:46 +0000] "GET /d1/158/AUTH_d351b5d019cd497ab1d84160f10b653c/gnocchi.ff3d4d84-f6cc-4223-a974-ba1e7eba000f/1771200000.0_rate%3Amean_300.0_v3" 404 70 "GET http://172.18.0.134:8080/v1/AUTH_d351b5d019cd497ab1d84160f10b653c/gnocchi.ff3d4d84-f6cc-4223-a974-ba1e7eba000f/1771200000.0_rate%3Amean_300.0_v3" "tx53cc48ceef1b4f1b8261c-00699c0ffa" "proxy-server 20" 0.0005 "-" 25 0
Feb 23 08:29:46 np0005626459 proxy-server[127031]: 172.18.0.105 172.18.0.104 23/Feb/2026/08/29/46 GET /v1/AUTH_d351b5d019cd497ab1d84160f10b653c/gnocchi.fa83dd2f-03fa-4931-9293-9d3f29a5d892%3Fformat%3Djson%26states%3Dlisting HTTP/1.0 200 - python-swiftclient-3.11.1 gAAAAABpnA4o6Gk-... - 357 - tx6b7fe616ecc1495fb995a-00699c0ffa - 0.0170 - - 1771835386.548830032 1771835386.565861702 0
Feb 23 08:29:46 np0005626459 container-server[125515]: 172.20.0.104 - - [23/Feb/2026:08:29:46 +0000] "GET /d1/975/AUTH_d351b5d019cd497ab1d84160f10b653c/gnocchi.fa83dd2f-03fa-4931-9293-9d3f29a5d892" 200 2 "GET http://172.18.0.134:8080/v1/AUTH_d351b5d019cd497ab1d84160f10b653c/gnocchi.fa83dd2f-03fa-4931-9293-9d3f29a5d892?format=json&marker=none_v3&states=listing" "tx436bfae6849942a787bc9-00699c0ffa" "proxy-server 20" 0.0028 "-" 21 0
Feb 23 08:29:46 np0005626459 proxy-server[127031]: 172.18.0.103 172.18.0.104 23/Feb/2026/08/29/46 GET /v1/AUTH_d351b5d019cd497ab1d84160f10b653c/gnocchi.ff3d4d84-f6cc-4223-a974-ba1e7eba000f/1771200000.0_mean_300.0_v3 HTTP/1.0 200 - python-swiftclient-3.11.1 gAAAAABpnA5xV5GH... - 16 - tx2f1f5112be444e4498feb-00699c0ffa - 0.0104 - - 1771835386.573300362 1771835386.583749771 0
Feb 23 08:29:46 np0005626459 object-server[125833]: 172.20.0.103 - - [23/Feb/2026:08:29:46 +0000] "GET /d1/22/AUTH_d351b5d019cd497ab1d84160f10b653c/gnocchi.fa83dd2f-03fa-4931-9293-9d3f29a5d892/1771200000.0_mean_300.0_v3" 200 16 "GET http://172.18.0.134:8080/v1/AUTH_d351b5d019cd497ab1d84160f10b653c/gnocchi.fa83dd2f-03fa-4931-9293-9d3f29a5d892/1771200000.0_mean_300.0_v3" "tx9cfbafe094084b2fbe06d-00699c0ffa" "proxy-server 20" 0.0008 "-" 25 0
Feb 23 08:29:46 np0005626459 proxy-server[127031]: 172.18.0.105 172.18.0.104 23/Feb/2026/08/29/46 GET /v1/AUTH_d351b5d019cd497ab1d84160f10b653c/gnocchi.fa83dd2f-03fa-4931-9293-9d3f29a5d892/1771200000.0_mean_300.0_v3 HTTP/1.0 200 - python-swiftclient-3.11.1 gAAAAABpnA4o6Gk-... - 16 - tx9cfbafe094084b2fbe06d-00699c0ffa - 0.0078 - - 1771835386.599072933 1771835386.606826544 0
Feb 23 08:29:46 np0005626459 container-server[125515]: 172.20.0.103 - - [23/Feb/2026:08:29:46 +0000] "PUT /d1/923/AUTH_d351b5d019cd497ab1d84160f10b653c/gnocchi.ff3d4d84-f6cc-4223-a974-ba1e7eba000f/1771200000.0_rate%3Amean_300.0_v3" 201 - "PUT http://172.18.0.134:8080/d1/158/AUTH_d351b5d019cd497ab1d84160f10b653c/gnocchi.ff3d4d84-f6cc-4223-a974-ba1e7eba000f/1771200000.0_rate%3Amean_300.0_v3" "tx6827a8cf2627426c99202-00699c0ffa" "object-server 24" 0.0045 "-" 21 0
Feb 23 08:29:46 np0005626459 object-server[125814]: 172.20.0.105 - - [23/Feb/2026:08:29:46 +0000] "PUT /d1/158/AUTH_d351b5d019cd497ab1d84160f10b653c/gnocchi.ff3d4d84-f6cc-4223-a974-ba1e7eba000f/1771200000.0_rate%3Amean_300.0_v3" 201 - "PUT http://172.18.0.134:8080/v1/AUTH_d351b5d019cd497ab1d84160f10b653c/gnocchi.ff3d4d84-f6cc-4223-a974-ba1e7eba000f/1771200000.0_rate%3Amean_300.0_v3" "tx6827a8cf2627426c99202-00699c0ffa" "proxy-server 20" 0.0244 "-" 24 0
Feb 23 08:29:46 np0005626459 object-server[125814]: 172.20.0.104 - - [23/Feb/2026:08:29:46 +0000] "GET /d1/82/AUTH_d351b5d019cd497ab1d84160f10b653c/gnocchi.fa83dd2f-03fa-4931-9293-9d3f29a5d892/1771200000.0_rate%3Amean_300.0_v3" 404 70 "GET http://172.18.0.134:8080/v1/AUTH_d351b5d019cd497ab1d84160f10b653c/gnocchi.fa83dd2f-03fa-4931-9293-9d3f29a5d892/1771200000.0_rate%3Amean_300.0_v3" "tx955ada3ada67426996803-00699c0ffa" "proxy-server 20" 0.0004 "-" 24 0
Feb 23 08:29:46 np0005626459 container-server[125509]: 172.20.0.105 - - [23/Feb/2026:08:29:46 +0000] "PUT /d1/975/AUTH_d351b5d019cd497ab1d84160f10b653c/gnocchi.fa83dd2f-03fa-4931-9293-9d3f29a5d892/1771200000.0_mean_300.0_v3" 201 - "PUT http://172.18.0.134:8080/d1/22/AUTH_d351b5d019cd497ab1d84160f10b653c/gnocchi.fa83dd2f-03fa-4931-9293-9d3f29a5d892/1771200000.0_mean_300.0_v3" "txe1e80b8289314aa0bdf5a-00699c0ffa" "object-server 22" 0.0007 "-" 20 0
Feb 23 08:29:46 np0005626459 container-server[125537]: 172.20.0.105 - - [23/Feb/2026:08:29:46 +0000] "PUT /d1/923/AUTH_d351b5d019cd497ab1d84160f10b653c/gnocchi.ff3d4d84-f6cc-4223-a974-ba1e7eba000f/1771200000.0_mean_300.0_v3" 201 - "PUT http://172.18.0.134:8080/d1/577/AUTH_d351b5d019cd497ab1d84160f10b653c/gnocchi.ff3d4d84-f6cc-4223-a974-ba1e7eba000f/1771200000.0_mean_300.0_v3" "tx50c1873a2ea449a1991d6-00699c0ffa" "object-server 25" 0.0007 "-" 22 0
Feb 23 08:29:46 np0005626459 object-server[125833]: 172.20.0.105 - - [23/Feb/2026:08:29:46 +0000] "PUT /d1/577/AUTH_d351b5d019cd497ab1d84160f10b653c/gnocchi.ff3d4d84-f6cc-4223-a974-ba1e7eba000f/1771200000.0_mean_300.0_v3" 201 - "PUT http://172.18.0.134:8080/v1/AUTH_d351b5d019cd497ab1d84160f10b653c/gnocchi.ff3d4d84-f6cc-4223-a974-ba1e7eba000f/1771200000.0_mean_300.0_v3" "tx50c1873a2ea449a1991d6-00699c0ffa" "proxy-server 20" 0.0157 "-" 25 0
Feb 23 08:29:46 np0005626459 object-server[125811]: 172.20.0.103 - - [23/Feb/2026:08:29:46 +0000] "PUT /d1/22/AUTH_d351b5d019cd497ab1d84160f10b653c/gnocchi.fa83dd2f-03fa-4931-9293-9d3f29a5d892/1771200000.0_mean_300.0_v3" 201 - "PUT http://172.18.0.134:8080/v1/AUTH_d351b5d019cd497ab1d84160f10b653c/gnocchi.fa83dd2f-03fa-4931-9293-9d3f29a5d892/1771200000.0_mean_300.0_v3" "txe1e80b8289314aa0bdf5a-00699c0ffa" "proxy-server 20" 0.0179 "-" 23 0
Feb 23 08:29:46 np0005626459 proxy-server[127031]: 172.18.0.105 172.18.0.104 23/Feb/2026/08/29/46 PUT /v1/AUTH_d351b5d019cd497ab1d84160f10b653c/gnocchi.fa83dd2f-03fa-4931-9293-9d3f29a5d892/1771200000.0_mean_300.0_v3 HTTP/1.0 201 - python-swiftclient-3.11.1 gAAAAABpnA4o6Gk-... 23 - - txe1e80b8289314aa0bdf5a-00699c0ffa - 0.0290 - - 1771835386.651316643 1771835386.680331707 0
Feb 23 08:29:46 np0005626459 object-server[125833]: 172.20.0.103 - - [23/Feb/2026:08:29:46 +0000] "PUT /d1/385/AUTH_d351b5d019cd497ab1d84160f10b653c/gnocchi.ff3d4d84-f6cc-4223-a974-ba1e7eba000f/none_v3" 201 - "PUT http://172.18.0.134:8080/v1/AUTH_d351b5d019cd497ab1d84160f10b653c/gnocchi.ff3d4d84-f6cc-4223-a974-ba1e7eba000f/none_v3" "tx0198d83f500d480287158-00699c0ffa" "proxy-server 20" 0.0122 "-" 25 0
Feb 23 08:29:46 np0005626459 container-server[125537]: 172.20.0.104 - - [23/Feb/2026:08:29:46 +0000] "PUT /d1/975/AUTH_d351b5d019cd497ab1d84160f10b653c/gnocchi.fa83dd2f-03fa-4931-9293-9d3f29a5d892/1771200000.0_rate%3Amean_300.0_v3" 201 - "PUT http://172.18.0.134:8080/d1/82/AUTH_d351b5d019cd497ab1d84160f10b653c/gnocchi.fa83dd2f-03fa-4931-9293-9d3f29a5d892/1771200000.0_rate%3Amean_300.0_v3" "txfcf4a605a6ca44998c70b-00699c0ffa" "object-server 23" 0.0008 "-" 22 0
Feb 23 08:29:46 np0005626459 container-server[125555]: 172.20.0.105 - - [23/Feb/2026:08:29:46 +0000] "PUT /d1/923/AUTH_d351b5d019cd497ab1d84160f10b653c/gnocchi.ff3d4d84-f6cc-4223-a974-ba1e7eba000f/none_v3" 201 - "PUT http://172.18.0.134:8080/d1/385/AUTH_d351b5d019cd497ab1d84160f10b653c/gnocchi.ff3d4d84-f6cc-4223-a974-ba1e7eba000f/none_v3" "tx0198d83f500d480287158-00699c0ffa" "object-server 22" 0.0007 "-" 23 0
Feb 23 08:29:46 np0005626459 object-server[125814]: 172.20.0.104 - - [23/Feb/2026:08:29:46 +0000] "PUT /d1/82/AUTH_d351b5d019cd497ab1d84160f10b653c/gnocchi.fa83dd2f-03fa-4931-9293-9d3f29a5d892/1771200000.0_rate%3Amean_300.0_v3" 201 - "PUT http://172.18.0.134:8080/v1/AUTH_d351b5d019cd497ab1d84160f10b653c/gnocchi.fa83dd2f-03fa-4931-9293-9d3f29a5d892/1771200000.0_rate%3Amean_300.0_v3" "txfcf4a605a6ca44998c70b-00699c0ffa" "proxy-server 20" 0.0156 "-" 24 0
Feb 23 08:29:46 np0005626459 proxy-server[127031]: 172.18.0.103 172.18.0.104 23/Feb/2026/08/29/46 PUT /v1/AUTH_d351b5d019cd497ab1d84160f10b653c/gnocchi.ff3d4d84-f6cc-4223-a974-ba1e7eba000f/none_v3 HTTP/1.0 201 - python-swiftclient-3.11.1 gAAAAABpnA5xV5GH... 33 - - tx0198d83f500d480287158-00699c0ffa - 0.0270 - - 1771835386.684880495 1771835386.711904287 0
Feb 23 08:29:46 np0005626459 container-server[125537]: 172.20.0.105 - - [23/Feb/2026:08:29:46 +0000] "PUT /d1/975/AUTH_d351b5d019cd497ab1d84160f10b653c/gnocchi.fa83dd2f-03fa-4931-9293-9d3f29a5d892/none_v3" 201 - "PUT http://172.18.0.134:8080/d1/792/AUTH_d351b5d019cd497ab1d84160f10b653c/gnocchi.fa83dd2f-03fa-4931-9293-9d3f29a5d892/none_v3" "tx0ee0fd135bbd4039a0dab-00699c0ffa" "object-server 22" 0.0006 "-" 22 0
Feb 23 08:29:46 np0005626459 object-server[125814]: 172.20.0.105 - - [23/Feb/2026:08:29:46 +0000] "PUT /d1/792/AUTH_d351b5d019cd497ab1d84160f10b653c/gnocchi.fa83dd2f-03fa-4931-9293-9d3f29a5d892/none_v3" 201 - "PUT http://172.18.0.134:8080/v1/AUTH_d351b5d019cd497ab1d84160f10b653c/gnocchi.fa83dd2f-03fa-4931-9293-9d3f29a5d892/none_v3" "tx0ee0fd135bbd4039a0dab-00699c0ffa" "proxy-server 20" 0.0127 "-" 24 0
Feb 23 08:29:46 np0005626459 container-server[125515]: 172.20.0.103 - - [23/Feb/2026:08:29:46 +0000] "HEAD /d1/906/AUTH_d351b5d019cd497ab1d84160f10b653c/gnocchi.4b66d46e-016e-4cb9-b0b5-14764823da38" 204 - "HEAD http://172.18.0.134:8080/v1/AUTH_d351b5d019cd497ab1d84160f10b653c/gnocchi.4b66d46e-016e-4cb9-b0b5-14764823da38?format=json&states=listing" "tx6272f1b3b7bc4e4b95ced-00699c0ffa" "proxy-server 20" 0.0017 "-" 21 0
Feb 23 08:29:46 np0005626459 proxy-server[127031]: 172.18.0.134 172.18.0.104 23/Feb/2026/08/29/46 GET /v1/AUTH_d351b5d019cd497ab1d84160f10b653c/gnocchi.4b66d46e-016e-4cb9-b0b5-14764823da38/none_v3 HTTP/1.0 200 - python-swiftclient-3.11.1 gAAAAABpnA5xJZZ6... - 22 - tx6272f1b3b7bc4e4b95ced-00699c0ffa - 0.0176 - - 1771835386.733024597 1771835386.750640154 0
Feb 23 08:29:46 np0005626459 container-server[125515]: 172.20.0.104 - - [23/Feb/2026:08:29:46 +0000] "GET /d1/906/AUTH_d351b5d019cd497ab1d84160f10b653c/gnocchi.4b66d46e-016e-4cb9-b0b5-14764823da38" 200 357 "GET http://172.18.0.134:8080/v1/AUTH_d351b5d019cd497ab1d84160f10b653c/gnocchi.4b66d46e-016e-4cb9-b0b5-14764823da38?format=json&states=listing" "tx87d9dc98fb3f43068317f-00699c0ffa" "proxy-server 20" 0.0018 "-" 21 0
Feb 23 08:29:46 np0005626459 proxy-server[127031]: 172.18.0.134 172.18.0.104 23/Feb/2026/08/29/46 GET /v1/AUTH_d351b5d019cd497ab1d84160f10b653c/gnocchi.4b66d46e-016e-4cb9-b0b5-14764823da38/1771200000.0_mean_300.0_v3 HTTP/1.0 200 - python-swiftclient-3.11.1 gAAAAABpnA5xJZZ6... - 16 - tx09f97867f18440e888795-00699c0ffa - 0.0112 - - 1771835386.787781477 1771835386.799004555 0
Feb 23 08:29:46 np0005626459 container-server[125555]: 172.20.0.103 - - [23/Feb/2026:08:29:46 +0000] "PUT /d1/906/AUTH_d351b5d019cd497ab1d84160f10b653c/gnocchi.4b66d46e-016e-4cb9-b0b5-14764823da38/1771200000.0_mean_300.0_v3" 201 - "PUT http://172.18.0.134:8080/d1/1018/AUTH_d351b5d019cd497ab1d84160f10b653c/gnocchi.4b66d46e-016e-4cb9-b0b5-14764823da38/1771200000.0_mean_300.0_v3" "tx982606b59a044e52b74da-00699c0ffa" "object-server 22" 0.0008 "-" 23 0
Feb 23 08:29:46 np0005626459 object-server[125801]: 172.20.0.104 - - [23/Feb/2026:08:29:46 +0000] "PUT /d1/1018/AUTH_d351b5d019cd497ab1d84160f10b653c/gnocchi.4b66d46e-016e-4cb9-b0b5-14764823da38/1771200000.0_mean_300.0_v3" 201 - "PUT http://172.18.0.134:8080/v1/AUTH_d351b5d019cd497ab1d84160f10b653c/gnocchi.4b66d46e-016e-4cb9-b0b5-14764823da38/1771200000.0_mean_300.0_v3" "tx982606b59a044e52b74da-00699c0ffa" "proxy-server 20" 0.0160 "-" 22 0
Feb 23 08:29:46 np0005626459 container-server[125537]: 172.20.0.104 - - [23/Feb/2026:08:29:46 +0000] "PUT /d1/906/AUTH_d351b5d019cd497ab1d84160f10b653c/gnocchi.4b66d46e-016e-4cb9-b0b5-14764823da38/none_v3" 201 - "PUT http://172.18.0.134:8080/d1/355/AUTH_d351b5d019cd497ab1d84160f10b653c/gnocchi.4b66d46e-016e-4cb9-b0b5-14764823da38/none_v3" "txd8026f2d2cef46139cd88-00699c0ffa" "object-server 23" 0.0007 "-" 22 0
Feb 23 08:29:46 np0005626459 object-server[125801]: 172.20.0.105 - - [23/Feb/2026:08:29:46 +0000] "PUT /d1/355/AUTH_d351b5d019cd497ab1d84160f10b653c/gnocchi.4b66d46e-016e-4cb9-b0b5-14764823da38/none_v3" 201 - "PUT http://172.18.0.134:8080/v1/AUTH_d351b5d019cd497ab1d84160f10b653c/gnocchi.4b66d46e-016e-4cb9-b0b5-14764823da38/none_v3" "txd8026f2d2cef46139cd88-00699c0ffa" "proxy-server 20" 0.0126 "-" 22 0
Feb 23 08:29:46 np0005626459 proxy-server[127031]: 172.18.0.105 172.18.0.104 23/Feb/2026/08/29/46 GET /v1/AUTH_d351b5d019cd497ab1d84160f10b653c/gnocchi.610b2609-c529-49db-b009-27c0f145563c/none_v3 HTTP/1.0 200 - python-swiftclient-3.11.1 gAAAAABpnA4o6Gk-... - 22 - txaa8441768be94dde9c631-00699c0ffa - 0.0148 - - 1771835386.870225906 1771835386.885015249 0
Feb 23 08:29:46 np0005626459 container-server[125509]: 172.20.0.105 - - [23/Feb/2026:08:29:46 +0000] "GET /d1/299/AUTH_d351b5d019cd497ab1d84160f10b653c/gnocchi.610b2609-c529-49db-b009-27c0f145563c" 200 2 "GET http://172.18.0.134:8080/v1/AUTH_d351b5d019cd497ab1d84160f10b653c/gnocchi.610b2609-c529-49db-b009-27c0f145563c?format=json&marker=none_v3&states=listing" "txc3d3e92cb5704a78bb46b-00699c0ffa" "proxy-server 20" 0.0032 "-" 20 0
Feb 23 08:29:46 np0005626459 proxy-server[127031]: 172.18.0.103 172.18.0.104 23/Feb/2026/08/29/46 GET /v1/AUTH_d351b5d019cd497ab1d84160f10b653c/gnocchi.94c5af18-f79c-4a4f-bc99-8f29403606ca/none_v3 HTTP/1.0 200 - python-swiftclient-3.11.1 gAAAAABpnA5xV5GH... - 22 - tx9d7b9d592e95468eba71a-00699c0ffa - 0.0130 - - 1771835386.923672915 1771835386.936655760 0
Feb 23 08:29:46 np0005626459 object-server[125811]: 172.20.0.105 - - [23/Feb/2026:08:29:46 +0000] "GET /d1/618/AUTH_d351b5d019cd497ab1d84160f10b653c/gnocchi.610b2609-c529-49db-b009-27c0f145563c/1771200000.0_rate%3Amean_300.0_v3" 404 70 "GET http://172.18.0.134:8080/v1/AUTH_d351b5d019cd497ab1d84160f10b653c/gnocchi.610b2609-c529-49db-b009-27c0f145563c/1771200000.0_rate%3Amean_300.0_v3" "tx814fa94638794b9cbe8ca-00699c0ffa" "proxy-server 20" 0.0005 "-" 23 0
Feb 23 08:29:46 np0005626459 proxy-server[127031]: 172.18.0.134 172.18.0.104 23/Feb/2026/08/29/46 GET /v1/AUTH_d351b5d019cd497ab1d84160f10b653c/gnocchi.3be5ab82-59d1-486f-86d4-ae944e1266d2/none_v3 HTTP/1.0 200 - python-swiftclient-3.11.1 gAAAAABpnA5xJZZ6... - 22 - tx964e588717764bb4826b7-00699c0ffa - 0.0179 - - 1771835386.958684206 1771835386.976545095 0
Feb 23 08:29:46 np0005626459 container-server[125555]: 172.20.0.104 - - [23/Feb/2026:08:29:46 +0000] "PUT /d1/299/AUTH_d351b5d019cd497ab1d84160f10b653c/gnocchi.610b2609-c529-49db-b009-27c0f145563c/1771200000.0_mean_300.0_v3" 201 - "PUT http://172.18.0.134:8080/d1/164/AUTH_d351b5d019cd497ab1d84160f10b653c/gnocchi.610b2609-c529-49db-b009-27c0f145563c/1771200000.0_mean_300.0_v3" "txc9ea58b229c94a2ca3848-00699c0ffa" "object-server 23" 0.0009 "-" 23 0
Feb 23 08:29:46 np0005626459 object-server[125801]: 172.20.0.104 - - [23/Feb/2026:08:29:46 +0000] "PUT /d1/164/AUTH_d351b5d019cd497ab1d84160f10b653c/gnocchi.610b2609-c529-49db-b009-27c0f145563c/1771200000.0_mean_300.0_v3" 201 - "PUT http://172.18.0.134:8080/v1/AUTH_d351b5d019cd497ab1d84160f10b653c/gnocchi.610b2609-c529-49db-b009-27c0f145563c/1771200000.0_mean_300.0_v3" "txc9ea58b229c94a2ca3848-00699c0ffa" "proxy-server 20" 0.0118 "-" 22 0
Feb 23 08:29:46 np0005626459 container-server[125515]: 172.20.0.103 - - [23/Feb/2026:08:29:46 +0000] "GET /d1/602/AUTH_d351b5d019cd497ab1d84160f10b653c/gnocchi.3be5ab82-59d1-486f-86d4-ae944e1266d2" 200 357 "GET http://172.18.0.134:8080/v1/AUTH_d351b5d019cd497ab1d84160f10b653c/gnocchi.3be5ab82-59d1-486f-86d4-ae944e1266d2?format=json&states=listing" "txee321b402b4145ef9f759-00699c0ffa" "proxy-server 20" 0.0040 "-" 21 0
Feb 23 08:29:46 np0005626459 proxy-server[127031]: 172.18.0.134 172.18.0.104 23/Feb/2026/08/29/46 GET /v1/AUTH_d351b5d019cd497ab1d84160f10b653c/gnocchi.3be5ab82-59d1-486f-86d4-ae944e1266d2%3Fformat%3Djson%26states%3Dlisting HTTP/1.0 200 - python-swiftclient-3.11.1 gAAAAABpnA5xJZZ6... - 357 - txee321b402b4145ef9f759-00699c0ffa - 0.0110 - - 1771835386.983196974 1771835386.994160414 0
Feb 23 08:29:47 np0005626459 object-server[125811]: 172.20.0.105 - - [23/Feb/2026:08:29:47 +0000] "GET /d1/206/AUTH_d351b5d019cd497ab1d84160f10b653c/gnocchi.94c5af18-f79c-4a4f-bc99-8f29403606ca/1771200000.0_rate%3Amean_300.0_v3" 404 70 "GET http://172.18.0.134:8080/v1/AUTH_d351b5d019cd497ab1d84160f10b653c/gnocchi.94c5af18-f79c-4a4f-bc99-8f29403606ca/1771200000.0_rate%3Amean_300.0_v3" "tx27df401fc71540e7b8fb0-00699c0ffa" "proxy-server 20" 0.0006 "-" 23 0
Feb 23 08:29:47 np0005626459 proxy-server[127031]: 172.18.0.134 172.18.0.104 23/Feb/2026/08/29/47 GET /v1/AUTH_d351b5d019cd497ab1d84160f10b653c/gnocchi.3be5ab82-59d1-486f-86d4-ae944e1266d2%3Fformat%3Djson%26marker%3Dnone_v3%26states%3Dlisting HTTP/1.0 200 - python-swiftclient-3.11.1 gAAAAABpnA5xJZZ6... - 2 - txdac2e2c8644443d69ed12-00699c0ffa - 0.0116 - - 1771835386.998469591 1771835387.010041714 0
Feb 23 08:29:47 np0005626459 container-server[125515]: 172.20.0.104 - - [23/Feb/2026:08:29:47 +0000] "PUT /d1/299/AUTH_d351b5d019cd497ab1d84160f10b653c/gnocchi.610b2609-c529-49db-b009-27c0f145563c/1771200000.0_rate%3Amean_300.0_v3" 201 - "PUT http://172.18.0.134:8080/d1/618/AUTH_d351b5d019cd497ab1d84160f10b653c/gnocchi.610b2609-c529-49db-b009-27c0f145563c/1771200000.0_rate%3Amean_300.0_v3" "txcd7985a769334cd1b8bec-00699c0ffa" "object-server 24" 0.0008 "-" 21 0
Feb 23 08:29:47 np0005626459 object-server[125801]: 172.20.0.104 - - [23/Feb/2026:08:29:47 +0000] "PUT /d1/618/AUTH_d351b5d019cd497ab1d84160f10b653c/gnocchi.610b2609-c529-49db-b009-27c0f145563c/1771200000.0_rate%3Amean_300.0_v3" 201 - "PUT http://172.18.0.134:8080/v1/AUTH_d351b5d019cd497ab1d84160f10b653c/gnocchi.610b2609-c529-49db-b009-27c0f145563c/1771200000.0_rate%3Amean_300.0_v3" "txcd7985a769334cd1b8bec-00699c0ffa" "proxy-server 20" 0.0149 "-" 22 0
Feb 23 08:29:47 np0005626459 object-server[125833]: 172.20.0.103 - - [23/Feb/2026:08:29:47 +0000] "GET /d1/489/AUTH_d351b5d019cd497ab1d84160f10b653c/gnocchi.3be5ab82-59d1-486f-86d4-ae944e1266d2/1771200000.0_rate%3Amean_300.0_v3" 404 70 "GET http://172.18.0.134:8080/v1/AUTH_d351b5d019cd497ab1d84160f10b653c/gnocchi.3be5ab82-59d1-486f-86d4-ae944e1266d2/1771200000.0_rate%3Amean_300.0_v3" "tx2964a6188472454aa5e9a-00699c0ffb" "proxy-server 20" 0.0006 "-" 25 0
Feb 23 08:29:47 np0005626459 proxy-server[127031]: 172.18.0.134 172.18.0.104 23/Feb/2026/08/29/47 GET /v1/AUTH_d351b5d019cd497ab1d84160f10b653c/gnocchi.3be5ab82-59d1-486f-86d4-ae944e1266d2/1771200000.0_rate%253Amean_300.0_v3 HTTP/1.0 404 - python-swiftclient-3.11.1 gAAAAABpnA5xJZZ6... - 70 - tx2964a6188472454aa5e9a-00699c0ffb - 0.0240 - - 1771835387.021232128 1771835387.045235634 0
Feb 23 08:29:47 np0005626459 container-server[125555]: 172.20.0.103 - - [23/Feb/2026:08:29:47 +0000] "PUT /d1/299/AUTH_d351b5d019cd497ab1d84160f10b653c/gnocchi.610b2609-c529-49db-b009-27c0f145563c/none_v3" 201 - "PUT http://172.18.0.134:8080/d1/1019/AUTH_d351b5d019cd497ab1d84160f10b653c/gnocchi.610b2609-c529-49db-b009-27c0f145563c/none_v3" "txd32a3fe492f14f87abcec-00699c0ffb" "object-server 22" 0.0007 "-" 23 0
Feb 23 08:29:47 np0005626459 object-server[125801]: 172.20.0.104 - - [23/Feb/2026:08:29:47 +0000] "PUT /d1/1019/AUTH_d351b5d019cd497ab1d84160f10b653c/gnocchi.610b2609-c529-49db-b009-27c0f145563c/none_v3" 201 - "PUT http://172.18.0.134:8080/v1/AUTH_d351b5d019cd497ab1d84160f10b653c/gnocchi.610b2609-c529-49db-b009-27c0f145563c/none_v3" "txd32a3fe492f14f87abcec-00699c0ffb" "proxy-server 20" 0.0153 "-" 22 0
Feb 23 08:29:47 np0005626459 container-server[125509]: 172.20.0.104 - - [23/Feb/2026:08:29:47 +0000] "PUT /d1/585/AUTH_d351b5d019cd497ab1d84160f10b653c/gnocchi.94c5af18-f79c-4a4f-bc99-8f29403606ca/1771200000.0_rate%3Amean_300.0_v3" 201 - "PUT http://172.18.0.134:8080/d1/206/AUTH_d351b5d019cd497ab1d84160f10b653c/gnocchi.94c5af18-f79c-4a4f-bc99-8f29403606ca/1771200000.0_rate%3Amean_300.0_v3" "tx18bee77657764ca0bc5da-00699c0ffb" "object-server 22" 0.0014 "-" 20 0
Feb 23 08:29:47 np0005626459 object-server[125801]: 172.20.0.105 - - [23/Feb/2026:08:29:47 +0000] "PUT /d1/206/AUTH_d351b5d019cd497ab1d84160f10b653c/gnocchi.94c5af18-f79c-4a4f-bc99-8f29403606ca/1771200000.0_rate%3Amean_300.0_v3" 201 - "PUT http://172.18.0.134:8080/v1/AUTH_d351b5d019cd497ab1d84160f10b653c/gnocchi.94c5af18-f79c-4a4f-bc99-8f29403606ca/1771200000.0_rate%3Amean_300.0_v3" "tx18bee77657764ca0bc5da-00699c0ffb" "proxy-server 20" 0.0147 "-" 22 0
Feb 23 08:29:47 np0005626459 object-server[125814]: 172.20.0.103 - - [23/Feb/2026:08:29:47 +0000] "GET /d1/488/AUTH_d351b5d019cd497ab1d84160f10b653c/gnocchi.3be5ab82-59d1-486f-86d4-ae944e1266d2/1771200000.0_mean_300.0_v3" 200 16 "GET http://172.18.0.134:8080/v1/AUTH_d351b5d019cd497ab1d84160f10b653c/gnocchi.3be5ab82-59d1-486f-86d4-ae944e1266d2/1771200000.0_mean_300.0_v3" "tx399b60aeca5e4881b387c-00699c0ffb" "proxy-server 20" 0.0013 "-" 24 0
Feb 23 08:29:47 np0005626459 proxy-server[127031]: 172.18.0.134 172.18.0.104 23/Feb/2026/08/29/47 GET /v1/AUTH_d351b5d019cd497ab1d84160f10b653c/gnocchi.3be5ab82-59d1-486f-86d4-ae944e1266d2/1771200000.0_mean_300.0_v3 HTTP/1.0 200 - python-swiftclient-3.11.1 gAAAAABpnA5xJZZ6... - 16 - tx399b60aeca5e4881b387c-00699c0ffb - 0.0122 - - 1771835387.050916672 1771835387.063096046 0
Feb 23 08:29:47 np0005626459 container-server[125509]: 172.20.0.105 - - [23/Feb/2026:08:29:47 +0000] "PUT /d1/585/AUTH_d351b5d019cd497ab1d84160f10b653c/gnocchi.94c5af18-f79c-4a4f-bc99-8f29403606ca/1771200000.0_mean_300.0_v3" 201 - "PUT http://172.18.0.134:8080/d1/1009/AUTH_d351b5d019cd497ab1d84160f10b653c/gnocchi.94c5af18-f79c-4a4f-bc99-8f29403606ca/1771200000.0_mean_300.0_v3" "tx63b9fc7a10a944c096ab0-00699c0ffb" "object-server 21" 0.0009 "-" 20 0
Feb 23 08:29:47 np0005626459 container-server[125509]: 172.20.0.103 - - [23/Feb/2026:08:29:47 +0000] "PUT /d1/602/AUTH_d351b5d019cd497ab1d84160f10b653c/gnocchi.3be5ab82-59d1-486f-86d4-ae944e1266d2/1771200000.0_rate%3Amean_300.0_v3" 201 - "PUT http://172.18.0.134:8080/d1/489/AUTH_d351b5d019cd497ab1d84160f10b653c/gnocchi.3be5ab82-59d1-486f-86d4-ae944e1266d2/1771200000.0_rate%3Amean_300.0_v3" "tx59bf23efc12445b4af4b4-00699c0ffb" "object-server 23" 0.0007 "-" 20 0
Feb 23 08:29:47 np0005626459 object-server[125811]: 172.20.0.104 - - [23/Feb/2026:08:29:47 +0000] "PUT /d1/489/AUTH_d351b5d019cd497ab1d84160f10b653c/gnocchi.3be5ab82-59d1-486f-86d4-ae944e1266d2/1771200000.0_rate%3Amean_300.0_v3" 201 - "PUT http://172.18.0.134:8080/v1/AUTH_d351b5d019cd497ab1d84160f10b653c/gnocchi.3be5ab82-59d1-486f-86d4-ae944e1266d2/1771200000.0_rate%3Amean_300.0_v3" "tx59bf23efc12445b4af4b4-00699c0ffb" "proxy-server 20" 0.0202 "-" 23 0
Feb 23 08:29:47 np0005626459 object-server[125811]: 172.20.0.103 - - [23/Feb/2026:08:29:47 +0000] "PUT /d1/1009/AUTH_d351b5d019cd497ab1d84160f10b653c/gnocchi.94c5af18-f79c-4a4f-bc99-8f29403606ca/1771200000.0_mean_300.0_v3" 201 - "PUT http://172.18.0.134:8080/v1/AUTH_d351b5d019cd497ab1d84160f10b653c/gnocchi.94c5af18-f79c-4a4f-bc99-8f29403606ca/1771200000.0_mean_300.0_v3" "tx63b9fc7a10a944c096ab0-00699c0ffb" "proxy-server 20" 0.0194 "-" 23 0
Feb 23 08:29:47 np0005626459 proxy-server[127031]: 172.18.0.103 172.18.0.104 23/Feb/2026/08/29/47 PUT /v1/AUTH_d351b5d019cd497ab1d84160f10b653c/gnocchi.94c5af18-f79c-4a4f-bc99-8f29403606ca/1771200000.0_mean_300.0_v3 HTTP/1.0 201 - python-swiftclient-3.11.1 gAAAAABpnA5xV5GH... 27 - - tx63b9fc7a10a944c096ab0-00699c0ffb - 0.0324 - - 1771835387.072093487 1771835387.104505777 0
Feb 23 08:29:47 np0005626459 container-server[125555]: 172.20.0.103 - - [23/Feb/2026:08:29:47 +0000] "PUT /d1/602/AUTH_d351b5d019cd497ab1d84160f10b653c/gnocchi.3be5ab82-59d1-486f-86d4-ae944e1266d2/1771200000.0_mean_300.0_v3" 201 - "PUT http://172.18.0.134:8080/d1/488/AUTH_d351b5d019cd497ab1d84160f10b653c/gnocchi.3be5ab82-59d1-486f-86d4-ae944e1266d2/1771200000.0_mean_300.0_v3" "txea28d8d5b2524e0db8a41-00699c0ffb" "object-server 23" 0.0010 "-" 23 0
Feb 23 08:29:47 np0005626459 object-server[125811]: 172.20.0.105 - - [23/Feb/2026:08:29:47 +0000] "PUT /d1/488/AUTH_d351b5d019cd497ab1d84160f10b653c/gnocchi.3be5ab82-59d1-486f-86d4-ae944e1266d2/1771200000.0_mean_300.0_v3" 201 - "PUT http://172.18.0.134:8080/v1/AUTH_d351b5d019cd497ab1d84160f10b653c/gnocchi.3be5ab82-59d1-486f-86d4-ae944e1266d2/1771200000.0_mean_300.0_v3" "txea28d8d5b2524e0db8a41-00699c0ffb" "proxy-server 20" 0.0181 "-" 23 0
Feb 23 08:29:47 np0005626459 container-server[125537]: 172.20.0.104 - - [23/Feb/2026:08:29:47 +0000] "PUT /d1/585/AUTH_d351b5d019cd497ab1d84160f10b653c/gnocchi.94c5af18-f79c-4a4f-bc99-8f29403606ca/none_v3" 201 - "PUT http://172.18.0.134:8080/d1/549/AUTH_d351b5d019cd497ab1d84160f10b653c/gnocchi.94c5af18-f79c-4a4f-bc99-8f29403606ca/none_v3" "tx49031bdab7a449c2b569b-00699c0ffb" "object-server 23" 0.0012 "-" 22 0
Feb 23 08:29:47 np0005626459 container-server[125515]: 172.20.0.103 - - [23/Feb/2026:08:29:47 +0000] "PUT /d1/602/AUTH_d351b5d019cd497ab1d84160f10b653c/gnocchi.3be5ab82-59d1-486f-86d4-ae944e1266d2/none_v3" 201 - "PUT http://172.18.0.134:8080/d1/476/AUTH_d351b5d019cd497ab1d84160f10b653c/gnocchi.3be5ab82-59d1-486f-86d4-ae944e1266d2/none_v3" "tx2c494672e9c243a78e551-00699c0ffb" "object-server 24" 0.0014 "-" 21 0
Feb 23 08:29:47 np0005626459 object-server[125814]: 172.20.0.103 - - [23/Feb/2026:08:29:47 +0000] "PUT /d1/476/AUTH_d351b5d019cd497ab1d84160f10b653c/gnocchi.3be5ab82-59d1-486f-86d4-ae944e1266d2/none_v3" 201 - "PUT http://172.18.0.134:8080/v1/AUTH_d351b5d019cd497ab1d84160f10b653c/gnocchi.3be5ab82-59d1-486f-86d4-ae944e1266d2/none_v3" "tx2c494672e9c243a78e551-00699c0ffb" "proxy-server 20" 0.0206 "-" 24 0
Feb 23 08:29:47 np0005626459 proxy-server[127031]: 172.18.0.134 172.18.0.104 23/Feb/2026/08/29/47 PUT /v1/AUTH_d351b5d019cd497ab1d84160f10b653c/gnocchi.3be5ab82-59d1-486f-86d4-ae944e1266d2/none_v3 HTTP/1.0 201 - python-swiftclient-3.11.1 gAAAAABpnA5xJZZ6... 33 - - tx2c494672e9c243a78e551-00699c0ffb - 0.0326 - - 1771835387.145107985 1771835387.177726984 0
Feb 23 08:29:47 np0005626459 object-server[125814]: 172.20.0.104 - - [23/Feb/2026:08:29:47 +0000] "PUT /d1/549/AUTH_d351b5d019cd497ab1d84160f10b653c/gnocchi.94c5af18-f79c-4a4f-bc99-8f29403606ca/none_v3" 201 - "PUT http://172.18.0.134:8080/v1/AUTH_d351b5d019cd497ab1d84160f10b653c/gnocchi.94c5af18-f79c-4a4f-bc99-8f29403606ca/none_v3" "tx49031bdab7a449c2b569b-00699c0ffb" "proxy-server 20" 0.0581 "-" 24 0
Feb 23 08:29:49 np0005626459 object-server[125672]: Begin object update sweep
Feb 23 08:29:49 np0005626459 object-server[256002]: Object update sweep starting on /srv/node/d1 (pid: 15)
Feb 23 08:29:49 np0005626459 object-server[256002]: Object update sweep completed on /srv/node/d1 in 0.00s seconds:, 0 successes, 0 failures, 0 quarantines, 0 unlinks, 0 errors, 0 redirects (pid: 15)
Feb 23 08:29:49 np0005626459 object-server[256002]: Object update sweep of d1 completed: 0.00s, 0 successes, 0 failures, 0 quarantines, 0 unlinks, 0 errors, 0 redirects
Feb 23 08:29:49 np0005626459 container-server[124969]: Beginning replication run
Feb 23 08:29:49 np0005626459 object-server[125672]: Object update sweep completed: 0.11s
Feb 23 08:29:49 np0005626459 container-server[124969]: Replication run OVER
Feb 23 08:29:49 np0005626459 container-server[124969]: Attempted to replicate 22 dbs in 0.85062 seconds (25.86351/s)
Feb 23 08:29:49 np0005626459 container-server[124969]: Removed 0 dbs
Feb 23 08:29:49 np0005626459 container-server[124969]: 44 successes, 0 failures
Feb 23 08:29:49 np0005626459 container-server[124969]: diff:0 diff_capped:0 empty:0 hashmatch:0 no_change:44 remote_merge:0 rsync:0 ts_repl:0
Feb 23 08:29:54 np0005626459 account-server[124525]: Beginning replication run
Feb 23 08:29:54 np0005626459 account-server[124525]: Replication run OVER
Feb 23 08:29:54 np0005626459 account-server[124525]: Attempted to replicate 1 dbs in 0.02093 seconds (47.76926/s)
Feb 23 08:29:54 np0005626459 account-server[124525]: Removed 0 dbs
Feb 23 08:29:54 np0005626459 account-server[124525]: 2 successes, 0 failures
Feb 23 08:29:54 np0005626459 account-server[124525]: diff:0 diff_capped:0 empty:0 hashmatch:0 no_change:2 remote_merge:0 rsync:0 ts_repl:0
Feb 23 08:30:04 np0005626459 object-server[254814]: Begin object audit "forever" mode (ZBF)
Feb 23 08:30:04 np0005626459 object-server[254814]: Object audit (ZBF). Since Mon Feb 23 08:30:04 2026: Locally: 1 passed, 0 quarantined, 0 errors, files/sec: 878.20, bytes/sec: 0.00, Total time: 0.00, Auditing time: 0.00, Rate: 0.00
Feb 23 08:30:05 np0005626459 object-server[254814]: Object audit (ZBF) "forever" mode completed: 1.12s. Total quarantined: 0, Total errors: 0, Total files/sec: 50.78, Total bytes/sec: 0.00, Auditing time: 1.11, Rate: 0.99
Feb 23 08:30:11 np0005626459 object-server[125384]: Starting object replication pass.
Feb 23 08:30:12 np0005626459 object-server[125384]: 54/54 (100.00%) partitions replicated in 1.15s (46.76/sec, 0s remaining)
Feb 23 08:30:12 np0005626459 object-server[125384]: 108 successes, 0 failures
Feb 23 08:30:12 np0005626459 object-server[125384]: 57 suffixes checked - 42.11% hashed, 0.00% synced
Feb 23 08:30:12 np0005626459 object-server[125384]: Partition times: max 0.0391s, min 0.0074s, med 0.0143s
Feb 23 08:30:12 np0005626459 object-server[125384]: Object replication complete. (0.02 minutes)
Feb 23 08:30:19 np0005626459 container-server[124969]: Beginning replication run
