Feb 23 08:24:43 np0005626459 object-server[125811]: 172.20.0.105 - - [23/Feb/2026:08:24:43 +0000] "GET /d1/184/AUTH_d351b5d019cd497ab1d84160f10b653c/gnocchi.2006331c-4bf4-4bc2-bafa-b6d01219e73a/none_v3" 404 70 "GET http://172.18.0.134:8080/v1/AUTH_d351b5d019cd497ab1d84160f10b653c/gnocchi.2006331c-4bf4-4bc2-bafa-b6d01219e73a/none_v3" "txa941dc5ddfa94cf88b830-00699c0ecb" "proxy-server 20" 0.0007 "-" 23 0
Feb 23 08:24:43 np0005626459 container-server[125555]: 172.20.0.103 - - [23/Feb/2026:08:24:43 +0000] "HEAD /d1/931/AUTH_d351b5d019cd497ab1d84160f10b653c/gnocchi.815f70e1-ec9a-4abf-8604-b6ebe6f65d13" 404 - "HEAD http://172.18.0.134:8080/v1/AUTH_d351b5d019cd497ab1d84160f10b653c/gnocchi.815f70e1-ec9a-4abf-8604-b6ebe6f65d13?format=json&states=listing" "txde07bb6d1d584aa2b4925-00699c0ecb" "proxy-server 20" 0.0002 "-" 23 0
Feb 23 08:24:43 np0005626459 container-server[125537]: 172.20.0.105 - - [23/Feb/2026:08:24:43 +0000] "HEAD /d1/602/AUTH_d351b5d019cd497ab1d84160f10b653c/gnocchi.3be5ab82-59d1-486f-86d4-ae944e1266d2" 404 - "HEAD http://172.18.0.134:8080/v1/AUTH_d351b5d019cd497ab1d84160f10b653c/gnocchi.3be5ab82-59d1-486f-86d4-ae944e1266d2?format=json&states=listing" "txe3cc600f688447cb90603-00699c0ecb" "proxy-server 20" 0.0007 "-" 22 0
Feb 23 08:24:43 np0005626459 account-server[124973]: 172.20.0.103 - - [23/Feb/2026:08:24:43 +0000] "PUT /d1/979/AUTH_d351b5d019cd497ab1d84160f10b653c/gnocchi.2006331c-4bf4-4bc2-bafa-b6d01219e73a" 201 - "PUT http://172.20.0.103:6001/d1/752/AUTH_d351b5d019cd497ab1d84160f10b653c/gnocchi.2006331c-4bf4-4bc2-bafa-b6d01219e73a" "txeba6593302c54dfea0aa7-00699c0ecb" "container-server 23" 0.0055 "-" 22 0
Feb 23 08:24:43 np0005626459 container-server[125555]: 172.20.0.104 - - [23/Feb/2026:08:24:43 +0000] "PUT /d1/752/AUTH_d351b5d019cd497ab1d84160f10b653c/gnocchi.2006331c-4bf4-4bc2-bafa-b6d01219e73a" 201 - "PUT http://172.18.0.134:8080/v1/AUTH_d351b5d019cd497ab1d84160f10b653c/gnocchi.2006331c-4bf4-4bc2-bafa-b6d01219e73a" "txeba6593302c54dfea0aa7-00699c0ecb" "proxy-server 20" 0.0143 "-" 23 0
Feb 23 08:24:43 np0005626459 object-server[125833]: 172.20.0.105 - - [23/Feb/2026:08:24:43 +0000] "GET /d1/476/AUTH_d351b5d019cd497ab1d84160f10b653c/gnocchi.3be5ab82-59d1-486f-86d4-ae944e1266d2/none_v3" 404 70 "GET http://172.18.0.134:8080/v1/AUTH_d351b5d019cd497ab1d84160f10b653c/gnocchi.3be5ab82-59d1-486f-86d4-ae944e1266d2/none_v3" "txe3cc600f688447cb90603-00699c0ecb" "proxy-server 20" 0.0005 "-" 25 0
Feb 23 08:24:43 np0005626459 object-server[125811]: 172.20.0.103 - - [23/Feb/2026:08:24:43 +0000] "GET /d1/229/AUTH_d351b5d019cd497ab1d84160f10b653c/gnocchi.815f70e1-ec9a-4abf-8604-b6ebe6f65d13/none_v3" 404 70 "GET http://172.18.0.134:8080/v1/AUTH_d351b5d019cd497ab1d84160f10b653c/gnocchi.815f70e1-ec9a-4abf-8604-b6ebe6f65d13/none_v3" "txde07bb6d1d584aa2b4925-00699c0ecb" "proxy-server 20" 0.0004 "-" 23 0
Feb 23 08:24:43 np0005626459 proxy-server[127031]: 172.18.0.134 172.18.0.104 23/Feb/2026/08/24/43 GET /v1/AUTH_d351b5d019cd497ab1d84160f10b653c/gnocchi.815f70e1-ec9a-4abf-8604-b6ebe6f65d13/none_v3 HTTP/1.0 404 - python-swiftclient-3.11.1 gAAAAABpnA5xJZZ6... - 70 - txde07bb6d1d584aa2b4925-00699c0ecb - 0.0306 - - 1771835083.219838619 1771835083.250485182 0
Feb 23 08:24:43 np0005626459 container-server[125515]: 172.20.0.104 - - [23/Feb/2026:08:24:43 +0000] "HEAD /d1/752/AUTH_d351b5d019cd497ab1d84160f10b653c/gnocchi.2006331c-4bf4-4bc2-bafa-b6d01219e73a" 204 - "HEAD http://172.18.0.134:8080/v1/AUTH_d351b5d019cd497ab1d84160f10b653c/gnocchi.2006331c-4bf4-4bc2-bafa-b6d01219e73a?format=json&states=listing" "txebbe955f2da847399bbb3-00699c0ecb" "proxy-server 20" 0.0017 "-" 21 0
Feb 23 08:24:43 np0005626459 account-server[124963]: 172.20.0.103 - - [23/Feb/2026:08:24:43 +0000] "PUT /d1/979/AUTH_d351b5d019cd497ab1d84160f10b653c/gnocchi.815f70e1-ec9a-4abf-8604-b6ebe6f65d13" 201 - "PUT http://172.20.0.103:6001/d1/931/AUTH_d351b5d019cd497ab1d84160f10b653c/gnocchi.815f70e1-ec9a-4abf-8604-b6ebe6f65d13" "tx0d2e909afb5541b6851f3-00699c0ecb" "container-server 20" 0.0055 "-" 20 0
Feb 23 08:24:43 np0005626459 container-server[125509]: 172.20.0.103 - - [23/Feb/2026:08:24:43 +0000] "PUT /d1/931/AUTH_d351b5d019cd497ab1d84160f10b653c/gnocchi.815f70e1-ec9a-4abf-8604-b6ebe6f65d13" 201 - "PUT http://172.18.0.134:8080/v1/AUTH_d351b5d019cd497ab1d84160f10b653c/gnocchi.815f70e1-ec9a-4abf-8604-b6ebe6f65d13" "tx0d2e909afb5541b6851f3-00699c0ecb" "proxy-server 20" 0.0214 "-" 20 0
Feb 23 08:24:43 np0005626459 account-server[124971]: 172.20.0.103 - - [23/Feb/2026:08:24:43 +0000] "PUT /d1/979/AUTH_d351b5d019cd497ab1d84160f10b653c/gnocchi.3be5ab82-59d1-486f-86d4-ae944e1266d2" 201 - "PUT http://172.20.0.103:6001/d1/602/AUTH_d351b5d019cd497ab1d84160f10b653c/gnocchi.3be5ab82-59d1-486f-86d4-ae944e1266d2" "tx2728d585d5294cc983a5d-00699c0ecb" "container-server 21" 0.0164 "-" 21 0
Feb 23 08:24:43 np0005626459 container-server[125515]: 172.20.0.105 - - [23/Feb/2026:08:24:43 +0000] "PUT /d1/602/AUTH_d351b5d019cd497ab1d84160f10b653c/gnocchi.3be5ab82-59d1-486f-86d4-ae944e1266d2" 201 - "PUT http://172.18.0.134:8080/v1/AUTH_d351b5d019cd497ab1d84160f10b653c/gnocchi.3be5ab82-59d1-486f-86d4-ae944e1266d2" "tx2728d585d5294cc983a5d-00699c0ecb" "proxy-server 20" 0.0279 "-" 21 0
Feb 23 08:24:43 np0005626459 proxy-server[127031]: 172.18.0.134 172.18.0.104 23/Feb/2026/08/24/43 PUT /v1/AUTH_d351b5d019cd497ab1d84160f10b653c/gnocchi.815f70e1-ec9a-4abf-8604-b6ebe6f65d13 HTTP/1.0 201 - python-swiftclient-3.11.1 gAAAAABpnA5xJZZ6... - - - tx0d2e909afb5541b6851f3-00699c0ecb - 0.0394 - - 1771835083.254667521 1771835083.294116259 0
Feb 23 08:24:43 np0005626459 proxy-server[127031]: - - 23/Feb/2026/08/24/43 HEAD /v1/AUTH_d351b5d019cd497ab1d84160f10b653c/gnocchi.815f70e1-ec9a-4abf-8604-b6ebe6f65d13%3Fformat%3Djson%26states%3Dlisting HTTP/1.0 204 - Swift - - - - txae68fa0c48c2420198786-00699c0ecb - 0.0050 RL - 1771835083.299868584 1771835083.304832458 0
Feb 23 08:24:43 np0005626459 object-server[125833]: 172.20.0.104 - - [23/Feb/2026:08:24:43 +0000] "GET /d1/523/AUTH_d351b5d019cd497ab1d84160f10b653c/gnocchi.2006331c-4bf4-4bc2-bafa-b6d01219e73a/1771200000.0_mean_300.0_v3" 404 70 "GET http://172.18.0.134:8080/v1/AUTH_d351b5d019cd497ab1d84160f10b653c/gnocchi.2006331c-4bf4-4bc2-bafa-b6d01219e73a/1771200000.0_mean_300.0_v3" "txeffb76cb556d4b878570c-00699c0ecb" "proxy-server 20" 0.0007 "-" 25 0
Feb 23 08:24:43 np0005626459 container-server[125515]: 172.20.0.103 - - [23/Feb/2026:08:24:43 +0000] "GET /d1/931/AUTH_d351b5d019cd497ab1d84160f10b653c/gnocchi.815f70e1-ec9a-4abf-8604-b6ebe6f65d13" 200 2 "GET http://172.18.0.134:8080/v1/AUTH_d351b5d019cd497ab1d84160f10b653c/gnocchi.815f70e1-ec9a-4abf-8604-b6ebe6f65d13?format=json&states=listing" "txae68fa0c48c2420198786-00699c0ecb" "proxy-server 20" 0.0020 "-" 21 0
Feb 23 08:24:43 np0005626459 proxy-server[127031]: 172.18.0.134 172.18.0.104 23/Feb/2026/08/24/43 GET /v1/AUTH_d351b5d019cd497ab1d84160f10b653c/gnocchi.815f70e1-ec9a-4abf-8604-b6ebe6f65d13%3Fformat%3Djson%26states%3Dlisting HTTP/1.0 200 - python-swiftclient-3.11.1 gAAAAABpnA5xJZZ6... - 2 - txae68fa0c48c2420198786-00699c0ecb - 0.0147 - - 1771835083.298040390 1771835083.312746763 0
Feb 23 08:24:43 np0005626459 container-server[125555]: 172.20.0.105 - - [23/Feb/2026:08:24:43 +0000] "GET /d1/602/AUTH_d351b5d019cd497ab1d84160f10b653c/gnocchi.3be5ab82-59d1-486f-86d4-ae944e1266d2" 200 2 "GET http://172.18.0.134:8080/v1/AUTH_d351b5d019cd497ab1d84160f10b653c/gnocchi.3be5ab82-59d1-486f-86d4-ae944e1266d2?format=json&states=listing" "txf4e0ccf2aba441f8a56ce-00699c0ecb" "proxy-server 20" 0.0026 "-" 23 0
Feb 23 08:24:43 np0005626459 object-server[125814]: 172.20.0.103 - - [23/Feb/2026:08:24:43 +0000] "GET /d1/433/AUTH_d351b5d019cd497ab1d84160f10b653c/gnocchi.815f70e1-ec9a-4abf-8604-b6ebe6f65d13/1771200000.0_mean_300.0_v3" 404 70 "GET http://172.18.0.134:8080/v1/AUTH_d351b5d019cd497ab1d84160f10b653c/gnocchi.815f70e1-ec9a-4abf-8604-b6ebe6f65d13/1771200000.0_mean_300.0_v3" "txd5db3862a34e44b18963a-00699c0ecb" "proxy-server 20" 0.0004 "-" 24 0
Feb 23 08:24:43 np0005626459 proxy-server[127031]: 172.18.0.134 172.18.0.104 23/Feb/2026/08/24/43 GET /v1/AUTH_d351b5d019cd497ab1d84160f10b653c/gnocchi.815f70e1-ec9a-4abf-8604-b6ebe6f65d13/1771200000.0_mean_300.0_v3 HTTP/1.0 404 - python-swiftclient-3.11.1 gAAAAABpnA5xJZZ6... - 70 - txd5db3862a34e44b18963a-00699c0ecb - 0.0134 - - 1771835083.315683842 1771835083.329132795 0
Feb 23 08:24:43 np0005626459 object-server[125811]: 172.20.0.105 - - [23/Feb/2026:08:24:43 +0000] "GET /d1/488/AUTH_d351b5d019cd497ab1d84160f10b653c/gnocchi.3be5ab82-59d1-486f-86d4-ae944e1266d2/1771200000.0_mean_300.0_v3" 404 70 "GET http://172.18.0.134:8080/v1/AUTH_d351b5d019cd497ab1d84160f10b653c/gnocchi.3be5ab82-59d1-486f-86d4-ae944e1266d2/1771200000.0_mean_300.0_v3" "tx7208d1d62d3c43f299312-00699c0ecb" "proxy-server 20" 0.0007 "-" 23 0
Feb 23 08:24:43 np0005626459 container-server[125515]: 172.20.0.103 - - [23/Feb/2026:08:24:43 +0000] "PUT /d1/752/AUTH_d351b5d019cd497ab1d84160f10b653c/gnocchi.2006331c-4bf4-4bc2-bafa-b6d01219e73a/1771200000.0_mean_300.0_v3" 201 - "PUT http://172.18.0.134:8080/d1/523/AUTH_d351b5d019cd497ab1d84160f10b653c/gnocchi.2006331c-4bf4-4bc2-bafa-b6d01219e73a/1771200000.0_mean_300.0_v3" "txeba07f59709a4ca78c1f6-00699c0ecb" "object-server 25" 0.0012 "-" 21 0
Feb 23 08:24:43 np0005626459 object-server[125833]: 172.20.0.104 - - [23/Feb/2026:08:24:43 +0000] "PUT /d1/523/AUTH_d351b5d019cd497ab1d84160f10b653c/gnocchi.2006331c-4bf4-4bc2-bafa-b6d01219e73a/1771200000.0_mean_300.0_v3" 201 - "PUT http://172.18.0.134:8080/v1/AUTH_d351b5d019cd497ab1d84160f10b653c/gnocchi.2006331c-4bf4-4bc2-bafa-b6d01219e73a/1771200000.0_mean_300.0_v3" "txeba07f59709a4ca78c1f6-00699c0ecb" "proxy-server 20" 0.0146 "-" 25 0
Feb 23 08:24:43 np0005626459 container-server[125509]: 172.20.0.104 - - [23/Feb/2026:08:24:43 +0000] "PUT /d1/931/AUTH_d351b5d019cd497ab1d84160f10b653c/gnocchi.815f70e1-ec9a-4abf-8604-b6ebe6f65d13/1771200000.0_mean_300.0_v3" 201 - "PUT http://172.18.0.134:8080/d1/433/AUTH_d351b5d019cd497ab1d84160f10b653c/gnocchi.815f70e1-ec9a-4abf-8604-b6ebe6f65d13/1771200000.0_mean_300.0_v3" "tx0ecac19ef9f143b488f6d-00699c0ecb" "object-server 22" 0.0009 "-" 20 0
Feb 23 08:24:43 np0005626459 object-server[125811]: 172.20.0.103 - - [23/Feb/2026:08:24:43 +0000] "PUT /d1/433/AUTH_d351b5d019cd497ab1d84160f10b653c/gnocchi.815f70e1-ec9a-4abf-8604-b6ebe6f65d13/1771200000.0_mean_300.0_v3" 201 - "PUT http://172.18.0.134:8080/v1/AUTH_d351b5d019cd497ab1d84160f10b653c/gnocchi.815f70e1-ec9a-4abf-8604-b6ebe6f65d13/1771200000.0_mean_300.0_v3" "tx0ecac19ef9f143b488f6d-00699c0ecb" "proxy-server 20" 0.0136 "-" 23 0
Feb 23 08:24:43 np0005626459 proxy-server[127031]: 172.18.0.134 172.18.0.104 23/Feb/2026/08/24/43 PUT /v1/AUTH_d351b5d019cd497ab1d84160f10b653c/gnocchi.815f70e1-ec9a-4abf-8604-b6ebe6f65d13/1771200000.0_mean_300.0_v3 HTTP/1.0 201 - python-swiftclient-3.11.1 gAAAAABpnA5xJZZ6... 16 - - tx0ecac19ef9f143b488f6d-00699c0ecb - 0.0229 - - 1771835083.331426859 1771835083.354354382 0
Feb 23 08:24:43 np0005626459 container-server[125509]: 172.20.0.105 - - [23/Feb/2026:08:24:43 +0000] "PUT /d1/602/AUTH_d351b5d019cd497ab1d84160f10b653c/gnocchi.3be5ab82-59d1-486f-86d4-ae944e1266d2/1771200000.0_mean_300.0_v3" 201 - "PUT http://172.18.0.134:8080/d1/488/AUTH_d351b5d019cd497ab1d84160f10b653c/gnocchi.3be5ab82-59d1-486f-86d4-ae944e1266d2/1771200000.0_mean_300.0_v3" "txc8005e3738724577a3990-00699c0ecb" "object-server 21" 0.0010 "-" 20 0
Feb 23 08:24:43 np0005626459 object-server[125833]: 172.20.0.105 - - [23/Feb/2026:08:24:43 +0000] "PUT /d1/488/AUTH_d351b5d019cd497ab1d84160f10b653c/gnocchi.3be5ab82-59d1-486f-86d4-ae944e1266d2/1771200000.0_mean_300.0_v3" 201 - "PUT http://172.18.0.134:8080/v1/AUTH_d351b5d019cd497ab1d84160f10b653c/gnocchi.3be5ab82-59d1-486f-86d4-ae944e1266d2/1771200000.0_mean_300.0_v3" "txc8005e3738724577a3990-00699c0ecb" "proxy-server 20" 0.0142 "-" 25 0
Feb 23 08:24:43 np0005626459 container-server[125509]: 172.20.0.103 - - [23/Feb/2026:08:24:43 +0000] "PUT /d1/752/AUTH_d351b5d019cd497ab1d84160f10b653c/gnocchi.2006331c-4bf4-4bc2-bafa-b6d01219e73a/none_v3" 201 - "PUT http://172.18.0.134:8080/d1/184/AUTH_d351b5d019cd497ab1d84160f10b653c/gnocchi.2006331c-4bf4-4bc2-bafa-b6d01219e73a/none_v3" "tx7d226e4bb9614808b2975-00699c0ecb" "object-server 24" 0.0004 "-" 20 0
Feb 23 08:24:43 np0005626459 object-server[125814]: 172.20.0.104 - - [23/Feb/2026:08:24:43 +0000] "PUT /d1/184/AUTH_d351b5d019cd497ab1d84160f10b653c/gnocchi.2006331c-4bf4-4bc2-bafa-b6d01219e73a/none_v3" 201 - "PUT http://172.18.0.134:8080/v1/AUTH_d351b5d019cd497ab1d84160f10b653c/gnocchi.2006331c-4bf4-4bc2-bafa-b6d01219e73a/none_v3" "tx7d226e4bb9614808b2975-00699c0ecb" "proxy-server 20" 0.0167 "-" 24 0
Feb 23 08:24:43 np0005626459 object-server[125814]: 172.20.0.103 - - [23/Feb/2026:08:24:43 +0000] "PUT /d1/229/AUTH_d351b5d019cd497ab1d84160f10b653c/gnocchi.815f70e1-ec9a-4abf-8604-b6ebe6f65d13/none_v3" 201 - "PUT http://172.18.0.134:8080/v1/AUTH_d351b5d019cd497ab1d84160f10b653c/gnocchi.815f70e1-ec9a-4abf-8604-b6ebe6f65d13/none_v3" "tx30bb4d915f93433198325-00699c0ecb" "proxy-server 20" 0.0106 "-" 24 0
Feb 23 08:24:43 np0005626459 container-server[125515]: 172.20.0.105 - - [23/Feb/2026:08:24:43 +0000] "PUT /d1/931/AUTH_d351b5d019cd497ab1d84160f10b653c/gnocchi.815f70e1-ec9a-4abf-8604-b6ebe6f65d13/none_v3" 201 - "PUT http://172.18.0.134:8080/d1/229/AUTH_d351b5d019cd497ab1d84160f10b653c/gnocchi.815f70e1-ec9a-4abf-8604-b6ebe6f65d13/none_v3" "tx30bb4d915f93433198325-00699c0ecb" "object-server 25" 0.0007 "-" 21 0
Feb 23 08:24:43 np0005626459 proxy-server[127031]: 172.18.0.134 172.18.0.104 23/Feb/2026/08/24/43 PUT /v1/AUTH_d351b5d019cd497ab1d84160f10b653c/gnocchi.815f70e1-ec9a-4abf-8604-b6ebe6f65d13/none_v3 HTTP/1.0 201 - python-swiftclient-3.11.1 gAAAAABpnA5xJZZ6... 22 - - tx30bb4d915f93433198325-00699c0ecb - 0.0223 - - 1771835083.357916117 1771835083.380218267 0
Feb 23 08:24:43 np0005626459 container-server[125515]: 172.20.0.103 - - [23/Feb/2026:08:24:43 +0000] "HEAD /d1/988/AUTH_d351b5d019cd497ab1d84160f10b653c/gnocchi.45ee1f1b-219e-4de5-9f51-a477b96343e7" 404 - "HEAD http://172.18.0.134:8080/v1/AUTH_d351b5d019cd497ab1d84160f10b653c/gnocchi.45ee1f1b-219e-4de5-9f51-a477b96343e7?format=json&states=listing" "tx9addb5d16bcf470294fa8-00699c0ecb" "proxy-server 20" 0.0007 "-" 21 0
Feb 23 08:24:43 np0005626459 container-server[125509]: 172.20.0.104 - - [23/Feb/2026:08:24:43 +0000] "PUT /d1/602/AUTH_d351b5d019cd497ab1d84160f10b653c/gnocchi.3be5ab82-59d1-486f-86d4-ae944e1266d2/none_v3" 201 - "PUT http://172.18.0.134:8080/d1/476/AUTH_d351b5d019cd497ab1d84160f10b653c/gnocchi.3be5ab82-59d1-486f-86d4-ae944e1266d2/none_v3" "tx86daec334ff04a37bbe29-00699c0ecb" "object-server 25" 0.0010 "-" 20 0
Feb 23 08:24:43 np0005626459 object-server[125801]: 172.20.0.105 - - [23/Feb/2026:08:24:43 +0000] "PUT /d1/476/AUTH_d351b5d019cd497ab1d84160f10b653c/gnocchi.3be5ab82-59d1-486f-86d4-ae944e1266d2/none_v3" 201 - "PUT http://172.18.0.134:8080/v1/AUTH_d351b5d019cd497ab1d84160f10b653c/gnocchi.3be5ab82-59d1-486f-86d4-ae944e1266d2/none_v3" "tx86daec334ff04a37bbe29-00699c0ecb" "proxy-server 20" 0.0133 "-" 22 0
Feb 23 08:24:43 np0005626459 container-server[125509]: 172.20.0.104 - - [23/Feb/2026:08:24:43 +0000] "HEAD /d1/685/AUTH_d351b5d019cd497ab1d84160f10b653c/gnocchi.a9a3f913-6e88-4980-a5d3-395f971e818d" 404 - "HEAD http://172.18.0.134:8080/v1/AUTH_d351b5d019cd497ab1d84160f10b653c/gnocchi.a9a3f913-6e88-4980-a5d3-395f971e818d?format=json&states=listing" "tx8d52a3704e554482aab42-00699c0ecb" "proxy-server 20" 0.0005 "-" 20 0
Feb 23 08:24:43 np0005626459 object-server[125814]: 172.20.0.104 - - [23/Feb/2026:08:24:43 +0000] "GET /d1/568/AUTH_d351b5d019cd497ab1d84160f10b653c/gnocchi.a9a3f913-6e88-4980-a5d3-395f971e818d/none_v3" 404 70 "GET http://172.18.0.134:8080/v1/AUTH_d351b5d019cd497ab1d84160f10b653c/gnocchi.a9a3f913-6e88-4980-a5d3-395f971e818d/none_v3" "tx8d52a3704e554482aab42-00699c0ecb" "proxy-server 20" 0.0003 "-" 24 0
Feb 23 08:24:43 np0005626459 object-server[125833]: 172.20.0.103 - - [23/Feb/2026:08:24:43 +0000] "GET /d1/290/AUTH_d351b5d019cd497ab1d84160f10b653c/gnocchi.45ee1f1b-219e-4de5-9f51-a477b96343e7/none_v3" 404 70 "GET http://172.18.0.134:8080/v1/AUTH_d351b5d019cd497ab1d84160f10b653c/gnocchi.45ee1f1b-219e-4de5-9f51-a477b96343e7/none_v3" "tx9addb5d16bcf470294fa8-00699c0ecb" "proxy-server 20" 0.0005 "-" 25 0
Feb 23 08:24:43 np0005626459 proxy-server[127031]: 172.18.0.134 172.18.0.104 23/Feb/2026/08/24/43 GET /v1/AUTH_d351b5d019cd497ab1d84160f10b653c/gnocchi.45ee1f1b-219e-4de5-9f51-a477b96343e7/none_v3 HTTP/1.0 404 - python-swiftclient-3.11.1 gAAAAABpnA5xJZZ6... - 70 - tx9addb5d16bcf470294fa8-00699c0ecb - 0.0280 - - 1771835083.396640062 1771835083.424636602 0
Feb 23 08:24:43 np0005626459 container-server[125537]: 172.20.0.105 - - [23/Feb/2026:08:24:43 +0000] "HEAD /d1/86/AUTH_d351b5d019cd497ab1d84160f10b653c/gnocchi.d2661c51-987b-4292-b272-bb9565a975d0" 404 - "HEAD http://172.18.0.134:8080/v1/AUTH_d351b5d019cd497ab1d84160f10b653c/gnocchi.d2661c51-987b-4292-b272-bb9565a975d0?format=json&states=listing" "tx36eda49273e346bfbdde9-00699c0ecb" "proxy-server 20" 0.0009 "-" 22 0
Feb 23 08:24:43 np0005626459 container-server[125515]: 172.20.0.103 - - [23/Feb/2026:08:24:43 +0000] "PUT /d1/988/AUTH_d351b5d019cd497ab1d84160f10b653c/gnocchi.45ee1f1b-219e-4de5-9f51-a477b96343e7" 201 - "PUT http://172.18.0.134:8080/v1/AUTH_d351b5d019cd497ab1d84160f10b653c/gnocchi.45ee1f1b-219e-4de5-9f51-a477b96343e7" "tx5af6d1cef37f4712a777f-00699c0ecb" "proxy-server 20" 0.0219 "-" 21 0
Feb 23 08:24:43 np0005626459 object-server[125801]: 172.20.0.105 - - [23/Feb/2026:08:24:43 +0000] "GET /d1/476/AUTH_d351b5d019cd497ab1d84160f10b653c/gnocchi.d2661c51-987b-4292-b272-bb9565a975d0/none_v3" 404 70 "GET http://172.18.0.134:8080/v1/AUTH_d351b5d019cd497ab1d84160f10b653c/gnocchi.d2661c51-987b-4292-b272-bb9565a975d0/none_v3" "tx36eda49273e346bfbdde9-00699c0ecb" "proxy-server 20" 0.0004 "-" 22 0
Feb 23 08:24:43 np0005626459 account-server[124971]: 172.20.0.103 - - [23/Feb/2026:08:24:43 +0000] "PUT /d1/979/AUTH_d351b5d019cd497ab1d84160f10b653c/gnocchi.a9a3f913-6e88-4980-a5d3-395f971e818d" 201 - "PUT http://172.20.0.103:6001/d1/685/AUTH_d351b5d019cd497ab1d84160f10b653c/gnocchi.a9a3f913-6e88-4980-a5d3-395f971e818d" "txec6ba418c6514e8d9b57d-00699c0ecb" "container-server 20" 0.0071 "-" 21 0
Feb 23 08:24:43 np0005626459 container-server[125509]: 172.20.0.104 - - [23/Feb/2026:08:24:43 +0000] "PUT /d1/685/AUTH_d351b5d019cd497ab1d84160f10b653c/gnocchi.a9a3f913-6e88-4980-a5d3-395f971e818d" 201 - "PUT http://172.18.0.134:8080/v1/AUTH_d351b5d019cd497ab1d84160f10b653c/gnocchi.a9a3f913-6e88-4980-a5d3-395f971e818d" "txec6ba418c6514e8d9b57d-00699c0ecb" "proxy-server 20" 0.0237 "-" 20 0
Feb 23 08:24:43 np0005626459 account-server[124963]: 172.20.0.104 - - [23/Feb/2026:08:24:43 +0000] "PUT /d1/979/AUTH_d351b5d019cd497ab1d84160f10b653c/gnocchi.45ee1f1b-219e-4de5-9f51-a477b96343e7" 201 - "PUT http://172.20.0.104:6001/d1/988/AUTH_d351b5d019cd497ab1d84160f10b653c/gnocchi.45ee1f1b-219e-4de5-9f51-a477b96343e7" "tx5af6d1cef37f4712a777f-00699c0ecb" "container-server 14" 0.0166 "-" 20 0
Feb 23 08:24:43 np0005626459 proxy-server[127031]: 172.18.0.134 172.18.0.104 23/Feb/2026/08/24/43 PUT /v1/AUTH_d351b5d019cd497ab1d84160f10b653c/gnocchi.45ee1f1b-219e-4de5-9f51-a477b96343e7 HTTP/1.0 201 - python-swiftclient-3.11.1 gAAAAABpnA5xJZZ6... - - - tx5af6d1cef37f4712a777f-00699c0ecb - 0.0483 - - 1771835083.428206682 1771835083.476494074 0
Feb 23 08:24:43 np0005626459 container-server[125537]: 172.20.0.103 - - [23/Feb/2026:08:24:43 +0000] "HEAD /d1/988/AUTH_d351b5d019cd497ab1d84160f10b653c/gnocchi.45ee1f1b-219e-4de5-9f51-a477b96343e7" 204 - "HEAD http://172.18.0.134:8080/v1/AUTH_d351b5d019cd497ab1d84160f10b653c/gnocchi.45ee1f1b-219e-4de5-9f51-a477b96343e7?format=json&states=listing" "tx8213df020a1d41f4b3797-00699c0ecb" "proxy-server 20" 0.0025 "-" 22 0
Feb 23 08:24:43 np0005626459 proxy-server[127031]: - - 23/Feb/2026/08/24/43 HEAD /v1/AUTH_d351b5d019cd497ab1d84160f10b653c/gnocchi.45ee1f1b-219e-4de5-9f51-a477b96343e7%3Fformat%3Djson%26states%3Dlisting HTTP/1.0 204 - Swift - - - - tx8213df020a1d41f4b3797-00699c0ecb - 0.0067 RL - 1771835083.483569622 1771835083.490303993 0
Feb 23 08:24:43 np0005626459 account-server[124973]: 172.20.0.103 - - [23/Feb/2026:08:24:43 +0000] "PUT /d1/979/AUTH_d351b5d019cd497ab1d84160f10b653c/gnocchi.d2661c51-987b-4292-b272-bb9565a975d0" 201 - "PUT http://172.20.0.103:6001/d1/86/AUTH_d351b5d019cd497ab1d84160f10b653c/gnocchi.d2661c51-987b-4292-b272-bb9565a975d0" "tx0d916f116a23489788ee5-00699c0ecb" "container-server 23" 0.0060 "-" 22 0
Feb 23 08:24:43 np0005626459 container-server[125555]: 172.20.0.105 - - [23/Feb/2026:08:24:43 +0000] "PUT /d1/86/AUTH_d351b5d019cd497ab1d84160f10b653c/gnocchi.d2661c51-987b-4292-b272-bb9565a975d0" 201 - "PUT http://172.18.0.134:8080/v1/AUTH_d351b5d019cd497ab1d84160f10b653c/gnocchi.d2661c51-987b-4292-b272-bb9565a975d0" "tx0d916f116a23489788ee5-00699c0ecb" "proxy-server 20" 0.0191 "-" 23 0
Feb 23 08:24:43 np0005626459 proxy-server[127031]: 172.18.0.134 172.18.0.104 23/Feb/2026/08/24/43 GET /v1/AUTH_d351b5d019cd497ab1d84160f10b653c/gnocchi.45ee1f1b-219e-4de5-9f51-a477b96343e7%3Fformat%3Djson%26states%3Dlisting HTTP/1.0 200 - python-swiftclient-3.11.1 gAAAAABpnA5xJZZ6... - 2 - tx8213df020a1d41f4b3797-00699c0ecb - 0.0170 - - 1771835083.481697798 1771835083.498689175 0
Feb 23 08:24:43 np0005626459 object-server[125814]: 172.20.0.103 - - [23/Feb/2026:08:24:43 +0000] "GET /d1/951/AUTH_d351b5d019cd497ab1d84160f10b653c/gnocchi.45ee1f1b-219e-4de5-9f51-a477b96343e7/1771200000.0_mean_300.0_v3" 404 70 "GET http://172.18.0.134:8080/v1/AUTH_d351b5d019cd497ab1d84160f10b653c/gnocchi.45ee1f1b-219e-4de5-9f51-a477b96343e7/1771200000.0_mean_300.0_v3" "tx16a40aaeaa6144548ca84-00699c0ecb" "proxy-server 20" 0.0006 "-" 24 0
Feb 23 08:24:43 np0005626459 object-server[125801]: 172.20.0.104 - - [23/Feb/2026:08:24:43 +0000] "GET /d1/3/AUTH_d351b5d019cd497ab1d84160f10b653c/gnocchi.a9a3f913-6e88-4980-a5d3-395f971e818d/1771200000.0_mean_300.0_v3" 404 70 "GET http://172.18.0.134:8080/v1/AUTH_d351b5d019cd497ab1d84160f10b653c/gnocchi.a9a3f913-6e88-4980-a5d3-395f971e818d/1771200000.0_mean_300.0_v3" "tx301e442c23844f46a00dc-00699c0ecb" "proxy-server 20" 0.0005 "-" 22 0
Feb 23 08:24:43 np0005626459 proxy-server[127031]: 172.18.0.134 172.18.0.104 23/Feb/2026/08/24/43 GET /v1/AUTH_d351b5d019cd497ab1d84160f10b653c/gnocchi.45ee1f1b-219e-4de5-9f51-a477b96343e7/1771200000.0_mean_300.0_v3 HTTP/1.0 404 - python-swiftclient-3.11.1 gAAAAABpnA5xJZZ6... - 70 - tx16a40aaeaa6144548ca84-00699c0ecb - 0.0171 - - 1771835083.504065514 1771835083.521167278 0
Feb 23 08:24:43 np0005626459 object-server[125833]: 172.20.0.105 - - [23/Feb/2026:08:24:43 +0000] "GET /d1/132/AUTH_d351b5d019cd497ab1d84160f10b653c/gnocchi.d2661c51-987b-4292-b272-bb9565a975d0/1771200000.0_mean_300.0_v3" 404 70 "GET http://172.18.0.134:8080/v1/AUTH_d351b5d019cd497ab1d84160f10b653c/gnocchi.d2661c51-987b-4292-b272-bb9565a975d0/1771200000.0_mean_300.0_v3" "txa7e9fe1cd7064455868bc-00699c0ecb" "proxy-server 20" 0.0006 "-" 25 0
Feb 23 08:24:43 np0005626459 container-server[125555]: 172.20.0.103 - - [23/Feb/2026:08:24:43 +0000] "PUT /d1/988/AUTH_d351b5d019cd497ab1d84160f10b653c/gnocchi.45ee1f1b-219e-4de5-9f51-a477b96343e7/1771200000.0_mean_300.0_v3" 201 - "PUT http://172.18.0.134:8080/d1/951/AUTH_d351b5d019cd497ab1d84160f10b653c/gnocchi.45ee1f1b-219e-4de5-9f51-a477b96343e7/1771200000.0_mean_300.0_v3" "tx595b6936f85c4750bb428-00699c0ecb" "object-server 23" 0.0006 "-" 23 0
Feb 23 08:24:43 np0005626459 object-server[125811]: 172.20.0.103 - - [23/Feb/2026:08:24:43 +0000] "PUT /d1/951/AUTH_d351b5d019cd497ab1d84160f10b653c/gnocchi.45ee1f1b-219e-4de5-9f51-a477b96343e7/1771200000.0_mean_300.0_v3" 201 - "PUT http://172.18.0.134:8080/v1/AUTH_d351b5d019cd497ab1d84160f10b653c/gnocchi.45ee1f1b-219e-4de5-9f51-a477b96343e7/1771200000.0_mean_300.0_v3" "tx595b6936f85c4750bb428-00699c0ecb" "proxy-server 20" 0.0130 "-" 23 0
Feb 23 08:24:43 np0005626459 proxy-server[127031]: 172.18.0.134 172.18.0.104 23/Feb/2026/08/24/43 PUT /v1/AUTH_d351b5d019cd497ab1d84160f10b653c/gnocchi.45ee1f1b-219e-4de5-9f51-a477b96343e7/1771200000.0_mean_300.0_v3 HTTP/1.0 201 - python-swiftclient-3.11.1 gAAAAABpnA5xJZZ6... 16 - - tx595b6936f85c4750bb428-00699c0ecb - 0.0261 - - 1771835083.525279045 1771835083.551402807 0
Feb 23 08:24:43 np0005626459 container-server[125537]: 172.20.0.103 - - [23/Feb/2026:08:24:43 +0000] "PUT /d1/685/AUTH_d351b5d019cd497ab1d84160f10b653c/gnocchi.a9a3f913-6e88-4980-a5d3-395f971e818d/1771200000.0_mean_300.0_v3" 201 - "PUT http://172.18.0.134:8080/d1/3/AUTH_d351b5d019cd497ab1d84160f10b653c/gnocchi.a9a3f913-6e88-4980-a5d3-395f971e818d/1771200000.0_mean_300.0_v3" "tx87c65fe6f1a143e39268d-00699c0ecb" "object-server 23" 0.0013 "-" 22 0
Feb 23 08:24:43 np0005626459 object-server[125811]: 172.20.0.104 - - [23/Feb/2026:08:24:43 +0000] "PUT /d1/3/AUTH_d351b5d019cd497ab1d84160f10b653c/gnocchi.a9a3f913-6e88-4980-a5d3-395f971e818d/1771200000.0_mean_300.0_v3" 201 - "PUT http://172.18.0.134:8080/v1/AUTH_d351b5d019cd497ab1d84160f10b653c/gnocchi.a9a3f913-6e88-4980-a5d3-395f971e818d/1771200000.0_mean_300.0_v3" "tx87c65fe6f1a143e39268d-00699c0ecb" "proxy-server 20" 0.0155 "-" 23 0
Feb 23 08:24:43 np0005626459 container-server[125515]: 172.20.0.105 - - [23/Feb/2026:08:24:43 +0000] "PUT /d1/86/AUTH_d351b5d019cd497ab1d84160f10b653c/gnocchi.d2661c51-987b-4292-b272-bb9565a975d0/1771200000.0_mean_300.0_v3" 201 - "PUT http://172.18.0.134:8080/d1/132/AUTH_d351b5d019cd497ab1d84160f10b653c/gnocchi.d2661c51-987b-4292-b272-bb9565a975d0/1771200000.0_mean_300.0_v3" "tx57b1a46ee7ac44dd8de0a-00699c0ecb" "object-server 25" 0.0006 "-" 21 0
Feb 23 08:24:43 np0005626459 object-server[125833]: 172.20.0.105 - - [23/Feb/2026:08:24:43 +0000] "PUT /d1/132/AUTH_d351b5d019cd497ab1d84160f10b653c/gnocchi.d2661c51-987b-4292-b272-bb9565a975d0/1771200000.0_mean_300.0_v3" 201 - "PUT http://172.18.0.134:8080/v1/AUTH_d351b5d019cd497ab1d84160f10b653c/gnocchi.d2661c51-987b-4292-b272-bb9565a975d0/1771200000.0_mean_300.0_v3" "tx57b1a46ee7ac44dd8de0a-00699c0ecb" "proxy-server 20" 0.0134 "-" 25 0
Feb 23 08:24:43 np0005626459 object-server[125801]: 172.20.0.103 - - [23/Feb/2026:08:24:43 +0000] "PUT /d1/290/AUTH_d351b5d019cd497ab1d84160f10b653c/gnocchi.45ee1f1b-219e-4de5-9f51-a477b96343e7/none_v3" 201 - "PUT http://172.18.0.134:8080/v1/AUTH_d351b5d019cd497ab1d84160f10b653c/gnocchi.45ee1f1b-219e-4de5-9f51-a477b96343e7/none_v3" "txfafaeae8107d44f7822ec-00699c0ecb" "proxy-server 20" 0.0158 "-" 22 0
Feb 23 08:24:43 np0005626459 container-server[125509]: 172.20.0.105 - - [23/Feb/2026:08:24:43 +0000] "PUT /d1/988/AUTH_d351b5d019cd497ab1d84160f10b653c/gnocchi.45ee1f1b-219e-4de5-9f51-a477b96343e7/none_v3" 201 - "PUT http://172.18.0.134:8080/d1/290/AUTH_d351b5d019cd497ab1d84160f10b653c/gnocchi.45ee1f1b-219e-4de5-9f51-a477b96343e7/none_v3" "txfafaeae8107d44f7822ec-00699c0ecb" "object-server 25" 0.0036 "-" 20 0
Feb 23 08:24:43 np0005626459 proxy-server[127031]: 172.18.0.134 172.18.0.104 23/Feb/2026/08/24/43 PUT /v1/AUTH_d351b5d019cd497ab1d84160f10b653c/gnocchi.45ee1f1b-219e-4de5-9f51-a477b96343e7/none_v3 HTTP/1.0 201 - python-swiftclient-3.11.1 gAAAAABpnA5xJZZ6... 22 - - txfafaeae8107d44f7822ec-00699c0ecb - 0.0264 - - 1771835083.555112362 1771835083.581552267 0
Feb 23 08:24:43 np0005626459 object-server[125811]: 172.20.0.104 - - [23/Feb/2026:08:24:43 +0000] "PUT /d1/568/AUTH_d351b5d019cd497ab1d84160f10b653c/gnocchi.a9a3f913-6e88-4980-a5d3-395f971e818d/none_v3" 201 - "PUT http://172.18.0.134:8080/v1/AUTH_d351b5d019cd497ab1d84160f10b653c/gnocchi.a9a3f913-6e88-4980-a5d3-395f971e818d/none_v3" "txb101b88bb2404de28feb7-00699c0ecb" "proxy-server 20" 0.0111 "-" 23 0
Feb 23 08:24:43 np0005626459 container-server[125509]: 172.20.0.104 - - [23/Feb/2026:08:24:43 +0000] "PUT /d1/685/AUTH_d351b5d019cd497ab1d84160f10b653c/gnocchi.a9a3f913-6e88-4980-a5d3-395f971e818d/none_v3" 201 - "PUT http://172.18.0.134:8080/d1/568/AUTH_d351b5d019cd497ab1d84160f10b653c/gnocchi.a9a3f913-6e88-4980-a5d3-395f971e818d/none_v3" "txb101b88bb2404de28feb7-00699c0ecb" "object-server 22" 0.0007 "-" 20 0
Feb 23 08:24:43 np0005626459 container-server[125515]: 172.20.0.105 - - [23/Feb/2026:08:24:43 +0000] "PUT /d1/86/AUTH_d351b5d019cd497ab1d84160f10b653c/gnocchi.d2661c51-987b-4292-b272-bb9565a975d0/none_v3" 201 - "PUT http://172.18.0.134:8080/d1/476/AUTH_d351b5d019cd497ab1d84160f10b653c/gnocchi.d2661c51-987b-4292-b272-bb9565a975d0/none_v3" "tx104bd38af87d4f058eb26-00699c0ecb" "object-server 22" 0.0004 "-" 21 0
Feb 23 08:24:43 np0005626459 object-server[125833]: 172.20.0.105 - - [23/Feb/2026:08:24:43 +0000] "PUT /d1/476/AUTH_d351b5d019cd497ab1d84160f10b653c/gnocchi.d2661c51-987b-4292-b272-bb9565a975d0/none_v3" 201 - "PUT http://172.18.0.134:8080/v1/AUTH_d351b5d019cd497ab1d84160f10b653c/gnocchi.d2661c51-987b-4292-b272-bb9565a975d0/none_v3" "tx104bd38af87d4f058eb26-00699c0ecb" "proxy-server 20" 0.0133 "-" 25 0
Feb 23 08:24:43 np0005626459 container-server[125515]: 172.20.0.103 - - [23/Feb/2026:08:24:43 +0000] "HEAD /d1/975/AUTH_d351b5d019cd497ab1d84160f10b653c/gnocchi.fa83dd2f-03fa-4931-9293-9d3f29a5d892" 404 - "HEAD http://172.18.0.134:8080/v1/AUTH_d351b5d019cd497ab1d84160f10b653c/gnocchi.fa83dd2f-03fa-4931-9293-9d3f29a5d892?format=json&states=listing" "tx764616d7bafe4f96b159d-00699c0ecb" "proxy-server 20" 0.0003 "-" 21 0
Feb 23 08:24:43 np0005626459 object-server[125811]: 172.20.0.103 - - [23/Feb/2026:08:24:43 +0000] "GET /d1/792/AUTH_d351b5d019cd497ab1d84160f10b653c/gnocchi.fa83dd2f-03fa-4931-9293-9d3f29a5d892/none_v3" 404 70 "GET http://172.18.0.134:8080/v1/AUTH_d351b5d019cd497ab1d84160f10b653c/gnocchi.fa83dd2f-03fa-4931-9293-9d3f29a5d892/none_v3" "tx764616d7bafe4f96b159d-00699c0ecb" "proxy-server 20" 0.0003 "-" 23 0
Feb 23 08:24:43 np0005626459 proxy-server[127031]: 172.18.0.134 172.18.0.104 23/Feb/2026/08/24/43 GET /v1/AUTH_d351b5d019cd497ab1d84160f10b653c/gnocchi.fa83dd2f-03fa-4931-9293-9d3f29a5d892/none_v3 HTTP/1.0 404 - python-swiftclient-3.11.1 gAAAAABpnA5xJZZ6... - 70 - tx764616d7bafe4f96b159d-00699c0ecb - 0.0245 - - 1771835083.608674526 1771835083.633151293 0
Feb 23 08:24:43 np0005626459 container-server[125537]: 172.20.0.104 - - [23/Feb/2026:08:24:43 +0000] "HEAD /d1/585/AUTH_d351b5d019cd497ab1d84160f10b653c/gnocchi.94c5af18-f79c-4a4f-bc99-8f29403606ca" 404 - "HEAD http://172.18.0.134:8080/v1/AUTH_d351b5d019cd497ab1d84160f10b653c/gnocchi.94c5af18-f79c-4a4f-bc99-8f29403606ca?format=json&states=listing" "tx638e7f6ae0c446debf365-00699c0ecb" "proxy-server 20" 0.0008 "-" 22 0
Feb 23 08:24:43 np0005626459 object-server[125811]: 172.20.0.104 - - [23/Feb/2026:08:24:43 +0000] "GET /d1/549/AUTH_d351b5d019cd497ab1d84160f10b653c/gnocchi.94c5af18-f79c-4a4f-bc99-8f29403606ca/none_v3" 404 70 "GET http://172.18.0.134:8080/v1/AUTH_d351b5d019cd497ab1d84160f10b653c/gnocchi.94c5af18-f79c-4a4f-bc99-8f29403606ca/none_v3" "tx638e7f6ae0c446debf365-00699c0ecb" "proxy-server 20" 0.0002 "-" 23 0
Feb 23 08:24:43 np0005626459 account-server[124979]: 172.20.0.103 - - [23/Feb/2026:08:24:43 +0000] "PUT /d1/979/AUTH_d351b5d019cd497ab1d84160f10b653c/gnocchi.fa83dd2f-03fa-4931-9293-9d3f29a5d892" 201 - "PUT http://172.20.0.103:6001/d1/975/AUTH_d351b5d019cd497ab1d84160f10b653c/gnocchi.fa83dd2f-03fa-4931-9293-9d3f29a5d892" "txc47f6b0610e8406c9a540-00699c0ecb" "container-server 23" 0.0055 "-" 23 0
Feb 23 08:24:43 np0005626459 container-server[125555]: 172.20.0.105 - - [23/Feb/2026:08:24:43 +0000] "PUT /d1/975/AUTH_d351b5d019cd497ab1d84160f10b653c/gnocchi.fa83dd2f-03fa-4931-9293-9d3f29a5d892" 201 - "PUT http://172.18.0.134:8080/v1/AUTH_d351b5d019cd497ab1d84160f10b653c/gnocchi.fa83dd2f-03fa-4931-9293-9d3f29a5d892" "txc47f6b0610e8406c9a540-00699c0ecb" "proxy-server 20" 0.0154 "-" 23 0
Feb 23 08:24:43 np0005626459 account-server[124971]: 172.20.0.105 - - [23/Feb/2026:08:24:43 +0000] "PUT /d1/979/AUTH_d351b5d019cd497ab1d84160f10b653c/gnocchi.94c5af18-f79c-4a4f-bc99-8f29403606ca" 201 - "PUT http://172.20.0.105:6001/d1/585/AUTH_d351b5d019cd497ab1d84160f10b653c/gnocchi.94c5af18-f79c-4a4f-bc99-8f29403606ca" "tx5c39e6407f3d46ab9af78-00699c0ecb" "container-server 14" 0.0059 "-" 21 0
Feb 23 08:24:43 np0005626459 container-server[125509]: 172.20.0.103 - - [23/Feb/2026:08:24:43 +0000] "PUT /d1/585/AUTH_d351b5d019cd497ab1d84160f10b653c/gnocchi.94c5af18-f79c-4a4f-bc99-8f29403606ca" 201 - "PUT http://172.18.0.134:8080/v1/AUTH_d351b5d019cd497ab1d84160f10b653c/gnocchi.94c5af18-f79c-4a4f-bc99-8f29403606ca" "tx5c39e6407f3d46ab9af78-00699c0ecb" "proxy-server 20" 0.0225 "-" 20 0
Feb 23 08:24:43 np0005626459 proxy-server[127031]: 172.18.0.105 172.18.0.104 23/Feb/2026/08/24/43 PUT /v1/AUTH_d351b5d019cd497ab1d84160f10b653c/gnocchi.94c5af18-f79c-4a4f-bc99-8f29403606ca HTTP/1.0 201 - python-swiftclient-3.11.1 gAAAAABpnA4o6Gk-... - - - tx5c39e6407f3d46ab9af78-00699c0ecb - 0.0302 - - 1771835083.660970926 1771835083.691145897 0
Feb 23 08:24:43 np0005626459 object-server[125811]: 172.20.0.103 - - [23/Feb/2026:08:24:43 +0000] "GET /d1/22/AUTH_d351b5d019cd497ab1d84160f10b653c/gnocchi.fa83dd2f-03fa-4931-9293-9d3f29a5d892/1771200000.0_mean_300.0_v3" 404 70 "GET http://172.18.0.134:8080/v1/AUTH_d351b5d019cd497ab1d84160f10b653c/gnocchi.fa83dd2f-03fa-4931-9293-9d3f29a5d892/1771200000.0_mean_300.0_v3" "tx3a2dba1dcffe46fdb17b9-00699c0ecb" "proxy-server 20" 0.0004 "-" 23 0
Feb 23 08:24:43 np0005626459 proxy-server[127031]: 172.18.0.134 172.18.0.104 23/Feb/2026/08/24/43 GET /v1/AUTH_d351b5d019cd497ab1d84160f10b653c/gnocchi.fa83dd2f-03fa-4931-9293-9d3f29a5d892/1771200000.0_mean_300.0_v3 HTTP/1.0 404 - python-swiftclient-3.11.1 gAAAAABpnA5xJZZ6... - 70 - tx3a2dba1dcffe46fdb17b9-00699c0ecb - 0.0152 - - 1771835083.708111763 1771835083.723358870 0
Feb 23 08:24:43 np0005626459 object-server[125811]: 172.20.0.104 - - [23/Feb/2026:08:24:43 +0000] "GET /d1/1009/AUTH_d351b5d019cd497ab1d84160f10b653c/gnocchi.94c5af18-f79c-4a4f-bc99-8f29403606ca/1771200000.0_mean_300.0_v3" 404 70 "GET http://172.18.0.134:8080/v1/AUTH_d351b5d019cd497ab1d84160f10b653c/gnocchi.94c5af18-f79c-4a4f-bc99-8f29403606ca/1771200000.0_mean_300.0_v3" "txe36ad6907c9846f19d7ee-00699c0ecb" "proxy-server 20" 0.0002 "-" 23 0
Feb 23 08:24:43 np0005626459 container-server[125537]: 172.20.0.105 - - [23/Feb/2026:08:24:43 +0000] "PUT /d1/975/AUTH_d351b5d019cd497ab1d84160f10b653c/gnocchi.fa83dd2f-03fa-4931-9293-9d3f29a5d892/1771200000.0_mean_300.0_v3" 201 - "PUT http://172.18.0.134:8080/d1/22/AUTH_d351b5d019cd497ab1d84160f10b653c/gnocchi.fa83dd2f-03fa-4931-9293-9d3f29a5d892/1771200000.0_mean_300.0_v3" "tx8bbd193d08ab4668a0f55-00699c0ecb" "object-server 21" 0.0010 "-" 22 0
Feb 23 08:24:43 np0005626459 object-server[125814]: 172.20.0.105 - - [23/Feb/2026:08:24:43 +0000] "PUT /d1/22/AUTH_d351b5d019cd497ab1d84160f10b653c/gnocchi.fa83dd2f-03fa-4931-9293-9d3f29a5d892/1771200000.0_mean_300.0_v3" 201 - "PUT http://172.18.0.134:8080/v1/AUTH_d351b5d019cd497ab1d84160f10b653c/gnocchi.fa83dd2f-03fa-4931-9293-9d3f29a5d892/1771200000.0_mean_300.0_v3" "tx8bbd193d08ab4668a0f55-00699c0ecb" "proxy-server 20" 0.0179 "-" 24 0
Feb 23 08:24:43 np0005626459 container-server[125537]: 172.20.0.103 - - [23/Feb/2026:08:24:43 +0000] "PUT /d1/585/AUTH_d351b5d019cd497ab1d84160f10b653c/gnocchi.94c5af18-f79c-4a4f-bc99-8f29403606ca/1771200000.0_mean_300.0_v3" 201 - "PUT http://172.18.0.134:8080/d1/1009/AUTH_d351b5d019cd497ab1d84160f10b653c/gnocchi.94c5af18-f79c-4a4f-bc99-8f29403606ca/1771200000.0_mean_300.0_v3" "txf89c4bb740934222be4d6-00699c0ecb" "object-server 24" 0.0007 "-" 22 0
Feb 23 08:24:43 np0005626459 object-server[125814]: 172.20.0.103 - - [23/Feb/2026:08:24:43 +0000] "PUT /d1/1009/AUTH_d351b5d019cd497ab1d84160f10b653c/gnocchi.94c5af18-f79c-4a4f-bc99-8f29403606ca/1771200000.0_mean_300.0_v3" 201 - "PUT http://172.18.0.134:8080/v1/AUTH_d351b5d019cd497ab1d84160f10b653c/gnocchi.94c5af18-f79c-4a4f-bc99-8f29403606ca/1771200000.0_mean_300.0_v3" "txf89c4bb740934222be4d6-00699c0ecb" "proxy-server 20" 0.0115 "-" 24 0
Feb 23 08:24:43 np0005626459 proxy-server[127031]: 172.18.0.105 172.18.0.104 23/Feb/2026/08/24/43 PUT /v1/AUTH_d351b5d019cd497ab1d84160f10b653c/gnocchi.94c5af18-f79c-4a4f-bc99-8f29403606ca/1771200000.0_mean_300.0_v3 HTTP/1.0 201 - python-swiftclient-3.11.1 gAAAAABpnA4o6Gk-... 16 - - txf89c4bb740934222be4d6-00699c0ecb - 0.0200 - - 1771835083.751068592 1771835083.771074057 0
Feb 23 08:24:43 np0005626459 container-server[125537]: 172.20.0.105 - - [23/Feb/2026:08:24:43 +0000] "PUT /d1/975/AUTH_d351b5d019cd497ab1d84160f10b653c/gnocchi.fa83dd2f-03fa-4931-9293-9d3f29a5d892/none_v3" 201 - "PUT http://172.18.0.134:8080/d1/792/AUTH_d351b5d019cd497ab1d84160f10b653c/gnocchi.fa83dd2f-03fa-4931-9293-9d3f29a5d892/none_v3" "tx8b12ac4551bf4c97b8509-00699c0ecb" "object-server 25" 0.0008 "-" 22 0
Feb 23 08:24:43 np0005626459 object-server[125833]: 172.20.0.104 - - [23/Feb/2026:08:24:43 +0000] "PUT /d1/792/AUTH_d351b5d019cd497ab1d84160f10b653c/gnocchi.fa83dd2f-03fa-4931-9293-9d3f29a5d892/none_v3" 201 - "PUT http://172.18.0.134:8080/v1/AUTH_d351b5d019cd497ab1d84160f10b653c/gnocchi.fa83dd2f-03fa-4931-9293-9d3f29a5d892/none_v3" "tx8b12ac4551bf4c97b8509-00699c0ecb" "proxy-server 20" 0.0127 "-" 25 0
Feb 23 08:24:43 np0005626459 container-server[125515]: 172.20.0.104 - - [23/Feb/2026:08:24:43 +0000] "PUT /d1/585/AUTH_d351b5d019cd497ab1d84160f10b653c/gnocchi.94c5af18-f79c-4a4f-bc99-8f29403606ca/none_v3" 201 - "PUT http://172.18.0.134:8080/d1/549/AUTH_d351b5d019cd497ab1d84160f10b653c/gnocchi.94c5af18-f79c-4a4f-bc99-8f29403606ca/none_v3" "tx327f805b7e04419e9a764-00699c0ecb" "object-server 23" 0.0009 "-" 21 0
Feb 23 08:24:43 np0005626459 object-server[125801]: 172.20.0.105 - - [23/Feb/2026:08:24:43 +0000] "PUT /d1/549/AUTH_d351b5d019cd497ab1d84160f10b653c/gnocchi.94c5af18-f79c-4a4f-bc99-8f29403606ca/none_v3" 201 - "PUT http://172.18.0.134:8080/v1/AUTH_d351b5d019cd497ab1d84160f10b653c/gnocchi.94c5af18-f79c-4a4f-bc99-8f29403606ca/none_v3" "tx327f805b7e04419e9a764-00699c0ecb" "proxy-server 20" 0.0122 "-" 22 0
Feb 23 08:24:48 np0005626459 container-server[124969]: Beginning replication run
Feb 23 08:24:48 np0005626459 object-server[125672]: Begin object update sweep
Feb 23 08:24:49 np0005626459 object-server[226732]: Object update sweep starting on /srv/node/d1 (pid: 14)
Feb 23 08:24:49 np0005626459 object-server[226732]: Object update sweep completed on /srv/node/d1 in 0.00s seconds:, 0 successes, 0 failures, 0 quarantines, 0 unlinks, 0 errors, 0 redirects (pid: 14)
Feb 23 08:24:49 np0005626459 object-server[226732]: Object update sweep of d1 completed: 0.00s, 0 successes, 0 failures, 0 quarantines, 0 unlinks, 0 errors, 0 redirects
Feb 23 08:24:49 np0005626459 object-server[125672]: Object update sweep completed: 0.09s
Feb 23 08:24:49 np0005626459 container-server[124969]: Replication run OVER
Feb 23 08:24:49 np0005626459 container-server[124969]: Attempted to replicate 22 dbs in 0.56475 seconds (38.95553/s)
Feb 23 08:24:49 np0005626459 container-server[124969]: Removed 0 dbs
Feb 23 08:24:49 np0005626459 container-server[124969]: 44 successes, 0 failures
Feb 23 08:24:49 np0005626459 container-server[124969]: diff:0 diff_capped:0 empty:0 hashmatch:0 no_change:44 remote_merge:0 rsync:0 ts_repl:0
Feb 23 08:24:54 np0005626459 object-server[125384]: Starting object replication pass.
Feb 23 08:24:54 np0005626459 account-server[124525]: Beginning replication run
Feb 23 08:24:54 np0005626459 account-server[124525]: Replication run OVER
Feb 23 08:24:54 np0005626459 account-server[124525]: Attempted to replicate 1 dbs in 0.04517 seconds (22.13815/s)
Feb 23 08:24:54 np0005626459 account-server[124525]: Removed 0 dbs
Feb 23 08:24:54 np0005626459 account-server[124525]: 2 successes, 0 failures
Feb 23 08:24:54 np0005626459 account-server[124525]: diff:0 diff_capped:0 empty:0 hashmatch:0 no_change:2 remote_merge:0 rsync:0 ts_repl:0
Feb 23 08:24:55 np0005626459 object-server[224578]: Begin object audit "forever" mode (ZBF)
Feb 23 08:24:55 np0005626459 object-server[224578]: Object audit (ZBF). Since Mon Feb 23 08:24:55 2026: Locally: 1 passed, 0 quarantined, 0 errors, files/sec: 559.02, bytes/sec: 0.00, Total time: 0.00, Auditing time: 0.00, Rate: 0.00
Feb 23 08:24:55 np0005626459 object-server[125384]: 41/41 (100.00%) partitions replicated in 1.08s (38.09/sec, 0s remaining)
Feb 23 08:24:55 np0005626459 object-server[125384]: 82 successes, 0 failures
Feb 23 08:24:55 np0005626459 object-server[125384]: 44 suffixes checked - 63.64% hashed, 0.00% synced
Feb 23 08:24:55 np0005626459 object-server[125384]: Partition times: max 0.0748s, min 0.0074s, med 0.0310s
Feb 23 08:24:55 np0005626459 object-server[125384]: Object replication complete. (0.02 minutes)
Feb 23 08:24:55 np0005626459 object-server[224578]: Object audit (ZBF) "forever" mode completed: 0.84s. Total quarantined: 0, Total errors: 0, Total files/sec: 52.14, Total bytes/sec: 0.00, Auditing time: 0.83, Rate: 0.99
Feb 23 08:25:01 np0005626459 account-server[124979]: 172.20.0.105 - - [23/Feb/2026:08:25:01 +0000] "HEAD /d1/185/.expiring_objects" 404 - "HEAD http://localhost/v1/.expiring_objects?format=json" "tx2d4b5659b067418da57ab-00699c0edd" "proxy-server 2" 0.0005 "-" 23 -
Feb 23 08:25:18 np0005626459 container-server[124969]: Beginning replication run
Feb 23 08:25:19 np0005626459 container-server[124969]: Replication run OVER
Feb 23 08:25:19 np0005626459 container-server[124969]: Attempted to replicate 22 dbs in 0.43832 seconds (50.19188/s)
Feb 23 08:25:19 np0005626459 container-server[124969]: Removed 0 dbs
Feb 23 08:25:19 np0005626459 container-server[124969]: 44 successes, 0 failures
Feb 23 08:25:19 np0005626459 container-server[124969]: diff:0 diff_capped:0 empty:0 hashmatch:0 no_change:44 remote_merge:0 rsync:0 ts_repl:0
Feb 23 08:25:24 np0005626459 account-server[124525]: Beginning replication run
Feb 23 08:25:24 np0005626459 account-server[124525]: Replication run OVER
Feb 23 08:25:24 np0005626459 account-server[124525]: Attempted to replicate 1 dbs in 0.01614 seconds (61.94382/s)
Feb 23 08:25:24 np0005626459 account-server[124525]: Removed 0 dbs
Feb 23 08:25:24 np0005626459 account-server[124525]: 2 successes, 0 failures
Feb 23 08:25:24 np0005626459 account-server[124525]: diff:0 diff_capped:0 empty:0 hashmatch:0 no_change:2 remote_merge:0 rsync:0 ts_repl:0
Feb 23 08:25:25 np0005626459 object-server[125384]: Starting object replication pass.
Feb 23 08:25:25 np0005626459 object-server[125384]: 41/41 (100.00%) partitions replicated in 0.37s (112.14/sec, 0s remaining)
Feb 23 08:25:25 np0005626459 object-server[125384]: 82 successes, 0 failures
Feb 23 08:25:25 np0005626459 object-server[125384]: 44 suffixes checked - 0.00% hashed, 0.00% synced
Feb 23 08:25:25 np0005626459 object-server[125384]: Partition times: max 0.0125s, min 0.0071s, med 0.0083s
Feb 23 08:25:25 np0005626459 object-server[125384]: Object replication complete. (0.01 minutes)
Feb 23 08:25:26 np0005626459 object-server[230372]: Begin object audit "forever" mode (ZBF)
Feb 23 08:25:26 np0005626459 object-server[230373]: Begin object audit "forever" mode (ALL)
Feb 23 08:25:26 np0005626459 object-server[230372]: Object audit (ZBF). Since Mon Feb 23 08:25:26 2026: Locally: 1 passed, 0 quarantined, 0 errors, files/sec: 542.53, bytes/sec: 0.00, Total time: 0.00, Auditing time: 0.00, Rate: 0.00
Feb 23 08:25:26 np0005626459 object-server[230373]: Object audit (ALL). Since Mon Feb 23 08:25:26 2026: Locally: 1 passed, 0 quarantined, 0 errors, files/sec: 84.96, bytes/sec: 1359.36, Total time: 0.01, Auditing time: 0.00, Rate: 0.00
Feb 23 08:25:26 np0005626459 object-server[230372]: Object audit (ZBF) "forever" mode completed: 0.84s. Total quarantined: 0, Total errors: 0, Total files/sec: 52.15, Total bytes/sec: 0.00, Auditing time: 0.83, Rate: 0.99
Feb 23 08:25:26 np0005626459 account-server[124979]: 172.20.0.105 - - [23/Feb/2026:08:25:26 +0000] "HEAD /d1/185/.expiring_objects" 404 - "HEAD http://localhost/v1/.expiring_objects?format=json" "txae679b22570a4b4e9c056-00699c0ef6" "proxy-server 2" 0.0007 "-" 23 -
Feb 23 08:25:28 np0005626459 object-server[230373]: Object audit (ALL) "forever" mode completed: 2.11s. Total quarantined: 0, Total errors: 0, Total files/sec: 20.81, Total bytes/sec: 400.03, Auditing time: 2.10, Rate: 0.99
Feb 23 08:25:48 np0005626459 container-server[124969]: Beginning replication run
Feb 23 08:25:49 np0005626459 container-server[124969]: Replication run OVER
Feb 23 08:25:49 np0005626459 container-server[124969]: Attempted to replicate 22 dbs in 0.43287 seconds (50.82354/s)
Feb 23 08:25:49 np0005626459 container-server[124969]: Removed 0 dbs
Feb 23 08:25:49 np0005626459 container-server[124969]: 44 successes, 0 failures
Feb 23 08:25:49 np0005626459 container-server[124969]: diff:0 diff_capped:0 empty:0 hashmatch:0 no_change:44 remote_merge:0 rsync:0 ts_repl:0
Feb 23 08:25:54 np0005626459 account-server[124525]: Beginning replication run
Feb 23 08:25:54 np0005626459 account-server[124525]: Replication run OVER
Feb 23 08:25:54 np0005626459 account-server[124525]: Attempted to replicate 1 dbs in 0.01905 seconds (52.49349/s)
Feb 23 08:25:54 np0005626459 account-server[124525]: Removed 0 dbs
Feb 23 08:25:54 np0005626459 account-server[124525]: 2 successes, 0 failures
Feb 23 08:25:54 np0005626459 account-server[124525]: diff:0 diff_capped:0 empty:0 hashmatch:0 no_change:2 remote_merge:0 rsync:0 ts_repl:0
Feb 23 08:25:55 np0005626459 object-server[125384]: Starting object replication pass.
Feb 23 08:25:56 np0005626459 object-server[125384]: 41/41 (100.00%) partitions replicated in 0.39s (105.97/sec, 0s remaining)
Feb 23 08:25:56 np0005626459 object-server[125384]: 82 successes, 0 failures
Feb 23 08:25:56 np0005626459 object-server[125384]: 44 suffixes checked - 0.00% hashed, 0.00% synced
Feb 23 08:25:56 np0005626459 object-server[125384]: Partition times: max 0.0147s, min 0.0065s, med 0.0083s
Feb 23 08:25:56 np0005626459 object-server[125384]: Object replication complete. (0.01 minutes)
Feb 23 08:25:56 np0005626459 object-server[230399]: Begin object audit "forever" mode (ZBF)
Feb 23 08:25:56 np0005626459 object-server[230399]: Object audit (ZBF). Since Mon Feb 23 08:25:56 2026: Locally: 1 passed, 0 quarantined, 0 errors, files/sec: 998.64, bytes/sec: 0.00, Total time: 0.00, Auditing time: 0.00, Rate: 0.00
Feb 23 08:25:57 np0005626459 object-server[230399]: Object audit (ZBF) "forever" mode completed: 0.84s. Total quarantined: 0, Total errors: 0, Total files/sec: 52.24, Total bytes/sec: 0.00, Auditing time: 0.83, Rate: 0.99
Feb 23 08:26:07 np0005626459 account-server[124973]: 172.20.0.105 - - [23/Feb/2026:08:26:07 +0000] "PUT /d1/979/AUTH_d351b5d019cd497ab1d84160f10b653c/gnocchi.a9a3f913-6e88-4980-a5d3-395f971e818d" 201 - "-" "-" "container-updater 2" 0.0013 "-" 22 0
Feb 23 08:26:07 np0005626459 account-server[124971]: 172.20.0.105 - - [23/Feb/2026:08:26:07 +0000] "PUT /d1/979/AUTH_d351b5d019cd497ab1d84160f10b653c/gnocchi.8a80798a-9adf-47a5-9b75-792205eb526c" 201 - "-" "-" "container-updater 2" 0.0009 "-" 21 0
Feb 23 08:26:07 np0005626459 account-server[124973]: 172.20.0.105 - - [23/Feb/2026:08:26:07 +0000] "PUT /d1/979/AUTH_d351b5d019cd497ab1d84160f10b653c/gnocchi.94c5af18-f79c-4a4f-bc99-8f29403606ca" 201 - "-" "-" "container-updater 2" 0.0007 "-" 22 0
Feb 23 08:26:07 np0005626459 account-server[124973]: 172.20.0.105 - - [23/Feb/2026:08:26:07 +0000] "PUT /d1/979/AUTH_d351b5d019cd497ab1d84160f10b653c/gnocchi.02ad80ff-06f3-4c63-9576-128a218cdeb0" 201 - "-" "-" "container-updater 2" 0.0007 "-" 22 0
Feb 23 08:26:08 np0005626459 account-server[124979]: 172.20.0.105 - - [23/Feb/2026:08:26:08 +0000] "PUT /d1/979/AUTH_d351b5d019cd497ab1d84160f10b653c/gnocchi.69d2d350-9221-4230-9161-e63c7a424f29" 201 - "-" "-" "container-updater 2" 0.0008 "-" 23 0
Feb 23 08:26:08 np0005626459 account-server[124963]: 172.20.0.105 - - [23/Feb/2026:08:26:08 +0000] "PUT /d1/979/AUTH_d351b5d019cd497ab1d84160f10b653c/gnocchi.ff3d4d84-f6cc-4223-a974-ba1e7eba000f" 201 - "-" "-" "container-updater 2" 0.0008 "-" 20 0
Feb 23 08:26:08 np0005626459 account-server[124971]: 172.20.0.105 - - [23/Feb/2026:08:26:08 +0000] "PUT /d1/979/AUTH_d351b5d019cd497ab1d84160f10b653c/gnocchi.c089f97e-e091-405f-8302-e66fcd0b069d" 201 - "-" "-" "container-updater 2" 0.0006 "-" 21 0
Feb 23 08:26:08 np0005626459 account-server[124979]: 172.20.0.105 - - [23/Feb/2026:08:26:08 +0000] "PUT /d1/979/AUTH_d351b5d019cd497ab1d84160f10b653c/gnocchi.775bdd17-dd47-4d35-b74f-be986e860bd1" 201 - "-" "-" "container-updater 2" 0.0005 "-" 23 0
Feb 23 08:26:08 np0005626459 account-server[124963]: 172.20.0.105 - - [23/Feb/2026:08:26:08 +0000] "PUT /d1/979/AUTH_d351b5d019cd497ab1d84160f10b653c/gnocchi.d2661c51-987b-4292-b272-bb9565a975d0" 201 - "-" "-" "container-updater 2" 0.0008 "-" 20 0
Feb 23 08:26:08 np0005626459 account-server[124963]: 172.20.0.105 - - [23/Feb/2026:08:26:08 +0000] "PUT /d1/979/AUTH_d351b5d019cd497ab1d84160f10b653c/gnocchi.3be5ab82-59d1-486f-86d4-ae944e1266d2" 201 - "-" "-" "container-updater 2" 0.0007 "-" 20 0
Feb 23 08:26:08 np0005626459 account-server[124963]: 172.20.0.105 - - [23/Feb/2026:08:26:08 +0000] "PUT /d1/979/AUTH_d351b5d019cd497ab1d84160f10b653c/gnocchi.4b66d46e-016e-4cb9-b0b5-14764823da38" 201 - "-" "-" "container-updater 2" 0.0008 "-" 20 0
Feb 23 08:26:08 np0005626459 account-server[124971]: 172.20.0.105 - - [23/Feb/2026:08:26:08 +0000] "PUT /d1/979/AUTH_d351b5d019cd497ab1d84160f10b653c/gnocchi.815f70e1-ec9a-4abf-8604-b6ebe6f65d13" 201 - "-" "-" "container-updater 2" 0.0010 "-" 21 0
Feb 23 08:26:08 np0005626459 account-server[124979]: 172.20.0.105 - - [23/Feb/2026:08:26:08 +0000] "PUT /d1/979/AUTH_d351b5d019cd497ab1d84160f10b653c/gnocchi.45ee1f1b-219e-4de5-9f51-a477b96343e7" 201 - "-" "-" "container-updater 2" 0.0008 "-" 23 0
Feb 23 08:26:08 np0005626459 account-server[124963]: 172.20.0.105 - - [23/Feb/2026:08:26:08 +0000] "PUT /d1/979/AUTH_d351b5d019cd497ab1d84160f10b653c/gnocchi.5eed7344-1baa-4108-b5cd-7766867b85df" 201 - "-" "-" "container-updater 2" 0.0008 "-" 20 0
