Nov 22 13:42:54 np0005532311.novalocal object-server[96157]: ::1 - - [22/Nov/2025:18:42:54 +0000] "PUT /1/150498/AUTH_7e6379b038b744d2b4ed9c56e55784eb/gnocchi.645babd2-ad64-4651-a16f-e6e74874988f/none_v3" 201 - "PUT http://[::1]:8080/v1/AUTH_7e6379b038b744d2b4ed9c56e55784eb/gnocchi.645babd2-ad64-4651-a16f-e6e74874988f/none_v3" "tx73b6dfc13b744d83aa11c-006922042e" "proxy-server 88816" 0.0165 "-" 96157 0
Nov 22 13:42:54 np0005532311.novalocal container-server[95853]: ::1 - - [22/Nov/2025:18:42:54 +0000] "PUT /1/169859/AUTH_7e6379b038b744d2b4ed9c56e55784eb/gnocchi.645babd2-ad64-4651-a16f-e6e74874988f/none_v3" 201 - "PUT http://[::1]:8080/3/150498/AUTH_7e6379b038b744d2b4ed9c56e55784eb/gnocchi.645babd2-ad64-4651-a16f-e6e74874988f/none_v3" "tx73b6dfc13b744d83aa11c-006922042e" "object-server 96156" 0.0010 "-" 95853 0
Nov 22 13:42:54 np0005532311.novalocal object-server[96156]: ::1 - - [22/Nov/2025:18:42:54 +0000] "PUT /3/150498/AUTH_7e6379b038b744d2b4ed9c56e55784eb/gnocchi.645babd2-ad64-4651-a16f-e6e74874988f/none_v3" 201 - "PUT http://[::1]:8080/v1/AUTH_7e6379b038b744d2b4ed9c56e55784eb/gnocchi.645babd2-ad64-4651-a16f-e6e74874988f/none_v3" "tx73b6dfc13b744d83aa11c-006922042e" "proxy-server 88816" 0.0207 "-" 96156 0
Nov 22 13:42:54 np0005532311.novalocal container-server[95854]: ::1 - - [22/Nov/2025:18:42:54 +0000] "PUT /2/169859/AUTH_7e6379b038b744d2b4ed9c56e55784eb/gnocchi.645babd2-ad64-4651-a16f-e6e74874988f/none_v3" 201 - "PUT http://[::1]:8080/2/150498/AUTH_7e6379b038b744d2b4ed9c56e55784eb/gnocchi.645babd2-ad64-4651-a16f-e6e74874988f/none_v3" "tx73b6dfc13b744d83aa11c-006922042e" "object-server 96156" 0.0009 "-" 95854 0
Nov 22 13:42:54 np0005532311.novalocal object-server[96156]: ::1 - - [22/Nov/2025:18:42:54 +0000] "PUT /2/150498/AUTH_7e6379b038b744d2b4ed9c56e55784eb/gnocchi.645babd2-ad64-4651-a16f-e6e74874988f/none_v3" 201 - "PUT http://[::1]:8080/v1/AUTH_7e6379b038b744d2b4ed9c56e55784eb/gnocchi.645babd2-ad64-4651-a16f-e6e74874988f/none_v3" "tx73b6dfc13b744d83aa11c-006922042e" "proxy-server 88816" 0.0248 "-" 96156 0
Nov 22 13:42:54 np0005532311.novalocal container-server[95853]: ::1 - - [22/Nov/2025:18:42:54 +0000] "PUT /1/134521/AUTH_7e6379b038b744d2b4ed9c56e55784eb/gnocchi.ae81989f-f03c-42e3-bd5a-3368970ac1b1/1763640000.0_mean_300.0_v3" 201 - "PUT http://[::1]:8080/1/18970/AUTH_7e6379b038b744d2b4ed9c56e55784eb/gnocchi.ae81989f-f03c-42e3-bd5a-3368970ac1b1/1763640000.0_mean_300.0_v3" "txce5b639669244c64a8148-006922042e" "object-server 96157" 0.0008 "-" 95853 0
Nov 22 13:42:54 np0005532311.novalocal proxy-server[88816]: ::1 ::1 22/Nov/2025/18/42/54 PUT /v1/AUTH_7e6379b038b744d2b4ed9c56e55784eb/gnocchi.645babd2-ad64-4651-a16f-e6e74874988f/none_v3 HTTP/1.0 201 - python-swiftclient-4.5.0 gAAAAABpIgQAXILt... 31 - - tx73b6dfc13b744d83aa11c-006922042e - 0.0323 - - 1763836974.879557848 1763836974.911823273 0
Nov 22 13:42:54 np0005532311.novalocal object-server[96157]: ::1 - - [22/Nov/2025:18:42:54 +0000] "PUT /1/18970/AUTH_7e6379b038b744d2b4ed9c56e55784eb/gnocchi.ae81989f-f03c-42e3-bd5a-3368970ac1b1/1763640000.0_mean_300.0_v3" 201 - "PUT http://[::1]:8080/v1/AUTH_7e6379b038b744d2b4ed9c56e55784eb/gnocchi.ae81989f-f03c-42e3-bd5a-3368970ac1b1/1763640000.0_mean_300.0_v3" "txce5b639669244c64a8148-006922042e" "proxy-server 88815" 0.0222 "-" 96157 0
Nov 22 13:42:54 np0005532311.novalocal container-server[95853]: ::1 - - [22/Nov/2025:18:42:54 +0000] "PUT /3/134521/AUTH_7e6379b038b744d2b4ed9c56e55784eb/gnocchi.ae81989f-f03c-42e3-bd5a-3368970ac1b1/1763640000.0_mean_300.0_v3" 201 - "PUT http://[::1]:8080/3/18970/AUTH_7e6379b038b744d2b4ed9c56e55784eb/gnocchi.ae81989f-f03c-42e3-bd5a-3368970ac1b1/1763640000.0_mean_300.0_v3" "txce5b639669244c64a8148-006922042e" "object-server 96156" 0.0009 "-" 95853 0
Nov 22 13:42:54 np0005532311.novalocal container-server[95853]: ::1 - - [22/Nov/2025:18:42:54 +0000] "PUT /2/134521/AUTH_7e6379b038b744d2b4ed9c56e55784eb/gnocchi.ae81989f-f03c-42e3-bd5a-3368970ac1b1/1763640000.0_mean_300.0_v3" 201 - "PUT http://[::1]:8080/2/18970/AUTH_7e6379b038b744d2b4ed9c56e55784eb/gnocchi.ae81989f-f03c-42e3-bd5a-3368970ac1b1/1763640000.0_mean_300.0_v3" "txce5b639669244c64a8148-006922042e" "object-server 96156" 0.0007 "-" 95853 0
Nov 22 13:42:54 np0005532311.novalocal object-server[96156]: ::1 - - [22/Nov/2025:18:42:54 +0000] "PUT /3/18970/AUTH_7e6379b038b744d2b4ed9c56e55784eb/gnocchi.ae81989f-f03c-42e3-bd5a-3368970ac1b1/1763640000.0_mean_300.0_v3" 201 - "PUT http://[::1]:8080/v1/AUTH_7e6379b038b744d2b4ed9c56e55784eb/gnocchi.ae81989f-f03c-42e3-bd5a-3368970ac1b1/1763640000.0_mean_300.0_v3" "txce5b639669244c64a8148-006922042e" "proxy-server 88815" 0.0258 "-" 96156 0
Nov 22 13:42:54 np0005532311.novalocal object-server[96156]: ::1 - - [22/Nov/2025:18:42:54 +0000] "PUT /2/18970/AUTH_7e6379b038b744d2b4ed9c56e55784eb/gnocchi.ae81989f-f03c-42e3-bd5a-3368970ac1b1/1763640000.0_mean_300.0_v3" 201 - "PUT http://[::1]:8080/v1/AUTH_7e6379b038b744d2b4ed9c56e55784eb/gnocchi.ae81989f-f03c-42e3-bd5a-3368970ac1b1/1763640000.0_mean_300.0_v3" "txce5b639669244c64a8148-006922042e" "proxy-server 88815" 0.0286 "-" 96156 0
Nov 22 13:42:54 np0005532311.novalocal proxy-server[88815]: ::1 ::1 22/Nov/2025/18/42/54 PUT /v1/AUTH_7e6379b038b744d2b4ed9c56e55784eb/gnocchi.ae81989f-f03c-42e3-bd5a-3368970ac1b1/1763640000.0_mean_300.0_v3 HTTP/1.0 201 - python-swiftclient-4.5.0 gAAAAABpIgQFZCvZ... 16 - - txce5b639669244c64a8148-006922042e - 0.0352 - - 1763836974.884230614 1763836974.919424772 0
Nov 22 13:42:54 np0005532311.novalocal container-server[95853]: ::1 - - [22/Nov/2025:18:42:54 +0000] "PUT /1/134521/AUTH_7e6379b038b744d2b4ed9c56e55784eb/gnocchi.ae81989f-f03c-42e3-bd5a-3368970ac1b1/none_v3" 201 - "PUT http://[::1]:8080/3/260484/AUTH_7e6379b038b744d2b4ed9c56e55784eb/gnocchi.ae81989f-f03c-42e3-bd5a-3368970ac1b1/none_v3" "tx9b0ed57c25bd43c5b5c33-006922042e" "object-server 96157" 0.0009 "-" 95853 0
Nov 22 13:42:54 np0005532311.novalocal container-server[95854]: ::1 - - [22/Nov/2025:18:42:54 +0000] "PUT /2/134521/AUTH_7e6379b038b744d2b4ed9c56e55784eb/gnocchi.ae81989f-f03c-42e3-bd5a-3368970ac1b1/none_v3" 201 - "PUT http://[::1]:8080/2/260484/AUTH_7e6379b038b744d2b4ed9c56e55784eb/gnocchi.ae81989f-f03c-42e3-bd5a-3368970ac1b1/none_v3" "tx9b0ed57c25bd43c5b5c33-006922042e" "object-server 96156" 0.0009 "-" 95854 0
Nov 22 13:42:54 np0005532311.novalocal object-server[96156]: ::1 - - [22/Nov/2025:18:42:54 +0000] "PUT /2/260484/AUTH_7e6379b038b744d2b4ed9c56e55784eb/gnocchi.ae81989f-f03c-42e3-bd5a-3368970ac1b1/none_v3" 201 - "PUT http://[::1]:8080/v1/AUTH_7e6379b038b744d2b4ed9c56e55784eb/gnocchi.ae81989f-f03c-42e3-bd5a-3368970ac1b1/none_v3" "tx9b0ed57c25bd43c5b5c33-006922042e" "proxy-server 88815" 0.0177 "-" 96156 0
Nov 22 13:42:54 np0005532311.novalocal container-server[95854]: ::1 - - [22/Nov/2025:18:42:54 +0000] "PUT /3/134521/AUTH_7e6379b038b744d2b4ed9c56e55784eb/gnocchi.ae81989f-f03c-42e3-bd5a-3368970ac1b1/none_v3" 201 - "PUT http://[::1]:8080/1/260484/AUTH_7e6379b038b744d2b4ed9c56e55784eb/gnocchi.ae81989f-f03c-42e3-bd5a-3368970ac1b1/none_v3" "tx9b0ed57c25bd43c5b5c33-006922042e" "object-server 96156" 0.0007 "-" 95854 0
Nov 22 13:42:54 np0005532311.novalocal object-server[96156]: ::1 - - [22/Nov/2025:18:42:54 +0000] "PUT /1/260484/AUTH_7e6379b038b744d2b4ed9c56e55784eb/gnocchi.ae81989f-f03c-42e3-bd5a-3368970ac1b1/none_v3" 201 - "PUT http://[::1]:8080/v1/AUTH_7e6379b038b744d2b4ed9c56e55784eb/gnocchi.ae81989f-f03c-42e3-bd5a-3368970ac1b1/none_v3" "tx9b0ed57c25bd43c5b5c33-006922042e" "proxy-server 88815" 0.0175 "-" 96156 0
Nov 22 13:42:54 np0005532311.novalocal object-server[96157]: ::1 - - [22/Nov/2025:18:42:54 +0000] "PUT /3/260484/AUTH_7e6379b038b744d2b4ed9c56e55784eb/gnocchi.ae81989f-f03c-42e3-bd5a-3368970ac1b1/none_v3" 201 - "PUT http://[::1]:8080/v1/AUTH_7e6379b038b744d2b4ed9c56e55784eb/gnocchi.ae81989f-f03c-42e3-bd5a-3368970ac1b1/none_v3" "tx9b0ed57c25bd43c5b5c33-006922042e" "proxy-server 88815" 0.0208 "-" 96157 0
Nov 22 13:42:54 np0005532311.novalocal proxy-server[88815]: ::1 ::1 22/Nov/2025/18/42/54 PUT /v1/AUTH_7e6379b038b744d2b4ed9c56e55784eb/gnocchi.ae81989f-f03c-42e3-bd5a-3368970ac1b1/none_v3 HTTP/1.0 201 - python-swiftclient-4.5.0 gAAAAABpIgQFZCvZ... 32 - - tx9b0ed57c25bd43c5b5c33-006922042e - 0.0290 - - 1763836974.922307730 1763836974.951257944 0
Nov 22 13:42:54 np0005532311.novalocal object-server[96156]: ::1 - - [22/Nov/2025:18:42:54 +0000] "GET /1/31826/AUTH_7e6379b038b744d2b4ed9c56e55784eb/gnocchi.02743456-c0f7-497d-8bbe-cf20b620dab2/none_v3" 200 22 "GET http://[::1]:8080/v1/AUTH_7e6379b038b744d2b4ed9c56e55784eb/gnocchi.02743456-c0f7-497d-8bbe-cf20b620dab2/none_v3" "txb8a04a31d6454562a1e27-006922042e" "proxy-server 88815" 0.0007 "-" 96156 0
Nov 22 13:42:54 np0005532311.novalocal proxy-server[88815]: ::1 ::1 22/Nov/2025/18/42/54 GET /v1/AUTH_7e6379b038b744d2b4ed9c56e55784eb/gnocchi.02743456-c0f7-497d-8bbe-cf20b620dab2/none_v3 HTTP/1.0 200 - python-swiftclient-4.5.0 gAAAAABpIgQFZCvZ... - 22 - txb8a04a31d6454562a1e27-006922042e - 0.0065 - - 1763836974.959858894 1763836974.966311932 0
Nov 22 13:42:54 np0005532311.novalocal container-server[95853]: ::1 - - [22/Nov/2025:18:42:54 +0000] "GET /2/120251/AUTH_7e6379b038b744d2b4ed9c56e55784eb/gnocchi.02743456-c0f7-497d-8bbe-cf20b620dab2" 200 357 "GET http://[::1]:8080/v1/AUTH_7e6379b038b744d2b4ed9c56e55784eb/gnocchi.02743456-c0f7-497d-8bbe-cf20b620dab2?format=json&states=listing" "txdefedd9c10b7464482b14-006922042e" "proxy-server 88815" 0.0031 "-" 95853 0
Nov 22 13:42:54 np0005532311.novalocal proxy-server[88815]: ::1 ::1 22/Nov/2025/18/42/54 GET /v1/AUTH_7e6379b038b744d2b4ed9c56e55784eb/gnocchi.02743456-c0f7-497d-8bbe-cf20b620dab2%3Fformat%3Djson%26states%3Dlisting HTTP/1.0 200 - python-swiftclient-4.5.0 gAAAAABpIgQFZCvZ... - 357 - txdefedd9c10b7464482b14-006922042e - 0.0119 - - 1763836974.969086409 1763836974.980955601 0
Nov 22 13:42:54 np0005532311.novalocal object-server[96156]: ::1 - - [22/Nov/2025:18:42:54 +0000] "GET /2/141099/AUTH_7e6379b038b744d2b4ed9c56e55784eb/gnocchi.233653f4-37c1-4cdc-9dd7-f0a104d7f3cb/none_v3" 200 22 "GET http://[::1]:8080/v1/AUTH_7e6379b038b744d2b4ed9c56e55784eb/gnocchi.233653f4-37c1-4cdc-9dd7-f0a104d7f3cb/none_v3" "tx1bdf2172e1d344039640c-006922042e" "proxy-server 88816" 0.0011 "-" 96156 0
Nov 22 13:42:54 np0005532311.novalocal proxy-server[88816]: ::1 ::1 22/Nov/2025/18/42/54 GET /v1/AUTH_7e6379b038b744d2b4ed9c56e55784eb/gnocchi.233653f4-37c1-4cdc-9dd7-f0a104d7f3cb/none_v3 HTTP/1.0 200 - python-swiftclient-4.5.0 gAAAAABpIgQAXILt... - 22 - tx1bdf2172e1d344039640c-006922042e - 0.0095 - - 1763836974.988974571 1763836974.998455524 0
Nov 22 13:42:54 np0005532311.novalocal container-server[95854]: ::1 - - [22/Nov/2025:18:42:54 +0000] "GET /3/120251/AUTH_7e6379b038b744d2b4ed9c56e55784eb/gnocchi.02743456-c0f7-497d-8bbe-cf20b620dab2" 200 2 "GET http://[::1]:8080/v1/AUTH_7e6379b038b744d2b4ed9c56e55784eb/gnocchi.02743456-c0f7-497d-8bbe-cf20b620dab2?format=json&marker=none_v3&states=listing" "tx93b2b452fa2244b790451-006922042e" "proxy-server 88815" 0.0056 "-" 95854 0
Nov 22 13:42:55 np0005532311.novalocal proxy-server[88815]: ::1 ::1 22/Nov/2025/18/42/55 GET /v1/AUTH_7e6379b038b744d2b4ed9c56e55784eb/gnocchi.02743456-c0f7-497d-8bbe-cf20b620dab2%3Fformat%3Djson%26marker%3Dnone_v3%26states%3Dlisting HTTP/1.0 200 - python-swiftclient-4.5.0 gAAAAABpIgQFZCvZ... - 2 - tx93b2b452fa2244b790451-006922042e - 0.0175 - - 1763836974.985516787 1763836975.003013611 0
Nov 22 13:42:55 np0005532311.novalocal container-server[95853]: ::1 - - [22/Nov/2025:18:42:55 +0000] "GET /3/138679/AUTH_7e6379b038b744d2b4ed9c56e55784eb/gnocchi.233653f4-37c1-4cdc-9dd7-f0a104d7f3cb" 200 357 "GET http://[::1]:8080/v1/AUTH_7e6379b038b744d2b4ed9c56e55784eb/gnocchi.233653f4-37c1-4cdc-9dd7-f0a104d7f3cb?format=json&states=listing" "tx923edcf5759642448dc99-006922042f" "proxy-server 88816" 0.0036 "-" 95853 0
Nov 22 13:42:55 np0005532311.novalocal object-server[96157]: ::1 - - [22/Nov/2025:18:42:55 +0000] "GET /2/185508/AUTH_7e6379b038b744d2b4ed9c56e55784eb/gnocchi.02743456-c0f7-497d-8bbe-cf20b620dab2/1763640000.0_mean_300.0_v3" 200 16 "GET http://[::1]:8080/v1/AUTH_7e6379b038b744d2b4ed9c56e55784eb/gnocchi.02743456-c0f7-497d-8bbe-cf20b620dab2/1763640000.0_mean_300.0_v3" "txdd4967d2073f46fb85fa3-006922042f" "proxy-server 88815" 0.0016 "-" 96157 0
Nov 22 13:42:55 np0005532311.novalocal proxy-server[88816]: ::1 ::1 22/Nov/2025/18/42/55 GET /v1/AUTH_7e6379b038b744d2b4ed9c56e55784eb/gnocchi.233653f4-37c1-4cdc-9dd7-f0a104d7f3cb%3Fformat%3Djson%26states%3Dlisting HTTP/1.0 200 - python-swiftclient-4.5.0 gAAAAABpIgQAXILt... - 357 - tx923edcf5759642448dc99-006922042f - 0.0159 - - 1763836975.003743887 1763836975.019611120 0
Nov 22 13:42:55 np0005532311.novalocal proxy-server[88815]: ::1 ::1 22/Nov/2025/18/42/55 GET /v1/AUTH_7e6379b038b744d2b4ed9c56e55784eb/gnocchi.02743456-c0f7-497d-8bbe-cf20b620dab2/1763640000.0_mean_300.0_v3 HTTP/1.0 200 - python-swiftclient-4.5.0 gAAAAABpIgQFZCvZ... - 16 - txdd4967d2073f46fb85fa3-006922042f - 0.0127 - - 1763836975.008389473 1763836975.021132469 0
Nov 22 13:42:55 np0005532311.novalocal container-server[95854]: ::1 - - [22/Nov/2025:18:42:55 +0000] "GET /2/138679/AUTH_7e6379b038b744d2b4ed9c56e55784eb/gnocchi.233653f4-37c1-4cdc-9dd7-f0a104d7f3cb" 200 2 "GET http://[::1]:8080/v1/AUTH_7e6379b038b744d2b4ed9c56e55784eb/gnocchi.233653f4-37c1-4cdc-9dd7-f0a104d7f3cb?format=json&marker=none_v3&states=listing" "tx13b4877246ad4eb8b7e48-006922042f" "proxy-server 88816" 0.0202 "-" 95854 0
Nov 22 13:42:55 np0005532311.novalocal container-server[95854]: ::1 - - [22/Nov/2025:18:42:55 +0000] "PUT /2/120251/AUTH_7e6379b038b744d2b4ed9c56e55784eb/gnocchi.02743456-c0f7-497d-8bbe-cf20b620dab2/1763640000.0_mean_300.0_v3" 201 - "PUT http://[::1]:8080/2/185508/AUTH_7e6379b038b744d2b4ed9c56e55784eb/gnocchi.02743456-c0f7-497d-8bbe-cf20b620dab2/1763640000.0_mean_300.0_v3" "txb6ca9ca174204bd28c4ad-006922042f" "object-server 96156" 0.0027 "-" 95854 0
Nov 22 13:42:55 np0005532311.novalocal container-server[95853]: ::1 - - [22/Nov/2025:18:42:55 +0000] "PUT /1/120251/AUTH_7e6379b038b744d2b4ed9c56e55784eb/gnocchi.02743456-c0f7-497d-8bbe-cf20b620dab2/1763640000.0_mean_300.0_v3" 201 - "PUT http://[::1]:8080/3/185508/AUTH_7e6379b038b744d2b4ed9c56e55784eb/gnocchi.02743456-c0f7-497d-8bbe-cf20b620dab2/1763640000.0_mean_300.0_v3" "txb6ca9ca174204bd28c4ad-006922042f" "object-server 96157" 0.0008 "-" 95853 0
Nov 22 13:42:55 np0005532311.novalocal object-server[96156]: ::1 - - [22/Nov/2025:18:42:55 +0000] "PUT /2/185508/AUTH_7e6379b038b744d2b4ed9c56e55784eb/gnocchi.02743456-c0f7-497d-8bbe-cf20b620dab2/1763640000.0_mean_300.0_v3" 201 - "PUT http://[::1]:8080/v1/AUTH_7e6379b038b744d2b4ed9c56e55784eb/gnocchi.02743456-c0f7-497d-8bbe-cf20b620dab2/1763640000.0_mean_300.0_v3" "txb6ca9ca174204bd28c4ad-006922042f" "proxy-server 88815" 0.0232 "-" 96156 0
Nov 22 13:42:55 np0005532311.novalocal object-server[96157]: ::1 - - [22/Nov/2025:18:42:55 +0000] "PUT /3/185508/AUTH_7e6379b038b744d2b4ed9c56e55784eb/gnocchi.02743456-c0f7-497d-8bbe-cf20b620dab2/1763640000.0_mean_300.0_v3" 201 - "PUT http://[::1]:8080/v1/AUTH_7e6379b038b744d2b4ed9c56e55784eb/gnocchi.02743456-c0f7-497d-8bbe-cf20b620dab2/1763640000.0_mean_300.0_v3" "txb6ca9ca174204bd28c4ad-006922042f" "proxy-server 88815" 0.0238 "-" 96157 0
Nov 22 13:42:55 np0005532311.novalocal proxy-server[88816]: ::1 ::1 22/Nov/2025/18/42/55 GET /v1/AUTH_7e6379b038b744d2b4ed9c56e55784eb/gnocchi.233653f4-37c1-4cdc-9dd7-f0a104d7f3cb%3Fformat%3Djson%26marker%3Dnone_v3%26states%3Dlisting HTTP/1.0 200 - python-swiftclient-4.5.0 gAAAAABpIgQAXILt... - 2 - tx13b4877246ad4eb8b7e48-006922042f - 0.0326 - - 1763836975.023415089 1763836975.056037188 0
Nov 22 13:42:55 np0005532311.novalocal container-server[95854]: ::1 - - [22/Nov/2025:18:42:55 +0000] "PUT /3/120251/AUTH_7e6379b038b744d2b4ed9c56e55784eb/gnocchi.02743456-c0f7-497d-8bbe-cf20b620dab2/1763640000.0_mean_300.0_v3" 201 - "PUT http://[::1]:8080/1/185508/AUTH_7e6379b038b744d2b4ed9c56e55784eb/gnocchi.02743456-c0f7-497d-8bbe-cf20b620dab2/1763640000.0_mean_300.0_v3" "txb6ca9ca174204bd28c4ad-006922042f" "object-server 96157" 0.0029 "-" 95854 0
Nov 22 13:42:55 np0005532311.novalocal object-server[96157]: ::1 - - [22/Nov/2025:18:42:55 +0000] "PUT /1/185508/AUTH_7e6379b038b744d2b4ed9c56e55784eb/gnocchi.02743456-c0f7-497d-8bbe-cf20b620dab2/1763640000.0_mean_300.0_v3" 201 - "PUT http://[::1]:8080/v1/AUTH_7e6379b038b744d2b4ed9c56e55784eb/gnocchi.02743456-c0f7-497d-8bbe-cf20b620dab2/1763640000.0_mean_300.0_v3" "txb6ca9ca174204bd28c4ad-006922042f" "proxy-server 88815" 0.0235 "-" 96157 0
Nov 22 13:42:55 np0005532311.novalocal proxy-server[88815]: ::1 ::1 22/Nov/2025/18/42/55 PUT /v1/AUTH_7e6379b038b744d2b4ed9c56e55784eb/gnocchi.02743456-c0f7-497d-8bbe-cf20b620dab2/1763640000.0_mean_300.0_v3 HTTP/1.0 201 - python-swiftclient-4.5.0 gAAAAABpIgQFZCvZ... 16 - - txb6ca9ca174204bd28c4ad-006922042f - 0.0369 - - 1763836975.025538921 1763836975.062455654 0
Nov 22 13:42:55 np0005532311.novalocal object-server[96156]: ::1 - - [22/Nov/2025:18:42:55 +0000] "GET /3/134914/AUTH_7e6379b038b744d2b4ed9c56e55784eb/gnocchi.233653f4-37c1-4cdc-9dd7-f0a104d7f3cb/1763640000.0_mean_300.0_v3" 200 16 "GET http://[::1]:8080/v1/AUTH_7e6379b038b744d2b4ed9c56e55784eb/gnocchi.233653f4-37c1-4cdc-9dd7-f0a104d7f3cb/1763640000.0_mean_300.0_v3" "txe09a6bdfadcd442689424-006922042f" "proxy-server 88816" 0.0007 "-" 96156 0
Nov 22 13:42:55 np0005532311.novalocal proxy-server[88816]: ::1 ::1 22/Nov/2025/18/42/55 GET /v1/AUTH_7e6379b038b744d2b4ed9c56e55784eb/gnocchi.233653f4-37c1-4cdc-9dd7-f0a104d7f3cb/1763640000.0_mean_300.0_v3 HTTP/1.0 200 - python-swiftclient-4.5.0 gAAAAABpIgQAXILt... - 16 - txe09a6bdfadcd442689424-006922042f - 0.0153 - - 1763836975.065426350 1763836975.080725670 0
Nov 22 13:42:55 np0005532311.novalocal container-server[95853]: ::1 - - [22/Nov/2025:18:42:55 +0000] "PUT /2/120251/AUTH_7e6379b038b744d2b4ed9c56e55784eb/gnocchi.02743456-c0f7-497d-8bbe-cf20b620dab2/none_v3" 201 - "PUT http://[::1]:8080/1/31826/AUTH_7e6379b038b744d2b4ed9c56e55784eb/gnocchi.02743456-c0f7-497d-8bbe-cf20b620dab2/none_v3" "tx2432cd4dd3184b0da74f1-006922042f" "object-server 96157" 0.0016 "-" 95853 0
Nov 22 13:42:55 np0005532311.novalocal container-server[95853]: ::1 - - [22/Nov/2025:18:42:55 +0000] "PUT /1/120251/AUTH_7e6379b038b744d2b4ed9c56e55784eb/gnocchi.02743456-c0f7-497d-8bbe-cf20b620dab2/none_v3" 201 - "PUT http://[::1]:8080/2/31826/AUTH_7e6379b038b744d2b4ed9c56e55784eb/gnocchi.02743456-c0f7-497d-8bbe-cf20b620dab2/none_v3" "tx2432cd4dd3184b0da74f1-006922042f" "object-server 96156" 0.0005 "-" 95853 0
Nov 22 13:42:55 np0005532311.novalocal object-server[96157]: ::1 - - [22/Nov/2025:18:42:55 +0000] "PUT /1/31826/AUTH_7e6379b038b744d2b4ed9c56e55784eb/gnocchi.02743456-c0f7-497d-8bbe-cf20b620dab2/none_v3" 201 - "PUT http://[::1]:8080/v1/AUTH_7e6379b038b744d2b4ed9c56e55784eb/gnocchi.02743456-c0f7-497d-8bbe-cf20b620dab2/none_v3" "tx2432cd4dd3184b0da74f1-006922042f" "proxy-server 88815" 0.0180 "-" 96157 0
Nov 22 13:42:55 np0005532311.novalocal object-server[96156]: ::1 - - [22/Nov/2025:18:42:55 +0000] "PUT /2/31826/AUTH_7e6379b038b744d2b4ed9c56e55784eb/gnocchi.02743456-c0f7-497d-8bbe-cf20b620dab2/none_v3" 201 - "PUT http://[::1]:8080/v1/AUTH_7e6379b038b744d2b4ed9c56e55784eb/gnocchi.02743456-c0f7-497d-8bbe-cf20b620dab2/none_v3" "tx2432cd4dd3184b0da74f1-006922042f" "proxy-server 88815" 0.0166 "-" 96156 0
Nov 22 13:42:55 np0005532311.novalocal container-server[95854]: ::1 - - [22/Nov/2025:18:42:55 +0000] "PUT /3/120251/AUTH_7e6379b038b744d2b4ed9c56e55784eb/gnocchi.02743456-c0f7-497d-8bbe-cf20b620dab2/none_v3" 201 - "PUT http://[::1]:8080/3/31826/AUTH_7e6379b038b744d2b4ed9c56e55784eb/gnocchi.02743456-c0f7-497d-8bbe-cf20b620dab2/none_v3" "tx2432cd4dd3184b0da74f1-006922042f" "object-server 96156" 0.0030 "-" 95854 0
Nov 22 13:42:55 np0005532311.novalocal object-server[96156]: ::1 - - [22/Nov/2025:18:42:55 +0000] "PUT /3/31826/AUTH_7e6379b038b744d2b4ed9c56e55784eb/gnocchi.02743456-c0f7-497d-8bbe-cf20b620dab2/none_v3" 201 - "PUT http://[::1]:8080/v1/AUTH_7e6379b038b744d2b4ed9c56e55784eb/gnocchi.02743456-c0f7-497d-8bbe-cf20b620dab2/none_v3" "tx2432cd4dd3184b0da74f1-006922042f" "proxy-server 88815" 0.0206 "-" 96156 0
Nov 22 13:42:55 np0005532311.novalocal proxy-server[88815]: ::1 ::1 22/Nov/2025/18/42/55 PUT /v1/AUTH_7e6379b038b744d2b4ed9c56e55784eb/gnocchi.02743456-c0f7-497d-8bbe-cf20b620dab2/none_v3 HTTP/1.0 201 - python-swiftclient-4.5.0 gAAAAABpIgQFZCvZ... 27 - - tx2432cd4dd3184b0da74f1-006922042f - 0.0293 - - 1763836975.066061497 1763836975.095402241 0
Nov 22 13:42:55 np0005532311.novalocal container-server[95854]: ::1 - - [22/Nov/2025:18:42:55 +0000] "PUT /3/138679/AUTH_7e6379b038b744d2b4ed9c56e55784eb/gnocchi.233653f4-37c1-4cdc-9dd7-f0a104d7f3cb/1763640000.0_mean_300.0_v3" 201 - "PUT http://[::1]:8080/3/134914/AUTH_7e6379b038b744d2b4ed9c56e55784eb/gnocchi.233653f4-37c1-4cdc-9dd7-f0a104d7f3cb/1763640000.0_mean_300.0_v3" "tx48d2d0a0661e4bad85ef8-006922042f" "object-server 96156" 0.0007 "-" 95854 0
Nov 22 13:42:55 np0005532311.novalocal object-server[96156]: ::1 - - [22/Nov/2025:18:42:55 +0000] "PUT /3/134914/AUTH_7e6379b038b744d2b4ed9c56e55784eb/gnocchi.233653f4-37c1-4cdc-9dd7-f0a104d7f3cb/1763640000.0_mean_300.0_v3" 201 - "PUT http://[::1]:8080/v1/AUTH_7e6379b038b744d2b4ed9c56e55784eb/gnocchi.233653f4-37c1-4cdc-9dd7-f0a104d7f3cb/1763640000.0_mean_300.0_v3" "tx48d2d0a0661e4bad85ef8-006922042f" "proxy-server 88816" 0.0133 "-" 96156 0
Nov 22 13:42:55 np0005532311.novalocal container-server[95853]: ::1 - - [22/Nov/2025:18:42:55 +0000] "PUT /1/138679/AUTH_7e6379b038b744d2b4ed9c56e55784eb/gnocchi.233653f4-37c1-4cdc-9dd7-f0a104d7f3cb/1763640000.0_mean_300.0_v3" 201 - "PUT http://[::1]:8080/1/134914/AUTH_7e6379b038b744d2b4ed9c56e55784eb/gnocchi.233653f4-37c1-4cdc-9dd7-f0a104d7f3cb/1763640000.0_mean_300.0_v3" "tx48d2d0a0661e4bad85ef8-006922042f" "object-server 96156" 0.0014 "-" 95853 0
Nov 22 13:42:55 np0005532311.novalocal object-server[96156]: ::1 - - [22/Nov/2025:18:42:55 +0000] "PUT /1/134914/AUTH_7e6379b038b744d2b4ed9c56e55784eb/gnocchi.233653f4-37c1-4cdc-9dd7-f0a104d7f3cb/1763640000.0_mean_300.0_v3" 201 - "PUT http://[::1]:8080/v1/AUTH_7e6379b038b744d2b4ed9c56e55784eb/gnocchi.233653f4-37c1-4cdc-9dd7-f0a104d7f3cb/1763640000.0_mean_300.0_v3" "tx48d2d0a0661e4bad85ef8-006922042f" "proxy-server 88816" 0.0130 "-" 96156 0
Nov 22 13:42:55 np0005532311.novalocal container-server[95854]: ::1 - - [22/Nov/2025:18:42:55 +0000] "PUT /2/138679/AUTH_7e6379b038b744d2b4ed9c56e55784eb/gnocchi.233653f4-37c1-4cdc-9dd7-f0a104d7f3cb/1763640000.0_mean_300.0_v3" 201 - "PUT http://[::1]:8080/2/134914/AUTH_7e6379b038b744d2b4ed9c56e55784eb/gnocchi.233653f4-37c1-4cdc-9dd7-f0a104d7f3cb/1763640000.0_mean_300.0_v3" "tx48d2d0a0661e4bad85ef8-006922042f" "object-server 96157" 0.0010 "-" 95854 0
Nov 22 13:42:55 np0005532311.novalocal object-server[96157]: ::1 - - [22/Nov/2025:18:42:55 +0000] "PUT /2/134914/AUTH_7e6379b038b744d2b4ed9c56e55784eb/gnocchi.233653f4-37c1-4cdc-9dd7-f0a104d7f3cb/1763640000.0_mean_300.0_v3" 201 - "PUT http://[::1]:8080/v1/AUTH_7e6379b038b744d2b4ed9c56e55784eb/gnocchi.233653f4-37c1-4cdc-9dd7-f0a104d7f3cb/1763640000.0_mean_300.0_v3" "tx48d2d0a0661e4bad85ef8-006922042f" "proxy-server 88816" 0.0168 "-" 96157 0
Nov 22 13:42:55 np0005532311.novalocal proxy-server[88816]: ::1 ::1 22/Nov/2025/18/42/55 PUT /v1/AUTH_7e6379b038b744d2b4ed9c56e55784eb/gnocchi.233653f4-37c1-4cdc-9dd7-f0a104d7f3cb/1763640000.0_mean_300.0_v3 HTTP/1.0 201 - python-swiftclient-4.5.0 gAAAAABpIgQAXILt... 16 - - tx48d2d0a0661e4bad85ef8-006922042f - 0.0299 - - 1763836975.085109472 1763836975.115014076 0
Nov 22 13:42:55 np0005532311.novalocal container-server[95853]: ::1 - - [22/Nov/2025:18:42:55 +0000] "PUT /1/138679/AUTH_7e6379b038b744d2b4ed9c56e55784eb/gnocchi.233653f4-37c1-4cdc-9dd7-f0a104d7f3cb/none_v3" 201 - "PUT http://[::1]:8080/1/141099/AUTH_7e6379b038b744d2b4ed9c56e55784eb/gnocchi.233653f4-37c1-4cdc-9dd7-f0a104d7f3cb/none_v3" "tx2e577fa36ac44677acfce-006922042f" "object-server 96156" 0.0006 "-" 95853 0
Nov 22 13:42:55 np0005532311.novalocal object-server[96156]: ::1 - - [22/Nov/2025:18:42:55 +0000] "PUT /1/141099/AUTH_7e6379b038b744d2b4ed9c56e55784eb/gnocchi.233653f4-37c1-4cdc-9dd7-f0a104d7f3cb/none_v3" 201 - "PUT http://[::1]:8080/v1/AUTH_7e6379b038b744d2b4ed9c56e55784eb/gnocchi.233653f4-37c1-4cdc-9dd7-f0a104d7f3cb/none_v3" "tx2e577fa36ac44677acfce-006922042f" "proxy-server 88816" 0.0135 "-" 96156 0
Nov 22 13:42:55 np0005532311.novalocal container-server[95853]: ::1 - - [22/Nov/2025:18:42:55 +0000] "PUT /3/138679/AUTH_7e6379b038b744d2b4ed9c56e55784eb/gnocchi.233653f4-37c1-4cdc-9dd7-f0a104d7f3cb/none_v3" 201 - "PUT http://[::1]:8080/2/141099/AUTH_7e6379b038b744d2b4ed9c56e55784eb/gnocchi.233653f4-37c1-4cdc-9dd7-f0a104d7f3cb/none_v3" "tx2e577fa36ac44677acfce-006922042f" "object-server 96157" 0.0006 "-" 95853 0
Nov 22 13:42:55 np0005532311.novalocal object-server[96157]: ::1 - - [22/Nov/2025:18:42:55 +0000] "PUT /2/141099/AUTH_7e6379b038b744d2b4ed9c56e55784eb/gnocchi.233653f4-37c1-4cdc-9dd7-f0a104d7f3cb/none_v3" 201 - "PUT http://[::1]:8080/v1/AUTH_7e6379b038b744d2b4ed9c56e55784eb/gnocchi.233653f4-37c1-4cdc-9dd7-f0a104d7f3cb/none_v3" "tx2e577fa36ac44677acfce-006922042f" "proxy-server 88816" 0.0179 "-" 96157 0
Nov 22 13:42:55 np0005532311.novalocal container-server[95853]: ::1 - - [22/Nov/2025:18:42:55 +0000] "PUT /2/138679/AUTH_7e6379b038b744d2b4ed9c56e55784eb/gnocchi.233653f4-37c1-4cdc-9dd7-f0a104d7f3cb/none_v3" 201 - "PUT http://[::1]:8080/3/141099/AUTH_7e6379b038b744d2b4ed9c56e55784eb/gnocchi.233653f4-37c1-4cdc-9dd7-f0a104d7f3cb/none_v3" "tx2e577fa36ac44677acfce-006922042f" "object-server 96157" 0.0005 "-" 95853 0
Nov 22 13:42:55 np0005532311.novalocal object-server[96157]: ::1 - - [22/Nov/2025:18:42:55 +0000] "PUT /3/141099/AUTH_7e6379b038b744d2b4ed9c56e55784eb/gnocchi.233653f4-37c1-4cdc-9dd7-f0a104d7f3cb/none_v3" 201 - "PUT http://[::1]:8080/v1/AUTH_7e6379b038b744d2b4ed9c56e55784eb/gnocchi.233653f4-37c1-4cdc-9dd7-f0a104d7f3cb/none_v3" "tx2e577fa36ac44677acfce-006922042f" "proxy-server 88816" 0.0249 "-" 96157 0
Nov 22 13:42:55 np0005532311.novalocal proxy-server[88816]: ::1 ::1 22/Nov/2025/18/42/55 PUT /v1/AUTH_7e6379b038b744d2b4ed9c56e55784eb/gnocchi.233653f4-37c1-4cdc-9dd7-f0a104d7f3cb/none_v3 HTTP/1.0 201 - python-swiftclient-4.5.0 gAAAAABpIgQAXILt... 32 - - tx2e577fa36ac44677acfce-006922042f - 0.0333 - - 1763836975.121386051 1763836975.154668331 0
Nov 22 13:42:56 np0005532311.novalocal sshd-session[104013]: Invalid user chris from 162.240.39.179 port 53318
Nov 22 13:42:56 np0005532311.novalocal sshd-session[104013]: Received disconnect from 162.240.39.179 port 53318:11: Bye Bye [preauth]
Nov 22 13:42:56 np0005532311.novalocal sshd-session[104013]: Disconnected from invalid user chris 162.240.39.179 port 53318 [preauth]
Nov 22 13:42:56 np0005532311.novalocal container-server[95917]: Beginning replication run
Nov 22 13:42:57 np0005532311.novalocal kernel: qbr2c4f0818-41: port 2(tap2c4f0818-41) entered disabled state
Nov 22 13:42:57 np0005532311.novalocal kernel: tap2c4f0818-41 (unregistering): left allmulticast mode
Nov 22 13:42:57 np0005532311.novalocal kernel: tap2c4f0818-41 (unregistering): left promiscuous mode
Nov 22 13:42:57 np0005532311.novalocal kernel: qbr2c4f0818-41: port 2(tap2c4f0818-41) entered disabled state
Nov 22 13:42:57 np0005532311.novalocal NetworkManager[858]: [1763836977.4824] device (tap2c4f0818-41): state change: activated -> unmanaged (reason 'unmanaged', managed-type: 'removed')
Nov 22 13:42:57 np0005532311.novalocal NetworkManager[858]: [1763836977.4833] device (tap2c4f0818-41): released from controller device qbr2c4f0818-41
Nov 22 13:42:57 np0005532311.novalocal systemd[1]: machine-qemu\x2d3\x2dinstance\x2d00000003.scope: Deactivated successfully.
Nov 22 13:42:57 np0005532311.novalocal systemd[1]: machine-qemu\x2d3\x2dinstance\x2d00000003.scope: Consumed 8.570s CPU time.
Nov 22 13:42:57 np0005532311.novalocal systemd-machined[93133]: Machine qemu-3-instance-00000003 terminated.
Nov 22 13:42:57 np0005532311.novalocal object-server[96156]: ::1 - - [22/Nov/2025:18:42:57 +0000] "GET /2/110079/AUTH_7e6379b038b744d2b4ed9c56e55784eb/gnocchi.fa5a7c07-f1fd-45b9-9182-9f1866c0e513/none_v3" 200 22 "GET http://[::1]:8080/v1/AUTH_7e6379b038b744d2b4ed9c56e55784eb/gnocchi.fa5a7c07-f1fd-45b9-9182-9f1866c0e513/none_v3" "tx88586ca8be20475e8d1c2-0069220431" "proxy-server 88816" 0.0007 "-" 96156 0
Nov 22 13:42:57 np0005532311.novalocal object-server[96156]: ::1 - - [22/Nov/2025:18:42:57 +0000] "GET /2/25607/AUTH_7e6379b038b744d2b4ed9c56e55784eb/gnocchi.add8e920-7edd-4eed-951a-b1d322d64184/none_v3" 200 22 "GET http://[::1]:8080/v1/AUTH_7e6379b038b744d2b4ed9c56e55784eb/gnocchi.add8e920-7edd-4eed-951a-b1d322d64184/none_v3" "tx2816e00f6bb84f2d87150-0069220431" "proxy-server 88815" 0.0005 "-" 96156 0
Nov 22 13:42:57 np0005532311.novalocal proxy-server[88816]: ::1 ::1 22/Nov/2025/18/42/57 GET /v1/AUTH_7e6379b038b744d2b4ed9c56e55784eb/gnocchi.fa5a7c07-f1fd-45b9-9182-9f1866c0e513/none_v3 HTTP/1.0 200 - python-swiftclient-4.5.0 gAAAAABpIgQAXILt... - 22 - tx88586ca8be20475e8d1c2-0069220431 - 0.0075 - - 1763836977.597301722 1763836977.604781628 0
Nov 22 13:42:57 np0005532311.novalocal proxy-server[88815]: ::1 ::1 22/Nov/2025/18/42/57 GET /v1/AUTH_7e6379b038b744d2b4ed9c56e55784eb/gnocchi.add8e920-7edd-4eed-951a-b1d322d64184/none_v3 HTTP/1.0 200 - python-swiftclient-4.5.0 gAAAAABpIgQFZCvZ... - 22 - tx2816e00f6bb84f2d87150-0069220431 - 0.0092 - - 1763836977.596213579 1763836977.605444908 0
Nov 22 13:42:57 np0005532311.novalocal container-server[95853]: ::1 - - [22/Nov/2025:18:42:57 +0000] "GET /1/199745/AUTH_7e6379b038b744d2b4ed9c56e55784eb/gnocchi.fa5a7c07-f1fd-45b9-9182-9f1866c0e513" 200 357 "GET http://[::1]:8080/v1/AUTH_7e6379b038b744d2b4ed9c56e55784eb/gnocchi.fa5a7c07-f1fd-45b9-9182-9f1866c0e513?format=json&states=listing" "txb68ef2af6e064a7a9a7d8-0069220431" "proxy-server 88816" 0.0028 "-" 95853 0
Nov 22 13:42:57 np0005532311.novalocal container-server[95854]: ::1 - - [22/Nov/2025:18:42:57 +0000] "GET /1/237908/AUTH_7e6379b038b744d2b4ed9c56e55784eb/gnocchi.add8e920-7edd-4eed-951a-b1d322d64184" 200 357 "GET http://[::1]:8080/v1/AUTH_7e6379b038b744d2b4ed9c56e55784eb/gnocchi.add8e920-7edd-4eed-951a-b1d322d64184?format=json&states=listing" "tx6d82b2d9c2b44586a8ba4-0069220431" "proxy-server 88815" 0.0029 "-" 95854 0
Nov 22 13:42:57 np0005532311.novalocal proxy-server[88816]: ::1 ::1 22/Nov/2025/18/42/57 GET /v1/AUTH_7e6379b038b744d2b4ed9c56e55784eb/gnocchi.fa5a7c07-f1fd-45b9-9182-9f1866c0e513%3Fformat%3Djson%26states%3Dlisting HTTP/1.0 200 - python-swiftclient-4.5.0 gAAAAABpIgQAXILt... - 357 - txb68ef2af6e064a7a9a7d8-0069220431 - 0.0094 - - 1763836977.607357740 1763836977.616719246 0
Nov 22 13:42:57 np0005532311.novalocal proxy-server[88815]: ::1 ::1 22/Nov/2025/18/42/57 GET /v1/AUTH_7e6379b038b744d2b4ed9c56e55784eb/gnocchi.add8e920-7edd-4eed-951a-b1d322d64184%3Fformat%3Djson%26states%3Dlisting HTTP/1.0 200 - python-swiftclient-4.5.0 gAAAAABpIgQFZCvZ... - 357 - tx6d82b2d9c2b44586a8ba4-0069220431 - 0.0085 - - 1763836977.608205795 1763836977.616729975 0
Nov 22 13:42:57 np0005532311.novalocal container-server[95853]: ::1 - - [22/Nov/2025:18:42:57 +0000] "GET /2/237908/AUTH_7e6379b038b744d2b4ed9c56e55784eb/gnocchi.add8e920-7edd-4eed-951a-b1d322d64184" 200 2 "GET http://[::1]:8080/v1/AUTH_7e6379b038b744d2b4ed9c56e55784eb/gnocchi.add8e920-7edd-4eed-951a-b1d322d64184?format=json&marker=none_v3&states=listing" "txb3eccd2824344018ad2f0-0069220431" "proxy-server 88815" 0.0018 "-" 95853 0
Nov 22 13:42:57 np0005532311.novalocal container-server[95854]: ::1 - - [22/Nov/2025:18:42:57 +0000] "GET /3/199745/AUTH_7e6379b038b744d2b4ed9c56e55784eb/gnocchi.fa5a7c07-f1fd-45b9-9182-9f1866c0e513" 200 2 "GET http://[::1]:8080/v1/AUTH_7e6379b038b744d2b4ed9c56e55784eb/gnocchi.fa5a7c07-f1fd-45b9-9182-9f1866c0e513?format=json&marker=none_v3&states=listing" "tx0b60c4f5e2c74a20ac725-0069220431" "proxy-server 88816" 0.0025 "-" 95854 0
Nov 22 13:42:57 np0005532311.novalocal proxy-server[88815]: ::1 ::1 22/Nov/2025/18/42/57 GET /v1/AUTH_7e6379b038b744d2b4ed9c56e55784eb/gnocchi.add8e920-7edd-4eed-951a-b1d322d64184%3Fformat%3Djson%26marker%3Dnone_v3%26states%3Dlisting HTTP/1.0 200 - python-swiftclient-4.5.0 gAAAAABpIgQFZCvZ... - 2 - txb3eccd2824344018ad2f0-0069220431 - 0.0073 - - 1763836977.618776560 1763836977.626116753 0
Nov 22 13:42:57 np0005532311.novalocal proxy-server[88816]: ::1 ::1 22/Nov/2025/18/42/57 GET /v1/AUTH_7e6379b038b744d2b4ed9c56e55784eb/gnocchi.fa5a7c07-f1fd-45b9-9182-9f1866c0e513%3Fformat%3Djson%26marker%3Dnone_v3%26states%3Dlisting HTTP/1.0 200 - python-swiftclient-4.5.0 gAAAAABpIgQAXILt... - 2 - tx0b60c4f5e2c74a20ac725-0069220431 - 0.0074 - - 1763836977.618860960 1763836977.626236200 0
Nov 22 13:42:57 np0005532311.novalocal object-server[96157]: ::1 - - [22/Nov/2025:18:42:57 +0000] "GET /3/163001/AUTH_7e6379b038b744d2b4ed9c56e55784eb/gnocchi.fa5a7c07-f1fd-45b9-9182-9f1866c0e513/1763640000.0_mean_300.0_v3" 200 16 "GET http://[::1]:8080/v1/AUTH_7e6379b038b744d2b4ed9c56e55784eb/gnocchi.fa5a7c07-f1fd-45b9-9182-9f1866c0e513/1763640000.0_mean_300.0_v3" "txe930bb3354a249a48e406-0069220431" "proxy-server 88816" 0.0011 "-" 96157 0
Nov 22 13:42:57 np0005532311.novalocal object-server[96157]: ::1 - - [22/Nov/2025:18:42:57 +0000] "GET /2/59507/AUTH_7e6379b038b744d2b4ed9c56e55784eb/gnocchi.add8e920-7edd-4eed-951a-b1d322d64184/1763640000.0_mean_300.0_v3" 200 16 "GET http://[::1]:8080/v1/AUTH_7e6379b038b744d2b4ed9c56e55784eb/gnocchi.add8e920-7edd-4eed-951a-b1d322d64184/1763640000.0_mean_300.0_v3" "txdb1995956dff43b88ceae-0069220431" "proxy-server 88815" 0.0007 "-" 96157 0
Nov 22 13:42:57 np0005532311.novalocal proxy-server[88816]: ::1 ::1 22/Nov/2025/18/42/57 GET /v1/AUTH_7e6379b038b744d2b4ed9c56e55784eb/gnocchi.fa5a7c07-f1fd-45b9-9182-9f1866c0e513/1763640000.0_mean_300.0_v3 HTTP/1.0 200 - python-swiftclient-4.5.0 gAAAAABpIgQAXILt... - 16 - txe930bb3354a249a48e406-0069220431 - 0.0076 - - 1763836977.628670216 1763836977.636252642 0
Nov 22 13:42:57 np0005532311.novalocal proxy-server[88815]: ::1 ::1 22/Nov/2025/18/42/57 GET /v1/AUTH_7e6379b038b744d2b4ed9c56e55784eb/gnocchi.add8e920-7edd-4eed-951a-b1d322d64184/1763640000.0_mean_300.0_v3 HTTP/1.0 200 - python-swiftclient-4.5.0 gAAAAABpIgQFZCvZ... - 16 - txdb1995956dff43b88ceae-0069220431 - 0.0095 - - 1763836977.629003763 1763836977.638501167 0
Nov 22 13:42:57 np0005532311.novalocal container-server[95853]: ::1 - - [22/Nov/2025:18:42:57 +0000] "PUT /1/199745/AUTH_7e6379b038b744d2b4ed9c56e55784eb/gnocchi.fa5a7c07-f1fd-45b9-9182-9f1866c0e513/1763640000.0_mean_300.0_v3" 201 - "PUT http://[::1]:8080/2/163001/AUTH_7e6379b038b744d2b4ed9c56e55784eb/gnocchi.fa5a7c07-f1fd-45b9-9182-9f1866c0e513/1763640000.0_mean_300.0_v3" "tx292dba3408e04dcd96f86-0069220431" "object-server 96156" 0.0004 "-" 95853 0
Nov 22 13:42:57 np0005532311.novalocal container-server[95854]: ::1 - - [22/Nov/2025:18:42:57 +0000] "PUT /3/199745/AUTH_7e6379b038b744d2b4ed9c56e55784eb/gnocchi.fa5a7c07-f1fd-45b9-9182-9f1866c0e513/1763640000.0_mean_300.0_v3" 201 - "PUT http://[::1]:8080/1/163001/AUTH_7e6379b038b744d2b4ed9c56e55784eb/gnocchi.fa5a7c07-f1fd-45b9-9182-9f1866c0e513/1763640000.0_mean_300.0_v3" "tx292dba3408e04dcd96f86-0069220431" "object-server 96157" 0.0005 "-" 95854 0
Nov 22 13:42:57 np0005532311.novalocal container-server[95853]: ::1 - - [22/Nov/2025:18:42:57 +0000] "PUT /2/199745/AUTH_7e6379b038b744d2b4ed9c56e55784eb/gnocchi.fa5a7c07-f1fd-45b9-9182-9f1866c0e513/1763640000.0_mean_300.0_v3" 201 - "PUT http://[::1]:8080/3/163001/AUTH_7e6379b038b744d2b4ed9c56e55784eb/gnocchi.fa5a7c07-f1fd-45b9-9182-9f1866c0e513/1763640000.0_mean_300.0_v3" "tx292dba3408e04dcd96f86-0069220431" "object-server 96157" 0.0003 "-" 95853 0
Nov 22 13:42:57 np0005532311.novalocal object-server[96156]: ::1 - - [22/Nov/2025:18:42:57 +0000] "PUT /2/163001/AUTH_7e6379b038b744d2b4ed9c56e55784eb/gnocchi.fa5a7c07-f1fd-45b9-9182-9f1866c0e513/1763640000.0_mean_300.0_v3" 201 - "PUT http://[::1]:8080/v1/AUTH_7e6379b038b744d2b4ed9c56e55784eb/gnocchi.fa5a7c07-f1fd-45b9-9182-9f1866c0e513/1763640000.0_mean_300.0_v3" "tx292dba3408e04dcd96f86-0069220431" "proxy-server 88816" 0.0113 "-" 96156 0
Nov 22 13:42:57 np0005532311.novalocal object-server[96157]: ::1 - - [22/Nov/2025:18:42:57 +0000] "PUT /1/163001/AUTH_7e6379b038b744d2b4ed9c56e55784eb/gnocchi.fa5a7c07-f1fd-45b9-9182-9f1866c0e513/1763640000.0_mean_300.0_v3" 201 - "PUT http://[::1]:8080/v1/AUTH_7e6379b038b744d2b4ed9c56e55784eb/gnocchi.fa5a7c07-f1fd-45b9-9182-9f1866c0e513/1763640000.0_mean_300.0_v3" "tx292dba3408e04dcd96f86-0069220431" "proxy-server 88816" 0.0117 "-" 96157 0
Nov 22 13:42:57 np0005532311.novalocal object-server[96157]: ::1 - - [22/Nov/2025:18:42:57 +0000] "PUT /3/163001/AUTH_7e6379b038b744d2b4ed9c56e55784eb/gnocchi.fa5a7c07-f1fd-45b9-9182-9f1866c0e513/1763640000.0_mean_300.0_v3" 201 - "PUT http://[::1]:8080/v1/AUTH_7e6379b038b744d2b4ed9c56e55784eb/gnocchi.fa5a7c07-f1fd-45b9-9182-9f1866c0e513/1763640000.0_mean_300.0_v3" "tx292dba3408e04dcd96f86-0069220431" "proxy-server 88816" 0.0119 "-" 96157 0
Nov 22 13:42:57 np0005532311.novalocal proxy-server[88816]: ::1 ::1 22/Nov/2025/18/42/57 PUT /v1/AUTH_7e6379b038b744d2b4ed9c56e55784eb/gnocchi.fa5a7c07-f1fd-45b9-9182-9f1866c0e513/1763640000.0_mean_300.0_v3 HTTP/1.0 201 - python-swiftclient-4.5.0 gAAAAABpIgQAXILt... 16 - - tx292dba3408e04dcd96f86-0069220431 - 0.0189 - - 1763836977.638445616 1763836977.657320499 0
Nov 22 13:42:57 np0005532311.novalocal container-server[95853]: ::1 - - [22/Nov/2025:18:42:57 +0000] "PUT /1/237908/AUTH_7e6379b038b744d2b4ed9c56e55784eb/gnocchi.add8e920-7edd-4eed-951a-b1d322d64184/1763640000.0_mean_300.0_v3" 201 - "PUT http://[::1]:8080/3/59507/AUTH_7e6379b038b744d2b4ed9c56e55784eb/gnocchi.add8e920-7edd-4eed-951a-b1d322d64184/1763640000.0_mean_300.0_v3" "tx897e5ac7822d46bcb0f1a-0069220431" "object-server 96157" 0.0003 "-" 95853 0
Nov 22 13:42:57 np0005532311.novalocal object-server[96157]: ::1 - - [22/Nov/2025:18:42:57 +0000] "PUT /3/59507/AUTH_7e6379b038b744d2b4ed9c56e55784eb/gnocchi.add8e920-7edd-4eed-951a-b1d322d64184/1763640000.0_mean_300.0_v3" 201 - "PUT http://[::1]:8080/v1/AUTH_7e6379b038b744d2b4ed9c56e55784eb/gnocchi.add8e920-7edd-4eed-951a-b1d322d64184/1763640000.0_mean_300.0_v3" "tx897e5ac7822d46bcb0f1a-0069220431" "proxy-server 88815" 0.0113 "-" 96157 0
Nov 22 13:42:57 np0005532311.novalocal container-server[95853]: ::1 - - [22/Nov/2025:18:42:57 +0000] "PUT /3/237908/AUTH_7e6379b038b744d2b4ed9c56e55784eb/gnocchi.add8e920-7edd-4eed-951a-b1d322d64184/1763640000.0_mean_300.0_v3" 201 - "PUT http://[::1]:8080/1/59507/AUTH_7e6379b038b744d2b4ed9c56e55784eb/gnocchi.add8e920-7edd-4eed-951a-b1d322d64184/1763640000.0_mean_300.0_v3" "tx897e5ac7822d46bcb0f1a-0069220431" "object-server 96156" 0.0003 "-" 95853 0
Nov 22 13:42:57 np0005532311.novalocal container-server[95853]: ::1 - - [22/Nov/2025:18:42:57 +0000] "PUT /2/237908/AUTH_7e6379b038b744d2b4ed9c56e55784eb/gnocchi.add8e920-7edd-4eed-951a-b1d322d64184/1763640000.0_mean_300.0_v3" 201 - "PUT http://[::1]:8080/2/59507/AUTH_7e6379b038b744d2b4ed9c56e55784eb/gnocchi.add8e920-7edd-4eed-951a-b1d322d64184/1763640000.0_mean_300.0_v3" "tx897e5ac7822d46bcb0f1a-0069220431" "object-server 96157" 0.0003 "-" 95853 0
Nov 22 13:42:57 np0005532311.novalocal object-server[96156]: ::1 - - [22/Nov/2025:18:42:57 +0000] "PUT /1/59507/AUTH_7e6379b038b744d2b4ed9c56e55784eb/gnocchi.add8e920-7edd-4eed-951a-b1d322d64184/1763640000.0_mean_300.0_v3" 201 - "PUT http://[::1]:8080/v1/AUTH_7e6379b038b744d2b4ed9c56e55784eb/gnocchi.add8e920-7edd-4eed-951a-b1d322d64184/1763640000.0_mean_300.0_v3" "tx897e5ac7822d46bcb0f1a-0069220431" "proxy-server 88815" 0.0121 "-" 96156 0
Nov 22 13:42:57 np0005532311.novalocal object-server[96157]: ::1 - - [22/Nov/2025:18:42:57 +0000] "PUT /2/59507/AUTH_7e6379b038b744d2b4ed9c56e55784eb/gnocchi.add8e920-7edd-4eed-951a-b1d322d64184/1763640000.0_mean_300.0_v3" 201 - "PUT http://[::1]:8080/v1/AUTH_7e6379b038b744d2b4ed9c56e55784eb/gnocchi.add8e920-7edd-4eed-951a-b1d322d64184/1763640000.0_mean_300.0_v3" "tx897e5ac7822d46bcb0f1a-0069220431" "proxy-server 88815" 0.0117 "-" 96157 0
Nov 22 13:42:57 np0005532311.novalocal proxy-server[88815]: ::1 ::1 22/Nov/2025/18/42/57 PUT /v1/AUTH_7e6379b038b744d2b4ed9c56e55784eb/gnocchi.add8e920-7edd-4eed-951a-b1d322d64184/1763640000.0_mean_300.0_v3 HTTP/1.0 201 - python-swiftclient-4.5.0 gAAAAABpIgQFZCvZ... 16 - - tx897e5ac7822d46bcb0f1a-0069220431 - 0.0202 - - 1763836977.641173840 1763836977.661380053 0
Nov 22 13:42:57 np0005532311.novalocal container-server[95854]: ::1 - - [22/Nov/2025:18:42:57 +0000] "PUT /1/237908/AUTH_7e6379b038b744d2b4ed9c56e55784eb/gnocchi.add8e920-7edd-4eed-951a-b1d322d64184/none_v3" 201 - "PUT http://[::1]:8080/2/25607/AUTH_7e6379b038b744d2b4ed9c56e55784eb/gnocchi.add8e920-7edd-4eed-951a-b1d322d64184/none_v3" "txd206529795d44b7886940-0069220431" "object-server 96157" 0.0005 "-" 95854 0
Nov 22 13:42:57 np0005532311.novalocal object-server[96157]: ::1 - - [22/Nov/2025:18:42:57 +0000] "PUT /2/25607/AUTH_7e6379b038b744d2b4ed9c56e55784eb/gnocchi.add8e920-7edd-4eed-951a-b1d322d64184/none_v3" 201 - "PUT http://[::1]:8080/v1/AUTH_7e6379b038b744d2b4ed9c56e55784eb/gnocchi.add8e920-7edd-4eed-951a-b1d322d64184/none_v3" "txd206529795d44b7886940-0069220431" "proxy-server 88815" 0.0116 "-" 96157 0
Nov 22 13:42:57 np0005532311.novalocal container-server[95854]: ::1 - - [22/Nov/2025:18:42:57 +0000] "PUT /2/237908/AUTH_7e6379b038b744d2b4ed9c56e55784eb/gnocchi.add8e920-7edd-4eed-951a-b1d322d64184/none_v3" 201 - "PUT http://[::1]:8080/3/25607/AUTH_7e6379b038b744d2b4ed9c56e55784eb/gnocchi.add8e920-7edd-4eed-951a-b1d322d64184/none_v3" "txd206529795d44b7886940-0069220431" "object-server 96157" 0.0004 "-" 95854 0
Nov 22 13:42:57 np0005532311.novalocal object-server[96157]: ::1 - - [22/Nov/2025:18:42:57 +0000] "PUT /3/25607/AUTH_7e6379b038b744d2b4ed9c56e55784eb/gnocchi.add8e920-7edd-4eed-951a-b1d322d64184/none_v3" 201 - "PUT http://[::1]:8080/v1/AUTH_7e6379b038b744d2b4ed9c56e55784eb/gnocchi.add8e920-7edd-4eed-951a-b1d322d64184/none_v3" "txd206529795d44b7886940-0069220431" "proxy-server 88815" 0.0117 "-" 96157 0
Nov 22 13:42:57 np0005532311.novalocal container-server[95854]: ::1 - - [22/Nov/2025:18:42:57 +0000] "PUT /3/199745/AUTH_7e6379b038b744d2b4ed9c56e55784eb/gnocchi.fa5a7c07-f1fd-45b9-9182-9f1866c0e513/none_v3" 201 - "PUT http://[::1]:8080/1/110079/AUTH_7e6379b038b744d2b4ed9c56e55784eb/gnocchi.fa5a7c07-f1fd-45b9-9182-9f1866c0e513/none_v3" "txcc871360c94945ae9eadf-0069220431" "object-server 96156" 0.0004 "-" 95854 0
Nov 22 13:42:57 np0005532311.novalocal container-server[95853]: ::1 - - [22/Nov/2025:18:42:57 +0000] "PUT /3/237908/AUTH_7e6379b038b744d2b4ed9c56e55784eb/gnocchi.add8e920-7edd-4eed-951a-b1d322d64184/none_v3" 201 - "PUT http://[::1]:8080/1/25607/AUTH_7e6379b038b744d2b4ed9c56e55784eb/gnocchi.add8e920-7edd-4eed-951a-b1d322d64184/none_v3" "txd206529795d44b7886940-0069220431" "object-server 96157" 0.0003 "-" 95853 0
Nov 22 13:42:57 np0005532311.novalocal object-server[96157]: ::1 - - [22/Nov/2025:18:42:57 +0000] "PUT /1/25607/AUTH_7e6379b038b744d2b4ed9c56e55784eb/gnocchi.add8e920-7edd-4eed-951a-b1d322d64184/none_v3" 201 - "PUT http://[::1]:8080/v1/AUTH_7e6379b038b744d2b4ed9c56e55784eb/gnocchi.add8e920-7edd-4eed-951a-b1d322d64184/none_v3" "txd206529795d44b7886940-0069220431" "proxy-server 88815" 0.0163 "-" 96157 0
Nov 22 13:42:57 np0005532311.novalocal object-server[96156]: ::1 - - [22/Nov/2025:18:42:57 +0000] "PUT /1/110079/AUTH_7e6379b038b744d2b4ed9c56e55784eb/gnocchi.fa5a7c07-f1fd-45b9-9182-9f1866c0e513/none_v3" 201 - "PUT http://[::1]:8080/v1/AUTH_7e6379b038b744d2b4ed9c56e55784eb/gnocchi.fa5a7c07-f1fd-45b9-9182-9f1866c0e513/none_v3" "txcc871360c94945ae9eadf-0069220431" "proxy-server 88816" 0.0095 "-" 96156 0
Nov 22 13:42:57 np0005532311.novalocal container-server[95853]: ::1 - - [22/Nov/2025:18:42:57 +0000] "PUT /1/199745/AUTH_7e6379b038b744d2b4ed9c56e55784eb/gnocchi.fa5a7c07-f1fd-45b9-9182-9f1866c0e513/none_v3" 201 - "PUT http://[::1]:8080/2/110079/AUTH_7e6379b038b744d2b4ed9c56e55784eb/gnocchi.fa5a7c07-f1fd-45b9-9182-9f1866c0e513/none_v3" "txcc871360c94945ae9eadf-0069220431" "object-server 96156" 0.0003 "-" 95853 0
Nov 22 13:42:57 np0005532311.novalocal container-server[95854]: ::1 - - [22/Nov/2025:18:42:57 +0000] "PUT /2/199745/AUTH_7e6379b038b744d2b4ed9c56e55784eb/gnocchi.fa5a7c07-f1fd-45b9-9182-9f1866c0e513/none_v3" 201 - "PUT http://[::1]:8080/3/110079/AUTH_7e6379b038b744d2b4ed9c56e55784eb/gnocchi.fa5a7c07-f1fd-45b9-9182-9f1866c0e513/none_v3" "txcc871360c94945ae9eadf-0069220431" "object-server 96156" 0.0004 "-" 95854 0
Nov 22 13:42:57 np0005532311.novalocal proxy-server[88815]: ::1 ::1 22/Nov/2025/18/42/57 PUT /v1/AUTH_7e6379b038b744d2b4ed9c56e55784eb/gnocchi.add8e920-7edd-4eed-951a-b1d322d64184/none_v3 HTTP/1.0 201 - python-swiftclient-4.5.0 gAAAAABpIgQFZCvZ... 31 - - txd206529795d44b7886940-0069220431 - 0.0219 - - 1763836977.663669348 1763836977.685558081 0
Nov 22 13:42:57 np0005532311.novalocal object-server[96156]: ::1 - - [22/Nov/2025:18:42:57 +0000] "PUT /2/110079/AUTH_7e6379b038b744d2b4ed9c56e55784eb/gnocchi.fa5a7c07-f1fd-45b9-9182-9f1866c0e513/none_v3" 201 - "PUT http://[::1]:8080/v1/AUTH_7e6379b038b744d2b4ed9c56e55784eb/gnocchi.fa5a7c07-f1fd-45b9-9182-9f1866c0e513/none_v3" "txcc871360c94945ae9eadf-0069220431" "proxy-server 88816" 0.0134 "-" 96156 0
Nov 22 13:42:57 np0005532311.novalocal object-server[96156]: ::1 - - [22/Nov/2025:18:42:57 +0000] "PUT /3/110079/AUTH_7e6379b038b744d2b4ed9c56e55784eb/gnocchi.fa5a7c07-f1fd-45b9-9182-9f1866c0e513/none_v3" 201 - "PUT http://[::1]:8080/v1/AUTH_7e6379b038b744d2b4ed9c56e55784eb/gnocchi.fa5a7c07-f1fd-45b9-9182-9f1866c0e513/none_v3" "txcc871360c94945ae9eadf-0069220431" "proxy-server 88816" 0.0127 "-" 96156 0
Nov 22 13:42:57 np0005532311.novalocal proxy-server[88816]: ::1 ::1 22/Nov/2025/18/42/57 PUT /v1/AUTH_7e6379b038b744d2b4ed9c56e55784eb/gnocchi.fa5a7c07-f1fd-45b9-9182-9f1866c0e513/none_v3 HTTP/1.0 201 - python-swiftclient-4.5.0 gAAAAABpIgQAXILt... 32 - - txcc871360c94945ae9eadf-0069220431 - 0.0262 - - 1763836977.661295652 1763836977.687507868 0
Nov 22 13:42:57 np0005532311.novalocal object-server[96156]: ::1 - - [22/Nov/2025:18:42:57 +0000] "GET /1/16837/AUTH_7e6379b038b744d2b4ed9c56e55784eb/gnocchi.a5e16713-d1f4-406f-9974-1b341f61228c/none_v3" 200 22 "GET http://[::1]:8080/v1/AUTH_7e6379b038b744d2b4ed9c56e55784eb/gnocchi.a5e16713-d1f4-406f-9974-1b341f61228c/none_v3" "tx9add8e2f91e641abb5151-0069220431" "proxy-server 88816" 0.0032 "-" 96156 0
Nov 22 13:42:57 np0005532311.novalocal object-server[96157]: ::1 - - [22/Nov/2025:18:42:57 +0000] "GET /2/253035/AUTH_7e6379b038b744d2b4ed9c56e55784eb/gnocchi.c619218c-8cf8-4bbe-8c71-3b2bf6e16108/none_v3" 200 22 "GET http://[::1]:8080/v1/AUTH_7e6379b038b744d2b4ed9c56e55784eb/gnocchi.c619218c-8cf8-4bbe-8c71-3b2bf6e16108/none_v3" "txed458cec88454f35a07ea-0069220431" "proxy-server 88815" 0.0010 "-" 96157 0
Nov 22 13:42:57 np0005532311.novalocal proxy-server[88816]: ::1 ::1 22/Nov/2025/18/42/57 GET /v1/AUTH_7e6379b038b744d2b4ed9c56e55784eb/gnocchi.a5e16713-d1f4-406f-9974-1b341f61228c/none_v3 HTTP/1.0 200 - python-swiftclient-4.5.0 gAAAAABpIgQAXILt... - 22 - tx9add8e2f91e641abb5151-0069220431 - 0.0174 - - 1763836977.696851254 1763836977.714203835 0
Nov 22 13:42:57 np0005532311.novalocal proxy-server[88815]: ::1 ::1 22/Nov/2025/18/42/57 GET /v1/AUTH_7e6379b038b744d2b4ed9c56e55784eb/gnocchi.c619218c-8cf8-4bbe-8c71-3b2bf6e16108/none_v3 HTTP/1.0 200 - python-swiftclient-4.5.0 gAAAAABpIgQFZCvZ... - 22 - txed458cec88454f35a07ea-0069220431 - 0.0072 - - 1763836977.708670378 1763836977.715823412 0
Nov 22 13:42:57 np0005532311.novalocal container-server[95853]: ::1 - - [22/Nov/2025:18:42:57 +0000] "GET /1/74804/AUTH_7e6379b038b744d2b4ed9c56e55784eb/gnocchi.c619218c-8cf8-4bbe-8c71-3b2bf6e16108" 200 357 "GET http://[::1]:8080/v1/AUTH_7e6379b038b744d2b4ed9c56e55784eb/gnocchi.c619218c-8cf8-4bbe-8c71-3b2bf6e16108?format=json&states=listing" "txf9b3e7610e184e2aa20a1-0069220431" "proxy-server 88815" 0.0019 "-" 95853 0
Nov 22 13:42:57 np0005532311.novalocal container-server[95854]: ::1 - - [22/Nov/2025:18:42:57 +0000] "GET /2/41937/AUTH_7e6379b038b744d2b4ed9c56e55784eb/gnocchi.a5e16713-d1f4-406f-9974-1b341f61228c" 200 357 "GET http://[::1]:8080/v1/AUTH_7e6379b038b744d2b4ed9c56e55784eb/gnocchi.a5e16713-d1f4-406f-9974-1b341f61228c?format=json&states=listing" "tx43ab25a120cc493c85d65-0069220431" "proxy-server 88816" 0.0024 "-" 95854 0
Nov 22 13:42:57 np0005532311.novalocal proxy-server[88815]: ::1 ::1 22/Nov/2025/18/42/57 GET /v1/AUTH_7e6379b038b744d2b4ed9c56e55784eb/gnocchi.c619218c-8cf8-4bbe-8c71-3b2bf6e16108%3Fformat%3Djson%26states%3Dlisting HTTP/1.0 200 - python-swiftclient-4.5.0 gAAAAABpIgQFZCvZ... - 357 - txf9b3e7610e184e2aa20a1-0069220431 - 0.0063 - - 1763836977.719184875 1763836977.725523233 0
Nov 22 13:42:57 np0005532311.novalocal proxy-server[88816]: ::1 ::1 22/Nov/2025/18/42/57 GET /v1/AUTH_7e6379b038b744d2b4ed9c56e55784eb/gnocchi.a5e16713-d1f4-406f-9974-1b341f61228c%3Fformat%3Djson%26states%3Dlisting HTTP/1.0 200 - python-swiftclient-4.5.0 gAAAAABpIgQAXILt... - 357 - tx43ab25a120cc493c85d65-0069220431 - 0.0134 - - 1763836977.716870546 1763836977.730262280 0
Nov 22 13:42:57 np0005532311.novalocal container-server[95854]: ::1 - - [22/Nov/2025:18:42:57 +0000] "GET /1/74804/AUTH_7e6379b038b744d2b4ed9c56e55784eb/gnocchi.c619218c-8cf8-4bbe-8c71-3b2bf6e16108" 200 2 "GET http://[::1]:8080/v1/AUTH_7e6379b038b744d2b4ed9c56e55784eb/gnocchi.c619218c-8cf8-4bbe-8c71-3b2bf6e16108?format=json&marker=none_v3&states=listing" "txe40712a6be5c4a7aa1ad0-0069220431" "proxy-server 88815" 0.0040 "-" 95854 0
