Nov 22 13:42:18 np0005532311.novalocal object-server[96156]: ::1 - - [22/Nov/2025:18:42:18 +0000] "PUT /3/55089/AUTH_7e6379b038b744d2b4ed9c56e55784eb/gnocchi.f94463b6-8473-48af-894f-03d0df0e4ddf/none_v3" 201 - "PUT http://[::1]:8080/v1/AUTH_7e6379b038b744d2b4ed9c56e55784eb/gnocchi.f94463b6-8473-48af-894f-03d0df0e4ddf/none_v3" "txc4383b1bc39b4881b156f-006922040a" "proxy-server 88815" 0.0131 "-" 96156 0
Nov 22 13:42:18 np0005532311.novalocal object-server[96157]: ::1 - - [22/Nov/2025:18:42:18 +0000] "PUT /1/55089/AUTH_7e6379b038b744d2b4ed9c56e55784eb/gnocchi.f94463b6-8473-48af-894f-03d0df0e4ddf/none_v3" 201 - "PUT http://[::1]:8080/v1/AUTH_7e6379b038b744d2b4ed9c56e55784eb/gnocchi.f94463b6-8473-48af-894f-03d0df0e4ddf/none_v3" "txc4383b1bc39b4881b156f-006922040a" "proxy-server 88815" 0.0110 "-" 96157 0
Nov 22 13:42:18 np0005532311.novalocal container-server[95854]: ::1 - - [22/Nov/2025:18:42:18 +0000] "PUT /1/251082/AUTH_7e6379b038b744d2b4ed9c56e55784eb/gnocchi.f94463b6-8473-48af-894f-03d0df0e4ddf/none_v3" 201 - "PUT http://[::1]:8080/2/55089/AUTH_7e6379b038b744d2b4ed9c56e55784eb/gnocchi.f94463b6-8473-48af-894f-03d0df0e4ddf/none_v3" "txc4383b1bc39b4881b156f-006922040a" "object-server 96157" 0.0004 "-" 95854 0
Nov 22 13:42:18 np0005532311.novalocal object-server[96157]: ::1 - - [22/Nov/2025:18:42:18 +0000] "PUT /2/55089/AUTH_7e6379b038b744d2b4ed9c56e55784eb/gnocchi.f94463b6-8473-48af-894f-03d0df0e4ddf/none_v3" 201 - "PUT http://[::1]:8080/v1/AUTH_7e6379b038b744d2b4ed9c56e55784eb/gnocchi.f94463b6-8473-48af-894f-03d0df0e4ddf/none_v3" "txc4383b1bc39b4881b156f-006922040a" "proxy-server 88815" 0.0169 "-" 96157 0
Nov 22 13:42:18 np0005532311.novalocal proxy-server[88815]: ::1 ::1 22/Nov/2025/18/42/18 PUT /v1/AUTH_7e6379b038b744d2b4ed9c56e55784eb/gnocchi.f94463b6-8473-48af-894f-03d0df0e4ddf/none_v3 HTTP/1.0 201 - python-swiftclient-4.5.0 gAAAAABpIgQFZCvZ... 51 - - txc4383b1bc39b4881b156f-006922040a - 0.0287 - - 1763836938.504668951 1763836938.533335447 0
Nov 22 13:42:18 np0005532311.novalocal kernel: iscsi: registered transport (tcp)
Nov 22 13:42:18 np0005532311.novalocal kernel: scsi host2: iSCSI Initiator over TCP/IP
Nov 22 13:42:18 np0005532311.novalocal iscsid[78127]: iscsid: Connection1:0 to [target: iqn.2010-10.org.openstack:volume-e16c488d-d9bc-4d2b-b44c-cef0d47f72bf, portal: ::1,3260] through [iface: default] is operational now
Nov 22 13:42:18 np0005532311.novalocal kernel: scsi 2:0:0:0: Direct-Access LIO-ORG IBLOCK 4.0 PQ: 0 ANSI: 6
Nov 22 13:42:18 np0005532311.novalocal kernel: scsi 2:0:0:0: alua: supports implicit and explicit TPGS
Nov 22 13:42:18 np0005532311.novalocal kernel: scsi 2:0:0:0: alua: device naa.6001405de799d3964f84892a24eef67a port group 0 rel port 1
Nov 22 13:42:18 np0005532311.novalocal kernel: scsi 2:0:0:0: Attached scsi generic sg1 type 0
Nov 22 13:42:18 np0005532311.novalocal kernel: scsi 2:0:0:0: alua: transition timeout set to 60 seconds
Nov 22 13:42:18 np0005532311.novalocal kernel: scsi 2:0:0:0: alua: port group 00 state A non-preferred supports TOlUSNA
Nov 22 13:42:18 np0005532311.novalocal sshd-session[103156]: Received disconnect from 104.168.4.151 port 45014:11: Bye Bye [preauth]
Nov 22 13:42:18 np0005532311.novalocal sshd-session[103156]: Disconnected from authenticating user root 104.168.4.151 port 45014 [preauth]
Nov 22 13:42:18 np0005532311.novalocal kernel: sd 2:0:0:0: [sda] 2097152 512-byte logical blocks: (1.07 GB/1.00 GiB)
Nov 22 13:42:18 np0005532311.novalocal kernel: sd 2:0:0:0: [sda] Write Protect is off
Nov 22 13:42:18 np0005532311.novalocal kernel: sd 2:0:0:0: [sda] Mode Sense: 43 00 10 08
Nov 22 13:42:18 np0005532311.novalocal kernel: sd 2:0:0:0: [sda] Write cache: enabled, read cache: enabled, supports DPO and FUA
Nov 22 13:42:18 np0005532311.novalocal kernel: MODE SENSE: unimplemented page/subpage: 0x0a/0x05
Nov 22 13:42:18 np0005532311.novalocal kernel: sd 2:0:0:0: [sda] Preferred minimum I/O size 65536 bytes
Nov 22 13:42:18 np0005532311.novalocal kernel: sd 2:0:0:0: [sda] Optimal transfer size 65536 bytes
Nov 22 13:42:18 np0005532311.novalocal kernel: MODE SENSE: unimplemented page/subpage: 0x0a/0x05
Nov 22 13:42:18 np0005532311.novalocal kernel: GPT:Primary header thinks Alt. header is not at the end of the disk.
Nov 22 13:42:18 np0005532311.novalocal kernel: GPT:229375 != 2097151
Nov 22 13:42:18 np0005532311.novalocal kernel: GPT:Alternate GPT header not at the end of the disk.
Nov 22 13:42:18 np0005532311.novalocal kernel: GPT:229375 != 2097151
Nov 22 13:42:18 np0005532311.novalocal kernel: GPT: Use GNU Parted to correct GPT errors.
Nov 22 13:42:18 np0005532311.novalocal kernel: sda: sda1 sda15
Nov 22 13:42:18 np0005532311.novalocal kernel: sd 2:0:0:0: [sda] Attached SCSI disk
Nov 22 13:42:18 np0005532311.novalocal sshd-session[103129]: Received disconnect from 43.225.142.116 port 37866:11: Bye Bye [preauth]
Nov 22 13:42:18 np0005532311.novalocal sshd-session[103129]: Disconnected from authenticating user root 43.225.142.116 port 37866 [preauth]
Nov 22 13:42:19 np0005532311.novalocal object-server[96226]: Starting object replication pass.
Nov 22 13:42:19 np0005532311.novalocal object-server[96226]: 12/12 (100.00%) partitions replicated in 0.14s (88.33/sec, 0s remaining)
Nov 22 13:42:19 np0005532311.novalocal object-server[96226]: 24 successes, 0 failures
Nov 22 13:42:19 np0005532311.novalocal object-server[96226]: 12 suffixes checked - 16.67% hashed, 0.00% synced
Nov 22 13:42:19 np0005532311.novalocal object-server[96226]: Partition times: max 0.0468s, min 0.0046s, med 0.0070s
Nov 22 13:42:19 np0005532311.novalocal object-server[96226]: Object replication complete. (0.00 minutes)
Nov 22 13:42:19 np0005532311.novalocal NetworkManager[858]: [1763836939.8293] manager: (qbr17070193-f7): new Bridge device (/org/freedesktop/NetworkManager/Devices/26)
Nov 22 13:42:19 np0005532311.novalocal systemd-udevd[103181]: Network interface NamePolicy= disabled on kernel command line.
Nov 22 13:42:19 np0005532311.novalocal systemd-udevd[103183]: Network interface NamePolicy= disabled on kernel command line.
Nov 22 13:42:19 np0005532311.novalocal NetworkManager[858]: [1763836939.8445] manager: (qvo17070193-f7): new Veth device (/org/freedesktop/NetworkManager/Devices/27)
Nov 22 13:42:19 np0005532311.novalocal systemd-udevd[103182]: Network interface NamePolicy= disabled on kernel command line.
Nov 22 13:42:19 np0005532311.novalocal NetworkManager[858]: [1763836939.8469] manager: (qvb17070193-f7): new Veth device (/org/freedesktop/NetworkManager/Devices/28)
Nov 22 13:42:19 np0005532311.novalocal NetworkManager[858]: [1763836939.8566] device (qvo17070193-f7): carrier: link connected
Nov 22 13:42:19 np0005532311.novalocal NetworkManager[858]: [1763836939.8575] device (qvb17070193-f7): carrier: link connected
Nov 22 13:42:19 np0005532311.novalocal kernel: qbr17070193-f7: port 1(qvb17070193-f7) entered blocking state
Nov 22 13:42:19 np0005532311.novalocal kernel: qbr17070193-f7: port 1(qvb17070193-f7) entered disabled state
Nov 22 13:42:19 np0005532311.novalocal kernel: qvb17070193-f7: entered allmulticast mode
Nov 22 13:42:19 np0005532311.novalocal kernel: qvb17070193-f7: entered promiscuous mode
Nov 22 13:42:19 np0005532311.novalocal kernel: qbr17070193-f7: port 1(qvb17070193-f7) entered blocking state
Nov 22 13:42:19 np0005532311.novalocal kernel: qbr17070193-f7: port 1(qvb17070193-f7) entered forwarding state
Nov 22 13:42:19 np0005532311.novalocal NetworkManager[858]: [1763836939.8839] device (qbr17070193-f7): carrier: link connected
Nov 22 13:42:19 np0005532311.novalocal kernel: qvo17070193-f7: entered promiscuous mode
Nov 22 13:42:19 np0005532311.novalocal NetworkManager[858]: [1763836939.8961] device (qbr17070193-f7): state change: unmanaged -> unavailable (reason 'connection-assumed', managed-type: 'external')
Nov 22 13:42:19 np0005532311.novalocal NetworkManager[858]: [1763836939.8975] device (qbr17070193-f7): state change: unavailable -> disconnected (reason 'connection-assumed', managed-type: 'external')
Nov 22 13:42:19 np0005532311.novalocal NetworkManager[858]: [1763836939.8988] device (qbr17070193-f7): Activation: starting connection 'qbr17070193-f7' (7d282032-2204-4ca5-9dc7-63ffd40ad397)
Nov 22 13:42:19 np0005532311.novalocal NetworkManager[858]: [1763836939.8995] device (qbr17070193-f7): state change: disconnected -> prepare (reason 'none', managed-type: 'external')
Nov 22 13:42:19 np0005532311.novalocal NetworkManager[858]: [1763836939.8999] device (qbr17070193-f7): state change: prepare -> config (reason 'none', managed-type: 'external')
Nov 22 13:42:19 np0005532311.novalocal NetworkManager[858]: [1763836939.9003] device (qbr17070193-f7): state change: config -> ip-config (reason 'none', managed-type: 'external')
Nov 22 13:42:19 np0005532311.novalocal NetworkManager[858]: [1763836939.9006] device (qbr17070193-f7): state change: ip-config -> ip-check (reason 'none', managed-type: 'external')
Nov 22 13:42:19 np0005532311.novalocal systemd[1]: Starting Network Manager Script Dispatcher Service...
Nov 22 13:42:19 np0005532311.novalocal systemd[1]: Started Network Manager Script Dispatcher Service.
Nov 22 13:42:19 np0005532311.novalocal NetworkManager[858]: [1763836939.9649] device (qbr17070193-f7): state change: ip-check -> secondaries (reason 'none', managed-type: 'external')
Nov 22 13:42:19 np0005532311.novalocal NetworkManager[858]: [1763836939.9656] device (qbr17070193-f7): state change: secondaries -> activated (reason 'none', managed-type: 'external')
Nov 22 13:42:19 np0005532311.novalocal NetworkManager[858]: [1763836939.9666] device (qbr17070193-f7): Activation: successful, device activated.
Nov 22 13:42:19 np0005532311.novalocal systemd[1]: iscsi.service: Unit cannot be reloaded because it is inactive.
Nov 22 13:42:20 np0005532311.novalocal kernel: qbr17070193-f7: port 2(tap17070193-f7) entered blocking state
Nov 22 13:42:20 np0005532311.novalocal kernel: qbr17070193-f7: port 2(tap17070193-f7) entered disabled state
Nov 22 13:42:20 np0005532311.novalocal kernel: tap17070193-f7: entered allmulticast mode
Nov 22 13:42:20 np0005532311.novalocal kernel: tap17070193-f7: entered promiscuous mode
Nov 22 13:42:20 np0005532311.novalocal kernel: qbr17070193-f7: port 2(tap17070193-f7) entered blocking state
Nov 22 13:42:20 np0005532311.novalocal kernel: qbr17070193-f7: port 2(tap17070193-f7) entered forwarding state
Nov 22 13:42:20 np0005532311.novalocal NetworkManager[858]: [1763836940.0198] manager: (tap17070193-f7): new Tun device (/org/freedesktop/NetworkManager/Devices/29)
Nov 22 13:42:20 np0005532311.novalocal libvirtd[98257]: Domain id=2 name='instance-00000002' uuid=8dd3a172-429e-4df3-8b3f-13ba04069f12 is tainted: deprecated-config (machine type 'pc-i440fx-rhel7.6.0')
Nov 22 13:42:20 np0005532311.novalocal libvirtd[98257]: Domain id=2 name='instance-00000002' uuid=8dd3a172-429e-4df3-8b3f-13ba04069f12 is tainted: deprecated-config (CPU model 'qemu64')
Nov 22 13:42:20 np0005532311.novalocal systemd-udevd[103199]: Network interface NamePolicy= disabled on kernel command line.
Nov 22 13:42:20 np0005532311.novalocal NetworkManager[858]: [1763836940.0655] device (tap17070193-f7): state change: unmanaged -> unavailable (reason 'connection-assumed', managed-type: 'external')
Nov 22 13:42:20 np0005532311.novalocal NetworkManager[858]: [1763836940.0665] device (tap17070193-f7): state change: unavailable -> disconnected (reason 'connection-assumed', managed-type: 'external')
Nov 22 13:42:20 np0005532311.novalocal NetworkManager[858]: [1763836940.0671] device (tap17070193-f7): Activation: starting connection 'tap17070193-f7' (a0b05884-dfdd-47b3-8314-7cef4f924063)
Nov 22 13:42:20 np0005532311.novalocal systemd-machined[93133]: New machine qemu-2-instance-00000002.
Nov 22 13:42:20 np0005532311.novalocal NetworkManager[858]: [1763836940.0672] device (tap17070193-f7): state change: disconnected -> prepare (reason 'none', managed-type: 'external')
Nov 22 13:42:20 np0005532311.novalocal NetworkManager[858]: [1763836940.0676] device (tap17070193-f7): state change: prepare -> config (reason 'none', managed-type: 'external')
Nov 22 13:42:20 np0005532311.novalocal NetworkManager[858]: [1763836940.0678] device (tap17070193-f7): state change: config -> ip-config (reason 'none', managed-type: 'external')
Nov 22 13:42:20 np0005532311.novalocal NetworkManager[858]: [1763836940.0680] device (qbr17070193-f7): bridge port tap17070193-f7 was attached
Nov 22 13:42:20 np0005532311.novalocal NetworkManager[858]: [1763836940.0680] device (tap17070193-f7): Activation: connection 'tap17070193-f7' attached as port, continuing activation
Nov 22 13:42:20 np0005532311.novalocal NetworkManager[858]: [1763836940.0683] device (tap17070193-f7): state change: ip-config -> ip-check (reason 'none', managed-type: 'external')
Nov 22 13:42:20 np0005532311.novalocal NetworkManager[858]: [1763836940.0709] device (tap17070193-f7): state change: ip-check -> secondaries (reason 'none', managed-type: 'external')
Nov 22 13:42:20 np0005532311.novalocal NetworkManager[858]: [1763836940.0711] device (tap17070193-f7): state change: secondaries -> activated (reason 'none', managed-type: 'external')
Nov 22 13:42:20 np0005532311.novalocal NetworkManager[858]: [1763836940.0718] device (tap17070193-f7): Activation: successful, device activated.
Nov 22 13:42:20 np0005532311.novalocal systemd[1]: Started Virtual Machine qemu-2-instance-00000002.
Nov 22 13:42:20 np0005532311.novalocal systemd[1]: iscsi.service: Unit cannot be reloaded because it is inactive.
Nov 22 13:42:20 np0005532311.novalocal dnsmasq-dhcp[102226]: DHCPDISCOVER(tap66db3fb2-92) fa:16:3e:ca:cb:bc
Nov 22 13:42:20 np0005532311.novalocal dnsmasq-dhcp[102226]: DHCPOFFER(tap66db3fb2-92) 10.100.0.13 fa:16:3e:ca:cb:bc
Nov 22 13:42:20 np0005532311.novalocal dnsmasq-dhcp[102226]: DHCPREQUEST(tap66db3fb2-92) 10.100.0.13 fa:16:3e:ca:cb:bc
Nov 22 13:42:20 np0005532311.novalocal dnsmasq-dhcp[102226]: DHCPACK(tap66db3fb2-92) 10.100.0.13 fa:16:3e:ca:cb:bc host-10-100-0-13
Nov 22 13:42:24 np0005532311.novalocal kernel: qbr17070193-f7: port 2(tap17070193-f7) entered disabled state
Nov 22 13:42:24 np0005532311.novalocal kernel: tap17070193-f7 (unregistering): left allmulticast mode
Nov 22 13:42:24 np0005532311.novalocal kernel: tap17070193-f7 (unregistering): left promiscuous mode
Nov 22 13:42:24 np0005532311.novalocal kernel: qbr17070193-f7: port 2(tap17070193-f7) entered disabled state
Nov 22 13:42:24 np0005532311.novalocal NetworkManager[858]: [1763836944.2183] device (tap17070193-f7): state change: activated -> unmanaged (reason 'unmanaged', managed-type: 'removed')
Nov 22 13:42:24 np0005532311.novalocal NetworkManager[858]: [1763836944.2192] device (tap17070193-f7): released from controller device qbr17070193-f7
Nov 22 13:42:24 np0005532311.novalocal systemd[1]: machine-qemu\x2d2\x2dinstance\x2d00000002.scope: Deactivated successfully.
Nov 22 13:42:24 np0005532311.novalocal systemd[1]: machine-qemu\x2d2\x2dinstance\x2d00000002.scope: Consumed 2.459s CPU time.
Nov 22 13:42:24 np0005532311.novalocal systemd-machined[93133]: Machine qemu-2-instance-00000002 terminated.
Nov 22 13:42:24 np0005532311.novalocal container-server[95853]: ::1 - - [22/Nov/2025:18:42:24 +0000] "HEAD /2/43074/AUTH_7e6379b038b744d2b4ed9c56e55784eb/gnocchi.b7dec04a-182f-4991-8e0f-550799924e18" 404 - "HEAD http://[::1]:8080/v1/AUTH_7e6379b038b744d2b4ed9c56e55784eb/gnocchi.b7dec04a-182f-4991-8e0f-550799924e18" "tx3a52c16c195e40d5a848f-0069220410" "proxy-server 88815" 0.0005 "-" 95853 0
Nov 22 13:42:24 np0005532311.novalocal container-server[95854]: ::1 - - [22/Nov/2025:18:42:24 +0000] "HEAD /2/179237/AUTH_7e6379b038b744d2b4ed9c56e55784eb/gnocchi.43e319d0-8c70-46ad-879f-693d6188de52" 404 - "HEAD http://[::1]:8080/v1/AUTH_7e6379b038b744d2b4ed9c56e55784eb/gnocchi.43e319d0-8c70-46ad-879f-693d6188de52" "txa460209563d94be990858-0069220410" "proxy-server 88816" 0.0003 "-" 95854 0
Nov 22 13:42:24 np0005532311.novalocal container-server[95853]: ::1 - - [22/Nov/2025:18:42:24 +0000] "HEAD /3/43074/AUTH_7e6379b038b744d2b4ed9c56e55784eb/gnocchi.b7dec04a-182f-4991-8e0f-550799924e18" 404 - "HEAD http://[::1]:8080/v1/AUTH_7e6379b038b744d2b4ed9c56e55784eb/gnocchi.b7dec04a-182f-4991-8e0f-550799924e18" "tx3a52c16c195e40d5a848f-0069220410" "proxy-server 88815" 0.0003 "-" 95853 0
Nov 22 13:42:24 np0005532311.novalocal container-server[95854]: ::1 - - [22/Nov/2025:18:42:24 +0000] "HEAD /3/179237/AUTH_7e6379b038b744d2b4ed9c56e55784eb/gnocchi.43e319d0-8c70-46ad-879f-693d6188de52" 404 - "HEAD http://[::1]:8080/v1/AUTH_7e6379b038b744d2b4ed9c56e55784eb/gnocchi.43e319d0-8c70-46ad-879f-693d6188de52" "txa460209563d94be990858-0069220410" "proxy-server 88816" 0.0003 "-" 95854 0
Nov 22 13:42:24 np0005532311.novalocal container-server[95854]: ::1 - - [22/Nov/2025:18:42:24 +0000] "HEAD /1/43074/AUTH_7e6379b038b744d2b4ed9c56e55784eb/gnocchi.b7dec04a-182f-4991-8e0f-550799924e18" 404 - "HEAD http://[::1]:8080/v1/AUTH_7e6379b038b744d2b4ed9c56e55784eb/gnocchi.b7dec04a-182f-4991-8e0f-550799924e18" "tx3a52c16c195e40d5a848f-0069220410" "proxy-server 88815" 0.0002 "-" 95854 0
Nov 22 13:42:24 np0005532311.novalocal container-server[95853]: ::1 - - [22/Nov/2025:18:42:24 +0000] "HEAD /1/179237/AUTH_7e6379b038b744d2b4ed9c56e55784eb/gnocchi.43e319d0-8c70-46ad-879f-693d6188de52" 404 - "HEAD http://[::1]:8080/v1/AUTH_7e6379b038b744d2b4ed9c56e55784eb/gnocchi.43e319d0-8c70-46ad-879f-693d6188de52" "txa460209563d94be990858-0069220410" "proxy-server 88816" 0.0002 "-" 95853 0
Nov 22 13:42:24 np0005532311.novalocal proxy-server[88815]: - - 22/Nov/2025/18/42/24 HEAD /v1/AUTH_7e6379b038b744d2b4ed9c56e55784eb/gnocchi.b7dec04a-182f-4991-8e0f-550799924e18 HTTP/1.0 404 - Swift - - - - tx3a52c16c195e40d5a848f-0069220410 - 0.0135 CS - 1763836944.308060884 1763836944.321512461 0
Nov 22 13:42:24 np0005532311.novalocal proxy-server[88816]: - - 22/Nov/2025/18/42/24 HEAD /v1/AUTH_7e6379b038b744d2b4ed9c56e55784eb/gnocchi.43e319d0-8c70-46ad-879f-693d6188de52 HTTP/1.0 404 - Swift - - - - txa460209563d94be990858-0069220410 - 0.0118 CS - 1763836944.310536146 1763836944.322307825 0
Nov 22 13:42:24 np0005532311.novalocal object-server[96156]: ::1 - - [22/Nov/2025:18:42:24 +0000] "GET /3/259398/AUTH_7e6379b038b744d2b4ed9c56e55784eb/gnocchi.43e319d0-8c70-46ad-879f-693d6188de52/none_v3" 404 70 "GET http://[::1]:8080/v1/AUTH_7e6379b038b744d2b4ed9c56e55784eb/gnocchi.43e319d0-8c70-46ad-879f-693d6188de52/none_v3" "txa460209563d94be990858-0069220410" "proxy-server 88816" 0.0003 "-" 96156 0
Nov 22 13:42:24 np0005532311.novalocal object-server[96157]: ::1 - - [22/Nov/2025:18:42:24 +0000] "GET /3/196077/AUTH_7e6379b038b744d2b4ed9c56e55784eb/gnocchi.b7dec04a-182f-4991-8e0f-550799924e18/none_v3" 404 70 "GET http://[::1]:8080/v1/AUTH_7e6379b038b744d2b4ed9c56e55784eb/gnocchi.b7dec04a-182f-4991-8e0f-550799924e18/none_v3" "tx3a52c16c195e40d5a848f-0069220410" "proxy-server 88815" 0.0004 "-" 96157 0
Nov 22 13:42:24 np0005532311.novalocal object-server[96157]: ::1 - - [22/Nov/2025:18:42:24 +0000] "GET /1/259398/AUTH_7e6379b038b744d2b4ed9c56e55784eb/gnocchi.43e319d0-8c70-46ad-879f-693d6188de52/none_v3" 404 70 "GET http://[::1]:8080/v1/AUTH_7e6379b038b744d2b4ed9c56e55784eb/gnocchi.43e319d0-8c70-46ad-879f-693d6188de52/none_v3" "txa460209563d94be990858-0069220410" "proxy-server 88816" 0.0074 "-" 96157 0
Nov 22 13:42:24 np0005532311.novalocal object-server[96157]: ::1 - - [22/Nov/2025:18:42:24 +0000] "GET /1/196077/AUTH_7e6379b038b744d2b4ed9c56e55784eb/gnocchi.b7dec04a-182f-4991-8e0f-550799924e18/none_v3" 404 70 "GET http://[::1]:8080/v1/AUTH_7e6379b038b744d2b4ed9c56e55784eb/gnocchi.b7dec04a-182f-4991-8e0f-550799924e18/none_v3" "tx3a52c16c195e40d5a848f-0069220410" "proxy-server 88815" 0.0001 "-" 96157 0
Nov 22 13:42:24 np0005532311.novalocal object-server[96157]: ::1 - - [22/Nov/2025:18:42:24 +0000] "GET /2/196077/AUTH_7e6379b038b744d2b4ed9c56e55784eb/gnocchi.b7dec04a-182f-4991-8e0f-550799924e18/none_v3" 404 70 "GET http://[::1]:8080/v1/AUTH_7e6379b038b744d2b4ed9c56e55784eb/gnocchi.b7dec04a-182f-4991-8e0f-550799924e18/none_v3" "tx3a52c16c195e40d5a848f-0069220410" "proxy-server 88815" 0.0001 "-" 96157 0
Nov 22 13:42:24 np0005532311.novalocal object-server[96156]: ::1 - - [22/Nov/2025:18:42:24 +0000] "GET /2/259398/AUTH_7e6379b038b744d2b4ed9c56e55784eb/gnocchi.43e319d0-8c70-46ad-879f-693d6188de52/none_v3" 404 70 "GET http://[::1]:8080/v1/AUTH_7e6379b038b744d2b4ed9c56e55784eb/gnocchi.43e319d0-8c70-46ad-879f-693d6188de52/none_v3" "txa460209563d94be990858-0069220410" "proxy-server 88816" 0.0003 "-" 96156 0
Nov 22 13:42:24 np0005532311.novalocal proxy-server[88815]: ::1 ::1 22/Nov/2025/18/42/24 GET /v1/AUTH_7e6379b038b744d2b4ed9c56e55784eb/gnocchi.b7dec04a-182f-4991-8e0f-550799924e18/none_v3 HTTP/1.0 404 - python-swiftclient-4.5.0 gAAAAABpIgQFZCvZ... - 70 - tx3a52c16c195e40d5a848f-0069220410 - 0.0378 - - 1763836944.307267904 1763836944.345092773 0
Nov 22 13:42:24 np0005532311.novalocal proxy-server[88816]: ::1 ::1 22/Nov/2025/18/42/24 GET /v1/AUTH_7e6379b038b744d2b4ed9c56e55784eb/gnocchi.43e319d0-8c70-46ad-879f-693d6188de52/none_v3 HTTP/1.0 404 - python-swiftclient-4.5.0 gAAAAABpIgQAXILt... - 70 - txa460209563d94be990858-0069220410 - 0.0355 - - 1763836944.309866190 1763836944.345333815 0
Nov 22 13:42:24 np0005532311.novalocal account-server[95553]: ::1 - - [22/Nov/2025:18:42:24 +0000] "PUT /3/156665/AUTH_7e6379b038b744d2b4ed9c56e55784eb/gnocchi.b7dec04a-182f-4991-8e0f-550799924e18" 201 - "PUT http://[::1]:6001/3/43074/AUTH_7e6379b038b744d2b4ed9c56e55784eb/gnocchi.b7dec04a-182f-4991-8e0f-550799924e18" "tx76c31eddf3274f36bfcea-0069220410" "container-server 95854" 0.0011 "-" 95553 0
Nov 22 13:42:24 np0005532311.novalocal container-server[95854]: ::1 - - [22/Nov/2025:18:42:24 +0000] "PUT /3/43074/AUTH_7e6379b038b744d2b4ed9c56e55784eb/gnocchi.b7dec04a-182f-4991-8e0f-550799924e18" 201 - "PUT http://[::1]:8080/v1/AUTH_7e6379b038b744d2b4ed9c56e55784eb/gnocchi.b7dec04a-182f-4991-8e0f-550799924e18" "tx76c31eddf3274f36bfcea-0069220410" "proxy-server 88815" 0.0186 "-" 95854 0
Nov 22 13:42:24 np0005532311.novalocal account-server[95553]: ::1 - - [22/Nov/2025:18:42:24 +0000] "PUT /2/156665/AUTH_7e6379b038b744d2b4ed9c56e55784eb/gnocchi.43e319d0-8c70-46ad-879f-693d6188de52" 201 - "PUT http://[::1]:6001/3/179237/AUTH_7e6379b038b744d2b4ed9c56e55784eb/gnocchi.43e319d0-8c70-46ad-879f-693d6188de52" "tx4719ce6ca85544da9ac73-0069220410" "container-server 95854" 0.0027 "-" 95553 0
Nov 22 13:42:24 np0005532311.novalocal container-server[95854]: ::1 - - [22/Nov/2025:18:42:24 +0000] "PUT /3/179237/AUTH_7e6379b038b744d2b4ed9c56e55784eb/gnocchi.43e319d0-8c70-46ad-879f-693d6188de52" 201 - "PUT http://[::1]:8080/v1/AUTH_7e6379b038b744d2b4ed9c56e55784eb/gnocchi.43e319d0-8c70-46ad-879f-693d6188de52" "tx4719ce6ca85544da9ac73-0069220410" "proxy-server 88816" 0.0106 "-" 95854 0
Nov 22 13:42:24 np0005532311.novalocal account-server[95554]: ::1 - - [22/Nov/2025:18:42:24 +0000] "PUT /2/156665/AUTH_7e6379b038b744d2b4ed9c56e55784eb/gnocchi.b7dec04a-182f-4991-8e0f-550799924e18" 201 - "PUT http://[::1]:6001/2/43074/AUTH_7e6379b038b744d2b4ed9c56e55784eb/gnocchi.b7dec04a-182f-4991-8e0f-550799924e18" "tx76c31eddf3274f36bfcea-0069220410" "container-server 95853" 0.0043 "-" 95554 0
Nov 22 13:42:24 np0005532311.novalocal account-server[95554]: ::1 - - [22/Nov/2025:18:42:24 +0000] "PUT /1/156665/AUTH_7e6379b038b744d2b4ed9c56e55784eb/gnocchi.b7dec04a-182f-4991-8e0f-550799924e18" 201 - "PUT http://[::1]:6001/1/43074/AUTH_7e6379b038b744d2b4ed9c56e55784eb/gnocchi.b7dec04a-182f-4991-8e0f-550799924e18" "tx76c31eddf3274f36bfcea-0069220410" "container-server 95853" 0.0010 "-" 95554 0
Nov 22 13:42:24 np0005532311.novalocal container-server[95853]: ::1 - - [22/Nov/2025:18:42:24 +0000] "PUT /2/43074/AUTH_7e6379b038b744d2b4ed9c56e55784eb/gnocchi.b7dec04a-182f-4991-8e0f-550799924e18" 201 - "PUT http://[::1]:8080/v1/AUTH_7e6379b038b744d2b4ed9c56e55784eb/gnocchi.b7dec04a-182f-4991-8e0f-550799924e18" "tx76c31eddf3274f36bfcea-0069220410" "proxy-server 88815" 0.0364 "-" 95853 0
Nov 22 13:42:24 np0005532311.novalocal container-server[95853]: ::1 - - [22/Nov/2025:18:42:24 +0000] "PUT /1/43074/AUTH_7e6379b038b744d2b4ed9c56e55784eb/gnocchi.b7dec04a-182f-4991-8e0f-550799924e18" 201 - "PUT http://[::1]:8080/v1/AUTH_7e6379b038b744d2b4ed9c56e55784eb/gnocchi.b7dec04a-182f-4991-8e0f-550799924e18" "tx76c31eddf3274f36bfcea-0069220410" "proxy-server 88815" 0.0510 "-" 95853 0
Nov 22 13:42:24 np0005532311.novalocal proxy-server[88815]: ::1 ::1 22/Nov/2025/18/42/24 PUT /v1/AUTH_7e6379b038b744d2b4ed9c56e55784eb/gnocchi.b7dec04a-182f-4991-8e0f-550799924e18 HTTP/1.0 201 - python-swiftclient-4.5.0 gAAAAABpIgQFZCvZ... - - - tx76c31eddf3274f36bfcea-0069220410 - 0.0624 - - 1763836944.348404408 1763836944.410785198 0
Nov 22 13:42:24 np0005532311.novalocal kernel: MODE SENSE: unimplemented page/subpage: 0x0a/0x05
Nov 22 13:42:24 np0005532311.novalocal account-server[95553]: ::1 - - [22/Nov/2025:18:42:24 +0000] "PUT /3/156665/AUTH_7e6379b038b744d2b4ed9c56e55784eb/gnocchi.43e319d0-8c70-46ad-879f-693d6188de52" 201 - "PUT http://[::1]:6001/1/179237/AUTH_7e6379b038b744d2b4ed9c56e55784eb/gnocchi.43e319d0-8c70-46ad-879f-693d6188de52" "tx4719ce6ca85544da9ac73-0069220410" "container-server 95853" 0.0047 "-" 95553 0
Nov 22 13:42:24 np0005532311.novalocal container-server[95853]: ::1 - - [22/Nov/2025:18:42:24 +0000] "PUT /1/179237/AUTH_7e6379b038b744d2b4ed9c56e55784eb/gnocchi.43e319d0-8c70-46ad-879f-693d6188de52" 201 - "PUT http://[::1]:8080/v1/AUTH_7e6379b038b744d2b4ed9c56e55784eb/gnocchi.43e319d0-8c70-46ad-879f-693d6188de52" "tx4719ce6ca85544da9ac73-0069220410" "proxy-server 88816" 0.0291 "-" 95853 0
Nov 22 13:42:24 np0005532311.novalocal account-server[95554]: ::1 - - [22/Nov/2025:18:42:24 +0000] "PUT /1/156665/AUTH_7e6379b038b744d2b4ed9c56e55784eb/gnocchi.43e319d0-8c70-46ad-879f-693d6188de52" 201 - "PUT http://[::1]:6001/2/179237/AUTH_7e6379b038b744d2b4ed9c56e55784eb/gnocchi.43e319d0-8c70-46ad-879f-693d6188de52" "tx4719ce6ca85544da9ac73-0069220410" "container-server 95853" 0.0060 "-" 95554 0
Nov 22 13:42:24 np0005532311.novalocal container-server[95853]: ::1 - - [22/Nov/2025:18:42:24 +0000] "PUT /2/179237/AUTH_7e6379b038b744d2b4ed9c56e55784eb/gnocchi.43e319d0-8c70-46ad-879f-693d6188de52" 201 - "PUT http://[::1]:8080/v1/AUTH_7e6379b038b744d2b4ed9c56e55784eb/gnocchi.43e319d0-8c70-46ad-879f-693d6188de52" "tx4719ce6ca85544da9ac73-0069220410" "proxy-server 88816" 0.0183 "-" 95853 0
Nov 22 13:42:24 np0005532311.novalocal proxy-server[88816]: ::1 ::1 22/Nov/2025/18/42/24 PUT /v1/AUTH_7e6379b038b744d2b4ed9c56e55784eb/gnocchi.43e319d0-8c70-46ad-879f-693d6188de52 HTTP/1.0 201 - python-swiftclient-4.5.0 gAAAAABpIgQAXILt... - - - tx4719ce6ca85544da9ac73-0069220410 - 0.0690 - - 1763836944.347481489 1763836944.416503668 0
Nov 22 13:42:24 np0005532311.novalocal container-server[95854]: ::1 - - [22/Nov/2025:18:42:24 +0000] "HEAD /2/43074/AUTH_7e6379b038b744d2b4ed9c56e55784eb/gnocchi.b7dec04a-182f-4991-8e0f-550799924e18" 204 - "HEAD http://[::1]:8080/v1/AUTH_7e6379b038b744d2b4ed9c56e55784eb/gnocchi.b7dec04a-182f-4991-8e0f-550799924e18" "tx8e94b5304cb045469f6f2-0069220410" "proxy-server 88815" 0.0013 "-" 95854 0
Nov 22 13:42:24 np0005532311.novalocal proxy-server[88815]: - - 22/Nov/2025/18/42/24 HEAD /v1/AUTH_7e6379b038b744d2b4ed9c56e55784eb/gnocchi.b7dec04a-182f-4991-8e0f-550799924e18 HTTP/1.0 204 - Swift - - - - tx8e94b5304cb045469f6f2-0069220410 - 0.0050 CS - 1763836944.415458679 1763836944.420450211 0
Nov 22 13:42:24 np0005532311.novalocal kernel: GPT:Primary header thinks Alt. header is not at the end of the disk.
Nov 22 13:42:24 np0005532311.novalocal kernel: GPT:229375 != 2097151
Nov 22 13:42:24 np0005532311.novalocal kernel: GPT:Alternate GPT header not at the end of the disk.
Nov 22 13:42:24 np0005532311.novalocal kernel: GPT:229375 != 2097151
Nov 22 13:42:24 np0005532311.novalocal kernel: GPT: Use GNU Parted to correct GPT errors.
Nov 22 13:42:24 np0005532311.novalocal kernel: sda: sda1 sda15
Nov 22 13:42:24 np0005532311.novalocal container-server[95854]: ::1 - - [22/Nov/2025:18:42:24 +0000] "HEAD /2/179237/AUTH_7e6379b038b744d2b4ed9c56e55784eb/gnocchi.43e319d0-8c70-46ad-879f-693d6188de52" 204 - "HEAD http://[::1]:8080/v1/AUTH_7e6379b038b744d2b4ed9c56e55784eb/gnocchi.43e319d0-8c70-46ad-879f-693d6188de52" "txf5290d7703a74d53b3de9-0069220410" "proxy-server 88816" 0.0014 "-" 95854 0
Nov 22 13:42:24 np0005532311.novalocal proxy-server[88816]: - - 22/Nov/2025/18/42/24 HEAD /v1/AUTH_7e6379b038b744d2b4ed9c56e55784eb/gnocchi.43e319d0-8c70-46ad-879f-693d6188de52 HTTP/1.0 204 - Swift - - - - txf5290d7703a74d53b3de9-0069220410 - 0.0045 CS - 1763836944.419731617 1763836944.424281359 0
Nov 22 13:42:24 np0005532311.novalocal container-server[95853]: ::1 - - [22/Nov/2025:18:42:24 +0000] "GET /2/43074/AUTH_7e6379b038b744d2b4ed9c56e55784eb/gnocchi.b7dec04a-182f-4991-8e0f-550799924e18" 200 2 "GET http://[::1]:8080/v1/AUTH_7e6379b038b744d2b4ed9c56e55784eb/gnocchi.b7dec04a-182f-4991-8e0f-550799924e18?format=json&states=listing" "tx8e94b5304cb045469f6f2-0069220410" "proxy-server 88815" 0.0017 "-" 95853 0
Nov 22 13:42:24 np0005532311.novalocal kernel: MODE SENSE: unimplemented page/subpage: 0x0a/0x05
Nov 22 13:42:24 np0005532311.novalocal proxy-server[88815]: ::1 ::1 22/Nov/2025/18/42/24 GET /v1/AUTH_7e6379b038b744d2b4ed9c56e55784eb/gnocchi.b7dec04a-182f-4991-8e0f-550799924e18%3Fformat%3Djson%26states%3Dlisting HTTP/1.0 200 - python-swiftclient-4.5.0 gAAAAABpIgQFZCvZ... - 2 - tx8e94b5304cb045469f6f2-0069220410 - 0.0150 - - 1763836944.414956093 1763836944.429943800 0
Nov 22 13:42:24 np0005532311.novalocal container-server[95854]: ::1 - - [22/Nov/2025:18:42:24 +0000] "GET /1/179237/AUTH_7e6379b038b744d2b4ed9c56e55784eb/gnocchi.43e319d0-8c70-46ad-879f-693d6188de52" 200 2 "GET http://[::1]:8080/v1/AUTH_7e6379b038b744d2b4ed9c56e55784eb/gnocchi.43e319d0-8c70-46ad-879f-693d6188de52?format=json&states=listing" "txf5290d7703a74d53b3de9-0069220410" "proxy-server 88816" 0.0022 "-" 95854 0
Nov 22 13:42:24 np0005532311.novalocal kernel: GPT:Primary header thinks Alt. header is not at the end of the disk.
Nov 22 13:42:24 np0005532311.novalocal kernel: GPT:229375 != 2097151
Nov 22 13:42:24 np0005532311.novalocal kernel: GPT:Alternate GPT header not at the end of the disk.
Nov 22 13:42:24 np0005532311.novalocal kernel: GPT:229375 != 2097151
Nov 22 13:42:24 np0005532311.novalocal kernel: GPT: Use GNU Parted to correct GPT errors.
Nov 22 13:42:24 np0005532311.novalocal kernel: sda: sda1 sda15
Nov 22 13:42:24 np0005532311.novalocal proxy-server[88816]: ::1 ::1 22/Nov/2025/18/42/24 GET /v1/AUTH_7e6379b038b744d2b4ed9c56e55784eb/gnocchi.43e319d0-8c70-46ad-879f-693d6188de52%3Fformat%3Djson%26states%3Dlisting HTTP/1.0 200 - python-swiftclient-4.5.0 gAAAAABpIgQAXILt... - 2 - txf5290d7703a74d53b3de9-0069220410 - 0.0162 - - 1763836944.419126511 1763836944.435325623 0
Nov 22 13:42:24 np0005532311.novalocal kernel: MODE SENSE: unimplemented page/subpage: 0x0a/0x05
Nov 22 13:42:24 np0005532311.novalocal object-server[96156]: ::1 - - [22/Nov/2025:18:42:24 +0000] "GET /2/81718/AUTH_7e6379b038b744d2b4ed9c56e55784eb/gnocchi.b7dec04a-182f-4991-8e0f-550799924e18/1763640000.0_mean_300.0_v3" 404 70 "GET http://[::1]:8080/v1/AUTH_7e6379b038b744d2b4ed9c56e55784eb/gnocchi.b7dec04a-182f-4991-8e0f-550799924e18/1763640000.0_mean_300.0_v3" "tx1b27e53fc35e42bb896c2-0069220410" "proxy-server 88815" 0.0003 "-" 96156 0
Nov 22 13:42:24 np0005532311.novalocal object-server[96156]: ::1 - - [22/Nov/2025:18:42:24 +0000] "GET /1/20410/AUTH_7e6379b038b744d2b4ed9c56e55784eb/gnocchi.43e319d0-8c70-46ad-879f-693d6188de52/1763640000.0_mean_300.0_v3" 404 70 "GET http://[::1]:8080/v1/AUTH_7e6379b038b744d2b4ed9c56e55784eb/gnocchi.43e319d0-8c70-46ad-879f-693d6188de52/1763640000.0_mean_300.0_v3" "txc147bf8d914f4ed7aa1dd-0069220410" "proxy-server 88816" 0.0001 "-" 96156 0
Nov 22 13:42:24 np0005532311.novalocal object-server[96156]: ::1 - - [22/Nov/2025:18:42:24 +0000] "GET /3/20410/AUTH_7e6379b038b744d2b4ed9c56e55784eb/gnocchi.43e319d0-8c70-46ad-879f-693d6188de52/1763640000.0_mean_300.0_v3" 404 70 "GET http://[::1]:8080/v1/AUTH_7e6379b038b744d2b4ed9c56e55784eb/gnocchi.43e319d0-8c70-46ad-879f-693d6188de52/1763640000.0_mean_300.0_v3" "txc147bf8d914f4ed7aa1dd-0069220410" "proxy-server 88816" 0.0002 "-" 96156 0
Nov 22 13:42:24 np0005532311.novalocal object-server[96156]: ::1 - - [22/Nov/2025:18:42:24 +0000] "GET /1/81718/AUTH_7e6379b038b744d2b4ed9c56e55784eb/gnocchi.b7dec04a-182f-4991-8e0f-550799924e18/1763640000.0_mean_300.0_v3" 404 70 "GET http://[::1]:8080/v1/AUTH_7e6379b038b744d2b4ed9c56e55784eb/gnocchi.b7dec04a-182f-4991-8e0f-550799924e18/1763640000.0_mean_300.0_v3" "tx1b27e53fc35e42bb896c2-0069220410" "proxy-server 88815" 0.0001 "-" 96156 0
Nov 22 13:42:24 np0005532311.novalocal object-server[96156]: ::1 - - [22/Nov/2025:18:42:24 +0000] "GET /2/20410/AUTH_7e6379b038b744d2b4ed9c56e55784eb/gnocchi.43e319d0-8c70-46ad-879f-693d6188de52/1763640000.0_mean_300.0_v3" 404 70 "GET http://[::1]:8080/v1/AUTH_7e6379b038b744d2b4ed9c56e55784eb/gnocchi.43e319d0-8c70-46ad-879f-693d6188de52/1763640000.0_mean_300.0_v3" "txc147bf8d914f4ed7aa1dd-0069220410" "proxy-server 88816" 0.0001 "-" 96156 0
Nov 22 13:42:24 np0005532311.novalocal object-server[96156]: ::1 - - [22/Nov/2025:18:42:24 +0000] "GET /3/81718/AUTH_7e6379b038b744d2b4ed9c56e55784eb/gnocchi.b7dec04a-182f-4991-8e0f-550799924e18/1763640000.0_mean_300.0_v3" 404 70 "GET http://[::1]:8080/v1/AUTH_7e6379b038b744d2b4ed9c56e55784eb/gnocchi.b7dec04a-182f-4991-8e0f-550799924e18/1763640000.0_mean_300.0_v3" "tx1b27e53fc35e42bb896c2-0069220410" "proxy-server 88815" 0.0001 "-" 96156 0
Nov 22 13:42:24 np0005532311.novalocal proxy-server[88816]: ::1 ::1 22/Nov/2025/18/42/24 GET /v1/AUTH_7e6379b038b744d2b4ed9c56e55784eb/gnocchi.43e319d0-8c70-46ad-879f-693d6188de52/1763640000.0_mean_300.0_v3 HTTP/1.0 404 - python-swiftclient-4.5.0 gAAAAABpIgQAXILt... - 70 - txc147bf8d914f4ed7aa1dd-0069220410 - 0.0136 - - 1763836944.437903643 1763836944.451467752 0
Nov 22 13:42:24 np0005532311.novalocal proxy-server[88815]: ::1 ::1 22/Nov/2025/18/42/24 GET /v1/AUTH_7e6379b038b744d2b4ed9c56e55784eb/gnocchi.b7dec04a-182f-4991-8e0f-550799924e18/1763640000.0_mean_300.0_v3 HTTP/1.0 404 - python-swiftclient-4.5.0 gAAAAABpIgQFZCvZ... - 70 - tx1b27e53fc35e42bb896c2-0069220410 - 0.0186 - - 1763836944.433687210 1763836944.452258348 0
Nov 22 13:42:24 np0005532311.novalocal kernel: GPT:Primary header thinks Alt. header is not at the end of the disk.
Nov 22 13:42:24 np0005532311.novalocal kernel: GPT:229375 != 2097151
Nov 22 13:42:24 np0005532311.novalocal kernel: GPT:Alternate GPT header not at the end of the disk.
Nov 22 13:42:24 np0005532311.novalocal kernel: GPT:229375 != 2097151
Nov 22 13:42:24 np0005532311.novalocal kernel: GPT: Use GNU Parted to correct GPT errors.
Nov 22 13:42:24 np0005532311.novalocal kernel: sda: sda1 sda15
Nov 22 13:42:24 np0005532311.novalocal kernel: MODE SENSE: unimplemented page/subpage: 0x0a/0x05
Nov 22 13:42:24 np0005532311.novalocal kernel: GPT:Primary header thinks Alt. header is not at the end of the disk.
Nov 22 13:42:24 np0005532311.novalocal kernel: GPT:229375 != 2097151
Nov 22 13:42:24 np0005532311.novalocal kernel: GPT:Alternate GPT header not at the end of the disk.
Nov 22 13:42:24 np0005532311.novalocal kernel: GPT:229375 != 2097151
Nov 22 13:42:24 np0005532311.novalocal kernel: GPT: Use GNU Parted to correct GPT errors.
Nov 22 13:42:24 np0005532311.novalocal kernel: sda: sda1 sda15
Nov 22 13:42:24 np0005532311.novalocal kernel: qvb17070193-f7: left allmulticast mode
Nov 22 13:42:24 np0005532311.novalocal kernel: qvb17070193-f7: left promiscuous mode
Nov 22 13:42:24 np0005532311.novalocal kernel: qbr17070193-f7: port 1(qvb17070193-f7) entered disabled state
Nov 22 13:42:24 np0005532311.novalocal container-server[95854]: ::1 - - [22/Nov/2025:18:42:24 +0000] "PUT /1/43074/AUTH_7e6379b038b744d2b4ed9c56e55784eb/gnocchi.b7dec04a-182f-4991-8e0f-550799924e18/1763640000.0_mean_300.0_v3" 201 - "PUT http://[::1]:8080/1/81718/AUTH_7e6379b038b744d2b4ed9c56e55784eb/gnocchi.b7dec04a-182f-4991-8e0f-550799924e18/1763640000.0_mean_300.0_v3" "tx0003ca8a7edd4bb0a6c59-0069220410" "object-server 96157" 0.0006 "-" 95854 0
Nov 22 13:42:24 np0005532311.novalocal container-server[95854]: ::1 - - [22/Nov/2025:18:42:24 +0000] "PUT /1/179237/AUTH_7e6379b038b744d2b4ed9c56e55784eb/gnocchi.43e319d0-8c70-46ad-879f-693d6188de52/1763640000.0_mean_300.0_v3" 201 - "PUT http://[::1]:8080/2/20410/AUTH_7e6379b038b744d2b4ed9c56e55784eb/gnocchi.43e319d0-8c70-46ad-879f-693d6188de52/1763640000.0_mean_300.0_v3" "txda3c31dcfa114789b9598-0069220410" "object-server 96156" 0.0005 "-" 95854 0
Nov 22 13:42:24 np0005532311.novalocal container-server[95853]: ::1 - - [22/Nov/2025:18:42:24 +0000] "PUT /2/179237/AUTH_7e6379b038b744d2b4ed9c56e55784eb/gnocchi.43e319d0-8c70-46ad-879f-693d6188de52/1763640000.0_mean_300.0_v3" 201 - "PUT http://[::1]:8080/1/20410/AUTH_7e6379b038b744d2b4ed9c56e55784eb/gnocchi.43e319d0-8c70-46ad-879f-693d6188de52/1763640000.0_mean_300.0_v3" "txda3c31dcfa114789b9598-0069220410" "object-server 96157" 0.0005 "-" 95853 0
Nov 22 13:42:24 np0005532311.novalocal object-server[96157]: ::1 - - [22/Nov/2025:18:42:24 +0000] "PUT /1/81718/AUTH_7e6379b038b744d2b4ed9c56e55784eb/gnocchi.b7dec04a-182f-4991-8e0f-550799924e18/1763640000.0_mean_300.0_v3" 201 - "PUT http://[::1]:8080/v1/AUTH_7e6379b038b744d2b4ed9c56e55784eb/gnocchi.b7dec04a-182f-4991-8e0f-550799924e18/1763640000.0_mean_300.0_v3" "tx0003ca8a7edd4bb0a6c59-0069220410" "proxy-server 88815" 0.0207 "-" 96157 0
Nov 22 13:42:24 np0005532311.novalocal object-server[96157]: ::1 - - [22/Nov/2025:18:42:24 +0000] "PUT /1/20410/AUTH_7e6379b038b744d2b4ed9c56e55784eb/gnocchi.43e319d0-8c70-46ad-879f-693d6188de52/1763640000.0_mean_300.0_v3" 201 - "PUT http://[::1]:8080/v1/AUTH_7e6379b038b744d2b4ed9c56e55784eb/gnocchi.43e319d0-8c70-46ad-879f-693d6188de52/1763640000.0_mean_300.0_v3" "txda3c31dcfa114789b9598-0069220410" "proxy-server 88816" 0.0152 "-" 96157 0
Nov 22 13:42:24 np0005532311.novalocal container-server[95854]: ::1 - - [22/Nov/2025:18:42:24 +0000] "PUT /3/179237/AUTH_7e6379b038b744d2b4ed9c56e55784eb/gnocchi.43e319d0-8c70-46ad-879f-693d6188de52/1763640000.0_mean_300.0_v3" 201 - "PUT http://[::1]:8080/3/20410/AUTH_7e6379b038b744d2b4ed9c56e55784eb/gnocchi.43e319d0-8c70-46ad-879f-693d6188de52/1763640000.0_mean_300.0_v3" "txda3c31dcfa114789b9598-0069220410" "object-server 96156" 0.0005 "-" 95854 0
Nov 22 13:42:24 np0005532311.novalocal object-server[96156]: ::1 - - [22/Nov/2025:18:42:24 +0000] "PUT /2/20410/AUTH_7e6379b038b744d2b4ed9c56e55784eb/gnocchi.43e319d0-8c70-46ad-879f-693d6188de52/1763640000.0_mean_300.0_v3" 201 - "PUT http://[::1]:8080/v1/AUTH_7e6379b038b744d2b4ed9c56e55784eb/gnocchi.43e319d0-8c70-46ad-879f-693d6188de52/1763640000.0_mean_300.0_v3" "txda3c31dcfa114789b9598-0069220410" "proxy-server 88816" 0.0174 "-" 96156 0
Nov 22 13:42:24 np0005532311.novalocal container-server[95854]: ::1 - - [22/Nov/2025:18:42:24 +0000] "PUT /2/43074/AUTH_7e6379b038b744d2b4ed9c56e55784eb/gnocchi.b7dec04a-182f-4991-8e0f-550799924e18/1763640000.0_mean_300.0_v3" 201 - "PUT http://[::1]:8080/2/81718/AUTH_7e6379b038b744d2b4ed9c56e55784eb/gnocchi.b7dec04a-182f-4991-8e0f-550799924e18/1763640000.0_mean_300.0_v3" "tx0003ca8a7edd4bb0a6c59-0069220410" "object-server 96156" 0.0005 "-" 95854 0
Nov 22 13:42:24 np0005532311.novalocal object-server[96156]: ::1 - - [22/Nov/2025:18:42:24 +0000] "PUT /3/20410/AUTH_7e6379b038b744d2b4ed9c56e55784eb/gnocchi.43e319d0-8c70-46ad-879f-693d6188de52/1763640000.0_mean_300.0_v3" 201 - "PUT http://[::1]:8080/v1/AUTH_7e6379b038b744d2b4ed9c56e55784eb/gnocchi.43e319d0-8c70-46ad-879f-693d6188de52/1763640000.0_mean_300.0_v3" "txda3c31dcfa114789b9598-0069220410" "proxy-server 88816" 0.0201 "-" 96156 0
Nov 22 13:42:24 np0005532311.novalocal object-server[96156]: ::1 - - [22/Nov/2025:18:42:24 +0000] "PUT /2/81718/AUTH_7e6379b038b744d2b4ed9c56e55784eb/gnocchi.b7dec04a-182f-4991-8e0f-550799924e18/1763640000.0_mean_300.0_v3" 201 - "PUT http://[::1]:8080/v1/AUTH_7e6379b038b744d2b4ed9c56e55784eb/gnocchi.b7dec04a-182f-4991-8e0f-550799924e18/1763640000.0_mean_300.0_v3" "tx0003ca8a7edd4bb0a6c59-0069220410" "proxy-server 88815" 0.0272 "-" 96156 0
Nov 22 13:42:24 np0005532311.novalocal container-server[95853]: ::1 - - [22/Nov/2025:18:42:24 +0000] "PUT /3/43074/AUTH_7e6379b038b744d2b4ed9c56e55784eb/gnocchi.b7dec04a-182f-4991-8e0f-550799924e18/1763640000.0_mean_300.0_v3" 201 - "PUT http://[::1]:8080/3/81718/AUTH_7e6379b038b744d2b4ed9c56e55784eb/gnocchi.b7dec04a-182f-4991-8e0f-550799924e18/1763640000.0_mean_300.0_v3" "tx0003ca8a7edd4bb0a6c59-0069220410" "object-server 96156" 0.0005 "-" 95853 0
Nov 22 13:42:24 np0005532311.novalocal proxy-server[88816]: ::1 ::1 22/Nov/2025/18/42/24 PUT /v1/AUTH_7e6379b038b744d2b4ed9c56e55784eb/gnocchi.43e319d0-8c70-46ad-879f-693d6188de52/1763640000.0_mean_300.0_v3 HTTP/1.0 201 - python-swiftclient-4.5.0 gAAAAABpIgQAXILt... 16 - - txda3c31dcfa114789b9598-0069220410 - 0.0449 - - 1763836944.454574823 1763836944.499463797 0
Nov 22 13:42:24 np0005532311.novalocal object-server[96156]: ::1 - - [22/Nov/2025:18:42:24 +0000] "PUT /3/81718/AUTH_7e6379b038b744d2b4ed9c56e55784eb/gnocchi.b7dec04a-182f-4991-8e0f-550799924e18/1763640000.0_mean_300.0_v3" 201 - "PUT http://[::1]:8080/v1/AUTH_7e6379b038b744d2b4ed9c56e55784eb/gnocchi.b7dec04a-182f-4991-8e0f-550799924e18/1763640000.0_mean_300.0_v3" "tx0003ca8a7edd4bb0a6c59-0069220410" "proxy-server 88815" 0.0308 "-" 96156 0
Nov 22 13:42:24 np0005532311.novalocal proxy-server[88815]: ::1 ::1 22/Nov/2025/18/42/24 PUT /v1/AUTH_7e6379b038b744d2b4ed9c56e55784eb/gnocchi.b7dec04a-182f-4991-8e0f-550799924e18/1763640000.0_mean_300.0_v3 HTTP/1.0 201 - python-swiftclient-4.5.0 gAAAAABpIgQFZCvZ... 16 - - tx0003ca8a7edd4bb0a6c59-0069220410 - 0.0455 - - 1763836944.456243753 1763836944.501715660 0
Nov 22 13:42:24 np0005532311.novalocal NetworkManager[858]: [1763836944.5073] device (qbr17070193-f7): bridge port qvb17070193-f7 was detached
Nov 22 13:42:24 np0005532311.novalocal NetworkManager[858]: [1763836944.5082] device (qbr17070193-f7): state change: activated -> unmanaged (reason 'unmanaged', managed-type: 'removed')
Nov 22 13:42:24 np0005532311.novalocal kernel: qvo17070193-f7: left promiscuous mode
Nov 22 13:42:24 np0005532311.novalocal container-server[95854]: ::1 - - [22/Nov/2025:18:42:24 +0000] "PUT /1/179237/AUTH_7e6379b038b744d2b4ed9c56e55784eb/gnocchi.43e319d0-8c70-46ad-879f-693d6188de52/none_v3" 201 - "PUT http://[::1]:8080/3/259398/AUTH_7e6379b038b744d2b4ed9c56e55784eb/gnocchi.43e319d0-8c70-46ad-879f-693d6188de52/none_v3" "tx77e2a77a7ed848e486505-0069220410" "object-server 96157" 0.0005 "-" 95854 0
Nov 22 13:42:24 np0005532311.novalocal object-server[96157]: ::1 - - [22/Nov/2025:18:42:24 +0000] "PUT /3/259398/AUTH_7e6379b038b744d2b4ed9c56e55784eb/gnocchi.43e319d0-8c70-46ad-879f-693d6188de52/none_v3" 201 - "PUT http://[::1]:8080/v1/AUTH_7e6379b038b744d2b4ed9c56e55784eb/gnocchi.43e319d0-8c70-46ad-879f-693d6188de52/none_v3" "tx77e2a77a7ed848e486505-0069220410" "proxy-server 88816" 0.0152 "-" 96157 0
Nov 22 13:42:24 np0005532311.novalocal container-server[95853]: ::1 - - [22/Nov/2025:18:42:24 +0000] "PUT /2/43074/AUTH_7e6379b038b744d2b4ed9c56e55784eb/gnocchi.b7dec04a-182f-4991-8e0f-550799924e18/none_v3" 201 - "PUT http://[::1]:8080/3/196077/AUTH_7e6379b038b744d2b4ed9c56e55784eb/gnocchi.b7dec04a-182f-4991-8e0f-550799924e18/none_v3" "tx5e742fcc0672439882f54-0069220410" "object-server 96157" 0.0006 "-" 95853 0
Nov 22 13:42:24 np0005532311.novalocal object-server[96157]: ::1 - - [22/Nov/2025:18:42:24 +0000] "PUT /3/196077/AUTH_7e6379b038b744d2b4ed9c56e55784eb/gnocchi.b7dec04a-182f-4991-8e0f-550799924e18/none_v3" 201 - "PUT http://[::1]:8080/v1/AUTH_7e6379b038b744d2b4ed9c56e55784eb/gnocchi.b7dec04a-182f-4991-8e0f-550799924e18/none_v3" "tx5e742fcc0672439882f54-0069220410" "proxy-server 88815" 0.0179 "-" 96157 0
Nov 22 13:42:24 np0005532311.novalocal container-server[95853]: ::1 - - [22/Nov/2025:18:42:24 +0000] "PUT /2/179237/AUTH_7e6379b038b744d2b4ed9c56e55784eb/gnocchi.43e319d0-8c70-46ad-879f-693d6188de52/none_v3" 201 - "PUT http://[::1]:8080/2/259398/AUTH_7e6379b038b744d2b4ed9c56e55784eb/gnocchi.43e319d0-8c70-46ad-879f-693d6188de52/none_v3" "tx77e2a77a7ed848e486505-0069220410" "object-server 96156" 0.0004 "-" 95853 0
Nov 22 13:42:24 np0005532311.novalocal object-server[96156]: ::1 - - [22/Nov/2025:18:42:24 +0000] "PUT /2/259398/AUTH_7e6379b038b744d2b4ed9c56e55784eb/gnocchi.43e319d0-8c70-46ad-879f-693d6188de52/none_v3" 201 - "PUT http://[::1]:8080/v1/AUTH_7e6379b038b744d2b4ed9c56e55784eb/gnocchi.43e319d0-8c70-46ad-879f-693d6188de52/none_v3" "tx77e2a77a7ed848e486505-0069220410" "proxy-server 88816" 0.0133 "-" 96156 0
Nov 22 13:42:24 np0005532311.novalocal container-server[95853]: ::1 - - [22/Nov/2025:18:42:24 +0000] "PUT /3/43074/AUTH_7e6379b038b744d2b4ed9c56e55784eb/gnocchi.b7dec04a-182f-4991-8e0f-550799924e18/none_v3" 201 - "PUT http://[::1]:8080/1/196077/AUTH_7e6379b038b744d2b4ed9c56e55784eb/gnocchi.b7dec04a-182f-4991-8e0f-550799924e18/none_v3" "tx5e742fcc0672439882f54-0069220410" "object-server 96156" 0.0003 "-" 95853 0
Nov 22 13:42:24 np0005532311.novalocal object-server[96156]: ::1 - - [22/Nov/2025:18:42:24 +0000] "PUT /1/196077/AUTH_7e6379b038b744d2b4ed9c56e55784eb/gnocchi.b7dec04a-182f-4991-8e0f-550799924e18/none_v3" 201 - "PUT http://[::1]:8080/v1/AUTH_7e6379b038b744d2b4ed9c56e55784eb/gnocchi.b7dec04a-182f-4991-8e0f-550799924e18/none_v3" "tx5e742fcc0672439882f54-0069220410" "proxy-server 88815" 0.0165 "-" 96156 0
Nov 22 13:42:24 np0005532311.novalocal container-server[95853]: ::1 - - [22/Nov/2025:18:42:24 +0000] "PUT /1/43074/AUTH_7e6379b038b744d2b4ed9c56e55784eb/gnocchi.b7dec04a-182f-4991-8e0f-550799924e18/none_v3" 201 - "PUT http://[::1]:8080/2/196077/AUTH_7e6379b038b744d2b4ed9c56e55784eb/gnocchi.b7dec04a-182f-4991-8e0f-550799924e18/none_v3" "tx5e742fcc0672439882f54-0069220410" "object-server 96156" 0.0004 "-" 95853 0
Nov 22 13:42:24 np0005532311.novalocal object-server[96156]: ::1 - - [22/Nov/2025:18:42:24 +0000] "PUT /2/196077/AUTH_7e6379b038b744d2b4ed9c56e55784eb/gnocchi.b7dec04a-182f-4991-8e0f-550799924e18/none_v3" 201 - "PUT http://[::1]:8080/v1/AUTH_7e6379b038b744d2b4ed9c56e55784eb/gnocchi.b7dec04a-182f-4991-8e0f-550799924e18/none_v3" "tx5e742fcc0672439882f54-0069220410" "proxy-server 88815" 0.0196 "-" 96156 0
Nov 22 13:42:24 np0005532311.novalocal container-server[95853]: ::1 - - [22/Nov/2025:18:42:24 +0000] "PUT /3/179237/AUTH_7e6379b038b744d2b4ed9c56e55784eb/gnocchi.43e319d0-8c70-46ad-879f-693d6188de52/none_v3" 201 - "PUT http://[::1]:8080/1/259398/AUTH_7e6379b038b744d2b4ed9c56e55784eb/gnocchi.43e319d0-8c70-46ad-879f-693d6188de52/none_v3" "tx77e2a77a7ed848e486505-0069220410" "object-server 96157" 0.0004 "-" 95853 0
Nov 22 13:42:24 np0005532311.novalocal object-server[96157]: ::1 - - [22/Nov/2025:18:42:24 +0000] "PUT /1/259398/AUTH_7e6379b038b744d2b4ed9c56e55784eb/gnocchi.43e319d0-8c70-46ad-879f-693d6188de52/none_v3" 201 - "PUT http://[::1]:8080/v1/AUTH_7e6379b038b744d2b4ed9c56e55784eb/gnocchi.43e319d0-8c70-46ad-879f-693d6188de52/none_v3" "tx77e2a77a7ed848e486505-0069220410" "proxy-server 88816" 0.0214 "-" 96157 0
Nov 22 13:42:24 np0005532311.novalocal proxy-server[88816]: ::1 ::1 22/Nov/2025/18/42/24 PUT /v1/AUTH_7e6379b038b744d2b4ed9c56e55784eb/gnocchi.43e319d0-8c70-46ad-879f-693d6188de52/none_v3 HTTP/1.0 201 - python-swiftclient-4.5.0 gAAAAABpIgQAXILt... 22 - - tx77e2a77a7ed848e486505-0069220410 - 0.0376 - - 1763836944.502547026 1763836944.540151596 0
Nov 22 13:42:24 np0005532311.novalocal proxy-server[88815]: ::1 ::1 22/Nov/2025/18/42/24 PUT /v1/AUTH_7e6379b038b744d2b4ed9c56e55784eb/gnocchi.b7dec04a-182f-4991-8e0f-550799924e18/none_v3 HTTP/1.0 201 - python-swiftclient-4.5.0 gAAAAABpIgQFZCvZ... 22 - - tx5e742fcc0672439882f54-0069220410 - 0.0372 - - 1763836944.504145622 1763836944.541347980 0
Nov 22 13:42:24 np0005532311.novalocal container-server[95853]: ::1 - - [22/Nov/2025:18:42:24 +0000] "HEAD /1/115391/AUTH_7e6379b038b744d2b4ed9c56e55784eb/gnocchi.e580b64b-5c60-4977-bdfd-48b78337c816" 404 - "HEAD http://[::1]:8080/v1/AUTH_7e6379b038b744d2b4ed9c56e55784eb/gnocchi.e580b64b-5c60-4977-bdfd-48b78337c816" "tx8cd091e6f4e140ffae3c0-0069220410" "proxy-server 88816" 0.0003 "-" 95853 0
Nov 22 13:42:24 np0005532311.novalocal container-server[95853]: ::1 - - [22/Nov/2025:18:42:24 +0000] "HEAD /3/115391/AUTH_7e6379b038b744d2b4ed9c56e55784eb/gnocchi.e580b64b-5c60-4977-bdfd-48b78337c816" 404 - "HEAD http://[::1]:8080/v1/AUTH_7e6379b038b744d2b4ed9c56e55784eb/gnocchi.e580b64b-5c60-4977-bdfd-48b78337c816" "tx8cd091e6f4e140ffae3c0-0069220410" "proxy-server 88816" 0.0001 "-" 95853 0
Nov 22 13:42:24 np0005532311.novalocal container-server[95854]: ::1 - - [22/Nov/2025:18:42:24 +0000] "HEAD /2/115391/AUTH_7e6379b038b744d2b4ed9c56e55784eb/gnocchi.e580b64b-5c60-4977-bdfd-48b78337c816" 404 - "HEAD http://[::1]:8080/v1/AUTH_7e6379b038b744d2b4ed9c56e55784eb/gnocchi.e580b64b-5c60-4977-bdfd-48b78337c816" "tx8cd091e6f4e140ffae3c0-0069220410" "proxy-server 88816" 0.0003 "-" 95854 0
Nov 22 13:42:24 np0005532311.novalocal proxy-server[88816]: - - 22/Nov/2025/18/42/24 HEAD /v1/AUTH_7e6379b038b744d2b4ed9c56e55784eb/gnocchi.e580b64b-5c60-4977-bdfd-48b78337c816 HTTP/1.0 404 - Swift - - - - tx8cd091e6f4e140ffae3c0-0069220410 - 0.0074 CS - 1763836944.558446884 1763836944.565807819 0
Nov 22 13:42:24 np0005532311.novalocal object-server[96156]: ::1 - - [22/Nov/2025:18:42:24 +0000] "GET /1/259398/AUTH_7e6379b038b744d2b4ed9c56e55784eb/gnocchi.43e319d0-8c70-46ad-879f-693d6188de52/none_v3" 200 22 "GET http://[::1]:8080/v1/AUTH_7e6379b038b744d2b4ed9c56e55784eb/gnocchi.43e319d0-8c70-46ad-879f-693d6188de52/none_v3" "tx96e70bc8e05a4b05b065d-0069220410" "proxy-server 88815" 0.0009 "-" 96156 0
