Nov 22 13:42:28 np0005532311.novalocal object-server[96157]: ::1 - - [22/Nov/2025:18:42:28 +0000] "PUT /2/81718/AUTH_7e6379b038b744d2b4ed9c56e55784eb/gnocchi.b7dec04a-182f-4991-8e0f-550799924e18/1763640000.0_mean_300.0_v3" 201 - "PUT http://[::1]:8080/v1/AUTH_7e6379b038b744d2b4ed9c56e55784eb/gnocchi.b7dec04a-182f-4991-8e0f-550799924e18/1763640000.0_mean_300.0_v3" "tx76c42ef5fb6a483d8d6c7-0069220414" "proxy-server 88815" 0.0173 "-" 96157 0
Nov 22 13:42:28 np0005532311.novalocal container-server[95853]: ::1 - - [22/Nov/2025:18:42:28 +0000] "PUT /1/43074/AUTH_7e6379b038b744d2b4ed9c56e55784eb/gnocchi.b7dec04a-182f-4991-8e0f-550799924e18/1763640000.0_mean_300.0_v3" 201 - "PUT http://[::1]:8080/1/81718/AUTH_7e6379b038b744d2b4ed9c56e55784eb/gnocchi.b7dec04a-182f-4991-8e0f-550799924e18/1763640000.0_mean_300.0_v3" "tx76c42ef5fb6a483d8d6c7-0069220414" "object-server 96157" 0.0006 "-" 95853 0
Nov 22 13:42:28 np0005532311.novalocal container-server[95854]: ::1 - - [22/Nov/2025:18:42:28 +0000] "PUT /2/115391/AUTH_7e6379b038b744d2b4ed9c56e55784eb/gnocchi.e580b64b-5c60-4977-bdfd-48b78337c816/1763640000.0_mean_300.0_v3" 201 - "PUT http://[::1]:8080/2/167688/AUTH_7e6379b038b744d2b4ed9c56e55784eb/gnocchi.e580b64b-5c60-4977-bdfd-48b78337c816/1763640000.0_mean_300.0_v3" "txdc24aab752bd4d659af9e-0069220414" "object-server 96157" 0.0008 "-" 95854 0
Nov 22 13:42:28 np0005532311.novalocal object-server[96156]: ::1 - - [22/Nov/2025:18:42:28 +0000] "PUT /1/167688/AUTH_7e6379b038b744d2b4ed9c56e55784eb/gnocchi.e580b64b-5c60-4977-bdfd-48b78337c816/1763640000.0_mean_300.0_v3" 201 - "PUT http://[::1]:8080/v1/AUTH_7e6379b038b744d2b4ed9c56e55784eb/gnocchi.e580b64b-5c60-4977-bdfd-48b78337c816/1763640000.0_mean_300.0_v3" "txdc24aab752bd4d659af9e-0069220414" "proxy-server 88816" 0.0170 "-" 96156 0
Nov 22 13:42:28 np0005532311.novalocal object-server[96157]: ::1 - - [22/Nov/2025:18:42:28 +0000] "PUT /1/81718/AUTH_7e6379b038b744d2b4ed9c56e55784eb/gnocchi.b7dec04a-182f-4991-8e0f-550799924e18/1763640000.0_mean_300.0_v3" 201 - "PUT http://[::1]:8080/v1/AUTH_7e6379b038b744d2b4ed9c56e55784eb/gnocchi.b7dec04a-182f-4991-8e0f-550799924e18/1763640000.0_mean_300.0_v3" "tx76c42ef5fb6a483d8d6c7-0069220414" "proxy-server 88815" 0.0180 "-" 96157 0
Nov 22 13:42:28 np0005532311.novalocal object-server[96157]: ::1 - - [22/Nov/2025:18:42:28 +0000] "PUT /2/167688/AUTH_7e6379b038b744d2b4ed9c56e55784eb/gnocchi.e580b64b-5c60-4977-bdfd-48b78337c816/1763640000.0_mean_300.0_v3" 201 - "PUT http://[::1]:8080/v1/AUTH_7e6379b038b744d2b4ed9c56e55784eb/gnocchi.e580b64b-5c60-4977-bdfd-48b78337c816/1763640000.0_mean_300.0_v3" "txdc24aab752bd4d659af9e-0069220414" "proxy-server 88816" 0.0178 "-" 96157 0
Nov 22 13:42:28 np0005532311.novalocal container-server[95854]: ::1 - - [22/Nov/2025:18:42:28 +0000] "PUT /3/43074/AUTH_7e6379b038b744d2b4ed9c56e55784eb/gnocchi.b7dec04a-182f-4991-8e0f-550799924e18/1763640000.0_mean_300.0_v3" 201 - "PUT http://[::1]:8080/3/81718/AUTH_7e6379b038b744d2b4ed9c56e55784eb/gnocchi.b7dec04a-182f-4991-8e0f-550799924e18/1763640000.0_mean_300.0_v3" "tx76c42ef5fb6a483d8d6c7-0069220414" "object-server 96156" 0.0005 "-" 95854 0
Nov 22 13:42:28 np0005532311.novalocal object-server[96156]: ::1 - - [22/Nov/2025:18:42:28 +0000] "PUT /3/81718/AUTH_7e6379b038b744d2b4ed9c56e55784eb/gnocchi.b7dec04a-182f-4991-8e0f-550799924e18/1763640000.0_mean_300.0_v3" 201 - "PUT http://[::1]:8080/v1/AUTH_7e6379b038b744d2b4ed9c56e55784eb/gnocchi.b7dec04a-182f-4991-8e0f-550799924e18/1763640000.0_mean_300.0_v3" "tx76c42ef5fb6a483d8d6c7-0069220414" "proxy-server 88815" 0.0225 "-" 96156 0
Nov 22 13:42:28 np0005532311.novalocal container-server[95854]: ::1 - - [22/Nov/2025:18:42:28 +0000] "PUT /1/115391/AUTH_7e6379b038b744d2b4ed9c56e55784eb/gnocchi.e580b64b-5c60-4977-bdfd-48b78337c816/1763640000.0_mean_300.0_v3" 201 - "PUT http://[::1]:8080/3/167688/AUTH_7e6379b038b744d2b4ed9c56e55784eb/gnocchi.e580b64b-5c60-4977-bdfd-48b78337c816/1763640000.0_mean_300.0_v3" "txdc24aab752bd4d659af9e-0069220414" "object-server 96156" 0.0004 "-" 95854 0
Nov 22 13:42:28 np0005532311.novalocal proxy-server[88815]: ::1 ::1 22/Nov/2025/18/42/28 PUT /v1/AUTH_7e6379b038b744d2b4ed9c56e55784eb/gnocchi.b7dec04a-182f-4991-8e0f-550799924e18/1763640000.0_mean_300.0_v3 HTTP/1.0 201 - python-swiftclient-4.5.0 gAAAAABpIgQFZCvZ... 16 - - tx76c42ef5fb6a483d8d6c7-0069220414 - 0.0284 - - 1763836948.748065472 1763836948.776483059 0
Nov 22 13:42:28 np0005532311.novalocal object-server[96156]: ::1 - - [22/Nov/2025:18:42:28 +0000] "PUT /3/167688/AUTH_7e6379b038b744d2b4ed9c56e55784eb/gnocchi.e580b64b-5c60-4977-bdfd-48b78337c816/1763640000.0_mean_300.0_v3" 201 - "PUT http://[::1]:8080/v1/AUTH_7e6379b038b744d2b4ed9c56e55784eb/gnocchi.e580b64b-5c60-4977-bdfd-48b78337c816/1763640000.0_mean_300.0_v3" "txdc24aab752bd4d659af9e-0069220414" "proxy-server 88816" 0.0204 "-" 96156 0
Nov 22 13:42:28 np0005532311.novalocal proxy-server[88816]: ::1 ::1 22/Nov/2025/18/42/28 PUT /v1/AUTH_7e6379b038b744d2b4ed9c56e55784eb/gnocchi.e580b64b-5c60-4977-bdfd-48b78337c816/1763640000.0_mean_300.0_v3 HTTP/1.0 201 - python-swiftclient-4.5.0 gAAAAABpIgQAXILt... 16 - - txdc24aab752bd4d659af9e-0069220414 - 0.0303 - - 1763836948.747849703 1763836948.778104544 0
Nov 22 13:42:28 np0005532311.novalocal systemd[1]: Started Session c134 of User root.
Nov 22 13:42:28 np0005532311.novalocal sudo[103441]: pam_unix(sudo:session): session opened for user root(uid=0) by (uid=165)
Nov 22 13:42:28 np0005532311.novalocal container-server[95854]: ::1 - - [22/Nov/2025:18:42:28 +0000] "PUT /2/115391/AUTH_7e6379b038b744d2b4ed9c56e55784eb/gnocchi.e580b64b-5c60-4977-bdfd-48b78337c816/none_v3" 201 - "PUT http://[::1]:8080/1/51473/AUTH_7e6379b038b744d2b4ed9c56e55784eb/gnocchi.e580b64b-5c60-4977-bdfd-48b78337c816/none_v3" "tx7ccd10340b904a3d9c7a1-0069220414" "object-server 96156" 0.0006 "-" 95854 0
Nov 22 13:42:28 np0005532311.novalocal object-server[96156]: ::1 - - [22/Nov/2025:18:42:28 +0000] "PUT /1/51473/AUTH_7e6379b038b744d2b4ed9c56e55784eb/gnocchi.e580b64b-5c60-4977-bdfd-48b78337c816/none_v3" 201 - "PUT http://[::1]:8080/v1/AUTH_7e6379b038b744d2b4ed9c56e55784eb/gnocchi.e580b64b-5c60-4977-bdfd-48b78337c816/none_v3" "tx7ccd10340b904a3d9c7a1-0069220414" "proxy-server 88816" 0.0122 "-" 96156 0
Nov 22 13:42:28 np0005532311.novalocal container-server[95854]: ::1 - - [22/Nov/2025:18:42:28 +0000] "PUT /2/43074/AUTH_7e6379b038b744d2b4ed9c56e55784eb/gnocchi.b7dec04a-182f-4991-8e0f-550799924e18/none_v3" 201 - "PUT http://[::1]:8080/1/196077/AUTH_7e6379b038b744d2b4ed9c56e55784eb/gnocchi.b7dec04a-182f-4991-8e0f-550799924e18/none_v3" "tx0ea32873ed424d7aa6f10-0069220414" "object-server 96156" 0.0004 "-" 95854 0
Nov 22 13:42:28 np0005532311.novalocal object-server[96156]: ::1 - - [22/Nov/2025:18:42:28 +0000] "PUT /1/196077/AUTH_7e6379b038b744d2b4ed9c56e55784eb/gnocchi.b7dec04a-182f-4991-8e0f-550799924e18/none_v3" 201 - "PUT http://[::1]:8080/v1/AUTH_7e6379b038b744d2b4ed9c56e55784eb/gnocchi.b7dec04a-182f-4991-8e0f-550799924e18/none_v3" "tx0ea32873ed424d7aa6f10-0069220414" "proxy-server 88815" 0.0115 "-" 96156 0
Nov 22 13:42:28 np0005532311.novalocal container-server[95853]: ::1 - - [22/Nov/2025:18:42:28 +0000] "PUT /3/115391/AUTH_7e6379b038b744d2b4ed9c56e55784eb/gnocchi.e580b64b-5c60-4977-bdfd-48b78337c816/none_v3" 201 - "PUT http://[::1]:8080/2/51473/AUTH_7e6379b038b744d2b4ed9c56e55784eb/gnocchi.e580b64b-5c60-4977-bdfd-48b78337c816/none_v3" "tx7ccd10340b904a3d9c7a1-0069220414" "object-server 96157" 0.0005 "-" 95853 0
Nov 22 13:42:28 np0005532311.novalocal container-server[95853]: ::1 - - [22/Nov/2025:18:42:28 +0000] "PUT /1/115391/AUTH_7e6379b038b744d2b4ed9c56e55784eb/gnocchi.e580b64b-5c60-4977-bdfd-48b78337c816/none_v3" 201 - "PUT http://[::1]:8080/3/51473/AUTH_7e6379b038b744d2b4ed9c56e55784eb/gnocchi.e580b64b-5c60-4977-bdfd-48b78337c816/none_v3" "tx7ccd10340b904a3d9c7a1-0069220414" "object-server 96157" 0.0004 "-" 95853 0
Nov 22 13:42:28 np0005532311.novalocal object-server[96157]: ::1 - - [22/Nov/2025:18:42:28 +0000] "PUT /2/51473/AUTH_7e6379b038b744d2b4ed9c56e55784eb/gnocchi.e580b64b-5c60-4977-bdfd-48b78337c816/none_v3" 201 - "PUT http://[::1]:8080/v1/AUTH_7e6379b038b744d2b4ed9c56e55784eb/gnocchi.e580b64b-5c60-4977-bdfd-48b78337c816/none_v3" "tx7ccd10340b904a3d9c7a1-0069220414" "proxy-server 88816" 0.0202 "-" 96157 0
Nov 22 13:42:28 np0005532311.novalocal object-server[96157]: ::1 - - [22/Nov/2025:18:42:28 +0000] "PUT /3/51473/AUTH_7e6379b038b744d2b4ed9c56e55784eb/gnocchi.e580b64b-5c60-4977-bdfd-48b78337c816/none_v3" 201 - "PUT http://[::1]:8080/v1/AUTH_7e6379b038b744d2b4ed9c56e55784eb/gnocchi.e580b64b-5c60-4977-bdfd-48b78337c816/none_v3" "tx7ccd10340b904a3d9c7a1-0069220414" "proxy-server 88816" 0.0234 "-" 96157 0
Nov 22 13:42:28 np0005532311.novalocal container-server[95853]: ::1 - - [22/Nov/2025:18:42:28 +0000] "PUT /3/43074/AUTH_7e6379b038b744d2b4ed9c56e55784eb/gnocchi.b7dec04a-182f-4991-8e0f-550799924e18/none_v3" 201 - "PUT http://[::1]:8080/2/196077/AUTH_7e6379b038b744d2b4ed9c56e55784eb/gnocchi.b7dec04a-182f-4991-8e0f-550799924e18/none_v3" "tx0ea32873ed424d7aa6f10-0069220414" "object-server 96157" 0.0004 "-" 95853 0
Nov 22 13:42:28 np0005532311.novalocal object-server[96157]: ::1 - - [22/Nov/2025:18:42:28 +0000] "PUT /2/196077/AUTH_7e6379b038b744d2b4ed9c56e55784eb/gnocchi.b7dec04a-182f-4991-8e0f-550799924e18/none_v3" 201 - "PUT http://[::1]:8080/v1/AUTH_7e6379b038b744d2b4ed9c56e55784eb/gnocchi.b7dec04a-182f-4991-8e0f-550799924e18/none_v3" "tx0ea32873ed424d7aa6f10-0069220414" "proxy-server 88815" 0.0172 "-" 96157 0
Nov 22 13:42:28 np0005532311.novalocal proxy-server[88816]: ::1 ::1 22/Nov/2025/18/42/28 PUT /v1/AUTH_7e6379b038b744d2b4ed9c56e55784eb/gnocchi.e580b64b-5c60-4977-bdfd-48b78337c816/none_v3 HTTP/1.0 201 - python-swiftclient-4.5.0 gAAAAABpIgQAXILt... 48 - - tx7ccd10340b904a3d9c7a1-0069220414 - 0.0308 - - 1763836948.781406879 1763836948.812247276 0
Nov 22 13:42:28 np0005532311.novalocal container-server[95854]: ::1 - - [22/Nov/2025:18:42:28 +0000] "PUT /1/43074/AUTH_7e6379b038b744d2b4ed9c56e55784eb/gnocchi.b7dec04a-182f-4991-8e0f-550799924e18/none_v3" 201 - "PUT http://[::1]:8080/3/196077/AUTH_7e6379b038b744d2b4ed9c56e55784eb/gnocchi.b7dec04a-182f-4991-8e0f-550799924e18/none_v3" "tx0ea32873ed424d7aa6f10-0069220414" "object-server 96157" 0.0005 "-" 95854 0
Nov 22 13:42:28 np0005532311.novalocal object-server[96157]: ::1 - - [22/Nov/2025:18:42:28 +0000] "PUT /3/196077/AUTH_7e6379b038b744d2b4ed9c56e55784eb/gnocchi.b7dec04a-182f-4991-8e0f-550799924e18/none_v3" 201 - "PUT http://[::1]:8080/v1/AUTH_7e6379b038b744d2b4ed9c56e55784eb/gnocchi.b7dec04a-182f-4991-8e0f-550799924e18/none_v3" "tx0ea32873ed424d7aa6f10-0069220414" "proxy-server 88815" 0.0165 "-" 96157 0
Nov 22 13:42:28 np0005532311.novalocal proxy-server[88815]: ::1 ::1 22/Nov/2025/18/42/28 PUT /v1/AUTH_7e6379b038b744d2b4ed9c56e55784eb/gnocchi.b7dec04a-182f-4991-8e0f-550799924e18/none_v3 HTTP/1.0 201 - python-swiftclient-4.5.0 gAAAAABpIgQFZCvZ... 44 - - tx0ea32873ed424d7aa6f10-0069220414 - 0.0324 - - 1763836948.783184052 1763836948.815582752 0
Nov 22 13:42:28 np0005532311.novalocal object-server[96156]: ::1 - - [22/Nov/2025:18:42:28 +0000] "GET /2/259398/AUTH_7e6379b038b744d2b4ed9c56e55784eb/gnocchi.43e319d0-8c70-46ad-879f-693d6188de52/none_v3" 200 30 "GET http://[::1]:8080/v1/AUTH_7e6379b038b744d2b4ed9c56e55784eb/gnocchi.43e319d0-8c70-46ad-879f-693d6188de52/none_v3" "txbcb4ab27cab2472fb30fb-0069220414" "proxy-server 88816" 0.0011 "-" 96156 0
Nov 22 13:42:28 np0005532311.novalocal proxy-server[88816]: ::1 ::1 22/Nov/2025/18/42/28 GET /v1/AUTH_7e6379b038b744d2b4ed9c56e55784eb/gnocchi.43e319d0-8c70-46ad-879f-693d6188de52/none_v3 HTTP/1.0 200 - python-swiftclient-4.5.0 gAAAAABpIgQAXILt... - 30 - txbcb4ab27cab2472fb30fb-0069220414 - 0.0101 - - 1763836948.878498316 1763836948.888589859 0
Nov 22 13:42:28 np0005532311.novalocal container-server[95854]: ::1 - - [22/Nov/2025:18:42:28 +0000] "GET /3/179237/AUTH_7e6379b038b744d2b4ed9c56e55784eb/gnocchi.43e319d0-8c70-46ad-879f-693d6188de52" 200 357 "GET http://[::1]:8080/v1/AUTH_7e6379b038b744d2b4ed9c56e55784eb/gnocchi.43e319d0-8c70-46ad-879f-693d6188de52?format=json&states=listing" "tx0b989004e39c47d4bb8c6-0069220414" "proxy-server 88816" 0.0034 "-" 95854 0
Nov 22 13:42:28 np0005532311.novalocal proxy-server[88816]: ::1 ::1 22/Nov/2025/18/42/28 GET /v1/AUTH_7e6379b038b744d2b4ed9c56e55784eb/gnocchi.43e319d0-8c70-46ad-879f-693d6188de52%3Fformat%3Djson%26states%3Dlisting HTTP/1.0 200 - python-swiftclient-4.5.0 gAAAAABpIgQAXILt... - 357 - tx0b989004e39c47d4bb8c6-0069220414 - 0.0124 - - 1763836948.892318726 1763836948.904761314 0
Nov 22 13:42:28 np0005532311.novalocal container-server[95853]: ::1 - - [22/Nov/2025:18:42:28 +0000] "GET /2/179237/AUTH_7e6379b038b744d2b4ed9c56e55784eb/gnocchi.43e319d0-8c70-46ad-879f-693d6188de52" 200 2 "GET http://[::1]:8080/v1/AUTH_7e6379b038b744d2b4ed9c56e55784eb/gnocchi.43e319d0-8c70-46ad-879f-693d6188de52?format=json&marker=none_v3&states=listing" "txd1e8a5a5704d4fb2aed2e-0069220414" "proxy-server 88816" 0.0030 "-" 95853 0
Nov 22 13:42:28 np0005532311.novalocal proxy-server[88816]: ::1 ::1 22/Nov/2025/18/42/28 GET /v1/AUTH_7e6379b038b744d2b4ed9c56e55784eb/gnocchi.43e319d0-8c70-46ad-879f-693d6188de52%3Fformat%3Djson%26marker%3Dnone_v3%26states%3Dlisting HTTP/1.0 200 - python-swiftclient-4.5.0 gAAAAABpIgQAXILt... - 2 - txd1e8a5a5704d4fb2aed2e-0069220414 - 0.0112 - - 1763836948.908920765 1763836948.920155287 0
Nov 22 13:42:28 np0005532311.novalocal object-server[96157]: ::1 - - [22/Nov/2025:18:42:28 +0000] "GET /2/20410/AUTH_7e6379b038b744d2b4ed9c56e55784eb/gnocchi.43e319d0-8c70-46ad-879f-693d6188de52/1763640000.0_mean_300.0_v3" 200 16 "GET http://[::1]:8080/v1/AUTH_7e6379b038b744d2b4ed9c56e55784eb/gnocchi.43e319d0-8c70-46ad-879f-693d6188de52/1763640000.0_mean_300.0_v3" "tx065c47940e494e048a611-0069220414" "proxy-server 88816" 0.0007 "-" 96157 0
Nov 22 13:42:28 np0005532311.novalocal proxy-server[88816]: ::1 ::1 22/Nov/2025/18/42/28 GET /v1/AUTH_7e6379b038b744d2b4ed9c56e55784eb/gnocchi.43e319d0-8c70-46ad-879f-693d6188de52/1763640000.0_mean_300.0_v3 HTTP/1.0 200 - python-swiftclient-4.5.0 gAAAAABpIgQAXILt... - 16 - tx065c47940e494e048a611-0069220414 - 0.0100 - - 1763836948.923704624 1763836948.933747292 0
Nov 22 13:42:28 np0005532311.novalocal object-server[96157]: ::1 - - [22/Nov/2025:18:42:28 +0000] "GET /2/55089/AUTH_7e6379b038b744d2b4ed9c56e55784eb/gnocchi.f94463b6-8473-48af-894f-03d0df0e4ddf/none_v3" 200 51 "GET http://[::1]:8080/v1/AUTH_7e6379b038b744d2b4ed9c56e55784eb/gnocchi.f94463b6-8473-48af-894f-03d0df0e4ddf/none_v3" "tx59e3b3b5a376438e93bff-0069220414" "proxy-server 88815" 0.0006 "-" 96157 0
Nov 22 13:42:28 np0005532311.novalocal proxy-server[88815]: ::1 ::1 22/Nov/2025/18/42/28 GET /v1/AUTH_7e6379b038b744d2b4ed9c56e55784eb/gnocchi.f94463b6-8473-48af-894f-03d0df0e4ddf/none_v3 HTTP/1.0 200 - python-swiftclient-4.5.0 gAAAAABpIgQFZCvZ... - 51 - tx59e3b3b5a376438e93bff-0069220414 - 0.0067 - - 1763836948.942317247 1763836948.948975325 0
Nov 22 13:42:28 np0005532311.novalocal container-server[95854]: ::1 - - [22/Nov/2025:18:42:28 +0000] "PUT /1/179237/AUTH_7e6379b038b744d2b4ed9c56e55784eb/gnocchi.43e319d0-8c70-46ad-879f-693d6188de52/1763640000.0_mean_300.0_v3" 201 - "PUT http://[::1]:8080/3/20410/AUTH_7e6379b038b744d2b4ed9c56e55784eb/gnocchi.43e319d0-8c70-46ad-879f-693d6188de52/1763640000.0_mean_300.0_v3" "txf8dc14e06ee445b7a4488-0069220414" "object-server 96157" 0.0006 "-" 95854 0
Nov 22 13:42:28 np0005532311.novalocal container-server[95853]: ::1 - - [22/Nov/2025:18:42:28 +0000] "PUT /3/179237/AUTH_7e6379b038b744d2b4ed9c56e55784eb/gnocchi.43e319d0-8c70-46ad-879f-693d6188de52/1763640000.0_mean_300.0_v3" 201 - "PUT http://[::1]:8080/1/20410/AUTH_7e6379b038b744d2b4ed9c56e55784eb/gnocchi.43e319d0-8c70-46ad-879f-693d6188de52/1763640000.0_mean_300.0_v3" "txf8dc14e06ee445b7a4488-0069220414" "object-server 96156" 0.0005 "-" 95853 0
Nov 22 13:42:28 np0005532311.novalocal object-server[96156]: ::1 - - [22/Nov/2025:18:42:28 +0000] "PUT /1/20410/AUTH_7e6379b038b744d2b4ed9c56e55784eb/gnocchi.43e319d0-8c70-46ad-879f-693d6188de52/1763640000.0_mean_300.0_v3" 201 - "PUT http://[::1]:8080/v1/AUTH_7e6379b038b744d2b4ed9c56e55784eb/gnocchi.43e319d0-8c70-46ad-879f-693d6188de52/1763640000.0_mean_300.0_v3" "txf8dc14e06ee445b7a4488-0069220414" "proxy-server 88816" 0.0106 "-" 96156 0
Nov 22 13:42:28 np0005532311.novalocal object-server[96157]: ::1 - - [22/Nov/2025:18:42:28 +0000] "PUT /3/20410/AUTH_7e6379b038b744d2b4ed9c56e55784eb/gnocchi.43e319d0-8c70-46ad-879f-693d6188de52/1763640000.0_mean_300.0_v3" 201 - "PUT http://[::1]:8080/v1/AUTH_7e6379b038b744d2b4ed9c56e55784eb/gnocchi.43e319d0-8c70-46ad-879f-693d6188de52/1763640000.0_mean_300.0_v3" "txf8dc14e06ee445b7a4488-0069220414" "proxy-server 88816" 0.0109 "-" 96157 0
Nov 22 13:42:28 np0005532311.novalocal container-server[95853]: ::1 - - [22/Nov/2025:18:42:28 +0000] "GET /2/251082/AUTH_7e6379b038b744d2b4ed9c56e55784eb/gnocchi.f94463b6-8473-48af-894f-03d0df0e4ddf" 200 357 "GET http://[::1]:8080/v1/AUTH_7e6379b038b744d2b4ed9c56e55784eb/gnocchi.f94463b6-8473-48af-894f-03d0df0e4ddf?format=json&states=listing" "txe61968909f164e42b9776-0069220414" "proxy-server 88815" 0.0026 "-" 95853 0
Nov 22 13:42:28 np0005532311.novalocal container-server[95853]: ::1 - - [22/Nov/2025:18:42:28 +0000] "PUT /2/179237/AUTH_7e6379b038b744d2b4ed9c56e55784eb/gnocchi.43e319d0-8c70-46ad-879f-693d6188de52/1763640000.0_mean_300.0_v3" 201 - "PUT http://[::1]:8080/2/20410/AUTH_7e6379b038b744d2b4ed9c56e55784eb/gnocchi.43e319d0-8c70-46ad-879f-693d6188de52/1763640000.0_mean_300.0_v3" "txf8dc14e06ee445b7a4488-0069220414" "object-server 96157" 0.0004 "-" 95853 0
Nov 22 13:42:28 np0005532311.novalocal proxy-server[88815]: ::1 ::1 22/Nov/2025/18/42/28 GET /v1/AUTH_7e6379b038b744d2b4ed9c56e55784eb/gnocchi.f94463b6-8473-48af-894f-03d0df0e4ddf%3Fformat%3Djson%26states%3Dlisting HTTP/1.0 200 - python-swiftclient-4.5.0 gAAAAABpIgQFZCvZ... - 357 - txe61968909f164e42b9776-0069220414 - 0.0086 - - 1763836948.955372810 1763836948.963971853 0
Nov 22 13:42:28 np0005532311.novalocal object-server[96157]: ::1 - - [22/Nov/2025:18:42:28 +0000] "PUT /2/20410/AUTH_7e6379b038b744d2b4ed9c56e55784eb/gnocchi.43e319d0-8c70-46ad-879f-693d6188de52/1763640000.0_mean_300.0_v3" 201 - "PUT http://[::1]:8080/v1/AUTH_7e6379b038b744d2b4ed9c56e55784eb/gnocchi.43e319d0-8c70-46ad-879f-693d6188de52/1763640000.0_mean_300.0_v3" "txf8dc14e06ee445b7a4488-0069220414" "proxy-server 88816" 0.0144 "-" 96157 0
Nov 22 13:42:28 np0005532311.novalocal proxy-server[88816]: ::1 ::1 22/Nov/2025/18/42/28 PUT /v1/AUTH_7e6379b038b744d2b4ed9c56e55784eb/gnocchi.43e319d0-8c70-46ad-879f-693d6188de52/1763640000.0_mean_300.0_v3 HTTP/1.0 201 - python-swiftclient-4.5.0 gAAAAABpIgQAXILt... 16 - - txf8dc14e06ee445b7a4488-0069220414 - 0.0296 - - 1763836948.936353445 1763836948.965983391 0
Nov 22 13:42:28 np0005532311.novalocal container-server[95854]: ::1 - - [22/Nov/2025:18:42:28 +0000] "GET /1/251082/AUTH_7e6379b038b744d2b4ed9c56e55784eb/gnocchi.f94463b6-8473-48af-894f-03d0df0e4ddf" 200 2 "GET http://[::1]:8080/v1/AUTH_7e6379b038b744d2b4ed9c56e55784eb/gnocchi.f94463b6-8473-48af-894f-03d0df0e4ddf?format=json&marker=none_v3&states=listing" "tx876dd2a15d1b404e89315-0069220414" "proxy-server 88815" 0.0029 "-" 95854 0
Nov 22 13:42:28 np0005532311.novalocal proxy-server[88815]: ::1 ::1 22/Nov/2025/18/42/28 GET /v1/AUTH_7e6379b038b744d2b4ed9c56e55784eb/gnocchi.f94463b6-8473-48af-894f-03d0df0e4ddf%3Fformat%3Djson%26marker%3Dnone_v3%26states%3Dlisting HTTP/1.0 200 - python-swiftclient-4.5.0 gAAAAABpIgQFZCvZ... - 2 - tx876dd2a15d1b404e89315-0069220414 - 0.0123 - - 1763836948.967093945 1763836948.979390383 0
Nov 22 13:42:28 np0005532311.novalocal object-server[96157]: ::1 - - [22/Nov/2025:18:42:28 +0000] "GET /3/31591/AUTH_7e6379b038b744d2b4ed9c56e55784eb/gnocchi.f94463b6-8473-48af-894f-03d0df0e4ddf/1763640000.0_mean_300.0_v3" 200 16 "GET http://[::1]:8080/v1/AUTH_7e6379b038b744d2b4ed9c56e55784eb/gnocchi.f94463b6-8473-48af-894f-03d0df0e4ddf/1763640000.0_mean_300.0_v3" "tx1a4adf3f14124f79be62d-0069220414" "proxy-server 88815" 0.0006 "-" 96157 0
Nov 22 13:42:28 np0005532311.novalocal container-server[95853]: ::1 - - [22/Nov/2025:18:42:28 +0000] "PUT /1/179237/AUTH_7e6379b038b744d2b4ed9c56e55784eb/gnocchi.43e319d0-8c70-46ad-879f-693d6188de52/none_v3" 201 - "PUT http://[::1]:8080/2/259398/AUTH_7e6379b038b744d2b4ed9c56e55784eb/gnocchi.43e319d0-8c70-46ad-879f-693d6188de52/none_v3" "tx8d3911c9932c4adf995b7-0069220414" "object-server 96156" 0.0007 "-" 95853 0
Nov 22 13:42:28 np0005532311.novalocal object-server[96156]: ::1 - - [22/Nov/2025:18:42:28 +0000] "PUT /2/259398/AUTH_7e6379b038b744d2b4ed9c56e55784eb/gnocchi.43e319d0-8c70-46ad-879f-693d6188de52/none_v3" 201 - "PUT http://[::1]:8080/v1/AUTH_7e6379b038b744d2b4ed9c56e55784eb/gnocchi.43e319d0-8c70-46ad-879f-693d6188de52/none_v3" "tx8d3911c9932c4adf995b7-0069220414" "proxy-server 88816" 0.0120 "-" 96156 0
Nov 22 13:42:28 np0005532311.novalocal proxy-server[88815]: ::1 ::1 22/Nov/2025/18/42/28 GET /v1/AUTH_7e6379b038b744d2b4ed9c56e55784eb/gnocchi.f94463b6-8473-48af-894f-03d0df0e4ddf/1763640000.0_mean_300.0_v3 HTTP/1.0 200 - python-swiftclient-4.5.0 gAAAAABpIgQFZCvZ... - 16 - tx1a4adf3f14124f79be62d-0069220414 - 0.0069 - - 1763836948.983713865 1763836948.990601063 0
Nov 22 13:42:28 np0005532311.novalocal container-server[95854]: ::1 - - [22/Nov/2025:18:42:28 +0000] "PUT /2/179237/AUTH_7e6379b038b744d2b4ed9c56e55784eb/gnocchi.43e319d0-8c70-46ad-879f-693d6188de52/none_v3" 201 - "PUT http://[::1]:8080/3/259398/AUTH_7e6379b038b744d2b4ed9c56e55784eb/gnocchi.43e319d0-8c70-46ad-879f-693d6188de52/none_v3" "tx8d3911c9932c4adf995b7-0069220414" "object-server 96157" 0.0004 "-" 95854 0
Nov 22 13:42:28 np0005532311.novalocal object-server[96157]: ::1 - - [22/Nov/2025:18:42:28 +0000] "PUT /3/259398/AUTH_7e6379b038b744d2b4ed9c56e55784eb/gnocchi.43e319d0-8c70-46ad-879f-693d6188de52/none_v3" 201 - "PUT http://[::1]:8080/v1/AUTH_7e6379b038b744d2b4ed9c56e55784eb/gnocchi.43e319d0-8c70-46ad-879f-693d6188de52/none_v3" "tx8d3911c9932c4adf995b7-0069220414" "proxy-server 88816" 0.0123 "-" 96157 0
Nov 22 13:42:28 np0005532311.novalocal container-server[95854]: ::1 - - [22/Nov/2025:18:42:28 +0000] "PUT /3/179237/AUTH_7e6379b038b744d2b4ed9c56e55784eb/gnocchi.43e319d0-8c70-46ad-879f-693d6188de52/none_v3" 201 - "PUT http://[::1]:8080/1/259398/AUTH_7e6379b038b744d2b4ed9c56e55784eb/gnocchi.43e319d0-8c70-46ad-879f-693d6188de52/none_v3" "tx8d3911c9932c4adf995b7-0069220414" "object-server 96157" 0.0004 "-" 95854 0
Nov 22 13:42:28 np0005532311.novalocal object-server[96157]: ::1 - - [22/Nov/2025:18:42:28 +0000] "PUT /1/259398/AUTH_7e6379b038b744d2b4ed9c56e55784eb/gnocchi.43e319d0-8c70-46ad-879f-693d6188de52/none_v3" 201 - "PUT http://[::1]:8080/v1/AUTH_7e6379b038b744d2b4ed9c56e55784eb/gnocchi.43e319d0-8c70-46ad-879f-693d6188de52/none_v3" "tx8d3911c9932c4adf995b7-0069220414" "proxy-server 88816" 0.0162 "-" 96157 0
Nov 22 13:42:28 np0005532311.novalocal proxy-server[88816]: ::1 ::1 22/Nov/2025/18/42/28 PUT /v1/AUTH_7e6379b038b744d2b4ed9c56e55784eb/gnocchi.43e319d0-8c70-46ad-879f-693d6188de52/none_v3 HTTP/1.0 201 - python-swiftclient-4.5.0 gAAAAABpIgQAXILt... 44 - - tx8d3911c9932c4adf995b7-0069220414 - 0.0258 - - 1763836948.969076157 1763836948.994893551 0
Nov 22 13:42:29 np0005532311.novalocal container-server[95853]: ::1 - - [22/Nov/2025:18:42:29 +0000] "PUT /3/251082/AUTH_7e6379b038b744d2b4ed9c56e55784eb/gnocchi.f94463b6-8473-48af-894f-03d0df0e4ddf/1763640000.0_mean_300.0_v3" 201 - "PUT http://[::1]:8080/2/31591/AUTH_7e6379b038b744d2b4ed9c56e55784eb/gnocchi.f94463b6-8473-48af-894f-03d0df0e4ddf/1763640000.0_mean_300.0_v3" "txf6e9cfd73e7e48b39b066-0069220414" "object-server 96156" 0.0005 "-" 95853 0
Nov 22 13:42:29 np0005532311.novalocal object-server[96156]: ::1 - - [22/Nov/2025:18:42:29 +0000] "PUT /2/31591/AUTH_7e6379b038b744d2b4ed9c56e55784eb/gnocchi.f94463b6-8473-48af-894f-03d0df0e4ddf/1763640000.0_mean_300.0_v3" 201 - "PUT http://[::1]:8080/v1/AUTH_7e6379b038b744d2b4ed9c56e55784eb/gnocchi.f94463b6-8473-48af-894f-03d0df0e4ddf/1763640000.0_mean_300.0_v3" "txf6e9cfd73e7e48b39b066-0069220414" "proxy-server 88815" 0.0133 "-" 96156 0
Nov 22 13:42:29 np0005532311.novalocal container-server[95853]: ::1 - - [22/Nov/2025:18:42:29 +0000] "PUT /2/251082/AUTH_7e6379b038b744d2b4ed9c56e55784eb/gnocchi.f94463b6-8473-48af-894f-03d0df0e4ddf/1763640000.0_mean_300.0_v3" 201 - "PUT http://[::1]:8080/1/31591/AUTH_7e6379b038b744d2b4ed9c56e55784eb/gnocchi.f94463b6-8473-48af-894f-03d0df0e4ddf/1763640000.0_mean_300.0_v3" "txf6e9cfd73e7e48b39b066-0069220414" "object-server 96156" 0.0006 "-" 95853 0
Nov 22 13:42:29 np0005532311.novalocal object-server[96156]: ::1 - - [22/Nov/2025:18:42:29 +0000] "PUT /1/31591/AUTH_7e6379b038b744d2b4ed9c56e55784eb/gnocchi.f94463b6-8473-48af-894f-03d0df0e4ddf/1763640000.0_mean_300.0_v3" 201 - "PUT http://[::1]:8080/v1/AUTH_7e6379b038b744d2b4ed9c56e55784eb/gnocchi.f94463b6-8473-48af-894f-03d0df0e4ddf/1763640000.0_mean_300.0_v3" "txf6e9cfd73e7e48b39b066-0069220414" "proxy-server 88815" 0.0184 "-" 96156 0
Nov 22 13:42:29 np0005532311.novalocal container-server[95854]: ::1 - - [22/Nov/2025:18:42:29 +0000] "PUT /1/251082/AUTH_7e6379b038b744d2b4ed9c56e55784eb/gnocchi.f94463b6-8473-48af-894f-03d0df0e4ddf/1763640000.0_mean_300.0_v3" 201 - "PUT http://[::1]:8080/3/31591/AUTH_7e6379b038b744d2b4ed9c56e55784eb/gnocchi.f94463b6-8473-48af-894f-03d0df0e4ddf/1763640000.0_mean_300.0_v3" "txf6e9cfd73e7e48b39b066-0069220414" "object-server 96157" 0.0006 "-" 95854 0
Nov 22 13:42:29 np0005532311.novalocal object-server[96157]: ::1 - - [22/Nov/2025:18:42:29 +0000] "PUT /3/31591/AUTH_7e6379b038b744d2b4ed9c56e55784eb/gnocchi.f94463b6-8473-48af-894f-03d0df0e4ddf/1763640000.0_mean_300.0_v3" 201 - "PUT http://[::1]:8080/v1/AUTH_7e6379b038b744d2b4ed9c56e55784eb/gnocchi.f94463b6-8473-48af-894f-03d0df0e4ddf/1763640000.0_mean_300.0_v3" "txf6e9cfd73e7e48b39b066-0069220414" "proxy-server 88815" 0.0218 "-" 96157 0
Nov 22 13:42:29 np0005532311.novalocal proxy-server[88815]: ::1 ::1 22/Nov/2025/18/42/29 PUT /v1/AUTH_7e6379b038b744d2b4ed9c56e55784eb/gnocchi.f94463b6-8473-48af-894f-03d0df0e4ddf/1763640000.0_mean_300.0_v3 HTTP/1.0 201 - python-swiftclient-4.5.0 gAAAAABpIgQFZCvZ... 16 - - txf6e9cfd73e7e48b39b066-0069220414 - 0.0300 - - 1763836948.993566036 1763836949.023607969 0
Nov 22 13:42:29 np0005532311.novalocal container-server[95854]: ::1 - - [22/Nov/2025:18:42:29 +0000] "PUT /2/251082/AUTH_7e6379b038b744d2b4ed9c56e55784eb/gnocchi.f94463b6-8473-48af-894f-03d0df0e4ddf/none_v3" 201 - "PUT http://[::1]:8080/2/55089/AUTH_7e6379b038b744d2b4ed9c56e55784eb/gnocchi.f94463b6-8473-48af-894f-03d0df0e4ddf/none_v3" "tx8e8d9901c7b740ddb7f4b-0069220415" "object-server 96156" 0.0009 "-" 95854 0
Nov 22 13:42:29 np0005532311.novalocal object-server[96156]: ::1 - - [22/Nov/2025:18:42:29 +0000] "PUT /2/55089/AUTH_7e6379b038b744d2b4ed9c56e55784eb/gnocchi.f94463b6-8473-48af-894f-03d0df0e4ddf/none_v3" 201 - "PUT http://[::1]:8080/v1/AUTH_7e6379b038b744d2b4ed9c56e55784eb/gnocchi.f94463b6-8473-48af-894f-03d0df0e4ddf/none_v3" "tx8e8d9901c7b740ddb7f4b-0069220415" "proxy-server 88815" 0.0124 "-" 96156 0
Nov 22 13:42:29 np0005532311.novalocal container-server[95853]: ::1 - - [22/Nov/2025:18:42:29 +0000] "PUT /3/251082/AUTH_7e6379b038b744d2b4ed9c56e55784eb/gnocchi.f94463b6-8473-48af-894f-03d0df0e4ddf/none_v3" 201 - "PUT http://[::1]:8080/1/55089/AUTH_7e6379b038b744d2b4ed9c56e55784eb/gnocchi.f94463b6-8473-48af-894f-03d0df0e4ddf/none_v3" "tx8e8d9901c7b740ddb7f4b-0069220415" "object-server 96156" 0.0008 "-" 95853 0
Nov 22 13:42:29 np0005532311.novalocal container-server[95854]: ::1 - - [22/Nov/2025:18:42:29 +0000] "PUT /1/251082/AUTH_7e6379b038b744d2b4ed9c56e55784eb/gnocchi.f94463b6-8473-48af-894f-03d0df0e4ddf/none_v3" 201 - "PUT http://[::1]:8080/3/55089/AUTH_7e6379b038b744d2b4ed9c56e55784eb/gnocchi.f94463b6-8473-48af-894f-03d0df0e4ddf/none_v3" "tx8e8d9901c7b740ddb7f4b-0069220415" "object-server 96156" 0.0005 "-" 95854 0
Nov 22 13:42:29 np0005532311.novalocal object-server[96156]: ::1 - - [22/Nov/2025:18:42:29 +0000] "PUT /1/55089/AUTH_7e6379b038b744d2b4ed9c56e55784eb/gnocchi.f94463b6-8473-48af-894f-03d0df0e4ddf/none_v3" 201 - "PUT http://[::1]:8080/v1/AUTH_7e6379b038b744d2b4ed9c56e55784eb/gnocchi.f94463b6-8473-48af-894f-03d0df0e4ddf/none_v3" "tx8e8d9901c7b740ddb7f4b-0069220415" "proxy-server 88815" 0.0123 "-" 96156 0
Nov 22 13:42:29 np0005532311.novalocal object-server[96156]: ::1 - - [22/Nov/2025:18:42:29 +0000] "PUT /3/55089/AUTH_7e6379b038b744d2b4ed9c56e55784eb/gnocchi.f94463b6-8473-48af-894f-03d0df0e4ddf/none_v3" 201 - "PUT http://[::1]:8080/v1/AUTH_7e6379b038b744d2b4ed9c56e55784eb/gnocchi.f94463b6-8473-48af-894f-03d0df0e4ddf/none_v3" "tx8e8d9901c7b740ddb7f4b-0069220415" "proxy-server 88815" 0.0118 "-" 96156 0
Nov 22 13:42:29 np0005532311.novalocal proxy-server[88815]: ::1 ::1 22/Nov/2025/18/42/29 PUT /v1/AUTH_7e6379b038b744d2b4ed9c56e55784eb/gnocchi.f94463b6-8473-48af-894f-03d0df0e4ddf/none_v3 HTTP/1.0 201 - python-swiftclient-4.5.0 gAAAAABpIgQFZCvZ... 61 - - tx8e8d9901c7b740ddb7f4b-0069220415 - 0.0243 - - 1763836949.026504278 1763836949.050791502 0
Nov 22 13:42:29 np0005532311.novalocal object-server[96157]: ::1 - - [22/Nov/2025:18:42:29 +0000] "GET /1/100582/AUTH_7e6379b038b744d2b4ed9c56e55784eb/gnocchi.1e83f54e-4c50-4f66-b5c4-8decddd948f2/none_v3" 200 25 "GET http://[::1]:8080/v1/AUTH_7e6379b038b744d2b4ed9c56e55784eb/gnocchi.1e83f54e-4c50-4f66-b5c4-8decddd948f2/none_v3" "tx8817e5bb068a44b1b6438-0069220415" "proxy-server 88816" 0.0006 "-" 96157 0
Nov 22 13:42:29 np0005532311.novalocal proxy-server[88816]: ::1 ::1 22/Nov/2025/18/42/29 GET /v1/AUTH_7e6379b038b744d2b4ed9c56e55784eb/gnocchi.1e83f54e-4c50-4f66-b5c4-8decddd948f2/none_v3 HTTP/1.0 200 - python-swiftclient-4.5.0 gAAAAABpIgQAXILt... - 25 - tx8817e5bb068a44b1b6438-0069220415 - 0.0136 - - 1763836949.041156530 1763836949.054739952 0
Nov 22 13:42:29 np0005532311.novalocal container-server[95853]: ::1 - - [22/Nov/2025:18:42:29 +0000] "GET /1/156856/AUTH_7e6379b038b744d2b4ed9c56e55784eb/gnocchi.1e83f54e-4c50-4f66-b5c4-8decddd948f2" 200 357 "GET http://[::1]:8080/v1/AUTH_7e6379b038b744d2b4ed9c56e55784eb/gnocchi.1e83f54e-4c50-4f66-b5c4-8decddd948f2?format=json&states=listing" "tx619f9414278d42b791d2e-0069220415" "proxy-server 88816" 0.0027 "-" 95853 0
Nov 22 13:42:29 np0005532311.novalocal proxy-server[88816]: ::1 ::1 22/Nov/2025/18/42/29 GET /v1/AUTH_7e6379b038b744d2b4ed9c56e55784eb/gnocchi.1e83f54e-4c50-4f66-b5c4-8decddd948f2%3Fformat%3Djson%26states%3Dlisting HTTP/1.0 200 - python-swiftclient-4.5.0 gAAAAABpIgQAXILt... - 357 - tx619f9414278d42b791d2e-0069220415 - 0.0128 - - 1763836949.058842421 1763836949.071642160 0
Nov 22 13:42:29 np0005532311.novalocal container-server[95854]: ::1 - - [22/Nov/2025:18:42:29 +0000] "GET /2/156856/AUTH_7e6379b038b744d2b4ed9c56e55784eb/gnocchi.1e83f54e-4c50-4f66-b5c4-8decddd948f2" 200 2 "GET http://[::1]:8080/v1/AUTH_7e6379b038b744d2b4ed9c56e55784eb/gnocchi.1e83f54e-4c50-4f66-b5c4-8decddd948f2?format=json&marker=none_v3&states=listing" "tx6592fc998a6f484d9bdc8-0069220415" "proxy-server 88816" 0.0034 "-" 95854 0
Nov 22 13:42:29 np0005532311.novalocal proxy-server[88816]: ::1 ::1 22/Nov/2025/18/42/29 GET /v1/AUTH_7e6379b038b744d2b4ed9c56e55784eb/gnocchi.1e83f54e-4c50-4f66-b5c4-8decddd948f2%3Fformat%3Djson%26marker%3Dnone_v3%26states%3Dlisting HTTP/1.0 200 - python-swiftclient-4.5.0 gAAAAABpIgQAXILt... - 2 - tx6592fc998a6f484d9bdc8-0069220415 - 0.0107 - - 1763836949.074660540 1763836949.085356712 0
Nov 22 13:42:29 np0005532311.novalocal object-server[96156]: ::1 - - [22/Nov/2025:18:42:29 +0000] "GET /1/196077/AUTH_7e6379b038b744d2b4ed9c56e55784eb/gnocchi.b7dec04a-182f-4991-8e0f-550799924e18/none_v3" 200 44 "GET http://[::1]:8080/v1/AUTH_7e6379b038b744d2b4ed9c56e55784eb/gnocchi.b7dec04a-182f-4991-8e0f-550799924e18/none_v3" "tx5d278138a4cd4bef844fa-0069220415" "proxy-server 88815" 0.0006 "-" 96156 0
Nov 22 13:42:29 np0005532311.novalocal proxy-server[88815]: ::1 ::1 22/Nov/2025/18/42/29 GET /v1/AUTH_7e6379b038b744d2b4ed9c56e55784eb/gnocchi.b7dec04a-182f-4991-8e0f-550799924e18/none_v3 HTTP/1.0 200 - python-swiftclient-4.5.0 gAAAAABpIgQFZCvZ... - 44 - tx5d278138a4cd4bef844fa-0069220415 - 0.0057 - - 1763836949.084264994 1763836949.089970827 0
Nov 22 13:42:29 np0005532311.novalocal object-server[96157]: ::1 - - [22/Nov/2025:18:42:29 +0000] "GET /2/72723/AUTH_7e6379b038b744d2b4ed9c56e55784eb/gnocchi.1e83f54e-4c50-4f66-b5c4-8decddd948f2/1763640000.0_mean_300.0_v3" 200 16 "GET http://[::1]:8080/v1/AUTH_7e6379b038b744d2b4ed9c56e55784eb/gnocchi.1e83f54e-4c50-4f66-b5c4-8decddd948f2/1763640000.0_mean_300.0_v3" "tx4f85eabda6914b0887d40-0069220415" "proxy-server 88816" 0.0006 "-" 96157 0
Nov 22 13:42:29 np0005532311.novalocal proxy-server[88816]: ::1 ::1 22/Nov/2025/18/42/29 GET /v1/AUTH_7e6379b038b744d2b4ed9c56e55784eb/gnocchi.1e83f54e-4c50-4f66-b5c4-8decddd948f2/1763640000.0_mean_300.0_v3 HTTP/1.0 200 - python-swiftclient-4.5.0 gAAAAABpIgQAXILt... - 16 - tx4f85eabda6914b0887d40-0069220415 - 0.0065 - - 1763836949.087957859 1763836949.094457865 0
Nov 22 13:42:29 np0005532311.novalocal container-server[95854]: ::1 - - [22/Nov/2025:18:42:29 +0000] "GET /2/43074/AUTH_7e6379b038b744d2b4ed9c56e55784eb/gnocchi.b7dec04a-182f-4991-8e0f-550799924e18" 200 357 "GET http://[::1]:8080/v1/AUTH_7e6379b038b744d2b4ed9c56e55784eb/gnocchi.b7dec04a-182f-4991-8e0f-550799924e18?format=json&states=listing" "txafdefccc572d447585937-0069220415" "proxy-server 88815" 0.0080 "-" 95854 0
Nov 22 13:42:29 np0005532311.novalocal proxy-server[88815]: ::1 ::1 22/Nov/2025/18/42/29 GET /v1/AUTH_7e6379b038b744d2b4ed9c56e55784eb/gnocchi.b7dec04a-182f-4991-8e0f-550799924e18%3Fformat%3Djson%26states%3Dlisting HTTP/1.0 200 - python-swiftclient-4.5.0 gAAAAABpIgQFZCvZ... - 357 - txafdefccc572d447585937-0069220415 - 0.0131 - - 1763836949.092677832 1763836949.105822325 0
Nov 22 13:42:29 np0005532311.novalocal container-server[95854]: ::1 - - [22/Nov/2025:18:42:29 +0000] "PUT /1/156856/AUTH_7e6379b038b744d2b4ed9c56e55784eb/gnocchi.1e83f54e-4c50-4f66-b5c4-8decddd948f2/1763640000.0_mean_300.0_v3" 201 - "PUT http://[::1]:8080/3/72723/AUTH_7e6379b038b744d2b4ed9c56e55784eb/gnocchi.1e83f54e-4c50-4f66-b5c4-8decddd948f2/1763640000.0_mean_300.0_v3" "txbb292611bbdc4eeea158c-0069220415" "object-server 96157" 0.0005 "-" 95854 0
Nov 22 13:42:29 np0005532311.novalocal object-server[96157]: ::1 - - [22/Nov/2025:18:42:29 +0000] "PUT /3/72723/AUTH_7e6379b038b744d2b4ed9c56e55784eb/gnocchi.1e83f54e-4c50-4f66-b5c4-8decddd948f2/1763640000.0_mean_300.0_v3" 201 - "PUT http://[::1]:8080/v1/AUTH_7e6379b038b744d2b4ed9c56e55784eb/gnocchi.1e83f54e-4c50-4f66-b5c4-8decddd948f2/1763640000.0_mean_300.0_v3" "txbb292611bbdc4eeea158c-0069220415" "proxy-server 88816" 0.0074 "-" 96157 0
Nov 22 13:42:29 np0005532311.novalocal container-server[95853]: ::1 - - [22/Nov/2025:18:42:29 +0000] "PUT /2/156856/AUTH_7e6379b038b744d2b4ed9c56e55784eb/gnocchi.1e83f54e-4c50-4f66-b5c4-8decddd948f2/1763640000.0_mean_300.0_v3" 201 - "PUT http://[::1]:8080/1/72723/AUTH_7e6379b038b744d2b4ed9c56e55784eb/gnocchi.1e83f54e-4c50-4f66-b5c4-8decddd948f2/1763640000.0_mean_300.0_v3" "txbb292611bbdc4eeea158c-0069220415" "object-server 96156" 0.0006 "-" 95853 0
Nov 22 13:42:29 np0005532311.novalocal object-server[96156]: ::1 - - [22/Nov/2025:18:42:29 +0000] "PUT /1/72723/AUTH_7e6379b038b744d2b4ed9c56e55784eb/gnocchi.1e83f54e-4c50-4f66-b5c4-8decddd948f2/1763640000.0_mean_300.0_v3" 201 - "PUT http://[::1]:8080/v1/AUTH_7e6379b038b744d2b4ed9c56e55784eb/gnocchi.1e83f54e-4c50-4f66-b5c4-8decddd948f2/1763640000.0_mean_300.0_v3" "txbb292611bbdc4eeea158c-0069220415" "proxy-server 88816" 0.0082 "-" 96156 0
Nov 22 13:42:29 np0005532311.novalocal container-server[95854]: ::1 - - [22/Nov/2025:18:42:29 +0000] "PUT /3/156856/AUTH_7e6379b038b744d2b4ed9c56e55784eb/gnocchi.1e83f54e-4c50-4f66-b5c4-8decddd948f2/1763640000.0_mean_300.0_v3" 201 - "PUT http://[::1]:8080/2/72723/AUTH_7e6379b038b744d2b4ed9c56e55784eb/gnocchi.1e83f54e-4c50-4f66-b5c4-8decddd948f2/1763640000.0_mean_300.0_v3" "txbb292611bbdc4eeea158c-0069220415" "object-server 96157" 0.0018 "-" 95854 0
Nov 22 13:42:29 np0005532311.novalocal object-server[96157]: ::1 - - [22/Nov/2025:18:42:29 +0000] "PUT /2/72723/AUTH_7e6379b038b744d2b4ed9c56e55784eb/gnocchi.1e83f54e-4c50-4f66-b5c4-8decddd948f2/1763640000.0_mean_300.0_v3" 201 - "PUT http://[::1]:8080/v1/AUTH_7e6379b038b744d2b4ed9c56e55784eb/gnocchi.1e83f54e-4c50-4f66-b5c4-8decddd948f2/1763640000.0_mean_300.0_v3" "txbb292611bbdc4eeea158c-0069220415" "proxy-server 88816" 0.0112 "-" 96157 0
Nov 22 13:42:29 np0005532311.novalocal proxy-server[88816]: ::1 ::1 22/Nov/2025/18/42/29 PUT /v1/AUTH_7e6379b038b744d2b4ed9c56e55784eb/gnocchi.1e83f54e-4c50-4f66-b5c4-8decddd948f2/1763640000.0_mean_300.0_v3 HTTP/1.0 201 - python-swiftclient-4.5.0 gAAAAABpIgQAXILt... 16 - - txbb292611bbdc4eeea158c-0069220415 - 0.0216 - - 1763836949.096375465 1763836949.117948055 0
Nov 22 13:42:29 np0005532311.novalocal container-server[95854]: ::1 - - [22/Nov/2025:18:42:29 +0000] "GET /3/43074/AUTH_7e6379b038b744d2b4ed9c56e55784eb/gnocchi.b7dec04a-182f-4991-8e0f-550799924e18" 200 2 "GET http://[::1]:8080/v1/AUTH_7e6379b038b744d2b4ed9c56e55784eb/gnocchi.b7dec04a-182f-4991-8e0f-550799924e18?format=json&marker=none_v3&states=listing" "tx1efccf30a0d64b6987a47-0069220415" "proxy-server 88815" 0.0088 "-" 95854 0
Nov 22 13:42:29 np0005532311.novalocal proxy-server[88815]: ::1 ::1 22/Nov/2025/18/42/29 GET /v1/AUTH_7e6379b038b744d2b4ed9c56e55784eb/gnocchi.b7dec04a-182f-4991-8e0f-550799924e18%3Fformat%3Djson%26marker%3Dnone_v3%26states%3Dlisting HTTP/1.0 200 - python-swiftclient-4.5.0 gAAAAABpIgQFZCvZ... - 2 - tx1efccf30a0d64b6987a47-0069220415 - 0.0150 - - 1763836949.108504295 1763836949.123476744 0
Nov 22 13:42:29 np0005532311.novalocal object-server[96157]: ::1 - - [22/Nov/2025:18:42:29 +0000] "GET /3/81718/AUTH_7e6379b038b744d2b4ed9c56e55784eb/gnocchi.b7dec04a-182f-4991-8e0f-550799924e18/1763640000.0_mean_300.0_v3" 200 16 "GET http://[::1]:8080/v1/AUTH_7e6379b038b744d2b4ed9c56e55784eb/gnocchi.b7dec04a-182f-4991-8e0f-550799924e18/1763640000.0_mean_300.0_v3" "tx7f9134c77c0c459288209-0069220415" "proxy-server 88815" 0.0004 "-" 96157 0
Nov 22 13:42:29 np0005532311.novalocal container-server[95854]: ::1 - - [22/Nov/2025:18:42:29 +0000] "PUT /1/156856/AUTH_7e6379b038b744d2b4ed9c56e55784eb/gnocchi.1e83f54e-4c50-4f66-b5c4-8decddd948f2/none_v3" 201 - "PUT http://[::1]:8080/1/100582/AUTH_7e6379b038b744d2b4ed9c56e55784eb/gnocchi.1e83f54e-4c50-4f66-b5c4-8decddd948f2/none_v3" "txf47c671f9a5c41bb8dd1b-0069220415" "object-server 96157" 0.0006 "-" 95854 0
Nov 22 13:42:29 np0005532311.novalocal object-server[96157]: ::1 - - [22/Nov/2025:18:42:29 +0000] "PUT /1/100582/AUTH_7e6379b038b744d2b4ed9c56e55784eb/gnocchi.1e83f54e-4c50-4f66-b5c4-8decddd948f2/none_v3" 201 - "PUT http://[::1]:8080/v1/AUTH_7e6379b038b744d2b4ed9c56e55784eb/gnocchi.1e83f54e-4c50-4f66-b5c4-8decddd948f2/none_v3" "txf47c671f9a5c41bb8dd1b-0069220415" "proxy-server 88816" 0.0089 "-" 96157 0
Nov 22 13:42:29 np0005532311.novalocal proxy-server[88815]: ::1 ::1 22/Nov/2025/18/42/29 GET /v1/AUTH_7e6379b038b744d2b4ed9c56e55784eb/gnocchi.b7dec04a-182f-4991-8e0f-550799924e18/1763640000.0_mean_300.0_v3 HTTP/1.0 200 - python-swiftclient-4.5.0 gAAAAABpIgQFZCvZ... - 16 - tx7f9134c77c0c459288209-0069220415 - 0.0049 - - 1763836949.128768206 1763836949.133698225 0
Nov 22 13:42:29 np0005532311.novalocal container-server[95853]: ::1 - - [22/Nov/2025:18:42:29 +0000] "PUT /3/156856/AUTH_7e6379b038b744d2b4ed9c56e55784eb/gnocchi.1e83f54e-4c50-4f66-b5c4-8decddd948f2/none_v3" 201 - "PUT http://[::1]:8080/3/100582/AUTH_7e6379b038b744d2b4ed9c56e55784eb/gnocchi.1e83f54e-4c50-4f66-b5c4-8decddd948f2/none_v3" "txf47c671f9a5c41bb8dd1b-0069220415" "object-server 96156" 0.0005 "-" 95853 0
Nov 22 13:42:29 np0005532311.novalocal object-server[96156]: ::1 - - [22/Nov/2025:18:42:29 +0000] "PUT /3/100582/AUTH_7e6379b038b744d2b4ed9c56e55784eb/gnocchi.1e83f54e-4c50-4f66-b5c4-8decddd948f2/none_v3" 201 - "PUT http://[::1]:8080/v1/AUTH_7e6379b038b744d2b4ed9c56e55784eb/gnocchi.1e83f54e-4c50-4f66-b5c4-8decddd948f2/none_v3" "txf47c671f9a5c41bb8dd1b-0069220415" "proxy-server 88816" 0.0110 "-" 96156 0
Nov 22 13:42:29 np0005532311.novalocal container-server[95853]: ::1 - - [22/Nov/2025:18:42:29 +0000] "PUT /2/156856/AUTH_7e6379b038b744d2b4ed9c56e55784eb/gnocchi.1e83f54e-4c50-4f66-b5c4-8decddd948f2/none_v3" 201 - "PUT http://[::1]:8080/2/100582/AUTH_7e6379b038b744d2b4ed9c56e55784eb/gnocchi.1e83f54e-4c50-4f66-b5c4-8decddd948f2/none_v3" "txf47c671f9a5c41bb8dd1b-0069220415" "object-server 96156" 0.0004 "-" 95853 0
Nov 22 13:42:29 np0005532311.novalocal object-server[96156]: ::1 - - [22/Nov/2025:18:42:29 +0000] "PUT /2/100582/AUTH_7e6379b038b744d2b4ed9c56e55784eb/gnocchi.1e83f54e-4c50-4f66-b5c4-8decddd948f2/none_v3" 201 - "PUT http://[::1]:8080/v1/AUTH_7e6379b038b744d2b4ed9c56e55784eb/gnocchi.1e83f54e-4c50-4f66-b5c4-8decddd948f2/none_v3" "txf47c671f9a5c41bb8dd1b-0069220415" "proxy-server 88816" 0.0136 "-" 96156 0
Nov 22 13:42:29 np0005532311.novalocal proxy-server[88816]: ::1 ::1 22/Nov/2025/18/42/29 PUT /v1/AUTH_7e6379b038b744d2b4ed9c56e55784eb/gnocchi.1e83f54e-4c50-4f66-b5c4-8decddd948f2/none_v3 HTTP/1.0 201 - python-swiftclient-4.5.0 gAAAAABpIgQAXILt... 46 - - txf47c671f9a5c41bb8dd1b-0069220415 - 0.0188 - - 1763836949.120050430 1763836949.138809919 0
Nov 22 13:42:29 np0005532311.novalocal container-server[95854]: ::1 - - [22/Nov/2025:18:42:29 +0000] "PUT /3/43074/AUTH_7e6379b038b744d2b4ed9c56e55784eb/gnocchi.b7dec04a-182f-4991-8e0f-550799924e18/1763640000.0_mean_300.0_v3" 201 - "PUT http://[::1]:8080/3/81718/AUTH_7e6379b038b744d2b4ed9c56e55784eb/gnocchi.b7dec04a-182f-4991-8e0f-550799924e18/1763640000.0_mean_300.0_v3" "txa0a25a927c3a4e8baf37e-0069220415" "object-server 96157" 0.0006 "-" 95854 0
Nov 22 13:42:29 np0005532311.novalocal object-server[96157]: ::1 - - [22/Nov/2025:18:42:29 +0000] "PUT /3/81718/AUTH_7e6379b038b744d2b4ed9c56e55784eb/gnocchi.b7dec04a-182f-4991-8e0f-550799924e18/1763640000.0_mean_300.0_v3" 201 - "PUT http://[::1]:8080/v1/AUTH_7e6379b038b744d2b4ed9c56e55784eb/gnocchi.b7dec04a-182f-4991-8e0f-550799924e18/1763640000.0_mean_300.0_v3" "txa0a25a927c3a4e8baf37e-0069220415" "proxy-server 88815" 0.0121 "-" 96157 0
Nov 22 13:42:29 np0005532311.novalocal container-server[95853]: ::1 - - [22/Nov/2025:18:42:29 +0000] "PUT /2/43074/AUTH_7e6379b038b744d2b4ed9c56e55784eb/gnocchi.b7dec04a-182f-4991-8e0f-550799924e18/1763640000.0_mean_300.0_v3" 201 - "PUT http://[::1]:8080/1/81718/AUTH_7e6379b038b744d2b4ed9c56e55784eb/gnocchi.b7dec04a-182f-4991-8e0f-550799924e18/1763640000.0_mean_300.0_v3" "txa0a25a927c3a4e8baf37e-0069220415" "object-server 96157" 0.0004 "-" 95853 0
Nov 22 13:42:29 np0005532311.novalocal object-server[96157]: ::1 - - [22/Nov/2025:18:42:29 +0000] "PUT /1/81718/AUTH_7e6379b038b744d2b4ed9c56e55784eb/gnocchi.b7dec04a-182f-4991-8e0f-550799924e18/1763640000.0_mean_300.0_v3" 201 - "PUT http://[::1]:8080/v1/AUTH_7e6379b038b744d2b4ed9c56e55784eb/gnocchi.b7dec04a-182f-4991-8e0f-550799924e18/1763640000.0_mean_300.0_v3" "txa0a25a927c3a4e8baf37e-0069220415" "proxy-server 88815" 0.0112 "-" 96157 0
Nov 22 13:42:29 np0005532311.novalocal container-server[95853]: ::1 - - [22/Nov/2025:18:42:29 +0000] "PUT /1/43074/AUTH_7e6379b038b744d2b4ed9c56e55784eb/gnocchi.b7dec04a-182f-4991-8e0f-550799924e18/1763640000.0_mean_300.0_v3" 201 - "PUT http://[::1]:8080/2/81718/AUTH_7e6379b038b744d2b4ed9c56e55784eb/gnocchi.b7dec04a-182f-4991-8e0f-550799924e18/1763640000.0_mean_300.0_v3" "txa0a25a927c3a4e8baf37e-0069220415" "object-server 96157" 0.0005 "-" 95853 0
Nov 22 13:42:29 np0005532311.novalocal object-server[96157]: ::1 - - [22/Nov/2025:18:42:29 +0000] "PUT /2/81718/AUTH_7e6379b038b744d2b4ed9c56e55784eb/gnocchi.b7dec04a-182f-4991-8e0f-550799924e18/1763640000.0_mean_300.0_v3" 201 - "PUT http://[::1]:8080/v1/AUTH_7e6379b038b744d2b4ed9c56e55784eb/gnocchi.b7dec04a-182f-4991-8e0f-550799924e18/1763640000.0_mean_300.0_v3" "txa0a25a927c3a4e8baf37e-0069220415" "proxy-server 88815" 0.0133 "-" 96157 0
Nov 22 13:42:29 np0005532311.novalocal proxy-server[88815]: ::1 ::1 22/Nov/2025/18/42/29 PUT /v1/AUTH_7e6379b038b744d2b4ed9c56e55784eb/gnocchi.b7dec04a-182f-4991-8e0f-550799924e18/1763640000.0_mean_300.0_v3 HTTP/1.0 201 - python-swiftclient-4.5.0 gAAAAABpIgQFZCvZ... 16 - - txa0a25a927c3a4e8baf37e-0069220415 - 0.0198 - - 1763836949.136106253 1763836949.155895948 0
Nov 22 13:42:29 np0005532311.novalocal object-server[96157]: ::1 - - [22/Nov/2025:18:42:29 +0000] "GET /2/259398/AUTH_7e6379b038b744d2b4ed9c56e55784eb/gnocchi.43e319d0-8c70-46ad-879f-693d6188de52/none_v3" 200 44 "GET http://[::1]:8080/v1/AUTH_7e6379b038b744d2b4ed9c56e55784eb/gnocchi.43e319d0-8c70-46ad-879f-693d6188de52/none_v3" "tx83badcbad2ac41b59e0ea-0069220415" "proxy-server 88816" 0.0005 "-" 96157 0
Nov 22 13:42:29 np0005532311.novalocal proxy-server[88816]: ::1 ::1 22/Nov/2025/18/42/29 GET /v1/AUTH_7e6379b038b744d2b4ed9c56e55784eb/gnocchi.43e319d0-8c70-46ad-879f-693d6188de52/none_v3 HTTP/1.0 200 - python-swiftclient-4.5.0 gAAAAABpIgQAXILt... - 44 - tx83badcbad2ac41b59e0ea-0069220415 - 0.0139 - - 1763836949.157559872 1763836949.171503544 0
Nov 22 13:42:29 np0005532311.novalocal container-server[95854]: ::1 - - [22/Nov/2025:18:42:29 +0000] "PUT /1/43074/AUTH_7e6379b038b744d2b4ed9c56e55784eb/gnocchi.b7dec04a-182f-4991-8e0f-550799924e18/none_v3" 201 - "PUT http://[::1]:8080/3/196077/AUTH_7e6379b038b744d2b4ed9c56e55784eb/gnocchi.b7dec04a-182f-4991-8e0f-550799924e18/none_v3" "tx9aa0ace47f624036800f6-0069220415" "object-server 96156" 0.0007 "-" 95854 0
Nov 22 13:42:29 np0005532311.novalocal object-server[96156]: ::1 - - [22/Nov/2025:18:42:29 +0000] "PUT /3/196077/AUTH_7e6379b038b744d2b4ed9c56e55784eb/gnocchi.b7dec04a-182f-4991-8e0f-550799924e18/none_v3" 201 - "PUT http://[::1]:8080/v1/AUTH_7e6379b038b744d2b4ed9c56e55784eb/gnocchi.b7dec04a-182f-4991-8e0f-550799924e18/none_v3" "tx9aa0ace47f624036800f6-0069220415" "proxy-server 88815" 0.0122 "-" 96156 0
Nov 22 13:42:29 np0005532311.novalocal container-server[95854]: ::1 - - [22/Nov/2025:18:42:29 +0000] "PUT /3/43074/AUTH_7e6379b038b744d2b4ed9c56e55784eb/gnocchi.b7dec04a-182f-4991-8e0f-550799924e18/none_v3" 201 - "PUT http://[::1]:8080/1/196077/AUTH_7e6379b038b744d2b4ed9c56e55784eb/gnocchi.b7dec04a-182f-4991-8e0f-550799924e18/none_v3" "tx9aa0ace47f624036800f6-0069220415" "object-server 96157" 0.0004 "-" 95854 0
Nov 22 13:42:29 np0005532311.novalocal object-server[96157]: ::1 - - [22/Nov/2025:18:42:29 +0000] "PUT /1/196077/AUTH_7e6379b038b744d2b4ed9c56e55784eb/gnocchi.b7dec04a-182f-4991-8e0f-550799924e18/none_v3" 201 - "PUT http://[::1]:8080/v1/AUTH_7e6379b038b744d2b4ed9c56e55784eb/gnocchi.b7dec04a-182f-4991-8e0f-550799924e18/none_v3" "tx9aa0ace47f624036800f6-0069220415" "proxy-server 88815" 0.0111 "-" 96157 0
Nov 22 13:42:29 np0005532311.novalocal container-server[95854]: ::1 - - [22/Nov/2025:18:42:29 +0000] "PUT /2/43074/AUTH_7e6379b038b744d2b4ed9c56e55784eb/gnocchi.b7dec04a-182f-4991-8e0f-550799924e18/none_v3" 201 - "PUT http://[::1]:8080/2/196077/AUTH_7e6379b038b744d2b4ed9c56e55784eb/gnocchi.b7dec04a-182f-4991-8e0f-550799924e18/none_v3" "tx9aa0ace47f624036800f6-0069220415" "object-server 96157" 0.0004 "-" 95854 0
Nov 22 13:42:29 np0005532311.novalocal object-server[96157]: ::1 - - [22/Nov/2025:18:42:29 +0000] "PUT /2/196077/AUTH_7e6379b038b744d2b4ed9c56e55784eb/gnocchi.b7dec04a-182f-4991-8e0f-550799924e18/none_v3" 201 - "PUT http://[::1]:8080/v1/AUTH_7e6379b038b744d2b4ed9c56e55784eb/gnocchi.b7dec04a-182f-4991-8e0f-550799924e18/none_v3" "tx9aa0ace47f624036800f6-0069220415" "proxy-server 88815" 0.0139 "-" 96157 0
Nov 22 13:42:29 np0005532311.novalocal sudo[103441]: pam_unix(sudo:session): session closed for user root
Nov 22 13:42:29 np0005532311.novalocal systemd[1]: session-c134.scope: Deactivated successfully.
Nov 22 13:42:29 np0005532311.novalocal proxy-server[88815]: ::1 ::1 22/Nov/2025/18/42/29 PUT /v1/AUTH_7e6379b038b744d2b4ed9c56e55784eb/gnocchi.b7dec04a-182f-4991-8e0f-550799924e18/none_v3 HTTP/1.0 201 - python-swiftclient-4.5.0 gAAAAABpIgQFZCvZ... 53 - - tx9aa0ace47f624036800f6-0069220415 - 0.0252 - - 1763836949.158672094 1763836949.183846474 0
Nov 22 13:42:29 np0005532311.novalocal container-server[95853]: ::1 - - [22/Nov/2025:18:42:29 +0000] "GET /3/179237/AUTH_7e6379b038b744d2b4ed9c56e55784eb/gnocchi.43e319d0-8c70-46ad-879f-693d6188de52" 200 357 "GET http://[::1]:8080/v1/AUTH_7e6379b038b744d2b4ed9c56e55784eb/gnocchi.43e319d0-8c70-46ad-879f-693d6188de52?format=json&states=listing" "tx2c93ef4dbc3548f1abe51-0069220415" "proxy-server 88816" 0.0074 "-" 95853 0
Nov 22 13:42:29 np0005532311.novalocal proxy-server[88816]: ::1 ::1 22/Nov/2025/18/42/29 GET /v1/AUTH_7e6379b038b744d2b4ed9c56e55784eb/gnocchi.43e319d0-8c70-46ad-879f-693d6188de52%3Fformat%3Djson%26states%3Dlisting HTTP/1.0 200 - python-swiftclient-4.5.0 gAAAAABpIgQAXILt... - 357 - tx2c93ef4dbc3548f1abe51-0069220415 - 0.0144 - - 1763836949.174193382 1763836949.188629389 0
Nov 22 13:42:29 np0005532311.novalocal object-server[96157]: ::1 - - [22/Nov/2025:18:42:29 +0000] "GET /2/51473/AUTH_7e6379b038b744d2b4ed9c56e55784eb/gnocchi.e580b64b-5c60-4977-bdfd-48b78337c816/none_v3" 200 48 "GET http://[::1]:8080/v1/AUTH_7e6379b038b744d2b4ed9c56e55784eb/gnocchi.e580b64b-5c60-4977-bdfd-48b78337c816/none_v3" "tx2b03496fb5ad45239aa71-0069220415" "proxy-server 88815" 0.0006 "-" 96157 0
Nov 22 13:42:29 np0005532311.novalocal container-server[95853]: ::1 - - [22/Nov/2025:18:42:29 +0000] "GET /1/179237/AUTH_7e6379b038b744d2b4ed9c56e55784eb/gnocchi.43e319d0-8c70-46ad-879f-693d6188de52" 200 2 "GET http://[::1]:8080/v1/AUTH_7e6379b038b744d2b4ed9c56e55784eb/gnocchi.43e319d0-8c70-46ad-879f-693d6188de52?format=json&marker=none_v3&states=listing" "txa973ad3b8a9f4a8fa341c-0069220415" "proxy-server 88816" 0.0069 "-" 95853 0
