Nov 22 13:43:36 np0005532311.novalocal container-server[95853]: ::1 - - [22/Nov/2025:18:43:36 +0000] "PUT /1/172834/AUTH_7e6379b038b744d2b4ed9c56e55784eb/gnocchi.18eeab11-de4e-43ec-bfda-2059c01721f4/none_v3" 201 - "PUT http://[::1]:8080/3/8347/AUTH_7e6379b038b744d2b4ed9c56e55784eb/gnocchi.18eeab11-de4e-43ec-bfda-2059c01721f4/none_v3" "txef894802090e47949999c-0069220458" "object-server 96156" 0.0005 "-" 95853 0
Nov 22 13:43:36 np0005532311.novalocal container-server[95854]: ::1 - - [22/Nov/2025:18:43:36 +0000] "PUT /2/172834/AUTH_7e6379b038b744d2b4ed9c56e55784eb/gnocchi.18eeab11-de4e-43ec-bfda-2059c01721f4/none_v3" 201 - "PUT http://[::1]:8080/2/8347/AUTH_7e6379b038b744d2b4ed9c56e55784eb/gnocchi.18eeab11-de4e-43ec-bfda-2059c01721f4/none_v3" "txef894802090e47949999c-0069220458" "object-server 96156" 0.0006 "-" 95854 0
Nov 22 13:43:36 np0005532311.novalocal object-server[96156]: ::1 - - [22/Nov/2025:18:43:36 +0000] "PUT /3/8347/AUTH_7e6379b038b744d2b4ed9c56e55784eb/gnocchi.18eeab11-de4e-43ec-bfda-2059c01721f4/none_v3" 201 - "PUT http://[::1]:8080/v1/AUTH_7e6379b038b744d2b4ed9c56e55784eb/gnocchi.18eeab11-de4e-43ec-bfda-2059c01721f4/none_v3" "txef894802090e47949999c-0069220458" "proxy-server 88816" 0.0234 "-" 96156 0
Nov 22 13:43:36 np0005532311.novalocal container-server[95853]: ::1 - - [22/Nov/2025:18:43:36 +0000] "PUT /2/156893/AUTH_7e6379b038b744d2b4ed9c56e55784eb/gnocchi.92c84fe2-c89b-4f60-98c1-00eea0850ea3/none_v3" 201 - "PUT http://[::1]:8080/3/165216/AUTH_7e6379b038b744d2b4ed9c56e55784eb/gnocchi.92c84fe2-c89b-4f60-98c1-00eea0850ea3/none_v3" "tx7e51d7d0b8fb42e3ac8a1-0069220458" "object-server 96156" 0.0003 "-" 95853 0
Nov 22 13:43:36 np0005532311.novalocal object-server[96156]: ::1 - - [22/Nov/2025:18:43:36 +0000] "PUT /2/8347/AUTH_7e6379b038b744d2b4ed9c56e55784eb/gnocchi.18eeab11-de4e-43ec-bfda-2059c01721f4/none_v3" 201 - "PUT http://[::1]:8080/v1/AUTH_7e6379b038b744d2b4ed9c56e55784eb/gnocchi.18eeab11-de4e-43ec-bfda-2059c01721f4/none_v3" "txef894802090e47949999c-0069220458" "proxy-server 88816" 0.0270 "-" 96156 0
Nov 22 13:43:36 np0005532311.novalocal container-server[95853]: ::1 - - [22/Nov/2025:18:43:36 +0000] "PUT /3/156893/AUTH_7e6379b038b744d2b4ed9c56e55784eb/gnocchi.92c84fe2-c89b-4f60-98c1-00eea0850ea3/none_v3" 201 - "PUT http://[::1]:8080/2/165216/AUTH_7e6379b038b744d2b4ed9c56e55784eb/gnocchi.92c84fe2-c89b-4f60-98c1-00eea0850ea3/none_v3" "tx7e51d7d0b8fb42e3ac8a1-0069220458" "object-server 96156" 0.0003 "-" 95853 0
Nov 22 13:43:36 np0005532311.novalocal object-server[96156]: ::1 - - [22/Nov/2025:18:43:36 +0000] "PUT /3/165216/AUTH_7e6379b038b744d2b4ed9c56e55784eb/gnocchi.92c84fe2-c89b-4f60-98c1-00eea0850ea3/none_v3" 201 - "PUT http://[::1]:8080/v1/AUTH_7e6379b038b744d2b4ed9c56e55784eb/gnocchi.92c84fe2-c89b-4f60-98c1-00eea0850ea3/none_v3" "tx7e51d7d0b8fb42e3ac8a1-0069220458" "proxy-server 88815" 0.0158 "-" 96156 0
Nov 22 13:43:36 np0005532311.novalocal proxy-server[88816]: ::1 ::1 22/Nov/2025/18/43/36 PUT /v1/AUTH_7e6379b038b744d2b4ed9c56e55784eb/gnocchi.18eeab11-de4e-43ec-bfda-2059c01721f4/none_v3 HTTP/1.0 201 - python-swiftclient-4.5.0 gAAAAABpIgQAXILt... 22 - - txef894802090e47949999c-0069220458 - 0.0336 - - 1763837016.543445587 1763837016.577090263 0
Nov 22 13:43:36 np0005532311.novalocal object-server[96156]: ::1 - - [22/Nov/2025:18:43:36 +0000] "PUT /2/165216/AUTH_7e6379b038b744d2b4ed9c56e55784eb/gnocchi.92c84fe2-c89b-4f60-98c1-00eea0850ea3/none_v3" 201 - "PUT http://[::1]:8080/v1/AUTH_7e6379b038b744d2b4ed9c56e55784eb/gnocchi.92c84fe2-c89b-4f60-98c1-00eea0850ea3/none_v3" "tx7e51d7d0b8fb42e3ac8a1-0069220458" "proxy-server 88815" 0.0211 "-" 96156 0
Nov 22 13:43:36 np0005532311.novalocal container-server[95853]: ::1 - - [22/Nov/2025:18:43:36 +0000] "PUT /1/156893/AUTH_7e6379b038b744d2b4ed9c56e55784eb/gnocchi.92c84fe2-c89b-4f60-98c1-00eea0850ea3/none_v3" 201 - "PUT http://[::1]:8080/1/165216/AUTH_7e6379b038b744d2b4ed9c56e55784eb/gnocchi.92c84fe2-c89b-4f60-98c1-00eea0850ea3/none_v3" "tx7e51d7d0b8fb42e3ac8a1-0069220458" "object-server 96156" 0.0004 "-" 95853 0
Nov 22 13:43:36 np0005532311.novalocal object-server[96156]: ::1 - - [22/Nov/2025:18:43:36 +0000] "PUT /1/165216/AUTH_7e6379b038b744d2b4ed9c56e55784eb/gnocchi.92c84fe2-c89b-4f60-98c1-00eea0850ea3/none_v3" 201 - "PUT http://[::1]:8080/v1/AUTH_7e6379b038b744d2b4ed9c56e55784eb/gnocchi.92c84fe2-c89b-4f60-98c1-00eea0850ea3/none_v3" "tx7e51d7d0b8fb42e3ac8a1-0069220458" "proxy-server 88815" 0.0237 "-" 96156 0
Nov 22 13:43:36 np0005532311.novalocal proxy-server[88815]: ::1 ::1 22/Nov/2025/18/43/36 PUT /v1/AUTH_7e6379b038b744d2b4ed9c56e55784eb/gnocchi.92c84fe2-c89b-4f60-98c1-00eea0850ea3/none_v3 HTTP/1.0 201 - python-swiftclient-4.5.0 gAAAAABpIgQFZCvZ... 22 - - tx7e51d7d0b8fb42e3ac8a1-0069220458 - 0.0317 - - 1763837016.548127413 1763837016.579862356 0
Nov 22 13:43:36 np0005532311.novalocal dnsmasq[104678]: read /var/lib/neutron/dhcp/dea06c7b-4d11-4bb4-a6d1-b075a22e58e3/addn_hosts - 1 addresses
Nov 22 13:43:36 np0005532311.novalocal dnsmasq-dhcp[104678]: read /var/lib/neutron/dhcp/dea06c7b-4d11-4bb4-a6d1-b075a22e58e3/host
Nov 22 13:43:36 np0005532311.novalocal dnsmasq-dhcp[104678]: read /var/lib/neutron/dhcp/dea06c7b-4d11-4bb4-a6d1-b075a22e58e3/opts
Nov 22 13:43:37 np0005532311.novalocal object-server[96156]: ::1 - - [22/Nov/2025:18:43:37 +0000] "GET /3/45811/AUTH_7e6379b038b744d2b4ed9c56e55784eb/gnocchi.ed613db1-2f47-43dc-af2c-53f5aa03029c/none_v3" 200 22 "GET http://[::1]:8080/v1/AUTH_7e6379b038b744d2b4ed9c56e55784eb/gnocchi.ed613db1-2f47-43dc-af2c-53f5aa03029c/none_v3" "tx95fead6599e44a4dbf15d-0069220459" "proxy-server 88816" 0.0005 "-" 96156 0
Nov 22 13:43:37 np0005532311.novalocal proxy-server[88816]: ::1 ::1 22/Nov/2025/18/43/37 GET /v1/AUTH_7e6379b038b744d2b4ed9c56e55784eb/gnocchi.ed613db1-2f47-43dc-af2c-53f5aa03029c/none_v3 HTTP/1.0 200 - python-swiftclient-4.5.0 gAAAAABpIgQAXILt... - 22 - tx95fead6599e44a4dbf15d-0069220459 - 0.0086 - - 1763837017.068521738 1763837017.077119350 0
Nov 22 13:43:37 np0005532311.novalocal object-server[96156]: ::1 - - [22/Nov/2025:18:43:37 +0000] "GET /3/157443/AUTH_7e6379b038b744d2b4ed9c56e55784eb/gnocchi.58f6d4c1-1b8a-4e97-b4e9-001a602f6105/none_v3" 200 22 "GET http://[::1]:8080/v1/AUTH_7e6379b038b744d2b4ed9c56e55784eb/gnocchi.58f6d4c1-1b8a-4e97-b4e9-001a602f6105/none_v3" "txc8b96b85981c4b63b7596-0069220459" "proxy-server 88815" 0.0005 "-" 96156 0
Nov 22 13:43:37 np0005532311.novalocal proxy-server[88815]: ::1 ::1 22/Nov/2025/18/43/37 GET /v1/AUTH_7e6379b038b744d2b4ed9c56e55784eb/gnocchi.58f6d4c1-1b8a-4e97-b4e9-001a602f6105/none_v3 HTTP/1.0 200 - python-swiftclient-4.5.0 gAAAAABpIgQFZCvZ... - 22 - txc8b96b85981c4b63b7596-0069220459 - 0.0096 - - 1763837017.071510553 1763837017.081087828 0
Nov 22 13:43:37 np0005532311.novalocal container-server[95853]: ::1 - - [22/Nov/2025:18:43:37 +0000] "GET /2/193290/AUTH_7e6379b038b744d2b4ed9c56e55784eb/gnocchi.ed613db1-2f47-43dc-af2c-53f5aa03029c" 200 357 "GET http://[::1]:8080/v1/AUTH_7e6379b038b744d2b4ed9c56e55784eb/gnocchi.ed613db1-2f47-43dc-af2c-53f5aa03029c?format=json&states=listing" "txcd438c6119014b5494cc3-0069220459" "proxy-server 88816" 0.0099 "-" 95853 0
Nov 22 13:43:37 np0005532311.novalocal sshd-session[105052]: Received disconnect from 45.78.228.165 port 48564:11: Bye Bye [preauth]
Nov 22 13:43:37 np0005532311.novalocal sshd-session[105052]: Disconnected from invalid user mike 45.78.228.165 port 48564 [preauth]
Nov 22 13:43:37 np0005532311.novalocal proxy-server[88816]: ::1 ::1 22/Nov/2025/18/43/37 GET /v1/AUTH_7e6379b038b744d2b4ed9c56e55784eb/gnocchi.ed613db1-2f47-43dc-af2c-53f5aa03029c%3Fformat%3Djson%26states%3Dlisting HTTP/1.0 200 - python-swiftclient-4.5.0 gAAAAABpIgQAXILt... - 357 - txcd438c6119014b5494cc3-0069220459 - 0.0184 - - 1763837017.081136465 1763837017.099558115 0
Nov 22 13:43:37 np0005532311.novalocal container-server[95853]: ::1 - - [22/Nov/2025:18:43:37 +0000] "GET /2/133893/AUTH_7e6379b038b744d2b4ed9c56e55784eb/gnocchi.58f6d4c1-1b8a-4e97-b4e9-001a602f6105" 200 357 "GET http://[::1]:8080/v1/AUTH_7e6379b038b744d2b4ed9c56e55784eb/gnocchi.58f6d4c1-1b8a-4e97-b4e9-001a602f6105?format=json&states=listing" "tx8fbc66ff5dad4c868c82a-0069220459" "proxy-server 88815" 0.0124 "-" 95853 0
Nov 22 13:43:37 np0005532311.novalocal proxy-server[88815]: ::1 ::1 22/Nov/2025/18/43/37 GET /v1/AUTH_7e6379b038b744d2b4ed9c56e55784eb/gnocchi.58f6d4c1-1b8a-4e97-b4e9-001a602f6105%3Fformat%3Djson%26states%3Dlisting HTTP/1.0 200 - python-swiftclient-4.5.0 gAAAAABpIgQFZCvZ... - 357 - tx8fbc66ff5dad4c868c82a-0069220459 - 0.0203 - - 1763837017.084512711 1763837017.104847670 0
Nov 22 13:43:37 np0005532311.novalocal container-server[95854]: ::1 - - [22/Nov/2025:18:43:37 +0000] "GET /2/193290/AUTH_7e6379b038b744d2b4ed9c56e55784eb/gnocchi.ed613db1-2f47-43dc-af2c-53f5aa03029c" 200 2 "GET http://[::1]:8080/v1/AUTH_7e6379b038b744d2b4ed9c56e55784eb/gnocchi.ed613db1-2f47-43dc-af2c-53f5aa03029c?format=json&marker=none_v3&states=listing" "txdc7d0ed4ff9e4cf582ff9-0069220459" "proxy-server 88816" 0.0029 "-" 95854 0
Nov 22 13:43:37 np0005532311.novalocal proxy-server[88816]: ::1 ::1 22/Nov/2025/18/43/37 GET /v1/AUTH_7e6379b038b744d2b4ed9c56e55784eb/gnocchi.ed613db1-2f47-43dc-af2c-53f5aa03029c%3Fformat%3Djson%26marker%3Dnone_v3%26states%3Dlisting HTTP/1.0 200 - python-swiftclient-4.5.0 gAAAAABpIgQAXILt... - 2 - txdc7d0ed4ff9e4cf582ff9-0069220459 - 0.0097 - - 1763837017.103222370 1763837017.112970829 0
Nov 22 13:43:37 np0005532311.novalocal container-server[95853]: ::1 - - [22/Nov/2025:18:43:37 +0000] "GET /1/133893/AUTH_7e6379b038b744d2b4ed9c56e55784eb/gnocchi.58f6d4c1-1b8a-4e97-b4e9-001a602f6105" 200 2 "GET http://[::1]:8080/v1/AUTH_7e6379b038b744d2b4ed9c56e55784eb/gnocchi.58f6d4c1-1b8a-4e97-b4e9-001a602f6105?format=json&marker=none_v3&states=listing" "tx369677d6fa594ed88980a-0069220459" "proxy-server 88815" 0.0078 "-" 95853 0
Nov 22 13:43:37 np0005532311.novalocal object-server[96156]: ::1 - - [22/Nov/2025:18:43:37 +0000] "GET /2/17114/AUTH_7e6379b038b744d2b4ed9c56e55784eb/gnocchi.ed613db1-2f47-43dc-af2c-53f5aa03029c/1763640000.0_mean_300.0_v3" 200 16 "GET http://[::1]:8080/v1/AUTH_7e6379b038b744d2b4ed9c56e55784eb/gnocchi.ed613db1-2f47-43dc-af2c-53f5aa03029c/1763640000.0_mean_300.0_v3" "tx9d5420756ac9441e89e23-0069220459" "proxy-server 88816" 0.0005 "-" 96156 0
Nov 22 13:43:37 np0005532311.novalocal proxy-server[88815]: ::1 ::1 22/Nov/2025/18/43/37 GET /v1/AUTH_7e6379b038b744d2b4ed9c56e55784eb/gnocchi.58f6d4c1-1b8a-4e97-b4e9-001a602f6105%3Fformat%3Djson%26marker%3Dnone_v3%26states%3Dlisting HTTP/1.0 200 - python-swiftclient-4.5.0 gAAAAABpIgQFZCvZ... - 2 - tx369677d6fa594ed88980a-0069220459 - 0.0155 - - 1763837017.108113050 1763837017.123613119 0
Nov 22 13:43:37 np0005532311.novalocal proxy-server[88816]: ::1 ::1 22/Nov/2025/18/43/37 GET /v1/AUTH_7e6379b038b744d2b4ed9c56e55784eb/gnocchi.ed613db1-2f47-43dc-af2c-53f5aa03029c/1763640000.0_mean_300.0_v3 HTTP/1.0 200 - python-swiftclient-4.5.0 gAAAAABpIgQAXILt... - 16 - tx9d5420756ac9441e89e23-0069220459 - 0.0051 - - 1763837017.118926525 1763837017.124041557 0
Nov 22 13:43:37 np0005532311.novalocal object-server[96157]: ::1 - - [22/Nov/2025:18:43:37 +0000] "GET /2/44479/AUTH_7e6379b038b744d2b4ed9c56e55784eb/gnocchi.58f6d4c1-1b8a-4e97-b4e9-001a602f6105/1763640000.0_mean_300.0_v3" 200 16 "GET http://[::1]:8080/v1/AUTH_7e6379b038b744d2b4ed9c56e55784eb/gnocchi.58f6d4c1-1b8a-4e97-b4e9-001a602f6105/1763640000.0_mean_300.0_v3" "tx298ddbb3d2844b778efe7-0069220459" "proxy-server 88815" 0.0006 "-" 96157 0
Nov 22 13:43:37 np0005532311.novalocal proxy-server[88815]: ::1 ::1 22/Nov/2025/18/43/37 GET /v1/AUTH_7e6379b038b744d2b4ed9c56e55784eb/gnocchi.58f6d4c1-1b8a-4e97-b4e9-001a602f6105/1763640000.0_mean_300.0_v3 HTTP/1.0 200 - python-swiftclient-4.5.0 gAAAAABpIgQFZCvZ... - 16 - tx298ddbb3d2844b778efe7-0069220459 - 0.0059 - - 1763837017.127674103 1763837017.133568525 0
Nov 22 13:43:37 np0005532311.novalocal container-server[95853]: ::1 - - [22/Nov/2025:18:43:37 +0000] "PUT /2/193290/AUTH_7e6379b038b744d2b4ed9c56e55784eb/gnocchi.ed613db1-2f47-43dc-af2c-53f5aa03029c/1763640000.0_mean_300.0_v3" 201 - "PUT http://[::1]:8080/2/17114/AUTH_7e6379b038b744d2b4ed9c56e55784eb/gnocchi.ed613db1-2f47-43dc-af2c-53f5aa03029c/1763640000.0_mean_300.0_v3" "tx47209728b1db4b26a3ff8-0069220459" "object-server 96156" 0.0008 "-" 95853 0
Nov 22 13:43:37 np0005532311.novalocal object-server[96156]: ::1 - - [22/Nov/2025:18:43:37 +0000] "PUT /2/17114/AUTH_7e6379b038b744d2b4ed9c56e55784eb/gnocchi.ed613db1-2f47-43dc-af2c-53f5aa03029c/1763640000.0_mean_300.0_v3" 201 - "PUT http://[::1]:8080/v1/AUTH_7e6379b038b744d2b4ed9c56e55784eb/gnocchi.ed613db1-2f47-43dc-af2c-53f5aa03029c/1763640000.0_mean_300.0_v3" "tx47209728b1db4b26a3ff8-0069220459" "proxy-server 88816" 0.0237 "-" 96156 0
Nov 22 13:43:37 np0005532311.novalocal container-server[95854]: ::1 - - [22/Nov/2025:18:43:37 +0000] "PUT /1/193290/AUTH_7e6379b038b744d2b4ed9c56e55784eb/gnocchi.ed613db1-2f47-43dc-af2c-53f5aa03029c/1763640000.0_mean_300.0_v3" 201 - "PUT http://[::1]:8080/1/17114/AUTH_7e6379b038b744d2b4ed9c56e55784eb/gnocchi.ed613db1-2f47-43dc-af2c-53f5aa03029c/1763640000.0_mean_300.0_v3" "tx47209728b1db4b26a3ff8-0069220459" "object-server 96156" 0.0008 "-" 95854 0
Nov 22 13:43:37 np0005532311.novalocal object-server[96156]: ::1 - - [22/Nov/2025:18:43:37 +0000] "PUT /1/17114/AUTH_7e6379b038b744d2b4ed9c56e55784eb/gnocchi.ed613db1-2f47-43dc-af2c-53f5aa03029c/1763640000.0_mean_300.0_v3" 201 - "PUT http://[::1]:8080/v1/AUTH_7e6379b038b744d2b4ed9c56e55784eb/gnocchi.ed613db1-2f47-43dc-af2c-53f5aa03029c/1763640000.0_mean_300.0_v3" "tx47209728b1db4b26a3ff8-0069220459" "proxy-server 88816" 0.0223 "-" 96156 0
Nov 22 13:43:37 np0005532311.novalocal container-server[95853]: ::1 - - [22/Nov/2025:18:43:37 +0000] "PUT /3/133893/AUTH_7e6379b038b744d2b4ed9c56e55784eb/gnocchi.58f6d4c1-1b8a-4e97-b4e9-001a602f6105/1763640000.0_mean_300.0_v3" 201 - "PUT http://[::1]:8080/3/44479/AUTH_7e6379b038b744d2b4ed9c56e55784eb/gnocchi.58f6d4c1-1b8a-4e97-b4e9-001a602f6105/1763640000.0_mean_300.0_v3" "tx229f5a7848d940c8ad3b7-0069220459" "object-server 96157" 0.0007 "-" 95853 0
Nov 22 13:43:37 np0005532311.novalocal container-server[95854]: ::1 - - [22/Nov/2025:18:43:37 +0000] "PUT /3/193290/AUTH_7e6379b038b744d2b4ed9c56e55784eb/gnocchi.ed613db1-2f47-43dc-af2c-53f5aa03029c/1763640000.0_mean_300.0_v3" 201 - "PUT http://[::1]:8080/3/17114/AUTH_7e6379b038b744d2b4ed9c56e55784eb/gnocchi.ed613db1-2f47-43dc-af2c-53f5aa03029c/1763640000.0_mean_300.0_v3" "tx47209728b1db4b26a3ff8-0069220459" "object-server 96156" 0.0007 "-" 95854 0
Nov 22 13:43:37 np0005532311.novalocal object-server[96157]: ::1 - - [22/Nov/2025:18:43:37 +0000] "PUT /3/44479/AUTH_7e6379b038b744d2b4ed9c56e55784eb/gnocchi.58f6d4c1-1b8a-4e97-b4e9-001a602f6105/1763640000.0_mean_300.0_v3" 201 - "PUT http://[::1]:8080/v1/AUTH_7e6379b038b744d2b4ed9c56e55784eb/gnocchi.58f6d4c1-1b8a-4e97-b4e9-001a602f6105/1763640000.0_mean_300.0_v3" "tx229f5a7848d940c8ad3b7-0069220459" "proxy-server 88815" 0.0198 "-" 96157 0
Nov 22 13:43:37 np0005532311.novalocal object-server[96156]: ::1 - - [22/Nov/2025:18:43:37 +0000] "PUT /3/17114/AUTH_7e6379b038b744d2b4ed9c56e55784eb/gnocchi.ed613db1-2f47-43dc-af2c-53f5aa03029c/1763640000.0_mean_300.0_v3" 201 - "PUT http://[::1]:8080/v1/AUTH_7e6379b038b744d2b4ed9c56e55784eb/gnocchi.ed613db1-2f47-43dc-af2c-53f5aa03029c/1763640000.0_mean_300.0_v3" "tx47209728b1db4b26a3ff8-0069220459" "proxy-server 88816" 0.0228 "-" 96156 0
Nov 22 13:43:37 np0005532311.novalocal proxy-server[88816]: ::1 ::1 22/Nov/2025/18/43/37 PUT /v1/AUTH_7e6379b038b744d2b4ed9c56e55784eb/gnocchi.ed613db1-2f47-43dc-af2c-53f5aa03029c/1763640000.0_mean_300.0_v3 HTTP/1.0 201 - python-swiftclient-4.5.0 gAAAAABpIgQAXILt... 16 - - tx47209728b1db4b26a3ff8-0069220459 - 0.0353 - - 1763837017.130067348 1763837017.165402174 0
Nov 22 13:43:37 np0005532311.novalocal container-server[95854]: ::1 - - [22/Nov/2025:18:43:37 +0000] "PUT /1/133893/AUTH_7e6379b038b744d2b4ed9c56e55784eb/gnocchi.58f6d4c1-1b8a-4e97-b4e9-001a602f6105/1763640000.0_mean_300.0_v3" 201 - "PUT http://[::1]:8080/1/44479/AUTH_7e6379b038b744d2b4ed9c56e55784eb/gnocchi.58f6d4c1-1b8a-4e97-b4e9-001a602f6105/1763640000.0_mean_300.0_v3" "tx229f5a7848d940c8ad3b7-0069220459" "object-server 96156" 0.0007 "-" 95854 0
Nov 22 13:43:37 np0005532311.novalocal object-server[96156]: ::1 - - [22/Nov/2025:18:43:37 +0000] "PUT /1/44479/AUTH_7e6379b038b744d2b4ed9c56e55784eb/gnocchi.58f6d4c1-1b8a-4e97-b4e9-001a602f6105/1763640000.0_mean_300.0_v3" 201 - "PUT http://[::1]:8080/v1/AUTH_7e6379b038b744d2b4ed9c56e55784eb/gnocchi.58f6d4c1-1b8a-4e97-b4e9-001a602f6105/1763640000.0_mean_300.0_v3" "tx229f5a7848d940c8ad3b7-0069220459" "proxy-server 88815" 0.0258 "-" 96156 0
Nov 22 13:43:37 np0005532311.novalocal container-server[95853]: ::1 - - [22/Nov/2025:18:43:37 +0000] "PUT /2/133893/AUTH_7e6379b038b744d2b4ed9c56e55784eb/gnocchi.58f6d4c1-1b8a-4e97-b4e9-001a602f6105/1763640000.0_mean_300.0_v3" 201 - "PUT http://[::1]:8080/2/44479/AUTH_7e6379b038b744d2b4ed9c56e55784eb/gnocchi.58f6d4c1-1b8a-4e97-b4e9-001a602f6105/1763640000.0_mean_300.0_v3" "tx229f5a7848d940c8ad3b7-0069220459" "object-server 96156" 0.0008 "-" 95853 0
Nov 22 13:43:37 np0005532311.novalocal object-server[96156]: ::1 - - [22/Nov/2025:18:43:37 +0000] "PUT /2/44479/AUTH_7e6379b038b744d2b4ed9c56e55784eb/gnocchi.58f6d4c1-1b8a-4e97-b4e9-001a602f6105/1763640000.0_mean_300.0_v3" 201 - "PUT http://[::1]:8080/v1/AUTH_7e6379b038b744d2b4ed9c56e55784eb/gnocchi.58f6d4c1-1b8a-4e97-b4e9-001a602f6105/1763640000.0_mean_300.0_v3" "tx229f5a7848d940c8ad3b7-0069220459" "proxy-server 88815" 0.0242 "-" 96156 0
Nov 22 13:43:37 np0005532311.novalocal proxy-server[88815]: ::1 ::1 22/Nov/2025/18/43/37 PUT /v1/AUTH_7e6379b038b744d2b4ed9c56e55784eb/gnocchi.58f6d4c1-1b8a-4e97-b4e9-001a602f6105/1763640000.0_mean_300.0_v3 HTTP/1.0 201 - python-swiftclient-4.5.0 gAAAAABpIgQFZCvZ... 16 - - tx229f5a7848d940c8ad3b7-0069220459 - 0.0362 - - 1763837017.136381626 1763837017.172571898 0
Nov 22 13:43:37 np0005532311.novalocal container-server[95853]: ::1 - - [22/Nov/2025:18:43:37 +0000] "PUT /1/193290/AUTH_7e6379b038b744d2b4ed9c56e55784eb/gnocchi.ed613db1-2f47-43dc-af2c-53f5aa03029c/none_v3" 201 - "PUT http://[::1]:8080/1/45811/AUTH_7e6379b038b744d2b4ed9c56e55784eb/gnocchi.ed613db1-2f47-43dc-af2c-53f5aa03029c/none_v3" "txbe8570b196674facb9b11-0069220459" "object-server 96156" 0.0007 "-" 95853 0
Nov 22 13:43:37 np0005532311.novalocal object-server[96156]: ::1 - - [22/Nov/2025:18:43:37 +0000] "PUT /1/45811/AUTH_7e6379b038b744d2b4ed9c56e55784eb/gnocchi.ed613db1-2f47-43dc-af2c-53f5aa03029c/none_v3" 201 - "PUT http://[::1]:8080/v1/AUTH_7e6379b038b744d2b4ed9c56e55784eb/gnocchi.ed613db1-2f47-43dc-af2c-53f5aa03029c/none_v3" "txbe8570b196674facb9b11-0069220459" "proxy-server 88816" 0.0134 "-" 96156 0
Nov 22 13:43:37 np0005532311.novalocal container-server[95853]: ::1 - - [22/Nov/2025:18:43:37 +0000] "PUT /2/193290/AUTH_7e6379b038b744d2b4ed9c56e55784eb/gnocchi.ed613db1-2f47-43dc-af2c-53f5aa03029c/none_v3" 201 - "PUT http://[::1]:8080/3/45811/AUTH_7e6379b038b744d2b4ed9c56e55784eb/gnocchi.ed613db1-2f47-43dc-af2c-53f5aa03029c/none_v3" "txbe8570b196674facb9b11-0069220459" "object-server 96157" 0.0009 "-" 95853 0
Nov 22 13:43:37 np0005532311.novalocal container-server[95854]: ::1 - - [22/Nov/2025:18:43:37 +0000] "PUT /3/193290/AUTH_7e6379b038b744d2b4ed9c56e55784eb/gnocchi.ed613db1-2f47-43dc-af2c-53f5aa03029c/none_v3" 201 - "PUT http://[::1]:8080/2/45811/AUTH_7e6379b038b744d2b4ed9c56e55784eb/gnocchi.ed613db1-2f47-43dc-af2c-53f5aa03029c/none_v3" "txbe8570b196674facb9b11-0069220459" "object-server 96157" 0.0005 "-" 95854 0
Nov 22 13:43:37 np0005532311.novalocal object-server[96157]: ::1 - - [22/Nov/2025:18:43:37 +0000] "PUT /3/45811/AUTH_7e6379b038b744d2b4ed9c56e55784eb/gnocchi.ed613db1-2f47-43dc-af2c-53f5aa03029c/none_v3" 201 - "PUT http://[::1]:8080/v1/AUTH_7e6379b038b744d2b4ed9c56e55784eb/gnocchi.ed613db1-2f47-43dc-af2c-53f5aa03029c/none_v3" "txbe8570b196674facb9b11-0069220459" "proxy-server 88816" 0.0128 "-" 96157 0
Nov 22 13:43:37 np0005532311.novalocal object-server[96157]: ::1 - - [22/Nov/2025:18:43:37 +0000] "PUT /2/45811/AUTH_7e6379b038b744d2b4ed9c56e55784eb/gnocchi.ed613db1-2f47-43dc-af2c-53f5aa03029c/none_v3" 201 - "PUT http://[::1]:8080/v1/AUTH_7e6379b038b744d2b4ed9c56e55784eb/gnocchi.ed613db1-2f47-43dc-af2c-53f5aa03029c/none_v3" "txbe8570b196674facb9b11-0069220459" "proxy-server 88816" 0.0159 "-" 96157 0
Nov 22 13:43:37 np0005532311.novalocal proxy-server[88816]: ::1 ::1 22/Nov/2025/18/43/37 PUT /v1/AUTH_7e6379b038b744d2b4ed9c56e55784eb/gnocchi.ed613db1-2f47-43dc-af2c-53f5aa03029c/none_v3 HTTP/1.0 201 - python-swiftclient-4.5.0 gAAAAABpIgQAXILt... 26 - - txbe8570b196674facb9b11-0069220459 - 0.0259 - - 1763837017.169050217 1763837017.194942236 0
Nov 22 13:43:37 np0005532311.novalocal container-server[95854]: ::1 - - [22/Nov/2025:18:43:37 +0000] "PUT /3/133893/AUTH_7e6379b038b744d2b4ed9c56e55784eb/gnocchi.58f6d4c1-1b8a-4e97-b4e9-001a602f6105/none_v3" 201 - "PUT http://[::1]:8080/3/157443/AUTH_7e6379b038b744d2b4ed9c56e55784eb/gnocchi.58f6d4c1-1b8a-4e97-b4e9-001a602f6105/none_v3" "txb77f9aa172fd443791d37-0069220459" "object-server 96156" 0.0004 "-" 95854 0
Nov 22 13:43:37 np0005532311.novalocal object-server[96156]: ::1 - - [22/Nov/2025:18:43:37 +0000] "PUT /3/157443/AUTH_7e6379b038b744d2b4ed9c56e55784eb/gnocchi.58f6d4c1-1b8a-4e97-b4e9-001a602f6105/none_v3" 201 - "PUT http://[::1]:8080/v1/AUTH_7e6379b038b744d2b4ed9c56e55784eb/gnocchi.58f6d4c1-1b8a-4e97-b4e9-001a602f6105/none_v3" "txb77f9aa172fd443791d37-0069220459" "proxy-server 88815" 0.0107 "-" 96156 0
Nov 22 13:43:37 np0005532311.novalocal container-server[95854]: ::1 - - [22/Nov/2025:18:43:37 +0000] "PUT /2/133893/AUTH_7e6379b038b744d2b4ed9c56e55784eb/gnocchi.58f6d4c1-1b8a-4e97-b4e9-001a602f6105/none_v3" 201 - "PUT http://[::1]:8080/1/157443/AUTH_7e6379b038b744d2b4ed9c56e55784eb/gnocchi.58f6d4c1-1b8a-4e97-b4e9-001a602f6105/none_v3" "txb77f9aa172fd443791d37-0069220459" "object-server 96157" 0.0004 "-" 95854 0
Nov 22 13:43:37 np0005532311.novalocal object-server[96157]: ::1 - - [22/Nov/2025:18:43:37 +0000] "PUT /1/157443/AUTH_7e6379b038b744d2b4ed9c56e55784eb/gnocchi.58f6d4c1-1b8a-4e97-b4e9-001a602f6105/none_v3" 201 - "PUT http://[::1]:8080/v1/AUTH_7e6379b038b744d2b4ed9c56e55784eb/gnocchi.58f6d4c1-1b8a-4e97-b4e9-001a602f6105/none_v3" "txb77f9aa172fd443791d37-0069220459" "proxy-server 88815" 0.0124 "-" 96157 0
Nov 22 13:43:37 np0005532311.novalocal container-server[95853]: ::1 - - [22/Nov/2025:18:43:37 +0000] "PUT /1/133893/AUTH_7e6379b038b744d2b4ed9c56e55784eb/gnocchi.58f6d4c1-1b8a-4e97-b4e9-001a602f6105/none_v3" 201 - "PUT http://[::1]:8080/2/157443/AUTH_7e6379b038b744d2b4ed9c56e55784eb/gnocchi.58f6d4c1-1b8a-4e97-b4e9-001a602f6105/none_v3" "txb77f9aa172fd443791d37-0069220459" "object-server 96156" 0.0007 "-" 95853 0
Nov 22 13:43:37 np0005532311.novalocal object-server[96156]: ::1 - - [22/Nov/2025:18:43:37 +0000] "PUT /2/157443/AUTH_7e6379b038b744d2b4ed9c56e55784eb/gnocchi.58f6d4c1-1b8a-4e97-b4e9-001a602f6105/none_v3" 201 - "PUT http://[::1]:8080/v1/AUTH_7e6379b038b744d2b4ed9c56e55784eb/gnocchi.58f6d4c1-1b8a-4e97-b4e9-001a602f6105/none_v3" "txb77f9aa172fd443791d37-0069220459" "proxy-server 88815" 0.0175 "-" 96156 0
Nov 22 13:43:37 np0005532311.novalocal proxy-server[88815]: ::1 ::1 22/Nov/2025/18/43/37 PUT /v1/AUTH_7e6379b038b744d2b4ed9c56e55784eb/gnocchi.58f6d4c1-1b8a-4e97-b4e9-001a602f6105/none_v3 HTTP/1.0 201 - python-swiftclient-4.5.0 gAAAAABpIgQFZCvZ... 31 - - txb77f9aa172fd443791d37-0069220459 - 0.0271 - - 1763837017.180219650 1763837017.207307816 0
Nov 22 13:43:37 np0005532311.novalocal object-server[96156]: ::1 - - [22/Nov/2025:18:43:37 +0000] "GET /3/165216/AUTH_7e6379b038b744d2b4ed9c56e55784eb/gnocchi.92c84fe2-c89b-4f60-98c1-00eea0850ea3/none_v3" 200 22 "GET http://[::1]:8080/v1/AUTH_7e6379b038b744d2b4ed9c56e55784eb/gnocchi.92c84fe2-c89b-4f60-98c1-00eea0850ea3/none_v3" "tx7195fd3a047e4d09a1280-0069220459" "proxy-server 88816" 0.0008 "-" 96156 0
Nov 22 13:43:37 np0005532311.novalocal proxy-server[88816]: ::1 ::1 22/Nov/2025/18/43/37 GET /v1/AUTH_7e6379b038b744d2b4ed9c56e55784eb/gnocchi.92c84fe2-c89b-4f60-98c1-00eea0850ea3/none_v3 HTTP/1.0 200 - python-swiftclient-4.5.0 gAAAAABpIgQAXILt... - 22 - tx7195fd3a047e4d09a1280-0069220459 - 0.0176 - - 1763837017.210857630 1763837017.228460550 0
Nov 22 13:43:37 np0005532311.novalocal object-server[96156]: ::1 - - [22/Nov/2025:18:43:37 +0000] "GET /1/8347/AUTH_7e6379b038b744d2b4ed9c56e55784eb/gnocchi.18eeab11-de4e-43ec-bfda-2059c01721f4/none_v3" 200 22 "GET http://[::1]:8080/v1/AUTH_7e6379b038b744d2b4ed9c56e55784eb/gnocchi.18eeab11-de4e-43ec-bfda-2059c01721f4/none_v3" "tx0bbebe913e19471889571-0069220459" "proxy-server 88815" 0.0013 "-" 96156 0
Nov 22 13:43:37 np0005532311.novalocal proxy-server[88815]: ::1 ::1 22/Nov/2025/18/43/37 GET /v1/AUTH_7e6379b038b744d2b4ed9c56e55784eb/gnocchi.18eeab11-de4e-43ec-bfda-2059c01721f4/none_v3 HTTP/1.0 200 - python-swiftclient-4.5.0 gAAAAABpIgQFZCvZ... - 22 - tx0bbebe913e19471889571-0069220459 - 0.0136 - - 1763837017.222268105 1763837017.235847950 0
Nov 22 13:43:37 np0005532311.novalocal container-server[95854]: ::1 - - [22/Nov/2025:18:43:37 +0000] "GET /3/156893/AUTH_7e6379b038b744d2b4ed9c56e55784eb/gnocchi.92c84fe2-c89b-4f60-98c1-00eea0850ea3" 200 357 "GET http://[::1]:8080/v1/AUTH_7e6379b038b744d2b4ed9c56e55784eb/gnocchi.92c84fe2-c89b-4f60-98c1-00eea0850ea3?format=json&states=listing" "tx0df6a5b1c87f439090f36-0069220459" "proxy-server 88816" 0.0083 "-" 95854 0
Nov 22 13:43:37 np0005532311.novalocal proxy-server[88816]: ::1 ::1 22/Nov/2025/18/43/37 GET /v1/AUTH_7e6379b038b744d2b4ed9c56e55784eb/gnocchi.92c84fe2-c89b-4f60-98c1-00eea0850ea3%3Fformat%3Djson%26states%3Dlisting HTTP/1.0 200 - python-swiftclient-4.5.0 gAAAAABpIgQAXILt... - 357 - tx0df6a5b1c87f439090f36-0069220459 - 0.0161 - - 1763837017.234323740 1763837017.250441790 0
Nov 22 13:43:37 np0005532311.novalocal container-server[95854]: ::1 - - [22/Nov/2025:18:43:37 +0000] "GET /1/172834/AUTH_7e6379b038b744d2b4ed9c56e55784eb/gnocchi.18eeab11-de4e-43ec-bfda-2059c01721f4" 200 357 "GET http://[::1]:8080/v1/AUTH_7e6379b038b744d2b4ed9c56e55784eb/gnocchi.18eeab11-de4e-43ec-bfda-2059c01721f4?format=json&states=listing" "tx4a29dc427fa047c898a2b-0069220459" "proxy-server 88815" 0.0096 "-" 95854 0
Nov 22 13:43:37 np0005532311.novalocal proxy-server[88815]: ::1 ::1 22/Nov/2025/18/43/37 GET /v1/AUTH_7e6379b038b744d2b4ed9c56e55784eb/gnocchi.18eeab11-de4e-43ec-bfda-2059c01721f4%3Fformat%3Djson%26states%3Dlisting HTTP/1.0 200 - python-swiftclient-4.5.0 gAAAAABpIgQFZCvZ... - 357 - tx4a29dc427fa047c898a2b-0069220459 - 0.0187 - - 1763837017.243939877 1763837017.262632370 0
Nov 22 13:43:37 np0005532311.novalocal container-server[95854]: ::1 - - [22/Nov/2025:18:43:37 +0000] "GET /2/156893/AUTH_7e6379b038b744d2b4ed9c56e55784eb/gnocchi.92c84fe2-c89b-4f60-98c1-00eea0850ea3" 200 2 "GET http://[::1]:8080/v1/AUTH_7e6379b038b744d2b4ed9c56e55784eb/gnocchi.92c84fe2-c89b-4f60-98c1-00eea0850ea3?format=json&marker=none_v3&states=listing" "tx37a49cf789614271bcc96-0069220459" "proxy-server 88816" 0.0071 "-" 95854 0
Nov 22 13:43:37 np0005532311.novalocal proxy-server[88816]: ::1 ::1 22/Nov/2025/18/43/37 GET /v1/AUTH_7e6379b038b744d2b4ed9c56e55784eb/gnocchi.92c84fe2-c89b-4f60-98c1-00eea0850ea3%3Fformat%3Djson%26marker%3Dnone_v3%26states%3Dlisting HTTP/1.0 200 - python-swiftclient-4.5.0 gAAAAABpIgQAXILt... - 2 - tx37a49cf789614271bcc96-0069220459 - 0.0167 - - 1763837017.253394842 1763837017.270126104 0
Nov 22 13:43:37 np0005532311.novalocal object-server[96157]: ::1 - - [22/Nov/2025:18:43:37 +0000] "GET /1/178641/AUTH_7e6379b038b744d2b4ed9c56e55784eb/gnocchi.92c84fe2-c89b-4f60-98c1-00eea0850ea3/1763640000.0_mean_300.0_v3" 200 16 "GET http://[::1]:8080/v1/AUTH_7e6379b038b744d2b4ed9c56e55784eb/gnocchi.92c84fe2-c89b-4f60-98c1-00eea0850ea3/1763640000.0_mean_300.0_v3" "tx59ee7e7b44074b748d3e1-0069220459" "proxy-server 88816" 0.0009 "-" 96157 0
Nov 22 13:43:37 np0005532311.novalocal proxy-server[88816]: ::1 ::1 22/Nov/2025/18/43/37 GET /v1/AUTH_7e6379b038b744d2b4ed9c56e55784eb/gnocchi.92c84fe2-c89b-4f60-98c1-00eea0850ea3/1763640000.0_mean_300.0_v3 HTTP/1.0 200 - python-swiftclient-4.5.0 gAAAAABpIgQAXILt... - 16 - tx59ee7e7b44074b748d3e1-0069220459 - 0.0100 - - 1763837017.274014235 1763837017.284043074 0
Nov 22 13:43:37 np0005532311.novalocal container-server[95854]: ::1 - - [22/Nov/2025:18:43:37 +0000] "GET /3/172834/AUTH_7e6379b038b744d2b4ed9c56e55784eb/gnocchi.18eeab11-de4e-43ec-bfda-2059c01721f4" 200 2 "GET http://[::1]:8080/v1/AUTH_7e6379b038b744d2b4ed9c56e55784eb/gnocchi.18eeab11-de4e-43ec-bfda-2059c01721f4?format=json&marker=none_v3&states=listing" "txfb9ab43c623047d48147d-0069220459" "proxy-server 88815" 0.0083 "-" 95854 0
Nov 22 13:43:37 np0005532311.novalocal proxy-server[88815]: ::1 ::1 22/Nov/2025/18/43/37 GET /v1/AUTH_7e6379b038b744d2b4ed9c56e55784eb/gnocchi.18eeab11-de4e-43ec-bfda-2059c01721f4%3Fformat%3Djson%26marker%3Dnone_v3%26states%3Dlisting HTTP/1.0 200 - python-swiftclient-4.5.0 gAAAAABpIgQFZCvZ... - 2 - txfb9ab43c623047d48147d-0069220459 - 0.0197 - - 1763837017.270015955 1763837017.289678097 0
Nov 22 13:43:37 np0005532311.novalocal object-server[96156]: ::1 - - [22/Nov/2025:18:43:37 +0000] "GET /1/72776/AUTH_7e6379b038b744d2b4ed9c56e55784eb/gnocchi.18eeab11-de4e-43ec-bfda-2059c01721f4/1763640000.0_mean_300.0_v3" 200 16 "GET http://[::1]:8080/v1/AUTH_7e6379b038b744d2b4ed9c56e55784eb/gnocchi.18eeab11-de4e-43ec-bfda-2059c01721f4/1763640000.0_mean_300.0_v3" "txa0e3057de15243e2baf26-0069220459" "proxy-server 88815" 0.0012 "-" 96156 0
Nov 22 13:43:37 np0005532311.novalocal proxy-server[88815]: ::1 ::1 22/Nov/2025/18/43/37 GET /v1/AUTH_7e6379b038b744d2b4ed9c56e55784eb/gnocchi.18eeab11-de4e-43ec-bfda-2059c01721f4/1763640000.0_mean_300.0_v3 HTTP/1.0 200 - python-swiftclient-4.5.0 gAAAAABpIgQFZCvZ... - 16 - txa0e3057de15243e2baf26-0069220459 - 0.0116 - - 1763837017.296934843 1763837017.308576822 0
Nov 22 13:43:37 np0005532311.novalocal container-server[95854]: ::1 - - [22/Nov/2025:18:43:37 +0000] "PUT /2/156893/AUTH_7e6379b038b744d2b4ed9c56e55784eb/gnocchi.92c84fe2-c89b-4f60-98c1-00eea0850ea3/1763640000.0_mean_300.0_v3" 201 - "PUT http://[::1]:8080/2/178641/AUTH_7e6379b038b744d2b4ed9c56e55784eb/gnocchi.92c84fe2-c89b-4f60-98c1-00eea0850ea3/1763640000.0_mean_300.0_v3" "txdd48202d3af740a5b3e30-0069220459" "object-server 96157" 0.0006 "-" 95854 0
Nov 22 13:43:37 np0005532311.novalocal object-server[96157]: ::1 - - [22/Nov/2025:18:43:37 +0000] "PUT /2/178641/AUTH_7e6379b038b744d2b4ed9c56e55784eb/gnocchi.92c84fe2-c89b-4f60-98c1-00eea0850ea3/1763640000.0_mean_300.0_v3" 201 - "PUT http://[::1]:8080/v1/AUTH_7e6379b038b744d2b4ed9c56e55784eb/gnocchi.92c84fe2-c89b-4f60-98c1-00eea0850ea3/1763640000.0_mean_300.0_v3" "txdd48202d3af740a5b3e30-0069220459" "proxy-server 88816" 0.0132 "-" 96157 0
Nov 22 13:43:37 np0005532311.novalocal container-server[95854]: ::1 - - [22/Nov/2025:18:43:37 +0000] "PUT /3/156893/AUTH_7e6379b038b744d2b4ed9c56e55784eb/gnocchi.92c84fe2-c89b-4f60-98c1-00eea0850ea3/1763640000.0_mean_300.0_v3" 201 - "PUT http://[::1]:8080/3/178641/AUTH_7e6379b038b744d2b4ed9c56e55784eb/gnocchi.92c84fe2-c89b-4f60-98c1-00eea0850ea3/1763640000.0_mean_300.0_v3" "txdd48202d3af740a5b3e30-0069220459" "object-server 96157" 0.0005 "-" 95854 0
Nov 22 13:43:37 np0005532311.novalocal object-server[96157]: ::1 - - [22/Nov/2025:18:43:37 +0000] "PUT /3/178641/AUTH_7e6379b038b744d2b4ed9c56e55784eb/gnocchi.92c84fe2-c89b-4f60-98c1-00eea0850ea3/1763640000.0_mean_300.0_v3" 201 - "PUT http://[::1]:8080/v1/AUTH_7e6379b038b744d2b4ed9c56e55784eb/gnocchi.92c84fe2-c89b-4f60-98c1-00eea0850ea3/1763640000.0_mean_300.0_v3" "txdd48202d3af740a5b3e30-0069220459" "proxy-server 88816" 0.0130 "-" 96157 0
Nov 22 13:43:37 np0005532311.novalocal container-server[95854]: ::1 - - [22/Nov/2025:18:43:37 +0000] "PUT /1/156893/AUTH_7e6379b038b744d2b4ed9c56e55784eb/gnocchi.92c84fe2-c89b-4f60-98c1-00eea0850ea3/1763640000.0_mean_300.0_v3" 201 - "PUT http://[::1]:8080/1/178641/AUTH_7e6379b038b744d2b4ed9c56e55784eb/gnocchi.92c84fe2-c89b-4f60-98c1-00eea0850ea3/1763640000.0_mean_300.0_v3" "txdd48202d3af740a5b3e30-0069220459" "object-server 96156" 0.0004 "-" 95854 0
Nov 22 13:43:37 np0005532311.novalocal object-server[96156]: ::1 - - [22/Nov/2025:18:43:37 +0000] "PUT /1/178641/AUTH_7e6379b038b744d2b4ed9c56e55784eb/gnocchi.92c84fe2-c89b-4f60-98c1-00eea0850ea3/1763640000.0_mean_300.0_v3" 201 - "PUT http://[::1]:8080/v1/AUTH_7e6379b038b744d2b4ed9c56e55784eb/gnocchi.92c84fe2-c89b-4f60-98c1-00eea0850ea3/1763640000.0_mean_300.0_v3" "txdd48202d3af740a5b3e30-0069220459" "proxy-server 88816" 0.0181 "-" 96156 0
Nov 22 13:43:37 np0005532311.novalocal proxy-server[88816]: ::1 ::1 22/Nov/2025/18/43/37 PUT /v1/AUTH_7e6379b038b744d2b4ed9c56e55784eb/gnocchi.92c84fe2-c89b-4f60-98c1-00eea0850ea3/1763640000.0_mean_300.0_v3 HTTP/1.0 201 - python-swiftclient-4.5.0 gAAAAABpIgQAXILt... 16 - - txdd48202d3af740a5b3e30-0069220459 - 0.0299 - - 1763837017.290509224 1763837017.320437193 0
Nov 22 13:43:37 np0005532311.novalocal container-server[95853]: ::1 - - [22/Nov/2025:18:43:37 +0000] "PUT /3/172834/AUTH_7e6379b038b744d2b4ed9c56e55784eb/gnocchi.18eeab11-de4e-43ec-bfda-2059c01721f4/1763640000.0_mean_300.0_v3" 201 - "PUT http://[::1]:8080/3/72776/AUTH_7e6379b038b744d2b4ed9c56e55784eb/gnocchi.18eeab11-de4e-43ec-bfda-2059c01721f4/1763640000.0_mean_300.0_v3" "txb7a4b28dc2ce431594f33-0069220459" "object-server 96157" 0.0005 "-" 95853 0
Nov 22 13:43:37 np0005532311.novalocal container-server[95854]: ::1 - - [22/Nov/2025:18:43:37 +0000] "PUT /2/172834/AUTH_7e6379b038b744d2b4ed9c56e55784eb/gnocchi.18eeab11-de4e-43ec-bfda-2059c01721f4/1763640000.0_mean_300.0_v3" 201 - "PUT http://[::1]:8080/2/72776/AUTH_7e6379b038b744d2b4ed9c56e55784eb/gnocchi.18eeab11-de4e-43ec-bfda-2059c01721f4/1763640000.0_mean_300.0_v3" "txb7a4b28dc2ce431594f33-0069220459" "object-server 96157" 0.0006 "-" 95854 0
Nov 22 13:43:37 np0005532311.novalocal object-server[96157]: ::1 - - [22/Nov/2025:18:43:37 +0000] "PUT /3/72776/AUTH_7e6379b038b744d2b4ed9c56e55784eb/gnocchi.18eeab11-de4e-43ec-bfda-2059c01721f4/1763640000.0_mean_300.0_v3" 201 - "PUT http://[::1]:8080/v1/AUTH_7e6379b038b744d2b4ed9c56e55784eb/gnocchi.18eeab11-de4e-43ec-bfda-2059c01721f4/1763640000.0_mean_300.0_v3" "txb7a4b28dc2ce431594f33-0069220459" "proxy-server 88815" 0.0118 "-" 96157 0
Nov 22 13:43:37 np0005532311.novalocal object-server[96157]: ::1 - - [22/Nov/2025:18:43:37 +0000] "PUT /2/72776/AUTH_7e6379b038b744d2b4ed9c56e55784eb/gnocchi.18eeab11-de4e-43ec-bfda-2059c01721f4/1763640000.0_mean_300.0_v3" 201 - "PUT http://[::1]:8080/v1/AUTH_7e6379b038b744d2b4ed9c56e55784eb/gnocchi.18eeab11-de4e-43ec-bfda-2059c01721f4/1763640000.0_mean_300.0_v3" "txb7a4b28dc2ce431594f33-0069220459" "proxy-server 88815" 0.0113 "-" 96157 0
Nov 22 13:43:37 np0005532311.novalocal container-server[95854]: ::1 - - [22/Nov/2025:18:43:37 +0000] "PUT /1/172834/AUTH_7e6379b038b744d2b4ed9c56e55784eb/gnocchi.18eeab11-de4e-43ec-bfda-2059c01721f4/1763640000.0_mean_300.0_v3" 201 - "PUT http://[::1]:8080/1/72776/AUTH_7e6379b038b744d2b4ed9c56e55784eb/gnocchi.18eeab11-de4e-43ec-bfda-2059c01721f4/1763640000.0_mean_300.0_v3" "txb7a4b28dc2ce431594f33-0069220459" "object-server 96156" 0.0004 "-" 95854 0
Nov 22 13:43:37 np0005532311.novalocal object-server[96156]: ::1 - - [22/Nov/2025:18:43:37 +0000] "PUT /1/72776/AUTH_7e6379b038b744d2b4ed9c56e55784eb/gnocchi.18eeab11-de4e-43ec-bfda-2059c01721f4/1763640000.0_mean_300.0_v3" 201 - "PUT http://[::1]:8080/v1/AUTH_7e6379b038b744d2b4ed9c56e55784eb/gnocchi.18eeab11-de4e-43ec-bfda-2059c01721f4/1763640000.0_mean_300.0_v3" "txb7a4b28dc2ce431594f33-0069220459" "proxy-server 88815" 0.0169 "-" 96156 0
Nov 22 13:43:37 np0005532311.novalocal proxy-server[88815]: ::1 ::1 22/Nov/2025/18/43/37 PUT /v1/AUTH_7e6379b038b744d2b4ed9c56e55784eb/gnocchi.18eeab11-de4e-43ec-bfda-2059c01721f4/1763640000.0_mean_300.0_v3 HTTP/1.0 201 - python-swiftclient-4.5.0 gAAAAABpIgQFZCvZ... 16 - - txb7a4b28dc2ce431594f33-0069220459 - 0.0307 - - 1763837017.311937094 1763837017.342616320 0
Nov 22 13:43:37 np0005532311.novalocal container-server[95854]: ::1 - - [22/Nov/2025:18:43:37 +0000] "PUT /1/156893/AUTH_7e6379b038b744d2b4ed9c56e55784eb/gnocchi.92c84fe2-c89b-4f60-98c1-00eea0850ea3/none_v3" 201 - "PUT http://[::1]:8080/3/165216/AUTH_7e6379b038b744d2b4ed9c56e55784eb/gnocchi.92c84fe2-c89b-4f60-98c1-00eea0850ea3/none_v3" "tx369b4992dae64be1aaee1-0069220459" "object-server 96157" 0.0005 "-" 95854 0
Nov 22 13:43:37 np0005532311.novalocal object-server[96157]: ::1 - - [22/Nov/2025:18:43:37 +0000] "PUT /3/165216/AUTH_7e6379b038b744d2b4ed9c56e55784eb/gnocchi.92c84fe2-c89b-4f60-98c1-00eea0850ea3/none_v3" 201 - "PUT http://[::1]:8080/v1/AUTH_7e6379b038b744d2b4ed9c56e55784eb/gnocchi.92c84fe2-c89b-4f60-98c1-00eea0850ea3/none_v3" "tx369b4992dae64be1aaee1-0069220459" "proxy-server 88816" 0.0149 "-" 96157 0
Nov 22 13:43:37 np0005532311.novalocal container-server[95854]: ::1 - - [22/Nov/2025:18:43:37 +0000] "PUT /3/156893/AUTH_7e6379b038b744d2b4ed9c56e55784eb/gnocchi.92c84fe2-c89b-4f60-98c1-00eea0850ea3/none_v3" 201 - "PUT http://[::1]:8080/1/165216/AUTH_7e6379b038b744d2b4ed9c56e55784eb/gnocchi.92c84fe2-c89b-4f60-98c1-00eea0850ea3/none_v3" "tx369b4992dae64be1aaee1-0069220459" "object-server 96156" 0.0004 "-" 95854 0
Nov 22 13:43:37 np0005532311.novalocal object-server[96156]: ::1 - - [22/Nov/2025:18:43:37 +0000] "PUT /1/165216/AUTH_7e6379b038b744d2b4ed9c56e55784eb/gnocchi.92c84fe2-c89b-4f60-98c1-00eea0850ea3/none_v3" 201 - "PUT http://[::1]:8080/v1/AUTH_7e6379b038b744d2b4ed9c56e55784eb/gnocchi.92c84fe2-c89b-4f60-98c1-00eea0850ea3/none_v3" "tx369b4992dae64be1aaee1-0069220459" "proxy-server 88816" 0.0161 "-" 96156 0
Nov 22 13:43:37 np0005532311.novalocal container-server[95854]: ::1 - - [22/Nov/2025:18:43:37 +0000] "PUT /2/156893/AUTH_7e6379b038b744d2b4ed9c56e55784eb/gnocchi.92c84fe2-c89b-4f60-98c1-00eea0850ea3/none_v3" 201 - "PUT http://[::1]:8080/2/165216/AUTH_7e6379b038b744d2b4ed9c56e55784eb/gnocchi.92c84fe2-c89b-4f60-98c1-00eea0850ea3/none_v3" "tx369b4992dae64be1aaee1-0069220459" "object-server 96156" 0.0010 "-" 95854 0
Nov 22 13:43:37 np0005532311.novalocal object-server[96156]: ::1 - - [22/Nov/2025:18:43:37 +0000] "PUT /2/165216/AUTH_7e6379b038b744d2b4ed9c56e55784eb/gnocchi.92c84fe2-c89b-4f60-98c1-00eea0850ea3/none_v3" 201 - "PUT http://[::1]:8080/v1/AUTH_7e6379b038b744d2b4ed9c56e55784eb/gnocchi.92c84fe2-c89b-4f60-98c1-00eea0850ea3/none_v3" "tx369b4992dae64be1aaee1-0069220459" "proxy-server 88816" 0.0238 "-" 96156 0
Nov 22 13:43:37 np0005532311.novalocal proxy-server[88816]: ::1 ::1 22/Nov/2025/18/43/37 PUT /v1/AUTH_7e6379b038b744d2b4ed9c56e55784eb/gnocchi.92c84fe2-c89b-4f60-98c1-00eea0850ea3/none_v3 HTTP/1.0 201 - python-swiftclient-4.5.0 gAAAAABpIgQAXILt... 30 - - tx369b4992dae64be1aaee1-0069220459 - 0.0320 - - 1763837017.323297024 1763837017.355303764 0
Nov 22 13:43:37 np0005532311.novalocal object-server[96156]: ::1 - - [22/Nov/2025:18:43:37 +0000] "GET /3/45811/AUTH_7e6379b038b744d2b4ed9c56e55784eb/gnocchi.ed613db1-2f47-43dc-af2c-53f5aa03029c/none_v3" 200 26 "GET http://[::1]:8080/v1/AUTH_7e6379b038b744d2b4ed9c56e55784eb/gnocchi.ed613db1-2f47-43dc-af2c-53f5aa03029c/none_v3" "tx8e5bf47fc7614f8ca45e4-0069220459" "proxy-server 88816" 0.0021 "-" 96156 0
Nov 22 13:43:37 np0005532311.novalocal container-server[95854]: ::1 - - [22/Nov/2025:18:43:37 +0000] "PUT /3/172834/AUTH_7e6379b038b744d2b4ed9c56e55784eb/gnocchi.18eeab11-de4e-43ec-bfda-2059c01721f4/none_v3" 201 - "PUT http://[::1]:8080/1/8347/AUTH_7e6379b038b744d2b4ed9c56e55784eb/gnocchi.18eeab11-de4e-43ec-bfda-2059c01721f4/none_v3" "tx06ca1642204a4a65b75aa-0069220459" "object-server 96157" 0.0007 "-" 95854 0
Nov 22 13:43:37 np0005532311.novalocal object-server[96157]: ::1 - - [22/Nov/2025:18:43:37 +0000] "PUT /1/8347/AUTH_7e6379b038b744d2b4ed9c56e55784eb/gnocchi.18eeab11-de4e-43ec-bfda-2059c01721f4/none_v3" 201 - "PUT http://[::1]:8080/v1/AUTH_7e6379b038b744d2b4ed9c56e55784eb/gnocchi.18eeab11-de4e-43ec-bfda-2059c01721f4/none_v3" "tx06ca1642204a4a65b75aa-0069220459" "proxy-server 88815" 0.0142 "-" 96157 0
Nov 22 13:43:37 np0005532311.novalocal proxy-server[88816]: ::1 ::1 22/Nov/2025/18/43/37 GET /v1/AUTH_7e6379b038b744d2b4ed9c56e55784eb/gnocchi.ed613db1-2f47-43dc-af2c-53f5aa03029c/none_v3 HTTP/1.0 200 - python-swiftclient-4.5.0 gAAAAABpIgQAXILt... - 26 - tx8e5bf47fc7614f8ca45e4-0069220459 - 0.0139 - - 1763837017.364982605 1763837017.378853083 0
Nov 22 13:43:37 np0005532311.novalocal container-server[95854]: ::1 - - [22/Nov/2025:18:43:37 +0000] "PUT /2/172834/AUTH_7e6379b038b744d2b4ed9c56e55784eb/gnocchi.18eeab11-de4e-43ec-bfda-2059c01721f4/none_v3" 201 - "PUT http://[::1]:8080/2/8347/AUTH_7e6379b038b744d2b4ed9c56e55784eb/gnocchi.18eeab11-de4e-43ec-bfda-2059c01721f4/none_v3" "tx06ca1642204a4a65b75aa-0069220459" "object-server 96157" 0.0007 "-" 95854 0
Nov 22 13:43:37 np0005532311.novalocal container-server[95854]: ::1 - - [22/Nov/2025:18:43:37 +0000] "PUT /1/172834/AUTH_7e6379b038b744d2b4ed9c56e55784eb/gnocchi.18eeab11-de4e-43ec-bfda-2059c01721f4/none_v3" 201 - "PUT http://[::1]:8080/3/8347/AUTH_7e6379b038b744d2b4ed9c56e55784eb/gnocchi.18eeab11-de4e-43ec-bfda-2059c01721f4/none_v3" "tx06ca1642204a4a65b75aa-0069220459" "object-server 96157" 0.0006 "-" 95854 0
Nov 22 13:43:37 np0005532311.novalocal object-server[96157]: ::1 - - [22/Nov/2025:18:43:37 +0000] "PUT /2/8347/AUTH_7e6379b038b744d2b4ed9c56e55784eb/gnocchi.18eeab11-de4e-43ec-bfda-2059c01721f4/none_v3" 201 - "PUT http://[::1]:8080/v1/AUTH_7e6379b038b744d2b4ed9c56e55784eb/gnocchi.18eeab11-de4e-43ec-bfda-2059c01721f4/none_v3" "tx06ca1642204a4a65b75aa-0069220459" "proxy-server 88815" 0.0231 "-" 96157 0
Nov 22 13:43:37 np0005532311.novalocal object-server[96157]: ::1 - - [22/Nov/2025:18:43:37 +0000] "PUT /3/8347/AUTH_7e6379b038b744d2b4ed9c56e55784eb/gnocchi.18eeab11-de4e-43ec-bfda-2059c01721f4/none_v3" 201 - "PUT http://[::1]:8080/v1/AUTH_7e6379b038b744d2b4ed9c56e55784eb/gnocchi.18eeab11-de4e-43ec-bfda-2059c01721f4/none_v3" "tx06ca1642204a4a65b75aa-0069220459" "proxy-server 88815" 0.0257 "-" 96157 0
Nov 22 13:43:37 np0005532311.novalocal proxy-server[88815]: ::1 ::1 22/Nov/2025/18/43/37 PUT /v1/AUTH_7e6379b038b744d2b4ed9c56e55784eb/gnocchi.18eeab11-de4e-43ec-bfda-2059c01721f4/none_v3 HTTP/1.0 201 - python-swiftclient-4.5.0 gAAAAABpIgQFZCvZ... 31 - - tx06ca1642204a4a65b75aa-0069220459 - 0.0425 - - 1763837017.346355677 1763837017.388812065 0
Nov 22 13:43:37 np0005532311.novalocal container-server[95853]: ::1 - - [22/Nov/2025:18:43:37 +0000] "GET /1/193290/AUTH_7e6379b038b744d2b4ed9c56e55784eb/gnocchi.ed613db1-2f47-43dc-af2c-53f5aa03029c" 200 357 "GET http://[::1]:8080/v1/AUTH_7e6379b038b744d2b4ed9c56e55784eb/gnocchi.ed613db1-2f47-43dc-af2c-53f5aa03029c?format=json&states=listing" "tx4b70f564b04540f0a9273-0069220459" "proxy-server 88816" 0.0122 "-" 95853 0
Nov 22 13:43:37 np0005532311.novalocal proxy-server[88816]: ::1 ::1 22/Nov/2025/18/43/37 GET /v1/AUTH_7e6379b038b744d2b4ed9c56e55784eb/gnocchi.ed613db1-2f47-43dc-af2c-53f5aa03029c%3Fformat%3Djson%26states%3Dlisting HTTP/1.0 200 - python-swiftclient-4.5.0 gAAAAABpIgQAXILt... - 357 - tx4b70f564b04540f0a9273-0069220459 - 0.0185 - - 1763837017.381851673 1763837017.400345802 0
Nov 22 13:43:37 np0005532311.novalocal container-server[95854]: ::1 - - [22/Nov/2025:18:43:37 +0000] "GET /3/193290/AUTH_7e6379b038b744d2b4ed9c56e55784eb/gnocchi.ed613db1-2f47-43dc-af2c-53f5aa03029c" 200 2 "GET http://[::1]:8080/v1/AUTH_7e6379b038b744d2b4ed9c56e55784eb/gnocchi.ed613db1-2f47-43dc-af2c-53f5aa03029c?format=json&marker=none_v3&states=listing" "tx1770c238da614194a536f-0069220459" "proxy-server 88816" 0.0081 "-" 95854 0
Nov 22 13:43:37 np0005532311.novalocal proxy-server[88816]: ::1 ::1 22/Nov/2025/18/43/37 GET /v1/AUTH_7e6379b038b744d2b4ed9c56e55784eb/gnocchi.ed613db1-2f47-43dc-af2c-53f5aa03029c%3Fformat%3Djson%26marker%3Dnone_v3%26states%3Dlisting HTTP/1.0 200 - python-swiftclient-4.5.0 gAAAAABpIgQAXILt... - 2 - tx1770c238da614194a536f-0069220459 - 0.0136 - - 1763837017.402721882 1763837017.416327238 0
Nov 22 13:43:37 np0005532311.novalocal object-server[96157]: ::1 - - [22/Nov/2025:18:43:37 +0000] "GET /2/157443/AUTH_7e6379b038b744d2b4ed9c56e55784eb/gnocchi.58f6d4c1-1b8a-4e97-b4e9-001a602f6105/none_v3" 200 31 "GET http://[::1]:8080/v1/AUTH_7e6379b038b744d2b4ed9c56e55784eb/gnocchi.58f6d4c1-1b8a-4e97-b4e9-001a602f6105/none_v3" "txe4e797fdf57d4004a3648-0069220459" "proxy-server 88815" 0.0007 "-" 96157 0
Nov 22 13:43:37 np0005532311.novalocal object-server[96157]: ::1 - - [22/Nov/2025:18:43:37 +0000] "GET /3/17114/AUTH_7e6379b038b744d2b4ed9c56e55784eb/gnocchi.ed613db1-2f47-43dc-af2c-53f5aa03029c/1763640000.0_mean_300.0_v3" 200 16 "GET http://[::1]:8080/v1/AUTH_7e6379b038b744d2b4ed9c56e55784eb/gnocchi.ed613db1-2f47-43dc-af2c-53f5aa03029c/1763640000.0_mean_300.0_v3" "txe32d63980a52485aa0f8a-0069220459" "proxy-server 88816" 0.0005 "-" 96157 0
Nov 22 13:43:37 np0005532311.novalocal proxy-server[88815]: ::1 ::1 22/Nov/2025/18/43/37 GET /v1/AUTH_7e6379b038b744d2b4ed9c56e55784eb/gnocchi.58f6d4c1-1b8a-4e97-b4e9-001a602f6105/none_v3 HTTP/1.0 200 - python-swiftclient-4.5.0 gAAAAABpIgQFZCvZ... - 31 - txe4e797fdf57d4004a3648-0069220459 - 0.0087 - - 1763837017.414293766 1763837017.423008204 0
Nov 22 13:43:37 np0005532311.novalocal proxy-server[88816]: ::1 ::1 22/Nov/2025/18/43/37 GET /v1/AUTH_7e6379b038b744d2b4ed9c56e55784eb/gnocchi.ed613db1-2f47-43dc-af2c-53f5aa03029c/1763640000.0_mean_300.0_v3 HTTP/1.0 200 - python-swiftclient-4.5.0 gAAAAABpIgQAXILt... - 16 - txe32d63980a52485aa0f8a-0069220459 - 0.0063 - - 1763837017.418725729 1763837017.424993038 0
Nov 22 13:43:37 np0005532311.novalocal container-server[95854]: ::1 - - [22/Nov/2025:18:43:37 +0000] "GET /1/133893/AUTH_7e6379b038b744d2b4ed9c56e55784eb/gnocchi.58f6d4c1-1b8a-4e97-b4e9-001a602f6105" 200 357 "GET http://[::1]:8080/v1/AUTH_7e6379b038b744d2b4ed9c56e55784eb/gnocchi.58f6d4c1-1b8a-4e97-b4e9-001a602f6105?format=json&states=listing" "txf846f195f0c3411599689-0069220459" "proxy-server 88815" 0.0073 "-" 95854 0
Nov 22 13:43:37 np0005532311.novalocal proxy-server[88815]: ::1 ::1 22/Nov/2025/18/43/37 GET /v1/AUTH_7e6379b038b744d2b4ed9c56e55784eb/gnocchi.58f6d4c1-1b8a-4e97-b4e9-001a602f6105%3Fformat%3Djson%26states%3Dlisting HTTP/1.0 200 - python-swiftclient-4.5.0 gAAAAABpIgQFZCvZ... - 357 - txf846f195f0c3411599689-0069220459 - 0.0163 - - 1763837017.427258253 1763837017.443571091 0
Nov 22 13:43:37 np0005532311.novalocal container-server[95853]: ::1 - - [22/Nov/2025:18:43:37 +0000] "PUT /3/193290/AUTH_7e6379b038b744d2b4ed9c56e55784eb/gnocchi.ed613db1-2f47-43dc-af2c-53f5aa03029c/1763640000.0_mean_300.0_v3" 201 - "PUT http://[::1]:8080/2/17114/AUTH_7e6379b038b744d2b4ed9c56e55784eb/gnocchi.ed613db1-2f47-43dc-af2c-53f5aa03029c/1763640000.0_mean_300.0_v3" "tx74ee44c5afff4fb4b32c2-0069220459" "object-server 96157" 0.0006 "-" 95853 0
Nov 22 13:43:37 np0005532311.novalocal object-server[96157]: ::1 - - [22/Nov/2025:18:43:37 +0000] "PUT /2/17114/AUTH_7e6379b038b744d2b4ed9c56e55784eb/gnocchi.ed613db1-2f47-43dc-af2c-53f5aa03029c/1763640000.0_mean_300.0_v3" 201 - "PUT http://[::1]:8080/v1/AUTH_7e6379b038b744d2b4ed9c56e55784eb/gnocchi.ed613db1-2f47-43dc-af2c-53f5aa03029c/1763640000.0_mean_300.0_v3" "tx74ee44c5afff4fb4b32c2-0069220459" "proxy-server 88816" 0.0149 "-" 96157 0
Nov 22 13:43:37 np0005532311.novalocal container-server[95854]: ::1 - - [22/Nov/2025:18:43:37 +0000] "PUT /2/193290/AUTH_7e6379b038b744d2b4ed9c56e55784eb/gnocchi.ed613db1-2f47-43dc-af2c-53f5aa03029c/1763640000.0_mean_300.0_v3" 201 - "PUT http://[::1]:8080/1/17114/AUTH_7e6379b038b744d2b4ed9c56e55784eb/gnocchi.ed613db1-2f47-43dc-af2c-53f5aa03029c/1763640000.0_mean_300.0_v3" "tx74ee44c5afff4fb4b32c2-0069220459" "object-server 96157" 0.0006 "-" 95854 0
Nov 22 13:43:37 np0005532311.novalocal object-server[96157]: ::1 - - [22/Nov/2025:18:43:37 +0000] "PUT /1/17114/AUTH_7e6379b038b744d2b4ed9c56e55784eb/gnocchi.ed613db1-2f47-43dc-af2c-53f5aa03029c/1763640000.0_mean_300.0_v3" 201 - "PUT http://[::1]:8080/v1/AUTH_7e6379b038b744d2b4ed9c56e55784eb/gnocchi.ed613db1-2f47-43dc-af2c-53f5aa03029c/1763640000.0_mean_300.0_v3" "tx74ee44c5afff4fb4b32c2-0069220459" "proxy-server 88816" 0.0166 "-" 96157 0
Nov 22 13:43:37 np0005532311.novalocal container-server[95854]: ::1 - - [22/Nov/2025:18:43:37 +0000] "PUT /1/193290/AUTH_7e6379b038b744d2b4ed9c56e55784eb/gnocchi.ed613db1-2f47-43dc-af2c-53f5aa03029c/1763640000.0_mean_300.0_v3" 201 - "PUT http://[::1]:8080/3/17114/AUTH_7e6379b038b744d2b4ed9c56e55784eb/gnocchi.ed613db1-2f47-43dc-af2c-53f5aa03029c/1763640000.0_mean_300.0_v3" "tx74ee44c5afff4fb4b32c2-0069220459" "object-server 96157" 0.0004 "-" 95854 0
Nov 22 13:43:37 np0005532311.novalocal object-server[96157]: ::1 - - [22/Nov/2025:18:43:37 +0000] "PUT /3/17114/AUTH_7e6379b038b744d2b4ed9c56e55784eb/gnocchi.ed613db1-2f47-43dc-af2c-53f5aa03029c/1763640000.0_mean_300.0_v3" 201 - "PUT http://[::1]:8080/v1/AUTH_7e6379b038b744d2b4ed9c56e55784eb/gnocchi.ed613db1-2f47-43dc-af2c-53f5aa03029c/1763640000.0_mean_300.0_v3" "tx74ee44c5afff4fb4b32c2-0069220459" "proxy-server 88816" 0.0205 "-" 96157 0
Nov 22 13:43:37 np0005532311.novalocal proxy-server[88816]: ::1 ::1 22/Nov/2025/18/43/37 PUT /v1/AUTH_7e6379b038b744d2b4ed9c56e55784eb/gnocchi.ed613db1-2f47-43dc-af2c-53f5aa03029c/1763640000.0_mean_300.0_v3 HTTP/1.0 201 - python-swiftclient-4.5.0 gAAAAABpIgQAXILt... 16 - - tx74ee44c5afff4fb4b32c2-0069220459 - 0.0294 - - 1763837017.428382874 1763837017.457814455 0
Nov 22 13:43:37 np0005532311.novalocal container-server[95854]: ::1 - - [22/Nov/2025:18:43:37 +0000] "GET /3/133893/AUTH_7e6379b038b744d2b4ed9c56e55784eb/gnocchi.58f6d4c1-1b8a-4e97-b4e9-001a602f6105" 200 2 "GET http://[::1]:8080/v1/AUTH_7e6379b038b744d2b4ed9c56e55784eb/gnocchi.58f6d4c1-1b8a-4e97-b4e9-001a602f6105?format=json&marker=none_v3&states=listing" "tx5ca564fdef3b491c84b90-0069220459" "proxy-server 88815" 0.0067 "-" 95854 0
