Nov 22 13:42:57 np0005532311.novalocal proxy-server[88815]: ::1 ::1 22/Nov/2025/18/42/57 GET /v1/AUTH_7e6379b038b744d2b4ed9c56e55784eb/gnocchi.c619218c-8cf8-4bbe-8c71-3b2bf6e16108%3Fformat%3Djson%26marker%3Dnone_v3%26states%3Dlisting HTTP/1.0 200 - python-swiftclient-4.5.0 gAAAAABpIgQFZCvZ... - 2 - txe40712a6be5c4a7aa1ad0-0069220431 - 0.0096 - - 1763836977.728116035 1763836977.737759590 0
Nov 22 13:42:57 np0005532311.novalocal container-server[95854]: ::1 - - [22/Nov/2025:18:42:57 +0000] "GET /2/41937/AUTH_7e6379b038b744d2b4ed9c56e55784eb/gnocchi.a5e16713-d1f4-406f-9974-1b341f61228c" 200 2 "GET http://[::1]:8080/v1/AUTH_7e6379b038b744d2b4ed9c56e55784eb/gnocchi.a5e16713-d1f4-406f-9974-1b341f61228c?format=json&marker=none_v3&states=listing" "txb104a8cdab2944d2a3c44-0069220431" "proxy-server 88816" 0.0024 "-" 95854 0
Nov 22 13:42:57 np0005532311.novalocal object-server[96157]: ::1 - - [22/Nov/2025:18:42:57 +0000] "GET /1/92590/AUTH_7e6379b038b744d2b4ed9c56e55784eb/gnocchi.c619218c-8cf8-4bbe-8c71-3b2bf6e16108/1763640000.0_mean_300.0_v3" 200 16 "GET http://[::1]:8080/v1/AUTH_7e6379b038b744d2b4ed9c56e55784eb/gnocchi.c619218c-8cf8-4bbe-8c71-3b2bf6e16108/1763640000.0_mean_300.0_v3" "tx26b4f1dd8cab4894adff1-0069220431" "proxy-server 88815" 0.0010 "-" 96157 0
Nov 22 13:42:57 np0005532311.novalocal kernel: qvb2c4f0818-41: left allmulticast mode
Nov 22 13:42:57 np0005532311.novalocal kernel: qvb2c4f0818-41: left promiscuous mode
Nov 22 13:42:57 np0005532311.novalocal kernel: qbr2c4f0818-41: port 1(qvb2c4f0818-41) entered disabled state
Nov 22 13:42:57 np0005532311.novalocal proxy-server[88815]: ::1 ::1 22/Nov/2025/18/42/57 GET /v1/AUTH_7e6379b038b744d2b4ed9c56e55784eb/gnocchi.c619218c-8cf8-4bbe-8c71-3b2bf6e16108/1763640000.0_mean_300.0_v3 HTTP/1.0 200 - python-swiftclient-4.5.0 gAAAAABpIgQFZCvZ... - 16 - tx26b4f1dd8cab4894adff1-0069220431 - 0.0085 - - 1763836977.741429806 1763836977.749977350 0
Nov 22 13:42:57 np0005532311.novalocal proxy-server[88816]: ::1 ::1 22/Nov/2025/18/42/57 GET /v1/AUTH_7e6379b038b744d2b4ed9c56e55784eb/gnocchi.a5e16713-d1f4-406f-9974-1b341f61228c%3Fformat%3Djson%26marker%3Dnone_v3%26states%3Dlisting HTTP/1.0 200 - python-swiftclient-4.5.0 gAAAAABpIgQAXILt... - 2 - txb104a8cdab2944d2a3c44-0069220431 - 0.0179 - - 1763836977.734142780 1763836977.752046108 0
Nov 22 13:42:57 np0005532311.novalocal object-server[96156]: ::1 - - [22/Nov/2025:18:42:57 +0000] "GET /2/101024/AUTH_7e6379b038b744d2b4ed9c56e55784eb/gnocchi.a5e16713-d1f4-406f-9974-1b341f61228c/1763640000.0_mean_300.0_v3" 200 16 "GET http://[::1]:8080/v1/AUTH_7e6379b038b744d2b4ed9c56e55784eb/gnocchi.a5e16713-d1f4-406f-9974-1b341f61228c/1763640000.0_mean_300.0_v3" "txca7082f28f344d698d19d-0069220431" "proxy-server 88816" 0.0006 "-" 96156 0
Nov 22 13:42:57 np0005532311.novalocal proxy-server[88816]: ::1 ::1 22/Nov/2025/18/42/57 GET /v1/AUTH_7e6379b038b744d2b4ed9c56e55784eb/gnocchi.a5e16713-d1f4-406f-9974-1b341f61228c/1763640000.0_mean_300.0_v3 HTTP/1.0 200 - python-swiftclient-4.5.0 gAAAAABpIgQAXILt... - 16 - txca7082f28f344d698d19d-0069220431 - 0.0139 - - 1763836977.755865335 1763836977.769739628 0
Nov 22 13:42:57 np0005532311.novalocal NetworkManager[858]: [1763836977.7717] device (qbr2c4f0818-41): bridge port qvb2c4f0818-41 was detached
Nov 22 13:42:57 np0005532311.novalocal NetworkManager[858]: [1763836977.7723] device (qbr2c4f0818-41): state change: activated -> unmanaged (reason 'unmanaged', managed-type: 'removed')
Nov 22 13:42:57 np0005532311.novalocal container-server[95853]: ::1 - - [22/Nov/2025:18:42:57 +0000] "PUT /1/74804/AUTH_7e6379b038b744d2b4ed9c56e55784eb/gnocchi.c619218c-8cf8-4bbe-8c71-3b2bf6e16108/1763640000.0_mean_300.0_v3" 201 - "PUT http://[::1]:8080/3/92590/AUTH_7e6379b038b744d2b4ed9c56e55784eb/gnocchi.c619218c-8cf8-4bbe-8c71-3b2bf6e16108/1763640000.0_mean_300.0_v3" "tx3af2dfb98ff3444886644-0069220431" "object-server 96157" 0.0008 "-" 95853 0
Nov 22 13:42:57 np0005532311.novalocal object-server[96157]: ::1 - - [22/Nov/2025:18:42:57 +0000] "PUT /3/92590/AUTH_7e6379b038b744d2b4ed9c56e55784eb/gnocchi.c619218c-8cf8-4bbe-8c71-3b2bf6e16108/1763640000.0_mean_300.0_v3" 201 - "PUT http://[::1]:8080/v1/AUTH_7e6379b038b744d2b4ed9c56e55784eb/gnocchi.c619218c-8cf8-4bbe-8c71-3b2bf6e16108/1763640000.0_mean_300.0_v3" "tx3af2dfb98ff3444886644-0069220431" "proxy-server 88815" 0.0179 "-" 96157 0
Nov 22 13:42:57 np0005532311.novalocal container-server[95853]: ::1 - - [22/Nov/2025:18:42:57 +0000] "PUT /3/74804/AUTH_7e6379b038b744d2b4ed9c56e55784eb/gnocchi.c619218c-8cf8-4bbe-8c71-3b2bf6e16108/1763640000.0_mean_300.0_v3" 201 - "PUT http://[::1]:8080/1/92590/AUTH_7e6379b038b744d2b4ed9c56e55784eb/gnocchi.c619218c-8cf8-4bbe-8c71-3b2bf6e16108/1763640000.0_mean_300.0_v3" "tx3af2dfb98ff3444886644-0069220431" "object-server 96156" 0.0007 "-" 95853 0
Nov 22 13:42:57 np0005532311.novalocal container-server[95853]: ::1 - - [22/Nov/2025:18:42:57 +0000] "PUT /2/74804/AUTH_7e6379b038b744d2b4ed9c56e55784eb/gnocchi.c619218c-8cf8-4bbe-8c71-3b2bf6e16108/1763640000.0_mean_300.0_v3" 201 - "PUT http://[::1]:8080/2/92590/AUTH_7e6379b038b744d2b4ed9c56e55784eb/gnocchi.c619218c-8cf8-4bbe-8c71-3b2bf6e16108/1763640000.0_mean_300.0_v3" "tx3af2dfb98ff3444886644-0069220431" "object-server 96156" 0.0004 "-" 95853 0
Nov 22 13:42:57 np0005532311.novalocal object-server[96156]: ::1 - - [22/Nov/2025:18:42:57 +0000] "PUT /1/92590/AUTH_7e6379b038b744d2b4ed9c56e55784eb/gnocchi.c619218c-8cf8-4bbe-8c71-3b2bf6e16108/1763640000.0_mean_300.0_v3" 201 - "PUT http://[::1]:8080/v1/AUTH_7e6379b038b744d2b4ed9c56e55784eb/gnocchi.c619218c-8cf8-4bbe-8c71-3b2bf6e16108/1763640000.0_mean_300.0_v3" "tx3af2dfb98ff3444886644-0069220431" "proxy-server 88815" 0.0188 "-" 96156 0
Nov 22 13:42:57 np0005532311.novalocal object-server[96156]: ::1 - - [22/Nov/2025:18:42:57 +0000] "PUT /2/92590/AUTH_7e6379b038b744d2b4ed9c56e55784eb/gnocchi.c619218c-8cf8-4bbe-8c71-3b2bf6e16108/1763640000.0_mean_300.0_v3" 201 - "PUT http://[::1]:8080/v1/AUTH_7e6379b038b744d2b4ed9c56e55784eb/gnocchi.c619218c-8cf8-4bbe-8c71-3b2bf6e16108/1763640000.0_mean_300.0_v3" "tx3af2dfb98ff3444886644-0069220431" "proxy-server 88815" 0.0225 "-" 96156 0
Nov 22 13:42:57 np0005532311.novalocal proxy-server[88815]: ::1 ::1 22/Nov/2025/18/42/57 PUT /v1/AUTH_7e6379b038b744d2b4ed9c56e55784eb/gnocchi.c619218c-8cf8-4bbe-8c71-3b2bf6e16108/1763640000.0_mean_300.0_v3 HTTP/1.0 201 - python-swiftclient-4.5.0 gAAAAABpIgQFZCvZ... 16 - - tx3af2dfb98ff3444886644-0069220431 - 0.0284 - - 1763836977.753305674 1763836977.781732321 0
Nov 22 13:42:57 np0005532311.novalocal kernel: qvo2c4f0818-41: left promiscuous mode
Nov 22 13:42:57 np0005532311.novalocal container-server[95854]: ::1 - - [22/Nov/2025:18:42:57 +0000] "PUT /3/74804/AUTH_7e6379b038b744d2b4ed9c56e55784eb/gnocchi.c619218c-8cf8-4bbe-8c71-3b2bf6e16108/none_v3" 201 - "PUT http://[::1]:8080/2/253035/AUTH_7e6379b038b744d2b4ed9c56e55784eb/gnocchi.c619218c-8cf8-4bbe-8c71-3b2bf6e16108/none_v3" "txa5929d47f317490795e3c-0069220431" "object-server 96156" 0.0008 "-" 95854 0
Nov 22 13:42:57 np0005532311.novalocal object-server[96156]: ::1 - - [22/Nov/2025:18:42:57 +0000] "PUT /2/253035/AUTH_7e6379b038b744d2b4ed9c56e55784eb/gnocchi.c619218c-8cf8-4bbe-8c71-3b2bf6e16108/none_v3" 201 - "PUT http://[::1]:8080/v1/AUTH_7e6379b038b744d2b4ed9c56e55784eb/gnocchi.c619218c-8cf8-4bbe-8c71-3b2bf6e16108/none_v3" "txa5929d47f317490795e3c-0069220431" "proxy-server 88815" 0.0113 "-" 96156 0
Nov 22 13:42:57 np0005532311.novalocal container-server[95853]: ::1 - - [22/Nov/2025:18:42:57 +0000] "PUT /2/41937/AUTH_7e6379b038b744d2b4ed9c56e55784eb/gnocchi.a5e16713-d1f4-406f-9974-1b341f61228c/1763640000.0_mean_300.0_v3" 201 - "PUT http://[::1]:8080/2/101024/AUTH_7e6379b038b744d2b4ed9c56e55784eb/gnocchi.a5e16713-d1f4-406f-9974-1b341f61228c/1763640000.0_mean_300.0_v3" "tx436a0e1b01ef459eaece4-0069220431" "object-server 96157" 0.0012 "-" 95853 0
Nov 22 13:42:57 np0005532311.novalocal object-server[96157]: ::1 - - [22/Nov/2025:18:42:57 +0000] "PUT /2/101024/AUTH_7e6379b038b744d2b4ed9c56e55784eb/gnocchi.a5e16713-d1f4-406f-9974-1b341f61228c/1763640000.0_mean_300.0_v3" 201 - "PUT http://[::1]:8080/v1/AUTH_7e6379b038b744d2b4ed9c56e55784eb/gnocchi.a5e16713-d1f4-406f-9974-1b341f61228c/1763640000.0_mean_300.0_v3" "tx436a0e1b01ef459eaece4-0069220431" "proxy-server 88816" 0.0260 "-" 96157 0
Nov 22 13:42:57 np0005532311.novalocal container-server[95853]: ::1 - - [22/Nov/2025:18:42:57 +0000] "PUT /3/41937/AUTH_7e6379b038b744d2b4ed9c56e55784eb/gnocchi.a5e16713-d1f4-406f-9974-1b341f61228c/1763640000.0_mean_300.0_v3" 201 - "PUT http://[::1]:8080/1/101024/AUTH_7e6379b038b744d2b4ed9c56e55784eb/gnocchi.a5e16713-d1f4-406f-9974-1b341f61228c/1763640000.0_mean_300.0_v3" "tx436a0e1b01ef459eaece4-0069220431" "object-server 96156" 0.0008 "-" 95853 0
Nov 22 13:42:57 np0005532311.novalocal object-server[96156]: ::1 - - [22/Nov/2025:18:42:57 +0000] "PUT /1/101024/AUTH_7e6379b038b744d2b4ed9c56e55784eb/gnocchi.a5e16713-d1f4-406f-9974-1b341f61228c/1763640000.0_mean_300.0_v3" 201 - "PUT http://[::1]:8080/v1/AUTH_7e6379b038b744d2b4ed9c56e55784eb/gnocchi.a5e16713-d1f4-406f-9974-1b341f61228c/1763640000.0_mean_300.0_v3" "tx436a0e1b01ef459eaece4-0069220431" "proxy-server 88816" 0.0275 "-" 96156 0
Nov 22 13:42:57 np0005532311.novalocal container-server[95853]: ::1 - - [22/Nov/2025:18:42:57 +0000] "PUT /2/74804/AUTH_7e6379b038b744d2b4ed9c56e55784eb/gnocchi.c619218c-8cf8-4bbe-8c71-3b2bf6e16108/none_v3" 201 - "PUT http://[::1]:8080/3/253035/AUTH_7e6379b038b744d2b4ed9c56e55784eb/gnocchi.c619218c-8cf8-4bbe-8c71-3b2bf6e16108/none_v3" "txa5929d47f317490795e3c-0069220431" "object-server 96157" 0.0007 "-" 95853 0
Nov 22 13:42:57 np0005532311.novalocal object-server[96157]: ::1 - - [22/Nov/2025:18:42:57 +0000] "PUT /3/253035/AUTH_7e6379b038b744d2b4ed9c56e55784eb/gnocchi.c619218c-8cf8-4bbe-8c71-3b2bf6e16108/none_v3" 201 - "PUT http://[::1]:8080/v1/AUTH_7e6379b038b744d2b4ed9c56e55784eb/gnocchi.c619218c-8cf8-4bbe-8c71-3b2bf6e16108/none_v3" "txa5929d47f317490795e3c-0069220431" "proxy-server 88815" 0.0212 "-" 96157 0
Nov 22 13:42:57 np0005532311.novalocal container-server[95853]: ::1 - - [22/Nov/2025:18:42:57 +0000] "PUT /1/41937/AUTH_7e6379b038b744d2b4ed9c56e55784eb/gnocchi.a5e16713-d1f4-406f-9974-1b341f61228c/1763640000.0_mean_300.0_v3" 201 - "PUT http://[::1]:8080/3/101024/AUTH_7e6379b038b744d2b4ed9c56e55784eb/gnocchi.a5e16713-d1f4-406f-9974-1b341f61228c/1763640000.0_mean_300.0_v3" "tx436a0e1b01ef459eaece4-0069220431" "object-server 96156" 0.0005 "-" 95853 0
Nov 22 13:42:57 np0005532311.novalocal object-server[96156]: ::1 - - [22/Nov/2025:18:42:57 +0000] "PUT /3/101024/AUTH_7e6379b038b744d2b4ed9c56e55784eb/gnocchi.a5e16713-d1f4-406f-9974-1b341f61228c/1763640000.0_mean_300.0_v3" 201 - "PUT http://[::1]:8080/v1/AUTH_7e6379b038b744d2b4ed9c56e55784eb/gnocchi.a5e16713-d1f4-406f-9974-1b341f61228c/1763640000.0_mean_300.0_v3" "tx436a0e1b01ef459eaece4-0069220431" "proxy-server 88816" 0.0298 "-" 96156 0
Nov 22 13:42:57 np0005532311.novalocal container-server[95853]: ::1 - - [22/Nov/2025:18:42:57 +0000] "PUT /1/74804/AUTH_7e6379b038b744d2b4ed9c56e55784eb/gnocchi.c619218c-8cf8-4bbe-8c71-3b2bf6e16108/none_v3" 201 - "PUT http://[::1]:8080/1/253035/AUTH_7e6379b038b744d2b4ed9c56e55784eb/gnocchi.c619218c-8cf8-4bbe-8c71-3b2bf6e16108/none_v3" "txa5929d47f317490795e3c-0069220431" "object-server 96157" 0.0005 "-" 95853 0
Nov 22 13:42:57 np0005532311.novalocal object-server[96157]: ::1 - - [22/Nov/2025:18:42:57 +0000] "PUT /1/253035/AUTH_7e6379b038b744d2b4ed9c56e55784eb/gnocchi.c619218c-8cf8-4bbe-8c71-3b2bf6e16108/none_v3" 201 - "PUT http://[::1]:8080/v1/AUTH_7e6379b038b744d2b4ed9c56e55784eb/gnocchi.c619218c-8cf8-4bbe-8c71-3b2bf6e16108/none_v3" "txa5929d47f317490795e3c-0069220431" "proxy-server 88815" 0.0234 "-" 96157 0
Nov 22 13:42:57 np0005532311.novalocal proxy-server[88815]: ::1 ::1 22/Nov/2025/18/42/57 PUT /v1/AUTH_7e6379b038b744d2b4ed9c56e55784eb/gnocchi.c619218c-8cf8-4bbe-8c71-3b2bf6e16108/none_v3 HTTP/1.0 201 - python-swiftclient-4.5.0 gAAAAABpIgQFZCvZ... 27 - - txa5929d47f317490795e3c-0069220431 - 0.0357 - - 1763836977.785226583 1763836977.820933819 0
Nov 22 13:42:57 np0005532311.novalocal proxy-server[88816]: ::1 ::1 22/Nov/2025/18/42/57 PUT /v1/AUTH_7e6379b038b744d2b4ed9c56e55784eb/gnocchi.a5e16713-d1f4-406f-9974-1b341f61228c/1763640000.0_mean_300.0_v3 HTTP/1.0 201 - python-swiftclient-4.5.0 gAAAAABpIgQAXILt... 16 - - tx436a0e1b01ef459eaece4-0069220431 - 0.0486 - - 1763836977.772641182 1763836977.821214437 0
Nov 22 13:42:57 np0005532311.novalocal container-server[95854]: ::1 - - [22/Nov/2025:18:42:57 +0000] "PUT /2/41937/AUTH_7e6379b038b744d2b4ed9c56e55784eb/gnocchi.a5e16713-d1f4-406f-9974-1b341f61228c/none_v3" 201 - "PUT http://[::1]:8080/2/16837/AUTH_7e6379b038b744d2b4ed9c56e55784eb/gnocchi.a5e16713-d1f4-406f-9974-1b341f61228c/none_v3" "tx9e1ce8d8cd2e4936a596b-0069220431" "object-server 96156" 0.0006 "-" 95854 0
Nov 22 13:42:57 np0005532311.novalocal object-server[96156]: ::1 - - [22/Nov/2025:18:42:57 +0000] "PUT /2/16837/AUTH_7e6379b038b744d2b4ed9c56e55784eb/gnocchi.a5e16713-d1f4-406f-9974-1b341f61228c/none_v3" 201 - "PUT http://[::1]:8080/v1/AUTH_7e6379b038b744d2b4ed9c56e55784eb/gnocchi.a5e16713-d1f4-406f-9974-1b341f61228c/none_v3" "tx9e1ce8d8cd2e4936a596b-0069220431" "proxy-server 88816" 0.0093 "-" 96156 0
Nov 22 13:42:57 np0005532311.novalocal container-server[95854]: ::1 - - [22/Nov/2025:18:42:57 +0000] "PUT /1/41937/AUTH_7e6379b038b744d2b4ed9c56e55784eb/gnocchi.a5e16713-d1f4-406f-9974-1b341f61228c/none_v3" 201 - "PUT http://[::1]:8080/3/16837/AUTH_7e6379b038b744d2b4ed9c56e55784eb/gnocchi.a5e16713-d1f4-406f-9974-1b341f61228c/none_v3" "tx9e1ce8d8cd2e4936a596b-0069220431" "object-server 96157" 0.0004 "-" 95854 0
Nov 22 13:42:57 np0005532311.novalocal object-server[96157]: ::1 - - [22/Nov/2025:18:42:57 +0000] "PUT /3/16837/AUTH_7e6379b038b744d2b4ed9c56e55784eb/gnocchi.a5e16713-d1f4-406f-9974-1b341f61228c/none_v3" 201 - "PUT http://[::1]:8080/v1/AUTH_7e6379b038b744d2b4ed9c56e55784eb/gnocchi.a5e16713-d1f4-406f-9974-1b341f61228c/none_v3" "tx9e1ce8d8cd2e4936a596b-0069220431" "proxy-server 88816" 0.0091 "-" 96157 0
Nov 22 13:42:57 np0005532311.novalocal container-server[95853]: ::1 - - [22/Nov/2025:18:42:57 +0000] "PUT /3/41937/AUTH_7e6379b038b744d2b4ed9c56e55784eb/gnocchi.a5e16713-d1f4-406f-9974-1b341f61228c/none_v3" 201 - "PUT http://[::1]:8080/1/16837/AUTH_7e6379b038b744d2b4ed9c56e55784eb/gnocchi.a5e16713-d1f4-406f-9974-1b341f61228c/none_v3" "tx9e1ce8d8cd2e4936a596b-0069220431" "object-server 96157" 0.0006 "-" 95853 0
Nov 22 13:42:57 np0005532311.novalocal object-server[96157]: ::1 - - [22/Nov/2025:18:42:57 +0000] "PUT /1/16837/AUTH_7e6379b038b744d2b4ed9c56e55784eb/gnocchi.a5e16713-d1f4-406f-9974-1b341f61228c/none_v3" 201 - "PUT http://[::1]:8080/v1/AUTH_7e6379b038b744d2b4ed9c56e55784eb/gnocchi.a5e16713-d1f4-406f-9974-1b341f61228c/none_v3" "tx9e1ce8d8cd2e4936a596b-0069220431" "proxy-server 88816" 0.0143 "-" 96157 0
Nov 22 13:42:57 np0005532311.novalocal proxy-server[88816]: ::1 ::1 22/Nov/2025/18/42/57 PUT /v1/AUTH_7e6379b038b744d2b4ed9c56e55784eb/gnocchi.a5e16713-d1f4-406f-9974-1b341f61228c/none_v3 HTTP/1.0 201 - python-swiftclient-4.5.0 gAAAAABpIgQAXILt... 32 - - tx9e1ce8d8cd2e4936a596b-0069220431 - 0.0266 - - 1763836977.825805902 1763836977.852422953 0
Nov 22 13:42:58 np0005532311.novalocal container-server[95917]: Replication run OVER
Nov 22 13:42:58 np0005532311.novalocal container-server[95917]: Attempted to replicate 45 dbs in 1.14756 seconds (39.21351/s)
Nov 22 13:42:58 np0005532311.novalocal container-server[95917]: Removed 0 dbs
Nov 22 13:42:58 np0005532311.novalocal container-server[95917]: 90 successes, 0 failures
Nov 22 13:42:58 np0005532311.novalocal container-server[95917]: diff:0 diff_capped:0 empty:0 hashmatch:0 no_change:90 remote_merge:0 rsync:0 ts_repl:0
Nov 22 13:42:58 np0005532311.novalocal dnsmasq[103655]: read /var/lib/neutron/dhcp/a6d4daa2-ee08-43bc-8e9c-710159f072b6/addn_hosts - 1 addresses
Nov 22 13:42:58 np0005532311.novalocal dnsmasq-dhcp[103655]: read /var/lib/neutron/dhcp/a6d4daa2-ee08-43bc-8e9c-710159f072b6/host
Nov 22 13:42:58 np0005532311.novalocal dnsmasq-dhcp[103655]: read /var/lib/neutron/dhcp/a6d4daa2-ee08-43bc-8e9c-710159f072b6/opts
Nov 22 13:42:58 np0005532311.novalocal object-server[104066]: Begin object audit "forever" mode (ALL)
Nov 22 13:42:58 np0005532311.novalocal object-server[104065]: Begin object audit "forever" mode (ZBF)
Nov 22 13:42:58 np0005532311.novalocal object-server[104065]: Object audit (ZBF). Since Sat Nov 22 18:42:58 2025: Locally: 1 passed, 0 quarantined, 0 errors, files/sec: 54.52, bytes/sec: 0.00, Total time: 0.02, Auditing time: 0.00, Rate: 0.00
Nov 22 13:42:58 np0005532311.novalocal object-server[96156]: ::1 - - [22/Nov/2025:18:42:58 +0000] "GET /3/16837/AUTH_7e6379b038b744d2b4ed9c56e55784eb/gnocchi.a5e16713-d1f4-406f-9974-1b341f61228c/none_v3" 200 32 "GET http://[::1]:8080/v1/AUTH_7e6379b038b744d2b4ed9c56e55784eb/gnocchi.a5e16713-d1f4-406f-9974-1b341f61228c/none_v3" "tx07a9ec2572ee4f2f8a309-0069220432" "proxy-server 88816" 0.0011 "-" 96156 0
Nov 22 13:42:58 np0005532311.novalocal proxy-server[88816]: ::1 ::1 22/Nov/2025/18/42/58 GET /v1/AUTH_7e6379b038b744d2b4ed9c56e55784eb/gnocchi.a5e16713-d1f4-406f-9974-1b341f61228c/none_v3 HTTP/1.0 200 - python-swiftclient-4.5.0 gAAAAABpIgQAXILt... - 32 - tx07a9ec2572ee4f2f8a309-0069220432 - 0.0079 - - 1763836978.541806936 1763836978.549662113 0
Nov 22 13:42:58 np0005532311.novalocal object-server[96156]: ::1 - - [22/Nov/2025:18:42:58 +0000] "GET /1/25607/AUTH_7e6379b038b744d2b4ed9c56e55784eb/gnocchi.add8e920-7edd-4eed-951a-b1d322d64184/none_v3" 200 31 "GET http://[::1]:8080/v1/AUTH_7e6379b038b744d2b4ed9c56e55784eb/gnocchi.add8e920-7edd-4eed-951a-b1d322d64184/none_v3" "txaf20db64562547169fb9c-0069220432" "proxy-server 88815" 0.0009 "-" 96156 0
Nov 22 13:42:58 np0005532311.novalocal proxy-server[88815]: ::1 ::1 22/Nov/2025/18/42/58 GET /v1/AUTH_7e6379b038b744d2b4ed9c56e55784eb/gnocchi.add8e920-7edd-4eed-951a-b1d322d64184/none_v3 HTTP/1.0 200 - python-swiftclient-4.5.0 gAAAAABpIgQFZCvZ... - 31 - txaf20db64562547169fb9c-0069220432 - 0.0115 - - 1763836978.542230606 1763836978.553697824 0
Nov 22 13:42:58 np0005532311.novalocal container-server[95853]: ::1 - - [22/Nov/2025:18:42:58 +0000] "GET /2/237908/AUTH_7e6379b038b744d2b4ed9c56e55784eb/gnocchi.add8e920-7edd-4eed-951a-b1d322d64184" 200 357 "GET http://[::1]:8080/v1/AUTH_7e6379b038b744d2b4ed9c56e55784eb/gnocchi.add8e920-7edd-4eed-951a-b1d322d64184?format=json&states=listing" "txe58143a7fe46412eb79a3-0069220432" "proxy-server 88815" 0.0018 "-" 95853 0
Nov 22 13:42:58 np0005532311.novalocal container-server[95854]: ::1 - - [22/Nov/2025:18:42:58 +0000] "GET /2/41937/AUTH_7e6379b038b744d2b4ed9c56e55784eb/gnocchi.a5e16713-d1f4-406f-9974-1b341f61228c" 200 357 "GET http://[::1]:8080/v1/AUTH_7e6379b038b744d2b4ed9c56e55784eb/gnocchi.a5e16713-d1f4-406f-9974-1b341f61228c?format=json&states=listing" "tx741ad2e61fa94bd3bca45-0069220432" "proxy-server 88816" 0.0119 "-" 95854 0
Nov 22 13:42:58 np0005532311.novalocal proxy-server[88815]: ::1 ::1 22/Nov/2025/18/42/58 GET /v1/AUTH_7e6379b038b744d2b4ed9c56e55784eb/gnocchi.add8e920-7edd-4eed-951a-b1d322d64184%3Fformat%3Djson%26states%3Dlisting HTTP/1.0 200 - python-swiftclient-4.5.0 gAAAAABpIgQFZCvZ... - 357 - txe58143a7fe46412eb79a3-0069220432 - 0.0135 - - 1763836978.558371544 1763836978.571845531 0
Nov 22 13:42:58 np0005532311.novalocal proxy-server[88816]: ::1 ::1 22/Nov/2025/18/42/58 GET /v1/AUTH_7e6379b038b744d2b4ed9c56e55784eb/gnocchi.a5e16713-d1f4-406f-9974-1b341f61228c%3Fformat%3Djson%26states%3Dlisting HTTP/1.0 200 - python-swiftclient-4.5.0 gAAAAABpIgQAXILt... - 357 - tx741ad2e61fa94bd3bca45-0069220432 - 0.0184 - - 1763836978.555481911 1763836978.573837042 0
Nov 22 13:42:58 np0005532311.novalocal container-server[95854]: ::1 - - [22/Nov/2025:18:42:58 +0000] "GET /2/41937/AUTH_7e6379b038b744d2b4ed9c56e55784eb/gnocchi.a5e16713-d1f4-406f-9974-1b341f61228c" 200 2 "GET http://[::1]:8080/v1/AUTH_7e6379b038b744d2b4ed9c56e55784eb/gnocchi.a5e16713-d1f4-406f-9974-1b341f61228c?format=json&marker=none_v3&states=listing" "txcc51f636ecc7469d9d2ea-0069220432" "proxy-server 88816" 0.0047 "-" 95854 0
Nov 22 13:42:58 np0005532311.novalocal proxy-server[88816]: ::1 ::1 22/Nov/2025/18/42/58 GET /v1/AUTH_7e6379b038b744d2b4ed9c56e55784eb/gnocchi.a5e16713-d1f4-406f-9974-1b341f61228c%3Fformat%3Djson%26marker%3Dnone_v3%26states%3Dlisting HTTP/1.0 200 - python-swiftclient-4.5.0 gAAAAABpIgQAXILt... - 2 - txcc51f636ecc7469d9d2ea-0069220432 - 0.0115 - - 1763836978.577975988 1763836978.589427471 0
Nov 22 13:42:58 np0005532311.novalocal container-server[95854]: ::1 - - [22/Nov/2025:18:42:58 +0000] "GET /1/237908/AUTH_7e6379b038b744d2b4ed9c56e55784eb/gnocchi.add8e920-7edd-4eed-951a-b1d322d64184" 200 2 "GET http://[::1]:8080/v1/AUTH_7e6379b038b744d2b4ed9c56e55784eb/gnocchi.add8e920-7edd-4eed-951a-b1d322d64184?format=json&marker=none_v3&states=listing" "tx28fab2ff0b3a4b6fafb90-0069220432" "proxy-server 88815" 0.0043 "-" 95854 0
Nov 22 13:42:58 np0005532311.novalocal proxy-server[88815]: ::1 ::1 22/Nov/2025/18/42/58 GET /v1/AUTH_7e6379b038b744d2b4ed9c56e55784eb/gnocchi.add8e920-7edd-4eed-951a-b1d322d64184%3Fformat%3Djson%26marker%3Dnone_v3%26states%3Dlisting HTTP/1.0 200 - python-swiftclient-4.5.0 gAAAAABpIgQFZCvZ... - 2 - tx28fab2ff0b3a4b6fafb90-0069220432 - 0.0213 - - 1763836978.576623917 1763836978.597954750 0
Nov 22 13:42:58 np0005532311.novalocal object-server[96156]: ::1 - - [22/Nov/2025:18:42:58 +0000] "GET /2/101024/AUTH_7e6379b038b744d2b4ed9c56e55784eb/gnocchi.a5e16713-d1f4-406f-9974-1b341f61228c/1763640000.0_mean_300.0_v3" 200 16 "GET http://[::1]:8080/v1/AUTH_7e6379b038b744d2b4ed9c56e55784eb/gnocchi.a5e16713-d1f4-406f-9974-1b341f61228c/1763640000.0_mean_300.0_v3" "txecda3326a63749df98026-0069220432" "proxy-server 88816" 0.0012 "-" 96156 0
Nov 22 13:42:58 np0005532311.novalocal proxy-server[88816]: ::1 ::1 22/Nov/2025/18/42/58 GET /v1/AUTH_7e6379b038b744d2b4ed9c56e55784eb/gnocchi.a5e16713-d1f4-406f-9974-1b341f61228c/1763640000.0_mean_300.0_v3 HTTP/1.0 200 - python-swiftclient-4.5.0 gAAAAABpIgQAXILt... - 16 - txecda3326a63749df98026-0069220432 - 0.0094 - - 1763836978.593833923 1763836978.603268147 0
Nov 22 13:42:58 np0005532311.novalocal object-server[96156]: ::1 - - [22/Nov/2025:18:42:58 +0000] "GET /2/59507/AUTH_7e6379b038b744d2b4ed9c56e55784eb/gnocchi.add8e920-7edd-4eed-951a-b1d322d64184/1763640000.0_mean_300.0_v3" 200 16 "GET http://[::1]:8080/v1/AUTH_7e6379b038b744d2b4ed9c56e55784eb/gnocchi.add8e920-7edd-4eed-951a-b1d322d64184/1763640000.0_mean_300.0_v3" "tx2f28012f0fe44a4390e0a-0069220432" "proxy-server 88815" 0.0012 "-" 96156 0
Nov 22 13:42:58 np0005532311.novalocal proxy-server[88815]: ::1 ::1 22/Nov/2025/18/42/58 GET /v1/AUTH_7e6379b038b744d2b4ed9c56e55784eb/gnocchi.add8e920-7edd-4eed-951a-b1d322d64184/1763640000.0_mean_300.0_v3 HTTP/1.0 200 - python-swiftclient-4.5.0 gAAAAABpIgQFZCvZ... - 16 - tx2f28012f0fe44a4390e0a-0069220432 - 0.0103 - - 1763836978.603429794 1763836978.613752127 0
Nov 22 13:42:58 np0005532311.novalocal container-server[95853]: ::1 - - [22/Nov/2025:18:42:58 +0000] "PUT /1/41937/AUTH_7e6379b038b744d2b4ed9c56e55784eb/gnocchi.a5e16713-d1f4-406f-9974-1b341f61228c/1763640000.0_mean_300.0_v3" 201 - "PUT http://[::1]:8080/3/101024/AUTH_7e6379b038b744d2b4ed9c56e55784eb/gnocchi.a5e16713-d1f4-406f-9974-1b341f61228c/1763640000.0_mean_300.0_v3" "txdc4abb6a56774246aa204-0069220432" "object-server 96157" 0.0006 "-" 95853 0
Nov 22 13:42:58 np0005532311.novalocal container-server[95854]: ::1 - - [22/Nov/2025:18:42:58 +0000] "PUT /2/41937/AUTH_7e6379b038b744d2b4ed9c56e55784eb/gnocchi.a5e16713-d1f4-406f-9974-1b341f61228c/1763640000.0_mean_300.0_v3" 201 - "PUT http://[::1]:8080/2/101024/AUTH_7e6379b038b744d2b4ed9c56e55784eb/gnocchi.a5e16713-d1f4-406f-9974-1b341f61228c/1763640000.0_mean_300.0_v3" "txdc4abb6a56774246aa204-0069220432" "object-server 96157" 0.0006 "-" 95854 0
Nov 22 13:42:58 np0005532311.novalocal container-server[95854]: ::1 - - [22/Nov/2025:18:42:58 +0000] "PUT /3/41937/AUTH_7e6379b038b744d2b4ed9c56e55784eb/gnocchi.a5e16713-d1f4-406f-9974-1b341f61228c/1763640000.0_mean_300.0_v3" 201 - "PUT http://[::1]:8080/1/101024/AUTH_7e6379b038b744d2b4ed9c56e55784eb/gnocchi.a5e16713-d1f4-406f-9974-1b341f61228c/1763640000.0_mean_300.0_v3" "txdc4abb6a56774246aa204-0069220432" "object-server 96157" 0.0004 "-" 95854 0
Nov 22 13:42:58 np0005532311.novalocal container-server[95853]: ::1 - - [22/Nov/2025:18:42:58 +0000] "PUT /1/237908/AUTH_7e6379b038b744d2b4ed9c56e55784eb/gnocchi.add8e920-7edd-4eed-951a-b1d322d64184/1763640000.0_mean_300.0_v3" 201 - "PUT http://[::1]:8080/3/59507/AUTH_7e6379b038b744d2b4ed9c56e55784eb/gnocchi.add8e920-7edd-4eed-951a-b1d322d64184/1763640000.0_mean_300.0_v3" "txedcc61457f7645aab95fe-0069220432" "object-server 96156" 0.0004 "-" 95853 0
Nov 22 13:42:58 np0005532311.novalocal object-server[96156]: ::1 - - [22/Nov/2025:18:42:58 +0000] "PUT /3/59507/AUTH_7e6379b038b744d2b4ed9c56e55784eb/gnocchi.add8e920-7edd-4eed-951a-b1d322d64184/1763640000.0_mean_300.0_v3" 201 - "PUT http://[::1]:8080/v1/AUTH_7e6379b038b744d2b4ed9c56e55784eb/gnocchi.add8e920-7edd-4eed-951a-b1d322d64184/1763640000.0_mean_300.0_v3" "txedcc61457f7645aab95fe-0069220432" "proxy-server 88815" 0.0164 "-" 96156 0
Nov 22 13:42:58 np0005532311.novalocal object-server[96157]: ::1 - - [22/Nov/2025:18:42:58 +0000] "PUT /3/101024/AUTH_7e6379b038b744d2b4ed9c56e55784eb/gnocchi.a5e16713-d1f4-406f-9974-1b341f61228c/1763640000.0_mean_300.0_v3" 201 - "PUT http://[::1]:8080/v1/AUTH_7e6379b038b744d2b4ed9c56e55784eb/gnocchi.a5e16713-d1f4-406f-9974-1b341f61228c/1763640000.0_mean_300.0_v3" "txdc4abb6a56774246aa204-0069220432" "proxy-server 88816" 0.0238 "-" 96157 0
Nov 22 13:42:58 np0005532311.novalocal object-server[96157]: ::1 - - [22/Nov/2025:18:42:58 +0000] "PUT /2/101024/AUTH_7e6379b038b744d2b4ed9c56e55784eb/gnocchi.a5e16713-d1f4-406f-9974-1b341f61228c/1763640000.0_mean_300.0_v3" 201 - "PUT http://[::1]:8080/v1/AUTH_7e6379b038b744d2b4ed9c56e55784eb/gnocchi.a5e16713-d1f4-406f-9974-1b341f61228c/1763640000.0_mean_300.0_v3" "txdc4abb6a56774246aa204-0069220432" "proxy-server 88816" 0.0233 "-" 96157 0
Nov 22 13:42:58 np0005532311.novalocal object-server[96157]: ::1 - - [22/Nov/2025:18:42:58 +0000] "PUT /1/101024/AUTH_7e6379b038b744d2b4ed9c56e55784eb/gnocchi.a5e16713-d1f4-406f-9974-1b341f61228c/1763640000.0_mean_300.0_v3" 201 - "PUT http://[::1]:8080/v1/AUTH_7e6379b038b744d2b4ed9c56e55784eb/gnocchi.a5e16713-d1f4-406f-9974-1b341f61228c/1763640000.0_mean_300.0_v3" "txdc4abb6a56774246aa204-0069220432" "proxy-server 88816" 0.0287 "-" 96157 0
Nov 22 13:42:58 np0005532311.novalocal proxy-server[88816]: ::1 ::1 22/Nov/2025/18/42/58 PUT /v1/AUTH_7e6379b038b744d2b4ed9c56e55784eb/gnocchi.a5e16713-d1f4-406f-9974-1b341f61228c/1763640000.0_mean_300.0_v3 HTTP/1.0 201 - python-swiftclient-4.5.0 gAAAAABpIgQAXILt... 16 - - txdc4abb6a56774246aa204-0069220432 - 0.0406 - - 1763836978.609181881 1763836978.649794579 0
Nov 22 13:42:58 np0005532311.novalocal container-server[95854]: ::1 - - [22/Nov/2025:18:42:58 +0000] "PUT /3/237908/AUTH_7e6379b038b744d2b4ed9c56e55784eb/gnocchi.add8e920-7edd-4eed-951a-b1d322d64184/1763640000.0_mean_300.0_v3" 201 - "PUT http://[::1]:8080/2/59507/AUTH_7e6379b038b744d2b4ed9c56e55784eb/gnocchi.add8e920-7edd-4eed-951a-b1d322d64184/1763640000.0_mean_300.0_v3" "txedcc61457f7645aab95fe-0069220432" "object-server 96157" 0.0006 "-" 95854 0
Nov 22 13:42:58 np0005532311.novalocal container-server[95854]: ::1 - - [22/Nov/2025:18:42:58 +0000] "PUT /2/237908/AUTH_7e6379b038b744d2b4ed9c56e55784eb/gnocchi.add8e920-7edd-4eed-951a-b1d322d64184/1763640000.0_mean_300.0_v3" 201 - "PUT http://[::1]:8080/1/59507/AUTH_7e6379b038b744d2b4ed9c56e55784eb/gnocchi.add8e920-7edd-4eed-951a-b1d322d64184/1763640000.0_mean_300.0_v3" "txedcc61457f7645aab95fe-0069220432" "object-server 96157" 0.0005 "-" 95854 0
Nov 22 13:42:58 np0005532311.novalocal object-server[96157]: ::1 - - [22/Nov/2025:18:42:58 +0000] "PUT /2/59507/AUTH_7e6379b038b744d2b4ed9c56e55784eb/gnocchi.add8e920-7edd-4eed-951a-b1d322d64184/1763640000.0_mean_300.0_v3" 201 - "PUT http://[::1]:8080/v1/AUTH_7e6379b038b744d2b4ed9c56e55784eb/gnocchi.add8e920-7edd-4eed-951a-b1d322d64184/1763640000.0_mean_300.0_v3" "txedcc61457f7645aab95fe-0069220432" "proxy-server 88815" 0.0246 "-" 96157 0
Nov 22 13:42:58 np0005532311.novalocal object-server[96157]: ::1 - - [22/Nov/2025:18:42:58 +0000] "PUT /1/59507/AUTH_7e6379b038b744d2b4ed9c56e55784eb/gnocchi.add8e920-7edd-4eed-951a-b1d322d64184/1763640000.0_mean_300.0_v3" 201 - "PUT http://[::1]:8080/v1/AUTH_7e6379b038b744d2b4ed9c56e55784eb/gnocchi.add8e920-7edd-4eed-951a-b1d322d64184/1763640000.0_mean_300.0_v3" "txedcc61457f7645aab95fe-0069220432" "proxy-server 88815" 0.0232 "-" 96157 0
Nov 22 13:42:58 np0005532311.novalocal proxy-server[88815]: ::1 ::1 22/Nov/2025/18/42/58 PUT /v1/AUTH_7e6379b038b744d2b4ed9c56e55784eb/gnocchi.add8e920-7edd-4eed-951a-b1d322d64184/1763640000.0_mean_300.0_v3 HTTP/1.0 201 - python-swiftclient-4.5.0 gAAAAABpIgQFZCvZ... 16 - - txedcc61457f7645aab95fe-0069220432 - 0.0382 - - 1763836978.618104458 1763836978.656288147 0
Nov 22 13:42:58 np0005532311.novalocal container-server[95854]: ::1 - - [22/Nov/2025:18:42:58 +0000] "PUT /3/237908/AUTH_7e6379b038b744d2b4ed9c56e55784eb/gnocchi.add8e920-7edd-4eed-951a-b1d322d64184/none_v3" 201 - "PUT http://[::1]:8080/2/25607/AUTH_7e6379b038b744d2b4ed9c56e55784eb/gnocchi.add8e920-7edd-4eed-951a-b1d322d64184/none_v3" "tx1949cebe0de24cbda027c-0069220432" "object-server 96156" 0.0006 "-" 95854 0
Nov 22 13:42:58 np0005532311.novalocal object-server[96156]: ::1 - - [22/Nov/2025:18:42:58 +0000] "PUT /2/25607/AUTH_7e6379b038b744d2b4ed9c56e55784eb/gnocchi.add8e920-7edd-4eed-951a-b1d322d64184/none_v3" 201 - "PUT http://[::1]:8080/v1/AUTH_7e6379b038b744d2b4ed9c56e55784eb/gnocchi.add8e920-7edd-4eed-951a-b1d322d64184/none_v3" "tx1949cebe0de24cbda027c-0069220432" "proxy-server 88815" 0.0187 "-" 96156 0
Nov 22 13:42:58 np0005532311.novalocal container-server[95853]: ::1 - - [22/Nov/2025:18:42:58 +0000] "PUT /2/237908/AUTH_7e6379b038b744d2b4ed9c56e55784eb/gnocchi.add8e920-7edd-4eed-951a-b1d322d64184/none_v3" 201 - "PUT http://[::1]:8080/1/25607/AUTH_7e6379b038b744d2b4ed9c56e55784eb/gnocchi.add8e920-7edd-4eed-951a-b1d322d64184/none_v3" "tx1949cebe0de24cbda027c-0069220432" "object-server 96156" 0.0006 "-" 95853 0
Nov 22 13:42:58 np0005532311.novalocal object-server[96156]: ::1 - - [22/Nov/2025:18:42:58 +0000] "PUT /1/25607/AUTH_7e6379b038b744d2b4ed9c56e55784eb/gnocchi.add8e920-7edd-4eed-951a-b1d322d64184/none_v3" 201 - "PUT http://[::1]:8080/v1/AUTH_7e6379b038b744d2b4ed9c56e55784eb/gnocchi.add8e920-7edd-4eed-951a-b1d322d64184/none_v3" "tx1949cebe0de24cbda027c-0069220432" "proxy-server 88815" 0.0183 "-" 96156 0
Nov 22 13:42:58 np0005532311.novalocal container-server[95854]: ::1 - - [22/Nov/2025:18:42:58 +0000] "PUT /1/41937/AUTH_7e6379b038b744d2b4ed9c56e55784eb/gnocchi.a5e16713-d1f4-406f-9974-1b341f61228c/none_v3" 201 - "PUT http://[::1]:8080/1/16837/AUTH_7e6379b038b744d2b4ed9c56e55784eb/gnocchi.a5e16713-d1f4-406f-9974-1b341f61228c/none_v3" "tx5f2f28955a0d4a21a288d-0069220432" "object-server 96157" 0.0006 "-" 95854 0
Nov 22 13:42:58 np0005532311.novalocal container-server[95853]: ::1 - - [22/Nov/2025:18:42:58 +0000] "PUT /1/237908/AUTH_7e6379b038b744d2b4ed9c56e55784eb/gnocchi.add8e920-7edd-4eed-951a-b1d322d64184/none_v3" 201 - "PUT http://[::1]:8080/3/25607/AUTH_7e6379b038b744d2b4ed9c56e55784eb/gnocchi.add8e920-7edd-4eed-951a-b1d322d64184/none_v3" "tx1949cebe0de24cbda027c-0069220432" "object-server 96157" 0.0008 "-" 95853 0
Nov 22 13:42:58 np0005532311.novalocal container-server[95854]: ::1 - - [22/Nov/2025:18:42:58 +0000] "PUT /2/41937/AUTH_7e6379b038b744d2b4ed9c56e55784eb/gnocchi.a5e16713-d1f4-406f-9974-1b341f61228c/none_v3" 201 - "PUT http://[::1]:8080/3/16837/AUTH_7e6379b038b744d2b4ed9c56e55784eb/gnocchi.a5e16713-d1f4-406f-9974-1b341f61228c/none_v3" "tx5f2f28955a0d4a21a288d-0069220432" "object-server 96157" 0.0004 "-" 95854 0
Nov 22 13:42:58 np0005532311.novalocal object-server[96157]: ::1 - - [22/Nov/2025:18:42:58 +0000] "PUT /1/16837/AUTH_7e6379b038b744d2b4ed9c56e55784eb/gnocchi.a5e16713-d1f4-406f-9974-1b341f61228c/none_v3" 201 - "PUT http://[::1]:8080/v1/AUTH_7e6379b038b744d2b4ed9c56e55784eb/gnocchi.a5e16713-d1f4-406f-9974-1b341f61228c/none_v3" "tx5f2f28955a0d4a21a288d-0069220432" "proxy-server 88816" 0.0205 "-" 96157 0
Nov 22 13:42:58 np0005532311.novalocal object-server[96157]: ::1 - - [22/Nov/2025:18:42:58 +0000] "PUT /3/16837/AUTH_7e6379b038b744d2b4ed9c56e55784eb/gnocchi.a5e16713-d1f4-406f-9974-1b341f61228c/none_v3" 201 - "PUT http://[::1]:8080/v1/AUTH_7e6379b038b744d2b4ed9c56e55784eb/gnocchi.a5e16713-d1f4-406f-9974-1b341f61228c/none_v3" "tx5f2f28955a0d4a21a288d-0069220432" "proxy-server 88816" 0.0303 "-" 96157 0
Nov 22 13:42:58 np0005532311.novalocal container-server[95853]: ::1 - - [22/Nov/2025:18:42:58 +0000] "PUT /3/41937/AUTH_7e6379b038b744d2b4ed9c56e55784eb/gnocchi.a5e16713-d1f4-406f-9974-1b341f61228c/none_v3" 201 - "PUT http://[::1]:8080/2/16837/AUTH_7e6379b038b744d2b4ed9c56e55784eb/gnocchi.a5e16713-d1f4-406f-9974-1b341f61228c/none_v3" "tx5f2f28955a0d4a21a288d-0069220432" "object-server 96157" 0.0006 "-" 95853 0
Nov 22 13:42:58 np0005532311.novalocal object-server[96157]: ::1 - - [22/Nov/2025:18:42:58 +0000] "PUT /3/25607/AUTH_7e6379b038b744d2b4ed9c56e55784eb/gnocchi.add8e920-7edd-4eed-951a-b1d322d64184/none_v3" 201 - "PUT http://[::1]:8080/v1/AUTH_7e6379b038b744d2b4ed9c56e55784eb/gnocchi.add8e920-7edd-4eed-951a-b1d322d64184/none_v3" "tx1949cebe0de24cbda027c-0069220432" "proxy-server 88815" 0.0285 "-" 96157 0
Nov 22 13:42:58 np0005532311.novalocal proxy-server[88815]: ::1 ::1 22/Nov/2025/18/42/58 PUT /v1/AUTH_7e6379b038b744d2b4ed9c56e55784eb/gnocchi.add8e920-7edd-4eed-951a-b1d322d64184/none_v3 HTTP/1.0 201 - python-swiftclient-4.5.0 gAAAAABpIgQFZCvZ... 43 - - tx1949cebe0de24cbda027c-0069220432 - 0.0452 - - 1763836978.658997774 1763836978.704239368 0
Nov 22 13:42:58 np0005532311.novalocal object-server[96157]: ::1 - - [22/Nov/2025:18:42:58 +0000] "PUT /2/16837/AUTH_7e6379b038b744d2b4ed9c56e55784eb/gnocchi.a5e16713-d1f4-406f-9974-1b341f61228c/none_v3" 201 - "PUT http://[::1]:8080/v1/AUTH_7e6379b038b744d2b4ed9c56e55784eb/gnocchi.a5e16713-d1f4-406f-9974-1b341f61228c/none_v3" "tx5f2f28955a0d4a21a288d-0069220432" "proxy-server 88816" 0.0379 "-" 96157 0
Nov 22 13:42:58 np0005532311.novalocal proxy-server[88816]: ::1 ::1 22/Nov/2025/18/42/58 PUT /v1/AUTH_7e6379b038b744d2b4ed9c56e55784eb/gnocchi.a5e16713-d1f4-406f-9974-1b341f61228c/none_v3 HTTP/1.0 201 - python-swiftclient-4.5.0 gAAAAABpIgQAXILt... 44 - - tx5f2f28955a0d4a21a288d-0069220432 - 0.0518 - - 1763836978.654346228 1763836978.706110716 0
Nov 22 13:42:58 np0005532311.novalocal object-server[96157]: ::1 - - [22/Nov/2025:18:42:58 +0000] "GET /2/110079/AUTH_7e6379b038b744d2b4ed9c56e55784eb/gnocchi.fa5a7c07-f1fd-45b9-9182-9f1866c0e513/none_v3" 200 32 "GET http://[::1]:8080/v1/AUTH_7e6379b038b744d2b4ed9c56e55784eb/gnocchi.fa5a7c07-f1fd-45b9-9182-9f1866c0e513/none_v3" "txf6a8e07a11494602ae487-0069220432" "proxy-server 88815" 0.0010 "-" 96157 0
Nov 22 13:42:58 np0005532311.novalocal proxy-server[88815]: ::1 ::1 22/Nov/2025/18/42/58 GET /v1/AUTH_7e6379b038b744d2b4ed9c56e55784eb/gnocchi.fa5a7c07-f1fd-45b9-9182-9f1866c0e513/none_v3 HTTP/1.0 200 - python-swiftclient-4.5.0 gAAAAABpIgQFZCvZ... - 32 - txf6a8e07a11494602ae487-0069220432 - 0.0099 - - 1763836978.716643095 1763836978.726528883 0
Nov 22 13:42:58 np0005532311.novalocal object-server[96157]: ::1 - - [22/Nov/2025:18:42:58 +0000] "GET /3/253035/AUTH_7e6379b038b744d2b4ed9c56e55784eb/gnocchi.c619218c-8cf8-4bbe-8c71-3b2bf6e16108/none_v3" 200 27 "GET http://[::1]:8080/v1/AUTH_7e6379b038b744d2b4ed9c56e55784eb/gnocchi.c619218c-8cf8-4bbe-8c71-3b2bf6e16108/none_v3" "tx178904bd44504fff91fdc-0069220432" "proxy-server 88816" 0.0009 "-" 96157 0
Nov 22 13:42:58 np0005532311.novalocal proxy-server[88816]: ::1 ::1 22/Nov/2025/18/42/58 GET /v1/AUTH_7e6379b038b744d2b4ed9c56e55784eb/gnocchi.c619218c-8cf8-4bbe-8c71-3b2bf6e16108/none_v3 HTTP/1.0 200 - python-swiftclient-4.5.0 gAAAAABpIgQAXILt... - 27 - tx178904bd44504fff91fdc-0069220432 - 0.0103 - - 1763836978.720514774 1763836978.730811357 0
Nov 22 13:42:58 np0005532311.novalocal container-server[95854]: ::1 - - [22/Nov/2025:18:42:58 +0000] "GET /3/199745/AUTH_7e6379b038b744d2b4ed9c56e55784eb/gnocchi.fa5a7c07-f1fd-45b9-9182-9f1866c0e513" 200 357 "GET http://[::1]:8080/v1/AUTH_7e6379b038b744d2b4ed9c56e55784eb/gnocchi.fa5a7c07-f1fd-45b9-9182-9f1866c0e513?format=json&states=listing" "tx0d9dff48d85e4b9fa3bc9-0069220432" "proxy-server 88815" 0.0028 "-" 95854 0
Nov 22 13:42:58 np0005532311.novalocal proxy-server[88815]: ::1 ::1 22/Nov/2025/18/42/58 GET /v1/AUTH_7e6379b038b744d2b4ed9c56e55784eb/gnocchi.fa5a7c07-f1fd-45b9-9182-9f1866c0e513%3Fformat%3Djson%26states%3Dlisting HTTP/1.0 200 - python-swiftclient-4.5.0 gAAAAABpIgQFZCvZ... - 357 - tx0d9dff48d85e4b9fa3bc9-0069220432 - 0.0121 - - 1763836978.731656790 1763836978.743795395 0
Nov 22 13:42:58 np0005532311.novalocal container-server[95853]: ::1 - - [22/Nov/2025:18:42:58 +0000] "GET /2/74804/AUTH_7e6379b038b744d2b4ed9c56e55784eb/gnocchi.c619218c-8cf8-4bbe-8c71-3b2bf6e16108" 200 357 "GET http://[::1]:8080/v1/AUTH_7e6379b038b744d2b4ed9c56e55784eb/gnocchi.c619218c-8cf8-4bbe-8c71-3b2bf6e16108?format=json&states=listing" "tx08ddfd53fdf64a1286bdf-0069220432" "proxy-server 88816" 0.0065 "-" 95853 0
Nov 22 13:42:58 np0005532311.novalocal proxy-server[88816]: ::1 ::1 22/Nov/2025/18/42/58 GET /v1/AUTH_7e6379b038b744d2b4ed9c56e55784eb/gnocchi.c619218c-8cf8-4bbe-8c71-3b2bf6e16108%3Fformat%3Djson%26states%3Dlisting HTTP/1.0 200 - python-swiftclient-4.5.0 gAAAAABpIgQAXILt... - 357 - tx08ddfd53fdf64a1286bdf-0069220432 - 0.0152 - - 1763836978.736099243 1763836978.751259327 0
Nov 22 13:42:58 np0005532311.novalocal container-server[95854]: ::1 - - [22/Nov/2025:18:42:58 +0000] "GET /3/199745/AUTH_7e6379b038b744d2b4ed9c56e55784eb/gnocchi.fa5a7c07-f1fd-45b9-9182-9f1866c0e513" 200 2 "GET http://[::1]:8080/v1/AUTH_7e6379b038b744d2b4ed9c56e55784eb/gnocchi.fa5a7c07-f1fd-45b9-9182-9f1866c0e513?format=json&marker=none_v3&states=listing" "tx45d6ddddc97a449e9fa01-0069220432" "proxy-server 88815" 0.0023 "-" 95854 0
Nov 22 13:42:58 np0005532311.novalocal proxy-server[88815]: ::1 ::1 22/Nov/2025/18/42/58 GET /v1/AUTH_7e6379b038b744d2b4ed9c56e55784eb/gnocchi.fa5a7c07-f1fd-45b9-9182-9f1866c0e513%3Fformat%3Djson%26marker%3Dnone_v3%26states%3Dlisting HTTP/1.0 200 - python-swiftclient-4.5.0 gAAAAABpIgQFZCvZ... - 2 - tx45d6ddddc97a449e9fa01-0069220432 - 0.0098 - - 1763836978.750064373 1763836978.759885073 0
Nov 22 13:42:58 np0005532311.novalocal container-server[95854]: ::1 - - [22/Nov/2025:18:42:58 +0000] "GET /3/74804/AUTH_7e6379b038b744d2b4ed9c56e55784eb/gnocchi.c619218c-8cf8-4bbe-8c71-3b2bf6e16108" 200 2 "GET http://[::1]:8080/v1/AUTH_7e6379b038b744d2b4ed9c56e55784eb/gnocchi.c619218c-8cf8-4bbe-8c71-3b2bf6e16108?format=json&marker=none_v3&states=listing" "tx8fd32b8b3a464f9e810c7-0069220432" "proxy-server 88816" 0.0065 "-" 95854 0
Nov 22 13:42:58 np0005532311.novalocal proxy-server[88816]: ::1 ::1 22/Nov/2025/18/42/58 GET /v1/AUTH_7e6379b038b744d2b4ed9c56e55784eb/gnocchi.c619218c-8cf8-4bbe-8c71-3b2bf6e16108%3Fformat%3Djson%26marker%3Dnone_v3%26states%3Dlisting HTTP/1.0 200 - python-swiftclient-4.5.0 gAAAAABpIgQAXILt... - 2 - tx8fd32b8b3a464f9e810c7-0069220432 - 0.0135 - - 1763836978.753575325 1763836978.767085314 0
Nov 22 13:42:58 np0005532311.novalocal object-server[96157]: ::1 - - [22/Nov/2025:18:42:58 +0000] "GET /1/163001/AUTH_7e6379b038b744d2b4ed9c56e55784eb/gnocchi.fa5a7c07-f1fd-45b9-9182-9f1866c0e513/1763640000.0_mean_300.0_v3" 200 16 "GET http://[::1]:8080/v1/AUTH_7e6379b038b744d2b4ed9c56e55784eb/gnocchi.fa5a7c07-f1fd-45b9-9182-9f1866c0e513/1763640000.0_mean_300.0_v3" "tx283315be2bbe44f9bb61a-0069220432" "proxy-server 88815" 0.0007 "-" 96157 0
Nov 22 13:42:58 np0005532311.novalocal object-server[96157]: ::1 - - [22/Nov/2025:18:42:58 +0000] "GET /3/92590/AUTH_7e6379b038b744d2b4ed9c56e55784eb/gnocchi.c619218c-8cf8-4bbe-8c71-3b2bf6e16108/1763640000.0_mean_300.0_v3" 200 16 "GET http://[::1]:8080/v1/AUTH_7e6379b038b744d2b4ed9c56e55784eb/gnocchi.c619218c-8cf8-4bbe-8c71-3b2bf6e16108/1763640000.0_mean_300.0_v3" "txef2c035837da48bdb0f09-0069220432" "proxy-server 88816" 0.0006 "-" 96157 0
Nov 22 13:42:58 np0005532311.novalocal proxy-server[88815]: ::1 ::1 22/Nov/2025/18/42/58 GET /v1/AUTH_7e6379b038b744d2b4ed9c56e55784eb/gnocchi.fa5a7c07-f1fd-45b9-9182-9f1866c0e513/1763640000.0_mean_300.0_v3 HTTP/1.0 200 - python-swiftclient-4.5.0 gAAAAABpIgQFZCvZ... - 16 - tx283315be2bbe44f9bb61a-0069220432 - 0.0337 - - 1763836978.763893604 1763836978.797603607 0
Nov 22 13:42:58 np0005532311.novalocal proxy-server[88816]: ::1 ::1 22/Nov/2025/18/42/58 GET /v1/AUTH_7e6379b038b744d2b4ed9c56e55784eb/gnocchi.c619218c-8cf8-4bbe-8c71-3b2bf6e16108/1763640000.0_mean_300.0_v3 HTTP/1.0 200 - python-swiftclient-4.5.0 gAAAAABpIgQAXILt... - 16 - txef2c035837da48bdb0f09-0069220432 - 0.0097 - - 1763836978.791013718 1763836978.800679684 0
Nov 22 13:42:58 np0005532311.novalocal container-server[95854]: ::1 - - [22/Nov/2025:18:42:58 +0000] "PUT /1/199745/AUTH_7e6379b038b744d2b4ed9c56e55784eb/gnocchi.fa5a7c07-f1fd-45b9-9182-9f1866c0e513/1763640000.0_mean_300.0_v3" 201 - "PUT http://[::1]:8080/2/163001/AUTH_7e6379b038b744d2b4ed9c56e55784eb/gnocchi.fa5a7c07-f1fd-45b9-9182-9f1866c0e513/1763640000.0_mean_300.0_v3" "txf0374bf4713a452bb062d-0069220432" "object-server 96157" 0.0005 "-" 95854 0
Nov 22 13:42:58 np0005532311.novalocal container-server[95853]: ::1 - - [22/Nov/2025:18:42:58 +0000] "PUT /2/199745/AUTH_7e6379b038b744d2b4ed9c56e55784eb/gnocchi.fa5a7c07-f1fd-45b9-9182-9f1866c0e513/1763640000.0_mean_300.0_v3" 201 - "PUT http://[::1]:8080/1/163001/AUTH_7e6379b038b744d2b4ed9c56e55784eb/gnocchi.fa5a7c07-f1fd-45b9-9182-9f1866c0e513/1763640000.0_mean_300.0_v3" "txf0374bf4713a452bb062d-0069220432" "object-server 96156" 0.0007 "-" 95853 0
Nov 22 13:42:58 np0005532311.novalocal object-server[96156]: ::1 - - [22/Nov/2025:18:42:58 +0000] "PUT /1/163001/AUTH_7e6379b038b744d2b4ed9c56e55784eb/gnocchi.fa5a7c07-f1fd-45b9-9182-9f1866c0e513/1763640000.0_mean_300.0_v3" 201 - "PUT http://[::1]:8080/v1/AUTH_7e6379b038b744d2b4ed9c56e55784eb/gnocchi.fa5a7c07-f1fd-45b9-9182-9f1866c0e513/1763640000.0_mean_300.0_v3" "txf0374bf4713a452bb062d-0069220432" "proxy-server 88815" 0.0104 "-" 96156 0
Nov 22 13:42:58 np0005532311.novalocal container-server[95853]: ::1 - - [22/Nov/2025:18:42:58 +0000] "PUT /3/199745/AUTH_7e6379b038b744d2b4ed9c56e55784eb/gnocchi.fa5a7c07-f1fd-45b9-9182-9f1866c0e513/1763640000.0_mean_300.0_v3" 201 - "PUT http://[::1]:8080/3/163001/AUTH_7e6379b038b744d2b4ed9c56e55784eb/gnocchi.fa5a7c07-f1fd-45b9-9182-9f1866c0e513/1763640000.0_mean_300.0_v3" "txf0374bf4713a452bb062d-0069220432" "object-server 96157" 0.0005 "-" 95853 0
Nov 22 13:42:58 np0005532311.novalocal object-server[96157]: ::1 - - [22/Nov/2025:18:42:58 +0000] "PUT /2/163001/AUTH_7e6379b038b744d2b4ed9c56e55784eb/gnocchi.fa5a7c07-f1fd-45b9-9182-9f1866c0e513/1763640000.0_mean_300.0_v3" 201 - "PUT http://[::1]:8080/v1/AUTH_7e6379b038b744d2b4ed9c56e55784eb/gnocchi.fa5a7c07-f1fd-45b9-9182-9f1866c0e513/1763640000.0_mean_300.0_v3" "txf0374bf4713a452bb062d-0069220432" "proxy-server 88815" 0.0129 "-" 96157 0
Nov 22 13:42:58 np0005532311.novalocal object-server[96157]: ::1 - - [22/Nov/2025:18:42:58 +0000] "PUT /3/163001/AUTH_7e6379b038b744d2b4ed9c56e55784eb/gnocchi.fa5a7c07-f1fd-45b9-9182-9f1866c0e513/1763640000.0_mean_300.0_v3" 201 - "PUT http://[::1]:8080/v1/AUTH_7e6379b038b744d2b4ed9c56e55784eb/gnocchi.fa5a7c07-f1fd-45b9-9182-9f1866c0e513/1763640000.0_mean_300.0_v3" "txf0374bf4713a452bb062d-0069220432" "proxy-server 88815" 0.0159 "-" 96157 0
Nov 22 13:42:58 np0005532311.novalocal proxy-server[88815]: ::1 ::1 22/Nov/2025/18/42/58 PUT /v1/AUTH_7e6379b038b744d2b4ed9c56e55784eb/gnocchi.fa5a7c07-f1fd-45b9-9182-9f1866c0e513/1763640000.0_mean_300.0_v3 HTTP/1.0 201 - python-swiftclient-4.5.0 gAAAAABpIgQFZCvZ... 16 - - txf0374bf4713a452bb062d-0069220432 - 0.0259 - - 1763836978.801223278 1763836978.827140331 0
Nov 22 13:42:58 np0005532311.novalocal container-server[95854]: ::1 - - [22/Nov/2025:18:42:58 +0000] "PUT /2/74804/AUTH_7e6379b038b744d2b4ed9c56e55784eb/gnocchi.c619218c-8cf8-4bbe-8c71-3b2bf6e16108/1763640000.0_mean_300.0_v3" 201 - "PUT http://[::1]:8080/3/92590/AUTH_7e6379b038b744d2b4ed9c56e55784eb/gnocchi.c619218c-8cf8-4bbe-8c71-3b2bf6e16108/1763640000.0_mean_300.0_v3" "txbdc0582911394a8daea44-0069220432" "object-server 96156" 0.0005 "-" 95854 0
Nov 22 13:42:58 np0005532311.novalocal container-server[95854]: ::1 - - [22/Nov/2025:18:42:58 +0000] "PUT /3/74804/AUTH_7e6379b038b744d2b4ed9c56e55784eb/gnocchi.c619218c-8cf8-4bbe-8c71-3b2bf6e16108/1763640000.0_mean_300.0_v3" 201 - "PUT http://[::1]:8080/2/92590/AUTH_7e6379b038b744d2b4ed9c56e55784eb/gnocchi.c619218c-8cf8-4bbe-8c71-3b2bf6e16108/1763640000.0_mean_300.0_v3" "txbdc0582911394a8daea44-0069220432" "object-server 96157" 0.0004 "-" 95854 0
Nov 22 13:42:58 np0005532311.novalocal object-server[96157]: ::1 - - [22/Nov/2025:18:42:58 +0000] "PUT /2/92590/AUTH_7e6379b038b744d2b4ed9c56e55784eb/gnocchi.c619218c-8cf8-4bbe-8c71-3b2bf6e16108/1763640000.0_mean_300.0_v3" 201 - "PUT http://[::1]:8080/v1/AUTH_7e6379b038b744d2b4ed9c56e55784eb/gnocchi.c619218c-8cf8-4bbe-8c71-3b2bf6e16108/1763640000.0_mean_300.0_v3" "txbdc0582911394a8daea44-0069220432" "proxy-server 88816" 0.0135 "-" 96157 0
Nov 22 13:42:58 np0005532311.novalocal container-server[95854]: ::1 - - [22/Nov/2025:18:42:58 +0000] "PUT /1/74804/AUTH_7e6379b038b744d2b4ed9c56e55784eb/gnocchi.c619218c-8cf8-4bbe-8c71-3b2bf6e16108/1763640000.0_mean_300.0_v3" 201 - "PUT http://[::1]:8080/1/92590/AUTH_7e6379b038b744d2b4ed9c56e55784eb/gnocchi.c619218c-8cf8-4bbe-8c71-3b2bf6e16108/1763640000.0_mean_300.0_v3" "txbdc0582911394a8daea44-0069220432" "object-server 96157" 0.0004 "-" 95854 0
Nov 22 13:42:58 np0005532311.novalocal object-server[96157]: ::1 - - [22/Nov/2025:18:42:58 +0000] "PUT /1/92590/AUTH_7e6379b038b744d2b4ed9c56e55784eb/gnocchi.c619218c-8cf8-4bbe-8c71-3b2bf6e16108/1763640000.0_mean_300.0_v3" 201 - "PUT http://[::1]:8080/v1/AUTH_7e6379b038b744d2b4ed9c56e55784eb/gnocchi.c619218c-8cf8-4bbe-8c71-3b2bf6e16108/1763640000.0_mean_300.0_v3" "txbdc0582911394a8daea44-0069220432" "proxy-server 88816" 0.0173 "-" 96157 0
Nov 22 13:42:58 np0005532311.novalocal object-server[96156]: ::1 - - [22/Nov/2025:18:42:58 +0000] "PUT /3/92590/AUTH_7e6379b038b744d2b4ed9c56e55784eb/gnocchi.c619218c-8cf8-4bbe-8c71-3b2bf6e16108/1763640000.0_mean_300.0_v3" 201 - "PUT http://[::1]:8080/v1/AUTH_7e6379b038b744d2b4ed9c56e55784eb/gnocchi.c619218c-8cf8-4bbe-8c71-3b2bf6e16108/1763640000.0_mean_300.0_v3" "txbdc0582911394a8daea44-0069220432" "proxy-server 88816" 0.0203 "-" 96156 0
Nov 22 13:42:58 np0005532311.novalocal proxy-server[88816]: ::1 ::1 22/Nov/2025/18/42/58 PUT /v1/AUTH_7e6379b038b744d2b4ed9c56e55784eb/gnocchi.c619218c-8cf8-4bbe-8c71-3b2bf6e16108/1763640000.0_mean_300.0_v3 HTTP/1.0 201 - python-swiftclient-4.5.0 gAAAAABpIgQAXILt... 16 - - txbdc0582911394a8daea44-0069220432 - 0.0395 - - 1763836978.805288076 1763836978.844789982 0
Nov 22 13:42:58 np0005532311.novalocal container-server[95854]: ::1 - - [22/Nov/2025:18:42:58 +0000] "PUT /2/199745/AUTH_7e6379b038b744d2b4ed9c56e55784eb/gnocchi.fa5a7c07-f1fd-45b9-9182-9f1866c0e513/none_v3" 201 - "PUT http://[::1]:8080/2/110079/AUTH_7e6379b038b744d2b4ed9c56e55784eb/gnocchi.fa5a7c07-f1fd-45b9-9182-9f1866c0e513/none_v3" "tx07a1a79efddd45b5882e8-0069220432" "object-server 96157" 0.0009 "-" 95854 0
Nov 22 13:42:58 np0005532311.novalocal object-server[96157]: ::1 - - [22/Nov/2025:18:42:58 +0000] "PUT /2/110079/AUTH_7e6379b038b744d2b4ed9c56e55784eb/gnocchi.fa5a7c07-f1fd-45b9-9182-9f1866c0e513/none_v3" 201 - "PUT http://[::1]:8080/v1/AUTH_7e6379b038b744d2b4ed9c56e55784eb/gnocchi.fa5a7c07-f1fd-45b9-9182-9f1866c0e513/none_v3" "tx07a1a79efddd45b5882e8-0069220432" "proxy-server 88815" 0.0165 "-" 96157 0
Nov 22 13:42:58 np0005532311.novalocal container-server[95854]: ::1 - - [22/Nov/2025:18:42:58 +0000] "PUT /1/199745/AUTH_7e6379b038b744d2b4ed9c56e55784eb/gnocchi.fa5a7c07-f1fd-45b9-9182-9f1866c0e513/none_v3" 201 - "PUT http://[::1]:8080/3/110079/AUTH_7e6379b038b744d2b4ed9c56e55784eb/gnocchi.fa5a7c07-f1fd-45b9-9182-9f1866c0e513/none_v3" "tx07a1a79efddd45b5882e8-0069220432" "object-server 96156" 0.0004 "-" 95854 0
Nov 22 13:42:58 np0005532311.novalocal container-server[95853]: ::1 - - [22/Nov/2025:18:42:58 +0000] "PUT /3/199745/AUTH_7e6379b038b744d2b4ed9c56e55784eb/gnocchi.fa5a7c07-f1fd-45b9-9182-9f1866c0e513/none_v3" 201 - "PUT http://[::1]:8080/1/110079/AUTH_7e6379b038b744d2b4ed9c56e55784eb/gnocchi.fa5a7c07-f1fd-45b9-9182-9f1866c0e513/none_v3" "tx07a1a79efddd45b5882e8-0069220432" "object-server 96156" 0.0004 "-" 95853 0
Nov 22 13:42:58 np0005532311.novalocal object-server[96156]: ::1 - - [22/Nov/2025:18:42:58 +0000] "PUT /3/110079/AUTH_7e6379b038b744d2b4ed9c56e55784eb/gnocchi.fa5a7c07-f1fd-45b9-9182-9f1866c0e513/none_v3" 201 - "PUT http://[::1]:8080/v1/AUTH_7e6379b038b744d2b4ed9c56e55784eb/gnocchi.fa5a7c07-f1fd-45b9-9182-9f1866c0e513/none_v3" "tx07a1a79efddd45b5882e8-0069220432" "proxy-server 88815" 0.0170 "-" 96156 0
Nov 22 13:42:58 np0005532311.novalocal object-server[96156]: ::1 - - [22/Nov/2025:18:42:58 +0000] "PUT /1/110079/AUTH_7e6379b038b744d2b4ed9c56e55784eb/gnocchi.fa5a7c07-f1fd-45b9-9182-9f1866c0e513/none_v3" 201 - "PUT http://[::1]:8080/v1/AUTH_7e6379b038b744d2b4ed9c56e55784eb/gnocchi.fa5a7c07-f1fd-45b9-9182-9f1866c0e513/none_v3" "tx07a1a79efddd45b5882e8-0069220432" "proxy-server 88815" 0.0222 "-" 96156 0
