Nov 22 13:43:36 np0005532311.novalocal object-server[96156]: ::1 - - [22/Nov/2025:18:43:36 +0000] "GET /3/157443/AUTH_7e6379b038b744d2b4ed9c56e55784eb/gnocchi.58f6d4c1-1b8a-4e97-b4e9-001a602f6105/none_v3" 404 70 "GET http://[::1]:8080/v1/AUTH_7e6379b038b744d2b4ed9c56e55784eb/gnocchi.58f6d4c1-1b8a-4e97-b4e9-001a602f6105/none_v3" "tx77f31bfc7da3418e9fa6e-0069220458" "proxy-server 88815" 0.0005 "-" 96156 0
Nov 22 13:43:36 np0005532311.novalocal proxy-server[88815]: ::1 ::1 22/Nov/2025/18/43/36 GET /v1/AUTH_7e6379b038b744d2b4ed9c56e55784eb/gnocchi.58f6d4c1-1b8a-4e97-b4e9-001a602f6105/none_v3 HTTP/1.0 404 - python-swiftclient-4.5.0 gAAAAABpIgQFZCvZ... - 70 - tx77f31bfc7da3418e9fa6e-0069220458 - 0.0315 - - 1763837016.194678783 1763837016.226227045 0
Nov 22 13:43:36 np0005532311.novalocal account-server[95554]: ::1 - - [22/Nov/2025:18:43:36 +0000] "PUT /1/156665/AUTH_7e6379b038b744d2b4ed9c56e55784eb/gnocchi.ed613db1-2f47-43dc-af2c-53f5aa03029c" 201 - "PUT http://[::1]:6001/1/193290/AUTH_7e6379b038b744d2b4ed9c56e55784eb/gnocchi.ed613db1-2f47-43dc-af2c-53f5aa03029c" "tx7ecc4b96a75c43ceb7e37-0069220458" "container-server 95853" 0.0093 "-" 95554 0
Nov 22 13:43:36 np0005532311.novalocal account-server[95553]: ::1 - - [22/Nov/2025:18:43:36 +0000] "PUT /3/156665/AUTH_7e6379b038b744d2b4ed9c56e55784eb/gnocchi.ed613db1-2f47-43dc-af2c-53f5aa03029c" 201 - "PUT http://[::1]:6001/2/193290/AUTH_7e6379b038b744d2b4ed9c56e55784eb/gnocchi.ed613db1-2f47-43dc-af2c-53f5aa03029c" "tx7ecc4b96a75c43ceb7e37-0069220458" "container-server 95854" 0.0069 "-" 95553 0
Nov 22 13:43:36 np0005532311.novalocal container-server[95854]: ::1 - - [22/Nov/2025:18:43:36 +0000] "PUT /2/193290/AUTH_7e6379b038b744d2b4ed9c56e55784eb/gnocchi.ed613db1-2f47-43dc-af2c-53f5aa03029c" 201 - "PUT http://[::1]:8080/v1/AUTH_7e6379b038b744d2b4ed9c56e55784eb/gnocchi.ed613db1-2f47-43dc-af2c-53f5aa03029c" "tx7ecc4b96a75c43ceb7e37-0069220458" "proxy-server 88816" 0.0233 "-" 95854 0
Nov 22 13:43:36 np0005532311.novalocal account-server[95553]: ::1 - - [22/Nov/2025:18:43:36 +0000] "PUT /1/156665/AUTH_7e6379b038b744d2b4ed9c56e55784eb/gnocchi.58f6d4c1-1b8a-4e97-b4e9-001a602f6105" 201 - "PUT http://[::1]:6001/1/133893/AUTH_7e6379b038b744d2b4ed9c56e55784eb/gnocchi.58f6d4c1-1b8a-4e97-b4e9-001a602f6105" "txecda6969c4ea4afa88e75-0069220458" "container-server 95854" 0.0035 "-" 95553 0
Nov 22 13:43:36 np0005532311.novalocal container-server[95854]: ::1 - - [22/Nov/2025:18:43:36 +0000] "PUT /1/133893/AUTH_7e6379b038b744d2b4ed9c56e55784eb/gnocchi.58f6d4c1-1b8a-4e97-b4e9-001a602f6105" 201 - "PUT http://[::1]:8080/v1/AUTH_7e6379b038b744d2b4ed9c56e55784eb/gnocchi.58f6d4c1-1b8a-4e97-b4e9-001a602f6105" "txecda6969c4ea4afa88e75-0069220458" "proxy-server 88815" 0.0158 "-" 95854 0
Nov 22 13:43:36 np0005532311.novalocal container-server[95853]: ::1 - - [22/Nov/2025:18:43:36 +0000] "PUT /1/193290/AUTH_7e6379b038b744d2b4ed9c56e55784eb/gnocchi.ed613db1-2f47-43dc-af2c-53f5aa03029c" 201 - "PUT http://[::1]:8080/v1/AUTH_7e6379b038b744d2b4ed9c56e55784eb/gnocchi.ed613db1-2f47-43dc-af2c-53f5aa03029c" "tx7ecc4b96a75c43ceb7e37-0069220458" "proxy-server 88816" 0.0418 "-" 95853 0
Nov 22 13:43:36 np0005532311.novalocal account-server[95554]: ::1 - - [22/Nov/2025:18:43:36 +0000] "PUT /3/156665/AUTH_7e6379b038b744d2b4ed9c56e55784eb/gnocchi.58f6d4c1-1b8a-4e97-b4e9-001a602f6105" 201 - "PUT http://[::1]:6001/2/133893/AUTH_7e6379b038b744d2b4ed9c56e55784eb/gnocchi.58f6d4c1-1b8a-4e97-b4e9-001a602f6105" "txecda6969c4ea4afa88e75-0069220458" "container-server 95853" 0.0033 "-" 95554 0
Nov 22 13:43:36 np0005532311.novalocal container-server[95853]: ::1 - - [22/Nov/2025:18:43:36 +0000] "PUT /2/133893/AUTH_7e6379b038b744d2b4ed9c56e55784eb/gnocchi.58f6d4c1-1b8a-4e97-b4e9-001a602f6105" 201 - "PUT http://[::1]:8080/v1/AUTH_7e6379b038b744d2b4ed9c56e55784eb/gnocchi.58f6d4c1-1b8a-4e97-b4e9-001a602f6105" "txecda6969c4ea4afa88e75-0069220458" "proxy-server 88815" 0.0216 "-" 95853 0
Nov 22 13:43:36 np0005532311.novalocal account-server[95553]: ::1 - - [22/Nov/2025:18:43:36 +0000] "PUT /2/156665/AUTH_7e6379b038b744d2b4ed9c56e55784eb/gnocchi.58f6d4c1-1b8a-4e97-b4e9-001a602f6105" 201 - "PUT http://[::1]:6001/3/133893/AUTH_7e6379b038b744d2b4ed9c56e55784eb/gnocchi.58f6d4c1-1b8a-4e97-b4e9-001a602f6105" "txecda6969c4ea4afa88e75-0069220458" "container-server 95853" 0.0055 "-" 95553 0
Nov 22 13:43:36 np0005532311.novalocal container-server[95853]: ::1 - - [22/Nov/2025:18:43:36 +0000] "PUT /3/133893/AUTH_7e6379b038b744d2b4ed9c56e55784eb/gnocchi.58f6d4c1-1b8a-4e97-b4e9-001a602f6105" 201 - "PUT http://[::1]:8080/v1/AUTH_7e6379b038b744d2b4ed9c56e55784eb/gnocchi.58f6d4c1-1b8a-4e97-b4e9-001a602f6105" "txecda6969c4ea4afa88e75-0069220458" "proxy-server 88815" 0.0168 "-" 95853 0
Nov 22 13:43:36 np0005532311.novalocal proxy-server[88815]: ::1 ::1 22/Nov/2025/18/43/36 PUT /v1/AUTH_7e6379b038b744d2b4ed9c56e55784eb/gnocchi.58f6d4c1-1b8a-4e97-b4e9-001a602f6105 HTTP/1.0 201 - python-swiftclient-4.5.0 gAAAAABpIgQFZCvZ... - - - txecda6969c4ea4afa88e75-0069220458 - 0.0458 - - 1763837016.229623556 1763837016.275464773 0
Nov 22 13:43:36 np0005532311.novalocal container-server[95853]: ::1 - - [22/Nov/2025:18:43:36 +0000] "HEAD /3/133893/AUTH_7e6379b038b744d2b4ed9c56e55784eb/gnocchi.58f6d4c1-1b8a-4e97-b4e9-001a602f6105" 204 - "HEAD http://[::1]:8080/v1/AUTH_7e6379b038b744d2b4ed9c56e55784eb/gnocchi.58f6d4c1-1b8a-4e97-b4e9-001a602f6105" "tx120f237efec047e3a90f0-0069220458" "proxy-server 88815" 0.0015 "-" 95853 0
Nov 22 13:43:36 np0005532311.novalocal proxy-server[88815]: - - 22/Nov/2025/18/43/36 HEAD /v1/AUTH_7e6379b038b744d2b4ed9c56e55784eb/gnocchi.58f6d4c1-1b8a-4e97-b4e9-001a602f6105 HTTP/1.0 204 - Swift - - - - tx120f237efec047e3a90f0-0069220458 - 0.0050 CS - 1763837016.281735659 1763837016.286770582 0
Nov 22 13:43:36 np0005532311.novalocal account-server[95554]: ::1 - - [22/Nov/2025:18:43:36 +0000] "PUT /2/156665/AUTH_7e6379b038b744d2b4ed9c56e55784eb/gnocchi.ed613db1-2f47-43dc-af2c-53f5aa03029c" 201 - "PUT http://[::1]:6001/3/193290/AUTH_7e6379b038b744d2b4ed9c56e55784eb/gnocchi.ed613db1-2f47-43dc-af2c-53f5aa03029c" "tx7ecc4b96a75c43ceb7e37-0069220458" "container-server 95853" 0.0170 "-" 95554 0
Nov 22 13:43:36 np0005532311.novalocal container-server[95853]: ::1 - - [22/Nov/2025:18:43:36 +0000] "PUT /3/193290/AUTH_7e6379b038b744d2b4ed9c56e55784eb/gnocchi.ed613db1-2f47-43dc-af2c-53f5aa03029c" 201 - "PUT http://[::1]:8080/v1/AUTH_7e6379b038b744d2b4ed9c56e55784eb/gnocchi.ed613db1-2f47-43dc-af2c-53f5aa03029c" "tx7ecc4b96a75c43ceb7e37-0069220458" "proxy-server 88816" 0.0533 "-" 95853 0
Nov 22 13:43:36 np0005532311.novalocal proxy-server[88816]: ::1 ::1 22/Nov/2025/18/43/36 PUT /v1/AUTH_7e6379b038b744d2b4ed9c56e55784eb/gnocchi.ed613db1-2f47-43dc-af2c-53f5aa03029c HTTP/1.0 201 - python-swiftclient-4.5.0 gAAAAABpIgQAXILt... - - - tx7ecc4b96a75c43ceb7e37-0069220458 - 0.0719 - - 1763837016.220187187 1763837016.292061329 0
Nov 22 13:43:36 np0005532311.novalocal kernel: qvbd5ab418d-67: left allmulticast mode
Nov 22 13:43:36 np0005532311.novalocal kernel: qvbd5ab418d-67: left promiscuous mode
Nov 22 13:43:36 np0005532311.novalocal kernel: qbrd5ab418d-67: port 1(qvbd5ab418d-67) entered disabled state
Nov 22 13:43:36 np0005532311.novalocal container-server[95854]: ::1 - - [22/Nov/2025:18:43:36 +0000] "GET /1/133893/AUTH_7e6379b038b744d2b4ed9c56e55784eb/gnocchi.58f6d4c1-1b8a-4e97-b4e9-001a602f6105" 200 2 "GET http://[::1]:8080/v1/AUTH_7e6379b038b744d2b4ed9c56e55784eb/gnocchi.58f6d4c1-1b8a-4e97-b4e9-001a602f6105?format=json&states=listing" "tx120f237efec047e3a90f0-0069220458" "proxy-server 88815" 0.0061 "-" 95854 0
Nov 22 13:43:36 np0005532311.novalocal proxy-server[88815]: ::1 ::1 22/Nov/2025/18/43/36 GET /v1/AUTH_7e6379b038b744d2b4ed9c56e55784eb/gnocchi.58f6d4c1-1b8a-4e97-b4e9-001a602f6105%3Fformat%3Djson%26states%3Dlisting HTTP/1.0 200 - python-swiftclient-4.5.0 gAAAAABpIgQFZCvZ... - 2 - tx120f237efec047e3a90f0-0069220458 - 0.0226 - - 1763837016.280241251 1763837016.302870989 0
Nov 22 13:43:36 np0005532311.novalocal container-server[95853]: ::1 - - [22/Nov/2025:18:43:36 +0000] "HEAD /3/193290/AUTH_7e6379b038b744d2b4ed9c56e55784eb/gnocchi.ed613db1-2f47-43dc-af2c-53f5aa03029c" 204 - "HEAD http://[::1]:8080/v1/AUTH_7e6379b038b744d2b4ed9c56e55784eb/gnocchi.ed613db1-2f47-43dc-af2c-53f5aa03029c" "tx64af4a0b025c4d21b4c90-0069220458" "proxy-server 88816" 0.0018 "-" 95853 0
Nov 22 13:43:36 np0005532311.novalocal proxy-server[88816]: - - 22/Nov/2025/18/43/36 HEAD /v1/AUTH_7e6379b038b744d2b4ed9c56e55784eb/gnocchi.ed613db1-2f47-43dc-af2c-53f5aa03029c HTTP/1.0 204 - Swift - - - - tx64af4a0b025c4d21b4c90-0069220458 - 0.0078 CS - 1763837016.299991608 1763837016.307748079 0
Nov 22 13:43:36 np0005532311.novalocal object-server[96156]: ::1 - - [22/Nov/2025:18:43:36 +0000] "GET /2/44479/AUTH_7e6379b038b744d2b4ed9c56e55784eb/gnocchi.58f6d4c1-1b8a-4e97-b4e9-001a602f6105/1763640000.0_mean_300.0_v3" 404 70 "GET http://[::1]:8080/v1/AUTH_7e6379b038b744d2b4ed9c56e55784eb/gnocchi.58f6d4c1-1b8a-4e97-b4e9-001a602f6105/1763640000.0_mean_300.0_v3" "tx22c3ee3ed09c433f8166a-0069220458" "proxy-server 88815" 0.0003 "-" 96156 0
Nov 22 13:43:36 np0005532311.novalocal object-server[96157]: ::1 - - [22/Nov/2025:18:43:36 +0000] "GET /1/44479/AUTH_7e6379b038b744d2b4ed9c56e55784eb/gnocchi.58f6d4c1-1b8a-4e97-b4e9-001a602f6105/1763640000.0_mean_300.0_v3" 404 70 "GET http://[::1]:8080/v1/AUTH_7e6379b038b744d2b4ed9c56e55784eb/gnocchi.58f6d4c1-1b8a-4e97-b4e9-001a602f6105/1763640000.0_mean_300.0_v3" "tx22c3ee3ed09c433f8166a-0069220458" "proxy-server 88815" 0.0004 "-" 96157 0
Nov 22 13:43:36 np0005532311.novalocal container-server[95853]: ::1 - - [22/Nov/2025:18:43:36 +0000] "GET /2/193290/AUTH_7e6379b038b744d2b4ed9c56e55784eb/gnocchi.ed613db1-2f47-43dc-af2c-53f5aa03029c" 200 2 "GET http://[::1]:8080/v1/AUTH_7e6379b038b744d2b4ed9c56e55784eb/gnocchi.ed613db1-2f47-43dc-af2c-53f5aa03029c?format=json&states=listing" "tx64af4a0b025c4d21b4c90-0069220458" "proxy-server 88816" 0.0035 "-" 95853 0
Nov 22 13:43:36 np0005532311.novalocal object-server[96156]: ::1 - - [22/Nov/2025:18:43:36 +0000] "GET /3/44479/AUTH_7e6379b038b744d2b4ed9c56e55784eb/gnocchi.58f6d4c1-1b8a-4e97-b4e9-001a602f6105/1763640000.0_mean_300.0_v3" 404 70 "GET http://[::1]:8080/v1/AUTH_7e6379b038b744d2b4ed9c56e55784eb/gnocchi.58f6d4c1-1b8a-4e97-b4e9-001a602f6105/1763640000.0_mean_300.0_v3" "tx22c3ee3ed09c433f8166a-0069220458" "proxy-server 88815" 0.0003 "-" 96156 0
Nov 22 13:43:36 np0005532311.novalocal NetworkManager[858]: [1763837016.3214] device (qbrd5ab418d-67): bridge port qvbd5ab418d-67 was detached
Nov 22 13:43:36 np0005532311.novalocal NetworkManager[858]: [1763837016.3223] device (qbrd5ab418d-67): state change: activated -> unmanaged (reason 'unmanaged', managed-type: 'removed')
Nov 22 13:43:36 np0005532311.novalocal proxy-server[88815]: ::1 ::1 22/Nov/2025/18/43/36 GET /v1/AUTH_7e6379b038b744d2b4ed9c56e55784eb/gnocchi.58f6d4c1-1b8a-4e97-b4e9-001a602f6105/1763640000.0_mean_300.0_v3 HTTP/1.0 404 - python-swiftclient-4.5.0 gAAAAABpIgQFZCvZ... - 70 - tx22c3ee3ed09c433f8166a-0069220458 - 0.0157 - - 1763837016.307207108 1763837016.322885275 0
Nov 22 13:43:36 np0005532311.novalocal proxy-server[88816]: ::1 ::1 22/Nov/2025/18/43/36 GET /v1/AUTH_7e6379b038b744d2b4ed9c56e55784eb/gnocchi.ed613db1-2f47-43dc-af2c-53f5aa03029c%3Fformat%3Djson%26states%3Dlisting HTTP/1.0 200 - python-swiftclient-4.5.0 gAAAAABpIgQAXILt... - 2 - tx64af4a0b025c4d21b4c90-0069220458 - 0.0244 - - 1763837016.298684597 1763837016.323116302 0
Nov 22 13:43:36 np0005532311.novalocal object-server[96157]: ::1 - - [22/Nov/2025:18:43:36 +0000] "GET /3/17114/AUTH_7e6379b038b744d2b4ed9c56e55784eb/gnocchi.ed613db1-2f47-43dc-af2c-53f5aa03029c/1763640000.0_mean_300.0_v3" 404 70 "GET http://[::1]:8080/v1/AUTH_7e6379b038b744d2b4ed9c56e55784eb/gnocchi.ed613db1-2f47-43dc-af2c-53f5aa03029c/1763640000.0_mean_300.0_v3" "txbc48f882cdf4405780baa-0069220458" "proxy-server 88816" 0.0003 "-" 96157 0
Nov 22 13:43:36 np0005532311.novalocal kernel: qvod5ab418d-67: left promiscuous mode
Nov 22 13:43:36 np0005532311.novalocal object-server[96157]: ::1 - - [22/Nov/2025:18:43:36 +0000] "GET /2/17114/AUTH_7e6379b038b744d2b4ed9c56e55784eb/gnocchi.ed613db1-2f47-43dc-af2c-53f5aa03029c/1763640000.0_mean_300.0_v3" 404 70 "GET http://[::1]:8080/v1/AUTH_7e6379b038b744d2b4ed9c56e55784eb/gnocchi.ed613db1-2f47-43dc-af2c-53f5aa03029c/1763640000.0_mean_300.0_v3" "txbc48f882cdf4405780baa-0069220458" "proxy-server 88816" 0.0003 "-" 96157 0
Nov 22 13:43:36 np0005532311.novalocal object-server[96157]: ::1 - - [22/Nov/2025:18:43:36 +0000] "GET /1/17114/AUTH_7e6379b038b744d2b4ed9c56e55784eb/gnocchi.ed613db1-2f47-43dc-af2c-53f5aa03029c/1763640000.0_mean_300.0_v3" 404 70 "GET http://[::1]:8080/v1/AUTH_7e6379b038b744d2b4ed9c56e55784eb/gnocchi.ed613db1-2f47-43dc-af2c-53f5aa03029c/1763640000.0_mean_300.0_v3" "txbc48f882cdf4405780baa-0069220458" "proxy-server 88816" 0.0002 "-" 96157 0
Nov 22 13:43:36 np0005532311.novalocal proxy-server[88816]: ::1 ::1 22/Nov/2025/18/43/36 GET /v1/AUTH_7e6379b038b744d2b4ed9c56e55784eb/gnocchi.ed613db1-2f47-43dc-af2c-53f5aa03029c/1763640000.0_mean_300.0_v3 HTTP/1.0 404 - python-swiftclient-4.5.0 gAAAAABpIgQAXILt... - 70 - txbc48f882cdf4405780baa-0069220458 - 0.0191 - - 1763837016.327649593 1763837016.346739531 0
Nov 22 13:43:36 np0005532311.novalocal container-server[95853]: ::1 - - [22/Nov/2025:18:43:36 +0000] "PUT /3/133893/AUTH_7e6379b038b744d2b4ed9c56e55784eb/gnocchi.58f6d4c1-1b8a-4e97-b4e9-001a602f6105/1763640000.0_mean_300.0_v3" 201 - "PUT http://[::1]:8080/3/44479/AUTH_7e6379b038b744d2b4ed9c56e55784eb/gnocchi.58f6d4c1-1b8a-4e97-b4e9-001a602f6105/1763640000.0_mean_300.0_v3" "txca629c0e334d4e95bfc41-0069220458" "object-server 96156" 0.0007 "-" 95853 0
Nov 22 13:43:36 np0005532311.novalocal object-server[96156]: ::1 - - [22/Nov/2025:18:43:36 +0000] "PUT /3/44479/AUTH_7e6379b038b744d2b4ed9c56e55784eb/gnocchi.58f6d4c1-1b8a-4e97-b4e9-001a602f6105/1763640000.0_mean_300.0_v3" 201 - "PUT http://[::1]:8080/v1/AUTH_7e6379b038b744d2b4ed9c56e55784eb/gnocchi.58f6d4c1-1b8a-4e97-b4e9-001a602f6105/1763640000.0_mean_300.0_v3" "txca629c0e334d4e95bfc41-0069220458" "proxy-server 88815" 0.0118 "-" 96156 0
Nov 22 13:43:36 np0005532311.novalocal container-server[95854]: ::1 - - [22/Nov/2025:18:43:36 +0000] "PUT /1/133893/AUTH_7e6379b038b744d2b4ed9c56e55784eb/gnocchi.58f6d4c1-1b8a-4e97-b4e9-001a602f6105/1763640000.0_mean_300.0_v3" 201 - "PUT http://[::1]:8080/2/44479/AUTH_7e6379b038b744d2b4ed9c56e55784eb/gnocchi.58f6d4c1-1b8a-4e97-b4e9-001a602f6105/1763640000.0_mean_300.0_v3" "txca629c0e334d4e95bfc41-0069220458" "object-server 96156" 0.0005 "-" 95854 0
Nov 22 13:43:36 np0005532311.novalocal object-server[96156]: ::1 - - [22/Nov/2025:18:43:36 +0000] "PUT /2/44479/AUTH_7e6379b038b744d2b4ed9c56e55784eb/gnocchi.58f6d4c1-1b8a-4e97-b4e9-001a602f6105/1763640000.0_mean_300.0_v3" 201 - "PUT http://[::1]:8080/v1/AUTH_7e6379b038b744d2b4ed9c56e55784eb/gnocchi.58f6d4c1-1b8a-4e97-b4e9-001a602f6105/1763640000.0_mean_300.0_v3" "txca629c0e334d4e95bfc41-0069220458" "proxy-server 88815" 0.0183 "-" 96156 0
Nov 22 13:43:36 np0005532311.novalocal container-server[95853]: ::1 - - [22/Nov/2025:18:43:36 +0000] "PUT /2/133893/AUTH_7e6379b038b744d2b4ed9c56e55784eb/gnocchi.58f6d4c1-1b8a-4e97-b4e9-001a602f6105/1763640000.0_mean_300.0_v3" 201 - "PUT http://[::1]:8080/1/44479/AUTH_7e6379b038b744d2b4ed9c56e55784eb/gnocchi.58f6d4c1-1b8a-4e97-b4e9-001a602f6105/1763640000.0_mean_300.0_v3" "txca629c0e334d4e95bfc41-0069220458" "object-server 96156" 0.0007 "-" 95853 0
Nov 22 13:43:36 np0005532311.novalocal object-server[96156]: ::1 - - [22/Nov/2025:18:43:36 +0000] "PUT /1/44479/AUTH_7e6379b038b744d2b4ed9c56e55784eb/gnocchi.58f6d4c1-1b8a-4e97-b4e9-001a602f6105/1763640000.0_mean_300.0_v3" 201 - "PUT http://[::1]:8080/v1/AUTH_7e6379b038b744d2b4ed9c56e55784eb/gnocchi.58f6d4c1-1b8a-4e97-b4e9-001a602f6105/1763640000.0_mean_300.0_v3" "txca629c0e334d4e95bfc41-0069220458" "proxy-server 88815" 0.0234 "-" 96156 0
Nov 22 13:43:36 np0005532311.novalocal proxy-server[88815]: ::1 ::1 22/Nov/2025/18/43/36 PUT /v1/AUTH_7e6379b038b744d2b4ed9c56e55784eb/gnocchi.58f6d4c1-1b8a-4e97-b4e9-001a602f6105/1763640000.0_mean_300.0_v3 HTTP/1.0 201 - python-swiftclient-4.5.0 gAAAAABpIgQFZCvZ... 16 - - txca629c0e334d4e95bfc41-0069220458 - 0.0353 - - 1763837016.327672243 1763837016.362974644 0
Nov 22 13:43:36 np0005532311.novalocal container-server[95853]: ::1 - - [22/Nov/2025:18:43:36 +0000] "PUT /2/193290/AUTH_7e6379b038b744d2b4ed9c56e55784eb/gnocchi.ed613db1-2f47-43dc-af2c-53f5aa03029c/1763640000.0_mean_300.0_v3" 201 - "PUT http://[::1]:8080/2/17114/AUTH_7e6379b038b744d2b4ed9c56e55784eb/gnocchi.ed613db1-2f47-43dc-af2c-53f5aa03029c/1763640000.0_mean_300.0_v3" "tx926f83a2fa9b41d883a5c-0069220458" "object-server 96157" 0.0013 "-" 95853 0
Nov 22 13:43:36 np0005532311.novalocal object-server[96157]: ::1 - - [22/Nov/2025:18:43:36 +0000] "PUT /2/17114/AUTH_7e6379b038b744d2b4ed9c56e55784eb/gnocchi.ed613db1-2f47-43dc-af2c-53f5aa03029c/1763640000.0_mean_300.0_v3" 201 - "PUT http://[::1]:8080/v1/AUTH_7e6379b038b744d2b4ed9c56e55784eb/gnocchi.ed613db1-2f47-43dc-af2c-53f5aa03029c/1763640000.0_mean_300.0_v3" "tx926f83a2fa9b41d883a5c-0069220458" "proxy-server 88816" 0.0113 "-" 96157 0
Nov 22 13:43:36 np0005532311.novalocal container-server[95854]: ::1 - - [22/Nov/2025:18:43:36 +0000] "PUT /3/193290/AUTH_7e6379b038b744d2b4ed9c56e55784eb/gnocchi.ed613db1-2f47-43dc-af2c-53f5aa03029c/1763640000.0_mean_300.0_v3" 201 - "PUT http://[::1]:8080/1/17114/AUTH_7e6379b038b744d2b4ed9c56e55784eb/gnocchi.ed613db1-2f47-43dc-af2c-53f5aa03029c/1763640000.0_mean_300.0_v3" "tx926f83a2fa9b41d883a5c-0069220458" "object-server 96156" 0.0006 "-" 95854 0
Nov 22 13:43:36 np0005532311.novalocal container-server[95854]: ::1 - - [22/Nov/2025:18:43:36 +0000] "PUT /1/193290/AUTH_7e6379b038b744d2b4ed9c56e55784eb/gnocchi.ed613db1-2f47-43dc-af2c-53f5aa03029c/1763640000.0_mean_300.0_v3" 201 - "PUT http://[::1]:8080/3/17114/AUTH_7e6379b038b744d2b4ed9c56e55784eb/gnocchi.ed613db1-2f47-43dc-af2c-53f5aa03029c/1763640000.0_mean_300.0_v3" "tx926f83a2fa9b41d883a5c-0069220458" "object-server 96156" 0.0004 "-" 95854 0
Nov 22 13:43:36 np0005532311.novalocal object-server[96156]: ::1 - - [22/Nov/2025:18:43:36 +0000] "PUT /1/17114/AUTH_7e6379b038b744d2b4ed9c56e55784eb/gnocchi.ed613db1-2f47-43dc-af2c-53f5aa03029c/1763640000.0_mean_300.0_v3" 201 - "PUT http://[::1]:8080/v1/AUTH_7e6379b038b744d2b4ed9c56e55784eb/gnocchi.ed613db1-2f47-43dc-af2c-53f5aa03029c/1763640000.0_mean_300.0_v3" "tx926f83a2fa9b41d883a5c-0069220458" "proxy-server 88816" 0.0127 "-" 96156 0
Nov 22 13:43:36 np0005532311.novalocal object-server[96156]: ::1 - - [22/Nov/2025:18:43:36 +0000] "PUT /3/17114/AUTH_7e6379b038b744d2b4ed9c56e55784eb/gnocchi.ed613db1-2f47-43dc-af2c-53f5aa03029c/1763640000.0_mean_300.0_v3" 201 - "PUT http://[::1]:8080/v1/AUTH_7e6379b038b744d2b4ed9c56e55784eb/gnocchi.ed613db1-2f47-43dc-af2c-53f5aa03029c/1763640000.0_mean_300.0_v3" "tx926f83a2fa9b41d883a5c-0069220458" "proxy-server 88816" 0.0128 "-" 96156 0
Nov 22 13:43:36 np0005532311.novalocal proxy-server[88816]: ::1 ::1 22/Nov/2025/18/43/36 PUT /v1/AUTH_7e6379b038b744d2b4ed9c56e55784eb/gnocchi.ed613db1-2f47-43dc-af2c-53f5aa03029c/1763640000.0_mean_300.0_v3 HTTP/1.0 201 - python-swiftclient-4.5.0 gAAAAABpIgQAXILt... 16 - - tx926f83a2fa9b41d883a5c-0069220458 - 0.0269 - - 1763837016.352728128 1763837016.379611969 0
Nov 22 13:43:36 np0005532311.novalocal container-server[95853]: ::1 - - [22/Nov/2025:18:43:36 +0000] "PUT /3/133893/AUTH_7e6379b038b744d2b4ed9c56e55784eb/gnocchi.58f6d4c1-1b8a-4e97-b4e9-001a602f6105/none_v3" 201 - "PUT http://[::1]:8080/2/157443/AUTH_7e6379b038b744d2b4ed9c56e55784eb/gnocchi.58f6d4c1-1b8a-4e97-b4e9-001a602f6105/none_v3" "txfb0347e3f8314019b5507-0069220458" "object-server 96157" 0.0004 "-" 95853 0
Nov 22 13:43:36 np0005532311.novalocal container-server[95854]: ::1 - - [22/Nov/2025:18:43:36 +0000] "PUT /2/133893/AUTH_7e6379b038b744d2b4ed9c56e55784eb/gnocchi.58f6d4c1-1b8a-4e97-b4e9-001a602f6105/none_v3" 201 - "PUT http://[::1]:8080/3/157443/AUTH_7e6379b038b744d2b4ed9c56e55784eb/gnocchi.58f6d4c1-1b8a-4e97-b4e9-001a602f6105/none_v3" "txfb0347e3f8314019b5507-0069220458" "object-server 96157" 0.0005 "-" 95854 0
Nov 22 13:43:36 np0005532311.novalocal container-server[95854]: ::1 - - [22/Nov/2025:18:43:36 +0000] "PUT /1/133893/AUTH_7e6379b038b744d2b4ed9c56e55784eb/gnocchi.58f6d4c1-1b8a-4e97-b4e9-001a602f6105/none_v3" 201 - "PUT http://[::1]:8080/1/157443/AUTH_7e6379b038b744d2b4ed9c56e55784eb/gnocchi.58f6d4c1-1b8a-4e97-b4e9-001a602f6105/none_v3" "txfb0347e3f8314019b5507-0069220458" "object-server 96157" 0.0003 "-" 95854 0
Nov 22 13:43:36 np0005532311.novalocal object-server[96157]: ::1 - - [22/Nov/2025:18:43:36 +0000] "PUT /2/157443/AUTH_7e6379b038b744d2b4ed9c56e55784eb/gnocchi.58f6d4c1-1b8a-4e97-b4e9-001a602f6105/none_v3" 201 - "PUT http://[::1]:8080/v1/AUTH_7e6379b038b744d2b4ed9c56e55784eb/gnocchi.58f6d4c1-1b8a-4e97-b4e9-001a602f6105/none_v3" "txfb0347e3f8314019b5507-0069220458" "proxy-server 88815" 0.0215 "-" 96157 0
Nov 22 13:43:36 np0005532311.novalocal object-server[96157]: ::1 - - [22/Nov/2025:18:43:36 +0000] "PUT /3/157443/AUTH_7e6379b038b744d2b4ed9c56e55784eb/gnocchi.58f6d4c1-1b8a-4e97-b4e9-001a602f6105/none_v3" 201 - "PUT http://[::1]:8080/v1/AUTH_7e6379b038b744d2b4ed9c56e55784eb/gnocchi.58f6d4c1-1b8a-4e97-b4e9-001a602f6105/none_v3" "txfb0347e3f8314019b5507-0069220458" "proxy-server 88815" 0.0222 "-" 96157 0
Nov 22 13:43:36 np0005532311.novalocal object-server[96157]: ::1 - - [22/Nov/2025:18:43:36 +0000] "PUT /1/157443/AUTH_7e6379b038b744d2b4ed9c56e55784eb/gnocchi.58f6d4c1-1b8a-4e97-b4e9-001a602f6105/none_v3" 201 - "PUT http://[::1]:8080/v1/AUTH_7e6379b038b744d2b4ed9c56e55784eb/gnocchi.58f6d4c1-1b8a-4e97-b4e9-001a602f6105/none_v3" "txfb0347e3f8314019b5507-0069220458" "proxy-server 88815" 0.0220 "-" 96157 0
Nov 22 13:43:36 np0005532311.novalocal container-server[95853]: ::1 - - [22/Nov/2025:18:43:36 +0000] "PUT /3/193290/AUTH_7e6379b038b744d2b4ed9c56e55784eb/gnocchi.ed613db1-2f47-43dc-af2c-53f5aa03029c/none_v3" 201 - "PUT http://[::1]:8080/3/45811/AUTH_7e6379b038b744d2b4ed9c56e55784eb/gnocchi.ed613db1-2f47-43dc-af2c-53f5aa03029c/none_v3" "txd46324a6c07c4659b3210-0069220458" "object-server 96156" 0.0005 "-" 95853 0
Nov 22 13:43:36 np0005532311.novalocal container-server[95854]: ::1 - - [22/Nov/2025:18:43:36 +0000] "PUT /2/193290/AUTH_7e6379b038b744d2b4ed9c56e55784eb/gnocchi.ed613db1-2f47-43dc-af2c-53f5aa03029c/none_v3" 201 - "PUT http://[::1]:8080/1/45811/AUTH_7e6379b038b744d2b4ed9c56e55784eb/gnocchi.ed613db1-2f47-43dc-af2c-53f5aa03029c/none_v3" "txd46324a6c07c4659b3210-0069220458" "object-server 96156" 0.0003 "-" 95854 0
Nov 22 13:43:36 np0005532311.novalocal object-server[96156]: ::1 - - [22/Nov/2025:18:43:36 +0000] "PUT /1/45811/AUTH_7e6379b038b744d2b4ed9c56e55784eb/gnocchi.ed613db1-2f47-43dc-af2c-53f5aa03029c/none_v3" 201 - "PUT http://[::1]:8080/v1/AUTH_7e6379b038b744d2b4ed9c56e55784eb/gnocchi.ed613db1-2f47-43dc-af2c-53f5aa03029c/none_v3" "txd46324a6c07c4659b3210-0069220458" "proxy-server 88816" 0.0111 "-" 96156 0
Nov 22 13:43:36 np0005532311.novalocal proxy-server[88815]: ::1 ::1 22/Nov/2025/18/43/36 PUT /v1/AUTH_7e6379b038b744d2b4ed9c56e55784eb/gnocchi.58f6d4c1-1b8a-4e97-b4e9-001a602f6105/none_v3 HTTP/1.0 201 - python-swiftclient-4.5.0 gAAAAABpIgQFZCvZ... 22 - - txfb0347e3f8314019b5507-0069220458 - 0.0355 - - 1763837016.368711710 1763837016.404192686 0
Nov 22 13:43:36 np0005532311.novalocal object-server[96156]: ::1 - - [22/Nov/2025:18:43:36 +0000] "PUT /3/45811/AUTH_7e6379b038b744d2b4ed9c56e55784eb/gnocchi.ed613db1-2f47-43dc-af2c-53f5aa03029c/none_v3" 201 - "PUT http://[::1]:8080/v1/AUTH_7e6379b038b744d2b4ed9c56e55784eb/gnocchi.ed613db1-2f47-43dc-af2c-53f5aa03029c/none_v3" "txd46324a6c07c4659b3210-0069220458" "proxy-server 88816" 0.0129 "-" 96156 0
Nov 22 13:43:36 np0005532311.novalocal container-server[95853]: ::1 - - [22/Nov/2025:18:43:36 +0000] "PUT /1/193290/AUTH_7e6379b038b744d2b4ed9c56e55784eb/gnocchi.ed613db1-2f47-43dc-af2c-53f5aa03029c/none_v3" 201 - "PUT http://[::1]:8080/2/45811/AUTH_7e6379b038b744d2b4ed9c56e55784eb/gnocchi.ed613db1-2f47-43dc-af2c-53f5aa03029c/none_v3" "txd46324a6c07c4659b3210-0069220458" "object-server 96157" 0.0004 "-" 95853 0
Nov 22 13:43:36 np0005532311.novalocal object-server[96157]: ::1 - - [22/Nov/2025:18:43:36 +0000] "PUT /2/45811/AUTH_7e6379b038b744d2b4ed9c56e55784eb/gnocchi.ed613db1-2f47-43dc-af2c-53f5aa03029c/none_v3" 201 - "PUT http://[::1]:8080/v1/AUTH_7e6379b038b744d2b4ed9c56e55784eb/gnocchi.ed613db1-2f47-43dc-af2c-53f5aa03029c/none_v3" "txd46324a6c07c4659b3210-0069220458" "proxy-server 88816" 0.0155 "-" 96157 0
Nov 22 13:43:36 np0005532311.novalocal proxy-server[88816]: ::1 ::1 22/Nov/2025/18/43/36 PUT /v1/AUTH_7e6379b038b744d2b4ed9c56e55784eb/gnocchi.ed613db1-2f47-43dc-af2c-53f5aa03029c/none_v3 HTTP/1.0 201 - python-swiftclient-4.5.0 gAAAAABpIgQAXILt... 22 - - txd46324a6c07c4659b3210-0069220458 - 0.0263 - - 1763837016.382477283 1763837016.408783674 0
Nov 22 13:43:36 np0005532311.novalocal container-server[95854]: ::1 - - [22/Nov/2025:18:43:36 +0000] "HEAD /3/156893/AUTH_7e6379b038b744d2b4ed9c56e55784eb/gnocchi.92c84fe2-c89b-4f60-98c1-00eea0850ea3" 404 - "HEAD http://[::1]:8080/v1/AUTH_7e6379b038b744d2b4ed9c56e55784eb/gnocchi.92c84fe2-c89b-4f60-98c1-00eea0850ea3" "tx4a6f98c36c064ad897460-0069220458" "proxy-server 88815" 0.0003 "-" 95854 0
Nov 22 13:43:36 np0005532311.novalocal container-server[95854]: ::1 - - [22/Nov/2025:18:43:36 +0000] "HEAD /1/156893/AUTH_7e6379b038b744d2b4ed9c56e55784eb/gnocchi.92c84fe2-c89b-4f60-98c1-00eea0850ea3" 404 - "HEAD http://[::1]:8080/v1/AUTH_7e6379b038b744d2b4ed9c56e55784eb/gnocchi.92c84fe2-c89b-4f60-98c1-00eea0850ea3" "tx4a6f98c36c064ad897460-0069220458" "proxy-server 88815" 0.0001 "-" 95854 0
Nov 22 13:43:36 np0005532311.novalocal container-server[95853]: ::1 - - [22/Nov/2025:18:43:36 +0000] "HEAD /2/156893/AUTH_7e6379b038b744d2b4ed9c56e55784eb/gnocchi.92c84fe2-c89b-4f60-98c1-00eea0850ea3" 404 - "HEAD http://[::1]:8080/v1/AUTH_7e6379b038b744d2b4ed9c56e55784eb/gnocchi.92c84fe2-c89b-4f60-98c1-00eea0850ea3" "tx4a6f98c36c064ad897460-0069220458" "proxy-server 88815" 0.0003 "-" 95853 0
Nov 22 13:43:36 np0005532311.novalocal proxy-server[88815]: - - 22/Nov/2025/18/43/36 HEAD /v1/AUTH_7e6379b038b744d2b4ed9c56e55784eb/gnocchi.92c84fe2-c89b-4f60-98c1-00eea0850ea3 HTTP/1.0 404 - Swift - - - - tx4a6f98c36c064ad897460-0069220458 - 0.0073 CS - 1763837016.415918112 1763837016.423250437 0
Nov 22 13:43:36 np0005532311.novalocal object-server[96156]: ::1 - - [22/Nov/2025:18:43:36 +0000] "GET /3/165216/AUTH_7e6379b038b744d2b4ed9c56e55784eb/gnocchi.92c84fe2-c89b-4f60-98c1-00eea0850ea3/none_v3" 404 70 "GET http://[::1]:8080/v1/AUTH_7e6379b038b744d2b4ed9c56e55784eb/gnocchi.92c84fe2-c89b-4f60-98c1-00eea0850ea3/none_v3" "tx4a6f98c36c064ad897460-0069220458" "proxy-server 88815" 0.0003 "-" 96156 0
Nov 22 13:43:36 np0005532311.novalocal container-server[95853]: ::1 - - [22/Nov/2025:18:43:36 +0000] "HEAD /3/172834/AUTH_7e6379b038b744d2b4ed9c56e55784eb/gnocchi.18eeab11-de4e-43ec-bfda-2059c01721f4" 404 - "HEAD http://[::1]:8080/v1/AUTH_7e6379b038b744d2b4ed9c56e55784eb/gnocchi.18eeab11-de4e-43ec-bfda-2059c01721f4" "tx761fc04e906540ec8c755-0069220458" "proxy-server 88816" 0.0003 "-" 95853 0
Nov 22 13:43:36 np0005532311.novalocal container-server[95853]: ::1 - - [22/Nov/2025:18:43:36 +0000] "HEAD /1/172834/AUTH_7e6379b038b744d2b4ed9c56e55784eb/gnocchi.18eeab11-de4e-43ec-bfda-2059c01721f4" 404 - "HEAD http://[::1]:8080/v1/AUTH_7e6379b038b744d2b4ed9c56e55784eb/gnocchi.18eeab11-de4e-43ec-bfda-2059c01721f4" "tx761fc04e906540ec8c755-0069220458" "proxy-server 88816" 0.0003 "-" 95853 0
Nov 22 13:43:36 np0005532311.novalocal object-server[96156]: ::1 - - [22/Nov/2025:18:43:36 +0000] "GET /2/165216/AUTH_7e6379b038b744d2b4ed9c56e55784eb/gnocchi.92c84fe2-c89b-4f60-98c1-00eea0850ea3/none_v3" 404 70 "GET http://[::1]:8080/v1/AUTH_7e6379b038b744d2b4ed9c56e55784eb/gnocchi.92c84fe2-c89b-4f60-98c1-00eea0850ea3/none_v3" "tx4a6f98c36c064ad897460-0069220458" "proxy-server 88815" 0.0001 "-" 96156 0
Nov 22 13:43:36 np0005532311.novalocal container-server[95854]: ::1 - - [22/Nov/2025:18:43:36 +0000] "HEAD /2/172834/AUTH_7e6379b038b744d2b4ed9c56e55784eb/gnocchi.18eeab11-de4e-43ec-bfda-2059c01721f4" 404 - "HEAD http://[::1]:8080/v1/AUTH_7e6379b038b744d2b4ed9c56e55784eb/gnocchi.18eeab11-de4e-43ec-bfda-2059c01721f4" "tx761fc04e906540ec8c755-0069220458" "proxy-server 88816" 0.0002 "-" 95854 0
Nov 22 13:43:36 np0005532311.novalocal proxy-server[88816]: - - 22/Nov/2025/18/43/36 HEAD /v1/AUTH_7e6379b038b744d2b4ed9c56e55784eb/gnocchi.18eeab11-de4e-43ec-bfda-2059c01721f4 HTTP/1.0 404 - Swift - - - - tx761fc04e906540ec8c755-0069220458 - 0.0081 CS - 1763837016.425470114 1763837016.433619499 0
Nov 22 13:43:36 np0005532311.novalocal object-server[96156]: ::1 - - [22/Nov/2025:18:43:36 +0000] "GET /1/165216/AUTH_7e6379b038b744d2b4ed9c56e55784eb/gnocchi.92c84fe2-c89b-4f60-98c1-00eea0850ea3/none_v3" 404 70 "GET http://[::1]:8080/v1/AUTH_7e6379b038b744d2b4ed9c56e55784eb/gnocchi.92c84fe2-c89b-4f60-98c1-00eea0850ea3/none_v3" "tx4a6f98c36c064ad897460-0069220458" "proxy-server 88815" 0.0002 "-" 96156 0
Nov 22 13:43:36 np0005532311.novalocal proxy-server[88815]: ::1 ::1 22/Nov/2025/18/43/36 GET /v1/AUTH_7e6379b038b744d2b4ed9c56e55784eb/gnocchi.92c84fe2-c89b-4f60-98c1-00eea0850ea3/none_v3 HTTP/1.0 404 - python-swiftclient-4.5.0 gAAAAABpIgQFZCvZ... - 70 - tx4a6f98c36c064ad897460-0069220458 - 0.0225 - - 1763837016.414451122 1763837016.436927557 0
Nov 22 13:43:36 np0005532311.novalocal object-server[96157]: ::1 - - [22/Nov/2025:18:43:36 +0000] "GET /2/8347/AUTH_7e6379b038b744d2b4ed9c56e55784eb/gnocchi.18eeab11-de4e-43ec-bfda-2059c01721f4/none_v3" 404 70 "GET http://[::1]:8080/v1/AUTH_7e6379b038b744d2b4ed9c56e55784eb/gnocchi.18eeab11-de4e-43ec-bfda-2059c01721f4/none_v3" "tx761fc04e906540ec8c755-0069220458" "proxy-server 88816" 0.0002 "-" 96157 0
Nov 22 13:43:36 np0005532311.novalocal object-server[96157]: ::1 - - [22/Nov/2025:18:43:36 +0000] "GET /1/8347/AUTH_7e6379b038b744d2b4ed9c56e55784eb/gnocchi.18eeab11-de4e-43ec-bfda-2059c01721f4/none_v3" 404 70 "GET http://[::1]:8080/v1/AUTH_7e6379b038b744d2b4ed9c56e55784eb/gnocchi.18eeab11-de4e-43ec-bfda-2059c01721f4/none_v3" "tx761fc04e906540ec8c755-0069220458" "proxy-server 88816" 0.0002 "-" 96157 0
Nov 22 13:43:36 np0005532311.novalocal object-server[96156]: ::1 - - [22/Nov/2025:18:43:36 +0000] "GET /3/8347/AUTH_7e6379b038b744d2b4ed9c56e55784eb/gnocchi.18eeab11-de4e-43ec-bfda-2059c01721f4/none_v3" 404 70 "GET http://[::1]:8080/v1/AUTH_7e6379b038b744d2b4ed9c56e55784eb/gnocchi.18eeab11-de4e-43ec-bfda-2059c01721f4/none_v3" "tx761fc04e906540ec8c755-0069220458" "proxy-server 88816" 0.0004 "-" 96156 0
Nov 22 13:43:36 np0005532311.novalocal proxy-server[88816]: ::1 ::1 22/Nov/2025/18/43/36 GET /v1/AUTH_7e6379b038b744d2b4ed9c56e55784eb/gnocchi.18eeab11-de4e-43ec-bfda-2059c01721f4/none_v3 HTTP/1.0 404 - python-swiftclient-4.5.0 gAAAAABpIgQAXILt... - 70 - tx761fc04e906540ec8c755-0069220458 - 0.0237 - - 1763837016.423456907 1763837016.447125673 0
Nov 22 13:43:36 np0005532311.novalocal account-server[95554]: ::1 - - [22/Nov/2025:18:43:36 +0000] "PUT /2/156665/AUTH_7e6379b038b744d2b4ed9c56e55784eb/gnocchi.92c84fe2-c89b-4f60-98c1-00eea0850ea3" 201 - "PUT http://[::1]:6001/1/156893/AUTH_7e6379b038b744d2b4ed9c56e55784eb/gnocchi.92c84fe2-c89b-4f60-98c1-00eea0850ea3" "txb59f52ce8275437b96303-0069220458" "container-server 95854" 0.0043 "-" 95554 0
Nov 22 13:43:36 np0005532311.novalocal account-server[95553]: ::1 - - [22/Nov/2025:18:43:36 +0000] "PUT /3/156665/AUTH_7e6379b038b744d2b4ed9c56e55784eb/gnocchi.92c84fe2-c89b-4f60-98c1-00eea0850ea3" 201 - "PUT http://[::1]:6001/2/156893/AUTH_7e6379b038b744d2b4ed9c56e55784eb/gnocchi.92c84fe2-c89b-4f60-98c1-00eea0850ea3" "txb59f52ce8275437b96303-0069220458" "container-server 95853" 0.0033 "-" 95553 0
Nov 22 13:43:36 np0005532311.novalocal account-server[95553]: ::1 - - [22/Nov/2025:18:43:36 +0000] "PUT /1/156665/AUTH_7e6379b038b744d2b4ed9c56e55784eb/gnocchi.92c84fe2-c89b-4f60-98c1-00eea0850ea3" 201 - "PUT http://[::1]:6001/3/156893/AUTH_7e6379b038b744d2b4ed9c56e55784eb/gnocchi.92c84fe2-c89b-4f60-98c1-00eea0850ea3" "txb59f52ce8275437b96303-0069220458" "container-server 95853" 0.0051 "-" 95553 0
Nov 22 13:43:36 np0005532311.novalocal container-server[95854]: ::1 - - [22/Nov/2025:18:43:36 +0000] "PUT /1/156893/AUTH_7e6379b038b744d2b4ed9c56e55784eb/gnocchi.92c84fe2-c89b-4f60-98c1-00eea0850ea3" 201 - "PUT http://[::1]:8080/v1/AUTH_7e6379b038b744d2b4ed9c56e55784eb/gnocchi.92c84fe2-c89b-4f60-98c1-00eea0850ea3" "txb59f52ce8275437b96303-0069220458" "proxy-server 88815" 0.0262 "-" 95854 0
Nov 22 13:43:36 np0005532311.novalocal container-server[95853]: ::1 - - [22/Nov/2025:18:43:36 +0000] "PUT /3/156893/AUTH_7e6379b038b744d2b4ed9c56e55784eb/gnocchi.92c84fe2-c89b-4f60-98c1-00eea0850ea3" 201 - "PUT http://[::1]:8080/v1/AUTH_7e6379b038b744d2b4ed9c56e55784eb/gnocchi.92c84fe2-c89b-4f60-98c1-00eea0850ea3" "txb59f52ce8275437b96303-0069220458" "proxy-server 88815" 0.0180 "-" 95853 0
Nov 22 13:43:36 np0005532311.novalocal container-server[95853]: ::1 - - [22/Nov/2025:18:43:36 +0000] "PUT /2/156893/AUTH_7e6379b038b744d2b4ed9c56e55784eb/gnocchi.92c84fe2-c89b-4f60-98c1-00eea0850ea3" 201 - "PUT http://[::1]:8080/v1/AUTH_7e6379b038b744d2b4ed9c56e55784eb/gnocchi.92c84fe2-c89b-4f60-98c1-00eea0850ea3" "txb59f52ce8275437b96303-0069220458" "proxy-server 88815" 0.0269 "-" 95853 0
Nov 22 13:43:36 np0005532311.novalocal account-server[95554]: ::1 - - [22/Nov/2025:18:43:36 +0000] "PUT /2/156665/AUTH_7e6379b038b744d2b4ed9c56e55784eb/gnocchi.18eeab11-de4e-43ec-bfda-2059c01721f4" 201 - "PUT http://[::1]:6001/1/172834/AUTH_7e6379b038b744d2b4ed9c56e55784eb/gnocchi.18eeab11-de4e-43ec-bfda-2059c01721f4" "txc7a56d6460d94e5d89da3-0069220458" "container-server 95854" 0.0041 "-" 95554 0
Nov 22 13:43:36 np0005532311.novalocal container-server[95854]: ::1 - - [22/Nov/2025:18:43:36 +0000] "PUT /1/172834/AUTH_7e6379b038b744d2b4ed9c56e55784eb/gnocchi.18eeab11-de4e-43ec-bfda-2059c01721f4" 201 - "PUT http://[::1]:8080/v1/AUTH_7e6379b038b744d2b4ed9c56e55784eb/gnocchi.18eeab11-de4e-43ec-bfda-2059c01721f4" "txc7a56d6460d94e5d89da3-0069220458" "proxy-server 88816" 0.0192 "-" 95854 0
Nov 22 13:43:36 np0005532311.novalocal account-server[95553]: ::1 - - [22/Nov/2025:18:43:36 +0000] "PUT /1/156665/AUTH_7e6379b038b744d2b4ed9c56e55784eb/gnocchi.18eeab11-de4e-43ec-bfda-2059c01721f4" 201 - "PUT http://[::1]:6001/2/172834/AUTH_7e6379b038b744d2b4ed9c56e55784eb/gnocchi.18eeab11-de4e-43ec-bfda-2059c01721f4" "txc7a56d6460d94e5d89da3-0069220458" "container-server 95853" 0.0066 "-" 95553 0
Nov 22 13:43:36 np0005532311.novalocal proxy-server[88815]: ::1 ::1 22/Nov/2025/18/43/36 PUT /v1/AUTH_7e6379b038b744d2b4ed9c56e55784eb/gnocchi.92c84fe2-c89b-4f60-98c1-00eea0850ea3 HTTP/1.0 201 - python-swiftclient-4.5.0 gAAAAABpIgQFZCvZ... - - - txb59f52ce8275437b96303-0069220458 - 0.0376 - - 1763837016.439287663 1763837016.476857901 0
Nov 22 13:43:36 np0005532311.novalocal container-server[95853]: ::1 - - [22/Nov/2025:18:43:36 +0000] "PUT /2/172834/AUTH_7e6379b038b744d2b4ed9c56e55784eb/gnocchi.18eeab11-de4e-43ec-bfda-2059c01721f4" 201 - "PUT http://[::1]:8080/v1/AUTH_7e6379b038b744d2b4ed9c56e55784eb/gnocchi.18eeab11-de4e-43ec-bfda-2059c01721f4" "txc7a56d6460d94e5d89da3-0069220458" "proxy-server 88816" 0.0178 "-" 95853 0
Nov 22 13:43:36 np0005532311.novalocal account-server[95554]: ::1 - - [22/Nov/2025:18:43:36 +0000] "PUT /3/156665/AUTH_7e6379b038b744d2b4ed9c56e55784eb/gnocchi.18eeab11-de4e-43ec-bfda-2059c01721f4" 201 - "PUT http://[::1]:6001/3/172834/AUTH_7e6379b038b744d2b4ed9c56e55784eb/gnocchi.18eeab11-de4e-43ec-bfda-2059c01721f4" "txc7a56d6460d94e5d89da3-0069220458" "container-server 95854" 0.0036 "-" 95554 0
Nov 22 13:43:36 np0005532311.novalocal container-server[95854]: ::1 - - [22/Nov/2025:18:43:36 +0000] "PUT /3/172834/AUTH_7e6379b038b744d2b4ed9c56e55784eb/gnocchi.18eeab11-de4e-43ec-bfda-2059c01721f4" 201 - "PUT http://[::1]:8080/v1/AUTH_7e6379b038b744d2b4ed9c56e55784eb/gnocchi.18eeab11-de4e-43ec-bfda-2059c01721f4" "txc7a56d6460d94e5d89da3-0069220458" "proxy-server 88816" 0.0183 "-" 95854 0
Nov 22 13:43:36 np0005532311.novalocal proxy-server[88816]: ::1 ::1 22/Nov/2025/18/43/36 PUT /v1/AUTH_7e6379b038b744d2b4ed9c56e55784eb/gnocchi.18eeab11-de4e-43ec-bfda-2059c01721f4 HTTP/1.0 201 - python-swiftclient-4.5.0 gAAAAABpIgQAXILt... - - - txc7a56d6460d94e5d89da3-0069220458 - 0.0304 - - 1763837016.449840069 1763837016.480239391 0
Nov 22 13:43:36 np0005532311.novalocal container-server[95854]: ::1 - - [22/Nov/2025:18:43:36 +0000] "HEAD /2/156893/AUTH_7e6379b038b744d2b4ed9c56e55784eb/gnocchi.92c84fe2-c89b-4f60-98c1-00eea0850ea3" 204 - "HEAD http://[::1]:8080/v1/AUTH_7e6379b038b744d2b4ed9c56e55784eb/gnocchi.92c84fe2-c89b-4f60-98c1-00eea0850ea3" "txa27965a84319460d89e71-0069220458" "proxy-server 88815" 0.0010 "-" 95854 0
Nov 22 13:43:36 np0005532311.novalocal proxy-server[88815]: - - 22/Nov/2025/18/43/36 HEAD /v1/AUTH_7e6379b038b744d2b4ed9c56e55784eb/gnocchi.92c84fe2-c89b-4f60-98c1-00eea0850ea3 HTTP/1.0 204 - Swift - - - - txa27965a84319460d89e71-0069220458 - 0.0048 CS - 1763837016.480777264 1763837016.485562801 0
Nov 22 13:43:36 np0005532311.novalocal container-server[95854]: ::1 - - [22/Nov/2025:18:43:36 +0000] "HEAD /1/172834/AUTH_7e6379b038b744d2b4ed9c56e55784eb/gnocchi.18eeab11-de4e-43ec-bfda-2059c01721f4" 204 - "HEAD http://[::1]:8080/v1/AUTH_7e6379b038b744d2b4ed9c56e55784eb/gnocchi.18eeab11-de4e-43ec-bfda-2059c01721f4" "txa7d96cb5248c4a88bc4c6-0069220458" "proxy-server 88816" 0.0011 "-" 95854 0
Nov 22 13:43:36 np0005532311.novalocal proxy-server[88816]: - - 22/Nov/2025/18/43/36 HEAD /v1/AUTH_7e6379b038b744d2b4ed9c56e55784eb/gnocchi.18eeab11-de4e-43ec-bfda-2059c01721f4 HTTP/1.0 204 - Swift - - - - txa7d96cb5248c4a88bc4c6-0069220458 - 0.0039 CS - 1763837016.483928680 1763837016.487869978 0
Nov 22 13:43:36 np0005532311.novalocal container-server[95853]: ::1 - - [22/Nov/2025:18:43:36 +0000] "GET /3/156893/AUTH_7e6379b038b744d2b4ed9c56e55784eb/gnocchi.92c84fe2-c89b-4f60-98c1-00eea0850ea3" 200 2 "GET http://[::1]:8080/v1/AUTH_7e6379b038b744d2b4ed9c56e55784eb/gnocchi.92c84fe2-c89b-4f60-98c1-00eea0850ea3?format=json&states=listing" "txa27965a84319460d89e71-0069220458" "proxy-server 88815" 0.0024 "-" 95853 0
Nov 22 13:43:36 np0005532311.novalocal proxy-server[88815]: ::1 ::1 22/Nov/2025/18/43/36 GET /v1/AUTH_7e6379b038b744d2b4ed9c56e55784eb/gnocchi.92c84fe2-c89b-4f60-98c1-00eea0850ea3%3Fformat%3Djson%26states%3Dlisting HTTP/1.0 200 - python-swiftclient-4.5.0 gAAAAABpIgQFZCvZ... - 2 - txa27965a84319460d89e71-0069220458 - 0.0150 - - 1763837016.480314255 1763837016.495306730 0
Nov 22 13:43:36 np0005532311.novalocal container-server[95853]: ::1 - - [22/Nov/2025:18:43:36 +0000] "GET /2/172834/AUTH_7e6379b038b744d2b4ed9c56e55784eb/gnocchi.18eeab11-de4e-43ec-bfda-2059c01721f4" 200 2 "GET http://[::1]:8080/v1/AUTH_7e6379b038b744d2b4ed9c56e55784eb/gnocchi.18eeab11-de4e-43ec-bfda-2059c01721f4?format=json&states=listing" "txa7d96cb5248c4a88bc4c6-0069220458" "proxy-server 88816" 0.0019 "-" 95853 0
Nov 22 13:43:36 np0005532311.novalocal proxy-server[88816]: ::1 ::1 22/Nov/2025/18/43/36 GET /v1/AUTH_7e6379b038b744d2b4ed9c56e55784eb/gnocchi.18eeab11-de4e-43ec-bfda-2059c01721f4%3Fformat%3Djson%26states%3Dlisting HTTP/1.0 200 - python-swiftclient-4.5.0 gAAAAABpIgQAXILt... - 2 - txa7d96cb5248c4a88bc4c6-0069220458 - 0.0148 - - 1763837016.483241796 1763837016.498070002 0
Nov 22 13:43:36 np0005532311.novalocal object-server[96157]: ::1 - - [22/Nov/2025:18:43:36 +0000] "GET /1/178641/AUTH_7e6379b038b744d2b4ed9c56e55784eb/gnocchi.92c84fe2-c89b-4f60-98c1-00eea0850ea3/1763640000.0_mean_300.0_v3" 404 70 "GET http://[::1]:8080/v1/AUTH_7e6379b038b744d2b4ed9c56e55784eb/gnocchi.92c84fe2-c89b-4f60-98c1-00eea0850ea3/1763640000.0_mean_300.0_v3" "tx31b8e5eff3ff4fd393d01-0069220458" "proxy-server 88815" 0.0003 "-" 96157 0
Nov 22 13:43:36 np0005532311.novalocal object-server[96157]: ::1 - - [22/Nov/2025:18:43:36 +0000] "GET /3/72776/AUTH_7e6379b038b744d2b4ed9c56e55784eb/gnocchi.18eeab11-de4e-43ec-bfda-2059c01721f4/1763640000.0_mean_300.0_v3" 404 70 "GET http://[::1]:8080/v1/AUTH_7e6379b038b744d2b4ed9c56e55784eb/gnocchi.18eeab11-de4e-43ec-bfda-2059c01721f4/1763640000.0_mean_300.0_v3" "tx941f1cc2249c4210acfb2-0069220458" "proxy-server 88816" 0.0001 "-" 96157 0
Nov 22 13:43:36 np0005532311.novalocal object-server[96157]: ::1 - - [22/Nov/2025:18:43:36 +0000] "GET /3/178641/AUTH_7e6379b038b744d2b4ed9c56e55784eb/gnocchi.92c84fe2-c89b-4f60-98c1-00eea0850ea3/1763640000.0_mean_300.0_v3" 404 70 "GET http://[::1]:8080/v1/AUTH_7e6379b038b744d2b4ed9c56e55784eb/gnocchi.92c84fe2-c89b-4f60-98c1-00eea0850ea3/1763640000.0_mean_300.0_v3" "tx31b8e5eff3ff4fd393d01-0069220458" "proxy-server 88815" 0.0002 "-" 96157 0
Nov 22 13:43:36 np0005532311.novalocal object-server[96157]: ::1 - - [22/Nov/2025:18:43:36 +0000] "GET /1/72776/AUTH_7e6379b038b744d2b4ed9c56e55784eb/gnocchi.18eeab11-de4e-43ec-bfda-2059c01721f4/1763640000.0_mean_300.0_v3" 404 70 "GET http://[::1]:8080/v1/AUTH_7e6379b038b744d2b4ed9c56e55784eb/gnocchi.18eeab11-de4e-43ec-bfda-2059c01721f4/1763640000.0_mean_300.0_v3" "tx941f1cc2249c4210acfb2-0069220458" "proxy-server 88816" 0.0001 "-" 96157 0
Nov 22 13:43:36 np0005532311.novalocal object-server[96157]: ::1 - - [22/Nov/2025:18:43:36 +0000] "GET /2/178641/AUTH_7e6379b038b744d2b4ed9c56e55784eb/gnocchi.92c84fe2-c89b-4f60-98c1-00eea0850ea3/1763640000.0_mean_300.0_v3" 404 70 "GET http://[::1]:8080/v1/AUTH_7e6379b038b744d2b4ed9c56e55784eb/gnocchi.92c84fe2-c89b-4f60-98c1-00eea0850ea3/1763640000.0_mean_300.0_v3" "tx31b8e5eff3ff4fd393d01-0069220458" "proxy-server 88815" 0.0001 "-" 96157 0
Nov 22 13:43:36 np0005532311.novalocal proxy-server[88815]: ::1 ::1 22/Nov/2025/18/43/36 GET /v1/AUTH_7e6379b038b744d2b4ed9c56e55784eb/gnocchi.92c84fe2-c89b-4f60-98c1-00eea0850ea3/1763640000.0_mean_300.0_v3 HTTP/1.0 404 - python-swiftclient-4.5.0 gAAAAABpIgQFZCvZ... - 70 - tx31b8e5eff3ff4fd393d01-0069220458 - 0.0097 - - 1763837016.499291182 1763837016.508974075 0
Nov 22 13:43:36 np0005532311.novalocal object-server[96156]: ::1 - - [22/Nov/2025:18:43:36 +0000] "GET /2/72776/AUTH_7e6379b038b744d2b4ed9c56e55784eb/gnocchi.18eeab11-de4e-43ec-bfda-2059c01721f4/1763640000.0_mean_300.0_v3" 404 70 "GET http://[::1]:8080/v1/AUTH_7e6379b038b744d2b4ed9c56e55784eb/gnocchi.18eeab11-de4e-43ec-bfda-2059c01721f4/1763640000.0_mean_300.0_v3" "tx941f1cc2249c4210acfb2-0069220458" "proxy-server 88816" 0.0003 "-" 96156 0
Nov 22 13:43:36 np0005532311.novalocal proxy-server[88816]: ::1 ::1 22/Nov/2025/18/43/36 GET /v1/AUTH_7e6379b038b744d2b4ed9c56e55784eb/gnocchi.18eeab11-de4e-43ec-bfda-2059c01721f4/1763640000.0_mean_300.0_v3 HTTP/1.0 404 - python-swiftclient-4.5.0 gAAAAABpIgQAXILt... - 70 - tx941f1cc2249c4210acfb2-0069220458 - 0.0094 - - 1763837016.501132011 1763837016.510483742 0
Nov 22 13:43:36 np0005532311.novalocal container-server[95854]: ::1 - - [22/Nov/2025:18:43:36 +0000] "PUT /3/172834/AUTH_7e6379b038b744d2b4ed9c56e55784eb/gnocchi.18eeab11-de4e-43ec-bfda-2059c01721f4/1763640000.0_mean_300.0_v3" 201 - "PUT http://[::1]:8080/3/72776/AUTH_7e6379b038b744d2b4ed9c56e55784eb/gnocchi.18eeab11-de4e-43ec-bfda-2059c01721f4/1763640000.0_mean_300.0_v3" "tx3b328fa712674427af588-0069220458" "object-server 96157" 0.0009 "-" 95854 0
Nov 22 13:43:36 np0005532311.novalocal object-server[96157]: ::1 - - [22/Nov/2025:18:43:36 +0000] "PUT /3/72776/AUTH_7e6379b038b744d2b4ed9c56e55784eb/gnocchi.18eeab11-de4e-43ec-bfda-2059c01721f4/1763640000.0_mean_300.0_v3" 201 - "PUT http://[::1]:8080/v1/AUTH_7e6379b038b744d2b4ed9c56e55784eb/gnocchi.18eeab11-de4e-43ec-bfda-2059c01721f4/1763640000.0_mean_300.0_v3" "tx3b328fa712674427af588-0069220458" "proxy-server 88816" 0.0150 "-" 96157 0
Nov 22 13:43:36 np0005532311.novalocal container-server[95853]: ::1 - - [22/Nov/2025:18:43:36 +0000] "PUT /3/156893/AUTH_7e6379b038b744d2b4ed9c56e55784eb/gnocchi.92c84fe2-c89b-4f60-98c1-00eea0850ea3/1763640000.0_mean_300.0_v3" 201 - "PUT http://[::1]:8080/3/178641/AUTH_7e6379b038b744d2b4ed9c56e55784eb/gnocchi.92c84fe2-c89b-4f60-98c1-00eea0850ea3/1763640000.0_mean_300.0_v3" "tx3b5edaff00b342bb9aa84-0069220458" "object-server 96156" 0.0006 "-" 95853 0
Nov 22 13:43:36 np0005532311.novalocal object-server[96156]: ::1 - - [22/Nov/2025:18:43:36 +0000] "PUT /3/178641/AUTH_7e6379b038b744d2b4ed9c56e55784eb/gnocchi.92c84fe2-c89b-4f60-98c1-00eea0850ea3/1763640000.0_mean_300.0_v3" 201 - "PUT http://[::1]:8080/v1/AUTH_7e6379b038b744d2b4ed9c56e55784eb/gnocchi.92c84fe2-c89b-4f60-98c1-00eea0850ea3/1763640000.0_mean_300.0_v3" "tx3b5edaff00b342bb9aa84-0069220458" "proxy-server 88815" 0.0171 "-" 96156 0
Nov 22 13:43:36 np0005532311.novalocal container-server[95854]: ::1 - - [22/Nov/2025:18:43:36 +0000] "PUT /2/172834/AUTH_7e6379b038b744d2b4ed9c56e55784eb/gnocchi.18eeab11-de4e-43ec-bfda-2059c01721f4/1763640000.0_mean_300.0_v3" 201 - "PUT http://[::1]:8080/1/72776/AUTH_7e6379b038b744d2b4ed9c56e55784eb/gnocchi.18eeab11-de4e-43ec-bfda-2059c01721f4/1763640000.0_mean_300.0_v3" "tx3b328fa712674427af588-0069220458" "object-server 96157" 0.0007 "-" 95854 0
Nov 22 13:43:36 np0005532311.novalocal object-server[96157]: ::1 - - [22/Nov/2025:18:43:36 +0000] "PUT /1/72776/AUTH_7e6379b038b744d2b4ed9c56e55784eb/gnocchi.18eeab11-de4e-43ec-bfda-2059c01721f4/1763640000.0_mean_300.0_v3" 201 - "PUT http://[::1]:8080/v1/AUTH_7e6379b038b744d2b4ed9c56e55784eb/gnocchi.18eeab11-de4e-43ec-bfda-2059c01721f4/1763640000.0_mean_300.0_v3" "tx3b328fa712674427af588-0069220458" "proxy-server 88816" 0.0162 "-" 96157 0
Nov 22 13:43:36 np0005532311.novalocal container-server[95854]: ::1 - - [22/Nov/2025:18:43:36 +0000] "PUT /1/172834/AUTH_7e6379b038b744d2b4ed9c56e55784eb/gnocchi.18eeab11-de4e-43ec-bfda-2059c01721f4/1763640000.0_mean_300.0_v3" 201 - "PUT http://[::1]:8080/2/72776/AUTH_7e6379b038b744d2b4ed9c56e55784eb/gnocchi.18eeab11-de4e-43ec-bfda-2059c01721f4/1763640000.0_mean_300.0_v3" "tx3b328fa712674427af588-0069220458" "object-server 96156" 0.0008 "-" 95854 0
Nov 22 13:43:36 np0005532311.novalocal object-server[96156]: ::1 - - [22/Nov/2025:18:43:36 +0000] "PUT /2/72776/AUTH_7e6379b038b744d2b4ed9c56e55784eb/gnocchi.18eeab11-de4e-43ec-bfda-2059c01721f4/1763640000.0_mean_300.0_v3" 201 - "PUT http://[::1]:8080/v1/AUTH_7e6379b038b744d2b4ed9c56e55784eb/gnocchi.18eeab11-de4e-43ec-bfda-2059c01721f4/1763640000.0_mean_300.0_v3" "tx3b328fa712674427af588-0069220458" "proxy-server 88816" 0.0160 "-" 96156 0
Nov 22 13:43:36 np0005532311.novalocal container-server[95854]: ::1 - - [22/Nov/2025:18:43:36 +0000] "PUT /1/156893/AUTH_7e6379b038b744d2b4ed9c56e55784eb/gnocchi.92c84fe2-c89b-4f60-98c1-00eea0850ea3/1763640000.0_mean_300.0_v3" 201 - "PUT http://[::1]:8080/2/178641/AUTH_7e6379b038b744d2b4ed9c56e55784eb/gnocchi.92c84fe2-c89b-4f60-98c1-00eea0850ea3/1763640000.0_mean_300.0_v3" "tx3b5edaff00b342bb9aa84-0069220458" "object-server 96156" 0.0007 "-" 95854 0
Nov 22 13:43:36 np0005532311.novalocal proxy-server[88816]: ::1 ::1 22/Nov/2025/18/43/36 PUT /v1/AUTH_7e6379b038b744d2b4ed9c56e55784eb/gnocchi.18eeab11-de4e-43ec-bfda-2059c01721f4/1763640000.0_mean_300.0_v3 HTTP/1.0 201 - python-swiftclient-4.5.0 gAAAAABpIgQAXILt... 16 - - tx3b328fa712674427af588-0069220458 - 0.0265 - - 1763837016.514007092 1763837016.540510416 0
Nov 22 13:43:36 np0005532311.novalocal object-server[96156]: ::1 - - [22/Nov/2025:18:43:36 +0000] "PUT /2/178641/AUTH_7e6379b038b744d2b4ed9c56e55784eb/gnocchi.92c84fe2-c89b-4f60-98c1-00eea0850ea3/1763640000.0_mean_300.0_v3" 201 - "PUT http://[::1]:8080/v1/AUTH_7e6379b038b744d2b4ed9c56e55784eb/gnocchi.92c84fe2-c89b-4f60-98c1-00eea0850ea3/1763640000.0_mean_300.0_v3" "tx3b5edaff00b342bb9aa84-0069220458" "proxy-server 88815" 0.0207 "-" 96156 0
Nov 22 13:43:36 np0005532311.novalocal container-server[95854]: ::1 - - [22/Nov/2025:18:43:36 +0000] "PUT /2/156893/AUTH_7e6379b038b744d2b4ed9c56e55784eb/gnocchi.92c84fe2-c89b-4f60-98c1-00eea0850ea3/1763640000.0_mean_300.0_v3" 201 - "PUT http://[::1]:8080/1/178641/AUTH_7e6379b038b744d2b4ed9c56e55784eb/gnocchi.92c84fe2-c89b-4f60-98c1-00eea0850ea3/1763640000.0_mean_300.0_v3" "tx3b5edaff00b342bb9aa84-0069220458" "object-server 96156" 0.0006 "-" 95854 0
Nov 22 13:43:36 np0005532311.novalocal object-server[96156]: ::1 - - [22/Nov/2025:18:43:36 +0000] "PUT /1/178641/AUTH_7e6379b038b744d2b4ed9c56e55784eb/gnocchi.92c84fe2-c89b-4f60-98c1-00eea0850ea3/1763640000.0_mean_300.0_v3" 201 - "PUT http://[::1]:8080/v1/AUTH_7e6379b038b744d2b4ed9c56e55784eb/gnocchi.92c84fe2-c89b-4f60-98c1-00eea0850ea3/1763640000.0_mean_300.0_v3" "tx3b5edaff00b342bb9aa84-0069220458" "proxy-server 88815" 0.0217 "-" 96156 0
Nov 22 13:43:36 np0005532311.novalocal proxy-server[88815]: ::1 ::1 22/Nov/2025/18/43/36 PUT /v1/AUTH_7e6379b038b744d2b4ed9c56e55784eb/gnocchi.92c84fe2-c89b-4f60-98c1-00eea0850ea3/1763640000.0_mean_300.0_v3 HTTP/1.0 201 - python-swiftclient-4.5.0 gAAAAABpIgQFZCvZ... 16 - - tx3b5edaff00b342bb9aa84-0069220458 - 0.0323 - - 1763837016.512366533 1763837016.544712782 0
Nov 22 13:43:36 np0005532311.novalocal container-server[95854]: ::1 - - [22/Nov/2025:18:43:36 +0000] "PUT /3/172834/AUTH_7e6379b038b744d2b4ed9c56e55784eb/gnocchi.18eeab11-de4e-43ec-bfda-2059c01721f4/none_v3" 201 - "PUT http://[::1]:8080/1/8347/AUTH_7e6379b038b744d2b4ed9c56e55784eb/gnocchi.18eeab11-de4e-43ec-bfda-2059c01721f4/none_v3" "txef894802090e47949999c-0069220458" "object-server 96156" 0.0006 "-" 95854 0
Nov 22 13:43:36 np0005532311.novalocal object-server[96156]: ::1 - - [22/Nov/2025:18:43:36 +0000] "PUT /1/8347/AUTH_7e6379b038b744d2b4ed9c56e55784eb/gnocchi.18eeab11-de4e-43ec-bfda-2059c01721f4/none_v3" 201 - "PUT http://[::1]:8080/v1/AUTH_7e6379b038b744d2b4ed9c56e55784eb/gnocchi.18eeab11-de4e-43ec-bfda-2059c01721f4/none_v3" "txef894802090e47949999c-0069220458" "proxy-server 88816" 0.0223 "-" 96156 0
