Nov 22 13:42:58 np0005532311.novalocal proxy-server[88815]: ::1 ::1 22/Nov/2025/18/42/58 PUT /v1/AUTH_7e6379b038b744d2b4ed9c56e55784eb/gnocchi.fa5a7c07-f1fd-45b9-9182-9f1866c0e513/none_v3 HTTP/1.0 201 - python-swiftclient-4.5.0 gAAAAABpIgQFZCvZ... 45 - - tx07a1a79efddd45b5882e8-0069220432 - 0.0298 - - 1763836978.829708815 1763836978.859475613 0
Nov 22 13:42:58 np0005532311.novalocal container-server[95853]: ::1 - - [22/Nov/2025:18:42:58 +0000] "PUT /3/74804/AUTH_7e6379b038b744d2b4ed9c56e55784eb/gnocchi.c619218c-8cf8-4bbe-8c71-3b2bf6e16108/none_v3" 201 - "PUT http://[::1]:8080/2/253035/AUTH_7e6379b038b744d2b4ed9c56e55784eb/gnocchi.c619218c-8cf8-4bbe-8c71-3b2bf6e16108/none_v3" "txb971cae83ee543f4bcd4b-0069220432" "object-server 96157" 0.0005 "-" 95853 0
Nov 22 13:42:58 np0005532311.novalocal container-server[95854]: ::1 - - [22/Nov/2025:18:42:58 +0000] "PUT /2/74804/AUTH_7e6379b038b744d2b4ed9c56e55784eb/gnocchi.c619218c-8cf8-4bbe-8c71-3b2bf6e16108/none_v3" 201 - "PUT http://[::1]:8080/1/253035/AUTH_7e6379b038b744d2b4ed9c56e55784eb/gnocchi.c619218c-8cf8-4bbe-8c71-3b2bf6e16108/none_v3" "txb971cae83ee543f4bcd4b-0069220432" "object-server 96157" 0.0007 "-" 95854 0
Nov 22 13:42:58 np0005532311.novalocal container-server[95853]: ::1 - - [22/Nov/2025:18:42:58 +0000] "PUT /1/74804/AUTH_7e6379b038b744d2b4ed9c56e55784eb/gnocchi.c619218c-8cf8-4bbe-8c71-3b2bf6e16108/none_v3" 201 - "PUT http://[::1]:8080/3/253035/AUTH_7e6379b038b744d2b4ed9c56e55784eb/gnocchi.c619218c-8cf8-4bbe-8c71-3b2bf6e16108/none_v3" "txb971cae83ee543f4bcd4b-0069220432" "object-server 96156" 0.0003 "-" 95853 0
Nov 22 13:42:58 np0005532311.novalocal object-server[96157]: ::1 - - [22/Nov/2025:18:42:58 +0000] "PUT /2/253035/AUTH_7e6379b038b744d2b4ed9c56e55784eb/gnocchi.c619218c-8cf8-4bbe-8c71-3b2bf6e16108/none_v3" 201 - "PUT http://[::1]:8080/v1/AUTH_7e6379b038b744d2b4ed9c56e55784eb/gnocchi.c619218c-8cf8-4bbe-8c71-3b2bf6e16108/none_v3" "txb971cae83ee543f4bcd4b-0069220432" "proxy-server 88816" 0.0116 "-" 96157 0
Nov 22 13:42:58 np0005532311.novalocal object-server[96157]: ::1 - - [22/Nov/2025:18:42:58 +0000] "PUT /1/253035/AUTH_7e6379b038b744d2b4ed9c56e55784eb/gnocchi.c619218c-8cf8-4bbe-8c71-3b2bf6e16108/none_v3" 201 - "PUT http://[::1]:8080/v1/AUTH_7e6379b038b744d2b4ed9c56e55784eb/gnocchi.c619218c-8cf8-4bbe-8c71-3b2bf6e16108/none_v3" "txb971cae83ee543f4bcd4b-0069220432" "proxy-server 88816" 0.0095 "-" 96157 0
Nov 22 13:42:58 np0005532311.novalocal object-server[96156]: ::1 - - [22/Nov/2025:18:42:58 +0000] "PUT /3/253035/AUTH_7e6379b038b744d2b4ed9c56e55784eb/gnocchi.c619218c-8cf8-4bbe-8c71-3b2bf6e16108/none_v3" 201 - "PUT http://[::1]:8080/v1/AUTH_7e6379b038b744d2b4ed9c56e55784eb/gnocchi.c619218c-8cf8-4bbe-8c71-3b2bf6e16108/none_v3" "txb971cae83ee543f4bcd4b-0069220432" "proxy-server 88816" 0.0121 "-" 96156 0
Nov 22 13:42:58 np0005532311.novalocal proxy-server[88816]: ::1 ::1 22/Nov/2025/18/42/58 PUT /v1/AUTH_7e6379b038b744d2b4ed9c56e55784eb/gnocchi.c619218c-8cf8-4bbe-8c71-3b2bf6e16108/none_v3 HTTP/1.0 201 - python-swiftclient-4.5.0 gAAAAABpIgQAXILt... 36 - - txb971cae83ee543f4bcd4b-0069220432 - 0.0251 - - 1763836978.850089073 1763836978.875148296 0
Nov 22 13:42:59 np0005532311.novalocal container-server[95853]: ::1 - - [22/Nov/2025:18:42:59 +0000] "HEAD /2/32244/AUTH_7e6379b038b744d2b4ed9c56e55784eb/gnocchi.d93d016c-a4ef-4070-8b4f-092029c24db4" 404 - "HEAD http://[::1]:8080/v1/AUTH_7e6379b038b744d2b4ed9c56e55784eb/gnocchi.d93d016c-a4ef-4070-8b4f-092029c24db4" "tx1bba1546b9604672b3d56-0069220433" "proxy-server 88816" 0.0002 "-" 95853 0
Nov 22 13:42:59 np0005532311.novalocal container-server[95853]: ::1 - - [22/Nov/2025:18:42:59 +0000] "HEAD /1/32244/AUTH_7e6379b038b744d2b4ed9c56e55784eb/gnocchi.d93d016c-a4ef-4070-8b4f-092029c24db4" 404 - "HEAD http://[::1]:8080/v1/AUTH_7e6379b038b744d2b4ed9c56e55784eb/gnocchi.d93d016c-a4ef-4070-8b4f-092029c24db4" "tx1bba1546b9604672b3d56-0069220433" "proxy-server 88816" 0.0002 "-" 95853 0
Nov 22 13:42:59 np0005532311.novalocal container-server[95854]: ::1 - - [22/Nov/2025:18:42:59 +0000] "HEAD /3/32244/AUTH_7e6379b038b744d2b4ed9c56e55784eb/gnocchi.d93d016c-a4ef-4070-8b4f-092029c24db4" 404 - "HEAD http://[::1]:8080/v1/AUTH_7e6379b038b744d2b4ed9c56e55784eb/gnocchi.d93d016c-a4ef-4070-8b4f-092029c24db4" "tx1bba1546b9604672b3d56-0069220433" "proxy-server 88816" 0.0003 "-" 95854 0
Nov 22 13:42:59 np0005532311.novalocal proxy-server[88816]: - - 22/Nov/2025/18/42/59 HEAD /v1/AUTH_7e6379b038b744d2b4ed9c56e55784eb/gnocchi.d93d016c-a4ef-4070-8b4f-092029c24db4 HTTP/1.0 404 - Swift - - - - tx1bba1546b9604672b3d56-0069220433 - 0.0157 CS - 1763836979.892121315 1763836979.907821417 0
Nov 22 13:42:59 np0005532311.novalocal object-server[96156]: ::1 - - [22/Nov/2025:18:42:59 +0000] "GET /1/127414/AUTH_7e6379b038b744d2b4ed9c56e55784eb/gnocchi.d93d016c-a4ef-4070-8b4f-092029c24db4/none_v3" 404 70 "GET http://[::1]:8080/v1/AUTH_7e6379b038b744d2b4ed9c56e55784eb/gnocchi.d93d016c-a4ef-4070-8b4f-092029c24db4/none_v3" "tx1bba1546b9604672b3d56-0069220433" "proxy-server 88816" 0.0004 "-" 96156 0
Nov 22 13:42:59 np0005532311.novalocal object-server[96156]: ::1 - - [22/Nov/2025:18:42:59 +0000] "GET /3/127414/AUTH_7e6379b038b744d2b4ed9c56e55784eb/gnocchi.d93d016c-a4ef-4070-8b4f-092029c24db4/none_v3" 404 70 "GET http://[::1]:8080/v1/AUTH_7e6379b038b744d2b4ed9c56e55784eb/gnocchi.d93d016c-a4ef-4070-8b4f-092029c24db4/none_v3" "tx1bba1546b9604672b3d56-0069220433" "proxy-server 88816" 0.0002 "-" 96156 0
Nov 22 13:42:59 np0005532311.novalocal container-server[95853]: ::1 - - [22/Nov/2025:18:42:59 +0000] "HEAD /2/62988/AUTH_7e6379b038b744d2b4ed9c56e55784eb/gnocchi.3a59331f-2560-4391-8890-2b1f04358a0b" 404 - "HEAD http://[::1]:8080/v1/AUTH_7e6379b038b744d2b4ed9c56e55784eb/gnocchi.3a59331f-2560-4391-8890-2b1f04358a0b" "tx1f38f6a3902a4b1f8888a-0069220433" "proxy-server 88815" 0.0003 "-" 95853 0
Nov 22 13:42:59 np0005532311.novalocal container-server[95854]: ::1 - - [22/Nov/2025:18:42:59 +0000] "HEAD /1/62988/AUTH_7e6379b038b744d2b4ed9c56e55784eb/gnocchi.3a59331f-2560-4391-8890-2b1f04358a0b" 404 - "HEAD http://[::1]:8080/v1/AUTH_7e6379b038b744d2b4ed9c56e55784eb/gnocchi.3a59331f-2560-4391-8890-2b1f04358a0b" "tx1f38f6a3902a4b1f8888a-0069220433" "proxy-server 88815" 0.0003 "-" 95854 0
Nov 22 13:42:59 np0005532311.novalocal object-server[96156]: ::1 - - [22/Nov/2025:18:42:59 +0000] "GET /2/127414/AUTH_7e6379b038b744d2b4ed9c56e55784eb/gnocchi.d93d016c-a4ef-4070-8b4f-092029c24db4/none_v3" 404 70 "GET http://[::1]:8080/v1/AUTH_7e6379b038b744d2b4ed9c56e55784eb/gnocchi.d93d016c-a4ef-4070-8b4f-092029c24db4/none_v3" "tx1bba1546b9604672b3d56-0069220433" "proxy-server 88816" 0.0003 "-" 96156 0
Nov 22 13:42:59 np0005532311.novalocal container-server[95854]: ::1 - - [22/Nov/2025:18:42:59 +0000] "HEAD /3/62988/AUTH_7e6379b038b744d2b4ed9c56e55784eb/gnocchi.3a59331f-2560-4391-8890-2b1f04358a0b" 404 - "HEAD http://[::1]:8080/v1/AUTH_7e6379b038b744d2b4ed9c56e55784eb/gnocchi.3a59331f-2560-4391-8890-2b1f04358a0b" "tx1f38f6a3902a4b1f8888a-0069220433" "proxy-server 88815" 0.0002 "-" 95854 0
Nov 22 13:42:59 np0005532311.novalocal proxy-server[88815]: - - 22/Nov/2025/18/42/59 HEAD /v1/AUTH_7e6379b038b744d2b4ed9c56e55784eb/gnocchi.3a59331f-2560-4391-8890-2b1f04358a0b HTTP/1.0 404 - Swift - - - - tx1f38f6a3902a4b1f8888a-0069220433 - 0.0124 CS - 1763836979.914947987 1763836979.927313566 0
Nov 22 13:42:59 np0005532311.novalocal proxy-server[88816]: ::1 ::1 22/Nov/2025/18/42/59 GET /v1/AUTH_7e6379b038b744d2b4ed9c56e55784eb/gnocchi.d93d016c-a4ef-4070-8b4f-092029c24db4/none_v3 HTTP/1.0 404 - python-swiftclient-4.5.0 gAAAAABpIgQAXILt... - 70 - tx1bba1546b9604672b3d56-0069220433 - 0.0399 - - 1763836979.891228914 1763836979.931124449 0
Nov 22 13:42:59 np0005532311.novalocal object-server[96156]: ::1 - - [22/Nov/2025:18:42:59 +0000] "GET /2/214038/AUTH_7e6379b038b744d2b4ed9c56e55784eb/gnocchi.3a59331f-2560-4391-8890-2b1f04358a0b/none_v3" 404 70 "GET http://[::1]:8080/v1/AUTH_7e6379b038b744d2b4ed9c56e55784eb/gnocchi.3a59331f-2560-4391-8890-2b1f04358a0b/none_v3" "tx1f38f6a3902a4b1f8888a-0069220433" "proxy-server 88815" 0.0003 "-" 96156 0
Nov 22 13:42:59 np0005532311.novalocal object-server[96156]: ::1 - - [22/Nov/2025:18:42:59 +0000] "GET /3/214038/AUTH_7e6379b038b744d2b4ed9c56e55784eb/gnocchi.3a59331f-2560-4391-8890-2b1f04358a0b/none_v3" 404 70 "GET http://[::1]:8080/v1/AUTH_7e6379b038b744d2b4ed9c56e55784eb/gnocchi.3a59331f-2560-4391-8890-2b1f04358a0b/none_v3" "tx1f38f6a3902a4b1f8888a-0069220433" "proxy-server 88815" 0.0002 "-" 96156 0
Nov 22 13:42:59 np0005532311.novalocal object-server[96156]: ::1 - - [22/Nov/2025:18:42:59 +0000] "GET /1/214038/AUTH_7e6379b038b744d2b4ed9c56e55784eb/gnocchi.3a59331f-2560-4391-8890-2b1f04358a0b/none_v3" 404 70 "GET http://[::1]:8080/v1/AUTH_7e6379b038b744d2b4ed9c56e55784eb/gnocchi.3a59331f-2560-4391-8890-2b1f04358a0b/none_v3" "tx1f38f6a3902a4b1f8888a-0069220433" "proxy-server 88815" 0.0001 "-" 96156 0
Nov 22 13:42:59 np0005532311.novalocal proxy-server[88815]: ::1 ::1 22/Nov/2025/18/42/59 GET /v1/AUTH_7e6379b038b744d2b4ed9c56e55784eb/gnocchi.3a59331f-2560-4391-8890-2b1f04358a0b/none_v3 HTTP/1.0 404 - python-swiftclient-4.5.0 gAAAAABpIgQFZCvZ... - 70 - tx1f38f6a3902a4b1f8888a-0069220433 - 0.0310 - - 1763836979.911776781 1763836979.942788601 0
Nov 22 13:42:59 np0005532311.novalocal account-server[95554]: ::1 - - [22/Nov/2025:18:42:59 +0000] "PUT /2/156665/AUTH_7e6379b038b744d2b4ed9c56e55784eb/gnocchi.d93d016c-a4ef-4070-8b4f-092029c24db4" 201 - "PUT http://[::1]:6001/1/32244/AUTH_7e6379b038b744d2b4ed9c56e55784eb/gnocchi.d93d016c-a4ef-4070-8b4f-092029c24db4" "tx335114c6e78b4ac1aada9-0069220433" "container-server 95854" 0.0043 "-" 95554 0
Nov 22 13:42:59 np0005532311.novalocal container-server[95854]: ::1 - - [22/Nov/2025:18:42:59 +0000] "PUT /1/32244/AUTH_7e6379b038b744d2b4ed9c56e55784eb/gnocchi.d93d016c-a4ef-4070-8b4f-092029c24db4" 201 - "PUT http://[::1]:8080/v1/AUTH_7e6379b038b744d2b4ed9c56e55784eb/gnocchi.d93d016c-a4ef-4070-8b4f-092029c24db4" "tx335114c6e78b4ac1aada9-0069220433" "proxy-server 88816" 0.0156 "-" 95854 0
Nov 22 13:42:59 np0005532311.novalocal account-server[95554]: ::1 - - [22/Nov/2025:18:42:59 +0000] "PUT /3/156665/AUTH_7e6379b038b744d2b4ed9c56e55784eb/gnocchi.d93d016c-a4ef-4070-8b4f-092029c24db4" 201 - "PUT http://[::1]:6001/3/32244/AUTH_7e6379b038b744d2b4ed9c56e55784eb/gnocchi.d93d016c-a4ef-4070-8b4f-092029c24db4" "tx335114c6e78b4ac1aada9-0069220433" "container-server 95853" 0.0035 "-" 95554 0
Nov 22 13:42:59 np0005532311.novalocal container-server[95853]: ::1 - - [22/Nov/2025:18:42:59 +0000] "PUT /3/32244/AUTH_7e6379b038b744d2b4ed9c56e55784eb/gnocchi.d93d016c-a4ef-4070-8b4f-092029c24db4" 201 - "PUT http://[::1]:8080/v1/AUTH_7e6379b038b744d2b4ed9c56e55784eb/gnocchi.d93d016c-a4ef-4070-8b4f-092029c24db4" "tx335114c6e78b4ac1aada9-0069220433" "proxy-server 88816" 0.0199 "-" 95853 0
Nov 22 13:42:59 np0005532311.novalocal account-server[95554]: ::1 - - [22/Nov/2025:18:42:59 +0000] "PUT /1/156665/AUTH_7e6379b038b744d2b4ed9c56e55784eb/gnocchi.d93d016c-a4ef-4070-8b4f-092029c24db4" 201 - "PUT http://[::1]:6001/2/32244/AUTH_7e6379b038b744d2b4ed9c56e55784eb/gnocchi.d93d016c-a4ef-4070-8b4f-092029c24db4" "tx335114c6e78b4ac1aada9-0069220433" "container-server 95853" 0.0082 "-" 95554 0
Nov 22 13:42:59 np0005532311.novalocal container-server[95853]: ::1 - - [22/Nov/2025:18:42:59 +0000] "PUT /2/32244/AUTH_7e6379b038b744d2b4ed9c56e55784eb/gnocchi.d93d016c-a4ef-4070-8b4f-092029c24db4" 201 - "PUT http://[::1]:8080/v1/AUTH_7e6379b038b744d2b4ed9c56e55784eb/gnocchi.d93d016c-a4ef-4070-8b4f-092029c24db4" "tx335114c6e78b4ac1aada9-0069220433" "proxy-server 88816" 0.0206 "-" 95853 0
Nov 22 13:42:59 np0005532311.novalocal account-server[95553]: ::1 - - [22/Nov/2025:18:42:59 +0000] "PUT /3/156665/AUTH_7e6379b038b744d2b4ed9c56e55784eb/gnocchi.3a59331f-2560-4391-8890-2b1f04358a0b" 201 - "PUT http://[::1]:6001/1/62988/AUTH_7e6379b038b744d2b4ed9c56e55784eb/gnocchi.3a59331f-2560-4391-8890-2b1f04358a0b" "tx8aff6d6780574b41addf8-0069220433" "container-server 95854" 0.0037 "-" 95553 0
Nov 22 13:42:59 np0005532311.novalocal proxy-server[88816]: ::1 ::1 22/Nov/2025/18/42/59 PUT /v1/AUTH_7e6379b038b744d2b4ed9c56e55784eb/gnocchi.d93d016c-a4ef-4070-8b4f-092029c24db4 HTTP/1.0 201 - python-swiftclient-4.5.0 gAAAAABpIgQAXILt... - - - tx335114c6e78b4ac1aada9-0069220433 - 0.0343 - - 1763836979.933859348 1763836979.968176603 0
Nov 22 13:42:59 np0005532311.novalocal container-server[95854]: ::1 - - [22/Nov/2025:18:42:59 +0000] "PUT /1/62988/AUTH_7e6379b038b744d2b4ed9c56e55784eb/gnocchi.3a59331f-2560-4391-8890-2b1f04358a0b" 201 - "PUT http://[::1]:8080/v1/AUTH_7e6379b038b744d2b4ed9c56e55784eb/gnocchi.3a59331f-2560-4391-8890-2b1f04358a0b" "tx8aff6d6780574b41addf8-0069220433" "proxy-server 88815" 0.0120 "-" 95854 0
Nov 22 13:42:59 np0005532311.novalocal account-server[95554]: ::1 - - [22/Nov/2025:18:42:59 +0000] "PUT /2/156665/AUTH_7e6379b038b744d2b4ed9c56e55784eb/gnocchi.3a59331f-2560-4391-8890-2b1f04358a0b" 201 - "PUT http://[::1]:6001/2/62988/AUTH_7e6379b038b744d2b4ed9c56e55784eb/gnocchi.3a59331f-2560-4391-8890-2b1f04358a0b" "tx8aff6d6780574b41addf8-0069220433" "container-server 95854" 0.0038 "-" 95554 0
Nov 22 13:42:59 np0005532311.novalocal container-server[95854]: ::1 - - [22/Nov/2025:18:42:59 +0000] "PUT /2/62988/AUTH_7e6379b038b744d2b4ed9c56e55784eb/gnocchi.3a59331f-2560-4391-8890-2b1f04358a0b" 201 - "PUT http://[::1]:8080/v1/AUTH_7e6379b038b744d2b4ed9c56e55784eb/gnocchi.3a59331f-2560-4391-8890-2b1f04358a0b" "tx8aff6d6780574b41addf8-0069220433" "proxy-server 88815" 0.0227 "-" 95854 0
Nov 22 13:42:59 np0005532311.novalocal account-server[95553]: ::1 - - [22/Nov/2025:18:42:59 +0000] "PUT /1/156665/AUTH_7e6379b038b744d2b4ed9c56e55784eb/gnocchi.3a59331f-2560-4391-8890-2b1f04358a0b" 201 - "PUT http://[::1]:6001/3/62988/AUTH_7e6379b038b744d2b4ed9c56e55784eb/gnocchi.3a59331f-2560-4391-8890-2b1f04358a0b" "tx8aff6d6780574b41addf8-0069220433" "container-server 95853" 0.0136 "-" 95553 0
Nov 22 13:42:59 np0005532311.novalocal container-server[95853]: ::1 - - [22/Nov/2025:18:42:59 +0000] "HEAD /1/32244/AUTH_7e6379b038b744d2b4ed9c56e55784eb/gnocchi.d93d016c-a4ef-4070-8b4f-092029c24db4" 204 - "HEAD http://[::1]:8080/v1/AUTH_7e6379b038b744d2b4ed9c56e55784eb/gnocchi.d93d016c-a4ef-4070-8b4f-092029c24db4" "txfd34fafd3f9f401cadf6c-0069220433" "proxy-server 88816" 0.0011 "-" 95853 0
Nov 22 13:42:59 np0005532311.novalocal container-server[95853]: ::1 - - [22/Nov/2025:18:42:59 +0000] "PUT /3/62988/AUTH_7e6379b038b744d2b4ed9c56e55784eb/gnocchi.3a59331f-2560-4391-8890-2b1f04358a0b" 201 - "PUT http://[::1]:8080/v1/AUTH_7e6379b038b744d2b4ed9c56e55784eb/gnocchi.3a59331f-2560-4391-8890-2b1f04358a0b" "tx8aff6d6780574b41addf8-0069220433" "proxy-server 88815" 0.0223 "-" 95853 0
Nov 22 13:42:59 np0005532311.novalocal proxy-server[88816]: - - 22/Nov/2025/18/42/59 HEAD /v1/AUTH_7e6379b038b744d2b4ed9c56e55784eb/gnocchi.d93d016c-a4ef-4070-8b4f-092029c24db4 HTTP/1.0 204 - Swift - - - - txfd34fafd3f9f401cadf6c-0069220433 - 0.0035 CS - 1763836979.972107172 1763836979.975605726 0
Nov 22 13:42:59 np0005532311.novalocal proxy-server[88815]: ::1 ::1 22/Nov/2025/18/42/59 PUT /v1/AUTH_7e6379b038b744d2b4ed9c56e55784eb/gnocchi.3a59331f-2560-4391-8890-2b1f04358a0b HTTP/1.0 201 - python-swiftclient-4.5.0 gAAAAABpIgQFZCvZ... - - - tx8aff6d6780574b41addf8-0069220433 - 0.0311 - - 1763836979.945374489 1763836979.976432562 0
Nov 22 13:42:59 np0005532311.novalocal container-server[95854]: ::1 - - [22/Nov/2025:18:42:59 +0000] "GET /3/32244/AUTH_7e6379b038b744d2b4ed9c56e55784eb/gnocchi.d93d016c-a4ef-4070-8b4f-092029c24db4" 200 2 "GET http://[::1]:8080/v1/AUTH_7e6379b038b744d2b4ed9c56e55784eb/gnocchi.d93d016c-a4ef-4070-8b4f-092029c24db4?format=json&states=listing" "txfd34fafd3f9f401cadf6c-0069220433" "proxy-server 88816" 0.0018 "-" 95854 0
Nov 22 13:42:59 np0005532311.novalocal proxy-server[88816]: ::1 ::1 22/Nov/2025/18/42/59 GET /v1/AUTH_7e6379b038b744d2b4ed9c56e55784eb/gnocchi.d93d016c-a4ef-4070-8b4f-092029c24db4%3Fformat%3Djson%26states%3Dlisting HTTP/1.0 200 - python-swiftclient-4.5.0 gAAAAABpIgQAXILt... - 2 - txfd34fafd3f9f401cadf6c-0069220433 - 0.0107 - - 1763836979.971647263 1763836979.982309818 0
Nov 22 13:42:59 np0005532311.novalocal container-server[95854]: ::1 - - [22/Nov/2025:18:42:59 +0000] "HEAD /2/62988/AUTH_7e6379b038b744d2b4ed9c56e55784eb/gnocchi.3a59331f-2560-4391-8890-2b1f04358a0b" 204 - "HEAD http://[::1]:8080/v1/AUTH_7e6379b038b744d2b4ed9c56e55784eb/gnocchi.3a59331f-2560-4391-8890-2b1f04358a0b" "txdb888acf77054c3394781-0069220433" "proxy-server 88815" 0.0010 "-" 95854 0
Nov 22 13:42:59 np0005532311.novalocal proxy-server[88815]: - - 22/Nov/2025/18/42/59 HEAD /v1/AUTH_7e6379b038b744d2b4ed9c56e55784eb/gnocchi.3a59331f-2560-4391-8890-2b1f04358a0b HTTP/1.0 204 - Swift - - - - txdb888acf77054c3394781-0069220433 - 0.0036 CS - 1763836979.979850054 1763836979.983495235 0
Nov 22 13:42:59 np0005532311.novalocal object-server[96157]: ::1 - - [22/Nov/2025:18:42:59 +0000] "GET /2/211133/AUTH_7e6379b038b744d2b4ed9c56e55784eb/gnocchi.d93d016c-a4ef-4070-8b4f-092029c24db4/1763640000.0_mean_300.0_v3" 404 70 "GET http://[::1]:8080/v1/AUTH_7e6379b038b744d2b4ed9c56e55784eb/gnocchi.d93d016c-a4ef-4070-8b4f-092029c24db4/1763640000.0_mean_300.0_v3" "tx0ae7b58b8a6044f8bfd3b-0069220433" "proxy-server 88816" 0.0002 "-" 96157 0
Nov 22 13:42:59 np0005532311.novalocal container-server[95854]: ::1 - - [22/Nov/2025:18:42:59 +0000] "GET /1/62988/AUTH_7e6379b038b744d2b4ed9c56e55784eb/gnocchi.3a59331f-2560-4391-8890-2b1f04358a0b" 200 2 "GET http://[::1]:8080/v1/AUTH_7e6379b038b744d2b4ed9c56e55784eb/gnocchi.3a59331f-2560-4391-8890-2b1f04358a0b?format=json&states=listing" "txdb888acf77054c3394781-0069220433" "proxy-server 88815" 0.0014 "-" 95854 0
Nov 22 13:42:59 np0005532311.novalocal object-server[96156]: ::1 - - [22/Nov/2025:18:42:59 +0000] "GET /3/211133/AUTH_7e6379b038b744d2b4ed9c56e55784eb/gnocchi.d93d016c-a4ef-4070-8b4f-092029c24db4/1763640000.0_mean_300.0_v3" 404 70 "GET http://[::1]:8080/v1/AUTH_7e6379b038b744d2b4ed9c56e55784eb/gnocchi.d93d016c-a4ef-4070-8b4f-092029c24db4/1763640000.0_mean_300.0_v3" "tx0ae7b58b8a6044f8bfd3b-0069220433" "proxy-server 88816" 0.0002 "-" 96156 0
Nov 22 13:42:59 np0005532311.novalocal proxy-server[88815]: ::1 ::1 22/Nov/2025/18/42/59 GET /v1/AUTH_7e6379b038b744d2b4ed9c56e55784eb/gnocchi.3a59331f-2560-4391-8890-2b1f04358a0b%3Fformat%3Djson%26states%3Dlisting HTTP/1.0 200 - python-swiftclient-4.5.0 gAAAAABpIgQFZCvZ... - 2 - txdb888acf77054c3394781-0069220433 - 0.0130 - - 1763836979.979364634 1763836979.992336750 0
Nov 22 13:42:59 np0005532311.novalocal object-server[96156]: ::1 - - [22/Nov/2025:18:42:59 +0000] "GET /1/211133/AUTH_7e6379b038b744d2b4ed9c56e55784eb/gnocchi.d93d016c-a4ef-4070-8b4f-092029c24db4/1763640000.0_mean_300.0_v3" 404 70 "GET http://[::1]:8080/v1/AUTH_7e6379b038b744d2b4ed9c56e55784eb/gnocchi.d93d016c-a4ef-4070-8b4f-092029c24db4/1763640000.0_mean_300.0_v3" "tx0ae7b58b8a6044f8bfd3b-0069220433" "proxy-server 88816" 0.0001 "-" 96156 0
Nov 22 13:42:59 np0005532311.novalocal proxy-server[88816]: ::1 ::1 22/Nov/2025/18/42/59 GET /v1/AUTH_7e6379b038b744d2b4ed9c56e55784eb/gnocchi.d93d016c-a4ef-4070-8b4f-092029c24db4/1763640000.0_mean_300.0_v3 HTTP/1.0 404 - python-swiftclient-4.5.0 gAAAAABpIgQAXILt... - 70 - tx0ae7b58b8a6044f8bfd3b-0069220433 - 0.0095 - - 1763836979.984742641 1763836979.994254112 0
Nov 22 13:42:59 np0005532311.novalocal object-server[96156]: ::1 - - [22/Nov/2025:18:42:59 +0000] "GET /2/253227/AUTH_7e6379b038b744d2b4ed9c56e55784eb/gnocchi.3a59331f-2560-4391-8890-2b1f04358a0b/1763640000.0_mean_300.0_v3" 404 70 "GET http://[::1]:8080/v1/AUTH_7e6379b038b744d2b4ed9c56e55784eb/gnocchi.3a59331f-2560-4391-8890-2b1f04358a0b/1763640000.0_mean_300.0_v3" "txaad3c75e4ac545ff970bc-0069220433" "proxy-server 88815" 0.0002 "-" 96156 0
Nov 22 13:43:00 np0005532311.novalocal object-server[96157]: ::1 - - [22/Nov/2025:18:43:00 +0000] "GET /3/253227/AUTH_7e6379b038b744d2b4ed9c56e55784eb/gnocchi.3a59331f-2560-4391-8890-2b1f04358a0b/1763640000.0_mean_300.0_v3" 404 70 "GET http://[::1]:8080/v1/AUTH_7e6379b038b744d2b4ed9c56e55784eb/gnocchi.3a59331f-2560-4391-8890-2b1f04358a0b/1763640000.0_mean_300.0_v3" "txaad3c75e4ac545ff970bc-0069220433" "proxy-server 88815" 0.0002 "-" 96157 0
Nov 22 13:43:00 np0005532311.novalocal object-server[96156]: ::1 - - [22/Nov/2025:18:43:00 +0000] "GET /1/253227/AUTH_7e6379b038b744d2b4ed9c56e55784eb/gnocchi.3a59331f-2560-4391-8890-2b1f04358a0b/1763640000.0_mean_300.0_v3" 404 70 "GET http://[::1]:8080/v1/AUTH_7e6379b038b744d2b4ed9c56e55784eb/gnocchi.3a59331f-2560-4391-8890-2b1f04358a0b/1763640000.0_mean_300.0_v3" "txaad3c75e4ac545ff970bc-0069220433" "proxy-server 88815" 0.0001 "-" 96156 0
Nov 22 13:43:00 np0005532311.novalocal proxy-server[88815]: ::1 ::1 22/Nov/2025/18/43/00 GET /v1/AUTH_7e6379b038b744d2b4ed9c56e55784eb/gnocchi.3a59331f-2560-4391-8890-2b1f04358a0b/1763640000.0_mean_300.0_v3 HTTP/1.0 404 - python-swiftclient-4.5.0 gAAAAABpIgQFZCvZ... - 70 - txaad3c75e4ac545ff970bc-0069220433 - 0.0143 - - 1763836979.995794058 1763836980.010089397 0
Nov 22 13:43:00 np0005532311.novalocal container-server[95854]: ::1 - - [22/Nov/2025:18:43:00 +0000] "PUT /1/32244/AUTH_7e6379b038b744d2b4ed9c56e55784eb/gnocchi.d93d016c-a4ef-4070-8b4f-092029c24db4/1763640000.0_mean_300.0_v3" 201 - "PUT http://[::1]:8080/3/211133/AUTH_7e6379b038b744d2b4ed9c56e55784eb/gnocchi.d93d016c-a4ef-4070-8b4f-092029c24db4/1763640000.0_mean_300.0_v3" "txd84568357c504a8fadadd-0069220433" "object-server 96157" 0.0004 "-" 95854 0
Nov 22 13:43:00 np0005532311.novalocal object-server[96157]: ::1 - - [22/Nov/2025:18:43:00 +0000] "PUT /3/211133/AUTH_7e6379b038b744d2b4ed9c56e55784eb/gnocchi.d93d016c-a4ef-4070-8b4f-092029c24db4/1763640000.0_mean_300.0_v3" 201 - "PUT http://[::1]:8080/v1/AUTH_7e6379b038b744d2b4ed9c56e55784eb/gnocchi.d93d016c-a4ef-4070-8b4f-092029c24db4/1763640000.0_mean_300.0_v3" "txd84568357c504a8fadadd-0069220433" "proxy-server 88816" 0.0117 "-" 96157 0
Nov 22 13:43:00 np0005532311.novalocal container-server[95854]: ::1 - - [22/Nov/2025:18:43:00 +0000] "PUT /2/32244/AUTH_7e6379b038b744d2b4ed9c56e55784eb/gnocchi.d93d016c-a4ef-4070-8b4f-092029c24db4/1763640000.0_mean_300.0_v3" 201 - "PUT http://[::1]:8080/1/211133/AUTH_7e6379b038b744d2b4ed9c56e55784eb/gnocchi.d93d016c-a4ef-4070-8b4f-092029c24db4/1763640000.0_mean_300.0_v3" "txd84568357c504a8fadadd-0069220433" "object-server 96156" 0.0003 "-" 95854 0
Nov 22 13:43:00 np0005532311.novalocal object-server[96156]: ::1 - - [22/Nov/2025:18:43:00 +0000] "PUT /1/211133/AUTH_7e6379b038b744d2b4ed9c56e55784eb/gnocchi.d93d016c-a4ef-4070-8b4f-092029c24db4/1763640000.0_mean_300.0_v3" 201 - "PUT http://[::1]:8080/v1/AUTH_7e6379b038b744d2b4ed9c56e55784eb/gnocchi.d93d016c-a4ef-4070-8b4f-092029c24db4/1763640000.0_mean_300.0_v3" "txd84568357c504a8fadadd-0069220433" "proxy-server 88816" 0.0114 "-" 96156 0
Nov 22 13:43:00 np0005532311.novalocal container-server[95854]: ::1 - - [22/Nov/2025:18:43:00 +0000] "PUT /3/32244/AUTH_7e6379b038b744d2b4ed9c56e55784eb/gnocchi.d93d016c-a4ef-4070-8b4f-092029c24db4/1763640000.0_mean_300.0_v3" 201 - "PUT http://[::1]:8080/2/211133/AUTH_7e6379b038b744d2b4ed9c56e55784eb/gnocchi.d93d016c-a4ef-4070-8b4f-092029c24db4/1763640000.0_mean_300.0_v3" "txd84568357c504a8fadadd-0069220433" "object-server 96156" 0.0004 "-" 95854 0
Nov 22 13:43:00 np0005532311.novalocal object-server[96156]: ::1 - - [22/Nov/2025:18:43:00 +0000] "PUT /2/211133/AUTH_7e6379b038b744d2b4ed9c56e55784eb/gnocchi.d93d016c-a4ef-4070-8b4f-092029c24db4/1763640000.0_mean_300.0_v3" 201 - "PUT http://[::1]:8080/v1/AUTH_7e6379b038b744d2b4ed9c56e55784eb/gnocchi.d93d016c-a4ef-4070-8b4f-092029c24db4/1763640000.0_mean_300.0_v3" "txd84568357c504a8fadadd-0069220433" "proxy-server 88816" 0.0140 "-" 96156 0
Nov 22 13:43:00 np0005532311.novalocal proxy-server[88816]: ::1 ::1 22/Nov/2025/18/43/00 PUT /v1/AUTH_7e6379b038b744d2b4ed9c56e55784eb/gnocchi.d93d016c-a4ef-4070-8b4f-092029c24db4/1763640000.0_mean_300.0_v3 HTTP/1.0 201 - python-swiftclient-4.5.0 gAAAAABpIgQAXILt... 16 - - txd84568357c504a8fadadd-0069220433 - 0.0213 - - 1763836979.996383905 1763836980.017669201 0
Nov 22 13:43:00 np0005532311.novalocal container-server[95853]: ::1 - - [22/Nov/2025:18:43:00 +0000] "PUT /2/62988/AUTH_7e6379b038b744d2b4ed9c56e55784eb/gnocchi.3a59331f-2560-4391-8890-2b1f04358a0b/1763640000.0_mean_300.0_v3" 201 - "PUT http://[::1]:8080/1/253227/AUTH_7e6379b038b744d2b4ed9c56e55784eb/gnocchi.3a59331f-2560-4391-8890-2b1f04358a0b/1763640000.0_mean_300.0_v3" "tx5ba89ea80176440994319-0069220434" "object-server 96156" 0.0005 "-" 95853 0
Nov 22 13:43:00 np0005532311.novalocal object-server[96156]: ::1 - - [22/Nov/2025:18:43:00 +0000] "PUT /1/253227/AUTH_7e6379b038b744d2b4ed9c56e55784eb/gnocchi.3a59331f-2560-4391-8890-2b1f04358a0b/1763640000.0_mean_300.0_v3" 201 - "PUT http://[::1]:8080/v1/AUTH_7e6379b038b744d2b4ed9c56e55784eb/gnocchi.3a59331f-2560-4391-8890-2b1f04358a0b/1763640000.0_mean_300.0_v3" "tx5ba89ea80176440994319-0069220434" "proxy-server 88815" 0.0118 "-" 96156 0
Nov 22 13:43:00 np0005532311.novalocal container-server[95853]: ::1 - - [22/Nov/2025:18:43:00 +0000] "PUT /2/32244/AUTH_7e6379b038b744d2b4ed9c56e55784eb/gnocchi.d93d016c-a4ef-4070-8b4f-092029c24db4/none_v3" 201 - "PUT http://[::1]:8080/1/127414/AUTH_7e6379b038b744d2b4ed9c56e55784eb/gnocchi.d93d016c-a4ef-4070-8b4f-092029c24db4/none_v3" "tx6b7a5cc6b2ec4e68b3145-0069220434" "object-server 96156" 0.0003 "-" 95853 0
Nov 22 13:43:00 np0005532311.novalocal container-server[95854]: ::1 - - [22/Nov/2025:18:43:00 +0000] "PUT /3/62988/AUTH_7e6379b038b744d2b4ed9c56e55784eb/gnocchi.3a59331f-2560-4391-8890-2b1f04358a0b/1763640000.0_mean_300.0_v3" 201 - "PUT http://[::1]:8080/3/253227/AUTH_7e6379b038b744d2b4ed9c56e55784eb/gnocchi.3a59331f-2560-4391-8890-2b1f04358a0b/1763640000.0_mean_300.0_v3" "tx5ba89ea80176440994319-0069220434" "object-server 96157" 0.0007 "-" 95854 0
Nov 22 13:43:00 np0005532311.novalocal container-server[95853]: ::1 - - [22/Nov/2025:18:43:00 +0000] "PUT /1/62988/AUTH_7e6379b038b744d2b4ed9c56e55784eb/gnocchi.3a59331f-2560-4391-8890-2b1f04358a0b/1763640000.0_mean_300.0_v3" 201 - "PUT http://[::1]:8080/2/253227/AUTH_7e6379b038b744d2b4ed9c56e55784eb/gnocchi.3a59331f-2560-4391-8890-2b1f04358a0b/1763640000.0_mean_300.0_v3" "tx5ba89ea80176440994319-0069220434" "object-server 96156" 0.0003 "-" 95853 0
Nov 22 13:43:00 np0005532311.novalocal object-server[96156]: ::1 - - [22/Nov/2025:18:43:00 +0000] "PUT /1/127414/AUTH_7e6379b038b744d2b4ed9c56e55784eb/gnocchi.d93d016c-a4ef-4070-8b4f-092029c24db4/none_v3" 201 - "PUT http://[::1]:8080/v1/AUTH_7e6379b038b744d2b4ed9c56e55784eb/gnocchi.d93d016c-a4ef-4070-8b4f-092029c24db4/none_v3" "tx6b7a5cc6b2ec4e68b3145-0069220434" "proxy-server 88816" 0.0107 "-" 96156 0
Nov 22 13:43:00 np0005532311.novalocal object-server[96157]: ::1 - - [22/Nov/2025:18:43:00 +0000] "PUT /3/253227/AUTH_7e6379b038b744d2b4ed9c56e55784eb/gnocchi.3a59331f-2560-4391-8890-2b1f04358a0b/1763640000.0_mean_300.0_v3" 201 - "PUT http://[::1]:8080/v1/AUTH_7e6379b038b744d2b4ed9c56e55784eb/gnocchi.3a59331f-2560-4391-8890-2b1f04358a0b/1763640000.0_mean_300.0_v3" "tx5ba89ea80176440994319-0069220434" "proxy-server 88815" 0.0141 "-" 96157 0
Nov 22 13:43:00 np0005532311.novalocal object-server[96156]: ::1 - - [22/Nov/2025:18:43:00 +0000] "PUT /2/253227/AUTH_7e6379b038b744d2b4ed9c56e55784eb/gnocchi.3a59331f-2560-4391-8890-2b1f04358a0b/1763640000.0_mean_300.0_v3" 201 - "PUT http://[::1]:8080/v1/AUTH_7e6379b038b744d2b4ed9c56e55784eb/gnocchi.3a59331f-2560-4391-8890-2b1f04358a0b/1763640000.0_mean_300.0_v3" "tx5ba89ea80176440994319-0069220434" "proxy-server 88815" 0.0125 "-" 96156 0
Nov 22 13:43:00 np0005532311.novalocal proxy-server[88815]: ::1 ::1 22/Nov/2025/18/43/00 PUT /v1/AUTH_7e6379b038b744d2b4ed9c56e55784eb/gnocchi.3a59331f-2560-4391-8890-2b1f04358a0b/1763640000.0_mean_300.0_v3 HTTP/1.0 201 - python-swiftclient-4.5.0 gAAAAABpIgQFZCvZ... 16 - - tx5ba89ea80176440994319-0069220434 - 0.0251 - - 1763836980.014263630 1763836980.039397001 0
Nov 22 13:43:00 np0005532311.novalocal container-server[95854]: ::1 - - [22/Nov/2025:18:43:00 +0000] "PUT /1/32244/AUTH_7e6379b038b744d2b4ed9c56e55784eb/gnocchi.d93d016c-a4ef-4070-8b4f-092029c24db4/none_v3" 201 - "PUT http://[::1]:8080/3/127414/AUTH_7e6379b038b744d2b4ed9c56e55784eb/gnocchi.d93d016c-a4ef-4070-8b4f-092029c24db4/none_v3" "tx6b7a5cc6b2ec4e68b3145-0069220434" "object-server 96157" 0.0009 "-" 95854 0
Nov 22 13:43:00 np0005532311.novalocal container-server[95854]: ::1 - - [22/Nov/2025:18:43:00 +0000] "PUT /3/32244/AUTH_7e6379b038b744d2b4ed9c56e55784eb/gnocchi.d93d016c-a4ef-4070-8b4f-092029c24db4/none_v3" 201 - "PUT http://[::1]:8080/2/127414/AUTH_7e6379b038b744d2b4ed9c56e55784eb/gnocchi.d93d016c-a4ef-4070-8b4f-092029c24db4/none_v3" "tx6b7a5cc6b2ec4e68b3145-0069220434" "object-server 96157" 0.0003 "-" 95854 0
Nov 22 13:43:00 np0005532311.novalocal object-server[96157]: ::1 - - [22/Nov/2025:18:43:00 +0000] "PUT /3/127414/AUTH_7e6379b038b744d2b4ed9c56e55784eb/gnocchi.d93d016c-a4ef-4070-8b4f-092029c24db4/none_v3" 201 - "PUT http://[::1]:8080/v1/AUTH_7e6379b038b744d2b4ed9c56e55784eb/gnocchi.d93d016c-a4ef-4070-8b4f-092029c24db4/none_v3" "tx6b7a5cc6b2ec4e68b3145-0069220434" "proxy-server 88816" 0.0155 "-" 96157 0
Nov 22 13:43:00 np0005532311.novalocal object-server[96157]: ::1 - - [22/Nov/2025:18:43:00 +0000] "PUT /2/127414/AUTH_7e6379b038b744d2b4ed9c56e55784eb/gnocchi.d93d016c-a4ef-4070-8b4f-092029c24db4/none_v3" 201 - "PUT http://[::1]:8080/v1/AUTH_7e6379b038b744d2b4ed9c56e55784eb/gnocchi.d93d016c-a4ef-4070-8b4f-092029c24db4/none_v3" "tx6b7a5cc6b2ec4e68b3145-0069220434" "proxy-server 88816" 0.0182 "-" 96157 0
Nov 22 13:43:00 np0005532311.novalocal proxy-server[88816]: ::1 ::1 22/Nov/2025/18/43/00 PUT /v1/AUTH_7e6379b038b744d2b4ed9c56e55784eb/gnocchi.d93d016c-a4ef-4070-8b4f-092029c24db4/none_v3 HTTP/1.0 201 - python-swiftclient-4.5.0 gAAAAABpIgQAXILt... 22 - - tx6b7a5cc6b2ec4e68b3145-0069220434 - 0.0242 - - 1763836980.019654512 1763836980.043816805 0
Nov 22 13:43:00 np0005532311.novalocal container-server[95853]: ::1 - - [22/Nov/2025:18:43:00 +0000] "PUT /1/62988/AUTH_7e6379b038b744d2b4ed9c56e55784eb/gnocchi.3a59331f-2560-4391-8890-2b1f04358a0b/none_v3" 201 - "PUT http://[::1]:8080/3/214038/AUTH_7e6379b038b744d2b4ed9c56e55784eb/gnocchi.3a59331f-2560-4391-8890-2b1f04358a0b/none_v3" "tx9529e8db45db4e12b66db-0069220434" "object-server 96157" 0.0004 "-" 95853 0
Nov 22 13:43:00 np0005532311.novalocal object-server[96157]: ::1 - - [22/Nov/2025:18:43:00 +0000] "PUT /3/214038/AUTH_7e6379b038b744d2b4ed9c56e55784eb/gnocchi.3a59331f-2560-4391-8890-2b1f04358a0b/none_v3" 201 - "PUT http://[::1]:8080/v1/AUTH_7e6379b038b744d2b4ed9c56e55784eb/gnocchi.3a59331f-2560-4391-8890-2b1f04358a0b/none_v3" "tx9529e8db45db4e12b66db-0069220434" "proxy-server 88815" 0.0110 "-" 96157 0
Nov 22 13:43:00 np0005532311.novalocal container-server[95854]: ::1 - - [22/Nov/2025:18:43:00 +0000] "HEAD /1/118403/AUTH_7e6379b038b744d2b4ed9c56e55784eb/gnocchi.9224ffc0-4867-4305-9881-750275629784" 404 - "HEAD http://[::1]:8080/v1/AUTH_7e6379b038b744d2b4ed9c56e55784eb/gnocchi.9224ffc0-4867-4305-9881-750275629784" "tx129abc1e196c4fde8a46f-0069220434" "proxy-server 88816" 0.0003 "-" 95854 0
Nov 22 13:43:00 np0005532311.novalocal container-server[95854]: ::1 - - [22/Nov/2025:18:43:00 +0000] "PUT /2/62988/AUTH_7e6379b038b744d2b4ed9c56e55784eb/gnocchi.3a59331f-2560-4391-8890-2b1f04358a0b/none_v3" 201 - "PUT http://[::1]:8080/1/214038/AUTH_7e6379b038b744d2b4ed9c56e55784eb/gnocchi.3a59331f-2560-4391-8890-2b1f04358a0b/none_v3" "tx9529e8db45db4e12b66db-0069220434" "object-server 96156" 0.0003 "-" 95854 0
Nov 22 13:43:00 np0005532311.novalocal object-server[96156]: ::1 - - [22/Nov/2025:18:43:00 +0000] "PUT /1/214038/AUTH_7e6379b038b744d2b4ed9c56e55784eb/gnocchi.3a59331f-2560-4391-8890-2b1f04358a0b/none_v3" 201 - "PUT http://[::1]:8080/v1/AUTH_7e6379b038b744d2b4ed9c56e55784eb/gnocchi.3a59331f-2560-4391-8890-2b1f04358a0b/none_v3" "tx9529e8db45db4e12b66db-0069220434" "proxy-server 88815" 0.0127 "-" 96156 0
Nov 22 13:43:00 np0005532311.novalocal container-server[95854]: ::1 - - [22/Nov/2025:18:43:00 +0000] "PUT /3/62988/AUTH_7e6379b038b744d2b4ed9c56e55784eb/gnocchi.3a59331f-2560-4391-8890-2b1f04358a0b/none_v3" 201 - "PUT http://[::1]:8080/2/214038/AUTH_7e6379b038b744d2b4ed9c56e55784eb/gnocchi.3a59331f-2560-4391-8890-2b1f04358a0b/none_v3" "tx9529e8db45db4e12b66db-0069220434" "object-server 96157" 0.0004 "-" 95854 0
Nov 22 13:43:00 np0005532311.novalocal object-server[96157]: ::1 - - [22/Nov/2025:18:43:00 +0000] "PUT /2/214038/AUTH_7e6379b038b744d2b4ed9c56e55784eb/gnocchi.3a59331f-2560-4391-8890-2b1f04358a0b/none_v3" 201 - "PUT http://[::1]:8080/v1/AUTH_7e6379b038b744d2b4ed9c56e55784eb/gnocchi.3a59331f-2560-4391-8890-2b1f04358a0b/none_v3" "tx9529e8db45db4e12b66db-0069220434" "proxy-server 88815" 0.0137 "-" 96157 0
Nov 22 13:43:00 np0005532311.novalocal container-server[95854]: ::1 - - [22/Nov/2025:18:43:00 +0000] "HEAD /2/118403/AUTH_7e6379b038b744d2b4ed9c56e55784eb/gnocchi.9224ffc0-4867-4305-9881-750275629784" 404 - "HEAD http://[::1]:8080/v1/AUTH_7e6379b038b744d2b4ed9c56e55784eb/gnocchi.9224ffc0-4867-4305-9881-750275629784" "tx129abc1e196c4fde8a46f-0069220434" "proxy-server 88816" 0.0002 "-" 95854 0
Nov 22 13:43:00 np0005532311.novalocal proxy-server[88815]: ::1 ::1 22/Nov/2025/18/43/00 PUT /v1/AUTH_7e6379b038b744d2b4ed9c56e55784eb/gnocchi.3a59331f-2560-4391-8890-2b1f04358a0b/none_v3 HTTP/1.0 201 - python-swiftclient-4.5.0 gAAAAABpIgQFZCvZ... 22 - - tx9529e8db45db4e12b66db-0069220434 - 0.0234 - - 1763836980.041989565 1763836980.065416336 0
Nov 22 13:43:00 np0005532311.novalocal container-server[95854]: ::1 - - [22/Nov/2025:18:43:00 +0000] "HEAD /3/118403/AUTH_7e6379b038b744d2b4ed9c56e55784eb/gnocchi.9224ffc0-4867-4305-9881-750275629784" 404 - "HEAD http://[::1]:8080/v1/AUTH_7e6379b038b744d2b4ed9c56e55784eb/gnocchi.9224ffc0-4867-4305-9881-750275629784" "tx129abc1e196c4fde8a46f-0069220434" "proxy-server 88816" 0.0005 "-" 95854 0
Nov 22 13:43:00 np0005532311.novalocal proxy-server[88816]: - - 22/Nov/2025/18/43/00 HEAD /v1/AUTH_7e6379b038b744d2b4ed9c56e55784eb/gnocchi.9224ffc0-4867-4305-9881-750275629784 HTTP/1.0 404 - Swift - - - - tx129abc1e196c4fde8a46f-0069220434 - 0.0170 CS - 1763836980.054208755 1763836980.071231127 0
Nov 22 13:43:00 np0005532311.novalocal object-server[96156]: ::1 - - [22/Nov/2025:18:43:00 +0000] "GET /3/245493/AUTH_7e6379b038b744d2b4ed9c56e55784eb/gnocchi.9224ffc0-4867-4305-9881-750275629784/none_v3" 404 70 "GET http://[::1]:8080/v1/AUTH_7e6379b038b744d2b4ed9c56e55784eb/gnocchi.9224ffc0-4867-4305-9881-750275629784/none_v3" "tx129abc1e196c4fde8a46f-0069220434" "proxy-server 88816" 0.0003 "-" 96156 0
Nov 22 13:43:00 np0005532311.novalocal container-server[95853]: ::1 - - [22/Nov/2025:18:43:00 +0000] "HEAD /1/251692/AUTH_7e6379b038b744d2b4ed9c56e55784eb/gnocchi.677c86ed-dcd0-4bef-bff9-b30d7d59d3fa" 404 - "HEAD http://[::1]:8080/v1/AUTH_7e6379b038b744d2b4ed9c56e55784eb/gnocchi.677c86ed-dcd0-4bef-bff9-b30d7d59d3fa" "txd153595870b54b958db4e-0069220434" "proxy-server 88815" 0.0002 "-" 95853 0
Nov 22 13:43:00 np0005532311.novalocal systemd[1]: Starting system activity accounting tool...
Nov 22 13:43:00 np0005532311.novalocal object-server[96156]: ::1 - - [22/Nov/2025:18:43:00 +0000] "GET /1/245493/AUTH_7e6379b038b744d2b4ed9c56e55784eb/gnocchi.9224ffc0-4867-4305-9881-750275629784/none_v3" 404 70 "GET http://[::1]:8080/v1/AUTH_7e6379b038b744d2b4ed9c56e55784eb/gnocchi.9224ffc0-4867-4305-9881-750275629784/none_v3" "tx129abc1e196c4fde8a46f-0069220434" "proxy-server 88816" 0.0001 "-" 96156 0
Nov 22 13:43:00 np0005532311.novalocal object-server[96156]: ::1 - - [22/Nov/2025:18:43:00 +0000] "GET /2/245493/AUTH_7e6379b038b744d2b4ed9c56e55784eb/gnocchi.9224ffc0-4867-4305-9881-750275629784/none_v3" 404 70 "GET http://[::1]:8080/v1/AUTH_7e6379b038b744d2b4ed9c56e55784eb/gnocchi.9224ffc0-4867-4305-9881-750275629784/none_v3" "tx129abc1e196c4fde8a46f-0069220434" "proxy-server 88816" 0.0001 "-" 96156 0
Nov 22 13:43:00 np0005532311.novalocal container-server[95854]: ::1 - - [22/Nov/2025:18:43:00 +0000] "HEAD /3/251692/AUTH_7e6379b038b744d2b4ed9c56e55784eb/gnocchi.677c86ed-dcd0-4bef-bff9-b30d7d59d3fa" 404 - "HEAD http://[::1]:8080/v1/AUTH_7e6379b038b744d2b4ed9c56e55784eb/gnocchi.677c86ed-dcd0-4bef-bff9-b30d7d59d3fa" "txd153595870b54b958db4e-0069220434" "proxy-server 88815" 0.0005 "-" 95854 0
Nov 22 13:43:00 np0005532311.novalocal proxy-server[88816]: ::1 ::1 22/Nov/2025/18/43/00 GET /v1/AUTH_7e6379b038b744d2b4ed9c56e55784eb/gnocchi.9224ffc0-4867-4305-9881-750275629784/none_v3 HTTP/1.0 404 - python-swiftclient-4.5.0 gAAAAABpIgQAXILt... - 70 - tx129abc1e196c4fde8a46f-0069220434 - 0.0283 - - 1763836980.053223372 1763836980.081527233 0
Nov 22 13:43:00 np0005532311.novalocal container-server[95854]: ::1 - - [22/Nov/2025:18:43:00 +0000] "HEAD /2/251692/AUTH_7e6379b038b744d2b4ed9c56e55784eb/gnocchi.677c86ed-dcd0-4bef-bff9-b30d7d59d3fa" 404 - "HEAD http://[::1]:8080/v1/AUTH_7e6379b038b744d2b4ed9c56e55784eb/gnocchi.677c86ed-dcd0-4bef-bff9-b30d7d59d3fa" "txd153595870b54b958db4e-0069220434" "proxy-server 88815" 0.0002 "-" 95854 0
Nov 22 13:43:00 np0005532311.novalocal proxy-server[88815]: - - 22/Nov/2025/18/43/00 HEAD /v1/AUTH_7e6379b038b744d2b4ed9c56e55784eb/gnocchi.677c86ed-dcd0-4bef-bff9-b30d7d59d3fa HTTP/1.0 404 - Swift - - - - txd153595870b54b958db4e-0069220434 - 0.0097 CS - 1763836980.075609207 1763836980.085297346 0
Nov 22 13:43:00 np0005532311.novalocal object-server[96156]: ::1 - - [22/Nov/2025:18:43:00 +0000] "GET /2/175574/AUTH_7e6379b038b744d2b4ed9c56e55784eb/gnocchi.677c86ed-dcd0-4bef-bff9-b30d7d59d3fa/none_v3" 404 70 "GET http://[::1]:8080/v1/AUTH_7e6379b038b744d2b4ed9c56e55784eb/gnocchi.677c86ed-dcd0-4bef-bff9-b30d7d59d3fa/none_v3" "txd153595870b54b958db4e-0069220434" "proxy-server 88815" 0.0001 "-" 96156 0
Nov 22 13:43:00 np0005532311.novalocal object-server[96157]: ::1 - - [22/Nov/2025:18:43:00 +0000] "GET /3/175574/AUTH_7e6379b038b744d2b4ed9c56e55784eb/gnocchi.677c86ed-dcd0-4bef-bff9-b30d7d59d3fa/none_v3" 404 70 "GET http://[::1]:8080/v1/AUTH_7e6379b038b744d2b4ed9c56e55784eb/gnocchi.677c86ed-dcd0-4bef-bff9-b30d7d59d3fa/none_v3" "txd153595870b54b958db4e-0069220434" "proxy-server 88815" 0.0003 "-" 96157 0
Nov 22 13:43:00 np0005532311.novalocal systemd[1]: sysstat-collect.service: Deactivated successfully.
Nov 22 13:43:00 np0005532311.novalocal systemd[1]: Finished system activity accounting tool.
Nov 22 13:43:00 np0005532311.novalocal object-server[96157]: ::1 - - [22/Nov/2025:18:43:00 +0000] "GET /1/175574/AUTH_7e6379b038b744d2b4ed9c56e55784eb/gnocchi.677c86ed-dcd0-4bef-bff9-b30d7d59d3fa/none_v3" 404 70 "GET http://[::1]:8080/v1/AUTH_7e6379b038b744d2b4ed9c56e55784eb/gnocchi.677c86ed-dcd0-4bef-bff9-b30d7d59d3fa/none_v3" "txd153595870b54b958db4e-0069220434" "proxy-server 88815" 0.0001 "-" 96157 0
Nov 22 13:43:00 np0005532311.novalocal proxy-server[88815]: ::1 ::1 22/Nov/2025/18/43/00 GET /v1/AUTH_7e6379b038b744d2b4ed9c56e55784eb/gnocchi.677c86ed-dcd0-4bef-bff9-b30d7d59d3fa/none_v3 HTTP/1.0 404 - python-swiftclient-4.5.0 gAAAAABpIgQFZCvZ... - 70 - txd153595870b54b958db4e-0069220434 - 0.0208 - - 1763836980.074853182 1763836980.095648289 0
Nov 22 13:43:00 np0005532311.novalocal account-server[95554]: ::1 - - [22/Nov/2025:18:43:00 +0000] "PUT /3/156665/AUTH_7e6379b038b744d2b4ed9c56e55784eb/gnocchi.9224ffc0-4867-4305-9881-750275629784" 201 - "PUT http://[::1]:6001/1/118403/AUTH_7e6379b038b744d2b4ed9c56e55784eb/gnocchi.9224ffc0-4867-4305-9881-750275629784" "txca4807644bce448e87cc6-0069220434" "container-server 95853" 0.0034 "-" 95554 0
Nov 22 13:43:00 np0005532311.novalocal container-server[95853]: ::1 - - [22/Nov/2025:18:43:00 +0000] "PUT /1/118403/AUTH_7e6379b038b744d2b4ed9c56e55784eb/gnocchi.9224ffc0-4867-4305-9881-750275629784" 201 - "PUT http://[::1]:8080/v1/AUTH_7e6379b038b744d2b4ed9c56e55784eb/gnocchi.9224ffc0-4867-4305-9881-750275629784" "txca4807644bce448e87cc6-0069220434" "proxy-server 88816" 0.0176 "-" 95853 0
Nov 22 13:43:00 np0005532311.novalocal account-server[95554]: ::1 - - [22/Nov/2025:18:43:00 +0000] "PUT /2/156665/AUTH_7e6379b038b744d2b4ed9c56e55784eb/gnocchi.9224ffc0-4867-4305-9881-750275629784" 201 - "PUT http://[::1]:6001/2/118403/AUTH_7e6379b038b744d2b4ed9c56e55784eb/gnocchi.9224ffc0-4867-4305-9881-750275629784" "txca4807644bce448e87cc6-0069220434" "container-server 95853" 0.0039 "-" 95554 0
Nov 22 13:43:00 np0005532311.novalocal account-server[95553]: ::1 - - [22/Nov/2025:18:43:00 +0000] "PUT /1/156665/AUTH_7e6379b038b744d2b4ed9c56e55784eb/gnocchi.9224ffc0-4867-4305-9881-750275629784" 201 - "PUT http://[::1]:6001/3/118403/AUTH_7e6379b038b744d2b4ed9c56e55784eb/gnocchi.9224ffc0-4867-4305-9881-750275629784" "txca4807644bce448e87cc6-0069220434" "container-server 95853" 0.0065 "-" 95553 0
Nov 22 13:43:00 np0005532311.novalocal account-server[95553]: ::1 - - [22/Nov/2025:18:43:00 +0000] "PUT /2/156665/AUTH_7e6379b038b744d2b4ed9c56e55784eb/gnocchi.677c86ed-dcd0-4bef-bff9-b30d7d59d3fa" 201 - "PUT http://[::1]:6001/3/251692/AUTH_7e6379b038b744d2b4ed9c56e55784eb/gnocchi.677c86ed-dcd0-4bef-bff9-b30d7d59d3fa" "txbd653912914f4522acc03-0069220434" "container-server 95854" 0.0036 "-" 95553 0
Nov 22 13:43:00 np0005532311.novalocal container-server[95854]: ::1 - - [22/Nov/2025:18:43:00 +0000] "PUT /3/251692/AUTH_7e6379b038b744d2b4ed9c56e55784eb/gnocchi.677c86ed-dcd0-4bef-bff9-b30d7d59d3fa" 201 - "PUT http://[::1]:8080/v1/AUTH_7e6379b038b744d2b4ed9c56e55784eb/gnocchi.677c86ed-dcd0-4bef-bff9-b30d7d59d3fa" "txbd653912914f4522acc03-0069220434" "proxy-server 88815" 0.0178 "-" 95854 0
Nov 22 13:43:00 np0005532311.novalocal container-server[95853]: ::1 - - [22/Nov/2025:18:43:00 +0000] "PUT /2/118403/AUTH_7e6379b038b744d2b4ed9c56e55784eb/gnocchi.9224ffc0-4867-4305-9881-750275629784" 201 - "PUT http://[::1]:8080/v1/AUTH_7e6379b038b744d2b4ed9c56e55784eb/gnocchi.9224ffc0-4867-4305-9881-750275629784" "txca4807644bce448e87cc6-0069220434" "proxy-server 88816" 0.0306 "-" 95853 0
Nov 22 13:43:00 np0005532311.novalocal container-server[95853]: ::1 - - [22/Nov/2025:18:43:00 +0000] "PUT /3/118403/AUTH_7e6379b038b744d2b4ed9c56e55784eb/gnocchi.9224ffc0-4867-4305-9881-750275629784" 201 - "PUT http://[::1]:8080/v1/AUTH_7e6379b038b744d2b4ed9c56e55784eb/gnocchi.9224ffc0-4867-4305-9881-750275629784" "txca4807644bce448e87cc6-0069220434" "proxy-server 88816" 0.0258 "-" 95853 0
Nov 22 13:43:00 np0005532311.novalocal proxy-server[88816]: ::1 ::1 22/Nov/2025/18/43/00 PUT /v1/AUTH_7e6379b038b744d2b4ed9c56e55784eb/gnocchi.9224ffc0-4867-4305-9881-750275629784 HTTP/1.0 201 - python-swiftclient-4.5.0 gAAAAABpIgQAXILt... - - - txca4807644bce448e87cc6-0069220434 - 0.0421 - - 1763836980.083746195 1763836980.125799179 0
Nov 22 13:43:00 np0005532311.novalocal account-server[95553]: ::1 - - [22/Nov/2025:18:43:00 +0000] "PUT /1/156665/AUTH_7e6379b038b744d2b4ed9c56e55784eb/gnocchi.677c86ed-dcd0-4bef-bff9-b30d7d59d3fa" 201 - "PUT http://[::1]:6001/2/251692/AUTH_7e6379b038b744d2b4ed9c56e55784eb/gnocchi.677c86ed-dcd0-4bef-bff9-b30d7d59d3fa" "txbd653912914f4522acc03-0069220434" "container-server 95853" 0.0038 "-" 95553 0
Nov 22 13:43:00 np0005532311.novalocal container-server[95853]: ::1 - - [22/Nov/2025:18:43:00 +0000] "PUT /2/251692/AUTH_7e6379b038b744d2b4ed9c56e55784eb/gnocchi.677c86ed-dcd0-4bef-bff9-b30d7d59d3fa" 201 - "PUT http://[::1]:8080/v1/AUTH_7e6379b038b744d2b4ed9c56e55784eb/gnocchi.677c86ed-dcd0-4bef-bff9-b30d7d59d3fa" "txbd653912914f4522acc03-0069220434" "proxy-server 88815" 0.0118 "-" 95853 0
Nov 22 13:43:00 np0005532311.novalocal account-server[95553]: ::1 - - [22/Nov/2025:18:43:00 +0000] "PUT /3/156665/AUTH_7e6379b038b744d2b4ed9c56e55784eb/gnocchi.677c86ed-dcd0-4bef-bff9-b30d7d59d3fa" 201 - "PUT http://[::1]:6001/1/251692/AUTH_7e6379b038b744d2b4ed9c56e55784eb/gnocchi.677c86ed-dcd0-4bef-bff9-b30d7d59d3fa" "txbd653912914f4522acc03-0069220434" "container-server 95853" 0.0031 "-" 95553 0
Nov 22 13:43:00 np0005532311.novalocal container-server[95854]: ::1 - - [22/Nov/2025:18:43:00 +0000] "HEAD /1/118403/AUTH_7e6379b038b744d2b4ed9c56e55784eb/gnocchi.9224ffc0-4867-4305-9881-750275629784" 204 - "HEAD http://[::1]:8080/v1/AUTH_7e6379b038b744d2b4ed9c56e55784eb/gnocchi.9224ffc0-4867-4305-9881-750275629784" "tx4f147de6f71c425aa66a3-0069220434" "proxy-server 88816" 0.0011 "-" 95854 0
Nov 22 13:43:00 np0005532311.novalocal container-server[95853]: ::1 - - [22/Nov/2025:18:43:00 +0000] "PUT /1/251692/AUTH_7e6379b038b744d2b4ed9c56e55784eb/gnocchi.677c86ed-dcd0-4bef-bff9-b30d7d59d3fa" 201 - "PUT http://[::1]:8080/v1/AUTH_7e6379b038b744d2b4ed9c56e55784eb/gnocchi.677c86ed-dcd0-4bef-bff9-b30d7d59d3fa" "txbd653912914f4522acc03-0069220434" "proxy-server 88815" 0.0257 "-" 95853 0
Nov 22 13:43:00 np0005532311.novalocal proxy-server[88816]: - - 22/Nov/2025/18/43/00 HEAD /v1/AUTH_7e6379b038b744d2b4ed9c56e55784eb/gnocchi.9224ffc0-4867-4305-9881-750275629784 HTTP/1.0 204 - Swift - - - - tx4f147de6f71c425aa66a3-0069220434 - 0.0047 CS - 1763836980.129518032 1763836980.134171724 0
Nov 22 13:43:00 np0005532311.novalocal proxy-server[88815]: ::1 ::1 22/Nov/2025/18/43/00 PUT /v1/AUTH_7e6379b038b744d2b4ed9c56e55784eb/gnocchi.677c86ed-dcd0-4bef-bff9-b30d7d59d3fa HTTP/1.0 201 - python-swiftclient-4.5.0 gAAAAABpIgQFZCvZ... - - - txbd653912914f4522acc03-0069220434 - 0.0367 - - 1763836980.097738266 1763836980.134454489 0
Nov 22 13:43:00 np0005532311.novalocal container-server[95854]: ::1 - - [22/Nov/2025:18:43:00 +0000] "GET /2/118403/AUTH_7e6379b038b744d2b4ed9c56e55784eb/gnocchi.9224ffc0-4867-4305-9881-750275629784" 200 2 "GET http://[::1]:8080/v1/AUTH_7e6379b038b744d2b4ed9c56e55784eb/gnocchi.9224ffc0-4867-4305-9881-750275629784?format=json&states=listing" "tx4f147de6f71c425aa66a3-0069220434" "proxy-server 88816" 0.0026 "-" 95854 0
Nov 22 13:43:00 np0005532311.novalocal container-server[95854]: ::1 - - [22/Nov/2025:18:43:00 +0000] "HEAD /2/251692/AUTH_7e6379b038b744d2b4ed9c56e55784eb/gnocchi.677c86ed-dcd0-4bef-bff9-b30d7d59d3fa" 204 - "HEAD http://[::1]:8080/v1/AUTH_7e6379b038b744d2b4ed9c56e55784eb/gnocchi.677c86ed-dcd0-4bef-bff9-b30d7d59d3fa" "txc06eabf6d69f46e98e6f4-0069220434" "proxy-server 88815" 0.0009 "-" 95854 0
Nov 22 13:43:00 np0005532311.novalocal proxy-server[88816]: ::1 ::1 22/Nov/2025/18/43/00 GET /v1/AUTH_7e6379b038b744d2b4ed9c56e55784eb/gnocchi.9224ffc0-4867-4305-9881-750275629784%3Fformat%3Djson%26states%3Dlisting HTTP/1.0 200 - python-swiftclient-4.5.0 gAAAAABpIgQAXILt... - 2 - tx4f147de6f71c425aa66a3-0069220434 - 0.0136 - - 1763836980.128952980 1763836980.142520905 0
Nov 22 13:43:00 np0005532311.novalocal proxy-server[88815]: - - 22/Nov/2025/18/43/00 HEAD /v1/AUTH_7e6379b038b744d2b4ed9c56e55784eb/gnocchi.677c86ed-dcd0-4bef-bff9-b30d7d59d3fa HTTP/1.0 204 - Swift - - - - txc06eabf6d69f46e98e6f4-0069220434 - 0.0043 CS - 1763836980.139416933 1763836980.143740654 0
Nov 22 13:43:00 np0005532311.novalocal object-server[96156]: ::1 - - [22/Nov/2025:18:43:00 +0000] "GET /1/113910/AUTH_7e6379b038b744d2b4ed9c56e55784eb/gnocchi.9224ffc0-4867-4305-9881-750275629784/1763640000.0_mean_300.0_v3" 404 70 "GET http://[::1]:8080/v1/AUTH_7e6379b038b744d2b4ed9c56e55784eb/gnocchi.9224ffc0-4867-4305-9881-750275629784/1763640000.0_mean_300.0_v3" "tx6bede57be4ef4f7eb68a9-0069220434" "proxy-server 88816" 0.0002 "-" 96156 0
Nov 22 13:43:00 np0005532311.novalocal container-server[95853]: ::1 - - [22/Nov/2025:18:43:00 +0000] "GET /1/251692/AUTH_7e6379b038b744d2b4ed9c56e55784eb/gnocchi.677c86ed-dcd0-4bef-bff9-b30d7d59d3fa" 200 2 "GET http://[::1]:8080/v1/AUTH_7e6379b038b744d2b4ed9c56e55784eb/gnocchi.677c86ed-dcd0-4bef-bff9-b30d7d59d3fa?format=json&states=listing" "txc06eabf6d69f46e98e6f4-0069220434" "proxy-server 88815" 0.0060 "-" 95853 0
Nov 22 13:43:00 np0005532311.novalocal object-server[96157]: ::1 - - [22/Nov/2025:18:43:00 +0000] "GET /3/113910/AUTH_7e6379b038b744d2b4ed9c56e55784eb/gnocchi.9224ffc0-4867-4305-9881-750275629784/1763640000.0_mean_300.0_v3" 404 70 "GET http://[::1]:8080/v1/AUTH_7e6379b038b744d2b4ed9c56e55784eb/gnocchi.9224ffc0-4867-4305-9881-750275629784/1763640000.0_mean_300.0_v3" "tx6bede57be4ef4f7eb68a9-0069220434" "proxy-server 88816" 0.0005 "-" 96157 0
Nov 22 13:43:00 np0005532311.novalocal object-server[96156]: ::1 - - [22/Nov/2025:18:43:00 +0000] "GET /2/113910/AUTH_7e6379b038b744d2b4ed9c56e55784eb/gnocchi.9224ffc0-4867-4305-9881-750275629784/1763640000.0_mean_300.0_v3" 404 70 "GET http://[::1]:8080/v1/AUTH_7e6379b038b744d2b4ed9c56e55784eb/gnocchi.9224ffc0-4867-4305-9881-750275629784/1763640000.0_mean_300.0_v3" "tx6bede57be4ef4f7eb68a9-0069220434" "proxy-server 88816" 0.0002 "-" 96156 0
Nov 22 13:43:00 np0005532311.novalocal proxy-server[88815]: ::1 ::1 22/Nov/2025/18/43/00 GET /v1/AUTH_7e6379b038b744d2b4ed9c56e55784eb/gnocchi.677c86ed-dcd0-4bef-bff9-b30d7d59d3fa%3Fformat%3Djson%26states%3Dlisting HTTP/1.0 200 - python-swiftclient-4.5.0 gAAAAABpIgQFZCvZ... - 2 - txc06eabf6d69f46e98e6f4-0069220434 - 0.0175 - - 1763836980.138958693 1763836980.156422377 0
Nov 22 13:43:00 np0005532311.novalocal proxy-server[88816]: ::1 ::1 22/Nov/2025/18/43/00 GET /v1/AUTH_7e6379b038b744d2b4ed9c56e55784eb/gnocchi.9224ffc0-4867-4305-9881-750275629784/1763640000.0_mean_300.0_v3 HTTP/1.0 404 - python-swiftclient-4.5.0 gAAAAABpIgQAXILt... - 70 - tx6bede57be4ef4f7eb68a9-0069220434 - 0.0124 - - 1763836980.144895792 1763836980.157316446 0
Nov 22 13:43:00 np0005532311.novalocal object-server[96156]: ::1 - - [22/Nov/2025:18:43:00 +0000] "GET /1/258099/AUTH_7e6379b038b744d2b4ed9c56e55784eb/gnocchi.677c86ed-dcd0-4bef-bff9-b30d7d59d3fa/1763640000.0_mean_300.0_v3" 404 70 "GET http://[::1]:8080/v1/AUTH_7e6379b038b744d2b4ed9c56e55784eb/gnocchi.677c86ed-dcd0-4bef-bff9-b30d7d59d3fa/1763640000.0_mean_300.0_v3" "tx453395dfc5954bf091427-0069220434" "proxy-server 88815" 0.0002 "-" 96156 0
