Nov 22 13:43:00 np0005532311.novalocal proxy-server[88816]: ::1 ::1 22/Nov/2025/18/43/00 PUT /v1/AUTH_7e6379b038b744d2b4ed9c56e55784eb/gnocchi.4dab3960-775c-4c4c-b1fa-aa8f4577a06c/none_v3 HTTP/1.0 201 - python-swiftclient-4.5.0 gAAAAABpIgQAXILt... 22 - - txb1362c7e2cac4aa58a61e-0069220434 - 0.0317 - - 1763836980.743412733 1763836980.775087118 0
Nov 22 13:43:00 np0005532311.novalocal object-server[96156]: ::1 - - [22/Nov/2025:18:43:00 +0000] "PUT /3/141694/AUTH_7e6379b038b744d2b4ed9c56e55784eb/gnocchi.221e0439-a539-447d-a30a-6247baf7ed1b/none_v3" 201 - "PUT http://[::1]:8080/v1/AUTH_7e6379b038b744d2b4ed9c56e55784eb/gnocchi.221e0439-a539-447d-a30a-6247baf7ed1b/none_v3" "txf99e72bd18a34ae1932a9-0069220434" "proxy-server 88815" 0.0204 "-" 96156 0
Nov 22 13:43:00 np0005532311.novalocal container-server[95854]: ::1 - - [22/Nov/2025:18:43:00 +0000] "PUT /3/156267/AUTH_7e6379b038b744d2b4ed9c56e55784eb/gnocchi.221e0439-a539-447d-a30a-6247baf7ed1b/none_v3" 201 - "PUT http://[::1]:8080/2/141694/AUTH_7e6379b038b744d2b4ed9c56e55784eb/gnocchi.221e0439-a539-447d-a30a-6247baf7ed1b/none_v3" "txf99e72bd18a34ae1932a9-0069220434" "object-server 96156" 0.0004 "-" 95854 0
Nov 22 13:43:00 np0005532311.novalocal object-server[96156]: ::1 - - [22/Nov/2025:18:43:00 +0000] "PUT /2/141694/AUTH_7e6379b038b744d2b4ed9c56e55784eb/gnocchi.221e0439-a539-447d-a30a-6247baf7ed1b/none_v3" 201 - "PUT http://[::1]:8080/v1/AUTH_7e6379b038b744d2b4ed9c56e55784eb/gnocchi.221e0439-a539-447d-a30a-6247baf7ed1b/none_v3" "txf99e72bd18a34ae1932a9-0069220434" "proxy-server 88815" 0.0230 "-" 96156 0
Nov 22 13:43:00 np0005532311.novalocal container-server[95854]: ::1 - - [22/Nov/2025:18:43:00 +0000] "PUT /2/156267/AUTH_7e6379b038b744d2b4ed9c56e55784eb/gnocchi.221e0439-a539-447d-a30a-6247baf7ed1b/none_v3" 201 - "PUT http://[::1]:8080/1/141694/AUTH_7e6379b038b744d2b4ed9c56e55784eb/gnocchi.221e0439-a539-447d-a30a-6247baf7ed1b/none_v3" "txf99e72bd18a34ae1932a9-0069220434" "object-server 96156" 0.0004 "-" 95854 0
Nov 22 13:43:00 np0005532311.novalocal object-server[96156]: ::1 - - [22/Nov/2025:18:43:00 +0000] "PUT /1/141694/AUTH_7e6379b038b744d2b4ed9c56e55784eb/gnocchi.221e0439-a539-447d-a30a-6247baf7ed1b/none_v3" 201 - "PUT http://[::1]:8080/v1/AUTH_7e6379b038b744d2b4ed9c56e55784eb/gnocchi.221e0439-a539-447d-a30a-6247baf7ed1b/none_v3" "txf99e72bd18a34ae1932a9-0069220434" "proxy-server 88815" 0.0224 "-" 96156 0
Nov 22 13:43:00 np0005532311.novalocal proxy-server[88815]: ::1 ::1 22/Nov/2025/18/43/00 PUT /v1/AUTH_7e6379b038b744d2b4ed9c56e55784eb/gnocchi.221e0439-a539-447d-a30a-6247baf7ed1b/none_v3 HTTP/1.0 201 - python-swiftclient-4.5.0 gAAAAABpIgQFZCvZ... 22 - - txf99e72bd18a34ae1932a9-0069220434 - 0.0355 - - 1763836980.745348692 1763836980.780833960 0
Nov 22 13:43:01 np0005532311.novalocal object-server[89460]: Starting object reconstruction pass.
Nov 22 13:43:01 np0005532311.novalocal object-server[89460]: Nothing reconstructed for 0.00027489662170410156 seconds.
Nov 22 13:43:01 np0005532311.novalocal object-server[89460]: Object reconstruction complete. (0.00 minutes)
Nov 22 13:43:03 np0005532311.novalocal kernel: qbr9cf2a0d8-07: port 2(tap9cf2a0d8-07) entered disabled state
Nov 22 13:43:03 np0005532311.novalocal kernel: tap9cf2a0d8-07 (unregistering): left allmulticast mode
Nov 22 13:43:03 np0005532311.novalocal kernel: tap9cf2a0d8-07 (unregistering): left promiscuous mode
Nov 22 13:43:03 np0005532311.novalocal kernel: qbr9cf2a0d8-07: port 2(tap9cf2a0d8-07) entered disabled state
Nov 22 13:43:03 np0005532311.novalocal NetworkManager[858]: [1763836983.7658] device (tap9cf2a0d8-07): state change: activated -> unmanaged (reason 'unmanaged', managed-type: 'removed')
Nov 22 13:43:03 np0005532311.novalocal NetworkManager[858]: [1763836983.7668] device (tap9cf2a0d8-07): released from controller device qbr9cf2a0d8-07
Nov 22 13:43:03 np0005532311.novalocal systemd[1]: machine-qemu\x2d1\x2dinstance\x2d00000001.scope: Deactivated successfully.
Nov 22 13:43:03 np0005532311.novalocal systemd[1]: machine-qemu\x2d1\x2dinstance\x2d00000001.scope: Consumed 19.406s CPU time.
Nov 22 13:43:03 np0005532311.novalocal systemd-machined[93133]: Machine qemu-1-instance-00000001 terminated.
Nov 22 13:43:04 np0005532311.novalocal kernel: qvb9cf2a0d8-07: left allmulticast mode
Nov 22 13:43:04 np0005532311.novalocal kernel: qvb9cf2a0d8-07: left promiscuous mode
Nov 22 13:43:04 np0005532311.novalocal kernel: qbr9cf2a0d8-07: port 1(qvb9cf2a0d8-07) entered disabled state
Nov 22 13:43:04 np0005532311.novalocal NetworkManager[858]: [1763836984.0358] device (qbr9cf2a0d8-07): bridge port qvb9cf2a0d8-07 was detached
Nov 22 13:43:04 np0005532311.novalocal NetworkManager[858]: [1763836984.0364] device (qbr9cf2a0d8-07): state change: activated -> unmanaged (reason 'unmanaged', managed-type: 'removed')
Nov 22 13:43:04 np0005532311.novalocal account-server[95553]: ::1 - - [22/Nov/2025:18:43:04 +0000] "HEAD /3/156665/AUTH_7e6379b038b744d2b4ed9c56e55784eb" 204 - "HEAD http://[::1]:8080/v1/AUTH_7e6379b038b744d2b4ed9c56e55784eb?format=json" "txc80e7e34e7cc4b1f951b3-0069220438" "proxy-server 88816" 0.0108 "-" 95553 -
Nov 22 13:43:04 np0005532311.novalocal kernel: qvo9cf2a0d8-07: left promiscuous mode
Nov 22 13:43:04 np0005532311.novalocal proxy-server[88816]: - - 22/Nov/2025/18/43/04 HEAD /v1/AUTH_7e6379b038b744d2b4ed9c56e55784eb%3Fformat%3Djson HTTP/1.0 204 - Swift - - - - txc80e7e34e7cc4b1f951b3-0069220438 - 0.0216 RL - 1763836984.030760765 1763836984.052378654 -
Nov 22 13:43:04 np0005532311.novalocal object-server[96156]: ::1 - - [22/Nov/2025:18:43:04 +0000] "GET /1/150498/AUTH_7e6379b038b744d2b4ed9c56e55784eb/gnocchi.645babd2-ad64-4651-a16f-e6e74874988f/none_v3" 200 31 "GET http://[::1]:8080/v1/AUTH_7e6379b038b744d2b4ed9c56e55784eb/gnocchi.645babd2-ad64-4651-a16f-e6e74874988f/none_v3" "txc80e7e34e7cc4b1f951b3-0069220438" "proxy-server 88816" 0.0008 "-" 96156 0
Nov 22 13:43:04 np0005532311.novalocal proxy-server[88816]: ::1 ::1 22/Nov/2025/18/43/04 GET /v1/AUTH_7e6379b038b744d2b4ed9c56e55784eb/gnocchi.645babd2-ad64-4651-a16f-e6e74874988f/none_v3 HTTP/1.0 200 - python-swiftclient-4.5.0 gAAAAABpIgQAXILt... - 31 - txc80e7e34e7cc4b1f951b3-0069220438 - 0.0350 - - 1763836984.029690027 1763836984.064678431 0
Nov 22 13:43:04 np0005532311.novalocal container-server[95854]: ::1 - - [22/Nov/2025:18:43:04 +0000] "GET /1/169859/AUTH_7e6379b038b744d2b4ed9c56e55784eb/gnocchi.645babd2-ad64-4651-a16f-e6e74874988f" 200 357 "GET http://[::1]:8080/v1/AUTH_7e6379b038b744d2b4ed9c56e55784eb/gnocchi.645babd2-ad64-4651-a16f-e6e74874988f?format=json&states=listing" "tx185c2e5fc7d749eebe697-0069220438" "proxy-server 88816" 0.0024 "-" 95854 0
Nov 22 13:43:04 np0005532311.novalocal proxy-server[88816]: ::1 ::1 22/Nov/2025/18/43/04 GET /v1/AUTH_7e6379b038b744d2b4ed9c56e55784eb/gnocchi.645babd2-ad64-4651-a16f-e6e74874988f%3Fformat%3Djson%26states%3Dlisting HTTP/1.0 200 - python-swiftclient-4.5.0 gAAAAABpIgQAXILt... - 357 - tx185c2e5fc7d749eebe697-0069220438 - 0.0136 - - 1763836984.071521997 1763836984.085167408 0
Nov 22 13:43:04 np0005532311.novalocal object-server[96157]: ::1 - - [22/Nov/2025:18:43:04 +0000] "GET /1/260484/AUTH_7e6379b038b744d2b4ed9c56e55784eb/gnocchi.ae81989f-f03c-42e3-bd5a-3368970ac1b1/none_v3" 200 32 "GET http://[::1]:8080/v1/AUTH_7e6379b038b744d2b4ed9c56e55784eb/gnocchi.ae81989f-f03c-42e3-bd5a-3368970ac1b1/none_v3" "txb338c2b3328b4c50a5795-0069220438" "proxy-server 88815" 0.0008 "-" 96157 0
Nov 22 13:43:04 np0005532311.novalocal container-server[95853]: ::1 - - [22/Nov/2025:18:43:04 +0000] "GET /2/169859/AUTH_7e6379b038b744d2b4ed9c56e55784eb/gnocchi.645babd2-ad64-4651-a16f-e6e74874988f" 200 2 "GET http://[::1]:8080/v1/AUTH_7e6379b038b744d2b4ed9c56e55784eb/gnocchi.645babd2-ad64-4651-a16f-e6e74874988f?format=json&marker=none_v3&states=listing" "tx050e22e7c0ba4ecf9e1b1-0069220438" "proxy-server 88816" 0.0041 "-" 95853 0
Nov 22 13:43:04 np0005532311.novalocal proxy-server[88815]: ::1 ::1 22/Nov/2025/18/43/04 GET /v1/AUTH_7e6379b038b744d2b4ed9c56e55784eb/gnocchi.ae81989f-f03c-42e3-bd5a-3368970ac1b1/none_v3 HTTP/1.0 200 - python-swiftclient-4.5.0 gAAAAABpIgQFZCvZ... - 32 - txb338c2b3328b4c50a5795-0069220438 - 0.0115 - - 1763836984.096010447 1763836984.107529879 0
Nov 22 13:43:04 np0005532311.novalocal proxy-server[88816]: ::1 ::1 22/Nov/2025/18/43/04 GET /v1/AUTH_7e6379b038b744d2b4ed9c56e55784eb/gnocchi.645babd2-ad64-4651-a16f-e6e74874988f%3Fformat%3Djson%26marker%3Dnone_v3%26states%3Dlisting HTTP/1.0 200 - python-swiftclient-4.5.0 gAAAAABpIgQAXILt... - 2 - tx050e22e7c0ba4ecf9e1b1-0069220438 - 0.0176 - - 1763836984.090897322 1763836984.108535051 0
Nov 22 13:43:04 np0005532311.novalocal object-server[96156]: ::1 - - [22/Nov/2025:18:43:04 +0000] "GET /2/125822/AUTH_7e6379b038b744d2b4ed9c56e55784eb/gnocchi.645babd2-ad64-4651-a16f-e6e74874988f/1763640000.0_mean_300.0_v3" 200 16 "GET http://[::1]:8080/v1/AUTH_7e6379b038b744d2b4ed9c56e55784eb/gnocchi.645babd2-ad64-4651-a16f-e6e74874988f/1763640000.0_mean_300.0_v3" "tx2b2fa42cf8bd4815913a1-0069220438" "proxy-server 88816" 0.0008 "-" 96156 0
Nov 22 13:43:04 np0005532311.novalocal proxy-server[88816]: ::1 ::1 22/Nov/2025/18/43/04 GET /v1/AUTH_7e6379b038b744d2b4ed9c56e55784eb/gnocchi.645babd2-ad64-4651-a16f-e6e74874988f/1763640000.0_mean_300.0_v3 HTTP/1.0 200 - python-swiftclient-4.5.0 gAAAAABpIgQAXILt... - 16 - tx2b2fa42cf8bd4815913a1-0069220438 - 0.0070 - - 1763836984.113500834 1763836984.120515108 0
Nov 22 13:43:04 np0005532311.novalocal container-server[95853]: ::1 - - [22/Nov/2025:18:43:04 +0000] "GET /2/134521/AUTH_7e6379b038b744d2b4ed9c56e55784eb/gnocchi.ae81989f-f03c-42e3-bd5a-3368970ac1b1" 200 357 "GET http://[::1]:8080/v1/AUTH_7e6379b038b744d2b4ed9c56e55784eb/gnocchi.ae81989f-f03c-42e3-bd5a-3368970ac1b1?format=json&states=listing" "txc58adfb4e4d74d7799267-0069220438" "proxy-server 88815" 0.0045 "-" 95853 0
Nov 22 13:43:04 np0005532311.novalocal proxy-server[88815]: ::1 ::1 22/Nov/2025/18/43/04 GET /v1/AUTH_7e6379b038b744d2b4ed9c56e55784eb/gnocchi.ae81989f-f03c-42e3-bd5a-3368970ac1b1%3Fformat%3Djson%26states%3Dlisting HTTP/1.0 200 - python-swiftclient-4.5.0 gAAAAABpIgQFZCvZ... - 357 - txc58adfb4e4d74d7799267-0069220438 - 0.0175 - - 1763836984.111716032 1763836984.129191875 0
Nov 22 13:43:04 np0005532311.novalocal container-server[95854]: ::1 - - [22/Nov/2025:18:43:04 +0000] "PUT /1/169859/AUTH_7e6379b038b744d2b4ed9c56e55784eb/gnocchi.645babd2-ad64-4651-a16f-e6e74874988f/1763640000.0_mean_300.0_v3" 201 - "PUT http://[::1]:8080/3/125822/AUTH_7e6379b038b744d2b4ed9c56e55784eb/gnocchi.645babd2-ad64-4651-a16f-e6e74874988f/1763640000.0_mean_300.0_v3" "txc921eb4a8147438ba673f-0069220438" "object-server 96157" 0.0006 "-" 95854 0
Nov 22 13:43:04 np0005532311.novalocal container-server[95853]: ::1 - - [22/Nov/2025:18:43:04 +0000] "GET /1/134521/AUTH_7e6379b038b744d2b4ed9c56e55784eb/gnocchi.ae81989f-f03c-42e3-bd5a-3368970ac1b1" 200 2 "GET http://[::1]:8080/v1/AUTH_7e6379b038b744d2b4ed9c56e55784eb/gnocchi.ae81989f-f03c-42e3-bd5a-3368970ac1b1?format=json&marker=none_v3&states=listing" "tx5cbab6b1a1404dcf81b46-0069220438" "proxy-server 88815" 0.0072 "-" 95853 0
Nov 22 13:43:04 np0005532311.novalocal proxy-server[88815]: ::1 ::1 22/Nov/2025/18/43/04 GET /v1/AUTH_7e6379b038b744d2b4ed9c56e55784eb/gnocchi.ae81989f-f03c-42e3-bd5a-3368970ac1b1%3Fformat%3Djson%26marker%3Dnone_v3%26states%3Dlisting HTTP/1.0 200 - python-swiftclient-4.5.0 gAAAAABpIgQFZCvZ... - 2 - tx5cbab6b1a1404dcf81b46-0069220438 - 0.0175 - - 1763836984.135275602 1763836984.152801991 0
Nov 22 13:43:04 np0005532311.novalocal object-server[96157]: ::1 - - [22/Nov/2025:18:43:04 +0000] "PUT /3/125822/AUTH_7e6379b038b744d2b4ed9c56e55784eb/gnocchi.645babd2-ad64-4651-a16f-e6e74874988f/1763640000.0_mean_300.0_v3" 201 - "PUT http://[::1]:8080/v1/AUTH_7e6379b038b744d2b4ed9c56e55784eb/gnocchi.645babd2-ad64-4651-a16f-e6e74874988f/1763640000.0_mean_300.0_v3" "txc921eb4a8147438ba673f-0069220438" "proxy-server 88816" 0.0201 "-" 96157 0
Nov 22 13:43:04 np0005532311.novalocal container-server[95853]: ::1 - - [22/Nov/2025:18:43:04 +0000] "PUT /2/169859/AUTH_7e6379b038b744d2b4ed9c56e55784eb/gnocchi.645babd2-ad64-4651-a16f-e6e74874988f/1763640000.0_mean_300.0_v3" 201 - "PUT http://[::1]:8080/2/125822/AUTH_7e6379b038b744d2b4ed9c56e55784eb/gnocchi.645babd2-ad64-4651-a16f-e6e74874988f/1763640000.0_mean_300.0_v3" "txc921eb4a8147438ba673f-0069220438" "object-server 96157" 0.0010 "-" 95853 0
Nov 22 13:43:04 np0005532311.novalocal container-server[95854]: ::1 - - [22/Nov/2025:18:43:04 +0000] "PUT /3/169859/AUTH_7e6379b038b744d2b4ed9c56e55784eb/gnocchi.645babd2-ad64-4651-a16f-e6e74874988f/1763640000.0_mean_300.0_v3" 201 - "PUT http://[::1]:8080/1/125822/AUTH_7e6379b038b744d2b4ed9c56e55784eb/gnocchi.645babd2-ad64-4651-a16f-e6e74874988f/1763640000.0_mean_300.0_v3" "txc921eb4a8147438ba673f-0069220438" "object-server 96157" 0.0004 "-" 95854 0
Nov 22 13:43:04 np0005532311.novalocal object-server[96157]: ::1 - - [22/Nov/2025:18:43:04 +0000] "PUT /2/125822/AUTH_7e6379b038b744d2b4ed9c56e55784eb/gnocchi.645babd2-ad64-4651-a16f-e6e74874988f/1763640000.0_mean_300.0_v3" 201 - "PUT http://[::1]:8080/v1/AUTH_7e6379b038b744d2b4ed9c56e55784eb/gnocchi.645babd2-ad64-4651-a16f-e6e74874988f/1763640000.0_mean_300.0_v3" "txc921eb4a8147438ba673f-0069220438" "proxy-server 88816" 0.0204 "-" 96157 0
Nov 22 13:43:04 np0005532311.novalocal object-server[96157]: ::1 - - [22/Nov/2025:18:43:04 +0000] "PUT /1/125822/AUTH_7e6379b038b744d2b4ed9c56e55784eb/gnocchi.645babd2-ad64-4651-a16f-e6e74874988f/1763640000.0_mean_300.0_v3" 201 - "PUT http://[::1]:8080/v1/AUTH_7e6379b038b744d2b4ed9c56e55784eb/gnocchi.645babd2-ad64-4651-a16f-e6e74874988f/1763640000.0_mean_300.0_v3" "txc921eb4a8147438ba673f-0069220438" "proxy-server 88816" 0.0199 "-" 96157 0
Nov 22 13:43:04 np0005532311.novalocal proxy-server[88816]: ::1 ::1 22/Nov/2025/18/43/04 PUT /v1/AUTH_7e6379b038b744d2b4ed9c56e55784eb/gnocchi.645babd2-ad64-4651-a16f-e6e74874988f/1763640000.0_mean_300.0_v3 HTTP/1.0 201 - python-swiftclient-4.5.0 gAAAAABpIgQAXILt... 16 - - txc921eb4a8147438ba673f-0069220438 - 0.0333 - - 1763836984.124937773 1763836984.158198118 0
Nov 22 13:43:04 np0005532311.novalocal object-server[96157]: ::1 - - [22/Nov/2025:18:43:04 +0000] "GET /1/18970/AUTH_7e6379b038b744d2b4ed9c56e55784eb/gnocchi.ae81989f-f03c-42e3-bd5a-3368970ac1b1/1763640000.0_mean_300.0_v3" 200 16 "GET http://[::1]:8080/v1/AUTH_7e6379b038b744d2b4ed9c56e55784eb/gnocchi.ae81989f-f03c-42e3-bd5a-3368970ac1b1/1763640000.0_mean_300.0_v3" "txdb140a4216b74630aa69f-0069220438" "proxy-server 88815" 0.0010 "-" 96157 0
Nov 22 13:43:04 np0005532311.novalocal proxy-server[88815]: ::1 ::1 22/Nov/2025/18/43/04 GET /v1/AUTH_7e6379b038b744d2b4ed9c56e55784eb/gnocchi.ae81989f-f03c-42e3-bd5a-3368970ac1b1/1763640000.0_mean_300.0_v3 HTTP/1.0 200 - python-swiftclient-4.5.0 gAAAAABpIgQFZCvZ... - 16 - txdb140a4216b74630aa69f-0069220438 - 0.0081 - - 1763836984.159109354 1763836984.167252541 0
Nov 22 13:43:04 np0005532311.novalocal container-server[95854]: ::1 - - [22/Nov/2025:18:43:04 +0000] "PUT /1/169859/AUTH_7e6379b038b744d2b4ed9c56e55784eb/gnocchi.645babd2-ad64-4651-a16f-e6e74874988f/none_v3" 201 - "PUT http://[::1]:8080/2/150498/AUTH_7e6379b038b744d2b4ed9c56e55784eb/gnocchi.645babd2-ad64-4651-a16f-e6e74874988f/none_v3" "txe3ca455ef1b64ec5a82c8-0069220438" "object-server 96156" 0.0008 "-" 95854 0
Nov 22 13:43:04 np0005532311.novalocal object-server[96156]: ::1 - - [22/Nov/2025:18:43:04 +0000] "PUT /2/150498/AUTH_7e6379b038b744d2b4ed9c56e55784eb/gnocchi.645babd2-ad64-4651-a16f-e6e74874988f/none_v3" 201 - "PUT http://[::1]:8080/v1/AUTH_7e6379b038b744d2b4ed9c56e55784eb/gnocchi.645babd2-ad64-4651-a16f-e6e74874988f/none_v3" "txe3ca455ef1b64ec5a82c8-0069220438" "proxy-server 88816" 0.0119 "-" 96156 0
Nov 22 13:43:04 np0005532311.novalocal container-server[95854]: ::1 - - [22/Nov/2025:18:43:04 +0000] "PUT /2/134521/AUTH_7e6379b038b744d2b4ed9c56e55784eb/gnocchi.ae81989f-f03c-42e3-bd5a-3368970ac1b1/1763640000.0_mean_300.0_v3" 201 - "PUT http://[::1]:8080/3/18970/AUTH_7e6379b038b744d2b4ed9c56e55784eb/gnocchi.ae81989f-f03c-42e3-bd5a-3368970ac1b1/1763640000.0_mean_300.0_v3" "txd4ed7307052347ab8fc08-0069220438" "object-server 96156" 0.0007 "-" 95854 0
Nov 22 13:43:04 np0005532311.novalocal object-server[96156]: ::1 - - [22/Nov/2025:18:43:04 +0000] "PUT /3/18970/AUTH_7e6379b038b744d2b4ed9c56e55784eb/gnocchi.ae81989f-f03c-42e3-bd5a-3368970ac1b1/1763640000.0_mean_300.0_v3" 201 - "PUT http://[::1]:8080/v1/AUTH_7e6379b038b744d2b4ed9c56e55784eb/gnocchi.ae81989f-f03c-42e3-bd5a-3368970ac1b1/1763640000.0_mean_300.0_v3" "txd4ed7307052347ab8fc08-0069220438" "proxy-server 88815" 0.0141 "-" 96156 0
Nov 22 13:43:04 np0005532311.novalocal container-server[95853]: ::1 - - [22/Nov/2025:18:43:04 +0000] "PUT /3/169859/AUTH_7e6379b038b744d2b4ed9c56e55784eb/gnocchi.645babd2-ad64-4651-a16f-e6e74874988f/none_v3" 201 - "PUT http://[::1]:8080/1/150498/AUTH_7e6379b038b744d2b4ed9c56e55784eb/gnocchi.645babd2-ad64-4651-a16f-e6e74874988f/none_v3" "txe3ca455ef1b64ec5a82c8-0069220438" "object-server 96157" 0.0008 "-" 95853 0
Nov 22 13:43:04 np0005532311.novalocal object-server[96157]: ::1 - - [22/Nov/2025:18:43:04 +0000] "PUT /1/150498/AUTH_7e6379b038b744d2b4ed9c56e55784eb/gnocchi.645babd2-ad64-4651-a16f-e6e74874988f/none_v3" 201 - "PUT http://[::1]:8080/v1/AUTH_7e6379b038b744d2b4ed9c56e55784eb/gnocchi.645babd2-ad64-4651-a16f-e6e74874988f/none_v3" "txe3ca455ef1b64ec5a82c8-0069220438" "proxy-server 88816" 0.0186 "-" 96157 0
Nov 22 13:43:04 np0005532311.novalocal container-server[95853]: ::1 - - [22/Nov/2025:18:43:04 +0000] "PUT /1/134521/AUTH_7e6379b038b744d2b4ed9c56e55784eb/gnocchi.ae81989f-f03c-42e3-bd5a-3368970ac1b1/1763640000.0_mean_300.0_v3" 201 - "PUT http://[::1]:8080/2/18970/AUTH_7e6379b038b744d2b4ed9c56e55784eb/gnocchi.ae81989f-f03c-42e3-bd5a-3368970ac1b1/1763640000.0_mean_300.0_v3" "txd4ed7307052347ab8fc08-0069220438" "object-server 96157" 0.0008 "-" 95853 0
Nov 22 13:43:04 np0005532311.novalocal object-server[96157]: ::1 - - [22/Nov/2025:18:43:04 +0000] "PUT /2/18970/AUTH_7e6379b038b744d2b4ed9c56e55784eb/gnocchi.ae81989f-f03c-42e3-bd5a-3368970ac1b1/1763640000.0_mean_300.0_v3" 201 - "PUT http://[::1]:8080/v1/AUTH_7e6379b038b744d2b4ed9c56e55784eb/gnocchi.ae81989f-f03c-42e3-bd5a-3368970ac1b1/1763640000.0_mean_300.0_v3" "txd4ed7307052347ab8fc08-0069220438" "proxy-server 88815" 0.0160 "-" 96157 0
Nov 22 13:43:04 np0005532311.novalocal container-server[95854]: ::1 - - [22/Nov/2025:18:43:04 +0000] "PUT /3/134521/AUTH_7e6379b038b744d2b4ed9c56e55784eb/gnocchi.ae81989f-f03c-42e3-bd5a-3368970ac1b1/1763640000.0_mean_300.0_v3" 201 - "PUT http://[::1]:8080/1/18970/AUTH_7e6379b038b744d2b4ed9c56e55784eb/gnocchi.ae81989f-f03c-42e3-bd5a-3368970ac1b1/1763640000.0_mean_300.0_v3" "txd4ed7307052347ab8fc08-0069220438" "object-server 96157" 0.0012 "-" 95854 0
Nov 22 13:43:04 np0005532311.novalocal object-server[96157]: ::1 - - [22/Nov/2025:18:43:04 +0000] "PUT /1/18970/AUTH_7e6379b038b744d2b4ed9c56e55784eb/gnocchi.ae81989f-f03c-42e3-bd5a-3368970ac1b1/1763640000.0_mean_300.0_v3" 201 - "PUT http://[::1]:8080/v1/AUTH_7e6379b038b744d2b4ed9c56e55784eb/gnocchi.ae81989f-f03c-42e3-bd5a-3368970ac1b1/1763640000.0_mean_300.0_v3" "txd4ed7307052347ab8fc08-0069220438" "proxy-server 88815" 0.0193 "-" 96157 0
Nov 22 13:43:04 np0005532311.novalocal proxy-server[88815]: ::1 ::1 22/Nov/2025/18/43/04 PUT /v1/AUTH_7e6379b038b744d2b4ed9c56e55784eb/gnocchi.ae81989f-f03c-42e3-bd5a-3368970ac1b1/1763640000.0_mean_300.0_v3 HTTP/1.0 201 - python-swiftclient-4.5.0 gAAAAABpIgQFZCvZ... 16 - - txd4ed7307052347ab8fc08-0069220438 - 0.0290 - - 1763836984.171584845 1763836984.200620890 0
Nov 22 13:43:04 np0005532311.novalocal container-server[95854]: ::1 - - [22/Nov/2025:18:43:04 +0000] "PUT /2/169859/AUTH_7e6379b038b744d2b4ed9c56e55784eb/gnocchi.645babd2-ad64-4651-a16f-e6e74874988f/none_v3" 201 - "PUT http://[::1]:8080/3/150498/AUTH_7e6379b038b744d2b4ed9c56e55784eb/gnocchi.645babd2-ad64-4651-a16f-e6e74874988f/none_v3" "txe3ca455ef1b64ec5a82c8-0069220438" "object-server 96157" 0.0008 "-" 95854 0
Nov 22 13:43:04 np0005532311.novalocal object-server[96157]: ::1 - - [22/Nov/2025:18:43:04 +0000] "PUT /3/150498/AUTH_7e6379b038b744d2b4ed9c56e55784eb/gnocchi.645babd2-ad64-4651-a16f-e6e74874988f/none_v3" 201 - "PUT http://[::1]:8080/v1/AUTH_7e6379b038b744d2b4ed9c56e55784eb/gnocchi.645babd2-ad64-4651-a16f-e6e74874988f/none_v3" "txe3ca455ef1b64ec5a82c8-0069220438" "proxy-server 88816" 0.0262 "-" 96157 0
Nov 22 13:43:04 np0005532311.novalocal proxy-server[88816]: ::1 ::1 22/Nov/2025/18/43/04 PUT /v1/AUTH_7e6379b038b744d2b4ed9c56e55784eb/gnocchi.645babd2-ad64-4651-a16f-e6e74874988f/none_v3 HTTP/1.0 201 - python-swiftclient-4.5.0 gAAAAABpIgQAXILt... 44 - - txe3ca455ef1b64ec5a82c8-0069220438 - 0.0410 - - 1763836984.162247896 1763836984.203214645 0
Nov 22 13:43:04 np0005532311.novalocal container-server[95853]: ::1 - - [22/Nov/2025:18:43:04 +0000] "PUT /3/134521/AUTH_7e6379b038b744d2b4ed9c56e55784eb/gnocchi.ae81989f-f03c-42e3-bd5a-3368970ac1b1/none_v3" 201 - "PUT http://[::1]:8080/3/260484/AUTH_7e6379b038b744d2b4ed9c56e55784eb/gnocchi.ae81989f-f03c-42e3-bd5a-3368970ac1b1/none_v3" "tx25755daacf944f28a3a0e-0069220438" "object-server 96157" 0.0007 "-" 95853 0
Nov 22 13:43:04 np0005532311.novalocal container-server[95853]: ::1 - - [22/Nov/2025:18:43:04 +0000] "PUT /1/134521/AUTH_7e6379b038b744d2b4ed9c56e55784eb/gnocchi.ae81989f-f03c-42e3-bd5a-3368970ac1b1/none_v3" 201 - "PUT http://[::1]:8080/1/260484/AUTH_7e6379b038b744d2b4ed9c56e55784eb/gnocchi.ae81989f-f03c-42e3-bd5a-3368970ac1b1/none_v3" "tx25755daacf944f28a3a0e-0069220438" "object-server 96156" 0.0004 "-" 95853 0
Nov 22 13:43:04 np0005532311.novalocal object-server[96157]: ::1 - - [22/Nov/2025:18:43:04 +0000] "PUT /3/260484/AUTH_7e6379b038b744d2b4ed9c56e55784eb/gnocchi.ae81989f-f03c-42e3-bd5a-3368970ac1b1/none_v3" 201 - "PUT http://[::1]:8080/v1/AUTH_7e6379b038b744d2b4ed9c56e55784eb/gnocchi.ae81989f-f03c-42e3-bd5a-3368970ac1b1/none_v3" "tx25755daacf944f28a3a0e-0069220438" "proxy-server 88815" 0.0119 "-" 96157 0
Nov 22 13:43:04 np0005532311.novalocal object-server[96156]: ::1 - - [22/Nov/2025:18:43:04 +0000] "PUT /1/260484/AUTH_7e6379b038b744d2b4ed9c56e55784eb/gnocchi.ae81989f-f03c-42e3-bd5a-3368970ac1b1/none_v3" 201 - "PUT http://[::1]:8080/v1/AUTH_7e6379b038b744d2b4ed9c56e55784eb/gnocchi.ae81989f-f03c-42e3-bd5a-3368970ac1b1/none_v3" "tx25755daacf944f28a3a0e-0069220438" "proxy-server 88815" 0.0124 "-" 96156 0
Nov 22 13:43:04 np0005532311.novalocal container-server[95854]: ::1 - - [22/Nov/2025:18:43:04 +0000] "PUT /2/134521/AUTH_7e6379b038b744d2b4ed9c56e55784eb/gnocchi.ae81989f-f03c-42e3-bd5a-3368970ac1b1/none_v3" 201 - "PUT http://[::1]:8080/2/260484/AUTH_7e6379b038b744d2b4ed9c56e55784eb/gnocchi.ae81989f-f03c-42e3-bd5a-3368970ac1b1/none_v3" "tx25755daacf944f28a3a0e-0069220438" "object-server 96157" 0.0012 "-" 95854 0
Nov 22 13:43:04 np0005532311.novalocal object-server[96157]: ::1 - - [22/Nov/2025:18:43:04 +0000] "PUT /2/260484/AUTH_7e6379b038b744d2b4ed9c56e55784eb/gnocchi.ae81989f-f03c-42e3-bd5a-3368970ac1b1/none_v3" 201 - "PUT http://[::1]:8080/v1/AUTH_7e6379b038b744d2b4ed9c56e55784eb/gnocchi.ae81989f-f03c-42e3-bd5a-3368970ac1b1/none_v3" "tx25755daacf944f28a3a0e-0069220438" "proxy-server 88815" 0.0141 "-" 96157 0
Nov 22 13:43:04 np0005532311.novalocal proxy-server[88815]: ::1 ::1 22/Nov/2025/18/43/04 PUT /v1/AUTH_7e6379b038b744d2b4ed9c56e55784eb/gnocchi.ae81989f-f03c-42e3-bd5a-3368970ac1b1/none_v3 HTTP/1.0 201 - python-swiftclient-4.5.0 gAAAAABpIgQFZCvZ... 46 - - tx25755daacf944f28a3a0e-0069220438 - 0.0222 - - 1763836984.204688549 1763836984.226922512 0
Nov 22 13:43:04 np0005532311.novalocal object-server[96157]: ::1 - - [22/Nov/2025:18:43:04 +0000] "GET /3/31826/AUTH_7e6379b038b744d2b4ed9c56e55784eb/gnocchi.02743456-c0f7-497d-8bbe-cf20b620dab2/none_v3" 200 27 "GET http://[::1]:8080/v1/AUTH_7e6379b038b744d2b4ed9c56e55784eb/gnocchi.02743456-c0f7-497d-8bbe-cf20b620dab2/none_v3" "tx77d618a104f14d528171e-0069220438" "proxy-server 88815" 0.0024 "-" 96157 0
Nov 22 13:43:04 np0005532311.novalocal proxy-server[88815]: ::1 ::1 22/Nov/2025/18/43/04 GET /v1/AUTH_7e6379b038b744d2b4ed9c56e55784eb/gnocchi.02743456-c0f7-497d-8bbe-cf20b620dab2/none_v3 HTTP/1.0 200 - python-swiftclient-4.5.0 gAAAAABpIgQFZCvZ... - 27 - tx77d618a104f14d528171e-0069220438 - 0.0100 - - 1763836984.239561558 1763836984.249585867 0
Nov 22 13:43:04 np0005532311.novalocal container-server[95853]: ::1 - - [22/Nov/2025:18:43:04 +0000] "GET /2/120251/AUTH_7e6379b038b744d2b4ed9c56e55784eb/gnocchi.02743456-c0f7-497d-8bbe-cf20b620dab2" 200 357 "GET http://[::1]:8080/v1/AUTH_7e6379b038b744d2b4ed9c56e55784eb/gnocchi.02743456-c0f7-497d-8bbe-cf20b620dab2?format=json&states=listing" "tx0bf1e4206fdb4b369c78d-0069220438" "proxy-server 88815" 0.0041 "-" 95853 0
Nov 22 13:43:04 np0005532311.novalocal proxy-server[88815]: ::1 ::1 22/Nov/2025/18/43/04 GET /v1/AUTH_7e6379b038b744d2b4ed9c56e55784eb/gnocchi.02743456-c0f7-497d-8bbe-cf20b620dab2%3Fformat%3Djson%26states%3Dlisting HTTP/1.0 200 - python-swiftclient-4.5.0 gAAAAABpIgQFZCvZ... - 357 - tx0bf1e4206fdb4b369c78d-0069220438 - 0.0116 - - 1763836984.254893064 1763836984.266481876 0
Nov 22 13:43:04 np0005532311.novalocal container-server[95853]: ::1 - - [22/Nov/2025:18:43:04 +0000] "GET /2/120251/AUTH_7e6379b038b744d2b4ed9c56e55784eb/gnocchi.02743456-c0f7-497d-8bbe-cf20b620dab2" 200 2 "GET http://[::1]:8080/v1/AUTH_7e6379b038b744d2b4ed9c56e55784eb/gnocchi.02743456-c0f7-497d-8bbe-cf20b620dab2?format=json&marker=none_v3&states=listing" "txc95a841eb0654dda9118e-0069220438" "proxy-server 88815" 0.0037 "-" 95853 0
Nov 22 13:43:04 np0005532311.novalocal proxy-server[88815]: ::1 ::1 22/Nov/2025/18/43/04 GET /v1/AUTH_7e6379b038b744d2b4ed9c56e55784eb/gnocchi.02743456-c0f7-497d-8bbe-cf20b620dab2%3Fformat%3Djson%26marker%3Dnone_v3%26states%3Dlisting HTTP/1.0 200 - python-swiftclient-4.5.0 gAAAAABpIgQFZCvZ... - 2 - txc95a841eb0654dda9118e-0069220438 - 0.0112 - - 1763836984.270915508 1763836984.282122135 0
Nov 22 13:43:04 np0005532311.novalocal object-server[96156]: ::1 - - [22/Nov/2025:18:43:04 +0000] "GET /2/185508/AUTH_7e6379b038b744d2b4ed9c56e55784eb/gnocchi.02743456-c0f7-497d-8bbe-cf20b620dab2/1763640000.0_mean_300.0_v3" 200 16 "GET http://[::1]:8080/v1/AUTH_7e6379b038b744d2b4ed9c56e55784eb/gnocchi.02743456-c0f7-497d-8bbe-cf20b620dab2/1763640000.0_mean_300.0_v3" "tx2edd8aee198440a79b5f1-0069220438" "proxy-server 88815" 0.0006 "-" 96156 0
Nov 22 13:43:04 np0005532311.novalocal object-server[96157]: ::1 - - [22/Nov/2025:18:43:04 +0000] "GET /2/141099/AUTH_7e6379b038b744d2b4ed9c56e55784eb/gnocchi.233653f4-37c1-4cdc-9dd7-f0a104d7f3cb/none_v3" 200 32 "GET http://[::1]:8080/v1/AUTH_7e6379b038b744d2b4ed9c56e55784eb/gnocchi.233653f4-37c1-4cdc-9dd7-f0a104d7f3cb/none_v3" "tx04374e6a748048ca926e9-0069220438" "proxy-server 88816" 0.0009 "-" 96157 0
Nov 22 13:43:04 np0005532311.novalocal proxy-server[88816]: ::1 ::1 22/Nov/2025/18/43/04 GET /v1/AUTH_7e6379b038b744d2b4ed9c56e55784eb/gnocchi.233653f4-37c1-4cdc-9dd7-f0a104d7f3cb/none_v3 HTTP/1.0 200 - python-swiftclient-4.5.0 gAAAAABpIgQAXILt... - 32 - tx04374e6a748048ca926e9-0069220438 - 0.0091 - - 1763836984.286826849 1763836984.295900822 0
Nov 22 13:43:04 np0005532311.novalocal proxy-server[88815]: ::1 ::1 22/Nov/2025/18/43/04 GET /v1/AUTH_7e6379b038b744d2b4ed9c56e55784eb/gnocchi.02743456-c0f7-497d-8bbe-cf20b620dab2/1763640000.0_mean_300.0_v3 HTTP/1.0 200 - python-swiftclient-4.5.0 gAAAAABpIgQFZCvZ... - 16 - tx2edd8aee198440a79b5f1-0069220438 - 0.0082 - - 1763836984.287769318 1763836984.295956373 0
Nov 22 13:43:04 np0005532311.novalocal container-server[95854]: ::1 - - [22/Nov/2025:18:43:04 +0000] "GET /3/138679/AUTH_7e6379b038b744d2b4ed9c56e55784eb/gnocchi.233653f4-37c1-4cdc-9dd7-f0a104d7f3cb" 200 357 "GET http://[::1]:8080/v1/AUTH_7e6379b038b744d2b4ed9c56e55784eb/gnocchi.233653f4-37c1-4cdc-9dd7-f0a104d7f3cb?format=json&states=listing" "tx24247d3fbb9d4f42b4091-0069220438" "proxy-server 88816" 0.0031 "-" 95854 0
Nov 22 13:43:04 np0005532311.novalocal proxy-server[88816]: ::1 ::1 22/Nov/2025/18/43/04 GET /v1/AUTH_7e6379b038b744d2b4ed9c56e55784eb/gnocchi.233653f4-37c1-4cdc-9dd7-f0a104d7f3cb%3Fformat%3Djson%26states%3Dlisting HTTP/1.0 200 - python-swiftclient-4.5.0 gAAAAABpIgQAXILt... - 357 - tx24247d3fbb9d4f42b4091-0069220438 - 0.0134 - - 1763836984.299111843 1763836984.312539339 0
Nov 22 13:43:04 np0005532311.novalocal container-server[95853]: ::1 - - [22/Nov/2025:18:43:04 +0000] "PUT /3/120251/AUTH_7e6379b038b744d2b4ed9c56e55784eb/gnocchi.02743456-c0f7-497d-8bbe-cf20b620dab2/1763640000.0_mean_300.0_v3" 201 - "PUT http://[::1]:8080/1/185508/AUTH_7e6379b038b744d2b4ed9c56e55784eb/gnocchi.02743456-c0f7-497d-8bbe-cf20b620dab2/1763640000.0_mean_300.0_v3" "txcd367f9930a14a33ba803-0069220438" "object-server 96156" 0.0007 "-" 95853 0
Nov 22 13:43:04 np0005532311.novalocal container-server[95854]: ::1 - - [22/Nov/2025:18:43:04 +0000] "PUT /1/120251/AUTH_7e6379b038b744d2b4ed9c56e55784eb/gnocchi.02743456-c0f7-497d-8bbe-cf20b620dab2/1763640000.0_mean_300.0_v3" 201 - "PUT http://[::1]:8080/2/185508/AUTH_7e6379b038b744d2b4ed9c56e55784eb/gnocchi.02743456-c0f7-497d-8bbe-cf20b620dab2/1763640000.0_mean_300.0_v3" "txcd367f9930a14a33ba803-0069220438" "object-server 96156" 0.0005 "-" 95854 0
Nov 22 13:43:04 np0005532311.novalocal object-server[96156]: ::1 - - [22/Nov/2025:18:43:04 +0000] "PUT /1/185508/AUTH_7e6379b038b744d2b4ed9c56e55784eb/gnocchi.02743456-c0f7-497d-8bbe-cf20b620dab2/1763640000.0_mean_300.0_v3" 201 - "PUT http://[::1]:8080/v1/AUTH_7e6379b038b744d2b4ed9c56e55784eb/gnocchi.02743456-c0f7-497d-8bbe-cf20b620dab2/1763640000.0_mean_300.0_v3" "txcd367f9930a14a33ba803-0069220438" "proxy-server 88815" 0.0116 "-" 96156 0
Nov 22 13:43:04 np0005532311.novalocal object-server[96156]: ::1 - - [22/Nov/2025:18:43:04 +0000] "PUT /2/185508/AUTH_7e6379b038b744d2b4ed9c56e55784eb/gnocchi.02743456-c0f7-497d-8bbe-cf20b620dab2/1763640000.0_mean_300.0_v3" 201 - "PUT http://[::1]:8080/v1/AUTH_7e6379b038b744d2b4ed9c56e55784eb/gnocchi.02743456-c0f7-497d-8bbe-cf20b620dab2/1763640000.0_mean_300.0_v3" "txcd367f9930a14a33ba803-0069220438" "proxy-server 88815" 0.0098 "-" 96156 0
Nov 22 13:43:04 np0005532311.novalocal container-server[95853]: ::1 - - [22/Nov/2025:18:43:04 +0000] "PUT /2/120251/AUTH_7e6379b038b744d2b4ed9c56e55784eb/gnocchi.02743456-c0f7-497d-8bbe-cf20b620dab2/1763640000.0_mean_300.0_v3" 201 - "PUT http://[::1]:8080/3/185508/AUTH_7e6379b038b744d2b4ed9c56e55784eb/gnocchi.02743456-c0f7-497d-8bbe-cf20b620dab2/1763640000.0_mean_300.0_v3" "txcd367f9930a14a33ba803-0069220438" "object-server 96156" 0.0006 "-" 95853 0
Nov 22 13:43:04 np0005532311.novalocal object-server[96156]: ::1 - - [22/Nov/2025:18:43:04 +0000] "PUT /3/185508/AUTH_7e6379b038b744d2b4ed9c56e55784eb/gnocchi.02743456-c0f7-497d-8bbe-cf20b620dab2/1763640000.0_mean_300.0_v3" 201 - "PUT http://[::1]:8080/v1/AUTH_7e6379b038b744d2b4ed9c56e55784eb/gnocchi.02743456-c0f7-497d-8bbe-cf20b620dab2/1763640000.0_mean_300.0_v3" "txcd367f9930a14a33ba803-0069220438" "proxy-server 88815" 0.0126 "-" 96156 0
Nov 22 13:43:04 np0005532311.novalocal proxy-server[88815]: ::1 ::1 22/Nov/2025/18/43/04 PUT /v1/AUTH_7e6379b038b744d2b4ed9c56e55784eb/gnocchi.02743456-c0f7-497d-8bbe-cf20b620dab2/1763640000.0_mean_300.0_v3 HTTP/1.0 201 - python-swiftclient-4.5.0 gAAAAABpIgQFZCvZ... 16 - - txcd367f9930a14a33ba803-0069220438 - 0.0199 - - 1763836984.301998377 1763836984.321934938 0
Nov 22 13:43:04 np0005532311.novalocal container-server[95854]: ::1 - - [22/Nov/2025:18:43:04 +0000] "GET /1/138679/AUTH_7e6379b038b744d2b4ed9c56e55784eb/gnocchi.233653f4-37c1-4cdc-9dd7-f0a104d7f3cb" 200 2 "GET http://[::1]:8080/v1/AUTH_7e6379b038b744d2b4ed9c56e55784eb/gnocchi.233653f4-37c1-4cdc-9dd7-f0a104d7f3cb?format=json&marker=none_v3&states=listing" "tx5d9bceed2fa0481faefba-0069220438" "proxy-server 88816" 0.0026 "-" 95854 0
Nov 22 13:43:04 np0005532311.novalocal proxy-server[88816]: ::1 ::1 22/Nov/2025/18/43/04 GET /v1/AUTH_7e6379b038b744d2b4ed9c56e55784eb/gnocchi.233653f4-37c1-4cdc-9dd7-f0a104d7f3cb%3Fformat%3Djson%26marker%3Dnone_v3%26states%3Dlisting HTTP/1.0 200 - python-swiftclient-4.5.0 gAAAAABpIgQAXILt... - 2 - tx5d9bceed2fa0481faefba-0069220438 - 0.0115 - - 1763836984.316314936 1763836984.327830076 0
Nov 22 13:43:04 np0005532311.novalocal object-server[96157]: ::1 - - [22/Nov/2025:18:43:04 +0000] "GET /3/134914/AUTH_7e6379b038b744d2b4ed9c56e55784eb/gnocchi.233653f4-37c1-4cdc-9dd7-f0a104d7f3cb/1763640000.0_mean_300.0_v3" 200 16 "GET http://[::1]:8080/v1/AUTH_7e6379b038b744d2b4ed9c56e55784eb/gnocchi.233653f4-37c1-4cdc-9dd7-f0a104d7f3cb/1763640000.0_mean_300.0_v3" "tx406d4b3af3524eb7a9731-0069220438" "proxy-server 88816" 0.0011 "-" 96157 0
Nov 22 13:43:04 np0005532311.novalocal proxy-server[88816]: ::1 ::1 22/Nov/2025/18/43/04 GET /v1/AUTH_7e6379b038b744d2b4ed9c56e55784eb/gnocchi.233653f4-37c1-4cdc-9dd7-f0a104d7f3cb/1763640000.0_mean_300.0_v3 HTTP/1.0 200 - python-swiftclient-4.5.0 gAAAAABpIgQAXILt... - 16 - tx406d4b3af3524eb7a9731-0069220438 - 0.0094 - - 1763836984.330974102 1763836984.340404272 0
Nov 22 13:43:04 np0005532311.novalocal container-server[95853]: ::1 - - [22/Nov/2025:18:43:04 +0000] "PUT /3/120251/AUTH_7e6379b038b744d2b4ed9c56e55784eb/gnocchi.02743456-c0f7-497d-8bbe-cf20b620dab2/none_v3" 201 - "PUT http://[::1]:8080/2/31826/AUTH_7e6379b038b744d2b4ed9c56e55784eb/gnocchi.02743456-c0f7-497d-8bbe-cf20b620dab2/none_v3" "tx7d062673983d481bbb803-0069220438" "object-server 96156" 0.0019 "-" 95853 0
Nov 22 13:43:04 np0005532311.novalocal object-server[96156]: ::1 - - [22/Nov/2025:18:43:04 +0000] "PUT /2/31826/AUTH_7e6379b038b744d2b4ed9c56e55784eb/gnocchi.02743456-c0f7-497d-8bbe-cf20b620dab2/none_v3" 201 - "PUT http://[::1]:8080/v1/AUTH_7e6379b038b744d2b4ed9c56e55784eb/gnocchi.02743456-c0f7-497d-8bbe-cf20b620dab2/none_v3" "tx7d062673983d481bbb803-0069220438" "proxy-server 88815" 0.0128 "-" 96156 0
Nov 22 13:43:04 np0005532311.novalocal container-server[95853]: ::1 - - [22/Nov/2025:18:43:04 +0000] "PUT /1/120251/AUTH_7e6379b038b744d2b4ed9c56e55784eb/gnocchi.02743456-c0f7-497d-8bbe-cf20b620dab2/none_v3" 201 - "PUT http://[::1]:8080/1/31826/AUTH_7e6379b038b744d2b4ed9c56e55784eb/gnocchi.02743456-c0f7-497d-8bbe-cf20b620dab2/none_v3" "tx7d062673983d481bbb803-0069220438" "object-server 96157" 0.0008 "-" 95853 0
Nov 22 13:43:04 np0005532311.novalocal container-server[95854]: ::1 - - [22/Nov/2025:18:43:04 +0000] "PUT /2/120251/AUTH_7e6379b038b744d2b4ed9c56e55784eb/gnocchi.02743456-c0f7-497d-8bbe-cf20b620dab2/none_v3" 201 - "PUT http://[::1]:8080/3/31826/AUTH_7e6379b038b744d2b4ed9c56e55784eb/gnocchi.02743456-c0f7-497d-8bbe-cf20b620dab2/none_v3" "tx7d062673983d481bbb803-0069220438" "object-server 96157" 0.0005 "-" 95854 0
Nov 22 13:43:04 np0005532311.novalocal object-server[96157]: ::1 - - [22/Nov/2025:18:43:04 +0000] "PUT /3/31826/AUTH_7e6379b038b744d2b4ed9c56e55784eb/gnocchi.02743456-c0f7-497d-8bbe-cf20b620dab2/none_v3" 201 - "PUT http://[::1]:8080/v1/AUTH_7e6379b038b744d2b4ed9c56e55784eb/gnocchi.02743456-c0f7-497d-8bbe-cf20b620dab2/none_v3" "tx7d062673983d481bbb803-0069220438" "proxy-server 88815" 0.0137 "-" 96157 0
Nov 22 13:43:04 np0005532311.novalocal object-server[96157]: ::1 - - [22/Nov/2025:18:43:04 +0000] "PUT /1/31826/AUTH_7e6379b038b744d2b4ed9c56e55784eb/gnocchi.02743456-c0f7-497d-8bbe-cf20b620dab2/none_v3" 201 - "PUT http://[::1]:8080/v1/AUTH_7e6379b038b744d2b4ed9c56e55784eb/gnocchi.02743456-c0f7-497d-8bbe-cf20b620dab2/none_v3" "tx7d062673983d481bbb803-0069220438" "proxy-server 88815" 0.0167 "-" 96157 0
Nov 22 13:43:04 np0005532311.novalocal proxy-server[88815]: ::1 ::1 22/Nov/2025/18/43/04 PUT /v1/AUTH_7e6379b038b744d2b4ed9c56e55784eb/gnocchi.02743456-c0f7-497d-8bbe-cf20b620dab2/none_v3 HTTP/1.0 201 - python-swiftclient-4.5.0 gAAAAABpIgQFZCvZ... 37 - - tx7d062673983d481bbb803-0069220438 - 0.0229 - - 1763836984.324291945 1763836984.347170830 0
Nov 22 13:43:04 np0005532311.novalocal container-server[95854]: ::1 - - [22/Nov/2025:18:43:04 +0000] "PUT /1/138679/AUTH_7e6379b038b744d2b4ed9c56e55784eb/gnocchi.233653f4-37c1-4cdc-9dd7-f0a104d7f3cb/1763640000.0_mean_300.0_v3" 201 - "PUT http://[::1]:8080/1/134914/AUTH_7e6379b038b744d2b4ed9c56e55784eb/gnocchi.233653f4-37c1-4cdc-9dd7-f0a104d7f3cb/1763640000.0_mean_300.0_v3" "txf04c8f7c901146a08f7ee-0069220438" "object-server 96156" 0.0006 "-" 95854 0
Nov 22 13:43:04 np0005532311.novalocal object-server[96156]: ::1 - - [22/Nov/2025:18:43:04 +0000] "PUT /1/134914/AUTH_7e6379b038b744d2b4ed9c56e55784eb/gnocchi.233653f4-37c1-4cdc-9dd7-f0a104d7f3cb/1763640000.0_mean_300.0_v3" 201 - "PUT http://[::1]:8080/v1/AUTH_7e6379b038b744d2b4ed9c56e55784eb/gnocchi.233653f4-37c1-4cdc-9dd7-f0a104d7f3cb/1763640000.0_mean_300.0_v3" "txf04c8f7c901146a08f7ee-0069220438" "proxy-server 88816" 0.0092 "-" 96156 0
Nov 22 13:43:04 np0005532311.novalocal container-server[95854]: ::1 - - [22/Nov/2025:18:43:04 +0000] "PUT /2/138679/AUTH_7e6379b038b744d2b4ed9c56e55784eb/gnocchi.233653f4-37c1-4cdc-9dd7-f0a104d7f3cb/1763640000.0_mean_300.0_v3" 201 - "PUT http://[::1]:8080/3/134914/AUTH_7e6379b038b744d2b4ed9c56e55784eb/gnocchi.233653f4-37c1-4cdc-9dd7-f0a104d7f3cb/1763640000.0_mean_300.0_v3" "txf04c8f7c901146a08f7ee-0069220438" "object-server 96156" 0.0004 "-" 95854 0
Nov 22 13:43:04 np0005532311.novalocal object-server[96156]: ::1 - - [22/Nov/2025:18:43:04 +0000] "PUT /3/134914/AUTH_7e6379b038b744d2b4ed9c56e55784eb/gnocchi.233653f4-37c1-4cdc-9dd7-f0a104d7f3cb/1763640000.0_mean_300.0_v3" 201 - "PUT http://[::1]:8080/v1/AUTH_7e6379b038b744d2b4ed9c56e55784eb/gnocchi.233653f4-37c1-4cdc-9dd7-f0a104d7f3cb/1763640000.0_mean_300.0_v3" "txf04c8f7c901146a08f7ee-0069220438" "proxy-server 88816" 0.0115 "-" 96156 0
Nov 22 13:43:04 np0005532311.novalocal container-server[95853]: ::1 - - [22/Nov/2025:18:43:04 +0000] "PUT /3/138679/AUTH_7e6379b038b744d2b4ed9c56e55784eb/gnocchi.233653f4-37c1-4cdc-9dd7-f0a104d7f3cb/1763640000.0_mean_300.0_v3" 201 - "PUT http://[::1]:8080/2/134914/AUTH_7e6379b038b744d2b4ed9c56e55784eb/gnocchi.233653f4-37c1-4cdc-9dd7-f0a104d7f3cb/1763640000.0_mean_300.0_v3" "txf04c8f7c901146a08f7ee-0069220438" "object-server 96157" 0.0006 "-" 95853 0
Nov 22 13:43:04 np0005532311.novalocal object-server[96157]: ::1 - - [22/Nov/2025:18:43:04 +0000] "PUT /2/134914/AUTH_7e6379b038b744d2b4ed9c56e55784eb/gnocchi.233653f4-37c1-4cdc-9dd7-f0a104d7f3cb/1763640000.0_mean_300.0_v3" 201 - "PUT http://[::1]:8080/v1/AUTH_7e6379b038b744d2b4ed9c56e55784eb/gnocchi.233653f4-37c1-4cdc-9dd7-f0a104d7f3cb/1763640000.0_mean_300.0_v3" "txf04c8f7c901146a08f7ee-0069220438" "proxy-server 88816" 0.0145 "-" 96157 0
Nov 22 13:43:04 np0005532311.novalocal proxy-server[88816]: ::1 ::1 22/Nov/2025/18/43/04 PUT /v1/AUTH_7e6379b038b744d2b4ed9c56e55784eb/gnocchi.233653f4-37c1-4cdc-9dd7-f0a104d7f3cb/1763640000.0_mean_300.0_v3 HTTP/1.0 201 - python-swiftclient-4.5.0 gAAAAABpIgQAXILt... 16 - - txf04c8f7c901146a08f7ee-0069220438 - 0.0249 - - 1763836984.343176126 1763836984.368098497 0
Nov 22 13:43:04 np0005532311.novalocal container-server[95854]: ::1 - - [22/Nov/2025:18:43:04 +0000] "PUT /3/138679/AUTH_7e6379b038b744d2b4ed9c56e55784eb/gnocchi.233653f4-37c1-4cdc-9dd7-f0a104d7f3cb/none_v3" 201 - "PUT http://[::1]:8080/1/141099/AUTH_7e6379b038b744d2b4ed9c56e55784eb/gnocchi.233653f4-37c1-4cdc-9dd7-f0a104d7f3cb/none_v3" "txa159de696fa44651bba38-0069220438" "object-server 96156" 0.0006 "-" 95854 0
Nov 22 13:43:04 np0005532311.novalocal object-server[96156]: ::1 - - [22/Nov/2025:18:43:04 +0000] "PUT /1/141099/AUTH_7e6379b038b744d2b4ed9c56e55784eb/gnocchi.233653f4-37c1-4cdc-9dd7-f0a104d7f3cb/none_v3" 201 - "PUT http://[::1]:8080/v1/AUTH_7e6379b038b744d2b4ed9c56e55784eb/gnocchi.233653f4-37c1-4cdc-9dd7-f0a104d7f3cb/none_v3" "txa159de696fa44651bba38-0069220438" "proxy-server 88816" 0.0096 "-" 96156 0
Nov 22 13:43:04 np0005532311.novalocal container-server[95854]: ::1 - - [22/Nov/2025:18:43:04 +0000] "PUT /1/138679/AUTH_7e6379b038b744d2b4ed9c56e55784eb/gnocchi.233653f4-37c1-4cdc-9dd7-f0a104d7f3cb/none_v3" 201 - "PUT http://[::1]:8080/2/141099/AUTH_7e6379b038b744d2b4ed9c56e55784eb/gnocchi.233653f4-37c1-4cdc-9dd7-f0a104d7f3cb/none_v3" "txa159de696fa44651bba38-0069220438" "object-server 96157" 0.0004 "-" 95854 0
Nov 22 13:43:04 np0005532311.novalocal object-server[96157]: ::1 - - [22/Nov/2025:18:43:04 +0000] "PUT /2/141099/AUTH_7e6379b038b744d2b4ed9c56e55784eb/gnocchi.233653f4-37c1-4cdc-9dd7-f0a104d7f3cb/none_v3" 201 - "PUT http://[::1]:8080/v1/AUTH_7e6379b038b744d2b4ed9c56e55784eb/gnocchi.233653f4-37c1-4cdc-9dd7-f0a104d7f3cb/none_v3" "txa159de696fa44651bba38-0069220438" "proxy-server 88816" 0.0116 "-" 96157 0
Nov 22 13:43:04 np0005532311.novalocal container-server[95854]: ::1 - - [22/Nov/2025:18:43:04 +0000] "PUT /2/138679/AUTH_7e6379b038b744d2b4ed9c56e55784eb/gnocchi.233653f4-37c1-4cdc-9dd7-f0a104d7f3cb/none_v3" 201 - "PUT http://[::1]:8080/3/141099/AUTH_7e6379b038b744d2b4ed9c56e55784eb/gnocchi.233653f4-37c1-4cdc-9dd7-f0a104d7f3cb/none_v3" "txa159de696fa44651bba38-0069220438" "object-server 96157" 0.0004 "-" 95854 0
Nov 22 13:43:04 np0005532311.novalocal object-server[96157]: ::1 - - [22/Nov/2025:18:43:04 +0000] "PUT /3/141099/AUTH_7e6379b038b744d2b4ed9c56e55784eb/gnocchi.233653f4-37c1-4cdc-9dd7-f0a104d7f3cb/none_v3" 201 - "PUT http://[::1]:8080/v1/AUTH_7e6379b038b744d2b4ed9c56e55784eb/gnocchi.233653f4-37c1-4cdc-9dd7-f0a104d7f3cb/none_v3" "txa159de696fa44651bba38-0069220438" "proxy-server 88816" 0.0141 "-" 96157 0
Nov 22 13:43:04 np0005532311.novalocal proxy-server[88816]: ::1 ::1 22/Nov/2025/18/43/04 PUT /v1/AUTH_7e6379b038b744d2b4ed9c56e55784eb/gnocchi.233653f4-37c1-4cdc-9dd7-f0a104d7f3cb/none_v3 HTTP/1.0 201 - python-swiftclient-4.5.0 gAAAAABpIgQAXILt... 46 - - txa159de696fa44651bba38-0069220438 - 0.0239 - - 1763836984.371259451 1763836984.395117283 0
Nov 22 13:43:04 np0005532311.novalocal sudo[104140]: neutron : PWD=/ ; USER=root ; COMMAND=/usr/bin/neutron-rootwrap /etc/neutron/rootwrap.conf privsep-helper --config-file /usr/share/neutron/neutron-dist.conf --config-file /etc/neutron/neutron.conf --config-file /etc/neutron/dhcp_agent.ini --config-dir /etc/neutron/conf.d/neutron-dhcp-agent --privsep_context neutron.privileged.dhcp_release_cmd --privsep_sock_path /tmp/tmp5iehvyf0/privsep.sock
Nov 22 13:43:04 np0005532311.novalocal systemd[1]: Started Session c146 of User root.
Nov 22 13:43:04 np0005532311.novalocal sudo[104140]: pam_unix(sudo:session): session opened for user root(uid=0) by (uid=981)
Nov 22 13:43:04 np0005532311.novalocal object-server[96156]: ::1 - - [22/Nov/2025:18:43:04 +0000] "GET /2/141099/AUTH_7e6379b038b744d2b4ed9c56e55784eb/gnocchi.233653f4-37c1-4cdc-9dd7-f0a104d7f3cb/none_v3" 200 46 "GET http://[::1]:8080/v1/AUTH_7e6379b038b744d2b4ed9c56e55784eb/gnocchi.233653f4-37c1-4cdc-9dd7-f0a104d7f3cb/none_v3" "txc78479f45cd647c7955a9-0069220438" "proxy-server 88815" 0.0009 "-" 96156 0
Nov 22 13:43:04 np0005532311.novalocal object-server[96157]: ::1 - - [22/Nov/2025:18:43:04 +0000] "GET /3/31826/AUTH_7e6379b038b744d2b4ed9c56e55784eb/gnocchi.02743456-c0f7-497d-8bbe-cf20b620dab2/none_v3" 200 37 "GET http://[::1]:8080/v1/AUTH_7e6379b038b744d2b4ed9c56e55784eb/gnocchi.02743456-c0f7-497d-8bbe-cf20b620dab2/none_v3" "txfd0e63eff43c48319d897-0069220438" "proxy-server 88816" 0.0010 "-" 96157 0
Nov 22 13:43:04 np0005532311.novalocal proxy-server[88815]: ::1 ::1 22/Nov/2025/18/43/04 GET /v1/AUTH_7e6379b038b744d2b4ed9c56e55784eb/gnocchi.233653f4-37c1-4cdc-9dd7-f0a104d7f3cb/none_v3 HTTP/1.0 200 - python-swiftclient-4.5.0 gAAAAABpIgQFZCvZ... - 46 - txc78479f45cd647c7955a9-0069220438 - 0.0094 - - 1763836984.782426357 1763836984.791787148 0
Nov 22 13:43:04 np0005532311.novalocal proxy-server[88816]: ::1 ::1 22/Nov/2025/18/43/04 GET /v1/AUTH_7e6379b038b744d2b4ed9c56e55784eb/gnocchi.02743456-c0f7-497d-8bbe-cf20b620dab2/none_v3 HTTP/1.0 200 - python-swiftclient-4.5.0 gAAAAABpIgQAXILt... - 37 - txfd0e63eff43c48319d897-0069220438 - 0.0087 - - 1763836984.783360481 1763836984.792057514 0
Nov 22 13:43:04 np0005532311.novalocal container-server[95853]: ::1 - - [22/Nov/2025:18:43:04 +0000] "GET /3/138679/AUTH_7e6379b038b744d2b4ed9c56e55784eb/gnocchi.233653f4-37c1-4cdc-9dd7-f0a104d7f3cb" 200 357 "GET http://[::1]:8080/v1/AUTH_7e6379b038b744d2b4ed9c56e55784eb/gnocchi.233653f4-37c1-4cdc-9dd7-f0a104d7f3cb?format=json&states=listing" "tx8ee96f8eb0c34ef385b40-0069220438" "proxy-server 88815" 0.0100 "-" 95853 0
Nov 22 13:43:04 np0005532311.novalocal proxy-server[88815]: ::1 ::1 22/Nov/2025/18/43/04 GET /v1/AUTH_7e6379b038b744d2b4ed9c56e55784eb/gnocchi.233653f4-37c1-4cdc-9dd7-f0a104d7f3cb%3Fformat%3Djson%26states%3Dlisting HTTP/1.0 200 - python-swiftclient-4.5.0 gAAAAABpIgQFZCvZ... - 357 - tx8ee96f8eb0c34ef385b40-0069220438 - 0.0161 - - 1763836984.796238184 1763836984.812358141 0
Nov 22 13:43:04 np0005532311.novalocal container-server[95854]: ::1 - - [22/Nov/2025:18:43:04 +0000] "GET /2/120251/AUTH_7e6379b038b744d2b4ed9c56e55784eb/gnocchi.02743456-c0f7-497d-8bbe-cf20b620dab2" 200 357 "GET http://[::1]:8080/v1/AUTH_7e6379b038b744d2b4ed9c56e55784eb/gnocchi.02743456-c0f7-497d-8bbe-cf20b620dab2?format=json&states=listing" "tx99cb003e9c74450f9bf8a-0069220438" "proxy-server 88816" 0.0127 "-" 95854 0
Nov 22 13:43:04 np0005532311.novalocal proxy-server[88816]: ::1 ::1 22/Nov/2025/18/43/04 GET /v1/AUTH_7e6379b038b744d2b4ed9c56e55784eb/gnocchi.02743456-c0f7-497d-8bbe-cf20b620dab2%3Fformat%3Djson%26states%3Dlisting HTTP/1.0 200 - python-swiftclient-4.5.0 gAAAAABpIgQAXILt... - 357 - tx99cb003e9c74450f9bf8a-0069220438 - 0.0202 - - 1763836984.795924425 1763836984.816101551 0
Nov 22 13:43:04 np0005532311.novalocal container-server[95854]: ::1 - - [22/Nov/2025:18:43:04 +0000] "GET /3/138679/AUTH_7e6379b038b744d2b4ed9c56e55784eb/gnocchi.233653f4-37c1-4cdc-9dd7-f0a104d7f3cb" 200 2 "GET http://[::1]:8080/v1/AUTH_7e6379b038b744d2b4ed9c56e55784eb/gnocchi.233653f4-37c1-4cdc-9dd7-f0a104d7f3cb?format=json&marker=none_v3&states=listing" "tx912e5dbaac564b44b3e01-0069220438" "proxy-server 88815" 0.0018 "-" 95854 0
Nov 22 13:43:04 np0005532311.novalocal proxy-server[88815]: ::1 ::1 22/Nov/2025/18/43/04 GET /v1/AUTH_7e6379b038b744d2b4ed9c56e55784eb/gnocchi.233653f4-37c1-4cdc-9dd7-f0a104d7f3cb%3Fformat%3Djson%26marker%3Dnone_v3%26states%3Dlisting HTTP/1.0 200 - python-swiftclient-4.5.0 gAAAAABpIgQFZCvZ... - 2 - tx912e5dbaac564b44b3e01-0069220438 - 0.0091 - - 1763836984.815776825 1763836984.824868679 0
Nov 22 13:43:04 np0005532311.novalocal object-server[96156]: ::1 - - [22/Nov/2025:18:43:04 +0000] "GET /1/134914/AUTH_7e6379b038b744d2b4ed9c56e55784eb/gnocchi.233653f4-37c1-4cdc-9dd7-f0a104d7f3cb/1763640000.0_mean_300.0_v3" 200 16 "GET http://[::1]:8080/v1/AUTH_7e6379b038b744d2b4ed9c56e55784eb/gnocchi.233653f4-37c1-4cdc-9dd7-f0a104d7f3cb/1763640000.0_mean_300.0_v3" "tx1a93c58c76c14e28be892-0069220438" "proxy-server 88815" 0.0005 "-" 96156 0
Nov 22 13:43:04 np0005532311.novalocal container-server[95853]: ::1 - - [22/Nov/2025:18:43:04 +0000] "GET /2/120251/AUTH_7e6379b038b744d2b4ed9c56e55784eb/gnocchi.02743456-c0f7-497d-8bbe-cf20b620dab2" 200 2 "GET http://[::1]:8080/v1/AUTH_7e6379b038b744d2b4ed9c56e55784eb/gnocchi.02743456-c0f7-497d-8bbe-cf20b620dab2?format=json&marker=none_v3&states=listing" "tx73c319ed4b4d4b44a6462-0069220438" "proxy-server 88816" 0.0039 "-" 95853 0
Nov 22 13:43:04 np0005532311.novalocal proxy-server[88815]: ::1 ::1 22/Nov/2025/18/43/04 GET /v1/AUTH_7e6379b038b744d2b4ed9c56e55784eb/gnocchi.233653f4-37c1-4cdc-9dd7-f0a104d7f3cb/1763640000.0_mean_300.0_v3 HTTP/1.0 200 - python-swiftclient-4.5.0 gAAAAABpIgQFZCvZ... - 16 - tx1a93c58c76c14e28be892-0069220438 - 0.0054 - - 1763836984.829240561 1763836984.834622860 0
Nov 22 13:43:04 np0005532311.novalocal proxy-server[88816]: ::1 ::1 22/Nov/2025/18/43/04 GET /v1/AUTH_7e6379b038b744d2b4ed9c56e55784eb/gnocchi.02743456-c0f7-497d-8bbe-cf20b620dab2%3Fformat%3Djson%26marker%3Dnone_v3%26states%3Dlisting HTTP/1.0 200 - python-swiftclient-4.5.0 gAAAAABpIgQAXILt... - 2 - tx73c319ed4b4d4b44a6462-0069220438 - 0.0224 - - 1763836984.822493792 1763836984.844918966 0
Nov 22 13:43:04 np0005532311.novalocal object-server[96156]: ::1 - - [22/Nov/2025:18:43:04 +0000] "GET /2/185508/AUTH_7e6379b038b744d2b4ed9c56e55784eb/gnocchi.02743456-c0f7-497d-8bbe-cf20b620dab2/1763640000.0_mean_300.0_v3" 200 16 "GET http://[::1]:8080/v1/AUTH_7e6379b038b744d2b4ed9c56e55784eb/gnocchi.02743456-c0f7-497d-8bbe-cf20b620dab2/1763640000.0_mean_300.0_v3" "txeef3153cbb0248788de7e-0069220438" "proxy-server 88816" 0.0005 "-" 96156 0
Nov 22 13:43:04 np0005532311.novalocal proxy-server[88816]: ::1 ::1 22/Nov/2025/18/43/04 GET /v1/AUTH_7e6379b038b744d2b4ed9c56e55784eb/gnocchi.02743456-c0f7-497d-8bbe-cf20b620dab2/1763640000.0_mean_300.0_v3 HTTP/1.0 200 - python-swiftclient-4.5.0 gAAAAABpIgQAXILt... - 16 - txeef3153cbb0248788de7e-0069220438 - 0.0090 - - 1763836984.849878788 1763836984.858855486 0
Nov 22 13:43:04 np0005532311.novalocal container-server[95853]: ::1 - - [22/Nov/2025:18:43:04 +0000] "PUT /3/138679/AUTH_7e6379b038b744d2b4ed9c56e55784eb/gnocchi.233653f4-37c1-4cdc-9dd7-f0a104d7f3cb/1763640000.0_mean_300.0_v3" 201 - "PUT http://[::1]:8080/3/134914/AUTH_7e6379b038b744d2b4ed9c56e55784eb/gnocchi.233653f4-37c1-4cdc-9dd7-f0a104d7f3cb/1763640000.0_mean_300.0_v3" "tx85e0a62c62bb47b5be7f4-0069220438" "object-server 96156" 0.0008 "-" 95853 0
Nov 22 13:43:04 np0005532311.novalocal object-server[96156]: ::1 - - [22/Nov/2025:18:43:04 +0000] "PUT /3/134914/AUTH_7e6379b038b744d2b4ed9c56e55784eb/gnocchi.233653f4-37c1-4cdc-9dd7-f0a104d7f3cb/1763640000.0_mean_300.0_v3" 201 - "PUT http://[::1]:8080/v1/AUTH_7e6379b038b744d2b4ed9c56e55784eb/gnocchi.233653f4-37c1-4cdc-9dd7-f0a104d7f3cb/1763640000.0_mean_300.0_v3" "tx85e0a62c62bb47b5be7f4-0069220438" "proxy-server 88815" 0.0129 "-" 96156 0
