Nov 22 13:42:24 np0005532311.novalocal proxy-server[88815]: ::1 ::1 22/Nov/2025/18/42/24 GET /v1/AUTH_7e6379b038b744d2b4ed9c56e55784eb/gnocchi.43e319d0-8c70-46ad-879f-693d6188de52/none_v3 HTTP/1.0 200 - python-swiftclient-4.5.0 gAAAAABpIgQFZCvZ... - 22 - tx96e70bc8e05a4b05b065d-0069220410 - 0.0206 - - 1763836944.552408218 1763836944.572977781 0
Nov 22 13:42:24 np0005532311.novalocal object-server[96156]: ::1 - - [22/Nov/2025:18:42:24 +0000] "GET /3/51473/AUTH_7e6379b038b744d2b4ed9c56e55784eb/gnocchi.e580b64b-5c60-4977-bdfd-48b78337c816/none_v3" 404 70 "GET http://[::1]:8080/v1/AUTH_7e6379b038b744d2b4ed9c56e55784eb/gnocchi.e580b64b-5c60-4977-bdfd-48b78337c816/none_v3" "tx8cd091e6f4e140ffae3c0-0069220410" "proxy-server 88816" 0.0003 "-" 96156 0
Nov 22 13:42:24 np0005532311.novalocal object-server[96156]: ::1 - - [22/Nov/2025:18:42:24 +0000] "GET /2/51473/AUTH_7e6379b038b744d2b4ed9c56e55784eb/gnocchi.e580b64b-5c60-4977-bdfd-48b78337c816/none_v3" 404 70 "GET http://[::1]:8080/v1/AUTH_7e6379b038b744d2b4ed9c56e55784eb/gnocchi.e580b64b-5c60-4977-bdfd-48b78337c816/none_v3" "tx8cd091e6f4e140ffae3c0-0069220410" "proxy-server 88816" 0.0002 "-" 96156 0
Nov 22 13:42:24 np0005532311.novalocal object-server[96156]: ::1 - - [22/Nov/2025:18:42:24 +0000] "GET /1/51473/AUTH_7e6379b038b744d2b4ed9c56e55784eb/gnocchi.e580b64b-5c60-4977-bdfd-48b78337c816/none_v3" 404 70 "GET http://[::1]:8080/v1/AUTH_7e6379b038b744d2b4ed9c56e55784eb/gnocchi.e580b64b-5c60-4977-bdfd-48b78337c816/none_v3" "tx8cd091e6f4e140ffae3c0-0069220410" "proxy-server 88816" 0.0003 "-" 96156 0
Nov 22 13:42:24 np0005532311.novalocal proxy-server[88816]: ::1 ::1 22/Nov/2025/18/42/24 GET /v1/AUTH_7e6379b038b744d2b4ed9c56e55784eb/gnocchi.e580b64b-5c60-4977-bdfd-48b78337c816/none_v3 HTTP/1.0 404 - python-swiftclient-4.5.0 gAAAAABpIgQAXILt... - 70 - tx8cd091e6f4e140ffae3c0-0069220410 - 0.0291 - - 1763836944.551465988 1763836944.580543995 0
Nov 22 13:42:24 np0005532311.novalocal container-server[95853]: ::1 - - [22/Nov/2025:18:42:24 +0000] "GET /3/179237/AUTH_7e6379b038b744d2b4ed9c56e55784eb/gnocchi.43e319d0-8c70-46ad-879f-693d6188de52" 200 357 "GET http://[::1]:8080/v1/AUTH_7e6379b038b744d2b4ed9c56e55784eb/gnocchi.43e319d0-8c70-46ad-879f-693d6188de52?format=json&states=listing" "tx1acc1cdb38e34504b4b97-0069220410" "proxy-server 88815" 0.0192 "-" 95853 0
Nov 22 13:42:24 np0005532311.novalocal account-server[95554]: ::1 - - [22/Nov/2025:18:42:24 +0000] "PUT /2/156665/AUTH_7e6379b038b744d2b4ed9c56e55784eb/gnocchi.e580b64b-5c60-4977-bdfd-48b78337c816" 201 - "PUT http://[::1]:6001/3/115391/AUTH_7e6379b038b744d2b4ed9c56e55784eb/gnocchi.e580b64b-5c60-4977-bdfd-48b78337c816" "txcf527512d9c546d386f3c-0069220410" "container-server 95854" 0.0081 "-" 95554 0
Nov 22 13:42:24 np0005532311.novalocal container-server[95854]: ::1 - - [22/Nov/2025:18:42:24 +0000] "PUT /3/115391/AUTH_7e6379b038b744d2b4ed9c56e55784eb/gnocchi.e580b64b-5c60-4977-bdfd-48b78337c816" 201 - "PUT http://[::1]:8080/v1/AUTH_7e6379b038b744d2b4ed9c56e55784eb/gnocchi.e580b64b-5c60-4977-bdfd-48b78337c816" "txcf527512d9c546d386f3c-0069220410" "proxy-server 88816" 0.0200 "-" 95854 0
Nov 22 13:42:24 np0005532311.novalocal proxy-server[88815]: ::1 ::1 22/Nov/2025/18/42/24 GET /v1/AUTH_7e6379b038b744d2b4ed9c56e55784eb/gnocchi.43e319d0-8c70-46ad-879f-693d6188de52%3Fformat%3Djson%26states%3Dlisting HTTP/1.0 200 - python-swiftclient-4.5.0 gAAAAABpIgQFZCvZ... - 357 - tx1acc1cdb38e34504b4b97-0069220410 - 0.0265 - - 1763836944.582098961 1763836944.608554125 0
Nov 22 13:42:24 np0005532311.novalocal account-server[95554]: ::1 - - [22/Nov/2025:18:42:24 +0000] "PUT /3/156665/AUTH_7e6379b038b744d2b4ed9c56e55784eb/gnocchi.e580b64b-5c60-4977-bdfd-48b78337c816" 201 - "PUT http://[::1]:6001/1/115391/AUTH_7e6379b038b744d2b4ed9c56e55784eb/gnocchi.e580b64b-5c60-4977-bdfd-48b78337c816" "txcf527512d9c546d386f3c-0069220410" "container-server 95853" 0.0047 "-" 95554 0
Nov 22 13:42:24 np0005532311.novalocal container-server[95853]: ::1 - - [22/Nov/2025:18:42:24 +0000] "PUT /1/115391/AUTH_7e6379b038b744d2b4ed9c56e55784eb/gnocchi.e580b64b-5c60-4977-bdfd-48b78337c816" 201 - "PUT http://[::1]:8080/v1/AUTH_7e6379b038b744d2b4ed9c56e55784eb/gnocchi.e580b64b-5c60-4977-bdfd-48b78337c816" "txcf527512d9c546d386f3c-0069220410" "proxy-server 88816" 0.0309 "-" 95853 0
Nov 22 13:42:24 np0005532311.novalocal container-server[95854]: ::1 - - [22/Nov/2025:18:42:24 +0000] "GET /3/179237/AUTH_7e6379b038b744d2b4ed9c56e55784eb/gnocchi.43e319d0-8c70-46ad-879f-693d6188de52" 200 2 "GET http://[::1]:8080/v1/AUTH_7e6379b038b744d2b4ed9c56e55784eb/gnocchi.43e319d0-8c70-46ad-879f-693d6188de52?format=json&marker=none_v3&states=listing" "txa7f453318ded43c4ade2e-0069220410" "proxy-server 88815" 0.0030 "-" 95854 0
Nov 22 13:42:24 np0005532311.novalocal proxy-server[88815]: ::1 ::1 22/Nov/2025/18/42/24 GET /v1/AUTH_7e6379b038b744d2b4ed9c56e55784eb/gnocchi.43e319d0-8c70-46ad-879f-693d6188de52%3Fformat%3Djson%26marker%3Dnone_v3%26states%3Dlisting HTTP/1.0 200 - python-swiftclient-4.5.0 gAAAAABpIgQFZCvZ... - 2 - txa7f453318ded43c4ade2e-0069220410 - 0.0102 - - 1763836944.612574100 1763836944.622757196 0
Nov 22 13:42:24 np0005532311.novalocal account-server[95554]: ::1 - - [22/Nov/2025:18:42:24 +0000] "PUT /1/156665/AUTH_7e6379b038b744d2b4ed9c56e55784eb/gnocchi.e580b64b-5c60-4977-bdfd-48b78337c816" 201 - "PUT http://[::1]:6001/2/115391/AUTH_7e6379b038b744d2b4ed9c56e55784eb/gnocchi.e580b64b-5c60-4977-bdfd-48b78337c816" "txcf527512d9c546d386f3c-0069220410" "container-server 95853" 0.0058 "-" 95554 0
Nov 22 13:42:24 np0005532311.novalocal container-server[95853]: ::1 - - [22/Nov/2025:18:42:24 +0000] "PUT /2/115391/AUTH_7e6379b038b744d2b4ed9c56e55784eb/gnocchi.e580b64b-5c60-4977-bdfd-48b78337c816" 201 - "PUT http://[::1]:8080/v1/AUTH_7e6379b038b744d2b4ed9c56e55784eb/gnocchi.e580b64b-5c60-4977-bdfd-48b78337c816" "txcf527512d9c546d386f3c-0069220410" "proxy-server 88816" 0.0340 "-" 95853 0
Nov 22 13:42:24 np0005532311.novalocal object-server[96156]: ::1 - - [22/Nov/2025:18:42:24 +0000] "GET /3/20410/AUTH_7e6379b038b744d2b4ed9c56e55784eb/gnocchi.43e319d0-8c70-46ad-879f-693d6188de52/1763640000.0_mean_300.0_v3" 200 16 "GET http://[::1]:8080/v1/AUTH_7e6379b038b744d2b4ed9c56e55784eb/gnocchi.43e319d0-8c70-46ad-879f-693d6188de52/1763640000.0_mean_300.0_v3" "txc92c34d98a3a4d4899cc7-0069220410" "proxy-server 88815" 0.0006 "-" 96156 0
Nov 22 13:42:24 np0005532311.novalocal proxy-server[88816]: ::1 ::1 22/Nov/2025/18/42/24 PUT /v1/AUTH_7e6379b038b744d2b4ed9c56e55784eb/gnocchi.e580b64b-5c60-4977-bdfd-48b78337c816 HTTP/1.0 201 - python-swiftclient-4.5.0 gAAAAABpIgQAXILt... - - - txcf527512d9c546d386f3c-0069220410 - 0.0478 - - 1763836944.582679510 1763836944.630457878 0
Nov 22 13:42:24 np0005532311.novalocal proxy-server[88815]: ::1 ::1 22/Nov/2025/18/42/24 GET /v1/AUTH_7e6379b038b744d2b4ed9c56e55784eb/gnocchi.43e319d0-8c70-46ad-879f-693d6188de52/1763640000.0_mean_300.0_v3 HTTP/1.0 200 - python-swiftclient-4.5.0 gAAAAABpIgQFZCvZ... - 16 - txc92c34d98a3a4d4899cc7-0069220410 - 0.0063 - - 1763836944.625380516 1763836944.631681204 0
Nov 22 13:42:24 np0005532311.novalocal container-server[95854]: ::1 - - [22/Nov/2025:18:42:24 +0000] "HEAD /1/115391/AUTH_7e6379b038b744d2b4ed9c56e55784eb/gnocchi.e580b64b-5c60-4977-bdfd-48b78337c816" 204 - "HEAD http://[::1]:8080/v1/AUTH_7e6379b038b744d2b4ed9c56e55784eb/gnocchi.e580b64b-5c60-4977-bdfd-48b78337c816" "tx9fd3601761f44b138cf03-0069220410" "proxy-server 88816" 0.0015 "-" 95854 0
Nov 22 13:42:24 np0005532311.novalocal proxy-server[88816]: - - 22/Nov/2025/18/42/24 HEAD /v1/AUTH_7e6379b038b744d2b4ed9c56e55784eb/gnocchi.e580b64b-5c60-4977-bdfd-48b78337c816 HTTP/1.0 204 - Swift - - - - tx9fd3601761f44b138cf03-0069220410 - 0.0043 CS - 1763836944.633777618 1763836944.638080835 0
Nov 22 13:42:24 np0005532311.novalocal container-server[95854]: ::1 - - [22/Nov/2025:18:42:24 +0000] "GET /3/115391/AUTH_7e6379b038b744d2b4ed9c56e55784eb/gnocchi.e580b64b-5c60-4977-bdfd-48b78337c816" 200 2 "GET http://[::1]:8080/v1/AUTH_7e6379b038b744d2b4ed9c56e55784eb/gnocchi.e580b64b-5c60-4977-bdfd-48b78337c816?format=json&states=listing" "tx9fd3601761f44b138cf03-0069220410" "proxy-server 88816" 0.0052 "-" 95854 0
Nov 22 13:42:24 np0005532311.novalocal proxy-server[88816]: ::1 ::1 22/Nov/2025/18/42/24 GET /v1/AUTH_7e6379b038b744d2b4ed9c56e55784eb/gnocchi.e580b64b-5c60-4977-bdfd-48b78337c816%3Fformat%3Djson%26states%3Dlisting HTTP/1.0 200 - python-swiftclient-4.5.0 gAAAAABpIgQAXILt... - 2 - tx9fd3601761f44b138cf03-0069220410 - 0.0189 - - 1763836944.633241653 1763836944.652113676 0
Nov 22 13:42:24 np0005532311.novalocal container-server[95853]: ::1 - - [22/Nov/2025:18:42:24 +0000] "PUT /3/179237/AUTH_7e6379b038b744d2b4ed9c56e55784eb/gnocchi.43e319d0-8c70-46ad-879f-693d6188de52/1763640000.0_mean_300.0_v3" 201 - "PUT http://[::1]:8080/2/20410/AUTH_7e6379b038b744d2b4ed9c56e55784eb/gnocchi.43e319d0-8c70-46ad-879f-693d6188de52/1763640000.0_mean_300.0_v3" "txb94c766b241e49eebfd2a-0069220410" "object-server 96157" 0.0010 "-" 95853 0
Nov 22 13:42:24 np0005532311.novalocal container-server[95853]: ::1 - - [22/Nov/2025:18:42:24 +0000] "PUT /2/179237/AUTH_7e6379b038b744d2b4ed9c56e55784eb/gnocchi.43e319d0-8c70-46ad-879f-693d6188de52/1763640000.0_mean_300.0_v3" 201 - "PUT http://[::1]:8080/1/20410/AUTH_7e6379b038b744d2b4ed9c56e55784eb/gnocchi.43e319d0-8c70-46ad-879f-693d6188de52/1763640000.0_mean_300.0_v3" "txb94c766b241e49eebfd2a-0069220410" "object-server 96157" 0.0003 "-" 95853 0
Nov 22 13:42:24 np0005532311.novalocal object-server[96157]: ::1 - - [22/Nov/2025:18:42:24 +0000] "PUT /2/20410/AUTH_7e6379b038b744d2b4ed9c56e55784eb/gnocchi.43e319d0-8c70-46ad-879f-693d6188de52/1763640000.0_mean_300.0_v3" 201 - "PUT http://[::1]:8080/v1/AUTH_7e6379b038b744d2b4ed9c56e55784eb/gnocchi.43e319d0-8c70-46ad-879f-693d6188de52/1763640000.0_mean_300.0_v3" "txb94c766b241e49eebfd2a-0069220410" "proxy-server 88815" 0.0153 "-" 96157 0
Nov 22 13:42:24 np0005532311.novalocal container-server[95853]: ::1 - - [22/Nov/2025:18:42:24 +0000] "PUT /1/179237/AUTH_7e6379b038b744d2b4ed9c56e55784eb/gnocchi.43e319d0-8c70-46ad-879f-693d6188de52/1763640000.0_mean_300.0_v3" 201 - "PUT http://[::1]:8080/3/20410/AUTH_7e6379b038b744d2b4ed9c56e55784eb/gnocchi.43e319d0-8c70-46ad-879f-693d6188de52/1763640000.0_mean_300.0_v3" "txb94c766b241e49eebfd2a-0069220410" "object-server 96157" 0.0003 "-" 95853 0
Nov 22 13:42:24 np0005532311.novalocal object-server[96157]: ::1 - - [22/Nov/2025:18:42:24 +0000] "PUT /1/20410/AUTH_7e6379b038b744d2b4ed9c56e55784eb/gnocchi.43e319d0-8c70-46ad-879f-693d6188de52/1763640000.0_mean_300.0_v3" 201 - "PUT http://[::1]:8080/v1/AUTH_7e6379b038b744d2b4ed9c56e55784eb/gnocchi.43e319d0-8c70-46ad-879f-693d6188de52/1763640000.0_mean_300.0_v3" "txb94c766b241e49eebfd2a-0069220410" "proxy-server 88815" 0.0155 "-" 96157 0
Nov 22 13:42:24 np0005532311.novalocal object-server[96156]: ::1 - - [22/Nov/2025:18:42:24 +0000] "GET /3/167688/AUTH_7e6379b038b744d2b4ed9c56e55784eb/gnocchi.e580b64b-5c60-4977-bdfd-48b78337c816/1763640000.0_mean_300.0_v3" 404 70 "GET http://[::1]:8080/v1/AUTH_7e6379b038b744d2b4ed9c56e55784eb/gnocchi.e580b64b-5c60-4977-bdfd-48b78337c816/1763640000.0_mean_300.0_v3" "txffa7deaca5dd42b78f4de-0069220410" "proxy-server 88816" 0.0003 "-" 96156 0
Nov 22 13:42:24 np0005532311.novalocal object-server[96157]: ::1 - - [22/Nov/2025:18:42:24 +0000] "PUT /3/20410/AUTH_7e6379b038b744d2b4ed9c56e55784eb/gnocchi.43e319d0-8c70-46ad-879f-693d6188de52/1763640000.0_mean_300.0_v3" 201 - "PUT http://[::1]:8080/v1/AUTH_7e6379b038b744d2b4ed9c56e55784eb/gnocchi.43e319d0-8c70-46ad-879f-693d6188de52/1763640000.0_mean_300.0_v3" "txb94c766b241e49eebfd2a-0069220410" "proxy-server 88815" 0.0195 "-" 96157 0
Nov 22 13:42:24 np0005532311.novalocal object-server[96156]: ::1 - - [22/Nov/2025:18:42:24 +0000] "GET /2/167688/AUTH_7e6379b038b744d2b4ed9c56e55784eb/gnocchi.e580b64b-5c60-4977-bdfd-48b78337c816/1763640000.0_mean_300.0_v3" 404 70 "GET http://[::1]:8080/v1/AUTH_7e6379b038b744d2b4ed9c56e55784eb/gnocchi.e580b64b-5c60-4977-bdfd-48b78337c816/1763640000.0_mean_300.0_v3" "txffa7deaca5dd42b78f4de-0069220410" "proxy-server 88816" 0.0002 "-" 96156 0
Nov 22 13:42:24 np0005532311.novalocal proxy-server[88815]: ::1 ::1 22/Nov/2025/18/42/24 PUT /v1/AUTH_7e6379b038b744d2b4ed9c56e55784eb/gnocchi.43e319d0-8c70-46ad-879f-693d6188de52/1763640000.0_mean_300.0_v3 HTTP/1.0 201 - python-swiftclient-4.5.0 gAAAAABpIgQFZCvZ... 16 - - txb94c766b241e49eebfd2a-0069220410 - 0.0287 - - 1763836944.634829760 1763836944.663562775 0
Nov 22 13:42:24 np0005532311.novalocal object-server[96156]: ::1 - - [22/Nov/2025:18:42:24 +0000] "GET /1/167688/AUTH_7e6379b038b744d2b4ed9c56e55784eb/gnocchi.e580b64b-5c60-4977-bdfd-48b78337c816/1763640000.0_mean_300.0_v3" 404 70 "GET http://[::1]:8080/v1/AUTH_7e6379b038b744d2b4ed9c56e55784eb/gnocchi.e580b64b-5c60-4977-bdfd-48b78337c816/1763640000.0_mean_300.0_v3" "txffa7deaca5dd42b78f4de-0069220410" "proxy-server 88816" 0.0001 "-" 96156 0
Nov 22 13:42:24 np0005532311.novalocal proxy-server[88816]: ::1 ::1 22/Nov/2025/18/42/24 GET /v1/AUTH_7e6379b038b744d2b4ed9c56e55784eb/gnocchi.e580b64b-5c60-4977-bdfd-48b78337c816/1763640000.0_mean_300.0_v3 HTTP/1.0 404 - python-swiftclient-4.5.0 gAAAAABpIgQAXILt... - 70 - txffa7deaca5dd42b78f4de-0069220410 - 0.0102 - - 1763836944.655163765 1763836944.665363312 0
Nov 22 13:42:24 np0005532311.novalocal kernel: sd 2:0:0:0: [sda] Synchronizing SCSI cache
Nov 22 13:42:24 np0005532311.novalocal kernel: scsi 2:0:0:0: alua: Detached
Nov 22 13:42:24 np0005532311.novalocal container-server[95854]: ::1 - - [22/Nov/2025:18:42:24 +0000] "PUT /2/179237/AUTH_7e6379b038b744d2b4ed9c56e55784eb/gnocchi.43e319d0-8c70-46ad-879f-693d6188de52/none_v3" 201 - "PUT http://[::1]:8080/2/259398/AUTH_7e6379b038b744d2b4ed9c56e55784eb/gnocchi.43e319d0-8c70-46ad-879f-693d6188de52/none_v3" "tx944fae2b700d41a9a5dc5-0069220410" "object-server 96157" 0.0005 "-" 95854 0
Nov 22 13:42:24 np0005532311.novalocal container-server[95853]: ::1 - - [22/Nov/2025:18:42:24 +0000] "PUT /1/179237/AUTH_7e6379b038b744d2b4ed9c56e55784eb/gnocchi.43e319d0-8c70-46ad-879f-693d6188de52/none_v3" 201 - "PUT http://[::1]:8080/3/259398/AUTH_7e6379b038b744d2b4ed9c56e55784eb/gnocchi.43e319d0-8c70-46ad-879f-693d6188de52/none_v3" "tx944fae2b700d41a9a5dc5-0069220410" "object-server 96157" 0.0005 "-" 95853 0
Nov 22 13:42:24 np0005532311.novalocal object-server[96157]: ::1 - - [22/Nov/2025:18:42:24 +0000] "PUT /2/259398/AUTH_7e6379b038b744d2b4ed9c56e55784eb/gnocchi.43e319d0-8c70-46ad-879f-693d6188de52/none_v3" 201 - "PUT http://[::1]:8080/v1/AUTH_7e6379b038b744d2b4ed9c56e55784eb/gnocchi.43e319d0-8c70-46ad-879f-693d6188de52/none_v3" "tx944fae2b700d41a9a5dc5-0069220410" "proxy-server 88815" 0.0227 "-" 96157 0
Nov 22 13:42:24 np0005532311.novalocal container-server[95854]: ::1 - - [22/Nov/2025:18:42:24 +0000] "PUT /2/115391/AUTH_7e6379b038b744d2b4ed9c56e55784eb/gnocchi.e580b64b-5c60-4977-bdfd-48b78337c816/1763640000.0_mean_300.0_v3" 201 - "PUT http://[::1]:8080/3/167688/AUTH_7e6379b038b744d2b4ed9c56e55784eb/gnocchi.e580b64b-5c60-4977-bdfd-48b78337c816/1763640000.0_mean_300.0_v3" "tx532575c24d51431081c44-0069220410" "object-server 96157" 0.0007 "-" 95854 0
Nov 22 13:42:24 np0005532311.novalocal container-server[95853]: ::1 - - [22/Nov/2025:18:42:24 +0000] "PUT /3/115391/AUTH_7e6379b038b744d2b4ed9c56e55784eb/gnocchi.e580b64b-5c60-4977-bdfd-48b78337c816/1763640000.0_mean_300.0_v3" 201 - "PUT http://[::1]:8080/1/167688/AUTH_7e6379b038b744d2b4ed9c56e55784eb/gnocchi.e580b64b-5c60-4977-bdfd-48b78337c816/1763640000.0_mean_300.0_v3" "tx532575c24d51431081c44-0069220410" "object-server 96157" 0.0008 "-" 95853 0
Nov 22 13:42:24 np0005532311.novalocal object-server[96157]: ::1 - - [22/Nov/2025:18:42:24 +0000] "PUT /3/259398/AUTH_7e6379b038b744d2b4ed9c56e55784eb/gnocchi.43e319d0-8c70-46ad-879f-693d6188de52/none_v3" 201 - "PUT http://[::1]:8080/v1/AUTH_7e6379b038b744d2b4ed9c56e55784eb/gnocchi.43e319d0-8c70-46ad-879f-693d6188de52/none_v3" "tx944fae2b700d41a9a5dc5-0069220410" "proxy-server 88815" 0.0222 "-" 96157 0
Nov 22 13:42:24 np0005532311.novalocal object-server[96157]: ::1 - - [22/Nov/2025:18:42:24 +0000] "PUT /1/167688/AUTH_7e6379b038b744d2b4ed9c56e55784eb/gnocchi.e580b64b-5c60-4977-bdfd-48b78337c816/1763640000.0_mean_300.0_v3" 201 - "PUT http://[::1]:8080/v1/AUTH_7e6379b038b744d2b4ed9c56e55784eb/gnocchi.e580b64b-5c60-4977-bdfd-48b78337c816/1763640000.0_mean_300.0_v3" "tx532575c24d51431081c44-0069220410" "proxy-server 88816" 0.0213 "-" 96157 0
Nov 22 13:42:24 np0005532311.novalocal object-server[96157]: ::1 - - [22/Nov/2025:18:42:24 +0000] "PUT /3/167688/AUTH_7e6379b038b744d2b4ed9c56e55784eb/gnocchi.e580b64b-5c60-4977-bdfd-48b78337c816/1763640000.0_mean_300.0_v3" 201 - "PUT http://[::1]:8080/v1/AUTH_7e6379b038b744d2b4ed9c56e55784eb/gnocchi.e580b64b-5c60-4977-bdfd-48b78337c816/1763640000.0_mean_300.0_v3" "tx532575c24d51431081c44-0069220410" "proxy-server 88816" 0.0173 "-" 96157 0
Nov 22 13:42:24 np0005532311.novalocal container-server[95854]: ::1 - - [22/Nov/2025:18:42:24 +0000] "PUT /3/179237/AUTH_7e6379b038b744d2b4ed9c56e55784eb/gnocchi.43e319d0-8c70-46ad-879f-693d6188de52/none_v3" 201 - "PUT http://[::1]:8080/1/259398/AUTH_7e6379b038b744d2b4ed9c56e55784eb/gnocchi.43e319d0-8c70-46ad-879f-693d6188de52/none_v3" "tx944fae2b700d41a9a5dc5-0069220410" "object-server 96157" 0.0004 "-" 95854 0
Nov 22 13:42:24 np0005532311.novalocal object-server[96157]: ::1 - - [22/Nov/2025:18:42:24 +0000] "PUT /1/259398/AUTH_7e6379b038b744d2b4ed9c56e55784eb/gnocchi.43e319d0-8c70-46ad-879f-693d6188de52/none_v3" 201 - "PUT http://[::1]:8080/v1/AUTH_7e6379b038b744d2b4ed9c56e55784eb/gnocchi.43e319d0-8c70-46ad-879f-693d6188de52/none_v3" "tx944fae2b700d41a9a5dc5-0069220410" "proxy-server 88815" 0.0256 "-" 96157 0
Nov 22 13:42:24 np0005532311.novalocal container-server[95854]: ::1 - - [22/Nov/2025:18:42:24 +0000] "PUT /1/115391/AUTH_7e6379b038b744d2b4ed9c56e55784eb/gnocchi.e580b64b-5c60-4977-bdfd-48b78337c816/1763640000.0_mean_300.0_v3" 201 - "PUT http://[::1]:8080/2/167688/AUTH_7e6379b038b744d2b4ed9c56e55784eb/gnocchi.e580b64b-5c60-4977-bdfd-48b78337c816/1763640000.0_mean_300.0_v3" "tx532575c24d51431081c44-0069220410" "object-server 96157" 0.0005 "-" 95854 0
Nov 22 13:42:24 np0005532311.novalocal proxy-server[88815]: ::1 ::1 22/Nov/2025/18/42/24 PUT /v1/AUTH_7e6379b038b744d2b4ed9c56e55784eb/gnocchi.43e319d0-8c70-46ad-879f-693d6188de52/none_v3 HTTP/1.0 201 - python-swiftclient-4.5.0 gAAAAABpIgQFZCvZ... 30 - - tx944fae2b700d41a9a5dc5-0069220410 - 0.0394 - - 1763836944.665987730 1763836944.705384731 0
Nov 22 13:42:24 np0005532311.novalocal systemd-udevd[103318]: sda15: Failed to process device, ignoring: No such file or directory
Nov 22 13:42:24 np0005532311.novalocal systemd-udevd[103282]: sda1: Failed to process device, ignoring: No such file or directory
Nov 22 13:42:24 np0005532311.novalocal object-server[96157]: ::1 - - [22/Nov/2025:18:42:24 +0000] "PUT /2/167688/AUTH_7e6379b038b744d2b4ed9c56e55784eb/gnocchi.e580b64b-5c60-4977-bdfd-48b78337c816/1763640000.0_mean_300.0_v3" 201 - "PUT http://[::1]:8080/v1/AUTH_7e6379b038b744d2b4ed9c56e55784eb/gnocchi.e580b64b-5c60-4977-bdfd-48b78337c816/1763640000.0_mean_300.0_v3" "tx532575c24d51431081c44-0069220410" "proxy-server 88816" 0.0250 "-" 96157 0
Nov 22 13:42:24 np0005532311.novalocal proxy-server[88816]: ::1 ::1 22/Nov/2025/18/42/24 PUT /v1/AUTH_7e6379b038b744d2b4ed9c56e55784eb/gnocchi.e580b64b-5c60-4977-bdfd-48b78337c816/1763640000.0_mean_300.0_v3 HTTP/1.0 201 - python-swiftclient-4.5.0 gAAAAABpIgQAXILt... 16 - - tx532575c24d51431081c44-0069220410 - 0.0387 - - 1763836944.669753313 1763836944.708453894 0
Nov 22 13:42:24 np0005532311.novalocal container-server[95853]: ::1 - - [22/Nov/2025:18:42:24 +0000] "HEAD /3/156856/AUTH_7e6379b038b744d2b4ed9c56e55784eb/gnocchi.1e83f54e-4c50-4f66-b5c4-8decddd948f2" 404 - "HEAD http://[::1]:8080/v1/AUTH_7e6379b038b744d2b4ed9c56e55784eb/gnocchi.1e83f54e-4c50-4f66-b5c4-8decddd948f2" "tx7c8af7e954e24d19833ff-0069220410" "proxy-server 88815" 0.0003 "-" 95853 0
Nov 22 13:42:24 np0005532311.novalocal container-server[95854]: ::1 - - [22/Nov/2025:18:42:24 +0000] "HEAD /1/156856/AUTH_7e6379b038b744d2b4ed9c56e55784eb/gnocchi.1e83f54e-4c50-4f66-b5c4-8decddd948f2" 404 - "HEAD http://[::1]:8080/v1/AUTH_7e6379b038b744d2b4ed9c56e55784eb/gnocchi.1e83f54e-4c50-4f66-b5c4-8decddd948f2" "tx7c8af7e954e24d19833ff-0069220410" "proxy-server 88815" 0.0004 "-" 95854 0
Nov 22 13:42:24 np0005532311.novalocal container-server[95854]: ::1 - - [22/Nov/2025:18:42:24 +0000] "HEAD /2/156856/AUTH_7e6379b038b744d2b4ed9c56e55784eb/gnocchi.1e83f54e-4c50-4f66-b5c4-8decddd948f2" 404 - "HEAD http://[::1]:8080/v1/AUTH_7e6379b038b744d2b4ed9c56e55784eb/gnocchi.1e83f54e-4c50-4f66-b5c4-8decddd948f2" "tx7c8af7e954e24d19833ff-0069220410" "proxy-server 88815" 0.0003 "-" 95854 0
Nov 22 13:42:24 np0005532311.novalocal proxy-server[88815]: - - 22/Nov/2025/18/42/24 HEAD /v1/AUTH_7e6379b038b744d2b4ed9c56e55784eb/gnocchi.1e83f54e-4c50-4f66-b5c4-8decddd948f2 HTTP/1.0 404 - Swift - - - - tx7c8af7e954e24d19833ff-0069220410 - 0.0085 CS - 1763836944.716082335 1763836944.724586725 0
Nov 22 13:42:24 np0005532311.novalocal iscsid[78127]: iscsid: Connection1:0 to [target: iqn.2010-10.org.openstack:volume-e16c488d-d9bc-4d2b-b44c-cef0d47f72bf, portal: ::1,3260] through [iface: default] is shutdown.
Nov 22 13:42:24 np0005532311.novalocal container-server[95853]: ::1 - - [22/Nov/2025:18:42:24 +0000] "PUT /2/115391/AUTH_7e6379b038b744d2b4ed9c56e55784eb/gnocchi.e580b64b-5c60-4977-bdfd-48b78337c816/none_v3" 201 - "PUT http://[::1]:8080/2/51473/AUTH_7e6379b038b744d2b4ed9c56e55784eb/gnocchi.e580b64b-5c60-4977-bdfd-48b78337c816/none_v3" "tx4c630fcce1e8494abb4dd-0069220410" "object-server 96156" 0.0008 "-" 95853 0
Nov 22 13:42:24 np0005532311.novalocal object-server[96157]: ::1 - - [22/Nov/2025:18:42:24 +0000] "GET /2/100582/AUTH_7e6379b038b744d2b4ed9c56e55784eb/gnocchi.1e83f54e-4c50-4f66-b5c4-8decddd948f2/none_v3" 404 70 "GET http://[::1]:8080/v1/AUTH_7e6379b038b744d2b4ed9c56e55784eb/gnocchi.1e83f54e-4c50-4f66-b5c4-8decddd948f2/none_v3" "tx7c8af7e954e24d19833ff-0069220410" "proxy-server 88815" 0.0002 "-" 96157 0
Nov 22 13:42:24 np0005532311.novalocal container-server[95854]: ::1 - - [22/Nov/2025:18:42:24 +0000] "PUT /3/115391/AUTH_7e6379b038b744d2b4ed9c56e55784eb/gnocchi.e580b64b-5c60-4977-bdfd-48b78337c816/none_v3" 201 - "PUT http://[::1]:8080/1/51473/AUTH_7e6379b038b744d2b4ed9c56e55784eb/gnocchi.e580b64b-5c60-4977-bdfd-48b78337c816/none_v3" "tx4c630fcce1e8494abb4dd-0069220410" "object-server 96157" 0.0005 "-" 95854 0
Nov 22 13:42:24 np0005532311.novalocal container-server[95853]: ::1 - - [22/Nov/2025:18:42:24 +0000] "PUT /1/115391/AUTH_7e6379b038b744d2b4ed9c56e55784eb/gnocchi.e580b64b-5c60-4977-bdfd-48b78337c816/none_v3" 201 - "PUT http://[::1]:8080/3/51473/AUTH_7e6379b038b744d2b4ed9c56e55784eb/gnocchi.e580b64b-5c60-4977-bdfd-48b78337c816/none_v3" "tx4c630fcce1e8494abb4dd-0069220410" "object-server 96157" 0.0004 "-" 95853 0
Nov 22 13:42:24 np0005532311.novalocal object-server[96157]: ::1 - - [22/Nov/2025:18:42:24 +0000] "PUT /1/51473/AUTH_7e6379b038b744d2b4ed9c56e55784eb/gnocchi.e580b64b-5c60-4977-bdfd-48b78337c816/none_v3" 201 - "PUT http://[::1]:8080/v1/AUTH_7e6379b038b744d2b4ed9c56e55784eb/gnocchi.e580b64b-5c60-4977-bdfd-48b78337c816/none_v3" "tx4c630fcce1e8494abb4dd-0069220410" "proxy-server 88816" 0.0105 "-" 96157 0
Nov 22 13:42:24 np0005532311.novalocal object-server[96157]: ::1 - - [22/Nov/2025:18:42:24 +0000] "PUT /3/51473/AUTH_7e6379b038b744d2b4ed9c56e55784eb/gnocchi.e580b64b-5c60-4977-bdfd-48b78337c816/none_v3" 201 - "PUT http://[::1]:8080/v1/AUTH_7e6379b038b744d2b4ed9c56e55784eb/gnocchi.e580b64b-5c60-4977-bdfd-48b78337c816/none_v3" "tx4c630fcce1e8494abb4dd-0069220410" "proxy-server 88816" 0.0097 "-" 96157 0
Nov 22 13:42:24 np0005532311.novalocal object-server[96156]: ::1 - - [22/Nov/2025:18:42:24 +0000] "GET /3/100582/AUTH_7e6379b038b744d2b4ed9c56e55784eb/gnocchi.1e83f54e-4c50-4f66-b5c4-8decddd948f2/none_v3" 404 70 "GET http://[::1]:8080/v1/AUTH_7e6379b038b744d2b4ed9c56e55784eb/gnocchi.1e83f54e-4c50-4f66-b5c4-8decddd948f2/none_v3" "tx7c8af7e954e24d19833ff-0069220410" "proxy-server 88815" 0.0004 "-" 96156 0
Nov 22 13:42:24 np0005532311.novalocal object-server[96156]: ::1 - - [22/Nov/2025:18:42:24 +0000] "PUT /2/51473/AUTH_7e6379b038b744d2b4ed9c56e55784eb/gnocchi.e580b64b-5c60-4977-bdfd-48b78337c816/none_v3" 201 - "PUT http://[::1]:8080/v1/AUTH_7e6379b038b744d2b4ed9c56e55784eb/gnocchi.e580b64b-5c60-4977-bdfd-48b78337c816/none_v3" "tx4c630fcce1e8494abb4dd-0069220410" "proxy-server 88816" 0.0130 "-" 96156 0
Nov 22 13:42:24 np0005532311.novalocal proxy-server[88816]: ::1 ::1 22/Nov/2025/18/42/24 PUT /v1/AUTH_7e6379b038b744d2b4ed9c56e55784eb/gnocchi.e580b64b-5c60-4977-bdfd-48b78337c816/none_v3 HTTP/1.0 201 - python-swiftclient-4.5.0 gAAAAABpIgQAXILt... 29 - - tx4c630fcce1e8494abb4dd-0069220410 - 0.0229 - - 1763836944.711206436 1763836944.734114885 0
Nov 22 13:42:24 np0005532311.novalocal object-server[96157]: ::1 - - [22/Nov/2025:18:42:24 +0000] "GET /1/100582/AUTH_7e6379b038b744d2b4ed9c56e55784eb/gnocchi.1e83f54e-4c50-4f66-b5c4-8decddd948f2/none_v3" 404 70 "GET http://[::1]:8080/v1/AUTH_7e6379b038b744d2b4ed9c56e55784eb/gnocchi.1e83f54e-4c50-4f66-b5c4-8decddd948f2/none_v3" "tx7c8af7e954e24d19833ff-0069220410" "proxy-server 88815" 0.0002 "-" 96157 0
Nov 22 13:42:24 np0005532311.novalocal proxy-server[88815]: ::1 ::1 22/Nov/2025/18/42/24 GET /v1/AUTH_7e6379b038b744d2b4ed9c56e55784eb/gnocchi.1e83f54e-4c50-4f66-b5c4-8decddd948f2/none_v3 HTTP/1.0 404 - python-swiftclient-4.5.0 gAAAAABpIgQFZCvZ... - 70 - tx7c8af7e954e24d19833ff-0069220410 - 0.0207 - - 1763836944.715403318 1763836944.736083269 0
Nov 22 13:42:24 np0005532311.novalocal account-server[95553]: ::1 - - [22/Nov/2025:18:42:24 +0000] "PUT /2/156665/AUTH_7e6379b038b744d2b4ed9c56e55784eb/gnocchi.1e83f54e-4c50-4f66-b5c4-8decddd948f2" 201 - "PUT http://[::1]:6001/2/156856/AUTH_7e6379b038b744d2b4ed9c56e55784eb/gnocchi.1e83f54e-4c50-4f66-b5c4-8decddd948f2" "tx81a0f88a54b946e19930e-0069220410" "container-server 95853" 0.0054 "-" 95553 0
Nov 22 13:42:24 np0005532311.novalocal container-server[95853]: ::1 - - [22/Nov/2025:18:42:24 +0000] "PUT /2/156856/AUTH_7e6379b038b744d2b4ed9c56e55784eb/gnocchi.1e83f54e-4c50-4f66-b5c4-8decddd948f2" 201 - "PUT http://[::1]:8080/v1/AUTH_7e6379b038b744d2b4ed9c56e55784eb/gnocchi.1e83f54e-4c50-4f66-b5c4-8decddd948f2" "tx81a0f88a54b946e19930e-0069220410" "proxy-server 88815" 0.0251 "-" 95853 0
Nov 22 13:42:24 np0005532311.novalocal account-server[95553]: ::1 - - [22/Nov/2025:18:42:24 +0000] "PUT /1/156665/AUTH_7e6379b038b744d2b4ed9c56e55784eb/gnocchi.1e83f54e-4c50-4f66-b5c4-8decddd948f2" 201 - "PUT http://[::1]:6001/3/156856/AUTH_7e6379b038b744d2b4ed9c56e55784eb/gnocchi.1e83f54e-4c50-4f66-b5c4-8decddd948f2" "tx81a0f88a54b946e19930e-0069220410" "container-server 95853" 0.0050 "-" 95553 0
Nov 22 13:42:24 np0005532311.novalocal container-server[95853]: ::1 - - [22/Nov/2025:18:42:24 +0000] "PUT /3/156856/AUTH_7e6379b038b744d2b4ed9c56e55784eb/gnocchi.1e83f54e-4c50-4f66-b5c4-8decddd948f2" 201 - "PUT http://[::1]:8080/v1/AUTH_7e6379b038b744d2b4ed9c56e55784eb/gnocchi.1e83f54e-4c50-4f66-b5c4-8decddd948f2" "tx81a0f88a54b946e19930e-0069220410" "proxy-server 88815" 0.0149 "-" 95853 0
Nov 22 13:42:24 np0005532311.novalocal account-server[95553]: ::1 - - [22/Nov/2025:18:42:24 +0000] "PUT /3/156665/AUTH_7e6379b038b744d2b4ed9c56e55784eb/gnocchi.1e83f54e-4c50-4f66-b5c4-8decddd948f2" 201 - "PUT http://[::1]:6001/1/156856/AUTH_7e6379b038b744d2b4ed9c56e55784eb/gnocchi.1e83f54e-4c50-4f66-b5c4-8decddd948f2" "tx81a0f88a54b946e19930e-0069220410" "container-server 95853" 0.0044 "-" 95553 0
Nov 22 13:42:24 np0005532311.novalocal container-server[95853]: ::1 - - [22/Nov/2025:18:42:24 +0000] "PUT /1/156856/AUTH_7e6379b038b744d2b4ed9c56e55784eb/gnocchi.1e83f54e-4c50-4f66-b5c4-8decddd948f2" 201 - "PUT http://[::1]:8080/v1/AUTH_7e6379b038b744d2b4ed9c56e55784eb/gnocchi.1e83f54e-4c50-4f66-b5c4-8decddd948f2" "tx81a0f88a54b946e19930e-0069220410" "proxy-server 88815" 0.0289 "-" 95853 0
Nov 22 13:42:24 np0005532311.novalocal proxy-server[88815]: ::1 ::1 22/Nov/2025/18/42/24 PUT /v1/AUTH_7e6379b038b744d2b4ed9c56e55784eb/gnocchi.1e83f54e-4c50-4f66-b5c4-8decddd948f2 HTTP/1.0 201 - python-swiftclient-4.5.0 gAAAAABpIgQFZCvZ... - - - tx81a0f88a54b946e19930e-0069220410 - 0.0434 - - 1763836944.738955021 1763836944.782396078 0
Nov 22 13:42:24 np0005532311.novalocal container-server[95853]: ::1 - - [22/Nov/2025:18:42:24 +0000] "HEAD /3/156856/AUTH_7e6379b038b744d2b4ed9c56e55784eb/gnocchi.1e83f54e-4c50-4f66-b5c4-8decddd948f2" 204 - "HEAD http://[::1]:8080/v1/AUTH_7e6379b038b744d2b4ed9c56e55784eb/gnocchi.1e83f54e-4c50-4f66-b5c4-8decddd948f2" "tx6cb2108aac6a4ba3b691b-0069220410" "proxy-server 88815" 0.0018 "-" 95853 0
Nov 22 13:42:24 np0005532311.novalocal proxy-server[88815]: - - 22/Nov/2025/18/42/24 HEAD /v1/AUTH_7e6379b038b744d2b4ed9c56e55784eb/gnocchi.1e83f54e-4c50-4f66-b5c4-8decddd948f2 HTTP/1.0 204 - Swift - - - - tx6cb2108aac6a4ba3b691b-0069220410 - 0.0064 CS - 1763836944.785603285 1763836944.791996002 0
Nov 22 13:42:24 np0005532311.novalocal container-server[95854]: ::1 - - [22/Nov/2025:18:42:24 +0000] "GET /2/156856/AUTH_7e6379b038b744d2b4ed9c56e55784eb/gnocchi.1e83f54e-4c50-4f66-b5c4-8decddd948f2" 200 2 "GET http://[::1]:8080/v1/AUTH_7e6379b038b744d2b4ed9c56e55784eb/gnocchi.1e83f54e-4c50-4f66-b5c4-8decddd948f2?format=json&states=listing" "tx6cb2108aac6a4ba3b691b-0069220410" "proxy-server 88815" 0.0022 "-" 95854 0
Nov 22 13:42:24 np0005532311.novalocal proxy-server[88815]: ::1 ::1 22/Nov/2025/18/42/24 GET /v1/AUTH_7e6379b038b744d2b4ed9c56e55784eb/gnocchi.1e83f54e-4c50-4f66-b5c4-8decddd948f2%3Fformat%3Djson%26states%3Dlisting HTTP/1.0 200 - python-swiftclient-4.5.0 gAAAAABpIgQFZCvZ... - 2 - tx6cb2108aac6a4ba3b691b-0069220410 - 0.0199 - - 1763836944.785082340 1763836944.805005550 0
Nov 22 13:42:24 np0005532311.novalocal object-server[96156]: ::1 - - [22/Nov/2025:18:42:24 +0000] "GET /3/72723/AUTH_7e6379b038b744d2b4ed9c56e55784eb/gnocchi.1e83f54e-4c50-4f66-b5c4-8decddd948f2/1763640000.0_mean_300.0_v3" 404 70 "GET http://[::1]:8080/v1/AUTH_7e6379b038b744d2b4ed9c56e55784eb/gnocchi.1e83f54e-4c50-4f66-b5c4-8decddd948f2/1763640000.0_mean_300.0_v3" "txab0228ef748b46d684314-0069220410" "proxy-server 88815" 0.0002 "-" 96156 0
Nov 22 13:42:24 np0005532311.novalocal object-server[96157]: ::1 - - [22/Nov/2025:18:42:24 +0000] "GET /1/72723/AUTH_7e6379b038b744d2b4ed9c56e55784eb/gnocchi.1e83f54e-4c50-4f66-b5c4-8decddd948f2/1763640000.0_mean_300.0_v3" 404 70 "GET http://[::1]:8080/v1/AUTH_7e6379b038b744d2b4ed9c56e55784eb/gnocchi.1e83f54e-4c50-4f66-b5c4-8decddd948f2/1763640000.0_mean_300.0_v3" "txab0228ef748b46d684314-0069220410" "proxy-server 88815" 0.0003 "-" 96157 0
Nov 22 13:42:24 np0005532311.novalocal object-server[96157]: ::1 - - [22/Nov/2025:18:42:24 +0000] "GET /2/72723/AUTH_7e6379b038b744d2b4ed9c56e55784eb/gnocchi.1e83f54e-4c50-4f66-b5c4-8decddd948f2/1763640000.0_mean_300.0_v3" 404 70 "GET http://[::1]:8080/v1/AUTH_7e6379b038b744d2b4ed9c56e55784eb/gnocchi.1e83f54e-4c50-4f66-b5c4-8decddd948f2/1763640000.0_mean_300.0_v3" "txab0228ef748b46d684314-0069220410" "proxy-server 88815" 0.0002 "-" 96157 0
Nov 22 13:42:24 np0005532311.novalocal proxy-server[88815]: ::1 ::1 22/Nov/2025/18/42/24 GET /v1/AUTH_7e6379b038b744d2b4ed9c56e55784eb/gnocchi.1e83f54e-4c50-4f66-b5c4-8decddd948f2/1763640000.0_mean_300.0_v3 HTTP/1.0 404 - python-swiftclient-4.5.0 gAAAAABpIgQFZCvZ... - 70 - txab0228ef748b46d684314-0069220410 - 0.0135 - - 1763836944.809828281 1763836944.823296309 0
Nov 22 13:42:24 np0005532311.novalocal container-server[95854]: ::1 - - [22/Nov/2025:18:42:24 +0000] "PUT /2/156856/AUTH_7e6379b038b744d2b4ed9c56e55784eb/gnocchi.1e83f54e-4c50-4f66-b5c4-8decddd948f2/1763640000.0_mean_300.0_v3" 201 - "PUT http://[::1]:8080/1/72723/AUTH_7e6379b038b744d2b4ed9c56e55784eb/gnocchi.1e83f54e-4c50-4f66-b5c4-8decddd948f2/1763640000.0_mean_300.0_v3" "tx0f4ae765be544a0c9ad23-0069220410" "object-server 96156" 0.0005 "-" 95854 0
Nov 22 13:42:24 np0005532311.novalocal object-server[96156]: ::1 - - [22/Nov/2025:18:42:24 +0000] "PUT /1/72723/AUTH_7e6379b038b744d2b4ed9c56e55784eb/gnocchi.1e83f54e-4c50-4f66-b5c4-8decddd948f2/1763640000.0_mean_300.0_v3" 201 - "PUT http://[::1]:8080/v1/AUTH_7e6379b038b744d2b4ed9c56e55784eb/gnocchi.1e83f54e-4c50-4f66-b5c4-8decddd948f2/1763640000.0_mean_300.0_v3" "tx0f4ae765be544a0c9ad23-0069220410" "proxy-server 88815" 0.0117 "-" 96156 0
Nov 22 13:42:24 np0005532311.novalocal container-server[95854]: ::1 - - [22/Nov/2025:18:42:24 +0000] "PUT /1/156856/AUTH_7e6379b038b744d2b4ed9c56e55784eb/gnocchi.1e83f54e-4c50-4f66-b5c4-8decddd948f2/1763640000.0_mean_300.0_v3" 201 - "PUT http://[::1]:8080/2/72723/AUTH_7e6379b038b744d2b4ed9c56e55784eb/gnocchi.1e83f54e-4c50-4f66-b5c4-8decddd948f2/1763640000.0_mean_300.0_v3" "tx0f4ae765be544a0c9ad23-0069220410" "object-server 96156" 0.0003 "-" 95854 0
Nov 22 13:42:24 np0005532311.novalocal container-server[95853]: ::1 - - [22/Nov/2025:18:42:24 +0000] "PUT /3/156856/AUTH_7e6379b038b744d2b4ed9c56e55784eb/gnocchi.1e83f54e-4c50-4f66-b5c4-8decddd948f2/1763640000.0_mean_300.0_v3" 201 - "PUT http://[::1]:8080/3/72723/AUTH_7e6379b038b744d2b4ed9c56e55784eb/gnocchi.1e83f54e-4c50-4f66-b5c4-8decddd948f2/1763640000.0_mean_300.0_v3" "tx0f4ae765be544a0c9ad23-0069220410" "object-server 96156" 0.0007 "-" 95853 0
Nov 22 13:42:24 np0005532311.novalocal object-server[96156]: ::1 - - [22/Nov/2025:18:42:24 +0000] "PUT /2/72723/AUTH_7e6379b038b744d2b4ed9c56e55784eb/gnocchi.1e83f54e-4c50-4f66-b5c4-8decddd948f2/1763640000.0_mean_300.0_v3" 201 - "PUT http://[::1]:8080/v1/AUTH_7e6379b038b744d2b4ed9c56e55784eb/gnocchi.1e83f54e-4c50-4f66-b5c4-8decddd948f2/1763640000.0_mean_300.0_v3" "tx0f4ae765be544a0c9ad23-0069220410" "proxy-server 88815" 0.0146 "-" 96156 0
Nov 22 13:42:24 np0005532311.novalocal object-server[96156]: ::1 - - [22/Nov/2025:18:42:24 +0000] "PUT /3/72723/AUTH_7e6379b038b744d2b4ed9c56e55784eb/gnocchi.1e83f54e-4c50-4f66-b5c4-8decddd948f2/1763640000.0_mean_300.0_v3" 201 - "PUT http://[::1]:8080/v1/AUTH_7e6379b038b744d2b4ed9c56e55784eb/gnocchi.1e83f54e-4c50-4f66-b5c4-8decddd948f2/1763640000.0_mean_300.0_v3" "tx0f4ae765be544a0c9ad23-0069220410" "proxy-server 88815" 0.0132 "-" 96156 0
Nov 22 13:42:24 np0005532311.novalocal proxy-server[88815]: ::1 ::1 22/Nov/2025/18/42/24 PUT /v1/AUTH_7e6379b038b744d2b4ed9c56e55784eb/gnocchi.1e83f54e-4c50-4f66-b5c4-8decddd948f2/1763640000.0_mean_300.0_v3 HTTP/1.0 201 - python-swiftclient-4.5.0 gAAAAABpIgQFZCvZ... 16 - - tx0f4ae765be544a0c9ad23-0069220410 - 0.0226 - - 1763836944.826663733 1763836944.849246264 0
Nov 22 13:42:24 np0005532311.novalocal container-server[95853]: ::1 - - [22/Nov/2025:18:42:24 +0000] "PUT /2/156856/AUTH_7e6379b038b744d2b4ed9c56e55784eb/gnocchi.1e83f54e-4c50-4f66-b5c4-8decddd948f2/none_v3" 201 - "PUT http://[::1]:8080/2/100582/AUTH_7e6379b038b744d2b4ed9c56e55784eb/gnocchi.1e83f54e-4c50-4f66-b5c4-8decddd948f2/none_v3" "tx788d896bdf084da4907cc-0069220410" "object-server 96156" 0.0006 "-" 95853 0
Nov 22 13:42:24 np0005532311.novalocal container-server[95854]: ::1 - - [22/Nov/2025:18:42:24 +0000] "PUT /3/156856/AUTH_7e6379b038b744d2b4ed9c56e55784eb/gnocchi.1e83f54e-4c50-4f66-b5c4-8decddd948f2/none_v3" 201 - "PUT http://[::1]:8080/3/100582/AUTH_7e6379b038b744d2b4ed9c56e55784eb/gnocchi.1e83f54e-4c50-4f66-b5c4-8decddd948f2/none_v3" "tx788d896bdf084da4907cc-0069220410" "object-server 96156" 0.0004 "-" 95854 0
Nov 22 13:42:24 np0005532311.novalocal object-server[96156]: ::1 - - [22/Nov/2025:18:42:24 +0000] "PUT /2/100582/AUTH_7e6379b038b744d2b4ed9c56e55784eb/gnocchi.1e83f54e-4c50-4f66-b5c4-8decddd948f2/none_v3" 201 - "PUT http://[::1]:8080/v1/AUTH_7e6379b038b744d2b4ed9c56e55784eb/gnocchi.1e83f54e-4c50-4f66-b5c4-8decddd948f2/none_v3" "tx788d896bdf084da4907cc-0069220410" "proxy-server 88815" 0.0102 "-" 96156 0
Nov 22 13:42:24 np0005532311.novalocal container-server[95854]: ::1 - - [22/Nov/2025:18:42:24 +0000] "PUT /1/156856/AUTH_7e6379b038b744d2b4ed9c56e55784eb/gnocchi.1e83f54e-4c50-4f66-b5c4-8decddd948f2/none_v3" 201 - "PUT http://[::1]:8080/1/100582/AUTH_7e6379b038b744d2b4ed9c56e55784eb/gnocchi.1e83f54e-4c50-4f66-b5c4-8decddd948f2/none_v3" "tx788d896bdf084da4907cc-0069220410" "object-server 96156" 0.0003 "-" 95854 0
Nov 22 13:42:24 np0005532311.novalocal object-server[96156]: ::1 - - [22/Nov/2025:18:42:24 +0000] "PUT /3/100582/AUTH_7e6379b038b744d2b4ed9c56e55784eb/gnocchi.1e83f54e-4c50-4f66-b5c4-8decddd948f2/none_v3" 201 - "PUT http://[::1]:8080/v1/AUTH_7e6379b038b744d2b4ed9c56e55784eb/gnocchi.1e83f54e-4c50-4f66-b5c4-8decddd948f2/none_v3" "tx788d896bdf084da4907cc-0069220410" "proxy-server 88815" 0.0131 "-" 96156 0
Nov 22 13:42:24 np0005532311.novalocal object-server[96156]: ::1 - - [22/Nov/2025:18:42:24 +0000] "PUT /1/100582/AUTH_7e6379b038b744d2b4ed9c56e55784eb/gnocchi.1e83f54e-4c50-4f66-b5c4-8decddd948f2/none_v3" 201 - "PUT http://[::1]:8080/v1/AUTH_7e6379b038b744d2b4ed9c56e55784eb/gnocchi.1e83f54e-4c50-4f66-b5c4-8decddd948f2/none_v3" "tx788d896bdf084da4907cc-0069220410" "proxy-server 88815" 0.0133 "-" 96156 0
Nov 22 13:42:24 np0005532311.novalocal proxy-server[88815]: ::1 ::1 22/Nov/2025/18/42/24 PUT /v1/AUTH_7e6379b038b744d2b4ed9c56e55784eb/gnocchi.1e83f54e-4c50-4f66-b5c4-8decddd948f2/none_v3 HTTP/1.0 201 - python-swiftclient-4.5.0 gAAAAABpIgQFZCvZ... 25 - - tx788d896bdf084da4907cc-0069220410 - 0.0210 - - 1763836944.852142334 1763836944.873147249 0
Nov 22 13:42:25 np0005532311.novalocal dnsmasq[102377]: read /var/lib/neutron/dhcp/19c814b7-6880-4133-9c58-d1a953314cd4/addn_hosts - 1 addresses
Nov 22 13:42:25 np0005532311.novalocal dnsmasq-dhcp[102377]: read /var/lib/neutron/dhcp/19c814b7-6880-4133-9c58-d1a953314cd4/host
Nov 22 13:42:25 np0005532311.novalocal dnsmasq-dhcp[102377]: read /var/lib/neutron/dhcp/19c814b7-6880-4133-9c58-d1a953314cd4/opts
Nov 22 13:42:25 np0005532311.novalocal sudo[103392]: cinder : PWD=/ ; USER=root ; COMMAND=/usr/bin/cinder-rootwrap /etc/cinder/rootwrap.conf cinder-rtstool delete-initiator iqn.2010-10.org.openstack:volume-e16c488d-d9bc-4d2b-b44c-cef0d47f72bf iqn.1994-05.com.redhat:19c920b94110
Nov 22 13:42:25 np0005532311.novalocal systemd[1]: Started Session c129 of User root.
Nov 22 13:42:25 np0005532311.novalocal sudo[103392]: pam_unix(sudo:session): session opened for user root(uid=0) by (uid=165)
Nov 22 13:42:26 np0005532311.novalocal sudo[103392]: pam_unix(sudo:session): session closed for user root
Nov 22 13:42:26 np0005532311.novalocal systemd[1]: session-c129.scope: Deactivated successfully.
Nov 22 13:42:26 np0005532311.novalocal sudo[103406]: cinder : PWD=/ ; USER=root ; COMMAND=/usr/bin/cinder-rootwrap /etc/cinder/rootwrap.conf cinder-rtstool save
Nov 22 13:42:26 np0005532311.novalocal systemd[1]: Started Session c130 of User root.
Nov 22 13:42:26 np0005532311.novalocal sudo[103406]: pam_unix(sudo:session): session opened for user root(uid=0) by (uid=165)
Nov 22 13:42:26 np0005532311.novalocal sudo[103406]: pam_unix(sudo:session): session closed for user root
Nov 22 13:42:26 np0005532311.novalocal systemd[1]: session-c130.scope: Deactivated successfully.
Nov 22 13:42:26 np0005532311.novalocal sudo[103417]: cinder : PWD=/ ; USER=root ; COMMAND=/usr/bin/cinder-rootwrap /etc/cinder/rootwrap.conf cinder-rtstool get-targets
Nov 22 13:42:26 np0005532311.novalocal systemd[1]: Started Session c131 of User root.
Nov 22 13:42:26 np0005532311.novalocal sudo[103417]: pam_unix(sudo:session): session opened for user root(uid=0) by (uid=165)
Nov 22 13:42:26 np0005532311.novalocal container-server[95917]: Beginning replication run
Nov 22 13:42:26 np0005532311.novalocal object-server[102229]: Begin object audit "forever" mode (ZBF)
Nov 22 13:42:26 np0005532311.novalocal object-server[102229]: Object audit (ZBF). Since Sat Nov 22 18:42:26 2025: Locally: 1 passed, 0 quarantined, 0 errors, files/sec: 104.44, bytes/sec: 0.00, Total time: 0.01, Auditing time: 0.00, Rate: 0.00
Nov 22 13:42:27 np0005532311.novalocal sudo[103417]: pam_unix(sudo:session): session closed for user root
Nov 22 13:42:27 np0005532311.novalocal systemd[1]: session-c131.scope: Deactivated successfully.
Nov 22 13:42:27 np0005532311.novalocal container-server[95917]: Replication run OVER
Nov 22 13:42:27 np0005532311.novalocal container-server[95917]: Attempted to replicate 18 dbs in 0.50604 seconds (35.57065/s)
Nov 22 13:42:27 np0005532311.novalocal container-server[95917]: Removed 0 dbs
Nov 22 13:42:27 np0005532311.novalocal container-server[95917]: 36 successes, 0 failures
Nov 22 13:42:27 np0005532311.novalocal container-server[95917]: diff:0 diff_capped:0 empty:0 hashmatch:0 no_change:36 remote_merge:0 rsync:0 ts_repl:0
Nov 22 13:42:27 np0005532311.novalocal sudo[103426]: cinder : PWD=/ ; USER=root ; COMMAND=/usr/bin/cinder-rootwrap /etc/cinder/rootwrap.conf cinder-rtstool delete iqn.2010-10.org.openstack:volume-e16c488d-d9bc-4d2b-b44c-cef0d47f72bf
Nov 22 13:42:27 np0005532311.novalocal systemd[1]: Started Session c132 of User root.
Nov 22 13:42:27 np0005532311.novalocal sudo[103426]: pam_unix(sudo:session): session opened for user root(uid=0) by (uid=165)
Nov 22 13:42:27 np0005532311.novalocal object-server[102229]: Object audit (ZBF) "forever" mode completed: 0.71s. Total quarantined: 0, Total errors: 0, Total files/sec: 50.68, Total bytes/sec: 0.00, Auditing time: 0.69, Rate: 0.97
Nov 22 13:42:27 np0005532311.novalocal sudo[103426]: pam_unix(sudo:session): session closed for user root
Nov 22 13:42:27 np0005532311.novalocal systemd[1]: session-c132.scope: Deactivated successfully.
Nov 22 13:42:28 np0005532311.novalocal sudo[103432]: cinder : PWD=/ ; USER=root ; COMMAND=/usr/bin/cinder-rootwrap /etc/cinder/rootwrap.conf cinder-rtstool save
Nov 22 13:42:28 np0005532311.novalocal systemd[1]: Started Session c133 of User root.
Nov 22 13:42:28 np0005532311.novalocal sudo[103432]: pam_unix(sudo:session): session opened for user root(uid=0) by (uid=165)
Nov 22 13:42:28 np0005532311.novalocal sudo[103432]: pam_unix(sudo:session): session closed for user root
Nov 22 13:42:28 np0005532311.novalocal systemd[1]: session-c133.scope: Deactivated successfully.
Nov 22 13:42:28 np0005532311.novalocal object-server[96157]: ::1 - - [22/Nov/2025:18:42:28 +0000] "GET /1/51473/AUTH_7e6379b038b744d2b4ed9c56e55784eb/gnocchi.e580b64b-5c60-4977-bdfd-48b78337c816/none_v3" 200 29 "GET http://[::1]:8080/v1/AUTH_7e6379b038b744d2b4ed9c56e55784eb/gnocchi.e580b64b-5c60-4977-bdfd-48b78337c816/none_v3" "txf3983bd003e447dfa599e-0069220414" "proxy-server 88816" 0.0015 "-" 96157 0
Nov 22 13:42:28 np0005532311.novalocal proxy-server[88816]: ::1 ::1 22/Nov/2025/18/42/28 GET /v1/AUTH_7e6379b038b744d2b4ed9c56e55784eb/gnocchi.e580b64b-5c60-4977-bdfd-48b78337c816/none_v3 HTTP/1.0 200 - python-swiftclient-4.5.0 gAAAAABpIgQAXILt... - 29 - txf3983bd003e447dfa599e-0069220414 - 0.0112 - - 1763836948.685880423 1763836948.697076321 0
Nov 22 13:42:28 np0005532311.novalocal object-server[96157]: ::1 - - [22/Nov/2025:18:42:28 +0000] "GET /1/196077/AUTH_7e6379b038b744d2b4ed9c56e55784eb/gnocchi.b7dec04a-182f-4991-8e0f-550799924e18/none_v3" 200 22 "GET http://[::1]:8080/v1/AUTH_7e6379b038b744d2b4ed9c56e55784eb/gnocchi.b7dec04a-182f-4991-8e0f-550799924e18/none_v3" "tx2a0fd492793d4d559a75a-0069220414" "proxy-server 88815" 0.0008 "-" 96157 0
Nov 22 13:42:28 np0005532311.novalocal proxy-server[88815]: ::1 ::1 22/Nov/2025/18/42/28 GET /v1/AUTH_7e6379b038b744d2b4ed9c56e55784eb/gnocchi.b7dec04a-182f-4991-8e0f-550799924e18/none_v3 HTTP/1.0 200 - python-swiftclient-4.5.0 gAAAAABpIgQFZCvZ... - 22 - tx2a0fd492793d4d559a75a-0069220414 - 0.0076 - - 1763836948.696997881 1763836948.704559326 0
Nov 22 13:42:28 np0005532311.novalocal container-server[95853]: ::1 - - [22/Nov/2025:18:42:28 +0000] "GET /3/115391/AUTH_7e6379b038b744d2b4ed9c56e55784eb/gnocchi.e580b64b-5c60-4977-bdfd-48b78337c816" 200 357 "GET http://[::1]:8080/v1/AUTH_7e6379b038b744d2b4ed9c56e55784eb/gnocchi.e580b64b-5c60-4977-bdfd-48b78337c816?format=json&states=listing" "txb0ead6f548444a70afbfb-0069220414" "proxy-server 88816" 0.0028 "-" 95853 0
Nov 22 13:42:28 np0005532311.novalocal proxy-server[88816]: ::1 ::1 22/Nov/2025/18/42/28 GET /v1/AUTH_7e6379b038b744d2b4ed9c56e55784eb/gnocchi.e580b64b-5c60-4977-bdfd-48b78337c816%3Fformat%3Djson%26states%3Dlisting HTTP/1.0 200 - python-swiftclient-4.5.0 gAAAAABpIgQAXILt... - 357 - txb0ead6f548444a70afbfb-0069220414 - 0.0131 - - 1763836948.702281475 1763836948.715401649 0
Nov 22 13:42:28 np0005532311.novalocal container-server[95854]: ::1 - - [22/Nov/2025:18:42:28 +0000] "GET /3/43074/AUTH_7e6379b038b744d2b4ed9c56e55784eb/gnocchi.b7dec04a-182f-4991-8e0f-550799924e18" 200 357 "GET http://[::1]:8080/v1/AUTH_7e6379b038b744d2b4ed9c56e55784eb/gnocchi.b7dec04a-182f-4991-8e0f-550799924e18?format=json&states=listing" "tx68e64a582c244c61af21e-0069220414" "proxy-server 88815" 0.0026 "-" 95854 0
Nov 22 13:42:28 np0005532311.novalocal proxy-server[88815]: ::1 ::1 22/Nov/2025/18/42/28 GET /v1/AUTH_7e6379b038b744d2b4ed9c56e55784eb/gnocchi.b7dec04a-182f-4991-8e0f-550799924e18%3Fformat%3Djson%26states%3Dlisting HTTP/1.0 200 - python-swiftclient-4.5.0 gAAAAABpIgQFZCvZ... - 357 - tx68e64a582c244c61af21e-0069220414 - 0.0152 - - 1763836948.709350348 1763836948.724565744 0
Nov 22 13:42:28 np0005532311.novalocal container-server[95854]: ::1 - - [22/Nov/2025:18:42:28 +0000] "GET /1/115391/AUTH_7e6379b038b744d2b4ed9c56e55784eb/gnocchi.e580b64b-5c60-4977-bdfd-48b78337c816" 200 2 "GET http://[::1]:8080/v1/AUTH_7e6379b038b744d2b4ed9c56e55784eb/gnocchi.e580b64b-5c60-4977-bdfd-48b78337c816?format=json&marker=none_v3&states=listing" "txe0f5ad17429749198175b-0069220414" "proxy-server 88816" 0.0018 "-" 95854 0
Nov 22 13:42:28 np0005532311.novalocal proxy-server[88816]: ::1 ::1 22/Nov/2025/18/42/28 GET /v1/AUTH_7e6379b038b744d2b4ed9c56e55784eb/gnocchi.e580b64b-5c60-4977-bdfd-48b78337c816%3Fformat%3Djson%26marker%3Dnone_v3%26states%3Dlisting HTTP/1.0 200 - python-swiftclient-4.5.0 gAAAAABpIgQAXILt... - 2 - txe0f5ad17429749198175b-0069220414 - 0.0095 - - 1763836948.719069719 1763836948.728604555 0
Nov 22 13:42:28 np0005532311.novalocal container-server[95854]: ::1 - - [22/Nov/2025:18:42:28 +0000] "GET /1/43074/AUTH_7e6379b038b744d2b4ed9c56e55784eb/gnocchi.b7dec04a-182f-4991-8e0f-550799924e18" 200 2 "GET http://[::1]:8080/v1/AUTH_7e6379b038b744d2b4ed9c56e55784eb/gnocchi.b7dec04a-182f-4991-8e0f-550799924e18?format=json&marker=none_v3&states=listing" "txfcabf0d80d88439f9a3cc-0069220414" "proxy-server 88815" 0.0018 "-" 95854 0
Nov 22 13:42:28 np0005532311.novalocal proxy-server[88815]: ::1 ::1 22/Nov/2025/18/42/28 GET /v1/AUTH_7e6379b038b744d2b4ed9c56e55784eb/gnocchi.b7dec04a-182f-4991-8e0f-550799924e18%3Fformat%3Djson%26marker%3Dnone_v3%26states%3Dlisting HTTP/1.0 200 - python-swiftclient-4.5.0 gAAAAABpIgQFZCvZ... - 2 - txfcabf0d80d88439f9a3cc-0069220414 - 0.0086 - - 1763836948.727668285 1763836948.736230612 0
Nov 22 13:42:28 np0005532311.novalocal object-server[96156]: ::1 - - [22/Nov/2025:18:42:28 +0000] "GET /3/167688/AUTH_7e6379b038b744d2b4ed9c56e55784eb/gnocchi.e580b64b-5c60-4977-bdfd-48b78337c816/1763640000.0_mean_300.0_v3" 200 16 "GET http://[::1]:8080/v1/AUTH_7e6379b038b744d2b4ed9c56e55784eb/gnocchi.e580b64b-5c60-4977-bdfd-48b78337c816/1763640000.0_mean_300.0_v3" "txbd2f69b432094fa1a39e6-0069220414" "proxy-server 88816" 0.0007 "-" 96156 0
Nov 22 13:42:28 np0005532311.novalocal object-server[96156]: ::1 - - [22/Nov/2025:18:42:28 +0000] "GET /3/81718/AUTH_7e6379b038b744d2b4ed9c56e55784eb/gnocchi.b7dec04a-182f-4991-8e0f-550799924e18/1763640000.0_mean_300.0_v3" 200 16 "GET http://[::1]:8080/v1/AUTH_7e6379b038b744d2b4ed9c56e55784eb/gnocchi.b7dec04a-182f-4991-8e0f-550799924e18/1763640000.0_mean_300.0_v3" "txc8dffeb2348a4b4ea20b9-0069220414" "proxy-server 88815" 0.0004 "-" 96156 0
Nov 22 13:42:28 np0005532311.novalocal proxy-server[88816]: ::1 ::1 22/Nov/2025/18/42/28 GET /v1/AUTH_7e6379b038b744d2b4ed9c56e55784eb/gnocchi.e580b64b-5c60-4977-bdfd-48b78337c816/1763640000.0_mean_300.0_v3 HTTP/1.0 200 - python-swiftclient-4.5.0 gAAAAABpIgQAXILt... - 16 - txbd2f69b432094fa1a39e6-0069220414 - 0.0071 - - 1763836948.737498999 1763836948.744603872 0
Nov 22 13:42:28 np0005532311.novalocal proxy-server[88815]: ::1 ::1 22/Nov/2025/18/42/28 GET /v1/AUTH_7e6379b038b744d2b4ed9c56e55784eb/gnocchi.b7dec04a-182f-4991-8e0f-550799924e18/1763640000.0_mean_300.0_v3 HTTP/1.0 200 - python-swiftclient-4.5.0 gAAAAABpIgQFZCvZ... - 16 - txc8dffeb2348a4b4ea20b9-0069220414 - 0.0066 - - 1763836948.739208460 1763836948.745844841 0
Nov 22 13:42:28 np0005532311.novalocal sudo[103441]: cinder : PWD=/ ; USER=root ; COMMAND=/usr/bin/cinder-rootwrap /etc/cinder/rootwrap.conf cinder-rtstool get-targets
Nov 22 13:42:28 np0005532311.novalocal container-server[95854]: ::1 - - [22/Nov/2025:18:42:28 +0000] "PUT /3/115391/AUTH_7e6379b038b744d2b4ed9c56e55784eb/gnocchi.e580b64b-5c60-4977-bdfd-48b78337c816/1763640000.0_mean_300.0_v3" 201 - "PUT http://[::1]:8080/1/167688/AUTH_7e6379b038b744d2b4ed9c56e55784eb/gnocchi.e580b64b-5c60-4977-bdfd-48b78337c816/1763640000.0_mean_300.0_v3" "txdc24aab752bd4d659af9e-0069220414" "object-server 96156" 0.0005 "-" 95854 0
Nov 22 13:42:28 np0005532311.novalocal container-server[95853]: ::1 - - [22/Nov/2025:18:42:28 +0000] "PUT /2/43074/AUTH_7e6379b038b744d2b4ed9c56e55784eb/gnocchi.b7dec04a-182f-4991-8e0f-550799924e18/1763640000.0_mean_300.0_v3" 201 - "PUT http://[::1]:8080/2/81718/AUTH_7e6379b038b744d2b4ed9c56e55784eb/gnocchi.b7dec04a-182f-4991-8e0f-550799924e18/1763640000.0_mean_300.0_v3" "tx76c42ef5fb6a483d8d6c7-0069220414" "object-server 96157" 0.0006 "-" 95853 0
