Nov 22 13:43:00 np0005532311.novalocal object-server[96157]: ::1 - - [22/Nov/2025:18:43:00 +0000] "GET /2/258099/AUTH_7e6379b038b744d2b4ed9c56e55784eb/gnocchi.677c86ed-dcd0-4bef-bff9-b30d7d59d3fa/1763640000.0_mean_300.0_v3" 404 70 "GET http://[::1]:8080/v1/AUTH_7e6379b038b744d2b4ed9c56e55784eb/gnocchi.677c86ed-dcd0-4bef-bff9-b30d7d59d3fa/1763640000.0_mean_300.0_v3" "tx453395dfc5954bf091427-0069220434" "proxy-server 88815" 0.0004 "-" 96157 0
Nov 22 13:43:00 np0005532311.novalocal object-server[96156]: ::1 - - [22/Nov/2025:18:43:00 +0000] "GET /3/258099/AUTH_7e6379b038b744d2b4ed9c56e55784eb/gnocchi.677c86ed-dcd0-4bef-bff9-b30d7d59d3fa/1763640000.0_mean_300.0_v3" 404 70 "GET http://[::1]:8080/v1/AUTH_7e6379b038b744d2b4ed9c56e55784eb/gnocchi.677c86ed-dcd0-4bef-bff9-b30d7d59d3fa/1763640000.0_mean_300.0_v3" "tx453395dfc5954bf091427-0069220434" "proxy-server 88815" 0.0002 "-" 96156 0
Nov 22 13:43:00 np0005532311.novalocal proxy-server[88815]: ::1 ::1 22/Nov/2025/18/43/00 GET /v1/AUTH_7e6379b038b744d2b4ed9c56e55784eb/gnocchi.677c86ed-dcd0-4bef-bff9-b30d7d59d3fa/1763640000.0_mean_300.0_v3 HTTP/1.0 404 - python-swiftclient-4.5.0 gAAAAABpIgQFZCvZ... - 70 - tx453395dfc5954bf091427-0069220434 - 0.0137 - - 1763836980.161660671 1763836980.175333261 0
Nov 22 13:43:00 np0005532311.novalocal container-server[95854]: ::1 - - [22/Nov/2025:18:43:00 +0000] "PUT /1/118403/AUTH_7e6379b038b744d2b4ed9c56e55784eb/gnocchi.9224ffc0-4867-4305-9881-750275629784/1763640000.0_mean_300.0_v3" 201 - "PUT http://[::1]:8080/2/113910/AUTH_7e6379b038b744d2b4ed9c56e55784eb/gnocchi.9224ffc0-4867-4305-9881-750275629784/1763640000.0_mean_300.0_v3" "tx607905f8785d4579befe3-0069220434" "object-server 96157" 0.0005 "-" 95854 0
Nov 22 13:43:00 np0005532311.novalocal container-server[95853]: ::1 - - [22/Nov/2025:18:43:00 +0000] "PUT /3/118403/AUTH_7e6379b038b744d2b4ed9c56e55784eb/gnocchi.9224ffc0-4867-4305-9881-750275629784/1763640000.0_mean_300.0_v3" 201 - "PUT http://[::1]:8080/1/113910/AUTH_7e6379b038b744d2b4ed9c56e55784eb/gnocchi.9224ffc0-4867-4305-9881-750275629784/1763640000.0_mean_300.0_v3" "tx607905f8785d4579befe3-0069220434" "object-server 96156" 0.0006 "-" 95853 0
Nov 22 13:43:00 np0005532311.novalocal container-server[95854]: ::1 - - [22/Nov/2025:18:43:00 +0000] "PUT /2/118403/AUTH_7e6379b038b744d2b4ed9c56e55784eb/gnocchi.9224ffc0-4867-4305-9881-750275629784/1763640000.0_mean_300.0_v3" 201 - "PUT http://[::1]:8080/3/113910/AUTH_7e6379b038b744d2b4ed9c56e55784eb/gnocchi.9224ffc0-4867-4305-9881-750275629784/1763640000.0_mean_300.0_v3" "tx607905f8785d4579befe3-0069220434" "object-server 96156" 0.0003 "-" 95854 0
Nov 22 13:43:00 np0005532311.novalocal object-server[96156]: ::1 - - [22/Nov/2025:18:43:00 +0000] "PUT /1/113910/AUTH_7e6379b038b744d2b4ed9c56e55784eb/gnocchi.9224ffc0-4867-4305-9881-750275629784/1763640000.0_mean_300.0_v3" 201 - "PUT http://[::1]:8080/v1/AUTH_7e6379b038b744d2b4ed9c56e55784eb/gnocchi.9224ffc0-4867-4305-9881-750275629784/1763640000.0_mean_300.0_v3" "tx607905f8785d4579befe3-0069220434" "proxy-server 88816" 0.0143 "-" 96156 0
Nov 22 13:43:00 np0005532311.novalocal object-server[96157]: ::1 - - [22/Nov/2025:18:43:00 +0000] "PUT /2/113910/AUTH_7e6379b038b744d2b4ed9c56e55784eb/gnocchi.9224ffc0-4867-4305-9881-750275629784/1763640000.0_mean_300.0_v3" 201 - "PUT http://[::1]:8080/v1/AUTH_7e6379b038b744d2b4ed9c56e55784eb/gnocchi.9224ffc0-4867-4305-9881-750275629784/1763640000.0_mean_300.0_v3" "tx607905f8785d4579befe3-0069220434" "proxy-server 88816" 0.0138 "-" 96157 0
Nov 22 13:43:00 np0005532311.novalocal object-server[96156]: ::1 - - [22/Nov/2025:18:43:00 +0000] "PUT /3/113910/AUTH_7e6379b038b744d2b4ed9c56e55784eb/gnocchi.9224ffc0-4867-4305-9881-750275629784/1763640000.0_mean_300.0_v3" 201 - "PUT http://[::1]:8080/v1/AUTH_7e6379b038b744d2b4ed9c56e55784eb/gnocchi.9224ffc0-4867-4305-9881-750275629784/1763640000.0_mean_300.0_v3" "tx607905f8785d4579befe3-0069220434" "proxy-server 88816" 0.0123 "-" 96156 0
Nov 22 13:43:00 np0005532311.novalocal proxy-server[88816]: ::1 ::1 22/Nov/2025/18/43/00 PUT /v1/AUTH_7e6379b038b744d2b4ed9c56e55784eb/gnocchi.9224ffc0-4867-4305-9881-750275629784/1763640000.0_mean_300.0_v3 HTTP/1.0 201 - python-swiftclient-4.5.0 gAAAAABpIgQAXILt... 16 - - tx607905f8785d4579befe3-0069220434 - 0.0222 - - 1763836980.159733057 1763836980.181965113 0
Nov 22 13:43:00 np0005532311.novalocal container-server[95853]: ::1 - - [22/Nov/2025:18:43:00 +0000] "PUT /3/251692/AUTH_7e6379b038b744d2b4ed9c56e55784eb/gnocchi.677c86ed-dcd0-4bef-bff9-b30d7d59d3fa/1763640000.0_mean_300.0_v3" 201 - "PUT http://[::1]:8080/2/258099/AUTH_7e6379b038b744d2b4ed9c56e55784eb/gnocchi.677c86ed-dcd0-4bef-bff9-b30d7d59d3fa/1763640000.0_mean_300.0_v3" "txfe4752be8f44410e867e2-0069220434" "object-server 96156" 0.0006 "-" 95853 0
Nov 22 13:43:00 np0005532311.novalocal object-server[96156]: ::1 - - [22/Nov/2025:18:43:00 +0000] "PUT /2/258099/AUTH_7e6379b038b744d2b4ed9c56e55784eb/gnocchi.677c86ed-dcd0-4bef-bff9-b30d7d59d3fa/1763640000.0_mean_300.0_v3" 201 - "PUT http://[::1]:8080/v1/AUTH_7e6379b038b744d2b4ed9c56e55784eb/gnocchi.677c86ed-dcd0-4bef-bff9-b30d7d59d3fa/1763640000.0_mean_300.0_v3" "txfe4752be8f44410e867e2-0069220434" "proxy-server 88815" 0.0155 "-" 96156 0
Nov 22 13:43:00 np0005532311.novalocal container-server[95853]: ::1 - - [22/Nov/2025:18:43:00 +0000] "PUT /1/118403/AUTH_7e6379b038b744d2b4ed9c56e55784eb/gnocchi.9224ffc0-4867-4305-9881-750275629784/none_v3" 201 - "PUT http://[::1]:8080/3/245493/AUTH_7e6379b038b744d2b4ed9c56e55784eb/gnocchi.9224ffc0-4867-4305-9881-750275629784/none_v3" "tx7e86cb75a73b452f8f611-0069220434" "object-server 96157" 0.0004 "-" 95853 0
Nov 22 13:43:00 np0005532311.novalocal object-server[96157]: ::1 - - [22/Nov/2025:18:43:00 +0000] "PUT /3/245493/AUTH_7e6379b038b744d2b4ed9c56e55784eb/gnocchi.9224ffc0-4867-4305-9881-750275629784/none_v3" 201 - "PUT http://[::1]:8080/v1/AUTH_7e6379b038b744d2b4ed9c56e55784eb/gnocchi.9224ffc0-4867-4305-9881-750275629784/none_v3" "tx7e86cb75a73b452f8f611-0069220434" "proxy-server 88816" 0.0209 "-" 96157 0
Nov 22 13:43:00 np0005532311.novalocal container-server[95853]: ::1 - - [22/Nov/2025:18:43:00 +0000] "PUT /2/251692/AUTH_7e6379b038b744d2b4ed9c56e55784eb/gnocchi.677c86ed-dcd0-4bef-bff9-b30d7d59d3fa/1763640000.0_mean_300.0_v3" 201 - "PUT http://[::1]:8080/3/258099/AUTH_7e6379b038b744d2b4ed9c56e55784eb/gnocchi.677c86ed-dcd0-4bef-bff9-b30d7d59d3fa/1763640000.0_mean_300.0_v3" "txfe4752be8f44410e867e2-0069220434" "object-server 96157" 0.0005 "-" 95853 0
Nov 22 13:43:00 np0005532311.novalocal container-server[95853]: ::1 - - [22/Nov/2025:18:43:00 +0000] "PUT /2/118403/AUTH_7e6379b038b744d2b4ed9c56e55784eb/gnocchi.9224ffc0-4867-4305-9881-750275629784/none_v3" 201 - "PUT http://[::1]:8080/2/245493/AUTH_7e6379b038b744d2b4ed9c56e55784eb/gnocchi.9224ffc0-4867-4305-9881-750275629784/none_v3" "tx7e86cb75a73b452f8f611-0069220434" "object-server 96157" 0.0004 "-" 95853 0
Nov 22 13:43:00 np0005532311.novalocal object-server[96157]: ::1 - - [22/Nov/2025:18:43:00 +0000] "PUT /3/258099/AUTH_7e6379b038b744d2b4ed9c56e55784eb/gnocchi.677c86ed-dcd0-4bef-bff9-b30d7d59d3fa/1763640000.0_mean_300.0_v3" 201 - "PUT http://[::1]:8080/v1/AUTH_7e6379b038b744d2b4ed9c56e55784eb/gnocchi.677c86ed-dcd0-4bef-bff9-b30d7d59d3fa/1763640000.0_mean_300.0_v3" "txfe4752be8f44410e867e2-0069220434" "proxy-server 88815" 0.0157 "-" 96157 0
Nov 22 13:43:00 np0005532311.novalocal container-server[95854]: ::1 - - [22/Nov/2025:18:43:00 +0000] "PUT /3/118403/AUTH_7e6379b038b744d2b4ed9c56e55784eb/gnocchi.9224ffc0-4867-4305-9881-750275629784/none_v3" 201 - "PUT http://[::1]:8080/1/245493/AUTH_7e6379b038b744d2b4ed9c56e55784eb/gnocchi.9224ffc0-4867-4305-9881-750275629784/none_v3" "tx7e86cb75a73b452f8f611-0069220434" "object-server 96157" 0.0008 "-" 95854 0
Nov 22 13:43:00 np0005532311.novalocal object-server[96157]: ::1 - - [22/Nov/2025:18:43:00 +0000] "PUT /2/245493/AUTH_7e6379b038b744d2b4ed9c56e55784eb/gnocchi.9224ffc0-4867-4305-9881-750275629784/none_v3" 201 - "PUT http://[::1]:8080/v1/AUTH_7e6379b038b744d2b4ed9c56e55784eb/gnocchi.9224ffc0-4867-4305-9881-750275629784/none_v3" "tx7e86cb75a73b452f8f611-0069220434" "proxy-server 88816" 0.0221 "-" 96157 0
Nov 22 13:43:00 np0005532311.novalocal object-server[96157]: ::1 - - [22/Nov/2025:18:43:00 +0000] "PUT /1/245493/AUTH_7e6379b038b744d2b4ed9c56e55784eb/gnocchi.9224ffc0-4867-4305-9881-750275629784/none_v3" 201 - "PUT http://[::1]:8080/v1/AUTH_7e6379b038b744d2b4ed9c56e55784eb/gnocchi.9224ffc0-4867-4305-9881-750275629784/none_v3" "tx7e86cb75a73b452f8f611-0069220434" "proxy-server 88816" 0.0210 "-" 96157 0
Nov 22 13:43:00 np0005532311.novalocal container-server[95853]: ::1 - - [22/Nov/2025:18:43:00 +0000] "PUT /1/251692/AUTH_7e6379b038b744d2b4ed9c56e55784eb/gnocchi.677c86ed-dcd0-4bef-bff9-b30d7d59d3fa/1763640000.0_mean_300.0_v3" 201 - "PUT http://[::1]:8080/1/258099/AUTH_7e6379b038b744d2b4ed9c56e55784eb/gnocchi.677c86ed-dcd0-4bef-bff9-b30d7d59d3fa/1763640000.0_mean_300.0_v3" "txfe4752be8f44410e867e2-0069220434" "object-server 96157" 0.0005 "-" 95853 0
Nov 22 13:43:00 np0005532311.novalocal object-server[96157]: ::1 - - [22/Nov/2025:18:43:00 +0000] "PUT /1/258099/AUTH_7e6379b038b744d2b4ed9c56e55784eb/gnocchi.677c86ed-dcd0-4bef-bff9-b30d7d59d3fa/1763640000.0_mean_300.0_v3" 201 - "PUT http://[::1]:8080/v1/AUTH_7e6379b038b744d2b4ed9c56e55784eb/gnocchi.677c86ed-dcd0-4bef-bff9-b30d7d59d3fa/1763640000.0_mean_300.0_v3" "txfe4752be8f44410e867e2-0069220434" "proxy-server 88815" 0.0212 "-" 96157 0
Nov 22 13:43:00 np0005532311.novalocal proxy-server[88816]: ::1 ::1 22/Nov/2025/18/43/00 PUT /v1/AUTH_7e6379b038b744d2b4ed9c56e55784eb/gnocchi.9224ffc0-4867-4305-9881-750275629784/none_v3 HTTP/1.0 201 - python-swiftclient-4.5.0 gAAAAABpIgQAXILt... 22 - - tx7e86cb75a73b452f8f611-0069220434 - 0.0326 - - 1763836980.184663534 1763836980.217284203 0
Nov 22 13:43:00 np0005532311.novalocal proxy-server[88815]: ::1 ::1 22/Nov/2025/18/43/00 PUT /v1/AUTH_7e6379b038b744d2b4ed9c56e55784eb/gnocchi.677c86ed-dcd0-4bef-bff9-b30d7d59d3fa/1763640000.0_mean_300.0_v3 HTTP/1.0 201 - python-swiftclient-4.5.0 gAAAAABpIgQFZCvZ... 16 - - txfe4752be8f44410e867e2-0069220434 - 0.0370 - - 1763836980.181396961 1763836980.218437672 0
Nov 22 13:43:00 np0005532311.novalocal object-server[104065]: Object audit (ZBF) "forever" mode completed: 1.80s. Total quarantined: 0, Total errors: 0, Total files/sec: 50.03, Total bytes/sec: 0.00, Auditing time: 1.77, Rate: 0.98
Nov 22 13:43:00 np0005532311.novalocal container-server[95854]: ::1 - - [22/Nov/2025:18:43:00 +0000] "HEAD /1/253012/AUTH_7e6379b038b744d2b4ed9c56e55784eb/gnocchi.99b74e70-03f0-4f56-8ccb-0265044383f5" 404 - "HEAD http://[::1]:8080/v1/AUTH_7e6379b038b744d2b4ed9c56e55784eb/gnocchi.99b74e70-03f0-4f56-8ccb-0265044383f5" "tx8f0ce3e564184118bf630-0069220434" "proxy-server 88816" 0.0011 "-" 95854 0
Nov 22 13:43:00 np0005532311.novalocal container-server[95853]: ::1 - - [22/Nov/2025:18:43:00 +0000] "HEAD /3/253012/AUTH_7e6379b038b744d2b4ed9c56e55784eb/gnocchi.99b74e70-03f0-4f56-8ccb-0265044383f5" 404 - "HEAD http://[::1]:8080/v1/AUTH_7e6379b038b744d2b4ed9c56e55784eb/gnocchi.99b74e70-03f0-4f56-8ccb-0265044383f5" "tx8f0ce3e564184118bf630-0069220434" "proxy-server 88816" 0.0003 "-" 95853 0
Nov 22 13:43:00 np0005532311.novalocal container-server[95854]: ::1 - - [22/Nov/2025:18:43:00 +0000] "PUT /3/251692/AUTH_7e6379b038b744d2b4ed9c56e55784eb/gnocchi.677c86ed-dcd0-4bef-bff9-b30d7d59d3fa/none_v3" 201 - "PUT http://[::1]:8080/1/175574/AUTH_7e6379b038b744d2b4ed9c56e55784eb/gnocchi.677c86ed-dcd0-4bef-bff9-b30d7d59d3fa/none_v3" "txfad8f550d30447ca9175d-0069220434" "object-server 96157" 0.0006 "-" 95854 0
Nov 22 13:43:00 np0005532311.novalocal container-server[95853]: ::1 - - [22/Nov/2025:18:43:00 +0000] "PUT /2/251692/AUTH_7e6379b038b744d2b4ed9c56e55784eb/gnocchi.677c86ed-dcd0-4bef-bff9-b30d7d59d3fa/none_v3" 201 - "PUT http://[::1]:8080/2/175574/AUTH_7e6379b038b744d2b4ed9c56e55784eb/gnocchi.677c86ed-dcd0-4bef-bff9-b30d7d59d3fa/none_v3" "txfad8f550d30447ca9175d-0069220434" "object-server 96156" 0.0005 "-" 95853 0
Nov 22 13:43:00 np0005532311.novalocal object-server[96156]: ::1 - - [22/Nov/2025:18:43:00 +0000] "PUT /2/175574/AUTH_7e6379b038b744d2b4ed9c56e55784eb/gnocchi.677c86ed-dcd0-4bef-bff9-b30d7d59d3fa/none_v3" 201 - "PUT http://[::1]:8080/v1/AUTH_7e6379b038b744d2b4ed9c56e55784eb/gnocchi.677c86ed-dcd0-4bef-bff9-b30d7d59d3fa/none_v3" "txfad8f550d30447ca9175d-0069220434" "proxy-server 88815" 0.0118 "-" 96156 0
Nov 22 13:43:00 np0005532311.novalocal object-server[96157]: ::1 - - [22/Nov/2025:18:43:00 +0000] "PUT /1/175574/AUTH_7e6379b038b744d2b4ed9c56e55784eb/gnocchi.677c86ed-dcd0-4bef-bff9-b30d7d59d3fa/none_v3" 201 - "PUT http://[::1]:8080/v1/AUTH_7e6379b038b744d2b4ed9c56e55784eb/gnocchi.677c86ed-dcd0-4bef-bff9-b30d7d59d3fa/none_v3" "txfad8f550d30447ca9175d-0069220434" "proxy-server 88815" 0.0120 "-" 96157 0
Nov 22 13:43:00 np0005532311.novalocal container-server[95853]: ::1 - - [22/Nov/2025:18:43:00 +0000] "PUT /1/251692/AUTH_7e6379b038b744d2b4ed9c56e55784eb/gnocchi.677c86ed-dcd0-4bef-bff9-b30d7d59d3fa/none_v3" 201 - "PUT http://[::1]:8080/3/175574/AUTH_7e6379b038b744d2b4ed9c56e55784eb/gnocchi.677c86ed-dcd0-4bef-bff9-b30d7d59d3fa/none_v3" "txfad8f550d30447ca9175d-0069220434" "object-server 96157" 0.0006 "-" 95853 0
Nov 22 13:43:00 np0005532311.novalocal object-server[96157]: ::1 - - [22/Nov/2025:18:43:00 +0000] "PUT /3/175574/AUTH_7e6379b038b744d2b4ed9c56e55784eb/gnocchi.677c86ed-dcd0-4bef-bff9-b30d7d59d3fa/none_v3" 201 - "PUT http://[::1]:8080/v1/AUTH_7e6379b038b744d2b4ed9c56e55784eb/gnocchi.677c86ed-dcd0-4bef-bff9-b30d7d59d3fa/none_v3" "txfad8f550d30447ca9175d-0069220434" "proxy-server 88815" 0.0119 "-" 96157 0
Nov 22 13:43:00 np0005532311.novalocal container-server[95853]: ::1 - - [22/Nov/2025:18:43:00 +0000] "HEAD /2/253012/AUTH_7e6379b038b744d2b4ed9c56e55784eb/gnocchi.99b74e70-03f0-4f56-8ccb-0265044383f5" 404 - "HEAD http://[::1]:8080/v1/AUTH_7e6379b038b744d2b4ed9c56e55784eb/gnocchi.99b74e70-03f0-4f56-8ccb-0265044383f5" "tx8f0ce3e564184118bf630-0069220434" "proxy-server 88816" 0.0003 "-" 95853 0
Nov 22 13:43:00 np0005532311.novalocal proxy-server[88815]: ::1 ::1 22/Nov/2025/18/43/00 PUT /v1/AUTH_7e6379b038b744d2b4ed9c56e55784eb/gnocchi.677c86ed-dcd0-4bef-bff9-b30d7d59d3fa/none_v3 HTTP/1.0 201 - python-swiftclient-4.5.0 gAAAAABpIgQFZCvZ... 22 - - txfad8f550d30447ca9175d-0069220434 - 0.0214 - - 1763836980.221891642 1763836980.243247986 0
Nov 22 13:43:00 np0005532311.novalocal proxy-server[88816]: - - 22/Nov/2025/18/43/00 HEAD /v1/AUTH_7e6379b038b744d2b4ed9c56e55784eb/gnocchi.99b74e70-03f0-4f56-8ccb-0265044383f5 HTTP/1.0 404 - Swift - - - - tx8f0ce3e564184118bf630-0069220434 - 0.0176 CS - 1763836980.228277922 1763836980.245833635 0
Nov 22 13:43:00 np0005532311.novalocal object-server[96157]: ::1 - - [22/Nov/2025:18:43:00 +0000] "GET /1/207691/AUTH_7e6379b038b744d2b4ed9c56e55784eb/gnocchi.99b74e70-03f0-4f56-8ccb-0265044383f5/none_v3" 404 70 "GET http://[::1]:8080/v1/AUTH_7e6379b038b744d2b4ed9c56e55784eb/gnocchi.99b74e70-03f0-4f56-8ccb-0265044383f5/none_v3" "tx8f0ce3e564184118bf630-0069220434" "proxy-server 88816" 0.0005 "-" 96157 0
Nov 22 13:43:00 np0005532311.novalocal object-server[96156]: ::1 - - [22/Nov/2025:18:43:00 +0000] "GET /2/207691/AUTH_7e6379b038b744d2b4ed9c56e55784eb/gnocchi.99b74e70-03f0-4f56-8ccb-0265044383f5/none_v3" 404 70 "GET http://[::1]:8080/v1/AUTH_7e6379b038b744d2b4ed9c56e55784eb/gnocchi.99b74e70-03f0-4f56-8ccb-0265044383f5/none_v3" "tx8f0ce3e564184118bf630-0069220434" "proxy-server 88816" 0.0004 "-" 96156 0
Nov 22 13:43:00 np0005532311.novalocal object-server[96157]: ::1 - - [22/Nov/2025:18:43:00 +0000] "GET /3/207691/AUTH_7e6379b038b744d2b4ed9c56e55784eb/gnocchi.99b74e70-03f0-4f56-8ccb-0265044383f5/none_v3" 404 70 "GET http://[::1]:8080/v1/AUTH_7e6379b038b744d2b4ed9c56e55784eb/gnocchi.99b74e70-03f0-4f56-8ccb-0265044383f5/none_v3" "tx8f0ce3e564184118bf630-0069220434" "proxy-server 88816" 0.0003 "-" 96157 0
Nov 22 13:43:00 np0005532311.novalocal container-server[95854]: ::1 - - [22/Nov/2025:18:43:00 +0000] "HEAD /3/6190/AUTH_7e6379b038b744d2b4ed9c56e55784eb/gnocchi.a2b2bd2f-010d-41ae-be35-08450df77afc" 404 - "HEAD http://[::1]:8080/v1/AUTH_7e6379b038b744d2b4ed9c56e55784eb/gnocchi.a2b2bd2f-010d-41ae-be35-08450df77afc" "txb734bb758d9640158a2e9-0069220434" "proxy-server 88815" 0.0004 "-" 95854 0
Nov 22 13:43:00 np0005532311.novalocal proxy-server[88816]: ::1 ::1 22/Nov/2025/18/43/00 GET /v1/AUTH_7e6379b038b744d2b4ed9c56e55784eb/gnocchi.99b74e70-03f0-4f56-8ccb-0265044383f5/none_v3 HTTP/1.0 404 - python-swiftclient-4.5.0 gAAAAABpIgQAXILt... - 70 - tx8f0ce3e564184118bf630-0069220434 - 0.0333 - - 1763836980.227253914 1763836980.260588884 0
Nov 22 13:43:00 np0005532311.novalocal container-server[95853]: ::1 - - [22/Nov/2025:18:43:00 +0000] "HEAD /1/6190/AUTH_7e6379b038b744d2b4ed9c56e55784eb/gnocchi.a2b2bd2f-010d-41ae-be35-08450df77afc" 404 - "HEAD http://[::1]:8080/v1/AUTH_7e6379b038b744d2b4ed9c56e55784eb/gnocchi.a2b2bd2f-010d-41ae-be35-08450df77afc" "txb734bb758d9640158a2e9-0069220434" "proxy-server 88815" 0.0004 "-" 95853 0
Nov 22 13:43:00 np0005532311.novalocal container-server[95853]: ::1 - - [22/Nov/2025:18:43:00 +0000] "HEAD /2/6190/AUTH_7e6379b038b744d2b4ed9c56e55784eb/gnocchi.a2b2bd2f-010d-41ae-be35-08450df77afc" 404 - "HEAD http://[::1]:8080/v1/AUTH_7e6379b038b744d2b4ed9c56e55784eb/gnocchi.a2b2bd2f-010d-41ae-be35-08450df77afc" "txb734bb758d9640158a2e9-0069220434" "proxy-server 88815" 0.0002 "-" 95853 0
Nov 22 13:43:00 np0005532311.novalocal proxy-server[88815]: - - 22/Nov/2025/18/43/00 HEAD /v1/AUTH_7e6379b038b744d2b4ed9c56e55784eb/gnocchi.a2b2bd2f-010d-41ae-be35-08450df77afc HTTP/1.0 404 - Swift - - - - txb734bb758d9640158a2e9-0069220434 - 0.0096 CS - 1763836980.256861925 1763836980.266485691 0
Nov 22 13:43:00 np0005532311.novalocal object-server[96157]: ::1 - - [22/Nov/2025:18:43:00 +0000] "GET /2/121825/AUTH_7e6379b038b744d2b4ed9c56e55784eb/gnocchi.a2b2bd2f-010d-41ae-be35-08450df77afc/none_v3" 404 70 "GET http://[::1]:8080/v1/AUTH_7e6379b038b744d2b4ed9c56e55784eb/gnocchi.a2b2bd2f-010d-41ae-be35-08450df77afc/none_v3" "txb734bb758d9640158a2e9-0069220434" "proxy-server 88815" 0.0003 "-" 96157 0
Nov 22 13:43:00 np0005532311.novalocal object-server[96156]: ::1 - - [22/Nov/2025:18:43:00 +0000] "GET /1/121825/AUTH_7e6379b038b744d2b4ed9c56e55784eb/gnocchi.a2b2bd2f-010d-41ae-be35-08450df77afc/none_v3" 404 70 "GET http://[::1]:8080/v1/AUTH_7e6379b038b744d2b4ed9c56e55784eb/gnocchi.a2b2bd2f-010d-41ae-be35-08450df77afc/none_v3" "txb734bb758d9640158a2e9-0069220434" "proxy-server 88815" 0.0004 "-" 96156 0
Nov 22 13:43:00 np0005532311.novalocal object-server[96157]: ::1 - - [22/Nov/2025:18:43:00 +0000] "GET /3/121825/AUTH_7e6379b038b744d2b4ed9c56e55784eb/gnocchi.a2b2bd2f-010d-41ae-be35-08450df77afc/none_v3" 404 70 "GET http://[::1]:8080/v1/AUTH_7e6379b038b744d2b4ed9c56e55784eb/gnocchi.a2b2bd2f-010d-41ae-be35-08450df77afc/none_v3" "txb734bb758d9640158a2e9-0069220434" "proxy-server 88815" 0.0003 "-" 96157 0
Nov 22 13:43:00 np0005532311.novalocal proxy-server[88815]: ::1 ::1 22/Nov/2025/18/43/00 GET /v1/AUTH_7e6379b038b744d2b4ed9c56e55784eb/gnocchi.a2b2bd2f-010d-41ae-be35-08450df77afc/none_v3 HTTP/1.0 404 - python-swiftclient-4.5.0 gAAAAABpIgQFZCvZ... - 70 - txb734bb758d9640158a2e9-0069220434 - 0.0231 - - 1763836980.256180763 1763836980.279272079 0
Nov 22 13:43:00 np0005532311.novalocal account-server[95553]: ::1 - - [22/Nov/2025:18:43:00 +0000] "PUT /2/156665/AUTH_7e6379b038b744d2b4ed9c56e55784eb/gnocchi.99b74e70-03f0-4f56-8ccb-0265044383f5" 201 - "PUT http://[::1]:6001/3/253012/AUTH_7e6379b038b744d2b4ed9c56e55784eb/gnocchi.99b74e70-03f0-4f56-8ccb-0265044383f5" "txda5a1d28dd9444e19c11f-0069220434" "container-server 95854" 0.0039 "-" 95553 0
Nov 22 13:43:00 np0005532311.novalocal container-server[95854]: ::1 - - [22/Nov/2025:18:43:00 +0000] "PUT /3/253012/AUTH_7e6379b038b744d2b4ed9c56e55784eb/gnocchi.99b74e70-03f0-4f56-8ccb-0265044383f5" 201 - "PUT http://[::1]:8080/v1/AUTH_7e6379b038b744d2b4ed9c56e55784eb/gnocchi.99b74e70-03f0-4f56-8ccb-0265044383f5" "txda5a1d28dd9444e19c11f-0069220434" "proxy-server 88816" 0.0143 "-" 95854 0
Nov 22 13:43:00 np0005532311.novalocal account-server[95553]: ::1 - - [22/Nov/2025:18:43:00 +0000] "PUT /1/156665/AUTH_7e6379b038b744d2b4ed9c56e55784eb/gnocchi.99b74e70-03f0-4f56-8ccb-0265044383f5" 201 - "PUT http://[::1]:6001/1/253012/AUTH_7e6379b038b744d2b4ed9c56e55784eb/gnocchi.99b74e70-03f0-4f56-8ccb-0265044383f5" "txda5a1d28dd9444e19c11f-0069220434" "container-server 95853" 0.0034 "-" 95553 0
Nov 22 13:43:00 np0005532311.novalocal container-server[95853]: ::1 - - [22/Nov/2025:18:43:00 +0000] "PUT /1/253012/AUTH_7e6379b038b744d2b4ed9c56e55784eb/gnocchi.99b74e70-03f0-4f56-8ccb-0265044383f5" 201 - "PUT http://[::1]:8080/v1/AUTH_7e6379b038b744d2b4ed9c56e55784eb/gnocchi.99b74e70-03f0-4f56-8ccb-0265044383f5" "txda5a1d28dd9444e19c11f-0069220434" "proxy-server 88816" 0.0230 "-" 95853 0
Nov 22 13:43:00 np0005532311.novalocal account-server[95554]: ::1 - - [22/Nov/2025:18:43:00 +0000] "PUT /3/156665/AUTH_7e6379b038b744d2b4ed9c56e55784eb/gnocchi.99b74e70-03f0-4f56-8ccb-0265044383f5" 201 - "PUT http://[::1]:6001/2/253012/AUTH_7e6379b038b744d2b4ed9c56e55784eb/gnocchi.99b74e70-03f0-4f56-8ccb-0265044383f5" "txda5a1d28dd9444e19c11f-0069220434" "container-server 95853" 0.0049 "-" 95554 0
Nov 22 13:43:00 np0005532311.novalocal account-server[95554]: ::1 - - [22/Nov/2025:18:43:00 +0000] "PUT /1/156665/AUTH_7e6379b038b744d2b4ed9c56e55784eb/gnocchi.a2b2bd2f-010d-41ae-be35-08450df77afc" 201 - "PUT http://[::1]:6001/3/6190/AUTH_7e6379b038b744d2b4ed9c56e55784eb/gnocchi.a2b2bd2f-010d-41ae-be35-08450df77afc" "txb5d60bc2ec7f41f788686-0069220434" "container-server 95854" 0.0051 "-" 95554 0
Nov 22 13:43:00 np0005532311.novalocal container-server[95853]: ::1 - - [22/Nov/2025:18:43:00 +0000] "PUT /2/253012/AUTH_7e6379b038b744d2b4ed9c56e55784eb/gnocchi.99b74e70-03f0-4f56-8ccb-0265044383f5" 201 - "PUT http://[::1]:8080/v1/AUTH_7e6379b038b744d2b4ed9c56e55784eb/gnocchi.99b74e70-03f0-4f56-8ccb-0265044383f5" "txda5a1d28dd9444e19c11f-0069220434" "proxy-server 88816" 0.0240 "-" 95853 0
Nov 22 13:43:00 np0005532311.novalocal proxy-server[88816]: ::1 ::1 22/Nov/2025/18/43/00 PUT /v1/AUTH_7e6379b038b744d2b4ed9c56e55784eb/gnocchi.99b74e70-03f0-4f56-8ccb-0265044383f5 HTTP/1.0 201 - python-swiftclient-4.5.0 gAAAAABpIgQAXILt... - - - txda5a1d28dd9444e19c11f-0069220434 - 0.0446 - - 1763836980.263630152 1763836980.308255672 0
Nov 22 13:43:00 np0005532311.novalocal container-server[95854]: ::1 - - [22/Nov/2025:18:43:00 +0000] "PUT /3/6190/AUTH_7e6379b038b744d2b4ed9c56e55784eb/gnocchi.a2b2bd2f-010d-41ae-be35-08450df77afc" 201 - "PUT http://[::1]:8080/v1/AUTH_7e6379b038b744d2b4ed9c56e55784eb/gnocchi.a2b2bd2f-010d-41ae-be35-08450df77afc" "txb5d60bc2ec7f41f788686-0069220434" "proxy-server 88815" 0.0211 "-" 95854 0
Nov 22 13:43:00 np0005532311.novalocal account-server[95553]: ::1 - - [22/Nov/2025:18:43:00 +0000] "PUT /3/156665/AUTH_7e6379b038b744d2b4ed9c56e55784eb/gnocchi.a2b2bd2f-010d-41ae-be35-08450df77afc" 201 - "PUT http://[::1]:6001/1/6190/AUTH_7e6379b038b744d2b4ed9c56e55784eb/gnocchi.a2b2bd2f-010d-41ae-be35-08450df77afc" "txb5d60bc2ec7f41f788686-0069220434" "container-server 95854" 0.0046 "-" 95553 0
Nov 22 13:43:00 np0005532311.novalocal container-server[95854]: ::1 - - [22/Nov/2025:18:43:00 +0000] "PUT /1/6190/AUTH_7e6379b038b744d2b4ed9c56e55784eb/gnocchi.a2b2bd2f-010d-41ae-be35-08450df77afc" 201 - "PUT http://[::1]:8080/v1/AUTH_7e6379b038b744d2b4ed9c56e55784eb/gnocchi.a2b2bd2f-010d-41ae-be35-08450df77afc" "txb5d60bc2ec7f41f788686-0069220434" "proxy-server 88815" 0.0163 "-" 95854 0
Nov 22 13:43:00 np0005532311.novalocal account-server[95553]: ::1 - - [22/Nov/2025:18:43:00 +0000] "PUT /2/156665/AUTH_7e6379b038b744d2b4ed9c56e55784eb/gnocchi.a2b2bd2f-010d-41ae-be35-08450df77afc" 201 - "PUT http://[::1]:6001/2/6190/AUTH_7e6379b038b744d2b4ed9c56e55784eb/gnocchi.a2b2bd2f-010d-41ae-be35-08450df77afc" "txb5d60bc2ec7f41f788686-0069220434" "container-server 95853" 0.0036 "-" 95553 0
Nov 22 13:43:00 np0005532311.novalocal container-server[95854]: ::1 - - [22/Nov/2025:18:43:00 +0000] "HEAD /2/253012/AUTH_7e6379b038b744d2b4ed9c56e55784eb/gnocchi.99b74e70-03f0-4f56-8ccb-0265044383f5" 204 - "HEAD http://[::1]:8080/v1/AUTH_7e6379b038b744d2b4ed9c56e55784eb/gnocchi.99b74e70-03f0-4f56-8ccb-0265044383f5" "txbd135e9975ef4da78f57c-0069220434" "proxy-server 88816" 0.0018 "-" 95854 0
Nov 22 13:43:00 np0005532311.novalocal container-server[95853]: ::1 - - [22/Nov/2025:18:43:00 +0000] "PUT /2/6190/AUTH_7e6379b038b744d2b4ed9c56e55784eb/gnocchi.a2b2bd2f-010d-41ae-be35-08450df77afc" 201 - "PUT http://[::1]:8080/v1/AUTH_7e6379b038b744d2b4ed9c56e55784eb/gnocchi.a2b2bd2f-010d-41ae-be35-08450df77afc" "txb5d60bc2ec7f41f788686-0069220434" "proxy-server 88815" 0.0223 "-" 95853 0
Nov 22 13:43:00 np0005532311.novalocal proxy-server[88816]: - - 22/Nov/2025/18/43/00 HEAD /v1/AUTH_7e6379b038b744d2b4ed9c56e55784eb/gnocchi.99b74e70-03f0-4f56-8ccb-0265044383f5 HTTP/1.0 204 - Swift - - - - txbd135e9975ef4da78f57c-0069220434 - 0.0055 CS - 1763836980.312503815 1763836980.318053484 0
Nov 22 13:43:00 np0005532311.novalocal proxy-server[88815]: ::1 ::1 22/Nov/2025/18/43/00 PUT /v1/AUTH_7e6379b038b744d2b4ed9c56e55784eb/gnocchi.a2b2bd2f-010d-41ae-be35-08450df77afc HTTP/1.0 201 - python-swiftclient-4.5.0 gAAAAABpIgQFZCvZ... - - - txb5d60bc2ec7f41f788686-0069220434 - 0.0360 - - 1763836980.282514334 1763836980.318534613 0
Nov 22 13:43:00 np0005532311.novalocal container-server[95854]: ::1 - - [22/Nov/2025:18:43:00 +0000] "GET /1/253012/AUTH_7e6379b038b744d2b4ed9c56e55784eb/gnocchi.99b74e70-03f0-4f56-8ccb-0265044383f5" 200 2 "GET http://[::1]:8080/v1/AUTH_7e6379b038b744d2b4ed9c56e55784eb/gnocchi.99b74e70-03f0-4f56-8ccb-0265044383f5?format=json&states=listing" "txbd135e9975ef4da78f57c-0069220434" "proxy-server 88816" 0.0025 "-" 95854 0
Nov 22 13:43:00 np0005532311.novalocal container-server[95854]: ::1 - - [22/Nov/2025:18:43:00 +0000] "HEAD /1/6190/AUTH_7e6379b038b744d2b4ed9c56e55784eb/gnocchi.a2b2bd2f-010d-41ae-be35-08450df77afc" 204 - "HEAD http://[::1]:8080/v1/AUTH_7e6379b038b744d2b4ed9c56e55784eb/gnocchi.a2b2bd2f-010d-41ae-be35-08450df77afc" "txa9b208d6421f4ea595c12-0069220434" "proxy-server 88815" 0.0013 "-" 95854 0
Nov 22 13:43:00 np0005532311.novalocal proxy-server[88816]: ::1 ::1 22/Nov/2025/18/43/00 GET /v1/AUTH_7e6379b038b744d2b4ed9c56e55784eb/gnocchi.99b74e70-03f0-4f56-8ccb-0265044383f5%3Fformat%3Djson%26states%3Dlisting HTTP/1.0 200 - python-swiftclient-4.5.0 gAAAAABpIgQAXILt... - 2 - txbd135e9975ef4da78f57c-0069220434 - 0.0161 - - 1763836980.311806679 1763836980.327871799 0
Nov 22 13:43:00 np0005532311.novalocal proxy-server[88815]: - - 22/Nov/2025/18/43/00 HEAD /v1/AUTH_7e6379b038b744d2b4ed9c56e55784eb/gnocchi.a2b2bd2f-010d-41ae-be35-08450df77afc HTTP/1.0 204 - Swift - - - - txa9b208d6421f4ea595c12-0069220434 - 0.0075 CS - 1763836980.322377682 1763836980.329832554 0
Nov 22 13:43:00 np0005532311.novalocal container-server[95854]: ::1 - - [22/Nov/2025:18:43:00 +0000] "GET /1/6190/AUTH_7e6379b038b744d2b4ed9c56e55784eb/gnocchi.a2b2bd2f-010d-41ae-be35-08450df77afc" 200 2 "GET http://[::1]:8080/v1/AUTH_7e6379b038b744d2b4ed9c56e55784eb/gnocchi.a2b2bd2f-010d-41ae-be35-08450df77afc?format=json&states=listing" "txa9b208d6421f4ea595c12-0069220434" "proxy-server 88815" 0.0031 "-" 95854 0
Nov 22 13:43:00 np0005532311.novalocal object-server[96157]: ::1 - - [22/Nov/2025:18:43:00 +0000] "GET /1/110247/AUTH_7e6379b038b744d2b4ed9c56e55784eb/gnocchi.99b74e70-03f0-4f56-8ccb-0265044383f5/1763640000.0_mean_300.0_v3" 404 70 "GET http://[::1]:8080/v1/AUTH_7e6379b038b744d2b4ed9c56e55784eb/gnocchi.99b74e70-03f0-4f56-8ccb-0265044383f5/1763640000.0_mean_300.0_v3" "tx5783f92ac5d54fc89560a-0069220434" "proxy-server 88816" 0.0004 "-" 96157 0
Nov 22 13:43:00 np0005532311.novalocal proxy-server[88815]: ::1 ::1 22/Nov/2025/18/43/00 GET /v1/AUTH_7e6379b038b744d2b4ed9c56e55784eb/gnocchi.a2b2bd2f-010d-41ae-be35-08450df77afc%3Fformat%3Djson%26states%3Dlisting HTTP/1.0 200 - python-swiftclient-4.5.0 gAAAAABpIgQFZCvZ... - 2 - txa9b208d6421f4ea595c12-0069220434 - 0.0180 - - 1763836980.321769238 1763836980.339743376 0
Nov 22 13:43:00 np0005532311.novalocal object-server[96157]: ::1 - - [22/Nov/2025:18:43:00 +0000] "GET /2/110247/AUTH_7e6379b038b744d2b4ed9c56e55784eb/gnocchi.99b74e70-03f0-4f56-8ccb-0265044383f5/1763640000.0_mean_300.0_v3" 404 70 "GET http://[::1]:8080/v1/AUTH_7e6379b038b744d2b4ed9c56e55784eb/gnocchi.99b74e70-03f0-4f56-8ccb-0265044383f5/1763640000.0_mean_300.0_v3" "tx5783f92ac5d54fc89560a-0069220434" "proxy-server 88816" 0.0002 "-" 96157 0
Nov 22 13:43:00 np0005532311.novalocal object-server[96156]: ::1 - - [22/Nov/2025:18:43:00 +0000] "GET /3/110247/AUTH_7e6379b038b744d2b4ed9c56e55784eb/gnocchi.99b74e70-03f0-4f56-8ccb-0265044383f5/1763640000.0_mean_300.0_v3" 404 70 "GET http://[::1]:8080/v1/AUTH_7e6379b038b744d2b4ed9c56e55784eb/gnocchi.99b74e70-03f0-4f56-8ccb-0265044383f5/1763640000.0_mean_300.0_v3" "tx5783f92ac5d54fc89560a-0069220434" "proxy-server 88816" 0.0003 "-" 96156 0
Nov 22 13:43:00 np0005532311.novalocal proxy-server[88816]: ::1 ::1 22/Nov/2025/18/43/00 GET /v1/AUTH_7e6379b038b744d2b4ed9c56e55784eb/gnocchi.99b74e70-03f0-4f56-8ccb-0265044383f5/1763640000.0_mean_300.0_v3 HTTP/1.0 404 - python-swiftclient-4.5.0 gAAAAABpIgQAXILt... - 70 - tx5783f92ac5d54fc89560a-0069220434 - 0.0130 - - 1763836980.331500292 1763836980.344549179 0
Nov 22 13:43:00 np0005532311.novalocal object-server[96156]: ::1 - - [22/Nov/2025:18:43:00 +0000] "GET /2/123395/AUTH_7e6379b038b744d2b4ed9c56e55784eb/gnocchi.a2b2bd2f-010d-41ae-be35-08450df77afc/1763640000.0_mean_300.0_v3" 404 70 "GET http://[::1]:8080/v1/AUTH_7e6379b038b744d2b4ed9c56e55784eb/gnocchi.a2b2bd2f-010d-41ae-be35-08450df77afc/1763640000.0_mean_300.0_v3" "tx43d1ac7110fd44a2b185d-0069220434" "proxy-server 88815" 0.0003 "-" 96156 0
Nov 22 13:43:00 np0005532311.novalocal object-server[96157]: ::1 - - [22/Nov/2025:18:43:00 +0000] "GET /1/123395/AUTH_7e6379b038b744d2b4ed9c56e55784eb/gnocchi.a2b2bd2f-010d-41ae-be35-08450df77afc/1763640000.0_mean_300.0_v3" 404 70 "GET http://[::1]:8080/v1/AUTH_7e6379b038b744d2b4ed9c56e55784eb/gnocchi.a2b2bd2f-010d-41ae-be35-08450df77afc/1763640000.0_mean_300.0_v3" "tx43d1ac7110fd44a2b185d-0069220434" "proxy-server 88815" 0.0002 "-" 96157 0
Nov 22 13:43:00 np0005532311.novalocal object-server[96156]: ::1 - - [22/Nov/2025:18:43:00 +0000] "GET /3/123395/AUTH_7e6379b038b744d2b4ed9c56e55784eb/gnocchi.a2b2bd2f-010d-41ae-be35-08450df77afc/1763640000.0_mean_300.0_v3" 404 70 "GET http://[::1]:8080/v1/AUTH_7e6379b038b744d2b4ed9c56e55784eb/gnocchi.a2b2bd2f-010d-41ae-be35-08450df77afc/1763640000.0_mean_300.0_v3" "tx43d1ac7110fd44a2b185d-0069220434" "proxy-server 88815" 0.0002 "-" 96156 0
Nov 22 13:43:00 np0005532311.novalocal proxy-server[88815]: ::1 ::1 22/Nov/2025/18/43/00 GET /v1/AUTH_7e6379b038b744d2b4ed9c56e55784eb/gnocchi.a2b2bd2f-010d-41ae-be35-08450df77afc/1763640000.0_mean_300.0_v3 HTTP/1.0 404 - python-swiftclient-4.5.0 gAAAAABpIgQFZCvZ... - 70 - tx43d1ac7110fd44a2b185d-0069220434 - 0.0095 - - 1763836980.343339682 1763836980.352873802 0
Nov 22 13:43:00 np0005532311.novalocal container-server[95854]: ::1 - - [22/Nov/2025:18:43:00 +0000] "PUT /1/253012/AUTH_7e6379b038b744d2b4ed9c56e55784eb/gnocchi.99b74e70-03f0-4f56-8ccb-0265044383f5/1763640000.0_mean_300.0_v3" 201 - "PUT http://[::1]:8080/2/110247/AUTH_7e6379b038b744d2b4ed9c56e55784eb/gnocchi.99b74e70-03f0-4f56-8ccb-0265044383f5/1763640000.0_mean_300.0_v3" "tx39eec2dc73294ef48e940-0069220434" "object-server 96157" 0.0008 "-" 95854 0
Nov 22 13:43:00 np0005532311.novalocal container-server[95854]: ::1 - - [22/Nov/2025:18:43:00 +0000] "PUT /2/253012/AUTH_7e6379b038b744d2b4ed9c56e55784eb/gnocchi.99b74e70-03f0-4f56-8ccb-0265044383f5/1763640000.0_mean_300.0_v3" 201 - "PUT http://[::1]:8080/3/110247/AUTH_7e6379b038b744d2b4ed9c56e55784eb/gnocchi.99b74e70-03f0-4f56-8ccb-0265044383f5/1763640000.0_mean_300.0_v3" "tx39eec2dc73294ef48e940-0069220434" "object-server 96156" 0.0004 "-" 95854 0
Nov 22 13:43:00 np0005532311.novalocal object-server[96157]: ::1 - - [22/Nov/2025:18:43:00 +0000] "PUT /2/110247/AUTH_7e6379b038b744d2b4ed9c56e55784eb/gnocchi.99b74e70-03f0-4f56-8ccb-0265044383f5/1763640000.0_mean_300.0_v3" 201 - "PUT http://[::1]:8080/v1/AUTH_7e6379b038b744d2b4ed9c56e55784eb/gnocchi.99b74e70-03f0-4f56-8ccb-0265044383f5/1763640000.0_mean_300.0_v3" "tx39eec2dc73294ef48e940-0069220434" "proxy-server 88816" 0.0158 "-" 96157 0
Nov 22 13:43:00 np0005532311.novalocal container-server[95853]: ::1 - - [22/Nov/2025:18:43:00 +0000] "PUT /3/253012/AUTH_7e6379b038b744d2b4ed9c56e55784eb/gnocchi.99b74e70-03f0-4f56-8ccb-0265044383f5/1763640000.0_mean_300.0_v3" 201 - "PUT http://[::1]:8080/1/110247/AUTH_7e6379b038b744d2b4ed9c56e55784eb/gnocchi.99b74e70-03f0-4f56-8ccb-0265044383f5/1763640000.0_mean_300.0_v3" "tx39eec2dc73294ef48e940-0069220434" "object-server 96156" 0.0008 "-" 95853 0
Nov 22 13:43:00 np0005532311.novalocal object-server[96156]: ::1 - - [22/Nov/2025:18:43:00 +0000] "PUT /3/110247/AUTH_7e6379b038b744d2b4ed9c56e55784eb/gnocchi.99b74e70-03f0-4f56-8ccb-0265044383f5/1763640000.0_mean_300.0_v3" 201 - "PUT http://[::1]:8080/v1/AUTH_7e6379b038b744d2b4ed9c56e55784eb/gnocchi.99b74e70-03f0-4f56-8ccb-0265044383f5/1763640000.0_mean_300.0_v3" "tx39eec2dc73294ef48e940-0069220434" "proxy-server 88816" 0.0152 "-" 96156 0
Nov 22 13:43:00 np0005532311.novalocal container-server[95854]: ::1 - - [22/Nov/2025:18:43:00 +0000] "PUT /1/6190/AUTH_7e6379b038b744d2b4ed9c56e55784eb/gnocchi.a2b2bd2f-010d-41ae-be35-08450df77afc/1763640000.0_mean_300.0_v3" 201 - "PUT http://[::1]:8080/3/123395/AUTH_7e6379b038b744d2b4ed9c56e55784eb/gnocchi.a2b2bd2f-010d-41ae-be35-08450df77afc/1763640000.0_mean_300.0_v3" "txa0aeda55288c4702a30d2-0069220434" "object-server 96157" 0.0004 "-" 95854 0
Nov 22 13:43:00 np0005532311.novalocal object-server[96156]: ::1 - - [22/Nov/2025:18:43:00 +0000] "PUT /1/110247/AUTH_7e6379b038b744d2b4ed9c56e55784eb/gnocchi.99b74e70-03f0-4f56-8ccb-0265044383f5/1763640000.0_mean_300.0_v3" 201 - "PUT http://[::1]:8080/v1/AUTH_7e6379b038b744d2b4ed9c56e55784eb/gnocchi.99b74e70-03f0-4f56-8ccb-0265044383f5/1763640000.0_mean_300.0_v3" "tx39eec2dc73294ef48e940-0069220434" "proxy-server 88816" 0.0189 "-" 96156 0
Nov 22 13:43:00 np0005532311.novalocal object-server[96157]: ::1 - - [22/Nov/2025:18:43:00 +0000] "PUT /3/123395/AUTH_7e6379b038b744d2b4ed9c56e55784eb/gnocchi.a2b2bd2f-010d-41ae-be35-08450df77afc/1763640000.0_mean_300.0_v3" 201 - "PUT http://[::1]:8080/v1/AUTH_7e6379b038b744d2b4ed9c56e55784eb/gnocchi.a2b2bd2f-010d-41ae-be35-08450df77afc/1763640000.0_mean_300.0_v3" "txa0aeda55288c4702a30d2-0069220434" "proxy-server 88815" 0.0103 "-" 96157 0
Nov 22 13:43:00 np0005532311.novalocal proxy-server[88816]: ::1 ::1 22/Nov/2025/18/43/00 PUT /v1/AUTH_7e6379b038b744d2b4ed9c56e55784eb/gnocchi.99b74e70-03f0-4f56-8ccb-0265044383f5/1763640000.0_mean_300.0_v3 HTTP/1.0 201 - python-swiftclient-4.5.0 gAAAAABpIgQAXILt... 16 - - tx39eec2dc73294ef48e940-0069220434 - 0.0262 - - 1763836980.347486019 1763836980.373725891 0
Nov 22 13:43:00 np0005532311.novalocal container-server[95853]: ::1 - - [22/Nov/2025:18:43:00 +0000] "PUT /3/6190/AUTH_7e6379b038b744d2b4ed9c56e55784eb/gnocchi.a2b2bd2f-010d-41ae-be35-08450df77afc/1763640000.0_mean_300.0_v3" 201 - "PUT http://[::1]:8080/1/123395/AUTH_7e6379b038b744d2b4ed9c56e55784eb/gnocchi.a2b2bd2f-010d-41ae-be35-08450df77afc/1763640000.0_mean_300.0_v3" "txa0aeda55288c4702a30d2-0069220434" "object-server 96157" 0.0007 "-" 95853 0
Nov 22 13:43:00 np0005532311.novalocal object-server[96157]: ::1 - - [22/Nov/2025:18:43:00 +0000] "PUT /1/123395/AUTH_7e6379b038b744d2b4ed9c56e55784eb/gnocchi.a2b2bd2f-010d-41ae-be35-08450df77afc/1763640000.0_mean_300.0_v3" 201 - "PUT http://[::1]:8080/v1/AUTH_7e6379b038b744d2b4ed9c56e55784eb/gnocchi.a2b2bd2f-010d-41ae-be35-08450df77afc/1763640000.0_mean_300.0_v3" "txa0aeda55288c4702a30d2-0069220434" "proxy-server 88815" 0.0140 "-" 96157 0
Nov 22 13:43:00 np0005532311.novalocal container-server[95854]: ::1 - - [22/Nov/2025:18:43:00 +0000] "PUT /2/6190/AUTH_7e6379b038b744d2b4ed9c56e55784eb/gnocchi.a2b2bd2f-010d-41ae-be35-08450df77afc/1763640000.0_mean_300.0_v3" 201 - "PUT http://[::1]:8080/2/123395/AUTH_7e6379b038b744d2b4ed9c56e55784eb/gnocchi.a2b2bd2f-010d-41ae-be35-08450df77afc/1763640000.0_mean_300.0_v3" "txa0aeda55288c4702a30d2-0069220434" "object-server 96156" 0.0004 "-" 95854 0
Nov 22 13:43:00 np0005532311.novalocal object-server[96156]: ::1 - - [22/Nov/2025:18:43:00 +0000] "PUT /2/123395/AUTH_7e6379b038b744d2b4ed9c56e55784eb/gnocchi.a2b2bd2f-010d-41ae-be35-08450df77afc/1763640000.0_mean_300.0_v3" 201 - "PUT http://[::1]:8080/v1/AUTH_7e6379b038b744d2b4ed9c56e55784eb/gnocchi.a2b2bd2f-010d-41ae-be35-08450df77afc/1763640000.0_mean_300.0_v3" "txa0aeda55288c4702a30d2-0069220434" "proxy-server 88815" 0.0149 "-" 96156 0
Nov 22 13:43:00 np0005532311.novalocal proxy-server[88815]: ::1 ::1 22/Nov/2025/18/43/00 PUT /v1/AUTH_7e6379b038b744d2b4ed9c56e55784eb/gnocchi.a2b2bd2f-010d-41ae-be35-08450df77afc/1763640000.0_mean_300.0_v3 HTTP/1.0 201 - python-swiftclient-4.5.0 gAAAAABpIgQFZCvZ... 16 - - txa0aeda55288c4702a30d2-0069220434 - 0.0219 - - 1763836980.355391741 1763836980.377295017 0
Nov 22 13:43:00 np0005532311.novalocal container-server[95854]: ::1 - - [22/Nov/2025:18:43:00 +0000] "PUT /1/6190/AUTH_7e6379b038b744d2b4ed9c56e55784eb/gnocchi.a2b2bd2f-010d-41ae-be35-08450df77afc/none_v3" 201 - "PUT http://[::1]:8080/3/121825/AUTH_7e6379b038b744d2b4ed9c56e55784eb/gnocchi.a2b2bd2f-010d-41ae-be35-08450df77afc/none_v3" "tx8bffc5ad7da44636b5ad0-0069220434" "object-server 96157" 0.0006 "-" 95854 0
Nov 22 13:43:00 np0005532311.novalocal object-server[96157]: ::1 - - [22/Nov/2025:18:43:00 +0000] "PUT /3/121825/AUTH_7e6379b038b744d2b4ed9c56e55784eb/gnocchi.a2b2bd2f-010d-41ae-be35-08450df77afc/none_v3" 201 - "PUT http://[::1]:8080/v1/AUTH_7e6379b038b744d2b4ed9c56e55784eb/gnocchi.a2b2bd2f-010d-41ae-be35-08450df77afc/none_v3" "tx8bffc5ad7da44636b5ad0-0069220434" "proxy-server 88815" 0.0164 "-" 96157 0
Nov 22 13:43:00 np0005532311.novalocal container-server[95853]: ::1 - - [22/Nov/2025:18:43:00 +0000] "PUT /3/253012/AUTH_7e6379b038b744d2b4ed9c56e55784eb/gnocchi.99b74e70-03f0-4f56-8ccb-0265044383f5/none_v3" 201 - "PUT http://[::1]:8080/3/207691/AUTH_7e6379b038b744d2b4ed9c56e55784eb/gnocchi.99b74e70-03f0-4f56-8ccb-0265044383f5/none_v3" "tx89a1047ae8ac44cb86d9b-0069220434" "object-server 96156" 0.0007 "-" 95853 0
Nov 22 13:43:00 np0005532311.novalocal object-server[96156]: ::1 - - [22/Nov/2025:18:43:00 +0000] "PUT /3/207691/AUTH_7e6379b038b744d2b4ed9c56e55784eb/gnocchi.99b74e70-03f0-4f56-8ccb-0265044383f5/none_v3" 201 - "PUT http://[::1]:8080/v1/AUTH_7e6379b038b744d2b4ed9c56e55784eb/gnocchi.99b74e70-03f0-4f56-8ccb-0265044383f5/none_v3" "tx89a1047ae8ac44cb86d9b-0069220434" "proxy-server 88816" 0.0202 "-" 96156 0
Nov 22 13:43:00 np0005532311.novalocal container-server[95854]: ::1 - - [22/Nov/2025:18:43:00 +0000] "PUT /2/6190/AUTH_7e6379b038b744d2b4ed9c56e55784eb/gnocchi.a2b2bd2f-010d-41ae-be35-08450df77afc/none_v3" 201 - "PUT http://[::1]:8080/1/121825/AUTH_7e6379b038b744d2b4ed9c56e55784eb/gnocchi.a2b2bd2f-010d-41ae-be35-08450df77afc/none_v3" "tx8bffc5ad7da44636b5ad0-0069220434" "object-server 96156" 0.0004 "-" 95854 0
Nov 22 13:43:00 np0005532311.novalocal container-server[95853]: ::1 - - [22/Nov/2025:18:43:00 +0000] "PUT /1/253012/AUTH_7e6379b038b744d2b4ed9c56e55784eb/gnocchi.99b74e70-03f0-4f56-8ccb-0265044383f5/none_v3" 201 - "PUT http://[::1]:8080/1/207691/AUTH_7e6379b038b744d2b4ed9c56e55784eb/gnocchi.99b74e70-03f0-4f56-8ccb-0265044383f5/none_v3" "tx89a1047ae8ac44cb86d9b-0069220434" "object-server 96156" 0.0006 "-" 95853 0
Nov 22 13:43:00 np0005532311.novalocal object-server[96156]: ::1 - - [22/Nov/2025:18:43:00 +0000] "PUT /1/121825/AUTH_7e6379b038b744d2b4ed9c56e55784eb/gnocchi.a2b2bd2f-010d-41ae-be35-08450df77afc/none_v3" 201 - "PUT http://[::1]:8080/v1/AUTH_7e6379b038b744d2b4ed9c56e55784eb/gnocchi.a2b2bd2f-010d-41ae-be35-08450df77afc/none_v3" "tx8bffc5ad7da44636b5ad0-0069220434" "proxy-server 88815" 0.0191 "-" 96156 0
Nov 22 13:43:00 np0005532311.novalocal container-server[95854]: ::1 - - [22/Nov/2025:18:43:00 +0000] "PUT /3/6190/AUTH_7e6379b038b744d2b4ed9c56e55784eb/gnocchi.a2b2bd2f-010d-41ae-be35-08450df77afc/none_v3" 201 - "PUT http://[::1]:8080/2/121825/AUTH_7e6379b038b744d2b4ed9c56e55784eb/gnocchi.a2b2bd2f-010d-41ae-be35-08450df77afc/none_v3" "tx8bffc5ad7da44636b5ad0-0069220434" "object-server 96156" 0.0003 "-" 95854 0
Nov 22 13:43:00 np0005532311.novalocal container-server[95854]: ::1 - - [22/Nov/2025:18:43:00 +0000] "PUT /2/253012/AUTH_7e6379b038b744d2b4ed9c56e55784eb/gnocchi.99b74e70-03f0-4f56-8ccb-0265044383f5/none_v3" 201 - "PUT http://[::1]:8080/2/207691/AUTH_7e6379b038b744d2b4ed9c56e55784eb/gnocchi.99b74e70-03f0-4f56-8ccb-0265044383f5/none_v3" "tx89a1047ae8ac44cb86d9b-0069220434" "object-server 96156" 0.0003 "-" 95854 0
Nov 22 13:43:00 np0005532311.novalocal object-server[96156]: ::1 - - [22/Nov/2025:18:43:00 +0000] "PUT /2/121825/AUTH_7e6379b038b744d2b4ed9c56e55784eb/gnocchi.a2b2bd2f-010d-41ae-be35-08450df77afc/none_v3" 201 - "PUT http://[::1]:8080/v1/AUTH_7e6379b038b744d2b4ed9c56e55784eb/gnocchi.a2b2bd2f-010d-41ae-be35-08450df77afc/none_v3" "tx8bffc5ad7da44636b5ad0-0069220434" "proxy-server 88815" 0.0232 "-" 96156 0
Nov 22 13:43:00 np0005532311.novalocal object-server[96156]: ::1 - - [22/Nov/2025:18:43:00 +0000] "PUT /1/207691/AUTH_7e6379b038b744d2b4ed9c56e55784eb/gnocchi.99b74e70-03f0-4f56-8ccb-0265044383f5/none_v3" 201 - "PUT http://[::1]:8080/v1/AUTH_7e6379b038b744d2b4ed9c56e55784eb/gnocchi.99b74e70-03f0-4f56-8ccb-0265044383f5/none_v3" "tx89a1047ae8ac44cb86d9b-0069220434" "proxy-server 88816" 0.0314 "-" 96156 0
Nov 22 13:43:00 np0005532311.novalocal proxy-server[88815]: ::1 ::1 22/Nov/2025/18/43/00 PUT /v1/AUTH_7e6379b038b744d2b4ed9c56e55784eb/gnocchi.a2b2bd2f-010d-41ae-be35-08450df77afc/none_v3 HTTP/1.0 201 - python-swiftclient-4.5.0 gAAAAABpIgQFZCvZ... 22 - - tx8bffc5ad7da44636b5ad0-0069220434 - 0.0342 - - 1763836980.379959345 1763836980.414195061 0
Nov 22 13:43:00 np0005532311.novalocal object-server[96156]: ::1 - - [22/Nov/2025:18:43:00 +0000] "PUT /2/207691/AUTH_7e6379b038b744d2b4ed9c56e55784eb/gnocchi.99b74e70-03f0-4f56-8ccb-0265044383f5/none_v3" 201 - "PUT http://[::1]:8080/v1/AUTH_7e6379b038b744d2b4ed9c56e55784eb/gnocchi.99b74e70-03f0-4f56-8ccb-0265044383f5/none_v3" "tx89a1047ae8ac44cb86d9b-0069220434" "proxy-server 88816" 0.0302 "-" 96156 0
Nov 22 13:43:00 np0005532311.novalocal proxy-server[88816]: ::1 ::1 22/Nov/2025/18/43/00 PUT /v1/AUTH_7e6379b038b744d2b4ed9c56e55784eb/gnocchi.99b74e70-03f0-4f56-8ccb-0265044383f5/none_v3 HTTP/1.0 201 - python-swiftclient-4.5.0 gAAAAABpIgQAXILt... 22 - - tx89a1047ae8ac44cb86d9b-0069220434 - 0.0404 - - 1763836980.376288414 1763836980.416723251 0
Nov 22 13:43:00 np0005532311.novalocal container-server[95854]: ::1 - - [22/Nov/2025:18:43:00 +0000] "HEAD /3/122634/AUTH_7e6379b038b744d2b4ed9c56e55784eb/gnocchi.2077c8e5-859d-4448-ab2b-56b02e741466" 404 - "HEAD http://[::1]:8080/v1/AUTH_7e6379b038b744d2b4ed9c56e55784eb/gnocchi.2077c8e5-859d-4448-ab2b-56b02e741466" "txf9c0f4b38d9b498494691-0069220434" "proxy-server 88815" 0.0010 "-" 95854 0
Nov 22 13:43:00 np0005532311.novalocal container-server[95854]: ::1 - - [22/Nov/2025:18:43:00 +0000] "HEAD /2/122634/AUTH_7e6379b038b744d2b4ed9c56e55784eb/gnocchi.2077c8e5-859d-4448-ab2b-56b02e741466" 404 - "HEAD http://[::1]:8080/v1/AUTH_7e6379b038b744d2b4ed9c56e55784eb/gnocchi.2077c8e5-859d-4448-ab2b-56b02e741466" "txf9c0f4b38d9b498494691-0069220434" "proxy-server 88815" 0.0004 "-" 95854 0
Nov 22 13:43:00 np0005532311.novalocal container-server[95853]: ::1 - - [22/Nov/2025:18:43:00 +0000] "HEAD /2/125002/AUTH_7e6379b038b744d2b4ed9c56e55784eb/gnocchi.6f2db4dc-d0c5-4415-8ba6-10df46607c7e" 404 - "HEAD http://[::1]:8080/v1/AUTH_7e6379b038b744d2b4ed9c56e55784eb/gnocchi.6f2db4dc-d0c5-4415-8ba6-10df46607c7e" "tx00aac8c003314e5ca9d0e-0069220434" "proxy-server 88816" 0.0005 "-" 95853 0
Nov 22 13:43:00 np0005532311.novalocal container-server[95854]: ::1 - - [22/Nov/2025:18:43:00 +0000] "HEAD /1/122634/AUTH_7e6379b038b744d2b4ed9c56e55784eb/gnocchi.2077c8e5-859d-4448-ab2b-56b02e741466" 404 - "HEAD http://[::1]:8080/v1/AUTH_7e6379b038b744d2b4ed9c56e55784eb/gnocchi.2077c8e5-859d-4448-ab2b-56b02e741466" "txf9c0f4b38d9b498494691-0069220434" "proxy-server 88815" 0.0005 "-" 95854 0
Nov 22 13:43:00 np0005532311.novalocal proxy-server[88815]: - - 22/Nov/2025/18/43/00 HEAD /v1/AUTH_7e6379b038b744d2b4ed9c56e55784eb/gnocchi.2077c8e5-859d-4448-ab2b-56b02e741466 HTTP/1.0 404 - Swift - - - - txf9c0f4b38d9b498494691-0069220434 - 0.0108 CS - 1763836980.422501087 1763836980.433306694 0
Nov 22 13:43:00 np0005532311.novalocal container-server[95853]: ::1 - - [22/Nov/2025:18:43:00 +0000] "HEAD /3/125002/AUTH_7e6379b038b744d2b4ed9c56e55784eb/gnocchi.6f2db4dc-d0c5-4415-8ba6-10df46607c7e" 404 - "HEAD http://[::1]:8080/v1/AUTH_7e6379b038b744d2b4ed9c56e55784eb/gnocchi.6f2db4dc-d0c5-4415-8ba6-10df46607c7e" "tx00aac8c003314e5ca9d0e-0069220434" "proxy-server 88816" 0.0004 "-" 95853 0
Nov 22 13:43:00 np0005532311.novalocal container-server[95853]: ::1 - - [22/Nov/2025:18:43:00 +0000] "HEAD /1/125002/AUTH_7e6379b038b744d2b4ed9c56e55784eb/gnocchi.6f2db4dc-d0c5-4415-8ba6-10df46607c7e" 404 - "HEAD http://[::1]:8080/v1/AUTH_7e6379b038b744d2b4ed9c56e55784eb/gnocchi.6f2db4dc-d0c5-4415-8ba6-10df46607c7e" "tx00aac8c003314e5ca9d0e-0069220434" "proxy-server 88816" 0.0003 "-" 95853 0
Nov 22 13:43:00 np0005532311.novalocal proxy-server[88816]: - - 22/Nov/2025/18/43/00 HEAD /v1/AUTH_7e6379b038b744d2b4ed9c56e55784eb/gnocchi.6f2db4dc-d0c5-4415-8ba6-10df46607c7e HTTP/1.0 404 - Swift - - - - tx00aac8c003314e5ca9d0e-0069220434 - 0.0097 CS - 1763836980.427422047 1763836980.437105179 0
Nov 22 13:43:00 np0005532311.novalocal object-server[96157]: ::1 - - [22/Nov/2025:18:43:00 +0000] "GET /2/112022/AUTH_7e6379b038b744d2b4ed9c56e55784eb/gnocchi.2077c8e5-859d-4448-ab2b-56b02e741466/none_v3" 404 70 "GET http://[::1]:8080/v1/AUTH_7e6379b038b744d2b4ed9c56e55784eb/gnocchi.2077c8e5-859d-4448-ab2b-56b02e741466/none_v3" "txf9c0f4b38d9b498494691-0069220434" "proxy-server 88815" 0.0003 "-" 96157 0
Nov 22 13:43:00 np0005532311.novalocal object-server[96156]: ::1 - - [22/Nov/2025:18:43:00 +0000] "GET /1/112022/AUTH_7e6379b038b744d2b4ed9c56e55784eb/gnocchi.2077c8e5-859d-4448-ab2b-56b02e741466/none_v3" 404 70 "GET http://[::1]:8080/v1/AUTH_7e6379b038b744d2b4ed9c56e55784eb/gnocchi.2077c8e5-859d-4448-ab2b-56b02e741466/none_v3" "txf9c0f4b38d9b498494691-0069220434" "proxy-server 88815" 0.0008 "-" 96156 0
Nov 22 13:43:00 np0005532311.novalocal object-server[96157]: ::1 - - [22/Nov/2025:18:43:00 +0000] "GET /3/112022/AUTH_7e6379b038b744d2b4ed9c56e55784eb/gnocchi.2077c8e5-859d-4448-ab2b-56b02e741466/none_v3" 404 70 "GET http://[::1]:8080/v1/AUTH_7e6379b038b744d2b4ed9c56e55784eb/gnocchi.2077c8e5-859d-4448-ab2b-56b02e741466/none_v3" "txf9c0f4b38d9b498494691-0069220434" "proxy-server 88815" 0.0002 "-" 96157 0
Nov 22 13:43:00 np0005532311.novalocal proxy-server[88815]: ::1 ::1 22/Nov/2025/18/43/00 GET /v1/AUTH_7e6379b038b744d2b4ed9c56e55784eb/gnocchi.2077c8e5-859d-4448-ab2b-56b02e741466/none_v3 HTTP/1.0 404 - python-swiftclient-4.5.0 gAAAAABpIgQFZCvZ... - 70 - txf9c0f4b38d9b498494691-0069220434 - 0.0238 - - 1763836980.421992302 1763836980.445829868 0
Nov 22 13:43:00 np0005532311.novalocal object-server[96156]: ::1 - - [22/Nov/2025:18:43:00 +0000] "GET /2/33136/AUTH_7e6379b038b744d2b4ed9c56e55784eb/gnocchi.6f2db4dc-d0c5-4415-8ba6-10df46607c7e/none_v3" 404 70 "GET http://[::1]:8080/v1/AUTH_7e6379b038b744d2b4ed9c56e55784eb/gnocchi.6f2db4dc-d0c5-4415-8ba6-10df46607c7e/none_v3" "tx00aac8c003314e5ca9d0e-0069220434" "proxy-server 88816" 0.0005 "-" 96156 0
Nov 22 13:43:00 np0005532311.novalocal object-server[96156]: ::1 - - [22/Nov/2025:18:43:00 +0000] "GET /1/33136/AUTH_7e6379b038b744d2b4ed9c56e55784eb/gnocchi.6f2db4dc-d0c5-4415-8ba6-10df46607c7e/none_v3" 404 70 "GET http://[::1]:8080/v1/AUTH_7e6379b038b744d2b4ed9c56e55784eb/gnocchi.6f2db4dc-d0c5-4415-8ba6-10df46607c7e/none_v3" "tx00aac8c003314e5ca9d0e-0069220434" "proxy-server 88816" 0.0005 "-" 96156 0
Nov 22 13:43:00 np0005532311.novalocal object-server[96156]: ::1 - - [22/Nov/2025:18:43:00 +0000] "GET /3/33136/AUTH_7e6379b038b744d2b4ed9c56e55784eb/gnocchi.6f2db4dc-d0c5-4415-8ba6-10df46607c7e/none_v3" 404 70 "GET http://[::1]:8080/v1/AUTH_7e6379b038b744d2b4ed9c56e55784eb/gnocchi.6f2db4dc-d0c5-4415-8ba6-10df46607c7e/none_v3" "tx00aac8c003314e5ca9d0e-0069220434" "proxy-server 88816" 0.0005 "-" 96156 0
Nov 22 13:43:00 np0005532311.novalocal proxy-server[88816]: ::1 ::1 22/Nov/2025/18/43/00 GET /v1/AUTH_7e6379b038b744d2b4ed9c56e55784eb/gnocchi.6f2db4dc-d0c5-4415-8ba6-10df46607c7e/none_v3 HTTP/1.0 404 - python-swiftclient-4.5.0 gAAAAABpIgQAXILt... - 70 - tx00aac8c003314e5ca9d0e-0069220434 - 0.0279 - - 1763836980.426727533 1763836980.454632521 0
Nov 22 13:43:00 np0005532311.novalocal account-server[95553]: ::1 - - [22/Nov/2025:18:43:00 +0000] "PUT /2/156665/AUTH_7e6379b038b744d2b4ed9c56e55784eb/gnocchi.2077c8e5-859d-4448-ab2b-56b02e741466" 201 - "PUT http://[::1]:6001/1/122634/AUTH_7e6379b038b744d2b4ed9c56e55784eb/gnocchi.2077c8e5-859d-4448-ab2b-56b02e741466" "tx86233feeda4448dab765f-0069220434" "container-server 95854" 0.0053 "-" 95553 0
Nov 22 13:43:00 np0005532311.novalocal account-server[95554]: ::1 - - [22/Nov/2025:18:43:00 +0000] "PUT /3/156665/AUTH_7e6379b038b744d2b4ed9c56e55784eb/gnocchi.2077c8e5-859d-4448-ab2b-56b02e741466" 201 - "PUT http://[::1]:6001/3/122634/AUTH_7e6379b038b744d2b4ed9c56e55784eb/gnocchi.2077c8e5-859d-4448-ab2b-56b02e741466" "tx86233feeda4448dab765f-0069220434" "container-server 95853" 0.0050 "-" 95554 0
