Nov 22 13:42:50 np0005532311.novalocal container-server[95853]: ::1 - - [22/Nov/2025:18:42:50 +0000] "PUT /1/41937/AUTH_7e6379b038b744d2b4ed9c56e55784eb/gnocchi.a5e16713-d1f4-406f-9974-1b341f61228c" 201 - "PUT http://[::1]:8080/v1/AUTH_7e6379b038b744d2b4ed9c56e55784eb/gnocchi.a5e16713-d1f4-406f-9974-1b341f61228c" "tx99850c13d76042a0aa83f-006922042a" "proxy-server 88815" 0.0211 "-" 95853 0
Nov 22 13:42:50 np0005532311.novalocal account-server[95553]: ::1 - - [22/Nov/2025:18:42:50 +0000] "PUT /3/156665/AUTH_7e6379b038b744d2b4ed9c56e55784eb/gnocchi.a5e16713-d1f4-406f-9974-1b341f61228c" 201 - "PUT http://[::1]:6001/2/41937/AUTH_7e6379b038b744d2b4ed9c56e55784eb/gnocchi.a5e16713-d1f4-406f-9974-1b341f61228c" "tx99850c13d76042a0aa83f-006922042a" "container-server 95854" 0.0074 "-" 95553 0
Nov 22 13:42:50 np0005532311.novalocal account-server[95554]: ::1 - - [22/Nov/2025:18:42:50 +0000] "PUT /2/156665/AUTH_7e6379b038b744d2b4ed9c56e55784eb/gnocchi.a5e16713-d1f4-406f-9974-1b341f61228c" 201 - "PUT http://[::1]:6001/3/41937/AUTH_7e6379b038b744d2b4ed9c56e55784eb/gnocchi.a5e16713-d1f4-406f-9974-1b341f61228c" "tx99850c13d76042a0aa83f-006922042a" "container-server 95854" 0.0037 "-" 95554 0
Nov 22 13:42:50 np0005532311.novalocal container-server[95854]: ::1 - - [22/Nov/2025:18:42:50 +0000] "PUT /2/41937/AUTH_7e6379b038b744d2b4ed9c56e55784eb/gnocchi.a5e16713-d1f4-406f-9974-1b341f61228c" 201 - "PUT http://[::1]:8080/v1/AUTH_7e6379b038b744d2b4ed9c56e55784eb/gnocchi.a5e16713-d1f4-406f-9974-1b341f61228c" "tx99850c13d76042a0aa83f-006922042a" "proxy-server 88815" 0.0307 "-" 95854 0
Nov 22 13:42:50 np0005532311.novalocal container-server[95854]: ::1 - - [22/Nov/2025:18:42:50 +0000] "PUT /3/41937/AUTH_7e6379b038b744d2b4ed9c56e55784eb/gnocchi.a5e16713-d1f4-406f-9974-1b341f61228c" 201 - "PUT http://[::1]:8080/v1/AUTH_7e6379b038b744d2b4ed9c56e55784eb/gnocchi.a5e16713-d1f4-406f-9974-1b341f61228c" "tx99850c13d76042a0aa83f-006922042a" "proxy-server 88815" 0.0165 "-" 95854 0
Nov 22 13:42:50 np0005532311.novalocal proxy-server[88815]: ::1 ::1 22/Nov/2025/18/42/50 PUT /v1/AUTH_7e6379b038b744d2b4ed9c56e55784eb/gnocchi.a5e16713-d1f4-406f-9974-1b341f61228c HTTP/1.0 201 - python-swiftclient-4.5.0 gAAAAABpIgQFZCvZ... - - - tx99850c13d76042a0aa83f-006922042a - 0.0376 - - 1763836970.134433985 1763836970.172030926 0
Nov 22 13:42:50 np0005532311.novalocal container-server[95853]: ::1 - - [22/Nov/2025:18:42:50 +0000] "HEAD /1/41937/AUTH_7e6379b038b744d2b4ed9c56e55784eb/gnocchi.a5e16713-d1f4-406f-9974-1b341f61228c" 204 - "HEAD http://[::1]:8080/v1/AUTH_7e6379b038b744d2b4ed9c56e55784eb/gnocchi.a5e16713-d1f4-406f-9974-1b341f61228c" "tx82b33a825bf64e27b5f95-006922042a" "proxy-server 88815" 0.0016 "-" 95853 0
Nov 22 13:42:50 np0005532311.novalocal account-server[95554]: ::1 - - [22/Nov/2025:18:42:50 +0000] "PUT /1/156665/AUTH_7e6379b038b744d2b4ed9c56e55784eb/gnocchi.fa5a7c07-f1fd-45b9-9182-9f1866c0e513" 201 - "PUT http://[::1]:6001/2/199745/AUTH_7e6379b038b744d2b4ed9c56e55784eb/gnocchi.fa5a7c07-f1fd-45b9-9182-9f1866c0e513" "tx6b73dea9580b442cab40e-006922042a" "container-server 95853" 0.0035 "-" 95554 0
Nov 22 13:42:50 np0005532311.novalocal account-server[95553]: ::1 - - [22/Nov/2025:18:42:50 +0000] "PUT /3/156665/AUTH_7e6379b038b744d2b4ed9c56e55784eb/gnocchi.fa5a7c07-f1fd-45b9-9182-9f1866c0e513" 201 - "PUT http://[::1]:6001/1/199745/AUTH_7e6379b038b744d2b4ed9c56e55784eb/gnocchi.fa5a7c07-f1fd-45b9-9182-9f1866c0e513" "tx6b73dea9580b442cab40e-006922042a" "container-server 95854" 0.0108 "-" 95553 0
Nov 22 13:42:50 np0005532311.novalocal container-server[95853]: ::1 - - [22/Nov/2025:18:42:50 +0000] "PUT /2/199745/AUTH_7e6379b038b744d2b4ed9c56e55784eb/gnocchi.fa5a7c07-f1fd-45b9-9182-9f1866c0e513" 201 - "PUT http://[::1]:8080/v1/AUTH_7e6379b038b744d2b4ed9c56e55784eb/gnocchi.fa5a7c07-f1fd-45b9-9182-9f1866c0e513" "tx6b73dea9580b442cab40e-006922042a" "proxy-server 88816" 0.0267 "-" 95853 0
Nov 22 13:42:50 np0005532311.novalocal container-server[95854]: ::1 - - [22/Nov/2025:18:42:50 +0000] "PUT /1/199745/AUTH_7e6379b038b744d2b4ed9c56e55784eb/gnocchi.fa5a7c07-f1fd-45b9-9182-9f1866c0e513" 201 - "PUT http://[::1]:8080/v1/AUTH_7e6379b038b744d2b4ed9c56e55784eb/gnocchi.fa5a7c07-f1fd-45b9-9182-9f1866c0e513" "tx6b73dea9580b442cab40e-006922042a" "proxy-server 88816" 0.0249 "-" 95854 0
Nov 22 13:42:50 np0005532311.novalocal proxy-server[88815]: - - 22/Nov/2025/18/42/50 HEAD /v1/AUTH_7e6379b038b744d2b4ed9c56e55784eb/gnocchi.a5e16713-d1f4-406f-9974-1b341f61228c HTTP/1.0 204 - Swift - - - - tx82b33a825bf64e27b5f95-006922042a - 0.0219 CS - 1763836970.175105572 1763836970.196959496 0
Nov 22 13:42:50 np0005532311.novalocal account-server[95554]: ::1 - - [22/Nov/2025:18:42:50 +0000] "PUT /2/156665/AUTH_7e6379b038b744d2b4ed9c56e55784eb/gnocchi.fa5a7c07-f1fd-45b9-9182-9f1866c0e513" 201 - "PUT http://[::1]:6001/3/199745/AUTH_7e6379b038b744d2b4ed9c56e55784eb/gnocchi.fa5a7c07-f1fd-45b9-9182-9f1866c0e513" "tx6b73dea9580b442cab40e-006922042a" "container-server 95853" 0.0032 "-" 95554 0
Nov 22 13:42:50 np0005532311.novalocal container-server[95853]: ::1 - - [22/Nov/2025:18:42:50 +0000] "PUT /3/199745/AUTH_7e6379b038b744d2b4ed9c56e55784eb/gnocchi.fa5a7c07-f1fd-45b9-9182-9f1866c0e513" 201 - "PUT http://[::1]:8080/v1/AUTH_7e6379b038b744d2b4ed9c56e55784eb/gnocchi.fa5a7c07-f1fd-45b9-9182-9f1866c0e513" "tx6b73dea9580b442cab40e-006922042a" "proxy-server 88816" 0.0182 "-" 95853 0
Nov 22 13:42:50 np0005532311.novalocal proxy-server[88816]: ::1 ::1 22/Nov/2025/18/42/50 PUT /v1/AUTH_7e6379b038b744d2b4ed9c56e55784eb/gnocchi.fa5a7c07-f1fd-45b9-9182-9f1866c0e513 HTTP/1.0 201 - python-swiftclient-4.5.0 gAAAAABpIgQAXILt... - - - tx6b73dea9580b442cab40e-006922042a - 0.0374 - - 1763836970.164339304 1763836970.201768398 0
Nov 22 13:42:50 np0005532311.novalocal container-server[95854]: ::1 - - [22/Nov/2025:18:42:50 +0000] "GET /1/41937/AUTH_7e6379b038b744d2b4ed9c56e55784eb/gnocchi.a5e16713-d1f4-406f-9974-1b341f61228c" 200 2 "GET http://[::1]:8080/v1/AUTH_7e6379b038b744d2b4ed9c56e55784eb/gnocchi.a5e16713-d1f4-406f-9974-1b341f61228c?format=json&states=listing" "tx82b33a825bf64e27b5f95-006922042a" "proxy-server 88815" 0.0042 "-" 95854 0
Nov 22 13:42:50 np0005532311.novalocal proxy-server[88815]: ::1 ::1 22/Nov/2025/18/42/50 GET /v1/AUTH_7e6379b038b744d2b4ed9c56e55784eb/gnocchi.a5e16713-d1f4-406f-9974-1b341f61228c%3Fformat%3Djson%26states%3Dlisting HTTP/1.0 200 - python-swiftclient-4.5.0 gAAAAABpIgQFZCvZ... - 2 - tx82b33a825bf64e27b5f95-006922042a - 0.0332 - - 1763836970.174684048 1763836970.207853079 0
Nov 22 13:42:50 np0005532311.novalocal object-server[96157]: ::1 - - [22/Nov/2025:18:42:50 +0000] "GET /3/101024/AUTH_7e6379b038b744d2b4ed9c56e55784eb/gnocchi.a5e16713-d1f4-406f-9974-1b341f61228c/1763640000.0_mean_300.0_v3" 404 70 "GET http://[::1]:8080/v1/AUTH_7e6379b038b744d2b4ed9c56e55784eb/gnocchi.a5e16713-d1f4-406f-9974-1b341f61228c/1763640000.0_mean_300.0_v3" "tx5314eb66d90c4801ae176-006922042a" "proxy-server 88815" 0.0003 "-" 96157 0
Nov 22 13:42:50 np0005532311.novalocal object-server[96157]: ::1 - - [22/Nov/2025:18:42:50 +0000] "GET /2/101024/AUTH_7e6379b038b744d2b4ed9c56e55784eb/gnocchi.a5e16713-d1f4-406f-9974-1b341f61228c/1763640000.0_mean_300.0_v3" 404 70 "GET http://[::1]:8080/v1/AUTH_7e6379b038b744d2b4ed9c56e55784eb/gnocchi.a5e16713-d1f4-406f-9974-1b341f61228c/1763640000.0_mean_300.0_v3" "tx5314eb66d90c4801ae176-006922042a" "proxy-server 88815" 0.0002 "-" 96157 0
Nov 22 13:42:50 np0005532311.novalocal container-server[95854]: ::1 - - [22/Nov/2025:18:42:50 +0000] "HEAD /1/199745/AUTH_7e6379b038b744d2b4ed9c56e55784eb/gnocchi.fa5a7c07-f1fd-45b9-9182-9f1866c0e513" 204 - "HEAD http://[::1]:8080/v1/AUTH_7e6379b038b744d2b4ed9c56e55784eb/gnocchi.fa5a7c07-f1fd-45b9-9182-9f1866c0e513" "tx6e043263f20448039a60d-006922042a" "proxy-server 88816" 0.0042 "-" 95854 0
Nov 22 13:42:50 np0005532311.novalocal object-server[96157]: ::1 - - [22/Nov/2025:18:42:50 +0000] "GET /1/101024/AUTH_7e6379b038b744d2b4ed9c56e55784eb/gnocchi.a5e16713-d1f4-406f-9974-1b341f61228c/1763640000.0_mean_300.0_v3" 404 70 "GET http://[::1]:8080/v1/AUTH_7e6379b038b744d2b4ed9c56e55784eb/gnocchi.a5e16713-d1f4-406f-9974-1b341f61228c/1763640000.0_mean_300.0_v3" "tx5314eb66d90c4801ae176-006922042a" "proxy-server 88815" 0.0002 "-" 96157 0
Nov 22 13:42:50 np0005532311.novalocal proxy-server[88815]: ::1 ::1 22/Nov/2025/18/42/50 GET /v1/AUTH_7e6379b038b744d2b4ed9c56e55784eb/gnocchi.a5e16713-d1f4-406f-9974-1b341f61228c/1763640000.0_mean_300.0_v3 HTTP/1.0 404 - python-swiftclient-4.5.0 gAAAAABpIgQFZCvZ... - 70 - tx5314eb66d90c4801ae176-006922042a - 0.0091 - - 1763836970.210820913 1763836970.219927073 0
Nov 22 13:42:50 np0005532311.novalocal proxy-server[88816]: - - 22/Nov/2025/18/42/50 HEAD /v1/AUTH_7e6379b038b744d2b4ed9c56e55784eb/gnocchi.fa5a7c07-f1fd-45b9-9182-9f1866c0e513 HTTP/1.0 204 - Swift - - - - tx6e043263f20448039a60d-006922042a - 0.0111 CS - 1763836970.208588839 1763836970.219720364 0
Nov 22 13:42:50 np0005532311.novalocal container-server[95854]: ::1 - - [22/Nov/2025:18:42:50 +0000] "GET /3/199745/AUTH_7e6379b038b744d2b4ed9c56e55784eb/gnocchi.fa5a7c07-f1fd-45b9-9182-9f1866c0e513" 200 2 "GET http://[::1]:8080/v1/AUTH_7e6379b038b744d2b4ed9c56e55784eb/gnocchi.fa5a7c07-f1fd-45b9-9182-9f1866c0e513?format=json&states=listing" "tx6e043263f20448039a60d-006922042a" "proxy-server 88816" 0.0031 "-" 95854 0
Nov 22 13:42:50 np0005532311.novalocal proxy-server[88816]: ::1 ::1 22/Nov/2025/18/42/50 GET /v1/AUTH_7e6379b038b744d2b4ed9c56e55784eb/gnocchi.fa5a7c07-f1fd-45b9-9182-9f1866c0e513%3Fformat%3Djson%26states%3Dlisting HTTP/1.0 200 - python-swiftclient-4.5.0 gAAAAABpIgQAXILt... - 2 - tx6e043263f20448039a60d-006922042a - 0.0278 - - 1763836970.207585335 1763836970.235391855 0
Nov 22 13:42:50 np0005532311.novalocal container-server[95854]: ::1 - - [22/Nov/2025:18:42:50 +0000] "PUT /2/41937/AUTH_7e6379b038b744d2b4ed9c56e55784eb/gnocchi.a5e16713-d1f4-406f-9974-1b341f61228c/1763640000.0_mean_300.0_v3" 201 - "PUT http://[::1]:8080/1/101024/AUTH_7e6379b038b744d2b4ed9c56e55784eb/gnocchi.a5e16713-d1f4-406f-9974-1b341f61228c/1763640000.0_mean_300.0_v3" "txadcb1f191877400c80a06-006922042a" "object-server 96157" 0.0008 "-" 95854 0
Nov 22 13:42:50 np0005532311.novalocal container-server[95853]: ::1 - - [22/Nov/2025:18:42:50 +0000] "PUT /1/41937/AUTH_7e6379b038b744d2b4ed9c56e55784eb/gnocchi.a5e16713-d1f4-406f-9974-1b341f61228c/1763640000.0_mean_300.0_v3" 201 - "PUT http://[::1]:8080/2/101024/AUTH_7e6379b038b744d2b4ed9c56e55784eb/gnocchi.a5e16713-d1f4-406f-9974-1b341f61228c/1763640000.0_mean_300.0_v3" "txadcb1f191877400c80a06-006922042a" "object-server 96156" 0.0007 "-" 95853 0
Nov 22 13:42:50 np0005532311.novalocal object-server[96156]: ::1 - - [22/Nov/2025:18:42:50 +0000] "PUT /2/101024/AUTH_7e6379b038b744d2b4ed9c56e55784eb/gnocchi.a5e16713-d1f4-406f-9974-1b341f61228c/1763640000.0_mean_300.0_v3" 201 - "PUT http://[::1]:8080/v1/AUTH_7e6379b038b744d2b4ed9c56e55784eb/gnocchi.a5e16713-d1f4-406f-9974-1b341f61228c/1763640000.0_mean_300.0_v3" "txadcb1f191877400c80a06-006922042a" "proxy-server 88815" 0.0111 "-" 96156 0
Nov 22 13:42:50 np0005532311.novalocal object-server[96157]: ::1 - - [22/Nov/2025:18:42:50 +0000] "PUT /1/101024/AUTH_7e6379b038b744d2b4ed9c56e55784eb/gnocchi.a5e16713-d1f4-406f-9974-1b341f61228c/1763640000.0_mean_300.0_v3" 201 - "PUT http://[::1]:8080/v1/AUTH_7e6379b038b744d2b4ed9c56e55784eb/gnocchi.a5e16713-d1f4-406f-9974-1b341f61228c/1763640000.0_mean_300.0_v3" "txadcb1f191877400c80a06-006922042a" "proxy-server 88815" 0.0110 "-" 96157 0
Nov 22 13:42:50 np0005532311.novalocal container-server[95854]: ::1 - - [22/Nov/2025:18:42:50 +0000] "PUT /3/41937/AUTH_7e6379b038b744d2b4ed9c56e55784eb/gnocchi.a5e16713-d1f4-406f-9974-1b341f61228c/1763640000.0_mean_300.0_v3" 201 - "PUT http://[::1]:8080/3/101024/AUTH_7e6379b038b744d2b4ed9c56e55784eb/gnocchi.a5e16713-d1f4-406f-9974-1b341f61228c/1763640000.0_mean_300.0_v3" "txadcb1f191877400c80a06-006922042a" "object-server 96156" 0.0007 "-" 95854 0
Nov 22 13:42:50 np0005532311.novalocal object-server[96156]: ::1 - - [22/Nov/2025:18:42:50 +0000] "PUT /3/101024/AUTH_7e6379b038b744d2b4ed9c56e55784eb/gnocchi.a5e16713-d1f4-406f-9974-1b341f61228c/1763640000.0_mean_300.0_v3" 201 - "PUT http://[::1]:8080/v1/AUTH_7e6379b038b744d2b4ed9c56e55784eb/gnocchi.a5e16713-d1f4-406f-9974-1b341f61228c/1763640000.0_mean_300.0_v3" "txadcb1f191877400c80a06-006922042a" "proxy-server 88815" 0.0107 "-" 96156 0
Nov 22 13:42:50 np0005532311.novalocal proxy-server[88815]: ::1 ::1 22/Nov/2025/18/42/50 PUT /v1/AUTH_7e6379b038b744d2b4ed9c56e55784eb/gnocchi.a5e16713-d1f4-406f-9974-1b341f61228c/1763640000.0_mean_300.0_v3 HTTP/1.0 201 - python-swiftclient-4.5.0 gAAAAABpIgQFZCvZ... 16 - - txadcb1f191877400c80a06-006922042a - 0.0186 - - 1763836970.223207235 1763836970.241812944 0
Nov 22 13:42:50 np0005532311.novalocal object-server[96156]: ::1 - - [22/Nov/2025:18:42:50 +0000] "GET /2/163001/AUTH_7e6379b038b744d2b4ed9c56e55784eb/gnocchi.fa5a7c07-f1fd-45b9-9182-9f1866c0e513/1763640000.0_mean_300.0_v3" 404 70 "GET http://[::1]:8080/v1/AUTH_7e6379b038b744d2b4ed9c56e55784eb/gnocchi.fa5a7c07-f1fd-45b9-9182-9f1866c0e513/1763640000.0_mean_300.0_v3" "tx4f1e9f19d9fb421cbd9f4-006922042a" "proxy-server 88816" 0.0002 "-" 96156 0
Nov 22 13:42:50 np0005532311.novalocal object-server[96156]: ::1 - - [22/Nov/2025:18:42:50 +0000] "GET /3/163001/AUTH_7e6379b038b744d2b4ed9c56e55784eb/gnocchi.fa5a7c07-f1fd-45b9-9182-9f1866c0e513/1763640000.0_mean_300.0_v3" 404 70 "GET http://[::1]:8080/v1/AUTH_7e6379b038b744d2b4ed9c56e55784eb/gnocchi.fa5a7c07-f1fd-45b9-9182-9f1866c0e513/1763640000.0_mean_300.0_v3" "tx4f1e9f19d9fb421cbd9f4-006922042a" "proxy-server 88816" 0.0003 "-" 96156 0
Nov 22 13:42:50 np0005532311.novalocal container-server[95854]: ::1 - - [22/Nov/2025:18:42:50 +0000] "PUT /1/41937/AUTH_7e6379b038b744d2b4ed9c56e55784eb/gnocchi.a5e16713-d1f4-406f-9974-1b341f61228c/none_v3" 201 - "PUT http://[::1]:8080/3/16837/AUTH_7e6379b038b744d2b4ed9c56e55784eb/gnocchi.a5e16713-d1f4-406f-9974-1b341f61228c/none_v3" "txb4399267aa384954ae605-006922042a" "object-server 96156" 0.0008 "-" 95854 0
Nov 22 13:42:50 np0005532311.novalocal object-server[96156]: ::1 - - [22/Nov/2025:18:42:50 +0000] "PUT /3/16837/AUTH_7e6379b038b744d2b4ed9c56e55784eb/gnocchi.a5e16713-d1f4-406f-9974-1b341f61228c/none_v3" 201 - "PUT http://[::1]:8080/v1/AUTH_7e6379b038b744d2b4ed9c56e55784eb/gnocchi.a5e16713-d1f4-406f-9974-1b341f61228c/none_v3" "txb4399267aa384954ae605-006922042a" "proxy-server 88815" 0.0137 "-" 96156 0
Nov 22 13:42:50 np0005532311.novalocal object-server[96157]: ::1 - - [22/Nov/2025:18:42:50 +0000] "GET /1/163001/AUTH_7e6379b038b744d2b4ed9c56e55784eb/gnocchi.fa5a7c07-f1fd-45b9-9182-9f1866c0e513/1763640000.0_mean_300.0_v3" 404 70 "GET http://[::1]:8080/v1/AUTH_7e6379b038b744d2b4ed9c56e55784eb/gnocchi.fa5a7c07-f1fd-45b9-9182-9f1866c0e513/1763640000.0_mean_300.0_v3" "tx4f1e9f19d9fb421cbd9f4-006922042a" "proxy-server 88816" 0.0004 "-" 96157 0
Nov 22 13:42:50 np0005532311.novalocal container-server[95854]: ::1 - - [22/Nov/2025:18:42:50 +0000] "PUT /2/41937/AUTH_7e6379b038b744d2b4ed9c56e55784eb/gnocchi.a5e16713-d1f4-406f-9974-1b341f61228c/none_v3" 201 - "PUT http://[::1]:8080/2/16837/AUTH_7e6379b038b744d2b4ed9c56e55784eb/gnocchi.a5e16713-d1f4-406f-9974-1b341f61228c/none_v3" "txb4399267aa384954ae605-006922042a" "object-server 96157" 0.0003 "-" 95854 0
Nov 22 13:42:50 np0005532311.novalocal container-server[95853]: ::1 - - [22/Nov/2025:18:42:50 +0000] "PUT /3/41937/AUTH_7e6379b038b744d2b4ed9c56e55784eb/gnocchi.a5e16713-d1f4-406f-9974-1b341f61228c/none_v3" 201 - "PUT http://[::1]:8080/1/16837/AUTH_7e6379b038b744d2b4ed9c56e55784eb/gnocchi.a5e16713-d1f4-406f-9974-1b341f61228c/none_v3" "txb4399267aa384954ae605-006922042a" "object-server 96157" 0.0007 "-" 95853 0
Nov 22 13:42:50 np0005532311.novalocal proxy-server[88816]: ::1 ::1 22/Nov/2025/18/42/50 GET /v1/AUTH_7e6379b038b744d2b4ed9c56e55784eb/gnocchi.fa5a7c07-f1fd-45b9-9182-9f1866c0e513/1763640000.0_mean_300.0_v3 HTTP/1.0 404 - python-swiftclient-4.5.0 gAAAAABpIgQAXILt... - 70 - tx4f1e9f19d9fb421cbd9f4-006922042a - 0.0498 - - 1763836970.241251469 1763836970.291007996 0
Nov 22 13:42:50 np0005532311.novalocal object-server[96157]: ::1 - - [22/Nov/2025:18:42:50 +0000] "PUT /1/16837/AUTH_7e6379b038b744d2b4ed9c56e55784eb/gnocchi.a5e16713-d1f4-406f-9974-1b341f61228c/none_v3" 201 - "PUT http://[::1]:8080/v1/AUTH_7e6379b038b744d2b4ed9c56e55784eb/gnocchi.a5e16713-d1f4-406f-9974-1b341f61228c/none_v3" "txb4399267aa384954ae605-006922042a" "proxy-server 88815" 0.0432 "-" 96157 0
Nov 22 13:42:50 np0005532311.novalocal object-server[96157]: ::1 - - [22/Nov/2025:18:42:50 +0000] "PUT /2/16837/AUTH_7e6379b038b744d2b4ed9c56e55784eb/gnocchi.a5e16713-d1f4-406f-9974-1b341f61228c/none_v3" 201 - "PUT http://[::1]:8080/v1/AUTH_7e6379b038b744d2b4ed9c56e55784eb/gnocchi.a5e16713-d1f4-406f-9974-1b341f61228c/none_v3" "txb4399267aa384954ae605-006922042a" "proxy-server 88815" 0.0457 "-" 96157 0
Nov 22 13:42:50 np0005532311.novalocal proxy-server[88815]: ::1 ::1 22/Nov/2025/18/42/50 PUT /v1/AUTH_7e6379b038b744d2b4ed9c56e55784eb/gnocchi.a5e16713-d1f4-406f-9974-1b341f61228c/none_v3 HTTP/1.0 201 - python-swiftclient-4.5.0 gAAAAABpIgQFZCvZ... 22 - - txb4399267aa384954ae605-006922042a - 0.0509 - - 1763836970.243798733 1763836970.294702291 0
Nov 22 13:42:50 np0005532311.novalocal container-server[95854]: ::1 - - [22/Nov/2025:18:42:50 +0000] "HEAD /3/107726/AUTH_7e6379b038b744d2b4ed9c56e55784eb/gnocchi.ac2f655c-bc4d-4ff4-b492-84c733a56926" 404 - "HEAD http://[::1]:8080/v1/AUTH_7e6379b038b744d2b4ed9c56e55784eb/gnocchi.ac2f655c-bc4d-4ff4-b492-84c733a56926" "tx6769abdda2b042a3a853b-006922042a" "proxy-server 88815" 0.0002 "-" 95854 0
Nov 22 13:42:50 np0005532311.novalocal container-server[95853]: ::1 - - [22/Nov/2025:18:42:50 +0000] "HEAD /2/107726/AUTH_7e6379b038b744d2b4ed9c56e55784eb/gnocchi.ac2f655c-bc4d-4ff4-b492-84c733a56926" 404 - "HEAD http://[::1]:8080/v1/AUTH_7e6379b038b744d2b4ed9c56e55784eb/gnocchi.ac2f655c-bc4d-4ff4-b492-84c733a56926" "tx6769abdda2b042a3a853b-006922042a" "proxy-server 88815" 0.0003 "-" 95853 0
Nov 22 13:42:50 np0005532311.novalocal container-server[95854]: ::1 - - [22/Nov/2025:18:42:50 +0000] "HEAD /1/107726/AUTH_7e6379b038b744d2b4ed9c56e55784eb/gnocchi.ac2f655c-bc4d-4ff4-b492-84c733a56926" 404 - "HEAD http://[::1]:8080/v1/AUTH_7e6379b038b744d2b4ed9c56e55784eb/gnocchi.ac2f655c-bc4d-4ff4-b492-84c733a56926" "tx6769abdda2b042a3a853b-006922042a" "proxy-server 88815" 0.0002 "-" 95854 0
Nov 22 13:42:50 np0005532311.novalocal proxy-server[88815]: - - 22/Nov/2025/18/42/50 HEAD /v1/AUTH_7e6379b038b744d2b4ed9c56e55784eb/gnocchi.ac2f655c-bc4d-4ff4-b492-84c733a56926 HTTP/1.0 404 - Swift - - - - tx6769abdda2b042a3a853b-006922042a - 0.0075 CS - 1763836970.304406643 1763836970.311893225 0
Nov 22 13:42:50 np0005532311.novalocal object-server[96157]: ::1 - - [22/Nov/2025:18:42:50 +0000] "GET /3/169970/AUTH_7e6379b038b744d2b4ed9c56e55784eb/gnocchi.ac2f655c-bc4d-4ff4-b492-84c733a56926/none_v3" 404 70 "GET http://[::1]:8080/v1/AUTH_7e6379b038b744d2b4ed9c56e55784eb/gnocchi.ac2f655c-bc4d-4ff4-b492-84c733a56926/none_v3" "tx6769abdda2b042a3a853b-006922042a" "proxy-server 88815" 0.0003 "-" 96157 0
Nov 22 13:42:50 np0005532311.novalocal container-server[95853]: ::1 - - [22/Nov/2025:18:42:50 +0000] "PUT /3/199745/AUTH_7e6379b038b744d2b4ed9c56e55784eb/gnocchi.fa5a7c07-f1fd-45b9-9182-9f1866c0e513/1763640000.0_mean_300.0_v3" 201 - "PUT http://[::1]:8080/1/163001/AUTH_7e6379b038b744d2b4ed9c56e55784eb/gnocchi.fa5a7c07-f1fd-45b9-9182-9f1866c0e513/1763640000.0_mean_300.0_v3" "tx91812aa2653342f283162-006922042a" "object-server 96156" 0.0007 "-" 95853 0
Nov 22 13:42:50 np0005532311.novalocal object-server[96156]: ::1 - - [22/Nov/2025:18:42:50 +0000] "PUT /1/163001/AUTH_7e6379b038b744d2b4ed9c56e55784eb/gnocchi.fa5a7c07-f1fd-45b9-9182-9f1866c0e513/1763640000.0_mean_300.0_v3" 201 - "PUT http://[::1]:8080/v1/AUTH_7e6379b038b744d2b4ed9c56e55784eb/gnocchi.fa5a7c07-f1fd-45b9-9182-9f1866c0e513/1763640000.0_mean_300.0_v3" "tx91812aa2653342f283162-006922042a" "proxy-server 88816" 0.0121 "-" 96156 0
Nov 22 13:42:50 np0005532311.novalocal container-server[95853]: ::1 - - [22/Nov/2025:18:42:50 +0000] "PUT /1/199745/AUTH_7e6379b038b744d2b4ed9c56e55784eb/gnocchi.fa5a7c07-f1fd-45b9-9182-9f1866c0e513/1763640000.0_mean_300.0_v3" 201 - "PUT http://[::1]:8080/2/163001/AUTH_7e6379b038b744d2b4ed9c56e55784eb/gnocchi.fa5a7c07-f1fd-45b9-9182-9f1866c0e513/1763640000.0_mean_300.0_v3" "tx91812aa2653342f283162-006922042a" "object-server 96156" 0.0005 "-" 95853 0
Nov 22 13:42:50 np0005532311.novalocal object-server[96156]: ::1 - - [22/Nov/2025:18:42:50 +0000] "PUT /2/163001/AUTH_7e6379b038b744d2b4ed9c56e55784eb/gnocchi.fa5a7c07-f1fd-45b9-9182-9f1866c0e513/1763640000.0_mean_300.0_v3" 201 - "PUT http://[::1]:8080/v1/AUTH_7e6379b038b744d2b4ed9c56e55784eb/gnocchi.fa5a7c07-f1fd-45b9-9182-9f1866c0e513/1763640000.0_mean_300.0_v3" "tx91812aa2653342f283162-006922042a" "proxy-server 88816" 0.0118 "-" 96156 0
Nov 22 13:42:50 np0005532311.novalocal object-server[96157]: ::1 - - [22/Nov/2025:18:42:50 +0000] "GET /2/169970/AUTH_7e6379b038b744d2b4ed9c56e55784eb/gnocchi.ac2f655c-bc4d-4ff4-b492-84c733a56926/none_v3" 404 70 "GET http://[::1]:8080/v1/AUTH_7e6379b038b744d2b4ed9c56e55784eb/gnocchi.ac2f655c-bc4d-4ff4-b492-84c733a56926/none_v3" "tx6769abdda2b042a3a853b-006922042a" "proxy-server 88815" 0.0003 "-" 96157 0
Nov 22 13:42:50 np0005532311.novalocal container-server[95853]: ::1 - - [22/Nov/2025:18:42:50 +0000] "PUT /2/199745/AUTH_7e6379b038b744d2b4ed9c56e55784eb/gnocchi.fa5a7c07-f1fd-45b9-9182-9f1866c0e513/1763640000.0_mean_300.0_v3" 201 - "PUT http://[::1]:8080/3/163001/AUTH_7e6379b038b744d2b4ed9c56e55784eb/gnocchi.fa5a7c07-f1fd-45b9-9182-9f1866c0e513/1763640000.0_mean_300.0_v3" "tx91812aa2653342f283162-006922042a" "object-server 96157" 0.0005 "-" 95853 0
Nov 22 13:42:50 np0005532311.novalocal object-server[96157]: ::1 - - [22/Nov/2025:18:42:50 +0000] "PUT /3/163001/AUTH_7e6379b038b744d2b4ed9c56e55784eb/gnocchi.fa5a7c07-f1fd-45b9-9182-9f1866c0e513/1763640000.0_mean_300.0_v3" 201 - "PUT http://[::1]:8080/v1/AUTH_7e6379b038b744d2b4ed9c56e55784eb/gnocchi.fa5a7c07-f1fd-45b9-9182-9f1866c0e513/1763640000.0_mean_300.0_v3" "tx91812aa2653342f283162-006922042a" "proxy-server 88816" 0.0186 "-" 96157 0
Nov 22 13:42:50 np0005532311.novalocal proxy-server[88816]: ::1 ::1 22/Nov/2025/18/42/50 PUT /v1/AUTH_7e6379b038b744d2b4ed9c56e55784eb/gnocchi.fa5a7c07-f1fd-45b9-9182-9f1866c0e513/1763640000.0_mean_300.0_v3 HTTP/1.0 201 - python-swiftclient-4.5.0 gAAAAABpIgQAXILt... 16 - - tx91812aa2653342f283162-006922042a - 0.0326 - - 1763836970.296370506 1763836970.328984737 0
Nov 22 13:42:50 np0005532311.novalocal object-server[96157]: ::1 - - [22/Nov/2025:18:42:50 +0000] "GET /1/169970/AUTH_7e6379b038b744d2b4ed9c56e55784eb/gnocchi.ac2f655c-bc4d-4ff4-b492-84c733a56926/none_v3" 404 70 "GET http://[::1]:8080/v1/AUTH_7e6379b038b744d2b4ed9c56e55784eb/gnocchi.ac2f655c-bc4d-4ff4-b492-84c733a56926/none_v3" "tx6769abdda2b042a3a853b-006922042a" "proxy-server 88815" 0.0008 "-" 96157 0
Nov 22 13:42:50 np0005532311.novalocal proxy-server[88815]: ::1 ::1 22/Nov/2025/18/42/50 GET /v1/AUTH_7e6379b038b744d2b4ed9c56e55784eb/gnocchi.ac2f655c-bc4d-4ff4-b492-84c733a56926/none_v3 HTTP/1.0 404 - python-swiftclient-4.5.0 gAAAAABpIgQFZCvZ... - 70 - tx6769abdda2b042a3a853b-006922042a - 0.0300 - - 1763836970.303961754 1763836970.333961725 0
Nov 22 13:42:50 np0005532311.novalocal account-server[95553]: ::1 - - [22/Nov/2025:18:42:50 +0000] "PUT /1/156665/AUTH_7e6379b038b744d2b4ed9c56e55784eb/gnocchi.ac2f655c-bc4d-4ff4-b492-84c733a56926" 201 - "PUT http://[::1]:6001/2/107726/AUTH_7e6379b038b744d2b4ed9c56e55784eb/gnocchi.ac2f655c-bc4d-4ff4-b492-84c733a56926" "tx2a22042766854cc482c8c-006922042a" "container-server 95853" 0.0091 "-" 95553 0
Nov 22 13:42:50 np0005532311.novalocal container-server[95853]: ::1 - - [22/Nov/2025:18:42:50 +0000] "PUT /2/107726/AUTH_7e6379b038b744d2b4ed9c56e55784eb/gnocchi.ac2f655c-bc4d-4ff4-b492-84c733a56926" 201 - "PUT http://[::1]:8080/v1/AUTH_7e6379b038b744d2b4ed9c56e55784eb/gnocchi.ac2f655c-bc4d-4ff4-b492-84c733a56926" "tx2a22042766854cc482c8c-006922042a" "proxy-server 88815" 0.0213 "-" 95853 0
Nov 22 13:42:50 np0005532311.novalocal container-server[95853]: ::1 - - [22/Nov/2025:18:42:50 +0000] "PUT /1/199745/AUTH_7e6379b038b744d2b4ed9c56e55784eb/gnocchi.fa5a7c07-f1fd-45b9-9182-9f1866c0e513/none_v3" 201 - "PUT http://[::1]:8080/1/110079/AUTH_7e6379b038b744d2b4ed9c56e55784eb/gnocchi.fa5a7c07-f1fd-45b9-9182-9f1866c0e513/none_v3" "tx0322457c95304fac8d283-006922042a" "object-server 96156" 0.0005 "-" 95853 0
Nov 22 13:42:50 np0005532311.novalocal object-server[96156]: ::1 - - [22/Nov/2025:18:42:50 +0000] "PUT /1/110079/AUTH_7e6379b038b744d2b4ed9c56e55784eb/gnocchi.fa5a7c07-f1fd-45b9-9182-9f1866c0e513/none_v3" 201 - "PUT http://[::1]:8080/v1/AUTH_7e6379b038b744d2b4ed9c56e55784eb/gnocchi.fa5a7c07-f1fd-45b9-9182-9f1866c0e513/none_v3" "tx0322457c95304fac8d283-006922042a" "proxy-server 88816" 0.0229 "-" 96156 0
Nov 22 13:42:50 np0005532311.novalocal account-server[95554]: ::1 - - [22/Nov/2025:18:42:50 +0000] "PUT /3/156665/AUTH_7e6379b038b744d2b4ed9c56e55784eb/gnocchi.ac2f655c-bc4d-4ff4-b492-84c733a56926" 201 - "PUT http://[::1]:6001/1/107726/AUTH_7e6379b038b744d2b4ed9c56e55784eb/gnocchi.ac2f655c-bc4d-4ff4-b492-84c733a56926" "tx2a22042766854cc482c8c-006922042a" "container-server 95854" 0.0120 "-" 95554 0
Nov 22 13:42:50 np0005532311.novalocal container-server[95853]: ::1 - - [22/Nov/2025:18:42:50 +0000] "PUT /2/199745/AUTH_7e6379b038b744d2b4ed9c56e55784eb/gnocchi.fa5a7c07-f1fd-45b9-9182-9f1866c0e513/none_v3" 201 - "PUT http://[::1]:8080/3/110079/AUTH_7e6379b038b744d2b4ed9c56e55784eb/gnocchi.fa5a7c07-f1fd-45b9-9182-9f1866c0e513/none_v3" "tx0322457c95304fac8d283-006922042a" "object-server 96157" 0.0005 "-" 95853 0
Nov 22 13:42:50 np0005532311.novalocal account-server[95553]: ::1 - - [22/Nov/2025:18:42:50 +0000] "PUT /2/156665/AUTH_7e6379b038b744d2b4ed9c56e55784eb/gnocchi.ac2f655c-bc4d-4ff4-b492-84c733a56926" 201 - "PUT http://[::1]:6001/3/107726/AUTH_7e6379b038b744d2b4ed9c56e55784eb/gnocchi.ac2f655c-bc4d-4ff4-b492-84c733a56926" "tx2a22042766854cc482c8c-006922042a" "container-server 95853" 0.0039 "-" 95553 0
Nov 22 13:42:50 np0005532311.novalocal container-server[95853]: ::1 - - [22/Nov/2025:18:42:50 +0000] "PUT /3/107726/AUTH_7e6379b038b744d2b4ed9c56e55784eb/gnocchi.ac2f655c-bc4d-4ff4-b492-84c733a56926" 201 - "PUT http://[::1]:8080/v1/AUTH_7e6379b038b744d2b4ed9c56e55784eb/gnocchi.ac2f655c-bc4d-4ff4-b492-84c733a56926" "tx2a22042766854cc482c8c-006922042a" "proxy-server 88815" 0.0173 "-" 95853 0
Nov 22 13:42:50 np0005532311.novalocal container-server[95854]: ::1 - - [22/Nov/2025:18:42:50 +0000] "PUT /1/107726/AUTH_7e6379b038b744d2b4ed9c56e55784eb/gnocchi.ac2f655c-bc4d-4ff4-b492-84c733a56926" 201 - "PUT http://[::1]:8080/v1/AUTH_7e6379b038b744d2b4ed9c56e55784eb/gnocchi.ac2f655c-bc4d-4ff4-b492-84c733a56926" "tx2a22042766854cc482c8c-006922042a" "proxy-server 88815" 0.0264 "-" 95854 0
Nov 22 13:42:50 np0005532311.novalocal container-server[95853]: ::1 - - [22/Nov/2025:18:42:50 +0000] "PUT /3/199745/AUTH_7e6379b038b744d2b4ed9c56e55784eb/gnocchi.fa5a7c07-f1fd-45b9-9182-9f1866c0e513/none_v3" 201 - "PUT http://[::1]:8080/2/110079/AUTH_7e6379b038b744d2b4ed9c56e55784eb/gnocchi.fa5a7c07-f1fd-45b9-9182-9f1866c0e513/none_v3" "tx0322457c95304fac8d283-006922042a" "object-server 96157" 0.0005 "-" 95853 0
Nov 22 13:42:50 np0005532311.novalocal object-server[96157]: ::1 - - [22/Nov/2025:18:42:50 +0000] "PUT /3/110079/AUTH_7e6379b038b744d2b4ed9c56e55784eb/gnocchi.fa5a7c07-f1fd-45b9-9182-9f1866c0e513/none_v3" 201 - "PUT http://[::1]:8080/v1/AUTH_7e6379b038b744d2b4ed9c56e55784eb/gnocchi.fa5a7c07-f1fd-45b9-9182-9f1866c0e513/none_v3" "tx0322457c95304fac8d283-006922042a" "proxy-server 88816" 0.0232 "-" 96157 0
Nov 22 13:42:50 np0005532311.novalocal object-server[96157]: ::1 - - [22/Nov/2025:18:42:50 +0000] "PUT /2/110079/AUTH_7e6379b038b744d2b4ed9c56e55784eb/gnocchi.fa5a7c07-f1fd-45b9-9182-9f1866c0e513/none_v3" 201 - "PUT http://[::1]:8080/v1/AUTH_7e6379b038b744d2b4ed9c56e55784eb/gnocchi.fa5a7c07-f1fd-45b9-9182-9f1866c0e513/none_v3" "tx0322457c95304fac8d283-006922042a" "proxy-server 88816" 0.0279 "-" 96157 0
Nov 22 13:42:50 np0005532311.novalocal proxy-server[88816]: ::1 ::1 22/Nov/2025/18/42/50 PUT /v1/AUTH_7e6379b038b744d2b4ed9c56e55784eb/gnocchi.fa5a7c07-f1fd-45b9-9182-9f1866c0e513/none_v3 HTTP/1.0 201 - python-swiftclient-4.5.0 gAAAAABpIgQAXILt... 22 - - tx0322457c95304fac8d283-006922042a - 0.0392 - - 1763836970.331752300 1763836970.370947599 0
Nov 22 13:42:50 np0005532311.novalocal proxy-server[88815]: ::1 ::1 22/Nov/2025/18/42/50 PUT /v1/AUTH_7e6379b038b744d2b4ed9c56e55784eb/gnocchi.ac2f655c-bc4d-4ff4-b492-84c733a56926 HTTP/1.0 201 - python-swiftclient-4.5.0 gAAAAABpIgQFZCvZ... - - - tx2a22042766854cc482c8c-006922042a - 0.0364 - - 1763836970.336189747 1763836970.372580767 0
Nov 22 13:42:50 np0005532311.novalocal container-server[95854]: ::1 - - [22/Nov/2025:18:42:50 +0000] "HEAD /1/107726/AUTH_7e6379b038b744d2b4ed9c56e55784eb/gnocchi.ac2f655c-bc4d-4ff4-b492-84c733a56926" 204 - "HEAD http://[::1]:8080/v1/AUTH_7e6379b038b744d2b4ed9c56e55784eb/gnocchi.ac2f655c-bc4d-4ff4-b492-84c733a56926" "tx25fe64fea5124a6987773-006922042a" "proxy-server 88815" 0.0025 "-" 95854 0
Nov 22 13:42:50 np0005532311.novalocal proxy-server[88815]: - - 22/Nov/2025/18/42/50 HEAD /v1/AUTH_7e6379b038b744d2b4ed9c56e55784eb/gnocchi.ac2f655c-bc4d-4ff4-b492-84c733a56926 HTTP/1.0 204 - Swift - - - - tx25fe64fea5124a6987773-006922042a - 0.0084 CS - 1763836970.377915859 1763836970.386361361 0
Nov 22 13:42:50 np0005532311.novalocal container-server[95853]: ::1 - - [22/Nov/2025:18:42:50 +0000] "GET /1/107726/AUTH_7e6379b038b744d2b4ed9c56e55784eb/gnocchi.ac2f655c-bc4d-4ff4-b492-84c733a56926" 200 2 "GET http://[::1]:8080/v1/AUTH_7e6379b038b744d2b4ed9c56e55784eb/gnocchi.ac2f655c-bc4d-4ff4-b492-84c733a56926?format=json&states=listing" "tx25fe64fea5124a6987773-006922042a" "proxy-server 88815" 0.0024 "-" 95853 0
Nov 22 13:42:50 np0005532311.novalocal account-server[95554]: ::1 - - [22/Nov/2025:18:42:50 +0000] "HEAD /1/259413/.expiring_objects" 404 - "HEAD http://localhost/v1/.expiring_objects?format=json" "tx7a75bc9d7b7d4f3bb63b1-006922042a" "Swift Object Expirer" 0.0004 "-" 95554 -
Nov 22 13:42:50 np0005532311.novalocal proxy-server[88815]: ::1 ::1 22/Nov/2025/18/42/50 GET /v1/AUTH_7e6379b038b744d2b4ed9c56e55784eb/gnocchi.ac2f655c-bc4d-4ff4-b492-84c733a56926%3Fformat%3Djson%26states%3Dlisting HTTP/1.0 200 - python-swiftclient-4.5.0 gAAAAABpIgQFZCvZ... - 2 - tx25fe64fea5124a6987773-006922042a - 0.0237 - - 1763836970.376819849 1763836970.400474787 0
Nov 22 13:42:50 np0005532311.novalocal account-server[95553]: ::1 - - [22/Nov/2025:18:42:50 +0000] "HEAD /3/259413/.expiring_objects" 404 - "HEAD http://localhost/v1/.expiring_objects?format=json" "tx7a75bc9d7b7d4f3bb63b1-006922042a" "Swift Object Expirer" 0.0003 "-" 95553 -
Nov 22 13:42:50 np0005532311.novalocal account-server[95554]: ::1 - - [22/Nov/2025:18:42:50 +0000] "HEAD /2/259413/.expiring_objects" 404 - "HEAD http://localhost/v1/.expiring_objects?format=json" "tx7a75bc9d7b7d4f3bb63b1-006922042a" "Swift Object Expirer" 0.0004 "-" 95554 -
Nov 22 13:42:50 np0005532311.novalocal object-expirer-ic[88849]: - - 22/Nov/2025/18/42/50 HEAD /v1/.expiring_objects%3Fformat%3Djson HTTP/1.0 404 - Swift%20Object%20Expirer - - - - tx7a75bc9d7b7d4f3bb63b1-006922042a - 0.0096 - - 1763836970.396914005 1763836970.406472445 -
Nov 22 13:42:50 np0005532311.novalocal object-expirer[88849]: Pass completed in 0s; 0 objects expired
Nov 22 13:42:50 np0005532311.novalocal object-server[96157]: ::1 - - [22/Nov/2025:18:42:50 +0000] "GET /1/52490/AUTH_7e6379b038b744d2b4ed9c56e55784eb/gnocchi.ac2f655c-bc4d-4ff4-b492-84c733a56926/1763640000.0_mean_300.0_v3" 404 70 "GET http://[::1]:8080/v1/AUTH_7e6379b038b744d2b4ed9c56e55784eb/gnocchi.ac2f655c-bc4d-4ff4-b492-84c733a56926/1763640000.0_mean_300.0_v3" "tx4ea2ccdc4d6a4cf5b4840-006922042a" "proxy-server 88815" 0.0005 "-" 96157 0
Nov 22 13:42:50 np0005532311.novalocal object-server[96157]: ::1 - - [22/Nov/2025:18:42:50 +0000] "GET /2/52490/AUTH_7e6379b038b744d2b4ed9c56e55784eb/gnocchi.ac2f655c-bc4d-4ff4-b492-84c733a56926/1763640000.0_mean_300.0_v3" 404 70 "GET http://[::1]:8080/v1/AUTH_7e6379b038b744d2b4ed9c56e55784eb/gnocchi.ac2f655c-bc4d-4ff4-b492-84c733a56926/1763640000.0_mean_300.0_v3" "tx4ea2ccdc4d6a4cf5b4840-006922042a" "proxy-server 88815" 0.0003 "-" 96157 0
Nov 22 13:42:50 np0005532311.novalocal object-server[96156]: ::1 - - [22/Nov/2025:18:42:50 +0000] "GET /3/52490/AUTH_7e6379b038b744d2b4ed9c56e55784eb/gnocchi.ac2f655c-bc4d-4ff4-b492-84c733a56926/1763640000.0_mean_300.0_v3" 404 70 "GET http://[::1]:8080/v1/AUTH_7e6379b038b744d2b4ed9c56e55784eb/gnocchi.ac2f655c-bc4d-4ff4-b492-84c733a56926/1763640000.0_mean_300.0_v3" "tx4ea2ccdc4d6a4cf5b4840-006922042a" "proxy-server 88815" 0.0003 "-" 96156 0
Nov 22 13:42:50 np0005532311.novalocal proxy-server[88815]: ::1 ::1 22/Nov/2025/18/42/50 GET /v1/AUTH_7e6379b038b744d2b4ed9c56e55784eb/gnocchi.ac2f655c-bc4d-4ff4-b492-84c733a56926/1763640000.0_mean_300.0_v3 HTTP/1.0 404 - python-swiftclient-4.5.0 gAAAAABpIgQFZCvZ... - 70 - tx4ea2ccdc4d6a4cf5b4840-006922042a - 0.0171 - - 1763836970.405812502 1763836970.422940969 0
Nov 22 13:42:50 np0005532311.novalocal container-server[95853]: ::1 - - [22/Nov/2025:18:42:50 +0000] "PUT /1/107726/AUTH_7e6379b038b744d2b4ed9c56e55784eb/gnocchi.ac2f655c-bc4d-4ff4-b492-84c733a56926/1763640000.0_mean_300.0_v3" 201 - "PUT http://[::1]:8080/1/52490/AUTH_7e6379b038b744d2b4ed9c56e55784eb/gnocchi.ac2f655c-bc4d-4ff4-b492-84c733a56926/1763640000.0_mean_300.0_v3" "tx1f304c98c320468ea41d9-006922042a" "object-server 96157" 0.0006 "-" 95853 0
Nov 22 13:42:50 np0005532311.novalocal object-server[96157]: ::1 - - [22/Nov/2025:18:42:50 +0000] "PUT /1/52490/AUTH_7e6379b038b744d2b4ed9c56e55784eb/gnocchi.ac2f655c-bc4d-4ff4-b492-84c733a56926/1763640000.0_mean_300.0_v3" 201 - "PUT http://[::1]:8080/v1/AUTH_7e6379b038b744d2b4ed9c56e55784eb/gnocchi.ac2f655c-bc4d-4ff4-b492-84c733a56926/1763640000.0_mean_300.0_v3" "tx1f304c98c320468ea41d9-006922042a" "proxy-server 88815" 0.0148 "-" 96157 0
Nov 22 13:42:50 np0005532311.novalocal container-server[95854]: ::1 - - [22/Nov/2025:18:42:50 +0000] "PUT /2/107726/AUTH_7e6379b038b744d2b4ed9c56e55784eb/gnocchi.ac2f655c-bc4d-4ff4-b492-84c733a56926/1763640000.0_mean_300.0_v3" 201 - "PUT http://[::1]:8080/2/52490/AUTH_7e6379b038b744d2b4ed9c56e55784eb/gnocchi.ac2f655c-bc4d-4ff4-b492-84c733a56926/1763640000.0_mean_300.0_v3" "tx1f304c98c320468ea41d9-006922042a" "object-server 96156" 0.0011 "-" 95854 0
Nov 22 13:42:50 np0005532311.novalocal container-server[95853]: ::1 - - [22/Nov/2025:18:42:50 +0000] "PUT /3/107726/AUTH_7e6379b038b744d2b4ed9c56e55784eb/gnocchi.ac2f655c-bc4d-4ff4-b492-84c733a56926/1763640000.0_mean_300.0_v3" 201 - "PUT http://[::1]:8080/3/52490/AUTH_7e6379b038b744d2b4ed9c56e55784eb/gnocchi.ac2f655c-bc4d-4ff4-b492-84c733a56926/1763640000.0_mean_300.0_v3" "tx1f304c98c320468ea41d9-006922042a" "object-server 96156" 0.0005 "-" 95853 0
Nov 22 13:42:50 np0005532311.novalocal object-server[96156]: ::1 - - [22/Nov/2025:18:42:50 +0000] "PUT /2/52490/AUTH_7e6379b038b744d2b4ed9c56e55784eb/gnocchi.ac2f655c-bc4d-4ff4-b492-84c733a56926/1763640000.0_mean_300.0_v3" 201 - "PUT http://[::1]:8080/v1/AUTH_7e6379b038b744d2b4ed9c56e55784eb/gnocchi.ac2f655c-bc4d-4ff4-b492-84c733a56926/1763640000.0_mean_300.0_v3" "tx1f304c98c320468ea41d9-006922042a" "proxy-server 88815" 0.0167 "-" 96156 0
Nov 22 13:42:50 np0005532311.novalocal object-server[96156]: ::1 - - [22/Nov/2025:18:42:50 +0000] "PUT /3/52490/AUTH_7e6379b038b744d2b4ed9c56e55784eb/gnocchi.ac2f655c-bc4d-4ff4-b492-84c733a56926/1763640000.0_mean_300.0_v3" 201 - "PUT http://[::1]:8080/v1/AUTH_7e6379b038b744d2b4ed9c56e55784eb/gnocchi.ac2f655c-bc4d-4ff4-b492-84c733a56926/1763640000.0_mean_300.0_v3" "tx1f304c98c320468ea41d9-006922042a" "proxy-server 88815" 0.0152 "-" 96156 0
Nov 22 13:42:50 np0005532311.novalocal proxy-server[88815]: ::1 ::1 22/Nov/2025/18/42/50 PUT /v1/AUTH_7e6379b038b744d2b4ed9c56e55784eb/gnocchi.ac2f655c-bc4d-4ff4-b492-84c733a56926/1763640000.0_mean_300.0_v3 HTTP/1.0 201 - python-swiftclient-4.5.0 gAAAAABpIgQFZCvZ... 16 - - tx1f304c98c320468ea41d9-006922042a - 0.0293 - - 1763836970.426608562 1763836970.455939293 0
Nov 22 13:42:50 np0005532311.novalocal container-server[95853]: ::1 - - [22/Nov/2025:18:42:50 +0000] "PUT /1/107726/AUTH_7e6379b038b744d2b4ed9c56e55784eb/gnocchi.ac2f655c-bc4d-4ff4-b492-84c733a56926/none_v3" 201 - "PUT http://[::1]:8080/1/169970/AUTH_7e6379b038b744d2b4ed9c56e55784eb/gnocchi.ac2f655c-bc4d-4ff4-b492-84c733a56926/none_v3" "tx56466da48c2a4e8c82d15-006922042a" "object-server 96156" 0.0004 "-" 95853 0
Nov 22 13:42:50 np0005532311.novalocal container-server[95854]: ::1 - - [22/Nov/2025:18:42:50 +0000] "PUT /2/107726/AUTH_7e6379b038b744d2b4ed9c56e55784eb/gnocchi.ac2f655c-bc4d-4ff4-b492-84c733a56926/none_v3" 201 - "PUT http://[::1]:8080/2/169970/AUTH_7e6379b038b744d2b4ed9c56e55784eb/gnocchi.ac2f655c-bc4d-4ff4-b492-84c733a56926/none_v3" "tx56466da48c2a4e8c82d15-006922042a" "object-server 96157" 0.0010 "-" 95854 0
Nov 22 13:42:50 np0005532311.novalocal object-server[96156]: ::1 - - [22/Nov/2025:18:42:50 +0000] "PUT /1/169970/AUTH_7e6379b038b744d2b4ed9c56e55784eb/gnocchi.ac2f655c-bc4d-4ff4-b492-84c733a56926/none_v3" 201 - "PUT http://[::1]:8080/v1/AUTH_7e6379b038b744d2b4ed9c56e55784eb/gnocchi.ac2f655c-bc4d-4ff4-b492-84c733a56926/none_v3" "tx56466da48c2a4e8c82d15-006922042a" "proxy-server 88815" 0.0139 "-" 96156 0
Nov 22 13:42:50 np0005532311.novalocal object-server[96157]: ::1 - - [22/Nov/2025:18:42:50 +0000] "PUT /2/169970/AUTH_7e6379b038b744d2b4ed9c56e55784eb/gnocchi.ac2f655c-bc4d-4ff4-b492-84c733a56926/none_v3" 201 - "PUT http://[::1]:8080/v1/AUTH_7e6379b038b744d2b4ed9c56e55784eb/gnocchi.ac2f655c-bc4d-4ff4-b492-84c733a56926/none_v3" "tx56466da48c2a4e8c82d15-006922042a" "proxy-server 88815" 0.0135 "-" 96157 0
Nov 22 13:42:50 np0005532311.novalocal container-server[95854]: ::1 - - [22/Nov/2025:18:42:50 +0000] "PUT /3/107726/AUTH_7e6379b038b744d2b4ed9c56e55784eb/gnocchi.ac2f655c-bc4d-4ff4-b492-84c733a56926/none_v3" 201 - "PUT http://[::1]:8080/3/169970/AUTH_7e6379b038b744d2b4ed9c56e55784eb/gnocchi.ac2f655c-bc4d-4ff4-b492-84c733a56926/none_v3" "tx56466da48c2a4e8c82d15-006922042a" "object-server 96156" 0.0010 "-" 95854 0
Nov 22 13:42:50 np0005532311.novalocal object-server[96156]: ::1 - - [22/Nov/2025:18:42:50 +0000] "PUT /3/169970/AUTH_7e6379b038b744d2b4ed9c56e55784eb/gnocchi.ac2f655c-bc4d-4ff4-b492-84c733a56926/none_v3" 201 - "PUT http://[::1]:8080/v1/AUTH_7e6379b038b744d2b4ed9c56e55784eb/gnocchi.ac2f655c-bc4d-4ff4-b492-84c733a56926/none_v3" "tx56466da48c2a4e8c82d15-006922042a" "proxy-server 88815" 0.0156 "-" 96156 0
Nov 22 13:42:50 np0005532311.novalocal proxy-server[88815]: ::1 ::1 22/Nov/2025/18/42/50 PUT /v1/AUTH_7e6379b038b744d2b4ed9c56e55784eb/gnocchi.ac2f655c-bc4d-4ff4-b492-84c733a56926/none_v3 HTTP/1.0 201 - python-swiftclient-4.5.0 gAAAAABpIgQFZCvZ... 22 - - tx56466da48c2a4e8c82d15-006922042a - 0.0291 - - 1763836970.459372282 1763836970.488465309 0
Nov 22 13:42:50 np0005532311.novalocal object-server[96226]: 60/60 (100.00%) partitions replicated in 1.28s (46.74/sec, 0s remaining)
Nov 22 13:42:50 np0005532311.novalocal object-server[96226]: 120 successes, 0 failures
Nov 22 13:42:50 np0005532311.novalocal object-server[96226]: 60 suffixes checked - 30.00% hashed, 0.00% synced
Nov 22 13:42:50 np0005532311.novalocal object-server[96226]: Partition times: max 0.2190s, min 0.0046s, med 0.0100s
Nov 22 13:42:50 np0005532311.novalocal object-server[96226]: Object replication complete. (0.02 minutes)
Nov 22 13:42:54 np0005532311.novalocal dnsmasq[102226]: read /var/lib/neutron/dhcp/5b1fa4e1-e8bc-4c07-a5b1-6b7af4d0de85/addn_hosts - 2 addresses
Nov 22 13:42:54 np0005532311.novalocal dnsmasq-dhcp[102226]: read /var/lib/neutron/dhcp/5b1fa4e1-e8bc-4c07-a5b1-6b7af4d0de85/host
Nov 22 13:42:54 np0005532311.novalocal dnsmasq-dhcp[102226]: read /var/lib/neutron/dhcp/5b1fa4e1-e8bc-4c07-a5b1-6b7af4d0de85/opts
Nov 22 13:42:54 np0005532311.novalocal object-server[96156]: ::1 - - [22/Nov/2025:18:42:54 +0000] "GET /1/150498/AUTH_7e6379b038b744d2b4ed9c56e55784eb/gnocchi.645babd2-ad64-4651-a16f-e6e74874988f/none_v3" 200 22 "GET http://[::1]:8080/v1/AUTH_7e6379b038b744d2b4ed9c56e55784eb/gnocchi.645babd2-ad64-4651-a16f-e6e74874988f/none_v3" "tx90050205afbf432bbdbd7-006922042e" "proxy-server 88816" 0.0009 "-" 96156 0
Nov 22 13:42:54 np0005532311.novalocal proxy-server[88816]: ::1 ::1 22/Nov/2025/18/42/54 GET /v1/AUTH_7e6379b038b744d2b4ed9c56e55784eb/gnocchi.645babd2-ad64-4651-a16f-e6e74874988f/none_v3 HTTP/1.0 200 - python-swiftclient-4.5.0 gAAAAABpIgQAXILt... - 22 - tx90050205afbf432bbdbd7-006922042e - 0.0150 - - 1763836974.792230844 1763836974.807233810 0
Nov 22 13:42:54 np0005532311.novalocal container-server[95853]: ::1 - - [22/Nov/2025:18:42:54 +0000] "GET /3/169859/AUTH_7e6379b038b744d2b4ed9c56e55784eb/gnocchi.645babd2-ad64-4651-a16f-e6e74874988f" 200 357 "GET http://[::1]:8080/v1/AUTH_7e6379b038b744d2b4ed9c56e55784eb/gnocchi.645babd2-ad64-4651-a16f-e6e74874988f?format=json&states=listing" "txd625382e57214f4791eae-006922042e" "proxy-server 88816" 0.0033 "-" 95853 0
Nov 22 13:42:54 np0005532311.novalocal proxy-server[88816]: ::1 ::1 22/Nov/2025/18/42/54 GET /v1/AUTH_7e6379b038b744d2b4ed9c56e55784eb/gnocchi.645babd2-ad64-4651-a16f-e6e74874988f%3Fformat%3Djson%26states%3Dlisting HTTP/1.0 200 - python-swiftclient-4.5.0 gAAAAABpIgQAXILt... - 357 - txd625382e57214f4791eae-006922042e - 0.0112 - - 1763836974.811323404 1763836974.822536945 0
Nov 22 13:42:54 np0005532311.novalocal container-server[95853]: ::1 - - [22/Nov/2025:18:42:54 +0000] "GET /2/169859/AUTH_7e6379b038b744d2b4ed9c56e55784eb/gnocchi.645babd2-ad64-4651-a16f-e6e74874988f" 200 2 "GET http://[::1]:8080/v1/AUTH_7e6379b038b744d2b4ed9c56e55784eb/gnocchi.645babd2-ad64-4651-a16f-e6e74874988f?format=json&marker=none_v3&states=listing" "txdc1fb982cfb04d7ba7a40-006922042e" "proxy-server 88816" 0.0027 "-" 95853 0
Nov 22 13:42:54 np0005532311.novalocal object-server[96156]: ::1 - - [22/Nov/2025:18:42:54 +0000] "GET /3/260484/AUTH_7e6379b038b744d2b4ed9c56e55784eb/gnocchi.ae81989f-f03c-42e3-bd5a-3368970ac1b1/none_v3" 200 22 "GET http://[::1]:8080/v1/AUTH_7e6379b038b744d2b4ed9c56e55784eb/gnocchi.ae81989f-f03c-42e3-bd5a-3368970ac1b1/none_v3" "tx041584070d9647868294d-006922042e" "proxy-server 88815" 0.0008 "-" 96156 0
Nov 22 13:42:54 np0005532311.novalocal proxy-server[88815]: ::1 ::1 22/Nov/2025/18/42/54 GET /v1/AUTH_7e6379b038b744d2b4ed9c56e55784eb/gnocchi.ae81989f-f03c-42e3-bd5a-3368970ac1b1/none_v3 HTTP/1.0 200 - python-swiftclient-4.5.0 gAAAAABpIgQFZCvZ... - 22 - tx041584070d9647868294d-006922042e - 0.0079 - - 1763836974.827923059 1763836974.835871696 0
Nov 22 13:42:54 np0005532311.novalocal proxy-server[88816]: ::1 ::1 22/Nov/2025/18/42/54 GET /v1/AUTH_7e6379b038b744d2b4ed9c56e55784eb/gnocchi.645babd2-ad64-4651-a16f-e6e74874988f%3Fformat%3Djson%26marker%3Dnone_v3%26states%3Dlisting HTTP/1.0 200 - python-swiftclient-4.5.0 gAAAAABpIgQAXILt... - 2 - txdc1fb982cfb04d7ba7a40-006922042e - 0.0103 - - 1763836974.825989008 1763836974.836330175 0
Nov 22 13:42:54 np0005532311.novalocal object-server[96157]: ::1 - - [22/Nov/2025:18:42:54 +0000] "GET /2/125822/AUTH_7e6379b038b744d2b4ed9c56e55784eb/gnocchi.645babd2-ad64-4651-a16f-e6e74874988f/1763640000.0_mean_300.0_v3" 200 16 "GET http://[::1]:8080/v1/AUTH_7e6379b038b744d2b4ed9c56e55784eb/gnocchi.645babd2-ad64-4651-a16f-e6e74874988f/1763640000.0_mean_300.0_v3" "tx6b1e07a68ebd493e99634-006922042e" "proxy-server 88816" 0.0008 "-" 96157 0
Nov 22 13:42:54 np0005532311.novalocal proxy-server[88816]: ::1 ::1 22/Nov/2025/18/42/54 GET /v1/AUTH_7e6379b038b744d2b4ed9c56e55784eb/gnocchi.645babd2-ad64-4651-a16f-e6e74874988f/1763640000.0_mean_300.0_v3 HTTP/1.0 200 - python-swiftclient-4.5.0 gAAAAABpIgQAXILt... - 16 - tx6b1e07a68ebd493e99634-006922042e - 0.0072 - - 1763836974.840214491 1763836974.847372055 0
Nov 22 13:42:54 np0005532311.novalocal container-server[95854]: ::1 - - [22/Nov/2025:18:42:54 +0000] "GET /3/134521/AUTH_7e6379b038b744d2b4ed9c56e55784eb/gnocchi.ae81989f-f03c-42e3-bd5a-3368970ac1b1" 200 357 "GET http://[::1]:8080/v1/AUTH_7e6379b038b744d2b4ed9c56e55784eb/gnocchi.ae81989f-f03c-42e3-bd5a-3368970ac1b1?format=json&states=listing" "tx59fa48a247e043ada4082-006922042e" "proxy-server 88815" 0.0039 "-" 95854 0
Nov 22 13:42:54 np0005532311.novalocal proxy-server[88815]: ::1 ::1 22/Nov/2025/18/42/54 GET /v1/AUTH_7e6379b038b744d2b4ed9c56e55784eb/gnocchi.ae81989f-f03c-42e3-bd5a-3368970ac1b1%3Fformat%3Djson%26states%3Dlisting HTTP/1.0 200 - python-swiftclient-4.5.0 gAAAAABpIgQFZCvZ... - 357 - tx59fa48a247e043ada4082-006922042e - 0.0152 - - 1763836974.839499950 1763836974.854717016 0
Nov 22 13:42:54 np0005532311.novalocal container-server[95853]: ::1 - - [22/Nov/2025:18:42:54 +0000] "PUT /1/169859/AUTH_7e6379b038b744d2b4ed9c56e55784eb/gnocchi.645babd2-ad64-4651-a16f-e6e74874988f/1763640000.0_mean_300.0_v3" 201 - "PUT http://[::1]:8080/3/125822/AUTH_7e6379b038b744d2b4ed9c56e55784eb/gnocchi.645babd2-ad64-4651-a16f-e6e74874988f/1763640000.0_mean_300.0_v3" "tx70cc3c1f14d94450b2d4f-006922042e" "object-server 96156" 0.0006 "-" 95853 0
Nov 22 13:42:54 np0005532311.novalocal object-server[96156]: ::1 - - [22/Nov/2025:18:42:54 +0000] "PUT /3/125822/AUTH_7e6379b038b744d2b4ed9c56e55784eb/gnocchi.645babd2-ad64-4651-a16f-e6e74874988f/1763640000.0_mean_300.0_v3" 201 - "PUT http://[::1]:8080/v1/AUTH_7e6379b038b744d2b4ed9c56e55784eb/gnocchi.645babd2-ad64-4651-a16f-e6e74874988f/1763640000.0_mean_300.0_v3" "tx70cc3c1f14d94450b2d4f-006922042e" "proxy-server 88816" 0.0131 "-" 96156 0
Nov 22 13:42:54 np0005532311.novalocal container-server[95854]: ::1 - - [22/Nov/2025:18:42:54 +0000] "GET /2/134521/AUTH_7e6379b038b744d2b4ed9c56e55784eb/gnocchi.ae81989f-f03c-42e3-bd5a-3368970ac1b1" 200 2 "GET http://[::1]:8080/v1/AUTH_7e6379b038b744d2b4ed9c56e55784eb/gnocchi.ae81989f-f03c-42e3-bd5a-3368970ac1b1?format=json&marker=none_v3&states=listing" "txc448156d3fd3427588066-006922042e" "proxy-server 88815" 0.0070 "-" 95854 0
Nov 22 13:42:54 np0005532311.novalocal container-server[95854]: ::1 - - [22/Nov/2025:18:42:54 +0000] "PUT /3/169859/AUTH_7e6379b038b744d2b4ed9c56e55784eb/gnocchi.645babd2-ad64-4651-a16f-e6e74874988f/1763640000.0_mean_300.0_v3" 201 - "PUT http://[::1]:8080/1/125822/AUTH_7e6379b038b744d2b4ed9c56e55784eb/gnocchi.645babd2-ad64-4651-a16f-e6e74874988f/1763640000.0_mean_300.0_v3" "tx70cc3c1f14d94450b2d4f-006922042e" "object-server 96157" 0.0007 "-" 95854 0
Nov 22 13:42:54 np0005532311.novalocal proxy-server[88815]: ::1 ::1 22/Nov/2025/18/42/54 GET /v1/AUTH_7e6379b038b744d2b4ed9c56e55784eb/gnocchi.ae81989f-f03c-42e3-bd5a-3368970ac1b1%3Fformat%3Djson%26marker%3Dnone_v3%26states%3Dlisting HTTP/1.0 200 - python-swiftclient-4.5.0 gAAAAABpIgQFZCvZ... - 2 - txc448156d3fd3427588066-006922042e - 0.0146 - - 1763836974.856916904 1763836974.871491909 0
Nov 22 13:42:54 np0005532311.novalocal object-server[96157]: ::1 - - [22/Nov/2025:18:42:54 +0000] "PUT /1/125822/AUTH_7e6379b038b744d2b4ed9c56e55784eb/gnocchi.645babd2-ad64-4651-a16f-e6e74874988f/1763640000.0_mean_300.0_v3" 201 - "PUT http://[::1]:8080/v1/AUTH_7e6379b038b744d2b4ed9c56e55784eb/gnocchi.645babd2-ad64-4651-a16f-e6e74874988f/1763640000.0_mean_300.0_v3" "tx70cc3c1f14d94450b2d4f-006922042e" "proxy-server 88816" 0.0157 "-" 96157 0
Nov 22 13:42:54 np0005532311.novalocal container-server[95854]: ::1 - - [22/Nov/2025:18:42:54 +0000] "PUT /2/169859/AUTH_7e6379b038b744d2b4ed9c56e55784eb/gnocchi.645babd2-ad64-4651-a16f-e6e74874988f/1763640000.0_mean_300.0_v3" 201 - "PUT http://[::1]:8080/2/125822/AUTH_7e6379b038b744d2b4ed9c56e55784eb/gnocchi.645babd2-ad64-4651-a16f-e6e74874988f/1763640000.0_mean_300.0_v3" "tx70cc3c1f14d94450b2d4f-006922042e" "object-server 96157" 0.0006 "-" 95854 0
Nov 22 13:42:54 np0005532311.novalocal object-server[96157]: ::1 - - [22/Nov/2025:18:42:54 +0000] "PUT /2/125822/AUTH_7e6379b038b744d2b4ed9c56e55784eb/gnocchi.645babd2-ad64-4651-a16f-e6e74874988f/1763640000.0_mean_300.0_v3" 201 - "PUT http://[::1]:8080/v1/AUTH_7e6379b038b744d2b4ed9c56e55784eb/gnocchi.645babd2-ad64-4651-a16f-e6e74874988f/1763640000.0_mean_300.0_v3" "tx70cc3c1f14d94450b2d4f-006922042e" "proxy-server 88816" 0.0188 "-" 96157 0
Nov 22 13:42:54 np0005532311.novalocal proxy-server[88816]: ::1 ::1 22/Nov/2025/18/42/54 PUT /v1/AUTH_7e6379b038b744d2b4ed9c56e55784eb/gnocchi.645babd2-ad64-4651-a16f-e6e74874988f/1763640000.0_mean_300.0_v3 HTTP/1.0 201 - python-swiftclient-4.5.0 gAAAAABpIgQAXILt... 16 - - tx70cc3c1f14d94450b2d4f-006922042e - 0.0250 - - 1763836974.849513054 1763836974.874512911 0
Nov 22 13:42:54 np0005532311.novalocal object-server[96156]: ::1 - - [22/Nov/2025:18:42:54 +0000] "GET /3/18970/AUTH_7e6379b038b744d2b4ed9c56e55784eb/gnocchi.ae81989f-f03c-42e3-bd5a-3368970ac1b1/1763640000.0_mean_300.0_v3" 200 16 "GET http://[::1]:8080/v1/AUTH_7e6379b038b744d2b4ed9c56e55784eb/gnocchi.ae81989f-f03c-42e3-bd5a-3368970ac1b1/1763640000.0_mean_300.0_v3" "txa5eda20171984452afc7c-006922042e" "proxy-server 88815" 0.0007 "-" 96156 0
Nov 22 13:42:54 np0005532311.novalocal proxy-server[88815]: ::1 ::1 22/Nov/2025/18/42/54 GET /v1/AUTH_7e6379b038b744d2b4ed9c56e55784eb/gnocchi.ae81989f-f03c-42e3-bd5a-3368970ac1b1/1763640000.0_mean_300.0_v3 HTTP/1.0 200 - python-swiftclient-4.5.0 gAAAAABpIgQFZCvZ... - 16 - txa5eda20171984452afc7c-006922042e - 0.0070 - - 1763836974.874785900 1763836974.881755352 0
Nov 22 13:42:54 np0005532311.novalocal container-server[95853]: ::1 - - [22/Nov/2025:18:42:54 +0000] "PUT /3/169859/AUTH_7e6379b038b744d2b4ed9c56e55784eb/gnocchi.645babd2-ad64-4651-a16f-e6e74874988f/none_v3" 201 - "PUT http://[::1]:8080/1/150498/AUTH_7e6379b038b744d2b4ed9c56e55784eb/gnocchi.645babd2-ad64-4651-a16f-e6e74874988f/none_v3" "tx73b6dfc13b744d83aa11c-006922042e" "object-server 96157" 0.0011 "-" 95853 0
