Nov 22 13:43:48 np0005532311.novalocal object-server[96157]: ::1 - - [22/Nov/2025:18:43:48 +0000] "PUT /1/131044/AUTH_7e6379b038b744d2b4ed9c56e55784eb/gnocchi.d523e74d-2143-48e6-8762-e9b9ec5f5c54/none_v3" 201 - "PUT http://[::1]:8080/v1/AUTH_7e6379b038b744d2b4ed9c56e55784eb/gnocchi.d523e74d-2143-48e6-8762-e9b9ec5f5c54/none_v3" "txd3e0b994781e40ce93ecc-0069220464" "proxy-server 88815" 0.0142 "-" 96157 0
Nov 22 13:43:48 np0005532311.novalocal container-server[95853]: ::1 - - [22/Nov/2025:18:43:48 +0000] "PUT /2/131597/AUTH_7e6379b038b744d2b4ed9c56e55784eb/gnocchi.0feefb2b-0808-493e-b2e0-0b1a57f4b78b/none_v3" 201 - "PUT http://[::1]:8080/1/239676/AUTH_7e6379b038b744d2b4ed9c56e55784eb/gnocchi.0feefb2b-0808-493e-b2e0-0b1a57f4b78b/none_v3" "txc9135634794d4701b0a96-0069220464" "object-server 96157" 0.0004 "-" 95853 0
Nov 22 13:43:48 np0005532311.novalocal systemd-machined[93133]: Machine qemu-4-instance-00000004 terminated.
Nov 22 13:43:48 np0005532311.novalocal container-server[95854]: ::1 - - [22/Nov/2025:18:43:48 +0000] "PUT /1/131597/AUTH_7e6379b038b744d2b4ed9c56e55784eb/gnocchi.0feefb2b-0808-493e-b2e0-0b1a57f4b78b/none_v3" 201 - "PUT http://[::1]:8080/3/239676/AUTH_7e6379b038b744d2b4ed9c56e55784eb/gnocchi.0feefb2b-0808-493e-b2e0-0b1a57f4b78b/none_v3" "txc9135634794d4701b0a96-0069220464" "object-server 96157" 0.0005 "-" 95854 0
Nov 22 13:43:48 np0005532311.novalocal object-server[96157]: ::1 - - [22/Nov/2025:18:43:48 +0000] "PUT /1/239676/AUTH_7e6379b038b744d2b4ed9c56e55784eb/gnocchi.0feefb2b-0808-493e-b2e0-0b1a57f4b78b/none_v3" 201 - "PUT http://[::1]:8080/v1/AUTH_7e6379b038b744d2b4ed9c56e55784eb/gnocchi.0feefb2b-0808-493e-b2e0-0b1a57f4b78b/none_v3" "txc9135634794d4701b0a96-0069220464" "proxy-server 88816" 0.0196 "-" 96157 0
Nov 22 13:43:48 np0005532311.novalocal container-server[95853]: ::1 - - [22/Nov/2025:18:43:48 +0000] "PUT /3/131597/AUTH_7e6379b038b744d2b4ed9c56e55784eb/gnocchi.0feefb2b-0808-493e-b2e0-0b1a57f4b78b/none_v3" 201 - "PUT http://[::1]:8080/2/239676/AUTH_7e6379b038b744d2b4ed9c56e55784eb/gnocchi.0feefb2b-0808-493e-b2e0-0b1a57f4b78b/none_v3" "txc9135634794d4701b0a96-0069220464" "object-server 96156" 0.0003 "-" 95853 0
Nov 22 13:43:48 np0005532311.novalocal object-server[96156]: ::1 - - [22/Nov/2025:18:43:48 +0000] "PUT /2/239676/AUTH_7e6379b038b744d2b4ed9c56e55784eb/gnocchi.0feefb2b-0808-493e-b2e0-0b1a57f4b78b/none_v3" 201 - "PUT http://[::1]:8080/v1/AUTH_7e6379b038b744d2b4ed9c56e55784eb/gnocchi.0feefb2b-0808-493e-b2e0-0b1a57f4b78b/none_v3" "txc9135634794d4701b0a96-0069220464" "proxy-server 88816" 0.0205 "-" 96156 0
Nov 22 13:43:48 np0005532311.novalocal proxy-server[88815]: ::1 ::1 22/Nov/2025/18/43/48 PUT /v1/AUTH_7e6379b038b744d2b4ed9c56e55784eb/gnocchi.d523e74d-2143-48e6-8762-e9b9ec5f5c54/none_v3 HTTP/1.0 201 - python-swiftclient-4.5.0 gAAAAABpIgQFZCvZ... 31 - - txd3e0b994781e40ce93ecc-0069220464 - 0.0233 - - 1763837028.507617712 1763837028.530948400 0
Nov 22 13:43:48 np0005532311.novalocal object-server[96157]: ::1 - - [22/Nov/2025:18:43:48 +0000] "PUT /3/239676/AUTH_7e6379b038b744d2b4ed9c56e55784eb/gnocchi.0feefb2b-0808-493e-b2e0-0b1a57f4b78b/none_v3" 201 - "PUT http://[::1]:8080/v1/AUTH_7e6379b038b744d2b4ed9c56e55784eb/gnocchi.0feefb2b-0808-493e-b2e0-0b1a57f4b78b/none_v3" "txc9135634794d4701b0a96-0069220464" "proxy-server 88816" 0.0189 "-" 96157 0
Nov 22 13:43:48 np0005532311.novalocal proxy-server[88816]: ::1 ::1 22/Nov/2025/18/43/48 PUT /v1/AUTH_7e6379b038b744d2b4ed9c56e55784eb/gnocchi.0feefb2b-0808-493e-b2e0-0b1a57f4b78b/none_v3 HTTP/1.0 201 - python-swiftclient-4.5.0 gAAAAABpIgQAXILt... 27 - - txc9135634794d4701b0a96-0069220464 - 0.0271 - - 1763837028.504809380 1763837028.531934261 0
Nov 22 13:43:48 np0005532311.novalocal object-server[96157]: ::1 - - [22/Nov/2025:18:43:48 +0000] "GET /2/25998/AUTH_7e6379b038b744d2b4ed9c56e55784eb/gnocchi.db405940-7c72-4802-955e-52f20a14695a/none_v3" 200 22 "GET http://[::1]:8080/v1/AUTH_7e6379b038b744d2b4ed9c56e55784eb/gnocchi.db405940-7c72-4802-955e-52f20a14695a/none_v3" "tx9da0fac17f2e45be8d809-0069220464" "proxy-server 88815" 0.0013 "-" 96157 0
Nov 22 13:43:48 np0005532311.novalocal object-server[96156]: ::1 - - [22/Nov/2025:18:43:48 +0000] "GET /3/59077/AUTH_7e6379b038b744d2b4ed9c56e55784eb/gnocchi.611ccbe3-da67-4dd5-aad0-0c2a9c9fe455/none_v3" 200 22 "GET http://[::1]:8080/v1/AUTH_7e6379b038b744d2b4ed9c56e55784eb/gnocchi.611ccbe3-da67-4dd5-aad0-0c2a9c9fe455/none_v3" "tx26a7f323949746ed8ec8f-0069220464" "proxy-server 88816" 0.0005 "-" 96156 0
Nov 22 13:43:48 np0005532311.novalocal proxy-server[88815]: ::1 ::1 22/Nov/2025/18/43/48 GET /v1/AUTH_7e6379b038b744d2b4ed9c56e55784eb/gnocchi.db405940-7c72-4802-955e-52f20a14695a/none_v3 HTTP/1.0 200 - python-swiftclient-4.5.0 gAAAAABpIgQFZCvZ... - 22 - tx9da0fac17f2e45be8d809-0069220464 - 0.0134 - - 1763837028.541420460 1763837028.554787636 0
Nov 22 13:43:48 np0005532311.novalocal proxy-server[88816]: ::1 ::1 22/Nov/2025/18/43/48 GET /v1/AUTH_7e6379b038b744d2b4ed9c56e55784eb/gnocchi.611ccbe3-da67-4dd5-aad0-0c2a9c9fe455/none_v3 HTTP/1.0 200 - python-swiftclient-4.5.0 gAAAAABpIgQAXILt... - 22 - tx26a7f323949746ed8ec8f-0069220464 - 0.0061 - - 1763837028.549900055 1763837028.555984974 0
Nov 22 13:43:48 np0005532311.novalocal container-server[95853]: ::1 - - [22/Nov/2025:18:43:48 +0000] "GET /1/255940/AUTH_7e6379b038b744d2b4ed9c56e55784eb/gnocchi.db405940-7c72-4802-955e-52f20a14695a" 200 357 "GET http://[::1]:8080/v1/AUTH_7e6379b038b744d2b4ed9c56e55784eb/gnocchi.db405940-7c72-4802-955e-52f20a14695a?format=json&states=listing" "tx82d7c7e8d8704de9b2471-0069220464" "proxy-server 88815" 0.0019 "-" 95853 0
Nov 22 13:43:48 np0005532311.novalocal container-server[95854]: ::1 - - [22/Nov/2025:18:43:48 +0000] "GET /2/8799/AUTH_7e6379b038b744d2b4ed9c56e55784eb/gnocchi.611ccbe3-da67-4dd5-aad0-0c2a9c9fe455" 200 357 "GET http://[::1]:8080/v1/AUTH_7e6379b038b744d2b4ed9c56e55784eb/gnocchi.611ccbe3-da67-4dd5-aad0-0c2a9c9fe455?format=json&states=listing" "txd8bbfa18c135438fbe5c9-0069220464" "proxy-server 88816" 0.0025 "-" 95854 0
Nov 22 13:43:48 np0005532311.novalocal proxy-server[88815]: ::1 ::1 22/Nov/2025/18/43/48 GET /v1/AUTH_7e6379b038b744d2b4ed9c56e55784eb/gnocchi.db405940-7c72-4802-955e-52f20a14695a%3Fformat%3Djson%26states%3Dlisting HTTP/1.0 200 - python-swiftclient-4.5.0 gAAAAABpIgQFZCvZ... - 357 - tx82d7c7e8d8704de9b2471-0069220464 - 0.0083 - - 1763837028.558049202 1763837028.566328526 0
Nov 22 13:43:48 np0005532311.novalocal proxy-server[88816]: ::1 ::1 22/Nov/2025/18/43/48 GET /v1/AUTH_7e6379b038b744d2b4ed9c56e55784eb/gnocchi.611ccbe3-da67-4dd5-aad0-0c2a9c9fe455%3Fformat%3Djson%26states%3Dlisting HTTP/1.0 200 - python-swiftclient-4.5.0 gAAAAABpIgQAXILt... - 357 - txd8bbfa18c135438fbe5c9-0069220464 - 0.0073 - - 1763837028.559812546 1763837028.567062616 0
Nov 22 13:43:48 np0005532311.novalocal container-server[95853]: ::1 - - [22/Nov/2025:18:43:48 +0000] "GET /2/8799/AUTH_7e6379b038b744d2b4ed9c56e55784eb/gnocchi.611ccbe3-da67-4dd5-aad0-0c2a9c9fe455" 200 2 "GET http://[::1]:8080/v1/AUTH_7e6379b038b744d2b4ed9c56e55784eb/gnocchi.611ccbe3-da67-4dd5-aad0-0c2a9c9fe455?format=json&marker=none_v3&states=listing" "txd9e7d1639fbf43af915bf-0069220464" "proxy-server 88816" 0.0016 "-" 95853 0
Nov 22 13:43:48 np0005532311.novalocal container-server[95854]: ::1 - - [22/Nov/2025:18:43:48 +0000] "GET /3/255940/AUTH_7e6379b038b744d2b4ed9c56e55784eb/gnocchi.db405940-7c72-4802-955e-52f20a14695a" 200 2 "GET http://[::1]:8080/v1/AUTH_7e6379b038b744d2b4ed9c56e55784eb/gnocchi.db405940-7c72-4802-955e-52f20a14695a?format=json&marker=none_v3&states=listing" "tx86899bc7ac7a4d18a53d7-0069220464" "proxy-server 88815" 0.0022 "-" 95854 0
Nov 22 13:43:48 np0005532311.novalocal proxy-server[88816]: ::1 ::1 22/Nov/2025/18/43/48 GET /v1/AUTH_7e6379b038b744d2b4ed9c56e55784eb/gnocchi.611ccbe3-da67-4dd5-aad0-0c2a9c9fe455%3Fformat%3Djson%26marker%3Dnone_v3%26states%3Dlisting HTTP/1.0 200 - python-swiftclient-4.5.0 gAAAAABpIgQAXILt... - 2 - txd9e7d1639fbf43af915bf-0069220464 - 0.0056 - - 1763837028.570108652 1763837028.575695276 0
Nov 22 13:43:48 np0005532311.novalocal proxy-server[88815]: ::1 ::1 22/Nov/2025/18/43/48 GET /v1/AUTH_7e6379b038b744d2b4ed9c56e55784eb/gnocchi.db405940-7c72-4802-955e-52f20a14695a%3Fformat%3Djson%26marker%3Dnone_v3%26states%3Dlisting HTTP/1.0 200 - python-swiftclient-4.5.0 gAAAAABpIgQFZCvZ... - 2 - tx86899bc7ac7a4d18a53d7-0069220464 - 0.0078 - - 1763837028.568506718 1763837028.576271057 0
Nov 22 13:43:48 np0005532311.novalocal object-server[96157]: ::1 - - [22/Nov/2025:18:43:48 +0000] "GET /2/197219/AUTH_7e6379b038b744d2b4ed9c56e55784eb/gnocchi.db405940-7c72-4802-955e-52f20a14695a/1763640000.0_mean_300.0_v3" 200 16 "GET http://[::1]:8080/v1/AUTH_7e6379b038b744d2b4ed9c56e55784eb/gnocchi.db405940-7c72-4802-955e-52f20a14695a/1763640000.0_mean_300.0_v3" "tx6dddb9ed32a444e2959bd-0069220464" "proxy-server 88815" 0.0007 "-" 96157 0
Nov 22 13:43:48 np0005532311.novalocal proxy-server[88815]: ::1 ::1 22/Nov/2025/18/43/48 GET /v1/AUTH_7e6379b038b744d2b4ed9c56e55784eb/gnocchi.db405940-7c72-4802-955e-52f20a14695a/1763640000.0_mean_300.0_v3 HTTP/1.0 200 - python-swiftclient-4.5.0 gAAAAABpIgQFZCvZ... - 16 - tx6dddb9ed32a444e2959bd-0069220464 - 0.0056 - - 1763837028.579241037 1763837028.584880114 0
Nov 22 13:43:48 np0005532311.novalocal object-server[96157]: ::1 - - [22/Nov/2025:18:43:48 +0000] "GET /3/41901/AUTH_7e6379b038b744d2b4ed9c56e55784eb/gnocchi.611ccbe3-da67-4dd5-aad0-0c2a9c9fe455/1763640000.0_mean_300.0_v3" 200 16 "GET http://[::1]:8080/v1/AUTH_7e6379b038b744d2b4ed9c56e55784eb/gnocchi.611ccbe3-da67-4dd5-aad0-0c2a9c9fe455/1763640000.0_mean_300.0_v3" "txf214d5adbd35462aaa9a2-0069220464" "proxy-server 88816" 0.0006 "-" 96157 0
Nov 22 13:43:48 np0005532311.novalocal proxy-server[88816]: ::1 ::1 22/Nov/2025/18/43/48 GET /v1/AUTH_7e6379b038b744d2b4ed9c56e55784eb/gnocchi.611ccbe3-da67-4dd5-aad0-0c2a9c9fe455/1763640000.0_mean_300.0_v3 HTTP/1.0 200 - python-swiftclient-4.5.0 gAAAAABpIgQAXILt... - 16 - txf214d5adbd35462aaa9a2-0069220464 - 0.0067 - - 1763837028.580271244 1763837028.586954832 0
Nov 22 13:43:48 np0005532311.novalocal kernel: qg-a3d82cf7-43: left promiscuous mode
Nov 22 13:43:48 np0005532311.novalocal systemd[1]: Started Network Manager Script Dispatcher Service.
Nov 22 13:43:48 np0005532311.novalocal container-server[95854]: ::1 - - [22/Nov/2025:18:43:48 +0000] "PUT /1/8799/AUTH_7e6379b038b744d2b4ed9c56e55784eb/gnocchi.611ccbe3-da67-4dd5-aad0-0c2a9c9fe455/1763640000.0_mean_300.0_v3" 201 - "PUT http://[::1]:8080/3/41901/AUTH_7e6379b038b744d2b4ed9c56e55784eb/gnocchi.611ccbe3-da67-4dd5-aad0-0c2a9c9fe455/1763640000.0_mean_300.0_v3" "txdb5a8d8813234d3baf809-0069220464" "object-server 96156" 0.0006 "-" 95854 0
Nov 22 13:43:48 np0005532311.novalocal object-server[96156]: ::1 - - [22/Nov/2025:18:43:48 +0000] "PUT /3/41901/AUTH_7e6379b038b744d2b4ed9c56e55784eb/gnocchi.611ccbe3-da67-4dd5-aad0-0c2a9c9fe455/1763640000.0_mean_300.0_v3" 201 - "PUT http://[::1]:8080/v1/AUTH_7e6379b038b744d2b4ed9c56e55784eb/gnocchi.611ccbe3-da67-4dd5-aad0-0c2a9c9fe455/1763640000.0_mean_300.0_v3" "txdb5a8d8813234d3baf809-0069220464" "proxy-server 88816" 0.0162 "-" 96156 0
Nov 22 13:43:48 np0005532311.novalocal container-server[95854]: ::1 - - [22/Nov/2025:18:43:48 +0000] "PUT /1/255940/AUTH_7e6379b038b744d2b4ed9c56e55784eb/gnocchi.db405940-7c72-4802-955e-52f20a14695a/1763640000.0_mean_300.0_v3" 201 - "PUT http://[::1]:8080/1/197219/AUTH_7e6379b038b744d2b4ed9c56e55784eb/gnocchi.db405940-7c72-4802-955e-52f20a14695a/1763640000.0_mean_300.0_v3" "txabb157753b01493998509-0069220464" "object-server 96157" 0.0004 "-" 95854 0
Nov 22 13:43:48 np0005532311.novalocal container-server[95853]: ::1 - - [22/Nov/2025:18:43:48 +0000] "PUT /3/8799/AUTH_7e6379b038b744d2b4ed9c56e55784eb/gnocchi.611ccbe3-da67-4dd5-aad0-0c2a9c9fe455/1763640000.0_mean_300.0_v3" 201 - "PUT http://[::1]:8080/2/41901/AUTH_7e6379b038b744d2b4ed9c56e55784eb/gnocchi.611ccbe3-da67-4dd5-aad0-0c2a9c9fe455/1763640000.0_mean_300.0_v3" "txdb5a8d8813234d3baf809-0069220464" "object-server 96156" 0.0005 "-" 95853 0
Nov 22 13:43:48 np0005532311.novalocal object-server[96157]: ::1 - - [22/Nov/2025:18:43:48 +0000] "PUT /1/197219/AUTH_7e6379b038b744d2b4ed9c56e55784eb/gnocchi.db405940-7c72-4802-955e-52f20a14695a/1763640000.0_mean_300.0_v3" 201 - "PUT http://[::1]:8080/v1/AUTH_7e6379b038b744d2b4ed9c56e55784eb/gnocchi.db405940-7c72-4802-955e-52f20a14695a/1763640000.0_mean_300.0_v3" "txabb157753b01493998509-0069220464" "proxy-server 88815" 0.0202 "-" 96157 0
Nov 22 13:43:48 np0005532311.novalocal object-server[96156]: ::1 - - [22/Nov/2025:18:43:48 +0000] "PUT /2/41901/AUTH_7e6379b038b744d2b4ed9c56e55784eb/gnocchi.611ccbe3-da67-4dd5-aad0-0c2a9c9fe455/1763640000.0_mean_300.0_v3" 201 - "PUT http://[::1]:8080/v1/AUTH_7e6379b038b744d2b4ed9c56e55784eb/gnocchi.611ccbe3-da67-4dd5-aad0-0c2a9c9fe455/1763640000.0_mean_300.0_v3" "txdb5a8d8813234d3baf809-0069220464" "proxy-server 88816" 0.0167 "-" 96156 0
Nov 22 13:43:48 np0005532311.novalocal container-server[95854]: ::1 - - [22/Nov/2025:18:43:48 +0000] "PUT /2/8799/AUTH_7e6379b038b744d2b4ed9c56e55784eb/gnocchi.611ccbe3-da67-4dd5-aad0-0c2a9c9fe455/1763640000.0_mean_300.0_v3" 201 - "PUT http://[::1]:8080/1/41901/AUTH_7e6379b038b744d2b4ed9c56e55784eb/gnocchi.611ccbe3-da67-4dd5-aad0-0c2a9c9fe455/1763640000.0_mean_300.0_v3" "txdb5a8d8813234d3baf809-0069220464" "object-server 96157" 0.0004 "-" 95854 0
Nov 22 13:43:48 np0005532311.novalocal container-server[95853]: ::1 - - [22/Nov/2025:18:43:48 +0000] "PUT /3/255940/AUTH_7e6379b038b744d2b4ed9c56e55784eb/gnocchi.db405940-7c72-4802-955e-52f20a14695a/1763640000.0_mean_300.0_v3" 201 - "PUT http://[::1]:8080/2/197219/AUTH_7e6379b038b744d2b4ed9c56e55784eb/gnocchi.db405940-7c72-4802-955e-52f20a14695a/1763640000.0_mean_300.0_v3" "txabb157753b01493998509-0069220464" "object-server 96157" 0.0003 "-" 95853 0
Nov 22 13:43:48 np0005532311.novalocal object-server[96157]: ::1 - - [22/Nov/2025:18:43:48 +0000] "PUT /1/41901/AUTH_7e6379b038b744d2b4ed9c56e55784eb/gnocchi.611ccbe3-da67-4dd5-aad0-0c2a9c9fe455/1763640000.0_mean_300.0_v3" 201 - "PUT http://[::1]:8080/v1/AUTH_7e6379b038b744d2b4ed9c56e55784eb/gnocchi.611ccbe3-da67-4dd5-aad0-0c2a9c9fe455/1763640000.0_mean_300.0_v3" "txdb5a8d8813234d3baf809-0069220464" "proxy-server 88816" 0.0146 "-" 96157 0
Nov 22 13:43:48 np0005532311.novalocal container-server[95853]: ::1 - - [22/Nov/2025:18:43:48 +0000] "PUT /2/255940/AUTH_7e6379b038b744d2b4ed9c56e55784eb/gnocchi.db405940-7c72-4802-955e-52f20a14695a/1763640000.0_mean_300.0_v3" 201 - "PUT http://[::1]:8080/3/197219/AUTH_7e6379b038b744d2b4ed9c56e55784eb/gnocchi.db405940-7c72-4802-955e-52f20a14695a/1763640000.0_mean_300.0_v3" "txabb157753b01493998509-0069220464" "object-server 96157" 0.0003 "-" 95853 0
Nov 22 13:43:48 np0005532311.novalocal object-server[96157]: ::1 - - [22/Nov/2025:18:43:48 +0000] "PUT /2/197219/AUTH_7e6379b038b744d2b4ed9c56e55784eb/gnocchi.db405940-7c72-4802-955e-52f20a14695a/1763640000.0_mean_300.0_v3" 201 - "PUT http://[::1]:8080/v1/AUTH_7e6379b038b744d2b4ed9c56e55784eb/gnocchi.db405940-7c72-4802-955e-52f20a14695a/1763640000.0_mean_300.0_v3" "txabb157753b01493998509-0069220464" "proxy-server 88815" 0.0203 "-" 96157 0
Nov 22 13:43:48 np0005532311.novalocal proxy-server[88816]: ::1 ::1 22/Nov/2025/18/43/48 PUT /v1/AUTH_7e6379b038b744d2b4ed9c56e55784eb/gnocchi.611ccbe3-da67-4dd5-aad0-0c2a9c9fe455/1763640000.0_mean_300.0_v3 HTTP/1.0 201 - python-swiftclient-4.5.0 gAAAAABpIgQAXILt... 16 - - txdb5a8d8813234d3baf809-0069220464 - 0.0243 - - 1763837028.589121103 1763837028.613394737 0
Nov 22 13:43:48 np0005532311.novalocal object-server[96157]: ::1 - - [22/Nov/2025:18:43:48 +0000] "PUT /3/197219/AUTH_7e6379b038b744d2b4ed9c56e55784eb/gnocchi.db405940-7c72-4802-955e-52f20a14695a/1763640000.0_mean_300.0_v3" 201 - "PUT http://[::1]:8080/v1/AUTH_7e6379b038b744d2b4ed9c56e55784eb/gnocchi.db405940-7c72-4802-955e-52f20a14695a/1763640000.0_mean_300.0_v3" "txabb157753b01493998509-0069220464" "proxy-server 88815" 0.0196 "-" 96157 0
Nov 22 13:43:48 np0005532311.novalocal proxy-server[88815]: ::1 ::1 22/Nov/2025/18/43/48 PUT /v1/AUTH_7e6379b038b744d2b4ed9c56e55784eb/gnocchi.db405940-7c72-4802-955e-52f20a14695a/1763640000.0_mean_300.0_v3 HTTP/1.0 201 - python-swiftclient-4.5.0 gAAAAABpIgQFZCvZ... 16 - - txabb157753b01493998509-0069220464 - 0.0278 - - 1763837028.587329626 1763837028.615133047 0
Nov 22 13:43:48 np0005532311.novalocal container-server[95854]: ::1 - - [22/Nov/2025:18:43:48 +0000] "PUT /1/8799/AUTH_7e6379b038b744d2b4ed9c56e55784eb/gnocchi.611ccbe3-da67-4dd5-aad0-0c2a9c9fe455/none_v3" 201 - "PUT http://[::1]:8080/2/59077/AUTH_7e6379b038b744d2b4ed9c56e55784eb/gnocchi.611ccbe3-da67-4dd5-aad0-0c2a9c9fe455/none_v3" "tx550d72817d344286b0e2a-0069220464" "object-server 96156" 0.0005 "-" 95854 0
Nov 22 13:43:48 np0005532311.novalocal object-server[96156]: ::1 - - [22/Nov/2025:18:43:48 +0000] "PUT /2/59077/AUTH_7e6379b038b744d2b4ed9c56e55784eb/gnocchi.611ccbe3-da67-4dd5-aad0-0c2a9c9fe455/none_v3" 201 - "PUT http://[::1]:8080/v1/AUTH_7e6379b038b744d2b4ed9c56e55784eb/gnocchi.611ccbe3-da67-4dd5-aad0-0c2a9c9fe455/none_v3" "tx550d72817d344286b0e2a-0069220464" "proxy-server 88816" 0.0137 "-" 96156 0
Nov 22 13:43:48 np0005532311.novalocal container-server[95854]: ::1 - - [22/Nov/2025:18:43:48 +0000] "PUT /1/255940/AUTH_7e6379b038b744d2b4ed9c56e55784eb/gnocchi.db405940-7c72-4802-955e-52f20a14695a/none_v3" 201 - "PUT http://[::1]:8080/3/25998/AUTH_7e6379b038b744d2b4ed9c56e55784eb/gnocchi.db405940-7c72-4802-955e-52f20a14695a/none_v3" "tx7becacff3fad4b03aea6d-0069220464" "object-server 96156" 0.0003 "-" 95854 0
Nov 22 13:43:48 np0005532311.novalocal object-server[96156]: ::1 - - [22/Nov/2025:18:43:48 +0000] "PUT /3/25998/AUTH_7e6379b038b744d2b4ed9c56e55784eb/gnocchi.db405940-7c72-4802-955e-52f20a14695a/none_v3" 201 - "PUT http://[::1]:8080/v1/AUTH_7e6379b038b744d2b4ed9c56e55784eb/gnocchi.db405940-7c72-4802-955e-52f20a14695a/none_v3" "tx7becacff3fad4b03aea6d-0069220464" "proxy-server 88815" 0.0123 "-" 96156 0
Nov 22 13:43:48 np0005532311.novalocal container-server[95854]: ::1 - - [22/Nov/2025:18:43:48 +0000] "PUT /3/8799/AUTH_7e6379b038b744d2b4ed9c56e55784eb/gnocchi.611ccbe3-da67-4dd5-aad0-0c2a9c9fe455/none_v3" 201 - "PUT http://[::1]:8080/1/59077/AUTH_7e6379b038b744d2b4ed9c56e55784eb/gnocchi.611ccbe3-da67-4dd5-aad0-0c2a9c9fe455/none_v3" "tx550d72817d344286b0e2a-0069220464" "object-server 96157" 0.0003 "-" 95854 0
Nov 22 13:43:48 np0005532311.novalocal container-server[95853]: ::1 - - [22/Nov/2025:18:43:48 +0000] "PUT /3/255940/AUTH_7e6379b038b744d2b4ed9c56e55784eb/gnocchi.db405940-7c72-4802-955e-52f20a14695a/none_v3" 201 - "PUT http://[::1]:8080/2/25998/AUTH_7e6379b038b744d2b4ed9c56e55784eb/gnocchi.db405940-7c72-4802-955e-52f20a14695a/none_v3" "tx7becacff3fad4b03aea6d-0069220464" "object-server 96157" 0.0004 "-" 95853 0
Nov 22 13:43:48 np0005532311.novalocal object-server[96157]: ::1 - - [22/Nov/2025:18:43:48 +0000] "PUT /1/59077/AUTH_7e6379b038b744d2b4ed9c56e55784eb/gnocchi.611ccbe3-da67-4dd5-aad0-0c2a9c9fe455/none_v3" 201 - "PUT http://[::1]:8080/v1/AUTH_7e6379b038b744d2b4ed9c56e55784eb/gnocchi.611ccbe3-da67-4dd5-aad0-0c2a9c9fe455/none_v3" "tx550d72817d344286b0e2a-0069220464" "proxy-server 88816" 0.0221 "-" 96157 0
Nov 22 13:43:48 np0005532311.novalocal object-server[96157]: ::1 - - [22/Nov/2025:18:43:48 +0000] "PUT /2/25998/AUTH_7e6379b038b744d2b4ed9c56e55784eb/gnocchi.db405940-7c72-4802-955e-52f20a14695a/none_v3" 201 - "PUT http://[::1]:8080/v1/AUTH_7e6379b038b744d2b4ed9c56e55784eb/gnocchi.db405940-7c72-4802-955e-52f20a14695a/none_v3" "tx7becacff3fad4b03aea6d-0069220464" "proxy-server 88815" 0.0229 "-" 96157 0
Nov 22 13:43:48 np0005532311.novalocal container-server[95853]: ::1 - - [22/Nov/2025:18:43:48 +0000] "PUT /2/8799/AUTH_7e6379b038b744d2b4ed9c56e55784eb/gnocchi.611ccbe3-da67-4dd5-aad0-0c2a9c9fe455/none_v3" 201 - "PUT http://[::1]:8080/3/59077/AUTH_7e6379b038b744d2b4ed9c56e55784eb/gnocchi.611ccbe3-da67-4dd5-aad0-0c2a9c9fe455/none_v3" "tx550d72817d344286b0e2a-0069220464" "object-server 96157" 0.0003 "-" 95853 0
Nov 22 13:43:48 np0005532311.novalocal object-server[96157]: ::1 - - [22/Nov/2025:18:43:48 +0000] "PUT /3/59077/AUTH_7e6379b038b744d2b4ed9c56e55784eb/gnocchi.611ccbe3-da67-4dd5-aad0-0c2a9c9fe455/none_v3" 201 - "PUT http://[::1]:8080/v1/AUTH_7e6379b038b744d2b4ed9c56e55784eb/gnocchi.611ccbe3-da67-4dd5-aad0-0c2a9c9fe455/none_v3" "tx550d72817d344286b0e2a-0069220464" "proxy-server 88816" 0.0285 "-" 96157 0
Nov 22 13:43:48 np0005532311.novalocal container-server[95854]: ::1 - - [22/Nov/2025:18:43:48 +0000] "PUT /2/255940/AUTH_7e6379b038b744d2b4ed9c56e55784eb/gnocchi.db405940-7c72-4802-955e-52f20a14695a/none_v3" 201 - "PUT http://[::1]:8080/1/25998/AUTH_7e6379b038b744d2b4ed9c56e55784eb/gnocchi.db405940-7c72-4802-955e-52f20a14695a/none_v3" "tx7becacff3fad4b03aea6d-0069220464" "object-server 96157" 0.0005 "-" 95854 0
Nov 22 13:43:48 np0005532311.novalocal object-server[96157]: ::1 - - [22/Nov/2025:18:43:48 +0000] "PUT /1/25998/AUTH_7e6379b038b744d2b4ed9c56e55784eb/gnocchi.db405940-7c72-4802-955e-52f20a14695a/none_v3" 201 - "PUT http://[::1]:8080/v1/AUTH_7e6379b038b744d2b4ed9c56e55784eb/gnocchi.db405940-7c72-4802-955e-52f20a14695a/none_v3" "tx7becacff3fad4b03aea6d-0069220464" "proxy-server 88815" 0.0249 "-" 96157 0
Nov 22 13:43:48 np0005532311.novalocal proxy-server[88815]: ::1 ::1 22/Nov/2025/18/43/48 PUT /v1/AUTH_7e6379b038b744d2b4ed9c56e55784eb/gnocchi.db405940-7c72-4802-955e-52f20a14695a/none_v3 HTTP/1.0 201 - python-swiftclient-4.5.0 gAAAAABpIgQFZCvZ... 32 - - tx7becacff3fad4b03aea6d-0069220464 - 0.0369 - - 1763837028.617361546 1763837028.654267550 0
Nov 22 13:43:48 np0005532311.novalocal proxy-server[88816]: ::1 ::1 22/Nov/2025/18/43/48 PUT /v1/AUTH_7e6379b038b744d2b4ed9c56e55784eb/gnocchi.611ccbe3-da67-4dd5-aad0-0c2a9c9fe455/none_v3 HTTP/1.0 201 - python-swiftclient-4.5.0 gAAAAABpIgQAXILt... 32 - - tx550d72817d344286b0e2a-0069220464 - 0.0423 - - 1763837028.615814924 1763837028.658092260 0
Nov 22 13:43:48 np0005532311.novalocal kernel: qvb66395326-18: left allmulticast mode
Nov 22 13:43:48 np0005532311.novalocal kernel: qvb66395326-18: left promiscuous mode
Nov 22 13:43:48 np0005532311.novalocal kernel: qbr66395326-18: port 1(qvb66395326-18) entered disabled state
Nov 22 13:43:48 np0005532311.novalocal NetworkManager[858]: [1763837028.7613] device (qbr66395326-18): bridge port qvb66395326-18 was detached
Nov 22 13:43:48 np0005532311.novalocal NetworkManager[858]: [1763837028.7621] device (qbr66395326-18): state change: activated -> unmanaged (reason 'unmanaged', managed-type: 'removed')
Nov 22 13:43:48 np0005532311.novalocal kernel: qvo66395326-18: left promiscuous mode
Nov 22 13:43:48 np0005532311.novalocal dnsmasq[104678]: exiting on receipt of SIGTERM
Nov 22 13:43:48 np0005532311.novalocal kernel: tap4fffa374-36: left promiscuous mode
Nov 22 13:43:48 np0005532311.novalocal systemd[1]: run-netns-qrouter\x2dbaff0de9\x2daf92\x2d4cdf\x2dbf3e\x2d977ee583e883.mount: Deactivated successfully.
Nov 22 13:43:49 np0005532311.novalocal neutron-server[91550]: /usr/lib/python3.9/site-packages/oslo_db/sqlalchemy/enginefacade.py:664: SAWarning: DELETE statement on table 'portsecuritybindings' expected to delete 1 row(s); 0 were matched. Please set confirm_deleted_rows=False within the mapper configuration to prevent this warning.
Nov 22 13:43:49 np0005532311.novalocal neutron-server[91550]: self.session.flush()
Nov 22 13:43:49 np0005532311.novalocal neutron-server[91550]: /usr/lib/python3.9/site-packages/oslo_db/sqlalchemy/enginefacade.py:664: SAWarning: DELETE statement on table 'ml2_port_bindings' expected to delete 1 row(s); 0 were matched. Please set confirm_deleted_rows=False within the mapper configuration to prevent this warning.
Nov 22 13:43:49 np0005532311.novalocal neutron-server[91550]: self.session.flush()
Nov 22 13:43:49 np0005532311.novalocal neutron-server[91550]: /usr/lib/python3.9/site-packages/oslo_db/sqlalchemy/enginefacade.py:664: SAWarning: DELETE statement on table 'ml2_port_binding_levels' expected to delete 1 row(s); 0 were matched. Please set confirm_deleted_rows=False within the mapper configuration to prevent this warning.
Nov 22 13:43:49 np0005532311.novalocal neutron-server[91550]: self.session.flush()
Nov 22 13:43:49 np0005532311.novalocal neutron-server[91550]: /usr/lib/python3.9/site-packages/oslo_db/sqlalchemy/enginefacade.py:664: SAWarning: DELETE statement on table 'ports' expected to delete 1 row(s); 0 were matched. Please set confirm_deleted_rows=False within the mapper configuration to prevent this warning.
Nov 22 13:43:49 np0005532311.novalocal neutron-server[91550]: self.session.flush()
Nov 22 13:43:49 np0005532311.novalocal systemd[1]: run-netns-qdhcp\x2ddea06c7b\x2d4d11\x2d4bb4\x2da6d1\x2db075a22e58e3.mount: Deactivated successfully.
Nov 22 13:43:49 np0005532311.novalocal systemd-udevd[105198]: Network interface NamePolicy= disabled on kernel command line.
Nov 22 13:43:49 np0005532311.novalocal NetworkManager[858]: [1763837029.3249] manager: (qbr66395326-18): new Bridge device (/org/freedesktop/NetworkManager/Devices/51)
Nov 22 13:43:49 np0005532311.novalocal NetworkManager[858]: [1763837029.3404] manager: (qvo66395326-18): new Veth device (/org/freedesktop/NetworkManager/Devices/52)
Nov 22 13:43:49 np0005532311.novalocal systemd-udevd[105197]: Network interface NamePolicy= disabled on kernel command line.
Nov 22 13:43:49 np0005532311.novalocal NetworkManager[858]: [1763837029.3422] manager: (qvb66395326-18): new Veth device (/org/freedesktop/NetworkManager/Devices/53)
Nov 22 13:43:49 np0005532311.novalocal NetworkManager[858]: [1763837029.3571] device (qvo66395326-18): carrier: link connected
Nov 22 13:43:49 np0005532311.novalocal NetworkManager[858]: [1763837029.3579] device (qvb66395326-18): carrier: link connected
Nov 22 13:43:49 np0005532311.novalocal kernel: qbr66395326-18: port 1(qvb66395326-18) entered blocking state
Nov 22 13:43:49 np0005532311.novalocal kernel: qbr66395326-18: port 1(qvb66395326-18) entered disabled state
Nov 22 13:43:49 np0005532311.novalocal kernel: qvb66395326-18: entered allmulticast mode
Nov 22 13:43:49 np0005532311.novalocal kernel: qvb66395326-18: entered promiscuous mode
Nov 22 13:43:49 np0005532311.novalocal kernel: qbr66395326-18: port 1(qvb66395326-18) entered blocking state
Nov 22 13:43:49 np0005532311.novalocal kernel: qbr66395326-18: port 1(qvb66395326-18) entered forwarding state
Nov 22 13:43:49 np0005532311.novalocal NetworkManager[858]: [1763837029.3737] device (qbr66395326-18): carrier: link connected
Nov 22 13:43:49 np0005532311.novalocal NetworkManager[858]: [1763837029.3762] device (qbr66395326-18): state change: unmanaged -> unavailable (reason 'connection-assumed', managed-type: 'external')
Nov 22 13:43:49 np0005532311.novalocal NetworkManager[858]: [1763837029.3768] device (qbr66395326-18): state change: unavailable -> disconnected (reason 'connection-assumed', managed-type: 'external')
Nov 22 13:43:49 np0005532311.novalocal NetworkManager[858]: [1763837029.3783] device (qbr66395326-18): Activation: starting connection 'qbr66395326-18' (ce6eb59d-fd9a-4e03-8a53-dda1a70c19ab)
Nov 22 13:43:49 np0005532311.novalocal NetworkManager[858]: [1763837029.3785] device (qbr66395326-18): state change: disconnected -> prepare (reason 'none', managed-type: 'external')
Nov 22 13:43:49 np0005532311.novalocal NetworkManager[858]: [1763837029.3787] device (qbr66395326-18): state change: prepare -> config (reason 'none', managed-type: 'external')
Nov 22 13:43:49 np0005532311.novalocal NetworkManager[858]: [1763837029.3789] device (qbr66395326-18): state change: config -> ip-config (reason 'none', managed-type: 'external')
Nov 22 13:43:49 np0005532311.novalocal NetworkManager[858]: [1763837029.3791] device (qbr66395326-18): state change: ip-config -> ip-check (reason 'none', managed-type: 'external')
Nov 22 13:43:49 np0005532311.novalocal NetworkManager[858]: [1763837029.3834] device (qbr66395326-18): state change: ip-check -> secondaries (reason 'none', managed-type: 'external')
Nov 22 13:43:49 np0005532311.novalocal NetworkManager[858]: [1763837029.3835] device (qbr66395326-18): state change: secondaries -> activated (reason 'none', managed-type: 'external')
Nov 22 13:43:49 np0005532311.novalocal NetworkManager[858]: [1763837029.3841] device (qbr66395326-18): Activation: successful, device activated.
Nov 22 13:43:49 np0005532311.novalocal kernel: qvo66395326-18: entered promiscuous mode
Nov 22 13:43:49 np0005532311.novalocal systemd[1]: iscsi.service: Unit cannot be reloaded because it is inactive.
Nov 22 13:43:49 np0005532311.novalocal kernel: qbr66395326-18: port 2(tap66395326-18) entered blocking state
Nov 22 13:43:49 np0005532311.novalocal kernel: qbr66395326-18: port 2(tap66395326-18) entered disabled state
Nov 22 13:43:49 np0005532311.novalocal kernel: tap66395326-18: entered allmulticast mode
Nov 22 13:43:49 np0005532311.novalocal kernel: tap66395326-18: entered promiscuous mode
Nov 22 13:43:49 np0005532311.novalocal kernel: qbr66395326-18: port 2(tap66395326-18) entered blocking state
Nov 22 13:43:49 np0005532311.novalocal kernel: qbr66395326-18: port 2(tap66395326-18) entered forwarding state
Nov 22 13:43:49 np0005532311.novalocal NetworkManager[858]: [1763837029.4774] manager: (tap66395326-18): new Tun device (/org/freedesktop/NetworkManager/Devices/54)
Nov 22 13:43:49 np0005532311.novalocal systemd-udevd[105250]: Network interface NamePolicy= disabled on kernel command line.
Nov 22 13:43:49 np0005532311.novalocal libvirtd[98257]: Domain id=6 name='instance-00000004' uuid=566e9e35-bcd2-45a9-ba22-c53bf0f52fb2 is tainted: deprecated-config (machine type 'pc-i440fx-rhel7.6.0')
Nov 22 13:43:49 np0005532311.novalocal libvirtd[98257]: Domain id=6 name='instance-00000004' uuid=566e9e35-bcd2-45a9-ba22-c53bf0f52fb2 is tainted: deprecated-config (CPU model 'qemu64')
Nov 22 13:43:49 np0005532311.novalocal NetworkManager[858]: [1763837029.4979] device (tap66395326-18): state change: unmanaged -> unavailable (reason 'connection-assumed', managed-type: 'external')
Nov 22 13:43:49 np0005532311.novalocal NetworkManager[858]: [1763837029.4986] device (tap66395326-18): state change: unavailable -> disconnected (reason 'connection-assumed', managed-type: 'external')
Nov 22 13:43:49 np0005532311.novalocal NetworkManager[858]: [1763837029.4992] device (tap66395326-18): Activation: starting connection 'tap66395326-18' (d864fe29-f0bf-4af0-99cf-246c8504bcd9)
Nov 22 13:43:49 np0005532311.novalocal NetworkManager[858]: [1763837029.4993] device (tap66395326-18): state change: disconnected -> prepare (reason 'none', managed-type: 'external')
Nov 22 13:43:49 np0005532311.novalocal NetworkManager[858]: [1763837029.4997] device (tap66395326-18): state change: prepare -> config (reason 'none', managed-type: 'external')
Nov 22 13:43:49 np0005532311.novalocal NetworkManager[858]: [1763837029.4999] device (tap66395326-18): state change: config -> ip-config (reason 'none', managed-type: 'external')
Nov 22 13:43:49 np0005532311.novalocal NetworkManager[858]: [1763837029.5000] device (qbr66395326-18): bridge port tap66395326-18 was attached
Nov 22 13:43:49 np0005532311.novalocal NetworkManager[858]: [1763837029.5000] device (tap66395326-18): Activation: connection 'tap66395326-18' attached as port, continuing activation
Nov 22 13:43:49 np0005532311.novalocal NetworkManager[858]: [1763837029.5003] device (tap66395326-18): state change: ip-config -> ip-check (reason 'none', managed-type: 'external')
Nov 22 13:43:49 np0005532311.novalocal NetworkManager[858]: [1763837029.5019] device (tap66395326-18): state change: ip-check -> secondaries (reason 'none', managed-type: 'external')
Nov 22 13:43:49 np0005532311.novalocal NetworkManager[858]: [1763837029.5020] device (tap66395326-18): state change: secondaries -> activated (reason 'none', managed-type: 'external')
Nov 22 13:43:49 np0005532311.novalocal NetworkManager[858]: [1763837029.5027] device (tap66395326-18): Activation: successful, device activated.
Nov 22 13:43:49 np0005532311.novalocal systemd-machined[93133]: New machine qemu-6-instance-00000004.
Nov 22 13:43:49 np0005532311.novalocal systemd[1]: Started Virtual Machine qemu-6-instance-00000004.
Nov 22 13:43:49 np0005532311.novalocal systemd[1]: iscsi.service: Unit cannot be reloaded because it is inactive.
Nov 22 13:43:49 np0005532311.novalocal container-server[89262]: Since Sat Nov 22 18:43:47 2025 visited - attempted:0 success:0 failure:0 skipped:102 completed:0
Nov 22 13:43:49 np0005532311.novalocal container-server[89262]: Since Sat Nov 22 18:43:47 2025 scanned - attempted:0 success:0 failure:0 found:0 min_time:0 max_time:0
Nov 22 13:43:49 np0005532311.novalocal container-server[89262]: Since Sat Nov 22 18:43:47 2025 created - attempted:0 success:0 failure:0
Nov 22 13:43:49 np0005532311.novalocal container-server[89262]: Since Sat Nov 22 18:43:47 2025 cleaved - attempted:0 success:0 failure:0 min_time:0 max_time:0
Nov 22 13:43:49 np0005532311.novalocal container-server[89262]: Since Sat Nov 22 18:43:47 2025 misplaced - attempted:0 success:0 failure:0 found:0 placed:0 unplaced:0
Nov 22 13:43:49 np0005532311.novalocal container-server[89262]: Since Sat Nov 22 18:43:47 2025 audit_root - attempted:0 success:0 failure:0 has_overlap:0 num_overlap:0
Nov 22 13:43:49 np0005532311.novalocal container-server[89262]: Since Sat Nov 22 18:43:47 2025 audit_shard - attempted:0 success:0 failure:0
Nov 22 13:43:49 np0005532311.novalocal container-server[89262]: Container sharder cycle completed: 2.03s
Nov 22 13:43:49 np0005532311.novalocal object-server[96157]: ::1 - - [22/Nov/2025:18:43:49 +0000] "GET /2/131044/AUTH_7e6379b038b744d2b4ed9c56e55784eb/gnocchi.d523e74d-2143-48e6-8762-e9b9ec5f5c54/none_v3" 200 31 "GET http://[::1]:8080/v1/AUTH_7e6379b038b744d2b4ed9c56e55784eb/gnocchi.d523e74d-2143-48e6-8762-e9b9ec5f5c54/none_v3" "tx9a6e72828db24651b6fca-0069220465" "proxy-server 88815" 0.0015 "-" 96157 0
Nov 22 13:43:49 np0005532311.novalocal proxy-server[88815]: ::1 ::1 22/Nov/2025/18/43/49 GET /v1/AUTH_7e6379b038b744d2b4ed9c56e55784eb/gnocchi.d523e74d-2143-48e6-8762-e9b9ec5f5c54/none_v3 HTTP/1.0 200 - python-swiftclient-4.5.0 gAAAAABpIgQFZCvZ... - 31 - tx9a6e72828db24651b6fca-0069220465 - 0.0090 - - 1763837029.783480883 1763837029.792511463 0
Nov 22 13:43:49 np0005532311.novalocal object-server[96157]: ::1 - - [22/Nov/2025:18:43:49 +0000] "GET /2/239676/AUTH_7e6379b038b744d2b4ed9c56e55784eb/gnocchi.0feefb2b-0808-493e-b2e0-0b1a57f4b78b/none_v3" 200 27 "GET http://[::1]:8080/v1/AUTH_7e6379b038b744d2b4ed9c56e55784eb/gnocchi.0feefb2b-0808-493e-b2e0-0b1a57f4b78b/none_v3" "txad968c4abced463399717-0069220465" "proxy-server 88816" 0.0010 "-" 96157 0
Nov 22 13:43:49 np0005532311.novalocal proxy-server[88816]: ::1 ::1 22/Nov/2025/18/43/49 GET /v1/AUTH_7e6379b038b744d2b4ed9c56e55784eb/gnocchi.0feefb2b-0808-493e-b2e0-0b1a57f4b78b/none_v3 HTTP/1.0 200 - python-swiftclient-4.5.0 gAAAAABpIgQAXILt... - 27 - txad968c4abced463399717-0069220465 - 0.0118 - - 1763837029.785513878 1763837029.797347784 0
Nov 22 13:43:49 np0005532311.novalocal container-server[95853]: ::1 - - [22/Nov/2025:18:43:49 +0000] "GET /1/261017/AUTH_7e6379b038b744d2b4ed9c56e55784eb/gnocchi.d523e74d-2143-48e6-8762-e9b9ec5f5c54" 200 357 "GET http://[::1]:8080/v1/AUTH_7e6379b038b744d2b4ed9c56e55784eb/gnocchi.d523e74d-2143-48e6-8762-e9b9ec5f5c54?format=json&states=listing" "txdc36acba934444c4a7d13-0069220465" "proxy-server 88815" 0.0041 "-" 95853 0
Nov 22 13:43:49 np0005532311.novalocal proxy-server[88815]: ::1 ::1 22/Nov/2025/18/43/49 GET /v1/AUTH_7e6379b038b744d2b4ed9c56e55784eb/gnocchi.d523e74d-2143-48e6-8762-e9b9ec5f5c54%3Fformat%3Djson%26states%3Dlisting HTTP/1.0 200 - python-swiftclient-4.5.0 gAAAAABpIgQFZCvZ... - 357 - txdc36acba934444c4a7d13-0069220465 - 0.0121 - - 1763837029.795340776 1763837029.807397842 0
Nov 22 13:43:49 np0005532311.novalocal container-server[95854]: ::1 - - [22/Nov/2025:18:43:49 +0000] "GET /3/261017/AUTH_7e6379b038b744d2b4ed9c56e55784eb/gnocchi.d523e74d-2143-48e6-8762-e9b9ec5f5c54" 200 2 "GET http://[::1]:8080/v1/AUTH_7e6379b038b744d2b4ed9c56e55784eb/gnocchi.d523e74d-2143-48e6-8762-e9b9ec5f5c54?format=json&marker=none_v3&states=listing" "tx8144b3b4f0694bde8817d-0069220465" "proxy-server 88815" 0.0060 "-" 95854 0
Nov 22 13:43:49 np0005532311.novalocal proxy-server[88815]: ::1 ::1 22/Nov/2025/18/43/49 GET /v1/AUTH_7e6379b038b744d2b4ed9c56e55784eb/gnocchi.d523e74d-2143-48e6-8762-e9b9ec5f5c54%3Fformat%3Djson%26marker%3Dnone_v3%26states%3Dlisting HTTP/1.0 200 - python-swiftclient-4.5.0 gAAAAABpIgQFZCvZ... - 2 - tx8144b3b4f0694bde8817d-0069220465 - 0.0114 - - 1763837029.809337616 1763837029.820701361 0
Nov 22 13:43:49 np0005532311.novalocal container-server[95853]: ::1 - - [22/Nov/2025:18:43:49 +0000] "GET /1/131597/AUTH_7e6379b038b744d2b4ed9c56e55784eb/gnocchi.0feefb2b-0808-493e-b2e0-0b1a57f4b78b" 200 357 "GET http://[::1]:8080/v1/AUTH_7e6379b038b744d2b4ed9c56e55784eb/gnocchi.0feefb2b-0808-493e-b2e0-0b1a57f4b78b?format=json&states=listing" "tx70c04e250b99433eb14f1-0069220465" "proxy-server 88816" 0.0112 "-" 95853 0
Nov 22 13:43:49 np0005532311.novalocal proxy-server[88816]: ::1 ::1 22/Nov/2025/18/43/49 GET /v1/AUTH_7e6379b038b744d2b4ed9c56e55784eb/gnocchi.0feefb2b-0808-493e-b2e0-0b1a57f4b78b%3Fformat%3Djson%26states%3Dlisting HTTP/1.0 200 - python-swiftclient-4.5.0 gAAAAABpIgQAXILt... - 357 - tx70c04e250b99433eb14f1-0069220465 - 0.0184 - - 1763837029.807953835 1763837029.826395988 0
Nov 22 13:43:49 np0005532311.novalocal object-server[96157]: ::1 - - [22/Nov/2025:18:43:49 +0000] "GET /2/166373/AUTH_7e6379b038b744d2b4ed9c56e55784eb/gnocchi.d523e74d-2143-48e6-8762-e9b9ec5f5c54/1763640000.0_mean_300.0_v3" 200 16 "GET http://[::1]:8080/v1/AUTH_7e6379b038b744d2b4ed9c56e55784eb/gnocchi.d523e74d-2143-48e6-8762-e9b9ec5f5c54/1763640000.0_mean_300.0_v3" "txc7c61031b76145e283d31-0069220465" "proxy-server 88815" 0.0012 "-" 96157 0
Nov 22 13:43:49 np0005532311.novalocal proxy-server[88815]: ::1 ::1 22/Nov/2025/18/43/49 GET /v1/AUTH_7e6379b038b744d2b4ed9c56e55784eb/gnocchi.d523e74d-2143-48e6-8762-e9b9ec5f5c54/1763640000.0_mean_300.0_v3 HTTP/1.0 200 - python-swiftclient-4.5.0 gAAAAABpIgQFZCvZ... - 16 - txc7c61031b76145e283d31-0069220465 - 0.0084 - - 1763837029.823396921 1763837029.831784487 0
Nov 22 13:43:49 np0005532311.novalocal container-server[95854]: ::1 - - [22/Nov/2025:18:43:49 +0000] "GET /2/131597/AUTH_7e6379b038b744d2b4ed9c56e55784eb/gnocchi.0feefb2b-0808-493e-b2e0-0b1a57f4b78b" 200 2 "GET http://[::1]:8080/v1/AUTH_7e6379b038b744d2b4ed9c56e55784eb/gnocchi.0feefb2b-0808-493e-b2e0-0b1a57f4b78b?format=json&marker=none_v3&states=listing" "tx9be11cf432a04d88816dd-0069220465" "proxy-server 88816" 0.0059 "-" 95854 0
Nov 22 13:43:49 np0005532311.novalocal proxy-server[88816]: ::1 ::1 22/Nov/2025/18/43/49 GET /v1/AUTH_7e6379b038b744d2b4ed9c56e55784eb/gnocchi.0feefb2b-0808-493e-b2e0-0b1a57f4b78b%3Fformat%3Djson%26marker%3Dnone_v3%26states%3Dlisting HTTP/1.0 200 - python-swiftclient-4.5.0 gAAAAABpIgQAXILt... - 2 - tx9be11cf432a04d88816dd-0069220465 - 0.0135 - - 1763837029.829860449 1763837029.843392849 0
Nov 22 13:43:49 np0005532311.novalocal object-server[96157]: ::1 - - [22/Nov/2025:18:43:49 +0000] "GET /3/93092/AUTH_7e6379b038b744d2b4ed9c56e55784eb/gnocchi.0feefb2b-0808-493e-b2e0-0b1a57f4b78b/1763640000.0_mean_300.0_v3" 200 16 "GET http://[::1]:8080/v1/AUTH_7e6379b038b744d2b4ed9c56e55784eb/gnocchi.0feefb2b-0808-493e-b2e0-0b1a57f4b78b/1763640000.0_mean_300.0_v3" "tx841fd708407c4bf494e62-0069220465" "proxy-server 88816" 0.0011 "-" 96157 0
Nov 22 13:43:49 np0005532311.novalocal proxy-server[88816]: ::1 ::1 22/Nov/2025/18/43/49 GET /v1/AUTH_7e6379b038b744d2b4ed9c56e55784eb/gnocchi.0feefb2b-0808-493e-b2e0-0b1a57f4b78b/1763640000.0_mean_300.0_v3 HTTP/1.0 200 - python-swiftclient-4.5.0 gAAAAABpIgQAXILt... - 16 - tx841fd708407c4bf494e62-0069220465 - 0.0082 - - 1763837029.848167658 1763837029.856352806 0
Nov 22 13:43:49 np0005532311.novalocal container-server[95854]: ::1 - - [22/Nov/2025:18:43:49 +0000] "PUT /1/261017/AUTH_7e6379b038b744d2b4ed9c56e55784eb/gnocchi.d523e74d-2143-48e6-8762-e9b9ec5f5c54/1763640000.0_mean_300.0_v3" 201 - "PUT http://[::1]:8080/3/166373/AUTH_7e6379b038b744d2b4ed9c56e55784eb/gnocchi.d523e74d-2143-48e6-8762-e9b9ec5f5c54/1763640000.0_mean_300.0_v3" "txe7cfa31fac164e5f9bc97-0069220465" "object-server 96157" 0.0004 "-" 95854 0
Nov 22 13:43:49 np0005532311.novalocal container-server[95853]: ::1 - - [22/Nov/2025:18:43:49 +0000] "PUT /3/261017/AUTH_7e6379b038b744d2b4ed9c56e55784eb/gnocchi.d523e74d-2143-48e6-8762-e9b9ec5f5c54/1763640000.0_mean_300.0_v3" 201 - "PUT http://[::1]:8080/2/166373/AUTH_7e6379b038b744d2b4ed9c56e55784eb/gnocchi.d523e74d-2143-48e6-8762-e9b9ec5f5c54/1763640000.0_mean_300.0_v3" "txe7cfa31fac164e5f9bc97-0069220465" "object-server 96156" 0.0007 "-" 95853 0
Nov 22 13:43:49 np0005532311.novalocal container-server[95854]: ::1 - - [22/Nov/2025:18:43:49 +0000] "PUT /2/261017/AUTH_7e6379b038b744d2b4ed9c56e55784eb/gnocchi.d523e74d-2143-48e6-8762-e9b9ec5f5c54/1763640000.0_mean_300.0_v3" 201 - "PUT http://[::1]:8080/1/166373/AUTH_7e6379b038b744d2b4ed9c56e55784eb/gnocchi.d523e74d-2143-48e6-8762-e9b9ec5f5c54/1763640000.0_mean_300.0_v3" "txe7cfa31fac164e5f9bc97-0069220465" "object-server 96156" 0.0003 "-" 95854 0
Nov 22 13:43:49 np0005532311.novalocal object-server[96156]: ::1 - - [22/Nov/2025:18:43:49 +0000] "PUT /2/166373/AUTH_7e6379b038b744d2b4ed9c56e55784eb/gnocchi.d523e74d-2143-48e6-8762-e9b9ec5f5c54/1763640000.0_mean_300.0_v3" 201 - "PUT http://[::1]:8080/v1/AUTH_7e6379b038b744d2b4ed9c56e55784eb/gnocchi.d523e74d-2143-48e6-8762-e9b9ec5f5c54/1763640000.0_mean_300.0_v3" "txe7cfa31fac164e5f9bc97-0069220465" "proxy-server 88815" 0.0187 "-" 96156 0
Nov 22 13:43:49 np0005532311.novalocal object-server[96157]: ::1 - - [22/Nov/2025:18:43:49 +0000] "PUT /3/166373/AUTH_7e6379b038b744d2b4ed9c56e55784eb/gnocchi.d523e74d-2143-48e6-8762-e9b9ec5f5c54/1763640000.0_mean_300.0_v3" 201 - "PUT http://[::1]:8080/v1/AUTH_7e6379b038b744d2b4ed9c56e55784eb/gnocchi.d523e74d-2143-48e6-8762-e9b9ec5f5c54/1763640000.0_mean_300.0_v3" "txe7cfa31fac164e5f9bc97-0069220465" "proxy-server 88815" 0.0187 "-" 96157 0
Nov 22 13:43:49 np0005532311.novalocal object-server[96156]: ::1 - - [22/Nov/2025:18:43:49 +0000] "PUT /1/166373/AUTH_7e6379b038b744d2b4ed9c56e55784eb/gnocchi.d523e74d-2143-48e6-8762-e9b9ec5f5c54/1763640000.0_mean_300.0_v3" 201 - "PUT http://[::1]:8080/v1/AUTH_7e6379b038b744d2b4ed9c56e55784eb/gnocchi.d523e74d-2143-48e6-8762-e9b9ec5f5c54/1763640000.0_mean_300.0_v3" "txe7cfa31fac164e5f9bc97-0069220465" "proxy-server 88815" 0.0134 "-" 96156 0
Nov 22 13:43:49 np0005532311.novalocal proxy-server[88815]: ::1 ::1 22/Nov/2025/18/43/49 PUT /v1/AUTH_7e6379b038b744d2b4ed9c56e55784eb/gnocchi.d523e74d-2143-48e6-8762-e9b9ec5f5c54/1763640000.0_mean_300.0_v3 HTTP/1.0 201 - python-swiftclient-4.5.0 gAAAAABpIgQFZCvZ... 16 - - txe7cfa31fac164e5f9bc97-0069220465 - 0.0405 - - 1763837029.835180759 1763837029.875715733 0
Nov 22 13:43:49 np0005532311.novalocal container-server[95854]: ::1 - - [22/Nov/2025:18:43:49 +0000] "PUT /1/131597/AUTH_7e6379b038b744d2b4ed9c56e55784eb/gnocchi.0feefb2b-0808-493e-b2e0-0b1a57f4b78b/1763640000.0_mean_300.0_v3" 201 - "PUT http://[::1]:8080/2/93092/AUTH_7e6379b038b744d2b4ed9c56e55784eb/gnocchi.0feefb2b-0808-493e-b2e0-0b1a57f4b78b/1763640000.0_mean_300.0_v3" "tx2810655bdbae416f98286-0069220465" "object-server 96157" 0.0017 "-" 95854 0
Nov 22 13:43:49 np0005532311.novalocal container-server[95853]: ::1 - - [22/Nov/2025:18:43:49 +0000] "PUT /3/131597/AUTH_7e6379b038b744d2b4ed9c56e55784eb/gnocchi.0feefb2b-0808-493e-b2e0-0b1a57f4b78b/1763640000.0_mean_300.0_v3" 201 - "PUT http://[::1]:8080/3/93092/AUTH_7e6379b038b744d2b4ed9c56e55784eb/gnocchi.0feefb2b-0808-493e-b2e0-0b1a57f4b78b/1763640000.0_mean_300.0_v3" "tx2810655bdbae416f98286-0069220465" "object-server 96157" 0.0005 "-" 95853 0
Nov 22 13:43:49 np0005532311.novalocal object-server[96157]: ::1 - - [22/Nov/2025:18:43:49 +0000] "PUT /2/93092/AUTH_7e6379b038b744d2b4ed9c56e55784eb/gnocchi.0feefb2b-0808-493e-b2e0-0b1a57f4b78b/1763640000.0_mean_300.0_v3" 201 - "PUT http://[::1]:8080/v1/AUTH_7e6379b038b744d2b4ed9c56e55784eb/gnocchi.0feefb2b-0808-493e-b2e0-0b1a57f4b78b/1763640000.0_mean_300.0_v3" "tx2810655bdbae416f98286-0069220465" "proxy-server 88816" 0.0190 "-" 96157 0
Nov 22 13:43:49 np0005532311.novalocal container-server[95854]: ::1 - - [22/Nov/2025:18:43:49 +0000] "PUT /2/131597/AUTH_7e6379b038b744d2b4ed9c56e55784eb/gnocchi.0feefb2b-0808-493e-b2e0-0b1a57f4b78b/1763640000.0_mean_300.0_v3" 201 - "PUT http://[::1]:8080/1/93092/AUTH_7e6379b038b744d2b4ed9c56e55784eb/gnocchi.0feefb2b-0808-493e-b2e0-0b1a57f4b78b/1763640000.0_mean_300.0_v3" "tx2810655bdbae416f98286-0069220465" "object-server 96157" 0.0005 "-" 95854 0
Nov 22 13:43:49 np0005532311.novalocal object-server[96157]: ::1 - - [22/Nov/2025:18:43:49 +0000] "PUT /3/93092/AUTH_7e6379b038b744d2b4ed9c56e55784eb/gnocchi.0feefb2b-0808-493e-b2e0-0b1a57f4b78b/1763640000.0_mean_300.0_v3" 201 - "PUT http://[::1]:8080/v1/AUTH_7e6379b038b744d2b4ed9c56e55784eb/gnocchi.0feefb2b-0808-493e-b2e0-0b1a57f4b78b/1763640000.0_mean_300.0_v3" "tx2810655bdbae416f98286-0069220465" "proxy-server 88816" 0.0245 "-" 96157 0
Nov 22 13:43:49 np0005532311.novalocal object-server[96157]: ::1 - - [22/Nov/2025:18:43:49 +0000] "PUT /1/93092/AUTH_7e6379b038b744d2b4ed9c56e55784eb/gnocchi.0feefb2b-0808-493e-b2e0-0b1a57f4b78b/1763640000.0_mean_300.0_v3" 201 - "PUT http://[::1]:8080/v1/AUTH_7e6379b038b744d2b4ed9c56e55784eb/gnocchi.0feefb2b-0808-493e-b2e0-0b1a57f4b78b/1763640000.0_mean_300.0_v3" "tx2810655bdbae416f98286-0069220465" "proxy-server 88816" 0.0171 "-" 96157 0
Nov 22 13:43:49 np0005532311.novalocal proxy-server[88816]: ::1 ::1 22/Nov/2025/18/43/49 PUT /v1/AUTH_7e6379b038b744d2b4ed9c56e55784eb/gnocchi.0feefb2b-0808-493e-b2e0-0b1a57f4b78b/1763640000.0_mean_300.0_v3 HTTP/1.0 201 - python-swiftclient-4.5.0 gAAAAABpIgQAXILt... 16 - - tx2810655bdbae416f98286-0069220465 - 0.0367 - - 1763837029.859740496 1763837029.896410704 0
Nov 22 13:43:49 np0005532311.novalocal container-server[95854]: ::1 - - [22/Nov/2025:18:43:49 +0000] "PUT /3/261017/AUTH_7e6379b038b744d2b4ed9c56e55784eb/gnocchi.d523e74d-2143-48e6-8762-e9b9ec5f5c54/none_v3" 201 - "PUT http://[::1]:8080/3/131044/AUTH_7e6379b038b744d2b4ed9c56e55784eb/gnocchi.d523e74d-2143-48e6-8762-e9b9ec5f5c54/none_v3" "tx6686180e8b714ef6b3465-0069220465" "object-server 96156" 0.0005 "-" 95854 0
Nov 22 13:43:49 np0005532311.novalocal object-server[96156]: ::1 - - [22/Nov/2025:18:43:49 +0000] "PUT /3/131044/AUTH_7e6379b038b744d2b4ed9c56e55784eb/gnocchi.d523e74d-2143-48e6-8762-e9b9ec5f5c54/none_v3" 201 - "PUT http://[::1]:8080/v1/AUTH_7e6379b038b744d2b4ed9c56e55784eb/gnocchi.d523e74d-2143-48e6-8762-e9b9ec5f5c54/none_v3" "tx6686180e8b714ef6b3465-0069220465" "proxy-server 88815" 0.0141 "-" 96156 0
Nov 22 13:43:49 np0005532311.novalocal container-server[95854]: ::1 - - [22/Nov/2025:18:43:49 +0000] "PUT /2/261017/AUTH_7e6379b038b744d2b4ed9c56e55784eb/gnocchi.d523e74d-2143-48e6-8762-e9b9ec5f5c54/none_v3" 201 - "PUT http://[::1]:8080/1/131044/AUTH_7e6379b038b744d2b4ed9c56e55784eb/gnocchi.d523e74d-2143-48e6-8762-e9b9ec5f5c54/none_v3" "tx6686180e8b714ef6b3465-0069220465" "object-server 96157" 0.0005 "-" 95854 0
Nov 22 13:43:49 np0005532311.novalocal object-server[96157]: ::1 - - [22/Nov/2025:18:43:49 +0000] "PUT /1/131044/AUTH_7e6379b038b744d2b4ed9c56e55784eb/gnocchi.d523e74d-2143-48e6-8762-e9b9ec5f5c54/none_v3" 201 - "PUT http://[::1]:8080/v1/AUTH_7e6379b038b744d2b4ed9c56e55784eb/gnocchi.d523e74d-2143-48e6-8762-e9b9ec5f5c54/none_v3" "tx6686180e8b714ef6b3465-0069220465" "proxy-server 88815" 0.0163 "-" 96157 0
Nov 22 13:43:49 np0005532311.novalocal container-server[95854]: ::1 - - [22/Nov/2025:18:43:49 +0000] "PUT /1/261017/AUTH_7e6379b038b744d2b4ed9c56e55784eb/gnocchi.d523e74d-2143-48e6-8762-e9b9ec5f5c54/none_v3" 201 - "PUT http://[::1]:8080/2/131044/AUTH_7e6379b038b744d2b4ed9c56e55784eb/gnocchi.d523e74d-2143-48e6-8762-e9b9ec5f5c54/none_v3" "tx6686180e8b714ef6b3465-0069220465" "object-server 96156" 0.0005 "-" 95854 0
Nov 22 13:43:49 np0005532311.novalocal object-server[96156]: ::1 - - [22/Nov/2025:18:43:49 +0000] "PUT /2/131044/AUTH_7e6379b038b744d2b4ed9c56e55784eb/gnocchi.d523e74d-2143-48e6-8762-e9b9ec5f5c54/none_v3" 201 - "PUT http://[::1]:8080/v1/AUTH_7e6379b038b744d2b4ed9c56e55784eb/gnocchi.d523e74d-2143-48e6-8762-e9b9ec5f5c54/none_v3" "tx6686180e8b714ef6b3465-0069220465" "proxy-server 88815" 0.0149 "-" 96156 0
Nov 22 13:43:49 np0005532311.novalocal proxy-server[88815]: ::1 ::1 22/Nov/2025/18/43/49 PUT /v1/AUTH_7e6379b038b744d2b4ed9c56e55784eb/gnocchi.d523e74d-2143-48e6-8762-e9b9ec5f5c54/none_v3 HTTP/1.0 201 - python-swiftclient-4.5.0 gAAAAABpIgQFZCvZ... 43 - - tx6686180e8b714ef6b3465-0069220465 - 0.0307 - - 1763837029.879440784 1763837029.910140753 0
Nov 22 13:43:49 np0005532311.novalocal object-server[96156]: ::1 - - [22/Nov/2025:18:43:49 +0000] "GET /1/25998/AUTH_7e6379b038b744d2b4ed9c56e55784eb/gnocchi.db405940-7c72-4802-955e-52f20a14695a/none_v3" 200 32 "GET http://[::1]:8080/v1/AUTH_7e6379b038b744d2b4ed9c56e55784eb/gnocchi.db405940-7c72-4802-955e-52f20a14695a/none_v3" "txc75b5acbf7944ab284a2a-0069220465" "proxy-server 88815" 0.0016 "-" 96156 0
Nov 22 13:43:49 np0005532311.novalocal container-server[95853]: ::1 - - [22/Nov/2025:18:43:49 +0000] "PUT /2/131597/AUTH_7e6379b038b744d2b4ed9c56e55784eb/gnocchi.0feefb2b-0808-493e-b2e0-0b1a57f4b78b/none_v3" 201 - "PUT http://[::1]:8080/3/239676/AUTH_7e6379b038b744d2b4ed9c56e55784eb/gnocchi.0feefb2b-0808-493e-b2e0-0b1a57f4b78b/none_v3" "tx2ed6c0106f354d83b18f9-0069220465" "object-server 96157" 0.0005 "-" 95853 0
