Nov 22 13:42:43 np0005532311.novalocal container-server[95853]: ::1 - - [22/Nov/2025:18:42:43 +0000] "PUT /3/138679/AUTH_7e6379b038b744d2b4ed9c56e55784eb/gnocchi.233653f4-37c1-4cdc-9dd7-f0a104d7f3cb" 201 - "PUT http://[::1]:8080/v1/AUTH_7e6379b038b744d2b4ed9c56e55784eb/gnocchi.233653f4-37c1-4cdc-9dd7-f0a104d7f3cb" "tx5bb6a8060870438397cbc-0069220423" "proxy-server 88816" 0.0197 "-" 95853 0
Nov 22 13:42:43 np0005532311.novalocal account-server[95553]: ::1 - - [22/Nov/2025:18:42:43 +0000] "PUT /2/156665/AUTH_7e6379b038b744d2b4ed9c56e55784eb/gnocchi.02743456-c0f7-497d-8bbe-cf20b620dab2" 201 - "PUT http://[::1]:6001/2/120251/AUTH_7e6379b038b744d2b4ed9c56e55784eb/gnocchi.02743456-c0f7-497d-8bbe-cf20b620dab2" "txc16ad83dfc6a4ed48111f-0069220423" "container-server 95854" 0.0013 "-" 95553 0
Nov 22 13:42:43 np0005532311.novalocal container-server[95854]: ::1 - - [22/Nov/2025:18:42:43 +0000] "PUT /2/138679/AUTH_7e6379b038b744d2b4ed9c56e55784eb/gnocchi.233653f4-37c1-4cdc-9dd7-f0a104d7f3cb" 201 - "PUT http://[::1]:8080/v1/AUTH_7e6379b038b744d2b4ed9c56e55784eb/gnocchi.233653f4-37c1-4cdc-9dd7-f0a104d7f3cb" "tx5bb6a8060870438397cbc-0069220423" "proxy-server 88816" 0.0458 "-" 95854 0
Nov 22 13:42:43 np0005532311.novalocal container-server[95854]: ::1 - - [22/Nov/2025:18:42:43 +0000] "PUT /2/120251/AUTH_7e6379b038b744d2b4ed9c56e55784eb/gnocchi.02743456-c0f7-497d-8bbe-cf20b620dab2" 201 - "PUT http://[::1]:8080/v1/AUTH_7e6379b038b744d2b4ed9c56e55784eb/gnocchi.02743456-c0f7-497d-8bbe-cf20b620dab2" "txc16ad83dfc6a4ed48111f-0069220423" "proxy-server 88815" 0.0310 "-" 95854 0
Nov 22 13:42:43 np0005532311.novalocal container-server[95853]: ::1 - - [22/Nov/2025:18:42:43 +0000] "PUT /1/138679/AUTH_7e6379b038b744d2b4ed9c56e55784eb/gnocchi.233653f4-37c1-4cdc-9dd7-f0a104d7f3cb" 201 - "PUT http://[::1]:8080/v1/AUTH_7e6379b038b744d2b4ed9c56e55784eb/gnocchi.233653f4-37c1-4cdc-9dd7-f0a104d7f3cb" "tx5bb6a8060870438397cbc-0069220423" "proxy-server 88816" 0.0491 "-" 95853 0
Nov 22 13:42:43 np0005532311.novalocal account-server[95554]: ::1 - - [22/Nov/2025:18:42:43 +0000] "PUT /1/156665/AUTH_7e6379b038b744d2b4ed9c56e55784eb/gnocchi.02743456-c0f7-497d-8bbe-cf20b620dab2" 201 - "PUT http://[::1]:6001/1/120251/AUTH_7e6379b038b744d2b4ed9c56e55784eb/gnocchi.02743456-c0f7-497d-8bbe-cf20b620dab2" "txc16ad83dfc6a4ed48111f-0069220423" "container-server 95854" 0.0008 "-" 95554 0
Nov 22 13:42:43 np0005532311.novalocal proxy-server[88816]: ::1 ::1 22/Nov/2025/18/42/43 PUT /v1/AUTH_7e6379b038b744d2b4ed9c56e55784eb/gnocchi.233653f4-37c1-4cdc-9dd7-f0a104d7f3cb HTTP/1.0 201 - python-swiftclient-4.5.0 gAAAAABpIgQAXILt... - - - tx5bb6a8060870438397cbc-0069220423 - 0.0554 - - 1763836963.221858501 1763836963.277307987 0
Nov 22 13:42:43 np0005532311.novalocal container-server[95854]: ::1 - - [22/Nov/2025:18:42:43 +0000] "PUT /1/120251/AUTH_7e6379b038b744d2b4ed9c56e55784eb/gnocchi.02743456-c0f7-497d-8bbe-cf20b620dab2" 201 - "PUT http://[::1]:8080/v1/AUTH_7e6379b038b744d2b4ed9c56e55784eb/gnocchi.02743456-c0f7-497d-8bbe-cf20b620dab2" "txc16ad83dfc6a4ed48111f-0069220423" "proxy-server 88815" 0.0273 "-" 95854 0
Nov 22 13:42:43 np0005532311.novalocal container-server[95853]: ::1 - - [22/Nov/2025:18:42:43 +0000] "HEAD /2/138679/AUTH_7e6379b038b744d2b4ed9c56e55784eb/gnocchi.233653f4-37c1-4cdc-9dd7-f0a104d7f3cb" 204 - "HEAD http://[::1]:8080/v1/AUTH_7e6379b038b744d2b4ed9c56e55784eb/gnocchi.233653f4-37c1-4cdc-9dd7-f0a104d7f3cb" "txe4e1e837df594a6ebd80d-0069220423" "proxy-server 88816" 0.0014 "-" 95853 0
Nov 22 13:42:43 np0005532311.novalocal account-server[95553]: ::1 - - [22/Nov/2025:18:42:43 +0000] "PUT /3/156665/AUTH_7e6379b038b744d2b4ed9c56e55784eb/gnocchi.02743456-c0f7-497d-8bbe-cf20b620dab2" 201 - "PUT http://[::1]:6001/3/120251/AUTH_7e6379b038b744d2b4ed9c56e55784eb/gnocchi.02743456-c0f7-497d-8bbe-cf20b620dab2" "txc16ad83dfc6a4ed48111f-0069220423" "container-server 95853" 0.0080 "-" 95553 0
Nov 22 13:42:43 np0005532311.novalocal proxy-server[88816]: - - 22/Nov/2025/18/42/43 HEAD /v1/AUTH_7e6379b038b744d2b4ed9c56e55784eb/gnocchi.233653f4-37c1-4cdc-9dd7-f0a104d7f3cb HTTP/1.0 204 - Swift - - - - txe4e1e837df594a6ebd80d-0069220423 - 0.0047 CS - 1763836963.280262947 1763836963.284965992 0
Nov 22 13:42:43 np0005532311.novalocal container-server[95853]: ::1 - - [22/Nov/2025:18:42:43 +0000] "PUT /3/120251/AUTH_7e6379b038b744d2b4ed9c56e55784eb/gnocchi.02743456-c0f7-497d-8bbe-cf20b620dab2" 201 - "PUT http://[::1]:8080/v1/AUTH_7e6379b038b744d2b4ed9c56e55784eb/gnocchi.02743456-c0f7-497d-8bbe-cf20b620dab2" "txc16ad83dfc6a4ed48111f-0069220423" "proxy-server 88815" 0.0236 "-" 95853 0
Nov 22 13:42:43 np0005532311.novalocal proxy-server[88815]: ::1 ::1 22/Nov/2025/18/42/43 PUT /v1/AUTH_7e6379b038b744d2b4ed9c56e55784eb/gnocchi.02743456-c0f7-497d-8bbe-cf20b620dab2 HTTP/1.0 201 - python-swiftclient-4.5.0 gAAAAABpIgQFZCvZ... - - - txc16ad83dfc6a4ed48111f-0069220423 - 0.0552 - - 1763836963.232131958 1763836963.287309408 0
Nov 22 13:42:43 np0005532311.novalocal container-server[95853]: ::1 - - [22/Nov/2025:18:42:43 +0000] "GET /1/138679/AUTH_7e6379b038b744d2b4ed9c56e55784eb/gnocchi.233653f4-37c1-4cdc-9dd7-f0a104d7f3cb" 200 2 "GET http://[::1]:8080/v1/AUTH_7e6379b038b744d2b4ed9c56e55784eb/gnocchi.233653f4-37c1-4cdc-9dd7-f0a104d7f3cb?format=json&states=listing" "txe4e1e837df594a6ebd80d-0069220423" "proxy-server 88816" 0.0022 "-" 95853 0
Nov 22 13:42:43 np0005532311.novalocal container-server[95853]: ::1 - - [22/Nov/2025:18:42:43 +0000] "HEAD /2/120251/AUTH_7e6379b038b744d2b4ed9c56e55784eb/gnocchi.02743456-c0f7-497d-8bbe-cf20b620dab2" 204 - "HEAD http://[::1]:8080/v1/AUTH_7e6379b038b744d2b4ed9c56e55784eb/gnocchi.02743456-c0f7-497d-8bbe-cf20b620dab2" "tx0336f867004a4750a3675-0069220423" "proxy-server 88815" 0.0008 "-" 95853 0
Nov 22 13:42:43 np0005532311.novalocal proxy-server[88816]: ::1 ::1 22/Nov/2025/18/42/43 GET /v1/AUTH_7e6379b038b744d2b4ed9c56e55784eb/gnocchi.233653f4-37c1-4cdc-9dd7-f0a104d7f3cb%3Fformat%3Djson%26states%3Dlisting HTTP/1.0 200 - python-swiftclient-4.5.0 gAAAAABpIgQAXILt... - 2 - txe4e1e837df594a6ebd80d-0069220423 - 0.0188 - - 1763836963.279817581 1763836963.298647404 0
Nov 22 13:42:43 np0005532311.novalocal proxy-server[88815]: - - 22/Nov/2025/18/42/43 HEAD /v1/AUTH_7e6379b038b744d2b4ed9c56e55784eb/gnocchi.02743456-c0f7-497d-8bbe-cf20b620dab2 HTTP/1.0 204 - Swift - - - - tx0336f867004a4750a3675-0069220423 - 0.0062 CS - 1763836963.294329166 1763836963.300558090 0
Nov 22 13:42:43 np0005532311.novalocal container-server[95853]: ::1 - - [22/Nov/2025:18:42:43 +0000] "GET /3/120251/AUTH_7e6379b038b744d2b4ed9c56e55784eb/gnocchi.02743456-c0f7-497d-8bbe-cf20b620dab2" 200 2 "GET http://[::1]:8080/v1/AUTH_7e6379b038b744d2b4ed9c56e55784eb/gnocchi.02743456-c0f7-497d-8bbe-cf20b620dab2?format=json&states=listing" "tx0336f867004a4750a3675-0069220423" "proxy-server 88815" 0.0019 "-" 95853 0
Nov 22 13:42:43 np0005532311.novalocal object-server[96156]: ::1 - - [22/Nov/2025:18:42:43 +0000] "GET /2/134914/AUTH_7e6379b038b744d2b4ed9c56e55784eb/gnocchi.233653f4-37c1-4cdc-9dd7-f0a104d7f3cb/1763640000.0_mean_300.0_v3" 404 70 "GET http://[::1]:8080/v1/AUTH_7e6379b038b744d2b4ed9c56e55784eb/gnocchi.233653f4-37c1-4cdc-9dd7-f0a104d7f3cb/1763640000.0_mean_300.0_v3" "tx5b4ec18a5e2b4f7a8dccf-0069220423" "proxy-server 88816" 0.0003 "-" 96156 0
Nov 22 13:42:43 np0005532311.novalocal proxy-server[88815]: ::1 ::1 22/Nov/2025/18/42/43 GET /v1/AUTH_7e6379b038b744d2b4ed9c56e55784eb/gnocchi.02743456-c0f7-497d-8bbe-cf20b620dab2%3Fformat%3Djson%26states%3Dlisting HTTP/1.0 200 - python-swiftclient-4.5.0 gAAAAABpIgQFZCvZ... - 2 - tx0336f867004a4750a3675-0069220423 - 0.0183 - - 1763836963.292794228 1763836963.311081409 0
Nov 22 13:42:43 np0005532311.novalocal object-server[96156]: ::1 - - [22/Nov/2025:18:42:43 +0000] "GET /3/134914/AUTH_7e6379b038b744d2b4ed9c56e55784eb/gnocchi.233653f4-37c1-4cdc-9dd7-f0a104d7f3cb/1763640000.0_mean_300.0_v3" 404 70 "GET http://[::1]:8080/v1/AUTH_7e6379b038b744d2b4ed9c56e55784eb/gnocchi.233653f4-37c1-4cdc-9dd7-f0a104d7f3cb/1763640000.0_mean_300.0_v3" "tx5b4ec18a5e2b4f7a8dccf-0069220423" "proxy-server 88816" 0.0002 "-" 96156 0
Nov 22 13:42:43 np0005532311.novalocal object-server[96156]: ::1 - - [22/Nov/2025:18:42:43 +0000] "GET /1/134914/AUTH_7e6379b038b744d2b4ed9c56e55784eb/gnocchi.233653f4-37c1-4cdc-9dd7-f0a104d7f3cb/1763640000.0_mean_300.0_v3" 404 70 "GET http://[::1]:8080/v1/AUTH_7e6379b038b744d2b4ed9c56e55784eb/gnocchi.233653f4-37c1-4cdc-9dd7-f0a104d7f3cb/1763640000.0_mean_300.0_v3" "tx5b4ec18a5e2b4f7a8dccf-0069220423" "proxy-server 88816" 0.0002 "-" 96156 0
Nov 22 13:42:43 np0005532311.novalocal proxy-server[88816]: ::1 ::1 22/Nov/2025/18/42/43 GET /v1/AUTH_7e6379b038b744d2b4ed9c56e55784eb/gnocchi.233653f4-37c1-4cdc-9dd7-f0a104d7f3cb/1763640000.0_mean_300.0_v3 HTTP/1.0 404 - python-swiftclient-4.5.0 gAAAAABpIgQAXILt... - 70 - tx5b4ec18a5e2b4f7a8dccf-0069220423 - 0.0105 - - 1763836963.303955317 1763836963.314458609 0
Nov 22 13:42:43 np0005532311.novalocal account-server[95622]: Replication run OVER
Nov 22 13:42:43 np0005532311.novalocal account-server[95622]: Attempted to replicate 3 dbs in 0.08653 seconds (34.67194/s)
Nov 22 13:42:43 np0005532311.novalocal account-server[95622]: Removed 0 dbs
Nov 22 13:42:43 np0005532311.novalocal account-server[95622]: 6 successes, 0 failures
Nov 22 13:42:43 np0005532311.novalocal account-server[95622]: diff:1 diff_capped:0 empty:0 hashmatch:0 no_change:5 remote_merge:0 rsync:0 ts_repl:0
Nov 22 13:42:43 np0005532311.novalocal object-server[96157]: ::1 - - [22/Nov/2025:18:42:43 +0000] "GET /1/185508/AUTH_7e6379b038b744d2b4ed9c56e55784eb/gnocchi.02743456-c0f7-497d-8bbe-cf20b620dab2/1763640000.0_mean_300.0_v3" 404 70 "GET http://[::1]:8080/v1/AUTH_7e6379b038b744d2b4ed9c56e55784eb/gnocchi.02743456-c0f7-497d-8bbe-cf20b620dab2/1763640000.0_mean_300.0_v3" "tx592780a018de481faebdc-0069220423" "proxy-server 88815" 0.0004 "-" 96157 0
Nov 22 13:42:43 np0005532311.novalocal object-server[96157]: ::1 - - [22/Nov/2025:18:42:43 +0000] "GET /2/185508/AUTH_7e6379b038b744d2b4ed9c56e55784eb/gnocchi.02743456-c0f7-497d-8bbe-cf20b620dab2/1763640000.0_mean_300.0_v3" 404 70 "GET http://[::1]:8080/v1/AUTH_7e6379b038b744d2b4ed9c56e55784eb/gnocchi.02743456-c0f7-497d-8bbe-cf20b620dab2/1763640000.0_mean_300.0_v3" "tx592780a018de481faebdc-0069220423" "proxy-server 88815" 0.0005 "-" 96157 0
Nov 22 13:42:43 np0005532311.novalocal object-server[96156]: ::1 - - [22/Nov/2025:18:42:43 +0000] "GET /3/185508/AUTH_7e6379b038b744d2b4ed9c56e55784eb/gnocchi.02743456-c0f7-497d-8bbe-cf20b620dab2/1763640000.0_mean_300.0_v3" 404 70 "GET http://[::1]:8080/v1/AUTH_7e6379b038b744d2b4ed9c56e55784eb/gnocchi.02743456-c0f7-497d-8bbe-cf20b620dab2/1763640000.0_mean_300.0_v3" "tx592780a018de481faebdc-0069220423" "proxy-server 88815" 0.0003 "-" 96156 0
Nov 22 13:42:43 np0005532311.novalocal proxy-server[88815]: ::1 ::1 22/Nov/2025/18/42/43 GET /v1/AUTH_7e6379b038b744d2b4ed9c56e55784eb/gnocchi.02743456-c0f7-497d-8bbe-cf20b620dab2/1763640000.0_mean_300.0_v3 HTTP/1.0 404 - python-swiftclient-4.5.0 gAAAAABpIgQFZCvZ... - 70 - tx592780a018de481faebdc-0069220423 - 0.0163 - - 1763836963.324780703 1763836963.341051340 0
Nov 22 13:42:43 np0005532311.novalocal container-server[95853]: ::1 - - [22/Nov/2025:18:42:43 +0000] "PUT /1/138679/AUTH_7e6379b038b744d2b4ed9c56e55784eb/gnocchi.233653f4-37c1-4cdc-9dd7-f0a104d7f3cb/1763640000.0_mean_300.0_v3" 201 - "PUT http://[::1]:8080/1/134914/AUTH_7e6379b038b744d2b4ed9c56e55784eb/gnocchi.233653f4-37c1-4cdc-9dd7-f0a104d7f3cb/1763640000.0_mean_300.0_v3" "tx2bd8dc26756347e68489d-0069220423" "object-server 96157" 0.0007 "-" 95853 0
Nov 22 13:42:43 np0005532311.novalocal object-server[96157]: ::1 - - [22/Nov/2025:18:42:43 +0000] "PUT /1/134914/AUTH_7e6379b038b744d2b4ed9c56e55784eb/gnocchi.233653f4-37c1-4cdc-9dd7-f0a104d7f3cb/1763640000.0_mean_300.0_v3" 201 - "PUT http://[::1]:8080/v1/AUTH_7e6379b038b744d2b4ed9c56e55784eb/gnocchi.233653f4-37c1-4cdc-9dd7-f0a104d7f3cb/1763640000.0_mean_300.0_v3" "tx2bd8dc26756347e68489d-0069220423" "proxy-server 88816" 0.0176 "-" 96157 0
Nov 22 13:42:43 np0005532311.novalocal container-server[95854]: ::1 - - [22/Nov/2025:18:42:43 +0000] "PUT /3/138679/AUTH_7e6379b038b744d2b4ed9c56e55784eb/gnocchi.233653f4-37c1-4cdc-9dd7-f0a104d7f3cb/1763640000.0_mean_300.0_v3" 201 - "PUT http://[::1]:8080/3/134914/AUTH_7e6379b038b744d2b4ed9c56e55784eb/gnocchi.233653f4-37c1-4cdc-9dd7-f0a104d7f3cb/1763640000.0_mean_300.0_v3" "tx2bd8dc26756347e68489d-0069220423" "object-server 96157" 0.0005 "-" 95854 0
Nov 22 13:42:43 np0005532311.novalocal object-server[96157]: ::1 - - [22/Nov/2025:18:42:43 +0000] "PUT /3/134914/AUTH_7e6379b038b744d2b4ed9c56e55784eb/gnocchi.233653f4-37c1-4cdc-9dd7-f0a104d7f3cb/1763640000.0_mean_300.0_v3" 201 - "PUT http://[::1]:8080/v1/AUTH_7e6379b038b744d2b4ed9c56e55784eb/gnocchi.233653f4-37c1-4cdc-9dd7-f0a104d7f3cb/1763640000.0_mean_300.0_v3" "tx2bd8dc26756347e68489d-0069220423" "proxy-server 88816" 0.0172 "-" 96157 0
Nov 22 13:42:43 np0005532311.novalocal container-server[95854]: ::1 - - [22/Nov/2025:18:42:43 +0000] "PUT /2/138679/AUTH_7e6379b038b744d2b4ed9c56e55784eb/gnocchi.233653f4-37c1-4cdc-9dd7-f0a104d7f3cb/1763640000.0_mean_300.0_v3" 201 - "PUT http://[::1]:8080/2/134914/AUTH_7e6379b038b744d2b4ed9c56e55784eb/gnocchi.233653f4-37c1-4cdc-9dd7-f0a104d7f3cb/1763640000.0_mean_300.0_v3" "tx2bd8dc26756347e68489d-0069220423" "object-server 96157" 0.0003 "-" 95854 0
Nov 22 13:42:43 np0005532311.novalocal object-server[96157]: ::1 - - [22/Nov/2025:18:42:43 +0000] "PUT /2/134914/AUTH_7e6379b038b744d2b4ed9c56e55784eb/gnocchi.233653f4-37c1-4cdc-9dd7-f0a104d7f3cb/1763640000.0_mean_300.0_v3" 201 - "PUT http://[::1]:8080/v1/AUTH_7e6379b038b744d2b4ed9c56e55784eb/gnocchi.233653f4-37c1-4cdc-9dd7-f0a104d7f3cb/1763640000.0_mean_300.0_v3" "tx2bd8dc26756347e68489d-0069220423" "proxy-server 88816" 0.0164 "-" 96157 0
Nov 22 13:42:43 np0005532311.novalocal proxy-server[88816]: ::1 ::1 22/Nov/2025/18/42/43 PUT /v1/AUTH_7e6379b038b744d2b4ed9c56e55784eb/gnocchi.233653f4-37c1-4cdc-9dd7-f0a104d7f3cb/1763640000.0_mean_300.0_v3 HTTP/1.0 201 - python-swiftclient-4.5.0 gAAAAABpIgQAXILt... 16 - - tx2bd8dc26756347e68489d-0069220423 - 0.0291 - - 1763836963.316874981 1763836963.345944643 0
Nov 22 13:42:43 np0005532311.novalocal container-server[95854]: ::1 - - [22/Nov/2025:18:42:43 +0000] "PUT /3/120251/AUTH_7e6379b038b744d2b4ed9c56e55784eb/gnocchi.02743456-c0f7-497d-8bbe-cf20b620dab2/1763640000.0_mean_300.0_v3" 201 - "PUT http://[::1]:8080/2/185508/AUTH_7e6379b038b744d2b4ed9c56e55784eb/gnocchi.02743456-c0f7-497d-8bbe-cf20b620dab2/1763640000.0_mean_300.0_v3" "tx59272a3f53e246c8a5694-0069220423" "object-server 96157" 0.0005 "-" 95854 0
Nov 22 13:42:43 np0005532311.novalocal container-server[95853]: ::1 - - [22/Nov/2025:18:42:43 +0000] "PUT /1/120251/AUTH_7e6379b038b744d2b4ed9c56e55784eb/gnocchi.02743456-c0f7-497d-8bbe-cf20b620dab2/1763640000.0_mean_300.0_v3" 201 - "PUT http://[::1]:8080/1/185508/AUTH_7e6379b038b744d2b4ed9c56e55784eb/gnocchi.02743456-c0f7-497d-8bbe-cf20b620dab2/1763640000.0_mean_300.0_v3" "tx59272a3f53e246c8a5694-0069220423" "object-server 96156" 0.0005 "-" 95853 0
Nov 22 13:42:43 np0005532311.novalocal object-server[96157]: ::1 - - [22/Nov/2025:18:42:43 +0000] "PUT /2/185508/AUTH_7e6379b038b744d2b4ed9c56e55784eb/gnocchi.02743456-c0f7-497d-8bbe-cf20b620dab2/1763640000.0_mean_300.0_v3" 201 - "PUT http://[::1]:8080/v1/AUTH_7e6379b038b744d2b4ed9c56e55784eb/gnocchi.02743456-c0f7-497d-8bbe-cf20b620dab2/1763640000.0_mean_300.0_v3" "tx59272a3f53e246c8a5694-0069220423" "proxy-server 88815" 0.0101 "-" 96157 0
Nov 22 13:42:43 np0005532311.novalocal object-server[96156]: ::1 - - [22/Nov/2025:18:42:43 +0000] "PUT /1/185508/AUTH_7e6379b038b744d2b4ed9c56e55784eb/gnocchi.02743456-c0f7-497d-8bbe-cf20b620dab2/1763640000.0_mean_300.0_v3" 201 - "PUT http://[::1]:8080/v1/AUTH_7e6379b038b744d2b4ed9c56e55784eb/gnocchi.02743456-c0f7-497d-8bbe-cf20b620dab2/1763640000.0_mean_300.0_v3" "tx59272a3f53e246c8a5694-0069220423" "proxy-server 88815" 0.0091 "-" 96156 0
Nov 22 13:42:43 np0005532311.novalocal container-server[95854]: ::1 - - [22/Nov/2025:18:42:43 +0000] "PUT /2/120251/AUTH_7e6379b038b744d2b4ed9c56e55784eb/gnocchi.02743456-c0f7-497d-8bbe-cf20b620dab2/1763640000.0_mean_300.0_v3" 201 - "PUT http://[::1]:8080/3/185508/AUTH_7e6379b038b744d2b4ed9c56e55784eb/gnocchi.02743456-c0f7-497d-8bbe-cf20b620dab2/1763640000.0_mean_300.0_v3" "tx59272a3f53e246c8a5694-0069220423" "object-server 96156" 0.0003 "-" 95854 0
Nov 22 13:42:43 np0005532311.novalocal object-server[96156]: ::1 - - [22/Nov/2025:18:42:43 +0000] "PUT /3/185508/AUTH_7e6379b038b744d2b4ed9c56e55784eb/gnocchi.02743456-c0f7-497d-8bbe-cf20b620dab2/1763640000.0_mean_300.0_v3" 201 - "PUT http://[::1]:8080/v1/AUTH_7e6379b038b744d2b4ed9c56e55784eb/gnocchi.02743456-c0f7-497d-8bbe-cf20b620dab2/1763640000.0_mean_300.0_v3" "tx59272a3f53e246c8a5694-0069220423" "proxy-server 88815" 0.0136 "-" 96156 0
Nov 22 13:42:43 np0005532311.novalocal proxy-server[88815]: ::1 ::1 22/Nov/2025/18/42/43 PUT /v1/AUTH_7e6379b038b744d2b4ed9c56e55784eb/gnocchi.02743456-c0f7-497d-8bbe-cf20b620dab2/1763640000.0_mean_300.0_v3 HTTP/1.0 201 - python-swiftclient-4.5.0 gAAAAABpIgQFZCvZ... 16 - - tx59272a3f53e246c8a5694-0069220423 - 0.0195 - - 1763836963.345361233 1763836963.364864349 0
Nov 22 13:42:43 np0005532311.novalocal container-server[95854]: ::1 - - [22/Nov/2025:18:42:43 +0000] "PUT /2/138679/AUTH_7e6379b038b744d2b4ed9c56e55784eb/gnocchi.233653f4-37c1-4cdc-9dd7-f0a104d7f3cb/none_v3" 201 - "PUT http://[::1]:8080/3/141099/AUTH_7e6379b038b744d2b4ed9c56e55784eb/gnocchi.233653f4-37c1-4cdc-9dd7-f0a104d7f3cb/none_v3" "tx9c6196c724a54a7b92f0a-0069220423" "object-server 96157" 0.0005 "-" 95854 0
Nov 22 13:42:43 np0005532311.novalocal container-server[95853]: ::1 - - [22/Nov/2025:18:42:43 +0000] "PUT /1/138679/AUTH_7e6379b038b744d2b4ed9c56e55784eb/gnocchi.233653f4-37c1-4cdc-9dd7-f0a104d7f3cb/none_v3" 201 - "PUT http://[::1]:8080/2/141099/AUTH_7e6379b038b744d2b4ed9c56e55784eb/gnocchi.233653f4-37c1-4cdc-9dd7-f0a104d7f3cb/none_v3" "tx9c6196c724a54a7b92f0a-0069220423" "object-server 96157" 0.0005 "-" 95853 0
Nov 22 13:42:43 np0005532311.novalocal container-server[95854]: ::1 - - [22/Nov/2025:18:42:43 +0000] "PUT /3/138679/AUTH_7e6379b038b744d2b4ed9c56e55784eb/gnocchi.233653f4-37c1-4cdc-9dd7-f0a104d7f3cb/none_v3" 201 - "PUT http://[::1]:8080/1/141099/AUTH_7e6379b038b744d2b4ed9c56e55784eb/gnocchi.233653f4-37c1-4cdc-9dd7-f0a104d7f3cb/none_v3" "tx9c6196c724a54a7b92f0a-0069220423" "object-server 96157" 0.0003 "-" 95854 0
Nov 22 13:42:43 np0005532311.novalocal object-server[96157]: ::1 - - [22/Nov/2025:18:42:43 +0000] "PUT /3/141099/AUTH_7e6379b038b744d2b4ed9c56e55784eb/gnocchi.233653f4-37c1-4cdc-9dd7-f0a104d7f3cb/none_v3" 201 - "PUT http://[::1]:8080/v1/AUTH_7e6379b038b744d2b4ed9c56e55784eb/gnocchi.233653f4-37c1-4cdc-9dd7-f0a104d7f3cb/none_v3" "tx9c6196c724a54a7b92f0a-0069220423" "proxy-server 88816" 0.0279 "-" 96157 0
Nov 22 13:42:43 np0005532311.novalocal object-server[96157]: ::1 - - [22/Nov/2025:18:42:43 +0000] "PUT /1/141099/AUTH_7e6379b038b744d2b4ed9c56e55784eb/gnocchi.233653f4-37c1-4cdc-9dd7-f0a104d7f3cb/none_v3" 201 - "PUT http://[::1]:8080/v1/AUTH_7e6379b038b744d2b4ed9c56e55784eb/gnocchi.233653f4-37c1-4cdc-9dd7-f0a104d7f3cb/none_v3" "tx9c6196c724a54a7b92f0a-0069220423" "proxy-server 88816" 0.0307 "-" 96157 0
Nov 22 13:42:43 np0005532311.novalocal object-server[96157]: ::1 - - [22/Nov/2025:18:42:43 +0000] "PUT /2/141099/AUTH_7e6379b038b744d2b4ed9c56e55784eb/gnocchi.233653f4-37c1-4cdc-9dd7-f0a104d7f3cb/none_v3" 201 - "PUT http://[::1]:8080/v1/AUTH_7e6379b038b744d2b4ed9c56e55784eb/gnocchi.233653f4-37c1-4cdc-9dd7-f0a104d7f3cb/none_v3" "tx9c6196c724a54a7b92f0a-0069220423" "proxy-server 88816" 0.0287 "-" 96157 0
Nov 22 13:42:43 np0005532311.novalocal proxy-server[88816]: ::1 ::1 22/Nov/2025/18/42/43 PUT /v1/AUTH_7e6379b038b744d2b4ed9c56e55784eb/gnocchi.233653f4-37c1-4cdc-9dd7-f0a104d7f3cb/none_v3 HTTP/1.0 201 - python-swiftclient-4.5.0 gAAAAABpIgQAXILt... 22 - - tx9c6196c724a54a7b92f0a-0069220423 - 0.0402 - - 1763836963.353309155 1763836963.393499851 0
Nov 22 13:42:43 np0005532311.novalocal container-server[95853]: ::1 - - [22/Nov/2025:18:42:43 +0000] "PUT /3/120251/AUTH_7e6379b038b744d2b4ed9c56e55784eb/gnocchi.02743456-c0f7-497d-8bbe-cf20b620dab2/none_v3" 201 - "PUT http://[::1]:8080/3/31826/AUTH_7e6379b038b744d2b4ed9c56e55784eb/gnocchi.02743456-c0f7-497d-8bbe-cf20b620dab2/none_v3" "tx85f4876b95f74cf0ba125-0069220423" "object-server 96156" 0.0007 "-" 95853 0
Nov 22 13:42:43 np0005532311.novalocal container-server[95853]: ::1 - - [22/Nov/2025:18:42:43 +0000] "PUT /1/120251/AUTH_7e6379b038b744d2b4ed9c56e55784eb/gnocchi.02743456-c0f7-497d-8bbe-cf20b620dab2/none_v3" 201 - "PUT http://[::1]:8080/1/31826/AUTH_7e6379b038b744d2b4ed9c56e55784eb/gnocchi.02743456-c0f7-497d-8bbe-cf20b620dab2/none_v3" "tx85f4876b95f74cf0ba125-0069220423" "object-server 96157" 0.0003 "-" 95853 0
Nov 22 13:42:43 np0005532311.novalocal object-server[96156]: ::1 - - [22/Nov/2025:18:42:43 +0000] "PUT /3/31826/AUTH_7e6379b038b744d2b4ed9c56e55784eb/gnocchi.02743456-c0f7-497d-8bbe-cf20b620dab2/none_v3" 201 - "PUT http://[::1]:8080/v1/AUTH_7e6379b038b744d2b4ed9c56e55784eb/gnocchi.02743456-c0f7-497d-8bbe-cf20b620dab2/none_v3" "tx85f4876b95f74cf0ba125-0069220423" "proxy-server 88815" 0.0215 "-" 96156 0
Nov 22 13:42:43 np0005532311.novalocal object-server[96157]: ::1 - - [22/Nov/2025:18:42:43 +0000] "PUT /1/31826/AUTH_7e6379b038b744d2b4ed9c56e55784eb/gnocchi.02743456-c0f7-497d-8bbe-cf20b620dab2/none_v3" 201 - "PUT http://[::1]:8080/v1/AUTH_7e6379b038b744d2b4ed9c56e55784eb/gnocchi.02743456-c0f7-497d-8bbe-cf20b620dab2/none_v3" "tx85f4876b95f74cf0ba125-0069220423" "proxy-server 88815" 0.0211 "-" 96157 0
Nov 22 13:42:43 np0005532311.novalocal container-server[95854]: ::1 - - [22/Nov/2025:18:42:43 +0000] "PUT /2/120251/AUTH_7e6379b038b744d2b4ed9c56e55784eb/gnocchi.02743456-c0f7-497d-8bbe-cf20b620dab2/none_v3" 201 - "PUT http://[::1]:8080/2/31826/AUTH_7e6379b038b744d2b4ed9c56e55784eb/gnocchi.02743456-c0f7-497d-8bbe-cf20b620dab2/none_v3" "tx85f4876b95f74cf0ba125-0069220423" "object-server 96157" 0.0003 "-" 95854 0
Nov 22 13:42:43 np0005532311.novalocal object-server[96157]: ::1 - - [22/Nov/2025:18:42:43 +0000] "PUT /2/31826/AUTH_7e6379b038b744d2b4ed9c56e55784eb/gnocchi.02743456-c0f7-497d-8bbe-cf20b620dab2/none_v3" 201 - "PUT http://[::1]:8080/v1/AUTH_7e6379b038b744d2b4ed9c56e55784eb/gnocchi.02743456-c0f7-497d-8bbe-cf20b620dab2/none_v3" "tx85f4876b95f74cf0ba125-0069220423" "proxy-server 88815" 0.0144 "-" 96157 0
Nov 22 13:42:43 np0005532311.novalocal proxy-server[88815]: ::1 ::1 22/Nov/2025/18/42/43 PUT /v1/AUTH_7e6379b038b744d2b4ed9c56e55784eb/gnocchi.02743456-c0f7-497d-8bbe-cf20b620dab2/none_v3 HTTP/1.0 201 - python-swiftclient-4.5.0 gAAAAABpIgQFZCvZ... 22 - - tx85f4876b95f74cf0ba125-0069220423 - 0.0304 - - 1763836963.369016647 1763836963.399421930 0
Nov 22 13:42:43 np0005532311.novalocal container-server[95854]: ::1 - - [22/Nov/2025:18:42:43 +0000] "HEAD /2/134521/AUTH_7e6379b038b744d2b4ed9c56e55784eb/gnocchi.ae81989f-f03c-42e3-bd5a-3368970ac1b1" 404 - "HEAD http://[::1]:8080/v1/AUTH_7e6379b038b744d2b4ed9c56e55784eb/gnocchi.ae81989f-f03c-42e3-bd5a-3368970ac1b1" "txb4658a4fcedc43c2818d4-0069220423" "proxy-server 88816" 0.0002 "-" 95854 0
Nov 22 13:42:43 np0005532311.novalocal container-server[95853]: ::1 - - [22/Nov/2025:18:42:43 +0000] "HEAD /1/134521/AUTH_7e6379b038b744d2b4ed9c56e55784eb/gnocchi.ae81989f-f03c-42e3-bd5a-3368970ac1b1" 404 - "HEAD http://[::1]:8080/v1/AUTH_7e6379b038b744d2b4ed9c56e55784eb/gnocchi.ae81989f-f03c-42e3-bd5a-3368970ac1b1" "txb4658a4fcedc43c2818d4-0069220423" "proxy-server 88816" 0.0002 "-" 95853 0
Nov 22 13:42:43 np0005532311.novalocal container-server[95853]: ::1 - - [22/Nov/2025:18:42:43 +0000] "HEAD /3/134521/AUTH_7e6379b038b744d2b4ed9c56e55784eb/gnocchi.ae81989f-f03c-42e3-bd5a-3368970ac1b1" 404 - "HEAD http://[::1]:8080/v1/AUTH_7e6379b038b744d2b4ed9c56e55784eb/gnocchi.ae81989f-f03c-42e3-bd5a-3368970ac1b1" "txb4658a4fcedc43c2818d4-0069220423" "proxy-server 88816" 0.0001 "-" 95853 0
Nov 22 13:42:43 np0005532311.novalocal proxy-server[88816]: - - 22/Nov/2025/18/42/43 HEAD /v1/AUTH_7e6379b038b744d2b4ed9c56e55784eb/gnocchi.ae81989f-f03c-42e3-bd5a-3368970ac1b1 HTTP/1.0 404 - Swift - - - - txb4658a4fcedc43c2818d4-0069220423 - 0.0059 CS - 1763836963.401713848 1763836963.407602072 0
Nov 22 13:42:43 np0005532311.novalocal container-server[95854]: ::1 - - [22/Nov/2025:18:42:43 +0000] "HEAD /1/169859/AUTH_7e6379b038b744d2b4ed9c56e55784eb/gnocchi.645babd2-ad64-4651-a16f-e6e74874988f" 404 - "HEAD http://[::1]:8080/v1/AUTH_7e6379b038b744d2b4ed9c56e55784eb/gnocchi.645babd2-ad64-4651-a16f-e6e74874988f" "tx9c8303ada4e84ffe9a6e1-0069220423" "proxy-server 88815" 0.0002 "-" 95854 0
Nov 22 13:42:43 np0005532311.novalocal object-server[96157]: ::1 - - [22/Nov/2025:18:42:43 +0000] "GET /1/260484/AUTH_7e6379b038b744d2b4ed9c56e55784eb/gnocchi.ae81989f-f03c-42e3-bd5a-3368970ac1b1/none_v3" 404 70 "GET http://[::1]:8080/v1/AUTH_7e6379b038b744d2b4ed9c56e55784eb/gnocchi.ae81989f-f03c-42e3-bd5a-3368970ac1b1/none_v3" "txb4658a4fcedc43c2818d4-0069220423" "proxy-server 88816" 0.0004 "-" 96157 0
Nov 22 13:42:43 np0005532311.novalocal container-server[95854]: ::1 - - [22/Nov/2025:18:42:43 +0000] "HEAD /3/169859/AUTH_7e6379b038b744d2b4ed9c56e55784eb/gnocchi.645babd2-ad64-4651-a16f-e6e74874988f" 404 - "HEAD http://[::1]:8080/v1/AUTH_7e6379b038b744d2b4ed9c56e55784eb/gnocchi.645babd2-ad64-4651-a16f-e6e74874988f" "tx9c8303ada4e84ffe9a6e1-0069220423" "proxy-server 88815" 0.0001 "-" 95854 0
Nov 22 13:42:43 np0005532311.novalocal container-server[95853]: ::1 - - [22/Nov/2025:18:42:43 +0000] "HEAD /2/169859/AUTH_7e6379b038b744d2b4ed9c56e55784eb/gnocchi.645babd2-ad64-4651-a16f-e6e74874988f" 404 - "HEAD http://[::1]:8080/v1/AUTH_7e6379b038b744d2b4ed9c56e55784eb/gnocchi.645babd2-ad64-4651-a16f-e6e74874988f" "tx9c8303ada4e84ffe9a6e1-0069220423" "proxy-server 88815" 0.0002 "-" 95853 0
Nov 22 13:42:43 np0005532311.novalocal object-server[96157]: ::1 - - [22/Nov/2025:18:42:43 +0000] "GET /2/260484/AUTH_7e6379b038b744d2b4ed9c56e55784eb/gnocchi.ae81989f-f03c-42e3-bd5a-3368970ac1b1/none_v3" 404 70 "GET http://[::1]:8080/v1/AUTH_7e6379b038b744d2b4ed9c56e55784eb/gnocchi.ae81989f-f03c-42e3-bd5a-3368970ac1b1/none_v3" "txb4658a4fcedc43c2818d4-0069220423" "proxy-server 88816" 0.0002 "-" 96157 0
Nov 22 13:42:43 np0005532311.novalocal proxy-server[88815]: - - 22/Nov/2025/18/42/43 HEAD /v1/AUTH_7e6379b038b744d2b4ed9c56e55784eb/gnocchi.645babd2-ad64-4651-a16f-e6e74874988f HTTP/1.0 404 - Swift - - - - tx9c8303ada4e84ffe9a6e1-0069220423 - 0.0066 CS - 1763836963.407838821 1763836963.414421320 0
Nov 22 13:42:43 np0005532311.novalocal object-server[96156]: ::1 - - [22/Nov/2025:18:42:43 +0000] "GET /3/260484/AUTH_7e6379b038b744d2b4ed9c56e55784eb/gnocchi.ae81989f-f03c-42e3-bd5a-3368970ac1b1/none_v3" 404 70 "GET http://[::1]:8080/v1/AUTH_7e6379b038b744d2b4ed9c56e55784eb/gnocchi.ae81989f-f03c-42e3-bd5a-3368970ac1b1/none_v3" "txb4658a4fcedc43c2818d4-0069220423" "proxy-server 88816" 0.0004 "-" 96156 0
Nov 22 13:42:43 np0005532311.novalocal proxy-server[88816]: ::1 ::1 22/Nov/2025/18/42/43 GET /v1/AUTH_7e6379b038b744d2b4ed9c56e55784eb/gnocchi.ae81989f-f03c-42e3-bd5a-3368970ac1b1/none_v3 HTTP/1.0 404 - python-swiftclient-4.5.0 gAAAAABpIgQAXILt... - 70 - txb4658a4fcedc43c2818d4-0069220423 - 0.0162 - - 1763836963.401106596 1763836963.417321205 0
Nov 22 13:42:43 np0005532311.novalocal object-server[96156]: ::1 - - [22/Nov/2025:18:42:43 +0000] "GET /1/150498/AUTH_7e6379b038b744d2b4ed9c56e55784eb/gnocchi.645babd2-ad64-4651-a16f-e6e74874988f/none_v3" 404 70 "GET http://[::1]:8080/v1/AUTH_7e6379b038b744d2b4ed9c56e55784eb/gnocchi.645babd2-ad64-4651-a16f-e6e74874988f/none_v3" "tx9c8303ada4e84ffe9a6e1-0069220423" "proxy-server 88815" 0.0002 "-" 96156 0
Nov 22 13:42:43 np0005532311.novalocal object-server[96156]: ::1 - - [22/Nov/2025:18:42:43 +0000] "GET /2/150498/AUTH_7e6379b038b744d2b4ed9c56e55784eb/gnocchi.645babd2-ad64-4651-a16f-e6e74874988f/none_v3" 404 70 "GET http://[::1]:8080/v1/AUTH_7e6379b038b744d2b4ed9c56e55784eb/gnocchi.645babd2-ad64-4651-a16f-e6e74874988f/none_v3" "tx9c8303ada4e84ffe9a6e1-0069220423" "proxy-server 88815" 0.0002 "-" 96156 0
Nov 22 13:42:43 np0005532311.novalocal object-server[96156]: ::1 - - [22/Nov/2025:18:42:43 +0000] "GET /3/150498/AUTH_7e6379b038b744d2b4ed9c56e55784eb/gnocchi.645babd2-ad64-4651-a16f-e6e74874988f/none_v3" 404 70 "GET http://[::1]:8080/v1/AUTH_7e6379b038b744d2b4ed9c56e55784eb/gnocchi.645babd2-ad64-4651-a16f-e6e74874988f/none_v3" "tx9c8303ada4e84ffe9a6e1-0069220423" "proxy-server 88815" 0.0001 "-" 96156 0
Nov 22 13:42:43 np0005532311.novalocal proxy-server[88815]: ::1 ::1 22/Nov/2025/18/42/43 GET /v1/AUTH_7e6379b038b744d2b4ed9c56e55784eb/gnocchi.645babd2-ad64-4651-a16f-e6e74874988f/none_v3 HTTP/1.0 404 - python-swiftclient-4.5.0 gAAAAABpIgQFZCvZ... - 70 - tx9c8303ada4e84ffe9a6e1-0069220423 - 0.0160 - - 1763836963.407339573 1763836963.423304081 0
Nov 22 13:42:43 np0005532311.novalocal account-server[95553]: ::1 - - [22/Nov/2025:18:42:43 +0000] "PUT /2/156665/AUTH_7e6379b038b744d2b4ed9c56e55784eb/gnocchi.ae81989f-f03c-42e3-bd5a-3368970ac1b1" 201 - "PUT http://[::1]:6001/3/134521/AUTH_7e6379b038b744d2b4ed9c56e55784eb/gnocchi.ae81989f-f03c-42e3-bd5a-3368970ac1b1" "txb2f59619f8e743aa8456f-0069220423" "container-server 95854" 0.0009 "-" 95553 0
Nov 22 13:42:43 np0005532311.novalocal account-server[95553]: ::1 - - [22/Nov/2025:18:42:43 +0000] "PUT /3/156665/AUTH_7e6379b038b744d2b4ed9c56e55784eb/gnocchi.ae81989f-f03c-42e3-bd5a-3368970ac1b1" 201 - "PUT http://[::1]:6001/2/134521/AUTH_7e6379b038b744d2b4ed9c56e55784eb/gnocchi.ae81989f-f03c-42e3-bd5a-3368970ac1b1" "txb2f59619f8e743aa8456f-0069220423" "container-server 95853" 0.0008 "-" 95553 0
Nov 22 13:42:43 np0005532311.novalocal account-server[95554]: ::1 - - [22/Nov/2025:18:42:43 +0000] "PUT /1/156665/AUTH_7e6379b038b744d2b4ed9c56e55784eb/gnocchi.ae81989f-f03c-42e3-bd5a-3368970ac1b1" 201 - "PUT http://[::1]:6001/1/134521/AUTH_7e6379b038b744d2b4ed9c56e55784eb/gnocchi.ae81989f-f03c-42e3-bd5a-3368970ac1b1" "txb2f59619f8e743aa8456f-0069220423" "container-server 95854" 0.0009 "-" 95554 0
Nov 22 13:42:43 np0005532311.novalocal container-server[95854]: ::1 - - [22/Nov/2025:18:42:43 +0000] "PUT /3/134521/AUTH_7e6379b038b744d2b4ed9c56e55784eb/gnocchi.ae81989f-f03c-42e3-bd5a-3368970ac1b1" 201 - "PUT http://[::1]:8080/v1/AUTH_7e6379b038b744d2b4ed9c56e55784eb/gnocchi.ae81989f-f03c-42e3-bd5a-3368970ac1b1" "txb2f59619f8e743aa8456f-0069220423" "proxy-server 88816" 0.0164 "-" 95854 0
Nov 22 13:42:43 np0005532311.novalocal container-server[95853]: ::1 - - [22/Nov/2025:18:42:43 +0000] "PUT /2/134521/AUTH_7e6379b038b744d2b4ed9c56e55784eb/gnocchi.ae81989f-f03c-42e3-bd5a-3368970ac1b1" 201 - "PUT http://[::1]:8080/v1/AUTH_7e6379b038b744d2b4ed9c56e55784eb/gnocchi.ae81989f-f03c-42e3-bd5a-3368970ac1b1" "txb2f59619f8e743aa8456f-0069220423" "proxy-server 88816" 0.0213 "-" 95853 0
Nov 22 13:42:43 np0005532311.novalocal account-server[95554]: ::1 - - [22/Nov/2025:18:42:43 +0000] "PUT /1/156665/AUTH_7e6379b038b744d2b4ed9c56e55784eb/gnocchi.645babd2-ad64-4651-a16f-e6e74874988f" 201 - "PUT http://[::1]:6001/1/169859/AUTH_7e6379b038b744d2b4ed9c56e55784eb/gnocchi.645babd2-ad64-4651-a16f-e6e74874988f" "tx1b2b2c6299894d02b22b7-0069220423" "container-server 95853" 0.0036 "-" 95554 0
Nov 22 13:42:43 np0005532311.novalocal container-server[95853]: ::1 - - [22/Nov/2025:18:42:43 +0000] "PUT /1/169859/AUTH_7e6379b038b744d2b4ed9c56e55784eb/gnocchi.645babd2-ad64-4651-a16f-e6e74874988f" 201 - "PUT http://[::1]:8080/v1/AUTH_7e6379b038b744d2b4ed9c56e55784eb/gnocchi.645babd2-ad64-4651-a16f-e6e74874988f" "tx1b2b2c6299894d02b22b7-0069220423" "proxy-server 88815" 0.0163 "-" 95853 0
Nov 22 13:42:43 np0005532311.novalocal container-server[95854]: ::1 - - [22/Nov/2025:18:42:43 +0000] "PUT /1/134521/AUTH_7e6379b038b744d2b4ed9c56e55784eb/gnocchi.ae81989f-f03c-42e3-bd5a-3368970ac1b1" 201 - "PUT http://[::1]:8080/v1/AUTH_7e6379b038b744d2b4ed9c56e55784eb/gnocchi.ae81989f-f03c-42e3-bd5a-3368970ac1b1" "txb2f59619f8e743aa8456f-0069220423" "proxy-server 88816" 0.0417 "-" 95854 0
Nov 22 13:42:43 np0005532311.novalocal proxy-server[88816]: ::1 ::1 22/Nov/2025/18/42/43 PUT /v1/AUTH_7e6379b038b744d2b4ed9c56e55784eb/gnocchi.ae81989f-f03c-42e3-bd5a-3368970ac1b1 HTTP/1.0 201 - python-swiftclient-4.5.0 gAAAAABpIgQAXILt... - - - txb2f59619f8e743aa8456f-0069220423 - 0.0530 - - 1763836963.419256926 1763836963.472208738 0
Nov 22 13:42:43 np0005532311.novalocal account-server[95553]: ::1 - - [22/Nov/2025:18:42:43 +0000] "PUT /2/156665/AUTH_7e6379b038b744d2b4ed9c56e55784eb/gnocchi.645babd2-ad64-4651-a16f-e6e74874988f" 201 - "PUT http://[::1]:6001/3/169859/AUTH_7e6379b038b744d2b4ed9c56e55784eb/gnocchi.645babd2-ad64-4651-a16f-e6e74874988f" "tx1b2b2c6299894d02b22b7-0069220423" "container-server 95854" 0.0059 "-" 95553 0
Nov 22 13:42:43 np0005532311.novalocal container-server[95854]: ::1 - - [22/Nov/2025:18:42:43 +0000] "PUT /3/169859/AUTH_7e6379b038b744d2b4ed9c56e55784eb/gnocchi.645babd2-ad64-4651-a16f-e6e74874988f" 201 - "PUT http://[::1]:8080/v1/AUTH_7e6379b038b744d2b4ed9c56e55784eb/gnocchi.645babd2-ad64-4651-a16f-e6e74874988f" "tx1b2b2c6299894d02b22b7-0069220423" "proxy-server 88815" 0.0176 "-" 95854 0
Nov 22 13:42:43 np0005532311.novalocal container-server[95853]: ::1 - - [22/Nov/2025:18:42:43 +0000] "HEAD /3/134521/AUTH_7e6379b038b744d2b4ed9c56e55784eb/gnocchi.ae81989f-f03c-42e3-bd5a-3368970ac1b1" 204 - "HEAD http://[::1]:8080/v1/AUTH_7e6379b038b744d2b4ed9c56e55784eb/gnocchi.ae81989f-f03c-42e3-bd5a-3368970ac1b1" "tx97946efde56244b281e31-0069220423" "proxy-server 88816" 0.0011 "-" 95853 0
Nov 22 13:42:43 np0005532311.novalocal proxy-server[88816]: - - 22/Nov/2025/18/42/43 HEAD /v1/AUTH_7e6379b038b744d2b4ed9c56e55784eb/gnocchi.ae81989f-f03c-42e3-bd5a-3368970ac1b1 HTTP/1.0 204 - Swift - - - - tx97946efde56244b281e31-0069220423 - 0.0078 CS - 1763836963.476012707 1763836963.483778238 0
Nov 22 13:42:43 np0005532311.novalocal account-server[95553]: ::1 - - [22/Nov/2025:18:42:43 +0000] "PUT /3/156665/AUTH_7e6379b038b744d2b4ed9c56e55784eb/gnocchi.645babd2-ad64-4651-a16f-e6e74874988f" 201 - "PUT http://[::1]:6001/2/169859/AUTH_7e6379b038b744d2b4ed9c56e55784eb/gnocchi.645babd2-ad64-4651-a16f-e6e74874988f" "tx1b2b2c6299894d02b22b7-0069220423" "container-server 95854" 0.0049 "-" 95553 0
Nov 22 13:42:43 np0005532311.novalocal container-server[95854]: ::1 - - [22/Nov/2025:18:42:43 +0000] "PUT /2/169859/AUTH_7e6379b038b744d2b4ed9c56e55784eb/gnocchi.645babd2-ad64-4651-a16f-e6e74874988f" 201 - "PUT http://[::1]:8080/v1/AUTH_7e6379b038b744d2b4ed9c56e55784eb/gnocchi.645babd2-ad64-4651-a16f-e6e74874988f" "tx1b2b2c6299894d02b22b7-0069220423" "proxy-server 88815" 0.0465 "-" 95854 0
Nov 22 13:42:43 np0005532311.novalocal proxy-server[88815]: ::1 ::1 22/Nov/2025/18/42/43 PUT /v1/AUTH_7e6379b038b744d2b4ed9c56e55784eb/gnocchi.645babd2-ad64-4651-a16f-e6e74874988f HTTP/1.0 201 - python-swiftclient-4.5.0 gAAAAABpIgQFZCvZ... - - - tx1b2b2c6299894d02b22b7-0069220423 - 0.0638 - - 1763836963.425126076 1763836963.488937378 0
Nov 22 13:42:43 np0005532311.novalocal container-server[95853]: ::1 - - [22/Nov/2025:18:42:43 +0000] "GET /3/134521/AUTH_7e6379b038b744d2b4ed9c56e55784eb/gnocchi.ae81989f-f03c-42e3-bd5a-3368970ac1b1" 200 2 "GET http://[::1]:8080/v1/AUTH_7e6379b038b744d2b4ed9c56e55784eb/gnocchi.ae81989f-f03c-42e3-bd5a-3368970ac1b1?format=json&states=listing" "tx97946efde56244b281e31-0069220423" "proxy-server 88816" 0.0024 "-" 95853 0
Nov 22 13:42:43 np0005532311.novalocal proxy-server[88816]: ::1 ::1 22/Nov/2025/18/42/43 GET /v1/AUTH_7e6379b038b744d2b4ed9c56e55784eb/gnocchi.ae81989f-f03c-42e3-bd5a-3368970ac1b1%3Fformat%3Djson%26states%3Dlisting HTTP/1.0 200 - python-swiftclient-4.5.0 gAAAAABpIgQAXILt... - 2 - tx97946efde56244b281e31-0069220423 - 0.0161 - - 1763836963.475471020 1763836963.491613150 0
Nov 22 13:42:43 np0005532311.novalocal container-server[95854]: ::1 - - [22/Nov/2025:18:42:43 +0000] "HEAD /1/169859/AUTH_7e6379b038b744d2b4ed9c56e55784eb/gnocchi.645babd2-ad64-4651-a16f-e6e74874988f" 204 - "HEAD http://[::1]:8080/v1/AUTH_7e6379b038b744d2b4ed9c56e55784eb/gnocchi.645babd2-ad64-4651-a16f-e6e74874988f" "txd3aa71f6bb1548db87ea0-0069220423" "proxy-server 88815" 0.0036 "-" 95854 0
Nov 22 13:42:43 np0005532311.novalocal object-server[96157]: ::1 - - [22/Nov/2025:18:42:43 +0000] "GET /3/18970/AUTH_7e6379b038b744d2b4ed9c56e55784eb/gnocchi.ae81989f-f03c-42e3-bd5a-3368970ac1b1/1763640000.0_mean_300.0_v3" 404 70 "GET http://[::1]:8080/v1/AUTH_7e6379b038b744d2b4ed9c56e55784eb/gnocchi.ae81989f-f03c-42e3-bd5a-3368970ac1b1/1763640000.0_mean_300.0_v3" "txfdc00cdeb8f344808d50d-0069220423" "proxy-server 88816" 0.0004 "-" 96157 0
Nov 22 13:42:43 np0005532311.novalocal proxy-server[88815]: - - 22/Nov/2025/18/42/43 HEAD /v1/AUTH_7e6379b038b744d2b4ed9c56e55784eb/gnocchi.645babd2-ad64-4651-a16f-e6e74874988f HTTP/1.0 204 - Swift - - - - txd3aa71f6bb1548db87ea0-0069220423 - 0.0085 CS - 1763836963.493172169 1763836963.501637220 0
Nov 22 13:42:43 np0005532311.novalocal object-server[96156]: ::1 - - [22/Nov/2025:18:42:43 +0000] "GET /2/18970/AUTH_7e6379b038b744d2b4ed9c56e55784eb/gnocchi.ae81989f-f03c-42e3-bd5a-3368970ac1b1/1763640000.0_mean_300.0_v3" 404 70 "GET http://[::1]:8080/v1/AUTH_7e6379b038b744d2b4ed9c56e55784eb/gnocchi.ae81989f-f03c-42e3-bd5a-3368970ac1b1/1763640000.0_mean_300.0_v3" "txfdc00cdeb8f344808d50d-0069220423" "proxy-server 88816" 0.0003 "-" 96156 0
Nov 22 13:42:43 np0005532311.novalocal object-server[96156]: ::1 - - [22/Nov/2025:18:42:43 +0000] "GET /1/18970/AUTH_7e6379b038b744d2b4ed9c56e55784eb/gnocchi.ae81989f-f03c-42e3-bd5a-3368970ac1b1/1763640000.0_mean_300.0_v3" 404 70 "GET http://[::1]:8080/v1/AUTH_7e6379b038b744d2b4ed9c56e55784eb/gnocchi.ae81989f-f03c-42e3-bd5a-3368970ac1b1/1763640000.0_mean_300.0_v3" "txfdc00cdeb8f344808d50d-0069220423" "proxy-server 88816" 0.0001 "-" 96156 0
Nov 22 13:42:43 np0005532311.novalocal container-server[95854]: ::1 - - [22/Nov/2025:18:42:43 +0000] "GET /1/169859/AUTH_7e6379b038b744d2b4ed9c56e55784eb/gnocchi.645babd2-ad64-4651-a16f-e6e74874988f" 200 2 "GET http://[::1]:8080/v1/AUTH_7e6379b038b744d2b4ed9c56e55784eb/gnocchi.645babd2-ad64-4651-a16f-e6e74874988f?format=json&states=listing" "txd3aa71f6bb1548db87ea0-0069220423" "proxy-server 88815" 0.0017 "-" 95854 0
Nov 22 13:42:43 np0005532311.novalocal proxy-server[88816]: ::1 ::1 22/Nov/2025/18/42/43 GET /v1/AUTH_7e6379b038b744d2b4ed9c56e55784eb/gnocchi.ae81989f-f03c-42e3-bd5a-3368970ac1b1/1763640000.0_mean_300.0_v3 HTTP/1.0 404 - python-swiftclient-4.5.0 gAAAAABpIgQAXILt... - 70 - txfdc00cdeb8f344808d50d-0069220423 - 0.0137 - - 1763836963.494348764 1763836963.508056402 0
Nov 22 13:42:43 np0005532311.novalocal proxy-server[88815]: ::1 ::1 22/Nov/2025/18/42/43 GET /v1/AUTH_7e6379b038b744d2b4ed9c56e55784eb/gnocchi.645babd2-ad64-4651-a16f-e6e74874988f%3Fformat%3Djson%26states%3Dlisting HTTP/1.0 200 - python-swiftclient-4.5.0 gAAAAABpIgQFZCvZ... - 2 - txd3aa71f6bb1548db87ea0-0069220423 - 0.0173 - - 1763836963.492673397 1763836963.509961367 0
Nov 22 13:42:43 np0005532311.novalocal container-server[95854]: ::1 - - [22/Nov/2025:18:42:43 +0000] "PUT /3/134521/AUTH_7e6379b038b744d2b4ed9c56e55784eb/gnocchi.ae81989f-f03c-42e3-bd5a-3368970ac1b1/1763640000.0_mean_300.0_v3" 201 - "PUT http://[::1]:8080/1/18970/AUTH_7e6379b038b744d2b4ed9c56e55784eb/gnocchi.ae81989f-f03c-42e3-bd5a-3368970ac1b1/1763640000.0_mean_300.0_v3" "txeb6f6f0943144d0e97a0a-0069220423" "object-server 96156" 0.0007 "-" 95854 0
Nov 22 13:42:43 np0005532311.novalocal object-server[96156]: ::1 - - [22/Nov/2025:18:42:43 +0000] "PUT /1/18970/AUTH_7e6379b038b744d2b4ed9c56e55784eb/gnocchi.ae81989f-f03c-42e3-bd5a-3368970ac1b1/1763640000.0_mean_300.0_v3" 201 - "PUT http://[::1]:8080/v1/AUTH_7e6379b038b744d2b4ed9c56e55784eb/gnocchi.ae81989f-f03c-42e3-bd5a-3368970ac1b1/1763640000.0_mean_300.0_v3" "txeb6f6f0943144d0e97a0a-0069220423" "proxy-server 88816" 0.0116 "-" 96156 0
Nov 22 13:42:43 np0005532311.novalocal object-server[96157]: ::1 - - [22/Nov/2025:18:42:43 +0000] "GET /2/125822/AUTH_7e6379b038b744d2b4ed9c56e55784eb/gnocchi.645babd2-ad64-4651-a16f-e6e74874988f/1763640000.0_mean_300.0_v3" 404 70 "GET http://[::1]:8080/v1/AUTH_7e6379b038b744d2b4ed9c56e55784eb/gnocchi.645babd2-ad64-4651-a16f-e6e74874988f/1763640000.0_mean_300.0_v3" "tx7e8143a36eb040a588eb9-0069220423" "proxy-server 88815" 0.0004 "-" 96157 0
Nov 22 13:42:43 np0005532311.novalocal container-server[95854]: ::1 - - [22/Nov/2025:18:42:43 +0000] "PUT /2/134521/AUTH_7e6379b038b744d2b4ed9c56e55784eb/gnocchi.ae81989f-f03c-42e3-bd5a-3368970ac1b1/1763640000.0_mean_300.0_v3" 201 - "PUT http://[::1]:8080/3/18970/AUTH_7e6379b038b744d2b4ed9c56e55784eb/gnocchi.ae81989f-f03c-42e3-bd5a-3368970ac1b1/1763640000.0_mean_300.0_v3" "txeb6f6f0943144d0e97a0a-0069220423" "object-server 96157" 0.0005 "-" 95854 0
Nov 22 13:42:43 np0005532311.novalocal object-server[96157]: ::1 - - [22/Nov/2025:18:42:43 +0000] "GET /3/125822/AUTH_7e6379b038b744d2b4ed9c56e55784eb/gnocchi.645babd2-ad64-4651-a16f-e6e74874988f/1763640000.0_mean_300.0_v3" 404 70 "GET http://[::1]:8080/v1/AUTH_7e6379b038b744d2b4ed9c56e55784eb/gnocchi.645babd2-ad64-4651-a16f-e6e74874988f/1763640000.0_mean_300.0_v3" "tx7e8143a36eb040a588eb9-0069220423" "proxy-server 88815" 0.0004 "-" 96157 0
Nov 22 13:42:43 np0005532311.novalocal object-server[96157]: ::1 - - [22/Nov/2025:18:42:43 +0000] "PUT /3/18970/AUTH_7e6379b038b744d2b4ed9c56e55784eb/gnocchi.ae81989f-f03c-42e3-bd5a-3368970ac1b1/1763640000.0_mean_300.0_v3" 201 - "PUT http://[::1]:8080/v1/AUTH_7e6379b038b744d2b4ed9c56e55784eb/gnocchi.ae81989f-f03c-42e3-bd5a-3368970ac1b1/1763640000.0_mean_300.0_v3" "txeb6f6f0943144d0e97a0a-0069220423" "proxy-server 88816" 0.0176 "-" 96157 0
Nov 22 13:42:43 np0005532311.novalocal object-server[96156]: ::1 - - [22/Nov/2025:18:42:43 +0000] "GET /1/125822/AUTH_7e6379b038b744d2b4ed9c56e55784eb/gnocchi.645babd2-ad64-4651-a16f-e6e74874988f/1763640000.0_mean_300.0_v3" 404 70 "GET http://[::1]:8080/v1/AUTH_7e6379b038b744d2b4ed9c56e55784eb/gnocchi.645babd2-ad64-4651-a16f-e6e74874988f/1763640000.0_mean_300.0_v3" "tx7e8143a36eb040a588eb9-0069220423" "proxy-server 88815" 0.0003 "-" 96156 0
Nov 22 13:42:43 np0005532311.novalocal proxy-server[88815]: ::1 ::1 22/Nov/2025/18/42/43 GET /v1/AUTH_7e6379b038b744d2b4ed9c56e55784eb/gnocchi.645babd2-ad64-4651-a16f-e6e74874988f/1763640000.0_mean_300.0_v3 HTTP/1.0 404 - python-swiftclient-4.5.0 gAAAAABpIgQFZCvZ... - 70 - tx7e8143a36eb040a588eb9-0069220423 - 0.0157 - - 1763836963.519958258 1763836963.535668850 0
Nov 22 13:42:43 np0005532311.novalocal container-server[95853]: ::1 - - [22/Nov/2025:18:42:43 +0000] "PUT /1/134521/AUTH_7e6379b038b744d2b4ed9c56e55784eb/gnocchi.ae81989f-f03c-42e3-bd5a-3368970ac1b1/1763640000.0_mean_300.0_v3" 201 - "PUT http://[::1]:8080/2/18970/AUTH_7e6379b038b744d2b4ed9c56e55784eb/gnocchi.ae81989f-f03c-42e3-bd5a-3368970ac1b1/1763640000.0_mean_300.0_v3" "txeb6f6f0943144d0e97a0a-0069220423" "object-server 96157" 0.0005 "-" 95853 0
Nov 22 13:42:43 np0005532311.novalocal object-server[96157]: ::1 - - [22/Nov/2025:18:42:43 +0000] "PUT /2/18970/AUTH_7e6379b038b744d2b4ed9c56e55784eb/gnocchi.ae81989f-f03c-42e3-bd5a-3368970ac1b1/1763640000.0_mean_300.0_v3" 201 - "PUT http://[::1]:8080/v1/AUTH_7e6379b038b744d2b4ed9c56e55784eb/gnocchi.ae81989f-f03c-42e3-bd5a-3368970ac1b1/1763640000.0_mean_300.0_v3" "txeb6f6f0943144d0e97a0a-0069220423" "proxy-server 88816" 0.0187 "-" 96157 0
Nov 22 13:42:43 np0005532311.novalocal proxy-server[88816]: ::1 ::1 22/Nov/2025/18/42/43 PUT /v1/AUTH_7e6379b038b744d2b4ed9c56e55784eb/gnocchi.ae81989f-f03c-42e3-bd5a-3368970ac1b1/1763640000.0_mean_300.0_v3 HTTP/1.0 201 - python-swiftclient-4.5.0 gAAAAABpIgQAXILt... 16 - - txeb6f6f0943144d0e97a0a-0069220423 - 0.0293 - - 1763836963.510682583 1763836963.539985657 0
Nov 22 13:42:43 np0005532311.novalocal container-server[95854]: ::1 - - [22/Nov/2025:18:42:43 +0000] "PUT /1/169859/AUTH_7e6379b038b744d2b4ed9c56e55784eb/gnocchi.645babd2-ad64-4651-a16f-e6e74874988f/1763640000.0_mean_300.0_v3" 201 - "PUT http://[::1]:8080/1/125822/AUTH_7e6379b038b744d2b4ed9c56e55784eb/gnocchi.645babd2-ad64-4651-a16f-e6e74874988f/1763640000.0_mean_300.0_v3" "txb3a527663d8a4dbe981f2-0069220423" "object-server 96157" 0.0006 "-" 95854 0
Nov 22 13:42:43 np0005532311.novalocal object-server[96157]: ::1 - - [22/Nov/2025:18:42:43 +0000] "PUT /1/125822/AUTH_7e6379b038b744d2b4ed9c56e55784eb/gnocchi.645babd2-ad64-4651-a16f-e6e74874988f/1763640000.0_mean_300.0_v3" 201 - "PUT http://[::1]:8080/v1/AUTH_7e6379b038b744d2b4ed9c56e55784eb/gnocchi.645babd2-ad64-4651-a16f-e6e74874988f/1763640000.0_mean_300.0_v3" "txb3a527663d8a4dbe981f2-0069220423" "proxy-server 88815" 0.0140 "-" 96157 0
Nov 22 13:42:43 np0005532311.novalocal container-server[95854]: ::1 - - [22/Nov/2025:18:42:43 +0000] "PUT /3/169859/AUTH_7e6379b038b744d2b4ed9c56e55784eb/gnocchi.645babd2-ad64-4651-a16f-e6e74874988f/1763640000.0_mean_300.0_v3" 201 - "PUT http://[::1]:8080/2/125822/AUTH_7e6379b038b744d2b4ed9c56e55784eb/gnocchi.645babd2-ad64-4651-a16f-e6e74874988f/1763640000.0_mean_300.0_v3" "txb3a527663d8a4dbe981f2-0069220423" "object-server 96156" 0.0005 "-" 95854 0
Nov 22 13:42:43 np0005532311.novalocal container-server[95854]: ::1 - - [22/Nov/2025:18:42:43 +0000] "PUT /2/169859/AUTH_7e6379b038b744d2b4ed9c56e55784eb/gnocchi.645babd2-ad64-4651-a16f-e6e74874988f/1763640000.0_mean_300.0_v3" 201 - "PUT http://[::1]:8080/3/125822/AUTH_7e6379b038b744d2b4ed9c56e55784eb/gnocchi.645babd2-ad64-4651-a16f-e6e74874988f/1763640000.0_mean_300.0_v3" "txb3a527663d8a4dbe981f2-0069220423" "object-server 96156" 0.0005 "-" 95854 0
Nov 22 13:42:43 np0005532311.novalocal object-server[96156]: ::1 - - [22/Nov/2025:18:42:43 +0000] "PUT /2/125822/AUTH_7e6379b038b744d2b4ed9c56e55784eb/gnocchi.645babd2-ad64-4651-a16f-e6e74874988f/1763640000.0_mean_300.0_v3" 201 - "PUT http://[::1]:8080/v1/AUTH_7e6379b038b744d2b4ed9c56e55784eb/gnocchi.645babd2-ad64-4651-a16f-e6e74874988f/1763640000.0_mean_300.0_v3" "txb3a527663d8a4dbe981f2-0069220423" "proxy-server 88815" 0.0168 "-" 96156 0
Nov 22 13:42:43 np0005532311.novalocal object-server[96156]: ::1 - - [22/Nov/2025:18:42:43 +0000] "PUT /3/125822/AUTH_7e6379b038b744d2b4ed9c56e55784eb/gnocchi.645babd2-ad64-4651-a16f-e6e74874988f/1763640000.0_mean_300.0_v3" 201 - "PUT http://[::1]:8080/v1/AUTH_7e6379b038b744d2b4ed9c56e55784eb/gnocchi.645babd2-ad64-4651-a16f-e6e74874988f/1763640000.0_mean_300.0_v3" "txb3a527663d8a4dbe981f2-0069220423" "proxy-server 88815" 0.0185 "-" 96156 0
Nov 22 13:42:43 np0005532311.novalocal proxy-server[88815]: ::1 ::1 22/Nov/2025/18/42/43 PUT /v1/AUTH_7e6379b038b744d2b4ed9c56e55784eb/gnocchi.645babd2-ad64-4651-a16f-e6e74874988f/1763640000.0_mean_300.0_v3 HTTP/1.0 201 - python-swiftclient-4.5.0 gAAAAABpIgQFZCvZ... 16 - - txb3a527663d8a4dbe981f2-0069220423 - 0.0241 - - 1763836963.538701057 1763836963.562764883 0
Nov 22 13:42:43 np0005532311.novalocal container-server[95854]: ::1 - - [22/Nov/2025:18:42:43 +0000] "PUT /2/134521/AUTH_7e6379b038b744d2b4ed9c56e55784eb/gnocchi.ae81989f-f03c-42e3-bd5a-3368970ac1b1/none_v3" 201 - "PUT http://[::1]:8080/3/260484/AUTH_7e6379b038b744d2b4ed9c56e55784eb/gnocchi.ae81989f-f03c-42e3-bd5a-3368970ac1b1/none_v3" "tx46fbf60c832d426881d95-0069220423" "object-server 96156" 0.0011 "-" 95854 0
Nov 22 13:42:43 np0005532311.novalocal object-server[96156]: ::1 - - [22/Nov/2025:18:42:43 +0000] "PUT /3/260484/AUTH_7e6379b038b744d2b4ed9c56e55784eb/gnocchi.ae81989f-f03c-42e3-bd5a-3368970ac1b1/none_v3" 201 - "PUT http://[::1]:8080/v1/AUTH_7e6379b038b744d2b4ed9c56e55784eb/gnocchi.ae81989f-f03c-42e3-bd5a-3368970ac1b1/none_v3" "tx46fbf60c832d426881d95-0069220423" "proxy-server 88816" 0.0141 "-" 96156 0
Nov 22 13:42:43 np0005532311.novalocal container-server[95854]: ::1 - - [22/Nov/2025:18:42:43 +0000] "PUT /3/134521/AUTH_7e6379b038b744d2b4ed9c56e55784eb/gnocchi.ae81989f-f03c-42e3-bd5a-3368970ac1b1/none_v3" 201 - "PUT http://[::1]:8080/2/260484/AUTH_7e6379b038b744d2b4ed9c56e55784eb/gnocchi.ae81989f-f03c-42e3-bd5a-3368970ac1b1/none_v3" "tx46fbf60c832d426881d95-0069220423" "object-server 96156" 0.0005 "-" 95854 0
Nov 22 13:42:43 np0005532311.novalocal object-server[96156]: ::1 - - [22/Nov/2025:18:42:43 +0000] "PUT /2/260484/AUTH_7e6379b038b744d2b4ed9c56e55784eb/gnocchi.ae81989f-f03c-42e3-bd5a-3368970ac1b1/none_v3" 201 - "PUT http://[::1]:8080/v1/AUTH_7e6379b038b744d2b4ed9c56e55784eb/gnocchi.ae81989f-f03c-42e3-bd5a-3368970ac1b1/none_v3" "tx46fbf60c832d426881d95-0069220423" "proxy-server 88816" 0.0202 "-" 96156 0
Nov 22 13:42:43 np0005532311.novalocal container-server[95854]: ::1 - - [22/Nov/2025:18:42:43 +0000] "PUT /1/134521/AUTH_7e6379b038b744d2b4ed9c56e55784eb/gnocchi.ae81989f-f03c-42e3-bd5a-3368970ac1b1/none_v3" 201 - "PUT http://[::1]:8080/1/260484/AUTH_7e6379b038b744d2b4ed9c56e55784eb/gnocchi.ae81989f-f03c-42e3-bd5a-3368970ac1b1/none_v3" "tx46fbf60c832d426881d95-0069220423" "object-server 96157" 0.0003 "-" 95854 0
Nov 22 13:42:43 np0005532311.novalocal object-server[96157]: ::1 - - [22/Nov/2025:18:42:43 +0000] "PUT /1/260484/AUTH_7e6379b038b744d2b4ed9c56e55784eb/gnocchi.ae81989f-f03c-42e3-bd5a-3368970ac1b1/none_v3" 201 - "PUT http://[::1]:8080/v1/AUTH_7e6379b038b744d2b4ed9c56e55784eb/gnocchi.ae81989f-f03c-42e3-bd5a-3368970ac1b1/none_v3" "tx46fbf60c832d426881d95-0069220423" "proxy-server 88816" 0.0228 "-" 96157 0
Nov 22 13:42:43 np0005532311.novalocal proxy-server[88816]: ::1 ::1 22/Nov/2025/18/42/43 PUT /v1/AUTH_7e6379b038b744d2b4ed9c56e55784eb/gnocchi.ae81989f-f03c-42e3-bd5a-3368970ac1b1/none_v3 HTTP/1.0 201 - python-swiftclient-4.5.0 gAAAAABpIgQAXILt... 22 - - tx46fbf60c832d426881d95-0069220423 - 0.0413 - - 1763836963.542625904 1763836963.583956718 0
