Nov 22 13:43:00 np0005532311.novalocal container-server[95853]: ::1 - - [22/Nov/2025:18:43:00 +0000] "PUT /3/122634/AUTH_7e6379b038b744d2b4ed9c56e55784eb/gnocchi.2077c8e5-859d-4448-ab2b-56b02e741466" 201 - "PUT http://[::1]:8080/v1/AUTH_7e6379b038b744d2b4ed9c56e55784eb/gnocchi.2077c8e5-859d-4448-ab2b-56b02e741466" "tx86233feeda4448dab765f-0069220434" "proxy-server 88815" 0.0181 "-" 95853 0
Nov 22 13:43:00 np0005532311.novalocal account-server[95554]: ::1 - - [22/Nov/2025:18:43:00 +0000] "PUT /2/156665/AUTH_7e6379b038b744d2b4ed9c56e55784eb/gnocchi.6f2db4dc-d0c5-4415-8ba6-10df46607c7e" 201 - "PUT http://[::1]:6001/3/125002/AUTH_7e6379b038b744d2b4ed9c56e55784eb/gnocchi.6f2db4dc-d0c5-4415-8ba6-10df46607c7e" "txd4c199833247481a96e19-0069220434" "container-server 95853" 0.0047 "-" 95554 0
Nov 22 13:43:00 np0005532311.novalocal container-server[95853]: ::1 - - [22/Nov/2025:18:43:00 +0000] "PUT /3/125002/AUTH_7e6379b038b744d2b4ed9c56e55784eb/gnocchi.6f2db4dc-d0c5-4415-8ba6-10df46607c7e" 201 - "PUT http://[::1]:8080/v1/AUTH_7e6379b038b744d2b4ed9c56e55784eb/gnocchi.6f2db4dc-d0c5-4415-8ba6-10df46607c7e" "txd4c199833247481a96e19-0069220434" "proxy-server 88816" 0.0150 "-" 95853 0
Nov 22 13:43:00 np0005532311.novalocal container-server[95854]: ::1 - - [22/Nov/2025:18:43:00 +0000] "PUT /1/122634/AUTH_7e6379b038b744d2b4ed9c56e55784eb/gnocchi.2077c8e5-859d-4448-ab2b-56b02e741466" 201 - "PUT http://[::1]:8080/v1/AUTH_7e6379b038b744d2b4ed9c56e55784eb/gnocchi.2077c8e5-859d-4448-ab2b-56b02e741466" "tx86233feeda4448dab765f-0069220434" "proxy-server 88815" 0.0316 "-" 95854 0
Nov 22 13:43:00 np0005532311.novalocal account-server[95553]: ::1 - - [22/Nov/2025:18:43:00 +0000] "PUT /3/156665/AUTH_7e6379b038b744d2b4ed9c56e55784eb/gnocchi.6f2db4dc-d0c5-4415-8ba6-10df46607c7e" 201 - "PUT http://[::1]:6001/1/125002/AUTH_7e6379b038b744d2b4ed9c56e55784eb/gnocchi.6f2db4dc-d0c5-4415-8ba6-10df46607c7e" "txd4c199833247481a96e19-0069220434" "container-server 95854" 0.0047 "-" 95553 0
Nov 22 13:43:00 np0005532311.novalocal account-server[95553]: ::1 - - [22/Nov/2025:18:43:00 +0000] "PUT /1/156665/AUTH_7e6379b038b744d2b4ed9c56e55784eb/gnocchi.2077c8e5-859d-4448-ab2b-56b02e741466" 201 - "PUT http://[::1]:6001/2/122634/AUTH_7e6379b038b744d2b4ed9c56e55784eb/gnocchi.2077c8e5-859d-4448-ab2b-56b02e741466" "tx86233feeda4448dab765f-0069220434" "container-server 95854" 0.0055 "-" 95553 0
Nov 22 13:43:00 np0005532311.novalocal container-server[95854]: ::1 - - [22/Nov/2025:18:43:00 +0000] "PUT /1/125002/AUTH_7e6379b038b744d2b4ed9c56e55784eb/gnocchi.6f2db4dc-d0c5-4415-8ba6-10df46607c7e" 201 - "PUT http://[::1]:8080/v1/AUTH_7e6379b038b744d2b4ed9c56e55784eb/gnocchi.6f2db4dc-d0c5-4415-8ba6-10df46607c7e" "txd4c199833247481a96e19-0069220434" "proxy-server 88816" 0.0274 "-" 95854 0
Nov 22 13:43:00 np0005532311.novalocal container-server[95854]: ::1 - - [22/Nov/2025:18:43:00 +0000] "PUT /2/122634/AUTH_7e6379b038b744d2b4ed9c56e55784eb/gnocchi.2077c8e5-859d-4448-ab2b-56b02e741466" 201 - "PUT http://[::1]:8080/v1/AUTH_7e6379b038b744d2b4ed9c56e55784eb/gnocchi.2077c8e5-859d-4448-ab2b-56b02e741466" "tx86233feeda4448dab765f-0069220434" "proxy-server 88815" 0.0380 "-" 95854 0
Nov 22 13:43:00 np0005532311.novalocal proxy-server[88815]: ::1 ::1 22/Nov/2025/18/43/00 PUT /v1/AUTH_7e6379b038b744d2b4ed9c56e55784eb/gnocchi.2077c8e5-859d-4448-ab2b-56b02e741466 HTTP/1.0 201 - python-swiftclient-4.5.0 gAAAAABpIgQFZCvZ... - - - tx86233feeda4448dab765f-0069220434 - 0.0532 - - 1763836980.448361158 1763836980.501521826 0
Nov 22 13:43:00 np0005532311.novalocal account-server[95554]: ::1 - - [22/Nov/2025:18:43:00 +0000] "PUT /1/156665/AUTH_7e6379b038b744d2b4ed9c56e55784eb/gnocchi.6f2db4dc-d0c5-4415-8ba6-10df46607c7e" 201 - "PUT http://[::1]:6001/2/125002/AUTH_7e6379b038b744d2b4ed9c56e55784eb/gnocchi.6f2db4dc-d0c5-4415-8ba6-10df46607c7e" "txd4c199833247481a96e19-0069220434" "container-server 95854" 0.0051 "-" 95554 0
Nov 22 13:43:00 np0005532311.novalocal container-server[95854]: ::1 - - [22/Nov/2025:18:43:00 +0000] "HEAD /2/122634/AUTH_7e6379b038b744d2b4ed9c56e55784eb/gnocchi.2077c8e5-859d-4448-ab2b-56b02e741466" 204 - "HEAD http://[::1]:8080/v1/AUTH_7e6379b038b744d2b4ed9c56e55784eb/gnocchi.2077c8e5-859d-4448-ab2b-56b02e741466" "tx7b3bb6e7cbf94b25abd2f-0069220434" "proxy-server 88815" 0.0020 "-" 95854 0
Nov 22 13:43:00 np0005532311.novalocal proxy-server[88815]: - - 22/Nov/2025/18/43/00 HEAD /v1/AUTH_7e6379b038b744d2b4ed9c56e55784eb/gnocchi.2077c8e5-859d-4448-ab2b-56b02e741466 HTTP/1.0 204 - Swift - - - - tx7b3bb6e7cbf94b25abd2f-0069220434 - 0.0057 CS - 1763836980.505687475 1763836980.511376381 0
Nov 22 13:43:00 np0005532311.novalocal container-server[95854]: ::1 - - [22/Nov/2025:18:43:00 +0000] "PUT /2/125002/AUTH_7e6379b038b744d2b4ed9c56e55784eb/gnocchi.6f2db4dc-d0c5-4415-8ba6-10df46607c7e" 201 - "PUT http://[::1]:8080/v1/AUTH_7e6379b038b744d2b4ed9c56e55784eb/gnocchi.6f2db4dc-d0c5-4415-8ba6-10df46607c7e" "txd4c199833247481a96e19-0069220434" "proxy-server 88816" 0.0240 "-" 95854 0
Nov 22 13:43:00 np0005532311.novalocal proxy-server[88816]: ::1 ::1 22/Nov/2025/18/43/00 PUT /v1/AUTH_7e6379b038b744d2b4ed9c56e55784eb/gnocchi.6f2db4dc-d0c5-4415-8ba6-10df46607c7e HTTP/1.0 201 - python-swiftclient-4.5.0 gAAAAABpIgQAXILt... - - - txd4c199833247481a96e19-0069220434 - 0.0556 - - 1763836980.457696438 1763836980.513268709 0
Nov 22 13:43:00 np0005532311.novalocal container-server[95854]: ::1 - - [22/Nov/2025:18:43:00 +0000] "GET /1/122634/AUTH_7e6379b038b744d2b4ed9c56e55784eb/gnocchi.2077c8e5-859d-4448-ab2b-56b02e741466" 200 2 "GET http://[::1]:8080/v1/AUTH_7e6379b038b744d2b4ed9c56e55784eb/gnocchi.2077c8e5-859d-4448-ab2b-56b02e741466?format=json&states=listing" "tx7b3bb6e7cbf94b25abd2f-0069220434" "proxy-server 88815" 0.0039 "-" 95854 0
Nov 22 13:43:00 np0005532311.novalocal proxy-server[88815]: ::1 ::1 22/Nov/2025/18/43/00 GET /v1/AUTH_7e6379b038b744d2b4ed9c56e55784eb/gnocchi.2077c8e5-859d-4448-ab2b-56b02e741466%3Fformat%3Djson%26states%3Dlisting HTTP/1.0 200 - python-swiftclient-4.5.0 gAAAAABpIgQFZCvZ... - 2 - tx7b3bb6e7cbf94b25abd2f-0069220434 - 0.0159 - - 1763836980.504917622 1763836980.520812511 0
Nov 22 13:43:00 np0005532311.novalocal container-server[95853]: ::1 - - [22/Nov/2025:18:43:00 +0000] "HEAD /2/125002/AUTH_7e6379b038b744d2b4ed9c56e55784eb/gnocchi.6f2db4dc-d0c5-4415-8ba6-10df46607c7e" 204 - "HEAD http://[::1]:8080/v1/AUTH_7e6379b038b744d2b4ed9c56e55784eb/gnocchi.6f2db4dc-d0c5-4415-8ba6-10df46607c7e" "tx4a09f56dcff24641b3f3e-0069220434" "proxy-server 88816" 0.0015 "-" 95853 0
Nov 22 13:43:00 np0005532311.novalocal proxy-server[88816]: - - 22/Nov/2025/18/43/00 HEAD /v1/AUTH_7e6379b038b744d2b4ed9c56e55784eb/gnocchi.6f2db4dc-d0c5-4415-8ba6-10df46607c7e HTTP/1.0 204 - Swift - - - - tx4a09f56dcff24641b3f3e-0069220434 - 0.0052 CS - 1763836980.517314196 1763836980.522467852 0
Nov 22 13:43:00 np0005532311.novalocal container-server[95853]: ::1 - - [22/Nov/2025:18:43:00 +0000] "GET /1/125002/AUTH_7e6379b038b744d2b4ed9c56e55784eb/gnocchi.6f2db4dc-d0c5-4415-8ba6-10df46607c7e" 200 2 "GET http://[::1]:8080/v1/AUTH_7e6379b038b744d2b4ed9c56e55784eb/gnocchi.6f2db4dc-d0c5-4415-8ba6-10df46607c7e?format=json&states=listing" "tx4a09f56dcff24641b3f3e-0069220434" "proxy-server 88816" 0.0023 "-" 95853 0
Nov 22 13:43:00 np0005532311.novalocal object-server[96157]: ::1 - - [22/Nov/2025:18:43:00 +0000] "GET /3/89717/AUTH_7e6379b038b744d2b4ed9c56e55784eb/gnocchi.2077c8e5-859d-4448-ab2b-56b02e741466/1763640000.0_mean_300.0_v3" 404 70 "GET http://[::1]:8080/v1/AUTH_7e6379b038b744d2b4ed9c56e55784eb/gnocchi.2077c8e5-859d-4448-ab2b-56b02e741466/1763640000.0_mean_300.0_v3" "tx09d29fa292dd4c88b1b5f-0069220434" "proxy-server 88815" 0.0003 "-" 96157 0
Nov 22 13:43:00 np0005532311.novalocal proxy-server[88816]: ::1 ::1 22/Nov/2025/18/43/00 GET /v1/AUTH_7e6379b038b744d2b4ed9c56e55784eb/gnocchi.6f2db4dc-d0c5-4415-8ba6-10df46607c7e%3Fformat%3Djson%26states%3Dlisting HTTP/1.0 200 - python-swiftclient-4.5.0 gAAAAABpIgQAXILt... - 2 - tx4a09f56dcff24641b3f3e-0069220434 - 0.0141 - - 1763836980.516627312 1763836980.530696630 0
Nov 22 13:43:00 np0005532311.novalocal object-server[96156]: ::1 - - [22/Nov/2025:18:43:00 +0000] "GET /1/89717/AUTH_7e6379b038b744d2b4ed9c56e55784eb/gnocchi.2077c8e5-859d-4448-ab2b-56b02e741466/1763640000.0_mean_300.0_v3" 404 70 "GET http://[::1]:8080/v1/AUTH_7e6379b038b744d2b4ed9c56e55784eb/gnocchi.2077c8e5-859d-4448-ab2b-56b02e741466/1763640000.0_mean_300.0_v3" "tx09d29fa292dd4c88b1b5f-0069220434" "proxy-server 88815" 0.0004 "-" 96156 0
Nov 22 13:43:00 np0005532311.novalocal object-server[96157]: ::1 - - [22/Nov/2025:18:43:00 +0000] "GET /2/89717/AUTH_7e6379b038b744d2b4ed9c56e55784eb/gnocchi.2077c8e5-859d-4448-ab2b-56b02e741466/1763640000.0_mean_300.0_v3" 404 70 "GET http://[::1]:8080/v1/AUTH_7e6379b038b744d2b4ed9c56e55784eb/gnocchi.2077c8e5-859d-4448-ab2b-56b02e741466/1763640000.0_mean_300.0_v3" "tx09d29fa292dd4c88b1b5f-0069220434" "proxy-server 88815" 0.0002 "-" 96157 0
Nov 22 13:43:00 np0005532311.novalocal proxy-server[88815]: ::1 ::1 22/Nov/2025/18/43/00 GET /v1/AUTH_7e6379b038b744d2b4ed9c56e55784eb/gnocchi.2077c8e5-859d-4448-ab2b-56b02e741466/1763640000.0_mean_300.0_v3 HTTP/1.0 404 - python-swiftclient-4.5.0 gAAAAABpIgQFZCvZ... - 70 - tx09d29fa292dd4c88b1b5f-0069220434 - 0.0111 - - 1763836980.524386406 1763836980.535488844 0
Nov 22 13:43:00 np0005532311.novalocal object-server[96156]: ::1 - - [22/Nov/2025:18:43:00 +0000] "GET /3/240329/AUTH_7e6379b038b744d2b4ed9c56e55784eb/gnocchi.6f2db4dc-d0c5-4415-8ba6-10df46607c7e/1763640000.0_mean_300.0_v3" 404 70 "GET http://[::1]:8080/v1/AUTH_7e6379b038b744d2b4ed9c56e55784eb/gnocchi.6f2db4dc-d0c5-4415-8ba6-10df46607c7e/1763640000.0_mean_300.0_v3" "tx2039fda0e89b4b89b29e5-0069220434" "proxy-server 88816" 0.0003 "-" 96156 0
Nov 22 13:43:00 np0005532311.novalocal object-server[96156]: ::1 - - [22/Nov/2025:18:43:00 +0000] "GET /2/240329/AUTH_7e6379b038b744d2b4ed9c56e55784eb/gnocchi.6f2db4dc-d0c5-4415-8ba6-10df46607c7e/1763640000.0_mean_300.0_v3" 404 70 "GET http://[::1]:8080/v1/AUTH_7e6379b038b744d2b4ed9c56e55784eb/gnocchi.6f2db4dc-d0c5-4415-8ba6-10df46607c7e/1763640000.0_mean_300.0_v3" "tx2039fda0e89b4b89b29e5-0069220434" "proxy-server 88816" 0.0003 "-" 96156 0
Nov 22 13:43:00 np0005532311.novalocal object-server[96157]: ::1 - - [22/Nov/2025:18:43:00 +0000] "GET /1/240329/AUTH_7e6379b038b744d2b4ed9c56e55784eb/gnocchi.6f2db4dc-d0c5-4415-8ba6-10df46607c7e/1763640000.0_mean_300.0_v3" 404 70 "GET http://[::1]:8080/v1/AUTH_7e6379b038b744d2b4ed9c56e55784eb/gnocchi.6f2db4dc-d0c5-4415-8ba6-10df46607c7e/1763640000.0_mean_300.0_v3" "tx2039fda0e89b4b89b29e5-0069220434" "proxy-server 88816" 0.0003 "-" 96157 0
Nov 22 13:43:00 np0005532311.novalocal proxy-server[88816]: ::1 ::1 22/Nov/2025/18/43/00 GET /v1/AUTH_7e6379b038b744d2b4ed9c56e55784eb/gnocchi.6f2db4dc-d0c5-4415-8ba6-10df46607c7e/1763640000.0_mean_300.0_v3 HTTP/1.0 404 - python-swiftclient-4.5.0 gAAAAABpIgQAXILt... - 70 - tx2039fda0e89b4b89b29e5-0069220434 - 0.0119 - - 1763836980.533961773 1763836980.545856237 0
Nov 22 13:43:00 np0005532311.novalocal container-server[95853]: ::1 - - [22/Nov/2025:18:43:00 +0000] "PUT /2/122634/AUTH_7e6379b038b744d2b4ed9c56e55784eb/gnocchi.2077c8e5-859d-4448-ab2b-56b02e741466/1763640000.0_mean_300.0_v3" 201 - "PUT http://[::1]:8080/2/89717/AUTH_7e6379b038b744d2b4ed9c56e55784eb/gnocchi.2077c8e5-859d-4448-ab2b-56b02e741466/1763640000.0_mean_300.0_v3" "tx43dbb3864a764011bc6cb-0069220434" "object-server 96157" 0.0006 "-" 95853 0
Nov 22 13:43:00 np0005532311.novalocal object-server[96157]: ::1 - - [22/Nov/2025:18:43:00 +0000] "PUT /2/89717/AUTH_7e6379b038b744d2b4ed9c56e55784eb/gnocchi.2077c8e5-859d-4448-ab2b-56b02e741466/1763640000.0_mean_300.0_v3" 201 - "PUT http://[::1]:8080/v1/AUTH_7e6379b038b744d2b4ed9c56e55784eb/gnocchi.2077c8e5-859d-4448-ab2b-56b02e741466/1763640000.0_mean_300.0_v3" "tx43dbb3864a764011bc6cb-0069220434" "proxy-server 88815" 0.0119 "-" 96157 0
Nov 22 13:43:00 np0005532311.novalocal container-server[95854]: ::1 - - [22/Nov/2025:18:43:00 +0000] "PUT /1/122634/AUTH_7e6379b038b744d2b4ed9c56e55784eb/gnocchi.2077c8e5-859d-4448-ab2b-56b02e741466/1763640000.0_mean_300.0_v3" 201 - "PUT http://[::1]:8080/1/89717/AUTH_7e6379b038b744d2b4ed9c56e55784eb/gnocchi.2077c8e5-859d-4448-ab2b-56b02e741466/1763640000.0_mean_300.0_v3" "tx43dbb3864a764011bc6cb-0069220434" "object-server 96156" 0.0006 "-" 95854 0
Nov 22 13:43:00 np0005532311.novalocal container-server[95853]: ::1 - - [22/Nov/2025:18:43:00 +0000] "PUT /3/122634/AUTH_7e6379b038b744d2b4ed9c56e55784eb/gnocchi.2077c8e5-859d-4448-ab2b-56b02e741466/1763640000.0_mean_300.0_v3" 201 - "PUT http://[::1]:8080/3/89717/AUTH_7e6379b038b744d2b4ed9c56e55784eb/gnocchi.2077c8e5-859d-4448-ab2b-56b02e741466/1763640000.0_mean_300.0_v3" "tx43dbb3864a764011bc6cb-0069220434" "object-server 96156" 0.0005 "-" 95853 0
Nov 22 13:43:00 np0005532311.novalocal object-server[96156]: ::1 - - [22/Nov/2025:18:43:00 +0000] "PUT /1/89717/AUTH_7e6379b038b744d2b4ed9c56e55784eb/gnocchi.2077c8e5-859d-4448-ab2b-56b02e741466/1763640000.0_mean_300.0_v3" 201 - "PUT http://[::1]:8080/v1/AUTH_7e6379b038b744d2b4ed9c56e55784eb/gnocchi.2077c8e5-859d-4448-ab2b-56b02e741466/1763640000.0_mean_300.0_v3" "tx43dbb3864a764011bc6cb-0069220434" "proxy-server 88815" 0.0106 "-" 96156 0
Nov 22 13:43:00 np0005532311.novalocal object-server[96156]: ::1 - - [22/Nov/2025:18:43:00 +0000] "PUT /3/89717/AUTH_7e6379b038b744d2b4ed9c56e55784eb/gnocchi.2077c8e5-859d-4448-ab2b-56b02e741466/1763640000.0_mean_300.0_v3" 201 - "PUT http://[::1]:8080/v1/AUTH_7e6379b038b744d2b4ed9c56e55784eb/gnocchi.2077c8e5-859d-4448-ab2b-56b02e741466/1763640000.0_mean_300.0_v3" "tx43dbb3864a764011bc6cb-0069220434" "proxy-server 88815" 0.0133 "-" 96156 0
Nov 22 13:43:00 np0005532311.novalocal proxy-server[88815]: ::1 ::1 22/Nov/2025/18/43/00 PUT /v1/AUTH_7e6379b038b744d2b4ed9c56e55784eb/gnocchi.2077c8e5-859d-4448-ab2b-56b02e741466/1763640000.0_mean_300.0_v3 HTTP/1.0 201 - python-swiftclient-4.5.0 gAAAAABpIgQFZCvZ... 16 - - tx43dbb3864a764011bc6cb-0069220434 - 0.0199 - - 1763836980.538140774 1763836980.558086157 0
Nov 22 13:43:00 np0005532311.novalocal container-server[95854]: ::1 - - [22/Nov/2025:18:43:00 +0000] "PUT /2/125002/AUTH_7e6379b038b744d2b4ed9c56e55784eb/gnocchi.6f2db4dc-d0c5-4415-8ba6-10df46607c7e/1763640000.0_mean_300.0_v3" 201 - "PUT http://[::1]:8080/2/240329/AUTH_7e6379b038b744d2b4ed9c56e55784eb/gnocchi.6f2db4dc-d0c5-4415-8ba6-10df46607c7e/1763640000.0_mean_300.0_v3" "tx13987df0036c40e29db2e-0069220434" "object-server 96156" 0.0009 "-" 95854 0
Nov 22 13:43:00 np0005532311.novalocal object-server[96156]: ::1 - - [22/Nov/2025:18:43:00 +0000] "PUT /2/240329/AUTH_7e6379b038b744d2b4ed9c56e55784eb/gnocchi.6f2db4dc-d0c5-4415-8ba6-10df46607c7e/1763640000.0_mean_300.0_v3" 201 - "PUT http://[::1]:8080/v1/AUTH_7e6379b038b744d2b4ed9c56e55784eb/gnocchi.6f2db4dc-d0c5-4415-8ba6-10df46607c7e/1763640000.0_mean_300.0_v3" "tx13987df0036c40e29db2e-0069220434" "proxy-server 88816" 0.0127 "-" 96156 0
Nov 22 13:43:00 np0005532311.novalocal container-server[95853]: ::1 - - [22/Nov/2025:18:43:00 +0000] "PUT /3/125002/AUTH_7e6379b038b744d2b4ed9c56e55784eb/gnocchi.6f2db4dc-d0c5-4415-8ba6-10df46607c7e/1763640000.0_mean_300.0_v3" 201 - "PUT http://[::1]:8080/3/240329/AUTH_7e6379b038b744d2b4ed9c56e55784eb/gnocchi.6f2db4dc-d0c5-4415-8ba6-10df46607c7e/1763640000.0_mean_300.0_v3" "tx13987df0036c40e29db2e-0069220434" "object-server 96157" 0.0007 "-" 95853 0
Nov 22 13:43:00 np0005532311.novalocal container-server[95854]: ::1 - - [22/Nov/2025:18:43:00 +0000] "PUT /1/125002/AUTH_7e6379b038b744d2b4ed9c56e55784eb/gnocchi.6f2db4dc-d0c5-4415-8ba6-10df46607c7e/1763640000.0_mean_300.0_v3" 201 - "PUT http://[::1]:8080/1/240329/AUTH_7e6379b038b744d2b4ed9c56e55784eb/gnocchi.6f2db4dc-d0c5-4415-8ba6-10df46607c7e/1763640000.0_mean_300.0_v3" "tx13987df0036c40e29db2e-0069220434" "object-server 96157" 0.0007 "-" 95854 0
Nov 22 13:43:00 np0005532311.novalocal object-server[96157]: ::1 - - [22/Nov/2025:18:43:00 +0000] "PUT /3/240329/AUTH_7e6379b038b744d2b4ed9c56e55784eb/gnocchi.6f2db4dc-d0c5-4415-8ba6-10df46607c7e/1763640000.0_mean_300.0_v3" 201 - "PUT http://[::1]:8080/v1/AUTH_7e6379b038b744d2b4ed9c56e55784eb/gnocchi.6f2db4dc-d0c5-4415-8ba6-10df46607c7e/1763640000.0_mean_300.0_v3" "tx13987df0036c40e29db2e-0069220434" "proxy-server 88816" 0.0165 "-" 96157 0
Nov 22 13:43:00 np0005532311.novalocal object-server[96157]: ::1 - - [22/Nov/2025:18:43:00 +0000] "PUT /1/240329/AUTH_7e6379b038b744d2b4ed9c56e55784eb/gnocchi.6f2db4dc-d0c5-4415-8ba6-10df46607c7e/1763640000.0_mean_300.0_v3" 201 - "PUT http://[::1]:8080/v1/AUTH_7e6379b038b744d2b4ed9c56e55784eb/gnocchi.6f2db4dc-d0c5-4415-8ba6-10df46607c7e/1763640000.0_mean_300.0_v3" "tx13987df0036c40e29db2e-0069220434" "proxy-server 88816" 0.0153 "-" 96157 0
Nov 22 13:43:00 np0005532311.novalocal proxy-server[88816]: ::1 ::1 22/Nov/2025/18/43/00 PUT /v1/AUTH_7e6379b038b744d2b4ed9c56e55784eb/gnocchi.6f2db4dc-d0c5-4415-8ba6-10df46607c7e/1763640000.0_mean_300.0_v3 HTTP/1.0 201 - python-swiftclient-4.5.0 gAAAAABpIgQAXILt... 16 - - tx13987df0036c40e29db2e-0069220434 - 0.0253 - - 1763836980.548705578 1763836980.574014664 0
Nov 22 13:43:00 np0005532311.novalocal container-server[95853]: ::1 - - [22/Nov/2025:18:43:00 +0000] "PUT /1/122634/AUTH_7e6379b038b744d2b4ed9c56e55784eb/gnocchi.2077c8e5-859d-4448-ab2b-56b02e741466/none_v3" 201 - "PUT http://[::1]:8080/1/112022/AUTH_7e6379b038b744d2b4ed9c56e55784eb/gnocchi.2077c8e5-859d-4448-ab2b-56b02e741466/none_v3" "tx0031510a922247d9a2aa0-0069220434" "object-server 96156" 0.0014 "-" 95853 0
Nov 22 13:43:00 np0005532311.novalocal object-server[96156]: ::1 - - [22/Nov/2025:18:43:00 +0000] "PUT /1/112022/AUTH_7e6379b038b744d2b4ed9c56e55784eb/gnocchi.2077c8e5-859d-4448-ab2b-56b02e741466/none_v3" 201 - "PUT http://[::1]:8080/v1/AUTH_7e6379b038b744d2b4ed9c56e55784eb/gnocchi.2077c8e5-859d-4448-ab2b-56b02e741466/none_v3" "tx0031510a922247d9a2aa0-0069220434" "proxy-server 88815" 0.0107 "-" 96156 0
Nov 22 13:43:00 np0005532311.novalocal container-server[95853]: ::1 - - [22/Nov/2025:18:43:00 +0000] "PUT /3/122634/AUTH_7e6379b038b744d2b4ed9c56e55784eb/gnocchi.2077c8e5-859d-4448-ab2b-56b02e741466/none_v3" 201 - "PUT http://[::1]:8080/2/112022/AUTH_7e6379b038b744d2b4ed9c56e55784eb/gnocchi.2077c8e5-859d-4448-ab2b-56b02e741466/none_v3" "tx0031510a922247d9a2aa0-0069220434" "object-server 96157" 0.0004 "-" 95853 0
Nov 22 13:43:00 np0005532311.novalocal container-server[95854]: ::1 - - [22/Nov/2025:18:43:00 +0000] "PUT /2/122634/AUTH_7e6379b038b744d2b4ed9c56e55784eb/gnocchi.2077c8e5-859d-4448-ab2b-56b02e741466/none_v3" 201 - "PUT http://[::1]:8080/3/112022/AUTH_7e6379b038b744d2b4ed9c56e55784eb/gnocchi.2077c8e5-859d-4448-ab2b-56b02e741466/none_v3" "tx0031510a922247d9a2aa0-0069220434" "object-server 96157" 0.0008 "-" 95854 0
Nov 22 13:43:00 np0005532311.novalocal object-server[96157]: ::1 - - [22/Nov/2025:18:43:00 +0000] "PUT /2/112022/AUTH_7e6379b038b744d2b4ed9c56e55784eb/gnocchi.2077c8e5-859d-4448-ab2b-56b02e741466/none_v3" 201 - "PUT http://[::1]:8080/v1/AUTH_7e6379b038b744d2b4ed9c56e55784eb/gnocchi.2077c8e5-859d-4448-ab2b-56b02e741466/none_v3" "tx0031510a922247d9a2aa0-0069220434" "proxy-server 88815" 0.0151 "-" 96157 0
Nov 22 13:43:00 np0005532311.novalocal object-server[96157]: ::1 - - [22/Nov/2025:18:43:00 +0000] "PUT /3/112022/AUTH_7e6379b038b744d2b4ed9c56e55784eb/gnocchi.2077c8e5-859d-4448-ab2b-56b02e741466/none_v3" 201 - "PUT http://[::1]:8080/v1/AUTH_7e6379b038b744d2b4ed9c56e55784eb/gnocchi.2077c8e5-859d-4448-ab2b-56b02e741466/none_v3" "tx0031510a922247d9a2aa0-0069220434" "proxy-server 88815" 0.0181 "-" 96157 0
Nov 22 13:43:00 np0005532311.novalocal proxy-server[88815]: ::1 ::1 22/Nov/2025/18/43/00 PUT /v1/AUTH_7e6379b038b744d2b4ed9c56e55784eb/gnocchi.2077c8e5-859d-4448-ab2b-56b02e741466/none_v3 HTTP/1.0 201 - python-swiftclient-4.5.0 gAAAAABpIgQFZCvZ... 22 - - tx0031510a922247d9a2aa0-0069220434 - 0.0282 - - 1763836980.562049627 1763836980.590291023 0
Nov 22 13:43:00 np0005532311.novalocal container-server[95854]: ::1 - - [22/Nov/2025:18:43:00 +0000] "PUT /1/125002/AUTH_7e6379b038b744d2b4ed9c56e55784eb/gnocchi.6f2db4dc-d0c5-4415-8ba6-10df46607c7e/none_v3" 201 - "PUT http://[::1]:8080/2/33136/AUTH_7e6379b038b744d2b4ed9c56e55784eb/gnocchi.6f2db4dc-d0c5-4415-8ba6-10df46607c7e/none_v3" "tx4f26791791fc4b888d597-0069220434" "object-server 96156" 0.0007 "-" 95854 0
Nov 22 13:43:00 np0005532311.novalocal object-server[104066]: Object audit (ALL). Since Sat Nov 22 18:42:58 2025: Locally: 1 passed, 0 quarantined, 0 errors, files/sec: 0.46, bytes/sec: 9912388.78, Total time: 2.16, Auditing time: 0.00, Rate: 0.00
Nov 22 13:43:00 np0005532311.novalocal object-server[96156]: ::1 - - [22/Nov/2025:18:43:00 +0000] "PUT /2/33136/AUTH_7e6379b038b744d2b4ed9c56e55784eb/gnocchi.6f2db4dc-d0c5-4415-8ba6-10df46607c7e/none_v3" 201 - "PUT http://[::1]:8080/v1/AUTH_7e6379b038b744d2b4ed9c56e55784eb/gnocchi.6f2db4dc-d0c5-4415-8ba6-10df46607c7e/none_v3" "tx4f26791791fc4b888d597-0069220434" "proxy-server 88816" 0.0120 "-" 96156 0
Nov 22 13:43:00 np0005532311.novalocal container-server[95854]: ::1 - - [22/Nov/2025:18:43:00 +0000] "PUT /3/125002/AUTH_7e6379b038b744d2b4ed9c56e55784eb/gnocchi.6f2db4dc-d0c5-4415-8ba6-10df46607c7e/none_v3" 201 - "PUT http://[::1]:8080/3/33136/AUTH_7e6379b038b744d2b4ed9c56e55784eb/gnocchi.6f2db4dc-d0c5-4415-8ba6-10df46607c7e/none_v3" "tx4f26791791fc4b888d597-0069220434" "object-server 96157" 0.0006 "-" 95854 0
Nov 22 13:43:00 np0005532311.novalocal object-server[96157]: ::1 - - [22/Nov/2025:18:43:00 +0000] "PUT /3/33136/AUTH_7e6379b038b744d2b4ed9c56e55784eb/gnocchi.6f2db4dc-d0c5-4415-8ba6-10df46607c7e/none_v3" 201 - "PUT http://[::1]:8080/v1/AUTH_7e6379b038b744d2b4ed9c56e55784eb/gnocchi.6f2db4dc-d0c5-4415-8ba6-10df46607c7e/none_v3" "tx4f26791791fc4b888d597-0069220434" "proxy-server 88816" 0.0138 "-" 96157 0
Nov 22 13:43:00 np0005532311.novalocal container-server[95854]: ::1 - - [22/Nov/2025:18:43:00 +0000] "PUT /2/125002/AUTH_7e6379b038b744d2b4ed9c56e55784eb/gnocchi.6f2db4dc-d0c5-4415-8ba6-10df46607c7e/none_v3" 201 - "PUT http://[::1]:8080/1/33136/AUTH_7e6379b038b744d2b4ed9c56e55784eb/gnocchi.6f2db4dc-d0c5-4415-8ba6-10df46607c7e/none_v3" "tx4f26791791fc4b888d597-0069220434" "object-server 96157" 0.0006 "-" 95854 0
Nov 22 13:43:00 np0005532311.novalocal object-server[96157]: ::1 - - [22/Nov/2025:18:43:00 +0000] "PUT /1/33136/AUTH_7e6379b038b744d2b4ed9c56e55784eb/gnocchi.6f2db4dc-d0c5-4415-8ba6-10df46607c7e/none_v3" 201 - "PUT http://[::1]:8080/v1/AUTH_7e6379b038b744d2b4ed9c56e55784eb/gnocchi.6f2db4dc-d0c5-4415-8ba6-10df46607c7e/none_v3" "tx4f26791791fc4b888d597-0069220434" "proxy-server 88816" 0.0136 "-" 96157 0
Nov 22 13:43:00 np0005532311.novalocal proxy-server[88816]: ::1 ::1 22/Nov/2025/18/43/00 PUT /v1/AUTH_7e6379b038b744d2b4ed9c56e55784eb/gnocchi.6f2db4dc-d0c5-4415-8ba6-10df46607c7e/none_v3 HTTP/1.0 201 - python-swiftclient-4.5.0 gAAAAABpIgQAXILt... 22 - - tx4f26791791fc4b888d597-0069220434 - 0.0243 - - 1763836980.578400373 1763836980.602721214 0
Nov 22 13:43:00 np0005532311.novalocal container-server[95854]: ::1 - - [22/Nov/2025:18:43:00 +0000] "HEAD /1/156267/AUTH_7e6379b038b744d2b4ed9c56e55784eb/gnocchi.221e0439-a539-447d-a30a-6247baf7ed1b" 404 - "HEAD http://[::1]:8080/v1/AUTH_7e6379b038b744d2b4ed9c56e55784eb/gnocchi.221e0439-a539-447d-a30a-6247baf7ed1b" "txd865261aa3b240f9be2c7-0069220434" "proxy-server 88815" 0.0003 "-" 95854 0
Nov 22 13:43:00 np0005532311.novalocal container-server[95854]: ::1 - - [22/Nov/2025:18:43:00 +0000] "HEAD /3/156267/AUTH_7e6379b038b744d2b4ed9c56e55784eb/gnocchi.221e0439-a539-447d-a30a-6247baf7ed1b" 404 - "HEAD http://[::1]:8080/v1/AUTH_7e6379b038b744d2b4ed9c56e55784eb/gnocchi.221e0439-a539-447d-a30a-6247baf7ed1b" "txd865261aa3b240f9be2c7-0069220434" "proxy-server 88815" 0.0004 "-" 95854 0
Nov 22 13:43:00 np0005532311.novalocal container-server[95853]: ::1 - - [22/Nov/2025:18:43:00 +0000] "HEAD /2/156267/AUTH_7e6379b038b744d2b4ed9c56e55784eb/gnocchi.221e0439-a539-447d-a30a-6247baf7ed1b" 404 - "HEAD http://[::1]:8080/v1/AUTH_7e6379b038b744d2b4ed9c56e55784eb/gnocchi.221e0439-a539-447d-a30a-6247baf7ed1b" "txd865261aa3b240f9be2c7-0069220434" "proxy-server 88815" 0.0004 "-" 95853 0
Nov 22 13:43:00 np0005532311.novalocal proxy-server[88815]: - - 22/Nov/2025/18/43/00 HEAD /v1/AUTH_7e6379b038b744d2b4ed9c56e55784eb/gnocchi.221e0439-a539-447d-a30a-6247baf7ed1b HTTP/1.0 404 - Swift - - - - txd865261aa3b240f9be2c7-0069220434 - 0.0099 CS - 1763836980.601318359 1763836980.611232996 0
Nov 22 13:43:00 np0005532311.novalocal object-server[96156]: ::1 - - [22/Nov/2025:18:43:00 +0000] "GET /3/141694/AUTH_7e6379b038b744d2b4ed9c56e55784eb/gnocchi.221e0439-a539-447d-a30a-6247baf7ed1b/none_v3" 404 70 "GET http://[::1]:8080/v1/AUTH_7e6379b038b744d2b4ed9c56e55784eb/gnocchi.221e0439-a539-447d-a30a-6247baf7ed1b/none_v3" "txd865261aa3b240f9be2c7-0069220434" "proxy-server 88815" 0.0004 "-" 96156 0
Nov 22 13:43:00 np0005532311.novalocal container-server[95854]: ::1 - - [22/Nov/2025:18:43:00 +0000] "HEAD /2/191527/AUTH_7e6379b038b744d2b4ed9c56e55784eb/gnocchi.4dab3960-775c-4c4c-b1fa-aa8f4577a06c" 404 - "HEAD http://[::1]:8080/v1/AUTH_7e6379b038b744d2b4ed9c56e55784eb/gnocchi.4dab3960-775c-4c4c-b1fa-aa8f4577a06c" "txab1496ef38fb4914b45ce-0069220434" "proxy-server 88816" 0.0004 "-" 95854 0
Nov 22 13:43:00 np0005532311.novalocal object-server[96157]: ::1 - - [22/Nov/2025:18:43:00 +0000] "GET /1/141694/AUTH_7e6379b038b744d2b4ed9c56e55784eb/gnocchi.221e0439-a539-447d-a30a-6247baf7ed1b/none_v3" 404 70 "GET http://[::1]:8080/v1/AUTH_7e6379b038b744d2b4ed9c56e55784eb/gnocchi.221e0439-a539-447d-a30a-6247baf7ed1b/none_v3" "txd865261aa3b240f9be2c7-0069220434" "proxy-server 88815" 0.0004 "-" 96157 0
Nov 22 13:43:00 np0005532311.novalocal object-server[96156]: ::1 - - [22/Nov/2025:18:43:00 +0000] "GET /2/141694/AUTH_7e6379b038b744d2b4ed9c56e55784eb/gnocchi.221e0439-a539-447d-a30a-6247baf7ed1b/none_v3" 404 70 "GET http://[::1]:8080/v1/AUTH_7e6379b038b744d2b4ed9c56e55784eb/gnocchi.221e0439-a539-447d-a30a-6247baf7ed1b/none_v3" "txd865261aa3b240f9be2c7-0069220434" "proxy-server 88815" 0.0002 "-" 96156 0
Nov 22 13:43:00 np0005532311.novalocal container-server[95853]: ::1 - - [22/Nov/2025:18:43:00 +0000] "HEAD /1/191527/AUTH_7e6379b038b744d2b4ed9c56e55784eb/gnocchi.4dab3960-775c-4c4c-b1fa-aa8f4577a06c" 404 - "HEAD http://[::1]:8080/v1/AUTH_7e6379b038b744d2b4ed9c56e55784eb/gnocchi.4dab3960-775c-4c4c-b1fa-aa8f4577a06c" "txab1496ef38fb4914b45ce-0069220434" "proxy-server 88816" 0.0014 "-" 95853 0
Nov 22 13:43:00 np0005532311.novalocal proxy-server[88815]: ::1 ::1 22/Nov/2025/18/43/00 GET /v1/AUTH_7e6379b038b744d2b4ed9c56e55784eb/gnocchi.221e0439-a539-447d-a30a-6247baf7ed1b/none_v3 HTTP/1.0 404 - python-swiftclient-4.5.0 gAAAAABpIgQFZCvZ... - 70 - txd865261aa3b240f9be2c7-0069220434 - 0.0214 - - 1763836980.600806713 1763836980.622199774 0
Nov 22 13:43:00 np0005532311.novalocal container-server[95853]: ::1 - - [22/Nov/2025:18:43:00 +0000] "HEAD /3/191527/AUTH_7e6379b038b744d2b4ed9c56e55784eb/gnocchi.4dab3960-775c-4c4c-b1fa-aa8f4577a06c" 404 - "HEAD http://[::1]:8080/v1/AUTH_7e6379b038b744d2b4ed9c56e55784eb/gnocchi.4dab3960-775c-4c4c-b1fa-aa8f4577a06c" "txab1496ef38fb4914b45ce-0069220434" "proxy-server 88816" 0.0004 "-" 95853 0
Nov 22 13:43:00 np0005532311.novalocal proxy-server[88816]: - - 22/Nov/2025/18/43/00 HEAD /v1/AUTH_7e6379b038b744d2b4ed9c56e55784eb/gnocchi.4dab3960-775c-4c4c-b1fa-aa8f4577a06c HTTP/1.0 404 - Swift - - - - txab1496ef38fb4914b45ce-0069220434 - 0.0112 CS - 1763836980.613943815 1763836980.625155210 0
Nov 22 13:43:00 np0005532311.novalocal object-server[96157]: ::1 - - [22/Nov/2025:18:43:00 +0000] "GET /1/174691/AUTH_7e6379b038b744d2b4ed9c56e55784eb/gnocchi.4dab3960-775c-4c4c-b1fa-aa8f4577a06c/none_v3" 404 70 "GET http://[::1]:8080/v1/AUTH_7e6379b038b744d2b4ed9c56e55784eb/gnocchi.4dab3960-775c-4c4c-b1fa-aa8f4577a06c/none_v3" "txab1496ef38fb4914b45ce-0069220434" "proxy-server 88816" 0.0003 "-" 96157 0
Nov 22 13:43:00 np0005532311.novalocal object-server[96156]: ::1 - - [22/Nov/2025:18:43:00 +0000] "GET /3/174691/AUTH_7e6379b038b744d2b4ed9c56e55784eb/gnocchi.4dab3960-775c-4c4c-b1fa-aa8f4577a06c/none_v3" 404 70 "GET http://[::1]:8080/v1/AUTH_7e6379b038b744d2b4ed9c56e55784eb/gnocchi.4dab3960-775c-4c4c-b1fa-aa8f4577a06c/none_v3" "txab1496ef38fb4914b45ce-0069220434" "proxy-server 88816" 0.0003 "-" 96156 0
Nov 22 13:43:00 np0005532311.novalocal object-server[96156]: ::1 - - [22/Nov/2025:18:43:00 +0000] "GET /2/174691/AUTH_7e6379b038b744d2b4ed9c56e55784eb/gnocchi.4dab3960-775c-4c4c-b1fa-aa8f4577a06c/none_v3" 404 70 "GET http://[::1]:8080/v1/AUTH_7e6379b038b744d2b4ed9c56e55784eb/gnocchi.4dab3960-775c-4c4c-b1fa-aa8f4577a06c/none_v3" "txab1496ef38fb4914b45ce-0069220434" "proxy-server 88816" 0.0002 "-" 96156 0
Nov 22 13:43:00 np0005532311.novalocal proxy-server[88816]: ::1 ::1 22/Nov/2025/18/43/00 GET /v1/AUTH_7e6379b038b744d2b4ed9c56e55784eb/gnocchi.4dab3960-775c-4c4c-b1fa-aa8f4577a06c/none_v3 HTTP/1.0 404 - python-swiftclient-4.5.0 gAAAAABpIgQAXILt... - 70 - txab1496ef38fb4914b45ce-0069220434 - 0.0250 - - 1763836980.613277435 1763836980.638272524 0
Nov 22 13:43:00 np0005532311.novalocal account-server[95553]: ::1 - - [22/Nov/2025:18:43:00 +0000] "PUT /3/156665/AUTH_7e6379b038b744d2b4ed9c56e55784eb/gnocchi.221e0439-a539-447d-a30a-6247baf7ed1b" 201 - "PUT http://[::1]:6001/2/156267/AUTH_7e6379b038b744d2b4ed9c56e55784eb/gnocchi.221e0439-a539-447d-a30a-6247baf7ed1b" "txb7838a6ed33e45348d034-0069220434" "container-server 95853" 0.0049 "-" 95553 0
Nov 22 13:43:00 np0005532311.novalocal container-server[95853]: ::1 - - [22/Nov/2025:18:43:00 +0000] "PUT /2/156267/AUTH_7e6379b038b744d2b4ed9c56e55784eb/gnocchi.221e0439-a539-447d-a30a-6247baf7ed1b" 201 - "PUT http://[::1]:8080/v1/AUTH_7e6379b038b744d2b4ed9c56e55784eb/gnocchi.221e0439-a539-447d-a30a-6247baf7ed1b" "txb7838a6ed33e45348d034-0069220434" "proxy-server 88815" 0.0138 "-" 95853 0
Nov 22 13:43:00 np0005532311.novalocal account-server[95553]: ::1 - - [22/Nov/2025:18:43:00 +0000] "PUT /1/156665/AUTH_7e6379b038b744d2b4ed9c56e55784eb/gnocchi.221e0439-a539-447d-a30a-6247baf7ed1b" 201 - "PUT http://[::1]:6001/3/156267/AUTH_7e6379b038b744d2b4ed9c56e55784eb/gnocchi.221e0439-a539-447d-a30a-6247baf7ed1b" "txb7838a6ed33e45348d034-0069220434" "container-server 95854" 0.0066 "-" 95553 0
Nov 22 13:43:00 np0005532311.novalocal account-server[95554]: ::1 - - [22/Nov/2025:18:43:00 +0000] "PUT /3/156665/AUTH_7e6379b038b744d2b4ed9c56e55784eb/gnocchi.4dab3960-775c-4c4c-b1fa-aa8f4577a06c" 201 - "PUT http://[::1]:6001/2/191527/AUTH_7e6379b038b744d2b4ed9c56e55784eb/gnocchi.4dab3960-775c-4c4c-b1fa-aa8f4577a06c" "txbf0dafd66bfc4759bc469-0069220434" "container-server 95854" 0.0044 "-" 95554 0
Nov 22 13:43:00 np0005532311.novalocal account-server[95553]: ::1 - - [22/Nov/2025:18:43:00 +0000] "PUT /2/156665/AUTH_7e6379b038b744d2b4ed9c56e55784eb/gnocchi.221e0439-a539-447d-a30a-6247baf7ed1b" 201 - "PUT http://[::1]:6001/1/156267/AUTH_7e6379b038b744d2b4ed9c56e55784eb/gnocchi.221e0439-a539-447d-a30a-6247baf7ed1b" "txb7838a6ed33e45348d034-0069220434" "container-server 95854" 0.0070 "-" 95553 0
Nov 22 13:43:00 np0005532311.novalocal container-server[95854]: ::1 - - [22/Nov/2025:18:43:00 +0000] "PUT /3/156267/AUTH_7e6379b038b744d2b4ed9c56e55784eb/gnocchi.221e0439-a539-447d-a30a-6247baf7ed1b" 201 - "PUT http://[::1]:8080/v1/AUTH_7e6379b038b744d2b4ed9c56e55784eb/gnocchi.221e0439-a539-447d-a30a-6247baf7ed1b" "txb7838a6ed33e45348d034-0069220434" "proxy-server 88815" 0.0394 "-" 95854 0
Nov 22 13:43:00 np0005532311.novalocal container-server[95854]: ::1 - - [22/Nov/2025:18:43:00 +0000] "PUT /1/156267/AUTH_7e6379b038b744d2b4ed9c56e55784eb/gnocchi.221e0439-a539-447d-a30a-6247baf7ed1b" 201 - "PUT http://[::1]:8080/v1/AUTH_7e6379b038b744d2b4ed9c56e55784eb/gnocchi.221e0439-a539-447d-a30a-6247baf7ed1b" "txb7838a6ed33e45348d034-0069220434" "proxy-server 88815" 0.0295 "-" 95854 0
Nov 22 13:43:00 np0005532311.novalocal container-server[95854]: ::1 - - [22/Nov/2025:18:43:00 +0000] "PUT /2/191527/AUTH_7e6379b038b744d2b4ed9c56e55784eb/gnocchi.4dab3960-775c-4c4c-b1fa-aa8f4577a06c" 201 - "PUT http://[::1]:8080/v1/AUTH_7e6379b038b744d2b4ed9c56e55784eb/gnocchi.4dab3960-775c-4c4c-b1fa-aa8f4577a06c" "txbf0dafd66bfc4759bc469-0069220434" "proxy-server 88816" 0.0212 "-" 95854 0
Nov 22 13:43:00 np0005532311.novalocal account-server[95553]: ::1 - - [22/Nov/2025:18:43:00 +0000] "PUT /2/156665/AUTH_7e6379b038b744d2b4ed9c56e55784eb/gnocchi.4dab3960-775c-4c4c-b1fa-aa8f4577a06c" 201 - "PUT http://[::1]:6001/3/191527/AUTH_7e6379b038b744d2b4ed9c56e55784eb/gnocchi.4dab3960-775c-4c4c-b1fa-aa8f4577a06c" "txbf0dafd66bfc4759bc469-0069220434" "container-server 95853" 0.0046 "-" 95553 0
Nov 22 13:43:00 np0005532311.novalocal container-server[95853]: ::1 - - [22/Nov/2025:18:43:00 +0000] "PUT /3/191527/AUTH_7e6379b038b744d2b4ed9c56e55784eb/gnocchi.4dab3960-775c-4c4c-b1fa-aa8f4577a06c" 201 - "PUT http://[::1]:8080/v1/AUTH_7e6379b038b744d2b4ed9c56e55784eb/gnocchi.4dab3960-775c-4c4c-b1fa-aa8f4577a06c" "txbf0dafd66bfc4759bc469-0069220434" "proxy-server 88816" 0.0227 "-" 95853 0
Nov 22 13:43:00 np0005532311.novalocal proxy-server[88815]: ::1 ::1 22/Nov/2025/18/43/00 PUT /v1/AUTH_7e6379b038b744d2b4ed9c56e55784eb/gnocchi.221e0439-a539-447d-a30a-6247baf7ed1b HTTP/1.0 201 - python-swiftclient-4.5.0 gAAAAABpIgQFZCvZ... - - - txb7838a6ed33e45348d034-0069220434 - 0.0479 - - 1763836980.624227762 1763836980.672100782 0
Nov 22 13:43:00 np0005532311.novalocal container-server[95854]: ::1 - - [22/Nov/2025:18:43:00 +0000] "HEAD /1/156267/AUTH_7e6379b038b744d2b4ed9c56e55784eb/gnocchi.221e0439-a539-447d-a30a-6247baf7ed1b" 204 - "HEAD http://[::1]:8080/v1/AUTH_7e6379b038b744d2b4ed9c56e55784eb/gnocchi.221e0439-a539-447d-a30a-6247baf7ed1b" "tx71fb144d822847e092b03-0069220434" "proxy-server 88815" 0.0013 "-" 95854 0
Nov 22 13:43:00 np0005532311.novalocal account-server[95554]: ::1 - - [22/Nov/2025:18:43:00 +0000] "PUT /1/156665/AUTH_7e6379b038b744d2b4ed9c56e55784eb/gnocchi.4dab3960-775c-4c4c-b1fa-aa8f4577a06c" 201 - "PUT http://[::1]:6001/1/191527/AUTH_7e6379b038b744d2b4ed9c56e55784eb/gnocchi.4dab3960-775c-4c4c-b1fa-aa8f4577a06c" "txbf0dafd66bfc4759bc469-0069220434" "container-server 95854" 0.0126 "-" 95554 0
Nov 22 13:43:00 np0005532311.novalocal container-server[95854]: ::1 - - [22/Nov/2025:18:43:00 +0000] "PUT /1/191527/AUTH_7e6379b038b744d2b4ed9c56e55784eb/gnocchi.4dab3960-775c-4c4c-b1fa-aa8f4577a06c" 201 - "PUT http://[::1]:8080/v1/AUTH_7e6379b038b744d2b4ed9c56e55784eb/gnocchi.4dab3960-775c-4c4c-b1fa-aa8f4577a06c" "txbf0dafd66bfc4759bc469-0069220434" "proxy-server 88816" 0.0252 "-" 95854 0
Nov 22 13:43:00 np0005532311.novalocal proxy-server[88815]: - - 22/Nov/2025/18/43/00 HEAD /v1/AUTH_7e6379b038b744d2b4ed9c56e55784eb/gnocchi.221e0439-a539-447d-a30a-6247baf7ed1b HTTP/1.0 204 - Swift - - - - tx71fb144d822847e092b03-0069220434 - 0.0056 CS - 1763836980.676773787 1763836980.682324409 0
Nov 22 13:43:00 np0005532311.novalocal proxy-server[88816]: ::1 ::1 22/Nov/2025/18/43/00 PUT /v1/AUTH_7e6379b038b744d2b4ed9c56e55784eb/gnocchi.4dab3960-775c-4c4c-b1fa-aa8f4577a06c HTTP/1.0 201 - python-swiftclient-4.5.0 gAAAAABpIgQAXILt... - - - txbf0dafd66bfc4759bc469-0069220434 - 0.0423 - - 1763836980.641835928 1763836980.684087276 0
Nov 22 13:43:00 np0005532311.novalocal container-server[95854]: ::1 - - [22/Nov/2025:18:43:00 +0000] "GET /1/156267/AUTH_7e6379b038b744d2b4ed9c56e55784eb/gnocchi.221e0439-a539-447d-a30a-6247baf7ed1b" 200 2 "GET http://[::1]:8080/v1/AUTH_7e6379b038b744d2b4ed9c56e55784eb/gnocchi.221e0439-a539-447d-a30a-6247baf7ed1b?format=json&states=listing" "tx71fb144d822847e092b03-0069220434" "proxy-server 88815" 0.0021 "-" 95854 0
Nov 22 13:43:00 np0005532311.novalocal container-server[95853]: ::1 - - [22/Nov/2025:18:43:00 +0000] "HEAD /1/191527/AUTH_7e6379b038b744d2b4ed9c56e55784eb/gnocchi.4dab3960-775c-4c4c-b1fa-aa8f4577a06c" 204 - "HEAD http://[::1]:8080/v1/AUTH_7e6379b038b744d2b4ed9c56e55784eb/gnocchi.4dab3960-775c-4c4c-b1fa-aa8f4577a06c" "txf11a5fdc2a994d7bba500-0069220434" "proxy-server 88816" 0.0011 "-" 95853 0
Nov 22 13:43:00 np0005532311.novalocal proxy-server[88816]: - - 22/Nov/2025/18/43/00 HEAD /v1/AUTH_7e6379b038b744d2b4ed9c56e55784eb/gnocchi.4dab3960-775c-4c4c-b1fa-aa8f4577a06c HTTP/1.0 204 - Swift - - - - txf11a5fdc2a994d7bba500-0069220434 - 0.0044 CS - 1763836980.688695669 1763836980.693056345 0
Nov 22 13:43:00 np0005532311.novalocal proxy-server[88815]: ::1 ::1 22/Nov/2025/18/43/00 GET /v1/AUTH_7e6379b038b744d2b4ed9c56e55784eb/gnocchi.221e0439-a539-447d-a30a-6247baf7ed1b%3Fformat%3Djson%26states%3Dlisting HTTP/1.0 200 - python-swiftclient-4.5.0 gAAAAABpIgQFZCvZ... - 2 - tx71fb144d822847e092b03-0069220434 - 0.0184 - - 1763836980.675872087 1763836980.694315195 0
Nov 22 13:43:00 np0005532311.novalocal container-server[95853]: ::1 - - [22/Nov/2025:18:43:00 +0000] "GET /1/191527/AUTH_7e6379b038b744d2b4ed9c56e55784eb/gnocchi.4dab3960-775c-4c4c-b1fa-aa8f4577a06c" 200 2 "GET http://[::1]:8080/v1/AUTH_7e6379b038b744d2b4ed9c56e55784eb/gnocchi.4dab3960-775c-4c4c-b1fa-aa8f4577a06c?format=json&states=listing" "txf11a5fdc2a994d7bba500-0069220434" "proxy-server 88816" 0.0015 "-" 95853 0
Nov 22 13:43:00 np0005532311.novalocal proxy-server[88816]: ::1 ::1 22/Nov/2025/18/43/00 GET /v1/AUTH_7e6379b038b744d2b4ed9c56e55784eb/gnocchi.4dab3960-775c-4c4c-b1fa-aa8f4577a06c%3Fformat%3Djson%26states%3Dlisting HTTP/1.0 200 - python-swiftclient-4.5.0 gAAAAABpIgQAXILt... - 2 - txf11a5fdc2a994d7bba500-0069220434 - 0.0123 - - 1763836980.688002825 1763836980.700349092 0
Nov 22 13:43:00 np0005532311.novalocal object-server[96156]: ::1 - - [22/Nov/2025:18:43:00 +0000] "GET /1/72667/AUTH_7e6379b038b744d2b4ed9c56e55784eb/gnocchi.221e0439-a539-447d-a30a-6247baf7ed1b/1763640000.0_mean_300.0_v3" 404 70 "GET http://[::1]:8080/v1/AUTH_7e6379b038b744d2b4ed9c56e55784eb/gnocchi.221e0439-a539-447d-a30a-6247baf7ed1b/1763640000.0_mean_300.0_v3" "tx40826b95e2174da2bfb08-0069220434" "proxy-server 88815" 0.0003 "-" 96156 0
Nov 22 13:43:00 np0005532311.novalocal object-server[96157]: ::1 - - [22/Nov/2025:18:43:00 +0000] "GET /3/72667/AUTH_7e6379b038b744d2b4ed9c56e55784eb/gnocchi.221e0439-a539-447d-a30a-6247baf7ed1b/1763640000.0_mean_300.0_v3" 404 70 "GET http://[::1]:8080/v1/AUTH_7e6379b038b744d2b4ed9c56e55784eb/gnocchi.221e0439-a539-447d-a30a-6247baf7ed1b/1763640000.0_mean_300.0_v3" "tx40826b95e2174da2bfb08-0069220434" "proxy-server 88815" 0.0004 "-" 96157 0
Nov 22 13:43:00 np0005532311.novalocal object-server[96156]: ::1 - - [22/Nov/2025:18:43:00 +0000] "GET /3/47129/AUTH_7e6379b038b744d2b4ed9c56e55784eb/gnocchi.4dab3960-775c-4c4c-b1fa-aa8f4577a06c/1763640000.0_mean_300.0_v3" 404 70 "GET http://[::1]:8080/v1/AUTH_7e6379b038b744d2b4ed9c56e55784eb/gnocchi.4dab3960-775c-4c4c-b1fa-aa8f4577a06c/1763640000.0_mean_300.0_v3" "tx6d30f18887034fa480560-0069220434" "proxy-server 88816" 0.0002 "-" 96156 0
Nov 22 13:43:00 np0005532311.novalocal object-server[96156]: ::1 - - [22/Nov/2025:18:43:00 +0000] "GET /2/72667/AUTH_7e6379b038b744d2b4ed9c56e55784eb/gnocchi.221e0439-a539-447d-a30a-6247baf7ed1b/1763640000.0_mean_300.0_v3" 404 70 "GET http://[::1]:8080/v1/AUTH_7e6379b038b744d2b4ed9c56e55784eb/gnocchi.221e0439-a539-447d-a30a-6247baf7ed1b/1763640000.0_mean_300.0_v3" "tx40826b95e2174da2bfb08-0069220434" "proxy-server 88815" 0.0001 "-" 96156 0
Nov 22 13:43:00 np0005532311.novalocal object-server[96157]: ::1 - - [22/Nov/2025:18:43:00 +0000] "GET /2/47129/AUTH_7e6379b038b744d2b4ed9c56e55784eb/gnocchi.4dab3960-775c-4c4c-b1fa-aa8f4577a06c/1763640000.0_mean_300.0_v3" 404 70 "GET http://[::1]:8080/v1/AUTH_7e6379b038b744d2b4ed9c56e55784eb/gnocchi.4dab3960-775c-4c4c-b1fa-aa8f4577a06c/1763640000.0_mean_300.0_v3" "tx6d30f18887034fa480560-0069220434" "proxy-server 88816" 0.0002 "-" 96157 0
Nov 22 13:43:00 np0005532311.novalocal proxy-server[88815]: ::1 ::1 22/Nov/2025/18/43/00 GET /v1/AUTH_7e6379b038b744d2b4ed9c56e55784eb/gnocchi.221e0439-a539-447d-a30a-6247baf7ed1b/1763640000.0_mean_300.0_v3 HTTP/1.0 404 - python-swiftclient-4.5.0 gAAAAABpIgQFZCvZ... - 70 - tx40826b95e2174da2bfb08-0069220434 - 0.0133 - - 1763836980.697837591 1763836980.711133480 0
Nov 22 13:43:00 np0005532311.novalocal object-server[96156]: ::1 - - [22/Nov/2025:18:43:00 +0000] "GET /1/47129/AUTH_7e6379b038b744d2b4ed9c56e55784eb/gnocchi.4dab3960-775c-4c4c-b1fa-aa8f4577a06c/1763640000.0_mean_300.0_v3" 404 70 "GET http://[::1]:8080/v1/AUTH_7e6379b038b744d2b4ed9c56e55784eb/gnocchi.4dab3960-775c-4c4c-b1fa-aa8f4577a06c/1763640000.0_mean_300.0_v3" "tx6d30f18887034fa480560-0069220434" "proxy-server 88816" 0.0001 "-" 96156 0
Nov 22 13:43:00 np0005532311.novalocal proxy-server[88816]: ::1 ::1 22/Nov/2025/18/43/00 GET /v1/AUTH_7e6379b038b744d2b4ed9c56e55784eb/gnocchi.4dab3960-775c-4c4c-b1fa-aa8f4577a06c/1763640000.0_mean_300.0_v3 HTTP/1.0 404 - python-swiftclient-4.5.0 gAAAAABpIgQAXILt... - 70 - tx6d30f18887034fa480560-0069220434 - 0.0093 - - 1763836980.703597069 1763836980.712939024 0
Nov 22 13:43:00 np0005532311.novalocal container-server[95854]: ::1 - - [22/Nov/2025:18:43:00 +0000] "PUT /1/191527/AUTH_7e6379b038b744d2b4ed9c56e55784eb/gnocchi.4dab3960-775c-4c4c-b1fa-aa8f4577a06c/1763640000.0_mean_300.0_v3" 201 - "PUT http://[::1]:8080/2/47129/AUTH_7e6379b038b744d2b4ed9c56e55784eb/gnocchi.4dab3960-775c-4c4c-b1fa-aa8f4577a06c/1763640000.0_mean_300.0_v3" "tx2ed35948b4f34af38c8cd-0069220434" "object-server 96156" 0.0006 "-" 95854 0
Nov 22 13:43:00 np0005532311.novalocal object-server[96156]: ::1 - - [22/Nov/2025:18:43:00 +0000] "PUT /2/47129/AUTH_7e6379b038b744d2b4ed9c56e55784eb/gnocchi.4dab3960-775c-4c4c-b1fa-aa8f4577a06c/1763640000.0_mean_300.0_v3" 201 - "PUT http://[::1]:8080/v1/AUTH_7e6379b038b744d2b4ed9c56e55784eb/gnocchi.4dab3960-775c-4c4c-b1fa-aa8f4577a06c/1763640000.0_mean_300.0_v3" "tx2ed35948b4f34af38c8cd-0069220434" "proxy-server 88816" 0.0118 "-" 96156 0
Nov 22 13:43:00 np0005532311.novalocal container-server[95854]: ::1 - - [22/Nov/2025:18:43:00 +0000] "PUT /2/191527/AUTH_7e6379b038b744d2b4ed9c56e55784eb/gnocchi.4dab3960-775c-4c4c-b1fa-aa8f4577a06c/1763640000.0_mean_300.0_v3" 201 - "PUT http://[::1]:8080/3/47129/AUTH_7e6379b038b744d2b4ed9c56e55784eb/gnocchi.4dab3960-775c-4c4c-b1fa-aa8f4577a06c/1763640000.0_mean_300.0_v3" "tx2ed35948b4f34af38c8cd-0069220434" "object-server 96156" 0.0004 "-" 95854 0
Nov 22 13:43:00 np0005532311.novalocal container-server[95853]: ::1 - - [22/Nov/2025:18:43:00 +0000] "PUT /3/156267/AUTH_7e6379b038b744d2b4ed9c56e55784eb/gnocchi.221e0439-a539-447d-a30a-6247baf7ed1b/1763640000.0_mean_300.0_v3" 201 - "PUT http://[::1]:8080/3/72667/AUTH_7e6379b038b744d2b4ed9c56e55784eb/gnocchi.221e0439-a539-447d-a30a-6247baf7ed1b/1763640000.0_mean_300.0_v3" "txfda448ae9ead45098903a-0069220434" "object-server 96157" 0.0006 "-" 95853 0
Nov 22 13:43:00 np0005532311.novalocal object-server[96156]: ::1 - - [22/Nov/2025:18:43:00 +0000] "PUT /3/47129/AUTH_7e6379b038b744d2b4ed9c56e55784eb/gnocchi.4dab3960-775c-4c4c-b1fa-aa8f4577a06c/1763640000.0_mean_300.0_v3" 201 - "PUT http://[::1]:8080/v1/AUTH_7e6379b038b744d2b4ed9c56e55784eb/gnocchi.4dab3960-775c-4c4c-b1fa-aa8f4577a06c/1763640000.0_mean_300.0_v3" "tx2ed35948b4f34af38c8cd-0069220434" "proxy-server 88816" 0.0144 "-" 96156 0
Nov 22 13:43:00 np0005532311.novalocal container-server[95854]: ::1 - - [22/Nov/2025:18:43:00 +0000] "PUT /3/191527/AUTH_7e6379b038b744d2b4ed9c56e55784eb/gnocchi.4dab3960-775c-4c4c-b1fa-aa8f4577a06c/1763640000.0_mean_300.0_v3" 201 - "PUT http://[::1]:8080/1/47129/AUTH_7e6379b038b744d2b4ed9c56e55784eb/gnocchi.4dab3960-775c-4c4c-b1fa-aa8f4577a06c/1763640000.0_mean_300.0_v3" "tx2ed35948b4f34af38c8cd-0069220434" "object-server 96157" 0.0005 "-" 95854 0
Nov 22 13:43:00 np0005532311.novalocal object-server[96157]: ::1 - - [22/Nov/2025:18:43:00 +0000] "PUT /3/72667/AUTH_7e6379b038b744d2b4ed9c56e55784eb/gnocchi.221e0439-a539-447d-a30a-6247baf7ed1b/1763640000.0_mean_300.0_v3" 201 - "PUT http://[::1]:8080/v1/AUTH_7e6379b038b744d2b4ed9c56e55784eb/gnocchi.221e0439-a539-447d-a30a-6247baf7ed1b/1763640000.0_mean_300.0_v3" "txfda448ae9ead45098903a-0069220434" "proxy-server 88815" 0.0127 "-" 96157 0
Nov 22 13:43:00 np0005532311.novalocal container-server[95854]: ::1 - - [22/Nov/2025:18:43:00 +0000] "PUT /2/156267/AUTH_7e6379b038b744d2b4ed9c56e55784eb/gnocchi.221e0439-a539-447d-a30a-6247baf7ed1b/1763640000.0_mean_300.0_v3" 201 - "PUT http://[::1]:8080/1/72667/AUTH_7e6379b038b744d2b4ed9c56e55784eb/gnocchi.221e0439-a539-447d-a30a-6247baf7ed1b/1763640000.0_mean_300.0_v3" "txfda448ae9ead45098903a-0069220434" "object-server 96156" 0.0005 "-" 95854 0
Nov 22 13:43:00 np0005532311.novalocal object-server[96157]: ::1 - - [22/Nov/2025:18:43:00 +0000] "PUT /1/47129/AUTH_7e6379b038b744d2b4ed9c56e55784eb/gnocchi.4dab3960-775c-4c4c-b1fa-aa8f4577a06c/1763640000.0_mean_300.0_v3" 201 - "PUT http://[::1]:8080/v1/AUTH_7e6379b038b744d2b4ed9c56e55784eb/gnocchi.4dab3960-775c-4c4c-b1fa-aa8f4577a06c/1763640000.0_mean_300.0_v3" "tx2ed35948b4f34af38c8cd-0069220434" "proxy-server 88816" 0.0170 "-" 96157 0
Nov 22 13:43:00 np0005532311.novalocal object-server[96156]: ::1 - - [22/Nov/2025:18:43:00 +0000] "PUT /1/72667/AUTH_7e6379b038b744d2b4ed9c56e55784eb/gnocchi.221e0439-a539-447d-a30a-6247baf7ed1b/1763640000.0_mean_300.0_v3" 201 - "PUT http://[::1]:8080/v1/AUTH_7e6379b038b744d2b4ed9c56e55784eb/gnocchi.221e0439-a539-447d-a30a-6247baf7ed1b/1763640000.0_mean_300.0_v3" "txfda448ae9ead45098903a-0069220434" "proxy-server 88815" 0.0139 "-" 96156 0
Nov 22 13:43:00 np0005532311.novalocal container-server[95854]: ::1 - - [22/Nov/2025:18:43:00 +0000] "PUT /1/156267/AUTH_7e6379b038b744d2b4ed9c56e55784eb/gnocchi.221e0439-a539-447d-a30a-6247baf7ed1b/1763640000.0_mean_300.0_v3" 201 - "PUT http://[::1]:8080/2/72667/AUTH_7e6379b038b744d2b4ed9c56e55784eb/gnocchi.221e0439-a539-447d-a30a-6247baf7ed1b/1763640000.0_mean_300.0_v3" "txfda448ae9ead45098903a-0069220434" "object-server 96157" 0.0005 "-" 95854 0
Nov 22 13:43:00 np0005532311.novalocal proxy-server[88816]: ::1 ::1 22/Nov/2025/18/43/00 PUT /v1/AUTH_7e6379b038b744d2b4ed9c56e55784eb/gnocchi.4dab3960-775c-4c4c-b1fa-aa8f4577a06c/1763640000.0_mean_300.0_v3 HTTP/1.0 201 - python-swiftclient-4.5.0 gAAAAABpIgQAXILt... 16 - - tx2ed35948b4f34af38c8cd-0069220434 - 0.0237 - - 1763836980.715845346 1763836980.739521742 0
Nov 22 13:43:00 np0005532311.novalocal object-server[96157]: ::1 - - [22/Nov/2025:18:43:00 +0000] "PUT /2/72667/AUTH_7e6379b038b744d2b4ed9c56e55784eb/gnocchi.221e0439-a539-447d-a30a-6247baf7ed1b/1763640000.0_mean_300.0_v3" 201 - "PUT http://[::1]:8080/v1/AUTH_7e6379b038b744d2b4ed9c56e55784eb/gnocchi.221e0439-a539-447d-a30a-6247baf7ed1b/1763640000.0_mean_300.0_v3" "txfda448ae9ead45098903a-0069220434" "proxy-server 88815" 0.0144 "-" 96157 0
Nov 22 13:43:00 np0005532311.novalocal proxy-server[88815]: ::1 ::1 22/Nov/2025/18/43/00 PUT /v1/AUTH_7e6379b038b744d2b4ed9c56e55784eb/gnocchi.221e0439-a539-447d-a30a-6247baf7ed1b/1763640000.0_mean_300.0_v3 HTTP/1.0 201 - python-swiftclient-4.5.0 gAAAAABpIgQFZCvZ... 16 - - txfda448ae9ead45098903a-0069220434 - 0.0271 - - 1763836980.714658260 1763836980.741725445 0
Nov 22 13:43:00 np0005532311.novalocal container-server[95853]: ::1 - - [22/Nov/2025:18:43:00 +0000] "PUT /2/191527/AUTH_7e6379b038b744d2b4ed9c56e55784eb/gnocchi.4dab3960-775c-4c4c-b1fa-aa8f4577a06c/none_v3" 201 - "PUT http://[::1]:8080/1/174691/AUTH_7e6379b038b744d2b4ed9c56e55784eb/gnocchi.4dab3960-775c-4c4c-b1fa-aa8f4577a06c/none_v3" "txb1362c7e2cac4aa58a61e-0069220434" "object-server 96157" 0.0004 "-" 95853 0
Nov 22 13:43:00 np0005532311.novalocal object-server[96157]: ::1 - - [22/Nov/2025:18:43:00 +0000] "PUT /1/174691/AUTH_7e6379b038b744d2b4ed9c56e55784eb/gnocchi.4dab3960-775c-4c4c-b1fa-aa8f4577a06c/none_v3" 201 - "PUT http://[::1]:8080/v1/AUTH_7e6379b038b744d2b4ed9c56e55784eb/gnocchi.4dab3960-775c-4c4c-b1fa-aa8f4577a06c/none_v3" "txb1362c7e2cac4aa58a61e-0069220434" "proxy-server 88816" 0.0111 "-" 96157 0
Nov 22 13:43:00 np0005532311.novalocal container-server[95853]: ::1 - - [22/Nov/2025:18:43:00 +0000] "PUT /1/191527/AUTH_7e6379b038b744d2b4ed9c56e55784eb/gnocchi.4dab3960-775c-4c4c-b1fa-aa8f4577a06c/none_v3" 201 - "PUT http://[::1]:8080/2/174691/AUTH_7e6379b038b744d2b4ed9c56e55784eb/gnocchi.4dab3960-775c-4c4c-b1fa-aa8f4577a06c/none_v3" "txb1362c7e2cac4aa58a61e-0069220434" "object-server 96156" 0.0003 "-" 95853 0
Nov 22 13:43:00 np0005532311.novalocal object-server[96156]: ::1 - - [22/Nov/2025:18:43:00 +0000] "PUT /2/174691/AUTH_7e6379b038b744d2b4ed9c56e55784eb/gnocchi.4dab3960-775c-4c4c-b1fa-aa8f4577a06c/none_v3" 201 - "PUT http://[::1]:8080/v1/AUTH_7e6379b038b744d2b4ed9c56e55784eb/gnocchi.4dab3960-775c-4c4c-b1fa-aa8f4577a06c/none_v3" "txb1362c7e2cac4aa58a61e-0069220434" "proxy-server 88816" 0.0175 "-" 96156 0
Nov 22 13:43:00 np0005532311.novalocal container-server[95854]: ::1 - - [22/Nov/2025:18:43:00 +0000] "PUT /3/191527/AUTH_7e6379b038b744d2b4ed9c56e55784eb/gnocchi.4dab3960-775c-4c4c-b1fa-aa8f4577a06c/none_v3" 201 - "PUT http://[::1]:8080/3/174691/AUTH_7e6379b038b744d2b4ed9c56e55784eb/gnocchi.4dab3960-775c-4c4c-b1fa-aa8f4577a06c/none_v3" "txb1362c7e2cac4aa58a61e-0069220434" "object-server 96156" 0.0006 "-" 95854 0
Nov 22 13:43:00 np0005532311.novalocal object-server[96156]: ::1 - - [22/Nov/2025:18:43:00 +0000] "PUT /3/174691/AUTH_7e6379b038b744d2b4ed9c56e55784eb/gnocchi.4dab3960-775c-4c4c-b1fa-aa8f4577a06c/none_v3" 201 - "PUT http://[::1]:8080/v1/AUTH_7e6379b038b744d2b4ed9c56e55784eb/gnocchi.4dab3960-775c-4c4c-b1fa-aa8f4577a06c/none_v3" "txb1362c7e2cac4aa58a61e-0069220434" "proxy-server 88816" 0.0195 "-" 96156 0
Nov 22 13:43:00 np0005532311.novalocal container-server[95853]: ::1 - - [22/Nov/2025:18:43:00 +0000] "PUT /1/156267/AUTH_7e6379b038b744d2b4ed9c56e55784eb/gnocchi.221e0439-a539-447d-a30a-6247baf7ed1b/none_v3" 201 - "PUT http://[::1]:8080/3/141694/AUTH_7e6379b038b744d2b4ed9c56e55784eb/gnocchi.221e0439-a539-447d-a30a-6247baf7ed1b/none_v3" "txf99e72bd18a34ae1932a9-0069220434" "object-server 96156" 0.0003 "-" 95853 0
