Nov 22 13:43:04 np0005532311.novalocal container-server[95853]: ::1 - - [22/Nov/2025:18:43:04 +0000] "PUT /1/138679/AUTH_7e6379b038b744d2b4ed9c56e55784eb/gnocchi.233653f4-37c1-4cdc-9dd7-f0a104d7f3cb/1763640000.0_mean_300.0_v3" 201 - "PUT http://[::1]:8080/2/134914/AUTH_7e6379b038b744d2b4ed9c56e55784eb/gnocchi.233653f4-37c1-4cdc-9dd7-f0a104d7f3cb/1763640000.0_mean_300.0_v3" "tx85e0a62c62bb47b5be7f4-0069220438" "object-server 96156" 0.0005 "-" 95853 0
Nov 22 13:43:04 np0005532311.novalocal object-server[96156]: ::1 - - [22/Nov/2025:18:43:04 +0000] "PUT /2/134914/AUTH_7e6379b038b744d2b4ed9c56e55784eb/gnocchi.233653f4-37c1-4cdc-9dd7-f0a104d7f3cb/1763640000.0_mean_300.0_v3" 201 - "PUT http://[::1]:8080/v1/AUTH_7e6379b038b744d2b4ed9c56e55784eb/gnocchi.233653f4-37c1-4cdc-9dd7-f0a104d7f3cb/1763640000.0_mean_300.0_v3" "tx85e0a62c62bb47b5be7f4-0069220438" "proxy-server 88815" 0.0127 "-" 96156 0
Nov 22 13:43:04 np0005532311.novalocal container-server[95854]: ::1 - - [22/Nov/2025:18:43:04 +0000] "PUT /2/138679/AUTH_7e6379b038b744d2b4ed9c56e55784eb/gnocchi.233653f4-37c1-4cdc-9dd7-f0a104d7f3cb/1763640000.0_mean_300.0_v3" 201 - "PUT http://[::1]:8080/1/134914/AUTH_7e6379b038b744d2b4ed9c56e55784eb/gnocchi.233653f4-37c1-4cdc-9dd7-f0a104d7f3cb/1763640000.0_mean_300.0_v3" "tx85e0a62c62bb47b5be7f4-0069220438" "object-server 96157" 0.0005 "-" 95854 0
Nov 22 13:43:04 np0005532311.novalocal object-server[96157]: ::1 - - [22/Nov/2025:18:43:04 +0000] "PUT /1/134914/AUTH_7e6379b038b744d2b4ed9c56e55784eb/gnocchi.233653f4-37c1-4cdc-9dd7-f0a104d7f3cb/1763640000.0_mean_300.0_v3" 201 - "PUT http://[::1]:8080/v1/AUTH_7e6379b038b744d2b4ed9c56e55784eb/gnocchi.233653f4-37c1-4cdc-9dd7-f0a104d7f3cb/1763640000.0_mean_300.0_v3" "tx85e0a62c62bb47b5be7f4-0069220438" "proxy-server 88815" 0.0250 "-" 96157 0
Nov 22 13:43:04 np0005532311.novalocal proxy-server[88815]: ::1 ::1 22/Nov/2025/18/43/04 PUT /v1/AUTH_7e6379b038b744d2b4ed9c56e55784eb/gnocchi.233653f4-37c1-4cdc-9dd7-f0a104d7f3cb/1763640000.0_mean_300.0_v3 HTTP/1.0 201 - python-swiftclient-4.5.0 gAAAAABpIgQFZCvZ... 16 - - tx85e0a62c62bb47b5be7f4-0069220438 - 0.0396 - - 1763836984.838991642 1763836984.878633499 0
Nov 22 13:43:04 np0005532311.novalocal container-server[95853]: ::1 - - [22/Nov/2025:18:43:04 +0000] "PUT /3/120251/AUTH_7e6379b038b744d2b4ed9c56e55784eb/gnocchi.02743456-c0f7-497d-8bbe-cf20b620dab2/1763640000.0_mean_300.0_v3" 201 - "PUT http://[::1]:8080/1/185508/AUTH_7e6379b038b744d2b4ed9c56e55784eb/gnocchi.02743456-c0f7-497d-8bbe-cf20b620dab2/1763640000.0_mean_300.0_v3" "tx1931f07458d04ee983a3f-0069220438" "object-server 96157" 0.0012 "-" 95853 0
Nov 22 13:43:04 np0005532311.novalocal object-server[96157]: ::1 - - [22/Nov/2025:18:43:04 +0000] "PUT /1/185508/AUTH_7e6379b038b744d2b4ed9c56e55784eb/gnocchi.02743456-c0f7-497d-8bbe-cf20b620dab2/1763640000.0_mean_300.0_v3" 201 - "PUT http://[::1]:8080/v1/AUTH_7e6379b038b744d2b4ed9c56e55784eb/gnocchi.02743456-c0f7-497d-8bbe-cf20b620dab2/1763640000.0_mean_300.0_v3" "tx1931f07458d04ee983a3f-0069220438" "proxy-server 88816" 0.0165 "-" 96157 0
Nov 22 13:43:04 np0005532311.novalocal container-server[95854]: ::1 - - [22/Nov/2025:18:43:04 +0000] "PUT /1/120251/AUTH_7e6379b038b744d2b4ed9c56e55784eb/gnocchi.02743456-c0f7-497d-8bbe-cf20b620dab2/1763640000.0_mean_300.0_v3" 201 - "PUT http://[::1]:8080/2/185508/AUTH_7e6379b038b744d2b4ed9c56e55784eb/gnocchi.02743456-c0f7-497d-8bbe-cf20b620dab2/1763640000.0_mean_300.0_v3" "tx1931f07458d04ee983a3f-0069220438" "object-server 96157" 0.0005 "-" 95854 0
Nov 22 13:43:04 np0005532311.novalocal container-server[95853]: ::1 - - [22/Nov/2025:18:43:04 +0000] "PUT /2/120251/AUTH_7e6379b038b744d2b4ed9c56e55784eb/gnocchi.02743456-c0f7-497d-8bbe-cf20b620dab2/1763640000.0_mean_300.0_v3" 201 - "PUT http://[::1]:8080/3/185508/AUTH_7e6379b038b744d2b4ed9c56e55784eb/gnocchi.02743456-c0f7-497d-8bbe-cf20b620dab2/1763640000.0_mean_300.0_v3" "tx1931f07458d04ee983a3f-0069220438" "object-server 96157" 0.0007 "-" 95853 0
Nov 22 13:43:04 np0005532311.novalocal object-server[96157]: ::1 - - [22/Nov/2025:18:43:04 +0000] "PUT /2/185508/AUTH_7e6379b038b744d2b4ed9c56e55784eb/gnocchi.02743456-c0f7-497d-8bbe-cf20b620dab2/1763640000.0_mean_300.0_v3" 201 - "PUT http://[::1]:8080/v1/AUTH_7e6379b038b744d2b4ed9c56e55784eb/gnocchi.02743456-c0f7-497d-8bbe-cf20b620dab2/1763640000.0_mean_300.0_v3" "tx1931f07458d04ee983a3f-0069220438" "proxy-server 88816" 0.0394 "-" 96157 0
Nov 22 13:43:04 np0005532311.novalocal object-server[96157]: ::1 - - [22/Nov/2025:18:43:04 +0000] "PUT /3/185508/AUTH_7e6379b038b744d2b4ed9c56e55784eb/gnocchi.02743456-c0f7-497d-8bbe-cf20b620dab2/1763640000.0_mean_300.0_v3" 201 - "PUT http://[::1]:8080/v1/AUTH_7e6379b038b744d2b4ed9c56e55784eb/gnocchi.02743456-c0f7-497d-8bbe-cf20b620dab2/1763640000.0_mean_300.0_v3" "tx1931f07458d04ee983a3f-0069220438" "proxy-server 88816" 0.0401 "-" 96157 0
Nov 22 13:43:04 np0005532311.novalocal container-server[95854]: ::1 - - [22/Nov/2025:18:43:04 +0000] "PUT /1/138679/AUTH_7e6379b038b744d2b4ed9c56e55784eb/gnocchi.233653f4-37c1-4cdc-9dd7-f0a104d7f3cb/none_v3" 201 - "PUT http://[::1]:8080/1/141099/AUTH_7e6379b038b744d2b4ed9c56e55784eb/gnocchi.233653f4-37c1-4cdc-9dd7-f0a104d7f3cb/none_v3" "tx84f6bdb5d5b641b1b2483-0069220438" "object-server 96157" 0.0005 "-" 95854 0
Nov 22 13:43:04 np0005532311.novalocal container-server[95853]: ::1 - - [22/Nov/2025:18:43:04 +0000] "PUT /2/138679/AUTH_7e6379b038b744d2b4ed9c56e55784eb/gnocchi.233653f4-37c1-4cdc-9dd7-f0a104d7f3cb/none_v3" 201 - "PUT http://[::1]:8080/3/141099/AUTH_7e6379b038b744d2b4ed9c56e55784eb/gnocchi.233653f4-37c1-4cdc-9dd7-f0a104d7f3cb/none_v3" "tx84f6bdb5d5b641b1b2483-0069220438" "object-server 96157" 0.0005 "-" 95853 0
Nov 22 13:43:04 np0005532311.novalocal object-server[96157]: ::1 - - [22/Nov/2025:18:43:04 +0000] "PUT /1/141099/AUTH_7e6379b038b744d2b4ed9c56e55784eb/gnocchi.233653f4-37c1-4cdc-9dd7-f0a104d7f3cb/none_v3" 201 - "PUT http://[::1]:8080/v1/AUTH_7e6379b038b744d2b4ed9c56e55784eb/gnocchi.233653f4-37c1-4cdc-9dd7-f0a104d7f3cb/none_v3" "tx84f6bdb5d5b641b1b2483-0069220438" "proxy-server 88815" 0.0249 "-" 96157 0
Nov 22 13:43:04 np0005532311.novalocal container-server[95854]: ::1 - - [22/Nov/2025:18:43:04 +0000] "PUT /3/138679/AUTH_7e6379b038b744d2b4ed9c56e55784eb/gnocchi.233653f4-37c1-4cdc-9dd7-f0a104d7f3cb/none_v3" 201 - "PUT http://[::1]:8080/2/141099/AUTH_7e6379b038b744d2b4ed9c56e55784eb/gnocchi.233653f4-37c1-4cdc-9dd7-f0a104d7f3cb/none_v3" "tx84f6bdb5d5b641b1b2483-0069220438" "object-server 96157" 0.0004 "-" 95854 0
Nov 22 13:43:04 np0005532311.novalocal object-server[96157]: ::1 - - [22/Nov/2025:18:43:04 +0000] "PUT /2/141099/AUTH_7e6379b038b744d2b4ed9c56e55784eb/gnocchi.233653f4-37c1-4cdc-9dd7-f0a104d7f3cb/none_v3" 201 - "PUT http://[::1]:8080/v1/AUTH_7e6379b038b744d2b4ed9c56e55784eb/gnocchi.233653f4-37c1-4cdc-9dd7-f0a104d7f3cb/none_v3" "tx84f6bdb5d5b641b1b2483-0069220438" "proxy-server 88815" 0.0231 "-" 96157 0
Nov 22 13:43:04 np0005532311.novalocal proxy-server[88816]: ::1 ::1 22/Nov/2025/18/43/04 PUT /v1/AUTH_7e6379b038b744d2b4ed9c56e55784eb/gnocchi.02743456-c0f7-497d-8bbe-cf20b620dab2/1763640000.0_mean_300.0_v3 HTTP/1.0 201 - python-swiftclient-4.5.0 gAAAAABpIgQAXILt... 16 - - tx1931f07458d04ee983a3f-0069220438 - 0.0564 - - 1763836984.862611532 1763836984.918979645 0
Nov 22 13:43:04 np0005532311.novalocal object-server[96157]: ::1 - - [22/Nov/2025:18:43:04 +0000] "PUT /3/141099/AUTH_7e6379b038b744d2b4ed9c56e55784eb/gnocchi.233653f4-37c1-4cdc-9dd7-f0a104d7f3cb/none_v3" 201 - "PUT http://[::1]:8080/v1/AUTH_7e6379b038b744d2b4ed9c56e55784eb/gnocchi.233653f4-37c1-4cdc-9dd7-f0a104d7f3cb/none_v3" "tx84f6bdb5d5b641b1b2483-0069220438" "proxy-server 88815" 0.0244 "-" 96157 0
Nov 22 13:43:04 np0005532311.novalocal proxy-server[88815]: ::1 ::1 22/Nov/2025/18/43/04 PUT /v1/AUTH_7e6379b038b744d2b4ed9c56e55784eb/gnocchi.233653f4-37c1-4cdc-9dd7-f0a104d7f3cb/none_v3 HTTP/1.0 201 - python-swiftclient-4.5.0 gAAAAABpIgQFZCvZ... 51 - - tx84f6bdb5d5b641b1b2483-0069220438 - 0.0423 - - 1763836984.881913424 1763836984.924219131 0
Nov 22 13:43:04 np0005532311.novalocal object-server[96156]: ::1 - - [22/Nov/2025:18:43:04 +0000] "GET /3/150498/AUTH_7e6379b038b744d2b4ed9c56e55784eb/gnocchi.645babd2-ad64-4651-a16f-e6e74874988f/none_v3" 200 44 "GET http://[::1]:8080/v1/AUTH_7e6379b038b744d2b4ed9c56e55784eb/gnocchi.645babd2-ad64-4651-a16f-e6e74874988f/none_v3" "tx534e1f5bae594c20ac6e8-0069220438" "proxy-server 88815" 0.0008 "-" 96156 0
Nov 22 13:43:04 np0005532311.novalocal container-server[95853]: ::1 - - [22/Nov/2025:18:43:04 +0000] "PUT /3/120251/AUTH_7e6379b038b744d2b4ed9c56e55784eb/gnocchi.02743456-c0f7-497d-8bbe-cf20b620dab2/none_v3" 201 - "PUT http://[::1]:8080/1/31826/AUTH_7e6379b038b744d2b4ed9c56e55784eb/gnocchi.02743456-c0f7-497d-8bbe-cf20b620dab2/none_v3" "tx528f9d1f0b844fd5be4bb-0069220438" "object-server 96157" 0.0005 "-" 95853 0
Nov 22 13:43:04 np0005532311.novalocal object-server[96157]: ::1 - - [22/Nov/2025:18:43:04 +0000] "PUT /1/31826/AUTH_7e6379b038b744d2b4ed9c56e55784eb/gnocchi.02743456-c0f7-497d-8bbe-cf20b620dab2/none_v3" 201 - "PUT http://[::1]:8080/v1/AUTH_7e6379b038b744d2b4ed9c56e55784eb/gnocchi.02743456-c0f7-497d-8bbe-cf20b620dab2/none_v3" "tx528f9d1f0b844fd5be4bb-0069220438" "proxy-server 88816" 0.0088 "-" 96157 0
Nov 22 13:43:04 np0005532311.novalocal container-server[95854]: ::1 - - [22/Nov/2025:18:43:04 +0000] "PUT /1/120251/AUTH_7e6379b038b744d2b4ed9c56e55784eb/gnocchi.02743456-c0f7-497d-8bbe-cf20b620dab2/none_v3" 201 - "PUT http://[::1]:8080/3/31826/AUTH_7e6379b038b744d2b4ed9c56e55784eb/gnocchi.02743456-c0f7-497d-8bbe-cf20b620dab2/none_v3" "tx528f9d1f0b844fd5be4bb-0069220438" "object-server 96156" 0.0004 "-" 95854 0
Nov 22 13:43:04 np0005532311.novalocal object-server[96156]: ::1 - - [22/Nov/2025:18:43:04 +0000] "PUT /3/31826/AUTH_7e6379b038b744d2b4ed9c56e55784eb/gnocchi.02743456-c0f7-497d-8bbe-cf20b620dab2/none_v3" 201 - "PUT http://[::1]:8080/v1/AUTH_7e6379b038b744d2b4ed9c56e55784eb/gnocchi.02743456-c0f7-497d-8bbe-cf20b620dab2/none_v3" "tx528f9d1f0b844fd5be4bb-0069220438" "proxy-server 88816" 0.0111 "-" 96156 0
Nov 22 13:43:04 np0005532311.novalocal container-server[95853]: ::1 - - [22/Nov/2025:18:43:04 +0000] "PUT /2/120251/AUTH_7e6379b038b744d2b4ed9c56e55784eb/gnocchi.02743456-c0f7-497d-8bbe-cf20b620dab2/none_v3" 201 - "PUT http://[::1]:8080/2/31826/AUTH_7e6379b038b744d2b4ed9c56e55784eb/gnocchi.02743456-c0f7-497d-8bbe-cf20b620dab2/none_v3" "tx528f9d1f0b844fd5be4bb-0069220438" "object-server 96156" 0.0003 "-" 95853 0
Nov 22 13:43:04 np0005532311.novalocal proxy-server[88815]: ::1 ::1 22/Nov/2025/18/43/04 GET /v1/AUTH_7e6379b038b744d2b4ed9c56e55784eb/gnocchi.645babd2-ad64-4651-a16f-e6e74874988f/none_v3 HTTP/1.0 200 - python-swiftclient-4.5.0 gAAAAABpIgQFZCvZ... - 44 - tx534e1f5bae594c20ac6e8-0069220438 - 0.0106 - - 1763836984.933445454 1763836984.944004774 0
Nov 22 13:43:04 np0005532311.novalocal object-server[96156]: ::1 - - [22/Nov/2025:18:43:04 +0000] "PUT /2/31826/AUTH_7e6379b038b744d2b4ed9c56e55784eb/gnocchi.02743456-c0f7-497d-8bbe-cf20b620dab2/none_v3" 201 - "PUT http://[::1]:8080/v1/AUTH_7e6379b038b744d2b4ed9c56e55784eb/gnocchi.02743456-c0f7-497d-8bbe-cf20b620dab2/none_v3" "tx528f9d1f0b844fd5be4bb-0069220438" "proxy-server 88816" 0.0109 "-" 96156 0
Nov 22 13:43:04 np0005532311.novalocal proxy-server[88816]: ::1 ::1 22/Nov/2025/18/43/04 PUT /v1/AUTH_7e6379b038b744d2b4ed9c56e55784eb/gnocchi.02743456-c0f7-497d-8bbe-cf20b620dab2/none_v3 HTTP/1.0 201 - python-swiftclient-4.5.0 gAAAAABpIgQAXILt... 44 - - tx528f9d1f0b844fd5be4bb-0069220438 - 0.0226 - - 1763836984.922777176 1763836984.945381880 0
Nov 22 13:43:04 np0005532311.novalocal container-server[95853]: ::1 - - [22/Nov/2025:18:43:04 +0000] "GET /3/169859/AUTH_7e6379b038b744d2b4ed9c56e55784eb/gnocchi.645babd2-ad64-4651-a16f-e6e74874988f" 200 357 "GET http://[::1]:8080/v1/AUTH_7e6379b038b744d2b4ed9c56e55784eb/gnocchi.645babd2-ad64-4651-a16f-e6e74874988f?format=json&states=listing" "txf72740a7565c4f2282a1c-0069220438" "proxy-server 88815" 0.0059 "-" 95853 0
Nov 22 13:43:04 np0005532311.novalocal proxy-server[88815]: ::1 ::1 22/Nov/2025/18/43/04 GET /v1/AUTH_7e6379b038b744d2b4ed9c56e55784eb/gnocchi.645babd2-ad64-4651-a16f-e6e74874988f%3Fformat%3Djson%26states%3Dlisting HTTP/1.0 200 - python-swiftclient-4.5.0 gAAAAABpIgQFZCvZ... - 357 - txf72740a7565c4f2282a1c-0069220438 - 0.0111 - - 1763836984.947597504 1763836984.958702803 0
Nov 22 13:43:04 np0005532311.novalocal object-server[96156]: ::1 - - [22/Nov/2025:18:43:04 +0000] "GET /2/260484/AUTH_7e6379b038b744d2b4ed9c56e55784eb/gnocchi.ae81989f-f03c-42e3-bd5a-3368970ac1b1/none_v3" 200 46 "GET http://[::1]:8080/v1/AUTH_7e6379b038b744d2b4ed9c56e55784eb/gnocchi.ae81989f-f03c-42e3-bd5a-3368970ac1b1/none_v3" "txbd2c6b5ab0744918a5f06-0069220438" "proxy-server 88816" 0.0007 "-" 96156 0
Nov 22 13:43:04 np0005532311.novalocal proxy-server[88816]: ::1 ::1 22/Nov/2025/18/43/04 GET /v1/AUTH_7e6379b038b744d2b4ed9c56e55784eb/gnocchi.ae81989f-f03c-42e3-bd5a-3368970ac1b1/none_v3 HTTP/1.0 200 - python-swiftclient-4.5.0 gAAAAABpIgQAXILt... - 46 - txbd2c6b5ab0744918a5f06-0069220438 - 0.0149 - - 1763836984.961213350 1763836984.976065874 0
Nov 22 13:43:04 np0005532311.novalocal container-server[95853]: ::1 - - [22/Nov/2025:18:43:04 +0000] "GET /2/169859/AUTH_7e6379b038b744d2b4ed9c56e55784eb/gnocchi.645babd2-ad64-4651-a16f-e6e74874988f" 200 2 "GET http://[::1]:8080/v1/AUTH_7e6379b038b744d2b4ed9c56e55784eb/gnocchi.645babd2-ad64-4651-a16f-e6e74874988f?format=json&marker=none_v3&states=listing" "tx11839d2f92d24501a5bf6-0069220438" "proxy-server 88815" 0.0098 "-" 95853 0
Nov 22 13:43:04 np0005532311.novalocal proxy-server[88815]: ::1 ::1 22/Nov/2025/18/43/04 GET /v1/AUTH_7e6379b038b744d2b4ed9c56e55784eb/gnocchi.645babd2-ad64-4651-a16f-e6e74874988f%3Fformat%3Djson%26marker%3Dnone_v3%26states%3Dlisting HTTP/1.0 200 - python-swiftclient-4.5.0 gAAAAABpIgQFZCvZ... - 2 - tx11839d2f92d24501a5bf6-0069220438 - 0.0213 - - 1763836984.960629463 1763836984.981885195 0
Nov 22 13:43:04 np0005532311.novalocal container-server[95853]: ::1 - - [22/Nov/2025:18:43:04 +0000] "GET /1/134521/AUTH_7e6379b038b744d2b4ed9c56e55784eb/gnocchi.ae81989f-f03c-42e3-bd5a-3368970ac1b1" 200 357 "GET http://[::1]:8080/v1/AUTH_7e6379b038b744d2b4ed9c56e55784eb/gnocchi.ae81989f-f03c-42e3-bd5a-3368970ac1b1?format=json&states=listing" "tx74635ed20c3b4f598e4c6-0069220438" "proxy-server 88816" 0.0061 "-" 95853 0
Nov 22 13:43:04 np0005532311.novalocal object-server[96156]: ::1 - - [22/Nov/2025:18:43:04 +0000] "GET /1/125822/AUTH_7e6379b038b744d2b4ed9c56e55784eb/gnocchi.645babd2-ad64-4651-a16f-e6e74874988f/1763640000.0_mean_300.0_v3" 200 16 "GET http://[::1]:8080/v1/AUTH_7e6379b038b744d2b4ed9c56e55784eb/gnocchi.645babd2-ad64-4651-a16f-e6e74874988f/1763640000.0_mean_300.0_v3" "tx5fd41fdbb493471d9b935-0069220438" "proxy-server 88815" 0.0006 "-" 96156 0
Nov 22 13:43:04 np0005532311.novalocal proxy-server[88816]: ::1 ::1 22/Nov/2025/18/43/04 GET /v1/AUTH_7e6379b038b744d2b4ed9c56e55784eb/gnocchi.ae81989f-f03c-42e3-bd5a-3368970ac1b1%3Fformat%3Djson%26states%3Dlisting HTTP/1.0 200 - python-swiftclient-4.5.0 gAAAAABpIgQAXILt... - 357 - tx74635ed20c3b4f598e4c6-0069220438 - 0.0133 - - 1763836984.979756117 1763836984.993102312 0
Nov 22 13:43:04 np0005532311.novalocal proxy-server[88815]: ::1 ::1 22/Nov/2025/18/43/04 GET /v1/AUTH_7e6379b038b744d2b4ed9c56e55784eb/gnocchi.645babd2-ad64-4651-a16f-e6e74874988f/1763640000.0_mean_300.0_v3 HTTP/1.0 200 - python-swiftclient-4.5.0 gAAAAABpIgQFZCvZ... - 16 - tx5fd41fdbb493471d9b935-0069220438 - 0.0091 - - 1763836984.985937595 1763836984.995012045 0
Nov 22 13:43:05 np0005532311.novalocal container-server[95853]: ::1 - - [22/Nov/2025:18:43:05 +0000] "GET /3/134521/AUTH_7e6379b038b744d2b4ed9c56e55784eb/gnocchi.ae81989f-f03c-42e3-bd5a-3368970ac1b1" 200 2 "GET http://[::1]:8080/v1/AUTH_7e6379b038b744d2b4ed9c56e55784eb/gnocchi.ae81989f-f03c-42e3-bd5a-3368970ac1b1?format=json&marker=none_v3&states=listing" "txc25898891f2146a0ba55b-0069220438" "proxy-server 88816" 0.0048 "-" 95853 0
Nov 22 13:43:05 np0005532311.novalocal proxy-server[88816]: ::1 ::1 22/Nov/2025/18/43/05 GET /v1/AUTH_7e6379b038b744d2b4ed9c56e55784eb/gnocchi.ae81989f-f03c-42e3-bd5a-3368970ac1b1%3Fformat%3Djson%26marker%3Dnone_v3%26states%3Dlisting HTTP/1.0 200 - python-swiftclient-4.5.0 gAAAAABpIgQAXILt... - 2 - txc25898891f2146a0ba55b-0069220438 - 0.0128 - - 1763836984.995805740 1763836985.008651733 0
Nov 22 13:43:05 np0005532311.novalocal object-server[96156]: ::1 - - [22/Nov/2025:18:43:05 +0000] "GET /2/18970/AUTH_7e6379b038b744d2b4ed9c56e55784eb/gnocchi.ae81989f-f03c-42e3-bd5a-3368970ac1b1/1763640000.0_mean_300.0_v3" 200 16 "GET http://[::1]:8080/v1/AUTH_7e6379b038b744d2b4ed9c56e55784eb/gnocchi.ae81989f-f03c-42e3-bd5a-3368970ac1b1/1763640000.0_mean_300.0_v3" "tx1dcd4afe6d8c4f4c81bc9-0069220439" "proxy-server 88816" 0.0005 "-" 96156 0
Nov 22 13:43:05 np0005532311.novalocal proxy-server[88816]: ::1 ::1 22/Nov/2025/18/43/05 GET /v1/AUTH_7e6379b038b744d2b4ed9c56e55784eb/gnocchi.ae81989f-f03c-42e3-bd5a-3368970ac1b1/1763640000.0_mean_300.0_v3 HTTP/1.0 200 - python-swiftclient-4.5.0 gAAAAABpIgQAXILt... - 16 - tx1dcd4afe6d8c4f4c81bc9-0069220439 - 0.0062 - - 1763836985.012102365 1763836985.018266678 0
Nov 22 13:43:05 np0005532311.novalocal container-server[95853]: ::1 - - [22/Nov/2025:18:43:05 +0000] "PUT /2/169859/AUTH_7e6379b038b744d2b4ed9c56e55784eb/gnocchi.645babd2-ad64-4651-a16f-e6e74874988f/1763640000.0_mean_300.0_v3" 201 - "PUT http://[::1]:8080/3/125822/AUTH_7e6379b038b744d2b4ed9c56e55784eb/gnocchi.645babd2-ad64-4651-a16f-e6e74874988f/1763640000.0_mean_300.0_v3" "tx9dbe19ccabf94277b344b-0069220438" "object-server 96157" 0.0005 "-" 95853 0
Nov 22 13:43:05 np0005532311.novalocal object-server[96157]: ::1 - - [22/Nov/2025:18:43:05 +0000] "PUT /3/125822/AUTH_7e6379b038b744d2b4ed9c56e55784eb/gnocchi.645babd2-ad64-4651-a16f-e6e74874988f/1763640000.0_mean_300.0_v3" 201 - "PUT http://[::1]:8080/v1/AUTH_7e6379b038b744d2b4ed9c56e55784eb/gnocchi.645babd2-ad64-4651-a16f-e6e74874988f/1763640000.0_mean_300.0_v3" "tx9dbe19ccabf94277b344b-0069220438" "proxy-server 88815" 0.0094 "-" 96157 0
Nov 22 13:43:05 np0005532311.novalocal container-server[95853]: ::1 - - [22/Nov/2025:18:43:05 +0000] "PUT /3/134521/AUTH_7e6379b038b744d2b4ed9c56e55784eb/gnocchi.ae81989f-f03c-42e3-bd5a-3368970ac1b1/1763640000.0_mean_300.0_v3" 201 - "PUT http://[::1]:8080/2/18970/AUTH_7e6379b038b744d2b4ed9c56e55784eb/gnocchi.ae81989f-f03c-42e3-bd5a-3368970ac1b1/1763640000.0_mean_300.0_v3" "txd401149995a14c19ad3cf-0069220439" "object-server 96156" 0.0003 "-" 95853 0
Nov 22 13:43:05 np0005532311.novalocal container-server[95854]: ::1 - - [22/Nov/2025:18:43:05 +0000] "PUT /3/169859/AUTH_7e6379b038b744d2b4ed9c56e55784eb/gnocchi.645babd2-ad64-4651-a16f-e6e74874988f/1763640000.0_mean_300.0_v3" 201 - "PUT http://[::1]:8080/2/125822/AUTH_7e6379b038b744d2b4ed9c56e55784eb/gnocchi.645babd2-ad64-4651-a16f-e6e74874988f/1763640000.0_mean_300.0_v3" "tx9dbe19ccabf94277b344b-0069220438" "object-server 96156" 0.0004 "-" 95854 0
Nov 22 13:43:05 np0005532311.novalocal object-server[96156]: ::1 - - [22/Nov/2025:18:43:05 +0000] "PUT /2/18970/AUTH_7e6379b038b744d2b4ed9c56e55784eb/gnocchi.ae81989f-f03c-42e3-bd5a-3368970ac1b1/1763640000.0_mean_300.0_v3" 201 - "PUT http://[::1]:8080/v1/AUTH_7e6379b038b744d2b4ed9c56e55784eb/gnocchi.ae81989f-f03c-42e3-bd5a-3368970ac1b1/1763640000.0_mean_300.0_v3" "txd401149995a14c19ad3cf-0069220439" "proxy-server 88816" 0.0117 "-" 96156 0
Nov 22 13:43:05 np0005532311.novalocal container-server[95853]: ::1 - - [22/Nov/2025:18:43:05 +0000] "PUT /1/134521/AUTH_7e6379b038b744d2b4ed9c56e55784eb/gnocchi.ae81989f-f03c-42e3-bd5a-3368970ac1b1/1763640000.0_mean_300.0_v3" 201 - "PUT http://[::1]:8080/3/18970/AUTH_7e6379b038b744d2b4ed9c56e55784eb/gnocchi.ae81989f-f03c-42e3-bd5a-3368970ac1b1/1763640000.0_mean_300.0_v3" "txd401149995a14c19ad3cf-0069220439" "object-server 96157" 0.0014 "-" 95853 0
Nov 22 13:43:05 np0005532311.novalocal object-server[96156]: ::1 - - [22/Nov/2025:18:43:05 +0000] "PUT /2/125822/AUTH_7e6379b038b744d2b4ed9c56e55784eb/gnocchi.645babd2-ad64-4651-a16f-e6e74874988f/1763640000.0_mean_300.0_v3" 201 - "PUT http://[::1]:8080/v1/AUTH_7e6379b038b744d2b4ed9c56e55784eb/gnocchi.645babd2-ad64-4651-a16f-e6e74874988f/1763640000.0_mean_300.0_v3" "tx9dbe19ccabf94277b344b-0069220438" "proxy-server 88815" 0.0152 "-" 96156 0
Nov 22 13:43:05 np0005532311.novalocal object-server[96157]: ::1 - - [22/Nov/2025:18:43:05 +0000] "PUT /3/18970/AUTH_7e6379b038b744d2b4ed9c56e55784eb/gnocchi.ae81989f-f03c-42e3-bd5a-3368970ac1b1/1763640000.0_mean_300.0_v3" 201 - "PUT http://[::1]:8080/v1/AUTH_7e6379b038b744d2b4ed9c56e55784eb/gnocchi.ae81989f-f03c-42e3-bd5a-3368970ac1b1/1763640000.0_mean_300.0_v3" "txd401149995a14c19ad3cf-0069220439" "proxy-server 88816" 0.0126 "-" 96157 0
Nov 22 13:43:05 np0005532311.novalocal container-server[95853]: ::1 - - [22/Nov/2025:18:43:05 +0000] "PUT /1/169859/AUTH_7e6379b038b744d2b4ed9c56e55784eb/gnocchi.645babd2-ad64-4651-a16f-e6e74874988f/1763640000.0_mean_300.0_v3" 201 - "PUT http://[::1]:8080/1/125822/AUTH_7e6379b038b744d2b4ed9c56e55784eb/gnocchi.645babd2-ad64-4651-a16f-e6e74874988f/1763640000.0_mean_300.0_v3" "tx9dbe19ccabf94277b344b-0069220438" "object-server 96157" 0.0003 "-" 95853 0
Nov 22 13:43:05 np0005532311.novalocal object-server[96157]: ::1 - - [22/Nov/2025:18:43:05 +0000] "PUT /1/125822/AUTH_7e6379b038b744d2b4ed9c56e55784eb/gnocchi.645babd2-ad64-4651-a16f-e6e74874988f/1763640000.0_mean_300.0_v3" 201 - "PUT http://[::1]:8080/v1/AUTH_7e6379b038b744d2b4ed9c56e55784eb/gnocchi.645babd2-ad64-4651-a16f-e6e74874988f/1763640000.0_mean_300.0_v3" "tx9dbe19ccabf94277b344b-0069220438" "proxy-server 88815" 0.0162 "-" 96157 0
Nov 22 13:43:05 np0005532311.novalocal container-server[95853]: ::1 - - [22/Nov/2025:18:43:05 +0000] "PUT /2/134521/AUTH_7e6379b038b744d2b4ed9c56e55784eb/gnocchi.ae81989f-f03c-42e3-bd5a-3368970ac1b1/1763640000.0_mean_300.0_v3" 201 - "PUT http://[::1]:8080/1/18970/AUTH_7e6379b038b744d2b4ed9c56e55784eb/gnocchi.ae81989f-f03c-42e3-bd5a-3368970ac1b1/1763640000.0_mean_300.0_v3" "txd401149995a14c19ad3cf-0069220439" "object-server 96157" 0.0002 "-" 95853 0
Nov 22 13:43:05 np0005532311.novalocal proxy-server[88815]: ::1 ::1 22/Nov/2025/18/43/05 PUT /v1/AUTH_7e6379b038b744d2b4ed9c56e55784eb/gnocchi.645babd2-ad64-4651-a16f-e6e74874988f/1763640000.0_mean_300.0_v3 HTTP/1.0 201 - python-swiftclient-4.5.0 gAAAAABpIgQFZCvZ... 16 - - tx9dbe19ccabf94277b344b-0069220438 - 0.0446 - - 1763836984.997794390 1763836985.042394638 0
Nov 22 13:43:05 np0005532311.novalocal object-server[96157]: ::1 - - [22/Nov/2025:18:43:05 +0000] "PUT /1/18970/AUTH_7e6379b038b744d2b4ed9c56e55784eb/gnocchi.ae81989f-f03c-42e3-bd5a-3368970ac1b1/1763640000.0_mean_300.0_v3" 201 - "PUT http://[::1]:8080/v1/AUTH_7e6379b038b744d2b4ed9c56e55784eb/gnocchi.ae81989f-f03c-42e3-bd5a-3368970ac1b1/1763640000.0_mean_300.0_v3" "txd401149995a14c19ad3cf-0069220439" "proxy-server 88816" 0.0150 "-" 96157 0
Nov 22 13:43:05 np0005532311.novalocal proxy-server[88816]: ::1 ::1 22/Nov/2025/18/43/05 PUT /v1/AUTH_7e6379b038b744d2b4ed9c56e55784eb/gnocchi.ae81989f-f03c-42e3-bd5a-3368970ac1b1/1763640000.0_mean_300.0_v3 HTTP/1.0 201 - python-swiftclient-4.5.0 gAAAAABpIgQAXILt... 16 - - txd401149995a14c19ad3cf-0069220439 - 0.0231 - - 1763836985.021302223 1763836985.044408083 0
Nov 22 13:43:05 np0005532311.novalocal container-server[95854]: ::1 - - [22/Nov/2025:18:43:05 +0000] "PUT /3/169859/AUTH_7e6379b038b744d2b4ed9c56e55784eb/gnocchi.645babd2-ad64-4651-a16f-e6e74874988f/none_v3" 201 - "PUT http://[::1]:8080/2/150498/AUTH_7e6379b038b744d2b4ed9c56e55784eb/gnocchi.645babd2-ad64-4651-a16f-e6e74874988f/none_v3" "tx8e9f6be62f09400cb2619-0069220439" "object-server 96157" 0.0005 "-" 95854 0
Nov 22 13:43:05 np0005532311.novalocal container-server[95853]: ::1 - - [22/Nov/2025:18:43:05 +0000] "PUT /2/169859/AUTH_7e6379b038b744d2b4ed9c56e55784eb/gnocchi.645babd2-ad64-4651-a16f-e6e74874988f/none_v3" 201 - "PUT http://[::1]:8080/1/150498/AUTH_7e6379b038b744d2b4ed9c56e55784eb/gnocchi.645babd2-ad64-4651-a16f-e6e74874988f/none_v3" "tx8e9f6be62f09400cb2619-0069220439" "object-server 96156" 0.0004 "-" 95853 0
Nov 22 13:43:05 np0005532311.novalocal object-server[96157]: ::1 - - [22/Nov/2025:18:43:05 +0000] "PUT /2/150498/AUTH_7e6379b038b744d2b4ed9c56e55784eb/gnocchi.645babd2-ad64-4651-a16f-e6e74874988f/none_v3" 201 - "PUT http://[::1]:8080/v1/AUTH_7e6379b038b744d2b4ed9c56e55784eb/gnocchi.645babd2-ad64-4651-a16f-e6e74874988f/none_v3" "tx8e9f6be62f09400cb2619-0069220439" "proxy-server 88815" 0.0119 "-" 96157 0
Nov 22 13:43:05 np0005532311.novalocal object-server[96156]: ::1 - - [22/Nov/2025:18:43:05 +0000] "PUT /1/150498/AUTH_7e6379b038b744d2b4ed9c56e55784eb/gnocchi.645babd2-ad64-4651-a16f-e6e74874988f/none_v3" 201 - "PUT http://[::1]:8080/v1/AUTH_7e6379b038b744d2b4ed9c56e55784eb/gnocchi.645babd2-ad64-4651-a16f-e6e74874988f/none_v3" "tx8e9f6be62f09400cb2619-0069220439" "proxy-server 88815" 0.0128 "-" 96156 0
Nov 22 13:43:05 np0005532311.novalocal container-server[95853]: ::1 - - [22/Nov/2025:18:43:05 +0000] "PUT /2/134521/AUTH_7e6379b038b744d2b4ed9c56e55784eb/gnocchi.ae81989f-f03c-42e3-bd5a-3368970ac1b1/none_v3" 201 - "PUT http://[::1]:8080/3/260484/AUTH_7e6379b038b744d2b4ed9c56e55784eb/gnocchi.ae81989f-f03c-42e3-bd5a-3368970ac1b1/none_v3" "txb6dcfeadbad84e458528b-0069220439" "object-server 96157" 0.0003 "-" 95853 0
Nov 22 13:43:05 np0005532311.novalocal object-server[96157]: ::1 - - [22/Nov/2025:18:43:05 +0000] "PUT /3/260484/AUTH_7e6379b038b744d2b4ed9c56e55784eb/gnocchi.ae81989f-f03c-42e3-bd5a-3368970ac1b1/none_v3" 201 - "PUT http://[::1]:8080/v1/AUTH_7e6379b038b744d2b4ed9c56e55784eb/gnocchi.ae81989f-f03c-42e3-bd5a-3368970ac1b1/none_v3" "txb6dcfeadbad84e458528b-0069220439" "proxy-server 88816" 0.0131 "-" 96157 0
Nov 22 13:43:05 np0005532311.novalocal container-server[95853]: ::1 - - [22/Nov/2025:18:43:05 +0000] "PUT /1/134521/AUTH_7e6379b038b744d2b4ed9c56e55784eb/gnocchi.ae81989f-f03c-42e3-bd5a-3368970ac1b1/none_v3" 201 - "PUT http://[::1]:8080/1/260484/AUTH_7e6379b038b744d2b4ed9c56e55784eb/gnocchi.ae81989f-f03c-42e3-bd5a-3368970ac1b1/none_v3" "txb6dcfeadbad84e458528b-0069220439" "object-server 96157" 0.0004 "-" 95853 0
Nov 22 13:43:05 np0005532311.novalocal container-server[95853]: ::1 - - [22/Nov/2025:18:43:05 +0000] "PUT /3/134521/AUTH_7e6379b038b744d2b4ed9c56e55784eb/gnocchi.ae81989f-f03c-42e3-bd5a-3368970ac1b1/none_v3" 201 - "PUT http://[::1]:8080/2/260484/AUTH_7e6379b038b744d2b4ed9c56e55784eb/gnocchi.ae81989f-f03c-42e3-bd5a-3368970ac1b1/none_v3" "txb6dcfeadbad84e458528b-0069220439" "object-server 96156" 0.0004 "-" 95853 0
Nov 22 13:43:05 np0005532311.novalocal container-server[95853]: ::1 - - [22/Nov/2025:18:43:05 +0000] "PUT /1/169859/AUTH_7e6379b038b744d2b4ed9c56e55784eb/gnocchi.645babd2-ad64-4651-a16f-e6e74874988f/none_v3" 201 - "PUT http://[::1]:8080/3/150498/AUTH_7e6379b038b744d2b4ed9c56e55784eb/gnocchi.645babd2-ad64-4651-a16f-e6e74874988f/none_v3" "tx8e9f6be62f09400cb2619-0069220439" "object-server 96156" 0.0003 "-" 95853 0
Nov 22 13:43:05 np0005532311.novalocal object-server[96156]: ::1 - - [22/Nov/2025:18:43:05 +0000] "PUT /2/260484/AUTH_7e6379b038b744d2b4ed9c56e55784eb/gnocchi.ae81989f-f03c-42e3-bd5a-3368970ac1b1/none_v3" 201 - "PUT http://[::1]:8080/v1/AUTH_7e6379b038b744d2b4ed9c56e55784eb/gnocchi.ae81989f-f03c-42e3-bd5a-3368970ac1b1/none_v3" "txb6dcfeadbad84e458528b-0069220439" "proxy-server 88816" 0.0181 "-" 96156 0
Nov 22 13:43:05 np0005532311.novalocal object-server[96157]: ::1 - - [22/Nov/2025:18:43:05 +0000] "PUT /1/260484/AUTH_7e6379b038b744d2b4ed9c56e55784eb/gnocchi.ae81989f-f03c-42e3-bd5a-3368970ac1b1/none_v3" 201 - "PUT http://[::1]:8080/v1/AUTH_7e6379b038b744d2b4ed9c56e55784eb/gnocchi.ae81989f-f03c-42e3-bd5a-3368970ac1b1/none_v3" "txb6dcfeadbad84e458528b-0069220439" "proxy-server 88816" 0.0202 "-" 96157 0
Nov 22 13:43:05 np0005532311.novalocal object-server[96156]: ::1 - - [22/Nov/2025:18:43:05 +0000] "PUT /3/150498/AUTH_7e6379b038b744d2b4ed9c56e55784eb/gnocchi.645babd2-ad64-4651-a16f-e6e74874988f/none_v3" 201 - "PUT http://[::1]:8080/v1/AUTH_7e6379b038b744d2b4ed9c56e55784eb/gnocchi.645babd2-ad64-4651-a16f-e6e74874988f/none_v3" "tx8e9f6be62f09400cb2619-0069220439" "proxy-server 88815" 0.0206 "-" 96156 0
Nov 22 13:43:05 np0005532311.novalocal proxy-server[88816]: ::1 ::1 22/Nov/2025/18/43/05 PUT /v1/AUTH_7e6379b038b744d2b4ed9c56e55784eb/gnocchi.ae81989f-f03c-42e3-bd5a-3368970ac1b1/none_v3 HTTP/1.0 201 - python-swiftclient-4.5.0 gAAAAABpIgQAXILt... 51 - - txb6dcfeadbad84e458528b-0069220439 - 0.0269 - - 1763836985.047222853 1763836985.074085236 0
Nov 22 13:43:05 np0005532311.novalocal proxy-server[88815]: ::1 ::1 22/Nov/2025/18/43/05 PUT /v1/AUTH_7e6379b038b744d2b4ed9c56e55784eb/gnocchi.645babd2-ad64-4651-a16f-e6e74874988f/none_v3 HTTP/1.0 201 - python-swiftclient-4.5.0 gAAAAABpIgQFZCvZ... 50 - - tx8e9f6be62f09400cb2619-0069220439 - 0.0310 - - 1763836985.044513941 1763836985.075496674 0
Nov 22 13:43:05 np0005532311.novalocal sudo[104140]: pam_unix(sudo:session): session closed for user root
Nov 22 13:43:05 np0005532311.novalocal dnsmasq-dhcp[102226]: DHCPRELEASE(tap66db3fb2-92) 10.100.0.13 fa:16:3e:ca:cb:bc
Nov 22 13:43:05 np0005532311.novalocal dnsmasq-dhcp[102226]: DHCPRELEASE(tap66db3fb2-92) 10.100.0.13 fa:16:3e:ca:cb:bc unknown lease
Nov 22 13:43:06 np0005532311.novalocal dnsmasq[102226]: read /var/lib/neutron/dhcp/5b1fa4e1-e8bc-4c07-a5b1-6b7af4d0de85/addn_hosts - 1 addresses
Nov 22 13:43:06 np0005532311.novalocal dnsmasq-dhcp[102226]: read /var/lib/neutron/dhcp/5b1fa4e1-e8bc-4c07-a5b1-6b7af4d0de85/host
Nov 22 13:43:06 np0005532311.novalocal dnsmasq-dhcp[102226]: read /var/lib/neutron/dhcp/5b1fa4e1-e8bc-4c07-a5b1-6b7af4d0de85/opts
Nov 22 13:43:09 np0005532311.novalocal dnsmasq[103655]: read /var/lib/neutron/dhcp/a6d4daa2-ee08-43bc-8e9c-710159f072b6/addn_hosts - 0 addresses
Nov 22 13:43:09 np0005532311.novalocal dnsmasq-dhcp[103655]: read /var/lib/neutron/dhcp/a6d4daa2-ee08-43bc-8e9c-710159f072b6/host
Nov 22 13:43:09 np0005532311.novalocal dnsmasq-dhcp[103655]: read /var/lib/neutron/dhcp/a6d4daa2-ee08-43bc-8e9c-710159f072b6/opts
Nov 22 13:43:09 np0005532311.novalocal kernel: qr-be78e31b-dd: left promiscuous mode
Nov 22 13:43:09 np0005532311.novalocal kernel: qg-c2f44c8f-57: left promiscuous mode
Nov 22 13:43:10 np0005532311.novalocal dnsmasq[103655]: exiting on receipt of SIGTERM
Nov 22 13:43:10 np0005532311.novalocal kernel: tapb8ecfbbb-0c: left promiscuous mode
Nov 22 13:43:10 np0005532311.novalocal systemd[1]: run-netns-qdhcp\x2da6d4daa2\x2dee08\x2d43bc\x2d8e9c\x2d710159f072b6.mount: Deactivated successfully.
Nov 22 13:43:10 np0005532311.novalocal systemd[1]: run-netns-qrouter\x2d1688680e\x2d26b1\x2d4f9a\x2db4fb\x2dd1f20b408aed.mount: Deactivated successfully.
Nov 22 13:43:12 np0005532311.novalocal sshd-session[104252]: Invalid user test01 from 202.184.153.250 port 44210
Nov 22 13:43:13 np0005532311.novalocal sshd-session[104252]: Received disconnect from 202.184.153.250 port 44210:11: Bye Bye [preauth]
Nov 22 13:43:13 np0005532311.novalocal sshd-session[104252]: Disconnected from invalid user test01 202.184.153.250 port 44210 [preauth]
Nov 22 13:43:13 np0005532311.novalocal account-server[95622]: Beginning replication run
Nov 22 13:43:13 np0005532311.novalocal account-server[95622]: Replication run OVER
Nov 22 13:43:13 np0005532311.novalocal account-server[95622]: Attempted to replicate 3 dbs in 0.05338 seconds (56.19769/s)
Nov 22 13:43:13 np0005532311.novalocal account-server[95622]: Removed 0 dbs
Nov 22 13:43:13 np0005532311.novalocal account-server[95622]: 6 successes, 0 failures
Nov 22 13:43:13 np0005532311.novalocal account-server[95622]: diff:0 diff_capped:0 empty:0 hashmatch:0 no_change:6 remote_merge:0 rsync:0 ts_repl:0
Nov 22 13:43:13 np0005532311.novalocal object-server[104066]: Object audit (ALL) "forever" mode completed: 15.28s. Total quarantined: 0, Total errors: 0, Total files/sec: 8.51, Total bytes/sec: 8416246.43, Auditing time: 15.24, Rate: 1.00
Nov 22 13:43:13 np0005532311.novalocal NetworkManager[858]: [1763836993.8201] manager: (tap1780c4e2-25): 'openvswitch' plugin not available; creating generic device
Nov 22 13:43:13 np0005532311.novalocal kernel: tap1780c4e2-25: entered promiscuous mode
Nov 22 13:43:13 np0005532311.novalocal NetworkManager[858]: [1763836993.8216] manager: (tap1780c4e2-25): new Generic device (/org/freedesktop/NetworkManager/Devices/37)
Nov 22 13:43:14 np0005532311.novalocal systemd[1]: NetworkManager-dispatcher.service: Deactivated successfully.
Nov 22 13:43:14 np0005532311.novalocal dnsmasq[104305]: started, version 2.85 cachesize 150
Nov 22 13:43:14 np0005532311.novalocal dnsmasq[104305]: DNS service limited to local subnets
Nov 22 13:43:14 np0005532311.novalocal dnsmasq[104305]: compile time options: IPv6 GNU-getopt DBus no-UBus no-i18n IDN2 DHCP DHCPv6 no-Lua TFTP no-conntrack ipset auth cryptohash DNSSEC loop-detect inotify dumpfile
Nov 22 13:43:14 np0005532311.novalocal dnsmasq[104305]: warning: no upstream servers configured
Nov 22 13:43:14 np0005532311.novalocal dnsmasq-dhcp[104305]: DHCP, static leases only on 10.100.0.0, lease time 1d
Nov 22 13:43:14 np0005532311.novalocal dnsmasq[104305]: read /var/lib/neutron/dhcp/066f80b9-139a-4705-a04b-1d6a81e7f444/addn_hosts - 0 addresses
Nov 22 13:43:14 np0005532311.novalocal dnsmasq-dhcp[104305]: read /var/lib/neutron/dhcp/066f80b9-139a-4705-a04b-1d6a81e7f444/host
Nov 22 13:43:14 np0005532311.novalocal dnsmasq-dhcp[104305]: read /var/lib/neutron/dhcp/066f80b9-139a-4705-a04b-1d6a81e7f444/opts
Nov 22 13:43:14 np0005532311.novalocal dnsmasq[104305]: read /var/lib/neutron/dhcp/066f80b9-139a-4705-a04b-1d6a81e7f444/addn_hosts - 1 addresses
Nov 22 13:43:14 np0005532311.novalocal dnsmasq-dhcp[104305]: read /var/lib/neutron/dhcp/066f80b9-139a-4705-a04b-1d6a81e7f444/host
Nov 22 13:43:14 np0005532311.novalocal dnsmasq-dhcp[104305]: read /var/lib/neutron/dhcp/066f80b9-139a-4705-a04b-1d6a81e7f444/opts
Nov 22 13:43:15 np0005532311.novalocal dnsmasq[102226]: read /var/lib/neutron/dhcp/5b1fa4e1-e8bc-4c07-a5b1-6b7af4d0de85/addn_hosts - 0 addresses
Nov 22 13:43:15 np0005532311.novalocal dnsmasq-dhcp[102226]: read /var/lib/neutron/dhcp/5b1fa4e1-e8bc-4c07-a5b1-6b7af4d0de85/host
Nov 22 13:43:15 np0005532311.novalocal dnsmasq-dhcp[102226]: read /var/lib/neutron/dhcp/5b1fa4e1-e8bc-4c07-a5b1-6b7af4d0de85/opts
Nov 22 13:43:15 np0005532311.novalocal dnsmasq[104305]: read /var/lib/neutron/dhcp/066f80b9-139a-4705-a04b-1d6a81e7f444/addn_hosts - 1 addresses
Nov 22 13:43:15 np0005532311.novalocal dnsmasq-dhcp[104305]: read /var/lib/neutron/dhcp/066f80b9-139a-4705-a04b-1d6a81e7f444/host
Nov 22 13:43:15 np0005532311.novalocal dnsmasq-dhcp[104305]: read /var/lib/neutron/dhcp/066f80b9-139a-4705-a04b-1d6a81e7f444/opts
Nov 22 13:43:15 np0005532311.novalocal kernel: qg-4596b801-62: entered promiscuous mode
Nov 22 13:43:15 np0005532311.novalocal NetworkManager[858]: [1763836995.2298] manager: (qg-4596b801-62): 'openvswitch' plugin not available; creating generic device
Nov 22 13:43:15 np0005532311.novalocal NetworkManager[858]: [1763836995.2308] manager: (qg-4596b801-62): new Generic device (/org/freedesktop/NetworkManager/Devices/38)
Nov 22 13:43:15 np0005532311.novalocal systemd-udevd[104266]: Network interface NamePolicy= disabled on kernel command line.
Nov 22 13:43:15 np0005532311.novalocal libvirtd[98257]: ethtool ioctl error on qg-4596b801-62: No such device
Nov 22 13:43:15 np0005532311.novalocal libvirtd[98257]: ethtool ioctl error on qg-4596b801-62: No such device
Nov 22 13:43:15 np0005532311.novalocal libvirtd[98257]: ethtool ioctl error on qg-4596b801-62: No such device
Nov 22 13:43:15 np0005532311.novalocal libvirtd[98257]: ethtool ioctl error on qg-4596b801-62: No such device
Nov 22 13:43:15 np0005532311.novalocal libvirtd[98257]: ethtool ioctl error on qg-4596b801-62: No such device
Nov 22 13:43:15 np0005532311.novalocal libvirtd[98257]: ethtool ioctl error on qg-4596b801-62: No such device
Nov 22 13:43:15 np0005532311.novalocal libvirtd[98257]: ethtool ioctl error on qg-4596b801-62: No such device
Nov 22 13:43:15 np0005532311.novalocal libvirtd[98257]: ethtool ioctl error on qg-4596b801-62: No such device
Nov 22 13:43:15 np0005532311.novalocal dnsmasq[104305]: read /var/lib/neutron/dhcp/066f80b9-139a-4705-a04b-1d6a81e7f444/addn_hosts - 1 addresses
Nov 22 13:43:15 np0005532311.novalocal dnsmasq-dhcp[104305]: read /var/lib/neutron/dhcp/066f80b9-139a-4705-a04b-1d6a81e7f444/host
Nov 22 13:43:15 np0005532311.novalocal dnsmasq-dhcp[104305]: read /var/lib/neutron/dhcp/066f80b9-139a-4705-a04b-1d6a81e7f444/opts
Nov 22 13:43:15 np0005532311.novalocal kernel: qr-e2e5ebb3-6b: left promiscuous mode
Nov 22 13:43:16 np0005532311.novalocal kernel: qg-b3f5c74e-4e: left promiscuous mode
Nov 22 13:43:16 np0005532311.novalocal dnsmasq[102226]: exiting on receipt of SIGTERM
Nov 22 13:43:16 np0005532311.novalocal kernel: tap66db3fb2-92: left promiscuous mode
Nov 22 13:43:16 np0005532311.novalocal systemd[1]: run-netns-qrouter\x2de01d130b\x2d8160\x2d4153\x2dba73\x2d826009b75b53.mount: Deactivated successfully.
Nov 22 13:43:16 np0005532311.novalocal neutron-server[91549]: /usr/lib/python3.9/site-packages/oslo_db/sqlalchemy/enginefacade.py:664: SAWarning: DELETE statement on table 'portsecuritybindings' expected to delete 1 row(s); 0 were matched. Please set confirm_deleted_rows=False within the mapper configuration to prevent this warning.
Nov 22 13:43:16 np0005532311.novalocal neutron-server[91549]: self.session.flush()
Nov 22 13:43:16 np0005532311.novalocal neutron-server[91549]: /usr/lib/python3.9/site-packages/oslo_db/sqlalchemy/enginefacade.py:664: SAWarning: DELETE statement on table 'ml2_port_bindings' expected to delete 1 row(s); 0 were matched. Please set confirm_deleted_rows=False within the mapper configuration to prevent this warning.
Nov 22 13:43:16 np0005532311.novalocal neutron-server[91549]: self.session.flush()
Nov 22 13:43:16 np0005532311.novalocal neutron-server[91549]: /usr/lib/python3.9/site-packages/oslo_db/sqlalchemy/enginefacade.py:664: SAWarning: DELETE statement on table 'ml2_port_binding_levels' expected to delete 1 row(s); 0 were matched. Please set confirm_deleted_rows=False within the mapper configuration to prevent this warning.
Nov 22 13:43:16 np0005532311.novalocal neutron-server[91549]: self.session.flush()
Nov 22 13:43:16 np0005532311.novalocal neutron-server[91549]: /usr/lib/python3.9/site-packages/oslo_db/sqlalchemy/enginefacade.py:664: SAWarning: DELETE statement on table 'ports' expected to delete 1 row(s); 0 were matched. Please set confirm_deleted_rows=False within the mapper configuration to prevent this warning.
Nov 22 13:43:16 np0005532311.novalocal neutron-server[91549]: self.session.flush()
Nov 22 13:43:16 np0005532311.novalocal systemd[1]: run-netns-qdhcp\x2d5b1fa4e1\x2de8bc\x2d4c07\x2da5b1\x2d6b7af4d0de85.mount: Deactivated successfully.
Nov 22 13:43:17 np0005532311.novalocal sshd-session[104441]: Invalid user myappuser from 201.17.133.138 port 50952
Nov 22 13:43:17 np0005532311.novalocal kernel: qr-c5226df1-ba: entered promiscuous mode
Nov 22 13:43:17 np0005532311.novalocal NetworkManager[858]: [1763836997.2644] manager: (qr-c5226df1-ba): 'openvswitch' plugin not available; creating generic device
Nov 22 13:43:17 np0005532311.novalocal NetworkManager[858]: [1763836997.2655] manager: (qr-c5226df1-ba): new Generic device (/org/freedesktop/NetworkManager/Devices/39)
Nov 22 13:43:17 np0005532311.novalocal sshd-session[104441]: Received disconnect from 201.17.133.138 port 50952:11: Bye Bye [preauth]
Nov 22 13:43:17 np0005532311.novalocal sshd-session[104441]: Disconnected from invalid user myappuser 201.17.133.138 port 50952 [preauth]
Nov 22 13:43:17 np0005532311.novalocal container-server[89262]: Container sharder cycle starting, auto-sharding False
Nov 22 13:43:17 np0005532311.novalocal sshd-session[104428]: Received disconnect from 43.225.142.116 port 32840:11: Bye Bye [preauth]
Nov 22 13:43:17 np0005532311.novalocal sshd-session[104428]: Disconnected from authenticating user root 43.225.142.116 port 32840 [preauth]
Nov 22 13:43:18 np0005532311.novalocal dnsmasq[104305]: read /var/lib/neutron/dhcp/066f80b9-139a-4705-a04b-1d6a81e7f444/addn_hosts - 2 addresses
Nov 22 13:43:18 np0005532311.novalocal dnsmasq-dhcp[104305]: read /var/lib/neutron/dhcp/066f80b9-139a-4705-a04b-1d6a81e7f444/host
Nov 22 13:43:18 np0005532311.novalocal dnsmasq-dhcp[104305]: read /var/lib/neutron/dhcp/066f80b9-139a-4705-a04b-1d6a81e7f444/opts
Nov 22 13:43:19 np0005532311.novalocal container-server[89262]: Since Sat Nov 22 18:43:17 2025 visited - attempted:0 success:0 failure:0 skipped:75 completed:0
Nov 22 13:43:19 np0005532311.novalocal container-server[89262]: Since Sat Nov 22 18:43:17 2025 scanned - attempted:0 success:0 failure:0 found:0 min_time:0 max_time:0
Nov 22 13:43:19 np0005532311.novalocal container-server[89262]: Since Sat Nov 22 18:43:17 2025 created - attempted:0 success:0 failure:0
Nov 22 13:43:19 np0005532311.novalocal container-server[89262]: Since Sat Nov 22 18:43:17 2025 cleaved - attempted:0 success:0 failure:0 min_time:0 max_time:0
Nov 22 13:43:19 np0005532311.novalocal container-server[89262]: Since Sat Nov 22 18:43:17 2025 misplaced - attempted:0 success:0 failure:0 found:0 placed:0 unplaced:0
Nov 22 13:43:19 np0005532311.novalocal container-server[89262]: Since Sat Nov 22 18:43:17 2025 audit_root - attempted:0 success:0 failure:0 has_overlap:0 num_overlap:0
Nov 22 13:43:19 np0005532311.novalocal container-server[89262]: Since Sat Nov 22 18:43:17 2025 audit_shard - attempted:0 success:0 failure:0
Nov 22 13:43:19 np0005532311.novalocal container-server[89262]: Container sharder cycle completed: 1.49s
Nov 22 13:43:19 np0005532311.novalocal sshd-session[104542]: Received disconnect from 34.123.134.194 port 60216:11: Bye Bye [preauth]
Nov 22 13:43:19 np0005532311.novalocal sshd-session[104542]: Disconnected from authenticating user root 34.123.134.194 port 60216 [preauth]
Nov 22 13:43:19 np0005532311.novalocal NetworkManager[858]: [1763836999.7650] manager: (qbr66395326-18): new Bridge device (/org/freedesktop/NetworkManager/Devices/40)
Nov 22 13:43:19 np0005532311.novalocal systemd-udevd[104475]: Network interface NamePolicy= disabled on kernel command line.
Nov 22 13:43:19 np0005532311.novalocal NetworkManager[858]: [1763836999.7819] manager: (qvo66395326-18): new Veth device (/org/freedesktop/NetworkManager/Devices/41)
Nov 22 13:43:19 np0005532311.novalocal systemd-udevd[104487]: Network interface NamePolicy= disabled on kernel command line.
Nov 22 13:43:19 np0005532311.novalocal systemd-udevd[104551]: Network interface NamePolicy= disabled on kernel command line.
Nov 22 13:43:19 np0005532311.novalocal NetworkManager[858]: [1763836999.7832] manager: (qvb66395326-18): new Veth device (/org/freedesktop/NetworkManager/Devices/42)
Nov 22 13:43:19 np0005532311.novalocal NetworkManager[858]: [1763836999.7897] device (qvb66395326-18): carrier: link connected
Nov 22 13:43:19 np0005532311.novalocal NetworkManager[858]: [1763836999.7899] device (qvo66395326-18): carrier: link connected
Nov 22 13:43:19 np0005532311.novalocal kernel: qbr66395326-18: port 1(qvb66395326-18) entered blocking state
Nov 22 13:43:19 np0005532311.novalocal kernel: qbr66395326-18: port 1(qvb66395326-18) entered disabled state
Nov 22 13:43:19 np0005532311.novalocal kernel: qvb66395326-18: entered allmulticast mode
Nov 22 13:43:19 np0005532311.novalocal kernel: qvb66395326-18: entered promiscuous mode
Nov 22 13:43:19 np0005532311.novalocal kernel: qbr66395326-18: port 1(qvb66395326-18) entered blocking state
Nov 22 13:43:19 np0005532311.novalocal kernel: qbr66395326-18: port 1(qvb66395326-18) entered forwarding state
Nov 22 13:43:19 np0005532311.novalocal NetworkManager[858]: [1763836999.7970] device (qbr66395326-18): carrier: link connected
Nov 22 13:43:19 np0005532311.novalocal NetworkManager[858]: [1763836999.7997] device (qbr66395326-18): state change: unmanaged -> unavailable (reason 'connection-assumed', managed-type: 'external')
Nov 22 13:43:19 np0005532311.novalocal NetworkManager[858]: [1763836999.8003] device (qbr66395326-18): state change: unavailable -> disconnected (reason 'connection-assumed', managed-type: 'external')
Nov 22 13:43:19 np0005532311.novalocal NetworkManager[858]: [1763836999.8038] device (qbr66395326-18): Activation: starting connection 'qbr66395326-18' (21947ee0-f2e2-43ae-a779-8746ae00fc20)
Nov 22 13:43:19 np0005532311.novalocal NetworkManager[858]: [1763836999.8041] device (qbr66395326-18): state change: disconnected -> prepare (reason 'none', managed-type: 'external')
Nov 22 13:43:19 np0005532311.novalocal NetworkManager[858]: [1763836999.8043] device (qbr66395326-18): state change: prepare -> config (reason 'none', managed-type: 'external')
Nov 22 13:43:19 np0005532311.novalocal NetworkManager[858]: [1763836999.8046] device (qbr66395326-18): state change: config -> ip-config (reason 'none', managed-type: 'external')
Nov 22 13:43:19 np0005532311.novalocal NetworkManager[858]: [1763836999.8049] device (qbr66395326-18): state change: ip-config -> ip-check (reason 'none', managed-type: 'external')
Nov 22 13:43:19 np0005532311.novalocal kernel: qvo66395326-18: entered promiscuous mode
Nov 22 13:43:19 np0005532311.novalocal systemd[1]: Starting Network Manager Script Dispatcher Service...
Nov 22 13:43:19 np0005532311.novalocal systemd[1]: Started Network Manager Script Dispatcher Service.
Nov 22 13:43:19 np0005532311.novalocal NetworkManager[858]: [1763836999.8323] device (qbr66395326-18): state change: ip-check -> secondaries (reason 'none', managed-type: 'external')
Nov 22 13:43:19 np0005532311.novalocal NetworkManager[858]: [1763836999.8325] device (qbr66395326-18): state change: secondaries -> activated (reason 'none', managed-type: 'external')
Nov 22 13:43:19 np0005532311.novalocal NetworkManager[858]: [1763836999.8331] device (qbr66395326-18): Activation: successful, device activated.
Nov 22 13:43:19 np0005532311.novalocal systemd[1]: iscsi.service: Unit cannot be reloaded because it is inactive.
Nov 22 13:43:19 np0005532311.novalocal kernel: qbr66395326-18: port 2(tap66395326-18) entered blocking state
Nov 22 13:43:19 np0005532311.novalocal kernel: qbr66395326-18: port 2(tap66395326-18) entered disabled state
Nov 22 13:43:19 np0005532311.novalocal kernel: tap66395326-18: entered allmulticast mode
Nov 22 13:43:19 np0005532311.novalocal kernel: tap66395326-18: entered promiscuous mode
Nov 22 13:43:19 np0005532311.novalocal kernel: qbr66395326-18: port 2(tap66395326-18) entered blocking state
Nov 22 13:43:19 np0005532311.novalocal kernel: qbr66395326-18: port 2(tap66395326-18) entered forwarding state
Nov 22 13:43:19 np0005532311.novalocal NetworkManager[858]: [1763836999.9471] manager: (tap66395326-18): new Tun device (/org/freedesktop/NetworkManager/Devices/43)
Nov 22 13:43:19 np0005532311.novalocal systemd-udevd[104558]: Network interface NamePolicy= disabled on kernel command line.
Nov 22 13:43:19 np0005532311.novalocal libvirtd[98257]: Domain id=4 name='instance-00000004' uuid=566e9e35-bcd2-45a9-ba22-c53bf0f52fb2 is tainted: deprecated-config (machine type 'pc-i440fx-rhel7.6.0')
Nov 22 13:43:19 np0005532311.novalocal libvirtd[98257]: Domain id=4 name='instance-00000004' uuid=566e9e35-bcd2-45a9-ba22-c53bf0f52fb2 is tainted: deprecated-config (CPU model 'qemu64')
Nov 22 13:43:19 np0005532311.novalocal NetworkManager[858]: [1763836999.9619] device (tap66395326-18): state change: unmanaged -> unavailable (reason 'connection-assumed', managed-type: 'external')
Nov 22 13:43:19 np0005532311.novalocal NetworkManager[858]: [1763836999.9626] device (tap66395326-18): state change: unavailable -> disconnected (reason 'connection-assumed', managed-type: 'external')
Nov 22 13:43:19 np0005532311.novalocal NetworkManager[858]: [1763836999.9630] device (tap66395326-18): Activation: starting connection 'tap66395326-18' (2639fdfb-c2c7-418f-93a1-d5db6b496e49)
Nov 22 13:43:19 np0005532311.novalocal NetworkManager[858]: [1763836999.9631] device (tap66395326-18): state change: disconnected -> prepare (reason 'none', managed-type: 'external')
Nov 22 13:43:19 np0005532311.novalocal NetworkManager[858]: [1763836999.9636] device (tap66395326-18): state change: prepare -> config (reason 'none', managed-type: 'external')
Nov 22 13:43:19 np0005532311.novalocal NetworkManager[858]: [1763836999.9638] device (tap66395326-18): state change: config -> ip-config (reason 'none', managed-type: 'external')
Nov 22 13:43:19 np0005532311.novalocal NetworkManager[858]: [1763836999.9639] device (qbr66395326-18): bridge port tap66395326-18 was attached
Nov 22 13:43:19 np0005532311.novalocal NetworkManager[858]: [1763836999.9640] device (tap66395326-18): Activation: connection 'tap66395326-18' attached as port, continuing activation
Nov 22 13:43:19 np0005532311.novalocal NetworkManager[858]: [1763836999.9642] device (tap66395326-18): state change: ip-config -> ip-check (reason 'none', managed-type: 'external')
Nov 22 13:43:19 np0005532311.novalocal NetworkManager[858]: [1763836999.9660] device (tap66395326-18): state change: ip-check -> secondaries (reason 'none', managed-type: 'external')
Nov 22 13:43:19 np0005532311.novalocal NetworkManager[858]: [1763836999.9662] device (tap66395326-18): state change: secondaries -> activated (reason 'none', managed-type: 'external')
Nov 22 13:43:19 np0005532311.novalocal NetworkManager[858]: [1763836999.9668] device (tap66395326-18): Activation: successful, device activated.
Nov 22 13:43:19 np0005532311.novalocal systemd[1]: iscsi.service: Unit cannot be reloaded because it is inactive.
Nov 22 13:43:19 np0005532311.novalocal systemd-machined[93133]: New machine qemu-4-instance-00000004.
Nov 22 13:43:20 np0005532311.novalocal systemd[1]: Started Virtual Machine qemu-4-instance-00000004.
Nov 22 13:43:20 np0005532311.novalocal kernel: tap4fffa374-36: entered promiscuous mode
