Nov 22 13:43:20 np0005532311.novalocal NetworkManager[858]: [1763837000.3172] manager: (tap4fffa374-36): 'openvswitch' plugin not available; creating generic device
Nov 22 13:43:20 np0005532311.novalocal NetworkManager[858]: [1763837000.3189] manager: (tap4fffa374-36): new Generic device (/org/freedesktop/NetworkManager/Devices/44)
Nov 22 13:43:20 np0005532311.novalocal sshd-session[104625]: Invalid user student9 from 104.168.4.151 port 45120
Nov 22 13:43:20 np0005532311.novalocal sshd-session[104625]: Received disconnect from 104.168.4.151 port 45120:11: Bye Bye [preauth]
Nov 22 13:43:20 np0005532311.novalocal sshd-session[104625]: Disconnected from invalid user student9 104.168.4.151 port 45120 [preauth]
Nov 22 13:43:20 np0005532311.novalocal object-server[96226]: Starting object replication pass.
Nov 22 13:43:21 np0005532311.novalocal dnsmasq[104678]: started, version 2.85 cachesize 150
Nov 22 13:43:21 np0005532311.novalocal dnsmasq[104678]: DNS service limited to local subnets
Nov 22 13:43:21 np0005532311.novalocal dnsmasq[104678]: compile time options: IPv6 GNU-getopt DBus no-UBus no-i18n IDN2 DHCP DHCPv6 no-Lua TFTP no-conntrack ipset auth cryptohash DNSSEC loop-detect inotify dumpfile
Nov 22 13:43:21 np0005532311.novalocal dnsmasq[104678]: warning: no upstream servers configured
Nov 22 13:43:21 np0005532311.novalocal dnsmasq-dhcp[104678]: DHCP, static leases only on 10.100.0.0, lease time 1d
Nov 22 13:43:21 np0005532311.novalocal dnsmasq[104678]: read /var/lib/neutron/dhcp/dea06c7b-4d11-4bb4-a6d1-b075a22e58e3/addn_hosts - 0 addresses
Nov 22 13:43:21 np0005532311.novalocal dnsmasq-dhcp[104678]: read /var/lib/neutron/dhcp/dea06c7b-4d11-4bb4-a6d1-b075a22e58e3/host
Nov 22 13:43:21 np0005532311.novalocal dnsmasq-dhcp[104678]: read /var/lib/neutron/dhcp/dea06c7b-4d11-4bb4-a6d1-b075a22e58e3/opts
Nov 22 13:43:21 np0005532311.novalocal dnsmasq[104678]: read /var/lib/neutron/dhcp/dea06c7b-4d11-4bb4-a6d1-b075a22e58e3/addn_hosts - 1 addresses
Nov 22 13:43:21 np0005532311.novalocal dnsmasq-dhcp[104678]: read /var/lib/neutron/dhcp/dea06c7b-4d11-4bb4-a6d1-b075a22e58e3/host
Nov 22 13:43:21 np0005532311.novalocal dnsmasq-dhcp[104678]: read /var/lib/neutron/dhcp/dea06c7b-4d11-4bb4-a6d1-b075a22e58e3/opts
Nov 22 13:43:21 np0005532311.novalocal dnsmasq[104678]: read /var/lib/neutron/dhcp/dea06c7b-4d11-4bb4-a6d1-b075a22e58e3/addn_hosts - 1 addresses
Nov 22 13:43:21 np0005532311.novalocal dnsmasq-dhcp[104678]: read /var/lib/neutron/dhcp/dea06c7b-4d11-4bb4-a6d1-b075a22e58e3/host
Nov 22 13:43:21 np0005532311.novalocal dnsmasq-dhcp[104678]: read /var/lib/neutron/dhcp/dea06c7b-4d11-4bb4-a6d1-b075a22e58e3/opts
Nov 22 13:43:21 np0005532311.novalocal kernel: qr-30dbc967-44: entered promiscuous mode
Nov 22 13:43:21 np0005532311.novalocal NetworkManager[858]: [1763837001.8217] manager: (qr-30dbc967-44): 'openvswitch' plugin not available; creating generic device
Nov 22 13:43:21 np0005532311.novalocal NetworkManager[858]: [1763837001.8229] manager: (qr-30dbc967-44): new Generic device (/org/freedesktop/NetworkManager/Devices/45)
Nov 22 13:43:21 np0005532311.novalocal systemd-udevd[104637]: Network interface NamePolicy= disabled on kernel command line.
Nov 22 13:43:21 np0005532311.novalocal dnsmasq[104678]: read /var/lib/neutron/dhcp/dea06c7b-4d11-4bb4-a6d1-b075a22e58e3/addn_hosts - 1 addresses
Nov 22 13:43:21 np0005532311.novalocal dnsmasq-dhcp[104678]: read /var/lib/neutron/dhcp/dea06c7b-4d11-4bb4-a6d1-b075a22e58e3/host
Nov 22 13:43:21 np0005532311.novalocal dnsmasq-dhcp[104678]: read /var/lib/neutron/dhcp/dea06c7b-4d11-4bb4-a6d1-b075a22e58e3/opts
Nov 22 13:43:21 np0005532311.novalocal libvirtd[98257]: ethtool ioctl error on qr-30dbc967-44: No such device
Nov 22 13:43:21 np0005532311.novalocal libvirtd[98257]: ethtool ioctl error on qr-30dbc967-44: No such device
Nov 22 13:43:21 np0005532311.novalocal libvirtd[98257]: ethtool ioctl error on qr-30dbc967-44: No such device
Nov 22 13:43:21 np0005532311.novalocal libvirtd[98257]: ethtool ioctl error on qr-30dbc967-44: No such device
Nov 22 13:43:21 np0005532311.novalocal libvirtd[98257]: ethtool ioctl error on qr-30dbc967-44: No such device
Nov 22 13:43:21 np0005532311.novalocal libvirtd[98257]: ethtool ioctl error on qr-30dbc967-44: No such device
Nov 22 13:43:21 np0005532311.novalocal libvirtd[98257]: ethtool ioctl error on qr-30dbc967-44: No such device
Nov 22 13:43:21 np0005532311.novalocal libvirtd[98257]: ethtool ioctl error on qr-30dbc967-44: No such device
Nov 22 13:43:22 np0005532311.novalocal container-server[95854]: ::1 - - [22/Nov/2025:18:43:22 +0000] "HEAD /3/123810/AUTH_7e6379b038b744d2b4ed9c56e55784eb/gnocchi.39a68e0e-879b-4010-ba56-5ce5a0115177" 404 - "HEAD http://[::1]:8080/v1/AUTH_7e6379b038b744d2b4ed9c56e55784eb/gnocchi.39a68e0e-879b-4010-ba56-5ce5a0115177" "tx83c36213501a453cac80e-006922044a" "proxy-server 88815" 0.0004 "-" 95854 0
Nov 22 13:43:22 np0005532311.novalocal container-server[95853]: ::1 - - [22/Nov/2025:18:43:22 +0000] "HEAD /1/123810/AUTH_7e6379b038b744d2b4ed9c56e55784eb/gnocchi.39a68e0e-879b-4010-ba56-5ce5a0115177" 404 - "HEAD http://[::1]:8080/v1/AUTH_7e6379b038b744d2b4ed9c56e55784eb/gnocchi.39a68e0e-879b-4010-ba56-5ce5a0115177" "tx83c36213501a453cac80e-006922044a" "proxy-server 88815" 0.0004 "-" 95853 0
Nov 22 13:43:22 np0005532311.novalocal container-server[95853]: ::1 - - [22/Nov/2025:18:43:22 +0000] "HEAD /2/123810/AUTH_7e6379b038b744d2b4ed9c56e55784eb/gnocchi.39a68e0e-879b-4010-ba56-5ce5a0115177" 404 - "HEAD http://[::1]:8080/v1/AUTH_7e6379b038b744d2b4ed9c56e55784eb/gnocchi.39a68e0e-879b-4010-ba56-5ce5a0115177" "tx83c36213501a453cac80e-006922044a" "proxy-server 88815" 0.0003 "-" 95853 0
Nov 22 13:43:22 np0005532311.novalocal proxy-server[88815]: - - 22/Nov/2025/18/43/22 HEAD /v1/AUTH_7e6379b038b744d2b4ed9c56e55784eb/gnocchi.39a68e0e-879b-4010-ba56-5ce5a0115177 HTTP/1.0 404 - Swift - - - - tx83c36213501a453cac80e-006922044a - 0.0113 CS - 1763837002.045709848 1763837002.057044268 0
Nov 22 13:43:22 np0005532311.novalocal container-server[95854]: ::1 - - [22/Nov/2025:18:43:22 +0000] "HEAD /2/131597/AUTH_7e6379b038b744d2b4ed9c56e55784eb/gnocchi.0feefb2b-0808-493e-b2e0-0b1a57f4b78b" 404 - "HEAD http://[::1]:8080/v1/AUTH_7e6379b038b744d2b4ed9c56e55784eb/gnocchi.0feefb2b-0808-493e-b2e0-0b1a57f4b78b" "tx7d6d90658be94e15a3ded-006922044a" "proxy-server 88816" 0.0003 "-" 95854 0
Nov 22 13:43:22 np0005532311.novalocal container-server[95853]: ::1 - - [22/Nov/2025:18:43:22 +0000] "HEAD /1/131597/AUTH_7e6379b038b744d2b4ed9c56e55784eb/gnocchi.0feefb2b-0808-493e-b2e0-0b1a57f4b78b" 404 - "HEAD http://[::1]:8080/v1/AUTH_7e6379b038b744d2b4ed9c56e55784eb/gnocchi.0feefb2b-0808-493e-b2e0-0b1a57f4b78b" "tx7d6d90658be94e15a3ded-006922044a" "proxy-server 88816" 0.0003 "-" 95853 0
Nov 22 13:43:22 np0005532311.novalocal object-server[96156]: ::1 - - [22/Nov/2025:18:43:22 +0000] "GET /1/145214/AUTH_7e6379b038b744d2b4ed9c56e55784eb/gnocchi.39a68e0e-879b-4010-ba56-5ce5a0115177/none_v3" 404 70 "GET http://[::1]:8080/v1/AUTH_7e6379b038b744d2b4ed9c56e55784eb/gnocchi.39a68e0e-879b-4010-ba56-5ce5a0115177/none_v3" "tx83c36213501a453cac80e-006922044a" "proxy-server 88815" 0.0003 "-" 96156 0
Nov 22 13:43:22 np0005532311.novalocal object-server[96156]: ::1 - - [22/Nov/2025:18:43:22 +0000] "GET /2/145214/AUTH_7e6379b038b744d2b4ed9c56e55784eb/gnocchi.39a68e0e-879b-4010-ba56-5ce5a0115177/none_v3" 404 70 "GET http://[::1]:8080/v1/AUTH_7e6379b038b744d2b4ed9c56e55784eb/gnocchi.39a68e0e-879b-4010-ba56-5ce5a0115177/none_v3" "tx83c36213501a453cac80e-006922044a" "proxy-server 88815" 0.0001 "-" 96156 0
Nov 22 13:43:22 np0005532311.novalocal container-server[95853]: ::1 - - [22/Nov/2025:18:43:22 +0000] "HEAD /3/131597/AUTH_7e6379b038b744d2b4ed9c56e55784eb/gnocchi.0feefb2b-0808-493e-b2e0-0b1a57f4b78b" 404 - "HEAD http://[::1]:8080/v1/AUTH_7e6379b038b744d2b4ed9c56e55784eb/gnocchi.0feefb2b-0808-493e-b2e0-0b1a57f4b78b" "tx7d6d90658be94e15a3ded-006922044a" "proxy-server 88816" 0.0003 "-" 95853 0
Nov 22 13:43:22 np0005532311.novalocal object-server[96156]: ::1 - - [22/Nov/2025:18:43:22 +0000] "GET /3/145214/AUTH_7e6379b038b744d2b4ed9c56e55784eb/gnocchi.39a68e0e-879b-4010-ba56-5ce5a0115177/none_v3" 404 70 "GET http://[::1]:8080/v1/AUTH_7e6379b038b744d2b4ed9c56e55784eb/gnocchi.39a68e0e-879b-4010-ba56-5ce5a0115177/none_v3" "tx83c36213501a453cac80e-006922044a" "proxy-server 88815" 0.0002 "-" 96156 0
Nov 22 13:43:22 np0005532311.novalocal proxy-server[88815]: ::1 ::1 22/Nov/2025/18/43/22 GET /v1/AUTH_7e6379b038b744d2b4ed9c56e55784eb/gnocchi.39a68e0e-879b-4010-ba56-5ce5a0115177/none_v3 HTTP/1.0 404 - python-swiftclient-4.5.0 gAAAAABpIgQFZCvZ... - 70 - tx83c36213501a453cac80e-006922044a - 0.0228 - - 1763837002.043447256 1763837002.066292524 0
Nov 22 13:43:22 np0005532311.novalocal proxy-server[88816]: - - 22/Nov/2025/18/43/22 HEAD /v1/AUTH_7e6379b038b744d2b4ed9c56e55784eb/gnocchi.0feefb2b-0808-493e-b2e0-0b1a57f4b78b HTTP/1.0 404 - Swift - - - - tx7d6d90658be94e15a3ded-006922044a - 0.0187 CS - 1763837002.048785925 1763837002.067468405 0
Nov 22 13:43:22 np0005532311.novalocal object-server[96157]: ::1 - - [22/Nov/2025:18:43:22 +0000] "GET /3/239676/AUTH_7e6379b038b744d2b4ed9c56e55784eb/gnocchi.0feefb2b-0808-493e-b2e0-0b1a57f4b78b/none_v3" 404 70 "GET http://[::1]:8080/v1/AUTH_7e6379b038b744d2b4ed9c56e55784eb/gnocchi.0feefb2b-0808-493e-b2e0-0b1a57f4b78b/none_v3" "tx7d6d90658be94e15a3ded-006922044a" "proxy-server 88816" 0.0002 "-" 96157 0
Nov 22 13:43:22 np0005532311.novalocal object-server[96156]: ::1 - - [22/Nov/2025:18:43:22 +0000] "GET /1/239676/AUTH_7e6379b038b744d2b4ed9c56e55784eb/gnocchi.0feefb2b-0808-493e-b2e0-0b1a57f4b78b/none_v3" 404 70 "GET http://[::1]:8080/v1/AUTH_7e6379b038b744d2b4ed9c56e55784eb/gnocchi.0feefb2b-0808-493e-b2e0-0b1a57f4b78b/none_v3" "tx7d6d90658be94e15a3ded-006922044a" "proxy-server 88816" 0.0002 "-" 96156 0
Nov 22 13:43:22 np0005532311.novalocal object-server[96156]: ::1 - - [22/Nov/2025:18:43:22 +0000] "GET /2/239676/AUTH_7e6379b038b744d2b4ed9c56e55784eb/gnocchi.0feefb2b-0808-493e-b2e0-0b1a57f4b78b/none_v3" 404 70 "GET http://[::1]:8080/v1/AUTH_7e6379b038b744d2b4ed9c56e55784eb/gnocchi.0feefb2b-0808-493e-b2e0-0b1a57f4b78b/none_v3" "tx7d6d90658be94e15a3ded-006922044a" "proxy-server 88816" 0.0002 "-" 96156 0
Nov 22 13:43:22 np0005532311.novalocal proxy-server[88816]: ::1 ::1 22/Nov/2025/18/43/22 GET /v1/AUTH_7e6379b038b744d2b4ed9c56e55784eb/gnocchi.0feefb2b-0808-493e-b2e0-0b1a57f4b78b/none_v3 HTTP/1.0 404 - python-swiftclient-4.5.0 gAAAAABpIgQAXILt... - 70 - tx7d6d90658be94e15a3ded-006922044a - 0.0374 - - 1763837002.047909975 1763837002.085292339 0
Nov 22 13:43:22 np0005532311.novalocal account-server[95553]: ::1 - - [22/Nov/2025:18:43:22 +0000] "PUT /2/156665/AUTH_7e6379b038b744d2b4ed9c56e55784eb/gnocchi.39a68e0e-879b-4010-ba56-5ce5a0115177" 201 - "PUT http://[::1]:6001/1/123810/AUTH_7e6379b038b744d2b4ed9c56e55784eb/gnocchi.39a68e0e-879b-4010-ba56-5ce5a0115177" "txcebd1fc66c6a4f78a1e2c-006922044a" "container-server 95854" 0.0012 "-" 95553 0
Nov 22 13:43:22 np0005532311.novalocal account-server[95554]: ::1 - - [22/Nov/2025:18:43:22 +0000] "PUT /3/156665/AUTH_7e6379b038b744d2b4ed9c56e55784eb/gnocchi.39a68e0e-879b-4010-ba56-5ce5a0115177" 201 - "PUT http://[::1]:6001/3/123810/AUTH_7e6379b038b744d2b4ed9c56e55784eb/gnocchi.39a68e0e-879b-4010-ba56-5ce5a0115177" "txcebd1fc66c6a4f78a1e2c-006922044a" "container-server 95853" 0.0012 "-" 95554 0
Nov 22 13:43:22 np0005532311.novalocal account-server[95553]: ::1 - - [22/Nov/2025:18:43:22 +0000] "PUT /1/156665/AUTH_7e6379b038b744d2b4ed9c56e55784eb/gnocchi.39a68e0e-879b-4010-ba56-5ce5a0115177" 201 - "PUT http://[::1]:6001/2/123810/AUTH_7e6379b038b744d2b4ed9c56e55784eb/gnocchi.39a68e0e-879b-4010-ba56-5ce5a0115177" "txcebd1fc66c6a4f78a1e2c-006922044a" "container-server 95853" 0.0013 "-" 95553 0
Nov 22 13:43:22 np0005532311.novalocal container-server[95854]: ::1 - - [22/Nov/2025:18:43:22 +0000] "PUT /1/123810/AUTH_7e6379b038b744d2b4ed9c56e55784eb/gnocchi.39a68e0e-879b-4010-ba56-5ce5a0115177" 201 - "PUT http://[::1]:8080/v1/AUTH_7e6379b038b744d2b4ed9c56e55784eb/gnocchi.39a68e0e-879b-4010-ba56-5ce5a0115177" "txcebd1fc66c6a4f78a1e2c-006922044a" "proxy-server 88815" 0.0451 "-" 95854 0
Nov 22 13:43:22 np0005532311.novalocal account-server[95554]: ::1 - - [22/Nov/2025:18:43:22 +0000] "PUT /2/156665/AUTH_7e6379b038b744d2b4ed9c56e55784eb/gnocchi.0feefb2b-0808-493e-b2e0-0b1a57f4b78b" 201 - "PUT http://[::1]:6001/1/131597/AUTH_7e6379b038b744d2b4ed9c56e55784eb/gnocchi.0feefb2b-0808-493e-b2e0-0b1a57f4b78b" "tx864919b00e7542098c6ee-006922044a" "container-server 95854" 0.0042 "-" 95554 0
Nov 22 13:43:22 np0005532311.novalocal container-server[95853]: ::1 - - [22/Nov/2025:18:43:22 +0000] "PUT /3/123810/AUTH_7e6379b038b744d2b4ed9c56e55784eb/gnocchi.39a68e0e-879b-4010-ba56-5ce5a0115177" 201 - "PUT http://[::1]:8080/v1/AUTH_7e6379b038b744d2b4ed9c56e55784eb/gnocchi.39a68e0e-879b-4010-ba56-5ce5a0115177" "txcebd1fc66c6a4f78a1e2c-006922044a" "proxy-server 88815" 0.0466 "-" 95853 0
Nov 22 13:43:22 np0005532311.novalocal container-server[95854]: ::1 - - [22/Nov/2025:18:43:22 +0000] "PUT /1/131597/AUTH_7e6379b038b744d2b4ed9c56e55784eb/gnocchi.0feefb2b-0808-493e-b2e0-0b1a57f4b78b" 201 - "PUT http://[::1]:8080/v1/AUTH_7e6379b038b744d2b4ed9c56e55784eb/gnocchi.0feefb2b-0808-493e-b2e0-0b1a57f4b78b" "tx864919b00e7542098c6ee-006922044a" "proxy-server 88816" 0.0283 "-" 95854 0
Nov 22 13:43:22 np0005532311.novalocal container-server[95853]: ::1 - - [22/Nov/2025:18:43:22 +0000] "PUT /2/123810/AUTH_7e6379b038b744d2b4ed9c56e55784eb/gnocchi.39a68e0e-879b-4010-ba56-5ce5a0115177" 201 - "PUT http://[::1]:8080/v1/AUTH_7e6379b038b744d2b4ed9c56e55784eb/gnocchi.39a68e0e-879b-4010-ba56-5ce5a0115177" "txcebd1fc66c6a4f78a1e2c-006922044a" "proxy-server 88815" 0.0334 "-" 95853 0
Nov 22 13:43:22 np0005532311.novalocal proxy-server[88815]: ::1 ::1 22/Nov/2025/18/43/22 PUT /v1/AUTH_7e6379b038b744d2b4ed9c56e55784eb/gnocchi.39a68e0e-879b-4010-ba56-5ce5a0115177 HTTP/1.0 201 - python-swiftclient-4.5.0 gAAAAABpIgQFZCvZ... - - - txcebd1fc66c6a4f78a1e2c-006922044a - 0.0668 - - 1763837002.068479776 1763837002.135262966 0
Nov 22 13:43:22 np0005532311.novalocal account-server[95554]: ::1 - - [22/Nov/2025:18:43:22 +0000] "PUT /1/156665/AUTH_7e6379b038b744d2b4ed9c56e55784eb/gnocchi.0feefb2b-0808-493e-b2e0-0b1a57f4b78b" 201 - "PUT http://[::1]:6001/2/131597/AUTH_7e6379b038b744d2b4ed9c56e55784eb/gnocchi.0feefb2b-0808-493e-b2e0-0b1a57f4b78b" "tx864919b00e7542098c6ee-006922044a" "container-server 95853" 0.0040 "-" 95554 0
Nov 22 13:43:22 np0005532311.novalocal account-server[95553]: ::1 - - [22/Nov/2025:18:43:22 +0000] "PUT /3/156665/AUTH_7e6379b038b744d2b4ed9c56e55784eb/gnocchi.0feefb2b-0808-493e-b2e0-0b1a57f4b78b" 201 - "PUT http://[::1]:6001/3/131597/AUTH_7e6379b038b744d2b4ed9c56e55784eb/gnocchi.0feefb2b-0808-493e-b2e0-0b1a57f4b78b" "tx864919b00e7542098c6ee-006922044a" "container-server 95854" 0.0114 "-" 95553 0
Nov 22 13:43:22 np0005532311.novalocal container-server[95854]: ::1 - - [22/Nov/2025:18:43:22 +0000] "PUT /3/131597/AUTH_7e6379b038b744d2b4ed9c56e55784eb/gnocchi.0feefb2b-0808-493e-b2e0-0b1a57f4b78b" 201 - "PUT http://[::1]:8080/v1/AUTH_7e6379b038b744d2b4ed9c56e55784eb/gnocchi.0feefb2b-0808-493e-b2e0-0b1a57f4b78b" "tx864919b00e7542098c6ee-006922044a" "proxy-server 88816" 0.0446 "-" 95854 0
Nov 22 13:43:22 np0005532311.novalocal container-server[95853]: ::1 - - [22/Nov/2025:18:43:22 +0000] "PUT /2/131597/AUTH_7e6379b038b744d2b4ed9c56e55784eb/gnocchi.0feefb2b-0808-493e-b2e0-0b1a57f4b78b" 201 - "PUT http://[::1]:8080/v1/AUTH_7e6379b038b744d2b4ed9c56e55784eb/gnocchi.0feefb2b-0808-493e-b2e0-0b1a57f4b78b" "tx864919b00e7542098c6ee-006922044a" "proxy-server 88816" 0.0172 "-" 95853 0
Nov 22 13:43:22 np0005532311.novalocal container-server[95854]: ::1 - - [22/Nov/2025:18:43:22 +0000] "HEAD /3/123810/AUTH_7e6379b038b744d2b4ed9c56e55784eb/gnocchi.39a68e0e-879b-4010-ba56-5ce5a0115177" 204 - "HEAD http://[::1]:8080/v1/AUTH_7e6379b038b744d2b4ed9c56e55784eb/gnocchi.39a68e0e-879b-4010-ba56-5ce5a0115177" "tx3a2b5ac614d44d8590f85-006922044a" "proxy-server 88815" 0.0015 "-" 95854 0
Nov 22 13:43:22 np0005532311.novalocal proxy-server[88815]: - - 22/Nov/2025/18/43/22 HEAD /v1/AUTH_7e6379b038b744d2b4ed9c56e55784eb/gnocchi.39a68e0e-879b-4010-ba56-5ce5a0115177 HTTP/1.0 204 - Swift - - - - tx3a2b5ac614d44d8590f85-006922044a - 0.0042 CS - 1763837002.140627861 1763837002.144810677 0
Nov 22 13:43:22 np0005532311.novalocal proxy-server[88816]: ::1 ::1 22/Nov/2025/18/43/22 PUT /v1/AUTH_7e6379b038b744d2b4ed9c56e55784eb/gnocchi.0feefb2b-0808-493e-b2e0-0b1a57f4b78b HTTP/1.0 201 - python-swiftclient-4.5.0 gAAAAABpIgQAXILt... - - - tx864919b00e7542098c6ee-006922044a - 0.0582 - - 1763837002.088467360 1763837002.146676779 0
Nov 22 13:43:22 np0005532311.novalocal container-server[95854]: ::1 - - [22/Nov/2025:18:43:22 +0000] "GET /2/123810/AUTH_7e6379b038b744d2b4ed9c56e55784eb/gnocchi.39a68e0e-879b-4010-ba56-5ce5a0115177" 200 2 "GET http://[::1]:8080/v1/AUTH_7e6379b038b744d2b4ed9c56e55784eb/gnocchi.39a68e0e-879b-4010-ba56-5ce5a0115177?format=json&states=listing" "tx3a2b5ac614d44d8590f85-006922044a" "proxy-server 88815" 0.0019 "-" 95854 0
Nov 22 13:43:22 np0005532311.novalocal proxy-server[88815]: ::1 ::1 22/Nov/2025/18/43/22 GET /v1/AUTH_7e6379b038b744d2b4ed9c56e55784eb/gnocchi.39a68e0e-879b-4010-ba56-5ce5a0115177%3Fformat%3Djson%26states%3Dlisting HTTP/1.0 200 - python-swiftclient-4.5.0 gAAAAABpIgQFZCvZ... - 2 - tx3a2b5ac614d44d8590f85-006922044a - 0.0169 - - 1763837002.138218641 1763837002.155148268 0
Nov 22 13:43:22 np0005532311.novalocal container-server[95854]: ::1 - - [22/Nov/2025:18:43:22 +0000] "HEAD /2/131597/AUTH_7e6379b038b744d2b4ed9c56e55784eb/gnocchi.0feefb2b-0808-493e-b2e0-0b1a57f4b78b" 204 - "HEAD http://[::1]:8080/v1/AUTH_7e6379b038b744d2b4ed9c56e55784eb/gnocchi.0feefb2b-0808-493e-b2e0-0b1a57f4b78b" "txf71c482bea524246a77fd-006922044a" "proxy-server 88816" 0.0010 "-" 95854 0
Nov 22 13:43:22 np0005532311.novalocal proxy-server[88816]: - - 22/Nov/2025/18/43/22 HEAD /v1/AUTH_7e6379b038b744d2b4ed9c56e55784eb/gnocchi.0feefb2b-0808-493e-b2e0-0b1a57f4b78b HTTP/1.0 204 - Swift - - - - txf71c482bea524246a77fd-006922044a - 0.0044 CS - 1763837002.153998852 1763837002.158435822 0
Nov 22 13:43:22 np0005532311.novalocal object-server[96156]: ::1 - - [22/Nov/2025:18:43:22 +0000] "GET /3/93757/AUTH_7e6379b038b744d2b4ed9c56e55784eb/gnocchi.39a68e0e-879b-4010-ba56-5ce5a0115177/1763640000.0_mean_300.0_v3" 404 70 "GET http://[::1]:8080/v1/AUTH_7e6379b038b744d2b4ed9c56e55784eb/gnocchi.39a68e0e-879b-4010-ba56-5ce5a0115177/1763640000.0_mean_300.0_v3" "tx2d73175b74fd4449a5995-006922044a" "proxy-server 88815" 0.0004 "-" 96156 0
Nov 22 13:43:22 np0005532311.novalocal container-server[95854]: ::1 - - [22/Nov/2025:18:43:22 +0000] "GET /1/131597/AUTH_7e6379b038b744d2b4ed9c56e55784eb/gnocchi.0feefb2b-0808-493e-b2e0-0b1a57f4b78b" 200 2 "GET http://[::1]:8080/v1/AUTH_7e6379b038b744d2b4ed9c56e55784eb/gnocchi.0feefb2b-0808-493e-b2e0-0b1a57f4b78b?format=json&states=listing" "txf71c482bea524246a77fd-006922044a" "proxy-server 88816" 0.0018 "-" 95854 0
Nov 22 13:43:22 np0005532311.novalocal object-server[96156]: ::1 - - [22/Nov/2025:18:43:22 +0000] "GET /2/93757/AUTH_7e6379b038b744d2b4ed9c56e55784eb/gnocchi.39a68e0e-879b-4010-ba56-5ce5a0115177/1763640000.0_mean_300.0_v3" 404 70 "GET http://[::1]:8080/v1/AUTH_7e6379b038b744d2b4ed9c56e55784eb/gnocchi.39a68e0e-879b-4010-ba56-5ce5a0115177/1763640000.0_mean_300.0_v3" "tx2d73175b74fd4449a5995-006922044a" "proxy-server 88815" 0.0004 "-" 96156 0
Nov 22 13:43:22 np0005532311.novalocal object-server[96157]: ::1 - - [22/Nov/2025:18:43:22 +0000] "GET /1/93757/AUTH_7e6379b038b744d2b4ed9c56e55784eb/gnocchi.39a68e0e-879b-4010-ba56-5ce5a0115177/1763640000.0_mean_300.0_v3" 404 70 "GET http://[::1]:8080/v1/AUTH_7e6379b038b744d2b4ed9c56e55784eb/gnocchi.39a68e0e-879b-4010-ba56-5ce5a0115177/1763640000.0_mean_300.0_v3" "tx2d73175b74fd4449a5995-006922044a" "proxy-server 88815" 0.0002 "-" 96157 0
Nov 22 13:43:22 np0005532311.novalocal proxy-server[88815]: ::1 ::1 22/Nov/2025/18/43/22 GET /v1/AUTH_7e6379b038b744d2b4ed9c56e55784eb/gnocchi.39a68e0e-879b-4010-ba56-5ce5a0115177/1763640000.0_mean_300.0_v3 HTTP/1.0 404 - python-swiftclient-4.5.0 gAAAAABpIgQFZCvZ... - 70 - tx2d73175b74fd4449a5995-006922044a - 0.0149 - - 1763837002.158097982 1763837002.172991276 0
Nov 22 13:43:22 np0005532311.novalocal proxy-server[88816]: ::1 ::1 22/Nov/2025/18/43/22 GET /v1/AUTH_7e6379b038b744d2b4ed9c56e55784eb/gnocchi.0feefb2b-0808-493e-b2e0-0b1a57f4b78b%3Fformat%3Djson%26states%3Dlisting HTTP/1.0 200 - python-swiftclient-4.5.0 gAAAAABpIgQAXILt... - 2 - txf71c482bea524246a77fd-006922044a - 0.0162 - - 1763837002.153360128 1763837002.169595480 0
Nov 22 13:43:22 np0005532311.novalocal object-server[96157]: ::1 - - [22/Nov/2025:18:43:22 +0000] "GET /3/93092/AUTH_7e6379b038b744d2b4ed9c56e55784eb/gnocchi.0feefb2b-0808-493e-b2e0-0b1a57f4b78b/1763640000.0_mean_300.0_v3" 404 70 "GET http://[::1]:8080/v1/AUTH_7e6379b038b744d2b4ed9c56e55784eb/gnocchi.0feefb2b-0808-493e-b2e0-0b1a57f4b78b/1763640000.0_mean_300.0_v3" "txe530c63e4212492b91947-006922044a" "proxy-server 88816" 0.0008 "-" 96157 0
Nov 22 13:43:22 np0005532311.novalocal container-server[95854]: ::1 - - [22/Nov/2025:18:43:22 +0000] "PUT /1/123810/AUTH_7e6379b038b744d2b4ed9c56e55784eb/gnocchi.39a68e0e-879b-4010-ba56-5ce5a0115177/1763640000.0_mean_300.0_v3" 201 - "PUT http://[::1]:8080/1/93757/AUTH_7e6379b038b744d2b4ed9c56e55784eb/gnocchi.39a68e0e-879b-4010-ba56-5ce5a0115177/1763640000.0_mean_300.0_v3" "tx4b08f64a8ef64bb38d187-006922044a" "object-server 96156" 0.0011 "-" 95854 0
Nov 22 13:43:22 np0005532311.novalocal object-server[96156]: ::1 - - [22/Nov/2025:18:43:22 +0000] "GET /1/93092/AUTH_7e6379b038b744d2b4ed9c56e55784eb/gnocchi.0feefb2b-0808-493e-b2e0-0b1a57f4b78b/1763640000.0_mean_300.0_v3" 404 70 "GET http://[::1]:8080/v1/AUTH_7e6379b038b744d2b4ed9c56e55784eb/gnocchi.0feefb2b-0808-493e-b2e0-0b1a57f4b78b/1763640000.0_mean_300.0_v3" "txe530c63e4212492b91947-006922044a" "proxy-server 88816" 0.0003 "-" 96156 0
Nov 22 13:43:22 np0005532311.novalocal object-server[96156]: ::1 - - [22/Nov/2025:18:43:22 +0000] "PUT /1/93757/AUTH_7e6379b038b744d2b4ed9c56e55784eb/gnocchi.39a68e0e-879b-4010-ba56-5ce5a0115177/1763640000.0_mean_300.0_v3" 201 - "PUT http://[::1]:8080/v1/AUTH_7e6379b038b744d2b4ed9c56e55784eb/gnocchi.39a68e0e-879b-4010-ba56-5ce5a0115177/1763640000.0_mean_300.0_v3" "tx4b08f64a8ef64bb38d187-006922044a" "proxy-server 88815" 0.0146 "-" 96156 0
Nov 22 13:43:22 np0005532311.novalocal object-server[96156]: ::1 - - [22/Nov/2025:18:43:22 +0000] "GET /2/93092/AUTH_7e6379b038b744d2b4ed9c56e55784eb/gnocchi.0feefb2b-0808-493e-b2e0-0b1a57f4b78b/1763640000.0_mean_300.0_v3" 404 70 "GET http://[::1]:8080/v1/AUTH_7e6379b038b744d2b4ed9c56e55784eb/gnocchi.0feefb2b-0808-493e-b2e0-0b1a57f4b78b/1763640000.0_mean_300.0_v3" "txe530c63e4212492b91947-006922044a" "proxy-server 88816" 0.0002 "-" 96156 0
Nov 22 13:43:22 np0005532311.novalocal container-server[95853]: ::1 - - [22/Nov/2025:18:43:22 +0000] "PUT /3/123810/AUTH_7e6379b038b744d2b4ed9c56e55784eb/gnocchi.39a68e0e-879b-4010-ba56-5ce5a0115177/1763640000.0_mean_300.0_v3" 201 - "PUT http://[::1]:8080/2/93757/AUTH_7e6379b038b744d2b4ed9c56e55784eb/gnocchi.39a68e0e-879b-4010-ba56-5ce5a0115177/1763640000.0_mean_300.0_v3" "tx4b08f64a8ef64bb38d187-006922044a" "object-server 96157" 0.0005 "-" 95853 0
Nov 22 13:43:22 np0005532311.novalocal proxy-server[88816]: ::1 ::1 22/Nov/2025/18/43/22 GET /v1/AUTH_7e6379b038b744d2b4ed9c56e55784eb/gnocchi.0feefb2b-0808-493e-b2e0-0b1a57f4b78b/1763640000.0_mean_300.0_v3 HTTP/1.0 404 - python-swiftclient-4.5.0 gAAAAABpIgQAXILt... - 70 - txe530c63e4212492b91947-006922044a - 0.0179 - - 1763837002.181695938 1763837002.199573040 0
Nov 22 13:43:22 np0005532311.novalocal container-server[95853]: ::1 - - [22/Nov/2025:18:43:22 +0000] "PUT /2/123810/AUTH_7e6379b038b744d2b4ed9c56e55784eb/gnocchi.39a68e0e-879b-4010-ba56-5ce5a0115177/1763640000.0_mean_300.0_v3" 201 - "PUT http://[::1]:8080/3/93757/AUTH_7e6379b038b744d2b4ed9c56e55784eb/gnocchi.39a68e0e-879b-4010-ba56-5ce5a0115177/1763640000.0_mean_300.0_v3" "tx4b08f64a8ef64bb38d187-006922044a" "object-server 96157" 0.0003 "-" 95853 0
Nov 22 13:43:22 np0005532311.novalocal object-server[96157]: ::1 - - [22/Nov/2025:18:43:22 +0000] "PUT /2/93757/AUTH_7e6379b038b744d2b4ed9c56e55784eb/gnocchi.39a68e0e-879b-4010-ba56-5ce5a0115177/1763640000.0_mean_300.0_v3" 201 - "PUT http://[::1]:8080/v1/AUTH_7e6379b038b744d2b4ed9c56e55784eb/gnocchi.39a68e0e-879b-4010-ba56-5ce5a0115177/1763640000.0_mean_300.0_v3" "tx4b08f64a8ef64bb38d187-006922044a" "proxy-server 88815" 0.0204 "-" 96157 0
Nov 22 13:43:22 np0005532311.novalocal object-server[96157]: ::1 - - [22/Nov/2025:18:43:22 +0000] "PUT /3/93757/AUTH_7e6379b038b744d2b4ed9c56e55784eb/gnocchi.39a68e0e-879b-4010-ba56-5ce5a0115177/1763640000.0_mean_300.0_v3" 201 - "PUT http://[::1]:8080/v1/AUTH_7e6379b038b744d2b4ed9c56e55784eb/gnocchi.39a68e0e-879b-4010-ba56-5ce5a0115177/1763640000.0_mean_300.0_v3" "tx4b08f64a8ef64bb38d187-006922044a" "proxy-server 88815" 0.0201 "-" 96157 0
Nov 22 13:43:22 np0005532311.novalocal proxy-server[88815]: ::1 ::1 22/Nov/2025/18/43/22 PUT /v1/AUTH_7e6379b038b744d2b4ed9c56e55784eb/gnocchi.39a68e0e-879b-4010-ba56-5ce5a0115177/1763640000.0_mean_300.0_v3 HTTP/1.0 201 - python-swiftclient-4.5.0 gAAAAABpIgQFZCvZ... 16 - - tx4b08f64a8ef64bb38d187-006922044a - 0.0278 - - 1763837002.175052881 1763837002.202805281 0
Nov 22 13:43:22 np0005532311.novalocal container-server[95853]: ::1 - - [22/Nov/2025:18:43:22 +0000] "PUT /3/123810/AUTH_7e6379b038b744d2b4ed9c56e55784eb/gnocchi.39a68e0e-879b-4010-ba56-5ce5a0115177/none_v3" 201 - "PUT http://[::1]:8080/2/145214/AUTH_7e6379b038b744d2b4ed9c56e55784eb/gnocchi.39a68e0e-879b-4010-ba56-5ce5a0115177/none_v3" "tx66769b74a2054714b7b85-006922044a" "object-server 96156" 0.0004 "-" 95853 0
Nov 22 13:43:22 np0005532311.novalocal object-server[96156]: ::1 - - [22/Nov/2025:18:43:22 +0000] "PUT /2/145214/AUTH_7e6379b038b744d2b4ed9c56e55784eb/gnocchi.39a68e0e-879b-4010-ba56-5ce5a0115177/none_v3" 201 - "PUT http://[::1]:8080/v1/AUTH_7e6379b038b744d2b4ed9c56e55784eb/gnocchi.39a68e0e-879b-4010-ba56-5ce5a0115177/none_v3" "tx66769b74a2054714b7b85-006922044a" "proxy-server 88815" 0.0125 "-" 96156 0
Nov 22 13:43:22 np0005532311.novalocal container-server[95854]: ::1 - - [22/Nov/2025:18:43:22 +0000] "PUT /1/123810/AUTH_7e6379b038b744d2b4ed9c56e55784eb/gnocchi.39a68e0e-879b-4010-ba56-5ce5a0115177/none_v3" 201 - "PUT http://[::1]:8080/3/145214/AUTH_7e6379b038b744d2b4ed9c56e55784eb/gnocchi.39a68e0e-879b-4010-ba56-5ce5a0115177/none_v3" "tx66769b74a2054714b7b85-006922044a" "object-server 96156" 0.0004 "-" 95854 0
Nov 22 13:43:22 np0005532311.novalocal container-server[95854]: ::1 - - [22/Nov/2025:18:43:22 +0000] "PUT /3/131597/AUTH_7e6379b038b744d2b4ed9c56e55784eb/gnocchi.0feefb2b-0808-493e-b2e0-0b1a57f4b78b/1763640000.0_mean_300.0_v3" 201 - "PUT http://[::1]:8080/3/93092/AUTH_7e6379b038b744d2b4ed9c56e55784eb/gnocchi.0feefb2b-0808-493e-b2e0-0b1a57f4b78b/1763640000.0_mean_300.0_v3" "tx2eb8d4fcf8224d76b569b-006922044a" "object-server 96157" 0.0003 "-" 95854 0
Nov 22 13:43:22 np0005532311.novalocal object-server[96157]: ::1 - - [22/Nov/2025:18:43:22 +0000] "PUT /3/93092/AUTH_7e6379b038b744d2b4ed9c56e55784eb/gnocchi.0feefb2b-0808-493e-b2e0-0b1a57f4b78b/1763640000.0_mean_300.0_v3" 201 - "PUT http://[::1]:8080/v1/AUTH_7e6379b038b744d2b4ed9c56e55784eb/gnocchi.0feefb2b-0808-493e-b2e0-0b1a57f4b78b/1763640000.0_mean_300.0_v3" "tx2eb8d4fcf8224d76b569b-006922044a" "proxy-server 88816" 0.0115 "-" 96157 0
Nov 22 13:43:22 np0005532311.novalocal container-server[95854]: ::1 - - [22/Nov/2025:18:43:22 +0000] "PUT /1/131597/AUTH_7e6379b038b744d2b4ed9c56e55784eb/gnocchi.0feefb2b-0808-493e-b2e0-0b1a57f4b78b/1763640000.0_mean_300.0_v3" 201 - "PUT http://[::1]:8080/2/93092/AUTH_7e6379b038b744d2b4ed9c56e55784eb/gnocchi.0feefb2b-0808-493e-b2e0-0b1a57f4b78b/1763640000.0_mean_300.0_v3" "tx2eb8d4fcf8224d76b569b-006922044a" "object-server 96157" 0.0003 "-" 95854 0
Nov 22 13:43:22 np0005532311.novalocal container-server[95853]: ::1 - - [22/Nov/2025:18:43:22 +0000] "PUT /2/131597/AUTH_7e6379b038b744d2b4ed9c56e55784eb/gnocchi.0feefb2b-0808-493e-b2e0-0b1a57f4b78b/1763640000.0_mean_300.0_v3" 201 - "PUT http://[::1]:8080/1/93092/AUTH_7e6379b038b744d2b4ed9c56e55784eb/gnocchi.0feefb2b-0808-493e-b2e0-0b1a57f4b78b/1763640000.0_mean_300.0_v3" "tx2eb8d4fcf8224d76b569b-006922044a" "object-server 96156" 0.0004 "-" 95853 0
Nov 22 13:43:22 np0005532311.novalocal object-server[96157]: ::1 - - [22/Nov/2025:18:43:22 +0000] "PUT /2/93092/AUTH_7e6379b038b744d2b4ed9c56e55784eb/gnocchi.0feefb2b-0808-493e-b2e0-0b1a57f4b78b/1763640000.0_mean_300.0_v3" 201 - "PUT http://[::1]:8080/v1/AUTH_7e6379b038b744d2b4ed9c56e55784eb/gnocchi.0feefb2b-0808-493e-b2e0-0b1a57f4b78b/1763640000.0_mean_300.0_v3" "tx2eb8d4fcf8224d76b569b-006922044a" "proxy-server 88816" 0.0146 "-" 96157 0
Nov 22 13:43:22 np0005532311.novalocal container-server[95853]: ::1 - - [22/Nov/2025:18:43:22 +0000] "PUT /2/123810/AUTH_7e6379b038b744d2b4ed9c56e55784eb/gnocchi.39a68e0e-879b-4010-ba56-5ce5a0115177/none_v3" 201 - "PUT http://[::1]:8080/1/145214/AUTH_7e6379b038b744d2b4ed9c56e55784eb/gnocchi.39a68e0e-879b-4010-ba56-5ce5a0115177/none_v3" "tx66769b74a2054714b7b85-006922044a" "object-server 96157" 0.0004 "-" 95853 0
Nov 22 13:43:22 np0005532311.novalocal object-server[96156]: ::1 - - [22/Nov/2025:18:43:22 +0000] "PUT /3/145214/AUTH_7e6379b038b744d2b4ed9c56e55784eb/gnocchi.39a68e0e-879b-4010-ba56-5ce5a0115177/none_v3" 201 - "PUT http://[::1]:8080/v1/AUTH_7e6379b038b744d2b4ed9c56e55784eb/gnocchi.39a68e0e-879b-4010-ba56-5ce5a0115177/none_v3" "tx66769b74a2054714b7b85-006922044a" "proxy-server 88815" 0.0166 "-" 96156 0
Nov 22 13:43:22 np0005532311.novalocal object-server[96157]: ::1 - - [22/Nov/2025:18:43:22 +0000] "PUT /1/145214/AUTH_7e6379b038b744d2b4ed9c56e55784eb/gnocchi.39a68e0e-879b-4010-ba56-5ce5a0115177/none_v3" 201 - "PUT http://[::1]:8080/v1/AUTH_7e6379b038b744d2b4ed9c56e55784eb/gnocchi.39a68e0e-879b-4010-ba56-5ce5a0115177/none_v3" "tx66769b74a2054714b7b85-006922044a" "proxy-server 88815" 0.0183 "-" 96157 0
Nov 22 13:43:22 np0005532311.novalocal object-server[96156]: ::1 - - [22/Nov/2025:18:43:22 +0000] "PUT /1/93092/AUTH_7e6379b038b744d2b4ed9c56e55784eb/gnocchi.0feefb2b-0808-493e-b2e0-0b1a57f4b78b/1763640000.0_mean_300.0_v3" 201 - "PUT http://[::1]:8080/v1/AUTH_7e6379b038b744d2b4ed9c56e55784eb/gnocchi.0feefb2b-0808-493e-b2e0-0b1a57f4b78b/1763640000.0_mean_300.0_v3" "tx2eb8d4fcf8224d76b569b-006922044a" "proxy-server 88816" 0.0169 "-" 96156 0
Nov 22 13:43:22 np0005532311.novalocal proxy-server[88816]: ::1 ::1 22/Nov/2025/18/43/22 PUT /v1/AUTH_7e6379b038b744d2b4ed9c56e55784eb/gnocchi.0feefb2b-0808-493e-b2e0-0b1a57f4b78b/1763640000.0_mean_300.0_v3 HTTP/1.0 201 - python-swiftclient-4.5.0 gAAAAABpIgQAXILt... 16 - - tx2eb8d4fcf8224d76b569b-006922044a - 0.0267 - - 1763837002.202505827 1763837002.229169369 0
Nov 22 13:43:22 np0005532311.novalocal kernel: qg-a3d82cf7-43: entered promiscuous mode
Nov 22 13:43:22 np0005532311.novalocal proxy-server[88815]: ::1 ::1 22/Nov/2025/18/43/22 PUT /v1/AUTH_7e6379b038b744d2b4ed9c56e55784eb/gnocchi.39a68e0e-879b-4010-ba56-5ce5a0115177/none_v3 HTTP/1.0 201 - python-swiftclient-4.5.0 gAAAAABpIgQFZCvZ... 22 - - tx66769b74a2054714b7b85-006922044a - 0.0323 - - 1763837002.204892397 1763837002.237210035 0
Nov 22 13:43:22 np0005532311.novalocal NetworkManager[858]: [1763837002.2370] manager: (qg-a3d82cf7-43): 'openvswitch' plugin not available; creating generic device
Nov 22 13:43:22 np0005532311.novalocal NetworkManager[858]: [1763837002.2381] manager: (qg-a3d82cf7-43): new Generic device (/org/freedesktop/NetworkManager/Devices/46)
Nov 22 13:43:22 np0005532311.novalocal container-server[95854]: ::1 - - [22/Nov/2025:18:43:22 +0000] "PUT /3/131597/AUTH_7e6379b038b744d2b4ed9c56e55784eb/gnocchi.0feefb2b-0808-493e-b2e0-0b1a57f4b78b/none_v3" 201 - "PUT http://[::1]:8080/3/239676/AUTH_7e6379b038b744d2b4ed9c56e55784eb/gnocchi.0feefb2b-0808-493e-b2e0-0b1a57f4b78b/none_v3" "tx2772b250dcd44db9a0dc4-006922044a" "object-server 96156" 0.0006 "-" 95854 0
Nov 22 13:43:22 np0005532311.novalocal container-server[95853]: ::1 - - [22/Nov/2025:18:43:22 +0000] "HEAD /2/261017/AUTH_7e6379b038b744d2b4ed9c56e55784eb/gnocchi.d523e74d-2143-48e6-8762-e9b9ec5f5c54" 404 - "HEAD http://[::1]:8080/v1/AUTH_7e6379b038b744d2b4ed9c56e55784eb/gnocchi.d523e74d-2143-48e6-8762-e9b9ec5f5c54" "txf1b38271f2134abc8f5f5-006922044a" "proxy-server 88815" 0.0002 "-" 95853 0
Nov 22 13:43:22 np0005532311.novalocal object-server[96156]: ::1 - - [22/Nov/2025:18:43:22 +0000] "PUT /3/239676/AUTH_7e6379b038b744d2b4ed9c56e55784eb/gnocchi.0feefb2b-0808-493e-b2e0-0b1a57f4b78b/none_v3" 201 - "PUT http://[::1]:8080/v1/AUTH_7e6379b038b744d2b4ed9c56e55784eb/gnocchi.0feefb2b-0808-493e-b2e0-0b1a57f4b78b/none_v3" "tx2772b250dcd44db9a0dc4-006922044a" "proxy-server 88816" 0.0131 "-" 96156 0
Nov 22 13:43:22 np0005532311.novalocal container-server[95854]: ::1 - - [22/Nov/2025:18:43:22 +0000] "HEAD /3/261017/AUTH_7e6379b038b744d2b4ed9c56e55784eb/gnocchi.d523e74d-2143-48e6-8762-e9b9ec5f5c54" 404 - "HEAD http://[::1]:8080/v1/AUTH_7e6379b038b744d2b4ed9c56e55784eb/gnocchi.d523e74d-2143-48e6-8762-e9b9ec5f5c54" "txf1b38271f2134abc8f5f5-006922044a" "proxy-server 88815" 0.0003 "-" 95854 0
Nov 22 13:43:22 np0005532311.novalocal container-server[95853]: ::1 - - [22/Nov/2025:18:43:22 +0000] "PUT /2/131597/AUTH_7e6379b038b744d2b4ed9c56e55784eb/gnocchi.0feefb2b-0808-493e-b2e0-0b1a57f4b78b/none_v3" 201 - "PUT http://[::1]:8080/2/239676/AUTH_7e6379b038b744d2b4ed9c56e55784eb/gnocchi.0feefb2b-0808-493e-b2e0-0b1a57f4b78b/none_v3" "tx2772b250dcd44db9a0dc4-006922044a" "object-server 96157" 0.0006 "-" 95853 0
Nov 22 13:43:22 np0005532311.novalocal object-server[96157]: ::1 - - [22/Nov/2025:18:43:22 +0000] "PUT /2/239676/AUTH_7e6379b038b744d2b4ed9c56e55784eb/gnocchi.0feefb2b-0808-493e-b2e0-0b1a57f4b78b/none_v3" 201 - "PUT http://[::1]:8080/v1/AUTH_7e6379b038b744d2b4ed9c56e55784eb/gnocchi.0feefb2b-0808-493e-b2e0-0b1a57f4b78b/none_v3" "tx2772b250dcd44db9a0dc4-006922044a" "proxy-server 88816" 0.0125 "-" 96157 0
Nov 22 13:43:22 np0005532311.novalocal container-server[95854]: ::1 - - [22/Nov/2025:18:43:22 +0000] "PUT /1/131597/AUTH_7e6379b038b744d2b4ed9c56e55784eb/gnocchi.0feefb2b-0808-493e-b2e0-0b1a57f4b78b/none_v3" 201 - "PUT http://[::1]:8080/1/239676/AUTH_7e6379b038b744d2b4ed9c56e55784eb/gnocchi.0feefb2b-0808-493e-b2e0-0b1a57f4b78b/none_v3" "tx2772b250dcd44db9a0dc4-006922044a" "object-server 96157" 0.0022 "-" 95854 0
Nov 22 13:43:22 np0005532311.novalocal container-server[95853]: ::1 - - [22/Nov/2025:18:43:22 +0000] "HEAD /1/261017/AUTH_7e6379b038b744d2b4ed9c56e55784eb/gnocchi.d523e74d-2143-48e6-8762-e9b9ec5f5c54" 404 - "HEAD http://[::1]:8080/v1/AUTH_7e6379b038b744d2b4ed9c56e55784eb/gnocchi.d523e74d-2143-48e6-8762-e9b9ec5f5c54" "txf1b38271f2134abc8f5f5-006922044a" "proxy-server 88815" 0.0002 "-" 95853 0
Nov 22 13:43:22 np0005532311.novalocal object-server[96157]: ::1 - - [22/Nov/2025:18:43:22 +0000] "PUT /1/239676/AUTH_7e6379b038b744d2b4ed9c56e55784eb/gnocchi.0feefb2b-0808-493e-b2e0-0b1a57f4b78b/none_v3" 201 - "PUT http://[::1]:8080/v1/AUTH_7e6379b038b744d2b4ed9c56e55784eb/gnocchi.0feefb2b-0808-493e-b2e0-0b1a57f4b78b/none_v3" "tx2772b250dcd44db9a0dc4-006922044a" "proxy-server 88816" 0.0186 "-" 96157 0
Nov 22 13:43:22 np0005532311.novalocal proxy-server[88815]: - - 22/Nov/2025/18/43/22 HEAD /v1/AUTH_7e6379b038b744d2b4ed9c56e55784eb/gnocchi.d523e74d-2143-48e6-8762-e9b9ec5f5c54 HTTP/1.0 404 - Swift - - - - txf1b38271f2134abc8f5f5-006922044a - 0.0158 CS - 1763837002.254217148 1763837002.270048857 0
Nov 22 13:43:22 np0005532311.novalocal proxy-server[88816]: ::1 ::1 22/Nov/2025/18/43/22 PUT /v1/AUTH_7e6379b038b744d2b4ed9c56e55784eb/gnocchi.0feefb2b-0808-493e-b2e0-0b1a57f4b78b/none_v3 HTTP/1.0 201 - python-swiftclient-4.5.0 gAAAAABpIgQAXILt... 22 - - tx2772b250dcd44db9a0dc4-006922044a - 0.0389 - - 1763837002.232201815 1763837002.271090508 0
Nov 22 13:43:22 np0005532311.novalocal object-server[96157]: ::1 - - [22/Nov/2025:18:43:22 +0000] "GET /3/131044/AUTH_7e6379b038b744d2b4ed9c56e55784eb/gnocchi.d523e74d-2143-48e6-8762-e9b9ec5f5c54/none_v3" 404 70 "GET http://[::1]:8080/v1/AUTH_7e6379b038b744d2b4ed9c56e55784eb/gnocchi.d523e74d-2143-48e6-8762-e9b9ec5f5c54/none_v3" "txf1b38271f2134abc8f5f5-006922044a" "proxy-server 88815" 0.0002 "-" 96157 0
Nov 22 13:43:22 np0005532311.novalocal object-server[96157]: ::1 - - [22/Nov/2025:18:43:22 +0000] "GET /2/131044/AUTH_7e6379b038b744d2b4ed9c56e55784eb/gnocchi.d523e74d-2143-48e6-8762-e9b9ec5f5c54/none_v3" 404 70 "GET http://[::1]:8080/v1/AUTH_7e6379b038b744d2b4ed9c56e55784eb/gnocchi.d523e74d-2143-48e6-8762-e9b9ec5f5c54/none_v3" "txf1b38271f2134abc8f5f5-006922044a" "proxy-server 88815" 0.0001 "-" 96157 0
Nov 22 13:43:22 np0005532311.novalocal object-server[96157]: ::1 - - [22/Nov/2025:18:43:22 +0000] "GET /1/131044/AUTH_7e6379b038b744d2b4ed9c56e55784eb/gnocchi.d523e74d-2143-48e6-8762-e9b9ec5f5c54/none_v3" 404 70 "GET http://[::1]:8080/v1/AUTH_7e6379b038b744d2b4ed9c56e55784eb/gnocchi.d523e74d-2143-48e6-8762-e9b9ec5f5c54/none_v3" "txf1b38271f2134abc8f5f5-006922044a" "proxy-server 88815" 0.0002 "-" 96157 0
Nov 22 13:43:22 np0005532311.novalocal proxy-server[88815]: ::1 ::1 22/Nov/2025/18/43/22 GET /v1/AUTH_7e6379b038b744d2b4ed9c56e55784eb/gnocchi.d523e74d-2143-48e6-8762-e9b9ec5f5c54/none_v3 HTTP/1.0 404 - python-swiftclient-4.5.0 gAAAAABpIgQFZCvZ... - 70 - txf1b38271f2134abc8f5f5-006922044a - 0.0328 - - 1763837002.252369404 1763837002.285213947 0
Nov 22 13:43:22 np0005532311.novalocal container-server[95853]: ::1 - - [22/Nov/2025:18:43:22 +0000] "HEAD /2/255940/AUTH_7e6379b038b744d2b4ed9c56e55784eb/gnocchi.db405940-7c72-4802-955e-52f20a14695a" 404 - "HEAD http://[::1]:8080/v1/AUTH_7e6379b038b744d2b4ed9c56e55784eb/gnocchi.db405940-7c72-4802-955e-52f20a14695a" "txc7ea578d36af4927b13e1-006922044a" "proxy-server 88816" 0.0003 "-" 95853 0
Nov 22 13:43:22 np0005532311.novalocal account-server[95554]: ::1 - - [22/Nov/2025:18:43:22 +0000] "PUT /3/156665/AUTH_7e6379b038b744d2b4ed9c56e55784eb/gnocchi.d523e74d-2143-48e6-8762-e9b9ec5f5c54" 201 - "PUT http://[::1]:6001/3/261017/AUTH_7e6379b038b744d2b4ed9c56e55784eb/gnocchi.d523e74d-2143-48e6-8762-e9b9ec5f5c54" "tx9728e6772cfe40c187cff-006922044a" "container-server 95854" 0.0041 "-" 95554 0
Nov 22 13:43:22 np0005532311.novalocal container-server[95854]: ::1 - - [22/Nov/2025:18:43:22 +0000] "PUT /3/261017/AUTH_7e6379b038b744d2b4ed9c56e55784eb/gnocchi.d523e74d-2143-48e6-8762-e9b9ec5f5c54" 201 - "PUT http://[::1]:8080/v1/AUTH_7e6379b038b744d2b4ed9c56e55784eb/gnocchi.d523e74d-2143-48e6-8762-e9b9ec5f5c54" "tx9728e6772cfe40c187cff-006922044a" "proxy-server 88815" 0.0152 "-" 95854 0
Nov 22 13:43:22 np0005532311.novalocal container-server[95853]: ::1 - - [22/Nov/2025:18:43:22 +0000] "HEAD /1/255940/AUTH_7e6379b038b744d2b4ed9c56e55784eb/gnocchi.db405940-7c72-4802-955e-52f20a14695a" 404 - "HEAD http://[::1]:8080/v1/AUTH_7e6379b038b744d2b4ed9c56e55784eb/gnocchi.db405940-7c72-4802-955e-52f20a14695a" "txc7ea578d36af4927b13e1-006922044a" "proxy-server 88816" 0.0002 "-" 95853 0
Nov 22 13:43:22 np0005532311.novalocal container-server[95854]: ::1 - - [22/Nov/2025:18:43:22 +0000] "HEAD /3/255940/AUTH_7e6379b038b744d2b4ed9c56e55784eb/gnocchi.db405940-7c72-4802-955e-52f20a14695a" 404 - "HEAD http://[::1]:8080/v1/AUTH_7e6379b038b744d2b4ed9c56e55784eb/gnocchi.db405940-7c72-4802-955e-52f20a14695a" "txc7ea578d36af4927b13e1-006922044a" "proxy-server 88816" 0.0003 "-" 95854 0
Nov 22 13:43:22 np0005532311.novalocal account-server[95553]: ::1 - - [22/Nov/2025:18:43:22 +0000] "PUT /1/156665/AUTH_7e6379b038b744d2b4ed9c56e55784eb/gnocchi.d523e74d-2143-48e6-8762-e9b9ec5f5c54" 201 - "PUT http://[::1]:6001/2/261017/AUTH_7e6379b038b744d2b4ed9c56e55784eb/gnocchi.d523e74d-2143-48e6-8762-e9b9ec5f5c54" "tx9728e6772cfe40c187cff-006922044a" "container-server 95853" 0.0042 "-" 95553 0
Nov 22 13:43:22 np0005532311.novalocal container-server[95853]: ::1 - - [22/Nov/2025:18:43:22 +0000] "PUT /2/261017/AUTH_7e6379b038b744d2b4ed9c56e55784eb/gnocchi.d523e74d-2143-48e6-8762-e9b9ec5f5c54" 201 - "PUT http://[::1]:8080/v1/AUTH_7e6379b038b744d2b4ed9c56e55784eb/gnocchi.d523e74d-2143-48e6-8762-e9b9ec5f5c54" "tx9728e6772cfe40c187cff-006922044a" "proxy-server 88815" 0.0134 "-" 95853 0
Nov 22 13:43:22 np0005532311.novalocal proxy-server[88816]: - - 22/Nov/2025/18/43/22 HEAD /v1/AUTH_7e6379b038b744d2b4ed9c56e55784eb/gnocchi.db405940-7c72-4802-955e-52f20a14695a HTTP/1.0 404 - Swift - - - - txc7ea578d36af4927b13e1-006922044a - 0.0295 CS - 1763837002.288945436 1763837002.318401575 0
Nov 22 13:43:22 np0005532311.novalocal account-server[95553]: ::1 - - [22/Nov/2025:18:43:22 +0000] "PUT /2/156665/AUTH_7e6379b038b744d2b4ed9c56e55784eb/gnocchi.d523e74d-2143-48e6-8762-e9b9ec5f5c54" 201 - "PUT http://[::1]:6001/1/261017/AUTH_7e6379b038b744d2b4ed9c56e55784eb/gnocchi.d523e74d-2143-48e6-8762-e9b9ec5f5c54" "tx9728e6772cfe40c187cff-006922044a" "container-server 95853" 0.0038 "-" 95553 0
Nov 22 13:43:22 np0005532311.novalocal container-server[95853]: ::1 - - [22/Nov/2025:18:43:22 +0000] "PUT /1/261017/AUTH_7e6379b038b744d2b4ed9c56e55784eb/gnocchi.d523e74d-2143-48e6-8762-e9b9ec5f5c54" 201 - "PUT http://[::1]:8080/v1/AUTH_7e6379b038b744d2b4ed9c56e55784eb/gnocchi.d523e74d-2143-48e6-8762-e9b9ec5f5c54" "tx9728e6772cfe40c187cff-006922044a" "proxy-server 88815" 0.0295 "-" 95853 0
Nov 22 13:43:22 np0005532311.novalocal object-server[96156]: ::1 - - [22/Nov/2025:18:43:22 +0000] "GET /3/25998/AUTH_7e6379b038b744d2b4ed9c56e55784eb/gnocchi.db405940-7c72-4802-955e-52f20a14695a/none_v3" 404 70 "GET http://[::1]:8080/v1/AUTH_7e6379b038b744d2b4ed9c56e55784eb/gnocchi.db405940-7c72-4802-955e-52f20a14695a/none_v3" "txc7ea578d36af4927b13e1-006922044a" "proxy-server 88816" 0.0004 "-" 96156 0
Nov 22 13:43:22 np0005532311.novalocal proxy-server[88815]: ::1 ::1 22/Nov/2025/18/43/22 PUT /v1/AUTH_7e6379b038b744d2b4ed9c56e55784eb/gnocchi.d523e74d-2143-48e6-8762-e9b9ec5f5c54 HTTP/1.0 201 - python-swiftclient-4.5.0 gAAAAABpIgQFZCvZ... - - - tx9728e6772cfe40c187cff-006922044a - 0.0364 - - 1763837002.289255857 1763837002.325698137 0
Nov 22 13:43:22 np0005532311.novalocal object-server[96156]: ::1 - - [22/Nov/2025:18:43:22 +0000] "GET /2/25998/AUTH_7e6379b038b744d2b4ed9c56e55784eb/gnocchi.db405940-7c72-4802-955e-52f20a14695a/none_v3" 404 70 "GET http://[::1]:8080/v1/AUTH_7e6379b038b744d2b4ed9c56e55784eb/gnocchi.db405940-7c72-4802-955e-52f20a14695a/none_v3" "txc7ea578d36af4927b13e1-006922044a" "proxy-server 88816" 0.0002 "-" 96156 0
Nov 22 13:43:22 np0005532311.novalocal object-server[96156]: ::1 - - [22/Nov/2025:18:43:22 +0000] "GET /1/25998/AUTH_7e6379b038b744d2b4ed9c56e55784eb/gnocchi.db405940-7c72-4802-955e-52f20a14695a/none_v3" 404 70 "GET http://[::1]:8080/v1/AUTH_7e6379b038b744d2b4ed9c56e55784eb/gnocchi.db405940-7c72-4802-955e-52f20a14695a/none_v3" "txc7ea578d36af4927b13e1-006922044a" "proxy-server 88816" 0.0003 "-" 96156 0
Nov 22 13:43:22 np0005532311.novalocal proxy-server[88816]: ::1 ::1 22/Nov/2025/18/43/22 GET /v1/AUTH_7e6379b038b744d2b4ed9c56e55784eb/gnocchi.db405940-7c72-4802-955e-52f20a14695a/none_v3 HTTP/1.0 404 - python-swiftclient-4.5.0 gAAAAABpIgQAXILt... - 70 - txc7ea578d36af4927b13e1-006922044a - 0.0422 - - 1763837002.287244320 1763837002.329480410 0
Nov 22 13:43:22 np0005532311.novalocal container-server[95853]: ::1 - - [22/Nov/2025:18:43:22 +0000] "HEAD /2/261017/AUTH_7e6379b038b744d2b4ed9c56e55784eb/gnocchi.d523e74d-2143-48e6-8762-e9b9ec5f5c54" 204 - "HEAD http://[::1]:8080/v1/AUTH_7e6379b038b744d2b4ed9c56e55784eb/gnocchi.d523e74d-2143-48e6-8762-e9b9ec5f5c54" "tx006a074b249f4dfca23c5-006922044a" "proxy-server 88815" 0.0013 "-" 95853 0
Nov 22 13:43:22 np0005532311.novalocal proxy-server[88815]: - - 22/Nov/2025/18/43/22 HEAD /v1/AUTH_7e6379b038b744d2b4ed9c56e55784eb/gnocchi.d523e74d-2143-48e6-8762-e9b9ec5f5c54 HTTP/1.0 204 - Swift - - - - tx006a074b249f4dfca23c5-006922044a - 0.0090 CS - 1763837002.329298496 1763837002.338318110 0
Nov 22 13:43:22 np0005532311.novalocal container-server[95854]: ::1 - - [22/Nov/2025:18:43:22 +0000] "GET /3/261017/AUTH_7e6379b038b744d2b4ed9c56e55784eb/gnocchi.d523e74d-2143-48e6-8762-e9b9ec5f5c54" 200 2 "GET http://[::1]:8080/v1/AUTH_7e6379b038b744d2b4ed9c56e55784eb/gnocchi.d523e74d-2143-48e6-8762-e9b9ec5f5c54?format=json&states=listing" "tx006a074b249f4dfca23c5-006922044a" "proxy-server 88815" 0.0021 "-" 95854 0
Nov 22 13:43:22 np0005532311.novalocal proxy-server[88815]: ::1 ::1 22/Nov/2025/18/43/22 GET /v1/AUTH_7e6379b038b744d2b4ed9c56e55784eb/gnocchi.d523e74d-2143-48e6-8762-e9b9ec5f5c54%3Fformat%3Djson%26states%3Dlisting HTTP/1.0 200 - python-swiftclient-4.5.0 gAAAAABpIgQFZCvZ... - 2 - tx006a074b249f4dfca23c5-006922044a - 0.0210 - - 1763837002.328568220 1763837002.349573374 0
Nov 22 13:43:22 np0005532311.novalocal object-server[96156]: ::1 - - [22/Nov/2025:18:43:22 +0000] "GET /2/166373/AUTH_7e6379b038b744d2b4ed9c56e55784eb/gnocchi.d523e74d-2143-48e6-8762-e9b9ec5f5c54/1763640000.0_mean_300.0_v3" 404 70 "GET http://[::1]:8080/v1/AUTH_7e6379b038b744d2b4ed9c56e55784eb/gnocchi.d523e74d-2143-48e6-8762-e9b9ec5f5c54/1763640000.0_mean_300.0_v3" "txbda60f58db88450c931a0-006922044a" "proxy-server 88815" 0.0003 "-" 96156 0
Nov 22 13:43:22 np0005532311.novalocal account-server[95553]: ::1 - - [22/Nov/2025:18:43:22 +0000] "PUT /2/156665/AUTH_7e6379b038b744d2b4ed9c56e55784eb/gnocchi.db405940-7c72-4802-955e-52f20a14695a" 201 - "PUT http://[::1]:6001/2/255940/AUTH_7e6379b038b744d2b4ed9c56e55784eb/gnocchi.db405940-7c72-4802-955e-52f20a14695a" "txd25919efe9f34889ac264-006922044a" "container-server 95853" 0.0044 "-" 95553 0
Nov 22 13:43:22 np0005532311.novalocal container-server[95853]: ::1 - - [22/Nov/2025:18:43:22 +0000] "PUT /2/255940/AUTH_7e6379b038b744d2b4ed9c56e55784eb/gnocchi.db405940-7c72-4802-955e-52f20a14695a" 201 - "PUT http://[::1]:8080/v1/AUTH_7e6379b038b744d2b4ed9c56e55784eb/gnocchi.db405940-7c72-4802-955e-52f20a14695a" "txd25919efe9f34889ac264-006922044a" "proxy-server 88816" 0.0144 "-" 95853 0
Nov 22 13:43:22 np0005532311.novalocal object-server[96157]: ::1 - - [22/Nov/2025:18:43:22 +0000] "GET /1/166373/AUTH_7e6379b038b744d2b4ed9c56e55784eb/gnocchi.d523e74d-2143-48e6-8762-e9b9ec5f5c54/1763640000.0_mean_300.0_v3" 404 70 "GET http://[::1]:8080/v1/AUTH_7e6379b038b744d2b4ed9c56e55784eb/gnocchi.d523e74d-2143-48e6-8762-e9b9ec5f5c54/1763640000.0_mean_300.0_v3" "txbda60f58db88450c931a0-006922044a" "proxy-server 88815" 0.0041 "-" 96157 0
Nov 22 13:43:22 np0005532311.novalocal object-server[96157]: ::1 - - [22/Nov/2025:18:43:22 +0000] "GET /3/166373/AUTH_7e6379b038b744d2b4ed9c56e55784eb/gnocchi.d523e74d-2143-48e6-8762-e9b9ec5f5c54/1763640000.0_mean_300.0_v3" 404 70 "GET http://[::1]:8080/v1/AUTH_7e6379b038b744d2b4ed9c56e55784eb/gnocchi.d523e74d-2143-48e6-8762-e9b9ec5f5c54/1763640000.0_mean_300.0_v3" "txbda60f58db88450c931a0-006922044a" "proxy-server 88815" 0.0002 "-" 96157 0
Nov 22 13:43:22 np0005532311.novalocal account-server[95553]: ::1 - - [22/Nov/2025:18:43:22 +0000] "PUT /1/156665/AUTH_7e6379b038b744d2b4ed9c56e55784eb/gnocchi.db405940-7c72-4802-955e-52f20a14695a" 201 - "PUT http://[::1]:6001/3/255940/AUTH_7e6379b038b744d2b4ed9c56e55784eb/gnocchi.db405940-7c72-4802-955e-52f20a14695a" "txd25919efe9f34889ac264-006922044a" "container-server 95854" 0.0055 "-" 95553 0
Nov 22 13:43:22 np0005532311.novalocal proxy-server[88815]: ::1 ::1 22/Nov/2025/18/43/22 GET /v1/AUTH_7e6379b038b744d2b4ed9c56e55784eb/gnocchi.d523e74d-2143-48e6-8762-e9b9ec5f5c54/1763640000.0_mean_300.0_v3 HTTP/1.0 404 - python-swiftclient-4.5.0 gAAAAABpIgQFZCvZ... - 70 - txbda60f58db88450c931a0-006922044a - 0.0204 - - 1763837002.353805780 1763837002.374168158 0
Nov 22 13:43:22 np0005532311.novalocal container-server[95854]: ::1 - - [22/Nov/2025:18:43:22 +0000] "PUT /3/255940/AUTH_7e6379b038b744d2b4ed9c56e55784eb/gnocchi.db405940-7c72-4802-955e-52f20a14695a" 201 - "PUT http://[::1]:8080/v1/AUTH_7e6379b038b744d2b4ed9c56e55784eb/gnocchi.db405940-7c72-4802-955e-52f20a14695a" "txd25919efe9f34889ac264-006922044a" "proxy-server 88816" 0.0135 "-" 95854 0
Nov 22 13:43:22 np0005532311.novalocal account-server[95553]: ::1 - - [22/Nov/2025:18:43:22 +0000] "PUT /3/156665/AUTH_7e6379b038b744d2b4ed9c56e55784eb/gnocchi.db405940-7c72-4802-955e-52f20a14695a" 201 - "PUT http://[::1]:6001/1/255940/AUTH_7e6379b038b744d2b4ed9c56e55784eb/gnocchi.db405940-7c72-4802-955e-52f20a14695a" "txd25919efe9f34889ac264-006922044a" "container-server 95854" 0.0037 "-" 95553 0
Nov 22 13:43:22 np0005532311.novalocal container-server[95854]: ::1 - - [22/Nov/2025:18:43:22 +0000] "PUT /1/255940/AUTH_7e6379b038b744d2b4ed9c56e55784eb/gnocchi.db405940-7c72-4802-955e-52f20a14695a" 201 - "PUT http://[::1]:8080/v1/AUTH_7e6379b038b744d2b4ed9c56e55784eb/gnocchi.db405940-7c72-4802-955e-52f20a14695a" "txd25919efe9f34889ac264-006922044a" "proxy-server 88816" 0.0264 "-" 95854 0
Nov 22 13:43:22 np0005532311.novalocal proxy-server[88816]: ::1 ::1 22/Nov/2025/18/43/22 PUT /v1/AUTH_7e6379b038b744d2b4ed9c56e55784eb/gnocchi.db405940-7c72-4802-955e-52f20a14695a HTTP/1.0 201 - python-swiftclient-4.5.0 gAAAAABpIgQAXILt... - - - txd25919efe9f34889ac264-006922044a - 0.0495 - - 1763837002.332300186 1763837002.381783724 0
Nov 22 13:43:22 np0005532311.novalocal container-server[95853]: ::1 - - [22/Nov/2025:18:43:22 +0000] "HEAD /2/255940/AUTH_7e6379b038b744d2b4ed9c56e55784eb/gnocchi.db405940-7c72-4802-955e-52f20a14695a" 204 - "HEAD http://[::1]:8080/v1/AUTH_7e6379b038b744d2b4ed9c56e55784eb/gnocchi.db405940-7c72-4802-955e-52f20a14695a" "tx2dfdef1b006744bf8bbf8-006922044a" "proxy-server 88816" 0.0011 "-" 95853 0
Nov 22 13:43:22 np0005532311.novalocal proxy-server[88816]: - - 22/Nov/2025/18/43/22 HEAD /v1/AUTH_7e6379b038b744d2b4ed9c56e55784eb/gnocchi.db405940-7c72-4802-955e-52f20a14695a HTTP/1.0 204 - Swift - - - - tx2dfdef1b006744bf8bbf8-006922044a - 0.0046 CS - 1763837002.392895222 1763837002.397517920 0
