Oct 10 07:26:19 standalone account-server[129118]: Starting 2
Oct 10 07:26:20 standalone container-server[129259]: Starting 2
Oct 10 07:26:20 standalone account-server[129200]: Started child 20 from parent 2
Oct 10 07:26:20 standalone account-server[129200]: Started child 21 from parent 2
Oct 10 07:26:20 standalone account-server[129200]: Started child 22 from parent 2
Oct 10 07:26:20 standalone account-server[129200]: Started child 23 from parent 2
Oct 10 07:26:20 standalone container-server[129261]: Option allow_versions is deprecated. Configure the versioned_writes middleware in the proxy-server instead. This option will be ignored in a future release.
Oct 10 07:26:20 standalone container-server[129605]: Option allow_versions is deprecated. Configure the versioned_writes middleware in the proxy-server instead. This option will be ignored in a future release.
Oct 10 07:26:20 standalone container-server[129261]: Started child 14 from parent 2
Oct 10 07:26:20 standalone container-server[129606]: Option allow_versions is deprecated. Configure the versioned_writes middleware in the proxy-server instead. This option will be ignored in a future release.
Oct 10 07:26:20 standalone container-server[129261]: Started child 15 from parent 2
Oct 10 07:26:20 standalone container-server[129614]: Option allow_versions is deprecated. Configure the versioned_writes middleware in the proxy-server instead. This option will be ignored in a future release.
Oct 10 07:26:20 standalone container-server[129261]: Started child 16 from parent 2
Oct 10 07:26:20 standalone container-server[129621]: Option allow_versions is deprecated. Configure the versioned_writes middleware in the proxy-server instead. This option will be ignored in a future release.
Oct 10 07:26:20 standalone container-server[129261]: Started child 17 from parent 2
Oct 10 07:26:20 standalone object-expirer[129509]: Starting 2
Oct 10 07:26:20 standalone object-expirer[129509]: Option auto_create_account_prefix is deprecated. Configure auto_create_account_prefix under the swift-constraints section of swift.conf. This option will be ignored in a future release.
Oct 10 07:26:21 standalone object-server[129627]: Starting 2
Oct 10 07:26:21 standalone object-server[129650]: Started child 22 from parent 2
Oct 10 07:26:21 standalone object-server[129650]: Started child 23 from parent 2
Oct 10 07:26:21 standalone object-server[129650]: Started child 24 from parent 2
Oct 10 07:26:21 standalone object-server[129650]: Started child 25 from parent 2
Oct 10 07:26:28 standalone proxy-server[131515]: Starting Keystone auth_token middleware
Oct 10 07:26:28 standalone proxy-server[131515]: AuthToken middleware is set with keystone_authtoken.service_token_roles_required set to False. This is backwards compatible but deprecated behaviour. Please set this to True.
Oct 10 07:26:28 standalone proxy-server[131732]: Starting Keystone auth_token middleware
Oct 10 07:26:28 standalone proxy-server[131732]: STDERR: The option "bind_port" is not known to keystonemiddleware
Oct 10 07:26:28 standalone proxy-server[131732]: STDERR: The option "workers" is not known to keystonemiddleware
Oct 10 07:26:28 standalone proxy-server[131732]: STDERR: The option "user" is not known to keystonemiddleware
Oct 10 07:26:28 standalone proxy-server[131732]: STDERR: The option "bind_ip" is not known to keystonemiddleware
Oct 10 07:26:28 standalone proxy-server[131732]: STDERR: The option "log_name" is not known to keystonemiddleware
Oct 10 07:26:28 standalone proxy-server[131732]: STDERR: The option "log_facility" is not known to keystonemiddleware
Oct 10 07:26:28 standalone proxy-server[131732]: STDERR: The option "log_level" is not known to keystonemiddleware
Oct 10 07:26:28 standalone proxy-server[131732]: STDERR: The option "log_headers" is not known to keystonemiddleware
Oct 10 07:26:28 standalone proxy-server[131732]: STDERR: The option "log_address" is not known to keystonemiddleware
Oct 10 07:26:28 standalone proxy-server[131732]: STDERR: The option "project_name" is not known to keystonemiddleware
Oct 10 07:26:28 standalone proxy-server[131732]: STDERR: The option "username" is not known to keystonemiddleware
Oct 10 07:26:28 standalone proxy-server[131732]: STDERR: The option "password" is not known to keystonemiddleware
Oct 10 07:26:28 standalone proxy-server[131732]: STDERR: The option "auth_url" is not known to keystonemiddleware
Oct 10 07:26:28 standalone proxy-server[131732]: STDERR: The option "signing_dir" is not known to keystonemiddleware
Oct 10 07:26:28 standalone proxy-server[131732]: STDERR: The option "project_domain_id" is not known to keystonemiddleware
Oct 10 07:26:28 standalone proxy-server[131732]: STDERR: The option "user_domain_id" is not known to keystonemiddleware
Oct 10 07:26:28 standalone proxy-server[131732]: STDERR: The option "__name__" is not known to keystonemiddleware
Oct 10 07:26:28 standalone proxy-server[131732]: AuthToken middleware is set with keystone_authtoken.service_token_roles_required set to False. This is backwards compatible but deprecated behaviour. Please set this to True.
Oct 10 07:26:28 standalone proxy-server[131515]: Started child 20 from parent 2
Oct 10 07:26:56 standalone container-server[129259]: Begin container update sweep
Oct 10 07:26:56 standalone container-server[129259]: Container update sweep completed: 0.00s
Oct 10 07:27:01 standalone account-server[129593]: 172.20.0.100 - - [10/Oct/2025:07:27:01 +0000] "HEAD /d1/868/.expiring_objects" 404 - "HEAD http://localhost/v1/.expiring_objects?format=json" "tx318ed37b8aaa483fbf1b7-0068e8b545" "proxy-server 2" 0.0018 "-" 23 -
Oct 10 07:27:01 standalone object-expirer[129509]: Pass completed in 0s; 0 objects expired (txn: tx318ed37b8aaa483fbf1b7-0068e8b545)
Oct 10 07:29:46 standalone object-server[129627]: Begin object update sweep
Oct 10 07:29:46 standalone object-server[154148]: Object update sweep starting on /srv/node/d1 (pid: 11)
Oct 10 07:29:46 standalone object-server[154148]: Object update sweep completed on /srv/node/d1 in 0.00s seconds:, 0 successes, 0 failures, 0 quarantines, 0 unlinks, 0 errors, 0 redirects (pid: 11)
Oct 10 07:29:46 standalone object-server[154148]: Object update sweep of d1 completed: 0.00s, 0 successes, 0 failures, 0 quarantines, 0 unlinks, 0 errors, 0 redirects
Oct 10 07:29:46 standalone object-server[129627]: Object update sweep completed: 0.05s
Oct 10 07:30:07 standalone account-server[129593]: 172.20.0.100 - - [10/Oct/2025:07:30:07 +0000] "HEAD /d1/868/.expiring_objects" 404 - "HEAD http://localhost/v1/.expiring_objects?format=json" "tx1b36464c59f1486db71f5-0068e8b5ff" "proxy-server 2" 0.0009 "-" 23 -
Oct 10 07:30:07 standalone object-expirer[129509]: Pass completed in 0s; 0 objects expired (txn: tx1b36464c59f1486db71f5-0068e8b5ff)
Oct 10 07:31:56 standalone container-server[129259]: Begin container update sweep
Oct 10 07:31:56 standalone container-server[129259]: Container update sweep completed: 0.00s
Oct 10 07:33:26 standalone account-server[129555]: 172.20.0.100 - - [10/Oct/2025:07:33:26 +0000] "HEAD /d1/868/.expiring_objects" 404 - "HEAD http://localhost/v1/.expiring_objects?format=json" "txad9852428bb44476b85b4-0068e8b6c6" "proxy-server 2" 0.0010 "-" 20 -
Oct 10 07:33:26 standalone object-expirer[129509]: Pass completed in 0s; 0 objects expired (txn: txad9852428bb44476b85b4-0068e8b6c6)
Oct 10 07:33:55 standalone account-server[129555]: 172.20.0.100 - - [10/Oct/2025:07:33:55 +0000] "HEAD /d1/868/.expiring_objects" 404 - "HEAD http://localhost/v1/.expiring_objects?format=json" "tx8b00c3ba225e43f8abe35-0068e8b6e3" "proxy-server 2" 0.0009 "-" 20 -
Oct 10 07:33:55 standalone object-expirer[129509]: Pass completed in 0s; 0 objects expired (txn: tx8b00c3ba225e43f8abe35-0068e8b6e3)
Oct 10 07:34:46 standalone object-server[129627]: Begin object update sweep
Oct 10 07:34:46 standalone object-server[195210]: Object update sweep starting on /srv/node/d1 (pid: 13)
Oct 10 07:34:46 standalone object-server[195210]: Object update sweep completed on /srv/node/d1 in 0.00s seconds:, 0 successes, 0 failures, 0 quarantines, 0 unlinks, 0 errors, 0 redirects (pid: 13)
Oct 10 07:34:46 standalone object-server[195210]: Object update sweep of d1 completed: 0.00s, 0 successes, 0 failures, 0 quarantines, 0 unlinks, 0 errors, 0 redirects
Oct 10 07:34:46 standalone object-server[129627]: Object update sweep completed: 0.06s
Oct 10 07:35:25 standalone account-server[129593]: 172.20.0.100 - - [10/Oct/2025:07:35:25 +0000] "HEAD /d1/868/.expiring_objects" 404 - "HEAD http://localhost/v1/.expiring_objects?format=json" "txff0e3a3b6c094702a597c-0068e8b73d" "proxy-server 2" 0.0006 "-" 23 -
Oct 10 07:35:25 standalone object-expirer[129509]: Pass completed in 0s; 0 objects expired (txn: txff0e3a3b6c094702a597c-0068e8b73d)
Oct 10 07:36:56 standalone container-server[129259]: Begin container update sweep
Oct 10 07:36:56 standalone container-server[129259]: Container update sweep completed: 0.00s
Oct 10 07:38:28 standalone account-server[129564]: 172.20.0.100 - - [10/Oct/2025:07:38:28 +0000] "HEAD /d1/512/AUTH_50b0ed3b1a764e37a988cc3bfa2bea21" 404 - "HEAD http://172.18.0.2:8080/v1/AUTH_50b0ed3b1a764e37a988cc3bfa2bea21?format=json" "txb91d17ee4c1c47b38e505-0068e8b7f4" "proxy-server 20" 0.0011 "-" 21 -
Oct 10 07:38:28 standalone proxy-server[131732]: - - 10/Oct/2025/07/38/28 HEAD /v1/AUTH_50b0ed3b1a764e37a988cc3bfa2bea21%3Fformat%3Djson HTTP/1.0 200 - Swift - - - - txb91d17ee4c1c47b38e505-0068e8b7f4 - 0.0074 RL - 1760081908.156010389 1760081908.163364410 -
Oct 10 07:38:28 standalone object-server[129784]: 172.20.0.100 - - [10/Oct/2025:07:38:28 +0000] "GET /d1/127/AUTH_50b0ed3b1a764e37a988cc3bfa2bea21/gnocchi.7bf7be5a-a19e-448f-ba5b-86290efb97cc/none_v3" 404 70 "GET http://172.18.0.2:8080/v1/AUTH_50b0ed3b1a764e37a988cc3bfa2bea21/gnocchi.7bf7be5a-a19e-448f-ba5b-86290efb97cc/none_v3" "txb91d17ee4c1c47b38e505-0068e8b7f4" "proxy-server 20" 0.0009 "-" 22 0
Oct 10 07:38:28 standalone proxy-server[131732]: 172.18.0.2 172.18.0.100 10/Oct/2025/07/38/28 GET /v1/AUTH_50b0ed3b1a764e37a988cc3bfa2bea21/gnocchi.7bf7be5a-a19e-448f-ba5b-86290efb97cc/none_v3 HTTP/1.0 404 - python-swiftclient-3.11.1 gAAAAABo6Lf0eRjD... - 70 - txb91d17ee4c1c47b38e505-0068e8b7f4 - 0.4556 - - 1760081908.153068066 1760081908.608664751 0
Oct 10 07:38:28 standalone account-server[129591]: 172.20.0.100 - - [10/Oct/2025:07:38:28 +0000] "PUT /d1/512/AUTH_50b0ed3b1a764e37a988cc3bfa2bea21" 201 - "-" "tx03e0621843b549c8beddf-0068e8b7f4" "-" 0.0184 "-" 22 -
Oct 10 07:38:28 standalone proxy-server[131732]: autocreate account '/AUTH_50b0ed3b1a764e37a988cc3bfa2bea21' (txn: tx03e0621843b549c8beddf-0068e8b7f4)
Oct 10 07:38:28 standalone account-server[129555]: 172.20.0.100 - - [10/Oct/2025:07:38:28 +0000] "HEAD /d1/512/AUTH_50b0ed3b1a764e37a988cc3bfa2bea21" 204 - "HEAD http://172.18.0.2:8080/v1/AUTH_50b0ed3b1a764e37a988cc3bfa2bea21?format=json" "tx03e0621843b549c8beddf-0068e8b7f4" "proxy-server 20" 0.0028 "-" 20 -
Oct 10 07:38:28 standalone account-server[129593]: 172.20.0.100 - - [10/Oct/2025:07:38:28 +0000] "PUT /d1/512/AUTH_50b0ed3b1a764e37a988cc3bfa2bea21/gnocchi.7bf7be5a-a19e-448f-ba5b-86290efb97cc" 201 - "PUT http://172.20.0.100:6001/d1/791/AUTH_50b0ed3b1a764e37a988cc3bfa2bea21/gnocchi.7bf7be5a-a19e-448f-ba5b-86290efb97cc" "tx03e0621843b549c8beddf-0068e8b7f4" "container-server 17" 0.0034 "-" 23 0
Oct 10 07:38:28 standalone container-server[129621]: 172.20.0.100 - - [10/Oct/2025:07:38:28 +0000] "PUT /d1/791/AUTH_50b0ed3b1a764e37a988cc3bfa2bea21/gnocchi.7bf7be5a-a19e-448f-ba5b-86290efb97cc" 201 - "PUT http://172.18.0.2:8080/v1/AUTH_50b0ed3b1a764e37a988cc3bfa2bea21/gnocchi.7bf7be5a-a19e-448f-ba5b-86290efb97cc" "tx03e0621843b549c8beddf-0068e8b7f4" "proxy-server 20" 0.0200 "-" 17 0
Oct 10 07:38:28 standalone proxy-server[131732]: 172.18.0.2 172.18.0.100 10/Oct/2025/07/38/28 PUT /v1/AUTH_50b0ed3b1a764e37a988cc3bfa2bea21/gnocchi.7bf7be5a-a19e-448f-ba5b-86290efb97cc HTTP/1.0 201 - python-swiftclient-3.11.1 gAAAAABo6Lf0eRjD... - - - tx03e0621843b549c8beddf-0068e8b7f4 - 0.0539 - - 1760081908.620804310 1760081908.674679041 0
Oct 10 07:38:28 standalone container-server[129614]: 172.20.0.100 - - [10/Oct/2025:07:38:28 +0000] "HEAD /d1/791/AUTH_50b0ed3b1a764e37a988cc3bfa2bea21/gnocchi.7bf7be5a-a19e-448f-ba5b-86290efb97cc" 204 - "HEAD http://172.18.0.2:8080/v1/AUTH_50b0ed3b1a764e37a988cc3bfa2bea21/gnocchi.7bf7be5a-a19e-448f-ba5b-86290efb97cc?format=json&states=listing" "tx3dabe3c59bd1404fb3248-0068e8b7f4" "proxy-server 20" 0.0034 "-" 16 0
Oct 10 07:38:28 standalone proxy-server[131732]: - - 10/Oct/2025/07/38/28 HEAD /v1/AUTH_50b0ed3b1a764e37a988cc3bfa2bea21/gnocchi.7bf7be5a-a19e-448f-ba5b-86290efb97cc%3Fformat%3Djson%26states%3Dlisting HTTP/1.0 204 - Swift - - - - tx3dabe3c59bd1404fb3248-0068e8b7f4 - 0.0065 RL - 1760081908.679203272 1760081908.685685158 0
Oct 10 07:38:28 standalone container-server[129606]: 172.20.0.100 - - [10/Oct/2025:07:38:28 +0000] "GET /d1/791/AUTH_50b0ed3b1a764e37a988cc3bfa2bea21/gnocchi.7bf7be5a-a19e-448f-ba5b-86290efb97cc" 200 2 "GET http://172.18.0.2:8080/v1/AUTH_50b0ed3b1a764e37a988cc3bfa2bea21/gnocchi.7bf7be5a-a19e-448f-ba5b-86290efb97cc?format=json&states=listing" "tx3dabe3c59bd1404fb3248-0068e8b7f4" "proxy-server 20" 0.0075 "-" 15 0
Oct 10 07:38:28 standalone proxy-server[131732]: 172.18.0.2 172.18.0.100 10/Oct/2025/07/38/28 GET /v1/AUTH_50b0ed3b1a764e37a988cc3bfa2bea21/gnocchi.7bf7be5a-a19e-448f-ba5b-86290efb97cc%3Fformat%3Djson%26states%3Dlisting HTTP/1.0 200 - python-swiftclient-3.11.1 gAAAAABo6Lf0eRjD... - 2 - tx3dabe3c59bd1404fb3248-0068e8b7f4 - 0.0205 - - 1760081908.678365469 1760081908.698862314 0
Oct 10 07:38:28 standalone object-server[129796]: 172.20.0.100 - - [10/Oct/2025:07:38:28 +0000] "GET /d1/921/AUTH_50b0ed3b1a764e37a988cc3bfa2bea21/gnocchi.7bf7be5a-a19e-448f-ba5b-86290efb97cc/1759320000.0_mean_300.0_v3" 404 70 "GET http://172.18.0.2:8080/v1/AUTH_50b0ed3b1a764e37a988cc3bfa2bea21/gnocchi.7bf7be5a-a19e-448f-ba5b-86290efb97cc/1759320000.0_mean_300.0_v3" "tx8d8612e8731f4e53a67a8-0068e8b7f4" "proxy-server 20" 0.0009 "-" 23 0
Oct 10 07:38:28 standalone proxy-server[131732]: 172.18.0.2 172.18.0.100 10/Oct/2025/07/38/28 GET /v1/AUTH_50b0ed3b1a764e37a988cc3bfa2bea21/gnocchi.7bf7be5a-a19e-448f-ba5b-86290efb97cc/1759320000.0_mean_300.0_v3 HTTP/1.0 404 - python-swiftclient-3.11.1 gAAAAABo6Lf0eRjD... - 70 - tx8d8612e8731f4e53a67a8-0068e8b7f4 - 0.0051 - - 1760081908.702564716 1760081908.707625151 0
Oct 10 07:38:28 standalone container-server[129621]: 172.20.0.100 - - [10/Oct/2025:07:38:28 +0000] "PUT /d1/791/AUTH_50b0ed3b1a764e37a988cc3bfa2bea21/gnocchi.7bf7be5a-a19e-448f-ba5b-86290efb97cc/1759320000.0_mean_300.0_v3" 201 - "PUT http://172.18.0.2:8080/d1/921/AUTH_50b0ed3b1a764e37a988cc3bfa2bea21/gnocchi.7bf7be5a-a19e-448f-ba5b-86290efb97cc/1759320000.0_mean_300.0_v3" "tx3438a2643201414c8b61b-0068e8b7f4" "object-server 22" 0.0007 "-" 17 0
Oct 10 07:38:28 standalone object-server[129784]: 172.20.0.100 - - [10/Oct/2025:07:38:28 +0000] "PUT /d1/921/AUTH_50b0ed3b1a764e37a988cc3bfa2bea21/gnocchi.7bf7be5a-a19e-448f-ba5b-86290efb97cc/1759320000.0_mean_300.0_v3" 201 - "PUT http://172.18.0.2:8080/v1/AUTH_50b0ed3b1a764e37a988cc3bfa2bea21/gnocchi.7bf7be5a-a19e-448f-ba5b-86290efb97cc/1759320000.0_mean_300.0_v3" "tx3438a2643201414c8b61b-0068e8b7f4" "proxy-server 20" 0.0249 "-" 22 0
Oct 10 07:38:28 standalone proxy-server[131732]: 172.18.0.2 172.18.0.100 10/Oct/2025/07/38/28 PUT /v1/AUTH_50b0ed3b1a764e37a988cc3bfa2bea21/gnocchi.7bf7be5a-a19e-448f-ba5b-86290efb97cc/1759320000.0_mean_300.0_v3 HTTP/1.0 201 - python-swiftclient-3.11.1 gAAAAABo6Lf0eRjD... 16 - - tx3438a2643201414c8b61b-0068e8b7f4 - 0.0294 - - 1760081908.709940434 1760081908.739313126 0
Oct 10 07:38:28 standalone container-server[129605]: 172.20.0.100 - - [10/Oct/2025:07:38:28 +0000] "PUT /d1/791/AUTH_50b0ed3b1a764e37a988cc3bfa2bea21/gnocchi.7bf7be5a-a19e-448f-ba5b-86290efb97cc/none_v3" 201 - "PUT http://172.18.0.2:8080/d1/127/AUTH_50b0ed3b1a764e37a988cc3bfa2bea21/gnocchi.7bf7be5a-a19e-448f-ba5b-86290efb97cc/none_v3" "txb3d75f550a2f44948a530-0068e8b7f4" "object-server 22" 0.0011 "-" 14 0
Oct 10 07:38:28 standalone object-server[129784]: 172.20.0.100 - - [10/Oct/2025:07:38:28 +0000] "PUT /d1/127/AUTH_50b0ed3b1a764e37a988cc3bfa2bea21/gnocchi.7bf7be5a-a19e-448f-ba5b-86290efb97cc/none_v3" 201 - "PUT http://172.18.0.2:8080/v1/AUTH_50b0ed3b1a764e37a988cc3bfa2bea21/gnocchi.7bf7be5a-a19e-448f-ba5b-86290efb97cc/none_v3" "txb3d75f550a2f44948a530-0068e8b7f4" "proxy-server 20" 0.0110 "-" 22 0
Oct 10 07:38:28 standalone proxy-server[131732]: 172.18.0.2 172.18.0.100 10/Oct/2025/07/38/28 PUT /v1/AUTH_50b0ed3b1a764e37a988cc3bfa2bea21/gnocchi.7bf7be5a-a19e-448f-ba5b-86290efb97cc/none_v3 HTTP/1.0 201 - python-swiftclient-3.11.1 gAAAAABo6Lf0eRjD... 22 - - txb3d75f550a2f44948a530-0068e8b7f4 - 0.0152 - - 1760081908.742146969 1760081908.757364750 0
Oct 10 07:38:45 standalone account-server[129593]: 172.20.0.100 - - [10/Oct/2025:07:38:45 +0000] "HEAD /d1/868/.expiring_objects" 404 - "HEAD http://localhost/v1/.expiring_objects?format=json" "tx8e26831185124dc4bb5ef-0068e8b805" "proxy-server 2" 0.0008 "-" 23 -
Oct 10 07:38:45 standalone object-expirer[129509]: Pass completed in 0s; 0 objects expired (txn: tx8e26831185124dc4bb5ef-0068e8b805)
Oct 10 07:38:57 standalone object-server[129801]: 172.20.0.100 - - [10/Oct/2025:07:38:57 +0000] "GET /d1/127/AUTH_50b0ed3b1a764e37a988cc3bfa2bea21/gnocchi.7bf7be5a-a19e-448f-ba5b-86290efb97cc/none_v3" 200 22 "GET http://172.18.0.2:8080/v1/AUTH_50b0ed3b1a764e37a988cc3bfa2bea21/gnocchi.7bf7be5a-a19e-448f-ba5b-86290efb97cc/none_v3" "txe2c74d5df5904ae780a2b-0068e8b811" "proxy-server 20" 0.0028 "-" 24 0
Oct 10 07:38:57 standalone proxy-server[131732]: 172.18.0.2 172.18.0.100 10/Oct/2025/07/38/57 GET /v1/AUTH_50b0ed3b1a764e37a988cc3bfa2bea21/gnocchi.7bf7be5a-a19e-448f-ba5b-86290efb97cc/none_v3 HTTP/1.0 200 - python-swiftclient-3.11.1 gAAAAABo6Lf0eRjD... - 22 - txe2c74d5df5904ae780a2b-0068e8b811 - 0.0205 - - 1760081937.848042250 1760081937.868492603 0
Oct 10 07:38:57 standalone container-server[129605]: 172.20.0.100 - - [10/Oct/2025:07:38:57 +0000] "GET /d1/791/AUTH_50b0ed3b1a764e37a988cc3bfa2bea21/gnocchi.7bf7be5a-a19e-448f-ba5b-86290efb97cc" 200 357 "GET http://172.18.0.2:8080/v1/AUTH_50b0ed3b1a764e37a988cc3bfa2bea21/gnocchi.7bf7be5a-a19e-448f-ba5b-86290efb97cc?format=json&states=listing" "txa01a477dbd9e45c5a613f-0068e8b811" "proxy-server 20" 0.0239 "-" 14 0
Oct 10 07:38:57 standalone proxy-server[131732]: 172.18.0.2 172.18.0.100 10/Oct/2025/07/38/57 GET /v1/AUTH_50b0ed3b1a764e37a988cc3bfa2bea21/gnocchi.7bf7be5a-a19e-448f-ba5b-86290efb97cc%3Fformat%3Djson%26states%3Dlisting HTTP/1.0 200 - python-swiftclient-3.11.1 gAAAAABo6Lf0eRjD... - 357 - txa01a477dbd9e45c5a613f-0068e8b811 - 0.0316 - - 1760081937.871765137 1760081937.903318882 0
Oct 10 07:38:57 standalone container-server[129605]: 172.20.0.100 - - [10/Oct/2025:07:38:57 +0000] "GET /d1/791/AUTH_50b0ed3b1a764e37a988cc3bfa2bea21/gnocchi.7bf7be5a-a19e-448f-ba5b-86290efb97cc" 200 2 "GET http://172.18.0.2:8080/v1/AUTH_50b0ed3b1a764e37a988cc3bfa2bea21/gnocchi.7bf7be5a-a19e-448f-ba5b-86290efb97cc?format=json&marker=none_v3&states=listing" "tx83e0765e8b6e43f9a06f6-0068e8b811" "proxy-server 20" 0.0034 "-" 14 0
Oct 10 07:38:57 standalone proxy-server[131732]: 172.18.0.2 172.18.0.100 10/Oct/2025/07/38/57 GET /v1/AUTH_50b0ed3b1a764e37a988cc3bfa2bea21/gnocchi.7bf7be5a-a19e-448f-ba5b-86290efb97cc%3Fformat%3Djson%26marker%3Dnone_v3%26states%3Dlisting HTTP/1.0 200 - python-swiftclient-3.11.1 gAAAAABo6Lf0eRjD... - 2 - tx83e0765e8b6e43f9a06f6-0068e8b811 - 0.0091 - - 1760081937.906176567 1760081937.915291548 0
Oct 10 07:38:57 standalone object-server[129801]: 172.20.0.100 - - [10/Oct/2025:07:38:57 +0000] "GET /d1/921/AUTH_50b0ed3b1a764e37a988cc3bfa2bea21/gnocchi.7bf7be5a-a19e-448f-ba5b-86290efb97cc/1759320000.0_mean_300.0_v3" 200 16 "GET http://172.18.0.2:8080/v1/AUTH_50b0ed3b1a764e37a988cc3bfa2bea21/gnocchi.7bf7be5a-a19e-448f-ba5b-86290efb97cc/1759320000.0_mean_300.0_v3" "txe49e06f814a6479f93544-0068e8b811" "proxy-server 20" 0.0016 "-" 24 0
Oct 10 07:38:57 standalone proxy-server[131732]: 172.18.0.2 172.18.0.100 10/Oct/2025/07/38/57 GET /v1/AUTH_50b0ed3b1a764e37a988cc3bfa2bea21/gnocchi.7bf7be5a-a19e-448f-ba5b-86290efb97cc/1759320000.0_mean_300.0_v3 HTTP/1.0 200 - python-swiftclient-3.11.1 gAAAAABo6Lf0eRjD... - 16 - txe49e06f814a6479f93544-0068e8b811 - 0.0083 - - 1760081937.920655966 1760081937.928961039 0
Oct 10 07:38:57 standalone container-server[129605]: 172.20.0.100 - - [10/Oct/2025:07:38:57 +0000] "PUT /d1/791/AUTH_50b0ed3b1a764e37a988cc3bfa2bea21/gnocchi.7bf7be5a-a19e-448f-ba5b-86290efb97cc/1759320000.0_mean_300.0_v3" 201 - "PUT http://172.18.0.2:8080/d1/921/AUTH_50b0ed3b1a764e37a988cc3bfa2bea21/gnocchi.7bf7be5a-a19e-448f-ba5b-86290efb97cc/1759320000.0_mean_300.0_v3" "tx7db3e27fc0f446dfac791-0068e8b811" "object-server 25" 0.0009 "-" 14 0
Oct 10 07:38:57 standalone object-server[129804]: 172.20.0.100 - - [10/Oct/2025:07:38:57 +0000] "PUT /d1/921/AUTH_50b0ed3b1a764e37a988cc3bfa2bea21/gnocchi.7bf7be5a-a19e-448f-ba5b-86290efb97cc/1759320000.0_mean_300.0_v3" 201 - "PUT http://172.18.0.2:8080/v1/AUTH_50b0ed3b1a764e37a988cc3bfa2bea21/gnocchi.7bf7be5a-a19e-448f-ba5b-86290efb97cc/1759320000.0_mean_300.0_v3" "tx7db3e27fc0f446dfac791-0068e8b811" "proxy-server 20" 0.0382 "-" 25 0
Oct 10 07:38:57 standalone proxy-server[131732]: 172.18.0.2 172.18.0.100 10/Oct/2025/07/38/57 PUT /v1/AUTH_50b0ed3b1a764e37a988cc3bfa2bea21/gnocchi.7bf7be5a-a19e-448f-ba5b-86290efb97cc/1759320000.0_mean_300.0_v3 HTTP/1.0 201 - python-swiftclient-3.11.1 gAAAAABo6Lf0eRjD... 16 - - tx7db3e27fc0f446dfac791-0068e8b811 - 0.0443 - - 1760081937.931136847 1760081937.975400925 0
Oct 10 07:38:58 standalone container-server[129606]: 172.20.0.100 - - [10/Oct/2025:07:38:58 +0000] "PUT /d1/791/AUTH_50b0ed3b1a764e37a988cc3bfa2bea21/gnocchi.7bf7be5a-a19e-448f-ba5b-86290efb97cc/none_v3" 201 - "PUT http://172.18.0.2:8080/d1/127/AUTH_50b0ed3b1a764e37a988cc3bfa2bea21/gnocchi.7bf7be5a-a19e-448f-ba5b-86290efb97cc/none_v3" "tx0e056fba75c5438fa77e6-0068e8b811" "object-server 23" 0.0039 "-" 15 0
Oct 10 07:38:58 standalone object-server[129796]: 172.20.0.100 - - [10/Oct/2025:07:38:58 +0000] "PUT /d1/127/AUTH_50b0ed3b1a764e37a988cc3bfa2bea21/gnocchi.7bf7be5a-a19e-448f-ba5b-86290efb97cc/none_v3" 201 - "PUT http://172.18.0.2:8080/v1/AUTH_50b0ed3b1a764e37a988cc3bfa2bea21/gnocchi.7bf7be5a-a19e-448f-ba5b-86290efb97cc/none_v3" "tx0e056fba75c5438fa77e6-0068e8b811" "proxy-server 20" 0.0332 "-" 23 0
Oct 10 07:38:58 standalone proxy-server[131732]: 172.18.0.2 172.18.0.100 10/Oct/2025/07/38/58 PUT /v1/AUTH_50b0ed3b1a764e37a988cc3bfa2bea21/gnocchi.7bf7be5a-a19e-448f-ba5b-86290efb97cc/none_v3 HTTP/1.0 201 - python-swiftclient-3.11.1 gAAAAABo6Lf0eRjD... 32 - - tx0e056fba75c5438fa77e6-0068e8b811 - 0.0392 - - 1760081937.979072332 1760081938.018316984 0
Oct 10 07:39:30 standalone account-server[129593]: 172.20.0.100 - - [10/Oct/2025:07:39:30 +0000] "HEAD /d1/512/AUTH_50b0ed3b1a764e37a988cc3bfa2bea21" 204 - "HEAD http://172.18.0.2:8080/v1/AUTH_50b0ed3b1a764e37a988cc3bfa2bea21?format=json" "txca982cdc9b6a41c6b39fc-0068e8b832" "proxy-server 20" 0.0107 "-" 23 -
Oct 10 07:39:30 standalone proxy-server[131732]: - - 10/Oct/2025/07/39/30 HEAD /v1/AUTH_50b0ed3b1a764e37a988cc3bfa2bea21%3Fformat%3Djson HTTP/1.0 204 - Swift - - - - txca982cdc9b6a41c6b39fc-0068e8b832 - 0.0152 RL - 1760081970.155575275 1760081970.170815706 -
Oct 10 07:39:30 standalone container-server[129621]: 172.20.0.100 - - [10/Oct/2025:07:39:30 +0000] "HEAD /d1/274/AUTH_50b0ed3b1a764e37a988cc3bfa2bea21/gnocchi.7834b506-b41e-48a3-a8d1-0b837424eb84" 404 - "HEAD http://172.18.0.2:8080/v1/AUTH_50b0ed3b1a764e37a988cc3bfa2bea21/gnocchi.7834b506-b41e-48a3-a8d1-0b837424eb84?format=json&states=listing" "txca982cdc9b6a41c6b39fc-0068e8b832" "proxy-server 20" 0.0010 "-" 17 0
Oct 10 07:39:30 standalone object-server[129801]: 172.20.0.100 - - [10/Oct/2025:07:39:30 +0000] "GET /d1/75/AUTH_50b0ed3b1a764e37a988cc3bfa2bea21/gnocchi.7834b506-b41e-48a3-a8d1-0b837424eb84/none_v3" 404 70 "GET http://172.18.0.2:8080/v1/AUTH_50b0ed3b1a764e37a988cc3bfa2bea21/gnocchi.7834b506-b41e-48a3-a8d1-0b837424eb84/none_v3" "txca982cdc9b6a41c6b39fc-0068e8b832" "proxy-server 20" 0.0005 "-" 24 0
Oct 10 07:39:30 standalone proxy-server[131732]: 172.18.0.2 172.18.0.100 10/Oct/2025/07/39/30 GET /v1/AUTH_50b0ed3b1a764e37a988cc3bfa2bea21/gnocchi.7834b506-b41e-48a3-a8d1-0b837424eb84/none_v3 HTTP/1.0 404 - python-swiftclient-3.11.1 gAAAAABo6Lf0eRjD... - 70 - txca982cdc9b6a41c6b39fc-0068e8b832 - 0.0292 - - 1760081970.154224157 1760081970.183445454 0
Oct 10 07:39:30 standalone account-server[129591]: 172.20.0.100 - - [10/Oct/2025:07:39:30 +0000] "PUT /d1/512/AUTH_50b0ed3b1a764e37a988cc3bfa2bea21/gnocchi.7834b506-b41e-48a3-a8d1-0b837424eb84" 201 - "PUT http://172.20.0.100:6001/d1/274/AUTH_50b0ed3b1a764e37a988cc3bfa2bea21/gnocchi.7834b506-b41e-48a3-a8d1-0b837424eb84" "txe802d55afa364b8bb0ffc-0068e8b832" "container-server 16" 0.0022 "-" 22 0
Oct 10 07:39:30 standalone container-server[129614]: 172.20.0.100 - - [10/Oct/2025:07:39:30 +0000] "PUT /d1/274/AUTH_50b0ed3b1a764e37a988cc3bfa2bea21/gnocchi.7834b506-b41e-48a3-a8d1-0b837424eb84" 201 - "PUT http://172.18.0.2:8080/v1/AUTH_50b0ed3b1a764e37a988cc3bfa2bea21/gnocchi.7834b506-b41e-48a3-a8d1-0b837424eb84" "txe802d55afa364b8bb0ffc-0068e8b832" "proxy-server 20" 0.0112 "-" 16 0
Oct 10 07:39:30 standalone proxy-server[131732]: 172.18.0.2 172.18.0.100 10/Oct/2025/07/39/30 PUT /v1/AUTH_50b0ed3b1a764e37a988cc3bfa2bea21/gnocchi.7834b506-b41e-48a3-a8d1-0b837424eb84 HTTP/1.0 201 - python-swiftclient-3.11.1 gAAAAABo6Lf0eRjD... - - - txe802d55afa364b8bb0ffc-0068e8b832 - 0.0153 - - 1760081970.186001778 1760081970.201306105 0
Oct 10 07:39:30 standalone container-server[129621]: 172.20.0.100 - - [10/Oct/2025:07:39:30 +0000] "HEAD /d1/274/AUTH_50b0ed3b1a764e37a988cc3bfa2bea21/gnocchi.7834b506-b41e-48a3-a8d1-0b837424eb84" 204 - "HEAD http://172.18.0.2:8080/v1/AUTH_50b0ed3b1a764e37a988cc3bfa2bea21/gnocchi.7834b506-b41e-48a3-a8d1-0b837424eb84?format=json&states=listing" "tx7f1d369008654baea717f-0068e8b832" "proxy-server 20" 0.0023 "-" 17 0
Oct 10 07:39:30 standalone proxy-server[131732]: - - 10/Oct/2025/07/39/30 HEAD /v1/AUTH_50b0ed3b1a764e37a988cc3bfa2bea21/gnocchi.7834b506-b41e-48a3-a8d1-0b837424eb84%3Fformat%3Djson%26states%3Dlisting HTTP/1.0 204 - Swift - - - - tx7f1d369008654baea717f-0068e8b832 - 0.0054 RL - 1760081970.204771996 1760081970.210166931 0
Oct 10 07:39:30 standalone container-server[129606]: 172.20.0.100 - - [10/Oct/2025:07:39:30 +0000] "GET /d1/274/AUTH_50b0ed3b1a764e37a988cc3bfa2bea21/gnocchi.7834b506-b41e-48a3-a8d1-0b837424eb84" 200 2 "GET http://172.18.0.2:8080/v1/AUTH_50b0ed3b1a764e37a988cc3bfa2bea21/gnocchi.7834b506-b41e-48a3-a8d1-0b837424eb84?format=json&states=listing" "tx7f1d369008654baea717f-0068e8b832" "proxy-server 20" 0.0018 "-" 15 0
Oct 10 07:39:30 standalone proxy-server[131732]: 172.18.0.2 172.18.0.100 10/Oct/2025/07/39/30 GET /v1/AUTH_50b0ed3b1a764e37a988cc3bfa2bea21/gnocchi.7834b506-b41e-48a3-a8d1-0b837424eb84%3Fformat%3Djson%26states%3Dlisting HTTP/1.0 200 - python-swiftclient-3.11.1 gAAAAABo6Lf0eRjD... - 2 - tx7f1d369008654baea717f-0068e8b832 - 0.0128 - - 1760081970.203908682 1760081970.216697454 0
Oct 10 07:39:30 standalone object-server[129804]: 172.20.0.100 - - [10/Oct/2025:07:39:30 +0000] "GET /d1/348/AUTH_50b0ed3b1a764e37a988cc3bfa2bea21/gnocchi.7834b506-b41e-48a3-a8d1-0b837424eb84/1759320000.0_mean_300.0_v3" 404 70 "GET http://172.18.0.2:8080/v1/AUTH_50b0ed3b1a764e37a988cc3bfa2bea21/gnocchi.7834b506-b41e-48a3-a8d1-0b837424eb84/1759320000.0_mean_300.0_v3" "tx45bdb92e643345d18b4eb-0068e8b832" "proxy-server 20" 0.0004 "-" 25 0
Oct 10 07:39:30 standalone proxy-server[131732]: 172.18.0.2 172.18.0.100 10/Oct/2025/07/39/30 GET /v1/AUTH_50b0ed3b1a764e37a988cc3bfa2bea21/gnocchi.7834b506-b41e-48a3-a8d1-0b837424eb84/1759320000.0_mean_300.0_v3 HTTP/1.0 404 - python-swiftclient-3.11.1 gAAAAABo6Lf0eRjD... - 70 - tx45bdb92e643345d18b4eb-0068e8b832 - 0.0055 - - 1760081970.219990730 1760081970.225454330 0
Oct 10 07:39:30 standalone container-server[129614]: 172.20.0.100 - - [10/Oct/2025:07:39:30 +0000] "PUT /d1/274/AUTH_50b0ed3b1a764e37a988cc3bfa2bea21/gnocchi.7834b506-b41e-48a3-a8d1-0b837424eb84/1759320000.0_mean_300.0_v3" 201 - "PUT http://172.18.0.2:8080/d1/348/AUTH_50b0ed3b1a764e37a988cc3bfa2bea21/gnocchi.7834b506-b41e-48a3-a8d1-0b837424eb84/1759320000.0_mean_300.0_v3" "txa8d2ccf2a35e4d7ca36ae-0068e8b832" "object-server 24" 0.0009 "-" 16 0
Oct 10 07:39:30 standalone object-server[129801]: 172.20.0.100 - - [10/Oct/2025:07:39:30 +0000] "PUT /d1/348/AUTH_50b0ed3b1a764e37a988cc3bfa2bea21/gnocchi.7834b506-b41e-48a3-a8d1-0b837424eb84/1759320000.0_mean_300.0_v3" 201 - "PUT http://172.18.0.2:8080/v1/AUTH_50b0ed3b1a764e37a988cc3bfa2bea21/gnocchi.7834b506-b41e-48a3-a8d1-0b837424eb84/1759320000.0_mean_300.0_v3" "txa8d2ccf2a35e4d7ca36ae-0068e8b832" "proxy-server 20" 0.0219 "-" 24 0
Oct 10 07:39:30 standalone proxy-server[131732]: 172.18.0.2 172.18.0.100 10/Oct/2025/07/39/30 PUT /v1/AUTH_50b0ed3b1a764e37a988cc3bfa2bea21/gnocchi.7834b506-b41e-48a3-a8d1-0b837424eb84/1759320000.0_mean_300.0_v3 HTTP/1.0 201 - python-swiftclient-3.11.1 gAAAAABo6Lf0eRjD... 16 - - txa8d2ccf2a35e4d7ca36ae-0068e8b832 - 0.0276 - - 1760081970.228028774 1760081970.255649090 0
Oct 10 07:39:30 standalone container-server[129621]: 172.20.0.100 - - [10/Oct/2025:07:39:30 +0000] "PUT /d1/274/AUTH_50b0ed3b1a764e37a988cc3bfa2bea21/gnocchi.7834b506-b41e-48a3-a8d1-0b837424eb84/none_v3" 201 - "PUT http://172.18.0.2:8080/d1/75/AUTH_50b0ed3b1a764e37a988cc3bfa2bea21/gnocchi.7834b506-b41e-48a3-a8d1-0b837424eb84/none_v3" "tx22cf4b11ea234f27910ed-0068e8b832" "object-server 22" 0.0004 "-" 17 0
Oct 10 07:39:30 standalone object-server[129784]: 172.20.0.100 - - [10/Oct/2025:07:39:30 +0000] "PUT /d1/75/AUTH_50b0ed3b1a764e37a988cc3bfa2bea21/gnocchi.7834b506-b41e-48a3-a8d1-0b837424eb84/none_v3" 201 - "PUT http://172.18.0.2:8080/v1/AUTH_50b0ed3b1a764e37a988cc3bfa2bea21/gnocchi.7834b506-b41e-48a3-a8d1-0b837424eb84/none_v3" "tx22cf4b11ea234f27910ed-0068e8b832" "proxy-server 20" 0.0120 "-" 22 0
Oct 10 07:39:30 standalone proxy-server[131732]: 172.18.0.2 172.18.0.100 10/Oct/2025/07/39/30 PUT /v1/AUTH_50b0ed3b1a764e37a988cc3bfa2bea21/gnocchi.7834b506-b41e-48a3-a8d1-0b837424eb84/none_v3 HTTP/1.0 201 - python-swiftclient-3.11.1 gAAAAABo6Lf0eRjD... 22 - - tx22cf4b11ea234f27910ed-0068e8b832 - 0.0174 - - 1760081970.258491278 1760081970.275902987 0
Oct 10 07:39:30 standalone container-server[129606]: 172.20.0.100 - - [10/Oct/2025:07:39:30 +0000] "HEAD /d1/404/AUTH_50b0ed3b1a764e37a988cc3bfa2bea21/gnocchi.b9767ad7-2989-4806-ac6e-1334759ce2f8" 404 - "HEAD http://172.18.0.2:8080/v1/AUTH_50b0ed3b1a764e37a988cc3bfa2bea21/gnocchi.b9767ad7-2989-4806-ac6e-1334759ce2f8?format=json&states=listing" "txf1a8ab749c5541f3817f5-0068e8b832" "proxy-server 20" 0.0006 "-" 15 0
Oct 10 07:39:30 standalone object-server[129804]: 172.20.0.100 - - [10/Oct/2025:07:39:30 +0000] "GET /d1/338/AUTH_50b0ed3b1a764e37a988cc3bfa2bea21/gnocchi.b9767ad7-2989-4806-ac6e-1334759ce2f8/none_v3" 404 70 "GET http://172.18.0.2:8080/v1/AUTH_50b0ed3b1a764e37a988cc3bfa2bea21/gnocchi.b9767ad7-2989-4806-ac6e-1334759ce2f8/none_v3" "txf1a8ab749c5541f3817f5-0068e8b832" "proxy-server 20" 0.0003 "-" 25 0
Oct 10 07:39:30 standalone proxy-server[131732]: 172.18.0.2 172.18.0.100 10/Oct/2025/07/39/30 GET /v1/AUTH_50b0ed3b1a764e37a988cc3bfa2bea21/gnocchi.b9767ad7-2989-4806-ac6e-1334759ce2f8/none_v3 HTTP/1.0 404 - python-swiftclient-3.11.1 gAAAAABo6Lf0eRjD... - 70 - txf1a8ab749c5541f3817f5-0068e8b832 - 0.0085 - - 1760081970.283188820 1760081970.291718483 0
Oct 10 07:39:30 standalone account-server[129555]: 172.20.0.100 - - [10/Oct/2025:07:39:30 +0000] "PUT /d1/512/AUTH_50b0ed3b1a764e37a988cc3bfa2bea21/gnocchi.b9767ad7-2989-4806-ac6e-1334759ce2f8" 201 - "PUT http://172.20.0.100:6001/d1/404/AUTH_50b0ed3b1a764e37a988cc3bfa2bea21/gnocchi.b9767ad7-2989-4806-ac6e-1334759ce2f8" "txbd5b9128ea9748c5a78d9-0068e8b832" "container-server 15" 0.0043 "-" 20 0
Oct 10 07:39:30 standalone container-server[129606]: 172.20.0.100 - - [10/Oct/2025:07:39:30 +0000] "PUT /d1/404/AUTH_50b0ed3b1a764e37a988cc3bfa2bea21/gnocchi.b9767ad7-2989-4806-ac6e-1334759ce2f8" 201 - "PUT http://172.18.0.2:8080/v1/AUTH_50b0ed3b1a764e37a988cc3bfa2bea21/gnocchi.b9767ad7-2989-4806-ac6e-1334759ce2f8" "txbd5b9128ea9748c5a78d9-0068e8b832" "proxy-server 20" 0.0171 "-" 15 0
Oct 10 07:39:30 standalone proxy-server[131732]: 172.18.0.2 172.18.0.100 10/Oct/2025/07/39/30 PUT /v1/AUTH_50b0ed3b1a764e37a988cc3bfa2bea21/gnocchi.b9767ad7-2989-4806-ac6e-1334759ce2f8 HTTP/1.0 201 - python-swiftclient-3.11.1 gAAAAABo6Lf0eRjD... - - - txbd5b9128ea9748c5a78d9-0068e8b832 - 0.0236 - - 1760081970.293772221 1760081970.317355871 0
Oct 10 07:39:30 standalone container-server[129614]: 172.20.0.100 - - [10/Oct/2025:07:39:30 +0000] "HEAD /d1/404/AUTH_50b0ed3b1a764e37a988cc3bfa2bea21/gnocchi.b9767ad7-2989-4806-ac6e-1334759ce2f8" 204 - "HEAD http://172.18.0.2:8080/v1/AUTH_50b0ed3b1a764e37a988cc3bfa2bea21/gnocchi.b9767ad7-2989-4806-ac6e-1334759ce2f8?format=json&states=listing" "tx278cf4b845a94f6da7959-0068e8b832" "proxy-server 20" 0.0021 "-" 16 0
Oct 10 07:39:30 standalone proxy-server[131732]: - - 10/Oct/2025/07/39/30 HEAD /v1/AUTH_50b0ed3b1a764e37a988cc3bfa2bea21/gnocchi.b9767ad7-2989-4806-ac6e-1334759ce2f8%3Fformat%3Djson%26states%3Dlisting HTTP/1.0 204 - Swift - - - - tx278cf4b845a94f6da7959-0068e8b832 - 0.0052 RL - 1760081970.320953369 1760081970.326104879 0
Oct 10 07:39:30 standalone container-server[129606]: 172.20.0.100 - - [10/Oct/2025:07:39:30 +0000] "GET /d1/404/AUTH_50b0ed3b1a764e37a988cc3bfa2bea21/gnocchi.b9767ad7-2989-4806-ac6e-1334759ce2f8" 200 2 "GET http://172.18.0.2:8080/v1/AUTH_50b0ed3b1a764e37a988cc3bfa2bea21/gnocchi.b9767ad7-2989-4806-ac6e-1334759ce2f8?format=json&states=listing" "tx278cf4b845a94f6da7959-0068e8b832" "proxy-server 20" 0.0035 "-" 15 0
Oct 10 07:39:30 standalone proxy-server[131732]: 172.18.0.2 172.18.0.100 10/Oct/2025/07/39/30 GET /v1/AUTH_50b0ed3b1a764e37a988cc3bfa2bea21/gnocchi.b9767ad7-2989-4806-ac6e-1334759ce2f8%3Fformat%3Djson%26states%3Dlisting HTTP/1.0 200 - python-swiftclient-3.11.1 gAAAAABo6Lf0eRjD... - 2 - tx278cf4b845a94f6da7959-0068e8b832 - 0.0143 - - 1760081970.320142746 1760081970.334474325 0
Oct 10 07:39:30 standalone object-server[129804]: 172.20.0.100 - - [10/Oct/2025:07:39:30 +0000] "GET /d1/470/AUTH_50b0ed3b1a764e37a988cc3bfa2bea21/gnocchi.b9767ad7-2989-4806-ac6e-1334759ce2f8/1759320000.0_mean_300.0_v3" 404 70 "GET http://172.18.0.2:8080/v1/AUTH_50b0ed3b1a764e37a988cc3bfa2bea21/gnocchi.b9767ad7-2989-4806-ac6e-1334759ce2f8/1759320000.0_mean_300.0_v3" "tx9e530ad30b58420a82ac8-0068e8b832" "proxy-server 20" 0.0003 "-" 25 0
Oct 10 07:39:30 standalone proxy-server[131732]: 172.18.0.2 172.18.0.100 10/Oct/2025/07/39/30 GET /v1/AUTH_50b0ed3b1a764e37a988cc3bfa2bea21/gnocchi.b9767ad7-2989-4806-ac6e-1334759ce2f8/1759320000.0_mean_300.0_v3 HTTP/1.0 404 - python-swiftclient-3.11.1 gAAAAABo6Lf0eRjD... - 70 - tx9e530ad30b58420a82ac8-0068e8b832 - 0.0043 - - 1760081970.337078094 1760081970.341409206 0
Oct 10 07:39:30 standalone container-server[129606]: 172.20.0.100 - - [10/Oct/2025:07:39:30 +0000] "PUT /d1/404/AUTH_50b0ed3b1a764e37a988cc3bfa2bea21/gnocchi.b9767ad7-2989-4806-ac6e-1334759ce2f8/1759320000.0_mean_300.0_v3" 201 - "PUT http://172.18.0.2:8080/d1/470/AUTH_50b0ed3b1a764e37a988cc3bfa2bea21/gnocchi.b9767ad7-2989-4806-ac6e-1334759ce2f8/1759320000.0_mean_300.0_v3" "tx817891a8517842ef93837-0068e8b832" "object-server 24" 0.0011 "-" 15 0
Oct 10 07:39:30 standalone object-server[129801]: 172.20.0.100 - - [10/Oct/2025:07:39:30 +0000] "PUT /d1/470/AUTH_50b0ed3b1a764e37a988cc3bfa2bea21/gnocchi.b9767ad7-2989-4806-ac6e-1334759ce2f8/1759320000.0_mean_300.0_v3" 201 - "PUT http://172.18.0.2:8080/v1/AUTH_50b0ed3b1a764e37a988cc3bfa2bea21/gnocchi.b9767ad7-2989-4806-ac6e-1334759ce2f8/1759320000.0_mean_300.0_v3" "tx817891a8517842ef93837-0068e8b832" "proxy-server 20" 0.0098 "-" 24 0
Oct 10 07:39:30 standalone proxy-server[131732]: 172.18.0.2 172.18.0.100 10/Oct/2025/07/39/30 PUT /v1/AUTH_50b0ed3b1a764e37a988cc3bfa2bea21/gnocchi.b9767ad7-2989-4806-ac6e-1334759ce2f8/1759320000.0_mean_300.0_v3 HTTP/1.0 201 - python-swiftclient-3.11.1 gAAAAABo6Lf0eRjD... 16 - - tx817891a8517842ef93837-0068e8b832 - 0.0140 - - 1760081970.343811274 1760081970.357762337 0
Oct 10 07:39:30 standalone container-server[129606]: 172.20.0.100 - - [10/Oct/2025:07:39:30 +0000] "PUT /d1/404/AUTH_50b0ed3b1a764e37a988cc3bfa2bea21/gnocchi.b9767ad7-2989-4806-ac6e-1334759ce2f8/none_v3" 201 - "PUT http://172.18.0.2:8080/d1/338/AUTH_50b0ed3b1a764e37a988cc3bfa2bea21/gnocchi.b9767ad7-2989-4806-ac6e-1334759ce2f8/none_v3" "tx78fb583351e94468bec5b-0068e8b832" "object-server 24" 0.0007 "-" 15 0
Oct 10 07:39:30 standalone object-server[129801]: 172.20.0.100 - - [10/Oct/2025:07:39:30 +0000] "PUT /d1/338/AUTH_50b0ed3b1a764e37a988cc3bfa2bea21/gnocchi.b9767ad7-2989-4806-ac6e-1334759ce2f8/none_v3" 201 - "PUT http://172.18.0.2:8080/v1/AUTH_50b0ed3b1a764e37a988cc3bfa2bea21/gnocchi.b9767ad7-2989-4806-ac6e-1334759ce2f8/none_v3" "tx78fb583351e94468bec5b-0068e8b832" "proxy-server 20" 0.0098 "-" 24 0
Oct 10 07:39:30 standalone proxy-server[131732]: 172.18.0.2 172.18.0.100 10/Oct/2025/07/39/30 PUT /v1/AUTH_50b0ed3b1a764e37a988cc3bfa2bea21/gnocchi.b9767ad7-2989-4806-ac6e-1334759ce2f8/none_v3 HTTP/1.0 201 - python-swiftclient-3.11.1 gAAAAABo6Lf0eRjD... 22 - - tx78fb583351e94468bec5b-0068e8b832 - 0.0137 - - 1760081970.360138655 1760081970.373856068 0
Oct 10 07:39:36 standalone container-server[129621]: 172.20.0.100 - - [10/Oct/2025:07:39:36 +0000] "HEAD /d1/957/AUTH_50b0ed3b1a764e37a988cc3bfa2bea21/gnocchi.93d4ca5d-47c7-4d94-bd2e-14cdd82dd2f4" 404 - "HEAD http://172.18.0.2:8080/v1/AUTH_50b0ed3b1a764e37a988cc3bfa2bea21/gnocchi.93d4ca5d-47c7-4d94-bd2e-14cdd82dd2f4?format=json&states=listing" "tx823f216beb2d48b09c4e7-0068e8b838" "proxy-server 20" 0.0014 "-" 17 0
Oct 10 07:39:36 standalone object-server[129801]: 172.20.0.100 - - [10/Oct/2025:07:39:36 +0000] "GET /d1/422/AUTH_50b0ed3b1a764e37a988cc3bfa2bea21/gnocchi.93d4ca5d-47c7-4d94-bd2e-14cdd82dd2f4/none_v3" 404 70 "GET http://172.18.0.2:8080/v1/AUTH_50b0ed3b1a764e37a988cc3bfa2bea21/gnocchi.93d4ca5d-47c7-4d94-bd2e-14cdd82dd2f4/none_v3" "tx823f216beb2d48b09c4e7-0068e8b838" "proxy-server 20" 0.0009 "-" 24 0
Oct 10 07:39:36 standalone proxy-server[131732]: 172.18.0.2 172.18.0.100 10/Oct/2025/07/39/36 GET /v1/AUTH_50b0ed3b1a764e37a988cc3bfa2bea21/gnocchi.93d4ca5d-47c7-4d94-bd2e-14cdd82dd2f4/none_v3 HTTP/1.0 404 - python-swiftclient-3.11.1 gAAAAABo6Lf0eRjD... - 70 - tx823f216beb2d48b09c4e7-0068e8b838 - 0.0204 - - 1760081976.911475897 1760081976.931872606 0
Oct 10 07:39:36 standalone account-server[129593]: 172.20.0.100 - - [10/Oct/2025:07:39:36 +0000] "PUT /d1/512/AUTH_50b0ed3b1a764e37a988cc3bfa2bea21/gnocchi.93d4ca5d-47c7-4d94-bd2e-14cdd82dd2f4" 201 - "PUT http://172.20.0.100:6001/d1/957/AUTH_50b0ed3b1a764e37a988cc3bfa2bea21/gnocchi.93d4ca5d-47c7-4d94-bd2e-14cdd82dd2f4" "tx47affcab51814cd691f51-0068e8b838" "container-server 17" 0.0133 "-" 23 0
Oct 10 07:39:36 standalone container-server[129621]: 172.20.0.100 - - [10/Oct/2025:07:39:36 +0000] "PUT /d1/957/AUTH_50b0ed3b1a764e37a988cc3bfa2bea21/gnocchi.93d4ca5d-47c7-4d94-bd2e-14cdd82dd2f4" 201 - "PUT http://172.18.0.2:8080/v1/AUTH_50b0ed3b1a764e37a988cc3bfa2bea21/gnocchi.93d4ca5d-47c7-4d94-bd2e-14cdd82dd2f4" "tx47affcab51814cd691f51-0068e8b838" "proxy-server 20" 0.0318 "-" 17 0
Oct 10 07:39:36 standalone proxy-server[131732]: 172.18.0.2 172.18.0.100 10/Oct/2025/07/39/36 PUT /v1/AUTH_50b0ed3b1a764e37a988cc3bfa2bea21/gnocchi.93d4ca5d-47c7-4d94-bd2e-14cdd82dd2f4 HTTP/1.0 201 - python-swiftclient-3.11.1 gAAAAABo6Lf0eRjD... - - - tx47affcab51814cd691f51-0068e8b838 - 0.0392 - - 1760081976.935966015 1760081976.975209236 0
Oct 10 07:39:36 standalone container-server[129606]: 172.20.0.100 - - [10/Oct/2025:07:39:36 +0000] "HEAD /d1/957/AUTH_50b0ed3b1a764e37a988cc3bfa2bea21/gnocchi.93d4ca5d-47c7-4d94-bd2e-14cdd82dd2f4" 204 - "HEAD http://172.18.0.2:8080/v1/AUTH_50b0ed3b1a764e37a988cc3bfa2bea21/gnocchi.93d4ca5d-47c7-4d94-bd2e-14cdd82dd2f4?format=json&states=listing" "tx250e7cd6377643c999fa5-0068e8b838" "proxy-server 20" 0.0033 "-" 15 0
Oct 10 07:39:36 standalone proxy-server[131732]: - - 10/Oct/2025/07/39/36 HEAD /v1/AUTH_50b0ed3b1a764e37a988cc3bfa2bea21/gnocchi.93d4ca5d-47c7-4d94-bd2e-14cdd82dd2f4%3Fformat%3Djson%26states%3Dlisting HTTP/1.0 204 - Swift - - - - tx250e7cd6377643c999fa5-0068e8b838 - 0.0079 RL - 1760081976.982029200 1760081976.989945650 0
Oct 10 07:39:37 standalone container-server[129605]: 172.20.0.100 - - [10/Oct/2025:07:39:36 +0000] "GET /d1/957/AUTH_50b0ed3b1a764e37a988cc3bfa2bea21/gnocchi.93d4ca5d-47c7-4d94-bd2e-14cdd82dd2f4" 200 2 "GET http://172.18.0.2:8080/v1/AUTH_50b0ed3b1a764e37a988cc3bfa2bea21/gnocchi.93d4ca5d-47c7-4d94-bd2e-14cdd82dd2f4?format=json&states=listing" "tx250e7cd6377643c999fa5-0068e8b838" "proxy-server 20" 0.0043 "-" 14 0
Oct 10 07:39:37 standalone proxy-server[131732]: 172.18.0.2 172.18.0.100 10/Oct/2025/07/39/37 GET /v1/AUTH_50b0ed3b1a764e37a988cc3bfa2bea21/gnocchi.93d4ca5d-47c7-4d94-bd2e-14cdd82dd2f4%3Fformat%3Djson%26states%3Dlisting HTTP/1.0 200 - python-swiftclient-3.11.1 gAAAAABo6Lf0eRjD... - 2 - tx250e7cd6377643c999fa5-0068e8b838 - 0.0210 - - 1760081976.980727196 1760081977.001740456 0
Oct 10 07:39:37 standalone object-server[129804]: 172.20.0.100 - - [10/Oct/2025:07:39:37 +0000] "GET /d1/107/AUTH_50b0ed3b1a764e37a988cc3bfa2bea21/gnocchi.93d4ca5d-47c7-4d94-bd2e-14cdd82dd2f4/1759320000.0_mean_300.0_v3" 404 70 "GET http://172.18.0.2:8080/v1/AUTH_50b0ed3b1a764e37a988cc3bfa2bea21/gnocchi.93d4ca5d-47c7-4d94-bd2e-14cdd82dd2f4/1759320000.0_mean_300.0_v3" "txe6ba17cb73714894b64c5-0068e8b839" "proxy-server 20" 0.0006 "-" 25 0
Oct 10 07:39:37 standalone proxy-server[131732]: 172.18.0.2 172.18.0.100 10/Oct/2025/07/39/37 GET /v1/AUTH_50b0ed3b1a764e37a988cc3bfa2bea21/gnocchi.93d4ca5d-47c7-4d94-bd2e-14cdd82dd2f4/1759320000.0_mean_300.0_v3 HTTP/1.0 404 - python-swiftclient-3.11.1 gAAAAABo6Lf0eRjD... - 70 - txe6ba17cb73714894b64c5-0068e8b839 - 0.0083 - - 1760081977.007654428 1760081977.015948296 0
Oct 10 07:39:37 standalone container-server[129621]: 172.20.0.100 - - [10/Oct/2025:07:39:37 +0000] "PUT /d1/957/AUTH_50b0ed3b1a764e37a988cc3bfa2bea21/gnocchi.93d4ca5d-47c7-4d94-bd2e-14cdd82dd2f4/1759320000.0_mean_300.0_v3" 201 - "PUT http://172.18.0.2:8080/d1/107/AUTH_50b0ed3b1a764e37a988cc3bfa2bea21/gnocchi.93d4ca5d-47c7-4d94-bd2e-14cdd82dd2f4/1759320000.0_mean_300.0_v3" "tx10443b661a4047f4b31c2-0068e8b839" "object-server 24" 0.0012 "-" 17 0
Oct 10 07:39:37 standalone object-server[129801]: 172.20.0.100 - - [10/Oct/2025:07:39:37 +0000] "PUT /d1/107/AUTH_50b0ed3b1a764e37a988cc3bfa2bea21/gnocchi.93d4ca5d-47c7-4d94-bd2e-14cdd82dd2f4/1759320000.0_mean_300.0_v3" 201 - "PUT http://172.18.0.2:8080/v1/AUTH_50b0ed3b1a764e37a988cc3bfa2bea21/gnocchi.93d4ca5d-47c7-4d94-bd2e-14cdd82dd2f4/1759320000.0_mean_300.0_v3" "tx10443b661a4047f4b31c2-0068e8b839" "proxy-server 20" 0.0169 "-" 24 0
Oct 10 07:39:37 standalone proxy-server[131732]: 172.18.0.2 172.18.0.100 10/Oct/2025/07/39/37 PUT /v1/AUTH_50b0ed3b1a764e37a988cc3bfa2bea21/gnocchi.93d4ca5d-47c7-4d94-bd2e-14cdd82dd2f4/1759320000.0_mean_300.0_v3 HTTP/1.0 201 - python-swiftclient-3.11.1 gAAAAABo6Lf0eRjD... 16 - - tx10443b661a4047f4b31c2-0068e8b839 - 0.0248 - - 1760081977.022148132 1760081977.046937227 0
Oct 10 07:39:37 standalone container-server[129605]: 172.20.0.100 - - [10/Oct/2025:07:39:37 +0000] "PUT /d1/957/AUTH_50b0ed3b1a764e37a988cc3bfa2bea21/gnocchi.93d4ca5d-47c7-4d94-bd2e-14cdd82dd2f4/none_v3" 201 - "PUT http://172.18.0.2:8080/d1/422/AUTH_50b0ed3b1a764e37a988cc3bfa2bea21/gnocchi.93d4ca5d-47c7-4d94-bd2e-14cdd82dd2f4/none_v3" "tx8be09a9eb7314b56925eb-0068e8b839" "object-server 25" 0.0010 "-" 14 0
Oct 10 07:39:37 standalone object-server[129804]: 172.20.0.100 - - [10/Oct/2025:07:39:37 +0000] "PUT /d1/422/AUTH_50b0ed3b1a764e37a988cc3bfa2bea21/gnocchi.93d4ca5d-47c7-4d94-bd2e-14cdd82dd2f4/none_v3" 201 - "PUT http://172.18.0.2:8080/v1/AUTH_50b0ed3b1a764e37a988cc3bfa2bea21/gnocchi.93d4ca5d-47c7-4d94-bd2e-14cdd82dd2f4/none_v3" "tx8be09a9eb7314b56925eb-0068e8b839" "proxy-server 20" 0.0168 "-" 25 0
Oct 10 07:39:37 standalone proxy-server[131732]: 172.18.0.2 172.18.0.100 10/Oct/2025/07/39/37 PUT /v1/AUTH_50b0ed3b1a764e37a988cc3bfa2bea21/gnocchi.93d4ca5d-47c7-4d94-bd2e-14cdd82dd2f4/none_v3 HTTP/1.0 201 - python-swiftclient-3.11.1 gAAAAABo6Lf0eRjD... 22 - - tx8be09a9eb7314b56925eb-0068e8b839 - 0.0286 - - 1760081977.051801443 1760081977.080367088 0
Oct 10 07:39:37 standalone container-server[129621]: 172.20.0.100 - - [10/Oct/2025:07:39:37 +0000] "HEAD /d1/458/AUTH_50b0ed3b1a764e37a988cc3bfa2bea21/gnocchi.feb61ee2-656b-415d-84c5-5468d14443d1" 404 - "HEAD http://172.18.0.2:8080/v1/AUTH_50b0ed3b1a764e37a988cc3bfa2bea21/gnocchi.feb61ee2-656b-415d-84c5-5468d14443d1?format=json&states=listing" "txf85692e24fa146df9c3e1-0068e8b839" "proxy-server 20" 0.0008 "-" 17 0
Oct 10 07:39:37 standalone object-server[129784]: 172.20.0.100 - - [10/Oct/2025:07:39:37 +0000] "GET /d1/616/AUTH_50b0ed3b1a764e37a988cc3bfa2bea21/gnocchi.feb61ee2-656b-415d-84c5-5468d14443d1/none_v3" 404 70 "GET http://172.18.0.2:8080/v1/AUTH_50b0ed3b1a764e37a988cc3bfa2bea21/gnocchi.feb61ee2-656b-415d-84c5-5468d14443d1/none_v3" "txf85692e24fa146df9c3e1-0068e8b839" "proxy-server 20" 0.0007 "-" 22 0
Oct 10 07:39:37 standalone proxy-server[131732]: 172.18.0.2 172.18.0.100 10/Oct/2025/07/39/37 GET /v1/AUTH_50b0ed3b1a764e37a988cc3bfa2bea21/gnocchi.feb61ee2-656b-415d-84c5-5468d14443d1/none_v3 HTTP/1.0 404 - python-swiftclient-3.11.1 gAAAAABo6Lf0eRjD... - 70 - txf85692e24fa146df9c3e1-0068e8b839 - 0.0211 - - 1760081977.102298975 1760081977.123359919 0
Oct 10 07:39:37 standalone account-server[129555]: 172.20.0.100 - - [10/Oct/2025:07:39:37 +0000] "PUT /d1/512/AUTH_50b0ed3b1a764e37a988cc3bfa2bea21/gnocchi.feb61ee2-656b-415d-84c5-5468d14443d1" 201 - "PUT http://172.20.0.100:6001/d1/458/AUTH_50b0ed3b1a764e37a988cc3bfa2bea21/gnocchi.feb61ee2-656b-415d-84c5-5468d14443d1" "txb6445d815d754ebf8d125-0068e8b839" "container-server 16" 0.0077 "-" 20 0
Oct 10 07:39:37 standalone container-server[129614]: 172.20.0.100 - - [10/Oct/2025:07:39:37 +0000] "PUT /d1/458/AUTH_50b0ed3b1a764e37a988cc3bfa2bea21/gnocchi.feb61ee2-656b-415d-84c5-5468d14443d1" 201 - "PUT http://172.18.0.2:8080/v1/AUTH_50b0ed3b1a764e37a988cc3bfa2bea21/gnocchi.feb61ee2-656b-415d-84c5-5468d14443d1" "txb6445d815d754ebf8d125-0068e8b839" "proxy-server 20" 0.0220 "-" 16 0
Oct 10 07:39:37 standalone proxy-server[131732]: 172.18.0.2 172.18.0.100 10/Oct/2025/07/39/37 PUT /v1/AUTH_50b0ed3b1a764e37a988cc3bfa2bea21/gnocchi.feb61ee2-656b-415d-84c5-5468d14443d1 HTTP/1.0 201 - python-swiftclient-3.11.1 gAAAAABo6Lf0eRjD... - - - txb6445d815d754ebf8d125-0068e8b839 - 0.0317 - - 1760081977.128681660 1760081977.160376549 0
Oct 10 07:39:37 standalone container-server[129606]: 172.20.0.100 - - [10/Oct/2025:07:39:37 +0000] "HEAD /d1/458/AUTH_50b0ed3b1a764e37a988cc3bfa2bea21/gnocchi.feb61ee2-656b-415d-84c5-5468d14443d1" 204 - "HEAD http://172.18.0.2:8080/v1/AUTH_50b0ed3b1a764e37a988cc3bfa2bea21/gnocchi.feb61ee2-656b-415d-84c5-5468d14443d1?format=json&states=listing" "txa3aa44943698416eb3b29-0068e8b839" "proxy-server 20" 0.0032 "-" 15 0
Oct 10 07:39:37 standalone proxy-server[131732]: - - 10/Oct/2025/07/39/37 HEAD /v1/AUTH_50b0ed3b1a764e37a988cc3bfa2bea21/gnocchi.feb61ee2-656b-415d-84c5-5468d14443d1%3Fformat%3Djson%26states%3Dlisting HTTP/1.0 204 - Swift - - - - txa3aa44943698416eb3b29-0068e8b839 - 0.0100 RL - 1760081977.167653561 1760081977.177667856 0
Oct 10 07:39:37 standalone container-server[129621]: 172.20.0.100 - - [10/Oct/2025:07:39:37 +0000] "GET /d1/458/AUTH_50b0ed3b1a764e37a988cc3bfa2bea21/gnocchi.feb61ee2-656b-415d-84c5-5468d14443d1" 200 2 "GET http://172.18.0.2:8080/v1/AUTH_50b0ed3b1a764e37a988cc3bfa2bea21/gnocchi.feb61ee2-656b-415d-84c5-5468d14443d1?format=json&states=listing" "txa3aa44943698416eb3b29-0068e8b839" "proxy-server 20" 0.0063 "-" 17 0
Oct 10 07:39:37 standalone proxy-server[131732]: 172.18.0.2 172.18.0.100 10/Oct/2025/07/39/37 GET /v1/AUTH_50b0ed3b1a764e37a988cc3bfa2bea21/gnocchi.feb61ee2-656b-415d-84c5-5468d14443d1%3Fformat%3Djson%26states%3Dlisting HTTP/1.0 200 - python-swiftclient-3.11.1 gAAAAABo6Lf0eRjD... - 2 - txa3aa44943698416eb3b29-0068e8b839 - 0.0690 - - 1760081977.165575743 1760081977.234533548 0
Oct 10 07:39:37 standalone object-server[129801]: 172.20.0.100 - - [10/Oct/2025:07:39:37 +0000] "GET /d1/32/AUTH_50b0ed3b1a764e37a988cc3bfa2bea21/gnocchi.feb61ee2-656b-415d-84c5-5468d14443d1/1759320000.0_mean_300.0_v3" 404 70 "GET http://172.18.0.2:8080/v1/AUTH_50b0ed3b1a764e37a988cc3bfa2bea21/gnocchi.feb61ee2-656b-415d-84c5-5468d14443d1/1759320000.0_mean_300.0_v3" "tx1ab8f88f44ac48d09548e-0068e8b839" "proxy-server 20" 0.0009 "-" 24 0
Oct 10 07:39:37 standalone proxy-server[131732]: 172.18.0.2 172.18.0.100 10/Oct/2025/07/39/37 GET /v1/AUTH_50b0ed3b1a764e37a988cc3bfa2bea21/gnocchi.feb61ee2-656b-415d-84c5-5468d14443d1/1759320000.0_mean_300.0_v3 HTTP/1.0 404 - python-swiftclient-3.11.1 gAAAAABo6Lf0eRjD... - 70 - tx1ab8f88f44ac48d09548e-0068e8b839 - 0.0102 - - 1760081977.240973234 1760081977.251156569 0
Oct 10 07:39:37 standalone container-server[129605]: 172.20.0.100 - - [10/Oct/2025:07:39:37 +0000] "PUT /d1/458/AUTH_50b0ed3b1a764e37a988cc3bfa2bea21/gnocchi.feb61ee2-656b-415d-84c5-5468d14443d1/1759320000.0_mean_300.0_v3" 201 - "PUT http://172.18.0.2:8080/d1/32/AUTH_50b0ed3b1a764e37a988cc3bfa2bea21/gnocchi.feb61ee2-656b-415d-84c5-5468d14443d1/1759320000.0_mean_300.0_v3" "tx799e6a73ba6e455bac20d-0068e8b839" "object-server 22" 0.0009 "-" 14 0
