Oct 10 07:40:18 standalone proxy-server[131732]: 172.18.0.2 172.18.0.100 10/Oct/2025/07/40/18 PUT /v1/AUTH_50b0ed3b1a764e37a988cc3bfa2bea21/gnocchi.f3ddf312-87d5-41a3-804e-6fcfb3c1bf4f HTTP/1.0 201 - python-swiftclient-3.11.1 gAAAAABo6Lf0eRjD... - - - txd4761b140b4743bc8755e-0068e8b862 - 0.0310 - - 1760082018.624089718 1760082018.655108452 0
Oct 10 07:40:18 standalone container-server[129621]: 172.20.0.100 - - [10/Oct/2025:07:40:18 +0000] "HEAD /d1/482/AUTH_50b0ed3b1a764e37a988cc3bfa2bea21/gnocchi.f3ddf312-87d5-41a3-804e-6fcfb3c1bf4f" 204 - "HEAD http://172.18.0.2:8080/v1/AUTH_50b0ed3b1a764e37a988cc3bfa2bea21/gnocchi.f3ddf312-87d5-41a3-804e-6fcfb3c1bf4f?format=json&states=listing" "txbfc5f6342b814ec496929-0068e8b862" "proxy-server 20" 0.0022 "-" 17 0
Oct 10 07:40:18 standalone proxy-server[131732]: - - 10/Oct/2025/07/40/18 HEAD /v1/AUTH_50b0ed3b1a764e37a988cc3bfa2bea21/gnocchi.f3ddf312-87d5-41a3-804e-6fcfb3c1bf4f%3Fformat%3Djson%26states%3Dlisting HTTP/1.0 204 - Swift - - - - txbfc5f6342b814ec496929-0068e8b862 - 0.0081 RL - 1760082018.660960674 1760082018.669027090 0
Oct 10 07:40:18 standalone container-server[129606]: 172.20.0.100 - - [10/Oct/2025:07:40:18 +0000] "GET /d1/482/AUTH_50b0ed3b1a764e37a988cc3bfa2bea21/gnocchi.f3ddf312-87d5-41a3-804e-6fcfb3c1bf4f" 200 2 "GET http://172.18.0.2:8080/v1/AUTH_50b0ed3b1a764e37a988cc3bfa2bea21/gnocchi.f3ddf312-87d5-41a3-804e-6fcfb3c1bf4f?format=json&states=listing" "txbfc5f6342b814ec496929-0068e8b862" "proxy-server 20" 0.0027 "-" 15 0
Oct 10 07:40:18 standalone proxy-server[131732]: 172.18.0.2 172.18.0.100 10/Oct/2025/07/40/18 GET /v1/AUTH_50b0ed3b1a764e37a988cc3bfa2bea21/gnocchi.f3ddf312-87d5-41a3-804e-6fcfb3c1bf4f%3Fformat%3Djson%26states%3Dlisting HTTP/1.0 200 - python-swiftclient-3.11.1 gAAAAABo6Lf0eRjD... - 2 - txbfc5f6342b814ec496929-0068e8b862 - 0.0228 - - 1760082018.659171104 1760082018.681979179 0
Oct 10 07:40:18 standalone object-server[129796]: 172.20.0.100 - - [10/Oct/2025:07:40:18 +0000] "GET /d1/747/AUTH_50b0ed3b1a764e37a988cc3bfa2bea21/gnocchi.f3ddf312-87d5-41a3-804e-6fcfb3c1bf4f/1759320000.0_mean_300.0_v3" 404 70 "GET http://172.18.0.2:8080/v1/AUTH_50b0ed3b1a764e37a988cc3bfa2bea21/gnocchi.f3ddf312-87d5-41a3-804e-6fcfb3c1bf4f/1759320000.0_mean_300.0_v3" "tx2f5328f6146a431c9aea5-0068e8b862" "proxy-server 20" 0.0006 "-" 23 0
Oct 10 07:40:18 standalone proxy-server[131732]: 172.18.0.2 172.18.0.100 10/Oct/2025/07/40/18 GET /v1/AUTH_50b0ed3b1a764e37a988cc3bfa2bea21/gnocchi.f3ddf312-87d5-41a3-804e-6fcfb3c1bf4f/1759320000.0_mean_300.0_v3 HTTP/1.0 404 - python-swiftclient-3.11.1 gAAAAABo6Lf0eRjD... - 70 - tx2f5328f6146a431c9aea5-0068e8b862 - 0.0062 - - 1760082018.685790539 1760082018.691974640 0
Oct 10 07:40:18 standalone container-server[129621]: 172.20.0.100 - - [10/Oct/2025:07:40:18 +0000] "PUT /d1/482/AUTH_50b0ed3b1a764e37a988cc3bfa2bea21/gnocchi.f3ddf312-87d5-41a3-804e-6fcfb3c1bf4f/1759320000.0_mean_300.0_v3" 201 - "PUT http://172.18.0.2:8080/d1/747/AUTH_50b0ed3b1a764e37a988cc3bfa2bea21/gnocchi.f3ddf312-87d5-41a3-804e-6fcfb3c1bf4f/1759320000.0_mean_300.0_v3" "tx71f09b2a4a6641fca909f-0068e8b862" "object-server 24" 0.0015 "-" 17 0
Oct 10 07:40:18 standalone object-server[129801]: 172.20.0.100 - - [10/Oct/2025:07:40:18 +0000] "PUT /d1/747/AUTH_50b0ed3b1a764e37a988cc3bfa2bea21/gnocchi.f3ddf312-87d5-41a3-804e-6fcfb3c1bf4f/1759320000.0_mean_300.0_v3" 201 - "PUT http://172.18.0.2:8080/v1/AUTH_50b0ed3b1a764e37a988cc3bfa2bea21/gnocchi.f3ddf312-87d5-41a3-804e-6fcfb3c1bf4f/1759320000.0_mean_300.0_v3" "tx71f09b2a4a6641fca909f-0068e8b862" "proxy-server 20" 0.0113 "-" 24 0
Oct 10 07:40:18 standalone proxy-server[131732]: 172.18.0.2 172.18.0.100 10/Oct/2025/07/40/18 PUT /v1/AUTH_50b0ed3b1a764e37a988cc3bfa2bea21/gnocchi.f3ddf312-87d5-41a3-804e-6fcfb3c1bf4f/1759320000.0_mean_300.0_v3 HTTP/1.0 201 - python-swiftclient-3.11.1 gAAAAABo6Lf0eRjD... 16 - - tx71f09b2a4a6641fca909f-0068e8b862 - 0.0168 - - 1760082018.695154905 1760082018.712004423 0
Oct 10 07:40:18 standalone container-server[129606]: 172.20.0.100 - - [10/Oct/2025:07:40:18 +0000] "PUT /d1/482/AUTH_50b0ed3b1a764e37a988cc3bfa2bea21/gnocchi.f3ddf312-87d5-41a3-804e-6fcfb3c1bf4f/none_v3" 201 - "PUT http://172.18.0.2:8080/d1/729/AUTH_50b0ed3b1a764e37a988cc3bfa2bea21/gnocchi.f3ddf312-87d5-41a3-804e-6fcfb3c1bf4f/none_v3" "tx4e29a16bd7944a3c831a4-0068e8b862" "object-server 25" 0.0006 "-" 15 0
Oct 10 07:40:18 standalone object-server[129804]: 172.20.0.100 - - [10/Oct/2025:07:40:18 +0000] "PUT /d1/729/AUTH_50b0ed3b1a764e37a988cc3bfa2bea21/gnocchi.f3ddf312-87d5-41a3-804e-6fcfb3c1bf4f/none_v3" 201 - "PUT http://172.18.0.2:8080/v1/AUTH_50b0ed3b1a764e37a988cc3bfa2bea21/gnocchi.f3ddf312-87d5-41a3-804e-6fcfb3c1bf4f/none_v3" "tx4e29a16bd7944a3c831a4-0068e8b862" "proxy-server 20" 0.0119 "-" 25 0
Oct 10 07:40:18 standalone proxy-server[131732]: 172.18.0.2 172.18.0.100 10/Oct/2025/07/40/18 PUT /v1/AUTH_50b0ed3b1a764e37a988cc3bfa2bea21/gnocchi.f3ddf312-87d5-41a3-804e-6fcfb3c1bf4f/none_v3 HTTP/1.0 201 - python-swiftclient-3.11.1 gAAAAABo6Lf0eRjD... 22 - - tx4e29a16bd7944a3c831a4-0068e8b862 - 0.0186 - - 1760082018.714811325 1760082018.733398438 0
Oct 10 07:40:19 standalone object-server[129784]: 172.20.0.100 - - [10/Oct/2025:07:40:19 +0000] "GET /d1/729/AUTH_50b0ed3b1a764e37a988cc3bfa2bea21/gnocchi.f3ddf312-87d5-41a3-804e-6fcfb3c1bf4f/none_v3" 200 22 "GET http://172.18.0.2:8080/v1/AUTH_50b0ed3b1a764e37a988cc3bfa2bea21/gnocchi.f3ddf312-87d5-41a3-804e-6fcfb3c1bf4f/none_v3" "txacd2eaa604464b3dbf975-0068e8b863" "proxy-server 20" 0.0012 "-" 22 0
Oct 10 07:40:19 standalone proxy-server[131732]: 172.18.0.2 172.18.0.100 10/Oct/2025/07/40/19 GET /v1/AUTH_50b0ed3b1a764e37a988cc3bfa2bea21/gnocchi.f3ddf312-87d5-41a3-804e-6fcfb3c1bf4f/none_v3 HTTP/1.0 200 - python-swiftclient-3.11.1 gAAAAABo6Lf0eRjD... - 22 - txacd2eaa604464b3dbf975-0068e8b863 - 0.0087 - - 1760082019.187429428 1760082019.196090698 0
Oct 10 07:40:19 standalone container-server[129605]: 172.20.0.100 - - [10/Oct/2025:07:40:19 +0000] "GET /d1/482/AUTH_50b0ed3b1a764e37a988cc3bfa2bea21/gnocchi.f3ddf312-87d5-41a3-804e-6fcfb3c1bf4f" 200 357 "GET http://172.18.0.2:8080/v1/AUTH_50b0ed3b1a764e37a988cc3bfa2bea21/gnocchi.f3ddf312-87d5-41a3-804e-6fcfb3c1bf4f?format=json&states=listing" "tx247e39fa4ece4ab583f0d-0068e8b863" "proxy-server 20" 0.0115 "-" 14 0
Oct 10 07:40:19 standalone proxy-server[131732]: 172.18.0.2 172.18.0.100 10/Oct/2025/07/40/19 GET /v1/AUTH_50b0ed3b1a764e37a988cc3bfa2bea21/gnocchi.f3ddf312-87d5-41a3-804e-6fcfb3c1bf4f%3Fformat%3Djson%26states%3Dlisting HTTP/1.0 200 - python-swiftclient-3.11.1 gAAAAABo6Lf0eRjD... - 357 - tx247e39fa4ece4ab583f0d-0068e8b863 - 0.0183 - - 1760082019.200646877 1760082019.218907595 0
Oct 10 07:40:19 standalone container-server[129621]: 172.20.0.100 - - [10/Oct/2025:07:40:19 +0000] "GET /d1/482/AUTH_50b0ed3b1a764e37a988cc3bfa2bea21/gnocchi.f3ddf312-87d5-41a3-804e-6fcfb3c1bf4f" 200 2 "GET http://172.18.0.2:8080/v1/AUTH_50b0ed3b1a764e37a988cc3bfa2bea21/gnocchi.f3ddf312-87d5-41a3-804e-6fcfb3c1bf4f?format=json&marker=none_v3&states=listing" "tx285c6b534d8d4713869e6-0068e8b863" "proxy-server 20" 0.0038 "-" 17 0
Oct 10 07:40:19 standalone proxy-server[131732]: 172.18.0.2 172.18.0.100 10/Oct/2025/07/40/19 GET /v1/AUTH_50b0ed3b1a764e37a988cc3bfa2bea21/gnocchi.f3ddf312-87d5-41a3-804e-6fcfb3c1bf4f%3Fformat%3Djson%26marker%3Dnone_v3%26states%3Dlisting HTTP/1.0 200 - python-swiftclient-3.11.1 gAAAAABo6Lf0eRjD... - 2 - tx285c6b534d8d4713869e6-0068e8b863 - 0.0140 - - 1760082019.222533226 1760082019.236543417 0
Oct 10 07:40:19 standalone object-server[129801]: 172.20.0.100 - - [10/Oct/2025:07:40:19 +0000] "GET /d1/747/AUTH_50b0ed3b1a764e37a988cc3bfa2bea21/gnocchi.f3ddf312-87d5-41a3-804e-6fcfb3c1bf4f/1759320000.0_mean_300.0_v3" 200 16 "GET http://172.18.0.2:8080/v1/AUTH_50b0ed3b1a764e37a988cc3bfa2bea21/gnocchi.f3ddf312-87d5-41a3-804e-6fcfb3c1bf4f/1759320000.0_mean_300.0_v3" "tx2fa7581638b94dfbb4e90-0068e8b863" "proxy-server 20" 0.0011 "-" 24 0
Oct 10 07:40:19 standalone proxy-server[131732]: 172.18.0.2 172.18.0.100 10/Oct/2025/07/40/19 GET /v1/AUTH_50b0ed3b1a764e37a988cc3bfa2bea21/gnocchi.f3ddf312-87d5-41a3-804e-6fcfb3c1bf4f/1759320000.0_mean_300.0_v3 HTTP/1.0 200 - python-swiftclient-3.11.1 gAAAAABo6Lf0eRjD... - 16 - tx2fa7581638b94dfbb4e90-0068e8b863 - 0.0075 - - 1760082019.241527796 1760082019.248978376 0
Oct 10 07:40:19 standalone container-server[129614]: 172.20.0.100 - - [10/Oct/2025:07:40:19 +0000] "PUT /d1/482/AUTH_50b0ed3b1a764e37a988cc3bfa2bea21/gnocchi.f3ddf312-87d5-41a3-804e-6fcfb3c1bf4f/1759320000.0_mean_300.0_v3" 201 - "PUT http://172.18.0.2:8080/d1/747/AUTH_50b0ed3b1a764e37a988cc3bfa2bea21/gnocchi.f3ddf312-87d5-41a3-804e-6fcfb3c1bf4f/1759320000.0_mean_300.0_v3" "tx809b6532329a455b9d2c6-0068e8b863" "object-server 25" 0.0006 "-" 16 0
Oct 10 07:40:19 standalone object-server[129804]: 172.20.0.100 - - [10/Oct/2025:07:40:19 +0000] "PUT /d1/747/AUTH_50b0ed3b1a764e37a988cc3bfa2bea21/gnocchi.f3ddf312-87d5-41a3-804e-6fcfb3c1bf4f/1759320000.0_mean_300.0_v3" 201 - "PUT http://172.18.0.2:8080/v1/AUTH_50b0ed3b1a764e37a988cc3bfa2bea21/gnocchi.f3ddf312-87d5-41a3-804e-6fcfb3c1bf4f/1759320000.0_mean_300.0_v3" "tx809b6532329a455b9d2c6-0068e8b863" "proxy-server 20" 0.0118 "-" 25 0
Oct 10 07:40:19 standalone proxy-server[131732]: 172.18.0.2 172.18.0.100 10/Oct/2025/07/40/19 PUT /v1/AUTH_50b0ed3b1a764e37a988cc3bfa2bea21/gnocchi.f3ddf312-87d5-41a3-804e-6fcfb3c1bf4f/1759320000.0_mean_300.0_v3 HTTP/1.0 201 - python-swiftclient-3.11.1 gAAAAABo6Lf0eRjD... 16 - - tx809b6532329a455b9d2c6-0068e8b863 - 0.0176 - - 1760082019.252689123 1760082019.270310640 0
Oct 10 07:40:19 standalone container-server[129621]: 172.20.0.100 - - [10/Oct/2025:07:40:19 +0000] "PUT /d1/482/AUTH_50b0ed3b1a764e37a988cc3bfa2bea21/gnocchi.f3ddf312-87d5-41a3-804e-6fcfb3c1bf4f/none_v3" 201 - "PUT http://172.18.0.2:8080/d1/729/AUTH_50b0ed3b1a764e37a988cc3bfa2bea21/gnocchi.f3ddf312-87d5-41a3-804e-6fcfb3c1bf4f/none_v3" "tx7af001b64ef54b118edcd-0068e8b863" "object-server 25" 0.0007 "-" 17 0
Oct 10 07:40:19 standalone object-server[129804]: 172.20.0.100 - - [10/Oct/2025:07:40:19 +0000] "PUT /d1/729/AUTH_50b0ed3b1a764e37a988cc3bfa2bea21/gnocchi.f3ddf312-87d5-41a3-804e-6fcfb3c1bf4f/none_v3" 201 - "PUT http://172.18.0.2:8080/v1/AUTH_50b0ed3b1a764e37a988cc3bfa2bea21/gnocchi.f3ddf312-87d5-41a3-804e-6fcfb3c1bf4f/none_v3" "tx7af001b64ef54b118edcd-0068e8b863" "proxy-server 20" 0.0098 "-" 25 0
Oct 10 07:40:19 standalone proxy-server[131732]: 172.18.0.2 172.18.0.100 10/Oct/2025/07/40/19 PUT /v1/AUTH_50b0ed3b1a764e37a988cc3bfa2bea21/gnocchi.f3ddf312-87d5-41a3-804e-6fcfb3c1bf4f/none_v3 HTTP/1.0 201 - python-swiftclient-3.11.1 gAAAAABo6Lf0eRjD... 31 - - tx7af001b64ef54b118edcd-0068e8b863 - 0.0148 - - 1760082019.274260759 1760082019.289085388 0
Oct 10 07:40:28 standalone object-server[129784]: 172.20.0.100 - - [10/Oct/2025:07:40:28 +0000] "GET /d1/982/AUTH_50b0ed3b1a764e37a988cc3bfa2bea21/gnocchi.afe3e6ef-9e02-468f-b22e-de3208ec7295/none_v3" 200 32 "GET http://172.18.0.2:8080/v1/AUTH_50b0ed3b1a764e37a988cc3bfa2bea21/gnocchi.afe3e6ef-9e02-468f-b22e-de3208ec7295/none_v3" "txb5ad05894fac4a338a094-0068e8b86c" "proxy-server 20" 0.0010 "-" 22 0
Oct 10 07:40:28 standalone proxy-server[131732]: 172.18.0.2 172.18.0.100 10/Oct/2025/07/40/28 GET /v1/AUTH_50b0ed3b1a764e37a988cc3bfa2bea21/gnocchi.afe3e6ef-9e02-468f-b22e-de3208ec7295/none_v3 HTTP/1.0 200 - python-swiftclient-3.11.1 gAAAAABo6Lf0eRjD... - 32 - txb5ad05894fac4a338a094-0068e8b86c - 0.0077 - - 1760082028.286378145 1760082028.294126511 0
Oct 10 07:40:28 standalone container-server[129621]: 172.20.0.100 - - [10/Oct/2025:07:40:28 +0000] "GET /d1/956/AUTH_50b0ed3b1a764e37a988cc3bfa2bea21/gnocchi.afe3e6ef-9e02-468f-b22e-de3208ec7295" 200 357 "GET http://172.18.0.2:8080/v1/AUTH_50b0ed3b1a764e37a988cc3bfa2bea21/gnocchi.afe3e6ef-9e02-468f-b22e-de3208ec7295?format=json&states=listing" "txdf5007bfd3a64cb7a02ab-0068e8b86c" "proxy-server 20" 0.0160 "-" 17 0
Oct 10 07:40:28 standalone proxy-server[131732]: 172.18.0.2 172.18.0.100 10/Oct/2025/07/40/28 GET /v1/AUTH_50b0ed3b1a764e37a988cc3bfa2bea21/gnocchi.afe3e6ef-9e02-468f-b22e-de3208ec7295%3Fformat%3Djson%26states%3Dlisting HTTP/1.0 200 - python-swiftclient-3.11.1 gAAAAABo6Lf0eRjD... - 357 - txdf5007bfd3a64cb7a02ab-0068e8b86c - 0.0231 - - 1760082028.297777653 1760082028.320845604 0
Oct 10 07:40:28 standalone container-server[129614]: 172.20.0.100 - - [10/Oct/2025:07:40:28 +0000] "GET /d1/956/AUTH_50b0ed3b1a764e37a988cc3bfa2bea21/gnocchi.afe3e6ef-9e02-468f-b22e-de3208ec7295" 200 2 "GET http://172.18.0.2:8080/v1/AUTH_50b0ed3b1a764e37a988cc3bfa2bea21/gnocchi.afe3e6ef-9e02-468f-b22e-de3208ec7295?format=json&marker=none_v3&states=listing" "tx08b397e50b634f9abbf02-0068e8b86c" "proxy-server 20" 0.0050 "-" 16 0
Oct 10 07:40:28 standalone proxy-server[131732]: 172.18.0.2 172.18.0.100 10/Oct/2025/07/40/28 GET /v1/AUTH_50b0ed3b1a764e37a988cc3bfa2bea21/gnocchi.afe3e6ef-9e02-468f-b22e-de3208ec7295%3Fformat%3Djson%26marker%3Dnone_v3%26states%3Dlisting HTTP/1.0 200 - python-swiftclient-3.11.1 gAAAAABo6Lf0eRjD... - 2 - tx08b397e50b634f9abbf02-0068e8b86c - 0.0121 - - 1760082028.323421955 1760082028.335506439 0
Oct 10 07:40:28 standalone object-server[129784]: 172.20.0.100 - - [10/Oct/2025:07:40:28 +0000] "GET /d1/750/AUTH_50b0ed3b1a764e37a988cc3bfa2bea21/gnocchi.afe3e6ef-9e02-468f-b22e-de3208ec7295/1759320000.0_mean_300.0_v3" 200 16 "GET http://172.18.0.2:8080/v1/AUTH_50b0ed3b1a764e37a988cc3bfa2bea21/gnocchi.afe3e6ef-9e02-468f-b22e-de3208ec7295/1759320000.0_mean_300.0_v3" "txfe30213e3c4c43f1b17e9-0068e8b86c" "proxy-server 20" 0.0006 "-" 22 0
Oct 10 07:40:28 standalone proxy-server[131732]: 172.18.0.2 172.18.0.100 10/Oct/2025/07/40/28 GET /v1/AUTH_50b0ed3b1a764e37a988cc3bfa2bea21/gnocchi.afe3e6ef-9e02-468f-b22e-de3208ec7295/1759320000.0_mean_300.0_v3 HTTP/1.0 200 - python-swiftclient-3.11.1 gAAAAABo6Lf0eRjD... - 16 - txfe30213e3c4c43f1b17e9-0068e8b86c - 0.0064 - - 1760082028.340421915 1760082028.346827745 0
Oct 10 07:40:28 standalone container-server[129621]: 172.20.0.100 - - [10/Oct/2025:07:40:28 +0000] "PUT /d1/956/AUTH_50b0ed3b1a764e37a988cc3bfa2bea21/gnocchi.afe3e6ef-9e02-468f-b22e-de3208ec7295/1759320000.0_mean_300.0_v3" 201 - "PUT http://172.18.0.2:8080/d1/750/AUTH_50b0ed3b1a764e37a988cc3bfa2bea21/gnocchi.afe3e6ef-9e02-468f-b22e-de3208ec7295/1759320000.0_mean_300.0_v3" "txa40baad3c219412392e9a-0068e8b86c" "object-server 24" 0.0018 "-" 17 0
Oct 10 07:40:28 standalone object-server[129801]: 172.20.0.100 - - [10/Oct/2025:07:40:28 +0000] "PUT /d1/750/AUTH_50b0ed3b1a764e37a988cc3bfa2bea21/gnocchi.afe3e6ef-9e02-468f-b22e-de3208ec7295/1759320000.0_mean_300.0_v3" 201 - "PUT http://172.18.0.2:8080/v1/AUTH_50b0ed3b1a764e37a988cc3bfa2bea21/gnocchi.afe3e6ef-9e02-468f-b22e-de3208ec7295/1759320000.0_mean_300.0_v3" "txa40baad3c219412392e9a-0068e8b86c" "proxy-server 20" 0.0130 "-" 24 0
Oct 10 07:40:28 standalone proxy-server[131732]: 172.18.0.2 172.18.0.100 10/Oct/2025/07/40/28 PUT /v1/AUTH_50b0ed3b1a764e37a988cc3bfa2bea21/gnocchi.afe3e6ef-9e02-468f-b22e-de3208ec7295/1759320000.0_mean_300.0_v3 HTTP/1.0 201 - python-swiftclient-3.11.1 gAAAAABo6Lf0eRjD... 16 - - txa40baad3c219412392e9a-0068e8b86c - 0.0182 - - 1760082028.350959778 1760082028.369149208 0
Oct 10 07:40:28 standalone container-server[129606]: 172.20.0.100 - - [10/Oct/2025:07:40:28 +0000] "PUT /d1/956/AUTH_50b0ed3b1a764e37a988cc3bfa2bea21/gnocchi.afe3e6ef-9e02-468f-b22e-de3208ec7295/none_v3" 201 - "PUT http://172.18.0.2:8080/d1/982/AUTH_50b0ed3b1a764e37a988cc3bfa2bea21/gnocchi.afe3e6ef-9e02-468f-b22e-de3208ec7295/none_v3" "tx69c43d1031f34df8a504c-0068e8b86c" "object-server 22" 0.0005 "-" 15 0
Oct 10 07:40:28 standalone object-server[129784]: 172.20.0.100 - - [10/Oct/2025:07:40:28 +0000] "PUT /d1/982/AUTH_50b0ed3b1a764e37a988cc3bfa2bea21/gnocchi.afe3e6ef-9e02-468f-b22e-de3208ec7295/none_v3" 201 - "PUT http://172.18.0.2:8080/v1/AUTH_50b0ed3b1a764e37a988cc3bfa2bea21/gnocchi.afe3e6ef-9e02-468f-b22e-de3208ec7295/none_v3" "tx69c43d1031f34df8a504c-0068e8b86c" "proxy-server 20" 0.0097 "-" 22 0
Oct 10 07:40:28 standalone proxy-server[131732]: 172.18.0.2 172.18.0.100 10/Oct/2025/07/40/28 PUT /v1/AUTH_50b0ed3b1a764e37a988cc3bfa2bea21/gnocchi.afe3e6ef-9e02-468f-b22e-de3208ec7295/none_v3 HTTP/1.0 201 - python-swiftclient-3.11.1 gAAAAABo6Lf0eRjD... 46 - - tx69c43d1031f34df8a504c-0068e8b86c - 0.0149 - - 1760082028.372303009 1760082028.387183189 0
Oct 10 07:40:29 standalone account-server[129564]: 172.20.0.100 - - [10/Oct/2025:07:40:29 +0000] "HEAD /d1/512/AUTH_50b0ed3b1a764e37a988cc3bfa2bea21" 204 - "HEAD http://172.18.0.2:8080/v1/AUTH_50b0ed3b1a764e37a988cc3bfa2bea21?format=json" "tx43407a35c045460d873e4-0068e8b86d" "proxy-server 20" 0.0083 "-" 21 -
Oct 10 07:40:29 standalone proxy-server[131732]: - - 10/Oct/2025/07/40/29 HEAD /v1/AUTH_50b0ed3b1a764e37a988cc3bfa2bea21%3Fformat%3Djson HTTP/1.0 204 - Swift - - - - tx43407a35c045460d873e4-0068e8b86d - 0.0133 RL - 1760082029.367504835 1760082029.380785227 -
Oct 10 07:40:29 standalone object-server[129804]: 172.20.0.100 - - [10/Oct/2025:07:40:29 +0000] "GET /d1/982/AUTH_50b0ed3b1a764e37a988cc3bfa2bea21/gnocchi.afe3e6ef-9e02-468f-b22e-de3208ec7295/none_v3" 200 46 "GET http://172.18.0.2:8080/v1/AUTH_50b0ed3b1a764e37a988cc3bfa2bea21/gnocchi.afe3e6ef-9e02-468f-b22e-de3208ec7295/none_v3" "tx43407a35c045460d873e4-0068e8b86d" "proxy-server 20" 0.0010 "-" 25 0
Oct 10 07:40:29 standalone proxy-server[131732]: 172.18.0.2 172.18.0.100 10/Oct/2025/07/40/29 GET /v1/AUTH_50b0ed3b1a764e37a988cc3bfa2bea21/gnocchi.afe3e6ef-9e02-468f-b22e-de3208ec7295/none_v3 HTTP/1.0 200 - python-swiftclient-3.11.1 gAAAAABo6Lf0eRjD... - 46 - tx43407a35c045460d873e4-0068e8b86d - 0.0305 - - 1760082029.366125584 1760082029.396594286 0
Oct 10 07:40:29 standalone container-server[129621]: 172.20.0.100 - - [10/Oct/2025:07:40:29 +0000] "GET /d1/956/AUTH_50b0ed3b1a764e37a988cc3bfa2bea21/gnocchi.afe3e6ef-9e02-468f-b22e-de3208ec7295" 200 357 "GET http://172.18.0.2:8080/v1/AUTH_50b0ed3b1a764e37a988cc3bfa2bea21/gnocchi.afe3e6ef-9e02-468f-b22e-de3208ec7295?format=json&states=listing" "txc50332347b9648bba80b6-0068e8b86d" "proxy-server 20" 0.0084 "-" 17 0
Oct 10 07:40:29 standalone proxy-server[131732]: 172.18.0.2 172.18.0.100 10/Oct/2025/07/40/29 GET /v1/AUTH_50b0ed3b1a764e37a988cc3bfa2bea21/gnocchi.afe3e6ef-9e02-468f-b22e-de3208ec7295%3Fformat%3Djson%26states%3Dlisting HTTP/1.0 200 - python-swiftclient-3.11.1 gAAAAABo6Lf0eRjD... - 357 - txc50332347b9648bba80b6-0068e8b86d - 0.0180 - - 1760082029.403511524 1760082029.421522379 0
Oct 10 07:40:29 standalone container-server[129621]: 172.20.0.100 - - [10/Oct/2025:07:40:29 +0000] "GET /d1/956/AUTH_50b0ed3b1a764e37a988cc3bfa2bea21/gnocchi.afe3e6ef-9e02-468f-b22e-de3208ec7295" 200 2 "GET http://172.18.0.2:8080/v1/AUTH_50b0ed3b1a764e37a988cc3bfa2bea21/gnocchi.afe3e6ef-9e02-468f-b22e-de3208ec7295?format=json&marker=none_v3&states=listing" "txc49080e9e1e84aad8a2f5-0068e8b86d" "proxy-server 20" 0.0019 "-" 17 0
Oct 10 07:40:29 standalone proxy-server[131732]: 172.18.0.2 172.18.0.100 10/Oct/2025/07/40/29 GET /v1/AUTH_50b0ed3b1a764e37a988cc3bfa2bea21/gnocchi.afe3e6ef-9e02-468f-b22e-de3208ec7295%3Fformat%3Djson%26marker%3Dnone_v3%26states%3Dlisting HTTP/1.0 200 - python-swiftclient-3.11.1 gAAAAABo6Lf0eRjD... - 2 - txc49080e9e1e84aad8a2f5-0068e8b86d - 0.0097 - - 1760082029.425038099 1760082029.434721231 0
Oct 10 07:40:29 standalone object-server[129801]: 172.20.0.100 - - [10/Oct/2025:07:40:29 +0000] "GET /d1/750/AUTH_50b0ed3b1a764e37a988cc3bfa2bea21/gnocchi.afe3e6ef-9e02-468f-b22e-de3208ec7295/1759320000.0_mean_300.0_v3" 200 16 "GET http://172.18.0.2:8080/v1/AUTH_50b0ed3b1a764e37a988cc3bfa2bea21/gnocchi.afe3e6ef-9e02-468f-b22e-de3208ec7295/1759320000.0_mean_300.0_v3" "txa06d105ae76f46859fb8b-0068e8b86d" "proxy-server 20" 0.0008 "-" 24 0
Oct 10 07:40:29 standalone proxy-server[131732]: 172.18.0.2 172.18.0.100 10/Oct/2025/07/40/29 GET /v1/AUTH_50b0ed3b1a764e37a988cc3bfa2bea21/gnocchi.afe3e6ef-9e02-468f-b22e-de3208ec7295/1759320000.0_mean_300.0_v3 HTTP/1.0 200 - python-swiftclient-3.11.1 gAAAAABo6Lf0eRjD... - 16 - txa06d105ae76f46859fb8b-0068e8b86d - 0.0079 - - 1760082029.439026117 1760082029.446949005 0
Oct 10 07:40:29 standalone container-server[129621]: 172.20.0.100 - - [10/Oct/2025:07:40:29 +0000] "PUT /d1/956/AUTH_50b0ed3b1a764e37a988cc3bfa2bea21/gnocchi.afe3e6ef-9e02-468f-b22e-de3208ec7295/1759320000.0_mean_300.0_v3" 201 - "PUT http://172.18.0.2:8080/d1/750/AUTH_50b0ed3b1a764e37a988cc3bfa2bea21/gnocchi.afe3e6ef-9e02-468f-b22e-de3208ec7295/1759320000.0_mean_300.0_v3" "txb863c6b435f044c28150b-0068e8b86d" "object-server 25" 0.0007 "-" 17 0
Oct 10 07:40:29 standalone object-server[129804]: 172.20.0.100 - - [10/Oct/2025:07:40:29 +0000] "PUT /d1/750/AUTH_50b0ed3b1a764e37a988cc3bfa2bea21/gnocchi.afe3e6ef-9e02-468f-b22e-de3208ec7295/1759320000.0_mean_300.0_v3" 201 - "PUT http://172.18.0.2:8080/v1/AUTH_50b0ed3b1a764e37a988cc3bfa2bea21/gnocchi.afe3e6ef-9e02-468f-b22e-de3208ec7295/1759320000.0_mean_300.0_v3" "txb863c6b435f044c28150b-0068e8b86d" "proxy-server 20" 0.0092 "-" 25 0
Oct 10 07:40:29 standalone proxy-server[131732]: 172.18.0.2 172.18.0.100 10/Oct/2025/07/40/29 PUT /v1/AUTH_50b0ed3b1a764e37a988cc3bfa2bea21/gnocchi.afe3e6ef-9e02-468f-b22e-de3208ec7295/1759320000.0_mean_300.0_v3 HTTP/1.0 201 - python-swiftclient-3.11.1 gAAAAABo6Lf0eRjD... 16 - - txb863c6b435f044c28150b-0068e8b86d - 0.0146 - - 1760082029.450509787 1760082029.465142488 0
Oct 10 07:40:29 standalone container-server[129606]: 172.20.0.100 - - [10/Oct/2025:07:40:29 +0000] "PUT /d1/956/AUTH_50b0ed3b1a764e37a988cc3bfa2bea21/gnocchi.afe3e6ef-9e02-468f-b22e-de3208ec7295/none_v3" 201 - "PUT http://172.18.0.2:8080/d1/982/AUTH_50b0ed3b1a764e37a988cc3bfa2bea21/gnocchi.afe3e6ef-9e02-468f-b22e-de3208ec7295/none_v3" "tx7ba8a1c5af694820b634e-0068e8b86d" "object-server 25" 0.0005 "-" 15 0
Oct 10 07:40:29 standalone object-server[129804]: 172.20.0.100 - - [10/Oct/2025:07:40:29 +0000] "PUT /d1/982/AUTH_50b0ed3b1a764e37a988cc3bfa2bea21/gnocchi.afe3e6ef-9e02-468f-b22e-de3208ec7295/none_v3" 201 - "PUT http://172.18.0.2:8080/v1/AUTH_50b0ed3b1a764e37a988cc3bfa2bea21/gnocchi.afe3e6ef-9e02-468f-b22e-de3208ec7295/none_v3" "tx7ba8a1c5af694820b634e-0068e8b86d" "proxy-server 20" 0.0090 "-" 25 0
Oct 10 07:40:29 standalone proxy-server[131732]: 172.18.0.2 172.18.0.100 10/Oct/2025/07/40/29 PUT /v1/AUTH_50b0ed3b1a764e37a988cc3bfa2bea21/gnocchi.afe3e6ef-9e02-468f-b22e-de3208ec7295/none_v3 HTTP/1.0 201 - python-swiftclient-3.11.1 gAAAAABo6Lf0eRjD... 51 - - tx7ba8a1c5af694820b634e-0068e8b86d - 0.0146 - - 1760082029.469185114 1760082029.483784199 0
Oct 10 07:40:29 standalone object-server[129801]: 172.20.0.100 - - [10/Oct/2025:07:40:29 +0000] "GET /d1/422/AUTH_50b0ed3b1a764e37a988cc3bfa2bea21/gnocchi.93d4ca5d-47c7-4d94-bd2e-14cdd82dd2f4/none_v3" 200 22 "GET http://172.18.0.2:8080/v1/AUTH_50b0ed3b1a764e37a988cc3bfa2bea21/gnocchi.93d4ca5d-47c7-4d94-bd2e-14cdd82dd2f4/none_v3" "txe53ca304859445eca971c-0068e8b86d" "proxy-server 20" 0.0007 "-" 24 0
Oct 10 07:40:29 standalone proxy-server[131732]: 172.18.0.2 172.18.0.100 10/Oct/2025/07/40/29 GET /v1/AUTH_50b0ed3b1a764e37a988cc3bfa2bea21/gnocchi.93d4ca5d-47c7-4d94-bd2e-14cdd82dd2f4/none_v3 HTTP/1.0 200 - python-swiftclient-3.11.1 gAAAAABo6Lf0eRjD... - 22 - txe53ca304859445eca971c-0068e8b86d - 0.0070 - - 1760082029.498536348 1760082029.505525589 0
Oct 10 07:40:29 standalone container-server[129605]: 172.20.0.100 - - [10/Oct/2025:07:40:29 +0000] "GET /d1/957/AUTH_50b0ed3b1a764e37a988cc3bfa2bea21/gnocchi.93d4ca5d-47c7-4d94-bd2e-14cdd82dd2f4" 200 357 "GET http://172.18.0.2:8080/v1/AUTH_50b0ed3b1a764e37a988cc3bfa2bea21/gnocchi.93d4ca5d-47c7-4d94-bd2e-14cdd82dd2f4?format=json&states=listing" "txff61ff173e604c2ea269b-0068e8b86d" "proxy-server 20" 0.0063 "-" 14 0
Oct 10 07:40:29 standalone proxy-server[131732]: 172.18.0.2 172.18.0.100 10/Oct/2025/07/40/29 GET /v1/AUTH_50b0ed3b1a764e37a988cc3bfa2bea21/gnocchi.93d4ca5d-47c7-4d94-bd2e-14cdd82dd2f4%3Fformat%3Djson%26states%3Dlisting HTTP/1.0 200 - python-swiftclient-3.11.1 gAAAAABo6Lf0eRjD... - 357 - txff61ff173e604c2ea269b-0068e8b86d - 0.0126 - - 1760082029.510596275 1760082029.523148060 0
Oct 10 07:40:29 standalone container-server[129606]: 172.20.0.100 - - [10/Oct/2025:07:40:29 +0000] "GET /d1/957/AUTH_50b0ed3b1a764e37a988cc3bfa2bea21/gnocchi.93d4ca5d-47c7-4d94-bd2e-14cdd82dd2f4" 200 2 "GET http://172.18.0.2:8080/v1/AUTH_50b0ed3b1a764e37a988cc3bfa2bea21/gnocchi.93d4ca5d-47c7-4d94-bd2e-14cdd82dd2f4?format=json&marker=none_v3&states=listing" "txa14c93c204ac42eba9108-0068e8b86d" "proxy-server 20" 0.0049 "-" 15 0
Oct 10 07:40:29 standalone proxy-server[131732]: 172.18.0.2 172.18.0.100 10/Oct/2025/07/40/29 GET /v1/AUTH_50b0ed3b1a764e37a988cc3bfa2bea21/gnocchi.93d4ca5d-47c7-4d94-bd2e-14cdd82dd2f4%3Fformat%3Djson%26marker%3Dnone_v3%26states%3Dlisting HTTP/1.0 200 - python-swiftclient-3.11.1 gAAAAABo6Lf0eRjD... - 2 - txa14c93c204ac42eba9108-0068e8b86d - 0.0118 - - 1760082029.527266502 1760082029.539082289 0
Oct 10 07:40:29 standalone object-server[129796]: 172.20.0.100 - - [10/Oct/2025:07:40:29 +0000] "GET /d1/107/AUTH_50b0ed3b1a764e37a988cc3bfa2bea21/gnocchi.93d4ca5d-47c7-4d94-bd2e-14cdd82dd2f4/1759320000.0_mean_300.0_v3" 200 16 "GET http://172.18.0.2:8080/v1/AUTH_50b0ed3b1a764e37a988cc3bfa2bea21/gnocchi.93d4ca5d-47c7-4d94-bd2e-14cdd82dd2f4/1759320000.0_mean_300.0_v3" "tx13840fd07cd849dba6e88-0068e8b86d" "proxy-server 20" 0.0011 "-" 23 0
Oct 10 07:40:29 standalone proxy-server[131732]: 172.18.0.2 172.18.0.100 10/Oct/2025/07/40/29 GET /v1/AUTH_50b0ed3b1a764e37a988cc3bfa2bea21/gnocchi.93d4ca5d-47c7-4d94-bd2e-14cdd82dd2f4/1759320000.0_mean_300.0_v3 HTTP/1.0 200 - python-swiftclient-3.11.1 gAAAAABo6Lf0eRjD... - 16 - tx13840fd07cd849dba6e88-0068e8b86d - 0.0087 - - 1760082029.545159340 1760082029.553874254 0
Oct 10 07:40:29 standalone container-server[129614]: 172.20.0.100 - - [10/Oct/2025:07:40:29 +0000] "PUT /d1/957/AUTH_50b0ed3b1a764e37a988cc3bfa2bea21/gnocchi.93d4ca5d-47c7-4d94-bd2e-14cdd82dd2f4/1759320000.0_mean_300.0_v3" 201 - "PUT http://172.18.0.2:8080/d1/107/AUTH_50b0ed3b1a764e37a988cc3bfa2bea21/gnocchi.93d4ca5d-47c7-4d94-bd2e-14cdd82dd2f4/1759320000.0_mean_300.0_v3" "tx9bd983a4680f45eb9e84c-0068e8b86d" "object-server 22" 0.0009 "-" 16 0
Oct 10 07:40:29 standalone object-server[129784]: 172.20.0.100 - - [10/Oct/2025:07:40:29 +0000] "PUT /d1/107/AUTH_50b0ed3b1a764e37a988cc3bfa2bea21/gnocchi.93d4ca5d-47c7-4d94-bd2e-14cdd82dd2f4/1759320000.0_mean_300.0_v3" 201 - "PUT http://172.18.0.2:8080/v1/AUTH_50b0ed3b1a764e37a988cc3bfa2bea21/gnocchi.93d4ca5d-47c7-4d94-bd2e-14cdd82dd2f4/1759320000.0_mean_300.0_v3" "tx9bd983a4680f45eb9e84c-0068e8b86d" "proxy-server 20" 0.0098 "-" 22 0
Oct 10 07:40:29 standalone proxy-server[131732]: 172.18.0.2 172.18.0.100 10/Oct/2025/07/40/29 PUT /v1/AUTH_50b0ed3b1a764e37a988cc3bfa2bea21/gnocchi.93d4ca5d-47c7-4d94-bd2e-14cdd82dd2f4/1759320000.0_mean_300.0_v3 HTTP/1.0 201 - python-swiftclient-3.11.1 gAAAAABo6Lf0eRjD... 23 - - tx9bd983a4680f45eb9e84c-0068e8b86d - 0.0153 - - 1760082029.558443308 1760082029.573766232 0
Oct 10 07:40:29 standalone container-server[129621]: 172.20.0.100 - - [10/Oct/2025:07:40:29 +0000] "PUT /d1/957/AUTH_50b0ed3b1a764e37a988cc3bfa2bea21/gnocchi.93d4ca5d-47c7-4d94-bd2e-14cdd82dd2f4/none_v3" 201 - "PUT http://172.18.0.2:8080/d1/422/AUTH_50b0ed3b1a764e37a988cc3bfa2bea21/gnocchi.93d4ca5d-47c7-4d94-bd2e-14cdd82dd2f4/none_v3" "tx4bc0cf4278f445e984a85-0068e8b86d" "object-server 23" 0.0008 "-" 17 0
Oct 10 07:40:29 standalone object-server[129796]: 172.20.0.100 - - [10/Oct/2025:07:40:29 +0000] "PUT /d1/422/AUTH_50b0ed3b1a764e37a988cc3bfa2bea21/gnocchi.93d4ca5d-47c7-4d94-bd2e-14cdd82dd2f4/none_v3" 201 - "PUT http://172.18.0.2:8080/v1/AUTH_50b0ed3b1a764e37a988cc3bfa2bea21/gnocchi.93d4ca5d-47c7-4d94-bd2e-14cdd82dd2f4/none_v3" "tx4bc0cf4278f445e984a85-0068e8b86d" "proxy-server 20" 0.0113 "-" 23 0
Oct 10 07:40:29 standalone proxy-server[131732]: 172.18.0.2 172.18.0.100 10/Oct/2025/07/40/29 PUT /v1/AUTH_50b0ed3b1a764e37a988cc3bfa2bea21/gnocchi.93d4ca5d-47c7-4d94-bd2e-14cdd82dd2f4/none_v3 HTTP/1.0 201 - python-swiftclient-3.11.1 gAAAAABo6Lf0eRjD... 22 - - tx4bc0cf4278f445e984a85-0068e8b86d - 0.0178 - - 1760082029.577984810 1760082029.595738173 0
Oct 10 07:40:29 standalone object-server[129804]: 172.20.0.100 - - [10/Oct/2025:07:40:29 +0000] "GET /d1/553/AUTH_50b0ed3b1a764e37a988cc3bfa2bea21/gnocchi.db68c6ab-82a4-47a6-a369-dfb12845814a/none_v3" 200 22 "GET http://172.18.0.2:8080/v1/AUTH_50b0ed3b1a764e37a988cc3bfa2bea21/gnocchi.db68c6ab-82a4-47a6-a369-dfb12845814a/none_v3" "tx579bea1186b24f5c81540-0068e8b86d" "proxy-server 20" 0.0011 "-" 25 0
Oct 10 07:40:29 standalone proxy-server[131732]: 172.18.0.2 172.18.0.100 10/Oct/2025/07/40/29 GET /v1/AUTH_50b0ed3b1a764e37a988cc3bfa2bea21/gnocchi.db68c6ab-82a4-47a6-a369-dfb12845814a/none_v3 HTTP/1.0 200 - python-swiftclient-3.11.1 gAAAAABo6Lf0eRjD... - 22 - tx579bea1186b24f5c81540-0068e8b86d - 0.0126 - - 1760082029.608662605 1760082029.621294498 0
Oct 10 07:40:29 standalone container-server[129614]: 172.20.0.100 - - [10/Oct/2025:07:40:29 +0000] "GET /d1/509/AUTH_50b0ed3b1a764e37a988cc3bfa2bea21/gnocchi.db68c6ab-82a4-47a6-a369-dfb12845814a" 200 357 "GET http://172.18.0.2:8080/v1/AUTH_50b0ed3b1a764e37a988cc3bfa2bea21/gnocchi.db68c6ab-82a4-47a6-a369-dfb12845814a?format=json&states=listing" "txcd2b4e9a2c8a43d98a7fb-0068e8b86d" "proxy-server 20" 0.0092 "-" 16 0
Oct 10 07:40:29 standalone proxy-server[131732]: 172.18.0.2 172.18.0.100 10/Oct/2025/07/40/29 GET /v1/AUTH_50b0ed3b1a764e37a988cc3bfa2bea21/gnocchi.db68c6ab-82a4-47a6-a369-dfb12845814a%3Fformat%3Djson%26states%3Dlisting HTTP/1.0 200 - python-swiftclient-3.11.1 gAAAAABo6Lf0eRjD... - 357 - txcd2b4e9a2c8a43d98a7fb-0068e8b86d - 0.0168 - - 1760082029.626392126 1760082029.643156767 0
Oct 10 07:40:29 standalone container-server[129614]: 172.20.0.100 - - [10/Oct/2025:07:40:29 +0000] "GET /d1/509/AUTH_50b0ed3b1a764e37a988cc3bfa2bea21/gnocchi.db68c6ab-82a4-47a6-a369-dfb12845814a" 200 2 "GET http://172.18.0.2:8080/v1/AUTH_50b0ed3b1a764e37a988cc3bfa2bea21/gnocchi.db68c6ab-82a4-47a6-a369-dfb12845814a?format=json&marker=none_v3&states=listing" "tx1cd4ca94445e4137993f6-0068e8b86d" "proxy-server 20" 0.0039 "-" 16 0
Oct 10 07:40:29 standalone proxy-server[131732]: 172.18.0.2 172.18.0.100 10/Oct/2025/07/40/29 GET /v1/AUTH_50b0ed3b1a764e37a988cc3bfa2bea21/gnocchi.db68c6ab-82a4-47a6-a369-dfb12845814a%3Fformat%3Djson%26marker%3Dnone_v3%26states%3Dlisting HTTP/1.0 200 - python-swiftclient-3.11.1 gAAAAABo6Lf0eRjD... - 2 - tx1cd4ca94445e4137993f6-0068e8b86d - 0.0112 - - 1760082029.647141457 1760082029.658369064 0
Oct 10 07:40:29 standalone object-server[129804]: 172.20.0.100 - - [10/Oct/2025:07:40:29 +0000] "GET /d1/626/AUTH_50b0ed3b1a764e37a988cc3bfa2bea21/gnocchi.db68c6ab-82a4-47a6-a369-dfb12845814a/1759320000.0_mean_300.0_v3" 200 16 "GET http://172.18.0.2:8080/v1/AUTH_50b0ed3b1a764e37a988cc3bfa2bea21/gnocchi.db68c6ab-82a4-47a6-a369-dfb12845814a/1759320000.0_mean_300.0_v3" "tx85bd023cc090431187759-0068e8b86d" "proxy-server 20" 0.0011 "-" 25 0
Oct 10 07:40:29 standalone proxy-server[131732]: 172.18.0.2 172.18.0.100 10/Oct/2025/07/40/29 GET /v1/AUTH_50b0ed3b1a764e37a988cc3bfa2bea21/gnocchi.db68c6ab-82a4-47a6-a369-dfb12845814a/1759320000.0_mean_300.0_v3 HTTP/1.0 200 - python-swiftclient-3.11.1 gAAAAABo6Lf0eRjD... - 16 - tx85bd023cc090431187759-0068e8b86d - 0.0085 - - 1760082029.663761854 1760082029.672228098 0
Oct 10 07:40:29 standalone container-server[129605]: 172.20.0.100 - - [10/Oct/2025:07:40:29 +0000] "PUT /d1/509/AUTH_50b0ed3b1a764e37a988cc3bfa2bea21/gnocchi.db68c6ab-82a4-47a6-a369-dfb12845814a/1759320000.0_mean_300.0_v3" 201 - "PUT http://172.18.0.2:8080/d1/626/AUTH_50b0ed3b1a764e37a988cc3bfa2bea21/gnocchi.db68c6ab-82a4-47a6-a369-dfb12845814a/1759320000.0_mean_300.0_v3" "tx3214718061f34d178ea23-0068e8b86d" "object-server 24" 0.0008 "-" 14 0
Oct 10 07:40:29 standalone object-server[129801]: 172.20.0.100 - - [10/Oct/2025:07:40:29 +0000] "PUT /d1/626/AUTH_50b0ed3b1a764e37a988cc3bfa2bea21/gnocchi.db68c6ab-82a4-47a6-a369-dfb12845814a/1759320000.0_mean_300.0_v3" 201 - "PUT http://172.18.0.2:8080/v1/AUTH_50b0ed3b1a764e37a988cc3bfa2bea21/gnocchi.db68c6ab-82a4-47a6-a369-dfb12845814a/1759320000.0_mean_300.0_v3" "tx3214718061f34d178ea23-0068e8b86d" "proxy-server 20" 0.0123 "-" 24 0
Oct 10 07:40:29 standalone proxy-server[131732]: 172.18.0.2 172.18.0.100 10/Oct/2025/07/40/29 PUT /v1/AUTH_50b0ed3b1a764e37a988cc3bfa2bea21/gnocchi.db68c6ab-82a4-47a6-a369-dfb12845814a/1759320000.0_mean_300.0_v3 HTTP/1.0 201 - python-swiftclient-3.11.1 gAAAAABo6Lf0eRjD... 23 - - tx3214718061f34d178ea23-0068e8b86d - 0.0221 - - 1760082029.678138256 1760082029.700270176 0
Oct 10 07:40:29 standalone container-server[129605]: 172.20.0.100 - - [10/Oct/2025:07:40:29 +0000] "PUT /d1/509/AUTH_50b0ed3b1a764e37a988cc3bfa2bea21/gnocchi.db68c6ab-82a4-47a6-a369-dfb12845814a/none_v3" 201 - "PUT http://172.18.0.2:8080/d1/553/AUTH_50b0ed3b1a764e37a988cc3bfa2bea21/gnocchi.db68c6ab-82a4-47a6-a369-dfb12845814a/none_v3" "tx43d9097a6976416aac708-0068e8b86d" "object-server 23" 0.0007 "-" 14 0
Oct 10 07:40:29 standalone object-server[129796]: 172.20.0.100 - - [10/Oct/2025:07:40:29 +0000] "PUT /d1/553/AUTH_50b0ed3b1a764e37a988cc3bfa2bea21/gnocchi.db68c6ab-82a4-47a6-a369-dfb12845814a/none_v3" 201 - "PUT http://172.18.0.2:8080/v1/AUTH_50b0ed3b1a764e37a988cc3bfa2bea21/gnocchi.db68c6ab-82a4-47a6-a369-dfb12845814a/none_v3" "tx43d9097a6976416aac708-0068e8b86d" "proxy-server 20" 0.0123 "-" 23 0
Oct 10 07:40:29 standalone proxy-server[131732]: 172.18.0.2 172.18.0.100 10/Oct/2025/07/40/29 PUT /v1/AUTH_50b0ed3b1a764e37a988cc3bfa2bea21/gnocchi.db68c6ab-82a4-47a6-a369-dfb12845814a/none_v3 HTTP/1.0 201 - python-swiftclient-3.11.1 gAAAAABo6Lf0eRjD... 22 - - tx43d9097a6976416aac708-0068e8b86d - 0.0210 - - 1760082029.704732180 1760082029.725733995 0
Oct 10 07:40:29 standalone object-server[129784]: 172.20.0.100 - - [10/Oct/2025:07:40:29 +0000] "GET /d1/676/AUTH_50b0ed3b1a764e37a988cc3bfa2bea21/gnocchi.89db057d-3061-4cfa-b95b-75f064a435a4/none_v3" 200 22 "GET http://172.18.0.2:8080/v1/AUTH_50b0ed3b1a764e37a988cc3bfa2bea21/gnocchi.89db057d-3061-4cfa-b95b-75f064a435a4/none_v3" "txc9bf6132fdce46128820d-0068e8b86d" "proxy-server 20" 0.0011 "-" 22 0
Oct 10 07:40:29 standalone proxy-server[131732]: 172.18.0.2 172.18.0.100 10/Oct/2025/07/40/29 GET /v1/AUTH_50b0ed3b1a764e37a988cc3bfa2bea21/gnocchi.89db057d-3061-4cfa-b95b-75f064a435a4/none_v3 HTTP/1.0 200 - python-swiftclient-3.11.1 gAAAAABo6Lf0eRjD... - 22 - txc9bf6132fdce46128820d-0068e8b86d - 0.0116 - - 1760082029.740159988 1760082029.751713991 0
Oct 10 07:40:29 standalone container-server[129614]: 172.20.0.100 - - [10/Oct/2025:07:40:29 +0000] "GET /d1/640/AUTH_50b0ed3b1a764e37a988cc3bfa2bea21/gnocchi.89db057d-3061-4cfa-b95b-75f064a435a4" 200 357 "GET http://172.18.0.2:8080/v1/AUTH_50b0ed3b1a764e37a988cc3bfa2bea21/gnocchi.89db057d-3061-4cfa-b95b-75f064a435a4?format=json&states=listing" "tx3998de84f8464744be6ef-0068e8b86d" "proxy-server 20" 0.0105 "-" 16 0
Oct 10 07:40:29 standalone proxy-server[131732]: 172.18.0.2 172.18.0.100 10/Oct/2025/07/40/29 GET /v1/AUTH_50b0ed3b1a764e37a988cc3bfa2bea21/gnocchi.89db057d-3061-4cfa-b95b-75f064a435a4%3Fformat%3Djson%26states%3Dlisting HTTP/1.0 200 - python-swiftclient-3.11.1 gAAAAABo6Lf0eRjD... - 357 - tx3998de84f8464744be6ef-0068e8b86d - 0.0203 - - 1760082029.757104874 1760082029.777419329 0
Oct 10 07:40:29 standalone container-server[129605]: 172.20.0.100 - - [10/Oct/2025:07:40:29 +0000] "GET /d1/640/AUTH_50b0ed3b1a764e37a988cc3bfa2bea21/gnocchi.89db057d-3061-4cfa-b95b-75f064a435a4" 200 2 "GET http://172.18.0.2:8080/v1/AUTH_50b0ed3b1a764e37a988cc3bfa2bea21/gnocchi.89db057d-3061-4cfa-b95b-75f064a435a4?format=json&marker=none_v3&states=listing" "txa4e9e36580f140fb9f9cf-0068e8b86d" "proxy-server 20" 0.0036 "-" 14 0
Oct 10 07:40:29 standalone proxy-server[131732]: 172.18.0.2 172.18.0.100 10/Oct/2025/07/40/29 GET /v1/AUTH_50b0ed3b1a764e37a988cc3bfa2bea21/gnocchi.89db057d-3061-4cfa-b95b-75f064a435a4%3Fformat%3Djson%26marker%3Dnone_v3%26states%3Dlisting HTTP/1.0 200 - python-swiftclient-3.11.1 gAAAAABo6Lf0eRjD... - 2 - txa4e9e36580f140fb9f9cf-0068e8b86d - 0.0127 - - 1760082029.781645536 1760082029.794317245 0
Oct 10 07:40:29 standalone object-server[129801]: 172.20.0.100 - - [10/Oct/2025:07:40:29 +0000] "GET /d1/934/AUTH_50b0ed3b1a764e37a988cc3bfa2bea21/gnocchi.89db057d-3061-4cfa-b95b-75f064a435a4/1759320000.0_mean_300.0_v3" 200 16 "GET http://172.18.0.2:8080/v1/AUTH_50b0ed3b1a764e37a988cc3bfa2bea21/gnocchi.89db057d-3061-4cfa-b95b-75f064a435a4/1759320000.0_mean_300.0_v3" "tx967b1a461a6549b2a30ff-0068e8b86d" "proxy-server 20" 0.0011 "-" 24 0
Oct 10 07:40:29 standalone proxy-server[131732]: 172.18.0.2 172.18.0.100 10/Oct/2025/07/40/29 GET /v1/AUTH_50b0ed3b1a764e37a988cc3bfa2bea21/gnocchi.89db057d-3061-4cfa-b95b-75f064a435a4/1759320000.0_mean_300.0_v3 HTTP/1.0 200 - python-swiftclient-3.11.1 gAAAAABo6Lf0eRjD... - 16 - tx967b1a461a6549b2a30ff-0068e8b86d - 0.0106 - - 1760082029.800019264 1760082029.810633183 0
Oct 10 07:40:29 standalone container-server[129606]: 172.20.0.100 - - [10/Oct/2025:07:40:29 +0000] "PUT /d1/640/AUTH_50b0ed3b1a764e37a988cc3bfa2bea21/gnocchi.89db057d-3061-4cfa-b95b-75f064a435a4/1759320000.0_mean_300.0_v3" 201 - "PUT http://172.18.0.2:8080/d1/934/AUTH_50b0ed3b1a764e37a988cc3bfa2bea21/gnocchi.89db057d-3061-4cfa-b95b-75f064a435a4/1759320000.0_mean_300.0_v3" "txdfc0231886ce44869947c-0068e8b86d" "object-server 22" 0.0010 "-" 15 0
Oct 10 07:40:29 standalone object-server[129784]: 172.20.0.100 - - [10/Oct/2025:07:40:29 +0000] "PUT /d1/934/AUTH_50b0ed3b1a764e37a988cc3bfa2bea21/gnocchi.89db057d-3061-4cfa-b95b-75f064a435a4/1759320000.0_mean_300.0_v3" 201 - "PUT http://172.18.0.2:8080/v1/AUTH_50b0ed3b1a764e37a988cc3bfa2bea21/gnocchi.89db057d-3061-4cfa-b95b-75f064a435a4/1759320000.0_mean_300.0_v3" "txdfc0231886ce44869947c-0068e8b86d" "proxy-server 20" 0.0112 "-" 22 0
Oct 10 07:40:29 standalone proxy-server[131732]: 172.18.0.2 172.18.0.100 10/Oct/2025/07/40/29 PUT /v1/AUTH_50b0ed3b1a764e37a988cc3bfa2bea21/gnocchi.89db057d-3061-4cfa-b95b-75f064a435a4/1759320000.0_mean_300.0_v3 HTTP/1.0 201 - python-swiftclient-3.11.1 gAAAAABo6Lf0eRjD... 23 - - txdfc0231886ce44869947c-0068e8b86d - 0.0195 - - 1760082029.815315485 1760082029.834786892 0
Oct 10 07:40:29 standalone container-server[129606]: 172.20.0.100 - - [10/Oct/2025:07:40:29 +0000] "PUT /d1/640/AUTH_50b0ed3b1a764e37a988cc3bfa2bea21/gnocchi.89db057d-3061-4cfa-b95b-75f064a435a4/none_v3" 201 - "PUT http://172.18.0.2:8080/d1/676/AUTH_50b0ed3b1a764e37a988cc3bfa2bea21/gnocchi.89db057d-3061-4cfa-b95b-75f064a435a4/none_v3" "txcf72e1d3f16943c98171e-0068e8b86d" "object-server 25" 0.0009 "-" 15 0
Oct 10 07:40:29 standalone object-server[129804]: 172.20.0.100 - - [10/Oct/2025:07:40:29 +0000] "PUT /d1/676/AUTH_50b0ed3b1a764e37a988cc3bfa2bea21/gnocchi.89db057d-3061-4cfa-b95b-75f064a435a4/none_v3" 201 - "PUT http://172.18.0.2:8080/v1/AUTH_50b0ed3b1a764e37a988cc3bfa2bea21/gnocchi.89db057d-3061-4cfa-b95b-75f064a435a4/none_v3" "txcf72e1d3f16943c98171e-0068e8b86d" "proxy-server 20" 0.0109 "-" 25 0
Oct 10 07:40:29 standalone proxy-server[131732]: 172.18.0.2 172.18.0.100 10/Oct/2025/07/40/29 PUT /v1/AUTH_50b0ed3b1a764e37a988cc3bfa2bea21/gnocchi.89db057d-3061-4cfa-b95b-75f064a435a4/none_v3 HTTP/1.0 201 - python-swiftclient-3.11.1 gAAAAABo6Lf0eRjD... 22 - - txcf72e1d3f16943c98171e-0068e8b86d - 0.0200 - - 1760082029.839190006 1760082029.859163046 0
Oct 10 07:40:29 standalone object-server[129796]: 172.20.0.100 - - [10/Oct/2025:07:40:29 +0000] "GET /d1/751/AUTH_50b0ed3b1a764e37a988cc3bfa2bea21/gnocchi.7e2ffe76-0b05-4cd1-93f6-c8e4c1f5058b/none_v3" 200 22 "GET http://172.18.0.2:8080/v1/AUTH_50b0ed3b1a764e37a988cc3bfa2bea21/gnocchi.7e2ffe76-0b05-4cd1-93f6-c8e4c1f5058b/none_v3" "tx9025cd7b51a94e589713a-0068e8b86d" "proxy-server 20" 0.0011 "-" 23 0
Oct 10 07:40:29 standalone proxy-server[131732]: 172.18.0.2 172.18.0.100 10/Oct/2025/07/40/29 GET /v1/AUTH_50b0ed3b1a764e37a988cc3bfa2bea21/gnocchi.7e2ffe76-0b05-4cd1-93f6-c8e4c1f5058b/none_v3 HTTP/1.0 200 - python-swiftclient-3.11.1 gAAAAABo6Lf0eRjD... - 22 - tx9025cd7b51a94e589713a-0068e8b86d - 0.0108 - - 1760082029.872185707 1760082029.882970572 0
Oct 10 07:40:29 standalone container-server[129614]: 172.20.0.100 - - [10/Oct/2025:07:40:29 +0000] "GET /d1/374/AUTH_50b0ed3b1a764e37a988cc3bfa2bea21/gnocchi.7e2ffe76-0b05-4cd1-93f6-c8e4c1f5058b" 200 357 "GET http://172.18.0.2:8080/v1/AUTH_50b0ed3b1a764e37a988cc3bfa2bea21/gnocchi.7e2ffe76-0b05-4cd1-93f6-c8e4c1f5058b?format=json&states=listing" "txc68524f0cab742bdb6082-0068e8b86d" "proxy-server 20" 0.0121 "-" 16 0
Oct 10 07:40:29 standalone proxy-server[131732]: 172.18.0.2 172.18.0.100 10/Oct/2025/07/40/29 GET /v1/AUTH_50b0ed3b1a764e37a988cc3bfa2bea21/gnocchi.7e2ffe76-0b05-4cd1-93f6-c8e4c1f5058b%3Fformat%3Djson%26states%3Dlisting HTTP/1.0 200 - python-swiftclient-3.11.1 gAAAAABo6Lf0eRjD... - 357 - txc68524f0cab742bdb6082-0068e8b86d - 0.0229 - - 1760082029.888131142 1760082029.910991430 0
Oct 10 07:40:29 standalone container-server[129605]: 172.20.0.100 - - [10/Oct/2025:07:40:29 +0000] "GET /d1/374/AUTH_50b0ed3b1a764e37a988cc3bfa2bea21/gnocchi.7e2ffe76-0b05-4cd1-93f6-c8e4c1f5058b" 200 2 "GET http://172.18.0.2:8080/v1/AUTH_50b0ed3b1a764e37a988cc3bfa2bea21/gnocchi.7e2ffe76-0b05-4cd1-93f6-c8e4c1f5058b?format=json&marker=none_v3&states=listing" "tx6169eac139844dd882edd-0068e8b86d" "proxy-server 20" 0.0043 "-" 14 0
Oct 10 07:40:29 standalone proxy-server[131732]: 172.18.0.2 172.18.0.100 10/Oct/2025/07/40/29 GET /v1/AUTH_50b0ed3b1a764e37a988cc3bfa2bea21/gnocchi.7e2ffe76-0b05-4cd1-93f6-c8e4c1f5058b%3Fformat%3Djson%26marker%3Dnone_v3%26states%3Dlisting HTTP/1.0 200 - python-swiftclient-3.11.1 gAAAAABo6Lf0eRjD... - 2 - tx6169eac139844dd882edd-0068e8b86d - 0.0136 - - 1760082029.915050507 1760082029.928677797 0
Oct 10 07:40:29 standalone object-server[129804]: 172.20.0.100 - - [10/Oct/2025:07:40:29 +0000] "GET /d1/922/AUTH_50b0ed3b1a764e37a988cc3bfa2bea21/gnocchi.7e2ffe76-0b05-4cd1-93f6-c8e4c1f5058b/1759320000.0_mean_300.0_v3" 200 16 "GET http://172.18.0.2:8080/v1/AUTH_50b0ed3b1a764e37a988cc3bfa2bea21/gnocchi.7e2ffe76-0b05-4cd1-93f6-c8e4c1f5058b/1759320000.0_mean_300.0_v3" "txcf425333ee3c445496b7c-0068e8b86d" "proxy-server 20" 0.0008 "-" 25 0
Oct 10 07:40:29 standalone proxy-server[131732]: 172.18.0.2 172.18.0.100 10/Oct/2025/07/40/29 GET /v1/AUTH_50b0ed3b1a764e37a988cc3bfa2bea21/gnocchi.7e2ffe76-0b05-4cd1-93f6-c8e4c1f5058b/1759320000.0_mean_300.0_v3 HTTP/1.0 200 - python-swiftclient-3.11.1 gAAAAABo6Lf0eRjD... - 16 - txcf425333ee3c445496b7c-0068e8b86d - 0.0097 - - 1760082029.933961630 1760082029.943669796 0
Oct 10 07:40:29 standalone container-server[129606]: 172.20.0.100 - - [10/Oct/2025:07:40:29 +0000] "PUT /d1/374/AUTH_50b0ed3b1a764e37a988cc3bfa2bea21/gnocchi.7e2ffe76-0b05-4cd1-93f6-c8e4c1f5058b/1759320000.0_mean_300.0_v3" 201 - "PUT http://172.18.0.2:8080/d1/922/AUTH_50b0ed3b1a764e37a988cc3bfa2bea21/gnocchi.7e2ffe76-0b05-4cd1-93f6-c8e4c1f5058b/1759320000.0_mean_300.0_v3" "txa42d892d7aa44519a3d62-0068e8b86d" "object-server 25" 0.0007 "-" 15 0
Oct 10 07:40:29 standalone object-server[129804]: 172.20.0.100 - - [10/Oct/2025:07:40:29 +0000] "PUT /d1/922/AUTH_50b0ed3b1a764e37a988cc3bfa2bea21/gnocchi.7e2ffe76-0b05-4cd1-93f6-c8e4c1f5058b/1759320000.0_mean_300.0_v3" 201 - "PUT http://172.18.0.2:8080/v1/AUTH_50b0ed3b1a764e37a988cc3bfa2bea21/gnocchi.7e2ffe76-0b05-4cd1-93f6-c8e4c1f5058b/1759320000.0_mean_300.0_v3" "txa42d892d7aa44519a3d62-0068e8b86d" "proxy-server 20" 0.0127 "-" 25 0
Oct 10 07:40:29 standalone proxy-server[131732]: 172.18.0.2 172.18.0.100 10/Oct/2025/07/40/29 PUT /v1/AUTH_50b0ed3b1a764e37a988cc3bfa2bea21/gnocchi.7e2ffe76-0b05-4cd1-93f6-c8e4c1f5058b/1759320000.0_mean_300.0_v3 HTTP/1.0 201 - python-swiftclient-3.11.1 gAAAAABo6Lf0eRjD... 23 - - txa42d892d7aa44519a3d62-0068e8b86d - 0.0217 - - 1760082029.947995901 1760082029.969707727 0
Oct 10 07:40:29 standalone container-server[129605]: 172.20.0.100 - - [10/Oct/2025:07:40:29 +0000] "PUT /d1/374/AUTH_50b0ed3b1a764e37a988cc3bfa2bea21/gnocchi.7e2ffe76-0b05-4cd1-93f6-c8e4c1f5058b/none_v3" 201 - "PUT http://172.18.0.2:8080/d1/751/AUTH_50b0ed3b1a764e37a988cc3bfa2bea21/gnocchi.7e2ffe76-0b05-4cd1-93f6-c8e4c1f5058b/none_v3" "txa72deabd2b4f4a5896793-0068e8b86d" "object-server 22" 0.0009 "-" 14 0
Oct 10 07:40:29 standalone object-server[129784]: 172.20.0.100 - - [10/Oct/2025:07:40:29 +0000] "PUT /d1/751/AUTH_50b0ed3b1a764e37a988cc3bfa2bea21/gnocchi.7e2ffe76-0b05-4cd1-93f6-c8e4c1f5058b/none_v3" 201 - "PUT http://172.18.0.2:8080/v1/AUTH_50b0ed3b1a764e37a988cc3bfa2bea21/gnocchi.7e2ffe76-0b05-4cd1-93f6-c8e4c1f5058b/none_v3" "txa72deabd2b4f4a5896793-0068e8b86d" "proxy-server 20" 0.0120 "-" 22 0
Oct 10 07:40:29 standalone proxy-server[131732]: 172.18.0.2 172.18.0.100 10/Oct/2025/07/40/29 PUT /v1/AUTH_50b0ed3b1a764e37a988cc3bfa2bea21/gnocchi.7e2ffe76-0b05-4cd1-93f6-c8e4c1f5058b/none_v3 HTTP/1.0 201 - python-swiftclient-3.11.1 gAAAAABo6Lf0eRjD... 22 - - txa72deabd2b4f4a5896793-0068e8b86d - 0.0208 - - 1760082029.974237680 1760082029.995063305 0
Oct 10 07:40:33 standalone container-server[129606]: 172.20.0.100 - - [10/Oct/2025:07:40:33 +0000] "HEAD /d1/443/AUTH_50b0ed3b1a764e37a988cc3bfa2bea21/gnocchi.169832b7-d83b-4fca-a6d8-7a68f18499f6" 404 - "HEAD http://172.18.0.2:8080/v1/AUTH_50b0ed3b1a764e37a988cc3bfa2bea21/gnocchi.169832b7-d83b-4fca-a6d8-7a68f18499f6?format=json&states=listing" "tx9eac60f98cdc425ca9f7a-0068e8b871" "proxy-server 20" 0.0007 "-" 15 0
Oct 10 07:40:33 standalone object-server[129801]: 172.20.0.100 - - [10/Oct/2025:07:40:33 +0000] "GET /d1/361/AUTH_50b0ed3b1a764e37a988cc3bfa2bea21/gnocchi.169832b7-d83b-4fca-a6d8-7a68f18499f6/none_v3" 404 70 "GET http://172.18.0.2:8080/v1/AUTH_50b0ed3b1a764e37a988cc3bfa2bea21/gnocchi.169832b7-d83b-4fca-a6d8-7a68f18499f6/none_v3" "tx9eac60f98cdc425ca9f7a-0068e8b871" "proxy-server 20" 0.0006 "-" 24 0
Oct 10 07:40:33 standalone proxy-server[131732]: 172.18.0.2 172.18.0.100 10/Oct/2025/07/40/33 GET /v1/AUTH_50b0ed3b1a764e37a988cc3bfa2bea21/gnocchi.169832b7-d83b-4fca-a6d8-7a68f18499f6/none_v3 HTTP/1.0 404 - python-swiftclient-3.11.1 gAAAAABo6Lf0eRjD... - 70 - tx9eac60f98cdc425ca9f7a-0068e8b871 - 0.0091 - - 1760082033.412578821 1760082033.421667814 0
Oct 10 07:40:33 standalone account-server[129564]: 172.20.0.100 - - [10/Oct/2025:07:40:33 +0000] "PUT /d1/512/AUTH_50b0ed3b1a764e37a988cc3bfa2bea21/gnocchi.169832b7-d83b-4fca-a6d8-7a68f18499f6" 201 - "PUT http://172.20.0.100:6001/d1/443/AUTH_50b0ed3b1a764e37a988cc3bfa2bea21/gnocchi.169832b7-d83b-4fca-a6d8-7a68f18499f6" "tx4f6a444efd4c4e5393e12-0068e8b871" "container-server 16" 0.0014 "-" 21 0
Oct 10 07:40:33 standalone container-server[129614]: 172.20.0.100 - - [10/Oct/2025:07:40:33 +0000] "PUT /d1/443/AUTH_50b0ed3b1a764e37a988cc3bfa2bea21/gnocchi.169832b7-d83b-4fca-a6d8-7a68f18499f6" 201 - "PUT http://172.18.0.2:8080/v1/AUTH_50b0ed3b1a764e37a988cc3bfa2bea21/gnocchi.169832b7-d83b-4fca-a6d8-7a68f18499f6" "tx4f6a444efd4c4e5393e12-0068e8b871" "proxy-server 20" 0.0145 "-" 16 0
Oct 10 07:40:33 standalone proxy-server[131732]: 172.18.0.2 172.18.0.100 10/Oct/2025/07/40/33 PUT /v1/AUTH_50b0ed3b1a764e37a988cc3bfa2bea21/gnocchi.169832b7-d83b-4fca-a6d8-7a68f18499f6 HTTP/1.0 201 - python-swiftclient-3.11.1 gAAAAABo6Lf0eRjD... - - - tx4f6a444efd4c4e5393e12-0068e8b871 - 0.0186 - - 1760082033.425080776 1760082033.443705559 0
Oct 10 07:40:33 standalone container-server[129621]: 172.20.0.100 - - [10/Oct/2025:07:40:33 +0000] "HEAD /d1/443/AUTH_50b0ed3b1a764e37a988cc3bfa2bea21/gnocchi.169832b7-d83b-4fca-a6d8-7a68f18499f6" 204 - "HEAD http://172.18.0.2:8080/v1/AUTH_50b0ed3b1a764e37a988cc3bfa2bea21/gnocchi.169832b7-d83b-4fca-a6d8-7a68f18499f6?format=json&states=listing" "tx857831615c9c43d086735-0068e8b871" "proxy-server 20" 0.0013 "-" 17 0
Oct 10 07:40:33 standalone proxy-server[131732]: - - 10/Oct/2025/07/40/33 HEAD /v1/AUTH_50b0ed3b1a764e37a988cc3bfa2bea21/gnocchi.169832b7-d83b-4fca-a6d8-7a68f18499f6%3Fformat%3Djson%26states%3Dlisting HTTP/1.0 204 - Swift - - - - tx857831615c9c43d086735-0068e8b871 - 0.0044 RL - 1760082033.448208332 1760082033.452576160 0
Oct 10 07:40:33 standalone container-server[129621]: 172.20.0.100 - - [10/Oct/2025:07:40:33 +0000] "GET /d1/443/AUTH_50b0ed3b1a764e37a988cc3bfa2bea21/gnocchi.169832b7-d83b-4fca-a6d8-7a68f18499f6" 200 2 "GET http://172.18.0.2:8080/v1/AUTH_50b0ed3b1a764e37a988cc3bfa2bea21/gnocchi.169832b7-d83b-4fca-a6d8-7a68f18499f6?format=json&states=listing" "tx857831615c9c43d086735-0068e8b871" "proxy-server 20" 0.0016 "-" 17 0
Oct 10 07:40:33 standalone proxy-server[131732]: 172.18.0.2 172.18.0.100 10/Oct/2025/07/40/33 GET /v1/AUTH_50b0ed3b1a764e37a988cc3bfa2bea21/gnocchi.169832b7-d83b-4fca-a6d8-7a68f18499f6%3Fformat%3Djson%26states%3Dlisting HTTP/1.0 200 - python-swiftclient-3.11.1 gAAAAABo6Lf0eRjD... - 2 - tx857831615c9c43d086735-0068e8b871 - 0.0119 - - 1760082033.447187662 1760082033.459119081 0
Oct 10 07:40:33 standalone object-server[129801]: 172.20.0.100 - - [10/Oct/2025:07:40:33 +0000] "GET /d1/856/AUTH_50b0ed3b1a764e37a988cc3bfa2bea21/gnocchi.169832b7-d83b-4fca-a6d8-7a68f18499f6/1759320000.0_mean_300.0_v3" 404 70 "GET http://172.18.0.2:8080/v1/AUTH_50b0ed3b1a764e37a988cc3bfa2bea21/gnocchi.169832b7-d83b-4fca-a6d8-7a68f18499f6/1759320000.0_mean_300.0_v3" "txf3dcdaadcaeb4245bd62e-0068e8b871" "proxy-server 20" 0.0005 "-" 24 0
Oct 10 07:40:33 standalone proxy-server[131732]: 172.18.0.2 172.18.0.100 10/Oct/2025/07/40/33 GET /v1/AUTH_50b0ed3b1a764e37a988cc3bfa2bea21/gnocchi.169832b7-d83b-4fca-a6d8-7a68f18499f6/1759320000.0_mean_300.0_v3 HTTP/1.0 404 - python-swiftclient-3.11.1 gAAAAABo6Lf0eRjD... - 70 - txf3dcdaadcaeb4245bd62e-0068e8b871 - 0.0048 - - 1760082033.462674141 1760082033.467439651 0
