Oct 10 07:39:37 standalone object-server[129784]: 172.20.0.100 - - [10/Oct/2025:07:39:37 +0000] "PUT /d1/32/AUTH_50b0ed3b1a764e37a988cc3bfa2bea21/gnocchi.feb61ee2-656b-415d-84c5-5468d14443d1/1759320000.0_mean_300.0_v3" 201 - "PUT http://172.18.0.2:8080/v1/AUTH_50b0ed3b1a764e37a988cc3bfa2bea21/gnocchi.feb61ee2-656b-415d-84c5-5468d14443d1/1759320000.0_mean_300.0_v3" "tx799e6a73ba6e455bac20d-0068e8b839" "proxy-server 20" 0.0140 "-" 22 0
Oct 10 07:39:37 standalone proxy-server[131732]: 172.18.0.2 172.18.0.100 10/Oct/2025/07/39/37 PUT /v1/AUTH_50b0ed3b1a764e37a988cc3bfa2bea21/gnocchi.feb61ee2-656b-415d-84c5-5468d14443d1/1759320000.0_mean_300.0_v3 HTTP/1.0 201 - python-swiftclient-3.11.1 gAAAAABo6Lf0eRjD... 16 - - tx799e6a73ba6e455bac20d-0068e8b839 - 0.0198 - - 1760081977.255530357 1760081977.275380135 0
Oct 10 07:39:37 standalone container-server[129606]: 172.20.0.100 - - [10/Oct/2025:07:39:37 +0000] "PUT /d1/458/AUTH_50b0ed3b1a764e37a988cc3bfa2bea21/gnocchi.feb61ee2-656b-415d-84c5-5468d14443d1/none_v3" 201 - "PUT http://172.18.0.2:8080/d1/616/AUTH_50b0ed3b1a764e37a988cc3bfa2bea21/gnocchi.feb61ee2-656b-415d-84c5-5468d14443d1/none_v3" "txec5ab23614e1444b884a5-0068e8b839" "object-server 24" 0.0014 "-" 15 0
Oct 10 07:39:37 standalone object-server[129801]: 172.20.0.100 - - [10/Oct/2025:07:39:37 +0000] "PUT /d1/616/AUTH_50b0ed3b1a764e37a988cc3bfa2bea21/gnocchi.feb61ee2-656b-415d-84c5-5468d14443d1/none_v3" 201 - "PUT http://172.18.0.2:8080/v1/AUTH_50b0ed3b1a764e37a988cc3bfa2bea21/gnocchi.feb61ee2-656b-415d-84c5-5468d14443d1/none_v3" "txec5ab23614e1444b884a5-0068e8b839" "proxy-server 20" 0.0223 "-" 24 0
Oct 10 07:39:37 standalone proxy-server[131732]: 172.18.0.2 172.18.0.100 10/Oct/2025/07/39/37 PUT /v1/AUTH_50b0ed3b1a764e37a988cc3bfa2bea21/gnocchi.feb61ee2-656b-415d-84c5-5468d14443d1/none_v3 HTTP/1.0 201 - python-swiftclient-3.11.1 gAAAAABo6Lf0eRjD... 22 - - txec5ab23614e1444b884a5-0068e8b839 - 0.0314 - - 1760081977.280699968 1760081977.312128544 0
Oct 10 07:39:37 standalone container-server[129621]: 172.20.0.100 - - [10/Oct/2025:07:39:37 +0000] "HEAD /d1/640/AUTH_50b0ed3b1a764e37a988cc3bfa2bea21/gnocchi.89db057d-3061-4cfa-b95b-75f064a435a4" 404 - "HEAD http://172.18.0.2:8080/v1/AUTH_50b0ed3b1a764e37a988cc3bfa2bea21/gnocchi.89db057d-3061-4cfa-b95b-75f064a435a4?format=json&states=listing" "tx245f05a966444466af3ff-0068e8b839" "proxy-server 20" 0.0008 "-" 17 0
Oct 10 07:39:37 standalone object-server[129804]: 172.20.0.100 - - [10/Oct/2025:07:39:37 +0000] "GET /d1/676/AUTH_50b0ed3b1a764e37a988cc3bfa2bea21/gnocchi.89db057d-3061-4cfa-b95b-75f064a435a4/none_v3" 404 70 "GET http://172.18.0.2:8080/v1/AUTH_50b0ed3b1a764e37a988cc3bfa2bea21/gnocchi.89db057d-3061-4cfa-b95b-75f064a435a4/none_v3" "tx245f05a966444466af3ff-0068e8b839" "proxy-server 20" 0.0018 "-" 25 0
Oct 10 07:39:37 standalone proxy-server[131732]: 172.18.0.2 172.18.0.100 10/Oct/2025/07/39/37 GET /v1/AUTH_50b0ed3b1a764e37a988cc3bfa2bea21/gnocchi.89db057d-3061-4cfa-b95b-75f064a435a4/none_v3 HTTP/1.0 404 - python-swiftclient-3.11.1 gAAAAABo6Lf0eRjD... - 70 - tx245f05a966444466af3ff-0068e8b839 - 0.0419 - - 1760081977.349497318 1760081977.391362667 0
Oct 10 07:39:37 standalone account-server[129593]: 172.20.0.100 - - [10/Oct/2025:07:39:37 +0000] "PUT /d1/512/AUTH_50b0ed3b1a764e37a988cc3bfa2bea21/gnocchi.89db057d-3061-4cfa-b95b-75f064a435a4" 201 - "PUT http://172.20.0.100:6001/d1/640/AUTH_50b0ed3b1a764e37a988cc3bfa2bea21/gnocchi.89db057d-3061-4cfa-b95b-75f064a435a4" "tx9419df09835a40688f56d-0068e8b839" "container-server 14" 0.0112 "-" 23 0
Oct 10 07:39:37 standalone container-server[129605]: 172.20.0.100 - - [10/Oct/2025:07:39:37 +0000] "PUT /d1/640/AUTH_50b0ed3b1a764e37a988cc3bfa2bea21/gnocchi.89db057d-3061-4cfa-b95b-75f064a435a4" 201 - "PUT http://172.18.0.2:8080/v1/AUTH_50b0ed3b1a764e37a988cc3bfa2bea21/gnocchi.89db057d-3061-4cfa-b95b-75f064a435a4" "tx9419df09835a40688f56d-0068e8b839" "proxy-server 20" 0.0265 "-" 14 0
Oct 10 07:39:37 standalone proxy-server[131732]: 172.18.0.2 172.18.0.100 10/Oct/2025/07/39/37 PUT /v1/AUTH_50b0ed3b1a764e37a988cc3bfa2bea21/gnocchi.89db057d-3061-4cfa-b95b-75f064a435a4 HTTP/1.0 201 - python-swiftclient-3.11.1 gAAAAABo6Lf0eRjD... - - - tx9419df09835a40688f56d-0068e8b839 - 0.0337 - - 1760081977.401985168 1760081977.435650587 0
Oct 10 07:39:37 standalone container-server[129606]: 172.20.0.100 - - [10/Oct/2025:07:39:37 +0000] "HEAD /d1/640/AUTH_50b0ed3b1a764e37a988cc3bfa2bea21/gnocchi.89db057d-3061-4cfa-b95b-75f064a435a4" 204 - "HEAD http://172.18.0.2:8080/v1/AUTH_50b0ed3b1a764e37a988cc3bfa2bea21/gnocchi.89db057d-3061-4cfa-b95b-75f064a435a4?format=json&states=listing" "txff1fb92aab55490282d01-0068e8b839" "proxy-server 20" 0.0030 "-" 15 0
Oct 10 07:39:37 standalone proxy-server[131732]: - - 10/Oct/2025/07/39/37 HEAD /v1/AUTH_50b0ed3b1a764e37a988cc3bfa2bea21/gnocchi.89db057d-3061-4cfa-b95b-75f064a435a4%3Fformat%3Djson%26states%3Dlisting HTTP/1.0 204 - Swift - - - - txff1fb92aab55490282d01-0068e8b839 - 0.0079 RL - 1760081977.440329075 1760081977.448194742 0
Oct 10 07:39:37 standalone container-server[129621]: 172.20.0.100 - - [10/Oct/2025:07:39:37 +0000] "GET /d1/640/AUTH_50b0ed3b1a764e37a988cc3bfa2bea21/gnocchi.89db057d-3061-4cfa-b95b-75f064a435a4" 200 2 "GET http://172.18.0.2:8080/v1/AUTH_50b0ed3b1a764e37a988cc3bfa2bea21/gnocchi.89db057d-3061-4cfa-b95b-75f064a435a4?format=json&states=listing" "txff1fb92aab55490282d01-0068e8b839" "proxy-server 20" 0.0041 "-" 17 0
Oct 10 07:39:37 standalone proxy-server[131732]: 172.18.0.2 172.18.0.100 10/Oct/2025/07/39/37 GET /v1/AUTH_50b0ed3b1a764e37a988cc3bfa2bea21/gnocchi.89db057d-3061-4cfa-b95b-75f064a435a4%3Fformat%3Djson%26states%3Dlisting HTTP/1.0 200 - python-swiftclient-3.11.1 gAAAAABo6Lf0eRjD... - 2 - txff1fb92aab55490282d01-0068e8b839 - 0.0230 - - 1760081977.438972950 1760081977.461978436 0
Oct 10 07:39:37 standalone object-server[129796]: 172.20.0.100 - - [10/Oct/2025:07:39:37 +0000] "GET /d1/934/AUTH_50b0ed3b1a764e37a988cc3bfa2bea21/gnocchi.89db057d-3061-4cfa-b95b-75f064a435a4/1759320000.0_mean_300.0_v3" 404 70 "GET http://172.18.0.2:8080/v1/AUTH_50b0ed3b1a764e37a988cc3bfa2bea21/gnocchi.89db057d-3061-4cfa-b95b-75f064a435a4/1759320000.0_mean_300.0_v3" "tx19dcc29e96e8414680787-0068e8b839" "proxy-server 20" 0.0004 "-" 23 0
Oct 10 07:39:37 standalone proxy-server[131732]: 172.18.0.2 172.18.0.100 10/Oct/2025/07/39/37 GET /v1/AUTH_50b0ed3b1a764e37a988cc3bfa2bea21/gnocchi.89db057d-3061-4cfa-b95b-75f064a435a4/1759320000.0_mean_300.0_v3 HTTP/1.0 404 - python-swiftclient-3.11.1 gAAAAABo6Lf0eRjD... - 70 - tx19dcc29e96e8414680787-0068e8b839 - 0.0082 - - 1760081977.467044115 1760081977.475212812 0
Oct 10 07:39:37 standalone container-server[129621]: 172.20.0.100 - - [10/Oct/2025:07:39:37 +0000] "PUT /d1/640/AUTH_50b0ed3b1a764e37a988cc3bfa2bea21/gnocchi.89db057d-3061-4cfa-b95b-75f064a435a4/1759320000.0_mean_300.0_v3" 201 - "PUT http://172.18.0.2:8080/d1/934/AUTH_50b0ed3b1a764e37a988cc3bfa2bea21/gnocchi.89db057d-3061-4cfa-b95b-75f064a435a4/1759320000.0_mean_300.0_v3" "txfb9ac837aa0f48cca53a3-0068e8b839" "object-server 25" 0.0011 "-" 17 0
Oct 10 07:39:37 standalone object-server[129804]: 172.20.0.100 - - [10/Oct/2025:07:39:37 +0000] "PUT /d1/934/AUTH_50b0ed3b1a764e37a988cc3bfa2bea21/gnocchi.89db057d-3061-4cfa-b95b-75f064a435a4/1759320000.0_mean_300.0_v3" 201 - "PUT http://172.18.0.2:8080/v1/AUTH_50b0ed3b1a764e37a988cc3bfa2bea21/gnocchi.89db057d-3061-4cfa-b95b-75f064a435a4/1759320000.0_mean_300.0_v3" "txfb9ac837aa0f48cca53a3-0068e8b839" "proxy-server 20" 0.0174 "-" 25 0
Oct 10 07:39:37 standalone proxy-server[131732]: 172.18.0.2 172.18.0.100 10/Oct/2025/07/39/37 PUT /v1/AUTH_50b0ed3b1a764e37a988cc3bfa2bea21/gnocchi.89db057d-3061-4cfa-b95b-75f064a435a4/1759320000.0_mean_300.0_v3 HTTP/1.0 201 - python-swiftclient-3.11.1 gAAAAABo6Lf0eRjD... 16 - - txfb9ac837aa0f48cca53a3-0068e8b839 - 0.0280 - - 1760081977.480131388 1760081977.508160353 0
Oct 10 07:39:37 standalone container-server[129606]: 172.20.0.100 - - [10/Oct/2025:07:39:37 +0000] "PUT /d1/640/AUTH_50b0ed3b1a764e37a988cc3bfa2bea21/gnocchi.89db057d-3061-4cfa-b95b-75f064a435a4/none_v3" 201 - "PUT http://172.18.0.2:8080/d1/676/AUTH_50b0ed3b1a764e37a988cc3bfa2bea21/gnocchi.89db057d-3061-4cfa-b95b-75f064a435a4/none_v3" "tx6d79d303be944aeeb6907-0068e8b839" "object-server 22" 0.0006 "-" 15 0
Oct 10 07:39:37 standalone object-server[129784]: 172.20.0.100 - - [10/Oct/2025:07:39:37 +0000] "PUT /d1/676/AUTH_50b0ed3b1a764e37a988cc3bfa2bea21/gnocchi.89db057d-3061-4cfa-b95b-75f064a435a4/none_v3" 201 - "PUT http://172.18.0.2:8080/v1/AUTH_50b0ed3b1a764e37a988cc3bfa2bea21/gnocchi.89db057d-3061-4cfa-b95b-75f064a435a4/none_v3" "tx6d79d303be944aeeb6907-0068e8b839" "proxy-server 20" 0.0134 "-" 22 0
Oct 10 07:39:37 standalone proxy-server[131732]: 172.18.0.2 172.18.0.100 10/Oct/2025/07/39/37 PUT /v1/AUTH_50b0ed3b1a764e37a988cc3bfa2bea21/gnocchi.89db057d-3061-4cfa-b95b-75f064a435a4/none_v3 HTTP/1.0 201 - python-swiftclient-3.11.1 gAAAAABo6Lf0eRjD... 22 - - tx6d79d303be944aeeb6907-0068e8b839 - 0.0209 - - 1760081977.512969017 1760081977.533861399 0
Oct 10 07:39:37 standalone container-server[129621]: 172.20.0.100 - - [10/Oct/2025:07:39:37 +0000] "HEAD /d1/509/AUTH_50b0ed3b1a764e37a988cc3bfa2bea21/gnocchi.db68c6ab-82a4-47a6-a369-dfb12845814a" 404 - "HEAD http://172.18.0.2:8080/v1/AUTH_50b0ed3b1a764e37a988cc3bfa2bea21/gnocchi.db68c6ab-82a4-47a6-a369-dfb12845814a?format=json&states=listing" "tx1c6b62c973d2444ca7a96-0068e8b839" "proxy-server 20" 0.0006 "-" 17 0
Oct 10 07:39:37 standalone object-server[129784]: 172.20.0.100 - - [10/Oct/2025:07:39:37 +0000] "GET /d1/553/AUTH_50b0ed3b1a764e37a988cc3bfa2bea21/gnocchi.db68c6ab-82a4-47a6-a369-dfb12845814a/none_v3" 404 70 "GET http://172.18.0.2:8080/v1/AUTH_50b0ed3b1a764e37a988cc3bfa2bea21/gnocchi.db68c6ab-82a4-47a6-a369-dfb12845814a/none_v3" "tx1c6b62c973d2444ca7a96-0068e8b839" "proxy-server 20" 0.0003 "-" 22 0
Oct 10 07:39:37 standalone proxy-server[131732]: 172.18.0.2 172.18.0.100 10/Oct/2025/07/39/37 GET /v1/AUTH_50b0ed3b1a764e37a988cc3bfa2bea21/gnocchi.db68c6ab-82a4-47a6-a369-dfb12845814a/none_v3 HTTP/1.0 404 - python-swiftclient-3.11.1 gAAAAABo6Lf0eRjD... - 70 - tx1c6b62c973d2444ca7a96-0068e8b839 - 0.0162 - - 1760081977.555412054 1760081977.571630955 0
Oct 10 07:39:37 standalone account-server[129593]: 172.20.0.100 - - [10/Oct/2025:07:39:37 +0000] "PUT /d1/512/AUTH_50b0ed3b1a764e37a988cc3bfa2bea21/gnocchi.db68c6ab-82a4-47a6-a369-dfb12845814a" 201 - "PUT http://172.20.0.100:6001/d1/509/AUTH_50b0ed3b1a764e37a988cc3bfa2bea21/gnocchi.db68c6ab-82a4-47a6-a369-dfb12845814a" "txe41248fccc72480886bc1-0068e8b839" "container-server 17" 0.0069 "-" 23 0
Oct 10 07:39:37 standalone container-server[129621]: 172.20.0.100 - - [10/Oct/2025:07:39:37 +0000] "PUT /d1/509/AUTH_50b0ed3b1a764e37a988cc3bfa2bea21/gnocchi.db68c6ab-82a4-47a6-a369-dfb12845814a" 201 - "PUT http://172.18.0.2:8080/v1/AUTH_50b0ed3b1a764e37a988cc3bfa2bea21/gnocchi.db68c6ab-82a4-47a6-a369-dfb12845814a" "txe41248fccc72480886bc1-0068e8b839" "proxy-server 20" 0.0245 "-" 17 0
Oct 10 07:39:37 standalone proxy-server[131732]: 172.18.0.2 172.18.0.100 10/Oct/2025/07/39/37 PUT /v1/AUTH_50b0ed3b1a764e37a988cc3bfa2bea21/gnocchi.db68c6ab-82a4-47a6-a369-dfb12845814a HTTP/1.0 201 - python-swiftclient-3.11.1 gAAAAABo6Lf0eRjD... - - - txe41248fccc72480886bc1-0068e8b839 - 0.0367 - - 1760081977.580798864 1760081977.617516041 0
Oct 10 07:39:37 standalone container-server[129606]: 172.20.0.100 - - [10/Oct/2025:07:39:37 +0000] "HEAD /d1/509/AUTH_50b0ed3b1a764e37a988cc3bfa2bea21/gnocchi.db68c6ab-82a4-47a6-a369-dfb12845814a" 204 - "HEAD http://172.18.0.2:8080/v1/AUTH_50b0ed3b1a764e37a988cc3bfa2bea21/gnocchi.db68c6ab-82a4-47a6-a369-dfb12845814a?format=json&states=listing" "txaf0f6f08e1754096bcb0e-0068e8b839" "proxy-server 20" 0.0053 "-" 15 0
Oct 10 07:39:37 standalone proxy-server[131732]: - - 10/Oct/2025/07/39/37 HEAD /v1/AUTH_50b0ed3b1a764e37a988cc3bfa2bea21/gnocchi.db68c6ab-82a4-47a6-a369-dfb12845814a%3Fformat%3Djson%26states%3Dlisting HTTP/1.0 204 - Swift - - - - txaf0f6f08e1754096bcb0e-0068e8b839 - 0.0195 RL - 1760081977.628239155 1760081977.647761822 0
Oct 10 07:39:37 standalone container-server[129621]: 172.20.0.100 - - [10/Oct/2025:07:39:37 +0000] "GET /d1/509/AUTH_50b0ed3b1a764e37a988cc3bfa2bea21/gnocchi.db68c6ab-82a4-47a6-a369-dfb12845814a" 200 2 "GET http://172.18.0.2:8080/v1/AUTH_50b0ed3b1a764e37a988cc3bfa2bea21/gnocchi.db68c6ab-82a4-47a6-a369-dfb12845814a?format=json&states=listing" "txaf0f6f08e1754096bcb0e-0068e8b839" "proxy-server 20" 0.0042 "-" 17 0
Oct 10 07:39:37 standalone proxy-server[131732]: 172.18.0.2 172.18.0.100 10/Oct/2025/07/39/37 GET /v1/AUTH_50b0ed3b1a764e37a988cc3bfa2bea21/gnocchi.db68c6ab-82a4-47a6-a369-dfb12845814a%3Fformat%3Djson%26states%3Dlisting HTTP/1.0 200 - python-swiftclient-3.11.1 gAAAAABo6Lf0eRjD... - 2 - txaf0f6f08e1754096bcb0e-0068e8b839 - 0.0405 - - 1760081977.625681877 1760081977.666192055 0
Oct 10 07:39:37 standalone object-server[129796]: 172.20.0.100 - - [10/Oct/2025:07:39:37 +0000] "GET /d1/626/AUTH_50b0ed3b1a764e37a988cc3bfa2bea21/gnocchi.db68c6ab-82a4-47a6-a369-dfb12845814a/1759320000.0_mean_300.0_v3" 404 70 "GET http://172.18.0.2:8080/v1/AUTH_50b0ed3b1a764e37a988cc3bfa2bea21/gnocchi.db68c6ab-82a4-47a6-a369-dfb12845814a/1759320000.0_mean_300.0_v3" "tx2c6159a675b345fe96c5c-0068e8b839" "proxy-server 20" 0.0003 "-" 23 0
Oct 10 07:39:37 standalone proxy-server[131732]: 172.18.0.2 172.18.0.100 10/Oct/2025/07/39/37 GET /v1/AUTH_50b0ed3b1a764e37a988cc3bfa2bea21/gnocchi.db68c6ab-82a4-47a6-a369-dfb12845814a/1759320000.0_mean_300.0_v3 HTTP/1.0 404 - python-swiftclient-3.11.1 gAAAAABo6Lf0eRjD... - 70 - tx2c6159a675b345fe96c5c-0068e8b839 - 0.0072 - - 1760081977.672593832 1760081977.679826498 0
Oct 10 07:39:37 standalone container-server[129614]: 172.20.0.100 - - [10/Oct/2025:07:39:37 +0000] "PUT /d1/509/AUTH_50b0ed3b1a764e37a988cc3bfa2bea21/gnocchi.db68c6ab-82a4-47a6-a369-dfb12845814a/1759320000.0_mean_300.0_v3" 201 - "PUT http://172.18.0.2:8080/d1/626/AUTH_50b0ed3b1a764e37a988cc3bfa2bea21/gnocchi.db68c6ab-82a4-47a6-a369-dfb12845814a/1759320000.0_mean_300.0_v3" "tx9f9401cf316e474f9fc6e-0068e8b839" "object-server 23" 0.0005 "-" 16 0
Oct 10 07:39:37 standalone object-server[129796]: 172.20.0.100 - - [10/Oct/2025:07:39:37 +0000] "PUT /d1/626/AUTH_50b0ed3b1a764e37a988cc3bfa2bea21/gnocchi.db68c6ab-82a4-47a6-a369-dfb12845814a/1759320000.0_mean_300.0_v3" 201 - "PUT http://172.18.0.2:8080/v1/AUTH_50b0ed3b1a764e37a988cc3bfa2bea21/gnocchi.db68c6ab-82a4-47a6-a369-dfb12845814a/1759320000.0_mean_300.0_v3" "tx9f9401cf316e474f9fc6e-0068e8b839" "proxy-server 20" 0.0119 "-" 23 0
Oct 10 07:39:37 standalone proxy-server[131732]: 172.18.0.2 172.18.0.100 10/Oct/2025/07/39/37 PUT /v1/AUTH_50b0ed3b1a764e37a988cc3bfa2bea21/gnocchi.db68c6ab-82a4-47a6-a369-dfb12845814a/1759320000.0_mean_300.0_v3 HTTP/1.0 201 - python-swiftclient-3.11.1 gAAAAABo6Lf0eRjD... 16 - - tx9f9401cf316e474f9fc6e-0068e8b839 - 0.0211 - - 1760081977.684582710 1760081977.705656528 0
Oct 10 07:39:37 standalone container-server[129605]: 172.20.0.100 - - [10/Oct/2025:07:39:37 +0000] "PUT /d1/509/AUTH_50b0ed3b1a764e37a988cc3bfa2bea21/gnocchi.db68c6ab-82a4-47a6-a369-dfb12845814a/none_v3" 201 - "PUT http://172.18.0.2:8080/d1/553/AUTH_50b0ed3b1a764e37a988cc3bfa2bea21/gnocchi.db68c6ab-82a4-47a6-a369-dfb12845814a/none_v3" "tx615da893da4f4d8680b7e-0068e8b839" "object-server 22" 0.0005 "-" 14 0
Oct 10 07:39:37 standalone object-server[129784]: 172.20.0.100 - - [10/Oct/2025:07:39:37 +0000] "PUT /d1/553/AUTH_50b0ed3b1a764e37a988cc3bfa2bea21/gnocchi.db68c6ab-82a4-47a6-a369-dfb12845814a/none_v3" 201 - "PUT http://172.18.0.2:8080/v1/AUTH_50b0ed3b1a764e37a988cc3bfa2bea21/gnocchi.db68c6ab-82a4-47a6-a369-dfb12845814a/none_v3" "tx615da893da4f4d8680b7e-0068e8b839" "proxy-server 20" 0.0134 "-" 22 0
Oct 10 07:39:37 standalone proxy-server[131732]: 172.18.0.2 172.18.0.100 10/Oct/2025/07/39/37 PUT /v1/AUTH_50b0ed3b1a764e37a988cc3bfa2bea21/gnocchi.db68c6ab-82a4-47a6-a369-dfb12845814a/none_v3 HTTP/1.0 201 - python-swiftclient-3.11.1 gAAAAABo6Lf0eRjD... 22 - - tx615da893da4f4d8680b7e-0068e8b839 - 0.0234 - - 1760081977.711732388 1760081977.735171795 0
Oct 10 07:39:37 standalone container-server[129614]: 172.20.0.100 - - [10/Oct/2025:07:39:37 +0000] "HEAD /d1/374/AUTH_50b0ed3b1a764e37a988cc3bfa2bea21/gnocchi.7e2ffe76-0b05-4cd1-93f6-c8e4c1f5058b" 404 - "HEAD http://172.18.0.2:8080/v1/AUTH_50b0ed3b1a764e37a988cc3bfa2bea21/gnocchi.7e2ffe76-0b05-4cd1-93f6-c8e4c1f5058b?format=json&states=listing" "tx9940f34ad3894760bcd4b-0068e8b839" "proxy-server 20" 0.0003 "-" 16 0
Oct 10 07:39:37 standalone object-server[129804]: 172.20.0.100 - - [10/Oct/2025:07:39:37 +0000] "GET /d1/751/AUTH_50b0ed3b1a764e37a988cc3bfa2bea21/gnocchi.7e2ffe76-0b05-4cd1-93f6-c8e4c1f5058b/none_v3" 404 70 "GET http://172.18.0.2:8080/v1/AUTH_50b0ed3b1a764e37a988cc3bfa2bea21/gnocchi.7e2ffe76-0b05-4cd1-93f6-c8e4c1f5058b/none_v3" "tx9940f34ad3894760bcd4b-0068e8b839" "proxy-server 20" 0.0009 "-" 25 0
Oct 10 07:39:37 standalone proxy-server[131732]: 172.18.0.2 172.18.0.100 10/Oct/2025/07/39/37 GET /v1/AUTH_50b0ed3b1a764e37a988cc3bfa2bea21/gnocchi.7e2ffe76-0b05-4cd1-93f6-c8e4c1f5058b/none_v3 HTTP/1.0 404 - python-swiftclient-3.11.1 gAAAAABo6Lf0eRjD... - 70 - tx9940f34ad3894760bcd4b-0068e8b839 - 0.0370 - - 1760081977.749114275 1760081977.786098957 0
Oct 10 07:39:37 standalone account-server[129593]: 172.20.0.100 - - [10/Oct/2025:07:39:37 +0000] "PUT /d1/512/AUTH_50b0ed3b1a764e37a988cc3bfa2bea21/gnocchi.7e2ffe76-0b05-4cd1-93f6-c8e4c1f5058b" 201 - "PUT http://172.20.0.100:6001/d1/374/AUTH_50b0ed3b1a764e37a988cc3bfa2bea21/gnocchi.7e2ffe76-0b05-4cd1-93f6-c8e4c1f5058b" "tx20b83aa60287471fa3c2c-0068e8b839" "container-server 15" 0.0087 "-" 23 0
Oct 10 07:39:37 standalone container-server[129606]: 172.20.0.100 - - [10/Oct/2025:07:39:37 +0000] "PUT /d1/374/AUTH_50b0ed3b1a764e37a988cc3bfa2bea21/gnocchi.7e2ffe76-0b05-4cd1-93f6-c8e4c1f5058b" 201 - "PUT http://172.18.0.2:8080/v1/AUTH_50b0ed3b1a764e37a988cc3bfa2bea21/gnocchi.7e2ffe76-0b05-4cd1-93f6-c8e4c1f5058b" "tx20b83aa60287471fa3c2c-0068e8b839" "proxy-server 20" 0.0301 "-" 15 0
Oct 10 07:39:37 standalone proxy-server[131732]: 172.18.0.2 172.18.0.100 10/Oct/2025/07/39/37 PUT /v1/AUTH_50b0ed3b1a764e37a988cc3bfa2bea21/gnocchi.7e2ffe76-0b05-4cd1-93f6-c8e4c1f5058b HTTP/1.0 201 - python-swiftclient-3.11.1 gAAAAABo6Lf0eRjD... - - - tx20b83aa60287471fa3c2c-0068e8b839 - 0.0427 - - 1760081977.791949987 1760081977.834625721 0
Oct 10 07:39:37 standalone container-server[129606]: 172.20.0.100 - - [10/Oct/2025:07:39:37 +0000] "HEAD /d1/374/AUTH_50b0ed3b1a764e37a988cc3bfa2bea21/gnocchi.7e2ffe76-0b05-4cd1-93f6-c8e4c1f5058b" 204 - "HEAD http://172.18.0.2:8080/v1/AUTH_50b0ed3b1a764e37a988cc3bfa2bea21/gnocchi.7e2ffe76-0b05-4cd1-93f6-c8e4c1f5058b?format=json&states=listing" "txb0985afed9ef439bad8a2-0068e8b839" "proxy-server 20" 0.0020 "-" 15 0
Oct 10 07:39:37 standalone proxy-server[131732]: - - 10/Oct/2025/07/39/37 HEAD /v1/AUTH_50b0ed3b1a764e37a988cc3bfa2bea21/gnocchi.7e2ffe76-0b05-4cd1-93f6-c8e4c1f5058b%3Fformat%3Djson%26states%3Dlisting HTTP/1.0 204 - Swift - - - - txb0985afed9ef439bad8a2-0068e8b839 - 0.0073 RL - 1760081977.841369390 1760081977.848642349 0
Oct 10 07:39:37 standalone container-server[129614]: 172.20.0.100 - - [10/Oct/2025:07:39:37 +0000] "GET /d1/374/AUTH_50b0ed3b1a764e37a988cc3bfa2bea21/gnocchi.7e2ffe76-0b05-4cd1-93f6-c8e4c1f5058b" 200 2 "GET http://172.18.0.2:8080/v1/AUTH_50b0ed3b1a764e37a988cc3bfa2bea21/gnocchi.7e2ffe76-0b05-4cd1-93f6-c8e4c1f5058b?format=json&states=listing" "txb0985afed9ef439bad8a2-0068e8b839" "proxy-server 20" 0.0023 "-" 16 0
Oct 10 07:39:37 standalone proxy-server[131732]: 172.18.0.2 172.18.0.100 10/Oct/2025/07/39/37 GET /v1/AUTH_50b0ed3b1a764e37a988cc3bfa2bea21/gnocchi.7e2ffe76-0b05-4cd1-93f6-c8e4c1f5058b%3Fformat%3Djson%26states%3Dlisting HTTP/1.0 200 - python-swiftclient-3.11.1 gAAAAABo6Lf0eRjD... - 2 - txb0985afed9ef439bad8a2-0068e8b839 - 0.0202 - - 1760081977.839376688 1760081977.859580994 0
Oct 10 07:39:37 standalone object-server[129804]: 172.20.0.100 - - [10/Oct/2025:07:39:37 +0000] "GET /d1/922/AUTH_50b0ed3b1a764e37a988cc3bfa2bea21/gnocchi.7e2ffe76-0b05-4cd1-93f6-c8e4c1f5058b/1759320000.0_mean_300.0_v3" 404 70 "GET http://172.18.0.2:8080/v1/AUTH_50b0ed3b1a764e37a988cc3bfa2bea21/gnocchi.7e2ffe76-0b05-4cd1-93f6-c8e4c1f5058b/1759320000.0_mean_300.0_v3" "txd33d5b55cabf4c95801e0-0068e8b839" "proxy-server 20" 0.0005 "-" 25 0
Oct 10 07:39:37 standalone proxy-server[131732]: 172.18.0.2 172.18.0.100 10/Oct/2025/07/39/37 GET /v1/AUTH_50b0ed3b1a764e37a988cc3bfa2bea21/gnocchi.7e2ffe76-0b05-4cd1-93f6-c8e4c1f5058b/1759320000.0_mean_300.0_v3 HTTP/1.0 404 - python-swiftclient-3.11.1 gAAAAABo6Lf0eRjD... - 70 - txd33d5b55cabf4c95801e0-0068e8b839 - 0.0129 - - 1760081977.865754843 1760081977.878658295 0
Oct 10 07:39:37 standalone container-server[129606]: 172.20.0.100 - - [10/Oct/2025:07:39:37 +0000] "PUT /d1/374/AUTH_50b0ed3b1a764e37a988cc3bfa2bea21/gnocchi.7e2ffe76-0b05-4cd1-93f6-c8e4c1f5058b/1759320000.0_mean_300.0_v3" 201 - "PUT http://172.18.0.2:8080/d1/922/AUTH_50b0ed3b1a764e37a988cc3bfa2bea21/gnocchi.7e2ffe76-0b05-4cd1-93f6-c8e4c1f5058b/1759320000.0_mean_300.0_v3" "tx740e7a7ce8574a2fb6a72-0068e8b839" "object-server 23" 0.0084 "-" 15 0
Oct 10 07:39:37 standalone object-server[129796]: 172.20.0.100 - - [10/Oct/2025:07:39:37 +0000] "PUT /d1/922/AUTH_50b0ed3b1a764e37a988cc3bfa2bea21/gnocchi.7e2ffe76-0b05-4cd1-93f6-c8e4c1f5058b/1759320000.0_mean_300.0_v3" 201 - "PUT http://172.18.0.2:8080/v1/AUTH_50b0ed3b1a764e37a988cc3bfa2bea21/gnocchi.7e2ffe76-0b05-4cd1-93f6-c8e4c1f5058b/1759320000.0_mean_300.0_v3" "tx740e7a7ce8574a2fb6a72-0068e8b839" "proxy-server 20" 0.0199 "-" 23 0
Oct 10 07:39:37 standalone proxy-server[131732]: 172.18.0.2 172.18.0.100 10/Oct/2025/07/39/37 PUT /v1/AUTH_50b0ed3b1a764e37a988cc3bfa2bea21/gnocchi.7e2ffe76-0b05-4cd1-93f6-c8e4c1f5058b/1759320000.0_mean_300.0_v3 HTTP/1.0 201 - python-swiftclient-3.11.1 gAAAAABo6Lf0eRjD... 16 - - tx740e7a7ce8574a2fb6a72-0068e8b839 - 0.0427 - - 1760081977.883170366 1760081977.925910950 0
Oct 10 07:39:37 standalone container-server[129606]: 172.20.0.100 - - [10/Oct/2025:07:39:37 +0000] "PUT /d1/374/AUTH_50b0ed3b1a764e37a988cc3bfa2bea21/gnocchi.7e2ffe76-0b05-4cd1-93f6-c8e4c1f5058b/none_v3" 201 - "PUT http://172.18.0.2:8080/d1/751/AUTH_50b0ed3b1a764e37a988cc3bfa2bea21/gnocchi.7e2ffe76-0b05-4cd1-93f6-c8e4c1f5058b/none_v3" "tx53272a85c8684df0985d9-0068e8b839" "object-server 25" 0.0006 "-" 15 0
Oct 10 07:39:37 standalone object-server[129804]: 172.20.0.100 - - [10/Oct/2025:07:39:37 +0000] "PUT /d1/751/AUTH_50b0ed3b1a764e37a988cc3bfa2bea21/gnocchi.7e2ffe76-0b05-4cd1-93f6-c8e4c1f5058b/none_v3" 201 - "PUT http://172.18.0.2:8080/v1/AUTH_50b0ed3b1a764e37a988cc3bfa2bea21/gnocchi.7e2ffe76-0b05-4cd1-93f6-c8e4c1f5058b/none_v3" "tx53272a85c8684df0985d9-0068e8b839" "proxy-server 20" 0.0158 "-" 25 0
Oct 10 07:39:37 standalone proxy-server[131732]: 172.18.0.2 172.18.0.100 10/Oct/2025/07/39/37 PUT /v1/AUTH_50b0ed3b1a764e37a988cc3bfa2bea21/gnocchi.7e2ffe76-0b05-4cd1-93f6-c8e4c1f5058b/none_v3 HTTP/1.0 201 - python-swiftclient-3.11.1 gAAAAABo6Lf0eRjD... 22 - - tx53272a85c8684df0985d9-0068e8b839 - 0.0367 - - 1760081977.933287621 1760081977.970036745 0
Oct 10 07:39:46 standalone object-server[129627]: Begin object update sweep
Oct 10 07:39:47 standalone object-server[231419]: Object update sweep starting on /srv/node/d1 (pid: 14)
Oct 10 07:39:47 standalone object-server[231419]: Object update sweep completed on /srv/node/d1 in 0.00s seconds:, 0 successes, 0 failures, 0 quarantines, 0 unlinks, 0 errors, 0 redirects (pid: 14)
Oct 10 07:39:47 standalone object-server[231419]: Object update sweep of d1 completed: 0.00s, 0 successes, 0 failures, 0 quarantines, 0 unlinks, 0 errors, 0 redirects
Oct 10 07:39:47 standalone object-server[129627]: Object update sweep completed: 0.10s
Oct 10 07:40:03 standalone container-server[129621]: 172.20.0.100 - - [10/Oct/2025:07:40:03 +0000] "HEAD /d1/956/AUTH_50b0ed3b1a764e37a988cc3bfa2bea21/gnocchi.afe3e6ef-9e02-468f-b22e-de3208ec7295" 404 - "HEAD http://172.18.0.2:8080/v1/AUTH_50b0ed3b1a764e37a988cc3bfa2bea21/gnocchi.afe3e6ef-9e02-468f-b22e-de3208ec7295?format=json&states=listing" "tx80ef0f2be53b47aea437b-0068e8b853" "proxy-server 20" 0.0007 "-" 17 0
Oct 10 07:40:03 standalone object-server[129801]: 172.20.0.100 - - [10/Oct/2025:07:40:03 +0000] "GET /d1/982/AUTH_50b0ed3b1a764e37a988cc3bfa2bea21/gnocchi.afe3e6ef-9e02-468f-b22e-de3208ec7295/none_v3" 404 70 "GET http://172.18.0.2:8080/v1/AUTH_50b0ed3b1a764e37a988cc3bfa2bea21/gnocchi.afe3e6ef-9e02-468f-b22e-de3208ec7295/none_v3" "tx80ef0f2be53b47aea437b-0068e8b853" "proxy-server 20" 0.0009 "-" 24 0
Oct 10 07:40:03 standalone proxy-server[131732]: 172.18.0.2 172.18.0.100 10/Oct/2025/07/40/03 GET /v1/AUTH_50b0ed3b1a764e37a988cc3bfa2bea21/gnocchi.afe3e6ef-9e02-468f-b22e-de3208ec7295/none_v3 HTTP/1.0 404 - python-swiftclient-3.11.1 gAAAAABo6Lf0eRjD... - 70 - tx80ef0f2be53b47aea437b-0068e8b853 - 0.0191 - - 1760082003.250416279 1760082003.269504070 0
Oct 10 07:40:03 standalone account-server[129591]: 172.20.0.100 - - [10/Oct/2025:07:40:03 +0000] "PUT /d1/512/AUTH_50b0ed3b1a764e37a988cc3bfa2bea21/gnocchi.afe3e6ef-9e02-468f-b22e-de3208ec7295" 201 - "PUT http://172.20.0.100:6001/d1/956/AUTH_50b0ed3b1a764e37a988cc3bfa2bea21/gnocchi.afe3e6ef-9e02-468f-b22e-de3208ec7295" "tx94f7cdab3cb949dda33e6-0068e8b853" "container-server 17" 0.0139 "-" 22 0
Oct 10 07:40:03 standalone container-server[129621]: 172.20.0.100 - - [10/Oct/2025:07:40:03 +0000] "PUT /d1/956/AUTH_50b0ed3b1a764e37a988cc3bfa2bea21/gnocchi.afe3e6ef-9e02-468f-b22e-de3208ec7295" 201 - "PUT http://172.18.0.2:8080/v1/AUTH_50b0ed3b1a764e37a988cc3bfa2bea21/gnocchi.afe3e6ef-9e02-468f-b22e-de3208ec7295" "tx94f7cdab3cb949dda33e6-0068e8b853" "proxy-server 20" 0.0295 "-" 17 0
Oct 10 07:40:03 standalone proxy-server[131732]: 172.18.0.2 172.18.0.100 10/Oct/2025/07/40/03 PUT /v1/AUTH_50b0ed3b1a764e37a988cc3bfa2bea21/gnocchi.afe3e6ef-9e02-468f-b22e-de3208ec7295 HTTP/1.0 201 - python-swiftclient-3.11.1 gAAAAABo6Lf0eRjD... - - - tx94f7cdab3cb949dda33e6-0068e8b853 - 0.0378 - - 1760082003.275562286 1760082003.313357830 0
Oct 10 07:40:03 standalone container-server[129605]: 172.20.0.100 - - [10/Oct/2025:07:40:03 +0000] "HEAD /d1/956/AUTH_50b0ed3b1a764e37a988cc3bfa2bea21/gnocchi.afe3e6ef-9e02-468f-b22e-de3208ec7295" 204 - "HEAD http://172.18.0.2:8080/v1/AUTH_50b0ed3b1a764e37a988cc3bfa2bea21/gnocchi.afe3e6ef-9e02-468f-b22e-de3208ec7295?format=json&states=listing" "txd57882289c3f49debb970-0068e8b853" "proxy-server 20" 0.0024 "-" 14 0
Oct 10 07:40:03 standalone proxy-server[131732]: - - 10/Oct/2025/07/40/03 HEAD /v1/AUTH_50b0ed3b1a764e37a988cc3bfa2bea21/gnocchi.afe3e6ef-9e02-468f-b22e-de3208ec7295%3Fformat%3Djson%26states%3Dlisting HTTP/1.0 204 - Swift - - - - txd57882289c3f49debb970-0068e8b853 - 0.0085 RL - 1760082003.320680380 1760082003.329175711 0
Oct 10 07:40:03 standalone container-server[129614]: 172.20.0.100 - - [10/Oct/2025:07:40:03 +0000] "GET /d1/956/AUTH_50b0ed3b1a764e37a988cc3bfa2bea21/gnocchi.afe3e6ef-9e02-468f-b22e-de3208ec7295" 200 2 "GET http://172.18.0.2:8080/v1/AUTH_50b0ed3b1a764e37a988cc3bfa2bea21/gnocchi.afe3e6ef-9e02-468f-b22e-de3208ec7295?format=json&states=listing" "txd57882289c3f49debb970-0068e8b853" "proxy-server 20" 0.0038 "-" 16 0
Oct 10 07:40:03 standalone proxy-server[131732]: 172.18.0.2 172.18.0.100 10/Oct/2025/07/40/03 GET /v1/AUTH_50b0ed3b1a764e37a988cc3bfa2bea21/gnocchi.afe3e6ef-9e02-468f-b22e-de3208ec7295%3Fformat%3Djson%26states%3Dlisting HTTP/1.0 200 - python-swiftclient-3.11.1 gAAAAABo6Lf0eRjD... - 2 - txd57882289c3f49debb970-0068e8b853 - 0.0257 - - 1760082003.318941116 1760082003.344677448 0
Oct 10 07:40:03 standalone object-server[129804]: 172.20.0.100 - - [10/Oct/2025:07:40:03 +0000] "GET /d1/750/AUTH_50b0ed3b1a764e37a988cc3bfa2bea21/gnocchi.afe3e6ef-9e02-468f-b22e-de3208ec7295/1759320000.0_mean_300.0_v3" 404 70 "GET http://172.18.0.2:8080/v1/AUTH_50b0ed3b1a764e37a988cc3bfa2bea21/gnocchi.afe3e6ef-9e02-468f-b22e-de3208ec7295/1759320000.0_mean_300.0_v3" "tx0fd7574aefdb4af4bd079-0068e8b853" "proxy-server 20" 0.0005 "-" 25 0
Oct 10 07:40:03 standalone proxy-server[131732]: 172.18.0.2 172.18.0.100 10/Oct/2025/07/40/03 GET /v1/AUTH_50b0ed3b1a764e37a988cc3bfa2bea21/gnocchi.afe3e6ef-9e02-468f-b22e-de3208ec7295/1759320000.0_mean_300.0_v3 HTTP/1.0 404 - python-swiftclient-3.11.1 gAAAAABo6Lf0eRjD... - 70 - tx0fd7574aefdb4af4bd079-0068e8b853 - 0.0097 - - 1760082003.351641655 1760082003.361384392 0
Oct 10 07:40:03 standalone container-server[129606]: 172.20.0.100 - - [10/Oct/2025:07:40:03 +0000] "PUT /d1/956/AUTH_50b0ed3b1a764e37a988cc3bfa2bea21/gnocchi.afe3e6ef-9e02-468f-b22e-de3208ec7295/1759320000.0_mean_300.0_v3" 201 - "PUT http://172.18.0.2:8080/d1/750/AUTH_50b0ed3b1a764e37a988cc3bfa2bea21/gnocchi.afe3e6ef-9e02-468f-b22e-de3208ec7295/1759320000.0_mean_300.0_v3" "tx342c47e605ac40799cb99-0068e8b853" "object-server 25" 0.0012 "-" 15 0
Oct 10 07:40:03 standalone object-server[129804]: 172.20.0.100 - - [10/Oct/2025:07:40:03 +0000] "PUT /d1/750/AUTH_50b0ed3b1a764e37a988cc3bfa2bea21/gnocchi.afe3e6ef-9e02-468f-b22e-de3208ec7295/1759320000.0_mean_300.0_v3" 201 - "PUT http://172.18.0.2:8080/v1/AUTH_50b0ed3b1a764e37a988cc3bfa2bea21/gnocchi.afe3e6ef-9e02-468f-b22e-de3208ec7295/1759320000.0_mean_300.0_v3" "tx342c47e605ac40799cb99-0068e8b853" "proxy-server 20" 0.0172 "-" 25 0
Oct 10 07:40:03 standalone proxy-server[131732]: 172.18.0.2 172.18.0.100 10/Oct/2025/07/40/03 PUT /v1/AUTH_50b0ed3b1a764e37a988cc3bfa2bea21/gnocchi.afe3e6ef-9e02-468f-b22e-de3208ec7295/1759320000.0_mean_300.0_v3 HTTP/1.0 201 - python-swiftclient-3.11.1 gAAAAABo6Lf0eRjD... 16 - - tx342c47e605ac40799cb99-0068e8b853 - 0.0256 - - 1760082003.366388321 1760082003.391961098 0
Oct 10 07:40:03 standalone container-server[129605]: 172.20.0.100 - - [10/Oct/2025:07:40:03 +0000] "PUT /d1/956/AUTH_50b0ed3b1a764e37a988cc3bfa2bea21/gnocchi.afe3e6ef-9e02-468f-b22e-de3208ec7295/none_v3" 201 - "PUT http://172.18.0.2:8080/d1/982/AUTH_50b0ed3b1a764e37a988cc3bfa2bea21/gnocchi.afe3e6ef-9e02-468f-b22e-de3208ec7295/none_v3" "txf88b697f53824dc59407b-0068e8b853" "object-server 22" 0.0005 "-" 14 0
Oct 10 07:40:03 standalone object-server[129784]: 172.20.0.100 - - [10/Oct/2025:07:40:03 +0000] "PUT /d1/982/AUTH_50b0ed3b1a764e37a988cc3bfa2bea21/gnocchi.afe3e6ef-9e02-468f-b22e-de3208ec7295/none_v3" 201 - "PUT http://172.18.0.2:8080/v1/AUTH_50b0ed3b1a764e37a988cc3bfa2bea21/gnocchi.afe3e6ef-9e02-468f-b22e-de3208ec7295/none_v3" "txf88b697f53824dc59407b-0068e8b853" "proxy-server 20" 0.0164 "-" 22 0
Oct 10 07:40:03 standalone proxy-server[131732]: 172.18.0.2 172.18.0.100 10/Oct/2025/07/40/03 PUT /v1/AUTH_50b0ed3b1a764e37a988cc3bfa2bea21/gnocchi.afe3e6ef-9e02-468f-b22e-de3208ec7295/none_v3 HTTP/1.0 201 - python-swiftclient-3.11.1 gAAAAABo6Lf0eRjD... 22 - - txf88b697f53824dc59407b-0068e8b853 - 0.0225 - - 1760082003.395078897 1760082003.417570829 0
Oct 10 07:40:03 standalone object-server[129796]: 172.20.0.100 - - [10/Oct/2025:07:40:03 +0000] "GET /d1/338/AUTH_50b0ed3b1a764e37a988cc3bfa2bea21/gnocchi.b9767ad7-2989-4806-ac6e-1334759ce2f8/none_v3" 200 22 "GET http://172.18.0.2:8080/v1/AUTH_50b0ed3b1a764e37a988cc3bfa2bea21/gnocchi.b9767ad7-2989-4806-ac6e-1334759ce2f8/none_v3" "txc73317d0674d45c7813d1-0068e8b853" "proxy-server 20" 0.0009 "-" 23 0
Oct 10 07:40:03 standalone proxy-server[131732]: 172.18.0.2 172.18.0.100 10/Oct/2025/07/40/03 GET /v1/AUTH_50b0ed3b1a764e37a988cc3bfa2bea21/gnocchi.b9767ad7-2989-4806-ac6e-1334759ce2f8/none_v3 HTTP/1.0 200 - python-swiftclient-3.11.1 gAAAAABo6Lf0eRjD... - 22 - txc73317d0674d45c7813d1-0068e8b853 - 0.0072 - - 1760082003.547240734 1760082003.554421902 0
Oct 10 07:40:03 standalone container-server[129614]: 172.20.0.100 - - [10/Oct/2025:07:40:03 +0000] "GET /d1/404/AUTH_50b0ed3b1a764e37a988cc3bfa2bea21/gnocchi.b9767ad7-2989-4806-ac6e-1334759ce2f8" 200 357 "GET http://172.18.0.2:8080/v1/AUTH_50b0ed3b1a764e37a988cc3bfa2bea21/gnocchi.b9767ad7-2989-4806-ac6e-1334759ce2f8?format=json&states=listing" "tx60f1486969e64cf980b9f-0068e8b853" "proxy-server 20" 0.0187 "-" 16 0
Oct 10 07:40:03 standalone proxy-server[131732]: 172.18.0.2 172.18.0.100 10/Oct/2025/07/40/03 GET /v1/AUTH_50b0ed3b1a764e37a988cc3bfa2bea21/gnocchi.b9767ad7-2989-4806-ac6e-1334759ce2f8%3Fformat%3Djson%26states%3Dlisting HTTP/1.0 200 - python-swiftclient-3.11.1 gAAAAABo6Lf0eRjD... - 357 - tx60f1486969e64cf980b9f-0068e8b853 - 0.0251 - - 1760082003.557214737 1760082003.582324743 0
Oct 10 07:40:03 standalone container-server[129606]: 172.20.0.100 - - [10/Oct/2025:07:40:03 +0000] "GET /d1/404/AUTH_50b0ed3b1a764e37a988cc3bfa2bea21/gnocchi.b9767ad7-2989-4806-ac6e-1334759ce2f8" 200 2 "GET http://172.18.0.2:8080/v1/AUTH_50b0ed3b1a764e37a988cc3bfa2bea21/gnocchi.b9767ad7-2989-4806-ac6e-1334759ce2f8?format=json&marker=none_v3&states=listing" "tx9c8700160536418f8213a-0068e8b853" "proxy-server 20" 0.0028 "-" 15 0
Oct 10 07:40:03 standalone proxy-server[131732]: 172.18.0.2 172.18.0.100 10/Oct/2025/07/40/03 GET /v1/AUTH_50b0ed3b1a764e37a988cc3bfa2bea21/gnocchi.b9767ad7-2989-4806-ac6e-1334759ce2f8%3Fformat%3Djson%26marker%3Dnone_v3%26states%3Dlisting HTTP/1.0 200 - python-swiftclient-3.11.1 gAAAAABo6Lf0eRjD... - 2 - tx9c8700160536418f8213a-0068e8b853 - 0.0087 - - 1760082003.585316181 1760082003.594033003 0
Oct 10 07:40:03 standalone object-server[129796]: 172.20.0.100 - - [10/Oct/2025:07:40:03 +0000] "GET /d1/470/AUTH_50b0ed3b1a764e37a988cc3bfa2bea21/gnocchi.b9767ad7-2989-4806-ac6e-1334759ce2f8/1759320000.0_mean_300.0_v3" 200 16 "GET http://172.18.0.2:8080/v1/AUTH_50b0ed3b1a764e37a988cc3bfa2bea21/gnocchi.b9767ad7-2989-4806-ac6e-1334759ce2f8/1759320000.0_mean_300.0_v3" "tx4bac99c194594500b0a29-0068e8b853" "proxy-server 20" 0.0006 "-" 23 0
Oct 10 07:40:03 standalone proxy-server[131732]: 172.18.0.2 172.18.0.100 10/Oct/2025/07/40/03 GET /v1/AUTH_50b0ed3b1a764e37a988cc3bfa2bea21/gnocchi.b9767ad7-2989-4806-ac6e-1334759ce2f8/1759320000.0_mean_300.0_v3 HTTP/1.0 200 - python-swiftclient-3.11.1 gAAAAABo6Lf0eRjD... - 16 - tx4bac99c194594500b0a29-0068e8b853 - 0.0056 - - 1760082003.599131346 1760082003.604722261 0
Oct 10 07:40:03 standalone container-server[129605]: 172.20.0.100 - - [10/Oct/2025:07:40:03 +0000] "PUT /d1/404/AUTH_50b0ed3b1a764e37a988cc3bfa2bea21/gnocchi.b9767ad7-2989-4806-ac6e-1334759ce2f8/1759320000.0_mean_300.0_v3" 201 - "PUT http://172.18.0.2:8080/d1/470/AUTH_50b0ed3b1a764e37a988cc3bfa2bea21/gnocchi.b9767ad7-2989-4806-ac6e-1334759ce2f8/1759320000.0_mean_300.0_v3" "tx959b1dc46b514f28836f7-0068e8b853" "object-server 22" 0.0005 "-" 14 0
Oct 10 07:40:03 standalone object-server[129784]: 172.20.0.100 - - [10/Oct/2025:07:40:03 +0000] "PUT /d1/470/AUTH_50b0ed3b1a764e37a988cc3bfa2bea21/gnocchi.b9767ad7-2989-4806-ac6e-1334759ce2f8/1759320000.0_mean_300.0_v3" 201 - "PUT http://172.18.0.2:8080/v1/AUTH_50b0ed3b1a764e37a988cc3bfa2bea21/gnocchi.b9767ad7-2989-4806-ac6e-1334759ce2f8/1759320000.0_mean_300.0_v3" "tx959b1dc46b514f28836f7-0068e8b853" "proxy-server 20" 0.0073 "-" 22 0
Oct 10 07:40:03 standalone proxy-server[131732]: 172.18.0.2 172.18.0.100 10/Oct/2025/07/40/03 PUT /v1/AUTH_50b0ed3b1a764e37a988cc3bfa2bea21/gnocchi.b9767ad7-2989-4806-ac6e-1334759ce2f8/1759320000.0_mean_300.0_v3 HTTP/1.0 201 - python-swiftclient-3.11.1 gAAAAABo6Lf0eRjD... 24 - - tx959b1dc46b514f28836f7-0068e8b853 - 0.0117 - - 1760082003.607461452 1760082003.619183779 0
Oct 10 07:40:03 standalone container-server[129606]: 172.20.0.100 - - [10/Oct/2025:07:40:03 +0000] "PUT /d1/404/AUTH_50b0ed3b1a764e37a988cc3bfa2bea21/gnocchi.b9767ad7-2989-4806-ac6e-1334759ce2f8/none_v3" 201 - "PUT http://172.18.0.2:8080/d1/338/AUTH_50b0ed3b1a764e37a988cc3bfa2bea21/gnocchi.b9767ad7-2989-4806-ac6e-1334759ce2f8/none_v3" "tx6ec9d2eede7e4ba4a022e-0068e8b853" "object-server 22" 0.0005 "-" 15 0
Oct 10 07:40:03 standalone object-server[129784]: 172.20.0.100 - - [10/Oct/2025:07:40:03 +0000] "PUT /d1/338/AUTH_50b0ed3b1a764e37a988cc3bfa2bea21/gnocchi.b9767ad7-2989-4806-ac6e-1334759ce2f8/none_v3" 201 - "PUT http://172.18.0.2:8080/v1/AUTH_50b0ed3b1a764e37a988cc3bfa2bea21/gnocchi.b9767ad7-2989-4806-ac6e-1334759ce2f8/none_v3" "tx6ec9d2eede7e4ba4a022e-0068e8b853" "proxy-server 20" 0.0092 "-" 22 0
Oct 10 07:40:03 standalone proxy-server[131732]: 172.18.0.2 172.18.0.100 10/Oct/2025/07/40/03 PUT /v1/AUTH_50b0ed3b1a764e37a988cc3bfa2bea21/gnocchi.b9767ad7-2989-4806-ac6e-1334759ce2f8/none_v3 HTTP/1.0 201 - python-swiftclient-3.11.1 gAAAAABo6Lf0eRjD... 22 - - tx6ec9d2eede7e4ba4a022e-0068e8b853 - 0.0136 - - 1760082003.621612787 1760082003.635205746 0
Oct 10 07:40:03 standalone object-server[129801]: 172.20.0.100 - - [10/Oct/2025:07:40:03 +0000] "GET /d1/75/AUTH_50b0ed3b1a764e37a988cc3bfa2bea21/gnocchi.7834b506-b41e-48a3-a8d1-0b837424eb84/none_v3" 200 22 "GET http://172.18.0.2:8080/v1/AUTH_50b0ed3b1a764e37a988cc3bfa2bea21/gnocchi.7834b506-b41e-48a3-a8d1-0b837424eb84/none_v3" "tx935bbcb7acc44c3eb48b9-0068e8b853" "proxy-server 20" 0.0007 "-" 24 0
Oct 10 07:40:03 standalone proxy-server[131732]: 172.18.0.2 172.18.0.100 10/Oct/2025/07/40/03 GET /v1/AUTH_50b0ed3b1a764e37a988cc3bfa2bea21/gnocchi.7834b506-b41e-48a3-a8d1-0b837424eb84/none_v3 HTTP/1.0 200 - python-swiftclient-3.11.1 gAAAAABo6Lf0eRjD... - 22 - tx935bbcb7acc44c3eb48b9-0068e8b853 - 0.0059 - - 1760082003.651954174 1760082003.657839298 0
Oct 10 07:40:03 standalone container-server[129605]: 172.20.0.100 - - [10/Oct/2025:07:40:03 +0000] "GET /d1/274/AUTH_50b0ed3b1a764e37a988cc3bfa2bea21/gnocchi.7834b506-b41e-48a3-a8d1-0b837424eb84" 200 357 "GET http://172.18.0.2:8080/v1/AUTH_50b0ed3b1a764e37a988cc3bfa2bea21/gnocchi.7834b506-b41e-48a3-a8d1-0b837424eb84?format=json&states=listing" "txf5a9adb9773f49138d600-0068e8b853" "proxy-server 20" 0.0106 "-" 14 0
Oct 10 07:40:03 standalone proxy-server[131732]: 172.18.0.2 172.18.0.100 10/Oct/2025/07/40/03 GET /v1/AUTH_50b0ed3b1a764e37a988cc3bfa2bea21/gnocchi.7834b506-b41e-48a3-a8d1-0b837424eb84%3Fformat%3Djson%26states%3Dlisting HTTP/1.0 200 - python-swiftclient-3.11.1 gAAAAABo6Lf0eRjD... - 357 - txf5a9adb9773f49138d600-0068e8b853 - 0.0160 - - 1760082003.660677910 1760082003.676651478 0
Oct 10 07:40:03 standalone container-server[129621]: 172.20.0.100 - - [10/Oct/2025:07:40:03 +0000] "GET /d1/274/AUTH_50b0ed3b1a764e37a988cc3bfa2bea21/gnocchi.7834b506-b41e-48a3-a8d1-0b837424eb84" 200 2 "GET http://172.18.0.2:8080/v1/AUTH_50b0ed3b1a764e37a988cc3bfa2bea21/gnocchi.7834b506-b41e-48a3-a8d1-0b837424eb84?format=json&marker=none_v3&states=listing" "tx473f9a81bb994ba5a099c-0068e8b853" "proxy-server 20" 0.0025 "-" 17 0
Oct 10 07:40:03 standalone proxy-server[131732]: 172.18.0.2 172.18.0.100 10/Oct/2025/07/40/03 GET /v1/AUTH_50b0ed3b1a764e37a988cc3bfa2bea21/gnocchi.7834b506-b41e-48a3-a8d1-0b837424eb84%3Fformat%3Djson%26marker%3Dnone_v3%26states%3Dlisting HTTP/1.0 200 - python-swiftclient-3.11.1 gAAAAABo6Lf0eRjD... - 2 - tx473f9a81bb994ba5a099c-0068e8b853 - 0.0495 - - 1760082003.679327488 1760082003.728815317 0
Oct 10 07:40:03 standalone object-server[129784]: 172.20.0.100 - - [10/Oct/2025:07:40:03 +0000] "GET /d1/348/AUTH_50b0ed3b1a764e37a988cc3bfa2bea21/gnocchi.7834b506-b41e-48a3-a8d1-0b837424eb84/1759320000.0_mean_300.0_v3" 200 16 "GET http://172.18.0.2:8080/v1/AUTH_50b0ed3b1a764e37a988cc3bfa2bea21/gnocchi.7834b506-b41e-48a3-a8d1-0b837424eb84/1759320000.0_mean_300.0_v3" "tx1747403132f348039c595-0068e8b853" "proxy-server 20" 0.0008 "-" 22 0
Oct 10 07:40:03 standalone proxy-server[131732]: 172.18.0.2 172.18.0.100 10/Oct/2025/07/40/03 GET /v1/AUTH_50b0ed3b1a764e37a988cc3bfa2bea21/gnocchi.7834b506-b41e-48a3-a8d1-0b837424eb84/1759320000.0_mean_300.0_v3 HTTP/1.0 200 - python-swiftclient-3.11.1 gAAAAABo6Lf0eRjD... - 16 - tx1747403132f348039c595-0068e8b853 - 0.0057 - - 1760082003.731993914 1760082003.737687588 0
Oct 10 07:40:03 standalone container-server[129605]: 172.20.0.100 - - [10/Oct/2025:07:40:03 +0000] "PUT /d1/274/AUTH_50b0ed3b1a764e37a988cc3bfa2bea21/gnocchi.7834b506-b41e-48a3-a8d1-0b837424eb84/1759320000.0_mean_300.0_v3" 201 - "PUT http://172.18.0.2:8080/d1/348/AUTH_50b0ed3b1a764e37a988cc3bfa2bea21/gnocchi.7834b506-b41e-48a3-a8d1-0b837424eb84/1759320000.0_mean_300.0_v3" "tx8d06cbb20e3f4eafb8b62-0068e8b853" "object-server 24" 0.0006 "-" 14 0
Oct 10 07:40:03 standalone object-server[129801]: 172.20.0.100 - - [10/Oct/2025:07:40:03 +0000] "PUT /d1/348/AUTH_50b0ed3b1a764e37a988cc3bfa2bea21/gnocchi.7834b506-b41e-48a3-a8d1-0b837424eb84/1759320000.0_mean_300.0_v3" 201 - "PUT http://172.18.0.2:8080/v1/AUTH_50b0ed3b1a764e37a988cc3bfa2bea21/gnocchi.7834b506-b41e-48a3-a8d1-0b837424eb84/1759320000.0_mean_300.0_v3" "tx8d06cbb20e3f4eafb8b62-0068e8b853" "proxy-server 20" 0.0182 "-" 24 0
Oct 10 07:40:03 standalone proxy-server[131732]: 172.18.0.2 172.18.0.100 10/Oct/2025/07/40/03 PUT /v1/AUTH_50b0ed3b1a764e37a988cc3bfa2bea21/gnocchi.7834b506-b41e-48a3-a8d1-0b837424eb84/1759320000.0_mean_300.0_v3 HTTP/1.0 201 - python-swiftclient-3.11.1 gAAAAABo6Lf0eRjD... 24 - - tx8d06cbb20e3f4eafb8b62-0068e8b853 - 0.0232 - - 1760082003.740216017 1760082003.763385534 0
Oct 10 07:40:03 standalone container-server[129606]: 172.20.0.100 - - [10/Oct/2025:07:40:03 +0000] "PUT /d1/274/AUTH_50b0ed3b1a764e37a988cc3bfa2bea21/gnocchi.7834b506-b41e-48a3-a8d1-0b837424eb84/none_v3" 201 - "PUT http://172.18.0.2:8080/d1/75/AUTH_50b0ed3b1a764e37a988cc3bfa2bea21/gnocchi.7834b506-b41e-48a3-a8d1-0b837424eb84/none_v3" "txca4f80627ec34cec8e70b-0068e8b853" "object-server 25" 0.0005 "-" 15 0
Oct 10 07:40:03 standalone object-server[129804]: 172.20.0.100 - - [10/Oct/2025:07:40:03 +0000] "PUT /d1/75/AUTH_50b0ed3b1a764e37a988cc3bfa2bea21/gnocchi.7834b506-b41e-48a3-a8d1-0b837424eb84/none_v3" 201 - "PUT http://172.18.0.2:8080/v1/AUTH_50b0ed3b1a764e37a988cc3bfa2bea21/gnocchi.7834b506-b41e-48a3-a8d1-0b837424eb84/none_v3" "txca4f80627ec34cec8e70b-0068e8b853" "proxy-server 20" 0.0188 "-" 25 0
Oct 10 07:40:03 standalone proxy-server[131732]: 172.18.0.2 172.18.0.100 10/Oct/2025/07/40/03 PUT /v1/AUTH_50b0ed3b1a764e37a988cc3bfa2bea21/gnocchi.7834b506-b41e-48a3-a8d1-0b837424eb84/none_v3 HTTP/1.0 201 - python-swiftclient-3.11.1 gAAAAABo6Lf0eRjD... 22 - - txca4f80627ec34cec8e70b-0068e8b853 - 0.0237 - - 1760082003.769326448 1760082003.793011427 0
Oct 10 07:40:08 standalone object-server[129801]: 172.20.0.100 - - [10/Oct/2025:07:40:08 +0000] "GET /d1/982/AUTH_50b0ed3b1a764e37a988cc3bfa2bea21/gnocchi.afe3e6ef-9e02-468f-b22e-de3208ec7295/none_v3" 200 22 "GET http://172.18.0.2:8080/v1/AUTH_50b0ed3b1a764e37a988cc3bfa2bea21/gnocchi.afe3e6ef-9e02-468f-b22e-de3208ec7295/none_v3" "tx92510fa7f01b4e4e9be95-0068e8b858" "proxy-server 20" 0.0014 "-" 24 0
Oct 10 07:40:08 standalone proxy-server[131732]: 172.18.0.2 172.18.0.100 10/Oct/2025/07/40/08 GET /v1/AUTH_50b0ed3b1a764e37a988cc3bfa2bea21/gnocchi.afe3e6ef-9e02-468f-b22e-de3208ec7295/none_v3 HTTP/1.0 200 - python-swiftclient-3.11.1 gAAAAABo6Lf0eRjD... - 22 - tx92510fa7f01b4e4e9be95-0068e8b858 - 0.0113 - - 1760082008.409956455 1760082008.421262026 0
Oct 10 07:40:08 standalone container-server[129614]: 172.20.0.100 - - [10/Oct/2025:07:40:08 +0000] "GET /d1/956/AUTH_50b0ed3b1a764e37a988cc3bfa2bea21/gnocchi.afe3e6ef-9e02-468f-b22e-de3208ec7295" 200 357 "GET http://172.18.0.2:8080/v1/AUTH_50b0ed3b1a764e37a988cc3bfa2bea21/gnocchi.afe3e6ef-9e02-468f-b22e-de3208ec7295?format=json&states=listing" "tx0fc69e63cfcd4e1086ae3-0068e8b858" "proxy-server 20" 0.0140 "-" 16 0
Oct 10 07:40:08 standalone proxy-server[131732]: 172.18.0.2 172.18.0.100 10/Oct/2025/07/40/08 GET /v1/AUTH_50b0ed3b1a764e37a988cc3bfa2bea21/gnocchi.afe3e6ef-9e02-468f-b22e-de3208ec7295%3Fformat%3Djson%26states%3Dlisting HTTP/1.0 200 - python-swiftclient-3.11.1 gAAAAABo6Lf0eRjD... - 357 - tx0fc69e63cfcd4e1086ae3-0068e8b858 - 0.0248 - - 1760082008.425952673 1760082008.450739145 0
Oct 10 07:40:08 standalone container-server[129621]: 172.20.0.100 - - [10/Oct/2025:07:40:08 +0000] "GET /d1/956/AUTH_50b0ed3b1a764e37a988cc3bfa2bea21/gnocchi.afe3e6ef-9e02-468f-b22e-de3208ec7295" 200 2 "GET http://172.18.0.2:8080/v1/AUTH_50b0ed3b1a764e37a988cc3bfa2bea21/gnocchi.afe3e6ef-9e02-468f-b22e-de3208ec7295?format=json&marker=none_v3&states=listing" "tx6bbd6310b85f4099a1677-0068e8b858" "proxy-server 20" 0.0043 "-" 17 0
Oct 10 07:40:08 standalone proxy-server[131732]: 172.18.0.2 172.18.0.100 10/Oct/2025/07/40/08 GET /v1/AUTH_50b0ed3b1a764e37a988cc3bfa2bea21/gnocchi.afe3e6ef-9e02-468f-b22e-de3208ec7295%3Fformat%3Djson%26marker%3Dnone_v3%26states%3Dlisting HTTP/1.0 200 - python-swiftclient-3.11.1 gAAAAABo6Lf0eRjD... - 2 - tx6bbd6310b85f4099a1677-0068e8b858 - 0.0152 - - 1760082008.454643488 1760082008.469872236 0
Oct 10 07:40:08 standalone object-server[129796]: 172.20.0.100 - - [10/Oct/2025:07:40:08 +0000] "GET /d1/750/AUTH_50b0ed3b1a764e37a988cc3bfa2bea21/gnocchi.afe3e6ef-9e02-468f-b22e-de3208ec7295/1759320000.0_mean_300.0_v3" 200 16 "GET http://172.18.0.2:8080/v1/AUTH_50b0ed3b1a764e37a988cc3bfa2bea21/gnocchi.afe3e6ef-9e02-468f-b22e-de3208ec7295/1759320000.0_mean_300.0_v3" "txf78fc58021c347f48f63b-0068e8b858" "proxy-server 20" 0.0012 "-" 23 0
Oct 10 07:40:08 standalone proxy-server[131732]: 172.18.0.2 172.18.0.100 10/Oct/2025/07/40/08 GET /v1/AUTH_50b0ed3b1a764e37a988cc3bfa2bea21/gnocchi.afe3e6ef-9e02-468f-b22e-de3208ec7295/1759320000.0_mean_300.0_v3 HTTP/1.0 200 - python-swiftclient-3.11.1 gAAAAABo6Lf0eRjD... - 16 - txf78fc58021c347f48f63b-0068e8b858 - 0.0104 - - 1760082008.474654198 1760082008.485090971 0
Oct 10 07:40:08 standalone container-server[129614]: 172.20.0.100 - - [10/Oct/2025:07:40:08 +0000] "PUT /d1/956/AUTH_50b0ed3b1a764e37a988cc3bfa2bea21/gnocchi.afe3e6ef-9e02-468f-b22e-de3208ec7295/1759320000.0_mean_300.0_v3" 201 - "PUT http://172.18.0.2:8080/d1/750/AUTH_50b0ed3b1a764e37a988cc3bfa2bea21/gnocchi.afe3e6ef-9e02-468f-b22e-de3208ec7295/1759320000.0_mean_300.0_v3" "tx78c63164a92746a091ef9-0068e8b858" "object-server 25" 0.0007 "-" 16 0
Oct 10 07:40:08 standalone object-server[129804]: 172.20.0.100 - - [10/Oct/2025:07:40:08 +0000] "PUT /d1/750/AUTH_50b0ed3b1a764e37a988cc3bfa2bea21/gnocchi.afe3e6ef-9e02-468f-b22e-de3208ec7295/1759320000.0_mean_300.0_v3" 201 - "PUT http://172.18.0.2:8080/v1/AUTH_50b0ed3b1a764e37a988cc3bfa2bea21/gnocchi.afe3e6ef-9e02-468f-b22e-de3208ec7295/1759320000.0_mean_300.0_v3" "tx78c63164a92746a091ef9-0068e8b858" "proxy-server 20" 0.0143 "-" 25 0
Oct 10 07:40:08 standalone proxy-server[131732]: 172.18.0.2 172.18.0.100 10/Oct/2025/07/40/08 PUT /v1/AUTH_50b0ed3b1a764e37a988cc3bfa2bea21/gnocchi.afe3e6ef-9e02-468f-b22e-de3208ec7295/1759320000.0_mean_300.0_v3 HTTP/1.0 201 - python-swiftclient-3.11.1 gAAAAABo6Lf0eRjD... 16 - - tx78c63164a92746a091ef9-0068e8b858 - 0.0251 - - 1760082008.488742113 1760082008.513813019 0
Oct 10 07:40:08 standalone container-server[129605]: 172.20.0.100 - - [10/Oct/2025:07:40:08 +0000] "PUT /d1/956/AUTH_50b0ed3b1a764e37a988cc3bfa2bea21/gnocchi.afe3e6ef-9e02-468f-b22e-de3208ec7295/none_v3" 201 - "PUT http://172.18.0.2:8080/d1/982/AUTH_50b0ed3b1a764e37a988cc3bfa2bea21/gnocchi.afe3e6ef-9e02-468f-b22e-de3208ec7295/none_v3" "tx31e51d4d73594869964e0-0068e8b858" "object-server 25" 0.0006 "-" 14 0
Oct 10 07:40:08 standalone object-server[129804]: 172.20.0.100 - - [10/Oct/2025:07:40:08 +0000] "PUT /d1/982/AUTH_50b0ed3b1a764e37a988cc3bfa2bea21/gnocchi.afe3e6ef-9e02-468f-b22e-de3208ec7295/none_v3" 201 - "PUT http://172.18.0.2:8080/v1/AUTH_50b0ed3b1a764e37a988cc3bfa2bea21/gnocchi.afe3e6ef-9e02-468f-b22e-de3208ec7295/none_v3" "tx31e51d4d73594869964e0-0068e8b858" "proxy-server 20" 0.0133 "-" 25 0
Oct 10 07:40:08 standalone proxy-server[131732]: 172.18.0.2 172.18.0.100 10/Oct/2025/07/40/08 PUT /v1/AUTH_50b0ed3b1a764e37a988cc3bfa2bea21/gnocchi.afe3e6ef-9e02-468f-b22e-de3208ec7295/none_v3 HTTP/1.0 201 - python-swiftclient-3.11.1 gAAAAABo6Lf0eRjD... 32 - - tx31e51d4d73594869964e0-0068e8b858 - 0.0237 - - 1760082008.517410040 1760082008.541095495 0
Oct 10 07:40:18 standalone container-server[129606]: 172.20.0.100 - - [10/Oct/2025:07:40:18 +0000] "HEAD /d1/482/AUTH_50b0ed3b1a764e37a988cc3bfa2bea21/gnocchi.f3ddf312-87d5-41a3-804e-6fcfb3c1bf4f" 404 - "HEAD http://172.18.0.2:8080/v1/AUTH_50b0ed3b1a764e37a988cc3bfa2bea21/gnocchi.f3ddf312-87d5-41a3-804e-6fcfb3c1bf4f?format=json&states=listing" "txcb86b388e744471c8676d-0068e8b862" "proxy-server 20" 0.0010 "-" 15 0
Oct 10 07:40:18 standalone object-server[129796]: 172.20.0.100 - - [10/Oct/2025:07:40:18 +0000] "GET /d1/729/AUTH_50b0ed3b1a764e37a988cc3bfa2bea21/gnocchi.f3ddf312-87d5-41a3-804e-6fcfb3c1bf4f/none_v3" 404 70 "GET http://172.18.0.2:8080/v1/AUTH_50b0ed3b1a764e37a988cc3bfa2bea21/gnocchi.f3ddf312-87d5-41a3-804e-6fcfb3c1bf4f/none_v3" "txcb86b388e744471c8676d-0068e8b862" "proxy-server 20" 0.0007 "-" 23 0
Oct 10 07:40:18 standalone proxy-server[131732]: 172.18.0.2 172.18.0.100 10/Oct/2025/07/40/18 GET /v1/AUTH_50b0ed3b1a764e37a988cc3bfa2bea21/gnocchi.f3ddf312-87d5-41a3-804e-6fcfb3c1bf4f/none_v3 HTTP/1.0 404 - python-swiftclient-3.11.1 gAAAAABo6Lf0eRjD... - 70 - txcb86b388e744471c8676d-0068e8b862 - 0.0161 - - 1760082018.603231668 1760082018.619301796 0
Oct 10 07:40:18 standalone account-server[129555]: 172.20.0.100 - - [10/Oct/2025:07:40:18 +0000] "PUT /d1/512/AUTH_50b0ed3b1a764e37a988cc3bfa2bea21/gnocchi.f3ddf312-87d5-41a3-804e-6fcfb3c1bf4f" 201 - "PUT http://172.20.0.100:6001/d1/482/AUTH_50b0ed3b1a764e37a988cc3bfa2bea21/gnocchi.f3ddf312-87d5-41a3-804e-6fcfb3c1bf4f" "txd4761b140b4743bc8755e-0068e8b862" "container-server 16" 0.0074 "-" 20 0
Oct 10 07:40:18 standalone container-server[129614]: 172.20.0.100 - - [10/Oct/2025:07:40:18 +0000] "PUT /d1/482/AUTH_50b0ed3b1a764e37a988cc3bfa2bea21/gnocchi.f3ddf312-87d5-41a3-804e-6fcfb3c1bf4f" 201 - "PUT http://172.18.0.2:8080/v1/AUTH_50b0ed3b1a764e37a988cc3bfa2bea21/gnocchi.f3ddf312-87d5-41a3-804e-6fcfb3c1bf4f" "txd4761b140b4743bc8755e-0068e8b862" "proxy-server 20" 0.0239 "-" 16 0
