Oct 10 07:41:17 standalone container-server[129606]: 172.20.0.100 - - [10/Oct/2025:07:41:17 +0000] "HEAD /d1/692/AUTH_50b0ed3b1a764e37a988cc3bfa2bea21/gnocchi.facba470-9f51-4774-99a2-3cd1e9834739" 404 - "HEAD http://172.18.0.2:8080/v1/AUTH_50b0ed3b1a764e37a988cc3bfa2bea21/gnocchi.facba470-9f51-4774-99a2-3cd1e9834739?format=json&states=listing" "tx33e63b3d4125478fb1851-0068e8b89d" "proxy-server 20" 0.0006 "-" 15 0
Oct 10 07:41:17 standalone object-server[129801]: 172.20.0.100 - - [10/Oct/2025:07:41:17 +0000] "GET /d1/501/AUTH_50b0ed3b1a764e37a988cc3bfa2bea21/gnocchi.facba470-9f51-4774-99a2-3cd1e9834739/none_v3" 404 70 "GET http://172.18.0.2:8080/v1/AUTH_50b0ed3b1a764e37a988cc3bfa2bea21/gnocchi.facba470-9f51-4774-99a2-3cd1e9834739/none_v3" "tx33e63b3d4125478fb1851-0068e8b89d" "proxy-server 20" 0.0003 "-" 24 0
Oct 10 07:41:17 standalone proxy-server[131732]: 172.18.0.2 172.18.0.100 10/Oct/2025/07/41/17 GET /v1/AUTH_50b0ed3b1a764e37a988cc3bfa2bea21/gnocchi.facba470-9f51-4774-99a2-3cd1e9834739/none_v3 HTTP/1.0 404 - python-swiftclient-3.11.1 gAAAAABo6Lf0eRjD... - 70 - tx33e63b3d4125478fb1851-0068e8b89d - 0.0147 - - 1760082077.319145679 1760082077.333804607 0
Oct 10 07:41:17 standalone account-server[129564]: 172.20.0.100 - - [10/Oct/2025:07:41:17 +0000] "PUT /d1/512/AUTH_50b0ed3b1a764e37a988cc3bfa2bea21/gnocchi.facba470-9f51-4774-99a2-3cd1e9834739" 201 - "PUT http://172.20.0.100:6001/d1/692/AUTH_50b0ed3b1a764e37a988cc3bfa2bea21/gnocchi.facba470-9f51-4774-99a2-3cd1e9834739" "tx22df5dc705704e1c8401c-0068e8b89d" "container-server 14" 0.0060 "-" 21 0
Oct 10 07:41:17 standalone container-server[129605]: 172.20.0.100 - - [10/Oct/2025:07:41:17 +0000] "PUT /d1/692/AUTH_50b0ed3b1a764e37a988cc3bfa2bea21/gnocchi.facba470-9f51-4774-99a2-3cd1e9834739" 201 - "PUT http://172.18.0.2:8080/v1/AUTH_50b0ed3b1a764e37a988cc3bfa2bea21/gnocchi.facba470-9f51-4774-99a2-3cd1e9834739" "tx22df5dc705704e1c8401c-0068e8b89d" "proxy-server 20" 0.0154 "-" 14 0
Oct 10 07:41:17 standalone proxy-server[131732]: 172.18.0.2 172.18.0.100 10/Oct/2025/07/41/17 PUT /v1/AUTH_50b0ed3b1a764e37a988cc3bfa2bea21/gnocchi.facba470-9f51-4774-99a2-3cd1e9834739 HTTP/1.0 201 - python-swiftclient-3.11.1 gAAAAABo6Lf0eRjD... - - - tx22df5dc705704e1c8401c-0068e8b89d - 0.0213 - - 1760082077.336310387 1760082077.357653856 0
Oct 10 07:41:17 standalone container-server[129621]: 172.20.0.100 - - [10/Oct/2025:07:41:17 +0000] "HEAD /d1/692/AUTH_50b0ed3b1a764e37a988cc3bfa2bea21/gnocchi.facba470-9f51-4774-99a2-3cd1e9834739" 204 - "HEAD http://172.18.0.2:8080/v1/AUTH_50b0ed3b1a764e37a988cc3bfa2bea21/gnocchi.facba470-9f51-4774-99a2-3cd1e9834739?format=json&states=listing" "tx9ee6d435d1bd42a1a462d-0068e8b89d" "proxy-server 20" 0.0012 "-" 17 0
Oct 10 07:41:17 standalone proxy-server[131732]: - - 10/Oct/2025/07/41/17 HEAD /v1/AUTH_50b0ed3b1a764e37a988cc3bfa2bea21/gnocchi.facba470-9f51-4774-99a2-3cd1e9834739%3Fformat%3Djson%26states%3Dlisting HTTP/1.0 204 - Swift - - - - tx9ee6d435d1bd42a1a462d-0068e8b89d - 0.0049 RL - 1760082077.368322134 1760082077.373221159 0
Oct 10 07:41:17 standalone container-server[129605]: 172.20.0.100 - - [10/Oct/2025:07:41:17 +0000] "GET /d1/692/AUTH_50b0ed3b1a764e37a988cc3bfa2bea21/gnocchi.facba470-9f51-4774-99a2-3cd1e9834739" 200 2 "GET http://172.18.0.2:8080/v1/AUTH_50b0ed3b1a764e37a988cc3bfa2bea21/gnocchi.facba470-9f51-4774-99a2-3cd1e9834739?format=json&states=listing" "tx9ee6d435d1bd42a1a462d-0068e8b89d" "proxy-server 20" 0.0017 "-" 14 0
Oct 10 07:41:17 standalone proxy-server[131732]: 172.18.0.2 172.18.0.100 10/Oct/2025/07/41/17 GET /v1/AUTH_50b0ed3b1a764e37a988cc3bfa2bea21/gnocchi.facba470-9f51-4774-99a2-3cd1e9834739%3Fformat%3Djson%26states%3Dlisting HTTP/1.0 200 - python-swiftclient-3.11.1 gAAAAABo6Lf0eRjD... - 2 - tx9ee6d435d1bd42a1a462d-0068e8b89d - 0.0141 - - 1760082077.365910530 1760082077.380009413 0
Oct 10 07:41:17 standalone object-server[129801]: 172.20.0.100 - - [10/Oct/2025:07:41:17 +0000] "GET /d1/619/AUTH_50b0ed3b1a764e37a988cc3bfa2bea21/gnocchi.facba470-9f51-4774-99a2-3cd1e9834739/1759320000.0_mean_300.0_v3" 404 70 "GET http://172.18.0.2:8080/v1/AUTH_50b0ed3b1a764e37a988cc3bfa2bea21/gnocchi.facba470-9f51-4774-99a2-3cd1e9834739/1759320000.0_mean_300.0_v3" "tx00c17067c6d64f68b997b-0068e8b89d" "proxy-server 20" 0.0003 "-" 24 0
Oct 10 07:41:17 standalone proxy-server[131732]: 172.18.0.2 172.18.0.100 10/Oct/2025/07/41/17 GET /v1/AUTH_50b0ed3b1a764e37a988cc3bfa2bea21/gnocchi.facba470-9f51-4774-99a2-3cd1e9834739/1759320000.0_mean_300.0_v3 HTTP/1.0 404 - python-swiftclient-3.11.1 gAAAAABo6Lf0eRjD... - 70 - tx00c17067c6d64f68b997b-0068e8b89d - 0.0043 - - 1760082077.384377241 1760082077.388698816 0
Oct 10 07:41:17 standalone container-server[129605]: 172.20.0.100 - - [10/Oct/2025:07:41:17 +0000] "PUT /d1/692/AUTH_50b0ed3b1a764e37a988cc3bfa2bea21/gnocchi.facba470-9f51-4774-99a2-3cd1e9834739/1759320000.0_mean_300.0_v3" 201 - "PUT http://172.18.0.2:8080/d1/619/AUTH_50b0ed3b1a764e37a988cc3bfa2bea21/gnocchi.facba470-9f51-4774-99a2-3cd1e9834739/1759320000.0_mean_300.0_v3" "tx9cac266db8454b2cb8185-0068e8b89d" "object-server 23" 0.0005 "-" 14 0
Oct 10 07:41:17 standalone object-server[129796]: 172.20.0.100 - - [10/Oct/2025:07:41:17 +0000] "PUT /d1/619/AUTH_50b0ed3b1a764e37a988cc3bfa2bea21/gnocchi.facba470-9f51-4774-99a2-3cd1e9834739/1759320000.0_mean_300.0_v3" 201 - "PUT http://172.18.0.2:8080/v1/AUTH_50b0ed3b1a764e37a988cc3bfa2bea21/gnocchi.facba470-9f51-4774-99a2-3cd1e9834739/1759320000.0_mean_300.0_v3" "tx9cac266db8454b2cb8185-0068e8b89d" "proxy-server 20" 0.0114 "-" 23 0
Oct 10 07:41:17 standalone proxy-server[131732]: 172.18.0.2 172.18.0.100 10/Oct/2025/07/41/17 PUT /v1/AUTH_50b0ed3b1a764e37a988cc3bfa2bea21/gnocchi.facba470-9f51-4774-99a2-3cd1e9834739/1759320000.0_mean_300.0_v3 HTTP/1.0 201 - python-swiftclient-3.11.1 gAAAAABo6Lf0eRjD... 16 - - tx9cac266db8454b2cb8185-0068e8b89d - 0.0164 - - 1760082077.392086983 1760082077.408515692 0
Oct 10 07:41:17 standalone container-server[129621]: 172.20.0.100 - - [10/Oct/2025:07:41:17 +0000] "PUT /d1/692/AUTH_50b0ed3b1a764e37a988cc3bfa2bea21/gnocchi.facba470-9f51-4774-99a2-3cd1e9834739/none_v3" 201 - "PUT http://172.18.0.2:8080/d1/501/AUTH_50b0ed3b1a764e37a988cc3bfa2bea21/gnocchi.facba470-9f51-4774-99a2-3cd1e9834739/none_v3" "txa8e1af007cd443b588987-0068e8b89d" "object-server 23" 0.0009 "-" 17 0
Oct 10 07:41:17 standalone object-server[129796]: 172.20.0.100 - - [10/Oct/2025:07:41:17 +0000] "PUT /d1/501/AUTH_50b0ed3b1a764e37a988cc3bfa2bea21/gnocchi.facba470-9f51-4774-99a2-3cd1e9834739/none_v3" 201 - "PUT http://172.18.0.2:8080/v1/AUTH_50b0ed3b1a764e37a988cc3bfa2bea21/gnocchi.facba470-9f51-4774-99a2-3cd1e9834739/none_v3" "txa8e1af007cd443b588987-0068e8b89d" "proxy-server 20" 0.0087 "-" 23 0
Oct 10 07:41:17 standalone proxy-server[131732]: 172.18.0.2 172.18.0.100 10/Oct/2025/07/41/17 PUT /v1/AUTH_50b0ed3b1a764e37a988cc3bfa2bea21/gnocchi.facba470-9f51-4774-99a2-3cd1e9834739/none_v3 HTTP/1.0 201 - python-swiftclient-3.11.1 gAAAAABo6Lf0eRjD... 22 - - txa8e1af007cd443b588987-0068e8b89d - 0.0134 - - 1760082077.414241791 1760082077.427653790 0
Oct 10 07:41:17 standalone container-server[129605]: 172.20.0.100 - - [10/Oct/2025:07:41:17 +0000] "HEAD /d1/750/AUTH_50b0ed3b1a764e37a988cc3bfa2bea21/gnocchi.5b1d6ce7-a700-483d-aecc-827e8a33883d" 404 - "HEAD http://172.18.0.2:8080/v1/AUTH_50b0ed3b1a764e37a988cc3bfa2bea21/gnocchi.5b1d6ce7-a700-483d-aecc-827e8a33883d?format=json&states=listing" "tx3f7ba4b47ec0480abddc0-0068e8b89d" "proxy-server 20" 0.0005 "-" 14 0
Oct 10 07:41:17 standalone object-server[129796]: 172.20.0.100 - - [10/Oct/2025:07:41:17 +0000] "GET /d1/827/AUTH_50b0ed3b1a764e37a988cc3bfa2bea21/gnocchi.5b1d6ce7-a700-483d-aecc-827e8a33883d/none_v3" 404 70 "GET http://172.18.0.2:8080/v1/AUTH_50b0ed3b1a764e37a988cc3bfa2bea21/gnocchi.5b1d6ce7-a700-483d-aecc-827e8a33883d/none_v3" "tx3f7ba4b47ec0480abddc0-0068e8b89d" "proxy-server 20" 0.0003 "-" 23 0
Oct 10 07:41:17 standalone proxy-server[131732]: 172.18.0.2 172.18.0.100 10/Oct/2025/07/41/17 GET /v1/AUTH_50b0ed3b1a764e37a988cc3bfa2bea21/gnocchi.5b1d6ce7-a700-483d-aecc-827e8a33883d/none_v3 HTTP/1.0 404 - python-swiftclient-3.11.1 gAAAAABo6Lf0eRjD... - 70 - tx3f7ba4b47ec0480abddc0-0068e8b89d - 0.0114 - - 1760082077.442159176 1760082077.453592062 0
Oct 10 07:41:17 standalone account-server[129591]: 172.20.0.100 - - [10/Oct/2025:07:41:17 +0000] "PUT /d1/512/AUTH_50b0ed3b1a764e37a988cc3bfa2bea21/gnocchi.5b1d6ce7-a700-483d-aecc-827e8a33883d" 201 - "PUT http://172.20.0.100:6001/d1/750/AUTH_50b0ed3b1a764e37a988cc3bfa2bea21/gnocchi.5b1d6ce7-a700-483d-aecc-827e8a33883d" "tx3b2fc550aad84035abb86-0068e8b89d" "container-server 17" 0.0049 "-" 22 0
Oct 10 07:41:17 standalone container-server[129621]: 172.20.0.100 - - [10/Oct/2025:07:41:17 +0000] "PUT /d1/750/AUTH_50b0ed3b1a764e37a988cc3bfa2bea21/gnocchi.5b1d6ce7-a700-483d-aecc-827e8a33883d" 201 - "PUT http://172.18.0.2:8080/v1/AUTH_50b0ed3b1a764e37a988cc3bfa2bea21/gnocchi.5b1d6ce7-a700-483d-aecc-827e8a33883d" "tx3b2fc550aad84035abb86-0068e8b89d" "proxy-server 20" 0.0175 "-" 17 0
Oct 10 07:41:17 standalone proxy-server[131732]: 172.18.0.2 172.18.0.100 10/Oct/2025/07/41/17 PUT /v1/AUTH_50b0ed3b1a764e37a988cc3bfa2bea21/gnocchi.5b1d6ce7-a700-483d-aecc-827e8a33883d HTTP/1.0 201 - python-swiftclient-3.11.1 gAAAAABo6Lf0eRjD... - - - tx3b2fc550aad84035abb86-0068e8b89d - 0.0228 - - 1760082077.456024408 1760082077.478856802 0
Oct 10 07:41:17 standalone container-server[129606]: 172.20.0.100 - - [10/Oct/2025:07:41:17 +0000] "HEAD /d1/750/AUTH_50b0ed3b1a764e37a988cc3bfa2bea21/gnocchi.5b1d6ce7-a700-483d-aecc-827e8a33883d" 204 - "HEAD http://172.18.0.2:8080/v1/AUTH_50b0ed3b1a764e37a988cc3bfa2bea21/gnocchi.5b1d6ce7-a700-483d-aecc-827e8a33883d?format=json&states=listing" "tx6c5787d17fd04fd09e36b-0068e8b89d" "proxy-server 20" 0.0013 "-" 15 0
Oct 10 07:41:17 standalone proxy-server[131732]: - - 10/Oct/2025/07/41/17 HEAD /v1/AUTH_50b0ed3b1a764e37a988cc3bfa2bea21/gnocchi.5b1d6ce7-a700-483d-aecc-827e8a33883d%3Fformat%3Djson%26states%3Dlisting HTTP/1.0 204 - Swift - - - - tx6c5787d17fd04fd09e36b-0068e8b89d - 0.0043 RL - 1760082077.483105421 1760082077.487452745 0
Oct 10 07:41:17 standalone container-server[129614]: 172.20.0.100 - - [10/Oct/2025:07:41:17 +0000] "GET /d1/750/AUTH_50b0ed3b1a764e37a988cc3bfa2bea21/gnocchi.5b1d6ce7-a700-483d-aecc-827e8a33883d" 200 2 "GET http://172.18.0.2:8080/v1/AUTH_50b0ed3b1a764e37a988cc3bfa2bea21/gnocchi.5b1d6ce7-a700-483d-aecc-827e8a33883d?format=json&states=listing" "tx6c5787d17fd04fd09e36b-0068e8b89d" "proxy-server 20" 0.0035 "-" 16 0
Oct 10 07:41:17 standalone proxy-server[131732]: 172.18.0.2 172.18.0.100 10/Oct/2025/07/41/17 GET /v1/AUTH_50b0ed3b1a764e37a988cc3bfa2bea21/gnocchi.5b1d6ce7-a700-483d-aecc-827e8a33883d%3Fformat%3Djson%26states%3Dlisting HTTP/1.0 200 - python-swiftclient-3.11.1 gAAAAABo6Lf0eRjD... - 2 - tx6c5787d17fd04fd09e36b-0068e8b89d - 0.0151 - - 1760082077.482228756 1760082077.497343540 0
Oct 10 07:41:17 standalone object-server[129784]: 172.20.0.100 - - [10/Oct/2025:07:41:17 +0000] "GET /d1/239/AUTH_50b0ed3b1a764e37a988cc3bfa2bea21/gnocchi.5b1d6ce7-a700-483d-aecc-827e8a33883d/1759320000.0_mean_300.0_v3" 404 70 "GET http://172.18.0.2:8080/v1/AUTH_50b0ed3b1a764e37a988cc3bfa2bea21/gnocchi.5b1d6ce7-a700-483d-aecc-827e8a33883d/1759320000.0_mean_300.0_v3" "tx7b1bdec8258a4cd982dac-0068e8b89d" "proxy-server 20" 0.0003 "-" 22 0
Oct 10 07:41:17 standalone proxy-server[131732]: 172.18.0.2 172.18.0.100 10/Oct/2025/07/41/17 GET /v1/AUTH_50b0ed3b1a764e37a988cc3bfa2bea21/gnocchi.5b1d6ce7-a700-483d-aecc-827e8a33883d/1759320000.0_mean_300.0_v3 HTTP/1.0 404 - python-swiftclient-3.11.1 gAAAAABo6Lf0eRjD... - 70 - tx7b1bdec8258a4cd982dac-0068e8b89d - 0.0048 - - 1760082077.501944304 1760082077.506745815 0
Oct 10 07:41:17 standalone container-server[129621]: 172.20.0.100 - - [10/Oct/2025:07:41:17 +0000] "PUT /d1/750/AUTH_50b0ed3b1a764e37a988cc3bfa2bea21/gnocchi.5b1d6ce7-a700-483d-aecc-827e8a33883d/1759320000.0_mean_300.0_v3" 201 - "PUT http://172.18.0.2:8080/d1/239/AUTH_50b0ed3b1a764e37a988cc3bfa2bea21/gnocchi.5b1d6ce7-a700-483d-aecc-827e8a33883d/1759320000.0_mean_300.0_v3" "tx67df28f6126b49e89f2ae-0068e8b89d" "object-server 23" 0.0010 "-" 17 0
Oct 10 07:41:17 standalone object-server[129796]: 172.20.0.100 - - [10/Oct/2025:07:41:17 +0000] "PUT /d1/239/AUTH_50b0ed3b1a764e37a988cc3bfa2bea21/gnocchi.5b1d6ce7-a700-483d-aecc-827e8a33883d/1759320000.0_mean_300.0_v3" 201 - "PUT http://172.18.0.2:8080/v1/AUTH_50b0ed3b1a764e37a988cc3bfa2bea21/gnocchi.5b1d6ce7-a700-483d-aecc-827e8a33883d/1759320000.0_mean_300.0_v3" "tx67df28f6126b49e89f2ae-0068e8b89d" "proxy-server 20" 0.0119 "-" 23 0
Oct 10 07:41:17 standalone proxy-server[131732]: 172.18.0.2 172.18.0.100 10/Oct/2025/07/41/17 PUT /v1/AUTH_50b0ed3b1a764e37a988cc3bfa2bea21/gnocchi.5b1d6ce7-a700-483d-aecc-827e8a33883d/1759320000.0_mean_300.0_v3 HTTP/1.0 201 - python-swiftclient-3.11.1 gAAAAABo6Lf0eRjD... 16 - - tx67df28f6126b49e89f2ae-0068e8b89d - 0.0177 - - 1760082077.510004520 1760082077.527744055 0
Oct 10 07:41:17 standalone container-server[129606]: 172.20.0.100 - - [10/Oct/2025:07:41:17 +0000] "PUT /d1/750/AUTH_50b0ed3b1a764e37a988cc3bfa2bea21/gnocchi.5b1d6ce7-a700-483d-aecc-827e8a33883d/none_v3" 201 - "PUT http://172.18.0.2:8080/d1/827/AUTH_50b0ed3b1a764e37a988cc3bfa2bea21/gnocchi.5b1d6ce7-a700-483d-aecc-827e8a33883d/none_v3" "txbef57f1e573145409b6f5-0068e8b89d" "object-server 25" 0.0005 "-" 15 0
Oct 10 07:41:17 standalone object-server[129804]: 172.20.0.100 - - [10/Oct/2025:07:41:17 +0000] "PUT /d1/827/AUTH_50b0ed3b1a764e37a988cc3bfa2bea21/gnocchi.5b1d6ce7-a700-483d-aecc-827e8a33883d/none_v3" 201 - "PUT http://172.18.0.2:8080/v1/AUTH_50b0ed3b1a764e37a988cc3bfa2bea21/gnocchi.5b1d6ce7-a700-483d-aecc-827e8a33883d/none_v3" "txbef57f1e573145409b6f5-0068e8b89d" "proxy-server 20" 0.0079 "-" 25 0
Oct 10 07:41:17 standalone proxy-server[131732]: 172.18.0.2 172.18.0.100 10/Oct/2025/07/41/17 PUT /v1/AUTH_50b0ed3b1a764e37a988cc3bfa2bea21/gnocchi.5b1d6ce7-a700-483d-aecc-827e8a33883d/none_v3 HTTP/1.0 201 - python-swiftclient-3.11.1 gAAAAABo6Lf0eRjD... 22 - - txbef57f1e573145409b6f5-0068e8b89d - 0.0124 - - 1760082077.531165600 1760082077.543573141 0
Oct 10 07:41:17 standalone container-server[129606]: 172.20.0.100 - - [10/Oct/2025:07:41:17 +0000] "HEAD /d1/434/AUTH_50b0ed3b1a764e37a988cc3bfa2bea21/gnocchi.c2d738f1-7261-4b27-84a8-997242ddecc1" 404 - "HEAD http://172.18.0.2:8080/v1/AUTH_50b0ed3b1a764e37a988cc3bfa2bea21/gnocchi.c2d738f1-7261-4b27-84a8-997242ddecc1?format=json&states=listing" "tx1db1475c23f44d52a51d4-0068e8b89d" "proxy-server 20" 0.0004 "-" 15 0
Oct 10 07:41:17 standalone object-server[129804]: 172.20.0.100 - - [10/Oct/2025:07:41:17 +0000] "GET /d1/797/AUTH_50b0ed3b1a764e37a988cc3bfa2bea21/gnocchi.c2d738f1-7261-4b27-84a8-997242ddecc1/none_v3" 404 70 "GET http://172.18.0.2:8080/v1/AUTH_50b0ed3b1a764e37a988cc3bfa2bea21/gnocchi.c2d738f1-7261-4b27-84a8-997242ddecc1/none_v3" "tx1db1475c23f44d52a51d4-0068e8b89d" "proxy-server 20" 0.0003 "-" 25 0
Oct 10 07:41:17 standalone proxy-server[131732]: 172.18.0.2 172.18.0.100 10/Oct/2025/07/41/17 GET /v1/AUTH_50b0ed3b1a764e37a988cc3bfa2bea21/gnocchi.c2d738f1-7261-4b27-84a8-997242ddecc1/none_v3 HTTP/1.0 404 - python-swiftclient-3.11.1 gAAAAABo6Lf0eRjD... - 70 - tx1db1475c23f44d52a51d4-0068e8b89d - 0.0120 - - 1760082077.567096949 1760082077.579098701 0
Oct 10 07:41:17 standalone account-server[129591]: 172.20.0.100 - - [10/Oct/2025:07:41:17 +0000] "PUT /d1/512/AUTH_50b0ed3b1a764e37a988cc3bfa2bea21/gnocchi.c2d738f1-7261-4b27-84a8-997242ddecc1" 201 - "PUT http://172.20.0.100:6001/d1/434/AUTH_50b0ed3b1a764e37a988cc3bfa2bea21/gnocchi.c2d738f1-7261-4b27-84a8-997242ddecc1" "tx3274288f98bf46c58386a-0068e8b89d" "container-server 15" 0.0060 "-" 22 0
Oct 10 07:41:17 standalone container-server[129606]: 172.20.0.100 - - [10/Oct/2025:07:41:17 +0000] "PUT /d1/434/AUTH_50b0ed3b1a764e37a988cc3bfa2bea21/gnocchi.c2d738f1-7261-4b27-84a8-997242ddecc1" 201 - "PUT http://172.18.0.2:8080/v1/AUTH_50b0ed3b1a764e37a988cc3bfa2bea21/gnocchi.c2d738f1-7261-4b27-84a8-997242ddecc1" "tx3274288f98bf46c58386a-0068e8b89d" "proxy-server 20" 0.0185 "-" 15 0
Oct 10 07:41:17 standalone proxy-server[131732]: 172.18.0.2 172.18.0.100 10/Oct/2025/07/41/17 PUT /v1/AUTH_50b0ed3b1a764e37a988cc3bfa2bea21/gnocchi.c2d738f1-7261-4b27-84a8-997242ddecc1 HTTP/1.0 201 - python-swiftclient-3.11.1 gAAAAABo6Lf0eRjD... - - - tx3274288f98bf46c58386a-0068e8b89d - 0.0257 - - 1760082077.583306313 1760082077.609042645 0
Oct 10 07:41:17 standalone container-server[129606]: 172.20.0.100 - - [10/Oct/2025:07:41:17 +0000] "HEAD /d1/664/AUTH_50b0ed3b1a764e37a988cc3bfa2bea21/gnocchi.cb517fac-0782-4c6f-b826-e7df890d6e41" 404 - "HEAD http://172.18.0.2:8080/v1/AUTH_50b0ed3b1a764e37a988cc3bfa2bea21/gnocchi.cb517fac-0782-4c6f-b826-e7df890d6e41?format=json&states=listing" "txb41f1b25c3cf4510921ca-0068e8b89d" "proxy-server 20" 0.0005 "-" 15 0
Oct 10 07:41:17 standalone object-server[129801]: 172.20.0.100 - - [10/Oct/2025:07:41:17 +0000] "GET /d1/169/AUTH_50b0ed3b1a764e37a988cc3bfa2bea21/gnocchi.cb517fac-0782-4c6f-b826-e7df890d6e41/none_v3" 404 70 "GET http://172.18.0.2:8080/v1/AUTH_50b0ed3b1a764e37a988cc3bfa2bea21/gnocchi.cb517fac-0782-4c6f-b826-e7df890d6e41/none_v3" "txb41f1b25c3cf4510921ca-0068e8b89d" "proxy-server 20" 0.0005 "-" 24 0
Oct 10 07:41:17 standalone proxy-server[131732]: 172.18.0.2 172.18.0.100 10/Oct/2025/07/41/17 GET /v1/AUTH_50b0ed3b1a764e37a988cc3bfa2bea21/gnocchi.cb517fac-0782-4c6f-b826-e7df890d6e41/none_v3 HTTP/1.0 404 - python-swiftclient-3.11.1 gAAAAABo6Lf0eRjD... - 70 - txb41f1b25c3cf4510921ca-0068e8b89d - 0.0099 - - 1760082077.612320662 1760082077.622253418 0
Oct 10 07:41:17 standalone account-server[129591]: 172.20.0.100 - - [10/Oct/2025:07:41:17 +0000] "PUT /d1/512/AUTH_50b0ed3b1a764e37a988cc3bfa2bea21/gnocchi.cb517fac-0782-4c6f-b826-e7df890d6e41" 201 - "PUT http://172.20.0.100:6001/d1/664/AUTH_50b0ed3b1a764e37a988cc3bfa2bea21/gnocchi.cb517fac-0782-4c6f-b826-e7df890d6e41" "tx006f2f7b7b6a41ce86272-0068e8b89d" "container-server 16" 0.0047 "-" 22 0
Oct 10 07:41:17 standalone container-server[129614]: 172.20.0.100 - - [10/Oct/2025:07:41:17 +0000] "PUT /d1/664/AUTH_50b0ed3b1a764e37a988cc3bfa2bea21/gnocchi.cb517fac-0782-4c6f-b826-e7df890d6e41" 201 - "PUT http://172.18.0.2:8080/v1/AUTH_50b0ed3b1a764e37a988cc3bfa2bea21/gnocchi.cb517fac-0782-4c6f-b826-e7df890d6e41" "tx006f2f7b7b6a41ce86272-0068e8b89d" "proxy-server 20" 0.0176 "-" 16 0
Oct 10 07:41:17 standalone proxy-server[131732]: 172.18.0.2 172.18.0.100 10/Oct/2025/07/41/17 PUT /v1/AUTH_50b0ed3b1a764e37a988cc3bfa2bea21/gnocchi.cb517fac-0782-4c6f-b826-e7df890d6e41 HTTP/1.0 201 - python-swiftclient-3.11.1 gAAAAABo6Lf0eRjD... - - - tx006f2f7b7b6a41ce86272-0068e8b89d - 0.0231 - - 1760082077.625521183 1760082077.648597002 0
Oct 10 07:41:17 standalone container-server[129606]: 172.20.0.100 - - [10/Oct/2025:07:41:17 +0000] "HEAD /d1/434/AUTH_50b0ed3b1a764e37a988cc3bfa2bea21/gnocchi.c2d738f1-7261-4b27-84a8-997242ddecc1" 204 - "HEAD http://172.18.0.2:8080/v1/AUTH_50b0ed3b1a764e37a988cc3bfa2bea21/gnocchi.c2d738f1-7261-4b27-84a8-997242ddecc1?format=json&states=listing" "tx9c810acf95cc475f93dc1-0068e8b89d" "proxy-server 20" 0.0022 "-" 15 0
Oct 10 07:41:17 standalone proxy-server[131732]: - - 10/Oct/2025/07/41/17 HEAD /v1/AUTH_50b0ed3b1a764e37a988cc3bfa2bea21/gnocchi.c2d738f1-7261-4b27-84a8-997242ddecc1%3Fformat%3Djson%26states%3Dlisting HTTP/1.0 204 - Swift - - - - tx9c810acf95cc475f93dc1-0068e8b89d - 0.0073 RL - 1760082077.655495882 1760082077.662839413 0
Oct 10 07:41:17 standalone container-server[129614]: 172.20.0.100 - - [10/Oct/2025:07:41:17 +0000] "GET /d1/434/AUTH_50b0ed3b1a764e37a988cc3bfa2bea21/gnocchi.c2d738f1-7261-4b27-84a8-997242ddecc1" 200 2 "GET http://172.18.0.2:8080/v1/AUTH_50b0ed3b1a764e37a988cc3bfa2bea21/gnocchi.c2d738f1-7261-4b27-84a8-997242ddecc1?format=json&states=listing" "tx9c810acf95cc475f93dc1-0068e8b89d" "proxy-server 20" 0.0035 "-" 16 0
Oct 10 07:41:17 standalone proxy-server[131732]: 172.18.0.2 172.18.0.100 10/Oct/2025/07/41/17 GET /v1/AUTH_50b0ed3b1a764e37a988cc3bfa2bea21/gnocchi.c2d738f1-7261-4b27-84a8-997242ddecc1%3Fformat%3Djson%26states%3Dlisting HTTP/1.0 200 - python-swiftclient-3.11.1 gAAAAABo6Lf0eRjD... - 2 - tx9c810acf95cc475f93dc1-0068e8b89d - 0.0228 - - 1760082077.653772116 1760082077.676576853 0
Oct 10 07:41:17 standalone container-server[129614]: 172.20.0.100 - - [10/Oct/2025:07:41:17 +0000] "HEAD /d1/664/AUTH_50b0ed3b1a764e37a988cc3bfa2bea21/gnocchi.cb517fac-0782-4c6f-b826-e7df890d6e41" 204 - "HEAD http://172.18.0.2:8080/v1/AUTH_50b0ed3b1a764e37a988cc3bfa2bea21/gnocchi.cb517fac-0782-4c6f-b826-e7df890d6e41?format=json&states=listing" "tx90767b3a3eef4f8a8ee00-0068e8b89d" "proxy-server 20" 0.0026 "-" 16 0
Oct 10 07:41:17 standalone proxy-server[131732]: - - 10/Oct/2025/07/41/17 HEAD /v1/AUTH_50b0ed3b1a764e37a988cc3bfa2bea21/gnocchi.cb517fac-0782-4c6f-b826-e7df890d6e41%3Fformat%3Djson%26states%3Dlisting HTTP/1.0 204 - Swift - - - - tx90767b3a3eef4f8a8ee00-0068e8b89d - 0.0090 RL - 1760082077.684634686 1760082077.693620682 0
Oct 10 07:41:17 standalone container-server[129605]: 172.20.0.100 - - [10/Oct/2025:07:41:17 +0000] "GET /d1/664/AUTH_50b0ed3b1a764e37a988cc3bfa2bea21/gnocchi.cb517fac-0782-4c6f-b826-e7df890d6e41" 200 2 "GET http://172.18.0.2:8080/v1/AUTH_50b0ed3b1a764e37a988cc3bfa2bea21/gnocchi.cb517fac-0782-4c6f-b826-e7df890d6e41?format=json&states=listing" "tx90767b3a3eef4f8a8ee00-0068e8b89d" "proxy-server 20" 0.0041 "-" 14 0
Oct 10 07:41:17 standalone proxy-server[131732]: 172.18.0.2 172.18.0.100 10/Oct/2025/07/41/17 GET /v1/AUTH_50b0ed3b1a764e37a988cc3bfa2bea21/gnocchi.cb517fac-0782-4c6f-b826-e7df890d6e41%3Fformat%3Djson%26states%3Dlisting HTTP/1.0 200 - python-swiftclient-3.11.1 gAAAAABo6Lf0eRjD... - 2 - tx90767b3a3eef4f8a8ee00-0068e8b89d - 0.0243 - - 1760082077.682990313 1760082077.707329035 0
Oct 10 07:41:17 standalone object-server[129801]: 172.20.0.100 - - [10/Oct/2025:07:41:17 +0000] "GET /d1/55/AUTH_50b0ed3b1a764e37a988cc3bfa2bea21/gnocchi.c2d738f1-7261-4b27-84a8-997242ddecc1/1759320000.0_mean_300.0_v3" 404 70 "GET http://172.18.0.2:8080/v1/AUTH_50b0ed3b1a764e37a988cc3bfa2bea21/gnocchi.c2d738f1-7261-4b27-84a8-997242ddecc1/1759320000.0_mean_300.0_v3" "txaab0950b03bf441e92107-0068e8b89d" "proxy-server 20" 0.0005 "-" 24 0
Oct 10 07:41:17 standalone proxy-server[131732]: 172.18.0.2 172.18.0.100 10/Oct/2025/07/41/17 GET /v1/AUTH_50b0ed3b1a764e37a988cc3bfa2bea21/gnocchi.c2d738f1-7261-4b27-84a8-997242ddecc1/1759320000.0_mean_300.0_v3 HTTP/1.0 404 - python-swiftclient-3.11.1 gAAAAABo6Lf0eRjD... - 70 - txaab0950b03bf441e92107-0068e8b89d - 0.0084 - - 1760082077.712653160 1760082077.721023321 0
Oct 10 07:41:17 standalone object-server[129796]: 172.20.0.100 - - [10/Oct/2025:07:41:17 +0000] "GET /d1/802/AUTH_50b0ed3b1a764e37a988cc3bfa2bea21/gnocchi.cb517fac-0782-4c6f-b826-e7df890d6e41/1759320000.0_mean_300.0_v3" 404 70 "GET http://172.18.0.2:8080/v1/AUTH_50b0ed3b1a764e37a988cc3bfa2bea21/gnocchi.cb517fac-0782-4c6f-b826-e7df890d6e41/1759320000.0_mean_300.0_v3" "tx5cf69ec759224b759b217-0068e8b89d" "proxy-server 20" 0.0004 "-" 23 0
Oct 10 07:41:17 standalone proxy-server[131732]: 172.18.0.2 172.18.0.100 10/Oct/2025/07/41/17 GET /v1/AUTH_50b0ed3b1a764e37a988cc3bfa2bea21/gnocchi.cb517fac-0782-4c6f-b826-e7df890d6e41/1759320000.0_mean_300.0_v3 HTTP/1.0 404 - python-swiftclient-3.11.1 gAAAAABo6Lf0eRjD... - 70 - tx5cf69ec759224b759b217-0068e8b89d - 0.0077 - - 1760082077.725037098 1760082077.732689381 0
Oct 10 07:41:17 standalone container-server[129605]: 172.20.0.100 - - [10/Oct/2025:07:41:17 +0000] "PUT /d1/434/AUTH_50b0ed3b1a764e37a988cc3bfa2bea21/gnocchi.c2d738f1-7261-4b27-84a8-997242ddecc1/1759320000.0_mean_300.0_v3" 201 - "PUT http://172.18.0.2:8080/d1/55/AUTH_50b0ed3b1a764e37a988cc3bfa2bea21/gnocchi.c2d738f1-7261-4b27-84a8-997242ddecc1/1759320000.0_mean_300.0_v3" "tx036b01cccf5f499b98f16-0068e8b89d" "object-server 25" 0.0008 "-" 14 0
Oct 10 07:41:17 standalone object-server[129804]: 172.20.0.100 - - [10/Oct/2025:07:41:17 +0000] "PUT /d1/55/AUTH_50b0ed3b1a764e37a988cc3bfa2bea21/gnocchi.c2d738f1-7261-4b27-84a8-997242ddecc1/1759320000.0_mean_300.0_v3" 201 - "PUT http://172.18.0.2:8080/v1/AUTH_50b0ed3b1a764e37a988cc3bfa2bea21/gnocchi.c2d738f1-7261-4b27-84a8-997242ddecc1/1759320000.0_mean_300.0_v3" "tx036b01cccf5f499b98f16-0068e8b89d" "proxy-server 20" 0.0112 "-" 25 0
Oct 10 07:41:17 standalone proxy-server[131732]: 172.18.0.2 172.18.0.100 10/Oct/2025/07/41/17 PUT /v1/AUTH_50b0ed3b1a764e37a988cc3bfa2bea21/gnocchi.c2d738f1-7261-4b27-84a8-997242ddecc1/1759320000.0_mean_300.0_v3 HTTP/1.0 201 - python-swiftclient-3.11.1 gAAAAABo6Lf0eRjD... 16 - - tx036b01cccf5f499b98f16-0068e8b89d - 0.0199 - - 1760082077.737150669 1760082077.757027388 0
Oct 10 07:41:17 standalone container-server[129621]: 172.20.0.100 - - [10/Oct/2025:07:41:17 +0000] "PUT /d1/664/AUTH_50b0ed3b1a764e37a988cc3bfa2bea21/gnocchi.cb517fac-0782-4c6f-b826-e7df890d6e41/1759320000.0_mean_300.0_v3" 201 - "PUT http://172.18.0.2:8080/d1/802/AUTH_50b0ed3b1a764e37a988cc3bfa2bea21/gnocchi.cb517fac-0782-4c6f-b826-e7df890d6e41/1759320000.0_mean_300.0_v3" "txcebb730438f945b48a741-0068e8b89d" "object-server 23" 0.0006 "-" 17 0
Oct 10 07:41:17 standalone object-server[129796]: 172.20.0.100 - - [10/Oct/2025:07:41:17 +0000] "PUT /d1/802/AUTH_50b0ed3b1a764e37a988cc3bfa2bea21/gnocchi.cb517fac-0782-4c6f-b826-e7df890d6e41/1759320000.0_mean_300.0_v3" 201 - "PUT http://172.18.0.2:8080/v1/AUTH_50b0ed3b1a764e37a988cc3bfa2bea21/gnocchi.cb517fac-0782-4c6f-b826-e7df890d6e41/1759320000.0_mean_300.0_v3" "txcebb730438f945b48a741-0068e8b89d" "proxy-server 20" 0.0093 "-" 23 0
Oct 10 07:41:17 standalone proxy-server[131732]: 172.18.0.2 172.18.0.100 10/Oct/2025/07/41/17 PUT /v1/AUTH_50b0ed3b1a764e37a988cc3bfa2bea21/gnocchi.cb517fac-0782-4c6f-b826-e7df890d6e41/1759320000.0_mean_300.0_v3 HTTP/1.0 201 - python-swiftclient-3.11.1 gAAAAABo6Lf0eRjD... 16 - - txcebb730438f945b48a741-0068e8b89d - 0.0159 - - 1760082077.761032104 1760082077.776912212 0
Oct 10 07:41:17 standalone container-server[129621]: 172.20.0.100 - - [10/Oct/2025:07:41:17 +0000] "PUT /d1/434/AUTH_50b0ed3b1a764e37a988cc3bfa2bea21/gnocchi.c2d738f1-7261-4b27-84a8-997242ddecc1/none_v3" 201 - "PUT http://172.18.0.2:8080/d1/797/AUTH_50b0ed3b1a764e37a988cc3bfa2bea21/gnocchi.c2d738f1-7261-4b27-84a8-997242ddecc1/none_v3" "txfd8b96749b9c4d8b8f1fe-0068e8b89d" "object-server 24" 0.0004 "-" 17 0
Oct 10 07:41:17 standalone object-server[129801]: 172.20.0.100 - - [10/Oct/2025:07:41:17 +0000] "PUT /d1/797/AUTH_50b0ed3b1a764e37a988cc3bfa2bea21/gnocchi.c2d738f1-7261-4b27-84a8-997242ddecc1/none_v3" 201 - "PUT http://172.18.0.2:8080/v1/AUTH_50b0ed3b1a764e37a988cc3bfa2bea21/gnocchi.c2d738f1-7261-4b27-84a8-997242ddecc1/none_v3" "txfd8b96749b9c4d8b8f1fe-0068e8b89d" "proxy-server 20" 0.0107 "-" 24 0
Oct 10 07:41:17 standalone proxy-server[131732]: 172.18.0.2 172.18.0.100 10/Oct/2025/07/41/17 PUT /v1/AUTH_50b0ed3b1a764e37a988cc3bfa2bea21/gnocchi.c2d738f1-7261-4b27-84a8-997242ddecc1/none_v3 HTTP/1.0 201 - python-swiftclient-3.11.1 gAAAAABo6Lf0eRjD... 22 - - txfd8b96749b9c4d8b8f1fe-0068e8b89d - 0.0196 - - 1760082077.781464577 1760082077.801085949 0
Oct 10 07:41:17 standalone container-server[129614]: 172.20.0.100 - - [10/Oct/2025:07:41:17 +0000] "PUT /d1/664/AUTH_50b0ed3b1a764e37a988cc3bfa2bea21/gnocchi.cb517fac-0782-4c6f-b826-e7df890d6e41/none_v3" 201 - "PUT http://172.18.0.2:8080/d1/169/AUTH_50b0ed3b1a764e37a988cc3bfa2bea21/gnocchi.cb517fac-0782-4c6f-b826-e7df890d6e41/none_v3" "tx2e280179302b40629e202-0068e8b89d" "object-server 24" 0.0008 "-" 16 0
Oct 10 07:41:17 standalone object-server[129801]: 172.20.0.100 - - [10/Oct/2025:07:41:17 +0000] "PUT /d1/169/AUTH_50b0ed3b1a764e37a988cc3bfa2bea21/gnocchi.cb517fac-0782-4c6f-b826-e7df890d6e41/none_v3" 201 - "PUT http://172.18.0.2:8080/v1/AUTH_50b0ed3b1a764e37a988cc3bfa2bea21/gnocchi.cb517fac-0782-4c6f-b826-e7df890d6e41/none_v3" "tx2e280179302b40629e202-0068e8b89d" "proxy-server 20" 0.0119 "-" 24 0
Oct 10 07:41:17 standalone proxy-server[131732]: 172.18.0.2 172.18.0.100 10/Oct/2025/07/41/17 PUT /v1/AUTH_50b0ed3b1a764e37a988cc3bfa2bea21/gnocchi.cb517fac-0782-4c6f-b826-e7df890d6e41/none_v3 HTTP/1.0 201 - python-swiftclient-3.11.1 gAAAAABo6Lf0eRjD... 22 - - tx2e280179302b40629e202-0068e8b89d - 0.0204 - - 1760082077.806009769 1760082077.826423645 0
Oct 10 07:41:17 standalone container-server[129606]: 172.20.0.100 - - [10/Oct/2025:07:41:17 +0000] "HEAD /d1/883/AUTH_50b0ed3b1a764e37a988cc3bfa2bea21/gnocchi.f70bb8dc-a932-4fb1-95e2-68840afa78c4" 404 - "HEAD http://172.18.0.2:8080/v1/AUTH_50b0ed3b1a764e37a988cc3bfa2bea21/gnocchi.f70bb8dc-a932-4fb1-95e2-68840afa78c4?format=json&states=listing" "tx1427bf8519d44ba0b9aa6-0068e8b89d" "proxy-server 20" 0.0006 "-" 15 0
Oct 10 07:41:17 standalone object-server[129784]: 172.20.0.100 - - [10/Oct/2025:07:41:17 +0000] "GET /d1/250/AUTH_50b0ed3b1a764e37a988cc3bfa2bea21/gnocchi.f70bb8dc-a932-4fb1-95e2-68840afa78c4/none_v3" 404 70 "GET http://172.18.0.2:8080/v1/AUTH_50b0ed3b1a764e37a988cc3bfa2bea21/gnocchi.f70bb8dc-a932-4fb1-95e2-68840afa78c4/none_v3" "tx1427bf8519d44ba0b9aa6-0068e8b89d" "proxy-server 20" 0.0005 "-" 22 0
Oct 10 07:41:17 standalone proxy-server[131732]: 172.18.0.2 172.18.0.100 10/Oct/2025/07/41/17 GET /v1/AUTH_50b0ed3b1a764e37a988cc3bfa2bea21/gnocchi.f70bb8dc-a932-4fb1-95e2-68840afa78c4/none_v3 HTTP/1.0 404 - python-swiftclient-3.11.1 gAAAAABo6Lf0eRjD... - 70 - tx1427bf8519d44ba0b9aa6-0068e8b89d - 0.0126 - - 1760082077.844059229 1760082077.856626034 0
Oct 10 07:41:17 standalone account-server[129591]: 172.20.0.100 - - [10/Oct/2025:07:41:17 +0000] "PUT /d1/512/AUTH_50b0ed3b1a764e37a988cc3bfa2bea21/gnocchi.f70bb8dc-a932-4fb1-95e2-68840afa78c4" 201 - "PUT http://172.20.0.100:6001/d1/883/AUTH_50b0ed3b1a764e37a988cc3bfa2bea21/gnocchi.f70bb8dc-a932-4fb1-95e2-68840afa78c4" "txda34619a0a354e3598bfc-0068e8b89d" "container-server 16" 0.0078 "-" 22 0
Oct 10 07:41:17 standalone container-server[129614]: 172.20.0.100 - - [10/Oct/2025:07:41:17 +0000] "PUT /d1/883/AUTH_50b0ed3b1a764e37a988cc3bfa2bea21/gnocchi.f70bb8dc-a932-4fb1-95e2-68840afa78c4" 201 - "PUT http://172.18.0.2:8080/v1/AUTH_50b0ed3b1a764e37a988cc3bfa2bea21/gnocchi.f70bb8dc-a932-4fb1-95e2-68840afa78c4" "txda34619a0a354e3598bfc-0068e8b89d" "proxy-server 20" 0.0260 "-" 16 0
Oct 10 07:41:17 standalone proxy-server[131732]: 172.18.0.2 172.18.0.100 10/Oct/2025/07/41/17 PUT /v1/AUTH_50b0ed3b1a764e37a988cc3bfa2bea21/gnocchi.f70bb8dc-a932-4fb1-95e2-68840afa78c4 HTTP/1.0 201 - python-swiftclient-3.11.1 gAAAAABo6Lf0eRjD... - - - txda34619a0a354e3598bfc-0068e8b89d - 0.0318 - - 1760082077.859844446 1760082077.891663551 0
Oct 10 07:41:17 standalone container-server[129605]: 172.20.0.100 - - [10/Oct/2025:07:41:17 +0000] "HEAD /d1/883/AUTH_50b0ed3b1a764e37a988cc3bfa2bea21/gnocchi.f70bb8dc-a932-4fb1-95e2-68840afa78c4" 204 - "HEAD http://172.18.0.2:8080/v1/AUTH_50b0ed3b1a764e37a988cc3bfa2bea21/gnocchi.f70bb8dc-a932-4fb1-95e2-68840afa78c4?format=json&states=listing" "txcbe40d3c9d3146af9ee0f-0068e8b89d" "proxy-server 20" 0.0012 "-" 14 0
Oct 10 07:41:17 standalone proxy-server[131732]: - - 10/Oct/2025/07/41/17 HEAD /v1/AUTH_50b0ed3b1a764e37a988cc3bfa2bea21/gnocchi.f70bb8dc-a932-4fb1-95e2-68840afa78c4%3Fformat%3Djson%26states%3Dlisting HTTP/1.0 204 - Swift - - - - txcbe40d3c9d3146af9ee0f-0068e8b89d - 0.0055 RL - 1760082077.898814440 1760082077.904335022 0
Oct 10 07:41:17 standalone container-server[129605]: 172.20.0.100 - - [10/Oct/2025:07:41:17 +0000] "GET /d1/883/AUTH_50b0ed3b1a764e37a988cc3bfa2bea21/gnocchi.f70bb8dc-a932-4fb1-95e2-68840afa78c4" 200 2 "GET http://172.18.0.2:8080/v1/AUTH_50b0ed3b1a764e37a988cc3bfa2bea21/gnocchi.f70bb8dc-a932-4fb1-95e2-68840afa78c4?format=json&states=listing" "txcbe40d3c9d3146af9ee0f-0068e8b89d" "proxy-server 20" 0.0019 "-" 14 0
Oct 10 07:41:17 standalone proxy-server[131732]: 172.18.0.2 172.18.0.100 10/Oct/2025/07/41/17 GET /v1/AUTH_50b0ed3b1a764e37a988cc3bfa2bea21/gnocchi.f70bb8dc-a932-4fb1-95e2-68840afa78c4%3Fformat%3Djson%26states%3Dlisting HTTP/1.0 200 - python-swiftclient-3.11.1 gAAAAABo6Lf0eRjD... - 2 - txcbe40d3c9d3146af9ee0f-0068e8b89d - 0.0174 - - 1760082077.897270203 1760082077.914628029 0
Oct 10 07:41:17 standalone object-server[129784]: 172.20.0.100 - - [10/Oct/2025:07:41:17 +0000] "GET /d1/783/AUTH_50b0ed3b1a764e37a988cc3bfa2bea21/gnocchi.f70bb8dc-a932-4fb1-95e2-68840afa78c4/1759320000.0_mean_300.0_v3" 404 70 "GET http://172.18.0.2:8080/v1/AUTH_50b0ed3b1a764e37a988cc3bfa2bea21/gnocchi.f70bb8dc-a932-4fb1-95e2-68840afa78c4/1759320000.0_mean_300.0_v3" "txeb22e66069ed4b70b2063-0068e8b89d" "proxy-server 20" 0.0004 "-" 22 0
Oct 10 07:41:17 standalone proxy-server[131732]: 172.18.0.2 172.18.0.100 10/Oct/2025/07/41/17 GET /v1/AUTH_50b0ed3b1a764e37a988cc3bfa2bea21/gnocchi.f70bb8dc-a932-4fb1-95e2-68840afa78c4/1759320000.0_mean_300.0_v3 HTTP/1.0 404 - python-swiftclient-3.11.1 gAAAAABo6Lf0eRjD... - 70 - txeb22e66069ed4b70b2063-0068e8b89d - 0.0082 - - 1760082077.919932365 1760082077.928178549 0
Oct 10 07:41:17 standalone container-server[129606]: 172.20.0.100 - - [10/Oct/2025:07:41:17 +0000] "PUT /d1/883/AUTH_50b0ed3b1a764e37a988cc3bfa2bea21/gnocchi.f70bb8dc-a932-4fb1-95e2-68840afa78c4/1759320000.0_mean_300.0_v3" 201 - "PUT http://172.18.0.2:8080/d1/783/AUTH_50b0ed3b1a764e37a988cc3bfa2bea21/gnocchi.f70bb8dc-a932-4fb1-95e2-68840afa78c4/1759320000.0_mean_300.0_v3" "txdfccd8b167b84256a37ed-0068e8b89d" "object-server 25" 0.0009 "-" 15 0
Oct 10 07:41:17 standalone object-server[129804]: 172.20.0.100 - - [10/Oct/2025:07:41:17 +0000] "PUT /d1/783/AUTH_50b0ed3b1a764e37a988cc3bfa2bea21/gnocchi.f70bb8dc-a932-4fb1-95e2-68840afa78c4/1759320000.0_mean_300.0_v3" 201 - "PUT http://172.18.0.2:8080/v1/AUTH_50b0ed3b1a764e37a988cc3bfa2bea21/gnocchi.f70bb8dc-a932-4fb1-95e2-68840afa78c4/1759320000.0_mean_300.0_v3" "txdfccd8b167b84256a37ed-0068e8b89d" "proxy-server 20" 0.0108 "-" 25 0
Oct 10 07:41:17 standalone proxy-server[131732]: 172.18.0.2 172.18.0.100 10/Oct/2025/07/41/17 PUT /v1/AUTH_50b0ed3b1a764e37a988cc3bfa2bea21/gnocchi.f70bb8dc-a932-4fb1-95e2-68840afa78c4/1759320000.0_mean_300.0_v3 HTTP/1.0 201 - python-swiftclient-3.11.1 gAAAAABo6Lf0eRjD... 16 - - txdfccd8b167b84256a37ed-0068e8b89d - 0.0181 - - 1760082077.936597109 1760082077.954651594 0
Oct 10 07:41:17 standalone container-server[129606]: 172.20.0.100 - - [10/Oct/2025:07:41:17 +0000] "PUT /d1/883/AUTH_50b0ed3b1a764e37a988cc3bfa2bea21/gnocchi.f70bb8dc-a932-4fb1-95e2-68840afa78c4/none_v3" 201 - "PUT http://172.18.0.2:8080/d1/250/AUTH_50b0ed3b1a764e37a988cc3bfa2bea21/gnocchi.f70bb8dc-a932-4fb1-95e2-68840afa78c4/none_v3" "tx3e32218998604daea5ff2-0068e8b89d" "object-server 23" 0.0006 "-" 15 0
Oct 10 07:41:17 standalone object-server[129796]: 172.20.0.100 - - [10/Oct/2025:07:41:17 +0000] "PUT /d1/250/AUTH_50b0ed3b1a764e37a988cc3bfa2bea21/gnocchi.f70bb8dc-a932-4fb1-95e2-68840afa78c4/none_v3" 201 - "PUT http://172.18.0.2:8080/v1/AUTH_50b0ed3b1a764e37a988cc3bfa2bea21/gnocchi.f70bb8dc-a932-4fb1-95e2-68840afa78c4/none_v3" "tx3e32218998604daea5ff2-0068e8b89d" "proxy-server 20" 0.0113 "-" 23 0
Oct 10 07:41:17 standalone proxy-server[131732]: 172.18.0.2 172.18.0.100 10/Oct/2025/07/41/17 PUT /v1/AUTH_50b0ed3b1a764e37a988cc3bfa2bea21/gnocchi.f70bb8dc-a932-4fb1-95e2-68840afa78c4/none_v3 HTTP/1.0 201 - python-swiftclient-3.11.1 gAAAAABo6Lf0eRjD... 22 - - tx3e32218998604daea5ff2-0068e8b89d - 0.0198 - - 1760082077.959368467 1760082077.979181767 0
Oct 10 07:41:18 standalone container-server[129606]: 172.20.0.100 - - [10/Oct/2025:07:41:18 +0000] "HEAD /d1/848/AUTH_50b0ed3b1a764e37a988cc3bfa2bea21/gnocchi.048ca54c-a1cc-4bb0-a75b-9e29f5bf79c7" 404 - "HEAD http://172.18.0.2:8080/v1/AUTH_50b0ed3b1a764e37a988cc3bfa2bea21/gnocchi.048ca54c-a1cc-4bb0-a75b-9e29f5bf79c7?format=json&states=listing" "tx5b98b432d761454b980d3-0068e8b89d" "proxy-server 20" 0.0003 "-" 15 0
Oct 10 07:41:18 standalone object-server[129804]: 172.20.0.100 - - [10/Oct/2025:07:41:18 +0000] "GET /d1/159/AUTH_50b0ed3b1a764e37a988cc3bfa2bea21/gnocchi.048ca54c-a1cc-4bb0-a75b-9e29f5bf79c7/none_v3" 404 70 "GET http://172.18.0.2:8080/v1/AUTH_50b0ed3b1a764e37a988cc3bfa2bea21/gnocchi.048ca54c-a1cc-4bb0-a75b-9e29f5bf79c7/none_v3" "tx5b98b432d761454b980d3-0068e8b89d" "proxy-server 20" 0.0005 "-" 25 0
Oct 10 07:41:18 standalone proxy-server[131732]: 172.18.0.2 172.18.0.100 10/Oct/2025/07/41/18 GET /v1/AUTH_50b0ed3b1a764e37a988cc3bfa2bea21/gnocchi.048ca54c-a1cc-4bb0-a75b-9e29f5bf79c7/none_v3 HTTP/1.0 404 - python-swiftclient-3.11.1 gAAAAABo6Lf0eRjD... - 70 - tx5b98b432d761454b980d3-0068e8b89d - 0.0093 - - 1760082077.997427225 1760082078.006711960 0
Oct 10 07:41:18 standalone account-server[129564]: 172.20.0.100 - - [10/Oct/2025:07:41:18 +0000] "PUT /d1/512/AUTH_50b0ed3b1a764e37a988cc3bfa2bea21/gnocchi.048ca54c-a1cc-4bb0-a75b-9e29f5bf79c7" 201 - "PUT http://172.20.0.100:6001/d1/848/AUTH_50b0ed3b1a764e37a988cc3bfa2bea21/gnocchi.048ca54c-a1cc-4bb0-a75b-9e29f5bf79c7" "tx2fc1104429204bd1a3c92-0068e8b89e" "container-server 15" 0.0049 "-" 21 0
Oct 10 07:41:18 standalone container-server[129606]: 172.20.0.100 - - [10/Oct/2025:07:41:18 +0000] "PUT /d1/848/AUTH_50b0ed3b1a764e37a988cc3bfa2bea21/gnocchi.048ca54c-a1cc-4bb0-a75b-9e29f5bf79c7" 201 - "PUT http://172.18.0.2:8080/v1/AUTH_50b0ed3b1a764e37a988cc3bfa2bea21/gnocchi.048ca54c-a1cc-4bb0-a75b-9e29f5bf79c7" "tx2fc1104429204bd1a3c92-0068e8b89e" "proxy-server 20" 0.0145 "-" 15 0
Oct 10 07:41:18 standalone proxy-server[131732]: 172.18.0.2 172.18.0.100 10/Oct/2025/07/41/18 PUT /v1/AUTH_50b0ed3b1a764e37a988cc3bfa2bea21/gnocchi.048ca54c-a1cc-4bb0-a75b-9e29f5bf79c7 HTTP/1.0 201 - python-swiftclient-3.11.1 gAAAAABo6Lf0eRjD... - - - tx2fc1104429204bd1a3c92-0068e8b89e - 0.0181 - - 1760082078.010370016 1760082078.028504133 0
Oct 10 07:41:18 standalone container-server[129605]: 172.20.0.100 - - [10/Oct/2025:07:41:18 +0000] "HEAD /d1/634/AUTH_50b0ed3b1a764e37a988cc3bfa2bea21/gnocchi.0a9370cc-5b90-4af1-a178-042fc11cb3c7" 404 - "HEAD http://172.18.0.2:8080/v1/AUTH_50b0ed3b1a764e37a988cc3bfa2bea21/gnocchi.0a9370cc-5b90-4af1-a178-042fc11cb3c7?format=json&states=listing" "txb61477e01f854f888da98-0068e8b89e" "proxy-server 20" 0.0004 "-" 14 0
Oct 10 07:41:18 standalone object-server[129784]: 172.20.0.100 - - [10/Oct/2025:07:41:18 +0000] "GET /d1/853/AUTH_50b0ed3b1a764e37a988cc3bfa2bea21/gnocchi.0a9370cc-5b90-4af1-a178-042fc11cb3c7/none_v3" 404 70 "GET http://172.18.0.2:8080/v1/AUTH_50b0ed3b1a764e37a988cc3bfa2bea21/gnocchi.0a9370cc-5b90-4af1-a178-042fc11cb3c7/none_v3" "txb61477e01f854f888da98-0068e8b89e" "proxy-server 20" 0.0003 "-" 22 0
Oct 10 07:41:18 standalone proxy-server[131732]: 172.18.0.2 172.18.0.100 10/Oct/2025/07/41/18 GET /v1/AUTH_50b0ed3b1a764e37a988cc3bfa2bea21/gnocchi.0a9370cc-5b90-4af1-a178-042fc11cb3c7/none_v3 HTTP/1.0 404 - python-swiftclient-3.11.1 gAAAAABo6Lf0eRjD... - 70 - txb61477e01f854f888da98-0068e8b89e - 0.0112 - - 1760082078.032174587 1760082078.043338060 0
Oct 10 07:41:18 standalone account-server[129564]: 172.20.0.100 - - [10/Oct/2025:07:41:18 +0000] "PUT /d1/512/AUTH_50b0ed3b1a764e37a988cc3bfa2bea21/gnocchi.0a9370cc-5b90-4af1-a178-042fc11cb3c7" 201 - "PUT http://172.20.0.100:6001/d1/634/AUTH_50b0ed3b1a764e37a988cc3bfa2bea21/gnocchi.0a9370cc-5b90-4af1-a178-042fc11cb3c7" "txae28dd6711d049e2994d6-0068e8b89e" "container-server 16" 0.0054 "-" 21 0
Oct 10 07:41:18 standalone container-server[129614]: 172.20.0.100 - - [10/Oct/2025:07:41:18 +0000] "PUT /d1/634/AUTH_50b0ed3b1a764e37a988cc3bfa2bea21/gnocchi.0a9370cc-5b90-4af1-a178-042fc11cb3c7" 201 - "PUT http://172.18.0.2:8080/v1/AUTH_50b0ed3b1a764e37a988cc3bfa2bea21/gnocchi.0a9370cc-5b90-4af1-a178-042fc11cb3c7" "txae28dd6711d049e2994d6-0068e8b89e" "proxy-server 20" 0.0192 "-" 16 0
Oct 10 07:41:18 standalone proxy-server[131732]: 172.18.0.2 172.18.0.100 10/Oct/2025/07/41/18 PUT /v1/AUTH_50b0ed3b1a764e37a988cc3bfa2bea21/gnocchi.0a9370cc-5b90-4af1-a178-042fc11cb3c7 HTTP/1.0 201 - python-swiftclient-3.11.1 gAAAAABo6Lf0eRjD... - - - txae28dd6711d049e2994d6-0068e8b89e - 0.0276 - - 1760082078.045811176 1760082078.073384762 0
Oct 10 07:41:18 standalone container-server[129606]: 172.20.0.100 - - [10/Oct/2025:07:41:18 +0000] "HEAD /d1/848/AUTH_50b0ed3b1a764e37a988cc3bfa2bea21/gnocchi.048ca54c-a1cc-4bb0-a75b-9e29f5bf79c7" 204 - "HEAD http://172.18.0.2:8080/v1/AUTH_50b0ed3b1a764e37a988cc3bfa2bea21/gnocchi.048ca54c-a1cc-4bb0-a75b-9e29f5bf79c7?format=json&states=listing" "tx23d7d0b712af4720a1c12-0068e8b89e" "proxy-server 20" 0.0023 "-" 15 0
Oct 10 07:41:18 standalone proxy-server[131732]: - - 10/Oct/2025/07/41/18 HEAD /v1/AUTH_50b0ed3b1a764e37a988cc3bfa2bea21/gnocchi.048ca54c-a1cc-4bb0-a75b-9e29f5bf79c7%3Fformat%3Djson%26states%3Dlisting HTTP/1.0 204 - Swift - - - - tx23d7d0b712af4720a1c12-0068e8b89e - 0.0114 RL - 1760082078.081628084 1760082078.093006134 0
Oct 10 07:41:18 standalone container-server[129621]: 172.20.0.100 - - [10/Oct/2025:07:41:18 +0000] "GET /d1/848/AUTH_50b0ed3b1a764e37a988cc3bfa2bea21/gnocchi.048ca54c-a1cc-4bb0-a75b-9e29f5bf79c7" 200 2 "GET http://172.18.0.2:8080/v1/AUTH_50b0ed3b1a764e37a988cc3bfa2bea21/gnocchi.048ca54c-a1cc-4bb0-a75b-9e29f5bf79c7?format=json&states=listing" "tx23d7d0b712af4720a1c12-0068e8b89e" "proxy-server 20" 0.0040 "-" 17 0
Oct 10 07:41:18 standalone proxy-server[131732]: 172.18.0.2 172.18.0.100 10/Oct/2025/07/41/18 GET /v1/AUTH_50b0ed3b1a764e37a988cc3bfa2bea21/gnocchi.048ca54c-a1cc-4bb0-a75b-9e29f5bf79c7%3Fformat%3Djson%26states%3Dlisting HTTP/1.0 200 - python-swiftclient-3.11.1 gAAAAABo6Lf0eRjD... - 2 - tx23d7d0b712af4720a1c12-0068e8b89e - 0.0286 - - 1760082078.078866959 1760082078.107429743 0
Oct 10 07:41:18 standalone container-server[129605]: 172.20.0.100 - - [10/Oct/2025:07:41:18 +0000] "HEAD /d1/634/AUTH_50b0ed3b1a764e37a988cc3bfa2bea21/gnocchi.0a9370cc-5b90-4af1-a178-042fc11cb3c7" 204 - "HEAD http://172.18.0.2:8080/v1/AUTH_50b0ed3b1a764e37a988cc3bfa2bea21/gnocchi.0a9370cc-5b90-4af1-a178-042fc11cb3c7?format=json&states=listing" "txe584a0d4467a43d28ade5-0068e8b89e" "proxy-server 20" 0.0022 "-" 14 0
Oct 10 07:41:18 standalone proxy-server[131732]: - - 10/Oct/2025/07/41/18 HEAD /v1/AUTH_50b0ed3b1a764e37a988cc3bfa2bea21/gnocchi.0a9370cc-5b90-4af1-a178-042fc11cb3c7%3Fformat%3Djson%26states%3Dlisting HTTP/1.0 204 - Swift - - - - txe584a0d4467a43d28ade5-0068e8b89e - 0.0074 RL - 1760082078.114984512 1760082078.122367382 0
Oct 10 07:41:18 standalone container-server[129621]: 172.20.0.100 - - [10/Oct/2025:07:41:18 +0000] "GET /d1/634/AUTH_50b0ed3b1a764e37a988cc3bfa2bea21/gnocchi.0a9370cc-5b90-4af1-a178-042fc11cb3c7" 200 2 "GET http://172.18.0.2:8080/v1/AUTH_50b0ed3b1a764e37a988cc3bfa2bea21/gnocchi.0a9370cc-5b90-4af1-a178-042fc11cb3c7?format=json&states=listing" "txe584a0d4467a43d28ade5-0068e8b89e" "proxy-server 20" 0.0035 "-" 17 0
Oct 10 07:41:18 standalone proxy-server[131732]: 172.18.0.2 172.18.0.100 10/Oct/2025/07/41/18 GET /v1/AUTH_50b0ed3b1a764e37a988cc3bfa2bea21/gnocchi.0a9370cc-5b90-4af1-a178-042fc11cb3c7%3Fformat%3Djson%26states%3Dlisting HTTP/1.0 200 - python-swiftclient-3.11.1 gAAAAABo6Lf0eRjD... - 2 - txe584a0d4467a43d28ade5-0068e8b89e - 0.0217 - - 1760082078.113440514 1760082078.135120392 0
Oct 10 07:41:18 standalone object-server[129801]: 172.20.0.100 - - [10/Oct/2025:07:41:18 +0000] "GET /d1/962/AUTH_50b0ed3b1a764e37a988cc3bfa2bea21/gnocchi.048ca54c-a1cc-4bb0-a75b-9e29f5bf79c7/1759320000.0_mean_300.0_v3" 404 70 "GET http://172.18.0.2:8080/v1/AUTH_50b0ed3b1a764e37a988cc3bfa2bea21/gnocchi.048ca54c-a1cc-4bb0-a75b-9e29f5bf79c7/1759320000.0_mean_300.0_v3" "txaf898c0226e644c595f45-0068e8b89e" "proxy-server 20" 0.0005 "-" 24 0
Oct 10 07:41:18 standalone proxy-server[131732]: 172.18.0.2 172.18.0.100 10/Oct/2025/07/41/18 GET /v1/AUTH_50b0ed3b1a764e37a988cc3bfa2bea21/gnocchi.048ca54c-a1cc-4bb0-a75b-9e29f5bf79c7/1759320000.0_mean_300.0_v3 HTTP/1.0 404 - python-swiftclient-3.11.1 gAAAAABo6Lf0eRjD... - 70 - txaf898c0226e644c595f45-0068e8b89e - 0.0084 - - 1760082078.139250517 1760082078.147664309 0
Oct 10 07:41:18 standalone object-server[129796]: 172.20.0.100 - - [10/Oct/2025:07:41:18 +0000] "GET /d1/199/AUTH_50b0ed3b1a764e37a988cc3bfa2bea21/gnocchi.0a9370cc-5b90-4af1-a178-042fc11cb3c7/1759320000.0_mean_300.0_v3" 404 70 "GET http://172.18.0.2:8080/v1/AUTH_50b0ed3b1a764e37a988cc3bfa2bea21/gnocchi.0a9370cc-5b90-4af1-a178-042fc11cb3c7/1759320000.0_mean_300.0_v3" "tx0ea46b5e22e64b0abc632-0068e8b89e" "proxy-server 20" 0.0005 "-" 23 0
Oct 10 07:41:18 standalone proxy-server[131732]: 172.18.0.2 172.18.0.100 10/Oct/2025/07/41/18 GET /v1/AUTH_50b0ed3b1a764e37a988cc3bfa2bea21/gnocchi.0a9370cc-5b90-4af1-a178-042fc11cb3c7/1759320000.0_mean_300.0_v3 HTTP/1.0 404 - python-swiftclient-3.11.1 gAAAAABo6Lf0eRjD... - 70 - tx0ea46b5e22e64b0abc632-0068e8b89e - 0.0085 - - 1760082078.150748253 1760082078.159233570 0
Oct 10 07:41:18 standalone container-server[129614]: 172.20.0.100 - - [10/Oct/2025:07:41:18 +0000] "PUT /d1/848/AUTH_50b0ed3b1a764e37a988cc3bfa2bea21/gnocchi.048ca54c-a1cc-4bb0-a75b-9e29f5bf79c7/1759320000.0_mean_300.0_v3" 201 - "PUT http://172.18.0.2:8080/d1/962/AUTH_50b0ed3b1a764e37a988cc3bfa2bea21/gnocchi.048ca54c-a1cc-4bb0-a75b-9e29f5bf79c7/1759320000.0_mean_300.0_v3" "tx457d20f5dddb4976977c1-0068e8b89e" "object-server 23" 0.0004 "-" 16 0
Oct 10 07:41:18 standalone object-server[129796]: 172.20.0.100 - - [10/Oct/2025:07:41:18 +0000] "PUT /d1/962/AUTH_50b0ed3b1a764e37a988cc3bfa2bea21/gnocchi.048ca54c-a1cc-4bb0-a75b-9e29f5bf79c7/1759320000.0_mean_300.0_v3" 201 - "PUT http://172.18.0.2:8080/v1/AUTH_50b0ed3b1a764e37a988cc3bfa2bea21/gnocchi.048ca54c-a1cc-4bb0-a75b-9e29f5bf79c7/1759320000.0_mean_300.0_v3" "tx457d20f5dddb4976977c1-0068e8b89e" "proxy-server 20" 0.0100 "-" 23 0
Oct 10 07:41:18 standalone proxy-server[131732]: 172.18.0.2 172.18.0.100 10/Oct/2025/07/41/18 PUT /v1/AUTH_50b0ed3b1a764e37a988cc3bfa2bea21/gnocchi.048ca54c-a1cc-4bb0-a75b-9e29f5bf79c7/1759320000.0_mean_300.0_v3 HTTP/1.0 201 - python-swiftclient-3.11.1 gAAAAABo6Lf0eRjD... 16 - - tx457d20f5dddb4976977c1-0068e8b89e - 0.0185 - - 1760082078.162524700 1760082078.181033373 0
Oct 10 07:41:18 standalone container-server[129621]: 172.20.0.100 - - [10/Oct/2025:07:41:18 +0000] "PUT /d1/634/AUTH_50b0ed3b1a764e37a988cc3bfa2bea21/gnocchi.0a9370cc-5b90-4af1-a178-042fc11cb3c7/1759320000.0_mean_300.0_v3" 201 - "PUT http://172.18.0.2:8080/d1/199/AUTH_50b0ed3b1a764e37a988cc3bfa2bea21/gnocchi.0a9370cc-5b90-4af1-a178-042fc11cb3c7/1759320000.0_mean_300.0_v3" "tx08e3db6ddcaa4cb68ac8e-0068e8b89e" "object-server 22" 0.0011 "-" 17 0
Oct 10 07:41:18 standalone object-server[129784]: 172.20.0.100 - - [10/Oct/2025:07:41:18 +0000] "PUT /d1/199/AUTH_50b0ed3b1a764e37a988cc3bfa2bea21/gnocchi.0a9370cc-5b90-4af1-a178-042fc11cb3c7/1759320000.0_mean_300.0_v3" 201 - "PUT http://172.18.0.2:8080/v1/AUTH_50b0ed3b1a764e37a988cc3bfa2bea21/gnocchi.0a9370cc-5b90-4af1-a178-042fc11cb3c7/1759320000.0_mean_300.0_v3" "tx08e3db6ddcaa4cb68ac8e-0068e8b89e" "proxy-server 20" 0.0120 "-" 22 0
Oct 10 07:41:18 standalone proxy-server[131732]: 172.18.0.2 172.18.0.100 10/Oct/2025/07/41/18 PUT /v1/AUTH_50b0ed3b1a764e37a988cc3bfa2bea21/gnocchi.0a9370cc-5b90-4af1-a178-042fc11cb3c7/1759320000.0_mean_300.0_v3 HTTP/1.0 201 - python-swiftclient-3.11.1 gAAAAABo6Lf0eRjD... 16 - - tx08e3db6ddcaa4cb68ac8e-0068e8b89e - 0.0208 - - 1760082078.184154987 1760082078.204992294 0
Oct 10 07:41:18 standalone container-server[129621]: 172.20.0.100 - - [10/Oct/2025:07:41:18 +0000] "PUT /d1/848/AUTH_50b0ed3b1a764e37a988cc3bfa2bea21/gnocchi.048ca54c-a1cc-4bb0-a75b-9e29f5bf79c7/none_v3" 201 - "PUT http://172.18.0.2:8080/d1/159/AUTH_50b0ed3b1a764e37a988cc3bfa2bea21/gnocchi.048ca54c-a1cc-4bb0-a75b-9e29f5bf79c7/none_v3" "tx48ae931801104bafb97f6-0068e8b89e" "object-server 22" 0.0005 "-" 17 0
Oct 10 07:41:18 standalone object-server[129784]: 172.20.0.100 - - [10/Oct/2025:07:41:18 +0000] "PUT /d1/159/AUTH_50b0ed3b1a764e37a988cc3bfa2bea21/gnocchi.048ca54c-a1cc-4bb0-a75b-9e29f5bf79c7/none_v3" 201 - "PUT http://172.18.0.2:8080/v1/AUTH_50b0ed3b1a764e37a988cc3bfa2bea21/gnocchi.048ca54c-a1cc-4bb0-a75b-9e29f5bf79c7/none_v3" "tx48ae931801104bafb97f6-0068e8b89e" "proxy-server 20" 0.0105 "-" 22 0
Oct 10 07:41:18 standalone proxy-server[131732]: 172.18.0.2 172.18.0.100 10/Oct/2025/07/41/18 PUT /v1/AUTH_50b0ed3b1a764e37a988cc3bfa2bea21/gnocchi.048ca54c-a1cc-4bb0-a75b-9e29f5bf79c7/none_v3 HTTP/1.0 201 - python-swiftclient-3.11.1 gAAAAABo6Lf0eRjD... 22 - - tx48ae931801104bafb97f6-0068e8b89e - 0.0180 - - 1760082078.208173513 1760082078.226222992 0
Oct 10 07:41:18 standalone container-server[129621]: 172.20.0.100 - - [10/Oct/2025:07:41:18 +0000] "PUT /d1/634/AUTH_50b0ed3b1a764e37a988cc3bfa2bea21/gnocchi.0a9370cc-5b90-4af1-a178-042fc11cb3c7/none_v3" 201 - "PUT http://172.18.0.2:8080/d1/853/AUTH_50b0ed3b1a764e37a988cc3bfa2bea21/gnocchi.0a9370cc-5b90-4af1-a178-042fc11cb3c7/none_v3" "tx2588f4521aa64bdb948d3-0068e8b89e" "object-server 23" 0.0008 "-" 17 0
Oct 10 07:41:18 standalone object-server[129796]: 172.20.0.100 - - [10/Oct/2025:07:41:18 +0000] "PUT /d1/853/AUTH_50b0ed3b1a764e37a988cc3bfa2bea21/gnocchi.0a9370cc-5b90-4af1-a178-042fc11cb3c7/none_v3" 201 - "PUT http://172.18.0.2:8080/v1/AUTH_50b0ed3b1a764e37a988cc3bfa2bea21/gnocchi.0a9370cc-5b90-4af1-a178-042fc11cb3c7/none_v3" "tx2588f4521aa64bdb948d3-0068e8b89e" "proxy-server 20" 0.0107 "-" 23 0
Oct 10 07:41:18 standalone proxy-server[131732]: 172.18.0.2 172.18.0.100 10/Oct/2025/07/41/18 PUT /v1/AUTH_50b0ed3b1a764e37a988cc3bfa2bea21/gnocchi.0a9370cc-5b90-4af1-a178-042fc11cb3c7/none_v3 HTTP/1.0 201 - python-swiftclient-3.11.1 gAAAAABo6Lf0eRjD... 22 - - tx2588f4521aa64bdb948d3-0068e8b89e - 0.0187 - - 1760082078.229398489 1760082078.248060942 0
Oct 10 07:41:18 standalone container-server[129605]: 172.20.0.100 - - [10/Oct/2025:07:41:18 +0000] "HEAD /d1/783/AUTH_50b0ed3b1a764e37a988cc3bfa2bea21/gnocchi.143a28f4-377c-4049-9893-2220aba482c9" 404 - "HEAD http://172.18.0.2:8080/v1/AUTH_50b0ed3b1a764e37a988cc3bfa2bea21/gnocchi.143a28f4-377c-4049-9893-2220aba482c9?format=json&states=listing" "tx0ce1085ed39447dd8c5d7-0068e8b89e" "proxy-server 20" 0.0005 "-" 14 0
