Nov 22 09:40:14 standalone container-server[127326]: 172.20.0.100 - - [22/Nov/2025:09:40:14 +0000] "HEAD /d1/995/AUTH_fff18441fa584bcdbd413ba4522fdfda/gnocchi.af04d75b-ad33-40c8-ac9a-507c9719be5d" 404 - "HEAD http://172.18.0.2:8080/v1/AUTH_fff18441fa584bcdbd413ba4522fdfda/gnocchi.af04d75b-ad33-40c8-ac9a-507c9719be5d?format=json&states=listing" "txce23263541ee480f87842-00692184fe" "proxy-server 20" 0.0007 "-" 23 0
Nov 22 09:40:14 standalone object-server[127515]: 172.20.0.100 - - [22/Nov/2025:09:40:14 +0000] "GET /d1/763/AUTH_fff18441fa584bcdbd413ba4522fdfda/gnocchi.af04d75b-ad33-40c8-ac9a-507c9719be5d/none_v3" 404 70 "GET http://172.18.0.2:8080/v1/AUTH_fff18441fa584bcdbd413ba4522fdfda/gnocchi.af04d75b-ad33-40c8-ac9a-507c9719be5d/none_v3" "txce23263541ee480f87842-00692184fe" "proxy-server 20" 0.0006 "-" 22 0
Nov 22 09:40:14 standalone proxy-server[129180]: 172.18.0.2 172.18.0.100 22/Nov/2025/09/40/14 GET /v1/AUTH_fff18441fa584bcdbd413ba4522fdfda/gnocchi.af04d75b-ad33-40c8-ac9a-507c9719be5d/none_v3 HTTP/1.0 404 - python-swiftclient-3.11.1 gAAAAABpIYRd83Di... - 70 - txce23263541ee480f87842-00692184fe - 0.0153 - - 1763804414.693856001 1763804414.709204674 0
Nov 22 09:40:14 standalone account-server[127077]: 172.20.0.100 - - [22/Nov/2025:09:40:14 +0000] "PUT /d1/19/AUTH_fff18441fa584bcdbd413ba4522fdfda/gnocchi.af04d75b-ad33-40c8-ac9a-507c9719be5d" 201 - "PUT http://172.20.0.100:6001/d1/995/AUTH_fff18441fa584bcdbd413ba4522fdfda/gnocchi.af04d75b-ad33-40c8-ac9a-507c9719be5d" "txd9b1168523c2440d820e7-00692184fe" "container-server 20" 0.0066 "-" 19 0
Nov 22 09:40:14 standalone container-server[127286]: 172.20.0.100 - - [22/Nov/2025:09:40:14 +0000] "PUT /d1/995/AUTH_fff18441fa584bcdbd413ba4522fdfda/gnocchi.af04d75b-ad33-40c8-ac9a-507c9719be5d" 201 - "PUT http://172.18.0.2:8080/v1/AUTH_fff18441fa584bcdbd413ba4522fdfda/gnocchi.af04d75b-ad33-40c8-ac9a-507c9719be5d" "txd9b1168523c2440d820e7-00692184fe" "proxy-server 20" 0.0199 "-" 20 0
Nov 22 09:40:14 standalone proxy-server[129180]: 172.18.0.2 172.18.0.100 22/Nov/2025/09/40/14 PUT /v1/AUTH_fff18441fa584bcdbd413ba4522fdfda/gnocchi.af04d75b-ad33-40c8-ac9a-507c9719be5d HTTP/1.0 201 - python-swiftclient-3.11.1 gAAAAABpIYRd83Di... - - - txd9b1168523c2440d820e7-00692184fe - 0.0277 - - 1763804414.712514162 1763804414.740209341 0
Nov 22 09:40:14 standalone container-server[127326]: 172.20.0.100 - - [22/Nov/2025:09:40:14 +0000] "HEAD /d1/995/AUTH_fff18441fa584bcdbd413ba4522fdfda/gnocchi.af04d75b-ad33-40c8-ac9a-507c9719be5d" 204 - "HEAD http://172.18.0.2:8080/v1/AUTH_fff18441fa584bcdbd413ba4522fdfda/gnocchi.af04d75b-ad33-40c8-ac9a-507c9719be5d?format=json&states=listing" "tx6d7ea421b6a849359edde-00692184fe" "proxy-server 20" 0.0023 "-" 23 0
Nov 22 09:40:14 standalone proxy-server[129180]: - - 22/Nov/2025/09/40/14 HEAD /v1/AUTH_fff18441fa584bcdbd413ba4522fdfda/gnocchi.af04d75b-ad33-40c8-ac9a-507c9719be5d%3Fformat%3Djson%26states%3Dlisting HTTP/1.0 204 - Swift - - - - tx6d7ea421b6a849359edde-00692184fe - 0.0082 RL - 1763804414.746876478 1763804414.755125999 0
Nov 22 09:40:14 standalone container-server[127286]: 172.20.0.100 - - [22/Nov/2025:09:40:14 +0000] "GET /d1/995/AUTH_fff18441fa584bcdbd413ba4522fdfda/gnocchi.af04d75b-ad33-40c8-ac9a-507c9719be5d" 200 2 "GET http://172.18.0.2:8080/v1/AUTH_fff18441fa584bcdbd413ba4522fdfda/gnocchi.af04d75b-ad33-40c8-ac9a-507c9719be5d?format=json&states=listing" "tx6d7ea421b6a849359edde-00692184fe" "proxy-server 20" 0.0036 "-" 20 0
Nov 22 09:40:14 standalone proxy-server[129180]: 172.18.0.2 172.18.0.100 22/Nov/2025/09/40/14 GET /v1/AUTH_fff18441fa584bcdbd413ba4522fdfda/gnocchi.af04d75b-ad33-40c8-ac9a-507c9719be5d%3Fformat%3Djson%26states%3Dlisting HTTP/1.0 200 - python-swiftclient-3.11.1 gAAAAABpIYRd83Di... - 2 - tx6d7ea421b6a849359edde-00692184fe - 0.0229 - - 1763804414.744663477 1763804414.767577648 0
Nov 22 09:40:14 standalone object-server[127519]: 172.20.0.100 - - [22/Nov/2025:09:40:14 +0000] "GET /d1/424/AUTH_fff18441fa584bcdbd413ba4522fdfda/gnocchi.af04d75b-ad33-40c8-ac9a-507c9719be5d/1763640000.0_mean_300.0_v3" 404 70 "GET http://172.18.0.2:8080/v1/AUTH_fff18441fa584bcdbd413ba4522fdfda/gnocchi.af04d75b-ad33-40c8-ac9a-507c9719be5d/1763640000.0_mean_300.0_v3" "tx419c60353c024c6698b88-00692184fe" "proxy-server 20" 0.0007 "-" 25 0
Nov 22 09:40:14 standalone proxy-server[129180]: 172.18.0.2 172.18.0.100 22/Nov/2025/09/40/14 GET /v1/AUTH_fff18441fa584bcdbd413ba4522fdfda/gnocchi.af04d75b-ad33-40c8-ac9a-507c9719be5d/1763640000.0_mean_300.0_v3 HTTP/1.0 404 - python-swiftclient-3.11.1 gAAAAABpIYRd83Di... - 70 - tx419c60353c024c6698b88-00692184fe - 0.0084 - - 1763804414.774166822 1763804414.782569408 0
Nov 22 09:40:14 standalone container-server[127286]: 172.20.0.100 - - [22/Nov/2025:09:40:14 +0000] "PUT /d1/995/AUTH_fff18441fa584bcdbd413ba4522fdfda/gnocchi.af04d75b-ad33-40c8-ac9a-507c9719be5d/1763640000.0_mean_300.0_v3" 201 - "PUT http://172.18.0.2:8080/d1/424/AUTH_fff18441fa584bcdbd413ba4522fdfda/gnocchi.af04d75b-ad33-40c8-ac9a-507c9719be5d/1763640000.0_mean_300.0_v3" "txfae27a3f8a0b403aa7683-00692184fe" "object-server 23" 0.0010 "-" 20 0
Nov 22 09:40:14 standalone object-server[127517]: 172.20.0.100 - - [22/Nov/2025:09:40:14 +0000] "PUT /d1/424/AUTH_fff18441fa584bcdbd413ba4522fdfda/gnocchi.af04d75b-ad33-40c8-ac9a-507c9719be5d/1763640000.0_mean_300.0_v3" 201 - "PUT http://172.18.0.2:8080/v1/AUTH_fff18441fa584bcdbd413ba4522fdfda/gnocchi.af04d75b-ad33-40c8-ac9a-507c9719be5d/1763640000.0_mean_300.0_v3" "txfae27a3f8a0b403aa7683-00692184fe" "proxy-server 20" 0.0124 "-" 23 0
Nov 22 09:40:14 standalone proxy-server[129180]: 172.18.0.2 172.18.0.100 22/Nov/2025/09/40/14 PUT /v1/AUTH_fff18441fa584bcdbd413ba4522fdfda/gnocchi.af04d75b-ad33-40c8-ac9a-507c9719be5d/1763640000.0_mean_300.0_v3 HTTP/1.0 201 - python-swiftclient-3.11.1 gAAAAABpIYRd83Di... 16 - - txfae27a3f8a0b403aa7683-00692184fe - 0.0208 - - 1763804414.787971258 1763804414.808747530 0
Nov 22 09:40:14 standalone container-server[127269]: 172.20.0.100 - - [22/Nov/2025:09:40:14 +0000] "PUT /d1/995/AUTH_fff18441fa584bcdbd413ba4522fdfda/gnocchi.af04d75b-ad33-40c8-ac9a-507c9719be5d/none_v3" 201 - "PUT http://172.18.0.2:8080/d1/763/AUTH_fff18441fa584bcdbd413ba4522fdfda/gnocchi.af04d75b-ad33-40c8-ac9a-507c9719be5d/none_v3" "tx222044dd41074406a8b2c-00692184fe" "object-server 24" 0.0010 "-" 19 0
Nov 22 09:40:14 standalone object-server[127518]: 172.20.0.100 - - [22/Nov/2025:09:40:14 +0000] "PUT /d1/763/AUTH_fff18441fa584bcdbd413ba4522fdfda/gnocchi.af04d75b-ad33-40c8-ac9a-507c9719be5d/none_v3" 201 - "PUT http://172.18.0.2:8080/v1/AUTH_fff18441fa584bcdbd413ba4522fdfda/gnocchi.af04d75b-ad33-40c8-ac9a-507c9719be5d/none_v3" "tx222044dd41074406a8b2c-00692184fe" "proxy-server 20" 0.0135 "-" 24 0
Nov 22 09:40:14 standalone proxy-server[129180]: 172.18.0.2 172.18.0.100 22/Nov/2025/09/40/14 PUT /v1/AUTH_fff18441fa584bcdbd413ba4522fdfda/gnocchi.af04d75b-ad33-40c8-ac9a-507c9719be5d/none_v3 HTTP/1.0 201 - python-swiftclient-3.11.1 gAAAAABpIYRd83Di... 22 - - tx222044dd41074406a8b2c-00692184fe - 0.0220 - - 1763804414.815502405 1763804414.837471962 0
Nov 22 09:40:14 standalone container-server[127326]: 172.20.0.100 - - [22/Nov/2025:09:40:14 +0000] "HEAD /d1/72/AUTH_fff18441fa584bcdbd413ba4522fdfda/gnocchi.86bf7a97-c071-48be-be13-af154b9034e0" 404 - "HEAD http://172.18.0.2:8080/v1/AUTH_fff18441fa584bcdbd413ba4522fdfda/gnocchi.86bf7a97-c071-48be-be13-af154b9034e0?format=json&states=listing" "tx9e8cdd6557f2420c9ddf5-00692184fe" "proxy-server 20" 0.0010 "-" 23 0
Nov 22 09:40:14 standalone object-server[127518]: 172.20.0.100 - - [22/Nov/2025:09:40:14 +0000] "GET /d1/275/AUTH_fff18441fa584bcdbd413ba4522fdfda/gnocchi.86bf7a97-c071-48be-be13-af154b9034e0/none_v3" 404 70 "GET http://172.18.0.2:8080/v1/AUTH_fff18441fa584bcdbd413ba4522fdfda/gnocchi.86bf7a97-c071-48be-be13-af154b9034e0/none_v3" "tx9e8cdd6557f2420c9ddf5-00692184fe" "proxy-server 20" 0.0004 "-" 24 0
Nov 22 09:40:14 standalone proxy-server[129180]: 172.18.0.2 172.18.0.100 22/Nov/2025/09/40/14 GET /v1/AUTH_fff18441fa584bcdbd413ba4522fdfda/gnocchi.86bf7a97-c071-48be-be13-af154b9034e0/none_v3 HTTP/1.0 404 - python-swiftclient-3.11.1 gAAAAABpIYRd83Di... - 70 - tx9e8cdd6557f2420c9ddf5-00692184fe - 0.0146 - - 1763804414.852226257 1763804414.866805315 0
Nov 22 09:40:14 standalone account-server[127180]: 172.20.0.100 - - [22/Nov/2025:09:40:14 +0000] "PUT /d1/19/AUTH_fff18441fa584bcdbd413ba4522fdfda/gnocchi.86bf7a97-c071-48be-be13-af154b9034e0" 201 - "PUT http://172.20.0.100:6001/d1/72/AUTH_fff18441fa584bcdbd413ba4522fdfda/gnocchi.86bf7a97-c071-48be-be13-af154b9034e0" "tx27630391f9564b7aaa27a-00692184fe" "container-server 19" 0.0062 "-" 22 0
Nov 22 09:40:14 standalone container-server[127269]: 172.20.0.100 - - [22/Nov/2025:09:40:14 +0000] "PUT /d1/72/AUTH_fff18441fa584bcdbd413ba4522fdfda/gnocchi.86bf7a97-c071-48be-be13-af154b9034e0" 201 - "PUT http://172.18.0.2:8080/v1/AUTH_fff18441fa584bcdbd413ba4522fdfda/gnocchi.86bf7a97-c071-48be-be13-af154b9034e0" "tx27630391f9564b7aaa27a-00692184fe" "proxy-server 20" 0.0208 "-" 19 0
Nov 22 09:40:14 standalone proxy-server[129180]: 172.18.0.2 172.18.0.100 22/Nov/2025/09/40/14 PUT /v1/AUTH_fff18441fa584bcdbd413ba4522fdfda/gnocchi.86bf7a97-c071-48be-be13-af154b9034e0 HTTP/1.0 201 - python-swiftclient-3.11.1 gAAAAABpIYRd83Di... - - - tx27630391f9564b7aaa27a-00692184fe - 0.0278 - - 1763804414.870522976 1763804414.898369789 0
Nov 22 09:40:14 standalone container-server[127286]: 172.20.0.100 - - [22/Nov/2025:09:40:14 +0000] "HEAD /d1/72/AUTH_fff18441fa584bcdbd413ba4522fdfda/gnocchi.86bf7a97-c071-48be-be13-af154b9034e0" 204 - "HEAD http://172.18.0.2:8080/v1/AUTH_fff18441fa584bcdbd413ba4522fdfda/gnocchi.86bf7a97-c071-48be-be13-af154b9034e0?format=json&states=listing" "txe8b02cfa26564822afcdf-00692184fe" "proxy-server 20" 0.0017 "-" 20 0
Nov 22 09:40:14 standalone proxy-server[129180]: - - 22/Nov/2025/09/40/14 HEAD /v1/AUTH_fff18441fa584bcdbd413ba4522fdfda/gnocchi.86bf7a97-c071-48be-be13-af154b9034e0%3Fformat%3Djson%26states%3Dlisting HTTP/1.0 204 - Swift - - - - txe8b02cfa26564822afcdf-00692184fe - 0.0065 RL - 1763804414.905404568 1763804414.911916018 0
Nov 22 09:40:14 standalone container-server[127326]: 172.20.0.100 - - [22/Nov/2025:09:40:14 +0000] "GET /d1/72/AUTH_fff18441fa584bcdbd413ba4522fdfda/gnocchi.86bf7a97-c071-48be-be13-af154b9034e0" 200 2 "GET http://172.18.0.2:8080/v1/AUTH_fff18441fa584bcdbd413ba4522fdfda/gnocchi.86bf7a97-c071-48be-be13-af154b9034e0?format=json&states=listing" "txe8b02cfa26564822afcdf-00692184fe" "proxy-server 20" 0.0047 "-" 23 0
Nov 22 09:40:14 standalone proxy-server[129180]: 172.18.0.2 172.18.0.100 22/Nov/2025/09/40/14 GET /v1/AUTH_fff18441fa584bcdbd413ba4522fdfda/gnocchi.86bf7a97-c071-48be-be13-af154b9034e0%3Fformat%3Djson%26states%3Dlisting HTTP/1.0 200 - python-swiftclient-3.11.1 gAAAAABpIYRd83Di... - 2 - txe8b02cfa26564822afcdf-00692184fe - 0.0233 - - 1763804414.904256344 1763804414.927562952 0
Nov 22 09:40:14 standalone object-server[127515]: 172.20.0.100 - - [22/Nov/2025:09:40:14 +0000] "GET /d1/595/AUTH_fff18441fa584bcdbd413ba4522fdfda/gnocchi.86bf7a97-c071-48be-be13-af154b9034e0/1763640000.0_mean_300.0_v3" 404 70 "GET http://172.18.0.2:8080/v1/AUTH_fff18441fa584bcdbd413ba4522fdfda/gnocchi.86bf7a97-c071-48be-be13-af154b9034e0/1763640000.0_mean_300.0_v3" "txb772e8c522244c5d8044b-00692184fe" "proxy-server 20" 0.0006 "-" 22 0
Nov 22 09:40:14 standalone proxy-server[129180]: 172.18.0.2 172.18.0.100 22/Nov/2025/09/40/14 GET /v1/AUTH_fff18441fa584bcdbd413ba4522fdfda/gnocchi.86bf7a97-c071-48be-be13-af154b9034e0/1763640000.0_mean_300.0_v3 HTTP/1.0 404 - python-swiftclient-3.11.1 gAAAAABpIYRd83Di... - 70 - txb772e8c522244c5d8044b-00692184fe - 0.0081 - - 1763804414.932874203 1763804414.941006184 0
Nov 22 09:40:14 standalone container-server[127286]: 172.20.0.100 - - [22/Nov/2025:09:40:14 +0000] "PUT /d1/72/AUTH_fff18441fa584bcdbd413ba4522fdfda/gnocchi.86bf7a97-c071-48be-be13-af154b9034e0/1763640000.0_mean_300.0_v3" 201 - "PUT http://172.18.0.2:8080/d1/595/AUTH_fff18441fa584bcdbd413ba4522fdfda/gnocchi.86bf7a97-c071-48be-be13-af154b9034e0/1763640000.0_mean_300.0_v3" "tx8aa627d88c36411e80012-00692184fe" "object-server 24" 0.0009 "-" 20 0
Nov 22 09:40:14 standalone object-server[127518]: 172.20.0.100 - - [22/Nov/2025:09:40:14 +0000] "PUT /d1/595/AUTH_fff18441fa584bcdbd413ba4522fdfda/gnocchi.86bf7a97-c071-48be-be13-af154b9034e0/1763640000.0_mean_300.0_v3" 201 - "PUT http://172.18.0.2:8080/v1/AUTH_fff18441fa584bcdbd413ba4522fdfda/gnocchi.86bf7a97-c071-48be-be13-af154b9034e0/1763640000.0_mean_300.0_v3" "tx8aa627d88c36411e80012-00692184fe" "proxy-server 20" 0.0123 "-" 24 0
Nov 22 09:40:14 standalone proxy-server[129180]: 172.18.0.2 172.18.0.100 22/Nov/2025/09/40/14 PUT /v1/AUTH_fff18441fa584bcdbd413ba4522fdfda/gnocchi.86bf7a97-c071-48be-be13-af154b9034e0/1763640000.0_mean_300.0_v3 HTTP/1.0 201 - python-swiftclient-3.11.1 gAAAAABpIYRd83Di... 16 - - tx8aa627d88c36411e80012-00692184fe - 0.0201 - - 1763804414.944912910 1763804414.964970827 0
Nov 22 09:40:14 standalone container-server[127309]: 172.20.0.100 - - [22/Nov/2025:09:40:14 +0000] "PUT /d1/72/AUTH_fff18441fa584bcdbd413ba4522fdfda/gnocchi.86bf7a97-c071-48be-be13-af154b9034e0/none_v3" 201 - "PUT http://172.18.0.2:8080/d1/275/AUTH_fff18441fa584bcdbd413ba4522fdfda/gnocchi.86bf7a97-c071-48be-be13-af154b9034e0/none_v3" "tx7d9fd55e7beb49d6ad8be-00692184fe" "object-server 23" 0.0008 "-" 22 0
Nov 22 09:40:14 standalone object-server[127517]: 172.20.0.100 - - [22/Nov/2025:09:40:14 +0000] "PUT /d1/275/AUTH_fff18441fa584bcdbd413ba4522fdfda/gnocchi.86bf7a97-c071-48be-be13-af154b9034e0/none_v3" 201 - "PUT http://172.18.0.2:8080/v1/AUTH_fff18441fa584bcdbd413ba4522fdfda/gnocchi.86bf7a97-c071-48be-be13-af154b9034e0/none_v3" "tx7d9fd55e7beb49d6ad8be-00692184fe" "proxy-server 20" 0.0132 "-" 23 0
Nov 22 09:40:14 standalone proxy-server[129180]: 172.18.0.2 172.18.0.100 22/Nov/2025/09/40/14 PUT /v1/AUTH_fff18441fa584bcdbd413ba4522fdfda/gnocchi.86bf7a97-c071-48be-be13-af154b9034e0/none_v3 HTTP/1.0 201 - python-swiftclient-3.11.1 gAAAAABpIYRd83Di... 22 - - tx7d9fd55e7beb49d6ad8be-00692184fe - 0.0221 - - 1763804414.968817711 1763804414.990898848 0
Nov 22 09:40:15 standalone container-server[127326]: 172.20.0.100 - - [22/Nov/2025:09:40:15 +0000] "HEAD /d1/259/AUTH_fff18441fa584bcdbd413ba4522fdfda/gnocchi.21172709-d07e-46ff-bdda-5d347b3d1ff0" 404 - "HEAD http://172.18.0.2:8080/v1/AUTH_fff18441fa584bcdbd413ba4522fdfda/gnocchi.21172709-d07e-46ff-bdda-5d347b3d1ff0?format=json&states=listing" "tx55d0b404104548be82a81-00692184ff" "proxy-server 20" 0.0008 "-" 23 0
Nov 22 09:40:15 standalone object-server[127519]: 172.20.0.100 - - [22/Nov/2025:09:40:15 +0000] "GET /d1/546/AUTH_fff18441fa584bcdbd413ba4522fdfda/gnocchi.21172709-d07e-46ff-bdda-5d347b3d1ff0/none_v3" 404 70 "GET http://172.18.0.2:8080/v1/AUTH_fff18441fa584bcdbd413ba4522fdfda/gnocchi.21172709-d07e-46ff-bdda-5d347b3d1ff0/none_v3" "tx55d0b404104548be82a81-00692184ff" "proxy-server 20" 0.0009 "-" 25 0
Nov 22 09:40:15 standalone proxy-server[129180]: 172.18.0.2 172.18.0.100 22/Nov/2025/09/40/15 GET /v1/AUTH_fff18441fa584bcdbd413ba4522fdfda/gnocchi.21172709-d07e-46ff-bdda-5d347b3d1ff0/none_v3 HTTP/1.0 404 - python-swiftclient-3.11.1 gAAAAABpIYRd83Di... - 70 - tx55d0b404104548be82a81-00692184ff - 0.0185 - - 1763804415.005433321 1763804415.023904800 0
Nov 22 09:40:15 standalone account-server[127206]: 172.20.0.100 - - [22/Nov/2025:09:40:15 +0000] "PUT /d1/19/AUTH_fff18441fa584bcdbd413ba4522fdfda/gnocchi.21172709-d07e-46ff-bdda-5d347b3d1ff0" 201 - "PUT http://172.20.0.100:6001/d1/259/AUTH_fff18441fa584bcdbd413ba4522fdfda/gnocchi.21172709-d07e-46ff-bdda-5d347b3d1ff0" "txf5ee77be536348849cf0e-00692184ff" "container-server 23" 0.0057 "-" 23 0
Nov 22 09:40:15 standalone container-server[127326]: 172.20.0.100 - - [22/Nov/2025:09:40:15 +0000] "PUT /d1/259/AUTH_fff18441fa584bcdbd413ba4522fdfda/gnocchi.21172709-d07e-46ff-bdda-5d347b3d1ff0" 201 - "PUT http://172.18.0.2:8080/v1/AUTH_fff18441fa584bcdbd413ba4522fdfda/gnocchi.21172709-d07e-46ff-bdda-5d347b3d1ff0" "txf5ee77be536348849cf0e-00692184ff" "proxy-server 20" 0.0216 "-" 23 0
Nov 22 09:40:15 standalone proxy-server[129180]: 172.18.0.2 172.18.0.100 22/Nov/2025/09/40/15 PUT /v1/AUTH_fff18441fa584bcdbd413ba4522fdfda/gnocchi.21172709-d07e-46ff-bdda-5d347b3d1ff0 HTTP/1.0 201 - python-swiftclient-3.11.1 gAAAAABpIYRd83Di... - - - txf5ee77be536348849cf0e-00692184ff - 0.0294 - - 1763804415.028369188 1763804415.057744026 0
Nov 22 09:40:15 standalone container-server[127269]: 172.20.0.100 - - [22/Nov/2025:09:40:15 +0000] "HEAD /d1/259/AUTH_fff18441fa584bcdbd413ba4522fdfda/gnocchi.21172709-d07e-46ff-bdda-5d347b3d1ff0" 204 - "HEAD http://172.18.0.2:8080/v1/AUTH_fff18441fa584bcdbd413ba4522fdfda/gnocchi.21172709-d07e-46ff-bdda-5d347b3d1ff0?format=json&states=listing" "txdff93933b63f4414929c6-00692184ff" "proxy-server 20" 0.0024 "-" 19 0
Nov 22 09:40:15 standalone proxy-server[129180]: - - 22/Nov/2025/09/40/15 HEAD /v1/AUTH_fff18441fa584bcdbd413ba4522fdfda/gnocchi.21172709-d07e-46ff-bdda-5d347b3d1ff0%3Fformat%3Djson%26states%3Dlisting HTTP/1.0 204 - Swift - - - - txdff93933b63f4414929c6-00692184ff - 0.0078 RL - 1763804415.064893246 1763804415.072670698 0
Nov 22 09:40:15 standalone container-server[127286]: 172.20.0.100 - - [22/Nov/2025:09:40:15 +0000] "GET /d1/259/AUTH_fff18441fa584bcdbd413ba4522fdfda/gnocchi.21172709-d07e-46ff-bdda-5d347b3d1ff0" 200 2 "GET http://172.18.0.2:8080/v1/AUTH_fff18441fa584bcdbd413ba4522fdfda/gnocchi.21172709-d07e-46ff-bdda-5d347b3d1ff0?format=json&states=listing" "txdff93933b63f4414929c6-00692184ff" "proxy-server 20" 0.0039 "-" 20 0
Nov 22 09:40:15 standalone proxy-server[129180]: 172.18.0.2 172.18.0.100 22/Nov/2025/09/40/15 GET /v1/AUTH_fff18441fa584bcdbd413ba4522fdfda/gnocchi.21172709-d07e-46ff-bdda-5d347b3d1ff0%3Fformat%3Djson%26states%3Dlisting HTTP/1.0 200 - python-swiftclient-3.11.1 gAAAAABpIYRd83Di... - 2 - txdff93933b63f4414929c6-00692184ff - 0.0223 - - 1763804415.063097954 1763804415.085408211 0
Nov 22 09:40:15 standalone object-server[127518]: 172.20.0.100 - - [22/Nov/2025:09:40:15 +0000] "GET /d1/59/AUTH_fff18441fa584bcdbd413ba4522fdfda/gnocchi.21172709-d07e-46ff-bdda-5d347b3d1ff0/1763640000.0_mean_300.0_v3" 404 70 "GET http://172.18.0.2:8080/v1/AUTH_fff18441fa584bcdbd413ba4522fdfda/gnocchi.21172709-d07e-46ff-bdda-5d347b3d1ff0/1763640000.0_mean_300.0_v3" "tx644d8b772ad349f1b2470-00692184ff" "proxy-server 20" 0.0007 "-" 24 0
Nov 22 09:40:15 standalone proxy-server[129180]: 172.18.0.2 172.18.0.100 22/Nov/2025/09/40/15 GET /v1/AUTH_fff18441fa584bcdbd413ba4522fdfda/gnocchi.21172709-d07e-46ff-bdda-5d347b3d1ff0/1763640000.0_mean_300.0_v3 HTTP/1.0 404 - python-swiftclient-3.11.1 gAAAAABpIYRd83Di... - 70 - tx644d8b772ad349f1b2470-00692184ff - 0.0083 - - 1763804415.091105223 1763804415.099405527 0
Nov 22 09:40:15 standalone container-server[127269]: 172.20.0.100 - - [22/Nov/2025:09:40:15 +0000] "PUT /d1/259/AUTH_fff18441fa584bcdbd413ba4522fdfda/gnocchi.21172709-d07e-46ff-bdda-5d347b3d1ff0/1763640000.0_mean_300.0_v3" 201 - "PUT http://172.18.0.2:8080/d1/59/AUTH_fff18441fa584bcdbd413ba4522fdfda/gnocchi.21172709-d07e-46ff-bdda-5d347b3d1ff0/1763640000.0_mean_300.0_v3" "tx7e1958b112ab44ab9fdf8-00692184ff" "object-server 23" 0.0009 "-" 19 0
Nov 22 09:40:15 standalone object-server[127517]: 172.20.0.100 - - [22/Nov/2025:09:40:15 +0000] "PUT /d1/59/AUTH_fff18441fa584bcdbd413ba4522fdfda/gnocchi.21172709-d07e-46ff-bdda-5d347b3d1ff0/1763640000.0_mean_300.0_v3" 201 - "PUT http://172.18.0.2:8080/v1/AUTH_fff18441fa584bcdbd413ba4522fdfda/gnocchi.21172709-d07e-46ff-bdda-5d347b3d1ff0/1763640000.0_mean_300.0_v3" "tx7e1958b112ab44ab9fdf8-00692184ff" "proxy-server 20" 0.0120 "-" 23 0
Nov 22 09:40:15 standalone proxy-server[129180]: 172.18.0.2 172.18.0.100 22/Nov/2025/09/40/15 PUT /v1/AUTH_fff18441fa584bcdbd413ba4522fdfda/gnocchi.21172709-d07e-46ff-bdda-5d347b3d1ff0/1763640000.0_mean_300.0_v3 HTTP/1.0 201 - python-swiftclient-3.11.1 gAAAAABpIYRd83Di... 16 - - tx7e1958b112ab44ab9fdf8-00692184ff - 0.0205 - - 1763804415.103895903 1763804415.124380350 0
Nov 22 09:40:15 standalone container-server[127309]: 172.20.0.100 - - [22/Nov/2025:09:40:15 +0000] "PUT /d1/259/AUTH_fff18441fa584bcdbd413ba4522fdfda/gnocchi.21172709-d07e-46ff-bdda-5d347b3d1ff0/none_v3" 201 - "PUT http://172.18.0.2:8080/d1/546/AUTH_fff18441fa584bcdbd413ba4522fdfda/gnocchi.21172709-d07e-46ff-bdda-5d347b3d1ff0/none_v3" "tx3c481279ca834bd8b7805-00692184ff" "object-server 23" 0.0019 "-" 22 0
Nov 22 09:40:15 standalone object-server[127517]: 172.20.0.100 - - [22/Nov/2025:09:40:15 +0000] "PUT /d1/546/AUTH_fff18441fa584bcdbd413ba4522fdfda/gnocchi.21172709-d07e-46ff-bdda-5d347b3d1ff0/none_v3" 201 - "PUT http://172.18.0.2:8080/v1/AUTH_fff18441fa584bcdbd413ba4522fdfda/gnocchi.21172709-d07e-46ff-bdda-5d347b3d1ff0/none_v3" "tx3c481279ca834bd8b7805-00692184ff" "proxy-server 20" 0.0195 "-" 23 0
Nov 22 09:40:15 standalone proxy-server[129180]: 172.18.0.2 172.18.0.100 22/Nov/2025/09/40/15 PUT /v1/AUTH_fff18441fa584bcdbd413ba4522fdfda/gnocchi.21172709-d07e-46ff-bdda-5d347b3d1ff0/none_v3 HTTP/1.0 201 - python-swiftclient-3.11.1 gAAAAABpIYRd83Di... 22 - - tx3c481279ca834bd8b7805-00692184ff - 0.0270 - - 1763804415.127876282 1763804415.154919386 0
Nov 22 09:40:15 standalone container-server[127269]: 172.20.0.100 - - [22/Nov/2025:09:40:15 +0000] "HEAD /d1/20/AUTH_fff18441fa584bcdbd413ba4522fdfda/gnocchi.adfed10f-1826-46e9-81f6-c056271320d6" 404 - "HEAD http://172.18.0.2:8080/v1/AUTH_fff18441fa584bcdbd413ba4522fdfda/gnocchi.adfed10f-1826-46e9-81f6-c056271320d6?format=json&states=listing" "tx70b2b5be444e49c5b0bd3-00692184ff" "proxy-server 20" 0.0006 "-" 19 0
Nov 22 09:40:15 standalone object-server[127517]: 172.20.0.100 - - [22/Nov/2025:09:40:15 +0000] "GET /d1/477/AUTH_fff18441fa584bcdbd413ba4522fdfda/gnocchi.adfed10f-1826-46e9-81f6-c056271320d6/none_v3" 404 70 "GET http://172.18.0.2:8080/v1/AUTH_fff18441fa584bcdbd413ba4522fdfda/gnocchi.adfed10f-1826-46e9-81f6-c056271320d6/none_v3" "tx70b2b5be444e49c5b0bd3-00692184ff" "proxy-server 20" 0.0006 "-" 23 0
Nov 22 09:40:15 standalone proxy-server[129180]: 172.18.0.2 172.18.0.100 22/Nov/2025/09/40/15 GET /v1/AUTH_fff18441fa584bcdbd413ba4522fdfda/gnocchi.adfed10f-1826-46e9-81f6-c056271320d6/none_v3 HTTP/1.0 404 - python-swiftclient-3.11.1 gAAAAABpIYRd83Di... - 70 - tx70b2b5be444e49c5b0bd3-00692184ff - 0.0151 - - 1763804415.168120861 1763804415.183213711 0
Nov 22 09:40:15 standalone account-server[127166]: 172.20.0.100 - - [22/Nov/2025:09:40:15 +0000] "PUT /d1/19/AUTH_fff18441fa584bcdbd413ba4522fdfda/gnocchi.adfed10f-1826-46e9-81f6-c056271320d6" 201 - "PUT http://172.20.0.100:6001/d1/20/AUTH_fff18441fa584bcdbd413ba4522fdfda/gnocchi.adfed10f-1826-46e9-81f6-c056271320d6" "tx204130290c81457ab4553-00692184ff" "container-server 23" 0.0062 "-" 21 0
Nov 22 09:40:15 standalone container-server[127326]: 172.20.0.100 - - [22/Nov/2025:09:40:15 +0000] "PUT /d1/20/AUTH_fff18441fa584bcdbd413ba4522fdfda/gnocchi.adfed10f-1826-46e9-81f6-c056271320d6" 201 - "PUT http://172.18.0.2:8080/v1/AUTH_fff18441fa584bcdbd413ba4522fdfda/gnocchi.adfed10f-1826-46e9-81f6-c056271320d6" "tx204130290c81457ab4553-00692184ff" "proxy-server 20" 0.0219 "-" 23 0
Nov 22 09:40:15 standalone proxy-server[129180]: 172.18.0.2 172.18.0.100 22/Nov/2025/09/40/15 PUT /v1/AUTH_fff18441fa584bcdbd413ba4522fdfda/gnocchi.adfed10f-1826-46e9-81f6-c056271320d6 HTTP/1.0 201 - python-swiftclient-3.11.1 gAAAAABpIYRd83Di... - - - tx204130290c81457ab4553-00692184ff - 0.0319 - - 1763804415.187024117 1763804415.218904257 0
Nov 22 09:40:15 standalone container-server[127326]: 172.20.0.100 - - [22/Nov/2025:09:40:15 +0000] "HEAD /d1/20/AUTH_fff18441fa584bcdbd413ba4522fdfda/gnocchi.adfed10f-1826-46e9-81f6-c056271320d6" 204 - "HEAD http://172.18.0.2:8080/v1/AUTH_fff18441fa584bcdbd413ba4522fdfda/gnocchi.adfed10f-1826-46e9-81f6-c056271320d6?format=json&states=listing" "tx5a4fc6704a9843c48fedf-00692184ff" "proxy-server 20" 0.0020 "-" 23 0
Nov 22 09:40:15 standalone proxy-server[129180]: - - 22/Nov/2025/09/40/15 HEAD /v1/AUTH_fff18441fa584bcdbd413ba4522fdfda/gnocchi.adfed10f-1826-46e9-81f6-c056271320d6%3Fformat%3Djson%26states%3Dlisting HTTP/1.0 204 - Swift - - - - tx5a4fc6704a9843c48fedf-00692184ff - 0.0052 RL - 1763804415.226062775 1763804415.231228590 0
Nov 22 09:40:15 standalone container-server[127326]: 172.20.0.100 - - [22/Nov/2025:09:40:15 +0000] "GET /d1/20/AUTH_fff18441fa584bcdbd413ba4522fdfda/gnocchi.adfed10f-1826-46e9-81f6-c056271320d6" 200 2 "GET http://172.18.0.2:8080/v1/AUTH_fff18441fa584bcdbd413ba4522fdfda/gnocchi.adfed10f-1826-46e9-81f6-c056271320d6?format=json&states=listing" "tx5a4fc6704a9843c48fedf-00692184ff" "proxy-server 20" 0.0032 "-" 23 0
Nov 22 09:40:15 standalone proxy-server[129180]: 172.18.0.2 172.18.0.100 22/Nov/2025/09/40/15 GET /v1/AUTH_fff18441fa584bcdbd413ba4522fdfda/gnocchi.adfed10f-1826-46e9-81f6-c056271320d6%3Fformat%3Djson%26states%3Dlisting HTTP/1.0 200 - python-swiftclient-3.11.1 gAAAAABpIYRd83Di... - 2 - tx5a4fc6704a9843c48fedf-00692184ff - 0.0166 - - 1763804415.224814653 1763804415.241461992 0
Nov 22 09:40:15 standalone object-server[127517]: 172.20.0.100 - - [22/Nov/2025:09:40:15 +0000] "GET /d1/509/AUTH_fff18441fa584bcdbd413ba4522fdfda/gnocchi.adfed10f-1826-46e9-81f6-c056271320d6/1763640000.0_mean_300.0_v3" 404 70 "GET http://172.18.0.2:8080/v1/AUTH_fff18441fa584bcdbd413ba4522fdfda/gnocchi.adfed10f-1826-46e9-81f6-c056271320d6/1763640000.0_mean_300.0_v3" "txe205b840b700458ba64a7-00692184ff" "proxy-server 20" 0.0005 "-" 23 0
Nov 22 09:40:15 standalone proxy-server[129180]: 172.18.0.2 172.18.0.100 22/Nov/2025/09/40/15 GET /v1/AUTH_fff18441fa584bcdbd413ba4522fdfda/gnocchi.adfed10f-1826-46e9-81f6-c056271320d6/1763640000.0_mean_300.0_v3 HTTP/1.0 404 - python-swiftclient-3.11.1 gAAAAABpIYRd83Di... - 70 - txe205b840b700458ba64a7-00692184ff - 0.0065 - - 1763804415.245845318 1763804415.252380133 0
Nov 22 09:40:15 standalone container-server[127269]: 172.20.0.100 - - [22/Nov/2025:09:40:15 +0000] "PUT /d1/20/AUTH_fff18441fa584bcdbd413ba4522fdfda/gnocchi.adfed10f-1826-46e9-81f6-c056271320d6/1763640000.0_mean_300.0_v3" 201 - "PUT http://172.18.0.2:8080/d1/509/AUTH_fff18441fa584bcdbd413ba4522fdfda/gnocchi.adfed10f-1826-46e9-81f6-c056271320d6/1763640000.0_mean_300.0_v3" "tx60c5ddd6dff74a14bdda0-00692184ff" "object-server 23" 0.0014 "-" 19 0
Nov 22 09:40:15 standalone object-server[127517]: 172.20.0.100 - - [22/Nov/2025:09:40:15 +0000] "PUT /d1/509/AUTH_fff18441fa584bcdbd413ba4522fdfda/gnocchi.adfed10f-1826-46e9-81f6-c056271320d6/1763640000.0_mean_300.0_v3" 201 - "PUT http://172.18.0.2:8080/v1/AUTH_fff18441fa584bcdbd413ba4522fdfda/gnocchi.adfed10f-1826-46e9-81f6-c056271320d6/1763640000.0_mean_300.0_v3" "tx60c5ddd6dff74a14bdda0-00692184ff" "proxy-server 20" 0.0141 "-" 23 0
Nov 22 09:40:15 standalone proxy-server[129180]: 172.18.0.2 172.18.0.100 22/Nov/2025/09/40/15 PUT /v1/AUTH_fff18441fa584bcdbd413ba4522fdfda/gnocchi.adfed10f-1826-46e9-81f6-c056271320d6/1763640000.0_mean_300.0_v3 HTTP/1.0 201 - python-swiftclient-3.11.1 gAAAAABpIYRd83Di... 16 - - tx60c5ddd6dff74a14bdda0-00692184ff - 0.0188 - - 1763804415.258299828 1763804415.277097464 0
Nov 22 09:40:15 standalone container-server[127326]: 172.20.0.100 - - [22/Nov/2025:09:40:15 +0000] "PUT /d1/20/AUTH_fff18441fa584bcdbd413ba4522fdfda/gnocchi.adfed10f-1826-46e9-81f6-c056271320d6/none_v3" 201 - "PUT http://172.18.0.2:8080/d1/477/AUTH_fff18441fa584bcdbd413ba4522fdfda/gnocchi.adfed10f-1826-46e9-81f6-c056271320d6/none_v3" "txc6200550287b453db576c-00692184ff" "object-server 25" 0.0008 "-" 23 0
Nov 22 09:40:15 standalone object-server[127519]: 172.20.0.100 - - [22/Nov/2025:09:40:15 +0000] "PUT /d1/477/AUTH_fff18441fa584bcdbd413ba4522fdfda/gnocchi.adfed10f-1826-46e9-81f6-c056271320d6/none_v3" 201 - "PUT http://172.18.0.2:8080/v1/AUTH_fff18441fa584bcdbd413ba4522fdfda/gnocchi.adfed10f-1826-46e9-81f6-c056271320d6/none_v3" "txc6200550287b453db576c-00692184ff" "proxy-server 20" 0.0095 "-" 25 0
Nov 22 09:40:15 standalone proxy-server[129180]: 172.18.0.2 172.18.0.100 22/Nov/2025/09/40/15 PUT /v1/AUTH_fff18441fa584bcdbd413ba4522fdfda/gnocchi.adfed10f-1826-46e9-81f6-c056271320d6/none_v3 HTTP/1.0 201 - python-swiftclient-3.11.1 gAAAAABpIYRd83Di... 22 - - txc6200550287b453db576c-00692184ff - 0.0138 - - 1763804415.280879259 1763804415.294714689 0
Nov 22 09:40:15 standalone container-server[127309]: 172.20.0.100 - - [22/Nov/2025:09:40:15 +0000] "HEAD /d1/369/AUTH_fff18441fa584bcdbd413ba4522fdfda/gnocchi.040d15a3-e553-4879-a81f-a2056e2ce8ef" 404 - "HEAD http://172.18.0.2:8080/v1/AUTH_fff18441fa584bcdbd413ba4522fdfda/gnocchi.040d15a3-e553-4879-a81f-a2056e2ce8ef?format=json&states=listing" "txce677d5d8e5440e49f911-00692184ff" "proxy-server 20" 0.0007 "-" 22 0
Nov 22 09:40:15 standalone object-server[127518]: 172.20.0.100 - - [22/Nov/2025:09:40:15 +0000] "GET /d1/632/AUTH_fff18441fa584bcdbd413ba4522fdfda/gnocchi.040d15a3-e553-4879-a81f-a2056e2ce8ef/none_v3" 404 70 "GET http://172.18.0.2:8080/v1/AUTH_fff18441fa584bcdbd413ba4522fdfda/gnocchi.040d15a3-e553-4879-a81f-a2056e2ce8ef/none_v3" "txce677d5d8e5440e49f911-00692184ff" "proxy-server 20" 0.0006 "-" 24 0
Nov 22 09:40:15 standalone proxy-server[129180]: 172.18.0.2 172.18.0.100 22/Nov/2025/09/40/15 GET /v1/AUTH_fff18441fa584bcdbd413ba4522fdfda/gnocchi.040d15a3-e553-4879-a81f-a2056e2ce8ef/none_v3 HTTP/1.0 404 - python-swiftclient-3.11.1 gAAAAABpIYRd83Di... - 70 - txce677d5d8e5440e49f911-00692184ff - 0.0104 - - 1763804415.310263872 1763804415.320637226 0
Nov 22 09:40:15 standalone account-server[127077]: 172.20.0.100 - - [22/Nov/2025:09:40:15 +0000] "PUT /d1/19/AUTH_fff18441fa584bcdbd413ba4522fdfda/gnocchi.040d15a3-e553-4879-a81f-a2056e2ce8ef" 201 - "PUT http://172.20.0.100:6001/d1/369/AUTH_fff18441fa584bcdbd413ba4522fdfda/gnocchi.040d15a3-e553-4879-a81f-a2056e2ce8ef" "tx216f967544ba45dc92858-00692184ff" "container-server 20" 0.0060 "-" 19 0
Nov 22 09:40:15 standalone container-server[127286]: 172.20.0.100 - - [22/Nov/2025:09:40:15 +0000] "PUT /d1/369/AUTH_fff18441fa584bcdbd413ba4522fdfda/gnocchi.040d15a3-e553-4879-a81f-a2056e2ce8ef" 201 - "PUT http://172.18.0.2:8080/v1/AUTH_fff18441fa584bcdbd413ba4522fdfda/gnocchi.040d15a3-e553-4879-a81f-a2056e2ce8ef" "tx216f967544ba45dc92858-00692184ff" "proxy-server 20" 0.0166 "-" 20 0
Nov 22 09:40:15 standalone proxy-server[129180]: 172.18.0.2 172.18.0.100 22/Nov/2025/09/40/15 PUT /v1/AUTH_fff18441fa584bcdbd413ba4522fdfda/gnocchi.040d15a3-e553-4879-a81f-a2056e2ce8ef HTTP/1.0 201 - python-swiftclient-3.11.1 gAAAAABpIYRd83Di... - - - tx216f967544ba45dc92858-00692184ff - 0.0211 - - 1763804415.323642731 1763804415.344693184 0
Nov 22 09:40:15 standalone container-server[127269]: 172.20.0.100 - - [22/Nov/2025:09:40:15 +0000] "HEAD /d1/369/AUTH_fff18441fa584bcdbd413ba4522fdfda/gnocchi.040d15a3-e553-4879-a81f-a2056e2ce8ef" 204 - "HEAD http://172.18.0.2:8080/v1/AUTH_fff18441fa584bcdbd413ba4522fdfda/gnocchi.040d15a3-e553-4879-a81f-a2056e2ce8ef?format=json&states=listing" "tx44994d2e29e94bff91863-00692184ff" "proxy-server 20" 0.0028 "-" 19 0
Nov 22 09:40:15 standalone proxy-server[129180]: - - 22/Nov/2025/09/40/15 HEAD /v1/AUTH_fff18441fa584bcdbd413ba4522fdfda/gnocchi.040d15a3-e553-4879-a81f-a2056e2ce8ef%3Fformat%3Djson%26states%3Dlisting HTTP/1.0 204 - Swift - - - - tx44994d2e29e94bff91863-00692184ff - 0.0075 RL - 1763804415.352239132 1763804415.359772444 0
Nov 22 09:40:15 standalone container-server[127326]: 172.20.0.100 - - [22/Nov/2025:09:40:15 +0000] "GET /d1/369/AUTH_fff18441fa584bcdbd413ba4522fdfda/gnocchi.040d15a3-e553-4879-a81f-a2056e2ce8ef" 200 2 "GET http://172.18.0.2:8080/v1/AUTH_fff18441fa584bcdbd413ba4522fdfda/gnocchi.040d15a3-e553-4879-a81f-a2056e2ce8ef?format=json&states=listing" "tx44994d2e29e94bff91863-00692184ff" "proxy-server 20" 0.0037 "-" 23 0
Nov 22 09:40:15 standalone proxy-server[129180]: 172.18.0.2 172.18.0.100 22/Nov/2025/09/40/15 GET /v1/AUTH_fff18441fa584bcdbd413ba4522fdfda/gnocchi.040d15a3-e553-4879-a81f-a2056e2ce8ef%3Fformat%3Djson%26states%3Dlisting HTTP/1.0 200 - python-swiftclient-3.11.1 gAAAAABpIYRd83Di... - 2 - tx44994d2e29e94bff91863-00692184ff - 0.0175 - - 1763804415.351358414 1763804415.368892908 0
Nov 22 09:40:15 standalone object-server[127518]: 172.20.0.100 - - [22/Nov/2025:09:40:15 +0000] "GET /d1/34/AUTH_fff18441fa584bcdbd413ba4522fdfda/gnocchi.040d15a3-e553-4879-a81f-a2056e2ce8ef/1763640000.0_mean_300.0_v3" 404 70 "GET http://172.18.0.2:8080/v1/AUTH_fff18441fa584bcdbd413ba4522fdfda/gnocchi.040d15a3-e553-4879-a81f-a2056e2ce8ef/1763640000.0_mean_300.0_v3" "tx79c61d6bd89d4f029631e-00692184ff" "proxy-server 20" 0.0006 "-" 24 0
Nov 22 09:40:15 standalone proxy-server[129180]: 172.18.0.2 172.18.0.100 22/Nov/2025/09/40/15 GET /v1/AUTH_fff18441fa584bcdbd413ba4522fdfda/gnocchi.040d15a3-e553-4879-a81f-a2056e2ce8ef/1763640000.0_mean_300.0_v3 HTTP/1.0 404 - python-swiftclient-3.11.1 gAAAAABpIYRd83Di... - 70 - tx79c61d6bd89d4f029631e-00692184ff - 0.0056 - - 1763804415.373223066 1763804415.378859282 0
Nov 22 09:40:15 standalone container-server[127309]: 172.20.0.100 - - [22/Nov/2025:09:40:15 +0000] "PUT /d1/369/AUTH_fff18441fa584bcdbd413ba4522fdfda/gnocchi.040d15a3-e553-4879-a81f-a2056e2ce8ef/1763640000.0_mean_300.0_v3" 201 - "PUT http://172.18.0.2:8080/d1/34/AUTH_fff18441fa584bcdbd413ba4522fdfda/gnocchi.040d15a3-e553-4879-a81f-a2056e2ce8ef/1763640000.0_mean_300.0_v3" "tx16fdcd8be3ab48c08569d-00692184ff" "object-server 23" 0.0010 "-" 22 0
Nov 22 09:40:15 standalone object-server[127517]: 172.20.0.100 - - [22/Nov/2025:09:40:15 +0000] "PUT /d1/34/AUTH_fff18441fa584bcdbd413ba4522fdfda/gnocchi.040d15a3-e553-4879-a81f-a2056e2ce8ef/1763640000.0_mean_300.0_v3" 201 - "PUT http://172.18.0.2:8080/v1/AUTH_fff18441fa584bcdbd413ba4522fdfda/gnocchi.040d15a3-e553-4879-a81f-a2056e2ce8ef/1763640000.0_mean_300.0_v3" "tx16fdcd8be3ab48c08569d-00692184ff" "proxy-server 20" 0.0118 "-" 23 0
Nov 22 09:40:15 standalone proxy-server[129180]: 172.18.0.2 172.18.0.100 22/Nov/2025/09/40/15 PUT /v1/AUTH_fff18441fa584bcdbd413ba4522fdfda/gnocchi.040d15a3-e553-4879-a81f-a2056e2ce8ef/1763640000.0_mean_300.0_v3 HTTP/1.0 201 - python-swiftclient-3.11.1 gAAAAABpIYRd83Di... 16 - - tx16fdcd8be3ab48c08569d-00692184ff - 0.0181 - - 1763804415.382348776 1763804415.400430441 0
Nov 22 09:40:15 standalone container-server[127309]: 172.20.0.100 - - [22/Nov/2025:09:40:15 +0000] "PUT /d1/369/AUTH_fff18441fa584bcdbd413ba4522fdfda/gnocchi.040d15a3-e553-4879-a81f-a2056e2ce8ef/none_v3" 201 - "PUT http://172.18.0.2:8080/d1/632/AUTH_fff18441fa584bcdbd413ba4522fdfda/gnocchi.040d15a3-e553-4879-a81f-a2056e2ce8ef/none_v3" "tx8c54b4e8e27b4d9c925e0-00692184ff" "object-server 22" 0.0009 "-" 22 0
Nov 22 09:40:15 standalone object-server[127515]: 172.20.0.100 - - [22/Nov/2025:09:40:15 +0000] "PUT /d1/632/AUTH_fff18441fa584bcdbd413ba4522fdfda/gnocchi.040d15a3-e553-4879-a81f-a2056e2ce8ef/none_v3" 201 - "PUT http://172.18.0.2:8080/v1/AUTH_fff18441fa584bcdbd413ba4522fdfda/gnocchi.040d15a3-e553-4879-a81f-a2056e2ce8ef/none_v3" "tx8c54b4e8e27b4d9c925e0-00692184ff" "proxy-server 20" 0.0141 "-" 22 0
Nov 22 09:40:15 standalone proxy-server[129180]: 172.18.0.2 172.18.0.100 22/Nov/2025/09/40/15 PUT /v1/AUTH_fff18441fa584bcdbd413ba4522fdfda/gnocchi.040d15a3-e553-4879-a81f-a2056e2ce8ef/none_v3 HTTP/1.0 201 - python-swiftclient-3.11.1 gAAAAABpIYRd83Di... 22 - - tx8c54b4e8e27b4d9c925e0-00692184ff - 0.0233 - - 1763804415.404457808 1763804415.427710772 0
Nov 22 09:40:15 standalone container-server[127326]: 172.20.0.100 - - [22/Nov/2025:09:40:15 +0000] "HEAD /d1/249/AUTH_fff18441fa584bcdbd413ba4522fdfda/gnocchi.1b510ad0-75b5-484c-9923-0d9fe78ab8eb" 404 - "HEAD http://172.18.0.2:8080/v1/AUTH_fff18441fa584bcdbd413ba4522fdfda/gnocchi.1b510ad0-75b5-484c-9923-0d9fe78ab8eb?format=json&states=listing" "tx38355b6aac134338ac382-00692184ff" "proxy-server 20" 0.0004 "-" 23 0
Nov 22 09:40:15 standalone object-server[127515]: 172.20.0.100 - - [22/Nov/2025:09:40:15 +0000] "GET /d1/9/AUTH_fff18441fa584bcdbd413ba4522fdfda/gnocchi.1b510ad0-75b5-484c-9923-0d9fe78ab8eb/none_v3" 404 70 "GET http://172.18.0.2:8080/v1/AUTH_fff18441fa584bcdbd413ba4522fdfda/gnocchi.1b510ad0-75b5-484c-9923-0d9fe78ab8eb/none_v3" "tx38355b6aac134338ac382-00692184ff" "proxy-server 20" 0.0010 "-" 22 0
Nov 22 09:40:15 standalone proxy-server[129180]: 172.18.0.2 172.18.0.100 22/Nov/2025/09/40/15 GET /v1/AUTH_fff18441fa584bcdbd413ba4522fdfda/gnocchi.1b510ad0-75b5-484c-9923-0d9fe78ab8eb/none_v3 HTTP/1.0 404 - python-swiftclient-3.11.1 gAAAAABpIYRd83Di... - 70 - tx38355b6aac134338ac382-00692184ff - 0.0162 - - 1763804415.443798542 1763804415.460035086 0
Nov 22 09:40:15 standalone account-server[127166]: 172.20.0.100 - - [22/Nov/2025:09:40:15 +0000] "PUT /d1/19/AUTH_fff18441fa584bcdbd413ba4522fdfda/gnocchi.1b510ad0-75b5-484c-9923-0d9fe78ab8eb" 201 - "PUT http://172.20.0.100:6001/d1/249/AUTH_fff18441fa584bcdbd413ba4522fdfda/gnocchi.1b510ad0-75b5-484c-9923-0d9fe78ab8eb" "txb32867d7ab7f46428639c-00692184ff" "container-server 22" 0.0061 "-" 21 0
Nov 22 09:40:15 standalone container-server[127309]: 172.20.0.100 - - [22/Nov/2025:09:40:15 +0000] "PUT /d1/249/AUTH_fff18441fa584bcdbd413ba4522fdfda/gnocchi.1b510ad0-75b5-484c-9923-0d9fe78ab8eb" 201 - "PUT http://172.18.0.2:8080/v1/AUTH_fff18441fa584bcdbd413ba4522fdfda/gnocchi.1b510ad0-75b5-484c-9923-0d9fe78ab8eb" "txb32867d7ab7f46428639c-00692184ff" "proxy-server 20" 0.0201 "-" 22 0
Nov 22 09:40:15 standalone proxy-server[129180]: 172.18.0.2 172.18.0.100 22/Nov/2025/09/40/15 PUT /v1/AUTH_fff18441fa584bcdbd413ba4522fdfda/gnocchi.1b510ad0-75b5-484c-9923-0d9fe78ab8eb HTTP/1.0 201 - python-swiftclient-3.11.1 gAAAAABpIYRd83Di... - - - txb32867d7ab7f46428639c-00692184ff - 0.0274 - - 1763804415.465629578 1763804415.493008375 0
Nov 22 09:40:15 standalone container-server[127286]: 172.20.0.100 - - [22/Nov/2025:09:40:15 +0000] "HEAD /d1/249/AUTH_fff18441fa584bcdbd413ba4522fdfda/gnocchi.1b510ad0-75b5-484c-9923-0d9fe78ab8eb" 204 - "HEAD http://172.18.0.2:8080/v1/AUTH_fff18441fa584bcdbd413ba4522fdfda/gnocchi.1b510ad0-75b5-484c-9923-0d9fe78ab8eb?format=json&states=listing" "txd205fa0cdbde4f7eb192c-00692184ff" "proxy-server 20" 0.0022 "-" 20 0
Nov 22 09:40:15 standalone proxy-server[129180]: - - 22/Nov/2025/09/40/15 HEAD /v1/AUTH_fff18441fa584bcdbd413ba4522fdfda/gnocchi.1b510ad0-75b5-484c-9923-0d9fe78ab8eb%3Fformat%3Djson%26states%3Dlisting HTTP/1.0 204 - Swift - - - - txd205fa0cdbde4f7eb192c-00692184ff - 0.0074 RL - 1763804415.500513554 1763804415.507931709 0
Nov 22 09:40:15 standalone container-server[127269]: 172.20.0.100 - - [22/Nov/2025:09:40:15 +0000] "GET /d1/249/AUTH_fff18441fa584bcdbd413ba4522fdfda/gnocchi.1b510ad0-75b5-484c-9923-0d9fe78ab8eb" 200 2 "GET http://172.18.0.2:8080/v1/AUTH_fff18441fa584bcdbd413ba4522fdfda/gnocchi.1b510ad0-75b5-484c-9923-0d9fe78ab8eb?format=json&states=listing" "txd205fa0cdbde4f7eb192c-00692184ff" "proxy-server 20" 0.0044 "-" 19 0
Nov 22 09:40:15 standalone proxy-server[129180]: 172.18.0.2 172.18.0.100 22/Nov/2025/09/40/15 GET /v1/AUTH_fff18441fa584bcdbd413ba4522fdfda/gnocchi.1b510ad0-75b5-484c-9923-0d9fe78ab8eb%3Fformat%3Djson%26states%3Dlisting HTTP/1.0 200 - python-swiftclient-3.11.1 gAAAAABpIYRd83Di... - 2 - txd205fa0cdbde4f7eb192c-00692184ff - 0.0233 - - 1763804415.498966217 1763804415.522311926 0
Nov 22 09:40:15 standalone object-server[127518]: 172.20.0.100 - - [22/Nov/2025:09:40:15 +0000] "GET /d1/87/AUTH_fff18441fa584bcdbd413ba4522fdfda/gnocchi.1b510ad0-75b5-484c-9923-0d9fe78ab8eb/1763640000.0_mean_300.0_v3" 404 70 "GET http://172.18.0.2:8080/v1/AUTH_fff18441fa584bcdbd413ba4522fdfda/gnocchi.1b510ad0-75b5-484c-9923-0d9fe78ab8eb/1763640000.0_mean_300.0_v3" "tx5e9785291ff942ce909d8-00692184ff" "proxy-server 20" 0.0006 "-" 24 0
Nov 22 09:40:15 standalone proxy-server[129180]: 172.18.0.2 172.18.0.100 22/Nov/2025/09/40/15 GET /v1/AUTH_fff18441fa584bcdbd413ba4522fdfda/gnocchi.1b510ad0-75b5-484c-9923-0d9fe78ab8eb/1763640000.0_mean_300.0_v3 HTTP/1.0 404 - python-swiftclient-3.11.1 gAAAAABpIYRd83Di... - 70 - tx5e9785291ff942ce909d8-00692184ff - 0.0082 - - 1763804415.527700663 1763804415.535873175 0
Nov 22 09:40:15 standalone container-server[127286]: 172.20.0.100 - - [22/Nov/2025:09:40:15 +0000] "PUT /d1/249/AUTH_fff18441fa584bcdbd413ba4522fdfda/gnocchi.1b510ad0-75b5-484c-9923-0d9fe78ab8eb/1763640000.0_mean_300.0_v3" 201 - "PUT http://172.18.0.2:8080/d1/87/AUTH_fff18441fa584bcdbd413ba4522fdfda/gnocchi.1b510ad0-75b5-484c-9923-0d9fe78ab8eb/1763640000.0_mean_300.0_v3" "tx9fb1cb750a864d29b8d59-00692184ff" "object-server 22" 0.0010 "-" 20 0
Nov 22 09:40:15 standalone object-server[127515]: 172.20.0.100 - - [22/Nov/2025:09:40:15 +0000] "PUT /d1/87/AUTH_fff18441fa584bcdbd413ba4522fdfda/gnocchi.1b510ad0-75b5-484c-9923-0d9fe78ab8eb/1763640000.0_mean_300.0_v3" 201 - "PUT http://172.18.0.2:8080/v1/AUTH_fff18441fa584bcdbd413ba4522fdfda/gnocchi.1b510ad0-75b5-484c-9923-0d9fe78ab8eb/1763640000.0_mean_300.0_v3" "tx9fb1cb750a864d29b8d59-00692184ff" "proxy-server 20" 0.0145 "-" 22 0
Nov 22 09:40:15 standalone proxy-server[129180]: 172.18.0.2 172.18.0.100 22/Nov/2025/09/40/15 PUT /v1/AUTH_fff18441fa584bcdbd413ba4522fdfda/gnocchi.1b510ad0-75b5-484c-9923-0d9fe78ab8eb/1763640000.0_mean_300.0_v3 HTTP/1.0 201 - python-swiftclient-3.11.1 gAAAAABpIYRd83Di... 16 - - tx9fb1cb750a864d29b8d59-00692184ff - 0.0229 - - 1763804415.540194035 1763804415.563115835 0
Nov 22 09:40:15 standalone container-server[127326]: 172.20.0.100 - - [22/Nov/2025:09:40:15 +0000] "PUT /d1/249/AUTH_fff18441fa584bcdbd413ba4522fdfda/gnocchi.1b510ad0-75b5-484c-9923-0d9fe78ab8eb/none_v3" 201 - "PUT http://172.18.0.2:8080/d1/9/AUTH_fff18441fa584bcdbd413ba4522fdfda/gnocchi.1b510ad0-75b5-484c-9923-0d9fe78ab8eb/none_v3" "tx55f086fb988d4fb9b9ff5-00692184ff" "object-server 25" 0.0006 "-" 23 0
Nov 22 09:40:15 standalone object-server[127519]: 172.20.0.100 - - [22/Nov/2025:09:40:15 +0000] "PUT /d1/9/AUTH_fff18441fa584bcdbd413ba4522fdfda/gnocchi.1b510ad0-75b5-484c-9923-0d9fe78ab8eb/none_v3" 201 - "PUT http://172.18.0.2:8080/v1/AUTH_fff18441fa584bcdbd413ba4522fdfda/gnocchi.1b510ad0-75b5-484c-9923-0d9fe78ab8eb/none_v3" "tx55f086fb988d4fb9b9ff5-00692184ff" "proxy-server 20" 0.0118 "-" 25 0
Nov 22 09:40:15 standalone proxy-server[129180]: 172.18.0.2 172.18.0.100 22/Nov/2025/09/40/15 PUT /v1/AUTH_fff18441fa584bcdbd413ba4522fdfda/gnocchi.1b510ad0-75b5-484c-9923-0d9fe78ab8eb/none_v3 HTTP/1.0 201 - python-swiftclient-3.11.1 gAAAAABpIYRd83Di... 22 - - tx55f086fb988d4fb9b9ff5-00692184ff - 0.0201 - - 1763804415.567243814 1763804415.587342501 0
Nov 22 09:40:15 standalone container-server[127326]: 172.20.0.100 - - [22/Nov/2025:09:40:15 +0000] "HEAD /d1/787/AUTH_fff18441fa584bcdbd413ba4522fdfda/gnocchi.501011ad-a882-4a87-b7dd-9753664a45d7" 404 - "HEAD http://172.18.0.2:8080/v1/AUTH_fff18441fa584bcdbd413ba4522fdfda/gnocchi.501011ad-a882-4a87-b7dd-9753664a45d7?format=json&states=listing" "txb5759b754a2f494abec51-00692184ff" "proxy-server 20" 0.0004 "-" 23 0
Nov 22 09:40:15 standalone object-server[127519]: 172.20.0.100 - - [22/Nov/2025:09:40:15 +0000] "GET /d1/362/AUTH_fff18441fa584bcdbd413ba4522fdfda/gnocchi.501011ad-a882-4a87-b7dd-9753664a45d7/none_v3" 404 70 "GET http://172.18.0.2:8080/v1/AUTH_fff18441fa584bcdbd413ba4522fdfda/gnocchi.501011ad-a882-4a87-b7dd-9753664a45d7/none_v3" "txb5759b754a2f494abec51-00692184ff" "proxy-server 20" 0.0005 "-" 25 0
Nov 22 09:40:15 standalone proxy-server[129180]: 172.18.0.2 172.18.0.100 22/Nov/2025/09/40/15 GET /v1/AUTH_fff18441fa584bcdbd413ba4522fdfda/gnocchi.501011ad-a882-4a87-b7dd-9753664a45d7/none_v3 HTTP/1.0 404 - python-swiftclient-3.11.1 gAAAAABpIYRd83Di... - 70 - txb5759b754a2f494abec51-00692184ff - 0.0174 - - 1763804415.603820801 1763804415.621241093 0
Nov 22 09:40:15 standalone account-server[127166]: 172.20.0.100 - - [22/Nov/2025:09:40:15 +0000] "PUT /d1/19/AUTH_fff18441fa584bcdbd413ba4522fdfda/gnocchi.501011ad-a882-4a87-b7dd-9753664a45d7" 201 - "PUT http://172.20.0.100:6001/d1/787/AUTH_fff18441fa584bcdbd413ba4522fdfda/gnocchi.501011ad-a882-4a87-b7dd-9753664a45d7" "tx02debd2113194e5d98335-00692184ff" "container-server 23" 0.0066 "-" 21 0
Nov 22 09:40:15 standalone container-server[127326]: 172.20.0.100 - - [22/Nov/2025:09:40:15 +0000] "PUT /d1/787/AUTH_fff18441fa584bcdbd413ba4522fdfda/gnocchi.501011ad-a882-4a87-b7dd-9753664a45d7" 201 - "PUT http://172.18.0.2:8080/v1/AUTH_fff18441fa584bcdbd413ba4522fdfda/gnocchi.501011ad-a882-4a87-b7dd-9753664a45d7" "tx02debd2113194e5d98335-00692184ff" "proxy-server 20" 0.0182 "-" 23 0
Nov 22 09:40:15 standalone proxy-server[129180]: 172.18.0.2 172.18.0.100 22/Nov/2025/09/40/15 PUT /v1/AUTH_fff18441fa584bcdbd413ba4522fdfda/gnocchi.501011ad-a882-4a87-b7dd-9753664a45d7 HTTP/1.0 201 - python-swiftclient-3.11.1 gAAAAABpIYRd83Di... - - - tx02debd2113194e5d98335-00692184ff - 0.0247 - - 1763804415.625566006 1763804415.650227785 0
Nov 22 09:40:15 standalone container-server[127269]: 172.20.0.100 - - [22/Nov/2025:09:40:15 +0000] "HEAD /d1/787/AUTH_fff18441fa584bcdbd413ba4522fdfda/gnocchi.501011ad-a882-4a87-b7dd-9753664a45d7" 204 - "HEAD http://172.18.0.2:8080/v1/AUTH_fff18441fa584bcdbd413ba4522fdfda/gnocchi.501011ad-a882-4a87-b7dd-9753664a45d7?format=json&states=listing" "tx801e01f431784c7a9b1cc-00692184ff" "proxy-server 20" 0.0030 "-" 19 0
Nov 22 09:40:15 standalone proxy-server[129180]: - - 22/Nov/2025/09/40/15 HEAD /v1/AUTH_fff18441fa584bcdbd413ba4522fdfda/gnocchi.501011ad-a882-4a87-b7dd-9753664a45d7%3Fformat%3Djson%26states%3Dlisting HTTP/1.0 204 - Swift - - - - tx801e01f431784c7a9b1cc-00692184ff - 0.0091 RL - 1763804415.658272028 1763804415.667361498 0
Nov 22 09:40:15 standalone container-server[127326]: 172.20.0.100 - - [22/Nov/2025:09:40:15 +0000] "GET /d1/787/AUTH_fff18441fa584bcdbd413ba4522fdfda/gnocchi.501011ad-a882-4a87-b7dd-9753664a45d7" 200 2 "GET http://172.18.0.2:8080/v1/AUTH_fff18441fa584bcdbd413ba4522fdfda/gnocchi.501011ad-a882-4a87-b7dd-9753664a45d7?format=json&states=listing" "tx801e01f431784c7a9b1cc-00692184ff" "proxy-server 20" 0.0016 "-" 23 0
Nov 22 09:40:15 standalone proxy-server[129180]: 172.18.0.2 172.18.0.100 22/Nov/2025/09/40/15 GET /v1/AUTH_fff18441fa584bcdbd413ba4522fdfda/gnocchi.501011ad-a882-4a87-b7dd-9753664a45d7%3Fformat%3Djson%26states%3Dlisting HTTP/1.0 200 - python-swiftclient-3.11.1 gAAAAABpIYRd83Di... - 2 - tx801e01f431784c7a9b1cc-00692184ff - 0.0208 - - 1763804415.656546116 1763804415.677300930 0
Nov 22 09:40:15 standalone object-server[127515]: 172.20.0.100 - - [22/Nov/2025:09:40:15 +0000] "GET /d1/326/AUTH_fff18441fa584bcdbd413ba4522fdfda/gnocchi.501011ad-a882-4a87-b7dd-9753664a45d7/1763640000.0_mean_300.0_v3" 404 70 "GET http://172.18.0.2:8080/v1/AUTH_fff18441fa584bcdbd413ba4522fdfda/gnocchi.501011ad-a882-4a87-b7dd-9753664a45d7/1763640000.0_mean_300.0_v3" "tx8d5b9660ee164dea93c69-00692184ff" "proxy-server 20" 0.0008 "-" 22 0
Nov 22 09:40:15 standalone proxy-server[129180]: 172.18.0.2 172.18.0.100 22/Nov/2025/09/40/15 GET /v1/AUTH_fff18441fa584bcdbd413ba4522fdfda/gnocchi.501011ad-a882-4a87-b7dd-9753664a45d7/1763640000.0_mean_300.0_v3 HTTP/1.0 404 - python-swiftclient-3.11.1 gAAAAABpIYRd83Di... - 70 - tx8d5b9660ee164dea93c69-00692184ff - 0.0093 - - 1763804415.683799028 1763804415.693120003 0
Nov 22 09:40:15 standalone container-server[127286]: 172.20.0.100 - - [22/Nov/2025:09:40:15 +0000] "PUT /d1/787/AUTH_fff18441fa584bcdbd413ba4522fdfda/gnocchi.501011ad-a882-4a87-b7dd-9753664a45d7/1763640000.0_mean_300.0_v3" 201 - "PUT http://172.18.0.2:8080/d1/326/AUTH_fff18441fa584bcdbd413ba4522fdfda/gnocchi.501011ad-a882-4a87-b7dd-9753664a45d7/1763640000.0_mean_300.0_v3" "txc028bdb5ebad4a8189693-00692184ff" "object-server 24" 0.0010 "-" 20 0
Nov 22 09:40:15 standalone object-server[127518]: 172.20.0.100 - - [22/Nov/2025:09:40:15 +0000] "PUT /d1/326/AUTH_fff18441fa584bcdbd413ba4522fdfda/gnocchi.501011ad-a882-4a87-b7dd-9753664a45d7/1763640000.0_mean_300.0_v3" 201 - "PUT http://172.18.0.2:8080/v1/AUTH_fff18441fa584bcdbd413ba4522fdfda/gnocchi.501011ad-a882-4a87-b7dd-9753664a45d7/1763640000.0_mean_300.0_v3" "txc028bdb5ebad4a8189693-00692184ff" "proxy-server 20" 0.0110 "-" 24 0
Nov 22 09:40:15 standalone proxy-server[129180]: 172.18.0.2 172.18.0.100 22/Nov/2025/09/40/15 PUT /v1/AUTH_fff18441fa584bcdbd413ba4522fdfda/gnocchi.501011ad-a882-4a87-b7dd-9753664a45d7/1763640000.0_mean_300.0_v3 HTTP/1.0 201 - python-swiftclient-3.11.1 gAAAAABpIYRd83Di... 16 - - txc028bdb5ebad4a8189693-00692184ff - 0.0185 - - 1763804415.698386669 1763804415.716903448 0
Nov 22 09:40:15 standalone container-server[127286]: 172.20.0.100 - - [22/Nov/2025:09:40:15 +0000] "PUT /d1/787/AUTH_fff18441fa584bcdbd413ba4522fdfda/gnocchi.501011ad-a882-4a87-b7dd-9753664a45d7/none_v3" 201 - "PUT http://172.18.0.2:8080/d1/362/AUTH_fff18441fa584bcdbd413ba4522fdfda/gnocchi.501011ad-a882-4a87-b7dd-9753664a45d7/none_v3" "tx741189722d6b487bbae4b-00692184ff" "object-server 23" 0.0007 "-" 20 0
Nov 22 09:40:15 standalone object-server[127517]: 172.20.0.100 - - [22/Nov/2025:09:40:15 +0000] "PUT /d1/362/AUTH_fff18441fa584bcdbd413ba4522fdfda/gnocchi.501011ad-a882-4a87-b7dd-9753664a45d7/none_v3" 201 - "PUT http://172.18.0.2:8080/v1/AUTH_fff18441fa584bcdbd413ba4522fdfda/gnocchi.501011ad-a882-4a87-b7dd-9753664a45d7/none_v3" "tx741189722d6b487bbae4b-00692184ff" "proxy-server 20" 0.0130 "-" 23 0
Nov 22 09:40:15 standalone proxy-server[129180]: 172.18.0.2 172.18.0.100 22/Nov/2025/09/40/15 PUT /v1/AUTH_fff18441fa584bcdbd413ba4522fdfda/gnocchi.501011ad-a882-4a87-b7dd-9753664a45d7/none_v3 HTTP/1.0 201 - python-swiftclient-3.11.1 gAAAAABpIYRd83Di... 22 - - tx741189722d6b487bbae4b-00692184ff - 0.0246 - - 1763804415.721302986 1763804415.745853424 0
Nov 22 09:40:15 standalone object-server[127515]: 172.20.0.100 - - [22/Nov/2025:09:40:15 +0000] "GET /d1/795/AUTH_fff18441fa584bcdbd413ba4522fdfda/gnocchi.89d86546-bdf9-4a4c-a5a1-eda63e9d5791/none_v3" 200 22 "GET http://172.18.0.2:8080/v1/AUTH_fff18441fa584bcdbd413ba4522fdfda/gnocchi.89d86546-bdf9-4a4c-a5a1-eda63e9d5791/none_v3" "txc9615297d674432599b12-00692184ff" "proxy-server 20" 0.0018 "-" 22 0
