Nov 22 09:38:44 standalone proxy-server[129180]: 172.18.0.2 172.18.0.100 22/Nov/2025/09/38/44 PUT /v1/AUTH_fff18441fa584bcdbd413ba4522fdfda/gnocchi.d28ee800-f906-41be-80f9-4f30bfe13edd/1763640000.0_mean_300.0_v3 HTTP/1.0 201 - python-swiftclient-3.11.1 gAAAAABpIYRd83Di... 16 - - txa66aa211bd5d40bfbf54f-00692184a4 - 0.0255 - - 1763804324.153305054 1763804324.178758621 0
Nov 22 09:38:44 standalone container-server[127309]: 172.20.0.100 - - [22/Nov/2025:09:38:44 +0000] "PUT /d1/155/AUTH_fff18441fa584bcdbd413ba4522fdfda/gnocchi.d28ee800-f906-41be-80f9-4f30bfe13edd/none_v3" 201 - "PUT http://172.18.0.2:8080/d1/915/AUTH_fff18441fa584bcdbd413ba4522fdfda/gnocchi.d28ee800-f906-41be-80f9-4f30bfe13edd/none_v3" "tx0b41176ea26d4b6590679-00692184a4" "object-server 22" 0.0009 "-" 22 0
Nov 22 09:38:44 standalone object-server[127515]: 172.20.0.100 - - [22/Nov/2025:09:38:44 +0000] "PUT /d1/915/AUTH_fff18441fa584bcdbd413ba4522fdfda/gnocchi.d28ee800-f906-41be-80f9-4f30bfe13edd/none_v3" 201 - "PUT http://172.18.0.2:8080/v1/AUTH_fff18441fa584bcdbd413ba4522fdfda/gnocchi.d28ee800-f906-41be-80f9-4f30bfe13edd/none_v3" "tx0b41176ea26d4b6590679-00692184a4" "proxy-server 20" 0.0138 "-" 22 0
Nov 22 09:38:44 standalone proxy-server[129180]: 172.18.0.2 172.18.0.100 22/Nov/2025/09/38/44 PUT /v1/AUTH_fff18441fa584bcdbd413ba4522fdfda/gnocchi.d28ee800-f906-41be-80f9-4f30bfe13edd/none_v3 HTTP/1.0 201 - python-swiftclient-3.11.1 gAAAAABpIYRd83Di... 22 - - tx0b41176ea26d4b6590679-00692184a4 - 0.0226 - - 1763804324.185108900 1763804324.207661629 0
Nov 22 09:38:44 standalone container-server[127269]: 172.20.0.100 - - [22/Nov/2025:09:38:44 +0000] "HEAD /d1/123/AUTH_fff18441fa584bcdbd413ba4522fdfda/gnocchi.d93e6ba3-2d59-4724-b76a-1c14ba37ee11" 404 - "HEAD http://172.18.0.2:8080/v1/AUTH_fff18441fa584bcdbd413ba4522fdfda/gnocchi.d93e6ba3-2d59-4724-b76a-1c14ba37ee11?format=json&states=listing" "txfc6f2d2260424dc39b744-00692184a4" "proxy-server 20" 0.0006 "-" 19 0
Nov 22 09:38:44 standalone object-server[127518]: 172.20.0.100 - - [22/Nov/2025:09:38:44 +0000] "GET /d1/515/AUTH_fff18441fa584bcdbd413ba4522fdfda/gnocchi.d93e6ba3-2d59-4724-b76a-1c14ba37ee11/none_v3" 404 70 "GET http://172.18.0.2:8080/v1/AUTH_fff18441fa584bcdbd413ba4522fdfda/gnocchi.d93e6ba3-2d59-4724-b76a-1c14ba37ee11/none_v3" "txfc6f2d2260424dc39b744-00692184a4" "proxy-server 20" 0.0004 "-" 24 0
Nov 22 09:38:44 standalone proxy-server[129180]: 172.18.0.2 172.18.0.100 22/Nov/2025/09/38/44 GET /v1/AUTH_fff18441fa584bcdbd413ba4522fdfda/gnocchi.d93e6ba3-2d59-4724-b76a-1c14ba37ee11/none_v3 HTTP/1.0 404 - python-swiftclient-3.11.1 gAAAAABpIYRd83Di... - 70 - txfc6f2d2260424dc39b744-00692184a4 - 0.0140 - - 1763804324.225467920 1763804324.239455700 0
Nov 22 09:38:44 standalone account-server[127206]: 172.20.0.100 - - [22/Nov/2025:09:38:44 +0000] "PUT /d1/19/AUTH_fff18441fa584bcdbd413ba4522fdfda/gnocchi.d93e6ba3-2d59-4724-b76a-1c14ba37ee11" 201 - "PUT http://172.20.0.100:6001/d1/123/AUTH_fff18441fa584bcdbd413ba4522fdfda/gnocchi.d93e6ba3-2d59-4724-b76a-1c14ba37ee11" "tx2ea6ed18cd484ee8b0ec7-00692184a4" "container-server 23" 0.0041 "-" 23 0
Nov 22 09:38:44 standalone container-server[127326]: 172.20.0.100 - - [22/Nov/2025:09:38:44 +0000] "PUT /d1/123/AUTH_fff18441fa584bcdbd413ba4522fdfda/gnocchi.d93e6ba3-2d59-4724-b76a-1c14ba37ee11" 201 - "PUT http://172.18.0.2:8080/v1/AUTH_fff18441fa584bcdbd413ba4522fdfda/gnocchi.d93e6ba3-2d59-4724-b76a-1c14ba37ee11" "tx2ea6ed18cd484ee8b0ec7-00692184a4" "proxy-server 20" 0.0184 "-" 23 0
Nov 22 09:38:44 standalone proxy-server[129180]: 172.18.0.2 172.18.0.100 22/Nov/2025/09/38/44 PUT /v1/AUTH_fff18441fa584bcdbd413ba4522fdfda/gnocchi.d93e6ba3-2d59-4724-b76a-1c14ba37ee11 HTTP/1.0 201 - python-swiftclient-3.11.1 gAAAAABpIYRd83Di... - - - tx2ea6ed18cd484ee8b0ec7-00692184a4 - 0.0239 - - 1763804324.243797064 1763804324.267738342 0
Nov 22 09:38:44 standalone container-server[127269]: 172.20.0.100 - - [22/Nov/2025:09:38:44 +0000] "HEAD /d1/123/AUTH_fff18441fa584bcdbd413ba4522fdfda/gnocchi.d93e6ba3-2d59-4724-b76a-1c14ba37ee11" 204 - "HEAD http://172.18.0.2:8080/v1/AUTH_fff18441fa584bcdbd413ba4522fdfda/gnocchi.d93e6ba3-2d59-4724-b76a-1c14ba37ee11?format=json&states=listing" "txa0b0b8f9f0e4432f812bf-00692184a4" "proxy-server 20" 0.0032 "-" 19 0
Nov 22 09:38:44 standalone proxy-server[129180]: - - 22/Nov/2025/09/38/44 HEAD /v1/AUTH_fff18441fa584bcdbd413ba4522fdfda/gnocchi.d93e6ba3-2d59-4724-b76a-1c14ba37ee11%3Fformat%3Djson%26states%3Dlisting HTTP/1.0 204 - Swift - - - - txa0b0b8f9f0e4432f812bf-00692184a4 - 0.0075 RL - 1763804324.276875019 1763804324.284384966 0
Nov 22 09:38:44 standalone container-server[127286]: 172.20.0.100 - - [22/Nov/2025:09:38:44 +0000] "GET /d1/123/AUTH_fff18441fa584bcdbd413ba4522fdfda/gnocchi.d93e6ba3-2d59-4724-b76a-1c14ba37ee11" 200 2 "GET http://172.18.0.2:8080/v1/AUTH_fff18441fa584bcdbd413ba4522fdfda/gnocchi.d93e6ba3-2d59-4724-b76a-1c14ba37ee11?format=json&states=listing" "txa0b0b8f9f0e4432f812bf-00692184a4" "proxy-server 20" 0.0080 "-" 20 0
Nov 22 09:38:44 standalone proxy-server[129180]: 172.18.0.2 172.18.0.100 22/Nov/2025/09/38/44 GET /v1/AUTH_fff18441fa584bcdbd413ba4522fdfda/gnocchi.d93e6ba3-2d59-4724-b76a-1c14ba37ee11%3Fformat%3Djson%26states%3Dlisting HTTP/1.0 200 - python-swiftclient-3.11.1 gAAAAABpIYRd83Di... - 2 - txa0b0b8f9f0e4432f812bf-00692184a4 - 0.0287 - - 1763804324.275826693 1763804324.304537773 0
Nov 22 09:38:44 standalone object-server[127519]: 172.20.0.100 - - [22/Nov/2025:09:38:44 +0000] "GET /d1/266/AUTH_fff18441fa584bcdbd413ba4522fdfda/gnocchi.d93e6ba3-2d59-4724-b76a-1c14ba37ee11/1763640000.0_mean_300.0_v3" 404 70 "GET http://172.18.0.2:8080/v1/AUTH_fff18441fa584bcdbd413ba4522fdfda/gnocchi.d93e6ba3-2d59-4724-b76a-1c14ba37ee11/1763640000.0_mean_300.0_v3" "tx77dc8e0ec04a4904a7c2c-00692184a4" "proxy-server 20" 0.0007 "-" 25 0
Nov 22 09:38:44 standalone proxy-server[129180]: 172.18.0.2 172.18.0.100 22/Nov/2025/09/38/44 GET /v1/AUTH_fff18441fa584bcdbd413ba4522fdfda/gnocchi.d93e6ba3-2d59-4724-b76a-1c14ba37ee11/1763640000.0_mean_300.0_v3 HTTP/1.0 404 - python-swiftclient-3.11.1 gAAAAABpIYRd83Di... - 70 - tx77dc8e0ec04a4904a7c2c-00692184a4 - 0.0103 - - 1763804324.310235977 1763804324.320496559 0
Nov 22 09:38:44 standalone container-server[127269]: 172.20.0.100 - - [22/Nov/2025:09:38:44 +0000] "PUT /d1/123/AUTH_fff18441fa584bcdbd413ba4522fdfda/gnocchi.d93e6ba3-2d59-4724-b76a-1c14ba37ee11/1763640000.0_mean_300.0_v3" 201 - "PUT http://172.18.0.2:8080/d1/266/AUTH_fff18441fa584bcdbd413ba4522fdfda/gnocchi.d93e6ba3-2d59-4724-b76a-1c14ba37ee11/1763640000.0_mean_300.0_v3" "txfc8c368234124b87ab692-00692184a4" "object-server 22" 0.0018 "-" 19 0
Nov 22 09:38:44 standalone object-server[127515]: 172.20.0.100 - - [22/Nov/2025:09:38:44 +0000] "PUT /d1/266/AUTH_fff18441fa584bcdbd413ba4522fdfda/gnocchi.d93e6ba3-2d59-4724-b76a-1c14ba37ee11/1763640000.0_mean_300.0_v3" 201 - "PUT http://172.18.0.2:8080/v1/AUTH_fff18441fa584bcdbd413ba4522fdfda/gnocchi.d93e6ba3-2d59-4724-b76a-1c14ba37ee11/1763640000.0_mean_300.0_v3" "txfc8c368234124b87ab692-00692184a4" "proxy-server 20" 0.0207 "-" 22 0
Nov 22 09:38:44 standalone proxy-server[129180]: 172.18.0.2 172.18.0.100 22/Nov/2025/09/38/44 PUT /v1/AUTH_fff18441fa584bcdbd413ba4522fdfda/gnocchi.d93e6ba3-2d59-4724-b76a-1c14ba37ee11/1763640000.0_mean_300.0_v3 HTTP/1.0 201 - python-swiftclient-3.11.1 gAAAAABpIYRd83Di... 16 - - txfc8c368234124b87ab692-00692184a4 - 0.0400 - - 1763804324.329782724 1763804324.369738817 0
Nov 22 09:38:44 standalone container-server[127326]: 172.20.0.100 - - [22/Nov/2025:09:38:44 +0000] "PUT /d1/123/AUTH_fff18441fa584bcdbd413ba4522fdfda/gnocchi.d93e6ba3-2d59-4724-b76a-1c14ba37ee11/none_v3" 201 - "PUT http://172.18.0.2:8080/d1/515/AUTH_fff18441fa584bcdbd413ba4522fdfda/gnocchi.d93e6ba3-2d59-4724-b76a-1c14ba37ee11/none_v3" "tx6335d9df4c4a45a6b0986-00692184a4" "object-server 23" 0.0017 "-" 23 0
Nov 22 09:38:44 standalone object-server[127517]: 172.20.0.100 - - [22/Nov/2025:09:38:44 +0000] "PUT /d1/515/AUTH_fff18441fa584bcdbd413ba4522fdfda/gnocchi.d93e6ba3-2d59-4724-b76a-1c14ba37ee11/none_v3" 201 - "PUT http://172.18.0.2:8080/v1/AUTH_fff18441fa584bcdbd413ba4522fdfda/gnocchi.d93e6ba3-2d59-4724-b76a-1c14ba37ee11/none_v3" "tx6335d9df4c4a45a6b0986-00692184a4" "proxy-server 20" 0.0183 "-" 23 0
Nov 22 09:38:44 standalone proxy-server[129180]: 172.18.0.2 172.18.0.100 22/Nov/2025/09/38/44 PUT /v1/AUTH_fff18441fa584bcdbd413ba4522fdfda/gnocchi.d93e6ba3-2d59-4724-b76a-1c14ba37ee11/none_v3 HTTP/1.0 201 - python-swiftclient-3.11.1 gAAAAABpIYRd83Di... 22 - - tx6335d9df4c4a45a6b0986-00692184a4 - 0.0272 - - 1763804324.373884916 1763804324.401117802 0
Nov 22 09:38:44 standalone container-server[127286]: 172.20.0.100 - - [22/Nov/2025:09:38:44 +0000] "HEAD /d1/927/AUTH_fff18441fa584bcdbd413ba4522fdfda/gnocchi.3fa1c868-bb8b-476e-9b8f-f88d74de5ebf" 404 - "HEAD http://172.18.0.2:8080/v1/AUTH_fff18441fa584bcdbd413ba4522fdfda/gnocchi.3fa1c868-bb8b-476e-9b8f-f88d74de5ebf?format=json&states=listing" "tx1c26ba326c2e4e8fa4385-00692184a4" "proxy-server 20" 0.0013 "-" 20 0
Nov 22 09:38:44 standalone object-server[127519]: 172.20.0.100 - - [22/Nov/2025:09:38:44 +0000] "GET /d1/594/AUTH_fff18441fa584bcdbd413ba4522fdfda/gnocchi.3fa1c868-bb8b-476e-9b8f-f88d74de5ebf/none_v3" 404 70 "GET http://172.18.0.2:8080/v1/AUTH_fff18441fa584bcdbd413ba4522fdfda/gnocchi.3fa1c868-bb8b-476e-9b8f-f88d74de5ebf/none_v3" "tx1c26ba326c2e4e8fa4385-00692184a4" "proxy-server 20" 0.0005 "-" 25 0
Nov 22 09:38:44 standalone proxy-server[129180]: 172.18.0.2 172.18.0.100 22/Nov/2025/09/38/44 GET /v1/AUTH_fff18441fa584bcdbd413ba4522fdfda/gnocchi.3fa1c868-bb8b-476e-9b8f-f88d74de5ebf/none_v3 HTTP/1.0 404 - python-swiftclient-3.11.1 gAAAAABpIYRd83Di... - 70 - tx1c26ba326c2e4e8fa4385-00692184a4 - 0.0235 - - 1763804324.425512791 1763804324.448962927 0
Nov 22 09:38:44 standalone account-server[127180]: 172.20.0.100 - - [22/Nov/2025:09:38:44 +0000] "PUT /d1/19/AUTH_fff18441fa584bcdbd413ba4522fdfda/gnocchi.3fa1c868-bb8b-476e-9b8f-f88d74de5ebf" 201 - "PUT http://172.20.0.100:6001/d1/927/AUTH_fff18441fa584bcdbd413ba4522fdfda/gnocchi.3fa1c868-bb8b-476e-9b8f-f88d74de5ebf" "tx735cb8ae910e43659073d-00692184a4" "container-server 20" 0.0132 "-" 22 0
Nov 22 09:38:44 standalone container-server[127286]: 172.20.0.100 - - [22/Nov/2025:09:38:44 +0000] "PUT /d1/927/AUTH_fff18441fa584bcdbd413ba4522fdfda/gnocchi.3fa1c868-bb8b-476e-9b8f-f88d74de5ebf" 201 - "PUT http://172.18.0.2:8080/v1/AUTH_fff18441fa584bcdbd413ba4522fdfda/gnocchi.3fa1c868-bb8b-476e-9b8f-f88d74de5ebf" "tx735cb8ae910e43659073d-00692184a4" "proxy-server 20" 0.0392 "-" 20 0
Nov 22 09:38:44 standalone proxy-server[129180]: 172.18.0.2 172.18.0.100 22/Nov/2025/09/38/44 PUT /v1/AUTH_fff18441fa584bcdbd413ba4522fdfda/gnocchi.3fa1c868-bb8b-476e-9b8f-f88d74de5ebf HTTP/1.0 201 - python-swiftclient-3.11.1 gAAAAABpIYRd83Di... - - - tx735cb8ae910e43659073d-00692184a4 - 0.0489 - - 1763804324.453884840 1763804324.502742767 0
Nov 22 09:38:44 standalone container-server[127309]: 172.20.0.100 - - [22/Nov/2025:09:38:44 +0000] "HEAD /d1/927/AUTH_fff18441fa584bcdbd413ba4522fdfda/gnocchi.3fa1c868-bb8b-476e-9b8f-f88d74de5ebf" 204 - "HEAD http://172.18.0.2:8080/v1/AUTH_fff18441fa584bcdbd413ba4522fdfda/gnocchi.3fa1c868-bb8b-476e-9b8f-f88d74de5ebf?format=json&states=listing" "tx5ce09e7cb7824c11951e3-00692184a4" "proxy-server 20" 0.0018 "-" 22 0
Nov 22 09:38:44 standalone proxy-server[129180]: - - 22/Nov/2025/09/38/44 HEAD /v1/AUTH_fff18441fa584bcdbd413ba4522fdfda/gnocchi.3fa1c868-bb8b-476e-9b8f-f88d74de5ebf%3Fformat%3Djson%26states%3Dlisting HTTP/1.0 204 - Swift - - - - tx5ce09e7cb7824c11951e3-00692184a4 - 0.0071 RL - 1763804324.512788534 1763804324.519873381 0
Nov 22 09:38:44 standalone container-server[127309]: 172.20.0.100 - - [22/Nov/2025:09:38:44 +0000] "GET /d1/927/AUTH_fff18441fa584bcdbd413ba4522fdfda/gnocchi.3fa1c868-bb8b-476e-9b8f-f88d74de5ebf" 200 2 "GET http://172.18.0.2:8080/v1/AUTH_fff18441fa584bcdbd413ba4522fdfda/gnocchi.3fa1c868-bb8b-476e-9b8f-f88d74de5ebf?format=json&states=listing" "tx5ce09e7cb7824c11951e3-00692184a4" "proxy-server 20" 0.0044 "-" 22 0
Nov 22 09:38:44 standalone proxy-server[129180]: 172.18.0.2 172.18.0.100 22/Nov/2025/09/38/44 GET /v1/AUTH_fff18441fa584bcdbd413ba4522fdfda/gnocchi.3fa1c868-bb8b-476e-9b8f-f88d74de5ebf%3Fformat%3Djson%26states%3Dlisting HTTP/1.0 200 - python-swiftclient-3.11.1 gAAAAABpIYRd83Di... - 2 - tx5ce09e7cb7824c11951e3-00692184a4 - 0.0242 - - 1763804324.510264874 1763804324.534456015 0
Nov 22 09:38:44 standalone object-server[127519]: 172.20.0.100 - - [22/Nov/2025:09:38:44 +0000] "GET /d1/329/AUTH_fff18441fa584bcdbd413ba4522fdfda/gnocchi.3fa1c868-bb8b-476e-9b8f-f88d74de5ebf/1763640000.0_mean_300.0_v3" 404 70 "GET http://172.18.0.2:8080/v1/AUTH_fff18441fa584bcdbd413ba4522fdfda/gnocchi.3fa1c868-bb8b-476e-9b8f-f88d74de5ebf/1763640000.0_mean_300.0_v3" "txa0029f19718943bd95d72-00692184a4" "proxy-server 20" 0.0006 "-" 25 0
Nov 22 09:38:44 standalone proxy-server[129180]: 172.18.0.2 172.18.0.100 22/Nov/2025/09/38/44 GET /v1/AUTH_fff18441fa584bcdbd413ba4522fdfda/gnocchi.3fa1c868-bb8b-476e-9b8f-f88d74de5ebf/1763640000.0_mean_300.0_v3 HTTP/1.0 404 - python-swiftclient-3.11.1 gAAAAABpIYRd83Di... - 70 - txa0029f19718943bd95d72-00692184a4 - 0.0133 - - 1763804324.541010618 1763804324.554308891 0
Nov 22 09:38:44 standalone container-server[127269]: 172.20.0.100 - - [22/Nov/2025:09:38:44 +0000] "PUT /d1/927/AUTH_fff18441fa584bcdbd413ba4522fdfda/gnocchi.3fa1c868-bb8b-476e-9b8f-f88d74de5ebf/1763640000.0_mean_300.0_v3" 201 - "PUT http://172.18.0.2:8080/d1/329/AUTH_fff18441fa584bcdbd413ba4522fdfda/gnocchi.3fa1c868-bb8b-476e-9b8f-f88d74de5ebf/1763640000.0_mean_300.0_v3" "tx032e7dfa1dbe4ffbb7fe5-00692184a4" "object-server 22" 0.0009 "-" 19 0
Nov 22 09:38:44 standalone object-server[127515]: 172.20.0.100 - - [22/Nov/2025:09:38:44 +0000] "PUT /d1/329/AUTH_fff18441fa584bcdbd413ba4522fdfda/gnocchi.3fa1c868-bb8b-476e-9b8f-f88d74de5ebf/1763640000.0_mean_300.0_v3" 201 - "PUT http://172.18.0.2:8080/v1/AUTH_fff18441fa584bcdbd413ba4522fdfda/gnocchi.3fa1c868-bb8b-476e-9b8f-f88d74de5ebf/1763640000.0_mean_300.0_v3" "tx032e7dfa1dbe4ffbb7fe5-00692184a4" "proxy-server 20" 0.0173 "-" 22 0
Nov 22 09:38:44 standalone proxy-server[129180]: 172.18.0.2 172.18.0.100 22/Nov/2025/09/38/44 PUT /v1/AUTH_fff18441fa584bcdbd413ba4522fdfda/gnocchi.3fa1c868-bb8b-476e-9b8f-f88d74de5ebf/1763640000.0_mean_300.0_v3 HTTP/1.0 201 - python-swiftclient-3.11.1 gAAAAABpIYRd83Di... 16 - - tx032e7dfa1dbe4ffbb7fe5-00692184a4 - 0.0312 - - 1763804324.559140921 1763804324.590313911 0
Nov 22 09:38:44 standalone container-server[127286]: 172.20.0.100 - - [22/Nov/2025:09:38:44 +0000] "PUT /d1/927/AUTH_fff18441fa584bcdbd413ba4522fdfda/gnocchi.3fa1c868-bb8b-476e-9b8f-f88d74de5ebf/none_v3" 201 - "PUT http://172.18.0.2:8080/d1/594/AUTH_fff18441fa584bcdbd413ba4522fdfda/gnocchi.3fa1c868-bb8b-476e-9b8f-f88d74de5ebf/none_v3" "txc336a40fbd77487b8894c-00692184a4" "object-server 25" 0.0007 "-" 20 0
Nov 22 09:38:44 standalone object-server[127519]: 172.20.0.100 - - [22/Nov/2025:09:38:44 +0000] "PUT /d1/594/AUTH_fff18441fa584bcdbd413ba4522fdfda/gnocchi.3fa1c868-bb8b-476e-9b8f-f88d74de5ebf/none_v3" 201 - "PUT http://172.18.0.2:8080/v1/AUTH_fff18441fa584bcdbd413ba4522fdfda/gnocchi.3fa1c868-bb8b-476e-9b8f-f88d74de5ebf/none_v3" "txc336a40fbd77487b8894c-00692184a4" "proxy-server 20" 0.0134 "-" 25 0
Nov 22 09:38:44 standalone proxy-server[129180]: 172.18.0.2 172.18.0.100 22/Nov/2025/09/38/44 PUT /v1/AUTH_fff18441fa584bcdbd413ba4522fdfda/gnocchi.3fa1c868-bb8b-476e-9b8f-f88d74de5ebf/none_v3 HTTP/1.0 201 - python-swiftclient-3.11.1 gAAAAABpIYRd83Di... 22 - - txc336a40fbd77487b8894c-00692184a4 - 0.0223 - - 1763804324.595088959 1763804324.617359161 0
Nov 22 09:38:44 standalone container-server[127309]: 172.20.0.100 - - [22/Nov/2025:09:38:44 +0000] "HEAD /d1/428/AUTH_fff18441fa584bcdbd413ba4522fdfda/gnocchi.8e978416-67f6-4ad1-9fbd-3e3d4a8d502e" 404 - "HEAD http://172.18.0.2:8080/v1/AUTH_fff18441fa584bcdbd413ba4522fdfda/gnocchi.8e978416-67f6-4ad1-9fbd-3e3d4a8d502e?format=json&states=listing" "tx232b569216ea4dd4bf7b0-00692184a4" "proxy-server 20" 0.0005 "-" 22 0
Nov 22 09:38:44 standalone object-server[127515]: 172.20.0.100 - - [22/Nov/2025:09:38:44 +0000] "GET /d1/482/AUTH_fff18441fa584bcdbd413ba4522fdfda/gnocchi.8e978416-67f6-4ad1-9fbd-3e3d4a8d502e/none_v3" 404 70 "GET http://172.18.0.2:8080/v1/AUTH_fff18441fa584bcdbd413ba4522fdfda/gnocchi.8e978416-67f6-4ad1-9fbd-3e3d4a8d502e/none_v3" "tx232b569216ea4dd4bf7b0-00692184a4" "proxy-server 20" 0.0008 "-" 22 0
Nov 22 09:38:44 standalone proxy-server[129180]: 172.18.0.2 172.18.0.100 22/Nov/2025/09/38/44 GET /v1/AUTH_fff18441fa584bcdbd413ba4522fdfda/gnocchi.8e978416-67f6-4ad1-9fbd-3e3d4a8d502e/none_v3 HTTP/1.0 404 - python-swiftclient-3.11.1 gAAAAABpIYRd83Di... - 70 - tx232b569216ea4dd4bf7b0-00692184a4 - 0.0173 - - 1763804324.633239985 1763804324.650556326 0
Nov 22 09:38:44 standalone account-server[127206]: 172.20.0.100 - - [22/Nov/2025:09:38:44 +0000] "PUT /d1/19/AUTH_fff18441fa584bcdbd413ba4522fdfda/gnocchi.8e978416-67f6-4ad1-9fbd-3e3d4a8d502e" 201 - "PUT http://172.20.0.100:6001/d1/428/AUTH_fff18441fa584bcdbd413ba4522fdfda/gnocchi.8e978416-67f6-4ad1-9fbd-3e3d4a8d502e" "tx384cb705c5174e1fb2f83-00692184a4" "container-server 23" 0.0119 "-" 23 0
Nov 22 09:38:44 standalone container-server[127326]: 172.20.0.100 - - [22/Nov/2025:09:38:44 +0000] "PUT /d1/428/AUTH_fff18441fa584bcdbd413ba4522fdfda/gnocchi.8e978416-67f6-4ad1-9fbd-3e3d4a8d502e" 201 - "PUT http://172.18.0.2:8080/v1/AUTH_fff18441fa584bcdbd413ba4522fdfda/gnocchi.8e978416-67f6-4ad1-9fbd-3e3d4a8d502e" "tx384cb705c5174e1fb2f83-00692184a4" "proxy-server 20" 0.0286 "-" 23 0
Nov 22 09:38:44 standalone proxy-server[129180]: 172.18.0.2 172.18.0.100 22/Nov/2025/09/38/44 PUT /v1/AUTH_fff18441fa584bcdbd413ba4522fdfda/gnocchi.8e978416-67f6-4ad1-9fbd-3e3d4a8d502e HTTP/1.0 201 - python-swiftclient-3.11.1 gAAAAABpIYRd83Di... - - - tx384cb705c5174e1fb2f83-00692184a4 - 0.0388 - - 1763804324.658188343 1763804324.696964025 0
Nov 22 09:38:44 standalone container-server[127269]: 172.20.0.100 - - [22/Nov/2025:09:38:44 +0000] "HEAD /d1/428/AUTH_fff18441fa584bcdbd413ba4522fdfda/gnocchi.8e978416-67f6-4ad1-9fbd-3e3d4a8d502e" 204 - "HEAD http://172.18.0.2:8080/v1/AUTH_fff18441fa584bcdbd413ba4522fdfda/gnocchi.8e978416-67f6-4ad1-9fbd-3e3d4a8d502e?format=json&states=listing" "tx294578bcc2be4e708546a-00692184a4" "proxy-server 20" 0.0026 "-" 19 0
Nov 22 09:38:44 standalone proxy-server[129180]: - - 22/Nov/2025/09/38/44 HEAD /v1/AUTH_fff18441fa584bcdbd413ba4522fdfda/gnocchi.8e978416-67f6-4ad1-9fbd-3e3d4a8d502e%3Fformat%3Djson%26states%3Dlisting HTTP/1.0 204 - Swift - - - - tx294578bcc2be4e708546a-00692184a4 - 0.0088 RL - 1763804324.707060337 1763804324.715826988 0
Nov 22 09:38:44 standalone container-server[127309]: 172.20.0.100 - - [22/Nov/2025:09:38:44 +0000] "GET /d1/428/AUTH_fff18441fa584bcdbd413ba4522fdfda/gnocchi.8e978416-67f6-4ad1-9fbd-3e3d4a8d502e" 200 2 "GET http://172.18.0.2:8080/v1/AUTH_fff18441fa584bcdbd413ba4522fdfda/gnocchi.8e978416-67f6-4ad1-9fbd-3e3d4a8d502e?format=json&states=listing" "tx294578bcc2be4e708546a-00692184a4" "proxy-server 20" 0.0038 "-" 22 0
Nov 22 09:38:44 standalone proxy-server[129180]: 172.18.0.2 172.18.0.100 22/Nov/2025/09/38/44 GET /v1/AUTH_fff18441fa584bcdbd413ba4522fdfda/gnocchi.8e978416-67f6-4ad1-9fbd-3e3d4a8d502e%3Fformat%3Djson%26states%3Dlisting HTTP/1.0 200 - python-swiftclient-3.11.1 gAAAAABpIYRd83Di... - 2 - tx294578bcc2be4e708546a-00692184a4 - 0.0266 - - 1763804324.705129385 1763804324.731758595 0
Nov 22 09:38:44 standalone object-server[127517]: 172.20.0.100 - - [22/Nov/2025:09:38:44 +0000] "GET /d1/485/AUTH_fff18441fa584bcdbd413ba4522fdfda/gnocchi.8e978416-67f6-4ad1-9fbd-3e3d4a8d502e/1763640000.0_mean_300.0_v3" 404 70 "GET http://172.18.0.2:8080/v1/AUTH_fff18441fa584bcdbd413ba4522fdfda/gnocchi.8e978416-67f6-4ad1-9fbd-3e3d4a8d502e/1763640000.0_mean_300.0_v3" "tx16336e54ae6840d6ac473-00692184a4" "proxy-server 20" 0.0011 "-" 23 0
Nov 22 09:38:44 standalone proxy-server[129180]: 172.18.0.2 172.18.0.100 22/Nov/2025/09/38/44 GET /v1/AUTH_fff18441fa584bcdbd413ba4522fdfda/gnocchi.8e978416-67f6-4ad1-9fbd-3e3d4a8d502e/1763640000.0_mean_300.0_v3 HTTP/1.0 404 - python-swiftclient-3.11.1 gAAAAABpIYRd83Di... - 70 - tx16336e54ae6840d6ac473-00692184a4 - 0.0112 - - 1763804324.737091541 1763804324.748299122 0
Nov 22 09:38:44 standalone container-server[127286]: 172.20.0.100 - - [22/Nov/2025:09:38:44 +0000] "PUT /d1/428/AUTH_fff18441fa584bcdbd413ba4522fdfda/gnocchi.8e978416-67f6-4ad1-9fbd-3e3d4a8d502e/1763640000.0_mean_300.0_v3" 201 - "PUT http://172.18.0.2:8080/d1/485/AUTH_fff18441fa584bcdbd413ba4522fdfda/gnocchi.8e978416-67f6-4ad1-9fbd-3e3d4a8d502e/1763640000.0_mean_300.0_v3" "tx9c2cfeb4ba954b8290106-00692184a4" "object-server 23" 0.0009 "-" 20 0
Nov 22 09:38:44 standalone object-server[127517]: 172.20.0.100 - - [22/Nov/2025:09:38:44 +0000] "PUT /d1/485/AUTH_fff18441fa584bcdbd413ba4522fdfda/gnocchi.8e978416-67f6-4ad1-9fbd-3e3d4a8d502e/1763640000.0_mean_300.0_v3" 201 - "PUT http://172.18.0.2:8080/v1/AUTH_fff18441fa584bcdbd413ba4522fdfda/gnocchi.8e978416-67f6-4ad1-9fbd-3e3d4a8d502e/1763640000.0_mean_300.0_v3" "tx9c2cfeb4ba954b8290106-00692184a4" "proxy-server 20" 0.0165 "-" 23 0
Nov 22 09:38:44 standalone proxy-server[129180]: 172.18.0.2 172.18.0.100 22/Nov/2025/09/38/44 PUT /v1/AUTH_fff18441fa584bcdbd413ba4522fdfda/gnocchi.8e978416-67f6-4ad1-9fbd-3e3d4a8d502e/1763640000.0_mean_300.0_v3 HTTP/1.0 201 - python-swiftclient-3.11.1 gAAAAABpIYRd83Di... 16 - - tx9c2cfeb4ba954b8290106-00692184a4 - 0.0275 - - 1763804324.752538443 1763804324.780024052 0
Nov 22 09:38:44 standalone container-server[127286]: 172.20.0.100 - - [22/Nov/2025:09:38:44 +0000] "PUT /d1/428/AUTH_fff18441fa584bcdbd413ba4522fdfda/gnocchi.8e978416-67f6-4ad1-9fbd-3e3d4a8d502e/none_v3" 201 - "PUT http://172.18.0.2:8080/d1/482/AUTH_fff18441fa584bcdbd413ba4522fdfda/gnocchi.8e978416-67f6-4ad1-9fbd-3e3d4a8d502e/none_v3" "tx9e6b59124e9645c788089-00692184a4" "object-server 25" 0.0007 "-" 20 0
Nov 22 09:38:44 standalone object-server[127519]: 172.20.0.100 - - [22/Nov/2025:09:38:44 +0000] "PUT /d1/482/AUTH_fff18441fa584bcdbd413ba4522fdfda/gnocchi.8e978416-67f6-4ad1-9fbd-3e3d4a8d502e/none_v3" 201 - "PUT http://172.18.0.2:8080/v1/AUTH_fff18441fa584bcdbd413ba4522fdfda/gnocchi.8e978416-67f6-4ad1-9fbd-3e3d4a8d502e/none_v3" "tx9e6b59124e9645c788089-00692184a4" "proxy-server 20" 0.0160 "-" 25 0
Nov 22 09:38:44 standalone proxy-server[129180]: 172.18.0.2 172.18.0.100 22/Nov/2025/09/38/44 PUT /v1/AUTH_fff18441fa584bcdbd413ba4522fdfda/gnocchi.8e978416-67f6-4ad1-9fbd-3e3d4a8d502e/none_v3 HTTP/1.0 201 - python-swiftclient-3.11.1 gAAAAABpIYRd83Di... 22 - - tx9e6b59124e9645c788089-00692184a4 - 0.0260 - - 1763804324.789470196 1763804324.815457821 0
Nov 22 09:38:57 standalone account-server[127206]: 172.20.0.100 - - [22/Nov/2025:09:38:57 +0000] "HEAD /d1/483/.expiring_objects" 404 - "HEAD http://localhost/v1/.expiring_objects?format=json" "tx44d65fe7a067470e898d3-00692184b1" "proxy-server 2" 0.0006 "-" 23 -
Nov 22 09:38:57 standalone object-expirer[127275]: Pass completed in 0s; 0 objects expired (txn: tx44d65fe7a067470e898d3-00692184b1)
Nov 22 09:39:11 standalone container-server[127326]: 172.20.0.100 - - [22/Nov/2025:09:39:11 +0000] "HEAD /d1/757/AUTH_fff18441fa584bcdbd413ba4522fdfda/gnocchi.5af29e13-2855-4552-83e1-942a41177ee3" 404 - "HEAD http://172.18.0.2:8080/v1/AUTH_fff18441fa584bcdbd413ba4522fdfda/gnocchi.5af29e13-2855-4552-83e1-942a41177ee3?format=json&states=listing" "tx69da298ff4aa40efa550d-00692184bf" "proxy-server 20" 0.0006 "-" 23 0
Nov 22 09:39:11 standalone object-server[127517]: 172.20.0.100 - - [22/Nov/2025:09:39:11 +0000] "GET /d1/281/AUTH_fff18441fa584bcdbd413ba4522fdfda/gnocchi.5af29e13-2855-4552-83e1-942a41177ee3/none_v3" 404 70 "GET http://172.18.0.2:8080/v1/AUTH_fff18441fa584bcdbd413ba4522fdfda/gnocchi.5af29e13-2855-4552-83e1-942a41177ee3/none_v3" "tx69da298ff4aa40efa550d-00692184bf" "proxy-server 20" 0.0011 "-" 23 0
Nov 22 09:39:11 standalone proxy-server[129180]: 172.18.0.2 172.18.0.100 22/Nov/2025/09/39/11 GET /v1/AUTH_fff18441fa584bcdbd413ba4522fdfda/gnocchi.5af29e13-2855-4552-83e1-942a41177ee3/none_v3 HTTP/1.0 404 - python-swiftclient-3.11.1 gAAAAABpIYRd83Di... - 70 - tx69da298ff4aa40efa550d-00692184bf - 0.0213 - - 1763804351.441655636 1763804351.462991714 0
Nov 22 09:39:11 standalone account-server[127166]: 172.20.0.100 - - [22/Nov/2025:09:39:11 +0000] "PUT /d1/19/AUTH_fff18441fa584bcdbd413ba4522fdfda/gnocchi.5af29e13-2855-4552-83e1-942a41177ee3" 201 - "PUT http://172.20.0.100:6001/d1/757/AUTH_fff18441fa584bcdbd413ba4522fdfda/gnocchi.5af29e13-2855-4552-83e1-942a41177ee3" "txe354a6fd38f14807b5419-00692184bf" "container-server 19" 0.0123 "-" 21 0
Nov 22 09:39:11 standalone container-server[127269]: 172.20.0.100 - - [22/Nov/2025:09:39:11 +0000] "PUT /d1/757/AUTH_fff18441fa584bcdbd413ba4522fdfda/gnocchi.5af29e13-2855-4552-83e1-942a41177ee3" 201 - "PUT http://172.18.0.2:8080/v1/AUTH_fff18441fa584bcdbd413ba4522fdfda/gnocchi.5af29e13-2855-4552-83e1-942a41177ee3" "txe354a6fd38f14807b5419-00692184bf" "proxy-server 20" 0.0342 "-" 19 0
Nov 22 09:39:11 standalone proxy-server[129180]: 172.18.0.2 172.18.0.100 22/Nov/2025/09/39/11 PUT /v1/AUTH_fff18441fa584bcdbd413ba4522fdfda/gnocchi.5af29e13-2855-4552-83e1-942a41177ee3 HTTP/1.0 201 - python-swiftclient-3.11.1 gAAAAABpIYRd83Di... - - - txe354a6fd38f14807b5419-00692184bf - 0.0435 - - 1763804351.466870070 1763804351.510393858 0
Nov 22 09:39:11 standalone container-server[127309]: 172.20.0.100 - - [22/Nov/2025:09:39:11 +0000] "HEAD /d1/757/AUTH_fff18441fa584bcdbd413ba4522fdfda/gnocchi.5af29e13-2855-4552-83e1-942a41177ee3" 204 - "HEAD http://172.18.0.2:8080/v1/AUTH_fff18441fa584bcdbd413ba4522fdfda/gnocchi.5af29e13-2855-4552-83e1-942a41177ee3?format=json&states=listing" "tx043cef5287964658859a2-00692184bf" "proxy-server 20" 0.0026 "-" 22 0
Nov 22 09:39:11 standalone proxy-server[129180]: - - 22/Nov/2025/09/39/11 HEAD /v1/AUTH_fff18441fa584bcdbd413ba4522fdfda/gnocchi.5af29e13-2855-4552-83e1-942a41177ee3%3Fformat%3Djson%26states%3Dlisting HTTP/1.0 204 - Swift - - - - tx043cef5287964658859a2-00692184bf - 0.0149 RL - 1763804351.518500328 1763804351.533432245 0
Nov 22 09:39:11 standalone container-server[127286]: 172.20.0.100 - - [22/Nov/2025:09:39:11 +0000] "GET /d1/757/AUTH_fff18441fa584bcdbd413ba4522fdfda/gnocchi.5af29e13-2855-4552-83e1-942a41177ee3" 200 2 "GET http://172.18.0.2:8080/v1/AUTH_fff18441fa584bcdbd413ba4522fdfda/gnocchi.5af29e13-2855-4552-83e1-942a41177ee3?format=json&states=listing" "tx043cef5287964658859a2-00692184bf" "proxy-server 20" 0.0033 "-" 20 0
Nov 22 09:39:11 standalone proxy-server[129180]: 172.18.0.2 172.18.0.100 22/Nov/2025/09/39/11 GET /v1/AUTH_fff18441fa584bcdbd413ba4522fdfda/gnocchi.5af29e13-2855-4552-83e1-942a41177ee3%3Fformat%3Djson%26states%3Dlisting HTTP/1.0 200 - python-swiftclient-3.11.1 gAAAAABpIYRd83Di... - 2 - tx043cef5287964658859a2-00692184bf - 0.0342 - - 1763804351.516662121 1763804351.550833464 0
Nov 22 09:39:11 standalone object-server[127518]: 172.20.0.100 - - [22/Nov/2025:09:39:11 +0000] "GET /d1/533/AUTH_fff18441fa584bcdbd413ba4522fdfda/gnocchi.5af29e13-2855-4552-83e1-942a41177ee3/1763640000.0_mean_300.0_v3" 404 70 "GET http://172.18.0.2:8080/v1/AUTH_fff18441fa584bcdbd413ba4522fdfda/gnocchi.5af29e13-2855-4552-83e1-942a41177ee3/1763640000.0_mean_300.0_v3" "txb95bbfca1e6a434a9f7b2-00692184bf" "proxy-server 20" 0.0008 "-" 24 0
Nov 22 09:39:11 standalone proxy-server[129180]: 172.18.0.2 172.18.0.100 22/Nov/2025/09/39/11 GET /v1/AUTH_fff18441fa584bcdbd413ba4522fdfda/gnocchi.5af29e13-2855-4552-83e1-942a41177ee3/1763640000.0_mean_300.0_v3 HTTP/1.0 404 - python-swiftclient-3.11.1 gAAAAABpIYRd83Di... - 70 - txb95bbfca1e6a434a9f7b2-00692184bf - 0.0107 - - 1763804351.557173252 1763804351.567891359 0
Nov 22 09:39:11 standalone container-server[127269]: 172.20.0.100 - - [22/Nov/2025:09:39:11 +0000] "PUT /d1/757/AUTH_fff18441fa584bcdbd413ba4522fdfda/gnocchi.5af29e13-2855-4552-83e1-942a41177ee3/1763640000.0_mean_300.0_v3" 201 - "PUT http://172.18.0.2:8080/d1/533/AUTH_fff18441fa584bcdbd413ba4522fdfda/gnocchi.5af29e13-2855-4552-83e1-942a41177ee3/1763640000.0_mean_300.0_v3" "tx8af73f5cf4cd4c87a59a1-00692184bf" "object-server 23" 0.0010 "-" 19 0
Nov 22 09:39:11 standalone object-server[127517]: 172.20.0.100 - - [22/Nov/2025:09:39:11 +0000] "PUT /d1/533/AUTH_fff18441fa584bcdbd413ba4522fdfda/gnocchi.5af29e13-2855-4552-83e1-942a41177ee3/1763640000.0_mean_300.0_v3" 201 - "PUT http://172.18.0.2:8080/v1/AUTH_fff18441fa584bcdbd413ba4522fdfda/gnocchi.5af29e13-2855-4552-83e1-942a41177ee3/1763640000.0_mean_300.0_v3" "tx8af73f5cf4cd4c87a59a1-00692184bf" "proxy-server 20" 0.0120 "-" 23 0
Nov 22 09:39:11 standalone proxy-server[129180]: 172.18.0.2 172.18.0.100 22/Nov/2025/09/39/11 PUT /v1/AUTH_fff18441fa584bcdbd413ba4522fdfda/gnocchi.5af29e13-2855-4552-83e1-942a41177ee3/1763640000.0_mean_300.0_v3 HTTP/1.0 201 - python-swiftclient-3.11.1 gAAAAABpIYRd83Di... 16 - - tx8af73f5cf4cd4c87a59a1-00692184bf - 0.0206 - - 1763804351.574799061 1763804351.595436335 0
Nov 22 09:39:11 standalone container-server[127286]: 172.20.0.100 - - [22/Nov/2025:09:39:11 +0000] "PUT /d1/757/AUTH_fff18441fa584bcdbd413ba4522fdfda/gnocchi.5af29e13-2855-4552-83e1-942a41177ee3/none_v3" 201 - "PUT http://172.18.0.2:8080/d1/281/AUTH_fff18441fa584bcdbd413ba4522fdfda/gnocchi.5af29e13-2855-4552-83e1-942a41177ee3/none_v3" "tx1ab403008287444c89702-00692184bf" "object-server 25" 0.0009 "-" 20 0
Nov 22 09:39:11 standalone object-server[127519]: 172.20.0.100 - - [22/Nov/2025:09:39:11 +0000] "PUT /d1/281/AUTH_fff18441fa584bcdbd413ba4522fdfda/gnocchi.5af29e13-2855-4552-83e1-942a41177ee3/none_v3" 201 - "PUT http://172.18.0.2:8080/v1/AUTH_fff18441fa584bcdbd413ba4522fdfda/gnocchi.5af29e13-2855-4552-83e1-942a41177ee3/none_v3" "tx1ab403008287444c89702-00692184bf" "proxy-server 20" 0.0172 "-" 25 0
Nov 22 09:39:11 standalone proxy-server[129180]: 172.18.0.2 172.18.0.100 22/Nov/2025/09/39/11 PUT /v1/AUTH_fff18441fa584bcdbd413ba4522fdfda/gnocchi.5af29e13-2855-4552-83e1-942a41177ee3/none_v3 HTTP/1.0 201 - python-swiftclient-3.11.1 gAAAAABpIYRd83Di... 22 - - tx1ab403008287444c89702-00692184bf - 0.0284 - - 1763804351.610253572 1763804351.638692856 0
Nov 22 09:39:11 standalone object-server[127518]: 172.20.0.100 - - [22/Nov/2025:09:39:11 +0000] "GET /d1/963/AUTH_fff18441fa584bcdbd413ba4522fdfda/gnocchi.fa66840a-6e7f-4904-a424-74328d29bdc0/none_v3" 200 22 "GET http://172.18.0.2:8080/v1/AUTH_fff18441fa584bcdbd413ba4522fdfda/gnocchi.fa66840a-6e7f-4904-a424-74328d29bdc0/none_v3" "txf58e740ba6f544abac6a6-00692184bf" "proxy-server 20" 0.0011 "-" 24 0
Nov 22 09:39:11 standalone proxy-server[129180]: 172.18.0.2 172.18.0.100 22/Nov/2025/09/39/11 GET /v1/AUTH_fff18441fa584bcdbd413ba4522fdfda/gnocchi.fa66840a-6e7f-4904-a424-74328d29bdc0/none_v3 HTTP/1.0 200 - python-swiftclient-3.11.1 gAAAAABpIYRd83Di... - 22 - txf58e740ba6f544abac6a6-00692184bf - 0.0093 - - 1763804351.738276720 1763804351.747604370 0
Nov 22 09:39:11 standalone container-server[127309]: 172.20.0.100 - - [22/Nov/2025:09:39:11 +0000] "GET /d1/960/AUTH_fff18441fa584bcdbd413ba4522fdfda/gnocchi.fa66840a-6e7f-4904-a424-74328d29bdc0" 200 357 "GET http://172.18.0.2:8080/v1/AUTH_fff18441fa584bcdbd413ba4522fdfda/gnocchi.fa66840a-6e7f-4904-a424-74328d29bdc0?format=json&states=listing" "txbf989c6c9b0d4f178db1c-00692184bf" "proxy-server 20" 0.0306 "-" 22 0
Nov 22 09:39:11 standalone proxy-server[129180]: 172.18.0.2 172.18.0.100 22/Nov/2025/09/39/11 GET /v1/AUTH_fff18441fa584bcdbd413ba4522fdfda/gnocchi.fa66840a-6e7f-4904-a424-74328d29bdc0%3Fformat%3Djson%26states%3Dlisting HTTP/1.0 200 - python-swiftclient-3.11.1 gAAAAABpIYRd83Di... - 357 - txbf989c6c9b0d4f178db1c-00692184bf - 0.0460 - - 1763804351.754122972 1763804351.800164938 0
Nov 22 09:39:11 standalone container-server[127269]: 172.20.0.100 - - [22/Nov/2025:09:39:11 +0000] "GET /d1/960/AUTH_fff18441fa584bcdbd413ba4522fdfda/gnocchi.fa66840a-6e7f-4904-a424-74328d29bdc0" 200 2 "GET http://172.18.0.2:8080/v1/AUTH_fff18441fa584bcdbd413ba4522fdfda/gnocchi.fa66840a-6e7f-4904-a424-74328d29bdc0?format=json&marker=none_v3&states=listing" "tx7ae7e058abca46028f73d-00692184bf" "proxy-server 20" 0.0039 "-" 19 0
Nov 22 09:39:11 standalone proxy-server[129180]: 172.18.0.2 172.18.0.100 22/Nov/2025/09/39/11 GET /v1/AUTH_fff18441fa584bcdbd413ba4522fdfda/gnocchi.fa66840a-6e7f-4904-a424-74328d29bdc0%3Fformat%3Djson%26marker%3Dnone_v3%26states%3Dlisting HTTP/1.0 200 - python-swiftclient-3.11.1 gAAAAABpIYRd83Di... - 2 - tx7ae7e058abca46028f73d-00692184bf - 0.0121 - - 1763804351.807363510 1763804351.819481134 0
Nov 22 09:39:11 standalone object-server[127517]: 172.20.0.100 - - [22/Nov/2025:09:39:11 +0000] "GET /d1/327/AUTH_fff18441fa584bcdbd413ba4522fdfda/gnocchi.fa66840a-6e7f-4904-a424-74328d29bdc0/1763640000.0_mean_300.0_v3" 200 16 "GET http://172.18.0.2:8080/v1/AUTH_fff18441fa584bcdbd413ba4522fdfda/gnocchi.fa66840a-6e7f-4904-a424-74328d29bdc0/1763640000.0_mean_300.0_v3" "txc710c3ecc5ca4ea593e25-00692184bf" "proxy-server 20" 0.0014 "-" 23 0
Nov 22 09:39:11 standalone proxy-server[129180]: 172.18.0.2 172.18.0.100 22/Nov/2025/09/39/11 GET /v1/AUTH_fff18441fa584bcdbd413ba4522fdfda/gnocchi.fa66840a-6e7f-4904-a424-74328d29bdc0/1763640000.0_mean_300.0_v3 HTTP/1.0 200 - python-swiftclient-3.11.1 gAAAAABpIYRd83Di... - 16 - txc710c3ecc5ca4ea593e25-00692184bf - 0.0082 - - 1763804351.824431181 1763804351.832630157 0
Nov 22 09:39:11 standalone container-server[127309]: 172.20.0.100 - - [22/Nov/2025:09:39:11 +0000] "PUT /d1/960/AUTH_fff18441fa584bcdbd413ba4522fdfda/gnocchi.fa66840a-6e7f-4904-a424-74328d29bdc0/1763640000.0_mean_300.0_v3" 201 - "PUT http://172.18.0.2:8080/d1/327/AUTH_fff18441fa584bcdbd413ba4522fdfda/gnocchi.fa66840a-6e7f-4904-a424-74328d29bdc0/1763640000.0_mean_300.0_v3" "tx943d7faae94c438bb45a4-00692184bf" "object-server 23" 0.0006 "-" 22 0
Nov 22 09:39:11 standalone object-server[127517]: 172.20.0.100 - - [22/Nov/2025:09:39:11 +0000] "PUT /d1/327/AUTH_fff18441fa584bcdbd413ba4522fdfda/gnocchi.fa66840a-6e7f-4904-a424-74328d29bdc0/1763640000.0_mean_300.0_v3" 201 - "PUT http://172.18.0.2:8080/v1/AUTH_fff18441fa584bcdbd413ba4522fdfda/gnocchi.fa66840a-6e7f-4904-a424-74328d29bdc0/1763640000.0_mean_300.0_v3" "tx943d7faae94c438bb45a4-00692184bf" "proxy-server 20" 0.0117 "-" 23 0
Nov 22 09:39:11 standalone proxy-server[129180]: 172.18.0.2 172.18.0.100 22/Nov/2025/09/39/11 PUT /v1/AUTH_fff18441fa584bcdbd413ba4522fdfda/gnocchi.fa66840a-6e7f-4904-a424-74328d29bdc0/1763640000.0_mean_300.0_v3 HTTP/1.0 201 - python-swiftclient-3.11.1 gAAAAABpIYRd83Di... 16 - - tx943d7faae94c438bb45a4-00692184bf - 0.0189 - - 1763804351.836813450 1763804351.855717182 0
Nov 22 09:39:11 standalone container-server[127326]: 172.20.0.100 - - [22/Nov/2025:09:39:11 +0000] "PUT /d1/960/AUTH_fff18441fa584bcdbd413ba4522fdfda/gnocchi.fa66840a-6e7f-4904-a424-74328d29bdc0/none_v3" 201 - "PUT http://172.18.0.2:8080/d1/963/AUTH_fff18441fa584bcdbd413ba4522fdfda/gnocchi.fa66840a-6e7f-4904-a424-74328d29bdc0/none_v3" "tx48ea283f4a2a4d878efe4-00692184bf" "object-server 24" 0.0009 "-" 23 0
Nov 22 09:39:11 standalone object-server[127518]: 172.20.0.100 - - [22/Nov/2025:09:39:11 +0000] "PUT /d1/963/AUTH_fff18441fa584bcdbd413ba4522fdfda/gnocchi.fa66840a-6e7f-4904-a424-74328d29bdc0/none_v3" 201 - "PUT http://172.18.0.2:8080/v1/AUTH_fff18441fa584bcdbd413ba4522fdfda/gnocchi.fa66840a-6e7f-4904-a424-74328d29bdc0/none_v3" "tx48ea283f4a2a4d878efe4-00692184bf" "proxy-server 20" 0.0108 "-" 24 0
Nov 22 09:39:11 standalone proxy-server[129180]: 172.18.0.2 172.18.0.100 22/Nov/2025/09/39/11 PUT /v1/AUTH_fff18441fa584bcdbd413ba4522fdfda/gnocchi.fa66840a-6e7f-4904-a424-74328d29bdc0/none_v3 HTTP/1.0 201 - python-swiftclient-3.11.1 gAAAAABpIYRd83Di... 33 - - tx48ea283f4a2a4d878efe4-00692184bf - 0.0172 - - 1763804351.859914780 1763804351.877129316 0
Nov 22 09:39:11 standalone object-server[127518]: 172.20.0.100 - - [22/Nov/2025:09:39:11 +0000] "GET /d1/462/AUTH_fff18441fa584bcdbd413ba4522fdfda/gnocchi.bba3b46b-23f7-40d2-a12b-aabb7b11e0a4/none_v3" 200 22 "GET http://172.18.0.2:8080/v1/AUTH_fff18441fa584bcdbd413ba4522fdfda/gnocchi.bba3b46b-23f7-40d2-a12b-aabb7b11e0a4/none_v3" "tx684044fdafef4c6e8692c-00692184bf" "proxy-server 20" 0.0008 "-" 24 0
Nov 22 09:39:11 standalone proxy-server[129180]: 172.18.0.2 172.18.0.100 22/Nov/2025/09/39/11 GET /v1/AUTH_fff18441fa584bcdbd413ba4522fdfda/gnocchi.bba3b46b-23f7-40d2-a12b-aabb7b11e0a4/none_v3 HTTP/1.0 200 - python-swiftclient-3.11.1 gAAAAABpIYRd83Di... - 22 - tx684044fdafef4c6e8692c-00692184bf - 0.0071 - - 1763804351.889316320 1763804351.896380901 0
Nov 22 09:39:11 standalone container-server[127309]: 172.20.0.100 - - [22/Nov/2025:09:39:11 +0000] "GET /d1/307/AUTH_fff18441fa584bcdbd413ba4522fdfda/gnocchi.bba3b46b-23f7-40d2-a12b-aabb7b11e0a4" 200 357 "GET http://172.18.0.2:8080/v1/AUTH_fff18441fa584bcdbd413ba4522fdfda/gnocchi.bba3b46b-23f7-40d2-a12b-aabb7b11e0a4?format=json&states=listing" "tx00a22500ddf14244b8f35-00692184bf" "proxy-server 20" 0.0105 "-" 22 0
Nov 22 09:39:11 standalone proxy-server[129180]: 172.18.0.2 172.18.0.100 22/Nov/2025/09/39/11 GET /v1/AUTH_fff18441fa584bcdbd413ba4522fdfda/gnocchi.bba3b46b-23f7-40d2-a12b-aabb7b11e0a4%3Fformat%3Djson%26states%3Dlisting HTTP/1.0 200 - python-swiftclient-3.11.1 gAAAAABpIYRd83Di... - 357 - tx00a22500ddf14244b8f35-00692184bf - 0.0178 - - 1763804351.900518417 1763804351.918280363 0
Nov 22 09:39:11 standalone container-server[127326]: 172.20.0.100 - - [22/Nov/2025:09:39:11 +0000] "GET /d1/307/AUTH_fff18441fa584bcdbd413ba4522fdfda/gnocchi.bba3b46b-23f7-40d2-a12b-aabb7b11e0a4" 200 2 "GET http://172.18.0.2:8080/v1/AUTH_fff18441fa584bcdbd413ba4522fdfda/gnocchi.bba3b46b-23f7-40d2-a12b-aabb7b11e0a4?format=json&marker=none_v3&states=listing" "txa9a6bcee5da24255b144b-00692184bf" "proxy-server 20" 0.0038 "-" 23 0
Nov 22 09:39:11 standalone proxy-server[129180]: 172.18.0.2 172.18.0.100 22/Nov/2025/09/39/11 GET /v1/AUTH_fff18441fa584bcdbd413ba4522fdfda/gnocchi.bba3b46b-23f7-40d2-a12b-aabb7b11e0a4%3Fformat%3Djson%26marker%3Dnone_v3%26states%3Dlisting HTTP/1.0 200 - python-swiftclient-3.11.1 gAAAAABpIYRd83Di... - 2 - txa9a6bcee5da24255b144b-00692184bf - 0.0107 - - 1763804351.922949314 1763804351.933620691 0
Nov 22 09:39:11 standalone object-server[127519]: 172.20.0.100 - - [22/Nov/2025:09:39:11 +0000] "GET /d1/716/AUTH_fff18441fa584bcdbd413ba4522fdfda/gnocchi.bba3b46b-23f7-40d2-a12b-aabb7b11e0a4/1763640000.0_mean_300.0_v3" 200 16 "GET http://172.18.0.2:8080/v1/AUTH_fff18441fa584bcdbd413ba4522fdfda/gnocchi.bba3b46b-23f7-40d2-a12b-aabb7b11e0a4/1763640000.0_mean_300.0_v3" "tx92ac0091617d425185095-00692184bf" "proxy-server 20" 0.0013 "-" 25 0
Nov 22 09:39:11 standalone proxy-server[129180]: 172.18.0.2 172.18.0.100 22/Nov/2025/09/39/11 GET /v1/AUTH_fff18441fa584bcdbd413ba4522fdfda/gnocchi.bba3b46b-23f7-40d2-a12b-aabb7b11e0a4/1763640000.0_mean_300.0_v3 HTTP/1.0 200 - python-swiftclient-3.11.1 gAAAAABpIYRd83Di... - 16 - tx92ac0091617d425185095-00692184bf - 0.0080 - - 1763804351.937335968 1763804351.945318460 0
Nov 22 09:39:11 standalone container-server[127326]: 172.20.0.100 - - [22/Nov/2025:09:39:11 +0000] "PUT /d1/307/AUTH_fff18441fa584bcdbd413ba4522fdfda/gnocchi.bba3b46b-23f7-40d2-a12b-aabb7b11e0a4/1763640000.0_mean_300.0_v3" 201 - "PUT http://172.18.0.2:8080/d1/716/AUTH_fff18441fa584bcdbd413ba4522fdfda/gnocchi.bba3b46b-23f7-40d2-a12b-aabb7b11e0a4/1763640000.0_mean_300.0_v3" "tx260373ce44264da78746b-00692184bf" "object-server 25" 0.0007 "-" 23 0
Nov 22 09:39:11 standalone object-server[127519]: 172.20.0.100 - - [22/Nov/2025:09:39:11 +0000] "PUT /d1/716/AUTH_fff18441fa584bcdbd413ba4522fdfda/gnocchi.bba3b46b-23f7-40d2-a12b-aabb7b11e0a4/1763640000.0_mean_300.0_v3" 201 - "PUT http://172.18.0.2:8080/v1/AUTH_fff18441fa584bcdbd413ba4522fdfda/gnocchi.bba3b46b-23f7-40d2-a12b-aabb7b11e0a4/1763640000.0_mean_300.0_v3" "tx260373ce44264da78746b-00692184bf" "proxy-server 20" 0.0104 "-" 25 0
Nov 22 09:39:11 standalone proxy-server[129180]: 172.18.0.2 172.18.0.100 22/Nov/2025/09/39/11 PUT /v1/AUTH_fff18441fa584bcdbd413ba4522fdfda/gnocchi.bba3b46b-23f7-40d2-a12b-aabb7b11e0a4/1763640000.0_mean_300.0_v3 HTTP/1.0 201 - python-swiftclient-3.11.1 gAAAAABpIYRd83Di... 16 - - tx260373ce44264da78746b-00692184bf - 0.0157 - - 1763804351.947830677 1763804351.963567734 0
Nov 22 09:39:11 standalone container-server[127326]: 172.20.0.100 - - [22/Nov/2025:09:39:11 +0000] "PUT /d1/307/AUTH_fff18441fa584bcdbd413ba4522fdfda/gnocchi.bba3b46b-23f7-40d2-a12b-aabb7b11e0a4/none_v3" 201 - "PUT http://172.18.0.2:8080/d1/462/AUTH_fff18441fa584bcdbd413ba4522fdfda/gnocchi.bba3b46b-23f7-40d2-a12b-aabb7b11e0a4/none_v3" "txf6ed3ae073ad4db19f7d7-00692184bf" "object-server 24" 0.0006 "-" 23 0
Nov 22 09:39:11 standalone object-server[127518]: 172.20.0.100 - - [22/Nov/2025:09:39:11 +0000] "PUT /d1/462/AUTH_fff18441fa584bcdbd413ba4522fdfda/gnocchi.bba3b46b-23f7-40d2-a12b-aabb7b11e0a4/none_v3" 201 - "PUT http://172.18.0.2:8080/v1/AUTH_fff18441fa584bcdbd413ba4522fdfda/gnocchi.bba3b46b-23f7-40d2-a12b-aabb7b11e0a4/none_v3" "txf6ed3ae073ad4db19f7d7-00692184bf" "proxy-server 20" 0.0115 "-" 24 0
Nov 22 09:39:11 standalone proxy-server[129180]: 172.18.0.2 172.18.0.100 22/Nov/2025/09/39/11 PUT /v1/AUTH_fff18441fa584bcdbd413ba4522fdfda/gnocchi.bba3b46b-23f7-40d2-a12b-aabb7b11e0a4/none_v3 HTTP/1.0 201 - python-swiftclient-3.11.1 gAAAAABpIYRd83Di... 33 - - txf6ed3ae073ad4db19f7d7-00692184bf - 0.0170 - - 1763804351.965939760 1763804351.982948780 0
Nov 22 09:39:15 standalone object-server[127517]: 172.20.0.100 - - [22/Nov/2025:09:39:15 +0000] "GET /d1/281/AUTH_fff18441fa584bcdbd413ba4522fdfda/gnocchi.5af29e13-2855-4552-83e1-942a41177ee3/none_v3" 200 22 "GET http://172.18.0.2:8080/v1/AUTH_fff18441fa584bcdbd413ba4522fdfda/gnocchi.5af29e13-2855-4552-83e1-942a41177ee3/none_v3" "tx2b0d951832d24bf88526a-00692184c3" "proxy-server 20" 0.0016 "-" 23 0
Nov 22 09:39:15 standalone proxy-server[129180]: 172.18.0.2 172.18.0.100 22/Nov/2025/09/39/15 GET /v1/AUTH_fff18441fa584bcdbd413ba4522fdfda/gnocchi.5af29e13-2855-4552-83e1-942a41177ee3/none_v3 HTTP/1.0 200 - python-swiftclient-3.11.1 gAAAAABpIYRd83Di... - 22 - tx2b0d951832d24bf88526a-00692184c3 - 0.0115 - - 1763804355.762336016 1763804355.773811340 0
Nov 22 09:39:15 standalone container-server[127286]: 172.20.0.100 - - [22/Nov/2025:09:39:15 +0000] "GET /d1/757/AUTH_fff18441fa584bcdbd413ba4522fdfda/gnocchi.5af29e13-2855-4552-83e1-942a41177ee3" 200 357 "GET http://172.18.0.2:8080/v1/AUTH_fff18441fa584bcdbd413ba4522fdfda/gnocchi.5af29e13-2855-4552-83e1-942a41177ee3?format=json&states=listing" "txb0ab03e1b20e4c0892c02-00692184c3" "proxy-server 20" 0.0367 "-" 20 0
Nov 22 09:39:15 standalone proxy-server[129180]: 172.18.0.2 172.18.0.100 22/Nov/2025/09/39/15 GET /v1/AUTH_fff18441fa584bcdbd413ba4522fdfda/gnocchi.5af29e13-2855-4552-83e1-942a41177ee3%3Fformat%3Djson%26states%3Dlisting HTTP/1.0 200 - python-swiftclient-3.11.1 gAAAAABpIYRd83Di... - 357 - txb0ab03e1b20e4c0892c02-00692184c3 - 0.0470 - - 1763804355.780093431 1763804355.827106476 0
Nov 22 09:39:15 standalone container-server[127309]: 172.20.0.100 - - [22/Nov/2025:09:39:15 +0000] "GET /d1/757/AUTH_fff18441fa584bcdbd413ba4522fdfda/gnocchi.5af29e13-2855-4552-83e1-942a41177ee3" 200 2 "GET http://172.18.0.2:8080/v1/AUTH_fff18441fa584bcdbd413ba4522fdfda/gnocchi.5af29e13-2855-4552-83e1-942a41177ee3?format=json&marker=none_v3&states=listing" "tx1b1df5f3dd884f06ae7f3-00692184c3" "proxy-server 20" 0.0038 "-" 22 0
Nov 22 09:39:15 standalone proxy-server[129180]: 172.18.0.2 172.18.0.100 22/Nov/2025/09/39/15 GET /v1/AUTH_fff18441fa584bcdbd413ba4522fdfda/gnocchi.5af29e13-2855-4552-83e1-942a41177ee3%3Fformat%3Djson%26marker%3Dnone_v3%26states%3Dlisting HTTP/1.0 200 - python-swiftclient-3.11.1 gAAAAABpIYRd83Di... - 2 - tx1b1df5f3dd884f06ae7f3-00692184c3 - 0.0127 - - 1763804355.830681801 1763804355.843428612 0
Nov 22 09:39:15 standalone object-server[127517]: 172.20.0.100 - - [22/Nov/2025:09:39:15 +0000] "GET /d1/533/AUTH_fff18441fa584bcdbd413ba4522fdfda/gnocchi.5af29e13-2855-4552-83e1-942a41177ee3/1763640000.0_mean_300.0_v3" 200 16 "GET http://172.18.0.2:8080/v1/AUTH_fff18441fa584bcdbd413ba4522fdfda/gnocchi.5af29e13-2855-4552-83e1-942a41177ee3/1763640000.0_mean_300.0_v3" "tx96f0e370727b4981b5a47-00692184c3" "proxy-server 20" 0.0011 "-" 23 0
Nov 22 09:39:15 standalone proxy-server[129180]: 172.18.0.2 172.18.0.100 22/Nov/2025/09/39/15 GET /v1/AUTH_fff18441fa584bcdbd413ba4522fdfda/gnocchi.5af29e13-2855-4552-83e1-942a41177ee3/1763640000.0_mean_300.0_v3 HTTP/1.0 200 - python-swiftclient-3.11.1 gAAAAABpIYRd83Di... - 16 - tx96f0e370727b4981b5a47-00692184c3 - 0.0093 - - 1763804355.847353458 1763804355.856637001 0
Nov 22 09:39:15 standalone container-server[127309]: 172.20.0.100 - - [22/Nov/2025:09:39:15 +0000] "PUT /d1/757/AUTH_fff18441fa584bcdbd413ba4522fdfda/gnocchi.5af29e13-2855-4552-83e1-942a41177ee3/1763640000.0_mean_300.0_v3" 201 - "PUT http://172.18.0.2:8080/d1/533/AUTH_fff18441fa584bcdbd413ba4522fdfda/gnocchi.5af29e13-2855-4552-83e1-942a41177ee3/1763640000.0_mean_300.0_v3" "tx4f00d8fd9e2b47eea3272-00692184c3" "object-server 24" 0.0012 "-" 22 0
Nov 22 09:39:15 standalone object-server[127518]: 172.20.0.100 - - [22/Nov/2025:09:39:15 +0000] "PUT /d1/533/AUTH_fff18441fa584bcdbd413ba4522fdfda/gnocchi.5af29e13-2855-4552-83e1-942a41177ee3/1763640000.0_mean_300.0_v3" 201 - "PUT http://172.18.0.2:8080/v1/AUTH_fff18441fa584bcdbd413ba4522fdfda/gnocchi.5af29e13-2855-4552-83e1-942a41177ee3/1763640000.0_mean_300.0_v3" "tx4f00d8fd9e2b47eea3272-00692184c3" "proxy-server 20" 0.0115 "-" 24 0
Nov 22 09:39:15 standalone proxy-server[129180]: 172.18.0.2 172.18.0.100 22/Nov/2025/09/39/15 PUT /v1/AUTH_fff18441fa584bcdbd413ba4522fdfda/gnocchi.5af29e13-2855-4552-83e1-942a41177ee3/1763640000.0_mean_300.0_v3 HTTP/1.0 201 - python-swiftclient-3.11.1 gAAAAABpIYRd83Di... 16 - - tx4f00d8fd9e2b47eea3272-00692184c3 - 0.0199 - - 1763804355.859984159 1763804355.879846096 0
Nov 22 09:39:15 standalone container-server[127286]: 172.20.0.100 - - [22/Nov/2025:09:39:15 +0000] "PUT /d1/757/AUTH_fff18441fa584bcdbd413ba4522fdfda/gnocchi.5af29e13-2855-4552-83e1-942a41177ee3/none_v3" 201 - "PUT http://172.18.0.2:8080/d1/281/AUTH_fff18441fa584bcdbd413ba4522fdfda/gnocchi.5af29e13-2855-4552-83e1-942a41177ee3/none_v3" "tx21c2ef1d71c84a61b6b49-00692184c3" "object-server 25" 0.0009 "-" 20 0
Nov 22 09:39:15 standalone object-server[127519]: 172.20.0.100 - - [22/Nov/2025:09:39:15 +0000] "PUT /d1/281/AUTH_fff18441fa584bcdbd413ba4522fdfda/gnocchi.5af29e13-2855-4552-83e1-942a41177ee3/none_v3" 201 - "PUT http://172.18.0.2:8080/v1/AUTH_fff18441fa584bcdbd413ba4522fdfda/gnocchi.5af29e13-2855-4552-83e1-942a41177ee3/none_v3" "tx21c2ef1d71c84a61b6b49-00692184c3" "proxy-server 20" 0.0150 "-" 25 0
Nov 22 09:39:15 standalone proxy-server[129180]: 172.18.0.2 172.18.0.100 22/Nov/2025/09/39/15 PUT /v1/AUTH_fff18441fa584bcdbd413ba4522fdfda/gnocchi.5af29e13-2855-4552-83e1-942a41177ee3/none_v3 HTTP/1.0 201 - python-swiftclient-3.11.1 gAAAAABpIYRd83Di... 32 - - tx21c2ef1d71c84a61b6b49-00692184c3 - 0.0240 - - 1763804355.885077238 1763804355.909123421 0
Nov 22 09:39:21 standalone account-server[127077]: 172.20.0.100 - - [22/Nov/2025:09:39:21 +0000] "HEAD /d1/483/.expiring_objects" 404 - "HEAD http://localhost/v1/.expiring_objects?format=json" "txfb39b37ecd064dcf9e863-00692184c9" "proxy-server 2" 0.0015 "-" 19 -
Nov 22 09:39:21 standalone object-expirer[127275]: Pass completed in 0s; 0 objects expired (txn: txfb39b37ecd064dcf9e863-00692184c9)
Nov 22 09:39:26 standalone container-server[127309]: 172.20.0.100 - - [22/Nov/2025:09:39:26 +0000] "HEAD /d1/856/AUTH_fff18441fa584bcdbd413ba4522fdfda/gnocchi.1e4a5225-51e8-43ca-897d-c70daaaac2a2" 404 - "HEAD http://172.18.0.2:8080/v1/AUTH_fff18441fa584bcdbd413ba4522fdfda/gnocchi.1e4a5225-51e8-43ca-897d-c70daaaac2a2?format=json&states=listing" "txf244b53fcae0426a83b46-00692184ce" "proxy-server 20" 0.0009 "-" 22 0
Nov 22 09:39:26 standalone object-server[127515]: 172.20.0.100 - - [22/Nov/2025:09:39:26 +0000] "GET /d1/246/AUTH_fff18441fa584bcdbd413ba4522fdfda/gnocchi.1e4a5225-51e8-43ca-897d-c70daaaac2a2/none_v3" 404 70 "GET http://172.18.0.2:8080/v1/AUTH_fff18441fa584bcdbd413ba4522fdfda/gnocchi.1e4a5225-51e8-43ca-897d-c70daaaac2a2/none_v3" "txf244b53fcae0426a83b46-00692184ce" "proxy-server 20" 0.0009 "-" 22 0
Nov 22 09:39:26 standalone proxy-server[129180]: 172.18.0.2 172.18.0.100 22/Nov/2025/09/39/26 GET /v1/AUTH_fff18441fa584bcdbd413ba4522fdfda/gnocchi.1e4a5225-51e8-43ca-897d-c70daaaac2a2/none_v3 HTTP/1.0 404 - python-swiftclient-3.11.1 gAAAAABpIYRd83Di... - 70 - txf244b53fcae0426a83b46-00692184ce - 0.0193 - - 1763804366.712299585 1763804366.731600046 0
Nov 22 09:39:26 standalone account-server[127077]: 172.20.0.100 - - [22/Nov/2025:09:39:26 +0000] "PUT /d1/19/AUTH_fff18441fa584bcdbd413ba4522fdfda/gnocchi.1e4a5225-51e8-43ca-897d-c70daaaac2a2" 201 - "PUT http://172.20.0.100:6001/d1/856/AUTH_fff18441fa584bcdbd413ba4522fdfda/gnocchi.1e4a5225-51e8-43ca-897d-c70daaaac2a2" "tx5e80c8e2856b4a518ebf1-00692184ce" "container-server 20" 0.0182 "-" 19 0
Nov 22 09:39:26 standalone container-server[127286]: 172.20.0.100 - - [22/Nov/2025:09:39:26 +0000] "PUT /d1/856/AUTH_fff18441fa584bcdbd413ba4522fdfda/gnocchi.1e4a5225-51e8-43ca-897d-c70daaaac2a2" 201 - "PUT http://172.18.0.2:8080/v1/AUTH_fff18441fa584bcdbd413ba4522fdfda/gnocchi.1e4a5225-51e8-43ca-897d-c70daaaac2a2" "tx5e80c8e2856b4a518ebf1-00692184ce" "proxy-server 20" 0.0352 "-" 20 0
Nov 22 09:39:26 standalone proxy-server[129180]: 172.18.0.2 172.18.0.100 22/Nov/2025/09/39/26 PUT /v1/AUTH_fff18441fa584bcdbd413ba4522fdfda/gnocchi.1e4a5225-51e8-43ca-897d-c70daaaac2a2 HTTP/1.0 201 - python-swiftclient-3.11.1 gAAAAABpIYRd83Di... - - - tx5e80c8e2856b4a518ebf1-00692184ce - 0.0446 - - 1763804366.736406326 1763804366.780983448 0
