Nov 22 09:25:13 standalone account-server[126813]: Starting 2
Nov 22 09:25:13 standalone account-server[126832]: Started child 19 from parent 2
Nov 22 09:25:13 standalone account-server[126832]: Started child 21 from parent 2
Nov 22 09:25:14 standalone account-server[126832]: Started child 22 from parent 2
Nov 22 09:25:14 standalone account-server[126832]: Started child 23 from parent 2
Nov 22 09:25:14 standalone container-server[126958]: Option allow_versions is deprecated. Configure the versioned_writes middleware in the proxy-server instead. This option will be ignored in a future release.
Nov 22 09:25:14 standalone container-server[127269]: Option allow_versions is deprecated. Configure the versioned_writes middleware in the proxy-server instead. This option will be ignored in a future release.
Nov 22 09:25:14 standalone container-server[126958]: Started child 19 from parent 2
Nov 22 09:25:14 standalone container-server[127286]: Option allow_versions is deprecated. Configure the versioned_writes middleware in the proxy-server instead. This option will be ignored in a future release.
Nov 22 09:25:14 standalone container-server[126958]: Started child 20 from parent 2
Nov 22 09:25:14 standalone container-server[127309]: Option allow_versions is deprecated. Configure the versioned_writes middleware in the proxy-server instead. This option will be ignored in a future release.
Nov 22 09:25:14 standalone container-server[126958]: Started child 22 from parent 2
Nov 22 09:25:14 standalone container-server[127326]: Option allow_versions is deprecated. Configure the versioned_writes middleware in the proxy-server instead. This option will be ignored in a future release.
Nov 22 09:25:14 standalone container-server[126958]: Started child 23 from parent 2
Nov 22 09:25:14 standalone container-server[127078]: Starting 2
Nov 22 09:25:14 standalone object-expirer[127275]: Starting 2
Nov 22 09:25:14 standalone object-expirer[127275]: Option auto_create_account_prefix is deprecated. Configure auto_create_account_prefix under the swift-constraints section of swift.conf. This option will be ignored in a future release.
Nov 22 09:25:15 standalone object-server[127425]: Starting 2
Nov 22 09:25:15 standalone object-server[127403]: Started child 22 from parent 2
Nov 22 09:25:15 standalone object-server[127403]: Started child 23 from parent 2
Nov 22 09:25:15 standalone object-server[127403]: Started child 24 from parent 2
Nov 22 09:25:15 standalone object-server[127403]: Started child 25 from parent 2
Nov 22 09:25:21 standalone proxy-server[128947]: Starting Keystone auth_token middleware
Nov 22 09:25:21 standalone proxy-server[128947]: AuthToken middleware is set with keystone_authtoken.service_token_roles_required set to False. This is backwards compatible but deprecated behaviour. Please set this to True.
Nov 22 09:25:21 standalone proxy-server[129180]: Starting Keystone auth_token middleware
Nov 22 09:25:21 standalone proxy-server[129180]: STDERR: The option "bind_port" is not known to keystonemiddleware
Nov 22 09:25:21 standalone proxy-server[129180]: STDERR: The option "workers" is not known to keystonemiddleware
Nov 22 09:25:21 standalone proxy-server[129180]: STDERR: The option "user" is not known to keystonemiddleware
Nov 22 09:25:21 standalone proxy-server[129180]: STDERR: The option "bind_ip" is not known to keystonemiddleware
Nov 22 09:25:21 standalone proxy-server[129180]: STDERR: The option "log_name" is not known to keystonemiddleware
Nov 22 09:25:21 standalone proxy-server[129180]: STDERR: The option "log_facility" is not known to keystonemiddleware
Nov 22 09:25:21 standalone proxy-server[129180]: STDERR: The option "log_level" is not known to keystonemiddleware
Nov 22 09:25:21 standalone proxy-server[129180]: STDERR: The option "log_headers" is not known to keystonemiddleware
Nov 22 09:25:21 standalone proxy-server[129180]: STDERR: The option "log_address" is not known to keystonemiddleware
Nov 22 09:25:21 standalone proxy-server[129180]: STDERR: The option "project_name" is not known to keystonemiddleware
Nov 22 09:25:21 standalone proxy-server[129180]: STDERR: The option "username" is not known to keystonemiddleware
Nov 22 09:25:21 standalone proxy-server[129180]: STDERR: The option "password" is not known to keystonemiddleware
Nov 22 09:25:21 standalone proxy-server[129180]: STDERR: The option "auth_url" is not known to keystonemiddleware
Nov 22 09:25:21 standalone proxy-server[129180]: STDERR: The option "signing_dir" is not known to keystonemiddleware
Nov 22 09:25:21 standalone proxy-server[129180]: STDERR: The option "project_domain_id" is not known to keystonemiddleware
Nov 22 09:25:21 standalone proxy-server[129180]: STDERR: The option "user_domain_id" is not known to keystonemiddleware
Nov 22 09:25:21 standalone proxy-server[129180]: STDERR: The option "__name__" is not known to keystonemiddleware
Nov 22 09:25:21 standalone proxy-server[129180]: AuthToken middleware is set with keystone_authtoken.service_token_roles_required set to False. This is backwards compatible but deprecated behaviour. Please set this to True.
Nov 22 09:25:21 standalone proxy-server[128947]: Started child 20 from parent 2
Nov 22 09:26:03 standalone object-server[127425]: Begin object update sweep
Nov 22 09:26:03 standalone object-server[133507]: Object update sweep starting on /srv/node/d1 (pid: 11)
Nov 22 09:26:03 standalone object-server[133507]: Object update sweep completed on /srv/node/d1 in 0.00s seconds:, 0 successes, 0 failures, 0 quarantines, 0 unlinks, 0 errors, 0 redirects (pid: 11)
Nov 22 09:26:03 standalone object-server[133507]: Object update sweep of d1 completed: 0.00s, 0 successes, 0 failures, 0 quarantines, 0 unlinks, 0 errors, 0 redirects
Nov 22 09:26:03 standalone object-server[127425]: Object update sweep completed: 0.08s
Nov 22 09:27:52 standalone container-server[127078]: Begin container update sweep
Nov 22 09:27:52 standalone container-server[127078]: Container update sweep completed: 0.00s
Nov 22 09:28:39 standalone account-server[127206]: 172.20.0.100 - - [22/Nov/2025:09:28:39 +0000] "HEAD /d1/483/.expiring_objects" 404 - "HEAD http://localhost/v1/.expiring_objects?format=json" "txcbcdc35a311547e3b9a3b-0069218247" "proxy-server 2" 0.0020 "-" 23 -
Nov 22 09:28:39 standalone object-expirer[127275]: Pass completed in 0s; 0 objects expired (txn: txcbcdc35a311547e3b9a3b-0069218247)
Nov 22 09:29:22 standalone account-server[127180]: 172.20.0.100 - - [22/Nov/2025:09:29:22 +0000] "HEAD /d1/483/.expiring_objects" 404 - "HEAD http://localhost/v1/.expiring_objects?format=json" "tx9f0bfdb9b9064df5a9323-0069218272" "proxy-server 2" 0.0018 "-" 22 -
Nov 22 09:29:22 standalone object-expirer[127275]: Pass completed in 0s; 0 objects expired (txn: tx9f0bfdb9b9064df5a9323-0069218272)
Nov 22 09:31:03 standalone object-server[127425]: Begin object update sweep
Nov 22 09:31:03 standalone object-server[170153]: Object update sweep starting on /srv/node/d1 (pid: 13)
Nov 22 09:31:03 standalone object-server[170153]: Object update sweep completed on /srv/node/d1 in 0.00s seconds:, 0 successes, 0 failures, 0 quarantines, 0 unlinks, 0 errors, 0 redirects (pid: 13)
Nov 22 09:31:03 standalone object-server[170153]: Object update sweep of d1 completed: 0.00s, 0 successes, 0 failures, 0 quarantines, 0 unlinks, 0 errors, 0 redirects
Nov 22 09:31:03 standalone object-server[127425]: Object update sweep completed: 0.07s
Nov 22 09:32:52 standalone container-server[127078]: Begin container update sweep
Nov 22 09:32:52 standalone container-server[127078]: Container update sweep completed: 0.00s
Nov 22 09:34:02 standalone account-server[127166]: 172.20.0.100 - - [22/Nov/2025:09:34:02 +0000] "HEAD /d1/483/.expiring_objects" 404 - "HEAD http://localhost/v1/.expiring_objects?format=json" "txeeec87fb581b4d66afc62-006921838a" "proxy-server 2" 0.0010 "-" 21 -
Nov 22 09:34:02 standalone object-expirer[127275]: Pass completed in 0s; 0 objects expired (txn: txeeec87fb581b4d66afc62-006921838a)
Nov 22 09:36:03 standalone object-server[127425]: Begin object update sweep
Nov 22 09:36:03 standalone object-server[211340]: Object update sweep starting on /srv/node/d1 (pid: 14)
Nov 22 09:36:03 standalone object-server[211340]: Object update sweep completed on /srv/node/d1 in 0.00s seconds:, 0 successes, 0 failures, 0 quarantines, 0 unlinks, 0 errors, 0 redirects (pid: 14)
Nov 22 09:36:03 standalone object-server[211340]: Object update sweep of d1 completed: 0.00s, 0 successes, 0 failures, 0 quarantines, 0 unlinks, 0 errors, 0 redirects
Nov 22 09:36:03 standalone object-server[127425]: Object update sweep completed: 0.10s
Nov 22 09:37:33 standalone account-server[127180]: 172.20.0.100 - - [22/Nov/2025:09:37:33 +0000] "HEAD /d1/19/AUTH_fff18441fa584bcdbd413ba4522fdfda" 404 - "HEAD http://172.18.0.2:8080/v1/AUTH_fff18441fa584bcdbd413ba4522fdfda?format=json" "tx51bd53442b394679b42b2-006921845d" "proxy-server 20" 0.0023 "-" 22 -
Nov 22 09:37:33 standalone proxy-server[129180]: - - 22/Nov/2025/09/37/33 HEAD /v1/AUTH_fff18441fa584bcdbd413ba4522fdfda%3Fformat%3Djson HTTP/1.0 200 - Swift - - - - tx51bd53442b394679b42b2-006921845d - 0.0117 RL - 1763804253.891776085 1763804253.903482437 -
Nov 22 09:37:34 standalone object-server[127515]: 172.20.0.100 - - [22/Nov/2025:09:37:34 +0000] "GET /d1/782/AUTH_fff18441fa584bcdbd413ba4522fdfda/gnocchi.fd794836-eac0-46c0-b777-8e175660a36c/none_v3" 404 70 "GET http://172.18.0.2:8080/v1/AUTH_fff18441fa584bcdbd413ba4522fdfda/gnocchi.fd794836-eac0-46c0-b777-8e175660a36c/none_v3" "tx51bd53442b394679b42b2-006921845d" "proxy-server 20" 0.0022 "-" 22 0
Nov 22 09:37:34 standalone proxy-server[129180]: 172.18.0.2 172.18.0.100 22/Nov/2025/09/37/34 GET /v1/AUTH_fff18441fa584bcdbd413ba4522fdfda/gnocchi.fd794836-eac0-46c0-b777-8e175660a36c/none_v3 HTTP/1.0 404 - python-swiftclient-3.11.1 gAAAAABpIYRd83Di... - 70 - tx51bd53442b394679b42b2-006921845d - 0.4444 - - 1763804253.889197826 1763804254.333613396 0
Nov 22 09:37:34 standalone account-server[127180]: 172.20.0.100 - - [22/Nov/2025:09:37:34 +0000] "PUT /d1/19/AUTH_fff18441fa584bcdbd413ba4522fdfda" 201 - "-" "txd246047c2fe441c7b99ab-006921845e" "-" 0.0177 "-" 22 -
Nov 22 09:37:34 standalone proxy-server[129180]: autocreate account '/AUTH_fff18441fa584bcdbd413ba4522fdfda' (txn: txd246047c2fe441c7b99ab-006921845e)
Nov 22 09:37:34 standalone account-server[127166]: 172.20.0.100 - - [22/Nov/2025:09:37:34 +0000] "HEAD /d1/19/AUTH_fff18441fa584bcdbd413ba4522fdfda" 204 - "HEAD http://172.18.0.2:8080/v1/AUTH_fff18441fa584bcdbd413ba4522fdfda?format=json" "txd246047c2fe441c7b99ab-006921845e" "proxy-server 20" 0.0016 "-" 21 -
Nov 22 09:37:34 standalone account-server[127206]: 172.20.0.100 - - [22/Nov/2025:09:37:34 +0000] "PUT /d1/19/AUTH_fff18441fa584bcdbd413ba4522fdfda/gnocchi.fd794836-eac0-46c0-b777-8e175660a36c" 201 - "PUT http://172.20.0.100:6001/d1/54/AUTH_fff18441fa584bcdbd413ba4522fdfda/gnocchi.fd794836-eac0-46c0-b777-8e175660a36c" "txd246047c2fe441c7b99ab-006921845e" "container-server 19" 0.0033 "-" 23 0
Nov 22 09:37:34 standalone container-server[127269]: 172.20.0.100 - - [22/Nov/2025:09:37:34 +0000] "PUT /d1/54/AUTH_fff18441fa584bcdbd413ba4522fdfda/gnocchi.fd794836-eac0-46c0-b777-8e175660a36c" 201 - "PUT http://172.18.0.2:8080/v1/AUTH_fff18441fa584bcdbd413ba4522fdfda/gnocchi.fd794836-eac0-46c0-b777-8e175660a36c" "txd246047c2fe441c7b99ab-006921845e" "proxy-server 20" 0.0228 "-" 19 0
Nov 22 09:37:34 standalone proxy-server[129180]: 172.18.0.2 172.18.0.100 22/Nov/2025/09/37/34 PUT /v1/AUTH_fff18441fa584bcdbd413ba4522fdfda/gnocchi.fd794836-eac0-46c0-b777-8e175660a36c HTTP/1.0 201 - python-swiftclient-3.11.1 gAAAAABpIYRd83Di... - - - txd246047c2fe441c7b99ab-006921845e - 0.0603 - - 1763804254.337026596 1763804254.397367954 0
Nov 22 09:37:34 standalone container-server[127286]: 172.20.0.100 - - [22/Nov/2025:09:37:34 +0000] "HEAD /d1/54/AUTH_fff18441fa584bcdbd413ba4522fdfda/gnocchi.fd794836-eac0-46c0-b777-8e175660a36c" 204 - "HEAD http://172.18.0.2:8080/v1/AUTH_fff18441fa584bcdbd413ba4522fdfda/gnocchi.fd794836-eac0-46c0-b777-8e175660a36c?format=json&states=listing" "txf63d1f1d6c274e0bb8977-006921845e" "proxy-server 20" 0.0032 "-" 20 0
Nov 22 09:37:34 standalone proxy-server[129180]: - - 22/Nov/2025/09/37/34 HEAD /v1/AUTH_fff18441fa584bcdbd413ba4522fdfda/gnocchi.fd794836-eac0-46c0-b777-8e175660a36c%3Fformat%3Djson%26states%3Dlisting HTTP/1.0 204 - Swift - - - - txf63d1f1d6c274e0bb8977-006921845e - 0.0084 RL - 1763804254.404942274 1763804254.413357973 0
Nov 22 09:37:34 standalone container-server[127269]: 172.20.0.100 - - [22/Nov/2025:09:37:34 +0000] "GET /d1/54/AUTH_fff18441fa584bcdbd413ba4522fdfda/gnocchi.fd794836-eac0-46c0-b777-8e175660a36c" 200 2 "GET http://172.18.0.2:8080/v1/AUTH_fff18441fa584bcdbd413ba4522fdfda/gnocchi.fd794836-eac0-46c0-b777-8e175660a36c?format=json&states=listing" "txf63d1f1d6c274e0bb8977-006921845e" "proxy-server 20" 0.0042 "-" 19 0
Nov 22 09:37:34 standalone proxy-server[129180]: 172.18.0.2 172.18.0.100 22/Nov/2025/09/37/34 GET /v1/AUTH_fff18441fa584bcdbd413ba4522fdfda/gnocchi.fd794836-eac0-46c0-b777-8e175660a36c%3Fformat%3Djson%26states%3Dlisting HTTP/1.0 200 - python-swiftclient-3.11.1 gAAAAABpIYRd83Di... - 2 - txf63d1f1d6c274e0bb8977-006921845e - 0.0252 - - 1763804254.402849197 1763804254.428012609 0
Nov 22 09:37:34 standalone object-server[127518]: 172.20.0.100 - - [22/Nov/2025:09:37:34 +0000] "GET /d1/47/AUTH_fff18441fa584bcdbd413ba4522fdfda/gnocchi.fd794836-eac0-46c0-b777-8e175660a36c/1763640000.0_mean_300.0_v3" 404 70 "GET http://172.18.0.2:8080/v1/AUTH_fff18441fa584bcdbd413ba4522fdfda/gnocchi.fd794836-eac0-46c0-b777-8e175660a36c/1763640000.0_mean_300.0_v3" "txbd1c0777aff54ff1882e3-006921845e" "proxy-server 20" 0.0012 "-" 24 0
Nov 22 09:37:34 standalone proxy-server[129180]: 172.18.0.2 172.18.0.100 22/Nov/2025/09/37/34 GET /v1/AUTH_fff18441fa584bcdbd413ba4522fdfda/gnocchi.fd794836-eac0-46c0-b777-8e175660a36c/1763640000.0_mean_300.0_v3 HTTP/1.0 404 - python-swiftclient-3.11.1 gAAAAABpIYRd83Di... - 70 - txbd1c0777aff54ff1882e3-006921845e - 0.0101 - - 1763804254.433790445 1763804254.443917513 0
Nov 22 09:37:34 standalone container-server[127286]: 172.20.0.100 - - [22/Nov/2025:09:37:34 +0000] "PUT /d1/54/AUTH_fff18441fa584bcdbd413ba4522fdfda/gnocchi.fd794836-eac0-46c0-b777-8e175660a36c/1763640000.0_mean_300.0_v3" 201 - "PUT http://172.18.0.2:8080/d1/47/AUTH_fff18441fa584bcdbd413ba4522fdfda/gnocchi.fd794836-eac0-46c0-b777-8e175660a36c/1763640000.0_mean_300.0_v3" "tx6102f9776a854e25975cf-006921845e" "object-server 23" 0.0017 "-" 20 0
Nov 22 09:37:34 standalone object-server[127517]: 172.20.0.100 - - [22/Nov/2025:09:37:34 +0000] "PUT /d1/47/AUTH_fff18441fa584bcdbd413ba4522fdfda/gnocchi.fd794836-eac0-46c0-b777-8e175660a36c/1763640000.0_mean_300.0_v3" 201 - "PUT http://172.18.0.2:8080/v1/AUTH_fff18441fa584bcdbd413ba4522fdfda/gnocchi.fd794836-eac0-46c0-b777-8e175660a36c/1763640000.0_mean_300.0_v3" "tx6102f9776a854e25975cf-006921845e" "proxy-server 20" 0.0371 "-" 23 0
Nov 22 09:37:34 standalone proxy-server[129180]: 172.18.0.2 172.18.0.100 22/Nov/2025/09/37/34 PUT /v1/AUTH_fff18441fa584bcdbd413ba4522fdfda/gnocchi.fd794836-eac0-46c0-b777-8e175660a36c/1763640000.0_mean_300.0_v3 HTTP/1.0 201 - python-swiftclient-3.11.1 gAAAAABpIYRd83Di... 16 - - tx6102f9776a854e25975cf-006921845e - 0.0460 - - 1763804254.448342562 1763804254.494352102 0
Nov 22 09:37:34 standalone container-server[127309]: 172.20.0.100 - - [22/Nov/2025:09:37:34 +0000] "PUT /d1/54/AUTH_fff18441fa584bcdbd413ba4522fdfda/gnocchi.fd794836-eac0-46c0-b777-8e175660a36c/none_v3" 201 - "PUT http://172.18.0.2:8080/d1/782/AUTH_fff18441fa584bcdbd413ba4522fdfda/gnocchi.fd794836-eac0-46c0-b777-8e175660a36c/none_v3" "tx128ade25d3384523aaab7-006921845e" "object-server 25" 0.0015 "-" 22 0
Nov 22 09:37:34 standalone object-server[127519]: 172.20.0.100 - - [22/Nov/2025:09:37:34 +0000] "PUT /d1/782/AUTH_fff18441fa584bcdbd413ba4522fdfda/gnocchi.fd794836-eac0-46c0-b777-8e175660a36c/none_v3" 201 - "PUT http://172.18.0.2:8080/v1/AUTH_fff18441fa584bcdbd413ba4522fdfda/gnocchi.fd794836-eac0-46c0-b777-8e175660a36c/none_v3" "tx128ade25d3384523aaab7-006921845e" "proxy-server 20" 0.0419 "-" 25 0
Nov 22 09:37:34 standalone proxy-server[129180]: 172.18.0.2 172.18.0.100 22/Nov/2025/09/37/34 PUT /v1/AUTH_fff18441fa584bcdbd413ba4522fdfda/gnocchi.fd794836-eac0-46c0-b777-8e175660a36c/none_v3 HTTP/1.0 201 - python-swiftclient-3.11.1 gAAAAABpIYRd83Di... 22 - - tx128ade25d3384523aaab7-006921845e - 0.0512 - - 1763804254.498570442 1763804254.549818277 0
Nov 22 09:37:52 standalone container-server[127078]: Begin container update sweep
Nov 22 09:37:52 standalone account-server[127180]: 172.20.0.100 - - [22/Nov/2025:09:37:52 +0000] "PUT /d1/19/AUTH_fff18441fa584bcdbd413ba4522fdfda/gnocchi.fd794836-eac0-46c0-b777-8e175660a36c" 201 - "-" "-" "container-updater 2" 0.0008 "-" 22 0
Nov 22 09:37:52 standalone container-server[127078]: Container update sweep completed: 0.10s
Nov 22 09:38:03 standalone object-server[127515]: 172.20.0.100 - - [22/Nov/2025:09:38:03 +0000] "GET /d1/782/AUTH_fff18441fa584bcdbd413ba4522fdfda/gnocchi.fd794836-eac0-46c0-b777-8e175660a36c/none_v3" 200 22 "GET http://172.18.0.2:8080/v1/AUTH_fff18441fa584bcdbd413ba4522fdfda/gnocchi.fd794836-eac0-46c0-b777-8e175660a36c/none_v3" "tx860521c245d34cd38285e-006921847b" "proxy-server 20" 0.0018 "-" 22 0
Nov 22 09:38:03 standalone proxy-server[129180]: 172.18.0.2 172.18.0.100 22/Nov/2025/09/38/03 GET /v1/AUTH_fff18441fa584bcdbd413ba4522fdfda/gnocchi.fd794836-eac0-46c0-b777-8e175660a36c/none_v3 HTTP/1.0 200 - python-swiftclient-3.11.1 gAAAAABpIYRd83Di... - 22 - tx860521c245d34cd38285e-006921847b - 0.0218 - - 1763804283.659865379 1763804283.681643724 0
Nov 22 09:38:03 standalone container-server[127326]: 172.20.0.100 - - [22/Nov/2025:09:38:03 +0000] "GET /d1/54/AUTH_fff18441fa584bcdbd413ba4522fdfda/gnocchi.fd794836-eac0-46c0-b777-8e175660a36c" 200 357 "GET http://172.18.0.2:8080/v1/AUTH_fff18441fa584bcdbd413ba4522fdfda/gnocchi.fd794836-eac0-46c0-b777-8e175660a36c?format=json&states=listing" "tx104856126bf84e598623d-006921847b" "proxy-server 20" 0.0067 "-" 23 0
Nov 22 09:38:03 standalone proxy-server[129180]: 172.18.0.2 172.18.0.100 22/Nov/2025/09/38/03 GET /v1/AUTH_fff18441fa584bcdbd413ba4522fdfda/gnocchi.fd794836-eac0-46c0-b777-8e175660a36c%3Fformat%3Djson%26states%3Dlisting HTTP/1.0 200 - python-swiftclient-3.11.1 gAAAAABpIYRd83Di... - 357 - tx104856126bf84e598623d-006921847b - 0.0178 - - 1763804283.686045170 1763804283.703876972 0
Nov 22 09:38:03 standalone container-server[127286]: 172.20.0.100 - - [22/Nov/2025:09:38:03 +0000] "GET /d1/54/AUTH_fff18441fa584bcdbd413ba4522fdfda/gnocchi.fd794836-eac0-46c0-b777-8e175660a36c" 200 2 "GET http://172.18.0.2:8080/v1/AUTH_fff18441fa584bcdbd413ba4522fdfda/gnocchi.fd794836-eac0-46c0-b777-8e175660a36c?format=json&marker=none_v3&states=listing" "tx0129e2033e6d42819b78c-006921847b" "proxy-server 20" 0.0045 "-" 20 0
Nov 22 09:38:03 standalone proxy-server[129180]: 172.18.0.2 172.18.0.100 22/Nov/2025/09/38/03 GET /v1/AUTH_fff18441fa584bcdbd413ba4522fdfda/gnocchi.fd794836-eac0-46c0-b777-8e175660a36c%3Fformat%3Djson%26marker%3Dnone_v3%26states%3Dlisting HTTP/1.0 200 - python-swiftclient-3.11.1 gAAAAABpIYRd83Di... - 2 - tx0129e2033e6d42819b78c-006921847b - 0.0134 - - 1763804283.706529379 1763804283.719893456 0
Nov 22 09:38:03 standalone object-server[127517]: 172.20.0.100 - - [22/Nov/2025:09:38:03 +0000] "GET /d1/47/AUTH_fff18441fa584bcdbd413ba4522fdfda/gnocchi.fd794836-eac0-46c0-b777-8e175660a36c/1763640000.0_mean_300.0_v3" 200 16 "GET http://172.18.0.2:8080/v1/AUTH_fff18441fa584bcdbd413ba4522fdfda/gnocchi.fd794836-eac0-46c0-b777-8e175660a36c/1763640000.0_mean_300.0_v3" "txeb64d7d9eba942ea98f2a-006921847b" "proxy-server 20" 0.0018 "-" 23 0
Nov 22 09:38:03 standalone proxy-server[129180]: 172.18.0.2 172.18.0.100 22/Nov/2025/09/38/03 GET /v1/AUTH_fff18441fa584bcdbd413ba4522fdfda/gnocchi.fd794836-eac0-46c0-b777-8e175660a36c/1763640000.0_mean_300.0_v3 HTTP/1.0 200 - python-swiftclient-3.11.1 gAAAAABpIYRd83Di... - 16 - txeb64d7d9eba942ea98f2a-006921847b - 0.0099 - - 1763804283.725262403 1763804283.735198736 0
Nov 22 09:38:03 standalone container-server[127269]: 172.20.0.100 - - [22/Nov/2025:09:38:03 +0000] "PUT /d1/54/AUTH_fff18441fa584bcdbd413ba4522fdfda/gnocchi.fd794836-eac0-46c0-b777-8e175660a36c/1763640000.0_mean_300.0_v3" 201 - "PUT http://172.18.0.2:8080/d1/47/AUTH_fff18441fa584bcdbd413ba4522fdfda/gnocchi.fd794836-eac0-46c0-b777-8e175660a36c/1763640000.0_mean_300.0_v3" "txe95e44d678d841f8a57d8-006921847b" "object-server 23" 0.0013 "-" 19 0
Nov 22 09:38:03 standalone object-server[127517]: 172.20.0.100 - - [22/Nov/2025:09:38:03 +0000] "PUT /d1/47/AUTH_fff18441fa584bcdbd413ba4522fdfda/gnocchi.fd794836-eac0-46c0-b777-8e175660a36c/1763640000.0_mean_300.0_v3" 201 - "PUT http://172.18.0.2:8080/v1/AUTH_fff18441fa584bcdbd413ba4522fdfda/gnocchi.fd794836-eac0-46c0-b777-8e175660a36c/1763640000.0_mean_300.0_v3" "txe95e44d678d841f8a57d8-006921847b" "proxy-server 20" 0.0131 "-" 23 0
Nov 22 09:38:03 standalone proxy-server[129180]: 172.18.0.2 172.18.0.100 22/Nov/2025/09/38/03 PUT /v1/AUTH_fff18441fa584bcdbd413ba4522fdfda/gnocchi.fd794836-eac0-46c0-b777-8e175660a36c/1763640000.0_mean_300.0_v3 HTTP/1.0 201 - python-swiftclient-3.11.1 gAAAAABpIYRd83Di... 16 - - txe95e44d678d841f8a57d8-006921847b - 0.0233 - - 1763804283.743748903 1763804283.767052889 0
Nov 22 09:38:03 standalone container-server[127309]: 172.20.0.100 - - [22/Nov/2025:09:38:03 +0000] "PUT /d1/54/AUTH_fff18441fa584bcdbd413ba4522fdfda/gnocchi.fd794836-eac0-46c0-b777-8e175660a36c/none_v3" 201 - "PUT http://172.18.0.2:8080/d1/782/AUTH_fff18441fa584bcdbd413ba4522fdfda/gnocchi.fd794836-eac0-46c0-b777-8e175660a36c/none_v3" "tx9add440cc2314d4a990fd-006921847b" "object-server 24" 0.0006 "-" 22 0
Nov 22 09:38:03 standalone object-server[127518]: 172.20.0.100 - - [22/Nov/2025:09:38:03 +0000] "PUT /d1/782/AUTH_fff18441fa584bcdbd413ba4522fdfda/gnocchi.fd794836-eac0-46c0-b777-8e175660a36c/none_v3" 201 - "PUT http://172.18.0.2:8080/v1/AUTH_fff18441fa584bcdbd413ba4522fdfda/gnocchi.fd794836-eac0-46c0-b777-8e175660a36c/none_v3" "tx9add440cc2314d4a990fd-006921847b" "proxy-server 20" 0.0502 "-" 24 0
Nov 22 09:38:03 standalone proxy-server[129180]: 172.18.0.2 172.18.0.100 22/Nov/2025/09/38/03 PUT /v1/AUTH_fff18441fa584bcdbd413ba4522fdfda/gnocchi.fd794836-eac0-46c0-b777-8e175660a36c/none_v3 HTTP/1.0 201 - python-swiftclient-3.11.1 gAAAAABpIYRd83Di... 32 - - tx9add440cc2314d4a990fd-006921847b - 0.0590 - - 1763804283.771505594 1763804283.830504179 0
Nov 22 09:38:35 standalone account-server[127206]: 172.20.0.100 - - [22/Nov/2025:09:38:35 +0000] "HEAD /d1/19/AUTH_fff18441fa584bcdbd413ba4522fdfda" 204 - "HEAD http://172.18.0.2:8080/v1/AUTH_fff18441fa584bcdbd413ba4522fdfda?format=json" "tx26d563adc710427aaa6ee-006921849b" "proxy-server 20" 0.0048 "-" 23 -
Nov 22 09:38:35 standalone proxy-server[129180]: - - 22/Nov/2025/09/38/35 HEAD /v1/AUTH_fff18441fa584bcdbd413ba4522fdfda%3Fformat%3Djson HTTP/1.0 204 - Swift - - - - tx26d563adc710427aaa6ee-006921849b - 0.0088 RL - 1763804315.927885532 1763804315.936685801 -
Nov 22 09:38:35 standalone container-server[127286]: 172.20.0.100 - - [22/Nov/2025:09:38:35 +0000] "HEAD /d1/960/AUTH_fff18441fa584bcdbd413ba4522fdfda/gnocchi.fa66840a-6e7f-4904-a424-74328d29bdc0" 404 - "HEAD http://172.18.0.2:8080/v1/AUTH_fff18441fa584bcdbd413ba4522fdfda/gnocchi.fa66840a-6e7f-4904-a424-74328d29bdc0?format=json&states=listing" "tx26d563adc710427aaa6ee-006921849b" "proxy-server 20" 0.0006 "-" 20 0
Nov 22 09:38:35 standalone object-server[127519]: 172.20.0.100 - - [22/Nov/2025:09:38:35 +0000] "GET /d1/963/AUTH_fff18441fa584bcdbd413ba4522fdfda/gnocchi.fa66840a-6e7f-4904-a424-74328d29bdc0/none_v3" 404 70 "GET http://172.18.0.2:8080/v1/AUTH_fff18441fa584bcdbd413ba4522fdfda/gnocchi.fa66840a-6e7f-4904-a424-74328d29bdc0/none_v3" "tx26d563adc710427aaa6ee-006921849b" "proxy-server 20" 0.0005 "-" 25 0
Nov 22 09:38:35 standalone proxy-server[129180]: 172.18.0.2 172.18.0.100 22/Nov/2025/09/38/35 GET /v1/AUTH_fff18441fa584bcdbd413ba4522fdfda/gnocchi.fa66840a-6e7f-4904-a424-74328d29bdc0/none_v3 HTTP/1.0 404 - python-swiftclient-3.11.1 gAAAAABpIYRd83Di... - 70 - tx26d563adc710427aaa6ee-006921849b - 0.0185 - - 1763804315.927075624 1763804315.945616961 0
Nov 22 09:38:35 standalone account-server[127206]: 172.20.0.100 - - [22/Nov/2025:09:38:35 +0000] "PUT /d1/19/AUTH_fff18441fa584bcdbd413ba4522fdfda/gnocchi.fa66840a-6e7f-4904-a424-74328d29bdc0" 201 - "PUT http://172.20.0.100:6001/d1/960/AUTH_fff18441fa584bcdbd413ba4522fdfda/gnocchi.fa66840a-6e7f-4904-a424-74328d29bdc0" "tx9e7041197ebf498c8e161-006921849b" "container-server 22" 0.0012 "-" 23 0
Nov 22 09:38:35 standalone container-server[127309]: 172.20.0.100 - - [22/Nov/2025:09:38:35 +0000] "PUT /d1/960/AUTH_fff18441fa584bcdbd413ba4522fdfda/gnocchi.fa66840a-6e7f-4904-a424-74328d29bdc0" 201 - "PUT http://172.18.0.2:8080/v1/AUTH_fff18441fa584bcdbd413ba4522fdfda/gnocchi.fa66840a-6e7f-4904-a424-74328d29bdc0" "tx9e7041197ebf498c8e161-006921849b" "proxy-server 20" 0.0256 "-" 22 0
Nov 22 09:38:35 standalone proxy-server[129180]: 172.18.0.2 172.18.0.100 22/Nov/2025/09/38/35 PUT /v1/AUTH_fff18441fa584bcdbd413ba4522fdfda/gnocchi.fa66840a-6e7f-4904-a424-74328d29bdc0 HTTP/1.0 201 - python-swiftclient-3.11.1 gAAAAABpIYRd83Di... - - - tx9e7041197ebf498c8e161-006921849b - 0.0307 - - 1763804315.948259830 1763804315.978972912 0
Nov 22 09:38:35 standalone container-server[127326]: 172.20.0.100 - - [22/Nov/2025:09:38:35 +0000] "HEAD /d1/960/AUTH_fff18441fa584bcdbd413ba4522fdfda/gnocchi.fa66840a-6e7f-4904-a424-74328d29bdc0" 204 - "HEAD http://172.18.0.2:8080/v1/AUTH_fff18441fa584bcdbd413ba4522fdfda/gnocchi.fa66840a-6e7f-4904-a424-74328d29bdc0?format=json&states=listing" "tx0e22648d92b248f9a0093-006921849b" "proxy-server 20" 0.0013 "-" 23 0
Nov 22 09:38:35 standalone proxy-server[129180]: - - 22/Nov/2025/09/38/35 HEAD /v1/AUTH_fff18441fa584bcdbd413ba4522fdfda/gnocchi.fa66840a-6e7f-4904-a424-74328d29bdc0%3Fformat%3Djson%26states%3Dlisting HTTP/1.0 204 - Swift - - - - tx0e22648d92b248f9a0093-006921849b - 0.0044 RL - 1763804315.985518932 1763804315.989934444 0
Nov 22 09:38:35 standalone container-server[127286]: 172.20.0.100 - - [22/Nov/2025:09:38:35 +0000] "GET /d1/960/AUTH_fff18441fa584bcdbd413ba4522fdfda/gnocchi.fa66840a-6e7f-4904-a424-74328d29bdc0" 200 2 "GET http://172.18.0.2:8080/v1/AUTH_fff18441fa584bcdbd413ba4522fdfda/gnocchi.fa66840a-6e7f-4904-a424-74328d29bdc0?format=json&states=listing" "tx0e22648d92b248f9a0093-006921849b" "proxy-server 20" 0.0020 "-" 20 0
Nov 22 09:38:35 standalone proxy-server[129180]: 172.18.0.2 172.18.0.100 22/Nov/2025/09/38/35 GET /v1/AUTH_fff18441fa584bcdbd413ba4522fdfda/gnocchi.fa66840a-6e7f-4904-a424-74328d29bdc0%3Fformat%3Djson%26states%3Dlisting HTTP/1.0 200 - python-swiftclient-3.11.1 gAAAAABpIYRd83Di... - 2 - tx0e22648d92b248f9a0093-006921849b - 0.0132 - - 1763804315.984234571 1763804315.997411013 0
Nov 22 09:38:36 standalone object-server[127517]: 172.20.0.100 - - [22/Nov/2025:09:38:36 +0000] "GET /d1/327/AUTH_fff18441fa584bcdbd413ba4522fdfda/gnocchi.fa66840a-6e7f-4904-a424-74328d29bdc0/1763640000.0_mean_300.0_v3" 404 70 "GET http://172.18.0.2:8080/v1/AUTH_fff18441fa584bcdbd413ba4522fdfda/gnocchi.fa66840a-6e7f-4904-a424-74328d29bdc0/1763640000.0_mean_300.0_v3" "txb2fb2a1c76414a00b858a-006921849c" "proxy-server 20" 0.0004 "-" 23 0
Nov 22 09:38:36 standalone proxy-server[129180]: 172.18.0.2 172.18.0.100 22/Nov/2025/09/38/36 GET /v1/AUTH_fff18441fa584bcdbd413ba4522fdfda/gnocchi.fa66840a-6e7f-4904-a424-74328d29bdc0/1763640000.0_mean_300.0_v3 HTTP/1.0 404 - python-swiftclient-3.11.1 gAAAAABpIYRd83Di... - 70 - txb2fb2a1c76414a00b858a-006921849c - 0.0058 - - 1763804316.002658606 1763804316.008415699 0
Nov 22 09:38:36 standalone container-server[127269]: 172.20.0.100 - - [22/Nov/2025:09:38:36 +0000] "PUT /d1/960/AUTH_fff18441fa584bcdbd413ba4522fdfda/gnocchi.fa66840a-6e7f-4904-a424-74328d29bdc0/1763640000.0_mean_300.0_v3" 201 - "PUT http://172.18.0.2:8080/d1/327/AUTH_fff18441fa584bcdbd413ba4522fdfda/gnocchi.fa66840a-6e7f-4904-a424-74328d29bdc0/1763640000.0_mean_300.0_v3" "tx9ba6bcc722f84f109d38f-006921849c" "object-server 22" 0.0008 "-" 19 0
Nov 22 09:38:36 standalone object-server[127515]: 172.20.0.100 - - [22/Nov/2025:09:38:36 +0000] "PUT /d1/327/AUTH_fff18441fa584bcdbd413ba4522fdfda/gnocchi.fa66840a-6e7f-4904-a424-74328d29bdc0/1763640000.0_mean_300.0_v3" 201 - "PUT http://172.18.0.2:8080/v1/AUTH_fff18441fa584bcdbd413ba4522fdfda/gnocchi.fa66840a-6e7f-4904-a424-74328d29bdc0/1763640000.0_mean_300.0_v3" "tx9ba6bcc722f84f109d38f-006921849c" "proxy-server 20" 0.0513 "-" 22 0
Nov 22 09:38:36 standalone proxy-server[129180]: 172.18.0.2 172.18.0.100 22/Nov/2025/09/38/36 PUT /v1/AUTH_fff18441fa584bcdbd413ba4522fdfda/gnocchi.fa66840a-6e7f-4904-a424-74328d29bdc0/1763640000.0_mean_300.0_v3 HTTP/1.0 201 - python-swiftclient-3.11.1 gAAAAABpIYRd83Di... 16 - - tx9ba6bcc722f84f109d38f-006921849c - 0.0604 - - 1763804316.012342215 1763804316.072789669 0
Nov 22 09:38:36 standalone container-server[127309]: 172.20.0.100 - - [22/Nov/2025:09:38:36 +0000] "PUT /d1/960/AUTH_fff18441fa584bcdbd413ba4522fdfda/gnocchi.fa66840a-6e7f-4904-a424-74328d29bdc0/none_v3" 201 - "PUT http://172.18.0.2:8080/d1/963/AUTH_fff18441fa584bcdbd413ba4522fdfda/gnocchi.fa66840a-6e7f-4904-a424-74328d29bdc0/none_v3" "tx081e641c9f1a456f82261-006921849c" "object-server 24" 0.0010 "-" 22 0
Nov 22 09:38:36 standalone object-server[127518]: 172.20.0.100 - - [22/Nov/2025:09:38:36 +0000] "PUT /d1/963/AUTH_fff18441fa584bcdbd413ba4522fdfda/gnocchi.fa66840a-6e7f-4904-a424-74328d29bdc0/none_v3" 201 - "PUT http://172.18.0.2:8080/v1/AUTH_fff18441fa584bcdbd413ba4522fdfda/gnocchi.fa66840a-6e7f-4904-a424-74328d29bdc0/none_v3" "tx081e641c9f1a456f82261-006921849c" "proxy-server 20" 0.0309 "-" 24 0
Nov 22 09:38:36 standalone proxy-server[129180]: 172.18.0.2 172.18.0.100 22/Nov/2025/09/38/36 PUT /v1/AUTH_fff18441fa584bcdbd413ba4522fdfda/gnocchi.fa66840a-6e7f-4904-a424-74328d29bdc0/none_v3 HTTP/1.0 201 - python-swiftclient-3.11.1 gAAAAABpIYRd83Di... 22 - - tx081e641c9f1a456f82261-006921849c - 0.0385 - - 1763804316.077438116 1763804316.115907907 0
Nov 22 09:38:36 standalone container-server[127286]: 172.20.0.100 - - [22/Nov/2025:09:38:36 +0000] "HEAD /d1/307/AUTH_fff18441fa584bcdbd413ba4522fdfda/gnocchi.bba3b46b-23f7-40d2-a12b-aabb7b11e0a4" 404 - "HEAD http://172.18.0.2:8080/v1/AUTH_fff18441fa584bcdbd413ba4522fdfda/gnocchi.bba3b46b-23f7-40d2-a12b-aabb7b11e0a4?format=json&states=listing" "txc65862e6479241138cb16-006921849c" "proxy-server 20" 0.0006 "-" 20 0
Nov 22 09:38:36 standalone object-server[127517]: 172.20.0.100 - - [22/Nov/2025:09:38:36 +0000] "GET /d1/462/AUTH_fff18441fa584bcdbd413ba4522fdfda/gnocchi.bba3b46b-23f7-40d2-a12b-aabb7b11e0a4/none_v3" 404 70 "GET http://172.18.0.2:8080/v1/AUTH_fff18441fa584bcdbd413ba4522fdfda/gnocchi.bba3b46b-23f7-40d2-a12b-aabb7b11e0a4/none_v3" "txc65862e6479241138cb16-006921849c" "proxy-server 20" 0.0004 "-" 23 0
Nov 22 09:38:36 standalone proxy-server[129180]: 172.18.0.2 172.18.0.100 22/Nov/2025/09/38/36 GET /v1/AUTH_fff18441fa584bcdbd413ba4522fdfda/gnocchi.bba3b46b-23f7-40d2-a12b-aabb7b11e0a4/none_v3 HTTP/1.0 404 - python-swiftclient-3.11.1 gAAAAABpIYRd83Di... - 70 - txc65862e6479241138cb16-006921849c - 0.0144 - - 1763804316.135979891 1763804316.150332212 0
Nov 22 09:38:36 standalone account-server[127077]: 172.20.0.100 - - [22/Nov/2025:09:38:36 +0000] "PUT /d1/19/AUTH_fff18441fa584bcdbd413ba4522fdfda/gnocchi.bba3b46b-23f7-40d2-a12b-aabb7b11e0a4" 201 - "PUT http://172.20.0.100:6001/d1/307/AUTH_fff18441fa584bcdbd413ba4522fdfda/gnocchi.bba3b46b-23f7-40d2-a12b-aabb7b11e0a4" "tx8b8de09a4e2643288f0e6-006921849c" "container-server 22" 0.0160 "-" 19 0
Nov 22 09:38:36 standalone container-server[127309]: 172.20.0.100 - - [22/Nov/2025:09:38:36 +0000] "PUT /d1/307/AUTH_fff18441fa584bcdbd413ba4522fdfda/gnocchi.bba3b46b-23f7-40d2-a12b-aabb7b11e0a4" 201 - "PUT http://172.18.0.2:8080/v1/AUTH_fff18441fa584bcdbd413ba4522fdfda/gnocchi.bba3b46b-23f7-40d2-a12b-aabb7b11e0a4" "tx8b8de09a4e2643288f0e6-006921849c" "proxy-server 20" 0.0389 "-" 22 0
Nov 22 09:38:36 standalone proxy-server[129180]: 172.18.0.2 172.18.0.100 22/Nov/2025/09/38/36 PUT /v1/AUTH_fff18441fa584bcdbd413ba4522fdfda/gnocchi.bba3b46b-23f7-40d2-a12b-aabb7b11e0a4 HTTP/1.0 201 - python-swiftclient-3.11.1 gAAAAABpIYRd83Di... - - - tx8b8de09a4e2643288f0e6-006921849c - 0.0457 - - 1763804316.155912161 1763804316.201655865 0
Nov 22 09:38:36 standalone container-server[127309]: 172.20.0.100 - - [22/Nov/2025:09:38:36 +0000] "HEAD /d1/307/AUTH_fff18441fa584bcdbd413ba4522fdfda/gnocchi.bba3b46b-23f7-40d2-a12b-aabb7b11e0a4" 204 - "HEAD http://172.18.0.2:8080/v1/AUTH_fff18441fa584bcdbd413ba4522fdfda/gnocchi.bba3b46b-23f7-40d2-a12b-aabb7b11e0a4?format=json&states=listing" "txa2e4d8430ab24694bd2cd-006921849c" "proxy-server 20" 0.0026 "-" 22 0
Nov 22 09:38:36 standalone proxy-server[129180]: - - 22/Nov/2025/09/38/36 HEAD /v1/AUTH_fff18441fa584bcdbd413ba4522fdfda/gnocchi.bba3b46b-23f7-40d2-a12b-aabb7b11e0a4%3Fformat%3Djson%26states%3Dlisting HTTP/1.0 204 - Swift - - - - txa2e4d8430ab24694bd2cd-006921849c - 0.0062 RL - 1763804316.206728458 1763804316.212891102 0
Nov 22 09:38:36 standalone container-server[127286]: 172.20.0.100 - - [22/Nov/2025:09:38:36 +0000] "GET /d1/307/AUTH_fff18441fa584bcdbd413ba4522fdfda/gnocchi.bba3b46b-23f7-40d2-a12b-aabb7b11e0a4" 200 2 "GET http://172.18.0.2:8080/v1/AUTH_fff18441fa584bcdbd413ba4522fdfda/gnocchi.bba3b46b-23f7-40d2-a12b-aabb7b11e0a4?format=json&states=listing" "txa2e4d8430ab24694bd2cd-006921849c" "proxy-server 20" 0.0041 "-" 20 0
Nov 22 09:38:36 standalone proxy-server[129180]: 172.18.0.2 172.18.0.100 22/Nov/2025/09/38/36 GET /v1/AUTH_fff18441fa584bcdbd413ba4522fdfda/gnocchi.bba3b46b-23f7-40d2-a12b-aabb7b11e0a4%3Fformat%3Djson%26states%3Dlisting HTTP/1.0 200 - python-swiftclient-3.11.1 gAAAAABpIYRd83Di... - 2 - txa2e4d8430ab24694bd2cd-006921849c - 0.0182 - - 1763804316.205397606 1763804316.223580360 0
Nov 22 09:38:36 standalone object-server[127515]: 172.20.0.100 - - [22/Nov/2025:09:38:36 +0000] "GET /d1/716/AUTH_fff18441fa584bcdbd413ba4522fdfda/gnocchi.bba3b46b-23f7-40d2-a12b-aabb7b11e0a4/1763640000.0_mean_300.0_v3" 404 70 "GET http://172.18.0.2:8080/v1/AUTH_fff18441fa584bcdbd413ba4522fdfda/gnocchi.bba3b46b-23f7-40d2-a12b-aabb7b11e0a4/1763640000.0_mean_300.0_v3" "txe3aa28e5f8794f67943e6-006921849c" "proxy-server 20" 0.0005 "-" 22 0
Nov 22 09:38:36 standalone proxy-server[129180]: 172.18.0.2 172.18.0.100 22/Nov/2025/09/38/36 GET /v1/AUTH_fff18441fa584bcdbd413ba4522fdfda/gnocchi.bba3b46b-23f7-40d2-a12b-aabb7b11e0a4/1763640000.0_mean_300.0_v3 HTTP/1.0 404 - python-swiftclient-3.11.1 gAAAAABpIYRd83Di... - 70 - txe3aa28e5f8794f67943e6-006921849c - 0.0085 - - 1763804316.246073961 1763804316.254587889 0
Nov 22 09:38:36 standalone container-server[127309]: 172.20.0.100 - - [22/Nov/2025:09:38:36 +0000] "PUT /d1/307/AUTH_fff18441fa584bcdbd413ba4522fdfda/gnocchi.bba3b46b-23f7-40d2-a12b-aabb7b11e0a4/1763640000.0_mean_300.0_v3" 201 - "PUT http://172.18.0.2:8080/d1/716/AUTH_fff18441fa584bcdbd413ba4522fdfda/gnocchi.bba3b46b-23f7-40d2-a12b-aabb7b11e0a4/1763640000.0_mean_300.0_v3" "txcab1386bbf3447cf8d689-006921849c" "object-server 24" 0.0010 "-" 22 0
Nov 22 09:38:36 standalone object-server[127518]: 172.20.0.100 - - [22/Nov/2025:09:38:36 +0000] "PUT /d1/716/AUTH_fff18441fa584bcdbd413ba4522fdfda/gnocchi.bba3b46b-23f7-40d2-a12b-aabb7b11e0a4/1763640000.0_mean_300.0_v3" 201 - "PUT http://172.18.0.2:8080/v1/AUTH_fff18441fa584bcdbd413ba4522fdfda/gnocchi.bba3b46b-23f7-40d2-a12b-aabb7b11e0a4/1763640000.0_mean_300.0_v3" "txcab1386bbf3447cf8d689-006921849c" "proxy-server 20" 0.0085 "-" 24 0
Nov 22 09:38:36 standalone proxy-server[129180]: 172.18.0.2 172.18.0.100 22/Nov/2025/09/38/36 PUT /v1/AUTH_fff18441fa584bcdbd413ba4522fdfda/gnocchi.bba3b46b-23f7-40d2-a12b-aabb7b11e0a4/1763640000.0_mean_300.0_v3 HTTP/1.0 201 - python-swiftclient-3.11.1 gAAAAABpIYRd83Di... 16 - - txcab1386bbf3447cf8d689-006921849c - 0.0151 - - 1763804316.258655310 1763804316.273777485 0
Nov 22 09:38:36 standalone container-server[127286]: 172.20.0.100 - - [22/Nov/2025:09:38:36 +0000] "PUT /d1/307/AUTH_fff18441fa584bcdbd413ba4522fdfda/gnocchi.bba3b46b-23f7-40d2-a12b-aabb7b11e0a4/none_v3" 201 - "PUT http://172.18.0.2:8080/d1/462/AUTH_fff18441fa584bcdbd413ba4522fdfda/gnocchi.bba3b46b-23f7-40d2-a12b-aabb7b11e0a4/none_v3" "txc4fa1e1478314b82bb1fe-006921849c" "object-server 25" 0.0007 "-" 20 0
Nov 22 09:38:36 standalone object-server[127519]: 172.20.0.100 - - [22/Nov/2025:09:38:36 +0000] "PUT /d1/462/AUTH_fff18441fa584bcdbd413ba4522fdfda/gnocchi.bba3b46b-23f7-40d2-a12b-aabb7b11e0a4/none_v3" 201 - "PUT http://172.18.0.2:8080/v1/AUTH_fff18441fa584bcdbd413ba4522fdfda/gnocchi.bba3b46b-23f7-40d2-a12b-aabb7b11e0a4/none_v3" "txc4fa1e1478314b82bb1fe-006921849c" "proxy-server 20" 0.0115 "-" 25 0
Nov 22 09:38:36 standalone proxy-server[129180]: 172.18.0.2 172.18.0.100 22/Nov/2025/09/38/36 PUT /v1/AUTH_fff18441fa584bcdbd413ba4522fdfda/gnocchi.bba3b46b-23f7-40d2-a12b-aabb7b11e0a4/none_v3 HTTP/1.0 201 - python-swiftclient-3.11.1 gAAAAABpIYRd83Di... 22 - - txc4fa1e1478314b82bb1fe-006921849c - 0.0171 - - 1763804316.277194023 1763804316.294308424 0
Nov 22 09:38:43 standalone container-server[127286]: 172.20.0.100 - - [22/Nov/2025:09:38:43 +0000] "HEAD /d1/434/AUTH_fff18441fa584bcdbd413ba4522fdfda/gnocchi.ee051263-ef0a-47d4-b24d-7148d022f112" 404 - "HEAD http://172.18.0.2:8080/v1/AUTH_fff18441fa584bcdbd413ba4522fdfda/gnocchi.ee051263-ef0a-47d4-b24d-7148d022f112?format=json&states=listing" "tx10260077d2da47a28e9b4-00692184a3" "proxy-server 20" 0.0009 "-" 20 0
Nov 22 09:38:43 standalone object-server[127515]: 172.20.0.100 - - [22/Nov/2025:09:38:43 +0000] "GET /d1/946/AUTH_fff18441fa584bcdbd413ba4522fdfda/gnocchi.ee051263-ef0a-47d4-b24d-7148d022f112/none_v3" 404 70 "GET http://172.18.0.2:8080/v1/AUTH_fff18441fa584bcdbd413ba4522fdfda/gnocchi.ee051263-ef0a-47d4-b24d-7148d022f112/none_v3" "tx10260077d2da47a28e9b4-00692184a3" "proxy-server 20" 0.0013 "-" 22 0
Nov 22 09:38:43 standalone proxy-server[129180]: 172.18.0.2 172.18.0.100 22/Nov/2025/09/38/43 GET /v1/AUTH_fff18441fa584bcdbd413ba4522fdfda/gnocchi.ee051263-ef0a-47d4-b24d-7148d022f112/none_v3 HTTP/1.0 404 - python-swiftclient-3.11.1 gAAAAABpIYRd83Di... - 70 - tx10260077d2da47a28e9b4-00692184a3 - 0.0167 - - 1763804323.821322680 1763804323.838069916 0
Nov 22 09:38:43 standalone account-server[127077]: 172.20.0.100 - - [22/Nov/2025:09:38:43 +0000] "PUT /d1/19/AUTH_fff18441fa584bcdbd413ba4522fdfda/gnocchi.ee051263-ef0a-47d4-b24d-7148d022f112" 201 - "PUT http://172.20.0.100:6001/d1/434/AUTH_fff18441fa584bcdbd413ba4522fdfda/gnocchi.ee051263-ef0a-47d4-b24d-7148d022f112" "tx68656cf060294b27b4d2a-00692184a3" "container-server 20" 0.0044 "-" 19 0
Nov 22 09:38:43 standalone container-server[127286]: 172.20.0.100 - - [22/Nov/2025:09:38:43 +0000] "PUT /d1/434/AUTH_fff18441fa584bcdbd413ba4522fdfda/gnocchi.ee051263-ef0a-47d4-b24d-7148d022f112" 201 - "PUT http://172.18.0.2:8080/v1/AUTH_fff18441fa584bcdbd413ba4522fdfda/gnocchi.ee051263-ef0a-47d4-b24d-7148d022f112" "tx68656cf060294b27b4d2a-00692184a3" "proxy-server 20" 0.0284 "-" 20 0
Nov 22 09:38:43 standalone proxy-server[129180]: 172.18.0.2 172.18.0.100 22/Nov/2025/09/38/43 PUT /v1/AUTH_fff18441fa584bcdbd413ba4522fdfda/gnocchi.ee051263-ef0a-47d4-b24d-7148d022f112 HTTP/1.0 201 - python-swiftclient-3.11.1 gAAAAABpIYRd83Di... - - - tx68656cf060294b27b4d2a-00692184a3 - 0.0396 - - 1763804323.845168829 1763804323.884742737 0
Nov 22 09:38:43 standalone container-server[127326]: 172.20.0.100 - - [22/Nov/2025:09:38:43 +0000] "HEAD /d1/434/AUTH_fff18441fa584bcdbd413ba4522fdfda/gnocchi.ee051263-ef0a-47d4-b24d-7148d022f112" 204 - "HEAD http://172.18.0.2:8080/v1/AUTH_fff18441fa584bcdbd413ba4522fdfda/gnocchi.ee051263-ef0a-47d4-b24d-7148d022f112?format=json&states=listing" "tx647b1c88c2674c1991a1a-00692184a3" "proxy-server 20" 0.0038 "-" 23 0
Nov 22 09:38:43 standalone proxy-server[129180]: - - 22/Nov/2025/09/38/43 HEAD /v1/AUTH_fff18441fa584bcdbd413ba4522fdfda/gnocchi.ee051263-ef0a-47d4-b24d-7148d022f112%3Fformat%3Djson%26states%3Dlisting HTTP/1.0 204 - Swift - - - - tx647b1c88c2674c1991a1a-00692184a3 - 0.0139 RL - 1763804323.893572569 1763804323.907522202 0
Nov 22 09:38:43 standalone container-server[127326]: 172.20.0.100 - - [22/Nov/2025:09:38:43 +0000] "GET /d1/434/AUTH_fff18441fa584bcdbd413ba4522fdfda/gnocchi.ee051263-ef0a-47d4-b24d-7148d022f112" 200 2 "GET http://172.18.0.2:8080/v1/AUTH_fff18441fa584bcdbd413ba4522fdfda/gnocchi.ee051263-ef0a-47d4-b24d-7148d022f112?format=json&states=listing" "tx647b1c88c2674c1991a1a-00692184a3" "proxy-server 20" 0.0033 "-" 23 0
Nov 22 09:38:43 standalone proxy-server[129180]: 172.18.0.2 172.18.0.100 22/Nov/2025/09/38/43 GET /v1/AUTH_fff18441fa584bcdbd413ba4522fdfda/gnocchi.ee051263-ef0a-47d4-b24d-7148d022f112%3Fformat%3Djson%26states%3Dlisting HTTP/1.0 200 - python-swiftclient-3.11.1 gAAAAABpIYRd83Di... - 2 - tx647b1c88c2674c1991a1a-00692184a3 - 0.0293 - - 1763804323.890853643 1763804323.920169830 0
Nov 22 09:38:43 standalone object-server[127515]: 172.20.0.100 - - [22/Nov/2025:09:38:43 +0000] "GET /d1/716/AUTH_fff18441fa584bcdbd413ba4522fdfda/gnocchi.ee051263-ef0a-47d4-b24d-7148d022f112/1763640000.0_mean_300.0_v3" 404 70 "GET http://172.18.0.2:8080/v1/AUTH_fff18441fa584bcdbd413ba4522fdfda/gnocchi.ee051263-ef0a-47d4-b24d-7148d022f112/1763640000.0_mean_300.0_v3" "tx5354ddf1ffd14acd994c4-00692184a3" "proxy-server 20" 0.0007 "-" 22 0
Nov 22 09:38:43 standalone proxy-server[129180]: 172.18.0.2 172.18.0.100 22/Nov/2025/09/38/43 GET /v1/AUTH_fff18441fa584bcdbd413ba4522fdfda/gnocchi.ee051263-ef0a-47d4-b24d-7148d022f112/1763640000.0_mean_300.0_v3 HTTP/1.0 404 - python-swiftclient-3.11.1 gAAAAABpIYRd83Di... - 70 - tx5354ddf1ffd14acd994c4-00692184a3 - 0.0076 - - 1763804323.925806761 1763804323.933364630 0
Nov 22 09:38:43 standalone container-server[127326]: 172.20.0.100 - - [22/Nov/2025:09:38:43 +0000] "PUT /d1/434/AUTH_fff18441fa584bcdbd413ba4522fdfda/gnocchi.ee051263-ef0a-47d4-b24d-7148d022f112/1763640000.0_mean_300.0_v3" 201 - "PUT http://172.18.0.2:8080/d1/716/AUTH_fff18441fa584bcdbd413ba4522fdfda/gnocchi.ee051263-ef0a-47d4-b24d-7148d022f112/1763640000.0_mean_300.0_v3" "tx7c2ed456ba614116812c3-00692184a3" "object-server 25" 0.0008 "-" 23 0
Nov 22 09:38:43 standalone object-server[127519]: 172.20.0.100 - - [22/Nov/2025:09:38:43 +0000] "PUT /d1/716/AUTH_fff18441fa584bcdbd413ba4522fdfda/gnocchi.ee051263-ef0a-47d4-b24d-7148d022f112/1763640000.0_mean_300.0_v3" 201 - "PUT http://172.18.0.2:8080/v1/AUTH_fff18441fa584bcdbd413ba4522fdfda/gnocchi.ee051263-ef0a-47d4-b24d-7148d022f112/1763640000.0_mean_300.0_v3" "tx7c2ed456ba614116812c3-00692184a3" "proxy-server 20" 0.0120 "-" 25 0
Nov 22 09:38:43 standalone proxy-server[129180]: 172.18.0.2 172.18.0.100 22/Nov/2025/09/38/43 PUT /v1/AUTH_fff18441fa584bcdbd413ba4522fdfda/gnocchi.ee051263-ef0a-47d4-b24d-7148d022f112/1763640000.0_mean_300.0_v3 HTTP/1.0 201 - python-swiftclient-3.11.1 gAAAAABpIYRd83Di... 16 - - tx7c2ed456ba614116812c3-00692184a3 - 0.0189 - - 1763804323.937996864 1763804323.956870079 0
Nov 22 09:38:43 standalone container-server[127269]: 172.20.0.100 - - [22/Nov/2025:09:38:43 +0000] "PUT /d1/434/AUTH_fff18441fa584bcdbd413ba4522fdfda/gnocchi.ee051263-ef0a-47d4-b24d-7148d022f112/none_v3" 201 - "PUT http://172.18.0.2:8080/d1/946/AUTH_fff18441fa584bcdbd413ba4522fdfda/gnocchi.ee051263-ef0a-47d4-b24d-7148d022f112/none_v3" "tx0341769f5a5f415f8f125-00692184a3" "object-server 25" 0.0009 "-" 19 0
Nov 22 09:38:43 standalone object-server[127519]: 172.20.0.100 - - [22/Nov/2025:09:38:43 +0000] "PUT /d1/946/AUTH_fff18441fa584bcdbd413ba4522fdfda/gnocchi.ee051263-ef0a-47d4-b24d-7148d022f112/none_v3" 201 - "PUT http://172.18.0.2:8080/v1/AUTH_fff18441fa584bcdbd413ba4522fdfda/gnocchi.ee051263-ef0a-47d4-b24d-7148d022f112/none_v3" "tx0341769f5a5f415f8f125-00692184a3" "proxy-server 20" 0.0124 "-" 25 0
Nov 22 09:38:43 standalone proxy-server[129180]: 172.18.0.2 172.18.0.100 22/Nov/2025/09/38/43 PUT /v1/AUTH_fff18441fa584bcdbd413ba4522fdfda/gnocchi.ee051263-ef0a-47d4-b24d-7148d022f112/none_v3 HTTP/1.0 201 - python-swiftclient-3.11.1 gAAAAABpIYRd83Di... 22 - - tx0341769f5a5f415f8f125-00692184a3 - 0.0208 - - 1763804323.960349083 1763804323.981185675 0
Nov 22 09:38:44 standalone container-server[127286]: 172.20.0.100 - - [22/Nov/2025:09:38:44 +0000] "HEAD /d1/155/AUTH_fff18441fa584bcdbd413ba4522fdfda/gnocchi.d28ee800-f906-41be-80f9-4f30bfe13edd" 404 - "HEAD http://172.18.0.2:8080/v1/AUTH_fff18441fa584bcdbd413ba4522fdfda/gnocchi.d28ee800-f906-41be-80f9-4f30bfe13edd?format=json&states=listing" "tx5117f15c59e34271aa509-00692184a3" "proxy-server 20" 0.0005 "-" 20 0
Nov 22 09:38:44 standalone object-server[127518]: 172.20.0.100 - - [22/Nov/2025:09:38:44 +0000] "GET /d1/915/AUTH_fff18441fa584bcdbd413ba4522fdfda/gnocchi.d28ee800-f906-41be-80f9-4f30bfe13edd/none_v3" 404 70 "GET http://172.18.0.2:8080/v1/AUTH_fff18441fa584bcdbd413ba4522fdfda/gnocchi.d28ee800-f906-41be-80f9-4f30bfe13edd/none_v3" "tx5117f15c59e34271aa509-00692184a3" "proxy-server 20" 0.0005 "-" 24 0
Nov 22 09:38:44 standalone proxy-server[129180]: 172.18.0.2 172.18.0.100 22/Nov/2025/09/38/44 GET /v1/AUTH_fff18441fa584bcdbd413ba4522fdfda/gnocchi.d28ee800-f906-41be-80f9-4f30bfe13edd/none_v3 HTTP/1.0 404 - python-swiftclient-3.11.1 gAAAAABpIYRd83Di... - 70 - tx5117f15c59e34271aa509-00692184a3 - 0.0148 - - 1763804323.994273901 1763804324.009096146 0
Nov 22 09:38:44 standalone account-server[127077]: 172.20.0.100 - - [22/Nov/2025:09:38:44 +0000] "PUT /d1/19/AUTH_fff18441fa584bcdbd413ba4522fdfda/gnocchi.d28ee800-f906-41be-80f9-4f30bfe13edd" 201 - "PUT http://172.20.0.100:6001/d1/155/AUTH_fff18441fa584bcdbd413ba4522fdfda/gnocchi.d28ee800-f906-41be-80f9-4f30bfe13edd" "tx24668a1d4df1491fa82dc-00692184a4" "container-server 23" 0.0057 "-" 19 0
Nov 22 09:38:44 standalone container-server[127326]: 172.20.0.100 - - [22/Nov/2025:09:38:44 +0000] "PUT /d1/155/AUTH_fff18441fa584bcdbd413ba4522fdfda/gnocchi.d28ee800-f906-41be-80f9-4f30bfe13edd" 201 - "PUT http://172.18.0.2:8080/v1/AUTH_fff18441fa584bcdbd413ba4522fdfda/gnocchi.d28ee800-f906-41be-80f9-4f30bfe13edd" "tx24668a1d4df1491fa82dc-00692184a4" "proxy-server 20" 0.0206 "-" 23 0
Nov 22 09:38:44 standalone proxy-server[129180]: 172.18.0.2 172.18.0.100 22/Nov/2025/09/38/44 PUT /v1/AUTH_fff18441fa584bcdbd413ba4522fdfda/gnocchi.d28ee800-f906-41be-80f9-4f30bfe13edd HTTP/1.0 201 - python-swiftclient-3.11.1 gAAAAABpIYRd83Di... - - - tx24668a1d4df1491fa82dc-00692184a4 - 0.0283 - - 1763804324.013319731 1763804324.041634321 0
Nov 22 09:38:44 standalone container-server[127309]: 172.20.0.100 - - [22/Nov/2025:09:38:44 +0000] "HEAD /d1/155/AUTH_fff18441fa584bcdbd413ba4522fdfda/gnocchi.d28ee800-f906-41be-80f9-4f30bfe13edd" 204 - "HEAD http://172.18.0.2:8080/v1/AUTH_fff18441fa584bcdbd413ba4522fdfda/gnocchi.d28ee800-f906-41be-80f9-4f30bfe13edd?format=json&states=listing" "txe94c9e86f67b441cb1351-00692184a4" "proxy-server 20" 0.0115 "-" 22 0
Nov 22 09:38:44 standalone proxy-server[129180]: - - 22/Nov/2025/09/38/44 HEAD /v1/AUTH_fff18441fa584bcdbd413ba4522fdfda/gnocchi.d28ee800-f906-41be-80f9-4f30bfe13edd%3Fformat%3Djson%26states%3Dlisting HTTP/1.0 204 - Swift - - - - txe94c9e86f67b441cb1351-00692184a4 - 0.0177 RL - 1763804324.053853512 1763804324.071531773 0
Nov 22 09:38:44 standalone container-server[127309]: 172.20.0.100 - - [22/Nov/2025:09:38:44 +0000] "GET /d1/155/AUTH_fff18441fa584bcdbd413ba4522fdfda/gnocchi.d28ee800-f906-41be-80f9-4f30bfe13edd" 200 2 "GET http://172.18.0.2:8080/v1/AUTH_fff18441fa584bcdbd413ba4522fdfda/gnocchi.d28ee800-f906-41be-80f9-4f30bfe13edd?format=json&states=listing" "txe94c9e86f67b441cb1351-00692184a4" "proxy-server 20" 0.0029 "-" 22 0
Nov 22 09:38:44 standalone proxy-server[129180]: 172.18.0.2 172.18.0.100 22/Nov/2025/09/38/44 GET /v1/AUTH_fff18441fa584bcdbd413ba4522fdfda/gnocchi.d28ee800-f906-41be-80f9-4f30bfe13edd%3Fformat%3Djson%26states%3Dlisting HTTP/1.0 200 - python-swiftclient-3.11.1 gAAAAABpIYRd83Di... - 2 - txe94c9e86f67b441cb1351-00692184a4 - 0.0870 - - 1763804324.051418304 1763804324.138448477 0
Nov 22 09:38:44 standalone object-server[127515]: 172.20.0.100 - - [22/Nov/2025:09:38:44 +0000] "GET /d1/718/AUTH_fff18441fa584bcdbd413ba4522fdfda/gnocchi.d28ee800-f906-41be-80f9-4f30bfe13edd/1763640000.0_mean_300.0_v3" 404 70 "GET http://172.18.0.2:8080/v1/AUTH_fff18441fa584bcdbd413ba4522fdfda/gnocchi.d28ee800-f906-41be-80f9-4f30bfe13edd/1763640000.0_mean_300.0_v3" "tx9ca8e91945364451b6993-00692184a4" "proxy-server 20" 0.0005 "-" 22 0
Nov 22 09:38:44 standalone proxy-server[129180]: 172.18.0.2 172.18.0.100 22/Nov/2025/09/38/44 GET /v1/AUTH_fff18441fa584bcdbd413ba4522fdfda/gnocchi.d28ee800-f906-41be-80f9-4f30bfe13edd/1763640000.0_mean_300.0_v3 HTTP/1.0 404 - python-swiftclient-3.11.1 gAAAAABpIYRd83Di... - 70 - tx9ca8e91945364451b6993-00692184a4 - 0.0060 - - 1763804324.142846346 1763804324.148826361 0
Nov 22 09:38:44 standalone container-server[127286]: 172.20.0.100 - - [22/Nov/2025:09:38:44 +0000] "PUT /d1/155/AUTH_fff18441fa584bcdbd413ba4522fdfda/gnocchi.d28ee800-f906-41be-80f9-4f30bfe13edd/1763640000.0_mean_300.0_v3" 201 - "PUT http://172.18.0.2:8080/d1/718/AUTH_fff18441fa584bcdbd413ba4522fdfda/gnocchi.d28ee800-f906-41be-80f9-4f30bfe13edd/1763640000.0_mean_300.0_v3" "txa66aa211bd5d40bfbf54f-00692184a4" "object-server 24" 0.0014 "-" 20 0
Nov 22 09:38:44 standalone object-server[127518]: 172.20.0.100 - - [22/Nov/2025:09:38:44 +0000] "PUT /d1/718/AUTH_fff18441fa584bcdbd413ba4522fdfda/gnocchi.d28ee800-f906-41be-80f9-4f30bfe13edd/1763640000.0_mean_300.0_v3" 201 - "PUT http://172.18.0.2:8080/v1/AUTH_fff18441fa584bcdbd413ba4522fdfda/gnocchi.d28ee800-f906-41be-80f9-4f30bfe13edd/1763640000.0_mean_300.0_v3" "txa66aa211bd5d40bfbf54f-00692184a4" "proxy-server 20" 0.0178 "-" 24 0
