Nov 22 09:39:26 standalone container-server[127269]: 172.20.0.100 - - [22/Nov/2025:09:39:26 +0000] "HEAD /d1/856/AUTH_fff18441fa584bcdbd413ba4522fdfda/gnocchi.1e4a5225-51e8-43ca-897d-c70daaaac2a2" 204 - "HEAD http://172.18.0.2:8080/v1/AUTH_fff18441fa584bcdbd413ba4522fdfda/gnocchi.1e4a5225-51e8-43ca-897d-c70daaaac2a2?format=json&states=listing" "txb971412126e546f78d576-00692184ce" "proxy-server 20" 0.0039 "-" 19 0
Nov 22 09:39:26 standalone proxy-server[129180]: - - 22/Nov/2025/09/39/26 HEAD /v1/AUTH_fff18441fa584bcdbd413ba4522fdfda/gnocchi.1e4a5225-51e8-43ca-897d-c70daaaac2a2%3Fformat%3Djson%26states%3Dlisting HTTP/1.0 204 - Swift - - - - txb971412126e546f78d576-00692184ce - 0.0106 RL - 1763804366.791174889 1763804366.801746845 0
Nov 22 09:39:26 standalone container-server[127269]: 172.20.0.100 - - [22/Nov/2025:09:39:26 +0000] "GET /d1/856/AUTH_fff18441fa584bcdbd413ba4522fdfda/gnocchi.1e4a5225-51e8-43ca-897d-c70daaaac2a2" 200 2 "GET http://172.18.0.2:8080/v1/AUTH_fff18441fa584bcdbd413ba4522fdfda/gnocchi.1e4a5225-51e8-43ca-897d-c70daaaac2a2?format=json&states=listing" "txb971412126e546f78d576-00692184ce" "proxy-server 20" 0.0046 "-" 19 0
Nov 22 09:39:26 standalone proxy-server[129180]: 172.18.0.2 172.18.0.100 22/Nov/2025/09/39/26 GET /v1/AUTH_fff18441fa584bcdbd413ba4522fdfda/gnocchi.1e4a5225-51e8-43ca-897d-c70daaaac2a2%3Fformat%3Djson%26states%3Dlisting HTTP/1.0 200 - python-swiftclient-3.11.1 gAAAAABpIYRd83Di... - 2 - txb971412126e546f78d576-00692184ce - 0.0298 - - 1763804366.788812876 1763804366.818586349 0
Nov 22 09:39:26 standalone object-server[127518]: 172.20.0.100 - - [22/Nov/2025:09:39:26 +0000] "GET /d1/57/AUTH_fff18441fa584bcdbd413ba4522fdfda/gnocchi.1e4a5225-51e8-43ca-897d-c70daaaac2a2/1763640000.0_mean_300.0_v3" 404 70 "GET http://172.18.0.2:8080/v1/AUTH_fff18441fa584bcdbd413ba4522fdfda/gnocchi.1e4a5225-51e8-43ca-897d-c70daaaac2a2/1763640000.0_mean_300.0_v3" "tx40eedd32e0aa4450861c7-00692184ce" "proxy-server 20" 0.0008 "-" 24 0
Nov 22 09:39:26 standalone proxy-server[129180]: 172.18.0.2 172.18.0.100 22/Nov/2025/09/39/26 GET /v1/AUTH_fff18441fa584bcdbd413ba4522fdfda/gnocchi.1e4a5225-51e8-43ca-897d-c70daaaac2a2/1763640000.0_mean_300.0_v3 HTTP/1.0 404 - python-swiftclient-3.11.1 gAAAAABpIYRd83Di... - 70 - tx40eedd32e0aa4450861c7-00692184ce - 0.0123 - - 1763804366.825193405 1763804366.837489843 0
Nov 22 09:39:26 standalone container-server[127309]: 172.20.0.100 - - [22/Nov/2025:09:39:26 +0000] "PUT /d1/856/AUTH_fff18441fa584bcdbd413ba4522fdfda/gnocchi.1e4a5225-51e8-43ca-897d-c70daaaac2a2/1763640000.0_mean_300.0_v3" 201 - "PUT http://172.18.0.2:8080/d1/57/AUTH_fff18441fa584bcdbd413ba4522fdfda/gnocchi.1e4a5225-51e8-43ca-897d-c70daaaac2a2/1763640000.0_mean_300.0_v3" "tx9cda8c9f9d27439bb591e-00692184ce" "object-server 25" 0.0010 "-" 22 0
Nov 22 09:39:26 standalone object-server[127519]: 172.20.0.100 - - [22/Nov/2025:09:39:26 +0000] "PUT /d1/57/AUTH_fff18441fa584bcdbd413ba4522fdfda/gnocchi.1e4a5225-51e8-43ca-897d-c70daaaac2a2/1763640000.0_mean_300.0_v3" 201 - "PUT http://172.18.0.2:8080/v1/AUTH_fff18441fa584bcdbd413ba4522fdfda/gnocchi.1e4a5225-51e8-43ca-897d-c70daaaac2a2/1763640000.0_mean_300.0_v3" "tx9cda8c9f9d27439bb591e-00692184ce" "proxy-server 20" 0.0127 "-" 25 0
Nov 22 09:39:26 standalone proxy-server[129180]: 172.18.0.2 172.18.0.100 22/Nov/2025/09/39/26 PUT /v1/AUTH_fff18441fa584bcdbd413ba4522fdfda/gnocchi.1e4a5225-51e8-43ca-897d-c70daaaac2a2/1763640000.0_mean_300.0_v3 HTTP/1.0 201 - python-swiftclient-3.11.1 gAAAAABpIYRd83Di... 16 - - tx9cda8c9f9d27439bb591e-00692184ce - 0.0218 - - 1763804366.842669487 1763804366.864473820 0
Nov 22 09:39:26 standalone container-server[127269]: 172.20.0.100 - - [22/Nov/2025:09:39:26 +0000] "PUT /d1/856/AUTH_fff18441fa584bcdbd413ba4522fdfda/gnocchi.1e4a5225-51e8-43ca-897d-c70daaaac2a2/none_v3" 201 - "PUT http://172.18.0.2:8080/d1/246/AUTH_fff18441fa584bcdbd413ba4522fdfda/gnocchi.1e4a5225-51e8-43ca-897d-c70daaaac2a2/none_v3" "tx4571395dec5e4483885a9-00692184ce" "object-server 22" 0.0013 "-" 19 0
Nov 22 09:39:26 standalone object-server[127515]: 172.20.0.100 - - [22/Nov/2025:09:39:26 +0000] "PUT /d1/246/AUTH_fff18441fa584bcdbd413ba4522fdfda/gnocchi.1e4a5225-51e8-43ca-897d-c70daaaac2a2/none_v3" 201 - "PUT http://172.18.0.2:8080/v1/AUTH_fff18441fa584bcdbd413ba4522fdfda/gnocchi.1e4a5225-51e8-43ca-897d-c70daaaac2a2/none_v3" "tx4571395dec5e4483885a9-00692184ce" "proxy-server 20" 0.0135 "-" 22 0
Nov 22 09:39:26 standalone proxy-server[129180]: 172.18.0.2 172.18.0.100 22/Nov/2025/09/39/26 PUT /v1/AUTH_fff18441fa584bcdbd413ba4522fdfda/gnocchi.1e4a5225-51e8-43ca-897d-c70daaaac2a2/none_v3 HTTP/1.0 201 - python-swiftclient-3.11.1 gAAAAABpIYRd83Di... 22 - - tx4571395dec5e4483885a9-00692184ce - 0.0227 - - 1763804366.869967461 1763804366.892713308 0
Nov 22 09:39:27 standalone object-server[127518]: 172.20.0.100 - - [22/Nov/2025:09:39:27 +0000] "GET /d1/246/AUTH_fff18441fa584bcdbd413ba4522fdfda/gnocchi.1e4a5225-51e8-43ca-897d-c70daaaac2a2/none_v3" 200 22 "GET http://172.18.0.2:8080/v1/AUTH_fff18441fa584bcdbd413ba4522fdfda/gnocchi.1e4a5225-51e8-43ca-897d-c70daaaac2a2/none_v3" "tx71b26ddbb1aa4715b8f08-00692184cf" "proxy-server 20" 0.0012 "-" 24 0
Nov 22 09:39:27 standalone proxy-server[129180]: 172.18.0.2 172.18.0.100 22/Nov/2025/09/39/27 GET /v1/AUTH_fff18441fa584bcdbd413ba4522fdfda/gnocchi.1e4a5225-51e8-43ca-897d-c70daaaac2a2/none_v3 HTTP/1.0 200 - python-swiftclient-3.11.1 gAAAAABpIYRd83Di... - 22 - tx71b26ddbb1aa4715b8f08-00692184cf - 0.0105 - - 1763804367.574818611 1763804367.585277796 0
Nov 22 09:39:27 standalone container-server[127269]: 172.20.0.100 - - [22/Nov/2025:09:39:27 +0000] "GET /d1/856/AUTH_fff18441fa584bcdbd413ba4522fdfda/gnocchi.1e4a5225-51e8-43ca-897d-c70daaaac2a2" 200 357 "GET http://172.18.0.2:8080/v1/AUTH_fff18441fa584bcdbd413ba4522fdfda/gnocchi.1e4a5225-51e8-43ca-897d-c70daaaac2a2?format=json&states=listing" "tx571d8a6fbe0141dfa74f7-00692184cf" "proxy-server 20" 0.0189 "-" 19 0
Nov 22 09:39:27 standalone proxy-server[129180]: 172.18.0.2 172.18.0.100 22/Nov/2025/09/39/27 GET /v1/AUTH_fff18441fa584bcdbd413ba4522fdfda/gnocchi.1e4a5225-51e8-43ca-897d-c70daaaac2a2%3Fformat%3Djson%26states%3Dlisting HTTP/1.0 200 - python-swiftclient-3.11.1 gAAAAABpIYRd83Di... - 357 - tx571d8a6fbe0141dfa74f7-00692184cf - 0.0284 - - 1763804367.592526436 1763804367.620919466 0
Nov 22 09:39:27 standalone container-server[127269]: 172.20.0.100 - - [22/Nov/2025:09:39:27 +0000] "GET /d1/856/AUTH_fff18441fa584bcdbd413ba4522fdfda/gnocchi.1e4a5225-51e8-43ca-897d-c70daaaac2a2" 200 2 "GET http://172.18.0.2:8080/v1/AUTH_fff18441fa584bcdbd413ba4522fdfda/gnocchi.1e4a5225-51e8-43ca-897d-c70daaaac2a2?format=json&marker=none_v3&states=listing" "tx076c2b9aa53a40f483849-00692184cf" "proxy-server 20" 0.0049 "-" 19 0
Nov 22 09:39:27 standalone proxy-server[129180]: 172.18.0.2 172.18.0.100 22/Nov/2025/09/39/27 GET /v1/AUTH_fff18441fa584bcdbd413ba4522fdfda/gnocchi.1e4a5225-51e8-43ca-897d-c70daaaac2a2%3Fformat%3Djson%26marker%3Dnone_v3%26states%3Dlisting HTTP/1.0 200 - python-swiftclient-3.11.1 gAAAAABpIYRd83Di... - 2 - tx076c2b9aa53a40f483849-00692184cf - 0.0142 - - 1763804367.624519110 1763804367.638726234 0
Nov 22 09:39:27 standalone object-server[127519]: 172.20.0.100 - - [22/Nov/2025:09:39:27 +0000] "GET /d1/57/AUTH_fff18441fa584bcdbd413ba4522fdfda/gnocchi.1e4a5225-51e8-43ca-897d-c70daaaac2a2/1763640000.0_mean_300.0_v3" 200 16 "GET http://172.18.0.2:8080/v1/AUTH_fff18441fa584bcdbd413ba4522fdfda/gnocchi.1e4a5225-51e8-43ca-897d-c70daaaac2a2/1763640000.0_mean_300.0_v3" "txe30b1a7694ac43edbb59b-00692184cf" "proxy-server 20" 0.0011 "-" 25 0
Nov 22 09:39:27 standalone proxy-server[129180]: 172.18.0.2 172.18.0.100 22/Nov/2025/09/39/27 GET /v1/AUTH_fff18441fa584bcdbd413ba4522fdfda/gnocchi.1e4a5225-51e8-43ca-897d-c70daaaac2a2/1763640000.0_mean_300.0_v3 HTTP/1.0 200 - python-swiftclient-3.11.1 gAAAAABpIYRd83Di... - 16 - txe30b1a7694ac43edbb59b-00692184cf - 0.0098 - - 1763804367.643092632 1763804367.652922392 0
Nov 22 09:39:27 standalone container-server[127286]: 172.20.0.100 - - [22/Nov/2025:09:39:27 +0000] "PUT /d1/856/AUTH_fff18441fa584bcdbd413ba4522fdfda/gnocchi.1e4a5225-51e8-43ca-897d-c70daaaac2a2/1763640000.0_mean_300.0_v3" 201 - "PUT http://172.18.0.2:8080/d1/57/AUTH_fff18441fa584bcdbd413ba4522fdfda/gnocchi.1e4a5225-51e8-43ca-897d-c70daaaac2a2/1763640000.0_mean_300.0_v3" "tx7a31b1647af848fa8adce-00692184cf" "object-server 25" 0.0010 "-" 20 0
Nov 22 09:39:27 standalone object-server[127519]: 172.20.0.100 - - [22/Nov/2025:09:39:27 +0000] "PUT /d1/57/AUTH_fff18441fa584bcdbd413ba4522fdfda/gnocchi.1e4a5225-51e8-43ca-897d-c70daaaac2a2/1763640000.0_mean_300.0_v3" 201 - "PUT http://172.18.0.2:8080/v1/AUTH_fff18441fa584bcdbd413ba4522fdfda/gnocchi.1e4a5225-51e8-43ca-897d-c70daaaac2a2/1763640000.0_mean_300.0_v3" "tx7a31b1647af848fa8adce-00692184cf" "proxy-server 20" 0.0123 "-" 25 0
Nov 22 09:39:27 standalone proxy-server[129180]: 172.18.0.2 172.18.0.100 22/Nov/2025/09/39/27 PUT /v1/AUTH_fff18441fa584bcdbd413ba4522fdfda/gnocchi.1e4a5225-51e8-43ca-897d-c70daaaac2a2/1763640000.0_mean_300.0_v3 HTTP/1.0 201 - python-swiftclient-3.11.1 gAAAAABpIYRd83Di... 16 - - tx7a31b1647af848fa8adce-00692184cf - 0.0206 - - 1763804367.657325745 1763804367.677958250 0
Nov 22 09:39:27 standalone container-server[127309]: 172.20.0.100 - - [22/Nov/2025:09:39:27 +0000] "PUT /d1/856/AUTH_fff18441fa584bcdbd413ba4522fdfda/gnocchi.1e4a5225-51e8-43ca-897d-c70daaaac2a2/none_v3" 201 - "PUT http://172.18.0.2:8080/d1/246/AUTH_fff18441fa584bcdbd413ba4522fdfda/gnocchi.1e4a5225-51e8-43ca-897d-c70daaaac2a2/none_v3" "tx9b4ac0ff321848b1b03bb-00692184cf" "object-server 25" 0.0006 "-" 22 0
Nov 22 09:39:27 standalone object-server[127519]: 172.20.0.100 - - [22/Nov/2025:09:39:27 +0000] "PUT /d1/246/AUTH_fff18441fa584bcdbd413ba4522fdfda/gnocchi.1e4a5225-51e8-43ca-897d-c70daaaac2a2/none_v3" 201 - "PUT http://172.18.0.2:8080/v1/AUTH_fff18441fa584bcdbd413ba4522fdfda/gnocchi.1e4a5225-51e8-43ca-897d-c70daaaac2a2/none_v3" "tx9b4ac0ff321848b1b03bb-00692184cf" "proxy-server 20" 0.0124 "-" 25 0
Nov 22 09:39:27 standalone proxy-server[129180]: 172.18.0.2 172.18.0.100 22/Nov/2025/09/39/27 PUT /v1/AUTH_fff18441fa584bcdbd413ba4522fdfda/gnocchi.1e4a5225-51e8-43ca-897d-c70daaaac2a2/none_v3 HTTP/1.0 201 - python-swiftclient-3.11.1 gAAAAABpIYRd83Di... 31 - - tx9b4ac0ff321848b1b03bb-00692184cf - 0.0204 - - 1763804367.682126522 1763804367.702565193 0
Nov 22 09:39:36 standalone account-server[127180]: 172.20.0.100 - - [22/Nov/2025:09:39:36 +0000] "HEAD /d1/19/AUTH_fff18441fa584bcdbd413ba4522fdfda" 204 - "HEAD http://172.18.0.2:8080/v1/AUTH_fff18441fa584bcdbd413ba4522fdfda?format=json" "tx13e490eb9a674ed7a5fdd-00692184d8" "proxy-server 20" 0.0098 "-" 22 -
Nov 22 09:39:36 standalone proxy-server[129180]: - - 22/Nov/2025/09/39/36 HEAD /v1/AUTH_fff18441fa584bcdbd413ba4522fdfda%3Fformat%3Djson HTTP/1.0 204 - Swift - - - - tx13e490eb9a674ed7a5fdd-00692184d8 - 0.0171 RL - 1763804376.823186874 1763804376.840237617 -
Nov 22 09:39:36 standalone object-server[127515]: 172.20.0.100 - - [22/Nov/2025:09:39:36 +0000] "GET /d1/281/AUTH_fff18441fa584bcdbd413ba4522fdfda/gnocchi.5af29e13-2855-4552-83e1-942a41177ee3/none_v3" 200 32 "GET http://172.18.0.2:8080/v1/AUTH_fff18441fa584bcdbd413ba4522fdfda/gnocchi.5af29e13-2855-4552-83e1-942a41177ee3/none_v3" "tx13e490eb9a674ed7a5fdd-00692184d8" "proxy-server 20" 0.0012 "-" 22 0
Nov 22 09:39:36 standalone proxy-server[129180]: 172.18.0.2 172.18.0.100 22/Nov/2025/09/39/36 GET /v1/AUTH_fff18441fa584bcdbd413ba4522fdfda/gnocchi.5af29e13-2855-4552-83e1-942a41177ee3/none_v3 HTTP/1.0 200 - python-swiftclient-3.11.1 gAAAAABpIYRd83Di... - 32 - tx13e490eb9a674ed7a5fdd-00692184d8 - 0.0289 - - 1763804376.821018696 1763804376.849882126 0
Nov 22 09:39:36 standalone container-server[127286]: 172.20.0.100 - - [22/Nov/2025:09:39:36 +0000] "GET /d1/757/AUTH_fff18441fa584bcdbd413ba4522fdfda/gnocchi.5af29e13-2855-4552-83e1-942a41177ee3" 200 357 "GET http://172.18.0.2:8080/v1/AUTH_fff18441fa584bcdbd413ba4522fdfda/gnocchi.5af29e13-2855-4552-83e1-942a41177ee3?format=json&states=listing" "tx82b681e4792e465285d86-00692184d8" "proxy-server 20" 0.0105 "-" 20 0
Nov 22 09:39:36 standalone proxy-server[129180]: 172.18.0.2 172.18.0.100 22/Nov/2025/09/39/36 GET /v1/AUTH_fff18441fa584bcdbd413ba4522fdfda/gnocchi.5af29e13-2855-4552-83e1-942a41177ee3%3Fformat%3Djson%26states%3Dlisting HTTP/1.0 200 - python-swiftclient-3.11.1 gAAAAABpIYRd83Di... - 357 - tx82b681e4792e465285d86-00692184d8 - 0.0208 - - 1763804376.855537176 1763804376.876312733 0
Nov 22 09:39:36 standalone container-server[127269]: 172.20.0.100 - - [22/Nov/2025:09:39:36 +0000] "GET /d1/757/AUTH_fff18441fa584bcdbd413ba4522fdfda/gnocchi.5af29e13-2855-4552-83e1-942a41177ee3" 200 2 "GET http://172.18.0.2:8080/v1/AUTH_fff18441fa584bcdbd413ba4522fdfda/gnocchi.5af29e13-2855-4552-83e1-942a41177ee3?format=json&marker=none_v3&states=listing" "tx26a73cdb72ae4a4d87784-00692184d8" "proxy-server 20" 0.0038 "-" 19 0
Nov 22 09:39:36 standalone proxy-server[129180]: 172.18.0.2 172.18.0.100 22/Nov/2025/09/39/36 GET /v1/AUTH_fff18441fa584bcdbd413ba4522fdfda/gnocchi.5af29e13-2855-4552-83e1-942a41177ee3%3Fformat%3Djson%26marker%3Dnone_v3%26states%3Dlisting HTTP/1.0 200 - python-swiftclient-3.11.1 gAAAAABpIYRd83Di... - 2 - tx26a73cdb72ae4a4d87784-00692184d8 - 0.0133 - - 1763804376.881355286 1763804376.894665241 0
Nov 22 09:39:36 standalone object-server[127519]: 172.20.0.100 - - [22/Nov/2025:09:39:36 +0000] "GET /d1/533/AUTH_fff18441fa584bcdbd413ba4522fdfda/gnocchi.5af29e13-2855-4552-83e1-942a41177ee3/1763640000.0_mean_300.0_v3" 200 16 "GET http://172.18.0.2:8080/v1/AUTH_fff18441fa584bcdbd413ba4522fdfda/gnocchi.5af29e13-2855-4552-83e1-942a41177ee3/1763640000.0_mean_300.0_v3" "txe5507da09a5c44e696802-00692184d8" "proxy-server 20" 0.0012 "-" 25 0
Nov 22 09:39:36 standalone proxy-server[129180]: 172.18.0.2 172.18.0.100 22/Nov/2025/09/39/36 GET /v1/AUTH_fff18441fa584bcdbd413ba4522fdfda/gnocchi.5af29e13-2855-4552-83e1-942a41177ee3/1763640000.0_mean_300.0_v3 HTTP/1.0 200 - python-swiftclient-3.11.1 gAAAAABpIYRd83Di... - 16 - txe5507da09a5c44e696802-00692184d8 - 0.0115 - - 1763804376.900703907 1763804376.912211657 0
Nov 22 09:39:36 standalone container-server[127286]: 172.20.0.100 - - [22/Nov/2025:09:39:36 +0000] "PUT /d1/757/AUTH_fff18441fa584bcdbd413ba4522fdfda/gnocchi.5af29e13-2855-4552-83e1-942a41177ee3/1763640000.0_mean_300.0_v3" 201 - "PUT http://172.18.0.2:8080/d1/533/AUTH_fff18441fa584bcdbd413ba4522fdfda/gnocchi.5af29e13-2855-4552-83e1-942a41177ee3/1763640000.0_mean_300.0_v3" "tx11b5c616b325496886eac-00692184d8" "object-server 25" 0.0010 "-" 20 0
Nov 22 09:39:36 standalone object-server[127519]: 172.20.0.100 - - [22/Nov/2025:09:39:36 +0000] "PUT /d1/533/AUTH_fff18441fa584bcdbd413ba4522fdfda/gnocchi.5af29e13-2855-4552-83e1-942a41177ee3/1763640000.0_mean_300.0_v3" 201 - "PUT http://172.18.0.2:8080/v1/AUTH_fff18441fa584bcdbd413ba4522fdfda/gnocchi.5af29e13-2855-4552-83e1-942a41177ee3/1763640000.0_mean_300.0_v3" "tx11b5c616b325496886eac-00692184d8" "proxy-server 20" 0.0139 "-" 25 0
Nov 22 09:39:36 standalone proxy-server[129180]: 172.18.0.2 172.18.0.100 22/Nov/2025/09/39/36 PUT /v1/AUTH_fff18441fa584bcdbd413ba4522fdfda/gnocchi.5af29e13-2855-4552-83e1-942a41177ee3/1763640000.0_mean_300.0_v3 HTTP/1.0 201 - python-swiftclient-3.11.1 gAAAAABpIYRd83Di... 16 - - tx11b5c616b325496886eac-00692184d8 - 0.0246 - - 1763804376.916903973 1763804376.941498995 0
Nov 22 09:39:36 standalone container-server[127286]: 172.20.0.100 - - [22/Nov/2025:09:39:36 +0000] "PUT /d1/757/AUTH_fff18441fa584bcdbd413ba4522fdfda/gnocchi.5af29e13-2855-4552-83e1-942a41177ee3/none_v3" 201 - "PUT http://172.18.0.2:8080/d1/281/AUTH_fff18441fa584bcdbd413ba4522fdfda/gnocchi.5af29e13-2855-4552-83e1-942a41177ee3/none_v3" "tx256e5a47d4f44defbe87e-00692184d8" "object-server 23" 0.0007 "-" 20 0
Nov 22 09:39:36 standalone object-server[127517]: 172.20.0.100 - - [22/Nov/2025:09:39:36 +0000] "PUT /d1/281/AUTH_fff18441fa584bcdbd413ba4522fdfda/gnocchi.5af29e13-2855-4552-83e1-942a41177ee3/none_v3" 201 - "PUT http://172.18.0.2:8080/v1/AUTH_fff18441fa584bcdbd413ba4522fdfda/gnocchi.5af29e13-2855-4552-83e1-942a41177ee3/none_v3" "tx256e5a47d4f44defbe87e-00692184d8" "proxy-server 20" 0.0126 "-" 23 0
Nov 22 09:39:36 standalone proxy-server[129180]: 172.18.0.2 172.18.0.100 22/Nov/2025/09/39/36 PUT /v1/AUTH_fff18441fa584bcdbd413ba4522fdfda/gnocchi.5af29e13-2855-4552-83e1-942a41177ee3/none_v3 HTTP/1.0 201 - python-swiftclient-3.11.1 gAAAAABpIYRd83Di... 46 - - tx256e5a47d4f44defbe87e-00692184d8 - 0.0297 - - 1763804376.946595430 1763804376.976258039 0
Nov 22 09:39:37 standalone object-server[127517]: 172.20.0.100 - - [22/Nov/2025:09:39:37 +0000] "GET /d1/281/AUTH_fff18441fa584bcdbd413ba4522fdfda/gnocchi.5af29e13-2855-4552-83e1-942a41177ee3/none_v3" 200 46 "GET http://172.18.0.2:8080/v1/AUTH_fff18441fa584bcdbd413ba4522fdfda/gnocchi.5af29e13-2855-4552-83e1-942a41177ee3/none_v3" "txa922baa42d01497c8bbb4-00692184d9" "proxy-server 20" 0.0007 "-" 23 0
Nov 22 09:39:37 standalone proxy-server[129180]: 172.18.0.2 172.18.0.100 22/Nov/2025/09/39/37 GET /v1/AUTH_fff18441fa584bcdbd413ba4522fdfda/gnocchi.5af29e13-2855-4552-83e1-942a41177ee3/none_v3 HTTP/1.0 200 - python-swiftclient-3.11.1 gAAAAABpIYRd83Di... - 46 - txa922baa42d01497c8bbb4-00692184d9 - 0.0070 - - 1763804377.757223606 1763804377.764235258 0
Nov 22 09:39:37 standalone container-server[127309]: 172.20.0.100 - - [22/Nov/2025:09:39:37 +0000] "GET /d1/757/AUTH_fff18441fa584bcdbd413ba4522fdfda/gnocchi.5af29e13-2855-4552-83e1-942a41177ee3" 200 357 "GET http://172.18.0.2:8080/v1/AUTH_fff18441fa584bcdbd413ba4522fdfda/gnocchi.5af29e13-2855-4552-83e1-942a41177ee3?format=json&states=listing" "tx47437c586b264f869343d-00692184d9" "proxy-server 20" 0.0066 "-" 22 0
Nov 22 09:39:37 standalone proxy-server[129180]: 172.18.0.2 172.18.0.100 22/Nov/2025/09/39/37 GET /v1/AUTH_fff18441fa584bcdbd413ba4522fdfda/gnocchi.5af29e13-2855-4552-83e1-942a41177ee3%3Fformat%3Djson%26states%3Dlisting HTTP/1.0 200 - python-swiftclient-3.11.1 gAAAAABpIYRd83Di... - 357 - tx47437c586b264f869343d-00692184d9 - 0.0120 - - 1763804377.767174482 1763804377.779208183 0
Nov 22 09:39:37 standalone container-server[127286]: 172.20.0.100 - - [22/Nov/2025:09:39:37 +0000] "GET /d1/757/AUTH_fff18441fa584bcdbd413ba4522fdfda/gnocchi.5af29e13-2855-4552-83e1-942a41177ee3" 200 2 "GET http://172.18.0.2:8080/v1/AUTH_fff18441fa584bcdbd413ba4522fdfda/gnocchi.5af29e13-2855-4552-83e1-942a41177ee3?format=json&marker=none_v3&states=listing" "txe8e434abb9964f5c876c1-00692184d9" "proxy-server 20" 0.0020 "-" 20 0
Nov 22 09:39:37 standalone proxy-server[129180]: 172.18.0.2 172.18.0.100 22/Nov/2025/09/39/37 GET /v1/AUTH_fff18441fa584bcdbd413ba4522fdfda/gnocchi.5af29e13-2855-4552-83e1-942a41177ee3%3Fformat%3Djson%26marker%3Dnone_v3%26states%3Dlisting HTTP/1.0 200 - python-swiftclient-3.11.1 gAAAAABpIYRd83Di... - 2 - txe8e434abb9964f5c876c1-00692184d9 - 0.0071 - - 1763804377.785099983 1763804377.792166948 0
Nov 22 09:39:37 standalone object-server[127515]: 172.20.0.100 - - [22/Nov/2025:09:39:37 +0000] "GET /d1/533/AUTH_fff18441fa584bcdbd413ba4522fdfda/gnocchi.5af29e13-2855-4552-83e1-942a41177ee3/1763640000.0_mean_300.0_v3" 200 16 "GET http://172.18.0.2:8080/v1/AUTH_fff18441fa584bcdbd413ba4522fdfda/gnocchi.5af29e13-2855-4552-83e1-942a41177ee3/1763640000.0_mean_300.0_v3" "tx97f23d9d8f2048c2a659f-00692184d9" "proxy-server 20" 0.0029 "-" 22 0
Nov 22 09:39:37 standalone proxy-server[129180]: 172.18.0.2 172.18.0.100 22/Nov/2025/09/39/37 GET /v1/AUTH_fff18441fa584bcdbd413ba4522fdfda/gnocchi.5af29e13-2855-4552-83e1-942a41177ee3/1763640000.0_mean_300.0_v3 HTTP/1.0 200 - python-swiftclient-3.11.1 gAAAAABpIYRd83Di... - 16 - tx97f23d9d8f2048c2a659f-00692184d9 - 0.0105 - - 1763804377.795546293 1763804377.806031704 0
Nov 22 09:39:37 standalone container-server[127326]: 172.20.0.100 - - [22/Nov/2025:09:39:37 +0000] "PUT /d1/757/AUTH_fff18441fa584bcdbd413ba4522fdfda/gnocchi.5af29e13-2855-4552-83e1-942a41177ee3/1763640000.0_mean_300.0_v3" 201 - "PUT http://172.18.0.2:8080/d1/533/AUTH_fff18441fa584bcdbd413ba4522fdfda/gnocchi.5af29e13-2855-4552-83e1-942a41177ee3/1763640000.0_mean_300.0_v3" "txdce38f734db74df68d425-00692184d9" "object-server 22" 0.0008 "-" 23 0
Nov 22 09:39:37 standalone object-server[127515]: 172.20.0.100 - - [22/Nov/2025:09:39:37 +0000] "PUT /d1/533/AUTH_fff18441fa584bcdbd413ba4522fdfda/gnocchi.5af29e13-2855-4552-83e1-942a41177ee3/1763640000.0_mean_300.0_v3" 201 - "PUT http://172.18.0.2:8080/v1/AUTH_fff18441fa584bcdbd413ba4522fdfda/gnocchi.5af29e13-2855-4552-83e1-942a41177ee3/1763640000.0_mean_300.0_v3" "txdce38f734db74df68d425-00692184d9" "proxy-server 20" 0.0103 "-" 22 0
Nov 22 09:39:37 standalone proxy-server[129180]: 172.18.0.2 172.18.0.100 22/Nov/2025/09/39/37 PUT /v1/AUTH_fff18441fa584bcdbd413ba4522fdfda/gnocchi.5af29e13-2855-4552-83e1-942a41177ee3/1763640000.0_mean_300.0_v3 HTTP/1.0 201 - python-swiftclient-3.11.1 gAAAAABpIYRd83Di... 16 - - txdce38f734db74df68d425-00692184d9 - 0.0166 - - 1763804377.809720516 1763804377.826368093 0
Nov 22 09:39:37 standalone container-server[127326]: 172.20.0.100 - - [22/Nov/2025:09:39:37 +0000] "PUT /d1/757/AUTH_fff18441fa584bcdbd413ba4522fdfda/gnocchi.5af29e13-2855-4552-83e1-942a41177ee3/none_v3" 201 - "PUT http://172.18.0.2:8080/d1/281/AUTH_fff18441fa584bcdbd413ba4522fdfda/gnocchi.5af29e13-2855-4552-83e1-942a41177ee3/none_v3" "tx19876cbde8154b9ca7b97-00692184d9" "object-server 25" 0.0007 "-" 23 0
Nov 22 09:39:37 standalone object-server[127519]: 172.20.0.100 - - [22/Nov/2025:09:39:37 +0000] "PUT /d1/281/AUTH_fff18441fa584bcdbd413ba4522fdfda/gnocchi.5af29e13-2855-4552-83e1-942a41177ee3/none_v3" 201 - "PUT http://172.18.0.2:8080/v1/AUTH_fff18441fa584bcdbd413ba4522fdfda/gnocchi.5af29e13-2855-4552-83e1-942a41177ee3/none_v3" "tx19876cbde8154b9ca7b97-00692184d9" "proxy-server 20" 0.0113 "-" 25 0
Nov 22 09:39:37 standalone proxy-server[129180]: 172.18.0.2 172.18.0.100 22/Nov/2025/09/39/37 PUT /v1/AUTH_fff18441fa584bcdbd413ba4522fdfda/gnocchi.5af29e13-2855-4552-83e1-942a41177ee3/none_v3 HTTP/1.0 201 - python-swiftclient-3.11.1 gAAAAABpIYRd83Di... 51 - - tx19876cbde8154b9ca7b97-00692184d9 - 0.0177 - - 1763804377.829345703 1763804377.847041368 0
Nov 22 09:39:37 standalone object-server[127519]: 172.20.0.100 - - [22/Nov/2025:09:39:37 +0000] "GET /d1/946/AUTH_fff18441fa584bcdbd413ba4522fdfda/gnocchi.ee051263-ef0a-47d4-b24d-7148d022f112/none_v3" 200 22 "GET http://172.18.0.2:8080/v1/AUTH_fff18441fa584bcdbd413ba4522fdfda/gnocchi.ee051263-ef0a-47d4-b24d-7148d022f112/none_v3" "tx6f6cd54ce1e0407283976-00692184d9" "proxy-server 20" 0.0012 "-" 25 0
Nov 22 09:39:37 standalone proxy-server[129180]: 172.18.0.2 172.18.0.100 22/Nov/2025/09/39/37 GET /v1/AUTH_fff18441fa584bcdbd413ba4522fdfda/gnocchi.ee051263-ef0a-47d4-b24d-7148d022f112/none_v3 HTTP/1.0 200 - python-swiftclient-3.11.1 gAAAAABpIYRd83Di... - 22 - tx6f6cd54ce1e0407283976-00692184d9 - 0.0082 - - 1763804377.860428333 1763804377.868657112 0
Nov 22 09:39:37 standalone container-server[127286]: 172.20.0.100 - - [22/Nov/2025:09:39:37 +0000] "GET /d1/434/AUTH_fff18441fa584bcdbd413ba4522fdfda/gnocchi.ee051263-ef0a-47d4-b24d-7148d022f112" 200 357 "GET http://172.18.0.2:8080/v1/AUTH_fff18441fa584bcdbd413ba4522fdfda/gnocchi.ee051263-ef0a-47d4-b24d-7148d022f112?format=json&states=listing" "txde7255c2c0b1436494afa-00692184d9" "proxy-server 20" 0.0079 "-" 20 0
Nov 22 09:39:37 standalone proxy-server[129180]: 172.18.0.2 172.18.0.100 22/Nov/2025/09/39/37 GET /v1/AUTH_fff18441fa584bcdbd413ba4522fdfda/gnocchi.ee051263-ef0a-47d4-b24d-7148d022f112%3Fformat%3Djson%26states%3Dlisting HTTP/1.0 200 - python-swiftclient-3.11.1 gAAAAABpIYRd83Di... - 357 - txde7255c2c0b1436494afa-00692184d9 - 0.0145 - - 1763804377.872224092 1763804377.886768579 0
Nov 22 09:39:37 standalone container-server[127326]: 172.20.0.100 - - [22/Nov/2025:09:39:37 +0000] "GET /d1/434/AUTH_fff18441fa584bcdbd413ba4522fdfda/gnocchi.ee051263-ef0a-47d4-b24d-7148d022f112" 200 2 "GET http://172.18.0.2:8080/v1/AUTH_fff18441fa584bcdbd413ba4522fdfda/gnocchi.ee051263-ef0a-47d4-b24d-7148d022f112?format=json&marker=none_v3&states=listing" "tx028ab5ecc28e418fb1347-00692184d9" "proxy-server 20" 0.0040 "-" 23 0
Nov 22 09:39:37 standalone proxy-server[129180]: 172.18.0.2 172.18.0.100 22/Nov/2025/09/39/37 GET /v1/AUTH_fff18441fa584bcdbd413ba4522fdfda/gnocchi.ee051263-ef0a-47d4-b24d-7148d022f112%3Fformat%3Djson%26marker%3Dnone_v3%26states%3Dlisting HTTP/1.0 200 - python-swiftclient-3.11.1 gAAAAABpIYRd83Di... - 2 - tx028ab5ecc28e418fb1347-00692184d9 - 0.0106 - - 1763804377.889873266 1763804377.900446892 0
Nov 22 09:39:37 standalone object-server[127519]: 172.20.0.100 - - [22/Nov/2025:09:39:37 +0000] "GET /d1/716/AUTH_fff18441fa584bcdbd413ba4522fdfda/gnocchi.ee051263-ef0a-47d4-b24d-7148d022f112/1763640000.0_mean_300.0_v3" 200 16 "GET http://172.18.0.2:8080/v1/AUTH_fff18441fa584bcdbd413ba4522fdfda/gnocchi.ee051263-ef0a-47d4-b24d-7148d022f112/1763640000.0_mean_300.0_v3" "tx34c457fd7eb34251a19e8-00692184d9" "proxy-server 20" 0.0011 "-" 25 0
Nov 22 09:39:37 standalone proxy-server[129180]: 172.18.0.2 172.18.0.100 22/Nov/2025/09/39/37 GET /v1/AUTH_fff18441fa584bcdbd413ba4522fdfda/gnocchi.ee051263-ef0a-47d4-b24d-7148d022f112/1763640000.0_mean_300.0_v3 HTTP/1.0 200 - python-swiftclient-3.11.1 gAAAAABpIYRd83Di... - 16 - tx34c457fd7eb34251a19e8-00692184d9 - 0.0074 - - 1763804377.903954744 1763804377.911388874 0
Nov 22 09:39:37 standalone container-server[127286]: 172.20.0.100 - - [22/Nov/2025:09:39:37 +0000] "PUT /d1/434/AUTH_fff18441fa584bcdbd413ba4522fdfda/gnocchi.ee051263-ef0a-47d4-b24d-7148d022f112/1763640000.0_mean_300.0_v3" 201 - "PUT http://172.18.0.2:8080/d1/716/AUTH_fff18441fa584bcdbd413ba4522fdfda/gnocchi.ee051263-ef0a-47d4-b24d-7148d022f112/1763640000.0_mean_300.0_v3" "tx7b6401205559496f81b90-00692184d9" "object-server 23" 0.0007 "-" 20 0
Nov 22 09:39:37 standalone object-server[127517]: 172.20.0.100 - - [22/Nov/2025:09:39:37 +0000] "PUT /d1/716/AUTH_fff18441fa584bcdbd413ba4522fdfda/gnocchi.ee051263-ef0a-47d4-b24d-7148d022f112/1763640000.0_mean_300.0_v3" 201 - "PUT http://172.18.0.2:8080/v1/AUTH_fff18441fa584bcdbd413ba4522fdfda/gnocchi.ee051263-ef0a-47d4-b24d-7148d022f112/1763640000.0_mean_300.0_v3" "tx7b6401205559496f81b90-00692184d9" "proxy-server 20" 0.0115 "-" 23 0
Nov 22 09:39:37 standalone proxy-server[129180]: 172.18.0.2 172.18.0.100 22/Nov/2025/09/39/37 PUT /v1/AUTH_fff18441fa584bcdbd413ba4522fdfda/gnocchi.ee051263-ef0a-47d4-b24d-7148d022f112/1763640000.0_mean_300.0_v3 HTTP/1.0 201 - python-swiftclient-3.11.1 gAAAAABpIYRd83Di... 16 - - tx7b6401205559496f81b90-00692184d9 - 0.0172 - - 1763804377.914106131 1763804377.931322575 0
Nov 22 09:39:37 standalone container-server[127326]: 172.20.0.100 - - [22/Nov/2025:09:39:37 +0000] "PUT /d1/434/AUTH_fff18441fa584bcdbd413ba4522fdfda/gnocchi.ee051263-ef0a-47d4-b24d-7148d022f112/none_v3" 201 - "PUT http://172.18.0.2:8080/d1/946/AUTH_fff18441fa584bcdbd413ba4522fdfda/gnocchi.ee051263-ef0a-47d4-b24d-7148d022f112/none_v3" "tx0315f23ebc0749f783e60-00692184d9" "object-server 25" 0.0008 "-" 23 0
Nov 22 09:39:37 standalone object-server[127519]: 172.20.0.100 - - [22/Nov/2025:09:39:37 +0000] "PUT /d1/946/AUTH_fff18441fa584bcdbd413ba4522fdfda/gnocchi.ee051263-ef0a-47d4-b24d-7148d022f112/none_v3" 201 - "PUT http://172.18.0.2:8080/v1/AUTH_fff18441fa584bcdbd413ba4522fdfda/gnocchi.ee051263-ef0a-47d4-b24d-7148d022f112/none_v3" "tx0315f23ebc0749f783e60-00692184d9" "proxy-server 20" 0.0117 "-" 25 0
Nov 22 09:39:37 standalone proxy-server[129180]: 172.18.0.2 172.18.0.100 22/Nov/2025/09/39/37 PUT /v1/AUTH_fff18441fa584bcdbd413ba4522fdfda/gnocchi.ee051263-ef0a-47d4-b24d-7148d022f112/none_v3 HTTP/1.0 201 - python-swiftclient-3.11.1 gAAAAABpIYRd83Di... 32 - - tx0315f23ebc0749f783e60-00692184d9 - 0.0174 - - 1763804377.934131145 1763804377.951517105 0
Nov 22 09:39:37 standalone object-server[127517]: 172.20.0.100 - - [22/Nov/2025:09:39:37 +0000] "GET /d1/515/AUTH_fff18441fa584bcdbd413ba4522fdfda/gnocchi.d93e6ba3-2d59-4724-b76a-1c14ba37ee11/none_v3" 200 22 "GET http://172.18.0.2:8080/v1/AUTH_fff18441fa584bcdbd413ba4522fdfda/gnocchi.d93e6ba3-2d59-4724-b76a-1c14ba37ee11/none_v3" "tx2e0db1ec788b49eaa3e89-00692184d9" "proxy-server 20" 0.0009 "-" 23 0
Nov 22 09:39:37 standalone proxy-server[129180]: 172.18.0.2 172.18.0.100 22/Nov/2025/09/39/37 GET /v1/AUTH_fff18441fa584bcdbd413ba4522fdfda/gnocchi.d93e6ba3-2d59-4724-b76a-1c14ba37ee11/none_v3 HTTP/1.0 200 - python-swiftclient-3.11.1 gAAAAABpIYRd83Di... - 22 - tx2e0db1ec788b49eaa3e89-00692184d9 - 0.0082 - - 1763804377.962951899 1763804377.971189499 0
Nov 22 09:39:38 standalone container-server[127326]: 172.20.0.100 - - [22/Nov/2025:09:39:37 +0000] "GET /d1/123/AUTH_fff18441fa584bcdbd413ba4522fdfda/gnocchi.d93e6ba3-2d59-4724-b76a-1c14ba37ee11" 200 357 "GET http://172.18.0.2:8080/v1/AUTH_fff18441fa584bcdbd413ba4522fdfda/gnocchi.d93e6ba3-2d59-4724-b76a-1c14ba37ee11?format=json&states=listing" "tx880adb963bce43a6ad81d-00692184d9" "proxy-server 20" 0.0209 "-" 23 0
Nov 22 09:39:38 standalone proxy-server[129180]: 172.18.0.2 172.18.0.100 22/Nov/2025/09/39/38 GET /v1/AUTH_fff18441fa584bcdbd413ba4522fdfda/gnocchi.d93e6ba3-2d59-4724-b76a-1c14ba37ee11%3Fformat%3Djson%26states%3Dlisting HTTP/1.0 200 - python-swiftclient-3.11.1 gAAAAABpIYRd83Di... - 357 - tx880adb963bce43a6ad81d-00692184d9 - 0.0281 - - 1763804377.974589348 1763804378.002696514 0
Nov 22 09:39:38 standalone container-server[127269]: 172.20.0.100 - - [22/Nov/2025:09:39:38 +0000] "GET /d1/123/AUTH_fff18441fa584bcdbd413ba4522fdfda/gnocchi.d93e6ba3-2d59-4724-b76a-1c14ba37ee11" 200 2 "GET http://172.18.0.2:8080/v1/AUTH_fff18441fa584bcdbd413ba4522fdfda/gnocchi.d93e6ba3-2d59-4724-b76a-1c14ba37ee11?format=json&marker=none_v3&states=listing" "tx2710c8397458496592752-00692184da" "proxy-server 20" 0.0035 "-" 19 0
Nov 22 09:39:38 standalone proxy-server[129180]: 172.18.0.2 172.18.0.100 22/Nov/2025/09/39/38 GET /v1/AUTH_fff18441fa584bcdbd413ba4522fdfda/gnocchi.d93e6ba3-2d59-4724-b76a-1c14ba37ee11%3Fformat%3Djson%26marker%3Dnone_v3%26states%3Dlisting HTTP/1.0 200 - python-swiftclient-3.11.1 gAAAAABpIYRd83Di... - 2 - tx2710c8397458496592752-00692184da - 0.0495 - - 1763804378.005702972 1763804378.055203438 0
Nov 22 09:39:38 standalone object-server[127515]: 172.20.0.100 - - [22/Nov/2025:09:39:38 +0000] "GET /d1/266/AUTH_fff18441fa584bcdbd413ba4522fdfda/gnocchi.d93e6ba3-2d59-4724-b76a-1c14ba37ee11/1763640000.0_mean_300.0_v3" 200 16 "GET http://172.18.0.2:8080/v1/AUTH_fff18441fa584bcdbd413ba4522fdfda/gnocchi.d93e6ba3-2d59-4724-b76a-1c14ba37ee11/1763640000.0_mean_300.0_v3" "tx0f93b73e462f4647a7878-00692184da" "proxy-server 20" 0.0010 "-" 22 0
Nov 22 09:39:38 standalone proxy-server[129180]: 172.18.0.2 172.18.0.100 22/Nov/2025/09/39/38 GET /v1/AUTH_fff18441fa584bcdbd413ba4522fdfda/gnocchi.d93e6ba3-2d59-4724-b76a-1c14ba37ee11/1763640000.0_mean_300.0_v3 HTTP/1.0 200 - python-swiftclient-3.11.1 gAAAAABpIYRd83Di... - 16 - tx0f93b73e462f4647a7878-00692184da - 0.0088 - - 1763804378.060499907 1763804378.069250107 0
Nov 22 09:39:38 standalone container-server[127269]: 172.20.0.100 - - [22/Nov/2025:09:39:38 +0000] "PUT /d1/123/AUTH_fff18441fa584bcdbd413ba4522fdfda/gnocchi.d93e6ba3-2d59-4724-b76a-1c14ba37ee11/1763640000.0_mean_300.0_v3" 201 - "PUT http://172.18.0.2:8080/d1/266/AUTH_fff18441fa584bcdbd413ba4522fdfda/gnocchi.d93e6ba3-2d59-4724-b76a-1c14ba37ee11/1763640000.0_mean_300.0_v3" "tx05558da9f28847ac90b39-00692184da" "object-server 23" 0.0010 "-" 19 0
Nov 22 09:39:38 standalone object-server[127517]: 172.20.0.100 - - [22/Nov/2025:09:39:38 +0000] "PUT /d1/266/AUTH_fff18441fa584bcdbd413ba4522fdfda/gnocchi.d93e6ba3-2d59-4724-b76a-1c14ba37ee11/1763640000.0_mean_300.0_v3" 201 - "PUT http://172.18.0.2:8080/v1/AUTH_fff18441fa584bcdbd413ba4522fdfda/gnocchi.d93e6ba3-2d59-4724-b76a-1c14ba37ee11/1763640000.0_mean_300.0_v3" "tx05558da9f28847ac90b39-00692184da" "proxy-server 20" 0.0132 "-" 23 0
Nov 22 09:39:38 standalone proxy-server[129180]: 172.18.0.2 172.18.0.100 22/Nov/2025/09/39/38 PUT /v1/AUTH_fff18441fa584bcdbd413ba4522fdfda/gnocchi.d93e6ba3-2d59-4724-b76a-1c14ba37ee11/1763640000.0_mean_300.0_v3 HTTP/1.0 201 - python-swiftclient-3.11.1 gAAAAABpIYRd83Di... 16 - - tx05558da9f28847ac90b39-00692184da - 0.0220 - - 1763804378.075496435 1763804378.097476244 0
Nov 22 09:39:38 standalone container-server[127309]: 172.20.0.100 - - [22/Nov/2025:09:39:38 +0000] "PUT /d1/123/AUTH_fff18441fa584bcdbd413ba4522fdfda/gnocchi.d93e6ba3-2d59-4724-b76a-1c14ba37ee11/none_v3" 201 - "PUT http://172.18.0.2:8080/d1/515/AUTH_fff18441fa584bcdbd413ba4522fdfda/gnocchi.d93e6ba3-2d59-4724-b76a-1c14ba37ee11/none_v3" "tx40e2729d5a874cd090df8-00692184da" "object-server 24" 0.0005 "-" 22 0
Nov 22 09:39:38 standalone object-server[127518]: 172.20.0.100 - - [22/Nov/2025:09:39:38 +0000] "PUT /d1/515/AUTH_fff18441fa584bcdbd413ba4522fdfda/gnocchi.d93e6ba3-2d59-4724-b76a-1c14ba37ee11/none_v3" 201 - "PUT http://172.18.0.2:8080/v1/AUTH_fff18441fa584bcdbd413ba4522fdfda/gnocchi.d93e6ba3-2d59-4724-b76a-1c14ba37ee11/none_v3" "tx40e2729d5a874cd090df8-00692184da" "proxy-server 20" 0.0112 "-" 24 0
Nov 22 09:39:38 standalone proxy-server[129180]: 172.18.0.2 172.18.0.100 22/Nov/2025/09/39/38 PUT /v1/AUTH_fff18441fa584bcdbd413ba4522fdfda/gnocchi.d93e6ba3-2d59-4724-b76a-1c14ba37ee11/none_v3 HTTP/1.0 201 - python-swiftclient-3.11.1 gAAAAABpIYRd83Di... 32 - - tx40e2729d5a874cd090df8-00692184da - 0.0187 - - 1763804378.101571560 1763804378.120264292 0
Nov 22 09:39:38 standalone object-server[127515]: 172.20.0.100 - - [22/Nov/2025:09:39:38 +0000] "GET /d1/482/AUTH_fff18441fa584bcdbd413ba4522fdfda/gnocchi.8e978416-67f6-4ad1-9fbd-3e3d4a8d502e/none_v3" 200 22 "GET http://172.18.0.2:8080/v1/AUTH_fff18441fa584bcdbd413ba4522fdfda/gnocchi.8e978416-67f6-4ad1-9fbd-3e3d4a8d502e/none_v3" "txda557359f4ba4c509a0d4-00692184da" "proxy-server 20" 0.0081 "-" 22 0
Nov 22 09:39:38 standalone proxy-server[129180]: 172.18.0.2 172.18.0.100 22/Nov/2025/09/39/38 GET /v1/AUTH_fff18441fa584bcdbd413ba4522fdfda/gnocchi.8e978416-67f6-4ad1-9fbd-3e3d4a8d502e/none_v3 HTTP/1.0 200 - python-swiftclient-3.11.1 gAAAAABpIYRd83Di... - 22 - txda557359f4ba4c509a0d4-00692184da - 0.0184 - - 1763804378.139037132 1763804378.157470465 0
Nov 22 09:39:38 standalone container-server[127286]: 172.20.0.100 - - [22/Nov/2025:09:39:38 +0000] "GET /d1/428/AUTH_fff18441fa584bcdbd413ba4522fdfda/gnocchi.8e978416-67f6-4ad1-9fbd-3e3d4a8d502e" 200 357 "GET http://172.18.0.2:8080/v1/AUTH_fff18441fa584bcdbd413ba4522fdfda/gnocchi.8e978416-67f6-4ad1-9fbd-3e3d4a8d502e?format=json&states=listing" "tx40d60e1c1e434ccab33a5-00692184da" "proxy-server 20" 0.0077 "-" 20 0
Nov 22 09:39:38 standalone proxy-server[129180]: 172.18.0.2 172.18.0.100 22/Nov/2025/09/39/38 GET /v1/AUTH_fff18441fa584bcdbd413ba4522fdfda/gnocchi.8e978416-67f6-4ad1-9fbd-3e3d4a8d502e%3Fformat%3Djson%26states%3Dlisting HTTP/1.0 200 - python-swiftclient-3.11.1 gAAAAABpIYRd83Di... - 357 - tx40d60e1c1e434ccab33a5-00692184da - 0.0162 - - 1763804378.160560131 1763804378.176733494 0
Nov 22 09:39:38 standalone container-server[127269]: 172.20.0.100 - - [22/Nov/2025:09:39:38 +0000] "GET /d1/428/AUTH_fff18441fa584bcdbd413ba4522fdfda/gnocchi.8e978416-67f6-4ad1-9fbd-3e3d4a8d502e" 200 2 "GET http://172.18.0.2:8080/v1/AUTH_fff18441fa584bcdbd413ba4522fdfda/gnocchi.8e978416-67f6-4ad1-9fbd-3e3d4a8d502e?format=json&marker=none_v3&states=listing" "tx345297292414467aa2131-00692184da" "proxy-server 20" 0.0024 "-" 19 0
Nov 22 09:39:38 standalone proxy-server[129180]: 172.18.0.2 172.18.0.100 22/Nov/2025/09/39/38 GET /v1/AUTH_fff18441fa584bcdbd413ba4522fdfda/gnocchi.8e978416-67f6-4ad1-9fbd-3e3d4a8d502e%3Fformat%3Djson%26marker%3Dnone_v3%26states%3Dlisting HTTP/1.0 200 - python-swiftclient-3.11.1 gAAAAABpIYRd83Di... - 2 - tx345297292414467aa2131-00692184da - 0.0085 - - 1763804378.179254532 1763804378.187792301 0
Nov 22 09:39:38 standalone object-server[127518]: 172.20.0.100 - - [22/Nov/2025:09:39:38 +0000] "GET /d1/485/AUTH_fff18441fa584bcdbd413ba4522fdfda/gnocchi.8e978416-67f6-4ad1-9fbd-3e3d4a8d502e/1763640000.0_mean_300.0_v3" 200 16 "GET http://172.18.0.2:8080/v1/AUTH_fff18441fa584bcdbd413ba4522fdfda/gnocchi.8e978416-67f6-4ad1-9fbd-3e3d4a8d502e/1763640000.0_mean_300.0_v3" "tx97bcaca32f4d41ecb60ea-00692184da" "proxy-server 20" 0.0006 "-" 24 0
Nov 22 09:39:38 standalone proxy-server[129180]: 172.18.0.2 172.18.0.100 22/Nov/2025/09/39/38 GET /v1/AUTH_fff18441fa584bcdbd413ba4522fdfda/gnocchi.8e978416-67f6-4ad1-9fbd-3e3d4a8d502e/1763640000.0_mean_300.0_v3 HTTP/1.0 200 - python-swiftclient-3.11.1 gAAAAABpIYRd83Di... - 16 - tx97bcaca32f4d41ecb60ea-00692184da - 0.0055 - - 1763804378.199151754 1763804378.204670429 0
Nov 22 09:39:38 standalone container-server[127269]: 172.20.0.100 - - [22/Nov/2025:09:39:38 +0000] "PUT /d1/428/AUTH_fff18441fa584bcdbd413ba4522fdfda/gnocchi.8e978416-67f6-4ad1-9fbd-3e3d4a8d502e/1763640000.0_mean_300.0_v3" 201 - "PUT http://172.18.0.2:8080/d1/485/AUTH_fff18441fa584bcdbd413ba4522fdfda/gnocchi.8e978416-67f6-4ad1-9fbd-3e3d4a8d502e/1763640000.0_mean_300.0_v3" "tx4c554313661445b0aeaf3-00692184da" "object-server 25" 0.0005 "-" 19 0
Nov 22 09:39:38 standalone object-server[127519]: 172.20.0.100 - - [22/Nov/2025:09:39:38 +0000] "PUT /d1/485/AUTH_fff18441fa584bcdbd413ba4522fdfda/gnocchi.8e978416-67f6-4ad1-9fbd-3e3d4a8d502e/1763640000.0_mean_300.0_v3" 201 - "PUT http://172.18.0.2:8080/v1/AUTH_fff18441fa584bcdbd413ba4522fdfda/gnocchi.8e978416-67f6-4ad1-9fbd-3e3d4a8d502e/1763640000.0_mean_300.0_v3" "tx4c554313661445b0aeaf3-00692184da" "proxy-server 20" 0.0081 "-" 25 0
Nov 22 09:39:38 standalone proxy-server[129180]: 172.18.0.2 172.18.0.100 22/Nov/2025/09/39/38 PUT /v1/AUTH_fff18441fa584bcdbd413ba4522fdfda/gnocchi.8e978416-67f6-4ad1-9fbd-3e3d4a8d502e/1763640000.0_mean_300.0_v3 HTTP/1.0 201 - python-swiftclient-3.11.1 gAAAAABpIYRd83Di... 16 - - tx4c554313661445b0aeaf3-00692184da - 0.0129 - - 1763804378.207675934 1763804378.220543146 0
Nov 22 09:39:38 standalone container-server[127326]: 172.20.0.100 - - [22/Nov/2025:09:39:38 +0000] "PUT /d1/428/AUTH_fff18441fa584bcdbd413ba4522fdfda/gnocchi.8e978416-67f6-4ad1-9fbd-3e3d4a8d502e/none_v3" 201 - "PUT http://172.18.0.2:8080/d1/482/AUTH_fff18441fa584bcdbd413ba4522fdfda/gnocchi.8e978416-67f6-4ad1-9fbd-3e3d4a8d502e/none_v3" "txf6973da8aa5b4a9f954a7-00692184da" "object-server 22" 0.0005 "-" 23 0
Nov 22 09:39:38 standalone object-server[127515]: 172.20.0.100 - - [22/Nov/2025:09:39:38 +0000] "PUT /d1/482/AUTH_fff18441fa584bcdbd413ba4522fdfda/gnocchi.8e978416-67f6-4ad1-9fbd-3e3d4a8d502e/none_v3" 201 - "PUT http://172.18.0.2:8080/v1/AUTH_fff18441fa584bcdbd413ba4522fdfda/gnocchi.8e978416-67f6-4ad1-9fbd-3e3d4a8d502e/none_v3" "txf6973da8aa5b4a9f954a7-00692184da" "proxy-server 20" 0.0108 "-" 22 0
Nov 22 09:39:38 standalone proxy-server[129180]: 172.18.0.2 172.18.0.100 22/Nov/2025/09/39/38 PUT /v1/AUTH_fff18441fa584bcdbd413ba4522fdfda/gnocchi.8e978416-67f6-4ad1-9fbd-3e3d4a8d502e/none_v3 HTTP/1.0 201 - python-swiftclient-3.11.1 gAAAAABpIYRd83Di... 32 - - txf6973da8aa5b4a9f954a7-00692184da - 0.0162 - - 1763804378.223350286 1763804378.239501238 0
Nov 22 09:39:38 standalone object-server[127519]: 172.20.0.100 - - [22/Nov/2025:09:39:38 +0000] "GET /d1/594/AUTH_fff18441fa584bcdbd413ba4522fdfda/gnocchi.3fa1c868-bb8b-476e-9b8f-f88d74de5ebf/none_v3" 200 22 "GET http://172.18.0.2:8080/v1/AUTH_fff18441fa584bcdbd413ba4522fdfda/gnocchi.3fa1c868-bb8b-476e-9b8f-f88d74de5ebf/none_v3" "txff2f4b3d9e55495fa186b-00692184da" "proxy-server 20" 0.0007 "-" 25 0
Nov 22 09:39:38 standalone proxy-server[129180]: 172.18.0.2 172.18.0.100 22/Nov/2025/09/39/38 GET /v1/AUTH_fff18441fa584bcdbd413ba4522fdfda/gnocchi.3fa1c868-bb8b-476e-9b8f-f88d74de5ebf/none_v3 HTTP/1.0 200 - python-swiftclient-3.11.1 gAAAAABpIYRd83Di... - 22 - txff2f4b3d9e55495fa186b-00692184da - 0.0063 - - 1763804378.250041485 1763804378.256349802 0
Nov 22 09:39:38 standalone container-server[127326]: 172.20.0.100 - - [22/Nov/2025:09:39:38 +0000] "GET /d1/927/AUTH_fff18441fa584bcdbd413ba4522fdfda/gnocchi.3fa1c868-bb8b-476e-9b8f-f88d74de5ebf" 200 357 "GET http://172.18.0.2:8080/v1/AUTH_fff18441fa584bcdbd413ba4522fdfda/gnocchi.3fa1c868-bb8b-476e-9b8f-f88d74de5ebf?format=json&states=listing" "tx0e55ed9b31c9402298681-00692184da" "proxy-server 20" 0.0092 "-" 23 0
Nov 22 09:39:38 standalone proxy-server[129180]: 172.18.0.2 172.18.0.100 22/Nov/2025/09/39/38 GET /v1/AUTH_fff18441fa584bcdbd413ba4522fdfda/gnocchi.3fa1c868-bb8b-476e-9b8f-f88d74de5ebf%3Fformat%3Djson%26states%3Dlisting HTTP/1.0 200 - python-swiftclient-3.11.1 gAAAAABpIYRd83Di... - 357 - tx0e55ed9b31c9402298681-00692184da - 0.0173 - - 1763804378.259438753 1763804378.276690960 0
Nov 22 09:39:38 standalone container-server[127326]: 172.20.0.100 - - [22/Nov/2025:09:39:38 +0000] "GET /d1/927/AUTH_fff18441fa584bcdbd413ba4522fdfda/gnocchi.3fa1c868-bb8b-476e-9b8f-f88d74de5ebf" 200 2 "GET http://172.18.0.2:8080/v1/AUTH_fff18441fa584bcdbd413ba4522fdfda/gnocchi.3fa1c868-bb8b-476e-9b8f-f88d74de5ebf?format=json&marker=none_v3&states=listing" "tx17d77b8dcf4b446086f31-00692184da" "proxy-server 20" 0.0018 "-" 23 0
Nov 22 09:39:38 standalone proxy-server[129180]: 172.18.0.2 172.18.0.100 22/Nov/2025/09/39/38 GET /v1/AUTH_fff18441fa584bcdbd413ba4522fdfda/gnocchi.3fa1c868-bb8b-476e-9b8f-f88d74de5ebf%3Fformat%3Djson%26marker%3Dnone_v3%26states%3Dlisting HTTP/1.0 200 - python-swiftclient-3.11.1 gAAAAABpIYRd83Di... - 2 - tx17d77b8dcf4b446086f31-00692184da - 0.0069 - - 1763804378.279687881 1763804378.286538601 0
Nov 22 09:39:38 standalone object-server[127519]: 172.20.0.100 - - [22/Nov/2025:09:39:38 +0000] "GET /d1/329/AUTH_fff18441fa584bcdbd413ba4522fdfda/gnocchi.3fa1c868-bb8b-476e-9b8f-f88d74de5ebf/1763640000.0_mean_300.0_v3" 200 16 "GET http://172.18.0.2:8080/v1/AUTH_fff18441fa584bcdbd413ba4522fdfda/gnocchi.3fa1c868-bb8b-476e-9b8f-f88d74de5ebf/1763640000.0_mean_300.0_v3" "tx4ed8957436d348f3b3c10-00692184da" "proxy-server 20" 0.0016 "-" 25 0
Nov 22 09:39:38 standalone proxy-server[129180]: 172.18.0.2 172.18.0.100 22/Nov/2025/09/39/38 GET /v1/AUTH_fff18441fa584bcdbd413ba4522fdfda/gnocchi.3fa1c868-bb8b-476e-9b8f-f88d74de5ebf/1763640000.0_mean_300.0_v3 HTTP/1.0 200 - python-swiftclient-3.11.1 gAAAAABpIYRd83Di... - 16 - tx4ed8957436d348f3b3c10-00692184da - 0.0082 - - 1763804378.289271593 1763804378.297466993 0
Nov 22 09:39:38 standalone container-server[127326]: 172.20.0.100 - - [22/Nov/2025:09:39:38 +0000] "PUT /d1/927/AUTH_fff18441fa584bcdbd413ba4522fdfda/gnocchi.3fa1c868-bb8b-476e-9b8f-f88d74de5ebf/1763640000.0_mean_300.0_v3" 201 - "PUT http://172.18.0.2:8080/d1/329/AUTH_fff18441fa584bcdbd413ba4522fdfda/gnocchi.3fa1c868-bb8b-476e-9b8f-f88d74de5ebf/1763640000.0_mean_300.0_v3" "txbaa67a8d362d46bc8a1a2-00692184da" "object-server 25" 0.0006 "-" 23 0
Nov 22 09:39:38 standalone object-server[127519]: 172.20.0.100 - - [22/Nov/2025:09:39:38 +0000] "PUT /d1/329/AUTH_fff18441fa584bcdbd413ba4522fdfda/gnocchi.3fa1c868-bb8b-476e-9b8f-f88d74de5ebf/1763640000.0_mean_300.0_v3" 201 - "PUT http://172.18.0.2:8080/v1/AUTH_fff18441fa584bcdbd413ba4522fdfda/gnocchi.3fa1c868-bb8b-476e-9b8f-f88d74de5ebf/1763640000.0_mean_300.0_v3" "txbaa67a8d362d46bc8a1a2-00692184da" "proxy-server 20" 0.0095 "-" 25 0
Nov 22 09:39:38 standalone proxy-server[129180]: 172.18.0.2 172.18.0.100 22/Nov/2025/09/39/38 PUT /v1/AUTH_fff18441fa584bcdbd413ba4522fdfda/gnocchi.3fa1c868-bb8b-476e-9b8f-f88d74de5ebf/1763640000.0_mean_300.0_v3 HTTP/1.0 201 - python-swiftclient-3.11.1 gAAAAABpIYRd83Di... 16 - - txbaa67a8d362d46bc8a1a2-00692184da - 0.0141 - - 1763804378.301259756 1763804378.315325260 0
Nov 22 09:39:38 standalone container-server[127269]: 172.20.0.100 - - [22/Nov/2025:09:39:38 +0000] "PUT /d1/927/AUTH_fff18441fa584bcdbd413ba4522fdfda/gnocchi.3fa1c868-bb8b-476e-9b8f-f88d74de5ebf/none_v3" 201 - "PUT http://172.18.0.2:8080/d1/594/AUTH_fff18441fa584bcdbd413ba4522fdfda/gnocchi.3fa1c868-bb8b-476e-9b8f-f88d74de5ebf/none_v3" "tx89a495ddd8fd42f89473f-00692184da" "object-server 23" 0.0007 "-" 19 0
Nov 22 09:39:38 standalone object-server[127517]: 172.20.0.100 - - [22/Nov/2025:09:39:38 +0000] "PUT /d1/594/AUTH_fff18441fa584bcdbd413ba4522fdfda/gnocchi.3fa1c868-bb8b-476e-9b8f-f88d74de5ebf/none_v3" 201 - "PUT http://172.18.0.2:8080/v1/AUTH_fff18441fa584bcdbd413ba4522fdfda/gnocchi.3fa1c868-bb8b-476e-9b8f-f88d74de5ebf/none_v3" "tx89a495ddd8fd42f89473f-00692184da" "proxy-server 20" 0.0087 "-" 23 0
Nov 22 09:39:38 standalone proxy-server[129180]: 172.18.0.2 172.18.0.100 22/Nov/2025/09/39/38 PUT /v1/AUTH_fff18441fa584bcdbd413ba4522fdfda/gnocchi.3fa1c868-bb8b-476e-9b8f-f88d74de5ebf/none_v3 HTTP/1.0 201 - python-swiftclient-3.11.1 gAAAAABpIYRd83Di... 32 - - tx89a495ddd8fd42f89473f-00692184da - 0.0133 - - 1763804378.317929268 1763804378.331197977 0
Nov 22 09:39:41 standalone container-server[127309]: 172.20.0.100 - - [22/Nov/2025:09:39:41 +0000] "HEAD /d1/432/AUTH_fff18441fa584bcdbd413ba4522fdfda/gnocchi.db390972-aa09-4ca2-8e2e-5c57cf5a3343" 404 - "HEAD http://172.18.0.2:8080/v1/AUTH_fff18441fa584bcdbd413ba4522fdfda/gnocchi.db390972-aa09-4ca2-8e2e-5c57cf5a3343?format=json&states=listing" "tx76486601f7e24d3ba2092-00692184dd" "proxy-server 20" 0.0006 "-" 22 0
Nov 22 09:39:41 standalone object-server[127517]: 172.20.0.100 - - [22/Nov/2025:09:39:41 +0000] "GET /d1/213/AUTH_fff18441fa584bcdbd413ba4522fdfda/gnocchi.db390972-aa09-4ca2-8e2e-5c57cf5a3343/none_v3" 404 70 "GET http://172.18.0.2:8080/v1/AUTH_fff18441fa584bcdbd413ba4522fdfda/gnocchi.db390972-aa09-4ca2-8e2e-5c57cf5a3343/none_v3" "tx76486601f7e24d3ba2092-00692184dd" "proxy-server 20" 0.0006 "-" 23 0
Nov 22 09:39:41 standalone proxy-server[129180]: 172.18.0.2 172.18.0.100 22/Nov/2025/09/39/41 GET /v1/AUTH_fff18441fa584bcdbd413ba4522fdfda/gnocchi.db390972-aa09-4ca2-8e2e-5c57cf5a3343/none_v3 HTTP/1.0 404 - python-swiftclient-3.11.1 gAAAAABpIYRd83Di... - 70 - tx76486601f7e24d3ba2092-00692184dd - 0.0106 - - 1763804381.449207544 1763804381.459831238 0
Nov 22 09:39:41 standalone account-server[127206]: 172.20.0.100 - - [22/Nov/2025:09:39:41 +0000] "PUT /d1/19/AUTH_fff18441fa584bcdbd413ba4522fdfda/gnocchi.db390972-aa09-4ca2-8e2e-5c57cf5a3343" 201 - "PUT http://172.20.0.100:6001/d1/432/AUTH_fff18441fa584bcdbd413ba4522fdfda/gnocchi.db390972-aa09-4ca2-8e2e-5c57cf5a3343" "tx18b97b4b7bb04be889704-00692184dd" "container-server 22" 0.0012 "-" 23 0
Nov 22 09:39:41 standalone container-server[127309]: 172.20.0.100 - - [22/Nov/2025:09:39:41 +0000] "PUT /d1/432/AUTH_fff18441fa584bcdbd413ba4522fdfda/gnocchi.db390972-aa09-4ca2-8e2e-5c57cf5a3343" 201 - "PUT http://172.18.0.2:8080/v1/AUTH_fff18441fa584bcdbd413ba4522fdfda/gnocchi.db390972-aa09-4ca2-8e2e-5c57cf5a3343" "tx18b97b4b7bb04be889704-00692184dd" "proxy-server 20" 0.0104 "-" 22 0
Nov 22 09:39:41 standalone proxy-server[129180]: 172.18.0.2 172.18.0.100 22/Nov/2025/09/39/41 PUT /v1/AUTH_fff18441fa584bcdbd413ba4522fdfda/gnocchi.db390972-aa09-4ca2-8e2e-5c57cf5a3343 HTTP/1.0 201 - python-swiftclient-3.11.1 gAAAAABpIYRd83Di... - - - tx18b97b4b7bb04be889704-00692184dd - 0.0181 - - 1763804381.463431835 1763804381.481544018 0
Nov 22 09:39:41 standalone container-server[127269]: 172.20.0.100 - - [22/Nov/2025:09:39:41 +0000] "HEAD /d1/432/AUTH_fff18441fa584bcdbd413ba4522fdfda/gnocchi.db390972-aa09-4ca2-8e2e-5c57cf5a3343" 204 - "HEAD http://172.18.0.2:8080/v1/AUTH_fff18441fa584bcdbd413ba4522fdfda/gnocchi.db390972-aa09-4ca2-8e2e-5c57cf5a3343?format=json&states=listing" "tx13cf918d7acd4b0f88c28-00692184dd" "proxy-server 20" 0.0013 "-" 19 0
Nov 22 09:39:41 standalone proxy-server[129180]: - - 22/Nov/2025/09/39/41 HEAD /v1/AUTH_fff18441fa584bcdbd413ba4522fdfda/gnocchi.db390972-aa09-4ca2-8e2e-5c57cf5a3343%3Fformat%3Djson%26states%3Dlisting HTTP/1.0 204 - Swift - - - - tx13cf918d7acd4b0f88c28-00692184dd - 0.0048 RL - 1763804381.487505913 1763804381.492278814 0
Nov 22 09:39:41 standalone container-server[127326]: 172.20.0.100 - - [22/Nov/2025:09:39:41 +0000] "GET /d1/432/AUTH_fff18441fa584bcdbd413ba4522fdfda/gnocchi.db390972-aa09-4ca2-8e2e-5c57cf5a3343" 200 2 "GET http://172.18.0.2:8080/v1/AUTH_fff18441fa584bcdbd413ba4522fdfda/gnocchi.db390972-aa09-4ca2-8e2e-5c57cf5a3343?format=json&states=listing" "tx13cf918d7acd4b0f88c28-00692184dd" "proxy-server 20" 0.0038 "-" 23 0
Nov 22 09:39:41 standalone proxy-server[129180]: 172.18.0.2 172.18.0.100 22/Nov/2025/09/39/41 GET /v1/AUTH_fff18441fa584bcdbd413ba4522fdfda/gnocchi.db390972-aa09-4ca2-8e2e-5c57cf5a3343%3Fformat%3Djson%26states%3Dlisting HTTP/1.0 200 - python-swiftclient-3.11.1 gAAAAABpIYRd83Di... - 2 - tx13cf918d7acd4b0f88c28-00692184dd - 0.0169 - - 1763804381.486114264 1763804381.503055811 0
Nov 22 09:39:41 standalone object-server[127519]: 172.20.0.100 - - [22/Nov/2025:09:39:41 +0000] "GET /d1/356/AUTH_fff18441fa584bcdbd413ba4522fdfda/gnocchi.db390972-aa09-4ca2-8e2e-5c57cf5a3343/1763640000.0_mean_300.0_v3" 404 70 "GET http://172.18.0.2:8080/v1/AUTH_fff18441fa584bcdbd413ba4522fdfda/gnocchi.db390972-aa09-4ca2-8e2e-5c57cf5a3343/1763640000.0_mean_300.0_v3" "tx49e4d1c23c824697aabd0-00692184dd" "proxy-server 20" 0.0006 "-" 25 0
Nov 22 09:39:41 standalone proxy-server[129180]: 172.18.0.2 172.18.0.100 22/Nov/2025/09/39/41 GET /v1/AUTH_fff18441fa584bcdbd413ba4522fdfda/gnocchi.db390972-aa09-4ca2-8e2e-5c57cf5a3343/1763640000.0_mean_300.0_v3 HTTP/1.0 404 - python-swiftclient-3.11.1 gAAAAABpIYRd83Di... - 70 - tx49e4d1c23c824697aabd0-00692184dd - 0.0071 - - 1763804381.508878946 1763804381.515967369 0
Nov 22 09:39:41 standalone container-server[127286]: 172.20.0.100 - - [22/Nov/2025:09:39:41 +0000] "PUT /d1/432/AUTH_fff18441fa584bcdbd413ba4522fdfda/gnocchi.db390972-aa09-4ca2-8e2e-5c57cf5a3343/1763640000.0_mean_300.0_v3" 201 - "PUT http://172.18.0.2:8080/d1/356/AUTH_fff18441fa584bcdbd413ba4522fdfda/gnocchi.db390972-aa09-4ca2-8e2e-5c57cf5a3343/1763640000.0_mean_300.0_v3" "tx203dce4e0847455e98135-00692184dd" "object-server 23" 0.0010 "-" 20 0
