Mar 18 16:58:57 standalone proxy-server[129315]: 172.18.0.2 172.18.0.100 18/Mar/2026/16/58/57 PUT /v1/AUTH_f6638140618e4e358d6e35964b33ccb9/gnocchi.7af5265f-9d53-48e5-8010-eaaf7be495cf/1773360000.0_mean_300.0_v3 HTTP/1.0 201 - python-swiftclient-3.11.1 gAAAAABputlD68p8... 16 - - tx7c87d5de56984a6181680-0069bad9d1 - 0.0353 - - 1773853137.399868727 1773853137.435199976 0
Mar 18 16:58:57 standalone container-server[127341]: 172.20.0.100 - - [18/Mar/2026:16:58:57 +0000] "PUT /d1/910/AUTH_f6638140618e4e358d6e35964b33ccb9/gnocchi.7af5265f-9d53-48e5-8010-eaaf7be495cf/none_v3" 201 - "PUT http://172.18.0.2:8080/d1/449/AUTH_f6638140618e4e358d6e35964b33ccb9/gnocchi.7af5265f-9d53-48e5-8010-eaaf7be495cf/none_v3" "txba654f101db34d60924b6-0069bad9d1" "object-server 22" 0.0009 "-" 20 0
Mar 18 16:58:57 standalone object-server[127535]: 172.20.0.100 - - [18/Mar/2026:16:58:57 +0000] "PUT /d1/449/AUTH_f6638140618e4e358d6e35964b33ccb9/gnocchi.7af5265f-9d53-48e5-8010-eaaf7be495cf/none_v3" 201 - "PUT http://172.18.0.2:8080/v1/AUTH_f6638140618e4e358d6e35964b33ccb9/gnocchi.7af5265f-9d53-48e5-8010-eaaf7be495cf/none_v3" "txba654f101db34d60924b6-0069bad9d1" "proxy-server 20" 0.0111 "-" 22 0
Mar 18 16:58:57 standalone proxy-server[129315]: 172.18.0.2 172.18.0.100 18/Mar/2026/16/58/57 PUT /v1/AUTH_f6638140618e4e358d6e35964b33ccb9/gnocchi.7af5265f-9d53-48e5-8010-eaaf7be495cf/none_v3 HTTP/1.0 201 - python-swiftclient-3.11.1 gAAAAABputlD68p8... 22 - - txba654f101db34d60924b6-0069bad9d1 - 0.0187 - - 1773853137.437954664 1773853137.456619978 0
Mar 18 16:58:57 standalone container-server[127348]: 172.20.0.100 - - [18/Mar/2026:16:58:57 +0000] "HEAD /d1/565/AUTH_f6638140618e4e358d6e35964b33ccb9/gnocchi.eb30e9c6-d2d8-4573-997f-6a7c74736fde" 404 - "HEAD http://172.18.0.2:8080/v1/AUTH_f6638140618e4e358d6e35964b33ccb9/gnocchi.eb30e9c6-d2d8-4573-997f-6a7c74736fde?format=json&states=listing" "txc2c054b64b584909b7a3c-0069bad9d1" "proxy-server 20" 0.0006 "-" 21 0
Mar 18 16:58:57 standalone object-server[127532]: 172.20.0.100 - - [18/Mar/2026:16:58:57 +0000] "GET /d1/295/AUTH_f6638140618e4e358d6e35964b33ccb9/gnocchi.eb30e9c6-d2d8-4573-997f-6a7c74736fde/none_v3" 404 70 "GET http://172.18.0.2:8080/v1/AUTH_f6638140618e4e358d6e35964b33ccb9/gnocchi.eb30e9c6-d2d8-4573-997f-6a7c74736fde/none_v3" "txc2c054b64b584909b7a3c-0069bad9d1" "proxy-server 20" 0.0005 "-" 20 0
Mar 18 16:58:57 standalone proxy-server[129315]: 172.18.0.2 172.18.0.100 18/Mar/2026/16/58/57 GET /v1/AUTH_f6638140618e4e358d6e35964b33ccb9/gnocchi.eb30e9c6-d2d8-4573-997f-6a7c74736fde/none_v3 HTTP/1.0 404 - python-swiftclient-3.11.1 gAAAAABputlD68p8... - 70 - txc2c054b64b584909b7a3c-0069bad9d1 - 0.0143 - - 1773853137.468600273 1773853137.482947111 0
Mar 18 16:58:57 standalone account-server[127192]: 172.20.0.100 - - [18/Mar/2026:16:58:57 +0000] "PUT /d1/133/AUTH_f6638140618e4e358d6e35964b33ccb9/gnocchi.eb30e9c6-d2d8-4573-997f-6a7c74736fde" 201 - "PUT http://172.20.0.100:6001/d1/565/AUTH_f6638140618e4e358d6e35964b33ccb9/gnocchi.eb30e9c6-d2d8-4573-997f-6a7c74736fde" "txbaa00c861f5744b09e2a7-0069bad9d1" "container-server 22" 0.0069 "-" 20 0
Mar 18 16:58:57 standalone container-server[127351]: 172.20.0.100 - - [18/Mar/2026:16:58:57 +0000] "PUT /d1/565/AUTH_f6638140618e4e358d6e35964b33ccb9/gnocchi.eb30e9c6-d2d8-4573-997f-6a7c74736fde" 201 - "PUT http://172.18.0.2:8080/v1/AUTH_f6638140618e4e358d6e35964b33ccb9/gnocchi.eb30e9c6-d2d8-4573-997f-6a7c74736fde" "txbaa00c861f5744b09e2a7-0069bad9d1" "proxy-server 20" 0.0190 "-" 22 0
Mar 18 16:58:57 standalone proxy-server[129315]: 172.18.0.2 172.18.0.100 18/Mar/2026/16/58/57 PUT /v1/AUTH_f6638140618e4e358d6e35964b33ccb9/gnocchi.eb30e9c6-d2d8-4573-997f-6a7c74736fde HTTP/1.0 201 - python-swiftclient-3.11.1 gAAAAABputlD68p8... - - - txbaa00c861f5744b09e2a7-0069bad9d1 - 0.0254 - - 1773853137.485055208 1773853137.510434389 0
Mar 18 16:58:57 standalone container-server[127351]: 172.20.0.100 - - [18/Mar/2026:16:58:57 +0000] "HEAD /d1/565/AUTH_f6638140618e4e358d6e35964b33ccb9/gnocchi.eb30e9c6-d2d8-4573-997f-6a7c74736fde" 204 - "HEAD http://172.18.0.2:8080/v1/AUTH_f6638140618e4e358d6e35964b33ccb9/gnocchi.eb30e9c6-d2d8-4573-997f-6a7c74736fde?format=json&states=listing" "txdb26410644d54038b66b6-0069bad9d1" "proxy-server 20" 0.0020 "-" 22 0
Mar 18 16:58:57 standalone proxy-server[129315]: - - 18/Mar/2026/16/58/57 HEAD /v1/AUTH_f6638140618e4e358d6e35964b33ccb9/gnocchi.eb30e9c6-d2d8-4573-997f-6a7c74736fde%3Fformat%3Djson%26states%3Dlisting HTTP/1.0 204 - Swift - - - - txdb26410644d54038b66b6-0069bad9d1 - 0.0073 RL - 1773853137.515493155 1773853137.522759199 0
Mar 18 16:58:57 standalone container-server[127348]: 172.20.0.100 - - [18/Mar/2026:16:58:57 +0000] "GET /d1/565/AUTH_f6638140618e4e358d6e35964b33ccb9/gnocchi.eb30e9c6-d2d8-4573-997f-6a7c74736fde" 200 2 "GET http://172.18.0.2:8080/v1/AUTH_f6638140618e4e358d6e35964b33ccb9/gnocchi.eb30e9c6-d2d8-4573-997f-6a7c74736fde?format=json&states=listing" "txdb26410644d54038b66b6-0069bad9d1" "proxy-server 20" 0.0030 "-" 21 0
Mar 18 16:58:57 standalone proxy-server[129315]: 172.18.0.2 172.18.0.100 18/Mar/2026/16/58/57 GET /v1/AUTH_f6638140618e4e358d6e35964b33ccb9/gnocchi.eb30e9c6-d2d8-4573-997f-6a7c74736fde%3Fformat%3Djson%26states%3Dlisting HTTP/1.0 200 - python-swiftclient-3.11.1 gAAAAABputlD68p8... - 2 - txdb26410644d54038b66b6-0069bad9d1 - 0.0209 - - 1773853137.513856411 1773853137.534765005 0
Mar 18 16:58:57 standalone object-server[127535]: 172.20.0.100 - - [18/Mar/2026:16:58:57 +0000] "GET /d1/958/AUTH_f6638140618e4e358d6e35964b33ccb9/gnocchi.eb30e9c6-d2d8-4573-997f-6a7c74736fde/1773360000.0_mean_300.0_v3" 404 70 "GET http://172.18.0.2:8080/v1/AUTH_f6638140618e4e358d6e35964b33ccb9/gnocchi.eb30e9c6-d2d8-4573-997f-6a7c74736fde/1773360000.0_mean_300.0_v3" "tx45e39d80c8f94bfcab326-0069bad9d1" "proxy-server 20" 0.0004 "-" 22 0
Mar 18 16:58:57 standalone proxy-server[129315]: 172.18.0.2 172.18.0.100 18/Mar/2026/16/58/57 GET /v1/AUTH_f6638140618e4e358d6e35964b33ccb9/gnocchi.eb30e9c6-d2d8-4573-997f-6a7c74736fde/1773360000.0_mean_300.0_v3 HTTP/1.0 404 - python-swiftclient-3.11.1 gAAAAABputlD68p8... - 70 - tx45e39d80c8f94bfcab326-0069bad9d1 - 0.0080 - - 1773853137.538203239 1773853137.546189308 0
Mar 18 16:58:57 standalone container-server[127351]: 172.20.0.100 - - [18/Mar/2026:16:58:57 +0000] "PUT /d1/565/AUTH_f6638140618e4e358d6e35964b33ccb9/gnocchi.eb30e9c6-d2d8-4573-997f-6a7c74736fde/1773360000.0_mean_300.0_v3" 201 - "PUT http://172.18.0.2:8080/d1/958/AUTH_f6638140618e4e358d6e35964b33ccb9/gnocchi.eb30e9c6-d2d8-4573-997f-6a7c74736fde/1773360000.0_mean_300.0_v3" "tx49f97d7735dd45e0baa9c-0069bad9d1" "object-server 20" 0.0008 "-" 22 0
Mar 18 16:58:57 standalone object-server[127532]: 172.20.0.100 - - [18/Mar/2026:16:58:57 +0000] "PUT /d1/958/AUTH_f6638140618e4e358d6e35964b33ccb9/gnocchi.eb30e9c6-d2d8-4573-997f-6a7c74736fde/1773360000.0_mean_300.0_v3" 201 - "PUT http://172.18.0.2:8080/v1/AUTH_f6638140618e4e358d6e35964b33ccb9/gnocchi.eb30e9c6-d2d8-4573-997f-6a7c74736fde/1773360000.0_mean_300.0_v3" "tx49f97d7735dd45e0baa9c-0069bad9d1" "proxy-server 20" 0.0110 "-" 20 0
Mar 18 16:58:57 standalone proxy-server[129315]: 172.18.0.2 172.18.0.100 18/Mar/2026/16/58/57 PUT /v1/AUTH_f6638140618e4e358d6e35964b33ccb9/gnocchi.eb30e9c6-d2d8-4573-997f-6a7c74736fde/1773360000.0_mean_300.0_v3 HTTP/1.0 201 - python-swiftclient-3.11.1 gAAAAABputlD68p8... 16 - - tx49f97d7735dd45e0baa9c-0069bad9d1 - 0.0214 - - 1773853137.549338579 1773853137.570785046 0
Mar 18 16:58:57 standalone container-server[127356]: 172.20.0.100 - - [18/Mar/2026:16:58:57 +0000] "PUT /d1/565/AUTH_f6638140618e4e358d6e35964b33ccb9/gnocchi.eb30e9c6-d2d8-4573-997f-6a7c74736fde/none_v3" 201 - "PUT http://172.18.0.2:8080/d1/295/AUTH_f6638140618e4e358d6e35964b33ccb9/gnocchi.eb30e9c6-d2d8-4573-997f-6a7c74736fde/none_v3" "tx188ae6f4d36b474aa3cf5-0069bad9d1" "object-server 20" 0.0009 "-" 23 0
Mar 18 16:58:57 standalone object-server[127532]: 172.20.0.100 - - [18/Mar/2026:16:58:57 +0000] "PUT /d1/295/AUTH_f6638140618e4e358d6e35964b33ccb9/gnocchi.eb30e9c6-d2d8-4573-997f-6a7c74736fde/none_v3" 201 - "PUT http://172.18.0.2:8080/v1/AUTH_f6638140618e4e358d6e35964b33ccb9/gnocchi.eb30e9c6-d2d8-4573-997f-6a7c74736fde/none_v3" "tx188ae6f4d36b474aa3cf5-0069bad9d1" "proxy-server 20" 0.0105 "-" 20 0
Mar 18 16:58:57 standalone proxy-server[129315]: 172.18.0.2 172.18.0.100 18/Mar/2026/16/58/57 PUT /v1/AUTH_f6638140618e4e358d6e35964b33ccb9/gnocchi.eb30e9c6-d2d8-4573-997f-6a7c74736fde/none_v3 HTTP/1.0 201 - python-swiftclient-3.11.1 gAAAAABputlD68p8... 22 - - tx188ae6f4d36b474aa3cf5-0069bad9d1 - 0.0181 - - 1773853137.574080706 1773853137.592214108 0
Mar 18 16:58:57 standalone container-server[127351]: 172.20.0.100 - - [18/Mar/2026:16:58:57 +0000] "HEAD /d1/280/AUTH_f6638140618e4e358d6e35964b33ccb9/gnocchi.184e042a-fdfe-4628-9d3f-3ae5a2da368b" 404 - "HEAD http://172.18.0.2:8080/v1/AUTH_f6638140618e4e358d6e35964b33ccb9/gnocchi.184e042a-fdfe-4628-9d3f-3ae5a2da368b?format=json&states=listing" "tx063e7fdfbb5f4990b1bb5-0069bad9d1" "proxy-server 20" 0.0005 "-" 22 0
Mar 18 16:58:57 standalone object-server[127543]: 172.20.0.100 - - [18/Mar/2026:16:58:57 +0000] "GET /d1/453/AUTH_f6638140618e4e358d6e35964b33ccb9/gnocchi.184e042a-fdfe-4628-9d3f-3ae5a2da368b/none_v3" 404 70 "GET http://172.18.0.2:8080/v1/AUTH_f6638140618e4e358d6e35964b33ccb9/gnocchi.184e042a-fdfe-4628-9d3f-3ae5a2da368b/none_v3" "tx063e7fdfbb5f4990b1bb5-0069bad9d1" "proxy-server 20" 0.0005 "-" 24 0
Mar 18 16:58:57 standalone proxy-server[129315]: 172.18.0.2 172.18.0.100 18/Mar/2026/16/58/57 GET /v1/AUTH_f6638140618e4e358d6e35964b33ccb9/gnocchi.184e042a-fdfe-4628-9d3f-3ae5a2da368b/none_v3 HTTP/1.0 404 - python-swiftclient-3.11.1 gAAAAABputlD68p8... - 70 - tx063e7fdfbb5f4990b1bb5-0069bad9d1 - 0.0143 - - 1773853137.610450506 1773853137.624726057 0
Mar 18 16:58:57 standalone account-server[127213]: 172.20.0.100 - - [18/Mar/2026:16:58:57 +0000] "PUT /d1/133/AUTH_f6638140618e4e358d6e35964b33ccb9/gnocchi.184e042a-fdfe-4628-9d3f-3ae5a2da368b" 201 - "PUT http://172.20.0.100:6001/d1/280/AUTH_f6638140618e4e358d6e35964b33ccb9/gnocchi.184e042a-fdfe-4628-9d3f-3ae5a2da368b" "txd2ccb684340c4a849aded-0069bad9d1" "container-server 21" 0.0060 "-" 23 0
Mar 18 16:58:57 standalone container-server[127348]: 172.20.0.100 - - [18/Mar/2026:16:58:57 +0000] "PUT /d1/280/AUTH_f6638140618e4e358d6e35964b33ccb9/gnocchi.184e042a-fdfe-4628-9d3f-3ae5a2da368b" 201 - "PUT http://172.18.0.2:8080/v1/AUTH_f6638140618e4e358d6e35964b33ccb9/gnocchi.184e042a-fdfe-4628-9d3f-3ae5a2da368b" "txd2ccb684340c4a849aded-0069bad9d1" "proxy-server 20" 0.0178 "-" 21 0
Mar 18 16:58:57 standalone proxy-server[129315]: 172.18.0.2 172.18.0.100 18/Mar/2026/16/58/57 PUT /v1/AUTH_f6638140618e4e358d6e35964b33ccb9/gnocchi.184e042a-fdfe-4628-9d3f-3ae5a2da368b HTTP/1.0 201 - python-swiftclient-3.11.1 gAAAAABputlD68p8... - - - txd2ccb684340c4a849aded-0069bad9d1 - 0.0262 - - 1773853137.627937555 1773853137.654100180 0
Mar 18 16:58:57 standalone container-server[127341]: 172.20.0.100 - - [18/Mar/2026:16:58:57 +0000] "HEAD /d1/280/AUTH_f6638140618e4e358d6e35964b33ccb9/gnocchi.184e042a-fdfe-4628-9d3f-3ae5a2da368b" 204 - "HEAD http://172.18.0.2:8080/v1/AUTH_f6638140618e4e358d6e35964b33ccb9/gnocchi.184e042a-fdfe-4628-9d3f-3ae5a2da368b?format=json&states=listing" "tx9281f8d523be422f99214-0069bad9d1" "proxy-server 20" 0.0012 "-" 20 0
Mar 18 16:58:57 standalone proxy-server[129315]: - - 18/Mar/2026/16/58/57 HEAD /v1/AUTH_f6638140618e4e358d6e35964b33ccb9/gnocchi.184e042a-fdfe-4628-9d3f-3ae5a2da368b%3Fformat%3Djson%26states%3Dlisting HTTP/1.0 204 - Swift - - - - tx9281f8d523be422f99214-0069bad9d1 - 0.0059 RL - 1773853137.659472466 1773853137.665398836 0
Mar 18 16:58:57 standalone container-server[127348]: 172.20.0.100 - - [18/Mar/2026:16:58:57 +0000] "GET /d1/280/AUTH_f6638140618e4e358d6e35964b33ccb9/gnocchi.184e042a-fdfe-4628-9d3f-3ae5a2da368b" 200 2 "GET http://172.18.0.2:8080/v1/AUTH_f6638140618e4e358d6e35964b33ccb9/gnocchi.184e042a-fdfe-4628-9d3f-3ae5a2da368b?format=json&states=listing" "tx9281f8d523be422f99214-0069bad9d1" "proxy-server 20" 0.0031 "-" 21 0
Mar 18 16:58:57 standalone proxy-server[129315]: 172.18.0.2 172.18.0.100 18/Mar/2026/16/58/57 GET /v1/AUTH_f6638140618e4e358d6e35964b33ccb9/gnocchi.184e042a-fdfe-4628-9d3f-3ae5a2da368b%3Fformat%3Djson%26states%3Dlisting HTTP/1.0 200 - python-swiftclient-3.11.1 gAAAAABputlD68p8... - 2 - tx9281f8d523be422f99214-0069bad9d1 - 0.0226 - - 1773853137.658099174 1773853137.680746078 0
Mar 18 16:58:57 standalone object-server[127532]: 172.20.0.100 - - [18/Mar/2026:16:58:57 +0000] "GET /d1/104/AUTH_f6638140618e4e358d6e35964b33ccb9/gnocchi.184e042a-fdfe-4628-9d3f-3ae5a2da368b/1773360000.0_mean_300.0_v3" 404 70 "GET http://172.18.0.2:8080/v1/AUTH_f6638140618e4e358d6e35964b33ccb9/gnocchi.184e042a-fdfe-4628-9d3f-3ae5a2da368b/1773360000.0_mean_300.0_v3" "tx98c80d69929847da9dd14-0069bad9d1" "proxy-server 20" 0.0004 "-" 20 0
Mar 18 16:58:57 standalone proxy-server[129315]: 172.18.0.2 172.18.0.100 18/Mar/2026/16/58/57 GET /v1/AUTH_f6638140618e4e358d6e35964b33ccb9/gnocchi.184e042a-fdfe-4628-9d3f-3ae5a2da368b/1773360000.0_mean_300.0_v3 HTTP/1.0 404 - python-swiftclient-3.11.1 gAAAAABputlD68p8... - 70 - tx98c80d69929847da9dd14-0069bad9d1 - 0.0082 - - 1773853137.683835983 1773853137.692017555 0
Mar 18 16:58:57 standalone container-server[127348]: 172.20.0.100 - - [18/Mar/2026:16:58:57 +0000] "PUT /d1/280/AUTH_f6638140618e4e358d6e35964b33ccb9/gnocchi.184e042a-fdfe-4628-9d3f-3ae5a2da368b/1773360000.0_mean_300.0_v3" 201 - "PUT http://172.18.0.2:8080/d1/104/AUTH_f6638140618e4e358d6e35964b33ccb9/gnocchi.184e042a-fdfe-4628-9d3f-3ae5a2da368b/1773360000.0_mean_300.0_v3" "txe15989bcff834c95833c0-0069bad9d1" "object-server 23" 0.0005 "-" 21 0
Mar 18 16:58:57 standalone object-server[127540]: 172.20.0.100 - - [18/Mar/2026:16:58:57 +0000] "PUT /d1/104/AUTH_f6638140618e4e358d6e35964b33ccb9/gnocchi.184e042a-fdfe-4628-9d3f-3ae5a2da368b/1773360000.0_mean_300.0_v3" 201 - "PUT http://172.18.0.2:8080/v1/AUTH_f6638140618e4e358d6e35964b33ccb9/gnocchi.184e042a-fdfe-4628-9d3f-3ae5a2da368b/1773360000.0_mean_300.0_v3" "txe15989bcff834c95833c0-0069bad9d1" "proxy-server 20" 0.0111 "-" 23 0
Mar 18 16:58:57 standalone proxy-server[129315]: 172.18.0.2 172.18.0.100 18/Mar/2026/16/58/57 PUT /v1/AUTH_f6638140618e4e358d6e35964b33ccb9/gnocchi.184e042a-fdfe-4628-9d3f-3ae5a2da368b/1773360000.0_mean_300.0_v3 HTTP/1.0 201 - python-swiftclient-3.11.1 gAAAAABputlD68p8... 16 - - txe15989bcff834c95833c0-0069bad9d1 - 0.0214 - - 1773853137.696821690 1773853137.718199253 0
Mar 18 16:58:57 standalone container-server[127341]: 172.20.0.100 - - [18/Mar/2026:16:58:57 +0000] "PUT /d1/280/AUTH_f6638140618e4e358d6e35964b33ccb9/gnocchi.184e042a-fdfe-4628-9d3f-3ae5a2da368b/none_v3" 201 - "PUT http://172.18.0.2:8080/d1/453/AUTH_f6638140618e4e358d6e35964b33ccb9/gnocchi.184e042a-fdfe-4628-9d3f-3ae5a2da368b/none_v3" "txcde5203f87f84645a8658-0069bad9d1" "object-server 24" 0.0016 "-" 20 0
Mar 18 16:58:57 standalone object-server[127543]: 172.20.0.100 - - [18/Mar/2026:16:58:57 +0000] "PUT /d1/453/AUTH_f6638140618e4e358d6e35964b33ccb9/gnocchi.184e042a-fdfe-4628-9d3f-3ae5a2da368b/none_v3" 201 - "PUT http://172.18.0.2:8080/v1/AUTH_f6638140618e4e358d6e35964b33ccb9/gnocchi.184e042a-fdfe-4628-9d3f-3ae5a2da368b/none_v3" "txcde5203f87f84645a8658-0069bad9d1" "proxy-server 20" 0.0182 "-" 24 0
Mar 18 16:58:57 standalone proxy-server[129315]: 172.18.0.2 172.18.0.100 18/Mar/2026/16/58/57 PUT /v1/AUTH_f6638140618e4e358d6e35964b33ccb9/gnocchi.184e042a-fdfe-4628-9d3f-3ae5a2da368b/none_v3 HTTP/1.0 201 - python-swiftclient-3.11.1 gAAAAABputlD68p8... 22 - - txcde5203f87f84645a8658-0069bad9d1 - 0.0337 - - 1773853137.724210978 1773853137.757917881 0
Mar 18 16:59:03 standalone container-server[127348]: 172.20.0.100 - - [18/Mar/2026:16:59:03 +0000] "HEAD /d1/239/AUTH_f6638140618e4e358d6e35964b33ccb9/gnocchi.e5bf4245-b6fd-458a-b78b-862155636f62" 404 - "HEAD http://172.18.0.2:8080/v1/AUTH_f6638140618e4e358d6e35964b33ccb9/gnocchi.e5bf4245-b6fd-458a-b78b-862155636f62?format=json&states=listing" "tx38b501a717bc42abb7132-0069bad9d7" "proxy-server 20" 0.0008 "-" 21 0
Mar 18 16:59:03 standalone object-server[127543]: 172.20.0.100 - - [18/Mar/2026:16:59:03 +0000] "GET /d1/327/AUTH_f6638140618e4e358d6e35964b33ccb9/gnocchi.e5bf4245-b6fd-458a-b78b-862155636f62/none_v3" 404 70 "GET http://172.18.0.2:8080/v1/AUTH_f6638140618e4e358d6e35964b33ccb9/gnocchi.e5bf4245-b6fd-458a-b78b-862155636f62/none_v3" "tx38b501a717bc42abb7132-0069bad9d7" "proxy-server 20" 0.0005 "-" 24 0
Mar 18 16:59:03 standalone proxy-server[129315]: 172.18.0.2 172.18.0.100 18/Mar/2026/16/59/03 GET /v1/AUTH_f6638140618e4e358d6e35964b33ccb9/gnocchi.e5bf4245-b6fd-458a-b78b-862155636f62/none_v3 HTTP/1.0 404 - python-swiftclient-3.11.1 gAAAAABputlD68p8... - 70 - tx38b501a717bc42abb7132-0069bad9d7 - 0.0113 - - 1773853143.193390131 1773853143.204680204 0
Mar 18 16:59:03 standalone account-server[127210]: 172.20.0.100 - - [18/Mar/2026:16:59:03 +0000] "PUT /d1/133/AUTH_f6638140618e4e358d6e35964b33ccb9/gnocchi.e5bf4245-b6fd-458a-b78b-862155636f62" 201 - "PUT http://172.20.0.100:6001/d1/239/AUTH_f6638140618e4e358d6e35964b33ccb9/gnocchi.e5bf4245-b6fd-458a-b78b-862155636f62" "txa3e869f7d8b5461fa9404-0069bad9d7" "container-server 20" 0.0094 "-" 22 0
Mar 18 16:59:03 standalone container-server[127341]: 172.20.0.100 - - [18/Mar/2026:16:59:03 +0000] "PUT /d1/239/AUTH_f6638140618e4e358d6e35964b33ccb9/gnocchi.e5bf4245-b6fd-458a-b78b-862155636f62" 201 - "PUT http://172.18.0.2:8080/v1/AUTH_f6638140618e4e358d6e35964b33ccb9/gnocchi.e5bf4245-b6fd-458a-b78b-862155636f62" "txa3e869f7d8b5461fa9404-0069bad9d7" "proxy-server 20" 0.0251 "-" 20 0
Mar 18 16:59:03 standalone proxy-server[129315]: 172.18.0.2 172.18.0.100 18/Mar/2026/16/59/03 PUT /v1/AUTH_f6638140618e4e358d6e35964b33ccb9/gnocchi.e5bf4245-b6fd-458a-b78b-862155636f62 HTTP/1.0 201 - python-swiftclient-3.11.1 gAAAAABputlD68p8... - - - txa3e869f7d8b5461fa9404-0069bad9d7 - 0.0300 - - 1773853143.208076477 1773853143.238070726 0
Mar 18 16:59:03 standalone container-server[127348]: 172.20.0.100 - - [18/Mar/2026:16:59:03 +0000] "HEAD /d1/239/AUTH_f6638140618e4e358d6e35964b33ccb9/gnocchi.e5bf4245-b6fd-458a-b78b-862155636f62" 204 - "HEAD http://172.18.0.2:8080/v1/AUTH_f6638140618e4e358d6e35964b33ccb9/gnocchi.e5bf4245-b6fd-458a-b78b-862155636f62?format=json&states=listing" "txae6efc70e0ab4f279f4fb-0069bad9d7" "proxy-server 20" 0.0021 "-" 21 0
Mar 18 16:59:03 standalone proxy-server[129315]: - - 18/Mar/2026/16/59/03 HEAD /v1/AUTH_f6638140618e4e358d6e35964b33ccb9/gnocchi.e5bf4245-b6fd-458a-b78b-862155636f62%3Fformat%3Djson%26states%3Dlisting HTTP/1.0 204 - Swift - - - - txae6efc70e0ab4f279f4fb-0069bad9d7 - 0.0055 RL - 1773853143.243377447 1773853143.248907566 0
Mar 18 16:59:03 standalone container-server[127341]: 172.20.0.100 - - [18/Mar/2026:16:59:03 +0000] "GET /d1/239/AUTH_f6638140618e4e358d6e35964b33ccb9/gnocchi.e5bf4245-b6fd-458a-b78b-862155636f62" 200 2 "GET http://172.18.0.2:8080/v1/AUTH_f6638140618e4e358d6e35964b33ccb9/gnocchi.e5bf4245-b6fd-458a-b78b-862155636f62?format=json&states=listing" "txae6efc70e0ab4f279f4fb-0069bad9d7" "proxy-server 20" 0.0035 "-" 20 0
Mar 18 16:59:03 standalone proxy-server[129315]: 172.18.0.2 172.18.0.100 18/Mar/2026/16/59/03 GET /v1/AUTH_f6638140618e4e358d6e35964b33ccb9/gnocchi.e5bf4245-b6fd-458a-b78b-862155636f62%3Fformat%3Djson%26states%3Dlisting HTTP/1.0 200 - python-swiftclient-3.11.1 gAAAAABputlD68p8... - 2 - txae6efc70e0ab4f279f4fb-0069bad9d7 - 0.0175 - - 1773853143.242343187 1773853143.259839058 0
Mar 18 16:59:03 standalone object-server[127532]: 172.20.0.100 - - [18/Mar/2026:16:59:03 +0000] "GET /d1/586/AUTH_f6638140618e4e358d6e35964b33ccb9/gnocchi.e5bf4245-b6fd-458a-b78b-862155636f62/1773360000.0_mean_300.0_v3" 404 70 "GET http://172.18.0.2:8080/v1/AUTH_f6638140618e4e358d6e35964b33ccb9/gnocchi.e5bf4245-b6fd-458a-b78b-862155636f62/1773360000.0_mean_300.0_v3" "txd972da892de14b4e8c154-0069bad9d7" "proxy-server 20" 0.0005 "-" 20 0
Mar 18 16:59:03 standalone proxy-server[129315]: 172.18.0.2 172.18.0.100 18/Mar/2026/16/59/03 GET /v1/AUTH_f6638140618e4e358d6e35964b33ccb9/gnocchi.e5bf4245-b6fd-458a-b78b-862155636f62/1773360000.0_mean_300.0_v3 HTTP/1.0 404 - python-swiftclient-3.11.1 gAAAAABputlD68p8... - 70 - txd972da892de14b4e8c154-0069bad9d7 - 0.0126 - - 1773853143.271102667 1773853143.283703327 0
Mar 18 16:59:03 standalone container-server[127351]: 172.20.0.100 - - [18/Mar/2026:16:59:03 +0000] "PUT /d1/239/AUTH_f6638140618e4e358d6e35964b33ccb9/gnocchi.e5bf4245-b6fd-458a-b78b-862155636f62/1773360000.0_mean_300.0_v3" 201 - "PUT http://172.18.0.2:8080/d1/586/AUTH_f6638140618e4e358d6e35964b33ccb9/gnocchi.e5bf4245-b6fd-458a-b78b-862155636f62/1773360000.0_mean_300.0_v3" "txd67ac443939743cc915b5-0069bad9d7" "object-server 23" 0.0008 "-" 22 0
Mar 18 16:59:03 standalone object-server[127540]: 172.20.0.100 - - [18/Mar/2026:16:59:03 +0000] "PUT /d1/586/AUTH_f6638140618e4e358d6e35964b33ccb9/gnocchi.e5bf4245-b6fd-458a-b78b-862155636f62/1773360000.0_mean_300.0_v3" 201 - "PUT http://172.18.0.2:8080/v1/AUTH_f6638140618e4e358d6e35964b33ccb9/gnocchi.e5bf4245-b6fd-458a-b78b-862155636f62/1773360000.0_mean_300.0_v3" "txd67ac443939743cc915b5-0069bad9d7" "proxy-server 20" 0.0176 "-" 23 0
Mar 18 16:59:03 standalone proxy-server[129315]: 172.18.0.2 172.18.0.100 18/Mar/2026/16/59/03 PUT /v1/AUTH_f6638140618e4e358d6e35964b33ccb9/gnocchi.e5bf4245-b6fd-458a-b78b-862155636f62/1773360000.0_mean_300.0_v3 HTTP/1.0 201 - python-swiftclient-3.11.1 gAAAAABputlD68p8... 16 - - txd67ac443939743cc915b5-0069bad9d7 - 0.0261 - - 1773853143.287904501 1773853143.314012527 0
Mar 18 16:59:03 standalone container-server[127341]: 172.20.0.100 - - [18/Mar/2026:16:59:03 +0000] "PUT /d1/239/AUTH_f6638140618e4e358d6e35964b33ccb9/gnocchi.e5bf4245-b6fd-458a-b78b-862155636f62/none_v3" 201 - "PUT http://172.18.0.2:8080/d1/327/AUTH_f6638140618e4e358d6e35964b33ccb9/gnocchi.e5bf4245-b6fd-458a-b78b-862155636f62/none_v3" "txf91f1291af91479fb31fb-0069bad9d7" "object-server 20" 0.0004 "-" 20 0
Mar 18 16:59:03 standalone object-server[127532]: 172.20.0.100 - - [18/Mar/2026:16:59:03 +0000] "PUT /d1/327/AUTH_f6638140618e4e358d6e35964b33ccb9/gnocchi.e5bf4245-b6fd-458a-b78b-862155636f62/none_v3" 201 - "PUT http://172.18.0.2:8080/v1/AUTH_f6638140618e4e358d6e35964b33ccb9/gnocchi.e5bf4245-b6fd-458a-b78b-862155636f62/none_v3" "txf91f1291af91479fb31fb-0069bad9d7" "proxy-server 20" 0.0120 "-" 20 0
Mar 18 16:59:03 standalone proxy-server[129315]: 172.18.0.2 172.18.0.100 18/Mar/2026/16/59/03 PUT /v1/AUTH_f6638140618e4e358d6e35964b33ccb9/gnocchi.e5bf4245-b6fd-458a-b78b-862155636f62/none_v3 HTTP/1.0 201 - python-swiftclient-3.11.1 gAAAAABputlD68p8... 22 - - txf91f1291af91479fb31fb-0069bad9d7 - 0.0199 - - 1773853143.317784548 1773853143.337637663 0
Mar 18 16:59:08 standalone object-server[127540]: 172.20.0.100 - - [18/Mar/2026:16:59:08 +0000] "GET /d1/327/AUTH_f6638140618e4e358d6e35964b33ccb9/gnocchi.e5bf4245-b6fd-458a-b78b-862155636f62/none_v3" 200 22 "GET http://172.18.0.2:8080/v1/AUTH_f6638140618e4e358d6e35964b33ccb9/gnocchi.e5bf4245-b6fd-458a-b78b-862155636f62/none_v3" "tx0340b8a9c1274cc484204-0069bad9dc" "proxy-server 20" 0.0011 "-" 23 0
Mar 18 16:59:08 standalone proxy-server[129315]: 172.18.0.2 172.18.0.100 18/Mar/2026/16/59/08 GET /v1/AUTH_f6638140618e4e358d6e35964b33ccb9/gnocchi.e5bf4245-b6fd-458a-b78b-862155636f62/none_v3 HTTP/1.0 200 - python-swiftclient-3.11.1 gAAAAABputlD68p8... - 22 - tx0340b8a9c1274cc484204-0069bad9dc - 0.0079 - - 1773853148.596314907 1773853148.604182959 0
Mar 18 16:59:08 standalone container-server[127356]: 172.20.0.100 - - [18/Mar/2026:16:59:08 +0000] "GET /d1/239/AUTH_f6638140618e4e358d6e35964b33ccb9/gnocchi.e5bf4245-b6fd-458a-b78b-862155636f62" 200 357 "GET http://172.18.0.2:8080/v1/AUTH_f6638140618e4e358d6e35964b33ccb9/gnocchi.e5bf4245-b6fd-458a-b78b-862155636f62?format=json&states=listing" "tx62c79ea86fd24cea99c5a-0069bad9dc" "proxy-server 20" 0.0113 "-" 23 0
Mar 18 16:59:08 standalone proxy-server[129315]: 172.18.0.2 172.18.0.100 18/Mar/2026/16/59/08 GET /v1/AUTH_f6638140618e4e358d6e35964b33ccb9/gnocchi.e5bf4245-b6fd-458a-b78b-862155636f62%3Fformat%3Djson%26states%3Dlisting HTTP/1.0 200 - python-swiftclient-3.11.1 gAAAAABputlD68p8... - 357 - tx62c79ea86fd24cea99c5a-0069bad9dc - 0.0186 - - 1773853148.609136820 1773853148.627727985 0
Mar 18 16:59:08 standalone container-server[127341]: 172.20.0.100 - - [18/Mar/2026:16:59:08 +0000] "GET /d1/239/AUTH_f6638140618e4e358d6e35964b33ccb9/gnocchi.e5bf4245-b6fd-458a-b78b-862155636f62" 200 2 "GET http://172.18.0.2:8080/v1/AUTH_f6638140618e4e358d6e35964b33ccb9/gnocchi.e5bf4245-b6fd-458a-b78b-862155636f62?format=json&marker=none_v3&states=listing" "tx339eb9766b63462881e87-0069bad9dc" "proxy-server 20" 0.0024 "-" 20 0
Mar 18 16:59:08 standalone proxy-server[129315]: 172.18.0.2 172.18.0.100 18/Mar/2026/16/59/08 GET /v1/AUTH_f6638140618e4e358d6e35964b33ccb9/gnocchi.e5bf4245-b6fd-458a-b78b-862155636f62%3Fformat%3Djson%26marker%3Dnone_v3%26states%3Dlisting HTTP/1.0 200 - python-swiftclient-3.11.1 gAAAAABputlD68p8... - 2 - tx339eb9766b63462881e87-0069bad9dc - 0.0086 - - 1773853148.631259203 1773853148.639882088 0
Mar 18 16:59:08 standalone object-server[127532]: 172.20.0.100 - - [18/Mar/2026:16:59:08 +0000] "GET /d1/586/AUTH_f6638140618e4e358d6e35964b33ccb9/gnocchi.e5bf4245-b6fd-458a-b78b-862155636f62/1773360000.0_mean_300.0_v3" 200 16 "GET http://172.18.0.2:8080/v1/AUTH_f6638140618e4e358d6e35964b33ccb9/gnocchi.e5bf4245-b6fd-458a-b78b-862155636f62/1773360000.0_mean_300.0_v3" "tx2c62a9db509b46aabb31d-0069bad9dc" "proxy-server 20" 0.0008 "-" 20 0
Mar 18 16:59:08 standalone proxy-server[129315]: 172.18.0.2 172.18.0.100 18/Mar/2026/16/59/08 GET /v1/AUTH_f6638140618e4e358d6e35964b33ccb9/gnocchi.e5bf4245-b6fd-458a-b78b-862155636f62/1773360000.0_mean_300.0_v3 HTTP/1.0 200 - python-swiftclient-3.11.1 gAAAAABputlD68p8... - 16 - tx2c62a9db509b46aabb31d-0069bad9dc - 0.0063 - - 1773853148.644685030 1773853148.650959015 0
Mar 18 16:59:08 standalone container-server[127348]: 172.20.0.100 - - [18/Mar/2026:16:59:08 +0000] "PUT /d1/239/AUTH_f6638140618e4e358d6e35964b33ccb9/gnocchi.e5bf4245-b6fd-458a-b78b-862155636f62/1773360000.0_mean_300.0_v3" 201 - "PUT http://172.18.0.2:8080/d1/586/AUTH_f6638140618e4e358d6e35964b33ccb9/gnocchi.e5bf4245-b6fd-458a-b78b-862155636f62/1773360000.0_mean_300.0_v3" "tx98a2e703da434a5eb9ae0-0069bad9dc" "object-server 23" 0.0017 "-" 21 0
Mar 18 16:59:08 standalone object-server[127540]: 172.20.0.100 - - [18/Mar/2026:16:59:08 +0000] "PUT /d1/586/AUTH_f6638140618e4e358d6e35964b33ccb9/gnocchi.e5bf4245-b6fd-458a-b78b-862155636f62/1773360000.0_mean_300.0_v3" 201 - "PUT http://172.18.0.2:8080/v1/AUTH_f6638140618e4e358d6e35964b33ccb9/gnocchi.e5bf4245-b6fd-458a-b78b-862155636f62/1773360000.0_mean_300.0_v3" "tx98a2e703da434a5eb9ae0-0069bad9dc" "proxy-server 20" 0.0121 "-" 23 0
Mar 18 16:59:08 standalone proxy-server[129315]: 172.18.0.2 172.18.0.100 18/Mar/2026/16/59/08 PUT /v1/AUTH_f6638140618e4e358d6e35964b33ccb9/gnocchi.e5bf4245-b6fd-458a-b78b-862155636f62/1773360000.0_mean_300.0_v3 HTTP/1.0 201 - python-swiftclient-3.11.1 gAAAAABputlD68p8... 16 - - tx98a2e703da434a5eb9ae0-0069bad9dc - 0.0165 - - 1773853148.655411243 1773853148.671888828 0
Mar 18 16:59:08 standalone container-server[127348]: 172.20.0.100 - - [18/Mar/2026:16:59:08 +0000] "PUT /d1/239/AUTH_f6638140618e4e358d6e35964b33ccb9/gnocchi.e5bf4245-b6fd-458a-b78b-862155636f62/none_v3" 201 - "PUT http://172.18.0.2:8080/d1/327/AUTH_f6638140618e4e358d6e35964b33ccb9/gnocchi.e5bf4245-b6fd-458a-b78b-862155636f62/none_v3" "tx67f22c89b1c94f1082521-0069bad9dc" "object-server 22" 0.0009 "-" 21 0
Mar 18 16:59:08 standalone object-server[127535]: 172.20.0.100 - - [18/Mar/2026:16:59:08 +0000] "PUT /d1/327/AUTH_f6638140618e4e358d6e35964b33ccb9/gnocchi.e5bf4245-b6fd-458a-b78b-862155636f62/none_v3" 201 - "PUT http://172.18.0.2:8080/v1/AUTH_f6638140618e4e358d6e35964b33ccb9/gnocchi.e5bf4245-b6fd-458a-b78b-862155636f62/none_v3" "tx67f22c89b1c94f1082521-0069bad9dc" "proxy-server 20" 0.0220 "-" 22 0
Mar 18 16:59:08 standalone proxy-server[129315]: 172.18.0.2 172.18.0.100 18/Mar/2026/16/59/08 PUT /v1/AUTH_f6638140618e4e358d6e35964b33ccb9/gnocchi.e5bf4245-b6fd-458a-b78b-862155636f62/none_v3 HTTP/1.0 201 - python-swiftclient-3.11.1 gAAAAABputlD68p8... 32 - - tx67f22c89b1c94f1082521-0069bad9dc - 0.0285 - - 1773853148.675796747 1773853148.704247952 0
Mar 18 16:59:24 standalone container-server[127341]: 172.20.0.100 - - [18/Mar/2026:16:59:24 +0000] "HEAD /d1/453/AUTH_f6638140618e4e358d6e35964b33ccb9/gnocchi.968b72a2-3f5a-4c11-b574-0fe187394904" 404 - "HEAD http://172.18.0.2:8080/v1/AUTH_f6638140618e4e358d6e35964b33ccb9/gnocchi.968b72a2-3f5a-4c11-b574-0fe187394904?format=json&states=listing" "tx8c1ca1e2dde2403c8aab2-0069bad9ec" "proxy-server 20" 0.0005 "-" 20 0
Mar 18 16:59:24 standalone object-server[127532]: 172.20.0.100 - - [18/Mar/2026:16:59:24 +0000] "GET /d1/575/AUTH_f6638140618e4e358d6e35964b33ccb9/gnocchi.968b72a2-3f5a-4c11-b574-0fe187394904/none_v3" 404 70 "GET http://172.18.0.2:8080/v1/AUTH_f6638140618e4e358d6e35964b33ccb9/gnocchi.968b72a2-3f5a-4c11-b574-0fe187394904/none_v3" "tx8c1ca1e2dde2403c8aab2-0069bad9ec" "proxy-server 20" 0.0004 "-" 20 0
Mar 18 16:59:24 standalone proxy-server[129315]: 172.18.0.2 172.18.0.100 18/Mar/2026/16/59/24 GET /v1/AUTH_f6638140618e4e358d6e35964b33ccb9/gnocchi.968b72a2-3f5a-4c11-b574-0fe187394904/none_v3 HTTP/1.0 404 - python-swiftclient-3.11.1 gAAAAABputlD68p8... - 70 - tx8c1ca1e2dde2403c8aab2-0069bad9ec - 0.0112 - - 1773853164.572592020 1773853164.583768845 0
Mar 18 16:59:24 standalone account-server[127207]: 172.20.0.100 - - [18/Mar/2026:16:59:24 +0000] "PUT /d1/133/AUTH_f6638140618e4e358d6e35964b33ccb9/gnocchi.968b72a2-3f5a-4c11-b574-0fe187394904" 201 - "PUT http://172.20.0.100:6001/d1/453/AUTH_f6638140618e4e358d6e35964b33ccb9/gnocchi.968b72a2-3f5a-4c11-b574-0fe187394904" "txc5640ca0029a4f4db9906-0069bad9ec" "container-server 22" 0.0048 "-" 21 0
Mar 18 16:59:24 standalone container-server[127351]: 172.20.0.100 - - [18/Mar/2026:16:59:24 +0000] "PUT /d1/453/AUTH_f6638140618e4e358d6e35964b33ccb9/gnocchi.968b72a2-3f5a-4c11-b574-0fe187394904" 201 - "PUT http://172.18.0.2:8080/v1/AUTH_f6638140618e4e358d6e35964b33ccb9/gnocchi.968b72a2-3f5a-4c11-b574-0fe187394904" "txc5640ca0029a4f4db9906-0069bad9ec" "proxy-server 20" 0.0166 "-" 22 0
Mar 18 16:59:24 standalone proxy-server[129315]: 172.18.0.2 172.18.0.100 18/Mar/2026/16/59/24 PUT /v1/AUTH_f6638140618e4e358d6e35964b33ccb9/gnocchi.968b72a2-3f5a-4c11-b574-0fe187394904 HTTP/1.0 201 - python-swiftclient-3.11.1 gAAAAABputlD68p8... - - - txc5640ca0029a4f4db9906-0069bad9ec - 0.0219 - - 1773853164.587847471 1773853164.609737158 0
Mar 18 16:59:24 standalone container-server[127341]: 172.20.0.100 - - [18/Mar/2026:16:59:24 +0000] "HEAD /d1/453/AUTH_f6638140618e4e358d6e35964b33ccb9/gnocchi.968b72a2-3f5a-4c11-b574-0fe187394904" 204 - "HEAD http://172.18.0.2:8080/v1/AUTH_f6638140618e4e358d6e35964b33ccb9/gnocchi.968b72a2-3f5a-4c11-b574-0fe187394904?format=json&states=listing" "txf1e970da334f4b1183710-0069bad9ec" "proxy-server 20" 0.0012 "-" 20 0
Mar 18 16:59:24 standalone proxy-server[129315]: - - 18/Mar/2026/16/59/24 HEAD /v1/AUTH_f6638140618e4e358d6e35964b33ccb9/gnocchi.968b72a2-3f5a-4c11-b574-0fe187394904%3Fformat%3Djson%26states%3Dlisting HTTP/1.0 204 - Swift - - - - txf1e970da334f4b1183710-0069bad9ec - 0.0040 RL - 1773853164.615078449 1773853164.619053364 0
Mar 18 16:59:24 standalone container-server[127356]: 172.20.0.100 - - [18/Mar/2026:16:59:24 +0000] "GET /d1/453/AUTH_f6638140618e4e358d6e35964b33ccb9/gnocchi.968b72a2-3f5a-4c11-b574-0fe187394904" 200 2 "GET http://172.18.0.2:8080/v1/AUTH_f6638140618e4e358d6e35964b33ccb9/gnocchi.968b72a2-3f5a-4c11-b574-0fe187394904?format=json&states=listing" "txf1e970da334f4b1183710-0069bad9ec" "proxy-server 20" 0.0023 "-" 23 0
Mar 18 16:59:24 standalone proxy-server[129315]: 172.18.0.2 172.18.0.100 18/Mar/2026/16/59/24 GET /v1/AUTH_f6638140618e4e358d6e35964b33ccb9/gnocchi.968b72a2-3f5a-4c11-b574-0fe187394904%3Fformat%3Djson%26states%3Dlisting HTTP/1.0 200 - python-swiftclient-3.11.1 gAAAAABputlD68p8... - 2 - txf1e970da334f4b1183710-0069bad9ec - 0.0162 - - 1773853164.614128113 1773853164.630296946 0
Mar 18 16:59:24 standalone object-server[127532]: 172.20.0.100 - - [18/Mar/2026:16:59:24 +0000] "GET /d1/540/AUTH_f6638140618e4e358d6e35964b33ccb9/gnocchi.968b72a2-3f5a-4c11-b574-0fe187394904/1773360000.0_mean_300.0_v3" 404 70 "GET http://172.18.0.2:8080/v1/AUTH_f6638140618e4e358d6e35964b33ccb9/gnocchi.968b72a2-3f5a-4c11-b574-0fe187394904/1773360000.0_mean_300.0_v3" "tx24c48b5ad9614fd285846-0069bad9ec" "proxy-server 20" 0.0003 "-" 20 0
Mar 18 16:59:24 standalone proxy-server[129315]: 172.18.0.2 172.18.0.100 18/Mar/2026/16/59/24 GET /v1/AUTH_f6638140618e4e358d6e35964b33ccb9/gnocchi.968b72a2-3f5a-4c11-b574-0fe187394904/1773360000.0_mean_300.0_v3 HTTP/1.0 404 - python-swiftclient-3.11.1 gAAAAABputlD68p8... - 70 - tx24c48b5ad9614fd285846-0069bad9ec - 0.0109 - - 1773853164.634397268 1773853164.645330667 0
Mar 18 16:59:24 standalone container-server[127351]: 172.20.0.100 - - [18/Mar/2026:16:59:24 +0000] "PUT /d1/453/AUTH_f6638140618e4e358d6e35964b33ccb9/gnocchi.968b72a2-3f5a-4c11-b574-0fe187394904/1773360000.0_mean_300.0_v3" 201 - "PUT http://172.18.0.2:8080/d1/540/AUTH_f6638140618e4e358d6e35964b33ccb9/gnocchi.968b72a2-3f5a-4c11-b574-0fe187394904/1773360000.0_mean_300.0_v3" "tx6f3e8216fc8f4bf2bfb19-0069bad9ec" "object-server 20" 0.0007 "-" 22 0
Mar 18 16:59:24 standalone object-server[127532]: 172.20.0.100 - - [18/Mar/2026:16:59:24 +0000] "PUT /d1/540/AUTH_f6638140618e4e358d6e35964b33ccb9/gnocchi.968b72a2-3f5a-4c11-b574-0fe187394904/1773360000.0_mean_300.0_v3" 201 - "PUT http://172.18.0.2:8080/v1/AUTH_f6638140618e4e358d6e35964b33ccb9/gnocchi.968b72a2-3f5a-4c11-b574-0fe187394904/1773360000.0_mean_300.0_v3" "tx6f3e8216fc8f4bf2bfb19-0069bad9ec" "proxy-server 20" 0.0108 "-" 20 0
Mar 18 16:59:24 standalone proxy-server[129315]: 172.18.0.2 172.18.0.100 18/Mar/2026/16/59/24 PUT /v1/AUTH_f6638140618e4e358d6e35964b33ccb9/gnocchi.968b72a2-3f5a-4c11-b574-0fe187394904/1773360000.0_mean_300.0_v3 HTTP/1.0 201 - python-swiftclient-3.11.1 gAAAAABputlD68p8... 16 - - tx6f3e8216fc8f4bf2bfb19-0069bad9ec - 0.0181 - - 1773853164.648578167 1773853164.666655302 0
Mar 18 16:59:24 standalone container-server[127351]: 172.20.0.100 - - [18/Mar/2026:16:59:24 +0000] "PUT /d1/453/AUTH_f6638140618e4e358d6e35964b33ccb9/gnocchi.968b72a2-3f5a-4c11-b574-0fe187394904/none_v3" 201 - "PUT http://172.18.0.2:8080/d1/575/AUTH_f6638140618e4e358d6e35964b33ccb9/gnocchi.968b72a2-3f5a-4c11-b574-0fe187394904/none_v3" "tx4b79eaa3fa114468a57be-0069bad9ec" "object-server 24" 0.0006 "-" 22 0
Mar 18 16:59:24 standalone object-server[127543]: 172.20.0.100 - - [18/Mar/2026:16:59:24 +0000] "PUT /d1/575/AUTH_f6638140618e4e358d6e35964b33ccb9/gnocchi.968b72a2-3f5a-4c11-b574-0fe187394904/none_v3" 201 - "PUT http://172.18.0.2:8080/v1/AUTH_f6638140618e4e358d6e35964b33ccb9/gnocchi.968b72a2-3f5a-4c11-b574-0fe187394904/none_v3" "tx4b79eaa3fa114468a57be-0069bad9ec" "proxy-server 20" 0.0099 "-" 24 0
Mar 18 16:59:24 standalone proxy-server[129315]: 172.18.0.2 172.18.0.100 18/Mar/2026/16/59/24 PUT /v1/AUTH_f6638140618e4e358d6e35964b33ccb9/gnocchi.968b72a2-3f5a-4c11-b574-0fe187394904/none_v3 HTTP/1.0 201 - python-swiftclient-3.11.1 gAAAAABputlD68p8... 22 - - tx4b79eaa3fa114468a57be-0069bad9ec - 0.0176 - - 1773853164.668974400 1773853164.686600447 0
Mar 18 16:59:24 standalone container-server[127341]: 172.20.0.100 - - [18/Mar/2026:16:59:24 +0000] "HEAD /d1/638/AUTH_f6638140618e4e358d6e35964b33ccb9/gnocchi.7b17747c-048b-4d5f-87c5-3c5ef2d35287" 404 - "HEAD http://172.18.0.2:8080/v1/AUTH_f6638140618e4e358d6e35964b33ccb9/gnocchi.7b17747c-048b-4d5f-87c5-3c5ef2d35287?format=json&states=listing" "txd3f101f44cb146219b637-0069bad9ec" "proxy-server 20" 0.0004 "-" 20 0
Mar 18 16:59:24 standalone object-server[127535]: 172.20.0.100 - - [18/Mar/2026:16:59:24 +0000] "GET /d1/718/AUTH_f6638140618e4e358d6e35964b33ccb9/gnocchi.7b17747c-048b-4d5f-87c5-3c5ef2d35287/none_v3" 404 70 "GET http://172.18.0.2:8080/v1/AUTH_f6638140618e4e358d6e35964b33ccb9/gnocchi.7b17747c-048b-4d5f-87c5-3c5ef2d35287/none_v3" "txd3f101f44cb146219b637-0069bad9ec" "proxy-server 20" 0.0004 "-" 22 0
Mar 18 16:59:24 standalone proxy-server[129315]: 172.18.0.2 172.18.0.100 18/Mar/2026/16/59/24 GET /v1/AUTH_f6638140618e4e358d6e35964b33ccb9/gnocchi.7b17747c-048b-4d5f-87c5-3c5ef2d35287/none_v3 HTTP/1.0 404 - python-swiftclient-3.11.1 gAAAAABputlD68p8... - 70 - txd3f101f44cb146219b637-0069bad9ec - 0.0099 - - 1773853164.695526361 1773853164.705386639 0
Mar 18 16:59:24 standalone account-server[127213]: 172.20.0.100 - - [18/Mar/2026:16:59:24 +0000] "PUT /d1/133/AUTH_f6638140618e4e358d6e35964b33ccb9/gnocchi.7b17747c-048b-4d5f-87c5-3c5ef2d35287" 201 - "PUT http://172.20.0.100:6001/d1/638/AUTH_f6638140618e4e358d6e35964b33ccb9/gnocchi.7b17747c-048b-4d5f-87c5-3c5ef2d35287" "txffc39831c1f04bd786c02-0069bad9ec" "container-server 21" 0.0038 "-" 23 0
Mar 18 16:59:24 standalone container-server[127348]: 172.20.0.100 - - [18/Mar/2026:16:59:24 +0000] "PUT /d1/638/AUTH_f6638140618e4e358d6e35964b33ccb9/gnocchi.7b17747c-048b-4d5f-87c5-3c5ef2d35287" 201 - "PUT http://172.18.0.2:8080/v1/AUTH_f6638140618e4e358d6e35964b33ccb9/gnocchi.7b17747c-048b-4d5f-87c5-3c5ef2d35287" "txffc39831c1f04bd786c02-0069bad9ec" "proxy-server 20" 0.0140 "-" 21 0
Mar 18 16:59:24 standalone proxy-server[129315]: 172.18.0.2 172.18.0.100 18/Mar/2026/16/59/24 PUT /v1/AUTH_f6638140618e4e358d6e35964b33ccb9/gnocchi.7b17747c-048b-4d5f-87c5-3c5ef2d35287 HTTP/1.0 201 - python-swiftclient-3.11.1 gAAAAABputlD68p8... - - - txffc39831c1f04bd786c02-0069bad9ec - 0.0191 - - 1773853164.707562447 1773853164.726632118 0
Mar 18 16:59:24 standalone container-server[127356]: 172.20.0.100 - - [18/Mar/2026:16:59:24 +0000] "HEAD /d1/638/AUTH_f6638140618e4e358d6e35964b33ccb9/gnocchi.7b17747c-048b-4d5f-87c5-3c5ef2d35287" 204 - "HEAD http://172.18.0.2:8080/v1/AUTH_f6638140618e4e358d6e35964b33ccb9/gnocchi.7b17747c-048b-4d5f-87c5-3c5ef2d35287?format=json&states=listing" "tx42b0934a69104b6fa56af-0069bad9ec" "proxy-server 20" 0.0013 "-" 23 0
Mar 18 16:59:24 standalone proxy-server[129315]: - - 18/Mar/2026/16/59/24 HEAD /v1/AUTH_f6638140618e4e358d6e35964b33ccb9/gnocchi.7b17747c-048b-4d5f-87c5-3c5ef2d35287%3Fformat%3Djson%26states%3Dlisting HTTP/1.0 204 - Swift - - - - tx42b0934a69104b6fa56af-0069bad9ec - 0.0041 RL - 1773853164.730859995 1773853164.734947681 0
Mar 18 16:59:24 standalone container-server[127351]: 172.20.0.100 - - [18/Mar/2026:16:59:24 +0000] "GET /d1/638/AUTH_f6638140618e4e358d6e35964b33ccb9/gnocchi.7b17747c-048b-4d5f-87c5-3c5ef2d35287" 200 2 "GET http://172.18.0.2:8080/v1/AUTH_f6638140618e4e358d6e35964b33ccb9/gnocchi.7b17747c-048b-4d5f-87c5-3c5ef2d35287?format=json&states=listing" "tx42b0934a69104b6fa56af-0069bad9ec" "proxy-server 20" 0.0025 "-" 22 0
Mar 18 16:59:24 standalone proxy-server[129315]: 172.18.0.2 172.18.0.100 18/Mar/2026/16/59/24 GET /v1/AUTH_f6638140618e4e358d6e35964b33ccb9/gnocchi.7b17747c-048b-4d5f-87c5-3c5ef2d35287%3Fformat%3Djson%26states%3Dlisting HTTP/1.0 200 - python-swiftclient-3.11.1 gAAAAABputlD68p8... - 2 - tx42b0934a69104b6fa56af-0069bad9ec - 0.0142 - - 1773853164.729974270 1773853164.744193316 0
Mar 18 16:59:24 standalone object-server[127543]: 172.20.0.100 - - [18/Mar/2026:16:59:24 +0000] "GET /d1/681/AUTH_f6638140618e4e358d6e35964b33ccb9/gnocchi.7b17747c-048b-4d5f-87c5-3c5ef2d35287/1773360000.0_mean_300.0_v3" 404 70 "GET http://172.18.0.2:8080/v1/AUTH_f6638140618e4e358d6e35964b33ccb9/gnocchi.7b17747c-048b-4d5f-87c5-3c5ef2d35287/1773360000.0_mean_300.0_v3" "tx8e462b5fbfd94e7a93c86-0069bad9ec" "proxy-server 20" 0.0003 "-" 24 0
Mar 18 16:59:24 standalone proxy-server[129315]: 172.18.0.2 172.18.0.100 18/Mar/2026/16/59/24 GET /v1/AUTH_f6638140618e4e358d6e35964b33ccb9/gnocchi.7b17747c-048b-4d5f-87c5-3c5ef2d35287/1773360000.0_mean_300.0_v3 HTTP/1.0 404 - python-swiftclient-3.11.1 gAAAAABputlD68p8... - 70 - tx8e462b5fbfd94e7a93c86-0069bad9ec - 0.0042 - - 1773853164.748447418 1773853164.752614498 0
Mar 18 16:59:24 standalone container-server[127356]: 172.20.0.100 - - [18/Mar/2026:16:59:24 +0000] "PUT /d1/638/AUTH_f6638140618e4e358d6e35964b33ccb9/gnocchi.7b17747c-048b-4d5f-87c5-3c5ef2d35287/1773360000.0_mean_300.0_v3" 201 - "PUT http://172.18.0.2:8080/d1/681/AUTH_f6638140618e4e358d6e35964b33ccb9/gnocchi.7b17747c-048b-4d5f-87c5-3c5ef2d35287/1773360000.0_mean_300.0_v3" "tx25726a68f149455081430-0069bad9ec" "object-server 22" 0.0006 "-" 23 0
Mar 18 16:59:24 standalone object-server[127535]: 172.20.0.100 - - [18/Mar/2026:16:59:24 +0000] "PUT /d1/681/AUTH_f6638140618e4e358d6e35964b33ccb9/gnocchi.7b17747c-048b-4d5f-87c5-3c5ef2d35287/1773360000.0_mean_300.0_v3" 201 - "PUT http://172.18.0.2:8080/v1/AUTH_f6638140618e4e358d6e35964b33ccb9/gnocchi.7b17747c-048b-4d5f-87c5-3c5ef2d35287/1773360000.0_mean_300.0_v3" "tx25726a68f149455081430-0069bad9ec" "proxy-server 20" 0.0118 "-" 22 0
Mar 18 16:59:24 standalone proxy-server[129315]: 172.18.0.2 172.18.0.100 18/Mar/2026/16/59/24 PUT /v1/AUTH_f6638140618e4e358d6e35964b33ccb9/gnocchi.7b17747c-048b-4d5f-87c5-3c5ef2d35287/1773360000.0_mean_300.0_v3 HTTP/1.0 201 - python-swiftclient-3.11.1 gAAAAABputlD68p8... 16 - - tx25726a68f149455081430-0069bad9ec - 0.0175 - - 1773853164.757110357 1773853164.774601221 0
Mar 18 16:59:24 standalone container-server[127356]: 172.20.0.100 - - [18/Mar/2026:16:59:24 +0000] "PUT /d1/638/AUTH_f6638140618e4e358d6e35964b33ccb9/gnocchi.7b17747c-048b-4d5f-87c5-3c5ef2d35287/none_v3" 201 - "PUT http://172.18.0.2:8080/d1/718/AUTH_f6638140618e4e358d6e35964b33ccb9/gnocchi.7b17747c-048b-4d5f-87c5-3c5ef2d35287/none_v3" "tx1b0d90dd74d74cc889ac6-0069bad9ec" "object-server 23" 0.0005 "-" 23 0
Mar 18 16:59:24 standalone object-server[127540]: 172.20.0.100 - - [18/Mar/2026:16:59:24 +0000] "PUT /d1/718/AUTH_f6638140618e4e358d6e35964b33ccb9/gnocchi.7b17747c-048b-4d5f-87c5-3c5ef2d35287/none_v3" 201 - "PUT http://172.18.0.2:8080/v1/AUTH_f6638140618e4e358d6e35964b33ccb9/gnocchi.7b17747c-048b-4d5f-87c5-3c5ef2d35287/none_v3" "tx1b0d90dd74d74cc889ac6-0069bad9ec" "proxy-server 20" 0.0123 "-" 23 0
Mar 18 16:59:24 standalone proxy-server[129315]: 172.18.0.2 172.18.0.100 18/Mar/2026/16/59/24 PUT /v1/AUTH_f6638140618e4e358d6e35964b33ccb9/gnocchi.7b17747c-048b-4d5f-87c5-3c5ef2d35287/none_v3 HTTP/1.0 201 - python-swiftclient-3.11.1 gAAAAABputlD68p8... 22 - - tx1b0d90dd74d74cc889ac6-0069bad9ec - 0.0177 - - 1773853164.777146816 1773853164.794846296 0
Mar 18 16:59:24 standalone container-server[127351]: 172.20.0.100 - - [18/Mar/2026:16:59:24 +0000] "HEAD /d1/25/AUTH_f6638140618e4e358d6e35964b33ccb9/gnocchi.df3b231e-6c76-4cd9-9223-e378b782f10c" 404 - "HEAD http://172.18.0.2:8080/v1/AUTH_f6638140618e4e358d6e35964b33ccb9/gnocchi.df3b231e-6c76-4cd9-9223-e378b782f10c?format=json&states=listing" "txe30f1af1459f4b818975e-0069bad9ec" "proxy-server 20" 0.0004 "-" 22 0
Mar 18 16:59:24 standalone object-server[127543]: 172.20.0.100 - - [18/Mar/2026:16:59:24 +0000] "GET /d1/203/AUTH_f6638140618e4e358d6e35964b33ccb9/gnocchi.df3b231e-6c76-4cd9-9223-e378b782f10c/none_v3" 404 70 "GET http://172.18.0.2:8080/v1/AUTH_f6638140618e4e358d6e35964b33ccb9/gnocchi.df3b231e-6c76-4cd9-9223-e378b782f10c/none_v3" "txe30f1af1459f4b818975e-0069bad9ec" "proxy-server 20" 0.0003 "-" 24 0
Mar 18 16:59:24 standalone proxy-server[129315]: 172.18.0.2 172.18.0.100 18/Mar/2026/16/59/24 GET /v1/AUTH_f6638140618e4e358d6e35964b33ccb9/gnocchi.df3b231e-6c76-4cd9-9223-e378b782f10c/none_v3 HTTP/1.0 404 - python-swiftclient-3.11.1 gAAAAABputlD68p8... - 70 - txe30f1af1459f4b818975e-0069bad9ec - 0.0076 - - 1773853164.813493729 1773853164.821138620 0
Mar 18 16:59:24 standalone account-server[127207]: 172.20.0.100 - - [18/Mar/2026:16:59:24 +0000] "PUT /d1/133/AUTH_f6638140618e4e358d6e35964b33ccb9/gnocchi.df3b231e-6c76-4cd9-9223-e378b782f10c" 201 - "PUT http://172.20.0.100:6001/d1/25/AUTH_f6638140618e4e358d6e35964b33ccb9/gnocchi.df3b231e-6c76-4cd9-9223-e378b782f10c" "tx3a6d768f86724e23be1c0-0069bad9ec" "container-server 20" 0.0052 "-" 21 0
Mar 18 16:59:24 standalone container-server[127341]: 172.20.0.100 - - [18/Mar/2026:16:59:24 +0000] "PUT /d1/25/AUTH_f6638140618e4e358d6e35964b33ccb9/gnocchi.df3b231e-6c76-4cd9-9223-e378b782f10c" 201 - "PUT http://172.18.0.2:8080/v1/AUTH_f6638140618e4e358d6e35964b33ccb9/gnocchi.df3b231e-6c76-4cd9-9223-e378b782f10c" "tx3a6d768f86724e23be1c0-0069bad9ec" "proxy-server 20" 0.0159 "-" 20 0
Mar 18 16:59:24 standalone proxy-server[129315]: 172.18.0.2 172.18.0.100 18/Mar/2026/16/59/24 PUT /v1/AUTH_f6638140618e4e358d6e35964b33ccb9/gnocchi.df3b231e-6c76-4cd9-9223-e378b782f10c HTTP/1.0 201 - python-swiftclient-3.11.1 gAAAAABputlD68p8... - - - tx3a6d768f86724e23be1c0-0069bad9ec - 0.0269 - - 1773853164.829106569 1773853164.856049299 0
Mar 18 16:59:24 standalone container-server[127348]: 172.20.0.100 - - [18/Mar/2026:16:59:24 +0000] "HEAD /d1/25/AUTH_f6638140618e4e358d6e35964b33ccb9/gnocchi.df3b231e-6c76-4cd9-9223-e378b782f10c" 204 - "HEAD http://172.18.0.2:8080/v1/AUTH_f6638140618e4e358d6e35964b33ccb9/gnocchi.df3b231e-6c76-4cd9-9223-e378b782f10c?format=json&states=listing" "txb4349f081358410d9aa82-0069bad9ec" "proxy-server 20" 0.0012 "-" 21 0
Mar 18 16:59:24 standalone proxy-server[129315]: - - 18/Mar/2026/16/59/24 HEAD /v1/AUTH_f6638140618e4e358d6e35964b33ccb9/gnocchi.df3b231e-6c76-4cd9-9223-e378b782f10c%3Fformat%3Djson%26states%3Dlisting HTTP/1.0 204 - Swift - - - - txb4349f081358410d9aa82-0069bad9ec - 0.0039 RL - 1773853164.859525681 1773853164.863378763 0
Mar 18 16:59:24 standalone container-server[127341]: 172.20.0.100 - - [18/Mar/2026:16:59:24 +0000] "GET /d1/25/AUTH_f6638140618e4e358d6e35964b33ccb9/gnocchi.df3b231e-6c76-4cd9-9223-e378b782f10c" 200 2 "GET http://172.18.0.2:8080/v1/AUTH_f6638140618e4e358d6e35964b33ccb9/gnocchi.df3b231e-6c76-4cd9-9223-e378b782f10c?format=json&states=listing" "txb4349f081358410d9aa82-0069bad9ec" "proxy-server 20" 0.0016 "-" 20 0
Mar 18 16:59:24 standalone proxy-server[129315]: 172.18.0.2 172.18.0.100 18/Mar/2026/16/59/24 GET /v1/AUTH_f6638140618e4e358d6e35964b33ccb9/gnocchi.df3b231e-6c76-4cd9-9223-e378b782f10c%3Fformat%3Djson%26states%3Dlisting HTTP/1.0 200 - python-swiftclient-3.11.1 gAAAAABputlD68p8... - 2 - txb4349f081358410d9aa82-0069bad9ec - 0.0112 - - 1773853164.858744144 1773853164.869943857 0
Mar 18 16:59:24 standalone object-server[127532]: 172.20.0.100 - - [18/Mar/2026:16:59:24 +0000] "GET /d1/847/AUTH_f6638140618e4e358d6e35964b33ccb9/gnocchi.df3b231e-6c76-4cd9-9223-e378b782f10c/1773360000.0_mean_300.0_v3" 404 70 "GET http://172.18.0.2:8080/v1/AUTH_f6638140618e4e358d6e35964b33ccb9/gnocchi.df3b231e-6c76-4cd9-9223-e378b782f10c/1773360000.0_mean_300.0_v3" "tx93eec8c9677f4ef6b1e08-0069bad9ec" "proxy-server 20" 0.0004 "-" 20 0
Mar 18 16:59:24 standalone proxy-server[129315]: 172.18.0.2 172.18.0.100 18/Mar/2026/16/59/24 GET /v1/AUTH_f6638140618e4e358d6e35964b33ccb9/gnocchi.df3b231e-6c76-4cd9-9223-e378b782f10c/1773360000.0_mean_300.0_v3 HTTP/1.0 404 - python-swiftclient-3.11.1 gAAAAABputlD68p8... - 70 - tx93eec8c9677f4ef6b1e08-0069bad9ec - 0.0044 - - 1773853164.872496605 1773853164.876929522 0
Mar 18 16:59:24 standalone container-server[127348]: 172.20.0.100 - - [18/Mar/2026:16:59:24 +0000] "PUT /d1/25/AUTH_f6638140618e4e358d6e35964b33ccb9/gnocchi.df3b231e-6c76-4cd9-9223-e378b782f10c/1773360000.0_mean_300.0_v3" 201 - "PUT http://172.18.0.2:8080/d1/847/AUTH_f6638140618e4e358d6e35964b33ccb9/gnocchi.df3b231e-6c76-4cd9-9223-e378b782f10c/1773360000.0_mean_300.0_v3" "txce262f4554a340529a8c9-0069bad9ec" "object-server 20" 0.0006 "-" 21 0
Mar 18 16:59:24 standalone object-server[127532]: 172.20.0.100 - - [18/Mar/2026:16:59:24 +0000] "PUT /d1/847/AUTH_f6638140618e4e358d6e35964b33ccb9/gnocchi.df3b231e-6c76-4cd9-9223-e378b782f10c/1773360000.0_mean_300.0_v3" 201 - "PUT http://172.18.0.2:8080/v1/AUTH_f6638140618e4e358d6e35964b33ccb9/gnocchi.df3b231e-6c76-4cd9-9223-e378b782f10c/1773360000.0_mean_300.0_v3" "txce262f4554a340529a8c9-0069bad9ec" "proxy-server 20" 0.0106 "-" 20 0
Mar 18 16:59:24 standalone proxy-server[129315]: 172.18.0.2 172.18.0.100 18/Mar/2026/16/59/24 PUT /v1/AUTH_f6638140618e4e358d6e35964b33ccb9/gnocchi.df3b231e-6c76-4cd9-9223-e378b782f10c/1773360000.0_mean_300.0_v3 HTTP/1.0 201 - python-swiftclient-3.11.1 gAAAAABputlD68p8... 16 - - txce262f4554a340529a8c9-0069bad9ec - 0.0172 - - 1773853164.879152060 1773853164.896337986 0
Mar 18 16:59:24 standalone container-server[127341]: 172.20.0.100 - - [18/Mar/2026:16:59:24 +0000] "PUT /d1/25/AUTH_f6638140618e4e358d6e35964b33ccb9/gnocchi.df3b231e-6c76-4cd9-9223-e378b782f10c/none_v3" 201 - "PUT http://172.18.0.2:8080/d1/203/AUTH_f6638140618e4e358d6e35964b33ccb9/gnocchi.df3b231e-6c76-4cd9-9223-e378b782f10c/none_v3" "txae1c440760694b0d8a4d2-0069bad9ec" "object-server 20" 0.0006 "-" 20 0
Mar 18 16:59:24 standalone object-server[127532]: 172.20.0.100 - - [18/Mar/2026:16:59:24 +0000] "PUT /d1/203/AUTH_f6638140618e4e358d6e35964b33ccb9/gnocchi.df3b231e-6c76-4cd9-9223-e378b782f10c/none_v3" 201 - "PUT http://172.18.0.2:8080/v1/AUTH_f6638140618e4e358d6e35964b33ccb9/gnocchi.df3b231e-6c76-4cd9-9223-e378b782f10c/none_v3" "txae1c440760694b0d8a4d2-0069bad9ec" "proxy-server 20" 0.0139 "-" 20 0
Mar 18 16:59:24 standalone proxy-server[129315]: 172.18.0.2 172.18.0.100 18/Mar/2026/16/59/24 PUT /v1/AUTH_f6638140618e4e358d6e35964b33ccb9/gnocchi.df3b231e-6c76-4cd9-9223-e378b782f10c/none_v3 HTTP/1.0 201 - python-swiftclient-3.11.1 gAAAAABputlD68p8... 22 - - txae1c440760694b0d8a4d2-0069bad9ec - 0.0193 - - 1773853164.898879766 1773853164.918152332 0
Mar 18 16:59:24 standalone container-server[127351]: 172.20.0.100 - - [18/Mar/2026:16:59:24 +0000] "HEAD /d1/237/AUTH_f6638140618e4e358d6e35964b33ccb9/gnocchi.3254b1a5-63b8-4809-b89c-9287ecd7140d" 404 - "HEAD http://172.18.0.2:8080/v1/AUTH_f6638140618e4e358d6e35964b33ccb9/gnocchi.3254b1a5-63b8-4809-b89c-9287ecd7140d?format=json&states=listing" "tx6f902e148fbd49eea00fb-0069bad9ec" "proxy-server 20" 0.0003 "-" 22 0
