Mar 18 16:44:28 standalone account-server[126877]: Started child 20 from parent 2
Mar 18 16:44:28 standalone account-server[126877]: Started child 21 from parent 2
Mar 18 16:44:28 standalone account-server[126877]: Started child 22 from parent 2
Mar 18 16:44:28 standalone account-server[126877]: Started child 23 from parent 2
Mar 18 16:44:28 standalone container-server[127094]: Starting 2
Mar 18 16:44:28 standalone container-server[126975]: Option allow_versions is deprecated. Configure the versioned_writes middleware in the proxy-server instead. This option will be ignored in a future release.
Mar 18 16:44:28 standalone container-server[127341]: Option allow_versions is deprecated. Configure the versioned_writes middleware in the proxy-server instead. This option will be ignored in a future release.
Mar 18 16:44:28 standalone container-server[126975]: Started child 20 from parent 2
Mar 18 16:44:28 standalone container-server[127348]: Option allow_versions is deprecated. Configure the versioned_writes middleware in the proxy-server instead. This option will be ignored in a future release.
Mar 18 16:44:28 standalone container-server[126975]: Started child 21 from parent 2
Mar 18 16:44:28 standalone container-server[127351]: Option allow_versions is deprecated. Configure the versioned_writes middleware in the proxy-server instead. This option will be ignored in a future release.
Mar 18 16:44:28 standalone container-server[126975]: Started child 22 from parent 2
Mar 18 16:44:28 standalone container-server[127356]: Option allow_versions is deprecated. Configure the versioned_writes middleware in the proxy-server instead. This option will be ignored in a future release.
Mar 18 16:44:28 standalone container-server[126975]: Started child 23 from parent 2
Mar 18 16:44:28 standalone account-server[127243]: Starting 2
Mar 18 16:44:29 standalone object-expirer[127372]: Starting 2
Mar 18 16:44:29 standalone object-expirer[127372]: Option auto_create_account_prefix is deprecated. Configure auto_create_account_prefix under the swift-constraints section of swift.conf. This option will be ignored in a future release.
Mar 18 16:44:29 standalone object-server[127407]: Started child 20 from parent 2
Mar 18 16:44:29 standalone object-server[127466]: Starting 2
Mar 18 16:44:29 standalone object-server[127407]: Started child 22 from parent 2
Mar 18 16:44:29 standalone object-server[127407]: Started child 23 from parent 2
Mar 18 16:44:29 standalone object-server[127407]: Started child 24 from parent 2
Mar 18 16:44:35 standalone proxy-server[129162]: Starting Keystone auth_token middleware
Mar 18 16:44:35 standalone proxy-server[129162]: AuthToken middleware is set with keystone_authtoken.service_token_roles_required set to False. This is backwards compatible but deprecated behaviour. Please set this to True.
Mar 18 16:44:36 standalone proxy-server[129315]: Starting Keystone auth_token middleware
Mar 18 16:44:36 standalone proxy-server[129315]: STDERR: The option "bind_port" is not known to keystonemiddleware
Mar 18 16:44:36 standalone proxy-server[129315]: STDERR: The option "workers" is not known to keystonemiddleware
Mar 18 16:44:36 standalone proxy-server[129315]: STDERR: The option "user" is not known to keystonemiddleware
Mar 18 16:44:36 standalone proxy-server[129315]: STDERR: The option "bind_ip" is not known to keystonemiddleware
Mar 18 16:44:36 standalone proxy-server[129315]: STDERR: The option "log_name" is not known to keystonemiddleware
Mar 18 16:44:36 standalone proxy-server[129315]: STDERR: The option "log_facility" is not known to keystonemiddleware
Mar 18 16:44:36 standalone proxy-server[129315]: STDERR: The option "log_level" is not known to keystonemiddleware
Mar 18 16:44:36 standalone proxy-server[129315]: STDERR: The option "log_headers" is not known to keystonemiddleware
Mar 18 16:44:36 standalone proxy-server[129315]: STDERR: The option "log_address" is not known to keystonemiddleware
Mar 18 16:44:36 standalone proxy-server[129315]: STDERR: The option "project_name" is not known to keystonemiddleware
Mar 18 16:44:36 standalone proxy-server[129315]: STDERR: The option "username" is not known to keystonemiddleware
Mar 18 16:44:36 standalone proxy-server[129315]: STDERR: The option "password" is not known to keystonemiddleware
Mar 18 16:44:36 standalone proxy-server[129315]: STDERR: The option "auth_url" is not known to keystonemiddleware
Mar 18 16:44:36 standalone proxy-server[129315]: STDERR: The option "signing_dir" is not known to keystonemiddleware
Mar 18 16:44:36 standalone proxy-server[129315]: STDERR: The option "project_domain_id" is not known to keystonemiddleware
Mar 18 16:44:36 standalone proxy-server[129315]: STDERR: The option "user_domain_id" is not known to keystonemiddleware
Mar 18 16:44:36 standalone proxy-server[129315]: STDERR: The option "__name__" is not known to keystonemiddleware
Mar 18 16:44:36 standalone proxy-server[129315]: AuthToken middleware is set with keystone_authtoken.service_token_roles_required set to False. This is backwards compatible but deprecated behaviour. Please set this to True.
Mar 18 16:44:36 standalone proxy-server[129162]: Started child 20 from parent 2
Mar 18 16:45:17 standalone account-server[127192]: 172.20.0.100 - - [18/Mar/2026:16:45:17 +0000] "HEAD /d1/394/.expiring_objects" 404 - "HEAD http://localhost/v1/.expiring_objects?format=json" "tx1dbd3de9bb53428197b84-0069bad69d" "proxy-server 2" 0.0018 "-" 20 -
Mar 18 16:45:17 standalone object-expirer[127372]: Pass completed in 0s; 0 objects expired (txn: tx1dbd3de9bb53428197b84-0069bad69d)
Mar 18 16:45:36 standalone container-server[127094]: Begin container update sweep
Mar 18 16:45:36 standalone container-server[127094]: Container update sweep completed: 0.00s
Mar 18 16:46:31 standalone account-server[127192]: 172.20.0.100 - - [18/Mar/2026:16:46:31 +0000] "HEAD /d1/394/.expiring_objects" 404 - "HEAD http://localhost/v1/.expiring_objects?format=json" "txaca43baf0338400997586-0069bad6e7" "proxy-server 2" 0.0007 "-" 20 -
Mar 18 16:46:31 standalone object-expirer[127372]: Pass completed in 0s; 0 objects expired (txn: txaca43baf0338400997586-0069bad6e7)
Mar 18 16:48:39 standalone object-server[127466]: Begin object update sweep
Mar 18 16:48:39 standalone object-server[157578]: Object update sweep starting on /srv/node/d1 (pid: 12)
Mar 18 16:48:39 standalone object-server[157578]: Object update sweep completed on /srv/node/d1 in 0.00s seconds:, 0 successes, 0 failures, 0 quarantines, 0 unlinks, 0 errors, 0 redirects (pid: 12)
Mar 18 16:48:39 standalone object-server[157578]: Object update sweep of d1 completed: 0.00s, 0 successes, 0 failures, 0 quarantines, 0 unlinks, 0 errors, 0 redirects
Mar 18 16:48:39 standalone object-server[127466]: Object update sweep completed: 0.06s
Mar 18 16:49:46 standalone account-server[127210]: 172.20.0.100 - - [18/Mar/2026:16:49:46 +0000] "HEAD /d1/394/.expiring_objects" 404 - "HEAD http://localhost/v1/.expiring_objects?format=json" "txe749eb25f3df4d7a83884-0069bad7aa" "proxy-server 2" 0.0017 "-" 22 -
Mar 18 16:49:46 standalone object-expirer[127372]: Pass completed in 0s; 0 objects expired (txn: txe749eb25f3df4d7a83884-0069bad7aa)
Mar 18 16:50:30 standalone account-server[127192]: 172.20.0.100 - - [18/Mar/2026:16:50:30 +0000] "HEAD /d1/394/.expiring_objects" 404 - "HEAD http://localhost/v1/.expiring_objects?format=json" "tx169b1484a0b84f9198cbb-0069bad7d6" "proxy-server 2" 0.0005 "-" 20 -
Mar 18 16:50:30 standalone object-expirer[127372]: Pass completed in 0s; 0 objects expired (txn: tx169b1484a0b84f9198cbb-0069bad7d6)
Mar 18 16:50:36 standalone container-server[127094]: Begin container update sweep
Mar 18 16:50:36 standalone container-server[127094]: Container update sweep completed: 0.00s
Mar 18 16:51:56 standalone account-server[127243]: Devices pass completed: 0.00s
Mar 18 16:53:30 standalone account-server[127213]: 172.20.0.100 - - [18/Mar/2026:16:53:30 +0000] "HEAD /d1/394/.expiring_objects" 404 - "HEAD http://localhost/v1/.expiring_objects?format=json" "tx6e9f1377afda49838d4ea-0069bad88a" "proxy-server 2" 0.0011 "-" 23 -
Mar 18 16:53:30 standalone object-expirer[127372]: Pass completed in 0s; 0 objects expired (txn: tx6e9f1377afda49838d4ea-0069bad88a)
Mar 18 16:53:39 standalone object-server[127466]: Begin object update sweep
Mar 18 16:53:39 standalone object-server[200021]: Object update sweep starting on /srv/node/d1 (pid: 13)
Mar 18 16:53:39 standalone object-server[200021]: Object update sweep completed on /srv/node/d1 in 0.00s seconds:, 0 successes, 0 failures, 0 quarantines, 0 unlinks, 0 errors, 0 redirects (pid: 13)
Mar 18 16:53:39 standalone object-server[200021]: Object update sweep of d1 completed: 0.00s, 0 successes, 0 failures, 0 quarantines, 0 unlinks, 0 errors, 0 redirects
Mar 18 16:53:40 standalone object-server[127466]: Object update sweep completed: 0.09s
Mar 18 16:55:36 standalone container-server[127094]: Begin container update sweep
Mar 18 16:55:36 standalone container-server[127094]: Container update sweep completed: 0.00s
Mar 18 16:56:35 standalone account-server[127210]: 172.20.0.100 - - [18/Mar/2026:16:56:35 +0000] "HEAD /d1/133/AUTH_f6638140618e4e358d6e35964b33ccb9" 404 - "HEAD http://172.18.0.2:8080/v1/AUTH_f6638140618e4e358d6e35964b33ccb9?format=json" "txa0485e093b92484faf83d-0069bad943" "proxy-server 20" 0.0006 "-" 22 -
Mar 18 16:56:35 standalone proxy-server[129315]: - - 18/Mar/2026/16/56/35 HEAD /v1/AUTH_f6638140618e4e358d6e35964b33ccb9%3Fformat%3Djson HTTP/1.0 200 - Swift - - - - txa0485e093b92484faf83d-0069bad943 - 0.0075 RL - 1773852995.278091669 1773852995.285619736 -
Mar 18 16:56:35 standalone object-server[127543]: 172.20.0.100 - - [18/Mar/2026:16:56:35 +0000] "GET /d1/558/AUTH_f6638140618e4e358d6e35964b33ccb9/gnocchi.916bf4f0-8876-4f08-bd6b-57715a905863/none_v3" 404 70 "GET http://172.18.0.2:8080/v1/AUTH_f6638140618e4e358d6e35964b33ccb9/gnocchi.916bf4f0-8876-4f08-bd6b-57715a905863/none_v3" "txa0485e093b92484faf83d-0069bad943" "proxy-server 20" 0.0015 "-" 24 0
Mar 18 16:56:35 standalone proxy-server[129315]: 172.18.0.2 172.18.0.100 18/Mar/2026/16/56/35 GET /v1/AUTH_f6638140618e4e358d6e35964b33ccb9/gnocchi.916bf4f0-8876-4f08-bd6b-57715a905863/none_v3 HTTP/1.0 404 - python-swiftclient-3.11.1 gAAAAABputlD68p8... - 70 - txa0485e093b92484faf83d-0069bad943 - 0.3902 - - 1773852995.274289846 1773852995.664455652 0
Mar 18 16:56:35 standalone account-server[127210]: 172.20.0.100 - - [18/Mar/2026:16:56:35 +0000] "PUT /d1/133/AUTH_f6638140618e4e358d6e35964b33ccb9" 201 - "-" "tx2a9d6e63032840b6bf929-0069bad943" "-" 0.0144 "-" 22 -
Mar 18 16:56:35 standalone proxy-server[129315]: autocreate account '/AUTH_f6638140618e4e358d6e35964b33ccb9' (txn: tx2a9d6e63032840b6bf929-0069bad943)
Mar 18 16:56:35 standalone account-server[127213]: 172.20.0.100 - - [18/Mar/2026:16:56:35 +0000] "HEAD /d1/133/AUTH_f6638140618e4e358d6e35964b33ccb9" 204 - "HEAD http://172.18.0.2:8080/v1/AUTH_f6638140618e4e358d6e35964b33ccb9?format=json" "tx2a9d6e63032840b6bf929-0069bad943" "proxy-server 20" 0.0019 "-" 23 -
Mar 18 16:56:35 standalone account-server[127210]: 172.20.0.100 - - [18/Mar/2026:16:56:35 +0000] "PUT /d1/133/AUTH_f6638140618e4e358d6e35964b33ccb9/gnocchi.916bf4f0-8876-4f08-bd6b-57715a905863" 201 - "PUT http://172.20.0.100:6001/d1/581/AUTH_f6638140618e4e358d6e35964b33ccb9/gnocchi.916bf4f0-8876-4f08-bd6b-57715a905863" "tx2a9d6e63032840b6bf929-0069bad943" "container-server 22" 0.0021 "-" 22 0
Mar 18 16:56:35 standalone container-server[127351]: 172.20.0.100 - - [18/Mar/2026:16:56:35 +0000] "PUT /d1/581/AUTH_f6638140618e4e358d6e35964b33ccb9/gnocchi.916bf4f0-8876-4f08-bd6b-57715a905863" 201 - "PUT http://172.18.0.2:8080/v1/AUTH_f6638140618e4e358d6e35964b33ccb9/gnocchi.916bf4f0-8876-4f08-bd6b-57715a905863" "tx2a9d6e63032840b6bf929-0069bad943" "proxy-server 20" 0.0144 "-" 22 0
Mar 18 16:56:35 standalone proxy-server[129315]: 172.18.0.2 172.18.0.100 18/Mar/2026/16/56/35 PUT /v1/AUTH_f6638140618e4e358d6e35964b33ccb9/gnocchi.916bf4f0-8876-4f08-bd6b-57715a905863 HTTP/1.0 201 - python-swiftclient-3.11.1 gAAAAABputlD68p8... - - - tx2a9d6e63032840b6bf929-0069bad943 - 0.0448 - - 1773852995.668473482 1773852995.713229418 0
Mar 18 16:56:35 standalone container-server[127351]: 172.20.0.100 - - [18/Mar/2026:16:56:35 +0000] "HEAD /d1/581/AUTH_f6638140618e4e358d6e35964b33ccb9/gnocchi.916bf4f0-8876-4f08-bd6b-57715a905863" 204 - "HEAD http://172.18.0.2:8080/v1/AUTH_f6638140618e4e358d6e35964b33ccb9/gnocchi.916bf4f0-8876-4f08-bd6b-57715a905863?format=json&states=listing" "txd8cd9229a6d744c7a22c2-0069bad943" "proxy-server 20" 0.0011 "-" 22 0
Mar 18 16:56:35 standalone proxy-server[129315]: - - 18/Mar/2026/16/56/35 HEAD /v1/AUTH_f6638140618e4e358d6e35964b33ccb9/gnocchi.916bf4f0-8876-4f08-bd6b-57715a905863%3Fformat%3Djson%26states%3Dlisting HTTP/1.0 204 - Swift - - - - txd8cd9229a6d744c7a22c2-0069bad943 - 0.0048 RL - 1773852995.720639467 1773852995.725470543 0
Mar 18 16:56:35 standalone container-server[127356]: 172.20.0.100 - - [18/Mar/2026:16:56:35 +0000] "GET /d1/581/AUTH_f6638140618e4e358d6e35964b33ccb9/gnocchi.916bf4f0-8876-4f08-bd6b-57715a905863" 200 2 "GET http://172.18.0.2:8080/v1/AUTH_f6638140618e4e358d6e35964b33ccb9/gnocchi.916bf4f0-8876-4f08-bd6b-57715a905863?format=json&states=listing" "txd8cd9229a6d744c7a22c2-0069bad943" "proxy-server 20" 0.0059 "-" 23 0
Mar 18 16:56:35 standalone proxy-server[129315]: 172.18.0.2 172.18.0.100 18/Mar/2026/16/56/35 GET /v1/AUTH_f6638140618e4e358d6e35964b33ccb9/gnocchi.916bf4f0-8876-4f08-bd6b-57715a905863%3Fformat%3Djson%26states%3Dlisting HTTP/1.0 200 - python-swiftclient-3.11.1 gAAAAABputlD68p8... - 2 - txd8cd9229a6d744c7a22c2-0069bad943 - 0.0216 - - 1773852995.718850613 1773852995.740409851 0
Mar 18 16:56:35 standalone object-server[127543]: 172.20.0.100 - - [18/Mar/2026:16:56:35 +0000] "GET /d1/464/AUTH_f6638140618e4e358d6e35964b33ccb9/gnocchi.916bf4f0-8876-4f08-bd6b-57715a905863/1773360000.0_mean_300.0_v3" 404 70 "GET http://172.18.0.2:8080/v1/AUTH_f6638140618e4e358d6e35964b33ccb9/gnocchi.916bf4f0-8876-4f08-bd6b-57715a905863/1773360000.0_mean_300.0_v3" "tx2198285f3bce4ec1a9500-0069bad943" "proxy-server 20" 0.0008 "-" 24 0
Mar 18 16:56:35 standalone proxy-server[129315]: 172.18.0.2 172.18.0.100 18/Mar/2026/16/56/35 GET /v1/AUTH_f6638140618e4e358d6e35964b33ccb9/gnocchi.916bf4f0-8876-4f08-bd6b-57715a905863/1773360000.0_mean_300.0_v3 HTTP/1.0 404 - python-swiftclient-3.11.1 gAAAAABputlD68p8... - 70 - tx2198285f3bce4ec1a9500-0069bad943 - 0.0087 - - 1773852995.745010138 1773852995.753660202 0
Mar 18 16:56:35 standalone container-server[127341]: 172.20.0.100 - - [18/Mar/2026:16:56:35 +0000] "PUT /d1/581/AUTH_f6638140618e4e358d6e35964b33ccb9/gnocchi.916bf4f0-8876-4f08-bd6b-57715a905863/1773360000.0_mean_300.0_v3" 201 - "PUT http://172.18.0.2:8080/d1/464/AUTH_f6638140618e4e358d6e35964b33ccb9/gnocchi.916bf4f0-8876-4f08-bd6b-57715a905863/1773360000.0_mean_300.0_v3" "txcb59750796b749b9a39f1-0069bad943" "object-server 22" 0.0016 "-" 20 0
Mar 18 16:56:35 standalone object-server[127535]: 172.20.0.100 - - [18/Mar/2026:16:56:35 +0000] "PUT /d1/464/AUTH_f6638140618e4e358d6e35964b33ccb9/gnocchi.916bf4f0-8876-4f08-bd6b-57715a905863/1773360000.0_mean_300.0_v3" 201 - "PUT http://172.18.0.2:8080/v1/AUTH_f6638140618e4e358d6e35964b33ccb9/gnocchi.916bf4f0-8876-4f08-bd6b-57715a905863/1773360000.0_mean_300.0_v3" "txcb59750796b749b9a39f1-0069bad943" "proxy-server 20" 0.0344 "-" 22 0
Mar 18 16:56:35 standalone proxy-server[129315]: 172.18.0.2 172.18.0.100 18/Mar/2026/16/56/35 PUT /v1/AUTH_f6638140618e4e358d6e35964b33ccb9/gnocchi.916bf4f0-8876-4f08-bd6b-57715a905863/1773360000.0_mean_300.0_v3 HTTP/1.0 201 - python-swiftclient-3.11.1 gAAAAABputlD68p8... 16 - - txcb59750796b749b9a39f1-0069bad943 - 0.0439 - - 1773852995.758372545 1773852995.802319527 0
Mar 18 16:56:35 standalone container-server[127356]: 172.20.0.100 - - [18/Mar/2026:16:56:35 +0000] "PUT /d1/581/AUTH_f6638140618e4e358d6e35964b33ccb9/gnocchi.916bf4f0-8876-4f08-bd6b-57715a905863/none_v3" 201 - "PUT http://172.18.0.2:8080/d1/558/AUTH_f6638140618e4e358d6e35964b33ccb9/gnocchi.916bf4f0-8876-4f08-bd6b-57715a905863/none_v3" "tx73f6b90397124992a9cc4-0069bad943" "object-server 22" 0.0008 "-" 23 0
Mar 18 16:56:35 standalone object-server[127535]: 172.20.0.100 - - [18/Mar/2026:16:56:35 +0000] "PUT /d1/558/AUTH_f6638140618e4e358d6e35964b33ccb9/gnocchi.916bf4f0-8876-4f08-bd6b-57715a905863/none_v3" 201 - "PUT http://172.18.0.2:8080/v1/AUTH_f6638140618e4e358d6e35964b33ccb9/gnocchi.916bf4f0-8876-4f08-bd6b-57715a905863/none_v3" "tx73f6b90397124992a9cc4-0069bad943" "proxy-server 20" 0.0119 "-" 22 0
Mar 18 16:56:35 standalone proxy-server[129315]: 172.18.0.2 172.18.0.100 18/Mar/2026/16/56/35 PUT /v1/AUTH_f6638140618e4e358d6e35964b33ccb9/gnocchi.916bf4f0-8876-4f08-bd6b-57715a905863/none_v3 HTTP/1.0 201 - python-swiftclient-3.11.1 gAAAAABputlD68p8... 22 - - tx73f6b90397124992a9cc4-0069bad943 - 0.0205 - - 1773852995.807950497 1773852995.828468800 0
Mar 18 16:57:05 standalone object-server[127532]: 172.20.0.100 - - [18/Mar/2026:16:57:05 +0000] "GET /d1/558/AUTH_f6638140618e4e358d6e35964b33ccb9/gnocchi.916bf4f0-8876-4f08-bd6b-57715a905863/none_v3" 200 22 "GET http://172.18.0.2:8080/v1/AUTH_f6638140618e4e358d6e35964b33ccb9/gnocchi.916bf4f0-8876-4f08-bd6b-57715a905863/none_v3" "txe4c2cd62967e47c1be9d8-0069bad961" "proxy-server 20" 0.0027 "-" 20 0
Mar 18 16:57:05 standalone proxy-server[129315]: 172.18.0.2 172.18.0.100 18/Mar/2026/16/57/05 GET /v1/AUTH_f6638140618e4e358d6e35964b33ccb9/gnocchi.916bf4f0-8876-4f08-bd6b-57715a905863/none_v3 HTTP/1.0 200 - python-swiftclient-3.11.1 gAAAAABputlD68p8... - 22 - txe4c2cd62967e47c1be9d8-0069bad961 - 0.0408 - - 1773853025.011694431 1773853025.052470207 0
Mar 18 16:57:05 standalone container-server[127351]: 172.20.0.100 - - [18/Mar/2026:16:57:05 +0000] "GET /d1/581/AUTH_f6638140618e4e358d6e35964b33ccb9/gnocchi.916bf4f0-8876-4f08-bd6b-57715a905863" 200 357 "GET http://172.18.0.2:8080/v1/AUTH_f6638140618e4e358d6e35964b33ccb9/gnocchi.916bf4f0-8876-4f08-bd6b-57715a905863?format=json&states=listing" "txaa6eb104c802490b913d5-0069bad961" "proxy-server 20" 0.0255 "-" 22 0
Mar 18 16:57:05 standalone proxy-server[129315]: 172.18.0.2 172.18.0.100 18/Mar/2026/16/57/05 GET /v1/AUTH_f6638140618e4e358d6e35964b33ccb9/gnocchi.916bf4f0-8876-4f08-bd6b-57715a905863%3Fformat%3Djson%26states%3Dlisting HTTP/1.0 200 - python-swiftclient-3.11.1 gAAAAABputlD68p8... - 357 - txaa6eb104c802490b913d5-0069bad961 - 0.0377 - - 1773853025.060757160 1773853025.098464489 0
Mar 18 16:57:05 standalone container-server[127348]: 172.20.0.100 - - [18/Mar/2026:16:57:05 +0000] "GET /d1/581/AUTH_f6638140618e4e358d6e35964b33ccb9/gnocchi.916bf4f0-8876-4f08-bd6b-57715a905863" 200 2 "GET http://172.18.0.2:8080/v1/AUTH_f6638140618e4e358d6e35964b33ccb9/gnocchi.916bf4f0-8876-4f08-bd6b-57715a905863?format=json&marker=none_v3&states=listing" "tx62682f6bc95045a1bb961-0069bad961" "proxy-server 20" 0.0032 "-" 21 0
Mar 18 16:57:05 standalone proxy-server[129315]: 172.18.0.2 172.18.0.100 18/Mar/2026/16/57/05 GET /v1/AUTH_f6638140618e4e358d6e35964b33ccb9/gnocchi.916bf4f0-8876-4f08-bd6b-57715a905863%3Fformat%3Djson%26marker%3Dnone_v3%26states%3Dlisting HTTP/1.0 200 - python-swiftclient-3.11.1 gAAAAABputlD68p8... - 2 - tx62682f6bc95045a1bb961-0069bad961 - 0.0131 - - 1773853025.102188349 1773853025.115305185 0
Mar 18 16:57:05 standalone object-server[127540]: 172.20.0.100 - - [18/Mar/2026:16:57:05 +0000] "GET /d1/464/AUTH_f6638140618e4e358d6e35964b33ccb9/gnocchi.916bf4f0-8876-4f08-bd6b-57715a905863/1773360000.0_mean_300.0_v3" 200 16 "GET http://172.18.0.2:8080/v1/AUTH_f6638140618e4e358d6e35964b33ccb9/gnocchi.916bf4f0-8876-4f08-bd6b-57715a905863/1773360000.0_mean_300.0_v3" "tx8bb93ebd96b440c69db44-0069bad961" "proxy-server 20" 0.0021 "-" 23 0
Mar 18 16:57:05 standalone proxy-server[129315]: 172.18.0.2 172.18.0.100 18/Mar/2026/16/57/05 GET /v1/AUTH_f6638140618e4e358d6e35964b33ccb9/gnocchi.916bf4f0-8876-4f08-bd6b-57715a905863/1773360000.0_mean_300.0_v3 HTTP/1.0 200 - python-swiftclient-3.11.1 gAAAAABputlD68p8... - 16 - tx8bb93ebd96b440c69db44-0069bad961 - 0.0165 - - 1773853025.119421482 1773853025.135949612 0
Mar 18 16:57:05 standalone container-server[127341]: 172.20.0.100 - - [18/Mar/2026:16:57:05 +0000] "PUT /d1/581/AUTH_f6638140618e4e358d6e35964b33ccb9/gnocchi.916bf4f0-8876-4f08-bd6b-57715a905863/1773360000.0_mean_300.0_v3" 201 - "PUT http://172.18.0.2:8080/d1/464/AUTH_f6638140618e4e358d6e35964b33ccb9/gnocchi.916bf4f0-8876-4f08-bd6b-57715a905863/1773360000.0_mean_300.0_v3" "tx3500b456e2ae4d1ea38bf-0069bad961" "object-server 20" 0.0009 "-" 20 0
Mar 18 16:57:05 standalone object-server[127532]: 172.20.0.100 - - [18/Mar/2026:16:57:05 +0000] "PUT /d1/464/AUTH_f6638140618e4e358d6e35964b33ccb9/gnocchi.916bf4f0-8876-4f08-bd6b-57715a905863/1773360000.0_mean_300.0_v3" 201 - "PUT http://172.18.0.2:8080/v1/AUTH_f6638140618e4e358d6e35964b33ccb9/gnocchi.916bf4f0-8876-4f08-bd6b-57715a905863/1773360000.0_mean_300.0_v3" "tx3500b456e2ae4d1ea38bf-0069bad961" "proxy-server 20" 0.0352 "-" 20 0
Mar 18 16:57:05 standalone proxy-server[129315]: 172.18.0.2 172.18.0.100 18/Mar/2026/16/57/05 PUT /v1/AUTH_f6638140618e4e358d6e35964b33ccb9/gnocchi.916bf4f0-8876-4f08-bd6b-57715a905863/1773360000.0_mean_300.0_v3 HTTP/1.0 201 - python-swiftclient-3.11.1 gAAAAABputlD68p8... 16 - - tx3500b456e2ae4d1ea38bf-0069bad961 - 0.0456 - - 1773853025.140403986 1773853025.186012745 0
Mar 18 16:57:05 standalone container-server[127341]: 172.20.0.100 - - [18/Mar/2026:16:57:05 +0000] "PUT /d1/581/AUTH_f6638140618e4e358d6e35964b33ccb9/gnocchi.916bf4f0-8876-4f08-bd6b-57715a905863/none_v3" 201 - "PUT http://172.18.0.2:8080/d1/558/AUTH_f6638140618e4e358d6e35964b33ccb9/gnocchi.916bf4f0-8876-4f08-bd6b-57715a905863/none_v3" "tx5d9598257f93489d93453-0069bad961" "object-server 23" 0.0009 "-" 20 0
Mar 18 16:57:05 standalone object-server[127540]: 172.20.0.100 - - [18/Mar/2026:16:57:05 +0000] "PUT /d1/558/AUTH_f6638140618e4e358d6e35964b33ccb9/gnocchi.916bf4f0-8876-4f08-bd6b-57715a905863/none_v3" 201 - "PUT http://172.18.0.2:8080/v1/AUTH_f6638140618e4e358d6e35964b33ccb9/gnocchi.916bf4f0-8876-4f08-bd6b-57715a905863/none_v3" "tx5d9598257f93489d93453-0069bad961" "proxy-server 20" 0.0352 "-" 23 0
Mar 18 16:57:05 standalone proxy-server[129315]: 172.18.0.2 172.18.0.100 18/Mar/2026/16/57/05 PUT /v1/AUTH_f6638140618e4e358d6e35964b33ccb9/gnocchi.916bf4f0-8876-4f08-bd6b-57715a905863/none_v3 HTTP/1.0 201 - python-swiftclient-3.11.1 gAAAAABputlD68p8... 32 - - tx5d9598257f93489d93453-0069bad961 - 0.0458 - - 1773853025.190338135 1773853025.236125231 0
Mar 18 16:57:21 standalone account-server[127210]: 172.20.0.100 - - [18/Mar/2026:16:57:21 +0000] "HEAD /d1/394/.expiring_objects" 404 - "HEAD http://localhost/v1/.expiring_objects?format=json" "tx78072bf018064cd3b751e-0069bad971" "proxy-server 2" 0.0007 "-" 22 -
Mar 18 16:57:21 standalone object-expirer[127372]: Pass completed in 0s; 0 objects expired (txn: tx78072bf018064cd3b751e-0069bad971)
Mar 18 16:57:35 standalone container-server[127356]: 172.20.0.100 - - [18/Mar/2026:16:57:35 +0000] "HEAD /d1/651/AUTH_f6638140618e4e358d6e35964b33ccb9/gnocchi.a94b4379-0ace-4c77-ae0c-0349da5e036b" 404 - "HEAD http://172.18.0.2:8080/v1/AUTH_f6638140618e4e358d6e35964b33ccb9/gnocchi.a94b4379-0ace-4c77-ae0c-0349da5e036b?format=json&states=listing" "tx6299dc05c5e844c3a611d-0069bad97f" "proxy-server 20" 0.0006 "-" 23 0
Mar 18 16:57:35 standalone object-server[127535]: 172.20.0.100 - - [18/Mar/2026:16:57:35 +0000] "GET /d1/38/AUTH_f6638140618e4e358d6e35964b33ccb9/gnocchi.a94b4379-0ace-4c77-ae0c-0349da5e036b/none_v3" 404 70 "GET http://172.18.0.2:8080/v1/AUTH_f6638140618e4e358d6e35964b33ccb9/gnocchi.a94b4379-0ace-4c77-ae0c-0349da5e036b/none_v3" "tx6299dc05c5e844c3a611d-0069bad97f" "proxy-server 20" 0.0005 "-" 22 0
Mar 18 16:57:35 standalone proxy-server[129315]: 172.18.0.2 172.18.0.100 18/Mar/2026/16/57/35 GET /v1/AUTH_f6638140618e4e358d6e35964b33ccb9/gnocchi.a94b4379-0ace-4c77-ae0c-0349da5e036b/none_v3 HTTP/1.0 404 - python-swiftclient-3.11.1 gAAAAABputlD68p8... - 70 - tx6299dc05c5e844c3a611d-0069bad97f - 0.0112 - - 1773853055.438413143 1773853055.449640751 0
Mar 18 16:57:35 standalone account-server[127207]: 172.20.0.100 - - [18/Mar/2026:16:57:35 +0000] "PUT /d1/133/AUTH_f6638140618e4e358d6e35964b33ccb9/gnocchi.a94b4379-0ace-4c77-ae0c-0349da5e036b" 201 - "PUT http://172.20.0.100:6001/d1/651/AUTH_f6638140618e4e358d6e35964b33ccb9/gnocchi.a94b4379-0ace-4c77-ae0c-0349da5e036b" "txb6f9ae557fff4af191fd5-0069bad97f" "container-server 20" 0.0098 "-" 21 0
Mar 18 16:57:35 standalone container-server[127341]: 172.20.0.100 - - [18/Mar/2026:16:57:35 +0000] "PUT /d1/651/AUTH_f6638140618e4e358d6e35964b33ccb9/gnocchi.a94b4379-0ace-4c77-ae0c-0349da5e036b" 201 - "PUT http://172.18.0.2:8080/v1/AUTH_f6638140618e4e358d6e35964b33ccb9/gnocchi.a94b4379-0ace-4c77-ae0c-0349da5e036b" "txb6f9ae557fff4af191fd5-0069bad97f" "proxy-server 20" 0.0215 "-" 20 0
Mar 18 16:57:35 standalone proxy-server[129315]: 172.18.0.2 172.18.0.100 18/Mar/2026/16/57/35 PUT /v1/AUTH_f6638140618e4e358d6e35964b33ccb9/gnocchi.a94b4379-0ace-4c77-ae0c-0349da5e036b HTTP/1.0 201 - python-swiftclient-3.11.1 gAAAAABputlD68p8... - - - txb6f9ae557fff4af191fd5-0069bad97f - 0.0261 - - 1773853055.453318357 1773853055.479388237 0
Mar 18 16:57:35 standalone container-server[127341]: 172.20.0.100 - - [18/Mar/2026:16:57:35 +0000] "HEAD /d1/651/AUTH_f6638140618e4e358d6e35964b33ccb9/gnocchi.a94b4379-0ace-4c77-ae0c-0349da5e036b" 204 - "HEAD http://172.18.0.2:8080/v1/AUTH_f6638140618e4e358d6e35964b33ccb9/gnocchi.a94b4379-0ace-4c77-ae0c-0349da5e036b?format=json&states=listing" "tx5326c3e370144f87a7240-0069bad97f" "proxy-server 20" 0.0012 "-" 20 0
Mar 18 16:57:35 standalone proxy-server[129315]: - - 18/Mar/2026/16/57/35 HEAD /v1/AUTH_f6638140618e4e358d6e35964b33ccb9/gnocchi.a94b4379-0ace-4c77-ae0c-0349da5e036b%3Fformat%3Djson%26states%3Dlisting HTTP/1.0 204 - Swift - - - - tx5326c3e370144f87a7240-0069bad97f - 0.0035 RL - 1773853055.484237671 1773853055.487706423 0
Mar 18 16:57:35 standalone container-server[127341]: 172.20.0.100 - - [18/Mar/2026:16:57:35 +0000] "GET /d1/651/AUTH_f6638140618e4e358d6e35964b33ccb9/gnocchi.a94b4379-0ace-4c77-ae0c-0349da5e036b" 200 2 "GET http://172.18.0.2:8080/v1/AUTH_f6638140618e4e358d6e35964b33ccb9/gnocchi.a94b4379-0ace-4c77-ae0c-0349da5e036b?format=json&states=listing" "tx5326c3e370144f87a7240-0069bad97f" "proxy-server 20" 0.0017 "-" 20 0
Mar 18 16:57:35 standalone proxy-server[129315]: 172.18.0.2 172.18.0.100 18/Mar/2026/16/57/35 GET /v1/AUTH_f6638140618e4e358d6e35964b33ccb9/gnocchi.a94b4379-0ace-4c77-ae0c-0349da5e036b%3Fformat%3Djson%26states%3Dlisting HTTP/1.0 200 - python-swiftclient-3.11.1 gAAAAABputlD68p8... - 2 - tx5326c3e370144f87a7240-0069bad97f - 0.0099 - - 1773853055.483408213 1773853055.493258715 0
Mar 18 16:57:35 standalone account-server[127210]: 172.20.0.100 - - [18/Mar/2026:16:57:35 +0000] "HEAD /d1/133/AUTH_f6638140618e4e358d6e35964b33ccb9" 204 - "HEAD http://172.18.0.2:8080/v1/AUTH_f6638140618e4e358d6e35964b33ccb9?format=json" "txb8959c41c61d4746bab48-0069bad97f" "proxy-server 20" 0.0085 "-" 22 -
Mar 18 16:57:35 standalone proxy-server[129315]: - - 18/Mar/2026/16/57/35 HEAD /v1/AUTH_f6638140618e4e358d6e35964b33ccb9%3Fformat%3Djson HTTP/1.0 204 - Swift - - - - txb8959c41c61d4746bab48-0069bad97f - 0.0147 RL - 1773853055.506026506 1773853055.520693541 -
Mar 18 16:57:35 standalone object-server[127543]: 172.20.0.100 - - [18/Mar/2026:16:57:35 +0000] "GET /d1/356/AUTH_f6638140618e4e358d6e35964b33ccb9/gnocchi.a94b4379-0ace-4c77-ae0c-0349da5e036b/1773360000.0_mean_300.0_v3" 404 70 "GET http://172.18.0.2:8080/v1/AUTH_f6638140618e4e358d6e35964b33ccb9/gnocchi.a94b4379-0ace-4c77-ae0c-0349da5e036b/1773360000.0_mean_300.0_v3" "txb8959c41c61d4746bab48-0069bad97f" "proxy-server 20" 0.0005 "-" 24 0
Mar 18 16:57:35 standalone proxy-server[129315]: 172.18.0.2 172.18.0.100 18/Mar/2026/16/57/35 GET /v1/AUTH_f6638140618e4e358d6e35964b33ccb9/gnocchi.a94b4379-0ace-4c77-ae0c-0349da5e036b/1773360000.0_mean_300.0_v3 HTTP/1.0 404 - python-swiftclient-3.11.1 gAAAAABputlD68p8... - 70 - txb8959c41c61d4746bab48-0069bad97f - 0.0216 - - 1773853055.505509138 1773853055.527063847 0
Mar 18 16:57:35 standalone container-server[127348]: 172.20.0.100 - - [18/Mar/2026:16:57:35 +0000] "PUT /d1/651/AUTH_f6638140618e4e358d6e35964b33ccb9/gnocchi.a94b4379-0ace-4c77-ae0c-0349da5e036b/1773360000.0_mean_300.0_v3" 201 - "PUT http://172.18.0.2:8080/d1/356/AUTH_f6638140618e4e358d6e35964b33ccb9/gnocchi.a94b4379-0ace-4c77-ae0c-0349da5e036b/1773360000.0_mean_300.0_v3" "tx86c65b97225047908fd5d-0069bad97f" "object-server 24" 0.0011 "-" 21 0
Mar 18 16:57:35 standalone object-server[127543]: 172.20.0.100 - - [18/Mar/2026:16:57:35 +0000] "PUT /d1/356/AUTH_f6638140618e4e358d6e35964b33ccb9/gnocchi.a94b4379-0ace-4c77-ae0c-0349da5e036b/1773360000.0_mean_300.0_v3" 201 - "PUT http://172.18.0.2:8080/v1/AUTH_f6638140618e4e358d6e35964b33ccb9/gnocchi.a94b4379-0ace-4c77-ae0c-0349da5e036b/1773360000.0_mean_300.0_v3" "tx86c65b97225047908fd5d-0069bad97f" "proxy-server 20" 0.0533 "-" 24 0
Mar 18 16:57:35 standalone proxy-server[129315]: 172.18.0.2 172.18.0.100 18/Mar/2026/16/57/35 PUT /v1/AUTH_f6638140618e4e358d6e35964b33ccb9/gnocchi.a94b4379-0ace-4c77-ae0c-0349da5e036b/1773360000.0_mean_300.0_v3 HTTP/1.0 201 - python-swiftclient-3.11.1 gAAAAABputlD68p8... 16 - - tx86c65b97225047908fd5d-0069bad97f - 0.0607 - - 1773853055.531088829 1773853055.591790676 0
Mar 18 16:57:35 standalone container-server[127356]: 172.20.0.100 - - [18/Mar/2026:16:57:35 +0000] "PUT /d1/651/AUTH_f6638140618e4e358d6e35964b33ccb9/gnocchi.a94b4379-0ace-4c77-ae0c-0349da5e036b/none_v3" 201 - "PUT http://172.18.0.2:8080/d1/38/AUTH_f6638140618e4e358d6e35964b33ccb9/gnocchi.a94b4379-0ace-4c77-ae0c-0349da5e036b/none_v3" "txd7759aef4c82488789803-0069bad97f" "object-server 24" 0.0010 "-" 23 0
Mar 18 16:57:35 standalone object-server[127543]: 172.20.0.100 - - [18/Mar/2026:16:57:35 +0000] "PUT /d1/38/AUTH_f6638140618e4e358d6e35964b33ccb9/gnocchi.a94b4379-0ace-4c77-ae0c-0349da5e036b/none_v3" 201 - "PUT http://172.18.0.2:8080/v1/AUTH_f6638140618e4e358d6e35964b33ccb9/gnocchi.a94b4379-0ace-4c77-ae0c-0349da5e036b/none_v3" "txd7759aef4c82488789803-0069bad97f" "proxy-server 20" 0.0191 "-" 24 0
Mar 18 16:57:35 standalone proxy-server[129315]: 172.18.0.2 172.18.0.100 18/Mar/2026/16/57/35 PUT /v1/AUTH_f6638140618e4e358d6e35964b33ccb9/gnocchi.a94b4379-0ace-4c77-ae0c-0349da5e036b/none_v3 HTTP/1.0 201 - python-swiftclient-3.11.1 gAAAAABputlD68p8... 22 - - txd7759aef4c82488789803-0069bad97f - 0.0322 - - 1773853055.602010012 1773853055.634246826 0
Mar 18 16:57:35 standalone container-server[127348]: 172.20.0.100 - - [18/Mar/2026:16:57:35 +0000] "HEAD /d1/465/AUTH_f6638140618e4e358d6e35964b33ccb9/gnocchi.d4de2bdf-d27b-460a-8127-272ebdb49f81" 404 - "HEAD http://172.18.0.2:8080/v1/AUTH_f6638140618e4e358d6e35964b33ccb9/gnocchi.d4de2bdf-d27b-460a-8127-272ebdb49f81?format=json&states=listing" "tx5952a0e5f9d646e585105-0069bad97f" "proxy-server 20" 0.0007 "-" 21 0
Mar 18 16:57:35 standalone object-server[127543]: 172.20.0.100 - - [18/Mar/2026:16:57:35 +0000] "GET /d1/349/AUTH_f6638140618e4e358d6e35964b33ccb9/gnocchi.d4de2bdf-d27b-460a-8127-272ebdb49f81/none_v3" 404 70 "GET http://172.18.0.2:8080/v1/AUTH_f6638140618e4e358d6e35964b33ccb9/gnocchi.d4de2bdf-d27b-460a-8127-272ebdb49f81/none_v3" "tx5952a0e5f9d646e585105-0069bad97f" "proxy-server 20" 0.0006 "-" 24 0
Mar 18 16:57:35 standalone proxy-server[129315]: 172.18.0.2 172.18.0.100 18/Mar/2026/16/57/35 GET /v1/AUTH_f6638140618e4e358d6e35964b33ccb9/gnocchi.d4de2bdf-d27b-460a-8127-272ebdb49f81/none_v3 HTTP/1.0 404 - python-swiftclient-3.11.1 gAAAAABputlD68p8... - 70 - tx5952a0e5f9d646e585105-0069bad97f - 0.0117 - - 1773853055.662141800 1773853055.673805237 0
Mar 18 16:57:35 standalone account-server[127210]: 172.20.0.100 - - [18/Mar/2026:16:57:35 +0000] "PUT /d1/133/AUTH_f6638140618e4e358d6e35964b33ccb9/gnocchi.d4de2bdf-d27b-460a-8127-272ebdb49f81" 201 - "PUT http://172.20.0.100:6001/d1/465/AUTH_f6638140618e4e358d6e35964b33ccb9/gnocchi.d4de2bdf-d27b-460a-8127-272ebdb49f81" "txfa26843411af492484f26-0069bad97f" "container-server 20" 0.0021 "-" 22 0
Mar 18 16:57:35 standalone container-server[127341]: 172.20.0.100 - - [18/Mar/2026:16:57:35 +0000] "PUT /d1/465/AUTH_f6638140618e4e358d6e35964b33ccb9/gnocchi.d4de2bdf-d27b-460a-8127-272ebdb49f81" 201 - "PUT http://172.18.0.2:8080/v1/AUTH_f6638140618e4e358d6e35964b33ccb9/gnocchi.d4de2bdf-d27b-460a-8127-272ebdb49f81" "txfa26843411af492484f26-0069bad97f" "proxy-server 20" 0.0194 "-" 20 0
Mar 18 16:57:35 standalone proxy-server[129315]: 172.18.0.2 172.18.0.100 18/Mar/2026/16/57/35 PUT /v1/AUTH_f6638140618e4e358d6e35964b33ccb9/gnocchi.d4de2bdf-d27b-460a-8127-272ebdb49f81 HTTP/1.0 201 - python-swiftclient-3.11.1 gAAAAABputlD68p8... - - - txfa26843411af492484f26-0069bad97f - 0.0248 - - 1773853055.677313805 1773853055.702143669 0
Mar 18 16:57:35 standalone container-server[127351]: 172.20.0.100 - - [18/Mar/2026:16:57:35 +0000] "HEAD /d1/465/AUTH_f6638140618e4e358d6e35964b33ccb9/gnocchi.d4de2bdf-d27b-460a-8127-272ebdb49f81" 204 - "HEAD http://172.18.0.2:8080/v1/AUTH_f6638140618e4e358d6e35964b33ccb9/gnocchi.d4de2bdf-d27b-460a-8127-272ebdb49f81?format=json&states=listing" "tx262d3dde382e4162a28b8-0069bad97f" "proxy-server 20" 0.0013 "-" 22 0
Mar 18 16:57:35 standalone proxy-server[129315]: - - 18/Mar/2026/16/57/35 HEAD /v1/AUTH_f6638140618e4e358d6e35964b33ccb9/gnocchi.d4de2bdf-d27b-460a-8127-272ebdb49f81%3Fformat%3Djson%26states%3Dlisting HTTP/1.0 204 - Swift - - - - tx262d3dde382e4162a28b8-0069bad97f - 0.0048 RL - 1773853055.706878424 1773853055.711721897 0
Mar 18 16:57:35 standalone container-server[127356]: 172.20.0.100 - - [18/Mar/2026:16:57:35 +0000] "GET /d1/465/AUTH_f6638140618e4e358d6e35964b33ccb9/gnocchi.d4de2bdf-d27b-460a-8127-272ebdb49f81" 200 2 "GET http://172.18.0.2:8080/v1/AUTH_f6638140618e4e358d6e35964b33ccb9/gnocchi.d4de2bdf-d27b-460a-8127-272ebdb49f81?format=json&states=listing" "tx262d3dde382e4162a28b8-0069bad97f" "proxy-server 20" 0.0045 "-" 23 0
Mar 18 16:57:35 standalone proxy-server[129315]: 172.18.0.2 172.18.0.100 18/Mar/2026/16/57/35 GET /v1/AUTH_f6638140618e4e358d6e35964b33ccb9/gnocchi.d4de2bdf-d27b-460a-8127-272ebdb49f81%3Fformat%3Djson%26states%3Dlisting HTTP/1.0 200 - python-swiftclient-3.11.1 gAAAAABputlD68p8... - 2 - tx262d3dde382e4162a28b8-0069bad97f - 0.0169 - - 1773853055.705769539 1773853055.722696781 0
Mar 18 16:57:35 standalone object-server[127535]: 172.20.0.100 - - [18/Mar/2026:16:57:35 +0000] "GET /d1/557/AUTH_f6638140618e4e358d6e35964b33ccb9/gnocchi.d4de2bdf-d27b-460a-8127-272ebdb49f81/1773360000.0_mean_300.0_v3" 404 70 "GET http://172.18.0.2:8080/v1/AUTH_f6638140618e4e358d6e35964b33ccb9/gnocchi.d4de2bdf-d27b-460a-8127-272ebdb49f81/1773360000.0_mean_300.0_v3" "tx5cd4f39cc5ec4a05bc1fb-0069bad97f" "proxy-server 20" 0.0005 "-" 22 0
Mar 18 16:57:35 standalone proxy-server[129315]: 172.18.0.2 172.18.0.100 18/Mar/2026/16/57/35 GET /v1/AUTH_f6638140618e4e358d6e35964b33ccb9/gnocchi.d4de2bdf-d27b-460a-8127-272ebdb49f81/1773360000.0_mean_300.0_v3 HTTP/1.0 404 - python-swiftclient-3.11.1 gAAAAABputlD68p8... - 70 - tx5cd4f39cc5ec4a05bc1fb-0069bad97f - 0.0056 - - 1773853055.726841450 1773853055.732406616 0
Mar 18 16:57:35 standalone container-server[127348]: 172.20.0.100 - - [18/Mar/2026:16:57:35 +0000] "PUT /d1/465/AUTH_f6638140618e4e358d6e35964b33ccb9/gnocchi.d4de2bdf-d27b-460a-8127-272ebdb49f81/1773360000.0_mean_300.0_v3" 201 - "PUT http://172.18.0.2:8080/d1/557/AUTH_f6638140618e4e358d6e35964b33ccb9/gnocchi.d4de2bdf-d27b-460a-8127-272ebdb49f81/1773360000.0_mean_300.0_v3" "txd51c13caadea446c9877f-0069bad97f" "object-server 23" 0.0009 "-" 21 0
Mar 18 16:57:35 standalone object-server[127540]: 172.20.0.100 - - [18/Mar/2026:16:57:35 +0000] "PUT /d1/557/AUTH_f6638140618e4e358d6e35964b33ccb9/gnocchi.d4de2bdf-d27b-460a-8127-272ebdb49f81/1773360000.0_mean_300.0_v3" 201 - "PUT http://172.18.0.2:8080/v1/AUTH_f6638140618e4e358d6e35964b33ccb9/gnocchi.d4de2bdf-d27b-460a-8127-272ebdb49f81/1773360000.0_mean_300.0_v3" "txd51c13caadea446c9877f-0069bad97f" "proxy-server 20" 0.0218 "-" 23 0
Mar 18 16:57:35 standalone proxy-server[129315]: 172.18.0.2 172.18.0.100 18/Mar/2026/16/57/35 PUT /v1/AUTH_f6638140618e4e358d6e35964b33ccb9/gnocchi.d4de2bdf-d27b-460a-8127-272ebdb49f81/1773360000.0_mean_300.0_v3 HTTP/1.0 201 - python-swiftclient-3.11.1 gAAAAABputlD68p8... 16 - - txd51c13caadea446c9877f-0069bad97f - 0.0275 - - 1773853055.734869242 1773853055.762369633 0
Mar 18 16:57:35 standalone container-server[127351]: 172.20.0.100 - - [18/Mar/2026:16:57:35 +0000] "PUT /d1/465/AUTH_f6638140618e4e358d6e35964b33ccb9/gnocchi.d4de2bdf-d27b-460a-8127-272ebdb49f81/none_v3" 201 - "PUT http://172.18.0.2:8080/d1/349/AUTH_f6638140618e4e358d6e35964b33ccb9/gnocchi.d4de2bdf-d27b-460a-8127-272ebdb49f81/none_v3" "txd9e8a6259ce6413982084-0069bad97f" "object-server 23" 0.0006 "-" 22 0
Mar 18 16:57:35 standalone object-server[127540]: 172.20.0.100 - - [18/Mar/2026:16:57:35 +0000] "PUT /d1/349/AUTH_f6638140618e4e358d6e35964b33ccb9/gnocchi.d4de2bdf-d27b-460a-8127-272ebdb49f81/none_v3" 201 - "PUT http://172.18.0.2:8080/v1/AUTH_f6638140618e4e358d6e35964b33ccb9/gnocchi.d4de2bdf-d27b-460a-8127-272ebdb49f81/none_v3" "txd9e8a6259ce6413982084-0069bad97f" "proxy-server 20" 0.0179 "-" 23 0
Mar 18 16:57:35 standalone proxy-server[129315]: 172.18.0.2 172.18.0.100 18/Mar/2026/16/57/35 PUT /v1/AUTH_f6638140618e4e358d6e35964b33ccb9/gnocchi.d4de2bdf-d27b-460a-8127-272ebdb49f81/none_v3 HTTP/1.0 201 - python-swiftclient-3.11.1 gAAAAABputlD68p8... 22 - - txd9e8a6259ce6413982084-0069bad97f - 0.0234 - - 1773853055.765176773 1773853055.788540602 0
Mar 18 16:57:44 standalone container-server[127341]: 172.20.0.100 - - [18/Mar/2026:16:57:44 +0000] "HEAD /d1/26/AUTH_f6638140618e4e358d6e35964b33ccb9/gnocchi.32efa022-6cef-4221-b67d-57834512893f" 404 - "HEAD http://172.18.0.2:8080/v1/AUTH_f6638140618e4e358d6e35964b33ccb9/gnocchi.32efa022-6cef-4221-b67d-57834512893f?format=json&states=listing" "tx6ba29bdf9f9144e797a0f-0069bad988" "proxy-server 20" 0.0006 "-" 20 0
Mar 18 16:57:44 standalone object-server[127543]: 172.20.0.100 - - [18/Mar/2026:16:57:44 +0000] "GET /d1/447/AUTH_f6638140618e4e358d6e35964b33ccb9/gnocchi.32efa022-6cef-4221-b67d-57834512893f/none_v3" 404 70 "GET http://172.18.0.2:8080/v1/AUTH_f6638140618e4e358d6e35964b33ccb9/gnocchi.32efa022-6cef-4221-b67d-57834512893f/none_v3" "tx6ba29bdf9f9144e797a0f-0069bad988" "proxy-server 20" 0.0005 "-" 24 0
Mar 18 16:57:44 standalone proxy-server[129315]: 172.18.0.2 172.18.0.100 18/Mar/2026/16/57/44 GET /v1/AUTH_f6638140618e4e358d6e35964b33ccb9/gnocchi.32efa022-6cef-4221-b67d-57834512893f/none_v3 HTTP/1.0 404 - python-swiftclient-3.11.1 gAAAAABputlD68p8... - 70 - tx6ba29bdf9f9144e797a0f-0069bad988 - 0.0132 - - 1773853064.133170605 1773853064.146326542 0
Mar 18 16:57:44 standalone account-server[127213]: 172.20.0.100 - - [18/Mar/2026:16:57:44 +0000] "PUT /d1/133/AUTH_f6638140618e4e358d6e35964b33ccb9/gnocchi.32efa022-6cef-4221-b67d-57834512893f" 201 - "PUT http://172.20.0.100:6001/d1/26/AUTH_f6638140618e4e358d6e35964b33ccb9/gnocchi.32efa022-6cef-4221-b67d-57834512893f" "txe2f798dc3c1d48e1bfe54-0069bad988" "container-server 21" 0.0082 "-" 23 0
Mar 18 16:57:44 standalone container-server[127348]: 172.20.0.100 - - [18/Mar/2026:16:57:44 +0000] "PUT /d1/26/AUTH_f6638140618e4e358d6e35964b33ccb9/gnocchi.32efa022-6cef-4221-b67d-57834512893f" 201 - "PUT http://172.18.0.2:8080/v1/AUTH_f6638140618e4e358d6e35964b33ccb9/gnocchi.32efa022-6cef-4221-b67d-57834512893f" "txe2f798dc3c1d48e1bfe54-0069bad988" "proxy-server 20" 0.0316 "-" 21 0
Mar 18 16:57:44 standalone proxy-server[129315]: 172.18.0.2 172.18.0.100 18/Mar/2026/16/57/44 PUT /v1/AUTH_f6638140618e4e358d6e35964b33ccb9/gnocchi.32efa022-6cef-4221-b67d-57834512893f HTTP/1.0 201 - python-swiftclient-3.11.1 gAAAAABputlD68p8... - - - txe2f798dc3c1d48e1bfe54-0069bad988 - 0.0403 - - 1773853064.151387453 1773853064.191716194 0
Mar 18 16:57:44 standalone container-server[127341]: 172.20.0.100 - - [18/Mar/2026:16:57:44 +0000] "HEAD /d1/26/AUTH_f6638140618e4e358d6e35964b33ccb9/gnocchi.32efa022-6cef-4221-b67d-57834512893f" 204 - "HEAD http://172.18.0.2:8080/v1/AUTH_f6638140618e4e358d6e35964b33ccb9/gnocchi.32efa022-6cef-4221-b67d-57834512893f?format=json&states=listing" "tx8645cc2c131045e988fcc-0069bad988" "proxy-server 20" 0.0012 "-" 20 0
Mar 18 16:57:44 standalone proxy-server[129315]: - - 18/Mar/2026/16/57/44 HEAD /v1/AUTH_f6638140618e4e358d6e35964b33ccb9/gnocchi.32efa022-6cef-4221-b67d-57834512893f%3Fformat%3Djson%26states%3Dlisting HTTP/1.0 204 - Swift - - - - tx8645cc2c131045e988fcc-0069bad988 - 0.0060 RL - 1773853064.197646856 1773853064.203624487 0
Mar 18 16:57:44 standalone container-server[127356]: 172.20.0.100 - - [18/Mar/2026:16:57:44 +0000] "GET /d1/26/AUTH_f6638140618e4e358d6e35964b33ccb9/gnocchi.32efa022-6cef-4221-b67d-57834512893f" 200 2 "GET http://172.18.0.2:8080/v1/AUTH_f6638140618e4e358d6e35964b33ccb9/gnocchi.32efa022-6cef-4221-b67d-57834512893f?format=json&states=listing" "tx8645cc2c131045e988fcc-0069bad988" "proxy-server 20" 0.0034 "-" 23 0
Mar 18 16:57:44 standalone proxy-server[129315]: 172.18.0.2 172.18.0.100 18/Mar/2026/16/57/44 GET /v1/AUTH_f6638140618e4e358d6e35964b33ccb9/gnocchi.32efa022-6cef-4221-b67d-57834512893f%3Fformat%3Djson%26states%3Dlisting HTTP/1.0 200 - python-swiftclient-3.11.1 gAAAAABputlD68p8... - 2 - tx8645cc2c131045e988fcc-0069bad988 - 0.0211 - - 1773853064.196143627 1773853064.217274904 0
Mar 18 16:57:44 standalone object-server[127543]: 172.20.0.100 - - [18/Mar/2026:16:57:44 +0000] "GET /d1/174/AUTH_f6638140618e4e358d6e35964b33ccb9/gnocchi.32efa022-6cef-4221-b67d-57834512893f/1773360000.0_mean_300.0_v3" 404 70 "GET http://172.18.0.2:8080/v1/AUTH_f6638140618e4e358d6e35964b33ccb9/gnocchi.32efa022-6cef-4221-b67d-57834512893f/1773360000.0_mean_300.0_v3" "tx27946a31eadc4bc2beda3-0069bad988" "proxy-server 20" 0.0005 "-" 24 0
Mar 18 16:57:44 standalone proxy-server[129315]: 172.18.0.2 172.18.0.100 18/Mar/2026/16/57/44 GET /v1/AUTH_f6638140618e4e358d6e35964b33ccb9/gnocchi.32efa022-6cef-4221-b67d-57834512893f/1773360000.0_mean_300.0_v3 HTTP/1.0 404 - python-swiftclient-3.11.1 gAAAAABputlD68p8... - 70 - tx27946a31eadc4bc2beda3-0069bad988 - 0.0177 - - 1773853064.222621441 1773853064.240293264 0
Mar 18 16:57:44 standalone container-server[127356]: 172.20.0.100 - - [18/Mar/2026:16:57:44 +0000] "PUT /d1/26/AUTH_f6638140618e4e358d6e35964b33ccb9/gnocchi.32efa022-6cef-4221-b67d-57834512893f/1773360000.0_mean_300.0_v3" 201 - "PUT http://172.18.0.2:8080/d1/174/AUTH_f6638140618e4e358d6e35964b33ccb9/gnocchi.32efa022-6cef-4221-b67d-57834512893f/1773360000.0_mean_300.0_v3" "tx352e4b6125be48289cb8f-0069bad988" "object-server 20" 0.0010 "-" 23 0
Mar 18 16:57:44 standalone object-server[127532]: 172.20.0.100 - - [18/Mar/2026:16:57:44 +0000] "PUT /d1/174/AUTH_f6638140618e4e358d6e35964b33ccb9/gnocchi.32efa022-6cef-4221-b67d-57834512893f/1773360000.0_mean_300.0_v3" 201 - "PUT http://172.18.0.2:8080/v1/AUTH_f6638140618e4e358d6e35964b33ccb9/gnocchi.32efa022-6cef-4221-b67d-57834512893f/1773360000.0_mean_300.0_v3" "tx352e4b6125be48289cb8f-0069bad988" "proxy-server 20" 0.0192 "-" 20 0
Mar 18 16:57:44 standalone proxy-server[129315]: 172.18.0.2 172.18.0.100 18/Mar/2026/16/57/44 PUT /v1/AUTH_f6638140618e4e358d6e35964b33ccb9/gnocchi.32efa022-6cef-4221-b67d-57834512893f/1773360000.0_mean_300.0_v3 HTTP/1.0 201 - python-swiftclient-3.11.1 gAAAAABputlD68p8... 16 - - tx352e4b6125be48289cb8f-0069bad988 - 0.0312 - - 1773853064.246206045 1773853064.277388096 0
Mar 18 16:57:44 standalone container-server[127348]: 172.20.0.100 - - [18/Mar/2026:16:57:44 +0000] "PUT /d1/26/AUTH_f6638140618e4e358d6e35964b33ccb9/gnocchi.32efa022-6cef-4221-b67d-57834512893f/none_v3" 201 - "PUT http://172.18.0.2:8080/d1/447/AUTH_f6638140618e4e358d6e35964b33ccb9/gnocchi.32efa022-6cef-4221-b67d-57834512893f/none_v3" "tx9da8dc19661243f28d68d-0069bad988" "object-server 22" 0.0012 "-" 21 0
Mar 18 16:57:44 standalone object-server[127535]: 172.20.0.100 - - [18/Mar/2026:16:57:44 +0000] "PUT /d1/447/AUTH_f6638140618e4e358d6e35964b33ccb9/gnocchi.32efa022-6cef-4221-b67d-57834512893f/none_v3" 201 - "PUT http://172.18.0.2:8080/v1/AUTH_f6638140618e4e358d6e35964b33ccb9/gnocchi.32efa022-6cef-4221-b67d-57834512893f/none_v3" "tx9da8dc19661243f28d68d-0069bad988" "proxy-server 20" 0.0143 "-" 22 0
Mar 18 16:57:44 standalone proxy-server[129315]: 172.18.0.2 172.18.0.100 18/Mar/2026/16/57/44 PUT /v1/AUTH_f6638140618e4e358d6e35964b33ccb9/gnocchi.32efa022-6cef-4221-b67d-57834512893f/none_v3 HTTP/1.0 201 - python-swiftclient-3.11.1 gAAAAABputlD68p8... 22 - - tx9da8dc19661243f28d68d-0069bad988 - 0.0227 - - 1773853064.281925917 1773853064.304625034 0
Mar 18 16:57:44 standalone container-server[127351]: 172.20.0.100 - - [18/Mar/2026:16:57:44 +0000] "HEAD /d1/440/AUTH_f6638140618e4e358d6e35964b33ccb9/gnocchi.5b52346f-1d21-4712-92c0-c1331907fbca" 404 - "HEAD http://172.18.0.2:8080/v1/AUTH_f6638140618e4e358d6e35964b33ccb9/gnocchi.5b52346f-1d21-4712-92c0-c1331907fbca?format=json&states=listing" "tx955ffe345ee042be934d8-0069bad988" "proxy-server 20" 0.0007 "-" 22 0
Mar 18 16:57:44 standalone object-server[127532]: 172.20.0.100 - - [18/Mar/2026:16:57:44 +0000] "GET /d1/556/AUTH_f6638140618e4e358d6e35964b33ccb9/gnocchi.5b52346f-1d21-4712-92c0-c1331907fbca/none_v3" 404 70 "GET http://172.18.0.2:8080/v1/AUTH_f6638140618e4e358d6e35964b33ccb9/gnocchi.5b52346f-1d21-4712-92c0-c1331907fbca/none_v3" "tx955ffe345ee042be934d8-0069bad988" "proxy-server 20" 0.0009 "-" 20 0
Mar 18 16:57:44 standalone proxy-server[129315]: 172.18.0.2 172.18.0.100 18/Mar/2026/16/57/44 GET /v1/AUTH_f6638140618e4e358d6e35964b33ccb9/gnocchi.5b52346f-1d21-4712-92c0-c1331907fbca/none_v3 HTTP/1.0 404 - python-swiftclient-3.11.1 gAAAAABputlD68p8... - 70 - tx955ffe345ee042be934d8-0069bad988 - 0.0233 - - 1773853064.321908236 1773853064.345218897 0
Mar 18 16:57:44 standalone account-server[127207]: 172.20.0.100 - - [18/Mar/2026:16:57:44 +0000] "PUT /d1/133/AUTH_f6638140618e4e358d6e35964b33ccb9/gnocchi.5b52346f-1d21-4712-92c0-c1331907fbca" 201 - "PUT http://172.20.0.100:6001/d1/440/AUTH_f6638140618e4e358d6e35964b33ccb9/gnocchi.5b52346f-1d21-4712-92c0-c1331907fbca" "txa031b949f1ab43eb873a2-0069bad988" "container-server 21" 0.0077 "-" 21 0
Mar 18 16:57:44 standalone container-server[127348]: 172.20.0.100 - - [18/Mar/2026:16:57:44 +0000] "PUT /d1/440/AUTH_f6638140618e4e358d6e35964b33ccb9/gnocchi.5b52346f-1d21-4712-92c0-c1331907fbca" 201 - "PUT http://172.18.0.2:8080/v1/AUTH_f6638140618e4e358d6e35964b33ccb9/gnocchi.5b52346f-1d21-4712-92c0-c1331907fbca" "txa031b949f1ab43eb873a2-0069bad988" "proxy-server 20" 0.0288 "-" 21 0
Mar 18 16:57:44 standalone proxy-server[129315]: 172.18.0.2 172.18.0.100 18/Mar/2026/16/57/44 PUT /v1/AUTH_f6638140618e4e358d6e35964b33ccb9/gnocchi.5b52346f-1d21-4712-92c0-c1331907fbca HTTP/1.0 201 - python-swiftclient-3.11.1 gAAAAABputlD68p8... - - - txa031b949f1ab43eb873a2-0069bad988 - 0.0376 - - 1773853064.354710340 1773853064.392266989 0
Mar 18 16:57:44 standalone container-server[127348]: 172.20.0.100 - - [18/Mar/2026:16:57:44 +0000] "HEAD /d1/440/AUTH_f6638140618e4e358d6e35964b33ccb9/gnocchi.5b52346f-1d21-4712-92c0-c1331907fbca" 204 - "HEAD http://172.18.0.2:8080/v1/AUTH_f6638140618e4e358d6e35964b33ccb9/gnocchi.5b52346f-1d21-4712-92c0-c1331907fbca?format=json&states=listing" "tx9de43e66681e4bb095c4e-0069bad988" "proxy-server 20" 0.0020 "-" 21 0
Mar 18 16:57:44 standalone proxy-server[129315]: - - 18/Mar/2026/16/57/44 HEAD /v1/AUTH_f6638140618e4e358d6e35964b33ccb9/gnocchi.5b52346f-1d21-4712-92c0-c1331907fbca%3Fformat%3Djson%26states%3Dlisting HTTP/1.0 204 - Swift - - - - tx9de43e66681e4bb095c4e-0069bad988 - 0.0071 RL - 1773853064.399699450 1773853064.406839132 0
Mar 18 16:57:44 standalone container-server[127348]: 172.20.0.100 - - [18/Mar/2026:16:57:44 +0000] "GET /d1/440/AUTH_f6638140618e4e358d6e35964b33ccb9/gnocchi.5b52346f-1d21-4712-92c0-c1331907fbca" 200 2 "GET http://172.18.0.2:8080/v1/AUTH_f6638140618e4e358d6e35964b33ccb9/gnocchi.5b52346f-1d21-4712-92c0-c1331907fbca?format=json&states=listing" "tx9de43e66681e4bb095c4e-0069bad988" "proxy-server 20" 0.0040 "-" 21 0
Mar 18 16:57:44 standalone proxy-server[129315]: 172.18.0.2 172.18.0.100 18/Mar/2026/16/57/44 GET /v1/AUTH_f6638140618e4e358d6e35964b33ccb9/gnocchi.5b52346f-1d21-4712-92c0-c1331907fbca%3Fformat%3Djson%26states%3Dlisting HTTP/1.0 200 - python-swiftclient-3.11.1 gAAAAABputlD68p8... - 2 - tx9de43e66681e4bb095c4e-0069bad988 - 0.0235 - - 1773853064.397797108 1773853064.421286821 0
Mar 18 16:57:44 standalone object-server[127543]: 172.20.0.100 - - [18/Mar/2026:16:57:44 +0000] "GET /d1/118/AUTH_f6638140618e4e358d6e35964b33ccb9/gnocchi.5b52346f-1d21-4712-92c0-c1331907fbca/1773360000.0_mean_300.0_v3" 404 70 "GET http://172.18.0.2:8080/v1/AUTH_f6638140618e4e358d6e35964b33ccb9/gnocchi.5b52346f-1d21-4712-92c0-c1331907fbca/1773360000.0_mean_300.0_v3" "tx640173b57fcf434ea51ab-0069bad988" "proxy-server 20" 0.0005 "-" 24 0
Mar 18 16:57:44 standalone proxy-server[129315]: 172.18.0.2 172.18.0.100 18/Mar/2026/16/57/44 GET /v1/AUTH_f6638140618e4e358d6e35964b33ccb9/gnocchi.5b52346f-1d21-4712-92c0-c1331907fbca/1773360000.0_mean_300.0_v3 HTTP/1.0 404 - python-swiftclient-3.11.1 gAAAAABputlD68p8... - 70 - tx640173b57fcf434ea51ab-0069bad988 - 0.0517 - - 1773853064.427610636 1773853064.479285717 0
Mar 18 16:57:44 standalone container-server[127351]: 172.20.0.100 - - [18/Mar/2026:16:57:44 +0000] "PUT /d1/440/AUTH_f6638140618e4e358d6e35964b33ccb9/gnocchi.5b52346f-1d21-4712-92c0-c1331907fbca/1773360000.0_mean_300.0_v3" 201 - "PUT http://172.18.0.2:8080/d1/118/AUTH_f6638140618e4e358d6e35964b33ccb9/gnocchi.5b52346f-1d21-4712-92c0-c1331907fbca/1773360000.0_mean_300.0_v3" "txf01bf321039b4358aca4f-0069bad988" "object-server 23" 0.0011 "-" 22 0
