Mar 18 16:59:29 standalone proxy-server[129315]: 172.18.0.2 172.18.0.100 18/Mar/2026/16/59/29 PUT /v1/AUTH_f6638140618e4e358d6e35964b33ccb9/gnocchi.eaaf64f6-b628-4d6d-9ac7-3f658533a407 HTTP/1.0 201 - python-swiftclient-3.11.1 gAAAAABputlD68p8... - - - tx011eec45dd4b47e8a45f8-0069bad9f1 - 0.0259 - - 1773853169.219842911 1773853169.245746851 0
Mar 18 16:59:29 standalone container-server[127341]: 172.20.0.100 - - [18/Mar/2026:16:59:29 +0000] "HEAD /d1/1007/AUTH_f6638140618e4e358d6e35964b33ccb9/gnocchi.eaaf64f6-b628-4d6d-9ac7-3f658533a407" 204 - "HEAD http://172.18.0.2:8080/v1/AUTH_f6638140618e4e358d6e35964b33ccb9/gnocchi.eaaf64f6-b628-4d6d-9ac7-3f658533a407?format=json&states=listing" "tx4815ae3c5e384f1caf2eb-0069bad9f1" "proxy-server 20" 0.0019 "-" 20 0
Mar 18 16:59:29 standalone proxy-server[129315]: - - 18/Mar/2026/16/59/29 HEAD /v1/AUTH_f6638140618e4e358d6e35964b33ccb9/gnocchi.eaaf64f6-b628-4d6d-9ac7-3f658533a407%3Fformat%3Djson%26states%3Dlisting HTTP/1.0 204 - Swift - - - - tx4815ae3c5e384f1caf2eb-0069bad9f1 - 0.0068 RL - 1773853169.251634359 1773853169.258398294 0
Mar 18 16:59:29 standalone container-server[127348]: 172.20.0.100 - - [18/Mar/2026:16:59:29 +0000] "GET /d1/1007/AUTH_f6638140618e4e358d6e35964b33ccb9/gnocchi.eaaf64f6-b628-4d6d-9ac7-3f658533a407" 200 2 "GET http://172.18.0.2:8080/v1/AUTH_f6638140618e4e358d6e35964b33ccb9/gnocchi.eaaf64f6-b628-4d6d-9ac7-3f658533a407?format=json&states=listing" "tx4815ae3c5e384f1caf2eb-0069bad9f1" "proxy-server 20" 0.0034 "-" 21 0
Mar 18 16:59:29 standalone proxy-server[129315]: 172.18.0.2 172.18.0.100 18/Mar/2026/16/59/29 GET /v1/AUTH_f6638140618e4e358d6e35964b33ccb9/gnocchi.eaaf64f6-b628-4d6d-9ac7-3f658533a407%3Fformat%3Djson%26states%3Dlisting HTTP/1.0 200 - python-swiftclient-3.11.1 gAAAAABputlD68p8... - 2 - tx4815ae3c5e384f1caf2eb-0069bad9f1 - 0.0201 - - 1773853169.250031948 1773853169.270149469 0
Mar 18 16:59:29 standalone object-server[127540]: 172.20.0.100 - - [18/Mar/2026:16:59:29 +0000] "GET /d1/54/AUTH_f6638140618e4e358d6e35964b33ccb9/gnocchi.eaaf64f6-b628-4d6d-9ac7-3f658533a407/1773360000.0_mean_300.0_v3" 404 70 "GET http://172.18.0.2:8080/v1/AUTH_f6638140618e4e358d6e35964b33ccb9/gnocchi.eaaf64f6-b628-4d6d-9ac7-3f658533a407/1773360000.0_mean_300.0_v3" "tx65686704a3b845d1ac314-0069bad9f1" "proxy-server 20" 0.0005 "-" 23 0
Mar 18 16:59:29 standalone proxy-server[129315]: 172.18.0.2 172.18.0.100 18/Mar/2026/16/59/29 GET /v1/AUTH_f6638140618e4e358d6e35964b33ccb9/gnocchi.eaaf64f6-b628-4d6d-9ac7-3f658533a407/1773360000.0_mean_300.0_v3 HTTP/1.0 404 - python-swiftclient-3.11.1 gAAAAABputlD68p8... - 70 - tx65686704a3b845d1ac314-0069bad9f1 - 0.0079 - - 1773853169.274910212 1773853169.282801151 0
Mar 18 16:59:29 standalone container-server[127356]: 172.20.0.100 - - [18/Mar/2026:16:59:29 +0000] "PUT /d1/1007/AUTH_f6638140618e4e358d6e35964b33ccb9/gnocchi.eaaf64f6-b628-4d6d-9ac7-3f658533a407/1773360000.0_mean_300.0_v3" 201 - "PUT http://172.18.0.2:8080/d1/54/AUTH_f6638140618e4e358d6e35964b33ccb9/gnocchi.eaaf64f6-b628-4d6d-9ac7-3f658533a407/1773360000.0_mean_300.0_v3" "txf188079adbfc4908a58be-0069bad9f1" "object-server 24" 0.0008 "-" 23 0
Mar 18 16:59:29 standalone object-server[127543]: 172.20.0.100 - - [18/Mar/2026:16:59:29 +0000] "PUT /d1/54/AUTH_f6638140618e4e358d6e35964b33ccb9/gnocchi.eaaf64f6-b628-4d6d-9ac7-3f658533a407/1773360000.0_mean_300.0_v3" 201 - "PUT http://172.18.0.2:8080/v1/AUTH_f6638140618e4e358d6e35964b33ccb9/gnocchi.eaaf64f6-b628-4d6d-9ac7-3f658533a407/1773360000.0_mean_300.0_v3" "txf188079adbfc4908a58be-0069bad9f1" "proxy-server 20" 0.0105 "-" 24 0
Mar 18 16:59:29 standalone proxy-server[129315]: 172.18.0.2 172.18.0.100 18/Mar/2026/16/59/29 PUT /v1/AUTH_f6638140618e4e358d6e35964b33ccb9/gnocchi.eaaf64f6-b628-4d6d-9ac7-3f658533a407/1773360000.0_mean_300.0_v3 HTTP/1.0 201 - python-swiftclient-3.11.1 gAAAAABputlD68p8... 16 - - txf188079adbfc4908a58be-0069bad9f1 - 0.0181 - - 1773853169.288214207 1773853169.306339264 0
Mar 18 16:59:29 standalone container-server[127351]: 172.20.0.100 - - [18/Mar/2026:16:59:29 +0000] "PUT /d1/1007/AUTH_f6638140618e4e358d6e35964b33ccb9/gnocchi.eaaf64f6-b628-4d6d-9ac7-3f658533a407/none_v3" 201 - "PUT http://172.18.0.2:8080/d1/324/AUTH_f6638140618e4e358d6e35964b33ccb9/gnocchi.eaaf64f6-b628-4d6d-9ac7-3f658533a407/none_v3" "txa1a87442aa2a44f0a0fcd-0069bad9f1" "object-server 20" 0.0008 "-" 22 0
Mar 18 16:59:29 standalone object-server[127532]: 172.20.0.100 - - [18/Mar/2026:16:59:29 +0000] "PUT /d1/324/AUTH_f6638140618e4e358d6e35964b33ccb9/gnocchi.eaaf64f6-b628-4d6d-9ac7-3f658533a407/none_v3" 201 - "PUT http://172.18.0.2:8080/v1/AUTH_f6638140618e4e358d6e35964b33ccb9/gnocchi.eaaf64f6-b628-4d6d-9ac7-3f658533a407/none_v3" "txa1a87442aa2a44f0a0fcd-0069bad9f1" "proxy-server 20" 0.0117 "-" 20 0
Mar 18 16:59:29 standalone proxy-server[129315]: 172.18.0.2 172.18.0.100 18/Mar/2026/16/59/29 PUT /v1/AUTH_f6638140618e4e358d6e35964b33ccb9/gnocchi.eaaf64f6-b628-4d6d-9ac7-3f658533a407/none_v3 HTTP/1.0 201 - python-swiftclient-3.11.1 gAAAAABputlD68p8... 22 - - txa1a87442aa2a44f0a0fcd-0069bad9f1 - 0.0193 - - 1773853169.310485363 1773853169.329736948 0
Mar 18 17:00:19 standalone account-server[127213]: 172.20.0.100 - - [18/Mar/2026:17:00:19 +0000] "HEAD /d1/394/.expiring_objects" 404 - "HEAD http://localhost/v1/.expiring_objects?format=json" "txa1243b37c01c48dbb848b-0069bada23" "proxy-server 2" 0.0007 "-" 23 -
Mar 18 17:00:19 standalone object-expirer[127372]: Pass completed in 0s; 0 objects expired (txn: txa1243b37c01c48dbb848b-0069bada23)
Mar 18 17:00:24 standalone account-server[127192]: 172.20.0.100 - - [18/Mar/2026:17:00:24 +0000] "HEAD /d1/133/AUTH_f6638140618e4e358d6e35964b33ccb9" 204 - "HEAD http://172.18.0.2:8080/v1/AUTH_f6638140618e4e358d6e35964b33ccb9?format=json" "txd352edeb43ea498bad55f-0069bada28" "proxy-server 20" 0.0055 "-" 20 -
Mar 18 17:00:24 standalone proxy-server[129315]: - - 18/Mar/2026/17/00/24 HEAD /v1/AUTH_f6638140618e4e358d6e35964b33ccb9%3Fformat%3Djson HTTP/1.0 204 - Swift - - - - txd352edeb43ea498bad55f-0069bada28 - 0.0097 RL - 1773853224.717972279 1773853224.727692366 -
Mar 18 17:00:24 standalone container-server[127348]: 172.20.0.100 - - [18/Mar/2026:17:00:24 +0000] "HEAD /d1/640/AUTH_f6638140618e4e358d6e35964b33ccb9/gnocchi.aa8be4a1-9d02-4ce8-a9fa-52c447e48e2a" 204 - "HEAD http://172.18.0.2:8080/v1/AUTH_f6638140618e4e358d6e35964b33ccb9/gnocchi.aa8be4a1-9d02-4ce8-a9fa-52c447e48e2a?format=json&states=listing" "txd352edeb43ea498bad55f-0069bada28" "proxy-server 20" 0.0059 "-" 21 0
Mar 18 17:00:24 standalone object-server[127540]: 172.20.0.100 - - [18/Mar/2026:17:00:24 +0000] "GET /d1/596/AUTH_f6638140618e4e358d6e35964b33ccb9/gnocchi.aa8be4a1-9d02-4ce8-a9fa-52c447e48e2a/none_v3" 200 22 "GET http://172.18.0.2:8080/v1/AUTH_f6638140618e4e358d6e35964b33ccb9/gnocchi.aa8be4a1-9d02-4ce8-a9fa-52c447e48e2a/none_v3" "txd352edeb43ea498bad55f-0069bada28" "proxy-server 20" 0.0008 "-" 23 0
Mar 18 17:00:24 standalone proxy-server[129315]: 172.18.0.2 172.18.0.100 18/Mar/2026/17/00/24 GET /v1/AUTH_f6638140618e4e358d6e35964b33ccb9/gnocchi.aa8be4a1-9d02-4ce8-a9fa-52c447e48e2a/none_v3 HTTP/1.0 200 - python-swiftclient-3.11.1 gAAAAABputlD68p8... - 22 - txd352edeb43ea498bad55f-0069bada28 - 0.0319 - - 1773853224.716778755 1773853224.748677731 0
Mar 18 17:00:24 standalone container-server[127348]: 172.20.0.100 - - [18/Mar/2026:17:00:24 +0000] "GET /d1/640/AUTH_f6638140618e4e358d6e35964b33ccb9/gnocchi.aa8be4a1-9d02-4ce8-a9fa-52c447e48e2a" 200 357 "GET http://172.18.0.2:8080/v1/AUTH_f6638140618e4e358d6e35964b33ccb9/gnocchi.aa8be4a1-9d02-4ce8-a9fa-52c447e48e2a?format=json&states=listing" "txcc33c7fedc9749d7a5938-0069bada28" "proxy-server 20" 0.0018 "-" 21 0
Mar 18 17:00:24 standalone proxy-server[129315]: 172.18.0.2 172.18.0.100 18/Mar/2026/17/00/24 GET /v1/AUTH_f6638140618e4e358d6e35964b33ccb9/gnocchi.aa8be4a1-9d02-4ce8-a9fa-52c447e48e2a%3Fformat%3Djson%26states%3Dlisting HTTP/1.0 200 - python-swiftclient-3.11.1 gAAAAABputlD68p8... - 357 - txcc33c7fedc9749d7a5938-0069bada28 - 0.0071 - - 1773853224.751931429 1773853224.759004354 0
Mar 18 17:00:24 standalone container-server[127356]: 172.20.0.100 - - [18/Mar/2026:17:00:24 +0000] "GET /d1/640/AUTH_f6638140618e4e358d6e35964b33ccb9/gnocchi.aa8be4a1-9d02-4ce8-a9fa-52c447e48e2a" 200 2 "GET http://172.18.0.2:8080/v1/AUTH_f6638140618e4e358d6e35964b33ccb9/gnocchi.aa8be4a1-9d02-4ce8-a9fa-52c447e48e2a?format=json&marker=none_v3&states=listing" "tx83ec782828ac421a9d9cc-0069bada28" "proxy-server 20" 0.0017 "-" 23 0
Mar 18 17:00:24 standalone proxy-server[129315]: 172.18.0.2 172.18.0.100 18/Mar/2026/17/00/24 GET /v1/AUTH_f6638140618e4e358d6e35964b33ccb9/gnocchi.aa8be4a1-9d02-4ce8-a9fa-52c447e48e2a%3Fformat%3Djson%26marker%3Dnone_v3%26states%3Dlisting HTTP/1.0 200 - python-swiftclient-3.11.1 gAAAAABputlD68p8... - 2 - tx83ec782828ac421a9d9cc-0069bada28 - 0.0079 - - 1773853224.761165142 1773853224.769089699 0
Mar 18 17:00:24 standalone object-server[127543]: 172.20.0.100 - - [18/Mar/2026:17:00:24 +0000] "GET /d1/788/AUTH_f6638140618e4e358d6e35964b33ccb9/gnocchi.aa8be4a1-9d02-4ce8-a9fa-52c447e48e2a/1773360000.0_mean_300.0_v3" 200 16 "GET http://172.18.0.2:8080/v1/AUTH_f6638140618e4e358d6e35964b33ccb9/gnocchi.aa8be4a1-9d02-4ce8-a9fa-52c447e48e2a/1773360000.0_mean_300.0_v3" "tx1fb7977686a448bcb1421-0069bada28" "proxy-server 20" 0.0006 "-" 24 0
Mar 18 17:00:24 standalone proxy-server[129315]: 172.18.0.2 172.18.0.100 18/Mar/2026/17/00/24 GET /v1/AUTH_f6638140618e4e358d6e35964b33ccb9/gnocchi.aa8be4a1-9d02-4ce8-a9fa-52c447e48e2a/1773360000.0_mean_300.0_v3 HTTP/1.0 200 - python-swiftclient-3.11.1 gAAAAABputlD68p8... - 16 - tx1fb7977686a448bcb1421-0069bada28 - 0.0050 - - 1773853224.771880865 1773853224.776882410 0
Mar 18 17:00:24 standalone container-server[127356]: 172.20.0.100 - - [18/Mar/2026:17:00:24 +0000] "PUT /d1/640/AUTH_f6638140618e4e358d6e35964b33ccb9/gnocchi.aa8be4a1-9d02-4ce8-a9fa-52c447e48e2a/1773360000.0_mean_300.0_v3" 201 - "PUT http://172.18.0.2:8080/d1/788/AUTH_f6638140618e4e358d6e35964b33ccb9/gnocchi.aa8be4a1-9d02-4ce8-a9fa-52c447e48e2a/1773360000.0_mean_300.0_v3" "tx1de75179bfc244d1bfdff-0069bada28" "object-server 24" 0.0004 "-" 23 0
Mar 18 17:00:24 standalone object-server[127543]: 172.20.0.100 - - [18/Mar/2026:17:00:24 +0000] "PUT /d1/788/AUTH_f6638140618e4e358d6e35964b33ccb9/gnocchi.aa8be4a1-9d02-4ce8-a9fa-52c447e48e2a/1773360000.0_mean_300.0_v3" 201 - "PUT http://172.18.0.2:8080/v1/AUTH_f6638140618e4e358d6e35964b33ccb9/gnocchi.aa8be4a1-9d02-4ce8-a9fa-52c447e48e2a/1773360000.0_mean_300.0_v3" "tx1de75179bfc244d1bfdff-0069bada28" "proxy-server 20" 0.0089 "-" 24 0
Mar 18 17:00:24 standalone proxy-server[129315]: 172.18.0.2 172.18.0.100 18/Mar/2026/17/00/24 PUT /v1/AUTH_f6638140618e4e358d6e35964b33ccb9/gnocchi.aa8be4a1-9d02-4ce8-a9fa-52c447e48e2a/1773360000.0_mean_300.0_v3 HTTP/1.0 201 - python-swiftclient-3.11.1 gAAAAABputlD68p8... 23 - - tx1de75179bfc244d1bfdff-0069bada28 - 0.0122 - - 1773853224.780830860 1773853224.793024540 0
Mar 18 17:00:24 standalone container-server[127341]: 172.20.0.100 - - [18/Mar/2026:17:00:24 +0000] "PUT /d1/640/AUTH_f6638140618e4e358d6e35964b33ccb9/gnocchi.aa8be4a1-9d02-4ce8-a9fa-52c447e48e2a/none_v3" 201 - "PUT http://172.18.0.2:8080/d1/596/AUTH_f6638140618e4e358d6e35964b33ccb9/gnocchi.aa8be4a1-9d02-4ce8-a9fa-52c447e48e2a/none_v3" "txf23c79b0dcfc4b90bf8e1-0069bada28" "object-server 24" 0.0005 "-" 20 0
Mar 18 17:00:24 standalone object-server[127543]: 172.20.0.100 - - [18/Mar/2026:17:00:24 +0000] "PUT /d1/596/AUTH_f6638140618e4e358d6e35964b33ccb9/gnocchi.aa8be4a1-9d02-4ce8-a9fa-52c447e48e2a/none_v3" 201 - "PUT http://172.18.0.2:8080/v1/AUTH_f6638140618e4e358d6e35964b33ccb9/gnocchi.aa8be4a1-9d02-4ce8-a9fa-52c447e48e2a/none_v3" "txf23c79b0dcfc4b90bf8e1-0069bada28" "proxy-server 20" 0.0103 "-" 24 0
Mar 18 17:00:24 standalone proxy-server[129315]: 172.18.0.2 172.18.0.100 18/Mar/2026/17/00/24 PUT /v1/AUTH_f6638140618e4e358d6e35964b33ccb9/gnocchi.aa8be4a1-9d02-4ce8-a9fa-52c447e48e2a/none_v3 HTTP/1.0 201 - python-swiftclient-3.11.1 gAAAAABputlD68p8... 22 - - txf23c79b0dcfc4b90bf8e1-0069bada28 - 0.0138 - - 1773853224.796032429 1773853224.809870005 0
Mar 18 17:00:24 standalone container-server[127351]: 172.20.0.100 - - [18/Mar/2026:17:00:24 +0000] "HEAD /d1/1007/AUTH_f6638140618e4e358d6e35964b33ccb9/gnocchi.f686b2f6-525e-41ca-8a3b-5b3204330917" 204 - "HEAD http://172.18.0.2:8080/v1/AUTH_f6638140618e4e358d6e35964b33ccb9/gnocchi.f686b2f6-525e-41ca-8a3b-5b3204330917?format=json&states=listing" "txa38e771a81eb413cb2670-0069bada28" "proxy-server 20" 0.0070 "-" 22 0
Mar 18 17:00:24 standalone object-server[127540]: 172.20.0.100 - - [18/Mar/2026:17:00:24 +0000] "GET /d1/119/AUTH_f6638140618e4e358d6e35964b33ccb9/gnocchi.f686b2f6-525e-41ca-8a3b-5b3204330917/none_v3" 200 22 "GET http://172.18.0.2:8080/v1/AUTH_f6638140618e4e358d6e35964b33ccb9/gnocchi.f686b2f6-525e-41ca-8a3b-5b3204330917/none_v3" "txa38e771a81eb413cb2670-0069bada28" "proxy-server 20" 0.0006 "-" 23 0
Mar 18 17:00:24 standalone proxy-server[129315]: 172.18.0.2 172.18.0.100 18/Mar/2026/17/00/24 GET /v1/AUTH_f6638140618e4e358d6e35964b33ccb9/gnocchi.f686b2f6-525e-41ca-8a3b-5b3204330917/none_v3 HTTP/1.0 200 - python-swiftclient-3.11.1 gAAAAABputlD68p8... - 22 - txa38e771a81eb413cb2670-0069bada28 - 0.0174 - - 1773853224.847484589 1773853224.864913225 0
Mar 18 17:00:24 standalone container-server[127356]: 172.20.0.100 - - [18/Mar/2026:17:00:24 +0000] "GET /d1/1007/AUTH_f6638140618e4e358d6e35964b33ccb9/gnocchi.f686b2f6-525e-41ca-8a3b-5b3204330917" 200 357 "GET http://172.18.0.2:8080/v1/AUTH_f6638140618e4e358d6e35964b33ccb9/gnocchi.f686b2f6-525e-41ca-8a3b-5b3204330917?format=json&states=listing" "tx4779e8b911524d8aa26c7-0069bada28" "proxy-server 20" 0.0027 "-" 23 0
Mar 18 17:00:24 standalone proxy-server[129315]: 172.18.0.2 172.18.0.100 18/Mar/2026/17/00/24 GET /v1/AUTH_f6638140618e4e358d6e35964b33ccb9/gnocchi.f686b2f6-525e-41ca-8a3b-5b3204330917%3Fformat%3Djson%26states%3Dlisting HTTP/1.0 200 - python-swiftclient-3.11.1 gAAAAABputlD68p8... - 357 - tx4779e8b911524d8aa26c7-0069bada28 - 0.0154 - - 1773853224.868021488 1773853224.883424997 0
Mar 18 17:00:24 standalone container-server[127341]: 172.20.0.100 - - [18/Mar/2026:17:00:24 +0000] "GET /d1/1007/AUTH_f6638140618e4e358d6e35964b33ccb9/gnocchi.f686b2f6-525e-41ca-8a3b-5b3204330917" 200 2 "GET http://172.18.0.2:8080/v1/AUTH_f6638140618e4e358d6e35964b33ccb9/gnocchi.f686b2f6-525e-41ca-8a3b-5b3204330917?format=json&marker=none_v3&states=listing" "tx53b197e0b17a40cea8496-0069bada28" "proxy-server 20" 0.0020 "-" 20 0
Mar 18 17:00:24 standalone proxy-server[129315]: 172.18.0.2 172.18.0.100 18/Mar/2026/17/00/24 GET /v1/AUTH_f6638140618e4e358d6e35964b33ccb9/gnocchi.f686b2f6-525e-41ca-8a3b-5b3204330917%3Fformat%3Djson%26marker%3Dnone_v3%26states%3Dlisting HTTP/1.0 200 - python-swiftclient-3.11.1 gAAAAABputlD68p8... - 2 - tx53b197e0b17a40cea8496-0069bada28 - 0.0063 - - 1773853224.885610580 1773853224.891960382 0
Mar 18 17:00:24 standalone object-server[127532]: 172.20.0.100 - - [18/Mar/2026:17:00:24 +0000] "GET /d1/63/AUTH_f6638140618e4e358d6e35964b33ccb9/gnocchi.f686b2f6-525e-41ca-8a3b-5b3204330917/1773360000.0_mean_300.0_v3" 200 16 "GET http://172.18.0.2:8080/v1/AUTH_f6638140618e4e358d6e35964b33ccb9/gnocchi.f686b2f6-525e-41ca-8a3b-5b3204330917/1773360000.0_mean_300.0_v3" "txeec5322125e94585ae7ae-0069bada28" "proxy-server 20" 0.0006 "-" 20 0
Mar 18 17:00:24 standalone proxy-server[129315]: 172.18.0.2 172.18.0.100 18/Mar/2026/17/00/24 GET /v1/AUTH_f6638140618e4e358d6e35964b33ccb9/gnocchi.f686b2f6-525e-41ca-8a3b-5b3204330917/1773360000.0_mean_300.0_v3 HTTP/1.0 200 - python-swiftclient-3.11.1 gAAAAABputlD68p8... - 16 - txeec5322125e94585ae7ae-0069bada28 - 0.0052 - - 1773853224.894454002 1773853224.899679422 0
Mar 18 17:00:24 standalone container-server[127348]: 172.20.0.100 - - [18/Mar/2026:17:00:24 +0000] "PUT /d1/1007/AUTH_f6638140618e4e358d6e35964b33ccb9/gnocchi.f686b2f6-525e-41ca-8a3b-5b3204330917/1773360000.0_mean_300.0_v3" 201 - "PUT http://172.18.0.2:8080/d1/63/AUTH_f6638140618e4e358d6e35964b33ccb9/gnocchi.f686b2f6-525e-41ca-8a3b-5b3204330917/1773360000.0_mean_300.0_v3" "tx54f1a9c091694a648e130-0069bada28" "object-server 24" 0.0006 "-" 21 0
Mar 18 17:00:24 standalone object-server[127543]: 172.20.0.100 - - [18/Mar/2026:17:00:24 +0000] "PUT /d1/63/AUTH_f6638140618e4e358d6e35964b33ccb9/gnocchi.f686b2f6-525e-41ca-8a3b-5b3204330917/1773360000.0_mean_300.0_v3" 201 - "PUT http://172.18.0.2:8080/v1/AUTH_f6638140618e4e358d6e35964b33ccb9/gnocchi.f686b2f6-525e-41ca-8a3b-5b3204330917/1773360000.0_mean_300.0_v3" "tx54f1a9c091694a648e130-0069bada28" "proxy-server 20" 0.0154 "-" 24 0
Mar 18 17:00:24 standalone proxy-server[129315]: 172.18.0.2 172.18.0.100 18/Mar/2026/17/00/24 PUT /v1/AUTH_f6638140618e4e358d6e35964b33ccb9/gnocchi.f686b2f6-525e-41ca-8a3b-5b3204330917/1773360000.0_mean_300.0_v3 HTTP/1.0 201 - python-swiftclient-3.11.1 gAAAAABputlD68p8... 23 - - tx54f1a9c091694a648e130-0069bada28 - 0.0223 - - 1773853224.901556015 1773853224.923819304 0
Mar 18 17:00:24 standalone container-server[127351]: 172.20.0.100 - - [18/Mar/2026:17:00:24 +0000] "PUT /d1/1007/AUTH_f6638140618e4e358d6e35964b33ccb9/gnocchi.f686b2f6-525e-41ca-8a3b-5b3204330917/none_v3" 201 - "PUT http://172.18.0.2:8080/d1/119/AUTH_f6638140618e4e358d6e35964b33ccb9/gnocchi.f686b2f6-525e-41ca-8a3b-5b3204330917/none_v3" "txb84f5c1b014b480f92d71-0069bada28" "object-server 23" 0.0005 "-" 22 0
Mar 18 17:00:24 standalone object-server[127540]: 172.20.0.100 - - [18/Mar/2026:17:00:24 +0000] "PUT /d1/119/AUTH_f6638140618e4e358d6e35964b33ccb9/gnocchi.f686b2f6-525e-41ca-8a3b-5b3204330917/none_v3" 201 - "PUT http://172.18.0.2:8080/v1/AUTH_f6638140618e4e358d6e35964b33ccb9/gnocchi.f686b2f6-525e-41ca-8a3b-5b3204330917/none_v3" "txb84f5c1b014b480f92d71-0069bada28" "proxy-server 20" 0.0074 "-" 23 0
Mar 18 17:00:24 standalone proxy-server[129315]: 172.18.0.2 172.18.0.100 18/Mar/2026/17/00/24 PUT /v1/AUTH_f6638140618e4e358d6e35964b33ccb9/gnocchi.f686b2f6-525e-41ca-8a3b-5b3204330917/none_v3 HTTP/1.0 201 - python-swiftclient-3.11.1 gAAAAABputlD68p8... 22 - - txb84f5c1b014b480f92d71-0069bada28 - 0.0125 - - 1773853224.926623821 1773853224.939139605 0
Mar 18 17:00:24 standalone container-server[127348]: 172.20.0.100 - - [18/Mar/2026:17:00:24 +0000] "HEAD /d1/565/AUTH_f6638140618e4e358d6e35964b33ccb9/gnocchi.eb30e9c6-d2d8-4573-997f-6a7c74736fde" 204 - "HEAD http://172.18.0.2:8080/v1/AUTH_f6638140618e4e358d6e35964b33ccb9/gnocchi.eb30e9c6-d2d8-4573-997f-6a7c74736fde?format=json&states=listing" "txd2800ecc70fc454c85f22-0069bada28" "proxy-server 20" 0.0057 "-" 21 0
Mar 18 17:00:24 standalone object-server[127532]: 172.20.0.100 - - [18/Mar/2026:17:00:24 +0000] "GET /d1/295/AUTH_f6638140618e4e358d6e35964b33ccb9/gnocchi.eb30e9c6-d2d8-4573-997f-6a7c74736fde/none_v3" 200 22 "GET http://172.18.0.2:8080/v1/AUTH_f6638140618e4e358d6e35964b33ccb9/gnocchi.eb30e9c6-d2d8-4573-997f-6a7c74736fde/none_v3" "txd2800ecc70fc454c85f22-0069bada28" "proxy-server 20" 0.0017 "-" 20 0
Mar 18 17:00:24 standalone proxy-server[129315]: 172.18.0.2 172.18.0.100 18/Mar/2026/17/00/24 GET /v1/AUTH_f6638140618e4e358d6e35964b33ccb9/gnocchi.eb30e9c6-d2d8-4573-997f-6a7c74736fde/none_v3 HTTP/1.0 200 - python-swiftclient-3.11.1 gAAAAABputlD68p8... - 22 - txd2800ecc70fc454c85f22-0069bada28 - 0.0169 - - 1773853224.947099209 1773853224.963981867 0
Mar 18 17:00:24 standalone container-server[127356]: 172.20.0.100 - - [18/Mar/2026:17:00:24 +0000] "GET /d1/565/AUTH_f6638140618e4e358d6e35964b33ccb9/gnocchi.eb30e9c6-d2d8-4573-997f-6a7c74736fde" 200 357 "GET http://172.18.0.2:8080/v1/AUTH_f6638140618e4e358d6e35964b33ccb9/gnocchi.eb30e9c6-d2d8-4573-997f-6a7c74736fde?format=json&states=listing" "tx3c5089652e834e3d91614-0069bada28" "proxy-server 20" 0.0020 "-" 23 0
Mar 18 17:00:24 standalone proxy-server[129315]: 172.18.0.2 172.18.0.100 18/Mar/2026/17/00/24 GET /v1/AUTH_f6638140618e4e358d6e35964b33ccb9/gnocchi.eb30e9c6-d2d8-4573-997f-6a7c74736fde%3Fformat%3Djson%26states%3Dlisting HTTP/1.0 200 - python-swiftclient-3.11.1 gAAAAABputlD68p8... - 357 - tx3c5089652e834e3d91614-0069bada28 - 0.0068 - - 1773853224.969720840 1773853224.976516724 0
Mar 18 17:00:24 standalone container-server[127341]: 172.20.0.100 - - [18/Mar/2026:17:00:24 +0000] "GET /d1/565/AUTH_f6638140618e4e358d6e35964b33ccb9/gnocchi.eb30e9c6-d2d8-4573-997f-6a7c74736fde" 200 2 "GET http://172.18.0.2:8080/v1/AUTH_f6638140618e4e358d6e35964b33ccb9/gnocchi.eb30e9c6-d2d8-4573-997f-6a7c74736fde?format=json&marker=none_v3&states=listing" "tx977d6f912d3d4a39bcb79-0069bada28" "proxy-server 20" 0.0018 "-" 20 0
Mar 18 17:00:24 standalone proxy-server[129315]: 172.18.0.2 172.18.0.100 18/Mar/2026/17/00/24 GET /v1/AUTH_f6638140618e4e358d6e35964b33ccb9/gnocchi.eb30e9c6-d2d8-4573-997f-6a7c74736fde%3Fformat%3Djson%26marker%3Dnone_v3%26states%3Dlisting HTTP/1.0 200 - python-swiftclient-3.11.1 gAAAAABputlD68p8... - 2 - tx977d6f912d3d4a39bcb79-0069bada28 - 0.0057 - - 1773853224.978409767 1773853224.984153032 0
Mar 18 17:00:24 standalone object-server[127543]: 172.20.0.100 - - [18/Mar/2026:17:00:24 +0000] "GET /d1/958/AUTH_f6638140618e4e358d6e35964b33ccb9/gnocchi.eb30e9c6-d2d8-4573-997f-6a7c74736fde/1773360000.0_mean_300.0_v3" 200 16 "GET http://172.18.0.2:8080/v1/AUTH_f6638140618e4e358d6e35964b33ccb9/gnocchi.eb30e9c6-d2d8-4573-997f-6a7c74736fde/1773360000.0_mean_300.0_v3" "txe7d4ba5c0e0b46bf8544c-0069bada28" "proxy-server 20" 0.0007 "-" 24 0
Mar 18 17:00:24 standalone proxy-server[129315]: 172.18.0.2 172.18.0.100 18/Mar/2026/17/00/24 GET /v1/AUTH_f6638140618e4e358d6e35964b33ccb9/gnocchi.eb30e9c6-d2d8-4573-997f-6a7c74736fde/1773360000.0_mean_300.0_v3 HTTP/1.0 200 - python-swiftclient-3.11.1 gAAAAABputlD68p8... - 16 - txe7d4ba5c0e0b46bf8544c-0069bada28 - 0.0046 - - 1773853224.986320496 1773853224.990877867 0
Mar 18 17:00:25 standalone container-server[127341]: 172.20.0.100 - - [18/Mar/2026:17:00:25 +0000] "PUT /d1/565/AUTH_f6638140618e4e358d6e35964b33ccb9/gnocchi.eb30e9c6-d2d8-4573-997f-6a7c74736fde/1773360000.0_mean_300.0_v3" 201 - "PUT http://172.18.0.2:8080/d1/958/AUTH_f6638140618e4e358d6e35964b33ccb9/gnocchi.eb30e9c6-d2d8-4573-997f-6a7c74736fde/1773360000.0_mean_300.0_v3" "txe5e925ce1e174905a6cd9-0069bada28" "object-server 22" 0.0004 "-" 20 0
Mar 18 17:00:25 standalone object-server[127535]: 172.20.0.100 - - [18/Mar/2026:17:00:25 +0000] "PUT /d1/958/AUTH_f6638140618e4e358d6e35964b33ccb9/gnocchi.eb30e9c6-d2d8-4573-997f-6a7c74736fde/1773360000.0_mean_300.0_v3" 201 - "PUT http://172.18.0.2:8080/v1/AUTH_f6638140618e4e358d6e35964b33ccb9/gnocchi.eb30e9c6-d2d8-4573-997f-6a7c74736fde/1773360000.0_mean_300.0_v3" "txe5e925ce1e174905a6cd9-0069bada28" "proxy-server 20" 0.0104 "-" 22 0
Mar 18 17:00:25 standalone proxy-server[129315]: 172.18.0.2 172.18.0.100 18/Mar/2026/17/00/25 PUT /v1/AUTH_f6638140618e4e358d6e35964b33ccb9/gnocchi.eb30e9c6-d2d8-4573-997f-6a7c74736fde/1773360000.0_mean_300.0_v3 HTTP/1.0 201 - python-swiftclient-3.11.1 gAAAAABputlD68p8... 23 - - txe5e925ce1e174905a6cd9-0069bada28 - 0.0142 - - 1773853224.993926764 1773853225.008147240 0
Mar 18 17:00:25 standalone container-server[127348]: 172.20.0.100 - - [18/Mar/2026:17:00:25 +0000] "PUT /d1/565/AUTH_f6638140618e4e358d6e35964b33ccb9/gnocchi.eb30e9c6-d2d8-4573-997f-6a7c74736fde/none_v3" 201 - "PUT http://172.18.0.2:8080/d1/295/AUTH_f6638140618e4e358d6e35964b33ccb9/gnocchi.eb30e9c6-d2d8-4573-997f-6a7c74736fde/none_v3" "txf5d4df40be584e8e8570b-0069bada29" "object-server 24" 0.0006 "-" 21 0
Mar 18 17:00:25 standalone object-server[127543]: 172.20.0.100 - - [18/Mar/2026:17:00:25 +0000] "PUT /d1/295/AUTH_f6638140618e4e358d6e35964b33ccb9/gnocchi.eb30e9c6-d2d8-4573-997f-6a7c74736fde/none_v3" 201 - "PUT http://172.18.0.2:8080/v1/AUTH_f6638140618e4e358d6e35964b33ccb9/gnocchi.eb30e9c6-d2d8-4573-997f-6a7c74736fde/none_v3" "txf5d4df40be584e8e8570b-0069bada29" "proxy-server 20" 0.0075 "-" 24 0
Mar 18 17:00:25 standalone proxy-server[129315]: 172.18.0.2 172.18.0.100 18/Mar/2026/17/00/25 PUT /v1/AUTH_f6638140618e4e358d6e35964b33ccb9/gnocchi.eb30e9c6-d2d8-4573-997f-6a7c74736fde/none_v3 HTTP/1.0 201 - python-swiftclient-3.11.1 gAAAAABputlD68p8... 22 - - txf5d4df40be584e8e8570b-0069bada29 - 0.0107 - - 1773853225.010040998 1773853225.020770073 0
Mar 18 17:00:25 standalone container-server[127348]: 172.20.0.100 - - [18/Mar/2026:17:00:25 +0000] "HEAD /d1/280/AUTH_f6638140618e4e358d6e35964b33ccb9/gnocchi.184e042a-fdfe-4628-9d3f-3ae5a2da368b" 204 - "HEAD http://172.18.0.2:8080/v1/AUTH_f6638140618e4e358d6e35964b33ccb9/gnocchi.184e042a-fdfe-4628-9d3f-3ae5a2da368b?format=json&states=listing" "txb0516c3440324154ab5b2-0069bada29" "proxy-server 20" 0.0067 "-" 21 0
Mar 18 17:00:25 standalone object-server[127532]: 172.20.0.100 - - [18/Mar/2026:17:00:25 +0000] "GET /d1/453/AUTH_f6638140618e4e358d6e35964b33ccb9/gnocchi.184e042a-fdfe-4628-9d3f-3ae5a2da368b/none_v3" 200 22 "GET http://172.18.0.2:8080/v1/AUTH_f6638140618e4e358d6e35964b33ccb9/gnocchi.184e042a-fdfe-4628-9d3f-3ae5a2da368b/none_v3" "txb0516c3440324154ab5b2-0069bada29" "proxy-server 20" 0.0007 "-" 20 0
Mar 18 17:00:25 standalone proxy-server[129315]: 172.18.0.2 172.18.0.100 18/Mar/2026/17/00/25 GET /v1/AUTH_f6638140618e4e358d6e35964b33ccb9/gnocchi.184e042a-fdfe-4628-9d3f-3ae5a2da368b/none_v3 HTTP/1.0 200 - python-swiftclient-3.11.1 gAAAAABputlD68p8... - 22 - txb0516c3440324154ab5b2-0069bada29 - 0.0160 - - 1773853225.030798674 1773853225.046750307 0
Mar 18 17:00:25 standalone container-server[127341]: 172.20.0.100 - - [18/Mar/2026:17:00:25 +0000] "GET /d1/280/AUTH_f6638140618e4e358d6e35964b33ccb9/gnocchi.184e042a-fdfe-4628-9d3f-3ae5a2da368b" 200 357 "GET http://172.18.0.2:8080/v1/AUTH_f6638140618e4e358d6e35964b33ccb9/gnocchi.184e042a-fdfe-4628-9d3f-3ae5a2da368b?format=json&states=listing" "tx8afaaf40cb2c4227aabfc-0069bada29" "proxy-server 20" 0.0020 "-" 20 0
Mar 18 17:00:25 standalone proxy-server[129315]: 172.18.0.2 172.18.0.100 18/Mar/2026/17/00/25 GET /v1/AUTH_f6638140618e4e358d6e35964b33ccb9/gnocchi.184e042a-fdfe-4628-9d3f-3ae5a2da368b%3Fformat%3Djson%26states%3Dlisting HTTP/1.0 200 - python-swiftclient-3.11.1 gAAAAABputlD68p8... - 357 - tx8afaaf40cb2c4227aabfc-0069bada29 - 0.0078 - - 1773853225.049094915 1773853225.056890011 0
Mar 18 17:00:25 standalone container-server[127348]: 172.20.0.100 - - [18/Mar/2026:17:00:25 +0000] "GET /d1/280/AUTH_f6638140618e4e358d6e35964b33ccb9/gnocchi.184e042a-fdfe-4628-9d3f-3ae5a2da368b" 200 2 "GET http://172.18.0.2:8080/v1/AUTH_f6638140618e4e358d6e35964b33ccb9/gnocchi.184e042a-fdfe-4628-9d3f-3ae5a2da368b?format=json&marker=none_v3&states=listing" "tx63e61e79c6504ddca7cab-0069bada29" "proxy-server 20" 0.0018 "-" 21 0
Mar 18 17:00:25 standalone proxy-server[129315]: 172.18.0.2 172.18.0.100 18/Mar/2026/17/00/25 GET /v1/AUTH_f6638140618e4e358d6e35964b33ccb9/gnocchi.184e042a-fdfe-4628-9d3f-3ae5a2da368b%3Fformat%3Djson%26marker%3Dnone_v3%26states%3Dlisting HTTP/1.0 200 - python-swiftclient-3.11.1 gAAAAABputlD68p8... - 2 - tx63e61e79c6504ddca7cab-0069bada29 - 0.0066 - - 1773853225.058723688 1773853225.065309286 0
Mar 18 17:00:25 standalone object-server[127535]: 172.20.0.100 - - [18/Mar/2026:17:00:25 +0000] "GET /d1/104/AUTH_f6638140618e4e358d6e35964b33ccb9/gnocchi.184e042a-fdfe-4628-9d3f-3ae5a2da368b/1773360000.0_mean_300.0_v3" 200 16 "GET http://172.18.0.2:8080/v1/AUTH_f6638140618e4e358d6e35964b33ccb9/gnocchi.184e042a-fdfe-4628-9d3f-3ae5a2da368b/1773360000.0_mean_300.0_v3" "tx46b2dd7b47e445c583a1c-0069bada29" "proxy-server 20" 0.0008 "-" 22 0
Mar 18 17:00:25 standalone proxy-server[129315]: 172.18.0.2 172.18.0.100 18/Mar/2026/17/00/25 GET /v1/AUTH_f6638140618e4e358d6e35964b33ccb9/gnocchi.184e042a-fdfe-4628-9d3f-3ae5a2da368b/1773360000.0_mean_300.0_v3 HTTP/1.0 200 - python-swiftclient-3.11.1 gAAAAABputlD68p8... - 16 - tx46b2dd7b47e445c583a1c-0069bada29 - 0.0054 - - 1773853225.072546244 1773853225.077957869 0
Mar 18 17:00:25 standalone container-server[127341]: 172.20.0.100 - - [18/Mar/2026:17:00:25 +0000] "PUT /d1/280/AUTH_f6638140618e4e358d6e35964b33ccb9/gnocchi.184e042a-fdfe-4628-9d3f-3ae5a2da368b/1773360000.0_mean_300.0_v3" 201 - "PUT http://172.18.0.2:8080/d1/104/AUTH_f6638140618e4e358d6e35964b33ccb9/gnocchi.184e042a-fdfe-4628-9d3f-3ae5a2da368b/1773360000.0_mean_300.0_v3" "txecbad2e9c01a4e5e9d6f0-0069bada29" "object-server 22" 0.0006 "-" 20 0
Mar 18 17:00:25 standalone object-server[127535]: 172.20.0.100 - - [18/Mar/2026:17:00:25 +0000] "PUT /d1/104/AUTH_f6638140618e4e358d6e35964b33ccb9/gnocchi.184e042a-fdfe-4628-9d3f-3ae5a2da368b/1773360000.0_mean_300.0_v3" 201 - "PUT http://172.18.0.2:8080/v1/AUTH_f6638140618e4e358d6e35964b33ccb9/gnocchi.184e042a-fdfe-4628-9d3f-3ae5a2da368b/1773360000.0_mean_300.0_v3" "txecbad2e9c01a4e5e9d6f0-0069bada29" "proxy-server 20" 0.0135 "-" 22 0
Mar 18 17:00:25 standalone proxy-server[129315]: 172.18.0.2 172.18.0.100 18/Mar/2026/17/00/25 PUT /v1/AUTH_f6638140618e4e358d6e35964b33ccb9/gnocchi.184e042a-fdfe-4628-9d3f-3ae5a2da368b/1773360000.0_mean_300.0_v3 HTTP/1.0 201 - python-swiftclient-3.11.1 gAAAAABputlD68p8... 23 - - txecbad2e9c01a4e5e9d6f0-0069bada29 - 0.0202 - - 1773853225.083795786 1773853225.104001045 0
Mar 18 17:00:25 standalone container-server[127356]: 172.20.0.100 - - [18/Mar/2026:17:00:25 +0000] "PUT /d1/280/AUTH_f6638140618e4e358d6e35964b33ccb9/gnocchi.184e042a-fdfe-4628-9d3f-3ae5a2da368b/none_v3" 201 - "PUT http://172.18.0.2:8080/d1/453/AUTH_f6638140618e4e358d6e35964b33ccb9/gnocchi.184e042a-fdfe-4628-9d3f-3ae5a2da368b/none_v3" "tx462510f36a0a48a688f9d-0069bada29" "object-server 20" 0.0005 "-" 23 0
Mar 18 17:00:25 standalone object-server[127532]: 172.20.0.100 - - [18/Mar/2026:17:00:25 +0000] "PUT /d1/453/AUTH_f6638140618e4e358d6e35964b33ccb9/gnocchi.184e042a-fdfe-4628-9d3f-3ae5a2da368b/none_v3" 201 - "PUT http://172.18.0.2:8080/v1/AUTH_f6638140618e4e358d6e35964b33ccb9/gnocchi.184e042a-fdfe-4628-9d3f-3ae5a2da368b/none_v3" "tx462510f36a0a48a688f9d-0069bada29" "proxy-server 20" 0.0084 "-" 20 0
Mar 18 17:00:25 standalone proxy-server[129315]: 172.18.0.2 172.18.0.100 18/Mar/2026/17/00/25 PUT /v1/AUTH_f6638140618e4e358d6e35964b33ccb9/gnocchi.184e042a-fdfe-4628-9d3f-3ae5a2da368b/none_v3 HTTP/1.0 201 - python-swiftclient-3.11.1 gAAAAABputlD68p8... 22 - - tx462510f36a0a48a688f9d-0069bada29 - 0.0161 - - 1773853225.105956793 1773853225.122055769 0
Mar 18 17:00:25 standalone container-server[127341]: 172.20.0.100 - - [18/Mar/2026:17:00:25 +0000] "HEAD /d1/440/AUTH_f6638140618e4e358d6e35964b33ccb9/gnocchi.5b52346f-1d21-4712-92c0-c1331907fbca" 204 - "HEAD http://172.18.0.2:8080/v1/AUTH_f6638140618e4e358d6e35964b33ccb9/gnocchi.5b52346f-1d21-4712-92c0-c1331907fbca?format=json&states=listing" "tx12eba32358234f8aa1a66-0069bada29" "proxy-server 20" 0.0084 "-" 20 0
Mar 18 17:00:25 standalone object-server[127535]: 172.20.0.100 - - [18/Mar/2026:17:00:25 +0000] "GET /d1/556/AUTH_f6638140618e4e358d6e35964b33ccb9/gnocchi.5b52346f-1d21-4712-92c0-c1331907fbca/none_v3" 200 32 "GET http://172.18.0.2:8080/v1/AUTH_f6638140618e4e358d6e35964b33ccb9/gnocchi.5b52346f-1d21-4712-92c0-c1331907fbca/none_v3" "tx12eba32358234f8aa1a66-0069bada29" "proxy-server 20" 0.0010 "-" 22 0
Mar 18 17:00:25 standalone proxy-server[129315]: 172.18.0.2 172.18.0.100 18/Mar/2026/17/00/25 GET /v1/AUTH_f6638140618e4e358d6e35964b33ccb9/gnocchi.5b52346f-1d21-4712-92c0-c1331907fbca/none_v3 HTTP/1.0 200 - python-swiftclient-3.11.1 gAAAAABputlD68p8... - 32 - tx12eba32358234f8aa1a66-0069bada29 - 0.0182 - - 1773853225.134515762 1773853225.152693510 0
Mar 18 17:00:25 standalone container-server[127351]: 172.20.0.100 - - [18/Mar/2026:17:00:25 +0000] "GET /d1/440/AUTH_f6638140618e4e358d6e35964b33ccb9/gnocchi.5b52346f-1d21-4712-92c0-c1331907fbca" 200 357 "GET http://172.18.0.2:8080/v1/AUTH_f6638140618e4e358d6e35964b33ccb9/gnocchi.5b52346f-1d21-4712-92c0-c1331907fbca?format=json&states=listing" "tx6e35b10d264d41d6afd1a-0069bada29" "proxy-server 20" 0.0020 "-" 22 0
Mar 18 17:00:25 standalone proxy-server[129315]: 172.18.0.2 172.18.0.100 18/Mar/2026/17/00/25 GET /v1/AUTH_f6638140618e4e358d6e35964b33ccb9/gnocchi.5b52346f-1d21-4712-92c0-c1331907fbca%3Fformat%3Djson%26states%3Dlisting HTTP/1.0 200 - python-swiftclient-3.11.1 gAAAAABputlD68p8... - 357 - tx6e35b10d264d41d6afd1a-0069bada29 - 0.0069 - - 1773853225.156513929 1773853225.163390398 0
Mar 18 17:00:25 standalone container-server[127348]: 172.20.0.100 - - [18/Mar/2026:17:00:25 +0000] "GET /d1/440/AUTH_f6638140618e4e358d6e35964b33ccb9/gnocchi.5b52346f-1d21-4712-92c0-c1331907fbca" 200 2 "GET http://172.18.0.2:8080/v1/AUTH_f6638140618e4e358d6e35964b33ccb9/gnocchi.5b52346f-1d21-4712-92c0-c1331907fbca?format=json&marker=none_v3&states=listing" "txf1860a64bfc14276b628b-0069bada29" "proxy-server 20" 0.0025 "-" 21 0
Mar 18 17:00:25 standalone proxy-server[129315]: 172.18.0.2 172.18.0.100 18/Mar/2026/17/00/25 GET /v1/AUTH_f6638140618e4e358d6e35964b33ccb9/gnocchi.5b52346f-1d21-4712-92c0-c1331907fbca%3Fformat%3Djson%26marker%3Dnone_v3%26states%3Dlisting HTTP/1.0 200 - python-swiftclient-3.11.1 gAAAAABputlD68p8... - 2 - txf1860a64bfc14276b628b-0069bada29 - 0.0069 - - 1773853225.166503906 1773853225.173395157 0
Mar 18 17:00:25 standalone object-server[127543]: 172.20.0.100 - - [18/Mar/2026:17:00:25 +0000] "GET /d1/118/AUTH_f6638140618e4e358d6e35964b33ccb9/gnocchi.5b52346f-1d21-4712-92c0-c1331907fbca/1773360000.0_mean_300.0_v3" 200 16 "GET http://172.18.0.2:8080/v1/AUTH_f6638140618e4e358d6e35964b33ccb9/gnocchi.5b52346f-1d21-4712-92c0-c1331907fbca/1773360000.0_mean_300.0_v3" "tx02ef4ef0dd7f46f9933ef-0069bada29" "proxy-server 20" 0.0008 "-" 24 0
Mar 18 17:00:25 standalone proxy-server[129315]: 172.18.0.2 172.18.0.100 18/Mar/2026/17/00/25 GET /v1/AUTH_f6638140618e4e358d6e35964b33ccb9/gnocchi.5b52346f-1d21-4712-92c0-c1331907fbca/1773360000.0_mean_300.0_v3 HTTP/1.0 200 - python-swiftclient-3.11.1 gAAAAABputlD68p8... - 16 - tx02ef4ef0dd7f46f9933ef-0069bada29 - 0.0057 - - 1773853225.181539297 1773853225.187206507 0
Mar 18 17:00:25 standalone container-server[127348]: 172.20.0.100 - - [18/Mar/2026:17:00:25 +0000] "PUT /d1/440/AUTH_f6638140618e4e358d6e35964b33ccb9/gnocchi.5b52346f-1d21-4712-92c0-c1331907fbca/1773360000.0_mean_300.0_v3" 201 - "PUT http://172.18.0.2:8080/d1/118/AUTH_f6638140618e4e358d6e35964b33ccb9/gnocchi.5b52346f-1d21-4712-92c0-c1331907fbca/1773360000.0_mean_300.0_v3" "tx8187499cf7cf4902b77d7-0069bada29" "object-server 24" 0.0007 "-" 21 0
Mar 18 17:00:25 standalone object-server[127543]: 172.20.0.100 - - [18/Mar/2026:17:00:25 +0000] "PUT /d1/118/AUTH_f6638140618e4e358d6e35964b33ccb9/gnocchi.5b52346f-1d21-4712-92c0-c1331907fbca/1773360000.0_mean_300.0_v3" 201 - "PUT http://172.18.0.2:8080/v1/AUTH_f6638140618e4e358d6e35964b33ccb9/gnocchi.5b52346f-1d21-4712-92c0-c1331907fbca/1773360000.0_mean_300.0_v3" "tx8187499cf7cf4902b77d7-0069bada29" "proxy-server 20" 0.0094 "-" 24 0
Mar 18 17:00:25 standalone proxy-server[129315]: 172.18.0.2 172.18.0.100 18/Mar/2026/17/00/25 PUT /v1/AUTH_f6638140618e4e358d6e35964b33ccb9/gnocchi.5b52346f-1d21-4712-92c0-c1331907fbca/1773360000.0_mean_300.0_v3 HTTP/1.0 201 - python-swiftclient-3.11.1 gAAAAABputlD68p8... 23 - - tx8187499cf7cf4902b77d7-0069bada29 - 0.0150 - - 1773853225.191583157 1773853225.206628799 0
Mar 18 17:00:25 standalone container-server[127356]: 172.20.0.100 - - [18/Mar/2026:17:00:25 +0000] "PUT /d1/440/AUTH_f6638140618e4e358d6e35964b33ccb9/gnocchi.5b52346f-1d21-4712-92c0-c1331907fbca/none_v3" 201 - "PUT http://172.18.0.2:8080/d1/556/AUTH_f6638140618e4e358d6e35964b33ccb9/gnocchi.5b52346f-1d21-4712-92c0-c1331907fbca/none_v3" "tx94c90936d4ba4ebc9cf89-0069bada29" "object-server 23" 0.0005 "-" 23 0
Mar 18 17:00:25 standalone object-server[127540]: 172.20.0.100 - - [18/Mar/2026:17:00:25 +0000] "PUT /d1/556/AUTH_f6638140618e4e358d6e35964b33ccb9/gnocchi.5b52346f-1d21-4712-92c0-c1331907fbca/none_v3" 201 - "PUT http://172.18.0.2:8080/v1/AUTH_f6638140618e4e358d6e35964b33ccb9/gnocchi.5b52346f-1d21-4712-92c0-c1331907fbca/none_v3" "tx94c90936d4ba4ebc9cf89-0069bada29" "proxy-server 20" 0.0096 "-" 23 0
Mar 18 17:00:25 standalone proxy-server[129315]: 172.18.0.2 172.18.0.100 18/Mar/2026/17/00/25 PUT /v1/AUTH_f6638140618e4e358d6e35964b33ccb9/gnocchi.5b52346f-1d21-4712-92c0-c1331907fbca/none_v3 HTTP/1.0 201 - python-swiftclient-3.11.1 gAAAAABputlD68p8... 22 - - tx94c90936d4ba4ebc9cf89-0069bada29 - 0.0138 - - 1773853225.208678484 1773853225.222502470 0
Mar 18 17:00:25 standalone container-server[127356]: 172.20.0.100 - - [18/Mar/2026:17:00:25 +0000] "HEAD /d1/288/AUTH_f6638140618e4e358d6e35964b33ccb9/gnocchi.24147803-b366-45d7-8021-20178e2802a1" 204 - "HEAD http://172.18.0.2:8080/v1/AUTH_f6638140618e4e358d6e35964b33ccb9/gnocchi.24147803-b366-45d7-8021-20178e2802a1?format=json&states=listing" "tx530646bc21904c20a8e00-0069bada29" "proxy-server 20" 0.0110 "-" 23 0
Mar 18 17:00:25 standalone object-server[127532]: 172.20.0.100 - - [18/Mar/2026:17:00:25 +0000] "GET /d1/894/AUTH_f6638140618e4e358d6e35964b33ccb9/gnocchi.24147803-b366-45d7-8021-20178e2802a1/none_v3" 200 32 "GET http://172.18.0.2:8080/v1/AUTH_f6638140618e4e358d6e35964b33ccb9/gnocchi.24147803-b366-45d7-8021-20178e2802a1/none_v3" "tx530646bc21904c20a8e00-0069bada29" "proxy-server 20" 0.0007 "-" 20 0
Mar 18 17:00:25 standalone proxy-server[129315]: 172.18.0.2 172.18.0.100 18/Mar/2026/17/00/25 GET /v1/AUTH_f6638140618e4e358d6e35964b33ccb9/gnocchi.24147803-b366-45d7-8021-20178e2802a1/none_v3 HTTP/1.0 200 - python-swiftclient-3.11.1 gAAAAABputlD68p8... - 32 - tx530646bc21904c20a8e00-0069bada29 - 0.0230 - - 1773853225.233834982 1773853225.256855488 0
Mar 18 17:00:25 standalone container-server[127341]: 172.20.0.100 - - [18/Mar/2026:17:00:25 +0000] "GET /d1/288/AUTH_f6638140618e4e358d6e35964b33ccb9/gnocchi.24147803-b366-45d7-8021-20178e2802a1" 200 357 "GET http://172.18.0.2:8080/v1/AUTH_f6638140618e4e358d6e35964b33ccb9/gnocchi.24147803-b366-45d7-8021-20178e2802a1?format=json&states=listing" "txd97749e33e4c4329ae617-0069bada29" "proxy-server 20" 0.0019 "-" 20 0
Mar 18 17:00:25 standalone proxy-server[129315]: 172.18.0.2 172.18.0.100 18/Mar/2026/17/00/25 GET /v1/AUTH_f6638140618e4e358d6e35964b33ccb9/gnocchi.24147803-b366-45d7-8021-20178e2802a1%3Fformat%3Djson%26states%3Dlisting HTTP/1.0 200 - python-swiftclient-3.11.1 gAAAAABputlD68p8... - 357 - txd97749e33e4c4329ae617-0069bada29 - 0.0065 - - 1773853225.260234833 1773853225.266769171 0
Mar 18 17:00:25 standalone container-server[127351]: 172.20.0.100 - - [18/Mar/2026:17:00:25 +0000] "GET /d1/288/AUTH_f6638140618e4e358d6e35964b33ccb9/gnocchi.24147803-b366-45d7-8021-20178e2802a1" 200 2 "GET http://172.18.0.2:8080/v1/AUTH_f6638140618e4e358d6e35964b33ccb9/gnocchi.24147803-b366-45d7-8021-20178e2802a1?format=json&marker=none_v3&states=listing" "tx2e42cf889df543679f08c-0069bada29" "proxy-server 20" 0.0024 "-" 22 0
Mar 18 17:00:25 standalone proxy-server[129315]: 172.18.0.2 172.18.0.100 18/Mar/2026/17/00/25 GET /v1/AUTH_f6638140618e4e358d6e35964b33ccb9/gnocchi.24147803-b366-45d7-8021-20178e2802a1%3Fformat%3Djson%26marker%3Dnone_v3%26states%3Dlisting HTTP/1.0 200 - python-swiftclient-3.11.1 gAAAAABputlD68p8... - 2 - tx2e42cf889df543679f08c-0069bada29 - 0.0074 - - 1773853225.268768549 1773853225.276144266 0
Mar 18 17:00:25 standalone object-server[127540]: 172.20.0.100 - - [18/Mar/2026:17:00:25 +0000] "GET /d1/552/AUTH_f6638140618e4e358d6e35964b33ccb9/gnocchi.24147803-b366-45d7-8021-20178e2802a1/1773360000.0_mean_300.0_v3" 200 16 "GET http://172.18.0.2:8080/v1/AUTH_f6638140618e4e358d6e35964b33ccb9/gnocchi.24147803-b366-45d7-8021-20178e2802a1/1773360000.0_mean_300.0_v3" "txb7a37919cd9545759adaa-0069bada29" "proxy-server 20" 0.0008 "-" 23 0
Mar 18 17:00:25 standalone proxy-server[129315]: 172.18.0.2 172.18.0.100 18/Mar/2026/17/00/25 GET /v1/AUTH_f6638140618e4e358d6e35964b33ccb9/gnocchi.24147803-b366-45d7-8021-20178e2802a1/1773360000.0_mean_300.0_v3 HTTP/1.0 200 - python-swiftclient-3.11.1 gAAAAABputlD68p8... - 16 - txb7a37919cd9545759adaa-0069bada29 - 0.0052 - - 1773853225.278864384 1773853225.284096241 0
Mar 18 17:00:25 standalone container-server[127341]: 172.20.0.100 - - [18/Mar/2026:17:00:25 +0000] "PUT /d1/288/AUTH_f6638140618e4e358d6e35964b33ccb9/gnocchi.24147803-b366-45d7-8021-20178e2802a1/1773360000.0_mean_300.0_v3" 201 - "PUT http://172.18.0.2:8080/d1/552/AUTH_f6638140618e4e358d6e35964b33ccb9/gnocchi.24147803-b366-45d7-8021-20178e2802a1/1773360000.0_mean_300.0_v3" "tx8393f9312bf8431e885b6-0069bada29" "object-server 24" 0.0004 "-" 20 0
Mar 18 17:00:25 standalone object-server[127543]: 172.20.0.100 - - [18/Mar/2026:17:00:25 +0000] "PUT /d1/552/AUTH_f6638140618e4e358d6e35964b33ccb9/gnocchi.24147803-b366-45d7-8021-20178e2802a1/1773360000.0_mean_300.0_v3" 201 - "PUT http://172.18.0.2:8080/v1/AUTH_f6638140618e4e358d6e35964b33ccb9/gnocchi.24147803-b366-45d7-8021-20178e2802a1/1773360000.0_mean_300.0_v3" "tx8393f9312bf8431e885b6-0069bada29" "proxy-server 20" 0.0081 "-" 24 0
Mar 18 17:00:25 standalone proxy-server[129315]: 172.18.0.2 172.18.0.100 18/Mar/2026/17/00/25 PUT /v1/AUTH_f6638140618e4e358d6e35964b33ccb9/gnocchi.24147803-b366-45d7-8021-20178e2802a1/1773360000.0_mean_300.0_v3 HTTP/1.0 201 - python-swiftclient-3.11.1 gAAAAABputlD68p8... 23 - - tx8393f9312bf8431e885b6-0069bada29 - 0.0126 - - 1773853225.286325216 1773853225.298896551 0
Mar 18 17:00:25 standalone container-server[127356]: 172.20.0.100 - - [18/Mar/2026:17:00:25 +0000] "PUT /d1/288/AUTH_f6638140618e4e358d6e35964b33ccb9/gnocchi.24147803-b366-45d7-8021-20178e2802a1/none_v3" 201 - "PUT http://172.18.0.2:8080/d1/894/AUTH_f6638140618e4e358d6e35964b33ccb9/gnocchi.24147803-b366-45d7-8021-20178e2802a1/none_v3" "tx8e35e997ff5740d8a9f6e-0069bada29" "object-server 20" 0.0011 "-" 23 0
Mar 18 17:00:25 standalone object-server[127532]: 172.20.0.100 - - [18/Mar/2026:17:00:25 +0000] "PUT /d1/894/AUTH_f6638140618e4e358d6e35964b33ccb9/gnocchi.24147803-b366-45d7-8021-20178e2802a1/none_v3" 201 - "PUT http://172.18.0.2:8080/v1/AUTH_f6638140618e4e358d6e35964b33ccb9/gnocchi.24147803-b366-45d7-8021-20178e2802a1/none_v3" "tx8e35e997ff5740d8a9f6e-0069bada29" "proxy-server 20" 0.0086 "-" 20 0
Mar 18 17:00:25 standalone proxy-server[129315]: 172.18.0.2 172.18.0.100 18/Mar/2026/17/00/25 PUT /v1/AUTH_f6638140618e4e358d6e35964b33ccb9/gnocchi.24147803-b366-45d7-8021-20178e2802a1/none_v3 HTTP/1.0 201 - python-swiftclient-3.11.1 gAAAAABputlD68p8... 22 - - tx8e35e997ff5740d8a9f6e-0069bada29 - 0.0123 - - 1773853225.300772190 1773853225.313081026 0
Mar 18 17:00:25 standalone container-server[127351]: 172.20.0.100 - - [18/Mar/2026:17:00:25 +0000] "HEAD /d1/26/AUTH_f6638140618e4e358d6e35964b33ccb9/gnocchi.32efa022-6cef-4221-b67d-57834512893f" 204 - "HEAD http://172.18.0.2:8080/v1/AUTH_f6638140618e4e358d6e35964b33ccb9/gnocchi.32efa022-6cef-4221-b67d-57834512893f?format=json&states=listing" "tx04ce8a7ec97b4c7aa1acb-0069bada29" "proxy-server 20" 0.0113 "-" 22 0
Mar 18 17:00:25 standalone object-server[127540]: 172.20.0.100 - - [18/Mar/2026:17:00:25 +0000] "GET /d1/447/AUTH_f6638140618e4e358d6e35964b33ccb9/gnocchi.32efa022-6cef-4221-b67d-57834512893f/none_v3" 200 32 "GET http://172.18.0.2:8080/v1/AUTH_f6638140618e4e358d6e35964b33ccb9/gnocchi.32efa022-6cef-4221-b67d-57834512893f/none_v3" "tx04ce8a7ec97b4c7aa1acb-0069bada29" "proxy-server 20" 0.0006 "-" 23 0
Mar 18 17:00:25 standalone proxy-server[129315]: 172.18.0.2 172.18.0.100 18/Mar/2026/17/00/25 GET /v1/AUTH_f6638140618e4e358d6e35964b33ccb9/gnocchi.32efa022-6cef-4221-b67d-57834512893f/none_v3 HTTP/1.0 200 - python-swiftclient-3.11.1 gAAAAABputlD68p8... - 32 - tx04ce8a7ec97b4c7aa1acb-0069bada29 - 0.0224 - - 1773853225.327423811 1773853225.349857569 0
Mar 18 17:00:25 standalone container-server[127348]: 172.20.0.100 - - [18/Mar/2026:17:00:25 +0000] "GET /d1/26/AUTH_f6638140618e4e358d6e35964b33ccb9/gnocchi.32efa022-6cef-4221-b67d-57834512893f" 200 357 "GET http://172.18.0.2:8080/v1/AUTH_f6638140618e4e358d6e35964b33ccb9/gnocchi.32efa022-6cef-4221-b67d-57834512893f?format=json&states=listing" "txb6f192ecb90d43c292fd1-0069bada29" "proxy-server 20" 0.0039 "-" 21 0
Mar 18 17:00:25 standalone proxy-server[129315]: 172.18.0.2 172.18.0.100 18/Mar/2026/17/00/25 GET /v1/AUTH_f6638140618e4e358d6e35964b33ccb9/gnocchi.32efa022-6cef-4221-b67d-57834512893f%3Fformat%3Djson%26states%3Dlisting HTTP/1.0 200 - python-swiftclient-3.11.1 gAAAAABputlD68p8... - 357 - txb6f192ecb90d43c292fd1-0069bada29 - 0.0137 - - 1773853225.356279850 1773853225.369957685 0
Mar 18 17:00:25 standalone container-server[127356]: 172.20.0.100 - - [18/Mar/2026:17:00:25 +0000] "GET /d1/26/AUTH_f6638140618e4e358d6e35964b33ccb9/gnocchi.32efa022-6cef-4221-b67d-57834512893f" 200 2 "GET http://172.18.0.2:8080/v1/AUTH_f6638140618e4e358d6e35964b33ccb9/gnocchi.32efa022-6cef-4221-b67d-57834512893f?format=json&marker=none_v3&states=listing" "txb56cf2d17efe4c669d9ed-0069bada29" "proxy-server 20" 0.0045 "-" 23 0
Mar 18 17:00:25 standalone proxy-server[129315]: 172.18.0.2 172.18.0.100 18/Mar/2026/17/00/25 GET /v1/AUTH_f6638140618e4e358d6e35964b33ccb9/gnocchi.32efa022-6cef-4221-b67d-57834512893f%3Fformat%3Djson%26marker%3Dnone_v3%26states%3Dlisting HTTP/1.0 200 - python-swiftclient-3.11.1 gAAAAABputlD68p8... - 2 - txb56cf2d17efe4c669d9ed-0069bada29 - 0.0143 - - 1773853225.372667789 1773853225.386944532 0
Mar 18 17:00:25 standalone object-server[127543]: 172.20.0.100 - - [18/Mar/2026:17:00:25 +0000] "GET /d1/174/AUTH_f6638140618e4e358d6e35964b33ccb9/gnocchi.32efa022-6cef-4221-b67d-57834512893f/1773360000.0_mean_300.0_v3" 200 16 "GET http://172.18.0.2:8080/v1/AUTH_f6638140618e4e358d6e35964b33ccb9/gnocchi.32efa022-6cef-4221-b67d-57834512893f/1773360000.0_mean_300.0_v3" "tx6699029620814bfa93c23-0069bada29" "proxy-server 20" 0.0012 "-" 24 0
Mar 18 17:00:25 standalone proxy-server[129315]: 172.18.0.2 172.18.0.100 18/Mar/2026/17/00/25 GET /v1/AUTH_f6638140618e4e358d6e35964b33ccb9/gnocchi.32efa022-6cef-4221-b67d-57834512893f/1773360000.0_mean_300.0_v3 HTTP/1.0 200 - python-swiftclient-3.11.1 gAAAAABputlD68p8... - 16 - tx6699029620814bfa93c23-0069bada29 - 0.0106 - - 1773853225.393731594 1773853225.404286385 0
Mar 18 17:00:25 standalone container-server[127356]: 172.20.0.100 - - [18/Mar/2026:17:00:25 +0000] "PUT /d1/26/AUTH_f6638140618e4e358d6e35964b33ccb9/gnocchi.32efa022-6cef-4221-b67d-57834512893f/1773360000.0_mean_300.0_v3" 201 - "PUT http://172.18.0.2:8080/d1/174/AUTH_f6638140618e4e358d6e35964b33ccb9/gnocchi.32efa022-6cef-4221-b67d-57834512893f/1773360000.0_mean_300.0_v3" "txba7d07ce09c14bfe8c4bb-0069bada29" "object-server 24" 0.0009 "-" 23 0
Mar 18 17:00:25 standalone object-server[127543]: 172.20.0.100 - - [18/Mar/2026:17:00:25 +0000] "PUT /d1/174/AUTH_f6638140618e4e358d6e35964b33ccb9/gnocchi.32efa022-6cef-4221-b67d-57834512893f/1773360000.0_mean_300.0_v3" 201 - "PUT http://172.18.0.2:8080/v1/AUTH_f6638140618e4e358d6e35964b33ccb9/gnocchi.32efa022-6cef-4221-b67d-57834512893f/1773360000.0_mean_300.0_v3" "txba7d07ce09c14bfe8c4bb-0069bada29" "proxy-server 20" 0.0119 "-" 24 0
Mar 18 17:00:25 standalone proxy-server[129315]: 172.18.0.2 172.18.0.100 18/Mar/2026/17/00/25 PUT /v1/AUTH_f6638140618e4e358d6e35964b33ccb9/gnocchi.32efa022-6cef-4221-b67d-57834512893f/1773360000.0_mean_300.0_v3 HTTP/1.0 201 - python-swiftclient-3.11.1 gAAAAABputlD68p8... 23 - - txba7d07ce09c14bfe8c4bb-0069bada29 - 0.0203 - - 1773853225.407219410 1773853225.427553892 0
Mar 18 17:00:25 standalone container-server[127356]: 172.20.0.100 - - [18/Mar/2026:17:00:25 +0000] "PUT /d1/26/AUTH_f6638140618e4e358d6e35964b33ccb9/gnocchi.32efa022-6cef-4221-b67d-57834512893f/none_v3" 201 - "PUT http://172.18.0.2:8080/d1/447/AUTH_f6638140618e4e358d6e35964b33ccb9/gnocchi.32efa022-6cef-4221-b67d-57834512893f/none_v3" "txff7348d92f0f46e2ada9f-0069bada29" "object-server 20" 0.0005 "-" 23 0
Mar 18 17:00:25 standalone object-server[127532]: 172.20.0.100 - - [18/Mar/2026:17:00:25 +0000] "PUT /d1/447/AUTH_f6638140618e4e358d6e35964b33ccb9/gnocchi.32efa022-6cef-4221-b67d-57834512893f/none_v3" 201 - "PUT http://172.18.0.2:8080/v1/AUTH_f6638140618e4e358d6e35964b33ccb9/gnocchi.32efa022-6cef-4221-b67d-57834512893f/none_v3" "txff7348d92f0f46e2ada9f-0069bada29" "proxy-server 20" 0.0103 "-" 20 0
Mar 18 17:00:25 standalone proxy-server[129315]: 172.18.0.2 172.18.0.100 18/Mar/2026/17/00/25 PUT /v1/AUTH_f6638140618e4e358d6e35964b33ccb9/gnocchi.32efa022-6cef-4221-b67d-57834512893f/none_v3 HTTP/1.0 201 - python-swiftclient-3.11.1 gAAAAABputlD68p8... 22 - - txff7348d92f0f46e2ada9f-0069bada29 - 0.0178 - - 1773853225.429885626 1773853225.447649479 0
Mar 18 17:00:25 standalone container-server[127341]: 172.20.0.100 - - [18/Mar/2026:17:00:25 +0000] "HEAD /d1/955/AUTH_f6638140618e4e358d6e35964b33ccb9/gnocchi.37363162-e866-4485-bc59-845e22d2639d" 204 - "HEAD http://172.18.0.2:8080/v1/AUTH_f6638140618e4e358d6e35964b33ccb9/gnocchi.37363162-e866-4485-bc59-845e22d2639d?format=json&states=listing" "tx4ab72f536c4d4bfc9aa97-0069bada29" "proxy-server 20" 0.0082 "-" 20 0
Mar 18 17:00:25 standalone object-server[127532]: 172.20.0.100 - - [18/Mar/2026:17:00:25 +0000] "GET /d1/662/AUTH_f6638140618e4e358d6e35964b33ccb9/gnocchi.37363162-e866-4485-bc59-845e22d2639d/none_v3" 200 32 "GET http://172.18.0.2:8080/v1/AUTH_f6638140618e4e358d6e35964b33ccb9/gnocchi.37363162-e866-4485-bc59-845e22d2639d/none_v3" "tx4ab72f536c4d4bfc9aa97-0069bada29" "proxy-server 20" 0.0009 "-" 20 0
Mar 18 17:00:25 standalone proxy-server[129315]: 172.18.0.2 172.18.0.100 18/Mar/2026/17/00/25 GET /v1/AUTH_f6638140618e4e358d6e35964b33ccb9/gnocchi.37363162-e866-4485-bc59-845e22d2639d/none_v3 HTTP/1.0 200 - python-swiftclient-3.11.1 gAAAAABputlD68p8... - 32 - tx4ab72f536c4d4bfc9aa97-0069bada29 - 0.0231 - - 1773853225.457035542 1773853225.480111122 0
Mar 18 17:00:25 standalone container-server[127348]: 172.20.0.100 - - [18/Mar/2026:17:00:25 +0000] "GET /d1/955/AUTH_f6638140618e4e358d6e35964b33ccb9/gnocchi.37363162-e866-4485-bc59-845e22d2639d" 200 357 "GET http://172.18.0.2:8080/v1/AUTH_f6638140618e4e358d6e35964b33ccb9/gnocchi.37363162-e866-4485-bc59-845e22d2639d?format=json&states=listing" "txfda2247a0f2646aa8d9be-0069bada29" "proxy-server 20" 0.0038 "-" 21 0
