Mar 18 16:59:25 standalone proxy-server[129315]: 172.18.0.2 172.18.0.100 18/Mar/2026/16/59/25 GET /v1/AUTH_f6638140618e4e358d6e35964b33ccb9/gnocchi.32d4ee74-886c-4df0-8fb4-0d083287c423/none_v3 HTTP/1.0 404 - python-swiftclient-3.11.1 gAAAAABputlD68p8... - 70 - txe4e34e572b8c4fffbfd8b-0069bad9ed - 0.0109 - - 1773853165.646843672 1773853165.657750130 0
Mar 18 16:59:25 standalone account-server[127192]: 172.20.0.100 - - [18/Mar/2026:16:59:25 +0000] "PUT /d1/133/AUTH_f6638140618e4e358d6e35964b33ccb9/gnocchi.32d4ee74-886c-4df0-8fb4-0d083287c423" 201 - "PUT http://172.20.0.100:6001/d1/861/AUTH_f6638140618e4e358d6e35964b33ccb9/gnocchi.32d4ee74-886c-4df0-8fb4-0d083287c423" "tx6542efdced5f4d4781c04-0069bad9ed" "container-server 20" 0.0061 "-" 20 0
Mar 18 16:59:25 standalone container-server[127341]: 172.20.0.100 - - [18/Mar/2026:16:59:25 +0000] "PUT /d1/861/AUTH_f6638140618e4e358d6e35964b33ccb9/gnocchi.32d4ee74-886c-4df0-8fb4-0d083287c423" 201 - "PUT http://172.18.0.2:8080/v1/AUTH_f6638140618e4e358d6e35964b33ccb9/gnocchi.32d4ee74-886c-4df0-8fb4-0d083287c423" "tx6542efdced5f4d4781c04-0069bad9ed" "proxy-server 20" 0.0167 "-" 20 0
Mar 18 16:59:25 standalone proxy-server[129315]: 172.18.0.2 172.18.0.100 18/Mar/2026/16/59/25 PUT /v1/AUTH_f6638140618e4e358d6e35964b33ccb9/gnocchi.32d4ee74-886c-4df0-8fb4-0d083287c423 HTTP/1.0 201 - python-swiftclient-3.11.1 gAAAAABputlD68p8... - - - tx6542efdced5f4d4781c04-0069bad9ed - 0.0213 - - 1773853165.659640789 1773853165.680963993 0
Mar 18 16:59:25 standalone container-server[127348]: 172.20.0.100 - - [18/Mar/2026:16:59:25 +0000] "HEAD /d1/861/AUTH_f6638140618e4e358d6e35964b33ccb9/gnocchi.32d4ee74-886c-4df0-8fb4-0d083287c423" 204 - "HEAD http://172.18.0.2:8080/v1/AUTH_f6638140618e4e358d6e35964b33ccb9/gnocchi.32d4ee74-886c-4df0-8fb4-0d083287c423?format=json&states=listing" "txf2a0bd4ff6e84f1ba5f96-0069bad9ed" "proxy-server 20" 0.0028 "-" 21 0
Mar 18 16:59:25 standalone proxy-server[129315]: - - 18/Mar/2026/16/59/25 HEAD /v1/AUTH_f6638140618e4e358d6e35964b33ccb9/gnocchi.32d4ee74-886c-4df0-8fb4-0d083287c423%3Fformat%3Djson%26states%3Dlisting HTTP/1.0 204 - Swift - - - - txf2a0bd4ff6e84f1ba5f96-0069bad9ed - 0.0060 RL - 1773853165.684956789 1773853165.690943718 0
Mar 18 16:59:25 standalone container-server[127351]: 172.20.0.100 - - [18/Mar/2026:16:59:25 +0000] "GET /d1/861/AUTH_f6638140618e4e358d6e35964b33ccb9/gnocchi.32d4ee74-886c-4df0-8fb4-0d083287c423" 200 2 "GET http://172.18.0.2:8080/v1/AUTH_f6638140618e4e358d6e35964b33ccb9/gnocchi.32d4ee74-886c-4df0-8fb4-0d083287c423?format=json&states=listing" "txf2a0bd4ff6e84f1ba5f96-0069bad9ed" "proxy-server 20" 0.0034 "-" 22 0
Mar 18 16:59:25 standalone proxy-server[129315]: 172.18.0.2 172.18.0.100 18/Mar/2026/16/59/25 GET /v1/AUTH_f6638140618e4e358d6e35964b33ccb9/gnocchi.32d4ee74-886c-4df0-8fb4-0d083287c423%3Fformat%3Djson%26states%3Dlisting HTTP/1.0 200 - python-swiftclient-3.11.1 gAAAAABputlD68p8... - 2 - txf2a0bd4ff6e84f1ba5f96-0069bad9ed - 0.0150 - - 1773853165.684149504 1773853165.699151278 0
Mar 18 16:59:25 standalone object-server[127543]: 172.20.0.100 - - [18/Mar/2026:16:59:25 +0000] "GET /d1/39/AUTH_f6638140618e4e358d6e35964b33ccb9/gnocchi.32d4ee74-886c-4df0-8fb4-0d083287c423/1773360000.0_mean_300.0_v3" 404 70 "GET http://172.18.0.2:8080/v1/AUTH_f6638140618e4e358d6e35964b33ccb9/gnocchi.32d4ee74-886c-4df0-8fb4-0d083287c423/1773360000.0_mean_300.0_v3" "tx81d4b6b074b248a0acd50-0069bad9ed" "proxy-server 20" 0.0003 "-" 24 0
Mar 18 16:59:25 standalone proxy-server[129315]: 172.18.0.2 172.18.0.100 18/Mar/2026/16/59/25 GET /v1/AUTH_f6638140618e4e358d6e35964b33ccb9/gnocchi.32d4ee74-886c-4df0-8fb4-0d083287c423/1773360000.0_mean_300.0_v3 HTTP/1.0 404 - python-swiftclient-3.11.1 gAAAAABputlD68p8... - 70 - tx81d4b6b074b248a0acd50-0069bad9ed - 0.0043 - - 1773853165.702724457 1773853165.707024097 0
Mar 18 16:59:25 standalone container-server[127341]: 172.20.0.100 - - [18/Mar/2026:16:59:25 +0000] "PUT /d1/861/AUTH_f6638140618e4e358d6e35964b33ccb9/gnocchi.32d4ee74-886c-4df0-8fb4-0d083287c423/1773360000.0_mean_300.0_v3" 201 - "PUT http://172.18.0.2:8080/d1/39/AUTH_f6638140618e4e358d6e35964b33ccb9/gnocchi.32d4ee74-886c-4df0-8fb4-0d083287c423/1773360000.0_mean_300.0_v3" "tx37ead41db4134d5b85b10-0069bad9ed" "object-server 23" 0.0006 "-" 20 0
Mar 18 16:59:25 standalone object-server[127540]: 172.20.0.100 - - [18/Mar/2026:16:59:25 +0000] "PUT /d1/39/AUTH_f6638140618e4e358d6e35964b33ccb9/gnocchi.32d4ee74-886c-4df0-8fb4-0d083287c423/1773360000.0_mean_300.0_v3" 201 - "PUT http://172.18.0.2:8080/v1/AUTH_f6638140618e4e358d6e35964b33ccb9/gnocchi.32d4ee74-886c-4df0-8fb4-0d083287c423/1773360000.0_mean_300.0_v3" "tx37ead41db4134d5b85b10-0069bad9ed" "proxy-server 20" 0.0091 "-" 23 0
Mar 18 16:59:25 standalone proxy-server[129315]: 172.18.0.2 172.18.0.100 18/Mar/2026/16/59/25 PUT /v1/AUTH_f6638140618e4e358d6e35964b33ccb9/gnocchi.32d4ee74-886c-4df0-8fb4-0d083287c423/1773360000.0_mean_300.0_v3 HTTP/1.0 201 - python-swiftclient-3.11.1 gAAAAABputlD68p8... 16 - - tx37ead41db4134d5b85b10-0069bad9ed - 0.0132 - - 1773853165.708712101 1773853165.721903086 0
Mar 18 16:59:25 standalone container-server[127356]: 172.20.0.100 - - [18/Mar/2026:16:59:25 +0000] "PUT /d1/861/AUTH_f6638140618e4e358d6e35964b33ccb9/gnocchi.32d4ee74-886c-4df0-8fb4-0d083287c423/none_v3" 201 - "PUT http://172.18.0.2:8080/d1/922/AUTH_f6638140618e4e358d6e35964b33ccb9/gnocchi.32d4ee74-886c-4df0-8fb4-0d083287c423/none_v3" "txe38a3838b6104f7db09b8-0069bad9ed" "object-server 20" 0.0006 "-" 23 0
Mar 18 16:59:25 standalone object-server[127532]: 172.20.0.100 - - [18/Mar/2026:16:59:25 +0000] "PUT /d1/922/AUTH_f6638140618e4e358d6e35964b33ccb9/gnocchi.32d4ee74-886c-4df0-8fb4-0d083287c423/none_v3" 201 - "PUT http://172.18.0.2:8080/v1/AUTH_f6638140618e4e358d6e35964b33ccb9/gnocchi.32d4ee74-886c-4df0-8fb4-0d083287c423/none_v3" "txe38a3838b6104f7db09b8-0069bad9ed" "proxy-server 20" 0.0085 "-" 20 0
Mar 18 16:59:25 standalone proxy-server[129315]: 172.18.0.2 172.18.0.100 18/Mar/2026/16/59/25 PUT /v1/AUTH_f6638140618e4e358d6e35964b33ccb9/gnocchi.32d4ee74-886c-4df0-8fb4-0d083287c423/none_v3 HTTP/1.0 201 - python-swiftclient-3.11.1 gAAAAABputlD68p8... 22 - - txe38a3838b6104f7db09b8-0069bad9ed - 0.0137 - - 1773853165.723490238 1773853165.737197638 0
Mar 18 16:59:25 standalone container-server[127351]: 172.20.0.100 - - [18/Mar/2026:16:59:25 +0000] "HEAD /d1/680/AUTH_f6638140618e4e358d6e35964b33ccb9/gnocchi.e00337db-eab9-431f-8a59-ceaf69ea0d25" 404 - "HEAD http://172.18.0.2:8080/v1/AUTH_f6638140618e4e358d6e35964b33ccb9/gnocchi.e00337db-eab9-431f-8a59-ceaf69ea0d25?format=json&states=listing" "tx71e88094fe3a47f39bc7f-0069bad9ed" "proxy-server 20" 0.0004 "-" 22 0
Mar 18 16:59:25 standalone object-server[127535]: 172.20.0.100 - - [18/Mar/2026:16:59:25 +0000] "GET /d1/523/AUTH_f6638140618e4e358d6e35964b33ccb9/gnocchi.e00337db-eab9-431f-8a59-ceaf69ea0d25/none_v3" 404 70 "GET http://172.18.0.2:8080/v1/AUTH_f6638140618e4e358d6e35964b33ccb9/gnocchi.e00337db-eab9-431f-8a59-ceaf69ea0d25/none_v3" "tx71e88094fe3a47f39bc7f-0069bad9ed" "proxy-server 20" 0.0003 "-" 22 0
Mar 18 16:59:25 standalone proxy-server[129315]: 172.18.0.2 172.18.0.100 18/Mar/2026/16/59/25 GET /v1/AUTH_f6638140618e4e358d6e35964b33ccb9/gnocchi.e00337db-eab9-431f-8a59-ceaf69ea0d25/none_v3 HTTP/1.0 404 - python-swiftclient-3.11.1 gAAAAABputlD68p8... - 70 - tx71e88094fe3a47f39bc7f-0069bad9ed - 0.0080 - - 1773853165.744801760 1773853165.752753258 0
Mar 18 16:59:25 standalone account-server[127213]: 172.20.0.100 - - [18/Mar/2026:16:59:25 +0000] "PUT /d1/133/AUTH_f6638140618e4e358d6e35964b33ccb9/gnocchi.e00337db-eab9-431f-8a59-ceaf69ea0d25" 201 - "PUT http://172.20.0.100:6001/d1/680/AUTH_f6638140618e4e358d6e35964b33ccb9/gnocchi.e00337db-eab9-431f-8a59-ceaf69ea0d25" "tx98cb4231a36140f4ad011-0069bad9ed" "container-server 22" 0.0041 "-" 23 0
Mar 18 16:59:25 standalone container-server[127351]: 172.20.0.100 - - [18/Mar/2026:16:59:25 +0000] "PUT /d1/680/AUTH_f6638140618e4e358d6e35964b33ccb9/gnocchi.e00337db-eab9-431f-8a59-ceaf69ea0d25" 201 - "PUT http://172.18.0.2:8080/v1/AUTH_f6638140618e4e358d6e35964b33ccb9/gnocchi.e00337db-eab9-431f-8a59-ceaf69ea0d25" "tx98cb4231a36140f4ad011-0069bad9ed" "proxy-server 20" 0.0133 "-" 22 0
Mar 18 16:59:25 standalone proxy-server[129315]: 172.18.0.2 172.18.0.100 18/Mar/2026/16/59/25 PUT /v1/AUTH_f6638140618e4e358d6e35964b33ccb9/gnocchi.e00337db-eab9-431f-8a59-ceaf69ea0d25 HTTP/1.0 201 - python-swiftclient-3.11.1 gAAAAABputlD68p8... - - - tx98cb4231a36140f4ad011-0069bad9ed - 0.0165 - - 1773853165.754705667 1773853165.771252394 0
Mar 18 16:59:25 standalone container-server[127341]: 172.20.0.100 - - [18/Mar/2026:16:59:25 +0000] "HEAD /d1/680/AUTH_f6638140618e4e358d6e35964b33ccb9/gnocchi.e00337db-eab9-431f-8a59-ceaf69ea0d25" 204 - "HEAD http://172.18.0.2:8080/v1/AUTH_f6638140618e4e358d6e35964b33ccb9/gnocchi.e00337db-eab9-431f-8a59-ceaf69ea0d25?format=json&states=listing" "txf343ce6b64d6471196a98-0069bad9ed" "proxy-server 20" 0.0022 "-" 20 0
Mar 18 16:59:25 standalone proxy-server[129315]: - - 18/Mar/2026/16/59/25 HEAD /v1/AUTH_f6638140618e4e358d6e35964b33ccb9/gnocchi.e00337db-eab9-431f-8a59-ceaf69ea0d25%3Fformat%3Djson%26states%3Dlisting HTTP/1.0 204 - Swift - - - - txf343ce6b64d6471196a98-0069bad9ed - 0.0050 RL - 1773853165.775409937 1773853165.780398607 0
Mar 18 16:59:25 standalone container-server[127351]: 172.20.0.100 - - [18/Mar/2026:16:59:25 +0000] "GET /d1/680/AUTH_f6638140618e4e358d6e35964b33ccb9/gnocchi.e00337db-eab9-431f-8a59-ceaf69ea0d25" 200 2 "GET http://172.18.0.2:8080/v1/AUTH_f6638140618e4e358d6e35964b33ccb9/gnocchi.e00337db-eab9-431f-8a59-ceaf69ea0d25?format=json&states=listing" "txf343ce6b64d6471196a98-0069bad9ed" "proxy-server 20" 0.0022 "-" 22 0
Mar 18 16:59:25 standalone proxy-server[129315]: 172.18.0.2 172.18.0.100 18/Mar/2026/16/59/25 GET /v1/AUTH_f6638140618e4e358d6e35964b33ccb9/gnocchi.e00337db-eab9-431f-8a59-ceaf69ea0d25%3Fformat%3Djson%26states%3Dlisting HTTP/1.0 200 - python-swiftclient-3.11.1 gAAAAABputlD68p8... - 2 - txf343ce6b64d6471196a98-0069bad9ed - 0.0122 - - 1773853165.774452209 1773853165.786622524 0
Mar 18 16:59:25 standalone object-server[127543]: 172.20.0.100 - - [18/Mar/2026:16:59:25 +0000] "GET /d1/294/AUTH_f6638140618e4e358d6e35964b33ccb9/gnocchi.e00337db-eab9-431f-8a59-ceaf69ea0d25/1773360000.0_mean_300.0_v3" 404 70 "GET http://172.18.0.2:8080/v1/AUTH_f6638140618e4e358d6e35964b33ccb9/gnocchi.e00337db-eab9-431f-8a59-ceaf69ea0d25/1773360000.0_mean_300.0_v3" "txa43328ff915946e3b26b1-0069bad9ed" "proxy-server 20" 0.0004 "-" 24 0
Mar 18 16:59:25 standalone proxy-server[129315]: 172.18.0.2 172.18.0.100 18/Mar/2026/16/59/25 GET /v1/AUTH_f6638140618e4e358d6e35964b33ccb9/gnocchi.e00337db-eab9-431f-8a59-ceaf69ea0d25/1773360000.0_mean_300.0_v3 HTTP/1.0 404 - python-swiftclient-3.11.1 gAAAAABputlD68p8... - 70 - txa43328ff915946e3b26b1-0069bad9ed - 0.0047 - - 1773853165.788720846 1773853165.793416262 0
Mar 18 16:59:25 standalone container-server[127356]: 172.20.0.100 - - [18/Mar/2026:16:59:25 +0000] "PUT /d1/680/AUTH_f6638140618e4e358d6e35964b33ccb9/gnocchi.e00337db-eab9-431f-8a59-ceaf69ea0d25/1773360000.0_mean_300.0_v3" 201 - "PUT http://172.18.0.2:8080/d1/294/AUTH_f6638140618e4e358d6e35964b33ccb9/gnocchi.e00337db-eab9-431f-8a59-ceaf69ea0d25/1773360000.0_mean_300.0_v3" "tx35c985c7bd134eec88c78-0069bad9ed" "object-server 20" 0.0007 "-" 23 0
Mar 18 16:59:25 standalone object-server[127532]: 172.20.0.100 - - [18/Mar/2026:16:59:25 +0000] "PUT /d1/294/AUTH_f6638140618e4e358d6e35964b33ccb9/gnocchi.e00337db-eab9-431f-8a59-ceaf69ea0d25/1773360000.0_mean_300.0_v3" 201 - "PUT http://172.18.0.2:8080/v1/AUTH_f6638140618e4e358d6e35964b33ccb9/gnocchi.e00337db-eab9-431f-8a59-ceaf69ea0d25/1773360000.0_mean_300.0_v3" "tx35c985c7bd134eec88c78-0069bad9ed" "proxy-server 20" 0.0092 "-" 20 0
Mar 18 16:59:25 standalone proxy-server[129315]: 172.18.0.2 172.18.0.100 18/Mar/2026/16/59/25 PUT /v1/AUTH_f6638140618e4e358d6e35964b33ccb9/gnocchi.e00337db-eab9-431f-8a59-ceaf69ea0d25/1773360000.0_mean_300.0_v3 HTTP/1.0 201 - python-swiftclient-3.11.1 gAAAAABputlD68p8... 16 - - tx35c985c7bd134eec88c78-0069bad9ed - 0.0133 - - 1773853165.795156479 1773853165.808484316 0
Mar 18 16:59:25 standalone container-server[127341]: 172.20.0.100 - - [18/Mar/2026:16:59:25 +0000] "PUT /d1/680/AUTH_f6638140618e4e358d6e35964b33ccb9/gnocchi.e00337db-eab9-431f-8a59-ceaf69ea0d25/none_v3" 201 - "PUT http://172.18.0.2:8080/d1/523/AUTH_f6638140618e4e358d6e35964b33ccb9/gnocchi.e00337db-eab9-431f-8a59-ceaf69ea0d25/none_v3" "tx825890c4dace4add90ce7-0069bad9ed" "object-server 22" 0.0006 "-" 20 0
Mar 18 16:59:25 standalone object-server[127535]: 172.20.0.100 - - [18/Mar/2026:16:59:25 +0000] "PUT /d1/523/AUTH_f6638140618e4e358d6e35964b33ccb9/gnocchi.e00337db-eab9-431f-8a59-ceaf69ea0d25/none_v3" 201 - "PUT http://172.18.0.2:8080/v1/AUTH_f6638140618e4e358d6e35964b33ccb9/gnocchi.e00337db-eab9-431f-8a59-ceaf69ea0d25/none_v3" "tx825890c4dace4add90ce7-0069bad9ed" "proxy-server 20" 0.0089 "-" 22 0
Mar 18 16:59:25 standalone proxy-server[129315]: 172.18.0.2 172.18.0.100 18/Mar/2026/16/59/25 PUT /v1/AUTH_f6638140618e4e358d6e35964b33ccb9/gnocchi.e00337db-eab9-431f-8a59-ceaf69ea0d25/none_v3 HTTP/1.0 201 - python-swiftclient-3.11.1 gAAAAABputlD68p8... 22 - - tx825890c4dace4add90ce7-0069bad9ed - 0.0139 - - 1773853165.810012341 1773853165.823878765 0
Mar 18 16:59:25 standalone container-server[127351]: 172.20.0.100 - - [18/Mar/2026:16:59:25 +0000] "HEAD /d1/562/AUTH_f6638140618e4e358d6e35964b33ccb9/gnocchi.d0be70c8-b98e-40fa-bdfc-c392ab07efae" 404 - "HEAD http://172.18.0.2:8080/v1/AUTH_f6638140618e4e358d6e35964b33ccb9/gnocchi.d0be70c8-b98e-40fa-bdfc-c392ab07efae?format=json&states=listing" "tx6789b9b82d8b4271a5fb7-0069bad9ed" "proxy-server 20" 0.0004 "-" 22 0
Mar 18 16:59:25 standalone object-server[127543]: 172.20.0.100 - - [18/Mar/2026:16:59:25 +0000] "GET /d1/186/AUTH_f6638140618e4e358d6e35964b33ccb9/gnocchi.d0be70c8-b98e-40fa-bdfc-c392ab07efae/none_v3" 404 70 "GET http://172.18.0.2:8080/v1/AUTH_f6638140618e4e358d6e35964b33ccb9/gnocchi.d0be70c8-b98e-40fa-bdfc-c392ab07efae/none_v3" "tx6789b9b82d8b4271a5fb7-0069bad9ed" "proxy-server 20" 0.0003 "-" 24 0
Mar 18 16:59:25 standalone proxy-server[129315]: 172.18.0.2 172.18.0.100 18/Mar/2026/16/59/25 GET /v1/AUTH_f6638140618e4e358d6e35964b33ccb9/gnocchi.d0be70c8-b98e-40fa-bdfc-c392ab07efae/none_v3 HTTP/1.0 404 - python-swiftclient-3.11.1 gAAAAABputlD68p8... - 70 - tx6789b9b82d8b4271a5fb7-0069bad9ed - 0.0117 - - 1773853165.840719461 1773853165.852408648 0
Mar 18 16:59:25 standalone account-server[127210]: 172.20.0.100 - - [18/Mar/2026:16:59:25 +0000] "PUT /d1/133/AUTH_f6638140618e4e358d6e35964b33ccb9/gnocchi.d0be70c8-b98e-40fa-bdfc-c392ab07efae" 201 - "PUT http://172.20.0.100:6001/d1/562/AUTH_f6638140618e4e358d6e35964b33ccb9/gnocchi.d0be70c8-b98e-40fa-bdfc-c392ab07efae" "txc8b32ec7d8df46dc90793-0069bad9ed" "container-server 20" 0.0056 "-" 22 0
Mar 18 16:59:25 standalone container-server[127341]: 172.20.0.100 - - [18/Mar/2026:16:59:25 +0000] "PUT /d1/562/AUTH_f6638140618e4e358d6e35964b33ccb9/gnocchi.d0be70c8-b98e-40fa-bdfc-c392ab07efae" 201 - "PUT http://172.18.0.2:8080/v1/AUTH_f6638140618e4e358d6e35964b33ccb9/gnocchi.d0be70c8-b98e-40fa-bdfc-c392ab07efae" "txc8b32ec7d8df46dc90793-0069bad9ed" "proxy-server 20" 0.0181 "-" 20 0
Mar 18 16:59:25 standalone proxy-server[129315]: 172.18.0.2 172.18.0.100 18/Mar/2026/16/59/25 PUT /v1/AUTH_f6638140618e4e358d6e35964b33ccb9/gnocchi.d0be70c8-b98e-40fa-bdfc-c392ab07efae HTTP/1.0 201 - python-swiftclient-3.11.1 gAAAAABputlD68p8... - - - txc8b32ec7d8df46dc90793-0069bad9ed - 0.0250 - - 1773853165.854738474 1773853165.879694223 0
Mar 18 16:59:25 standalone container-server[127341]: 172.20.0.100 - - [18/Mar/2026:16:59:25 +0000] "HEAD /d1/562/AUTH_f6638140618e4e358d6e35964b33ccb9/gnocchi.d0be70c8-b98e-40fa-bdfc-c392ab07efae" 204 - "HEAD http://172.18.0.2:8080/v1/AUTH_f6638140618e4e358d6e35964b33ccb9/gnocchi.d0be70c8-b98e-40fa-bdfc-c392ab07efae?format=json&states=listing" "tx627e26c947b741fbba254-0069bad9ed" "proxy-server 20" 0.0020 "-" 20 0
Mar 18 16:59:25 standalone proxy-server[129315]: - - 18/Mar/2026/16/59/25 HEAD /v1/AUTH_f6638140618e4e358d6e35964b33ccb9/gnocchi.d0be70c8-b98e-40fa-bdfc-c392ab07efae%3Fformat%3Djson%26states%3Dlisting HTTP/1.0 204 - Swift - - - - tx627e26c947b741fbba254-0069bad9ed - 0.0069 RL - 1773853165.883754253 1773853165.890702486 0
Mar 18 16:59:25 standalone container-server[127351]: 172.20.0.100 - - [18/Mar/2026:16:59:25 +0000] "GET /d1/562/AUTH_f6638140618e4e358d6e35964b33ccb9/gnocchi.d0be70c8-b98e-40fa-bdfc-c392ab07efae" 200 2 "GET http://172.18.0.2:8080/v1/AUTH_f6638140618e4e358d6e35964b33ccb9/gnocchi.d0be70c8-b98e-40fa-bdfc-c392ab07efae?format=json&states=listing" "tx627e26c947b741fbba254-0069bad9ed" "proxy-server 20" 0.0024 "-" 22 0
Mar 18 16:59:25 standalone proxy-server[129315]: 172.18.0.2 172.18.0.100 18/Mar/2026/16/59/25 GET /v1/AUTH_f6638140618e4e358d6e35964b33ccb9/gnocchi.d0be70c8-b98e-40fa-bdfc-c392ab07efae%3Fformat%3Djson%26states%3Dlisting HTTP/1.0 200 - python-swiftclient-3.11.1 gAAAAABputlD68p8... - 2 - tx627e26c947b741fbba254-0069bad9ed - 0.0193 - - 1773853165.882314444 1773853165.901566505 0
Mar 18 16:59:25 standalone object-server[127540]: 172.20.0.100 - - [18/Mar/2026:16:59:25 +0000] "GET /d1/526/AUTH_f6638140618e4e358d6e35964b33ccb9/gnocchi.d0be70c8-b98e-40fa-bdfc-c392ab07efae/1773360000.0_mean_300.0_v3" 404 70 "GET http://172.18.0.2:8080/v1/AUTH_f6638140618e4e358d6e35964b33ccb9/gnocchi.d0be70c8-b98e-40fa-bdfc-c392ab07efae/1773360000.0_mean_300.0_v3" "txa1f492a13ed44c2087042-0069bad9ed" "proxy-server 20" 0.0006 "-" 23 0
Mar 18 16:59:25 standalone proxy-server[129315]: 172.18.0.2 172.18.0.100 18/Mar/2026/16/59/25 GET /v1/AUTH_f6638140618e4e358d6e35964b33ccb9/gnocchi.d0be70c8-b98e-40fa-bdfc-c392ab07efae/1773360000.0_mean_300.0_v3 HTTP/1.0 404 - python-swiftclient-3.11.1 gAAAAABputlD68p8... - 70 - txa1f492a13ed44c2087042-0069bad9ed - 0.0078 - - 1773853165.904732466 1773853165.912549734 0
Mar 18 16:59:25 standalone container-server[127341]: 172.20.0.100 - - [18/Mar/2026:16:59:25 +0000] "PUT /d1/562/AUTH_f6638140618e4e358d6e35964b33ccb9/gnocchi.d0be70c8-b98e-40fa-bdfc-c392ab07efae/1773360000.0_mean_300.0_v3" 201 - "PUT http://172.18.0.2:8080/d1/526/AUTH_f6638140618e4e358d6e35964b33ccb9/gnocchi.d0be70c8-b98e-40fa-bdfc-c392ab07efae/1773360000.0_mean_300.0_v3" "tx5ce8daa6e2eb401180256-0069bad9ed" "object-server 24" 0.0006 "-" 20 0
Mar 18 16:59:25 standalone object-server[127543]: 172.20.0.100 - - [18/Mar/2026:16:59:25 +0000] "PUT /d1/526/AUTH_f6638140618e4e358d6e35964b33ccb9/gnocchi.d0be70c8-b98e-40fa-bdfc-c392ab07efae/1773360000.0_mean_300.0_v3" 201 - "PUT http://172.18.0.2:8080/v1/AUTH_f6638140618e4e358d6e35964b33ccb9/gnocchi.d0be70c8-b98e-40fa-bdfc-c392ab07efae/1773360000.0_mean_300.0_v3" "tx5ce8daa6e2eb401180256-0069bad9ed" "proxy-server 20" 0.0108 "-" 24 0
Mar 18 16:59:25 standalone proxy-server[129315]: 172.18.0.2 172.18.0.100 18/Mar/2026/16/59/25 PUT /v1/AUTH_f6638140618e4e358d6e35964b33ccb9/gnocchi.d0be70c8-b98e-40fa-bdfc-c392ab07efae/1773360000.0_mean_300.0_v3 HTTP/1.0 201 - python-swiftclient-3.11.1 gAAAAABputlD68p8... 16 - - tx5ce8daa6e2eb401180256-0069bad9ed - 0.0181 - - 1773853165.915017366 1773853165.933155775 0
Mar 18 16:59:25 standalone container-server[127356]: 172.20.0.100 - - [18/Mar/2026:16:59:25 +0000] "PUT /d1/562/AUTH_f6638140618e4e358d6e35964b33ccb9/gnocchi.d0be70c8-b98e-40fa-bdfc-c392ab07efae/none_v3" 201 - "PUT http://172.18.0.2:8080/d1/186/AUTH_f6638140618e4e358d6e35964b33ccb9/gnocchi.d0be70c8-b98e-40fa-bdfc-c392ab07efae/none_v3" "txaaac5d4fbf74429c994e1-0069bad9ed" "object-server 20" 0.0005 "-" 23 0
Mar 18 16:59:25 standalone object-server[127532]: 172.20.0.100 - - [18/Mar/2026:16:59:25 +0000] "PUT /d1/186/AUTH_f6638140618e4e358d6e35964b33ccb9/gnocchi.d0be70c8-b98e-40fa-bdfc-c392ab07efae/none_v3" 201 - "PUT http://172.18.0.2:8080/v1/AUTH_f6638140618e4e358d6e35964b33ccb9/gnocchi.d0be70c8-b98e-40fa-bdfc-c392ab07efae/none_v3" "txaaac5d4fbf74429c994e1-0069bad9ed" "proxy-server 20" 0.0103 "-" 20 0
Mar 18 16:59:25 standalone proxy-server[129315]: 172.18.0.2 172.18.0.100 18/Mar/2026/16/59/25 PUT /v1/AUTH_f6638140618e4e358d6e35964b33ccb9/gnocchi.d0be70c8-b98e-40fa-bdfc-c392ab07efae/none_v3 HTTP/1.0 201 - python-swiftclient-3.11.1 gAAAAABputlD68p8... 22 - - txaaac5d4fbf74429c994e1-0069bad9ed - 0.0178 - - 1773853165.935648680 1773853165.953490019 0
Mar 18 16:59:25 standalone container-server[127351]: 172.20.0.100 - - [18/Mar/2026:16:59:25 +0000] "HEAD /d1/364/AUTH_f6638140618e4e358d6e35964b33ccb9/gnocchi.46614be8-989c-4364-9910-5be90c14ee32" 404 - "HEAD http://172.18.0.2:8080/v1/AUTH_f6638140618e4e358d6e35964b33ccb9/gnocchi.46614be8-989c-4364-9910-5be90c14ee32?format=json&states=listing" "txb2c4607aece24f74b6e64-0069bad9ed" "proxy-server 20" 0.0005 "-" 22 0
Mar 18 16:59:25 standalone object-server[127535]: 172.20.0.100 - - [18/Mar/2026:16:59:25 +0000] "GET /d1/145/AUTH_f6638140618e4e358d6e35964b33ccb9/gnocchi.46614be8-989c-4364-9910-5be90c14ee32/none_v3" 404 70 "GET http://172.18.0.2:8080/v1/AUTH_f6638140618e4e358d6e35964b33ccb9/gnocchi.46614be8-989c-4364-9910-5be90c14ee32/none_v3" "txb2c4607aece24f74b6e64-0069bad9ed" "proxy-server 20" 0.0004 "-" 22 0
Mar 18 16:59:25 standalone proxy-server[129315]: 172.18.0.2 172.18.0.100 18/Mar/2026/16/59/25 GET /v1/AUTH_f6638140618e4e358d6e35964b33ccb9/gnocchi.46614be8-989c-4364-9910-5be90c14ee32/none_v3 HTTP/1.0 404 - python-swiftclient-3.11.1 gAAAAABputlD68p8... - 70 - txb2c4607aece24f74b6e64-0069bad9ed - 0.0087 - - 1773853165.970875502 1773853165.979533672 0
Mar 18 16:59:26 standalone account-server[127192]: 172.20.0.100 - - [18/Mar/2026:16:59:26 +0000] "PUT /d1/133/AUTH_f6638140618e4e358d6e35964b33ccb9/gnocchi.46614be8-989c-4364-9910-5be90c14ee32" 201 - "PUT http://172.20.0.100:6001/d1/364/AUTH_f6638140618e4e358d6e35964b33ccb9/gnocchi.46614be8-989c-4364-9910-5be90c14ee32" "txfe479acc3ccd4757b1bf6-0069bad9ed" "container-server 21" 0.0087 "-" 20 0
Mar 18 16:59:26 standalone container-server[127348]: 172.20.0.100 - - [18/Mar/2026:16:59:26 +0000] "PUT /d1/364/AUTH_f6638140618e4e358d6e35964b33ccb9/gnocchi.46614be8-989c-4364-9910-5be90c14ee32" 201 - "PUT http://172.18.0.2:8080/v1/AUTH_f6638140618e4e358d6e35964b33ccb9/gnocchi.46614be8-989c-4364-9910-5be90c14ee32" "txfe479acc3ccd4757b1bf6-0069bad9ed" "proxy-server 20" 0.0237 "-" 21 0
Mar 18 16:59:26 standalone proxy-server[129315]: 172.18.0.2 172.18.0.100 18/Mar/2026/16/59/26 PUT /v1/AUTH_f6638140618e4e358d6e35964b33ccb9/gnocchi.46614be8-989c-4364-9910-5be90c14ee32 HTTP/1.0 201 - python-swiftclient-3.11.1 gAAAAABputlD68p8... - - - txfe479acc3ccd4757b1bf6-0069bad9ed - 0.0313 - - 1773853165.983297110 1773853166.014590025 0
Mar 18 16:59:26 standalone container-server[127356]: 172.20.0.100 - - [18/Mar/2026:16:59:26 +0000] "HEAD /d1/364/AUTH_f6638140618e4e358d6e35964b33ccb9/gnocchi.46614be8-989c-4364-9910-5be90c14ee32" 204 - "HEAD http://172.18.0.2:8080/v1/AUTH_f6638140618e4e358d6e35964b33ccb9/gnocchi.46614be8-989c-4364-9910-5be90c14ee32?format=json&states=listing" "tx6724f29794ae47739b762-0069bad9ee" "proxy-server 20" 0.0011 "-" 23 0
Mar 18 16:59:26 standalone proxy-server[129315]: - - 18/Mar/2026/16/59/26 HEAD /v1/AUTH_f6638140618e4e358d6e35964b33ccb9/gnocchi.46614be8-989c-4364-9910-5be90c14ee32%3Fformat%3Djson%26states%3Dlisting HTTP/1.0 204 - Swift - - - - tx6724f29794ae47739b762-0069bad9ee - 0.0051 RL - 1773853166.020515680 1773853166.025600910 0
Mar 18 16:59:26 standalone container-server[127348]: 172.20.0.100 - - [18/Mar/2026:16:59:26 +0000] "GET /d1/364/AUTH_f6638140618e4e358d6e35964b33ccb9/gnocchi.46614be8-989c-4364-9910-5be90c14ee32" 200 2 "GET http://172.18.0.2:8080/v1/AUTH_f6638140618e4e358d6e35964b33ccb9/gnocchi.46614be8-989c-4364-9910-5be90c14ee32?format=json&states=listing" "tx6724f29794ae47739b762-0069bad9ee" "proxy-server 20" 0.0030 "-" 21 0
Mar 18 16:59:26 standalone proxy-server[129315]: 172.18.0.2 172.18.0.100 18/Mar/2026/16/59/26 GET /v1/AUTH_f6638140618e4e358d6e35964b33ccb9/gnocchi.46614be8-989c-4364-9910-5be90c14ee32%3Fformat%3Djson%26states%3Dlisting HTTP/1.0 200 - python-swiftclient-3.11.1 gAAAAABputlD68p8... - 2 - tx6724f29794ae47739b762-0069bad9ee - 0.0184 - - 1773853166.019069910 1773853166.037471056 0
Mar 18 16:59:26 standalone object-server[127532]: 172.20.0.100 - - [18/Mar/2026:16:59:26 +0000] "GET /d1/115/AUTH_f6638140618e4e358d6e35964b33ccb9/gnocchi.46614be8-989c-4364-9910-5be90c14ee32/1773360000.0_mean_300.0_v3" 404 70 "GET http://172.18.0.2:8080/v1/AUTH_f6638140618e4e358d6e35964b33ccb9/gnocchi.46614be8-989c-4364-9910-5be90c14ee32/1773360000.0_mean_300.0_v3" "tx83e9e7685824435294354-0069bad9ee" "proxy-server 20" 0.0006 "-" 20 0
Mar 18 16:59:26 standalone proxy-server[129315]: 172.18.0.2 172.18.0.100 18/Mar/2026/16/59/26 GET /v1/AUTH_f6638140618e4e358d6e35964b33ccb9/gnocchi.46614be8-989c-4364-9910-5be90c14ee32/1773360000.0_mean_300.0_v3 HTTP/1.0 404 - python-swiftclient-3.11.1 gAAAAABputlD68p8... - 70 - tx83e9e7685824435294354-0069bad9ee - 0.0077 - - 1773853166.041807413 1773853166.049484253 0
Mar 18 16:59:26 standalone container-server[127341]: 172.20.0.100 - - [18/Mar/2026:16:59:26 +0000] "PUT /d1/364/AUTH_f6638140618e4e358d6e35964b33ccb9/gnocchi.46614be8-989c-4364-9910-5be90c14ee32/1773360000.0_mean_300.0_v3" 201 - "PUT http://172.18.0.2:8080/d1/115/AUTH_f6638140618e4e358d6e35964b33ccb9/gnocchi.46614be8-989c-4364-9910-5be90c14ee32/1773360000.0_mean_300.0_v3" "tx7620d91a7c62423faea37-0069bad9ee" "object-server 22" 0.0010 "-" 20 0
Mar 18 16:59:26 standalone object-server[127535]: 172.20.0.100 - - [18/Mar/2026:16:59:26 +0000] "PUT /d1/115/AUTH_f6638140618e4e358d6e35964b33ccb9/gnocchi.46614be8-989c-4364-9910-5be90c14ee32/1773360000.0_mean_300.0_v3" 201 - "PUT http://172.18.0.2:8080/v1/AUTH_f6638140618e4e358d6e35964b33ccb9/gnocchi.46614be8-989c-4364-9910-5be90c14ee32/1773360000.0_mean_300.0_v3" "tx7620d91a7c62423faea37-0069bad9ee" "proxy-server 20" 0.0091 "-" 22 0
Mar 18 16:59:26 standalone proxy-server[129315]: 172.18.0.2 172.18.0.100 18/Mar/2026/16/59/26 PUT /v1/AUTH_f6638140618e4e358d6e35964b33ccb9/gnocchi.46614be8-989c-4364-9910-5be90c14ee32/1773360000.0_mean_300.0_v3 HTTP/1.0 201 - python-swiftclient-3.11.1 gAAAAABputlD68p8... 16 - - tx7620d91a7c62423faea37-0069bad9ee - 0.0166 - - 1773853166.052989244 1773853166.069577217 0
Mar 18 16:59:26 standalone container-server[127348]: 172.20.0.100 - - [18/Mar/2026:16:59:26 +0000] "PUT /d1/364/AUTH_f6638140618e4e358d6e35964b33ccb9/gnocchi.46614be8-989c-4364-9910-5be90c14ee32/none_v3" 201 - "PUT http://172.18.0.2:8080/d1/145/AUTH_f6638140618e4e358d6e35964b33ccb9/gnocchi.46614be8-989c-4364-9910-5be90c14ee32/none_v3" "tx1d3b472f1af745bd985ec-0069bad9ee" "object-server 20" 0.0006 "-" 21 0
Mar 18 16:59:26 standalone object-server[127532]: 172.20.0.100 - - [18/Mar/2026:16:59:26 +0000] "PUT /d1/145/AUTH_f6638140618e4e358d6e35964b33ccb9/gnocchi.46614be8-989c-4364-9910-5be90c14ee32/none_v3" 201 - "PUT http://172.18.0.2:8080/v1/AUTH_f6638140618e4e358d6e35964b33ccb9/gnocchi.46614be8-989c-4364-9910-5be90c14ee32/none_v3" "tx1d3b472f1af745bd985ec-0069bad9ee" "proxy-server 20" 0.0100 "-" 20 0
Mar 18 16:59:26 standalone proxy-server[129315]: 172.18.0.2 172.18.0.100 18/Mar/2026/16/59/26 PUT /v1/AUTH_f6638140618e4e358d6e35964b33ccb9/gnocchi.46614be8-989c-4364-9910-5be90c14ee32/none_v3 HTTP/1.0 201 - python-swiftclient-3.11.1 gAAAAABputlD68p8... 22 - - tx1d3b472f1af745bd985ec-0069bad9ee - 0.0175 - - 1773853166.073126316 1773853166.090590239 0
Mar 18 16:59:26 standalone container-server[127341]: 172.20.0.100 - - [18/Mar/2026:16:59:26 +0000] "HEAD /d1/400/AUTH_f6638140618e4e358d6e35964b33ccb9/gnocchi.78aea494-8f7b-4fd1-b969-e5db80611733" 404 - "HEAD http://172.18.0.2:8080/v1/AUTH_f6638140618e4e358d6e35964b33ccb9/gnocchi.78aea494-8f7b-4fd1-b969-e5db80611733?format=json&states=listing" "tx0cf7b8e1ef644a84b15e8-0069bad9ee" "proxy-server 20" 0.0005 "-" 20 0
Mar 18 16:59:26 standalone object-server[127543]: 172.20.0.100 - - [18/Mar/2026:16:59:26 +0000] "GET /d1/869/AUTH_f6638140618e4e358d6e35964b33ccb9/gnocchi.78aea494-8f7b-4fd1-b969-e5db80611733/none_v3" 404 70 "GET http://172.18.0.2:8080/v1/AUTH_f6638140618e4e358d6e35964b33ccb9/gnocchi.78aea494-8f7b-4fd1-b969-e5db80611733/none_v3" "tx0cf7b8e1ef644a84b15e8-0069bad9ee" "proxy-server 20" 0.0005 "-" 24 0
Mar 18 16:59:26 standalone proxy-server[129315]: 172.18.0.2 172.18.0.100 18/Mar/2026/16/59/26 GET /v1/AUTH_f6638140618e4e358d6e35964b33ccb9/gnocchi.78aea494-8f7b-4fd1-b969-e5db80611733/none_v3 HTTP/1.0 404 - python-swiftclient-3.11.1 gAAAAABputlD68p8... - 70 - tx0cf7b8e1ef644a84b15e8-0069bad9ee - 0.0121 - - 1773853166.102482080 1773853166.114611387 0
Mar 18 16:59:26 standalone account-server[127210]: 172.20.0.100 - - [18/Mar/2026:16:59:26 +0000] "PUT /d1/133/AUTH_f6638140618e4e358d6e35964b33ccb9/gnocchi.78aea494-8f7b-4fd1-b969-e5db80611733" 201 - "PUT http://172.20.0.100:6001/d1/400/AUTH_f6638140618e4e358d6e35964b33ccb9/gnocchi.78aea494-8f7b-4fd1-b969-e5db80611733" "tx7c2677b808a84fd99804c-0069bad9ee" "container-server 20" 0.0057 "-" 22 0
Mar 18 16:59:26 standalone container-server[127341]: 172.20.0.100 - - [18/Mar/2026:16:59:26 +0000] "PUT /d1/400/AUTH_f6638140618e4e358d6e35964b33ccb9/gnocchi.78aea494-8f7b-4fd1-b969-e5db80611733" 201 - "PUT http://172.18.0.2:8080/v1/AUTH_f6638140618e4e358d6e35964b33ccb9/gnocchi.78aea494-8f7b-4fd1-b969-e5db80611733" "tx7c2677b808a84fd99804c-0069bad9ee" "proxy-server 20" 0.0223 "-" 20 0
Mar 18 16:59:26 standalone proxy-server[129315]: 172.18.0.2 172.18.0.100 18/Mar/2026/16/59/26 PUT /v1/AUTH_f6638140618e4e358d6e35964b33ccb9/gnocchi.78aea494-8f7b-4fd1-b969-e5db80611733 HTTP/1.0 201 - python-swiftclient-3.11.1 gAAAAABputlD68p8... - - - tx7c2677b808a84fd99804c-0069bad9ee - 0.0306 - - 1773853166.118037701 1773853166.148631334 0
Mar 18 16:59:26 standalone container-server[127356]: 172.20.0.100 - - [18/Mar/2026:16:59:26 +0000] "HEAD /d1/840/AUTH_f6638140618e4e358d6e35964b33ccb9/gnocchi.c32681f4-bdec-459b-abfc-e55fb1a1f633" 404 - "HEAD http://172.18.0.2:8080/v1/AUTH_f6638140618e4e358d6e35964b33ccb9/gnocchi.c32681f4-bdec-459b-abfc-e55fb1a1f633?format=json&states=listing" "tx2983d66631cd4a2eb4eaa-0069bad9ee" "proxy-server 20" 0.0004 "-" 23 0
Mar 18 16:59:26 standalone object-server[127532]: 172.20.0.100 - - [18/Mar/2026:16:59:26 +0000] "GET /d1/279/AUTH_f6638140618e4e358d6e35964b33ccb9/gnocchi.c32681f4-bdec-459b-abfc-e55fb1a1f633/none_v3" 404 70 "GET http://172.18.0.2:8080/v1/AUTH_f6638140618e4e358d6e35964b33ccb9/gnocchi.c32681f4-bdec-459b-abfc-e55fb1a1f633/none_v3" "tx2983d66631cd4a2eb4eaa-0069bad9ee" "proxy-server 20" 0.0004 "-" 20 0
Mar 18 16:59:26 standalone proxy-server[129315]: 172.18.0.2 172.18.0.100 18/Mar/2026/16/59/26 GET /v1/AUTH_f6638140618e4e358d6e35964b33ccb9/gnocchi.c32681f4-bdec-459b-abfc-e55fb1a1f633/none_v3 HTTP/1.0 404 - python-swiftclient-3.11.1 gAAAAABputlD68p8... - 70 - tx2983d66631cd4a2eb4eaa-0069bad9ee - 0.0116 - - 1773853166.151895046 1773853166.163537979 0
Mar 18 16:59:26 standalone account-server[127192]: 172.20.0.100 - - [18/Mar/2026:16:59:26 +0000] "PUT /d1/133/AUTH_f6638140618e4e358d6e35964b33ccb9/gnocchi.c32681f4-bdec-459b-abfc-e55fb1a1f633" 201 - "PUT http://172.20.0.100:6001/d1/840/AUTH_f6638140618e4e358d6e35964b33ccb9/gnocchi.c32681f4-bdec-459b-abfc-e55fb1a1f633" "tx93067e1ecc154e82b75d1-0069bad9ee" "container-server 22" 0.0061 "-" 20 0
Mar 18 16:59:26 standalone container-server[127351]: 172.20.0.100 - - [18/Mar/2026:16:59:26 +0000] "PUT /d1/840/AUTH_f6638140618e4e358d6e35964b33ccb9/gnocchi.c32681f4-bdec-459b-abfc-e55fb1a1f633" 201 - "PUT http://172.18.0.2:8080/v1/AUTH_f6638140618e4e358d6e35964b33ccb9/gnocchi.c32681f4-bdec-459b-abfc-e55fb1a1f633" "tx93067e1ecc154e82b75d1-0069bad9ee" "proxy-server 20" 0.0191 "-" 22 0
Mar 18 16:59:26 standalone proxy-server[129315]: 172.18.0.2 172.18.0.100 18/Mar/2026/16/59/26 PUT /v1/AUTH_f6638140618e4e358d6e35964b33ccb9/gnocchi.c32681f4-bdec-459b-abfc-e55fb1a1f633 HTTP/1.0 201 - python-swiftclient-3.11.1 gAAAAABputlD68p8... - - - tx93067e1ecc154e82b75d1-0069bad9ee - 0.0252 - - 1773853166.167240381 1773853166.192473412 0
Mar 18 16:59:26 standalone container-server[127356]: 172.20.0.100 - - [18/Mar/2026:16:59:26 +0000] "HEAD /d1/400/AUTH_f6638140618e4e358d6e35964b33ccb9/gnocchi.78aea494-8f7b-4fd1-b969-e5db80611733" 204 - "HEAD http://172.18.0.2:8080/v1/AUTH_f6638140618e4e358d6e35964b33ccb9/gnocchi.78aea494-8f7b-4fd1-b969-e5db80611733?format=json&states=listing" "txc251d455f1844a2caaf63-0069bad9ee" "proxy-server 20" 0.0025 "-" 23 0
Mar 18 16:59:26 standalone proxy-server[129315]: - - 18/Mar/2026/16/59/26 HEAD /v1/AUTH_f6638140618e4e358d6e35964b33ccb9/gnocchi.78aea494-8f7b-4fd1-b969-e5db80611733%3Fformat%3Djson%26states%3Dlisting HTTP/1.0 204 - Swift - - - - txc251d455f1844a2caaf63-0069bad9ee - 0.0071 RL - 1773853166.205641747 1773853166.212709904 0
Mar 18 16:59:26 standalone container-server[127348]: 172.20.0.100 - - [18/Mar/2026:16:59:26 +0000] "GET /d1/400/AUTH_f6638140618e4e358d6e35964b33ccb9/gnocchi.78aea494-8f7b-4fd1-b969-e5db80611733" 200 2 "GET http://172.18.0.2:8080/v1/AUTH_f6638140618e4e358d6e35964b33ccb9/gnocchi.78aea494-8f7b-4fd1-b969-e5db80611733?format=json&states=listing" "txc251d455f1844a2caaf63-0069bad9ee" "proxy-server 20" 0.0032 "-" 21 0
Mar 18 16:59:26 standalone proxy-server[129315]: 172.18.0.2 172.18.0.100 18/Mar/2026/16/59/26 GET /v1/AUTH_f6638140618e4e358d6e35964b33ccb9/gnocchi.78aea494-8f7b-4fd1-b969-e5db80611733%3Fformat%3Djson%26states%3Dlisting HTTP/1.0 200 - python-swiftclient-3.11.1 gAAAAABputlD68p8... - 2 - txc251d455f1844a2caaf63-0069bad9ee - 0.0276 - - 1773853166.196433783 1773853166.224061966 0
Mar 18 16:59:26 standalone container-server[127356]: 172.20.0.100 - - [18/Mar/2026:16:59:26 +0000] "HEAD /d1/840/AUTH_f6638140618e4e358d6e35964b33ccb9/gnocchi.c32681f4-bdec-459b-abfc-e55fb1a1f633" 204 - "HEAD http://172.18.0.2:8080/v1/AUTH_f6638140618e4e358d6e35964b33ccb9/gnocchi.c32681f4-bdec-459b-abfc-e55fb1a1f633?format=json&states=listing" "tx611fa575dde649f7a7a95-0069bad9ee" "proxy-server 20" 0.0019 "-" 23 0
Mar 18 16:59:26 standalone proxy-server[129315]: - - 18/Mar/2026/16/59/26 HEAD /v1/AUTH_f6638140618e4e358d6e35964b33ccb9/gnocchi.c32681f4-bdec-459b-abfc-e55fb1a1f633%3Fformat%3Djson%26states%3Dlisting HTTP/1.0 204 - Swift - - - - tx611fa575dde649f7a7a95-0069bad9ee - 0.0069 RL - 1773853166.230115891 1773853166.237058163 0
Mar 18 16:59:26 standalone container-server[127341]: 172.20.0.100 - - [18/Mar/2026:16:59:26 +0000] "GET /d1/840/AUTH_f6638140618e4e358d6e35964b33ccb9/gnocchi.c32681f4-bdec-459b-abfc-e55fb1a1f633" 200 2 "GET http://172.18.0.2:8080/v1/AUTH_f6638140618e4e358d6e35964b33ccb9/gnocchi.c32681f4-bdec-459b-abfc-e55fb1a1f633?format=json&states=listing" "tx611fa575dde649f7a7a95-0069bad9ee" "proxy-server 20" 0.0025 "-" 20 0
Mar 18 16:59:26 standalone proxy-server[129315]: 172.18.0.2 172.18.0.100 18/Mar/2026/16/59/26 GET /v1/AUTH_f6638140618e4e358d6e35964b33ccb9/gnocchi.c32681f4-bdec-459b-abfc-e55fb1a1f633%3Fformat%3Djson%26states%3Dlisting HTTP/1.0 200 - python-swiftclient-3.11.1 gAAAAABputlD68p8... - 2 - tx611fa575dde649f7a7a95-0069bad9ee - 0.0193 - - 1773853166.228177309 1773853166.247507095 0
Mar 18 16:59:26 standalone object-server[127532]: 172.20.0.100 - - [18/Mar/2026:16:59:26 +0000] "GET /d1/924/AUTH_f6638140618e4e358d6e35964b33ccb9/gnocchi.78aea494-8f7b-4fd1-b969-e5db80611733/1773360000.0_mean_300.0_v3" 404 70 "GET http://172.18.0.2:8080/v1/AUTH_f6638140618e4e358d6e35964b33ccb9/gnocchi.78aea494-8f7b-4fd1-b969-e5db80611733/1773360000.0_mean_300.0_v3" "tx053a40bc3ae84dcca3b57-0069bad9ee" "proxy-server 20" 0.0005 "-" 20 0
Mar 18 16:59:26 standalone proxy-server[129315]: 172.18.0.2 172.18.0.100 18/Mar/2026/16/59/26 GET /v1/AUTH_f6638140618e4e358d6e35964b33ccb9/gnocchi.78aea494-8f7b-4fd1-b969-e5db80611733/1773360000.0_mean_300.0_v3 HTTP/1.0 404 - python-swiftclient-3.11.1 gAAAAABputlD68p8... - 70 - tx053a40bc3ae84dcca3b57-0069bad9ee - 0.0078 - - 1773853166.250989914 1773853166.258806944 0
Mar 18 16:59:26 standalone object-server[127535]: 172.20.0.100 - - [18/Mar/2026:16:59:26 +0000] "GET /d1/179/AUTH_f6638140618e4e358d6e35964b33ccb9/gnocchi.c32681f4-bdec-459b-abfc-e55fb1a1f633/1773360000.0_mean_300.0_v3" 404 70 "GET http://172.18.0.2:8080/v1/AUTH_f6638140618e4e358d6e35964b33ccb9/gnocchi.c32681f4-bdec-459b-abfc-e55fb1a1f633/1773360000.0_mean_300.0_v3" "tx1676bddaea8f44b98e44e-0069bad9ee" "proxy-server 20" 0.0005 "-" 22 0
Mar 18 16:59:26 standalone proxy-server[129315]: 172.18.0.2 172.18.0.100 18/Mar/2026/16/59/26 GET /v1/AUTH_f6638140618e4e358d6e35964b33ccb9/gnocchi.c32681f4-bdec-459b-abfc-e55fb1a1f633/1773360000.0_mean_300.0_v3 HTTP/1.0 404 - python-swiftclient-3.11.1 gAAAAABputlD68p8... - 70 - tx1676bddaea8f44b98e44e-0069bad9ee - 0.0077 - - 1773853166.261603117 1773853166.269280672 0
Mar 18 16:59:26 standalone container-server[127348]: 172.20.0.100 - - [18/Mar/2026:16:59:26 +0000] "PUT /d1/400/AUTH_f6638140618e4e358d6e35964b33ccb9/gnocchi.78aea494-8f7b-4fd1-b969-e5db80611733/1773360000.0_mean_300.0_v3" 201 - "PUT http://172.18.0.2:8080/d1/924/AUTH_f6638140618e4e358d6e35964b33ccb9/gnocchi.78aea494-8f7b-4fd1-b969-e5db80611733/1773360000.0_mean_300.0_v3" "txce5cb36e52a54230a5f1e-0069bad9ee" "object-server 24" 0.0011 "-" 21 0
Mar 18 16:59:26 standalone object-server[127543]: 172.20.0.100 - - [18/Mar/2026:16:59:26 +0000] "PUT /d1/924/AUTH_f6638140618e4e358d6e35964b33ccb9/gnocchi.78aea494-8f7b-4fd1-b969-e5db80611733/1773360000.0_mean_300.0_v3" 201 - "PUT http://172.18.0.2:8080/v1/AUTH_f6638140618e4e358d6e35964b33ccb9/gnocchi.78aea494-8f7b-4fd1-b969-e5db80611733/1773360000.0_mean_300.0_v3" "txce5cb36e52a54230a5f1e-0069bad9ee" "proxy-server 20" 0.0128 "-" 24 0
Mar 18 16:59:26 standalone proxy-server[129315]: 172.18.0.2 172.18.0.100 18/Mar/2026/16/59/26 PUT /v1/AUTH_f6638140618e4e358d6e35964b33ccb9/gnocchi.78aea494-8f7b-4fd1-b969-e5db80611733/1773360000.0_mean_300.0_v3 HTTP/1.0 201 - python-swiftclient-3.11.1 gAAAAABputlD68p8... 16 - - txce5cb36e52a54230a5f1e-0069bad9ee - 0.0218 - - 1773853166.273939610 1773853166.295724869 0
Mar 18 16:59:26 standalone container-server[127356]: 172.20.0.100 - - [18/Mar/2026:16:59:26 +0000] "PUT /d1/840/AUTH_f6638140618e4e358d6e35964b33ccb9/gnocchi.c32681f4-bdec-459b-abfc-e55fb1a1f633/1773360000.0_mean_300.0_v3" 201 - "PUT http://172.18.0.2:8080/d1/179/AUTH_f6638140618e4e358d6e35964b33ccb9/gnocchi.c32681f4-bdec-459b-abfc-e55fb1a1f633/1773360000.0_mean_300.0_v3" "txe98c9755c6564b94848c3-0069bad9ee" "object-server 23" 0.0008 "-" 23 0
Mar 18 16:59:26 standalone object-server[127540]: 172.20.0.100 - - [18/Mar/2026:16:59:26 +0000] "PUT /d1/179/AUTH_f6638140618e4e358d6e35964b33ccb9/gnocchi.c32681f4-bdec-459b-abfc-e55fb1a1f633/1773360000.0_mean_300.0_v3" 201 - "PUT http://172.18.0.2:8080/v1/AUTH_f6638140618e4e358d6e35964b33ccb9/gnocchi.c32681f4-bdec-459b-abfc-e55fb1a1f633/1773360000.0_mean_300.0_v3" "txe98c9755c6564b94848c3-0069bad9ee" "proxy-server 20" 0.0113 "-" 23 0
Mar 18 16:59:26 standalone proxy-server[129315]: 172.18.0.2 172.18.0.100 18/Mar/2026/16/59/26 PUT /v1/AUTH_f6638140618e4e358d6e35964b33ccb9/gnocchi.c32681f4-bdec-459b-abfc-e55fb1a1f633/1773360000.0_mean_300.0_v3 HTTP/1.0 201 - python-swiftclient-3.11.1 gAAAAABputlD68p8... 16 - - txe98c9755c6564b94848c3-0069bad9ee - 0.0190 - - 1773853166.301992893 1773853166.320981264 0
Mar 18 16:59:26 standalone container-server[127341]: 172.20.0.100 - - [18/Mar/2026:16:59:26 +0000] "PUT /d1/400/AUTH_f6638140618e4e358d6e35964b33ccb9/gnocchi.78aea494-8f7b-4fd1-b969-e5db80611733/none_v3" 201 - "PUT http://172.18.0.2:8080/d1/869/AUTH_f6638140618e4e358d6e35964b33ccb9/gnocchi.78aea494-8f7b-4fd1-b969-e5db80611733/none_v3" "tx2c8a50d0158d4eca824aa-0069bad9ee" "object-server 23" 0.0006 "-" 20 0
Mar 18 16:59:26 standalone object-server[127540]: 172.20.0.100 - - [18/Mar/2026:16:59:26 +0000] "PUT /d1/869/AUTH_f6638140618e4e358d6e35964b33ccb9/gnocchi.78aea494-8f7b-4fd1-b969-e5db80611733/none_v3" 201 - "PUT http://172.18.0.2:8080/v1/AUTH_f6638140618e4e358d6e35964b33ccb9/gnocchi.78aea494-8f7b-4fd1-b969-e5db80611733/none_v3" "tx2c8a50d0158d4eca824aa-0069bad9ee" "proxy-server 20" 0.0113 "-" 23 0
Mar 18 16:59:26 standalone proxy-server[129315]: 172.18.0.2 172.18.0.100 18/Mar/2026/16/59/26 PUT /v1/AUTH_f6638140618e4e358d6e35964b33ccb9/gnocchi.78aea494-8f7b-4fd1-b969-e5db80611733/none_v3 HTTP/1.0 201 - python-swiftclient-3.11.1 gAAAAABputlD68p8... 22 - - tx2c8a50d0158d4eca824aa-0069bad9ee - 0.0194 - - 1773853166.325559139 1773853166.344951630 0
Mar 18 16:59:26 standalone container-server[127356]: 172.20.0.100 - - [18/Mar/2026:16:59:26 +0000] "PUT /d1/840/AUTH_f6638140618e4e358d6e35964b33ccb9/gnocchi.c32681f4-bdec-459b-abfc-e55fb1a1f633/none_v3" 201 - "PUT http://172.18.0.2:8080/d1/279/AUTH_f6638140618e4e358d6e35964b33ccb9/gnocchi.c32681f4-bdec-459b-abfc-e55fb1a1f633/none_v3" "tx8a334fa8cc1144ac9e979-0069bad9ee" "object-server 24" 0.0008 "-" 23 0
Mar 18 16:59:26 standalone object-server[127543]: 172.20.0.100 - - [18/Mar/2026:16:59:26 +0000] "PUT /d1/279/AUTH_f6638140618e4e358d6e35964b33ccb9/gnocchi.c32681f4-bdec-459b-abfc-e55fb1a1f633/none_v3" 201 - "PUT http://172.18.0.2:8080/v1/AUTH_f6638140618e4e358d6e35964b33ccb9/gnocchi.c32681f4-bdec-459b-abfc-e55fb1a1f633/none_v3" "tx8a334fa8cc1144ac9e979-0069bad9ee" "proxy-server 20" 0.0123 "-" 24 0
Mar 18 16:59:26 standalone proxy-server[129315]: 172.18.0.2 172.18.0.100 18/Mar/2026/16/59/26 PUT /v1/AUTH_f6638140618e4e358d6e35964b33ccb9/gnocchi.c32681f4-bdec-459b-abfc-e55fb1a1f633/none_v3 HTTP/1.0 201 - python-swiftclient-3.11.1 gAAAAABputlD68p8... 22 - - tx8a334fa8cc1144ac9e979-0069bad9ee - 0.0206 - - 1773853166.350094318 1773853166.370736837 0
Mar 18 16:59:26 standalone container-server[127356]: 172.20.0.100 - - [18/Mar/2026:16:59:26 +0000] "HEAD /d1/885/AUTH_f6638140618e4e358d6e35964b33ccb9/gnocchi.61f8616d-ecc5-4477-b11d-84f6640a9034" 404 - "HEAD http://172.18.0.2:8080/v1/AUTH_f6638140618e4e358d6e35964b33ccb9/gnocchi.61f8616d-ecc5-4477-b11d-84f6640a9034?format=json&states=listing" "tx57ad8bc69ed34f1d9b6c7-0069bad9ee" "proxy-server 20" 0.0008 "-" 23 0
Mar 18 16:59:26 standalone object-server[127535]: 172.20.0.100 - - [18/Mar/2026:16:59:26 +0000] "GET /d1/551/AUTH_f6638140618e4e358d6e35964b33ccb9/gnocchi.61f8616d-ecc5-4477-b11d-84f6640a9034/none_v3" 404 70 "GET http://172.18.0.2:8080/v1/AUTH_f6638140618e4e358d6e35964b33ccb9/gnocchi.61f8616d-ecc5-4477-b11d-84f6640a9034/none_v3" "tx57ad8bc69ed34f1d9b6c7-0069bad9ee" "proxy-server 20" 0.0005 "-" 22 0
Mar 18 16:59:26 standalone proxy-server[129315]: 172.18.0.2 172.18.0.100 18/Mar/2026/16/59/26 GET /v1/AUTH_f6638140618e4e358d6e35964b33ccb9/gnocchi.61f8616d-ecc5-4477-b11d-84f6640a9034/none_v3 HTTP/1.0 404 - python-swiftclient-3.11.1 gAAAAABputlD68p8... - 70 - tx57ad8bc69ed34f1d9b6c7-0069bad9ee - 0.0164 - - 1773853166.385144472 1773853166.401586294 0
Mar 18 16:59:26 standalone account-server[127207]: 172.20.0.100 - - [18/Mar/2026:16:59:26 +0000] "PUT /d1/133/AUTH_f6638140618e4e358d6e35964b33ccb9/gnocchi.61f8616d-ecc5-4477-b11d-84f6640a9034" 201 - "PUT http://172.20.0.100:6001/d1/885/AUTH_f6638140618e4e358d6e35964b33ccb9/gnocchi.61f8616d-ecc5-4477-b11d-84f6640a9034" "txe5f980c60bec4b30a2896-0069bad9ee" "container-server 23" 0.0059 "-" 21 0
Mar 18 16:59:26 standalone container-server[127356]: 172.20.0.100 - - [18/Mar/2026:16:59:26 +0000] "PUT /d1/885/AUTH_f6638140618e4e358d6e35964b33ccb9/gnocchi.61f8616d-ecc5-4477-b11d-84f6640a9034" 201 - "PUT http://172.18.0.2:8080/v1/AUTH_f6638140618e4e358d6e35964b33ccb9/gnocchi.61f8616d-ecc5-4477-b11d-84f6640a9034" "txe5f980c60bec4b30a2896-0069bad9ee" "proxy-server 20" 0.0228 "-" 23 0
Mar 18 16:59:26 standalone proxy-server[129315]: 172.18.0.2 172.18.0.100 18/Mar/2026/16/59/26 PUT /v1/AUTH_f6638140618e4e358d6e35964b33ccb9/gnocchi.61f8616d-ecc5-4477-b11d-84f6640a9034 HTTP/1.0 201 - python-swiftclient-3.11.1 gAAAAABputlD68p8... - - - txe5f980c60bec4b30a2896-0069bad9ee - 0.0305 - - 1773853166.406805515 1773853166.437299967 0
Mar 18 16:59:26 standalone container-server[127351]: 172.20.0.100 - - [18/Mar/2026:16:59:26 +0000] "HEAD /d1/885/AUTH_f6638140618e4e358d6e35964b33ccb9/gnocchi.61f8616d-ecc5-4477-b11d-84f6640a9034" 204 - "HEAD http://172.18.0.2:8080/v1/AUTH_f6638140618e4e358d6e35964b33ccb9/gnocchi.61f8616d-ecc5-4477-b11d-84f6640a9034?format=json&states=listing" "txf0b809a38b3041d385f31-0069bad9ee" "proxy-server 20" 0.0031 "-" 22 0
Mar 18 16:59:26 standalone proxy-server[129315]: - - 18/Mar/2026/16/59/26 HEAD /v1/AUTH_f6638140618e4e358d6e35964b33ccb9/gnocchi.61f8616d-ecc5-4477-b11d-84f6640a9034%3Fformat%3Djson%26states%3Dlisting HTTP/1.0 204 - Swift - - - - txf0b809a38b3041d385f31-0069bad9ee - 0.0079 RL - 1773853166.445338726 1773853166.453230143 0
Mar 18 16:59:26 standalone container-server[127351]: 172.20.0.100 - - [18/Mar/2026:16:59:26 +0000] "GET /d1/885/AUTH_f6638140618e4e358d6e35964b33ccb9/gnocchi.61f8616d-ecc5-4477-b11d-84f6640a9034" 200 2 "GET http://172.18.0.2:8080/v1/AUTH_f6638140618e4e358d6e35964b33ccb9/gnocchi.61f8616d-ecc5-4477-b11d-84f6640a9034?format=json&states=listing" "txf0b809a38b3041d385f31-0069bad9ee" "proxy-server 20" 0.0033 "-" 22 0
Mar 18 16:59:26 standalone proxy-server[129315]: 172.18.0.2 172.18.0.100 18/Mar/2026/16/59/26 GET /v1/AUTH_f6638140618e4e358d6e35964b33ccb9/gnocchi.61f8616d-ecc5-4477-b11d-84f6640a9034%3Fformat%3Djson%26states%3Dlisting HTTP/1.0 200 - python-swiftclient-3.11.1 gAAAAABputlD68p8... - 2 - txf0b809a38b3041d385f31-0069bad9ee - 0.0212 - - 1773853166.443528891 1773853166.464684963 0
Mar 18 16:59:26 standalone object-server[127540]: 172.20.0.100 - - [18/Mar/2026:16:59:26 +0000] "GET /d1/390/AUTH_f6638140618e4e358d6e35964b33ccb9/gnocchi.61f8616d-ecc5-4477-b11d-84f6640a9034/1773360000.0_mean_300.0_v3" 404 70 "GET http://172.18.0.2:8080/v1/AUTH_f6638140618e4e358d6e35964b33ccb9/gnocchi.61f8616d-ecc5-4477-b11d-84f6640a9034/1773360000.0_mean_300.0_v3" "tx21386ed4754644b6bf70a-0069bad9ee" "proxy-server 20" 0.0004 "-" 23 0
Mar 18 16:59:26 standalone proxy-server[129315]: 172.18.0.2 172.18.0.100 18/Mar/2026/16/59/26 GET /v1/AUTH_f6638140618e4e358d6e35964b33ccb9/gnocchi.61f8616d-ecc5-4477-b11d-84f6640a9034/1773360000.0_mean_300.0_v3 HTTP/1.0 404 - python-swiftclient-3.11.1 gAAAAABputlD68p8... - 70 - tx21386ed4754644b6bf70a-0069bad9ee - 0.0074 - - 1773853166.468181849 1773853166.475605011 0
Mar 18 16:59:26 standalone container-server[127351]: 172.20.0.100 - - [18/Mar/2026:16:59:26 +0000] "PUT /d1/885/AUTH_f6638140618e4e358d6e35964b33ccb9/gnocchi.61f8616d-ecc5-4477-b11d-84f6640a9034/1773360000.0_mean_300.0_v3" 201 - "PUT http://172.18.0.2:8080/d1/390/AUTH_f6638140618e4e358d6e35964b33ccb9/gnocchi.61f8616d-ecc5-4477-b11d-84f6640a9034/1773360000.0_mean_300.0_v3" "txb0d5a95a9d3046178aa75-0069bad9ee" "object-server 23" 0.0007 "-" 22 0
Mar 18 16:59:26 standalone object-server[127540]: 172.20.0.100 - - [18/Mar/2026:16:59:26 +0000] "PUT /d1/390/AUTH_f6638140618e4e358d6e35964b33ccb9/gnocchi.61f8616d-ecc5-4477-b11d-84f6640a9034/1773360000.0_mean_300.0_v3" 201 - "PUT http://172.18.0.2:8080/v1/AUTH_f6638140618e4e358d6e35964b33ccb9/gnocchi.61f8616d-ecc5-4477-b11d-84f6640a9034/1773360000.0_mean_300.0_v3" "txb0d5a95a9d3046178aa75-0069bad9ee" "proxy-server 20" 0.0111 "-" 23 0
Mar 18 16:59:26 standalone proxy-server[129315]: 172.18.0.2 172.18.0.100 18/Mar/2026/16/59/26 PUT /v1/AUTH_f6638140618e4e358d6e35964b33ccb9/gnocchi.61f8616d-ecc5-4477-b11d-84f6640a9034/1773360000.0_mean_300.0_v3 HTTP/1.0 201 - python-swiftclient-3.11.1 gAAAAABputlD68p8... 16 - - txb0d5a95a9d3046178aa75-0069bad9ee - 0.0184 - - 1773853166.478036165 1773853166.496443987 0
Mar 18 16:59:26 standalone container-server[127348]: 172.20.0.100 - - [18/Mar/2026:16:59:26 +0000] "PUT /d1/885/AUTH_f6638140618e4e358d6e35964b33ccb9/gnocchi.61f8616d-ecc5-4477-b11d-84f6640a9034/none_v3" 201 - "PUT http://172.18.0.2:8080/d1/551/AUTH_f6638140618e4e358d6e35964b33ccb9/gnocchi.61f8616d-ecc5-4477-b11d-84f6640a9034/none_v3" "tx0d3a01166f5d40598fd6a-0069bad9ee" "object-server 24" 0.0008 "-" 21 0
Mar 18 16:59:26 standalone object-server[127543]: 172.20.0.100 - - [18/Mar/2026:16:59:26 +0000] "PUT /d1/551/AUTH_f6638140618e4e358d6e35964b33ccb9/gnocchi.61f8616d-ecc5-4477-b11d-84f6640a9034/none_v3" 201 - "PUT http://172.18.0.2:8080/v1/AUTH_f6638140618e4e358d6e35964b33ccb9/gnocchi.61f8616d-ecc5-4477-b11d-84f6640a9034/none_v3" "tx0d3a01166f5d40598fd6a-0069bad9ee" "proxy-server 20" 0.0112 "-" 24 0
Mar 18 16:59:26 standalone proxy-server[129315]: 172.18.0.2 172.18.0.100 18/Mar/2026/16/59/26 PUT /v1/AUTH_f6638140618e4e358d6e35964b33ccb9/gnocchi.61f8616d-ecc5-4477-b11d-84f6640a9034/none_v3 HTTP/1.0 201 - python-swiftclient-3.11.1 gAAAAABputlD68p8... 22 - - tx0d3a01166f5d40598fd6a-0069bad9ee - 0.0207 - - 1773853166.499924660 1773853166.520656109 0
Mar 18 16:59:26 standalone container-server[127356]: 172.20.0.100 - - [18/Mar/2026:16:59:26 +0000] "HEAD /d1/985/AUTH_f6638140618e4e358d6e35964b33ccb9/gnocchi.dfab3610-248d-4424-b7c0-1c62bc3dceb7" 404 - "HEAD http://172.18.0.2:8080/v1/AUTH_f6638140618e4e358d6e35964b33ccb9/gnocchi.dfab3610-248d-4424-b7c0-1c62bc3dceb7?format=json&states=listing" "tx61302c5b43f14877be340-0069bad9ee" "proxy-server 20" 0.0006 "-" 23 0
Mar 18 16:59:26 standalone object-server[127532]: 172.20.0.100 - - [18/Mar/2026:16:59:26 +0000] "GET /d1/587/AUTH_f6638140618e4e358d6e35964b33ccb9/gnocchi.dfab3610-248d-4424-b7c0-1c62bc3dceb7/none_v3" 404 70 "GET http://172.18.0.2:8080/v1/AUTH_f6638140618e4e358d6e35964b33ccb9/gnocchi.dfab3610-248d-4424-b7c0-1c62bc3dceb7/none_v3" "tx61302c5b43f14877be340-0069bad9ee" "proxy-server 20" 0.0005 "-" 20 0
Mar 18 16:59:26 standalone proxy-server[129315]: 172.18.0.2 172.18.0.100 18/Mar/2026/16/59/26 GET /v1/AUTH_f6638140618e4e358d6e35964b33ccb9/gnocchi.dfab3610-248d-4424-b7c0-1c62bc3dceb7/none_v3 HTTP/1.0 404 - python-swiftclient-3.11.1 gAAAAABputlD68p8... - 70 - tx61302c5b43f14877be340-0069bad9ee - 0.0126 - - 1773853166.536891222 1773853166.549450397 0
