Mar 18 16:58:28 standalone proxy-server[129315]: - - 18/Mar/2026/16/58/28 HEAD /v1/AUTH_f6638140618e4e358d6e35964b33ccb9/gnocchi.44fed775-94a5-4372-8590-8998cca65c52%3Fformat%3Djson%26states%3Dlisting HTTP/1.0 204 - Swift - - - - txf7ade1283d154071b4192-0069bad9b4 - 0.0169 RL - 1773853108.931751251 1773853108.948665857 0
Mar 18 16:58:28 standalone container-server[127356]: 172.20.0.100 - - [18/Mar/2026:16:58:28 +0000] "GET /d1/513/AUTH_f6638140618e4e358d6e35964b33ccb9/gnocchi.44fed775-94a5-4372-8590-8998cca65c52" 200 2 "GET http://172.18.0.2:8080/v1/AUTH_f6638140618e4e358d6e35964b33ccb9/gnocchi.44fed775-94a5-4372-8590-8998cca65c52?format=json&states=listing" "txf7ade1283d154071b4192-0069bad9b4" "proxy-server 20" 0.0036 "-" 23 0
Mar 18 16:58:28 standalone proxy-server[129315]: 172.18.0.2 172.18.0.100 18/Mar/2026/16/58/28 GET /v1/AUTH_f6638140618e4e358d6e35964b33ccb9/gnocchi.44fed775-94a5-4372-8590-8998cca65c52%3Fformat%3Djson%26states%3Dlisting HTTP/1.0 200 - python-swiftclient-3.11.1 gAAAAABputlD68p8... - 2 - txf7ade1283d154071b4192-0069bad9b4 - 0.0337 - - 1773853108.929411173 1773853108.963090897 0
Mar 18 16:58:28 standalone object-server[127535]: 172.20.0.100 - - [18/Mar/2026:16:58:28 +0000] "GET /d1/58/AUTH_f6638140618e4e358d6e35964b33ccb9/gnocchi.44fed775-94a5-4372-8590-8998cca65c52/1773360000.0_mean_300.0_v3" 404 70 "GET http://172.18.0.2:8080/v1/AUTH_f6638140618e4e358d6e35964b33ccb9/gnocchi.44fed775-94a5-4372-8590-8998cca65c52/1773360000.0_mean_300.0_v3" "tx847974a59a0f490f809ef-0069bad9b4" "proxy-server 20" 0.0005 "-" 22 0
Mar 18 16:58:28 standalone proxy-server[129315]: 172.18.0.2 172.18.0.100 18/Mar/2026/16/58/28 GET /v1/AUTH_f6638140618e4e358d6e35964b33ccb9/gnocchi.44fed775-94a5-4372-8590-8998cca65c52/1773360000.0_mean_300.0_v3 HTTP/1.0 404 - python-swiftclient-3.11.1 gAAAAABputlD68p8... - 70 - tx847974a59a0f490f809ef-0069bad9b4 - 0.0086 - - 1773853108.967585325 1773853108.976171255 0
Mar 18 16:58:29 standalone container-server[127351]: 172.20.0.100 - - [18/Mar/2026:16:58:29 +0000] "PUT /d1/513/AUTH_f6638140618e4e358d6e35964b33ccb9/gnocchi.44fed775-94a5-4372-8590-8998cca65c52/1773360000.0_mean_300.0_v3" 201 - "PUT http://172.18.0.2:8080/d1/58/AUTH_f6638140618e4e358d6e35964b33ccb9/gnocchi.44fed775-94a5-4372-8590-8998cca65c52/1773360000.0_mean_300.0_v3" "txb046c3a5842e4a768cffd-0069bad9b4" "object-server 22" 0.0019 "-" 22 0
Mar 18 16:58:29 standalone object-server[127535]: 172.20.0.100 - - [18/Mar/2026:16:58:29 +0000] "PUT /d1/58/AUTH_f6638140618e4e358d6e35964b33ccb9/gnocchi.44fed775-94a5-4372-8590-8998cca65c52/1773360000.0_mean_300.0_v3" 201 - "PUT http://172.18.0.2:8080/v1/AUTH_f6638140618e4e358d6e35964b33ccb9/gnocchi.44fed775-94a5-4372-8590-8998cca65c52/1773360000.0_mean_300.0_v3" "txb046c3a5842e4a768cffd-0069bad9b4" "proxy-server 20" 0.0155 "-" 22 0
Mar 18 16:58:29 standalone proxy-server[129315]: 172.18.0.2 172.18.0.100 18/Mar/2026/16/58/29 PUT /v1/AUTH_f6638140618e4e358d6e35964b33ccb9/gnocchi.44fed775-94a5-4372-8590-8998cca65c52/1773360000.0_mean_300.0_v3 HTTP/1.0 201 - python-swiftclient-3.11.1 gAAAAABputlD68p8... 16 - - txb046c3a5842e4a768cffd-0069bad9b4 - 0.0232 - - 1773853108.981864691 1773853109.005028963 0
Mar 18 16:58:29 standalone container-server[127351]: 172.20.0.100 - - [18/Mar/2026:16:58:29 +0000] "PUT /d1/513/AUTH_f6638140618e4e358d6e35964b33ccb9/gnocchi.44fed775-94a5-4372-8590-8998cca65c52/none_v3" 201 - "PUT http://172.18.0.2:8080/d1/234/AUTH_f6638140618e4e358d6e35964b33ccb9/gnocchi.44fed775-94a5-4372-8590-8998cca65c52/none_v3" "tx4cbcc06f181a4d548001b-0069bad9b5" "object-server 20" 0.0008 "-" 22 0
Mar 18 16:58:29 standalone object-server[127532]: 172.20.0.100 - - [18/Mar/2026:16:58:29 +0000] "PUT /d1/234/AUTH_f6638140618e4e358d6e35964b33ccb9/gnocchi.44fed775-94a5-4372-8590-8998cca65c52/none_v3" 201 - "PUT http://172.18.0.2:8080/v1/AUTH_f6638140618e4e358d6e35964b33ccb9/gnocchi.44fed775-94a5-4372-8590-8998cca65c52/none_v3" "tx4cbcc06f181a4d548001b-0069bad9b5" "proxy-server 20" 0.0107 "-" 20 0
Mar 18 16:58:29 standalone proxy-server[129315]: 172.18.0.2 172.18.0.100 18/Mar/2026/16/58/29 PUT /v1/AUTH_f6638140618e4e358d6e35964b33ccb9/gnocchi.44fed775-94a5-4372-8590-8998cca65c52/none_v3 HTTP/1.0 201 - python-swiftclient-3.11.1 gAAAAABputlD68p8... 22 - - tx4cbcc06f181a4d548001b-0069bad9b5 - 0.0180 - - 1773853109.011918545 1773853109.029892445 0
Mar 18 16:58:29 standalone object-server[127535]: 172.20.0.100 - - [18/Mar/2026:16:58:29 +0000] "GET /d1/234/AUTH_f6638140618e4e358d6e35964b33ccb9/gnocchi.44fed775-94a5-4372-8590-8998cca65c52/none_v3" 200 22 "GET http://172.18.0.2:8080/v1/AUTH_f6638140618e4e358d6e35964b33ccb9/gnocchi.44fed775-94a5-4372-8590-8998cca65c52/none_v3" "txa185de21f1db489299f60-0069bad9b5" "proxy-server 20" 0.0013 "-" 22 0
Mar 18 16:58:29 standalone proxy-server[129315]: 172.18.0.2 172.18.0.100 18/Mar/2026/16/58/29 GET /v1/AUTH_f6638140618e4e358d6e35964b33ccb9/gnocchi.44fed775-94a5-4372-8590-8998cca65c52/none_v3 HTTP/1.0 200 - python-swiftclient-3.11.1 gAAAAABputlD68p8... - 22 - txa185de21f1db489299f60-0069bad9b5 - 0.0130 - - 1773853109.274035215 1773853109.287034035 0
Mar 18 16:58:29 standalone container-server[127356]: 172.20.0.100 - - [18/Mar/2026:16:58:29 +0000] "GET /d1/513/AUTH_f6638140618e4e358d6e35964b33ccb9/gnocchi.44fed775-94a5-4372-8590-8998cca65c52" 200 357 "GET http://172.18.0.2:8080/v1/AUTH_f6638140618e4e358d6e35964b33ccb9/gnocchi.44fed775-94a5-4372-8590-8998cca65c52?format=json&states=listing" "tx723ec1e037d441c4a7ff0-0069bad9b5" "proxy-server 20" 0.0253 "-" 23 0
Mar 18 16:58:29 standalone proxy-server[129315]: 172.18.0.2 172.18.0.100 18/Mar/2026/16/58/29 GET /v1/AUTH_f6638140618e4e358d6e35964b33ccb9/gnocchi.44fed775-94a5-4372-8590-8998cca65c52%3Fformat%3Djson%26states%3Dlisting HTTP/1.0 200 - python-swiftclient-3.11.1 gAAAAABputlD68p8... - 357 - tx723ec1e037d441c4a7ff0-0069bad9b5 - 0.0355 - - 1773853109.293062210 1773853109.328541994 0
Mar 18 16:58:29 standalone container-server[127356]: 172.20.0.100 - - [18/Mar/2026:16:58:29 +0000] "GET /d1/513/AUTH_f6638140618e4e358d6e35964b33ccb9/gnocchi.44fed775-94a5-4372-8590-8998cca65c52" 200 2 "GET http://172.18.0.2:8080/v1/AUTH_f6638140618e4e358d6e35964b33ccb9/gnocchi.44fed775-94a5-4372-8590-8998cca65c52?format=json&marker=none_v3&states=listing" "tx5c6368e3e1f3460f99def-0069bad9b5" "proxy-server 20" 0.0022 "-" 23 0
Mar 18 16:58:29 standalone proxy-server[129315]: 172.18.0.2 172.18.0.100 18/Mar/2026/16/58/29 GET /v1/AUTH_f6638140618e4e358d6e35964b33ccb9/gnocchi.44fed775-94a5-4372-8590-8998cca65c52%3Fformat%3Djson%26marker%3Dnone_v3%26states%3Dlisting HTTP/1.0 200 - python-swiftclient-3.11.1 gAAAAABputlD68p8... - 2 - tx5c6368e3e1f3460f99def-0069bad9b5 - 0.0077 - - 1773853109.331678867 1773853109.339335680 0
Mar 18 16:58:29 standalone object-server[127540]: 172.20.0.100 - - [18/Mar/2026:16:58:29 +0000] "GET /d1/58/AUTH_f6638140618e4e358d6e35964b33ccb9/gnocchi.44fed775-94a5-4372-8590-8998cca65c52/1773360000.0_mean_300.0_v3" 200 16 "GET http://172.18.0.2:8080/v1/AUTH_f6638140618e4e358d6e35964b33ccb9/gnocchi.44fed775-94a5-4372-8590-8998cca65c52/1773360000.0_mean_300.0_v3" "tx0de2fcfb565e47169cd91-0069bad9b5" "proxy-server 20" 0.0007 "-" 23 0
Mar 18 16:58:29 standalone proxy-server[129315]: 172.18.0.2 172.18.0.100 18/Mar/2026/16/58/29 GET /v1/AUTH_f6638140618e4e358d6e35964b33ccb9/gnocchi.44fed775-94a5-4372-8590-8998cca65c52/1773360000.0_mean_300.0_v3 HTTP/1.0 200 - python-swiftclient-3.11.1 gAAAAABputlD68p8... - 16 - tx0de2fcfb565e47169cd91-0069bad9b5 - 0.0072 - - 1773853109.342775822 1773853109.349964619 0
Mar 18 16:58:29 standalone container-server[127348]: 172.20.0.100 - - [18/Mar/2026:16:58:29 +0000] "PUT /d1/513/AUTH_f6638140618e4e358d6e35964b33ccb9/gnocchi.44fed775-94a5-4372-8590-8998cca65c52/1773360000.0_mean_300.0_v3" 201 - "PUT http://172.18.0.2:8080/d1/58/AUTH_f6638140618e4e358d6e35964b33ccb9/gnocchi.44fed775-94a5-4372-8590-8998cca65c52/1773360000.0_mean_300.0_v3" "tx263d556e4f1b47ca8fddc-0069bad9b5" "object-server 22" 0.0006 "-" 21 0
Mar 18 16:58:29 standalone object-server[127535]: 172.20.0.100 - - [18/Mar/2026:16:58:29 +0000] "PUT /d1/58/AUTH_f6638140618e4e358d6e35964b33ccb9/gnocchi.44fed775-94a5-4372-8590-8998cca65c52/1773360000.0_mean_300.0_v3" 201 - "PUT http://172.18.0.2:8080/v1/AUTH_f6638140618e4e358d6e35964b33ccb9/gnocchi.44fed775-94a5-4372-8590-8998cca65c52/1773360000.0_mean_300.0_v3" "tx263d556e4f1b47ca8fddc-0069bad9b5" "proxy-server 20" 0.0122 "-" 22 0
Mar 18 16:58:29 standalone proxy-server[129315]: 172.18.0.2 172.18.0.100 18/Mar/2026/16/58/29 PUT /v1/AUTH_f6638140618e4e358d6e35964b33ccb9/gnocchi.44fed775-94a5-4372-8590-8998cca65c52/1773360000.0_mean_300.0_v3 HTTP/1.0 201 - python-swiftclient-3.11.1 gAAAAABputlD68p8... 16 - - tx263d556e4f1b47ca8fddc-0069bad9b5 - 0.0180 - - 1773853109.356850863 1773853109.374824524 0
Mar 18 16:58:29 standalone container-server[127348]: 172.20.0.100 - - [18/Mar/2026:16:58:29 +0000] "PUT /d1/513/AUTH_f6638140618e4e358d6e35964b33ccb9/gnocchi.44fed775-94a5-4372-8590-8998cca65c52/none_v3" 201 - "PUT http://172.18.0.2:8080/d1/234/AUTH_f6638140618e4e358d6e35964b33ccb9/gnocchi.44fed775-94a5-4372-8590-8998cca65c52/none_v3" "tx51072ab2b49b42faba9eb-0069bad9b5" "object-server 22" 0.0004 "-" 21 0
Mar 18 16:58:29 standalone object-server[127535]: 172.20.0.100 - - [18/Mar/2026:16:58:29 +0000] "PUT /d1/234/AUTH_f6638140618e4e358d6e35964b33ccb9/gnocchi.44fed775-94a5-4372-8590-8998cca65c52/none_v3" 201 - "PUT http://172.18.0.2:8080/v1/AUTH_f6638140618e4e358d6e35964b33ccb9/gnocchi.44fed775-94a5-4372-8590-8998cca65c52/none_v3" "tx51072ab2b49b42faba9eb-0069bad9b5" "proxy-server 20" 0.0079 "-" 22 0
Mar 18 16:58:29 standalone proxy-server[129315]: 172.18.0.2 172.18.0.100 18/Mar/2026/16/58/29 PUT /v1/AUTH_f6638140618e4e358d6e35964b33ccb9/gnocchi.44fed775-94a5-4372-8590-8998cca65c52/none_v3 HTTP/1.0 201 - python-swiftclient-3.11.1 gAAAAABputlD68p8... 31 - - tx51072ab2b49b42faba9eb-0069bad9b5 - 0.0118 - - 1773853109.377296209 1773853109.389079809 0
Mar 18 16:58:38 standalone account-server[127210]: 172.20.0.100 - - [18/Mar/2026:16:58:38 +0000] "HEAD /d1/133/AUTH_f6638140618e4e358d6e35964b33ccb9" 204 - "HEAD http://172.18.0.2:8080/v1/AUTH_f6638140618e4e358d6e35964b33ccb9?format=json" "txfa919e228efa49cfa382e-0069bad9be" "proxy-server 20" 0.0053 "-" 22 -
Mar 18 16:58:38 standalone proxy-server[129315]: - - 18/Mar/2026/16/58/38 HEAD /v1/AUTH_f6638140618e4e358d6e35964b33ccb9%3Fformat%3Djson HTTP/1.0 204 - Swift - - - - txfa919e228efa49cfa382e-0069bad9be - 0.0111 RL - 1773853118.728981256 1773853118.740061998 -
Mar 18 16:58:38 standalone object-server[127540]: 172.20.0.100 - - [18/Mar/2026:16:58:38 +0000] "GET /d1/997/AUTH_f6638140618e4e358d6e35964b33ccb9/gnocchi.e66c4412-9a9b-472a-b3ed-eb45e8bfb9a5/none_v3" 200 32 "GET http://172.18.0.2:8080/v1/AUTH_f6638140618e4e358d6e35964b33ccb9/gnocchi.e66c4412-9a9b-472a-b3ed-eb45e8bfb9a5/none_v3" "txfa919e228efa49cfa382e-0069bad9be" "proxy-server 20" 0.0014 "-" 23 0
Mar 18 16:58:38 standalone proxy-server[129315]: 172.18.0.2 172.18.0.100 18/Mar/2026/16/58/38 GET /v1/AUTH_f6638140618e4e358d6e35964b33ccb9/gnocchi.e66c4412-9a9b-472a-b3ed-eb45e8bfb9a5/none_v3 HTTP/1.0 200 - python-swiftclient-3.11.1 gAAAAABputlD68p8... - 32 - txfa919e228efa49cfa382e-0069bad9be - 0.0244 - - 1773853118.727684021 1773853118.752128839 0
Mar 18 16:58:38 standalone container-server[127348]: 172.20.0.100 - - [18/Mar/2026:16:58:38 +0000] "GET /d1/135/AUTH_f6638140618e4e358d6e35964b33ccb9/gnocchi.e66c4412-9a9b-472a-b3ed-eb45e8bfb9a5" 200 357 "GET http://172.18.0.2:8080/v1/AUTH_f6638140618e4e358d6e35964b33ccb9/gnocchi.e66c4412-9a9b-472a-b3ed-eb45e8bfb9a5?format=json&states=listing" "tx458a114a7c764e8abe237-0069bad9be" "proxy-server 20" 0.0104 "-" 21 0
Mar 18 16:58:38 standalone proxy-server[129315]: 172.18.0.2 172.18.0.100 18/Mar/2026/16/58/38 GET /v1/AUTH_f6638140618e4e358d6e35964b33ccb9/gnocchi.e66c4412-9a9b-472a-b3ed-eb45e8bfb9a5%3Fformat%3Djson%26states%3Dlisting HTTP/1.0 200 - python-swiftclient-3.11.1 gAAAAABputlD68p8... - 357 - tx458a114a7c764e8abe237-0069bad9be - 0.0208 - - 1773853118.757325172 1773853118.778089285 0
Mar 18 16:58:38 standalone container-server[127341]: 172.20.0.100 - - [18/Mar/2026:16:58:38 +0000] "GET /d1/135/AUTH_f6638140618e4e358d6e35964b33ccb9/gnocchi.e66c4412-9a9b-472a-b3ed-eb45e8bfb9a5" 200 2 "GET http://172.18.0.2:8080/v1/AUTH_f6638140618e4e358d6e35964b33ccb9/gnocchi.e66c4412-9a9b-472a-b3ed-eb45e8bfb9a5?format=json&marker=none_v3&states=listing" "txa94f5943b7b7458abb907-0069bad9be" "proxy-server 20" 0.0039 "-" 20 0
Mar 18 16:58:38 standalone proxy-server[129315]: 172.18.0.2 172.18.0.100 18/Mar/2026/16/58/38 GET /v1/AUTH_f6638140618e4e358d6e35964b33ccb9/gnocchi.e66c4412-9a9b-472a-b3ed-eb45e8bfb9a5%3Fformat%3Djson%26marker%3Dnone_v3%26states%3Dlisting HTTP/1.0 200 - python-swiftclient-3.11.1 gAAAAABputlD68p8... - 2 - txa94f5943b7b7458abb907-0069bad9be - 0.0501 - - 1773853118.781854153 1773853118.831947803 0
Mar 18 16:58:38 standalone object-server[127540]: 172.20.0.100 - - [18/Mar/2026:16:58:38 +0000] "GET /d1/1006/AUTH_f6638140618e4e358d6e35964b33ccb9/gnocchi.e66c4412-9a9b-472a-b3ed-eb45e8bfb9a5/1773360000.0_mean_300.0_v3" 200 16 "GET http://172.18.0.2:8080/v1/AUTH_f6638140618e4e358d6e35964b33ccb9/gnocchi.e66c4412-9a9b-472a-b3ed-eb45e8bfb9a5/1773360000.0_mean_300.0_v3" "tx298e3b60c5d54299a62ee-0069bad9be" "proxy-server 20" 0.0010 "-" 23 0
Mar 18 16:58:38 standalone proxy-server[129315]: 172.18.0.2 172.18.0.100 18/Mar/2026/16/58/38 GET /v1/AUTH_f6638140618e4e358d6e35964b33ccb9/gnocchi.e66c4412-9a9b-472a-b3ed-eb45e8bfb9a5/1773360000.0_mean_300.0_v3 HTTP/1.0 200 - python-swiftclient-3.11.1 gAAAAABputlD68p8... - 16 - tx298e3b60c5d54299a62ee-0069bad9be - 0.0094 - - 1773853118.837086678 1773853118.846486330 0
Mar 18 16:58:38 standalone container-server[127341]: 172.20.0.100 - - [18/Mar/2026:16:58:38 +0000] "PUT /d1/135/AUTH_f6638140618e4e358d6e35964b33ccb9/gnocchi.e66c4412-9a9b-472a-b3ed-eb45e8bfb9a5/1773360000.0_mean_300.0_v3" 201 - "PUT http://172.18.0.2:8080/d1/1006/AUTH_f6638140618e4e358d6e35964b33ccb9/gnocchi.e66c4412-9a9b-472a-b3ed-eb45e8bfb9a5/1773360000.0_mean_300.0_v3" "tx75dc0af888e74946bdab8-0069bad9be" "object-server 20" 0.0007 "-" 20 0
Mar 18 16:58:38 standalone object-server[127532]: 172.20.0.100 - - [18/Mar/2026:16:58:38 +0000] "PUT /d1/1006/AUTH_f6638140618e4e358d6e35964b33ccb9/gnocchi.e66c4412-9a9b-472a-b3ed-eb45e8bfb9a5/1773360000.0_mean_300.0_v3" 201 - "PUT http://172.18.0.2:8080/v1/AUTH_f6638140618e4e358d6e35964b33ccb9/gnocchi.e66c4412-9a9b-472a-b3ed-eb45e8bfb9a5/1773360000.0_mean_300.0_v3" "tx75dc0af888e74946bdab8-0069bad9be" "proxy-server 20" 0.0121 "-" 20 0
Mar 18 16:58:38 standalone proxy-server[129315]: 172.18.0.2 172.18.0.100 18/Mar/2026/16/58/38 PUT /v1/AUTH_f6638140618e4e358d6e35964b33ccb9/gnocchi.e66c4412-9a9b-472a-b3ed-eb45e8bfb9a5/1773360000.0_mean_300.0_v3 HTTP/1.0 201 - python-swiftclient-3.11.1 gAAAAABputlD68p8... 16 - - tx75dc0af888e74946bdab8-0069bad9be - 0.0198 - - 1773853118.850291729 1773853118.870043755 0
Mar 18 16:58:38 standalone container-server[127348]: 172.20.0.100 - - [18/Mar/2026:16:58:38 +0000] "PUT /d1/135/AUTH_f6638140618e4e358d6e35964b33ccb9/gnocchi.e66c4412-9a9b-472a-b3ed-eb45e8bfb9a5/none_v3" 201 - "PUT http://172.18.0.2:8080/d1/997/AUTH_f6638140618e4e358d6e35964b33ccb9/gnocchi.e66c4412-9a9b-472a-b3ed-eb45e8bfb9a5/none_v3" "tx34a74fab7a8946058daf9-0069bad9be" "object-server 23" 0.0005 "-" 21 0
Mar 18 16:58:38 standalone object-server[127540]: 172.20.0.100 - - [18/Mar/2026:16:58:38 +0000] "PUT /d1/997/AUTH_f6638140618e4e358d6e35964b33ccb9/gnocchi.e66c4412-9a9b-472a-b3ed-eb45e8bfb9a5/none_v3" 201 - "PUT http://172.18.0.2:8080/v1/AUTH_f6638140618e4e358d6e35964b33ccb9/gnocchi.e66c4412-9a9b-472a-b3ed-eb45e8bfb9a5/none_v3" "tx34a74fab7a8946058daf9-0069bad9be" "proxy-server 20" 0.0133 "-" 23 0
Mar 18 16:58:38 standalone proxy-server[129315]: 172.18.0.2 172.18.0.100 18/Mar/2026/16/58/38 PUT /v1/AUTH_f6638140618e4e358d6e35964b33ccb9/gnocchi.e66c4412-9a9b-472a-b3ed-eb45e8bfb9a5/none_v3 HTTP/1.0 201 - python-swiftclient-3.11.1 gAAAAABputlD68p8... 46 - - tx34a74fab7a8946058daf9-0069bad9be - 0.0228 - - 1773853118.873493910 1773853118.896303654 0
Mar 18 16:58:39 standalone object-server[127540]: 172.20.0.100 - - [18/Mar/2026:16:58:39 +0000] "GET /d1/997/AUTH_f6638140618e4e358d6e35964b33ccb9/gnocchi.e66c4412-9a9b-472a-b3ed-eb45e8bfb9a5/none_v3" 200 46 "GET http://172.18.0.2:8080/v1/AUTH_f6638140618e4e358d6e35964b33ccb9/gnocchi.e66c4412-9a9b-472a-b3ed-eb45e8bfb9a5/none_v3" "txbcbe62dae0d44dc9b26c7-0069bad9bf" "proxy-server 20" 0.0009 "-" 23 0
Mar 18 16:58:39 standalone proxy-server[129315]: 172.18.0.2 172.18.0.100 18/Mar/2026/16/58/39 GET /v1/AUTH_f6638140618e4e358d6e35964b33ccb9/gnocchi.e66c4412-9a9b-472a-b3ed-eb45e8bfb9a5/none_v3 HTTP/1.0 200 - python-swiftclient-3.11.1 gAAAAABputlD68p8... - 46 - txbcbe62dae0d44dc9b26c7-0069bad9bf - 0.0102 - - 1773853119.729522705 1773853119.739708662 0
Mar 18 16:58:39 standalone container-server[127348]: 172.20.0.100 - - [18/Mar/2026:16:58:39 +0000] "GET /d1/135/AUTH_f6638140618e4e358d6e35964b33ccb9/gnocchi.e66c4412-9a9b-472a-b3ed-eb45e8bfb9a5" 200 357 "GET http://172.18.0.2:8080/v1/AUTH_f6638140618e4e358d6e35964b33ccb9/gnocchi.e66c4412-9a9b-472a-b3ed-eb45e8bfb9a5?format=json&states=listing" "tx5d7af18cbb534a2e8d1df-0069bad9bf" "proxy-server 20" 0.0066 "-" 21 0
Mar 18 16:58:39 standalone proxy-server[129315]: 172.18.0.2 172.18.0.100 18/Mar/2026/16/58/39 GET /v1/AUTH_f6638140618e4e358d6e35964b33ccb9/gnocchi.e66c4412-9a9b-472a-b3ed-eb45e8bfb9a5%3Fformat%3Djson%26states%3Dlisting HTTP/1.0 200 - python-swiftclient-3.11.1 gAAAAABputlD68p8... - 357 - tx5d7af18cbb534a2e8d1df-0069bad9bf - 0.0125 - - 1773853119.745767117 1773853119.758257866 0
Mar 18 16:58:39 standalone container-server[127356]: 172.20.0.100 - - [18/Mar/2026:16:58:39 +0000] "GET /d1/135/AUTH_f6638140618e4e358d6e35964b33ccb9/gnocchi.e66c4412-9a9b-472a-b3ed-eb45e8bfb9a5" 200 2 "GET http://172.18.0.2:8080/v1/AUTH_f6638140618e4e358d6e35964b33ccb9/gnocchi.e66c4412-9a9b-472a-b3ed-eb45e8bfb9a5?format=json&marker=none_v3&states=listing" "txb490618869b749f8868fd-0069bad9bf" "proxy-server 20" 0.0019 "-" 23 0
Mar 18 16:58:39 standalone proxy-server[129315]: 172.18.0.2 172.18.0.100 18/Mar/2026/16/58/39 GET /v1/AUTH_f6638140618e4e358d6e35964b33ccb9/gnocchi.e66c4412-9a9b-472a-b3ed-eb45e8bfb9a5%3Fformat%3Djson%26marker%3Dnone_v3%26states%3Dlisting HTTP/1.0 200 - python-swiftclient-3.11.1 gAAAAABputlD68p8... - 2 - txb490618869b749f8868fd-0069bad9bf - 0.0083 - - 1773853119.761800289 1773853119.770117521 0
Mar 18 16:58:39 standalone object-server[127540]: 172.20.0.100 - - [18/Mar/2026:16:58:39 +0000] "GET /d1/1006/AUTH_f6638140618e4e358d6e35964b33ccb9/gnocchi.e66c4412-9a9b-472a-b3ed-eb45e8bfb9a5/1773360000.0_mean_300.0_v3" 200 16 "GET http://172.18.0.2:8080/v1/AUTH_f6638140618e4e358d6e35964b33ccb9/gnocchi.e66c4412-9a9b-472a-b3ed-eb45e8bfb9a5/1773360000.0_mean_300.0_v3" "txd3ec608beba9466e911b7-0069bad9bf" "proxy-server 20" 0.0008 "-" 23 0
Mar 18 16:58:39 standalone proxy-server[129315]: 172.18.0.2 172.18.0.100 18/Mar/2026/16/58/39 GET /v1/AUTH_f6638140618e4e358d6e35964b33ccb9/gnocchi.e66c4412-9a9b-472a-b3ed-eb45e8bfb9a5/1773360000.0_mean_300.0_v3 HTTP/1.0 200 - python-swiftclient-3.11.1 gAAAAABputlD68p8... - 16 - txd3ec608beba9466e911b7-0069bad9bf - 0.0059 - - 1773853119.773757696 1773853119.779685736 0
Mar 18 16:58:39 standalone container-server[127356]: 172.20.0.100 - - [18/Mar/2026:16:58:39 +0000] "PUT /d1/135/AUTH_f6638140618e4e358d6e35964b33ccb9/gnocchi.e66c4412-9a9b-472a-b3ed-eb45e8bfb9a5/1773360000.0_mean_300.0_v3" 201 - "PUT http://172.18.0.2:8080/d1/1006/AUTH_f6638140618e4e358d6e35964b33ccb9/gnocchi.e66c4412-9a9b-472a-b3ed-eb45e8bfb9a5/1773360000.0_mean_300.0_v3" "txb5d0bdfd6e8d4ce19d06b-0069bad9bf" "object-server 24" 0.0005 "-" 23 0
Mar 18 16:58:39 standalone object-server[127543]: 172.20.0.100 - - [18/Mar/2026:16:58:39 +0000] "PUT /d1/1006/AUTH_f6638140618e4e358d6e35964b33ccb9/gnocchi.e66c4412-9a9b-472a-b3ed-eb45e8bfb9a5/1773360000.0_mean_300.0_v3" 201 - "PUT http://172.18.0.2:8080/v1/AUTH_f6638140618e4e358d6e35964b33ccb9/gnocchi.e66c4412-9a9b-472a-b3ed-eb45e8bfb9a5/1773360000.0_mean_300.0_v3" "txb5d0bdfd6e8d4ce19d06b-0069bad9bf" "proxy-server 20" 0.0076 "-" 24 0
Mar 18 16:58:39 standalone proxy-server[129315]: 172.18.0.2 172.18.0.100 18/Mar/2026/16/58/39 PUT /v1/AUTH_f6638140618e4e358d6e35964b33ccb9/gnocchi.e66c4412-9a9b-472a-b3ed-eb45e8bfb9a5/1773360000.0_mean_300.0_v3 HTTP/1.0 201 - python-swiftclient-3.11.1 gAAAAABputlD68p8... 16 - - txb5d0bdfd6e8d4ce19d06b-0069bad9bf - 0.0134 - - 1773853119.782591820 1773853119.795968294 0
Mar 18 16:58:39 standalone container-server[127341]: 172.20.0.100 - - [18/Mar/2026:16:58:39 +0000] "PUT /d1/135/AUTH_f6638140618e4e358d6e35964b33ccb9/gnocchi.e66c4412-9a9b-472a-b3ed-eb45e8bfb9a5/none_v3" 201 - "PUT http://172.18.0.2:8080/d1/997/AUTH_f6638140618e4e358d6e35964b33ccb9/gnocchi.e66c4412-9a9b-472a-b3ed-eb45e8bfb9a5/none_v3" "txeb28db3536b54024a83a9-0069bad9bf" "object-server 20" 0.0006 "-" 20 0
Mar 18 16:58:39 standalone object-server[127532]: 172.20.0.100 - - [18/Mar/2026:16:58:39 +0000] "PUT /d1/997/AUTH_f6638140618e4e358d6e35964b33ccb9/gnocchi.e66c4412-9a9b-472a-b3ed-eb45e8bfb9a5/none_v3" 201 - "PUT http://172.18.0.2:8080/v1/AUTH_f6638140618e4e358d6e35964b33ccb9/gnocchi.e66c4412-9a9b-472a-b3ed-eb45e8bfb9a5/none_v3" "txeb28db3536b54024a83a9-0069bad9bf" "proxy-server 20" 0.0087 "-" 20 0
Mar 18 16:58:39 standalone proxy-server[129315]: 172.18.0.2 172.18.0.100 18/Mar/2026/16/58/39 PUT /v1/AUTH_f6638140618e4e358d6e35964b33ccb9/gnocchi.e66c4412-9a9b-472a-b3ed-eb45e8bfb9a5/none_v3 HTTP/1.0 201 - python-swiftclient-3.11.1 gAAAAABputlD68p8... 51 - - txeb28db3536b54024a83a9-0069bad9bf - 0.0151 - - 1773853119.799640417 1773853119.814742565 0
Mar 18 16:58:39 standalone object-server[127540]: 172.20.0.100 - - [18/Mar/2026:16:58:39 +0000] "GET /d1/662/AUTH_f6638140618e4e358d6e35964b33ccb9/gnocchi.37363162-e866-4485-bc59-845e22d2639d/none_v3" 200 22 "GET http://172.18.0.2:8080/v1/AUTH_f6638140618e4e358d6e35964b33ccb9/gnocchi.37363162-e866-4485-bc59-845e22d2639d/none_v3" "tx74bd0a4166144559adc5c-0069bad9bf" "proxy-server 20" 0.0008 "-" 23 0
Mar 18 16:58:39 standalone proxy-server[129315]: 172.18.0.2 172.18.0.100 18/Mar/2026/16/58/39 GET /v1/AUTH_f6638140618e4e358d6e35964b33ccb9/gnocchi.37363162-e866-4485-bc59-845e22d2639d/none_v3 HTTP/1.0 200 - python-swiftclient-3.11.1 gAAAAABputlD68p8... - 22 - tx74bd0a4166144559adc5c-0069bad9bf - 0.0063 - - 1773853119.825758934 1773853119.832088947 0
Mar 18 16:58:39 standalone container-server[127356]: 172.20.0.100 - - [18/Mar/2026:16:58:39 +0000] "GET /d1/955/AUTH_f6638140618e4e358d6e35964b33ccb9/gnocchi.37363162-e866-4485-bc59-845e22d2639d" 200 357 "GET http://172.18.0.2:8080/v1/AUTH_f6638140618e4e358d6e35964b33ccb9/gnocchi.37363162-e866-4485-bc59-845e22d2639d?format=json&states=listing" "tx3a74b73bbe69434f9d253-0069bad9bf" "proxy-server 20" 0.0082 "-" 23 0
Mar 18 16:58:39 standalone proxy-server[129315]: 172.18.0.2 172.18.0.100 18/Mar/2026/16/58/39 GET /v1/AUTH_f6638140618e4e358d6e35964b33ccb9/gnocchi.37363162-e866-4485-bc59-845e22d2639d%3Fformat%3Djson%26states%3Dlisting HTTP/1.0 200 - python-swiftclient-3.11.1 gAAAAABputlD68p8... - 357 - tx3a74b73bbe69434f9d253-0069bad9bf - 0.0137 - - 1773853119.835360289 1773853119.849030256 0
Mar 18 16:58:39 standalone container-server[127341]: 172.20.0.100 - - [18/Mar/2026:16:58:39 +0000] "GET /d1/955/AUTH_f6638140618e4e358d6e35964b33ccb9/gnocchi.37363162-e866-4485-bc59-845e22d2639d" 200 2 "GET http://172.18.0.2:8080/v1/AUTH_f6638140618e4e358d6e35964b33ccb9/gnocchi.37363162-e866-4485-bc59-845e22d2639d?format=json&marker=none_v3&states=listing" "txa30fa6fd09aa4e838e8db-0069bad9bf" "proxy-server 20" 0.0025 "-" 20 0
Mar 18 16:58:39 standalone proxy-server[129315]: 172.18.0.2 172.18.0.100 18/Mar/2026/16/58/39 GET /v1/AUTH_f6638140618e4e358d6e35964b33ccb9/gnocchi.37363162-e866-4485-bc59-845e22d2639d%3Fformat%3Djson%26marker%3Dnone_v3%26states%3Dlisting HTTP/1.0 200 - python-swiftclient-3.11.1 gAAAAABputlD68p8... - 2 - txa30fa6fd09aa4e838e8db-0069bad9bf - 0.0075 - - 1773853119.851830244 1773853119.859294176 0
Mar 18 16:58:39 standalone object-server[127532]: 172.20.0.100 - - [18/Mar/2026:16:58:39 +0000] "GET /d1/23/AUTH_f6638140618e4e358d6e35964b33ccb9/gnocchi.37363162-e866-4485-bc59-845e22d2639d/1773360000.0_mean_300.0_v3" 200 16 "GET http://172.18.0.2:8080/v1/AUTH_f6638140618e4e358d6e35964b33ccb9/gnocchi.37363162-e866-4485-bc59-845e22d2639d/1773360000.0_mean_300.0_v3" "txbf3d62f9eee848eaa3d1f-0069bad9bf" "proxy-server 20" 0.0009 "-" 20 0
Mar 18 16:58:39 standalone proxy-server[129315]: 172.18.0.2 172.18.0.100 18/Mar/2026/16/58/39 GET /v1/AUTH_f6638140618e4e358d6e35964b33ccb9/gnocchi.37363162-e866-4485-bc59-845e22d2639d/1773360000.0_mean_300.0_v3 HTTP/1.0 200 - python-swiftclient-3.11.1 gAAAAABputlD68p8... - 16 - txbf3d62f9eee848eaa3d1f-0069bad9bf - 0.0056 - - 1773853119.862834930 1773853119.868483782 0
Mar 18 16:58:39 standalone container-server[127348]: 172.20.0.100 - - [18/Mar/2026:16:58:39 +0000] "PUT /d1/955/AUTH_f6638140618e4e358d6e35964b33ccb9/gnocchi.37363162-e866-4485-bc59-845e22d2639d/1773360000.0_mean_300.0_v3" 201 - "PUT http://172.18.0.2:8080/d1/23/AUTH_f6638140618e4e358d6e35964b33ccb9/gnocchi.37363162-e866-4485-bc59-845e22d2639d/1773360000.0_mean_300.0_v3" "txc2c726af164340ef90c90-0069bad9bf" "object-server 24" 0.0005 "-" 21 0
Mar 18 16:58:39 standalone object-server[127543]: 172.20.0.100 - - [18/Mar/2026:16:58:39 +0000] "PUT /d1/23/AUTH_f6638140618e4e358d6e35964b33ccb9/gnocchi.37363162-e866-4485-bc59-845e22d2639d/1773360000.0_mean_300.0_v3" 201 - "PUT http://172.18.0.2:8080/v1/AUTH_f6638140618e4e358d6e35964b33ccb9/gnocchi.37363162-e866-4485-bc59-845e22d2639d/1773360000.0_mean_300.0_v3" "txc2c726af164340ef90c90-0069bad9bf" "proxy-server 20" 0.0074 "-" 24 0
Mar 18 16:58:39 standalone proxy-server[129315]: 172.18.0.2 172.18.0.100 18/Mar/2026/16/58/39 PUT /v1/AUTH_f6638140618e4e358d6e35964b33ccb9/gnocchi.37363162-e866-4485-bc59-845e22d2639d/1773360000.0_mean_300.0_v3 HTTP/1.0 201 - python-swiftclient-3.11.1 gAAAAABputlD68p8... 16 - - txc2c726af164340ef90c90-0069bad9bf - 0.0117 - - 1773853119.876078367 1773853119.887822390 0
Mar 18 16:58:39 standalone container-server[127356]: 172.20.0.100 - - [18/Mar/2026:16:58:39 +0000] "PUT /d1/955/AUTH_f6638140618e4e358d6e35964b33ccb9/gnocchi.37363162-e866-4485-bc59-845e22d2639d/none_v3" 201 - "PUT http://172.18.0.2:8080/d1/662/AUTH_f6638140618e4e358d6e35964b33ccb9/gnocchi.37363162-e866-4485-bc59-845e22d2639d/none_v3" "tx2c9c72f715004c4f81f3d-0069bad9bf" "object-server 23" 0.0005 "-" 23 0
Mar 18 16:58:39 standalone object-server[127540]: 172.20.0.100 - - [18/Mar/2026:16:58:39 +0000] "PUT /d1/662/AUTH_f6638140618e4e358d6e35964b33ccb9/gnocchi.37363162-e866-4485-bc59-845e22d2639d/none_v3" 201 - "PUT http://172.18.0.2:8080/v1/AUTH_f6638140618e4e358d6e35964b33ccb9/gnocchi.37363162-e866-4485-bc59-845e22d2639d/none_v3" "tx2c9c72f715004c4f81f3d-0069bad9bf" "proxy-server 20" 0.0085 "-" 23 0
Mar 18 16:58:39 standalone proxy-server[129315]: 172.18.0.2 172.18.0.100 18/Mar/2026/16/58/39 PUT /v1/AUTH_f6638140618e4e358d6e35964b33ccb9/gnocchi.37363162-e866-4485-bc59-845e22d2639d/none_v3 HTTP/1.0 201 - python-swiftclient-3.11.1 gAAAAABputlD68p8... 32 - - tx2c9c72f715004c4f81f3d-0069bad9bf - 0.0128 - - 1773853119.890089273 1773853119.902916908 0
Mar 18 16:58:39 standalone object-server[127532]: 172.20.0.100 - - [18/Mar/2026:16:58:39 +0000] "GET /d1/894/AUTH_f6638140618e4e358d6e35964b33ccb9/gnocchi.24147803-b366-45d7-8021-20178e2802a1/none_v3" 200 22 "GET http://172.18.0.2:8080/v1/AUTH_f6638140618e4e358d6e35964b33ccb9/gnocchi.24147803-b366-45d7-8021-20178e2802a1/none_v3" "tx80a0d1b7db9e46c7a13e3-0069bad9bf" "proxy-server 20" 0.0007 "-" 20 0
Mar 18 16:58:39 standalone proxy-server[129315]: 172.18.0.2 172.18.0.100 18/Mar/2026/16/58/39 GET /v1/AUTH_f6638140618e4e358d6e35964b33ccb9/gnocchi.24147803-b366-45d7-8021-20178e2802a1/none_v3 HTTP/1.0 200 - python-swiftclient-3.11.1 gAAAAABputlD68p8... - 22 - tx80a0d1b7db9e46c7a13e3-0069bad9bf - 0.0055 - - 1773853119.911286592 1773853119.916742563 0
Mar 18 16:58:39 standalone container-server[127341]: 172.20.0.100 - - [18/Mar/2026:16:58:39 +0000] "GET /d1/288/AUTH_f6638140618e4e358d6e35964b33ccb9/gnocchi.24147803-b366-45d7-8021-20178e2802a1" 200 357 "GET http://172.18.0.2:8080/v1/AUTH_f6638140618e4e358d6e35964b33ccb9/gnocchi.24147803-b366-45d7-8021-20178e2802a1?format=json&states=listing" "tx9a839a29a2d54f16bc210-0069bad9bf" "proxy-server 20" 0.0115 "-" 20 0
Mar 18 16:58:39 standalone proxy-server[129315]: 172.18.0.2 172.18.0.100 18/Mar/2026/16/58/39 GET /v1/AUTH_f6638140618e4e358d6e35964b33ccb9/gnocchi.24147803-b366-45d7-8021-20178e2802a1%3Fformat%3Djson%26states%3Dlisting HTTP/1.0 200 - python-swiftclient-3.11.1 gAAAAABputlD68p8... - 357 - tx9a839a29a2d54f16bc210-0069bad9bf - 0.0165 - - 1773853119.919482231 1773853119.935947895 0
Mar 18 16:58:39 standalone container-server[127351]: 172.20.0.100 - - [18/Mar/2026:16:58:39 +0000] "GET /d1/288/AUTH_f6638140618e4e358d6e35964b33ccb9/gnocchi.24147803-b366-45d7-8021-20178e2802a1" 200 2 "GET http://172.18.0.2:8080/v1/AUTH_f6638140618e4e358d6e35964b33ccb9/gnocchi.24147803-b366-45d7-8021-20178e2802a1?format=json&marker=none_v3&states=listing" "tx032a3e22420245c4ad5f7-0069bad9bf" "proxy-server 20" 0.0019 "-" 22 0
Mar 18 16:58:39 standalone proxy-server[129315]: 172.18.0.2 172.18.0.100 18/Mar/2026/16/58/39 GET /v1/AUTH_f6638140618e4e358d6e35964b33ccb9/gnocchi.24147803-b366-45d7-8021-20178e2802a1%3Fformat%3Djson%26marker%3Dnone_v3%26states%3Dlisting HTTP/1.0 200 - python-swiftclient-3.11.1 gAAAAABputlD68p8... - 2 - tx032a3e22420245c4ad5f7-0069bad9bf - 0.0070 - - 1773853119.938110828 1773853119.945142508 0
Mar 18 16:58:39 standalone object-server[127535]: 172.20.0.100 - - [18/Mar/2026:16:58:39 +0000] "GET /d1/552/AUTH_f6638140618e4e358d6e35964b33ccb9/gnocchi.24147803-b366-45d7-8021-20178e2802a1/1773360000.0_mean_300.0_v3" 200 16 "GET http://172.18.0.2:8080/v1/AUTH_f6638140618e4e358d6e35964b33ccb9/gnocchi.24147803-b366-45d7-8021-20178e2802a1/1773360000.0_mean_300.0_v3" "txe2e6f1e380b5409baf0c8-0069bad9bf" "proxy-server 20" 0.0009 "-" 22 0
Mar 18 16:58:39 standalone proxy-server[129315]: 172.18.0.2 172.18.0.100 18/Mar/2026/16/58/39 GET /v1/AUTH_f6638140618e4e358d6e35964b33ccb9/gnocchi.24147803-b366-45d7-8021-20178e2802a1/1773360000.0_mean_300.0_v3 HTTP/1.0 200 - python-swiftclient-3.11.1 gAAAAABputlD68p8... - 16 - txe2e6f1e380b5409baf0c8-0069bad9bf - 0.0061 - - 1773853119.948506594 1773853119.954644680 0
Mar 18 16:58:39 standalone container-server[127348]: 172.20.0.100 - - [18/Mar/2026:16:58:39 +0000] "PUT /d1/288/AUTH_f6638140618e4e358d6e35964b33ccb9/gnocchi.24147803-b366-45d7-8021-20178e2802a1/1773360000.0_mean_300.0_v3" 201 - "PUT http://172.18.0.2:8080/d1/552/AUTH_f6638140618e4e358d6e35964b33ccb9/gnocchi.24147803-b366-45d7-8021-20178e2802a1/1773360000.0_mean_300.0_v3" "tx72db09464818470ea1ad8-0069bad9bf" "object-server 20" 0.0005 "-" 21 0
Mar 18 16:58:39 standalone object-server[127532]: 172.20.0.100 - - [18/Mar/2026:16:58:39 +0000] "PUT /d1/552/AUTH_f6638140618e4e358d6e35964b33ccb9/gnocchi.24147803-b366-45d7-8021-20178e2802a1/1773360000.0_mean_300.0_v3" 201 - "PUT http://172.18.0.2:8080/v1/AUTH_f6638140618e4e358d6e35964b33ccb9/gnocchi.24147803-b366-45d7-8021-20178e2802a1/1773360000.0_mean_300.0_v3" "tx72db09464818470ea1ad8-0069bad9bf" "proxy-server 20" 0.0078 "-" 20 0
Mar 18 16:58:39 standalone proxy-server[129315]: 172.18.0.2 172.18.0.100 18/Mar/2026/16/58/39 PUT /v1/AUTH_f6638140618e4e358d6e35964b33ccb9/gnocchi.24147803-b366-45d7-8021-20178e2802a1/1773360000.0_mean_300.0_v3 HTTP/1.0 201 - python-swiftclient-3.11.1 gAAAAABputlD68p8... 16 - - tx72db09464818470ea1ad8-0069bad9bf - 0.0121 - - 1773853119.957244635 1773853119.969388723 0
Mar 18 16:58:39 standalone container-server[127356]: 172.20.0.100 - - [18/Mar/2026:16:58:39 +0000] "PUT /d1/288/AUTH_f6638140618e4e358d6e35964b33ccb9/gnocchi.24147803-b366-45d7-8021-20178e2802a1/none_v3" 201 - "PUT http://172.18.0.2:8080/d1/894/AUTH_f6638140618e4e358d6e35964b33ccb9/gnocchi.24147803-b366-45d7-8021-20178e2802a1/none_v3" "tx9bf62a9e3520467f98cf7-0069bad9bf" "object-server 23" 0.0004 "-" 23 0
Mar 18 16:58:39 standalone object-server[127540]: 172.20.0.100 - - [18/Mar/2026:16:58:39 +0000] "PUT /d1/894/AUTH_f6638140618e4e358d6e35964b33ccb9/gnocchi.24147803-b366-45d7-8021-20178e2802a1/none_v3" 201 - "PUT http://172.18.0.2:8080/v1/AUTH_f6638140618e4e358d6e35964b33ccb9/gnocchi.24147803-b366-45d7-8021-20178e2802a1/none_v3" "tx9bf62a9e3520467f98cf7-0069bad9bf" "proxy-server 20" 0.0076 "-" 23 0
Mar 18 16:58:39 standalone proxy-server[129315]: 172.18.0.2 172.18.0.100 18/Mar/2026/16/58/39 PUT /v1/AUTH_f6638140618e4e358d6e35964b33ccb9/gnocchi.24147803-b366-45d7-8021-20178e2802a1/none_v3 HTTP/1.0 201 - python-swiftclient-3.11.1 gAAAAABputlD68p8... 32 - - tx9bf62a9e3520467f98cf7-0069bad9bf - 0.0124 - - 1773853119.972185135 1773853119.984565973 0
Mar 18 16:58:39 standalone object-server[127535]: 172.20.0.100 - - [18/Mar/2026:16:58:39 +0000] "GET /d1/447/AUTH_f6638140618e4e358d6e35964b33ccb9/gnocchi.32efa022-6cef-4221-b67d-57834512893f/none_v3" 200 22 "GET http://172.18.0.2:8080/v1/AUTH_f6638140618e4e358d6e35964b33ccb9/gnocchi.32efa022-6cef-4221-b67d-57834512893f/none_v3" "tx1974f94836b84934a60fb-0069bad9bf" "proxy-server 20" 0.0008 "-" 22 0
Mar 18 16:58:39 standalone proxy-server[129315]: 172.18.0.2 172.18.0.100 18/Mar/2026/16/58/39 GET /v1/AUTH_f6638140618e4e358d6e35964b33ccb9/gnocchi.32efa022-6cef-4221-b67d-57834512893f/none_v3 HTTP/1.0 200 - python-swiftclient-3.11.1 gAAAAABputlD68p8... - 22 - tx1974f94836b84934a60fb-0069bad9bf - 0.0059 - - 1773853119.993659735 1773853119.999533415 0
Mar 18 16:58:40 standalone container-server[127341]: 172.20.0.100 - - [18/Mar/2026:16:58:40 +0000] "GET /d1/26/AUTH_f6638140618e4e358d6e35964b33ccb9/gnocchi.32efa022-6cef-4221-b67d-57834512893f" 200 357 "GET http://172.18.0.2:8080/v1/AUTH_f6638140618e4e358d6e35964b33ccb9/gnocchi.32efa022-6cef-4221-b67d-57834512893f?format=json&states=listing" "tx8e4cf9b07e144768b71d5-0069bad9c0" "proxy-server 20" 0.0075 "-" 20 0
Mar 18 16:58:40 standalone proxy-server[129315]: 172.18.0.2 172.18.0.100 18/Mar/2026/16/58/40 GET /v1/AUTH_f6638140618e4e358d6e35964b33ccb9/gnocchi.32efa022-6cef-4221-b67d-57834512893f%3Fformat%3Djson%26states%3Dlisting HTTP/1.0 200 - python-swiftclient-3.11.1 gAAAAABputlD68p8... - 357 - tx8e4cf9b07e144768b71d5-0069bad9c0 - 0.0146 - - 1773853120.007218599 1773853120.021815538 0
Mar 18 16:58:40 standalone container-server[127348]: 172.20.0.100 - - [18/Mar/2026:16:58:40 +0000] "GET /d1/26/AUTH_f6638140618e4e358d6e35964b33ccb9/gnocchi.32efa022-6cef-4221-b67d-57834512893f" 200 2 "GET http://172.18.0.2:8080/v1/AUTH_f6638140618e4e358d6e35964b33ccb9/gnocchi.32efa022-6cef-4221-b67d-57834512893f?format=json&marker=none_v3&states=listing" "tx7d70051def30453085745-0069bad9c0" "proxy-server 20" 0.0027 "-" 21 0
Mar 18 16:58:40 standalone object-server[127466]: Begin object update sweep
Mar 18 16:58:40 standalone proxy-server[129315]: 172.18.0.2 172.18.0.100 18/Mar/2026/16/58/40 GET /v1/AUTH_f6638140618e4e358d6e35964b33ccb9/gnocchi.32efa022-6cef-4221-b67d-57834512893f%3Fformat%3Djson%26marker%3Dnone_v3%26states%3Dlisting HTTP/1.0 200 - python-swiftclient-3.11.1 gAAAAABputlD68p8... - 2 - tx7d70051def30453085745-0069bad9c0 - 0.0087 - - 1773853120.024421930 1773853120.033116102 0
Mar 18 16:58:40 standalone object-server[127543]: 172.20.0.100 - - [18/Mar/2026:16:58:40 +0000] "GET /d1/174/AUTH_f6638140618e4e358d6e35964b33ccb9/gnocchi.32efa022-6cef-4221-b67d-57834512893f/1773360000.0_mean_300.0_v3" 200 16 "GET http://172.18.0.2:8080/v1/AUTH_f6638140618e4e358d6e35964b33ccb9/gnocchi.32efa022-6cef-4221-b67d-57834512893f/1773360000.0_mean_300.0_v3" "tx566896dd05454ab39552d-0069bad9c0" "proxy-server 20" 0.0008 "-" 24 0
Mar 18 16:58:40 standalone proxy-server[129315]: 172.18.0.2 172.18.0.100 18/Mar/2026/16/58/40 GET /v1/AUTH_f6638140618e4e358d6e35964b33ccb9/gnocchi.32efa022-6cef-4221-b67d-57834512893f/1773360000.0_mean_300.0_v3 HTTP/1.0 200 - python-swiftclient-3.11.1 gAAAAABputlD68p8... - 16 - tx566896dd05454ab39552d-0069bad9c0 - 0.0083 - - 1773853120.037493467 1773853120.045768261 0
Mar 18 16:58:40 standalone object-server[234364]: Object update sweep starting on /srv/node/d1 (pid: 14)
Mar 18 16:58:40 standalone object-server[234364]: Object update sweep completed on /srv/node/d1 in 0.00s seconds:, 0 successes, 0 failures, 0 quarantines, 0 unlinks, 0 errors, 0 redirects (pid: 14)
Mar 18 16:58:40 standalone object-server[234364]: Object update sweep of d1 completed: 0.00s, 0 successes, 0 failures, 0 quarantines, 0 unlinks, 0 errors, 0 redirects
Mar 18 16:58:40 standalone container-server[127351]: 172.20.0.100 - - [18/Mar/2026:16:58:40 +0000] "PUT /d1/26/AUTH_f6638140618e4e358d6e35964b33ccb9/gnocchi.32efa022-6cef-4221-b67d-57834512893f/1773360000.0_mean_300.0_v3" 201 - "PUT http://172.18.0.2:8080/d1/174/AUTH_f6638140618e4e358d6e35964b33ccb9/gnocchi.32efa022-6cef-4221-b67d-57834512893f/1773360000.0_mean_300.0_v3" "tx58a25831b61c48b988cb9-0069bad9c0" "object-server 24" 0.0006 "-" 22 0
Mar 18 16:58:40 standalone object-server[127543]: 172.20.0.100 - - [18/Mar/2026:16:58:40 +0000] "PUT /d1/174/AUTH_f6638140618e4e358d6e35964b33ccb9/gnocchi.32efa022-6cef-4221-b67d-57834512893f/1773360000.0_mean_300.0_v3" 201 - "PUT http://172.18.0.2:8080/v1/AUTH_f6638140618e4e358d6e35964b33ccb9/gnocchi.32efa022-6cef-4221-b67d-57834512893f/1773360000.0_mean_300.0_v3" "tx58a25831b61c48b988cb9-0069bad9c0" "proxy-server 20" 0.0127 "-" 24 0
Mar 18 16:58:40 standalone proxy-server[129315]: 172.18.0.2 172.18.0.100 18/Mar/2026/16/58/40 PUT /v1/AUTH_f6638140618e4e358d6e35964b33ccb9/gnocchi.32efa022-6cef-4221-b67d-57834512893f/1773360000.0_mean_300.0_v3 HTTP/1.0 201 - python-swiftclient-3.11.1 gAAAAABputlD68p8... 16 - - tx58a25831b61c48b988cb9-0069bad9c0 - 0.0180 - - 1773853120.048418283 1773853120.066424370 0
Mar 18 16:58:40 standalone container-server[127341]: 172.20.0.100 - - [18/Mar/2026:16:58:40 +0000] "PUT /d1/26/AUTH_f6638140618e4e358d6e35964b33ccb9/gnocchi.32efa022-6cef-4221-b67d-57834512893f/none_v3" 201 - "PUT http://172.18.0.2:8080/d1/447/AUTH_f6638140618e4e358d6e35964b33ccb9/gnocchi.32efa022-6cef-4221-b67d-57834512893f/none_v3" "txe02dc5b312db4d3898e25-0069bad9c0" "object-server 23" 0.0008 "-" 20 0
Mar 18 16:58:40 standalone object-server[127540]: 172.20.0.100 - - [18/Mar/2026:16:58:40 +0000] "PUT /d1/447/AUTH_f6638140618e4e358d6e35964b33ccb9/gnocchi.32efa022-6cef-4221-b67d-57834512893f/none_v3" 201 - "PUT http://172.18.0.2:8080/v1/AUTH_f6638140618e4e358d6e35964b33ccb9/gnocchi.32efa022-6cef-4221-b67d-57834512893f/none_v3" "txe02dc5b312db4d3898e25-0069bad9c0" "proxy-server 20" 0.0168 "-" 23 0
Mar 18 16:58:40 standalone proxy-server[129315]: 172.18.0.2 172.18.0.100 18/Mar/2026/16/58/40 PUT /v1/AUTH_f6638140618e4e358d6e35964b33ccb9/gnocchi.32efa022-6cef-4221-b67d-57834512893f/none_v3 HTTP/1.0 201 - python-swiftclient-3.11.1 gAAAAABputlD68p8... 32 - - txe02dc5b312db4d3898e25-0069bad9c0 - 0.0221 - - 1773853120.068869114 1773853120.091006041 0
Mar 18 16:58:40 standalone object-server[127466]: Object update sweep completed: 0.08s
Mar 18 16:58:40 standalone object-server[127540]: 172.20.0.100 - - [18/Mar/2026:16:58:40 +0000] "GET /d1/556/AUTH_f6638140618e4e358d6e35964b33ccb9/gnocchi.5b52346f-1d21-4712-92c0-c1331907fbca/none_v3" 200 22 "GET http://172.18.0.2:8080/v1/AUTH_f6638140618e4e358d6e35964b33ccb9/gnocchi.5b52346f-1d21-4712-92c0-c1331907fbca/none_v3" "tx340c5a743dcd483bb9a94-0069bad9c0" "proxy-server 20" 0.0012 "-" 23 0
Mar 18 16:58:40 standalone proxy-server[129315]: 172.18.0.2 172.18.0.100 18/Mar/2026/16/58/40 GET /v1/AUTH_f6638140618e4e358d6e35964b33ccb9/gnocchi.5b52346f-1d21-4712-92c0-c1331907fbca/none_v3 HTTP/1.0 200 - python-swiftclient-3.11.1 gAAAAABputlD68p8... - 22 - tx340c5a743dcd483bb9a94-0069bad9c0 - 0.0073 - - 1773853120.109840870 1773853120.117189884 0
Mar 18 16:58:40 standalone container-server[127356]: 172.20.0.100 - - [18/Mar/2026:16:58:40 +0000] "GET /d1/440/AUTH_f6638140618e4e358d6e35964b33ccb9/gnocchi.5b52346f-1d21-4712-92c0-c1331907fbca" 200 357 "GET http://172.18.0.2:8080/v1/AUTH_f6638140618e4e358d6e35964b33ccb9/gnocchi.5b52346f-1d21-4712-92c0-c1331907fbca?format=json&states=listing" "tx8305e3741c314758a7907-0069bad9c0" "proxy-server 20" 0.0054 "-" 23 0
Mar 18 16:58:40 standalone proxy-server[129315]: 172.18.0.2 172.18.0.100 18/Mar/2026/16/58/40 GET /v1/AUTH_f6638140618e4e358d6e35964b33ccb9/gnocchi.5b52346f-1d21-4712-92c0-c1331907fbca%3Fformat%3Djson%26states%3Dlisting HTTP/1.0 200 - python-swiftclient-3.11.1 gAAAAABputlD68p8... - 357 - tx8305e3741c314758a7907-0069bad9c0 - 0.0116 - - 1773853120.121955872 1773853120.133518219 0
Mar 18 16:58:40 standalone container-server[127351]: 172.20.0.100 - - [18/Mar/2026:16:58:40 +0000] "GET /d1/440/AUTH_f6638140618e4e358d6e35964b33ccb9/gnocchi.5b52346f-1d21-4712-92c0-c1331907fbca" 200 2 "GET http://172.18.0.2:8080/v1/AUTH_f6638140618e4e358d6e35964b33ccb9/gnocchi.5b52346f-1d21-4712-92c0-c1331907fbca?format=json&marker=none_v3&states=listing" "tx56ee6f58098c4bf29ffe4-0069bad9c0" "proxy-server 20" 0.0018 "-" 22 0
Mar 18 16:58:40 standalone proxy-server[129315]: 172.18.0.2 172.18.0.100 18/Mar/2026/16/58/40 GET /v1/AUTH_f6638140618e4e358d6e35964b33ccb9/gnocchi.5b52346f-1d21-4712-92c0-c1331907fbca%3Fformat%3Djson%26marker%3Dnone_v3%26states%3Dlisting HTTP/1.0 200 - python-swiftclient-3.11.1 gAAAAABputlD68p8... - 2 - tx56ee6f58098c4bf29ffe4-0069bad9c0 - 0.0069 - - 1773853120.136199713 1773853120.143138885 0
Mar 18 16:58:40 standalone object-server[127543]: 172.20.0.100 - - [18/Mar/2026:16:58:40 +0000] "GET /d1/118/AUTH_f6638140618e4e358d6e35964b33ccb9/gnocchi.5b52346f-1d21-4712-92c0-c1331907fbca/1773360000.0_mean_300.0_v3" 200 16 "GET http://172.18.0.2:8080/v1/AUTH_f6638140618e4e358d6e35964b33ccb9/gnocchi.5b52346f-1d21-4712-92c0-c1331907fbca/1773360000.0_mean_300.0_v3" "tx4d61d92a28df4b62bc499-0069bad9c0" "proxy-server 20" 0.0006 "-" 24 0
Mar 18 16:58:40 standalone proxy-server[129315]: 172.18.0.2 172.18.0.100 18/Mar/2026/16/58/40 GET /v1/AUTH_f6638140618e4e358d6e35964b33ccb9/gnocchi.5b52346f-1d21-4712-92c0-c1331907fbca/1773360000.0_mean_300.0_v3 HTTP/1.0 200 - python-swiftclient-3.11.1 gAAAAABputlD68p8... - 16 - tx4d61d92a28df4b62bc499-0069bad9c0 - 0.0052 - - 1773853120.146690845 1773853120.151898861 0
Mar 18 16:58:40 standalone container-server[127351]: 172.20.0.100 - - [18/Mar/2026:16:58:40 +0000] "PUT /d1/440/AUTH_f6638140618e4e358d6e35964b33ccb9/gnocchi.5b52346f-1d21-4712-92c0-c1331907fbca/1773360000.0_mean_300.0_v3" 201 - "PUT http://172.18.0.2:8080/d1/118/AUTH_f6638140618e4e358d6e35964b33ccb9/gnocchi.5b52346f-1d21-4712-92c0-c1331907fbca/1773360000.0_mean_300.0_v3" "tx56ba81adddf84abdba32b-0069bad9c0" "object-server 20" 0.0004 "-" 22 0
Mar 18 16:58:40 standalone object-server[127532]: 172.20.0.100 - - [18/Mar/2026:16:58:40 +0000] "PUT /d1/118/AUTH_f6638140618e4e358d6e35964b33ccb9/gnocchi.5b52346f-1d21-4712-92c0-c1331907fbca/1773360000.0_mean_300.0_v3" 201 - "PUT http://172.18.0.2:8080/v1/AUTH_f6638140618e4e358d6e35964b33ccb9/gnocchi.5b52346f-1d21-4712-92c0-c1331907fbca/1773360000.0_mean_300.0_v3" "tx56ba81adddf84abdba32b-0069bad9c0" "proxy-server 20" 0.0078 "-" 20 0
Mar 18 16:58:40 standalone proxy-server[129315]: 172.18.0.2 172.18.0.100 18/Mar/2026/16/58/40 PUT /v1/AUTH_f6638140618e4e358d6e35964b33ccb9/gnocchi.5b52346f-1d21-4712-92c0-c1331907fbca/1773360000.0_mean_300.0_v3 HTTP/1.0 201 - python-swiftclient-3.11.1 gAAAAABputlD68p8... 16 - - tx56ba81adddf84abdba32b-0069bad9c0 - 0.0119 - - 1773853120.154205799 1773853120.166149378 0
Mar 18 16:58:40 standalone container-server[127341]: 172.20.0.100 - - [18/Mar/2026:16:58:40 +0000] "PUT /d1/440/AUTH_f6638140618e4e358d6e35964b33ccb9/gnocchi.5b52346f-1d21-4712-92c0-c1331907fbca/none_v3" 201 - "PUT http://172.18.0.2:8080/d1/556/AUTH_f6638140618e4e358d6e35964b33ccb9/gnocchi.5b52346f-1d21-4712-92c0-c1331907fbca/none_v3" "tx1ce9ebe1d2cd4ea593de2-0069bad9c0" "object-server 20" 0.0005 "-" 20 0
Mar 18 16:58:40 standalone object-server[127532]: 172.20.0.100 - - [18/Mar/2026:16:58:40 +0000] "PUT /d1/556/AUTH_f6638140618e4e358d6e35964b33ccb9/gnocchi.5b52346f-1d21-4712-92c0-c1331907fbca/none_v3" 201 - "PUT http://172.18.0.2:8080/v1/AUTH_f6638140618e4e358d6e35964b33ccb9/gnocchi.5b52346f-1d21-4712-92c0-c1331907fbca/none_v3" "tx1ce9ebe1d2cd4ea593de2-0069bad9c0" "proxy-server 20" 0.0070 "-" 20 0
Mar 18 16:58:40 standalone proxy-server[129315]: 172.18.0.2 172.18.0.100 18/Mar/2026/16/58/40 PUT /v1/AUTH_f6638140618e4e358d6e35964b33ccb9/gnocchi.5b52346f-1d21-4712-92c0-c1331907fbca/none_v3 HTTP/1.0 201 - python-swiftclient-3.11.1 gAAAAABputlD68p8... 32 - - tx1ce9ebe1d2cd4ea593de2-0069bad9c0 - 0.0106 - - 1773853120.168215036 1773853120.178824425 0
Mar 18 16:58:43 standalone container-server[127341]: 172.20.0.100 - - [18/Mar/2026:16:58:43 +0000] "HEAD /d1/662/AUTH_f6638140618e4e358d6e35964b33ccb9/gnocchi.d870b50c-29e7-4885-92d8-3bbcec48edf0" 404 - "HEAD http://172.18.0.2:8080/v1/AUTH_f6638140618e4e358d6e35964b33ccb9/gnocchi.d870b50c-29e7-4885-92d8-3bbcec48edf0?format=json&states=listing" "txd63d89302e5640a490ec3-0069bad9c3" "proxy-server 20" 0.0008 "-" 20 0
Mar 18 16:58:43 standalone object-server[127543]: 172.20.0.100 - - [18/Mar/2026:16:58:43 +0000] "GET /d1/271/AUTH_f6638140618e4e358d6e35964b33ccb9/gnocchi.d870b50c-29e7-4885-92d8-3bbcec48edf0/none_v3" 404 70 "GET http://172.18.0.2:8080/v1/AUTH_f6638140618e4e358d6e35964b33ccb9/gnocchi.d870b50c-29e7-4885-92d8-3bbcec48edf0/none_v3" "txd63d89302e5640a490ec3-0069bad9c3" "proxy-server 20" 0.0007 "-" 24 0
Mar 18 16:58:43 standalone proxy-server[129315]: 172.18.0.2 172.18.0.100 18/Mar/2026/16/58/43 GET /v1/AUTH_f6638140618e4e358d6e35964b33ccb9/gnocchi.d870b50c-29e7-4885-92d8-3bbcec48edf0/none_v3 HTTP/1.0 404 - python-swiftclient-3.11.1 gAAAAABputlD68p8... - 70 - txd63d89302e5640a490ec3-0069bad9c3 - 0.0153 - - 1773853123.256461143 1773853123.271745682 0
Mar 18 16:58:43 standalone account-server[127192]: 172.20.0.100 - - [18/Mar/2026:16:58:43 +0000] "PUT /d1/133/AUTH_f6638140618e4e358d6e35964b33ccb9/gnocchi.d870b50c-29e7-4885-92d8-3bbcec48edf0" 201 - "PUT http://172.20.0.100:6001/d1/662/AUTH_f6638140618e4e358d6e35964b33ccb9/gnocchi.d870b50c-29e7-4885-92d8-3bbcec48edf0" "tx508c69b975794896821af-0069bad9c3" "container-server 22" 0.0034 "-" 20 0
Mar 18 16:58:43 standalone container-server[127351]: 172.20.0.100 - - [18/Mar/2026:16:58:43 +0000] "PUT /d1/662/AUTH_f6638140618e4e358d6e35964b33ccb9/gnocchi.d870b50c-29e7-4885-92d8-3bbcec48edf0" 201 - "PUT http://172.18.0.2:8080/v1/AUTH_f6638140618e4e358d6e35964b33ccb9/gnocchi.d870b50c-29e7-4885-92d8-3bbcec48edf0" "tx508c69b975794896821af-0069bad9c3" "proxy-server 20" 0.0165 "-" 22 0
Mar 18 16:58:43 standalone proxy-server[129315]: 172.18.0.2 172.18.0.100 18/Mar/2026/16/58/43 PUT /v1/AUTH_f6638140618e4e358d6e35964b33ccb9/gnocchi.d870b50c-29e7-4885-92d8-3bbcec48edf0 HTTP/1.0 201 - python-swiftclient-3.11.1 gAAAAABputlD68p8... - - - tx508c69b975794896821af-0069bad9c3 - 0.0224 - - 1773853123.276023149 1773853123.298384666 0
Mar 18 16:58:43 standalone container-server[127341]: 172.20.0.100 - - [18/Mar/2026:16:58:43 +0000] "HEAD /d1/662/AUTH_f6638140618e4e358d6e35964b33ccb9/gnocchi.d870b50c-29e7-4885-92d8-3bbcec48edf0" 204 - "HEAD http://172.18.0.2:8080/v1/AUTH_f6638140618e4e358d6e35964b33ccb9/gnocchi.d870b50c-29e7-4885-92d8-3bbcec48edf0?format=json&states=listing" "tx41d788a265e243939a829-0069bad9c3" "proxy-server 20" 0.0025 "-" 20 0
Mar 18 16:58:43 standalone proxy-server[129315]: - - 18/Mar/2026/16/58/43 HEAD /v1/AUTH_f6638140618e4e358d6e35964b33ccb9/gnocchi.d870b50c-29e7-4885-92d8-3bbcec48edf0%3Fformat%3Djson%26states%3Dlisting HTTP/1.0 204 - Swift - - - - tx41d788a265e243939a829-0069bad9c3 - 0.0073 RL - 1773853123.305757761 1773853123.313040018 0
Mar 18 16:58:43 standalone container-server[127348]: 172.20.0.100 - - [18/Mar/2026:16:58:43 +0000] "GET /d1/662/AUTH_f6638140618e4e358d6e35964b33ccb9/gnocchi.d870b50c-29e7-4885-92d8-3bbcec48edf0" 200 2 "GET http://172.18.0.2:8080/v1/AUTH_f6638140618e4e358d6e35964b33ccb9/gnocchi.d870b50c-29e7-4885-92d8-3bbcec48edf0?format=json&states=listing" "tx41d788a265e243939a829-0069bad9c3" "proxy-server 20" 0.0027 "-" 21 0
Mar 18 16:58:43 standalone proxy-server[129315]: 172.18.0.2 172.18.0.100 18/Mar/2026/16/58/43 GET /v1/AUTH_f6638140618e4e358d6e35964b33ccb9/gnocchi.d870b50c-29e7-4885-92d8-3bbcec48edf0%3Fformat%3Djson%26states%3Dlisting HTTP/1.0 200 - python-swiftclient-3.11.1 gAAAAABputlD68p8... - 2 - tx41d788a265e243939a829-0069bad9c3 - 0.0211 - - 1773853123.304339409 1773853123.325432539 0
Mar 18 16:58:43 standalone object-server[127540]: 172.20.0.100 - - [18/Mar/2026:16:58:43 +0000] "GET /d1/125/AUTH_f6638140618e4e358d6e35964b33ccb9/gnocchi.d870b50c-29e7-4885-92d8-3bbcec48edf0/1773360000.0_mean_300.0_v3" 404 70 "GET http://172.18.0.2:8080/v1/AUTH_f6638140618e4e358d6e35964b33ccb9/gnocchi.d870b50c-29e7-4885-92d8-3bbcec48edf0/1773360000.0_mean_300.0_v3" "tx5d9cc8e5447b45cca06f6-0069bad9c3" "proxy-server 20" 0.0008 "-" 23 0
Mar 18 16:58:43 standalone proxy-server[129315]: 172.18.0.2 172.18.0.100 18/Mar/2026/16/58/43 GET /v1/AUTH_f6638140618e4e358d6e35964b33ccb9/gnocchi.d870b50c-29e7-4885-92d8-3bbcec48edf0/1773360000.0_mean_300.0_v3 HTTP/1.0 404 - python-swiftclient-3.11.1 gAAAAABputlD68p8... - 70 - tx5d9cc8e5447b45cca06f6-0069bad9c3 - 0.0078 - - 1773853123.330553293 1773853123.338341951 0
Mar 18 16:58:43 standalone container-server[127356]: 172.20.0.100 - - [18/Mar/2026:16:58:43 +0000] "PUT /d1/662/AUTH_f6638140618e4e358d6e35964b33ccb9/gnocchi.d870b50c-29e7-4885-92d8-3bbcec48edf0/1773360000.0_mean_300.0_v3" 201 - "PUT http://172.18.0.2:8080/d1/125/AUTH_f6638140618e4e358d6e35964b33ccb9/gnocchi.d870b50c-29e7-4885-92d8-3bbcec48edf0/1773360000.0_mean_300.0_v3" "tx101455577ffc4c1c8ca14-0069bad9c3" "object-server 24" 0.0007 "-" 23 0
