Nov 21 11:00:06 standalone container-server[128062]: 172.20.0.100 - - [21/Nov/2025:11:00:06 +0000] "PUT /d1/637/AUTH_0cecc8fadb4145d4bfca3c7bfba4ec48/gnocchi.3b2d114a-829b-4d58-afae-2921f4a4900f/1763640000.0_mean_300.0_v3" 201 - "PUT http://172.18.0.2:8080/d1/815/AUTH_0cecc8fadb4145d4bfca3c7bfba4ec48/gnocchi.3b2d114a-829b-4d58-afae-2921f4a4900f/1763640000.0_mean_300.0_v3" "txfaef91bf6e8b42b3af203-0069204636" "object-server 25" 0.0012 "-" 22 0
Nov 21 11:00:06 standalone object-server[128269]: 172.20.0.100 - - [21/Nov/2025:11:00:06 +0000] "PUT /d1/815/AUTH_0cecc8fadb4145d4bfca3c7bfba4ec48/gnocchi.3b2d114a-829b-4d58-afae-2921f4a4900f/1763640000.0_mean_300.0_v3" 201 - "PUT http://172.18.0.2:8080/v1/AUTH_0cecc8fadb4145d4bfca3c7bfba4ec48/gnocchi.3b2d114a-829b-4d58-afae-2921f4a4900f/1763640000.0_mean_300.0_v3" "txfaef91bf6e8b42b3af203-0069204636" "proxy-server 20" 0.0241 "-" 25 0
Nov 21 11:00:06 standalone proxy-server[130074]: 172.18.0.2 172.18.0.100 21/Nov/2025/11/00/06 PUT /v1/AUTH_0cecc8fadb4145d4bfca3c7bfba4ec48/gnocchi.3b2d114a-829b-4d58-afae-2921f4a4900f/1763640000.0_mean_300.0_v3 HTTP/1.0 201 - python-swiftclient-3.11.1 gAAAAABpIEX0NxMs... 16 - - txfaef91bf6e8b42b3af203-0069204636 - 0.0320 - - 1763722806.848028421 1763722806.880018950 0
Nov 21 11:00:06 standalone container-server[128062]: 172.20.0.100 - - [21/Nov/2025:11:00:06 +0000] "PUT /d1/637/AUTH_0cecc8fadb4145d4bfca3c7bfba4ec48/gnocchi.3b2d114a-829b-4d58-afae-2921f4a4900f/none_v3" 201 - "PUT http://172.18.0.2:8080/d1/1019/AUTH_0cecc8fadb4145d4bfca3c7bfba4ec48/gnocchi.3b2d114a-829b-4d58-afae-2921f4a4900f/none_v3" "tx417b7f966c624960afc0d-0069204636" "object-server 22" 0.0009 "-" 22 0
Nov 21 11:00:06 standalone object-server[128266]: 172.20.0.100 - - [21/Nov/2025:11:00:06 +0000] "PUT /d1/1019/AUTH_0cecc8fadb4145d4bfca3c7bfba4ec48/gnocchi.3b2d114a-829b-4d58-afae-2921f4a4900f/none_v3" 201 - "PUT http://172.18.0.2:8080/v1/AUTH_0cecc8fadb4145d4bfca3c7bfba4ec48/gnocchi.3b2d114a-829b-4d58-afae-2921f4a4900f/none_v3" "tx417b7f966c624960afc0d-0069204636" "proxy-server 20" 0.0361 "-" 22 0
Nov 21 11:00:06 standalone proxy-server[130074]: 172.18.0.2 172.18.0.100 21/Nov/2025/11/00/06 PUT /v1/AUTH_0cecc8fadb4145d4bfca3c7bfba4ec48/gnocchi.3b2d114a-829b-4d58-afae-2921f4a4900f/none_v3 HTTP/1.0 201 - python-swiftclient-3.11.1 gAAAAABpIEX0NxMs... 22 - - tx417b7f966c624960afc0d-0069204636 - 0.0457 - - 1763722806.883656025 1763722806.929363251 0
Nov 21 11:00:07 standalone container-server[128066]: 172.20.0.100 - - [21/Nov/2025:11:00:07 +0000] "HEAD /d1/547/AUTH_0cecc8fadb4145d4bfca3c7bfba4ec48/gnocchi.64af3707-d205-4d6c-90cf-f5cef124a3a3" 404 - "HEAD http://172.18.0.2:8080/v1/AUTH_0cecc8fadb4145d4bfca3c7bfba4ec48/gnocchi.64af3707-d205-4d6c-90cf-f5cef124a3a3?format=json&states=listing" "tx2ea7d6cee69e4b6c9d840-0069204637" "proxy-server 20" 0.0011 "-" 23 0
Nov 21 11:00:07 standalone object-server[128267]: 172.20.0.100 - - [21/Nov/2025:11:00:07 +0000] "GET /d1/927/AUTH_0cecc8fadb4145d4bfca3c7bfba4ec48/gnocchi.64af3707-d205-4d6c-90cf-f5cef124a3a3/none_v3" 404 70 "GET http://172.18.0.2:8080/v1/AUTH_0cecc8fadb4145d4bfca3c7bfba4ec48/gnocchi.64af3707-d205-4d6c-90cf-f5cef124a3a3/none_v3" "tx2ea7d6cee69e4b6c9d840-0069204637" "proxy-server 20" 0.0014 "-" 23 0
Nov 21 11:00:07 standalone proxy-server[130074]: 172.18.0.2 172.18.0.100 21/Nov/2025/11/00/07 GET /v1/AUTH_0cecc8fadb4145d4bfca3c7bfba4ec48/gnocchi.64af3707-d205-4d6c-90cf-f5cef124a3a3/none_v3 HTTP/1.0 404 - python-swiftclient-3.11.1 gAAAAABpIEX0NxMs... - 70 - tx2ea7d6cee69e4b6c9d840-0069204637 - 0.0686 - - 1763722807.000193596 1763722807.068836689 0
Nov 21 11:00:07 standalone account-server[127889]: 172.20.0.100 - - [21/Nov/2025:11:00:07 +0000] "PUT /d1/995/AUTH_0cecc8fadb4145d4bfca3c7bfba4ec48/gnocchi.64af3707-d205-4d6c-90cf-f5cef124a3a3" 201 - "PUT http://172.20.0.100:6001/d1/547/AUTH_0cecc8fadb4145d4bfca3c7bfba4ec48/gnocchi.64af3707-d205-4d6c-90cf-f5cef124a3a3" "txb88b38f127ac4a358ed08-0069204637" "container-server 21" 0.0092 "-" 14 0
Nov 21 11:00:07 standalone container-server[128061]: 172.20.0.100 - - [21/Nov/2025:11:00:07 +0000] "PUT /d1/547/AUTH_0cecc8fadb4145d4bfca3c7bfba4ec48/gnocchi.64af3707-d205-4d6c-90cf-f5cef124a3a3" 201 - "PUT http://172.18.0.2:8080/v1/AUTH_0cecc8fadb4145d4bfca3c7bfba4ec48/gnocchi.64af3707-d205-4d6c-90cf-f5cef124a3a3" "txb88b38f127ac4a358ed08-0069204637" "proxy-server 20" 0.0247 "-" 21 0
Nov 21 11:00:07 standalone proxy-server[130074]: 172.18.0.2 172.18.0.100 21/Nov/2025/11/00/07 PUT /v1/AUTH_0cecc8fadb4145d4bfca3c7bfba4ec48/gnocchi.64af3707-d205-4d6c-90cf-f5cef124a3a3 HTTP/1.0 201 - python-swiftclient-3.11.1 gAAAAABpIEX0NxMs... - - - txb88b38f127ac4a358ed08-0069204637 - 0.0317 - - 1763722807.073291302 1763722807.104964018 0
Nov 21 11:00:07 standalone container-server[128062]: 172.20.0.100 - - [21/Nov/2025:11:00:07 +0000] "HEAD /d1/547/AUTH_0cecc8fadb4145d4bfca3c7bfba4ec48/gnocchi.64af3707-d205-4d6c-90cf-f5cef124a3a3" 204 - "HEAD http://172.18.0.2:8080/v1/AUTH_0cecc8fadb4145d4bfca3c7bfba4ec48/gnocchi.64af3707-d205-4d6c-90cf-f5cef124a3a3?format=json&states=listing" "tx572418aeef984ce88cffb-0069204637" "proxy-server 20" 0.0037 "-" 22 0
Nov 21 11:00:07 standalone proxy-server[130074]: - - 21/Nov/2025/11/00/07 HEAD /v1/AUTH_0cecc8fadb4145d4bfca3c7bfba4ec48/gnocchi.64af3707-d205-4d6c-90cf-f5cef124a3a3%3Fformat%3Djson%26states%3Dlisting HTTP/1.0 204 - Swift - - - - tx572418aeef984ce88cffb-0069204637 - 0.0088 RL - 1763722807.111115932 1763722807.119922876 0
Nov 21 11:00:07 standalone container-server[128066]: 172.20.0.100 - - [21/Nov/2025:11:00:07 +0000] "GET /d1/547/AUTH_0cecc8fadb4145d4bfca3c7bfba4ec48/gnocchi.64af3707-d205-4d6c-90cf-f5cef124a3a3" 200 2 "GET http://172.18.0.2:8080/v1/AUTH_0cecc8fadb4145d4bfca3c7bfba4ec48/gnocchi.64af3707-d205-4d6c-90cf-f5cef124a3a3?format=json&states=listing" "tx572418aeef984ce88cffb-0069204637" "proxy-server 20" 0.0058 "-" 23 0
Nov 21 11:00:07 standalone proxy-server[130074]: 172.18.0.2 172.18.0.100 21/Nov/2025/11/00/07 GET /v1/AUTH_0cecc8fadb4145d4bfca3c7bfba4ec48/gnocchi.64af3707-d205-4d6c-90cf-f5cef124a3a3%3Fformat%3Djson%26states%3Dlisting HTTP/1.0 200 - python-swiftclient-3.11.1 gAAAAABpIEX0NxMs... - 2 - tx572418aeef984ce88cffb-0069204637 - 0.0243 - - 1763722807.110236406 1763722807.134536028 0
Nov 21 11:00:07 standalone object-server[128266]: 172.20.0.100 - - [21/Nov/2025:11:00:07 +0000] "GET /d1/12/AUTH_0cecc8fadb4145d4bfca3c7bfba4ec48/gnocchi.64af3707-d205-4d6c-90cf-f5cef124a3a3/1763640000.0_mean_300.0_v3" 404 70 "GET http://172.18.0.2:8080/v1/AUTH_0cecc8fadb4145d4bfca3c7bfba4ec48/gnocchi.64af3707-d205-4d6c-90cf-f5cef124a3a3/1763640000.0_mean_300.0_v3" "tx1134ed587a4e4b319ccb0-0069204637" "proxy-server 20" 0.0006 "-" 22 0
Nov 21 11:00:07 standalone proxy-server[130074]: 172.18.0.2 172.18.0.100 21/Nov/2025/11/00/07 GET /v1/AUTH_0cecc8fadb4145d4bfca3c7bfba4ec48/gnocchi.64af3707-d205-4d6c-90cf-f5cef124a3a3/1763640000.0_mean_300.0_v3 HTTP/1.0 404 - python-swiftclient-3.11.1 gAAAAABpIEX0NxMs... - 70 - tx1134ed587a4e4b319ccb0-0069204637 - 0.0072 - - 1763722807.145545959 1763722807.152735472 0
Nov 21 11:00:07 standalone container-server[128061]: 172.20.0.100 - - [21/Nov/2025:11:00:07 +0000] "PUT /d1/547/AUTH_0cecc8fadb4145d4bfca3c7bfba4ec48/gnocchi.64af3707-d205-4d6c-90cf-f5cef124a3a3/1763640000.0_mean_300.0_v3" 201 - "PUT http://172.18.0.2:8080/d1/12/AUTH_0cecc8fadb4145d4bfca3c7bfba4ec48/gnocchi.64af3707-d205-4d6c-90cf-f5cef124a3a3/1763640000.0_mean_300.0_v3" "tx4e59575d175a4aff974f8-0069204637" "object-server 22" 0.0007 "-" 21 0
Nov 21 11:00:07 standalone object-server[128266]: 172.20.0.100 - - [21/Nov/2025:11:00:07 +0000] "PUT /d1/12/AUTH_0cecc8fadb4145d4bfca3c7bfba4ec48/gnocchi.64af3707-d205-4d6c-90cf-f5cef124a3a3/1763640000.0_mean_300.0_v3" 201 - "PUT http://172.18.0.2:8080/v1/AUTH_0cecc8fadb4145d4bfca3c7bfba4ec48/gnocchi.64af3707-d205-4d6c-90cf-f5cef124a3a3/1763640000.0_mean_300.0_v3" "tx4e59575d175a4aff974f8-0069204637" "proxy-server 20" 0.0169 "-" 22 0
Nov 21 11:00:07 standalone proxy-server[130074]: 172.18.0.2 172.18.0.100 21/Nov/2025/11/00/07 PUT /v1/AUTH_0cecc8fadb4145d4bfca3c7bfba4ec48/gnocchi.64af3707-d205-4d6c-90cf-f5cef124a3a3/1763640000.0_mean_300.0_v3 HTTP/1.0 201 - python-swiftclient-3.11.1 gAAAAABpIEX0NxMs... 16 - - tx4e59575d175a4aff974f8-0069204637 - 0.0314 - - 1763722807.167645216 1763722807.199068069 0
Nov 21 11:00:07 standalone container-server[128066]: 172.20.0.100 - - [21/Nov/2025:11:00:07 +0000] "PUT /d1/547/AUTH_0cecc8fadb4145d4bfca3c7bfba4ec48/gnocchi.64af3707-d205-4d6c-90cf-f5cef124a3a3/none_v3" 201 - "PUT http://172.18.0.2:8080/d1/927/AUTH_0cecc8fadb4145d4bfca3c7bfba4ec48/gnocchi.64af3707-d205-4d6c-90cf-f5cef124a3a3/none_v3" "tx7198870b32424bd4b2d2d-0069204637" "object-server 24" 0.0015 "-" 23 0
Nov 21 11:00:07 standalone object-server[128268]: 172.20.0.100 - - [21/Nov/2025:11:00:07 +0000] "PUT /d1/927/AUTH_0cecc8fadb4145d4bfca3c7bfba4ec48/gnocchi.64af3707-d205-4d6c-90cf-f5cef124a3a3/none_v3" 201 - "PUT http://172.18.0.2:8080/v1/AUTH_0cecc8fadb4145d4bfca3c7bfba4ec48/gnocchi.64af3707-d205-4d6c-90cf-f5cef124a3a3/none_v3" "tx7198870b32424bd4b2d2d-0069204637" "proxy-server 20" 0.0195 "-" 24 0
Nov 21 11:00:07 standalone proxy-server[130074]: 172.18.0.2 172.18.0.100 21/Nov/2025/11/00/07 PUT /v1/AUTH_0cecc8fadb4145d4bfca3c7bfba4ec48/gnocchi.64af3707-d205-4d6c-90cf-f5cef124a3a3/none_v3 HTTP/1.0 201 - python-swiftclient-3.11.1 gAAAAABpIEX0NxMs... 22 - - tx7198870b32424bd4b2d2d-0069204637 - 0.0295 - - 1763722807.201969385 1763722807.231425047 0
Nov 21 11:00:07 standalone container-server[128060]: 172.20.0.100 - - [21/Nov/2025:11:00:07 +0000] "HEAD /d1/885/AUTH_0cecc8fadb4145d4bfca3c7bfba4ec48/gnocchi.72719bd4-0cfa-49f6-bfea-a57466b727cb" 404 - "HEAD http://172.18.0.2:8080/v1/AUTH_0cecc8fadb4145d4bfca3c7bfba4ec48/gnocchi.72719bd4-0cfa-49f6-bfea-a57466b727cb?format=json&states=listing" "txc031b826719546638f746-0069204637" "proxy-server 20" 0.0004 "-" 20 0
Nov 21 11:00:07 standalone object-server[128266]: 172.20.0.100 - - [21/Nov/2025:11:00:07 +0000] "GET /d1/73/AUTH_0cecc8fadb4145d4bfca3c7bfba4ec48/gnocchi.72719bd4-0cfa-49f6-bfea-a57466b727cb/none_v3" 404 70 "GET http://172.18.0.2:8080/v1/AUTH_0cecc8fadb4145d4bfca3c7bfba4ec48/gnocchi.72719bd4-0cfa-49f6-bfea-a57466b727cb/none_v3" "txc031b826719546638f746-0069204637" "proxy-server 20" 0.0008 "-" 22 0
Nov 21 11:00:07 standalone proxy-server[130074]: 172.18.0.2 172.18.0.100 21/Nov/2025/11/00/07 GET /v1/AUTH_0cecc8fadb4145d4bfca3c7bfba4ec48/gnocchi.72719bd4-0cfa-49f6-bfea-a57466b727cb/none_v3 HTTP/1.0 404 - python-swiftclient-3.11.1 gAAAAABpIEX0NxMs... - 70 - txc031b826719546638f746-0069204637 - 0.0140 - - 1763722807.349285841 1763722807.363257647 0
Nov 21 11:00:07 standalone account-server[127901]: 172.20.0.100 - - [21/Nov/2025:11:00:07 +0000] "PUT /d1/995/AUTH_0cecc8fadb4145d4bfca3c7bfba4ec48/gnocchi.72719bd4-0cfa-49f6-bfea-a57466b727cb" 201 - "PUT http://172.20.0.100:6001/d1/885/AUTH_0cecc8fadb4145d4bfca3c7bfba4ec48/gnocchi.72719bd4-0cfa-49f6-bfea-a57466b727cb" "tx2337ec992045496b9af8d-0069204637" "container-server 20" 0.0064 "-" 15 0
Nov 21 11:00:07 standalone container-server[128060]: 172.20.0.100 - - [21/Nov/2025:11:00:07 +0000] "PUT /d1/885/AUTH_0cecc8fadb4145d4bfca3c7bfba4ec48/gnocchi.72719bd4-0cfa-49f6-bfea-a57466b727cb" 201 - "PUT http://172.18.0.2:8080/v1/AUTH_0cecc8fadb4145d4bfca3c7bfba4ec48/gnocchi.72719bd4-0cfa-49f6-bfea-a57466b727cb" "tx2337ec992045496b9af8d-0069204637" "proxy-server 20" 0.0188 "-" 20 0
Nov 21 11:00:07 standalone proxy-server[130074]: 172.18.0.2 172.18.0.100 21/Nov/2025/11/00/07 PUT /v1/AUTH_0cecc8fadb4145d4bfca3c7bfba4ec48/gnocchi.72719bd4-0cfa-49f6-bfea-a57466b727cb HTTP/1.0 201 - python-swiftclient-3.11.1 gAAAAABpIEX0NxMs... - - - tx2337ec992045496b9af8d-0069204637 - 0.0263 - - 1763722807.366746664 1763722807.392998934 0
Nov 21 11:00:07 standalone container-server[128060]: 172.20.0.100 - - [21/Nov/2025:11:00:07 +0000] "HEAD /d1/885/AUTH_0cecc8fadb4145d4bfca3c7bfba4ec48/gnocchi.72719bd4-0cfa-49f6-bfea-a57466b727cb" 204 - "HEAD http://172.18.0.2:8080/v1/AUTH_0cecc8fadb4145d4bfca3c7bfba4ec48/gnocchi.72719bd4-0cfa-49f6-bfea-a57466b727cb?format=json&states=listing" "txdad0e8fe78f242aba858e-0069204637" "proxy-server 20" 0.0015 "-" 20 0
Nov 21 11:00:07 standalone proxy-server[130074]: - - 21/Nov/2025/11/00/07 HEAD /v1/AUTH_0cecc8fadb4145d4bfca3c7bfba4ec48/gnocchi.72719bd4-0cfa-49f6-bfea-a57466b727cb%3Fformat%3Djson%26states%3Dlisting HTTP/1.0 204 - Swift - - - - txdad0e8fe78f242aba858e-0069204637 - 0.0065 RL - 1763722807.404647112 1763722807.411140680 0
Nov 21 11:00:07 standalone container-server[128061]: 172.20.0.100 - - [21/Nov/2025:11:00:07 +0000] "GET /d1/885/AUTH_0cecc8fadb4145d4bfca3c7bfba4ec48/gnocchi.72719bd4-0cfa-49f6-bfea-a57466b727cb" 200 2 "GET http://172.18.0.2:8080/v1/AUTH_0cecc8fadb4145d4bfca3c7bfba4ec48/gnocchi.72719bd4-0cfa-49f6-bfea-a57466b727cb?format=json&states=listing" "txdad0e8fe78f242aba858e-0069204637" "proxy-server 20" 0.0025 "-" 21 0
Nov 21 11:00:07 standalone proxy-server[130074]: 172.18.0.2 172.18.0.100 21/Nov/2025/11/00/07 GET /v1/AUTH_0cecc8fadb4145d4bfca3c7bfba4ec48/gnocchi.72719bd4-0cfa-49f6-bfea-a57466b727cb%3Fformat%3Djson%26states%3Dlisting HTTP/1.0 200 - python-swiftclient-3.11.1 gAAAAABpIEX0NxMs... - 2 - txdad0e8fe78f242aba858e-0069204637 - 0.0211 - - 1763722807.401745558 1763722807.422832727 0
Nov 21 11:00:07 standalone object-server[128267]: 172.20.0.100 - - [21/Nov/2025:11:00:07 +0000] "GET /d1/650/AUTH_0cecc8fadb4145d4bfca3c7bfba4ec48/gnocchi.72719bd4-0cfa-49f6-bfea-a57466b727cb/1763640000.0_mean_300.0_v3" 404 70 "GET http://172.18.0.2:8080/v1/AUTH_0cecc8fadb4145d4bfca3c7bfba4ec48/gnocchi.72719bd4-0cfa-49f6-bfea-a57466b727cb/1763640000.0_mean_300.0_v3" "txfdf4762fac224495aa741-0069204637" "proxy-server 20" 0.0004 "-" 23 0
Nov 21 11:00:07 standalone proxy-server[130074]: 172.18.0.2 172.18.0.100 21/Nov/2025/11/00/07 GET /v1/AUTH_0cecc8fadb4145d4bfca3c7bfba4ec48/gnocchi.72719bd4-0cfa-49f6-bfea-a57466b727cb/1763640000.0_mean_300.0_v3 HTTP/1.0 404 - python-swiftclient-3.11.1 gAAAAABpIEX0NxMs... - 70 - txfdf4762fac224495aa741-0069204637 - 0.0054 - - 1763722807.427587748 1763722807.433035851 0
Nov 21 11:00:07 standalone container-server[128061]: 172.20.0.100 - - [21/Nov/2025:11:00:07 +0000] "PUT /d1/885/AUTH_0cecc8fadb4145d4bfca3c7bfba4ec48/gnocchi.72719bd4-0cfa-49f6-bfea-a57466b727cb/1763640000.0_mean_300.0_v3" 201 - "PUT http://172.18.0.2:8080/d1/650/AUTH_0cecc8fadb4145d4bfca3c7bfba4ec48/gnocchi.72719bd4-0cfa-49f6-bfea-a57466b727cb/1763640000.0_mean_300.0_v3" "tx5becd177e2c6417884df1-0069204637" "object-server 22" 0.0008 "-" 21 0
Nov 21 11:00:07 standalone object-server[128266]: 172.20.0.100 - - [21/Nov/2025:11:00:07 +0000] "PUT /d1/650/AUTH_0cecc8fadb4145d4bfca3c7bfba4ec48/gnocchi.72719bd4-0cfa-49f6-bfea-a57466b727cb/1763640000.0_mean_300.0_v3" 201 - "PUT http://172.18.0.2:8080/v1/AUTH_0cecc8fadb4145d4bfca3c7bfba4ec48/gnocchi.72719bd4-0cfa-49f6-bfea-a57466b727cb/1763640000.0_mean_300.0_v3" "tx5becd177e2c6417884df1-0069204637" "proxy-server 20" 0.0128 "-" 22 0
Nov 21 11:00:07 standalone proxy-server[130074]: 172.18.0.2 172.18.0.100 21/Nov/2025/11/00/07 PUT /v1/AUTH_0cecc8fadb4145d4bfca3c7bfba4ec48/gnocchi.72719bd4-0cfa-49f6-bfea-a57466b727cb/1763640000.0_mean_300.0_v3 HTTP/1.0 201 - python-swiftclient-3.11.1 gAAAAABpIEX0NxMs... 16 - - tx5becd177e2c6417884df1-0069204637 - 0.0191 - - 1763722807.436271191 1763722807.455334187 0
Nov 21 11:00:07 standalone container-server[128066]: 172.20.0.100 - - [21/Nov/2025:11:00:07 +0000] "PUT /d1/885/AUTH_0cecc8fadb4145d4bfca3c7bfba4ec48/gnocchi.72719bd4-0cfa-49f6-bfea-a57466b727cb/none_v3" 201 - "PUT http://172.18.0.2:8080/d1/73/AUTH_0cecc8fadb4145d4bfca3c7bfba4ec48/gnocchi.72719bd4-0cfa-49f6-bfea-a57466b727cb/none_v3" "tx24891defb0c44bb89a506-0069204637" "object-server 25" 0.0007 "-" 23 0
Nov 21 11:00:07 standalone object-server[128269]: 172.20.0.100 - - [21/Nov/2025:11:00:07 +0000] "PUT /d1/73/AUTH_0cecc8fadb4145d4bfca3c7bfba4ec48/gnocchi.72719bd4-0cfa-49f6-bfea-a57466b727cb/none_v3" 201 - "PUT http://172.18.0.2:8080/v1/AUTH_0cecc8fadb4145d4bfca3c7bfba4ec48/gnocchi.72719bd4-0cfa-49f6-bfea-a57466b727cb/none_v3" "tx24891defb0c44bb89a506-0069204637" "proxy-server 20" 0.0124 "-" 25 0
Nov 21 11:00:07 standalone proxy-server[130074]: 172.18.0.2 172.18.0.100 21/Nov/2025/11/00/07 PUT /v1/AUTH_0cecc8fadb4145d4bfca3c7bfba4ec48/gnocchi.72719bd4-0cfa-49f6-bfea-a57466b727cb/none_v3 HTTP/1.0 201 - python-swiftclient-3.11.1 gAAAAABpIEX0NxMs... 22 - - tx24891defb0c44bb89a506-0069204637 - 0.0193 - - 1763722807.458112240 1763722807.477387190 0
Nov 21 11:00:07 standalone container-server[128066]: 172.20.0.100 - - [21/Nov/2025:11:00:07 +0000] "HEAD /d1/46/AUTH_0cecc8fadb4145d4bfca3c7bfba4ec48/gnocchi.c3f18bab-75a5-4cdf-8300-0a4b03a2b2fa" 404 - "HEAD http://172.18.0.2:8080/v1/AUTH_0cecc8fadb4145d4bfca3c7bfba4ec48/gnocchi.c3f18bab-75a5-4cdf-8300-0a4b03a2b2fa?format=json&states=listing" "tx20304c5170284aadbfc50-0069204637" "proxy-server 20" 0.0006 "-" 23 0
Nov 21 11:00:07 standalone object-server[128268]: 172.20.0.100 - - [21/Nov/2025:11:00:07 +0000] "GET /d1/528/AUTH_0cecc8fadb4145d4bfca3c7bfba4ec48/gnocchi.c3f18bab-75a5-4cdf-8300-0a4b03a2b2fa/none_v3" 404 70 "GET http://172.18.0.2:8080/v1/AUTH_0cecc8fadb4145d4bfca3c7bfba4ec48/gnocchi.c3f18bab-75a5-4cdf-8300-0a4b03a2b2fa/none_v3" "tx20304c5170284aadbfc50-0069204637" "proxy-server 20" 0.0003 "-" 24 0
Nov 21 11:00:07 standalone proxy-server[130074]: 172.18.0.2 172.18.0.100 21/Nov/2025/11/00/07 GET /v1/AUTH_0cecc8fadb4145d4bfca3c7bfba4ec48/gnocchi.c3f18bab-75a5-4cdf-8300-0a4b03a2b2fa/none_v3 HTTP/1.0 404 - python-swiftclient-3.11.1 gAAAAABpIEX0NxMs... - 70 - tx20304c5170284aadbfc50-0069204637 - 0.0371 - - 1763722807.578722715 1763722807.615814447 0
Nov 21 11:00:07 standalone account-server[127934]: 172.20.0.100 - - [21/Nov/2025:11:00:07 +0000] "PUT /d1/995/AUTH_0cecc8fadb4145d4bfca3c7bfba4ec48/gnocchi.c3f18bab-75a5-4cdf-8300-0a4b03a2b2fa" 201 - "PUT http://172.20.0.100:6001/d1/46/AUTH_0cecc8fadb4145d4bfca3c7bfba4ec48/gnocchi.c3f18bab-75a5-4cdf-8300-0a4b03a2b2fa" "tx98d85128fb0442e8bffd2-0069204637" "container-server 21" 0.0055 "-" 17 0
Nov 21 11:00:07 standalone container-server[128061]: 172.20.0.100 - - [21/Nov/2025:11:00:07 +0000] "PUT /d1/46/AUTH_0cecc8fadb4145d4bfca3c7bfba4ec48/gnocchi.c3f18bab-75a5-4cdf-8300-0a4b03a2b2fa" 201 - "PUT http://172.18.0.2:8080/v1/AUTH_0cecc8fadb4145d4bfca3c7bfba4ec48/gnocchi.c3f18bab-75a5-4cdf-8300-0a4b03a2b2fa" "tx98d85128fb0442e8bffd2-0069204637" "proxy-server 20" 0.0203 "-" 21 0
Nov 21 11:00:07 standalone proxy-server[130074]: 172.18.0.2 172.18.0.100 21/Nov/2025/11/00/07 PUT /v1/AUTH_0cecc8fadb4145d4bfca3c7bfba4ec48/gnocchi.c3f18bab-75a5-4cdf-8300-0a4b03a2b2fa HTTP/1.0 201 - python-swiftclient-3.11.1 gAAAAABpIEX0NxMs... - - - tx98d85128fb0442e8bffd2-0069204637 - 0.0295 - - 1763722807.619567633 1763722807.649031878 0
Nov 21 11:00:07 standalone container-server[128060]: 172.20.0.100 - - [21/Nov/2025:11:00:07 +0000] "HEAD /d1/46/AUTH_0cecc8fadb4145d4bfca3c7bfba4ec48/gnocchi.c3f18bab-75a5-4cdf-8300-0a4b03a2b2fa" 204 - "HEAD http://172.18.0.2:8080/v1/AUTH_0cecc8fadb4145d4bfca3c7bfba4ec48/gnocchi.c3f18bab-75a5-4cdf-8300-0a4b03a2b2fa?format=json&states=listing" "txde0a3db3e2c54fa6bbbc7-0069204637" "proxy-server 20" 0.0015 "-" 20 0
Nov 21 11:00:07 standalone proxy-server[130074]: - - 21/Nov/2025/11/00/07 HEAD /v1/AUTH_0cecc8fadb4145d4bfca3c7bfba4ec48/gnocchi.c3f18bab-75a5-4cdf-8300-0a4b03a2b2fa%3Fformat%3Djson%26states%3Dlisting HTTP/1.0 204 - Swift - - - - txde0a3db3e2c54fa6bbbc7-0069204637 - 0.0055 RL - 1763722807.657884121 1763722807.663369656 0
Nov 21 11:00:07 standalone container-server[128062]: 172.20.0.100 - - [21/Nov/2025:11:00:07 +0000] "GET /d1/46/AUTH_0cecc8fadb4145d4bfca3c7bfba4ec48/gnocchi.c3f18bab-75a5-4cdf-8300-0a4b03a2b2fa" 200 2 "GET http://172.18.0.2:8080/v1/AUTH_0cecc8fadb4145d4bfca3c7bfba4ec48/gnocchi.c3f18bab-75a5-4cdf-8300-0a4b03a2b2fa?format=json&states=listing" "txde0a3db3e2c54fa6bbbc7-0069204637" "proxy-server 20" 0.0019 "-" 22 0
Nov 21 11:00:07 standalone proxy-server[130074]: 172.18.0.2 172.18.0.100 21/Nov/2025/11/00/07 GET /v1/AUTH_0cecc8fadb4145d4bfca3c7bfba4ec48/gnocchi.c3f18bab-75a5-4cdf-8300-0a4b03a2b2fa%3Fformat%3Djson%26states%3Dlisting HTTP/1.0 200 - python-swiftclient-3.11.1 gAAAAABpIEX0NxMs... - 2 - txde0a3db3e2c54fa6bbbc7-0069204637 - 0.0211 - - 1763722807.656158686 1763722807.677270174 0
Nov 21 11:00:07 standalone object-server[128269]: 172.20.0.100 - - [21/Nov/2025:11:00:07 +0000] "GET /d1/491/AUTH_0cecc8fadb4145d4bfca3c7bfba4ec48/gnocchi.c3f18bab-75a5-4cdf-8300-0a4b03a2b2fa/1763640000.0_mean_300.0_v3" 404 70 "GET http://172.18.0.2:8080/v1/AUTH_0cecc8fadb4145d4bfca3c7bfba4ec48/gnocchi.c3f18bab-75a5-4cdf-8300-0a4b03a2b2fa/1763640000.0_mean_300.0_v3" "tx6702ce5398ce44bb830c9-0069204637" "proxy-server 20" 0.0005 "-" 25 0
Nov 21 11:00:07 standalone proxy-server[130074]: 172.18.0.2 172.18.0.100 21/Nov/2025/11/00/07 GET /v1/AUTH_0cecc8fadb4145d4bfca3c7bfba4ec48/gnocchi.c3f18bab-75a5-4cdf-8300-0a4b03a2b2fa/1763640000.0_mean_300.0_v3 HTTP/1.0 404 - python-swiftclient-3.11.1 gAAAAABpIEX0NxMs... - 70 - tx6702ce5398ce44bb830c9-0069204637 - 0.0070 - - 1763722807.683693647 1763722807.690699339 0
Nov 21 11:00:07 standalone container-server[128066]: 172.20.0.100 - - [21/Nov/2025:11:00:07 +0000] "PUT /d1/46/AUTH_0cecc8fadb4145d4bfca3c7bfba4ec48/gnocchi.c3f18bab-75a5-4cdf-8300-0a4b03a2b2fa/1763640000.0_mean_300.0_v3" 201 - "PUT http://172.18.0.2:8080/d1/491/AUTH_0cecc8fadb4145d4bfca3c7bfba4ec48/gnocchi.c3f18bab-75a5-4cdf-8300-0a4b03a2b2fa/1763640000.0_mean_300.0_v3" "tx4b7c65a20acc4f7bb7baa-0069204637" "object-server 25" 0.0015 "-" 23 0
Nov 21 11:00:07 standalone object-server[128269]: 172.20.0.100 - - [21/Nov/2025:11:00:07 +0000] "PUT /d1/491/AUTH_0cecc8fadb4145d4bfca3c7bfba4ec48/gnocchi.c3f18bab-75a5-4cdf-8300-0a4b03a2b2fa/1763640000.0_mean_300.0_v3" 201 - "PUT http://172.18.0.2:8080/v1/AUTH_0cecc8fadb4145d4bfca3c7bfba4ec48/gnocchi.c3f18bab-75a5-4cdf-8300-0a4b03a2b2fa/1763640000.0_mean_300.0_v3" "tx4b7c65a20acc4f7bb7baa-0069204637" "proxy-server 20" 0.0137 "-" 25 0
Nov 21 11:00:07 standalone proxy-server[130074]: 172.18.0.2 172.18.0.100 21/Nov/2025/11/00/07 PUT /v1/AUTH_0cecc8fadb4145d4bfca3c7bfba4ec48/gnocchi.c3f18bab-75a5-4cdf-8300-0a4b03a2b2fa/1763640000.0_mean_300.0_v3 HTTP/1.0 201 - python-swiftclient-3.11.1 gAAAAABpIEX0NxMs... 16 - - tx4b7c65a20acc4f7bb7baa-0069204637 - 0.0269 - - 1763722807.696566582 1763722807.723490000 0
Nov 21 11:00:07 standalone container-server[128066]: 172.20.0.100 - - [21/Nov/2025:11:00:07 +0000] "PUT /d1/46/AUTH_0cecc8fadb4145d4bfca3c7bfba4ec48/gnocchi.c3f18bab-75a5-4cdf-8300-0a4b03a2b2fa/none_v3" 201 - "PUT http://172.18.0.2:8080/d1/528/AUTH_0cecc8fadb4145d4bfca3c7bfba4ec48/gnocchi.c3f18bab-75a5-4cdf-8300-0a4b03a2b2fa/none_v3" "tx3767f38a24324201a8734-0069204637" "object-server 24" 0.0009 "-" 23 0
Nov 21 11:00:07 standalone object-server[128268]: 172.20.0.100 - - [21/Nov/2025:11:00:07 +0000] "PUT /d1/528/AUTH_0cecc8fadb4145d4bfca3c7bfba4ec48/gnocchi.c3f18bab-75a5-4cdf-8300-0a4b03a2b2fa/none_v3" 201 - "PUT http://172.18.0.2:8080/v1/AUTH_0cecc8fadb4145d4bfca3c7bfba4ec48/gnocchi.c3f18bab-75a5-4cdf-8300-0a4b03a2b2fa/none_v3" "tx3767f38a24324201a8734-0069204637" "proxy-server 20" 0.0169 "-" 24 0
Nov 21 11:00:07 standalone proxy-server[130074]: 172.18.0.2 172.18.0.100 21/Nov/2025/11/00/07 PUT /v1/AUTH_0cecc8fadb4145d4bfca3c7bfba4ec48/gnocchi.c3f18bab-75a5-4cdf-8300-0a4b03a2b2fa/none_v3 HTTP/1.0 201 - python-swiftclient-3.11.1 gAAAAABpIEX0NxMs... 22 - - tx3767f38a24324201a8734-0069204637 - 0.0275 - - 1763722807.727718115 1763722807.755185604 0
Nov 21 11:00:35 standalone container-server[128062]: 172.20.0.100 - - [21/Nov/2025:11:00:35 +0000] "HEAD /d1/490/AUTH_0cecc8fadb4145d4bfca3c7bfba4ec48/gnocchi.46034511-6183-4029-9ba9-1f390672a99a" 404 - "HEAD http://172.18.0.2:8080/v1/AUTH_0cecc8fadb4145d4bfca3c7bfba4ec48/gnocchi.46034511-6183-4029-9ba9-1f390672a99a?format=json&states=listing" "tx46bea229aca9448494e95-0069204653" "proxy-server 20" 0.0008 "-" 22 0
Nov 21 11:00:35 standalone object-server[128269]: 172.20.0.100 - - [21/Nov/2025:11:00:35 +0000] "GET /d1/487/AUTH_0cecc8fadb4145d4bfca3c7bfba4ec48/gnocchi.46034511-6183-4029-9ba9-1f390672a99a/none_v3" 404 70 "GET http://172.18.0.2:8080/v1/AUTH_0cecc8fadb4145d4bfca3c7bfba4ec48/gnocchi.46034511-6183-4029-9ba9-1f390672a99a/none_v3" "tx46bea229aca9448494e95-0069204653" "proxy-server 20" 0.0005 "-" 25 0
Nov 21 11:00:35 standalone proxy-server[130074]: 172.18.0.2 172.18.0.100 21/Nov/2025/11/00/35 GET /v1/AUTH_0cecc8fadb4145d4bfca3c7bfba4ec48/gnocchi.46034511-6183-4029-9ba9-1f390672a99a/none_v3 HTTP/1.0 404 - python-swiftclient-3.11.1 gAAAAABpIEX0NxMs... - 70 - tx46bea229aca9448494e95-0069204653 - 0.0102 - - 1763722835.759683847 1763722835.769888163 0
Nov 21 11:00:35 standalone account-server[127934]: 172.20.0.100 - - [21/Nov/2025:11:00:35 +0000] "PUT /d1/995/AUTH_0cecc8fadb4145d4bfca3c7bfba4ec48/gnocchi.46034511-6183-4029-9ba9-1f390672a99a" 201 - "PUT http://172.20.0.100:6001/d1/490/AUTH_0cecc8fadb4145d4bfca3c7bfba4ec48/gnocchi.46034511-6183-4029-9ba9-1f390672a99a" "tx24a414fe48fb4ddc8ae0a-0069204653" "container-server 20" 0.0061 "-" 17 0
Nov 21 11:00:35 standalone container-server[128060]: 172.20.0.100 - - [21/Nov/2025:11:00:35 +0000] "PUT /d1/490/AUTH_0cecc8fadb4145d4bfca3c7bfba4ec48/gnocchi.46034511-6183-4029-9ba9-1f390672a99a" 201 - "PUT http://172.18.0.2:8080/v1/AUTH_0cecc8fadb4145d4bfca3c7bfba4ec48/gnocchi.46034511-6183-4029-9ba9-1f390672a99a" "tx24a414fe48fb4ddc8ae0a-0069204653" "proxy-server 20" 0.0468 "-" 20 0
Nov 21 11:00:35 standalone proxy-server[130074]: 172.18.0.2 172.18.0.100 21/Nov/2025/11/00/35 PUT /v1/AUTH_0cecc8fadb4145d4bfca3c7bfba4ec48/gnocchi.46034511-6183-4029-9ba9-1f390672a99a HTTP/1.0 201 - python-swiftclient-3.11.1 gAAAAABpIEX0NxMs... - - - tx24a414fe48fb4ddc8ae0a-0069204653 - 0.0520 - - 1763722835.773351908 1763722835.825346470 0
Nov 21 11:00:35 standalone container-server[128061]: 172.20.0.100 - - [21/Nov/2025:11:00:35 +0000] "HEAD /d1/490/AUTH_0cecc8fadb4145d4bfca3c7bfba4ec48/gnocchi.46034511-6183-4029-9ba9-1f390672a99a" 204 - "HEAD http://172.18.0.2:8080/v1/AUTH_0cecc8fadb4145d4bfca3c7bfba4ec48/gnocchi.46034511-6183-4029-9ba9-1f390672a99a?format=json&states=listing" "tx81900f20d8c4404ca06df-0069204653" "proxy-server 20" 0.0016 "-" 21 0
Nov 21 11:00:35 standalone proxy-server[130074]: - - 21/Nov/2025/11/00/35 HEAD /v1/AUTH_0cecc8fadb4145d4bfca3c7bfba4ec48/gnocchi.46034511-6183-4029-9ba9-1f390672a99a%3Fformat%3Djson%26states%3Dlisting HTTP/1.0 204 - Swift - - - - tx81900f20d8c4404ca06df-0069204653 - 0.0050 RL - 1763722835.830358982 1763722835.835353851 0
Nov 21 11:00:35 standalone container-server[128066]: 172.20.0.100 - - [21/Nov/2025:11:00:35 +0000] "GET /d1/490/AUTH_0cecc8fadb4145d4bfca3c7bfba4ec48/gnocchi.46034511-6183-4029-9ba9-1f390672a99a" 200 2 "GET http://172.18.0.2:8080/v1/AUTH_0cecc8fadb4145d4bfca3c7bfba4ec48/gnocchi.46034511-6183-4029-9ba9-1f390672a99a?format=json&states=listing" "tx81900f20d8c4404ca06df-0069204653" "proxy-server 20" 0.0040 "-" 23 0
Nov 21 11:00:35 standalone proxy-server[130074]: 172.18.0.2 172.18.0.100 21/Nov/2025/11/00/35 GET /v1/AUTH_0cecc8fadb4145d4bfca3c7bfba4ec48/gnocchi.46034511-6183-4029-9ba9-1f390672a99a%3Fformat%3Djson%26states%3Dlisting HTTP/1.0 200 - python-swiftclient-3.11.1 gAAAAABpIEX0NxMs... - 2 - tx81900f20d8c4404ca06df-0069204653 - 0.0177 - - 1763722835.829320192 1763722835.846987486 0
Nov 21 11:00:35 standalone object-server[128268]: 172.20.0.100 - - [21/Nov/2025:11:00:35 +0000] "GET /d1/410/AUTH_0cecc8fadb4145d4bfca3c7bfba4ec48/gnocchi.46034511-6183-4029-9ba9-1f390672a99a/1763640000.0_mean_300.0_v3" 404 70 "GET http://172.18.0.2:8080/v1/AUTH_0cecc8fadb4145d4bfca3c7bfba4ec48/gnocchi.46034511-6183-4029-9ba9-1f390672a99a/1763640000.0_mean_300.0_v3" "tx74864eb3c212439ea845e-0069204653" "proxy-server 20" 0.0004 "-" 24 0
Nov 21 11:00:35 standalone proxy-server[130074]: 172.18.0.2 172.18.0.100 21/Nov/2025/11/00/35 GET /v1/AUTH_0cecc8fadb4145d4bfca3c7bfba4ec48/gnocchi.46034511-6183-4029-9ba9-1f390672a99a/1763640000.0_mean_300.0_v3 HTTP/1.0 404 - python-swiftclient-3.11.1 gAAAAABpIEX0NxMs... - 70 - tx74864eb3c212439ea845e-0069204653 - 0.0093 - - 1763722835.852268457 1763722835.861595631 0
Nov 21 11:00:35 standalone container-server[128062]: 172.20.0.100 - - [21/Nov/2025:11:00:35 +0000] "PUT /d1/490/AUTH_0cecc8fadb4145d4bfca3c7bfba4ec48/gnocchi.46034511-6183-4029-9ba9-1f390672a99a/1763640000.0_mean_300.0_v3" 201 - "PUT http://172.18.0.2:8080/d1/410/AUTH_0cecc8fadb4145d4bfca3c7bfba4ec48/gnocchi.46034511-6183-4029-9ba9-1f390672a99a/1763640000.0_mean_300.0_v3" "txa7472adce3b14a92915b9-0069204653" "object-server 24" 0.0008 "-" 22 0
Nov 21 11:00:35 standalone object-server[128268]: 172.20.0.100 - - [21/Nov/2025:11:00:35 +0000] "PUT /d1/410/AUTH_0cecc8fadb4145d4bfca3c7bfba4ec48/gnocchi.46034511-6183-4029-9ba9-1f390672a99a/1763640000.0_mean_300.0_v3" 201 - "PUT http://172.18.0.2:8080/v1/AUTH_0cecc8fadb4145d4bfca3c7bfba4ec48/gnocchi.46034511-6183-4029-9ba9-1f390672a99a/1763640000.0_mean_300.0_v3" "txa7472adce3b14a92915b9-0069204653" "proxy-server 20" 0.0145 "-" 24 0
Nov 21 11:00:35 standalone proxy-server[130074]: 172.18.0.2 172.18.0.100 21/Nov/2025/11/00/35 PUT /v1/AUTH_0cecc8fadb4145d4bfca3c7bfba4ec48/gnocchi.46034511-6183-4029-9ba9-1f390672a99a/1763640000.0_mean_300.0_v3 HTTP/1.0 201 - python-swiftclient-3.11.1 gAAAAABpIEX0NxMs... 16 - - txa7472adce3b14a92915b9-0069204653 - 0.0217 - - 1763722835.865548372 1763722835.887208223 0
Nov 21 11:00:35 standalone container-server[128066]: 172.20.0.100 - - [21/Nov/2025:11:00:35 +0000] "PUT /d1/490/AUTH_0cecc8fadb4145d4bfca3c7bfba4ec48/gnocchi.46034511-6183-4029-9ba9-1f390672a99a/none_v3" 201 - "PUT http://172.18.0.2:8080/d1/487/AUTH_0cecc8fadb4145d4bfca3c7bfba4ec48/gnocchi.46034511-6183-4029-9ba9-1f390672a99a/none_v3" "tx575c8149fd7d49e9bf9f0-0069204653" "object-server 23" 0.0008 "-" 23 0
Nov 21 11:00:35 standalone object-server[128267]: 172.20.0.100 - - [21/Nov/2025:11:00:35 +0000] "PUT /d1/487/AUTH_0cecc8fadb4145d4bfca3c7bfba4ec48/gnocchi.46034511-6183-4029-9ba9-1f390672a99a/none_v3" 201 - "PUT http://172.18.0.2:8080/v1/AUTH_0cecc8fadb4145d4bfca3c7bfba4ec48/gnocchi.46034511-6183-4029-9ba9-1f390672a99a/none_v3" "tx575c8149fd7d49e9bf9f0-0069204653" "proxy-server 20" 0.0102 "-" 23 0
Nov 21 11:00:35 standalone proxy-server[130074]: 172.18.0.2 172.18.0.100 21/Nov/2025/11/00/35 PUT /v1/AUTH_0cecc8fadb4145d4bfca3c7bfba4ec48/gnocchi.46034511-6183-4029-9ba9-1f390672a99a/none_v3 HTTP/1.0 201 - python-swiftclient-3.11.1 gAAAAABpIEX0NxMs... 22 - - tx575c8149fd7d49e9bf9f0-0069204653 - 0.0181 - - 1763722835.891070366 1763722835.909207821 0
Nov 21 11:00:36 standalone object-server[128269]: 172.20.0.100 - - [21/Nov/2025:11:00:36 +0000] "GET /d1/10/AUTH_0cecc8fadb4145d4bfca3c7bfba4ec48/gnocchi.7d7675c7-a9e0-4a3c-9325-15b7bf8b1dd2/none_v3" 200 22 "GET http://172.18.0.2:8080/v1/AUTH_0cecc8fadb4145d4bfca3c7bfba4ec48/gnocchi.7d7675c7-a9e0-4a3c-9325-15b7bf8b1dd2/none_v3" "txe208ddb5161e46d1b257b-0069204654" "proxy-server 20" 0.0007 "-" 25 0
Nov 21 11:00:36 standalone proxy-server[130074]: 172.18.0.2 172.18.0.100 21/Nov/2025/11/00/36 GET /v1/AUTH_0cecc8fadb4145d4bfca3c7bfba4ec48/gnocchi.7d7675c7-a9e0-4a3c-9325-15b7bf8b1dd2/none_v3 HTTP/1.0 200 - python-swiftclient-3.11.1 gAAAAABpIEX0NxMs... - 22 - txe208ddb5161e46d1b257b-0069204654 - 0.0080 - - 1763722836.032825947 1763722836.040782690 0
Nov 21 11:00:36 standalone container-server[128062]: 172.20.0.100 - - [21/Nov/2025:11:00:36 +0000] "GET /d1/261/AUTH_0cecc8fadb4145d4bfca3c7bfba4ec48/gnocchi.7d7675c7-a9e0-4a3c-9325-15b7bf8b1dd2" 200 357 "GET http://172.18.0.2:8080/v1/AUTH_0cecc8fadb4145d4bfca3c7bfba4ec48/gnocchi.7d7675c7-a9e0-4a3c-9325-15b7bf8b1dd2?format=json&states=listing" "txb7b7a729a1e744d794149-0069204654" "proxy-server 20" 0.0131 "-" 22 0
Nov 21 11:00:36 standalone proxy-server[130074]: 172.18.0.2 172.18.0.100 21/Nov/2025/11/00/36 GET /v1/AUTH_0cecc8fadb4145d4bfca3c7bfba4ec48/gnocchi.7d7675c7-a9e0-4a3c-9325-15b7bf8b1dd2%3Fformat%3Djson%26states%3Dlisting HTTP/1.0 200 - python-swiftclient-3.11.1 gAAAAABpIEX0NxMs... - 357 - txb7b7a729a1e744d794149-0069204654 - 0.0184 - - 1763722836.044891834 1763722836.063246012 0
Nov 21 11:00:36 standalone container-server[128060]: 172.20.0.100 - - [21/Nov/2025:11:00:36 +0000] "GET /d1/261/AUTH_0cecc8fadb4145d4bfca3c7bfba4ec48/gnocchi.7d7675c7-a9e0-4a3c-9325-15b7bf8b1dd2" 200 2 "GET http://172.18.0.2:8080/v1/AUTH_0cecc8fadb4145d4bfca3c7bfba4ec48/gnocchi.7d7675c7-a9e0-4a3c-9325-15b7bf8b1dd2?format=json&marker=none_v3&states=listing" "tx7ad33773b3fe4217a5a15-0069204654" "proxy-server 20" 0.0038 "-" 20 0
Nov 21 11:00:36 standalone proxy-server[130074]: 172.18.0.2 172.18.0.100 21/Nov/2025/11/00/36 GET /v1/AUTH_0cecc8fadb4145d4bfca3c7bfba4ec48/gnocchi.7d7675c7-a9e0-4a3c-9325-15b7bf8b1dd2%3Fformat%3Djson%26marker%3Dnone_v3%26states%3Dlisting HTTP/1.0 200 - python-swiftclient-3.11.1 gAAAAABpIEX0NxMs... - 2 - tx7ad33773b3fe4217a5a15-0069204654 - 0.0112 - - 1763722836.066422701 1763722836.077586889 0
Nov 21 11:00:36 standalone object-server[128267]: 172.20.0.100 - - [21/Nov/2025:11:00:36 +0000] "GET /d1/947/AUTH_0cecc8fadb4145d4bfca3c7bfba4ec48/gnocchi.7d7675c7-a9e0-4a3c-9325-15b7bf8b1dd2/1763640000.0_mean_300.0_v3" 200 16 "GET http://172.18.0.2:8080/v1/AUTH_0cecc8fadb4145d4bfca3c7bfba4ec48/gnocchi.7d7675c7-a9e0-4a3c-9325-15b7bf8b1dd2/1763640000.0_mean_300.0_v3" "tx78a81abf415c469f96542-0069204654" "proxy-server 20" 0.0006 "-" 23 0
Nov 21 11:00:36 standalone proxy-server[130074]: 172.18.0.2 172.18.0.100 21/Nov/2025/11/00/36 GET /v1/AUTH_0cecc8fadb4145d4bfca3c7bfba4ec48/gnocchi.7d7675c7-a9e0-4a3c-9325-15b7bf8b1dd2/1763640000.0_mean_300.0_v3 HTTP/1.0 200 - python-swiftclient-3.11.1 gAAAAABpIEX0NxMs... - 16 - tx78a81abf415c469f96542-0069204654 - 0.0050 - - 1763722836.081591606 1763722836.086564302 0
Nov 21 11:00:36 standalone container-server[128062]: 172.20.0.100 - - [21/Nov/2025:11:00:36 +0000] "PUT /d1/261/AUTH_0cecc8fadb4145d4bfca3c7bfba4ec48/gnocchi.7d7675c7-a9e0-4a3c-9325-15b7bf8b1dd2/1763640000.0_mean_300.0_v3" 201 - "PUT http://172.18.0.2:8080/d1/947/AUTH_0cecc8fadb4145d4bfca3c7bfba4ec48/gnocchi.7d7675c7-a9e0-4a3c-9325-15b7bf8b1dd2/1763640000.0_mean_300.0_v3" "tx22dc78ef37904525ae273-0069204654" "object-server 23" 0.0061 "-" 22 0
Nov 21 11:00:36 standalone object-server[128267]: 172.20.0.100 - - [21/Nov/2025:11:00:36 +0000] "PUT /d1/947/AUTH_0cecc8fadb4145d4bfca3c7bfba4ec48/gnocchi.7d7675c7-a9e0-4a3c-9325-15b7bf8b1dd2/1763640000.0_mean_300.0_v3" 201 - "PUT http://172.18.0.2:8080/v1/AUTH_0cecc8fadb4145d4bfca3c7bfba4ec48/gnocchi.7d7675c7-a9e0-4a3c-9325-15b7bf8b1dd2/1763640000.0_mean_300.0_v3" "tx22dc78ef37904525ae273-0069204654" "proxy-server 20" 0.0153 "-" 23 0
Nov 21 11:00:36 standalone proxy-server[130074]: 172.18.0.2 172.18.0.100 21/Nov/2025/11/00/36 PUT /v1/AUTH_0cecc8fadb4145d4bfca3c7bfba4ec48/gnocchi.7d7675c7-a9e0-4a3c-9325-15b7bf8b1dd2/1763640000.0_mean_300.0_v3 HTTP/1.0 201 - python-swiftclient-3.11.1 gAAAAABpIEX0NxMs... 24 - - tx22dc78ef37904525ae273-0069204654 - 0.0187 - - 1763722836.089848757 1763722836.108562469 0
Nov 21 11:00:36 standalone container-server[128062]: 172.20.0.100 - - [21/Nov/2025:11:00:36 +0000] "PUT /d1/261/AUTH_0cecc8fadb4145d4bfca3c7bfba4ec48/gnocchi.7d7675c7-a9e0-4a3c-9325-15b7bf8b1dd2/none_v3" 201 - "PUT http://172.18.0.2:8080/d1/10/AUTH_0cecc8fadb4145d4bfca3c7bfba4ec48/gnocchi.7d7675c7-a9e0-4a3c-9325-15b7bf8b1dd2/none_v3" "txbd566c77ed1b4e0284b8d-0069204654" "object-server 25" 0.0006 "-" 22 0
Nov 21 11:00:36 standalone object-server[128269]: 172.20.0.100 - - [21/Nov/2025:11:00:36 +0000] "PUT /d1/10/AUTH_0cecc8fadb4145d4bfca3c7bfba4ec48/gnocchi.7d7675c7-a9e0-4a3c-9325-15b7bf8b1dd2/none_v3" 201 - "PUT http://172.18.0.2:8080/v1/AUTH_0cecc8fadb4145d4bfca3c7bfba4ec48/gnocchi.7d7675c7-a9e0-4a3c-9325-15b7bf8b1dd2/none_v3" "txbd566c77ed1b4e0284b8d-0069204654" "proxy-server 20" 0.0095 "-" 25 0
Nov 21 11:00:36 standalone proxy-server[130074]: 172.18.0.2 172.18.0.100 21/Nov/2025/11/00/36 PUT /v1/AUTH_0cecc8fadb4145d4bfca3c7bfba4ec48/gnocchi.7d7675c7-a9e0-4a3c-9325-15b7bf8b1dd2/none_v3 HTTP/1.0 201 - python-swiftclient-3.11.1 gAAAAABpIEX0NxMs... 22 - - txbd566c77ed1b4e0284b8d-0069204654 - 0.0136 - - 1763722836.111617088 1763722836.125188589 0
Nov 21 11:00:36 standalone object-server[128268]: 172.20.0.100 - - [21/Nov/2025:11:00:36 +0000] "GET /d1/305/AUTH_0cecc8fadb4145d4bfca3c7bfba4ec48/gnocchi.e4140c4d-3287-4e0e-801b-6ff196b93ea3/none_v3" 200 22 "GET http://172.18.0.2:8080/v1/AUTH_0cecc8fadb4145d4bfca3c7bfba4ec48/gnocchi.e4140c4d-3287-4e0e-801b-6ff196b93ea3/none_v3" "tx1b3c3c3692b44ee9887ff-0069204654" "proxy-server 20" 0.0011 "-" 24 0
Nov 21 11:00:36 standalone proxy-server[130074]: 172.18.0.2 172.18.0.100 21/Nov/2025/11/00/36 GET /v1/AUTH_0cecc8fadb4145d4bfca3c7bfba4ec48/gnocchi.e4140c4d-3287-4e0e-801b-6ff196b93ea3/none_v3 HTTP/1.0 200 - python-swiftclient-3.11.1 gAAAAABpIEX0NxMs... - 22 - tx1b3c3c3692b44ee9887ff-0069204654 - 0.0105 - - 1763722836.137349844 1763722836.147884130 0
Nov 21 11:00:36 standalone container-server[128066]: 172.20.0.100 - - [21/Nov/2025:11:00:36 +0000] "GET /d1/174/AUTH_0cecc8fadb4145d4bfca3c7bfba4ec48/gnocchi.e4140c4d-3287-4e0e-801b-6ff196b93ea3" 200 357 "GET http://172.18.0.2:8080/v1/AUTH_0cecc8fadb4145d4bfca3c7bfba4ec48/gnocchi.e4140c4d-3287-4e0e-801b-6ff196b93ea3?format=json&states=listing" "txd74a9dc2518248548da31-0069204654" "proxy-server 20" 0.0155 "-" 23 0
Nov 21 11:00:36 standalone proxy-server[130074]: 172.18.0.2 172.18.0.100 21/Nov/2025/11/00/36 GET /v1/AUTH_0cecc8fadb4145d4bfca3c7bfba4ec48/gnocchi.e4140c4d-3287-4e0e-801b-6ff196b93ea3%3Fformat%3Djson%26states%3Dlisting HTTP/1.0 200 - python-swiftclient-3.11.1 gAAAAABpIEX0NxMs... - 357 - txd74a9dc2518248548da31-0069204654 - 0.0247 - - 1763722836.152684212 1763722836.177377939 0
Nov 21 11:00:36 standalone container-server[128060]: 172.20.0.100 - - [21/Nov/2025:11:00:36 +0000] "GET /d1/174/AUTH_0cecc8fadb4145d4bfca3c7bfba4ec48/gnocchi.e4140c4d-3287-4e0e-801b-6ff196b93ea3" 200 2 "GET http://172.18.0.2:8080/v1/AUTH_0cecc8fadb4145d4bfca3c7bfba4ec48/gnocchi.e4140c4d-3287-4e0e-801b-6ff196b93ea3?format=json&marker=none_v3&states=listing" "txa560be73d43c400f8f453-0069204654" "proxy-server 20" 0.0036 "-" 20 0
Nov 21 11:00:36 standalone proxy-server[130074]: 172.18.0.2 172.18.0.100 21/Nov/2025/11/00/36 GET /v1/AUTH_0cecc8fadb4145d4bfca3c7bfba4ec48/gnocchi.e4140c4d-3287-4e0e-801b-6ff196b93ea3%3Fformat%3Djson%26marker%3Dnone_v3%26states%3Dlisting HTTP/1.0 200 - python-swiftclient-3.11.1 gAAAAABpIEX0NxMs... - 2 - txa560be73d43c400f8f453-0069204654 - 0.0124 - - 1763722836.186574936 1763722836.198980808 0
Nov 21 11:00:36 standalone object-server[128269]: 172.20.0.100 - - [21/Nov/2025:11:00:36 +0000] "GET /d1/770/AUTH_0cecc8fadb4145d4bfca3c7bfba4ec48/gnocchi.e4140c4d-3287-4e0e-801b-6ff196b93ea3/1763640000.0_mean_300.0_v3" 200 16 "GET http://172.18.0.2:8080/v1/AUTH_0cecc8fadb4145d4bfca3c7bfba4ec48/gnocchi.e4140c4d-3287-4e0e-801b-6ff196b93ea3/1763640000.0_mean_300.0_v3" "txb645bff30355469d985d3-0069204654" "proxy-server 20" 0.0011 "-" 25 0
Nov 21 11:00:36 standalone proxy-server[130074]: 172.18.0.2 172.18.0.100 21/Nov/2025/11/00/36 GET /v1/AUTH_0cecc8fadb4145d4bfca3c7bfba4ec48/gnocchi.e4140c4d-3287-4e0e-801b-6ff196b93ea3/1763640000.0_mean_300.0_v3 HTTP/1.0 200 - python-swiftclient-3.11.1 gAAAAABpIEX0NxMs... - 16 - txb645bff30355469d985d3-0069204654 - 0.0093 - - 1763722836.203972101 1763722836.213254452 0
Nov 21 11:00:36 standalone container-server[128060]: 172.20.0.100 - - [21/Nov/2025:11:00:36 +0000] "PUT /d1/174/AUTH_0cecc8fadb4145d4bfca3c7bfba4ec48/gnocchi.e4140c4d-3287-4e0e-801b-6ff196b93ea3/1763640000.0_mean_300.0_v3" 201 - "PUT http://172.18.0.2:8080/d1/770/AUTH_0cecc8fadb4145d4bfca3c7bfba4ec48/gnocchi.e4140c4d-3287-4e0e-801b-6ff196b93ea3/1763640000.0_mean_300.0_v3" "tx357893cf5ec943b89ee12-0069204654" "object-server 22" 0.0005 "-" 20 0
Nov 21 11:00:36 standalone object-server[128266]: 172.20.0.100 - - [21/Nov/2025:11:00:36 +0000] "PUT /d1/770/AUTH_0cecc8fadb4145d4bfca3c7bfba4ec48/gnocchi.e4140c4d-3287-4e0e-801b-6ff196b93ea3/1763640000.0_mean_300.0_v3" 201 - "PUT http://172.18.0.2:8080/v1/AUTH_0cecc8fadb4145d4bfca3c7bfba4ec48/gnocchi.e4140c4d-3287-4e0e-801b-6ff196b93ea3/1763640000.0_mean_300.0_v3" "tx357893cf5ec943b89ee12-0069204654" "proxy-server 20" 0.0126 "-" 22 0
Nov 21 11:00:36 standalone proxy-server[130074]: 172.18.0.2 172.18.0.100 21/Nov/2025/11/00/36 PUT /v1/AUTH_0cecc8fadb4145d4bfca3c7bfba4ec48/gnocchi.e4140c4d-3287-4e0e-801b-6ff196b93ea3/1763640000.0_mean_300.0_v3 HTTP/1.0 201 - python-swiftclient-3.11.1 gAAAAABpIEX0NxMs... 24 - - tx357893cf5ec943b89ee12-0069204654 - 0.0192 - - 1763722836.217286348 1763722836.236497641 0
Nov 21 11:00:36 standalone container-server[128061]: 172.20.0.100 - - [21/Nov/2025:11:00:36 +0000] "PUT /d1/174/AUTH_0cecc8fadb4145d4bfca3c7bfba4ec48/gnocchi.e4140c4d-3287-4e0e-801b-6ff196b93ea3/none_v3" 201 - "PUT http://172.18.0.2:8080/d1/305/AUTH_0cecc8fadb4145d4bfca3c7bfba4ec48/gnocchi.e4140c4d-3287-4e0e-801b-6ff196b93ea3/none_v3" "tx56c426a00a28495bab00a-0069204654" "object-server 22" 0.0006 "-" 21 0
Nov 21 11:00:36 standalone object-server[128266]: 172.20.0.100 - - [21/Nov/2025:11:00:36 +0000] "PUT /d1/305/AUTH_0cecc8fadb4145d4bfca3c7bfba4ec48/gnocchi.e4140c4d-3287-4e0e-801b-6ff196b93ea3/none_v3" 201 - "PUT http://172.18.0.2:8080/v1/AUTH_0cecc8fadb4145d4bfca3c7bfba4ec48/gnocchi.e4140c4d-3287-4e0e-801b-6ff196b93ea3/none_v3" "tx56c426a00a28495bab00a-0069204654" "proxy-server 20" 0.0093 "-" 22 0
Nov 21 11:00:36 standalone proxy-server[130074]: 172.18.0.2 172.18.0.100 21/Nov/2025/11/00/36 PUT /v1/AUTH_0cecc8fadb4145d4bfca3c7bfba4ec48/gnocchi.e4140c4d-3287-4e0e-801b-6ff196b93ea3/none_v3 HTTP/1.0 201 - python-swiftclient-3.11.1 gAAAAABpIEX0NxMs... 22 - - tx56c426a00a28495bab00a-0069204654 - 0.0156 - - 1763722836.240082502 1763722836.255703211 0
Nov 21 11:00:40 standalone account-server[127915]: 172.20.0.100 - - [21/Nov/2025:11:00:40 +0000] "HEAD /d1/537/.expiring_objects" 404 - "HEAD http://localhost/v1/.expiring_objects?format=json" "tx22dc3483376f431ebf476-0069204658" "proxy-server 2" 0.0006 "-" 16 -
Nov 21 11:00:40 standalone object-expirer[128018]: Pass completed in 0s; 0 objects expired (txn: tx22dc3483376f431ebf476-0069204658)
Nov 21 11:00:40 standalone object-server[128266]: 172.20.0.100 - - [21/Nov/2025:11:00:40 +0000] "GET /d1/487/AUTH_0cecc8fadb4145d4bfca3c7bfba4ec48/gnocchi.46034511-6183-4029-9ba9-1f390672a99a/none_v3" 200 22 "GET http://172.18.0.2:8080/v1/AUTH_0cecc8fadb4145d4bfca3c7bfba4ec48/gnocchi.46034511-6183-4029-9ba9-1f390672a99a/none_v3" "tx586de24fa6894204a3066-0069204658" "proxy-server 20" 0.0015 "-" 22 0
Nov 21 11:00:40 standalone proxy-server[130074]: 172.18.0.2 172.18.0.100 21/Nov/2025/11/00/40 GET /v1/AUTH_0cecc8fadb4145d4bfca3c7bfba4ec48/gnocchi.46034511-6183-4029-9ba9-1f390672a99a/none_v3 HTTP/1.0 200 - python-swiftclient-3.11.1 gAAAAABpIEX0NxMs... - 22 - tx586de24fa6894204a3066-0069204658 - 0.0111 - - 1763722840.100219727 1763722840.111349821 0
Nov 21 11:00:40 standalone container-server[128060]: 172.20.0.100 - - [21/Nov/2025:11:00:40 +0000] "GET /d1/490/AUTH_0cecc8fadb4145d4bfca3c7bfba4ec48/gnocchi.46034511-6183-4029-9ba9-1f390672a99a" 200 357 "GET http://172.18.0.2:8080/v1/AUTH_0cecc8fadb4145d4bfca3c7bfba4ec48/gnocchi.46034511-6183-4029-9ba9-1f390672a99a?format=json&states=listing" "tx4be38b423f2449fe93ceb-0069204658" "proxy-server 20" 0.0185 "-" 20 0
Nov 21 11:00:40 standalone proxy-server[130074]: 172.18.0.2 172.18.0.100 21/Nov/2025/11/00/40 GET /v1/AUTH_0cecc8fadb4145d4bfca3c7bfba4ec48/gnocchi.46034511-6183-4029-9ba9-1f390672a99a%3Fformat%3Djson%26states%3Dlisting HTTP/1.0 200 - python-swiftclient-3.11.1 gAAAAABpIEX0NxMs... - 357 - tx4be38b423f2449fe93ceb-0069204658 - 0.0258 - - 1763722840.115814447 1763722840.141628981 0
Nov 21 11:00:40 standalone container-server[128066]: 172.20.0.100 - - [21/Nov/2025:11:00:40 +0000] "GET /d1/490/AUTH_0cecc8fadb4145d4bfca3c7bfba4ec48/gnocchi.46034511-6183-4029-9ba9-1f390672a99a" 200 2 "GET http://172.18.0.2:8080/v1/AUTH_0cecc8fadb4145d4bfca3c7bfba4ec48/gnocchi.46034511-6183-4029-9ba9-1f390672a99a?format=json&marker=none_v3&states=listing" "tx19152a76eec1417683377-0069204658" "proxy-server 20" 0.0037 "-" 23 0
Nov 21 11:00:40 standalone proxy-server[130074]: 172.18.0.2 172.18.0.100 21/Nov/2025/11/00/40 GET /v1/AUTH_0cecc8fadb4145d4bfca3c7bfba4ec48/gnocchi.46034511-6183-4029-9ba9-1f390672a99a%3Fformat%3Djson%26marker%3Dnone_v3%26states%3Dlisting HTTP/1.0 200 - python-swiftclient-3.11.1 gAAAAABpIEX0NxMs... - 2 - tx19152a76eec1417683377-0069204658 - 0.0101 - - 1763722840.145146132 1763722840.155202866 0
Nov 21 11:00:40 standalone object-server[128266]: 172.20.0.100 - - [21/Nov/2025:11:00:40 +0000] "GET /d1/410/AUTH_0cecc8fadb4145d4bfca3c7bfba4ec48/gnocchi.46034511-6183-4029-9ba9-1f390672a99a/1763640000.0_mean_300.0_v3" 200 16 "GET http://172.18.0.2:8080/v1/AUTH_0cecc8fadb4145d4bfca3c7bfba4ec48/gnocchi.46034511-6183-4029-9ba9-1f390672a99a/1763640000.0_mean_300.0_v3" "tx9087b92527584e4193a0b-0069204658" "proxy-server 20" 0.0011 "-" 22 0
Nov 21 11:00:40 standalone proxy-server[130074]: 172.18.0.2 172.18.0.100 21/Nov/2025/11/00/40 GET /v1/AUTH_0cecc8fadb4145d4bfca3c7bfba4ec48/gnocchi.46034511-6183-4029-9ba9-1f390672a99a/1763640000.0_mean_300.0_v3 HTTP/1.0 200 - python-swiftclient-3.11.1 gAAAAABpIEX0NxMs... - 16 - tx9087b92527584e4193a0b-0069204658 - 0.0074 - - 1763722840.159139872 1763722840.166530609 0
Nov 21 11:00:40 standalone container-server[128060]: 172.20.0.100 - - [21/Nov/2025:11:00:40 +0000] "PUT /d1/490/AUTH_0cecc8fadb4145d4bfca3c7bfba4ec48/gnocchi.46034511-6183-4029-9ba9-1f390672a99a/1763640000.0_mean_300.0_v3" 201 - "PUT http://172.18.0.2:8080/d1/410/AUTH_0cecc8fadb4145d4bfca3c7bfba4ec48/gnocchi.46034511-6183-4029-9ba9-1f390672a99a/1763640000.0_mean_300.0_v3" "tx5608acae2c7b40b491bef-0069204658" "object-server 25" 0.0008 "-" 20 0
Nov 21 11:00:40 standalone object-server[128269]: 172.20.0.100 - - [21/Nov/2025:11:00:40 +0000] "PUT /d1/410/AUTH_0cecc8fadb4145d4bfca3c7bfba4ec48/gnocchi.46034511-6183-4029-9ba9-1f390672a99a/1763640000.0_mean_300.0_v3" 201 - "PUT http://172.18.0.2:8080/v1/AUTH_0cecc8fadb4145d4bfca3c7bfba4ec48/gnocchi.46034511-6183-4029-9ba9-1f390672a99a/1763640000.0_mean_300.0_v3" "tx5608acae2c7b40b491bef-0069204658" "proxy-server 20" 0.0116 "-" 25 0
Nov 21 11:00:40 standalone proxy-server[130074]: 172.18.0.2 172.18.0.100 21/Nov/2025/11/00/40 PUT /v1/AUTH_0cecc8fadb4145d4bfca3c7bfba4ec48/gnocchi.46034511-6183-4029-9ba9-1f390672a99a/1763640000.0_mean_300.0_v3 HTTP/1.0 201 - python-swiftclient-3.11.1 gAAAAABpIEX0NxMs... 16 - - tx5608acae2c7b40b491bef-0069204658 - 0.0176 - - 1763722840.169847965 1763722840.187408209 0
Nov 21 11:00:40 standalone container-server[128062]: 172.20.0.100 - - [21/Nov/2025:11:00:40 +0000] "PUT /d1/490/AUTH_0cecc8fadb4145d4bfca3c7bfba4ec48/gnocchi.46034511-6183-4029-9ba9-1f390672a99a/none_v3" 201 - "PUT http://172.18.0.2:8080/d1/487/AUTH_0cecc8fadb4145d4bfca3c7bfba4ec48/gnocchi.46034511-6183-4029-9ba9-1f390672a99a/none_v3" "txcf72faa1a3864c2bbfca9-0069204658" "object-server 25" 0.0008 "-" 22 0
Nov 21 11:00:40 standalone object-server[128269]: 172.20.0.100 - - [21/Nov/2025:11:00:40 +0000] "PUT /d1/487/AUTH_0cecc8fadb4145d4bfca3c7bfba4ec48/gnocchi.46034511-6183-4029-9ba9-1f390672a99a/none_v3" 201 - "PUT http://172.18.0.2:8080/v1/AUTH_0cecc8fadb4145d4bfca3c7bfba4ec48/gnocchi.46034511-6183-4029-9ba9-1f390672a99a/none_v3" "txcf72faa1a3864c2bbfca9-0069204658" "proxy-server 20" 0.0114 "-" 25 0
Nov 21 11:00:40 standalone proxy-server[130074]: 172.18.0.2 172.18.0.100 21/Nov/2025/11/00/40 PUT /v1/AUTH_0cecc8fadb4145d4bfca3c7bfba4ec48/gnocchi.46034511-6183-4029-9ba9-1f390672a99a/none_v3 HTTP/1.0 201 - python-swiftclient-3.11.1 gAAAAABpIEX0NxMs... 32 - - txcf72faa1a3864c2bbfca9-0069204658 - 0.0166 - - 1763722840.192196846 1763722840.208785772 0
Nov 21 11:00:49 standalone object-server[128236]: Begin object update sweep
Nov 21 11:00:49 standalone object-server[233329]: Object update sweep starting on /srv/node/d1 (pid: 14)
Nov 21 11:00:49 standalone object-server[233329]: Object update sweep completed on /srv/node/d1 in 0.00s seconds:, 0 successes, 0 failures, 0 quarantines, 0 unlinks, 0 errors, 0 redirects (pid: 14)
Nov 21 11:00:49 standalone object-server[233329]: Object update sweep of d1 completed: 0.00s, 0 successes, 0 failures, 0 quarantines, 0 unlinks, 0 errors, 0 redirects
Nov 21 11:00:49 standalone object-server[128236]: Object update sweep completed: 0.07s
Nov 21 11:00:50 standalone container-server[128060]: 172.20.0.100 - - [21/Nov/2025:11:00:50 +0000] "HEAD /d1/786/AUTH_0cecc8fadb4145d4bfca3c7bfba4ec48/gnocchi.ec8c179e-b174-4864-bf89-6c1f5714a3a8" 404 - "HEAD http://172.18.0.2:8080/v1/AUTH_0cecc8fadb4145d4bfca3c7bfba4ec48/gnocchi.ec8c179e-b174-4864-bf89-6c1f5714a3a8?format=json&states=listing" "tx06c4c2435d094e1e8d5b6-0069204662" "proxy-server 20" 0.0008 "-" 20 0
Nov 21 11:00:50 standalone object-server[128268]: 172.20.0.100 - - [21/Nov/2025:11:00:50 +0000] "GET /d1/508/AUTH_0cecc8fadb4145d4bfca3c7bfba4ec48/gnocchi.ec8c179e-b174-4864-bf89-6c1f5714a3a8/none_v3" 404 70 "GET http://172.18.0.2:8080/v1/AUTH_0cecc8fadb4145d4bfca3c7bfba4ec48/gnocchi.ec8c179e-b174-4864-bf89-6c1f5714a3a8/none_v3" "tx06c4c2435d094e1e8d5b6-0069204662" "proxy-server 20" 0.0008 "-" 24 0
Nov 21 11:00:50 standalone proxy-server[130074]: 172.18.0.2 172.18.0.100 21/Nov/2025/11/00/50 GET /v1/AUTH_0cecc8fadb4145d4bfca3c7bfba4ec48/gnocchi.ec8c179e-b174-4864-bf89-6c1f5714a3a8/none_v3 HTTP/1.0 404 - python-swiftclient-3.11.1 gAAAAABpIEX0NxMs... - 70 - tx06c4c2435d094e1e8d5b6-0069204662 - 0.0148 - - 1763722850.383606434 1763722850.398425579 0
