Nov 21 11:00:50 standalone account-server[127934]: 172.20.0.100 - - [21/Nov/2025:11:00:50 +0000] "PUT /d1/995/AUTH_0cecc8fadb4145d4bfca3c7bfba4ec48/gnocchi.ec8c179e-b174-4864-bf89-6c1f5714a3a8" 201 - "PUT http://172.20.0.100:6001/d1/786/AUTH_0cecc8fadb4145d4bfca3c7bfba4ec48/gnocchi.ec8c179e-b174-4864-bf89-6c1f5714a3a8" "tx04881f9f938c49319f469-0069204662" "container-server 21" 0.0062 "-" 17 0
Nov 21 11:00:50 standalone container-server[128061]: 172.20.0.100 - - [21/Nov/2025:11:00:50 +0000] "PUT /d1/786/AUTH_0cecc8fadb4145d4bfca3c7bfba4ec48/gnocchi.ec8c179e-b174-4864-bf89-6c1f5714a3a8" 201 - "PUT http://172.18.0.2:8080/v1/AUTH_0cecc8fadb4145d4bfca3c7bfba4ec48/gnocchi.ec8c179e-b174-4864-bf89-6c1f5714a3a8" "tx04881f9f938c49319f469-0069204662" "proxy-server 20" 0.0221 "-" 21 0
Nov 21 11:00:50 standalone proxy-server[130074]: 172.18.0.2 172.18.0.100 21/Nov/2025/11/00/50 PUT /v1/AUTH_0cecc8fadb4145d4bfca3c7bfba4ec48/gnocchi.ec8c179e-b174-4864-bf89-6c1f5714a3a8 HTTP/1.0 201 - python-swiftclient-3.11.1 gAAAAABpIEX0NxMs... - - - tx04881f9f938c49319f469-0069204662 - 0.0288 - - 1763722850.401986599 1763722850.430769444 0
Nov 21 11:00:50 standalone container-server[128062]: 172.20.0.100 - - [21/Nov/2025:11:00:50 +0000] "HEAD /d1/786/AUTH_0cecc8fadb4145d4bfca3c7bfba4ec48/gnocchi.ec8c179e-b174-4864-bf89-6c1f5714a3a8" 204 - "HEAD http://172.18.0.2:8080/v1/AUTH_0cecc8fadb4145d4bfca3c7bfba4ec48/gnocchi.ec8c179e-b174-4864-bf89-6c1f5714a3a8?format=json&states=listing" "txf12ace9794e545a98f760-0069204662" "proxy-server 20" 0.0012 "-" 22 0
Nov 21 11:00:50 standalone proxy-server[130074]: - - 21/Nov/2025/11/00/50 HEAD /v1/AUTH_0cecc8fadb4145d4bfca3c7bfba4ec48/gnocchi.ec8c179e-b174-4864-bf89-6c1f5714a3a8%3Fformat%3Djson%26states%3Dlisting HTTP/1.0 204 - Swift - - - - txf12ace9794e545a98f760-0069204662 - 0.0052 RL - 1763722850.436135769 1763722850.441352606 0
Nov 21 11:00:50 standalone container-server[128062]: 172.20.0.100 - - [21/Nov/2025:11:00:50 +0000] "GET /d1/786/AUTH_0cecc8fadb4145d4bfca3c7bfba4ec48/gnocchi.ec8c179e-b174-4864-bf89-6c1f5714a3a8" 200 2 "GET http://172.18.0.2:8080/v1/AUTH_0cecc8fadb4145d4bfca3c7bfba4ec48/gnocchi.ec8c179e-b174-4864-bf89-6c1f5714a3a8?format=json&states=listing" "txf12ace9794e545a98f760-0069204662" "proxy-server 20" 0.0014 "-" 22 0
Nov 21 11:00:50 standalone proxy-server[130074]: 172.18.0.2 172.18.0.100 21/Nov/2025/11/00/50 GET /v1/AUTH_0cecc8fadb4145d4bfca3c7bfba4ec48/gnocchi.ec8c179e-b174-4864-bf89-6c1f5714a3a8%3Fformat%3Djson%26states%3Dlisting HTTP/1.0 200 - python-swiftclient-3.11.1 gAAAAABpIEX0NxMs... - 2 - txf12ace9794e545a98f760-0069204662 - 0.0151 - - 1763722850.434640884 1763722850.449735403 0
Nov 21 11:00:50 standalone object-server[128266]: 172.20.0.100 - - [21/Nov/2025:11:00:50 +0000] "GET /d1/459/AUTH_0cecc8fadb4145d4bfca3c7bfba4ec48/gnocchi.ec8c179e-b174-4864-bf89-6c1f5714a3a8/1763640000.0_mean_300.0_v3" 404 70 "GET http://172.18.0.2:8080/v1/AUTH_0cecc8fadb4145d4bfca3c7bfba4ec48/gnocchi.ec8c179e-b174-4864-bf89-6c1f5714a3a8/1763640000.0_mean_300.0_v3" "txc967ea8e82b14da79ea94-0069204662" "proxy-server 20" 0.0005 "-" 22 0
Nov 21 11:00:50 standalone proxy-server[130074]: 172.18.0.2 172.18.0.100 21/Nov/2025/11/00/50 GET /v1/AUTH_0cecc8fadb4145d4bfca3c7bfba4ec48/gnocchi.ec8c179e-b174-4864-bf89-6c1f5714a3a8/1763640000.0_mean_300.0_v3 HTTP/1.0 404 - python-swiftclient-3.11.1 gAAAAABpIEX0NxMs... - 70 - txc967ea8e82b14da79ea94-0069204662 - 0.0086 - - 1763722850.453632355 1763722850.462263346 0
Nov 21 11:00:50 standalone container-server[128062]: 172.20.0.100 - - [21/Nov/2025:11:00:50 +0000] "PUT /d1/786/AUTH_0cecc8fadb4145d4bfca3c7bfba4ec48/gnocchi.ec8c179e-b174-4864-bf89-6c1f5714a3a8/1763640000.0_mean_300.0_v3" 201 - "PUT http://172.18.0.2:8080/d1/459/AUTH_0cecc8fadb4145d4bfca3c7bfba4ec48/gnocchi.ec8c179e-b174-4864-bf89-6c1f5714a3a8/1763640000.0_mean_300.0_v3" "txf3fd1439442f4c20989e5-0069204662" "object-server 22" 0.0006 "-" 22 0
Nov 21 11:00:50 standalone object-server[128266]: 172.20.0.100 - - [21/Nov/2025:11:00:50 +0000] "PUT /d1/459/AUTH_0cecc8fadb4145d4bfca3c7bfba4ec48/gnocchi.ec8c179e-b174-4864-bf89-6c1f5714a3a8/1763640000.0_mean_300.0_v3" 201 - "PUT http://172.18.0.2:8080/v1/AUTH_0cecc8fadb4145d4bfca3c7bfba4ec48/gnocchi.ec8c179e-b174-4864-bf89-6c1f5714a3a8/1763640000.0_mean_300.0_v3" "txf3fd1439442f4c20989e5-0069204662" "proxy-server 20" 0.0116 "-" 22 0
Nov 21 11:00:50 standalone proxy-server[130074]: 172.18.0.2 172.18.0.100 21/Nov/2025/11/00/50 PUT /v1/AUTH_0cecc8fadb4145d4bfca3c7bfba4ec48/gnocchi.ec8c179e-b174-4864-bf89-6c1f5714a3a8/1763640000.0_mean_300.0_v3 HTTP/1.0 201 - python-swiftclient-3.11.1 gAAAAABpIEX0NxMs... 16 - - txf3fd1439442f4c20989e5-0069204662 - 0.0195 - - 1763722850.466737747 1763722850.486273766 0
Nov 21 11:00:50 standalone container-server[128062]: 172.20.0.100 - - [21/Nov/2025:11:00:50 +0000] "PUT /d1/786/AUTH_0cecc8fadb4145d4bfca3c7bfba4ec48/gnocchi.ec8c179e-b174-4864-bf89-6c1f5714a3a8/none_v3" 201 - "PUT http://172.18.0.2:8080/d1/508/AUTH_0cecc8fadb4145d4bfca3c7bfba4ec48/gnocchi.ec8c179e-b174-4864-bf89-6c1f5714a3a8/none_v3" "txec8898c9e69949a480495-0069204662" "object-server 25" 0.0003 "-" 22 0
Nov 21 11:00:50 standalone object-server[128269]: 172.20.0.100 - - [21/Nov/2025:11:00:50 +0000] "PUT /d1/508/AUTH_0cecc8fadb4145d4bfca3c7bfba4ec48/gnocchi.ec8c179e-b174-4864-bf89-6c1f5714a3a8/none_v3" 201 - "PUT http://172.18.0.2:8080/v1/AUTH_0cecc8fadb4145d4bfca3c7bfba4ec48/gnocchi.ec8c179e-b174-4864-bf89-6c1f5714a3a8/none_v3" "txec8898c9e69949a480495-0069204662" "proxy-server 20" 0.0088 "-" 25 0
Nov 21 11:00:50 standalone proxy-server[130074]: 172.18.0.2 172.18.0.100 21/Nov/2025/11/00/50 PUT /v1/AUTH_0cecc8fadb4145d4bfca3c7bfba4ec48/gnocchi.ec8c179e-b174-4864-bf89-6c1f5714a3a8/none_v3 HTTP/1.0 201 - python-swiftclient-3.11.1 gAAAAABpIEX0NxMs... 22 - - txec8898c9e69949a480495-0069204662 - 0.0155 - - 1763722850.490611553 1763722850.506113768 0
Nov 21 11:00:51 standalone object-server[128266]: 172.20.0.100 - - [21/Nov/2025:11:00:51 +0000] "GET /d1/508/AUTH_0cecc8fadb4145d4bfca3c7bfba4ec48/gnocchi.ec8c179e-b174-4864-bf89-6c1f5714a3a8/none_v3" 200 22 "GET http://172.18.0.2:8080/v1/AUTH_0cecc8fadb4145d4bfca3c7bfba4ec48/gnocchi.ec8c179e-b174-4864-bf89-6c1f5714a3a8/none_v3" "tx819c30d2dfc54bada9fa6-0069204663" "proxy-server 20" 0.0006 "-" 22 0
Nov 21 11:00:51 standalone proxy-server[130074]: 172.18.0.2 172.18.0.100 21/Nov/2025/11/00/51 GET /v1/AUTH_0cecc8fadb4145d4bfca3c7bfba4ec48/gnocchi.ec8c179e-b174-4864-bf89-6c1f5714a3a8/none_v3 HTTP/1.0 200 - python-swiftclient-3.11.1 gAAAAABpIEX0NxMs... - 22 - tx819c30d2dfc54bada9fa6-0069204663 - 0.0067 - - 1763722851.168347836 1763722851.175053835 0
Nov 21 11:00:51 standalone container-server[128061]: 172.20.0.100 - - [21/Nov/2025:11:00:51 +0000] "GET /d1/786/AUTH_0cecc8fadb4145d4bfca3c7bfba4ec48/gnocchi.ec8c179e-b174-4864-bf89-6c1f5714a3a8" 200 357 "GET http://172.18.0.2:8080/v1/AUTH_0cecc8fadb4145d4bfca3c7bfba4ec48/gnocchi.ec8c179e-b174-4864-bf89-6c1f5714a3a8?format=json&states=listing" "txca11901c95594f4399cfb-0069204663" "proxy-server 20" 0.0154 "-" 21 0
Nov 21 11:00:51 standalone proxy-server[130074]: 172.18.0.2 172.18.0.100 21/Nov/2025/11/00/51 GET /v1/AUTH_0cecc8fadb4145d4bfca3c7bfba4ec48/gnocchi.ec8c179e-b174-4864-bf89-6c1f5714a3a8%3Fformat%3Djson%26states%3Dlisting HTTP/1.0 200 - python-swiftclient-3.11.1 gAAAAABpIEX0NxMs... - 357 - txca11901c95594f4399cfb-0069204663 - 0.0217 - - 1763722851.177570581 1763722851.199311733 0
Nov 21 11:00:51 standalone container-server[128060]: 172.20.0.100 - - [21/Nov/2025:11:00:51 +0000] "GET /d1/786/AUTH_0cecc8fadb4145d4bfca3c7bfba4ec48/gnocchi.ec8c179e-b174-4864-bf89-6c1f5714a3a8" 200 2 "GET http://172.18.0.2:8080/v1/AUTH_0cecc8fadb4145d4bfca3c7bfba4ec48/gnocchi.ec8c179e-b174-4864-bf89-6c1f5714a3a8?format=json&marker=none_v3&states=listing" "tx23b89b66485149d89568c-0069204663" "proxy-server 20" 0.0018 "-" 20 0
Nov 21 11:00:51 standalone proxy-server[130074]: 172.18.0.2 172.18.0.100 21/Nov/2025/11/00/51 GET /v1/AUTH_0cecc8fadb4145d4bfca3c7bfba4ec48/gnocchi.ec8c179e-b174-4864-bf89-6c1f5714a3a8%3Fformat%3Djson%26marker%3Dnone_v3%26states%3Dlisting HTTP/1.0 200 - python-swiftclient-3.11.1 gAAAAABpIEX0NxMs... - 2 - tx23b89b66485149d89568c-0069204663 - 0.0064 - - 1763722851.201656818 1763722851.208091021 0
Nov 21 11:00:51 standalone object-server[128267]: 172.20.0.100 - - [21/Nov/2025:11:00:51 +0000] "GET /d1/459/AUTH_0cecc8fadb4145d4bfca3c7bfba4ec48/gnocchi.ec8c179e-b174-4864-bf89-6c1f5714a3a8/1763640000.0_mean_300.0_v3" 200 16 "GET http://172.18.0.2:8080/v1/AUTH_0cecc8fadb4145d4bfca3c7bfba4ec48/gnocchi.ec8c179e-b174-4864-bf89-6c1f5714a3a8/1763640000.0_mean_300.0_v3" "txaf887fc43b1b48448055e-0069204663" "proxy-server 20" 0.0011 "-" 23 0
Nov 21 11:00:51 standalone proxy-server[130074]: 172.18.0.2 172.18.0.100 21/Nov/2025/11/00/51 GET /v1/AUTH_0cecc8fadb4145d4bfca3c7bfba4ec48/gnocchi.ec8c179e-b174-4864-bf89-6c1f5714a3a8/1763640000.0_mean_300.0_v3 HTTP/1.0 200 - python-swiftclient-3.11.1 gAAAAABpIEX0NxMs... - 16 - txaf887fc43b1b48448055e-0069204663 - 0.0069 - - 1763722851.210651875 1763722851.217561007 0
Nov 21 11:00:51 standalone container-server[128060]: 172.20.0.100 - - [21/Nov/2025:11:00:51 +0000] "PUT /d1/786/AUTH_0cecc8fadb4145d4bfca3c7bfba4ec48/gnocchi.ec8c179e-b174-4864-bf89-6c1f5714a3a8/1763640000.0_mean_300.0_v3" 201 - "PUT http://172.18.0.2:8080/d1/459/AUTH_0cecc8fadb4145d4bfca3c7bfba4ec48/gnocchi.ec8c179e-b174-4864-bf89-6c1f5714a3a8/1763640000.0_mean_300.0_v3" "tx268788d9d0654b8eaa173-0069204663" "object-server 23" 0.0005 "-" 20 0
Nov 21 11:00:51 standalone object-server[128267]: 172.20.0.100 - - [21/Nov/2025:11:00:51 +0000] "PUT /d1/459/AUTH_0cecc8fadb4145d4bfca3c7bfba4ec48/gnocchi.ec8c179e-b174-4864-bf89-6c1f5714a3a8/1763640000.0_mean_300.0_v3" 201 - "PUT http://172.18.0.2:8080/v1/AUTH_0cecc8fadb4145d4bfca3c7bfba4ec48/gnocchi.ec8c179e-b174-4864-bf89-6c1f5714a3a8/1763640000.0_mean_300.0_v3" "tx268788d9d0654b8eaa173-0069204663" "proxy-server 20" 0.0107 "-" 23 0
Nov 21 11:00:51 standalone proxy-server[130074]: 172.18.0.2 172.18.0.100 21/Nov/2025/11/00/51 PUT /v1/AUTH_0cecc8fadb4145d4bfca3c7bfba4ec48/gnocchi.ec8c179e-b174-4864-bf89-6c1f5714a3a8/1763640000.0_mean_300.0_v3 HTTP/1.0 201 - python-swiftclient-3.11.1 gAAAAABpIEX0NxMs... 16 - - tx268788d9d0654b8eaa173-0069204663 - 0.0157 - - 1763722851.219459295 1763722851.235208273 0
Nov 21 11:00:51 standalone container-server[128066]: 172.20.0.100 - - [21/Nov/2025:11:00:51 +0000] "PUT /d1/786/AUTH_0cecc8fadb4145d4bfca3c7bfba4ec48/gnocchi.ec8c179e-b174-4864-bf89-6c1f5714a3a8/none_v3" 201 - "PUT http://172.18.0.2:8080/d1/508/AUTH_0cecc8fadb4145d4bfca3c7bfba4ec48/gnocchi.ec8c179e-b174-4864-bf89-6c1f5714a3a8/none_v3" "tx9d44dd1efaa64181a5071-0069204663" "object-server 25" 0.0005 "-" 23 0
Nov 21 11:00:51 standalone object-server[128269]: 172.20.0.100 - - [21/Nov/2025:11:00:51 +0000] "PUT /d1/508/AUTH_0cecc8fadb4145d4bfca3c7bfba4ec48/gnocchi.ec8c179e-b174-4864-bf89-6c1f5714a3a8/none_v3" 201 - "PUT http://172.18.0.2:8080/v1/AUTH_0cecc8fadb4145d4bfca3c7bfba4ec48/gnocchi.ec8c179e-b174-4864-bf89-6c1f5714a3a8/none_v3" "tx9d44dd1efaa64181a5071-0069204663" "proxy-server 20" 0.0087 "-" 25 0
Nov 21 11:00:51 standalone proxy-server[130074]: 172.18.0.2 172.18.0.100 21/Nov/2025/11/00/51 PUT /v1/AUTH_0cecc8fadb4145d4bfca3c7bfba4ec48/gnocchi.ec8c179e-b174-4864-bf89-6c1f5714a3a8/none_v3 HTTP/1.0 201 - python-swiftclient-3.11.1 gAAAAABpIEX0NxMs... 31 - - tx9d44dd1efaa64181a5071-0069204663 - 0.0135 - - 1763722851.237757683 1763722851.251249552 0
Nov 21 11:00:59 standalone object-server[128268]: 172.20.0.100 - - [21/Nov/2025:11:00:59 +0000] "GET /d1/487/AUTH_0cecc8fadb4145d4bfca3c7bfba4ec48/gnocchi.46034511-6183-4029-9ba9-1f390672a99a/none_v3" 200 32 "GET http://172.18.0.2:8080/v1/AUTH_0cecc8fadb4145d4bfca3c7bfba4ec48/gnocchi.46034511-6183-4029-9ba9-1f390672a99a/none_v3" "txe5de5600d70342de9bf06-006920466b" "proxy-server 20" 0.0017 "-" 24 0
Nov 21 11:00:59 standalone proxy-server[130074]: 172.18.0.2 172.18.0.100 21/Nov/2025/11/00/59 GET /v1/AUTH_0cecc8fadb4145d4bfca3c7bfba4ec48/gnocchi.46034511-6183-4029-9ba9-1f390672a99a/none_v3 HTTP/1.0 200 - python-swiftclient-3.11.1 gAAAAABpIEX0NxMs... - 32 - txe5de5600d70342de9bf06-006920466b - 0.0117 - - 1763722859.782647371 1763722859.794388056 0
Nov 21 11:00:59 standalone container-server[128066]: 172.20.0.100 - - [21/Nov/2025:11:00:59 +0000] "GET /d1/490/AUTH_0cecc8fadb4145d4bfca3c7bfba4ec48/gnocchi.46034511-6183-4029-9ba9-1f390672a99a" 200 357 "GET http://172.18.0.2:8080/v1/AUTH_0cecc8fadb4145d4bfca3c7bfba4ec48/gnocchi.46034511-6183-4029-9ba9-1f390672a99a?format=json&states=listing" "tx4e9a6ed9499f4e559e7bc-006920466b" "proxy-server 20" 0.0084 "-" 23 0
Nov 21 11:00:59 standalone proxy-server[130074]: 172.18.0.2 172.18.0.100 21/Nov/2025/11/00/59 GET /v1/AUTH_0cecc8fadb4145d4bfca3c7bfba4ec48/gnocchi.46034511-6183-4029-9ba9-1f390672a99a%3Fformat%3Djson%26states%3Dlisting HTTP/1.0 200 - python-swiftclient-3.11.1 gAAAAABpIEX0NxMs... - 357 - tx4e9a6ed9499f4e559e7bc-006920466b - 0.0166 - - 1763722859.799736023 1763722859.816378355 0
Nov 21 11:00:59 standalone container-server[128061]: 172.20.0.100 - - [21/Nov/2025:11:00:59 +0000] "GET /d1/490/AUTH_0cecc8fadb4145d4bfca3c7bfba4ec48/gnocchi.46034511-6183-4029-9ba9-1f390672a99a" 200 2 "GET http://172.18.0.2:8080/v1/AUTH_0cecc8fadb4145d4bfca3c7bfba4ec48/gnocchi.46034511-6183-4029-9ba9-1f390672a99a?format=json&marker=none_v3&states=listing" "txe19db77f955b4099972c1-006920466b" "proxy-server 20" 0.0037 "-" 21 0
Nov 21 11:00:59 standalone proxy-server[130074]: 172.18.0.2 172.18.0.100 21/Nov/2025/11/00/59 GET /v1/AUTH_0cecc8fadb4145d4bfca3c7bfba4ec48/gnocchi.46034511-6183-4029-9ba9-1f390672a99a%3Fformat%3Djson%26marker%3Dnone_v3%26states%3Dlisting HTTP/1.0 200 - python-swiftclient-3.11.1 gAAAAABpIEX0NxMs... - 2 - txe19db77f955b4099972c1-006920466b - 0.0126 - - 1763722859.819988728 1763722859.832583666 0
Nov 21 11:00:59 standalone object-server[128267]: 172.20.0.100 - - [21/Nov/2025:11:00:59 +0000] "GET /d1/410/AUTH_0cecc8fadb4145d4bfca3c7bfba4ec48/gnocchi.46034511-6183-4029-9ba9-1f390672a99a/1763640000.0_mean_300.0_v3" 200 16 "GET http://172.18.0.2:8080/v1/AUTH_0cecc8fadb4145d4bfca3c7bfba4ec48/gnocchi.46034511-6183-4029-9ba9-1f390672a99a/1763640000.0_mean_300.0_v3" "tx93ec2c969f464c11859df-006920466b" "proxy-server 20" 0.0010 "-" 23 0
Nov 21 11:00:59 standalone proxy-server[130074]: 172.18.0.2 172.18.0.100 21/Nov/2025/11/00/59 GET /v1/AUTH_0cecc8fadb4145d4bfca3c7bfba4ec48/gnocchi.46034511-6183-4029-9ba9-1f390672a99a/1763640000.0_mean_300.0_v3 HTTP/1.0 200 - python-swiftclient-3.11.1 gAAAAABpIEX0NxMs... - 16 - tx93ec2c969f464c11859df-006920466b - 0.0095 - - 1763722859.837285519 1763722859.846827269 0
Nov 21 11:00:59 standalone container-server[128061]: 172.20.0.100 - - [21/Nov/2025:11:00:59 +0000] "PUT /d1/490/AUTH_0cecc8fadb4145d4bfca3c7bfba4ec48/gnocchi.46034511-6183-4029-9ba9-1f390672a99a/1763640000.0_mean_300.0_v3" 201 - "PUT http://172.18.0.2:8080/d1/410/AUTH_0cecc8fadb4145d4bfca3c7bfba4ec48/gnocchi.46034511-6183-4029-9ba9-1f390672a99a/1763640000.0_mean_300.0_v3" "tx081b28a551ba4ea5a2fff-006920466b" "object-server 25" 0.0008 "-" 21 0
Nov 21 11:00:59 standalone object-server[128269]: 172.20.0.100 - - [21/Nov/2025:11:00:59 +0000] "PUT /d1/410/AUTH_0cecc8fadb4145d4bfca3c7bfba4ec48/gnocchi.46034511-6183-4029-9ba9-1f390672a99a/1763640000.0_mean_300.0_v3" 201 - "PUT http://172.18.0.2:8080/v1/AUTH_0cecc8fadb4145d4bfca3c7bfba4ec48/gnocchi.46034511-6183-4029-9ba9-1f390672a99a/1763640000.0_mean_300.0_v3" "tx081b28a551ba4ea5a2fff-006920466b" "proxy-server 20" 0.0117 "-" 25 0
Nov 21 11:00:59 standalone proxy-server[130074]: 172.18.0.2 172.18.0.100 21/Nov/2025/11/00/59 PUT /v1/AUTH_0cecc8fadb4145d4bfca3c7bfba4ec48/gnocchi.46034511-6183-4029-9ba9-1f390672a99a/1763640000.0_mean_300.0_v3 HTTP/1.0 201 - python-swiftclient-3.11.1 gAAAAABpIEX0NxMs... 16 - - tx081b28a551ba4ea5a2fff-006920466b - 0.0198 - - 1763722859.851022959 1763722859.870831728 0
Nov 21 11:00:59 standalone container-server[128061]: 172.20.0.100 - - [21/Nov/2025:11:00:59 +0000] "PUT /d1/490/AUTH_0cecc8fadb4145d4bfca3c7bfba4ec48/gnocchi.46034511-6183-4029-9ba9-1f390672a99a/none_v3" 201 - "PUT http://172.18.0.2:8080/d1/487/AUTH_0cecc8fadb4145d4bfca3c7bfba4ec48/gnocchi.46034511-6183-4029-9ba9-1f390672a99a/none_v3" "txfb26140c05cb4458a4c03-006920466b" "object-server 25" 0.0007 "-" 21 0
Nov 21 11:00:59 standalone object-server[128269]: 172.20.0.100 - - [21/Nov/2025:11:00:59 +0000] "PUT /d1/487/AUTH_0cecc8fadb4145d4bfca3c7bfba4ec48/gnocchi.46034511-6183-4029-9ba9-1f390672a99a/none_v3" 201 - "PUT http://172.18.0.2:8080/v1/AUTH_0cecc8fadb4145d4bfca3c7bfba4ec48/gnocchi.46034511-6183-4029-9ba9-1f390672a99a/none_v3" "txfb26140c05cb4458a4c03-006920466b" "proxy-server 20" 0.0101 "-" 25 0
Nov 21 11:00:59 standalone proxy-server[130074]: 172.18.0.2 172.18.0.100 21/Nov/2025/11/00/59 PUT /v1/AUTH_0cecc8fadb4145d4bfca3c7bfba4ec48/gnocchi.46034511-6183-4029-9ba9-1f390672a99a/none_v3 HTTP/1.0 201 - python-swiftclient-3.11.1 gAAAAABpIEX0NxMs... 46 - - txfb26140c05cb4458a4c03-006920466b - 0.0170 - - 1763722859.875052452 1763722859.892003298 0
Nov 21 11:01:00 standalone object-server[128268]: 172.20.0.100 - - [21/Nov/2025:11:01:00 +0000] "GET /d1/487/AUTH_0cecc8fadb4145d4bfca3c7bfba4ec48/gnocchi.46034511-6183-4029-9ba9-1f390672a99a/none_v3" 200 46 "GET http://172.18.0.2:8080/v1/AUTH_0cecc8fadb4145d4bfca3c7bfba4ec48/gnocchi.46034511-6183-4029-9ba9-1f390672a99a/none_v3" "tx4090752ceca448aba4627-006920466c" "proxy-server 20" 0.0008 "-" 24 0
Nov 21 11:01:00 standalone proxy-server[130074]: 172.18.0.2 172.18.0.100 21/Nov/2025/11/01/00 GET /v1/AUTH_0cecc8fadb4145d4bfca3c7bfba4ec48/gnocchi.46034511-6183-4029-9ba9-1f390672a99a/none_v3 HTTP/1.0 200 - python-swiftclient-3.11.1 gAAAAABpIEX0NxMs... - 46 - tx4090752ceca448aba4627-006920466c - 0.0059 - - 1763722860.740955114 1763722860.746859550 0
Nov 21 11:01:00 standalone container-server[128062]: 172.20.0.100 - - [21/Nov/2025:11:01:00 +0000] "GET /d1/490/AUTH_0cecc8fadb4145d4bfca3c7bfba4ec48/gnocchi.46034511-6183-4029-9ba9-1f390672a99a" 200 357 "GET http://172.18.0.2:8080/v1/AUTH_0cecc8fadb4145d4bfca3c7bfba4ec48/gnocchi.46034511-6183-4029-9ba9-1f390672a99a?format=json&states=listing" "txa37505b7086a4a14814fc-006920466c" "proxy-server 20" 0.0064 "-" 22 0
Nov 21 11:01:00 standalone proxy-server[130074]: 172.18.0.2 172.18.0.100 21/Nov/2025/11/01/00 GET /v1/AUTH_0cecc8fadb4145d4bfca3c7bfba4ec48/gnocchi.46034511-6183-4029-9ba9-1f390672a99a%3Fformat%3Djson%26states%3Dlisting HTTP/1.0 200 - python-swiftclient-3.11.1 gAAAAABpIEX0NxMs... - 357 - txa37505b7086a4a14814fc-006920466c - 0.0116 - - 1763722860.749845743 1763722860.761494875 0
Nov 21 11:01:00 standalone container-server[128060]: 172.20.0.100 - - [21/Nov/2025:11:01:00 +0000] "GET /d1/490/AUTH_0cecc8fadb4145d4bfca3c7bfba4ec48/gnocchi.46034511-6183-4029-9ba9-1f390672a99a" 200 2 "GET http://172.18.0.2:8080/v1/AUTH_0cecc8fadb4145d4bfca3c7bfba4ec48/gnocchi.46034511-6183-4029-9ba9-1f390672a99a?format=json&marker=none_v3&states=listing" "tx08b2a5da4206419fa5fb2-006920466c" "proxy-server 20" 0.0018 "-" 20 0
Nov 21 11:01:00 standalone proxy-server[130074]: 172.18.0.2 172.18.0.100 21/Nov/2025/11/01/00 GET /v1/AUTH_0cecc8fadb4145d4bfca3c7bfba4ec48/gnocchi.46034511-6183-4029-9ba9-1f390672a99a%3Fformat%3Djson%26marker%3Dnone_v3%26states%3Dlisting HTTP/1.0 200 - python-swiftclient-3.11.1 gAAAAABpIEX0NxMs... - 2 - tx08b2a5da4206419fa5fb2-006920466c - 0.0112 - - 1763722860.764092922 1763722860.775308132 0
Nov 21 11:01:00 standalone object-server[128266]: 172.20.0.100 - - [21/Nov/2025:11:01:00 +0000] "GET /d1/410/AUTH_0cecc8fadb4145d4bfca3c7bfba4ec48/gnocchi.46034511-6183-4029-9ba9-1f390672a99a/1763640000.0_mean_300.0_v3" 200 16 "GET http://172.18.0.2:8080/v1/AUTH_0cecc8fadb4145d4bfca3c7bfba4ec48/gnocchi.46034511-6183-4029-9ba9-1f390672a99a/1763640000.0_mean_300.0_v3" "txb217f3173b0a4036a83f2-006920466c" "proxy-server 20" 0.0006 "-" 22 0
Nov 21 11:01:00 standalone proxy-server[130074]: 172.18.0.2 172.18.0.100 21/Nov/2025/11/01/00 GET /v1/AUTH_0cecc8fadb4145d4bfca3c7bfba4ec48/gnocchi.46034511-6183-4029-9ba9-1f390672a99a/1763640000.0_mean_300.0_v3 HTTP/1.0 200 - python-swiftclient-3.11.1 gAAAAABpIEX0NxMs... - 16 - txb217f3173b0a4036a83f2-006920466c - 0.0069 - - 1763722860.778422832 1763722860.785350323 0
Nov 21 11:01:00 standalone container-server[128061]: 172.20.0.100 - - [21/Nov/2025:11:01:00 +0000] "PUT /d1/490/AUTH_0cecc8fadb4145d4bfca3c7bfba4ec48/gnocchi.46034511-6183-4029-9ba9-1f390672a99a/1763640000.0_mean_300.0_v3" 201 - "PUT http://172.18.0.2:8080/d1/410/AUTH_0cecc8fadb4145d4bfca3c7bfba4ec48/gnocchi.46034511-6183-4029-9ba9-1f390672a99a/1763640000.0_mean_300.0_v3" "txd69a9b0962aa47f88e82a-006920466c" "object-server 23" 0.0018 "-" 21 0
Nov 21 11:01:00 standalone object-server[128267]: 172.20.0.100 - - [21/Nov/2025:11:01:00 +0000] "PUT /d1/410/AUTH_0cecc8fadb4145d4bfca3c7bfba4ec48/gnocchi.46034511-6183-4029-9ba9-1f390672a99a/1763640000.0_mean_300.0_v3" 201 - "PUT http://172.18.0.2:8080/v1/AUTH_0cecc8fadb4145d4bfca3c7bfba4ec48/gnocchi.46034511-6183-4029-9ba9-1f390672a99a/1763640000.0_mean_300.0_v3" "txd69a9b0962aa47f88e82a-006920466c" "proxy-server 20" 0.0155 "-" 23 0
Nov 21 11:01:00 standalone proxy-server[130074]: 172.18.0.2 172.18.0.100 21/Nov/2025/11/01/00 PUT /v1/AUTH_0cecc8fadb4145d4bfca3c7bfba4ec48/gnocchi.46034511-6183-4029-9ba9-1f390672a99a/1763640000.0_mean_300.0_v3 HTTP/1.0 201 - python-swiftclient-3.11.1 gAAAAABpIEX0NxMs... 16 - - txd69a9b0962aa47f88e82a-006920466c - 0.0204 - - 1763722860.791468382 1763722860.811877489 0
Nov 21 11:01:00 standalone container-server[128061]: 172.20.0.100 - - [21/Nov/2025:11:01:00 +0000] "PUT /d1/490/AUTH_0cecc8fadb4145d4bfca3c7bfba4ec48/gnocchi.46034511-6183-4029-9ba9-1f390672a99a/none_v3" 201 - "PUT http://172.18.0.2:8080/d1/487/AUTH_0cecc8fadb4145d4bfca3c7bfba4ec48/gnocchi.46034511-6183-4029-9ba9-1f390672a99a/none_v3" "tx69b993e0a76348299d6b0-006920466c" "object-server 22" 0.0005 "-" 21 0
Nov 21 11:01:00 standalone object-server[128266]: 172.20.0.100 - - [21/Nov/2025:11:01:00 +0000] "PUT /d1/487/AUTH_0cecc8fadb4145d4bfca3c7bfba4ec48/gnocchi.46034511-6183-4029-9ba9-1f390672a99a/none_v3" 201 - "PUT http://172.18.0.2:8080/v1/AUTH_0cecc8fadb4145d4bfca3c7bfba4ec48/gnocchi.46034511-6183-4029-9ba9-1f390672a99a/none_v3" "tx69b993e0a76348299d6b0-006920466c" "proxy-server 20" 0.0086 "-" 22 0
Nov 21 11:01:00 standalone proxy-server[130074]: 172.18.0.2 172.18.0.100 21/Nov/2025/11/01/00 PUT /v1/AUTH_0cecc8fadb4145d4bfca3c7bfba4ec48/gnocchi.46034511-6183-4029-9ba9-1f390672a99a/none_v3 HTTP/1.0 201 - python-swiftclient-3.11.1 gAAAAABpIEX0NxMs... 51 - - tx69b993e0a76348299d6b0-006920466c - 0.0129 - - 1763722860.815905571 1763722860.828777313 0
Nov 21 11:01:00 standalone object-server[128267]: 172.20.0.100 - - [21/Nov/2025:11:01:00 +0000] "GET /d1/622/AUTH_0cecc8fadb4145d4bfca3c7bfba4ec48/gnocchi.c18b3162-a3f5-4f7c-9418-8fc11ddd7606/none_v3" 200 22 "GET http://172.18.0.2:8080/v1/AUTH_0cecc8fadb4145d4bfca3c7bfba4ec48/gnocchi.c18b3162-a3f5-4f7c-9418-8fc11ddd7606/none_v3" "tx7f7e7f253e4d436ca5d75-006920466c" "proxy-server 20" 0.0007 "-" 23 0
Nov 21 11:01:00 standalone proxy-server[130074]: 172.18.0.2 172.18.0.100 21/Nov/2025/11/01/00 GET /v1/AUTH_0cecc8fadb4145d4bfca3c7bfba4ec48/gnocchi.c18b3162-a3f5-4f7c-9418-8fc11ddd7606/none_v3 HTTP/1.0 200 - python-swiftclient-3.11.1 gAAAAABpIEX0NxMs... - 22 - tx7f7e7f253e4d436ca5d75-006920466c - 0.0066 - - 1763722860.843476057 1763722860.850031137 0
Nov 21 11:01:00 standalone container-server[128062]: 172.20.0.100 - - [21/Nov/2025:11:01:00 +0000] "GET /d1/585/AUTH_0cecc8fadb4145d4bfca3c7bfba4ec48/gnocchi.c18b3162-a3f5-4f7c-9418-8fc11ddd7606" 200 357 "GET http://172.18.0.2:8080/v1/AUTH_0cecc8fadb4145d4bfca3c7bfba4ec48/gnocchi.c18b3162-a3f5-4f7c-9418-8fc11ddd7606?format=json&states=listing" "tx8d263f4843db48bf81a89-006920466c" "proxy-server 20" 0.0059 "-" 22 0
Nov 21 11:01:00 standalone proxy-server[130074]: 172.18.0.2 172.18.0.100 21/Nov/2025/11/01/00 GET /v1/AUTH_0cecc8fadb4145d4bfca3c7bfba4ec48/gnocchi.c18b3162-a3f5-4f7c-9418-8fc11ddd7606%3Fformat%3Djson%26states%3Dlisting HTTP/1.0 200 - python-swiftclient-3.11.1 gAAAAABpIEX0NxMs... - 357 - tx8d263f4843db48bf81a89-006920466c - 0.0149 - - 1763722860.853362799 1763722860.868224859 0
Nov 21 11:01:00 standalone container-server[128066]: 172.20.0.100 - - [21/Nov/2025:11:01:00 +0000] "GET /d1/585/AUTH_0cecc8fadb4145d4bfca3c7bfba4ec48/gnocchi.c18b3162-a3f5-4f7c-9418-8fc11ddd7606" 200 2 "GET http://172.18.0.2:8080/v1/AUTH_0cecc8fadb4145d4bfca3c7bfba4ec48/gnocchi.c18b3162-a3f5-4f7c-9418-8fc11ddd7606?format=json&marker=none_v3&states=listing" "tx6c3cec09d8da4fad8e04b-006920466c" "proxy-server 20" 0.0024 "-" 23 0
Nov 21 11:01:00 standalone proxy-server[130074]: 172.18.0.2 172.18.0.100 21/Nov/2025/11/01/00 GET /v1/AUTH_0cecc8fadb4145d4bfca3c7bfba4ec48/gnocchi.c18b3162-a3f5-4f7c-9418-8fc11ddd7606%3Fformat%3Djson%26marker%3Dnone_v3%26states%3Dlisting HTTP/1.0 200 - python-swiftclient-3.11.1 gAAAAABpIEX0NxMs... - 2 - tx6c3cec09d8da4fad8e04b-006920466c - 0.0071 - - 1763722860.870792627 1763722860.877876520 0
Nov 21 11:01:00 standalone object-server[128268]: 172.20.0.100 - - [21/Nov/2025:11:01:00 +0000] "GET /d1/337/AUTH_0cecc8fadb4145d4bfca3c7bfba4ec48/gnocchi.c18b3162-a3f5-4f7c-9418-8fc11ddd7606/1763640000.0_mean_300.0_v3" 200 16 "GET http://172.18.0.2:8080/v1/AUTH_0cecc8fadb4145d4bfca3c7bfba4ec48/gnocchi.c18b3162-a3f5-4f7c-9418-8fc11ddd7606/1763640000.0_mean_300.0_v3" "tx8b7636aad479404d9fc2a-006920466c" "proxy-server 20" 0.0008 "-" 24 0
Nov 21 11:01:00 standalone proxy-server[130074]: 172.18.0.2 172.18.0.100 21/Nov/2025/11/01/00 GET /v1/AUTH_0cecc8fadb4145d4bfca3c7bfba4ec48/gnocchi.c18b3162-a3f5-4f7c-9418-8fc11ddd7606/1763640000.0_mean_300.0_v3 HTTP/1.0 200 - python-swiftclient-3.11.1 gAAAAABpIEX0NxMs... - 16 - tx8b7636aad479404d9fc2a-006920466c - 0.0052 - - 1763722860.881585598 1763722860.886780977 0
Nov 21 11:01:00 standalone container-server[128062]: 172.20.0.100 - - [21/Nov/2025:11:01:00 +0000] "PUT /d1/585/AUTH_0cecc8fadb4145d4bfca3c7bfba4ec48/gnocchi.c18b3162-a3f5-4f7c-9418-8fc11ddd7606/1763640000.0_mean_300.0_v3" 201 - "PUT http://172.18.0.2:8080/d1/337/AUTH_0cecc8fadb4145d4bfca3c7bfba4ec48/gnocchi.c18b3162-a3f5-4f7c-9418-8fc11ddd7606/1763640000.0_mean_300.0_v3" "txcb7868ff519e4e9185183-006920466c" "object-server 25" 0.0005 "-" 22 0
Nov 21 11:01:00 standalone object-server[128269]: 172.20.0.100 - - [21/Nov/2025:11:01:00 +0000] "PUT /d1/337/AUTH_0cecc8fadb4145d4bfca3c7bfba4ec48/gnocchi.c18b3162-a3f5-4f7c-9418-8fc11ddd7606/1763640000.0_mean_300.0_v3" 201 - "PUT http://172.18.0.2:8080/v1/AUTH_0cecc8fadb4145d4bfca3c7bfba4ec48/gnocchi.c18b3162-a3f5-4f7c-9418-8fc11ddd7606/1763640000.0_mean_300.0_v3" "txcb7868ff519e4e9185183-006920466c" "proxy-server 20" 0.0101 "-" 25 0
Nov 21 11:01:00 standalone proxy-server[130074]: 172.18.0.2 172.18.0.100 21/Nov/2025/11/01/00 PUT /v1/AUTH_0cecc8fadb4145d4bfca3c7bfba4ec48/gnocchi.c18b3162-a3f5-4f7c-9418-8fc11ddd7606/1763640000.0_mean_300.0_v3 HTTP/1.0 201 - python-swiftclient-3.11.1 gAAAAABpIEX0NxMs... 16 - - txcb7868ff519e4e9185183-006920466c - 0.0144 - - 1763722860.889236450 1763722860.903640747 0
Nov 21 11:01:00 standalone container-server[128066]: 172.20.0.100 - - [21/Nov/2025:11:01:00 +0000] "PUT /d1/585/AUTH_0cecc8fadb4145d4bfca3c7bfba4ec48/gnocchi.c18b3162-a3f5-4f7c-9418-8fc11ddd7606/none_v3" 201 - "PUT http://172.18.0.2:8080/d1/622/AUTH_0cecc8fadb4145d4bfca3c7bfba4ec48/gnocchi.c18b3162-a3f5-4f7c-9418-8fc11ddd7606/none_v3" "tx975532a2aee441529d640-006920466c" "object-server 25" 0.0006 "-" 23 0
Nov 21 11:01:00 standalone object-server[128269]: 172.20.0.100 - - [21/Nov/2025:11:01:00 +0000] "PUT /d1/622/AUTH_0cecc8fadb4145d4bfca3c7bfba4ec48/gnocchi.c18b3162-a3f5-4f7c-9418-8fc11ddd7606/none_v3" 201 - "PUT http://172.18.0.2:8080/v1/AUTH_0cecc8fadb4145d4bfca3c7bfba4ec48/gnocchi.c18b3162-a3f5-4f7c-9418-8fc11ddd7606/none_v3" "tx975532a2aee441529d640-006920466c" "proxy-server 20" 0.0377 "-" 25 0
Nov 21 11:01:00 standalone proxy-server[130074]: 172.18.0.2 172.18.0.100 21/Nov/2025/11/01/00 PUT /v1/AUTH_0cecc8fadb4145d4bfca3c7bfba4ec48/gnocchi.c18b3162-a3f5-4f7c-9418-8fc11ddd7606/none_v3 HTTP/1.0 201 - python-swiftclient-3.11.1 gAAAAABpIEX0NxMs... 32 - - tx975532a2aee441529d640-006920466c - 0.0426 - - 1763722860.907731295 1763722860.950377941 0
Nov 21 11:01:00 standalone object-server[128267]: 172.20.0.100 - - [21/Nov/2025:11:01:00 +0000] "GET /d1/1019/AUTH_0cecc8fadb4145d4bfca3c7bfba4ec48/gnocchi.3b2d114a-829b-4d58-afae-2921f4a4900f/none_v3" 200 22 "GET http://172.18.0.2:8080/v1/AUTH_0cecc8fadb4145d4bfca3c7bfba4ec48/gnocchi.3b2d114a-829b-4d58-afae-2921f4a4900f/none_v3" "tx67a5b7147e40487b9b86d-006920466c" "proxy-server 20" 0.0006 "-" 23 0
Nov 21 11:01:00 standalone proxy-server[130074]: 172.18.0.2 172.18.0.100 21/Nov/2025/11/01/00 GET /v1/AUTH_0cecc8fadb4145d4bfca3c7bfba4ec48/gnocchi.3b2d114a-829b-4d58-afae-2921f4a4900f/none_v3 HTTP/1.0 200 - python-swiftclient-3.11.1 gAAAAABpIEX0NxMs... - 22 - tx67a5b7147e40487b9b86d-006920466c - 0.0052 - - 1763722860.959465981 1763722860.964642525 0
Nov 21 11:01:00 standalone container-server[128066]: 172.20.0.100 - - [21/Nov/2025:11:01:00 +0000] "GET /d1/637/AUTH_0cecc8fadb4145d4bfca3c7bfba4ec48/gnocchi.3b2d114a-829b-4d58-afae-2921f4a4900f" 200 357 "GET http://172.18.0.2:8080/v1/AUTH_0cecc8fadb4145d4bfca3c7bfba4ec48/gnocchi.3b2d114a-829b-4d58-afae-2921f4a4900f?format=json&states=listing" "txa1733bf30a5d47638aad1-006920466c" "proxy-server 20" 0.0087 "-" 23 0
Nov 21 11:01:00 standalone proxy-server[130074]: 172.18.0.2 172.18.0.100 21/Nov/2025/11/01/00 GET /v1/AUTH_0cecc8fadb4145d4bfca3c7bfba4ec48/gnocchi.3b2d114a-829b-4d58-afae-2921f4a4900f%3Fformat%3Djson%26states%3Dlisting HTTP/1.0 200 - python-swiftclient-3.11.1 gAAAAABpIEX0NxMs... - 357 - txa1733bf30a5d47638aad1-006920466c - 0.0137 - - 1763722860.975828886 1763722860.989495993 0
Nov 21 11:01:00 standalone container-server[128066]: 172.20.0.100 - - [21/Nov/2025:11:01:00 +0000] "GET /d1/637/AUTH_0cecc8fadb4145d4bfca3c7bfba4ec48/gnocchi.3b2d114a-829b-4d58-afae-2921f4a4900f" 200 2 "GET http://172.18.0.2:8080/v1/AUTH_0cecc8fadb4145d4bfca3c7bfba4ec48/gnocchi.3b2d114a-829b-4d58-afae-2921f4a4900f?format=json&marker=none_v3&states=listing" "txe750f2b0dd784f67afb11-006920466c" "proxy-server 20" 0.0014 "-" 23 0
Nov 21 11:01:01 standalone proxy-server[130074]: 172.18.0.2 172.18.0.100 21/Nov/2025/11/01/01 GET /v1/AUTH_0cecc8fadb4145d4bfca3c7bfba4ec48/gnocchi.3b2d114a-829b-4d58-afae-2921f4a4900f%3Fformat%3Djson%26marker%3Dnone_v3%26states%3Dlisting HTTP/1.0 200 - python-swiftclient-3.11.1 gAAAAABpIEX0NxMs... - 2 - txe750f2b0dd784f67afb11-006920466c - 0.0096 - - 1763722860.991890430 1763722861.001456738 0
Nov 21 11:01:01 standalone object-server[128269]: 172.20.0.100 - - [21/Nov/2025:11:01:01 +0000] "GET /d1/815/AUTH_0cecc8fadb4145d4bfca3c7bfba4ec48/gnocchi.3b2d114a-829b-4d58-afae-2921f4a4900f/1763640000.0_mean_300.0_v3" 200 16 "GET http://172.18.0.2:8080/v1/AUTH_0cecc8fadb4145d4bfca3c7bfba4ec48/gnocchi.3b2d114a-829b-4d58-afae-2921f4a4900f/1763640000.0_mean_300.0_v3" "txe47f132d65be47f09fd4f-006920466d" "proxy-server 20" 0.0008 "-" 25 0
Nov 21 11:01:01 standalone proxy-server[130074]: 172.18.0.2 172.18.0.100 21/Nov/2025/11/01/01 GET /v1/AUTH_0cecc8fadb4145d4bfca3c7bfba4ec48/gnocchi.3b2d114a-829b-4d58-afae-2921f4a4900f/1763640000.0_mean_300.0_v3 HTTP/1.0 200 - python-swiftclient-3.11.1 gAAAAABpIEX0NxMs... - 16 - txe47f132d65be47f09fd4f-006920466d - 0.0066 - - 1763722861.003883362 1763722861.010511637 0
Nov 21 11:01:01 standalone container-server[128061]: 172.20.0.100 - - [21/Nov/2025:11:01:01 +0000] "PUT /d1/637/AUTH_0cecc8fadb4145d4bfca3c7bfba4ec48/gnocchi.3b2d114a-829b-4d58-afae-2921f4a4900f/1763640000.0_mean_300.0_v3" 201 - "PUT http://172.18.0.2:8080/d1/815/AUTH_0cecc8fadb4145d4bfca3c7bfba4ec48/gnocchi.3b2d114a-829b-4d58-afae-2921f4a4900f/1763640000.0_mean_300.0_v3" "tx53f37af800b242c4947cd-006920466d" "object-server 22" 0.0006 "-" 21 0
Nov 21 11:01:01 standalone object-server[128266]: 172.20.0.100 - - [21/Nov/2025:11:01:01 +0000] "PUT /d1/815/AUTH_0cecc8fadb4145d4bfca3c7bfba4ec48/gnocchi.3b2d114a-829b-4d58-afae-2921f4a4900f/1763640000.0_mean_300.0_v3" 201 - "PUT http://172.18.0.2:8080/v1/AUTH_0cecc8fadb4145d4bfca3c7bfba4ec48/gnocchi.3b2d114a-829b-4d58-afae-2921f4a4900f/1763640000.0_mean_300.0_v3" "tx53f37af800b242c4947cd-006920466d" "proxy-server 20" 0.0088 "-" 22 0
Nov 21 11:01:01 standalone proxy-server[130074]: 172.18.0.2 172.18.0.100 21/Nov/2025/11/01/01 PUT /v1/AUTH_0cecc8fadb4145d4bfca3c7bfba4ec48/gnocchi.3b2d114a-829b-4d58-afae-2921f4a4900f/1763640000.0_mean_300.0_v3 HTTP/1.0 201 - python-swiftclient-3.11.1 gAAAAABpIEX0NxMs... 16 - - tx53f37af800b242c4947cd-006920466d - 0.0138 - - 1763722861.012549162 1763722861.026329041 0
Nov 21 11:01:01 standalone container-server[128061]: 172.20.0.100 - - [21/Nov/2025:11:01:01 +0000] "PUT /d1/637/AUTH_0cecc8fadb4145d4bfca3c7bfba4ec48/gnocchi.3b2d114a-829b-4d58-afae-2921f4a4900f/none_v3" 201 - "PUT http://172.18.0.2:8080/d1/1019/AUTH_0cecc8fadb4145d4bfca3c7bfba4ec48/gnocchi.3b2d114a-829b-4d58-afae-2921f4a4900f/none_v3" "tx660395b2960f4b6dba653-006920466d" "object-server 23" 0.0004 "-" 21 0
Nov 21 11:01:01 standalone object-server[128267]: 172.20.0.100 - - [21/Nov/2025:11:01:01 +0000] "PUT /d1/1019/AUTH_0cecc8fadb4145d4bfca3c7bfba4ec48/gnocchi.3b2d114a-829b-4d58-afae-2921f4a4900f/none_v3" 201 - "PUT http://172.18.0.2:8080/v1/AUTH_0cecc8fadb4145d4bfca3c7bfba4ec48/gnocchi.3b2d114a-829b-4d58-afae-2921f4a4900f/none_v3" "tx660395b2960f4b6dba653-006920466d" "proxy-server 20" 0.0103 "-" 23 0
Nov 21 11:01:01 standalone proxy-server[130074]: 172.18.0.2 172.18.0.100 21/Nov/2025/11/01/01 PUT /v1/AUTH_0cecc8fadb4145d4bfca3c7bfba4ec48/gnocchi.3b2d114a-829b-4d58-afae-2921f4a4900f/none_v3 HTTP/1.0 201 - python-swiftclient-3.11.1 gAAAAABpIEX0NxMs... 32 - - tx660395b2960f4b6dba653-006920466d - 0.0143 - - 1763722861.028165340 1763722861.042475939 0
Nov 21 11:01:01 standalone object-server[128267]: 172.20.0.100 - - [21/Nov/2025:11:01:01 +0000] "GET /d1/73/AUTH_0cecc8fadb4145d4bfca3c7bfba4ec48/gnocchi.72719bd4-0cfa-49f6-bfea-a57466b727cb/none_v3" 200 22 "GET http://172.18.0.2:8080/v1/AUTH_0cecc8fadb4145d4bfca3c7bfba4ec48/gnocchi.72719bd4-0cfa-49f6-bfea-a57466b727cb/none_v3" "tx99267fdca3b647dea33a5-006920466d" "proxy-server 20" 0.0004 "-" 23 0
Nov 21 11:01:01 standalone proxy-server[130074]: 172.18.0.2 172.18.0.100 21/Nov/2025/11/01/01 GET /v1/AUTH_0cecc8fadb4145d4bfca3c7bfba4ec48/gnocchi.72719bd4-0cfa-49f6-bfea-a57466b727cb/none_v3 HTTP/1.0 200 - python-swiftclient-3.11.1 gAAAAABpIEX0NxMs... - 22 - tx99267fdca3b647dea33a5-006920466d - 0.0041 - - 1763722861.056118727 1763722861.060214996 0
Nov 21 11:01:01 standalone container-server[128061]: 172.20.0.100 - - [21/Nov/2025:11:01:01 +0000] "GET /d1/885/AUTH_0cecc8fadb4145d4bfca3c7bfba4ec48/gnocchi.72719bd4-0cfa-49f6-bfea-a57466b727cb" 200 357 "GET http://172.18.0.2:8080/v1/AUTH_0cecc8fadb4145d4bfca3c7bfba4ec48/gnocchi.72719bd4-0cfa-49f6-bfea-a57466b727cb?format=json&states=listing" "tx6736d96b73ea468090d99-006920466d" "proxy-server 20" 0.0105 "-" 21 0
Nov 21 11:01:01 standalone proxy-server[130074]: 172.18.0.2 172.18.0.100 21/Nov/2025/11/01/01 GET /v1/AUTH_0cecc8fadb4145d4bfca3c7bfba4ec48/gnocchi.72719bd4-0cfa-49f6-bfea-a57466b727cb%3Fformat%3Djson%26states%3Dlisting HTTP/1.0 200 - python-swiftclient-3.11.1 gAAAAABpIEX0NxMs... - 357 - tx6736d96b73ea468090d99-006920466d - 0.0170 - - 1763722861.063949823 1763722861.080960512 0
Nov 21 11:01:01 standalone container-server[128061]: 172.20.0.100 - - [21/Nov/2025:11:01:01 +0000] "GET /d1/885/AUTH_0cecc8fadb4145d4bfca3c7bfba4ec48/gnocchi.72719bd4-0cfa-49f6-bfea-a57466b727cb" 200 2 "GET http://172.18.0.2:8080/v1/AUTH_0cecc8fadb4145d4bfca3c7bfba4ec48/gnocchi.72719bd4-0cfa-49f6-bfea-a57466b727cb?format=json&marker=none_v3&states=listing" "txaa3b84a1a94347cbb8a7a-006920466d" "proxy-server 20" 0.0024 "-" 21 0
Nov 21 11:01:01 standalone proxy-server[130074]: 172.18.0.2 172.18.0.100 21/Nov/2025/11/01/01 GET /v1/AUTH_0cecc8fadb4145d4bfca3c7bfba4ec48/gnocchi.72719bd4-0cfa-49f6-bfea-a57466b727cb%3Fformat%3Djson%26marker%3Dnone_v3%26states%3Dlisting HTTP/1.0 200 - python-swiftclient-3.11.1 gAAAAABpIEX0NxMs... - 2 - txaa3b84a1a94347cbb8a7a-006920466d - 0.0143 - - 1763722861.088591576 1763722861.102887869 0
Nov 21 11:01:01 standalone object-server[128266]: 172.20.0.100 - - [21/Nov/2025:11:01:01 +0000] "GET /d1/650/AUTH_0cecc8fadb4145d4bfca3c7bfba4ec48/gnocchi.72719bd4-0cfa-49f6-bfea-a57466b727cb/1763640000.0_mean_300.0_v3" 200 16 "GET http://172.18.0.2:8080/v1/AUTH_0cecc8fadb4145d4bfca3c7bfba4ec48/gnocchi.72719bd4-0cfa-49f6-bfea-a57466b727cb/1763640000.0_mean_300.0_v3" "tx09df217daddd42558db1a-006920466d" "proxy-server 20" 0.0008 "-" 22 0
Nov 21 11:01:01 standalone proxy-server[130074]: 172.18.0.2 172.18.0.100 21/Nov/2025/11/01/01 GET /v1/AUTH_0cecc8fadb4145d4bfca3c7bfba4ec48/gnocchi.72719bd4-0cfa-49f6-bfea-a57466b727cb/1763640000.0_mean_300.0_v3 HTTP/1.0 200 - python-swiftclient-3.11.1 gAAAAABpIEX0NxMs... - 16 - tx09df217daddd42558db1a-006920466d - 0.0056 - - 1763722861.106858253 1763722861.112494707 0
Nov 21 11:01:01 standalone container-server[128061]: 172.20.0.100 - - [21/Nov/2025:11:01:01 +0000] "PUT /d1/885/AUTH_0cecc8fadb4145d4bfca3c7bfba4ec48/gnocchi.72719bd4-0cfa-49f6-bfea-a57466b727cb/1763640000.0_mean_300.0_v3" 201 - "PUT http://172.18.0.2:8080/d1/650/AUTH_0cecc8fadb4145d4bfca3c7bfba4ec48/gnocchi.72719bd4-0cfa-49f6-bfea-a57466b727cb/1763640000.0_mean_300.0_v3" "tx68c960d99b1d4d26b31d6-006920466d" "object-server 24" 0.0006 "-" 21 0
Nov 21 11:01:01 standalone object-server[128268]: 172.20.0.100 - - [21/Nov/2025:11:01:01 +0000] "PUT /d1/650/AUTH_0cecc8fadb4145d4bfca3c7bfba4ec48/gnocchi.72719bd4-0cfa-49f6-bfea-a57466b727cb/1763640000.0_mean_300.0_v3" 201 - "PUT http://172.18.0.2:8080/v1/AUTH_0cecc8fadb4145d4bfca3c7bfba4ec48/gnocchi.72719bd4-0cfa-49f6-bfea-a57466b727cb/1763640000.0_mean_300.0_v3" "tx68c960d99b1d4d26b31d6-006920466d" "proxy-server 20" 0.0106 "-" 24 0
Nov 21 11:01:01 standalone proxy-server[130074]: 172.18.0.2 172.18.0.100 21/Nov/2025/11/01/01 PUT /v1/AUTH_0cecc8fadb4145d4bfca3c7bfba4ec48/gnocchi.72719bd4-0cfa-49f6-bfea-a57466b727cb/1763640000.0_mean_300.0_v3 HTTP/1.0 201 - python-swiftclient-3.11.1 gAAAAABpIEX0NxMs... 16 - - tx68c960d99b1d4d26b31d6-006920466d - 0.0169 - - 1763722861.115703344 1763722861.132644653 0
Nov 21 11:01:01 standalone container-server[128066]: 172.20.0.100 - - [21/Nov/2025:11:01:01 +0000] "PUT /d1/885/AUTH_0cecc8fadb4145d4bfca3c7bfba4ec48/gnocchi.72719bd4-0cfa-49f6-bfea-a57466b727cb/none_v3" 201 - "PUT http://172.18.0.2:8080/d1/73/AUTH_0cecc8fadb4145d4bfca3c7bfba4ec48/gnocchi.72719bd4-0cfa-49f6-bfea-a57466b727cb/none_v3" "txd636ba452bdc4268afb61-006920466d" "object-server 24" 0.0005 "-" 23 0
Nov 21 11:01:01 standalone object-server[128268]: 172.20.0.100 - - [21/Nov/2025:11:01:01 +0000] "PUT /d1/73/AUTH_0cecc8fadb4145d4bfca3c7bfba4ec48/gnocchi.72719bd4-0cfa-49f6-bfea-a57466b727cb/none_v3" 201 - "PUT http://172.18.0.2:8080/v1/AUTH_0cecc8fadb4145d4bfca3c7bfba4ec48/gnocchi.72719bd4-0cfa-49f6-bfea-a57466b727cb/none_v3" "txd636ba452bdc4268afb61-006920466d" "proxy-server 20" 0.0089 "-" 24 0
Nov 21 11:01:01 standalone proxy-server[130074]: 172.18.0.2 172.18.0.100 21/Nov/2025/11/01/01 PUT /v1/AUTH_0cecc8fadb4145d4bfca3c7bfba4ec48/gnocchi.72719bd4-0cfa-49f6-bfea-a57466b727cb/none_v3 HTTP/1.0 201 - python-swiftclient-3.11.1 gAAAAABpIEX0NxMs... 32 - - txd636ba452bdc4268afb61-006920466d - 0.0175 - - 1763722861.136234760 1763722861.153741837 0
Nov 21 11:01:01 standalone object-server[128266]: 172.20.0.100 - - [21/Nov/2025:11:01:01 +0000] "GET /d1/528/AUTH_0cecc8fadb4145d4bfca3c7bfba4ec48/gnocchi.c3f18bab-75a5-4cdf-8300-0a4b03a2b2fa/none_v3" 200 22 "GET http://172.18.0.2:8080/v1/AUTH_0cecc8fadb4145d4bfca3c7bfba4ec48/gnocchi.c3f18bab-75a5-4cdf-8300-0a4b03a2b2fa/none_v3" "tx44a0a8d40af84085b9132-006920466d" "proxy-server 20" 0.0006 "-" 22 0
Nov 21 11:01:01 standalone proxy-server[130074]: 172.18.0.2 172.18.0.100 21/Nov/2025/11/01/01 GET /v1/AUTH_0cecc8fadb4145d4bfca3c7bfba4ec48/gnocchi.c3f18bab-75a5-4cdf-8300-0a4b03a2b2fa/none_v3 HTTP/1.0 200 - python-swiftclient-3.11.1 gAAAAABpIEX0NxMs... - 22 - tx44a0a8d40af84085b9132-006920466d - 0.0068 - - 1763722861.172727108 1763722861.179489613 0
Nov 21 11:01:01 standalone container-server[128060]: 172.20.0.100 - - [21/Nov/2025:11:01:01 +0000] "GET /d1/46/AUTH_0cecc8fadb4145d4bfca3c7bfba4ec48/gnocchi.c3f18bab-75a5-4cdf-8300-0a4b03a2b2fa" 200 357 "GET http://172.18.0.2:8080/v1/AUTH_0cecc8fadb4145d4bfca3c7bfba4ec48/gnocchi.c3f18bab-75a5-4cdf-8300-0a4b03a2b2fa?format=json&states=listing" "txc1f12c3cb6fd4bc190d31-006920466d" "proxy-server 20" 0.0101 "-" 20 0
Nov 21 11:01:01 standalone proxy-server[130074]: 172.18.0.2 172.18.0.100 21/Nov/2025/11/01/01 GET /v1/AUTH_0cecc8fadb4145d4bfca3c7bfba4ec48/gnocchi.c3f18bab-75a5-4cdf-8300-0a4b03a2b2fa%3Fformat%3Djson%26states%3Dlisting HTTP/1.0 200 - python-swiftclient-3.11.1 gAAAAABpIEX0NxMs... - 357 - txc1f12c3cb6fd4bc190d31-006920466d - 0.0165 - - 1763722861.183592796 1763722861.200120211 0
Nov 21 11:01:01 standalone container-server[128062]: 172.20.0.100 - - [21/Nov/2025:11:01:01 +0000] "GET /d1/46/AUTH_0cecc8fadb4145d4bfca3c7bfba4ec48/gnocchi.c3f18bab-75a5-4cdf-8300-0a4b03a2b2fa" 200 2 "GET http://172.18.0.2:8080/v1/AUTH_0cecc8fadb4145d4bfca3c7bfba4ec48/gnocchi.c3f18bab-75a5-4cdf-8300-0a4b03a2b2fa?format=json&marker=none_v3&states=listing" "tx0f3dc1e0f49d47b0887ef-006920466d" "proxy-server 20" 0.0017 "-" 22 0
Nov 21 11:01:01 standalone proxy-server[130074]: 172.18.0.2 172.18.0.100 21/Nov/2025/11/01/01 GET /v1/AUTH_0cecc8fadb4145d4bfca3c7bfba4ec48/gnocchi.c3f18bab-75a5-4cdf-8300-0a4b03a2b2fa%3Fformat%3Djson%26marker%3Dnone_v3%26states%3Dlisting HTTP/1.0 200 - python-swiftclient-3.11.1 gAAAAABpIEX0NxMs... - 2 - tx0f3dc1e0f49d47b0887ef-006920466d - 0.0067 - - 1763722861.202684879 1763722861.209401608 0
Nov 21 11:01:01 standalone object-server[128267]: 172.20.0.100 - - [21/Nov/2025:11:01:01 +0000] "GET /d1/491/AUTH_0cecc8fadb4145d4bfca3c7bfba4ec48/gnocchi.c3f18bab-75a5-4cdf-8300-0a4b03a2b2fa/1763640000.0_mean_300.0_v3" 200 16 "GET http://172.18.0.2:8080/v1/AUTH_0cecc8fadb4145d4bfca3c7bfba4ec48/gnocchi.c3f18bab-75a5-4cdf-8300-0a4b03a2b2fa/1763640000.0_mean_300.0_v3" "txe080c581f6a046f5ab13d-006920466d" "proxy-server 20" 0.0006 "-" 23 0
Nov 21 11:01:01 standalone proxy-server[130074]: 172.18.0.2 172.18.0.100 21/Nov/2025/11/01/01 GET /v1/AUTH_0cecc8fadb4145d4bfca3c7bfba4ec48/gnocchi.c3f18bab-75a5-4cdf-8300-0a4b03a2b2fa/1763640000.0_mean_300.0_v3 HTTP/1.0 200 - python-swiftclient-3.11.1 gAAAAABpIEX0NxMs... - 16 - txe080c581f6a046f5ab13d-006920466d - 0.0115 - - 1763722861.213177443 1763722861.224627972 0
Nov 21 11:01:01 standalone container-server[128061]: 172.20.0.100 - - [21/Nov/2025:11:01:01 +0000] "PUT /d1/46/AUTH_0cecc8fadb4145d4bfca3c7bfba4ec48/gnocchi.c3f18bab-75a5-4cdf-8300-0a4b03a2b2fa/1763640000.0_mean_300.0_v3" 201 - "PUT http://172.18.0.2:8080/d1/491/AUTH_0cecc8fadb4145d4bfca3c7bfba4ec48/gnocchi.c3f18bab-75a5-4cdf-8300-0a4b03a2b2fa/1763640000.0_mean_300.0_v3" "tx4d1f510a846948c09b71b-006920466d" "object-server 22" 0.0005 "-" 21 0
Nov 21 11:01:01 standalone object-server[128266]: 172.20.0.100 - - [21/Nov/2025:11:01:01 +0000] "PUT /d1/491/AUTH_0cecc8fadb4145d4bfca3c7bfba4ec48/gnocchi.c3f18bab-75a5-4cdf-8300-0a4b03a2b2fa/1763640000.0_mean_300.0_v3" 201 - "PUT http://172.18.0.2:8080/v1/AUTH_0cecc8fadb4145d4bfca3c7bfba4ec48/gnocchi.c3f18bab-75a5-4cdf-8300-0a4b03a2b2fa/1763640000.0_mean_300.0_v3" "tx4d1f510a846948c09b71b-006920466d" "proxy-server 20" 0.0113 "-" 22 0
Nov 21 11:01:01 standalone proxy-server[130074]: 172.18.0.2 172.18.0.100 21/Nov/2025/11/01/01 PUT /v1/AUTH_0cecc8fadb4145d4bfca3c7bfba4ec48/gnocchi.c3f18bab-75a5-4cdf-8300-0a4b03a2b2fa/1763640000.0_mean_300.0_v3 HTTP/1.0 201 - python-swiftclient-3.11.1 gAAAAABpIEX0NxMs... 16 - - tx4d1f510a846948c09b71b-006920466d - 0.0210 - - 1763722861.229693651 1763722861.250719547 0
Nov 21 11:01:01 standalone container-server[128060]: 172.20.0.100 - - [21/Nov/2025:11:01:01 +0000] "PUT /d1/46/AUTH_0cecc8fadb4145d4bfca3c7bfba4ec48/gnocchi.c3f18bab-75a5-4cdf-8300-0a4b03a2b2fa/none_v3" 201 - "PUT http://172.18.0.2:8080/d1/528/AUTH_0cecc8fadb4145d4bfca3c7bfba4ec48/gnocchi.c3f18bab-75a5-4cdf-8300-0a4b03a2b2fa/none_v3" "txe3b1182b47d9407f98246-006920466d" "object-server 24" 0.0005 "-" 20 0
Nov 21 11:01:01 standalone object-server[128268]: 172.20.0.100 - - [21/Nov/2025:11:01:01 +0000] "PUT /d1/528/AUTH_0cecc8fadb4145d4bfca3c7bfba4ec48/gnocchi.c3f18bab-75a5-4cdf-8300-0a4b03a2b2fa/none_v3" 201 - "PUT http://172.18.0.2:8080/v1/AUTH_0cecc8fadb4145d4bfca3c7bfba4ec48/gnocchi.c3f18bab-75a5-4cdf-8300-0a4b03a2b2fa/none_v3" "txe3b1182b47d9407f98246-006920466d" "proxy-server 20" 0.0110 "-" 24 0
Nov 21 11:01:01 standalone proxy-server[130074]: 172.18.0.2 172.18.0.100 21/Nov/2025/11/01/01 PUT /v1/AUTH_0cecc8fadb4145d4bfca3c7bfba4ec48/gnocchi.c3f18bab-75a5-4cdf-8300-0a4b03a2b2fa/none_v3 HTTP/1.0 201 - python-swiftclient-3.11.1 gAAAAABpIEX0NxMs... 32 - - txe3b1182b47d9407f98246-006920466d - 0.0160 - - 1763722861.254083872 1763722861.270073891 0
Nov 21 11:01:03 standalone container-server[128066]: 172.20.0.100 - - [21/Nov/2025:11:01:03 +0000] "HEAD /d1/1003/AUTH_0cecc8fadb4145d4bfca3c7bfba4ec48/gnocchi.14f8986f-2d92-4c8d-88c7-d7b3e92333d7" 404 - "HEAD http://172.18.0.2:8080/v1/AUTH_0cecc8fadb4145d4bfca3c7bfba4ec48/gnocchi.14f8986f-2d92-4c8d-88c7-d7b3e92333d7?format=json&states=listing" "tx83356f935a7b44a3a68b3-006920466f" "proxy-server 20" 0.0008 "-" 23 0
Nov 21 11:01:03 standalone object-server[128268]: 172.20.0.100 - - [21/Nov/2025:11:01:03 +0000] "GET /d1/476/AUTH_0cecc8fadb4145d4bfca3c7bfba4ec48/gnocchi.14f8986f-2d92-4c8d-88c7-d7b3e92333d7/none_v3" 404 70 "GET http://172.18.0.2:8080/v1/AUTH_0cecc8fadb4145d4bfca3c7bfba4ec48/gnocchi.14f8986f-2d92-4c8d-88c7-d7b3e92333d7/none_v3" "tx83356f935a7b44a3a68b3-006920466f" "proxy-server 20" 0.0006 "-" 24 0
Nov 21 11:01:03 standalone proxy-server[130074]: 172.18.0.2 172.18.0.100 21/Nov/2025/11/01/03 GET /v1/AUTH_0cecc8fadb4145d4bfca3c7bfba4ec48/gnocchi.14f8986f-2d92-4c8d-88c7-d7b3e92333d7/none_v3 HTTP/1.0 404 - python-swiftclient-3.11.1 gAAAAABpIEX0NxMs... - 70 - tx83356f935a7b44a3a68b3-006920466f - 0.0147 - - 1763722863.937890291 1763722863.952578545 0
Nov 21 11:01:03 standalone account-server[127889]: 172.20.0.100 - - [21/Nov/2025:11:01:03 +0000] "PUT /d1/995/AUTH_0cecc8fadb4145d4bfca3c7bfba4ec48/gnocchi.14f8986f-2d92-4c8d-88c7-d7b3e92333d7" 201 - "PUT http://172.20.0.100:6001/d1/1003/AUTH_0cecc8fadb4145d4bfca3c7bfba4ec48/gnocchi.14f8986f-2d92-4c8d-88c7-d7b3e92333d7" "tx69c5131f2c6f4981826f6-006920466f" "container-server 23" 0.0056 "-" 14 0
Nov 21 11:01:03 standalone container-server[128066]: 172.20.0.100 - - [21/Nov/2025:11:01:03 +0000] "PUT /d1/1003/AUTH_0cecc8fadb4145d4bfca3c7bfba4ec48/gnocchi.14f8986f-2d92-4c8d-88c7-d7b3e92333d7" 201 - "PUT http://172.18.0.2:8080/v1/AUTH_0cecc8fadb4145d4bfca3c7bfba4ec48/gnocchi.14f8986f-2d92-4c8d-88c7-d7b3e92333d7" "tx69c5131f2c6f4981826f6-006920466f" "proxy-server 20" 0.0215 "-" 23 0
Nov 21 11:01:03 standalone proxy-server[130074]: 172.18.0.2 172.18.0.100 21/Nov/2025/11/01/03 PUT /v1/AUTH_0cecc8fadb4145d4bfca3c7bfba4ec48/gnocchi.14f8986f-2d92-4c8d-88c7-d7b3e92333d7 HTTP/1.0 201 - python-swiftclient-3.11.1 gAAAAABpIEX0NxMs... - - - tx69c5131f2c6f4981826f6-006920466f - 0.0297 - - 1763722863.957098007 1763722863.986817360 0
Nov 21 11:01:04 standalone container-server[128066]: 172.20.0.100 - - [21/Nov/2025:11:01:03 +0000] "HEAD /d1/1003/AUTH_0cecc8fadb4145d4bfca3c7bfba4ec48/gnocchi.14f8986f-2d92-4c8d-88c7-d7b3e92333d7" 204 - "HEAD http://172.18.0.2:8080/v1/AUTH_0cecc8fadb4145d4bfca3c7bfba4ec48/gnocchi.14f8986f-2d92-4c8d-88c7-d7b3e92333d7?format=json&states=listing" "tx90fd796a4bfc4102b5419-006920466f" "proxy-server 20" 0.0019 "-" 23 0
Nov 21 11:01:04 standalone proxy-server[130074]: - - 21/Nov/2025/11/01/04 HEAD /v1/AUTH_0cecc8fadb4145d4bfca3c7bfba4ec48/gnocchi.14f8986f-2d92-4c8d-88c7-d7b3e92333d7%3Fformat%3Djson%26states%3Dlisting HTTP/1.0 204 - Swift - - - - tx90fd796a4bfc4102b5419-006920466f - 0.0051 RL - 1763722863.995821714 1763722864.000908375 0
Nov 21 11:01:04 standalone container-server[128060]: 172.20.0.100 - - [21/Nov/2025:11:01:04 +0000] "GET /d1/1003/AUTH_0cecc8fadb4145d4bfca3c7bfba4ec48/gnocchi.14f8986f-2d92-4c8d-88c7-d7b3e92333d7" 200 2 "GET http://172.18.0.2:8080/v1/AUTH_0cecc8fadb4145d4bfca3c7bfba4ec48/gnocchi.14f8986f-2d92-4c8d-88c7-d7b3e92333d7?format=json&states=listing" "tx90fd796a4bfc4102b5419-006920466f" "proxy-server 20" 0.0018 "-" 20 0
Nov 21 11:01:04 standalone proxy-server[130074]: 172.18.0.2 172.18.0.100 21/Nov/2025/11/01/04 GET /v1/AUTH_0cecc8fadb4145d4bfca3c7bfba4ec48/gnocchi.14f8986f-2d92-4c8d-88c7-d7b3e92333d7%3Fformat%3Djson%26states%3Dlisting HTTP/1.0 200 - python-swiftclient-3.11.1 gAAAAABpIEX0NxMs... - 2 - tx90fd796a4bfc4102b5419-006920466f - 0.0131 - - 1763722863.994619131 1763722864.007765055 0
Nov 21 11:01:04 standalone object-server[128267]: 172.20.0.100 - - [21/Nov/2025:11:01:04 +0000] "GET /d1/401/AUTH_0cecc8fadb4145d4bfca3c7bfba4ec48/gnocchi.14f8986f-2d92-4c8d-88c7-d7b3e92333d7/1763640000.0_mean_300.0_v3" 404 70 "GET http://172.18.0.2:8080/v1/AUTH_0cecc8fadb4145d4bfca3c7bfba4ec48/gnocchi.14f8986f-2d92-4c8d-88c7-d7b3e92333d7/1763640000.0_mean_300.0_v3" "tx8a77e563f1734e41a8fcd-0069204670" "proxy-server 20" 0.0006 "-" 23 0
Nov 21 11:01:04 standalone proxy-server[130074]: 172.18.0.2 172.18.0.100 21/Nov/2025/11/01/04 GET /v1/AUTH_0cecc8fadb4145d4bfca3c7bfba4ec48/gnocchi.14f8986f-2d92-4c8d-88c7-d7b3e92333d7/1763640000.0_mean_300.0_v3 HTTP/1.0 404 - python-swiftclient-3.11.1 gAAAAABpIEX0NxMs... - 70 - tx8a77e563f1734e41a8fcd-0069204670 - 0.0054 - - 1763722864.012186527 1763722864.017605782 0
