Nov 21 11:01:17 standalone proxy-server[130074]: 172.18.0.2 172.18.0.100 21/Nov/2025/11/01/17 GET /v1/AUTH_0cecc8fadb4145d4bfca3c7bfba4ec48/gnocchi.b88f64fd-2d4c-4ff5-b74c-e17cdea2188f/1763640000.0_mean_300.0_v3 HTTP/1.0 404 - python-swiftclient-3.11.1 gAAAAABpIEX0NxMs... - 70 - txf894fa1cd34b4f57a6ddf-006920467d - 0.0074 - - 1763722877.857555389 1763722877.864925146 0
Nov 21 11:01:17 standalone container-server[128060]: 172.20.0.100 - - [21/Nov/2025:11:01:17 +0000] "PUT /d1/703/AUTH_0cecc8fadb4145d4bfca3c7bfba4ec48/gnocchi.b88f64fd-2d4c-4ff5-b74c-e17cdea2188f/1763640000.0_mean_300.0_v3" 201 - "PUT http://172.18.0.2:8080/d1/333/AUTH_0cecc8fadb4145d4bfca3c7bfba4ec48/gnocchi.b88f64fd-2d4c-4ff5-b74c-e17cdea2188f/1763640000.0_mean_300.0_v3" "tx0a5cf6752fae4d11a5e35-006920467d" "object-server 23" 0.0006 "-" 20 0
Nov 21 11:01:17 standalone object-server[128267]: 172.20.0.100 - - [21/Nov/2025:11:01:17 +0000] "PUT /d1/333/AUTH_0cecc8fadb4145d4bfca3c7bfba4ec48/gnocchi.b88f64fd-2d4c-4ff5-b74c-e17cdea2188f/1763640000.0_mean_300.0_v3" 201 - "PUT http://172.18.0.2:8080/v1/AUTH_0cecc8fadb4145d4bfca3c7bfba4ec48/gnocchi.b88f64fd-2d4c-4ff5-b74c-e17cdea2188f/1763640000.0_mean_300.0_v3" "tx0a5cf6752fae4d11a5e35-006920467d" "proxy-server 20" 0.0114 "-" 23 0
Nov 21 11:01:17 standalone proxy-server[130074]: 172.18.0.2 172.18.0.100 21/Nov/2025/11/01/17 PUT /v1/AUTH_0cecc8fadb4145d4bfca3c7bfba4ec48/gnocchi.b88f64fd-2d4c-4ff5-b74c-e17cdea2188f/1763640000.0_mean_300.0_v3 HTTP/1.0 201 - python-swiftclient-3.11.1 gAAAAABpIEX0NxMs... 16 - - tx0a5cf6752fae4d11a5e35-006920467d - 0.0180 - - 1763722877.869116306 1763722877.887091160 0
Nov 21 11:01:17 standalone container-server[128062]: 172.20.0.100 - - [21/Nov/2025:11:01:17 +0000] "PUT /d1/703/AUTH_0cecc8fadb4145d4bfca3c7bfba4ec48/gnocchi.b88f64fd-2d4c-4ff5-b74c-e17cdea2188f/none_v3" 201 - "PUT http://172.18.0.2:8080/d1/708/AUTH_0cecc8fadb4145d4bfca3c7bfba4ec48/gnocchi.b88f64fd-2d4c-4ff5-b74c-e17cdea2188f/none_v3" "tx25dd827580a94aad864ea-006920467d" "object-server 23" 0.0009 "-" 22 0
Nov 21 11:01:17 standalone object-server[128267]: 172.20.0.100 - - [21/Nov/2025:11:01:17 +0000] "PUT /d1/708/AUTH_0cecc8fadb4145d4bfca3c7bfba4ec48/gnocchi.b88f64fd-2d4c-4ff5-b74c-e17cdea2188f/none_v3" 201 - "PUT http://172.18.0.2:8080/v1/AUTH_0cecc8fadb4145d4bfca3c7bfba4ec48/gnocchi.b88f64fd-2d4c-4ff5-b74c-e17cdea2188f/none_v3" "tx25dd827580a94aad864ea-006920467d" "proxy-server 20" 0.0128 "-" 23 0
Nov 21 11:01:17 standalone proxy-server[130074]: 172.18.0.2 172.18.0.100 21/Nov/2025/11/01/17 PUT /v1/AUTH_0cecc8fadb4145d4bfca3c7bfba4ec48/gnocchi.b88f64fd-2d4c-4ff5-b74c-e17cdea2188f/none_v3 HTTP/1.0 201 - python-swiftclient-3.11.1 gAAAAABpIEX0NxMs... 22 - - tx25dd827580a94aad864ea-006920467d - 0.0191 - - 1763722877.890613079 1763722877.909679651 0
Nov 21 11:01:17 standalone container-server[128061]: 172.20.0.100 - - [21/Nov/2025:11:01:17 +0000] "HEAD /d1/356/AUTH_0cecc8fadb4145d4bfca3c7bfba4ec48/gnocchi.0668d4e9-a540-477a-bd76-58ac03d73ea1" 404 - "HEAD http://172.18.0.2:8080/v1/AUTH_0cecc8fadb4145d4bfca3c7bfba4ec48/gnocchi.0668d4e9-a540-477a-bd76-58ac03d73ea1?format=json&states=listing" "tx60797c9024334ab9b72a2-006920467d" "proxy-server 20" 0.0005 "-" 21 0
Nov 21 11:01:17 standalone object-server[128267]: 172.20.0.100 - - [21/Nov/2025:11:01:17 +0000] "GET /d1/207/AUTH_0cecc8fadb4145d4bfca3c7bfba4ec48/gnocchi.0668d4e9-a540-477a-bd76-58ac03d73ea1/none_v3" 404 70 "GET http://172.18.0.2:8080/v1/AUTH_0cecc8fadb4145d4bfca3c7bfba4ec48/gnocchi.0668d4e9-a540-477a-bd76-58ac03d73ea1/none_v3" "tx60797c9024334ab9b72a2-006920467d" "proxy-server 20" 0.0004 "-" 23 0
Nov 21 11:01:17 standalone proxy-server[130074]: 172.18.0.2 172.18.0.100 21/Nov/2025/11/01/17 GET /v1/AUTH_0cecc8fadb4145d4bfca3c7bfba4ec48/gnocchi.0668d4e9-a540-477a-bd76-58ac03d73ea1/none_v3 HTTP/1.0 404 - python-swiftclient-3.11.1 gAAAAABpIEX0NxMs... - 70 - tx60797c9024334ab9b72a2-006920467d - 0.0138 - - 1763722877.926575422 1763722877.940395832 0
Nov 21 11:01:17 standalone account-server[127889]: 172.20.0.100 - - [21/Nov/2025:11:01:17 +0000] "PUT /d1/995/AUTH_0cecc8fadb4145d4bfca3c7bfba4ec48/gnocchi.0668d4e9-a540-477a-bd76-58ac03d73ea1" 201 - "PUT http://172.20.0.100:6001/d1/356/AUTH_0cecc8fadb4145d4bfca3c7bfba4ec48/gnocchi.0668d4e9-a540-477a-bd76-58ac03d73ea1" "tx698ac4727a1b4efcb2be8-006920467d" "container-server 22" 0.0078 "-" 14 0
Nov 21 11:01:17 standalone container-server[128062]: 172.20.0.100 - - [21/Nov/2025:11:01:17 +0000] "PUT /d1/356/AUTH_0cecc8fadb4145d4bfca3c7bfba4ec48/gnocchi.0668d4e9-a540-477a-bd76-58ac03d73ea1" 201 - "PUT http://172.18.0.2:8080/v1/AUTH_0cecc8fadb4145d4bfca3c7bfba4ec48/gnocchi.0668d4e9-a540-477a-bd76-58ac03d73ea1" "tx698ac4727a1b4efcb2be8-006920467d" "proxy-server 20" 0.0289 "-" 22 0
Nov 21 11:01:17 standalone proxy-server[130074]: 172.18.0.2 172.18.0.100 21/Nov/2025/11/01/17 PUT /v1/AUTH_0cecc8fadb4145d4bfca3c7bfba4ec48/gnocchi.0668d4e9-a540-477a-bd76-58ac03d73ea1 HTTP/1.0 201 - python-swiftclient-3.11.1 gAAAAABpIEX0NxMs... - - - tx698ac4727a1b4efcb2be8-006920467d - 0.0390 - - 1763722877.944964886 1763722877.983944893 0
Nov 21 11:01:18 standalone container-server[128060]: 172.20.0.100 - - [21/Nov/2025:11:01:18 +0000] "HEAD /d1/356/AUTH_0cecc8fadb4145d4bfca3c7bfba4ec48/gnocchi.0668d4e9-a540-477a-bd76-58ac03d73ea1" 204 - "HEAD http://172.18.0.2:8080/v1/AUTH_0cecc8fadb4145d4bfca3c7bfba4ec48/gnocchi.0668d4e9-a540-477a-bd76-58ac03d73ea1?format=json&states=listing" "txb9286772a4a14f1a9f8f0-006920467d" "proxy-server 20" 0.0055 "-" 20 0
Nov 21 11:01:18 standalone proxy-server[130074]: - - 21/Nov/2025/11/01/18 HEAD /v1/AUTH_0cecc8fadb4145d4bfca3c7bfba4ec48/gnocchi.0668d4e9-a540-477a-bd76-58ac03d73ea1%3Fformat%3Djson%26states%3Dlisting HTTP/1.0 204 - Swift - - - - txb9286772a4a14f1a9f8f0-006920467d - 0.0162 RL - 1763722877.995337963 1763722878.011551142 0
Nov 21 11:01:18 standalone container-server[128061]: 172.20.0.100 - - [21/Nov/2025:11:01:18 +0000] "GET /d1/356/AUTH_0cecc8fadb4145d4bfca3c7bfba4ec48/gnocchi.0668d4e9-a540-477a-bd76-58ac03d73ea1" 200 2 "GET http://172.18.0.2:8080/v1/AUTH_0cecc8fadb4145d4bfca3c7bfba4ec48/gnocchi.0668d4e9-a540-477a-bd76-58ac03d73ea1?format=json&states=listing" "txb9286772a4a14f1a9f8f0-006920467d" "proxy-server 20" 0.0045 "-" 21 0
Nov 21 11:01:18 standalone proxy-server[130074]: 172.18.0.2 172.18.0.100 21/Nov/2025/11/01/18 GET /v1/AUTH_0cecc8fadb4145d4bfca3c7bfba4ec48/gnocchi.0668d4e9-a540-477a-bd76-58ac03d73ea1%3Fformat%3Djson%26states%3Dlisting HTTP/1.0 200 - python-swiftclient-3.11.1 gAAAAABpIEX0NxMs... - 2 - txb9286772a4a14f1a9f8f0-006920467d - 0.0319 - - 1763722877.993462563 1763722878.025366306 0
Nov 21 11:01:18 standalone object-server[128266]: 172.20.0.100 - - [21/Nov/2025:11:01:18 +0000] "GET /d1/76/AUTH_0cecc8fadb4145d4bfca3c7bfba4ec48/gnocchi.0668d4e9-a540-477a-bd76-58ac03d73ea1/1763640000.0_mean_300.0_v3" 404 70 "GET http://172.18.0.2:8080/v1/AUTH_0cecc8fadb4145d4bfca3c7bfba4ec48/gnocchi.0668d4e9-a540-477a-bd76-58ac03d73ea1/1763640000.0_mean_300.0_v3" "txd06b5d62b3ec434fb78d4-006920467e" "proxy-server 20" 0.0007 "-" 22 0
Nov 21 11:01:18 standalone proxy-server[130074]: 172.18.0.2 172.18.0.100 21/Nov/2025/11/01/18 GET /v1/AUTH_0cecc8fadb4145d4bfca3c7bfba4ec48/gnocchi.0668d4e9-a540-477a-bd76-58ac03d73ea1/1763640000.0_mean_300.0_v3 HTTP/1.0 404 - python-swiftclient-3.11.1 gAAAAABpIEX0NxMs... - 70 - txd06b5d62b3ec434fb78d4-006920467e - 0.0124 - - 1763722878.043329239 1763722878.055752516 0
Nov 21 11:01:18 standalone container-server[128060]: 172.20.0.100 - - [21/Nov/2025:11:01:18 +0000] "PUT /d1/356/AUTH_0cecc8fadb4145d4bfca3c7bfba4ec48/gnocchi.0668d4e9-a540-477a-bd76-58ac03d73ea1/1763640000.0_mean_300.0_v3" 201 - "PUT http://172.18.0.2:8080/d1/76/AUTH_0cecc8fadb4145d4bfca3c7bfba4ec48/gnocchi.0668d4e9-a540-477a-bd76-58ac03d73ea1/1763640000.0_mean_300.0_v3" "txbff7bdddc2fc4847bfc0c-006920467e" "object-server 23" 0.0019 "-" 20 0
Nov 21 11:01:18 standalone object-server[128267]: 172.20.0.100 - - [21/Nov/2025:11:01:18 +0000] "PUT /d1/76/AUTH_0cecc8fadb4145d4bfca3c7bfba4ec48/gnocchi.0668d4e9-a540-477a-bd76-58ac03d73ea1/1763640000.0_mean_300.0_v3" 201 - "PUT http://172.18.0.2:8080/v1/AUTH_0cecc8fadb4145d4bfca3c7bfba4ec48/gnocchi.0668d4e9-a540-477a-bd76-58ac03d73ea1/1763640000.0_mean_300.0_v3" "txbff7bdddc2fc4847bfc0c-006920467e" "proxy-server 20" 0.0155 "-" 23 0
Nov 21 11:01:18 standalone proxy-server[130074]: 172.18.0.2 172.18.0.100 21/Nov/2025/11/01/18 PUT /v1/AUTH_0cecc8fadb4145d4bfca3c7bfba4ec48/gnocchi.0668d4e9-a540-477a-bd76-58ac03d73ea1/1763640000.0_mean_300.0_v3 HTTP/1.0 201 - python-swiftclient-3.11.1 gAAAAABpIEX0NxMs... 16 - - txbff7bdddc2fc4847bfc0c-006920467e - 0.0323 - - 1763722878.061572790 1763722878.093857050 0
Nov 21 11:01:18 standalone container-server[128061]: 172.20.0.100 - - [21/Nov/2025:11:01:18 +0000] "PUT /d1/356/AUTH_0cecc8fadb4145d4bfca3c7bfba4ec48/gnocchi.0668d4e9-a540-477a-bd76-58ac03d73ea1/none_v3" 201 - "PUT http://172.18.0.2:8080/d1/207/AUTH_0cecc8fadb4145d4bfca3c7bfba4ec48/gnocchi.0668d4e9-a540-477a-bd76-58ac03d73ea1/none_v3" "tx90cf682c0e7b486c9f91b-006920467e" "object-server 24" 0.0007 "-" 21 0
Nov 21 11:01:18 standalone object-server[128268]: 172.20.0.100 - - [21/Nov/2025:11:01:18 +0000] "PUT /d1/207/AUTH_0cecc8fadb4145d4bfca3c7bfba4ec48/gnocchi.0668d4e9-a540-477a-bd76-58ac03d73ea1/none_v3" 201 - "PUT http://172.18.0.2:8080/v1/AUTH_0cecc8fadb4145d4bfca3c7bfba4ec48/gnocchi.0668d4e9-a540-477a-bd76-58ac03d73ea1/none_v3" "tx90cf682c0e7b486c9f91b-006920467e" "proxy-server 20" 0.0115 "-" 24 0
Nov 21 11:01:18 standalone proxy-server[130074]: 172.18.0.2 172.18.0.100 21/Nov/2025/11/01/18 PUT /v1/AUTH_0cecc8fadb4145d4bfca3c7bfba4ec48/gnocchi.0668d4e9-a540-477a-bd76-58ac03d73ea1/none_v3 HTTP/1.0 201 - python-swiftclient-3.11.1 gAAAAABpIEX0NxMs... 22 - - tx90cf682c0e7b486c9f91b-006920467e - 0.0184 - - 1763722878.098803520 1763722878.117205143 0
Nov 21 11:01:18 standalone container-server[128066]: 172.20.0.100 - - [21/Nov/2025:11:01:18 +0000] "HEAD /d1/346/AUTH_0cecc8fadb4145d4bfca3c7bfba4ec48/gnocchi.3facb306-d1f5-4025-acae-d0045f6e52f3" 404 - "HEAD http://172.18.0.2:8080/v1/AUTH_0cecc8fadb4145d4bfca3c7bfba4ec48/gnocchi.3facb306-d1f5-4025-acae-d0045f6e52f3?format=json&states=listing" "tx369ea25a1076444ba1c74-006920467e" "proxy-server 20" 0.0006 "-" 23 0
Nov 21 11:01:18 standalone object-server[128268]: 172.20.0.100 - - [21/Nov/2025:11:01:18 +0000] "GET /d1/109/AUTH_0cecc8fadb4145d4bfca3c7bfba4ec48/gnocchi.3facb306-d1f5-4025-acae-d0045f6e52f3/none_v3" 404 70 "GET http://172.18.0.2:8080/v1/AUTH_0cecc8fadb4145d4bfca3c7bfba4ec48/gnocchi.3facb306-d1f5-4025-acae-d0045f6e52f3/none_v3" "tx369ea25a1076444ba1c74-006920467e" "proxy-server 20" 0.0005 "-" 24 0
Nov 21 11:01:18 standalone proxy-server[130074]: 172.18.0.2 172.18.0.100 21/Nov/2025/11/01/18 GET /v1/AUTH_0cecc8fadb4145d4bfca3c7bfba4ec48/gnocchi.3facb306-d1f5-4025-acae-d0045f6e52f3/none_v3 HTTP/1.0 404 - python-swiftclient-3.11.1 gAAAAABpIEX0NxMs... - 70 - tx369ea25a1076444ba1c74-006920467e - 0.0131 - - 1763722878.130527020 1763722878.143615961 0
Nov 21 11:01:18 standalone account-server[127901]: 172.20.0.100 - - [21/Nov/2025:11:01:18 +0000] "PUT /d1/995/AUTH_0cecc8fadb4145d4bfca3c7bfba4ec48/gnocchi.3facb306-d1f5-4025-acae-d0045f6e52f3" 201 - "PUT http://172.20.0.100:6001/d1/346/AUTH_0cecc8fadb4145d4bfca3c7bfba4ec48/gnocchi.3facb306-d1f5-4025-acae-d0045f6e52f3" "txc33d8cf44489480da01db-006920467e" "container-server 23" 0.0109 "-" 15 0
Nov 21 11:01:18 standalone container-server[128066]: 172.20.0.100 - - [21/Nov/2025:11:01:18 +0000] "PUT /d1/346/AUTH_0cecc8fadb4145d4bfca3c7bfba4ec48/gnocchi.3facb306-d1f5-4025-acae-d0045f6e52f3" 201 - "PUT http://172.18.0.2:8080/v1/AUTH_0cecc8fadb4145d4bfca3c7bfba4ec48/gnocchi.3facb306-d1f5-4025-acae-d0045f6e52f3" "txc33d8cf44489480da01db-006920467e" "proxy-server 20" 0.0279 "-" 23 0
Nov 21 11:01:18 standalone proxy-server[130074]: 172.18.0.2 172.18.0.100 21/Nov/2025/11/01/18 PUT /v1/AUTH_0cecc8fadb4145d4bfca3c7bfba4ec48/gnocchi.3facb306-d1f5-4025-acae-d0045f6e52f3 HTTP/1.0 201 - python-swiftclient-3.11.1 gAAAAABpIEX0NxMs... - - - txc33d8cf44489480da01db-006920467e - 0.0364 - - 1763722878.146940947 1763722878.183291912 0
Nov 21 11:01:18 standalone container-server[128061]: 172.20.0.100 - - [21/Nov/2025:11:01:18 +0000] "HEAD /d1/346/AUTH_0cecc8fadb4145d4bfca3c7bfba4ec48/gnocchi.3facb306-d1f5-4025-acae-d0045f6e52f3" 204 - "HEAD http://172.18.0.2:8080/v1/AUTH_0cecc8fadb4145d4bfca3c7bfba4ec48/gnocchi.3facb306-d1f5-4025-acae-d0045f6e52f3?format=json&states=listing" "tx4a8d705eeec2462bb8d34-006920467e" "proxy-server 20" 0.0020 "-" 21 0
Nov 21 11:01:18 standalone proxy-server[130074]: - - 21/Nov/2025/11/01/18 HEAD /v1/AUTH_0cecc8fadb4145d4bfca3c7bfba4ec48/gnocchi.3facb306-d1f5-4025-acae-d0045f6e52f3%3Fformat%3Djson%26states%3Dlisting HTTP/1.0 204 - Swift - - - - tx4a8d705eeec2462bb8d34-006920467e - 0.0080 RL - 1763722878.191931963 1763722878.199897766 0
Nov 21 11:01:18 standalone container-server[128061]: 172.20.0.100 - - [21/Nov/2025:11:01:18 +0000] "GET /d1/346/AUTH_0cecc8fadb4145d4bfca3c7bfba4ec48/gnocchi.3facb306-d1f5-4025-acae-d0045f6e52f3" 200 2 "GET http://172.18.0.2:8080/v1/AUTH_0cecc8fadb4145d4bfca3c7bfba4ec48/gnocchi.3facb306-d1f5-4025-acae-d0045f6e52f3?format=json&states=listing" "tx4a8d705eeec2462bb8d34-006920467e" "proxy-server 20" 0.0019 "-" 21 0
Nov 21 11:01:18 standalone proxy-server[130074]: 172.18.0.2 172.18.0.100 21/Nov/2025/11/01/18 GET /v1/AUTH_0cecc8fadb4145d4bfca3c7bfba4ec48/gnocchi.3facb306-d1f5-4025-acae-d0045f6e52f3%3Fformat%3Djson%26states%3Dlisting HTTP/1.0 200 - python-swiftclient-3.11.1 gAAAAABpIEX0NxMs... - 2 - tx4a8d705eeec2462bb8d34-006920467e - 0.0224 - - 1763722878.190204144 1763722878.212599754 0
Nov 21 11:01:18 standalone object-server[128269]: 172.20.0.100 - - [21/Nov/2025:11:01:18 +0000] "GET /d1/96/AUTH_0cecc8fadb4145d4bfca3c7bfba4ec48/gnocchi.3facb306-d1f5-4025-acae-d0045f6e52f3/1763640000.0_mean_300.0_v3" 404 70 "GET http://172.18.0.2:8080/v1/AUTH_0cecc8fadb4145d4bfca3c7bfba4ec48/gnocchi.3facb306-d1f5-4025-acae-d0045f6e52f3/1763640000.0_mean_300.0_v3" "tx14a2bf0b6e5d49f4816a1-006920467e" "proxy-server 20" 0.0005 "-" 25 0
Nov 21 11:01:18 standalone proxy-server[130074]: 172.18.0.2 172.18.0.100 21/Nov/2025/11/01/18 GET /v1/AUTH_0cecc8fadb4145d4bfca3c7bfba4ec48/gnocchi.3facb306-d1f5-4025-acae-d0045f6e52f3/1763640000.0_mean_300.0_v3 HTTP/1.0 404 - python-swiftclient-3.11.1 gAAAAABpIEX0NxMs... - 70 - tx14a2bf0b6e5d49f4816a1-006920467e - 0.0073 - - 1763722878.220018387 1763722878.227363110 0
Nov 21 11:01:18 standalone container-server[128061]: 172.20.0.100 - - [21/Nov/2025:11:01:18 +0000] "PUT /d1/346/AUTH_0cecc8fadb4145d4bfca3c7bfba4ec48/gnocchi.3facb306-d1f5-4025-acae-d0045f6e52f3/1763640000.0_mean_300.0_v3" 201 - "PUT http://172.18.0.2:8080/d1/96/AUTH_0cecc8fadb4145d4bfca3c7bfba4ec48/gnocchi.3facb306-d1f5-4025-acae-d0045f6e52f3/1763640000.0_mean_300.0_v3" "tx76cac46aee1b47a79f6f3-006920467e" "object-server 24" 0.0013 "-" 21 0
Nov 21 11:01:18 standalone object-server[128268]: 172.20.0.100 - - [21/Nov/2025:11:01:18 +0000] "PUT /d1/96/AUTH_0cecc8fadb4145d4bfca3c7bfba4ec48/gnocchi.3facb306-d1f5-4025-acae-d0045f6e52f3/1763640000.0_mean_300.0_v3" 201 - "PUT http://172.18.0.2:8080/v1/AUTH_0cecc8fadb4145d4bfca3c7bfba4ec48/gnocchi.3facb306-d1f5-4025-acae-d0045f6e52f3/1763640000.0_mean_300.0_v3" "tx76cac46aee1b47a79f6f3-006920467e" "proxy-server 20" 0.0149 "-" 24 0
Nov 21 11:01:18 standalone proxy-server[130074]: 172.18.0.2 172.18.0.100 21/Nov/2025/11/01/18 PUT /v1/AUTH_0cecc8fadb4145d4bfca3c7bfba4ec48/gnocchi.3facb306-d1f5-4025-acae-d0045f6e52f3/1763640000.0_mean_300.0_v3 HTTP/1.0 201 - python-swiftclient-3.11.1 gAAAAABpIEX0NxMs... 16 - - tx76cac46aee1b47a79f6f3-006920467e - 0.0232 - - 1763722878.231704235 1763722878.254946709 0
Nov 21 11:01:18 standalone container-server[128066]: 172.20.0.100 - - [21/Nov/2025:11:01:18 +0000] "PUT /d1/346/AUTH_0cecc8fadb4145d4bfca3c7bfba4ec48/gnocchi.3facb306-d1f5-4025-acae-d0045f6e52f3/none_v3" 201 - "PUT http://172.18.0.2:8080/d1/109/AUTH_0cecc8fadb4145d4bfca3c7bfba4ec48/gnocchi.3facb306-d1f5-4025-acae-d0045f6e52f3/none_v3" "txfa4090a54a8c45c8aaa8e-006920467e" "object-server 22" 0.0010 "-" 23 0
Nov 21 11:01:18 standalone object-server[128266]: 172.20.0.100 - - [21/Nov/2025:11:01:18 +0000] "PUT /d1/109/AUTH_0cecc8fadb4145d4bfca3c7bfba4ec48/gnocchi.3facb306-d1f5-4025-acae-d0045f6e52f3/none_v3" 201 - "PUT http://172.18.0.2:8080/v1/AUTH_0cecc8fadb4145d4bfca3c7bfba4ec48/gnocchi.3facb306-d1f5-4025-acae-d0045f6e52f3/none_v3" "txfa4090a54a8c45c8aaa8e-006920467e" "proxy-server 20" 0.0166 "-" 22 0
Nov 21 11:01:18 standalone proxy-server[130074]: 172.18.0.2 172.18.0.100 21/Nov/2025/11/01/18 PUT /v1/AUTH_0cecc8fadb4145d4bfca3c7bfba4ec48/gnocchi.3facb306-d1f5-4025-acae-d0045f6e52f3/none_v3 HTTP/1.0 201 - python-swiftclient-3.11.1 gAAAAABpIEX0NxMs... 22 - - txfa4090a54a8c45c8aaa8e-006920467e - 0.0254 - - 1763722878.259629250 1763722878.284983158 0
Nov 21 11:01:28 standalone container-server[128062]: 172.20.0.100 - - [21/Nov/2025:11:01:28 +0000] "HEAD /d1/254/AUTH_0cecc8fadb4145d4bfca3c7bfba4ec48/gnocchi.f06895a3-07db-41d6-8f4b-5f4e42b19cb6" 404 - "HEAD http://172.18.0.2:8080/v1/AUTH_0cecc8fadb4145d4bfca3c7bfba4ec48/gnocchi.f06895a3-07db-41d6-8f4b-5f4e42b19cb6?format=json&states=listing" "tx39bb3bbdfd384c7293ce6-0069204688" "proxy-server 20" 0.0007 "-" 22 0
Nov 21 11:01:28 standalone object-server[128267]: 172.20.0.100 - - [21/Nov/2025:11:01:28 +0000] "GET /d1/161/AUTH_0cecc8fadb4145d4bfca3c7bfba4ec48/gnocchi.f06895a3-07db-41d6-8f4b-5f4e42b19cb6/none_v3" 404 70 "GET http://172.18.0.2:8080/v1/AUTH_0cecc8fadb4145d4bfca3c7bfba4ec48/gnocchi.f06895a3-07db-41d6-8f4b-5f4e42b19cb6/none_v3" "tx39bb3bbdfd384c7293ce6-0069204688" "proxy-server 20" 0.0008 "-" 23 0
Nov 21 11:01:28 standalone proxy-server[130074]: 172.18.0.2 172.18.0.100 21/Nov/2025/11/01/28 GET /v1/AUTH_0cecc8fadb4145d4bfca3c7bfba4ec48/gnocchi.f06895a3-07db-41d6-8f4b-5f4e42b19cb6/none_v3 HTTP/1.0 404 - python-swiftclient-3.11.1 gAAAAABpIEX0NxMs... - 70 - tx39bb3bbdfd384c7293ce6-0069204688 - 0.0139 - - 1763722888.833735943 1763722888.847611666 0
Nov 21 11:01:28 standalone account-server[127901]: 172.20.0.100 - - [21/Nov/2025:11:01:28 +0000] "PUT /d1/995/AUTH_0cecc8fadb4145d4bfca3c7bfba4ec48/gnocchi.f06895a3-07db-41d6-8f4b-5f4e42b19cb6" 201 - "PUT http://172.20.0.100:6001/d1/254/AUTH_0cecc8fadb4145d4bfca3c7bfba4ec48/gnocchi.f06895a3-07db-41d6-8f4b-5f4e42b19cb6" "tx7632b91ac6be407c87dd6-0069204688" "container-server 23" 0.0042 "-" 15 0
Nov 21 11:01:28 standalone container-server[128066]: 172.20.0.100 - - [21/Nov/2025:11:01:28 +0000] "PUT /d1/254/AUTH_0cecc8fadb4145d4bfca3c7bfba4ec48/gnocchi.f06895a3-07db-41d6-8f4b-5f4e42b19cb6" 201 - "PUT http://172.18.0.2:8080/v1/AUTH_0cecc8fadb4145d4bfca3c7bfba4ec48/gnocchi.f06895a3-07db-41d6-8f4b-5f4e42b19cb6" "tx7632b91ac6be407c87dd6-0069204688" "proxy-server 20" 0.0147 "-" 23 0
Nov 21 11:01:28 standalone proxy-server[130074]: 172.18.0.2 172.18.0.100 21/Nov/2025/11/01/28 PUT /v1/AUTH_0cecc8fadb4145d4bfca3c7bfba4ec48/gnocchi.f06895a3-07db-41d6-8f4b-5f4e42b19cb6 HTTP/1.0 201 - python-swiftclient-3.11.1 gAAAAABpIEX0NxMs... - - - tx7632b91ac6be407c87dd6-0069204688 - 0.0195 - - 1763722888.850230694 1763722888.869708061 0
Nov 21 11:01:28 standalone container-server[128062]: 172.20.0.100 - - [21/Nov/2025:11:01:28 +0000] "HEAD /d1/254/AUTH_0cecc8fadb4145d4bfca3c7bfba4ec48/gnocchi.f06895a3-07db-41d6-8f4b-5f4e42b19cb6" 204 - "HEAD http://172.18.0.2:8080/v1/AUTH_0cecc8fadb4145d4bfca3c7bfba4ec48/gnocchi.f06895a3-07db-41d6-8f4b-5f4e42b19cb6?format=json&states=listing" "tx8d643f83cc754d19a21d9-0069204688" "proxy-server 20" 0.0016 "-" 22 0
Nov 21 11:01:28 standalone proxy-server[130074]: - - 21/Nov/2025/11/01/28 HEAD /v1/AUTH_0cecc8fadb4145d4bfca3c7bfba4ec48/gnocchi.f06895a3-07db-41d6-8f4b-5f4e42b19cb6%3Fformat%3Djson%26states%3Dlisting HTTP/1.0 204 - Swift - - - - tx8d643f83cc754d19a21d9-0069204688 - 0.0050 RL - 1763722888.873945951 1763722888.878981113 0
Nov 21 11:01:28 standalone container-server[128061]: 172.20.0.100 - - [21/Nov/2025:11:01:28 +0000] "GET /d1/254/AUTH_0cecc8fadb4145d4bfca3c7bfba4ec48/gnocchi.f06895a3-07db-41d6-8f4b-5f4e42b19cb6" 200 2 "GET http://172.18.0.2:8080/v1/AUTH_0cecc8fadb4145d4bfca3c7bfba4ec48/gnocchi.f06895a3-07db-41d6-8f4b-5f4e42b19cb6?format=json&states=listing" "tx8d643f83cc754d19a21d9-0069204688" "proxy-server 20" 0.0054 "-" 21 0
Nov 21 11:01:28 standalone proxy-server[130074]: 172.18.0.2 172.18.0.100 21/Nov/2025/11/01/28 GET /v1/AUTH_0cecc8fadb4145d4bfca3c7bfba4ec48/gnocchi.f06895a3-07db-41d6-8f4b-5f4e42b19cb6%3Fformat%3Djson%26states%3Dlisting HTTP/1.0 200 - python-swiftclient-3.11.1 gAAAAABpIEX0NxMs... - 2 - tx8d643f83cc754d19a21d9-0069204688 - 0.0215 - - 1763722888.872907162 1763722888.894381046 0
Nov 21 11:01:28 standalone object-server[128268]: 172.20.0.100 - - [21/Nov/2025:11:01:28 +0000] "GET /d1/94/AUTH_0cecc8fadb4145d4bfca3c7bfba4ec48/gnocchi.f06895a3-07db-41d6-8f4b-5f4e42b19cb6/1763640000.0_mean_300.0_v3" 404 70 "GET http://172.18.0.2:8080/v1/AUTH_0cecc8fadb4145d4bfca3c7bfba4ec48/gnocchi.f06895a3-07db-41d6-8f4b-5f4e42b19cb6/1763640000.0_mean_300.0_v3" "tx283be70ee4fe46d8b94e5-0069204688" "proxy-server 20" 0.0004 "-" 24 0
Nov 21 11:01:28 standalone proxy-server[130074]: 172.18.0.2 172.18.0.100 21/Nov/2025/11/01/28 GET /v1/AUTH_0cecc8fadb4145d4bfca3c7bfba4ec48/gnocchi.f06895a3-07db-41d6-8f4b-5f4e42b19cb6/1763640000.0_mean_300.0_v3 HTTP/1.0 404 - python-swiftclient-3.11.1 gAAAAABpIEX0NxMs... - 70 - tx283be70ee4fe46d8b94e5-0069204688 - 0.0054 - - 1763722888.897934198 1763722888.903358698 0
Nov 21 11:01:28 standalone container-server[128066]: 172.20.0.100 - - [21/Nov/2025:11:01:28 +0000] "PUT /d1/254/AUTH_0cecc8fadb4145d4bfca3c7bfba4ec48/gnocchi.f06895a3-07db-41d6-8f4b-5f4e42b19cb6/1763640000.0_mean_300.0_v3" 201 - "PUT http://172.18.0.2:8080/d1/94/AUTH_0cecc8fadb4145d4bfca3c7bfba4ec48/gnocchi.f06895a3-07db-41d6-8f4b-5f4e42b19cb6/1763640000.0_mean_300.0_v3" "txd61b45ed67f34c5ea659e-0069204688" "object-server 23" 0.0009 "-" 23 0
Nov 21 11:01:28 standalone object-server[128267]: 172.20.0.100 - - [21/Nov/2025:11:01:28 +0000] "PUT /d1/94/AUTH_0cecc8fadb4145d4bfca3c7bfba4ec48/gnocchi.f06895a3-07db-41d6-8f4b-5f4e42b19cb6/1763640000.0_mean_300.0_v3" 201 - "PUT http://172.18.0.2:8080/v1/AUTH_0cecc8fadb4145d4bfca3c7bfba4ec48/gnocchi.f06895a3-07db-41d6-8f4b-5f4e42b19cb6/1763640000.0_mean_300.0_v3" "txd61b45ed67f34c5ea659e-0069204688" "proxy-server 20" 0.0141 "-" 23 0
Nov 21 11:01:28 standalone proxy-server[130074]: 172.18.0.2 172.18.0.100 21/Nov/2025/11/01/28 PUT /v1/AUTH_0cecc8fadb4145d4bfca3c7bfba4ec48/gnocchi.f06895a3-07db-41d6-8f4b-5f4e42b19cb6/1763640000.0_mean_300.0_v3 HTTP/1.0 201 - python-swiftclient-3.11.1 gAAAAABpIEX0NxMs... 16 - - txd61b45ed67f34c5ea659e-0069204688 - 0.0208 - - 1763722888.907168865 1763722888.927951097 0
Nov 21 11:01:28 standalone container-server[128061]: 172.20.0.100 - - [21/Nov/2025:11:01:28 +0000] "PUT /d1/254/AUTH_0cecc8fadb4145d4bfca3c7bfba4ec48/gnocchi.f06895a3-07db-41d6-8f4b-5f4e42b19cb6/none_v3" 201 - "PUT http://172.18.0.2:8080/d1/161/AUTH_0cecc8fadb4145d4bfca3c7bfba4ec48/gnocchi.f06895a3-07db-41d6-8f4b-5f4e42b19cb6/none_v3" "txe336735aa1f941b8b706c-0069204688" "object-server 22" 0.0007 "-" 21 0
Nov 21 11:01:28 standalone object-server[128266]: 172.20.0.100 - - [21/Nov/2025:11:01:28 +0000] "PUT /d1/161/AUTH_0cecc8fadb4145d4bfca3c7bfba4ec48/gnocchi.f06895a3-07db-41d6-8f4b-5f4e42b19cb6/none_v3" 201 - "PUT http://172.18.0.2:8080/v1/AUTH_0cecc8fadb4145d4bfca3c7bfba4ec48/gnocchi.f06895a3-07db-41d6-8f4b-5f4e42b19cb6/none_v3" "txe336735aa1f941b8b706c-0069204688" "proxy-server 20" 0.0091 "-" 22 0
Nov 21 11:01:28 standalone proxy-server[130074]: 172.18.0.2 172.18.0.100 21/Nov/2025/11/01/28 PUT /v1/AUTH_0cecc8fadb4145d4bfca3c7bfba4ec48/gnocchi.f06895a3-07db-41d6-8f4b-5f4e42b19cb6/none_v3 HTTP/1.0 201 - python-swiftclient-3.11.1 gAAAAABpIEX0NxMs... 22 - - txe336735aa1f941b8b706c-0069204688 - 0.0131 - - 1763722888.930078506 1763722888.943193197 0
Nov 21 11:01:34 standalone object-server[128266]: 172.20.0.100 - - [21/Nov/2025:11:01:34 +0000] "GET /d1/161/AUTH_0cecc8fadb4145d4bfca3c7bfba4ec48/gnocchi.f06895a3-07db-41d6-8f4b-5f4e42b19cb6/none_v3" 200 22 "GET http://172.18.0.2:8080/v1/AUTH_0cecc8fadb4145d4bfca3c7bfba4ec48/gnocchi.f06895a3-07db-41d6-8f4b-5f4e42b19cb6/none_v3" "txcd2c38d4cfb94f3389a3d-006920468e" "proxy-server 20" 0.0015 "-" 22 0
Nov 21 11:01:34 standalone proxy-server[130074]: 172.18.0.2 172.18.0.100 21/Nov/2025/11/01/34 GET /v1/AUTH_0cecc8fadb4145d4bfca3c7bfba4ec48/gnocchi.f06895a3-07db-41d6-8f4b-5f4e42b19cb6/none_v3 HTTP/1.0 200 - python-swiftclient-3.11.1 gAAAAABpIEX0NxMs... - 22 - txcd2c38d4cfb94f3389a3d-006920468e - 0.0119 - - 1763722894.498594761 1763722894.510488033 0
Nov 21 11:01:34 standalone container-server[128060]: 172.20.0.100 - - [21/Nov/2025:11:01:34 +0000] "GET /d1/254/AUTH_0cecc8fadb4145d4bfca3c7bfba4ec48/gnocchi.f06895a3-07db-41d6-8f4b-5f4e42b19cb6" 200 357 "GET http://172.18.0.2:8080/v1/AUTH_0cecc8fadb4145d4bfca3c7bfba4ec48/gnocchi.f06895a3-07db-41d6-8f4b-5f4e42b19cb6?format=json&states=listing" "tx65a107953c544fc1a3029-006920468e" "proxy-server 20" 0.0111 "-" 20 0
Nov 21 11:01:34 standalone proxy-server[130074]: 172.18.0.2 172.18.0.100 21/Nov/2025/11/01/34 GET /v1/AUTH_0cecc8fadb4145d4bfca3c7bfba4ec48/gnocchi.f06895a3-07db-41d6-8f4b-5f4e42b19cb6%3Fformat%3Djson%26states%3Dlisting HTTP/1.0 200 - python-swiftclient-3.11.1 gAAAAABpIEX0NxMs... - 357 - tx65a107953c544fc1a3029-006920468e - 0.0212 - - 1763722894.516395092 1763722894.537606239 0
Nov 21 11:01:34 standalone container-server[128062]: 172.20.0.100 - - [21/Nov/2025:11:01:34 +0000] "GET /d1/254/AUTH_0cecc8fadb4145d4bfca3c7bfba4ec48/gnocchi.f06895a3-07db-41d6-8f4b-5f4e42b19cb6" 200 2 "GET http://172.18.0.2:8080/v1/AUTH_0cecc8fadb4145d4bfca3c7bfba4ec48/gnocchi.f06895a3-07db-41d6-8f4b-5f4e42b19cb6?format=json&marker=none_v3&states=listing" "tx12f8b5daab134845ac812-006920468e" "proxy-server 20" 0.0049 "-" 22 0
Nov 21 11:01:34 standalone proxy-server[130074]: 172.18.0.2 172.18.0.100 21/Nov/2025/11/01/34 GET /v1/AUTH_0cecc8fadb4145d4bfca3c7bfba4ec48/gnocchi.f06895a3-07db-41d6-8f4b-5f4e42b19cb6%3Fformat%3Djson%26marker%3Dnone_v3%26states%3Dlisting HTTP/1.0 200 - python-swiftclient-3.11.1 gAAAAABpIEX0NxMs... - 2 - tx12f8b5daab134845ac812-006920468e - 0.0149 - - 1763722894.541200638 1763722894.556108713 0
Nov 21 11:01:34 standalone object-server[128267]: 172.20.0.100 - - [21/Nov/2025:11:01:34 +0000] "GET /d1/94/AUTH_0cecc8fadb4145d4bfca3c7bfba4ec48/gnocchi.f06895a3-07db-41d6-8f4b-5f4e42b19cb6/1763640000.0_mean_300.0_v3" 200 16 "GET http://172.18.0.2:8080/v1/AUTH_0cecc8fadb4145d4bfca3c7bfba4ec48/gnocchi.f06895a3-07db-41d6-8f4b-5f4e42b19cb6/1763640000.0_mean_300.0_v3" "tx0b3fe0357a0a41f587378-006920468e" "proxy-server 20" 0.0011 "-" 23 0
Nov 21 11:01:34 standalone proxy-server[130074]: 172.18.0.2 172.18.0.100 21/Nov/2025/11/01/34 GET /v1/AUTH_0cecc8fadb4145d4bfca3c7bfba4ec48/gnocchi.f06895a3-07db-41d6-8f4b-5f4e42b19cb6/1763640000.0_mean_300.0_v3 HTTP/1.0 200 - python-swiftclient-3.11.1 gAAAAABpIEX0NxMs... - 16 - tx0b3fe0357a0a41f587378-006920468e - 0.0102 - - 1763722894.560898304 1763722894.571134090 0
Nov 21 11:01:34 standalone container-server[128066]: 172.20.0.100 - - [21/Nov/2025:11:01:34 +0000] "PUT /d1/254/AUTH_0cecc8fadb4145d4bfca3c7bfba4ec48/gnocchi.f06895a3-07db-41d6-8f4b-5f4e42b19cb6/1763640000.0_mean_300.0_v3" 201 - "PUT http://172.18.0.2:8080/d1/94/AUTH_0cecc8fadb4145d4bfca3c7bfba4ec48/gnocchi.f06895a3-07db-41d6-8f4b-5f4e42b19cb6/1763640000.0_mean_300.0_v3" "tx9695cfbbe33245a5b56a4-006920468e" "object-server 23" 0.0022 "-" 23 0
Nov 21 11:01:34 standalone object-server[128267]: 172.20.0.100 - - [21/Nov/2025:11:01:34 +0000] "PUT /d1/94/AUTH_0cecc8fadb4145d4bfca3c7bfba4ec48/gnocchi.f06895a3-07db-41d6-8f4b-5f4e42b19cb6/1763640000.0_mean_300.0_v3" 201 - "PUT http://172.18.0.2:8080/v1/AUTH_0cecc8fadb4145d4bfca3c7bfba4ec48/gnocchi.f06895a3-07db-41d6-8f4b-5f4e42b19cb6/1763640000.0_mean_300.0_v3" "tx9695cfbbe33245a5b56a4-006920468e" "proxy-server 20" 0.0151 "-" 23 0
Nov 21 11:01:34 standalone proxy-server[130074]: 172.18.0.2 172.18.0.100 21/Nov/2025/11/01/34 PUT /v1/AUTH_0cecc8fadb4145d4bfca3c7bfba4ec48/gnocchi.f06895a3-07db-41d6-8f4b-5f4e42b19cb6/1763640000.0_mean_300.0_v3 HTTP/1.0 201 - python-swiftclient-3.11.1 gAAAAABpIEX0NxMs... 16 - - tx9695cfbbe33245a5b56a4-006920468e - 0.0234 - - 1763722894.592947245 1763722894.616313934 0
Nov 21 11:01:34 standalone container-server[128066]: 172.20.0.100 - - [21/Nov/2025:11:01:34 +0000] "PUT /d1/254/AUTH_0cecc8fadb4145d4bfca3c7bfba4ec48/gnocchi.f06895a3-07db-41d6-8f4b-5f4e42b19cb6/none_v3" 201 - "PUT http://172.18.0.2:8080/d1/161/AUTH_0cecc8fadb4145d4bfca3c7bfba4ec48/gnocchi.f06895a3-07db-41d6-8f4b-5f4e42b19cb6/none_v3" "tx3f3f45372e214bb280a8f-006920468e" "object-server 22" 0.0013 "-" 23 0
Nov 21 11:01:34 standalone object-server[128266]: 172.20.0.100 - - [21/Nov/2025:11:01:34 +0000] "PUT /d1/161/AUTH_0cecc8fadb4145d4bfca3c7bfba4ec48/gnocchi.f06895a3-07db-41d6-8f4b-5f4e42b19cb6/none_v3" 201 - "PUT http://172.18.0.2:8080/v1/AUTH_0cecc8fadb4145d4bfca3c7bfba4ec48/gnocchi.f06895a3-07db-41d6-8f4b-5f4e42b19cb6/none_v3" "tx3f3f45372e214bb280a8f-006920468e" "proxy-server 20" 0.0168 "-" 22 0
Nov 21 11:01:34 standalone proxy-server[130074]: 172.18.0.2 172.18.0.100 21/Nov/2025/11/01/34 PUT /v1/AUTH_0cecc8fadb4145d4bfca3c7bfba4ec48/gnocchi.f06895a3-07db-41d6-8f4b-5f4e42b19cb6/none_v3 HTTP/1.0 201 - python-swiftclient-3.11.1 gAAAAABpIEX0NxMs... 32 - - tx3f3f45372e214bb280a8f-006920468e - 0.0251 - - 1763722894.621052265 1763722894.646110058 0
Nov 21 11:01:55 standalone container-server[128062]: 172.20.0.100 - - [21/Nov/2025:11:01:55 +0000] "HEAD /d1/662/AUTH_0cecc8fadb4145d4bfca3c7bfba4ec48/gnocchi.93818bbd-346a-4281-9ce4-a3c835d64319" 404 - "HEAD http://172.18.0.2:8080/v1/AUTH_0cecc8fadb4145d4bfca3c7bfba4ec48/gnocchi.93818bbd-346a-4281-9ce4-a3c835d64319?format=json&states=listing" "tx2378c06d1fa543bbac7bc-00692046a3" "proxy-server 20" 0.0007 "-" 22 0
Nov 21 11:01:55 standalone object-server[128269]: 172.20.0.100 - - [21/Nov/2025:11:01:55 +0000] "GET /d1/927/AUTH_0cecc8fadb4145d4bfca3c7bfba4ec48/gnocchi.93818bbd-346a-4281-9ce4-a3c835d64319/none_v3" 404 70 "GET http://172.18.0.2:8080/v1/AUTH_0cecc8fadb4145d4bfca3c7bfba4ec48/gnocchi.93818bbd-346a-4281-9ce4-a3c835d64319/none_v3" "tx2378c06d1fa543bbac7bc-00692046a3" "proxy-server 20" 0.0009 "-" 25 0
Nov 21 11:01:55 standalone proxy-server[130074]: 172.18.0.2 172.18.0.100 21/Nov/2025/11/01/55 GET /v1/AUTH_0cecc8fadb4145d4bfca3c7bfba4ec48/gnocchi.93818bbd-346a-4281-9ce4-a3c835d64319/none_v3 HTTP/1.0 404 - python-swiftclient-3.11.1 gAAAAABpIEX0NxMs... - 70 - tx2378c06d1fa543bbac7bc-00692046a3 - 0.0161 - - 1763722915.297823429 1763722915.313885450 0
Nov 21 11:01:55 standalone account-server[127889]: 172.20.0.100 - - [21/Nov/2025:11:01:55 +0000] "PUT /d1/995/AUTH_0cecc8fadb4145d4bfca3c7bfba4ec48/gnocchi.93818bbd-346a-4281-9ce4-a3c835d64319" 201 - "PUT http://172.20.0.100:6001/d1/662/AUTH_0cecc8fadb4145d4bfca3c7bfba4ec48/gnocchi.93818bbd-346a-4281-9ce4-a3c835d64319" "tx8cfe5dd7e7a74c3dafee4-00692046a3" "container-server 20" 0.0063 "-" 14 0
Nov 21 11:01:55 standalone container-server[128060]: 172.20.0.100 - - [21/Nov/2025:11:01:55 +0000] "PUT /d1/662/AUTH_0cecc8fadb4145d4bfca3c7bfba4ec48/gnocchi.93818bbd-346a-4281-9ce4-a3c835d64319" 201 - "PUT http://172.18.0.2:8080/v1/AUTH_0cecc8fadb4145d4bfca3c7bfba4ec48/gnocchi.93818bbd-346a-4281-9ce4-a3c835d64319" "tx8cfe5dd7e7a74c3dafee4-00692046a3" "proxy-server 20" 0.0180 "-" 20 0
Nov 21 11:01:55 standalone proxy-server[130074]: 172.18.0.2 172.18.0.100 21/Nov/2025/11/01/55 PUT /v1/AUTH_0cecc8fadb4145d4bfca3c7bfba4ec48/gnocchi.93818bbd-346a-4281-9ce4-a3c835d64319 HTTP/1.0 201 - python-swiftclient-3.11.1 gAAAAABpIEX0NxMs... - - - tx8cfe5dd7e7a74c3dafee4-00692046a3 - 0.0232 - - 1763722915.316990137 1763722915.340169191 0
Nov 21 11:01:55 standalone container-server[128060]: 172.20.0.100 - - [21/Nov/2025:11:01:55 +0000] "HEAD /d1/662/AUTH_0cecc8fadb4145d4bfca3c7bfba4ec48/gnocchi.93818bbd-346a-4281-9ce4-a3c835d64319" 204 - "HEAD http://172.18.0.2:8080/v1/AUTH_0cecc8fadb4145d4bfca3c7bfba4ec48/gnocchi.93818bbd-346a-4281-9ce4-a3c835d64319?format=json&states=listing" "tx70cdd824c4f644758204c-00692046a3" "proxy-server 20" 0.0072 "-" 20 0
Nov 21 11:01:55 standalone proxy-server[130074]: - - 21/Nov/2025/11/01/55 HEAD /v1/AUTH_0cecc8fadb4145d4bfca3c7bfba4ec48/gnocchi.93818bbd-346a-4281-9ce4-a3c835d64319%3Fformat%3Djson%26states%3Dlisting HTTP/1.0 204 - Swift - - - - tx70cdd824c4f644758204c-00692046a3 - 0.0107 RL - 1763722915.344633818 1763722915.355379820 0
Nov 21 11:01:55 standalone container-server[128066]: 172.20.0.100 - - [21/Nov/2025:11:01:55 +0000] "GET /d1/662/AUTH_0cecc8fadb4145d4bfca3c7bfba4ec48/gnocchi.93818bbd-346a-4281-9ce4-a3c835d64319" 200 2 "GET http://172.18.0.2:8080/v1/AUTH_0cecc8fadb4145d4bfca3c7bfba4ec48/gnocchi.93818bbd-346a-4281-9ce4-a3c835d64319?format=json&states=listing" "tx70cdd824c4f644758204c-00692046a3" "proxy-server 20" 0.0104 "-" 23 0
Nov 21 11:01:55 standalone proxy-server[130074]: 172.18.0.2 172.18.0.100 21/Nov/2025/11/01/55 GET /v1/AUTH_0cecc8fadb4145d4bfca3c7bfba4ec48/gnocchi.93818bbd-346a-4281-9ce4-a3c835d64319%3Fformat%3Djson%26states%3Dlisting HTTP/1.0 200 - python-swiftclient-3.11.1 gAAAAABpIEX0NxMs... - 2 - tx70cdd824c4f644758204c-00692046a3 - 0.0327 - - 1763722915.343597889 1763722915.376333475 0
Nov 21 11:01:55 standalone object-server[128266]: 172.20.0.100 - - [21/Nov/2025:11:01:55 +0000] "GET /d1/127/AUTH_0cecc8fadb4145d4bfca3c7bfba4ec48/gnocchi.93818bbd-346a-4281-9ce4-a3c835d64319/1763640000.0_mean_300.0_v3" 404 70 "GET http://172.18.0.2:8080/v1/AUTH_0cecc8fadb4145d4bfca3c7bfba4ec48/gnocchi.93818bbd-346a-4281-9ce4-a3c835d64319/1763640000.0_mean_300.0_v3" "txc933c7bfd5ce46228de59-00692046a3" "proxy-server 20" 0.0006 "-" 22 0
Nov 21 11:01:55 standalone proxy-server[130074]: 172.18.0.2 172.18.0.100 21/Nov/2025/11/01/55 GET /v1/AUTH_0cecc8fadb4145d4bfca3c7bfba4ec48/gnocchi.93818bbd-346a-4281-9ce4-a3c835d64319/1763640000.0_mean_300.0_v3 HTTP/1.0 404 - python-swiftclient-3.11.1 gAAAAABpIEX0NxMs... - 70 - txc933c7bfd5ce46228de59-00692046a3 - 0.0069 - - 1763722915.380258322 1763722915.387190342 0
Nov 21 11:01:55 standalone container-server[128061]: 172.20.0.100 - - [21/Nov/2025:11:01:55 +0000] "PUT /d1/662/AUTH_0cecc8fadb4145d4bfca3c7bfba4ec48/gnocchi.93818bbd-346a-4281-9ce4-a3c835d64319/1763640000.0_mean_300.0_v3" 201 - "PUT http://172.18.0.2:8080/d1/127/AUTH_0cecc8fadb4145d4bfca3c7bfba4ec48/gnocchi.93818bbd-346a-4281-9ce4-a3c835d64319/1763640000.0_mean_300.0_v3" "txe2fee0040a8e45a7bb8bd-00692046a3" "object-server 22" 0.0007 "-" 21 0
Nov 21 11:01:55 standalone object-server[128266]: 172.20.0.100 - - [21/Nov/2025:11:01:55 +0000] "PUT /d1/127/AUTH_0cecc8fadb4145d4bfca3c7bfba4ec48/gnocchi.93818bbd-346a-4281-9ce4-a3c835d64319/1763640000.0_mean_300.0_v3" 201 - "PUT http://172.18.0.2:8080/v1/AUTH_0cecc8fadb4145d4bfca3c7bfba4ec48/gnocchi.93818bbd-346a-4281-9ce4-a3c835d64319/1763640000.0_mean_300.0_v3" "txe2fee0040a8e45a7bb8bd-00692046a3" "proxy-server 20" 0.0109 "-" 22 0
Nov 21 11:01:55 standalone proxy-server[130074]: 172.18.0.2 172.18.0.100 21/Nov/2025/11/01/55 PUT /v1/AUTH_0cecc8fadb4145d4bfca3c7bfba4ec48/gnocchi.93818bbd-346a-4281-9ce4-a3c835d64319/1763640000.0_mean_300.0_v3 HTTP/1.0 201 - python-swiftclient-3.11.1 gAAAAABpIEX0NxMs... 16 - - txe2fee0040a8e45a7bb8bd-00692046a3 - 0.0199 - - 1763722915.391115665 1763722915.410995245 0
Nov 21 11:01:55 standalone container-server[128060]: 172.20.0.100 - - [21/Nov/2025:11:01:55 +0000] "PUT /d1/662/AUTH_0cecc8fadb4145d4bfca3c7bfba4ec48/gnocchi.93818bbd-346a-4281-9ce4-a3c835d64319/none_v3" 201 - "PUT http://172.18.0.2:8080/d1/927/AUTH_0cecc8fadb4145d4bfca3c7bfba4ec48/gnocchi.93818bbd-346a-4281-9ce4-a3c835d64319/none_v3" "tx87bd79c315b74bcb8d811-00692046a3" "object-server 24" 0.0008 "-" 20 0
Nov 21 11:01:55 standalone object-server[128268]: 172.20.0.100 - - [21/Nov/2025:11:01:55 +0000] "PUT /d1/927/AUTH_0cecc8fadb4145d4bfca3c7bfba4ec48/gnocchi.93818bbd-346a-4281-9ce4-a3c835d64319/none_v3" 201 - "PUT http://172.18.0.2:8080/v1/AUTH_0cecc8fadb4145d4bfca3c7bfba4ec48/gnocchi.93818bbd-346a-4281-9ce4-a3c835d64319/none_v3" "tx87bd79c315b74bcb8d811-00692046a3" "proxy-server 20" 0.0090 "-" 24 0
Nov 21 11:01:55 standalone proxy-server[130074]: 172.18.0.2 172.18.0.100 21/Nov/2025/11/01/55 PUT /v1/AUTH_0cecc8fadb4145d4bfca3c7bfba4ec48/gnocchi.93818bbd-346a-4281-9ce4-a3c835d64319/none_v3 HTTP/1.0 201 - python-swiftclient-3.11.1 gAAAAABpIEX0NxMs... 22 - - tx87bd79c315b74bcb8d811-00692046a3 - 0.0171 - - 1763722915.416347980 1763722915.433416605 0
Nov 21 11:01:55 standalone container-server[128060]: 172.20.0.100 - - [21/Nov/2025:11:01:55 +0000] "HEAD /d1/484/AUTH_0cecc8fadb4145d4bfca3c7bfba4ec48/gnocchi.a594bf5e-3154-4669-92d3-76344810721f" 404 - "HEAD http://172.18.0.2:8080/v1/AUTH_0cecc8fadb4145d4bfca3c7bfba4ec48/gnocchi.a594bf5e-3154-4669-92d3-76344810721f?format=json&states=listing" "txc4bcf7d65f9c48bca79d0-00692046a3" "proxy-server 20" 0.0004 "-" 20 0
Nov 21 11:01:55 standalone object-server[128268]: 172.20.0.100 - - [21/Nov/2025:11:01:55 +0000] "GET /d1/346/AUTH_0cecc8fadb4145d4bfca3c7bfba4ec48/gnocchi.a594bf5e-3154-4669-92d3-76344810721f/none_v3" 404 70 "GET http://172.18.0.2:8080/v1/AUTH_0cecc8fadb4145d4bfca3c7bfba4ec48/gnocchi.a594bf5e-3154-4669-92d3-76344810721f/none_v3" "txc4bcf7d65f9c48bca79d0-00692046a3" "proxy-server 20" 0.0003 "-" 24 0
Nov 21 11:01:55 standalone proxy-server[130074]: 172.18.0.2 172.18.0.100 21/Nov/2025/11/01/55 GET /v1/AUTH_0cecc8fadb4145d4bfca3c7bfba4ec48/gnocchi.a594bf5e-3154-4669-92d3-76344810721f/none_v3 HTTP/1.0 404 - python-swiftclient-3.11.1 gAAAAABpIEX0NxMs... - 70 - txc4bcf7d65f9c48bca79d0-00692046a3 - 0.0097 - - 1763722915.451932192 1763722915.461584568 0
Nov 21 11:01:55 standalone account-server[127889]: 172.20.0.100 - - [21/Nov/2025:11:01:55 +0000] "PUT /d1/995/AUTH_0cecc8fadb4145d4bfca3c7bfba4ec48/gnocchi.a594bf5e-3154-4669-92d3-76344810721f" 201 - "PUT http://172.20.0.100:6001/d1/484/AUTH_0cecc8fadb4145d4bfca3c7bfba4ec48/gnocchi.a594bf5e-3154-4669-92d3-76344810721f" "txc945b2bfa68d482ebb91f-00692046a3" "container-server 20" 0.0048 "-" 14 0
Nov 21 11:01:55 standalone container-server[128060]: 172.20.0.100 - - [21/Nov/2025:11:01:55 +0000] "PUT /d1/484/AUTH_0cecc8fadb4145d4bfca3c7bfba4ec48/gnocchi.a594bf5e-3154-4669-92d3-76344810721f" 201 - "PUT http://172.18.0.2:8080/v1/AUTH_0cecc8fadb4145d4bfca3c7bfba4ec48/gnocchi.a594bf5e-3154-4669-92d3-76344810721f" "txc945b2bfa68d482ebb91f-00692046a3" "proxy-server 20" 0.0148 "-" 20 0
Nov 21 11:01:55 standalone proxy-server[130074]: 172.18.0.2 172.18.0.100 21/Nov/2025/11/01/55 PUT /v1/AUTH_0cecc8fadb4145d4bfca3c7bfba4ec48/gnocchi.a594bf5e-3154-4669-92d3-76344810721f HTTP/1.0 201 - python-swiftclient-3.11.1 gAAAAABpIEX0NxMs... - - - txc945b2bfa68d482ebb91f-00692046a3 - 0.0193 - - 1763722915.464162827 1763722915.483489037 0
Nov 21 11:01:55 standalone container-server[128060]: 172.20.0.100 - - [21/Nov/2025:11:01:55 +0000] "HEAD /d1/484/AUTH_0cecc8fadb4145d4bfca3c7bfba4ec48/gnocchi.a594bf5e-3154-4669-92d3-76344810721f" 204 - "HEAD http://172.18.0.2:8080/v1/AUTH_0cecc8fadb4145d4bfca3c7bfba4ec48/gnocchi.a594bf5e-3154-4669-92d3-76344810721f?format=json&states=listing" "txa08afac544ed4445aabee-00692046a3" "proxy-server 20" 0.0013 "-" 20 0
Nov 21 11:01:55 standalone proxy-server[130074]: - - 21/Nov/2025/11/01/55 HEAD /v1/AUTH_0cecc8fadb4145d4bfca3c7bfba4ec48/gnocchi.a594bf5e-3154-4669-92d3-76344810721f%3Fformat%3Djson%26states%3Dlisting HTTP/1.0 204 - Swift - - - - txa08afac544ed4445aabee-00692046a3 - 0.0043 RL - 1763722915.488630056 1763722915.492955208 0
Nov 21 11:01:55 standalone container-server[128066]: 172.20.0.100 - - [21/Nov/2025:11:01:55 +0000] "GET /d1/484/AUTH_0cecc8fadb4145d4bfca3c7bfba4ec48/gnocchi.a594bf5e-3154-4669-92d3-76344810721f" 200 2 "GET http://172.18.0.2:8080/v1/AUTH_0cecc8fadb4145d4bfca3c7bfba4ec48/gnocchi.a594bf5e-3154-4669-92d3-76344810721f?format=json&states=listing" "txa08afac544ed4445aabee-00692046a3" "proxy-server 20" 0.0019 "-" 23 0
Nov 21 11:01:55 standalone proxy-server[130074]: 172.18.0.2 172.18.0.100 21/Nov/2025/11/01/55 GET /v1/AUTH_0cecc8fadb4145d4bfca3c7bfba4ec48/gnocchi.a594bf5e-3154-4669-92d3-76344810721f%3Fformat%3Djson%26states%3Dlisting HTTP/1.0 200 - python-swiftclient-3.11.1 gAAAAABpIEX0NxMs... - 2 - txa08afac544ed4445aabee-00692046a3 - 0.0128 - - 1763722915.487522840 1763722915.500282288 0
Nov 21 11:01:55 standalone object-server[128267]: 172.20.0.100 - - [21/Nov/2025:11:01:55 +0000] "GET /d1/492/AUTH_0cecc8fadb4145d4bfca3c7bfba4ec48/gnocchi.a594bf5e-3154-4669-92d3-76344810721f/1763640000.0_mean_300.0_v3" 404 70 "GET http://172.18.0.2:8080/v1/AUTH_0cecc8fadb4145d4bfca3c7bfba4ec48/gnocchi.a594bf5e-3154-4669-92d3-76344810721f/1763640000.0_mean_300.0_v3" "txa6de1e4b1619434083b4b-00692046a3" "proxy-server 20" 0.0004 "-" 23 0
Nov 21 11:01:55 standalone proxy-server[130074]: 172.18.0.2 172.18.0.100 21/Nov/2025/11/01/55 GET /v1/AUTH_0cecc8fadb4145d4bfca3c7bfba4ec48/gnocchi.a594bf5e-3154-4669-92d3-76344810721f/1763640000.0_mean_300.0_v3 HTTP/1.0 404 - python-swiftclient-3.11.1 gAAAAABpIEX0NxMs... - 70 - txa6de1e4b1619434083b4b-00692046a3 - 0.0050 - - 1763722915.503472328 1763722915.508427858 0
Nov 21 11:01:55 standalone container-server[128062]: 172.20.0.100 - - [21/Nov/2025:11:01:55 +0000] "PUT /d1/484/AUTH_0cecc8fadb4145d4bfca3c7bfba4ec48/gnocchi.a594bf5e-3154-4669-92d3-76344810721f/1763640000.0_mean_300.0_v3" 201 - "PUT http://172.18.0.2:8080/d1/492/AUTH_0cecc8fadb4145d4bfca3c7bfba4ec48/gnocchi.a594bf5e-3154-4669-92d3-76344810721f/1763640000.0_mean_300.0_v3" "tx2e9115ad1e7b4c86b7d70-00692046a3" "object-server 25" 0.0006 "-" 22 0
Nov 21 11:01:55 standalone object-server[128269]: 172.20.0.100 - - [21/Nov/2025:11:01:55 +0000] "PUT /d1/492/AUTH_0cecc8fadb4145d4bfca3c7bfba4ec48/gnocchi.a594bf5e-3154-4669-92d3-76344810721f/1763640000.0_mean_300.0_v3" 201 - "PUT http://172.18.0.2:8080/v1/AUTH_0cecc8fadb4145d4bfca3c7bfba4ec48/gnocchi.a594bf5e-3154-4669-92d3-76344810721f/1763640000.0_mean_300.0_v3" "tx2e9115ad1e7b4c86b7d70-00692046a3" "proxy-server 20" 0.0096 "-" 25 0
Nov 21 11:01:55 standalone proxy-server[130074]: 172.18.0.2 172.18.0.100 21/Nov/2025/11/01/55 PUT /v1/AUTH_0cecc8fadb4145d4bfca3c7bfba4ec48/gnocchi.a594bf5e-3154-4669-92d3-76344810721f/1763640000.0_mean_300.0_v3 HTTP/1.0 201 - python-swiftclient-3.11.1 gAAAAABpIEX0NxMs... 16 - - tx2e9115ad1e7b4c86b7d70-00692046a3 - 0.0147 - - 1763722915.510962248 1763722915.525666714 0
Nov 21 11:01:55 standalone container-server[128061]: 172.20.0.100 - - [21/Nov/2025:11:01:55 +0000] "PUT /d1/484/AUTH_0cecc8fadb4145d4bfca3c7bfba4ec48/gnocchi.a594bf5e-3154-4669-92d3-76344810721f/none_v3" 201 - "PUT http://172.18.0.2:8080/d1/346/AUTH_0cecc8fadb4145d4bfca3c7bfba4ec48/gnocchi.a594bf5e-3154-4669-92d3-76344810721f/none_v3" "tx6a2631b8387b4ebc9ee70-00692046a3" "object-server 23" 0.0008 "-" 21 0
Nov 21 11:01:55 standalone object-server[128267]: 172.20.0.100 - - [21/Nov/2025:11:01:55 +0000] "PUT /d1/346/AUTH_0cecc8fadb4145d4bfca3c7bfba4ec48/gnocchi.a594bf5e-3154-4669-92d3-76344810721f/none_v3" 201 - "PUT http://172.18.0.2:8080/v1/AUTH_0cecc8fadb4145d4bfca3c7bfba4ec48/gnocchi.a594bf5e-3154-4669-92d3-76344810721f/none_v3" "tx6a2631b8387b4ebc9ee70-00692046a3" "proxy-server 20" 0.0075 "-" 23 0
Nov 21 11:01:55 standalone proxy-server[130074]: 172.18.0.2 172.18.0.100 21/Nov/2025/11/01/55 PUT /v1/AUTH_0cecc8fadb4145d4bfca3c7bfba4ec48/gnocchi.a594bf5e-3154-4669-92d3-76344810721f/none_v3 HTTP/1.0 201 - python-swiftclient-3.11.1 gAAAAABpIEX0NxMs... 22 - - tx6a2631b8387b4ebc9ee70-00692046a3 - 0.0117 - - 1763722915.528016806 1763722915.539681673 0
Nov 21 11:01:55 standalone container-server[128060]: 172.20.0.100 - - [21/Nov/2025:11:01:55 +0000] "HEAD /d1/377/AUTH_0cecc8fadb4145d4bfca3c7bfba4ec48/gnocchi.0ea00b84-cdf6-4977-a575-92fe20ed38a1" 404 - "HEAD http://172.18.0.2:8080/v1/AUTH_0cecc8fadb4145d4bfca3c7bfba4ec48/gnocchi.0ea00b84-cdf6-4977-a575-92fe20ed38a1?format=json&states=listing" "tx06ec299a7fe2469eb662a-00692046a3" "proxy-server 20" 0.0004 "-" 20 0
Nov 21 11:01:55 standalone object-server[128267]: 172.20.0.100 - - [21/Nov/2025:11:01:55 +0000] "GET /d1/407/AUTH_0cecc8fadb4145d4bfca3c7bfba4ec48/gnocchi.0ea00b84-cdf6-4977-a575-92fe20ed38a1/none_v3" 404 70 "GET http://172.18.0.2:8080/v1/AUTH_0cecc8fadb4145d4bfca3c7bfba4ec48/gnocchi.0ea00b84-cdf6-4977-a575-92fe20ed38a1/none_v3" "tx06ec299a7fe2469eb662a-00692046a3" "proxy-server 20" 0.0003 "-" 23 0
Nov 21 11:01:55 standalone proxy-server[130074]: 172.18.0.2 172.18.0.100 21/Nov/2025/11/01/55 GET /v1/AUTH_0cecc8fadb4145d4bfca3c7bfba4ec48/gnocchi.0ea00b84-cdf6-4977-a575-92fe20ed38a1/none_v3 HTTP/1.0 404 - python-swiftclient-3.11.1 gAAAAABpIEX0NxMs... - 70 - tx06ec299a7fe2469eb662a-00692046a3 - 0.0088 - - 1763722915.551397800 1763722915.560187340 0
Nov 21 11:01:55 standalone account-server[127901]: 172.20.0.100 - - [21/Nov/2025:11:01:55 +0000] "PUT /d1/995/AUTH_0cecc8fadb4145d4bfca3c7bfba4ec48/gnocchi.0ea00b84-cdf6-4977-a575-92fe20ed38a1" 201 - "PUT http://172.20.0.100:6001/d1/377/AUTH_0cecc8fadb4145d4bfca3c7bfba4ec48/gnocchi.0ea00b84-cdf6-4977-a575-92fe20ed38a1" "tx3a525084ef794795905bc-00692046a3" "container-server 20" 0.0096 "-" 15 0
Nov 21 11:01:55 standalone container-server[128060]: 172.20.0.100 - - [21/Nov/2025:11:01:55 +0000] "PUT /d1/377/AUTH_0cecc8fadb4145d4bfca3c7bfba4ec48/gnocchi.0ea00b84-cdf6-4977-a575-92fe20ed38a1" 201 - "PUT http://172.18.0.2:8080/v1/AUTH_0cecc8fadb4145d4bfca3c7bfba4ec48/gnocchi.0ea00b84-cdf6-4977-a575-92fe20ed38a1" "tx3a525084ef794795905bc-00692046a3" "proxy-server 20" 0.0202 "-" 20 0
Nov 21 11:01:55 standalone proxy-server[130074]: 172.18.0.2 172.18.0.100 21/Nov/2025/11/01/55 PUT /v1/AUTH_0cecc8fadb4145d4bfca3c7bfba4ec48/gnocchi.0ea00b84-cdf6-4977-a575-92fe20ed38a1 HTTP/1.0 201 - python-swiftclient-3.11.1 gAAAAABpIEX0NxMs... - - - tx3a525084ef794795905bc-00692046a3 - 0.0245 - - 1763722915.562210321 1763722915.586747885 0
Nov 21 11:01:55 standalone container-server[128062]: 172.20.0.100 - - [21/Nov/2025:11:01:55 +0000] "HEAD /d1/377/AUTH_0cecc8fadb4145d4bfca3c7bfba4ec48/gnocchi.0ea00b84-cdf6-4977-a575-92fe20ed38a1" 204 - "HEAD http://172.18.0.2:8080/v1/AUTH_0cecc8fadb4145d4bfca3c7bfba4ec48/gnocchi.0ea00b84-cdf6-4977-a575-92fe20ed38a1?format=json&states=listing" "tx03dbe6d5ff4746728d415-00692046a3" "proxy-server 20" 0.0015 "-" 22 0
Nov 21 11:01:55 standalone proxy-server[130074]: - - 21/Nov/2025/11/01/55 HEAD /v1/AUTH_0cecc8fadb4145d4bfca3c7bfba4ec48/gnocchi.0ea00b84-cdf6-4977-a575-92fe20ed38a1%3Fformat%3Djson%26states%3Dlisting HTTP/1.0 204 - Swift - - - - tx03dbe6d5ff4746728d415-00692046a3 - 0.0049 RL - 1763722915.591329336 1763722915.596230984 0
Nov 21 11:01:55 standalone container-server[128066]: 172.20.0.100 - - [21/Nov/2025:11:01:55 +0000] "GET /d1/377/AUTH_0cecc8fadb4145d4bfca3c7bfba4ec48/gnocchi.0ea00b84-cdf6-4977-a575-92fe20ed38a1" 200 2 "GET http://172.18.0.2:8080/v1/AUTH_0cecc8fadb4145d4bfca3c7bfba4ec48/gnocchi.0ea00b84-cdf6-4977-a575-92fe20ed38a1?format=json&states=listing" "tx03dbe6d5ff4746728d415-00692046a3" "proxy-server 20" 0.0031 "-" 23 0
Nov 21 11:01:55 standalone proxy-server[130074]: 172.18.0.2 172.18.0.100 21/Nov/2025/11/01/55 GET /v1/AUTH_0cecc8fadb4145d4bfca3c7bfba4ec48/gnocchi.0ea00b84-cdf6-4977-a575-92fe20ed38a1%3Fformat%3Djson%26states%3Dlisting HTTP/1.0 200 - python-swiftclient-3.11.1 gAAAAABpIEX0NxMs... - 2 - tx03dbe6d5ff4746728d415-00692046a3 - 0.0153 - - 1763722915.590226412 1763722915.605553150 0
Nov 21 11:01:55 standalone object-server[128267]: 172.20.0.100 - - [21/Nov/2025:11:01:55 +0000] "GET /d1/83/AUTH_0cecc8fadb4145d4bfca3c7bfba4ec48/gnocchi.0ea00b84-cdf6-4977-a575-92fe20ed38a1/1763640000.0_mean_300.0_v3" 404 70 "GET http://172.18.0.2:8080/v1/AUTH_0cecc8fadb4145d4bfca3c7bfba4ec48/gnocchi.0ea00b84-cdf6-4977-a575-92fe20ed38a1/1763640000.0_mean_300.0_v3" "tx799d03d331534332a6f2a-00692046a3" "proxy-server 20" 0.0003 "-" 23 0
Nov 21 11:01:55 standalone proxy-server[130074]: 172.18.0.2 172.18.0.100 21/Nov/2025/11/01/55 GET /v1/AUTH_0cecc8fadb4145d4bfca3c7bfba4ec48/gnocchi.0ea00b84-cdf6-4977-a575-92fe20ed38a1/1763640000.0_mean_300.0_v3 HTTP/1.0 404 - python-swiftclient-3.11.1 gAAAAABpIEX0NxMs... - 70 - tx799d03d331534332a6f2a-00692046a3 - 0.0051 - - 1763722915.608141899 1763722915.613280773 0
Nov 21 11:01:55 standalone container-server[128061]: 172.20.0.100 - - [21/Nov/2025:11:01:55 +0000] "PUT /d1/377/AUTH_0cecc8fadb4145d4bfca3c7bfba4ec48/gnocchi.0ea00b84-cdf6-4977-a575-92fe20ed38a1/1763640000.0_mean_300.0_v3" 201 - "PUT http://172.18.0.2:8080/d1/83/AUTH_0cecc8fadb4145d4bfca3c7bfba4ec48/gnocchi.0ea00b84-cdf6-4977-a575-92fe20ed38a1/1763640000.0_mean_300.0_v3" "txefc761dd965245c683236-00692046a3" "object-server 25" 0.0007 "-" 21 0
Nov 21 11:01:55 standalone object-server[128269]: 172.20.0.100 - - [21/Nov/2025:11:01:55 +0000] "PUT /d1/83/AUTH_0cecc8fadb4145d4bfca3c7bfba4ec48/gnocchi.0ea00b84-cdf6-4977-a575-92fe20ed38a1/1763640000.0_mean_300.0_v3" 201 - "PUT http://172.18.0.2:8080/v1/AUTH_0cecc8fadb4145d4bfca3c7bfba4ec48/gnocchi.0ea00b84-cdf6-4977-a575-92fe20ed38a1/1763640000.0_mean_300.0_v3" "txefc761dd965245c683236-00692046a3" "proxy-server 20" 0.0096 "-" 25 0
Nov 21 11:01:55 standalone proxy-server[130074]: 172.18.0.2 172.18.0.100 21/Nov/2025/11/01/55 PUT /v1/AUTH_0cecc8fadb4145d4bfca3c7bfba4ec48/gnocchi.0ea00b84-cdf6-4977-a575-92fe20ed38a1/1763640000.0_mean_300.0_v3 HTTP/1.0 201 - python-swiftclient-3.11.1 gAAAAABpIEX0NxMs... 16 - - txefc761dd965245c683236-00692046a3 - 0.0149 - - 1763722915.615380287 1763722915.630270481 0
