Nov 21 10:46:58 standalone account-server[127632]: Starting 2
Nov 21 10:46:58 standalone account-server[127666]: Started child 14 from parent 2
Nov 21 10:46:58 standalone account-server[127666]: Started child 15 from parent 2
Nov 21 10:46:58 standalone account-server[127666]: Started child 16 from parent 2
Nov 21 10:46:58 standalone account-server[127666]: Started child 17 from parent 2
Nov 21 10:46:58 standalone container-server[127812]: Starting 2
Nov 21 10:46:58 standalone container-server[127779]: Option allow_versions is deprecated. Configure the versioned_writes middleware in the proxy-server instead. This option will be ignored in a future release.
Nov 21 10:46:58 standalone container-server[128060]: Option allow_versions is deprecated. Configure the versioned_writes middleware in the proxy-server instead. This option will be ignored in a future release.
Nov 21 10:46:58 standalone container-server[127779]: Started child 20 from parent 2
Nov 21 10:46:59 standalone container-server[128061]: Option allow_versions is deprecated. Configure the versioned_writes middleware in the proxy-server instead. This option will be ignored in a future release.
Nov 21 10:46:59 standalone container-server[127779]: Started child 21 from parent 2
Nov 21 10:46:59 standalone container-server[128062]: Option allow_versions is deprecated. Configure the versioned_writes middleware in the proxy-server instead. This option will be ignored in a future release.
Nov 21 10:46:59 standalone container-server[127779]: Started child 22 from parent 2
Nov 21 10:46:59 standalone container-server[128066]: Option allow_versions is deprecated. Configure the versioned_writes middleware in the proxy-server instead. This option will be ignored in a future release.
Nov 21 10:46:59 standalone container-server[127779]: Started child 23 from parent 2
Nov 21 10:46:59 standalone object-expirer[128018]: Starting 2
Nov 21 10:46:59 standalone object-expirer[128018]: Option auto_create_account_prefix is deprecated. Configure auto_create_account_prefix under the swift-constraints section of swift.conf. This option will be ignored in a future release.
Nov 21 10:46:59 standalone object-server[128110]: Started child 22 from parent 2
Nov 21 10:46:59 standalone object-server[128110]: Started child 23 from parent 2
Nov 21 10:46:59 standalone object-server[128110]: Started child 24 from parent 2
Nov 21 10:46:59 standalone object-server[128110]: Started child 25 from parent 2
Nov 21 10:46:59 standalone object-server[128236]: Starting 2
Nov 21 10:47:05 standalone proxy-server[129955]: Starting Keystone auth_token middleware
Nov 21 10:47:05 standalone proxy-server[129955]: AuthToken middleware is set with keystone_authtoken.service_token_roles_required set to False. This is backwards compatible but deprecated behaviour. Please set this to True.
Nov 21 10:47:05 standalone proxy-server[130074]: Starting Keystone auth_token middleware
Nov 21 10:47:05 standalone proxy-server[130074]: STDERR: The option "bind_port" is not known to keystonemiddleware
Nov 21 10:47:05 standalone proxy-server[130074]: STDERR: The option "workers" is not known to keystonemiddleware
Nov 21 10:47:05 standalone proxy-server[130074]: STDERR: The option "user" is not known to keystonemiddleware
Nov 21 10:47:05 standalone proxy-server[130074]: STDERR: The option "bind_ip" is not known to keystonemiddleware
Nov 21 10:47:05 standalone proxy-server[130074]: STDERR: The option "log_name" is not known to keystonemiddleware
Nov 21 10:47:05 standalone proxy-server[130074]: STDERR: The option "log_facility" is not known to keystonemiddleware
Nov 21 10:47:05 standalone proxy-server[130074]: STDERR: The option "log_level" is not known to keystonemiddleware
Nov 21 10:47:05 standalone proxy-server[130074]: STDERR: The option "log_headers" is not known to keystonemiddleware
Nov 21 10:47:05 standalone proxy-server[130074]: STDERR: The option "log_address" is not known to keystonemiddleware
Nov 21 10:47:05 standalone proxy-server[130074]: STDERR: The option "project_name" is not known to keystonemiddleware
Nov 21 10:47:05 standalone proxy-server[130074]: STDERR: The option "username" is not known to keystonemiddleware
Nov 21 10:47:05 standalone proxy-server[130074]: STDERR: The option "password" is not known to keystonemiddleware
Nov 21 10:47:05 standalone proxy-server[130074]: STDERR: The option "auth_url" is not known to keystonemiddleware
Nov 21 10:47:05 standalone proxy-server[130074]: STDERR: The option "signing_dir" is not known to keystonemiddleware
Nov 21 10:47:05 standalone proxy-server[130074]: STDERR: The option "project_domain_id" is not known to keystonemiddleware
Nov 21 10:47:05 standalone proxy-server[130074]: STDERR: The option "user_domain_id" is not known to keystonemiddleware
Nov 21 10:47:05 standalone proxy-server[130074]: STDERR: The option "__name__" is not known to keystonemiddleware
Nov 21 10:47:05 standalone proxy-server[130074]: AuthToken middleware is set with keystone_authtoken.service_token_roles_required set to False. This is backwards compatible but deprecated behaviour. Please set this to True.
Nov 21 10:47:05 standalone proxy-server[129955]: Started child 20 from parent 2
Nov 21 10:47:28 standalone account-server[127915]: 172.20.0.100 - - [21/Nov/2025:10:47:28 +0000] "HEAD /d1/537/.expiring_objects" 404 - "HEAD http://localhost/v1/.expiring_objects?format=json" "tx9e2ebd8957fd493b92d8d-0069204340" "proxy-server 2" 0.0009 "-" 16 -
Nov 21 10:47:28 standalone object-expirer[128018]: Pass completed in 0s; 0 objects expired (txn: tx9e2ebd8957fd493b92d8d-0069204340)
Nov 21 10:48:36 standalone account-server[127901]: 172.20.0.100 - - [21/Nov/2025:10:48:36 +0000] "HEAD /d1/537/.expiring_objects" 404 - "HEAD http://localhost/v1/.expiring_objects?format=json" "txdf4eac1b4ceb4126a595d-0069204384" "proxy-server 2" 0.0018 "-" 15 -
Nov 21 10:48:36 standalone object-expirer[128018]: Pass completed in 0s; 0 objects expired (txn: txdf4eac1b4ceb4126a595d-0069204384)
Nov 21 10:48:37 standalone container-server[127812]: Begin container update sweep
Nov 21 10:48:37 standalone container-server[127812]: Container update sweep completed: 0.00s
Nov 21 10:50:36 standalone account-server[127901]: 172.20.0.100 - - [21/Nov/2025:10:50:36 +0000] "HEAD /d1/537/.expiring_objects" 404 - "HEAD http://localhost/v1/.expiring_objects?format=json" "tx4a9e163e5ab34edf9f4b6-00692043fc" "proxy-server 2" 0.0006 "-" 15 -
Nov 21 10:50:36 standalone object-expirer[128018]: Pass completed in 0s; 0 objects expired (txn: tx4a9e163e5ab34edf9f4b6-00692043fc)
Nov 21 10:50:48 standalone object-server[128236]: Begin object update sweep
Nov 21 10:50:48 standalone object-server[155438]: Object update sweep starting on /srv/node/d1 (pid: 11)
Nov 21 10:50:48 standalone object-server[155438]: Object update sweep completed on /srv/node/d1 in 0.00s seconds:, 0 successes, 0 failures, 0 quarantines, 0 unlinks, 0 errors, 0 redirects (pid: 11)
Nov 21 10:50:48 standalone object-server[155438]: Object update sweep of d1 completed: 0.00s, 0 successes, 0 failures, 0 quarantines, 0 unlinks, 0 errors, 0 redirects
Nov 21 10:50:48 standalone object-server[128236]: Object update sweep completed: 0.09s
Nov 21 10:51:28 standalone account-server[127915]: 172.20.0.100 - - [21/Nov/2025:10:51:28 +0000] "HEAD /d1/537/.expiring_objects" 404 - "HEAD http://localhost/v1/.expiring_objects?format=json" "tx4614c8f8e8c046eb9a2c4-0069204430" "proxy-server 2" 0.0003 "-" 16 -
Nov 21 10:51:28 standalone object-expirer[128018]: Pass completed in 0s; 0 objects expired (txn: tx4614c8f8e8c046eb9a2c4-0069204430)
Nov 21 10:52:18 standalone account-server[127915]: 172.20.0.100 - - [21/Nov/2025:10:52:18 +0000] "HEAD /d1/537/.expiring_objects" 404 - "HEAD http://localhost/v1/.expiring_objects?format=json" "txe26e3dedfb46435c8e570-0069204462" "proxy-server 2" 0.0009 "-" 16 -
Nov 21 10:52:18 standalone object-expirer[128018]: Pass completed in 0s; 0 objects expired (txn: txe26e3dedfb46435c8e570-0069204462)
Nov 21 10:53:37 standalone container-server[127812]: Begin container update sweep
Nov 21 10:53:37 standalone container-server[127812]: Container update sweep completed: 0.00s
Nov 21 10:55:36 standalone account-server[127915]: 172.20.0.100 - - [21/Nov/2025:10:55:36 +0000] "HEAD /d1/537/.expiring_objects" 404 - "HEAD http://localhost/v1/.expiring_objects?format=json" "tx42635aa46a604a439fa45-0069204528" "proxy-server 2" 0.0003 "-" 16 -
Nov 21 10:55:36 standalone object-expirer[128018]: Pass completed in 0s; 0 objects expired (txn: tx42635aa46a604a439fa45-0069204528)
Nov 21 10:55:49 standalone object-server[128236]: Begin object update sweep
Nov 21 10:55:49 standalone object-server[197694]: Object update sweep starting on /srv/node/d1 (pid: 13)
Nov 21 10:55:49 standalone object-server[197694]: Object update sweep completed on /srv/node/d1 in 0.00s seconds:, 0 successes, 0 failures, 0 quarantines, 0 unlinks, 0 errors, 0 redirects (pid: 13)
Nov 21 10:55:49 standalone object-server[197694]: Object update sweep of d1 completed: 0.00s, 0 successes, 0 failures, 0 quarantines, 0 unlinks, 0 errors, 0 redirects
Nov 21 10:55:49 standalone object-server[128236]: Object update sweep completed: 0.09s
Nov 21 10:57:04 standalone account-server[127934]: 172.20.0.100 - - [21/Nov/2025:10:57:04 +0000] "HEAD /d1/537/.expiring_objects" 404 - "HEAD http://localhost/v1/.expiring_objects?format=json" "txdf25f7b9f8324504b5532-0069204580" "proxy-server 2" 0.0018 "-" 17 -
Nov 21 10:57:04 standalone object-expirer[128018]: Pass completed in 0s; 0 objects expired (txn: txdf25f7b9f8324504b5532-0069204580)
Nov 21 10:58:37 standalone container-server[127812]: Begin container update sweep
Nov 21 10:58:37 standalone container-server[127812]: Container update sweep completed: 0.00s
Nov 21 10:59:00 standalone account-server[127901]: 172.20.0.100 - - [21/Nov/2025:10:59:00 +0000] "HEAD /d1/995/AUTH_0cecc8fadb4145d4bfca3c7bfba4ec48" 404 - "HEAD http://172.18.0.2:8080/v1/AUTH_0cecc8fadb4145d4bfca3c7bfba4ec48?format=json" "txf4ccc98747a94dfdb8b0d-00692045f4" "proxy-server 20" 0.0006 "-" 15 -
Nov 21 10:59:00 standalone proxy-server[130074]: - - 21/Nov/2025/10/59/00 HEAD /v1/AUTH_0cecc8fadb4145d4bfca3c7bfba4ec48%3Fformat%3Djson HTTP/1.0 200 - Swift - - - - txf4ccc98747a94dfdb8b0d-00692045f4 - 0.0075 RL - 1763722740.344022274 1763722740.351545572 -
Nov 21 10:59:00 standalone object-server[128267]: 172.20.0.100 - - [21/Nov/2025:10:59:00 +0000] "GET /d1/87/AUTH_0cecc8fadb4145d4bfca3c7bfba4ec48/gnocchi.72b304cd-d974-4dcc-8c6a-c8df32e7484f/none_v3" 404 70 "GET http://172.18.0.2:8080/v1/AUTH_0cecc8fadb4145d4bfca3c7bfba4ec48/gnocchi.72b304cd-d974-4dcc-8c6a-c8df32e7484f/none_v3" "txf4ccc98747a94dfdb8b0d-00692045f4" "proxy-server 20" 0.0013 "-" 23 0
Nov 21 10:59:00 standalone proxy-server[130074]: 172.18.0.2 172.18.0.100 21/Nov/2025/10/59/00 GET /v1/AUTH_0cecc8fadb4145d4bfca3c7bfba4ec48/gnocchi.72b304cd-d974-4dcc-8c6a-c8df32e7484f/none_v3 HTTP/1.0 404 - python-swiftclient-3.11.1 gAAAAABpIEX0NxMs... - 70 - txf4ccc98747a94dfdb8b0d-00692045f4 - 0.4429 - - 1763722740.340013266 1763722740.782898426 0
Nov 21 10:59:00 standalone account-server[127901]: 172.20.0.100 - - [21/Nov/2025:10:59:00 +0000] "PUT /d1/995/AUTH_0cecc8fadb4145d4bfca3c7bfba4ec48" 201 - "-" "tx38c3a56b2a40456cb0dfc-00692045f4" "-" 0.0146 "-" 15 -
Nov 21 10:59:00 standalone proxy-server[130074]: autocreate account '/AUTH_0cecc8fadb4145d4bfca3c7bfba4ec48' (txn: tx38c3a56b2a40456cb0dfc-00692045f4)
Nov 21 10:59:00 standalone account-server[127889]: 172.20.0.100 - - [21/Nov/2025:10:59:00 +0000] "HEAD /d1/995/AUTH_0cecc8fadb4145d4bfca3c7bfba4ec48" 204 - "HEAD http://172.18.0.2:8080/v1/AUTH_0cecc8fadb4145d4bfca3c7bfba4ec48?format=json" "tx38c3a56b2a40456cb0dfc-00692045f4" "proxy-server 20" 0.0038 "-" 14 -
Nov 21 10:59:00 standalone account-server[127915]: 172.20.0.100 - - [21/Nov/2025:10:59:00 +0000] "PUT /d1/995/AUTH_0cecc8fadb4145d4bfca3c7bfba4ec48/gnocchi.72b304cd-d974-4dcc-8c6a-c8df32e7484f" 201 - "PUT http://172.20.0.100:6001/d1/919/AUTH_0cecc8fadb4145d4bfca3c7bfba4ec48/gnocchi.72b304cd-d974-4dcc-8c6a-c8df32e7484f" "tx38c3a56b2a40456cb0dfc-00692045f4" "container-server 22" 0.0028 "-" 16 0
Nov 21 10:59:00 standalone container-server[128062]: 172.20.0.100 - - [21/Nov/2025:10:59:00 +0000] "PUT /d1/919/AUTH_0cecc8fadb4145d4bfca3c7bfba4ec48/gnocchi.72b304cd-d974-4dcc-8c6a-c8df32e7484f" 201 - "PUT http://172.18.0.2:8080/v1/AUTH_0cecc8fadb4145d4bfca3c7bfba4ec48/gnocchi.72b304cd-d974-4dcc-8c6a-c8df32e7484f" "tx38c3a56b2a40456cb0dfc-00692045f4" "proxy-server 20" 0.0186 "-" 22 0
Nov 21 10:59:00 standalone proxy-server[130074]: 172.18.0.2 172.18.0.100 21/Nov/2025/10/59/00 PUT /v1/AUTH_0cecc8fadb4145d4bfca3c7bfba4ec48/gnocchi.72b304cd-d974-4dcc-8c6a-c8df32e7484f HTTP/1.0 201 - python-swiftclient-3.11.1 gAAAAABpIEX0NxMs... - - - tx38c3a56b2a40456cb0dfc-00692045f4 - 0.0547 - - 1763722740.787282228 1763722740.841974497 0
Nov 21 10:59:00 standalone container-server[128061]: 172.20.0.100 - - [21/Nov/2025:10:59:00 +0000] "HEAD /d1/919/AUTH_0cecc8fadb4145d4bfca3c7bfba4ec48/gnocchi.72b304cd-d974-4dcc-8c6a-c8df32e7484f" 204 - "HEAD http://172.18.0.2:8080/v1/AUTH_0cecc8fadb4145d4bfca3c7bfba4ec48/gnocchi.72b304cd-d974-4dcc-8c6a-c8df32e7484f?format=json&states=listing" "tx93b16ab7c13e4909b54a1-00692045f4" "proxy-server 20" 0.0041 "-" 21 0
Nov 21 10:59:00 standalone proxy-server[130074]: - - 21/Nov/2025/10/59/00 HEAD /v1/AUTH_0cecc8fadb4145d4bfca3c7bfba4ec48/gnocchi.72b304cd-d974-4dcc-8c6a-c8df32e7484f%3Fformat%3Djson%26states%3Dlisting HTTP/1.0 204 - Swift - - - - tx93b16ab7c13e4909b54a1-00692045f4 - 0.0097 RL - 1763722740.852038622 1763722740.861699104 0
Nov 21 10:59:00 standalone container-server[128066]: 172.20.0.100 - - [21/Nov/2025:10:59:00 +0000] "GET /d1/919/AUTH_0cecc8fadb4145d4bfca3c7bfba4ec48/gnocchi.72b304cd-d974-4dcc-8c6a-c8df32e7484f" 200 2 "GET http://172.18.0.2:8080/v1/AUTH_0cecc8fadb4145d4bfca3c7bfba4ec48/gnocchi.72b304cd-d974-4dcc-8c6a-c8df32e7484f?format=json&states=listing" "tx93b16ab7c13e4909b54a1-00692045f4" "proxy-server 20" 0.0061 "-" 23 0
Nov 21 10:59:00 standalone proxy-server[130074]: 172.18.0.2 172.18.0.100 21/Nov/2025/10/59/00 GET /v1/AUTH_0cecc8fadb4145d4bfca3c7bfba4ec48/gnocchi.72b304cd-d974-4dcc-8c6a-c8df32e7484f%3Fformat%3Djson%26states%3Dlisting HTTP/1.0 200 - python-swiftclient-3.11.1 gAAAAABpIEX0NxMs... - 2 - tx93b16ab7c13e4909b54a1-00692045f4 - 0.0277 - - 1763722740.848597765 1763722740.876306772 0
Nov 21 10:59:00 standalone object-server[128266]: 172.20.0.100 - - [21/Nov/2025:10:59:00 +0000] "GET /d1/302/AUTH_0cecc8fadb4145d4bfca3c7bfba4ec48/gnocchi.72b304cd-d974-4dcc-8c6a-c8df32e7484f/1763640000.0_mean_300.0_v3" 404 70 "GET http://172.18.0.2:8080/v1/AUTH_0cecc8fadb4145d4bfca3c7bfba4ec48/gnocchi.72b304cd-d974-4dcc-8c6a-c8df32e7484f/1763640000.0_mean_300.0_v3" "tx4b96d048530a45c6824a1-00692045f4" "proxy-server 20" 0.0007 "-" 22 0
Nov 21 10:59:00 standalone proxy-server[130074]: 172.18.0.2 172.18.0.100 21/Nov/2025/10/59/00 GET /v1/AUTH_0cecc8fadb4145d4bfca3c7bfba4ec48/gnocchi.72b304cd-d974-4dcc-8c6a-c8df32e7484f/1763640000.0_mean_300.0_v3 HTTP/1.0 404 - python-swiftclient-3.11.1 gAAAAABpIEX0NxMs... - 70 - tx4b96d048530a45c6824a1-00692045f4 - 0.0076 - - 1763722740.922970295 1763722740.930536747 0
Nov 21 10:59:00 standalone container-server[128066]: 172.20.0.100 - - [21/Nov/2025:10:59:00 +0000] "PUT /d1/919/AUTH_0cecc8fadb4145d4bfca3c7bfba4ec48/gnocchi.72b304cd-d974-4dcc-8c6a-c8df32e7484f/1763640000.0_mean_300.0_v3" 201 - "PUT http://172.18.0.2:8080/d1/302/AUTH_0cecc8fadb4145d4bfca3c7bfba4ec48/gnocchi.72b304cd-d974-4dcc-8c6a-c8df32e7484f/1763640000.0_mean_300.0_v3" "tx2a814d26232447b4a8136-00692045f4" "object-server 23" 0.0010 "-" 23 0
Nov 21 10:59:00 standalone object-server[128267]: 172.20.0.100 - - [21/Nov/2025:10:59:00 +0000] "PUT /d1/302/AUTH_0cecc8fadb4145d4bfca3c7bfba4ec48/gnocchi.72b304cd-d974-4dcc-8c6a-c8df32e7484f/1763640000.0_mean_300.0_v3" 201 - "PUT http://172.18.0.2:8080/v1/AUTH_0cecc8fadb4145d4bfca3c7bfba4ec48/gnocchi.72b304cd-d974-4dcc-8c6a-c8df32e7484f/1763640000.0_mean_300.0_v3" "tx2a814d26232447b4a8136-00692045f4" "proxy-server 20" 0.0336 "-" 23 0
Nov 21 10:59:00 standalone proxy-server[130074]: 172.18.0.2 172.18.0.100 21/Nov/2025/10/59/00 PUT /v1/AUTH_0cecc8fadb4145d4bfca3c7bfba4ec48/gnocchi.72b304cd-d974-4dcc-8c6a-c8df32e7484f/1763640000.0_mean_300.0_v3 HTTP/1.0 201 - python-swiftclient-3.11.1 gAAAAABpIEX0NxMs... 16 - - tx2a814d26232447b4a8136-00692045f4 - 0.0422 - - 1763722740.934605360 1763722740.976792574 0
Nov 21 10:59:00 standalone container-server[128061]: 172.20.0.100 - - [21/Nov/2025:10:59:00 +0000] "PUT /d1/919/AUTH_0cecc8fadb4145d4bfca3c7bfba4ec48/gnocchi.72b304cd-d974-4dcc-8c6a-c8df32e7484f/none_v3" 201 - "PUT http://172.18.0.2:8080/d1/87/AUTH_0cecc8fadb4145d4bfca3c7bfba4ec48/gnocchi.72b304cd-d974-4dcc-8c6a-c8df32e7484f/none_v3" "txa18e5cbaf02b4857b0751-00692045f4" "object-server 23" 0.0011 "-" 21 0
Nov 21 10:59:00 standalone object-server[128267]: 172.20.0.100 - - [21/Nov/2025:10:59:00 +0000] "PUT /d1/87/AUTH_0cecc8fadb4145d4bfca3c7bfba4ec48/gnocchi.72b304cd-d974-4dcc-8c6a-c8df32e7484f/none_v3" 201 - "PUT http://172.18.0.2:8080/v1/AUTH_0cecc8fadb4145d4bfca3c7bfba4ec48/gnocchi.72b304cd-d974-4dcc-8c6a-c8df32e7484f/none_v3" "txa18e5cbaf02b4857b0751-00692045f4" "proxy-server 20" 0.0120 "-" 23 0
Nov 21 10:59:01 standalone proxy-server[130074]: 172.18.0.2 172.18.0.100 21/Nov/2025/10/59/01 PUT /v1/AUTH_0cecc8fadb4145d4bfca3c7bfba4ec48/gnocchi.72b304cd-d974-4dcc-8c6a-c8df32e7484f/none_v3 HTTP/1.0 201 - python-swiftclient-3.11.1 gAAAAABpIEX0NxMs... 22 - - txa18e5cbaf02b4857b0751-00692045f4 - 0.0194 - - 1763722740.980624437 1763722741.000058889 0
Nov 21 10:59:30 standalone object-server[128267]: 172.20.0.100 - - [21/Nov/2025:10:59:30 +0000] "GET /d1/87/AUTH_0cecc8fadb4145d4bfca3c7bfba4ec48/gnocchi.72b304cd-d974-4dcc-8c6a-c8df32e7484f/none_v3" 200 22 "GET http://172.18.0.2:8080/v1/AUTH_0cecc8fadb4145d4bfca3c7bfba4ec48/gnocchi.72b304cd-d974-4dcc-8c6a-c8df32e7484f/none_v3" "tx151423d46ca44bde83d95-0069204612" "proxy-server 20" 0.0009 "-" 23 0
Nov 21 10:59:30 standalone proxy-server[130074]: 172.18.0.2 172.18.0.100 21/Nov/2025/10/59/30 GET /v1/AUTH_0cecc8fadb4145d4bfca3c7bfba4ec48/gnocchi.72b304cd-d974-4dcc-8c6a-c8df32e7484f/none_v3 HTTP/1.0 200 - python-swiftclient-3.11.1 gAAAAABpIEX0NxMs... - 22 - tx151423d46ca44bde83d95-0069204612 - 0.0092 - - 1763722770.160163403 1763722770.169356108 0
Nov 21 10:59:30 standalone container-server[128061]: 172.20.0.100 - - [21/Nov/2025:10:59:30 +0000] "GET /d1/919/AUTH_0cecc8fadb4145d4bfca3c7bfba4ec48/gnocchi.72b304cd-d974-4dcc-8c6a-c8df32e7484f" 200 357 "GET http://172.18.0.2:8080/v1/AUTH_0cecc8fadb4145d4bfca3c7bfba4ec48/gnocchi.72b304cd-d974-4dcc-8c6a-c8df32e7484f?format=json&states=listing" "txb420eb2bb39c41e4acd85-0069204612" "proxy-server 20" 0.0123 "-" 21 0
Nov 21 10:59:30 standalone proxy-server[130074]: 172.18.0.2 172.18.0.100 21/Nov/2025/10/59/30 GET /v1/AUTH_0cecc8fadb4145d4bfca3c7bfba4ec48/gnocchi.72b304cd-d974-4dcc-8c6a-c8df32e7484f%3Fformat%3Djson%26states%3Dlisting HTTP/1.0 200 - python-swiftclient-3.11.1 gAAAAABpIEX0NxMs... - 357 - txb420eb2bb39c41e4acd85-0069204612 - 0.0180 - - 1763722770.172267914 1763722770.190253735 0
Nov 21 10:59:30 standalone container-server[128060]: 172.20.0.100 - - [21/Nov/2025:10:59:30 +0000] "GET /d1/919/AUTH_0cecc8fadb4145d4bfca3c7bfba4ec48/gnocchi.72b304cd-d974-4dcc-8c6a-c8df32e7484f" 200 2 "GET http://172.18.0.2:8080/v1/AUTH_0cecc8fadb4145d4bfca3c7bfba4ec48/gnocchi.72b304cd-d974-4dcc-8c6a-c8df32e7484f?format=json&marker=none_v3&states=listing" "tx62aeb5ecb1574f07a86d1-0069204612" "proxy-server 20" 0.0065 "-" 20 0
Nov 21 10:59:30 standalone proxy-server[130074]: 172.18.0.2 172.18.0.100 21/Nov/2025/10/59/30 GET /v1/AUTH_0cecc8fadb4145d4bfca3c7bfba4ec48/gnocchi.72b304cd-d974-4dcc-8c6a-c8df32e7484f%3Fformat%3Djson%26marker%3Dnone_v3%26states%3Dlisting HTTP/1.0 200 - python-swiftclient-3.11.1 gAAAAABpIEX0NxMs... - 2 - tx62aeb5ecb1574f07a86d1-0069204612 - 0.0134 - - 1763722770.193509817 1763722770.206948519 0
Nov 21 10:59:30 standalone object-server[128266]: 172.20.0.100 - - [21/Nov/2025:10:59:30 +0000] "GET /d1/302/AUTH_0cecc8fadb4145d4bfca3c7bfba4ec48/gnocchi.72b304cd-d974-4dcc-8c6a-c8df32e7484f/1763640000.0_mean_300.0_v3" 200 16 "GET http://172.18.0.2:8080/v1/AUTH_0cecc8fadb4145d4bfca3c7bfba4ec48/gnocchi.72b304cd-d974-4dcc-8c6a-c8df32e7484f/1763640000.0_mean_300.0_v3" "txa81ae0c534f14fbf8e4f0-0069204612" "proxy-server 20" 0.0009 "-" 22 0
Nov 21 10:59:30 standalone proxy-server[130074]: 172.18.0.2 172.18.0.100 21/Nov/2025/10/59/30 GET /v1/AUTH_0cecc8fadb4145d4bfca3c7bfba4ec48/gnocchi.72b304cd-d974-4dcc-8c6a-c8df32e7484f/1763640000.0_mean_300.0_v3 HTTP/1.0 200 - python-swiftclient-3.11.1 gAAAAABpIEX0NxMs... - 16 - txa81ae0c534f14fbf8e4f0-0069204612 - 0.0124 - - 1763722770.214507580 1763722770.226888895 0
Nov 21 10:59:30 standalone container-server[128061]: 172.20.0.100 - - [21/Nov/2025:10:59:30 +0000] "PUT /d1/919/AUTH_0cecc8fadb4145d4bfca3c7bfba4ec48/gnocchi.72b304cd-d974-4dcc-8c6a-c8df32e7484f/1763640000.0_mean_300.0_v3" 201 - "PUT http://172.18.0.2:8080/d1/302/AUTH_0cecc8fadb4145d4bfca3c7bfba4ec48/gnocchi.72b304cd-d974-4dcc-8c6a-c8df32e7484f/1763640000.0_mean_300.0_v3" "txf0d225216ed742de9028f-0069204612" "object-server 25" 0.0006 "-" 21 0
Nov 21 10:59:30 standalone object-server[128269]: 172.20.0.100 - - [21/Nov/2025:10:59:30 +0000] "PUT /d1/302/AUTH_0cecc8fadb4145d4bfca3c7bfba4ec48/gnocchi.72b304cd-d974-4dcc-8c6a-c8df32e7484f/1763640000.0_mean_300.0_v3" 201 - "PUT http://172.18.0.2:8080/v1/AUTH_0cecc8fadb4145d4bfca3c7bfba4ec48/gnocchi.72b304cd-d974-4dcc-8c6a-c8df32e7484f/1763640000.0_mean_300.0_v3" "txf0d225216ed742de9028f-0069204612" "proxy-server 20" 0.0274 "-" 25 0
Nov 21 10:59:30 standalone proxy-server[130074]: 172.18.0.2 172.18.0.100 21/Nov/2025/10/59/30 PUT /v1/AUTH_0cecc8fadb4145d4bfca3c7bfba4ec48/gnocchi.72b304cd-d974-4dcc-8c6a-c8df32e7484f/1763640000.0_mean_300.0_v3 HTTP/1.0 201 - python-swiftclient-3.11.1 gAAAAABpIEX0NxMs... 16 - - txf0d225216ed742de9028f-0069204612 - 0.0340 - - 1763722770.229415655 1763722770.263444662 0
Nov 21 10:59:30 standalone container-server[128061]: 172.20.0.100 - - [21/Nov/2025:10:59:30 +0000] "PUT /d1/919/AUTH_0cecc8fadb4145d4bfca3c7bfba4ec48/gnocchi.72b304cd-d974-4dcc-8c6a-c8df32e7484f/none_v3" 201 - "PUT http://172.18.0.2:8080/d1/87/AUTH_0cecc8fadb4145d4bfca3c7bfba4ec48/gnocchi.72b304cd-d974-4dcc-8c6a-c8df32e7484f/none_v3" "txc3394e9cea6c463db8a65-0069204612" "object-server 25" 0.0005 "-" 21 0
Nov 21 10:59:30 standalone object-server[128269]: 172.20.0.100 - - [21/Nov/2025:10:59:30 +0000] "PUT /d1/87/AUTH_0cecc8fadb4145d4bfca3c7bfba4ec48/gnocchi.72b304cd-d974-4dcc-8c6a-c8df32e7484f/none_v3" 201 - "PUT http://172.18.0.2:8080/v1/AUTH_0cecc8fadb4145d4bfca3c7bfba4ec48/gnocchi.72b304cd-d974-4dcc-8c6a-c8df32e7484f/none_v3" "txc3394e9cea6c463db8a65-0069204612" "proxy-server 20" 0.0132 "-" 25 0
Nov 21 10:59:30 standalone proxy-server[130074]: 172.18.0.2 172.18.0.100 21/Nov/2025/10/59/30 PUT /v1/AUTH_0cecc8fadb4145d4bfca3c7bfba4ec48/gnocchi.72b304cd-d974-4dcc-8c6a-c8df32e7484f/none_v3 HTTP/1.0 201 - python-swiftclient-3.11.1 gAAAAABpIEX0NxMs... 32 - - txc3394e9cea6c463db8a65-0069204612 - 0.0199 - - 1763722770.268332005 1763722770.288244963 0
Nov 21 10:59:59 standalone container-server[128061]: 172.20.0.100 - - [21/Nov/2025:10:59:59 +0000] "HEAD /d1/261/AUTH_0cecc8fadb4145d4bfca3c7bfba4ec48/gnocchi.7d7675c7-a9e0-4a3c-9325-15b7bf8b1dd2" 404 - "HEAD http://172.18.0.2:8080/v1/AUTH_0cecc8fadb4145d4bfca3c7bfba4ec48/gnocchi.7d7675c7-a9e0-4a3c-9325-15b7bf8b1dd2?format=json&states=listing" "tx1980a776a6804460879a9-006920462f" "proxy-server 20" 0.0009 "-" 21 0
Nov 21 10:59:59 standalone object-server[128269]: 172.20.0.100 - - [21/Nov/2025:10:59:59 +0000] "GET /d1/10/AUTH_0cecc8fadb4145d4bfca3c7bfba4ec48/gnocchi.7d7675c7-a9e0-4a3c-9325-15b7bf8b1dd2/none_v3" 404 70 "GET http://172.18.0.2:8080/v1/AUTH_0cecc8fadb4145d4bfca3c7bfba4ec48/gnocchi.7d7675c7-a9e0-4a3c-9325-15b7bf8b1dd2/none_v3" "tx1980a776a6804460879a9-006920462f" "proxy-server 20" 0.0006 "-" 25 0
Nov 21 10:59:59 standalone proxy-server[130074]: 172.18.0.2 172.18.0.100 21/Nov/2025/10/59/59 GET /v1/AUTH_0cecc8fadb4145d4bfca3c7bfba4ec48/gnocchi.7d7675c7-a9e0-4a3c-9325-15b7bf8b1dd2/none_v3 HTTP/1.0 404 - python-swiftclient-3.11.1 gAAAAABpIEX0NxMs... - 70 - tx1980a776a6804460879a9-006920462f - 0.0139 - - 1763722799.093105316 1763722799.107005596 0
Nov 21 10:59:59 standalone account-server[127915]: 172.20.0.100 - - [21/Nov/2025:10:59:59 +0000] "PUT /d1/995/AUTH_0cecc8fadb4145d4bfca3c7bfba4ec48/gnocchi.7d7675c7-a9e0-4a3c-9325-15b7bf8b1dd2" 201 - "PUT http://172.20.0.100:6001/d1/261/AUTH_0cecc8fadb4145d4bfca3c7bfba4ec48/gnocchi.7d7675c7-a9e0-4a3c-9325-15b7bf8b1dd2" "tx538eb8db447f426281412-006920462f" "container-server 21" 0.0115 "-" 16 0
Nov 21 10:59:59 standalone container-server[128061]: 172.20.0.100 - - [21/Nov/2025:10:59:59 +0000] "PUT /d1/261/AUTH_0cecc8fadb4145d4bfca3c7bfba4ec48/gnocchi.7d7675c7-a9e0-4a3c-9325-15b7bf8b1dd2" 201 - "PUT http://172.18.0.2:8080/v1/AUTH_0cecc8fadb4145d4bfca3c7bfba4ec48/gnocchi.7d7675c7-a9e0-4a3c-9325-15b7bf8b1dd2" "tx538eb8db447f426281412-006920462f" "proxy-server 20" 0.0296 "-" 21 0
Nov 21 10:59:59 standalone proxy-server[130074]: 172.18.0.2 172.18.0.100 21/Nov/2025/10/59/59 PUT /v1/AUTH_0cecc8fadb4145d4bfca3c7bfba4ec48/gnocchi.7d7675c7-a9e0-4a3c-9325-15b7bf8b1dd2 HTTP/1.0 201 - python-swiftclient-3.11.1 gAAAAABpIEX0NxMs... - - - tx538eb8db447f426281412-006920462f - 0.0369 - - 1763722799.109725952 1763722799.146587372 0
Nov 21 10:59:59 standalone container-server[128060]: 172.20.0.100 - - [21/Nov/2025:10:59:59 +0000] "HEAD /d1/261/AUTH_0cecc8fadb4145d4bfca3c7bfba4ec48/gnocchi.7d7675c7-a9e0-4a3c-9325-15b7bf8b1dd2" 204 - "HEAD http://172.18.0.2:8080/v1/AUTH_0cecc8fadb4145d4bfca3c7bfba4ec48/gnocchi.7d7675c7-a9e0-4a3c-9325-15b7bf8b1dd2?format=json&states=listing" "txeb0a3b7b80604acb8b41d-006920462f" "proxy-server 20" 0.0015 "-" 20 0
Nov 21 10:59:59 standalone proxy-server[130074]: - - 21/Nov/2025/10/59/59 HEAD /v1/AUTH_0cecc8fadb4145d4bfca3c7bfba4ec48/gnocchi.7d7675c7-a9e0-4a3c-9325-15b7bf8b1dd2%3Fformat%3Djson%26states%3Dlisting HTTP/1.0 204 - Swift - - - - txeb0a3b7b80604acb8b41d-006920462f - 0.0047 RL - 1763722799.150193930 1763722799.154880285 0
Nov 21 10:59:59 standalone container-server[128060]: 172.20.0.100 - - [21/Nov/2025:10:59:59 +0000] "GET /d1/261/AUTH_0cecc8fadb4145d4bfca3c7bfba4ec48/gnocchi.7d7675c7-a9e0-4a3c-9325-15b7bf8b1dd2" 200 2 "GET http://172.18.0.2:8080/v1/AUTH_0cecc8fadb4145d4bfca3c7bfba4ec48/gnocchi.7d7675c7-a9e0-4a3c-9325-15b7bf8b1dd2?format=json&states=listing" "txeb0a3b7b80604acb8b41d-006920462f" "proxy-server 20" 0.0019 "-" 20 0
Nov 21 10:59:59 standalone proxy-server[130074]: 172.18.0.2 172.18.0.100 21/Nov/2025/10/59/59 GET /v1/AUTH_0cecc8fadb4145d4bfca3c7bfba4ec48/gnocchi.7d7675c7-a9e0-4a3c-9325-15b7bf8b1dd2%3Fformat%3Djson%26states%3Dlisting HTTP/1.0 200 - python-swiftclient-3.11.1 gAAAAABpIEX0NxMs... - 2 - txeb0a3b7b80604acb8b41d-006920462f - 0.0120 - - 1763722799.149252653 1763722799.161265373 0
Nov 21 10:59:59 standalone object-server[128267]: 172.20.0.100 - - [21/Nov/2025:10:59:59 +0000] "GET /d1/947/AUTH_0cecc8fadb4145d4bfca3c7bfba4ec48/gnocchi.7d7675c7-a9e0-4a3c-9325-15b7bf8b1dd2/1763640000.0_mean_300.0_v3" 404 70 "GET http://172.18.0.2:8080/v1/AUTH_0cecc8fadb4145d4bfca3c7bfba4ec48/gnocchi.7d7675c7-a9e0-4a3c-9325-15b7bf8b1dd2/1763640000.0_mean_300.0_v3" "tx71f195cdfc3f45538f96b-006920462f" "proxy-server 20" 0.0003 "-" 23 0
Nov 21 10:59:59 standalone proxy-server[130074]: 172.18.0.2 172.18.0.100 21/Nov/2025/10/59/59 GET /v1/AUTH_0cecc8fadb4145d4bfca3c7bfba4ec48/gnocchi.7d7675c7-a9e0-4a3c-9325-15b7bf8b1dd2/1763640000.0_mean_300.0_v3 HTTP/1.0 404 - python-swiftclient-3.11.1 gAAAAABpIEX0NxMs... - 70 - tx71f195cdfc3f45538f96b-006920462f - 0.0037 - - 1763722799.163554907 1763722799.167254925 0
Nov 21 10:59:59 standalone container-server[128062]: 172.20.0.100 - - [21/Nov/2025:10:59:59 +0000] "PUT /d1/261/AUTH_0cecc8fadb4145d4bfca3c7bfba4ec48/gnocchi.7d7675c7-a9e0-4a3c-9325-15b7bf8b1dd2/1763640000.0_mean_300.0_v3" 201 - "PUT http://172.18.0.2:8080/d1/947/AUTH_0cecc8fadb4145d4bfca3c7bfba4ec48/gnocchi.7d7675c7-a9e0-4a3c-9325-15b7bf8b1dd2/1763640000.0_mean_300.0_v3" "txc5f9e0d9ed6f4714af685-006920462f" "object-server 25" 0.0009 "-" 22 0
Nov 21 10:59:59 standalone object-server[128269]: 172.20.0.100 - - [21/Nov/2025:10:59:59 +0000] "PUT /d1/947/AUTH_0cecc8fadb4145d4bfca3c7bfba4ec48/gnocchi.7d7675c7-a9e0-4a3c-9325-15b7bf8b1dd2/1763640000.0_mean_300.0_v3" 201 - "PUT http://172.18.0.2:8080/v1/AUTH_0cecc8fadb4145d4bfca3c7bfba4ec48/gnocchi.7d7675c7-a9e0-4a3c-9325-15b7bf8b1dd2/1763640000.0_mean_300.0_v3" "txc5f9e0d9ed6f4714af685-006920462f" "proxy-server 20" 0.0200 "-" 25 0
Nov 21 10:59:59 standalone proxy-server[130074]: 172.18.0.2 172.18.0.100 21/Nov/2025/10/59/59 PUT /v1/AUTH_0cecc8fadb4145d4bfca3c7bfba4ec48/gnocchi.7d7675c7-a9e0-4a3c-9325-15b7bf8b1dd2/1763640000.0_mean_300.0_v3 HTTP/1.0 201 - python-swiftclient-3.11.1 gAAAAABpIEX0NxMs... 16 - - txc5f9e0d9ed6f4714af685-006920462f - 0.0253 - - 1763722799.169137001 1763722799.194425821 0
Nov 21 10:59:59 standalone container-server[128062]: 172.20.0.100 - - [21/Nov/2025:10:59:59 +0000] "PUT /d1/261/AUTH_0cecc8fadb4145d4bfca3c7bfba4ec48/gnocchi.7d7675c7-a9e0-4a3c-9325-15b7bf8b1dd2/none_v3" 201 - "PUT http://172.18.0.2:8080/d1/10/AUTH_0cecc8fadb4145d4bfca3c7bfba4ec48/gnocchi.7d7675c7-a9e0-4a3c-9325-15b7bf8b1dd2/none_v3" "tx120c3acb99ed46eea6355-006920462f" "object-server 24" 0.0008 "-" 22 0
Nov 21 10:59:59 standalone object-server[128268]: 172.20.0.100 - - [21/Nov/2025:10:59:59 +0000] "PUT /d1/10/AUTH_0cecc8fadb4145d4bfca3c7bfba4ec48/gnocchi.7d7675c7-a9e0-4a3c-9325-15b7bf8b1dd2/none_v3" 201 - "PUT http://172.18.0.2:8080/v1/AUTH_0cecc8fadb4145d4bfca3c7bfba4ec48/gnocchi.7d7675c7-a9e0-4a3c-9325-15b7bf8b1dd2/none_v3" "tx120c3acb99ed46eea6355-006920462f" "proxy-server 20" 0.0393 "-" 24 0
Nov 21 10:59:59 standalone proxy-server[130074]: 172.18.0.2 172.18.0.100 21/Nov/2025/10/59/59 PUT /v1/AUTH_0cecc8fadb4145d4bfca3c7bfba4ec48/gnocchi.7d7675c7-a9e0-4a3c-9325-15b7bf8b1dd2/none_v3 HTTP/1.0 201 - python-swiftclient-3.11.1 gAAAAABpIEX0NxMs... 22 - - tx120c3acb99ed46eea6355-006920462f - 0.0458 - - 1763722799.197841883 1763722799.243683577 0
Nov 21 10:59:59 standalone container-server[128062]: 172.20.0.100 - - [21/Nov/2025:10:59:59 +0000] "HEAD /d1/174/AUTH_0cecc8fadb4145d4bfca3c7bfba4ec48/gnocchi.e4140c4d-3287-4e0e-801b-6ff196b93ea3" 404 - "HEAD http://172.18.0.2:8080/v1/AUTH_0cecc8fadb4145d4bfca3c7bfba4ec48/gnocchi.e4140c4d-3287-4e0e-801b-6ff196b93ea3?format=json&states=listing" "txd614af48ad114f29a75e1-006920462f" "proxy-server 20" 0.0009 "-" 22 0
Nov 21 10:59:59 standalone object-server[128268]: 172.20.0.100 - - [21/Nov/2025:10:59:59 +0000] "GET /d1/305/AUTH_0cecc8fadb4145d4bfca3c7bfba4ec48/gnocchi.e4140c4d-3287-4e0e-801b-6ff196b93ea3/none_v3" 404 70 "GET http://172.18.0.2:8080/v1/AUTH_0cecc8fadb4145d4bfca3c7bfba4ec48/gnocchi.e4140c4d-3287-4e0e-801b-6ff196b93ea3/none_v3" "txd614af48ad114f29a75e1-006920462f" "proxy-server 20" 0.0004 "-" 24 0
Nov 21 10:59:59 standalone proxy-server[130074]: 172.18.0.2 172.18.0.100 21/Nov/2025/10/59/59 GET /v1/AUTH_0cecc8fadb4145d4bfca3c7bfba4ec48/gnocchi.e4140c4d-3287-4e0e-801b-6ff196b93ea3/none_v3 HTTP/1.0 404 - python-swiftclient-3.11.1 gAAAAABpIEX0NxMs... - 70 - txd614af48ad114f29a75e1-006920462f - 0.0112 - - 1763722799.285901546 1763722799.297097445 0
Nov 21 10:59:59 standalone account-server[127915]: 172.20.0.100 - - [21/Nov/2025:10:59:59 +0000] "PUT /d1/995/AUTH_0cecc8fadb4145d4bfca3c7bfba4ec48/gnocchi.e4140c4d-3287-4e0e-801b-6ff196b93ea3" 201 - "PUT http://172.20.0.100:6001/d1/174/AUTH_0cecc8fadb4145d4bfca3c7bfba4ec48/gnocchi.e4140c4d-3287-4e0e-801b-6ff196b93ea3" "tx1afeb94e8fcb4687bda69-006920462f" "container-server 22" 0.0112 "-" 16 0
Nov 21 10:59:59 standalone container-server[128062]: 172.20.0.100 - - [21/Nov/2025:10:59:59 +0000] "PUT /d1/174/AUTH_0cecc8fadb4145d4bfca3c7bfba4ec48/gnocchi.e4140c4d-3287-4e0e-801b-6ff196b93ea3" 201 - "PUT http://172.18.0.2:8080/v1/AUTH_0cecc8fadb4145d4bfca3c7bfba4ec48/gnocchi.e4140c4d-3287-4e0e-801b-6ff196b93ea3" "tx1afeb94e8fcb4687bda69-006920462f" "proxy-server 20" 0.0333 "-" 22 0
Nov 21 10:59:59 standalone proxy-server[130074]: 172.18.0.2 172.18.0.100 21/Nov/2025/10/59/59 PUT /v1/AUTH_0cecc8fadb4145d4bfca3c7bfba4ec48/gnocchi.e4140c4d-3287-4e0e-801b-6ff196b93ea3 HTTP/1.0 201 - python-swiftclient-3.11.1 gAAAAABpIEX0NxMs... - - - tx1afeb94e8fcb4687bda69-006920462f - 0.0381 - - 1763722799.301010847 1763722799.339092255 0
Nov 21 10:59:59 standalone container-server[128060]: 172.20.0.100 - - [21/Nov/2025:10:59:59 +0000] "HEAD /d1/174/AUTH_0cecc8fadb4145d4bfca3c7bfba4ec48/gnocchi.e4140c4d-3287-4e0e-801b-6ff196b93ea3" 204 - "HEAD http://172.18.0.2:8080/v1/AUTH_0cecc8fadb4145d4bfca3c7bfba4ec48/gnocchi.e4140c4d-3287-4e0e-801b-6ff196b93ea3?format=json&states=listing" "txfcc3b4f4b80d470cb469b-006920462f" "proxy-server 20" 0.0015 "-" 20 0
Nov 21 10:59:59 standalone proxy-server[130074]: - - 21/Nov/2025/10/59/59 HEAD /v1/AUTH_0cecc8fadb4145d4bfca3c7bfba4ec48/gnocchi.e4140c4d-3287-4e0e-801b-6ff196b93ea3%3Fformat%3Djson%26states%3Dlisting HTTP/1.0 204 - Swift - - - - txfcc3b4f4b80d470cb469b-006920462f - 0.0053 RL - 1763722799.343734741 1763722799.349075556 0
Nov 21 10:59:59 standalone container-server[128066]: 172.20.0.100 - - [21/Nov/2025:10:59:59 +0000] "GET /d1/174/AUTH_0cecc8fadb4145d4bfca3c7bfba4ec48/gnocchi.e4140c4d-3287-4e0e-801b-6ff196b93ea3" 200 2 "GET http://172.18.0.2:8080/v1/AUTH_0cecc8fadb4145d4bfca3c7bfba4ec48/gnocchi.e4140c4d-3287-4e0e-801b-6ff196b93ea3?format=json&states=listing" "txfcc3b4f4b80d470cb469b-006920462f" "proxy-server 20" 0.0023 "-" 23 0
Nov 21 10:59:59 standalone proxy-server[130074]: 172.18.0.2 172.18.0.100 21/Nov/2025/10/59/59 GET /v1/AUTH_0cecc8fadb4145d4bfca3c7bfba4ec48/gnocchi.e4140c4d-3287-4e0e-801b-6ff196b93ea3%3Fformat%3Djson%26states%3Dlisting HTTP/1.0 200 - python-swiftclient-3.11.1 gAAAAABpIEX0NxMs... - 2 - txfcc3b4f4b80d470cb469b-006920462f - 0.0161 - - 1763722799.342732191 1763722799.358823538 0
Nov 21 10:59:59 standalone object-server[128268]: 172.20.0.100 - - [21/Nov/2025:10:59:59 +0000] "GET /d1/770/AUTH_0cecc8fadb4145d4bfca3c7bfba4ec48/gnocchi.e4140c4d-3287-4e0e-801b-6ff196b93ea3/1763640000.0_mean_300.0_v3" 404 70 "GET http://172.18.0.2:8080/v1/AUTH_0cecc8fadb4145d4bfca3c7bfba4ec48/gnocchi.e4140c4d-3287-4e0e-801b-6ff196b93ea3/1763640000.0_mean_300.0_v3" "tx080f2c5f1c144f9d89c16-006920462f" "proxy-server 20" 0.0004 "-" 24 0
Nov 21 10:59:59 standalone proxy-server[130074]: 172.18.0.2 172.18.0.100 21/Nov/2025/10/59/59 GET /v1/AUTH_0cecc8fadb4145d4bfca3c7bfba4ec48/gnocchi.e4140c4d-3287-4e0e-801b-6ff196b93ea3/1763640000.0_mean_300.0_v3 HTTP/1.0 404 - python-swiftclient-3.11.1 gAAAAABpIEX0NxMs... - 70 - tx080f2c5f1c144f9d89c16-006920462f - 0.0064 - - 1763722799.362898350 1763722799.369344234 0
Nov 21 10:59:59 standalone container-server[128066]: 172.20.0.100 - - [21/Nov/2025:10:59:59 +0000] "PUT /d1/174/AUTH_0cecc8fadb4145d4bfca3c7bfba4ec48/gnocchi.e4140c4d-3287-4e0e-801b-6ff196b93ea3/1763640000.0_mean_300.0_v3" 201 - "PUT http://172.18.0.2:8080/d1/770/AUTH_0cecc8fadb4145d4bfca3c7bfba4ec48/gnocchi.e4140c4d-3287-4e0e-801b-6ff196b93ea3/1763640000.0_mean_300.0_v3" "tx48f0efda5f39443facf41-006920462f" "object-server 23" 0.0005 "-" 23 0
Nov 21 10:59:59 standalone object-server[128267]: 172.20.0.100 - - [21/Nov/2025:10:59:59 +0000] "PUT /d1/770/AUTH_0cecc8fadb4145d4bfca3c7bfba4ec48/gnocchi.e4140c4d-3287-4e0e-801b-6ff196b93ea3/1763640000.0_mean_300.0_v3" 201 - "PUT http://172.18.0.2:8080/v1/AUTH_0cecc8fadb4145d4bfca3c7bfba4ec48/gnocchi.e4140c4d-3287-4e0e-801b-6ff196b93ea3/1763640000.0_mean_300.0_v3" "tx48f0efda5f39443facf41-006920462f" "proxy-server 20" 0.0074 "-" 23 0
Nov 21 10:59:59 standalone proxy-server[130074]: 172.18.0.2 172.18.0.100 21/Nov/2025/10/59/59 PUT /v1/AUTH_0cecc8fadb4145d4bfca3c7bfba4ec48/gnocchi.e4140c4d-3287-4e0e-801b-6ff196b93ea3/1763640000.0_mean_300.0_v3 HTTP/1.0 201 - python-swiftclient-3.11.1 gAAAAABpIEX0NxMs... 16 - - tx48f0efda5f39443facf41-006920462f - 0.0129 - - 1763722799.372226954 1763722799.385101080 0
Nov 21 10:59:59 standalone container-server[128061]: 172.20.0.100 - - [21/Nov/2025:10:59:59 +0000] "PUT /d1/174/AUTH_0cecc8fadb4145d4bfca3c7bfba4ec48/gnocchi.e4140c4d-3287-4e0e-801b-6ff196b93ea3/none_v3" 201 - "PUT http://172.18.0.2:8080/d1/305/AUTH_0cecc8fadb4145d4bfca3c7bfba4ec48/gnocchi.e4140c4d-3287-4e0e-801b-6ff196b93ea3/none_v3" "txf71cc88bed7e475c88f79-006920462f" "object-server 23" 0.0006 "-" 21 0
Nov 21 10:59:59 standalone object-server[128267]: 172.20.0.100 - - [21/Nov/2025:10:59:59 +0000] "PUT /d1/305/AUTH_0cecc8fadb4145d4bfca3c7bfba4ec48/gnocchi.e4140c4d-3287-4e0e-801b-6ff196b93ea3/none_v3" 201 - "PUT http://172.18.0.2:8080/v1/AUTH_0cecc8fadb4145d4bfca3c7bfba4ec48/gnocchi.e4140c4d-3287-4e0e-801b-6ff196b93ea3/none_v3" "txf71cc88bed7e475c88f79-006920462f" "proxy-server 20" 0.0084 "-" 23 0
Nov 21 10:59:59 standalone proxy-server[130074]: 172.18.0.2 172.18.0.100 21/Nov/2025/10/59/59 PUT /v1/AUTH_0cecc8fadb4145d4bfca3c7bfba4ec48/gnocchi.e4140c4d-3287-4e0e-801b-6ff196b93ea3/none_v3 HTTP/1.0 201 - python-swiftclient-3.11.1 gAAAAABpIEX0NxMs... 22 - - txf71cc88bed7e475c88f79-006920462f - 0.0137 - - 1763722799.387641907 1763722799.401314974 0
Nov 21 11:00:06 standalone account-server[127934]: 172.20.0.100 - - [21/Nov/2025:11:00:06 +0000] "HEAD /d1/995/AUTH_0cecc8fadb4145d4bfca3c7bfba4ec48" 204 - "HEAD http://172.18.0.2:8080/v1/AUTH_0cecc8fadb4145d4bfca3c7bfba4ec48?format=json" "tx5fabb24f877a4839b9d7a-0069204636" "proxy-server 20" 0.0061 "-" 17 -
Nov 21 11:00:06 standalone proxy-server[130074]: - - 21/Nov/2025/11/00/06 HEAD /v1/AUTH_0cecc8fadb4145d4bfca3c7bfba4ec48%3Fformat%3Djson HTTP/1.0 204 - Swift - - - - tx5fabb24f877a4839b9d7a-0069204636 - 0.0113 RL - 1763722806.581680059 1763722806.593004942 -
Nov 21 11:00:06 standalone container-server[128066]: 172.20.0.100 - - [21/Nov/2025:11:00:06 +0000] "HEAD /d1/585/AUTH_0cecc8fadb4145d4bfca3c7bfba4ec48/gnocchi.c18b3162-a3f5-4f7c-9418-8fc11ddd7606" 404 - "HEAD http://172.18.0.2:8080/v1/AUTH_0cecc8fadb4145d4bfca3c7bfba4ec48/gnocchi.c18b3162-a3f5-4f7c-9418-8fc11ddd7606?format=json&states=listing" "tx5fabb24f877a4839b9d7a-0069204636" "proxy-server 20" 0.0006 "-" 23 0
Nov 21 11:00:06 standalone object-server[128268]: 172.20.0.100 - - [21/Nov/2025:11:00:06 +0000] "GET /d1/622/AUTH_0cecc8fadb4145d4bfca3c7bfba4ec48/gnocchi.c18b3162-a3f5-4f7c-9418-8fc11ddd7606/none_v3" 404 70 "GET http://172.18.0.2:8080/v1/AUTH_0cecc8fadb4145d4bfca3c7bfba4ec48/gnocchi.c18b3162-a3f5-4f7c-9418-8fc11ddd7606/none_v3" "tx5fabb24f877a4839b9d7a-0069204636" "proxy-server 20" 0.0004 "-" 24 0
Nov 21 11:00:06 standalone proxy-server[130074]: 172.18.0.2 172.18.0.100 21/Nov/2025/11/00/06 GET /v1/AUTH_0cecc8fadb4145d4bfca3c7bfba4ec48/gnocchi.c18b3162-a3f5-4f7c-9418-8fc11ddd7606/none_v3 HTTP/1.0 404 - python-swiftclient-3.11.1 gAAAAABpIEX0NxMs... - 70 - tx5fabb24f877a4839b9d7a-0069204636 - 0.0287 - - 1763722806.580403090 1763722806.609132528 0
Nov 21 11:00:06 standalone account-server[127915]: 172.20.0.100 - - [21/Nov/2025:11:00:06 +0000] "PUT /d1/995/AUTH_0cecc8fadb4145d4bfca3c7bfba4ec48/gnocchi.c18b3162-a3f5-4f7c-9418-8fc11ddd7606" 201 - "PUT http://172.20.0.100:6001/d1/585/AUTH_0cecc8fadb4145d4bfca3c7bfba4ec48/gnocchi.c18b3162-a3f5-4f7c-9418-8fc11ddd7606" "tx1eed19564d664c8c897b9-0069204636" "container-server 23" 0.0022 "-" 16 0
Nov 21 11:00:06 standalone container-server[128066]: 172.20.0.100 - - [21/Nov/2025:11:00:06 +0000] "PUT /d1/585/AUTH_0cecc8fadb4145d4bfca3c7bfba4ec48/gnocchi.c18b3162-a3f5-4f7c-9418-8fc11ddd7606" 201 - "PUT http://172.18.0.2:8080/v1/AUTH_0cecc8fadb4145d4bfca3c7bfba4ec48/gnocchi.c18b3162-a3f5-4f7c-9418-8fc11ddd7606" "tx1eed19564d664c8c897b9-0069204636" "proxy-server 20" 0.0165 "-" 23 0
Nov 21 11:00:06 standalone proxy-server[130074]: 172.18.0.2 172.18.0.100 21/Nov/2025/11/00/06 PUT /v1/AUTH_0cecc8fadb4145d4bfca3c7bfba4ec48/gnocchi.c18b3162-a3f5-4f7c-9418-8fc11ddd7606 HTTP/1.0 201 - python-swiftclient-3.11.1 gAAAAABpIEX0NxMs... - - - tx1eed19564d664c8c897b9-0069204636 - 0.0377 - - 1763722806.613672733 1763722806.651378870 0
Nov 21 11:00:06 standalone container-server[128066]: 172.20.0.100 - - [21/Nov/2025:11:00:06 +0000] "HEAD /d1/585/AUTH_0cecc8fadb4145d4bfca3c7bfba4ec48/gnocchi.c18b3162-a3f5-4f7c-9418-8fc11ddd7606" 204 - "HEAD http://172.18.0.2:8080/v1/AUTH_0cecc8fadb4145d4bfca3c7bfba4ec48/gnocchi.c18b3162-a3f5-4f7c-9418-8fc11ddd7606?format=json&states=listing" "txf2236df95f3c4d0f80932-0069204636" "proxy-server 20" 0.0016 "-" 23 0
Nov 21 11:00:06 standalone proxy-server[130074]: - - 21/Nov/2025/11/00/06 HEAD /v1/AUTH_0cecc8fadb4145d4bfca3c7bfba4ec48/gnocchi.c18b3162-a3f5-4f7c-9418-8fc11ddd7606%3Fformat%3Djson%26states%3Dlisting HTTP/1.0 204 - Swift - - - - txf2236df95f3c4d0f80932-0069204636 - 0.0051 RL - 1763722806.657143593 1763722806.662219286 0
Nov 21 11:00:06 standalone container-server[128062]: 172.20.0.100 - - [21/Nov/2025:11:00:06 +0000] "GET /d1/585/AUTH_0cecc8fadb4145d4bfca3c7bfba4ec48/gnocchi.c18b3162-a3f5-4f7c-9418-8fc11ddd7606" 200 2 "GET http://172.18.0.2:8080/v1/AUTH_0cecc8fadb4145d4bfca3c7bfba4ec48/gnocchi.c18b3162-a3f5-4f7c-9418-8fc11ddd7606?format=json&states=listing" "txf2236df95f3c4d0f80932-0069204636" "proxy-server 20" 0.0050 "-" 22 0
Nov 21 11:00:06 standalone proxy-server[130074]: 172.18.0.2 172.18.0.100 21/Nov/2025/11/00/06 GET /v1/AUTH_0cecc8fadb4145d4bfca3c7bfba4ec48/gnocchi.c18b3162-a3f5-4f7c-9418-8fc11ddd7606%3Fformat%3Djson%26states%3Dlisting HTTP/1.0 200 - python-swiftclient-3.11.1 gAAAAABpIEX0NxMs... - 2 - txf2236df95f3c4d0f80932-0069204636 - 0.0203 - - 1763722806.655799389 1763722806.676065683 0
Nov 21 11:00:06 standalone object-server[128268]: 172.20.0.100 - - [21/Nov/2025:11:00:06 +0000] "GET /d1/337/AUTH_0cecc8fadb4145d4bfca3c7bfba4ec48/gnocchi.c18b3162-a3f5-4f7c-9418-8fc11ddd7606/1763640000.0_mean_300.0_v3" 404 70 "GET http://172.18.0.2:8080/v1/AUTH_0cecc8fadb4145d4bfca3c7bfba4ec48/gnocchi.c18b3162-a3f5-4f7c-9418-8fc11ddd7606/1763640000.0_mean_300.0_v3" "tx99579082e37d4af1aeedf-0069204636" "proxy-server 20" 0.0004 "-" 24 0
Nov 21 11:00:06 standalone proxy-server[130074]: 172.18.0.2 172.18.0.100 21/Nov/2025/11/00/06 GET /v1/AUTH_0cecc8fadb4145d4bfca3c7bfba4ec48/gnocchi.c18b3162-a3f5-4f7c-9418-8fc11ddd7606/1763640000.0_mean_300.0_v3 HTTP/1.0 404 - python-swiftclient-3.11.1 gAAAAABpIEX0NxMs... - 70 - tx99579082e37d4af1aeedf-0069204636 - 0.0070 - - 1763722806.679346085 1763722806.686324120 0
Nov 21 11:00:06 standalone container-server[128060]: 172.20.0.100 - - [21/Nov/2025:11:00:06 +0000] "PUT /d1/585/AUTH_0cecc8fadb4145d4bfca3c7bfba4ec48/gnocchi.c18b3162-a3f5-4f7c-9418-8fc11ddd7606/1763640000.0_mean_300.0_v3" 201 - "PUT http://172.18.0.2:8080/d1/337/AUTH_0cecc8fadb4145d4bfca3c7bfba4ec48/gnocchi.c18b3162-a3f5-4f7c-9418-8fc11ddd7606/1763640000.0_mean_300.0_v3" "tx7504092e69b248fa96d07-0069204636" "object-server 23" 0.0005 "-" 20 0
Nov 21 11:00:06 standalone object-server[128267]: 172.20.0.100 - - [21/Nov/2025:11:00:06 +0000] "PUT /d1/337/AUTH_0cecc8fadb4145d4bfca3c7bfba4ec48/gnocchi.c18b3162-a3f5-4f7c-9418-8fc11ddd7606/1763640000.0_mean_300.0_v3" 201 - "PUT http://172.18.0.2:8080/v1/AUTH_0cecc8fadb4145d4bfca3c7bfba4ec48/gnocchi.c18b3162-a3f5-4f7c-9418-8fc11ddd7606/1763640000.0_mean_300.0_v3" "tx7504092e69b248fa96d07-0069204636" "proxy-server 20" 0.0142 "-" 23 0
Nov 21 11:00:06 standalone proxy-server[130074]: 172.18.0.2 172.18.0.100 21/Nov/2025/11/00/06 PUT /v1/AUTH_0cecc8fadb4145d4bfca3c7bfba4ec48/gnocchi.c18b3162-a3f5-4f7c-9418-8fc11ddd7606/1763640000.0_mean_300.0_v3 HTTP/1.0 201 - python-swiftclient-3.11.1 gAAAAABpIEX0NxMs... 16 - - tx7504092e69b248fa96d07-0069204636 - 0.0216 - - 1763722806.688738585 1763722806.710318565 0
Nov 21 11:00:06 standalone container-server[128060]: 172.20.0.100 - - [21/Nov/2025:11:00:06 +0000] "PUT /d1/585/AUTH_0cecc8fadb4145d4bfca3c7bfba4ec48/gnocchi.c18b3162-a3f5-4f7c-9418-8fc11ddd7606/none_v3" 201 - "PUT http://172.18.0.2:8080/d1/622/AUTH_0cecc8fadb4145d4bfca3c7bfba4ec48/gnocchi.c18b3162-a3f5-4f7c-9418-8fc11ddd7606/none_v3" "tx975f057c95964696a4c65-0069204636" "object-server 25" 0.0006 "-" 20 0
Nov 21 11:00:06 standalone object-server[128269]: 172.20.0.100 - - [21/Nov/2025:11:00:06 +0000] "PUT /d1/622/AUTH_0cecc8fadb4145d4bfca3c7bfba4ec48/gnocchi.c18b3162-a3f5-4f7c-9418-8fc11ddd7606/none_v3" 201 - "PUT http://172.18.0.2:8080/v1/AUTH_0cecc8fadb4145d4bfca3c7bfba4ec48/gnocchi.c18b3162-a3f5-4f7c-9418-8fc11ddd7606/none_v3" "tx975f057c95964696a4c65-0069204636" "proxy-server 20" 0.0090 "-" 25 0
Nov 21 11:00:06 standalone proxy-server[130074]: 172.18.0.2 172.18.0.100 21/Nov/2025/11/00/06 PUT /v1/AUTH_0cecc8fadb4145d4bfca3c7bfba4ec48/gnocchi.c18b3162-a3f5-4f7c-9418-8fc11ddd7606/none_v3 HTTP/1.0 201 - python-swiftclient-3.11.1 gAAAAABpIEX0NxMs... 22 - - tx975f057c95964696a4c65-0069204636 - 0.0170 - - 1763722806.714256048 1763722806.731236696 0
Nov 21 11:00:06 standalone container-server[128060]: 172.20.0.100 - - [21/Nov/2025:11:00:06 +0000] "HEAD /d1/637/AUTH_0cecc8fadb4145d4bfca3c7bfba4ec48/gnocchi.3b2d114a-829b-4d58-afae-2921f4a4900f" 404 - "HEAD http://172.18.0.2:8080/v1/AUTH_0cecc8fadb4145d4bfca3c7bfba4ec48/gnocchi.3b2d114a-829b-4d58-afae-2921f4a4900f?format=json&states=listing" "tx2c13fb770a4c4fbdb948c-0069204636" "proxy-server 20" 0.0004 "-" 20 0
Nov 21 11:00:06 standalone object-server[128266]: 172.20.0.100 - - [21/Nov/2025:11:00:06 +0000] "GET /d1/1019/AUTH_0cecc8fadb4145d4bfca3c7bfba4ec48/gnocchi.3b2d114a-829b-4d58-afae-2921f4a4900f/none_v3" 404 70 "GET http://172.18.0.2:8080/v1/AUTH_0cecc8fadb4145d4bfca3c7bfba4ec48/gnocchi.3b2d114a-829b-4d58-afae-2921f4a4900f/none_v3" "tx2c13fb770a4c4fbdb948c-0069204636" "proxy-server 20" 0.0008 "-" 22 0
Nov 21 11:00:06 standalone proxy-server[130074]: 172.18.0.2 172.18.0.100 21/Nov/2025/11/00/06 GET /v1/AUTH_0cecc8fadb4145d4bfca3c7bfba4ec48/gnocchi.3b2d114a-829b-4d58-afae-2921f4a4900f/none_v3 HTTP/1.0 404 - python-swiftclient-3.11.1 gAAAAABpIEX0NxMs... - 70 - tx2c13fb770a4c4fbdb948c-0069204636 - 0.0133 - - 1763722806.760057449 1763722806.773405552 0
Nov 21 11:00:06 standalone account-server[127915]: 172.20.0.100 - - [21/Nov/2025:11:00:06 +0000] "PUT /d1/995/AUTH_0cecc8fadb4145d4bfca3c7bfba4ec48/gnocchi.3b2d114a-829b-4d58-afae-2921f4a4900f" 201 - "PUT http://172.20.0.100:6001/d1/637/AUTH_0cecc8fadb4145d4bfca3c7bfba4ec48/gnocchi.3b2d114a-829b-4d58-afae-2921f4a4900f" "txb3c5a1f72782415eb4b77-0069204636" "container-server 22" 0.0045 "-" 16 0
Nov 21 11:00:06 standalone container-server[128062]: 172.20.0.100 - - [21/Nov/2025:11:00:06 +0000] "PUT /d1/637/AUTH_0cecc8fadb4145d4bfca3c7bfba4ec48/gnocchi.3b2d114a-829b-4d58-afae-2921f4a4900f" 201 - "PUT http://172.18.0.2:8080/v1/AUTH_0cecc8fadb4145d4bfca3c7bfba4ec48/gnocchi.3b2d114a-829b-4d58-afae-2921f4a4900f" "txb3c5a1f72782415eb4b77-0069204636" "proxy-server 20" 0.0281 "-" 22 0
Nov 21 11:00:06 standalone proxy-server[130074]: 172.18.0.2 172.18.0.100 21/Nov/2025/11/00/06 PUT /v1/AUTH_0cecc8fadb4145d4bfca3c7bfba4ec48/gnocchi.3b2d114a-829b-4d58-afae-2921f4a4900f HTTP/1.0 201 - python-swiftclient-3.11.1 gAAAAABpIEX0NxMs... - - - txb3c5a1f72782415eb4b77-0069204636 - 0.0342 - - 1763722806.778086424 1763722806.812240601 0
Nov 21 11:00:06 standalone container-server[128061]: 172.20.0.100 - - [21/Nov/2025:11:00:06 +0000] "HEAD /d1/637/AUTH_0cecc8fadb4145d4bfca3c7bfba4ec48/gnocchi.3b2d114a-829b-4d58-afae-2921f4a4900f" 204 - "HEAD http://172.18.0.2:8080/v1/AUTH_0cecc8fadb4145d4bfca3c7bfba4ec48/gnocchi.3b2d114a-829b-4d58-afae-2921f4a4900f?format=json&states=listing" "txab2aacf3c34c4835aca38-0069204636" "proxy-server 20" 0.0015 "-" 21 0
Nov 21 11:00:06 standalone proxy-server[130074]: - - 21/Nov/2025/11/00/06 HEAD /v1/AUTH_0cecc8fadb4145d4bfca3c7bfba4ec48/gnocchi.3b2d114a-829b-4d58-afae-2921f4a4900f%3Fformat%3Djson%26states%3Dlisting HTTP/1.0 204 - Swift - - - - txab2aacf3c34c4835aca38-0069204636 - 0.0056 RL - 1763722806.817948580 1763722806.823526859 0
Nov 21 11:00:06 standalone container-server[128060]: 172.20.0.100 - - [21/Nov/2025:11:00:06 +0000] "GET /d1/637/AUTH_0cecc8fadb4145d4bfca3c7bfba4ec48/gnocchi.3b2d114a-829b-4d58-afae-2921f4a4900f" 200 2 "GET http://172.18.0.2:8080/v1/AUTH_0cecc8fadb4145d4bfca3c7bfba4ec48/gnocchi.3b2d114a-829b-4d58-afae-2921f4a4900f?format=json&states=listing" "txab2aacf3c34c4835aca38-0069204636" "proxy-server 20" 0.0018 "-" 20 0
Nov 21 11:00:06 standalone proxy-server[130074]: 172.18.0.2 172.18.0.100 21/Nov/2025/11/00/06 GET /v1/AUTH_0cecc8fadb4145d4bfca3c7bfba4ec48/gnocchi.3b2d114a-829b-4d58-afae-2921f4a4900f%3Fformat%3Djson%26states%3Dlisting HTTP/1.0 200 - python-swiftclient-3.11.1 gAAAAABpIEX0NxMs... - 2 - txab2aacf3c34c4835aca38-0069204636 - 0.0151 - - 1763722806.816321135 1763722806.831374168 0
Nov 21 11:00:06 standalone object-server[128267]: 172.20.0.100 - - [21/Nov/2025:11:00:06 +0000] "GET /d1/815/AUTH_0cecc8fadb4145d4bfca3c7bfba4ec48/gnocchi.3b2d114a-829b-4d58-afae-2921f4a4900f/1763640000.0_mean_300.0_v3" 404 70 "GET http://172.18.0.2:8080/v1/AUTH_0cecc8fadb4145d4bfca3c7bfba4ec48/gnocchi.3b2d114a-829b-4d58-afae-2921f4a4900f/1763640000.0_mean_300.0_v3" "tx5d2e58cc87534b3a9da9d-0069204636" "proxy-server 20" 0.0007 "-" 23 0
Nov 21 11:00:06 standalone proxy-server[130074]: 172.18.0.2 172.18.0.100 21/Nov/2025/11/00/06 GET /v1/AUTH_0cecc8fadb4145d4bfca3c7bfba4ec48/gnocchi.3b2d114a-829b-4d58-afae-2921f4a4900f/1763640000.0_mean_300.0_v3 HTTP/1.0 404 - python-swiftclient-3.11.1 gAAAAABpIEX0NxMs... - 70 - tx5d2e58cc87534b3a9da9d-0069204636 - 0.0064 - - 1763722806.837589025 1763722806.843955517 0
