Nov 21 11:01:57 standalone proxy-server[130074]: 172.18.0.2 172.18.0.100 21/Nov/2025/11/01/57 PUT /v1/AUTH_0cecc8fadb4145d4bfca3c7bfba4ec48/gnocchi.793af671-cf4b-45c7-9fb8-fe40c9b0d74a/none_v3 HTTP/1.0 201 - python-swiftclient-3.11.1 gAAAAABpIEX0NxMs... 22 - - tx34731e850fb844069cd7a-00692046a5 - 0.0168 - - 1763722917.708084583 1763722917.724889994 0
Nov 21 11:01:57 standalone container-server[128066]: 172.20.0.100 - - [21/Nov/2025:11:01:57 +0000] "HEAD /d1/323/AUTH_0cecc8fadb4145d4bfca3c7bfba4ec48/gnocchi.3e1bda15-ee17-445b-9408-0b612dcc04cf" 404 - "HEAD http://172.18.0.2:8080/v1/AUTH_0cecc8fadb4145d4bfca3c7bfba4ec48/gnocchi.3e1bda15-ee17-445b-9408-0b612dcc04cf?format=json&states=listing" "txeb90abfb229c4e5c93325-00692046a5" "proxy-server 20" 0.0004 "-" 23 0
Nov 21 11:01:57 standalone object-server[128268]: 172.20.0.100 - - [21/Nov/2025:11:01:57 +0000] "GET /d1/44/AUTH_0cecc8fadb4145d4bfca3c7bfba4ec48/gnocchi.3e1bda15-ee17-445b-9408-0b612dcc04cf/none_v3" 404 70 "GET http://172.18.0.2:8080/v1/AUTH_0cecc8fadb4145d4bfca3c7bfba4ec48/gnocchi.3e1bda15-ee17-445b-9408-0b612dcc04cf/none_v3" "txeb90abfb229c4e5c93325-00692046a5" "proxy-server 20" 0.0002 "-" 24 0
Nov 21 11:01:57 standalone proxy-server[130074]: 172.18.0.2 172.18.0.100 21/Nov/2025/11/01/57 GET /v1/AUTH_0cecc8fadb4145d4bfca3c7bfba4ec48/gnocchi.3e1bda15-ee17-445b-9408-0b612dcc04cf/none_v3 HTTP/1.0 404 - python-swiftclient-3.11.1 gAAAAABpIEX0NxMs... - 70 - txeb90abfb229c4e5c93325-00692046a5 - 0.0104 - - 1763722917.741400003 1763722917.751793861 0
Nov 21 11:01:57 standalone account-server[127915]: 172.20.0.100 - - [21/Nov/2025:11:01:57 +0000] "PUT /d1/995/AUTH_0cecc8fadb4145d4bfca3c7bfba4ec48/gnocchi.3e1bda15-ee17-445b-9408-0b612dcc04cf" 201 - "PUT http://172.20.0.100:6001/d1/323/AUTH_0cecc8fadb4145d4bfca3c7bfba4ec48/gnocchi.3e1bda15-ee17-445b-9408-0b612dcc04cf" "tx3bb721b227f242b88beff-00692046a5" "container-server 23" 0.0054 "-" 16 0
Nov 21 11:01:57 standalone container-server[128066]: 172.20.0.100 - - [21/Nov/2025:11:01:57 +0000] "PUT /d1/323/AUTH_0cecc8fadb4145d4bfca3c7bfba4ec48/gnocchi.3e1bda15-ee17-445b-9408-0b612dcc04cf" 201 - "PUT http://172.18.0.2:8080/v1/AUTH_0cecc8fadb4145d4bfca3c7bfba4ec48/gnocchi.3e1bda15-ee17-445b-9408-0b612dcc04cf" "tx3bb721b227f242b88beff-00692046a5" "proxy-server 20" 0.0159 "-" 23 0
Nov 21 11:01:57 standalone proxy-server[130074]: 172.18.0.2 172.18.0.100 21/Nov/2025/11/01/57 PUT /v1/AUTH_0cecc8fadb4145d4bfca3c7bfba4ec48/gnocchi.3e1bda15-ee17-445b-9408-0b612dcc04cf HTTP/1.0 201 - python-swiftclient-3.11.1 gAAAAABpIEX0NxMs... - - - tx3bb721b227f242b88beff-00692046a5 - 0.0224 - - 1763722917.755010605 1763722917.777400970 0
Nov 21 11:01:57 standalone container-server[128066]: 172.20.0.100 - - [21/Nov/2025:11:01:57 +0000] "HEAD /d1/574/AUTH_0cecc8fadb4145d4bfca3c7bfba4ec48/gnocchi.b9f5a702-7e56-495d-91b0-b466d075f54f" 404 - "HEAD http://172.18.0.2:8080/v1/AUTH_0cecc8fadb4145d4bfca3c7bfba4ec48/gnocchi.b9f5a702-7e56-495d-91b0-b466d075f54f?format=json&states=listing" "tx72bb348fcd8342afbba4e-00692046a5" "proxy-server 20" 0.0003 "-" 23 0
Nov 21 11:01:57 standalone object-server[128268]: 172.20.0.100 - - [21/Nov/2025:11:01:57 +0000] "GET /d1/1002/AUTH_0cecc8fadb4145d4bfca3c7bfba4ec48/gnocchi.b9f5a702-7e56-495d-91b0-b466d075f54f/none_v3" 404 70 "GET http://172.18.0.2:8080/v1/AUTH_0cecc8fadb4145d4bfca3c7bfba4ec48/gnocchi.b9f5a702-7e56-495d-91b0-b466d075f54f/none_v3" "tx72bb348fcd8342afbba4e-00692046a5" "proxy-server 20" 0.0002 "-" 24 0
Nov 21 11:01:57 standalone proxy-server[130074]: 172.18.0.2 172.18.0.100 21/Nov/2025/11/01/57 GET /v1/AUTH_0cecc8fadb4145d4bfca3c7bfba4ec48/gnocchi.b9f5a702-7e56-495d-91b0-b466d075f54f/none_v3 HTTP/1.0 404 - python-swiftclient-3.11.1 gAAAAABpIEX0NxMs... - 70 - tx72bb348fcd8342afbba4e-00692046a5 - 0.0111 - - 1763722917.781353235 1763722917.792430401 0
Nov 21 11:01:57 standalone account-server[127934]: 172.20.0.100 - - [21/Nov/2025:11:01:57 +0000] "PUT /d1/995/AUTH_0cecc8fadb4145d4bfca3c7bfba4ec48/gnocchi.b9f5a702-7e56-495d-91b0-b466d075f54f" 201 - "PUT http://172.20.0.100:6001/d1/574/AUTH_0cecc8fadb4145d4bfca3c7bfba4ec48/gnocchi.b9f5a702-7e56-495d-91b0-b466d075f54f" "tx455e874812e4428e87032-00692046a5" "container-server 21" 0.0067 "-" 17 0
Nov 21 11:01:57 standalone container-server[128061]: 172.20.0.100 - - [21/Nov/2025:11:01:57 +0000] "PUT /d1/574/AUTH_0cecc8fadb4145d4bfca3c7bfba4ec48/gnocchi.b9f5a702-7e56-495d-91b0-b466d075f54f" 201 - "PUT http://172.18.0.2:8080/v1/AUTH_0cecc8fadb4145d4bfca3c7bfba4ec48/gnocchi.b9f5a702-7e56-495d-91b0-b466d075f54f" "tx455e874812e4428e87032-00692046a5" "proxy-server 20" 0.0209 "-" 21 0
Nov 21 11:01:57 standalone proxy-server[130074]: 172.18.0.2 172.18.0.100 21/Nov/2025/11/01/57 PUT /v1/AUTH_0cecc8fadb4145d4bfca3c7bfba4ec48/gnocchi.b9f5a702-7e56-495d-91b0-b466d075f54f HTTP/1.0 201 - python-swiftclient-3.11.1 gAAAAABpIEX0NxMs... - - - tx455e874812e4428e87032-00692046a5 - 0.0279 - - 1763722917.795867682 1763722917.823770285 0
Nov 21 11:01:57 standalone container-server[128066]: 172.20.0.100 - - [21/Nov/2025:11:01:57 +0000] "HEAD /d1/323/AUTH_0cecc8fadb4145d4bfca3c7bfba4ec48/gnocchi.3e1bda15-ee17-445b-9408-0b612dcc04cf" 204 - "HEAD http://172.18.0.2:8080/v1/AUTH_0cecc8fadb4145d4bfca3c7bfba4ec48/gnocchi.3e1bda15-ee17-445b-9408-0b612dcc04cf?format=json&states=listing" "tx0d25098d2c0148cdb69a5-00692046a5" "proxy-server 20" 0.0022 "-" 23 0
Nov 21 11:01:57 standalone proxy-server[130074]: - - 21/Nov/2025/11/01/57 HEAD /v1/AUTH_0cecc8fadb4145d4bfca3c7bfba4ec48/gnocchi.3e1bda15-ee17-445b-9408-0b612dcc04cf%3Fformat%3Djson%26states%3Dlisting HTTP/1.0 204 - Swift - - - - tx0d25098d2c0148cdb69a5-00692046a5 - 0.0071 RL - 1763722917.830914974 1763722917.838022232 0
Nov 21 11:01:57 standalone container-server[128066]: 172.20.0.100 - - [21/Nov/2025:11:01:57 +0000] "GET /d1/323/AUTH_0cecc8fadb4145d4bfca3c7bfba4ec48/gnocchi.3e1bda15-ee17-445b-9408-0b612dcc04cf" 200 2 "GET http://172.18.0.2:8080/v1/AUTH_0cecc8fadb4145d4bfca3c7bfba4ec48/gnocchi.3e1bda15-ee17-445b-9408-0b612dcc04cf?format=json&states=listing" "tx0d25098d2c0148cdb69a5-00692046a5" "proxy-server 20" 0.0034 "-" 23 0
Nov 21 11:01:57 standalone proxy-server[130074]: 172.18.0.2 172.18.0.100 21/Nov/2025/11/01/57 GET /v1/AUTH_0cecc8fadb4145d4bfca3c7bfba4ec48/gnocchi.3e1bda15-ee17-445b-9408-0b612dcc04cf%3Fformat%3Djson%26states%3Dlisting HTTP/1.0 200 - python-swiftclient-3.11.1 gAAAAABpIEX0NxMs... - 2 - tx0d25098d2c0148cdb69a5-00692046a5 - 0.0225 - - 1763722917.829423666 1763722917.851944923 0
Nov 21 11:01:57 standalone container-server[128066]: 172.20.0.100 - - [21/Nov/2025:11:01:57 +0000] "HEAD /d1/574/AUTH_0cecc8fadb4145d4bfca3c7bfba4ec48/gnocchi.b9f5a702-7e56-495d-91b0-b466d075f54f" 204 - "HEAD http://172.18.0.2:8080/v1/AUTH_0cecc8fadb4145d4bfca3c7bfba4ec48/gnocchi.b9f5a702-7e56-495d-91b0-b466d075f54f?format=json&states=listing" "txb0f12e1ef22a4d5f8f955-00692046a5" "proxy-server 20" 0.0021 "-" 23 0
Nov 21 11:01:57 standalone proxy-server[130074]: - - 21/Nov/2025/11/01/57 HEAD /v1/AUTH_0cecc8fadb4145d4bfca3c7bfba4ec48/gnocchi.b9f5a702-7e56-495d-91b0-b466d075f54f%3Fformat%3Djson%26states%3Dlisting HTTP/1.0 204 - Swift - - - - txb0f12e1ef22a4d5f8f955-00692046a5 - 0.0077 RL - 1763722917.859936237 1763722917.867654562 0
Nov 21 11:01:57 standalone container-server[128062]: 172.20.0.100 - - [21/Nov/2025:11:01:57 +0000] "GET /d1/574/AUTH_0cecc8fadb4145d4bfca3c7bfba4ec48/gnocchi.b9f5a702-7e56-495d-91b0-b466d075f54f" 200 2 "GET http://172.18.0.2:8080/v1/AUTH_0cecc8fadb4145d4bfca3c7bfba4ec48/gnocchi.b9f5a702-7e56-495d-91b0-b466d075f54f?format=json&states=listing" "txb0f12e1ef22a4d5f8f955-00692046a5" "proxy-server 20" 0.0040 "-" 22 0
Nov 21 11:01:57 standalone proxy-server[130074]: 172.18.0.2 172.18.0.100 21/Nov/2025/11/01/57 GET /v1/AUTH_0cecc8fadb4145d4bfca3c7bfba4ec48/gnocchi.b9f5a702-7e56-495d-91b0-b466d075f54f%3Fformat%3Djson%26states%3Dlisting HTTP/1.0 200 - python-swiftclient-3.11.1 gAAAAABpIEX0NxMs... - 2 - txb0f12e1ef22a4d5f8f955-00692046a5 - 0.0253 - - 1763722917.858249187 1763722917.883518457 0
Nov 21 11:01:57 standalone object-server[128267]: 172.20.0.100 - - [21/Nov/2025:11:01:57 +0000] "GET /d1/987/AUTH_0cecc8fadb4145d4bfca3c7bfba4ec48/gnocchi.3e1bda15-ee17-445b-9408-0b612dcc04cf/1763640000.0_mean_300.0_v3" 404 70 "GET http://172.18.0.2:8080/v1/AUTH_0cecc8fadb4145d4bfca3c7bfba4ec48/gnocchi.3e1bda15-ee17-445b-9408-0b612dcc04cf/1763640000.0_mean_300.0_v3" "tx35863603d0af48eda10f3-00692046a5" "proxy-server 20" 0.0006 "-" 23 0
Nov 21 11:01:57 standalone proxy-server[130074]: 172.18.0.2 172.18.0.100 21/Nov/2025/11/01/57 GET /v1/AUTH_0cecc8fadb4145d4bfca3c7bfba4ec48/gnocchi.3e1bda15-ee17-445b-9408-0b612dcc04cf/1763640000.0_mean_300.0_v3 HTTP/1.0 404 - python-swiftclient-3.11.1 gAAAAABpIEX0NxMs... - 70 - tx35863603d0af48eda10f3-00692046a5 - 0.0096 - - 1763722917.889417648 1763722917.899067640 0
Nov 21 11:01:57 standalone object-server[128269]: 172.20.0.100 - - [21/Nov/2025:11:01:57 +0000] "GET /d1/320/AUTH_0cecc8fadb4145d4bfca3c7bfba4ec48/gnocchi.b9f5a702-7e56-495d-91b0-b466d075f54f/1763640000.0_mean_300.0_v3" 404 70 "GET http://172.18.0.2:8080/v1/AUTH_0cecc8fadb4145d4bfca3c7bfba4ec48/gnocchi.b9f5a702-7e56-495d-91b0-b466d075f54f/1763640000.0_mean_300.0_v3" "tx5314e112ba0646f3a53a4-00692046a5" "proxy-server 20" 0.0004 "-" 25 0
Nov 21 11:01:57 standalone proxy-server[130074]: 172.18.0.2 172.18.0.100 21/Nov/2025/11/01/57 GET /v1/AUTH_0cecc8fadb4145d4bfca3c7bfba4ec48/gnocchi.b9f5a702-7e56-495d-91b0-b466d075f54f/1763640000.0_mean_300.0_v3 HTTP/1.0 404 - python-swiftclient-3.11.1 gAAAAABpIEX0NxMs... - 70 - tx5314e112ba0646f3a53a4-00692046a5 - 0.0078 - - 1763722917.902752161 1763722917.910536289 0
Nov 21 11:01:57 standalone container-server[128060]: 172.20.0.100 - - [21/Nov/2025:11:01:57 +0000] "PUT /d1/323/AUTH_0cecc8fadb4145d4bfca3c7bfba4ec48/gnocchi.3e1bda15-ee17-445b-9408-0b612dcc04cf/1763640000.0_mean_300.0_v3" 201 - "PUT http://172.18.0.2:8080/d1/987/AUTH_0cecc8fadb4145d4bfca3c7bfba4ec48/gnocchi.3e1bda15-ee17-445b-9408-0b612dcc04cf/1763640000.0_mean_300.0_v3" "txec3e6f68efbe4e4ebf8c4-00692046a5" "object-server 25" 0.0010 "-" 20 0
Nov 21 11:01:57 standalone object-server[128269]: 172.20.0.100 - - [21/Nov/2025:11:01:57 +0000] "PUT /d1/987/AUTH_0cecc8fadb4145d4bfca3c7bfba4ec48/gnocchi.3e1bda15-ee17-445b-9408-0b612dcc04cf/1763640000.0_mean_300.0_v3" 201 - "PUT http://172.18.0.2:8080/v1/AUTH_0cecc8fadb4145d4bfca3c7bfba4ec48/gnocchi.3e1bda15-ee17-445b-9408-0b612dcc04cf/1763640000.0_mean_300.0_v3" "txec3e6f68efbe4e4ebf8c4-00692046a5" "proxy-server 20" 0.0132 "-" 25 0
Nov 21 11:01:57 standalone proxy-server[130074]: 172.18.0.2 172.18.0.100 21/Nov/2025/11/01/57 PUT /v1/AUTH_0cecc8fadb4145d4bfca3c7bfba4ec48/gnocchi.3e1bda15-ee17-445b-9408-0b612dcc04cf/1763640000.0_mean_300.0_v3 HTTP/1.0 201 - python-swiftclient-3.11.1 gAAAAABpIEX0NxMs... 16 - - txec3e6f68efbe4e4ebf8c4-00692046a5 - 0.0217 - - 1763722917.914659500 1763722917.936313391 0
Nov 21 11:01:57 standalone container-server[128060]: 172.20.0.100 - - [21/Nov/2025:11:01:57 +0000] "PUT /d1/574/AUTH_0cecc8fadb4145d4bfca3c7bfba4ec48/gnocchi.b9f5a702-7e56-495d-91b0-b466d075f54f/1763640000.0_mean_300.0_v3" 201 - "PUT http://172.18.0.2:8080/d1/320/AUTH_0cecc8fadb4145d4bfca3c7bfba4ec48/gnocchi.b9f5a702-7e56-495d-91b0-b466d075f54f/1763640000.0_mean_300.0_v3" "txde9a5639726c4aaa8853d-00692046a5" "object-server 25" 0.0009 "-" 20 0
Nov 21 11:01:57 standalone object-server[128269]: 172.20.0.100 - - [21/Nov/2025:11:01:57 +0000] "PUT /d1/320/AUTH_0cecc8fadb4145d4bfca3c7bfba4ec48/gnocchi.b9f5a702-7e56-495d-91b0-b466d075f54f/1763640000.0_mean_300.0_v3" 201 - "PUT http://172.18.0.2:8080/v1/AUTH_0cecc8fadb4145d4bfca3c7bfba4ec48/gnocchi.b9f5a702-7e56-495d-91b0-b466d075f54f/1763640000.0_mean_300.0_v3" "txde9a5639726c4aaa8853d-00692046a5" "proxy-server 20" 0.0092 "-" 25 0
Nov 21 11:01:57 standalone proxy-server[130074]: 172.18.0.2 172.18.0.100 21/Nov/2025/11/01/57 PUT /v1/AUTH_0cecc8fadb4145d4bfca3c7bfba4ec48/gnocchi.b9f5a702-7e56-495d-91b0-b466d075f54f/1763640000.0_mean_300.0_v3 HTTP/1.0 201 - python-swiftclient-3.11.1 gAAAAABpIEX0NxMs... 16 - - txde9a5639726c4aaa8853d-00692046a5 - 0.0165 - - 1763722917.940532923 1763722917.957058191 0
Nov 21 11:01:57 standalone container-server[128061]: 172.20.0.100 - - [21/Nov/2025:11:01:57 +0000] "PUT /d1/323/AUTH_0cecc8fadb4145d4bfca3c7bfba4ec48/gnocchi.3e1bda15-ee17-445b-9408-0b612dcc04cf/none_v3" 201 - "PUT http://172.18.0.2:8080/d1/44/AUTH_0cecc8fadb4145d4bfca3c7bfba4ec48/gnocchi.3e1bda15-ee17-445b-9408-0b612dcc04cf/none_v3" "tx2858d182e68f41758e6f6-00692046a5" "object-server 22" 0.0009 "-" 21 0
Nov 21 11:01:57 standalone object-server[128266]: 172.20.0.100 - - [21/Nov/2025:11:01:57 +0000] "PUT /d1/44/AUTH_0cecc8fadb4145d4bfca3c7bfba4ec48/gnocchi.3e1bda15-ee17-445b-9408-0b612dcc04cf/none_v3" 201 - "PUT http://172.18.0.2:8080/v1/AUTH_0cecc8fadb4145d4bfca3c7bfba4ec48/gnocchi.3e1bda15-ee17-445b-9408-0b612dcc04cf/none_v3" "tx2858d182e68f41758e6f6-00692046a5" "proxy-server 20" 0.0138 "-" 22 0
Nov 21 11:01:57 standalone proxy-server[130074]: 172.18.0.2 172.18.0.100 21/Nov/2025/11/01/57 PUT /v1/AUTH_0cecc8fadb4145d4bfca3c7bfba4ec48/gnocchi.3e1bda15-ee17-445b-9408-0b612dcc04cf/none_v3 HTTP/1.0 201 - python-swiftclient-3.11.1 gAAAAABpIEX0NxMs... 22 - - tx2858d182e68f41758e6f6-00692046a5 - 0.0224 - - 1763722917.960468531 1763722917.982887268 0
Nov 21 11:01:58 standalone container-server[128060]: 172.20.0.100 - - [21/Nov/2025:11:01:58 +0000] "PUT /d1/574/AUTH_0cecc8fadb4145d4bfca3c7bfba4ec48/gnocchi.b9f5a702-7e56-495d-91b0-b466d075f54f/none_v3" 201 - "PUT http://172.18.0.2:8080/d1/1002/AUTH_0cecc8fadb4145d4bfca3c7bfba4ec48/gnocchi.b9f5a702-7e56-495d-91b0-b466d075f54f/none_v3" "txe2cecc578b4d4492bb9e6-00692046a5" "object-server 25" 0.0009 "-" 20 0
Nov 21 11:01:58 standalone object-server[128269]: 172.20.0.100 - - [21/Nov/2025:11:01:58 +0000] "PUT /d1/1002/AUTH_0cecc8fadb4145d4bfca3c7bfba4ec48/gnocchi.b9f5a702-7e56-495d-91b0-b466d075f54f/none_v3" 201 - "PUT http://172.18.0.2:8080/v1/AUTH_0cecc8fadb4145d4bfca3c7bfba4ec48/gnocchi.b9f5a702-7e56-495d-91b0-b466d075f54f/none_v3" "txe2cecc578b4d4492bb9e6-00692046a5" "proxy-server 20" 0.0111 "-" 25 0
Nov 21 11:01:58 standalone proxy-server[130074]: 172.18.0.2 172.18.0.100 21/Nov/2025/11/01/58 PUT /v1/AUTH_0cecc8fadb4145d4bfca3c7bfba4ec48/gnocchi.b9f5a702-7e56-495d-91b0-b466d075f54f/none_v3 HTTP/1.0 201 - python-swiftclient-3.11.1 gAAAAABpIEX0NxMs... 22 - - txe2cecc578b4d4492bb9e6-00692046a5 - 0.0198 - - 1763722917.987740755 1763722918.007555246 0
Nov 21 11:01:58 standalone container-server[128060]: 172.20.0.100 - - [21/Nov/2025:11:01:58 +0000] "HEAD /d1/731/AUTH_0cecc8fadb4145d4bfca3c7bfba4ec48/gnocchi.95a4cece-6174-4a7b-beeb-ed9bce5720d8" 404 - "HEAD http://172.18.0.2:8080/v1/AUTH_0cecc8fadb4145d4bfca3c7bfba4ec48/gnocchi.95a4cece-6174-4a7b-beeb-ed9bce5720d8?format=json&states=listing" "tx94bd001eb8394ad49c0d1-00692046a6" "proxy-server 20" 0.0005 "-" 20 0
Nov 21 11:01:58 standalone object-server[128266]: 172.20.0.100 - - [21/Nov/2025:11:01:58 +0000] "GET /d1/206/AUTH_0cecc8fadb4145d4bfca3c7bfba4ec48/gnocchi.95a4cece-6174-4a7b-beeb-ed9bce5720d8/none_v3" 404 70 "GET http://172.18.0.2:8080/v1/AUTH_0cecc8fadb4145d4bfca3c7bfba4ec48/gnocchi.95a4cece-6174-4a7b-beeb-ed9bce5720d8/none_v3" "tx94bd001eb8394ad49c0d1-00692046a6" "proxy-server 20" 0.0007 "-" 22 0
Nov 21 11:01:58 standalone proxy-server[130074]: 172.18.0.2 172.18.0.100 21/Nov/2025/11/01/58 GET /v1/AUTH_0cecc8fadb4145d4bfca3c7bfba4ec48/gnocchi.95a4cece-6174-4a7b-beeb-ed9bce5720d8/none_v3 HTTP/1.0 404 - python-swiftclient-3.11.1 gAAAAABpIEX0NxMs... - 70 - tx94bd001eb8394ad49c0d1-00692046a6 - 0.0138 - - 1763722918.026903868 1763722918.040683270 0
Nov 21 11:01:58 standalone account-server[127889]: 172.20.0.100 - - [21/Nov/2025:11:01:58 +0000] "PUT /d1/995/AUTH_0cecc8fadb4145d4bfca3c7bfba4ec48/gnocchi.95a4cece-6174-4a7b-beeb-ed9bce5720d8" 201 - "PUT http://172.20.0.100:6001/d1/731/AUTH_0cecc8fadb4145d4bfca3c7bfba4ec48/gnocchi.95a4cece-6174-4a7b-beeb-ed9bce5720d8" "txcbe365a2e510450eb592d-00692046a6" "container-server 23" 0.0037 "-" 14 0
Nov 21 11:01:58 standalone container-server[128066]: 172.20.0.100 - - [21/Nov/2025:11:01:58 +0000] "PUT /d1/731/AUTH_0cecc8fadb4145d4bfca3c7bfba4ec48/gnocchi.95a4cece-6174-4a7b-beeb-ed9bce5720d8" 201 - "PUT http://172.18.0.2:8080/v1/AUTH_0cecc8fadb4145d4bfca3c7bfba4ec48/gnocchi.95a4cece-6174-4a7b-beeb-ed9bce5720d8" "txcbe365a2e510450eb592d-00692046a6" "proxy-server 20" 0.0184 "-" 23 0
Nov 21 11:01:58 standalone proxy-server[130074]: 172.18.0.2 172.18.0.100 21/Nov/2025/11/01/58 PUT /v1/AUTH_0cecc8fadb4145d4bfca3c7bfba4ec48/gnocchi.95a4cece-6174-4a7b-beeb-ed9bce5720d8 HTTP/1.0 201 - python-swiftclient-3.11.1 gAAAAABpIEX0NxMs... - - - txcbe365a2e510450eb592d-00692046a6 - 0.0256 - - 1763722918.045671701 1763722918.071242571 0
Nov 21 11:01:58 standalone container-server[128062]: 172.20.0.100 - - [21/Nov/2025:11:01:58 +0000] "HEAD /d1/731/AUTH_0cecc8fadb4145d4bfca3c7bfba4ec48/gnocchi.95a4cece-6174-4a7b-beeb-ed9bce5720d8" 204 - "HEAD http://172.18.0.2:8080/v1/AUTH_0cecc8fadb4145d4bfca3c7bfba4ec48/gnocchi.95a4cece-6174-4a7b-beeb-ed9bce5720d8?format=json&states=listing" "tx31761a735e15461fa8bc0-00692046a6" "proxy-server 20" 0.0028 "-" 22 0
Nov 21 11:01:58 standalone proxy-server[130074]: - - 21/Nov/2025/11/01/58 HEAD /v1/AUTH_0cecc8fadb4145d4bfca3c7bfba4ec48/gnocchi.95a4cece-6174-4a7b-beeb-ed9bce5720d8%3Fformat%3Djson%26states%3Dlisting HTTP/1.0 204 - Swift - - - - tx31761a735e15461fa8bc0-00692046a6 - 0.0090 RL - 1763722918.078158855 1763722918.087189913 0
Nov 21 11:01:58 standalone container-server[128062]: 172.20.0.100 - - [21/Nov/2025:11:01:58 +0000] "GET /d1/731/AUTH_0cecc8fadb4145d4bfca3c7bfba4ec48/gnocchi.95a4cece-6174-4a7b-beeb-ed9bce5720d8" 200 2 "GET http://172.18.0.2:8080/v1/AUTH_0cecc8fadb4145d4bfca3c7bfba4ec48/gnocchi.95a4cece-6174-4a7b-beeb-ed9bce5720d8?format=json&states=listing" "tx31761a735e15461fa8bc0-00692046a6" "proxy-server 20" 0.0181 "-" 22 0
Nov 21 11:01:58 standalone proxy-server[130074]: 172.18.0.2 172.18.0.100 21/Nov/2025/11/01/58 GET /v1/AUTH_0cecc8fadb4145d4bfca3c7bfba4ec48/gnocchi.95a4cece-6174-4a7b-beeb-ed9bce5720d8%3Fformat%3Djson%26states%3Dlisting HTTP/1.0 200 - python-swiftclient-3.11.1 gAAAAABpIEX0NxMs... - 2 - tx31761a735e15461fa8bc0-00692046a6 - 0.0380 - - 1763722918.076746464 1763722918.114791393 0
Nov 21 11:01:58 standalone object-server[128267]: 172.20.0.100 - - [21/Nov/2025:11:01:58 +0000] "GET /d1/480/AUTH_0cecc8fadb4145d4bfca3c7bfba4ec48/gnocchi.95a4cece-6174-4a7b-beeb-ed9bce5720d8/1763640000.0_mean_300.0_v3" 404 70 "GET http://172.18.0.2:8080/v1/AUTH_0cecc8fadb4145d4bfca3c7bfba4ec48/gnocchi.95a4cece-6174-4a7b-beeb-ed9bce5720d8/1763640000.0_mean_300.0_v3" "txe9aea98318834cdd841ce-00692046a6" "proxy-server 20" 0.0013 "-" 23 0
Nov 21 11:01:58 standalone proxy-server[130074]: 172.18.0.2 172.18.0.100 21/Nov/2025/11/01/58 GET /v1/AUTH_0cecc8fadb4145d4bfca3c7bfba4ec48/gnocchi.95a4cece-6174-4a7b-beeb-ed9bce5720d8/1763640000.0_mean_300.0_v3 HTTP/1.0 404 - python-swiftclient-3.11.1 gAAAAABpIEX0NxMs... - 70 - txe9aea98318834cdd841ce-00692046a6 - 0.0101 - - 1763722918.126951694 1763722918.137071848 0
Nov 21 11:01:58 standalone container-server[128060]: 172.20.0.100 - - [21/Nov/2025:11:01:58 +0000] "PUT /d1/731/AUTH_0cecc8fadb4145d4bfca3c7bfba4ec48/gnocchi.95a4cece-6174-4a7b-beeb-ed9bce5720d8/1763640000.0_mean_300.0_v3" 201 - "PUT http://172.18.0.2:8080/d1/480/AUTH_0cecc8fadb4145d4bfca3c7bfba4ec48/gnocchi.95a4cece-6174-4a7b-beeb-ed9bce5720d8/1763640000.0_mean_300.0_v3" "tx245d60d540e047e28ef71-00692046a6" "object-server 22" 0.0010 "-" 20 0
Nov 21 11:01:58 standalone object-server[128266]: 172.20.0.100 - - [21/Nov/2025:11:01:58 +0000] "PUT /d1/480/AUTH_0cecc8fadb4145d4bfca3c7bfba4ec48/gnocchi.95a4cece-6174-4a7b-beeb-ed9bce5720d8/1763640000.0_mean_300.0_v3" 201 - "PUT http://172.18.0.2:8080/v1/AUTH_0cecc8fadb4145d4bfca3c7bfba4ec48/gnocchi.95a4cece-6174-4a7b-beeb-ed9bce5720d8/1763640000.0_mean_300.0_v3" "tx245d60d540e047e28ef71-00692046a6" "proxy-server 20" 0.0121 "-" 22 0
Nov 21 11:01:58 standalone proxy-server[130074]: 172.18.0.2 172.18.0.100 21/Nov/2025/11/01/58 PUT /v1/AUTH_0cecc8fadb4145d4bfca3c7bfba4ec48/gnocchi.95a4cece-6174-4a7b-beeb-ed9bce5720d8/1763640000.0_mean_300.0_v3 HTTP/1.0 201 - python-swiftclient-3.11.1 gAAAAABpIEX0NxMs... 16 - - tx245d60d540e047e28ef71-00692046a6 - 0.0187 - - 1763722918.143778563 1763722918.162460566 0
Nov 21 11:01:58 standalone container-server[128066]: 172.20.0.100 - - [21/Nov/2025:11:01:58 +0000] "PUT /d1/731/AUTH_0cecc8fadb4145d4bfca3c7bfba4ec48/gnocchi.95a4cece-6174-4a7b-beeb-ed9bce5720d8/none_v3" 201 - "PUT http://172.18.0.2:8080/d1/206/AUTH_0cecc8fadb4145d4bfca3c7bfba4ec48/gnocchi.95a4cece-6174-4a7b-beeb-ed9bce5720d8/none_v3" "tx69327b6c12e2402bb6ea7-00692046a6" "object-server 22" 0.0012 "-" 23 0
Nov 21 11:01:58 standalone object-server[128266]: 172.20.0.100 - - [21/Nov/2025:11:01:58 +0000] "PUT /d1/206/AUTH_0cecc8fadb4145d4bfca3c7bfba4ec48/gnocchi.95a4cece-6174-4a7b-beeb-ed9bce5720d8/none_v3" 201 - "PUT http://172.18.0.2:8080/v1/AUTH_0cecc8fadb4145d4bfca3c7bfba4ec48/gnocchi.95a4cece-6174-4a7b-beeb-ed9bce5720d8/none_v3" "tx69327b6c12e2402bb6ea7-00692046a6" "proxy-server 20" 0.0154 "-" 22 0
Nov 21 11:01:58 standalone proxy-server[130074]: 172.18.0.2 172.18.0.100 21/Nov/2025/11/01/58 PUT /v1/AUTH_0cecc8fadb4145d4bfca3c7bfba4ec48/gnocchi.95a4cece-6174-4a7b-beeb-ed9bce5720d8/none_v3 HTTP/1.0 201 - python-swiftclient-3.11.1 gAAAAABpIEX0NxMs... 22 - - tx69327b6c12e2402bb6ea7-00692046a6 - 0.0204 - - 1763722918.165709972 1763722918.186075449 0
Nov 21 11:01:58 standalone container-server[128061]: 172.20.0.100 - - [21/Nov/2025:11:01:58 +0000] "HEAD /d1/623/AUTH_0cecc8fadb4145d4bfca3c7bfba4ec48/gnocchi.0659dac5-edb9-4119-9153-7d051ce395d9" 404 - "HEAD http://172.18.0.2:8080/v1/AUTH_0cecc8fadb4145d4bfca3c7bfba4ec48/gnocchi.0659dac5-edb9-4119-9153-7d051ce395d9?format=json&states=listing" "txba52d16ec78c49b39e09d-00692046a6" "proxy-server 20" 0.0005 "-" 21 0
Nov 21 11:01:58 standalone object-server[128267]: 172.20.0.100 - - [21/Nov/2025:11:01:58 +0000] "GET /d1/330/AUTH_0cecc8fadb4145d4bfca3c7bfba4ec48/gnocchi.0659dac5-edb9-4119-9153-7d051ce395d9/none_v3" 404 70 "GET http://172.18.0.2:8080/v1/AUTH_0cecc8fadb4145d4bfca3c7bfba4ec48/gnocchi.0659dac5-edb9-4119-9153-7d051ce395d9/none_v3" "txba52d16ec78c49b39e09d-00692046a6" "proxy-server 20" 0.0005 "-" 23 0
Nov 21 11:01:58 standalone proxy-server[130074]: 172.18.0.2 172.18.0.100 21/Nov/2025/11/01/58 GET /v1/AUTH_0cecc8fadb4145d4bfca3c7bfba4ec48/gnocchi.0659dac5-edb9-4119-9153-7d051ce395d9/none_v3 HTTP/1.0 404 - python-swiftclient-3.11.1 gAAAAABpIEX0NxMs... - 70 - txba52d16ec78c49b39e09d-00692046a6 - 0.0100 - - 1763722918.199179411 1763722918.209183216 0
Nov 21 11:01:58 standalone account-server[127915]: 172.20.0.100 - - [21/Nov/2025:11:01:58 +0000] "PUT /d1/995/AUTH_0cecc8fadb4145d4bfca3c7bfba4ec48/gnocchi.0659dac5-edb9-4119-9153-7d051ce395d9" 201 - "PUT http://172.20.0.100:6001/d1/623/AUTH_0cecc8fadb4145d4bfca3c7bfba4ec48/gnocchi.0659dac5-edb9-4119-9153-7d051ce395d9" "txe3f97867f7bb4674b5bb7-00692046a6" "container-server 22" 0.0062 "-" 16 0
Nov 21 11:01:58 standalone container-server[128062]: 172.20.0.100 - - [21/Nov/2025:11:01:58 +0000] "PUT /d1/623/AUTH_0cecc8fadb4145d4bfca3c7bfba4ec48/gnocchi.0659dac5-edb9-4119-9153-7d051ce395d9" 201 - "PUT http://172.18.0.2:8080/v1/AUTH_0cecc8fadb4145d4bfca3c7bfba4ec48/gnocchi.0659dac5-edb9-4119-9153-7d051ce395d9" "txe3f97867f7bb4674b5bb7-00692046a6" "proxy-server 20" 0.0238 "-" 22 0
Nov 21 11:01:58 standalone proxy-server[130074]: 172.18.0.2 172.18.0.100 21/Nov/2025/11/01/58 PUT /v1/AUTH_0cecc8fadb4145d4bfca3c7bfba4ec48/gnocchi.0659dac5-edb9-4119-9153-7d051ce395d9 HTTP/1.0 201 - python-swiftclient-3.11.1 gAAAAABpIEX0NxMs... - - - txe3f97867f7bb4674b5bb7-00692046a6 - 0.0292 - - 1763722918.212276936 1763722918.241457701 0
Nov 21 11:01:58 standalone container-server[128062]: 172.20.0.100 - - [21/Nov/2025:11:01:58 +0000] "HEAD /d1/623/AUTH_0cecc8fadb4145d4bfca3c7bfba4ec48/gnocchi.0659dac5-edb9-4119-9153-7d051ce395d9" 204 - "HEAD http://172.18.0.2:8080/v1/AUTH_0cecc8fadb4145d4bfca3c7bfba4ec48/gnocchi.0659dac5-edb9-4119-9153-7d051ce395d9?format=json&states=listing" "tx00a4c065ccbc4a6b9c457-00692046a6" "proxy-server 20" 0.0023 "-" 22 0
Nov 21 11:01:58 standalone proxy-server[130074]: - - 21/Nov/2025/11/01/58 HEAD /v1/AUTH_0cecc8fadb4145d4bfca3c7bfba4ec48/gnocchi.0659dac5-edb9-4119-9153-7d051ce395d9%3Fformat%3Djson%26states%3Dlisting HTTP/1.0 204 - Swift - - - - tx00a4c065ccbc4a6b9c457-00692046a6 - 0.0064 RL - 1763722918.246619463 1763722918.253003836 0
Nov 21 11:01:58 standalone container-server[128062]: 172.20.0.100 - - [21/Nov/2025:11:01:58 +0000] "GET /d1/623/AUTH_0cecc8fadb4145d4bfca3c7bfba4ec48/gnocchi.0659dac5-edb9-4119-9153-7d051ce395d9" 200 2 "GET http://172.18.0.2:8080/v1/AUTH_0cecc8fadb4145d4bfca3c7bfba4ec48/gnocchi.0659dac5-edb9-4119-9153-7d051ce395d9?format=json&states=listing" "tx00a4c065ccbc4a6b9c457-00692046a6" "proxy-server 20" 0.0041 "-" 22 0
Nov 21 11:01:58 standalone proxy-server[130074]: 172.18.0.2 172.18.0.100 21/Nov/2025/11/01/58 GET /v1/AUTH_0cecc8fadb4145d4bfca3c7bfba4ec48/gnocchi.0659dac5-edb9-4119-9153-7d051ce395d9%3Fformat%3Djson%26states%3Dlisting HTTP/1.0 200 - python-swiftclient-3.11.1 gAAAAABpIEX0NxMs... - 2 - tx00a4c065ccbc4a6b9c457-00692046a6 - 0.0177 - - 1763722918.245595694 1763722918.263342619 0
Nov 21 11:01:58 standalone object-server[128266]: 172.20.0.100 - - [21/Nov/2025:11:01:58 +0000] "GET /d1/990/AUTH_0cecc8fadb4145d4bfca3c7bfba4ec48/gnocchi.0659dac5-edb9-4119-9153-7d051ce395d9/1763640000.0_mean_300.0_v3" 404 70 "GET http://172.18.0.2:8080/v1/AUTH_0cecc8fadb4145d4bfca3c7bfba4ec48/gnocchi.0659dac5-edb9-4119-9153-7d051ce395d9/1763640000.0_mean_300.0_v3" "tx8a493280fbf84496a6743-00692046a6" "proxy-server 20" 0.0006 "-" 22 0
Nov 21 11:01:58 standalone proxy-server[130074]: 172.18.0.2 172.18.0.100 21/Nov/2025/11/01/58 GET /v1/AUTH_0cecc8fadb4145d4bfca3c7bfba4ec48/gnocchi.0659dac5-edb9-4119-9153-7d051ce395d9/1763640000.0_mean_300.0_v3 HTTP/1.0 404 - python-swiftclient-3.11.1 gAAAAABpIEX0NxMs... - 70 - tx8a493280fbf84496a6743-00692046a6 - 0.0059 - - 1763722918.269737959 1763722918.275646687 0
Nov 21 11:01:58 standalone container-server[128060]: 172.20.0.100 - - [21/Nov/2025:11:01:58 +0000] "PUT /d1/623/AUTH_0cecc8fadb4145d4bfca3c7bfba4ec48/gnocchi.0659dac5-edb9-4119-9153-7d051ce395d9/1763640000.0_mean_300.0_v3" 201 - "PUT http://172.18.0.2:8080/d1/990/AUTH_0cecc8fadb4145d4bfca3c7bfba4ec48/gnocchi.0659dac5-edb9-4119-9153-7d051ce395d9/1763640000.0_mean_300.0_v3" "tx9e397223a14d49bda9379-00692046a6" "object-server 22" 0.0010 "-" 20 0
Nov 21 11:01:58 standalone object-server[128266]: 172.20.0.100 - - [21/Nov/2025:11:01:58 +0000] "PUT /d1/990/AUTH_0cecc8fadb4145d4bfca3c7bfba4ec48/gnocchi.0659dac5-edb9-4119-9153-7d051ce395d9/1763640000.0_mean_300.0_v3" 201 - "PUT http://172.18.0.2:8080/v1/AUTH_0cecc8fadb4145d4bfca3c7bfba4ec48/gnocchi.0659dac5-edb9-4119-9153-7d051ce395d9/1763640000.0_mean_300.0_v3" "tx9e397223a14d49bda9379-00692046a6" "proxy-server 20" 0.0146 "-" 22 0
Nov 21 11:01:58 standalone proxy-server[130074]: 172.18.0.2 172.18.0.100 21/Nov/2025/11/01/58 PUT /v1/AUTH_0cecc8fadb4145d4bfca3c7bfba4ec48/gnocchi.0659dac5-edb9-4119-9153-7d051ce395d9/1763640000.0_mean_300.0_v3 HTTP/1.0 201 - python-swiftclient-3.11.1 gAAAAABpIEX0NxMs... 16 - - tx9e397223a14d49bda9379-00692046a6 - 0.0199 - - 1763722918.279685259 1763722918.299593210 0
Nov 21 11:01:58 standalone container-server[128060]: 172.20.0.100 - - [21/Nov/2025:11:01:58 +0000] "PUT /d1/623/AUTH_0cecc8fadb4145d4bfca3c7bfba4ec48/gnocchi.0659dac5-edb9-4119-9153-7d051ce395d9/none_v3" 201 - "PUT http://172.18.0.2:8080/d1/330/AUTH_0cecc8fadb4145d4bfca3c7bfba4ec48/gnocchi.0659dac5-edb9-4119-9153-7d051ce395d9/none_v3" "tx33b58a7458104c449360f-00692046a6" "object-server 24" 0.0008 "-" 20 0
Nov 21 11:01:58 standalone object-server[128268]: 172.20.0.100 - - [21/Nov/2025:11:01:58 +0000] "PUT /d1/330/AUTH_0cecc8fadb4145d4bfca3c7bfba4ec48/gnocchi.0659dac5-edb9-4119-9153-7d051ce395d9/none_v3" 201 - "PUT http://172.18.0.2:8080/v1/AUTH_0cecc8fadb4145d4bfca3c7bfba4ec48/gnocchi.0659dac5-edb9-4119-9153-7d051ce395d9/none_v3" "tx33b58a7458104c449360f-00692046a6" "proxy-server 20" 0.0095 "-" 24 0
Nov 21 11:01:58 standalone proxy-server[130074]: 172.18.0.2 172.18.0.100 21/Nov/2025/11/01/58 PUT /v1/AUTH_0cecc8fadb4145d4bfca3c7bfba4ec48/gnocchi.0659dac5-edb9-4119-9153-7d051ce395d9/none_v3 HTTP/1.0 201 - python-swiftclient-3.11.1 gAAAAABpIEX0NxMs... 22 - - tx33b58a7458104c449360f-00692046a6 - 0.0143 - - 1763722918.304748774 1763722918.319012642 0
Nov 21 11:01:58 standalone container-server[128060]: 172.20.0.100 - - [21/Nov/2025:11:01:58 +0000] "HEAD /d1/94/AUTH_0cecc8fadb4145d4bfca3c7bfba4ec48/gnocchi.4f21913f-24cf-4558-aa3a-5eeb216dc3dc" 404 - "HEAD http://172.18.0.2:8080/v1/AUTH_0cecc8fadb4145d4bfca3c7bfba4ec48/gnocchi.4f21913f-24cf-4558-aa3a-5eeb216dc3dc?format=json&states=listing" "txb05a70400c0d43e88bafa-00692046a6" "proxy-server 20" 0.0006 "-" 20 0
Nov 21 11:01:58 standalone object-server[128268]: 172.20.0.100 - - [21/Nov/2025:11:01:58 +0000] "GET /d1/433/AUTH_0cecc8fadb4145d4bfca3c7bfba4ec48/gnocchi.4f21913f-24cf-4558-aa3a-5eeb216dc3dc/none_v3" 404 70 "GET http://172.18.0.2:8080/v1/AUTH_0cecc8fadb4145d4bfca3c7bfba4ec48/gnocchi.4f21913f-24cf-4558-aa3a-5eeb216dc3dc/none_v3" "txb05a70400c0d43e88bafa-00692046a6" "proxy-server 20" 0.0002 "-" 24 0
Nov 21 11:01:58 standalone proxy-server[130074]: 172.18.0.2 172.18.0.100 21/Nov/2025/11/01/58 GET /v1/AUTH_0cecc8fadb4145d4bfca3c7bfba4ec48/gnocchi.4f21913f-24cf-4558-aa3a-5eeb216dc3dc/none_v3 HTTP/1.0 404 - python-swiftclient-3.11.1 gAAAAABpIEX0NxMs... - 70 - txb05a70400c0d43e88bafa-00692046a6 - 0.0085 - - 1763722918.333034515 1763722918.341503859 0
Nov 21 11:01:58 standalone account-server[127915]: 172.20.0.100 - - [21/Nov/2025:11:01:58 +0000] "PUT /d1/995/AUTH_0cecc8fadb4145d4bfca3c7bfba4ec48/gnocchi.4f21913f-24cf-4558-aa3a-5eeb216dc3dc" 201 - "PUT http://172.20.0.100:6001/d1/94/AUTH_0cecc8fadb4145d4bfca3c7bfba4ec48/gnocchi.4f21913f-24cf-4558-aa3a-5eeb216dc3dc" "tx6f4b670afb2b497bb81dc-00692046a6" "container-server 22" 0.0062 "-" 16 0
Nov 21 11:01:58 standalone container-server[128062]: 172.20.0.100 - - [21/Nov/2025:11:01:58 +0000] "PUT /d1/94/AUTH_0cecc8fadb4145d4bfca3c7bfba4ec48/gnocchi.4f21913f-24cf-4558-aa3a-5eeb216dc3dc" 201 - "PUT http://172.18.0.2:8080/v1/AUTH_0cecc8fadb4145d4bfca3c7bfba4ec48/gnocchi.4f21913f-24cf-4558-aa3a-5eeb216dc3dc" "tx6f4b670afb2b497bb81dc-00692046a6" "proxy-server 20" 0.0191 "-" 22 0
Nov 21 11:01:58 standalone proxy-server[130074]: 172.18.0.2 172.18.0.100 21/Nov/2025/11/01/58 PUT /v1/AUTH_0cecc8fadb4145d4bfca3c7bfba4ec48/gnocchi.4f21913f-24cf-4558-aa3a-5eeb216dc3dc HTTP/1.0 201 - python-swiftclient-3.11.1 gAAAAABpIEX0NxMs... - - - tx6f4b670afb2b497bb81dc-00692046a6 - 0.0240 - - 1763722918.343573570 1763722918.367562056 0
Nov 21 11:01:58 standalone container-server[128062]: 172.20.0.100 - - [21/Nov/2025:11:01:58 +0000] "HEAD /d1/94/AUTH_0cecc8fadb4145d4bfca3c7bfba4ec48/gnocchi.4f21913f-24cf-4558-aa3a-5eeb216dc3dc" 204 - "HEAD http://172.18.0.2:8080/v1/AUTH_0cecc8fadb4145d4bfca3c7bfba4ec48/gnocchi.4f21913f-24cf-4558-aa3a-5eeb216dc3dc?format=json&states=listing" "txcab70bf2991c464c81fd4-00692046a6" "proxy-server 20" 0.0019 "-" 22 0
Nov 21 11:01:58 standalone proxy-server[130074]: - - 21/Nov/2025/11/01/58 HEAD /v1/AUTH_0cecc8fadb4145d4bfca3c7bfba4ec48/gnocchi.4f21913f-24cf-4558-aa3a-5eeb216dc3dc%3Fformat%3Djson%26states%3Dlisting HTTP/1.0 204 - Swift - - - - txcab70bf2991c464c81fd4-00692046a6 - 0.0050 RL - 1763722918.370858669 1763722918.375822067 0
Nov 21 11:01:58 standalone container-server[128060]: 172.20.0.100 - - [21/Nov/2025:11:01:58 +0000] "GET /d1/94/AUTH_0cecc8fadb4145d4bfca3c7bfba4ec48/gnocchi.4f21913f-24cf-4558-aa3a-5eeb216dc3dc" 200 2 "GET http://172.18.0.2:8080/v1/AUTH_0cecc8fadb4145d4bfca3c7bfba4ec48/gnocchi.4f21913f-24cf-4558-aa3a-5eeb216dc3dc?format=json&states=listing" "txcab70bf2991c464c81fd4-00692046a6" "proxy-server 20" 0.0036 "-" 20 0
Nov 21 11:01:58 standalone proxy-server[130074]: 172.18.0.2 172.18.0.100 21/Nov/2025/11/01/58 GET /v1/AUTH_0cecc8fadb4145d4bfca3c7bfba4ec48/gnocchi.4f21913f-24cf-4558-aa3a-5eeb216dc3dc%3Fformat%3Djson%26states%3Dlisting HTTP/1.0 200 - python-swiftclient-3.11.1 gAAAAABpIEX0NxMs... - 2 - txcab70bf2991c464c81fd4-00692046a6 - 0.0149 - - 1763722918.370004892 1763722918.384932518 0
Nov 21 11:01:58 standalone object-server[128267]: 172.20.0.100 - - [21/Nov/2025:11:01:58 +0000] "GET /d1/822/AUTH_0cecc8fadb4145d4bfca3c7bfba4ec48/gnocchi.4f21913f-24cf-4558-aa3a-5eeb216dc3dc/1763640000.0_mean_300.0_v3" 404 70 "GET http://172.18.0.2:8080/v1/AUTH_0cecc8fadb4145d4bfca3c7bfba4ec48/gnocchi.4f21913f-24cf-4558-aa3a-5eeb216dc3dc/1763640000.0_mean_300.0_v3" "txad791c60297d40b28fafe-00692046a6" "proxy-server 20" 0.0008 "-" 23 0
Nov 21 11:01:58 standalone proxy-server[130074]: 172.18.0.2 172.18.0.100 21/Nov/2025/11/01/58 GET /v1/AUTH_0cecc8fadb4145d4bfca3c7bfba4ec48/gnocchi.4f21913f-24cf-4558-aa3a-5eeb216dc3dc/1763640000.0_mean_300.0_v3 HTTP/1.0 404 - python-swiftclient-3.11.1 gAAAAABpIEX0NxMs... - 70 - txad791c60297d40b28fafe-00692046a6 - 0.0066 - - 1763722918.391624451 1763722918.398266792 0
Nov 21 11:01:58 standalone container-server[128061]: 172.20.0.100 - - [21/Nov/2025:11:01:58 +0000] "PUT /d1/94/AUTH_0cecc8fadb4145d4bfca3c7bfba4ec48/gnocchi.4f21913f-24cf-4558-aa3a-5eeb216dc3dc/1763640000.0_mean_300.0_v3" 201 - "PUT http://172.18.0.2:8080/d1/822/AUTH_0cecc8fadb4145d4bfca3c7bfba4ec48/gnocchi.4f21913f-24cf-4558-aa3a-5eeb216dc3dc/1763640000.0_mean_300.0_v3" "tx6fffb5f3ab444538abb3c-00692046a6" "object-server 22" 0.0007 "-" 21 0
Nov 21 11:01:58 standalone object-server[128266]: 172.20.0.100 - - [21/Nov/2025:11:01:58 +0000] "PUT /d1/822/AUTH_0cecc8fadb4145d4bfca3c7bfba4ec48/gnocchi.4f21913f-24cf-4558-aa3a-5eeb216dc3dc/1763640000.0_mean_300.0_v3" 201 - "PUT http://172.18.0.2:8080/v1/AUTH_0cecc8fadb4145d4bfca3c7bfba4ec48/gnocchi.4f21913f-24cf-4558-aa3a-5eeb216dc3dc/1763640000.0_mean_300.0_v3" "tx6fffb5f3ab444538abb3c-00692046a6" "proxy-server 20" 0.0104 "-" 22 0
Nov 21 11:01:58 standalone proxy-server[130074]: 172.18.0.2 172.18.0.100 21/Nov/2025/11/01/58 PUT /v1/AUTH_0cecc8fadb4145d4bfca3c7bfba4ec48/gnocchi.4f21913f-24cf-4558-aa3a-5eeb216dc3dc/1763640000.0_mean_300.0_v3 HTTP/1.0 201 - python-swiftclient-3.11.1 gAAAAABpIEX0NxMs... 16 - - tx6fffb5f3ab444538abb3c-00692046a6 - 0.0173 - - 1763722918.401823521 1763722918.419139624 0
Nov 21 11:01:58 standalone container-server[128066]: 172.20.0.100 - - [21/Nov/2025:11:01:58 +0000] "PUT /d1/94/AUTH_0cecc8fadb4145d4bfca3c7bfba4ec48/gnocchi.4f21913f-24cf-4558-aa3a-5eeb216dc3dc/none_v3" 201 - "PUT http://172.18.0.2:8080/d1/433/AUTH_0cecc8fadb4145d4bfca3c7bfba4ec48/gnocchi.4f21913f-24cf-4558-aa3a-5eeb216dc3dc/none_v3" "txf96312f5c6734569a9f90-00692046a6" "object-server 25" 0.0008 "-" 23 0
Nov 21 11:01:58 standalone object-server[128269]: 172.20.0.100 - - [21/Nov/2025:11:01:58 +0000] "PUT /d1/433/AUTH_0cecc8fadb4145d4bfca3c7bfba4ec48/gnocchi.4f21913f-24cf-4558-aa3a-5eeb216dc3dc/none_v3" 201 - "PUT http://172.18.0.2:8080/v1/AUTH_0cecc8fadb4145d4bfca3c7bfba4ec48/gnocchi.4f21913f-24cf-4558-aa3a-5eeb216dc3dc/none_v3" "txf96312f5c6734569a9f90-00692046a6" "proxy-server 20" 0.0109 "-" 25 0
Nov 21 11:01:58 standalone proxy-server[130074]: 172.18.0.2 172.18.0.100 21/Nov/2025/11/01/58 PUT /v1/AUTH_0cecc8fadb4145d4bfca3c7bfba4ec48/gnocchi.4f21913f-24cf-4558-aa3a-5eeb216dc3dc/none_v3 HTTP/1.0 201 - python-swiftclient-3.11.1 gAAAAABpIEX0NxMs... 22 - - txf96312f5c6734569a9f90-00692046a6 - 0.0163 - - 1763722918.422520876 1763722918.438846111 0
Nov 21 11:01:58 standalone container-server[128066]: 172.20.0.100 - - [21/Nov/2025:11:01:58 +0000] "HEAD /d1/234/AUTH_0cecc8fadb4145d4bfca3c7bfba4ec48/gnocchi.4077c0b1-160b-429c-bfc8-5eab85da3f67" 404 - "HEAD http://172.18.0.2:8080/v1/AUTH_0cecc8fadb4145d4bfca3c7bfba4ec48/gnocchi.4077c0b1-160b-429c-bfc8-5eab85da3f67?format=json&states=listing" "tx1dd72734451b4023a0600-00692046a6" "proxy-server 20" 0.0008 "-" 23 0
Nov 21 11:01:58 standalone object-server[128267]: 172.20.0.100 - - [21/Nov/2025:11:01:58 +0000] "GET /d1/428/AUTH_0cecc8fadb4145d4bfca3c7bfba4ec48/gnocchi.4077c0b1-160b-429c-bfc8-5eab85da3f67/none_v3" 404 70 "GET http://172.18.0.2:8080/v1/AUTH_0cecc8fadb4145d4bfca3c7bfba4ec48/gnocchi.4077c0b1-160b-429c-bfc8-5eab85da3f67/none_v3" "tx1dd72734451b4023a0600-00692046a6" "proxy-server 20" 0.0004 "-" 23 0
Nov 21 11:01:58 standalone proxy-server[130074]: 172.18.0.2 172.18.0.100 21/Nov/2025/11/01/58 GET /v1/AUTH_0cecc8fadb4145d4bfca3c7bfba4ec48/gnocchi.4077c0b1-160b-429c-bfc8-5eab85da3f67/none_v3 HTTP/1.0 404 - python-swiftclient-3.11.1 gAAAAABpIEX0NxMs... - 70 - tx1dd72734451b4023a0600-00692046a6 - 0.0091 - - 1763722918.462563276 1763722918.471653223 0
Nov 21 11:01:58 standalone account-server[127915]: 172.20.0.100 - - [21/Nov/2025:11:01:58 +0000] "PUT /d1/995/AUTH_0cecc8fadb4145d4bfca3c7bfba4ec48/gnocchi.4077c0b1-160b-429c-bfc8-5eab85da3f67" 201 - "PUT http://172.20.0.100:6001/d1/234/AUTH_0cecc8fadb4145d4bfca3c7bfba4ec48/gnocchi.4077c0b1-160b-429c-bfc8-5eab85da3f67" "tx0656bf80cea94a2c97b71-00692046a6" "container-server 22" 0.0063 "-" 16 0
Nov 21 11:01:58 standalone container-server[128062]: 172.20.0.100 - - [21/Nov/2025:11:01:58 +0000] "PUT /d1/234/AUTH_0cecc8fadb4145d4bfca3c7bfba4ec48/gnocchi.4077c0b1-160b-429c-bfc8-5eab85da3f67" 201 - "PUT http://172.18.0.2:8080/v1/AUTH_0cecc8fadb4145d4bfca3c7bfba4ec48/gnocchi.4077c0b1-160b-429c-bfc8-5eab85da3f67" "tx0656bf80cea94a2c97b71-00692046a6" "proxy-server 20" 0.0191 "-" 22 0
Nov 21 11:01:58 standalone proxy-server[130074]: 172.18.0.2 172.18.0.100 21/Nov/2025/11/01/58 PUT /v1/AUTH_0cecc8fadb4145d4bfca3c7bfba4ec48/gnocchi.4077c0b1-160b-429c-bfc8-5eab85da3f67 HTTP/1.0 201 - python-swiftclient-3.11.1 gAAAAABpIEX0NxMs... - - - tx0656bf80cea94a2c97b71-00692046a6 - 0.0241 - - 1763722918.474662066 1763722918.498782396 0
Nov 21 11:01:58 standalone container-server[128060]: 172.20.0.100 - - [21/Nov/2025:11:01:58 +0000] "HEAD /d1/559/AUTH_0cecc8fadb4145d4bfca3c7bfba4ec48/gnocchi.a5ca7a97-79b5-4b31-a1f6-06c08cea01e7" 404 - "HEAD http://172.18.0.2:8080/v1/AUTH_0cecc8fadb4145d4bfca3c7bfba4ec48/gnocchi.a5ca7a97-79b5-4b31-a1f6-06c08cea01e7?format=json&states=listing" "tx2664d1d35ef34f59b9feb-00692046a6" "proxy-server 20" 0.0010 "-" 20 0
Nov 21 11:01:58 standalone object-server[128269]: 172.20.0.100 - - [21/Nov/2025:11:01:58 +0000] "GET /d1/311/AUTH_0cecc8fadb4145d4bfca3c7bfba4ec48/gnocchi.a5ca7a97-79b5-4b31-a1f6-06c08cea01e7/none_v3" 404 70 "GET http://172.18.0.2:8080/v1/AUTH_0cecc8fadb4145d4bfca3c7bfba4ec48/gnocchi.a5ca7a97-79b5-4b31-a1f6-06c08cea01e7/none_v3" "tx2664d1d35ef34f59b9feb-00692046a6" "proxy-server 20" 0.0005 "-" 25 0
Nov 21 11:01:58 standalone proxy-server[130074]: 172.18.0.2 172.18.0.100 21/Nov/2025/11/01/58 GET /v1/AUTH_0cecc8fadb4145d4bfca3c7bfba4ec48/gnocchi.a5ca7a97-79b5-4b31-a1f6-06c08cea01e7/none_v3 HTTP/1.0 404 - python-swiftclient-3.11.1 gAAAAABpIEX0NxMs... - 70 - tx2664d1d35ef34f59b9feb-00692046a6 - 0.0092 - - 1763722918.501705408 1763722918.510874033 0
Nov 21 11:01:58 standalone account-server[127915]: 172.20.0.100 - - [21/Nov/2025:11:01:58 +0000] "PUT /d1/995/AUTH_0cecc8fadb4145d4bfca3c7bfba4ec48/gnocchi.a5ca7a97-79b5-4b31-a1f6-06c08cea01e7" 201 - "PUT http://172.20.0.100:6001/d1/559/AUTH_0cecc8fadb4145d4bfca3c7bfba4ec48/gnocchi.a5ca7a97-79b5-4b31-a1f6-06c08cea01e7" "tx7a1a1e45f06b4e01b3426-00692046a6" "container-server 20" 0.0059 "-" 16 0
Nov 21 11:01:58 standalone container-server[128060]: 172.20.0.100 - - [21/Nov/2025:11:01:58 +0000] "PUT /d1/559/AUTH_0cecc8fadb4145d4bfca3c7bfba4ec48/gnocchi.a5ca7a97-79b5-4b31-a1f6-06c08cea01e7" 201 - "PUT http://172.18.0.2:8080/v1/AUTH_0cecc8fadb4145d4bfca3c7bfba4ec48/gnocchi.a5ca7a97-79b5-4b31-a1f6-06c08cea01e7" "tx7a1a1e45f06b4e01b3426-00692046a6" "proxy-server 20" 0.0146 "-" 20 0
Nov 21 11:01:58 standalone proxy-server[130074]: 172.18.0.2 172.18.0.100 21/Nov/2025/11/01/58 PUT /v1/AUTH_0cecc8fadb4145d4bfca3c7bfba4ec48/gnocchi.a5ca7a97-79b5-4b31-a1f6-06c08cea01e7 HTTP/1.0 201 - python-swiftclient-3.11.1 gAAAAABpIEX0NxMs... - - - tx7a1a1e45f06b4e01b3426-00692046a6 - 0.0183 - - 1763722918.514085770 1763722918.532376528 0
Nov 21 11:01:58 standalone container-server[128061]: 172.20.0.100 - - [21/Nov/2025:11:01:58 +0000] "HEAD /d1/234/AUTH_0cecc8fadb4145d4bfca3c7bfba4ec48/gnocchi.4077c0b1-160b-429c-bfc8-5eab85da3f67" 204 - "HEAD http://172.18.0.2:8080/v1/AUTH_0cecc8fadb4145d4bfca3c7bfba4ec48/gnocchi.4077c0b1-160b-429c-bfc8-5eab85da3f67?format=json&states=listing" "tx45aaba59433b486897f5a-00692046a6" "proxy-server 20" 0.0016 "-" 21 0
Nov 21 11:01:58 standalone proxy-server[130074]: - - 21/Nov/2025/11/01/58 HEAD /v1/AUTH_0cecc8fadb4145d4bfca3c7bfba4ec48/gnocchi.4077c0b1-160b-429c-bfc8-5eab85da3f67%3Fformat%3Djson%26states%3Dlisting HTTP/1.0 204 - Swift - - - - tx45aaba59433b486897f5a-00692046a6 - 0.0053 RL - 1763722918.538903475 1763722918.544242620 0
Nov 21 11:01:58 standalone container-server[128062]: 172.20.0.100 - - [21/Nov/2025:11:01:58 +0000] "GET /d1/234/AUTH_0cecc8fadb4145d4bfca3c7bfba4ec48/gnocchi.4077c0b1-160b-429c-bfc8-5eab85da3f67" 200 2 "GET http://172.18.0.2:8080/v1/AUTH_0cecc8fadb4145d4bfca3c7bfba4ec48/gnocchi.4077c0b1-160b-429c-bfc8-5eab85da3f67?format=json&states=listing" "tx45aaba59433b486897f5a-00692046a6" "proxy-server 20" 0.0039 "-" 22 0
Nov 21 11:01:58 standalone proxy-server[130074]: 172.18.0.2 172.18.0.100 21/Nov/2025/11/01/58 GET /v1/AUTH_0cecc8fadb4145d4bfca3c7bfba4ec48/gnocchi.4077c0b1-160b-429c-bfc8-5eab85da3f67%3Fformat%3Djson%26states%3Dlisting HTTP/1.0 200 - python-swiftclient-3.11.1 gAAAAABpIEX0NxMs... - 2 - tx45aaba59433b486897f5a-00692046a6 - 0.0189 - - 1763722918.537944794 1763722918.556845665 0
Nov 21 11:01:58 standalone container-server[128062]: 172.20.0.100 - - [21/Nov/2025:11:01:58 +0000] "HEAD /d1/559/AUTH_0cecc8fadb4145d4bfca3c7bfba4ec48/gnocchi.a5ca7a97-79b5-4b31-a1f6-06c08cea01e7" 204 - "HEAD http://172.18.0.2:8080/v1/AUTH_0cecc8fadb4145d4bfca3c7bfba4ec48/gnocchi.a5ca7a97-79b5-4b31-a1f6-06c08cea01e7?format=json&states=listing" "tx5674118c509746c1abb43-00692046a6" "proxy-server 20" 0.0018 "-" 22 0
Nov 21 11:01:58 standalone proxy-server[130074]: - - 21/Nov/2025/11/01/58 HEAD /v1/AUTH_0cecc8fadb4145d4bfca3c7bfba4ec48/gnocchi.a5ca7a97-79b5-4b31-a1f6-06c08cea01e7%3Fformat%3Djson%26states%3Dlisting HTTP/1.0 204 - Swift - - - - tx5674118c509746c1abb43-00692046a6 - 0.0060 RL - 1763722918.563922167 1763722918.569956779 0
Nov 21 11:01:58 standalone container-server[128060]: 172.20.0.100 - - [21/Nov/2025:11:01:58 +0000] "GET /d1/559/AUTH_0cecc8fadb4145d4bfca3c7bfba4ec48/gnocchi.a5ca7a97-79b5-4b31-a1f6-06c08cea01e7" 200 2 "GET http://172.18.0.2:8080/v1/AUTH_0cecc8fadb4145d4bfca3c7bfba4ec48/gnocchi.a5ca7a97-79b5-4b31-a1f6-06c08cea01e7?format=json&states=listing" "tx5674118c509746c1abb43-00692046a6" "proxy-server 20" 0.0016 "-" 20 0
Nov 21 11:01:58 standalone proxy-server[130074]: 172.18.0.2 172.18.0.100 21/Nov/2025/11/01/58 GET /v1/AUTH_0cecc8fadb4145d4bfca3c7bfba4ec48/gnocchi.a5ca7a97-79b5-4b31-a1f6-06c08cea01e7%3Fformat%3Djson%26states%3Dlisting HTTP/1.0 200 - python-swiftclient-3.11.1 gAAAAABpIEX0NxMs... - 2 - tx5674118c509746c1abb43-00692046a6 - 0.0167 - - 1763722918.561924458 1763722918.578672647 0
Nov 21 11:01:58 standalone object-server[128269]: 172.20.0.100 - - [21/Nov/2025:11:01:58 +0000] "GET /d1/253/AUTH_0cecc8fadb4145d4bfca3c7bfba4ec48/gnocchi.4077c0b1-160b-429c-bfc8-5eab85da3f67/1763640000.0_mean_300.0_v3" 404 70 "GET http://172.18.0.2:8080/v1/AUTH_0cecc8fadb4145d4bfca3c7bfba4ec48/gnocchi.4077c0b1-160b-429c-bfc8-5eab85da3f67/1763640000.0_mean_300.0_v3" "tx0e099a8f468946dcb5e82-00692046a6" "proxy-server 20" 0.0004 "-" 25 0
Nov 21 11:01:58 standalone proxy-server[130074]: 172.18.0.2 172.18.0.100 21/Nov/2025/11/01/58 GET /v1/AUTH_0cecc8fadb4145d4bfca3c7bfba4ec48/gnocchi.4077c0b1-160b-429c-bfc8-5eab85da3f67/1763640000.0_mean_300.0_v3 HTTP/1.0 404 - python-swiftclient-3.11.1 gAAAAABpIEX0NxMs... - 70 - tx0e099a8f468946dcb5e82-00692046a6 - 0.0074 - - 1763722918.582916021 1763722918.590296507 0
Nov 21 11:01:58 standalone object-server[128268]: 172.20.0.100 - - [21/Nov/2025:11:01:58 +0000] "GET /d1/872/AUTH_0cecc8fadb4145d4bfca3c7bfba4ec48/gnocchi.a5ca7a97-79b5-4b31-a1f6-06c08cea01e7/1763640000.0_mean_300.0_v3" 404 70 "GET http://172.18.0.2:8080/v1/AUTH_0cecc8fadb4145d4bfca3c7bfba4ec48/gnocchi.a5ca7a97-79b5-4b31-a1f6-06c08cea01e7/1763640000.0_mean_300.0_v3" "tx84222aa6952345a181844-00692046a6" "proxy-server 20" 0.0003 "-" 24 0
Nov 21 11:01:58 standalone proxy-server[130074]: 172.18.0.2 172.18.0.100 21/Nov/2025/11/01/58 GET /v1/AUTH_0cecc8fadb4145d4bfca3c7bfba4ec48/gnocchi.a5ca7a97-79b5-4b31-a1f6-06c08cea01e7/1763640000.0_mean_300.0_v3 HTTP/1.0 404 - python-swiftclient-3.11.1 gAAAAABpIEX0NxMs... - 70 - tx84222aa6952345a181844-00692046a6 - 0.0069 - - 1763722918.593735456 1763722918.600599289 0
Nov 21 11:01:58 standalone container-server[128066]: 172.20.0.100 - - [21/Nov/2025:11:01:58 +0000] "PUT /d1/234/AUTH_0cecc8fadb4145d4bfca3c7bfba4ec48/gnocchi.4077c0b1-160b-429c-bfc8-5eab85da3f67/1763640000.0_mean_300.0_v3" 201 - "PUT http://172.18.0.2:8080/d1/253/AUTH_0cecc8fadb4145d4bfca3c7bfba4ec48/gnocchi.4077c0b1-160b-429c-bfc8-5eab85da3f67/1763640000.0_mean_300.0_v3" "tx53f918d5bb694f6a8a817-00692046a6" "object-server 24" 0.0012 "-" 23 0
Nov 21 11:01:58 standalone object-server[128268]: 172.20.0.100 - - [21/Nov/2025:11:01:58 +0000] "PUT /d1/253/AUTH_0cecc8fadb4145d4bfca3c7bfba4ec48/gnocchi.4077c0b1-160b-429c-bfc8-5eab85da3f67/1763640000.0_mean_300.0_v3" 201 - "PUT http://172.18.0.2:8080/v1/AUTH_0cecc8fadb4145d4bfca3c7bfba4ec48/gnocchi.4077c0b1-160b-429c-bfc8-5eab85da3f67/1763640000.0_mean_300.0_v3" "tx53f918d5bb694f6a8a817-00692046a6" "proxy-server 20" 0.0104 "-" 24 0
Nov 21 11:01:58 standalone proxy-server[130074]: 172.18.0.2 172.18.0.100 21/Nov/2025/11/01/58 PUT /v1/AUTH_0cecc8fadb4145d4bfca3c7bfba4ec48/gnocchi.4077c0b1-160b-429c-bfc8-5eab85da3f67/1763640000.0_mean_300.0_v3 HTTP/1.0 201 - python-swiftclient-3.11.1 gAAAAABpIEX0NxMs... 16 - - tx53f918d5bb694f6a8a817-00692046a6 - 0.0167 - - 1763722918.605116844 1763722918.621818542 0
Nov 21 11:01:58 standalone container-server[128062]: 172.20.0.100 - - [21/Nov/2025:11:01:58 +0000] "PUT /d1/559/AUTH_0cecc8fadb4145d4bfca3c7bfba4ec48/gnocchi.a5ca7a97-79b5-4b31-a1f6-06c08cea01e7/1763640000.0_mean_300.0_v3" 201 - "PUT http://172.18.0.2:8080/d1/872/AUTH_0cecc8fadb4145d4bfca3c7bfba4ec48/gnocchi.a5ca7a97-79b5-4b31-a1f6-06c08cea01e7/1763640000.0_mean_300.0_v3" "tx25b163352be0478ea519d-00692046a6" "object-server 23" 0.0010 "-" 22 0
Nov 21 11:01:58 standalone object-server[128267]: 172.20.0.100 - - [21/Nov/2025:11:01:58 +0000] "PUT /d1/872/AUTH_0cecc8fadb4145d4bfca3c7bfba4ec48/gnocchi.a5ca7a97-79b5-4b31-a1f6-06c08cea01e7/1763640000.0_mean_300.0_v3" 201 - "PUT http://172.18.0.2:8080/v1/AUTH_0cecc8fadb4145d4bfca3c7bfba4ec48/gnocchi.a5ca7a97-79b5-4b31-a1f6-06c08cea01e7/1763640000.0_mean_300.0_v3" "tx25b163352be0478ea519d-00692046a6" "proxy-server 20" 0.0134 "-" 23 0
Nov 21 11:01:58 standalone proxy-server[130074]: 172.18.0.2 172.18.0.100 21/Nov/2025/11/01/58 PUT /v1/AUTH_0cecc8fadb4145d4bfca3c7bfba4ec48/gnocchi.a5ca7a97-79b5-4b31-a1f6-06c08cea01e7/1763640000.0_mean_300.0_v3 HTTP/1.0 201 - python-swiftclient-3.11.1 gAAAAABpIEX0NxMs... 16 - - tx25b163352be0478ea519d-00692046a6 - 0.0210 - - 1763722918.625283480 1763722918.646290541 0
Nov 21 11:01:58 standalone container-server[128061]: 172.20.0.100 - - [21/Nov/2025:11:01:58 +0000] "PUT /d1/234/AUTH_0cecc8fadb4145d4bfca3c7bfba4ec48/gnocchi.4077c0b1-160b-429c-bfc8-5eab85da3f67/none_v3" 201 - "PUT http://172.18.0.2:8080/d1/428/AUTH_0cecc8fadb4145d4bfca3c7bfba4ec48/gnocchi.4077c0b1-160b-429c-bfc8-5eab85da3f67/none_v3" "tx54ecb424d5a54f5d8de05-00692046a6" "object-server 24" 0.0006 "-" 21 0
Nov 21 11:01:58 standalone object-server[128268]: 172.20.0.100 - - [21/Nov/2025:11:01:58 +0000] "PUT /d1/428/AUTH_0cecc8fadb4145d4bfca3c7bfba4ec48/gnocchi.4077c0b1-160b-429c-bfc8-5eab85da3f67/none_v3" 201 - "PUT http://172.18.0.2:8080/v1/AUTH_0cecc8fadb4145d4bfca3c7bfba4ec48/gnocchi.4077c0b1-160b-429c-bfc8-5eab85da3f67/none_v3" "tx54ecb424d5a54f5d8de05-00692046a6" "proxy-server 20" 0.0106 "-" 24 0
Nov 21 11:01:58 standalone proxy-server[130074]: 172.18.0.2 172.18.0.100 21/Nov/2025/11/01/58 PUT /v1/AUTH_0cecc8fadb4145d4bfca3c7bfba4ec48/gnocchi.4077c0b1-160b-429c-bfc8-5eab85da3f67/none_v3 HTTP/1.0 201 - python-swiftclient-3.11.1 gAAAAABpIEX0NxMs... 22 - - tx54ecb424d5a54f5d8de05-00692046a6 - 0.0169 - - 1763722918.649791479 1763722918.666704178 0
Nov 21 11:01:58 standalone container-server[128060]: 172.20.0.100 - - [21/Nov/2025:11:01:58 +0000] "PUT /d1/559/AUTH_0cecc8fadb4145d4bfca3c7bfba4ec48/gnocchi.a5ca7a97-79b5-4b31-a1f6-06c08cea01e7/none_v3" 201 - "PUT http://172.18.0.2:8080/d1/311/AUTH_0cecc8fadb4145d4bfca3c7bfba4ec48/gnocchi.a5ca7a97-79b5-4b31-a1f6-06c08cea01e7/none_v3" "txa40cefbc05204c7e8e8b7-00692046a6" "object-server 22" 0.0009 "-" 20 0
Nov 21 11:01:58 standalone object-server[128266]: 172.20.0.100 - - [21/Nov/2025:11:01:58 +0000] "PUT /d1/311/AUTH_0cecc8fadb4145d4bfca3c7bfba4ec48/gnocchi.a5ca7a97-79b5-4b31-a1f6-06c08cea01e7/none_v3" 201 - "PUT http://172.18.0.2:8080/v1/AUTH_0cecc8fadb4145d4bfca3c7bfba4ec48/gnocchi.a5ca7a97-79b5-4b31-a1f6-06c08cea01e7/none_v3" "txa40cefbc05204c7e8e8b7-00692046a6" "proxy-server 20" 0.0123 "-" 22 0
Nov 21 11:01:58 standalone proxy-server[130074]: 172.18.0.2 172.18.0.100 21/Nov/2025/11/01/58 PUT /v1/AUTH_0cecc8fadb4145d4bfca3c7bfba4ec48/gnocchi.a5ca7a97-79b5-4b31-a1f6-06c08cea01e7/none_v3 HTTP/1.0 201 - python-swiftclient-3.11.1 gAAAAABpIEX0NxMs... 22 - - txa40cefbc05204c7e8e8b7-00692046a6 - 0.0200 - - 1763722918.670158863 1763722918.690185308 0
