Nov 21 11:01:04 standalone container-server[128066]: 172.20.0.100 - - [21/Nov/2025:11:01:04 +0000] "PUT /d1/1003/AUTH_0cecc8fadb4145d4bfca3c7bfba4ec48/gnocchi.14f8986f-2d92-4c8d-88c7-d7b3e92333d7/1763640000.0_mean_300.0_v3" 201 - "PUT http://172.18.0.2:8080/d1/401/AUTH_0cecc8fadb4145d4bfca3c7bfba4ec48/gnocchi.14f8986f-2d92-4c8d-88c7-d7b3e92333d7/1763640000.0_mean_300.0_v3" "tx57d9ded1966f485e80526-0069204670" "object-server 22" 0.0008 "-" 23 0
Nov 21 11:01:04 standalone object-server[128266]: 172.20.0.100 - - [21/Nov/2025:11:01:04 +0000] "PUT /d1/401/AUTH_0cecc8fadb4145d4bfca3c7bfba4ec48/gnocchi.14f8986f-2d92-4c8d-88c7-d7b3e92333d7/1763640000.0_mean_300.0_v3" 201 - "PUT http://172.18.0.2:8080/v1/AUTH_0cecc8fadb4145d4bfca3c7bfba4ec48/gnocchi.14f8986f-2d92-4c8d-88c7-d7b3e92333d7/1763640000.0_mean_300.0_v3" "tx57d9ded1966f485e80526-0069204670" "proxy-server 20" 0.0128 "-" 22 0
Nov 21 11:01:04 standalone proxy-server[130074]: 172.18.0.2 172.18.0.100 21/Nov/2025/11/01/04 PUT /v1/AUTH_0cecc8fadb4145d4bfca3c7bfba4ec48/gnocchi.14f8986f-2d92-4c8d-88c7-d7b3e92333d7/1763640000.0_mean_300.0_v3 HTTP/1.0 201 - python-swiftclient-3.11.1 gAAAAABpIEX0NxMs... 16 - - tx57d9ded1966f485e80526-0069204670 - 0.0207 - - 1763722864.023579121 1763722864.044240713 0
Nov 21 11:01:04 standalone container-server[128066]: 172.20.0.100 - - [21/Nov/2025:11:01:04 +0000] "PUT /d1/1003/AUTH_0cecc8fadb4145d4bfca3c7bfba4ec48/gnocchi.14f8986f-2d92-4c8d-88c7-d7b3e92333d7/none_v3" 201 - "PUT http://172.18.0.2:8080/d1/476/AUTH_0cecc8fadb4145d4bfca3c7bfba4ec48/gnocchi.14f8986f-2d92-4c8d-88c7-d7b3e92333d7/none_v3" "txcede88d9373a429988418-0069204670" "object-server 22" 0.0008 "-" 23 0
Nov 21 11:01:04 standalone object-server[128266]: 172.20.0.100 - - [21/Nov/2025:11:01:04 +0000] "PUT /d1/476/AUTH_0cecc8fadb4145d4bfca3c7bfba4ec48/gnocchi.14f8986f-2d92-4c8d-88c7-d7b3e92333d7/none_v3" 201 - "PUT http://172.18.0.2:8080/v1/AUTH_0cecc8fadb4145d4bfca3c7bfba4ec48/gnocchi.14f8986f-2d92-4c8d-88c7-d7b3e92333d7/none_v3" "txcede88d9373a429988418-0069204670" "proxy-server 20" 0.0171 "-" 22 0
Nov 21 11:01:04 standalone proxy-server[130074]: 172.18.0.2 172.18.0.100 21/Nov/2025/11/01/04 PUT /v1/AUTH_0cecc8fadb4145d4bfca3c7bfba4ec48/gnocchi.14f8986f-2d92-4c8d-88c7-d7b3e92333d7/none_v3 HTTP/1.0 201 - python-swiftclient-3.11.1 gAAAAABpIEX0NxMs... 22 - - txcede88d9373a429988418-0069204670 - 0.0241 - - 1763722864.046818733 1763722864.070903540 0
Nov 21 11:01:04 standalone object-server[128266]: 172.20.0.100 - - [21/Nov/2025:11:01:04 +0000] "GET /d1/10/AUTH_0cecc8fadb4145d4bfca3c7bfba4ec48/gnocchi.7d7675c7-a9e0-4a3c-9325-15b7bf8b1dd2/none_v3" 200 22 "GET http://172.18.0.2:8080/v1/AUTH_0cecc8fadb4145d4bfca3c7bfba4ec48/gnocchi.7d7675c7-a9e0-4a3c-9325-15b7bf8b1dd2/none_v3" "txfe66c14d7f0b4e5db55aa-0069204670" "proxy-server 20" 0.0015 "-" 22 0
Nov 21 11:01:04 standalone proxy-server[130074]: 172.18.0.2 172.18.0.100 21/Nov/2025/11/01/04 GET /v1/AUTH_0cecc8fadb4145d4bfca3c7bfba4ec48/gnocchi.7d7675c7-a9e0-4a3c-9325-15b7bf8b1dd2/none_v3 HTTP/1.0 200 - python-swiftclient-3.11.1 gAAAAABpIEX0NxMs... - 22 - txfe66c14d7f0b4e5db55aa-0069204670 - 0.0097 - - 1763722864.186817646 1763722864.196509838 0
Nov 21 11:01:04 standalone container-server[128062]: 172.20.0.100 - - [21/Nov/2025:11:01:04 +0000] "GET /d1/261/AUTH_0cecc8fadb4145d4bfca3c7bfba4ec48/gnocchi.7d7675c7-a9e0-4a3c-9325-15b7bf8b1dd2" 200 357 "GET http://172.18.0.2:8080/v1/AUTH_0cecc8fadb4145d4bfca3c7bfba4ec48/gnocchi.7d7675c7-a9e0-4a3c-9325-15b7bf8b1dd2?format=json&states=listing" "tx6ceb30e941c241488ce4b-0069204670" "proxy-server 20" 0.0083 "-" 22 0
Nov 21 11:01:04 standalone proxy-server[130074]: 172.18.0.2 172.18.0.100 21/Nov/2025/11/01/04 GET /v1/AUTH_0cecc8fadb4145d4bfca3c7bfba4ec48/gnocchi.7d7675c7-a9e0-4a3c-9325-15b7bf8b1dd2%3Fformat%3Djson%26states%3Dlisting HTTP/1.0 200 - python-swiftclient-3.11.1 gAAAAABpIEX0NxMs... - 357 - tx6ceb30e941c241488ce4b-0069204670 - 0.0148 - - 1763722864.201365232 1763722864.216169119 0
Nov 21 11:01:04 standalone container-server[128061]: 172.20.0.100 - - [21/Nov/2025:11:01:04 +0000] "GET /d1/261/AUTH_0cecc8fadb4145d4bfca3c7bfba4ec48/gnocchi.7d7675c7-a9e0-4a3c-9325-15b7bf8b1dd2" 200 2 "GET http://172.18.0.2:8080/v1/AUTH_0cecc8fadb4145d4bfca3c7bfba4ec48/gnocchi.7d7675c7-a9e0-4a3c-9325-15b7bf8b1dd2?format=json&marker=none_v3&states=listing" "tx5b76f944ae024ec4af3f6-0069204670" "proxy-server 20" 0.0040 "-" 21 0
Nov 21 11:01:04 standalone proxy-server[130074]: 172.18.0.2 172.18.0.100 21/Nov/2025/11/01/04 GET /v1/AUTH_0cecc8fadb4145d4bfca3c7bfba4ec48/gnocchi.7d7675c7-a9e0-4a3c-9325-15b7bf8b1dd2%3Fformat%3Djson%26marker%3Dnone_v3%26states%3Dlisting HTTP/1.0 200 - python-swiftclient-3.11.1 gAAAAABpIEX0NxMs... - 2 - tx5b76f944ae024ec4af3f6-0069204670 - 0.0110 - - 1763722864.219542265 1763722864.230587721 0
Nov 21 11:01:04 standalone object-server[128268]: 172.20.0.100 - - [21/Nov/2025:11:01:04 +0000] "GET /d1/947/AUTH_0cecc8fadb4145d4bfca3c7bfba4ec48/gnocchi.7d7675c7-a9e0-4a3c-9325-15b7bf8b1dd2/1763640000.0_mean_300.0_v3" 200 24 "GET http://172.18.0.2:8080/v1/AUTH_0cecc8fadb4145d4bfca3c7bfba4ec48/gnocchi.7d7675c7-a9e0-4a3c-9325-15b7bf8b1dd2/1763640000.0_mean_300.0_v3" "tx0f2148fca3554b3cb0fc9-0069204670" "proxy-server 20" 0.0011 "-" 24 0
Nov 21 11:01:04 standalone proxy-server[130074]: 172.18.0.2 172.18.0.100 21/Nov/2025/11/01/04 GET /v1/AUTH_0cecc8fadb4145d4bfca3c7bfba4ec48/gnocchi.7d7675c7-a9e0-4a3c-9325-15b7bf8b1dd2/1763640000.0_mean_300.0_v3 HTTP/1.0 200 - python-swiftclient-3.11.1 gAAAAABpIEX0NxMs... - 24 - tx0f2148fca3554b3cb0fc9-0069204670 - 0.0110 - - 1763722864.234850883 1763722864.245881081 0
Nov 21 11:01:04 standalone container-server[128060]: 172.20.0.100 - - [21/Nov/2025:11:01:04 +0000] "PUT /d1/261/AUTH_0cecc8fadb4145d4bfca3c7bfba4ec48/gnocchi.7d7675c7-a9e0-4a3c-9325-15b7bf8b1dd2/1763640000.0_mean_300.0_v3" 201 - "PUT http://172.18.0.2:8080/d1/947/AUTH_0cecc8fadb4145d4bfca3c7bfba4ec48/gnocchi.7d7675c7-a9e0-4a3c-9325-15b7bf8b1dd2/1763640000.0_mean_300.0_v3" "tx0261953551dd4391b9ff5-0069204670" "object-server 24" 0.0009 "-" 20 0
Nov 21 11:01:04 standalone object-server[128268]: 172.20.0.100 - - [21/Nov/2025:11:01:04 +0000] "PUT /d1/947/AUTH_0cecc8fadb4145d4bfca3c7bfba4ec48/gnocchi.7d7675c7-a9e0-4a3c-9325-15b7bf8b1dd2/1763640000.0_mean_300.0_v3" 201 - "PUT http://172.18.0.2:8080/v1/AUTH_0cecc8fadb4145d4bfca3c7bfba4ec48/gnocchi.7d7675c7-a9e0-4a3c-9325-15b7bf8b1dd2/1763640000.0_mean_300.0_v3" "tx0261953551dd4391b9ff5-0069204670" "proxy-server 20" 0.0106 "-" 24 0
Nov 21 11:01:04 standalone proxy-server[130074]: 172.18.0.2 172.18.0.100 21/Nov/2025/11/01/04 PUT /v1/AUTH_0cecc8fadb4145d4bfca3c7bfba4ec48/gnocchi.7d7675c7-a9e0-4a3c-9325-15b7bf8b1dd2/1763640000.0_mean_300.0_v3 HTTP/1.0 201 - python-swiftclient-3.11.1 gAAAAABpIEX0NxMs... 24 - - tx0261953551dd4391b9ff5-0069204670 - 0.0159 - - 1763722864.252569199 1763722864.268486500 0
Nov 21 11:01:04 standalone container-server[128061]: 172.20.0.100 - - [21/Nov/2025:11:01:04 +0000] "PUT /d1/261/AUTH_0cecc8fadb4145d4bfca3c7bfba4ec48/gnocchi.7d7675c7-a9e0-4a3c-9325-15b7bf8b1dd2/none_v3" 201 - "PUT http://172.18.0.2:8080/d1/10/AUTH_0cecc8fadb4145d4bfca3c7bfba4ec48/gnocchi.7d7675c7-a9e0-4a3c-9325-15b7bf8b1dd2/none_v3" "tx27f0213f6a0d4500ae9b8-0069204670" "object-server 24" 0.0005 "-" 21 0
Nov 21 11:01:04 standalone object-server[128268]: 172.20.0.100 - - [21/Nov/2025:11:01:04 +0000] "PUT /d1/10/AUTH_0cecc8fadb4145d4bfca3c7bfba4ec48/gnocchi.7d7675c7-a9e0-4a3c-9325-15b7bf8b1dd2/none_v3" 201 - "PUT http://172.18.0.2:8080/v1/AUTH_0cecc8fadb4145d4bfca3c7bfba4ec48/gnocchi.7d7675c7-a9e0-4a3c-9325-15b7bf8b1dd2/none_v3" "tx27f0213f6a0d4500ae9b8-0069204670" "proxy-server 20" 0.0099 "-" 24 0
Nov 21 11:01:04 standalone proxy-server[130074]: 172.18.0.2 172.18.0.100 21/Nov/2025/11/01/04 PUT /v1/AUTH_0cecc8fadb4145d4bfca3c7bfba4ec48/gnocchi.7d7675c7-a9e0-4a3c-9325-15b7bf8b1dd2/none_v3 HTTP/1.0 201 - python-swiftclient-3.11.1 gAAAAABpIEX0NxMs... 33 - - tx27f0213f6a0d4500ae9b8-0069204670 - 0.0152 - - 1763722864.272204876 1763722864.287389278 0
Nov 21 11:01:04 standalone object-server[128267]: 172.20.0.100 - - [21/Nov/2025:11:01:04 +0000] "GET /d1/305/AUTH_0cecc8fadb4145d4bfca3c7bfba4ec48/gnocchi.e4140c4d-3287-4e0e-801b-6ff196b93ea3/none_v3" 200 22 "GET http://172.18.0.2:8080/v1/AUTH_0cecc8fadb4145d4bfca3c7bfba4ec48/gnocchi.e4140c4d-3287-4e0e-801b-6ff196b93ea3/none_v3" "tx0629b3669dac453c86fc2-0069204670" "proxy-server 20" 0.0009 "-" 23 0
Nov 21 11:01:04 standalone proxy-server[130074]: 172.18.0.2 172.18.0.100 21/Nov/2025/11/01/04 GET /v1/AUTH_0cecc8fadb4145d4bfca3c7bfba4ec48/gnocchi.e4140c4d-3287-4e0e-801b-6ff196b93ea3/none_v3 HTTP/1.0 200 - python-swiftclient-3.11.1 gAAAAABpIEX0NxMs... - 22 - tx0629b3669dac453c86fc2-0069204670 - 0.0083 - - 1763722864.302000046 1763722864.310264111 0
Nov 21 11:01:04 standalone container-server[128062]: 172.20.0.100 - - [21/Nov/2025:11:01:04 +0000] "GET /d1/174/AUTH_0cecc8fadb4145d4bfca3c7bfba4ec48/gnocchi.e4140c4d-3287-4e0e-801b-6ff196b93ea3" 200 357 "GET http://172.18.0.2:8080/v1/AUTH_0cecc8fadb4145d4bfca3c7bfba4ec48/gnocchi.e4140c4d-3287-4e0e-801b-6ff196b93ea3?format=json&states=listing" "tx8df36591118a4f00809ec-0069204670" "proxy-server 20" 0.0072 "-" 22 0
Nov 21 11:01:04 standalone proxy-server[130074]: 172.18.0.2 172.18.0.100 21/Nov/2025/11/01/04 GET /v1/AUTH_0cecc8fadb4145d4bfca3c7bfba4ec48/gnocchi.e4140c4d-3287-4e0e-801b-6ff196b93ea3%3Fformat%3Djson%26states%3Dlisting HTTP/1.0 200 - python-swiftclient-3.11.1 gAAAAABpIEX0NxMs... - 357 - tx8df36591118a4f00809ec-0069204670 - 0.0158 - - 1763722864.316055775 1763722864.331833839 0
Nov 21 11:01:04 standalone container-server[128060]: 172.20.0.100 - - [21/Nov/2025:11:01:04 +0000] "GET /d1/174/AUTH_0cecc8fadb4145d4bfca3c7bfba4ec48/gnocchi.e4140c4d-3287-4e0e-801b-6ff196b93ea3" 200 2 "GET http://172.18.0.2:8080/v1/AUTH_0cecc8fadb4145d4bfca3c7bfba4ec48/gnocchi.e4140c4d-3287-4e0e-801b-6ff196b93ea3?format=json&marker=none_v3&states=listing" "tx369d3d3fdba644609752f-0069204670" "proxy-server 20" 0.0022 "-" 20 0
Nov 21 11:01:04 standalone proxy-server[130074]: 172.18.0.2 172.18.0.100 21/Nov/2025/11/01/04 GET /v1/AUTH_0cecc8fadb4145d4bfca3c7bfba4ec48/gnocchi.e4140c4d-3287-4e0e-801b-6ff196b93ea3%3Fformat%3Djson%26marker%3Dnone_v3%26states%3Dlisting HTTP/1.0 200 - python-swiftclient-3.11.1 gAAAAABpIEX0NxMs... - 2 - tx369d3d3fdba644609752f-0069204670 - 0.0092 - - 1763722864.335405588 1763722864.344567537 0
Nov 21 11:01:04 standalone object-server[128269]: 172.20.0.100 - - [21/Nov/2025:11:01:04 +0000] "GET /d1/770/AUTH_0cecc8fadb4145d4bfca3c7bfba4ec48/gnocchi.e4140c4d-3287-4e0e-801b-6ff196b93ea3/1763640000.0_mean_300.0_v3" 200 24 "GET http://172.18.0.2:8080/v1/AUTH_0cecc8fadb4145d4bfca3c7bfba4ec48/gnocchi.e4140c4d-3287-4e0e-801b-6ff196b93ea3/1763640000.0_mean_300.0_v3" "txb761f2374ee84753a8c94-0069204670" "proxy-server 20" 0.0009 "-" 25 0
Nov 21 11:01:04 standalone proxy-server[130074]: 172.18.0.2 172.18.0.100 21/Nov/2025/11/01/04 GET /v1/AUTH_0cecc8fadb4145d4bfca3c7bfba4ec48/gnocchi.e4140c4d-3287-4e0e-801b-6ff196b93ea3/1763640000.0_mean_300.0_v3 HTTP/1.0 200 - python-swiftclient-3.11.1 gAAAAABpIEX0NxMs... - 24 - txb761f2374ee84753a8c94-0069204670 - 0.0070 - - 1763722864.349074602 1763722864.356084585 0
Nov 21 11:01:04 standalone container-server[128061]: 172.20.0.100 - - [21/Nov/2025:11:01:04 +0000] "PUT /d1/174/AUTH_0cecc8fadb4145d4bfca3c7bfba4ec48/gnocchi.e4140c4d-3287-4e0e-801b-6ff196b93ea3/1763640000.0_mean_300.0_v3" 201 - "PUT http://172.18.0.2:8080/d1/770/AUTH_0cecc8fadb4145d4bfca3c7bfba4ec48/gnocchi.e4140c4d-3287-4e0e-801b-6ff196b93ea3/1763640000.0_mean_300.0_v3" "tx180f555fd13d4bdebf351-0069204670" "object-server 25" 0.0006 "-" 21 0
Nov 21 11:01:04 standalone object-server[128269]: 172.20.0.100 - - [21/Nov/2025:11:01:04 +0000] "PUT /d1/770/AUTH_0cecc8fadb4145d4bfca3c7bfba4ec48/gnocchi.e4140c4d-3287-4e0e-801b-6ff196b93ea3/1763640000.0_mean_300.0_v3" 201 - "PUT http://172.18.0.2:8080/v1/AUTH_0cecc8fadb4145d4bfca3c7bfba4ec48/gnocchi.e4140c4d-3287-4e0e-801b-6ff196b93ea3/1763640000.0_mean_300.0_v3" "tx180f555fd13d4bdebf351-0069204670" "proxy-server 20" 0.0089 "-" 25 0
Nov 21 11:01:04 standalone proxy-server[130074]: 172.18.0.2 172.18.0.100 21/Nov/2025/11/01/04 PUT /v1/AUTH_0cecc8fadb4145d4bfca3c7bfba4ec48/gnocchi.e4140c4d-3287-4e0e-801b-6ff196b93ea3/1763640000.0_mean_300.0_v3 HTTP/1.0 201 - python-swiftclient-3.11.1 gAAAAABpIEX0NxMs... 24 - - tx180f555fd13d4bdebf351-0069204670 - 0.0151 - - 1763722864.363996983 1763722864.379066229 0
Nov 21 11:01:04 standalone container-server[128062]: 172.20.0.100 - - [21/Nov/2025:11:01:04 +0000] "PUT /d1/174/AUTH_0cecc8fadb4145d4bfca3c7bfba4ec48/gnocchi.e4140c4d-3287-4e0e-801b-6ff196b93ea3/none_v3" 201 - "PUT http://172.18.0.2:8080/d1/305/AUTH_0cecc8fadb4145d4bfca3c7bfba4ec48/gnocchi.e4140c4d-3287-4e0e-801b-6ff196b93ea3/none_v3" "txedec75d02c384bca85353-0069204670" "object-server 22" 0.0005 "-" 22 0
Nov 21 11:01:04 standalone object-server[128266]: 172.20.0.100 - - [21/Nov/2025:11:01:04 +0000] "PUT /d1/305/AUTH_0cecc8fadb4145d4bfca3c7bfba4ec48/gnocchi.e4140c4d-3287-4e0e-801b-6ff196b93ea3/none_v3" 201 - "PUT http://172.18.0.2:8080/v1/AUTH_0cecc8fadb4145d4bfca3c7bfba4ec48/gnocchi.e4140c4d-3287-4e0e-801b-6ff196b93ea3/none_v3" "txedec75d02c384bca85353-0069204670" "proxy-server 20" 0.0157 "-" 22 0
Nov 21 11:01:04 standalone proxy-server[130074]: 172.18.0.2 172.18.0.100 21/Nov/2025/11/01/04 PUT /v1/AUTH_0cecc8fadb4145d4bfca3c7bfba4ec48/gnocchi.e4140c4d-3287-4e0e-801b-6ff196b93ea3/none_v3 HTTP/1.0 201 - python-swiftclient-3.11.1 gAAAAABpIEX0NxMs... 33 - - txedec75d02c384bca85353-0069204670 - 0.0239 - - 1763722864.382663488 1763722864.406574488 0
Nov 21 11:01:05 standalone object-server[128267]: 172.20.0.100 - - [21/Nov/2025:11:01:05 +0000] "GET /d1/476/AUTH_0cecc8fadb4145d4bfca3c7bfba4ec48/gnocchi.14f8986f-2d92-4c8d-88c7-d7b3e92333d7/none_v3" 200 22 "GET http://172.18.0.2:8080/v1/AUTH_0cecc8fadb4145d4bfca3c7bfba4ec48/gnocchi.14f8986f-2d92-4c8d-88c7-d7b3e92333d7/none_v3" "tx0da7e87c098d43c2847d9-0069204671" "proxy-server 20" 0.0017 "-" 23 0
Nov 21 11:01:05 standalone proxy-server[130074]: 172.18.0.2 172.18.0.100 21/Nov/2025/11/01/05 GET /v1/AUTH_0cecc8fadb4145d4bfca3c7bfba4ec48/gnocchi.14f8986f-2d92-4c8d-88c7-d7b3e92333d7/none_v3 HTTP/1.0 200 - python-swiftclient-3.11.1 gAAAAABpIEX0NxMs... - 22 - tx0da7e87c098d43c2847d9-0069204671 - 0.0088 - - 1763722865.840788841 1763722865.849548817 0
Nov 21 11:01:05 standalone container-server[128066]: 172.20.0.100 - - [21/Nov/2025:11:01:05 +0000] "GET /d1/1003/AUTH_0cecc8fadb4145d4bfca3c7bfba4ec48/gnocchi.14f8986f-2d92-4c8d-88c7-d7b3e92333d7" 200 357 "GET http://172.18.0.2:8080/v1/AUTH_0cecc8fadb4145d4bfca3c7bfba4ec48/gnocchi.14f8986f-2d92-4c8d-88c7-d7b3e92333d7?format=json&states=listing" "tx452849438e2e4d3da1168-0069204671" "proxy-server 20" 0.0076 "-" 23 0
Nov 21 11:01:05 standalone proxy-server[130074]: 172.18.0.2 172.18.0.100 21/Nov/2025/11/01/05 GET /v1/AUTH_0cecc8fadb4145d4bfca3c7bfba4ec48/gnocchi.14f8986f-2d92-4c8d-88c7-d7b3e92333d7%3Fformat%3Djson%26states%3Dlisting HTTP/1.0 200 - python-swiftclient-3.11.1 gAAAAABpIEX0NxMs... - 357 - tx452849438e2e4d3da1168-0069204671 - 0.0129 - - 1763722865.854325056 1763722865.867205620 0
Nov 21 11:01:05 standalone container-server[128061]: 172.20.0.100 - - [21/Nov/2025:11:01:05 +0000] "GET /d1/1003/AUTH_0cecc8fadb4145d4bfca3c7bfba4ec48/gnocchi.14f8986f-2d92-4c8d-88c7-d7b3e92333d7" 200 2 "GET http://172.18.0.2:8080/v1/AUTH_0cecc8fadb4145d4bfca3c7bfba4ec48/gnocchi.14f8986f-2d92-4c8d-88c7-d7b3e92333d7?format=json&marker=none_v3&states=listing" "tx474f1cb54cdc41d588081-0069204671" "proxy-server 20" 0.0036 "-" 21 0
Nov 21 11:01:05 standalone proxy-server[130074]: 172.18.0.2 172.18.0.100 21/Nov/2025/11/01/05 GET /v1/AUTH_0cecc8fadb4145d4bfca3c7bfba4ec48/gnocchi.14f8986f-2d92-4c8d-88c7-d7b3e92333d7%3Fformat%3Djson%26marker%3Dnone_v3%26states%3Dlisting HTTP/1.0 200 - python-swiftclient-3.11.1 gAAAAABpIEX0NxMs... - 2 - tx474f1cb54cdc41d588081-0069204671 - 0.0083 - - 1763722865.870305777 1763722865.878611803 0
Nov 21 11:01:05 standalone object-server[128269]: 172.20.0.100 - - [21/Nov/2025:11:01:05 +0000] "GET /d1/401/AUTH_0cecc8fadb4145d4bfca3c7bfba4ec48/gnocchi.14f8986f-2d92-4c8d-88c7-d7b3e92333d7/1763640000.0_mean_300.0_v3" 200 16 "GET http://172.18.0.2:8080/v1/AUTH_0cecc8fadb4145d4bfca3c7bfba4ec48/gnocchi.14f8986f-2d92-4c8d-88c7-d7b3e92333d7/1763640000.0_mean_300.0_v3" "tx96a5c07075b14952bee96-0069204671" "proxy-server 20" 0.0006 "-" 25 0
Nov 21 11:01:05 standalone proxy-server[130074]: 172.18.0.2 172.18.0.100 21/Nov/2025/11/01/05 GET /v1/AUTH_0cecc8fadb4145d4bfca3c7bfba4ec48/gnocchi.14f8986f-2d92-4c8d-88c7-d7b3e92333d7/1763640000.0_mean_300.0_v3 HTTP/1.0 200 - python-swiftclient-3.11.1 gAAAAABpIEX0NxMs... - 16 - tx96a5c07075b14952bee96-0069204671 - 0.0048 - - 1763722865.882611513 1763722865.887388468 0
Nov 21 11:01:05 standalone container-server[128060]: 172.20.0.100 - - [21/Nov/2025:11:01:05 +0000] "PUT /d1/1003/AUTH_0cecc8fadb4145d4bfca3c7bfba4ec48/gnocchi.14f8986f-2d92-4c8d-88c7-d7b3e92333d7/1763640000.0_mean_300.0_v3" 201 - "PUT http://172.18.0.2:8080/d1/401/AUTH_0cecc8fadb4145d4bfca3c7bfba4ec48/gnocchi.14f8986f-2d92-4c8d-88c7-d7b3e92333d7/1763640000.0_mean_300.0_v3" "txb1fba3feec934e1cbe45c-0069204671" "object-server 25" 0.0005 "-" 20 0
Nov 21 11:01:05 standalone object-server[128269]: 172.20.0.100 - - [21/Nov/2025:11:01:05 +0000] "PUT /d1/401/AUTH_0cecc8fadb4145d4bfca3c7bfba4ec48/gnocchi.14f8986f-2d92-4c8d-88c7-d7b3e92333d7/1763640000.0_mean_300.0_v3" 201 - "PUT http://172.18.0.2:8080/v1/AUTH_0cecc8fadb4145d4bfca3c7bfba4ec48/gnocchi.14f8986f-2d92-4c8d-88c7-d7b3e92333d7/1763640000.0_mean_300.0_v3" "txb1fba3feec934e1cbe45c-0069204671" "proxy-server 20" 0.0086 "-" 25 0
Nov 21 11:01:05 standalone proxy-server[130074]: 172.18.0.2 172.18.0.100 21/Nov/2025/11/01/05 PUT /v1/AUTH_0cecc8fadb4145d4bfca3c7bfba4ec48/gnocchi.14f8986f-2d92-4c8d-88c7-d7b3e92333d7/1763640000.0_mean_300.0_v3 HTTP/1.0 201 - python-swiftclient-3.11.1 gAAAAABpIEX0NxMs... 16 - - txb1fba3feec934e1cbe45c-0069204671 - 0.0122 - - 1763722865.891013384 1763722865.903216124 0
Nov 21 11:01:05 standalone container-server[128061]: 172.20.0.100 - - [21/Nov/2025:11:01:05 +0000] "PUT /d1/1003/AUTH_0cecc8fadb4145d4bfca3c7bfba4ec48/gnocchi.14f8986f-2d92-4c8d-88c7-d7b3e92333d7/none_v3" 201 - "PUT http://172.18.0.2:8080/d1/476/AUTH_0cecc8fadb4145d4bfca3c7bfba4ec48/gnocchi.14f8986f-2d92-4c8d-88c7-d7b3e92333d7/none_v3" "txf5b7ec57451349b48d066-0069204671" "object-server 25" 0.0007 "-" 21 0
Nov 21 11:01:05 standalone object-server[128269]: 172.20.0.100 - - [21/Nov/2025:11:01:05 +0000] "PUT /d1/476/AUTH_0cecc8fadb4145d4bfca3c7bfba4ec48/gnocchi.14f8986f-2d92-4c8d-88c7-d7b3e92333d7/none_v3" 201 - "PUT http://172.18.0.2:8080/v1/AUTH_0cecc8fadb4145d4bfca3c7bfba4ec48/gnocchi.14f8986f-2d92-4c8d-88c7-d7b3e92333d7/none_v3" "txf5b7ec57451349b48d066-0069204671" "proxy-server 20" 0.0083 "-" 25 0
Nov 21 11:01:05 standalone proxy-server[130074]: 172.18.0.2 172.18.0.100 21/Nov/2025/11/01/05 PUT /v1/AUTH_0cecc8fadb4145d4bfca3c7bfba4ec48/gnocchi.14f8986f-2d92-4c8d-88c7-d7b3e92333d7/none_v3 HTTP/1.0 201 - python-swiftclient-3.11.1 gAAAAABpIEX0NxMs... 31 - - txf5b7ec57451349b48d066-0069204671 - 0.0117 - - 1763722865.906066895 1763722865.917750597 0
Nov 21 11:01:13 standalone account-server[127901]: 172.20.0.100 - - [21/Nov/2025:11:01:13 +0000] "HEAD /d1/995/AUTH_0cecc8fadb4145d4bfca3c7bfba4ec48" 204 - "HEAD http://172.18.0.2:8080/v1/AUTH_0cecc8fadb4145d4bfca3c7bfba4ec48?format=json" "txd9a4f26f06184978b7409-0069204679" "proxy-server 20" 0.0079 "-" 15 -
Nov 21 11:01:13 standalone proxy-server[130074]: - - 21/Nov/2025/11/01/13 HEAD /v1/AUTH_0cecc8fadb4145d4bfca3c7bfba4ec48%3Fformat%3Djson HTTP/1.0 204 - Swift - - - - txd9a4f26f06184978b7409-0069204679 - 0.0136 RL - 1763722873.835870266 1763722873.849480629 -
Nov 21 11:01:13 standalone object-server[128269]: 172.20.0.100 - - [21/Nov/2025:11:01:13 +0000] "GET /d1/476/AUTH_0cecc8fadb4145d4bfca3c7bfba4ec48/gnocchi.14f8986f-2d92-4c8d-88c7-d7b3e92333d7/none_v3" 200 31 "GET http://172.18.0.2:8080/v1/AUTH_0cecc8fadb4145d4bfca3c7bfba4ec48/gnocchi.14f8986f-2d92-4c8d-88c7-d7b3e92333d7/none_v3" "txd9a4f26f06184978b7409-0069204679" "proxy-server 20" 0.0027 "-" 25 0
Nov 21 11:01:13 standalone proxy-server[130074]: 172.18.0.2 172.18.0.100 21/Nov/2025/11/01/13 GET /v1/AUTH_0cecc8fadb4145d4bfca3c7bfba4ec48/gnocchi.14f8986f-2d92-4c8d-88c7-d7b3e92333d7/none_v3 HTTP/1.0 200 - python-swiftclient-3.11.1 gAAAAABpIEX0NxMs... - 31 - txd9a4f26f06184978b7409-0069204679 - 0.0309 - - 1763722873.834469318 1763722873.865394354 0
Nov 21 11:01:13 standalone container-server[128062]: 172.20.0.100 - - [21/Nov/2025:11:01:13 +0000] "GET /d1/1003/AUTH_0cecc8fadb4145d4bfca3c7bfba4ec48/gnocchi.14f8986f-2d92-4c8d-88c7-d7b3e92333d7" 200 357 "GET http://172.18.0.2:8080/v1/AUTH_0cecc8fadb4145d4bfca3c7bfba4ec48/gnocchi.14f8986f-2d92-4c8d-88c7-d7b3e92333d7?format=json&states=listing" "txa5c30b3068bc4c46bef94-0069204679" "proxy-server 20" 0.0114 "-" 22 0
Nov 21 11:01:13 standalone proxy-server[130074]: 172.18.0.2 172.18.0.100 21/Nov/2025/11/01/13 GET /v1/AUTH_0cecc8fadb4145d4bfca3c7bfba4ec48/gnocchi.14f8986f-2d92-4c8d-88c7-d7b3e92333d7%3Fformat%3Djson%26states%3Dlisting HTTP/1.0 200 - python-swiftclient-3.11.1 gAAAAABpIEX0NxMs... - 357 - txa5c30b3068bc4c46bef94-0069204679 - 0.0242 - - 1763722873.872787952 1763722873.896947861 0
Nov 21 11:01:13 standalone container-server[128062]: 172.20.0.100 - - [21/Nov/2025:11:01:13 +0000] "GET /d1/1003/AUTH_0cecc8fadb4145d4bfca3c7bfba4ec48/gnocchi.14f8986f-2d92-4c8d-88c7-d7b3e92333d7" 200 2 "GET http://172.18.0.2:8080/v1/AUTH_0cecc8fadb4145d4bfca3c7bfba4ec48/gnocchi.14f8986f-2d92-4c8d-88c7-d7b3e92333d7?format=json&marker=none_v3&states=listing" "txda856981face4f6888d6e-0069204679" "proxy-server 20" 0.0032 "-" 22 0
Nov 21 11:01:13 standalone proxy-server[130074]: 172.18.0.2 172.18.0.100 21/Nov/2025/11/01/13 GET /v1/AUTH_0cecc8fadb4145d4bfca3c7bfba4ec48/gnocchi.14f8986f-2d92-4c8d-88c7-d7b3e92333d7%3Fformat%3Djson%26marker%3Dnone_v3%26states%3Dlisting HTTP/1.0 200 - python-swiftclient-3.11.1 gAAAAABpIEX0NxMs... - 2 - txda856981face4f6888d6e-0069204679 - 0.0086 - - 1763722873.899478436 1763722873.908108950 0
Nov 21 11:01:13 standalone object-server[128267]: 172.20.0.100 - - [21/Nov/2025:11:01:13 +0000] "GET /d1/401/AUTH_0cecc8fadb4145d4bfca3c7bfba4ec48/gnocchi.14f8986f-2d92-4c8d-88c7-d7b3e92333d7/1763640000.0_mean_300.0_v3" 200 16 "GET http://172.18.0.2:8080/v1/AUTH_0cecc8fadb4145d4bfca3c7bfba4ec48/gnocchi.14f8986f-2d92-4c8d-88c7-d7b3e92333d7/1763640000.0_mean_300.0_v3" "txb359880a3f304e6e959a5-0069204679" "proxy-server 20" 0.0006 "-" 23 0
Nov 21 11:01:13 standalone proxy-server[130074]: 172.18.0.2 172.18.0.100 21/Nov/2025/11/01/13 GET /v1/AUTH_0cecc8fadb4145d4bfca3c7bfba4ec48/gnocchi.14f8986f-2d92-4c8d-88c7-d7b3e92333d7/1763640000.0_mean_300.0_v3 HTTP/1.0 200 - python-swiftclient-3.11.1 gAAAAABpIEX0NxMs... - 16 - txb359880a3f304e6e959a5-0069204679 - 0.0057 - - 1763722873.910545826 1763722873.916245937 0
Nov 21 11:01:13 standalone container-server[128060]: 172.20.0.100 - - [21/Nov/2025:11:01:13 +0000] "PUT /d1/1003/AUTH_0cecc8fadb4145d4bfca3c7bfba4ec48/gnocchi.14f8986f-2d92-4c8d-88c7-d7b3e92333d7/1763640000.0_mean_300.0_v3" 201 - "PUT http://172.18.0.2:8080/d1/401/AUTH_0cecc8fadb4145d4bfca3c7bfba4ec48/gnocchi.14f8986f-2d92-4c8d-88c7-d7b3e92333d7/1763640000.0_mean_300.0_v3" "txbc8685cdfd3f42499e3d3-0069204679" "object-server 22" 0.0008 "-" 20 0
Nov 21 11:01:13 standalone object-server[128266]: 172.20.0.100 - - [21/Nov/2025:11:01:13 +0000] "PUT /d1/401/AUTH_0cecc8fadb4145d4bfca3c7bfba4ec48/gnocchi.14f8986f-2d92-4c8d-88c7-d7b3e92333d7/1763640000.0_mean_300.0_v3" 201 - "PUT http://172.18.0.2:8080/v1/AUTH_0cecc8fadb4145d4bfca3c7bfba4ec48/gnocchi.14f8986f-2d92-4c8d-88c7-d7b3e92333d7/1763640000.0_mean_300.0_v3" "txbc8685cdfd3f42499e3d3-0069204679" "proxy-server 20" 0.0132 "-" 22 0
Nov 21 11:01:13 standalone proxy-server[130074]: 172.18.0.2 172.18.0.100 21/Nov/2025/11/01/13 PUT /v1/AUTH_0cecc8fadb4145d4bfca3c7bfba4ec48/gnocchi.14f8986f-2d92-4c8d-88c7-d7b3e92333d7/1763640000.0_mean_300.0_v3 HTTP/1.0 201 - python-swiftclient-3.11.1 gAAAAABpIEX0NxMs... 16 - - txbc8685cdfd3f42499e3d3-0069204679 - 0.0198 - - 1763722873.918472052 1763722873.938321114 0
Nov 21 11:01:13 standalone container-server[128060]: 172.20.0.100 - - [21/Nov/2025:11:01:13 +0000] "PUT /d1/1003/AUTH_0cecc8fadb4145d4bfca3c7bfba4ec48/gnocchi.14f8986f-2d92-4c8d-88c7-d7b3e92333d7/none_v3" 201 - "PUT http://172.18.0.2:8080/d1/476/AUTH_0cecc8fadb4145d4bfca3c7bfba4ec48/gnocchi.14f8986f-2d92-4c8d-88c7-d7b3e92333d7/none_v3" "txf102177fe8f74e32bffed-0069204679" "object-server 25" 0.0007 "-" 20 0
Nov 21 11:01:13 standalone object-server[128269]: 172.20.0.100 - - [21/Nov/2025:11:01:13 +0000] "PUT /d1/476/AUTH_0cecc8fadb4145d4bfca3c7bfba4ec48/gnocchi.14f8986f-2d92-4c8d-88c7-d7b3e92333d7/none_v3" 201 - "PUT http://172.18.0.2:8080/v1/AUTH_0cecc8fadb4145d4bfca3c7bfba4ec48/gnocchi.14f8986f-2d92-4c8d-88c7-d7b3e92333d7/none_v3" "txf102177fe8f74e32bffed-0069204679" "proxy-server 20" 0.0119 "-" 25 0
Nov 21 11:01:13 standalone proxy-server[130074]: 172.18.0.2 172.18.0.100 21/Nov/2025/11/01/13 PUT /v1/AUTH_0cecc8fadb4145d4bfca3c7bfba4ec48/gnocchi.14f8986f-2d92-4c8d-88c7-d7b3e92333d7/none_v3 HTTP/1.0 201 - python-swiftclient-3.11.1 gAAAAABpIEX0NxMs... 46 - - txf102177fe8f74e32bffed-0069204679 - 0.0180 - - 1763722873.941174507 1763722873.959149361 0
Nov 21 11:01:14 standalone account-server[127901]: 172.20.0.100 - - [21/Nov/2025:11:01:14 +0000] "HEAD /d1/537/.expiring_objects" 404 - "HEAD http://localhost/v1/.expiring_objects?format=json" "txc919698c78dd4eedb0167-006920467a" "proxy-server 2" 0.0003 "-" 15 -
Nov 21 11:01:14 standalone object-expirer[128018]: Pass completed in 0s; 0 objects expired (txn: txc919698c78dd4eedb0167-006920467a)
Nov 21 11:01:14 standalone object-server[128268]: 172.20.0.100 - - [21/Nov/2025:11:01:14 +0000] "GET /d1/476/AUTH_0cecc8fadb4145d4bfca3c7bfba4ec48/gnocchi.14f8986f-2d92-4c8d-88c7-d7b3e92333d7/none_v3" 200 46 "GET http://172.18.0.2:8080/v1/AUTH_0cecc8fadb4145d4bfca3c7bfba4ec48/gnocchi.14f8986f-2d92-4c8d-88c7-d7b3e92333d7/none_v3" "tx8b8cf6be2cee405a85fa6-006920467a" "proxy-server 20" 0.0011 "-" 24 0
Nov 21 11:01:14 standalone proxy-server[130074]: 172.18.0.2 172.18.0.100 21/Nov/2025/11/01/14 GET /v1/AUTH_0cecc8fadb4145d4bfca3c7bfba4ec48/gnocchi.14f8986f-2d92-4c8d-88c7-d7b3e92333d7/none_v3 HTTP/1.0 200 - python-swiftclient-3.11.1 gAAAAABpIEX0NxMs... - 46 - tx8b8cf6be2cee405a85fa6-006920467a - 0.0101 - - 1763722874.430811882 1763722874.440896511 0
Nov 21 11:01:14 standalone container-server[128060]: 172.20.0.100 - - [21/Nov/2025:11:01:14 +0000] "GET /d1/1003/AUTH_0cecc8fadb4145d4bfca3c7bfba4ec48/gnocchi.14f8986f-2d92-4c8d-88c7-d7b3e92333d7" 200 357 "GET http://172.18.0.2:8080/v1/AUTH_0cecc8fadb4145d4bfca3c7bfba4ec48/gnocchi.14f8986f-2d92-4c8d-88c7-d7b3e92333d7?format=json&states=listing" "tx967247d322c74e3db85f7-006920467a" "proxy-server 20" 0.0092 "-" 20 0
Nov 21 11:01:14 standalone proxy-server[130074]: 172.18.0.2 172.18.0.100 21/Nov/2025/11/01/14 GET /v1/AUTH_0cecc8fadb4145d4bfca3c7bfba4ec48/gnocchi.14f8986f-2d92-4c8d-88c7-d7b3e92333d7%3Fformat%3Djson%26states%3Dlisting HTTP/1.0 200 - python-swiftclient-3.11.1 gAAAAABpIEX0NxMs... - 357 - tx967247d322c74e3db85f7-006920467a - 0.0175 - - 1763722874.445207834 1763722874.462757587 0
Nov 21 11:01:14 standalone container-server[128060]: 172.20.0.100 - - [21/Nov/2025:11:01:14 +0000] "GET /d1/1003/AUTH_0cecc8fadb4145d4bfca3c7bfba4ec48/gnocchi.14f8986f-2d92-4c8d-88c7-d7b3e92333d7" 200 2 "GET http://172.18.0.2:8080/v1/AUTH_0cecc8fadb4145d4bfca3c7bfba4ec48/gnocchi.14f8986f-2d92-4c8d-88c7-d7b3e92333d7?format=json&marker=none_v3&states=listing" "txed6871fdc5e346948d69c-006920467a" "proxy-server 20" 0.0022 "-" 20 0
Nov 21 11:01:14 standalone proxy-server[130074]: 172.18.0.2 172.18.0.100 21/Nov/2025/11/01/14 GET /v1/AUTH_0cecc8fadb4145d4bfca3c7bfba4ec48/gnocchi.14f8986f-2d92-4c8d-88c7-d7b3e92333d7%3Fformat%3Djson%26marker%3Dnone_v3%26states%3Dlisting HTTP/1.0 200 - python-swiftclient-3.11.1 gAAAAABpIEX0NxMs... - 2 - txed6871fdc5e346948d69c-006920467a - 0.0098 - - 1763722874.466322184 1763722874.476126909 0
Nov 21 11:01:14 standalone object-server[128268]: 172.20.0.100 - - [21/Nov/2025:11:01:14 +0000] "GET /d1/401/AUTH_0cecc8fadb4145d4bfca3c7bfba4ec48/gnocchi.14f8986f-2d92-4c8d-88c7-d7b3e92333d7/1763640000.0_mean_300.0_v3" 200 16 "GET http://172.18.0.2:8080/v1/AUTH_0cecc8fadb4145d4bfca3c7bfba4ec48/gnocchi.14f8986f-2d92-4c8d-88c7-d7b3e92333d7/1763640000.0_mean_300.0_v3" "txbddb548e5591443d86bb4-006920467a" "proxy-server 20" 0.0010 "-" 24 0
Nov 21 11:01:14 standalone proxy-server[130074]: 172.18.0.2 172.18.0.100 21/Nov/2025/11/01/14 GET /v1/AUTH_0cecc8fadb4145d4bfca3c7bfba4ec48/gnocchi.14f8986f-2d92-4c8d-88c7-d7b3e92333d7/1763640000.0_mean_300.0_v3 HTTP/1.0 200 - python-swiftclient-3.11.1 gAAAAABpIEX0NxMs... - 16 - txbddb548e5591443d86bb4-006920467a - 0.0093 - - 1763722874.479881525 1763722874.489172459 0
Nov 21 11:01:14 standalone container-server[128061]: 172.20.0.100 - - [21/Nov/2025:11:01:14 +0000] "PUT /d1/1003/AUTH_0cecc8fadb4145d4bfca3c7bfba4ec48/gnocchi.14f8986f-2d92-4c8d-88c7-d7b3e92333d7/1763640000.0_mean_300.0_v3" 201 - "PUT http://172.18.0.2:8080/d1/401/AUTH_0cecc8fadb4145d4bfca3c7bfba4ec48/gnocchi.14f8986f-2d92-4c8d-88c7-d7b3e92333d7/1763640000.0_mean_300.0_v3" "tx0576760951804fcd88f65-006920467a" "object-server 22" 0.0011 "-" 21 0
Nov 21 11:01:14 standalone object-server[128266]: 172.20.0.100 - - [21/Nov/2025:11:01:14 +0000] "PUT /d1/401/AUTH_0cecc8fadb4145d4bfca3c7bfba4ec48/gnocchi.14f8986f-2d92-4c8d-88c7-d7b3e92333d7/1763640000.0_mean_300.0_v3" 201 - "PUT http://172.18.0.2:8080/v1/AUTH_0cecc8fadb4145d4bfca3c7bfba4ec48/gnocchi.14f8986f-2d92-4c8d-88c7-d7b3e92333d7/1763640000.0_mean_300.0_v3" "tx0576760951804fcd88f65-006920467a" "proxy-server 20" 0.0135 "-" 22 0
Nov 21 11:01:14 standalone proxy-server[130074]: 172.18.0.2 172.18.0.100 21/Nov/2025/11/01/14 PUT /v1/AUTH_0cecc8fadb4145d4bfca3c7bfba4ec48/gnocchi.14f8986f-2d92-4c8d-88c7-d7b3e92333d7/1763640000.0_mean_300.0_v3 HTTP/1.0 201 - python-swiftclient-3.11.1 gAAAAABpIEX0NxMs... 16 - - tx0576760951804fcd88f65-006920467a - 0.0231 - - 1763722874.492955208 1763722874.516052961 0
Nov 21 11:01:14 standalone container-server[128060]: 172.20.0.100 - - [21/Nov/2025:11:01:14 +0000] "PUT /d1/1003/AUTH_0cecc8fadb4145d4bfca3c7bfba4ec48/gnocchi.14f8986f-2d92-4c8d-88c7-d7b3e92333d7/none_v3" 201 - "PUT http://172.18.0.2:8080/d1/476/AUTH_0cecc8fadb4145d4bfca3c7bfba4ec48/gnocchi.14f8986f-2d92-4c8d-88c7-d7b3e92333d7/none_v3" "txca4318a4d6e44a6a9078a-006920467a" "object-server 23" 0.0008 "-" 20 0
Nov 21 11:01:14 standalone object-server[128267]: 172.20.0.100 - - [21/Nov/2025:11:01:14 +0000] "PUT /d1/476/AUTH_0cecc8fadb4145d4bfca3c7bfba4ec48/gnocchi.14f8986f-2d92-4c8d-88c7-d7b3e92333d7/none_v3" 201 - "PUT http://172.18.0.2:8080/v1/AUTH_0cecc8fadb4145d4bfca3c7bfba4ec48/gnocchi.14f8986f-2d92-4c8d-88c7-d7b3e92333d7/none_v3" "txca4318a4d6e44a6a9078a-006920467a" "proxy-server 20" 0.0124 "-" 23 0
Nov 21 11:01:14 standalone proxy-server[130074]: 172.18.0.2 172.18.0.100 21/Nov/2025/11/01/14 PUT /v1/AUTH_0cecc8fadb4145d4bfca3c7bfba4ec48/gnocchi.14f8986f-2d92-4c8d-88c7-d7b3e92333d7/none_v3 HTTP/1.0 201 - python-swiftclient-3.11.1 gAAAAABpIEX0NxMs... 51 - - txca4318a4d6e44a6a9078a-006920467a - 0.0209 - - 1763722874.521161318 1763722874.542026281 0
Nov 21 11:01:17 standalone container-server[128060]: 172.20.0.100 - - [21/Nov/2025:11:01:17 +0000] "HEAD /d1/1018/AUTH_0cecc8fadb4145d4bfca3c7bfba4ec48/gnocchi.d19c0463-cabb-4d68-8138-9dc54cfbf692" 404 - "HEAD http://172.18.0.2:8080/v1/AUTH_0cecc8fadb4145d4bfca3c7bfba4ec48/gnocchi.d19c0463-cabb-4d68-8138-9dc54cfbf692?format=json&states=listing" "txf8c91409f3054df0985c5-006920467d" "proxy-server 20" 0.0006 "-" 20 0
Nov 21 11:01:17 standalone object-server[128268]: 172.20.0.100 - - [21/Nov/2025:11:01:17 +0000] "GET /d1/1023/AUTH_0cecc8fadb4145d4bfca3c7bfba4ec48/gnocchi.d19c0463-cabb-4d68-8138-9dc54cfbf692/none_v3" 404 70 "GET http://172.18.0.2:8080/v1/AUTH_0cecc8fadb4145d4bfca3c7bfba4ec48/gnocchi.d19c0463-cabb-4d68-8138-9dc54cfbf692/none_v3" "txf8c91409f3054df0985c5-006920467d" "proxy-server 20" 0.0006 "-" 24 0
Nov 21 11:01:17 standalone proxy-server[130074]: 172.18.0.2 172.18.0.100 21/Nov/2025/11/01/17 GET /v1/AUTH_0cecc8fadb4145d4bfca3c7bfba4ec48/gnocchi.d19c0463-cabb-4d68-8138-9dc54cfbf692/none_v3 HTTP/1.0 404 - python-swiftclient-3.11.1 gAAAAABpIEX0NxMs... - 70 - txf8c91409f3054df0985c5-006920467d - 0.0095 - - 1763722877.549618721 1763722877.559069395 0
Nov 21 11:01:17 standalone account-server[127915]: 172.20.0.100 - - [21/Nov/2025:11:01:17 +0000] "PUT /d1/995/AUTH_0cecc8fadb4145d4bfca3c7bfba4ec48/gnocchi.d19c0463-cabb-4d68-8138-9dc54cfbf692" 201 - "PUT http://172.20.0.100:6001/d1/1018/AUTH_0cecc8fadb4145d4bfca3c7bfba4ec48/gnocchi.d19c0463-cabb-4d68-8138-9dc54cfbf692" "txf4c2944f4ca14cfdb06fd-006920467d" "container-server 21" 0.0013 "-" 16 0
Nov 21 11:01:17 standalone container-server[128061]: 172.20.0.100 - - [21/Nov/2025:11:01:17 +0000] "PUT /d1/1018/AUTH_0cecc8fadb4145d4bfca3c7bfba4ec48/gnocchi.d19c0463-cabb-4d68-8138-9dc54cfbf692" 201 - "PUT http://172.18.0.2:8080/v1/AUTH_0cecc8fadb4145d4bfca3c7bfba4ec48/gnocchi.d19c0463-cabb-4d68-8138-9dc54cfbf692" "txf4c2944f4ca14cfdb06fd-006920467d" "proxy-server 20" 0.0126 "-" 21 0
Nov 21 11:01:17 standalone proxy-server[130074]: 172.18.0.2 172.18.0.100 21/Nov/2025/11/01/17 PUT /v1/AUTH_0cecc8fadb4145d4bfca3c7bfba4ec48/gnocchi.d19c0463-cabb-4d68-8138-9dc54cfbf692 HTTP/1.0 201 - python-swiftclient-3.11.1 gAAAAABpIEX0NxMs... - - - txf4c2944f4ca14cfdb06fd-006920467d - 0.0165 - - 1763722877.562050343 1763722877.578555107 0
Nov 21 11:01:17 standalone container-server[128066]: 172.20.0.100 - - [21/Nov/2025:11:01:17 +0000] "HEAD /d1/1018/AUTH_0cecc8fadb4145d4bfca3c7bfba4ec48/gnocchi.d19c0463-cabb-4d68-8138-9dc54cfbf692" 204 - "HEAD http://172.18.0.2:8080/v1/AUTH_0cecc8fadb4145d4bfca3c7bfba4ec48/gnocchi.d19c0463-cabb-4d68-8138-9dc54cfbf692?format=json&states=listing" "tx5ce71e469e85467fa49f2-006920467d" "proxy-server 20" 0.0012 "-" 23 0
Nov 21 11:01:17 standalone proxy-server[130074]: - - 21/Nov/2025/11/01/17 HEAD /v1/AUTH_0cecc8fadb4145d4bfca3c7bfba4ec48/gnocchi.d19c0463-cabb-4d68-8138-9dc54cfbf692%3Fformat%3Djson%26states%3Dlisting HTTP/1.0 204 - Swift - - - - tx5ce71e469e85467fa49f2-006920467d - 0.0040 RL - 1763722877.582935095 1763722877.586904287 0
Nov 21 11:01:17 standalone container-server[128061]: 172.20.0.100 - - [21/Nov/2025:11:01:17 +0000] "GET /d1/1018/AUTH_0cecc8fadb4145d4bfca3c7bfba4ec48/gnocchi.d19c0463-cabb-4d68-8138-9dc54cfbf692" 200 2 "GET http://172.18.0.2:8080/v1/AUTH_0cecc8fadb4145d4bfca3c7bfba4ec48/gnocchi.d19c0463-cabb-4d68-8138-9dc54cfbf692?format=json&states=listing" "tx5ce71e469e85467fa49f2-006920467d" "proxy-server 20" 0.0019 "-" 21 0
Nov 21 11:01:17 standalone proxy-server[130074]: 172.18.0.2 172.18.0.100 21/Nov/2025/11/01/17 GET /v1/AUTH_0cecc8fadb4145d4bfca3c7bfba4ec48/gnocchi.d19c0463-cabb-4d68-8138-9dc54cfbf692%3Fformat%3Djson%26states%3Dlisting HTTP/1.0 200 - python-swiftclient-3.11.1 gAAAAABpIEX0NxMs... - 2 - tx5ce71e469e85467fa49f2-006920467d - 0.0113 - - 1763722877.581528902 1763722877.592844725 0
Nov 21 11:01:17 standalone object-server[128269]: 172.20.0.100 - - [21/Nov/2025:11:01:17 +0000] "GET /d1/111/AUTH_0cecc8fadb4145d4bfca3c7bfba4ec48/gnocchi.d19c0463-cabb-4d68-8138-9dc54cfbf692/1763640000.0_mean_300.0_v3" 404 70 "GET http://172.18.0.2:8080/v1/AUTH_0cecc8fadb4145d4bfca3c7bfba4ec48/gnocchi.d19c0463-cabb-4d68-8138-9dc54cfbf692/1763640000.0_mean_300.0_v3" "tx403d2eb9a4d0439296efc-006920467d" "proxy-server 20" 0.0005 "-" 25 0
Nov 21 11:01:17 standalone proxy-server[130074]: 172.18.0.2 172.18.0.100 21/Nov/2025/11/01/17 GET /v1/AUTH_0cecc8fadb4145d4bfca3c7bfba4ec48/gnocchi.d19c0463-cabb-4d68-8138-9dc54cfbf692/1763640000.0_mean_300.0_v3 HTTP/1.0 404 - python-swiftclient-3.11.1 gAAAAABpIEX0NxMs... - 70 - tx403d2eb9a4d0439296efc-006920467d - 0.0047 - - 1763722877.604284048 1763722877.608984470 0
Nov 21 11:01:17 standalone container-server[128061]: 172.20.0.100 - - [21/Nov/2025:11:01:17 +0000] "PUT /d1/1018/AUTH_0cecc8fadb4145d4bfca3c7bfba4ec48/gnocchi.d19c0463-cabb-4d68-8138-9dc54cfbf692/1763640000.0_mean_300.0_v3" 201 - "PUT http://172.18.0.2:8080/d1/111/AUTH_0cecc8fadb4145d4bfca3c7bfba4ec48/gnocchi.d19c0463-cabb-4d68-8138-9dc54cfbf692/1763640000.0_mean_300.0_v3" "tx203ff27873e645d188852-006920467d" "object-server 22" 0.0008 "-" 21 0
Nov 21 11:01:17 standalone object-server[128266]: 172.20.0.100 - - [21/Nov/2025:11:01:17 +0000] "PUT /d1/111/AUTH_0cecc8fadb4145d4bfca3c7bfba4ec48/gnocchi.d19c0463-cabb-4d68-8138-9dc54cfbf692/1763640000.0_mean_300.0_v3" 201 - "PUT http://172.18.0.2:8080/v1/AUTH_0cecc8fadb4145d4bfca3c7bfba4ec48/gnocchi.d19c0463-cabb-4d68-8138-9dc54cfbf692/1763640000.0_mean_300.0_v3" "tx203ff27873e645d188852-006920467d" "proxy-server 20" 0.0163 "-" 22 0
Nov 21 11:01:17 standalone proxy-server[130074]: 172.18.0.2 172.18.0.100 21/Nov/2025/11/01/17 PUT /v1/AUTH_0cecc8fadb4145d4bfca3c7bfba4ec48/gnocchi.d19c0463-cabb-4d68-8138-9dc54cfbf692/1763640000.0_mean_300.0_v3 HTTP/1.0 201 - python-swiftclient-3.11.1 gAAAAABpIEX0NxMs... 16 - - tx203ff27873e645d188852-006920467d - 0.0223 - - 1763722877.611350536 1763722877.633611679 0
Nov 21 11:01:17 standalone container-server[128062]: 172.20.0.100 - - [21/Nov/2025:11:01:17 +0000] "PUT /d1/1018/AUTH_0cecc8fadb4145d4bfca3c7bfba4ec48/gnocchi.d19c0463-cabb-4d68-8138-9dc54cfbf692/none_v3" 201 - "PUT http://172.18.0.2:8080/d1/1023/AUTH_0cecc8fadb4145d4bfca3c7bfba4ec48/gnocchi.d19c0463-cabb-4d68-8138-9dc54cfbf692/none_v3" "tx1b5f1c1d099e4b9285991-006920467d" "object-server 22" 0.0005 "-" 22 0
Nov 21 11:01:17 standalone object-server[128266]: 172.20.0.100 - - [21/Nov/2025:11:01:17 +0000] "PUT /d1/1023/AUTH_0cecc8fadb4145d4bfca3c7bfba4ec48/gnocchi.d19c0463-cabb-4d68-8138-9dc54cfbf692/none_v3" 201 - "PUT http://172.18.0.2:8080/v1/AUTH_0cecc8fadb4145d4bfca3c7bfba4ec48/gnocchi.d19c0463-cabb-4d68-8138-9dc54cfbf692/none_v3" "tx1b5f1c1d099e4b9285991-006920467d" "proxy-server 20" 0.0094 "-" 22 0
Nov 21 11:01:17 standalone proxy-server[130074]: 172.18.0.2 172.18.0.100 21/Nov/2025/11/01/17 PUT /v1/AUTH_0cecc8fadb4145d4bfca3c7bfba4ec48/gnocchi.d19c0463-cabb-4d68-8138-9dc54cfbf692/none_v3 HTTP/1.0 201 - python-swiftclient-3.11.1 gAAAAABpIEX0NxMs... 22 - - tx1b5f1c1d099e4b9285991-006920467d - 0.0149 - - 1763722877.636437416 1763722877.651289940 0
Nov 21 11:01:17 standalone container-server[128062]: 172.20.0.100 - - [21/Nov/2025:11:01:17 +0000] "HEAD /d1/155/AUTH_0cecc8fadb4145d4bfca3c7bfba4ec48/gnocchi.1e106d76-4b4a-495b-a388-ba3df1590c1a" 404 - "HEAD http://172.18.0.2:8080/v1/AUTH_0cecc8fadb4145d4bfca3c7bfba4ec48/gnocchi.1e106d76-4b4a-495b-a388-ba3df1590c1a?format=json&states=listing" "tx8640c171368b4c4299de7-006920467d" "proxy-server 20" 0.0002 "-" 22 0
Nov 21 11:01:17 standalone object-server[128269]: 172.20.0.100 - - [21/Nov/2025:11:01:17 +0000] "GET /d1/540/AUTH_0cecc8fadb4145d4bfca3c7bfba4ec48/gnocchi.1e106d76-4b4a-495b-a388-ba3df1590c1a/none_v3" 404 70 "GET http://172.18.0.2:8080/v1/AUTH_0cecc8fadb4145d4bfca3c7bfba4ec48/gnocchi.1e106d76-4b4a-495b-a388-ba3df1590c1a/none_v3" "tx8640c171368b4c4299de7-006920467d" "proxy-server 20" 0.0003 "-" 25 0
Nov 21 11:01:17 standalone proxy-server[130074]: 172.18.0.2 172.18.0.100 21/Nov/2025/11/01/17 GET /v1/AUTH_0cecc8fadb4145d4bfca3c7bfba4ec48/gnocchi.1e106d76-4b4a-495b-a388-ba3df1590c1a/none_v3 HTTP/1.0 404 - python-swiftclient-3.11.1 gAAAAABpIEX0NxMs... - 70 - tx8640c171368b4c4299de7-006920467d - 0.0078 - - 1763722877.661012888 1763722877.668778181 0
Nov 21 11:01:17 standalone account-server[127889]: 172.20.0.100 - - [21/Nov/2025:11:01:17 +0000] "PUT /d1/995/AUTH_0cecc8fadb4145d4bfca3c7bfba4ec48/gnocchi.1e106d76-4b4a-495b-a388-ba3df1590c1a" 201 - "PUT http://172.20.0.100:6001/d1/155/AUTH_0cecc8fadb4145d4bfca3c7bfba4ec48/gnocchi.1e106d76-4b4a-495b-a388-ba3df1590c1a" "tx4d8e758bbf2d46a8b4e24-006920467d" "container-server 22" 0.0051 "-" 14 0
Nov 21 11:01:17 standalone container-server[128062]: 172.20.0.100 - - [21/Nov/2025:11:01:17 +0000] "PUT /d1/155/AUTH_0cecc8fadb4145d4bfca3c7bfba4ec48/gnocchi.1e106d76-4b4a-495b-a388-ba3df1590c1a" 201 - "PUT http://172.18.0.2:8080/v1/AUTH_0cecc8fadb4145d4bfca3c7bfba4ec48/gnocchi.1e106d76-4b4a-495b-a388-ba3df1590c1a" "tx4d8e758bbf2d46a8b4e24-006920467d" "proxy-server 20" 0.0155 "-" 22 0
Nov 21 11:01:17 standalone proxy-server[130074]: 172.18.0.2 172.18.0.100 21/Nov/2025/11/01/17 PUT /v1/AUTH_0cecc8fadb4145d4bfca3c7bfba4ec48/gnocchi.1e106d76-4b4a-495b-a388-ba3df1590c1a HTTP/1.0 201 - python-swiftclient-3.11.1 gAAAAABpIEX0NxMs... - - - tx4d8e758bbf2d46a8b4e24-006920467d - 0.0209 - - 1763722877.672003031 1763722877.692865133 0
Nov 21 11:01:17 standalone container-server[128066]: 172.20.0.100 - - [21/Nov/2025:11:01:17 +0000] "HEAD /d1/155/AUTH_0cecc8fadb4145d4bfca3c7bfba4ec48/gnocchi.1e106d76-4b4a-495b-a388-ba3df1590c1a" 204 - "HEAD http://172.18.0.2:8080/v1/AUTH_0cecc8fadb4145d4bfca3c7bfba4ec48/gnocchi.1e106d76-4b4a-495b-a388-ba3df1590c1a?format=json&states=listing" "txe4a1f3d8b78041d9b9db4-006920467d" "proxy-server 20" 0.0023 "-" 23 0
Nov 21 11:01:17 standalone proxy-server[130074]: - - 21/Nov/2025/11/01/17 HEAD /v1/AUTH_0cecc8fadb4145d4bfca3c7bfba4ec48/gnocchi.1e106d76-4b4a-495b-a388-ba3df1590c1a%3Fformat%3Djson%26states%3Dlisting HTTP/1.0 204 - Swift - - - - txe4a1f3d8b78041d9b9db4-006920467d - 0.0072 RL - 1763722877.697407722 1763722877.704592466 0
Nov 21 11:01:17 standalone container-server[128062]: 172.20.0.100 - - [21/Nov/2025:11:01:17 +0000] "GET /d1/155/AUTH_0cecc8fadb4145d4bfca3c7bfba4ec48/gnocchi.1e106d76-4b4a-495b-a388-ba3df1590c1a" 200 2 "GET http://172.18.0.2:8080/v1/AUTH_0cecc8fadb4145d4bfca3c7bfba4ec48/gnocchi.1e106d76-4b4a-495b-a388-ba3df1590c1a?format=json&states=listing" "txe4a1f3d8b78041d9b9db4-006920467d" "proxy-server 20" 0.0024 "-" 22 0
Nov 21 11:01:17 standalone proxy-server[130074]: 172.18.0.2 172.18.0.100 21/Nov/2025/11/01/17 GET /v1/AUTH_0cecc8fadb4145d4bfca3c7bfba4ec48/gnocchi.1e106d76-4b4a-495b-a388-ba3df1590c1a%3Fformat%3Djson%26states%3Dlisting HTTP/1.0 200 - python-swiftclient-3.11.1 gAAAAABpIEX0NxMs... - 2 - txe4a1f3d8b78041d9b9db4-006920467d - 0.0186 - - 1763722877.695951700 1763722877.714511871 0
Nov 21 11:01:17 standalone object-server[128267]: 172.20.0.100 - - [21/Nov/2025:11:01:17 +0000] "GET /d1/984/AUTH_0cecc8fadb4145d4bfca3c7bfba4ec48/gnocchi.1e106d76-4b4a-495b-a388-ba3df1590c1a/1763640000.0_mean_300.0_v3" 404 70 "GET http://172.18.0.2:8080/v1/AUTH_0cecc8fadb4145d4bfca3c7bfba4ec48/gnocchi.1e106d76-4b4a-495b-a388-ba3df1590c1a/1763640000.0_mean_300.0_v3" "tx02c9d3473b8e4d06b59f1-006920467d" "proxy-server 20" 0.0004 "-" 23 0
Nov 21 11:01:17 standalone proxy-server[130074]: 172.18.0.2 172.18.0.100 21/Nov/2025/11/01/17 GET /v1/AUTH_0cecc8fadb4145d4bfca3c7bfba4ec48/gnocchi.1e106d76-4b4a-495b-a388-ba3df1590c1a/1763640000.0_mean_300.0_v3 HTTP/1.0 404 - python-swiftclient-3.11.1 gAAAAABpIEX0NxMs... - 70 - tx02c9d3473b8e4d06b59f1-006920467d - 0.0069 - - 1763722877.718261957 1763722877.725168943 0
Nov 21 11:01:17 standalone container-server[128060]: 172.20.0.100 - - [21/Nov/2025:11:01:17 +0000] "PUT /d1/155/AUTH_0cecc8fadb4145d4bfca3c7bfba4ec48/gnocchi.1e106d76-4b4a-495b-a388-ba3df1590c1a/1763640000.0_mean_300.0_v3" 201 - "PUT http://172.18.0.2:8080/d1/984/AUTH_0cecc8fadb4145d4bfca3c7bfba4ec48/gnocchi.1e106d76-4b4a-495b-a388-ba3df1590c1a/1763640000.0_mean_300.0_v3" "tx467eca4f96bc4eb0bbe76-006920467d" "object-server 22" 0.0009 "-" 20 0
Nov 21 11:01:17 standalone object-server[128266]: 172.20.0.100 - - [21/Nov/2025:11:01:17 +0000] "PUT /d1/984/AUTH_0cecc8fadb4145d4bfca3c7bfba4ec48/gnocchi.1e106d76-4b4a-495b-a388-ba3df1590c1a/1763640000.0_mean_300.0_v3" 201 - "PUT http://172.18.0.2:8080/v1/AUTH_0cecc8fadb4145d4bfca3c7bfba4ec48/gnocchi.1e106d76-4b4a-495b-a388-ba3df1590c1a/1763640000.0_mean_300.0_v3" "tx467eca4f96bc4eb0bbe76-006920467d" "proxy-server 20" 0.0119 "-" 22 0
Nov 21 11:01:17 standalone proxy-server[130074]: 172.18.0.2 172.18.0.100 21/Nov/2025/11/01/17 PUT /v1/AUTH_0cecc8fadb4145d4bfca3c7bfba4ec48/gnocchi.1e106d76-4b4a-495b-a388-ba3df1590c1a/1763640000.0_mean_300.0_v3 HTTP/1.0 201 - python-swiftclient-3.11.1 gAAAAABpIEX0NxMs... 16 - - tx467eca4f96bc4eb0bbe76-006920467d - 0.0189 - - 1763722877.728916645 1763722877.747812510 0
Nov 21 11:01:17 standalone container-server[128061]: 172.20.0.100 - - [21/Nov/2025:11:01:17 +0000] "PUT /d1/155/AUTH_0cecc8fadb4145d4bfca3c7bfba4ec48/gnocchi.1e106d76-4b4a-495b-a388-ba3df1590c1a/none_v3" 201 - "PUT http://172.18.0.2:8080/d1/540/AUTH_0cecc8fadb4145d4bfca3c7bfba4ec48/gnocchi.1e106d76-4b4a-495b-a388-ba3df1590c1a/none_v3" "tx39fa26ca7bb74f8cb8268-006920467d" "object-server 22" 0.0006 "-" 21 0
Nov 21 11:01:17 standalone object-server[128266]: 172.20.0.100 - - [21/Nov/2025:11:01:17 +0000] "PUT /d1/540/AUTH_0cecc8fadb4145d4bfca3c7bfba4ec48/gnocchi.1e106d76-4b4a-495b-a388-ba3df1590c1a/none_v3" 201 - "PUT http://172.18.0.2:8080/v1/AUTH_0cecc8fadb4145d4bfca3c7bfba4ec48/gnocchi.1e106d76-4b4a-495b-a388-ba3df1590c1a/none_v3" "tx39fa26ca7bb74f8cb8268-006920467d" "proxy-server 20" 0.0091 "-" 22 0
Nov 21 11:01:17 standalone proxy-server[130074]: 172.18.0.2 172.18.0.100 21/Nov/2025/11/01/17 PUT /v1/AUTH_0cecc8fadb4145d4bfca3c7bfba4ec48/gnocchi.1e106d76-4b4a-495b-a388-ba3df1590c1a/none_v3 HTTP/1.0 201 - python-swiftclient-3.11.1 gAAAAABpIEX0NxMs... 22 - - tx39fa26ca7bb74f8cb8268-006920467d - 0.0162 - - 1763722877.751265526 1763722877.767471313 0
Nov 21 11:01:17 standalone container-server[128066]: 172.20.0.100 - - [21/Nov/2025:11:01:17 +0000] "HEAD /d1/703/AUTH_0cecc8fadb4145d4bfca3c7bfba4ec48/gnocchi.b88f64fd-2d4c-4ff5-b74c-e17cdea2188f" 404 - "HEAD http://172.18.0.2:8080/v1/AUTH_0cecc8fadb4145d4bfca3c7bfba4ec48/gnocchi.b88f64fd-2d4c-4ff5-b74c-e17cdea2188f?format=json&states=listing" "txa94e4aece054454ab40a9-006920467d" "proxy-server 20" 0.0006 "-" 23 0
Nov 21 11:01:17 standalone object-server[128268]: 172.20.0.100 - - [21/Nov/2025:11:01:17 +0000] "GET /d1/708/AUTH_0cecc8fadb4145d4bfca3c7bfba4ec48/gnocchi.b88f64fd-2d4c-4ff5-b74c-e17cdea2188f/none_v3" 404 70 "GET http://172.18.0.2:8080/v1/AUTH_0cecc8fadb4145d4bfca3c7bfba4ec48/gnocchi.b88f64fd-2d4c-4ff5-b74c-e17cdea2188f/none_v3" "txa94e4aece054454ab40a9-006920467d" "proxy-server 20" 0.0005 "-" 24 0
Nov 21 11:01:17 standalone proxy-server[130074]: 172.18.0.2 172.18.0.100 21/Nov/2025/11/01/17 GET /v1/AUTH_0cecc8fadb4145d4bfca3c7bfba4ec48/gnocchi.b88f64fd-2d4c-4ff5-b74c-e17cdea2188f/none_v3 HTTP/1.0 404 - python-swiftclient-3.11.1 gAAAAABpIEX0NxMs... - 70 - txa94e4aece054454ab40a9-006920467d - 0.0114 - - 1763722877.782995224 1763722877.794373751 0
Nov 21 11:01:17 standalone account-server[127901]: 172.20.0.100 - - [21/Nov/2025:11:01:17 +0000] "PUT /d1/995/AUTH_0cecc8fadb4145d4bfca3c7bfba4ec48/gnocchi.b88f64fd-2d4c-4ff5-b74c-e17cdea2188f" 201 - "PUT http://172.20.0.100:6001/d1/703/AUTH_0cecc8fadb4145d4bfca3c7bfba4ec48/gnocchi.b88f64fd-2d4c-4ff5-b74c-e17cdea2188f" "tx4c1a69acf3594c9788dfe-006920467d" "container-server 23" 0.0085 "-" 15 0
Nov 21 11:01:17 standalone container-server[128066]: 172.20.0.100 - - [21/Nov/2025:11:01:17 +0000] "PUT /d1/703/AUTH_0cecc8fadb4145d4bfca3c7bfba4ec48/gnocchi.b88f64fd-2d4c-4ff5-b74c-e17cdea2188f" 201 - "PUT http://172.18.0.2:8080/v1/AUTH_0cecc8fadb4145d4bfca3c7bfba4ec48/gnocchi.b88f64fd-2d4c-4ff5-b74c-e17cdea2188f" "tx4c1a69acf3594c9788dfe-006920467d" "proxy-server 20" 0.0236 "-" 23 0
Nov 21 11:01:17 standalone proxy-server[130074]: 172.18.0.2 172.18.0.100 21/Nov/2025/11/01/17 PUT /v1/AUTH_0cecc8fadb4145d4bfca3c7bfba4ec48/gnocchi.b88f64fd-2d4c-4ff5-b74c-e17cdea2188f HTTP/1.0 201 - python-swiftclient-3.11.1 gAAAAABpIEX0NxMs... - - - tx4c1a69acf3594c9788dfe-006920467d - 0.0293 - - 1763722877.798035622 1763722877.827366590 0
Nov 21 11:01:17 standalone container-server[128061]: 172.20.0.100 - - [21/Nov/2025:11:01:17 +0000] "HEAD /d1/703/AUTH_0cecc8fadb4145d4bfca3c7bfba4ec48/gnocchi.b88f64fd-2d4c-4ff5-b74c-e17cdea2188f" 204 - "HEAD http://172.18.0.2:8080/v1/AUTH_0cecc8fadb4145d4bfca3c7bfba4ec48/gnocchi.b88f64fd-2d4c-4ff5-b74c-e17cdea2188f?format=json&states=listing" "txeaa8e3cd53a04f6badd70-006920467d" "proxy-server 20" 0.0020 "-" 21 0
Nov 21 11:01:17 standalone proxy-server[130074]: - - 21/Nov/2025/11/01/17 HEAD /v1/AUTH_0cecc8fadb4145d4bfca3c7bfba4ec48/gnocchi.b88f64fd-2d4c-4ff5-b74c-e17cdea2188f%3Fformat%3Djson%26states%3Dlisting HTTP/1.0 204 - Swift - - - - txeaa8e3cd53a04f6badd70-006920467d - 0.0064 RL - 1763722877.836479902 1763722877.842883825 0
Nov 21 11:01:17 standalone container-server[128060]: 172.20.0.100 - - [21/Nov/2025:11:01:17 +0000] "GET /d1/703/AUTH_0cecc8fadb4145d4bfca3c7bfba4ec48/gnocchi.b88f64fd-2d4c-4ff5-b74c-e17cdea2188f" 200 2 "GET http://172.18.0.2:8080/v1/AUTH_0cecc8fadb4145d4bfca3c7bfba4ec48/gnocchi.b88f64fd-2d4c-4ff5-b74c-e17cdea2188f?format=json&states=listing" "txeaa8e3cd53a04f6badd70-006920467d" "proxy-server 20" 0.0021 "-" 20 0
Nov 21 11:01:17 standalone proxy-server[130074]: 172.18.0.2 172.18.0.100 21/Nov/2025/11/01/17 GET /v1/AUTH_0cecc8fadb4145d4bfca3c7bfba4ec48/gnocchi.b88f64fd-2d4c-4ff5-b74c-e17cdea2188f%3Fformat%3Djson%26states%3Dlisting HTTP/1.0 200 - python-swiftclient-3.11.1 gAAAAABpIEX0NxMs... - 2 - txeaa8e3cd53a04f6badd70-006920467d - 0.0179 - - 1763722877.834557533 1763722877.852409840 0
Nov 21 11:01:17 standalone object-server[128266]: 172.20.0.100 - - [21/Nov/2025:11:01:17 +0000] "GET /d1/333/AUTH_0cecc8fadb4145d4bfca3c7bfba4ec48/gnocchi.b88f64fd-2d4c-4ff5-b74c-e17cdea2188f/1763640000.0_mean_300.0_v3" 404 70 "GET http://172.18.0.2:8080/v1/AUTH_0cecc8fadb4145d4bfca3c7bfba4ec48/gnocchi.b88f64fd-2d4c-4ff5-b74c-e17cdea2188f/1763640000.0_mean_300.0_v3" "txf894fa1cd34b4f57a6ddf-006920467d" "proxy-server 20" 0.0007 "-" 22 0
