2025-10-14 07:47:53.514 22 DEBUG neutron.plugins.ml2.plugin [req-cd4b3263-3d55-419b-8ff9-837a63d90fc3 - - - - -] Port 80858162-290f-4c90-93e1-c5dd54996484 cannot update to ACTIVE because it is not bound. _port_provisioned /usr/lib/python3.9/site-packages/neutron/plugins/ml2/plugin.py:353
2025-10-14 07:47:54.637 17 DEBUG neutron.wsgi [-] (17) accepted ('192.168.122.100', 59582) server /usr/lib/python3.9/site-packages/eventlet/wsgi.py:992
2025-10-14 07:47:55.017 17 DEBUG neutron.pecan_wsgi.hooks.policy_enforcement [req-00d1a1ff-0624-4f0c-a453-ce8e87a78cae 45eae6a3ee6a4c7fa94c0ee3e7618612 0099d4faab4a48678343bed21f68e0b4 - default default] Attributes excluded by policy engine: ['standard_attr_id', 'vlan_transparent'] _exclude_attributes_by_policy /usr/lib/python3.9/site-packages/neutron/pecan_wsgi/hooks/policy_enforcement.py:259
2025-10-14 07:47:55.017 17 DEBUG neutron.pecan_wsgi.hooks.policy_enforcement [req-00d1a1ff-0624-4f0c-a453-ce8e87a78cae 45eae6a3ee6a4c7fa94c0ee3e7618612 0099d4faab4a48678343bed21f68e0b4 - default default] Attributes excluded by policy engine: ['standard_attr_id', 'vlan_transparent'] _exclude_attributes_by_policy /usr/lib/python3.9/site-packages/neutron/pecan_wsgi/hooks/policy_enforcement.py:259
2025-10-14 07:47:55.017 17 DEBUG neutron.pecan_wsgi.hooks.policy_enforcement [req-00d1a1ff-0624-4f0c-a453-ce8e87a78cae 45eae6a3ee6a4c7fa94c0ee3e7618612 0099d4faab4a48678343bed21f68e0b4 - default default] Attributes excluded by policy engine: ['standard_attr_id', 'vlan_transparent'] _exclude_attributes_by_policy /usr/lib/python3.9/site-packages/neutron/pecan_wsgi/hooks/policy_enforcement.py:259
2025-10-14 07:47:55.018 17 DEBUG neutron.pecan_wsgi.hooks.policy_enforcement [req-00d1a1ff-0624-4f0c-a453-ce8e87a78cae 45eae6a3ee6a4c7fa94c0ee3e7618612 0099d4faab4a48678343bed21f68e0b4 - default default] Attributes excluded by policy engine: ['standard_attr_id', 'vlan_transparent'] _exclude_attributes_by_policy /usr/lib/python3.9/site-packages/neutron/pecan_wsgi/hooks/policy_enforcement.py:259
2025-10-14 07:47:55.018 17 DEBUG neutron.pecan_wsgi.hooks.policy_enforcement [req-00d1a1ff-0624-4f0c-a453-ce8e87a78cae 45eae6a3ee6a4c7fa94c0ee3e7618612 0099d4faab4a48678343bed21f68e0b4 - default default] Attributes excluded by policy engine: ['standard_attr_id', 'vlan_transparent'] _exclude_attributes_by_policy /usr/lib/python3.9/site-packages/neutron/pecan_wsgi/hooks/policy_enforcement.py:259
2025-10-14 07:47:55.018 17 DEBUG neutron.pecan_wsgi.hooks.policy_enforcement [req-00d1a1ff-0624-4f0c-a453-ce8e87a78cae 45eae6a3ee6a4c7fa94c0ee3e7618612 0099d4faab4a48678343bed21f68e0b4 - default default] Attributes excluded by policy engine: ['standard_attr_id', 'vlan_transparent'] _exclude_attributes_by_policy /usr/lib/python3.9/site-packages/neutron/pecan_wsgi/hooks/policy_enforcement.py:259
2025-10-14 07:47:55.019 17 INFO neutron.wsgi [req-00d1a1ff-0624-4f0c-a453-ce8e87a78cae 45eae6a3ee6a4c7fa94c0ee3e7618612 0099d4faab4a48678343bed21f68e0b4 - default default] 192.168.122.100 "GET /v2.0/networks HTTP/1.1" status: 200 len: 5173 time: 0.3808091
2025-10-14 07:47:55.045 17 DEBUG neutron.pecan_wsgi.hooks.policy_enforcement [req-3274eb5f-d63f-4730-8f09-1d0fc4ca00f3 45eae6a3ee6a4c7fa94c0ee3e7618612 0099d4faab4a48678343bed21f68e0b4 - default default] Attributes excluded by policy engine: ['standard_attr_id', 'shared'] _exclude_attributes_by_policy /usr/lib/python3.9/site-packages/neutron/pecan_wsgi/hooks/policy_enforcement.py:259
2025-10-14 07:47:55.046 17 INFO neutron.wsgi [req-3274eb5f-d63f-4730-8f09-1d0fc4ca00f3 45eae6a3ee6a4c7fa94c0ee3e7618612 0099d4faab4a48678343bed21f68e0b4 - default default] 192.168.122.100 "GET /v2.0/subnets?network_id=078b5317-5d2a-49be-ba87-48853834e153 HTTP/1.1" status: 200 len: 869 time: 0.0216506
2025-10-14 07:47:55.072 17 DEBUG neutron.pecan_wsgi.hooks.policy_enforcement [req-47e44f5d-2ed0-4050-8989-2a66377362d3 45eae6a3ee6a4c7fa94c0ee3e7618612 0099d4faab4a48678343bed21f68e0b4 - default default] Attributes excluded by policy engine: ['standard_attr_id', 'shared'] _exclude_attributes_by_policy /usr/lib/python3.9/site-packages/neutron/pecan_wsgi/hooks/policy_enforcement.py:259
2025-10-14 07:47:55.072 17 INFO neutron.wsgi [req-47e44f5d-2ed0-4050-8989-2a66377362d3 45eae6a3ee6a4c7fa94c0ee3e7618612 0099d4faab4a48678343bed21f68e0b4 - default default] 192.168.122.100 "GET /v2.0/subnets?network_id=4f7319d1-c184-4672-b320-4f461f7d7cf8 HTTP/1.1" status: 200 len: 891 time: 0.0209973
2025-10-14 07:47:55.102 17 DEBUG neutron.pecan_wsgi.hooks.policy_enforcement [req-3a236c15-afd8-41be-a95e-acb95d3986ff 45eae6a3ee6a4c7fa94c0ee3e7618612 0099d4faab4a48678343bed21f68e0b4 - default default] Attributes excluded by policy engine: ['standard_attr_id', 'shared'] _exclude_attributes_by_policy /usr/lib/python3.9/site-packages/neutron/pecan_wsgi/hooks/policy_enforcement.py:259
2025-10-14 07:47:55.103 17 INFO neutron.wsgi [req-3a236c15-afd8-41be-a95e-acb95d3986ff 45eae6a3ee6a4c7fa94c0ee3e7618612 0099d4faab4a48678343bed21f68e0b4 - default default] 192.168.122.100 "GET /v2.0/subnets?network_id=92a68512-a545-4cbf-b64a-2bda86e8f01f HTTP/1.1" status: 200 len: 885 time: 0.0240619
2025-10-14 07:47:55.130 17 DEBUG neutron.pecan_wsgi.hooks.policy_enforcement [req-8769abf6-cb49-46b7-8ca9-ca214dfd1e35 45eae6a3ee6a4c7fa94c0ee3e7618612 0099d4faab4a48678343bed21f68e0b4 - default default] Attributes excluded by policy engine: ['standard_attr_id', 'shared'] _exclude_attributes_by_policy /usr/lib/python3.9/site-packages/neutron/pecan_wsgi/hooks/policy_enforcement.py:259
2025-10-14 07:47:55.131 17 INFO neutron.wsgi [req-8769abf6-cb49-46b7-8ca9-ca214dfd1e35 45eae6a3ee6a4c7fa94c0ee3e7618612 0099d4faab4a48678343bed21f68e0b4 - default default] 192.168.122.100 "GET /v2.0/subnets?network_id=b80d2607-4d5b-4961-8b09-6a7709142f42 HTTP/1.1" status: 200 len: 887 time: 0.0226398
2025-10-14 07:47:55.161 17 DEBUG neutron.pecan_wsgi.hooks.policy_enforcement [req-9efcd093-7168-42c0-8c59-fe071ff9b840 45eae6a3ee6a4c7fa94c0ee3e7618612 0099d4faab4a48678343bed21f68e0b4 - default default] Attributes excluded by policy engine: ['standard_attr_id', 'shared'] _exclude_attributes_by_policy /usr/lib/python3.9/site-packages/neutron/pecan_wsgi/hooks/policy_enforcement.py:259
2025-10-14 07:47:55.161 17 INFO neutron.wsgi [req-9efcd093-7168-42c0-8c59-fe071ff9b840 45eae6a3ee6a4c7fa94c0ee3e7618612 0099d4faab4a48678343bed21f68e0b4 - default default] 192.168.122.100 "GET /v2.0/subnets?network_id=bd907d21-91d5-438c-a3fb-fd4df6bea95a HTTP/1.1" status: 200 len: 886 time: 0.0245128
2025-10-14 07:47:55.190 17 DEBUG neutron.pecan_wsgi.hooks.policy_enforcement [req-f0f26e11-78ec-44b1-80ae-2f791119de68 45eae6a3ee6a4c7fa94c0ee3e7618612 0099d4faab4a48678343bed21f68e0b4 - default default] Attributes excluded by policy engine: ['standard_attr_id', 'shared'] _exclude_attributes_by_policy /usr/lib/python3.9/site-packages/neutron/pecan_wsgi/hooks/policy_enforcement.py:259
2025-10-14 07:47:55.191 17 INFO neutron.wsgi [req-f0f26e11-78ec-44b1-80ae-2f791119de68 45eae6a3ee6a4c7fa94c0ee3e7618612 0099d4faab4a48678343bed21f68e0b4 - default default] 192.168.122.100 "GET /v2.0/subnets?network_id=f3b9fd62-669e-4df7-8ba5-a171a88986ea HTTP/1.1" status: 200 len: 891 time: 0.0235834
2025-10-14 07:47:55.247 17 DEBUG neutron.pecan_wsgi.hooks.policy_enforcement [req-483eb2b7-0540-4f00-9daa-caedafb71d6d 45eae6a3ee6a4c7fa94c0ee3e7618612 0099d4faab4a48678343bed21f68e0b4 - default default] Attributes excluded by policy engine: ['standard_attr_id', 'vlan_transparent'] _exclude_attributes_by_policy /usr/lib/python3.9/site-packages/neutron/pecan_wsgi/hooks/policy_enforcement.py:259
2025-10-14 07:47:55.247 17 DEBUG neutron.pecan_wsgi.hooks.policy_enforcement [req-483eb2b7-0540-4f00-9daa-caedafb71d6d 45eae6a3ee6a4c7fa94c0ee3e7618612 0099d4faab4a48678343bed21f68e0b4 - default default] Attributes excluded by policy engine: ['standard_attr_id', 'vlan_transparent'] _exclude_attributes_by_policy /usr/lib/python3.9/site-packages/neutron/pecan_wsgi/hooks/policy_enforcement.py:259
2025-10-14 07:47:55.247 17 DEBUG neutron.pecan_wsgi.hooks.policy_enforcement [req-483eb2b7-0540-4f00-9daa-caedafb71d6d 45eae6a3ee6a4c7fa94c0ee3e7618612 0099d4faab4a48678343bed21f68e0b4 - default default] Attributes excluded by policy engine: ['standard_attr_id', 'vlan_transparent'] _exclude_attributes_by_policy /usr/lib/python3.9/site-packages/neutron/pecan_wsgi/hooks/policy_enforcement.py:259
2025-10-14 07:47:55.248 17 DEBUG neutron.pecan_wsgi.hooks.policy_enforcement [req-483eb2b7-0540-4f00-9daa-caedafb71d6d 45eae6a3ee6a4c7fa94c0ee3e7618612 0099d4faab4a48678343bed21f68e0b4 - default default] Attributes excluded by policy engine: ['standard_attr_id', 'vlan_transparent'] _exclude_attributes_by_policy /usr/lib/python3.9/site-packages/neutron/pecan_wsgi/hooks/policy_enforcement.py:259
2025-10-14 07:47:55.248 17 DEBUG neutron.pecan_wsgi.hooks.policy_enforcement [req-483eb2b7-0540-4f00-9daa-caedafb71d6d 45eae6a3ee6a4c7fa94c0ee3e7618612 0099d4faab4a48678343bed21f68e0b4 - default default] Attributes excluded by policy engine: ['standard_attr_id', 'vlan_transparent'] _exclude_attributes_by_policy /usr/lib/python3.9/site-packages/neutron/pecan_wsgi/hooks/policy_enforcement.py:259
2025-10-14 07:47:55.248 17 DEBUG neutron.pecan_wsgi.hooks.policy_enforcement [req-483eb2b7-0540-4f00-9daa-caedafb71d6d 45eae6a3ee6a4c7fa94c0ee3e7618612 0099d4faab4a48678343bed21f68e0b4 - default default] Attributes excluded by policy engine: ['standard_attr_id', 'vlan_transparent'] _exclude_attributes_by_policy /usr/lib/python3.9/site-packages/neutron/pecan_wsgi/hooks/policy_enforcement.py:259
2025-10-14 07:47:55.249 17 INFO neutron.wsgi [req-483eb2b7-0540-4f00-9daa-caedafb71d6d 45eae6a3ee6a4c7fa94c0ee3e7618612 0099d4faab4a48678343bed21f68e0b4 - default default] 192.168.122.100 "GET /v2.0/networks HTTP/1.1" status: 200 len: 5173 time: 0.0539935
2025-10-14 07:47:55.295 17 DEBUG neutron.pecan_wsgi.hooks.policy_enforcement [req-a63bb1c0-1c55-4ede-9737-ec86b06d6305 45eae6a3ee6a4c7fa94c0ee3e7618612 0099d4faab4a48678343bed21f68e0b4 - default default] Attributes excluded by policy engine: ['standard_attr_id'] _exclude_attributes_by_policy /usr/lib/python3.9/site-packages/neutron/pecan_wsgi/hooks/policy_enforcement.py:259
2025-10-14 07:47:55.296 17 INFO neutron.wsgi [req-a63bb1c0-1c55-4ede-9737-ec86b06d6305 45eae6a3ee6a4c7fa94c0ee3e7618612 0099d4faab4a48678343bed21f68e0b4 - default default] 192.168.122.100 "GET /v2.0/ports?network_id=4f7319d1-c184-4672-b320-4f461f7d7cf8&tags=tripleo_stack_name%3Dovercloud&tags=tripleo_vip_net%3Dinternal_api HTTP/1.1" status: 200 len: 1242 time: 0.0364881
2025-10-14 07:47:55.326 17 DEBUG neutron.pecan_wsgi.hooks.policy_enforcement [req-6c2ac0f7-4f38-4302-bc67-8480d658bcf1 45eae6a3ee6a4c7fa94c0ee3e7618612 0099d4faab4a48678343bed21f68e0b4 - default default] Attributes excluded by policy engine: ['standard_attr_id', 'shared'] _exclude_attributes_by_policy /usr/lib/python3.9/site-packages/neutron/pecan_wsgi/hooks/policy_enforcement.py:259
2025-10-14 07:47:55.326 17 INFO neutron.wsgi [req-6c2ac0f7-4f38-4302-bc67-8480d658bcf1 45eae6a3ee6a4c7fa94c0ee3e7618612 0099d4faab4a48678343bed21f68e0b4 - default default] 192.168.122.100 "GET /v2.0/subnets/8f4efa1f-323c-40cc-ac73-4b4986753ab0 HTTP/1.1" status: 200 len: 888 time: 0.0248501
2025-10-14 07:47:55.365 17 DEBUG neutron.pecan_wsgi.hooks.policy_enforcement [req-f82b487d-51ab-455b-9c74-c66745179e71 45eae6a3ee6a4c7fa94c0ee3e7618612 0099d4faab4a48678343bed21f68e0b4 - default default] Attributes excluded by policy engine: ['standard_attr_id'] _exclude_attributes_by_policy /usr/lib/python3.9/site-packages/neutron/pecan_wsgi/hooks/policy_enforcement.py:259
2025-10-14 07:47:55.366 17 INFO neutron.wsgi [req-f82b487d-51ab-455b-9c74-c66745179e71 45eae6a3ee6a4c7fa94c0ee3e7618612 0099d4faab4a48678343bed21f68e0b4 - default default] 192.168.122.100 "GET /v2.0/ports?network_id=bd907d21-91d5-438c-a3fb-fd4df6bea95a&tags=tripleo_stack_name%3Dovercloud&tags=tripleo_vip_net%3Dstorage HTTP/1.1" status: 200 len: 1232 time: 0.0349910
2025-10-14 07:47:55.397 17 DEBUG neutron.pecan_wsgi.hooks.policy_enforcement [req-43df427c-bd29-4ef8-9a04-6c00ca2235df 45eae6a3ee6a4c7fa94c0ee3e7618612 0099d4faab4a48678343bed21f68e0b4 - default default] Attributes excluded by policy engine: ['standard_attr_id', 'shared'] _exclude_attributes_by_policy /usr/lib/python3.9/site-packages/neutron/pecan_wsgi/hooks/policy_enforcement.py:259
2025-10-14 07:47:55.397 17 INFO neutron.wsgi [req-43df427c-bd29-4ef8-9a04-6c00ca2235df 45eae6a3ee6a4c7fa94c0ee3e7618612 0099d4faab4a48678343bed21f68e0b4 - default default] 192.168.122.100 "GET /v2.0/subnets/1d89aea5-41e8-48cd-8eba-53e4dabb07fb HTTP/1.1" status: 200 len: 883 time: 0.0263073
2025-10-14 07:47:55.436 17 DEBUG neutron.pecan_wsgi.hooks.policy_enforcement [req-ff8d600f-d8ab-4c10-ae1b-b7157af9704d 45eae6a3ee6a4c7fa94c0ee3e7618612 0099d4faab4a48678343bed21f68e0b4 - default default] Attributes excluded by policy engine: ['standard_attr_id'] _exclude_attributes_by_policy /usr/lib/python3.9/site-packages/neutron/pecan_wsgi/hooks/policy_enforcement.py:259
2025-10-14 07:47:55.436 17 INFO neutron.wsgi [req-ff8d600f-d8ab-4c10-ae1b-b7157af9704d 45eae6a3ee6a4c7fa94c0ee3e7618612 0099d4faab4a48678343bed21f68e0b4 - default default] 192.168.122.100 "GET /v2.0/ports?network_id=f3b9fd62-669e-4df7-8ba5-a171a88986ea&tags=tripleo_stack_name%3Dovercloud&tags=tripleo_vip_net%3Dstorage_mgmt HTTP/1.1" status: 200 len: 1242 time: 0.0349960
2025-10-14 07:47:55.467 17 DEBUG neutron.pecan_wsgi.hooks.policy_enforcement [req-16974c5a-9cc9-408c-a091-727c296a1959 45eae6a3ee6a4c7fa94c0ee3e7618612 0099d4faab4a48678343bed21f68e0b4 - default default] Attributes excluded by policy engine: ['standard_attr_id', 'shared'] _exclude_attributes_by_policy /usr/lib/python3.9/site-packages/neutron/pecan_wsgi/hooks/policy_enforcement.py:259
2025-10-14 07:47:55.468 17 INFO neutron.wsgi [req-16974c5a-9cc9-408c-a091-727c296a1959 45eae6a3ee6a4c7fa94c0ee3e7618612 0099d4faab4a48678343bed21f68e0b4 - default default] 192.168.122.100 "GET /v2.0/subnets/99dc4d9d-0018-411f-b5e2-bc4b9daf03fa HTTP/1.1" status: 200 len: 888 time: 0.0264709
2025-10-14 07:47:55.507 17 DEBUG neutron.pecan_wsgi.hooks.policy_enforcement [req-301ed2ca-9ea6-4230-a00c-755b0eec0c6a 45eae6a3ee6a4c7fa94c0ee3e7618612 0099d4faab4a48678343bed21f68e0b4 - default default] Attributes excluded by policy engine: ['standard_attr_id'] _exclude_attributes_by_policy /usr/lib/python3.9/site-packages/neutron/pecan_wsgi/hooks/policy_enforcement.py:259
2025-10-14 07:47:55.508 17 INFO neutron.wsgi [req-301ed2ca-9ea6-4230-a00c-755b0eec0c6a 45eae6a3ee6a4c7fa94c0ee3e7618612 0099d4faab4a48678343bed21f68e0b4 - default default] 192.168.122.100 "GET /v2.0/ports?network_id=b80d2607-4d5b-4961-8b09-6a7709142f42&tags=tripleo_stack_name%3Dovercloud&tags=tripleo_vip_net%3Dexternal HTTP/1.1" status: 200 len: 1234 time: 0.0354085
2025-10-14 07:47:55.539 17 DEBUG neutron.pecan_wsgi.hooks.policy_enforcement [req-d733ee15-d83f-4a74-aa2d-0df7732d90f3 45eae6a3ee6a4c7fa94c0ee3e7618612 0099d4faab4a48678343bed21f68e0b4 - default default] Attributes excluded by policy engine: ['standard_attr_id', 'shared'] _exclude_attributes_by_policy /usr/lib/python3.9/site-packages/neutron/pecan_wsgi/hooks/policy_enforcement.py:259
2025-10-14 07:47:55.539 17 INFO neutron.wsgi [req-d733ee15-d83f-4a74-aa2d-0df7732d90f3 45eae6a3ee6a4c7fa94c0ee3e7618612 0099d4faab4a48678343bed21f68e0b4 - default default] 192.168.122.100 "GET /v2.0/subnets/3e65440a-a085-46cb-93de-6ea768fb8695 HTTP/1.1" status: 200 len: 884 time: 0.0264058
2025-10-14 07:47:55.578 17 DEBUG neutron.pecan_wsgi.hooks.policy_enforcement [req-0e396e35-0d5f-40ba-bc8c-2a4772bec104 45eae6a3ee6a4c7fa94c0ee3e7618612 0099d4faab4a48678343bed21f68e0b4 - default default] Attributes excluded by policy engine: ['standard_attr_id'] _exclude_attributes_by_policy /usr/lib/python3.9/site-packages/neutron/pecan_wsgi/hooks/policy_enforcement.py:259
2025-10-14 07:47:55.579 17 INFO neutron.wsgi [req-0e396e35-0d5f-40ba-bc8c-2a4772bec104 45eae6a3ee6a4c7fa94c0ee3e7618612 0099d4faab4a48678343bed21f68e0b4 - default default] 192.168.122.100 "GET /v2.0/ports?network_id=078b5317-5d2a-49be-ba87-48853834e153&tags=tripleo_stack_name%3Dovercloud&tags=tripleo_vip_net%3Dctlplane HTTP/1.1" status: 200 len: 1238 time: 0.0347044
2025-10-14 07:47:55.634 17 DEBUG neutron.pecan_wsgi.hooks.policy_enforcement [req-b086d059-707a-4b7a-8590-c6559e511d60 45eae6a3ee6a4c7fa94c0ee3e7618612 0099d4faab4a48678343bed21f68e0b4 - default default] Attributes excluded by policy engine: ['standard_attr_id', 'vlan_transparent'] _exclude_attributes_by_policy /usr/lib/python3.9/site-packages/neutron/pecan_wsgi/hooks/policy_enforcement.py:259
2025-10-14 07:47:55.635 17 INFO neutron.wsgi [req-b086d059-707a-4b7a-8590-c6559e511d60 45eae6a3ee6a4c7fa94c0ee3e7618612 0099d4faab4a48678343bed21f68e0b4 - default default] 192.168.122.100 "GET /v2.0/networks/078b5317-5d2a-49be-ba87-48853834e153 HTTP/1.1" status: 200 len: 946 time: 0.0497506
2025-10-14 07:47:55.667 17 DEBUG neutron.pecan_wsgi.hooks.policy_enforcement [req-078655a8-50e2-4033-a961-fbbbd46462d8 45eae6a3ee6a4c7fa94c0ee3e7618612 0099d4faab4a48678343bed21f68e0b4 - default default] Attributes excluded by policy engine: ['standard_attr_id', 'shared'] _exclude_attributes_by_policy /usr/lib/python3.9/site-packages/neutron/pecan_wsgi/hooks/policy_enforcement.py:259
2025-10-14 07:47:55.667 17 INFO neutron.wsgi [req-078655a8-50e2-4033-a961-fbbbd46462d8 45eae6a3ee6a4c7fa94c0ee3e7618612 0099d4faab4a48678343bed21f68e0b4 - default default] 192.168.122.100 "GET /v2.0/subnets/d45c3d43-1d0e-4839-bf74-f31ea888dc61 HTTP/1.1" status: 200 len: 866 time: 0.0273716
2025-10-14 07:48:21.286 17 DEBUG neutron.wsgi [-] (17) accepted ('192.168.122.100', 52808) server /usr/lib/python3.9/site-packages/eventlet/wsgi.py:992
2025-10-14 07:48:21.288 17 INFO neutron.wsgi [-] 192.168.122.100 "GET / HTTP/1.1" status: 200 len: 233 time: 0.0013881
2025-10-14 07:48:25.674 17 DEBUG neutron.wsgi [-] (17) accepted ('192.168.122.100', 52812) server /usr/lib/python3.9/site-packages/eventlet/wsgi.py:992
2025-10-14 07:48:25.765 17 INFO neutron.pecan_wsgi.hooks.translation [req-8bbfa25b-9195-4426-ad42-9b83130bcb3e 45eae6a3ee6a4c7fa94c0ee3e7618612 0099d4faab4a48678343bed21f68e0b4 - default default] GET failed (client error): The resource could not be found.
2025-10-14 07:48:25.767 17 INFO neutron.wsgi [req-8bbfa25b-9195-4426-ad42-9b83130bcb3e 45eae6a3ee6a4c7fa94c0ee3e7618612 0099d4faab4a48678343bed21f68e0b4 - default default] 192.168.122.100 "GET /v2.0/networks/ctlplane HTTP/1.1" status: 404 len: 316 time: 0.0912523
2025-10-14 07:48:25.852 17 DEBUG neutron.pecan_wsgi.hooks.policy_enforcement [req-1284dac3-c6da-464a-9325-29c1b6435531 45eae6a3ee6a4c7fa94c0ee3e7618612 0099d4faab4a48678343bed21f68e0b4 - default default] Attributes excluded by policy engine: ['standard_attr_id', 'vlan_transparent'] _exclude_attributes_by_policy /usr/lib/python3.9/site-packages/neutron/pecan_wsgi/hooks/policy_enforcement.py:259
2025-10-14 07:48:25.853 17 INFO neutron.wsgi [req-1284dac3-c6da-464a-9325-29c1b6435531 45eae6a3ee6a4c7fa94c0ee3e7618612 0099d4faab4a48678343bed21f68e0b4 - default default] 192.168.122.100 "GET /v2.0/networks?name=ctlplane HTTP/1.1" status: 200 len: 949 time: 0.0825899
2025-10-14 07:48:25.894 17 DEBUG neutron.pecan_wsgi.hooks.policy_enforcement [req-8aa343ab-2114-4dcd-a68f-0acdc2bb2d26 45eae6a3ee6a4c7fa94c0ee3e7618612 0099d4faab4a48678343bed21f68e0b4 - default default] Attributes excluded by policy engine: ['standard_attr_id', 'shared'] _exclude_attributes_by_policy /usr/lib/python3.9/site-packages/neutron/pecan_wsgi/hooks/policy_enforcement.py:259
2025-10-14 07:48:25.894 17 INFO neutron.wsgi [req-8aa343ab-2114-4dcd-a68f-0acdc2bb2d26 45eae6a3ee6a4c7fa94c0ee3e7618612 0099d4faab4a48678343bed21f68e0b4 - default default] 192.168.122.100 "GET /v2.0/subnets/d45c3d43-1d0e-4839-bf74-f31ea888dc61 HTTP/1.1" status: 200 len: 866 time: 0.0353982
2025-10-14 07:48:52.158 15 DEBUG neutron.wsgi [-] (15) accepted ('192.168.122.100', 35576) server /usr/lib/python3.9/site-packages/eventlet/wsgi.py:992
2025-10-14 07:48:52.161 15 INFO neutron.wsgi [-] 192.168.122.100 "GET / HTTP/1.1" status: 200 len: 233 time: 0.0017958
2025-10-14 07:49:22.599 15 DEBUG neutron.wsgi [-] (15) accepted ('192.168.122.100', 36628) server /usr/lib/python3.9/site-packages/eventlet/wsgi.py:992
2025-10-14 07:49:22.601 15 INFO neutron.wsgi [-] 192.168.122.100 "GET / HTTP/1.1" status: 200 len: 233 time: 0.0011001
2025-10-14 07:49:53.106 17 DEBUG neutron.wsgi [-] (17) accepted ('192.168.122.100', 58150) server /usr/lib/python3.9/site-packages/eventlet/wsgi.py:992
2025-10-14 07:49:53.108 17 INFO neutron.wsgi [-] 192.168.122.100 "GET / HTTP/1.1" status: 200 len: 233 time: 0.0011396
2025-10-14 07:50:24.270 16 DEBUG neutron.wsgi [-] (16) accepted ('192.168.122.100', 39876) server /usr/lib/python3.9/site-packages/eventlet/wsgi.py:992
2025-10-14 07:50:24.274 16 INFO neutron.wsgi [-] 192.168.122.100 "GET / HTTP/1.1" status: 200 len: 233 time: 0.0027716
2025-10-14 07:50:49.764 19 DEBUG neutron_lib.callbacks.manager [req-8fcd8f56-b79b-471d-a91d-0aa553641af5 - - - - -] Notify callbacks ['neutron.services.segments.db._update_segment_host_mapping_for_agent-8757436357726', 'neutron.plugins.ml2.plugin.Ml2Plugin._retry_binding_revived_agents-669094'] for agent, after_update _notify_loop /usr/lib/python3.9/site-packages/neutron_lib/callbacks/manager.py:200
2025-10-14 07:50:55.136 15 DEBUG neutron.wsgi [-] (15) accepted ('192.168.122.100', 56708) server /usr/lib/python3.9/site-packages/eventlet/wsgi.py:992
2025-10-14 07:50:55.139 15 INFO neutron.wsgi [-] 192.168.122.100 "GET / HTTP/1.1" status: 200 len: 233 time: 0.0018313
2025-10-14 07:50:55.842 20 DEBUG neutron_lib.callbacks.manager [req-f38e0476-97e3-418d-a0d5-d514404ffd6c - - - - -] Notify callbacks ['neutron.services.segments.db._update_segment_host_mapping_for_agent-8757436357726', 'neutron.plugins.ml2.plugin.Ml2Plugin._retry_binding_revived_agents-669094'] for agent, after_update _notify_loop /usr/lib/python3.9/site-packages/neutron_lib/callbacks/manager.py:200
2025-10-14 07:51:26.360 16 DEBUG neutron.wsgi [-] (16) accepted ('192.168.122.100', 53758) server /usr/lib/python3.9/site-packages/eventlet/wsgi.py:992
2025-10-14 07:51:26.364 16 INFO neutron.wsgi [-] 192.168.122.100 "GET / HTTP/1.1" status: 200 len: 233 time: 0.0022528
2025-10-14 07:51:52.284 23 DEBUG neutron_lib.callbacks.manager [req-cc710d06-536f-478f-84da-038b7126dbe2 - - - - -] Notify callbacks ['neutron.services.segments.db._update_segment_host_mapping_for_agent-8757436357726', 'neutron.plugins.ml2.plugin.Ml2Plugin._retry_binding_revived_agents-669094'] for agent, after_update _notify_loop /usr/lib/python3.9/site-packages/neutron_lib/callbacks/manager.py:200
2025-10-14 07:51:56.826 16 DEBUG neutron.wsgi [-] (16) accepted ('192.168.122.100', 60616) server /usr/lib/python3.9/site-packages/eventlet/wsgi.py:992
2025-10-14 07:51:56.829 16 INFO neutron.wsgi [-] 192.168.122.100 "GET / HTTP/1.1" status: 200 len: 233 time: 0.0019078
2025-10-14 07:52:14.727 24 DEBUG neutron.db.agents_db [req-7dded913-b705-4877-a8fe-2819b41667fa - - - - -] Agent healthcheck: found 3 active agents agent_health_check /usr/lib/python3.9/site-packages/neutron/db/agents_db.py:328
2025-10-14 07:52:27.139 18 DEBUG neutron.wsgi [-] (18) accepted ('192.168.122.100', 54260) server /usr/lib/python3.9/site-packages/eventlet/wsgi.py:992
2025-10-14 07:52:27.143 18 INFO neutron.wsgi [-] 192.168.122.100 "GET / HTTP/1.1" status: 200 len: 233 time: 0.0030286
2025-10-14 07:52:58.362 17 DEBUG neutron.wsgi [-] (17) accepted ('192.168.122.100', 38226) server /usr/lib/python3.9/site-packages/eventlet/wsgi.py:992
2025-10-14 07:52:58.364 17 INFO neutron.wsgi [-] 192.168.122.100 "GET / HTTP/1.1" status: 200 len: 233 time: 0.0013380
2025-10-14 07:53:26.696 17 DEBUG neutron.wsgi [-] (17) accepted ('192.168.122.100', 53710) server /usr/lib/python3.9/site-packages/eventlet/wsgi.py:992
2025-10-14 07:53:26.769 17 INFO neutron.pecan_wsgi.hooks.translation [req-81b5913b-6b80-4535-b390-6f777def36a5 45eae6a3ee6a4c7fa94c0ee3e7618612 0099d4faab4a48678343bed21f68e0b4 - default default] GET failed (client error): The resource could not be found.
2025-10-14 07:53:26.770 17 INFO neutron.wsgi [req-81b5913b-6b80-4535-b390-6f777def36a5 45eae6a3ee6a4c7fa94c0ee3e7618612 0099d4faab4a48678343bed21f68e0b4 - default default] 192.168.122.100 "GET /v2.0/networks/ctlplane HTTP/1.1" status: 404 len: 316 time: 0.0733254
2025-10-14 07:53:26.845 17 DEBUG neutron.pecan_wsgi.hooks.policy_enforcement [req-d10a1e20-0ecc-489b-8066-6974dcddd12a 45eae6a3ee6a4c7fa94c0ee3e7618612 0099d4faab4a48678343bed21f68e0b4 - default default] Attributes excluded by policy engine: ['standard_attr_id', 'vlan_transparent'] _exclude_attributes_by_policy /usr/lib/python3.9/site-packages/neutron/pecan_wsgi/hooks/policy_enforcement.py:259
2025-10-14 07:53:26.846 17 INFO neutron.wsgi [req-d10a1e20-0ecc-489b-8066-6974dcddd12a 45eae6a3ee6a4c7fa94c0ee3e7618612 0099d4faab4a48678343bed21f68e0b4 - default default] 192.168.122.100 "GET /v2.0/networks?name=ctlplane HTTP/1.1" status: 200 len: 949 time: 0.0725513
2025-10-14 07:53:26.884 17 DEBUG neutron.pecan_wsgi.hooks.policy_enforcement [req-6267809b-6cd1-4c62-823b-84c26b662351 45eae6a3ee6a4c7fa94c0ee3e7618612 0099d4faab4a48678343bed21f68e0b4 - default default] Attributes excluded by policy engine: ['standard_attr_id', 'shared'] _exclude_attributes_by_policy /usr/lib/python3.9/site-packages/neutron/pecan_wsgi/hooks/policy_enforcement.py:259
2025-10-14 07:53:26.884 17 INFO neutron.wsgi [req-6267809b-6cd1-4c62-823b-84c26b662351 45eae6a3ee6a4c7fa94c0ee3e7618612 0099d4faab4a48678343bed21f68e0b4 - default default] 192.168.122.100 "GET /v2.0/subnets/d45c3d43-1d0e-4839-bf74-f31ea888dc61 HTTP/1.1" status: 200 len: 866 time: 0.0323691
2025-10-14 07:53:28.735 18 DEBUG neutron.wsgi [-] (18) accepted ('192.168.122.100', 53722) server /usr/lib/python3.9/site-packages/eventlet/wsgi.py:992
2025-10-14 07:53:28.739 18 INFO neutron.wsgi [-] 192.168.122.100 "GET / HTTP/1.1" status: 200 len: 233 time: 0.0022645
2025-10-14 07:53:59.362 18 DEBUG neutron.wsgi [-] (18) accepted ('192.168.122.100', 39804) server /usr/lib/python3.9/site-packages/eventlet/wsgi.py:992
2025-10-14 07:53:59.363 18 INFO neutron.wsgi [-] 192.168.122.100 "GET / HTTP/1.1" status: 200 len: 233 time: 0.0010889
2025-10-14 07:54:30.184 18 DEBUG neutron.wsgi [-] (18) accepted ('192.168.122.100', 56470) server /usr/lib/python3.9/site-packages/eventlet/wsgi.py:992
2025-10-14 07:54:30.187 18 INFO neutron.wsgi [-] 192.168.122.100 "GET / HTTP/1.1" status: 200 len: 233 time: 0.0018041
2025-10-14 07:55:01.126 17 DEBUG neutron.wsgi [-] (17) accepted ('192.168.122.100', 54176) server /usr/lib/python3.9/site-packages/eventlet/wsgi.py:992
2025-10-14 07:55:01.128 17 INFO neutron.wsgi [-] 192.168.122.100 "GET / HTTP/1.1" status: 200 len: 233 time: 0.0011451
2025-10-14 07:55:32.202 18 DEBUG neutron.wsgi [-] (18) accepted ('192.168.122.100', 47860) server /usr/lib/python3.9/site-packages/eventlet/wsgi.py:992
2025-10-14 07:55:32.204 18 INFO neutron.wsgi [-] 192.168.122.100 "GET / HTTP/1.1" status: 200 len: 233 time: 0.0011632
2025-10-14 07:55:49.769 22 DEBUG neutron_lib.callbacks.manager [req-25144d1b-74f6-42a2-a934-53bd003519e2 - - - - -] Notify callbacks ['neutron.services.segments.db._update_segment_host_mapping_for_agent-8757436357726', 'neutron.plugins.ml2.plugin.Ml2Plugin._retry_binding_revived_agents-669094'] for agent, after_update _notify_loop /usr/lib/python3.9/site-packages/neutron_lib/callbacks/manager.py:200
2025-10-14 07:55:55.834 21 DEBUG neutron_lib.callbacks.manager [req-f38e0476-97e3-418d-a0d5-d514404ffd6c - - - - -] Notify callbacks ['neutron.services.segments.db._update_segment_host_mapping_for_agent-8757436357726', 'neutron.plugins.ml2.plugin.Ml2Plugin._retry_binding_revived_agents-669094'] for agent, after_update _notify_loop /usr/lib/python3.9/site-packages/neutron_lib/callbacks/manager.py:200
2025-10-14 07:56:03.134 18 DEBUG neutron.wsgi [-] (18) accepted ('192.168.122.100', 33406) server /usr/lib/python3.9/site-packages/eventlet/wsgi.py:992
2025-10-14 07:56:03.136 18 INFO neutron.wsgi [-] 192.168.122.100 "GET / HTTP/1.1" status: 200 len: 233 time: 0.0015075
2025-10-14 07:56:34.245 18 DEBUG neutron.wsgi [-] (18) accepted ('192.168.122.100', 45224) server /usr/lib/python3.9/site-packages/eventlet/wsgi.py:992
2025-10-14 07:56:34.248 18 INFO neutron.wsgi [-] 192.168.122.100 "GET / HTTP/1.1" status: 200 len: 233 time: 0.0016623
2025-10-14 07:56:52.289 19 DEBUG neutron_lib.callbacks.manager [req-18203eca-172c-4f4c-a519-ea20893b8e6f - - - - -] Notify callbacks ['neutron.services.segments.db._update_segment_host_mapping_for_agent-8757436357726', 'neutron.plugins.ml2.plugin.Ml2Plugin._retry_binding_revived_agents-669094'] for agent, after_update _notify_loop /usr/lib/python3.9/site-packages/neutron_lib/callbacks/manager.py:200
2025-10-14 07:57:05.074 15 DEBUG neutron.wsgi [-] (15) accepted ('192.168.122.100', 56982) server /usr/lib/python3.9/site-packages/eventlet/wsgi.py:992
2025-10-14 07:57:05.077 15 INFO neutron.wsgi [-] 192.168.122.100 "GET / HTTP/1.1" status: 200 len: 233 time: 0.0022399
2025-10-14 07:57:14.729 24 DEBUG neutron.db.agents_db [req-7dded913-b705-4877-a8fe-2819b41667fa - - - - -] Agent healthcheck: found 3 active agents agent_health_check /usr/lib/python3.9/site-packages/neutron/db/agents_db.py:328
2025-10-14 07:57:22.291 15 DEBUG neutron.wsgi [-] (15) accepted ('192.168.122.100', 36290) server /usr/lib/python3.9/site-packages/eventlet/wsgi.py:992
2025-10-14 07:57:22.776 15 DEBUG neutron.pecan_wsgi.hooks.policy_enforcement [req-d4853b79-176b-4d32-8001-d17b65d1808a 45eae6a3ee6a4c7fa94c0ee3e7618612 0099d4faab4a48678343bed21f68e0b4 - default default] Attributes excluded by policy engine: ['standard_attr_id'] _exclude_attributes_by_policy /usr/lib/python3.9/site-packages/neutron/pecan_wsgi/hooks/policy_enforcement.py:259
2025-10-14 07:57:22.777 15 DEBUG neutron.pecan_wsgi.hooks.policy_enforcement [req-d4853b79-176b-4d32-8001-d17b65d1808a 45eae6a3ee6a4c7fa94c0ee3e7618612 0099d4faab4a48678343bed21f68e0b4 - default default] Attributes excluded by policy engine: ['standard_attr_id'] _exclude_attributes_by_policy /usr/lib/python3.9/site-packages/neutron/pecan_wsgi/hooks/policy_enforcement.py:259
2025-10-14 07:57:22.777 15 DEBUG neutron.pecan_wsgi.hooks.policy_enforcement [req-d4853b79-176b-4d32-8001-d17b65d1808a 45eae6a3ee6a4c7fa94c0ee3e7618612 0099d4faab4a48678343bed21f68e0b4 - default default] Attributes excluded by policy engine: ['standard_attr_id'] _exclude_attributes_by_policy /usr/lib/python3.9/site-packages/neutron/pecan_wsgi/hooks/policy_enforcement.py:259
2025-10-14 07:57:22.778 15 DEBUG neutron.pecan_wsgi.hooks.policy_enforcement [req-d4853b79-176b-4d32-8001-d17b65d1808a 45eae6a3ee6a4c7fa94c0ee3e7618612 0099d4faab4a48678343bed21f68e0b4 - default default] Attributes excluded by policy engine: ['standard_attr_id'] _exclude_attributes_by_policy /usr/lib/python3.9/site-packages/neutron/pecan_wsgi/hooks/policy_enforcement.py:259
2025-10-14 07:57:22.778 15 DEBUG neutron.pecan_wsgi.hooks.policy_enforcement [req-d4853b79-176b-4d32-8001-d17b65d1808a 45eae6a3ee6a4c7fa94c0ee3e7618612 0099d4faab4a48678343bed21f68e0b4 - default default] Attributes excluded by policy engine: ['standard_attr_id'] _exclude_attributes_by_policy /usr/lib/python3.9/site-packages/neutron/pecan_wsgi/hooks/policy_enforcement.py:259
2025-10-14 07:57:22.780 15 INFO neutron.wsgi [req-d4853b79-176b-4d32-8001-d17b65d1808a 45eae6a3ee6a4c7fa94c0ee3e7618612 0099d4faab4a48678343bed21f68e0b4 - default default] 192.168.122.100 "GET /v2.0/ports?tags=tripleo_stack_name%3Dovercloud HTTP/1.1" status: 200 len: 5344 time: 0.4873333
2025-10-14 07:57:22.821 15 INFO neutron.pecan_wsgi.hooks.translation [req-6f3871c4-8e23-45f7-a990-0fdbe0f1de63 45eae6a3ee6a4c7fa94c0ee3e7618612 0099d4faab4a48678343bed21f68e0b4 - default default] GET failed (client error): The resource could not be found.
2025-10-14 07:57:22.822 15 INFO neutron.wsgi [req-6f3871c4-8e23-45f7-a990-0fdbe0f1de63 45eae6a3ee6a4c7fa94c0ee3e7618612 0099d4faab4a48678343bed21f68e0b4 - default default] 192.168.122.100 "GET /v2.0/networks/ctlplane HTTP/1.1" status: 404 len: 316 time: 0.0275891
2025-10-14 07:57:22.892 15 DEBUG neutron.pecan_wsgi.hooks.policy_enforcement [req-15268d67-4af4-4f98-b504-ea3b5569977d 45eae6a3ee6a4c7fa94c0ee3e7618612 0099d4faab4a48678343bed21f68e0b4 - default default] Attributes excluded by policy engine: ['standard_attr_id', 'vlan_transparent'] _exclude_attributes_by_policy /usr/lib/python3.9/site-packages/neutron/pecan_wsgi/hooks/policy_enforcement.py:259
2025-10-14 07:57:22.893 15 INFO neutron.wsgi [req-15268d67-4af4-4f98-b504-ea3b5569977d 45eae6a3ee6a4c7fa94c0ee3e7618612 0099d4faab4a48678343bed21f68e0b4 - default default] 192.168.122.100 "GET /v2.0/networks?name=ctlplane HTTP/1.1" status: 200 len: 949 time: 0.0684650
2025-10-14 07:57:36.147 17 DEBUG neutron.wsgi [-] (17) accepted ('192.168.122.100', 37288) server /usr/lib/python3.9/site-packages/eventlet/wsgi.py:992
2025-10-14 07:57:36.149 17 INFO neutron.wsgi [-] 192.168.122.100 "GET / HTTP/1.1" status: 200 len: 233 time: 0.0015795
2025-10-14 07:57:50.931 17 DEBUG neutron.wsgi [-] (17) accepted ('192.168.122.100', 39942) server /usr/lib/python3.9/site-packages/eventlet/wsgi.py:992
2025-10-14 07:57:50.991 17 INFO neutron.pecan_wsgi.hooks.translation [req-be44d96b-c357-459a-a496-3c220bf25de7 45eae6a3ee6a4c7fa94c0ee3e7618612 0099d4faab4a48678343bed21f68e0b4 - default default] GET failed (client error): The resource could not be found.
2025-10-14 07:57:50.992 17 INFO neutron.wsgi [req-be44d96b-c357-459a-a496-3c220bf25de7 45eae6a3ee6a4c7fa94c0ee3e7618612 0099d4faab4a48678343bed21f68e0b4 - default default] 192.168.122.100 "GET /v2.0/networks/ovn_mac_addr_net HTTP/1.1" status: 404 len: 324 time: 0.0594542
2025-10-14 07:57:51.017 17 INFO neutron.wsgi [req-8c71d4f7-9a69-4504-b1a8-826d298926d3 45eae6a3ee6a4c7fa94c0ee3e7618612 0099d4faab4a48678343bed21f68e0b4 - default default] 192.168.122.100 "GET /v2.0/networks?name=ovn_mac_addr_net HTTP/1.1" status: 200 len: 213 time: 0.0208540
2025-10-14 07:57:51.026 17 DEBUG neutron.api.v2.base [req-07050c0a-bbdc-4562-ae37-bd91c2498e3d 45eae6a3ee6a4c7fa94c0ee3e7618612 0099d4faab4a48678343bed21f68e0b4 - default default] Request body: {'network': {'name': 'ovn_mac_addr_net', 'description': 'Network used to allocate MAC addresses for OVN chassis.'}} prepare_request_body /usr/lib/python3.9/site-packages/neutron/api/v2/base.py:729
2025-10-14 07:57:51.044 17 DEBUG neutron.pecan_wsgi.hooks.quota_enforcement [req-07050c0a-bbdc-4562-ae37-bd91c2498e3d 45eae6a3ee6a4c7fa94c0ee3e7618612 0099d4faab4a48678343bed21f68e0b4 - default default] Made reservation on behalf of 0099d4faab4a48678343bed21f68e0b4 for: {'network': 1} before /usr/lib/python3.9/site-packages/neutron/pecan_wsgi/hooks/quota_enforcement.py:53
2025-10-14 07:57:51.047 17 DEBUG neutron_lib.callbacks.manager [req-07050c0a-bbdc-4562-ae37-bd91c2498e3d 45eae6a3ee6a4c7fa94c0ee3e7618612 0099d4faab4a48678343bed21f68e0b4 - default default] Notify callbacks ['neutron.plugins.ml2.plugin.SecurityGroupDbMixin._ensure_default_security_group_handler-623691'] for network, before_create _notify_loop /usr/lib/python3.9/site-packages/neutron_lib/callbacks/manager.py:200
2025-10-14 07:57:51.090 17 DEBUG neutron_lib.callbacks.manager [req-07050c0a-bbdc-4562-ae37-bd91c2498e3d 45eae6a3ee6a4c7fa94c0ee3e7618612 0099d4faab4a48678343bed21f68e0b4 - default default] Notify callbacks ['neutron.services.segments.db._add_segment_host_mapping_for_segment-8757436357735', 'neutron.plugins.ml2.plugin.Ml2Plugin._handle_segment_change-659256'] for segment, precommit_create _notify_loop /usr/lib/python3.9/site-packages/neutron_lib/callbacks/manager.py:200
2025-10-14 07:57:51.090 17 INFO neutron.db.segments_db [req-07050c0a-bbdc-4562-ae37-bd91c2498e3d 45eae6a3ee6a4c7fa94c0ee3e7618612 0099d4faab4a48678343bed21f68e0b4 - default default] Added segment a95b1c9d-d652-4472-8532-0cc41c8bd77b of type local for network c7e8a4fb-285a-4542-8e45-8f452eee81f3
2025-10-14 07:57:51.138 17 DEBUG neutron_lib.callbacks.manager [req-07050c0a-bbdc-4562-ae37-bd91c2498e3d 45eae6a3ee6a4c7fa94c0ee3e7618612 0099d4faab4a48678343bed21f68e0b4 - default default] Notify callbacks ['neutron.services.auto_allocate.db._ensure_external_network_default_value_callback-8757435712103'] for network, precommit_create _notify_loop /usr/lib/python3.9/site-packages/neutron_lib/callbacks/manager.py:200
2025-10-14 07:57:51.156 17 DEBUG neutron_lib.callbacks.manager [req-07050c0a-bbdc-4562-ae37-bd91c2498e3d 45eae6a3ee6a4c7fa94c0ee3e7618612 0099d4faab4a48678343bed21f68e0b4 - default default] Notify callbacks ['neutron.plugins.ml2.ovo_rpc._ObjectChangeHandler.handle_event-3886625', 'neutron.api.rpc.agentnotifiers.dhcp_rpc_agent_api.DhcpAgentNotifyAPI._native_event_send_dhcp_notification-3830679'] for network, after_create _notify_loop /usr/lib/python3.9/site-packages/neutron_lib/callbacks/manager.py:200
2025-10-14 07:57:51.156 17 DEBUG neutron.pecan_wsgi.hooks.policy_enforcement [req-07050c0a-bbdc-4562-ae37-bd91c2498e3d 45eae6a3ee6a4c7fa94c0ee3e7618612 0099d4faab4a48678343bed21f68e0b4 - default default] Attributes excluded by policy engine: ['standard_attr_id', 'vlan_transparent'] _exclude_attributes_by_policy /usr/lib/python3.9/site-packages/neutron/pecan_wsgi/hooks/policy_enforcement.py:259
2025-10-14 07:57:51.157 17 DEBUG neutron_lib.callbacks.manager [req-07050c0a-bbdc-4562-ae37-bd91c2498e3d 45eae6a3ee6a4c7fa94c0ee3e7618612 0099d4faab4a48678343bed21f68e0b4 - default default] Notify callbacks ['neutron.api.rpc.agentnotifiers.dhcp_rpc_agent_api.DhcpAgentNotifyAPI._send_dhcp_notification-3830757'] for network, before_response _notify_loop /usr/lib/python3.9/site-packages/neutron_lib/callbacks/manager.py:200
2025-10-14 07:57:51.195 17 INFO neutron.wsgi [req-07050c0a-bbdc-4562-ae37-bd91c2498e3d 45eae6a3ee6a4c7fa94c0ee3e7618612 0099d4faab4a48678343bed21f68e0b4 - default default] 192.168.122.100 "POST /v2.0/networks HTTP/1.1" status: 201 len: 942 time: 0.1728392
2025-10-14 07:57:51.200 17 DEBUG neutron.api.rpc.handlers.resources_rpc [req-07050c0a-bbdc-4562-ae37-bd91c2498e3d 45eae6a3ee6a4c7fa94c0ee3e7618612 0099d4faab4a48678343bed21f68e0b4 - - -] Pushing event updated for resources: {'Network': ['ID=c7e8a4fb-285a-4542-8e45-8f452eee81f3,revision_number=1']} push /usr/lib/python3.9/site-packages/neutron/api/rpc/handlers/resources_rpc.py:237
2025-10-14 07:57:51.204 15 DEBUG neutron.wsgi [-] (15) accepted ('192.168.122.100', 39946) server /usr/lib/python3.9/site-packages/eventlet/wsgi.py:992
2025-10-14 07:57:51.209 18 DEBUG neutron.wsgi [-] (18) accepted ('192.168.122.100', 39956) server /usr/lib/python3.9/site-packages/eventlet/wsgi.py:992
2025-10-14 07:57:51.229 15 INFO neutron.wsgi [req-baa91579-3b54-41bf-9353-8b5d5a7331bb 45eae6a3ee6a4c7fa94c0ee3e7618612 0099d4faab4a48678343bed21f68e0b4 - default default] 192.168.122.100 "GET /v2.0/ports?name=np0005486729_ovn_physnet_datacentre&network_id=c7e8a4fb-285a-4542-8e45-8f452eee81f3&tags=tripleo_stack_name%3Dovercloud HTTP/1.1" status: 200 len: 210 time: 0.0238087
2025-10-14 07:57:51.235 15 DEBUG neutron.api.v2.base [req-bf439539-410e-45b3-a050-6db4ffd651ad 45eae6a3ee6a4c7fa94c0ee3e7618612 0099d4faab4a48678343bed21f68e0b4 - default default] Request body: {'port': {'dns_name': 'np0005486729', 'name': 'np0005486729_ovn_physnet_datacentre', 'network_id': 'c7e8a4fb-285a-4542-8e45-8f452eee81f3'}} prepare_request_body /usr/lib/python3.9/site-packages/neutron/api/v2/base.py:729
2025-10-14 07:57:51.242 15 DEBUG neutron.pecan_wsgi.hooks.quota_enforcement [req-bf439539-410e-45b3-a050-6db4ffd651ad 45eae6a3ee6a4c7fa94c0ee3e7618612 0099d4faab4a48678343bed21f68e0b4 - default default] Made reservation on behalf of 0099d4faab4a48678343bed21f68e0b4 for: {'port': 1} before /usr/lib/python3.9/site-packages/neutron/pecan_wsgi/hooks/quota_enforcement.py:53
2025-10-14 07:57:51.242 17 DEBUG neutron.api.rpc.callbacks.version_manager [req-07050c0a-bbdc-4562-ae37-bd91c2498e3d 45eae6a3ee6a4c7fa94c0ee3e7618612 0099d4faab4a48678343bed21f68e0b4 - - -] Version for resource type AddressGroup changed None to 1.2 on consumer Open vSwitch agent@undercloud.localdomain _set_version /usr/lib/python3.9/site-packages/neutron/api/rpc/callbacks/version_manager.py:113
2025-10-14 07:57:51.243 15 DEBUG neutron_lib.callbacks.manager [req-bf439539-410e-45b3-a050-6db4ffd651ad 45eae6a3ee6a4c7fa94c0ee3e7618612 0099d4faab4a48678343bed21f68e0b4 - default default] Notify callbacks ['neutron.plugins.ml2.plugin.SecurityGroupDbMixin._ensure_default_security_group_handler-623691'] for port, before_create _notify_loop /usr/lib/python3.9/site-packages/neutron_lib/callbacks/manager.py:200
2025-10-14 07:57:51.243 17 DEBUG neutron.api.rpc.callbacks.version_manager [req-07050c0a-bbdc-4562-ae37-bd91c2498e3d 45eae6a3ee6a4c7fa94c0ee3e7618612 0099d4faab4a48678343bed21f68e0b4 - - -] Version for resource type ConntrackHelper changed None to 1.0 on consumer Open vSwitch agent@undercloud.localdomain _set_version /usr/lib/python3.9/site-packages/neutron/api/rpc/callbacks/version_manager.py:113
2025-10-14 07:57:51.243 17 DEBUG neutron.api.rpc.callbacks.version_manager [req-07050c0a-bbdc-4562-ae37-bd91c2498e3d 45eae6a3ee6a4c7fa94c0ee3e7618612 0099d4faab4a48678343bed21f68e0b4 - - -] Version for resource type Log changed None to 1.0 on consumer Open vSwitch agent@undercloud.localdomain _set_version /usr/lib/python3.9/site-packages/neutron/api/rpc/callbacks/version_manager.py:113
2025-10-14 07:57:51.243 17 DEBUG neutron.api.rpc.callbacks.version_manager [req-07050c0a-bbdc-4562-ae37-bd91c2498e3d 45eae6a3ee6a4c7fa94c0ee3e7618612 0099d4faab4a48678343bed21f68e0b4 - - -] Version for resource type Network changed None to 1.1 on consumer Open vSwitch agent@undercloud.localdomain _set_version /usr/lib/python3.9/site-packages/neutron/api/rpc/callbacks/version_manager.py:113
2025-10-14 07:57:51.244 17 DEBUG neutron.api.rpc.callbacks.version_manager [req-07050c0a-bbdc-4562-ae37-bd91c2498e3d 45eae6a3ee6a4c7fa94c0ee3e7618612 0099d4faab4a48678343bed21f68e0b4 - - -] Version for resource type Port changed None to 1.7 on consumer Open vSwitch agent@undercloud.localdomain _set_version /usr/lib/python3.9/site-packages/neutron/api/rpc/callbacks/version_manager.py:113
2025-10-14 07:57:51.244 17 DEBUG neutron.api.rpc.callbacks.version_manager [req-07050c0a-bbdc-4562-ae37-bd91c2498e3d 45eae6a3ee6a4c7fa94c0ee3e7618612 0099d4faab4a48678343bed21f68e0b4 - - -] Version for resource type PortForwarding changed None to 1.2 on consumer Open vSwitch agent@undercloud.localdomain _set_version /usr/lib/python3.9/site-packages/neutron/api/rpc/callbacks/version_manager.py:113
2025-10-14 07:57:51.244 17 DEBUG neutron.api.rpc.callbacks.version_manager [req-07050c0a-bbdc-4562-ae37-bd91c2498e3d 45eae6a3ee6a4c7fa94c0ee3e7618612 0099d4faab4a48678343bed21f68e0b4 - - -] Version for resource type QosPolicy changed None to 1.8 on consumer Open vSwitch agent@undercloud.localdomain _set_version /usr/lib/python3.9/site-packages/neutron/api/rpc/callbacks/version_manager.py:113
2025-10-14 07:57:51.245 17 DEBUG neutron.api.rpc.callbacks.version_manager [req-07050c0a-bbdc-4562-ae37-bd91c2498e3d 45eae6a3ee6a4c7fa94c0ee3e7618612 0099d4faab4a48678343bed21f68e0b4 - - -] Version for resource type SecurityGroup changed None to 1.5 on consumer Open vSwitch agent@undercloud.localdomain _set_version /usr/lib/python3.9/site-packages/neutron/api/rpc/callbacks/version_manager.py:113
2025-10-14 07:57:51.245 17 DEBUG neutron.api.rpc.callbacks.version_manager [req-07050c0a-bbdc-4562-ae37-bd91c2498e3d 45eae6a3ee6a4c7fa94c0ee3e7618612 0099d4faab4a48678343bed21f68e0b4 - - -] Version for resource type SecurityGroupRule changed None to 1.2 on consumer Open vSwitch agent@undercloud.localdomain _set_version /usr/lib/python3.9/site-packages/neutron/api/rpc/callbacks/version_manager.py:113
2025-10-14 07:57:51.245 17 DEBUG neutron.api.rpc.callbacks.version_manager [req-07050c0a-bbdc-4562-ae37-bd91c2498e3d 45eae6a3ee6a4c7fa94c0ee3e7618612 0099d4faab4a48678343bed21f68e0b4 - - -] Version for resource type SubPort changed None to 1.0 on consumer Open vSwitch agent@undercloud.localdomain _set_version /usr/lib/python3.9/site-packages/neutron/api/rpc/callbacks/version_manager.py:113
2025-10-14 07:57:51.245 17 DEBUG neutron.api.rpc.callbacks.version_manager [req-07050c0a-bbdc-4562-ae37-bd91c2498e3d 45eae6a3ee6a4c7fa94c0ee3e7618612 0099d4faab4a48678343bed21f68e0b4 - - -] Version for resource type Subnet changed None to 1.1 on consumer Open vSwitch agent@undercloud.localdomain _set_version /usr/lib/python3.9/site-packages/neutron/api/rpc/callbacks/version_manager.py:113
2025-10-14 07:57:51.246 17 DEBUG neutron.api.rpc.callbacks.version_manager [req-07050c0a-bbdc-4562-ae37-bd91c2498e3d 45eae6a3ee6a4c7fa94c0ee3e7618612 0099d4faab4a48678343bed21f68e0b4 - - -] Version for resource type Trunk changed None to 1.1 on consumer Open vSwitch agent@undercloud.localdomain _set_version /usr/lib/python3.9/site-packages/neutron/api/rpc/callbacks/version_manager.py:113
2025-10-14 07:57:51.257 15 DEBUG neutron.notifiers.nova [req-bf439539-410e-45b3-a050-6db4ffd651ad 45eae6a3ee6a4c7fa94c0ee3e7618612 0099d4faab4a48678343bed21f68e0b4 - default default] device_id is not set on port ba26707f-4328-4005-8db7-a33cd4656cb8 yet. _can_notify /usr/lib/python3.9/site-packages/neutron/notifiers/nova.py:201
2025-10-14 07:57:51.261 17 INFO neutron.wsgi [req-ffc888a3-ee82-4ea0-a681-36b34e838723 45eae6a3ee6a4c7fa94c0ee3e7618612 0099d4faab4a48678343bed21f68e0b4 - default default] 192.168.122.100 "GET /v2.0/ports?name=np0005486728_ovn_physnet_datacentre&network_id=c7e8a4fb-285a-4542-8e45-8f452eee81f3&tags=tripleo_stack_name%3Dovercloud HTTP/1.1" status: 200 len: 210 time: 0.0586495
2025-10-14 07:57:51.262 18 INFO neutron.wsgi [req-712891bc-5bf7-4433-a9c9-1278b6dd3087 45eae6a3ee6a4c7fa94c0ee3e7618612 0099d4faab4a48678343bed21f68e0b4 - default default] 192.168.122.100 "GET /v2.0/ports?name=np0005486730_ovn_physnet_datacentre&network_id=c7e8a4fb-285a-4542-8e45-8f452eee81f3&tags=tripleo_stack_name%3Dovercloud HTTP/1.1" status: 200 len: 210 time: 0.0524828
2025-10-14 07:57:51.264 20 DEBUG neutron.plugins.ml2.rpc [req-f38e0476-97e3-418d-a0d5-d514404ffd6c - - - - -] Network c7e8a4fb-285a-4542-8e45-8f452eee81f3 details requested by agent ovs-agent-undercloud.localdomain with host undercloud.localdomain get_network_details /usr/lib/python3.9/site-packages/neutron/plugins/ml2/rpc.py:232
2025-10-14 07:57:51.274 17 DEBUG neutron.api.v2.base [req-52f84eed-1936-4a8f-a38a-e1ba4f3b267c 45eae6a3ee6a4c7fa94c0ee3e7618612 0099d4faab4a48678343bed21f68e0b4 - default default] Request body: {'port': {'dns_name': 'np0005486728', 'name': 'np0005486728_ovn_physnet_datacentre', 'network_id': 'c7e8a4fb-285a-4542-8e45-8f452eee81f3'}} prepare_request_body /usr/lib/python3.9/site-packages/neutron/api/v2/base.py:729
2025-10-14 07:57:51.278 18 DEBUG neutron.api.v2.base [req-02563e8e-7124-4aaf-b901-0cbdc9565dc1 45eae6a3ee6a4c7fa94c0ee3e7618612 0099d4faab4a48678343bed21f68e0b4 - default default] Request body: {'port': {'dns_name': 'np0005486730', 'name': 'np0005486730_ovn_physnet_datacentre', 'network_id': 'c7e8a4fb-285a-4542-8e45-8f452eee81f3'}} prepare_request_body /usr/lib/python3.9/site-packages/neutron/api/v2/base.py:729
2025-10-14 07:57:51.285 17 DEBUG neutron.pecan_wsgi.hooks.quota_enforcement [req-52f84eed-1936-4a8f-a38a-e1ba4f3b267c 45eae6a3ee6a4c7fa94c0ee3e7618612 0099d4faab4a48678343bed21f68e0b4 - default default] Made reservation on behalf of 0099d4faab4a48678343bed21f68e0b4 for: {'port': 1} before /usr/lib/python3.9/site-packages/neutron/pecan_wsgi/hooks/quota_enforcement.py:53
2025-10-14 07:57:51.287 17 DEBUG neutron_lib.callbacks.manager [req-52f84eed-1936-4a8f-a38a-e1ba4f3b267c 45eae6a3ee6a4c7fa94c0ee3e7618612 0099d4faab4a48678343bed21f68e0b4 - default default] Notify callbacks ['neutron.plugins.ml2.plugin.SecurityGroupDbMixin._ensure_default_security_group_handler-623691'] for port, before_create _notify_loop /usr/lib/python3.9/site-packages/neutron_lib/callbacks/manager.py:200
2025-10-14 07:57:51.293 18 DEBUG neutron.pecan_wsgi.hooks.quota_enforcement [req-02563e8e-7124-4aaf-b901-0cbdc9565dc1 45eae6a3ee6a4c7fa94c0ee3e7618612 0099d4faab4a48678343bed21f68e0b4 - default default] Made reservation on behalf of 0099d4faab4a48678343bed21f68e0b4 for: {'port': 1} before /usr/lib/python3.9/site-packages/neutron/pecan_wsgi/hooks/quota_enforcement.py:53
2025-10-14 07:57:51.295 18 DEBUG neutron_lib.callbacks.manager [req-02563e8e-7124-4aaf-b901-0cbdc9565dc1 45eae6a3ee6a4c7fa94c0ee3e7618612 0099d4faab4a48678343bed21f68e0b4 - default default] Notify callbacks ['neutron.plugins.ml2.plugin.SecurityGroupDbMixin._ensure_default_security_group_handler-623691'] for port, before_create _notify_loop /usr/lib/python3.9/site-packages/neutron_lib/callbacks/manager.py:200
2025-10-14 07:57:51.306 17 DEBUG neutron.notifiers.nova [req-52f84eed-1936-4a8f-a38a-e1ba4f3b267c 45eae6a3ee6a4c7fa94c0ee3e7618612 0099d4faab4a48678343bed21f68e0b4 - default default] device_id is not set on port e0266cc6-4a6d-4cf5-90f7-bea821a0ac53 yet. _can_notify /usr/lib/python3.9/site-packages/neutron/notifiers/nova.py:201
2025-10-14 07:57:51.324 18 DEBUG neutron.notifiers.nova [req-02563e8e-7124-4aaf-b901-0cbdc9565dc1 45eae6a3ee6a4c7fa94c0ee3e7618612 0099d4faab4a48678343bed21f68e0b4 - default default] device_id is not set on port b1b94aba-a84f-44ee-a454-f6e325cce336 yet. _can_notify /usr/lib/python3.9/site-packages/neutron/notifiers/nova.py:201
2025-10-14 07:57:51.436 17 DEBUG neutron_lib.callbacks.manager [req-52f84eed-1936-4a8f-a38a-e1ba4f3b267c 45eae6a3ee6a4c7fa94c0ee3e7618612 0099d4faab4a48678343bed21f68e0b4 - default default] Notify callbacks [] for port, precommit_create _notify_loop /usr/lib/python3.9/site-packages/neutron_lib/callbacks/manager.py:200
