Oct 14 08:33:30 np0005486730 object-server[193317]: Object update sweep completed on /srv/node/d1 in 0.00s seconds:, 0 successes, 0 failures, 0 quarantines, 0 unlinks, 0 errors, 0 redirects (pid: 13)
Oct 14 08:33:30 np0005486730 object-server[193317]: Object update sweep of d1 completed: 0.00s, 0 successes, 0 failures, 0 quarantines, 0 unlinks, 0 errors, 0 redirects
Oct 14 08:33:30 np0005486730 object-server[123821]: Object update sweep completed: 0.08s
Oct 14 08:33:32 np0005486730 container-server[123148]: Beginning replication run
Oct 14 08:33:32 np0005486730 container-server[123148]: Replication run OVER
Oct 14 08:33:32 np0005486730 container-server[123148]: Attempted to replicate 0 dbs in 0.00162 seconds (0.00000/s)
Oct 14 08:33:32 np0005486730 container-server[123148]: Removed 0 dbs
Oct 14 08:33:32 np0005486730 container-server[123148]: 0 successes, 0 failures
Oct 14 08:33:32 np0005486730 container-server[123148]: diff:0 diff_capped:0 empty:0 hashmatch:0 no_change:0 remote_merge:0 rsync:0 ts_repl:0
Oct 14 08:33:35 np0005486730 object-server[123670]: Starting object replication pass.
Oct 14 08:33:35 np0005486730 object-server[123670]: Nothing replicated for 0.003728628158569336 seconds.
Oct 14 08:33:35 np0005486730 object-server[123670]: Object replication complete. (0.00 minutes)
Oct 14 08:33:36 np0005486730 object-server[193690]: Begin object audit "forever" mode (ZBF)
Oct 14 08:33:36 np0005486730 object-server[193691]: Begin object audit "forever" mode (ALL)
Oct 14 08:33:36 np0005486730 object-server[193690]: Object audit (ZBF) "forever" mode completed: 0.00s. Total quarantined: 0, Total errors: 0, Total files/sec: 0.00, Total bytes/sec: 0.00, Auditing time: 0.00, Rate: 0.00
Oct 14 08:33:36 np0005486730 object-server[193691]: Object audit (ALL) "forever" mode completed: 0.00s. Total quarantined: 0, Total errors: 0, Total files/sec: 0.00, Total bytes/sec: 0.00, Auditing time: 0.00, Rate: 0.00
Oct 14 08:33:45 np0005486730 account-server[122954]: Beginning replication run
Oct 14 08:33:45 np0005486730 account-server[122954]: Replication run OVER
Oct 14 08:33:45 np0005486730 account-server[122954]: Attempted to replicate 0 dbs in 0.00183 seconds (0.00000/s)
Oct 14 08:33:45 np0005486730 account-server[122954]: Removed 0 dbs
Oct 14 08:33:45 np0005486730 account-server[122954]: 0 successes, 0 failures
Oct 14 08:33:45 np0005486730 account-server[122954]: diff:0 diff_capped:0 empty:0 hashmatch:0 no_change:0 remote_merge:0 rsync:0 ts_repl:0
Oct 14 08:34:02 np0005486730 container-server[123148]: Beginning replication run
Oct 14 08:34:02 np0005486730 container-server[123148]: Replication run OVER
Oct 14 08:34:02 np0005486730 container-server[123148]: Attempted to replicate 0 dbs in 0.00230 seconds (0.00000/s)
Oct 14 08:34:02 np0005486730 container-server[123148]: Removed 0 dbs
Oct 14 08:34:02 np0005486730 container-server[123148]: 0 successes, 0 failures
Oct 14 08:34:02 np0005486730 container-server[123148]: diff:0 diff_capped:0 empty:0 hashmatch:0 no_change:0 remote_merge:0 rsync:0 ts_repl:0
Oct 14 08:34:05 np0005486730 object-server[123670]: Starting object replication pass.
Oct 14 08:34:05 np0005486730 object-server[123670]: Nothing replicated for 0.0024003982543945312 seconds.
Oct 14 08:34:05 np0005486730 object-server[123670]: Object replication complete. (0.00 minutes)
Oct 14 08:34:06 np0005486730 object-server[193692]: Begin object audit "forever" mode (ZBF)
Oct 14 08:34:06 np0005486730 object-server[193692]: Object audit (ZBF) "forever" mode completed: 0.00s. Total quarantined: 0, Total errors: 0, Total files/sec: 0.00, Total bytes/sec: 0.00, Auditing time: 0.00, Rate: 0.00
Oct 14 08:34:15 np0005486730 account-server[122954]: Beginning replication run
Oct 14 08:34:15 np0005486730 account-server[122954]: Replication run OVER
Oct 14 08:34:15 np0005486730 account-server[122954]: Attempted to replicate 0 dbs in 0.00214 seconds (0.00000/s)
Oct 14 08:34:15 np0005486730 account-server[122954]: Removed 0 dbs
Oct 14 08:34:15 np0005486730 account-server[122954]: 0 successes, 0 failures
Oct 14 08:34:15 np0005486730 account-server[122954]: diff:0 diff_capped:0 empty:0 hashmatch:0 no_change:0 remote_merge:0 rsync:0 ts_repl:0
Oct 14 08:34:32 np0005486730 container-server[123148]: Beginning replication run
Oct 14 08:34:32 np0005486730 container-server[123148]: Replication run OVER
Oct 14 08:34:32 np0005486730 container-server[123148]: Attempted to replicate 0 dbs in 0.00185 seconds (0.00000/s)
Oct 14 08:34:32 np0005486730 container-server[123148]: Removed 0 dbs
Oct 14 08:34:32 np0005486730 container-server[123148]: 0 successes, 0 failures
Oct 14 08:34:32 np0005486730 container-server[123148]: diff:0 diff_capped:0 empty:0 hashmatch:0 no_change:0 remote_merge:0 rsync:0 ts_repl:0
Oct 14 08:34:35 np0005486730 object-server[123670]: Starting object replication pass.
Oct 14 08:34:35 np0005486730 object-server[123670]: Nothing replicated for 0.0024068355560302734 seconds.
Oct 14 08:34:35 np0005486730 object-server[123670]: Object replication complete. (0.00 minutes)
Oct 14 08:34:36 np0005486730 object-server[199747]: Begin object audit "forever" mode (ZBF)
Oct 14 08:34:36 np0005486730 object-server[199747]: Object audit (ZBF) "forever" mode completed: 0.00s. Total quarantined: 0, Total errors: 0, Total files/sec: 0.00, Total bytes/sec: 0.00, Auditing time: 0.00, Rate: 0.00
Oct 14 08:34:36 np0005486730 object-server[199748]: Begin object audit "forever" mode (ALL)
Oct 14 08:34:36 np0005486730 object-server[199748]: Object audit (ALL) "forever" mode completed: 0.00s. Total quarantined: 0, Total errors: 0, Total files/sec: 0.00, Total bytes/sec: 0.00, Auditing time: 0.00, Rate: 0.00
Oct 14 08:34:45 np0005486730 account-server[122954]: Beginning replication run
Oct 14 08:34:45 np0005486730 account-server[122954]: Replication run OVER
Oct 14 08:34:45 np0005486730 account-server[122954]: Attempted to replicate 0 dbs in 0.00121 seconds (0.00000/s)
Oct 14 08:34:45 np0005486730 account-server[122954]: Removed 0 dbs
Oct 14 08:34:45 np0005486730 account-server[122954]: 0 successes, 0 failures
Oct 14 08:34:45 np0005486730 account-server[122954]: diff:0 diff_capped:0 empty:0 hashmatch:0 no_change:0 remote_merge:0 rsync:0 ts_repl:0
Oct 14 08:34:45 np0005486730 account-server[123324]: 172.20.0.103 - - [14/Oct/2025:08:34:45 +0000] "HEAD /d1/509/.expiring_objects" 404 - "HEAD http://localhost/v1/.expiring_objects?format=json" "tx227929884060430299073-0068ee0b25" "proxy-server 2" 0.0007 "-" 14 -
Oct 14 08:35:02 np0005486730 container-server[123148]: Beginning replication run
Oct 14 08:35:02 np0005486730 container-server[123148]: Replication run OVER
Oct 14 08:35:02 np0005486730 container-server[123148]: Attempted to replicate 0 dbs in 0.00180 seconds (0.00000/s)
Oct 14 08:35:02 np0005486730 container-server[123148]: Removed 0 dbs
Oct 14 08:35:02 np0005486730 container-server[123148]: 0 successes, 0 failures
Oct 14 08:35:02 np0005486730 container-server[123148]: diff:0 diff_capped:0 empty:0 hashmatch:0 no_change:0 remote_merge:0 rsync:0 ts_repl:0
Oct 14 08:35:04 np0005486730 account-server[123351]: 172.20.0.103 - - [14/Oct/2025:08:35:04 +0000] "HEAD /d1/509/.expiring_objects" 404 - "HEAD http://localhost/v1/.expiring_objects?format=json" "txc0ce3cc3a6224a93a0131-0068ee0b38" "proxy-server 2" 0.0008 "-" 17 -
Oct 14 08:35:05 np0005486730 object-server[123670]: Starting object replication pass.
Oct 14 08:35:05 np0005486730 object-server[123670]: Nothing replicated for 0.003622293472290039 seconds.
Oct 14 08:35:05 np0005486730 object-server[123670]: Object replication complete. (0.00 minutes)
Oct 14 08:35:06 np0005486730 object-server[202599]: Begin object audit "forever" mode (ZBF)
Oct 14 08:35:06 np0005486730 object-server[202599]: Object audit (ZBF) "forever" mode completed: 0.00s. Total quarantined: 0, Total errors: 0, Total files/sec: 0.00, Total bytes/sec: 0.00, Auditing time: 0.00, Rate: 0.00
Oct 14 08:35:06 np0005486730 object-server[202600]: Begin object audit "forever" mode (ALL)
Oct 14 08:35:06 np0005486730 object-server[202600]: Object audit (ALL) "forever" mode completed: 0.00s. Total quarantined: 0, Total errors: 0, Total files/sec: 0.00, Total bytes/sec: 0.00, Auditing time: 0.00, Rate: 0.00
Oct 14 08:35:15 np0005486730 account-server[122954]: Beginning replication run
Oct 14 08:35:15 np0005486730 account-server[122954]: Replication run OVER
Oct 14 08:35:15 np0005486730 account-server[122954]: Attempted to replicate 0 dbs in 0.00176 seconds (0.00000/s)
Oct 14 08:35:15 np0005486730 account-server[122954]: Removed 0 dbs
Oct 14 08:35:15 np0005486730 account-server[122954]: 0 successes, 0 failures
Oct 14 08:35:15 np0005486730 account-server[122954]: diff:0 diff_capped:0 empty:0 hashmatch:0 no_change:0 remote_merge:0 rsync:0 ts_repl:0
Oct 14 08:35:26 np0005486730 account-server[123351]: 172.20.0.105 - - [14/Oct/2025:08:35:26 +0000] "HEAD /d1/509/.expiring_objects" 404 - "HEAD http://localhost/v1/.expiring_objects?format=json" "tx24525a3a9a734fc5a4916-0068ee0b4e" "proxy-server 2" 0.0009 "-" 17 -
Oct 14 08:35:26 np0005486730 object-expirer[123663]: Pass completed in 0s; 0 objects expired (txn: tx24525a3a9a734fc5a4916-0068ee0b4e)
Oct 14 08:35:31 np0005486730 account-server[123345]: 172.20.0.104 - - [14/Oct/2025:08:35:31 +0000] "HEAD /d1/509/.expiring_objects" 404 - "HEAD http://localhost/v1/.expiring_objects?format=json" "tx73f154ae05a84c80847e7-0068ee0b53" "proxy-server 2" 0.0008 "-" 16 -
Oct 14 08:35:32 np0005486730 container-server[123148]: Beginning replication run
Oct 14 08:35:32 np0005486730 container-server[123148]: Replication run OVER
Oct 14 08:35:32 np0005486730 container-server[123148]: Attempted to replicate 0 dbs in 0.00177 seconds (0.00000/s)
Oct 14 08:35:32 np0005486730 container-server[123148]: Removed 0 dbs
Oct 14 08:35:32 np0005486730 container-server[123148]: 0 successes, 0 failures
Oct 14 08:35:32 np0005486730 container-server[123148]: diff:0 diff_capped:0 empty:0 hashmatch:0 no_change:0 remote_merge:0 rsync:0 ts_repl:0
Oct 14 08:35:35 np0005486730 object-server[123670]: Starting object replication pass.
Oct 14 08:35:35 np0005486730 object-server[123670]: Nothing replicated for 0.0022203922271728516 seconds.
Oct 14 08:35:35 np0005486730 object-server[123670]: Object replication complete. (0.00 minutes)
Oct 14 08:35:36 np0005486730 object-server[205400]: Begin object audit "forever" mode (ZBF)
Oct 14 08:35:36 np0005486730 object-server[205400]: Object audit (ZBF) "forever" mode completed: 0.00s. Total quarantined: 0, Total errors: 0, Total files/sec: 0.00, Total bytes/sec: 0.00, Auditing time: 0.00, Rate: 0.00
Oct 14 08:35:36 np0005486730 object-server[205401]: Begin object audit "forever" mode (ALL)
Oct 14 08:35:36 np0005486730 object-server[205401]: Object audit (ALL) "forever" mode completed: 0.00s. Total quarantined: 0, Total errors: 0, Total files/sec: 0.00, Total bytes/sec: 0.00, Auditing time: 0.00, Rate: 0.00
Oct 14 08:35:45 np0005486730 account-server[122954]: Beginning replication run
Oct 14 08:35:45 np0005486730 account-server[122954]: Replication run OVER
Oct 14 08:35:45 np0005486730 account-server[122954]: Attempted to replicate 0 dbs in 0.00182 seconds (0.00000/s)
Oct 14 08:35:45 np0005486730 account-server[122954]: Removed 0 dbs
Oct 14 08:35:45 np0005486730 account-server[122954]: 0 successes, 0 failures
Oct 14 08:35:45 np0005486730 account-server[122954]: diff:0 diff_capped:0 empty:0 hashmatch:0 no_change:0 remote_merge:0 rsync:0 ts_repl:0
Oct 14 08:36:02 np0005486730 container-server[123148]: Beginning replication run
Oct 14 08:36:02 np0005486730 container-server[123148]: Replication run OVER
Oct 14 08:36:02 np0005486730 container-server[123148]: Attempted to replicate 0 dbs in 0.00260 seconds (0.00000/s)
Oct 14 08:36:02 np0005486730 container-server[123148]: Removed 0 dbs
Oct 14 08:36:02 np0005486730 container-server[123148]: 0 successes, 0 failures
Oct 14 08:36:02 np0005486730 container-server[123148]: diff:0 diff_capped:0 empty:0 hashmatch:0 no_change:0 remote_merge:0 rsync:0 ts_repl:0
Oct 14 08:36:05 np0005486730 object-server[123670]: Starting object replication pass.
Oct 14 08:36:05 np0005486730 object-server[123670]: Nothing replicated for 0.00424504280090332 seconds.
Oct 14 08:36:05 np0005486730 object-server[123670]: Object replication complete. (0.00 minutes)
Oct 14 08:36:06 np0005486730 object-server[205402]: Begin object audit "forever" mode (ZBF)
Oct 14 08:36:06 np0005486730 object-server[205402]: Object audit (ZBF) "forever" mode completed: 0.00s. Total quarantined: 0, Total errors: 0, Total files/sec: 0.00, Total bytes/sec: 0.00, Auditing time: 0.00, Rate: 0.00
Oct 14 08:36:15 np0005486730 account-server[122954]: Beginning replication run
Oct 14 08:36:15 np0005486730 account-server[122954]: Replication run OVER
Oct 14 08:36:15 np0005486730 account-server[122954]: Attempted to replicate 0 dbs in 0.00187 seconds (0.00000/s)
Oct 14 08:36:15 np0005486730 account-server[122954]: Removed 0 dbs
Oct 14 08:36:15 np0005486730 account-server[122954]: 0 successes, 0 failures
Oct 14 08:36:15 np0005486730 account-server[122954]: diff:0 diff_capped:0 empty:0 hashmatch:0 no_change:0 remote_merge:0 rsync:0 ts_repl:0
Oct 14 08:36:15 np0005486730 account-server[123351]: 172.20.0.103 - - [14/Oct/2025:08:36:15 +0000] "HEAD /d1/338/AUTH_f669ac1a1893421f91ae49881790edbc" 404 - "HEAD http://172.18.0.210:8080/v1/AUTH_f669ac1a1893421f91ae49881790edbc?format=json" "tx36c94145f66245419ab67-0068ee0b7f" "proxy-server 20" 0.0008 "-" 17 -
Oct 14 08:36:16 np0005486730 object-server[123891]: 172.20.0.103 - - [14/Oct/2025:08:36:16 +0000] "GET /d1/160/AUTH_f669ac1a1893421f91ae49881790edbc/gnocchi.3b1c1661-98a9-4209-b569-c17f57c06b9c/none_v3" 404 70 "GET http://172.18.0.210:8080/v1/AUTH_f669ac1a1893421f91ae49881790edbc/gnocchi.3b1c1661-98a9-4209-b569-c17f57c06b9c/none_v3" "tx36c94145f66245419ab67-0068ee0b7f" "proxy-server 20" 0.0018 "-" 23 0
Oct 14 08:36:16 np0005486730 account-server[123344]: 172.20.0.105 - - [14/Oct/2025:08:36:16 +0000] "PUT /d1/338/AUTH_f669ac1a1893421f91ae49881790edbc" 201 - "-" "tx7c9bb67dd93e44519d542-0068ee0b80" "-" 0.0174 "-" 15 -
Oct 14 08:36:16 np0005486730 proxy-server[125405]: autocreate account '/AUTH_f669ac1a1893421f91ae49881790edbc' (txn: tx7c9bb67dd93e44519d542-0068ee0b80)
Oct 14 08:36:16 np0005486730 account-server[123351]: 172.20.0.105 - - [14/Oct/2025:08:36:16 +0000] "PUT /d1/338/AUTH_f669ac1a1893421f91ae49881790edbc/gnocchi.3b1c1661-98a9-4209-b569-c17f57c06b9c" 201 - "PUT http://172.20.0.105:6001/d1/811/AUTH_f669ac1a1893421f91ae49881790edbc/gnocchi.3b1c1661-98a9-4209-b569-c17f57c06b9c" "tx7c9bb67dd93e44519d542-0068ee0b80" "container-server 21" 0.0026 "-" 17 0
Oct 14 08:36:16 np0005486730 container-server[123460]: 172.20.0.105 - - [14/Oct/2025:08:36:16 +0000] "PUT /d1/811/AUTH_f669ac1a1893421f91ae49881790edbc/gnocchi.3b1c1661-98a9-4209-b569-c17f57c06b9c" 201 - "PUT http://172.18.0.210:8080/v1/AUTH_f669ac1a1893421f91ae49881790edbc/gnocchi.3b1c1661-98a9-4209-b569-c17f57c06b9c" "tx7c9bb67dd93e44519d542-0068ee0b80" "proxy-server 20" 0.0186 "-" 21 0
Oct 14 08:36:16 np0005486730 proxy-server[125405]: 172.18.0.105 172.18.0.104 14/Oct/2025/08/36/16 PUT /v1/AUTH_f669ac1a1893421f91ae49881790edbc/gnocchi.3b1c1661-98a9-4209-b569-c17f57c06b9c HTTP/1.0 201 - python-swiftclient-3.11.1 gAAAAABo7gt_3y-i... - - - tx7c9bb67dd93e44519d542-0068ee0b80 - 0.0795 - - 1760430976.369404554 1760430976.448945999 0
Oct 14 08:36:16 np0005486730 object-server[123891]: 172.20.0.103 - - [14/Oct/2025:08:36:16 +0000] "GET /d1/365/AUTH_f669ac1a1893421f91ae49881790edbc/gnocchi.3b1c1661-98a9-4209-b569-c17f57c06b9c/1760400000.0_mean_300.0_v3" 404 70 "GET http://172.18.0.210:8080/v1/AUTH_f669ac1a1893421f91ae49881790edbc/gnocchi.3b1c1661-98a9-4209-b569-c17f57c06b9c/1760400000.0_mean_300.0_v3" "tx848dfc1a3cc04fc9af531-0068ee0b80" "proxy-server 20" 0.0005 "-" 23 0
Oct 14 08:36:16 np0005486730 container-server[123460]: 172.20.0.105 - - [14/Oct/2025:08:36:16 +0000] "PUT /d1/811/AUTH_f669ac1a1893421f91ae49881790edbc/gnocchi.3b1c1661-98a9-4209-b569-c17f57c06b9c/1760400000.0_mean_300.0_v3" 201 - "PUT http://172.18.0.210:8080/d1/365/AUTH_f669ac1a1893421f91ae49881790edbc/gnocchi.3b1c1661-98a9-4209-b569-c17f57c06b9c/1760400000.0_mean_300.0_v3" "txe661b2fbba624f45ac144-0068ee0b80" "object-server 24" 0.0009 "-" 21 0
Oct 14 08:36:16 np0005486730 object-server[123892]: 172.20.0.105 - - [14/Oct/2025:08:36:16 +0000] "PUT /d1/365/AUTH_f669ac1a1893421f91ae49881790edbc/gnocchi.3b1c1661-98a9-4209-b569-c17f57c06b9c/1760400000.0_mean_300.0_v3" 201 - "PUT http://172.18.0.210:8080/v1/AUTH_f669ac1a1893421f91ae49881790edbc/gnocchi.3b1c1661-98a9-4209-b569-c17f57c06b9c/1760400000.0_mean_300.0_v3" "txe661b2fbba624f45ac144-0068ee0b80" "proxy-server 20" 0.0353 "-" 24 0
Oct 14 08:36:16 np0005486730 proxy-server[125405]: 172.18.0.105 172.18.0.104 14/Oct/2025/08/36/16 PUT /v1/AUTH_f669ac1a1893421f91ae49881790edbc/gnocchi.3b1c1661-98a9-4209-b569-c17f57c06b9c/1760400000.0_mean_300.0_v3 HTTP/1.0 201 - python-swiftclient-3.11.1 gAAAAABo7gt_3y-i... 16 - - txe661b2fbba624f45ac144-0068ee0b80 - 0.0543 - - 1760430976.522887230 1760430976.577202082 0
Oct 14 08:36:16 np0005486730 object-server[123893]: 172.20.0.104 - - [14/Oct/2025:08:36:16 +0000] "PUT /d1/160/AUTH_f669ac1a1893421f91ae49881790edbc/gnocchi.3b1c1661-98a9-4209-b569-c17f57c06b9c/none_v3" 201 - "PUT http://172.18.0.210:8080/v1/AUTH_f669ac1a1893421f91ae49881790edbc/gnocchi.3b1c1661-98a9-4209-b569-c17f57c06b9c/none_v3" "tx83d9e8cb9f09420b91313-0068ee0b80" "proxy-server 12" 0.0372 "-" 25 0
Oct 14 08:36:16 np0005486730 container-server[123471]: 172.20.0.104 - - [14/Oct/2025:08:36:16 +0000] "PUT /d1/811/AUTH_f669ac1a1893421f91ae49881790edbc/gnocchi.3b1c1661-98a9-4209-b569-c17f57c06b9c/none_v3" 201 - "PUT http://172.18.0.210:8080/d1/160/AUTH_f669ac1a1893421f91ae49881790edbc/gnocchi.3b1c1661-98a9-4209-b569-c17f57c06b9c/none_v3" "tx83d9e8cb9f09420b91313-0068ee0b80" "object-server 25" 0.0016 "-" 23 0
Oct 14 08:36:32 np0005486730 container-server[123148]: Beginning replication run
Oct 14 08:36:32 np0005486730 container-server[123148]: Replication run OVER
Oct 14 08:36:32 np0005486730 container-server[123148]: Attempted to replicate 1 dbs in 0.05198 seconds (19.23786/s)
Oct 14 08:36:32 np0005486730 container-server[123148]: Removed 0 dbs
Oct 14 08:36:32 np0005486730 container-server[123148]: 2 successes, 0 failures
Oct 14 08:36:32 np0005486730 container-server[123148]: diff:0 diff_capped:0 empty:0 hashmatch:0 no_change:2 remote_merge:0 rsync:0 ts_repl:0
Oct 14 08:36:35 np0005486730 object-server[123670]: Starting object replication pass.
Oct 14 08:36:35 np0005486730 object-server[123670]: 2/2 (100.00%) partitions replicated in 0.06s (33.03/sec, 0s remaining)
Oct 14 08:36:35 np0005486730 object-server[123670]: 4 successes, 0 failures
Oct 14 08:36:35 np0005486730 object-server[123670]: 2 suffixes checked - 0.00% hashed, 0.00% synced
Oct 14 08:36:35 np0005486730 object-server[123670]: Partition times: max 0.0321s, min 0.0241s, med 0.0321s
Oct 14 08:36:35 np0005486730 object-server[123670]: Object replication complete. (0.00 minutes)
Oct 14 08:36:36 np0005486730 object-server[211377]: Begin object audit "forever" mode (ALL)
Oct 14 08:36:36 np0005486730 object-server[211376]: Begin object audit "forever" mode (ZBF)
Oct 14 08:36:36 np0005486730 object-server[211376]: Object audit (ZBF). Since Tue Oct 14 08:36:36 2025: Locally: 1 passed, 0 quarantined, 0 errors, files/sec: 571.12, bytes/sec: 0.00, Total time: 0.00, Auditing time: 0.00, Rate: 0.00
Oct 14 08:36:36 np0005486730 object-server[211376]: Object audit (ZBF) "forever" mode completed: 0.00s. Total quarantined: 0, Total errors: 0, Total files/sec: 442.41, Total bytes/sec: 0.00, Auditing time: 0.00, Rate: 0.30
Oct 14 08:36:36 np0005486730 object-server[211377]: Object audit (ALL). Since Tue Oct 14 08:36:36 2025: Locally: 1 passed, 0 quarantined, 0 errors, files/sec: 125.87, bytes/sec: 2013.95, Total time: 0.01, Auditing time: 0.00, Rate: 0.00
Oct 14 08:36:36 np0005486730 object-server[211377]: Object audit (ALL) "forever" mode completed: 0.01s. Total quarantined: 0, Total errors: 0, Total files/sec: 171.62, Total bytes/sec: 3260.84, Auditing time: 0.01, Rate: 0.71
Oct 14 08:36:41 np0005486730 account-server[123324]: 172.20.0.105 - - [14/Oct/2025:08:36:41 +0000] "HEAD /d1/509/.expiring_objects" 404 - "HEAD http://localhost/v1/.expiring_objects?format=json" "txfd75dd2dd8a44128b1aa1-0068ee0b99" "proxy-server 2" 0.0006 "-" 14 -
Oct 14 08:36:41 np0005486730 object-expirer[123663]: Pass completed in 0s; 0 objects expired (txn: txfd75dd2dd8a44128b1aa1-0068ee0b99)
Oct 14 08:36:44 np0005486730 account-server[123344]: 172.20.0.103 - - [14/Oct/2025:08:36:44 +0000] "HEAD /d1/509/.expiring_objects" 404 - "HEAD http://localhost/v1/.expiring_objects?format=json" "txe809201efd5f41b2aebe5-0068ee0b9c" "proxy-server 2" 0.0006 "-" 15 -
Oct 14 08:36:45 np0005486730 proxy-server[125405]: 172.18.0.105 172.18.0.104 14/Oct/2025/08/36/45 GET /v1/AUTH_f669ac1a1893421f91ae49881790edbc/gnocchi.3b1c1661-98a9-4209-b569-c17f57c06b9c%3Fformat%3Djson%26states%3Dlisting HTTP/1.0 200 - python-swiftclient-3.11.1 gAAAAABo7gt_3y-i... - 357 - txacdd9af9e01a400b81ca2-0068ee0b9d - 0.0176 - - 1760431005.556398392 1760431005.574042559 0
Oct 14 08:36:45 np0005486730 container-server[123471]: 172.20.0.105 - - [14/Oct/2025:08:36:45 +0000] "PUT /d1/811/AUTH_f669ac1a1893421f91ae49881790edbc/gnocchi.3b1c1661-98a9-4209-b569-c17f57c06b9c/1760400000.0_mean_300.0_v3" 201 - "PUT http://172.18.0.210:8080/d1/365/AUTH_f669ac1a1893421f91ae49881790edbc/gnocchi.3b1c1661-98a9-4209-b569-c17f57c06b9c/1760400000.0_mean_300.0_v3" "tx66a160282f504b44a2ae8-0068ee0b9d" "object-server 24" 0.0015 "-" 23 0
Oct 14 08:36:45 np0005486730 object-server[123892]: 172.20.0.105 - - [14/Oct/2025:08:36:45 +0000] "PUT /d1/365/AUTH_f669ac1a1893421f91ae49881790edbc/gnocchi.3b1c1661-98a9-4209-b569-c17f57c06b9c/1760400000.0_mean_300.0_v3" 201 - "PUT http://172.18.0.210:8080/v1/AUTH_f669ac1a1893421f91ae49881790edbc/gnocchi.3b1c1661-98a9-4209-b569-c17f57c06b9c/1760400000.0_mean_300.0_v3" "tx66a160282f504b44a2ae8-0068ee0b9d" "proxy-server 20" 0.0161 "-" 24 0
Oct 14 08:36:45 np0005486730 proxy-server[125405]: 172.18.0.105 172.18.0.104 14/Oct/2025/08/36/45 PUT /v1/AUTH_f669ac1a1893421f91ae49881790edbc/gnocchi.3b1c1661-98a9-4209-b569-c17f57c06b9c/1760400000.0_mean_300.0_v3 HTTP/1.0 201 - python-swiftclient-3.11.1 gAAAAABo7gt_3y-i... 16 - - tx66a160282f504b44a2ae8-0068ee0b9d - 0.0314 - - 1760431005.617683887 1760431005.649034023 0
Oct 14 08:36:45 np0005486730 object-server[123892]: 172.20.0.104 - - [14/Oct/2025:08:36:45 +0000] "PUT /d1/160/AUTH_f669ac1a1893421f91ae49881790edbc/gnocchi.3b1c1661-98a9-4209-b569-c17f57c06b9c/none_v3" 201 - "PUT http://172.18.0.210:8080/v1/AUTH_f669ac1a1893421f91ae49881790edbc/gnocchi.3b1c1661-98a9-4209-b569-c17f57c06b9c/none_v3" "txb126e296251c44509ea87-0068ee0b9d" "proxy-server 12" 0.0205 "-" 24 0
Oct 14 08:36:45 np0005486730 container-server[123444]: 172.20.0.103 - - [14/Oct/2025:08:36:45 +0000] "PUT /d1/811/AUTH_f669ac1a1893421f91ae49881790edbc/gnocchi.3b1c1661-98a9-4209-b569-c17f57c06b9c/none_v3" 201 - "PUT http://172.18.0.210:8080/d1/160/AUTH_f669ac1a1893421f91ae49881790edbc/gnocchi.3b1c1661-98a9-4209-b569-c17f57c06b9c/none_v3" "txb126e296251c44509ea87-0068ee0b9d" "object-server 25" 0.0015 "-" 20 0
Oct 14 08:36:45 np0005486730 account-server[122954]: Beginning replication run
Oct 14 08:36:45 np0005486730 account-server[122954]: Replication run OVER
Oct 14 08:36:45 np0005486730 account-server[122954]: Attempted to replicate 1 dbs in 0.02386 seconds (41.90306/s)
Oct 14 08:36:45 np0005486730 account-server[122954]: Removed 0 dbs
Oct 14 08:36:45 np0005486730 account-server[122954]: 2 successes, 0 failures
Oct 14 08:36:45 np0005486730 account-server[122954]: diff:0 diff_capped:0 empty:0 hashmatch:0 no_change:2 remote_merge:0 rsync:0 ts_repl:0
Oct 14 08:37:02 np0005486730 container-server[123148]: Beginning replication run
Oct 14 08:37:02 np0005486730 container-server[123148]: Replication run OVER
Oct 14 08:37:02 np0005486730 container-server[123148]: Attempted to replicate 1 dbs in 0.03960 seconds (25.25466/s)
Oct 14 08:37:02 np0005486730 container-server[123148]: Removed 0 dbs
Oct 14 08:37:02 np0005486730 container-server[123148]: 2 successes, 0 failures
Oct 14 08:37:02 np0005486730 container-server[123148]: diff:0 diff_capped:0 empty:0 hashmatch:0 no_change:2 remote_merge:0 rsync:0 ts_repl:0
Oct 14 08:37:05 np0005486730 object-server[123670]: Starting object replication pass.
Oct 14 08:37:05 np0005486730 object-server[123670]: 2/2 (100.00%) partitions replicated in 0.04s (55.87/sec, 0s remaining)
Oct 14 08:37:05 np0005486730 object-server[123670]: 4 successes, 0 failures
Oct 14 08:37:05 np0005486730 object-server[123670]: 2 suffixes checked - 0.00% hashed, 0.00% synced
Oct 14 08:37:05 np0005486730 object-server[123670]: Partition times: max 0.0223s, min 0.0092s, med 0.0223s
Oct 14 08:37:05 np0005486730 object-server[123670]: Object replication complete. (0.00 minutes)
Oct 14 08:37:06 np0005486730 object-server[211379]: Begin object audit "forever" mode (ZBF)
Oct 14 08:37:06 np0005486730 object-server[211379]: Object audit (ZBF). Since Tue Oct 14 08:37:06 2025: Locally: 1 passed, 0 quarantined, 0 errors, files/sec: 853.19, bytes/sec: 0.00, Total time: 0.00, Auditing time: 0.00, Rate: 0.00
Oct 14 08:37:06 np0005486730 object-server[211379]: Object audit (ZBF) "forever" mode completed: 0.00s. Total quarantined: 0, Total errors: 0, Total files/sec: 701.39, Total bytes/sec: 0.00, Auditing time: 0.00, Rate: 0.29
Oct 14 08:37:15 np0005486730 account-server[122954]: Beginning replication run
Oct 14 08:37:15 np0005486730 account-server[122954]: Replication run OVER
Oct 14 08:37:15 np0005486730 account-server[122954]: Attempted to replicate 1 dbs in 0.02109 seconds (47.41876/s)
Oct 14 08:37:15 np0005486730 account-server[122954]: Removed 0 dbs
Oct 14 08:37:15 np0005486730 account-server[122954]: 2 successes, 0 failures
Oct 14 08:37:15 np0005486730 account-server[122954]: diff:0 diff_capped:0 empty:0 hashmatch:0 no_change:2 remote_merge:0 rsync:0 ts_repl:0
Oct 14 08:37:16 np0005486730 account-server[123351]: 172.20.0.103 - - [14/Oct/2025:08:37:16 +0000] "HEAD /d1/338/AUTH_f669ac1a1893421f91ae49881790edbc" 204 - "HEAD http://172.18.0.210:8080/v1/AUTH_f669ac1a1893421f91ae49881790edbc?format=json" "tx67e0e917eb0e43e188214-0068ee0bbc" "proxy-server 20" 0.0030 "-" 17 -
Oct 14 08:37:16 np0005486730 container-server[123444]: 172.20.0.103 - - [14/Oct/2025:08:37:16 +0000] "HEAD /d1/11/AUTH_f669ac1a1893421f91ae49881790edbc/gnocchi.a3a290ed-5229-4b1d-b88d-f8068665441e" 404 - "HEAD http://172.18.0.210:8080/v1/AUTH_f669ac1a1893421f91ae49881790edbc/gnocchi.a3a290ed-5229-4b1d-b88d-f8068665441e?format=json&states=listing" "tx67e0e917eb0e43e188214-0068ee0bbc" "proxy-server 20" 0.0012 "-" 20 0
Oct 14 08:37:16 np0005486730 object-server[123893]: 172.20.0.103 - - [14/Oct/2025:08:37:16 +0000] "GET /d1/169/AUTH_f669ac1a1893421f91ae49881790edbc/gnocchi.a3a290ed-5229-4b1d-b88d-f8068665441e/none_v3" 404 70 "GET http://172.18.0.210:8080/v1/AUTH_f669ac1a1893421f91ae49881790edbc/gnocchi.a3a290ed-5229-4b1d-b88d-f8068665441e/none_v3" "tx67e0e917eb0e43e188214-0068ee0bbc" "proxy-server 20" 0.0008 "-" 25 0
Oct 14 08:37:16 np0005486730 account-server[123351]: 172.20.0.104 - - [14/Oct/2025:08:37:16 +0000] "PUT /d1/338/AUTH_f669ac1a1893421f91ae49881790edbc/gnocchi.a3a290ed-5229-4b1d-b88d-f8068665441e" 201 - "PUT http://172.20.0.104:6001/d1/11/AUTH_f669ac1a1893421f91ae49881790edbc/gnocchi.a3a290ed-5229-4b1d-b88d-f8068665441e" "txe7bfefd884d94880a7e4e-0068ee0bbc" "container-server 22" 0.0018 "-" 17 0
Oct 14 08:37:16 np0005486730 container-server[123471]: 172.20.0.105 - - [14/Oct/2025:08:37:16 +0000] "PUT /d1/11/AUTH_f669ac1a1893421f91ae49881790edbc/gnocchi.a3a290ed-5229-4b1d-b88d-f8068665441e" 201 - "PUT http://172.18.0.210:8080/v1/AUTH_f669ac1a1893421f91ae49881790edbc/gnocchi.a3a290ed-5229-4b1d-b88d-f8068665441e" "txe7bfefd884d94880a7e4e-0068ee0bbc" "proxy-server 20" 0.0215 "-" 23 0
Oct 14 08:37:16 np0005486730 proxy-server[125405]: 172.18.0.105 172.18.0.104 14/Oct/2025/08/37/16 PUT /v1/AUTH_f669ac1a1893421f91ae49881790edbc/gnocchi.a3a290ed-5229-4b1d-b88d-f8068665441e HTTP/1.0 201 - python-swiftclient-3.11.1 gAAAAABo7gt_3y-i... - - - txe7bfefd884d94880a7e4e-0068ee0bbc - 0.0381 - - 1760431036.435164213 1760431036.473311663 0
Oct 14 08:37:16 np0005486730 container-server[123463]: 172.20.0.104 - - [14/Oct/2025:08:37:16 +0000] "HEAD /d1/11/AUTH_f669ac1a1893421f91ae49881790edbc/gnocchi.a3a290ed-5229-4b1d-b88d-f8068665441e" 204 - "HEAD http://172.18.0.210:8080/v1/AUTH_f669ac1a1893421f91ae49881790edbc/gnocchi.a3a290ed-5229-4b1d-b88d-f8068665441e?format=json&states=listing" "tx29ba851557a7474987c29-0068ee0bbc" "proxy-server 12" 0.0043 "-" 22 0
Oct 14 08:37:16 np0005486730 container-server[123471]: 172.20.0.104 - - [14/Oct/2025:08:37:16 +0000] "GET /d1/11/AUTH_f669ac1a1893421f91ae49881790edbc/gnocchi.a3a290ed-5229-4b1d-b88d-f8068665441e" 200 2 "GET http://172.18.0.210:8080/v1/AUTH_f669ac1a1893421f91ae49881790edbc/gnocchi.a3a290ed-5229-4b1d-b88d-f8068665441e?format=json&states=listing" "tx29ba851557a7474987c29-0068ee0bbc" "proxy-server 12" 0.0038 "-" 23 0
Oct 14 08:37:16 np0005486730 object-server[123893]: 172.20.0.103 - - [14/Oct/2025:08:37:16 +0000] "GET /d1/425/AUTH_f669ac1a1893421f91ae49881790edbc/gnocchi.a3a290ed-5229-4b1d-b88d-f8068665441e/1760400000.0_mean_300.0_v3" 404 70 "GET http://172.18.0.210:8080/v1/AUTH_f669ac1a1893421f91ae49881790edbc/gnocchi.a3a290ed-5229-4b1d-b88d-f8068665441e/1760400000.0_mean_300.0_v3" "tx0e69f57a36894aafa392e-0068ee0bbc" "proxy-server 20" 0.0008 "-" 25 0
Oct 14 08:37:16 np0005486730 object-server[123892]: 172.20.0.105 - - [14/Oct/2025:08:37:16 +0000] "PUT /d1/425/AUTH_f669ac1a1893421f91ae49881790edbc/gnocchi.a3a290ed-5229-4b1d-b88d-f8068665441e/1760400000.0_mean_300.0_v3" 201 - "PUT http://172.18.0.210:8080/v1/AUTH_f669ac1a1893421f91ae49881790edbc/gnocchi.a3a290ed-5229-4b1d-b88d-f8068665441e/1760400000.0_mean_300.0_v3" "txa9f47fce7dbc410e9a2a0-0068ee0bbc" "proxy-server 20" 0.0217 "-" 24 0
Oct 14 08:37:16 np0005486730 container-server[123444]: 172.20.0.103 - - [14/Oct/2025:08:37:16 +0000] "PUT /d1/11/AUTH_f669ac1a1893421f91ae49881790edbc/gnocchi.a3a290ed-5229-4b1d-b88d-f8068665441e/1760400000.0_mean_300.0_v3" 201 - "PUT http://172.18.0.210:8080/d1/425/AUTH_f669ac1a1893421f91ae49881790edbc/gnocchi.a3a290ed-5229-4b1d-b88d-f8068665441e/1760400000.0_mean_300.0_v3" "txa9f47fce7dbc410e9a2a0-0068ee0bbc" "object-server 23" 0.0011 "-" 20 0
Oct 14 08:37:16 np0005486730 proxy-server[125405]: 172.18.0.105 172.18.0.104 14/Oct/2025/08/37/16 PUT /v1/AUTH_f669ac1a1893421f91ae49881790edbc/gnocchi.a3a290ed-5229-4b1d-b88d-f8068665441e/1760400000.0_mean_300.0_v3 HTTP/1.0 201 - python-swiftclient-3.11.1 gAAAAABo7gt_3y-i... 16 - - txa9f47fce7dbc410e9a2a0-0068ee0bbc - 0.0473 - - 1760431036.544168234 1760431036.591458082 0
Oct 14 08:37:16 np0005486730 container-server[123471]: 172.20.0.103 - - [14/Oct/2025:08:37:16 +0000] "PUT /d1/11/AUTH_f669ac1a1893421f91ae49881790edbc/gnocchi.a3a290ed-5229-4b1d-b88d-f8068665441e/none_v3" 201 - "PUT http://172.18.0.210:8080/d1/169/AUTH_f669ac1a1893421f91ae49881790edbc/gnocchi.a3a290ed-5229-4b1d-b88d-f8068665441e/none_v3" "tx1ed4519925554ff0afbb1-0068ee0bbc" "object-server 24" 0.0009 "-" 23 0
Oct 14 08:37:16 np0005486730 object-server[123889]: 172.20.0.104 - - [14/Oct/2025:08:37:16 +0000] "PUT /d1/169/AUTH_f669ac1a1893421f91ae49881790edbc/gnocchi.a3a290ed-5229-4b1d-b88d-f8068665441e/none_v3" 201 - "PUT http://172.18.0.210:8080/v1/AUTH_f669ac1a1893421f91ae49881790edbc/gnocchi.a3a290ed-5229-4b1d-b88d-f8068665441e/none_v3" "tx1ed4519925554ff0afbb1-0068ee0bbc" "proxy-server 12" 0.0267 "-" 22 0
Oct 14 08:37:16 np0005486730 container-server[123460]: 172.20.0.103 - - [14/Oct/2025:08:37:16 +0000] "HEAD /d1/601/AUTH_f669ac1a1893421f91ae49881790edbc/gnocchi.d4cec63d-aea1-48a9-a808-f808950258d2" 404 - "HEAD http://172.18.0.210:8080/v1/AUTH_f669ac1a1893421f91ae49881790edbc/gnocchi.d4cec63d-aea1-48a9-a808-f808950258d2?format=json&states=listing" "txdde29e1215ec4c8c83119-0068ee0bbc" "proxy-server 20" 0.0007 "-" 21 0
Oct 14 08:37:16 np0005486730 object-server[123891]: 172.20.0.103 - - [14/Oct/2025:08:37:16 +0000] "GET /d1/930/AUTH_f669ac1a1893421f91ae49881790edbc/gnocchi.d4cec63d-aea1-48a9-a808-f808950258d2/none_v3" 404 70 "GET http://172.18.0.210:8080/v1/AUTH_f669ac1a1893421f91ae49881790edbc/gnocchi.d4cec63d-aea1-48a9-a808-f808950258d2/none_v3" "txdde29e1215ec4c8c83119-0068ee0bbc" "proxy-server 20" 0.0006 "-" 23 0
Oct 14 08:37:16 np0005486730 account-server[123351]: 172.20.0.103 - - [14/Oct/2025:08:37:16 +0000] "PUT /d1/338/AUTH_f669ac1a1893421f91ae49881790edbc/gnocchi.d4cec63d-aea1-48a9-a808-f808950258d2" 201 - "PUT http://172.20.0.103:6001/d1/601/AUTH_f669ac1a1893421f91ae49881790edbc/gnocchi.d4cec63d-aea1-48a9-a808-f808950258d2" "tx83dd394baf264d64b0919-0068ee0bbc" "container-server 22" 0.0017 "-" 17 0
Oct 14 08:37:16 np0005486730 container-server[123460]: 172.20.0.105 - - [14/Oct/2025:08:37:16 +0000] "PUT /d1/601/AUTH_f669ac1a1893421f91ae49881790edbc/gnocchi.d4cec63d-aea1-48a9-a808-f808950258d2" 201 - "PUT http://172.18.0.210:8080/v1/AUTH_f669ac1a1893421f91ae49881790edbc/gnocchi.d4cec63d-aea1-48a9-a808-f808950258d2" "tx83dd394baf264d64b0919-0068ee0bbc" "proxy-server 20" 0.0147 "-" 21 0
Oct 14 08:37:16 np0005486730 proxy-server[125405]: 172.18.0.105 172.18.0.104 14/Oct/2025/08/37/16 PUT /v1/AUTH_f669ac1a1893421f91ae49881790edbc/gnocchi.d4cec63d-aea1-48a9-a808-f808950258d2 HTTP/1.0 201 - python-swiftclient-3.11.1 gAAAAABo7gt_3y-i... - - - tx83dd394baf264d64b0919-0068ee0bbc - 0.0348 - - 1760431036.697171450 1760431036.731935024 0
Oct 14 08:37:16 np0005486730 object-server[123892]: 172.20.0.103 - - [14/Oct/2025:08:37:16 +0000] "GET /d1/956/AUTH_f669ac1a1893421f91ae49881790edbc/gnocchi.d4cec63d-aea1-48a9-a808-f808950258d2/1760400000.0_mean_300.0_v3" 404 70 "GET http://172.18.0.210:8080/v1/AUTH_f669ac1a1893421f91ae49881790edbc/gnocchi.d4cec63d-aea1-48a9-a808-f808950258d2/1760400000.0_mean_300.0_v3" "tx3bab34eedc1f4ef089036-0068ee0bbc" "proxy-server 20" 0.0005 "-" 24 0
Oct 14 08:37:16 np0005486730 container-server[123463]: 172.20.0.104 - - [14/Oct/2025:08:37:16 +0000] "PUT /d1/601/AUTH_f669ac1a1893421f91ae49881790edbc/gnocchi.d4cec63d-aea1-48a9-a808-f808950258d2/1760400000.0_mean_300.0_v3" 201 - "PUT http://172.18.0.210:8080/d1/956/AUTH_f669ac1a1893421f91ae49881790edbc/gnocchi.d4cec63d-aea1-48a9-a808-f808950258d2/1760400000.0_mean_300.0_v3" "tx6a24b19c07224410a8981-0068ee0bbc" "object-server 23" 0.0011 "-" 22 0
Oct 14 08:37:16 np0005486730 object-server[123891]: 172.20.0.105 - - [14/Oct/2025:08:37:16 +0000] "PUT /d1/956/AUTH_f669ac1a1893421f91ae49881790edbc/gnocchi.d4cec63d-aea1-48a9-a808-f808950258d2/1760400000.0_mean_300.0_v3" 201 - "PUT http://172.18.0.210:8080/v1/AUTH_f669ac1a1893421f91ae49881790edbc/gnocchi.d4cec63d-aea1-48a9-a808-f808950258d2/1760400000.0_mean_300.0_v3" "tx6a24b19c07224410a8981-0068ee0bbc" "proxy-server 20" 0.0426 "-" 23 0
Oct 14 08:37:16 np0005486730 proxy-server[125405]: 172.18.0.105 172.18.0.104 14/Oct/2025/08/37/16 PUT /v1/AUTH_f669ac1a1893421f91ae49881790edbc/gnocchi.d4cec63d-aea1-48a9-a808-f808950258d2/1760400000.0_mean_300.0_v3 HTTP/1.0 201 - python-swiftclient-3.11.1 gAAAAABo7gt_3y-i... 16 - - tx6a24b19c07224410a8981-0068ee0bbc - 0.0569 - - 1760431036.791114807 1760431036.848045349 0
Oct 14 08:37:16 np0005486730 container-server[123463]: 172.20.0.105 - - [14/Oct/2025:08:37:16 +0000] "PUT /d1/601/AUTH_f669ac1a1893421f91ae49881790edbc/gnocchi.d4cec63d-aea1-48a9-a808-f808950258d2/none_v3" 201 - "PUT http://172.18.0.210:8080/d1/930/AUTH_f669ac1a1893421f91ae49881790edbc/gnocchi.d4cec63d-aea1-48a9-a808-f808950258d2/none_v3" "tx50ee0b261e1944c6a3bfd-0068ee0bbc" "object-server 24" 0.0007 "-" 22 0
Oct 14 08:37:16 np0005486730 object-server[123892]: 172.20.0.104 - - [14/Oct/2025:08:37:16 +0000] "PUT /d1/930/AUTH_f669ac1a1893421f91ae49881790edbc/gnocchi.d4cec63d-aea1-48a9-a808-f808950258d2/none_v3" 201 - "PUT http://172.18.0.210:8080/v1/AUTH_f669ac1a1893421f91ae49881790edbc/gnocchi.d4cec63d-aea1-48a9-a808-f808950258d2/none_v3" "tx50ee0b261e1944c6a3bfd-0068ee0bbc" "proxy-server 12" 0.0163 "-" 24 0
Oct 14 08:37:21 np0005486730 container-server[123391]: Begin container update sweep
Oct 14 08:37:21 np0005486730 account-server[123324]: 172.20.0.105 - - [14/Oct/2025:08:37:21 +0000] "PUT /d1/338/AUTH_f669ac1a1893421f91ae49881790edbc/gnocchi.a3a290ed-5229-4b1d-b88d-f8068665441e" 201 - "-" "-" "container-updater 2" 0.0011 "-" 14 0
Oct 14 08:37:21 np0005486730 account-server[123345]: 172.20.0.105 - - [14/Oct/2025:08:37:21 +0000] "PUT /d1/338/AUTH_f669ac1a1893421f91ae49881790edbc/gnocchi.3b1c1661-98a9-4209-b569-c17f57c06b9c" 201 - "-" "-" "container-updater 2" 0.0007 "-" 16 0
Oct 14 08:37:21 np0005486730 account-server[123344]: 172.20.0.105 - - [14/Oct/2025:08:37:21 +0000] "PUT /d1/338/AUTH_f669ac1a1893421f91ae49881790edbc/gnocchi.d4cec63d-aea1-48a9-a808-f808950258d2" 201 - "-" "-" "container-updater 2" 0.0007 "-" 15 0
Oct 14 08:37:21 np0005486730 container-server[123391]: Container update sweep completed: 0.25s
Oct 14 08:37:22 np0005486730 account-server[123345]: 172.20.0.103 - - [14/Oct/2025:08:37:22 +0000] "PUT /d1/338/AUTH_f669ac1a1893421f91ae49881790edbc/gnocchi.3b1c1661-98a9-4209-b569-c17f57c06b9c" 201 - "-" "-" "container-updater 2" 0.0006 "-" 16 0
Oct 14 08:37:22 np0005486730 account-server[123344]: 172.20.0.103 - - [14/Oct/2025:08:37:22 +0000] "PUT /d1/338/AUTH_f669ac1a1893421f91ae49881790edbc/gnocchi.a3a290ed-5229-4b1d-b88d-f8068665441e" 201 - "-" "-" "container-updater 2" 0.0004 "-" 15 0
Oct 14 08:37:22 np0005486730 account-server[123351]: 172.20.0.103 - - [14/Oct/2025:08:37:22 +0000] "PUT /d1/338/AUTH_f669ac1a1893421f91ae49881790edbc/gnocchi.d4cec63d-aea1-48a9-a808-f808950258d2" 201 - "-" "-" "container-updater 2" 0.0005 "-" 17 0
Oct 14 08:37:24 np0005486730 container-server[123444]: 172.20.0.103 - - [14/Oct/2025:08:37:24 +0000] "HEAD /d1/144/AUTH_f669ac1a1893421f91ae49881790edbc/gnocchi.b2c5abdf-1671-40cb-95d0-f7ba7bec7275" 404 - "HEAD http://172.18.0.210:8080/v1/AUTH_f669ac1a1893421f91ae49881790edbc/gnocchi.b2c5abdf-1671-40cb-95d0-f7ba7bec7275?format=json&states=listing" "tx1f9603bc88d242108d0d9-0068ee0bc4" "proxy-server 20" 0.0009 "-" 20 0
Oct 14 08:37:24 np0005486730 object-server[123893]: 172.20.0.103 - - [14/Oct/2025:08:37:24 +0000] "GET /d1/121/AUTH_f669ac1a1893421f91ae49881790edbc/gnocchi.b2c5abdf-1671-40cb-95d0-f7ba7bec7275/none_v3" 404 70 "GET http://172.18.0.210:8080/v1/AUTH_f669ac1a1893421f91ae49881790edbc/gnocchi.b2c5abdf-1671-40cb-95d0-f7ba7bec7275/none_v3" "tx1f9603bc88d242108d0d9-0068ee0bc4" "proxy-server 20" 0.0007 "-" 25 0
Oct 14 08:37:24 np0005486730 account-server[123351]: 172.20.0.103 - - [14/Oct/2025:08:37:24 +0000] "PUT /d1/338/AUTH_f669ac1a1893421f91ae49881790edbc/gnocchi.b2c5abdf-1671-40cb-95d0-f7ba7bec7275" 201 - "PUT http://172.20.0.103:6001/d1/144/AUTH_f669ac1a1893421f91ae49881790edbc/gnocchi.b2c5abdf-1671-40cb-95d0-f7ba7bec7275" "tx5d520b711f364613abb0c-0068ee0bc4" "container-server 21" 0.0085 "-" 17 0
Oct 14 08:37:24 np0005486730 container-server[123460]: 172.20.0.105 - - [14/Oct/2025:08:37:24 +0000] "PUT /d1/144/AUTH_f669ac1a1893421f91ae49881790edbc/gnocchi.b2c5abdf-1671-40cb-95d0-f7ba7bec7275" 201 - "PUT http://172.18.0.210:8080/v1/AUTH_f669ac1a1893421f91ae49881790edbc/gnocchi.b2c5abdf-1671-40cb-95d0-f7ba7bec7275" "tx5d520b711f364613abb0c-0068ee0bc4" "proxy-server 20" 0.0223 "-" 21 0
Oct 14 08:37:24 np0005486730 proxy-server[125405]: 172.18.0.105 172.18.0.104 14/Oct/2025/08/37/24 PUT /v1/AUTH_f669ac1a1893421f91ae49881790edbc/gnocchi.b2c5abdf-1671-40cb-95d0-f7ba7bec7275 HTTP/1.0 201 - python-swiftclient-3.11.1 gAAAAABo7gt_3y-i... - - - tx5d520b711f364613abb0c-0068ee0bc4 - 0.0325 - - 1760431044.260946751 1760431044.293489456 0
Oct 14 08:37:24 np0005486730 object-server[123893]: 172.20.0.103 - - [14/Oct/2025:08:37:24 +0000] "GET /d1/714/AUTH_f669ac1a1893421f91ae49881790edbc/gnocchi.b2c5abdf-1671-40cb-95d0-f7ba7bec7275/1760400000.0_mean_300.0_v3" 404 70 "GET http://172.18.0.210:8080/v1/AUTH_f669ac1a1893421f91ae49881790edbc/gnocchi.b2c5abdf-1671-40cb-95d0-f7ba7bec7275/1760400000.0_mean_300.0_v3" "txcef5f27a03cc47f5883e6-0068ee0bc4" "proxy-server 20" 0.0003 "-" 25 0
Oct 14 08:37:24 np0005486730 container-server[123471]: 172.20.0.104 - - [14/Oct/2025:08:37:24 +0000] "PUT /d1/144/AUTH_f669ac1a1893421f91ae49881790edbc/gnocchi.b2c5abdf-1671-40cb-95d0-f7ba7bec7275/1760400000.0_mean_300.0_v3" 201 - "PUT http://172.18.0.210:8080/d1/714/AUTH_f669ac1a1893421f91ae49881790edbc/gnocchi.b2c5abdf-1671-40cb-95d0-f7ba7bec7275/1760400000.0_mean_300.0_v3" "tx2059987d823d4c74bbafd-0068ee0bc4" "object-server 22" 0.0008 "-" 23 0
Oct 14 08:37:24 np0005486730 object-server[123889]: 172.20.0.105 - - [14/Oct/2025:08:37:24 +0000] "PUT /d1/714/AUTH_f669ac1a1893421f91ae49881790edbc/gnocchi.b2c5abdf-1671-40cb-95d0-f7ba7bec7275/1760400000.0_mean_300.0_v3" 201 - "PUT http://172.18.0.210:8080/v1/AUTH_f669ac1a1893421f91ae49881790edbc/gnocchi.b2c5abdf-1671-40cb-95d0-f7ba7bec7275/1760400000.0_mean_300.0_v3" "tx2059987d823d4c74bbafd-0068ee0bc4" "proxy-server 20" 0.0152 "-" 22 0
Oct 14 08:37:24 np0005486730 proxy-server[125405]: 172.18.0.105 172.18.0.104 14/Oct/2025/08/37/24 PUT /v1/AUTH_f669ac1a1893421f91ae49881790edbc/gnocchi.b2c5abdf-1671-40cb-95d0-f7ba7bec7275/1760400000.0_mean_300.0_v3 HTTP/1.0 201 - python-swiftclient-3.11.1 gAAAAABo7gt_3y-i... 16 - - tx2059987d823d4c74bbafd-0068ee0bc4 - 0.0224 - - 1760431044.344038486 1760431044.366439581 0
Oct 14 08:37:24 np0005486730 container-server[123460]: 172.20.0.103 - - [14/Oct/2025:08:37:24 +0000] "PUT /d1/144/AUTH_f669ac1a1893421f91ae49881790edbc/gnocchi.b2c5abdf-1671-40cb-95d0-f7ba7bec7275/none_v3" 201 - "PUT http://172.18.0.210:8080/d1/121/AUTH_f669ac1a1893421f91ae49881790edbc/gnocchi.b2c5abdf-1671-40cb-95d0-f7ba7bec7275/none_v3" "txf6ba88acb49a43f1a5e99-0068ee0bc4" "object-server 24" 0.0005 "-" 21 0
Oct 14 08:37:24 np0005486730 object-server[123889]: 172.20.0.104 - - [14/Oct/2025:08:37:24 +0000] "PUT /d1/121/AUTH_f669ac1a1893421f91ae49881790edbc/gnocchi.b2c5abdf-1671-40cb-95d0-f7ba7bec7275/none_v3" 201 - "PUT http://172.18.0.210:8080/v1/AUTH_f669ac1a1893421f91ae49881790edbc/gnocchi.b2c5abdf-1671-40cb-95d0-f7ba7bec7275/none_v3" "txf6ba88acb49a43f1a5e99-0068ee0bc4" "proxy-server 12" 0.0146 "-" 22 0
Oct 14 08:37:24 np0005486730 container-server[123463]: 172.20.0.103 - - [14/Oct/2025:08:37:24 +0000] "HEAD /d1/334/AUTH_f669ac1a1893421f91ae49881790edbc/gnocchi.fc9d9bf6-3e16-42c3-82ff-c7840959987d" 404 - "HEAD http://172.18.0.210:8080/v1/AUTH_f669ac1a1893421f91ae49881790edbc/gnocchi.fc9d9bf6-3e16-42c3-82ff-c7840959987d?format=json&states=listing" "txf40b96a52f374d788cc56-0068ee0bc4" "proxy-server 20" 0.0004 "-" 22 0
Oct 14 08:37:24 np0005486730 object-server[123893]: 172.20.0.103 - - [14/Oct/2025:08:37:24 +0000] "GET /d1/608/AUTH_f669ac1a1893421f91ae49881790edbc/gnocchi.fc9d9bf6-3e16-42c3-82ff-c7840959987d/none_v3" 404 70 "GET http://172.18.0.210:8080/v1/AUTH_f669ac1a1893421f91ae49881790edbc/gnocchi.fc9d9bf6-3e16-42c3-82ff-c7840959987d/none_v3" "txf40b96a52f374d788cc56-0068ee0bc4" "proxy-server 20" 0.0005 "-" 25 0
Oct 14 08:37:24 np0005486730 container-server[123463]: 172.20.0.105 - - [14/Oct/2025:08:37:24 +0000] "PUT /d1/334/AUTH_f669ac1a1893421f91ae49881790edbc/gnocchi.fc9d9bf6-3e16-42c3-82ff-c7840959987d" 201 - "PUT http://172.18.0.210:8080/v1/AUTH_f669ac1a1893421f91ae49881790edbc/gnocchi.fc9d9bf6-3e16-42c3-82ff-c7840959987d" "tx38e748e77fa345aca99cb-0068ee0bc4" "proxy-server 20" 0.0170 "-" 22 0
Oct 14 08:37:24 np0005486730 account-server[123345]: 172.20.0.103 - - [14/Oct/2025:08:37:24 +0000] "PUT /d1/338/AUTH_f669ac1a1893421f91ae49881790edbc/gnocchi.fc9d9bf6-3e16-42c3-82ff-c7840959987d" 201 - "PUT http://172.20.0.103:6001/d1/334/AUTH_f669ac1a1893421f91ae49881790edbc/gnocchi.fc9d9bf6-3e16-42c3-82ff-c7840959987d" "tx38e748e77fa345aca99cb-0068ee0bc4" "container-server 21" 0.0060 "-" 16 0
Oct 14 08:37:24 np0005486730 proxy-server[125405]: 172.18.0.105 172.18.0.104 14/Oct/2025/08/37/24 PUT /v1/AUTH_f669ac1a1893421f91ae49881790edbc/gnocchi.fc9d9bf6-3e16-42c3-82ff-c7840959987d HTTP/1.0 201 - python-swiftclient-3.11.1 gAAAAABo7gt_3y-i... - - - tx38e748e77fa345aca99cb-0068ee0bc4 - 0.0282 - - 1760431044.457304001 1760431044.485520124 0
Oct 14 08:37:24 np0005486730 object-server[123891]: 172.20.0.103 - - [14/Oct/2025:08:37:24 +0000] "GET /d1/749/AUTH_f669ac1a1893421f91ae49881790edbc/gnocchi.fc9d9bf6-3e16-42c3-82ff-c7840959987d/1760400000.0_mean_300.0_v3" 404 70 "GET http://172.18.0.210:8080/v1/AUTH_f669ac1a1893421f91ae49881790edbc/gnocchi.fc9d9bf6-3e16-42c3-82ff-c7840959987d/1760400000.0_mean_300.0_v3" "tx7f46e1f922fa4c10b3ff3-0068ee0bc4" "proxy-server 20" 0.0008 "-" 23 0
Oct 14 08:37:24 np0005486730 container-server[123460]: 172.20.0.105 - - [14/Oct/2025:08:37:24 +0000] "PUT /d1/334/AUTH_f669ac1a1893421f91ae49881790edbc/gnocchi.fc9d9bf6-3e16-42c3-82ff-c7840959987d/1760400000.0_mean_300.0_v3" 201 - "PUT http://172.18.0.210:8080/d1/749/AUTH_f669ac1a1893421f91ae49881790edbc/gnocchi.fc9d9bf6-3e16-42c3-82ff-c7840959987d/1760400000.0_mean_300.0_v3" "tx6bf6673415a747c89f874-0068ee0bc4" "object-server 23" 0.0007 "-" 21 0
Oct 14 08:37:24 np0005486730 object-server[123891]: 172.20.0.105 - - [14/Oct/2025:08:37:24 +0000] "PUT /d1/749/AUTH_f669ac1a1893421f91ae49881790edbc/gnocchi.fc9d9bf6-3e16-42c3-82ff-c7840959987d/1760400000.0_mean_300.0_v3" 201 - "PUT http://172.18.0.210:8080/v1/AUTH_f669ac1a1893421f91ae49881790edbc/gnocchi.fc9d9bf6-3e16-42c3-82ff-c7840959987d/1760400000.0_mean_300.0_v3" "tx6bf6673415a747c89f874-0068ee0bc4" "proxy-server 20" 0.0171 "-" 23 0
Oct 14 08:37:24 np0005486730 proxy-server[125405]: 172.18.0.105 172.18.0.104 14/Oct/2025/08/37/24 PUT /v1/AUTH_f669ac1a1893421f91ae49881790edbc/gnocchi.fc9d9bf6-3e16-42c3-82ff-c7840959987d/1760400000.0_mean_300.0_v3 HTTP/1.0 201 - python-swiftclient-3.11.1 gAAAAABo7gt_3y-i... 16 - - tx6bf6673415a747c89f874-0068ee0bc4 - 0.0243 - - 1760431044.539777756 1760431044.564109087 0
Oct 14 08:37:24 np0005486730 container-server[123444]: 172.20.0.103 - - [14/Oct/2025:08:37:24 +0000] "PUT /d1/334/AUTH_f669ac1a1893421f91ae49881790edbc/gnocchi.fc9d9bf6-3e16-42c3-82ff-c7840959987d/none_v3" 201 - "PUT http://172.18.0.210:8080/d1/608/AUTH_f669ac1a1893421f91ae49881790edbc/gnocchi.fc9d9bf6-3e16-42c3-82ff-c7840959987d/none_v3" "tx9fba99cb489c42f6baa4d-0068ee0bc4" "object-server 25" 0.0005 "-" 20 0
Oct 14 08:37:24 np0005486730 object-server[123891]: 172.20.0.104 - - [14/Oct/2025:08:37:24 +0000] "PUT /d1/608/AUTH_f669ac1a1893421f91ae49881790edbc/gnocchi.fc9d9bf6-3e16-42c3-82ff-c7840959987d/none_v3" 201 - "PUT http://172.18.0.210:8080/v1/AUTH_f669ac1a1893421f91ae49881790edbc/gnocchi.fc9d9bf6-3e16-42c3-82ff-c7840959987d/none_v3" "tx9fba99cb489c42f6baa4d-0068ee0bc4" "proxy-server 12" 0.0112 "-" 23 0
Oct 14 08:37:24 np0005486730 container-server[123463]: 172.20.0.103 - - [14/Oct/2025:08:37:24 +0000] "HEAD /d1/296/AUTH_f669ac1a1893421f91ae49881790edbc/gnocchi.c8ba4180-cd74-4592-97fe-2e224a348756" 404 - "HEAD http://172.18.0.210:8080/v1/AUTH_f669ac1a1893421f91ae49881790edbc/gnocchi.c8ba4180-cd74-4592-97fe-2e224a348756?format=json&states=listing" "tx715a0daa56e4498db9760-0068ee0bc4" "proxy-server 20" 0.0006 "-" 22 0
Oct 14 08:37:24 np0005486730 object-server[123891]: 172.20.0.103 - - [14/Oct/2025:08:37:24 +0000] "GET /d1/160/AUTH_f669ac1a1893421f91ae49881790edbc/gnocchi.c8ba4180-cd74-4592-97fe-2e224a348756/none_v3" 404 70 "GET http://172.18.0.210:8080/v1/AUTH_f669ac1a1893421f91ae49881790edbc/gnocchi.c8ba4180-cd74-4592-97fe-2e224a348756/none_v3" "tx715a0daa56e4498db9760-0068ee0bc4" "proxy-server 20" 0.0005 "-" 23 0
Oct 14 08:37:24 np0005486730 container-server[123444]: 172.20.0.104 - - [14/Oct/2025:08:37:24 +0000] "HEAD /d1/778/AUTH_f669ac1a1893421f91ae49881790edbc/gnocchi.8e882ebf-42b7-469f-a9ed-cda9d56cbb3c" 404 - "HEAD http://172.18.0.210:8080/v1/AUTH_f669ac1a1893421f91ae49881790edbc/gnocchi.8e882ebf-42b7-469f-a9ed-cda9d56cbb3c?format=json&states=listing" "tx5a8590d5976445b9bbd43-0068ee0bc4" "proxy-server 12" 0.0004 "-" 20 0
Oct 14 08:37:24 np0005486730 object-server[123892]: 172.20.0.104 - - [14/Oct/2025:08:37:24 +0000] "GET /d1/241/AUTH_f669ac1a1893421f91ae49881790edbc/gnocchi.8e882ebf-42b7-469f-a9ed-cda9d56cbb3c/none_v3" 404 70 "GET http://172.18.0.210:8080/v1/AUTH_f669ac1a1893421f91ae49881790edbc/gnocchi.8e882ebf-42b7-469f-a9ed-cda9d56cbb3c/none_v3" "tx5a8590d5976445b9bbd43-0068ee0bc4" "proxy-server 12" 0.0003 "-" 24 0
Oct 14 08:37:24 np0005486730 account-server[123351]: 172.20.0.103 - - [14/Oct/2025:08:37:24 +0000] "PUT /d1/338/AUTH_f669ac1a1893421f91ae49881790edbc/gnocchi.c8ba4180-cd74-4592-97fe-2e224a348756" 201 - "PUT http://172.20.0.103:6001/d1/296/AUTH_f669ac1a1893421f91ae49881790edbc/gnocchi.c8ba4180-cd74-4592-97fe-2e224a348756" "tx2fa87b017ebe4a7f92074-0068ee0bc4" "container-server 22" 0.0057 "-" 17 0
Oct 14 08:37:24 np0005486730 container-server[123460]: 172.20.0.103 - - [14/Oct/2025:08:37:24 +0000] "PUT /d1/296/AUTH_f669ac1a1893421f91ae49881790edbc/gnocchi.c8ba4180-cd74-4592-97fe-2e224a348756" 201 - "PUT http://172.18.0.210:8080/v1/AUTH_f669ac1a1893421f91ae49881790edbc/gnocchi.c8ba4180-cd74-4592-97fe-2e224a348756" "tx2fa87b017ebe4a7f92074-0068ee0bc4" "proxy-server 20" 0.0180 "-" 21 0
Oct 14 08:37:24 np0005486730 container-server[123471]: 172.20.0.103 - - [14/Oct/2025:08:37:24 +0000] "HEAD /d1/296/AUTH_f669ac1a1893421f91ae49881790edbc/gnocchi.c8ba4180-cd74-4592-97fe-2e224a348756" 204 - "HEAD http://172.18.0.210:8080/v1/AUTH_f669ac1a1893421f91ae49881790edbc/gnocchi.c8ba4180-cd74-4592-97fe-2e224a348756?format=json&states=listing" "txcb7b0c340f7f408e8fd61-0068ee0bc4" "proxy-server 20" 0.0021 "-" 23 0
