Oct 14 08:40:43 np0005486730 account-server[123345]: 172.20.0.104 - - [14/Oct/2025:08:40:43 +0000] "PUT /d1/338/AUTH_f669ac1a1893421f91ae49881790edbc/gnocchi.8e882ebf-42b7-469f-a9ed-cda9d56cbb3c" 201 - "-" "-" "container-updater 2" 0.0010 "-" 16 0
Oct 14 08:40:43 np0005486730 object-server[234948]: Object audit (ALL) "forever" mode completed: 2.11s. Total quarantined: 0, Total errors: 0, Total files/sec: 20.83, Total bytes/sec: 400.51, Auditing time: 2.10, Rate: 0.99
Oct 14 08:40:43 np0005486730 account-server[123345]: 172.20.0.104 - - [14/Oct/2025:08:40:43 +0000] "PUT /d1/338/AUTH_f669ac1a1893421f91ae49881790edbc/gnocchi.b05dd831-9be5-43b0-8df9-491ea4d17321" 201 - "-" "-" "container-updater 2" 0.0006 "-" 16 0
Oct 14 08:40:43 np0005486730 account-server[123344]: 172.20.0.104 - - [14/Oct/2025:08:40:43 +0000] "PUT /d1/338/AUTH_f669ac1a1893421f91ae49881790edbc/gnocchi.b0f65d8c-bbe0-412c-bc94-a2b37e38c608" 201 - "-" "-" "container-updater 2" 0.0007 "-" 15 0
Oct 14 08:40:43 np0005486730 account-server[123351]: 172.20.0.104 - - [14/Oct/2025:08:40:43 +0000] "PUT /d1/338/AUTH_f669ac1a1893421f91ae49881790edbc/gnocchi.605cc867-1f40-454d-b7a4-248a43e34d70" 201 - "-" "-" "container-updater 2" 0.0006 "-" 17 0
Oct 14 08:40:43 np0005486730 account-server[123345]: 172.20.0.104 - - [14/Oct/2025:08:40:43 +0000] "PUT /d1/338/AUTH_f669ac1a1893421f91ae49881790edbc/gnocchi.3b1c1661-98a9-4209-b569-c17f57c06b9c" 201 - "-" "-" "container-updater 2" 0.0007 "-" 16 0
Oct 14 08:40:43 np0005486730 account-server[123324]: 172.20.0.104 - - [14/Oct/2025:08:40:43 +0000] "PUT /d1/338/AUTH_f669ac1a1893421f91ae49881790edbc/gnocchi.479fcd71-0b85-4403-ae6a-839ce3ae78b8" 201 - "-" "-" "container-updater 2" 0.0006 "-" 14 0
Oct 14 08:40:43 np0005486730 account-server[123324]: 172.20.0.104 - - [14/Oct/2025:08:40:43 +0000] "PUT /d1/338/AUTH_f669ac1a1893421f91ae49881790edbc/gnocchi.a3a290ed-5229-4b1d-b88d-f8068665441e" 201 - "-" "-" "container-updater 2" 0.0006 "-" 14 0
Oct 14 08:40:43 np0005486730 account-server[123344]: 172.20.0.104 - - [14/Oct/2025:08:40:43 +0000] "PUT /d1/338/AUTH_f669ac1a1893421f91ae49881790edbc/gnocchi.b2c5abdf-1671-40cb-95d0-f7ba7bec7275" 201 - "-" "-" "container-updater 2" 0.0006 "-" 15 0
Oct 14 08:40:43 np0005486730 account-server[123324]: 172.20.0.104 - - [14/Oct/2025:08:40:43 +0000] "PUT /d1/338/AUTH_f669ac1a1893421f91ae49881790edbc/gnocchi.0ab7f682-d089-40a2-97d8-74d2aa81081c" 201 - "-" "-" "container-updater 2" 0.0006 "-" 14 0
Oct 14 08:40:43 np0005486730 account-server[123324]: 172.20.0.104 - - [14/Oct/2025:08:40:43 +0000] "PUT /d1/338/AUTH_f669ac1a1893421f91ae49881790edbc/gnocchi.094c1382-2b7a-4a01-a658-af90040ec049" 201 - "-" "-" "container-updater 2" 0.0006 "-" 14 0
Oct 14 08:40:43 np0005486730 account-server[123351]: 172.20.0.104 - - [14/Oct/2025:08:40:43 +0000] "PUT /d1/338/AUTH_f669ac1a1893421f91ae49881790edbc/gnocchi.c8ba4180-cd74-4592-97fe-2e224a348756" 201 - "-" "-" "container-updater 2" 0.0008 "-" 17 0
Oct 14 08:40:43 np0005486730 account-server[123324]: 172.20.0.104 - - [14/Oct/2025:08:40:43 +0000] "PUT /d1/338/AUTH_f669ac1a1893421f91ae49881790edbc/gnocchi.ba25d233-571b-47d4-8734-21969167c813" 201 - "-" "-" "container-updater 2" 0.0006 "-" 14 0
Oct 14 08:40:44 np0005486730 account-server[123351]: 172.20.0.104 - - [14/Oct/2025:08:40:44 +0000] "PUT /d1/338/AUTH_f669ac1a1893421f91ae49881790edbc/gnocchi.fc9d9bf6-3e16-42c3-82ff-c7840959987d" 201 - "-" "-" "container-updater 2" 0.0007 "-" 17 0
Oct 14 08:40:45 np0005486730 account-server[122954]: Beginning replication run
Oct 14 08:40:45 np0005486730 account-server[122954]: Replication run OVER
Oct 14 08:40:45 np0005486730 account-server[122954]: Attempted to replicate 1 dbs in 0.02279 seconds (43.87971/s)
Oct 14 08:40:45 np0005486730 account-server[122954]: Removed 0 dbs
Oct 14 08:40:45 np0005486730 account-server[122954]: 2 successes, 0 failures
Oct 14 08:40:45 np0005486730 account-server[122954]: diff:0 diff_capped:0 empty:0 hashmatch:0 no_change:2 remote_merge:0 rsync:0 ts_repl:0
Oct 14 08:40:49 np0005486730 account-server[123344]: 172.20.0.103 - - [14/Oct/2025:08:40:49 +0000] "HEAD /d1/509/.expiring_objects" 404 - "HEAD http://localhost/v1/.expiring_objects?format=json" "tx79fe1dc3f78a4b7fbf52f-0068ee0c91" "proxy-server 2" 0.0005 "-" 15 -
Oct 14 08:41:02 np0005486730 container-server[123148]: Beginning replication run
Oct 14 08:41:03 np0005486730 container-server[123148]: Replication run OVER
Oct 14 08:41:03 np0005486730 container-server[123148]: Attempted to replicate 22 dbs in 0.43144 seconds (50.99194/s)
Oct 14 08:41:03 np0005486730 container-server[123148]: Removed 0 dbs
Oct 14 08:41:03 np0005486730 container-server[123148]: 44 successes, 0 failures
Oct 14 08:41:03 np0005486730 container-server[123148]: diff:0 diff_capped:0 empty:0 hashmatch:0 no_change:44 remote_merge:0 rsync:0 ts_repl:0
Oct 14 08:41:06 np0005486730 account-server[123344]: 172.20.0.105 - - [14/Oct/2025:08:41:06 +0000] "HEAD /d1/509/.expiring_objects" 404 - "HEAD http://localhost/v1/.expiring_objects?format=json" "txcb06b307064c4e13b8880-0068ee0ca2" "proxy-server 2" 0.0007 "-" 15 -
Oct 14 08:41:06 np0005486730 object-expirer[123663]: Pass completed in 0s; 0 objects expired (txn: txcb06b307064c4e13b8880-0068ee0ca2)
Oct 14 08:41:07 np0005486730 object-server[123670]: Starting object replication pass.
Oct 14 08:41:08 np0005486730 object-server[123670]: 42/42 (100.00%) partitions replicated in 0.39s (107.49/sec, 0s remaining)
Oct 14 08:41:08 np0005486730 object-server[123670]: 84 successes, 0 failures
Oct 14 08:41:08 np0005486730 object-server[123670]: 44 suffixes checked - 0.00% hashed, 0.00% synced
Oct 14 08:41:08 np0005486730 object-server[123670]: Partition times: max 0.0187s, min 0.0065s, med 0.0082s
Oct 14 08:41:08 np0005486730 object-server[123670]: Object replication complete. (0.01 minutes)
Oct 14 08:41:11 np0005486730 object-server[234974]: Begin object audit "forever" mode (ZBF)
Oct 14 08:41:11 np0005486730 object-server[234974]: Object audit (ZBF). Since Tue Oct 14 08:41:11 2025: Locally: 1 passed, 0 quarantined, 0 errors, files/sec: 484.44, bytes/sec: 0.00, Total time: 0.00, Auditing time: 0.00, Rate: 0.00
Oct 14 08:41:12 np0005486730 object-server[234974]: Object audit (ZBF) "forever" mode completed: 0.84s. Total quarantined: 0, Total errors: 0, Total files/sec: 52.19, Total bytes/sec: 0.00, Auditing time: 0.83, Rate: 0.99
Oct 14 08:41:15 np0005486730 account-server[122954]: Beginning replication run
Oct 14 08:41:15 np0005486730 account-server[122954]: Replication run OVER
Oct 14 08:41:15 np0005486730 account-server[122954]: Attempted to replicate 1 dbs in 0.01716 seconds (58.29112/s)
Oct 14 08:41:15 np0005486730 account-server[122954]: Removed 0 dbs
Oct 14 08:41:15 np0005486730 account-server[122954]: 2 successes, 0 failures
Oct 14 08:41:15 np0005486730 account-server[122954]: diff:0 diff_capped:0 empty:0 hashmatch:0 no_change:2 remote_merge:0 rsync:0 ts_repl:0
Oct 14 08:41:32 np0005486730 container-server[123148]: Beginning replication run
Oct 14 08:41:33 np0005486730 container-server[123148]: Replication run OVER
Oct 14 08:41:33 np0005486730 container-server[123148]: Attempted to replicate 22 dbs in 0.43886 seconds (50.12980/s)
Oct 14 08:41:33 np0005486730 container-server[123148]: Removed 0 dbs
Oct 14 08:41:33 np0005486730 container-server[123148]: 44 successes, 0 failures
Oct 14 08:41:33 np0005486730 container-server[123148]: diff:0 diff_capped:0 empty:0 hashmatch:0 no_change:44 remote_merge:0 rsync:0 ts_repl:0
Oct 14 08:41:38 np0005486730 object-server[123670]: Starting object replication pass.
Oct 14 08:41:38 np0005486730 object-server[123670]: 42/42 (100.00%) partitions replicated in 0.36s (117.31/sec, 0s remaining)
Oct 14 08:41:38 np0005486730 object-server[123670]: 84 successes, 0 failures
Oct 14 08:41:38 np0005486730 object-server[123670]: 44 suffixes checked - 0.00% hashed, 0.00% synced
Oct 14 08:41:38 np0005486730 object-server[123670]: Partition times: max 0.0132s, min 0.0054s, med 0.0079s
Oct 14 08:41:38 np0005486730 object-server[123670]: Object replication complete. (0.01 minutes)
Oct 14 08:41:42 np0005486730 object-server[241011]: Begin object audit "forever" mode (ALL)
Oct 14 08:41:42 np0005486730 object-server[241010]: Begin object audit "forever" mode (ZBF)
Oct 14 08:41:42 np0005486730 object-server[241010]: Object audit (ZBF). Since Tue Oct 14 08:41:42 2025: Locally: 1 passed, 0 quarantined, 0 errors, files/sec: 1181.49, bytes/sec: 0.00, Total time: 0.00, Auditing time: 0.00, Rate: 0.00
Oct 14 08:41:42 np0005486730 object-server[241011]: Object audit (ALL). Since Tue Oct 14 08:41:42 2025: Locally: 1 passed, 0 quarantined, 0 errors, files/sec: 156.70, bytes/sec: 2507.24, Total time: 0.01, Auditing time: 0.00, Rate: 0.00
Oct 14 08:41:43 np0005486730 object-server[241010]: Object audit (ZBF) "forever" mode completed: 0.84s. Total quarantined: 0, Total errors: 0, Total files/sec: 52.23, Total bytes/sec: 0.00, Auditing time: 0.83, Rate: 0.99
Oct 14 08:41:44 np0005486730 object-server[241011]: Object audit (ALL) "forever" mode completed: 2.11s. Total quarantined: 0, Total errors: 0, Total files/sec: 20.85, Total bytes/sec: 400.85, Auditing time: 2.10, Rate: 0.99
Oct 14 08:41:45 np0005486730 account-server[122954]: Beginning replication run
Oct 14 08:41:45 np0005486730 account-server[122954]: Replication run OVER
Oct 14 08:41:45 np0005486730 account-server[122954]: Attempted to replicate 1 dbs in 0.01667 seconds (59.98768/s)
Oct 14 08:41:45 np0005486730 account-server[122954]: Removed 0 dbs
Oct 14 08:41:45 np0005486730 account-server[122954]: 2 successes, 0 failures
Oct 14 08:41:45 np0005486730 account-server[122954]: diff:0 diff_capped:0 empty:0 hashmatch:0 no_change:2 remote_merge:0 rsync:0 ts_repl:0
Oct 14 08:42:02 np0005486730 container-server[123148]: Beginning replication run
Oct 14 08:42:03 np0005486730 container-server[123148]: Replication run OVER
Oct 14 08:42:03 np0005486730 container-server[123148]: Attempted to replicate 22 dbs in 0.44095 seconds (49.89273/s)
Oct 14 08:42:03 np0005486730 container-server[123148]: Removed 0 dbs
Oct 14 08:42:03 np0005486730 container-server[123148]: 44 successes, 0 failures
Oct 14 08:42:03 np0005486730 container-server[123148]: diff:0 diff_capped:0 empty:0 hashmatch:0 no_change:44 remote_merge:0 rsync:0 ts_repl:0
Oct 14 08:42:08 np0005486730 object-server[123670]: Starting object replication pass.
Oct 14 08:42:08 np0005486730 object-server[123670]: 42/42 (100.00%) partitions replicated in 0.43s (98.69/sec, 0s remaining)
Oct 14 08:42:08 np0005486730 object-server[123670]: 84 successes, 0 failures
Oct 14 08:42:08 np0005486730 object-server[123670]: 44 suffixes checked - 0.00% hashed, 0.00% synced
Oct 14 08:42:08 np0005486730 object-server[123670]: Partition times: max 0.0154s, min 0.0071s, med 0.0094s
Oct 14 08:42:08 np0005486730 object-server[123670]: Object replication complete. (0.01 minutes)
Oct 14 08:42:13 np0005486730 object-server[241085]: Begin object audit "forever" mode (ZBF)
Oct 14 08:42:13 np0005486730 object-server[241085]: Object audit (ZBF). Since Tue Oct 14 08:42:13 2025: Locally: 1 passed, 0 quarantined, 0 errors, files/sec: 615.72, bytes/sec: 0.00, Total time: 0.00, Auditing time: 0.00, Rate: 0.00
Oct 14 08:42:14 np0005486730 object-server[241085]: Object audit (ZBF) "forever" mode completed: 0.84s. Total quarantined: 0, Total errors: 0, Total files/sec: 52.17, Total bytes/sec: 0.00, Auditing time: 0.83, Rate: 0.99
Oct 14 08:42:15 np0005486730 account-server[122954]: Beginning replication run
Oct 14 08:42:15 np0005486730 account-server[122954]: Replication run OVER
Oct 14 08:42:15 np0005486730 account-server[122954]: Attempted to replicate 1 dbs in 0.01600 seconds (62.51066/s)
Oct 14 08:42:15 np0005486730 account-server[122954]: Removed 0 dbs
Oct 14 08:42:15 np0005486730 account-server[122954]: 2 successes, 0 failures
Oct 14 08:42:15 np0005486730 account-server[122954]: diff:0 diff_capped:0 empty:0 hashmatch:0 no_change:2 remote_merge:0 rsync:0 ts_repl:0
Oct 14 08:42:19 np0005486730 account-server[123345]: 172.20.0.104 - - [14/Oct/2025:08:42:19 +0000] "HEAD /d1/509/.expiring_objects" 404 - "HEAD http://localhost/v1/.expiring_objects?format=json" "txdd1a40f9bd4d42aca4a40-0068ee0ceb" "proxy-server 2" 0.0007 "-" 16 -
Oct 14 08:42:21 np0005486730 container-server[123391]: Begin container update sweep
Oct 14 08:42:21 np0005486730 account-server[123344]: 172.20.0.105 - - [14/Oct/2025:08:42:21 +0000] "PUT /d1/338/AUTH_f669ac1a1893421f91ae49881790edbc/gnocchi.8523de43-f34f-4455-b233-6e1be63252f0" 201 - "-" "-" "container-updater 2" 0.0007 "-" 15 0
Oct 14 08:42:21 np0005486730 account-server[123344]: 172.20.0.105 - - [14/Oct/2025:08:42:21 +0000] "PUT /d1/338/AUTH_f669ac1a1893421f91ae49881790edbc/gnocchi.fd0e3f88-10ae-4ce8-8130-39e421c9bf64" 201 - "-" "-" "container-updater 2" 0.0007 "-" 15 0
Oct 14 08:42:21 np0005486730 account-server[123345]: 172.20.0.105 - - [14/Oct/2025:08:42:21 +0000] "PUT /d1/338/AUTH_f669ac1a1893421f91ae49881790edbc/gnocchi.8e882ebf-42b7-469f-a9ed-cda9d56cbb3c" 201 - "-" "-" "container-updater 2" 0.0006 "-" 16 0
Oct 14 08:42:21 np0005486730 account-server[123351]: 172.20.0.105 - - [14/Oct/2025:08:42:21 +0000] "PUT /d1/338/AUTH_f669ac1a1893421f91ae49881790edbc/gnocchi.07cadbe8-64ab-4b14-bb73-93d1c248666c" 201 - "-" "-" "container-updater 2" 0.0005 "-" 17 0
Oct 14 08:42:21 np0005486730 account-server[123344]: 172.20.0.105 - - [14/Oct/2025:08:42:21 +0000] "PUT /d1/338/AUTH_f669ac1a1893421f91ae49881790edbc/gnocchi.479fcd71-0b85-4403-ae6a-839ce3ae78b8" 201 - "-" "-" "container-updater 2" 0.0006 "-" 15 0
Oct 14 08:42:21 np0005486730 account-server[123345]: 172.20.0.105 - - [14/Oct/2025:08:42:21 +0000] "PUT /d1/338/AUTH_f669ac1a1893421f91ae49881790edbc/gnocchi.80a29393-aaf6-4866-9158-2745c5b8ebac" 201 - "-" "-" "container-updater 2" 0.0005 "-" 16 0
Oct 14 08:42:21 np0005486730 account-server[123345]: 172.20.0.105 - - [14/Oct/2025:08:42:21 +0000] "PUT /d1/338/AUTH_f669ac1a1893421f91ae49881790edbc/gnocchi.605cc867-1f40-454d-b7a4-248a43e34d70" 201 - "-" "-" "container-updater 2" 0.0004 "-" 16 0
Oct 14 08:42:21 np0005486730 account-server[123344]: 172.20.0.105 - - [14/Oct/2025:08:42:21 +0000] "PUT /d1/338/AUTH_f669ac1a1893421f91ae49881790edbc/gnocchi.b0f65d8c-bbe0-412c-bc94-a2b37e38c608" 201 - "-" "-" "container-updater 2" 0.0006 "-" 15 0
Oct 14 08:42:21 np0005486730 account-server[123324]: 172.20.0.105 - - [14/Oct/2025:08:42:21 +0000] "PUT /d1/338/AUTH_f669ac1a1893421f91ae49881790edbc/gnocchi.fc9d9bf6-3e16-42c3-82ff-c7840959987d" 201 - "-" "-" "container-updater 2" 0.0005 "-" 14 0
Oct 14 08:42:22 np0005486730 account-server[123345]: 172.20.0.105 - - [14/Oct/2025:08:42:22 +0000] "PUT /d1/338/AUTH_f669ac1a1893421f91ae49881790edbc/gnocchi.e93d1c21-3fa5-49dd-a2bd-5470398e3040" 201 - "-" "-" "container-updater 2" 0.0007 "-" 16 0
Oct 14 08:42:22 np0005486730 account-server[123351]: 172.20.0.105 - - [14/Oct/2025:08:42:22 +0000] "PUT /d1/338/AUTH_f669ac1a1893421f91ae49881790edbc/gnocchi.b2c5abdf-1671-40cb-95d0-f7ba7bec7275" 201 - "-" "-" "container-updater 2" 0.0007 "-" 17 0
Oct 14 08:42:22 np0005486730 account-server[123345]: 172.20.0.105 - - [14/Oct/2025:08:42:22 +0000] "PUT /d1/338/AUTH_f669ac1a1893421f91ae49881790edbc/gnocchi.b05dd831-9be5-43b0-8df9-491ea4d17321" 201 - "-" "-" "container-updater 2" 0.0006 "-" 16 0
Oct 14 08:42:22 np0005486730 account-server[123345]: 172.20.0.103 - - [14/Oct/2025:08:42:22 +0000] "PUT /d1/338/AUTH_f669ac1a1893421f91ae49881790edbc/gnocchi.ba25d233-571b-47d4-8734-21969167c813" 201 - "-" "-" "container-updater 2" 0.0006 "-" 16 0
Oct 14 08:42:22 np0005486730 account-server[123324]: 172.20.0.105 - - [14/Oct/2025:08:42:22 +0000] "PUT /d1/338/AUTH_f669ac1a1893421f91ae49881790edbc/gnocchi.24e94419-d4f8-4b33-a74a-2d0153668fcc" 201 - "-" "-" "container-updater 2" 0.0010 "-" 14 0
Oct 14 08:42:22 np0005486730 account-server[123344]: 172.20.0.105 - - [14/Oct/2025:08:42:22 +0000] "PUT /d1/338/AUTH_f669ac1a1893421f91ae49881790edbc/gnocchi.0ab7f682-d089-40a2-97d8-74d2aa81081c" 201 - "-" "-" "container-updater 2" 0.0007 "-" 15 0
Oct 14 08:42:22 np0005486730 account-server[123324]: 172.20.0.103 - - [14/Oct/2025:08:42:22 +0000] "PUT /d1/338/AUTH_f669ac1a1893421f91ae49881790edbc/gnocchi.605cc867-1f40-454d-b7a4-248a43e34d70" 201 - "-" "-" "container-updater 2" 0.0005 "-" 14 0
Oct 14 08:42:22 np0005486730 account-server[123324]: 172.20.0.103 - - [14/Oct/2025:08:42:22 +0000] "PUT /d1/338/AUTH_f669ac1a1893421f91ae49881790edbc/gnocchi.8523de43-f34f-4455-b233-6e1be63252f0" 201 - "-" "-" "container-updater 2" 0.0008 "-" 14 0
Oct 14 08:42:22 np0005486730 account-server[123345]: 172.20.0.105 - - [14/Oct/2025:08:42:22 +0000] "PUT /d1/338/AUTH_f669ac1a1893421f91ae49881790edbc/gnocchi.094c1382-2b7a-4a01-a658-af90040ec049" 201 - "-" "-" "container-updater 2" 0.0006 "-" 16 0
Oct 14 08:42:22 np0005486730 account-server[123344]: 172.20.0.103 - - [14/Oct/2025:08:42:22 +0000] "PUT /d1/338/AUTH_f669ac1a1893421f91ae49881790edbc/gnocchi.fc9d9bf6-3e16-42c3-82ff-c7840959987d" 201 - "-" "-" "container-updater 2" 0.0008 "-" 15 0
Oct 14 08:42:22 np0005486730 account-server[123345]: 172.20.0.105 - - [14/Oct/2025:08:42:22 +0000] "PUT /d1/338/AUTH_f669ac1a1893421f91ae49881790edbc/gnocchi.531a5307-750b-4f1b-88d2-2f987c72e8a3" 201 - "-" "-" "container-updater 2" 0.0005 "-" 16 0
Oct 14 08:42:22 np0005486730 account-server[123351]: 172.20.0.103 - - [14/Oct/2025:08:42:22 +0000] "PUT /d1/338/AUTH_f669ac1a1893421f91ae49881790edbc/gnocchi.fd0e3f88-10ae-4ce8-8130-39e421c9bf64" 201 - "-" "-" "container-updater 2" 0.0007 "-" 17 0
Oct 14 08:42:22 np0005486730 account-server[123345]: 172.20.0.105 - - [14/Oct/2025:08:42:22 +0000] "PUT /d1/338/AUTH_f669ac1a1893421f91ae49881790edbc/gnocchi.c8ba4180-cd74-4592-97fe-2e224a348756" 201 - "-" "-" "container-updater 2" 0.0007 "-" 16 0
Oct 14 08:42:22 np0005486730 account-server[123324]: 172.20.0.103 - - [14/Oct/2025:08:42:22 +0000] "PUT /d1/338/AUTH_f669ac1a1893421f91ae49881790edbc/gnocchi.8e882ebf-42b7-469f-a9ed-cda9d56cbb3c" 201 - "-" "-" "container-updater 2" 0.0004 "-" 14 0
Oct 14 08:42:22 np0005486730 account-server[123351]: 172.20.0.105 - - [14/Oct/2025:08:42:22 +0000] "PUT /d1/338/AUTH_f669ac1a1893421f91ae49881790edbc/gnocchi.ba25d233-571b-47d4-8734-21969167c813" 201 - "-" "-" "container-updater 2" 0.0004 "-" 17 0
Oct 14 08:42:22 np0005486730 account-server[123351]: 172.20.0.105 - - [14/Oct/2025:08:42:22 +0000] "PUT /d1/338/AUTH_f669ac1a1893421f91ae49881790edbc/gnocchi.3c663d64-5a76-48d9-8930-a064864de360" 201 - "-" "-" "container-updater 2" 0.0004 "-" 17 0
Oct 14 08:42:22 np0005486730 container-server[123391]: Container update sweep completed: 1.60s
Oct 14 08:42:22 np0005486730 account-server[123345]: 172.20.0.103 - - [14/Oct/2025:08:42:22 +0000] "PUT /d1/338/AUTH_f669ac1a1893421f91ae49881790edbc/gnocchi.80a29393-aaf6-4866-9158-2745c5b8ebac" 201 - "-" "-" "container-updater 2" 0.0006 "-" 16 0
Oct 14 08:42:22 np0005486730 account-server[123324]: 172.20.0.103 - - [14/Oct/2025:08:42:22 +0000] "PUT /d1/338/AUTH_f669ac1a1893421f91ae49881790edbc/gnocchi.07cadbe8-64ab-4b14-bb73-93d1c248666c" 201 - "-" "-" "container-updater 2" 0.0004 "-" 14 0
Oct 14 08:42:23 np0005486730 account-server[123351]: 172.20.0.103 - - [14/Oct/2025:08:42:23 +0000] "PUT /d1/338/AUTH_f669ac1a1893421f91ae49881790edbc/gnocchi.479fcd71-0b85-4403-ae6a-839ce3ae78b8" 201 - "-" "-" "container-updater 2" 0.0007 "-" 17 0
Oct 14 08:42:23 np0005486730 account-server[123324]: 172.20.0.103 - - [14/Oct/2025:08:42:23 +0000] "PUT /d1/338/AUTH_f669ac1a1893421f91ae49881790edbc/gnocchi.531a5307-750b-4f1b-88d2-2f987c72e8a3" 201 - "-" "-" "container-updater 2" 0.0007 "-" 14 0
Oct 14 08:42:23 np0005486730 account-server[123324]: 172.20.0.103 - - [14/Oct/2025:08:42:23 +0000] "PUT /d1/338/AUTH_f669ac1a1893421f91ae49881790edbc/gnocchi.094c1382-2b7a-4a01-a658-af90040ec049" 201 - "-" "-" "container-updater 2" 0.0007 "-" 14 0
Oct 14 08:42:23 np0005486730 account-server[123351]: 172.20.0.103 - - [14/Oct/2025:08:42:23 +0000] "PUT /d1/338/AUTH_f669ac1a1893421f91ae49881790edbc/gnocchi.b0f65d8c-bbe0-412c-bc94-a2b37e38c608" 201 - "-" "-" "container-updater 2" 0.0007 "-" 17 0
Oct 14 08:42:23 np0005486730 account-server[123324]: 172.20.0.103 - - [14/Oct/2025:08:42:23 +0000] "PUT /d1/338/AUTH_f669ac1a1893421f91ae49881790edbc/gnocchi.b05dd831-9be5-43b0-8df9-491ea4d17321" 201 - "-" "-" "container-updater 2" 0.0006 "-" 14 0
Oct 14 08:42:23 np0005486730 account-server[123345]: 172.20.0.103 - - [14/Oct/2025:08:42:23 +0000] "PUT /d1/338/AUTH_f669ac1a1893421f91ae49881790edbc/gnocchi.3c663d64-5a76-48d9-8930-a064864de360" 201 - "-" "-" "container-updater 2" 0.0009 "-" 16 0
Oct 14 08:42:23 np0005486730 account-server[123344]: 172.20.0.103 - - [14/Oct/2025:08:42:23 +0000] "PUT /d1/338/AUTH_f669ac1a1893421f91ae49881790edbc/gnocchi.b2c5abdf-1671-40cb-95d0-f7ba7bec7275" 201 - "-" "-" "container-updater 2" 0.0009 "-" 15 0
Oct 14 08:42:23 np0005486730 account-server[123345]: 172.20.0.103 - - [14/Oct/2025:08:42:23 +0000] "PUT /d1/338/AUTH_f669ac1a1893421f91ae49881790edbc/gnocchi.24e94419-d4f8-4b33-a74a-2d0153668fcc" 201 - "-" "-" "container-updater 2" 0.0007 "-" 16 0
Oct 14 08:42:23 np0005486730 account-server[123345]: 172.20.0.103 - - [14/Oct/2025:08:42:23 +0000] "PUT /d1/338/AUTH_f669ac1a1893421f91ae49881790edbc/gnocchi.c8ba4180-cd74-4592-97fe-2e224a348756" 201 - "-" "-" "container-updater 2" 0.0007 "-" 16 0
Oct 14 08:42:23 np0005486730 account-server[123344]: 172.20.0.103 - - [14/Oct/2025:08:42:23 +0000] "PUT /d1/338/AUTH_f669ac1a1893421f91ae49881790edbc/gnocchi.e93d1c21-3fa5-49dd-a2bd-5470398e3040" 201 - "-" "-" "container-updater 2" 0.0004 "-" 15 0
Oct 14 08:42:23 np0005486730 account-server[123324]: 172.20.0.103 - - [14/Oct/2025:08:42:23 +0000] "PUT /d1/338/AUTH_f669ac1a1893421f91ae49881790edbc/gnocchi.0ab7f682-d089-40a2-97d8-74d2aa81081c" 201 - "-" "-" "container-updater 2" 0.0007 "-" 14 0
Oct 14 08:42:32 np0005486730 container-server[123148]: Beginning replication run
Oct 14 08:42:33 np0005486730 container-server[123148]: Replication run OVER
Oct 14 08:42:33 np0005486730 container-server[123148]: Attempted to replicate 22 dbs in 0.43675 seconds (50.37242/s)
Oct 14 08:42:33 np0005486730 container-server[123148]: Removed 0 dbs
Oct 14 08:42:33 np0005486730 container-server[123148]: 44 successes, 0 failures
Oct 14 08:42:33 np0005486730 container-server[123148]: diff:0 diff_capped:0 empty:0 hashmatch:0 no_change:44 remote_merge:0 rsync:0 ts_repl:0
Oct 14 08:42:38 np0005486730 object-server[123670]: Starting object replication pass.
Oct 14 08:42:39 np0005486730 object-server[123670]: 42/42 (100.00%) partitions replicated in 0.49s (85.38/sec, 0s remaining)
Oct 14 08:42:39 np0005486730 object-server[123670]: 84 successes, 0 failures
Oct 14 08:42:39 np0005486730 object-server[123670]: 44 suffixes checked - 0.00% hashed, 0.00% synced
Oct 14 08:42:39 np0005486730 object-server[123670]: Partition times: max 0.0355s, min 0.0071s, med 0.0094s
Oct 14 08:42:39 np0005486730 object-server[123670]: Object replication complete. (0.01 minutes)
Oct 14 08:42:44 np0005486730 object-server[246763]: Begin object audit "forever" mode (ALL)
Oct 14 08:42:44 np0005486730 object-server[246762]: Begin object audit "forever" mode (ZBF)
Oct 14 08:42:44 np0005486730 object-server[246762]: Object audit (ZBF). Since Tue Oct 14 08:42:44 2025: Locally: 1 passed, 0 quarantined, 0 errors, files/sec: 654.13, bytes/sec: 0.00, Total time: 0.00, Auditing time: 0.00, Rate: 0.00
Oct 14 08:42:44 np0005486730 object-server[246763]: Object audit (ALL). Since Tue Oct 14 08:42:44 2025: Locally: 1 passed, 0 quarantined, 0 errors, files/sec: 117.64, bytes/sec: 1882.17, Total time: 0.01, Auditing time: 0.00, Rate: 0.00
Oct 14 08:42:45 np0005486730 object-server[246762]: Object audit (ZBF) "forever" mode completed: 0.84s. Total quarantined: 0, Total errors: 0, Total files/sec: 52.20, Total bytes/sec: 0.00, Auditing time: 0.83, Rate: 0.99
Oct 14 08:42:45 np0005486730 account-server[122954]: Beginning replication run
Oct 14 08:42:45 np0005486730 account-server[122954]: Replication run OVER
Oct 14 08:42:45 np0005486730 account-server[122954]: Attempted to replicate 1 dbs in 0.02516 seconds (39.75176/s)
Oct 14 08:42:45 np0005486730 account-server[122954]: Removed 0 dbs
Oct 14 08:42:45 np0005486730 account-server[122954]: 2 successes, 0 failures
Oct 14 08:42:45 np0005486730 account-server[122954]: diff:0 diff_capped:0 empty:0 hashmatch:0 no_change:2 remote_merge:0 rsync:0 ts_repl:0
Oct 14 08:42:46 np0005486730 object-server[246763]: Object audit (ALL) "forever" mode completed: 2.11s. Total quarantined: 0, Total errors: 0, Total files/sec: 20.84, Total bytes/sec: 400.78, Auditing time: 2.10, Rate: 0.99
Oct 14 08:43:02 np0005486730 container-server[123148]: Beginning replication run
Oct 14 08:43:03 np0005486730 container-server[123148]: Replication run OVER
Oct 14 08:43:03 np0005486730 container-server[123148]: Attempted to replicate 22 dbs in 0.44087 seconds (49.90121/s)
Oct 14 08:43:03 np0005486730 container-server[123148]: Removed 0 dbs
Oct 14 08:43:03 np0005486730 container-server[123148]: 44 successes, 0 failures
Oct 14 08:43:03 np0005486730 container-server[123148]: diff:0 diff_capped:0 empty:0 hashmatch:0 no_change:44 remote_merge:0 rsync:0 ts_repl:0
Oct 14 08:43:09 np0005486730 object-server[123670]: Starting object replication pass.
Oct 14 08:43:09 np0005486730 object-server[123670]: 42/42 (100.00%) partitions replicated in 0.40s (104.73/sec, 0s remaining)
Oct 14 08:43:09 np0005486730 object-server[123670]: 84 successes, 0 failures
Oct 14 08:43:09 np0005486730 object-server[123670]: 44 suffixes checked - 0.00% hashed, 0.00% synced
Oct 14 08:43:09 np0005486730 object-server[123670]: Partition times: max 0.0141s, min 0.0067s, med 0.0089s
Oct 14 08:43:09 np0005486730 object-server[123670]: Object replication complete. (0.01 minutes)
Oct 14 08:43:15 np0005486730 object-server[246879]: Begin object audit "forever" mode (ZBF)
Oct 14 08:43:15 np0005486730 object-server[246879]: Object audit (ZBF). Since Tue Oct 14 08:43:15 2025: Locally: 1 passed, 0 quarantined, 0 errors, files/sec: 678.36, bytes/sec: 0.00, Total time: 0.00, Auditing time: 0.00, Rate: 0.00
Oct 14 08:43:15 np0005486730 account-server[122954]: Beginning replication run
Oct 14 08:43:16 np0005486730 account-server[122954]: Replication run OVER
Oct 14 08:43:16 np0005486730 account-server[122954]: Attempted to replicate 1 dbs in 0.01896 seconds (52.73770/s)
Oct 14 08:43:16 np0005486730 account-server[122954]: Removed 0 dbs
Oct 14 08:43:16 np0005486730 account-server[122954]: 2 successes, 0 failures
Oct 14 08:43:16 np0005486730 account-server[122954]: diff:0 diff_capped:0 empty:0 hashmatch:0 no_change:2 remote_merge:0 rsync:0 ts_repl:0
Oct 14 08:43:16 np0005486730 object-server[246879]: Object audit (ZBF) "forever" mode completed: 0.86s. Total quarantined: 0, Total errors: 0, Total files/sec: 50.97, Total bytes/sec: 0.00, Auditing time: 0.83, Rate: 0.96
Oct 14 08:43:30 np0005486730 object-server[123821]: Begin object update sweep
Oct 14 08:43:30 np0005486730 object-server[251682]: Object update sweep starting on /srv/node/d1 (pid: 15)
Oct 14 08:43:30 np0005486730 object-server[251682]: Object update sweep completed on /srv/node/d1 in 0.00s seconds:, 0 successes, 0 failures, 0 quarantines, 0 unlinks, 0 errors, 0 redirects (pid: 15)
Oct 14 08:43:30 np0005486730 object-server[251682]: Object update sweep of d1 completed: 0.00s, 0 successes, 0 failures, 0 quarantines, 0 unlinks, 0 errors, 0 redirects
Oct 14 08:43:30 np0005486730 object-server[123821]: Object update sweep completed: 0.10s
Oct 14 08:43:32 np0005486730 container-server[123148]: Beginning replication run
Oct 14 08:43:33 np0005486730 container-server[123148]: Replication run OVER
Oct 14 08:43:33 np0005486730 container-server[123148]: Attempted to replicate 22 dbs in 0.44113 seconds (49.87229/s)
Oct 14 08:43:33 np0005486730 container-server[123148]: Removed 0 dbs
Oct 14 08:43:33 np0005486730 container-server[123148]: 44 successes, 0 failures
Oct 14 08:43:33 np0005486730 container-server[123148]: diff:0 diff_capped:0 empty:0 hashmatch:0 no_change:44 remote_merge:0 rsync:0 ts_repl:0
Oct 14 08:43:39 np0005486730 object-server[123670]: Starting object replication pass.
Oct 14 08:43:40 np0005486730 object-server[123670]: 42/42 (100.00%) partitions replicated in 0.41s (101.82/sec, 0s remaining)
Oct 14 08:43:40 np0005486730 object-server[123670]: 84 successes, 0 failures
Oct 14 08:43:40 np0005486730 object-server[123670]: 44 suffixes checked - 0.00% hashed, 0.00% synced
Oct 14 08:43:40 np0005486730 object-server[123670]: Partition times: max 0.0151s, min 0.0067s, med 0.0092s
Oct 14 08:43:40 np0005486730 object-server[123670]: Object replication complete. (0.01 minutes)
Oct 14 08:43:41 np0005486730 account-server[123345]: 172.20.0.105 - - [14/Oct/2025:08:43:41 +0000] "HEAD /d1/338/AUTH_f669ac1a1893421f91ae49881790edbc" 204 - "HEAD http://172.18.0.210:8080/v1/AUTH_f669ac1a1893421f91ae49881790edbc?format=json" "tx97505468d88c4e37b2d98-0068ee0d3d" "proxy-server 20" 0.0036 "-" 16 -
Oct 14 08:43:41 np0005486730 proxy-server[125405]: - - 14/Oct/2025/08/43/41 HEAD /v1/AUTH_f669ac1a1893421f91ae49881790edbc%3Fformat%3Djson HTTP/1.0 204 - Swift - - - - tx97505468d88c4e37b2d98-0068ee0d3d - 0.0087 RL - 1760431421.117495775 1760431421.126206160 -
Oct 14 08:43:41 np0005486730 proxy-server[125405]: 172.18.0.103 172.18.0.104 14/Oct/2025/08/43/41 GET /v1/AUTH_f669ac1a1893421f91ae49881790edbc/gnocchi.b0f65d8c-bbe0-412c-bc94-a2b37e38c608/none_v3 HTTP/1.0 200 - python-swiftclient-3.11.1 gAAAAABo7gvEzjD0... - 22 - tx97505468d88c4e37b2d98-0068ee0d3d - 0.0750 - - 1760431421.116496086 1760431421.191487074 0
Oct 14 08:43:41 np0005486730 container-server[123463]: 172.20.0.104 - - [14/Oct/2025:08:43:41 +0000] "GET /d1/328/AUTH_f669ac1a1893421f91ae49881790edbc/gnocchi.b0f65d8c-bbe0-412c-bc94-a2b37e38c608" 200 2 "GET http://172.18.0.210:8080/v1/AUTH_f669ac1a1893421f91ae49881790edbc/gnocchi.b0f65d8c-bbe0-412c-bc94-a2b37e38c608?format=json&marker=none_v3&states=listing" "tx01cb33a6068a43de90eca-0068ee0d3d" "proxy-server 12" 0.0022 "-" 22 0
Oct 14 08:43:41 np0005486730 object-server[123889]: 172.20.0.105 - - [14/Oct/2025:08:43:41 +0000] "GET /d1/742/AUTH_f669ac1a1893421f91ae49881790edbc/gnocchi.b0f65d8c-bbe0-412c-bc94-a2b37e38c608/1760400000.0_mean_300.0_v3" 200 16 "GET http://172.18.0.210:8080/v1/AUTH_f669ac1a1893421f91ae49881790edbc/gnocchi.b0f65d8c-bbe0-412c-bc94-a2b37e38c608/1760400000.0_mean_300.0_v3" "tx024de02d2f6c40aba7756-0068ee0d3d" "proxy-server 20" 0.0017 "-" 22 0
Oct 14 08:43:41 np0005486730 proxy-server[125405]: 172.18.0.103 172.18.0.104 14/Oct/2025/08/43/41 GET /v1/AUTH_f669ac1a1893421f91ae49881790edbc/gnocchi.b0f65d8c-bbe0-412c-bc94-a2b37e38c608/1760400000.0_mean_300.0_v3 HTTP/1.0 200 - python-swiftclient-3.11.1 gAAAAABo7gvEzjD0... - 16 - tx024de02d2f6c40aba7756-0068ee0d3d - 0.0091 - - 1760431421.237209320 1760431421.246333361 0
Oct 14 08:43:41 np0005486730 object-server[123893]: 172.20.0.103 - - [14/Oct/2025:08:43:41 +0000] "GET /d1/790/AUTH_f669ac1a1893421f91ae49881790edbc/gnocchi.b0f65d8c-bbe0-412c-bc94-a2b37e38c608/1760400000.0_rate%3Amean_300.0_v3" 404 70 "GET http://172.18.0.210:8080/v1/AUTH_f669ac1a1893421f91ae49881790edbc/gnocchi.b0f65d8c-bbe0-412c-bc94-a2b37e38c608/1760400000.0_rate%3Amean_300.0_v3" "txc7f2519e30224fc2ae62f-0068ee0d3d" "proxy-server 20" 0.0004 "-" 25 0
Oct 14 08:43:41 np0005486730 container-server[123463]: 172.20.0.104 - - [14/Oct/2025:08:43:41 +0000] "PUT /d1/328/AUTH_f669ac1a1893421f91ae49881790edbc/gnocchi.b0f65d8c-bbe0-412c-bc94-a2b37e38c608/1760400000.0_mean_300.0_v3" 201 - "PUT http://172.18.0.210:8080/d1/742/AUTH_f669ac1a1893421f91ae49881790edbc/gnocchi.b0f65d8c-bbe0-412c-bc94-a2b37e38c608/1760400000.0_mean_300.0_v3" "txc2a0511f02f94f21b4f72-0068ee0d3d" "object-server 22" 0.0006 "-" 22 0
Oct 14 08:43:41 np0005486730 object-server[123891]: 172.20.0.104 - - [14/Oct/2025:08:43:41 +0000] "PUT /d1/742/AUTH_f669ac1a1893421f91ae49881790edbc/gnocchi.b0f65d8c-bbe0-412c-bc94-a2b37e38c608/1760400000.0_mean_300.0_v3" 201 - "PUT http://172.18.0.210:8080/v1/AUTH_f669ac1a1893421f91ae49881790edbc/gnocchi.b0f65d8c-bbe0-412c-bc94-a2b37e38c608/1760400000.0_mean_300.0_v3" "txc2a0511f02f94f21b4f72-0068ee0d3d" "proxy-server 12" 0.0185 "-" 23 0
Oct 14 08:43:41 np0005486730 container-server[123463]: 172.20.0.105 - - [14/Oct/2025:08:43:41 +0000] "PUT /d1/328/AUTH_f669ac1a1893421f91ae49881790edbc/gnocchi.b0f65d8c-bbe0-412c-bc94-a2b37e38c608/1760400000.0_rate%3Amean_300.0_v3" 201 - "PUT http://172.18.0.210:8080/d1/790/AUTH_f669ac1a1893421f91ae49881790edbc/gnocchi.b0f65d8c-bbe0-412c-bc94-a2b37e38c608/1760400000.0_rate%3Amean_300.0_v3" "txad404a6d78024269a0240-0068ee0d3d" "object-server 25" 0.0004 "-" 22 0
Oct 14 08:43:41 np0005486730 object-server[123893]: 172.20.0.105 - - [14/Oct/2025:08:43:41 +0000] "PUT /d1/790/AUTH_f669ac1a1893421f91ae49881790edbc/gnocchi.b0f65d8c-bbe0-412c-bc94-a2b37e38c608/1760400000.0_rate%3Amean_300.0_v3" 201 - "PUT http://172.18.0.210:8080/v1/AUTH_f669ac1a1893421f91ae49881790edbc/gnocchi.b0f65d8c-bbe0-412c-bc94-a2b37e38c608/1760400000.0_rate%3Amean_300.0_v3" "txad404a6d78024269a0240-0068ee0d3d" "proxy-server 20" 0.0121 "-" 25 0
Oct 14 08:43:41 np0005486730 proxy-server[125405]: 172.18.0.103 172.18.0.104 14/Oct/2025/08/43/41 PUT /v1/AUTH_f669ac1a1893421f91ae49881790edbc/gnocchi.b0f65d8c-bbe0-412c-bc94-a2b37e38c608/1760400000.0_rate%253Amean_300.0_v3 HTTP/1.0 201 - python-swiftclient-3.11.1 gAAAAABo7gvEzjD0... 16 - - txad404a6d78024269a0240-0068ee0d3d - 0.0272 - - 1760431421.298341274 1760431421.325539827 0
Oct 14 08:43:41 np0005486730 container-server[123460]: 172.20.0.103 - - [14/Oct/2025:08:43:41 +0000] "PUT /d1/328/AUTH_f669ac1a1893421f91ae49881790edbc/gnocchi.b0f65d8c-bbe0-412c-bc94-a2b37e38c608/none_v3" 201 - "PUT http://172.18.0.210:8080/d1/373/AUTH_f669ac1a1893421f91ae49881790edbc/gnocchi.b0f65d8c-bbe0-412c-bc94-a2b37e38c608/none_v3" "tx3b69a07cd7e64beca2214-0068ee0d3d" "object-server 25" 0.0005 "-" 21 0
Oct 14 08:43:41 np0005486730 object-server[123889]: 172.20.0.103 - - [14/Oct/2025:08:43:41 +0000] "PUT /d1/373/AUTH_f669ac1a1893421f91ae49881790edbc/gnocchi.b0f65d8c-bbe0-412c-bc94-a2b37e38c608/none_v3" 201 - "PUT http://172.18.0.210:8080/v1/AUTH_f669ac1a1893421f91ae49881790edbc/gnocchi.b0f65d8c-bbe0-412c-bc94-a2b37e38c608/none_v3" "tx3b69a07cd7e64beca2214-0068ee0d3d" "proxy-server 20" 0.0142 "-" 22 0
Oct 14 08:43:41 np0005486730 container-server[123460]: 172.20.0.105 - - [14/Oct/2025:08:43:41 +0000] "HEAD /d1/557/AUTH_f669ac1a1893421f91ae49881790edbc/gnocchi.fd0e3f88-10ae-4ce8-8130-39e421c9bf64" 204 - "HEAD http://172.18.0.210:8080/v1/AUTH_f669ac1a1893421f91ae49881790edbc/gnocchi.fd0e3f88-10ae-4ce8-8130-39e421c9bf64?format=json&states=listing" "txe0b791f2521842a4a1f6a-0068ee0d3d" "proxy-server 20" 0.0011 "-" 21 0
Oct 14 08:43:41 np0005486730 proxy-server[125405]: 172.18.0.103 172.18.0.104 14/Oct/2025/08/43/41 GET /v1/AUTH_f669ac1a1893421f91ae49881790edbc/gnocchi.fd0e3f88-10ae-4ce8-8130-39e421c9bf64/none_v3 HTTP/1.0 200 - python-swiftclient-3.11.1 gAAAAABo7gvEzjD0... - 22 - txe0b791f2521842a4a1f6a-0068ee0d3d - 0.0163 - - 1760431421.432134390 1760431421.448463678 0
Oct 14 08:43:41 np0005486730 container-server[123444]: 172.20.0.105 - - [14/Oct/2025:08:43:41 +0000] "GET /d1/557/AUTH_f669ac1a1893421f91ae49881790edbc/gnocchi.fd0e3f88-10ae-4ce8-8130-39e421c9bf64" 200 2 "GET http://172.18.0.210:8080/v1/AUTH_f669ac1a1893421f91ae49881790edbc/gnocchi.fd0e3f88-10ae-4ce8-8130-39e421c9bf64?format=json&marker=none_v3&states=listing" "tx4e910957b3614356835ea-0068ee0d3d" "proxy-server 20" 0.0056 "-" 20 0
Oct 14 08:43:41 np0005486730 proxy-server[125405]: 172.18.0.103 172.18.0.104 14/Oct/2025/08/43/41 GET /v1/AUTH_f669ac1a1893421f91ae49881790edbc/gnocchi.fd0e3f88-10ae-4ce8-8130-39e421c9bf64%3Fformat%3Djson%26marker%3Dnone_v3%26states%3Dlisting HTTP/1.0 200 - python-swiftclient-3.11.1 gAAAAABo7gvEzjD0... - 2 - tx4e910957b3614356835ea-0068ee0d3d - 0.0197 - - 1760431421.468433619 1760431421.488136768 0
Oct 14 08:43:41 np0005486730 object-server[123889]: 172.20.0.105 - - [14/Oct/2025:08:43:41 +0000] "GET /d1/402/AUTH_f669ac1a1893421f91ae49881790edbc/gnocchi.fd0e3f88-10ae-4ce8-8130-39e421c9bf64/1760400000.0_rate%3Amean_300.0_v3" 404 70 "GET http://172.18.0.210:8080/v1/AUTH_f669ac1a1893421f91ae49881790edbc/gnocchi.fd0e3f88-10ae-4ce8-8130-39e421c9bf64/1760400000.0_rate%3Amean_300.0_v3" "tx4a9b3552099f4651ad42c-0068ee0d3d" "proxy-server 20" 0.0005 "-" 22 0
Oct 14 08:43:41 np0005486730 proxy-server[125405]: 172.18.0.103 172.18.0.104 14/Oct/2025/08/43/41 GET /v1/AUTH_f669ac1a1893421f91ae49881790edbc/gnocchi.fd0e3f88-10ae-4ce8-8130-39e421c9bf64/1760400000.0_rate%253Amean_300.0_v3 HTTP/1.0 404 - python-swiftclient-3.11.1 gAAAAABo7gvEzjD0... - 70 - tx4a9b3552099f4651ad42c-0068ee0d3d - 0.0185 - - 1760431421.505013466 1760431421.523519516 0
Oct 14 08:43:41 np0005486730 container-server[123471]: 172.20.0.105 - - [14/Oct/2025:08:43:41 +0000] "PUT /d1/557/AUTH_f669ac1a1893421f91ae49881790edbc/gnocchi.fd0e3f88-10ae-4ce8-8130-39e421c9bf64/1760400000.0_mean_300.0_v3" 201 - "PUT http://172.18.0.210:8080/d1/76/AUTH_f669ac1a1893421f91ae49881790edbc/gnocchi.fd0e3f88-10ae-4ce8-8130-39e421c9bf64/1760400000.0_mean_300.0_v3" "tx565a1e0d2b4a4299ba50e-0068ee0d3d" "object-server 25" 0.0006 "-" 23 0
Oct 14 08:43:41 np0005486730 object-server[123893]: 172.20.0.103 - - [14/Oct/2025:08:43:41 +0000] "PUT /d1/76/AUTH_f669ac1a1893421f91ae49881790edbc/gnocchi.fd0e3f88-10ae-4ce8-8130-39e421c9bf64/1760400000.0_mean_300.0_v3" 201 - "PUT http://172.18.0.210:8080/v1/AUTH_f669ac1a1893421f91ae49881790edbc/gnocchi.fd0e3f88-10ae-4ce8-8130-39e421c9bf64/1760400000.0_mean_300.0_v3" "tx565a1e0d2b4a4299ba50e-0068ee0d3d" "proxy-server 20" 0.0102 "-" 25 0
Oct 14 08:43:41 np0005486730 container-server[123444]: 172.20.0.105 - - [14/Oct/2025:08:43:41 +0000] "PUT /d1/557/AUTH_f669ac1a1893421f91ae49881790edbc/gnocchi.fd0e3f88-10ae-4ce8-8130-39e421c9bf64/1760400000.0_rate%3Amean_300.0_v3" 201 - "PUT http://172.18.0.210:8080/d1/402/AUTH_f669ac1a1893421f91ae49881790edbc/gnocchi.fd0e3f88-10ae-4ce8-8130-39e421c9bf64/1760400000.0_rate%3Amean_300.0_v3" "txd67fe75786794fcbaa170-0068ee0d3d" "object-server 24" 0.0008 "-" 20 0
Oct 14 08:43:41 np0005486730 object-server[123892]: 172.20.0.105 - - [14/Oct/2025:08:43:41 +0000] "PUT /d1/402/AUTH_f669ac1a1893421f91ae49881790edbc/gnocchi.fd0e3f88-10ae-4ce8-8130-39e421c9bf64/1760400000.0_rate%3Amean_300.0_v3" 201 - "PUT http://172.18.0.210:8080/v1/AUTH_f669ac1a1893421f91ae49881790edbc/gnocchi.fd0e3f88-10ae-4ce8-8130-39e421c9bf64/1760400000.0_rate%3Amean_300.0_v3" "txd67fe75786794fcbaa170-0068ee0d3d" "proxy-server 20" 0.0120 "-" 24 0
Oct 14 08:43:41 np0005486730 proxy-server[125405]: 172.18.0.103 172.18.0.104 14/Oct/2025/08/43/41 PUT /v1/AUTH_f669ac1a1893421f91ae49881790edbc/gnocchi.fd0e3f88-10ae-4ce8-8130-39e421c9bf64/1760400000.0_rate%253Amean_300.0_v3 HTTP/1.0 201 - python-swiftclient-3.11.1 gAAAAABo7gvEzjD0... 16 - - txd67fe75786794fcbaa170-0068ee0d3d - 0.0233 - - 1760431421.564886332 1760431421.588220119 0
Oct 14 08:43:41 np0005486730 container-server[123444]: 172.20.0.104 - - [14/Oct/2025:08:43:41 +0000] "PUT /d1/557/AUTH_f669ac1a1893421f91ae49881790edbc/gnocchi.fd0e3f88-10ae-4ce8-8130-39e421c9bf64/none_v3" 201 - "PUT http://172.18.0.210:8080/d1/671/AUTH_f669ac1a1893421f91ae49881790edbc/gnocchi.fd0e3f88-10ae-4ce8-8130-39e421c9bf64/none_v3" "tx76a3e3f993364856a1a62-0068ee0d3d" "object-server 24" 0.0006 "-" 20 0
Oct 14 08:43:41 np0005486730 object-server[123893]: 172.20.0.103 - - [14/Oct/2025:08:43:41 +0000] "PUT /d1/671/AUTH_f669ac1a1893421f91ae49881790edbc/gnocchi.fd0e3f88-10ae-4ce8-8130-39e421c9bf64/none_v3" 201 - "PUT http://172.18.0.210:8080/v1/AUTH_f669ac1a1893421f91ae49881790edbc/gnocchi.fd0e3f88-10ae-4ce8-8130-39e421c9bf64/none_v3" "tx76a3e3f993364856a1a62-0068ee0d3d" "proxy-server 20" 0.0104 "-" 25 0
Oct 14 08:43:41 np0005486730 container-server[123444]: 172.20.0.105 - - [14/Oct/2025:08:43:41 +0000] "HEAD /d1/230/AUTH_f669ac1a1893421f91ae49881790edbc/gnocchi.479fcd71-0b85-4403-ae6a-839ce3ae78b8" 204 - "HEAD http://172.18.0.210:8080/v1/AUTH_f669ac1a1893421f91ae49881790edbc/gnocchi.479fcd71-0b85-4403-ae6a-839ce3ae78b8?format=json&states=listing" "tx44384c4d59804d64b27fa-0068ee0d3d" "proxy-server 20" 0.0044 "-" 20 0
Oct 14 08:43:41 np0005486730 proxy-server[125405]: 172.18.0.103 172.18.0.104 14/Oct/2025/08/43/41 GET /v1/AUTH_f669ac1a1893421f91ae49881790edbc/gnocchi.479fcd71-0b85-4403-ae6a-839ce3ae78b8/none_v3 HTTP/1.0 200 - python-swiftclient-3.11.1 gAAAAABo7gvEzjD0... - 22 - tx44384c4d59804d64b27fa-0068ee0d3d - 0.0204 - - 1760431421.806699276 1760431421.827080488 0
Oct 14 08:43:41 np0005486730 proxy-server[125405]: 172.18.0.103 172.18.0.104 14/Oct/2025/08/43/41 GET /v1/AUTH_f669ac1a1893421f91ae49881790edbc/gnocchi.479fcd71-0b85-4403-ae6a-839ce3ae78b8%3Fformat%3Djson%26states%3Dlisting HTTP/1.0 200 - python-swiftclient-3.11.1 gAAAAABo7gvEzjD0... - 357 - tx306f9ba1885c4e65a5dad-0068ee0d3d - 0.0140 - - 1760431421.832662821 1760431421.846657515 0
Oct 14 08:43:41 np0005486730 proxy-server[125405]: 172.18.0.103 172.18.0.104 14/Oct/2025/08/43/41 GET /v1/AUTH_f669ac1a1893421f91ae49881790edbc/gnocchi.479fcd71-0b85-4403-ae6a-839ce3ae78b8%3Fformat%3Djson%26marker%3Dnone_v3%26states%3Dlisting HTTP/1.0 200 - python-swiftclient-3.11.1 gAAAAABo7gvEzjD0... - 2 - tx2e2267aa93854dc29bdef-0068ee0d3d - 0.0130 - - 1760431421.851657391 1760431421.864668131 0
Oct 14 08:43:41 np0005486730 object-server[123892]: 172.20.0.105 - - [14/Oct/2025:08:43:41 +0000] "GET /d1/625/AUTH_f669ac1a1893421f91ae49881790edbc/gnocchi.479fcd71-0b85-4403-ae6a-839ce3ae78b8/1760400000.0_mean_300.0_v3" 200 16 "GET http://172.18.0.210:8080/v1/AUTH_f669ac1a1893421f91ae49881790edbc/gnocchi.479fcd71-0b85-4403-ae6a-839ce3ae78b8/1760400000.0_mean_300.0_v3" "tx2133c10b3831442582416-0068ee0d3d" "proxy-server 20" 0.0014 "-" 24 0
Oct 14 08:43:41 np0005486730 proxy-server[125405]: 172.18.0.103 172.18.0.104 14/Oct/2025/08/43/41 GET /v1/AUTH_f669ac1a1893421f91ae49881790edbc/gnocchi.479fcd71-0b85-4403-ae6a-839ce3ae78b8/1760400000.0_mean_300.0_v3 HTTP/1.0 200 - python-swiftclient-3.11.1 gAAAAABo7gvEzjD0... - 16 - tx2133c10b3831442582416-0068ee0d3d - 0.0109 - - 1760431421.870406866 1760431421.881352901 0
Oct 14 08:43:41 np0005486730 object-server[123891]: 172.20.0.105 - - [14/Oct/2025:08:43:41 +0000] "GET /d1/725/AUTH_f669ac1a1893421f91ae49881790edbc/gnocchi.479fcd71-0b85-4403-ae6a-839ce3ae78b8/1760400000.0_rate%3Amean_300.0_v3" 404 70 "GET http://172.18.0.210:8080/v1/AUTH_f669ac1a1893421f91ae49881790edbc/gnocchi.479fcd71-0b85-4403-ae6a-839ce3ae78b8/1760400000.0_rate%3Amean_300.0_v3" "txa140f6ccd8f94f39927df-0068ee0d3d" "proxy-server 20" 0.0005 "-" 23 0
Oct 14 08:43:41 np0005486730 proxy-server[125405]: 172.18.0.103 172.18.0.104 14/Oct/2025/08/43/41 GET /v1/AUTH_f669ac1a1893421f91ae49881790edbc/gnocchi.479fcd71-0b85-4403-ae6a-839ce3ae78b8/1760400000.0_rate%253Amean_300.0_v3 HTTP/1.0 404 - python-swiftclient-3.11.1 gAAAAABo7gvEzjD0... - 70 - txa140f6ccd8f94f39927df-0068ee0d3d - 0.0191 - - 1760431421.885385036 1760431421.904488087 0
Oct 14 08:43:41 np0005486730 object-server[123893]: 172.20.0.105 - - [14/Oct/2025:08:43:41 +0000] "PUT /d1/625/AUTH_f669ac1a1893421f91ae49881790edbc/gnocchi.479fcd71-0b85-4403-ae6a-839ce3ae78b8/1760400000.0_mean_300.0_v3" 201 - "PUT http://172.18.0.210:8080/v1/AUTH_f669ac1a1893421f91ae49881790edbc/gnocchi.479fcd71-0b85-4403-ae6a-839ce3ae78b8/1760400000.0_mean_300.0_v3" "tx44af196cabe34b519fcf0-0068ee0d3d" "proxy-server 20" 0.0131 "-" 25 0
Oct 14 08:43:41 np0005486730 container-server[123460]: 172.20.0.103 - - [14/Oct/2025:08:43:41 +0000] "PUT /d1/230/AUTH_f669ac1a1893421f91ae49881790edbc/gnocchi.479fcd71-0b85-4403-ae6a-839ce3ae78b8/1760400000.0_mean_300.0_v3" 201 - "PUT http://172.18.0.210:8080/d1/625/AUTH_f669ac1a1893421f91ae49881790edbc/gnocchi.479fcd71-0b85-4403-ae6a-839ce3ae78b8/1760400000.0_mean_300.0_v3" "tx44af196cabe34b519fcf0-0068ee0d3d" "object-server 23" 0.0009 "-" 21 0
Oct 14 08:43:41 np0005486730 proxy-server[125405]: 172.18.0.103 172.18.0.104 14/Oct/2025/08/43/41 PUT /v1/AUTH_f669ac1a1893421f91ae49881790edbc/gnocchi.479fcd71-0b85-4403-ae6a-839ce3ae78b8/1760400000.0_mean_300.0_v3 HTTP/1.0 201 - python-swiftclient-3.11.1 gAAAAABo7gvEzjD0... 27 - - tx44af196cabe34b519fcf0-0068ee0d3d - 0.0242 - - 1760431421.910852671 1760431421.935066938 0
Oct 14 08:43:41 np0005486730 container-server[123463]: 172.20.0.105 - - [14/Oct/2025:08:43:41 +0000] "PUT /d1/230/AUTH_f669ac1a1893421f91ae49881790edbc/gnocchi.479fcd71-0b85-4403-ae6a-839ce3ae78b8/1760400000.0_rate%3Amean_300.0_v3" 201 - "PUT http://172.18.0.210:8080/d1/725/AUTH_f669ac1a1893421f91ae49881790edbc/gnocchi.479fcd71-0b85-4403-ae6a-839ce3ae78b8/1760400000.0_rate%3Amean_300.0_v3" "tx19812fc63be04ac983c7b-0068ee0d3d" "object-server 24" 0.0010 "-" 22 0
Oct 14 08:43:41 np0005486730 object-server[123892]: 172.20.0.105 - - [14/Oct/2025:08:43:41 +0000] "PUT /d1/725/AUTH_f669ac1a1893421f91ae49881790edbc/gnocchi.479fcd71-0b85-4403-ae6a-839ce3ae78b8/1760400000.0_rate%3Amean_300.0_v3" 201 - "PUT http://172.18.0.210:8080/v1/AUTH_f669ac1a1893421f91ae49881790edbc/gnocchi.479fcd71-0b85-4403-ae6a-839ce3ae78b8/1760400000.0_rate%3Amean_300.0_v3" "tx19812fc63be04ac983c7b-0068ee0d3d" "proxy-server 20" 0.0118 "-" 24 0
Oct 14 08:43:41 np0005486730 proxy-server[125405]: 172.18.0.103 172.18.0.104 14/Oct/2025/08/43/41 PUT /v1/AUTH_f669ac1a1893421f91ae49881790edbc/gnocchi.479fcd71-0b85-4403-ae6a-839ce3ae78b8/1760400000.0_rate%253Amean_300.0_v3 HTTP/1.0 201 - python-swiftclient-3.11.1 gAAAAABo7gvEzjD0... 16 - - tx19812fc63be04ac983c7b-0068ee0d3d - 0.0203 - - 1760431421.939871311 1760431421.960208178 0
Oct 14 08:43:41 np0005486730 object-server[123892]: 172.20.0.103 - - [14/Oct/2025:08:43:41 +0000] "GET /d1/56/AUTH_f669ac1a1893421f91ae49881790edbc/gnocchi.605cc867-1f40-454d-b7a4-248a43e34d70/none_v3" 200 22 "GET http://172.18.0.210:8080/v1/AUTH_f669ac1a1893421f91ae49881790edbc/gnocchi.605cc867-1f40-454d-b7a4-248a43e34d70/none_v3" "tx11697b2cd8eb45bba7fb7-0068ee0d3d" "proxy-server 20" 0.0008 "-" 24 0
Oct 14 08:43:41 np0005486730 container-server[123444]: 172.20.0.105 - - [14/Oct/2025:08:43:41 +0000] "PUT /d1/230/AUTH_f669ac1a1893421f91ae49881790edbc/gnocchi.479fcd71-0b85-4403-ae6a-839ce3ae78b8/none_v3" 201 - "PUT http://172.18.0.210:8080/d1/484/AUTH_f669ac1a1893421f91ae49881790edbc/gnocchi.479fcd71-0b85-4403-ae6a-839ce3ae78b8/none_v3" "tx42f4fbf68bca4cd38b7a7-0068ee0d3d" "object-server 23" 0.0008 "-" 20 0
Oct 14 08:43:41 np0005486730 object-server[123891]: 172.20.0.105 - - [14/Oct/2025:08:43:41 +0000] "PUT /d1/484/AUTH_f669ac1a1893421f91ae49881790edbc/gnocchi.479fcd71-0b85-4403-ae6a-839ce3ae78b8/none_v3" 201 - "PUT http://172.18.0.210:8080/v1/AUTH_f669ac1a1893421f91ae49881790edbc/gnocchi.479fcd71-0b85-4403-ae6a-839ce3ae78b8/none_v3" "tx42f4fbf68bca4cd38b7a7-0068ee0d3d" "proxy-server 20" 0.0116 "-" 23 0
Oct 14 08:43:41 np0005486730 proxy-server[125405]: 172.18.0.103 172.18.0.104 14/Oct/2025/08/43/41 PUT /v1/AUTH_f669ac1a1893421f91ae49881790edbc/gnocchi.479fcd71-0b85-4403-ae6a-839ce3ae78b8/none_v3 HTTP/1.0 201 - python-swiftclient-3.11.1 gAAAAABo7gvEzjD0... 34 - - tx42f4fbf68bca4cd38b7a7-0068ee0d3d - 0.0206 - - 1760431421.968615532 1760431421.989231110 0
Oct 14 08:43:42 np0005486730 object-server[123891]: 172.20.0.105 - - [14/Oct/2025:08:43:42 +0000] "GET /d1/468/AUTH_f669ac1a1893421f91ae49881790edbc/gnocchi.605cc867-1f40-454d-b7a4-248a43e34d70/1760400000.0_rate%3Amean_300.0_v3" 404 70 "GET http://172.18.0.210:8080/v1/AUTH_f669ac1a1893421f91ae49881790edbc/gnocchi.605cc867-1f40-454d-b7a4-248a43e34d70/1760400000.0_rate%3Amean_300.0_v3" "tx22ef33df910347948504a-0068ee0d3d" "proxy-server 20" 0.0005 "-" 23 0
Oct 14 08:43:42 np0005486730 proxy-server[125405]: 172.18.0.210 172.18.0.104 14/Oct/2025/08/43/42 GET /v1/AUTH_f669ac1a1893421f91ae49881790edbc/gnocchi.605cc867-1f40-454d-b7a4-248a43e34d70/1760400000.0_rate%253Amean_300.0_v3 HTTP/1.0 404 - python-swiftclient-3.11.1 gAAAAABo7gvE2klL... - 70 - tx22ef33df910347948504a-0068ee0d3d - 0.0153 - - 1760431421.996211767 1760431422.011512518 0
Oct 14 08:43:42 np0005486730 proxy-server[125405]: 172.18.0.210 172.18.0.104 14/Oct/2025/08/43/42 GET /v1/AUTH_f669ac1a1893421f91ae49881790edbc/gnocchi.605cc867-1f40-454d-b7a4-248a43e34d70/1760400000.0_mean_300.0_v3 HTTP/1.0 200 - python-swiftclient-3.11.1 gAAAAABo7gvE2klL... - 16 - tx9c28c44f7abb47c4a6238-0068ee0d3e - 0.0090 - - 1760431422.016624451 1760431422.025578737 0
Oct 14 08:43:42 np0005486730 container-server[123460]: 172.20.0.105 - - [14/Oct/2025:08:43:42 +0000] "PUT /d1/625/AUTH_f669ac1a1893421f91ae49881790edbc/gnocchi.605cc867-1f40-454d-b7a4-248a43e34d70/1760400000.0_rate%3Amean_300.0_v3" 201 - "PUT http://172.18.0.210:8080/d1/468/AUTH_f669ac1a1893421f91ae49881790edbc/gnocchi.605cc867-1f40-454d-b7a4-248a43e34d70/1760400000.0_rate%3Amean_300.0_v3" "tx4e7d808d44c74e348ce1e-0068ee0d3e" "object-server 25" 0.0008 "-" 21 0
Oct 14 08:43:42 np0005486730 object-server[123893]: 172.20.0.105 - - [14/Oct/2025:08:43:42 +0000] "PUT /d1/468/AUTH_f669ac1a1893421f91ae49881790edbc/gnocchi.605cc867-1f40-454d-b7a4-248a43e34d70/1760400000.0_rate%3Amean_300.0_v3" 201 - "PUT http://172.18.0.210:8080/v1/AUTH_f669ac1a1893421f91ae49881790edbc/gnocchi.605cc867-1f40-454d-b7a4-248a43e34d70/1760400000.0_rate%3Amean_300.0_v3" "tx4e7d808d44c74e348ce1e-0068ee0d3e" "proxy-server 20" 0.0121 "-" 25 0
Oct 14 08:43:42 np0005486730 proxy-server[125405]: 172.18.0.210 172.18.0.104 14/Oct/2025/08/43/42 PUT /v1/AUTH_f669ac1a1893421f91ae49881790edbc/gnocchi.605cc867-1f40-454d-b7a4-248a43e34d70/1760400000.0_rate%253Amean_300.0_v3 HTTP/1.0 201 - python-swiftclient-3.11.1 gAAAAABo7gvE2klL... 16 - - tx4e7d808d44c74e348ce1e-0068ee0d3e - 0.0216 - - 1760431422.030341387 1760431422.051905870 0
