Oct 14 08:37:24 np0005486730 container-server[123463]: 172.20.0.104 - - [14/Oct/2025:08:37:24 +0000] "PUT /d1/778/AUTH_f669ac1a1893421f91ae49881790edbc/gnocchi.8e882ebf-42b7-469f-a9ed-cda9d56cbb3c" 201 - "PUT http://172.18.0.210:8080/v1/AUTH_f669ac1a1893421f91ae49881790edbc/gnocchi.8e882ebf-42b7-469f-a9ed-cda9d56cbb3c" "tx1c3cdfc7394b48c7a67d5-0068ee0bc4" "proxy-server 12" 0.0152 "-" 22 0
Oct 14 08:37:24 np0005486730 account-server[123324]: 172.20.0.104 - - [14/Oct/2025:08:37:24 +0000] "PUT /d1/338/AUTH_f669ac1a1893421f91ae49881790edbc/gnocchi.8e882ebf-42b7-469f-a9ed-cda9d56cbb3c" 201 - "PUT http://172.20.0.104:6001/d1/778/AUTH_f669ac1a1893421f91ae49881790edbc/gnocchi.8e882ebf-42b7-469f-a9ed-cda9d56cbb3c" "tx1c3cdfc7394b48c7a67d5-0068ee0bc4" "container-server 19" 0.0060 "-" 14 0
Oct 14 08:37:24 np0005486730 object-server[123889]: 172.20.0.103 - - [14/Oct/2025:08:37:24 +0000] "GET /d1/417/AUTH_f669ac1a1893421f91ae49881790edbc/gnocchi.c8ba4180-cd74-4592-97fe-2e224a348756/1760400000.0_mean_300.0_v3" 404 70 "GET http://172.18.0.210:8080/v1/AUTH_f669ac1a1893421f91ae49881790edbc/gnocchi.c8ba4180-cd74-4592-97fe-2e224a348756/1760400000.0_mean_300.0_v3" "txb82b8b7b00674fb49784a-0068ee0bc4" "proxy-server 20" 0.0005 "-" 22 0
Oct 14 08:37:24 np0005486730 object-server[123892]: 172.20.0.104 - - [14/Oct/2025:08:37:24 +0000] "GET /d1/466/AUTH_f669ac1a1893421f91ae49881790edbc/gnocchi.8e882ebf-42b7-469f-a9ed-cda9d56cbb3c/1760400000.0_mean_300.0_v3" 404 70 "GET http://172.18.0.210:8080/v1/AUTH_f669ac1a1893421f91ae49881790edbc/gnocchi.8e882ebf-42b7-469f-a9ed-cda9d56cbb3c/1760400000.0_mean_300.0_v3" "tx0c18500aed9e4b4ab5b75-0068ee0bc4" "proxy-server 12" 0.0003 "-" 24 0
Oct 14 08:37:24 np0005486730 container-server[123471]: 172.20.0.103 - - [14/Oct/2025:08:37:24 +0000] "PUT /d1/296/AUTH_f669ac1a1893421f91ae49881790edbc/gnocchi.c8ba4180-cd74-4592-97fe-2e224a348756/1760400000.0_mean_300.0_v3" 201 - "PUT http://172.18.0.210:8080/d1/417/AUTH_f669ac1a1893421f91ae49881790edbc/gnocchi.c8ba4180-cd74-4592-97fe-2e224a348756/1760400000.0_mean_300.0_v3" "tx556b5dab0ac9485aafdec-0068ee0bc4" "object-server 22" 0.0011 "-" 23 0
Oct 14 08:37:24 np0005486730 object-server[123889]: 172.20.0.103 - - [14/Oct/2025:08:37:24 +0000] "PUT /d1/417/AUTH_f669ac1a1893421f91ae49881790edbc/gnocchi.c8ba4180-cd74-4592-97fe-2e224a348756/1760400000.0_mean_300.0_v3" 201 - "PUT http://172.18.0.210:8080/v1/AUTH_f669ac1a1893421f91ae49881790edbc/gnocchi.c8ba4180-cd74-4592-97fe-2e224a348756/1760400000.0_mean_300.0_v3" "tx556b5dab0ac9485aafdec-0068ee0bc4" "proxy-server 20" 0.0158 "-" 22 0
Oct 14 08:37:24 np0005486730 container-server[123463]: 172.20.0.104 - - [14/Oct/2025:08:37:24 +0000] "PUT /d1/778/AUTH_f669ac1a1893421f91ae49881790edbc/gnocchi.8e882ebf-42b7-469f-a9ed-cda9d56cbb3c/1760400000.0_mean_300.0_v3" 201 - "PUT http://172.18.0.210:8080/d1/466/AUTH_f669ac1a1893421f91ae49881790edbc/gnocchi.8e882ebf-42b7-469f-a9ed-cda9d56cbb3c/1760400000.0_mean_300.0_v3" "txf4fcd8e81a58496c92be0-0068ee0bc4" "object-server 25" 0.0010 "-" 22 0
Oct 14 08:37:24 np0005486730 object-server[123889]: 172.20.0.104 - - [14/Oct/2025:08:37:24 +0000] "PUT /d1/466/AUTH_f669ac1a1893421f91ae49881790edbc/gnocchi.8e882ebf-42b7-469f-a9ed-cda9d56cbb3c/1760400000.0_mean_300.0_v3" 201 - "PUT http://172.18.0.210:8080/v1/AUTH_f669ac1a1893421f91ae49881790edbc/gnocchi.8e882ebf-42b7-469f-a9ed-cda9d56cbb3c/1760400000.0_mean_300.0_v3" "txf4fcd8e81a58496c92be0-0068ee0bc4" "proxy-server 12" 0.0139 "-" 22 0
Oct 14 08:37:24 np0005486730 container-server[123444]: 172.20.0.103 - - [14/Oct/2025:08:37:24 +0000] "PUT /d1/296/AUTH_f669ac1a1893421f91ae49881790edbc/gnocchi.c8ba4180-cd74-4592-97fe-2e224a348756/none_v3" 201 - "PUT http://172.18.0.210:8080/d1/160/AUTH_f669ac1a1893421f91ae49881790edbc/gnocchi.c8ba4180-cd74-4592-97fe-2e224a348756/none_v3" "tx45d0be2ebc8d465a81b68-0068ee0bc4" "object-server 23" 0.0009 "-" 20 0
Oct 14 08:37:24 np0005486730 object-server[123891]: 172.20.0.103 - - [14/Oct/2025:08:37:24 +0000] "PUT /d1/160/AUTH_f669ac1a1893421f91ae49881790edbc/gnocchi.c8ba4180-cd74-4592-97fe-2e224a348756/none_v3" 201 - "PUT http://172.18.0.210:8080/v1/AUTH_f669ac1a1893421f91ae49881790edbc/gnocchi.c8ba4180-cd74-4592-97fe-2e224a348756/none_v3" "tx45d0be2ebc8d465a81b68-0068ee0bc4" "proxy-server 20" 0.0134 "-" 23 0
Oct 14 08:37:24 np0005486730 container-server[123463]: 172.20.0.104 - - [14/Oct/2025:08:37:24 +0000] "PUT /d1/778/AUTH_f669ac1a1893421f91ae49881790edbc/gnocchi.8e882ebf-42b7-469f-a9ed-cda9d56cbb3c/none_v3" 201 - "PUT http://172.18.0.210:8080/d1/241/AUTH_f669ac1a1893421f91ae49881790edbc/gnocchi.8e882ebf-42b7-469f-a9ed-cda9d56cbb3c/none_v3" "txdb78007784b540a5af7ed-0068ee0bc4" "object-server 25" 0.0008 "-" 22 0
Oct 14 08:37:24 np0005486730 object-server[123892]: 172.20.0.104 - - [14/Oct/2025:08:37:24 +0000] "PUT /d1/241/AUTH_f669ac1a1893421f91ae49881790edbc/gnocchi.8e882ebf-42b7-469f-a9ed-cda9d56cbb3c/none_v3" 201 - "PUT http://172.18.0.210:8080/v1/AUTH_f669ac1a1893421f91ae49881790edbc/gnocchi.8e882ebf-42b7-469f-a9ed-cda9d56cbb3c/none_v3" "txdb78007784b540a5af7ed-0068ee0bc4" "proxy-server 12" 0.0147 "-" 24 0
Oct 14 08:37:25 np0005486730 container-server[123444]: 172.20.0.105 - - [14/Oct/2025:08:37:25 +0000] "HEAD /d1/309/AUTH_f669ac1a1893421f91ae49881790edbc/gnocchi.0ab7f682-d089-40a2-97d8-74d2aa81081c" 404 - "HEAD http://172.18.0.210:8080/v1/AUTH_f669ac1a1893421f91ae49881790edbc/gnocchi.0ab7f682-d089-40a2-97d8-74d2aa81081c?format=json&states=listing" "tx1def3fe22ed74efcafc8d-0068ee0bc4" "proxy-server 20" 0.0006 "-" 20 0
Oct 14 08:37:25 np0005486730 object-server[123889]: 172.20.0.105 - - [14/Oct/2025:08:37:25 +0000] "GET /d1/595/AUTH_f669ac1a1893421f91ae49881790edbc/gnocchi.0ab7f682-d089-40a2-97d8-74d2aa81081c/none_v3" 404 70 "GET http://172.18.0.210:8080/v1/AUTH_f669ac1a1893421f91ae49881790edbc/gnocchi.0ab7f682-d089-40a2-97d8-74d2aa81081c/none_v3" "tx1def3fe22ed74efcafc8d-0068ee0bc4" "proxy-server 20" 0.0005 "-" 22 0
Oct 14 08:37:25 np0005486730 proxy-server[125405]: 172.18.0.210 172.18.0.104 14/Oct/2025/08/37/25 GET /v1/AUTH_f669ac1a1893421f91ae49881790edbc/gnocchi.0ab7f682-d089-40a2-97d8-74d2aa81081c/none_v3 HTTP/1.0 404 - python-swiftclient-3.11.1 gAAAAABo7gvE2klL... - 70 - tx1def3fe22ed74efcafc8d-0068ee0bc4 - 0.4474 - - 1760431044.616215229 1760431045.063662767 0
Oct 14 08:37:25 np0005486730 account-server[123324]: 172.20.0.105 - - [14/Oct/2025:08:37:25 +0000] "PUT /d1/338/AUTH_f669ac1a1893421f91ae49881790edbc/gnocchi.0ab7f682-d089-40a2-97d8-74d2aa81081c" 201 - "PUT http://172.20.0.105:6001/d1/309/AUTH_f669ac1a1893421f91ae49881790edbc/gnocchi.0ab7f682-d089-40a2-97d8-74d2aa81081c" "txc0304a77ab0a4e15bdd53-0068ee0bc5" "container-server 21" 0.0058 "-" 14 0
Oct 14 08:37:25 np0005486730 container-server[123460]: 172.20.0.103 - - [14/Oct/2025:08:37:25 +0000] "PUT /d1/309/AUTH_f669ac1a1893421f91ae49881790edbc/gnocchi.0ab7f682-d089-40a2-97d8-74d2aa81081c" 201 - "PUT http://172.18.0.210:8080/v1/AUTH_f669ac1a1893421f91ae49881790edbc/gnocchi.0ab7f682-d089-40a2-97d8-74d2aa81081c" "txc0304a77ab0a4e15bdd53-0068ee0bc5" "proxy-server 20" 0.0190 "-" 21 0
Oct 14 08:37:25 np0005486730 object-server[123891]: 172.20.0.105 - - [14/Oct/2025:08:37:25 +0000] "GET /d1/962/AUTH_f669ac1a1893421f91ae49881790edbc/gnocchi.0ab7f682-d089-40a2-97d8-74d2aa81081c/1760400000.0_mean_300.0_v3" 404 70 "GET http://172.18.0.210:8080/v1/AUTH_f669ac1a1893421f91ae49881790edbc/gnocchi.0ab7f682-d089-40a2-97d8-74d2aa81081c/1760400000.0_mean_300.0_v3" "tx794c4f286b1f410fa68a2-0068ee0bc5" "proxy-server 20" 0.0005 "-" 23 0
Oct 14 08:37:25 np0005486730 proxy-server[125405]: 172.18.0.210 172.18.0.104 14/Oct/2025/08/37/25 GET /v1/AUTH_f669ac1a1893421f91ae49881790edbc/gnocchi.0ab7f682-d089-40a2-97d8-74d2aa81081c/1760400000.0_mean_300.0_v3 HTTP/1.0 404 - python-swiftclient-3.11.1 gAAAAABo7gvE2klL... - 70 - tx794c4f286b1f410fa68a2-0068ee0bc5 - 0.0171 - - 1760431045.123461485 1760431045.140513897 0
Oct 14 08:37:25 np0005486730 container-server[123471]: 172.20.0.103 - - [14/Oct/2025:08:37:25 +0000] "PUT /d1/309/AUTH_f669ac1a1893421f91ae49881790edbc/gnocchi.0ab7f682-d089-40a2-97d8-74d2aa81081c/1760400000.0_mean_300.0_v3" 201 - "PUT http://172.18.0.210:8080/d1/962/AUTH_f669ac1a1893421f91ae49881790edbc/gnocchi.0ab7f682-d089-40a2-97d8-74d2aa81081c/1760400000.0_mean_300.0_v3" "txfb2a18e84d2246e9af5c7-0068ee0bc5" "object-server 23" 0.0009 "-" 23 0
Oct 14 08:37:25 np0005486730 object-server[123891]: 172.20.0.103 - - [14/Oct/2025:08:37:25 +0000] "PUT /d1/962/AUTH_f669ac1a1893421f91ae49881790edbc/gnocchi.0ab7f682-d089-40a2-97d8-74d2aa81081c/1760400000.0_mean_300.0_v3" 201 - "PUT http://172.18.0.210:8080/v1/AUTH_f669ac1a1893421f91ae49881790edbc/gnocchi.0ab7f682-d089-40a2-97d8-74d2aa81081c/1760400000.0_mean_300.0_v3" "txfb2a18e84d2246e9af5c7-0068ee0bc5" "proxy-server 20" 0.0107 "-" 23 0
Oct 14 08:37:25 np0005486730 container-server[123444]: 172.20.0.103 - - [14/Oct/2025:08:37:25 +0000] "PUT /d1/309/AUTH_f669ac1a1893421f91ae49881790edbc/gnocchi.0ab7f682-d089-40a2-97d8-74d2aa81081c/none_v3" 201 - "PUT http://172.18.0.210:8080/d1/595/AUTH_f669ac1a1893421f91ae49881790edbc/gnocchi.0ab7f682-d089-40a2-97d8-74d2aa81081c/none_v3" "txd7db8dac7524493390c1c-0068ee0bc5" "object-server 22" 0.0007 "-" 20 0
Oct 14 08:37:25 np0005486730 object-server[123889]: 172.20.0.104 - - [14/Oct/2025:08:37:25 +0000] "PUT /d1/595/AUTH_f669ac1a1893421f91ae49881790edbc/gnocchi.0ab7f682-d089-40a2-97d8-74d2aa81081c/none_v3" 201 - "PUT http://172.18.0.210:8080/v1/AUTH_f669ac1a1893421f91ae49881790edbc/gnocchi.0ab7f682-d089-40a2-97d8-74d2aa81081c/none_v3" "txd7db8dac7524493390c1c-0068ee0bc5" "proxy-server 12" 0.0119 "-" 22 0
Oct 14 08:37:32 np0005486730 container-server[123148]: Beginning replication run
Oct 14 08:37:32 np0005486730 container-server[123148]: Replication run OVER
Oct 14 08:37:32 np0005486730 container-server[123148]: Attempted to replicate 8 dbs in 0.30798 seconds (25.97578/s)
Oct 14 08:37:32 np0005486730 container-server[123148]: Removed 0 dbs
Oct 14 08:37:32 np0005486730 container-server[123148]: 16 successes, 0 failures
Oct 14 08:37:32 np0005486730 container-server[123148]: diff:0 diff_capped:0 empty:0 hashmatch:0 no_change:16 remote_merge:0 rsync:0 ts_repl:0
Oct 14 08:37:35 np0005486730 object-server[123670]: Starting object replication pass.
Oct 14 08:37:35 np0005486730 object-server[123670]: 15/15 (100.00%) partitions replicated in 0.36s (41.86/sec, 0s remaining)
Oct 14 08:37:35 np0005486730 object-server[123670]: 30 successes, 0 failures
Oct 14 08:37:35 np0005486730 object-server[123670]: 16 suffixes checked - 62.50% hashed, 0.00% synced
Oct 14 08:37:35 np0005486730 object-server[123670]: Partition times: max 0.0339s, min 0.0082s, med 0.0296s
Oct 14 08:37:35 np0005486730 object-server[123670]: Object replication complete. (0.01 minutes)
Oct 14 08:37:36 np0005486730 object-server[217358]: Begin object audit "forever" mode (ZBF)
Oct 14 08:37:36 np0005486730 object-server[217358]: Object audit (ZBF). Since Tue Oct 14 08:37:36 2025: Locally: 1 passed, 0 quarantined, 0 errors, files/sec: 1095.12, bytes/sec: 0.00, Total time: 0.00, Auditing time: 0.00, Rate: 0.00
Oct 14 08:37:36 np0005486730 object-server[217359]: Begin object audit "forever" mode (ALL)
Oct 14 08:37:36 np0005486730 object-server[217359]: Object audit (ALL). Since Tue Oct 14 08:37:36 2025: Locally: 1 passed, 0 quarantined, 0 errors, files/sec: 126.98, bytes/sec: 2031.75, Total time: 0.01, Auditing time: 0.00, Rate: 0.00
Oct 14 08:37:37 np0005486730 object-server[217358]: Object audit (ZBF) "forever" mode completed: 0.29s. Total quarantined: 0, Total errors: 0, Total files/sec: 55.67, Total bytes/sec: 0.00, Auditing time: 0.28, Rate: 0.97
Oct 14 08:37:37 np0005486730 object-server[217359]: Object audit (ALL) "forever" mode completed: 0.71s. Total quarantined: 0, Total errors: 0, Total files/sec: 22.54, Total bytes/sec: 442.40, Auditing time: 0.70, Rate: 0.99
Oct 14 08:37:45 np0005486730 account-server[122954]: Beginning replication run
Oct 14 08:37:45 np0005486730 account-server[122954]: Replication run OVER
Oct 14 08:37:45 np0005486730 account-server[122954]: Attempted to replicate 1 dbs in 0.02916 seconds (34.29173/s)
Oct 14 08:37:45 np0005486730 account-server[122954]: Removed 0 dbs
Oct 14 08:37:45 np0005486730 account-server[122954]: 2 successes, 0 failures
Oct 14 08:37:45 np0005486730 account-server[122954]: diff:0 diff_capped:0 empty:0 hashmatch:0 no_change:2 remote_merge:0 rsync:0 ts_repl:0
Oct 14 08:38:02 np0005486730 container-server[123148]: Beginning replication run
Oct 14 08:38:02 np0005486730 container-server[123148]: Replication run OVER
Oct 14 08:38:02 np0005486730 container-server[123148]: Attempted to replicate 8 dbs in 0.15919 seconds (50.25508/s)
Oct 14 08:38:02 np0005486730 container-server[123148]: Removed 0 dbs
Oct 14 08:38:02 np0005486730 container-server[123148]: 16 successes, 0 failures
Oct 14 08:38:02 np0005486730 container-server[123148]: diff:0 diff_capped:0 empty:0 hashmatch:0 no_change:16 remote_merge:0 rsync:0 ts_repl:0
Oct 14 08:38:05 np0005486730 object-server[123670]: Starting object replication pass.
Oct 14 08:38:05 np0005486730 object-server[123670]: 15/15 (100.00%) partitions replicated in 0.13s (114.71/sec, 0s remaining)
Oct 14 08:38:05 np0005486730 object-server[123670]: 30 successes, 0 failures
Oct 14 08:38:05 np0005486730 object-server[123670]: 16 suffixes checked - 0.00% hashed, 0.00% synced
Oct 14 08:38:05 np0005486730 object-server[123670]: Partition times: max 0.0112s, min 0.0070s, med 0.0080s
Oct 14 08:38:05 np0005486730 object-server[123670]: Object replication complete. (0.00 minutes)
Oct 14 08:38:07 np0005486730 object-server[217386]: Begin object audit "forever" mode (ZBF)
Oct 14 08:38:07 np0005486730 object-server[217386]: Object audit (ZBF). Since Tue Oct 14 08:38:07 2025: Locally: 1 passed, 0 quarantined, 0 errors, files/sec: 846.65, bytes/sec: 0.00, Total time: 0.00, Auditing time: 0.00, Rate: 0.00
Oct 14 08:38:07 np0005486730 object-server[217386]: Object audit (ZBF) "forever" mode completed: 0.28s. Total quarantined: 0, Total errors: 0, Total files/sec: 56.58, Total bytes/sec: 0.00, Auditing time: 0.28, Rate: 0.99
Oct 14 08:38:15 np0005486730 account-server[122954]: Beginning replication run
Oct 14 08:38:15 np0005486730 account-server[122954]: Replication run OVER
Oct 14 08:38:15 np0005486730 account-server[122954]: Attempted to replicate 1 dbs in 0.01675 seconds (59.68974/s)
Oct 14 08:38:15 np0005486730 account-server[122954]: Removed 0 dbs
Oct 14 08:38:15 np0005486730 account-server[122954]: 2 successes, 0 failures
Oct 14 08:38:15 np0005486730 account-server[122954]: diff:0 diff_capped:0 empty:0 hashmatch:0 no_change:2 remote_merge:0 rsync:0 ts_repl:0
Oct 14 08:38:30 np0005486730 object-server[123821]: Begin object update sweep
Oct 14 08:38:30 np0005486730 object-server[222631]: Object update sweep starting on /srv/node/d1 (pid: 14)
Oct 14 08:38:30 np0005486730 object-server[222631]: Object update sweep completed on /srv/node/d1 in 0.00s seconds:, 0 successes, 0 failures, 0 quarantines, 0 unlinks, 0 errors, 0 redirects (pid: 14)
Oct 14 08:38:30 np0005486730 object-server[222631]: Object update sweep of d1 completed: 0.00s, 0 successes, 0 failures, 0 quarantines, 0 unlinks, 0 errors, 0 redirects
Oct 14 08:38:30 np0005486730 object-server[123821]: Object update sweep completed: 0.08s
Oct 14 08:38:32 np0005486730 container-server[123148]: Beginning replication run
Oct 14 08:38:32 np0005486730 container-server[123148]: Replication run OVER
Oct 14 08:38:32 np0005486730 container-server[123148]: Attempted to replicate 8 dbs in 0.18840 seconds (42.46201/s)
Oct 14 08:38:32 np0005486730 container-server[123148]: Removed 0 dbs
Oct 14 08:38:32 np0005486730 container-server[123148]: 16 successes, 0 failures
Oct 14 08:38:32 np0005486730 container-server[123148]: diff:0 diff_capped:0 empty:0 hashmatch:0 no_change:16 remote_merge:0 rsync:0 ts_repl:0
Oct 14 08:38:35 np0005486730 object-server[123670]: Starting object replication pass.
Oct 14 08:38:35 np0005486730 object-server[123670]: 15/15 (100.00%) partitions replicated in 0.17s (90.44/sec, 0s remaining)
Oct 14 08:38:35 np0005486730 object-server[123670]: 30 successes, 0 failures
Oct 14 08:38:35 np0005486730 object-server[123670]: 16 suffixes checked - 0.00% hashed, 0.00% synced
Oct 14 08:38:35 np0005486730 object-server[123670]: Partition times: max 0.0165s, min 0.0073s, med 0.0101s
Oct 14 08:38:35 np0005486730 object-server[123670]: Object replication complete. (0.00 minutes)
Oct 14 08:38:37 np0005486730 object-server[223050]: Begin object audit "forever" mode (ZBF)
Oct 14 08:38:37 np0005486730 object-server[223051]: Begin object audit "forever" mode (ALL)
Oct 14 08:38:37 np0005486730 object-server[223050]: Object audit (ZBF). Since Tue Oct 14 08:38:37 2025: Locally: 1 passed, 0 quarantined, 0 errors, files/sec: 471.85, bytes/sec: 0.00, Total time: 0.00, Auditing time: 0.00, Rate: 0.00
Oct 14 08:38:37 np0005486730 object-server[223051]: Object audit (ALL). Since Tue Oct 14 08:38:37 2025: Locally: 1 passed, 0 quarantined, 0 errors, files/sec: 93.91, bytes/sec: 1502.49, Total time: 0.01, Auditing time: 0.00, Rate: 0.00
Oct 14 08:38:38 np0005486730 object-server[223050]: Object audit (ZBF) "forever" mode completed: 0.28s. Total quarantined: 0, Total errors: 0, Total files/sec: 56.41, Total bytes/sec: 0.00, Auditing time: 0.28, Rate: 0.98
Oct 14 08:38:38 np0005486730 object-server[223051]: Object audit (ALL) "forever" mode completed: 0.71s. Total quarantined: 0, Total errors: 0, Total files/sec: 22.44, Total bytes/sec: 440.35, Auditing time: 0.70, Rate: 0.99
Oct 14 08:38:41 np0005486730 account-server[123345]: 172.20.0.105 - - [14/Oct/2025:08:38:41 +0000] "HEAD /d1/338/AUTH_f669ac1a1893421f91ae49881790edbc" 204 - "HEAD http://172.18.0.210:8080/v1/AUTH_f669ac1a1893421f91ae49881790edbc?format=json" "txcdac35671d4146c1a2068-0068ee0c11" "proxy-server 20" 0.0026 "-" 16 -
Oct 14 08:38:41 np0005486730 proxy-server[125405]: - - 14/Oct/2025/08/38/41 HEAD /v1/AUTH_f669ac1a1893421f91ae49881790edbc%3Fformat%3Djson HTTP/1.0 204 - Swift - - - - txcdac35671d4146c1a2068-0068ee0c11 - 0.0133 RL - 1760431121.553018332 1760431121.566273451 -
Oct 14 08:38:41 np0005486730 account-server[123344]: 172.20.0.104 - - [14/Oct/2025:08:38:41 +0000] "HEAD /d1/338/AUTH_f669ac1a1893421f91ae49881790edbc" 204 - "HEAD http://172.18.0.210:8080/v1/AUTH_f669ac1a1893421f91ae49881790edbc?format=json" "txc3597a2f81774d6d90086-0068ee0c11" "proxy-server 12" 0.0025 "-" 15 -
Oct 14 08:38:41 np0005486730 container-server[123460]: 172.20.0.103 - - [14/Oct/2025:08:38:41 +0000] "HEAD /d1/557/AUTH_f669ac1a1893421f91ae49881790edbc/gnocchi.fd0e3f88-10ae-4ce8-8130-39e421c9bf64" 404 - "HEAD http://172.18.0.210:8080/v1/AUTH_f669ac1a1893421f91ae49881790edbc/gnocchi.fd0e3f88-10ae-4ce8-8130-39e421c9bf64?format=json&states=listing" "tx62f3f8fa428d4cb2b1ce2-0068ee0c11" "proxy-server 20" 0.0004 "-" 21 0
Oct 14 08:38:41 np0005486730 container-server[123444]: 172.20.0.105 - - [14/Oct/2025:08:38:41 +0000] "HEAD /d1/582/AUTH_f669ac1a1893421f91ae49881790edbc/gnocchi.24e94419-d4f8-4b33-a74a-2d0153668fcc" 404 - "HEAD http://172.18.0.210:8080/v1/AUTH_f669ac1a1893421f91ae49881790edbc/gnocchi.24e94419-d4f8-4b33-a74a-2d0153668fcc?format=json&states=listing" "txcdac35671d4146c1a2068-0068ee0c11" "proxy-server 20" 0.0005 "-" 20 0
Oct 14 08:38:41 np0005486730 object-server[123892]: 172.20.0.105 - - [14/Oct/2025:08:38:41 +0000] "GET /d1/371/AUTH_f669ac1a1893421f91ae49881790edbc/gnocchi.24e94419-d4f8-4b33-a74a-2d0153668fcc/none_v3" 404 70 "GET http://172.18.0.210:8080/v1/AUTH_f669ac1a1893421f91ae49881790edbc/gnocchi.24e94419-d4f8-4b33-a74a-2d0153668fcc/none_v3" "txcdac35671d4146c1a2068-0068ee0c11" "proxy-server 20" 0.0005 "-" 24 0
Oct 14 08:38:41 np0005486730 container-server[123471]: 172.20.0.104 - - [14/Oct/2025:08:38:41 +0000] "HEAD /d1/328/AUTH_f669ac1a1893421f91ae49881790edbc/gnocchi.b0f65d8c-bbe0-412c-bc94-a2b37e38c608" 404 - "HEAD http://172.18.0.210:8080/v1/AUTH_f669ac1a1893421f91ae49881790edbc/gnocchi.b0f65d8c-bbe0-412c-bc94-a2b37e38c608?format=json&states=listing" "txc3597a2f81774d6d90086-0068ee0c11" "proxy-server 12" 0.0004 "-" 23 0
Oct 14 08:38:41 np0005486730 object-server[123891]: 172.20.0.103 - - [14/Oct/2025:08:38:41 +0000] "GET /d1/671/AUTH_f669ac1a1893421f91ae49881790edbc/gnocchi.fd0e3f88-10ae-4ce8-8130-39e421c9bf64/none_v3" 404 70 "GET http://172.18.0.210:8080/v1/AUTH_f669ac1a1893421f91ae49881790edbc/gnocchi.fd0e3f88-10ae-4ce8-8130-39e421c9bf64/none_v3" "tx62f3f8fa428d4cb2b1ce2-0068ee0c11" "proxy-server 20" 0.0005 "-" 23 0
Oct 14 08:38:41 np0005486730 proxy-server[125405]: 172.18.0.103 172.18.0.104 14/Oct/2025/08/38/41 GET /v1/AUTH_f669ac1a1893421f91ae49881790edbc/gnocchi.24e94419-d4f8-4b33-a74a-2d0153668fcc/none_v3 HTTP/1.0 404 - python-swiftclient-3.11.1 gAAAAABo7gvEzjD0... - 70 - txcdac35671d4146c1a2068-0068ee0c11 - 0.0484 - - 1760431121.551226616 1760431121.599595785 0
Oct 14 08:38:41 np0005486730 object-server[123889]: 172.20.0.104 - - [14/Oct/2025:08:38:41 +0000] "GET /d1/373/AUTH_f669ac1a1893421f91ae49881790edbc/gnocchi.b0f65d8c-bbe0-412c-bc94-a2b37e38c608/none_v3" 404 70 "GET http://172.18.0.210:8080/v1/AUTH_f669ac1a1893421f91ae49881790edbc/gnocchi.b0f65d8c-bbe0-412c-bc94-a2b37e38c608/none_v3" "txc3597a2f81774d6d90086-0068ee0c11" "proxy-server 12" 0.0007 "-" 22 0
Oct 14 08:38:41 np0005486730 container-server[123471]: 172.20.0.103 - - [14/Oct/2025:08:38:41 +0000] "PUT /d1/557/AUTH_f669ac1a1893421f91ae49881790edbc/gnocchi.fd0e3f88-10ae-4ce8-8130-39e421c9bf64" 201 - "PUT http://172.18.0.210:8080/v1/AUTH_f669ac1a1893421f91ae49881790edbc/gnocchi.fd0e3f88-10ae-4ce8-8130-39e421c9bf64" "txe25b14249c8c495bbbc20-0068ee0c11" "proxy-server 20" 0.0127 "-" 23 0
Oct 14 08:38:41 np0005486730 account-server[123344]: 172.20.0.103 - - [14/Oct/2025:08:38:41 +0000] "PUT /d1/338/AUTH_f669ac1a1893421f91ae49881790edbc/gnocchi.fd0e3f88-10ae-4ce8-8130-39e421c9bf64" 201 - "PUT http://172.20.0.103:6001/d1/557/AUTH_f669ac1a1893421f91ae49881790edbc/gnocchi.fd0e3f88-10ae-4ce8-8130-39e421c9bf64" "txe25b14249c8c495bbbc20-0068ee0c11" "container-server 20" 0.0018 "-" 15 0
Oct 14 08:38:41 np0005486730 container-server[123444]: 172.20.0.105 - - [14/Oct/2025:08:38:41 +0000] "PUT /d1/582/AUTH_f669ac1a1893421f91ae49881790edbc/gnocchi.24e94419-d4f8-4b33-a74a-2d0153668fcc" 201 - "PUT http://172.18.0.210:8080/v1/AUTH_f669ac1a1893421f91ae49881790edbc/gnocchi.24e94419-d4f8-4b33-a74a-2d0153668fcc" "tx0399c1a1447d423c92cd5-0068ee0c11" "proxy-server 20" 0.0182 "-" 20 0
Oct 14 08:38:41 np0005486730 account-server[123344]: 172.20.0.103 - - [14/Oct/2025:08:38:41 +0000] "PUT /d1/338/AUTH_f669ac1a1893421f91ae49881790edbc/gnocchi.24e94419-d4f8-4b33-a74a-2d0153668fcc" 201 - "PUT http://172.20.0.103:6001/d1/582/AUTH_f669ac1a1893421f91ae49881790edbc/gnocchi.24e94419-d4f8-4b33-a74a-2d0153668fcc" "tx0399c1a1447d423c92cd5-0068ee0c11" "container-server 20" 0.0058 "-" 15 0
Oct 14 08:38:41 np0005486730 container-server[123460]: 172.20.0.104 - - [14/Oct/2025:08:38:41 +0000] "PUT /d1/328/AUTH_f669ac1a1893421f91ae49881790edbc/gnocchi.b0f65d8c-bbe0-412c-bc94-a2b37e38c608" 201 - "PUT http://172.18.0.210:8080/v1/AUTH_f669ac1a1893421f91ae49881790edbc/gnocchi.b0f65d8c-bbe0-412c-bc94-a2b37e38c608" "txa27adb61852e4ee3a5cd4-0068ee0c11" "proxy-server 12" 0.0261 "-" 21 0
Oct 14 08:38:41 np0005486730 account-server[123344]: 172.20.0.103 - - [14/Oct/2025:08:38:41 +0000] "PUT /d1/338/AUTH_f669ac1a1893421f91ae49881790edbc/gnocchi.b0f65d8c-bbe0-412c-bc94-a2b37e38c608" 201 - "PUT http://172.20.0.103:6001/d1/328/AUTH_f669ac1a1893421f91ae49881790edbc/gnocchi.b0f65d8c-bbe0-412c-bc94-a2b37e38c608" "txa27adb61852e4ee3a5cd4-0068ee0c11" "container-server 22" 0.0059 "-" 15 0
Oct 14 08:38:41 np0005486730 container-server[123471]: 172.20.0.103 - - [14/Oct/2025:08:38:41 +0000] "HEAD /d1/557/AUTH_f669ac1a1893421f91ae49881790edbc/gnocchi.fd0e3f88-10ae-4ce8-8130-39e421c9bf64" 204 - "HEAD http://172.18.0.210:8080/v1/AUTH_f669ac1a1893421f91ae49881790edbc/gnocchi.fd0e3f88-10ae-4ce8-8130-39e421c9bf64?format=json&states=listing" "tx87148ad1de8b4642a4c46-0068ee0c11" "proxy-server 20" 0.0012 "-" 23 0
Oct 14 08:38:41 np0005486730 proxy-server[125405]: 172.18.0.103 172.18.0.104 14/Oct/2025/08/38/41 PUT /v1/AUTH_f669ac1a1893421f91ae49881790edbc/gnocchi.24e94419-d4f8-4b33-a74a-2d0153668fcc HTTP/1.0 201 - python-swiftclient-3.11.1 gAAAAABo7gvEzjD0... - - - tx0399c1a1447d423c92cd5-0068ee0c11 - 0.0497 - - 1760431121.604789734 1760431121.654444695 0
Oct 14 08:38:41 np0005486730 container-server[123460]: 172.20.0.105 - - [14/Oct/2025:08:38:41 +0000] "HEAD /d1/582/AUTH_f669ac1a1893421f91ae49881790edbc/gnocchi.24e94419-d4f8-4b33-a74a-2d0153668fcc" 204 - "HEAD http://172.18.0.210:8080/v1/AUTH_f669ac1a1893421f91ae49881790edbc/gnocchi.24e94419-d4f8-4b33-a74a-2d0153668fcc?format=json&states=listing" "tx6f3cd0e711694ecda2863-0068ee0c11" "proxy-server 20" 0.0011 "-" 21 0
Oct 14 08:38:41 np0005486730 proxy-server[125405]: - - 14/Oct/2025/08/38/41 HEAD /v1/AUTH_f669ac1a1893421f91ae49881790edbc/gnocchi.24e94419-d4f8-4b33-a74a-2d0153668fcc%3Fformat%3Djson%26states%3Dlisting HTTP/1.0 204 - Swift - - - - tx6f3cd0e711694ecda2863-0068ee0c11 - 0.0051 RL - 1760431121.660907745 1760431121.666028976 0
Oct 14 08:38:41 np0005486730 proxy-server[125405]: 172.18.0.103 172.18.0.104 14/Oct/2025/08/38/41 GET /v1/AUTH_f669ac1a1893421f91ae49881790edbc/gnocchi.24e94419-d4f8-4b33-a74a-2d0153668fcc%3Fformat%3Djson%26states%3Dlisting HTTP/1.0 200 - python-swiftclient-3.11.1 gAAAAABo7gvEzjD0... - 2 - tx6f3cd0e711694ecda2863-0068ee0c11 - 0.0224 - - 1760431121.658908844 1760431121.681334496 0
Oct 14 08:38:41 np0005486730 object-server[123893]: 172.20.0.103 - - [14/Oct/2025:08:38:41 +0000] "GET /d1/76/AUTH_f669ac1a1893421f91ae49881790edbc/gnocchi.fd0e3f88-10ae-4ce8-8130-39e421c9bf64/1760400000.0_mean_300.0_v3" 404 70 "GET http://172.18.0.210:8080/v1/AUTH_f669ac1a1893421f91ae49881790edbc/gnocchi.fd0e3f88-10ae-4ce8-8130-39e421c9bf64/1760400000.0_mean_300.0_v3" "tx86d786839d404ee298d24-0068ee0c11" "proxy-server 20" 0.0004 "-" 25 0
Oct 14 08:38:41 np0005486730 object-server[123891]: 172.20.0.104 - - [14/Oct/2025:08:38:41 +0000] "GET /d1/742/AUTH_f669ac1a1893421f91ae49881790edbc/gnocchi.b0f65d8c-bbe0-412c-bc94-a2b37e38c608/1760400000.0_mean_300.0_v3" 404 70 "GET http://172.18.0.210:8080/v1/AUTH_f669ac1a1893421f91ae49881790edbc/gnocchi.b0f65d8c-bbe0-412c-bc94-a2b37e38c608/1760400000.0_mean_300.0_v3" "tx721c94976a1d4b96b8c72-0068ee0c11" "proxy-server 12" 0.0004 "-" 23 0
Oct 14 08:38:41 np0005486730 object-server[123892]: 172.20.0.105 - - [14/Oct/2025:08:38:41 +0000] "GET /d1/256/AUTH_f669ac1a1893421f91ae49881790edbc/gnocchi.24e94419-d4f8-4b33-a74a-2d0153668fcc/1760400000.0_mean_300.0_v3" 404 70 "GET http://172.18.0.210:8080/v1/AUTH_f669ac1a1893421f91ae49881790edbc/gnocchi.24e94419-d4f8-4b33-a74a-2d0153668fcc/1760400000.0_mean_300.0_v3" "tx21554605178a456e9ff97-0068ee0c11" "proxy-server 20" 0.0006 "-" 24 0
Oct 14 08:38:41 np0005486730 proxy-server[125405]: 172.18.0.103 172.18.0.104 14/Oct/2025/08/38/41 GET /v1/AUTH_f669ac1a1893421f91ae49881790edbc/gnocchi.24e94419-d4f8-4b33-a74a-2d0153668fcc/1760400000.0_mean_300.0_v3 HTTP/1.0 404 - python-swiftclient-3.11.1 gAAAAABo7gvEzjD0... - 70 - tx21554605178a456e9ff97-0068ee0c11 - 0.0175 - - 1760431121.686527491 1760431121.704038143 0
Oct 14 08:38:41 np0005486730 container-server[123471]: 172.20.0.105 - - [14/Oct/2025:08:38:41 +0000] "PUT /d1/557/AUTH_f669ac1a1893421f91ae49881790edbc/gnocchi.fd0e3f88-10ae-4ce8-8130-39e421c9bf64/1760400000.0_mean_300.0_v3" 201 - "PUT http://172.18.0.210:8080/d1/76/AUTH_f669ac1a1893421f91ae49881790edbc/gnocchi.fd0e3f88-10ae-4ce8-8130-39e421c9bf64/1760400000.0_mean_300.0_v3" "tx18a09aff37ef4a4d8c99e-0068ee0c11" "object-server 25" 0.0006 "-" 23 0
Oct 14 08:38:41 np0005486730 object-server[123893]: 172.20.0.103 - - [14/Oct/2025:08:38:41 +0000] "PUT /d1/76/AUTH_f669ac1a1893421f91ae49881790edbc/gnocchi.fd0e3f88-10ae-4ce8-8130-39e421c9bf64/1760400000.0_mean_300.0_v3" 201 - "PUT http://172.18.0.210:8080/v1/AUTH_f669ac1a1893421f91ae49881790edbc/gnocchi.fd0e3f88-10ae-4ce8-8130-39e421c9bf64/1760400000.0_mean_300.0_v3" "tx18a09aff37ef4a4d8c99e-0068ee0c11" "proxy-server 20" 0.0102 "-" 25 0
Oct 14 08:38:41 np0005486730 object-server[123891]: 172.20.0.104 - - [14/Oct/2025:08:38:41 +0000] "PUT /d1/742/AUTH_f669ac1a1893421f91ae49881790edbc/gnocchi.b0f65d8c-bbe0-412c-bc94-a2b37e38c608/1760400000.0_mean_300.0_v3" 201 - "PUT http://172.18.0.210:8080/v1/AUTH_f669ac1a1893421f91ae49881790edbc/gnocchi.b0f65d8c-bbe0-412c-bc94-a2b37e38c608/1760400000.0_mean_300.0_v3" "txa46a44a26ee34b8bac9cb-0068ee0c11" "proxy-server 12" 0.0118 "-" 23 0
Oct 14 08:38:41 np0005486730 container-server[123471]: 172.20.0.104 - - [14/Oct/2025:08:38:41 +0000] "PUT /d1/328/AUTH_f669ac1a1893421f91ae49881790edbc/gnocchi.b0f65d8c-bbe0-412c-bc94-a2b37e38c608/1760400000.0_mean_300.0_v3" 201 - "PUT http://172.18.0.210:8080/d1/742/AUTH_f669ac1a1893421f91ae49881790edbc/gnocchi.b0f65d8c-bbe0-412c-bc94-a2b37e38c608/1760400000.0_mean_300.0_v3" "txa46a44a26ee34b8bac9cb-0068ee0c11" "object-server 25" 0.0004 "-" 23 0
Oct 14 08:38:41 np0005486730 container-server[123471]: 172.20.0.103 - - [14/Oct/2025:08:38:41 +0000] "PUT /d1/582/AUTH_f669ac1a1893421f91ae49881790edbc/gnocchi.24e94419-d4f8-4b33-a74a-2d0153668fcc/1760400000.0_mean_300.0_v3" 201 - "PUT http://172.18.0.210:8080/d1/256/AUTH_f669ac1a1893421f91ae49881790edbc/gnocchi.24e94419-d4f8-4b33-a74a-2d0153668fcc/1760400000.0_mean_300.0_v3" "txccaae5fef5b0459ca8ca2-0068ee0c11" "object-server 22" 0.0007 "-" 23 0
Oct 14 08:38:41 np0005486730 object-server[123893]: 172.20.0.105 - - [14/Oct/2025:08:38:41 +0000] "PUT /d1/256/AUTH_f669ac1a1893421f91ae49881790edbc/gnocchi.24e94419-d4f8-4b33-a74a-2d0153668fcc/1760400000.0_mean_300.0_v3" 201 - "PUT http://172.18.0.210:8080/v1/AUTH_f669ac1a1893421f91ae49881790edbc/gnocchi.24e94419-d4f8-4b33-a74a-2d0153668fcc/1760400000.0_mean_300.0_v3" "txccaae5fef5b0459ca8ca2-0068ee0c11" "proxy-server 20" 0.0108 "-" 25 0
Oct 14 08:38:41 np0005486730 proxy-server[125405]: 172.18.0.103 172.18.0.104 14/Oct/2025/08/38/41 PUT /v1/AUTH_f669ac1a1893421f91ae49881790edbc/gnocchi.24e94419-d4f8-4b33-a74a-2d0153668fcc/1760400000.0_mean_300.0_v3 HTTP/1.0 201 - python-swiftclient-3.11.1 gAAAAABo7gvEzjD0... 16 - - txccaae5fef5b0459ca8ca2-0068ee0c11 - 0.0227 - - 1760431121.708395481 1760431121.731140852 0
Oct 14 08:38:41 np0005486730 object-server[123889]: 172.20.0.103 - - [14/Oct/2025:08:38:41 +0000] "PUT /d1/671/AUTH_f669ac1a1893421f91ae49881790edbc/gnocchi.fd0e3f88-10ae-4ce8-8130-39e421c9bf64/none_v3" 201 - "PUT http://172.18.0.210:8080/v1/AUTH_f669ac1a1893421f91ae49881790edbc/gnocchi.fd0e3f88-10ae-4ce8-8130-39e421c9bf64/none_v3" "txede480a004914da2863ad-0068ee0c11" "proxy-server 20" 0.0108 "-" 22 0
Oct 14 08:38:41 np0005486730 container-server[123471]: 172.20.0.104 - - [14/Oct/2025:08:38:41 +0000] "PUT /d1/557/AUTH_f669ac1a1893421f91ae49881790edbc/gnocchi.fd0e3f88-10ae-4ce8-8130-39e421c9bf64/none_v3" 201 - "PUT http://172.18.0.210:8080/d1/671/AUTH_f669ac1a1893421f91ae49881790edbc/gnocchi.fd0e3f88-10ae-4ce8-8130-39e421c9bf64/none_v3" "txede480a004914da2863ad-0068ee0c11" "object-server 24" 0.0010 "-" 23 0
Oct 14 08:38:41 np0005486730 container-server[123463]: 172.20.0.105 - - [14/Oct/2025:08:38:41 +0000] "PUT /d1/328/AUTH_f669ac1a1893421f91ae49881790edbc/gnocchi.b0f65d8c-bbe0-412c-bc94-a2b37e38c608/none_v3" 201 - "PUT http://172.18.0.210:8080/d1/373/AUTH_f669ac1a1893421f91ae49881790edbc/gnocchi.b0f65d8c-bbe0-412c-bc94-a2b37e38c608/none_v3" "tx2154a47a10af441e8f2c7-0068ee0c11" "object-server 24" 0.0009 "-" 22 0
Oct 14 08:38:41 np0005486730 object-server[123892]: 172.20.0.104 - - [14/Oct/2025:08:38:41 +0000] "PUT /d1/373/AUTH_f669ac1a1893421f91ae49881790edbc/gnocchi.b0f65d8c-bbe0-412c-bc94-a2b37e38c608/none_v3" 201 - "PUT http://172.18.0.210:8080/v1/AUTH_f669ac1a1893421f91ae49881790edbc/gnocchi.b0f65d8c-bbe0-412c-bc94-a2b37e38c608/none_v3" "tx2154a47a10af441e8f2c7-0068ee0c11" "proxy-server 12" 0.0124 "-" 24 0
Oct 14 08:38:41 np0005486730 container-server[123471]: 172.20.0.105 - - [14/Oct/2025:08:38:41 +0000] "PUT /d1/582/AUTH_f669ac1a1893421f91ae49881790edbc/gnocchi.24e94419-d4f8-4b33-a74a-2d0153668fcc/none_v3" 201 - "PUT http://172.18.0.210:8080/d1/371/AUTH_f669ac1a1893421f91ae49881790edbc/gnocchi.24e94419-d4f8-4b33-a74a-2d0153668fcc/none_v3" "txc672d4a451124a5a95900-0068ee0c11" "object-server 23" 0.0009 "-" 23 0
Oct 14 08:38:41 np0005486730 object-server[123891]: 172.20.0.105 - - [14/Oct/2025:08:38:41 +0000] "PUT /d1/371/AUTH_f669ac1a1893421f91ae49881790edbc/gnocchi.24e94419-d4f8-4b33-a74a-2d0153668fcc/none_v3" 201 - "PUT http://172.18.0.210:8080/v1/AUTH_f669ac1a1893421f91ae49881790edbc/gnocchi.24e94419-d4f8-4b33-a74a-2d0153668fcc/none_v3" "txc672d4a451124a5a95900-0068ee0c11" "proxy-server 20" 0.0108 "-" 23 0
Oct 14 08:38:41 np0005486730 proxy-server[125405]: 172.18.0.103 172.18.0.104 14/Oct/2025/08/38/41 PUT /v1/AUTH_f669ac1a1893421f91ae49881790edbc/gnocchi.24e94419-d4f8-4b33-a74a-2d0153668fcc/none_v3 HTTP/1.0 201 - python-swiftclient-3.11.1 gAAAAABo7gvEzjD0... 22 - - txc672d4a451124a5a95900-0068ee0c11 - 0.0264 - - 1760431121.736933947 1760431121.763364315 0
Oct 14 08:38:41 np0005486730 container-server[123463]: 172.20.0.103 - - [14/Oct/2025:08:38:41 +0000] "HEAD /d1/592/AUTH_f669ac1a1893421f91ae49881790edbc/gnocchi.094c1382-2b7a-4a01-a658-af90040ec049" 404 - "HEAD http://172.18.0.210:8080/v1/AUTH_f669ac1a1893421f91ae49881790edbc/gnocchi.094c1382-2b7a-4a01-a658-af90040ec049?format=json&states=listing" "txf6f51c96217646138824f-0068ee0c11" "proxy-server 20" 0.0004 "-" 22 0
Oct 14 08:38:41 np0005486730 object-server[123891]: 172.20.0.103 - - [14/Oct/2025:08:38:41 +0000] "GET /d1/1009/AUTH_f669ac1a1893421f91ae49881790edbc/gnocchi.094c1382-2b7a-4a01-a658-af90040ec049/none_v3" 404 70 "GET http://172.18.0.210:8080/v1/AUTH_f669ac1a1893421f91ae49881790edbc/gnocchi.094c1382-2b7a-4a01-a658-af90040ec049/none_v3" "txf6f51c96217646138824f-0068ee0c11" "proxy-server 20" 0.0004 "-" 23 0
Oct 14 08:38:41 np0005486730 container-server[123463]: 172.20.0.104 - - [14/Oct/2025:08:38:41 +0000] "HEAD /d1/625/AUTH_f669ac1a1893421f91ae49881790edbc/gnocchi.605cc867-1f40-454d-b7a4-248a43e34d70" 404 - "HEAD http://172.18.0.210:8080/v1/AUTH_f669ac1a1893421f91ae49881790edbc/gnocchi.605cc867-1f40-454d-b7a4-248a43e34d70?format=json&states=listing" "tx2ee12134e02c439f98a2d-0068ee0c11" "proxy-server 12" 0.0003 "-" 22 0
Oct 14 08:38:41 np0005486730 object-server[123889]: 172.20.0.104 - - [14/Oct/2025:08:38:41 +0000] "GET /d1/56/AUTH_f669ac1a1893421f91ae49881790edbc/gnocchi.605cc867-1f40-454d-b7a4-248a43e34d70/none_v3" 404 70 "GET http://172.18.0.210:8080/v1/AUTH_f669ac1a1893421f91ae49881790edbc/gnocchi.605cc867-1f40-454d-b7a4-248a43e34d70/none_v3" "tx2ee12134e02c439f98a2d-0068ee0c11" "proxy-server 12" 0.0005 "-" 22 0
Oct 14 08:38:41 np0005486730 container-server[123460]: 172.20.0.105 - - [14/Oct/2025:08:38:41 +0000] "HEAD /d1/832/AUTH_f669ac1a1893421f91ae49881790edbc/gnocchi.b05dd831-9be5-43b0-8df9-491ea4d17321" 404 - "HEAD http://172.18.0.210:8080/v1/AUTH_f669ac1a1893421f91ae49881790edbc/gnocchi.b05dd831-9be5-43b0-8df9-491ea4d17321?format=json&states=listing" "tx9fcc25a608d840858fd74-0068ee0c11" "proxy-server 20" 0.0003 "-" 21 0
Oct 14 08:38:41 np0005486730 account-server[123344]: 172.20.0.105 - - [14/Oct/2025:08:38:41 +0000] "PUT /d1/338/AUTH_f669ac1a1893421f91ae49881790edbc/gnocchi.094c1382-2b7a-4a01-a658-af90040ec049" 201 - "PUT http://172.20.0.105:6001/d1/592/AUTH_f669ac1a1893421f91ae49881790edbc/gnocchi.094c1382-2b7a-4a01-a658-af90040ec049" "txa753c09077fc4f3aadf6c-0068ee0c11" "container-server 21" 0.0048 "-" 15 0
Oct 14 08:38:41 np0005486730 object-server[123891]: 172.20.0.105 - - [14/Oct/2025:08:38:41 +0000] "GET /d1/383/AUTH_f669ac1a1893421f91ae49881790edbc/gnocchi.b05dd831-9be5-43b0-8df9-491ea4d17321/none_v3" 404 70 "GET http://172.18.0.210:8080/v1/AUTH_f669ac1a1893421f91ae49881790edbc/gnocchi.b05dd831-9be5-43b0-8df9-491ea4d17321/none_v3" "tx9fcc25a608d840858fd74-0068ee0c11" "proxy-server 20" 0.0006 "-" 23 0
Oct 14 08:38:41 np0005486730 container-server[123460]: 172.20.0.103 - - [14/Oct/2025:08:38:41 +0000] "PUT /d1/592/AUTH_f669ac1a1893421f91ae49881790edbc/gnocchi.094c1382-2b7a-4a01-a658-af90040ec049" 201 - "PUT http://172.18.0.210:8080/v1/AUTH_f669ac1a1893421f91ae49881790edbc/gnocchi.094c1382-2b7a-4a01-a658-af90040ec049" "txa753c09077fc4f3aadf6c-0068ee0c11" "proxy-server 20" 0.0155 "-" 21 0
Oct 14 08:38:41 np0005486730 proxy-server[125405]: 172.18.0.103 172.18.0.104 14/Oct/2025/08/38/41 GET /v1/AUTH_f669ac1a1893421f91ae49881790edbc/gnocchi.b05dd831-9be5-43b0-8df9-491ea4d17321/none_v3 HTTP/1.0 404 - python-swiftclient-3.11.1 gAAAAABo7gvEzjD0... - 70 - tx9fcc25a608d840858fd74-0068ee0c11 - 0.0318 - - 1760431121.821173668 1760431121.852944613 0
Oct 14 08:38:41 np0005486730 account-server[123324]: 172.20.0.105 - - [14/Oct/2025:08:38:41 +0000] "PUT /d1/338/AUTH_f669ac1a1893421f91ae49881790edbc/gnocchi.605cc867-1f40-454d-b7a4-248a43e34d70" 201 - "PUT http://172.20.0.105:6001/d1/625/AUTH_f669ac1a1893421f91ae49881790edbc/gnocchi.605cc867-1f40-454d-b7a4-248a43e34d70" "tx6cd339c82bd24abd82077-0068ee0c11" "container-server 22" 0.0080 "-" 14 0
Oct 14 08:38:41 np0005486730 container-server[123463]: 172.20.0.104 - - [14/Oct/2025:08:38:41 +0000] "PUT /d1/625/AUTH_f669ac1a1893421f91ae49881790edbc/gnocchi.605cc867-1f40-454d-b7a4-248a43e34d70" 201 - "PUT http://172.18.0.210:8080/v1/AUTH_f669ac1a1893421f91ae49881790edbc/gnocchi.605cc867-1f40-454d-b7a4-248a43e34d70" "tx6cd339c82bd24abd82077-0068ee0c11" "proxy-server 12" 0.0298 "-" 22 0
Oct 14 08:38:41 np0005486730 account-server[123351]: 172.20.0.103 - - [14/Oct/2025:08:38:41 +0000] "PUT /d1/338/AUTH_f669ac1a1893421f91ae49881790edbc/gnocchi.b05dd831-9be5-43b0-8df9-491ea4d17321" 201 - "PUT http://172.20.0.103:6001/d1/832/AUTH_f669ac1a1893421f91ae49881790edbc/gnocchi.b05dd831-9be5-43b0-8df9-491ea4d17321" "txbf68c9e214a04227aa7cc-0068ee0c11" "container-server 21" 0.0073 "-" 17 0
Oct 14 08:38:41 np0005486730 container-server[123471]: 172.20.0.103 - - [14/Oct/2025:08:38:41 +0000] "GET /d1/592/AUTH_f669ac1a1893421f91ae49881790edbc/gnocchi.094c1382-2b7a-4a01-a658-af90040ec049" 200 2 "GET http://172.18.0.210:8080/v1/AUTH_f669ac1a1893421f91ae49881790edbc/gnocchi.094c1382-2b7a-4a01-a658-af90040ec049?format=json&states=listing" "tx0f0741a6ab6a48c6981f5-0068ee0c11" "proxy-server 20" 0.0052 "-" 23 0
Oct 14 08:38:41 np0005486730 container-server[123463]: 172.20.0.105 - - [14/Oct/2025:08:38:41 +0000] "PUT /d1/832/AUTH_f669ac1a1893421f91ae49881790edbc/gnocchi.b05dd831-9be5-43b0-8df9-491ea4d17321" 201 - "PUT http://172.18.0.210:8080/v1/AUTH_f669ac1a1893421f91ae49881790edbc/gnocchi.b05dd831-9be5-43b0-8df9-491ea4d17321" "txbf68c9e214a04227aa7cc-0068ee0c11" "proxy-server 20" 0.0264 "-" 22 0
Oct 14 08:38:41 np0005486730 container-server[123463]: 172.20.0.104 - - [14/Oct/2025:08:38:41 +0000] "HEAD /d1/395/AUTH_f669ac1a1893421f91ae49881790edbc/gnocchi.8523de43-f34f-4455-b233-6e1be63252f0" 404 - "HEAD http://172.18.0.210:8080/v1/AUTH_f669ac1a1893421f91ae49881790edbc/gnocchi.8523de43-f34f-4455-b233-6e1be63252f0?format=json&states=listing" "tx515be754514647e68ddc3-0068ee0c11" "proxy-server 12" 0.0003 "-" 22 0
Oct 14 08:38:41 np0005486730 proxy-server[125405]: 172.18.0.103 172.18.0.104 14/Oct/2025/08/38/41 PUT /v1/AUTH_f669ac1a1893421f91ae49881790edbc/gnocchi.b05dd831-9be5-43b0-8df9-491ea4d17321 HTTP/1.0 201 - python-swiftclient-3.11.1 gAAAAABo7gvEzjD0... - - - txbf68c9e214a04227aa7cc-0068ee0c11 - 0.0381 - - 1760431121.858010530 1760431121.896102190 0
Oct 14 08:38:41 np0005486730 object-server[123892]: 172.20.0.103 - - [14/Oct/2025:08:38:41 +0000] "GET /d1/282/AUTH_f669ac1a1893421f91ae49881790edbc/gnocchi.094c1382-2b7a-4a01-a658-af90040ec049/1760400000.0_mean_300.0_v3" 404 70 "GET http://172.18.0.210:8080/v1/AUTH_f669ac1a1893421f91ae49881790edbc/gnocchi.094c1382-2b7a-4a01-a658-af90040ec049/1760400000.0_mean_300.0_v3" "txa5ea494ad99f4c289a1c8-0068ee0c11" "proxy-server 20" 0.0004 "-" 24 0
Oct 14 08:38:41 np0005486730 container-server[123460]: 172.20.0.105 - - [14/Oct/2025:08:38:41 +0000] "HEAD /d1/832/AUTH_f669ac1a1893421f91ae49881790edbc/gnocchi.b05dd831-9be5-43b0-8df9-491ea4d17321" 204 - "HEAD http://172.18.0.210:8080/v1/AUTH_f669ac1a1893421f91ae49881790edbc/gnocchi.b05dd831-9be5-43b0-8df9-491ea4d17321?format=json&states=listing" "txb74019c000e147d59e18a-0068ee0c11" "proxy-server 20" 0.0022 "-" 21 0
Oct 14 08:38:41 np0005486730 proxy-server[125405]: - - 14/Oct/2025/08/38/41 HEAD /v1/AUTH_f669ac1a1893421f91ae49881790edbc/gnocchi.b05dd831-9be5-43b0-8df9-491ea4d17321%3Fformat%3Djson%26states%3Dlisting HTTP/1.0 204 - Swift - - - - txb74019c000e147d59e18a-0068ee0c11 - 0.0088 RL - 1760431121.906052828 1760431121.914890289 0
Oct 14 08:38:41 np0005486730 object-server[123891]: 172.20.0.104 - - [14/Oct/2025:08:38:41 +0000] "GET /d1/486/AUTH_f669ac1a1893421f91ae49881790edbc/gnocchi.8523de43-f34f-4455-b233-6e1be63252f0/none_v3" 404 70 "GET http://172.18.0.210:8080/v1/AUTH_f669ac1a1893421f91ae49881790edbc/gnocchi.8523de43-f34f-4455-b233-6e1be63252f0/none_v3" "tx515be754514647e68ddc3-0068ee0c11" "proxy-server 12" 0.0005 "-" 23 0
Oct 14 08:38:41 np0005486730 proxy-server[125405]: 172.18.0.103 172.18.0.104 14/Oct/2025/08/38/41 GET /v1/AUTH_f669ac1a1893421f91ae49881790edbc/gnocchi.b05dd831-9be5-43b0-8df9-491ea4d17321%3Fformat%3Djson%26states%3Dlisting HTTP/1.0 200 - python-swiftclient-3.11.1 gAAAAABo7gvEzjD0... - 2 - txb74019c000e147d59e18a-0068ee0c11 - 0.0236 - - 1760431121.902789116 1760431121.926436424 0
Oct 14 08:38:41 np0005486730 container-server[123460]: 172.20.0.105 - - [14/Oct/2025:08:38:41 +0000] "PUT /d1/592/AUTH_f669ac1a1893421f91ae49881790edbc/gnocchi.094c1382-2b7a-4a01-a658-af90040ec049/1760400000.0_mean_300.0_v3" 201 - "PUT http://172.18.0.210:8080/d1/282/AUTH_f669ac1a1893421f91ae49881790edbc/gnocchi.094c1382-2b7a-4a01-a658-af90040ec049/1760400000.0_mean_300.0_v3" "tx1eed24f23fee48f6868d7-0068ee0c11" "object-server 23" 0.0008 "-" 21 0
Oct 14 08:38:41 np0005486730 object-server[123891]: 172.20.0.103 - - [14/Oct/2025:08:38:41 +0000] "PUT /d1/282/AUTH_f669ac1a1893421f91ae49881790edbc/gnocchi.094c1382-2b7a-4a01-a658-af90040ec049/1760400000.0_mean_300.0_v3" 201 - "PUT http://172.18.0.210:8080/v1/AUTH_f669ac1a1893421f91ae49881790edbc/gnocchi.094c1382-2b7a-4a01-a658-af90040ec049/1760400000.0_mean_300.0_v3" "tx1eed24f23fee48f6868d7-0068ee0c11" "proxy-server 20" 0.0095 "-" 23 0
Oct 14 08:38:41 np0005486730 object-server[123893]: 172.20.0.105 - - [14/Oct/2025:08:38:41 +0000] "GET /d1/391/AUTH_f669ac1a1893421f91ae49881790edbc/gnocchi.b05dd831-9be5-43b0-8df9-491ea4d17321/1760400000.0_mean_300.0_v3" 404 70 "GET http://172.18.0.210:8080/v1/AUTH_f669ac1a1893421f91ae49881790edbc/gnocchi.b05dd831-9be5-43b0-8df9-491ea4d17321/1760400000.0_mean_300.0_v3" "tx0ee40052d8ef4e4c92495-0068ee0c11" "proxy-server 20" 0.0003 "-" 25 0
Oct 14 08:38:41 np0005486730 proxy-server[125405]: 172.18.0.103 172.18.0.104 14/Oct/2025/08/38/41 GET /v1/AUTH_f669ac1a1893421f91ae49881790edbc/gnocchi.b05dd831-9be5-43b0-8df9-491ea4d17321/1760400000.0_mean_300.0_v3 HTTP/1.0 404 - python-swiftclient-3.11.1 gAAAAABo7gvEzjD0... - 70 - tx0ee40052d8ef4e4c92495-0068ee0c11 - 0.0126 - - 1760431121.932611465 1760431121.945199013 0
Oct 14 08:38:41 np0005486730 container-server[123460]: 172.20.0.105 - - [14/Oct/2025:08:38:41 +0000] "PUT /d1/592/AUTH_f669ac1a1893421f91ae49881790edbc/gnocchi.094c1382-2b7a-4a01-a658-af90040ec049/none_v3" 201 - "PUT http://172.18.0.210:8080/d1/1009/AUTH_f669ac1a1893421f91ae49881790edbc/gnocchi.094c1382-2b7a-4a01-a658-af90040ec049/none_v3" "tx19e4d89553c74fa295505-0068ee0c11" "object-server 22" 0.0007 "-" 21 0
Oct 14 08:38:41 np0005486730 object-server[123889]: 172.20.0.103 - - [14/Oct/2025:08:38:41 +0000] "PUT /d1/1009/AUTH_f669ac1a1893421f91ae49881790edbc/gnocchi.094c1382-2b7a-4a01-a658-af90040ec049/none_v3" 201 - "PUT http://172.18.0.210:8080/v1/AUTH_f669ac1a1893421f91ae49881790edbc/gnocchi.094c1382-2b7a-4a01-a658-af90040ec049/none_v3" "tx19e4d89553c74fa295505-0068ee0c11" "proxy-server 20" 0.0112 "-" 22 0
Oct 14 08:38:41 np0005486730 container-server[123471]: 172.20.0.104 - - [14/Oct/2025:08:38:41 +0000] "PUT /d1/395/AUTH_f669ac1a1893421f91ae49881790edbc/gnocchi.8523de43-f34f-4455-b233-6e1be63252f0" 201 - "PUT http://172.18.0.210:8080/v1/AUTH_f669ac1a1893421f91ae49881790edbc/gnocchi.8523de43-f34f-4455-b233-6e1be63252f0" "txce1c61127807478bb8b18-0068ee0c11" "proxy-server 12" 0.0176 "-" 23 0
Oct 14 08:38:41 np0005486730 account-server[123345]: 172.20.0.103 - - [14/Oct/2025:08:38:41 +0000] "PUT /d1/338/AUTH_f669ac1a1893421f91ae49881790edbc/gnocchi.8523de43-f34f-4455-b233-6e1be63252f0" 201 - "PUT http://172.20.0.103:6001/d1/395/AUTH_f669ac1a1893421f91ae49881790edbc/gnocchi.8523de43-f34f-4455-b233-6e1be63252f0" "txce1c61127807478bb8b18-0068ee0c11" "container-server 20" 0.0069 "-" 16 0
Oct 14 08:38:41 np0005486730 container-server[123471]: 172.20.0.104 - - [14/Oct/2025:08:38:41 +0000] "PUT /d1/832/AUTH_f669ac1a1893421f91ae49881790edbc/gnocchi.b05dd831-9be5-43b0-8df9-491ea4d17321/1760400000.0_mean_300.0_v3" 201 - "PUT http://172.18.0.210:8080/d1/391/AUTH_f669ac1a1893421f91ae49881790edbc/gnocchi.b05dd831-9be5-43b0-8df9-491ea4d17321/1760400000.0_mean_300.0_v3" "tx4a9077b83a014ec493bf5-0068ee0c11" "object-server 22" 0.0008 "-" 23 0
Oct 14 08:38:41 np0005486730 object-server[123889]: 172.20.0.105 - - [14/Oct/2025:08:38:41 +0000] "PUT /d1/391/AUTH_f669ac1a1893421f91ae49881790edbc/gnocchi.b05dd831-9be5-43b0-8df9-491ea4d17321/1760400000.0_mean_300.0_v3" 201 - "PUT http://172.18.0.210:8080/v1/AUTH_f669ac1a1893421f91ae49881790edbc/gnocchi.b05dd831-9be5-43b0-8df9-491ea4d17321/1760400000.0_mean_300.0_v3" "tx4a9077b83a014ec493bf5-0068ee0c11" "proxy-server 20" 0.0144 "-" 22 0
Oct 14 08:38:41 np0005486730 container-server[123471]: 172.20.0.104 - - [14/Oct/2025:08:38:41 +0000] "HEAD /d1/779/AUTH_f669ac1a1893421f91ae49881790edbc/gnocchi.e93d1c21-3fa5-49dd-a2bd-5470398e3040" 404 - "HEAD http://172.18.0.210:8080/v1/AUTH_f669ac1a1893421f91ae49881790edbc/gnocchi.e93d1c21-3fa5-49dd-a2bd-5470398e3040?format=json&states=listing" "txaca52575e06e474e8b0c8-0068ee0c11" "proxy-server 12" 0.0003 "-" 23 0
Oct 14 08:38:41 np0005486730 proxy-server[125405]: 172.18.0.103 172.18.0.104 14/Oct/2025/08/38/41 PUT /v1/AUTH_f669ac1a1893421f91ae49881790edbc/gnocchi.b05dd831-9be5-43b0-8df9-491ea4d17321/1760400000.0_mean_300.0_v3 HTTP/1.0 201 - python-swiftclient-3.11.1 gAAAAABo7gvEzjD0... 16 - - tx4a9077b83a014ec493bf5-0068ee0c11 - 0.0235 - - 1760431121.954951286 1760431121.978487730 0
Oct 14 08:38:41 np0005486730 container-server[123444]: 172.20.0.103 - - [14/Oct/2025:08:38:41 +0000] "GET /d1/625/AUTH_f669ac1a1893421f91ae49881790edbc/gnocchi.605cc867-1f40-454d-b7a4-248a43e34d70" 200 2 "GET http://172.18.0.210:8080/v1/AUTH_f669ac1a1893421f91ae49881790edbc/gnocchi.605cc867-1f40-454d-b7a4-248a43e34d70?format=json&states=listing" "tx493be63773ac417fbcbcb-0068ee0c11" "proxy-server 20" 0.0046 "-" 20 0
Oct 14 08:38:41 np0005486730 object-server[123891]: 172.20.0.104 - - [14/Oct/2025:08:38:41 +0000] "GET /d1/984/AUTH_f669ac1a1893421f91ae49881790edbc/gnocchi.e93d1c21-3fa5-49dd-a2bd-5470398e3040/none_v3" 404 70 "GET http://172.18.0.210:8080/v1/AUTH_f669ac1a1893421f91ae49881790edbc/gnocchi.e93d1c21-3fa5-49dd-a2bd-5470398e3040/none_v3" "txaca52575e06e474e8b0c8-0068ee0c11" "proxy-server 12" 0.0005 "-" 23 0
Oct 14 08:38:42 np0005486730 container-server[123460]: 172.20.0.103 - - [14/Oct/2025:08:38:42 +0000] "PUT /d1/832/AUTH_f669ac1a1893421f91ae49881790edbc/gnocchi.b05dd831-9be5-43b0-8df9-491ea4d17321/none_v3" 201 - "PUT http://172.18.0.210:8080/d1/383/AUTH_f669ac1a1893421f91ae49881790edbc/gnocchi.b05dd831-9be5-43b0-8df9-491ea4d17321/none_v3" "txd091b75746b2402a84da3-0068ee0c11" "object-server 23" 0.0007 "-" 21 0
Oct 14 08:38:42 np0005486730 object-server[123892]: 172.20.0.105 - - [14/Oct/2025:08:38:42 +0000] "PUT /d1/383/AUTH_f669ac1a1893421f91ae49881790edbc/gnocchi.b05dd831-9be5-43b0-8df9-491ea4d17321/none_v3" 201 - "PUT http://172.18.0.210:8080/v1/AUTH_f669ac1a1893421f91ae49881790edbc/gnocchi.b05dd831-9be5-43b0-8df9-491ea4d17321/none_v3" "txd091b75746b2402a84da3-0068ee0c11" "proxy-server 20" 0.0137 "-" 24 0
Oct 14 08:38:42 np0005486730 proxy-server[125405]: 172.18.0.103 172.18.0.104 14/Oct/2025/08/38/42 PUT /v1/AUTH_f669ac1a1893421f91ae49881790edbc/gnocchi.b05dd831-9be5-43b0-8df9-491ea4d17321/none_v3 HTTP/1.0 201 - python-swiftclient-3.11.1 gAAAAABo7gvEzjD0... 22 - - txd091b75746b2402a84da3-0068ee0c11 - 0.0256 - - 1760431121.984781504 1760431122.010395288 0
Oct 14 08:38:42 np0005486730 account-server[123345]: 172.20.0.104 - - [14/Oct/2025:08:38:42 +0000] "PUT /d1/338/AUTH_f669ac1a1893421f91ae49881790edbc/gnocchi.e93d1c21-3fa5-49dd-a2bd-5470398e3040" 201 - "PUT http://172.20.0.104:6001/d1/779/AUTH_f669ac1a1893421f91ae49881790edbc/gnocchi.e93d1c21-3fa5-49dd-a2bd-5470398e3040" "txa3e72ce5f4254fb8b47bd-0068ee0c12" "container-server 20" 0.0063 "-" 16 0
Oct 14 08:38:42 np0005486730 container-server[123471]: 172.20.0.104 - - [14/Oct/2025:08:38:42 +0000] "PUT /d1/779/AUTH_f669ac1a1893421f91ae49881790edbc/gnocchi.e93d1c21-3fa5-49dd-a2bd-5470398e3040" 201 - "PUT http://172.18.0.210:8080/v1/AUTH_f669ac1a1893421f91ae49881790edbc/gnocchi.e93d1c21-3fa5-49dd-a2bd-5470398e3040" "txa3e72ce5f4254fb8b47bd-0068ee0c12" "proxy-server 12" 0.0239 "-" 23 0
Oct 14 08:38:42 np0005486730 container-server[123444]: 172.20.0.103 - - [14/Oct/2025:08:38:42 +0000] "HEAD /d1/601/AUTH_f669ac1a1893421f91ae49881790edbc/gnocchi.3c663d64-5a76-48d9-8930-a064864de360" 404 - "HEAD http://172.18.0.210:8080/v1/AUTH_f669ac1a1893421f91ae49881790edbc/gnocchi.3c663d64-5a76-48d9-8930-a064864de360?format=json&states=listing" "txb912e42ad0804f0cba197-0068ee0c12" "proxy-server 20" 0.0004 "-" 20 0
