Oct 14 08:38:42 np0005486730 object-server[123892]: 172.20.0.105 - - [14/Oct/2025:08:38:42 +0000] "GET /d1/124/AUTH_f669ac1a1893421f91ae49881790edbc/gnocchi.605cc867-1f40-454d-b7a4-248a43e34d70/1760400000.0_mean_300.0_v3" 404 70 "GET http://172.18.0.210:8080/v1/AUTH_f669ac1a1893421f91ae49881790edbc/gnocchi.605cc867-1f40-454d-b7a4-248a43e34d70/1760400000.0_mean_300.0_v3" "tx5be2560fe9964d9bb3e31-0068ee0c12" "proxy-server 20" 0.0004 "-" 24 0
Oct 14 08:38:42 np0005486730 proxy-server[125405]: 172.18.0.210 172.18.0.104 14/Oct/2025/08/38/42 GET /v1/AUTH_f669ac1a1893421f91ae49881790edbc/gnocchi.605cc867-1f40-454d-b7a4-248a43e34d70/1760400000.0_mean_300.0_v3 HTTP/1.0 404 - python-swiftclient-3.11.1 gAAAAABo7gvE2klL... - 70 - tx5be2560fe9964d9bb3e31-0068ee0c12 - 0.0168 - - 1760431122.024846554 1760431122.041620255 0
Oct 14 08:38:42 np0005486730 object-server[123892]: 172.20.0.103 - - [14/Oct/2025:08:38:42 +0000] "GET /d1/378/AUTH_f669ac1a1893421f91ae49881790edbc/gnocchi.3c663d64-5a76-48d9-8930-a064864de360/none_v3" 404 70 "GET http://172.18.0.210:8080/v1/AUTH_f669ac1a1893421f91ae49881790edbc/gnocchi.3c663d64-5a76-48d9-8930-a064864de360/none_v3" "txb912e42ad0804f0cba197-0068ee0c12" "proxy-server 20" 0.0004 "-" 24 0
Oct 14 08:38:42 np0005486730 container-server[123444]: 172.20.0.104 - - [14/Oct/2025:08:38:42 +0000] "HEAD /d1/779/AUTH_f669ac1a1893421f91ae49881790edbc/gnocchi.e93d1c21-3fa5-49dd-a2bd-5470398e3040" 204 - "HEAD http://172.18.0.210:8080/v1/AUTH_f669ac1a1893421f91ae49881790edbc/gnocchi.e93d1c21-3fa5-49dd-a2bd-5470398e3040?format=json&states=listing" "tx88cedcdf2e6c420ab5da4-0068ee0c12" "proxy-server 12" 0.0016 "-" 20 0
Oct 14 08:38:42 np0005486730 object-server[123889]: 172.20.0.105 - - [14/Oct/2025:08:38:42 +0000] "GET /d1/424/AUTH_f669ac1a1893421f91ae49881790edbc/gnocchi.8523de43-f34f-4455-b233-6e1be63252f0/1760400000.0_mean_300.0_v3" 404 70 "GET http://172.18.0.210:8080/v1/AUTH_f669ac1a1893421f91ae49881790edbc/gnocchi.8523de43-f34f-4455-b233-6e1be63252f0/1760400000.0_mean_300.0_v3" "txf93247c5c41d478f92799-0068ee0c12" "proxy-server 20" 0.0005 "-" 22 0
Oct 14 08:38:42 np0005486730 proxy-server[125405]: 172.18.0.210 172.18.0.104 14/Oct/2025/08/38/42 GET /v1/AUTH_f669ac1a1893421f91ae49881790edbc/gnocchi.8523de43-f34f-4455-b233-6e1be63252f0/1760400000.0_mean_300.0_v3 HTTP/1.0 404 - python-swiftclient-3.11.1 gAAAAABo7gvE2klL... - 70 - txf93247c5c41d478f92799-0068ee0c12 - 0.0171 - - 1760431122.048182726 1760431122.065247297 0
Oct 14 08:38:42 np0005486730 container-server[123471]: 172.20.0.104 - - [14/Oct/2025:08:38:42 +0000] "GET /d1/779/AUTH_f669ac1a1893421f91ae49881790edbc/gnocchi.e93d1c21-3fa5-49dd-a2bd-5470398e3040" 200 2 "GET http://172.18.0.210:8080/v1/AUTH_f669ac1a1893421f91ae49881790edbc/gnocchi.e93d1c21-3fa5-49dd-a2bd-5470398e3040?format=json&states=listing" "tx88cedcdf2e6c420ab5da4-0068ee0c12" "proxy-server 12" 0.0035 "-" 23 0
Oct 14 08:38:42 np0005486730 account-server[123324]: 172.20.0.103 - - [14/Oct/2025:08:38:42 +0000] "PUT /d1/338/AUTH_f669ac1a1893421f91ae49881790edbc/gnocchi.3c663d64-5a76-48d9-8930-a064864de360" 201 - "PUT http://172.20.0.103:6001/d1/601/AUTH_f669ac1a1893421f91ae49881790edbc/gnocchi.3c663d64-5a76-48d9-8930-a064864de360" "txcb7d42cf6a30434d8d6f4-0068ee0c12" "container-server 22" 0.0047 "-" 14 0
Oct 14 08:38:42 np0005486730 object-server[123892]: 172.20.0.104 - - [14/Oct/2025:08:38:42 +0000] "GET /d1/41/AUTH_f669ac1a1893421f91ae49881790edbc/gnocchi.e93d1c21-3fa5-49dd-a2bd-5470398e3040/1760400000.0_mean_300.0_v3" 404 70 "GET http://172.18.0.210:8080/v1/AUTH_f669ac1a1893421f91ae49881790edbc/gnocchi.e93d1c21-3fa5-49dd-a2bd-5470398e3040/1760400000.0_mean_300.0_v3" "tx383756d5c8cc4d12ad081-0068ee0c12" "proxy-server 12" 0.0004 "-" 24 0
Oct 14 08:38:42 np0005486730 container-server[123471]: 172.20.0.103 - - [14/Oct/2025:08:38:42 +0000] "PUT /d1/601/AUTH_f669ac1a1893421f91ae49881790edbc/gnocchi.3c663d64-5a76-48d9-8930-a064864de360" 201 - "PUT http://172.18.0.210:8080/v1/AUTH_f669ac1a1893421f91ae49881790edbc/gnocchi.3c663d64-5a76-48d9-8930-a064864de360" "txcb7d42cf6a30434d8d6f4-0068ee0c12" "proxy-server 20" 0.0296 "-" 23 0
Oct 14 08:38:42 np0005486730 object-server[123891]: 172.20.0.105 - - [14/Oct/2025:08:38:42 +0000] "PUT /d1/124/AUTH_f669ac1a1893421f91ae49881790edbc/gnocchi.605cc867-1f40-454d-b7a4-248a43e34d70/1760400000.0_mean_300.0_v3" 201 - "PUT http://172.18.0.210:8080/v1/AUTH_f669ac1a1893421f91ae49881790edbc/gnocchi.605cc867-1f40-454d-b7a4-248a43e34d70/1760400000.0_mean_300.0_v3" "tx3bbec0c7d7984517bb7b1-0068ee0c12" "proxy-server 20" 0.0225 "-" 23 0
Oct 14 08:38:42 np0005486730 container-server[123460]: 172.20.0.103 - - [14/Oct/2025:08:38:42 +0000] "PUT /d1/625/AUTH_f669ac1a1893421f91ae49881790edbc/gnocchi.605cc867-1f40-454d-b7a4-248a43e34d70/1760400000.0_mean_300.0_v3" 201 - "PUT http://172.18.0.210:8080/d1/124/AUTH_f669ac1a1893421f91ae49881790edbc/gnocchi.605cc867-1f40-454d-b7a4-248a43e34d70/1760400000.0_mean_300.0_v3" "tx3bbec0c7d7984517bb7b1-0068ee0c12" "object-server 25" 0.0009 "-" 21 0
Oct 14 08:38:42 np0005486730 proxy-server[125405]: 172.18.0.210 172.18.0.104 14/Oct/2025/08/38/42 PUT /v1/AUTH_f669ac1a1893421f91ae49881790edbc/gnocchi.605cc867-1f40-454d-b7a4-248a43e34d70/1760400000.0_mean_300.0_v3 HTTP/1.0 201 - python-swiftclient-3.11.1 gAAAAABo7gvE2klL... 16 - - tx3bbec0c7d7984517bb7b1-0068ee0c12 - 0.0413 - - 1760431122.071068525 1760431122.112402439 0
Oct 14 08:38:42 np0005486730 container-server[123471]: 172.20.0.103 - - [14/Oct/2025:08:38:42 +0000] "GET /d1/601/AUTH_f669ac1a1893421f91ae49881790edbc/gnocchi.3c663d64-5a76-48d9-8930-a064864de360" 200 2 "GET http://172.18.0.210:8080/v1/AUTH_f669ac1a1893421f91ae49881790edbc/gnocchi.3c663d64-5a76-48d9-8930-a064864de360?format=json&states=listing" "tx30a6a55f41684797b35be-0068ee0c12" "proxy-server 20" 0.0022 "-" 23 0
Oct 14 08:38:42 np0005486730 object-server[123892]: 172.20.0.104 - - [14/Oct/2025:08:38:42 +0000] "PUT /d1/41/AUTH_f669ac1a1893421f91ae49881790edbc/gnocchi.e93d1c21-3fa5-49dd-a2bd-5470398e3040/1760400000.0_mean_300.0_v3" 201 - "PUT http://172.18.0.210:8080/v1/AUTH_f669ac1a1893421f91ae49881790edbc/gnocchi.e93d1c21-3fa5-49dd-a2bd-5470398e3040/1760400000.0_mean_300.0_v3" "tx0caa7d665c664b64925f4-0068ee0c12" "proxy-server 12" 0.0137 "-" 24 0
Oct 14 08:38:42 np0005486730 object-server[123891]: 172.20.0.105 - - [14/Oct/2025:08:38:42 +0000] "PUT /d1/424/AUTH_f669ac1a1893421f91ae49881790edbc/gnocchi.8523de43-f34f-4455-b233-6e1be63252f0/1760400000.0_mean_300.0_v3" 201 - "PUT http://172.18.0.210:8080/v1/AUTH_f669ac1a1893421f91ae49881790edbc/gnocchi.8523de43-f34f-4455-b233-6e1be63252f0/1760400000.0_mean_300.0_v3" "tx55b63a44e6cd49e7a6ded-0068ee0c12" "proxy-server 20" 0.0134 "-" 23 0
Oct 14 08:38:42 np0005486730 container-server[123460]: 172.20.0.104 - - [14/Oct/2025:08:38:42 +0000] "PUT /d1/779/AUTH_f669ac1a1893421f91ae49881790edbc/gnocchi.e93d1c21-3fa5-49dd-a2bd-5470398e3040/1760400000.0_mean_300.0_v3" 201 - "PUT http://172.18.0.210:8080/d1/41/AUTH_f669ac1a1893421f91ae49881790edbc/gnocchi.e93d1c21-3fa5-49dd-a2bd-5470398e3040/1760400000.0_mean_300.0_v3" "tx0caa7d665c664b64925f4-0068ee0c12" "object-server 25" 0.0007 "-" 21 0
Oct 14 08:38:42 np0005486730 container-server[123471]: 172.20.0.104 - - [14/Oct/2025:08:38:42 +0000] "PUT /d1/395/AUTH_f669ac1a1893421f91ae49881790edbc/gnocchi.8523de43-f34f-4455-b233-6e1be63252f0/1760400000.0_mean_300.0_v3" 201 - "PUT http://172.18.0.210:8080/d1/424/AUTH_f669ac1a1893421f91ae49881790edbc/gnocchi.8523de43-f34f-4455-b233-6e1be63252f0/1760400000.0_mean_300.0_v3" "tx55b63a44e6cd49e7a6ded-0068ee0c12" "object-server 24" 0.0008 "-" 23 0
Oct 14 08:38:42 np0005486730 proxy-server[125405]: 172.18.0.210 172.18.0.104 14/Oct/2025/08/38/42 PUT /v1/AUTH_f669ac1a1893421f91ae49881790edbc/gnocchi.8523de43-f34f-4455-b233-6e1be63252f0/1760400000.0_mean_300.0_v3 HTTP/1.0 201 - python-swiftclient-3.11.1 gAAAAABo7gvE2klL... 16 - - tx55b63a44e6cd49e7a6ded-0068ee0c12 - 0.0329 - - 1760431122.119084835 1760431122.151962996 0
Oct 14 08:38:42 np0005486730 object-server[123893]: 172.20.0.103 - - [14/Oct/2025:08:38:42 +0000] "GET /d1/183/AUTH_f669ac1a1893421f91ae49881790edbc/gnocchi.3c663d64-5a76-48d9-8930-a064864de360/1760400000.0_mean_300.0_v3" 404 70 "GET http://172.18.0.210:8080/v1/AUTH_f669ac1a1893421f91ae49881790edbc/gnocchi.3c663d64-5a76-48d9-8930-a064864de360/1760400000.0_mean_300.0_v3" "tx5bee03d5ea1e4323b4a15-0068ee0c12" "proxy-server 20" 0.0005 "-" 25 0
Oct 14 08:38:42 np0005486730 container-server[123444]: 172.20.0.105 - - [14/Oct/2025:08:38:42 +0000] "PUT /d1/625/AUTH_f669ac1a1893421f91ae49881790edbc/gnocchi.605cc867-1f40-454d-b7a4-248a43e34d70/none_v3" 201 - "PUT http://172.18.0.210:8080/d1/56/AUTH_f669ac1a1893421f91ae49881790edbc/gnocchi.605cc867-1f40-454d-b7a4-248a43e34d70/none_v3" "tx539d8321028e4ef19a9ca-0068ee0c12" "object-server 25" 0.0006 "-" 20 0
Oct 14 08:38:42 np0005486730 container-server[123471]: 172.20.0.105 - - [14/Oct/2025:08:38:42 +0000] "PUT /d1/779/AUTH_f669ac1a1893421f91ae49881790edbc/gnocchi.e93d1c21-3fa5-49dd-a2bd-5470398e3040/none_v3" 201 - "PUT http://172.18.0.210:8080/d1/984/AUTH_f669ac1a1893421f91ae49881790edbc/gnocchi.e93d1c21-3fa5-49dd-a2bd-5470398e3040/none_v3" "txf0ccc6e10a8f421084d56-0068ee0c12" "object-server 24" 0.0007 "-" 23 0
Oct 14 08:38:42 np0005486730 object-server[123893]: 172.20.0.105 - - [14/Oct/2025:08:38:42 +0000] "PUT /d1/56/AUTH_f669ac1a1893421f91ae49881790edbc/gnocchi.605cc867-1f40-454d-b7a4-248a43e34d70/none_v3" 201 - "PUT http://172.18.0.210:8080/v1/AUTH_f669ac1a1893421f91ae49881790edbc/gnocchi.605cc867-1f40-454d-b7a4-248a43e34d70/none_v3" "tx539d8321028e4ef19a9ca-0068ee0c12" "proxy-server 20" 0.0116 "-" 25 0
Oct 14 08:38:42 np0005486730 object-server[123892]: 172.20.0.104 - - [14/Oct/2025:08:38:42 +0000] "PUT /d1/984/AUTH_f669ac1a1893421f91ae49881790edbc/gnocchi.e93d1c21-3fa5-49dd-a2bd-5470398e3040/none_v3" 201 - "PUT http://172.18.0.210:8080/v1/AUTH_f669ac1a1893421f91ae49881790edbc/gnocchi.e93d1c21-3fa5-49dd-a2bd-5470398e3040/none_v3" "txf0ccc6e10a8f421084d56-0068ee0c12" "proxy-server 12" 0.0105 "-" 24 0
Oct 14 08:38:42 np0005486730 proxy-server[125405]: 172.18.0.210 172.18.0.104 14/Oct/2025/08/38/42 PUT /v1/AUTH_f669ac1a1893421f91ae49881790edbc/gnocchi.605cc867-1f40-454d-b7a4-248a43e34d70/none_v3 HTTP/1.0 201 - python-swiftclient-3.11.1 gAAAAABo7gvE2klL... 22 - - tx539d8321028e4ef19a9ca-0068ee0c12 - 0.0232 - - 1760431122.155855417 1760431122.179016113 0
Oct 14 08:38:42 np0005486730 container-server[123444]: 172.20.0.105 - - [14/Oct/2025:08:38:42 +0000] "PUT /d1/601/AUTH_f669ac1a1893421f91ae49881790edbc/gnocchi.3c663d64-5a76-48d9-8930-a064864de360/1760400000.0_mean_300.0_v3" 201 - "PUT http://172.18.0.210:8080/d1/183/AUTH_f669ac1a1893421f91ae49881790edbc/gnocchi.3c663d64-5a76-48d9-8930-a064864de360/1760400000.0_mean_300.0_v3" "tx44bc92fc3b014fa0a4299-0068ee0c12" "object-server 23" 0.0006 "-" 20 0
Oct 14 08:38:42 np0005486730 object-server[123891]: 172.20.0.103 - - [14/Oct/2025:08:38:42 +0000] "PUT /d1/183/AUTH_f669ac1a1893421f91ae49881790edbc/gnocchi.3c663d64-5a76-48d9-8930-a064864de360/1760400000.0_mean_300.0_v3" 201 - "PUT http://172.18.0.210:8080/v1/AUTH_f669ac1a1893421f91ae49881790edbc/gnocchi.3c663d64-5a76-48d9-8930-a064864de360/1760400000.0_mean_300.0_v3" "tx44bc92fc3b014fa0a4299-0068ee0c12" "proxy-server 20" 0.0123 "-" 23 0
Oct 14 08:38:42 np0005486730 container-server[123471]: 172.20.0.105 - - [14/Oct/2025:08:38:42 +0000] "PUT /d1/395/AUTH_f669ac1a1893421f91ae49881790edbc/gnocchi.8523de43-f34f-4455-b233-6e1be63252f0/none_v3" 201 - "PUT http://172.18.0.210:8080/d1/486/AUTH_f669ac1a1893421f91ae49881790edbc/gnocchi.8523de43-f34f-4455-b233-6e1be63252f0/none_v3" "tx04fbe9d238cc423f99573-0068ee0c12" "object-server 25" 0.0006 "-" 23 0
Oct 14 08:38:42 np0005486730 object-server[123893]: 172.20.0.105 - - [14/Oct/2025:08:38:42 +0000] "PUT /d1/486/AUTH_f669ac1a1893421f91ae49881790edbc/gnocchi.8523de43-f34f-4455-b233-6e1be63252f0/none_v3" 201 - "PUT http://172.18.0.210:8080/v1/AUTH_f669ac1a1893421f91ae49881790edbc/gnocchi.8523de43-f34f-4455-b233-6e1be63252f0/none_v3" "tx04fbe9d238cc423f99573-0068ee0c12" "proxy-server 20" 0.0122 "-" 25 0
Oct 14 08:38:42 np0005486730 proxy-server[125405]: 172.18.0.210 172.18.0.104 14/Oct/2025/08/38/42 PUT /v1/AUTH_f669ac1a1893421f91ae49881790edbc/gnocchi.8523de43-f34f-4455-b233-6e1be63252f0/none_v3 HTTP/1.0 201 - python-swiftclient-3.11.1 gAAAAABo7gvE2klL... 22 - - tx04fbe9d238cc423f99573-0068ee0c12 - 0.0246 - - 1760431122.182638645 1760431122.207195282 0
Oct 14 08:38:42 np0005486730 container-server[123444]: 172.20.0.104 - - [14/Oct/2025:08:38:42 +0000] "HEAD /d1/754/AUTH_f669ac1a1893421f91ae49881790edbc/gnocchi.ba25d233-571b-47d4-8734-21969167c813" 404 - "HEAD http://172.18.0.210:8080/v1/AUTH_f669ac1a1893421f91ae49881790edbc/gnocchi.ba25d233-571b-47d4-8734-21969167c813?format=json&states=listing" "tx9e66e1d4c0c04e4190479-0068ee0c12" "proxy-server 12" 0.0004 "-" 20 0
Oct 14 08:38:42 np0005486730 object-server[123889]: 172.20.0.104 - - [14/Oct/2025:08:38:42 +0000] "GET /d1/702/AUTH_f669ac1a1893421f91ae49881790edbc/gnocchi.ba25d233-571b-47d4-8734-21969167c813/none_v3" 404 70 "GET http://172.18.0.210:8080/v1/AUTH_f669ac1a1893421f91ae49881790edbc/gnocchi.ba25d233-571b-47d4-8734-21969167c813/none_v3" "tx9e66e1d4c0c04e4190479-0068ee0c12" "proxy-server 12" 0.0004 "-" 22 0
Oct 14 08:38:42 np0005486730 container-server[123463]: 172.20.0.103 - - [14/Oct/2025:08:38:42 +0000] "PUT /d1/601/AUTH_f669ac1a1893421f91ae49881790edbc/gnocchi.3c663d64-5a76-48d9-8930-a064864de360/none_v3" 201 - "PUT http://172.18.0.210:8080/d1/378/AUTH_f669ac1a1893421f91ae49881790edbc/gnocchi.3c663d64-5a76-48d9-8930-a064864de360/none_v3" "txcd368a955d454bd599163-0068ee0c12" "object-server 22" 0.0008 "-" 22 0
Oct 14 08:38:42 np0005486730 object-server[123889]: 172.20.0.103 - - [14/Oct/2025:08:38:42 +0000] "PUT /d1/378/AUTH_f669ac1a1893421f91ae49881790edbc/gnocchi.3c663d64-5a76-48d9-8930-a064864de360/none_v3" 201 - "PUT http://172.18.0.210:8080/v1/AUTH_f669ac1a1893421f91ae49881790edbc/gnocchi.3c663d64-5a76-48d9-8930-a064864de360/none_v3" "txcd368a955d454bd599163-0068ee0c12" "proxy-server 20" 0.0137 "-" 22 0
Oct 14 08:38:42 np0005486730 container-server[123444]: 172.20.0.105 - - [14/Oct/2025:08:38:42 +0000] "PUT /d1/754/AUTH_f669ac1a1893421f91ae49881790edbc/gnocchi.ba25d233-571b-47d4-8734-21969167c813" 201 - "PUT http://172.18.0.210:8080/v1/AUTH_f669ac1a1893421f91ae49881790edbc/gnocchi.ba25d233-571b-47d4-8734-21969167c813" "tx531e51320b564c23a992a-0068ee0c12" "proxy-server 20" 0.0166 "-" 20 0
Oct 14 08:38:42 np0005486730 container-server[123471]: 172.20.0.104 - - [14/Oct/2025:08:38:42 +0000] "HEAD /d1/940/AUTH_f669ac1a1893421f91ae49881790edbc/gnocchi.07cadbe8-64ab-4b14-bb73-93d1c248666c" 404 - "HEAD http://172.18.0.210:8080/v1/AUTH_f669ac1a1893421f91ae49881790edbc/gnocchi.07cadbe8-64ab-4b14-bb73-93d1c248666c?format=json&states=listing" "tx412d6563bf854718a232b-0068ee0c12" "proxy-server 12" 0.0004 "-" 23 0
Oct 14 08:38:42 np0005486730 container-server[123463]: 172.20.0.103 - - [14/Oct/2025:08:38:42 +0000] "HEAD /d1/452/AUTH_f669ac1a1893421f91ae49881790edbc/gnocchi.80a29393-aaf6-4866-9158-2745c5b8ebac" 404 - "HEAD http://172.18.0.210:8080/v1/AUTH_f669ac1a1893421f91ae49881790edbc/gnocchi.80a29393-aaf6-4866-9158-2745c5b8ebac?format=json&states=listing" "tx68fb48043d7f4868b0cad-0068ee0c12" "proxy-server 20" 0.0006 "-" 22 0
Oct 14 08:38:42 np0005486730 account-server[123344]: 172.20.0.104 - - [14/Oct/2025:08:38:42 +0000] "PUT /d1/338/AUTH_f669ac1a1893421f91ae49881790edbc/gnocchi.ba25d233-571b-47d4-8734-21969167c813" 201 - "PUT http://172.20.0.104:6001/d1/754/AUTH_f669ac1a1893421f91ae49881790edbc/gnocchi.ba25d233-571b-47d4-8734-21969167c813" "tx531e51320b564c23a992a-0068ee0c12" "container-server 19" 0.0060 "-" 15 0
Oct 14 08:38:42 np0005486730 proxy-server[125405]: 172.18.0.105 172.18.0.104 14/Oct/2025/08/38/42 PUT /v1/AUTH_f669ac1a1893421f91ae49881790edbc/gnocchi.ba25d233-571b-47d4-8734-21969167c813 HTTP/1.0 201 - python-swiftclient-3.11.1 gAAAAABo7gt_3y-i... - - - tx531e51320b564c23a992a-0068ee0c12 - 0.0364 - - 1760431122.226480246 1760431122.262871742 0
Oct 14 08:38:42 np0005486730 object-server[123893]: 172.20.0.104 - - [14/Oct/2025:08:38:42 +0000] "GET /d1/714/AUTH_f669ac1a1893421f91ae49881790edbc/gnocchi.07cadbe8-64ab-4b14-bb73-93d1c248666c/none_v3" 404 70 "GET http://172.18.0.210:8080/v1/AUTH_f669ac1a1893421f91ae49881790edbc/gnocchi.07cadbe8-64ab-4b14-bb73-93d1c248666c/none_v3" "tx412d6563bf854718a232b-0068ee0c12" "proxy-server 12" 0.0004 "-" 25 0
Oct 14 08:38:42 np0005486730 object-server[123891]: 172.20.0.103 - - [14/Oct/2025:08:38:42 +0000] "GET /d1/566/AUTH_f669ac1a1893421f91ae49881790edbc/gnocchi.80a29393-aaf6-4866-9158-2745c5b8ebac/none_v3" 404 70 "GET http://172.18.0.210:8080/v1/AUTH_f669ac1a1893421f91ae49881790edbc/gnocchi.80a29393-aaf6-4866-9158-2745c5b8ebac/none_v3" "tx68fb48043d7f4868b0cad-0068ee0c12" "proxy-server 20" 0.0004 "-" 23 0
Oct 14 08:38:42 np0005486730 container-server[123460]: 172.20.0.105 - - [14/Oct/2025:08:38:42 +0000] "HEAD /d1/754/AUTH_f669ac1a1893421f91ae49881790edbc/gnocchi.ba25d233-571b-47d4-8734-21969167c813" 204 - "HEAD http://172.18.0.210:8080/v1/AUTH_f669ac1a1893421f91ae49881790edbc/gnocchi.ba25d233-571b-47d4-8734-21969167c813?format=json&states=listing" "tx5cde099c307b4d099d991-0068ee0c12" "proxy-server 20" 0.0022 "-" 21 0
Oct 14 08:38:42 np0005486730 proxy-server[125405]: - - 14/Oct/2025/08/38/42 HEAD /v1/AUTH_f669ac1a1893421f91ae49881790edbc/gnocchi.ba25d233-571b-47d4-8734-21969167c813%3Fformat%3Djson%26states%3Dlisting HTTP/1.0 204 - Swift - - - - tx5cde099c307b4d099d991-0068ee0c12 - 0.0131 RL - 1760431122.271433353 1760431122.284495831 0
Oct 14 08:38:42 np0005486730 container-server[123444]: 172.20.0.105 - - [14/Oct/2025:08:38:42 +0000] "GET /d1/754/AUTH_f669ac1a1893421f91ae49881790edbc/gnocchi.ba25d233-571b-47d4-8734-21969167c813" 200 2 "GET http://172.18.0.210:8080/v1/AUTH_f669ac1a1893421f91ae49881790edbc/gnocchi.ba25d233-571b-47d4-8734-21969167c813?format=json&states=listing" "tx5cde099c307b4d099d991-0068ee0c12" "proxy-server 20" 0.0024 "-" 20 0
Oct 14 08:38:42 np0005486730 proxy-server[125405]: 172.18.0.105 172.18.0.104 14/Oct/2025/08/38/42 GET /v1/AUTH_f669ac1a1893421f91ae49881790edbc/gnocchi.ba25d233-571b-47d4-8734-21969167c813%3Fformat%3Djson%26states%3Dlisting HTTP/1.0 200 - python-swiftclient-3.11.1 gAAAAABo7gt_3y-i... - 2 - tx5cde099c307b4d099d991-0068ee0c12 - 0.0247 - - 1760431122.269317389 1760431122.294058323 0
Oct 14 08:38:42 np0005486730 account-server[123345]: 172.20.0.104 - - [14/Oct/2025:08:38:42 +0000] "PUT /d1/338/AUTH_f669ac1a1893421f91ae49881790edbc/gnocchi.07cadbe8-64ab-4b14-bb73-93d1c248666c" 201 - "PUT http://172.20.0.104:6001/d1/940/AUTH_f669ac1a1893421f91ae49881790edbc/gnocchi.07cadbe8-64ab-4b14-bb73-93d1c248666c" "tx81295275e4d74cde8c614-0068ee0c12" "container-server 23" 0.0082 "-" 16 0
Oct 14 08:38:42 np0005486730 container-server[123471]: 172.20.0.103 - - [14/Oct/2025:08:38:42 +0000] "PUT /d1/452/AUTH_f669ac1a1893421f91ae49881790edbc/gnocchi.80a29393-aaf6-4866-9158-2745c5b8ebac" 201 - "PUT http://172.18.0.210:8080/v1/AUTH_f669ac1a1893421f91ae49881790edbc/gnocchi.80a29393-aaf6-4866-9158-2745c5b8ebac" "tx38c3dd41f52e46f8aed00-0068ee0c12" "proxy-server 20" 0.0205 "-" 23 0
Oct 14 08:38:42 np0005486730 object-server[123893]: 172.20.0.105 - - [14/Oct/2025:08:38:42 +0000] "GET /d1/370/AUTH_f669ac1a1893421f91ae49881790edbc/gnocchi.ba25d233-571b-47d4-8734-21969167c813/1760400000.0_mean_300.0_v3" 404 70 "GET http://172.18.0.210:8080/v1/AUTH_f669ac1a1893421f91ae49881790edbc/gnocchi.ba25d233-571b-47d4-8734-21969167c813/1760400000.0_mean_300.0_v3" "txce7549c6a65848bea3130-0068ee0c12" "proxy-server 20" 0.0004 "-" 25 0
Oct 14 08:38:42 np0005486730 account-server[123351]: 172.20.0.103 - - [14/Oct/2025:08:38:42 +0000] "PUT /d1/338/AUTH_f669ac1a1893421f91ae49881790edbc/gnocchi.80a29393-aaf6-4866-9158-2745c5b8ebac" 201 - "PUT http://172.20.0.103:6001/d1/452/AUTH_f669ac1a1893421f91ae49881790edbc/gnocchi.80a29393-aaf6-4866-9158-2745c5b8ebac" "tx38c3dd41f52e46f8aed00-0068ee0c12" "container-server 19" 0.0169 "-" 17 0
Oct 14 08:38:42 np0005486730 proxy-server[125405]: 172.18.0.105 172.18.0.104 14/Oct/2025/08/38/42 GET /v1/AUTH_f669ac1a1893421f91ae49881790edbc/gnocchi.ba25d233-571b-47d4-8734-21969167c813/1760400000.0_mean_300.0_v3 HTTP/1.0 404 - python-swiftclient-3.11.1 gAAAAABo7gt_3y-i... - 70 - txce7549c6a65848bea3130-0068ee0c12 - 0.0185 - - 1760431122.302185297 1760431122.320673943 0
Oct 14 08:38:42 np0005486730 container-server[123471]: 172.20.0.104 - - [14/Oct/2025:08:38:42 +0000] "PUT /d1/940/AUTH_f669ac1a1893421f91ae49881790edbc/gnocchi.07cadbe8-64ab-4b14-bb73-93d1c248666c" 201 - "PUT http://172.18.0.210:8080/v1/AUTH_f669ac1a1893421f91ae49881790edbc/gnocchi.07cadbe8-64ab-4b14-bb73-93d1c248666c" "tx81295275e4d74cde8c614-0068ee0c12" "proxy-server 12" 0.0421 "-" 23 0
Oct 14 08:38:42 np0005486730 container-server[123444]: 172.20.0.105 - - [14/Oct/2025:08:38:42 +0000] "PUT /d1/754/AUTH_f669ac1a1893421f91ae49881790edbc/gnocchi.ba25d233-571b-47d4-8734-21969167c813/1760400000.0_mean_300.0_v3" 201 - "PUT http://172.18.0.210:8080/d1/370/AUTH_f669ac1a1893421f91ae49881790edbc/gnocchi.ba25d233-571b-47d4-8734-21969167c813/1760400000.0_mean_300.0_v3" "txa5117a20c8f346d7a66ef-0068ee0c12" "object-server 25" 0.0007 "-" 20 0
Oct 14 08:38:42 np0005486730 object-server[123893]: 172.20.0.105 - - [14/Oct/2025:08:38:42 +0000] "PUT /d1/370/AUTH_f669ac1a1893421f91ae49881790edbc/gnocchi.ba25d233-571b-47d4-8734-21969167c813/1760400000.0_mean_300.0_v3" 201 - "PUT http://172.18.0.210:8080/v1/AUTH_f669ac1a1893421f91ae49881790edbc/gnocchi.ba25d233-571b-47d4-8734-21969167c813/1760400000.0_mean_300.0_v3" "txa5117a20c8f346d7a66ef-0068ee0c12" "proxy-server 20" 0.0121 "-" 25 0
Oct 14 08:38:42 np0005486730 proxy-server[125405]: 172.18.0.105 172.18.0.104 14/Oct/2025/08/38/42 PUT /v1/AUTH_f669ac1a1893421f91ae49881790edbc/gnocchi.ba25d233-571b-47d4-8734-21969167c813/1760400000.0_mean_300.0_v3 HTTP/1.0 201 - python-swiftclient-3.11.1 gAAAAABo7gt_3y-i... 16 - - txa5117a20c8f346d7a66ef-0068ee0c12 - 0.0237 - - 1760431122.325493336 1760431122.349154472 0
Oct 14 08:38:42 np0005486730 container-server[123444]: 172.20.0.104 - - [14/Oct/2025:08:38:42 +0000] "GET /d1/940/AUTH_f669ac1a1893421f91ae49881790edbc/gnocchi.07cadbe8-64ab-4b14-bb73-93d1c248666c" 200 2 "GET http://172.18.0.210:8080/v1/AUTH_f669ac1a1893421f91ae49881790edbc/gnocchi.07cadbe8-64ab-4b14-bb73-93d1c248666c?format=json&states=listing" "tx1b926c9f2e984d23a797f-0068ee0c12" "proxy-server 12" 0.0025 "-" 20 0
Oct 14 08:38:42 np0005486730 object-server[123891]: 172.20.0.103 - - [14/Oct/2025:08:38:42 +0000] "GET /d1/705/AUTH_f669ac1a1893421f91ae49881790edbc/gnocchi.80a29393-aaf6-4866-9158-2745c5b8ebac/1760400000.0_mean_300.0_v3" 404 70 "GET http://172.18.0.210:8080/v1/AUTH_f669ac1a1893421f91ae49881790edbc/gnocchi.80a29393-aaf6-4866-9158-2745c5b8ebac/1760400000.0_mean_300.0_v3" "tx2f0ae9de50644ba187cef-0068ee0c12" "proxy-server 20" 0.0005 "-" 23 0
Oct 14 08:38:42 np0005486730 object-server[123891]: 172.20.0.104 - - [14/Oct/2025:08:38:42 +0000] "GET /d1/375/AUTH_f669ac1a1893421f91ae49881790edbc/gnocchi.07cadbe8-64ab-4b14-bb73-93d1c248666c/1760400000.0_mean_300.0_v3" 404 70 "GET http://172.18.0.210:8080/v1/AUTH_f669ac1a1893421f91ae49881790edbc/gnocchi.07cadbe8-64ab-4b14-bb73-93d1c248666c/1760400000.0_mean_300.0_v3" "tx2cd95dc90a544128aeedf-0068ee0c12" "proxy-server 12" 0.0004 "-" 23 0
Oct 14 08:38:42 np0005486730 container-server[123444]: 172.20.0.104 - - [14/Oct/2025:08:38:42 +0000] "PUT /d1/754/AUTH_f669ac1a1893421f91ae49881790edbc/gnocchi.ba25d233-571b-47d4-8734-21969167c813/none_v3" 201 - "PUT http://172.18.0.210:8080/d1/702/AUTH_f669ac1a1893421f91ae49881790edbc/gnocchi.ba25d233-571b-47d4-8734-21969167c813/none_v3" "tx561dee13b6394282ae61a-0068ee0c12" "object-server 24" 0.0010 "-" 20 0
Oct 14 08:38:42 np0005486730 object-server[123893]: 172.20.0.105 - - [14/Oct/2025:08:38:42 +0000] "PUT /d1/702/AUTH_f669ac1a1893421f91ae49881790edbc/gnocchi.ba25d233-571b-47d4-8734-21969167c813/none_v3" 201 - "PUT http://172.18.0.210:8080/v1/AUTH_f669ac1a1893421f91ae49881790edbc/gnocchi.ba25d233-571b-47d4-8734-21969167c813/none_v3" "tx561dee13b6394282ae61a-0068ee0c12" "proxy-server 20" 0.0121 "-" 25 0
Oct 14 08:38:42 np0005486730 container-server[123460]: 172.20.0.104 - - [14/Oct/2025:08:38:42 +0000] "PUT /d1/452/AUTH_f669ac1a1893421f91ae49881790edbc/gnocchi.80a29393-aaf6-4866-9158-2745c5b8ebac/1760400000.0_mean_300.0_v3" 201 - "PUT http://172.18.0.210:8080/d1/705/AUTH_f669ac1a1893421f91ae49881790edbc/gnocchi.80a29393-aaf6-4866-9158-2745c5b8ebac/1760400000.0_mean_300.0_v3" "tx91f8e34f2f644b17a05d7-0068ee0c12" "object-server 22" 0.0010 "-" 21 0
Oct 14 08:38:42 np0005486730 proxy-server[125405]: 172.18.0.105 172.18.0.104 14/Oct/2025/08/38/42 PUT /v1/AUTH_f669ac1a1893421f91ae49881790edbc/gnocchi.ba25d233-571b-47d4-8734-21969167c813/none_v3 HTTP/1.0 201 - python-swiftclient-3.11.1 gAAAAABo7gt_3y-i... 22 - - tx561dee13b6394282ae61a-0068ee0c12 - 0.0252 - - 1760431122.353422403 1760431122.378662109 0
Oct 14 08:38:42 np0005486730 object-server[123893]: 172.20.0.103 - - [14/Oct/2025:08:38:42 +0000] "PUT /d1/705/AUTH_f669ac1a1893421f91ae49881790edbc/gnocchi.80a29393-aaf6-4866-9158-2745c5b8ebac/1760400000.0_mean_300.0_v3" 201 - "PUT http://172.18.0.210:8080/v1/AUTH_f669ac1a1893421f91ae49881790edbc/gnocchi.80a29393-aaf6-4866-9158-2745c5b8ebac/1760400000.0_mean_300.0_v3" "tx91f8e34f2f644b17a05d7-0068ee0c12" "proxy-server 20" 0.0168 "-" 25 0
Oct 14 08:38:42 np0005486730 object-server[123893]: 172.20.0.104 - - [14/Oct/2025:08:38:42 +0000] "PUT /d1/375/AUTH_f669ac1a1893421f91ae49881790edbc/gnocchi.07cadbe8-64ab-4b14-bb73-93d1c248666c/1760400000.0_mean_300.0_v3" 201 - "PUT http://172.18.0.210:8080/v1/AUTH_f669ac1a1893421f91ae49881790edbc/gnocchi.07cadbe8-64ab-4b14-bb73-93d1c248666c/1760400000.0_mean_300.0_v3" "tx587255b8e00a403fbb1a1-0068ee0c12" "proxy-server 12" 0.0113 "-" 25 0
Oct 14 08:38:42 np0005486730 container-server[123471]: 172.20.0.103 - - [14/Oct/2025:08:38:42 +0000] "PUT /d1/940/AUTH_f669ac1a1893421f91ae49881790edbc/gnocchi.07cadbe8-64ab-4b14-bb73-93d1c248666c/1760400000.0_mean_300.0_v3" 201 - "PUT http://172.18.0.210:8080/d1/375/AUTH_f669ac1a1893421f91ae49881790edbc/gnocchi.07cadbe8-64ab-4b14-bb73-93d1c248666c/1760400000.0_mean_300.0_v3" "tx587255b8e00a403fbb1a1-0068ee0c12" "object-server 23" 0.0008 "-" 23 0
Oct 14 08:38:42 np0005486730 container-server[123471]: 172.20.0.103 - - [14/Oct/2025:08:38:42 +0000] "HEAD /d1/354/AUTH_f669ac1a1893421f91ae49881790edbc/gnocchi.531a5307-750b-4f1b-88d2-2f987c72e8a3" 404 - "HEAD http://172.18.0.210:8080/v1/AUTH_f669ac1a1893421f91ae49881790edbc/gnocchi.531a5307-750b-4f1b-88d2-2f987c72e8a3?format=json&states=listing" "tx1ac57c64d33e49028f318-0068ee0c12" "proxy-server 20" 0.0008 "-" 23 0
Oct 14 08:38:42 np0005486730 container-server[123471]: 172.20.0.103 - - [14/Oct/2025:08:38:42 +0000] "PUT /d1/452/AUTH_f669ac1a1893421f91ae49881790edbc/gnocchi.80a29393-aaf6-4866-9158-2745c5b8ebac/none_v3" 201 - "PUT http://172.18.0.210:8080/d1/566/AUTH_f669ac1a1893421f91ae49881790edbc/gnocchi.80a29393-aaf6-4866-9158-2745c5b8ebac/none_v3" "tx92ab8c72e2dc4c7f8ed86-0068ee0c12" "object-server 25" 0.0006 "-" 23 0
Oct 14 08:38:42 np0005486730 object-server[123892]: 172.20.0.105 - - [14/Oct/2025:08:38:42 +0000] "PUT /d1/566/AUTH_f669ac1a1893421f91ae49881790edbc/gnocchi.80a29393-aaf6-4866-9158-2745c5b8ebac/none_v3" 201 - "PUT http://172.18.0.210:8080/v1/AUTH_f669ac1a1893421f91ae49881790edbc/gnocchi.80a29393-aaf6-4866-9158-2745c5b8ebac/none_v3" "tx92ab8c72e2dc4c7f8ed86-0068ee0c12" "proxy-server 20" 0.0130 "-" 24 0
Oct 14 08:38:42 np0005486730 proxy-server[125405]: 172.18.0.103 172.18.0.104 14/Oct/2025/08/38/42 PUT /v1/AUTH_f669ac1a1893421f91ae49881790edbc/gnocchi.80a29393-aaf6-4866-9158-2745c5b8ebac/none_v3 HTTP/1.0 201 - python-swiftclient-3.11.1 gAAAAABo7gvEzjD0... 22 - - tx92ab8c72e2dc4c7f8ed86-0068ee0c12 - 0.0257 - - 1760431122.388377905 1760431122.414082289 0
Oct 14 08:38:42 np0005486730 object-server[123892]: 172.20.0.103 - - [14/Oct/2025:08:38:42 +0000] "GET /d1/944/AUTH_f669ac1a1893421f91ae49881790edbc/gnocchi.531a5307-750b-4f1b-88d2-2f987c72e8a3/none_v3" 404 70 "GET http://172.18.0.210:8080/v1/AUTH_f669ac1a1893421f91ae49881790edbc/gnocchi.531a5307-750b-4f1b-88d2-2f987c72e8a3/none_v3" "tx1ac57c64d33e49028f318-0068ee0c12" "proxy-server 20" 0.0004 "-" 24 0
Oct 14 08:38:42 np0005486730 container-server[123463]: 172.20.0.105 - - [14/Oct/2025:08:38:42 +0000] "PUT /d1/940/AUTH_f669ac1a1893421f91ae49881790edbc/gnocchi.07cadbe8-64ab-4b14-bb73-93d1c248666c/none_v3" 201 - "PUT http://172.18.0.210:8080/d1/714/AUTH_f669ac1a1893421f91ae49881790edbc/gnocchi.07cadbe8-64ab-4b14-bb73-93d1c248666c/none_v3" "txc1e601c2717948f1a7d71-0068ee0c12" "object-server 25" 0.0010 "-" 22 0
Oct 14 08:38:42 np0005486730 object-server[123893]: 172.20.0.104 - - [14/Oct/2025:08:38:42 +0000] "PUT /d1/714/AUTH_f669ac1a1893421f91ae49881790edbc/gnocchi.07cadbe8-64ab-4b14-bb73-93d1c248666c/none_v3" 201 - "PUT http://172.18.0.210:8080/v1/AUTH_f669ac1a1893421f91ae49881790edbc/gnocchi.07cadbe8-64ab-4b14-bb73-93d1c248666c/none_v3" "txc1e601c2717948f1a7d71-0068ee0c12" "proxy-server 12" 0.0113 "-" 25 0
Oct 14 08:38:42 np0005486730 container-server[123463]: 172.20.0.103 - - [14/Oct/2025:08:38:42 +0000] "HEAD /d1/230/AUTH_f669ac1a1893421f91ae49881790edbc/gnocchi.479fcd71-0b85-4403-ae6a-839ce3ae78b8" 404 - "HEAD http://172.18.0.210:8080/v1/AUTH_f669ac1a1893421f91ae49881790edbc/gnocchi.479fcd71-0b85-4403-ae6a-839ce3ae78b8?format=json&states=listing" "txa5055cb6b2d94497a5b0c-0068ee0c12" "proxy-server 20" 0.0004 "-" 22 0
Oct 14 08:38:42 np0005486730 account-server[123344]: 172.20.0.105 - - [14/Oct/2025:08:38:42 +0000] "PUT /d1/338/AUTH_f669ac1a1893421f91ae49881790edbc/gnocchi.531a5307-750b-4f1b-88d2-2f987c72e8a3" 201 - "PUT http://172.20.0.105:6001/d1/354/AUTH_f669ac1a1893421f91ae49881790edbc/gnocchi.531a5307-750b-4f1b-88d2-2f987c72e8a3" "tx3c69838c5bff437d80a66-0068ee0c12" "container-server 22" 0.0066 "-" 15 0
Oct 14 08:38:42 np0005486730 container-server[123463]: 172.20.0.105 - - [14/Oct/2025:08:38:42 +0000] "PUT /d1/354/AUTH_f669ac1a1893421f91ae49881790edbc/gnocchi.531a5307-750b-4f1b-88d2-2f987c72e8a3" 201 - "PUT http://172.18.0.210:8080/v1/AUTH_f669ac1a1893421f91ae49881790edbc/gnocchi.531a5307-750b-4f1b-88d2-2f987c72e8a3" "tx3c69838c5bff437d80a66-0068ee0c12" "proxy-server 20" 0.0208 "-" 22 0
Oct 14 08:38:42 np0005486730 proxy-server[125405]: 172.18.0.105 172.18.0.104 14/Oct/2025/08/38/42 PUT /v1/AUTH_f669ac1a1893421f91ae49881790edbc/gnocchi.531a5307-750b-4f1b-88d2-2f987c72e8a3 HTTP/1.0 201 - python-swiftclient-3.11.1 gAAAAABo7gt_3y-i... - - - tx3c69838c5bff437d80a66-0068ee0c12 - 0.0294 - - 1760431122.429354906 1760431122.458732843 0
Oct 14 08:38:42 np0005486730 object-server[123891]: 172.20.0.103 - - [14/Oct/2025:08:38:42 +0000] "GET /d1/484/AUTH_f669ac1a1893421f91ae49881790edbc/gnocchi.479fcd71-0b85-4403-ae6a-839ce3ae78b8/none_v3" 404 70 "GET http://172.18.0.210:8080/v1/AUTH_f669ac1a1893421f91ae49881790edbc/gnocchi.479fcd71-0b85-4403-ae6a-839ce3ae78b8/none_v3" "txa5055cb6b2d94497a5b0c-0068ee0c12" "proxy-server 20" 0.0005 "-" 23 0
Oct 14 08:38:42 np0005486730 object-server[123891]: 172.20.0.103 - - [14/Oct/2025:08:38:42 +0000] "GET /d1/766/AUTH_f669ac1a1893421f91ae49881790edbc/gnocchi.531a5307-750b-4f1b-88d2-2f987c72e8a3/1760400000.0_mean_300.0_v3" 404 70 "GET http://172.18.0.210:8080/v1/AUTH_f669ac1a1893421f91ae49881790edbc/gnocchi.531a5307-750b-4f1b-88d2-2f987c72e8a3/1760400000.0_mean_300.0_v3" "tx03aa4580fdd14ebbbd6c5-0068ee0c12" "proxy-server 20" 0.0003 "-" 23 0
Oct 14 08:38:42 np0005486730 account-server[123344]: 172.20.0.104 - - [14/Oct/2025:08:38:42 +0000] "PUT /d1/338/AUTH_f669ac1a1893421f91ae49881790edbc/gnocchi.479fcd71-0b85-4403-ae6a-839ce3ae78b8" 201 - "PUT http://172.20.0.104:6001/d1/230/AUTH_f669ac1a1893421f91ae49881790edbc/gnocchi.479fcd71-0b85-4403-ae6a-839ce3ae78b8" "tx07d0842a5ee9477ea8bbe-0068ee0c12" "container-server 23" 0.0058 "-" 15 0
Oct 14 08:38:42 np0005486730 container-server[123444]: 172.20.0.105 - - [14/Oct/2025:08:38:42 +0000] "PUT /d1/230/AUTH_f669ac1a1893421f91ae49881790edbc/gnocchi.479fcd71-0b85-4403-ae6a-839ce3ae78b8" 201 - "PUT http://172.18.0.210:8080/v1/AUTH_f669ac1a1893421f91ae49881790edbc/gnocchi.479fcd71-0b85-4403-ae6a-839ce3ae78b8" "tx07d0842a5ee9477ea8bbe-0068ee0c12" "proxy-server 20" 0.0219 "-" 20 0
Oct 14 08:38:42 np0005486730 proxy-server[125405]: 172.18.0.103 172.18.0.104 14/Oct/2025/08/38/42 PUT /v1/AUTH_f669ac1a1893421f91ae49881790edbc/gnocchi.479fcd71-0b85-4403-ae6a-839ce3ae78b8 HTTP/1.0 201 - python-swiftclient-3.11.1 gAAAAABo7gvEzjD0... - - - tx07d0842a5ee9477ea8bbe-0068ee0c12 - 0.0335 - - 1760431122.467573643 1760431122.501113892 0
Oct 14 08:38:42 np0005486730 container-server[123444]: 172.20.0.103 - - [14/Oct/2025:08:38:42 +0000] "HEAD /d1/230/AUTH_f669ac1a1893421f91ae49881790edbc/gnocchi.479fcd71-0b85-4403-ae6a-839ce3ae78b8" 204 - "HEAD http://172.18.0.210:8080/v1/AUTH_f669ac1a1893421f91ae49881790edbc/gnocchi.479fcd71-0b85-4403-ae6a-839ce3ae78b8?format=json&states=listing" "tx7ff08451efa14bd3a6cbd-0068ee0c12" "proxy-server 20" 0.0021 "-" 20 0
Oct 14 08:38:42 np0005486730 container-server[123471]: 172.20.0.103 - - [14/Oct/2025:08:38:42 +0000] "PUT /d1/354/AUTH_f669ac1a1893421f91ae49881790edbc/gnocchi.531a5307-750b-4f1b-88d2-2f987c72e8a3/1760400000.0_mean_300.0_v3" 201 - "PUT http://172.18.0.210:8080/d1/766/AUTH_f669ac1a1893421f91ae49881790edbc/gnocchi.531a5307-750b-4f1b-88d2-2f987c72e8a3/1760400000.0_mean_300.0_v3" "tx44b3073a492f467bb7d4a-0068ee0c12" "object-server 25" 0.0009 "-" 23 0
Oct 14 08:38:42 np0005486730 object-server[123892]: 172.20.0.104 - - [14/Oct/2025:08:38:42 +0000] "PUT /d1/766/AUTH_f669ac1a1893421f91ae49881790edbc/gnocchi.531a5307-750b-4f1b-88d2-2f987c72e8a3/1760400000.0_mean_300.0_v3" 201 - "PUT http://172.18.0.210:8080/v1/AUTH_f669ac1a1893421f91ae49881790edbc/gnocchi.531a5307-750b-4f1b-88d2-2f987c72e8a3/1760400000.0_mean_300.0_v3" "tx44b3073a492f467bb7d4a-0068ee0c12" "proxy-server 12" 0.0128 "-" 24 0
Oct 14 08:38:42 np0005486730 object-server[123893]: 172.20.0.104 - - [14/Oct/2025:08:38:42 +0000] "GET /d1/625/AUTH_f669ac1a1893421f91ae49881790edbc/gnocchi.479fcd71-0b85-4403-ae6a-839ce3ae78b8/1760400000.0_mean_300.0_v3" 404 70 "GET http://172.18.0.210:8080/v1/AUTH_f669ac1a1893421f91ae49881790edbc/gnocchi.479fcd71-0b85-4403-ae6a-839ce3ae78b8/1760400000.0_mean_300.0_v3" "txd09a91f446084e56961be-0068ee0c12" "proxy-server 12" 0.0005 "-" 25 0
Oct 14 08:38:42 np0005486730 container-server[123444]: 172.20.0.104 - - [14/Oct/2025:08:38:42 +0000] "PUT /d1/354/AUTH_f669ac1a1893421f91ae49881790edbc/gnocchi.531a5307-750b-4f1b-88d2-2f987c72e8a3/none_v3" 201 - "PUT http://172.18.0.210:8080/d1/944/AUTH_f669ac1a1893421f91ae49881790edbc/gnocchi.531a5307-750b-4f1b-88d2-2f987c72e8a3/none_v3" "tx9f23d8ec8e91467dac9ef-0068ee0c12" "object-server 22" 0.0009 "-" 20 0
Oct 14 08:38:42 np0005486730 object-server[123889]: 172.20.0.105 - - [14/Oct/2025:08:38:42 +0000] "PUT /d1/944/AUTH_f669ac1a1893421f91ae49881790edbc/gnocchi.531a5307-750b-4f1b-88d2-2f987c72e8a3/none_v3" 201 - "PUT http://172.18.0.210:8080/v1/AUTH_f669ac1a1893421f91ae49881790edbc/gnocchi.531a5307-750b-4f1b-88d2-2f987c72e8a3/none_v3" "tx9f23d8ec8e91467dac9ef-0068ee0c12" "proxy-server 20" 0.0154 "-" 22 0
Oct 14 08:38:42 np0005486730 proxy-server[125405]: 172.18.0.105 172.18.0.104 14/Oct/2025/08/38/42 PUT /v1/AUTH_f669ac1a1893421f91ae49881790edbc/gnocchi.531a5307-750b-4f1b-88d2-2f987c72e8a3/none_v3 HTTP/1.0 201 - python-swiftclient-3.11.1 gAAAAABo7gt_3y-i... 22 - - tx9f23d8ec8e91467dac9ef-0068ee0c12 - 0.0268 - - 1760431122.532099247 1760431122.558850765 0
Oct 14 08:38:42 np0005486730 container-server[123463]: 172.20.0.105 - - [14/Oct/2025:08:38:42 +0000] "PUT /d1/230/AUTH_f669ac1a1893421f91ae49881790edbc/gnocchi.479fcd71-0b85-4403-ae6a-839ce3ae78b8/1760400000.0_mean_300.0_v3" 201 - "PUT http://172.18.0.210:8080/d1/625/AUTH_f669ac1a1893421f91ae49881790edbc/gnocchi.479fcd71-0b85-4403-ae6a-839ce3ae78b8/1760400000.0_mean_300.0_v3" "tx834f9b81eb584173bff0d-0068ee0c12" "object-server 25" 0.0008 "-" 22 0
Oct 14 08:38:42 np0005486730 object-server[123893]: 172.20.0.103 - - [14/Oct/2025:08:38:42 +0000] "PUT /d1/625/AUTH_f669ac1a1893421f91ae49881790edbc/gnocchi.479fcd71-0b85-4403-ae6a-839ce3ae78b8/1760400000.0_mean_300.0_v3" 201 - "PUT http://172.18.0.210:8080/v1/AUTH_f669ac1a1893421f91ae49881790edbc/gnocchi.479fcd71-0b85-4403-ae6a-839ce3ae78b8/1760400000.0_mean_300.0_v3" "tx834f9b81eb584173bff0d-0068ee0c12" "proxy-server 20" 0.0110 "-" 25 0
Oct 14 08:38:42 np0005486730 container-server[123471]: 172.20.0.105 - - [14/Oct/2025:08:38:42 +0000] "PUT /d1/230/AUTH_f669ac1a1893421f91ae49881790edbc/gnocchi.479fcd71-0b85-4403-ae6a-839ce3ae78b8/none_v3" 201 - "PUT http://172.18.0.210:8080/d1/484/AUTH_f669ac1a1893421f91ae49881790edbc/gnocchi.479fcd71-0b85-4403-ae6a-839ce3ae78b8/none_v3" "tx2db3fd4333274f80867d9-0068ee0c12" "object-server 23" 0.0008 "-" 23 0
Oct 14 08:38:42 np0005486730 object-server[123891]: 172.20.0.104 - - [14/Oct/2025:08:38:42 +0000] "PUT /d1/484/AUTH_f669ac1a1893421f91ae49881790edbc/gnocchi.479fcd71-0b85-4403-ae6a-839ce3ae78b8/none_v3" 201 - "PUT http://172.18.0.210:8080/v1/AUTH_f669ac1a1893421f91ae49881790edbc/gnocchi.479fcd71-0b85-4403-ae6a-839ce3ae78b8/none_v3" "tx2db3fd4333274f80867d9-0068ee0c12" "proxy-server 12" 0.0126 "-" 23 0
Oct 14 08:38:45 np0005486730 account-server[122954]: Beginning replication run
Oct 14 08:38:45 np0005486730 account-server[122954]: Replication run OVER
Oct 14 08:38:45 np0005486730 account-server[122954]: Attempted to replicate 1 dbs in 0.02470 seconds (40.48266/s)
Oct 14 08:38:45 np0005486730 account-server[122954]: Removed 0 dbs
Oct 14 08:38:45 np0005486730 account-server[122954]: 2 successes, 0 failures
Oct 14 08:38:45 np0005486730 account-server[122954]: diff:0 diff_capped:0 empty:0 hashmatch:0 no_change:2 remote_merge:0 rsync:0 ts_repl:0
Oct 14 08:39:02 np0005486730 container-server[123148]: Beginning replication run
Oct 14 08:39:03 np0005486730 container-server[123148]: Replication run OVER
Oct 14 08:39:03 np0005486730 container-server[123148]: Attempted to replicate 22 dbs in 0.52031 seconds (42.28217/s)
Oct 14 08:39:03 np0005486730 container-server[123148]: Removed 0 dbs
Oct 14 08:39:03 np0005486730 container-server[123148]: 44 successes, 0 failures
Oct 14 08:39:03 np0005486730 container-server[123148]: diff:0 diff_capped:0 empty:0 hashmatch:0 no_change:44 remote_merge:0 rsync:0 ts_repl:0
Oct 14 08:39:05 np0005486730 object-server[123670]: Starting object replication pass.
Oct 14 08:39:06 np0005486730 object-server[123670]: 42/42 (100.00%) partitions replicated in 0.41s (103.69/sec, 0s remaining)
Oct 14 08:39:06 np0005486730 object-server[123670]: 84 successes, 0 failures
Oct 14 08:39:06 np0005486730 object-server[123670]: 44 suffixes checked - 0.00% hashed, 0.00% synced
Oct 14 08:39:06 np0005486730 object-server[123670]: Partition times: max 0.0136s, min 0.0073s, med 0.0090s
Oct 14 08:39:06 np0005486730 object-server[123670]: Object replication complete. (0.01 minutes)
Oct 14 08:39:08 np0005486730 object-server[223069]: Begin object audit "forever" mode (ZBF)
Oct 14 08:39:08 np0005486730 object-server[223069]: Object audit (ZBF). Since Tue Oct 14 08:39:08 2025: Locally: 1 passed, 0 quarantined, 0 errors, files/sec: 559.91, bytes/sec: 0.00, Total time: 0.00, Auditing time: 0.00, Rate: 0.00
Oct 14 08:39:08 np0005486730 object-server[223069]: Object audit (ZBF) "forever" mode completed: 0.84s. Total quarantined: 0, Total errors: 0, Total files/sec: 52.16, Total bytes/sec: 0.00, Auditing time: 0.83, Rate: 0.99
Oct 14 08:39:15 np0005486730 account-server[122954]: Beginning replication run
Oct 14 08:39:15 np0005486730 account-server[122954]: Replication run OVER
Oct 14 08:39:15 np0005486730 account-server[122954]: Attempted to replicate 1 dbs in 0.01642 seconds (60.89078/s)
Oct 14 08:39:15 np0005486730 account-server[122954]: Removed 0 dbs
Oct 14 08:39:15 np0005486730 account-server[122954]: 2 successes, 0 failures
Oct 14 08:39:15 np0005486730 account-server[122954]: diff:0 diff_capped:0 empty:0 hashmatch:0 no_change:2 remote_merge:0 rsync:0 ts_repl:0
Oct 14 08:39:32 np0005486730 container-server[123148]: Beginning replication run
Oct 14 08:39:33 np0005486730 container-server[123148]: Replication run OVER
Oct 14 08:39:33 np0005486730 container-server[123148]: Attempted to replicate 22 dbs in 0.43606 seconds (50.45210/s)
Oct 14 08:39:33 np0005486730 container-server[123148]: Removed 0 dbs
Oct 14 08:39:33 np0005486730 container-server[123148]: 44 successes, 0 failures
Oct 14 08:39:33 np0005486730 container-server[123148]: diff:0 diff_capped:0 empty:0 hashmatch:0 no_change:44 remote_merge:0 rsync:0 ts_repl:0
Oct 14 08:39:36 np0005486730 object-server[123670]: Starting object replication pass.
Oct 14 08:39:36 np0005486730 object-server[123670]: 42/42 (100.00%) partitions replicated in 0.41s (102.69/sec, 0s remaining)
Oct 14 08:39:36 np0005486730 object-server[123670]: 84 successes, 0 failures
Oct 14 08:39:36 np0005486730 object-server[123670]: 44 suffixes checked - 0.00% hashed, 0.00% synced
Oct 14 08:39:36 np0005486730 object-server[123670]: Partition times: max 0.0147s, min 0.0067s, med 0.0092s
Oct 14 08:39:36 np0005486730 object-server[123670]: Object replication complete. (0.01 minutes)
Oct 14 08:39:39 np0005486730 object-server[229051]: Begin object audit "forever" mode (ALL)
Oct 14 08:39:39 np0005486730 object-server[229050]: Begin object audit "forever" mode (ZBF)
Oct 14 08:39:39 np0005486730 object-server[229050]: Object audit (ZBF). Since Tue Oct 14 08:39:39 2025: Locally: 1 passed, 0 quarantined, 0 errors, files/sec: 539.32, bytes/sec: 0.00, Total time: 0.00, Auditing time: 0.00, Rate: 0.00
Oct 14 08:39:39 np0005486730 object-server[229051]: Object audit (ALL). Since Tue Oct 14 08:39:39 2025: Locally: 1 passed, 0 quarantined, 0 errors, files/sec: 136.93, bytes/sec: 2190.88, Total time: 0.01, Auditing time: 0.00, Rate: 0.00
Oct 14 08:39:39 np0005486730 object-server[229050]: Object audit (ZBF) "forever" mode completed: 0.84s. Total quarantined: 0, Total errors: 0, Total files/sec: 52.17, Total bytes/sec: 0.00, Auditing time: 0.83, Rate: 0.99
Oct 14 08:39:41 np0005486730 object-server[229051]: Object audit (ALL) "forever" mode completed: 2.11s. Total quarantined: 0, Total errors: 0, Total files/sec: 20.86, Total bytes/sec: 401.00, Auditing time: 2.10, Rate: 0.99
Oct 14 08:39:45 np0005486730 account-server[122954]: Beginning replication run
Oct 14 08:39:45 np0005486730 account-server[122954]: Replication run OVER
Oct 14 08:39:45 np0005486730 account-server[122954]: Attempted to replicate 1 dbs in 0.01840 seconds (54.33359/s)
Oct 14 08:39:45 np0005486730 account-server[122954]: Removed 0 dbs
Oct 14 08:39:45 np0005486730 account-server[122954]: 2 successes, 0 failures
Oct 14 08:39:45 np0005486730 account-server[122954]: diff:0 diff_capped:0 empty:0 hashmatch:0 no_change:2 remote_merge:0 rsync:0 ts_repl:0
Oct 14 08:39:49 np0005486730 account-server[123351]: 172.20.0.104 - - [14/Oct/2025:08:39:49 +0000] "HEAD /d1/509/.expiring_objects" 404 - "HEAD http://localhost/v1/.expiring_objects?format=json" "tx7b3a712207e64189b2945-0068ee0c55" "proxy-server 2" 0.0004 "-" 17 -
Oct 14 08:40:02 np0005486730 container-server[123148]: Beginning replication run
Oct 14 08:40:03 np0005486730 container-server[123148]: Replication run OVER
Oct 14 08:40:03 np0005486730 container-server[123148]: Attempted to replicate 22 dbs in 0.43653 seconds (50.39721/s)
Oct 14 08:40:03 np0005486730 container-server[123148]: Removed 0 dbs
Oct 14 08:40:03 np0005486730 container-server[123148]: 44 successes, 0 failures
Oct 14 08:40:03 np0005486730 container-server[123148]: diff:0 diff_capped:0 empty:0 hashmatch:0 no_change:44 remote_merge:0 rsync:0 ts_repl:0
Oct 14 08:40:06 np0005486730 object-server[123670]: Starting object replication pass.
Oct 14 08:40:07 np0005486730 object-server[123670]: 42/42 (100.00%) partitions replicated in 0.47s (89.35/sec, 0s remaining)
Oct 14 08:40:07 np0005486730 object-server[123670]: 84 successes, 0 failures
Oct 14 08:40:07 np0005486730 object-server[123670]: 44 suffixes checked - 0.00% hashed, 0.00% synced
Oct 14 08:40:07 np0005486730 object-server[123670]: Partition times: max 0.0176s, min 0.0076s, med 0.0103s
Oct 14 08:40:07 np0005486730 object-server[123670]: Object replication complete. (0.01 minutes)
Oct 14 08:40:10 np0005486730 object-server[229079]: Begin object audit "forever" mode (ZBF)
Oct 14 08:40:10 np0005486730 object-server[229079]: Object audit (ZBF). Since Tue Oct 14 08:40:10 2025: Locally: 1 passed, 0 quarantined, 0 errors, files/sec: 681.00, bytes/sec: 0.00, Total time: 0.00, Auditing time: 0.00, Rate: 0.00
Oct 14 08:40:10 np0005486730 object-server[229079]: Object audit (ZBF) "forever" mode completed: 0.84s. Total quarantined: 0, Total errors: 0, Total files/sec: 52.18, Total bytes/sec: 0.00, Auditing time: 0.83, Rate: 0.99
Oct 14 08:40:15 np0005486730 account-server[122954]: Beginning replication run
Oct 14 08:40:15 np0005486730 account-server[122954]: Replication run OVER
Oct 14 08:40:15 np0005486730 account-server[122954]: Attempted to replicate 1 dbs in 0.01926 seconds (51.91907/s)
Oct 14 08:40:15 np0005486730 account-server[122954]: Removed 0 dbs
Oct 14 08:40:15 np0005486730 account-server[122954]: 2 successes, 0 failures
Oct 14 08:40:15 np0005486730 account-server[122954]: diff:0 diff_capped:0 empty:0 hashmatch:0 no_change:2 remote_merge:0 rsync:0 ts_repl:0
Oct 14 08:40:32 np0005486730 container-server[123148]: Beginning replication run
Oct 14 08:40:33 np0005486730 container-server[123148]: Replication run OVER
Oct 14 08:40:33 np0005486730 container-server[123148]: Attempted to replicate 22 dbs in 0.43633 seconds (50.42015/s)
Oct 14 08:40:33 np0005486730 container-server[123148]: Removed 0 dbs
Oct 14 08:40:33 np0005486730 container-server[123148]: 44 successes, 0 failures
Oct 14 08:40:33 np0005486730 container-server[123148]: diff:0 diff_capped:0 empty:0 hashmatch:0 no_change:44 remote_merge:0 rsync:0 ts_repl:0
Oct 14 08:40:37 np0005486730 object-server[123670]: Starting object replication pass.
Oct 14 08:40:37 np0005486730 object-server[123670]: 42/42 (100.00%) partitions replicated in 0.44s (96.49/sec, 0s remaining)
Oct 14 08:40:37 np0005486730 object-server[123670]: 84 successes, 0 failures
Oct 14 08:40:37 np0005486730 object-server[123670]: 44 suffixes checked - 0.00% hashed, 0.00% synced
Oct 14 08:40:37 np0005486730 object-server[123670]: Partition times: max 0.0185s, min 0.0069s, med 0.0100s
Oct 14 08:40:37 np0005486730 object-server[123670]: Object replication complete. (0.01 minutes)
Oct 14 08:40:40 np0005486730 object-server[234948]: Begin object audit "forever" mode (ALL)
Oct 14 08:40:40 np0005486730 object-server[234947]: Begin object audit "forever" mode (ZBF)
Oct 14 08:40:40 np0005486730 object-server[234947]: Object audit (ZBF). Since Tue Oct 14 08:40:40 2025: Locally: 1 passed, 0 quarantined, 0 errors, files/sec: 1055.97, bytes/sec: 0.00, Total time: 0.00, Auditing time: 0.00, Rate: 0.00
Oct 14 08:40:40 np0005486730 object-server[234948]: Object audit (ALL). Since Tue Oct 14 08:40:40 2025: Locally: 1 passed, 0 quarantined, 0 errors, files/sec: 138.09, bytes/sec: 2209.42, Total time: 0.01, Auditing time: 0.00, Rate: 0.00
Oct 14 08:40:41 np0005486730 object-server[234947]: Object audit (ZBF) "forever" mode completed: 0.84s. Total quarantined: 0, Total errors: 0, Total files/sec: 52.23, Total bytes/sec: 0.00, Auditing time: 0.83, Rate: 0.99
Oct 14 08:40:42 np0005486730 account-server[123345]: 172.20.0.104 - - [14/Oct/2025:08:40:42 +0000] "PUT /d1/338/AUTH_f669ac1a1893421f91ae49881790edbc/gnocchi.e93d1c21-3fa5-49dd-a2bd-5470398e3040" 201 - "-" "-" "container-updater 2" 0.0013 "-" 16 0
Oct 14 08:40:42 np0005486730 account-server[123344]: 172.20.0.104 - - [14/Oct/2025:08:40:42 +0000] "PUT /d1/338/AUTH_f669ac1a1893421f91ae49881790edbc/gnocchi.8523de43-f34f-4455-b233-6e1be63252f0" 201 - "-" "-" "container-updater 2" 0.0006 "-" 15 0
Oct 14 08:40:42 np0005486730 account-server[123351]: 172.20.0.104 - - [14/Oct/2025:08:40:42 +0000] "PUT /d1/338/AUTH_f669ac1a1893421f91ae49881790edbc/gnocchi.24e94419-d4f8-4b33-a74a-2d0153668fcc" 201 - "-" "-" "container-updater 2" 0.0004 "-" 17 0
Oct 14 08:40:42 np0005486730 account-server[123351]: 172.20.0.104 - - [14/Oct/2025:08:40:42 +0000] "PUT /d1/338/AUTH_f669ac1a1893421f91ae49881790edbc/gnocchi.80a29393-aaf6-4866-9158-2745c5b8ebac" 201 - "-" "-" "container-updater 2" 0.0006 "-" 17 0
Oct 14 08:40:42 np0005486730 account-server[123351]: 172.20.0.104 - - [14/Oct/2025:08:40:42 +0000] "PUT /d1/338/AUTH_f669ac1a1893421f91ae49881790edbc/gnocchi.07cadbe8-64ab-4b14-bb73-93d1c248666c" 201 - "-" "-" "container-updater 2" 0.0006 "-" 17 0
Oct 14 08:40:42 np0005486730 account-server[123344]: 172.20.0.104 - - [14/Oct/2025:08:40:42 +0000] "PUT /d1/338/AUTH_f669ac1a1893421f91ae49881790edbc/gnocchi.531a5307-750b-4f1b-88d2-2f987c72e8a3" 201 - "-" "-" "container-updater 2" 0.0008 "-" 15 0
Oct 14 08:40:42 np0005486730 account-server[123345]: 172.20.0.104 - - [14/Oct/2025:08:40:42 +0000] "PUT /d1/338/AUTH_f669ac1a1893421f91ae49881790edbc/gnocchi.d4cec63d-aea1-48a9-a808-f808950258d2" 201 - "-" "-" "container-updater 2" 0.0007 "-" 16 0
Oct 14 08:40:42 np0005486730 account-server[123324]: 172.20.0.104 - - [14/Oct/2025:08:40:42 +0000] "PUT /d1/338/AUTH_f669ac1a1893421f91ae49881790edbc/gnocchi.3c663d64-5a76-48d9-8930-a064864de360" 201 - "-" "-" "container-updater 2" 0.0006 "-" 14 0
Oct 14 08:40:42 np0005486730 account-server[123344]: 172.20.0.104 - - [14/Oct/2025:08:40:42 +0000] "PUT /d1/338/AUTH_f669ac1a1893421f91ae49881790edbc/gnocchi.fd0e3f88-10ae-4ce8-8130-39e421c9bf64" 201 - "-" "-" "container-updater 2" 0.0006 "-" 15 0
