Oct 14 08:43:42 np0005486729 container-server[123442]: 172.20.0.105 - - [14/Oct/2025:08:43:42 +0000] "HEAD /d1/582/AUTH_f669ac1a1893421f91ae49881790edbc/gnocchi.24e94419-d4f8-4b33-a74a-2d0153668fcc" 204 - "HEAD http://172.18.0.210:8080/v1/AUTH_f669ac1a1893421f91ae49881790edbc/gnocchi.24e94419-d4f8-4b33-a74a-2d0153668fcc?format=json&states=listing" "txcc4c82c9146e44d5b4946-0068ee0d3e" "proxy-server 20" 0.0016 "-" 20 0
Oct 14 08:43:42 np0005486729 container-server[123441]: 172.20.0.103 - - [14/Oct/2025:08:43:42 +0000] "PUT /d1/754/AUTH_f669ac1a1893421f91ae49881790edbc/gnocchi.ba25d233-571b-47d4-8734-21969167c813/none_v3" 201 - "PUT http://172.18.0.210:8080/d1/702/AUTH_f669ac1a1893421f91ae49881790edbc/gnocchi.ba25d233-571b-47d4-8734-21969167c813/none_v3" "txbce6ba3bd43a4f408311f-0068ee0d3e" "object-server 25" 0.0004 "-" 19 0
Oct 14 08:43:42 np0005486729 object-server[123863]: 172.20.0.103 - - [14/Oct/2025:08:43:42 +0000] "PUT /d1/702/AUTH_f669ac1a1893421f91ae49881790edbc/gnocchi.ba25d233-571b-47d4-8734-21969167c813/none_v3" 201 - "PUT http://172.18.0.210:8080/v1/AUTH_f669ac1a1893421f91ae49881790edbc/gnocchi.ba25d233-571b-47d4-8734-21969167c813/none_v3" "txbce6ba3bd43a4f408311f-0068ee0d3e" "proxy-server 20" 0.0113 "-" 25 0
Oct 14 08:43:42 np0005486729 container-server[123455]: 172.20.0.105 - - [14/Oct/2025:08:43:42 +0000] "HEAD /d1/395/AUTH_f669ac1a1893421f91ae49881790edbc/gnocchi.8523de43-f34f-4455-b233-6e1be63252f0" 204 - "HEAD http://172.18.0.210:8080/v1/AUTH_f669ac1a1893421f91ae49881790edbc/gnocchi.8523de43-f34f-4455-b233-6e1be63252f0?format=json&states=listing" "tx20365e3aa6434975bc6e0-0068ee0d3e" "proxy-server 20" 0.0012 "-" 22 0
Oct 14 08:43:42 np0005486729 object-server[123852]: 172.20.0.103 - - [14/Oct/2025:08:43:42 +0000] "GET /d1/256/AUTH_f669ac1a1893421f91ae49881790edbc/gnocchi.24e94419-d4f8-4b33-a74a-2d0153668fcc/1760400000.0_mean_300.0_v3" 200 16 "GET http://172.18.0.210:8080/v1/AUTH_f669ac1a1893421f91ae49881790edbc/gnocchi.24e94419-d4f8-4b33-a74a-2d0153668fcc/1760400000.0_mean_300.0_v3" "tx9f29c227f2e5442ebd0e5-0068ee0d3e" "proxy-server 20" 0.0006 "-" 24 0
Oct 14 08:43:42 np0005486729 container-server[123465]: 172.20.0.105 - - [14/Oct/2025:08:43:42 +0000] "PUT /d1/582/AUTH_f669ac1a1893421f91ae49881790edbc/gnocchi.24e94419-d4f8-4b33-a74a-2d0153668fcc/1760400000.0_mean_300.0_v3" 201 - "PUT http://172.18.0.210:8080/d1/256/AUTH_f669ac1a1893421f91ae49881790edbc/gnocchi.24e94419-d4f8-4b33-a74a-2d0153668fcc/1760400000.0_mean_300.0_v3" "tx368a69f4c60c44e69e82f-0068ee0d3e" "object-server 25" 0.0009 "-" 23 0
Oct 14 08:43:42 np0005486729 object-server[123863]: 172.20.0.103 - - [14/Oct/2025:08:43:42 +0000] "PUT /d1/256/AUTH_f669ac1a1893421f91ae49881790edbc/gnocchi.24e94419-d4f8-4b33-a74a-2d0153668fcc/1760400000.0_mean_300.0_v3" 201 - "PUT http://172.18.0.210:8080/v1/AUTH_f669ac1a1893421f91ae49881790edbc/gnocchi.24e94419-d4f8-4b33-a74a-2d0153668fcc/1760400000.0_mean_300.0_v3" "tx368a69f4c60c44e69e82f-0068ee0d3e" "proxy-server 20" 0.0131 "-" 25 0
Oct 14 08:43:42 np0005486729 container-server[123442]: 172.20.0.105 - - [14/Oct/2025:08:43:42 +0000] "GET /d1/395/AUTH_f669ac1a1893421f91ae49881790edbc/gnocchi.8523de43-f34f-4455-b233-6e1be63252f0" 200 2 "GET http://172.18.0.210:8080/v1/AUTH_f669ac1a1893421f91ae49881790edbc/gnocchi.8523de43-f34f-4455-b233-6e1be63252f0?format=json&marker=none_v3&states=listing" "tx1fd4478f339b4a939925c-0068ee0d3e" "proxy-server 20" 0.0018 "-" 20 0
Oct 14 08:43:42 np0005486729 object-server[123852]: 172.20.0.105 - - [14/Oct/2025:08:43:42 +0000] "PUT /d1/371/AUTH_f669ac1a1893421f91ae49881790edbc/gnocchi.24e94419-d4f8-4b33-a74a-2d0153668fcc/none_v3" 201 - "PUT http://172.18.0.210:8080/v1/AUTH_f669ac1a1893421f91ae49881790edbc/gnocchi.24e94419-d4f8-4b33-a74a-2d0153668fcc/none_v3" "tx47ae5579081c400591538-0068ee0d3e" "proxy-server 20" 0.0101 "-" 24 0
Oct 14 08:43:42 np0005486729 container-server[123465]: 172.20.0.105 - - [14/Oct/2025:08:43:42 +0000] "PUT /d1/582/AUTH_f669ac1a1893421f91ae49881790edbc/gnocchi.24e94419-d4f8-4b33-a74a-2d0153668fcc/none_v3" 201 - "PUT http://172.18.0.210:8080/d1/371/AUTH_f669ac1a1893421f91ae49881790edbc/gnocchi.24e94419-d4f8-4b33-a74a-2d0153668fcc/none_v3" "tx47ae5579081c400591538-0068ee0d3e" "object-server 25" 0.0007 "-" 23 0
Oct 14 08:43:42 np0005486729 object-server[123852]: 172.20.0.103 - - [14/Oct/2025:08:43:42 +0000] "GET /d1/921/AUTH_f669ac1a1893421f91ae49881790edbc/gnocchi.8523de43-f34f-4455-b233-6e1be63252f0/1760400000.0_rate%3Amean_300.0_v3" 404 70 "GET http://172.18.0.210:8080/v1/AUTH_f669ac1a1893421f91ae49881790edbc/gnocchi.8523de43-f34f-4455-b233-6e1be63252f0/1760400000.0_rate%3Amean_300.0_v3" "tx42dc30ef630042ba8d7d4-0068ee0d3e" "proxy-server 20" 0.0005 "-" 24 0
Oct 14 08:43:42 np0005486729 container-server[123442]: 172.20.0.103 - - [14/Oct/2025:08:43:42 +0000] "PUT /d1/395/AUTH_f669ac1a1893421f91ae49881790edbc/gnocchi.8523de43-f34f-4455-b233-6e1be63252f0/1760400000.0_mean_300.0_v3" 201 - "PUT http://172.18.0.210:8080/d1/424/AUTH_f669ac1a1893421f91ae49881790edbc/gnocchi.8523de43-f34f-4455-b233-6e1be63252f0/1760400000.0_mean_300.0_v3" "txc2d6961f915e496cb0a17-0068ee0d3e" "object-server 23" 0.0008 "-" 20 0
Oct 14 08:43:42 np0005486729 object-server[123847]: 172.20.0.103 - - [14/Oct/2025:08:43:42 +0000] "PUT /d1/424/AUTH_f669ac1a1893421f91ae49881790edbc/gnocchi.8523de43-f34f-4455-b233-6e1be63252f0/1760400000.0_mean_300.0_v3" 201 - "PUT http://172.18.0.210:8080/v1/AUTH_f669ac1a1893421f91ae49881790edbc/gnocchi.8523de43-f34f-4455-b233-6e1be63252f0/1760400000.0_mean_300.0_v3" "txc2d6961f915e496cb0a17-0068ee0d3e" "proxy-server 20" 0.0126 "-" 23 0
Oct 14 08:43:42 np0005486729 container-server[123442]: 172.20.0.105 - - [14/Oct/2025:08:43:42 +0000] "GET /d1/779/AUTH_f669ac1a1893421f91ae49881790edbc/gnocchi.e93d1c21-3fa5-49dd-a2bd-5470398e3040" 200 2 "GET http://172.18.0.210:8080/v1/AUTH_f669ac1a1893421f91ae49881790edbc/gnocchi.e93d1c21-3fa5-49dd-a2bd-5470398e3040?format=json&marker=none_v3&states=listing" "txea968278495e424da8d3a-0068ee0d3e" "proxy-server 20" 0.0036 "-" 20 0
Oct 14 08:43:42 np0005486729 container-server[123455]: 172.20.0.104 - - [14/Oct/2025:08:43:42 +0000] "PUT /d1/395/AUTH_f669ac1a1893421f91ae49881790edbc/gnocchi.8523de43-f34f-4455-b233-6e1be63252f0/1760400000.0_rate%3Amean_300.0_v3" 201 - "PUT http://172.18.0.210:8080/d1/921/AUTH_f669ac1a1893421f91ae49881790edbc/gnocchi.8523de43-f34f-4455-b233-6e1be63252f0/1760400000.0_rate%3Amean_300.0_v3" "tx1e08024ca71a43e2af287-0068ee0d3e" "object-server 24" 0.0011 "-" 22 0
Oct 14 08:43:42 np0005486729 object-server[123852]: 172.20.0.103 - - [14/Oct/2025:08:43:42 +0000] "PUT /d1/921/AUTH_f669ac1a1893421f91ae49881790edbc/gnocchi.8523de43-f34f-4455-b233-6e1be63252f0/1760400000.0_rate%3Amean_300.0_v3" 201 - "PUT http://172.18.0.210:8080/v1/AUTH_f669ac1a1893421f91ae49881790edbc/gnocchi.8523de43-f34f-4455-b233-6e1be63252f0/1760400000.0_rate%3Amean_300.0_v3" "tx1e08024ca71a43e2af287-0068ee0d3e" "proxy-server 20" 0.0135 "-" 24 0
Oct 14 08:43:42 np0005486729 object-server[123863]: 172.20.0.105 - - [14/Oct/2025:08:43:42 +0000] "GET /d1/227/AUTH_f669ac1a1893421f91ae49881790edbc/gnocchi.e93d1c21-3fa5-49dd-a2bd-5470398e3040/1760400000.0_rate%3Amean_300.0_v3" 404 70 "GET http://172.18.0.210:8080/v1/AUTH_f669ac1a1893421f91ae49881790edbc/gnocchi.e93d1c21-3fa5-49dd-a2bd-5470398e3040/1760400000.0_rate%3Amean_300.0_v3" "tx061ff5fa1d834475b6a71-0068ee0d3e" "proxy-server 20" 0.0006 "-" 25 0
Oct 14 08:43:42 np0005486729 container-server[123441]: 172.20.0.105 - - [14/Oct/2025:08:43:42 +0000] "PUT /d1/395/AUTH_f669ac1a1893421f91ae49881790edbc/gnocchi.8523de43-f34f-4455-b233-6e1be63252f0/none_v3" 201 - "PUT http://172.18.0.210:8080/d1/486/AUTH_f669ac1a1893421f91ae49881790edbc/gnocchi.8523de43-f34f-4455-b233-6e1be63252f0/none_v3" "tx83784e43e11c467d82f06-0068ee0d3e" "object-server 24" 0.0010 "-" 19 0
Oct 14 08:43:42 np0005486729 object-server[123863]: 172.20.0.103 - - [14/Oct/2025:08:43:42 +0000] "PUT /d1/486/AUTH_f669ac1a1893421f91ae49881790edbc/gnocchi.8523de43-f34f-4455-b233-6e1be63252f0/none_v3" 201 - "PUT http://172.18.0.210:8080/v1/AUTH_f669ac1a1893421f91ae49881790edbc/gnocchi.8523de43-f34f-4455-b233-6e1be63252f0/none_v3" "tx83784e43e11c467d82f06-0068ee0d3e" "proxy-server 20" 0.0159 "-" 25 0
Oct 14 08:43:42 np0005486729 container-server[123465]: 172.20.0.105 - - [14/Oct/2025:08:43:42 +0000] "PUT /d1/779/AUTH_f669ac1a1893421f91ae49881790edbc/gnocchi.e93d1c21-3fa5-49dd-a2bd-5470398e3040/1760400000.0_rate%3Amean_300.0_v3" 201 - "PUT http://172.18.0.210:8080/d1/227/AUTH_f669ac1a1893421f91ae49881790edbc/gnocchi.e93d1c21-3fa5-49dd-a2bd-5470398e3040/1760400000.0_rate%3Amean_300.0_v3" "tx46aa3722d8284fd6b081d-0068ee0d3e" "object-server 24" 0.0009 "-" 23 0
Oct 14 08:43:42 np0005486729 object-server[123852]: 172.20.0.105 - - [14/Oct/2025:08:43:42 +0000] "PUT /d1/227/AUTH_f669ac1a1893421f91ae49881790edbc/gnocchi.e93d1c21-3fa5-49dd-a2bd-5470398e3040/1760400000.0_rate%3Amean_300.0_v3" 201 - "PUT http://172.18.0.210:8080/v1/AUTH_f669ac1a1893421f91ae49881790edbc/gnocchi.e93d1c21-3fa5-49dd-a2bd-5470398e3040/1760400000.0_rate%3Amean_300.0_v3" "tx46aa3722d8284fd6b081d-0068ee0d3e" "proxy-server 20" 0.0129 "-" 24 0
Oct 14 08:43:42 np0005486729 container-server[123441]: 172.20.0.104 - - [14/Oct/2025:08:43:42 +0000] "PUT /d1/779/AUTH_f669ac1a1893421f91ae49881790edbc/gnocchi.e93d1c21-3fa5-49dd-a2bd-5470398e3040/1760400000.0_mean_300.0_v3" 201 - "PUT http://172.18.0.210:8080/d1/41/AUTH_f669ac1a1893421f91ae49881790edbc/gnocchi.e93d1c21-3fa5-49dd-a2bd-5470398e3040/1760400000.0_mean_300.0_v3" "txe0017fb5ab92432688f75-0068ee0d3e" "object-server 25" 0.0008 "-" 19 0
Oct 14 08:43:42 np0005486729 object-server[123863]: 172.20.0.103 - - [14/Oct/2025:08:43:42 +0000] "PUT /d1/41/AUTH_f669ac1a1893421f91ae49881790edbc/gnocchi.e93d1c21-3fa5-49dd-a2bd-5470398e3040/1760400000.0_mean_300.0_v3" 201 - "PUT http://172.18.0.210:8080/v1/AUTH_f669ac1a1893421f91ae49881790edbc/gnocchi.e93d1c21-3fa5-49dd-a2bd-5470398e3040/1760400000.0_mean_300.0_v3" "txe0017fb5ab92432688f75-0068ee0d3e" "proxy-server 20" 0.0142 "-" 25 0
Oct 14 08:43:42 np0005486729 container-server[123455]: 172.20.0.103 - - [14/Oct/2025:08:43:42 +0000] "PUT /d1/779/AUTH_f669ac1a1893421f91ae49881790edbc/gnocchi.e93d1c21-3fa5-49dd-a2bd-5470398e3040/none_v3" 201 - "PUT http://172.18.0.210:8080/d1/984/AUTH_f669ac1a1893421f91ae49881790edbc/gnocchi.e93d1c21-3fa5-49dd-a2bd-5470398e3040/none_v3" "tx210166debbea4fa799854-0068ee0d3e" "object-server 22" 0.0009 "-" 22 0
Oct 14 08:43:42 np0005486729 object-server[123863]: 172.20.0.105 - - [14/Oct/2025:08:43:42 +0000] "PUT /d1/984/AUTH_f669ac1a1893421f91ae49881790edbc/gnocchi.e93d1c21-3fa5-49dd-a2bd-5470398e3040/none_v3" 201 - "PUT http://172.18.0.210:8080/v1/AUTH_f669ac1a1893421f91ae49881790edbc/gnocchi.e93d1c21-3fa5-49dd-a2bd-5470398e3040/none_v3" "tx210166debbea4fa799854-0068ee0d3e" "proxy-server 20" 0.0123 "-" 25 0
Oct 14 08:43:42 np0005486729 proxy-server[125087]: 172.18.0.105 172.18.0.104 14/Oct/2025/08/43/42 GET /v1/AUTH_f669ac1a1893421f91ae49881790edbc/gnocchi.80a29393-aaf6-4866-9158-2745c5b8ebac/none_v3 HTTP/1.0 200 - python-swiftclient-3.11.1 gAAAAABo7gt_3y-i... - 22 - tx979acd56da4b403ab7f45-0068ee0d3d - 1.1726 - - 1760431421.361950636 1760431422.534512758 0
Oct 14 08:43:42 np0005486729 object-server[123840]: 172.20.0.103 - - [14/Oct/2025:08:43:42 +0000] "GET /d1/383/AUTH_f669ac1a1893421f91ae49881790edbc/gnocchi.b05dd831-9be5-43b0-8df9-491ea4d17321/none_v3" 200 22 "GET http://172.18.0.210:8080/v1/AUTH_f669ac1a1893421f91ae49881790edbc/gnocchi.b05dd831-9be5-43b0-8df9-491ea4d17321/none_v3" "tx26776b936ca54b4eb4ef6-0068ee0d3e" "proxy-server 20" 0.0013 "-" 22 0
Oct 14 08:43:42 np0005486729 proxy-server[125087]: 172.18.0.103 172.18.0.104 14/Oct/2025/08/43/42 GET /v1/AUTH_f669ac1a1893421f91ae49881790edbc/gnocchi.b05dd831-9be5-43b0-8df9-491ea4d17321%3Fformat%3Djson%26states%3Dlisting HTTP/1.0 200 - python-swiftclient-3.11.1 gAAAAABo7gvEzjD0... - 357 - tx9d51cfca8c8e4c8d9b74a-0068ee0d3e - 0.0118 - - 1760431422.562030077 1760431422.573868513 0
Oct 14 08:43:42 np0005486729 container-server[123441]: 172.20.0.105 - - [14/Oct/2025:08:43:42 +0000] "GET /d1/832/AUTH_f669ac1a1893421f91ae49881790edbc/gnocchi.b05dd831-9be5-43b0-8df9-491ea4d17321" 200 2 "GET http://172.18.0.210:8080/v1/AUTH_f669ac1a1893421f91ae49881790edbc/gnocchi.b05dd831-9be5-43b0-8df9-491ea4d17321?format=json&marker=none_v3&states=listing" "txf93f3a7a64a348f9a34c5-0068ee0d3e" "proxy-server 20" 0.0032 "-" 19 0
Oct 14 08:43:42 np0005486729 proxy-server[125087]: 172.18.0.105 172.18.0.104 14/Oct/2025/08/43/42 GET /v1/AUTH_f669ac1a1893421f91ae49881790edbc/gnocchi.80a29393-aaf6-4866-9158-2745c5b8ebac/1760400000.0_mean_300.0_v3 HTTP/1.0 200 - python-swiftclient-3.11.1 gAAAAABo7gt_3y-i... - 16 - tx016846fef42f4c29a7740-0068ee0d3e - 0.0109 - - 1760431422.582712173 1760431422.593575239 0
Oct 14 08:43:42 np0005486729 object-server[123852]: 172.20.0.103 - - [14/Oct/2025:08:43:42 +0000] "GET /d1/577/AUTH_f669ac1a1893421f91ae49881790edbc/gnocchi.80a29393-aaf6-4866-9158-2745c5b8ebac/1760400000.0_rate%3Amean_300.0_v3" 404 70 "GET http://172.18.0.210:8080/v1/AUTH_f669ac1a1893421f91ae49881790edbc/gnocchi.80a29393-aaf6-4866-9158-2745c5b8ebac/1760400000.0_rate%3Amean_300.0_v3" "txae83090859be41afb1797-0068ee0d3e" "proxy-server 20" 0.0005 "-" 24 0
Oct 14 08:43:42 np0005486729 object-server[123847]: 172.20.0.104 - - [14/Oct/2025:08:43:42 +0000] "GET /d1/61/AUTH_f669ac1a1893421f91ae49881790edbc/gnocchi.b05dd831-9be5-43b0-8df9-491ea4d17321/1760400000.0_rate%3Amean_300.0_v3" 404 70 "GET http://172.18.0.210:8080/v1/AUTH_f669ac1a1893421f91ae49881790edbc/gnocchi.b05dd831-9be5-43b0-8df9-491ea4d17321/1760400000.0_rate%3Amean_300.0_v3" "txc693dafd2e104d63bfdd6-0068ee0d3e" "proxy-server 12" 0.0003 "-" 23 0
Oct 14 08:43:42 np0005486729 proxy-server[125087]: 172.18.0.103 172.18.0.104 14/Oct/2025/08/43/42 GET /v1/AUTH_f669ac1a1893421f91ae49881790edbc/gnocchi.b05dd831-9be5-43b0-8df9-491ea4d17321/1760400000.0_rate%253Amean_300.0_v3 HTTP/1.0 404 - python-swiftclient-3.11.1 gAAAAABo7gvEzjD0... - 70 - txc693dafd2e104d63bfdd6-0068ee0d3e - 0.0221 - - 1760431422.615133286 1760431422.637245417 0
Oct 14 08:43:42 np0005486729 container-server[123441]: 172.20.0.104 - - [14/Oct/2025:08:43:42 +0000] "PUT /d1/452/AUTH_f669ac1a1893421f91ae49881790edbc/gnocchi.80a29393-aaf6-4866-9158-2745c5b8ebac/1760400000.0_mean_300.0_v3" 201 - "PUT http://172.18.0.210:8080/d1/705/AUTH_f669ac1a1893421f91ae49881790edbc/gnocchi.80a29393-aaf6-4866-9158-2745c5b8ebac/1760400000.0_mean_300.0_v3" "tx37c1ef21a56e489d9310c-0068ee0d3e" "object-server 24" 0.0009 "-" 19 0
Oct 14 08:43:42 np0005486729 object-server[123852]: 172.20.0.105 - - [14/Oct/2025:08:43:42 +0000] "PUT /d1/705/AUTH_f669ac1a1893421f91ae49881790edbc/gnocchi.80a29393-aaf6-4866-9158-2745c5b8ebac/1760400000.0_mean_300.0_v3" 201 - "PUT http://172.18.0.210:8080/v1/AUTH_f669ac1a1893421f91ae49881790edbc/gnocchi.80a29393-aaf6-4866-9158-2745c5b8ebac/1760400000.0_mean_300.0_v3" "tx37c1ef21a56e489d9310c-0068ee0d3e" "proxy-server 20" 0.0152 "-" 24 0
Oct 14 08:43:42 np0005486729 object-server[123840]: 172.20.0.103 - - [14/Oct/2025:08:43:42 +0000] "GET /d1/944/AUTH_f669ac1a1893421f91ae49881790edbc/gnocchi.531a5307-750b-4f1b-88d2-2f987c72e8a3/none_v3" 200 22 "GET http://172.18.0.210:8080/v1/AUTH_f669ac1a1893421f91ae49881790edbc/gnocchi.531a5307-750b-4f1b-88d2-2f987c72e8a3/none_v3" "tx8a21499637074d968b377-0068ee0d3e" "proxy-server 20" 0.0015 "-" 22 0
Oct 14 08:43:42 np0005486729 container-server[123455]: 172.20.0.104 - - [14/Oct/2025:08:43:42 +0000] "PUT /d1/832/AUTH_f669ac1a1893421f91ae49881790edbc/gnocchi.b05dd831-9be5-43b0-8df9-491ea4d17321/1760400000.0_mean_300.0_v3" 201 - "PUT http://172.18.0.210:8080/d1/391/AUTH_f669ac1a1893421f91ae49881790edbc/gnocchi.b05dd831-9be5-43b0-8df9-491ea4d17321/1760400000.0_mean_300.0_v3" "txa164996f77c3496eb2277-0068ee0d3e" "object-server 24" 0.0005 "-" 22 0
Oct 14 08:43:42 np0005486729 object-server[123852]: 172.20.0.104 - - [14/Oct/2025:08:43:42 +0000] "PUT /d1/391/AUTH_f669ac1a1893421f91ae49881790edbc/gnocchi.b05dd831-9be5-43b0-8df9-491ea4d17321/1760400000.0_mean_300.0_v3" 201 - "PUT http://172.18.0.210:8080/v1/AUTH_f669ac1a1893421f91ae49881790edbc/gnocchi.b05dd831-9be5-43b0-8df9-491ea4d17321/1760400000.0_mean_300.0_v3" "txa164996f77c3496eb2277-0068ee0d3e" "proxy-server 12" 0.0118 "-" 24 0
Oct 14 08:43:42 np0005486729 proxy-server[125087]: 172.18.0.103 172.18.0.104 14/Oct/2025/08/43/42 PUT /v1/AUTH_f669ac1a1893421f91ae49881790edbc/gnocchi.b05dd831-9be5-43b0-8df9-491ea4d17321/1760400000.0_mean_300.0_v3 HTTP/1.0 201 - python-swiftclient-3.11.1 gAAAAABo7gvEzjD0... 24 - - txa164996f77c3496eb2277-0068ee0d3e - 0.0275 - - 1760431422.642321348 1760431422.669786453 0
Oct 14 08:43:42 np0005486729 object-server[123863]: 172.20.0.105 - - [14/Oct/2025:08:43:42 +0000] "PUT /d1/577/AUTH_f669ac1a1893421f91ae49881790edbc/gnocchi.80a29393-aaf6-4866-9158-2745c5b8ebac/1760400000.0_rate%3Amean_300.0_v3" 201 - "PUT http://172.18.0.210:8080/v1/AUTH_f669ac1a1893421f91ae49881790edbc/gnocchi.80a29393-aaf6-4866-9158-2745c5b8ebac/1760400000.0_rate%3Amean_300.0_v3" "txd0179e3d42b244f2aac84-0068ee0d3e" "proxy-server 20" 0.0134 "-" 25 0
Oct 14 08:43:42 np0005486729 container-server[123442]: 172.20.0.103 - - [14/Oct/2025:08:43:42 +0000] "GET /d1/354/AUTH_f669ac1a1893421f91ae49881790edbc/gnocchi.531a5307-750b-4f1b-88d2-2f987c72e8a3" 200 357 "GET http://172.18.0.210:8080/v1/AUTH_f669ac1a1893421f91ae49881790edbc/gnocchi.531a5307-750b-4f1b-88d2-2f987c72e8a3?format=json&states=listing" "tx2f726731a4c8444f86972-0068ee0d3e" "proxy-server 20" 0.0087 "-" 20 0
Oct 14 08:43:42 np0005486729 container-server[123441]: 172.20.0.103 - - [14/Oct/2025:08:43:42 +0000] "PUT /d1/452/AUTH_f669ac1a1893421f91ae49881790edbc/gnocchi.80a29393-aaf6-4866-9158-2745c5b8ebac/1760400000.0_rate%3Amean_300.0_v3" 201 - "PUT http://172.18.0.210:8080/d1/577/AUTH_f669ac1a1893421f91ae49881790edbc/gnocchi.80a29393-aaf6-4866-9158-2745c5b8ebac/1760400000.0_rate%3Amean_300.0_v3" "txd0179e3d42b244f2aac84-0068ee0d3e" "object-server 25" 0.0019 "-" 19 0
Oct 14 08:43:42 np0005486729 container-server[123465]: 172.20.0.105 - - [14/Oct/2025:08:43:42 +0000] "PUT /d1/832/AUTH_f669ac1a1893421f91ae49881790edbc/gnocchi.b05dd831-9be5-43b0-8df9-491ea4d17321/1760400000.0_rate%3Amean_300.0_v3" 201 - "PUT http://172.18.0.210:8080/d1/61/AUTH_f669ac1a1893421f91ae49881790edbc/gnocchi.b05dd831-9be5-43b0-8df9-491ea4d17321/1760400000.0_rate%3Amean_300.0_v3" "tx7fe23c7ea4ba416baa5fd-0068ee0d3e" "object-server 22" 0.0008 "-" 23 0
Oct 14 08:43:42 np0005486729 object-server[123840]: 172.20.0.104 - - [14/Oct/2025:08:43:42 +0000] "PUT /d1/61/AUTH_f669ac1a1893421f91ae49881790edbc/gnocchi.b05dd831-9be5-43b0-8df9-491ea4d17321/1760400000.0_rate%3Amean_300.0_v3" 201 - "PUT http://172.18.0.210:8080/v1/AUTH_f669ac1a1893421f91ae49881790edbc/gnocchi.b05dd831-9be5-43b0-8df9-491ea4d17321/1760400000.0_rate%3Amean_300.0_v3" "tx7fe23c7ea4ba416baa5fd-0068ee0d3e" "proxy-server 12" 0.0183 "-" 22 0
Oct 14 08:43:42 np0005486729 object-server[123863]: 172.20.0.103 - - [14/Oct/2025:08:43:42 +0000] "PUT /d1/566/AUTH_f669ac1a1893421f91ae49881790edbc/gnocchi.80a29393-aaf6-4866-9158-2745c5b8ebac/none_v3" 201 - "PUT http://172.18.0.210:8080/v1/AUTH_f669ac1a1893421f91ae49881790edbc/gnocchi.80a29393-aaf6-4866-9158-2745c5b8ebac/none_v3" "tx114b36d989ac4e29bf058-0068ee0d3e" "proxy-server 20" 0.0107 "-" 25 0
Oct 14 08:43:42 np0005486729 proxy-server[125087]: 172.18.0.103 172.18.0.104 14/Oct/2025/08/43/42 PUT /v1/AUTH_f669ac1a1893421f91ae49881790edbc/gnocchi.b05dd831-9be5-43b0-8df9-491ea4d17321/1760400000.0_rate%253Amean_300.0_v3 HTTP/1.0 201 - python-swiftclient-3.11.1 gAAAAABo7gvEzjD0... 16 - - tx7fe23c7ea4ba416baa5fd-0068ee0d3e - 0.0336 - - 1760431422.674817801 1760431422.708373308 0
Oct 14 08:43:42 np0005486729 container-server[123465]: 172.20.0.103 - - [14/Oct/2025:08:43:42 +0000] "PUT /d1/452/AUTH_f669ac1a1893421f91ae49881790edbc/gnocchi.80a29393-aaf6-4866-9158-2745c5b8ebac/none_v3" 201 - "PUT http://172.18.0.210:8080/d1/566/AUTH_f669ac1a1893421f91ae49881790edbc/gnocchi.80a29393-aaf6-4866-9158-2745c5b8ebac/none_v3" "tx114b36d989ac4e29bf058-0068ee0d3e" "object-server 25" 0.0009 "-" 23 0
Oct 14 08:43:42 np0005486729 object-server[123863]: 172.20.0.105 - - [14/Oct/2025:08:43:42 +0000] "GET /d1/576/AUTH_f669ac1a1893421f91ae49881790edbc/gnocchi.531a5307-750b-4f1b-88d2-2f987c72e8a3/1760400000.0_rate%3Amean_300.0_v3" 404 70 "GET http://172.18.0.210:8080/v1/AUTH_f669ac1a1893421f91ae49881790edbc/gnocchi.531a5307-750b-4f1b-88d2-2f987c72e8a3/1760400000.0_rate%3Amean_300.0_v3" "tx698e234b410e44ff85a0c-0068ee0d3e" "proxy-server 20" 0.0003 "-" 25 0
Oct 14 08:43:42 np0005486729 container-server[123441]: 172.20.0.103 - - [14/Oct/2025:08:43:42 +0000] "PUT /d1/832/AUTH_f669ac1a1893421f91ae49881790edbc/gnocchi.b05dd831-9be5-43b0-8df9-491ea4d17321/none_v3" 201 - "PUT http://172.18.0.210:8080/d1/383/AUTH_f669ac1a1893421f91ae49881790edbc/gnocchi.b05dd831-9be5-43b0-8df9-491ea4d17321/none_v3" "txdea8010edd5540b4894f5-0068ee0d3e" "object-server 22" 0.0007 "-" 19 0
Oct 14 08:43:42 np0005486729 object-server[123852]: 172.20.0.104 - - [14/Oct/2025:08:43:42 +0000] "PUT /d1/383/AUTH_f669ac1a1893421f91ae49881790edbc/gnocchi.b05dd831-9be5-43b0-8df9-491ea4d17321/none_v3" 201 - "PUT http://172.18.0.210:8080/v1/AUTH_f669ac1a1893421f91ae49881790edbc/gnocchi.b05dd831-9be5-43b0-8df9-491ea4d17321/none_v3" "txdea8010edd5540b4894f5-0068ee0d3e" "proxy-server 12" 0.0195 "-" 24 0
Oct 14 08:43:42 np0005486729 proxy-server[125087]: 172.18.0.103 172.18.0.104 14/Oct/2025/08/43/42 PUT /v1/AUTH_f669ac1a1893421f91ae49881790edbc/gnocchi.b05dd831-9be5-43b0-8df9-491ea4d17321/none_v3 HTTP/1.0 201 - python-swiftclient-3.11.1 gAAAAABo7gvEzjD0... 33 - - txdea8010edd5540b4894f5-0068ee0d3e - 0.0285 - - 1760431422.721855164 1760431422.750398874 0
Oct 14 08:43:42 np0005486729 container-server[123441]: 172.20.0.104 - - [14/Oct/2025:08:43:42 +0000] "PUT /d1/354/AUTH_f669ac1a1893421f91ae49881790edbc/gnocchi.531a5307-750b-4f1b-88d2-2f987c72e8a3/1760400000.0_rate%3Amean_300.0_v3" 201 - "PUT http://172.18.0.210:8080/d1/576/AUTH_f669ac1a1893421f91ae49881790edbc/gnocchi.531a5307-750b-4f1b-88d2-2f987c72e8a3/1760400000.0_rate%3Amean_300.0_v3" "txba9a15e16dcd4128a477b-0068ee0d3e" "object-server 24" 0.0005 "-" 19 0
Oct 14 08:43:42 np0005486729 object-server[123852]: 172.20.0.105 - - [14/Oct/2025:08:43:42 +0000] "PUT /d1/576/AUTH_f669ac1a1893421f91ae49881790edbc/gnocchi.531a5307-750b-4f1b-88d2-2f987c72e8a3/1760400000.0_rate%3Amean_300.0_v3" 201 - "PUT http://172.18.0.210:8080/v1/AUTH_f669ac1a1893421f91ae49881790edbc/gnocchi.531a5307-750b-4f1b-88d2-2f987c72e8a3/1760400000.0_rate%3Amean_300.0_v3" "txba9a15e16dcd4128a477b-0068ee0d3e" "proxy-server 20" 0.0131 "-" 24 0
Oct 14 08:43:42 np0005486729 proxy-server[125087]: 172.18.0.105 172.18.0.104 14/Oct/2025/08/43/42 GET /v1/AUTH_f669ac1a1893421f91ae49881790edbc/gnocchi.b05dd831-9be5-43b0-8df9-491ea4d17321/none_v3 HTTP/1.0 200 - python-swiftclient-3.11.1 gAAAAABo7gt_3y-i... - 33 - tx540660220ca747e7a75d2-0068ee0d3e - 0.0120 - - 1760431422.844522953 1760431422.856557846 0
Oct 14 08:43:42 np0005486729 container-server[123441]: 172.20.0.105 - - [14/Oct/2025:08:43:42 +0000] "PUT /d1/354/AUTH_f669ac1a1893421f91ae49881790edbc/gnocchi.531a5307-750b-4f1b-88d2-2f987c72e8a3/1760400000.0_mean_300.0_v3" 201 - "PUT http://172.18.0.210:8080/d1/766/AUTH_f669ac1a1893421f91ae49881790edbc/gnocchi.531a5307-750b-4f1b-88d2-2f987c72e8a3/1760400000.0_mean_300.0_v3" "txed0abcf24ad6476fb3de1-0068ee0d3e" "object-server 22" 0.0009 "-" 19 0
Oct 14 08:43:42 np0005486729 object-server[123863]: 172.20.0.103 - - [14/Oct/2025:08:43:42 +0000] "PUT /d1/766/AUTH_f669ac1a1893421f91ae49881790edbc/gnocchi.531a5307-750b-4f1b-88d2-2f987c72e8a3/1760400000.0_mean_300.0_v3" 201 - "PUT http://172.18.0.210:8080/v1/AUTH_f669ac1a1893421f91ae49881790edbc/gnocchi.531a5307-750b-4f1b-88d2-2f987c72e8a3/1760400000.0_mean_300.0_v3" "txed0abcf24ad6476fb3de1-0068ee0d3e" "proxy-server 20" 0.0145 "-" 25 0
Oct 14 08:43:42 np0005486729 container-server[123455]: 172.20.0.105 - - [14/Oct/2025:08:43:42 +0000] "PUT /d1/354/AUTH_f669ac1a1893421f91ae49881790edbc/gnocchi.531a5307-750b-4f1b-88d2-2f987c72e8a3/none_v3" 201 - "PUT http://172.18.0.210:8080/d1/944/AUTH_f669ac1a1893421f91ae49881790edbc/gnocchi.531a5307-750b-4f1b-88d2-2f987c72e8a3/none_v3" "txea8306959a434a0383b66-0068ee0d3e" "object-server 22" 0.0008 "-" 22 0
Oct 14 08:43:42 np0005486729 object-server[123852]: 172.20.0.104 - - [14/Oct/2025:08:43:42 +0000] "PUT /d1/944/AUTH_f669ac1a1893421f91ae49881790edbc/gnocchi.531a5307-750b-4f1b-88d2-2f987c72e8a3/none_v3" 201 - "PUT http://172.18.0.210:8080/v1/AUTH_f669ac1a1893421f91ae49881790edbc/gnocchi.531a5307-750b-4f1b-88d2-2f987c72e8a3/none_v3" "txea8306959a434a0383b66-0068ee0d3e" "proxy-server 12" 0.0117 "-" 24 0
Oct 14 08:43:42 np0005486729 proxy-server[125087]: 172.18.0.210 172.18.0.104 14/Oct/2025/08/43/42 PUT /v1/AUTH_f669ac1a1893421f91ae49881790edbc/gnocchi.531a5307-750b-4f1b-88d2-2f987c72e8a3/none_v3 HTTP/1.0 201 - python-swiftclient-3.11.1 gAAAAABo7gvE2klL... 32 - - txea8306959a434a0383b66-0068ee0d3e - 0.0209 - - 1760431422.871244192 1760431422.892160416 0
Oct 14 08:43:42 np0005486729 object-server[123847]: 172.20.0.104 - - [14/Oct/2025:08:43:42 +0000] "GET /d1/61/AUTH_f669ac1a1893421f91ae49881790edbc/gnocchi.b05dd831-9be5-43b0-8df9-491ea4d17321/1760400000.0_rate%3Amean_300.0_v3" 200 16 "GET http://172.18.0.210:8080/v1/AUTH_f669ac1a1893421f91ae49881790edbc/gnocchi.b05dd831-9be5-43b0-8df9-491ea4d17321/1760400000.0_rate%3Amean_300.0_v3" "tx26ae64be49cf48db904bf-0068ee0d3e" "proxy-server 12" 0.0012 "-" 23 0
Oct 14 08:43:42 np0005486729 proxy-server[125087]: 172.18.0.105 172.18.0.104 14/Oct/2025/08/43/42 GET /v1/AUTH_f669ac1a1893421f91ae49881790edbc/gnocchi.b05dd831-9be5-43b0-8df9-491ea4d17321/1760400000.0_rate%253Amean_300.0_v3 HTTP/1.0 200 - python-swiftclient-3.11.1 gAAAAABo7gt_3y-i... - 16 - tx26ae64be49cf48db904bf-0068ee0d3e - 0.0088 - - 1760431422.927898884 1760431422.936690331 0
Oct 14 08:43:42 np0005486729 container-server[123442]: 172.20.0.103 - - [14/Oct/2025:08:43:42 +0000] "PUT /d1/832/AUTH_f669ac1a1893421f91ae49881790edbc/gnocchi.b05dd831-9be5-43b0-8df9-491ea4d17321/1760400000.0_mean_300.0_v3" 201 - "PUT http://172.18.0.210:8080/d1/391/AUTH_f669ac1a1893421f91ae49881790edbc/gnocchi.b05dd831-9be5-43b0-8df9-491ea4d17321/1760400000.0_mean_300.0_v3" "tx497f92ce248f4af69febe-0068ee0d3e" "object-server 22" 0.0007 "-" 20 0
Oct 14 08:43:42 np0005486729 object-server[123852]: 172.20.0.103 - - [14/Oct/2025:08:43:42 +0000] "PUT /d1/391/AUTH_f669ac1a1893421f91ae49881790edbc/gnocchi.b05dd831-9be5-43b0-8df9-491ea4d17321/1760400000.0_mean_300.0_v3" 201 - "PUT http://172.18.0.210:8080/v1/AUTH_f669ac1a1893421f91ae49881790edbc/gnocchi.b05dd831-9be5-43b0-8df9-491ea4d17321/1760400000.0_mean_300.0_v3" "tx497f92ce248f4af69febe-0068ee0d3e" "proxy-server 20" 0.0119 "-" 24 0
Oct 14 08:43:42 np0005486729 container-server[123442]: 172.20.0.104 - - [14/Oct/2025:08:43:42 +0000] "HEAD /d1/592/AUTH_f669ac1a1893421f91ae49881790edbc/gnocchi.094c1382-2b7a-4a01-a658-af90040ec049" 204 - "HEAD http://172.18.0.210:8080/v1/AUTH_f669ac1a1893421f91ae49881790edbc/gnocchi.094c1382-2b7a-4a01-a658-af90040ec049?format=json&states=listing" "tx0919f399401b4d0f94946-0068ee0d3e" "proxy-server 12" 0.0021 "-" 20 0
Oct 14 08:43:42 np0005486729 proxy-server[125087]: 172.18.0.103 172.18.0.104 14/Oct/2025/08/43/42 GET /v1/AUTH_f669ac1a1893421f91ae49881790edbc/gnocchi.094c1382-2b7a-4a01-a658-af90040ec049/none_v3 HTTP/1.0 200 - python-swiftclient-3.11.1 gAAAAABo7gvEzjD0... - 22 - tx0919f399401b4d0f94946-0068ee0d3e - 0.0169 - - 1760431422.970031977 1760431422.986933231 0
Oct 14 08:43:42 np0005486729 container-server[123455]: 172.20.0.104 - - [14/Oct/2025:08:43:42 +0000] "PUT /d1/832/AUTH_f669ac1a1893421f91ae49881790edbc/gnocchi.b05dd831-9be5-43b0-8df9-491ea4d17321/1760400000.0_rate%3Amean_300.0_v3" 201 - "PUT http://172.18.0.210:8080/d1/61/AUTH_f669ac1a1893421f91ae49881790edbc/gnocchi.b05dd831-9be5-43b0-8df9-491ea4d17321/1760400000.0_rate%3Amean_300.0_v3" "tx577edff390fb49eb8a089-0068ee0d3e" "object-server 24" 0.0005 "-" 22 0
Oct 14 08:43:42 np0005486729 object-server[123852]: 172.20.0.105 - - [14/Oct/2025:08:43:42 +0000] "PUT /d1/61/AUTH_f669ac1a1893421f91ae49881790edbc/gnocchi.b05dd831-9be5-43b0-8df9-491ea4d17321/1760400000.0_rate%3Amean_300.0_v3" 201 - "PUT http://172.18.0.210:8080/v1/AUTH_f669ac1a1893421f91ae49881790edbc/gnocchi.b05dd831-9be5-43b0-8df9-491ea4d17321/1760400000.0_rate%3Amean_300.0_v3" "tx577edff390fb49eb8a089-0068ee0d3e" "proxy-server 20" 0.0099 "-" 24 0
Oct 14 08:43:43 np0005486729 object-server[123847]: 172.20.0.104 - - [14/Oct/2025:08:43:43 +0000] "PUT /d1/383/AUTH_f669ac1a1893421f91ae49881790edbc/gnocchi.b05dd831-9be5-43b0-8df9-491ea4d17321/none_v3" 201 - "PUT http://172.18.0.210:8080/v1/AUTH_f669ac1a1893421f91ae49881790edbc/gnocchi.b05dd831-9be5-43b0-8df9-491ea4d17321/none_v3" "tx800490069c2b4f7ca5c1a-0068ee0d3f" "proxy-server 12" 0.0099 "-" 23 0
Oct 14 08:43:43 np0005486729 container-server[123442]: 172.20.0.105 - - [14/Oct/2025:08:43:43 +0000] "PUT /d1/832/AUTH_f669ac1a1893421f91ae49881790edbc/gnocchi.b05dd831-9be5-43b0-8df9-491ea4d17321/none_v3" 201 - "PUT http://172.18.0.210:8080/d1/383/AUTH_f669ac1a1893421f91ae49881790edbc/gnocchi.b05dd831-9be5-43b0-8df9-491ea4d17321/none_v3" "tx800490069c2b4f7ca5c1a-0068ee0d3f" "object-server 25" 0.0006 "-" 20 0
Oct 14 08:43:43 np0005486729 proxy-server[125087]: 172.18.0.105 172.18.0.104 14/Oct/2025/08/43/43 PUT /v1/AUTH_f669ac1a1893421f91ae49881790edbc/gnocchi.b05dd831-9be5-43b0-8df9-491ea4d17321/none_v3 HTTP/1.0 201 - python-swiftclient-3.11.1 gAAAAABo7gt_3y-i... 33 - - tx800490069c2b4f7ca5c1a-0068ee0d3f - 0.0201 - - 1760431423.000697851 1760431423.020751953 0
Oct 14 08:43:43 np0005486729 container-server[123442]: 172.20.0.105 - - [14/Oct/2025:08:43:43 +0000] "GET /d1/592/AUTH_f669ac1a1893421f91ae49881790edbc/gnocchi.094c1382-2b7a-4a01-a658-af90040ec049" 200 2 "GET http://172.18.0.210:8080/v1/AUTH_f669ac1a1893421f91ae49881790edbc/gnocchi.094c1382-2b7a-4a01-a658-af90040ec049?format=json&marker=none_v3&states=listing" "txa371677ff4144a3c8065c-0068ee0d3f" "proxy-server 20" 0.0033 "-" 20 0
Oct 14 08:43:43 np0005486729 object-server[123840]: 172.20.0.103 - - [14/Oct/2025:08:43:43 +0000] "GET /d1/282/AUTH_f669ac1a1893421f91ae49881790edbc/gnocchi.094c1382-2b7a-4a01-a658-af90040ec049/1760400000.0_mean_300.0_v3" 200 16 "GET http://172.18.0.210:8080/v1/AUTH_f669ac1a1893421f91ae49881790edbc/gnocchi.094c1382-2b7a-4a01-a658-af90040ec049/1760400000.0_mean_300.0_v3" "tx14b23918304f4552a0bfb-0068ee0d3f" "proxy-server 20" 0.0008 "-" 22 0
Oct 14 08:43:43 np0005486729 object-server[123847]: 172.20.0.104 - - [14/Oct/2025:08:43:43 +0000] "GET /d1/5/AUTH_f669ac1a1893421f91ae49881790edbc/gnocchi.094c1382-2b7a-4a01-a658-af90040ec049/1760400000.0_rate%3Amean_300.0_v3" 404 70 "GET http://172.18.0.210:8080/v1/AUTH_f669ac1a1893421f91ae49881790edbc/gnocchi.094c1382-2b7a-4a01-a658-af90040ec049/1760400000.0_rate%3Amean_300.0_v3" "tx2a096828c5fc4e83b7b27-0068ee0d3f" "proxy-server 12" 0.0005 "-" 23 0
Oct 14 08:43:43 np0005486729 proxy-server[125087]: 172.18.0.103 172.18.0.104 14/Oct/2025/08/43/43 GET /v1/AUTH_f669ac1a1893421f91ae49881790edbc/gnocchi.094c1382-2b7a-4a01-a658-af90040ec049/1760400000.0_rate%253Amean_300.0_v3 HTTP/1.0 404 - python-swiftclient-3.11.1 gAAAAABo7gvEzjD0... - 70 - tx2a096828c5fc4e83b7b27-0068ee0d3f - 0.0175 - - 1760431423.059256315 1760431423.076748610 0
Oct 14 08:43:43 np0005486729 object-server[123863]: 172.20.0.105 - - [14/Oct/2025:08:43:43 +0000] "PUT /d1/282/AUTH_f669ac1a1893421f91ae49881790edbc/gnocchi.094c1382-2b7a-4a01-a658-af90040ec049/1760400000.0_mean_300.0_v3" 201 - "PUT http://172.18.0.210:8080/v1/AUTH_f669ac1a1893421f91ae49881790edbc/gnocchi.094c1382-2b7a-4a01-a658-af90040ec049/1760400000.0_mean_300.0_v3" "txc95d4b64020c4e9faf0ec-0068ee0d3f" "proxy-server 20" 0.0115 "-" 25 0
Oct 14 08:43:43 np0005486729 container-server[123455]: 172.20.0.103 - - [14/Oct/2025:08:43:43 +0000] "PUT /d1/592/AUTH_f669ac1a1893421f91ae49881790edbc/gnocchi.094c1382-2b7a-4a01-a658-af90040ec049/1760400000.0_mean_300.0_v3" 201 - "PUT http://172.18.0.210:8080/d1/282/AUTH_f669ac1a1893421f91ae49881790edbc/gnocchi.094c1382-2b7a-4a01-a658-af90040ec049/1760400000.0_mean_300.0_v3" "txc95d4b64020c4e9faf0ec-0068ee0d3f" "object-server 23" 0.0009 "-" 22 0
Oct 14 08:43:43 np0005486729 container-server[123442]: 172.20.0.105 - - [14/Oct/2025:08:43:43 +0000] "GET /d1/601/AUTH_f669ac1a1893421f91ae49881790edbc/gnocchi.3c663d64-5a76-48d9-8930-a064864de360" 200 357 "GET http://172.18.0.210:8080/v1/AUTH_f669ac1a1893421f91ae49881790edbc/gnocchi.3c663d64-5a76-48d9-8930-a064864de360?format=json&states=listing" "txe3f512dd11c74000bf33a-0068ee0d3f" "proxy-server 20" 0.0039 "-" 20 0
Oct 14 08:43:43 np0005486729 container-server[123442]: 172.20.0.104 - - [14/Oct/2025:08:43:43 +0000] "PUT /d1/592/AUTH_f669ac1a1893421f91ae49881790edbc/gnocchi.094c1382-2b7a-4a01-a658-af90040ec049/1760400000.0_rate%3Amean_300.0_v3" 201 - "PUT http://172.18.0.210:8080/d1/5/AUTH_f669ac1a1893421f91ae49881790edbc/gnocchi.094c1382-2b7a-4a01-a658-af90040ec049/1760400000.0_rate%3Amean_300.0_v3" "tx1a12485398e34fb287609-0068ee0d3f" "object-server 24" 0.0006 "-" 20 0
Oct 14 08:43:43 np0005486729 object-server[123852]: 172.20.0.104 - - [14/Oct/2025:08:43:43 +0000] "PUT /d1/5/AUTH_f669ac1a1893421f91ae49881790edbc/gnocchi.094c1382-2b7a-4a01-a658-af90040ec049/1760400000.0_rate%3Amean_300.0_v3" 201 - "PUT http://172.18.0.210:8080/v1/AUTH_f669ac1a1893421f91ae49881790edbc/gnocchi.094c1382-2b7a-4a01-a658-af90040ec049/1760400000.0_rate%3Amean_300.0_v3" "tx1a12485398e34fb287609-0068ee0d3f" "proxy-server 12" 0.0193 "-" 24 0
Oct 14 08:43:43 np0005486729 proxy-server[125087]: 172.18.0.103 172.18.0.104 14/Oct/2025/08/43/43 PUT /v1/AUTH_f669ac1a1893421f91ae49881790edbc/gnocchi.094c1382-2b7a-4a01-a658-af90040ec049/1760400000.0_rate%253Amean_300.0_v3 HTTP/1.0 201 - python-swiftclient-3.11.1 gAAAAABo7gvEzjD0... 16 - - tx1a12485398e34fb287609-0068ee0d3f - 0.0279 - - 1760431423.117818356 1760431423.145758629 0
Oct 14 08:43:43 np0005486729 container-server[123441]: 172.20.0.103 - - [14/Oct/2025:08:43:43 +0000] "GET /d1/601/AUTH_f669ac1a1893421f91ae49881790edbc/gnocchi.3c663d64-5a76-48d9-8930-a064864de360" 200 2 "GET http://172.18.0.210:8080/v1/AUTH_f669ac1a1893421f91ae49881790edbc/gnocchi.3c663d64-5a76-48d9-8930-a064864de360?format=json&marker=none_v3&states=listing" "txdffe3b7f906c43548c090-0068ee0d3f" "proxy-server 20" 0.0037 "-" 19 0
Oct 14 08:43:43 np0005486729 container-server[123455]: 172.20.0.105 - - [14/Oct/2025:08:43:43 +0000] "PUT /d1/592/AUTH_f669ac1a1893421f91ae49881790edbc/gnocchi.094c1382-2b7a-4a01-a658-af90040ec049/none_v3" 201 - "PUT http://172.18.0.210:8080/d1/1009/AUTH_f669ac1a1893421f91ae49881790edbc/gnocchi.094c1382-2b7a-4a01-a658-af90040ec049/none_v3" "tx9affc918060e4de4bf5ea-0068ee0d3f" "object-server 25" 0.0011 "-" 22 0
Oct 14 08:43:43 np0005486729 object-server[123863]: 172.20.0.105 - - [14/Oct/2025:08:43:43 +0000] "PUT /d1/1009/AUTH_f669ac1a1893421f91ae49881790edbc/gnocchi.094c1382-2b7a-4a01-a658-af90040ec049/none_v3" 201 - "PUT http://172.18.0.210:8080/v1/AUTH_f669ac1a1893421f91ae49881790edbc/gnocchi.094c1382-2b7a-4a01-a658-af90040ec049/none_v3" "tx9affc918060e4de4bf5ea-0068ee0d3f" "proxy-server 20" 0.0119 "-" 25 0
Oct 14 08:43:43 np0005486729 object-server[123852]: 172.20.0.104 - - [14/Oct/2025:08:43:43 +0000] "GET /d1/66/AUTH_f669ac1a1893421f91ae49881790edbc/gnocchi.3c663d64-5a76-48d9-8930-a064864de360/1760400000.0_rate%3Amean_300.0_v3" 404 70 "GET http://172.18.0.210:8080/v1/AUTH_f669ac1a1893421f91ae49881790edbc/gnocchi.3c663d64-5a76-48d9-8930-a064864de360/1760400000.0_rate%3Amean_300.0_v3" "tx5a67b36273bf4140b7219-0068ee0d3f" "proxy-server 12" 0.0005 "-" 24 0
Oct 14 08:43:43 np0005486729 proxy-server[125087]: 172.18.0.210 172.18.0.104 14/Oct/2025/08/43/43 GET /v1/AUTH_f669ac1a1893421f91ae49881790edbc/gnocchi.3c663d64-5a76-48d9-8930-a064864de360/1760400000.0_rate%253Amean_300.0_v3 HTTP/1.0 404 - python-swiftclient-3.11.1 gAAAAABo7gvE2klL... - 70 - tx5a67b36273bf4140b7219-0068ee0d3f - 0.0140 - - 1760431423.164944887 1760431423.178978920 0
Oct 14 08:43:43 np0005486729 container-server[123465]: 172.20.0.104 - - [14/Oct/2025:08:43:43 +0000] "PUT /d1/601/AUTH_f669ac1a1893421f91ae49881790edbc/gnocchi.3c663d64-5a76-48d9-8930-a064864de360/1760400000.0_rate%3Amean_300.0_v3" 201 - "PUT http://172.18.0.210:8080/d1/66/AUTH_f669ac1a1893421f91ae49881790edbc/gnocchi.3c663d64-5a76-48d9-8930-a064864de360/1760400000.0_rate%3Amean_300.0_v3" "txbe14ba9492c24f57a5791-0068ee0d3f" "object-server 22" 0.0010 "-" 23 0
Oct 14 08:43:43 np0005486729 object-server[123840]: 172.20.0.105 - - [14/Oct/2025:08:43:43 +0000] "PUT /d1/66/AUTH_f669ac1a1893421f91ae49881790edbc/gnocchi.3c663d64-5a76-48d9-8930-a064864de360/1760400000.0_rate%3Amean_300.0_v3" 201 - "PUT http://172.18.0.210:8080/v1/AUTH_f669ac1a1893421f91ae49881790edbc/gnocchi.3c663d64-5a76-48d9-8930-a064864de360/1760400000.0_rate%3Amean_300.0_v3" "txbe14ba9492c24f57a5791-0068ee0d3f" "proxy-server 20" 0.0165 "-" 22 0
Oct 14 08:43:43 np0005486729 container-server[123441]: 172.20.0.103 - - [14/Oct/2025:08:43:43 +0000] "PUT /d1/601/AUTH_f669ac1a1893421f91ae49881790edbc/gnocchi.3c663d64-5a76-48d9-8930-a064864de360/1760400000.0_mean_300.0_v3" 201 - "PUT http://172.18.0.210:8080/d1/183/AUTH_f669ac1a1893421f91ae49881790edbc/gnocchi.3c663d64-5a76-48d9-8930-a064864de360/1760400000.0_mean_300.0_v3" "tx9d43a339f079480abfd0a-0068ee0d3f" "object-server 24" 0.0008 "-" 19 0
Oct 14 08:43:43 np0005486729 object-server[123840]: 172.20.0.104 - - [14/Oct/2025:08:43:43 +0000] "PUT /d1/183/AUTH_f669ac1a1893421f91ae49881790edbc/gnocchi.3c663d64-5a76-48d9-8930-a064864de360/1760400000.0_mean_300.0_v3" 201 - "PUT http://172.18.0.210:8080/v1/AUTH_f669ac1a1893421f91ae49881790edbc/gnocchi.3c663d64-5a76-48d9-8930-a064864de360/1760400000.0_mean_300.0_v3" "tx9d43a339f079480abfd0a-0068ee0d3f" "proxy-server 12" 0.0146 "-" 22 0
Oct 14 08:43:43 np0005486729 proxy-server[125087]: 172.18.0.210 172.18.0.104 14/Oct/2025/08/43/43 PUT /v1/AUTH_f669ac1a1893421f91ae49881790edbc/gnocchi.3c663d64-5a76-48d9-8930-a064864de360/1760400000.0_mean_300.0_v3 HTTP/1.0 201 - python-swiftclient-3.11.1 gAAAAABo7gvE2klL... 27 - - tx9d43a339f079480abfd0a-0068ee0d3f - 0.0294 - - 1760431423.236141205 1760431423.265519857 0
Oct 14 08:43:43 np0005486729 container-server[123442]: 172.20.0.103 - - [14/Oct/2025:08:43:43 +0000] "HEAD /d1/940/AUTH_f669ac1a1893421f91ae49881790edbc/gnocchi.07cadbe8-64ab-4b14-bb73-93d1c248666c" 204 - "HEAD http://172.18.0.210:8080/v1/AUTH_f669ac1a1893421f91ae49881790edbc/gnocchi.07cadbe8-64ab-4b14-bb73-93d1c248666c?format=json&states=listing" "tx12b1212fc9e34e2db5089-0068ee0d3f" "proxy-server 20" 0.0027 "-" 20 0
Oct 14 08:43:43 np0005486729 container-server[123455]: 172.20.0.105 - - [14/Oct/2025:08:43:43 +0000] "PUT /d1/601/AUTH_f669ac1a1893421f91ae49881790edbc/gnocchi.3c663d64-5a76-48d9-8930-a064864de360/none_v3" 201 - "PUT http://172.18.0.210:8080/d1/378/AUTH_f669ac1a1893421f91ae49881790edbc/gnocchi.3c663d64-5a76-48d9-8930-a064864de360/none_v3" "tx6a62c66adc714f79b67aa-0068ee0d3f" "object-server 24" 0.0009 "-" 22 0
Oct 14 08:43:43 np0005486729 object-server[123847]: 172.20.0.105 - - [14/Oct/2025:08:43:43 +0000] "PUT /d1/378/AUTH_f669ac1a1893421f91ae49881790edbc/gnocchi.3c663d64-5a76-48d9-8930-a064864de360/none_v3" 201 - "PUT http://172.18.0.210:8080/v1/AUTH_f669ac1a1893421f91ae49881790edbc/gnocchi.3c663d64-5a76-48d9-8930-a064864de360/none_v3" "tx6a62c66adc714f79b67aa-0068ee0d3f" "proxy-server 20" 0.0178 "-" 23 0
Oct 14 08:43:43 np0005486729 container-server[123455]: 172.20.0.104 - - [14/Oct/2025:08:43:43 +0000] "GET /d1/940/AUTH_f669ac1a1893421f91ae49881790edbc/gnocchi.07cadbe8-64ab-4b14-bb73-93d1c248666c" 200 357 "GET http://172.18.0.210:8080/v1/AUTH_f669ac1a1893421f91ae49881790edbc/gnocchi.07cadbe8-64ab-4b14-bb73-93d1c248666c?format=json&states=listing" "tx01ad868459fb409c84c2b-0068ee0d3f" "proxy-server 12" 0.0045 "-" 22 0
Oct 14 08:43:43 np0005486729 proxy-server[125087]: 172.18.0.105 172.18.0.104 14/Oct/2025/08/43/43 GET /v1/AUTH_f669ac1a1893421f91ae49881790edbc/gnocchi.07cadbe8-64ab-4b14-bb73-93d1c248666c%3Fformat%3Djson%26states%3Dlisting HTTP/1.0 200 - python-swiftclient-3.11.1 gAAAAABo7gt_3y-i... - 357 - tx01ad868459fb409c84c2b-0068ee0d3f - 0.0195 - - 1760431423.286891937 1760431423.306345224 0
Oct 14 08:43:43 np0005486729 object-server[123852]: 172.20.0.105 - - [14/Oct/2025:08:43:43 +0000] "GET /d1/375/AUTH_f669ac1a1893421f91ae49881790edbc/gnocchi.07cadbe8-64ab-4b14-bb73-93d1c248666c/1760400000.0_mean_300.0_v3" 200 16 "GET http://172.18.0.210:8080/v1/AUTH_f669ac1a1893421f91ae49881790edbc/gnocchi.07cadbe8-64ab-4b14-bb73-93d1c248666c/1760400000.0_mean_300.0_v3" "tx68180608b91c4053bf791-0068ee0d3f" "proxy-server 20" 0.0012 "-" 24 0
Oct 14 08:43:43 np0005486729 object-server[123847]: 172.20.0.104 - - [14/Oct/2025:08:43:43 +0000] "GET /d1/840/AUTH_f669ac1a1893421f91ae49881790edbc/gnocchi.07cadbe8-64ab-4b14-bb73-93d1c248666c/1760400000.0_rate%3Amean_300.0_v3" 404 70 "GET http://172.18.0.210:8080/v1/AUTH_f669ac1a1893421f91ae49881790edbc/gnocchi.07cadbe8-64ab-4b14-bb73-93d1c248666c/1760400000.0_rate%3Amean_300.0_v3" "tx6b8a6a204a7f455f9b85f-0068ee0d3f" "proxy-server 12" 0.0006 "-" 23 0
Oct 14 08:43:43 np0005486729 proxy-server[125087]: 172.18.0.105 172.18.0.104 14/Oct/2025/08/43/43 GET /v1/AUTH_f669ac1a1893421f91ae49881790edbc/gnocchi.07cadbe8-64ab-4b14-bb73-93d1c248666c/1760400000.0_rate%253Amean_300.0_v3 HTTP/1.0 404 - python-swiftclient-3.11.1 gAAAAABo7gt_3y-i... - 70 - tx6b8a6a204a7f455f9b85f-0068ee0d3f - 0.0216 - - 1760431423.348770380 1760431423.370404005 0
Oct 14 08:43:43 np0005486729 container-server[123465]: 172.20.0.105 - - [14/Oct/2025:08:43:43 +0000] "PUT /d1/940/AUTH_f669ac1a1893421f91ae49881790edbc/gnocchi.07cadbe8-64ab-4b14-bb73-93d1c248666c/1760400000.0_mean_300.0_v3" 201 - "PUT http://172.18.0.210:8080/d1/375/AUTH_f669ac1a1893421f91ae49881790edbc/gnocchi.07cadbe8-64ab-4b14-bb73-93d1c248666c/1760400000.0_mean_300.0_v3" "txc4b87ecd9a2d4a00af3c1-0068ee0d3f" "object-server 22" 0.0008 "-" 23 0
Oct 14 08:43:43 np0005486729 object-server[123863]: 172.20.0.103 - - [14/Oct/2025:08:43:43 +0000] "PUT /d1/375/AUTH_f669ac1a1893421f91ae49881790edbc/gnocchi.07cadbe8-64ab-4b14-bb73-93d1c248666c/1760400000.0_mean_300.0_v3" 201 - "PUT http://172.18.0.210:8080/v1/AUTH_f669ac1a1893421f91ae49881790edbc/gnocchi.07cadbe8-64ab-4b14-bb73-93d1c248666c/1760400000.0_mean_300.0_v3" "txc4b87ecd9a2d4a00af3c1-0068ee0d3f" "proxy-server 20" 0.0124 "-" 25 0
Oct 14 08:43:43 np0005486729 container-server[123455]: 172.20.0.105 - - [14/Oct/2025:08:43:43 +0000] "PUT /d1/940/AUTH_f669ac1a1893421f91ae49881790edbc/gnocchi.07cadbe8-64ab-4b14-bb73-93d1c248666c/1760400000.0_rate%3Amean_300.0_v3" 201 - "PUT http://172.18.0.210:8080/d1/840/AUTH_f669ac1a1893421f91ae49881790edbc/gnocchi.07cadbe8-64ab-4b14-bb73-93d1c248666c/1760400000.0_rate%3Amean_300.0_v3" "tx590c7dc7ddec4041aca98-0068ee0d3f" "object-server 23" 0.0007 "-" 22 0
Oct 14 08:43:43 np0005486729 object-server[123840]: 172.20.0.105 - - [14/Oct/2025:08:43:43 +0000] "PUT /d1/840/AUTH_f669ac1a1893421f91ae49881790edbc/gnocchi.07cadbe8-64ab-4b14-bb73-93d1c248666c/1760400000.0_rate%3Amean_300.0_v3" 201 - "PUT http://172.18.0.210:8080/v1/AUTH_f669ac1a1893421f91ae49881790edbc/gnocchi.07cadbe8-64ab-4b14-bb73-93d1c248666c/1760400000.0_rate%3Amean_300.0_v3" "tx590c7dc7ddec4041aca98-0068ee0d3f" "proxy-server 20" 0.0117 "-" 22 0
Oct 14 08:43:43 np0005486729 container-server[123442]: 172.20.0.105 - - [14/Oct/2025:08:43:43 +0000] "PUT /d1/940/AUTH_f669ac1a1893421f91ae49881790edbc/gnocchi.07cadbe8-64ab-4b14-bb73-93d1c248666c/none_v3" 201 - "PUT http://172.18.0.210:8080/d1/714/AUTH_f669ac1a1893421f91ae49881790edbc/gnocchi.07cadbe8-64ab-4b14-bb73-93d1c248666c/none_v3" "txd6b5ef34b3c7411594f75-0068ee0d3f" "object-server 25" 0.0009 "-" 20 0
Oct 14 08:43:43 np0005486729 object-server[123840]: 172.20.0.104 - - [14/Oct/2025:08:43:43 +0000] "PUT /d1/714/AUTH_f669ac1a1893421f91ae49881790edbc/gnocchi.07cadbe8-64ab-4b14-bb73-93d1c248666c/none_v3" 201 - "PUT http://172.18.0.210:8080/v1/AUTH_f669ac1a1893421f91ae49881790edbc/gnocchi.07cadbe8-64ab-4b14-bb73-93d1c248666c/none_v3" "txd6b5ef34b3c7411594f75-0068ee0d3f" "proxy-server 12" 0.0131 "-" 22 0
Oct 14 08:43:43 np0005486729 proxy-server[125087]: 172.18.0.105 172.18.0.104 14/Oct/2025/08/43/43 PUT /v1/AUTH_f669ac1a1893421f91ae49881790edbc/gnocchi.07cadbe8-64ab-4b14-bb73-93d1c248666c/none_v3 HTTP/1.0 201 - python-swiftclient-3.11.1 gAAAAABo7gt_3y-i... 32 - - txd6b5ef34b3c7411594f75-0068ee0d3f - 0.0230 - - 1760431423.428324699 1760431423.451362848 0
Oct 14 08:43:43 np0005486729 object-server[123598]: Starting object replication pass.
Oct 14 08:43:44 np0005486729 account-server[122697]: Beginning replication run
Oct 14 08:43:44 np0005486729 account-server[122697]: Replication run OVER
Oct 14 08:43:44 np0005486729 account-server[122697]: Attempted to replicate 1 dbs in 0.01741 seconds (57.45431/s)
Oct 14 08:43:44 np0005486729 account-server[122697]: Removed 0 dbs
Oct 14 08:43:44 np0005486729 account-server[122697]: 2 successes, 0 failures
Oct 14 08:43:44 np0005486729 account-server[122697]: diff:0 diff_capped:0 empty:0 hashmatch:0 no_change:2 remote_merge:0 rsync:0 ts_repl:0
Oct 14 08:43:45 np0005486729 object-server[123598]: 55/55 (100.00%) partitions replicated in 1.80s (30.64/sec, 0s remaining)
Oct 14 08:43:45 np0005486729 object-server[123598]: 110 successes, 0 failures
Oct 14 08:43:45 np0005486729 object-server[123598]: 57 suffixes checked - 71.93% hashed, 0.00% synced
Oct 14 08:43:45 np0005486729 object-server[123598]: Partition times: max 0.1111s, min 0.0077s, med 0.0327s
Oct 14 08:43:45 np0005486729 object-server[123598]: Object replication complete. (0.03 minutes)
Oct 14 08:43:45 np0005486729 account-server[123320]: 172.20.0.105 - - [14/Oct/2025:08:43:45 +0000] "HEAD /d1/509/.expiring_objects" 404 - "HEAD http://localhost/v1/.expiring_objects?format=json" "tx3d1452cba6544e1b84779-0068ee0d41" "proxy-server 2" 0.0011 "-" 22 -
Oct 14 08:43:51 np0005486729 object-server[250800]: Begin object audit "forever" mode (ZBF)
Oct 14 08:43:51 np0005486729 object-server[250800]: Object audit (ZBF). Since Tue Oct 14 08:43:51 2025: Locally: 1 passed, 0 quarantined, 0 errors, files/sec: 561.19, bytes/sec: 0.00, Total time: 0.00, Auditing time: 0.00, Rate: 0.00
Oct 14 08:43:52 np0005486729 object-server[250800]: Object audit (ZBF) "forever" mode completed: 1.12s. Total quarantined: 0, Total errors: 0, Total files/sec: 50.75, Total bytes/sec: 0.00, Auditing time: 1.11, Rate: 0.99
Oct 14 08:44:08 np0005486729 container-server[122958]: Beginning replication run
Oct 14 08:44:09 np0005486729 container-server[122958]: Replication run OVER
Oct 14 08:44:09 np0005486729 container-server[122958]: Attempted to replicate 22 dbs in 0.52288 seconds (42.07448/s)
Oct 14 08:44:09 np0005486729 container-server[122958]: Removed 0 dbs
Oct 14 08:44:09 np0005486729 container-server[122958]: 44 successes, 0 failures
Oct 14 08:44:09 np0005486729 container-server[122958]: diff:0 diff_capped:0 empty:0 hashmatch:0 no_change:44 remote_merge:0 rsync:0 ts_repl:0
Oct 14 08:44:14 np0005486729 account-server[122697]: Beginning replication run
Oct 14 08:44:14 np0005486729 account-server[122697]: Replication run OVER
Oct 14 08:44:14 np0005486729 account-server[122697]: Attempted to replicate 1 dbs in 0.01743 seconds (57.35611/s)
Oct 14 08:44:14 np0005486729 account-server[122697]: Removed 0 dbs
Oct 14 08:44:14 np0005486729 account-server[122697]: 2 successes, 0 failures
Oct 14 08:44:14 np0005486729 account-server[122697]: diff:0 diff_capped:0 empty:0 hashmatch:0 no_change:2 remote_merge:0 rsync:0 ts_repl:0
Oct 14 08:44:15 np0005486729 object-server[123598]: Starting object replication pass.
Oct 14 08:44:15 np0005486729 object-server[123598]: 55/55 (100.00%) partitions replicated in 0.51s (107.67/sec, 0s remaining)
Oct 14 08:44:15 np0005486729 object-server[123598]: 110 successes, 0 failures
Oct 14 08:44:15 np0005486729 object-server[123598]: 57 suffixes checked - 0.00% hashed, 0.00% synced
Oct 14 08:44:15 np0005486729 object-server[123598]: Partition times: max 0.0207s, min 0.0052s, med 0.0082s
Oct 14 08:44:15 np0005486729 object-server[123598]: Object replication complete. (0.01 minutes)
Oct 14 08:44:22 np0005486729 object-server[256817]: Begin object audit "forever" mode (ZBF)
Oct 14 08:44:22 np0005486729 object-server[256817]: Object audit (ZBF). Since Tue Oct 14 08:44:22 2025: Locally: 1 passed, 0 quarantined, 0 errors, files/sec: 1199.40, bytes/sec: 0.00, Total time: 0.00, Auditing time: 0.00, Rate: 0.00
Oct 14 08:44:22 np0005486729 object-server[256818]: Begin object audit "forever" mode (ALL)
Oct 14 08:44:22 np0005486729 object-server[256818]: Object audit (ALL). Since Tue Oct 14 08:44:22 2025: Locally: 1 passed, 0 quarantined, 0 errors, files/sec: 128.68, bytes/sec: 2058.87, Total time: 0.01, Auditing time: 0.00, Rate: 0.00
Oct 14 08:44:23 np0005486729 object-server[256817]: Object audit (ZBF) "forever" mode completed: 1.12s. Total quarantined: 0, Total errors: 0, Total files/sec: 50.79, Total bytes/sec: 0.00, Auditing time: 1.11, Rate: 0.99
Oct 14 08:44:25 np0005486729 object-server[256818]: Object audit (ALL) "forever" mode completed: 2.81s. Total quarantined: 0, Total errors: 0, Total files/sec: 20.29, Total bytes/sec: 470.28, Auditing time: 2.79, Rate: 0.99
Oct 14 08:44:38 np0005486729 container-server[122958]: Beginning replication run
Oct 14 08:44:39 np0005486729 container-server[122958]: Replication run OVER
Oct 14 08:44:39 np0005486729 container-server[122958]: Attempted to replicate 22 dbs in 0.43482 seconds (50.59614/s)
Oct 14 08:44:39 np0005486729 container-server[122958]: Removed 0 dbs
Oct 14 08:44:39 np0005486729 container-server[122958]: 44 successes, 0 failures
