Oct 14 08:38:41 np0005486729 proxy-server[125087]: 172.18.0.105 172.18.0.104 14/Oct/2025/08/38/41 GET /v1/AUTH_f669ac1a1893421f91ae49881790edbc/gnocchi.e93d1c21-3fa5-49dd-a2bd-5470398e3040/none_v3 HTTP/1.0 404 - python-swiftclient-3.11.1 gAAAAABo7gt_3y-i... - 70 - txaca52575e06e474e8b0c8-0068ee0c11 - 0.0303 - - 1760431121.967542171 1760431121.997834444 0
Oct 14 08:38:42 np0005486729 container-server[123455]: 172.20.0.103 - - [14/Oct/2025:08:38:42 +0000] "HEAD /d1/395/AUTH_f669ac1a1893421f91ae49881790edbc/gnocchi.8523de43-f34f-4455-b233-6e1be63252f0" 204 - "HEAD http://172.18.0.210:8080/v1/AUTH_f669ac1a1893421f91ae49881790edbc/gnocchi.8523de43-f34f-4455-b233-6e1be63252f0?format=json&states=listing" "tx58427c4bfbb04570a42fe-0068ee0c11" "proxy-server 20" 0.0036 "-" 22 0
Oct 14 08:38:42 np0005486729 container-server[123455]: 172.20.0.105 - - [14/Oct/2025:08:38:42 +0000] "PUT /d1/832/AUTH_f669ac1a1893421f91ae49881790edbc/gnocchi.b05dd831-9be5-43b0-8df9-491ea4d17321/none_v3" 201 - "PUT http://172.18.0.210:8080/d1/383/AUTH_f669ac1a1893421f91ae49881790edbc/gnocchi.b05dd831-9be5-43b0-8df9-491ea4d17321/none_v3" "txd091b75746b2402a84da3-0068ee0c11" "object-server 24" 0.0007 "-" 22 0
Oct 14 08:38:42 np0005486729 object-server[123852]: 172.20.0.105 - - [14/Oct/2025:08:38:42 +0000] "PUT /d1/383/AUTH_f669ac1a1893421f91ae49881790edbc/gnocchi.b05dd831-9be5-43b0-8df9-491ea4d17321/none_v3" 201 - "PUT http://172.18.0.210:8080/v1/AUTH_f669ac1a1893421f91ae49881790edbc/gnocchi.b05dd831-9be5-43b0-8df9-491ea4d17321/none_v3" "txd091b75746b2402a84da3-0068ee0c11" "proxy-server 20" 0.0133 "-" 24 0
Oct 14 08:38:42 np0005486729 container-server[123442]: 172.20.0.103 - - [14/Oct/2025:08:38:42 +0000] "GET /d1/395/AUTH_f669ac1a1893421f91ae49881790edbc/gnocchi.8523de43-f34f-4455-b233-6e1be63252f0" 200 2 "GET http://172.18.0.210:8080/v1/AUTH_f669ac1a1893421f91ae49881790edbc/gnocchi.8523de43-f34f-4455-b233-6e1be63252f0?format=json&states=listing" "tx58427c4bfbb04570a42fe-0068ee0c11" "proxy-server 20" 0.0035 "-" 20 0
Oct 14 08:38:42 np0005486729 account-server[123296]: 172.20.0.103 - - [14/Oct/2025:08:38:42 +0000] "PUT /d1/338/AUTH_f669ac1a1893421f91ae49881790edbc/gnocchi.e93d1c21-3fa5-49dd-a2bd-5470398e3040" 201 - "PUT http://172.20.0.103:6001/d1/779/AUTH_f669ac1a1893421f91ae49881790edbc/gnocchi.e93d1c21-3fa5-49dd-a2bd-5470398e3040" "txa3e72ce5f4254fb8b47bd-0068ee0c12" "container-server 22" 0.0068 "-" 21 0
Oct 14 08:38:42 np0005486729 container-server[123441]: 172.20.0.103 - - [14/Oct/2025:08:38:42 +0000] "HEAD /d1/601/AUTH_f669ac1a1893421f91ae49881790edbc/gnocchi.3c663d64-5a76-48d9-8930-a064864de360" 404 - "HEAD http://172.18.0.210:8080/v1/AUTH_f669ac1a1893421f91ae49881790edbc/gnocchi.3c663d64-5a76-48d9-8930-a064864de360?format=json&states=listing" "txb912e42ad0804f0cba197-0068ee0c12" "proxy-server 20" 0.0006 "-" 19 0
Oct 14 08:38:42 np0005486729 object-server[123852]: 172.20.0.105 - - [14/Oct/2025:08:38:42 +0000] "GET /d1/124/AUTH_f669ac1a1893421f91ae49881790edbc/gnocchi.605cc867-1f40-454d-b7a4-248a43e34d70/1760400000.0_mean_300.0_v3" 404 70 "GET http://172.18.0.210:8080/v1/AUTH_f669ac1a1893421f91ae49881790edbc/gnocchi.605cc867-1f40-454d-b7a4-248a43e34d70/1760400000.0_mean_300.0_v3" "tx5be2560fe9964d9bb3e31-0068ee0c12" "proxy-server 20" 0.0005 "-" 24 0
Oct 14 08:38:42 np0005486729 container-server[123442]: 172.20.0.104 - - [14/Oct/2025:08:38:42 +0000] "PUT /d1/779/AUTH_f669ac1a1893421f91ae49881790edbc/gnocchi.e93d1c21-3fa5-49dd-a2bd-5470398e3040" 201 - "PUT http://172.18.0.210:8080/v1/AUTH_f669ac1a1893421f91ae49881790edbc/gnocchi.e93d1c21-3fa5-49dd-a2bd-5470398e3040" "txa3e72ce5f4254fb8b47bd-0068ee0c12" "proxy-server 12" 0.0221 "-" 20 0
Oct 14 08:38:42 np0005486729 proxy-server[125087]: 172.18.0.105 172.18.0.104 14/Oct/2025/08/38/42 PUT /v1/AUTH_f669ac1a1893421f91ae49881790edbc/gnocchi.e93d1c21-3fa5-49dd-a2bd-5470398e3040 HTTP/1.0 201 - python-swiftclient-3.11.1 gAAAAABo7gt_3y-i... - - - txa3e72ce5f4254fb8b47bd-0068ee0c12 - 0.0366 - - 1760431122.003307581 1760431122.039891005 0
Oct 14 08:38:42 np0005486729 object-server[123863]: 172.20.0.103 - - [14/Oct/2025:08:38:42 +0000] "GET /d1/378/AUTH_f669ac1a1893421f91ae49881790edbc/gnocchi.3c663d64-5a76-48d9-8930-a064864de360/none_v3" 404 70 "GET http://172.18.0.210:8080/v1/AUTH_f669ac1a1893421f91ae49881790edbc/gnocchi.3c663d64-5a76-48d9-8930-a064864de360/none_v3" "txb912e42ad0804f0cba197-0068ee0c12" "proxy-server 20" 0.0005 "-" 25 0
Oct 14 08:38:42 np0005486729 object-server[123840]: 172.20.0.105 - - [14/Oct/2025:08:38:42 +0000] "GET /d1/424/AUTH_f669ac1a1893421f91ae49881790edbc/gnocchi.8523de43-f34f-4455-b233-6e1be63252f0/1760400000.0_mean_300.0_v3" 404 70 "GET http://172.18.0.210:8080/v1/AUTH_f669ac1a1893421f91ae49881790edbc/gnocchi.8523de43-f34f-4455-b233-6e1be63252f0/1760400000.0_mean_300.0_v3" "txf93247c5c41d478f92799-0068ee0c12" "proxy-server 20" 0.0007 "-" 22 0
Oct 14 08:38:42 np0005486729 proxy-server[125087]: - - 14/Oct/2025/08/38/42 HEAD /v1/AUTH_f669ac1a1893421f91ae49881790edbc/gnocchi.e93d1c21-3fa5-49dd-a2bd-5470398e3040%3Fformat%3Djson%26states%3Dlisting HTTP/1.0 204 - Swift - - - - tx88cedcdf2e6c420ab5da4-0068ee0c12 - 0.0083 RL - 1760431122.048115492 1760431122.056390762 0
Oct 14 08:38:42 np0005486729 proxy-server[125087]: 172.18.0.105 172.18.0.104 14/Oct/2025/08/38/42 GET /v1/AUTH_f669ac1a1893421f91ae49881790edbc/gnocchi.e93d1c21-3fa5-49dd-a2bd-5470398e3040%3Fformat%3Djson%26states%3Dlisting HTTP/1.0 200 - python-swiftclient-3.11.1 gAAAAABo7gt_3y-i... - 2 - tx88cedcdf2e6c420ab5da4-0068ee0c12 - 0.0261 - - 1760431122.045653582 1760431122.071734190 0
Oct 14 08:38:42 np0005486729 object-server[220767]: Begin object audit "forever" mode (ZBF)
Oct 14 08:38:42 np0005486729 object-server[123847]: 172.20.0.104 - - [14/Oct/2025:08:38:42 +0000] "GET /d1/41/AUTH_f669ac1a1893421f91ae49881790edbc/gnocchi.e93d1c21-3fa5-49dd-a2bd-5470398e3040/1760400000.0_mean_300.0_v3" 404 70 "GET http://172.18.0.210:8080/v1/AUTH_f669ac1a1893421f91ae49881790edbc/gnocchi.e93d1c21-3fa5-49dd-a2bd-5470398e3040/1760400000.0_mean_300.0_v3" "tx383756d5c8cc4d12ad081-0068ee0c12" "proxy-server 12" 0.0006 "-" 23 0
Oct 14 08:38:42 np0005486729 container-server[123455]: 172.20.0.105 - - [14/Oct/2025:08:38:42 +0000] "PUT /d1/625/AUTH_f669ac1a1893421f91ae49881790edbc/gnocchi.605cc867-1f40-454d-b7a4-248a43e34d70/1760400000.0_mean_300.0_v3" 201 - "PUT http://172.18.0.210:8080/d1/124/AUTH_f669ac1a1893421f91ae49881790edbc/gnocchi.605cc867-1f40-454d-b7a4-248a43e34d70/1760400000.0_mean_300.0_v3" "tx3bbec0c7d7984517bb7b1-0068ee0c12" "object-server 23" 0.0012 "-" 22 0
Oct 14 08:38:42 np0005486729 account-server[123296]: 172.20.0.104 - - [14/Oct/2025:08:38:42 +0000] "PUT /d1/338/AUTH_f669ac1a1893421f91ae49881790edbc/gnocchi.3c663d64-5a76-48d9-8930-a064864de360" 201 - "PUT http://172.20.0.104:6001/d1/601/AUTH_f669ac1a1893421f91ae49881790edbc/gnocchi.3c663d64-5a76-48d9-8930-a064864de360" "txcb7d42cf6a30434d8d6f4-0068ee0c12" "container-server 20" 0.0188 "-" 21 0
Oct 14 08:38:42 np0005486729 object-server[220767]: Object audit (ZBF). Since Tue Oct 14 08:38:42 2025: Locally: 1 passed, 0 quarantined, 0 errors, files/sec: 266.24, bytes/sec: 0.00, Total time: 0.00, Auditing time: 0.00, Rate: 0.00
Oct 14 08:38:42 np0005486729 container-server[123442]: 172.20.0.103 - - [14/Oct/2025:08:38:42 +0000] "PUT /d1/601/AUTH_f669ac1a1893421f91ae49881790edbc/gnocchi.3c663d64-5a76-48d9-8930-a064864de360" 201 - "PUT http://172.18.0.210:8080/v1/AUTH_f669ac1a1893421f91ae49881790edbc/gnocchi.3c663d64-5a76-48d9-8930-a064864de360" "txcb7d42cf6a30434d8d6f4-0068ee0c12" "proxy-server 20" 0.0370 "-" 20 0
Oct 14 08:38:42 np0005486729 proxy-server[125087]: 172.18.0.105 172.18.0.104 14/Oct/2025/08/38/42 GET /v1/AUTH_f669ac1a1893421f91ae49881790edbc/gnocchi.e93d1c21-3fa5-49dd-a2bd-5470398e3040/1760400000.0_mean_300.0_v3 HTTP/1.0 404 - python-swiftclient-3.11.1 gAAAAABo7gt_3y-i... - 70 - tx383756d5c8cc4d12ad081-0068ee0c12 - 0.0251 - - 1760431122.078106642 1760431122.103205204 0
Oct 14 08:38:42 np0005486729 object-server[123863]: 172.20.0.105 - - [14/Oct/2025:08:38:42 +0000] "PUT /d1/124/AUTH_f669ac1a1893421f91ae49881790edbc/gnocchi.605cc867-1f40-454d-b7a4-248a43e34d70/1760400000.0_mean_300.0_v3" 201 - "PUT http://172.18.0.210:8080/v1/AUTH_f669ac1a1893421f91ae49881790edbc/gnocchi.605cc867-1f40-454d-b7a4-248a43e34d70/1760400000.0_mean_300.0_v3" "tx3bbec0c7d7984517bb7b1-0068ee0c12" "proxy-server 20" 0.0291 "-" 25 0
Oct 14 08:38:42 np0005486729 object-server[123863]: 172.20.0.104 - - [14/Oct/2025:08:38:42 +0000] "PUT /d1/41/AUTH_f669ac1a1893421f91ae49881790edbc/gnocchi.e93d1c21-3fa5-49dd-a2bd-5470398e3040/1760400000.0_mean_300.0_v3" 201 - "PUT http://172.18.0.210:8080/v1/AUTH_f669ac1a1893421f91ae49881790edbc/gnocchi.e93d1c21-3fa5-49dd-a2bd-5470398e3040/1760400000.0_mean_300.0_v3" "tx0caa7d665c664b64925f4-0068ee0c12" "proxy-server 12" 0.0235 "-" 25 0
Oct 14 08:38:42 np0005486729 container-server[123455]: 172.20.0.103 - - [14/Oct/2025:08:38:42 +0000] "PUT /d1/779/AUTH_f669ac1a1893421f91ae49881790edbc/gnocchi.e93d1c21-3fa5-49dd-a2bd-5470398e3040/1760400000.0_mean_300.0_v3" 201 - "PUT http://172.18.0.210:8080/d1/41/AUTH_f669ac1a1893421f91ae49881790edbc/gnocchi.e93d1c21-3fa5-49dd-a2bd-5470398e3040/1760400000.0_mean_300.0_v3" "tx0caa7d665c664b64925f4-0068ee0c12" "object-server 25" 0.0007 "-" 22 0
Oct 14 08:38:42 np0005486729 container-server[123465]: 172.20.0.103 - - [14/Oct/2025:08:38:42 +0000] "PUT /d1/395/AUTH_f669ac1a1893421f91ae49881790edbc/gnocchi.8523de43-f34f-4455-b233-6e1be63252f0/1760400000.0_mean_300.0_v3" 201 - "PUT http://172.18.0.210:8080/d1/424/AUTH_f669ac1a1893421f91ae49881790edbc/gnocchi.8523de43-f34f-4455-b233-6e1be63252f0/1760400000.0_mean_300.0_v3" "tx55b63a44e6cd49e7a6ded-0068ee0c12" "object-server 23" 0.0013 "-" 23 0
Oct 14 08:38:42 np0005486729 object-server[123852]: 172.20.0.105 - - [14/Oct/2025:08:38:42 +0000] "PUT /d1/424/AUTH_f669ac1a1893421f91ae49881790edbc/gnocchi.8523de43-f34f-4455-b233-6e1be63252f0/1760400000.0_mean_300.0_v3" 201 - "PUT http://172.18.0.210:8080/v1/AUTH_f669ac1a1893421f91ae49881790edbc/gnocchi.8523de43-f34f-4455-b233-6e1be63252f0/1760400000.0_mean_300.0_v3" "tx55b63a44e6cd49e7a6ded-0068ee0c12" "proxy-server 20" 0.0218 "-" 24 0
Oct 14 08:38:42 np0005486729 proxy-server[125087]: 172.18.0.105 172.18.0.104 14/Oct/2025/08/38/42 PUT /v1/AUTH_f669ac1a1893421f91ae49881790edbc/gnocchi.e93d1c21-3fa5-49dd-a2bd-5470398e3040/1760400000.0_mean_300.0_v3 HTTP/1.0 201 - python-swiftclient-3.11.1 gAAAAABo7gt_3y-i... 16 - - tx0caa7d665c664b64925f4-0068ee0c12 - 0.0414 - - 1760431122.107981920 1760431122.149413347 0
Oct 14 08:38:42 np0005486729 object-server[123852]: 172.20.0.103 - - [14/Oct/2025:08:38:42 +0000] "GET /d1/183/AUTH_f669ac1a1893421f91ae49881790edbc/gnocchi.3c663d64-5a76-48d9-8930-a064864de360/1760400000.0_mean_300.0_v3" 404 70 "GET http://172.18.0.210:8080/v1/AUTH_f669ac1a1893421f91ae49881790edbc/gnocchi.3c663d64-5a76-48d9-8930-a064864de360/1760400000.0_mean_300.0_v3" "tx5bee03d5ea1e4323b4a15-0068ee0c12" "proxy-server 20" 0.0005 "-" 24 0
Oct 14 08:38:42 np0005486729 container-server[123465]: 172.20.0.104 - - [14/Oct/2025:08:38:42 +0000] "PUT /d1/625/AUTH_f669ac1a1893421f91ae49881790edbc/gnocchi.605cc867-1f40-454d-b7a4-248a43e34d70/none_v3" 201 - "PUT http://172.18.0.210:8080/d1/56/AUTH_f669ac1a1893421f91ae49881790edbc/gnocchi.605cc867-1f40-454d-b7a4-248a43e34d70/none_v3" "tx539d8321028e4ef19a9ca-0068ee0c12" "object-server 23" 0.0013 "-" 23 0
Oct 14 08:38:42 np0005486729 object-server[123847]: 172.20.0.105 - - [14/Oct/2025:08:38:42 +0000] "PUT /d1/56/AUTH_f669ac1a1893421f91ae49881790edbc/gnocchi.605cc867-1f40-454d-b7a4-248a43e34d70/none_v3" 201 - "PUT http://172.18.0.210:8080/v1/AUTH_f669ac1a1893421f91ae49881790edbc/gnocchi.605cc867-1f40-454d-b7a4-248a43e34d70/none_v3" "tx539d8321028e4ef19a9ca-0068ee0c12" "proxy-server 20" 0.0141 "-" 23 0
Oct 14 08:38:42 np0005486729 container-server[123442]: 172.20.0.104 - - [14/Oct/2025:08:38:42 +0000] "PUT /d1/779/AUTH_f669ac1a1893421f91ae49881790edbc/gnocchi.e93d1c21-3fa5-49dd-a2bd-5470398e3040/none_v3" 201 - "PUT http://172.18.0.210:8080/d1/984/AUTH_f669ac1a1893421f91ae49881790edbc/gnocchi.e93d1c21-3fa5-49dd-a2bd-5470398e3040/none_v3" "txf0ccc6e10a8f421084d56-0068ee0c12" "object-server 24" 0.0009 "-" 20 0
Oct 14 08:38:42 np0005486729 object-server[123852]: 172.20.0.104 - - [14/Oct/2025:08:38:42 +0000] "PUT /d1/984/AUTH_f669ac1a1893421f91ae49881790edbc/gnocchi.e93d1c21-3fa5-49dd-a2bd-5470398e3040/none_v3" 201 - "PUT http://172.18.0.210:8080/v1/AUTH_f669ac1a1893421f91ae49881790edbc/gnocchi.e93d1c21-3fa5-49dd-a2bd-5470398e3040/none_v3" "txf0ccc6e10a8f421084d56-0068ee0c12" "proxy-server 12" 0.0144 "-" 24 0
Oct 14 08:38:42 np0005486729 proxy-server[125087]: 172.18.0.105 172.18.0.104 14/Oct/2025/08/38/42 PUT /v1/AUTH_f669ac1a1893421f91ae49881790edbc/gnocchi.e93d1c21-3fa5-49dd-a2bd-5470398e3040/none_v3 HTTP/1.0 201 - python-swiftclient-3.11.1 gAAAAABo7gt_3y-i... 22 - - txf0ccc6e10a8f421084d56-0068ee0c12 - 0.0245 - - 1760431122.153896093 1760431122.178392649 0
Oct 14 08:38:42 np0005486729 container-server[123455]: 172.20.0.103 - - [14/Oct/2025:08:38:42 +0000] "PUT /d1/601/AUTH_f669ac1a1893421f91ae49881790edbc/gnocchi.3c663d64-5a76-48d9-8930-a064864de360/1760400000.0_mean_300.0_v3" 201 - "PUT http://172.18.0.210:8080/d1/183/AUTH_f669ac1a1893421f91ae49881790edbc/gnocchi.3c663d64-5a76-48d9-8930-a064864de360/1760400000.0_mean_300.0_v3" "tx44bc92fc3b014fa0a4299-0068ee0c12" "object-server 22" 0.0008 "-" 22 0
Oct 14 08:38:42 np0005486729 object-server[123847]: 172.20.0.103 - - [14/Oct/2025:08:38:42 +0000] "PUT /d1/183/AUTH_f669ac1a1893421f91ae49881790edbc/gnocchi.3c663d64-5a76-48d9-8930-a064864de360/1760400000.0_mean_300.0_v3" 201 - "PUT http://172.18.0.210:8080/v1/AUTH_f669ac1a1893421f91ae49881790edbc/gnocchi.3c663d64-5a76-48d9-8930-a064864de360/1760400000.0_mean_300.0_v3" "tx44bc92fc3b014fa0a4299-0068ee0c12" "proxy-server 20" 0.0148 "-" 23 0
Oct 14 08:38:42 np0005486729 container-server[123465]: 172.20.0.104 - - [14/Oct/2025:08:38:42 +0000] "PUT /d1/395/AUTH_f669ac1a1893421f91ae49881790edbc/gnocchi.8523de43-f34f-4455-b233-6e1be63252f0/none_v3" 201 - "PUT http://172.18.0.210:8080/d1/486/AUTH_f669ac1a1893421f91ae49881790edbc/gnocchi.8523de43-f34f-4455-b233-6e1be63252f0/none_v3" "tx04fbe9d238cc423f99573-0068ee0c12" "object-server 22" 0.0007 "-" 23 0
Oct 14 08:38:42 np0005486729 object-server[123840]: 172.20.0.105 - - [14/Oct/2025:08:38:42 +0000] "PUT /d1/486/AUTH_f669ac1a1893421f91ae49881790edbc/gnocchi.8523de43-f34f-4455-b233-6e1be63252f0/none_v3" 201 - "PUT http://172.18.0.210:8080/v1/AUTH_f669ac1a1893421f91ae49881790edbc/gnocchi.8523de43-f34f-4455-b233-6e1be63252f0/none_v3" "tx04fbe9d238cc423f99573-0068ee0c12" "proxy-server 20" 0.0124 "-" 22 0
Oct 14 08:38:42 np0005486729 container-server[123465]: 172.20.0.104 - - [14/Oct/2025:08:38:42 +0000] "HEAD /d1/754/AUTH_f669ac1a1893421f91ae49881790edbc/gnocchi.ba25d233-571b-47d4-8734-21969167c813" 404 - "HEAD http://172.18.0.210:8080/v1/AUTH_f669ac1a1893421f91ae49881790edbc/gnocchi.ba25d233-571b-47d4-8734-21969167c813?format=json&states=listing" "tx9e66e1d4c0c04e4190479-0068ee0c12" "proxy-server 12" 0.0005 "-" 23 0
Oct 14 08:38:42 np0005486729 object-server[123840]: 172.20.0.104 - - [14/Oct/2025:08:38:42 +0000] "GET /d1/702/AUTH_f669ac1a1893421f91ae49881790edbc/gnocchi.ba25d233-571b-47d4-8734-21969167c813/none_v3" 404 70 "GET http://172.18.0.210:8080/v1/AUTH_f669ac1a1893421f91ae49881790edbc/gnocchi.ba25d233-571b-47d4-8734-21969167c813/none_v3" "tx9e66e1d4c0c04e4190479-0068ee0c12" "proxy-server 12" 0.0003 "-" 22 0
Oct 14 08:38:42 np0005486729 proxy-server[125087]: 172.18.0.105 172.18.0.104 14/Oct/2025/08/38/42 GET /v1/AUTH_f669ac1a1893421f91ae49881790edbc/gnocchi.ba25d233-571b-47d4-8734-21969167c813/none_v3 HTTP/1.0 404 - python-swiftclient-3.11.1 gAAAAABo7gt_3y-i... - 70 - tx9e66e1d4c0c04e4190479-0068ee0c12 - 0.0240 - - 1760431122.195613384 1760431122.219658852 0
Oct 14 08:38:42 np0005486729 container-server[123442]: 172.20.0.105 - - [14/Oct/2025:08:38:42 +0000] "PUT /d1/601/AUTH_f669ac1a1893421f91ae49881790edbc/gnocchi.3c663d64-5a76-48d9-8930-a064864de360/none_v3" 201 - "PUT http://172.18.0.210:8080/d1/378/AUTH_f669ac1a1893421f91ae49881790edbc/gnocchi.3c663d64-5a76-48d9-8930-a064864de360/none_v3" "txcd368a955d454bd599163-0068ee0c12" "object-server 22" 0.0007 "-" 20 0
Oct 14 08:38:42 np0005486729 object-server[123847]: 172.20.0.103 - - [14/Oct/2025:08:38:42 +0000] "PUT /d1/378/AUTH_f669ac1a1893421f91ae49881790edbc/gnocchi.3c663d64-5a76-48d9-8930-a064864de360/none_v3" 201 - "PUT http://172.18.0.210:8080/v1/AUTH_f669ac1a1893421f91ae49881790edbc/gnocchi.3c663d64-5a76-48d9-8930-a064864de360/none_v3" "txcd368a955d454bd599163-0068ee0c12" "proxy-server 20" 0.0142 "-" 23 0
Oct 14 08:38:42 np0005486729 container-server[123441]: 172.20.0.104 - - [14/Oct/2025:08:38:42 +0000] "HEAD /d1/940/AUTH_f669ac1a1893421f91ae49881790edbc/gnocchi.07cadbe8-64ab-4b14-bb73-93d1c248666c" 404 - "HEAD http://172.18.0.210:8080/v1/AUTH_f669ac1a1893421f91ae49881790edbc/gnocchi.07cadbe8-64ab-4b14-bb73-93d1c248666c?format=json&states=listing" "tx412d6563bf854718a232b-0068ee0c12" "proxy-server 12" 0.0005 "-" 19 0
Oct 14 08:38:42 np0005486729 account-server[123331]: 172.20.0.103 - - [14/Oct/2025:08:38:42 +0000] "PUT /d1/338/AUTH_f669ac1a1893421f91ae49881790edbc/gnocchi.ba25d233-571b-47d4-8734-21969167c813" 201 - "PUT http://172.20.0.103:6001/d1/754/AUTH_f669ac1a1893421f91ae49881790edbc/gnocchi.ba25d233-571b-47d4-8734-21969167c813" "tx531e51320b564c23a992a-0068ee0c12" "container-server 22" 0.0050 "-" 23 0
Oct 14 08:38:42 np0005486729 container-server[123441]: 172.20.0.105 - - [14/Oct/2025:08:38:42 +0000] "PUT /d1/754/AUTH_f669ac1a1893421f91ae49881790edbc/gnocchi.ba25d233-571b-47d4-8734-21969167c813" 201 - "PUT http://172.18.0.210:8080/v1/AUTH_f669ac1a1893421f91ae49881790edbc/gnocchi.ba25d233-571b-47d4-8734-21969167c813" "tx531e51320b564c23a992a-0068ee0c12" "proxy-server 20" 0.0226 "-" 19 0
Oct 14 08:38:42 np0005486729 container-server[123455]: 172.20.0.103 - - [14/Oct/2025:08:38:42 +0000] "HEAD /d1/452/AUTH_f669ac1a1893421f91ae49881790edbc/gnocchi.80a29393-aaf6-4866-9158-2745c5b8ebac" 404 - "HEAD http://172.18.0.210:8080/v1/AUTH_f669ac1a1893421f91ae49881790edbc/gnocchi.80a29393-aaf6-4866-9158-2745c5b8ebac?format=json&states=listing" "tx68fb48043d7f4868b0cad-0068ee0c12" "proxy-server 20" 0.0005 "-" 22 0
Oct 14 08:38:42 np0005486729 object-server[123840]: 172.20.0.104 - - [14/Oct/2025:08:38:42 +0000] "GET /d1/714/AUTH_f669ac1a1893421f91ae49881790edbc/gnocchi.07cadbe8-64ab-4b14-bb73-93d1c248666c/none_v3" 404 70 "GET http://172.18.0.210:8080/v1/AUTH_f669ac1a1893421f91ae49881790edbc/gnocchi.07cadbe8-64ab-4b14-bb73-93d1c248666c/none_v3" "tx412d6563bf854718a232b-0068ee0c12" "proxy-server 12" 0.0006 "-" 22 0
Oct 14 08:38:42 np0005486729 proxy-server[125087]: 172.18.0.210 172.18.0.104 14/Oct/2025/08/38/42 GET /v1/AUTH_f669ac1a1893421f91ae49881790edbc/gnocchi.07cadbe8-64ab-4b14-bb73-93d1c248666c/none_v3 HTTP/1.0 404 - python-swiftclient-3.11.1 gAAAAABo7gvE2klL... - 70 - tx412d6563bf854718a232b-0068ee0c12 - 0.0439 - - 1760431122.224894762 1760431122.268823385 0
Oct 14 08:38:42 np0005486729 object-server[123840]: 172.20.0.103 - - [14/Oct/2025:08:38:42 +0000] "GET /d1/566/AUTH_f669ac1a1893421f91ae49881790edbc/gnocchi.80a29393-aaf6-4866-9158-2745c5b8ebac/none_v3" 404 70 "GET http://172.18.0.210:8080/v1/AUTH_f669ac1a1893421f91ae49881790edbc/gnocchi.80a29393-aaf6-4866-9158-2745c5b8ebac/none_v3" "tx68fb48043d7f4868b0cad-0068ee0c12" "proxy-server 20" 0.0003 "-" 22 0
Oct 14 08:38:42 np0005486729 container-server[123465]: 172.20.0.104 - - [14/Oct/2025:08:38:42 +0000] "PUT /d1/940/AUTH_f669ac1a1893421f91ae49881790edbc/gnocchi.07cadbe8-64ab-4b14-bb73-93d1c248666c" 201 - "PUT http://172.18.0.210:8080/v1/AUTH_f669ac1a1893421f91ae49881790edbc/gnocchi.07cadbe8-64ab-4b14-bb73-93d1c248666c" "tx81295275e4d74cde8c614-0068ee0c12" "proxy-server 12" 0.0230 "-" 23 0
Oct 14 08:38:42 np0005486729 container-server[123441]: 172.20.0.103 - - [14/Oct/2025:08:38:42 +0000] "PUT /d1/452/AUTH_f669ac1a1893421f91ae49881790edbc/gnocchi.80a29393-aaf6-4866-9158-2745c5b8ebac" 201 - "PUT http://172.18.0.210:8080/v1/AUTH_f669ac1a1893421f91ae49881790edbc/gnocchi.80a29393-aaf6-4866-9158-2745c5b8ebac" "tx38c3dd41f52e46f8aed00-0068ee0c12" "proxy-server 20" 0.0186 "-" 19 0
Oct 14 08:38:42 np0005486729 object-server[123852]: 172.20.0.105 - - [14/Oct/2025:08:38:42 +0000] "GET /d1/370/AUTH_f669ac1a1893421f91ae49881790edbc/gnocchi.ba25d233-571b-47d4-8734-21969167c813/1760400000.0_mean_300.0_v3" 404 70 "GET http://172.18.0.210:8080/v1/AUTH_f669ac1a1893421f91ae49881790edbc/gnocchi.ba25d233-571b-47d4-8734-21969167c813/1760400000.0_mean_300.0_v3" "txce7549c6a65848bea3130-0068ee0c12" "proxy-server 20" 0.0004 "-" 24 0
Oct 14 08:38:42 np0005486729 account-server[123331]: 172.20.0.105 - - [14/Oct/2025:08:38:42 +0000] "PUT /d1/338/AUTH_f669ac1a1893421f91ae49881790edbc/gnocchi.80a29393-aaf6-4866-9158-2745c5b8ebac" 201 - "PUT http://172.20.0.105:6001/d1/452/AUTH_f669ac1a1893421f91ae49881790edbc/gnocchi.80a29393-aaf6-4866-9158-2745c5b8ebac" "tx38c3dd41f52e46f8aed00-0068ee0c12" "container-server 23" 0.0059 "-" 23 0
Oct 14 08:38:42 np0005486729 account-server[123296]: 172.20.0.105 - - [14/Oct/2025:08:38:42 +0000] "PUT /d1/338/AUTH_f669ac1a1893421f91ae49881790edbc/gnocchi.07cadbe8-64ab-4b14-bb73-93d1c248666c" 201 - "PUT http://172.20.0.105:6001/d1/940/AUTH_f669ac1a1893421f91ae49881790edbc/gnocchi.07cadbe8-64ab-4b14-bb73-93d1c248666c" "tx81295275e4d74cde8c614-0068ee0c12" "container-server 23" 0.0167 "-" 21 0
Oct 14 08:38:42 np0005486729 proxy-server[125087]: 172.18.0.210 172.18.0.104 14/Oct/2025/08/38/42 PUT /v1/AUTH_f669ac1a1893421f91ae49881790edbc/gnocchi.07cadbe8-64ab-4b14-bb73-93d1c248666c HTTP/1.0 201 - python-swiftclient-3.11.1 gAAAAABo7gvE2klL... - - - tx81295275e4d74cde8c614-0068ee0c12 - 0.0538 - - 1760431122.273986816 1760431122.327833414 0
Oct 14 08:38:42 np0005486729 proxy-server[125087]: - - 14/Oct/2025/08/38/42 HEAD /v1/AUTH_f669ac1a1893421f91ae49881790edbc/gnocchi.07cadbe8-64ab-4b14-bb73-93d1c248666c%3Fformat%3Djson%26states%3Dlisting HTTP/1.0 204 - Swift - - - - tx1b926c9f2e984d23a797f-0068ee0c12 - 0.0060 RL - 1760431122.334575415 1760431122.340586185 0
Oct 14 08:38:42 np0005486729 container-server[123441]: 172.20.0.104 - - [14/Oct/2025:08:38:42 +0000] "PUT /d1/754/AUTH_f669ac1a1893421f91ae49881790edbc/gnocchi.ba25d233-571b-47d4-8734-21969167c813/1760400000.0_mean_300.0_v3" 201 - "PUT http://172.18.0.210:8080/d1/370/AUTH_f669ac1a1893421f91ae49881790edbc/gnocchi.ba25d233-571b-47d4-8734-21969167c813/1760400000.0_mean_300.0_v3" "txa5117a20c8f346d7a66ef-0068ee0c12" "object-server 25" 0.0013 "-" 19 0
Oct 14 08:38:42 np0005486729 object-server[123863]: 172.20.0.105 - - [14/Oct/2025:08:38:42 +0000] "PUT /d1/370/AUTH_f669ac1a1893421f91ae49881790edbc/gnocchi.ba25d233-571b-47d4-8734-21969167c813/1760400000.0_mean_300.0_v3" 201 - "PUT http://172.18.0.210:8080/v1/AUTH_f669ac1a1893421f91ae49881790edbc/gnocchi.ba25d233-571b-47d4-8734-21969167c813/1760400000.0_mean_300.0_v3" "txa5117a20c8f346d7a66ef-0068ee0c12" "proxy-server 20" 0.0123 "-" 25 0
Oct 14 08:38:42 np0005486729 object-server[123863]: 172.20.0.103 - - [14/Oct/2025:08:38:42 +0000] "GET /d1/705/AUTH_f669ac1a1893421f91ae49881790edbc/gnocchi.80a29393-aaf6-4866-9158-2745c5b8ebac/1760400000.0_mean_300.0_v3" 404 70 "GET http://172.18.0.210:8080/v1/AUTH_f669ac1a1893421f91ae49881790edbc/gnocchi.80a29393-aaf6-4866-9158-2745c5b8ebac/1760400000.0_mean_300.0_v3" "tx2f0ae9de50644ba187cef-0068ee0c12" "proxy-server 20" 0.0003 "-" 25 0
Oct 14 08:38:42 np0005486729 proxy-server[125087]: 172.18.0.210 172.18.0.104 14/Oct/2025/08/38/42 GET /v1/AUTH_f669ac1a1893421f91ae49881790edbc/gnocchi.07cadbe8-64ab-4b14-bb73-93d1c248666c%3Fformat%3Djson%26states%3Dlisting HTTP/1.0 200 - python-swiftclient-3.11.1 gAAAAABo7gvE2klL... - 2 - tx1b926c9f2e984d23a797f-0068ee0c12 - 0.0188 - - 1760431122.332660198 1760431122.351411819 0
Oct 14 08:38:42 np0005486729 object-server[123863]: 172.20.0.104 - - [14/Oct/2025:08:38:42 +0000] "GET /d1/375/AUTH_f669ac1a1893421f91ae49881790edbc/gnocchi.07cadbe8-64ab-4b14-bb73-93d1c248666c/1760400000.0_mean_300.0_v3" 404 70 "GET http://172.18.0.210:8080/v1/AUTH_f669ac1a1893421f91ae49881790edbc/gnocchi.07cadbe8-64ab-4b14-bb73-93d1c248666c/1760400000.0_mean_300.0_v3" "tx2cd95dc90a544128aeedf-0068ee0c12" "proxy-server 12" 0.0005 "-" 25 0
Oct 14 08:38:42 np0005486729 container-server[123455]: 172.20.0.103 - - [14/Oct/2025:08:38:42 +0000] "PUT /d1/754/AUTH_f669ac1a1893421f91ae49881790edbc/gnocchi.ba25d233-571b-47d4-8734-21969167c813/none_v3" 201 - "PUT http://172.18.0.210:8080/d1/702/AUTH_f669ac1a1893421f91ae49881790edbc/gnocchi.ba25d233-571b-47d4-8734-21969167c813/none_v3" "tx561dee13b6394282ae61a-0068ee0c12" "object-server 22" 0.0006 "-" 22 0
Oct 14 08:38:42 np0005486729 proxy-server[125087]: 172.18.0.210 172.18.0.104 14/Oct/2025/08/38/42 GET /v1/AUTH_f669ac1a1893421f91ae49881790edbc/gnocchi.07cadbe8-64ab-4b14-bb73-93d1c248666c/1760400000.0_mean_300.0_v3 HTTP/1.0 404 - python-swiftclient-3.11.1 gAAAAABo7gvE2klL... - 70 - tx2cd95dc90a544128aeedf-0068ee0c12 - 0.0161 - - 1760431122.357316256 1760431122.373443604 0
Oct 14 08:38:42 np0005486729 object-server[123852]: 172.20.0.105 - - [14/Oct/2025:08:38:42 +0000] "PUT /d1/702/AUTH_f669ac1a1893421f91ae49881790edbc/gnocchi.ba25d233-571b-47d4-8734-21969167c813/none_v3" 201 - "PUT http://172.18.0.210:8080/v1/AUTH_f669ac1a1893421f91ae49881790edbc/gnocchi.ba25d233-571b-47d4-8734-21969167c813/none_v3" "tx561dee13b6394282ae61a-0068ee0c12" "proxy-server 20" 0.0124 "-" 24 0
Oct 14 08:38:42 np0005486729 container-server[123442]: 172.20.0.103 - - [14/Oct/2025:08:38:42 +0000] "PUT /d1/452/AUTH_f669ac1a1893421f91ae49881790edbc/gnocchi.80a29393-aaf6-4866-9158-2745c5b8ebac/1760400000.0_mean_300.0_v3" 201 - "PUT http://172.18.0.210:8080/d1/705/AUTH_f669ac1a1893421f91ae49881790edbc/gnocchi.80a29393-aaf6-4866-9158-2745c5b8ebac/1760400000.0_mean_300.0_v3" "tx91f8e34f2f644b17a05d7-0068ee0c12" "object-server 22" 0.0008 "-" 20 0
Oct 14 08:38:42 np0005486729 object-server[123840]: 172.20.0.103 - - [14/Oct/2025:08:38:42 +0000] "PUT /d1/705/AUTH_f669ac1a1893421f91ae49881790edbc/gnocchi.80a29393-aaf6-4866-9158-2745c5b8ebac/1760400000.0_mean_300.0_v3" 201 - "PUT http://172.18.0.210:8080/v1/AUTH_f669ac1a1893421f91ae49881790edbc/gnocchi.80a29393-aaf6-4866-9158-2745c5b8ebac/1760400000.0_mean_300.0_v3" "tx91f8e34f2f644b17a05d7-0068ee0c12" "proxy-server 20" 0.0116 "-" 22 0
Oct 14 08:38:42 np0005486729 container-server[123465]: 172.20.0.104 - - [14/Oct/2025:08:38:42 +0000] "PUT /d1/940/AUTH_f669ac1a1893421f91ae49881790edbc/gnocchi.07cadbe8-64ab-4b14-bb73-93d1c248666c/1760400000.0_mean_300.0_v3" 201 - "PUT http://172.18.0.210:8080/d1/375/AUTH_f669ac1a1893421f91ae49881790edbc/gnocchi.07cadbe8-64ab-4b14-bb73-93d1c248666c/1760400000.0_mean_300.0_v3" "tx587255b8e00a403fbb1a1-0068ee0c12" "object-server 24" 0.0010 "-" 23 0
Oct 14 08:38:42 np0005486729 object-server[123852]: 172.20.0.104 - - [14/Oct/2025:08:38:42 +0000] "PUT /d1/375/AUTH_f669ac1a1893421f91ae49881790edbc/gnocchi.07cadbe8-64ab-4b14-bb73-93d1c248666c/1760400000.0_mean_300.0_v3" 201 - "PUT http://172.18.0.210:8080/v1/AUTH_f669ac1a1893421f91ae49881790edbc/gnocchi.07cadbe8-64ab-4b14-bb73-93d1c248666c/1760400000.0_mean_300.0_v3" "tx587255b8e00a403fbb1a1-0068ee0c12" "proxy-server 12" 0.0131 "-" 24 0
Oct 14 08:38:42 np0005486729 proxy-server[125087]: 172.18.0.210 172.18.0.104 14/Oct/2025/08/38/42 PUT /v1/AUTH_f669ac1a1893421f91ae49881790edbc/gnocchi.07cadbe8-64ab-4b14-bb73-93d1c248666c/1760400000.0_mean_300.0_v3 HTTP/1.0 201 - python-swiftclient-3.11.1 gAAAAABo7gvE2klL... 16 - - tx587255b8e00a403fbb1a1-0068ee0c12 - 0.0203 - - 1760431122.377343178 1760431122.397648335 0
Oct 14 08:38:42 np0005486729 container-server[123465]: 172.20.0.103 - - [14/Oct/2025:08:38:42 +0000] "HEAD /d1/354/AUTH_f669ac1a1893421f91ae49881790edbc/gnocchi.531a5307-750b-4f1b-88d2-2f987c72e8a3" 404 - "HEAD http://172.18.0.210:8080/v1/AUTH_f669ac1a1893421f91ae49881790edbc/gnocchi.531a5307-750b-4f1b-88d2-2f987c72e8a3?format=json&states=listing" "tx1ac57c64d33e49028f318-0068ee0c12" "proxy-server 20" 0.0006 "-" 23 0
Oct 14 08:38:42 np0005486729 container-server[123441]: 172.20.0.104 - - [14/Oct/2025:08:38:42 +0000] "PUT /d1/452/AUTH_f669ac1a1893421f91ae49881790edbc/gnocchi.80a29393-aaf6-4866-9158-2745c5b8ebac/none_v3" 201 - "PUT http://172.18.0.210:8080/d1/566/AUTH_f669ac1a1893421f91ae49881790edbc/gnocchi.80a29393-aaf6-4866-9158-2745c5b8ebac/none_v3" "tx92ab8c72e2dc4c7f8ed86-0068ee0c12" "object-server 25" 0.0011 "-" 19 0
Oct 14 08:38:42 np0005486729 object-server[123863]: 172.20.0.105 - - [14/Oct/2025:08:38:42 +0000] "PUT /d1/566/AUTH_f669ac1a1893421f91ae49881790edbc/gnocchi.80a29393-aaf6-4866-9158-2745c5b8ebac/none_v3" 201 - "PUT http://172.18.0.210:8080/v1/AUTH_f669ac1a1893421f91ae49881790edbc/gnocchi.80a29393-aaf6-4866-9158-2745c5b8ebac/none_v3" "tx92ab8c72e2dc4c7f8ed86-0068ee0c12" "proxy-server 20" 0.0104 "-" 25 0
Oct 14 08:38:42 np0005486729 object-server[123847]: 172.20.0.103 - - [14/Oct/2025:08:38:42 +0000] "GET /d1/944/AUTH_f669ac1a1893421f91ae49881790edbc/gnocchi.531a5307-750b-4f1b-88d2-2f987c72e8a3/none_v3" 404 70 "GET http://172.18.0.210:8080/v1/AUTH_f669ac1a1893421f91ae49881790edbc/gnocchi.531a5307-750b-4f1b-88d2-2f987c72e8a3/none_v3" "tx1ac57c64d33e49028f318-0068ee0c12" "proxy-server 20" 0.0005 "-" 23 0
Oct 14 08:38:42 np0005486729 container-server[123465]: 172.20.0.104 - - [14/Oct/2025:08:38:42 +0000] "PUT /d1/940/AUTH_f669ac1a1893421f91ae49881790edbc/gnocchi.07cadbe8-64ab-4b14-bb73-93d1c248666c/none_v3" 201 - "PUT http://172.18.0.210:8080/d1/714/AUTH_f669ac1a1893421f91ae49881790edbc/gnocchi.07cadbe8-64ab-4b14-bb73-93d1c248666c/none_v3" "txc1e601c2717948f1a7d71-0068ee0c12" "object-server 22" 0.0008 "-" 23 0
Oct 14 08:38:42 np0005486729 object-server[123840]: 172.20.0.104 - - [14/Oct/2025:08:38:42 +0000] "PUT /d1/714/AUTH_f669ac1a1893421f91ae49881790edbc/gnocchi.07cadbe8-64ab-4b14-bb73-93d1c248666c/none_v3" 201 - "PUT http://172.18.0.210:8080/v1/AUTH_f669ac1a1893421f91ae49881790edbc/gnocchi.07cadbe8-64ab-4b14-bb73-93d1c248666c/none_v3" "txc1e601c2717948f1a7d71-0068ee0c12" "proxy-server 12" 0.0130 "-" 22 0
Oct 14 08:38:42 np0005486729 proxy-server[125087]: 172.18.0.210 172.18.0.104 14/Oct/2025/08/38/42 PUT /v1/AUTH_f669ac1a1893421f91ae49881790edbc/gnocchi.07cadbe8-64ab-4b14-bb73-93d1c248666c/none_v3 HTTP/1.0 201 - python-swiftclient-3.11.1 gAAAAABo7gvE2klL... 22 - - txc1e601c2717948f1a7d71-0068ee0c12 - 0.0229 - - 1760431122.400790453 1760431122.423670292 0
Oct 14 08:38:42 np0005486729 container-server[123441]: 172.20.0.103 - - [14/Oct/2025:08:38:42 +0000] "HEAD /d1/230/AUTH_f669ac1a1893421f91ae49881790edbc/gnocchi.479fcd71-0b85-4403-ae6a-839ce3ae78b8" 404 - "HEAD http://172.18.0.210:8080/v1/AUTH_f669ac1a1893421f91ae49881790edbc/gnocchi.479fcd71-0b85-4403-ae6a-839ce3ae78b8?format=json&states=listing" "txa5055cb6b2d94497a5b0c-0068ee0c12" "proxy-server 20" 0.0005 "-" 19 0
Oct 14 08:38:42 np0005486729 account-server[123320]: 172.20.0.104 - - [14/Oct/2025:08:38:42 +0000] "PUT /d1/338/AUTH_f669ac1a1893421f91ae49881790edbc/gnocchi.531a5307-750b-4f1b-88d2-2f987c72e8a3" 201 - "PUT http://172.20.0.104:6001/d1/354/AUTH_f669ac1a1893421f91ae49881790edbc/gnocchi.531a5307-750b-4f1b-88d2-2f987c72e8a3" "tx3c69838c5bff437d80a66-0068ee0c12" "container-server 23" 0.0061 "-" 22 0
Oct 14 08:38:42 np0005486729 container-server[123465]: 172.20.0.105 - - [14/Oct/2025:08:38:42 +0000] "PUT /d1/354/AUTH_f669ac1a1893421f91ae49881790edbc/gnocchi.531a5307-750b-4f1b-88d2-2f987c72e8a3" 201 - "PUT http://172.18.0.210:8080/v1/AUTH_f669ac1a1893421f91ae49881790edbc/gnocchi.531a5307-750b-4f1b-88d2-2f987c72e8a3" "tx3c69838c5bff437d80a66-0068ee0c12" "proxy-server 20" 0.0200 "-" 23 0
Oct 14 08:38:42 np0005486729 object-server[123863]: 172.20.0.103 - - [14/Oct/2025:08:38:42 +0000] "GET /d1/484/AUTH_f669ac1a1893421f91ae49881790edbc/gnocchi.479fcd71-0b85-4403-ae6a-839ce3ae78b8/none_v3" 404 70 "GET http://172.18.0.210:8080/v1/AUTH_f669ac1a1893421f91ae49881790edbc/gnocchi.479fcd71-0b85-4403-ae6a-839ce3ae78b8/none_v3" "txa5055cb6b2d94497a5b0c-0068ee0c12" "proxy-server 20" 0.0004 "-" 25 0
Oct 14 08:38:42 np0005486729 container-server[123455]: 172.20.0.104 - - [14/Oct/2025:08:38:42 +0000] "HEAD /d1/354/AUTH_f669ac1a1893421f91ae49881790edbc/gnocchi.531a5307-750b-4f1b-88d2-2f987c72e8a3" 204 - "HEAD http://172.18.0.210:8080/v1/AUTH_f669ac1a1893421f91ae49881790edbc/gnocchi.531a5307-750b-4f1b-88d2-2f987c72e8a3?format=json&states=listing" "txae8ce8cd0e0c4f74a0720-0068ee0c12" "proxy-server 12" 0.0023 "-" 22 0
Oct 14 08:38:42 np0005486729 proxy-server[125087]: - - 14/Oct/2025/08/38/42 HEAD /v1/AUTH_f669ac1a1893421f91ae49881790edbc/gnocchi.531a5307-750b-4f1b-88d2-2f987c72e8a3%3Fformat%3Djson%26states%3Dlisting HTTP/1.0 204 - Swift - - - - txae8ce8cd0e0c4f74a0720-0068ee0c12 - 0.0059 RL - 1760431122.464313030 1760431122.470188618 0
Oct 14 08:38:42 np0005486729 proxy-server[125087]: 172.18.0.105 172.18.0.104 14/Oct/2025/08/38/42 GET /v1/AUTH_f669ac1a1893421f91ae49881790edbc/gnocchi.531a5307-750b-4f1b-88d2-2f987c72e8a3%3Fformat%3Djson%26states%3Dlisting HTTP/1.0 200 - python-swiftclient-3.11.1 gAAAAABo7gt_3y-i... - 2 - txae8ce8cd0e0c4f74a0720-0068ee0c12 - 0.0147 - - 1760431122.462453604 1760431122.477195501 0
Oct 14 08:38:42 np0005486729 object-server[123863]: 172.20.0.103 - - [14/Oct/2025:08:38:42 +0000] "GET /d1/766/AUTH_f669ac1a1893421f91ae49881790edbc/gnocchi.531a5307-750b-4f1b-88d2-2f987c72e8a3/1760400000.0_mean_300.0_v3" 404 70 "GET http://172.18.0.210:8080/v1/AUTH_f669ac1a1893421f91ae49881790edbc/gnocchi.531a5307-750b-4f1b-88d2-2f987c72e8a3/1760400000.0_mean_300.0_v3" "tx03aa4580fdd14ebbbd6c5-0068ee0c12" "proxy-server 20" 0.0004 "-" 25 0
Oct 14 08:38:42 np0005486729 account-server[123288]: 172.20.0.105 - - [14/Oct/2025:08:38:42 +0000] "PUT /d1/338/AUTH_f669ac1a1893421f91ae49881790edbc/gnocchi.479fcd71-0b85-4403-ae6a-839ce3ae78b8" 201 - "PUT http://172.20.0.105:6001/d1/230/AUTH_f669ac1a1893421f91ae49881790edbc/gnocchi.479fcd71-0b85-4403-ae6a-839ce3ae78b8" "tx07d0842a5ee9477ea8bbe-0068ee0c12" "container-server 20" 0.0062 "-" 20 0
Oct 14 08:38:42 np0005486729 container-server[123465]: 172.20.0.105 - - [14/Oct/2025:08:38:42 +0000] "PUT /d1/230/AUTH_f669ac1a1893421f91ae49881790edbc/gnocchi.479fcd71-0b85-4403-ae6a-839ce3ae78b8" 201 - "PUT http://172.18.0.210:8080/v1/AUTH_f669ac1a1893421f91ae49881790edbc/gnocchi.479fcd71-0b85-4403-ae6a-839ce3ae78b8" "tx07d0842a5ee9477ea8bbe-0068ee0c12" "proxy-server 20" 0.0227 "-" 23 0
Oct 14 08:38:42 np0005486729 container-server[123442]: 172.20.0.104 - - [14/Oct/2025:08:38:42 +0000] "PUT /d1/354/AUTH_f669ac1a1893421f91ae49881790edbc/gnocchi.531a5307-750b-4f1b-88d2-2f987c72e8a3/1760400000.0_mean_300.0_v3" 201 - "PUT http://172.18.0.210:8080/d1/766/AUTH_f669ac1a1893421f91ae49881790edbc/gnocchi.531a5307-750b-4f1b-88d2-2f987c72e8a3/1760400000.0_mean_300.0_v3" "tx44b3073a492f467bb7d4a-0068ee0c12" "object-server 22" 0.0006 "-" 20 0
Oct 14 08:38:42 np0005486729 object-server[123840]: 172.20.0.104 - - [14/Oct/2025:08:38:42 +0000] "PUT /d1/766/AUTH_f669ac1a1893421f91ae49881790edbc/gnocchi.531a5307-750b-4f1b-88d2-2f987c72e8a3/1760400000.0_mean_300.0_v3" 201 - "PUT http://172.18.0.210:8080/v1/AUTH_f669ac1a1893421f91ae49881790edbc/gnocchi.531a5307-750b-4f1b-88d2-2f987c72e8a3/1760400000.0_mean_300.0_v3" "tx44b3073a492f467bb7d4a-0068ee0c12" "proxy-server 12" 0.0111 "-" 22 0
Oct 14 08:38:42 np0005486729 proxy-server[125087]: 172.18.0.105 172.18.0.104 14/Oct/2025/08/38/42 PUT /v1/AUTH_f669ac1a1893421f91ae49881790edbc/gnocchi.531a5307-750b-4f1b-88d2-2f987c72e8a3/1760400000.0_mean_300.0_v3 HTTP/1.0 201 - python-swiftclient-3.11.1 gAAAAABo7gt_3y-i... 16 - - tx44b3073a492f467bb7d4a-0068ee0c12 - 0.0258 - - 1760431122.500009298 1760431122.525784016 0
Oct 14 08:38:42 np0005486729 object-server[123852]: 172.20.0.104 - - [14/Oct/2025:08:38:42 +0000] "GET /d1/625/AUTH_f669ac1a1893421f91ae49881790edbc/gnocchi.479fcd71-0b85-4403-ae6a-839ce3ae78b8/1760400000.0_mean_300.0_v3" 404 70 "GET http://172.18.0.210:8080/v1/AUTH_f669ac1a1893421f91ae49881790edbc/gnocchi.479fcd71-0b85-4403-ae6a-839ce3ae78b8/1760400000.0_mean_300.0_v3" "txd09a91f446084e56961be-0068ee0c12" "proxy-server 12" 0.0005 "-" 24 0
Oct 14 08:38:42 np0005486729 proxy-server[125087]: 172.18.0.103 172.18.0.104 14/Oct/2025/08/38/42 GET /v1/AUTH_f669ac1a1893421f91ae49881790edbc/gnocchi.479fcd71-0b85-4403-ae6a-839ce3ae78b8/1760400000.0_mean_300.0_v3 HTTP/1.0 404 - python-swiftclient-3.11.1 gAAAAABo7gvEzjD0... - 70 - txd09a91f446084e56961be-0068ee0c12 - 0.0177 - - 1760431122.534416437 1760431122.552128077 0
Oct 14 08:38:42 np0005486729 container-server[123465]: 172.20.0.105 - - [14/Oct/2025:08:38:42 +0000] "PUT /d1/354/AUTH_f669ac1a1893421f91ae49881790edbc/gnocchi.531a5307-750b-4f1b-88d2-2f987c72e8a3/none_v3" 201 - "PUT http://172.18.0.210:8080/d1/944/AUTH_f669ac1a1893421f91ae49881790edbc/gnocchi.531a5307-750b-4f1b-88d2-2f987c72e8a3/none_v3" "tx9f23d8ec8e91467dac9ef-0068ee0c12" "object-server 22" 0.0010 "-" 23 0
Oct 14 08:38:42 np0005486729 object-server[123840]: 172.20.0.105 - - [14/Oct/2025:08:38:42 +0000] "PUT /d1/944/AUTH_f669ac1a1893421f91ae49881790edbc/gnocchi.531a5307-750b-4f1b-88d2-2f987c72e8a3/none_v3" 201 - "PUT http://172.18.0.210:8080/v1/AUTH_f669ac1a1893421f91ae49881790edbc/gnocchi.531a5307-750b-4f1b-88d2-2f987c72e8a3/none_v3" "tx9f23d8ec8e91467dac9ef-0068ee0c12" "proxy-server 20" 0.0142 "-" 22 0
Oct 14 08:38:42 np0005486729 container-server[123465]: 172.20.0.103 - - [14/Oct/2025:08:38:42 +0000] "PUT /d1/230/AUTH_f669ac1a1893421f91ae49881790edbc/gnocchi.479fcd71-0b85-4403-ae6a-839ce3ae78b8/1760400000.0_mean_300.0_v3" 201 - "PUT http://172.18.0.210:8080/d1/625/AUTH_f669ac1a1893421f91ae49881790edbc/gnocchi.479fcd71-0b85-4403-ae6a-839ce3ae78b8/1760400000.0_mean_300.0_v3" "tx834f9b81eb584173bff0d-0068ee0c12" "object-server 25" 0.0010 "-" 23 0
Oct 14 08:38:42 np0005486729 object-server[123863]: 172.20.0.103 - - [14/Oct/2025:08:38:42 +0000] "PUT /d1/625/AUTH_f669ac1a1893421f91ae49881790edbc/gnocchi.479fcd71-0b85-4403-ae6a-839ce3ae78b8/1760400000.0_mean_300.0_v3" 201 - "PUT http://172.18.0.210:8080/v1/AUTH_f669ac1a1893421f91ae49881790edbc/gnocchi.479fcd71-0b85-4403-ae6a-839ce3ae78b8/1760400000.0_mean_300.0_v3" "tx834f9b81eb584173bff0d-0068ee0c12" "proxy-server 20" 0.0119 "-" 25 0
Oct 14 08:38:42 np0005486729 container-server[123441]: 172.20.0.104 - - [14/Oct/2025:08:38:42 +0000] "PUT /d1/230/AUTH_f669ac1a1893421f91ae49881790edbc/gnocchi.479fcd71-0b85-4403-ae6a-839ce3ae78b8/none_v3" 201 - "PUT http://172.18.0.210:8080/d1/484/AUTH_f669ac1a1893421f91ae49881790edbc/gnocchi.479fcd71-0b85-4403-ae6a-839ce3ae78b8/none_v3" "tx2db3fd4333274f80867d9-0068ee0c12" "object-server 23" 0.0009 "-" 19 0
Oct 14 08:38:42 np0005486729 object-server[123847]: 172.20.0.104 - - [14/Oct/2025:08:38:42 +0000] "PUT /d1/484/AUTH_f669ac1a1893421f91ae49881790edbc/gnocchi.479fcd71-0b85-4403-ae6a-839ce3ae78b8/none_v3" 201 - "PUT http://172.18.0.210:8080/v1/AUTH_f669ac1a1893421f91ae49881790edbc/gnocchi.479fcd71-0b85-4403-ae6a-839ce3ae78b8/none_v3" "tx2db3fd4333274f80867d9-0068ee0c12" "proxy-server 12" 0.0153 "-" 23 0
Oct 14 08:38:42 np0005486729 proxy-server[125087]: 172.18.0.103 172.18.0.104 14/Oct/2025/08/38/42 PUT /v1/AUTH_f669ac1a1893421f91ae49881790edbc/gnocchi.479fcd71-0b85-4403-ae6a-839ce3ae78b8/none_v3 HTTP/1.0 201 - python-swiftclient-3.11.1 gAAAAABo7gvEzjD0... 22 - - tx2db3fd4333274f80867d9-0068ee0c12 - 0.0284 - - 1760431122.588061810 1760431122.616505146 0
Oct 14 08:38:42 np0005486729 object-server[220767]: Object audit (ZBF) "forever" mode completed: 0.52s. Total quarantined: 0, Total errors: 0, Total files/sec: 51.46, Total bytes/sec: 0.00, Auditing time: 0.52, Rate: 0.99
Oct 14 08:38:44 np0005486729 account-server[122697]: Beginning replication run
Oct 14 08:38:44 np0005486729 account-server[122697]: Replication run OVER
Oct 14 08:38:44 np0005486729 account-server[122697]: Attempted to replicate 1 dbs in 0.03793 seconds (26.36693/s)
Oct 14 08:38:44 np0005486729 account-server[122697]: Removed 0 dbs
Oct 14 08:38:44 np0005486729 account-server[122697]: 2 successes, 0 failures
Oct 14 08:38:44 np0005486729 account-server[122697]: diff:0 diff_capped:0 empty:0 hashmatch:0 no_change:2 remote_merge:0 rsync:0 ts_repl:0
Oct 14 08:39:08 np0005486729 container-server[122958]: Beginning replication run
Oct 14 08:39:09 np0005486729 container-server[122958]: Replication run OVER
Oct 14 08:39:09 np0005486729 container-server[122958]: Attempted to replicate 22 dbs in 0.56014 seconds (39.27616/s)
Oct 14 08:39:09 np0005486729 container-server[122958]: Removed 0 dbs
Oct 14 08:39:09 np0005486729 container-server[122958]: 44 successes, 0 failures
Oct 14 08:39:09 np0005486729 container-server[122958]: diff:0 diff_capped:0 empty:0 hashmatch:0 no_change:44 remote_merge:0 rsync:0 ts_repl:0
Oct 14 08:39:09 np0005486729 object-server[123598]: Starting object replication pass.
Oct 14 08:39:10 np0005486729 object-server[123598]: 42/42 (100.00%) partitions replicated in 0.38s (110.22/sec, 0s remaining)
Oct 14 08:39:10 np0005486729 object-server[123598]: 84 successes, 0 failures
Oct 14 08:39:10 np0005486729 object-server[123598]: 44 suffixes checked - 0.00% hashed, 0.00% synced
Oct 14 08:39:10 np0005486729 object-server[123598]: Partition times: max 0.0148s, min 0.0054s, med 0.0080s
Oct 14 08:39:10 np0005486729 object-server[123598]: Object replication complete. (0.01 minutes)
Oct 14 08:39:12 np0005486729 object-server[226656]: Begin object audit "forever" mode (ALL)
Oct 14 08:39:12 np0005486729 object-server[226655]: Begin object audit "forever" mode (ZBF)
Oct 14 08:39:12 np0005486729 object-server[226655]: Object audit (ZBF). Since Tue Oct 14 08:39:12 2025: Locally: 1 passed, 0 quarantined, 0 errors, files/sec: 434.78, bytes/sec: 0.00, Total time: 0.00, Auditing time: 0.00, Rate: 0.00
Oct 14 08:39:12 np0005486729 object-server[226656]: Object audit (ALL). Since Tue Oct 14 08:39:12 2025: Locally: 1 passed, 0 quarantined, 0 errors, files/sec: 94.78, bytes/sec: 1516.41, Total time: 0.01, Auditing time: 0.00, Rate: 0.00
Oct 14 08:39:13 np0005486729 object-server[226655]: Object audit (ZBF) "forever" mode completed: 0.86s. Total quarantined: 0, Total errors: 0, Total files/sec: 50.95, Total bytes/sec: 0.00, Auditing time: 0.85, Rate: 0.98
Oct 14 08:39:14 np0005486729 account-server[122697]: Beginning replication run
Oct 14 08:39:14 np0005486729 account-server[122697]: Replication run OVER
Oct 14 08:39:14 np0005486729 account-server[122697]: Attempted to replicate 1 dbs in 0.01860 seconds (53.75217/s)
Oct 14 08:39:14 np0005486729 account-server[122697]: Removed 0 dbs
Oct 14 08:39:14 np0005486729 account-server[122697]: 2 successes, 0 failures
Oct 14 08:39:14 np0005486729 account-server[122697]: diff:0 diff_capped:0 empty:0 hashmatch:0 no_change:2 remote_merge:0 rsync:0 ts_repl:0
Oct 14 08:39:14 np0005486729 object-server[226656]: Object audit (ALL) "forever" mode completed: 2.11s. Total quarantined: 0, Total errors: 0, Total files/sec: 20.82, Total bytes/sec: 400.41, Auditing time: 2.10, Rate: 0.99
Oct 14 08:39:38 np0005486729 container-server[122958]: Beginning replication run
Oct 14 08:39:39 np0005486729 container-server[122958]: Replication run OVER
Oct 14 08:39:39 np0005486729 container-server[122958]: Attempted to replicate 22 dbs in 0.42958 seconds (51.21309/s)
Oct 14 08:39:39 np0005486729 container-server[122958]: Removed 0 dbs
Oct 14 08:39:39 np0005486729 container-server[122958]: 44 successes, 0 failures
Oct 14 08:39:39 np0005486729 container-server[122958]: diff:0 diff_capped:0 empty:0 hashmatch:0 no_change:44 remote_merge:0 rsync:0 ts_repl:0
Oct 14 08:39:39 np0005486729 object-server[123716]: Begin object update sweep
Oct 14 08:39:39 np0005486729 object-server[229302]: Object update sweep starting on /srv/node/d1 (pid: 15)
Oct 14 08:39:39 np0005486729 object-server[229302]: Object update sweep completed on /srv/node/d1 in 0.00s seconds:, 0 successes, 0 failures, 0 quarantines, 0 unlinks, 0 errors, 0 redirects (pid: 15)
Oct 14 08:39:39 np0005486729 object-server[229302]: Object update sweep of d1 completed: 0.00s, 0 successes, 0 failures, 0 quarantines, 0 unlinks, 0 errors, 0 redirects
Oct 14 08:39:39 np0005486729 object-server[123716]: Object update sweep completed: 0.09s
Oct 14 08:39:40 np0005486729 object-server[123598]: Starting object replication pass.
Oct 14 08:39:40 np0005486729 object-server[123598]: 42/42 (100.00%) partitions replicated in 0.42s (99.39/sec, 0s remaining)
Oct 14 08:39:40 np0005486729 object-server[123598]: 84 successes, 0 failures
Oct 14 08:39:40 np0005486729 object-server[123598]: 44 suffixes checked - 0.00% hashed, 0.00% synced
Oct 14 08:39:40 np0005486729 object-server[123598]: Partition times: max 0.0140s, min 0.0067s, med 0.0094s
Oct 14 08:39:40 np0005486729 object-server[123598]: Object replication complete. (0.01 minutes)
Oct 14 08:39:43 np0005486729 object-server[226723]: Begin object audit "forever" mode (ZBF)
Oct 14 08:39:43 np0005486729 object-server[226723]: Object audit (ZBF). Since Tue Oct 14 08:39:43 2025: Locally: 1 passed, 0 quarantined, 0 errors, files/sec: 494.61, bytes/sec: 0.00, Total time: 0.00, Auditing time: 0.00, Rate: 0.00
Oct 14 08:39:44 np0005486729 account-server[122697]: Beginning replication run
Oct 14 08:39:44 np0005486729 account-server[122697]: Replication run OVER
Oct 14 08:39:44 np0005486729 account-server[122697]: Attempted to replicate 1 dbs in 0.02012 seconds (49.69942/s)
Oct 14 08:39:44 np0005486729 account-server[122697]: Removed 0 dbs
Oct 14 08:39:44 np0005486729 account-server[122697]: 2 successes, 0 failures
Oct 14 08:39:44 np0005486729 account-server[122697]: diff:0 diff_capped:0 empty:0 hashmatch:0 no_change:2 remote_merge:0 rsync:0 ts_repl:0
Oct 14 08:39:44 np0005486729 object-server[226723]: Object audit (ZBF) "forever" mode completed: 0.84s. Total quarantined: 0, Total errors: 0, Total files/sec: 52.15, Total bytes/sec: 0.00, Auditing time: 0.83, Rate: 0.99
Oct 14 08:39:49 np0005486729 account-server[123288]: 172.20.0.104 - - [14/Oct/2025:08:39:49 +0000] "HEAD /d1/509/.expiring_objects" 404 - "HEAD http://localhost/v1/.expiring_objects?format=json" "tx7b3a712207e64189b2945-0068ee0c55" "proxy-server 2" 0.0006 "-" 20 -
Oct 14 08:39:49 np0005486729 object-expirer[123505]: Pass completed in 0s; 0 objects expired (txn: tx7b3a712207e64189b2945-0068ee0c55)
Oct 14 08:40:08 np0005486729 container-server[122958]: Beginning replication run
Oct 14 08:40:09 np0005486729 container-server[122958]: Replication run OVER
Oct 14 08:40:09 np0005486729 container-server[122958]: Attempted to replicate 22 dbs in 0.43497 seconds (50.57798/s)
Oct 14 08:40:09 np0005486729 container-server[122958]: Removed 0 dbs
Oct 14 08:40:09 np0005486729 container-server[122958]: 44 successes, 0 failures
Oct 14 08:40:09 np0005486729 container-server[122958]: diff:0 diff_capped:0 empty:0 hashmatch:0 no_change:44 remote_merge:0 rsync:0 ts_repl:0
Oct 14 08:40:10 np0005486729 object-server[123598]: Starting object replication pass.
Oct 14 08:40:11 np0005486729 object-server[123598]: 42/42 (100.00%) partitions replicated in 0.40s (106.25/sec, 0s remaining)
Oct 14 08:40:11 np0005486729 object-server[123598]: 84 successes, 0 failures
Oct 14 08:40:11 np0005486729 object-server[123598]: 44 suffixes checked - 0.00% hashed, 0.00% synced
Oct 14 08:40:11 np0005486729 object-server[123598]: Partition times: max 0.0192s, min 0.0061s, med 0.0082s
Oct 14 08:40:11 np0005486729 object-server[123598]: Object replication complete. (0.01 minutes)
Oct 14 08:40:14 np0005486729 account-server[122697]: Beginning replication run
Oct 14 08:40:14 np0005486729 account-server[122697]: Replication run OVER
Oct 14 08:40:14 np0005486729 account-server[122697]: Attempted to replicate 1 dbs in 0.01340 seconds (74.64447/s)
Oct 14 08:40:14 np0005486729 account-server[122697]: Removed 0 dbs
Oct 14 08:40:14 np0005486729 account-server[122697]: 2 successes, 0 failures
Oct 14 08:40:14 np0005486729 account-server[122697]: diff:0 diff_capped:0 empty:0 hashmatch:0 no_change:2 remote_merge:0 rsync:0 ts_repl:0
Oct 14 08:40:14 np0005486729 object-server[232585]: Begin object audit "forever" mode (ZBF)
Oct 14 08:40:14 np0005486729 object-server[232586]: Begin object audit "forever" mode (ALL)
Oct 14 08:40:14 np0005486729 object-server[232585]: Object audit (ZBF). Since Tue Oct 14 08:40:14 2025: Locally: 1 passed, 0 quarantined, 0 errors, files/sec: 344.19, bytes/sec: 0.00, Total time: 0.00, Auditing time: 0.00, Rate: 0.00
Oct 14 08:40:14 np0005486729 object-server[232586]: Object audit (ALL). Since Tue Oct 14 08:40:14 2025: Locally: 1 passed, 0 quarantined, 0 errors, files/sec: 103.70, bytes/sec: 1659.26, Total time: 0.01, Auditing time: 0.00, Rate: 0.00
Oct 14 08:40:15 np0005486729 object-server[232585]: Object audit (ZBF) "forever" mode completed: 0.84s. Total quarantined: 0, Total errors: 0, Total files/sec: 52.11, Total bytes/sec: 0.00, Auditing time: 0.83, Rate: 0.98
Oct 14 08:40:16 np0005486729 object-server[232586]: Object audit (ALL) "forever" mode completed: 2.11s. Total quarantined: 0, Total errors: 0, Total files/sec: 20.82, Total bytes/sec: 400.36, Auditing time: 2.10, Rate: 0.99
Oct 14 08:40:38 np0005486729 container-server[122958]: Beginning replication run
Oct 14 08:40:39 np0005486729 container-server[122958]: Replication run OVER
Oct 14 08:40:39 np0005486729 container-server[122958]: Attempted to replicate 22 dbs in 0.43396 seconds (50.69641/s)
Oct 14 08:40:39 np0005486729 container-server[122958]: Removed 0 dbs
Oct 14 08:40:39 np0005486729 container-server[122958]: 44 successes, 0 failures
Oct 14 08:40:39 np0005486729 container-server[122958]: diff:0 diff_capped:0 empty:0 hashmatch:0 no_change:44 remote_merge:0 rsync:0 ts_repl:0
Oct 14 08:40:41 np0005486729 object-server[123598]: Starting object replication pass.
Oct 14 08:40:41 np0005486729 object-server[123598]: 42/42 (100.00%) partitions replicated in 0.44s (96.12/sec, 0s remaining)
