Oct 14 08:33:13 np0005486729 account-server[122697]: diff:0 diff_capped:0 empty:0 hashmatch:0 no_change:0 remote_merge:0 rsync:0 ts_repl:0
Oct 14 08:33:15 np0005486729 account-server[123296]: 172.20.0.103 - - [14/Oct/2025:08:33:15 +0000] "HEAD /d1/509/.expiring_objects" 404 - "HEAD http://localhost/v1/.expiring_objects?format=json" "tx4077643f0ef24a4197f00-0068ee0acb" "proxy-server 2" 0.0006 "-" 21 -
Oct 14 08:33:38 np0005486729 container-server[122958]: Beginning replication run
Oct 14 08:33:38 np0005486729 container-server[122958]: Replication run OVER
Oct 14 08:33:38 np0005486729 container-server[122958]: Attempted to replicate 0 dbs in 0.00248 seconds (0.00000/s)
Oct 14 08:33:38 np0005486729 container-server[122958]: Removed 0 dbs
Oct 14 08:33:38 np0005486729 container-server[122958]: 0 successes, 0 failures
Oct 14 08:33:38 np0005486729 container-server[122958]: diff:0 diff_capped:0 empty:0 hashmatch:0 no_change:0 remote_merge:0 rsync:0 ts_repl:0
Oct 14 08:33:39 np0005486729 object-server[123598]: Starting object replication pass.
Oct 14 08:33:39 np0005486729 object-server[123598]: Nothing replicated for 0.004405498504638672 seconds.
Oct 14 08:33:39 np0005486729 object-server[123598]: Object replication complete. (0.00 minutes)
Oct 14 08:33:40 np0005486729 object-server[190984]: Begin object audit "forever" mode (ZBF)
Oct 14 08:33:40 np0005486729 object-server[190984]: Object audit (ZBF) "forever" mode completed: 0.00s. Total quarantined: 0, Total errors: 0, Total files/sec: 0.00, Total bytes/sec: 0.00, Auditing time: 0.00, Rate: 0.00
Oct 14 08:33:43 np0005486729 account-server[122697]: Beginning replication run
Oct 14 08:33:43 np0005486729 account-server[122697]: Replication run OVER
Oct 14 08:33:43 np0005486729 account-server[122697]: Attempted to replicate 0 dbs in 0.00180 seconds (0.00000/s)
Oct 14 08:33:43 np0005486729 account-server[122697]: Removed 0 dbs
Oct 14 08:33:43 np0005486729 account-server[122697]: 0 successes, 0 failures
Oct 14 08:33:43 np0005486729 account-server[122697]: diff:0 diff_capped:0 empty:0 hashmatch:0 no_change:0 remote_merge:0 rsync:0 ts_repl:0
Oct 14 08:34:08 np0005486729 container-server[122958]: Beginning replication run
Oct 14 08:34:08 np0005486729 container-server[122958]: Replication run OVER
Oct 14 08:34:08 np0005486729 container-server[122958]: Attempted to replicate 0 dbs in 0.00142 seconds (0.00000/s)
Oct 14 08:34:08 np0005486729 container-server[122958]: Removed 0 dbs
Oct 14 08:34:08 np0005486729 container-server[122958]: 0 successes, 0 failures
Oct 14 08:34:08 np0005486729 container-server[122958]: diff:0 diff_capped:0 empty:0 hashmatch:0 no_change:0 remote_merge:0 rsync:0 ts_repl:0
Oct 14 08:34:09 np0005486729 object-server[123598]: Starting object replication pass.
Oct 14 08:34:09 np0005486729 object-server[123598]: Nothing replicated for 0.004531145095825195 seconds.
Oct 14 08:34:09 np0005486729 object-server[123598]: Object replication complete. (0.00 minutes)
Oct 14 08:34:10 np0005486729 object-server[196908]: Begin object audit "forever" mode (ALL)
Oct 14 08:34:10 np0005486729 object-server[196908]: Object audit (ALL) "forever" mode completed: 0.00s. Total quarantined: 0, Total errors: 0, Total files/sec: 0.00, Total bytes/sec: 0.00, Auditing time: 0.00, Rate: 0.00
Oct 14 08:34:10 np0005486729 object-server[196907]: Begin object audit "forever" mode (ZBF)
Oct 14 08:34:10 np0005486729 object-server[196907]: Object audit (ZBF) "forever" mode completed: 0.00s. Total quarantined: 0, Total errors: 0, Total files/sec: 0.00, Total bytes/sec: 0.00, Auditing time: 0.00, Rate: 0.00
Oct 14 08:34:13 np0005486729 account-server[122697]: Beginning replication run
Oct 14 08:34:13 np0005486729 account-server[122697]: Replication run OVER
Oct 14 08:34:13 np0005486729 account-server[122697]: Attempted to replicate 0 dbs in 0.00169 seconds (0.00000/s)
Oct 14 08:34:13 np0005486729 account-server[122697]: Removed 0 dbs
Oct 14 08:34:13 np0005486729 account-server[122697]: 0 successes, 0 failures
Oct 14 08:34:13 np0005486729 account-server[122697]: diff:0 diff_capped:0 empty:0 hashmatch:0 no_change:0 remote_merge:0 rsync:0 ts_repl:0
Oct 14 08:34:38 np0005486729 container-server[122958]: Beginning replication run
Oct 14 08:34:38 np0005486729 container-server[122958]: Replication run OVER
Oct 14 08:34:38 np0005486729 container-server[122958]: Attempted to replicate 0 dbs in 0.00155 seconds (0.00000/s)
Oct 14 08:34:38 np0005486729 container-server[122958]: Removed 0 dbs
Oct 14 08:34:38 np0005486729 container-server[122958]: 0 successes, 0 failures
Oct 14 08:34:38 np0005486729 container-server[122958]: diff:0 diff_capped:0 empty:0 hashmatch:0 no_change:0 remote_merge:0 rsync:0 ts_repl:0
Oct 14 08:34:39 np0005486729 object-server[123598]: Starting object replication pass.
Oct 14 08:34:39 np0005486729 object-server[123598]: Nothing replicated for 0.004797697067260742 seconds.
Oct 14 08:34:39 np0005486729 object-server[123598]: Object replication complete. (0.00 minutes)
Oct 14 08:34:39 np0005486729 object-server[123716]: Begin object update sweep
Oct 14 08:34:39 np0005486729 object-server[200035]: Object update sweep starting on /srv/node/d1 (pid: 14)
Oct 14 08:34:39 np0005486729 object-server[200035]: Object update sweep completed on /srv/node/d1 in 0.00s seconds:, 0 successes, 0 failures, 0 quarantines, 0 unlinks, 0 errors, 0 redirects (pid: 14)
Oct 14 08:34:39 np0005486729 object-server[200035]: Object update sweep of d1 completed: 0.00s, 0 successes, 0 failures, 0 quarantines, 0 unlinks, 0 errors, 0 redirects
Oct 14 08:34:39 np0005486729 object-server[123716]: Object update sweep completed: 0.08s
Oct 14 08:34:40 np0005486729 object-server[200130]: Begin object audit "forever" mode (ALL)
Oct 14 08:34:40 np0005486729 object-server[200129]: Begin object audit "forever" mode (ZBF)
Oct 14 08:34:40 np0005486729 object-server[200130]: Object audit (ALL) "forever" mode completed: 0.00s. Total quarantined: 0, Total errors: 0, Total files/sec: 0.00, Total bytes/sec: 0.00, Auditing time: 0.00, Rate: 0.00
Oct 14 08:34:40 np0005486729 object-server[200129]: Object audit (ZBF) "forever" mode completed: 0.00s. Total quarantined: 0, Total errors: 0, Total files/sec: 0.00, Total bytes/sec: 0.00, Auditing time: 0.00, Rate: 0.00
Oct 14 08:34:43 np0005486729 account-server[122697]: Beginning replication run
Oct 14 08:34:43 np0005486729 account-server[122697]: Replication run OVER
Oct 14 08:34:43 np0005486729 account-server[122697]: Attempted to replicate 0 dbs in 0.00250 seconds (0.00000/s)
Oct 14 08:34:43 np0005486729 account-server[122697]: Removed 0 dbs
Oct 14 08:34:43 np0005486729 account-server[122697]: 0 successes, 0 failures
Oct 14 08:34:43 np0005486729 account-server[122697]: diff:0 diff_capped:0 empty:0 hashmatch:0 no_change:0 remote_merge:0 rsync:0 ts_repl:0
Oct 14 08:34:45 np0005486729 account-server[123320]: 172.20.0.103 - - [14/Oct/2025:08:34:45 +0000] "HEAD /d1/509/.expiring_objects" 404 - "HEAD http://localhost/v1/.expiring_objects?format=json" "tx227929884060430299073-0068ee0b25" "proxy-server 2" 0.0006 "-" 22 -
Oct 14 08:35:04 np0005486729 account-server[123331]: 172.20.0.103 - - [14/Oct/2025:08:35:04 +0000] "HEAD /d1/509/.expiring_objects" 404 - "HEAD http://localhost/v1/.expiring_objects?format=json" "txc0ce3cc3a6224a93a0131-0068ee0b38" "proxy-server 2" 0.0005 "-" 23 -
Oct 14 08:35:08 np0005486729 container-server[122958]: Beginning replication run
Oct 14 08:35:08 np0005486729 container-server[122958]: Replication run OVER
Oct 14 08:35:08 np0005486729 container-server[122958]: Attempted to replicate 0 dbs in 0.00233 seconds (0.00000/s)
Oct 14 08:35:08 np0005486729 container-server[122958]: Removed 0 dbs
Oct 14 08:35:08 np0005486729 container-server[122958]: 0 successes, 0 failures
Oct 14 08:35:08 np0005486729 container-server[122958]: diff:0 diff_capped:0 empty:0 hashmatch:0 no_change:0 remote_merge:0 rsync:0 ts_repl:0
Oct 14 08:35:09 np0005486729 object-server[123598]: Starting object replication pass.
Oct 14 08:35:09 np0005486729 object-server[123598]: Nothing replicated for 0.003943681716918945 seconds.
Oct 14 08:35:09 np0005486729 object-server[123598]: Object replication complete. (0.00 minutes)
Oct 14 08:35:10 np0005486729 object-server[203007]: Begin object audit "forever" mode (ZBF)
Oct 14 08:35:10 np0005486729 object-server[203008]: Begin object audit "forever" mode (ALL)
Oct 14 08:35:10 np0005486729 object-server[203007]: Object audit (ZBF) "forever" mode completed: 0.00s. Total quarantined: 0, Total errors: 0, Total files/sec: 0.00, Total bytes/sec: 0.00, Auditing time: 0.00, Rate: 0.00
Oct 14 08:35:10 np0005486729 object-server[203008]: Object audit (ALL) "forever" mode completed: 0.00s. Total quarantined: 0, Total errors: 0, Total files/sec: 0.00, Total bytes/sec: 0.00, Auditing time: 0.00, Rate: 0.00
Oct 14 08:35:13 np0005486729 account-server[122697]: Beginning replication run
Oct 14 08:35:13 np0005486729 account-server[122697]: Replication run OVER
Oct 14 08:35:13 np0005486729 account-server[122697]: Attempted to replicate 0 dbs in 0.00214 seconds (0.00000/s)
Oct 14 08:35:13 np0005486729 account-server[122697]: Removed 0 dbs
Oct 14 08:35:13 np0005486729 account-server[122697]: 0 successes, 0 failures
Oct 14 08:35:13 np0005486729 account-server[122697]: diff:0 diff_capped:0 empty:0 hashmatch:0 no_change:0 remote_merge:0 rsync:0 ts_repl:0
Oct 14 08:35:26 np0005486729 account-server[123331]: 172.20.0.105 - - [14/Oct/2025:08:35:26 +0000] "HEAD /d1/509/.expiring_objects" 404 - "HEAD http://localhost/v1/.expiring_objects?format=json" "tx24525a3a9a734fc5a4916-0068ee0b4e" "proxy-server 2" 0.0012 "-" 23 -
Oct 14 08:35:31 np0005486729 account-server[123331]: 172.20.0.104 - - [14/Oct/2025:08:35:31 +0000] "HEAD /d1/509/.expiring_objects" 404 - "HEAD http://localhost/v1/.expiring_objects?format=json" "tx73f154ae05a84c80847e7-0068ee0b53" "proxy-server 2" 0.0005 "-" 23 -
Oct 14 08:35:31 np0005486729 object-expirer[123505]: Pass completed in 0s; 0 objects expired (txn: tx73f154ae05a84c80847e7-0068ee0b53)
Oct 14 08:35:38 np0005486729 container-server[122958]: Beginning replication run
Oct 14 08:35:38 np0005486729 container-server[122958]: Replication run OVER
Oct 14 08:35:38 np0005486729 container-server[122958]: Attempted to replicate 0 dbs in 0.00186 seconds (0.00000/s)
Oct 14 08:35:38 np0005486729 container-server[122958]: Removed 0 dbs
Oct 14 08:35:38 np0005486729 container-server[122958]: 0 successes, 0 failures
Oct 14 08:35:38 np0005486729 container-server[122958]: diff:0 diff_capped:0 empty:0 hashmatch:0 no_change:0 remote_merge:0 rsync:0 ts_repl:0
Oct 14 08:35:39 np0005486729 object-server[123598]: Starting object replication pass.
Oct 14 08:35:39 np0005486729 object-server[123598]: Nothing replicated for 0.0037374496459960938 seconds.
Oct 14 08:35:39 np0005486729 object-server[123598]: Object replication complete. (0.00 minutes)
Oct 14 08:35:40 np0005486729 object-server[203025]: Begin object audit "forever" mode (ZBF)
Oct 14 08:35:40 np0005486729 object-server[203025]: Object audit (ZBF) "forever" mode completed: 0.00s. Total quarantined: 0, Total errors: 0, Total files/sec: 0.00, Total bytes/sec: 0.00, Auditing time: 0.00, Rate: 0.00
Oct 14 08:35:42 np0005486729 container-server[123301]: Begin container update sweep
Oct 14 08:35:42 np0005486729 container-server[123301]: Container update sweep completed: 0.00s
Oct 14 08:35:43 np0005486729 account-server[122697]: Beginning replication run
Oct 14 08:35:43 np0005486729 account-server[122697]: Replication run OVER
Oct 14 08:35:43 np0005486729 account-server[122697]: Attempted to replicate 0 dbs in 0.00210 seconds (0.00000/s)
Oct 14 08:35:43 np0005486729 account-server[122697]: Removed 0 dbs
Oct 14 08:35:43 np0005486729 account-server[122697]: 0 successes, 0 failures
Oct 14 08:35:43 np0005486729 account-server[122697]: diff:0 diff_capped:0 empty:0 hashmatch:0 no_change:0 remote_merge:0 rsync:0 ts_repl:0
Oct 14 08:36:08 np0005486729 container-server[122958]: Beginning replication run
Oct 14 08:36:08 np0005486729 container-server[122958]: Replication run OVER
Oct 14 08:36:08 np0005486729 container-server[122958]: Attempted to replicate 0 dbs in 0.00216 seconds (0.00000/s)
Oct 14 08:36:08 np0005486729 container-server[122958]: Removed 0 dbs
Oct 14 08:36:08 np0005486729 container-server[122958]: 0 successes, 0 failures
Oct 14 08:36:08 np0005486729 container-server[122958]: diff:0 diff_capped:0 empty:0 hashmatch:0 no_change:0 remote_merge:0 rsync:0 ts_repl:0
Oct 14 08:36:09 np0005486729 object-server[123598]: Starting object replication pass.
Oct 14 08:36:09 np0005486729 object-server[123598]: Nothing replicated for 0.0022268295288085938 seconds.
Oct 14 08:36:09 np0005486729 object-server[123598]: Object replication complete. (0.00 minutes)
Oct 14 08:36:10 np0005486729 object-server[208869]: Begin object audit "forever" mode (ZBF)
Oct 14 08:36:10 np0005486729 object-server[208869]: Object audit (ZBF) "forever" mode completed: 0.00s. Total quarantined: 0, Total errors: 0, Total files/sec: 0.00, Total bytes/sec: 0.00, Auditing time: 0.00, Rate: 0.00
Oct 14 08:36:10 np0005486729 object-server[208870]: Begin object audit "forever" mode (ALL)
Oct 14 08:36:10 np0005486729 object-server[208870]: Object audit (ALL) "forever" mode completed: 0.00s. Total quarantined: 0, Total errors: 0, Total files/sec: 0.00, Total bytes/sec: 0.00, Auditing time: 0.00, Rate: 0.00
Oct 14 08:36:13 np0005486729 account-server[122697]: Beginning replication run
Oct 14 08:36:13 np0005486729 account-server[122697]: Replication run OVER
Oct 14 08:36:13 np0005486729 account-server[122697]: Attempted to replicate 0 dbs in 0.00139 seconds (0.00000/s)
Oct 14 08:36:13 np0005486729 account-server[122697]: Removed 0 dbs
Oct 14 08:36:13 np0005486729 account-server[122697]: 0 successes, 0 failures
Oct 14 08:36:13 np0005486729 account-server[122697]: diff:0 diff_capped:0 empty:0 hashmatch:0 no_change:0 remote_merge:0 rsync:0 ts_repl:0
Oct 14 08:36:15 np0005486729 account-server[123331]: 172.20.0.103 - - [14/Oct/2025:08:36:15 +0000] "HEAD /d1/338/AUTH_f669ac1a1893421f91ae49881790edbc" 404 - "HEAD http://172.18.0.210:8080/v1/AUTH_f669ac1a1893421f91ae49881790edbc?format=json" "tx36c94145f66245419ab67-0068ee0b7f" "proxy-server 20" 0.0005 "-" 23 -
Oct 14 08:36:16 np0005486729 object-server[123840]: 172.20.0.103 - - [14/Oct/2025:08:36:16 +0000] "GET /d1/160/AUTH_f669ac1a1893421f91ae49881790edbc/gnocchi.3b1c1661-98a9-4209-b569-c17f57c06b9c/none_v3" 404 70 "GET http://172.18.0.210:8080/v1/AUTH_f669ac1a1893421f91ae49881790edbc/gnocchi.3b1c1661-98a9-4209-b569-c17f57c06b9c/none_v3" "tx36c94145f66245419ab67-0068ee0b7f" "proxy-server 20" 0.0012 "-" 22 0
Oct 14 08:36:16 np0005486729 account-server[123320]: 172.20.0.105 - - [14/Oct/2025:08:36:16 +0000] "PUT /d1/338/AUTH_f669ac1a1893421f91ae49881790edbc" 201 - "-" "tx7c9bb67dd93e44519d542-0068ee0b80" "-" 0.0188 "-" 22 -
Oct 14 08:36:16 np0005486729 account-server[123320]: 172.20.0.105 - - [14/Oct/2025:08:36:16 +0000] "HEAD /d1/338/AUTH_f669ac1a1893421f91ae49881790edbc" 204 - "HEAD http://172.18.0.210:8080/v1/AUTH_f669ac1a1893421f91ae49881790edbc?format=json" "tx7c9bb67dd93e44519d542-0068ee0b80" "proxy-server 20" 0.0021 "-" 22 -
Oct 14 08:36:16 np0005486729 account-server[123296]: 172.20.0.103 - - [14/Oct/2025:08:36:16 +0000] "PUT /d1/338/AUTH_f669ac1a1893421f91ae49881790edbc/gnocchi.3b1c1661-98a9-4209-b569-c17f57c06b9c" 201 - "PUT http://172.20.0.103:6001/d1/811/AUTH_f669ac1a1893421f91ae49881790edbc/gnocchi.3b1c1661-98a9-4209-b569-c17f57c06b9c" "tx7c9bb67dd93e44519d542-0068ee0b80" "container-server 21" 0.0029 "-" 21 0
Oct 14 08:36:16 np0005486729 container-server[123441]: 172.20.0.105 - - [14/Oct/2025:08:36:16 +0000] "PUT /d1/811/AUTH_f669ac1a1893421f91ae49881790edbc/gnocchi.3b1c1661-98a9-4209-b569-c17f57c06b9c" 201 - "PUT http://172.18.0.210:8080/v1/AUTH_f669ac1a1893421f91ae49881790edbc/gnocchi.3b1c1661-98a9-4209-b569-c17f57c06b9c" "tx7c9bb67dd93e44519d542-0068ee0b80" "proxy-server 20" 0.0214 "-" 19 0
Oct 14 08:36:16 np0005486729 container-server[123442]: 172.20.0.104 - - [14/Oct/2025:08:36:16 +0000] "HEAD /d1/811/AUTH_f669ac1a1893421f91ae49881790edbc/gnocchi.3b1c1661-98a9-4209-b569-c17f57c06b9c" 204 - "HEAD http://172.18.0.210:8080/v1/AUTH_f669ac1a1893421f91ae49881790edbc/gnocchi.3b1c1661-98a9-4209-b569-c17f57c06b9c?format=json&states=listing" "tx85c1609b5e2840ea9ff95-0068ee0b80" "proxy-server 12" 0.0032 "-" 20 0
Oct 14 08:36:16 np0005486729 proxy-server[125087]: - - 14/Oct/2025/08/36/16 HEAD /v1/AUTH_f669ac1a1893421f91ae49881790edbc/gnocchi.3b1c1661-98a9-4209-b569-c17f57c06b9c%3Fformat%3Djson%26states%3Dlisting HTTP/1.0 204 - Swift - - - - tx85c1609b5e2840ea9ff95-0068ee0b80 - 0.0097 RL - 1760430976.461770535 1760430976.471461058 0
Oct 14 08:36:16 np0005486729 container-server[123441]: 172.20.0.104 - - [14/Oct/2025:08:36:16 +0000] "GET /d1/811/AUTH_f669ac1a1893421f91ae49881790edbc/gnocchi.3b1c1661-98a9-4209-b569-c17f57c06b9c" 200 2 "GET http://172.18.0.210:8080/v1/AUTH_f669ac1a1893421f91ae49881790edbc/gnocchi.3b1c1661-98a9-4209-b569-c17f57c06b9c?format=json&states=listing" "tx85c1609b5e2840ea9ff95-0068ee0b80" "proxy-server 12" 0.0058 "-" 19 0
Oct 14 08:36:16 np0005486729 proxy-server[125087]: 172.18.0.105 172.18.0.104 14/Oct/2025/08/36/16 GET /v1/AUTH_f669ac1a1893421f91ae49881790edbc/gnocchi.3b1c1661-98a9-4209-b569-c17f57c06b9c%3Fformat%3Djson%26states%3Dlisting HTTP/1.0 200 - python-swiftclient-3.11.1 gAAAAABo7gt_3y-i... - 2 - tx85c1609b5e2840ea9ff95-0068ee0b80 - 0.0347 - - 1760430976.454184294 1760430976.488916636 0
Oct 14 08:36:16 np0005486729 object-server[123840]: 172.20.0.103 - - [14/Oct/2025:08:36:16 +0000] "GET /d1/365/AUTH_f669ac1a1893421f91ae49881790edbc/gnocchi.3b1c1661-98a9-4209-b569-c17f57c06b9c/1760400000.0_mean_300.0_v3" 404 70 "GET http://172.18.0.210:8080/v1/AUTH_f669ac1a1893421f91ae49881790edbc/gnocchi.3b1c1661-98a9-4209-b569-c17f57c06b9c/1760400000.0_mean_300.0_v3" "tx848dfc1a3cc04fc9af531-0068ee0b80" "proxy-server 20" 0.0004 "-" 22 0
Oct 14 08:36:16 np0005486729 object-server[123847]: 172.20.0.105 - - [14/Oct/2025:08:36:16 +0000] "PUT /d1/365/AUTH_f669ac1a1893421f91ae49881790edbc/gnocchi.3b1c1661-98a9-4209-b569-c17f57c06b9c/1760400000.0_mean_300.0_v3" 201 - "PUT http://172.18.0.210:8080/v1/AUTH_f669ac1a1893421f91ae49881790edbc/gnocchi.3b1c1661-98a9-4209-b569-c17f57c06b9c/1760400000.0_mean_300.0_v3" "txe661b2fbba624f45ac144-0068ee0b80" "proxy-server 20" 0.0363 "-" 23 0
Oct 14 08:36:16 np0005486729 container-server[123442]: 172.20.0.103 - - [14/Oct/2025:08:36:16 +0000] "PUT /d1/811/AUTH_f669ac1a1893421f91ae49881790edbc/gnocchi.3b1c1661-98a9-4209-b569-c17f57c06b9c/1760400000.0_mean_300.0_v3" 201 - "PUT http://172.18.0.210:8080/d1/365/AUTH_f669ac1a1893421f91ae49881790edbc/gnocchi.3b1c1661-98a9-4209-b569-c17f57c06b9c/1760400000.0_mean_300.0_v3" "txe661b2fbba624f45ac144-0068ee0b80" "object-server 24" 0.0015 "-" 20 0
Oct 14 08:36:16 np0005486729 container-server[123441]: 172.20.0.105 - - [14/Oct/2025:08:36:16 +0000] "PUT /d1/811/AUTH_f669ac1a1893421f91ae49881790edbc/gnocchi.3b1c1661-98a9-4209-b569-c17f57c06b9c/none_v3" 201 - "PUT http://172.18.0.210:8080/d1/160/AUTH_f669ac1a1893421f91ae49881790edbc/gnocchi.3b1c1661-98a9-4209-b569-c17f57c06b9c/none_v3" "tx83d9e8cb9f09420b91313-0068ee0b80" "object-server 25" 0.0013 "-" 19 0
Oct 14 08:36:16 np0005486729 object-server[123863]: 172.20.0.104 - - [14/Oct/2025:08:36:16 +0000] "PUT /d1/160/AUTH_f669ac1a1893421f91ae49881790edbc/gnocchi.3b1c1661-98a9-4209-b569-c17f57c06b9c/none_v3" 201 - "PUT http://172.18.0.210:8080/v1/AUTH_f669ac1a1893421f91ae49881790edbc/gnocchi.3b1c1661-98a9-4209-b569-c17f57c06b9c/none_v3" "tx83d9e8cb9f09420b91313-0068ee0b80" "proxy-server 12" 0.0400 "-" 25 0
Oct 14 08:36:16 np0005486729 proxy-server[125087]: 172.18.0.105 172.18.0.104 14/Oct/2025/08/36/16 PUT /v1/AUTH_f669ac1a1893421f91ae49881790edbc/gnocchi.3b1c1661-98a9-4209-b569-c17f57c06b9c/none_v3 HTTP/1.0 201 - python-swiftclient-3.11.1 gAAAAABo7gt_3y-i... 22 - - tx83d9e8cb9f09420b91313-0068ee0b80 - 0.0495 - - 1760430976.580208778 1760430976.629731894 0
Oct 14 08:36:38 np0005486729 container-server[122958]: Beginning replication run
Oct 14 08:36:38 np0005486729 container-server[122958]: Replication run OVER
Oct 14 08:36:38 np0005486729 container-server[122958]: Attempted to replicate 1 dbs in 0.03638 seconds (27.48625/s)
Oct 14 08:36:38 np0005486729 container-server[122958]: Removed 0 dbs
Oct 14 08:36:38 np0005486729 container-server[122958]: 2 successes, 0 failures
Oct 14 08:36:38 np0005486729 container-server[122958]: diff:0 diff_capped:0 empty:0 hashmatch:0 no_change:2 remote_merge:0 rsync:0 ts_repl:0
Oct 14 08:36:39 np0005486729 object-server[123598]: Starting object replication pass.
Oct 14 08:36:39 np0005486729 object-server[123598]: 2/2 (100.00%) partitions replicated in 0.04s (46.23/sec, 0s remaining)
Oct 14 08:36:39 np0005486729 object-server[123598]: 4 successes, 0 failures
Oct 14 08:36:39 np0005486729 object-server[123598]: 2 suffixes checked - 0.00% hashed, 0.00% synced
Oct 14 08:36:39 np0005486729 object-server[123598]: Partition times: max 0.0243s, min 0.0141s, med 0.0243s
Oct 14 08:36:39 np0005486729 object-server[123598]: Object replication complete. (0.00 minutes)
Oct 14 08:36:41 np0005486729 object-server[208912]: Begin object audit "forever" mode (ZBF)
Oct 14 08:36:41 np0005486729 object-server[208912]: Object audit (ZBF). Since Tue Oct 14 08:36:41 2025: Locally: 1 passed, 0 quarantined, 0 errors, files/sec: 386.00, bytes/sec: 0.00, Total time: 0.00, Auditing time: 0.00, Rate: 0.00
Oct 14 08:36:41 np0005486729 object-server[208912]: Object audit (ZBF) "forever" mode completed: 0.01s. Total quarantined: 0, Total errors: 0, Total files/sec: 329.33, Total bytes/sec: 0.00, Auditing time: 0.00, Rate: 0.26
Oct 14 08:36:41 np0005486729 account-server[123288]: 172.20.0.105 - - [14/Oct/2025:08:36:41 +0000] "HEAD /d1/509/.expiring_objects" 404 - "HEAD http://localhost/v1/.expiring_objects?format=json" "txfd75dd2dd8a44128b1aa1-0068ee0b99" "proxy-server 2" 0.0009 "-" 20 -
Oct 14 08:36:43 np0005486729 account-server[122697]: Beginning replication run
Oct 14 08:36:44 np0005486729 account-server[122697]: Replication run OVER
Oct 14 08:36:44 np0005486729 account-server[122697]: Attempted to replicate 1 dbs in 0.02998 seconds (33.35313/s)
Oct 14 08:36:44 np0005486729 account-server[122697]: Removed 0 dbs
Oct 14 08:36:44 np0005486729 account-server[122697]: 2 successes, 0 failures
Oct 14 08:36:44 np0005486729 account-server[122697]: diff:0 diff_capped:0 empty:0 hashmatch:0 no_change:2 remote_merge:0 rsync:0 ts_repl:0
Oct 14 08:36:44 np0005486729 account-server[123288]: 172.20.0.103 - - [14/Oct/2025:08:36:44 +0000] "HEAD /d1/509/.expiring_objects" 404 - "HEAD http://localhost/v1/.expiring_objects?format=json" "txe809201efd5f41b2aebe5-0068ee0b9c" "proxy-server 2" 0.0007 "-" 20 -
Oct 14 08:36:45 np0005486729 container-server[123441]: 172.20.0.104 - - [14/Oct/2025:08:36:45 +0000] "GET /d1/811/AUTH_f669ac1a1893421f91ae49881790edbc/gnocchi.3b1c1661-98a9-4209-b569-c17f57c06b9c" 200 2 "GET http://172.18.0.210:8080/v1/AUTH_f669ac1a1893421f91ae49881790edbc/gnocchi.3b1c1661-98a9-4209-b569-c17f57c06b9c?format=json&marker=none_v3&states=listing" "txe5b0515e34c240e289e39-0068ee0b9d" "proxy-server 12" 0.0031 "-" 19 0
Oct 14 08:36:45 np0005486729 proxy-server[125087]: 172.18.0.105 172.18.0.104 14/Oct/2025/08/36/45 GET /v1/AUTH_f669ac1a1893421f91ae49881790edbc/gnocchi.3b1c1661-98a9-4209-b569-c17f57c06b9c%3Fformat%3Djson%26marker%3Dnone_v3%26states%3Dlisting HTTP/1.0 200 - python-swiftclient-3.11.1 gAAAAABo7gt_3y-i... - 2 - txe5b0515e34c240e289e39-0068ee0b9d - 0.0163 - - 1760431005.576223373 1760431005.592526197 0
Oct 14 08:36:45 np0005486729 container-server[123455]: 172.20.0.104 - - [14/Oct/2025:08:36:45 +0000] "PUT /d1/811/AUTH_f669ac1a1893421f91ae49881790edbc/gnocchi.3b1c1661-98a9-4209-b569-c17f57c06b9c/1760400000.0_mean_300.0_v3" 201 - "PUT http://172.18.0.210:8080/d1/365/AUTH_f669ac1a1893421f91ae49881790edbc/gnocchi.3b1c1661-98a9-4209-b569-c17f57c06b9c/1760400000.0_mean_300.0_v3" "tx66a160282f504b44a2ae8-0068ee0b9d" "object-server 25" 0.0010 "-" 22 0
Oct 14 08:36:45 np0005486729 object-server[123863]: 172.20.0.105 - - [14/Oct/2025:08:36:45 +0000] "PUT /d1/365/AUTH_f669ac1a1893421f91ae49881790edbc/gnocchi.3b1c1661-98a9-4209-b569-c17f57c06b9c/1760400000.0_mean_300.0_v3" 201 - "PUT http://172.18.0.210:8080/v1/AUTH_f669ac1a1893421f91ae49881790edbc/gnocchi.3b1c1661-98a9-4209-b569-c17f57c06b9c/1760400000.0_mean_300.0_v3" "tx66a160282f504b44a2ae8-0068ee0b9d" "proxy-server 20" 0.0147 "-" 25 0
Oct 14 08:36:45 np0005486729 container-server[123441]: 172.20.0.105 - - [14/Oct/2025:08:36:45 +0000] "PUT /d1/811/AUTH_f669ac1a1893421f91ae49881790edbc/gnocchi.3b1c1661-98a9-4209-b569-c17f57c06b9c/none_v3" 201 - "PUT http://172.18.0.210:8080/d1/160/AUTH_f669ac1a1893421f91ae49881790edbc/gnocchi.3b1c1661-98a9-4209-b569-c17f57c06b9c/none_v3" "txb126e296251c44509ea87-0068ee0b9d" "object-server 24" 0.0006 "-" 19 0
Oct 14 08:36:45 np0005486729 object-server[123847]: 172.20.0.104 - - [14/Oct/2025:08:36:45 +0000] "PUT /d1/160/AUTH_f669ac1a1893421f91ae49881790edbc/gnocchi.3b1c1661-98a9-4209-b569-c17f57c06b9c/none_v3" 201 - "PUT http://172.18.0.210:8080/v1/AUTH_f669ac1a1893421f91ae49881790edbc/gnocchi.3b1c1661-98a9-4209-b569-c17f57c06b9c/none_v3" "txb126e296251c44509ea87-0068ee0b9d" "proxy-server 12" 0.0269 "-" 23 0
Oct 14 08:36:45 np0005486729 proxy-server[125087]: 172.18.0.105 172.18.0.104 14/Oct/2025/08/36/45 PUT /v1/AUTH_f669ac1a1893421f91ae49881790edbc/gnocchi.3b1c1661-98a9-4209-b569-c17f57c06b9c/none_v3 HTTP/1.0 201 - python-swiftclient-3.11.1 gAAAAABo7gt_3y-i... 32 - - txb126e296251c44509ea87-0068ee0b9d - 0.0480 - - 1760431005.651529551 1760431005.699546099 0
Oct 14 08:37:08 np0005486729 container-server[122958]: Beginning replication run
Oct 14 08:37:08 np0005486729 container-server[122958]: Replication run OVER
Oct 14 08:37:08 np0005486729 container-server[122958]: Attempted to replicate 1 dbs in 0.04104 seconds (24.36899/s)
Oct 14 08:37:08 np0005486729 container-server[122958]: Removed 0 dbs
Oct 14 08:37:08 np0005486729 container-server[122958]: 2 successes, 0 failures
Oct 14 08:37:08 np0005486729 container-server[122958]: diff:0 diff_capped:0 empty:0 hashmatch:0 no_change:2 remote_merge:0 rsync:0 ts_repl:0
Oct 14 08:37:09 np0005486729 object-server[123598]: Starting object replication pass.
Oct 14 08:37:09 np0005486729 object-server[123598]: 2/2 (100.00%) partitions replicated in 0.04s (54.90/sec, 0s remaining)
Oct 14 08:37:09 np0005486729 object-server[123598]: 4 successes, 0 failures
Oct 14 08:37:09 np0005486729 object-server[123598]: 2 suffixes checked - 0.00% hashed, 0.00% synced
Oct 14 08:37:09 np0005486729 object-server[123598]: Partition times: max 0.0225s, min 0.0086s, med 0.0225s
Oct 14 08:37:09 np0005486729 object-server[123598]: Object replication complete. (0.00 minutes)
Oct 14 08:37:11 np0005486729 object-server[214710]: Begin object audit "forever" mode (ZBF)
Oct 14 08:37:11 np0005486729 object-server[214710]: Object audit (ZBF). Since Tue Oct 14 08:37:11 2025: Locally: 1 passed, 0 quarantined, 0 errors, files/sec: 895.07, bytes/sec: 0.00, Total time: 0.00, Auditing time: 0.00, Rate: 0.00
Oct 14 08:37:11 np0005486729 object-server[214710]: Object audit (ZBF) "forever" mode completed: 0.00s. Total quarantined: 0, Total errors: 0, Total files/sec: 426.64, Total bytes/sec: 0.00, Auditing time: 0.00, Rate: 0.17
Oct 14 08:37:11 np0005486729 object-server[214711]: Begin object audit "forever" mode (ALL)
Oct 14 08:37:11 np0005486729 object-server[214711]: Object audit (ALL). Since Tue Oct 14 08:37:11 2025: Locally: 1 passed, 0 quarantined, 0 errors, files/sec: 83.38, bytes/sec: 1334.07, Total time: 0.01, Auditing time: 0.00, Rate: 0.00
Oct 14 08:37:11 np0005486729 object-server[214711]: Object audit (ALL) "forever" mode completed: 0.03s. Total quarantined: 0, Total errors: 0, Total files/sec: 76.97, Total bytes/sec: 1847.17, Auditing time: 0.02, Rate: 0.83
Oct 14 08:37:13 np0005486729 account-server[122697]: Beginning replication run
Oct 14 08:37:14 np0005486729 account-server[122697]: Replication run OVER
Oct 14 08:37:14 np0005486729 account-server[122697]: Attempted to replicate 1 dbs in 0.01764 seconds (56.70015/s)
Oct 14 08:37:14 np0005486729 account-server[122697]: Removed 0 dbs
Oct 14 08:37:14 np0005486729 account-server[122697]: 2 successes, 0 failures
Oct 14 08:37:14 np0005486729 account-server[122697]: diff:0 diff_capped:0 empty:0 hashmatch:0 no_change:2 remote_merge:0 rsync:0 ts_repl:0
Oct 14 08:37:16 np0005486729 container-server[123455]: 172.20.0.103 - - [14/Oct/2025:08:37:16 +0000] "HEAD /d1/11/AUTH_f669ac1a1893421f91ae49881790edbc/gnocchi.a3a290ed-5229-4b1d-b88d-f8068665441e" 404 - "HEAD http://172.18.0.210:8080/v1/AUTH_f669ac1a1893421f91ae49881790edbc/gnocchi.a3a290ed-5229-4b1d-b88d-f8068665441e?format=json&states=listing" "tx67e0e917eb0e43e188214-0068ee0bbc" "proxy-server 20" 0.0013 "-" 22 0
Oct 14 08:37:16 np0005486729 object-server[123863]: 172.20.0.103 - - [14/Oct/2025:08:37:16 +0000] "GET /d1/169/AUTH_f669ac1a1893421f91ae49881790edbc/gnocchi.a3a290ed-5229-4b1d-b88d-f8068665441e/none_v3" 404 70 "GET http://172.18.0.210:8080/v1/AUTH_f669ac1a1893421f91ae49881790edbc/gnocchi.a3a290ed-5229-4b1d-b88d-f8068665441e/none_v3" "tx67e0e917eb0e43e188214-0068ee0bbc" "proxy-server 20" 0.0007 "-" 25 0
Oct 14 08:37:16 np0005486729 container-server[123455]: 172.20.0.105 - - [14/Oct/2025:08:37:16 +0000] "PUT /d1/11/AUTH_f669ac1a1893421f91ae49881790edbc/gnocchi.a3a290ed-5229-4b1d-b88d-f8068665441e" 201 - "PUT http://172.18.0.210:8080/v1/AUTH_f669ac1a1893421f91ae49881790edbc/gnocchi.a3a290ed-5229-4b1d-b88d-f8068665441e" "txe7bfefd884d94880a7e4e-0068ee0bbc" "proxy-server 20" 0.0182 "-" 22 0
Oct 14 08:37:16 np0005486729 account-server[123331]: 172.20.0.105 - - [14/Oct/2025:08:37:16 +0000] "PUT /d1/338/AUTH_f669ac1a1893421f91ae49881790edbc/gnocchi.a3a290ed-5229-4b1d-b88d-f8068665441e" 201 - "PUT http://172.20.0.105:6001/d1/11/AUTH_f669ac1a1893421f91ae49881790edbc/gnocchi.a3a290ed-5229-4b1d-b88d-f8068665441e" "txe7bfefd884d94880a7e4e-0068ee0bbc" "container-server 23" 0.0029 "-" 23 0
Oct 14 08:37:16 np0005486729 proxy-server[125087]: - - 14/Oct/2025/08/37/16 HEAD /v1/AUTH_f669ac1a1893421f91ae49881790edbc/gnocchi.a3a290ed-5229-4b1d-b88d-f8068665441e%3Fformat%3Djson%26states%3Dlisting HTTP/1.0 204 - Swift - - - - tx29ba851557a7474987c29-0068ee0bbc - 0.0117 RL - 1760431036.480162382 1760431036.491904736 0
Oct 14 08:37:16 np0005486729 proxy-server[125087]: 172.18.0.105 172.18.0.104 14/Oct/2025/08/37/16 GET /v1/AUTH_f669ac1a1893421f91ae49881790edbc/gnocchi.a3a290ed-5229-4b1d-b88d-f8068665441e%3Fformat%3Djson%26states%3Dlisting HTTP/1.0 200 - python-swiftclient-3.11.1 gAAAAABo7gt_3y-i... - 2 - tx29ba851557a7474987c29-0068ee0bbc - 0.0292 - - 1760431036.477518797 1760431036.506764650 0
Oct 14 08:37:16 np0005486729 object-server[123852]: 172.20.0.103 - - [14/Oct/2025:08:37:16 +0000] "GET /d1/425/AUTH_f669ac1a1893421f91ae49881790edbc/gnocchi.a3a290ed-5229-4b1d-b88d-f8068665441e/1760400000.0_mean_300.0_v3" 404 70 "GET http://172.18.0.210:8080/v1/AUTH_f669ac1a1893421f91ae49881790edbc/gnocchi.a3a290ed-5229-4b1d-b88d-f8068665441e/1760400000.0_mean_300.0_v3" "tx0e69f57a36894aafa392e-0068ee0bbc" "proxy-server 20" 0.0013 "-" 24 0
Oct 14 08:37:16 np0005486729 container-server[123465]: 172.20.0.105 - - [14/Oct/2025:08:37:16 +0000] "PUT /d1/11/AUTH_f669ac1a1893421f91ae49881790edbc/gnocchi.a3a290ed-5229-4b1d-b88d-f8068665441e/1760400000.0_mean_300.0_v3" 201 - "PUT http://172.18.0.210:8080/d1/425/AUTH_f669ac1a1893421f91ae49881790edbc/gnocchi.a3a290ed-5229-4b1d-b88d-f8068665441e/1760400000.0_mean_300.0_v3" "txa9f47fce7dbc410e9a2a0-0068ee0bbc" "object-server 24" 0.0011 "-" 23 0
Oct 14 08:37:16 np0005486729 object-server[123840]: 172.20.0.105 - - [14/Oct/2025:08:37:16 +0000] "PUT /d1/425/AUTH_f669ac1a1893421f91ae49881790edbc/gnocchi.a3a290ed-5229-4b1d-b88d-f8068665441e/1760400000.0_mean_300.0_v3" 201 - "PUT http://172.18.0.210:8080/v1/AUTH_f669ac1a1893421f91ae49881790edbc/gnocchi.a3a290ed-5229-4b1d-b88d-f8068665441e/1760400000.0_mean_300.0_v3" "txa9f47fce7dbc410e9a2a0-0068ee0bbc" "proxy-server 20" 0.0285 "-" 22 0
Oct 14 08:37:16 np0005486729 container-server[123442]: 172.20.0.104 - - [14/Oct/2025:08:37:16 +0000] "PUT /d1/11/AUTH_f669ac1a1893421f91ae49881790edbc/gnocchi.a3a290ed-5229-4b1d-b88d-f8068665441e/none_v3" 201 - "PUT http://172.18.0.210:8080/d1/169/AUTH_f669ac1a1893421f91ae49881790edbc/gnocchi.a3a290ed-5229-4b1d-b88d-f8068665441e/none_v3" "tx1ed4519925554ff0afbb1-0068ee0bbc" "object-server 22" 0.0010 "-" 20 0
Oct 14 08:37:16 np0005486729 object-server[123840]: 172.20.0.104 - - [14/Oct/2025:08:37:16 +0000] "PUT /d1/169/AUTH_f669ac1a1893421f91ae49881790edbc/gnocchi.a3a290ed-5229-4b1d-b88d-f8068665441e/none_v3" 201 - "PUT http://172.18.0.210:8080/v1/AUTH_f669ac1a1893421f91ae49881790edbc/gnocchi.a3a290ed-5229-4b1d-b88d-f8068665441e/none_v3" "tx1ed4519925554ff0afbb1-0068ee0bbc" "proxy-server 12" 0.0181 "-" 22 0
Oct 14 08:37:16 np0005486729 proxy-server[125087]: 172.18.0.105 172.18.0.104 14/Oct/2025/08/37/16 PUT /v1/AUTH_f669ac1a1893421f91ae49881790edbc/gnocchi.a3a290ed-5229-4b1d-b88d-f8068665441e/none_v3 HTTP/1.0 201 - python-swiftclient-3.11.1 gAAAAABo7gt_3y-i... 22 - - tx1ed4519925554ff0afbb1-0068ee0bbc - 0.0396 - - 1760431036.595896482 1760431036.635523319 0
Oct 14 08:37:16 np0005486729 container-server[123442]: 172.20.0.103 - - [14/Oct/2025:08:37:16 +0000] "HEAD /d1/601/AUTH_f669ac1a1893421f91ae49881790edbc/gnocchi.d4cec63d-aea1-48a9-a808-f808950258d2" 404 - "HEAD http://172.18.0.210:8080/v1/AUTH_f669ac1a1893421f91ae49881790edbc/gnocchi.d4cec63d-aea1-48a9-a808-f808950258d2?format=json&states=listing" "txdde29e1215ec4c8c83119-0068ee0bbc" "proxy-server 20" 0.0006 "-" 20 0
Oct 14 08:37:16 np0005486729 object-server[123863]: 172.20.0.103 - - [14/Oct/2025:08:37:16 +0000] "GET /d1/930/AUTH_f669ac1a1893421f91ae49881790edbc/gnocchi.d4cec63d-aea1-48a9-a808-f808950258d2/none_v3" 404 70 "GET http://172.18.0.210:8080/v1/AUTH_f669ac1a1893421f91ae49881790edbc/gnocchi.d4cec63d-aea1-48a9-a808-f808950258d2/none_v3" "txdde29e1215ec4c8c83119-0068ee0bbc" "proxy-server 20" 0.0005 "-" 25 0
Oct 14 08:37:16 np0005486729 account-server[123296]: 172.20.0.104 - - [14/Oct/2025:08:37:16 +0000] "PUT /d1/338/AUTH_f669ac1a1893421f91ae49881790edbc/gnocchi.d4cec63d-aea1-48a9-a808-f808950258d2" 201 - "PUT http://172.20.0.104:6001/d1/601/AUTH_f669ac1a1893421f91ae49881790edbc/gnocchi.d4cec63d-aea1-48a9-a808-f808950258d2" "tx83dd394baf264d64b0919-0068ee0bbc" "container-server 20" 0.0015 "-" 21 0
Oct 14 08:37:16 np0005486729 container-server[123442]: 172.20.0.105 - - [14/Oct/2025:08:37:16 +0000] "PUT /d1/601/AUTH_f669ac1a1893421f91ae49881790edbc/gnocchi.d4cec63d-aea1-48a9-a808-f808950258d2" 201 - "PUT http://172.18.0.210:8080/v1/AUTH_f669ac1a1893421f91ae49881790edbc/gnocchi.d4cec63d-aea1-48a9-a808-f808950258d2" "tx83dd394baf264d64b0919-0068ee0bbc" "proxy-server 20" 0.0175 "-" 20 0
Oct 14 08:37:16 np0005486729 proxy-server[125087]: - - 14/Oct/2025/08/37/16 HEAD /v1/AUTH_f669ac1a1893421f91ae49881790edbc/gnocchi.d4cec63d-aea1-48a9-a808-f808950258d2%3Fformat%3Djson%26states%3Dlisting HTTP/1.0 204 - Swift - - - - tx9523ef6692c046d3bb438-0068ee0bbc - 0.0094 RL - 1760431036.738962650 1760431036.748347282 0
Oct 14 08:37:16 np0005486729 container-server[123441]: 172.20.0.104 - - [14/Oct/2025:08:37:16 +0000] "GET /d1/601/AUTH_f669ac1a1893421f91ae49881790edbc/gnocchi.d4cec63d-aea1-48a9-a808-f808950258d2" 200 2 "GET http://172.18.0.210:8080/v1/AUTH_f669ac1a1893421f91ae49881790edbc/gnocchi.d4cec63d-aea1-48a9-a808-f808950258d2?format=json&states=listing" "tx9523ef6692c046d3bb438-0068ee0bbc" "proxy-server 12" 0.0038 "-" 19 0
Oct 14 08:37:16 np0005486729 proxy-server[125087]: 172.18.0.105 172.18.0.104 14/Oct/2025/08/37/16 GET /v1/AUTH_f669ac1a1893421f91ae49881790edbc/gnocchi.d4cec63d-aea1-48a9-a808-f808950258d2%3Fformat%3Djson%26states%3Dlisting HTTP/1.0 200 - python-swiftclient-3.11.1 gAAAAABo7gt_3y-i... - 2 - tx9523ef6692c046d3bb438-0068ee0bbc - 0.0232 - - 1760431036.736934423 1760431036.760180473 0
Oct 14 08:37:16 np0005486729 object-server[123840]: 172.20.0.103 - - [14/Oct/2025:08:37:16 +0000] "GET /d1/956/AUTH_f669ac1a1893421f91ae49881790edbc/gnocchi.d4cec63d-aea1-48a9-a808-f808950258d2/1760400000.0_mean_300.0_v3" 404 70 "GET http://172.18.0.210:8080/v1/AUTH_f669ac1a1893421f91ae49881790edbc/gnocchi.d4cec63d-aea1-48a9-a808-f808950258d2/1760400000.0_mean_300.0_v3" "tx3bab34eedc1f4ef089036-0068ee0bbc" "proxy-server 20" 0.0005 "-" 22 0
Oct 14 08:37:16 np0005486729 container-server[123455]: 172.20.0.103 - - [14/Oct/2025:08:37:16 +0000] "PUT /d1/601/AUTH_f669ac1a1893421f91ae49881790edbc/gnocchi.d4cec63d-aea1-48a9-a808-f808950258d2/1760400000.0_mean_300.0_v3" 201 - "PUT http://172.18.0.210:8080/d1/956/AUTH_f669ac1a1893421f91ae49881790edbc/gnocchi.d4cec63d-aea1-48a9-a808-f808950258d2/1760400000.0_mean_300.0_v3" "tx6a24b19c07224410a8981-0068ee0bbc" "object-server 24" 0.0011 "-" 22 0
Oct 14 08:37:16 np0005486729 object-server[123847]: 172.20.0.105 - - [14/Oct/2025:08:37:16 +0000] "PUT /d1/956/AUTH_f669ac1a1893421f91ae49881790edbc/gnocchi.d4cec63d-aea1-48a9-a808-f808950258d2/1760400000.0_mean_300.0_v3" 201 - "PUT http://172.18.0.210:8080/v1/AUTH_f669ac1a1893421f91ae49881790edbc/gnocchi.d4cec63d-aea1-48a9-a808-f808950258d2/1760400000.0_mean_300.0_v3" "tx6a24b19c07224410a8981-0068ee0bbc" "proxy-server 20" 0.0236 "-" 23 0
Oct 14 08:37:16 np0005486729 container-server[123465]: 172.20.0.104 - - [14/Oct/2025:08:37:16 +0000] "PUT /d1/601/AUTH_f669ac1a1893421f91ae49881790edbc/gnocchi.d4cec63d-aea1-48a9-a808-f808950258d2/none_v3" 201 - "PUT http://172.18.0.210:8080/d1/930/AUTH_f669ac1a1893421f91ae49881790edbc/gnocchi.d4cec63d-aea1-48a9-a808-f808950258d2/none_v3" "tx50ee0b261e1944c6a3bfd-0068ee0bbc" "object-server 24" 0.0008 "-" 23 0
Oct 14 08:37:16 np0005486729 object-server[123852]: 172.20.0.104 - - [14/Oct/2025:08:37:16 +0000] "PUT /d1/930/AUTH_f669ac1a1893421f91ae49881790edbc/gnocchi.d4cec63d-aea1-48a9-a808-f808950258d2/none_v3" 201 - "PUT http://172.18.0.210:8080/v1/AUTH_f669ac1a1893421f91ae49881790edbc/gnocchi.d4cec63d-aea1-48a9-a808-f808950258d2/none_v3" "tx50ee0b261e1944c6a3bfd-0068ee0bbc" "proxy-server 12" 0.0234 "-" 24 0
Oct 14 08:37:16 np0005486729 proxy-server[125087]: 172.18.0.105 172.18.0.104 14/Oct/2025/08/37/16 PUT /v1/AUTH_f669ac1a1893421f91ae49881790edbc/gnocchi.d4cec63d-aea1-48a9-a808-f808950258d2/none_v3 HTTP/1.0 201 - python-swiftclient-3.11.1 gAAAAABo7gt_3y-i... 22 - - tx50ee0b261e1944c6a3bfd-0068ee0bbc - 0.0323 - - 1760431036.850851297 1760431036.883196354 0
Oct 14 08:37:21 np0005486729 account-server[123288]: 172.20.0.105 - - [14/Oct/2025:08:37:21 +0000] "PUT /d1/338/AUTH_f669ac1a1893421f91ae49881790edbc/gnocchi.a3a290ed-5229-4b1d-b88d-f8068665441e" 201 - "-" "-" "container-updater 2" 0.0014 "-" 20 0
Oct 14 08:37:21 np0005486729 account-server[123296]: 172.20.0.105 - - [14/Oct/2025:08:37:21 +0000] "PUT /d1/338/AUTH_f669ac1a1893421f91ae49881790edbc/gnocchi.3b1c1661-98a9-4209-b569-c17f57c06b9c" 201 - "-" "-" "container-updater 2" 0.0007 "-" 21 0
Oct 14 08:37:21 np0005486729 account-server[123288]: 172.20.0.105 - - [14/Oct/2025:08:37:21 +0000] "PUT /d1/338/AUTH_f669ac1a1893421f91ae49881790edbc/gnocchi.d4cec63d-aea1-48a9-a808-f808950258d2" 201 - "-" "-" "container-updater 2" 0.0008 "-" 20 0
Oct 14 08:37:22 np0005486729 account-server[123320]: 172.20.0.103 - - [14/Oct/2025:08:37:22 +0000] "PUT /d1/338/AUTH_f669ac1a1893421f91ae49881790edbc/gnocchi.3b1c1661-98a9-4209-b569-c17f57c06b9c" 201 - "-" "-" "container-updater 2" 0.0008 "-" 22 0
Oct 14 08:37:22 np0005486729 account-server[123296]: 172.20.0.103 - - [14/Oct/2025:08:37:22 +0000] "PUT /d1/338/AUTH_f669ac1a1893421f91ae49881790edbc/gnocchi.a3a290ed-5229-4b1d-b88d-f8068665441e" 201 - "-" "-" "container-updater 2" 0.0009 "-" 21 0
Oct 14 08:37:22 np0005486729 account-server[123320]: 172.20.0.103 - - [14/Oct/2025:08:37:22 +0000] "PUT /d1/338/AUTH_f669ac1a1893421f91ae49881790edbc/gnocchi.d4cec63d-aea1-48a9-a808-f808950258d2" 201 - "-" "-" "container-updater 2" 0.0007 "-" 22 0
Oct 14 08:37:24 np0005486729 container-server[123455]: 172.20.0.103 - - [14/Oct/2025:08:37:24 +0000] "HEAD /d1/144/AUTH_f669ac1a1893421f91ae49881790edbc/gnocchi.b2c5abdf-1671-40cb-95d0-f7ba7bec7275" 404 - "HEAD http://172.18.0.210:8080/v1/AUTH_f669ac1a1893421f91ae49881790edbc/gnocchi.b2c5abdf-1671-40cb-95d0-f7ba7bec7275?format=json&states=listing" "tx1f9603bc88d242108d0d9-0068ee0bc4" "proxy-server 20" 0.0012 "-" 22 0
Oct 14 08:37:24 np0005486729 object-server[123863]: 172.20.0.103 - - [14/Oct/2025:08:37:24 +0000] "GET /d1/121/AUTH_f669ac1a1893421f91ae49881790edbc/gnocchi.b2c5abdf-1671-40cb-95d0-f7ba7bec7275/none_v3" 404 70 "GET http://172.18.0.210:8080/v1/AUTH_f669ac1a1893421f91ae49881790edbc/gnocchi.b2c5abdf-1671-40cb-95d0-f7ba7bec7275/none_v3" "tx1f9603bc88d242108d0d9-0068ee0bc4" "proxy-server 20" 0.0006 "-" 25 0
Oct 14 08:37:24 np0005486729 account-server[123320]: 172.20.0.104 - - [14/Oct/2025:08:37:24 +0000] "PUT /d1/338/AUTH_f669ac1a1893421f91ae49881790edbc/gnocchi.b2c5abdf-1671-40cb-95d0-f7ba7bec7275" 201 - "PUT http://172.20.0.104:6001/d1/144/AUTH_f669ac1a1893421f91ae49881790edbc/gnocchi.b2c5abdf-1671-40cb-95d0-f7ba7bec7275" "tx5d520b711f364613abb0c-0068ee0bc4" "container-server 19" 0.0054 "-" 22 0
Oct 14 08:37:24 np0005486729 container-server[123441]: 172.20.0.105 - - [14/Oct/2025:08:37:24 +0000] "PUT /d1/144/AUTH_f669ac1a1893421f91ae49881790edbc/gnocchi.b2c5abdf-1671-40cb-95d0-f7ba7bec7275" 201 - "PUT http://172.18.0.210:8080/v1/AUTH_f669ac1a1893421f91ae49881790edbc/gnocchi.b2c5abdf-1671-40cb-95d0-f7ba7bec7275" "tx5d520b711f364613abb0c-0068ee0bc4" "proxy-server 20" 0.0187 "-" 19 0
Oct 14 08:37:24 np0005486729 proxy-server[125087]: - - 14/Oct/2025/08/37/24 HEAD /v1/AUTH_f669ac1a1893421f91ae49881790edbc/gnocchi.b2c5abdf-1671-40cb-95d0-f7ba7bec7275%3Fformat%3Djson%26states%3Dlisting HTTP/1.0 204 - Swift - - - - tx3a6423dee280465683ad6-0068ee0bc4 - 0.0067 RL - 1760431044.299376965 1760431044.306112528 0
Oct 14 08:37:24 np0005486729 proxy-server[125087]: 172.18.0.105 172.18.0.104 14/Oct/2025/08/37/24 GET /v1/AUTH_f669ac1a1893421f91ae49881790edbc/gnocchi.b2c5abdf-1671-40cb-95d0-f7ba7bec7275%3Fformat%3Djson%26states%3Dlisting HTTP/1.0 200 - python-swiftclient-3.11.1 gAAAAABo7gt_3y-i... - 2 - tx3a6423dee280465683ad6-0068ee0bc4 - 0.0229 - - 1760431044.297336340 1760431044.320237637 0
Oct 14 08:37:24 np0005486729 object-server[123852]: 172.20.0.103 - - [14/Oct/2025:08:37:24 +0000] "GET /d1/714/AUTH_f669ac1a1893421f91ae49881790edbc/gnocchi.b2c5abdf-1671-40cb-95d0-f7ba7bec7275/1760400000.0_mean_300.0_v3" 404 70 "GET http://172.18.0.210:8080/v1/AUTH_f669ac1a1893421f91ae49881790edbc/gnocchi.b2c5abdf-1671-40cb-95d0-f7ba7bec7275/1760400000.0_mean_300.0_v3" "txcef5f27a03cc47f5883e6-0068ee0bc4" "proxy-server 20" 0.0006 "-" 24 0
Oct 14 08:37:24 np0005486729 container-server[123455]: 172.20.0.105 - - [14/Oct/2025:08:37:24 +0000] "PUT /d1/144/AUTH_f669ac1a1893421f91ae49881790edbc/gnocchi.b2c5abdf-1671-40cb-95d0-f7ba7bec7275/1760400000.0_mean_300.0_v3" 201 - "PUT http://172.18.0.210:8080/d1/714/AUTH_f669ac1a1893421f91ae49881790edbc/gnocchi.b2c5abdf-1671-40cb-95d0-f7ba7bec7275/1760400000.0_mean_300.0_v3" "tx2059987d823d4c74bbafd-0068ee0bc4" "object-server 22" 0.0012 "-" 22 0
Oct 14 08:37:24 np0005486729 object-server[123840]: 172.20.0.105 - - [14/Oct/2025:08:37:24 +0000] "PUT /d1/714/AUTH_f669ac1a1893421f91ae49881790edbc/gnocchi.b2c5abdf-1671-40cb-95d0-f7ba7bec7275/1760400000.0_mean_300.0_v3" 201 - "PUT http://172.18.0.210:8080/v1/AUTH_f669ac1a1893421f91ae49881790edbc/gnocchi.b2c5abdf-1671-40cb-95d0-f7ba7bec7275/1760400000.0_mean_300.0_v3" "tx2059987d823d4c74bbafd-0068ee0bc4" "proxy-server 20" 0.0137 "-" 22 0
Oct 14 08:37:24 np0005486729 container-server[123441]: 172.20.0.105 - - [14/Oct/2025:08:37:24 +0000] "PUT /d1/144/AUTH_f669ac1a1893421f91ae49881790edbc/gnocchi.b2c5abdf-1671-40cb-95d0-f7ba7bec7275/none_v3" 201 - "PUT http://172.18.0.210:8080/d1/121/AUTH_f669ac1a1893421f91ae49881790edbc/gnocchi.b2c5abdf-1671-40cb-95d0-f7ba7bec7275/none_v3" "txf6ba88acb49a43f1a5e99-0068ee0bc4" "object-server 22" 0.0010 "-" 19 0
Oct 14 08:37:24 np0005486729 object-server[123852]: 172.20.0.104 - - [14/Oct/2025:08:37:24 +0000] "PUT /d1/121/AUTH_f669ac1a1893421f91ae49881790edbc/gnocchi.b2c5abdf-1671-40cb-95d0-f7ba7bec7275/none_v3" 201 - "PUT http://172.18.0.210:8080/v1/AUTH_f669ac1a1893421f91ae49881790edbc/gnocchi.b2c5abdf-1671-40cb-95d0-f7ba7bec7275/none_v3" "txf6ba88acb49a43f1a5e99-0068ee0bc4" "proxy-server 12" 0.0209 "-" 24 0
Oct 14 08:37:24 np0005486729 proxy-server[125087]: 172.18.0.105 172.18.0.104 14/Oct/2025/08/37/24 PUT /v1/AUTH_f669ac1a1893421f91ae49881790edbc/gnocchi.b2c5abdf-1671-40cb-95d0-f7ba7bec7275/none_v3 HTTP/1.0 201 - python-swiftclient-3.11.1 gAAAAABo7gt_3y-i... 22 - - txf6ba88acb49a43f1a5e99-0068ee0bc4 - 0.0346 - - 1760431044.370855331 1760431044.405469179 0
Oct 14 08:37:24 np0005486729 container-server[123455]: 172.20.0.103 - - [14/Oct/2025:08:37:24 +0000] "HEAD /d1/334/AUTH_f669ac1a1893421f91ae49881790edbc/gnocchi.fc9d9bf6-3e16-42c3-82ff-c7840959987d" 404 - "HEAD http://172.18.0.210:8080/v1/AUTH_f669ac1a1893421f91ae49881790edbc/gnocchi.fc9d9bf6-3e16-42c3-82ff-c7840959987d?format=json&states=listing" "txf40b96a52f374d788cc56-0068ee0bc4" "proxy-server 20" 0.0008 "-" 22 0
Oct 14 08:37:24 np0005486729 object-server[123840]: 172.20.0.103 - - [14/Oct/2025:08:37:24 +0000] "GET /d1/608/AUTH_f669ac1a1893421f91ae49881790edbc/gnocchi.fc9d9bf6-3e16-42c3-82ff-c7840959987d/none_v3" 404 70 "GET http://172.18.0.210:8080/v1/AUTH_f669ac1a1893421f91ae49881790edbc/gnocchi.fc9d9bf6-3e16-42c3-82ff-c7840959987d/none_v3" "txf40b96a52f374d788cc56-0068ee0bc4" "proxy-server 20" 0.0005 "-" 22 0
Oct 14 08:37:24 np0005486729 account-server[123331]: 172.20.0.105 - - [14/Oct/2025:08:37:24 +0000] "PUT /d1/338/AUTH_f669ac1a1893421f91ae49881790edbc/gnocchi.fc9d9bf6-3e16-42c3-82ff-c7840959987d" 201 - "PUT http://172.20.0.105:6001/d1/334/AUTH_f669ac1a1893421f91ae49881790edbc/gnocchi.fc9d9bf6-3e16-42c3-82ff-c7840959987d" "tx38e748e77fa345aca99cb-0068ee0bc4" "container-server 22" 0.0053 "-" 23 0
Oct 14 08:37:24 np0005486729 container-server[123455]: 172.20.0.105 - - [14/Oct/2025:08:37:24 +0000] "PUT /d1/334/AUTH_f669ac1a1893421f91ae49881790edbc/gnocchi.fc9d9bf6-3e16-42c3-82ff-c7840959987d" 201 - "PUT http://172.18.0.210:8080/v1/AUTH_f669ac1a1893421f91ae49881790edbc/gnocchi.fc9d9bf6-3e16-42c3-82ff-c7840959987d" "tx38e748e77fa345aca99cb-0068ee0bc4" "proxy-server 20" 0.0193 "-" 22 0
Oct 14 08:37:24 np0005486729 container-server[123442]: 172.20.0.104 - - [14/Oct/2025:08:37:24 +0000] "HEAD /d1/334/AUTH_f669ac1a1893421f91ae49881790edbc/gnocchi.fc9d9bf6-3e16-42c3-82ff-c7840959987d" 204 - "HEAD http://172.18.0.210:8080/v1/AUTH_f669ac1a1893421f91ae49881790edbc/gnocchi.fc9d9bf6-3e16-42c3-82ff-c7840959987d?format=json&states=listing" "tx89a148fe500642738438c-0068ee0bc4" "proxy-server 12" 0.0016 "-" 20 0
Oct 14 08:37:24 np0005486729 proxy-server[125087]: - - 14/Oct/2025/08/37/24 HEAD /v1/AUTH_f669ac1a1893421f91ae49881790edbc/gnocchi.fc9d9bf6-3e16-42c3-82ff-c7840959987d%3Fformat%3Djson%26states%3Dlisting HTTP/1.0 204 - Swift - - - - tx89a148fe500642738438c-0068ee0bc4 - 0.0053 RL - 1760431044.490729809 1760431044.496006727 0
Oct 14 08:37:24 np0005486729 proxy-server[125087]: 172.18.0.105 172.18.0.104 14/Oct/2025/08/37/24 GET /v1/AUTH_f669ac1a1893421f91ae49881790edbc/gnocchi.fc9d9bf6-3e16-42c3-82ff-c7840959987d%3Fformat%3Djson%26states%3Dlisting HTTP/1.0 200 - python-swiftclient-3.11.1 gAAAAABo7gt_3y-i... - 2 - tx89a148fe500642738438c-0068ee0bc4 - 0.0177 - - 1760431044.488412857 1760431044.506114721 0
Oct 14 08:37:24 np0005486729 object-server[123847]: 172.20.0.103 - - [14/Oct/2025:08:37:24 +0000] "GET /d1/749/AUTH_f669ac1a1893421f91ae49881790edbc/gnocchi.fc9d9bf6-3e16-42c3-82ff-c7840959987d/1760400000.0_mean_300.0_v3" 404 70 "GET http://172.18.0.210:8080/v1/AUTH_f669ac1a1893421f91ae49881790edbc/gnocchi.fc9d9bf6-3e16-42c3-82ff-c7840959987d/1760400000.0_mean_300.0_v3" "tx7f46e1f922fa4c10b3ff3-0068ee0bc4" "proxy-server 20" 0.0004 "-" 23 0
Oct 14 08:37:24 np0005486729 container-server[123441]: 172.20.0.103 - - [14/Oct/2025:08:37:24 +0000] "PUT /d1/334/AUTH_f669ac1a1893421f91ae49881790edbc/gnocchi.fc9d9bf6-3e16-42c3-82ff-c7840959987d/1760400000.0_mean_300.0_v3" 201 - "PUT http://172.18.0.210:8080/d1/749/AUTH_f669ac1a1893421f91ae49881790edbc/gnocchi.fc9d9bf6-3e16-42c3-82ff-c7840959987d/1760400000.0_mean_300.0_v3" "tx6bf6673415a747c89f874-0068ee0bc4" "object-server 25" 0.0013 "-" 19 0
Oct 14 08:37:24 np0005486729 object-server[123863]: 172.20.0.105 - - [14/Oct/2025:08:37:24 +0000] "PUT /d1/749/AUTH_f669ac1a1893421f91ae49881790edbc/gnocchi.fc9d9bf6-3e16-42c3-82ff-c7840959987d/1760400000.0_mean_300.0_v3" 201 - "PUT http://172.18.0.210:8080/v1/AUTH_f669ac1a1893421f91ae49881790edbc/gnocchi.fc9d9bf6-3e16-42c3-82ff-c7840959987d/1760400000.0_mean_300.0_v3" "tx6bf6673415a747c89f874-0068ee0bc4" "proxy-server 20" 0.0127 "-" 25 0
Oct 14 08:37:24 np0005486729 container-server[123441]: 172.20.0.104 - - [14/Oct/2025:08:37:24 +0000] "PUT /d1/334/AUTH_f669ac1a1893421f91ae49881790edbc/gnocchi.fc9d9bf6-3e16-42c3-82ff-c7840959987d/none_v3" 201 - "PUT http://172.18.0.210:8080/d1/608/AUTH_f669ac1a1893421f91ae49881790edbc/gnocchi.fc9d9bf6-3e16-42c3-82ff-c7840959987d/none_v3" "tx9fba99cb489c42f6baa4d-0068ee0bc4" "object-server 22" 0.0010 "-" 19 0
Oct 14 08:37:24 np0005486729 object-server[123840]: 172.20.0.104 - - [14/Oct/2025:08:37:24 +0000] "PUT /d1/608/AUTH_f669ac1a1893421f91ae49881790edbc/gnocchi.fc9d9bf6-3e16-42c3-82ff-c7840959987d/none_v3" 201 - "PUT http://172.18.0.210:8080/v1/AUTH_f669ac1a1893421f91ae49881790edbc/gnocchi.fc9d9bf6-3e16-42c3-82ff-c7840959987d/none_v3" "tx9fba99cb489c42f6baa4d-0068ee0bc4" "proxy-server 12" 0.0187 "-" 22 0
