Oct 14 08:37:24 np0005486729 proxy-server[125087]: 172.18.0.105 172.18.0.104 14/Oct/2025/08/37/24 PUT /v1/AUTH_f669ac1a1893421f91ae49881790edbc/gnocchi.fc9d9bf6-3e16-42c3-82ff-c7840959987d/none_v3 HTTP/1.0 201 - python-swiftclient-3.11.1 gAAAAABo7gt_3y-i... 22 - - tx9fba99cb489c42f6baa4d-0068ee0bc4 - 0.0466 - - 1760431044.565925121 1760431044.612511396 0
Oct 14 08:37:24 np0005486729 container-server[123442]: 172.20.0.103 - - [14/Oct/2025:08:37:24 +0000] "HEAD /d1/296/AUTH_f669ac1a1893421f91ae49881790edbc/gnocchi.c8ba4180-cd74-4592-97fe-2e224a348756" 404 - "HEAD http://172.18.0.210:8080/v1/AUTH_f669ac1a1893421f91ae49881790edbc/gnocchi.c8ba4180-cd74-4592-97fe-2e224a348756?format=json&states=listing" "tx715a0daa56e4498db9760-0068ee0bc4" "proxy-server 20" 0.0006 "-" 20 0
Oct 14 08:37:24 np0005486729 object-server[123863]: 172.20.0.103 - - [14/Oct/2025:08:37:24 +0000] "GET /d1/160/AUTH_f669ac1a1893421f91ae49881790edbc/gnocchi.c8ba4180-cd74-4592-97fe-2e224a348756/none_v3" 404 70 "GET http://172.18.0.210:8080/v1/AUTH_f669ac1a1893421f91ae49881790edbc/gnocchi.c8ba4180-cd74-4592-97fe-2e224a348756/none_v3" "tx715a0daa56e4498db9760-0068ee0bc4" "proxy-server 20" 0.0004 "-" 25 0
Oct 14 08:37:24 np0005486729 container-server[123455]: 172.20.0.104 - - [14/Oct/2025:08:37:24 +0000] "HEAD /d1/778/AUTH_f669ac1a1893421f91ae49881790edbc/gnocchi.8e882ebf-42b7-469f-a9ed-cda9d56cbb3c" 404 - "HEAD http://172.18.0.210:8080/v1/AUTH_f669ac1a1893421f91ae49881790edbc/gnocchi.8e882ebf-42b7-469f-a9ed-cda9d56cbb3c?format=json&states=listing" "tx5a8590d5976445b9bbd43-0068ee0bc4" "proxy-server 12" 0.0003 "-" 22 0
Oct 14 08:37:24 np0005486729 object-server[123852]: 172.20.0.104 - - [14/Oct/2025:08:37:24 +0000] "GET /d1/241/AUTH_f669ac1a1893421f91ae49881790edbc/gnocchi.8e882ebf-42b7-469f-a9ed-cda9d56cbb3c/none_v3" 404 70 "GET http://172.18.0.210:8080/v1/AUTH_f669ac1a1893421f91ae49881790edbc/gnocchi.8e882ebf-42b7-469f-a9ed-cda9d56cbb3c/none_v3" "tx5a8590d5976445b9bbd43-0068ee0bc4" "proxy-server 12" 0.0006 "-" 24 0
Oct 14 08:37:24 np0005486729 proxy-server[125087]: 172.18.0.105 172.18.0.104 14/Oct/2025/08/37/24 GET /v1/AUTH_f669ac1a1893421f91ae49881790edbc/gnocchi.8e882ebf-42b7-469f-a9ed-cda9d56cbb3c/none_v3 HTTP/1.0 404 - python-swiftclient-3.11.1 gAAAAABo7gt_3y-i... - 70 - tx5a8590d5976445b9bbd43-0068ee0bc4 - 0.0349 - - 1760431044.628117323 1760431044.663063765 0
Oct 14 08:37:24 np0005486729 account-server[123331]: 172.20.0.104 - - [14/Oct/2025:08:37:24 +0000] "PUT /d1/338/AUTH_f669ac1a1893421f91ae49881790edbc/gnocchi.c8ba4180-cd74-4592-97fe-2e224a348756" 201 - "PUT http://172.20.0.104:6001/d1/296/AUTH_f669ac1a1893421f91ae49881790edbc/gnocchi.c8ba4180-cd74-4592-97fe-2e224a348756" "tx2fa87b017ebe4a7f92074-0068ee0bc4" "container-server 19" 0.0061 "-" 23 0
Oct 14 08:37:24 np0005486729 container-server[123441]: 172.20.0.103 - - [14/Oct/2025:08:37:24 +0000] "PUT /d1/296/AUTH_f669ac1a1893421f91ae49881790edbc/gnocchi.c8ba4180-cd74-4592-97fe-2e224a348756" 201 - "PUT http://172.18.0.210:8080/v1/AUTH_f669ac1a1893421f91ae49881790edbc/gnocchi.c8ba4180-cd74-4592-97fe-2e224a348756" "tx2fa87b017ebe4a7f92074-0068ee0bc4" "proxy-server 20" 0.0180 "-" 19 0
Oct 14 08:37:24 np0005486729 account-server[123288]: 172.20.0.105 - - [14/Oct/2025:08:37:24 +0000] "PUT /d1/338/AUTH_f669ac1a1893421f91ae49881790edbc/gnocchi.8e882ebf-42b7-469f-a9ed-cda9d56cbb3c" 201 - "PUT http://172.20.0.105:6001/d1/778/AUTH_f669ac1a1893421f91ae49881790edbc/gnocchi.8e882ebf-42b7-469f-a9ed-cda9d56cbb3c" "tx1c3cdfc7394b48c7a67d5-0068ee0bc4" "container-server 22" 0.0047 "-" 20 0
Oct 14 08:37:24 np0005486729 container-server[123441]: 172.20.0.104 - - [14/Oct/2025:08:37:24 +0000] "PUT /d1/778/AUTH_f669ac1a1893421f91ae49881790edbc/gnocchi.8e882ebf-42b7-469f-a9ed-cda9d56cbb3c" 201 - "PUT http://172.18.0.210:8080/v1/AUTH_f669ac1a1893421f91ae49881790edbc/gnocchi.8e882ebf-42b7-469f-a9ed-cda9d56cbb3c" "tx1c3cdfc7394b48c7a67d5-0068ee0bc4" "proxy-server 12" 0.0174 "-" 19 0
Oct 14 08:37:24 np0005486729 proxy-server[125087]: 172.18.0.105 172.18.0.104 14/Oct/2025/08/37/24 PUT /v1/AUTH_f669ac1a1893421f91ae49881790edbc/gnocchi.8e882ebf-42b7-469f-a9ed-cda9d56cbb3c HTTP/1.0 201 - python-swiftclient-3.11.1 gAAAAABo7gt_3y-i... - - - tx1c3cdfc7394b48c7a67d5-0068ee0bc4 - 0.0266 - - 1760431044.667887449 1760431044.694522142 0
Oct 14 08:37:24 np0005486729 container-server[123465]: 172.20.0.104 - - [14/Oct/2025:08:37:24 +0000] "HEAD /d1/778/AUTH_f669ac1a1893421f91ae49881790edbc/gnocchi.8e882ebf-42b7-469f-a9ed-cda9d56cbb3c" 204 - "HEAD http://172.18.0.210:8080/v1/AUTH_f669ac1a1893421f91ae49881790edbc/gnocchi.8e882ebf-42b7-469f-a9ed-cda9d56cbb3c?format=json&states=listing" "tx6f84b01d9fd44b86a886e-0068ee0bc4" "proxy-server 12" 0.0015 "-" 23 0
Oct 14 08:37:24 np0005486729 proxy-server[125087]: - - 14/Oct/2025/08/37/24 HEAD /v1/AUTH_f669ac1a1893421f91ae49881790edbc/gnocchi.8e882ebf-42b7-469f-a9ed-cda9d56cbb3c%3Fformat%3Djson%26states%3Dlisting HTTP/1.0 204 - Swift - - - - tx6f84b01d9fd44b86a886e-0068ee0bc4 - 0.0069 RL - 1760431044.701416492 1760431044.708315134 0
Oct 14 08:37:24 np0005486729 object-server[123847]: 172.20.0.103 - - [14/Oct/2025:08:37:24 +0000] "GET /d1/417/AUTH_f669ac1a1893421f91ae49881790edbc/gnocchi.c8ba4180-cd74-4592-97fe-2e224a348756/1760400000.0_mean_300.0_v3" 404 70 "GET http://172.18.0.210:8080/v1/AUTH_f669ac1a1893421f91ae49881790edbc/gnocchi.c8ba4180-cd74-4592-97fe-2e224a348756/1760400000.0_mean_300.0_v3" "txb82b8b7b00674fb49784a-0068ee0bc4" "proxy-server 20" 0.0004 "-" 23 0
Oct 14 08:37:24 np0005486729 proxy-server[125087]: 172.18.0.105 172.18.0.104 14/Oct/2025/08/37/24 GET /v1/AUTH_f669ac1a1893421f91ae49881790edbc/gnocchi.8e882ebf-42b7-469f-a9ed-cda9d56cbb3c%3Fformat%3Djson%26states%3Dlisting HTTP/1.0 200 - python-swiftclient-3.11.1 gAAAAABo7gt_3y-i... - 2 - tx6f84b01d9fd44b86a886e-0068ee0bc4 - 0.0201 - - 1760431044.699580908 1760431044.719675303 0
Oct 14 08:37:24 np0005486729 object-server[123852]: 172.20.0.104 - - [14/Oct/2025:08:37:24 +0000] "GET /d1/466/AUTH_f669ac1a1893421f91ae49881790edbc/gnocchi.8e882ebf-42b7-469f-a9ed-cda9d56cbb3c/1760400000.0_mean_300.0_v3" 404 70 "GET http://172.18.0.210:8080/v1/AUTH_f669ac1a1893421f91ae49881790edbc/gnocchi.8e882ebf-42b7-469f-a9ed-cda9d56cbb3c/1760400000.0_mean_300.0_v3" "tx0c18500aed9e4b4ab5b75-0068ee0bc4" "proxy-server 12" 0.0005 "-" 24 0
Oct 14 08:37:24 np0005486729 proxy-server[125087]: 172.18.0.105 172.18.0.104 14/Oct/2025/08/37/24 GET /v1/AUTH_f669ac1a1893421f91ae49881790edbc/gnocchi.8e882ebf-42b7-469f-a9ed-cda9d56cbb3c/1760400000.0_mean_300.0_v3 HTTP/1.0 404 - python-swiftclient-3.11.1 gAAAAABo7gt_3y-i... - 70 - tx0c18500aed9e4b4ab5b75-0068ee0bc4 - 0.0127 - - 1760431044.724135399 1760431044.736859322 0
Oct 14 08:37:24 np0005486729 container-server[123442]: 172.20.0.104 - - [14/Oct/2025:08:37:24 +0000] "PUT /d1/296/AUTH_f669ac1a1893421f91ae49881790edbc/gnocchi.c8ba4180-cd74-4592-97fe-2e224a348756/1760400000.0_mean_300.0_v3" 201 - "PUT http://172.18.0.210:8080/d1/417/AUTH_f669ac1a1893421f91ae49881790edbc/gnocchi.c8ba4180-cd74-4592-97fe-2e224a348756/1760400000.0_mean_300.0_v3" "tx556b5dab0ac9485aafdec-0068ee0bc4" "object-server 24" 0.0009 "-" 20 0
Oct 14 08:37:24 np0005486729 object-server[123852]: 172.20.0.103 - - [14/Oct/2025:08:37:24 +0000] "PUT /d1/417/AUTH_f669ac1a1893421f91ae49881790edbc/gnocchi.c8ba4180-cd74-4592-97fe-2e224a348756/1760400000.0_mean_300.0_v3" 201 - "PUT http://172.18.0.210:8080/v1/AUTH_f669ac1a1893421f91ae49881790edbc/gnocchi.c8ba4180-cd74-4592-97fe-2e224a348756/1760400000.0_mean_300.0_v3" "tx556b5dab0ac9485aafdec-0068ee0bc4" "proxy-server 20" 0.0103 "-" 24 0
Oct 14 08:37:24 np0005486729 object-server[123863]: 172.20.0.104 - - [14/Oct/2025:08:37:24 +0000] "PUT /d1/466/AUTH_f669ac1a1893421f91ae49881790edbc/gnocchi.8e882ebf-42b7-469f-a9ed-cda9d56cbb3c/1760400000.0_mean_300.0_v3" 201 - "PUT http://172.18.0.210:8080/v1/AUTH_f669ac1a1893421f91ae49881790edbc/gnocchi.8e882ebf-42b7-469f-a9ed-cda9d56cbb3c/1760400000.0_mean_300.0_v3" "txf4fcd8e81a58496c92be0-0068ee0bc4" "proxy-server 12" 0.0114 "-" 25 0
Oct 14 08:37:24 np0005486729 container-server[123441]: 172.20.0.105 - - [14/Oct/2025:08:37:24 +0000] "PUT /d1/778/AUTH_f669ac1a1893421f91ae49881790edbc/gnocchi.8e882ebf-42b7-469f-a9ed-cda9d56cbb3c/1760400000.0_mean_300.0_v3" 201 - "PUT http://172.18.0.210:8080/d1/466/AUTH_f669ac1a1893421f91ae49881790edbc/gnocchi.8e882ebf-42b7-469f-a9ed-cda9d56cbb3c/1760400000.0_mean_300.0_v3" "txf4fcd8e81a58496c92be0-0068ee0bc4" "object-server 22" 0.0012 "-" 19 0
Oct 14 08:37:24 np0005486729 proxy-server[125087]: 172.18.0.105 172.18.0.104 14/Oct/2025/08/37/24 PUT /v1/AUTH_f669ac1a1893421f91ae49881790edbc/gnocchi.8e882ebf-42b7-469f-a9ed-cda9d56cbb3c/1760400000.0_mean_300.0_v3 HTTP/1.0 201 - python-swiftclient-3.11.1 gAAAAABo7gt_3y-i... 16 - - txf4fcd8e81a58496c92be0-0068ee0bc4 - 0.0211 - - 1760431044.740690947 1760431044.761762142 0
Oct 14 08:37:24 np0005486729 container-server[123455]: 172.20.0.105 - - [14/Oct/2025:08:37:24 +0000] "PUT /d1/296/AUTH_f669ac1a1893421f91ae49881790edbc/gnocchi.c8ba4180-cd74-4592-97fe-2e224a348756/none_v3" 201 - "PUT http://172.18.0.210:8080/d1/160/AUTH_f669ac1a1893421f91ae49881790edbc/gnocchi.c8ba4180-cd74-4592-97fe-2e224a348756/none_v3" "tx45d0be2ebc8d465a81b68-0068ee0bc4" "object-server 23" 0.0013 "-" 22 0
Oct 14 08:37:24 np0005486729 object-server[123863]: 172.20.0.103 - - [14/Oct/2025:08:37:24 +0000] "PUT /d1/160/AUTH_f669ac1a1893421f91ae49881790edbc/gnocchi.c8ba4180-cd74-4592-97fe-2e224a348756/none_v3" 201 - "PUT http://172.18.0.210:8080/v1/AUTH_f669ac1a1893421f91ae49881790edbc/gnocchi.c8ba4180-cd74-4592-97fe-2e224a348756/none_v3" "tx45d0be2ebc8d465a81b68-0068ee0bc4" "proxy-server 20" 0.0117 "-" 25 0
Oct 14 08:37:24 np0005486729 object-server[123863]: 172.20.0.104 - - [14/Oct/2025:08:37:24 +0000] "PUT /d1/241/AUTH_f669ac1a1893421f91ae49881790edbc/gnocchi.8e882ebf-42b7-469f-a9ed-cda9d56cbb3c/none_v3" 201 - "PUT http://172.18.0.210:8080/v1/AUTH_f669ac1a1893421f91ae49881790edbc/gnocchi.8e882ebf-42b7-469f-a9ed-cda9d56cbb3c/none_v3" "txdb78007784b540a5af7ed-0068ee0bc4" "proxy-server 12" 0.0108 "-" 25 0
Oct 14 08:37:24 np0005486729 container-server[123465]: 172.20.0.105 - - [14/Oct/2025:08:37:24 +0000] "PUT /d1/778/AUTH_f669ac1a1893421f91ae49881790edbc/gnocchi.8e882ebf-42b7-469f-a9ed-cda9d56cbb3c/none_v3" 201 - "PUT http://172.18.0.210:8080/d1/241/AUTH_f669ac1a1893421f91ae49881790edbc/gnocchi.8e882ebf-42b7-469f-a9ed-cda9d56cbb3c/none_v3" "txdb78007784b540a5af7ed-0068ee0bc4" "object-server 24" 0.0008 "-" 23 0
Oct 14 08:37:24 np0005486729 proxy-server[125087]: 172.18.0.105 172.18.0.104 14/Oct/2025/08/37/24 PUT /v1/AUTH_f669ac1a1893421f91ae49881790edbc/gnocchi.8e882ebf-42b7-469f-a9ed-cda9d56cbb3c/none_v3 HTTP/1.0 201 - python-swiftclient-3.11.1 gAAAAABo7gt_3y-i... 22 - - txdb78007784b540a5af7ed-0068ee0bc4 - 0.0232 - - 1760431044.767891407 1760431044.791045666 0
Oct 14 08:37:25 np0005486729 container-server[123455]: 172.20.0.105 - - [14/Oct/2025:08:37:25 +0000] "HEAD /d1/309/AUTH_f669ac1a1893421f91ae49881790edbc/gnocchi.0ab7f682-d089-40a2-97d8-74d2aa81081c" 404 - "HEAD http://172.18.0.210:8080/v1/AUTH_f669ac1a1893421f91ae49881790edbc/gnocchi.0ab7f682-d089-40a2-97d8-74d2aa81081c?format=json&states=listing" "tx1def3fe22ed74efcafc8d-0068ee0bc4" "proxy-server 20" 0.0006 "-" 22 0
Oct 14 08:37:25 np0005486729 object-server[123863]: 172.20.0.105 - - [14/Oct/2025:08:37:25 +0000] "GET /d1/595/AUTH_f669ac1a1893421f91ae49881790edbc/gnocchi.0ab7f682-d089-40a2-97d8-74d2aa81081c/none_v3" 404 70 "GET http://172.18.0.210:8080/v1/AUTH_f669ac1a1893421f91ae49881790edbc/gnocchi.0ab7f682-d089-40a2-97d8-74d2aa81081c/none_v3" "tx1def3fe22ed74efcafc8d-0068ee0bc4" "proxy-server 20" 0.0004 "-" 25 0
Oct 14 08:37:25 np0005486729 account-server[123320]: 172.20.0.103 - - [14/Oct/2025:08:37:25 +0000] "PUT /d1/338/AUTH_f669ac1a1893421f91ae49881790edbc/gnocchi.0ab7f682-d089-40a2-97d8-74d2aa81081c" 201 - "PUT http://172.20.0.103:6001/d1/309/AUTH_f669ac1a1893421f91ae49881790edbc/gnocchi.0ab7f682-d089-40a2-97d8-74d2aa81081c" "txc0304a77ab0a4e15bdd53-0068ee0bc5" "container-server 22" 0.0047 "-" 22 0
Oct 14 08:37:25 np0005486729 container-server[123455]: 172.20.0.103 - - [14/Oct/2025:08:37:25 +0000] "PUT /d1/309/AUTH_f669ac1a1893421f91ae49881790edbc/gnocchi.0ab7f682-d089-40a2-97d8-74d2aa81081c" 201 - "PUT http://172.18.0.210:8080/v1/AUTH_f669ac1a1893421f91ae49881790edbc/gnocchi.0ab7f682-d089-40a2-97d8-74d2aa81081c" "txc0304a77ab0a4e15bdd53-0068ee0bc5" "proxy-server 20" 0.0213 "-" 22 0
Oct 14 08:37:25 np0005486729 container-server[123455]: 172.20.0.104 - - [14/Oct/2025:08:37:25 +0000] "HEAD /d1/309/AUTH_f669ac1a1893421f91ae49881790edbc/gnocchi.0ab7f682-d089-40a2-97d8-74d2aa81081c" 204 - "HEAD http://172.18.0.210:8080/v1/AUTH_f669ac1a1893421f91ae49881790edbc/gnocchi.0ab7f682-d089-40a2-97d8-74d2aa81081c?format=json&states=listing" "tx2731437e9af248b193182-0068ee0bc5" "proxy-server 12" 0.0016 "-" 22 0
Oct 14 08:37:25 np0005486729 proxy-server[125087]: - - 14/Oct/2025/08/37/25 HEAD /v1/AUTH_f669ac1a1893421f91ae49881790edbc/gnocchi.0ab7f682-d089-40a2-97d8-74d2aa81081c%3Fformat%3Djson%26states%3Dlisting HTTP/1.0 204 - Swift - - - - tx2731437e9af248b193182-0068ee0bc5 - 0.0045 RL - 1760431045.105173349 1760431045.109718561 0
Oct 14 08:37:25 np0005486729 container-server[123465]: 172.20.0.104 - - [14/Oct/2025:08:37:25 +0000] "GET /d1/309/AUTH_f669ac1a1893421f91ae49881790edbc/gnocchi.0ab7f682-d089-40a2-97d8-74d2aa81081c" 200 2 "GET http://172.18.0.210:8080/v1/AUTH_f669ac1a1893421f91ae49881790edbc/gnocchi.0ab7f682-d089-40a2-97d8-74d2aa81081c?format=json&states=listing" "tx2731437e9af248b193182-0068ee0bc5" "proxy-server 12" 0.0020 "-" 23 0
Oct 14 08:37:25 np0005486729 proxy-server[125087]: 172.18.0.210 172.18.0.104 14/Oct/2025/08/37/25 GET /v1/AUTH_f669ac1a1893421f91ae49881790edbc/gnocchi.0ab7f682-d089-40a2-97d8-74d2aa81081c%3Fformat%3Djson%26states%3Dlisting HTTP/1.0 200 - python-swiftclient-3.11.1 gAAAAABo7gvE2klL... - 2 - tx2731437e9af248b193182-0068ee0bc5 - 0.0151 - - 1760431045.102316380 1760431045.117433071 0
Oct 14 08:37:25 np0005486729 object-server[123852]: 172.20.0.105 - - [14/Oct/2025:08:37:25 +0000] "GET /d1/962/AUTH_f669ac1a1893421f91ae49881790edbc/gnocchi.0ab7f682-d089-40a2-97d8-74d2aa81081c/1760400000.0_mean_300.0_v3" 404 70 "GET http://172.18.0.210:8080/v1/AUTH_f669ac1a1893421f91ae49881790edbc/gnocchi.0ab7f682-d089-40a2-97d8-74d2aa81081c/1760400000.0_mean_300.0_v3" "tx794c4f286b1f410fa68a2-0068ee0bc5" "proxy-server 20" 0.0004 "-" 24 0
Oct 14 08:37:25 np0005486729 container-server[123465]: 172.20.0.105 - - [14/Oct/2025:08:37:25 +0000] "PUT /d1/309/AUTH_f669ac1a1893421f91ae49881790edbc/gnocchi.0ab7f682-d089-40a2-97d8-74d2aa81081c/1760400000.0_mean_300.0_v3" 201 - "PUT http://172.18.0.210:8080/d1/962/AUTH_f669ac1a1893421f91ae49881790edbc/gnocchi.0ab7f682-d089-40a2-97d8-74d2aa81081c/1760400000.0_mean_300.0_v3" "txfb2a18e84d2246e9af5c7-0068ee0bc5" "object-server 23" 0.0006 "-" 23 0
Oct 14 08:37:25 np0005486729 object-server[123840]: 172.20.0.103 - - [14/Oct/2025:08:37:25 +0000] "PUT /d1/962/AUTH_f669ac1a1893421f91ae49881790edbc/gnocchi.0ab7f682-d089-40a2-97d8-74d2aa81081c/1760400000.0_mean_300.0_v3" 201 - "PUT http://172.18.0.210:8080/v1/AUTH_f669ac1a1893421f91ae49881790edbc/gnocchi.0ab7f682-d089-40a2-97d8-74d2aa81081c/1760400000.0_mean_300.0_v3" "txfb2a18e84d2246e9af5c7-0068ee0bc5" "proxy-server 20" 0.0105 "-" 22 0
Oct 14 08:37:25 np0005486729 container-server[123465]: 172.20.0.104 - - [14/Oct/2025:08:37:25 +0000] "PUT /d1/309/AUTH_f669ac1a1893421f91ae49881790edbc/gnocchi.0ab7f682-d089-40a2-97d8-74d2aa81081c/none_v3" 201 - "PUT http://172.18.0.210:8080/d1/595/AUTH_f669ac1a1893421f91ae49881790edbc/gnocchi.0ab7f682-d089-40a2-97d8-74d2aa81081c/none_v3" "txd7db8dac7524493390c1c-0068ee0bc5" "object-server 22" 0.0006 "-" 23 0
Oct 14 08:37:25 np0005486729 object-server[123840]: 172.20.0.104 - - [14/Oct/2025:08:37:25 +0000] "PUT /d1/595/AUTH_f669ac1a1893421f91ae49881790edbc/gnocchi.0ab7f682-d089-40a2-97d8-74d2aa81081c/none_v3" 201 - "PUT http://172.18.0.210:8080/v1/AUTH_f669ac1a1893421f91ae49881790edbc/gnocchi.0ab7f682-d089-40a2-97d8-74d2aa81081c/none_v3" "txd7db8dac7524493390c1c-0068ee0bc5" "proxy-server 12" 0.0124 "-" 22 0
Oct 14 08:37:25 np0005486729 proxy-server[125087]: 172.18.0.210 172.18.0.104 14/Oct/2025/08/37/25 PUT /v1/AUTH_f669ac1a1893421f91ae49881790edbc/gnocchi.0ab7f682-d089-40a2-97d8-74d2aa81081c/none_v3 HTTP/1.0 201 - python-swiftclient-3.11.1 gAAAAABo7gvE2klL... 22 - - txd7db8dac7524493390c1c-0068ee0bc5 - 0.0237 - - 1760431045.170321703 1760431045.194033623 0
Oct 14 08:37:38 np0005486729 container-server[122958]: Beginning replication run
Oct 14 08:37:38 np0005486729 container-server[122958]: Replication run OVER
Oct 14 08:37:38 np0005486729 container-server[122958]: Attempted to replicate 8 dbs in 0.21531 seconds (37.15500/s)
Oct 14 08:37:38 np0005486729 container-server[122958]: Removed 0 dbs
Oct 14 08:37:38 np0005486729 container-server[122958]: 16 successes, 0 failures
Oct 14 08:37:38 np0005486729 container-server[122958]: diff:0 diff_capped:0 empty:0 hashmatch:0 no_change:16 remote_merge:0 rsync:0 ts_repl:0
Oct 14 08:37:39 np0005486729 object-server[123598]: Starting object replication pass.
Oct 14 08:37:39 np0005486729 object-server[123598]: 15/15 (100.00%) partitions replicated in 0.16s (96.48/sec, 0s remaining)
Oct 14 08:37:39 np0005486729 object-server[123598]: 30 successes, 0 failures
Oct 14 08:37:39 np0005486729 object-server[123598]: 16 suffixes checked - 0.00% hashed, 0.00% synced
Oct 14 08:37:39 np0005486729 object-server[123598]: Partition times: max 0.0133s, min 0.0075s, med 0.0090s
Oct 14 08:37:39 np0005486729 object-server[123598]: Object replication complete. (0.00 minutes)
Oct 14 08:37:41 np0005486729 object-server[214713]: Begin object audit "forever" mode (ZBF)
Oct 14 08:37:41 np0005486729 object-server[214713]: Object audit (ZBF). Since Tue Oct 14 08:37:41 2025: Locally: 1 passed, 0 quarantined, 0 errors, files/sec: 709.58, bytes/sec: 0.00, Total time: 0.00, Auditing time: 0.00, Rate: 0.00
Oct 14 08:37:41 np0005486729 object-server[214713]: Object audit (ZBF) "forever" mode completed: 0.28s. Total quarantined: 0, Total errors: 0, Total files/sec: 56.53, Total bytes/sec: 0.00, Auditing time: 0.28, Rate: 0.98
Oct 14 08:37:44 np0005486729 account-server[122697]: Beginning replication run
Oct 14 08:37:44 np0005486729 account-server[122697]: Replication run OVER
Oct 14 08:37:44 np0005486729 account-server[122697]: Attempted to replicate 1 dbs in 0.04333 seconds (23.07791/s)
Oct 14 08:37:44 np0005486729 account-server[122697]: Removed 0 dbs
Oct 14 08:37:44 np0005486729 account-server[122697]: 2 successes, 0 failures
Oct 14 08:37:44 np0005486729 account-server[122697]: diff:0 diff_capped:0 empty:0 hashmatch:0 no_change:2 remote_merge:0 rsync:0 ts_repl:0
Oct 14 08:38:08 np0005486729 container-server[122958]: Beginning replication run
Oct 14 08:38:08 np0005486729 container-server[122958]: Replication run OVER
Oct 14 08:38:08 np0005486729 container-server[122958]: Attempted to replicate 8 dbs in 0.16000 seconds (50.00024/s)
Oct 14 08:38:08 np0005486729 container-server[122958]: Removed 0 dbs
Oct 14 08:38:08 np0005486729 container-server[122958]: 16 successes, 0 failures
Oct 14 08:38:08 np0005486729 container-server[122958]: diff:0 diff_capped:0 empty:0 hashmatch:0 no_change:16 remote_merge:0 rsync:0 ts_repl:0
Oct 14 08:38:09 np0005486729 object-server[123598]: Starting object replication pass.
Oct 14 08:38:09 np0005486729 object-server[123598]: 15/15 (100.00%) partitions replicated in 0.14s (106.84/sec, 0s remaining)
Oct 14 08:38:09 np0005486729 object-server[123598]: 30 successes, 0 failures
Oct 14 08:38:09 np0005486729 object-server[123598]: 16 suffixes checked - 0.00% hashed, 0.00% synced
Oct 14 08:38:09 np0005486729 object-server[123598]: Partition times: max 0.0127s, min 0.0061s, med 0.0085s
Oct 14 08:38:09 np0005486729 object-server[123598]: Object replication complete. (0.00 minutes)
Oct 14 08:38:11 np0005486729 object-server[220715]: Begin object audit "forever" mode (ZBF)
Oct 14 08:38:11 np0005486729 object-server[220715]: Object audit (ZBF). Since Tue Oct 14 08:38:11 2025: Locally: 1 passed, 0 quarantined, 0 errors, files/sec: 836.02, bytes/sec: 0.00, Total time: 0.00, Auditing time: 0.00, Rate: 0.00
Oct 14 08:38:11 np0005486729 object-server[220716]: Begin object audit "forever" mode (ALL)
Oct 14 08:38:11 np0005486729 object-server[220716]: Object audit (ALL). Since Tue Oct 14 08:38:11 2025: Locally: 1 passed, 0 quarantined, 0 errors, files/sec: 112.89, bytes/sec: 1806.28, Total time: 0.01, Auditing time: 0.00, Rate: 0.00
Oct 14 08:38:11 np0005486729 object-server[220715]: Object audit (ZBF) "forever" mode completed: 0.28s. Total quarantined: 0, Total errors: 0, Total files/sec: 56.45, Total bytes/sec: 0.00, Auditing time: 0.28, Rate: 0.98
Oct 14 08:38:12 np0005486729 object-server[220716]: Object audit (ALL) "forever" mode completed: 0.71s. Total quarantined: 0, Total errors: 0, Total files/sec: 22.48, Total bytes/sec: 441.09, Auditing time: 0.70, Rate: 0.99
Oct 14 08:38:14 np0005486729 account-server[122697]: Beginning replication run
Oct 14 08:38:14 np0005486729 account-server[122697]: Replication run OVER
Oct 14 08:38:14 np0005486729 account-server[122697]: Attempted to replicate 1 dbs in 0.01571 seconds (63.63643/s)
Oct 14 08:38:14 np0005486729 account-server[122697]: Removed 0 dbs
Oct 14 08:38:14 np0005486729 account-server[122697]: 2 successes, 0 failures
Oct 14 08:38:14 np0005486729 account-server[122697]: diff:0 diff_capped:0 empty:0 hashmatch:0 no_change:2 remote_merge:0 rsync:0 ts_repl:0
Oct 14 08:38:38 np0005486729 container-server[122958]: Beginning replication run
Oct 14 08:38:38 np0005486729 container-server[122958]: Replication run OVER
Oct 14 08:38:38 np0005486729 container-server[122958]: Attempted to replicate 8 dbs in 0.16015 seconds (49.95163/s)
Oct 14 08:38:38 np0005486729 container-server[122958]: Removed 0 dbs
Oct 14 08:38:38 np0005486729 container-server[122958]: 16 successes, 0 failures
Oct 14 08:38:38 np0005486729 container-server[122958]: diff:0 diff_capped:0 empty:0 hashmatch:0 no_change:16 remote_merge:0 rsync:0 ts_repl:0
Oct 14 08:38:39 np0005486729 object-server[123598]: Starting object replication pass.
Oct 14 08:38:39 np0005486729 object-server[123598]: 15/15 (100.00%) partitions replicated in 0.15s (99.47/sec, 0s remaining)
Oct 14 08:38:39 np0005486729 object-server[123598]: 30 successes, 0 failures
Oct 14 08:38:39 np0005486729 object-server[123598]: 16 suffixes checked - 0.00% hashed, 0.00% synced
Oct 14 08:38:39 np0005486729 object-server[123598]: Partition times: max 0.0125s, min 0.0076s, med 0.0089s
Oct 14 08:38:39 np0005486729 object-server[123598]: Object replication complete. (0.00 minutes)
Oct 14 08:38:41 np0005486729 proxy-server[125087]: - - 14/Oct/2025/08/38/41 HEAD /v1/AUTH_f669ac1a1893421f91ae49881790edbc%3Fformat%3Djson HTTP/1.0 204 - Swift - - - - txc3597a2f81774d6d90086-0068ee0c11 - 0.0086 RL - 1760431121.564356089 1760431121.572947502 -
Oct 14 08:38:41 np0005486729 container-server[123441]: 172.20.0.103 - - [14/Oct/2025:08:38:41 +0000] "HEAD /d1/557/AUTH_f669ac1a1893421f91ae49881790edbc/gnocchi.fd0e3f88-10ae-4ce8-8130-39e421c9bf64" 404 - "HEAD http://172.18.0.210:8080/v1/AUTH_f669ac1a1893421f91ae49881790edbc/gnocchi.fd0e3f88-10ae-4ce8-8130-39e421c9bf64?format=json&states=listing" "tx62f3f8fa428d4cb2b1ce2-0068ee0c11" "proxy-server 20" 0.0014 "-" 19 0
Oct 14 08:38:41 np0005486729 container-server[123442]: 172.20.0.105 - - [14/Oct/2025:08:38:41 +0000] "HEAD /d1/582/AUTH_f669ac1a1893421f91ae49881790edbc/gnocchi.24e94419-d4f8-4b33-a74a-2d0153668fcc" 404 - "HEAD http://172.18.0.210:8080/v1/AUTH_f669ac1a1893421f91ae49881790edbc/gnocchi.24e94419-d4f8-4b33-a74a-2d0153668fcc?format=json&states=listing" "txcdac35671d4146c1a2068-0068ee0c11" "proxy-server 20" 0.0005 "-" 20 0
Oct 14 08:38:41 np0005486729 object-server[123840]: 172.20.0.103 - - [14/Oct/2025:08:38:41 +0000] "GET /d1/671/AUTH_f669ac1a1893421f91ae49881790edbc/gnocchi.fd0e3f88-10ae-4ce8-8130-39e421c9bf64/none_v3" 404 70 "GET http://172.18.0.210:8080/v1/AUTH_f669ac1a1893421f91ae49881790edbc/gnocchi.fd0e3f88-10ae-4ce8-8130-39e421c9bf64/none_v3" "tx62f3f8fa428d4cb2b1ce2-0068ee0c11" "proxy-server 20" 0.0005 "-" 22 0
Oct 14 08:38:41 np0005486729 container-server[123455]: 172.20.0.104 - - [14/Oct/2025:08:38:41 +0000] "HEAD /d1/328/AUTH_f669ac1a1893421f91ae49881790edbc/gnocchi.b0f65d8c-bbe0-412c-bc94-a2b37e38c608" 404 - "HEAD http://172.18.0.210:8080/v1/AUTH_f669ac1a1893421f91ae49881790edbc/gnocchi.b0f65d8c-bbe0-412c-bc94-a2b37e38c608?format=json&states=listing" "txc3597a2f81774d6d90086-0068ee0c11" "proxy-server 12" 0.0003 "-" 22 0
Oct 14 08:38:41 np0005486729 object-server[123852]: 172.20.0.105 - - [14/Oct/2025:08:38:41 +0000] "GET /d1/371/AUTH_f669ac1a1893421f91ae49881790edbc/gnocchi.24e94419-d4f8-4b33-a74a-2d0153668fcc/none_v3" 404 70 "GET http://172.18.0.210:8080/v1/AUTH_f669ac1a1893421f91ae49881790edbc/gnocchi.24e94419-d4f8-4b33-a74a-2d0153668fcc/none_v3" "txcdac35671d4146c1a2068-0068ee0c11" "proxy-server 20" 0.0003 "-" 24 0
Oct 14 08:38:41 np0005486729 object-server[123847]: 172.20.0.104 - - [14/Oct/2025:08:38:41 +0000] "GET /d1/373/AUTH_f669ac1a1893421f91ae49881790edbc/gnocchi.b0f65d8c-bbe0-412c-bc94-a2b37e38c608/none_v3" 404 70 "GET http://172.18.0.210:8080/v1/AUTH_f669ac1a1893421f91ae49881790edbc/gnocchi.b0f65d8c-bbe0-412c-bc94-a2b37e38c608/none_v3" "txc3597a2f81774d6d90086-0068ee0c11" "proxy-server 12" 0.0006 "-" 23 0
Oct 14 08:38:41 np0005486729 proxy-server[125087]: 172.18.0.210 172.18.0.104 14/Oct/2025/08/38/41 GET /v1/AUTH_f669ac1a1893421f91ae49881790edbc/gnocchi.b0f65d8c-bbe0-412c-bc94-a2b37e38c608/none_v3 HTTP/1.0 404 - python-swiftclient-3.11.1 gAAAAABo7gvE2klL... - 70 - txc3597a2f81774d6d90086-0068ee0c11 - 0.0440 - - 1760431121.560933352 1760431121.604898214 0
Oct 14 08:38:41 np0005486729 account-server[123296]: 172.20.0.105 - - [14/Oct/2025:08:38:41 +0000] "PUT /d1/338/AUTH_f669ac1a1893421f91ae49881790edbc/gnocchi.fd0e3f88-10ae-4ce8-8130-39e421c9bf64" 201 - "PUT http://172.20.0.105:6001/d1/557/AUTH_f669ac1a1893421f91ae49881790edbc/gnocchi.fd0e3f88-10ae-4ce8-8130-39e421c9bf64" "txe25b14249c8c495bbbc20-0068ee0c11" "container-server 23" 0.0022 "-" 21 0
Oct 14 08:38:41 np0005486729 account-server[123288]: 172.20.0.105 - - [14/Oct/2025:08:38:41 +0000] "PUT /d1/338/AUTH_f669ac1a1893421f91ae49881790edbc/gnocchi.24e94419-d4f8-4b33-a74a-2d0153668fcc" 201 - "PUT http://172.20.0.105:6001/d1/582/AUTH_f669ac1a1893421f91ae49881790edbc/gnocchi.24e94419-d4f8-4b33-a74a-2d0153668fcc" "tx0399c1a1447d423c92cd5-0068ee0c11" "container-server 20" 0.0071 "-" 20 0
Oct 14 08:38:41 np0005486729 container-server[123465]: 172.20.0.103 - - [14/Oct/2025:08:38:41 +0000] "PUT /d1/557/AUTH_f669ac1a1893421f91ae49881790edbc/gnocchi.fd0e3f88-10ae-4ce8-8130-39e421c9bf64" 201 - "PUT http://172.18.0.210:8080/v1/AUTH_f669ac1a1893421f91ae49881790edbc/gnocchi.fd0e3f88-10ae-4ce8-8130-39e421c9bf64" "txe25b14249c8c495bbbc20-0068ee0c11" "proxy-server 20" 0.0279 "-" 23 0
Oct 14 08:38:41 np0005486729 container-server[123442]: 172.20.0.104 - - [14/Oct/2025:08:38:41 +0000] "PUT /d1/328/AUTH_f669ac1a1893421f91ae49881790edbc/gnocchi.b0f65d8c-bbe0-412c-bc94-a2b37e38c608" 201 - "PUT http://172.18.0.210:8080/v1/AUTH_f669ac1a1893421f91ae49881790edbc/gnocchi.b0f65d8c-bbe0-412c-bc94-a2b37e38c608" "txa27adb61852e4ee3a5cd4-0068ee0c11" "proxy-server 12" 0.0187 "-" 20 0
Oct 14 08:38:41 np0005486729 account-server[123296]: 172.20.0.105 - - [14/Oct/2025:08:38:41 +0000] "PUT /d1/338/AUTH_f669ac1a1893421f91ae49881790edbc/gnocchi.b0f65d8c-bbe0-412c-bc94-a2b37e38c608" 201 - "PUT http://172.20.0.105:6001/d1/328/AUTH_f669ac1a1893421f91ae49881790edbc/gnocchi.b0f65d8c-bbe0-412c-bc94-a2b37e38c608" "txa27adb61852e4ee3a5cd4-0068ee0c11" "container-server 21" 0.0159 "-" 21 0
Oct 14 08:38:41 np0005486729 proxy-server[125087]: 172.18.0.210 172.18.0.104 14/Oct/2025/08/38/41 PUT /v1/AUTH_f669ac1a1893421f91ae49881790edbc/gnocchi.b0f65d8c-bbe0-412c-bc94-a2b37e38c608 HTTP/1.0 201 - python-swiftclient-3.11.1 gAAAAABo7gvE2klL... - - - txa27adb61852e4ee3a5cd4-0068ee0c11 - 0.0374 - - 1760431121.607844591 1760431121.645271778 0
Oct 14 08:38:41 np0005486729 container-server[123465]: 172.20.0.105 - - [14/Oct/2025:08:38:41 +0000] "PUT /d1/582/AUTH_f669ac1a1893421f91ae49881790edbc/gnocchi.24e94419-d4f8-4b33-a74a-2d0153668fcc" 201 - "PUT http://172.18.0.210:8080/v1/AUTH_f669ac1a1893421f91ae49881790edbc/gnocchi.24e94419-d4f8-4b33-a74a-2d0153668fcc" "tx0399c1a1447d423c92cd5-0068ee0c11" "proxy-server 20" 0.0362 "-" 23 0
Oct 14 08:38:41 np0005486729 proxy-server[125087]: - - 14/Oct/2025/08/38/41 HEAD /v1/AUTH_f669ac1a1893421f91ae49881790edbc/gnocchi.b0f65d8c-bbe0-412c-bc94-a2b37e38c608%3Fformat%3Djson%26states%3Dlisting HTTP/1.0 204 - Swift - - - - tx498b3f01bbc04ce39fab9-0068ee0c11 - 0.0059 RL - 1760431121.652929783 1760431121.658809185 0
Oct 14 08:38:41 np0005486729 proxy-server[125087]: 172.18.0.210 172.18.0.104 14/Oct/2025/08/38/41 GET /v1/AUTH_f669ac1a1893421f91ae49881790edbc/gnocchi.b0f65d8c-bbe0-412c-bc94-a2b37e38c608%3Fformat%3Djson%26states%3Dlisting HTTP/1.0 200 - python-swiftclient-3.11.1 gAAAAABo7gvE2klL... - 2 - tx498b3f01bbc04ce39fab9-0068ee0c11 - 0.0179 - - 1760431121.650924444 1760431121.668821573 0
Oct 14 08:38:41 np0005486729 container-server[123442]: 172.20.0.105 - - [14/Oct/2025:08:38:41 +0000] "GET /d1/582/AUTH_f669ac1a1893421f91ae49881790edbc/gnocchi.24e94419-d4f8-4b33-a74a-2d0153668fcc" 200 2 "GET http://172.18.0.210:8080/v1/AUTH_f669ac1a1893421f91ae49881790edbc/gnocchi.24e94419-d4f8-4b33-a74a-2d0153668fcc?format=json&states=listing" "tx6f3cd0e711694ecda2863-0068ee0c11" "proxy-server 20" 0.0041 "-" 20 0
Oct 14 08:38:41 np0005486729 object-server[123863]: 172.20.0.103 - - [14/Oct/2025:08:38:41 +0000] "GET /d1/76/AUTH_f669ac1a1893421f91ae49881790edbc/gnocchi.fd0e3f88-10ae-4ce8-8130-39e421c9bf64/1760400000.0_mean_300.0_v3" 404 70 "GET http://172.18.0.210:8080/v1/AUTH_f669ac1a1893421f91ae49881790edbc/gnocchi.fd0e3f88-10ae-4ce8-8130-39e421c9bf64/1760400000.0_mean_300.0_v3" "tx86d786839d404ee298d24-0068ee0c11" "proxy-server 20" 0.0006 "-" 25 0
Oct 14 08:38:41 np0005486729 object-server[123847]: 172.20.0.105 - - [14/Oct/2025:08:38:41 +0000] "GET /d1/256/AUTH_f669ac1a1893421f91ae49881790edbc/gnocchi.24e94419-d4f8-4b33-a74a-2d0153668fcc/1760400000.0_mean_300.0_v3" 404 70 "GET http://172.18.0.210:8080/v1/AUTH_f669ac1a1893421f91ae49881790edbc/gnocchi.24e94419-d4f8-4b33-a74a-2d0153668fcc/1760400000.0_mean_300.0_v3" "tx21554605178a456e9ff97-0068ee0c11" "proxy-server 20" 0.0005 "-" 23 0
Oct 14 08:38:41 np0005486729 object-server[123840]: 172.20.0.104 - - [14/Oct/2025:08:38:41 +0000] "GET /d1/742/AUTH_f669ac1a1893421f91ae49881790edbc/gnocchi.b0f65d8c-bbe0-412c-bc94-a2b37e38c608/1760400000.0_mean_300.0_v3" 404 70 "GET http://172.18.0.210:8080/v1/AUTH_f669ac1a1893421f91ae49881790edbc/gnocchi.b0f65d8c-bbe0-412c-bc94-a2b37e38c608/1760400000.0_mean_300.0_v3" "tx721c94976a1d4b96b8c72-0068ee0c11" "proxy-server 12" 0.0005 "-" 22 0
Oct 14 08:38:41 np0005486729 proxy-server[125087]: 172.18.0.210 172.18.0.104 14/Oct/2025/08/38/41 GET /v1/AUTH_f669ac1a1893421f91ae49881790edbc/gnocchi.b0f65d8c-bbe0-412c-bc94-a2b37e38c608/1760400000.0_mean_300.0_v3 HTTP/1.0 404 - python-swiftclient-3.11.1 gAAAAABo7gvE2klL... - 70 - tx721c94976a1d4b96b8c72-0068ee0c11 - 0.0192 - - 1760431121.674821854 1760431121.694049597 0
Oct 14 08:38:41 np0005486729 container-server[123465]: 172.20.0.103 - - [14/Oct/2025:08:38:41 +0000] "PUT /d1/557/AUTH_f669ac1a1893421f91ae49881790edbc/gnocchi.fd0e3f88-10ae-4ce8-8130-39e421c9bf64/1760400000.0_mean_300.0_v3" 201 - "PUT http://172.18.0.210:8080/d1/76/AUTH_f669ac1a1893421f91ae49881790edbc/gnocchi.fd0e3f88-10ae-4ce8-8130-39e421c9bf64/1760400000.0_mean_300.0_v3" "tx18a09aff37ef4a4d8c99e-0068ee0c11" "object-server 25" 0.0008 "-" 23 0
Oct 14 08:38:41 np0005486729 container-server[123455]: 172.20.0.103 - - [14/Oct/2025:08:38:41 +0000] "PUT /d1/328/AUTH_f669ac1a1893421f91ae49881790edbc/gnocchi.b0f65d8c-bbe0-412c-bc94-a2b37e38c608/1760400000.0_mean_300.0_v3" 201 - "PUT http://172.18.0.210:8080/d1/742/AUTH_f669ac1a1893421f91ae49881790edbc/gnocchi.b0f65d8c-bbe0-412c-bc94-a2b37e38c608/1760400000.0_mean_300.0_v3" "txa46a44a26ee34b8bac9cb-0068ee0c11" "object-server 22" 0.0009 "-" 22 0
Oct 14 08:38:41 np0005486729 object-server[123840]: 172.20.0.103 - - [14/Oct/2025:08:38:41 +0000] "PUT /d1/76/AUTH_f669ac1a1893421f91ae49881790edbc/gnocchi.fd0e3f88-10ae-4ce8-8130-39e421c9bf64/1760400000.0_mean_300.0_v3" 201 - "PUT http://172.18.0.210:8080/v1/AUTH_f669ac1a1893421f91ae49881790edbc/gnocchi.fd0e3f88-10ae-4ce8-8130-39e421c9bf64/1760400000.0_mean_300.0_v3" "tx18a09aff37ef4a4d8c99e-0068ee0c11" "proxy-server 20" 0.0136 "-" 22 0
Oct 14 08:38:41 np0005486729 object-server[123863]: 172.20.0.104 - - [14/Oct/2025:08:38:41 +0000] "PUT /d1/742/AUTH_f669ac1a1893421f91ae49881790edbc/gnocchi.b0f65d8c-bbe0-412c-bc94-a2b37e38c608/1760400000.0_mean_300.0_v3" 201 - "PUT http://172.18.0.210:8080/v1/AUTH_f669ac1a1893421f91ae49881790edbc/gnocchi.b0f65d8c-bbe0-412c-bc94-a2b37e38c608/1760400000.0_mean_300.0_v3" "txa46a44a26ee34b8bac9cb-0068ee0c11" "proxy-server 12" 0.0146 "-" 25 0
Oct 14 08:38:41 np0005486729 proxy-server[125087]: 172.18.0.210 172.18.0.104 14/Oct/2025/08/38/41 PUT /v1/AUTH_f669ac1a1893421f91ae49881790edbc/gnocchi.b0f65d8c-bbe0-412c-bc94-a2b37e38c608/1760400000.0_mean_300.0_v3 HTTP/1.0 201 - python-swiftclient-3.11.1 gAAAAABo7gvE2klL... 16 - - txa46a44a26ee34b8bac9cb-0068ee0c11 - 0.0227 - - 1760431121.698405027 1760431121.721143961 0
Oct 14 08:38:41 np0005486729 container-server[123455]: 172.20.0.104 - - [14/Oct/2025:08:38:41 +0000] "PUT /d1/582/AUTH_f669ac1a1893421f91ae49881790edbc/gnocchi.24e94419-d4f8-4b33-a74a-2d0153668fcc/1760400000.0_mean_300.0_v3" 201 - "PUT http://172.18.0.210:8080/d1/256/AUTH_f669ac1a1893421f91ae49881790edbc/gnocchi.24e94419-d4f8-4b33-a74a-2d0153668fcc/1760400000.0_mean_300.0_v3" "txccaae5fef5b0459ca8ca2-0068ee0c11" "object-server 23" 0.0007 "-" 22 0
Oct 14 08:38:41 np0005486729 object-server[123847]: 172.20.0.105 - - [14/Oct/2025:08:38:41 +0000] "PUT /d1/256/AUTH_f669ac1a1893421f91ae49881790edbc/gnocchi.24e94419-d4f8-4b33-a74a-2d0153668fcc/1760400000.0_mean_300.0_v3" 201 - "PUT http://172.18.0.210:8080/v1/AUTH_f669ac1a1893421f91ae49881790edbc/gnocchi.24e94419-d4f8-4b33-a74a-2d0153668fcc/1760400000.0_mean_300.0_v3" "txccaae5fef5b0459ca8ca2-0068ee0c11" "proxy-server 20" 0.0116 "-" 23 0
Oct 14 08:38:41 np0005486729 container-server[123465]: 172.20.0.103 - - [14/Oct/2025:08:38:41 +0000] "PUT /d1/557/AUTH_f669ac1a1893421f91ae49881790edbc/gnocchi.fd0e3f88-10ae-4ce8-8130-39e421c9bf64/none_v3" 201 - "PUT http://172.18.0.210:8080/d1/671/AUTH_f669ac1a1893421f91ae49881790edbc/gnocchi.fd0e3f88-10ae-4ce8-8130-39e421c9bf64/none_v3" "txede480a004914da2863ad-0068ee0c11" "object-server 24" 0.0007 "-" 23 0
Oct 14 08:38:41 np0005486729 object-server[123852]: 172.20.0.103 - - [14/Oct/2025:08:38:41 +0000] "PUT /d1/671/AUTH_f669ac1a1893421f91ae49881790edbc/gnocchi.fd0e3f88-10ae-4ce8-8130-39e421c9bf64/none_v3" 201 - "PUT http://172.18.0.210:8080/v1/AUTH_f669ac1a1893421f91ae49881790edbc/gnocchi.fd0e3f88-10ae-4ce8-8130-39e421c9bf64/none_v3" "txede480a004914da2863ad-0068ee0c11" "proxy-server 20" 0.0153 "-" 24 0
Oct 14 08:38:41 np0005486729 container-server[123455]: 172.20.0.103 - - [14/Oct/2025:08:38:41 +0000] "PUT /d1/328/AUTH_f669ac1a1893421f91ae49881790edbc/gnocchi.b0f65d8c-bbe0-412c-bc94-a2b37e38c608/none_v3" 201 - "PUT http://172.18.0.210:8080/d1/373/AUTH_f669ac1a1893421f91ae49881790edbc/gnocchi.b0f65d8c-bbe0-412c-bc94-a2b37e38c608/none_v3" "tx2154a47a10af441e8f2c7-0068ee0c11" "object-server 22" 0.0009 "-" 22 0
Oct 14 08:38:41 np0005486729 object-server[123852]: 172.20.0.104 - - [14/Oct/2025:08:38:41 +0000] "PUT /d1/373/AUTH_f669ac1a1893421f91ae49881790edbc/gnocchi.b0f65d8c-bbe0-412c-bc94-a2b37e38c608/none_v3" 201 - "PUT http://172.18.0.210:8080/v1/AUTH_f669ac1a1893421f91ae49881790edbc/gnocchi.b0f65d8c-bbe0-412c-bc94-a2b37e38c608/none_v3" "tx2154a47a10af441e8f2c7-0068ee0c11" "proxy-server 12" 0.0116 "-" 24 0
Oct 14 08:38:41 np0005486729 proxy-server[125087]: 172.18.0.210 172.18.0.104 14/Oct/2025/08/38/41 PUT /v1/AUTH_f669ac1a1893421f91ae49881790edbc/gnocchi.b0f65d8c-bbe0-412c-bc94-a2b37e38c608/none_v3 HTTP/1.0 201 - python-swiftclient-3.11.1 gAAAAABo7gvE2klL... 22 - - tx2154a47a10af441e8f2c7-0068ee0c11 - 0.0255 - - 1760431121.727076292 1760431121.752608061 0
Oct 14 08:38:41 np0005486729 container-server[123442]: 172.20.0.104 - - [14/Oct/2025:08:38:41 +0000] "PUT /d1/582/AUTH_f669ac1a1893421f91ae49881790edbc/gnocchi.24e94419-d4f8-4b33-a74a-2d0153668fcc/none_v3" 201 - "PUT http://172.18.0.210:8080/d1/371/AUTH_f669ac1a1893421f91ae49881790edbc/gnocchi.24e94419-d4f8-4b33-a74a-2d0153668fcc/none_v3" "txc672d4a451124a5a95900-0068ee0c11" "object-server 23" 0.0008 "-" 20 0
Oct 14 08:38:41 np0005486729 object-server[123847]: 172.20.0.105 - - [14/Oct/2025:08:38:41 +0000] "PUT /d1/371/AUTH_f669ac1a1893421f91ae49881790edbc/gnocchi.24e94419-d4f8-4b33-a74a-2d0153668fcc/none_v3" 201 - "PUT http://172.18.0.210:8080/v1/AUTH_f669ac1a1893421f91ae49881790edbc/gnocchi.24e94419-d4f8-4b33-a74a-2d0153668fcc/none_v3" "txc672d4a451124a5a95900-0068ee0c11" "proxy-server 20" 0.0155 "-" 23 0
Oct 14 08:38:41 np0005486729 container-server[123442]: 172.20.0.103 - - [14/Oct/2025:08:38:41 +0000] "HEAD /d1/592/AUTH_f669ac1a1893421f91ae49881790edbc/gnocchi.094c1382-2b7a-4a01-a658-af90040ec049" 404 - "HEAD http://172.18.0.210:8080/v1/AUTH_f669ac1a1893421f91ae49881790edbc/gnocchi.094c1382-2b7a-4a01-a658-af90040ec049?format=json&states=listing" "txf6f51c96217646138824f-0068ee0c11" "proxy-server 20" 0.0005 "-" 20 0
Oct 14 08:38:41 np0005486729 container-server[123441]: 172.20.0.104 - - [14/Oct/2025:08:38:41 +0000] "HEAD /d1/625/AUTH_f669ac1a1893421f91ae49881790edbc/gnocchi.605cc867-1f40-454d-b7a4-248a43e34d70" 404 - "HEAD http://172.18.0.210:8080/v1/AUTH_f669ac1a1893421f91ae49881790edbc/gnocchi.605cc867-1f40-454d-b7a4-248a43e34d70?format=json&states=listing" "tx2ee12134e02c439f98a2d-0068ee0c11" "proxy-server 12" 0.0006 "-" 19 0
Oct 14 08:38:41 np0005486729 object-server[123852]: 172.20.0.103 - - [14/Oct/2025:08:38:41 +0000] "GET /d1/1009/AUTH_f669ac1a1893421f91ae49881790edbc/gnocchi.094c1382-2b7a-4a01-a658-af90040ec049/none_v3" 404 70 "GET http://172.18.0.210:8080/v1/AUTH_f669ac1a1893421f91ae49881790edbc/gnocchi.094c1382-2b7a-4a01-a658-af90040ec049/none_v3" "txf6f51c96217646138824f-0068ee0c11" "proxy-server 20" 0.0005 "-" 24 0
Oct 14 08:38:41 np0005486729 container-server[123465]: 172.20.0.105 - - [14/Oct/2025:08:38:41 +0000] "HEAD /d1/832/AUTH_f669ac1a1893421f91ae49881790edbc/gnocchi.b05dd831-9be5-43b0-8df9-491ea4d17321" 404 - "HEAD http://172.18.0.210:8080/v1/AUTH_f669ac1a1893421f91ae49881790edbc/gnocchi.b05dd831-9be5-43b0-8df9-491ea4d17321?format=json&states=listing" "tx9fcc25a608d840858fd74-0068ee0c11" "proxy-server 20" 0.0009 "-" 23 0
Oct 14 08:38:41 np0005486729 object-server[123863]: 172.20.0.104 - - [14/Oct/2025:08:38:41 +0000] "GET /d1/56/AUTH_f669ac1a1893421f91ae49881790edbc/gnocchi.605cc867-1f40-454d-b7a4-248a43e34d70/none_v3" 404 70 "GET http://172.18.0.210:8080/v1/AUTH_f669ac1a1893421f91ae49881790edbc/gnocchi.605cc867-1f40-454d-b7a4-248a43e34d70/none_v3" "tx2ee12134e02c439f98a2d-0068ee0c11" "proxy-server 12" 0.0005 "-" 25 0
Oct 14 08:38:41 np0005486729 proxy-server[125087]: 172.18.0.210 172.18.0.104 14/Oct/2025/08/38/41 GET /v1/AUTH_f669ac1a1893421f91ae49881790edbc/gnocchi.605cc867-1f40-454d-b7a4-248a43e34d70/none_v3 HTTP/1.0 404 - python-swiftclient-3.11.1 gAAAAABo7gvE2klL... - 70 - tx2ee12134e02c439f98a2d-0068ee0c11 - 0.0320 - - 1760431121.804390669 1760431121.836369514 0
Oct 14 08:38:41 np0005486729 object-server[123847]: 172.20.0.105 - - [14/Oct/2025:08:38:41 +0000] "GET /d1/383/AUTH_f669ac1a1893421f91ae49881790edbc/gnocchi.b05dd831-9be5-43b0-8df9-491ea4d17321/none_v3" 404 70 "GET http://172.18.0.210:8080/v1/AUTH_f669ac1a1893421f91ae49881790edbc/gnocchi.b05dd831-9be5-43b0-8df9-491ea4d17321/none_v3" "tx9fcc25a608d840858fd74-0068ee0c11" "proxy-server 20" 0.0005 "-" 23 0
Oct 14 08:38:41 np0005486729 account-server[123331]: 172.20.0.104 - - [14/Oct/2025:08:38:41 +0000] "PUT /d1/338/AUTH_f669ac1a1893421f91ae49881790edbc/gnocchi.094c1382-2b7a-4a01-a658-af90040ec049" 201 - "PUT http://172.20.0.104:6001/d1/592/AUTH_f669ac1a1893421f91ae49881790edbc/gnocchi.094c1382-2b7a-4a01-a658-af90040ec049" "txa753c09077fc4f3aadf6c-0068ee0c11" "container-server 20" 0.0062 "-" 23 0
Oct 14 08:38:41 np0005486729 container-server[123442]: 172.20.0.103 - - [14/Oct/2025:08:38:41 +0000] "PUT /d1/592/AUTH_f669ac1a1893421f91ae49881790edbc/gnocchi.094c1382-2b7a-4a01-a658-af90040ec049" 201 - "PUT http://172.18.0.210:8080/v1/AUTH_f669ac1a1893421f91ae49881790edbc/gnocchi.094c1382-2b7a-4a01-a658-af90040ec049" "txa753c09077fc4f3aadf6c-0068ee0c11" "proxy-server 20" 0.0218 "-" 20 0
Oct 14 08:38:41 np0005486729 account-server[123296]: 172.20.0.103 - - [14/Oct/2025:08:38:41 +0000] "PUT /d1/338/AUTH_f669ac1a1893421f91ae49881790edbc/gnocchi.605cc867-1f40-454d-b7a4-248a43e34d70" 201 - "PUT http://172.20.0.103:6001/d1/625/AUTH_f669ac1a1893421f91ae49881790edbc/gnocchi.605cc867-1f40-454d-b7a4-248a43e34d70" "tx6cd339c82bd24abd82077-0068ee0c11" "container-server 19" 0.0059 "-" 21 0
Oct 14 08:38:41 np0005486729 container-server[123465]: 172.20.0.104 - - [14/Oct/2025:08:38:41 +0000] "PUT /d1/625/AUTH_f669ac1a1893421f91ae49881790edbc/gnocchi.605cc867-1f40-454d-b7a4-248a43e34d70" 201 - "PUT http://172.18.0.210:8080/v1/AUTH_f669ac1a1893421f91ae49881790edbc/gnocchi.605cc867-1f40-454d-b7a4-248a43e34d70" "tx6cd339c82bd24abd82077-0068ee0c11" "proxy-server 12" 0.0184 "-" 23 0
Oct 14 08:38:41 np0005486729 container-server[123441]: 172.20.0.105 - - [14/Oct/2025:08:38:41 +0000] "PUT /d1/832/AUTH_f669ac1a1893421f91ae49881790edbc/gnocchi.b05dd831-9be5-43b0-8df9-491ea4d17321" 201 - "PUT http://172.18.0.210:8080/v1/AUTH_f669ac1a1893421f91ae49881790edbc/gnocchi.b05dd831-9be5-43b0-8df9-491ea4d17321" "txbf68c9e214a04227aa7cc-0068ee0c11" "proxy-server 20" 0.0163 "-" 19 0
Oct 14 08:38:41 np0005486729 proxy-server[125087]: 172.18.0.210 172.18.0.104 14/Oct/2025/08/38/41 PUT /v1/AUTH_f669ac1a1893421f91ae49881790edbc/gnocchi.605cc867-1f40-454d-b7a4-248a43e34d70 HTTP/1.0 201 - python-swiftclient-3.11.1 gAAAAABo7gvE2klL... - - - tx6cd339c82bd24abd82077-0068ee0c11 - 0.0429 - - 1760431121.840165138 1760431121.883103848 0
Oct 14 08:38:41 np0005486729 account-server[123320]: 172.20.0.105 - - [14/Oct/2025:08:38:41 +0000] "PUT /d1/338/AUTH_f669ac1a1893421f91ae49881790edbc/gnocchi.b05dd831-9be5-43b0-8df9-491ea4d17321" 201 - "PUT http://172.20.0.105:6001/d1/832/AUTH_f669ac1a1893421f91ae49881790edbc/gnocchi.b05dd831-9be5-43b0-8df9-491ea4d17321" "txbf68c9e214a04227aa7cc-0068ee0c11" "container-server 22" 0.0075 "-" 22 0
Oct 14 08:38:41 np0005486729 container-server[123455]: 172.20.0.104 - - [14/Oct/2025:08:38:41 +0000] "HEAD /d1/395/AUTH_f669ac1a1893421f91ae49881790edbc/gnocchi.8523de43-f34f-4455-b233-6e1be63252f0" 404 - "HEAD http://172.18.0.210:8080/v1/AUTH_f669ac1a1893421f91ae49881790edbc/gnocchi.8523de43-f34f-4455-b233-6e1be63252f0?format=json&states=listing" "tx515be754514647e68ddc3-0068ee0c11" "proxy-server 12" 0.0008 "-" 22 0
Oct 14 08:38:41 np0005486729 object-server[123852]: 172.20.0.103 - - [14/Oct/2025:08:38:41 +0000] "GET /d1/282/AUTH_f669ac1a1893421f91ae49881790edbc/gnocchi.094c1382-2b7a-4a01-a658-af90040ec049/1760400000.0_mean_300.0_v3" 404 70 "GET http://172.18.0.210:8080/v1/AUTH_f669ac1a1893421f91ae49881790edbc/gnocchi.094c1382-2b7a-4a01-a658-af90040ec049/1760400000.0_mean_300.0_v3" "txa5ea494ad99f4c289a1c8-0068ee0c11" "proxy-server 20" 0.0004 "-" 24 0
Oct 14 08:38:41 np0005486729 object-server[123863]: 172.20.0.104 - - [14/Oct/2025:08:38:41 +0000] "GET /d1/486/AUTH_f669ac1a1893421f91ae49881790edbc/gnocchi.8523de43-f34f-4455-b233-6e1be63252f0/none_v3" 404 70 "GET http://172.18.0.210:8080/v1/AUTH_f669ac1a1893421f91ae49881790edbc/gnocchi.8523de43-f34f-4455-b233-6e1be63252f0/none_v3" "tx515be754514647e68ddc3-0068ee0c11" "proxy-server 12" 0.0005 "-" 25 0
Oct 14 08:38:41 np0005486729 proxy-server[125087]: 172.18.0.210 172.18.0.104 14/Oct/2025/08/38/41 GET /v1/AUTH_f669ac1a1893421f91ae49881790edbc/gnocchi.8523de43-f34f-4455-b233-6e1be63252f0/none_v3 HTTP/1.0 404 - python-swiftclient-3.11.1 gAAAAABo7gvE2klL... - 70 - tx515be754514647e68ddc3-0068ee0c11 - 0.0341 - - 1760431121.887227058 1760431121.921305418 0
Oct 14 08:38:41 np0005486729 container-server[123455]: 172.20.0.105 - - [14/Oct/2025:08:38:41 +0000] "GET /d1/832/AUTH_f669ac1a1893421f91ae49881790edbc/gnocchi.b05dd831-9be5-43b0-8df9-491ea4d17321" 200 2 "GET http://172.18.0.210:8080/v1/AUTH_f669ac1a1893421f91ae49881790edbc/gnocchi.b05dd831-9be5-43b0-8df9-491ea4d17321?format=json&states=listing" "txb74019c000e147d59e18a-0068ee0c11" "proxy-server 20" 0.0034 "-" 22 0
Oct 14 08:38:41 np0005486729 container-server[123442]: 172.20.0.104 - - [14/Oct/2025:08:38:41 +0000] "PUT /d1/592/AUTH_f669ac1a1893421f91ae49881790edbc/gnocchi.094c1382-2b7a-4a01-a658-af90040ec049/1760400000.0_mean_300.0_v3" 201 - "PUT http://172.18.0.210:8080/d1/282/AUTH_f669ac1a1893421f91ae49881790edbc/gnocchi.094c1382-2b7a-4a01-a658-af90040ec049/1760400000.0_mean_300.0_v3" "tx1eed24f23fee48f6868d7-0068ee0c11" "object-server 22" 0.0006 "-" 20 0
Oct 14 08:38:41 np0005486729 object-server[123840]: 172.20.0.103 - - [14/Oct/2025:08:38:41 +0000] "PUT /d1/282/AUTH_f669ac1a1893421f91ae49881790edbc/gnocchi.094c1382-2b7a-4a01-a658-af90040ec049/1760400000.0_mean_300.0_v3" 201 - "PUT http://172.18.0.210:8080/v1/AUTH_f669ac1a1893421f91ae49881790edbc/gnocchi.094c1382-2b7a-4a01-a658-af90040ec049/1760400000.0_mean_300.0_v3" "tx1eed24f23fee48f6868d7-0068ee0c11" "proxy-server 20" 0.0119 "-" 22 0
Oct 14 08:38:41 np0005486729 object-server[123847]: 172.20.0.105 - - [14/Oct/2025:08:38:41 +0000] "GET /d1/391/AUTH_f669ac1a1893421f91ae49881790edbc/gnocchi.b05dd831-9be5-43b0-8df9-491ea4d17321/1760400000.0_mean_300.0_v3" 404 70 "GET http://172.18.0.210:8080/v1/AUTH_f669ac1a1893421f91ae49881790edbc/gnocchi.b05dd831-9be5-43b0-8df9-491ea4d17321/1760400000.0_mean_300.0_v3" "tx0ee40052d8ef4e4c92495-0068ee0c11" "proxy-server 20" 0.0006 "-" 23 0
Oct 14 08:38:41 np0005486729 container-server[123465]: 172.20.0.104 - - [14/Oct/2025:08:38:41 +0000] "PUT /d1/592/AUTH_f669ac1a1893421f91ae49881790edbc/gnocchi.094c1382-2b7a-4a01-a658-af90040ec049/none_v3" 201 - "PUT http://172.18.0.210:8080/d1/1009/AUTH_f669ac1a1893421f91ae49881790edbc/gnocchi.094c1382-2b7a-4a01-a658-af90040ec049/none_v3" "tx19e4d89553c74fa295505-0068ee0c11" "object-server 22" 0.0007 "-" 23 0
Oct 14 08:38:41 np0005486729 object-server[123840]: 172.20.0.103 - - [14/Oct/2025:08:38:41 +0000] "PUT /d1/1009/AUTH_f669ac1a1893421f91ae49881790edbc/gnocchi.094c1382-2b7a-4a01-a658-af90040ec049/none_v3" 201 - "PUT http://172.18.0.210:8080/v1/AUTH_f669ac1a1893421f91ae49881790edbc/gnocchi.094c1382-2b7a-4a01-a658-af90040ec049/none_v3" "tx19e4d89553c74fa295505-0068ee0c11" "proxy-server 20" 0.0116 "-" 22 0
Oct 14 08:38:41 np0005486729 account-server[123288]: 172.20.0.104 - - [14/Oct/2025:08:38:41 +0000] "PUT /d1/338/AUTH_f669ac1a1893421f91ae49881790edbc/gnocchi.8523de43-f34f-4455-b233-6e1be63252f0" 201 - "PUT http://172.20.0.104:6001/d1/395/AUTH_f669ac1a1893421f91ae49881790edbc/gnocchi.8523de43-f34f-4455-b233-6e1be63252f0" "txce1c61127807478bb8b18-0068ee0c11" "container-server 23" 0.0065 "-" 20 0
Oct 14 08:38:41 np0005486729 container-server[123465]: 172.20.0.104 - - [14/Oct/2025:08:38:41 +0000] "PUT /d1/395/AUTH_f669ac1a1893421f91ae49881790edbc/gnocchi.8523de43-f34f-4455-b233-6e1be63252f0" 201 - "PUT http://172.18.0.210:8080/v1/AUTH_f669ac1a1893421f91ae49881790edbc/gnocchi.8523de43-f34f-4455-b233-6e1be63252f0" "txce1c61127807478bb8b18-0068ee0c11" "proxy-server 12" 0.0237 "-" 23 0
Oct 14 08:38:41 np0005486729 proxy-server[125087]: 172.18.0.210 172.18.0.104 14/Oct/2025/08/38/41 PUT /v1/AUTH_f669ac1a1893421f91ae49881790edbc/gnocchi.8523de43-f34f-4455-b233-6e1be63252f0 HTTP/1.0 201 - python-swiftclient-3.11.1 gAAAAABo7gvE2klL... - - - txce1c61127807478bb8b18-0068ee0c11 - 0.0349 - - 1760431121.925329685 1760431121.960237026 0
Oct 14 08:38:41 np0005486729 container-server[123465]: 172.20.0.103 - - [14/Oct/2025:08:38:41 +0000] "PUT /d1/832/AUTH_f669ac1a1893421f91ae49881790edbc/gnocchi.b05dd831-9be5-43b0-8df9-491ea4d17321/1760400000.0_mean_300.0_v3" 201 - "PUT http://172.18.0.210:8080/d1/391/AUTH_f669ac1a1893421f91ae49881790edbc/gnocchi.b05dd831-9be5-43b0-8df9-491ea4d17321/1760400000.0_mean_300.0_v3" "tx4a9077b83a014ec493bf5-0068ee0c11" "object-server 23" 0.0008 "-" 23 0
Oct 14 08:38:41 np0005486729 object-server[123840]: 172.20.0.105 - - [14/Oct/2025:08:38:41 +0000] "PUT /d1/391/AUTH_f669ac1a1893421f91ae49881790edbc/gnocchi.b05dd831-9be5-43b0-8df9-491ea4d17321/1760400000.0_mean_300.0_v3" 201 - "PUT http://172.18.0.210:8080/v1/AUTH_f669ac1a1893421f91ae49881790edbc/gnocchi.b05dd831-9be5-43b0-8df9-491ea4d17321/1760400000.0_mean_300.0_v3" "tx4a9077b83a014ec493bf5-0068ee0c11" "proxy-server 20" 0.0132 "-" 22 0
Oct 14 08:38:41 np0005486729 container-server[123455]: 172.20.0.104 - - [14/Oct/2025:08:38:41 +0000] "HEAD /d1/779/AUTH_f669ac1a1893421f91ae49881790edbc/gnocchi.e93d1c21-3fa5-49dd-a2bd-5470398e3040" 404 - "HEAD http://172.18.0.210:8080/v1/AUTH_f669ac1a1893421f91ae49881790edbc/gnocchi.e93d1c21-3fa5-49dd-a2bd-5470398e3040?format=json&states=listing" "txaca52575e06e474e8b0c8-0068ee0c11" "proxy-server 12" 0.0004 "-" 22 0
Oct 14 08:38:41 np0005486729 object-server[123852]: 172.20.0.104 - - [14/Oct/2025:08:38:41 +0000] "GET /d1/984/AUTH_f669ac1a1893421f91ae49881790edbc/gnocchi.e93d1c21-3fa5-49dd-a2bd-5470398e3040/none_v3" 404 70 "GET http://172.18.0.210:8080/v1/AUTH_f669ac1a1893421f91ae49881790edbc/gnocchi.e93d1c21-3fa5-49dd-a2bd-5470398e3040/none_v3" "txaca52575e06e474e8b0c8-0068ee0c11" "proxy-server 12" 0.0004 "-" 24 0
