Oct 14 08:39:55 np0005486728 container-server[127344]: Replication run OVER
Oct 14 08:39:55 np0005486728 container-server[127344]: Attempted to replicate 22 dbs in 0.43186 seconds (50.94203/s)
Oct 14 08:39:55 np0005486728 container-server[127344]: Removed 0 dbs
Oct 14 08:39:55 np0005486728 container-server[127344]: 44 successes, 0 failures
Oct 14 08:39:55 np0005486728 container-server[127344]: diff:0 diff_capped:0 empty:0 hashmatch:0 no_change:44 remote_merge:0 rsync:0 ts_repl:0
Oct 14 08:39:56 np0005486728 object-server[235922]: Begin object audit "forever" mode (ALL)
Oct 14 08:39:56 np0005486728 object-server[235921]: Begin object audit "forever" mode (ZBF)
Oct 14 08:39:56 np0005486728 object-server[235921]: Object audit (ZBF). Since Tue Oct 14 08:39:56 2025: Locally: 1 passed, 0 quarantined, 0 errors, files/sec: 673.46, bytes/sec: 0.00, Total time: 0.00, Auditing time: 0.00, Rate: 0.00
Oct 14 08:39:56 np0005486728 object-server[235922]: Object audit (ALL). Since Tue Oct 14 08:39:56 2025: Locally: 1 passed, 0 quarantined, 0 errors, files/sec: 146.26, bytes/sec: 2340.16, Total time: 0.01, Auditing time: 0.00, Rate: 0.00
Oct 14 08:39:57 np0005486728 object-server[235921]: Object audit (ZBF) "forever" mode completed: 0.84s. Total quarantined: 0, Total errors: 0, Total files/sec: 52.19, Total bytes/sec: 0.00, Auditing time: 0.83, Rate: 0.99
Oct 14 08:39:59 np0005486728 object-server[235922]: Object audit (ALL) "forever" mode completed: 2.11s. Total quarantined: 0, Total errors: 0, Total files/sec: 20.86, Total bytes/sec: 401.05, Auditing time: 2.10, Rate: 0.99
Oct 14 08:40:16 np0005486728 account-server[127243]: Beginning replication run
Oct 14 08:40:16 np0005486728 account-server[127243]: Replication run OVER
Oct 14 08:40:16 np0005486728 account-server[127243]: Attempted to replicate 1 dbs in 0.01739 seconds (57.49763/s)
Oct 14 08:40:16 np0005486728 account-server[127243]: Removed 0 dbs
Oct 14 08:40:16 np0005486728 account-server[127243]: 2 successes, 0 failures
Oct 14 08:40:16 np0005486728 account-server[127243]: diff:0 diff_capped:0 empty:0 hashmatch:0 no_change:2 remote_merge:0 rsync:0 ts_repl:0
Oct 14 08:40:24 np0005486728 object-server[127856]: Starting object replication pass.
Oct 14 08:40:24 np0005486728 container-server[127344]: Beginning replication run
Oct 14 08:40:24 np0005486728 object-server[127856]: 42/42 (100.00%) partitions replicated in 0.41s (102.95/sec, 0s remaining)
Oct 14 08:40:24 np0005486728 object-server[127856]: 84 successes, 0 failures
Oct 14 08:40:24 np0005486728 object-server[127856]: 44 suffixes checked - 0.00% hashed, 0.00% synced
Oct 14 08:40:24 np0005486728 object-server[127856]: Partition times: max 0.0167s, min 0.0057s, med 0.0091s
Oct 14 08:40:24 np0005486728 object-server[127856]: Object replication complete. (0.01 minutes)
Oct 14 08:40:25 np0005486728 container-server[127344]: Replication run OVER
Oct 14 08:40:25 np0005486728 container-server[127344]: Attempted to replicate 22 dbs in 0.42928 seconds (51.24859/s)
Oct 14 08:40:25 np0005486728 container-server[127344]: Removed 0 dbs
Oct 14 08:40:25 np0005486728 container-server[127344]: 44 successes, 0 failures
Oct 14 08:40:25 np0005486728 container-server[127344]: diff:0 diff_capped:0 empty:0 hashmatch:0 no_change:44 remote_merge:0 rsync:0 ts_repl:0
Oct 14 08:40:27 np0005486728 object-server[235995]: Begin object audit "forever" mode (ZBF)
Oct 14 08:40:27 np0005486728 object-server[235995]: Object audit (ZBF). Since Tue Oct 14 08:40:27 2025: Locally: 1 passed, 0 quarantined, 0 errors, files/sec: 487.03, bytes/sec: 0.00, Total time: 0.00, Auditing time: 0.00, Rate: 0.00
Oct 14 08:40:28 np0005486728 object-server[235995]: Object audit (ZBF) "forever" mode completed: 0.84s. Total quarantined: 0, Total errors: 0, Total files/sec: 52.15, Total bytes/sec: 0.00, Auditing time: 0.83, Rate: 0.99
Oct 14 08:40:42 np0005486728 account-server[127804]: 172.20.0.104 - - [14/Oct/2025:08:40:42 +0000] "PUT /d1/338/AUTH_f669ac1a1893421f91ae49881790edbc/gnocchi.e93d1c21-3fa5-49dd-a2bd-5470398e3040" 201 - "-" "-" "container-updater 2" 0.0011 "-" 23 0
Oct 14 08:40:42 np0005486728 account-server[127803]: 172.20.0.104 - - [14/Oct/2025:08:40:42 +0000] "PUT /d1/338/AUTH_f669ac1a1893421f91ae49881790edbc/gnocchi.8523de43-f34f-4455-b233-6e1be63252f0" 201 - "-" "-" "container-updater 2" 0.0008 "-" 22 0
Oct 14 08:40:42 np0005486728 account-server[127804]: 172.20.0.104 - - [14/Oct/2025:08:40:42 +0000] "PUT /d1/338/AUTH_f669ac1a1893421f91ae49881790edbc/gnocchi.24e94419-d4f8-4b33-a74a-2d0153668fcc" 201 - "-" "-" "container-updater 2" 0.0008 "-" 23 0
Oct 14 08:40:42 np0005486728 account-server[127801]: 172.20.0.104 - - [14/Oct/2025:08:40:42 +0000] "PUT /d1/338/AUTH_f669ac1a1893421f91ae49881790edbc/gnocchi.80a29393-aaf6-4866-9158-2745c5b8ebac" 201 - "-" "-" "container-updater 2" 0.0016 "-" 20 0
Oct 14 08:40:42 np0005486728 account-server[127804]: 172.20.0.104 - - [14/Oct/2025:08:40:42 +0000] "PUT /d1/338/AUTH_f669ac1a1893421f91ae49881790edbc/gnocchi.07cadbe8-64ab-4b14-bb73-93d1c248666c" 201 - "-" "-" "container-updater 2" 0.0007 "-" 23 0
Oct 14 08:40:42 np0005486728 account-server[127803]: 172.20.0.104 - - [14/Oct/2025:08:40:42 +0000] "PUT /d1/338/AUTH_f669ac1a1893421f91ae49881790edbc/gnocchi.531a5307-750b-4f1b-88d2-2f987c72e8a3" 201 - "-" "-" "container-updater 2" 0.0007 "-" 22 0
Oct 14 08:40:42 np0005486728 account-server[127802]: 172.20.0.104 - - [14/Oct/2025:08:40:42 +0000] "PUT /d1/338/AUTH_f669ac1a1893421f91ae49881790edbc/gnocchi.d4cec63d-aea1-48a9-a808-f808950258d2" 201 - "-" "-" "container-updater 2" 0.0011 "-" 21 0
Oct 14 08:40:42 np0005486728 account-server[127804]: 172.20.0.104 - - [14/Oct/2025:08:40:42 +0000] "PUT /d1/338/AUTH_f669ac1a1893421f91ae49881790edbc/gnocchi.3c663d64-5a76-48d9-8930-a064864de360" 201 - "-" "-" "container-updater 2" 0.0005 "-" 23 0
Oct 14 08:40:42 np0005486728 account-server[127802]: 172.20.0.104 - - [14/Oct/2025:08:40:42 +0000] "PUT /d1/338/AUTH_f669ac1a1893421f91ae49881790edbc/gnocchi.fd0e3f88-10ae-4ce8-8130-39e421c9bf64" 201 - "-" "-" "container-updater 2" 0.0009 "-" 21 0
Oct 14 08:40:43 np0005486728 account-server[127804]: 172.20.0.104 - - [14/Oct/2025:08:40:43 +0000] "PUT /d1/338/AUTH_f669ac1a1893421f91ae49881790edbc/gnocchi.8e882ebf-42b7-469f-a9ed-cda9d56cbb3c" 201 - "-" "-" "container-updater 2" 0.0009 "-" 23 0
Oct 14 08:40:43 np0005486728 account-server[127802]: 172.20.0.104 - - [14/Oct/2025:08:40:43 +0000] "PUT /d1/338/AUTH_f669ac1a1893421f91ae49881790edbc/gnocchi.b05dd831-9be5-43b0-8df9-491ea4d17321" 201 - "-" "-" "container-updater 2" 0.0007 "-" 21 0
Oct 14 08:40:43 np0005486728 account-server[127804]: 172.20.0.104 - - [14/Oct/2025:08:40:43 +0000] "PUT /d1/338/AUTH_f669ac1a1893421f91ae49881790edbc/gnocchi.b0f65d8c-bbe0-412c-bc94-a2b37e38c608" 201 - "-" "-" "container-updater 2" 0.0006 "-" 23 0
Oct 14 08:40:43 np0005486728 account-server[127801]: 172.20.0.104 - - [14/Oct/2025:08:40:43 +0000] "PUT /d1/338/AUTH_f669ac1a1893421f91ae49881790edbc/gnocchi.605cc867-1f40-454d-b7a4-248a43e34d70" 201 - "-" "-" "container-updater 2" 0.0014 "-" 20 0
Oct 14 08:40:43 np0005486728 account-server[127803]: 172.20.0.104 - - [14/Oct/2025:08:40:43 +0000] "PUT /d1/338/AUTH_f669ac1a1893421f91ae49881790edbc/gnocchi.3b1c1661-98a9-4209-b569-c17f57c06b9c" 201 - "-" "-" "container-updater 2" 0.0009 "-" 22 0
Oct 14 08:40:43 np0005486728 account-server[127802]: 172.20.0.104 - - [14/Oct/2025:08:40:43 +0000] "PUT /d1/338/AUTH_f669ac1a1893421f91ae49881790edbc/gnocchi.479fcd71-0b85-4403-ae6a-839ce3ae78b8" 201 - "-" "-" "container-updater 2" 0.0005 "-" 21 0
Oct 14 08:40:43 np0005486728 account-server[127803]: 172.20.0.104 - - [14/Oct/2025:08:40:43 +0000] "PUT /d1/338/AUTH_f669ac1a1893421f91ae49881790edbc/gnocchi.a3a290ed-5229-4b1d-b88d-f8068665441e" 201 - "-" "-" "container-updater 2" 0.0007 "-" 22 0
Oct 14 08:40:43 np0005486728 account-server[127802]: 172.20.0.104 - - [14/Oct/2025:08:40:43 +0000] "PUT /d1/338/AUTH_f669ac1a1893421f91ae49881790edbc/gnocchi.b2c5abdf-1671-40cb-95d0-f7ba7bec7275" 201 - "-" "-" "container-updater 2" 0.0005 "-" 21 0
Oct 14 08:40:43 np0005486728 account-server[127804]: 172.20.0.104 - - [14/Oct/2025:08:40:43 +0000] "PUT /d1/338/AUTH_f669ac1a1893421f91ae49881790edbc/gnocchi.0ab7f682-d089-40a2-97d8-74d2aa81081c" 201 - "-" "-" "container-updater 2" 0.0006 "-" 23 0
Oct 14 08:40:43 np0005486728 account-server[127801]: 172.20.0.104 - - [14/Oct/2025:08:40:43 +0000] "PUT /d1/338/AUTH_f669ac1a1893421f91ae49881790edbc/gnocchi.094c1382-2b7a-4a01-a658-af90040ec049" 201 - "-" "-" "container-updater 2" 0.0007 "-" 20 0
Oct 14 08:40:43 np0005486728 account-server[127803]: 172.20.0.104 - - [14/Oct/2025:08:40:43 +0000] "PUT /d1/338/AUTH_f669ac1a1893421f91ae49881790edbc/gnocchi.c8ba4180-cd74-4592-97fe-2e224a348756" 201 - "-" "-" "container-updater 2" 0.0007 "-" 22 0
Oct 14 08:40:43 np0005486728 account-server[127803]: 172.20.0.104 - - [14/Oct/2025:08:40:43 +0000] "PUT /d1/338/AUTH_f669ac1a1893421f91ae49881790edbc/gnocchi.ba25d233-571b-47d4-8734-21969167c813" 201 - "-" "-" "container-updater 2" 0.0008 "-" 22 0
Oct 14 08:40:44 np0005486728 account-server[127804]: 172.20.0.104 - - [14/Oct/2025:08:40:44 +0000] "PUT /d1/338/AUTH_f669ac1a1893421f91ae49881790edbc/gnocchi.fc9d9bf6-3e16-42c3-82ff-c7840959987d" 201 - "-" "-" "container-updater 2" 0.0005 "-" 23 0
Oct 14 08:40:46 np0005486728 account-server[127243]: Beginning replication run
Oct 14 08:40:46 np0005486728 account-server[127243]: Replication run OVER
Oct 14 08:40:46 np0005486728 account-server[127243]: Attempted to replicate 1 dbs in 0.02005 seconds (49.86368/s)
Oct 14 08:40:46 np0005486728 account-server[127243]: Removed 0 dbs
Oct 14 08:40:46 np0005486728 account-server[127243]: 2 successes, 0 failures
Oct 14 08:40:46 np0005486728 account-server[127243]: diff:0 diff_capped:0 empty:0 hashmatch:0 no_change:2 remote_merge:0 rsync:0 ts_repl:0
Oct 14 08:40:49 np0005486728 account-server[127801]: 172.20.0.103 - - [14/Oct/2025:08:40:49 +0000] "HEAD /d1/509/.expiring_objects" 404 - "HEAD http://localhost/v1/.expiring_objects?format=json" "tx79fe1dc3f78a4b7fbf52f-0068ee0c91" "proxy-server 2" 0.0005 "-" 20 -
Oct 14 08:40:49 np0005486728 object-expirer[127852]: Pass completed in 0s; 0 objects expired (txn: tx79fe1dc3f78a4b7fbf52f-0068ee0c91)
Oct 14 08:40:54 np0005486728 container-server[127344]: Beginning replication run
Oct 14 08:40:54 np0005486728 object-server[127856]: Starting object replication pass.
Oct 14 08:40:55 np0005486728 container-server[127344]: Replication run OVER
Oct 14 08:40:55 np0005486728 container-server[127344]: Attempted to replicate 22 dbs in 0.43948 seconds (50.05936/s)
Oct 14 08:40:55 np0005486728 container-server[127344]: Removed 0 dbs
Oct 14 08:40:55 np0005486728 container-server[127344]: 44 successes, 0 failures
Oct 14 08:40:55 np0005486728 container-server[127344]: diff:0 diff_capped:0 empty:0 hashmatch:0 no_change:44 remote_merge:0 rsync:0 ts_repl:0
Oct 14 08:40:55 np0005486728 object-server[127856]: 42/42 (100.00%) partitions replicated in 0.37s (113.46/sec, 0s remaining)
Oct 14 08:40:55 np0005486728 object-server[127856]: 84 successes, 0 failures
Oct 14 08:40:55 np0005486728 object-server[127856]: 44 suffixes checked - 0.00% hashed, 0.00% synced
Oct 14 08:40:55 np0005486728 object-server[127856]: Partition times: max 0.0185s, min 0.0059s, med 0.0080s
Oct 14 08:40:55 np0005486728 object-server[127856]: Object replication complete. (0.01 minutes)
Oct 14 08:40:58 np0005486728 object-server[242442]: Begin object audit "forever" mode (ALL)
Oct 14 08:40:58 np0005486728 object-server[242440]: Begin object audit "forever" mode (ZBF)
Oct 14 08:40:58 np0005486728 object-server[242440]: Object audit (ZBF). Since Tue Oct 14 08:40:58 2025: Locally: 1 passed, 0 quarantined, 0 errors, files/sec: 634.25, bytes/sec: 0.00, Total time: 0.00, Auditing time: 0.00, Rate: 0.00
Oct 14 08:40:58 np0005486728 object-server[242442]: Object audit (ALL). Since Tue Oct 14 08:40:58 2025: Locally: 1 passed, 0 quarantined, 0 errors, files/sec: 144.58, bytes/sec: 2313.22, Total time: 0.01, Auditing time: 0.00, Rate: 0.00
Oct 14 08:40:59 np0005486728 object-server[242440]: Object audit (ZBF) "forever" mode completed: 0.84s. Total quarantined: 0, Total errors: 0, Total files/sec: 52.18, Total bytes/sec: 0.00, Auditing time: 0.83, Rate: 0.99
Oct 14 08:41:00 np0005486728 object-server[242442]: Object audit (ALL) "forever" mode completed: 2.11s. Total quarantined: 0, Total errors: 0, Total files/sec: 20.86, Total bytes/sec: 401.12, Auditing time: 2.10, Rate: 0.99
Oct 14 08:41:06 np0005486728 account-server[127803]: 172.20.0.105 - - [14/Oct/2025:08:41:06 +0000] "HEAD /d1/509/.expiring_objects" 404 - "HEAD http://localhost/v1/.expiring_objects?format=json" "txcb06b307064c4e13b8880-0068ee0ca2" "proxy-server 2" 0.0008 "-" 22 -
Oct 14 08:41:16 np0005486728 account-server[127243]: Beginning replication run
Oct 14 08:41:16 np0005486728 account-server[127243]: Replication run OVER
Oct 14 08:41:16 np0005486728 account-server[127243]: Attempted to replicate 1 dbs in 0.01976 seconds (50.59448/s)
Oct 14 08:41:16 np0005486728 account-server[127243]: Removed 0 dbs
Oct 14 08:41:16 np0005486728 account-server[127243]: 2 successes, 0 failures
Oct 14 08:41:16 np0005486728 account-server[127243]: diff:0 diff_capped:0 empty:0 hashmatch:0 no_change:2 remote_merge:0 rsync:0 ts_repl:0
Oct 14 08:41:24 np0005486728 container-server[127344]: Beginning replication run
Oct 14 08:41:25 np0005486728 container-server[127344]: Replication run OVER
Oct 14 08:41:25 np0005486728 container-server[127344]: Attempted to replicate 22 dbs in 0.43290 seconds (50.82030/s)
Oct 14 08:41:25 np0005486728 container-server[127344]: Removed 0 dbs
Oct 14 08:41:25 np0005486728 container-server[127344]: 44 successes, 0 failures
Oct 14 08:41:25 np0005486728 container-server[127344]: diff:0 diff_capped:0 empty:0 hashmatch:0 no_change:44 remote_merge:0 rsync:0 ts_repl:0
Oct 14 08:41:25 np0005486728 object-server[127856]: Starting object replication pass.
Oct 14 08:41:25 np0005486728 object-server[127856]: 42/42 (100.00%) partitions replicated in 0.35s (118.52/sec, 0s remaining)
Oct 14 08:41:25 np0005486728 object-server[127856]: 84 successes, 0 failures
Oct 14 08:41:25 np0005486728 object-server[127856]: 44 suffixes checked - 0.00% hashed, 0.00% synced
Oct 14 08:41:25 np0005486728 object-server[127856]: Partition times: max 0.0122s, min 0.0053s, med 0.0079s
Oct 14 08:41:25 np0005486728 object-server[127856]: Object replication complete. (0.01 minutes)
Oct 14 08:41:29 np0005486728 object-server[242551]: Begin object audit "forever" mode (ZBF)
Oct 14 08:41:29 np0005486728 object-server[242551]: Object audit (ZBF). Since Tue Oct 14 08:41:29 2025: Locally: 1 passed, 0 quarantined, 0 errors, files/sec: 705.28, bytes/sec: 0.00, Total time: 0.00, Auditing time: 0.00, Rate: 0.00
Oct 14 08:41:30 np0005486728 object-server[242551]: Object audit (ZBF) "forever" mode completed: 0.84s. Total quarantined: 0, Total errors: 0, Total files/sec: 52.21, Total bytes/sec: 0.00, Auditing time: 0.83, Rate: 0.99
Oct 14 08:41:46 np0005486728 account-server[127243]: Beginning replication run
Oct 14 08:41:46 np0005486728 account-server[127243]: Replication run OVER
Oct 14 08:41:46 np0005486728 account-server[127243]: Attempted to replicate 1 dbs in 0.01806 seconds (55.38467/s)
Oct 14 08:41:46 np0005486728 account-server[127243]: Removed 0 dbs
Oct 14 08:41:46 np0005486728 account-server[127243]: 2 successes, 0 failures
Oct 14 08:41:46 np0005486728 account-server[127243]: diff:0 diff_capped:0 empty:0 hashmatch:0 no_change:2 remote_merge:0 rsync:0 ts_repl:0
Oct 14 08:41:54 np0005486728 container-server[127344]: Beginning replication run
Oct 14 08:41:55 np0005486728 container-server[127344]: Replication run OVER
Oct 14 08:41:55 np0005486728 container-server[127344]: Attempted to replicate 22 dbs in 0.43691 seconds (50.35337/s)
Oct 14 08:41:55 np0005486728 container-server[127344]: Removed 0 dbs
Oct 14 08:41:55 np0005486728 container-server[127344]: 44 successes, 0 failures
Oct 14 08:41:55 np0005486728 container-server[127344]: diff:0 diff_capped:0 empty:0 hashmatch:0 no_change:44 remote_merge:0 rsync:0 ts_repl:0
Oct 14 08:41:55 np0005486728 object-server[127856]: Starting object replication pass.
Oct 14 08:41:56 np0005486728 object-server[127856]: 42/42 (100.00%) partitions replicated in 0.40s (106.19/sec, 0s remaining)
Oct 14 08:41:56 np0005486728 object-server[127856]: 84 successes, 0 failures
Oct 14 08:41:56 np0005486728 object-server[127856]: 44 suffixes checked - 0.00% hashed, 0.00% synced
Oct 14 08:41:56 np0005486728 object-server[127856]: Partition times: max 0.0177s, min 0.0058s, med 0.0087s
Oct 14 08:41:56 np0005486728 object-server[127856]: Object replication complete. (0.01 minutes)
Oct 14 08:42:00 np0005486728 object-server[248594]: Begin object audit "forever" mode (ZBF)
Oct 14 08:42:00 np0005486728 object-server[248594]: Object audit (ZBF). Since Tue Oct 14 08:42:00 2025: Locally: 1 passed, 0 quarantined, 0 errors, files/sec: 595.36, bytes/sec: 0.00, Total time: 0.00, Auditing time: 0.00, Rate: 0.00
Oct 14 08:42:00 np0005486728 object-server[248595]: Begin object audit "forever" mode (ALL)
Oct 14 08:42:00 np0005486728 object-server[248595]: Object audit (ALL). Since Tue Oct 14 08:42:00 2025: Locally: 1 passed, 0 quarantined, 0 errors, files/sec: 123.30, bytes/sec: 1972.86, Total time: 0.01, Auditing time: 0.00, Rate: 0.00
Oct 14 08:42:01 np0005486728 object-server[248594]: Object audit (ZBF) "forever" mode completed: 0.84s. Total quarantined: 0, Total errors: 0, Total files/sec: 52.15, Total bytes/sec: 0.00, Auditing time: 0.83, Rate: 0.98
Oct 14 08:42:02 np0005486728 object-server[248595]: Object audit (ALL) "forever" mode completed: 2.11s. Total quarantined: 0, Total errors: 0, Total files/sec: 20.84, Total bytes/sec: 400.75, Auditing time: 2.10, Rate: 0.99
Oct 14 08:42:16 np0005486728 account-server[127243]: Beginning replication run
Oct 14 08:42:16 np0005486728 account-server[127243]: Replication run OVER
Oct 14 08:42:16 np0005486728 account-server[127243]: Attempted to replicate 1 dbs in 0.01377 seconds (72.63943/s)
Oct 14 08:42:16 np0005486728 account-server[127243]: Removed 0 dbs
Oct 14 08:42:16 np0005486728 account-server[127243]: 2 successes, 0 failures
Oct 14 08:42:16 np0005486728 account-server[127243]: diff:0 diff_capped:0 empty:0 hashmatch:0 no_change:2 remote_merge:0 rsync:0 ts_repl:0
Oct 14 08:42:19 np0005486728 account-server[127802]: 172.20.0.104 - - [14/Oct/2025:08:42:19 +0000] "HEAD /d1/509/.expiring_objects" 404 - "HEAD http://localhost/v1/.expiring_objects?format=json" "txdd1a40f9bd4d42aca4a40-0068ee0ceb" "proxy-server 2" 0.0008 "-" 21 -
Oct 14 08:42:21 np0005486728 account-server[127803]: 172.20.0.105 - - [14/Oct/2025:08:42:21 +0000] "PUT /d1/338/AUTH_f669ac1a1893421f91ae49881790edbc/gnocchi.8523de43-f34f-4455-b233-6e1be63252f0" 201 - "-" "-" "container-updater 2" 0.0006 "-" 22 0
Oct 14 08:42:21 np0005486728 account-server[127804]: 172.20.0.105 - - [14/Oct/2025:08:42:21 +0000] "PUT /d1/338/AUTH_f669ac1a1893421f91ae49881790edbc/gnocchi.fd0e3f88-10ae-4ce8-8130-39e421c9bf64" 201 - "-" "-" "container-updater 2" 0.0010 "-" 23 0
Oct 14 08:42:21 np0005486728 account-server[127802]: 172.20.0.105 - - [14/Oct/2025:08:42:21 +0000] "PUT /d1/338/AUTH_f669ac1a1893421f91ae49881790edbc/gnocchi.8e882ebf-42b7-469f-a9ed-cda9d56cbb3c" 201 - "-" "-" "container-updater 2" 0.0007 "-" 21 0
Oct 14 08:42:21 np0005486728 account-server[127801]: 172.20.0.105 - - [14/Oct/2025:08:42:21 +0000] "PUT /d1/338/AUTH_f669ac1a1893421f91ae49881790edbc/gnocchi.07cadbe8-64ab-4b14-bb73-93d1c248666c" 201 - "-" "-" "container-updater 2" 0.0004 "-" 20 0
Oct 14 08:42:21 np0005486728 account-server[127802]: 172.20.0.105 - - [14/Oct/2025:08:42:21 +0000] "PUT /d1/338/AUTH_f669ac1a1893421f91ae49881790edbc/gnocchi.479fcd71-0b85-4403-ae6a-839ce3ae78b8" 201 - "-" "-" "container-updater 2" 0.0007 "-" 21 0
Oct 14 08:42:21 np0005486728 account-server[127804]: 172.20.0.105 - - [14/Oct/2025:08:42:21 +0000] "PUT /d1/338/AUTH_f669ac1a1893421f91ae49881790edbc/gnocchi.80a29393-aaf6-4866-9158-2745c5b8ebac" 201 - "-" "-" "container-updater 2" 0.0007 "-" 23 0
Oct 14 08:42:21 np0005486728 account-server[127802]: 172.20.0.105 - - [14/Oct/2025:08:42:21 +0000] "PUT /d1/338/AUTH_f669ac1a1893421f91ae49881790edbc/gnocchi.605cc867-1f40-454d-b7a4-248a43e34d70" 201 - "-" "-" "container-updater 2" 0.0007 "-" 21 0
Oct 14 08:42:21 np0005486728 account-server[127801]: 172.20.0.105 - - [14/Oct/2025:08:42:21 +0000] "PUT /d1/338/AUTH_f669ac1a1893421f91ae49881790edbc/gnocchi.b0f65d8c-bbe0-412c-bc94-a2b37e38c608" 201 - "-" "-" "container-updater 2" 0.0009 "-" 20 0
Oct 14 08:42:21 np0005486728 account-server[127804]: 172.20.0.105 - - [14/Oct/2025:08:42:21 +0000] "PUT /d1/338/AUTH_f669ac1a1893421f91ae49881790edbc/gnocchi.fc9d9bf6-3e16-42c3-82ff-c7840959987d" 201 - "-" "-" "container-updater 2" 0.0007 "-" 23 0
Oct 14 08:42:22 np0005486728 account-server[127804]: 172.20.0.105 - - [14/Oct/2025:08:42:22 +0000] "PUT /d1/338/AUTH_f669ac1a1893421f91ae49881790edbc/gnocchi.e93d1c21-3fa5-49dd-a2bd-5470398e3040" 201 - "-" "-" "container-updater 2" 0.0007 "-" 23 0
Oct 14 08:42:22 np0005486728 account-server[127802]: 172.20.0.105 - - [14/Oct/2025:08:42:22 +0000] "PUT /d1/338/AUTH_f669ac1a1893421f91ae49881790edbc/gnocchi.b2c5abdf-1671-40cb-95d0-f7ba7bec7275" 201 - "-" "-" "container-updater 2" 0.0008 "-" 21 0
Oct 14 08:42:22 np0005486728 account-server[127804]: 172.20.0.105 - - [14/Oct/2025:08:42:22 +0000] "PUT /d1/338/AUTH_f669ac1a1893421f91ae49881790edbc/gnocchi.b05dd831-9be5-43b0-8df9-491ea4d17321" 201 - "-" "-" "container-updater 2" 0.0005 "-" 23 0
Oct 14 08:42:22 np0005486728 container-server[127886]: Begin container update sweep
Oct 14 08:42:22 np0005486728 account-server[127802]: 172.20.0.103 - - [14/Oct/2025:08:42:22 +0000] "PUT /d1/338/AUTH_f669ac1a1893421f91ae49881790edbc/gnocchi.ba25d233-571b-47d4-8734-21969167c813" 201 - "-" "-" "container-updater 2" 0.0009 "-" 21 0
Oct 14 08:42:22 np0005486728 account-server[127803]: 172.20.0.105 - - [14/Oct/2025:08:42:22 +0000] "PUT /d1/338/AUTH_f669ac1a1893421f91ae49881790edbc/gnocchi.24e94419-d4f8-4b33-a74a-2d0153668fcc" 201 - "-" "-" "container-updater 2" 0.0007 "-" 22 0
Oct 14 08:42:22 np0005486728 account-server[127802]: 172.20.0.105 - - [14/Oct/2025:08:42:22 +0000] "PUT /d1/338/AUTH_f669ac1a1893421f91ae49881790edbc/gnocchi.0ab7f682-d089-40a2-97d8-74d2aa81081c" 201 - "-" "-" "container-updater 2" 0.0008 "-" 21 0
Oct 14 08:42:22 np0005486728 account-server[127801]: 172.20.0.103 - - [14/Oct/2025:08:42:22 +0000] "PUT /d1/338/AUTH_f669ac1a1893421f91ae49881790edbc/gnocchi.605cc867-1f40-454d-b7a4-248a43e34d70" 201 - "-" "-" "container-updater 2" 0.0007 "-" 20 0
Oct 14 08:42:22 np0005486728 account-server[127804]: 172.20.0.103 - - [14/Oct/2025:08:42:22 +0000] "PUT /d1/338/AUTH_f669ac1a1893421f91ae49881790edbc/gnocchi.8523de43-f34f-4455-b233-6e1be63252f0" 201 - "-" "-" "container-updater 2" 0.0008 "-" 23 0
Oct 14 08:42:22 np0005486728 account-server[127801]: 172.20.0.105 - - [14/Oct/2025:08:42:22 +0000] "PUT /d1/338/AUTH_f669ac1a1893421f91ae49881790edbc/gnocchi.094c1382-2b7a-4a01-a658-af90040ec049" 201 - "-" "-" "container-updater 2" 0.0008 "-" 20 0
Oct 14 08:42:22 np0005486728 account-server[127802]: 172.20.0.103 - - [14/Oct/2025:08:42:22 +0000] "PUT /d1/338/AUTH_f669ac1a1893421f91ae49881790edbc/gnocchi.fc9d9bf6-3e16-42c3-82ff-c7840959987d" 201 - "-" "-" "container-updater 2" 0.0004 "-" 21 0
Oct 14 08:42:22 np0005486728 account-server[127802]: 172.20.0.105 - - [14/Oct/2025:08:42:22 +0000] "PUT /d1/338/AUTH_f669ac1a1893421f91ae49881790edbc/gnocchi.531a5307-750b-4f1b-88d2-2f987c72e8a3" 201 - "-" "-" "container-updater 2" 0.0005 "-" 21 0
Oct 14 08:42:22 np0005486728 account-server[127801]: 172.20.0.103 - - [14/Oct/2025:08:42:22 +0000] "PUT /d1/338/AUTH_f669ac1a1893421f91ae49881790edbc/gnocchi.fd0e3f88-10ae-4ce8-8130-39e421c9bf64" 201 - "-" "-" "container-updater 2" 0.0007 "-" 20 0
Oct 14 08:42:22 np0005486728 account-server[127804]: 172.20.0.105 - - [14/Oct/2025:08:42:22 +0000] "PUT /d1/338/AUTH_f669ac1a1893421f91ae49881790edbc/gnocchi.c8ba4180-cd74-4592-97fe-2e224a348756" 201 - "-" "-" "container-updater 2" 0.0008 "-" 23 0
Oct 14 08:42:22 np0005486728 account-server[127804]: 172.20.0.103 - - [14/Oct/2025:08:42:22 +0000] "PUT /d1/338/AUTH_f669ac1a1893421f91ae49881790edbc/gnocchi.8e882ebf-42b7-469f-a9ed-cda9d56cbb3c" 201 - "-" "-" "container-updater 2" 0.0007 "-" 23 0
Oct 14 08:42:22 np0005486728 account-server[127804]: 172.20.0.105 - - [14/Oct/2025:08:42:22 +0000] "PUT /d1/338/AUTH_f669ac1a1893421f91ae49881790edbc/gnocchi.ba25d233-571b-47d4-8734-21969167c813" 201 - "-" "-" "container-updater 2" 0.0006 "-" 23 0
Oct 14 08:42:22 np0005486728 account-server[127801]: 172.20.0.105 - - [14/Oct/2025:08:42:22 +0000] "PUT /d1/338/AUTH_f669ac1a1893421f91ae49881790edbc/gnocchi.3c663d64-5a76-48d9-8930-a064864de360" 201 - "-" "-" "container-updater 2" 0.0008 "-" 20 0
Oct 14 08:42:22 np0005486728 account-server[127804]: 172.20.0.103 - - [14/Oct/2025:08:42:22 +0000] "PUT /d1/338/AUTH_f669ac1a1893421f91ae49881790edbc/gnocchi.80a29393-aaf6-4866-9158-2745c5b8ebac" 201 - "-" "-" "container-updater 2" 0.0012 "-" 23 0
Oct 14 08:42:22 np0005486728 account-server[127803]: 172.20.0.103 - - [14/Oct/2025:08:42:22 +0000] "PUT /d1/338/AUTH_f669ac1a1893421f91ae49881790edbc/gnocchi.07cadbe8-64ab-4b14-bb73-93d1c248666c" 201 - "-" "-" "container-updater 2" 0.0007 "-" 22 0
Oct 14 08:42:23 np0005486728 account-server[127803]: 172.20.0.103 - - [14/Oct/2025:08:42:22 +0000] "PUT /d1/338/AUTH_f669ac1a1893421f91ae49881790edbc/gnocchi.479fcd71-0b85-4403-ae6a-839ce3ae78b8" 201 - "-" "-" "container-updater 2" 0.0006 "-" 22 0
Oct 14 08:42:23 np0005486728 account-server[127804]: 172.20.0.103 - - [14/Oct/2025:08:42:23 +0000] "PUT /d1/338/AUTH_f669ac1a1893421f91ae49881790edbc/gnocchi.531a5307-750b-4f1b-88d2-2f987c72e8a3" 201 - "-" "-" "container-updater 2" 0.0008 "-" 23 0
Oct 14 08:42:23 np0005486728 account-server[127802]: 172.20.0.103 - - [14/Oct/2025:08:42:23 +0000] "PUT /d1/338/AUTH_f669ac1a1893421f91ae49881790edbc/gnocchi.094c1382-2b7a-4a01-a658-af90040ec049" 201 - "-" "-" "container-updater 2" 0.0006 "-" 21 0
Oct 14 08:42:23 np0005486728 account-server[127801]: 172.20.0.103 - - [14/Oct/2025:08:42:23 +0000] "PUT /d1/338/AUTH_f669ac1a1893421f91ae49881790edbc/gnocchi.b0f65d8c-bbe0-412c-bc94-a2b37e38c608" 201 - "-" "-" "container-updater 2" 0.0004 "-" 20 0
Oct 14 08:42:23 np0005486728 account-server[127804]: 172.20.0.103 - - [14/Oct/2025:08:42:23 +0000] "PUT /d1/338/AUTH_f669ac1a1893421f91ae49881790edbc/gnocchi.b05dd831-9be5-43b0-8df9-491ea4d17321" 201 - "-" "-" "container-updater 2" 0.0008 "-" 23 0
Oct 14 08:42:23 np0005486728 account-server[127804]: 172.20.0.103 - - [14/Oct/2025:08:42:23 +0000] "PUT /d1/338/AUTH_f669ac1a1893421f91ae49881790edbc/gnocchi.3c663d64-5a76-48d9-8930-a064864de360" 201 - "-" "-" "container-updater 2" 0.0005 "-" 23 0
Oct 14 08:42:23 np0005486728 account-server[127803]: 172.20.0.103 - - [14/Oct/2025:08:42:23 +0000] "PUT /d1/338/AUTH_f669ac1a1893421f91ae49881790edbc/gnocchi.b2c5abdf-1671-40cb-95d0-f7ba7bec7275" 201 - "-" "-" "container-updater 2" 0.0004 "-" 22 0
Oct 14 08:42:23 np0005486728 account-server[127804]: 172.20.0.103 - - [14/Oct/2025:08:42:23 +0000] "PUT /d1/338/AUTH_f669ac1a1893421f91ae49881790edbc/gnocchi.24e94419-d4f8-4b33-a74a-2d0153668fcc" 201 - "-" "-" "container-updater 2" 0.0008 "-" 23 0
Oct 14 08:42:23 np0005486728 account-server[127802]: 172.20.0.103 - - [14/Oct/2025:08:42:23 +0000] "PUT /d1/338/AUTH_f669ac1a1893421f91ae49881790edbc/gnocchi.c8ba4180-cd74-4592-97fe-2e224a348756" 201 - "-" "-" "container-updater 2" 0.0004 "-" 21 0
Oct 14 08:42:23 np0005486728 account-server[127803]: 172.20.0.103 - - [14/Oct/2025:08:42:23 +0000] "PUT /d1/338/AUTH_f669ac1a1893421f91ae49881790edbc/gnocchi.e93d1c21-3fa5-49dd-a2bd-5470398e3040" 201 - "-" "-" "container-updater 2" 0.0004 "-" 22 0
Oct 14 08:42:23 np0005486728 account-server[127801]: 172.20.0.103 - - [14/Oct/2025:08:42:23 +0000] "PUT /d1/338/AUTH_f669ac1a1893421f91ae49881790edbc/gnocchi.0ab7f682-d089-40a2-97d8-74d2aa81081c" 201 - "-" "-" "container-updater 2" 0.0004 "-" 20 0
Oct 14 08:42:23 np0005486728 container-server[127886]: Container update sweep completed: 1.59s
Oct 14 08:42:24 np0005486728 container-server[127344]: Beginning replication run
Oct 14 08:42:25 np0005486728 container-server[127344]: Replication run OVER
Oct 14 08:42:25 np0005486728 container-server[127344]: Attempted to replicate 22 dbs in 0.43130 seconds (51.00911/s)
Oct 14 08:42:25 np0005486728 container-server[127344]: Removed 0 dbs
Oct 14 08:42:25 np0005486728 container-server[127344]: 44 successes, 0 failures
Oct 14 08:42:25 np0005486728 container-server[127344]: diff:0 diff_capped:0 empty:0 hashmatch:0 no_change:44 remote_merge:0 rsync:0 ts_repl:0
Oct 14 08:42:26 np0005486728 object-server[127856]: Starting object replication pass.
Oct 14 08:42:26 np0005486728 object-server[127856]: 42/42 (100.00%) partitions replicated in 0.37s (113.54/sec, 0s remaining)
Oct 14 08:42:26 np0005486728 object-server[127856]: 84 successes, 0 failures
Oct 14 08:42:26 np0005486728 object-server[127856]: 44 suffixes checked - 0.00% hashed, 0.00% synced
Oct 14 08:42:26 np0005486728 object-server[127856]: Partition times: max 0.0147s, min 0.0041s, med 0.0079s
Oct 14 08:42:26 np0005486728 object-server[127856]: Object replication complete. (0.01 minutes)
Oct 14 08:42:31 np0005486728 object-server[248632]: Begin object audit "forever" mode (ZBF)
Oct 14 08:42:31 np0005486728 object-server[248632]: Object audit (ZBF). Since Tue Oct 14 08:42:31 2025: Locally: 1 passed, 0 quarantined, 0 errors, files/sec: 763.43, bytes/sec: 0.00, Total time: 0.00, Auditing time: 0.00, Rate: 0.00
Oct 14 08:42:32 np0005486728 object-server[248632]: Object audit (ZBF) "forever" mode completed: 0.84s. Total quarantined: 0, Total errors: 0, Total files/sec: 52.19, Total bytes/sec: 0.00, Auditing time: 0.83, Rate: 0.99
Oct 14 08:42:46 np0005486728 account-server[127243]: Beginning replication run
Oct 14 08:42:46 np0005486728 account-server[127243]: Replication run OVER
Oct 14 08:42:46 np0005486728 account-server[127243]: Attempted to replicate 1 dbs in 0.02665 seconds (37.52674/s)
Oct 14 08:42:46 np0005486728 account-server[127243]: Removed 0 dbs
Oct 14 08:42:46 np0005486728 account-server[127243]: 2 successes, 0 failures
Oct 14 08:42:46 np0005486728 account-server[127243]: diff:0 diff_capped:0 empty:0 hashmatch:0 no_change:2 remote_merge:0 rsync:0 ts_repl:0
Oct 14 08:42:54 np0005486728 account-server[126851]: Begin account audit pass.
Oct 14 08:42:54 np0005486728 container-server[127344]: Beginning replication run
Oct 14 08:42:55 np0005486728 container-server[127344]: Replication run OVER
Oct 14 08:42:55 np0005486728 container-server[127344]: Attempted to replicate 22 dbs in 0.43589 seconds (50.47095/s)
Oct 14 08:42:55 np0005486728 container-server[127344]: Removed 0 dbs
Oct 14 08:42:55 np0005486728 container-server[127344]: 44 successes, 0 failures
Oct 14 08:42:55 np0005486728 container-server[127344]: diff:0 diff_capped:0 empty:0 hashmatch:0 no_change:44 remote_merge:0 rsync:0 ts_repl:0
Oct 14 08:42:56 np0005486728 object-server[127856]: Starting object replication pass.
Oct 14 08:42:56 np0005486728 object-server[127856]: 42/42 (100.00%) partitions replicated in 0.41s (102.84/sec, 0s remaining)
Oct 14 08:42:56 np0005486728 object-server[127856]: 84 successes, 0 failures
Oct 14 08:42:56 np0005486728 object-server[127856]: 44 suffixes checked - 0.00% hashed, 0.00% synced
Oct 14 08:42:56 np0005486728 object-server[127856]: Partition times: max 0.0356s, min 0.0065s, med 0.0086s
Oct 14 08:42:56 np0005486728 object-server[127856]: Object replication complete. (0.01 minutes)
Oct 14 08:43:02 np0005486728 object-server[254440]: Begin object audit "forever" mode (ALL)
Oct 14 08:43:02 np0005486728 object-server[254439]: Begin object audit "forever" mode (ZBF)
Oct 14 08:43:02 np0005486728 object-server[254439]: Object audit (ZBF). Since Tue Oct 14 08:43:02 2025: Locally: 1 passed, 0 quarantined, 0 errors, files/sec: 843.58, bytes/sec: 0.00, Total time: 0.00, Auditing time: 0.00, Rate: 0.00
Oct 14 08:43:02 np0005486728 object-server[254440]: Object audit (ALL). Since Tue Oct 14 08:43:02 2025: Locally: 1 passed, 0 quarantined, 0 errors, files/sec: 151.34, bytes/sec: 2421.39, Total time: 0.01, Auditing time: 0.00, Rate: 0.00
Oct 14 08:43:03 np0005486728 object-server[254439]: Object audit (ZBF) "forever" mode completed: 0.84s. Total quarantined: 0, Total errors: 0, Total files/sec: 52.19, Total bytes/sec: 0.00, Auditing time: 0.83, Rate: 0.99
Oct 14 08:43:04 np0005486728 object-server[254440]: Object audit (ALL) "forever" mode completed: 2.11s. Total quarantined: 0, Total errors: 0, Total files/sec: 20.86, Total bytes/sec: 401.10, Auditing time: 2.10, Rate: 0.99
Oct 14 08:43:16 np0005486728 account-server[127243]: Beginning replication run
Oct 14 08:43:16 np0005486728 account-server[127243]: Replication run OVER
Oct 14 08:43:16 np0005486728 account-server[127243]: Attempted to replicate 1 dbs in 0.01550 seconds (64.49559/s)
Oct 14 08:43:16 np0005486728 account-server[127243]: Removed 0 dbs
Oct 14 08:43:16 np0005486728 account-server[127243]: 2 successes, 0 failures
Oct 14 08:43:16 np0005486728 account-server[127243]: diff:0 diff_capped:0 empty:0 hashmatch:0 no_change:2 remote_merge:0 rsync:0 ts_repl:0
Oct 14 08:43:24 np0005486728 container-server[127344]: Beginning replication run
Oct 14 08:43:25 np0005486728 container-server[127344]: Replication run OVER
Oct 14 08:43:25 np0005486728 container-server[127344]: Attempted to replicate 22 dbs in 0.42798 seconds (51.40369/s)
Oct 14 08:43:25 np0005486728 container-server[127344]: Removed 0 dbs
Oct 14 08:43:25 np0005486728 container-server[127344]: 44 successes, 0 failures
Oct 14 08:43:25 np0005486728 container-server[127344]: diff:0 diff_capped:0 empty:0 hashmatch:0 no_change:44 remote_merge:0 rsync:0 ts_repl:0
Oct 14 08:43:26 np0005486728 object-server[127856]: Starting object replication pass.
Oct 14 08:43:27 np0005486728 object-server[127856]: 42/42 (100.00%) partitions replicated in 0.40s (104.89/sec, 0s remaining)
Oct 14 08:43:27 np0005486728 object-server[127856]: 84 successes, 0 failures
Oct 14 08:43:27 np0005486728 object-server[127856]: 44 suffixes checked - 0.00% hashed, 0.00% synced
Oct 14 08:43:27 np0005486728 object-server[127856]: Partition times: max 0.0151s, min 0.0059s, med 0.0081s
Oct 14 08:43:27 np0005486728 object-server[127856]: Object replication complete. (0.01 minutes)
Oct 14 08:43:33 np0005486728 object-server[254756]: Begin object audit "forever" mode (ZBF)
Oct 14 08:43:33 np0005486728 object-server[254756]: Object audit (ZBF). Since Tue Oct 14 08:43:33 2025: Locally: 1 passed, 0 quarantined, 0 errors, files/sec: 847.51, bytes/sec: 0.00, Total time: 0.00, Auditing time: 0.00, Rate: 0.00
Oct 14 08:43:34 np0005486728 object-server[254756]: Object audit (ZBF) "forever" mode completed: 0.84s. Total quarantined: 0, Total errors: 0, Total files/sec: 52.22, Total bytes/sec: 0.00, Auditing time: 0.83, Rate: 0.99
Oct 14 08:43:41 np0005486728 container-server[127699]: 172.20.0.105 - - [14/Oct/2025:08:43:41 +0000] "HEAD /d1/328/AUTH_f669ac1a1893421f91ae49881790edbc/gnocchi.b0f65d8c-bbe0-412c-bc94-a2b37e38c608" 204 - "HEAD http://172.18.0.210:8080/v1/AUTH_f669ac1a1893421f91ae49881790edbc/gnocchi.b0f65d8c-bbe0-412c-bc94-a2b37e38c608?format=json&states=listing" "tx97505468d88c4e37b2d98-0068ee0d3d" "proxy-server 20" 0.0024 "-" 19 0
Oct 14 08:43:41 np0005486728 object-server[128055]: 172.20.0.105 - - [14/Oct/2025:08:43:41 +0000] "GET /d1/373/AUTH_f669ac1a1893421f91ae49881790edbc/gnocchi.b0f65d8c-bbe0-412c-bc94-a2b37e38c608/none_v3" 200 22 "GET http://172.18.0.210:8080/v1/AUTH_f669ac1a1893421f91ae49881790edbc/gnocchi.b0f65d8c-bbe0-412c-bc94-a2b37e38c608/none_v3" "tx97505468d88c4e37b2d98-0068ee0d3d" "proxy-server 20" 0.0012 "-" 23 0
Oct 14 08:43:41 np0005486728 proxy-server[129496]: 172.18.0.103 172.18.0.104 14/Oct/2025/08/43/41 GET /v1/AUTH_f669ac1a1893421f91ae49881790edbc/gnocchi.b0f65d8c-bbe0-412c-bc94-a2b37e38c608%3Fformat%3Djson%26states%3Dlisting HTTP/1.0 200 - python-swiftclient-3.11.1 gAAAAABo7gvEzjD0... - 357 - txe8cf5598b6354b738f687-0068ee0d3d - 0.0111 - - 1760431421.195630312 1760431421.206687927 0
Oct 14 08:43:41 np0005486728 object-server[128071]: 172.20.0.103 - - [14/Oct/2025:08:43:41 +0000] "GET /d1/790/AUTH_f669ac1a1893421f91ae49881790edbc/gnocchi.b0f65d8c-bbe0-412c-bc94-a2b37e38c608/1760400000.0_rate%3Amean_300.0_v3" 404 70 "GET http://172.18.0.210:8080/v1/AUTH_f669ac1a1893421f91ae49881790edbc/gnocchi.b0f65d8c-bbe0-412c-bc94-a2b37e38c608/1760400000.0_rate%3Amean_300.0_v3" "txc7f2519e30224fc2ae62f-0068ee0d3d" "proxy-server 20" 0.0003 "-" 24 0
Oct 14 08:43:41 np0005486728 proxy-server[129496]: 172.18.0.103 172.18.0.104 14/Oct/2025/08/43/41 GET /v1/AUTH_f669ac1a1893421f91ae49881790edbc/gnocchi.b0f65d8c-bbe0-412c-bc94-a2b37e38c608/1760400000.0_rate%253Amean_300.0_v3 HTTP/1.0 404 - python-swiftclient-3.11.1 gAAAAABo7gvEzjD0... - 70 - txc7f2519e30224fc2ae62f-0068ee0d3d - 0.0146 - - 1760431421.247159243 1760431421.261715651 0
Oct 14 08:43:41 np0005486728 container-server[127699]: 172.20.0.103 - - [14/Oct/2025:08:43:41 +0000] "PUT /d1/328/AUTH_f669ac1a1893421f91ae49881790edbc/gnocchi.b0f65d8c-bbe0-412c-bc94-a2b37e38c608/1760400000.0_mean_300.0_v3" 201 - "PUT http://172.18.0.210:8080/d1/742/AUTH_f669ac1a1893421f91ae49881790edbc/gnocchi.b0f65d8c-bbe0-412c-bc94-a2b37e38c608/1760400000.0_mean_300.0_v3" "txc2a0511f02f94f21b4f72-0068ee0d3d" "object-server 25" 0.0007 "-" 19 0
Oct 14 08:43:41 np0005486728 object-server[128072]: 172.20.0.104 - - [14/Oct/2025:08:43:41 +0000] "PUT /d1/742/AUTH_f669ac1a1893421f91ae49881790edbc/gnocchi.b0f65d8c-bbe0-412c-bc94-a2b37e38c608/1760400000.0_mean_300.0_v3" 201 - "PUT http://172.18.0.210:8080/v1/AUTH_f669ac1a1893421f91ae49881790edbc/gnocchi.b0f65d8c-bbe0-412c-bc94-a2b37e38c608/1760400000.0_mean_300.0_v3" "txc2a0511f02f94f21b4f72-0068ee0d3d" "proxy-server 12" 0.0143 "-" 25 0
Oct 14 08:43:41 np0005486728 object-server[128055]: 172.20.0.105 - - [14/Oct/2025:08:43:41 +0000] "PUT /d1/790/AUTH_f669ac1a1893421f91ae49881790edbc/gnocchi.b0f65d8c-bbe0-412c-bc94-a2b37e38c608/1760400000.0_rate%3Amean_300.0_v3" 201 - "PUT http://172.18.0.210:8080/v1/AUTH_f669ac1a1893421f91ae49881790edbc/gnocchi.b0f65d8c-bbe0-412c-bc94-a2b37e38c608/1760400000.0_rate%3Amean_300.0_v3" "txad404a6d78024269a0240-0068ee0d3d" "proxy-server 20" 0.0108 "-" 23 0
Oct 14 08:43:41 np0005486728 container-server[127719]: 172.20.0.104 - - [14/Oct/2025:08:43:41 +0000] "PUT /d1/328/AUTH_f669ac1a1893421f91ae49881790edbc/gnocchi.b0f65d8c-bbe0-412c-bc94-a2b37e38c608/1760400000.0_rate%3Amean_300.0_v3" 201 - "PUT http://172.18.0.210:8080/d1/790/AUTH_f669ac1a1893421f91ae49881790edbc/gnocchi.b0f65d8c-bbe0-412c-bc94-a2b37e38c608/1760400000.0_rate%3Amean_300.0_v3" "txad404a6d78024269a0240-0068ee0d3d" "object-server 22" 0.0011 "-" 22 0
Oct 14 08:43:41 np0005486728 object-server[128072]: 172.20.0.103 - - [14/Oct/2025:08:43:41 +0000] "PUT /d1/373/AUTH_f669ac1a1893421f91ae49881790edbc/gnocchi.b0f65d8c-bbe0-412c-bc94-a2b37e38c608/none_v3" 201 - "PUT http://172.18.0.210:8080/v1/AUTH_f669ac1a1893421f91ae49881790edbc/gnocchi.b0f65d8c-bbe0-412c-bc94-a2b37e38c608/none_v3" "tx3b69a07cd7e64beca2214-0068ee0d3d" "proxy-server 20" 0.0128 "-" 25 0
Oct 14 08:43:41 np0005486728 container-server[127711]: 172.20.0.104 - - [14/Oct/2025:08:43:41 +0000] "PUT /d1/328/AUTH_f669ac1a1893421f91ae49881790edbc/gnocchi.b0f65d8c-bbe0-412c-bc94-a2b37e38c608/none_v3" 201 - "PUT http://172.18.0.210:8080/d1/373/AUTH_f669ac1a1893421f91ae49881790edbc/gnocchi.b0f65d8c-bbe0-412c-bc94-a2b37e38c608/none_v3" "tx3b69a07cd7e64beca2214-0068ee0d3d" "object-server 25" 0.0005 "-" 21 0
Oct 14 08:43:41 np0005486728 proxy-server[129496]: 172.18.0.103 172.18.0.104 14/Oct/2025/08/43/41 PUT /v1/AUTH_f669ac1a1893421f91ae49881790edbc/gnocchi.b0f65d8c-bbe0-412c-bc94-a2b37e38c608/none_v3 HTTP/1.0 201 - python-swiftclient-3.11.1 gAAAAABo7gvEzjD0... 35 - - tx3b69a07cd7e64beca2214-0068ee0d3d - 0.0338 - - 1760431421.327400446 1760431421.361166477 0
Oct 14 08:43:41 np0005486728 object-server[128051]: 172.20.0.105 - - [14/Oct/2025:08:43:41 +0000] "GET /d1/671/AUTH_f669ac1a1893421f91ae49881790edbc/gnocchi.fd0e3f88-10ae-4ce8-8130-39e421c9bf64/none_v3" 200 22 "GET http://172.18.0.210:8080/v1/AUTH_f669ac1a1893421f91ae49881790edbc/gnocchi.fd0e3f88-10ae-4ce8-8130-39e421c9bf64/none_v3" "txe0b791f2521842a4a1f6a-0068ee0d3d" "proxy-server 20" 0.0009 "-" 22 0
Oct 14 08:43:41 np0005486728 proxy-server[129496]: 172.18.0.103 172.18.0.104 14/Oct/2025/08/43/41 GET /v1/AUTH_f669ac1a1893421f91ae49881790edbc/gnocchi.fd0e3f88-10ae-4ce8-8130-39e421c9bf64%3Fformat%3Djson%26states%3Dlisting HTTP/1.0 200 - python-swiftclient-3.11.1 gAAAAABo7gvEzjD0... - 357 - txbeaec87ec28a461da18d1-0068ee0d3d - 0.0123 - - 1760431421.450298786 1760431421.462638855 0
Oct 14 08:43:41 np0005486728 proxy-server[129496]: 172.18.0.103 172.18.0.104 14/Oct/2025/08/43/41 GET /v1/AUTH_f669ac1a1893421f91ae49881790edbc/gnocchi.fd0e3f88-10ae-4ce8-8130-39e421c9bf64/1760400000.0_mean_300.0_v3 HTTP/1.0 200 - python-swiftclient-3.11.1 gAAAAABo7gvEzjD0... - 16 - txa07236f0d66247708f788-0068ee0d3d - 0.0084 - - 1760431421.491212368 1760431421.499573946 0
Oct 14 08:43:41 np0005486728 object-server[128055]: 172.20.0.105 - - [14/Oct/2025:08:43:41 +0000] "GET /d1/402/AUTH_f669ac1a1893421f91ae49881790edbc/gnocchi.fd0e3f88-10ae-4ce8-8130-39e421c9bf64/1760400000.0_rate%3Amean_300.0_v3" 404 70 "GET http://172.18.0.210:8080/v1/AUTH_f669ac1a1893421f91ae49881790edbc/gnocchi.fd0e3f88-10ae-4ce8-8130-39e421c9bf64/1760400000.0_rate%3Amean_300.0_v3" "tx4a9b3552099f4651ad42c-0068ee0d3d" "proxy-server 20" 0.0003 "-" 23 0
Oct 14 08:43:41 np0005486728 object-server[128071]: 172.20.0.103 - - [14/Oct/2025:08:43:41 +0000] "PUT /d1/76/AUTH_f669ac1a1893421f91ae49881790edbc/gnocchi.fd0e3f88-10ae-4ce8-8130-39e421c9bf64/1760400000.0_mean_300.0_v3" 201 - "PUT http://172.18.0.210:8080/v1/AUTH_f669ac1a1893421f91ae49881790edbc/gnocchi.fd0e3f88-10ae-4ce8-8130-39e421c9bf64/1760400000.0_mean_300.0_v3" "tx565a1e0d2b4a4299ba50e-0068ee0d3d" "proxy-server 20" 0.0114 "-" 24 0
Oct 14 08:43:41 np0005486728 container-server[127699]: 172.20.0.104 - - [14/Oct/2025:08:43:41 +0000] "PUT /d1/557/AUTH_f669ac1a1893421f91ae49881790edbc/gnocchi.fd0e3f88-10ae-4ce8-8130-39e421c9bf64/1760400000.0_mean_300.0_v3" 201 - "PUT http://172.18.0.210:8080/d1/76/AUTH_f669ac1a1893421f91ae49881790edbc/gnocchi.fd0e3f88-10ae-4ce8-8130-39e421c9bf64/1760400000.0_mean_300.0_v3" "tx565a1e0d2b4a4299ba50e-0068ee0d3d" "object-server 25" 0.0007 "-" 19 0
Oct 14 08:43:41 np0005486728 proxy-server[129496]: 172.18.0.103 172.18.0.104 14/Oct/2025/08/43/41 PUT /v1/AUTH_f669ac1a1893421f91ae49881790edbc/gnocchi.fd0e3f88-10ae-4ce8-8130-39e421c9bf64/1760400000.0_mean_300.0_v3 HTTP/1.0 201 - python-swiftclient-3.11.1 gAAAAABo7gvEzjD0... 24 - - tx565a1e0d2b4a4299ba50e-0068ee0d3d - 0.0242 - - 1760431421.534383059 1760431421.558614016 0
Oct 14 08:43:41 np0005486728 container-server[127705]: 172.20.0.103 - - [14/Oct/2025:08:43:41 +0000] "PUT /d1/557/AUTH_f669ac1a1893421f91ae49881790edbc/gnocchi.fd0e3f88-10ae-4ce8-8130-39e421c9bf64/1760400000.0_rate%3Amean_300.0_v3" 201 - "PUT http://172.18.0.210:8080/d1/402/AUTH_f669ac1a1893421f91ae49881790edbc/gnocchi.fd0e3f88-10ae-4ce8-8130-39e421c9bf64/1760400000.0_rate%3Amean_300.0_v3" "txd67fe75786794fcbaa170-0068ee0d3d" "object-server 23" 0.0007 "-" 20 0
Oct 14 08:43:41 np0005486728 object-server[128055]: 172.20.0.105 - - [14/Oct/2025:08:43:41 +0000] "PUT /d1/402/AUTH_f669ac1a1893421f91ae49881790edbc/gnocchi.fd0e3f88-10ae-4ce8-8130-39e421c9bf64/1760400000.0_rate%3Amean_300.0_v3" 201 - "PUT http://172.18.0.210:8080/v1/AUTH_f669ac1a1893421f91ae49881790edbc/gnocchi.fd0e3f88-10ae-4ce8-8130-39e421c9bf64/1760400000.0_rate%3Amean_300.0_v3" "txd67fe75786794fcbaa170-0068ee0d3d" "proxy-server 20" 0.0111 "-" 23 0
Oct 14 08:43:41 np0005486728 container-server[127719]: 172.20.0.105 - - [14/Oct/2025:08:43:41 +0000] "PUT /d1/557/AUTH_f669ac1a1893421f91ae49881790edbc/gnocchi.fd0e3f88-10ae-4ce8-8130-39e421c9bf64/none_v3" 201 - "PUT http://172.18.0.210:8080/d1/671/AUTH_f669ac1a1893421f91ae49881790edbc/gnocchi.fd0e3f88-10ae-4ce8-8130-39e421c9bf64/none_v3" "tx76a3e3f993364856a1a62-0068ee0d3d" "object-server 25" 0.0007 "-" 22 0
Oct 14 08:43:41 np0005486728 object-server[128072]: 172.20.0.103 - - [14/Oct/2025:08:43:41 +0000] "PUT /d1/671/AUTH_f669ac1a1893421f91ae49881790edbc/gnocchi.fd0e3f88-10ae-4ce8-8130-39e421c9bf64/none_v3" 201 - "PUT http://172.18.0.210:8080/v1/AUTH_f669ac1a1893421f91ae49881790edbc/gnocchi.fd0e3f88-10ae-4ce8-8130-39e421c9bf64/none_v3" "tx76a3e3f993364856a1a62-0068ee0d3d" "proxy-server 20" 0.0119 "-" 25 0
Oct 14 08:43:41 np0005486728 proxy-server[129496]: 172.18.0.103 172.18.0.104 14/Oct/2025/08/43/41 PUT /v1/AUTH_f669ac1a1893421f91ae49881790edbc/gnocchi.fd0e3f88-10ae-4ce8-8130-39e421c9bf64/none_v3 HTTP/1.0 201 - python-swiftclient-3.11.1 gAAAAABo7gvEzjD0... 33 - - tx76a3e3f993364856a1a62-0068ee0d3d - 0.0223 - - 1760431421.591331244 1760431421.613630772 0
Oct 14 08:43:41 np0005486728 object-server[128072]: 172.20.0.105 - - [14/Oct/2025:08:43:41 +0000] "GET /d1/484/AUTH_f669ac1a1893421f91ae49881790edbc/gnocchi.479fcd71-0b85-4403-ae6a-839ce3ae78b8/none_v3" 200 22 "GET http://172.18.0.210:8080/v1/AUTH_f669ac1a1893421f91ae49881790edbc/gnocchi.479fcd71-0b85-4403-ae6a-839ce3ae78b8/none_v3" "tx44384c4d59804d64b27fa-0068ee0d3d" "proxy-server 20" 0.0007 "-" 25 0
Oct 14 08:43:41 np0005486728 object-server[128072]: 172.20.0.105 - - [14/Oct/2025:08:43:41 +0000] "GET /d1/725/AUTH_f669ac1a1893421f91ae49881790edbc/gnocchi.479fcd71-0b85-4403-ae6a-839ce3ae78b8/1760400000.0_rate%3Amean_300.0_v3" 404 70 "GET http://172.18.0.210:8080/v1/AUTH_f669ac1a1893421f91ae49881790edbc/gnocchi.479fcd71-0b85-4403-ae6a-839ce3ae78b8/1760400000.0_rate%3Amean_300.0_v3" "txa140f6ccd8f94f39927df-0068ee0d3d" "proxy-server 20" 0.0004 "-" 25 0
Oct 14 08:43:41 np0005486728 container-server[127699]: 172.20.0.105 - - [14/Oct/2025:08:43:41 +0000] "PUT /d1/230/AUTH_f669ac1a1893421f91ae49881790edbc/gnocchi.479fcd71-0b85-4403-ae6a-839ce3ae78b8/1760400000.0_mean_300.0_v3" 201 - "PUT http://172.18.0.210:8080/d1/625/AUTH_f669ac1a1893421f91ae49881790edbc/gnocchi.479fcd71-0b85-4403-ae6a-839ce3ae78b8/1760400000.0_mean_300.0_v3" "tx44af196cabe34b519fcf0-0068ee0d3d" "object-server 25" 0.0007 "-" 19 0
Oct 14 08:43:41 np0005486728 object-server[128055]: 172.20.0.105 - - [14/Oct/2025:08:43:41 +0000] "PUT /d1/625/AUTH_f669ac1a1893421f91ae49881790edbc/gnocchi.479fcd71-0b85-4403-ae6a-839ce3ae78b8/1760400000.0_mean_300.0_v3" 201 - "PUT http://172.18.0.210:8080/v1/AUTH_f669ac1a1893421f91ae49881790edbc/gnocchi.479fcd71-0b85-4403-ae6a-839ce3ae78b8/1760400000.0_mean_300.0_v3" "tx44af196cabe34b519fcf0-0068ee0d3d" "proxy-server 20" 0.0147 "-" 23 0
Oct 14 08:43:41 np0005486728 container-server[127711]: 172.20.0.103 - - [14/Oct/2025:08:43:41 +0000] "PUT /d1/230/AUTH_f669ac1a1893421f91ae49881790edbc/gnocchi.479fcd71-0b85-4403-ae6a-839ce3ae78b8/1760400000.0_rate%3Amean_300.0_v3" 201 - "PUT http://172.18.0.210:8080/d1/725/AUTH_f669ac1a1893421f91ae49881790edbc/gnocchi.479fcd71-0b85-4403-ae6a-839ce3ae78b8/1760400000.0_rate%3Amean_300.0_v3" "tx19812fc63be04ac983c7b-0068ee0d3d" "object-server 25" 0.0006 "-" 21 0
Oct 14 08:43:41 np0005486728 object-server[128072]: 172.20.0.105 - - [14/Oct/2025:08:43:41 +0000] "PUT /d1/725/AUTH_f669ac1a1893421f91ae49881790edbc/gnocchi.479fcd71-0b85-4403-ae6a-839ce3ae78b8/1760400000.0_rate%3Amean_300.0_v3" 201 - "PUT http://172.18.0.210:8080/v1/AUTH_f669ac1a1893421f91ae49881790edbc/gnocchi.479fcd71-0b85-4403-ae6a-839ce3ae78b8/1760400000.0_rate%3Amean_300.0_v3" "tx19812fc63be04ac983c7b-0068ee0d3d" "proxy-server 20" 0.0112 "-" 25 0
Oct 14 08:43:41 np0005486728 proxy-server[129496]: 172.18.0.210 172.18.0.104 14/Oct/2025/08/43/41 GET /v1/AUTH_f669ac1a1893421f91ae49881790edbc/gnocchi.605cc867-1f40-454d-b7a4-248a43e34d70/none_v3 HTTP/1.0 200 - python-swiftclient-3.11.1 gAAAAABo7gvE2klL... - 22 - tx11697b2cd8eb45bba7fb7-0068ee0d3d - 0.1496 - - 1760431421.814092398 1760431421.963656902 0
Oct 14 08:43:41 np0005486728 container-server[127705]: 172.20.0.103 - - [14/Oct/2025:08:43:41 +0000] "GET /d1/625/AUTH_f669ac1a1893421f91ae49881790edbc/gnocchi.605cc867-1f40-454d-b7a4-248a43e34d70" 200 357 "GET http://172.18.0.210:8080/v1/AUTH_f669ac1a1893421f91ae49881790edbc/gnocchi.605cc867-1f40-454d-b7a4-248a43e34d70?format=json&states=listing" "tx8c12e44877654b5cb64a5-0068ee0d3d" "proxy-server 20" 0.0022 "-" 20 0
Oct 14 08:43:41 np0005486728 proxy-server[129496]: 172.18.0.210 172.18.0.104 14/Oct/2025/08/43/41 GET /v1/AUTH_f669ac1a1893421f91ae49881790edbc/gnocchi.605cc867-1f40-454d-b7a4-248a43e34d70%3Fformat%3Djson%26states%3Dlisting HTTP/1.0 200 - python-swiftclient-3.11.1 gAAAAABo7gvE2klL... - 357 - tx8c12e44877654b5cb64a5-0068ee0d3d - 0.0082 - - 1760431421.967982054 1760431421.976197720 0
Oct 14 08:43:41 np0005486728 container-server[127705]: 172.20.0.104 - - [14/Oct/2025:08:43:41 +0000] "PUT /d1/230/AUTH_f669ac1a1893421f91ae49881790edbc/gnocchi.479fcd71-0b85-4403-ae6a-839ce3ae78b8/none_v3" 201 - "PUT http://172.18.0.210:8080/d1/484/AUTH_f669ac1a1893421f91ae49881790edbc/gnocchi.479fcd71-0b85-4403-ae6a-839ce3ae78b8/none_v3" "tx42f4fbf68bca4cd38b7a7-0068ee0d3d" "object-server 22" 0.0004 "-" 20 0
Oct 14 08:43:41 np0005486728 object-server[128072]: 172.20.0.105 - - [14/Oct/2025:08:43:41 +0000] "PUT /d1/484/AUTH_f669ac1a1893421f91ae49881790edbc/gnocchi.479fcd71-0b85-4403-ae6a-839ce3ae78b8/none_v3" 201 - "PUT http://172.18.0.210:8080/v1/AUTH_f669ac1a1893421f91ae49881790edbc/gnocchi.479fcd71-0b85-4403-ae6a-839ce3ae78b8/none_v3" "tx42f4fbf68bca4cd38b7a7-0068ee0d3d" "proxy-server 20" 0.0113 "-" 25 0
