Oct 14 08:37:24 np0005486728 container-server[127719]: 172.20.0.105 - - [14/Oct/2025:08:37:24 +0000] "PUT /d1/334/AUTH_f669ac1a1893421f91ae49881790edbc/gnocchi.fc9d9bf6-3e16-42c3-82ff-c7840959987d/none_v3" 201 - "PUT http://172.18.0.210:8080/d1/608/AUTH_f669ac1a1893421f91ae49881790edbc/gnocchi.fc9d9bf6-3e16-42c3-82ff-c7840959987d/none_v3" "tx9fba99cb489c42f6baa4d-0068ee0bc4" "object-server 23" 0.0006 "-" 22 0
Oct 14 08:37:24 np0005486728 container-server[127705]: 172.20.0.103 - - [14/Oct/2025:08:37:24 +0000] "HEAD /d1/296/AUTH_f669ac1a1893421f91ae49881790edbc/gnocchi.c8ba4180-cd74-4592-97fe-2e224a348756" 404 - "HEAD http://172.18.0.210:8080/v1/AUTH_f669ac1a1893421f91ae49881790edbc/gnocchi.c8ba4180-cd74-4592-97fe-2e224a348756?format=json&states=listing" "tx715a0daa56e4498db9760-0068ee0bc4" "proxy-server 20" 0.0006 "-" 20 0
Oct 14 08:37:24 np0005486728 object-server[128071]: 172.20.0.103 - - [14/Oct/2025:08:37:24 +0000] "GET /d1/160/AUTH_f669ac1a1893421f91ae49881790edbc/gnocchi.c8ba4180-cd74-4592-97fe-2e224a348756/none_v3" 404 70 "GET http://172.18.0.210:8080/v1/AUTH_f669ac1a1893421f91ae49881790edbc/gnocchi.c8ba4180-cd74-4592-97fe-2e224a348756/none_v3" "tx715a0daa56e4498db9760-0068ee0bc4" "proxy-server 20" 0.0003 "-" 24 0
Oct 14 08:37:24 np0005486728 proxy-server[129496]: 172.18.0.103 172.18.0.104 14/Oct/2025/08/37/24 GET /v1/AUTH_f669ac1a1893421f91ae49881790edbc/gnocchi.c8ba4180-cd74-4592-97fe-2e224a348756/none_v3 HTTP/1.0 404 - python-swiftclient-3.11.1 gAAAAABo7gvEzjD0... - 70 - tx715a0daa56e4498db9760-0068ee0bc4 - 0.0756 - - 1760431044.567965746 1760431044.643601894 0
Oct 14 08:37:24 np0005486728 container-server[127699]: 172.20.0.104 - - [14/Oct/2025:08:37:24 +0000] "HEAD /d1/778/AUTH_f669ac1a1893421f91ae49881790edbc/gnocchi.8e882ebf-42b7-469f-a9ed-cda9d56cbb3c" 404 - "HEAD http://172.18.0.210:8080/v1/AUTH_f669ac1a1893421f91ae49881790edbc/gnocchi.8e882ebf-42b7-469f-a9ed-cda9d56cbb3c?format=json&states=listing" "tx5a8590d5976445b9bbd43-0068ee0bc4" "proxy-server 12" 0.0003 "-" 19 0
Oct 14 08:37:24 np0005486728 object-server[128072]: 172.20.0.104 - - [14/Oct/2025:08:37:24 +0000] "GET /d1/241/AUTH_f669ac1a1893421f91ae49881790edbc/gnocchi.8e882ebf-42b7-469f-a9ed-cda9d56cbb3c/none_v3" 404 70 "GET http://172.18.0.210:8080/v1/AUTH_f669ac1a1893421f91ae49881790edbc/gnocchi.8e882ebf-42b7-469f-a9ed-cda9d56cbb3c/none_v3" "tx5a8590d5976445b9bbd43-0068ee0bc4" "proxy-server 12" 0.0003 "-" 25 0
Oct 14 08:37:24 np0005486728 container-server[127719]: 172.20.0.103 - - [14/Oct/2025:08:37:24 +0000] "PUT /d1/296/AUTH_f669ac1a1893421f91ae49881790edbc/gnocchi.c8ba4180-cd74-4592-97fe-2e224a348756" 201 - "PUT http://172.18.0.210:8080/v1/AUTH_f669ac1a1893421f91ae49881790edbc/gnocchi.c8ba4180-cd74-4592-97fe-2e224a348756" "tx2fa87b017ebe4a7f92074-0068ee0bc4" "proxy-server 20" 0.0166 "-" 22 0
Oct 14 08:37:24 np0005486728 account-server[127803]: 172.20.0.105 - - [14/Oct/2025:08:37:24 +0000] "PUT /d1/338/AUTH_f669ac1a1893421f91ae49881790edbc/gnocchi.c8ba4180-cd74-4592-97fe-2e224a348756" 201 - "PUT http://172.20.0.105:6001/d1/296/AUTH_f669ac1a1893421f91ae49881790edbc/gnocchi.c8ba4180-cd74-4592-97fe-2e224a348756" "tx2fa87b017ebe4a7f92074-0068ee0bc4" "container-server 21" 0.0056 "-" 22 0
Oct 14 08:37:24 np0005486728 proxy-server[129496]: 172.18.0.103 172.18.0.104 14/Oct/2025/08/37/24 PUT /v1/AUTH_f669ac1a1893421f91ae49881790edbc/gnocchi.c8ba4180-cd74-4592-97fe-2e224a348756 HTTP/1.0 201 - python-swiftclient-3.11.1 gAAAAABo7gvEzjD0... - - - tx2fa87b017ebe4a7f92074-0068ee0bc4 - 0.0279 - - 1760431044.647641182 1760431044.675491571 0
Oct 14 08:37:24 np0005486728 proxy-server[129496]: - - 14/Oct/2025/08/37/24 HEAD /v1/AUTH_f669ac1a1893421f91ae49881790edbc/gnocchi.c8ba4180-cd74-4592-97fe-2e224a348756%3Fformat%3Djson%26states%3Dlisting HTTP/1.0 204 - Swift - - - - txcb7b0c340f7f408e8fd61-0068ee0bc4 - 0.0081 RL - 1760431044.680874825 1760431044.688962221 0
Oct 14 08:37:24 np0005486728 account-server[127802]: 172.20.0.103 - - [14/Oct/2025:08:37:24 +0000] "PUT /d1/338/AUTH_f669ac1a1893421f91ae49881790edbc/gnocchi.8e882ebf-42b7-469f-a9ed-cda9d56cbb3c" 201 - "PUT http://172.20.0.103:6001/d1/778/AUTH_f669ac1a1893421f91ae49881790edbc/gnocchi.8e882ebf-42b7-469f-a9ed-cda9d56cbb3c" "tx1c3cdfc7394b48c7a67d5-0068ee0bc4" "container-server 19" 0.0043 "-" 21 0
Oct 14 08:37:24 np0005486728 container-server[127699]: 172.20.0.104 - - [14/Oct/2025:08:37:24 +0000] "PUT /d1/778/AUTH_f669ac1a1893421f91ae49881790edbc/gnocchi.8e882ebf-42b7-469f-a9ed-cda9d56cbb3c" 201 - "PUT http://172.18.0.210:8080/v1/AUTH_f669ac1a1893421f91ae49881790edbc/gnocchi.8e882ebf-42b7-469f-a9ed-cda9d56cbb3c" "tx1c3cdfc7394b48c7a67d5-0068ee0bc4" "proxy-server 12" 0.0179 "-" 19 0
Oct 14 08:37:24 np0005486728 container-server[127699]: 172.20.0.103 - - [14/Oct/2025:08:37:24 +0000] "GET /d1/296/AUTH_f669ac1a1893421f91ae49881790edbc/gnocchi.c8ba4180-cd74-4592-97fe-2e224a348756" 200 2 "GET http://172.18.0.210:8080/v1/AUTH_f669ac1a1893421f91ae49881790edbc/gnocchi.c8ba4180-cd74-4592-97fe-2e224a348756?format=json&states=listing" "txcb7b0c340f7f408e8fd61-0068ee0bc4" "proxy-server 20" 0.0019 "-" 19 0
Oct 14 08:37:24 np0005486728 proxy-server[129496]: 172.18.0.103 172.18.0.104 14/Oct/2025/08/37/24 GET /v1/AUTH_f669ac1a1893421f91ae49881790edbc/gnocchi.c8ba4180-cd74-4592-97fe-2e224a348756%3Fformat%3Djson%26states%3Dlisting HTTP/1.0 200 - python-swiftclient-3.11.1 gAAAAABo7gvEzjD0... - 2 - txcb7b0c340f7f408e8fd61-0068ee0bc4 - 0.0181 - - 1760431044.678844690 1760431044.696957588 0
Oct 14 08:37:24 np0005486728 object-server[128072]: 172.20.0.103 - - [14/Oct/2025:08:37:24 +0000] "GET /d1/417/AUTH_f669ac1a1893421f91ae49881790edbc/gnocchi.c8ba4180-cd74-4592-97fe-2e224a348756/1760400000.0_mean_300.0_v3" 404 70 "GET http://172.18.0.210:8080/v1/AUTH_f669ac1a1893421f91ae49881790edbc/gnocchi.c8ba4180-cd74-4592-97fe-2e224a348756/1760400000.0_mean_300.0_v3" "txb82b8b7b00674fb49784a-0068ee0bc4" "proxy-server 20" 0.0004 "-" 25 0
Oct 14 08:37:24 np0005486728 container-server[127711]: 172.20.0.104 - - [14/Oct/2025:08:37:24 +0000] "GET /d1/778/AUTH_f669ac1a1893421f91ae49881790edbc/gnocchi.8e882ebf-42b7-469f-a9ed-cda9d56cbb3c" 200 2 "GET http://172.18.0.210:8080/v1/AUTH_f669ac1a1893421f91ae49881790edbc/gnocchi.8e882ebf-42b7-469f-a9ed-cda9d56cbb3c?format=json&states=listing" "tx6f84b01d9fd44b86a886e-0068ee0bc4" "proxy-server 12" 0.0034 "-" 21 0
Oct 14 08:37:24 np0005486728 proxy-server[129496]: 172.18.0.103 172.18.0.104 14/Oct/2025/08/37/24 GET /v1/AUTH_f669ac1a1893421f91ae49881790edbc/gnocchi.c8ba4180-cd74-4592-97fe-2e224a348756/1760400000.0_mean_300.0_v3 HTTP/1.0 404 - python-swiftclient-3.11.1 gAAAAABo7gvEzjD0... - 70 - txb82b8b7b00674fb49784a-0068ee0bc4 - 0.0144 - - 1760431044.704211950 1760431044.718577623 0
Oct 14 08:37:24 np0005486728 object-server[128071]: 172.20.0.104 - - [14/Oct/2025:08:37:24 +0000] "GET /d1/466/AUTH_f669ac1a1893421f91ae49881790edbc/gnocchi.8e882ebf-42b7-469f-a9ed-cda9d56cbb3c/1760400000.0_mean_300.0_v3" 404 70 "GET http://172.18.0.210:8080/v1/AUTH_f669ac1a1893421f91ae49881790edbc/gnocchi.8e882ebf-42b7-469f-a9ed-cda9d56cbb3c/1760400000.0_mean_300.0_v3" "tx0c18500aed9e4b4ab5b75-0068ee0bc4" "proxy-server 12" 0.0003 "-" 24 0
Oct 14 08:37:24 np0005486728 container-server[127705]: 172.20.0.105 - - [14/Oct/2025:08:37:24 +0000] "PUT /d1/296/AUTH_f669ac1a1893421f91ae49881790edbc/gnocchi.c8ba4180-cd74-4592-97fe-2e224a348756/1760400000.0_mean_300.0_v3" 201 - "PUT http://172.18.0.210:8080/d1/417/AUTH_f669ac1a1893421f91ae49881790edbc/gnocchi.c8ba4180-cd74-4592-97fe-2e224a348756/1760400000.0_mean_300.0_v3" "tx556b5dab0ac9485aafdec-0068ee0bc4" "object-server 22" 0.0006 "-" 20 0
Oct 14 08:37:24 np0005486728 object-server[128051]: 172.20.0.103 - - [14/Oct/2025:08:37:24 +0000] "PUT /d1/417/AUTH_f669ac1a1893421f91ae49881790edbc/gnocchi.c8ba4180-cd74-4592-97fe-2e224a348756/1760400000.0_mean_300.0_v3" 201 - "PUT http://172.18.0.210:8080/v1/AUTH_f669ac1a1893421f91ae49881790edbc/gnocchi.c8ba4180-cd74-4592-97fe-2e224a348756/1760400000.0_mean_300.0_v3" "tx556b5dab0ac9485aafdec-0068ee0bc4" "proxy-server 20" 0.0140 "-" 22 0
Oct 14 08:37:24 np0005486728 proxy-server[129496]: 172.18.0.103 172.18.0.104 14/Oct/2025/08/37/24 PUT /v1/AUTH_f669ac1a1893421f91ae49881790edbc/gnocchi.c8ba4180-cd74-4592-97fe-2e224a348756/1760400000.0_mean_300.0_v3 HTTP/1.0 201 - python-swiftclient-3.11.1 gAAAAABo7gvEzjD0... 16 - - tx556b5dab0ac9485aafdec-0068ee0bc4 - 0.0274 - - 1760431044.722188711 1760431044.749581099 0
Oct 14 08:37:24 np0005486728 container-server[127711]: 172.20.0.103 - - [14/Oct/2025:08:37:24 +0000] "PUT /d1/778/AUTH_f669ac1a1893421f91ae49881790edbc/gnocchi.8e882ebf-42b7-469f-a9ed-cda9d56cbb3c/1760400000.0_mean_300.0_v3" 201 - "PUT http://172.18.0.210:8080/d1/466/AUTH_f669ac1a1893421f91ae49881790edbc/gnocchi.8e882ebf-42b7-469f-a9ed-cda9d56cbb3c/1760400000.0_mean_300.0_v3" "txf4fcd8e81a58496c92be0-0068ee0bc4" "object-server 25" 0.0006 "-" 21 0
Oct 14 08:37:24 np0005486728 object-server[128072]: 172.20.0.104 - - [14/Oct/2025:08:37:24 +0000] "PUT /d1/466/AUTH_f669ac1a1893421f91ae49881790edbc/gnocchi.8e882ebf-42b7-469f-a9ed-cda9d56cbb3c/1760400000.0_mean_300.0_v3" 201 - "PUT http://172.18.0.210:8080/v1/AUTH_f669ac1a1893421f91ae49881790edbc/gnocchi.8e882ebf-42b7-469f-a9ed-cda9d56cbb3c/1760400000.0_mean_300.0_v3" "txf4fcd8e81a58496c92be0-0068ee0bc4" "proxy-server 12" 0.0127 "-" 25 0
Oct 14 08:37:24 np0005486728 container-server[127711]: 172.20.0.104 - - [14/Oct/2025:08:37:24 +0000] "PUT /d1/296/AUTH_f669ac1a1893421f91ae49881790edbc/gnocchi.c8ba4180-cd74-4592-97fe-2e224a348756/none_v3" 201 - "PUT http://172.18.0.210:8080/d1/160/AUTH_f669ac1a1893421f91ae49881790edbc/gnocchi.c8ba4180-cd74-4592-97fe-2e224a348756/none_v3" "tx45d0be2ebc8d465a81b68-0068ee0bc4" "object-server 25" 0.0004 "-" 21 0
Oct 14 08:37:24 np0005486728 object-server[128055]: 172.20.0.103 - - [14/Oct/2025:08:37:24 +0000] "PUT /d1/160/AUTH_f669ac1a1893421f91ae49881790edbc/gnocchi.c8ba4180-cd74-4592-97fe-2e224a348756/none_v3" 201 - "PUT http://172.18.0.210:8080/v1/AUTH_f669ac1a1893421f91ae49881790edbc/gnocchi.c8ba4180-cd74-4592-97fe-2e224a348756/none_v3" "tx45d0be2ebc8d465a81b68-0068ee0bc4" "proxy-server 20" 0.0139 "-" 23 0
Oct 14 08:37:24 np0005486728 proxy-server[129496]: 172.18.0.103 172.18.0.104 14/Oct/2025/08/37/24 PUT /v1/AUTH_f669ac1a1893421f91ae49881790edbc/gnocchi.c8ba4180-cd74-4592-97fe-2e224a348756/none_v3 HTTP/1.0 201 - python-swiftclient-3.11.1 gAAAAABo7gvEzjD0... 22 - - tx45d0be2ebc8d465a81b68-0068ee0bc4 - 0.0217 - - 1760431044.752452850 1760431044.774137974 0
Oct 14 08:37:24 np0005486728 container-server[127344]: Replication run OVER
Oct 14 08:37:24 np0005486728 container-server[127344]: Attempted to replicate 5 dbs in 0.23446 seconds (21.32580/s)
Oct 14 08:37:24 np0005486728 container-server[127344]: Removed 0 dbs
Oct 14 08:37:24 np0005486728 container-server[127344]: 10 successes, 0 failures
Oct 14 08:37:24 np0005486728 container-server[127344]: diff:0 diff_capped:0 empty:0 hashmatch:0 no_change:10 remote_merge:0 rsync:0 ts_repl:0
Oct 14 08:37:24 np0005486728 container-server[127699]: 172.20.0.103 - - [14/Oct/2025:08:37:24 +0000] "PUT /d1/778/AUTH_f669ac1a1893421f91ae49881790edbc/gnocchi.8e882ebf-42b7-469f-a9ed-cda9d56cbb3c/none_v3" 201 - "PUT http://172.18.0.210:8080/d1/241/AUTH_f669ac1a1893421f91ae49881790edbc/gnocchi.8e882ebf-42b7-469f-a9ed-cda9d56cbb3c/none_v3" "txdb78007784b540a5af7ed-0068ee0bc4" "object-server 23" 0.0007 "-" 19 0
Oct 14 08:37:24 np0005486728 object-server[128055]: 172.20.0.104 - - [14/Oct/2025:08:37:24 +0000] "PUT /d1/241/AUTH_f669ac1a1893421f91ae49881790edbc/gnocchi.8e882ebf-42b7-469f-a9ed-cda9d56cbb3c/none_v3" 201 - "PUT http://172.18.0.210:8080/v1/AUTH_f669ac1a1893421f91ae49881790edbc/gnocchi.8e882ebf-42b7-469f-a9ed-cda9d56cbb3c/none_v3" "txdb78007784b540a5af7ed-0068ee0bc4" "proxy-server 12" 0.0100 "-" 23 0
Oct 14 08:37:25 np0005486728 container-server[127705]: 172.20.0.105 - - [14/Oct/2025:08:37:25 +0000] "HEAD /d1/309/AUTH_f669ac1a1893421f91ae49881790edbc/gnocchi.0ab7f682-d089-40a2-97d8-74d2aa81081c" 404 - "HEAD http://172.18.0.210:8080/v1/AUTH_f669ac1a1893421f91ae49881790edbc/gnocchi.0ab7f682-d089-40a2-97d8-74d2aa81081c?format=json&states=listing" "tx1def3fe22ed74efcafc8d-0068ee0bc4" "proxy-server 20" 0.0007 "-" 20 0
Oct 14 08:37:25 np0005486728 object-server[128055]: 172.20.0.105 - - [14/Oct/2025:08:37:25 +0000] "GET /d1/595/AUTH_f669ac1a1893421f91ae49881790edbc/gnocchi.0ab7f682-d089-40a2-97d8-74d2aa81081c/none_v3" 404 70 "GET http://172.18.0.210:8080/v1/AUTH_f669ac1a1893421f91ae49881790edbc/gnocchi.0ab7f682-d089-40a2-97d8-74d2aa81081c/none_v3" "tx1def3fe22ed74efcafc8d-0068ee0bc4" "proxy-server 20" 0.0008 "-" 23 0
Oct 14 08:37:25 np0005486728 container-server[127719]: 172.20.0.103 - - [14/Oct/2025:08:37:25 +0000] "PUT /d1/309/AUTH_f669ac1a1893421f91ae49881790edbc/gnocchi.0ab7f682-d089-40a2-97d8-74d2aa81081c" 201 - "PUT http://172.18.0.210:8080/v1/AUTH_f669ac1a1893421f91ae49881790edbc/gnocchi.0ab7f682-d089-40a2-97d8-74d2aa81081c" "txc0304a77ab0a4e15bdd53-0068ee0bc5" "proxy-server 20" 0.0150 "-" 22 0
Oct 14 08:37:25 np0005486728 account-server[127801]: 172.20.0.104 - - [14/Oct/2025:08:37:25 +0000] "PUT /d1/338/AUTH_f669ac1a1893421f91ae49881790edbc/gnocchi.0ab7f682-d089-40a2-97d8-74d2aa81081c" 201 - "PUT http://172.20.0.104:6001/d1/309/AUTH_f669ac1a1893421f91ae49881790edbc/gnocchi.0ab7f682-d089-40a2-97d8-74d2aa81081c" "txc0304a77ab0a4e15bdd53-0068ee0bc5" "container-server 22" 0.0058 "-" 20 0
Oct 14 08:37:25 np0005486728 proxy-server[129496]: 172.18.0.210 172.18.0.104 14/Oct/2025/08/37/25 PUT /v1/AUTH_f669ac1a1893421f91ae49881790edbc/gnocchi.0ab7f682-d089-40a2-97d8-74d2aa81081c HTTP/1.0 201 - python-swiftclient-3.11.1 gAAAAABo7gvE2klL... - - - txc0304a77ab0a4e15bdd53-0068ee0bc5 - 0.0332 - - 1760431045.064965487 1760431045.098184586 0
Oct 14 08:37:25 np0005486728 object-server[128051]: 172.20.0.105 - - [14/Oct/2025:08:37:25 +0000] "GET /d1/962/AUTH_f669ac1a1893421f91ae49881790edbc/gnocchi.0ab7f682-d089-40a2-97d8-74d2aa81081c/1760400000.0_mean_300.0_v3" 404 70 "GET http://172.18.0.210:8080/v1/AUTH_f669ac1a1893421f91ae49881790edbc/gnocchi.0ab7f682-d089-40a2-97d8-74d2aa81081c/1760400000.0_mean_300.0_v3" "tx794c4f286b1f410fa68a2-0068ee0bc5" "proxy-server 20" 0.0004 "-" 22 0
Oct 14 08:37:25 np0005486728 container-server[127705]: 172.20.0.104 - - [14/Oct/2025:08:37:25 +0000] "PUT /d1/309/AUTH_f669ac1a1893421f91ae49881790edbc/gnocchi.0ab7f682-d089-40a2-97d8-74d2aa81081c/1760400000.0_mean_300.0_v3" 201 - "PUT http://172.18.0.210:8080/d1/962/AUTH_f669ac1a1893421f91ae49881790edbc/gnocchi.0ab7f682-d089-40a2-97d8-74d2aa81081c/1760400000.0_mean_300.0_v3" "txfb2a18e84d2246e9af5c7-0068ee0bc5" "object-server 22" 0.0010 "-" 20 0
Oct 14 08:37:25 np0005486728 object-server[128055]: 172.20.0.103 - - [14/Oct/2025:08:37:25 +0000] "PUT /d1/962/AUTH_f669ac1a1893421f91ae49881790edbc/gnocchi.0ab7f682-d089-40a2-97d8-74d2aa81081c/1760400000.0_mean_300.0_v3" 201 - "PUT http://172.18.0.210:8080/v1/AUTH_f669ac1a1893421f91ae49881790edbc/gnocchi.0ab7f682-d089-40a2-97d8-74d2aa81081c/1760400000.0_mean_300.0_v3" "txfb2a18e84d2246e9af5c7-0068ee0bc5" "proxy-server 20" 0.0105 "-" 23 0
Oct 14 08:37:25 np0005486728 proxy-server[129496]: 172.18.0.210 172.18.0.104 14/Oct/2025/08/37/25 PUT /v1/AUTH_f669ac1a1893421f91ae49881790edbc/gnocchi.0ab7f682-d089-40a2-97d8-74d2aa81081c/1760400000.0_mean_300.0_v3 HTTP/1.0 201 - python-swiftclient-3.11.1 gAAAAABo7gvE2klL... 16 - - txfb2a18e84d2246e9af5c7-0068ee0bc5 - 0.0248 - - 1760431045.141939163 1760431045.166724205 0
Oct 14 08:37:25 np0005486728 container-server[127699]: 172.20.0.105 - - [14/Oct/2025:08:37:25 +0000] "PUT /d1/309/AUTH_f669ac1a1893421f91ae49881790edbc/gnocchi.0ab7f682-d089-40a2-97d8-74d2aa81081c/none_v3" 201 - "PUT http://172.18.0.210:8080/d1/595/AUTH_f669ac1a1893421f91ae49881790edbc/gnocchi.0ab7f682-d089-40a2-97d8-74d2aa81081c/none_v3" "txd7db8dac7524493390c1c-0068ee0bc5" "object-server 22" 0.0006 "-" 19 0
Oct 14 08:37:25 np0005486728 object-server[128051]: 172.20.0.104 - - [14/Oct/2025:08:37:25 +0000] "PUT /d1/595/AUTH_f669ac1a1893421f91ae49881790edbc/gnocchi.0ab7f682-d089-40a2-97d8-74d2aa81081c/none_v3" 201 - "PUT http://172.18.0.210:8080/v1/AUTH_f669ac1a1893421f91ae49881790edbc/gnocchi.0ab7f682-d089-40a2-97d8-74d2aa81081c/none_v3" "txd7db8dac7524493390c1c-0068ee0bc5" "proxy-server 12" 0.0116 "-" 22 0
Oct 14 08:37:46 np0005486728 account-server[127243]: Beginning replication run
Oct 14 08:37:46 np0005486728 account-server[127243]: Replication run OVER
Oct 14 08:37:46 np0005486728 account-server[127243]: Attempted to replicate 1 dbs in 0.02397 seconds (41.72672/s)
Oct 14 08:37:46 np0005486728 account-server[127243]: Removed 0 dbs
Oct 14 08:37:46 np0005486728 account-server[127243]: 2 successes, 0 failures
Oct 14 08:37:46 np0005486728 account-server[127243]: diff:0 diff_capped:0 empty:0 hashmatch:0 no_change:2 remote_merge:0 rsync:0 ts_repl:0
Oct 14 08:37:52 np0005486728 object-server[127856]: Starting object replication pass.
Oct 14 08:37:52 np0005486728 object-server[127856]: 15/15 (100.00%) partitions replicated in 0.18s (84.83/sec, 0s remaining)
Oct 14 08:37:52 np0005486728 object-server[127856]: 30 successes, 0 failures
Oct 14 08:37:52 np0005486728 object-server[127856]: 16 suffixes checked - 0.00% hashed, 0.00% synced
Oct 14 08:37:52 np0005486728 object-server[127856]: Partition times: max 0.0361s, min 0.0065s, med 0.0092s
Oct 14 08:37:52 np0005486728 object-server[127856]: Object replication complete. (0.00 minutes)
Oct 14 08:37:54 np0005486728 object-server[224196]: Begin object audit "forever" mode (ZBF)
Oct 14 08:37:54 np0005486728 object-server[224196]: Object audit (ZBF). Since Tue Oct 14 08:37:54 2025: Locally: 1 passed, 0 quarantined, 0 errors, files/sec: 813.95, bytes/sec: 0.00, Total time: 0.00, Auditing time: 0.00, Rate: 0.00
Oct 14 08:37:54 np0005486728 object-server[224197]: Begin object audit "forever" mode (ALL)
Oct 14 08:37:54 np0005486728 object-server[224197]: Object audit (ALL). Since Tue Oct 14 08:37:54 2025: Locally: 1 passed, 0 quarantined, 0 errors, files/sec: 93.73, bytes/sec: 1499.67, Total time: 0.01, Auditing time: 0.00, Rate: 0.00
Oct 14 08:37:54 np0005486728 object-server[224196]: Object audit (ZBF) "forever" mode completed: 0.28s. Total quarantined: 0, Total errors: 0, Total files/sec: 56.72, Total bytes/sec: 0.00, Auditing time: 0.28, Rate: 0.99
Oct 14 08:37:54 np0005486728 container-server[127344]: Beginning replication run
Oct 14 08:37:54 np0005486728 container-server[127344]: Replication run OVER
Oct 14 08:37:54 np0005486728 container-server[127344]: Attempted to replicate 8 dbs in 0.16507 seconds (48.46550/s)
Oct 14 08:37:54 np0005486728 container-server[127344]: Removed 0 dbs
Oct 14 08:37:54 np0005486728 container-server[127344]: 16 successes, 0 failures
Oct 14 08:37:54 np0005486728 container-server[127344]: diff:0 diff_capped:0 empty:0 hashmatch:0 no_change:16 remote_merge:0 rsync:0 ts_repl:0
Oct 14 08:37:54 np0005486728 object-server[224197]: Object audit (ALL) "forever" mode completed: 0.71s. Total quarantined: 0, Total errors: 0, Total files/sec: 22.45, Total bytes/sec: 440.66, Auditing time: 0.71, Rate: 0.99
Oct 14 08:38:16 np0005486728 account-server[127243]: Beginning replication run
Oct 14 08:38:16 np0005486728 account-server[127243]: Replication run OVER
Oct 14 08:38:16 np0005486728 account-server[127243]: Attempted to replicate 1 dbs in 0.01692 seconds (59.09183/s)
Oct 14 08:38:16 np0005486728 account-server[127243]: Removed 0 dbs
Oct 14 08:38:16 np0005486728 account-server[127243]: 2 successes, 0 failures
Oct 14 08:38:16 np0005486728 account-server[127243]: diff:0 diff_capped:0 empty:0 hashmatch:0 no_change:2 remote_merge:0 rsync:0 ts_repl:0
Oct 14 08:38:22 np0005486728 object-server[127856]: Starting object replication pass.
Oct 14 08:38:22 np0005486728 object-server[127856]: 15/15 (100.00%) partitions replicated in 0.13s (112.83/sec, 0s remaining)
Oct 14 08:38:22 np0005486728 object-server[127856]: 30 successes, 0 failures
Oct 14 08:38:22 np0005486728 object-server[127856]: 16 suffixes checked - 0.00% hashed, 0.00% synced
Oct 14 08:38:22 np0005486728 object-server[127856]: Partition times: max 0.0154s, min 0.0062s, med 0.0071s
Oct 14 08:38:22 np0005486728 object-server[127856]: Object replication complete. (0.00 minutes)
Oct 14 08:38:24 np0005486728 container-server[127344]: Beginning replication run
Oct 14 08:38:24 np0005486728 object-server[224199]: Begin object audit "forever" mode (ZBF)
Oct 14 08:38:24 np0005486728 object-server[224199]: Object audit (ZBF). Since Tue Oct 14 08:38:24 2025: Locally: 1 passed, 0 quarantined, 0 errors, files/sec: 1018.53, bytes/sec: 0.00, Total time: 0.00, Auditing time: 0.00, Rate: 0.00
Oct 14 08:38:24 np0005486728 container-server[127344]: Replication run OVER
Oct 14 08:38:24 np0005486728 container-server[127344]: Attempted to replicate 8 dbs in 0.14989 seconds (53.37331/s)
Oct 14 08:38:24 np0005486728 container-server[127344]: Removed 0 dbs
Oct 14 08:38:24 np0005486728 container-server[127344]: 16 successes, 0 failures
Oct 14 08:38:24 np0005486728 container-server[127344]: diff:0 diff_capped:0 empty:0 hashmatch:0 no_change:16 remote_merge:0 rsync:0 ts_repl:0
Oct 14 08:38:24 np0005486728 object-server[224199]: Object audit (ZBF) "forever" mode completed: 0.28s. Total quarantined: 0, Total errors: 0, Total files/sec: 56.69, Total bytes/sec: 0.00, Auditing time: 0.28, Rate: 0.98
Oct 14 08:38:41 np0005486728 account-server[127802]: 172.20.0.103 - - [14/Oct/2025:08:38:41 +0000] "HEAD /d1/338/AUTH_f669ac1a1893421f91ae49881790edbc" 204 - "HEAD http://172.18.0.210:8080/v1/AUTH_f669ac1a1893421f91ae49881790edbc?format=json" "tx62f3f8fa428d4cb2b1ce2-0068ee0c11" "proxy-server 20" 0.0018 "-" 21 -
Oct 14 08:38:41 np0005486728 proxy-server[129496]: - - 14/Oct/2025/08/38/41 HEAD /v1/AUTH_f669ac1a1893421f91ae49881790edbc%3Fformat%3Djson HTTP/1.0 204 - Swift - - - - tx62f3f8fa428d4cb2b1ce2-0068ee0c11 - 0.0057 RL - 1760431121.557757854 1760431121.563452482 -
Oct 14 08:38:41 np0005486728 container-server[127719]: 172.20.0.103 - - [14/Oct/2025:08:38:41 +0000] "HEAD /d1/557/AUTH_f669ac1a1893421f91ae49881790edbc/gnocchi.fd0e3f88-10ae-4ce8-8130-39e421c9bf64" 404 - "HEAD http://172.18.0.210:8080/v1/AUTH_f669ac1a1893421f91ae49881790edbc/gnocchi.fd0e3f88-10ae-4ce8-8130-39e421c9bf64?format=json&states=listing" "tx62f3f8fa428d4cb2b1ce2-0068ee0c11" "proxy-server 20" 0.0008 "-" 22 0
Oct 14 08:38:41 np0005486728 container-server[127699]: 172.20.0.105 - - [14/Oct/2025:08:38:41 +0000] "HEAD /d1/582/AUTH_f669ac1a1893421f91ae49881790edbc/gnocchi.24e94419-d4f8-4b33-a74a-2d0153668fcc" 404 - "HEAD http://172.18.0.210:8080/v1/AUTH_f669ac1a1893421f91ae49881790edbc/gnocchi.24e94419-d4f8-4b33-a74a-2d0153668fcc?format=json&states=listing" "txcdac35671d4146c1a2068-0068ee0c11" "proxy-server 20" 0.0003 "-" 19 0
Oct 14 08:38:41 np0005486728 object-server[128051]: 172.20.0.103 - - [14/Oct/2025:08:38:41 +0000] "GET /d1/671/AUTH_f669ac1a1893421f91ae49881790edbc/gnocchi.fd0e3f88-10ae-4ce8-8130-39e421c9bf64/none_v3" 404 70 "GET http://172.18.0.210:8080/v1/AUTH_f669ac1a1893421f91ae49881790edbc/gnocchi.fd0e3f88-10ae-4ce8-8130-39e421c9bf64/none_v3" "tx62f3f8fa428d4cb2b1ce2-0068ee0c11" "proxy-server 20" 0.0006 "-" 22 0
Oct 14 08:38:41 np0005486728 container-server[127711]: 172.20.0.104 - - [14/Oct/2025:08:38:41 +0000] "HEAD /d1/328/AUTH_f669ac1a1893421f91ae49881790edbc/gnocchi.b0f65d8c-bbe0-412c-bc94-a2b37e38c608" 404 - "HEAD http://172.18.0.210:8080/v1/AUTH_f669ac1a1893421f91ae49881790edbc/gnocchi.b0f65d8c-bbe0-412c-bc94-a2b37e38c608?format=json&states=listing" "txc3597a2f81774d6d90086-0068ee0c11" "proxy-server 12" 0.0004 "-" 21 0
Oct 14 08:38:41 np0005486728 object-server[128051]: 172.20.0.105 - - [14/Oct/2025:08:38:41 +0000] "GET /d1/371/AUTH_f669ac1a1893421f91ae49881790edbc/gnocchi.24e94419-d4f8-4b33-a74a-2d0153668fcc/none_v3" 404 70 "GET http://172.18.0.210:8080/v1/AUTH_f669ac1a1893421f91ae49881790edbc/gnocchi.24e94419-d4f8-4b33-a74a-2d0153668fcc/none_v3" "txcdac35671d4146c1a2068-0068ee0c11" "proxy-server 20" 0.0003 "-" 22 0
Oct 14 08:38:41 np0005486728 proxy-server[129496]: 172.18.0.105 172.18.0.104 14/Oct/2025/08/38/41 GET /v1/AUTH_f669ac1a1893421f91ae49881790edbc/gnocchi.fd0e3f88-10ae-4ce8-8130-39e421c9bf64/none_v3 HTTP/1.0 404 - python-swiftclient-3.11.1 gAAAAABo7gt_3y-i... - 70 - tx62f3f8fa428d4cb2b1ce2-0068ee0c11 - 0.0360 - - 1760431121.557003975 1760431121.593022346 0
Oct 14 08:38:41 np0005486728 object-server[128055]: 172.20.0.104 - - [14/Oct/2025:08:38:41 +0000] "GET /d1/373/AUTH_f669ac1a1893421f91ae49881790edbc/gnocchi.b0f65d8c-bbe0-412c-bc94-a2b37e38c608/none_v3" 404 70 "GET http://172.18.0.210:8080/v1/AUTH_f669ac1a1893421f91ae49881790edbc/gnocchi.b0f65d8c-bbe0-412c-bc94-a2b37e38c608/none_v3" "txc3597a2f81774d6d90086-0068ee0c11" "proxy-server 12" 0.0003 "-" 23 0
Oct 14 08:38:41 np0005486728 container-server[127705]: 172.20.0.103 - - [14/Oct/2025:08:38:41 +0000] "PUT /d1/557/AUTH_f669ac1a1893421f91ae49881790edbc/gnocchi.fd0e3f88-10ae-4ce8-8130-39e421c9bf64" 201 - "PUT http://172.18.0.210:8080/v1/AUTH_f669ac1a1893421f91ae49881790edbc/gnocchi.fd0e3f88-10ae-4ce8-8130-39e421c9bf64" "txe25b14249c8c495bbbc20-0068ee0c11" "proxy-server 20" 0.0249 "-" 20 0
Oct 14 08:38:41 np0005486728 account-server[127803]: 172.20.0.104 - - [14/Oct/2025:08:38:41 +0000] "PUT /d1/338/AUTH_f669ac1a1893421f91ae49881790edbc/gnocchi.fd0e3f88-10ae-4ce8-8130-39e421c9bf64" 201 - "PUT http://172.20.0.104:6001/d1/557/AUTH_f669ac1a1893421f91ae49881790edbc/gnocchi.fd0e3f88-10ae-4ce8-8130-39e421c9bf64" "txe25b14249c8c495bbbc20-0068ee0c11" "container-server 23" 0.0010 "-" 22 0
Oct 14 08:38:41 np0005486728 account-server[127803]: 172.20.0.104 - - [14/Oct/2025:08:38:41 +0000] "PUT /d1/338/AUTH_f669ac1a1893421f91ae49881790edbc/gnocchi.b0f65d8c-bbe0-412c-bc94-a2b37e38c608" 201 - "PUT http://172.20.0.104:6001/d1/328/AUTH_f669ac1a1893421f91ae49881790edbc/gnocchi.b0f65d8c-bbe0-412c-bc94-a2b37e38c608" "txa27adb61852e4ee3a5cd4-0068ee0c11" "container-server 20" 0.0038 "-" 22 0
Oct 14 08:38:41 np0005486728 proxy-server[129496]: 172.18.0.105 172.18.0.104 14/Oct/2025/08/38/41 PUT /v1/AUTH_f669ac1a1893421f91ae49881790edbc/gnocchi.fd0e3f88-10ae-4ce8-8130-39e421c9bf64 HTTP/1.0 201 - python-swiftclient-3.11.1 gAAAAABo7gt_3y-i... - - - txe25b14249c8c495bbbc20-0068ee0c11 - 0.0352 - - 1760431121.598715067 1760431121.633934736 0
Oct 14 08:38:41 np0005486728 container-server[127705]: 172.20.0.105 - - [14/Oct/2025:08:38:41 +0000] "PUT /d1/582/AUTH_f669ac1a1893421f91ae49881790edbc/gnocchi.24e94419-d4f8-4b33-a74a-2d0153668fcc" 201 - "PUT http://172.18.0.210:8080/v1/AUTH_f669ac1a1893421f91ae49881790edbc/gnocchi.24e94419-d4f8-4b33-a74a-2d0153668fcc" "tx0399c1a1447d423c92cd5-0068ee0c11" "proxy-server 20" 0.0223 "-" 20 0
Oct 14 08:38:41 np0005486728 container-server[127719]: 172.20.0.104 - - [14/Oct/2025:08:38:41 +0000] "PUT /d1/328/AUTH_f669ac1a1893421f91ae49881790edbc/gnocchi.b0f65d8c-bbe0-412c-bc94-a2b37e38c608" 201 - "PUT http://172.18.0.210:8080/v1/AUTH_f669ac1a1893421f91ae49881790edbc/gnocchi.b0f65d8c-bbe0-412c-bc94-a2b37e38c608" "txa27adb61852e4ee3a5cd4-0068ee0c11" "proxy-server 12" 0.0297 "-" 22 0
Oct 14 08:38:41 np0005486728 account-server[127801]: 172.20.0.104 - - [14/Oct/2025:08:38:41 +0000] "PUT /d1/338/AUTH_f669ac1a1893421f91ae49881790edbc/gnocchi.24e94419-d4f8-4b33-a74a-2d0153668fcc" 201 - "PUT http://172.20.0.104:6001/d1/582/AUTH_f669ac1a1893421f91ae49881790edbc/gnocchi.24e94419-d4f8-4b33-a74a-2d0153668fcc" "tx0399c1a1447d423c92cd5-0068ee0c11" "container-server 23" 0.0165 "-" 20 0
Oct 14 08:38:41 np0005486728 proxy-server[129496]: - - 14/Oct/2025/08/38/41 HEAD /v1/AUTH_f669ac1a1893421f91ae49881790edbc/gnocchi.fd0e3f88-10ae-4ce8-8130-39e421c9bf64%3Fformat%3Djson%26states%3Dlisting HTTP/1.0 204 - Swift - - - - tx87148ad1de8b4642a4c46-0068ee0c11 - 0.0082 RL - 1760431121.642950058 1760431121.651147366 0
Oct 14 08:38:41 np0005486728 container-server[127705]: 172.20.0.104 - - [14/Oct/2025:08:38:41 +0000] "HEAD /d1/328/AUTH_f669ac1a1893421f91ae49881790edbc/gnocchi.b0f65d8c-bbe0-412c-bc94-a2b37e38c608" 204 - "HEAD http://172.18.0.210:8080/v1/AUTH_f669ac1a1893421f91ae49881790edbc/gnocchi.b0f65d8c-bbe0-412c-bc94-a2b37e38c608?format=json&states=listing" "tx498b3f01bbc04ce39fab9-0068ee0c11" "proxy-server 12" 0.0014 "-" 20 0
Oct 14 08:38:41 np0005486728 container-server[127719]: 172.20.0.103 - - [14/Oct/2025:08:38:41 +0000] "GET /d1/557/AUTH_f669ac1a1893421f91ae49881790edbc/gnocchi.fd0e3f88-10ae-4ce8-8130-39e421c9bf64" 200 2 "GET http://172.18.0.210:8080/v1/AUTH_f669ac1a1893421f91ae49881790edbc/gnocchi.fd0e3f88-10ae-4ce8-8130-39e421c9bf64?format=json&states=listing" "tx87148ad1de8b4642a4c46-0068ee0c11" "proxy-server 20" 0.0018 "-" 22 0
Oct 14 08:38:41 np0005486728 container-server[127711]: 172.20.0.104 - - [14/Oct/2025:08:38:41 +0000] "GET /d1/328/AUTH_f669ac1a1893421f91ae49881790edbc/gnocchi.b0f65d8c-bbe0-412c-bc94-a2b37e38c608" 200 2 "GET http://172.18.0.210:8080/v1/AUTH_f669ac1a1893421f91ae49881790edbc/gnocchi.b0f65d8c-bbe0-412c-bc94-a2b37e38c608?format=json&states=listing" "tx498b3f01bbc04ce39fab9-0068ee0c11" "proxy-server 12" 0.0017 "-" 21 0
Oct 14 08:38:41 np0005486728 proxy-server[129496]: 172.18.0.105 172.18.0.104 14/Oct/2025/08/38/41 GET /v1/AUTH_f669ac1a1893421f91ae49881790edbc/gnocchi.fd0e3f88-10ae-4ce8-8130-39e421c9bf64%3Fformat%3Djson%26states%3Dlisting HTTP/1.0 200 - python-swiftclient-3.11.1 gAAAAABo7gt_3y-i... - 2 - tx87148ad1de8b4642a4c46-0068ee0c11 - 0.0258 - - 1760431121.640640497 1760431121.666423321 0
Oct 14 08:38:41 np0005486728 object-server[128051]: 172.20.0.104 - - [14/Oct/2025:08:38:41 +0000] "GET /d1/742/AUTH_f669ac1a1893421f91ae49881790edbc/gnocchi.b0f65d8c-bbe0-412c-bc94-a2b37e38c608/1760400000.0_mean_300.0_v3" 404 70 "GET http://172.18.0.210:8080/v1/AUTH_f669ac1a1893421f91ae49881790edbc/gnocchi.b0f65d8c-bbe0-412c-bc94-a2b37e38c608/1760400000.0_mean_300.0_v3" "tx721c94976a1d4b96b8c72-0068ee0c11" "proxy-server 12" 0.0004 "-" 22 0
Oct 14 08:38:41 np0005486728 object-server[128051]: 172.20.0.103 - - [14/Oct/2025:08:38:41 +0000] "GET /d1/76/AUTH_f669ac1a1893421f91ae49881790edbc/gnocchi.fd0e3f88-10ae-4ce8-8130-39e421c9bf64/1760400000.0_mean_300.0_v3" 404 70 "GET http://172.18.0.210:8080/v1/AUTH_f669ac1a1893421f91ae49881790edbc/gnocchi.fd0e3f88-10ae-4ce8-8130-39e421c9bf64/1760400000.0_mean_300.0_v3" "tx86d786839d404ee298d24-0068ee0c11" "proxy-server 20" 0.0002 "-" 22 0
Oct 14 08:38:41 np0005486728 proxy-server[129496]: 172.18.0.105 172.18.0.104 14/Oct/2025/08/38/41 GET /v1/AUTH_f669ac1a1893421f91ae49881790edbc/gnocchi.fd0e3f88-10ae-4ce8-8130-39e421c9bf64/1760400000.0_mean_300.0_v3 HTTP/1.0 404 - python-swiftclient-3.11.1 gAAAAABo7gt_3y-i... - 70 - tx86d786839d404ee298d24-0068ee0c11 - 0.0204 - - 1760431121.671969175 1760431121.692407131 0
Oct 14 08:38:41 np0005486728 object-server[128071]: 172.20.0.105 - - [14/Oct/2025:08:38:41 +0000] "GET /d1/256/AUTH_f669ac1a1893421f91ae49881790edbc/gnocchi.24e94419-d4f8-4b33-a74a-2d0153668fcc/1760400000.0_mean_300.0_v3" 404 70 "GET http://172.18.0.210:8080/v1/AUTH_f669ac1a1893421f91ae49881790edbc/gnocchi.24e94419-d4f8-4b33-a74a-2d0153668fcc/1760400000.0_mean_300.0_v3" "tx21554605178a456e9ff97-0068ee0c11" "proxy-server 20" 0.0003 "-" 24 0
Oct 14 08:38:41 np0005486728 object-server[128072]: 172.20.0.103 - - [14/Oct/2025:08:38:41 +0000] "PUT /d1/76/AUTH_f669ac1a1893421f91ae49881790edbc/gnocchi.fd0e3f88-10ae-4ce8-8130-39e421c9bf64/1760400000.0_mean_300.0_v3" 201 - "PUT http://172.18.0.210:8080/v1/AUTH_f669ac1a1893421f91ae49881790edbc/gnocchi.fd0e3f88-10ae-4ce8-8130-39e421c9bf64/1760400000.0_mean_300.0_v3" "tx18a09aff37ef4a4d8c99e-0068ee0c11" "proxy-server 20" 0.0114 "-" 25 0
Oct 14 08:38:41 np0005486728 container-server[127699]: 172.20.0.104 - - [14/Oct/2025:08:38:41 +0000] "PUT /d1/557/AUTH_f669ac1a1893421f91ae49881790edbc/gnocchi.fd0e3f88-10ae-4ce8-8130-39e421c9bf64/1760400000.0_mean_300.0_v3" 201 - "PUT http://172.18.0.210:8080/d1/76/AUTH_f669ac1a1893421f91ae49881790edbc/gnocchi.fd0e3f88-10ae-4ce8-8130-39e421c9bf64/1760400000.0_mean_300.0_v3" "tx18a09aff37ef4a4d8c99e-0068ee0c11" "object-server 22" 0.0005 "-" 19 0
Oct 14 08:38:41 np0005486728 container-server[127719]: 172.20.0.105 - - [14/Oct/2025:08:38:41 +0000] "PUT /d1/328/AUTH_f669ac1a1893421f91ae49881790edbc/gnocchi.b0f65d8c-bbe0-412c-bc94-a2b37e38c608/1760400000.0_mean_300.0_v3" 201 - "PUT http://172.18.0.210:8080/d1/742/AUTH_f669ac1a1893421f91ae49881790edbc/gnocchi.b0f65d8c-bbe0-412c-bc94-a2b37e38c608/1760400000.0_mean_300.0_v3" "txa46a44a26ee34b8bac9cb-0068ee0c11" "object-server 23" 0.0005 "-" 22 0
Oct 14 08:38:41 np0005486728 object-server[128051]: 172.20.0.104 - - [14/Oct/2025:08:38:41 +0000] "PUT /d1/742/AUTH_f669ac1a1893421f91ae49881790edbc/gnocchi.b0f65d8c-bbe0-412c-bc94-a2b37e38c608/1760400000.0_mean_300.0_v3" 201 - "PUT http://172.18.0.210:8080/v1/AUTH_f669ac1a1893421f91ae49881790edbc/gnocchi.b0f65d8c-bbe0-412c-bc94-a2b37e38c608/1760400000.0_mean_300.0_v3" "txa46a44a26ee34b8bac9cb-0068ee0c11" "proxy-server 12" 0.0139 "-" 22 0
Oct 14 08:38:41 np0005486728 proxy-server[129496]: 172.18.0.105 172.18.0.104 14/Oct/2025/08/38/41 PUT /v1/AUTH_f669ac1a1893421f91ae49881790edbc/gnocchi.fd0e3f88-10ae-4ce8-8130-39e421c9bf64/1760400000.0_mean_300.0_v3 HTTP/1.0 201 - python-swiftclient-3.11.1 gAAAAABo7gt_3y-i... 16 - - tx18a09aff37ef4a4d8c99e-0068ee0c11 - 0.0205 - - 1760431121.696480274 1760431121.717011929 0
Oct 14 08:38:41 np0005486728 container-server[127711]: 172.20.0.105 - - [14/Oct/2025:08:38:41 +0000] "PUT /d1/582/AUTH_f669ac1a1893421f91ae49881790edbc/gnocchi.24e94419-d4f8-4b33-a74a-2d0153668fcc/1760400000.0_mean_300.0_v3" 201 - "PUT http://172.18.0.210:8080/d1/256/AUTH_f669ac1a1893421f91ae49881790edbc/gnocchi.24e94419-d4f8-4b33-a74a-2d0153668fcc/1760400000.0_mean_300.0_v3" "txccaae5fef5b0459ca8ca2-0068ee0c11" "object-server 25" 0.0005 "-" 21 0
Oct 14 08:38:41 np0005486728 object-server[128051]: 172.20.0.105 - - [14/Oct/2025:08:38:41 +0000] "PUT /d1/256/AUTH_f669ac1a1893421f91ae49881790edbc/gnocchi.24e94419-d4f8-4b33-a74a-2d0153668fcc/1760400000.0_mean_300.0_v3" 201 - "PUT http://172.18.0.210:8080/v1/AUTH_f669ac1a1893421f91ae49881790edbc/gnocchi.24e94419-d4f8-4b33-a74a-2d0153668fcc/1760400000.0_mean_300.0_v3" "txccaae5fef5b0459ca8ca2-0068ee0c11" "proxy-server 20" 0.0092 "-" 22 0
Oct 14 08:38:41 np0005486728 container-server[127719]: 172.20.0.105 - - [14/Oct/2025:08:38:41 +0000] "PUT /d1/557/AUTH_f669ac1a1893421f91ae49881790edbc/gnocchi.fd0e3f88-10ae-4ce8-8130-39e421c9bf64/none_v3" 201 - "PUT http://172.18.0.210:8080/d1/671/AUTH_f669ac1a1893421f91ae49881790edbc/gnocchi.fd0e3f88-10ae-4ce8-8130-39e421c9bf64/none_v3" "txede480a004914da2863ad-0068ee0c11" "object-server 22" 0.0007 "-" 22 0
Oct 14 08:38:41 np0005486728 object-server[128071]: 172.20.0.103 - - [14/Oct/2025:08:38:41 +0000] "PUT /d1/671/AUTH_f669ac1a1893421f91ae49881790edbc/gnocchi.fd0e3f88-10ae-4ce8-8130-39e421c9bf64/none_v3" 201 - "PUT http://172.18.0.210:8080/v1/AUTH_f669ac1a1893421f91ae49881790edbc/gnocchi.fd0e3f88-10ae-4ce8-8130-39e421c9bf64/none_v3" "txede480a004914da2863ad-0068ee0c11" "proxy-server 20" 0.0137 "-" 24 0
Oct 14 08:38:41 np0005486728 proxy-server[129496]: 172.18.0.105 172.18.0.104 14/Oct/2025/08/38/41 PUT /v1/AUTH_f669ac1a1893421f91ae49881790edbc/gnocchi.fd0e3f88-10ae-4ce8-8130-39e421c9bf64/none_v3 HTTP/1.0 201 - python-swiftclient-3.11.1 gAAAAABo7gt_3y-i... 22 - - txede480a004914da2863ad-0068ee0c11 - 0.0239 - - 1760431121.721273184 1760431121.745146275 0
Oct 14 08:38:41 np0005486728 container-server[127705]: 172.20.0.104 - - [14/Oct/2025:08:38:41 +0000] "PUT /d1/328/AUTH_f669ac1a1893421f91ae49881790edbc/gnocchi.b0f65d8c-bbe0-412c-bc94-a2b37e38c608/none_v3" 201 - "PUT http://172.18.0.210:8080/d1/373/AUTH_f669ac1a1893421f91ae49881790edbc/gnocchi.b0f65d8c-bbe0-412c-bc94-a2b37e38c608/none_v3" "tx2154a47a10af441e8f2c7-0068ee0c11" "object-server 24" 0.0005 "-" 20 0
Oct 14 08:38:41 np0005486728 object-server[128051]: 172.20.0.104 - - [14/Oct/2025:08:38:41 +0000] "PUT /d1/373/AUTH_f669ac1a1893421f91ae49881790edbc/gnocchi.b0f65d8c-bbe0-412c-bc94-a2b37e38c608/none_v3" 201 - "PUT http://172.18.0.210:8080/v1/AUTH_f669ac1a1893421f91ae49881790edbc/gnocchi.b0f65d8c-bbe0-412c-bc94-a2b37e38c608/none_v3" "tx2154a47a10af441e8f2c7-0068ee0c11" "proxy-server 12" 0.0131 "-" 22 0
Oct 14 08:38:41 np0005486728 container-server[127711]: 172.20.0.103 - - [14/Oct/2025:08:38:41 +0000] "PUT /d1/582/AUTH_f669ac1a1893421f91ae49881790edbc/gnocchi.24e94419-d4f8-4b33-a74a-2d0153668fcc/none_v3" 201 - "PUT http://172.18.0.210:8080/d1/371/AUTH_f669ac1a1893421f91ae49881790edbc/gnocchi.24e94419-d4f8-4b33-a74a-2d0153668fcc/none_v3" "txc672d4a451124a5a95900-0068ee0c11" "object-server 25" 0.0004 "-" 21 0
Oct 14 08:38:41 np0005486728 object-server[128072]: 172.20.0.105 - - [14/Oct/2025:08:38:41 +0000] "PUT /d1/371/AUTH_f669ac1a1893421f91ae49881790edbc/gnocchi.24e94419-d4f8-4b33-a74a-2d0153668fcc/none_v3" 201 - "PUT http://172.18.0.210:8080/v1/AUTH_f669ac1a1893421f91ae49881790edbc/gnocchi.24e94419-d4f8-4b33-a74a-2d0153668fcc/none_v3" "txc672d4a451124a5a95900-0068ee0c11" "proxy-server 20" 0.0106 "-" 25 0
Oct 14 08:38:41 np0005486728 container-server[127699]: 172.20.0.103 - - [14/Oct/2025:08:38:41 +0000] "HEAD /d1/592/AUTH_f669ac1a1893421f91ae49881790edbc/gnocchi.094c1382-2b7a-4a01-a658-af90040ec049" 404 - "HEAD http://172.18.0.210:8080/v1/AUTH_f669ac1a1893421f91ae49881790edbc/gnocchi.094c1382-2b7a-4a01-a658-af90040ec049?format=json&states=listing" "txf6f51c96217646138824f-0068ee0c11" "proxy-server 20" 0.0003 "-" 19 0
Oct 14 08:38:41 np0005486728 container-server[127719]: 172.20.0.104 - - [14/Oct/2025:08:38:41 +0000] "HEAD /d1/625/AUTH_f669ac1a1893421f91ae49881790edbc/gnocchi.605cc867-1f40-454d-b7a4-248a43e34d70" 404 - "HEAD http://172.18.0.210:8080/v1/AUTH_f669ac1a1893421f91ae49881790edbc/gnocchi.605cc867-1f40-454d-b7a4-248a43e34d70?format=json&states=listing" "tx2ee12134e02c439f98a2d-0068ee0c11" "proxy-server 12" 0.0006 "-" 22 0
Oct 14 08:38:41 np0005486728 object-server[128051]: 172.20.0.103 - - [14/Oct/2025:08:38:41 +0000] "GET /d1/1009/AUTH_f669ac1a1893421f91ae49881790edbc/gnocchi.094c1382-2b7a-4a01-a658-af90040ec049/none_v3" 404 70 "GET http://172.18.0.210:8080/v1/AUTH_f669ac1a1893421f91ae49881790edbc/gnocchi.094c1382-2b7a-4a01-a658-af90040ec049/none_v3" "txf6f51c96217646138824f-0068ee0c11" "proxy-server 20" 0.0003 "-" 22 0
Oct 14 08:38:41 np0005486728 proxy-server[129496]: 172.18.0.105 172.18.0.104 14/Oct/2025/08/38/41 GET /v1/AUTH_f669ac1a1893421f91ae49881790edbc/gnocchi.094c1382-2b7a-4a01-a658-af90040ec049/none_v3 HTTP/1.0 404 - python-swiftclient-3.11.1 gAAAAABo7gt_3y-i... - 70 - txf6f51c96217646138824f-0068ee0c11 - 0.0250 - - 1760431121.799530983 1760431121.824553967 0
Oct 14 08:38:41 np0005486728 container-server[127699]: 172.20.0.105 - - [14/Oct/2025:08:38:41 +0000] "HEAD /d1/832/AUTH_f669ac1a1893421f91ae49881790edbc/gnocchi.b05dd831-9be5-43b0-8df9-491ea4d17321" 404 - "HEAD http://172.18.0.210:8080/v1/AUTH_f669ac1a1893421f91ae49881790edbc/gnocchi.b05dd831-9be5-43b0-8df9-491ea4d17321?format=json&states=listing" "tx9fcc25a608d840858fd74-0068ee0c11" "proxy-server 20" 0.0002 "-" 19 0
Oct 14 08:38:41 np0005486728 object-server[128071]: 172.20.0.104 - - [14/Oct/2025:08:38:41 +0000] "GET /d1/56/AUTH_f669ac1a1893421f91ae49881790edbc/gnocchi.605cc867-1f40-454d-b7a4-248a43e34d70/none_v3" 404 70 "GET http://172.18.0.210:8080/v1/AUTH_f669ac1a1893421f91ae49881790edbc/gnocchi.605cc867-1f40-454d-b7a4-248a43e34d70/none_v3" "tx2ee12134e02c439f98a2d-0068ee0c11" "proxy-server 12" 0.0003 "-" 24 0
Oct 14 08:38:41 np0005486728 object-server[128072]: 172.20.0.105 - - [14/Oct/2025:08:38:41 +0000] "GET /d1/383/AUTH_f669ac1a1893421f91ae49881790edbc/gnocchi.b05dd831-9be5-43b0-8df9-491ea4d17321/none_v3" 404 70 "GET http://172.18.0.210:8080/v1/AUTH_f669ac1a1893421f91ae49881790edbc/gnocchi.b05dd831-9be5-43b0-8df9-491ea4d17321/none_v3" "tx9fcc25a608d840858fd74-0068ee0c11" "proxy-server 20" 0.0004 "-" 25 0
Oct 14 08:38:41 np0005486728 account-server[127803]: 172.20.0.103 - - [14/Oct/2025:08:38:41 +0000] "PUT /d1/338/AUTH_f669ac1a1893421f91ae49881790edbc/gnocchi.094c1382-2b7a-4a01-a658-af90040ec049" 201 - "PUT http://172.20.0.103:6001/d1/592/AUTH_f669ac1a1893421f91ae49881790edbc/gnocchi.094c1382-2b7a-4a01-a658-af90040ec049" "txa753c09077fc4f3aadf6c-0068ee0c11" "container-server 21" 0.0041 "-" 22 0
Oct 14 08:38:41 np0005486728 container-server[127711]: 172.20.0.103 - - [14/Oct/2025:08:38:41 +0000] "PUT /d1/592/AUTH_f669ac1a1893421f91ae49881790edbc/gnocchi.094c1382-2b7a-4a01-a658-af90040ec049" 201 - "PUT http://172.18.0.210:8080/v1/AUTH_f669ac1a1893421f91ae49881790edbc/gnocchi.094c1382-2b7a-4a01-a658-af90040ec049" "txa753c09077fc4f3aadf6c-0068ee0c11" "proxy-server 20" 0.0169 "-" 21 0
Oct 14 08:38:41 np0005486728 proxy-server[129496]: 172.18.0.105 172.18.0.104 14/Oct/2025/08/38/41 PUT /v1/AUTH_f669ac1a1893421f91ae49881790edbc/gnocchi.094c1382-2b7a-4a01-a658-af90040ec049 HTTP/1.0 201 - python-swiftclient-3.11.1 gAAAAABo7gt_3y-i... - - - txa753c09077fc4f3aadf6c-0068ee0c11 - 0.0279 - - 1760431121.828833103 1760431121.856768847 0
Oct 14 08:38:41 np0005486728 container-server[127699]: 172.20.0.104 - - [14/Oct/2025:08:38:41 +0000] "PUT /d1/625/AUTH_f669ac1a1893421f91ae49881790edbc/gnocchi.605cc867-1f40-454d-b7a4-248a43e34d70" 201 - "PUT http://172.18.0.210:8080/v1/AUTH_f669ac1a1893421f91ae49881790edbc/gnocchi.605cc867-1f40-454d-b7a4-248a43e34d70" "tx6cd339c82bd24abd82077-0068ee0c11" "proxy-server 12" 0.0148 "-" 19 0
Oct 14 08:38:41 np0005486728 account-server[127804]: 172.20.0.104 - - [14/Oct/2025:08:38:41 +0000] "PUT /d1/338/AUTH_f669ac1a1893421f91ae49881790edbc/gnocchi.605cc867-1f40-454d-b7a4-248a43e34d70" 201 - "PUT http://172.20.0.104:6001/d1/625/AUTH_f669ac1a1893421f91ae49881790edbc/gnocchi.605cc867-1f40-454d-b7a4-248a43e34d70" "tx6cd339c82bd24abd82077-0068ee0c11" "container-server 23" 0.0047 "-" 23 0
Oct 14 08:38:41 np0005486728 container-server[127699]: 172.20.0.103 - - [14/Oct/2025:08:38:41 +0000] "HEAD /d1/592/AUTH_f669ac1a1893421f91ae49881790edbc/gnocchi.094c1382-2b7a-4a01-a658-af90040ec049" 204 - "HEAD http://172.18.0.210:8080/v1/AUTH_f669ac1a1893421f91ae49881790edbc/gnocchi.094c1382-2b7a-4a01-a658-af90040ec049?format=json&states=listing" "tx0f0741a6ab6a48c6981f5-0068ee0c11" "proxy-server 20" 0.0010 "-" 19 0
Oct 14 08:38:41 np0005486728 proxy-server[129496]: - - 14/Oct/2025/08/38/41 HEAD /v1/AUTH_f669ac1a1893421f91ae49881790edbc/gnocchi.094c1382-2b7a-4a01-a658-af90040ec049%3Fformat%3Djson%26states%3Dlisting HTTP/1.0 204 - Swift - - - - tx0f0741a6ab6a48c6981f5-0068ee0c11 - 0.0049 RL - 1760431121.865501881 1760431121.870411873 0
Oct 14 08:38:41 np0005486728 account-server[127801]: 172.20.0.104 - - [14/Oct/2025:08:38:41 +0000] "PUT /d1/338/AUTH_f669ac1a1893421f91ae49881790edbc/gnocchi.b05dd831-9be5-43b0-8df9-491ea4d17321" 201 - "PUT http://172.20.0.104:6001/d1/832/AUTH_f669ac1a1893421f91ae49881790edbc/gnocchi.b05dd831-9be5-43b0-8df9-491ea4d17321" "txbf68c9e214a04227aa7cc-0068ee0c11" "container-server 19" 0.0044 "-" 20 0
Oct 14 08:38:41 np0005486728 container-server[127711]: 172.20.0.105 - - [14/Oct/2025:08:38:41 +0000] "PUT /d1/832/AUTH_f669ac1a1893421f91ae49881790edbc/gnocchi.b05dd831-9be5-43b0-8df9-491ea4d17321" 201 - "PUT http://172.18.0.210:8080/v1/AUTH_f669ac1a1893421f91ae49881790edbc/gnocchi.b05dd831-9be5-43b0-8df9-491ea4d17321" "txbf68c9e214a04227aa7cc-0068ee0c11" "proxy-server 20" 0.0177 "-" 21 0
Oct 14 08:38:41 np0005486728 proxy-server[129496]: 172.18.0.105 172.18.0.104 14/Oct/2025/08/38/41 GET /v1/AUTH_f669ac1a1893421f91ae49881790edbc/gnocchi.094c1382-2b7a-4a01-a658-af90040ec049%3Fformat%3Djson%26states%3Dlisting HTTP/1.0 200 - python-swiftclient-3.11.1 gAAAAABo7gt_3y-i... - 2 - tx0f0741a6ab6a48c6981f5-0068ee0c11 - 0.0205 - - 1760431121.863582134 1760431121.884108305 0
Oct 14 08:38:41 np0005486728 container-server[127705]: 172.20.0.104 - - [14/Oct/2025:08:38:41 +0000] "HEAD /d1/395/AUTH_f669ac1a1893421f91ae49881790edbc/gnocchi.8523de43-f34f-4455-b233-6e1be63252f0" 404 - "HEAD http://172.18.0.210:8080/v1/AUTH_f669ac1a1893421f91ae49881790edbc/gnocchi.8523de43-f34f-4455-b233-6e1be63252f0?format=json&states=listing" "tx515be754514647e68ddc3-0068ee0c11" "proxy-server 12" 0.0004 "-" 20 0
Oct 14 08:38:41 np0005486728 object-server[128072]: 172.20.0.103 - - [14/Oct/2025:08:38:41 +0000] "GET /d1/282/AUTH_f669ac1a1893421f91ae49881790edbc/gnocchi.094c1382-2b7a-4a01-a658-af90040ec049/1760400000.0_mean_300.0_v3" 404 70 "GET http://172.18.0.210:8080/v1/AUTH_f669ac1a1893421f91ae49881790edbc/gnocchi.094c1382-2b7a-4a01-a658-af90040ec049/1760400000.0_mean_300.0_v3" "txa5ea494ad99f4c289a1c8-0068ee0c11" "proxy-server 20" 0.0005 "-" 25 0
Oct 14 08:38:41 np0005486728 proxy-server[129496]: 172.18.0.105 172.18.0.104 14/Oct/2025/08/38/41 GET /v1/AUTH_f669ac1a1893421f91ae49881790edbc/gnocchi.094c1382-2b7a-4a01-a658-af90040ec049/1760400000.0_mean_300.0_v3 HTTP/1.0 404 - python-swiftclient-3.11.1 gAAAAABo7gt_3y-i... - 70 - txa5ea494ad99f4c289a1c8-0068ee0c11 - 0.0141 - - 1760431121.889292002 1760431121.903358221 0
Oct 14 08:38:41 np0005486728 object-server[128071]: 172.20.0.104 - - [14/Oct/2025:08:38:41 +0000] "GET /d1/486/AUTH_f669ac1a1893421f91ae49881790edbc/gnocchi.8523de43-f34f-4455-b233-6e1be63252f0/none_v3" 404 70 "GET http://172.18.0.210:8080/v1/AUTH_f669ac1a1893421f91ae49881790edbc/gnocchi.8523de43-f34f-4455-b233-6e1be63252f0/none_v3" "tx515be754514647e68ddc3-0068ee0c11" "proxy-server 12" 0.0006 "-" 24 0
Oct 14 08:38:41 np0005486728 container-server[127699]: 172.20.0.103 - - [14/Oct/2025:08:38:41 +0000] "PUT /d1/592/AUTH_f669ac1a1893421f91ae49881790edbc/gnocchi.094c1382-2b7a-4a01-a658-af90040ec049/1760400000.0_mean_300.0_v3" 201 - "PUT http://172.18.0.210:8080/d1/282/AUTH_f669ac1a1893421f91ae49881790edbc/gnocchi.094c1382-2b7a-4a01-a658-af90040ec049/1760400000.0_mean_300.0_v3" "tx1eed24f23fee48f6868d7-0068ee0c11" "object-server 25" 0.0004 "-" 19 0
Oct 14 08:38:41 np0005486728 object-server[128072]: 172.20.0.103 - - [14/Oct/2025:08:38:41 +0000] "PUT /d1/282/AUTH_f669ac1a1893421f91ae49881790edbc/gnocchi.094c1382-2b7a-4a01-a658-af90040ec049/1760400000.0_mean_300.0_v3" 201 - "PUT http://172.18.0.210:8080/v1/AUTH_f669ac1a1893421f91ae49881790edbc/gnocchi.094c1382-2b7a-4a01-a658-af90040ec049/1760400000.0_mean_300.0_v3" "tx1eed24f23fee48f6868d7-0068ee0c11" "proxy-server 20" 0.0100 "-" 25 0
Oct 14 08:38:41 np0005486728 proxy-server[129496]: 172.18.0.105 172.18.0.104 14/Oct/2025/08/38/41 PUT /v1/AUTH_f669ac1a1893421f91ae49881790edbc/gnocchi.094c1382-2b7a-4a01-a658-af90040ec049/1760400000.0_mean_300.0_v3 HTTP/1.0 201 - python-swiftclient-3.11.1 gAAAAABo7gt_3y-i... 16 - - tx1eed24f23fee48f6868d7-0068ee0c11 - 0.0224 - - 1760431121.907141924 1760431121.929555655 0
Oct 14 08:38:41 np0005486728 object-server[128055]: 172.20.0.105 - - [14/Oct/2025:08:38:41 +0000] "GET /d1/391/AUTH_f669ac1a1893421f91ae49881790edbc/gnocchi.b05dd831-9be5-43b0-8df9-491ea4d17321/1760400000.0_mean_300.0_v3" 404 70 "GET http://172.18.0.210:8080/v1/AUTH_f669ac1a1893421f91ae49881790edbc/gnocchi.b05dd831-9be5-43b0-8df9-491ea4d17321/1760400000.0_mean_300.0_v3" "tx0ee40052d8ef4e4c92495-0068ee0c11" "proxy-server 20" 0.0003 "-" 23 0
Oct 14 08:38:41 np0005486728 account-server[127802]: 172.20.0.105 - - [14/Oct/2025:08:38:41 +0000] "PUT /d1/338/AUTH_f669ac1a1893421f91ae49881790edbc/gnocchi.8523de43-f34f-4455-b233-6e1be63252f0" 201 - "PUT http://172.20.0.105:6001/d1/395/AUTH_f669ac1a1893421f91ae49881790edbc/gnocchi.8523de43-f34f-4455-b233-6e1be63252f0" "txce1c61127807478bb8b18-0068ee0c11" "container-server 23" 0.0064 "-" 21 0
Oct 14 08:38:41 np0005486728 container-server[127711]: 172.20.0.103 - - [14/Oct/2025:08:38:41 +0000] "PUT /d1/592/AUTH_f669ac1a1893421f91ae49881790edbc/gnocchi.094c1382-2b7a-4a01-a658-af90040ec049/none_v3" 201 - "PUT http://172.18.0.210:8080/d1/1009/AUTH_f669ac1a1893421f91ae49881790edbc/gnocchi.094c1382-2b7a-4a01-a658-af90040ec049/none_v3" "tx19e4d89553c74fa295505-0068ee0c11" "object-server 24" 0.0007 "-" 21 0
Oct 14 08:38:41 np0005486728 object-server[128071]: 172.20.0.103 - - [14/Oct/2025:08:38:41 +0000] "PUT /d1/1009/AUTH_f669ac1a1893421f91ae49881790edbc/gnocchi.094c1382-2b7a-4a01-a658-af90040ec049/none_v3" 201 - "PUT http://172.18.0.210:8080/v1/AUTH_f669ac1a1893421f91ae49881790edbc/gnocchi.094c1382-2b7a-4a01-a658-af90040ec049/none_v3" "tx19e4d89553c74fa295505-0068ee0c11" "proxy-server 20" 0.0123 "-" 24 0
Oct 14 08:38:41 np0005486728 proxy-server[129496]: 172.18.0.105 172.18.0.104 14/Oct/2025/08/38/41 PUT /v1/AUTH_f669ac1a1893421f91ae49881790edbc/gnocchi.094c1382-2b7a-4a01-a658-af90040ec049/none_v3 HTTP/1.0 201 - python-swiftclient-3.11.1 gAAAAABo7gt_3y-i... 22 - - tx19e4d89553c74fa295505-0068ee0c11 - 0.0201 - - 1760431121.933163404 1760431121.953296661 0
Oct 14 08:38:41 np0005486728 container-server[127705]: 172.20.0.104 - - [14/Oct/2025:08:38:41 +0000] "PUT /d1/395/AUTH_f669ac1a1893421f91ae49881790edbc/gnocchi.8523de43-f34f-4455-b233-6e1be63252f0" 201 - "PUT http://172.18.0.210:8080/v1/AUTH_f669ac1a1893421f91ae49881790edbc/gnocchi.8523de43-f34f-4455-b233-6e1be63252f0" "txce1c61127807478bb8b18-0068ee0c11" "proxy-server 12" 0.0236 "-" 20 0
Oct 14 08:38:41 np0005486728 container-server[127711]: 172.20.0.105 - - [14/Oct/2025:08:38:41 +0000] "PUT /d1/832/AUTH_f669ac1a1893421f91ae49881790edbc/gnocchi.b05dd831-9be5-43b0-8df9-491ea4d17321/1760400000.0_mean_300.0_v3" 201 - "PUT http://172.18.0.210:8080/d1/391/AUTH_f669ac1a1893421f91ae49881790edbc/gnocchi.b05dd831-9be5-43b0-8df9-491ea4d17321/1760400000.0_mean_300.0_v3" "tx4a9077b83a014ec493bf5-0068ee0c11" "object-server 22" 0.0008 "-" 21 0
Oct 14 08:38:41 np0005486728 object-server[128055]: 172.20.0.105 - - [14/Oct/2025:08:38:41 +0000] "PUT /d1/391/AUTH_f669ac1a1893421f91ae49881790edbc/gnocchi.b05dd831-9be5-43b0-8df9-491ea4d17321/1760400000.0_mean_300.0_v3" 201 - "PUT http://172.18.0.210:8080/v1/AUTH_f669ac1a1893421f91ae49881790edbc/gnocchi.b05dd831-9be5-43b0-8df9-491ea4d17321/1760400000.0_mean_300.0_v3" "tx4a9077b83a014ec493bf5-0068ee0c11" "proxy-server 20" 0.0124 "-" 23 0
