Oct 14 08:38:41 np0005486728 container-server[127699]: 172.20.0.103 - - [14/Oct/2025:08:38:41 +0000] "HEAD /d1/625/AUTH_f669ac1a1893421f91ae49881790edbc/gnocchi.605cc867-1f40-454d-b7a4-248a43e34d70" 204 - "HEAD http://172.18.0.210:8080/v1/AUTH_f669ac1a1893421f91ae49881790edbc/gnocchi.605cc867-1f40-454d-b7a4-248a43e34d70?format=json&states=listing" "tx493be63773ac417fbcbcb-0068ee0c11" "proxy-server 20" 0.0032 "-" 19 0
Oct 14 08:38:41 np0005486728 proxy-server[129496]: - - 14/Oct/2025/08/38/41 HEAD /v1/AUTH_f669ac1a1893421f91ae49881790edbc/gnocchi.605cc867-1f40-454d-b7a4-248a43e34d70%3Fformat%3Djson%26states%3Dlisting HTTP/1.0 204 - Swift - - - - tx493be63773ac417fbcbcb-0068ee0c11 - 0.0080 RL - 1760431121.966354132 1760431121.974337339 0
Oct 14 08:38:41 np0005486728 container-server[127699]: 172.20.0.104 - - [14/Oct/2025:08:38:41 +0000] "HEAD /d1/779/AUTH_f669ac1a1893421f91ae49881790edbc/gnocchi.e93d1c21-3fa5-49dd-a2bd-5470398e3040" 404 - "HEAD http://172.18.0.210:8080/v1/AUTH_f669ac1a1893421f91ae49881790edbc/gnocchi.e93d1c21-3fa5-49dd-a2bd-5470398e3040?format=json&states=listing" "txaca52575e06e474e8b0c8-0068ee0c11" "proxy-server 12" 0.0005 "-" 19 0
Oct 14 08:38:41 np0005486728 proxy-server[129496]: 172.18.0.210 172.18.0.104 14/Oct/2025/08/38/41 GET /v1/AUTH_f669ac1a1893421f91ae49881790edbc/gnocchi.605cc867-1f40-454d-b7a4-248a43e34d70%3Fformat%3Djson%26states%3Dlisting HTTP/1.0 200 - python-swiftclient-3.11.1 gAAAAABo7gvE2klL... - 2 - tx493be63773ac417fbcbcb-0068ee0c11 - 0.0225 - - 1760431121.964605331 1760431121.987127781 0
Oct 14 08:38:41 np0005486728 object-server[128071]: 172.20.0.104 - - [14/Oct/2025:08:38:41 +0000] "GET /d1/984/AUTH_f669ac1a1893421f91ae49881790edbc/gnocchi.e93d1c21-3fa5-49dd-a2bd-5470398e3040/none_v3" 404 70 "GET http://172.18.0.210:8080/v1/AUTH_f669ac1a1893421f91ae49881790edbc/gnocchi.e93d1c21-3fa5-49dd-a2bd-5470398e3040/none_v3" "txaca52575e06e474e8b0c8-0068ee0c11" "proxy-server 12" 0.0004 "-" 24 0
Oct 14 08:38:42 np0005486728 proxy-server[129496]: - - 14/Oct/2025/08/38/42 HEAD /v1/AUTH_f669ac1a1893421f91ae49881790edbc/gnocchi.8523de43-f34f-4455-b233-6e1be63252f0%3Fformat%3Djson%26states%3Dlisting HTTP/1.0 204 - Swift - - - - tx58427c4bfbb04570a42fe-0068ee0c11 - 0.0080 RL - 1760431121.996336460 1760431122.004321814 0
Oct 14 08:38:42 np0005486728 object-server[128055]: 172.20.0.105 - - [14/Oct/2025:08:38:42 +0000] "PUT /d1/383/AUTH_f669ac1a1893421f91ae49881790edbc/gnocchi.b05dd831-9be5-43b0-8df9-491ea4d17321/none_v3" 201 - "PUT http://172.18.0.210:8080/v1/AUTH_f669ac1a1893421f91ae49881790edbc/gnocchi.b05dd831-9be5-43b0-8df9-491ea4d17321/none_v3" "txd091b75746b2402a84da3-0068ee0c11" "proxy-server 20" 0.0114 "-" 23 0
Oct 14 08:38:42 np0005486728 container-server[127719]: 172.20.0.104 - - [14/Oct/2025:08:38:42 +0000] "PUT /d1/832/AUTH_f669ac1a1893421f91ae49881790edbc/gnocchi.b05dd831-9be5-43b0-8df9-491ea4d17321/none_v3" 201 - "PUT http://172.18.0.210:8080/d1/383/AUTH_f669ac1a1893421f91ae49881790edbc/gnocchi.b05dd831-9be5-43b0-8df9-491ea4d17321/none_v3" "txd091b75746b2402a84da3-0068ee0c11" "object-server 24" 0.0008 "-" 22 0
Oct 14 08:38:42 np0005486728 proxy-server[129496]: 172.18.0.210 172.18.0.104 14/Oct/2025/08/38/42 GET /v1/AUTH_f669ac1a1893421f91ae49881790edbc/gnocchi.8523de43-f34f-4455-b233-6e1be63252f0%3Fformat%3Djson%26states%3Dlisting HTTP/1.0 200 - python-swiftclient-3.11.1 gAAAAABo7gvE2klL... - 2 - tx58427c4bfbb04570a42fe-0068ee0c11 - 0.0210 - - 1760431121.994842052 1760431122.015885592 0
Oct 14 08:38:42 np0005486728 container-server[127719]: 172.20.0.103 - - [14/Oct/2025:08:38:42 +0000] "HEAD /d1/601/AUTH_f669ac1a1893421f91ae49881790edbc/gnocchi.3c663d64-5a76-48d9-8930-a064864de360" 404 - "HEAD http://172.18.0.210:8080/v1/AUTH_f669ac1a1893421f91ae49881790edbc/gnocchi.3c663d64-5a76-48d9-8930-a064864de360?format=json&states=listing" "txb912e42ad0804f0cba197-0068ee0c12" "proxy-server 20" 0.0007 "-" 22 0
Oct 14 08:38:42 np0005486728 object-server[128051]: 172.20.0.105 - - [14/Oct/2025:08:38:42 +0000] "GET /d1/124/AUTH_f669ac1a1893421f91ae49881790edbc/gnocchi.605cc867-1f40-454d-b7a4-248a43e34d70/1760400000.0_mean_300.0_v3" 404 70 "GET http://172.18.0.210:8080/v1/AUTH_f669ac1a1893421f91ae49881790edbc/gnocchi.605cc867-1f40-454d-b7a4-248a43e34d70/1760400000.0_mean_300.0_v3" "tx5be2560fe9964d9bb3e31-0068ee0c12" "proxy-server 20" 0.0004 "-" 22 0
Oct 14 08:38:42 np0005486728 account-server[127802]: 172.20.0.105 - - [14/Oct/2025:08:38:42 +0000] "PUT /d1/338/AUTH_f669ac1a1893421f91ae49881790edbc/gnocchi.e93d1c21-3fa5-49dd-a2bd-5470398e3040" 201 - "PUT http://172.20.0.105:6001/d1/779/AUTH_f669ac1a1893421f91ae49881790edbc/gnocchi.e93d1c21-3fa5-49dd-a2bd-5470398e3040" "txa3e72ce5f4254fb8b47bd-0068ee0c12" "container-server 23" 0.0066 "-" 21 0
Oct 14 08:38:42 np0005486728 container-server[127719]: 172.20.0.104 - - [14/Oct/2025:08:38:42 +0000] "PUT /d1/779/AUTH_f669ac1a1893421f91ae49881790edbc/gnocchi.e93d1c21-3fa5-49dd-a2bd-5470398e3040" 201 - "PUT http://172.18.0.210:8080/v1/AUTH_f669ac1a1893421f91ae49881790edbc/gnocchi.e93d1c21-3fa5-49dd-a2bd-5470398e3040" "txa3e72ce5f4254fb8b47bd-0068ee0c12" "proxy-server 12" 0.0237 "-" 22 0
Oct 14 08:38:42 np0005486728 object-server[128051]: 172.20.0.103 - - [14/Oct/2025:08:38:42 +0000] "GET /d1/378/AUTH_f669ac1a1893421f91ae49881790edbc/gnocchi.3c663d64-5a76-48d9-8930-a064864de360/none_v3" 404 70 "GET http://172.18.0.210:8080/v1/AUTH_f669ac1a1893421f91ae49881790edbc/gnocchi.3c663d64-5a76-48d9-8930-a064864de360/none_v3" "txb912e42ad0804f0cba197-0068ee0c12" "proxy-server 20" 0.0003 "-" 22 0
Oct 14 08:38:42 np0005486728 proxy-server[129496]: 172.18.0.103 172.18.0.104 14/Oct/2025/08/38/42 GET /v1/AUTH_f669ac1a1893421f91ae49881790edbc/gnocchi.3c663d64-5a76-48d9-8930-a064864de360/none_v3 HTTP/1.0 404 - python-swiftclient-3.11.1 gAAAAABo7gvEzjD0... - 70 - txb912e42ad0804f0cba197-0068ee0c12 - 0.0286 - - 1760431122.023653030 1760431122.052248001 0
Oct 14 08:38:42 np0005486728 object-server[128055]: 172.20.0.105 - - [14/Oct/2025:08:38:42 +0000] "GET /d1/424/AUTH_f669ac1a1893421f91ae49881790edbc/gnocchi.8523de43-f34f-4455-b233-6e1be63252f0/1760400000.0_mean_300.0_v3" 404 70 "GET http://172.18.0.210:8080/v1/AUTH_f669ac1a1893421f91ae49881790edbc/gnocchi.8523de43-f34f-4455-b233-6e1be63252f0/1760400000.0_mean_300.0_v3" "txf93247c5c41d478f92799-0068ee0c12" "proxy-server 20" 0.0004 "-" 23 0
Oct 14 08:38:42 np0005486728 container-server[127719]: 172.20.0.103 - - [14/Oct/2025:08:38:42 +0000] "PUT /d1/601/AUTH_f669ac1a1893421f91ae49881790edbc/gnocchi.3c663d64-5a76-48d9-8930-a064864de360" 201 - "PUT http://172.18.0.210:8080/v1/AUTH_f669ac1a1893421f91ae49881790edbc/gnocchi.3c663d64-5a76-48d9-8930-a064864de360" "txcb7d42cf6a30434d8d6f4-0068ee0c12" "proxy-server 20" 0.0221 "-" 22 0
Oct 14 08:38:42 np0005486728 account-server[127803]: 172.20.0.105 - - [14/Oct/2025:08:38:42 +0000] "PUT /d1/338/AUTH_f669ac1a1893421f91ae49881790edbc/gnocchi.3c663d64-5a76-48d9-8930-a064864de360" 201 - "PUT http://172.20.0.105:6001/d1/601/AUTH_f669ac1a1893421f91ae49881790edbc/gnocchi.3c663d64-5a76-48d9-8930-a064864de360" "txcb7d42cf6a30434d8d6f4-0068ee0c12" "container-server 23" 0.0145 "-" 22 0
Oct 14 08:38:42 np0005486728 object-server[128072]: 172.20.0.104 - - [14/Oct/2025:08:38:42 +0000] "GET /d1/41/AUTH_f669ac1a1893421f91ae49881790edbc/gnocchi.e93d1c21-3fa5-49dd-a2bd-5470398e3040/1760400000.0_mean_300.0_v3" 404 70 "GET http://172.18.0.210:8080/v1/AUTH_f669ac1a1893421f91ae49881790edbc/gnocchi.e93d1c21-3fa5-49dd-a2bd-5470398e3040/1760400000.0_mean_300.0_v3" "tx383756d5c8cc4d12ad081-0068ee0c12" "proxy-server 12" 0.0005 "-" 25 0
Oct 14 08:38:42 np0005486728 proxy-server[129496]: 172.18.0.103 172.18.0.104 14/Oct/2025/08/38/42 PUT /v1/AUTH_f669ac1a1893421f91ae49881790edbc/gnocchi.3c663d64-5a76-48d9-8930-a064864de360 HTTP/1.0 201 - python-swiftclient-3.11.1 gAAAAABo7gvEzjD0... - - - txcb7d42cf6a30434d8d6f4-0068ee0c12 - 0.0475 - - 1760431122.056673050 1760431122.104142189 0
Oct 14 08:38:42 np0005486728 container-server[127705]: 172.20.0.104 - - [14/Oct/2025:08:38:42 +0000] "PUT /d1/625/AUTH_f669ac1a1893421f91ae49881790edbc/gnocchi.605cc867-1f40-454d-b7a4-248a43e34d70/1760400000.0_mean_300.0_v3" 201 - "PUT http://172.18.0.210:8080/d1/124/AUTH_f669ac1a1893421f91ae49881790edbc/gnocchi.605cc867-1f40-454d-b7a4-248a43e34d70/1760400000.0_mean_300.0_v3" "tx3bbec0c7d7984517bb7b1-0068ee0c12" "object-server 25" 0.0007 "-" 20 0
Oct 14 08:38:42 np0005486728 object-server[128072]: 172.20.0.105 - - [14/Oct/2025:08:38:42 +0000] "PUT /d1/124/AUTH_f669ac1a1893421f91ae49881790edbc/gnocchi.605cc867-1f40-454d-b7a4-248a43e34d70/1760400000.0_mean_300.0_v3" 201 - "PUT http://172.18.0.210:8080/v1/AUTH_f669ac1a1893421f91ae49881790edbc/gnocchi.605cc867-1f40-454d-b7a4-248a43e34d70/1760400000.0_mean_300.0_v3" "tx3bbec0c7d7984517bb7b1-0068ee0c12" "proxy-server 20" 0.0300 "-" 25 0
Oct 14 08:38:42 np0005486728 container-server[127705]: 172.20.0.103 - - [14/Oct/2025:08:38:42 +0000] "HEAD /d1/601/AUTH_f669ac1a1893421f91ae49881790edbc/gnocchi.3c663d64-5a76-48d9-8930-a064864de360" 204 - "HEAD http://172.18.0.210:8080/v1/AUTH_f669ac1a1893421f91ae49881790edbc/gnocchi.3c663d64-5a76-48d9-8930-a064864de360?format=json&states=listing" "tx30a6a55f41684797b35be-0068ee0c12" "proxy-server 20" 0.0028 "-" 20 0
Oct 14 08:38:42 np0005486728 proxy-server[129496]: - - 14/Oct/2025/08/38/42 HEAD /v1/AUTH_f669ac1a1893421f91ae49881790edbc/gnocchi.3c663d64-5a76-48d9-8930-a064864de360%3Fformat%3Djson%26states%3Dlisting HTTP/1.0 204 - Swift - - - - tx30a6a55f41684797b35be-0068ee0c12 - 0.0081 RL - 1760431122.111812115 1760431122.119869947 0
Oct 14 08:38:42 np0005486728 container-server[127719]: 172.20.0.105 - - [14/Oct/2025:08:38:42 +0000] "PUT /d1/779/AUTH_f669ac1a1893421f91ae49881790edbc/gnocchi.e93d1c21-3fa5-49dd-a2bd-5470398e3040/1760400000.0_mean_300.0_v3" 201 - "PUT http://172.18.0.210:8080/d1/41/AUTH_f669ac1a1893421f91ae49881790edbc/gnocchi.e93d1c21-3fa5-49dd-a2bd-5470398e3040/1760400000.0_mean_300.0_v3" "tx0caa7d665c664b64925f4-0068ee0c12" "object-server 24" 0.0009 "-" 22 0
Oct 14 08:38:42 np0005486728 container-server[127711]: 172.20.0.105 - - [14/Oct/2025:08:38:42 +0000] "PUT /d1/395/AUTH_f669ac1a1893421f91ae49881790edbc/gnocchi.8523de43-f34f-4455-b233-6e1be63252f0/1760400000.0_mean_300.0_v3" 201 - "PUT http://172.18.0.210:8080/d1/424/AUTH_f669ac1a1893421f91ae49881790edbc/gnocchi.8523de43-f34f-4455-b233-6e1be63252f0/1760400000.0_mean_300.0_v3" "tx55b63a44e6cd49e7a6ded-0068ee0c12" "object-server 23" 0.0008 "-" 21 0
Oct 14 08:38:42 np0005486728 proxy-server[129496]: 172.18.0.103 172.18.0.104 14/Oct/2025/08/38/42 GET /v1/AUTH_f669ac1a1893421f91ae49881790edbc/gnocchi.3c663d64-5a76-48d9-8930-a064864de360%3Fformat%3Djson%26states%3Dlisting HTTP/1.0 200 - python-swiftclient-3.11.1 gAAAAABo7gvEzjD0... - 2 - tx30a6a55f41684797b35be-0068ee0c12 - 0.0270 - - 1760431122.109677315 1760431122.136651278 0
Oct 14 08:38:42 np0005486728 object-server[128072]: 172.20.0.104 - - [14/Oct/2025:08:38:42 +0000] "PUT /d1/41/AUTH_f669ac1a1893421f91ae49881790edbc/gnocchi.e93d1c21-3fa5-49dd-a2bd-5470398e3040/1760400000.0_mean_300.0_v3" 201 - "PUT http://172.18.0.210:8080/v1/AUTH_f669ac1a1893421f91ae49881790edbc/gnocchi.e93d1c21-3fa5-49dd-a2bd-5470398e3040/1760400000.0_mean_300.0_v3" "tx0caa7d665c664b64925f4-0068ee0c12" "proxy-server 12" 0.0259 "-" 25 0
Oct 14 08:38:42 np0005486728 object-server[128055]: 172.20.0.105 - - [14/Oct/2025:08:38:42 +0000] "PUT /d1/424/AUTH_f669ac1a1893421f91ae49881790edbc/gnocchi.8523de43-f34f-4455-b233-6e1be63252f0/1760400000.0_mean_300.0_v3" 201 - "PUT http://172.18.0.210:8080/v1/AUTH_f669ac1a1893421f91ae49881790edbc/gnocchi.8523de43-f34f-4455-b233-6e1be63252f0/1760400000.0_mean_300.0_v3" "tx55b63a44e6cd49e7a6ded-0068ee0c12" "proxy-server 20" 0.0225 "-" 23 0
Oct 14 08:38:42 np0005486728 object-server[128055]: 172.20.0.103 - - [14/Oct/2025:08:38:42 +0000] "GET /d1/183/AUTH_f669ac1a1893421f91ae49881790edbc/gnocchi.3c663d64-5a76-48d9-8930-a064864de360/1760400000.0_mean_300.0_v3" 404 70 "GET http://172.18.0.210:8080/v1/AUTH_f669ac1a1893421f91ae49881790edbc/gnocchi.3c663d64-5a76-48d9-8930-a064864de360/1760400000.0_mean_300.0_v3" "tx5bee03d5ea1e4323b4a15-0068ee0c12" "proxy-server 20" 0.0006 "-" 23 0
Oct 14 08:38:42 np0005486728 proxy-server[129496]: 172.18.0.103 172.18.0.104 14/Oct/2025/08/38/42 GET /v1/AUTH_f669ac1a1893421f91ae49881790edbc/gnocchi.3c663d64-5a76-48d9-8930-a064864de360/1760400000.0_mean_300.0_v3 HTTP/1.0 404 - python-swiftclient-3.11.1 gAAAAABo7gvEzjD0... - 70 - tx5bee03d5ea1e4323b4a15-0068ee0c12 - 0.0168 - - 1760431122.144225359 1760431122.161028385 0
Oct 14 08:38:42 np0005486728 container-server[127705]: 172.20.0.103 - - [14/Oct/2025:08:38:42 +0000] "PUT /d1/625/AUTH_f669ac1a1893421f91ae49881790edbc/gnocchi.605cc867-1f40-454d-b7a4-248a43e34d70/none_v3" 201 - "PUT http://172.18.0.210:8080/d1/56/AUTH_f669ac1a1893421f91ae49881790edbc/gnocchi.605cc867-1f40-454d-b7a4-248a43e34d70/none_v3" "tx539d8321028e4ef19a9ca-0068ee0c12" "object-server 25" 0.0010 "-" 20 0
Oct 14 08:38:42 np0005486728 container-server[127711]: 172.20.0.103 - - [14/Oct/2025:08:38:42 +0000] "PUT /d1/779/AUTH_f669ac1a1893421f91ae49881790edbc/gnocchi.e93d1c21-3fa5-49dd-a2bd-5470398e3040/none_v3" 201 - "PUT http://172.18.0.210:8080/d1/984/AUTH_f669ac1a1893421f91ae49881790edbc/gnocchi.e93d1c21-3fa5-49dd-a2bd-5470398e3040/none_v3" "txf0ccc6e10a8f421084d56-0068ee0c12" "object-server 22" 0.0007 "-" 21 0
Oct 14 08:38:42 np0005486728 object-server[128051]: 172.20.0.104 - - [14/Oct/2025:08:38:42 +0000] "PUT /d1/984/AUTH_f669ac1a1893421f91ae49881790edbc/gnocchi.e93d1c21-3fa5-49dd-a2bd-5470398e3040/none_v3" 201 - "PUT http://172.18.0.210:8080/v1/AUTH_f669ac1a1893421f91ae49881790edbc/gnocchi.e93d1c21-3fa5-49dd-a2bd-5470398e3040/none_v3" "txf0ccc6e10a8f421084d56-0068ee0c12" "proxy-server 12" 0.0116 "-" 22 0
Oct 14 08:38:42 np0005486728 object-server[128072]: 172.20.0.105 - - [14/Oct/2025:08:38:42 +0000] "PUT /d1/56/AUTH_f669ac1a1893421f91ae49881790edbc/gnocchi.605cc867-1f40-454d-b7a4-248a43e34d70/none_v3" 201 - "PUT http://172.18.0.210:8080/v1/AUTH_f669ac1a1893421f91ae49881790edbc/gnocchi.605cc867-1f40-454d-b7a4-248a43e34d70/none_v3" "tx539d8321028e4ef19a9ca-0068ee0c12" "proxy-server 20" 0.0135 "-" 25 0
Oct 14 08:38:42 np0005486728 container-server[127719]: 172.20.0.104 - - [14/Oct/2025:08:38:42 +0000] "PUT /d1/601/AUTH_f669ac1a1893421f91ae49881790edbc/gnocchi.3c663d64-5a76-48d9-8930-a064864de360/1760400000.0_mean_300.0_v3" 201 - "PUT http://172.18.0.210:8080/d1/183/AUTH_f669ac1a1893421f91ae49881790edbc/gnocchi.3c663d64-5a76-48d9-8930-a064864de360/1760400000.0_mean_300.0_v3" "tx44bc92fc3b014fa0a4299-0068ee0c12" "object-server 23" 0.0009 "-" 22 0
Oct 14 08:38:42 np0005486728 object-server[128051]: 172.20.0.103 - - [14/Oct/2025:08:38:42 +0000] "PUT /d1/183/AUTH_f669ac1a1893421f91ae49881790edbc/gnocchi.3c663d64-5a76-48d9-8930-a064864de360/1760400000.0_mean_300.0_v3" 201 - "PUT http://172.18.0.210:8080/v1/AUTH_f669ac1a1893421f91ae49881790edbc/gnocchi.3c663d64-5a76-48d9-8930-a064864de360/1760400000.0_mean_300.0_v3" "tx44bc92fc3b014fa0a4299-0068ee0c12" "proxy-server 20" 0.0155 "-" 22 0
Oct 14 08:38:42 np0005486728 proxy-server[129496]: 172.18.0.103 172.18.0.104 14/Oct/2025/08/38/42 PUT /v1/AUTH_f669ac1a1893421f91ae49881790edbc/gnocchi.3c663d64-5a76-48d9-8930-a064864de360/1760400000.0_mean_300.0_v3 HTTP/1.0 201 - python-swiftclient-3.11.1 gAAAAABo7gvEzjD0... 16 - - tx44bc92fc3b014fa0a4299-0068ee0c12 - 0.0286 - - 1760431122.167389870 1760431122.196002007 0
Oct 14 08:38:42 np0005486728 container-server[127711]: 172.20.0.103 - - [14/Oct/2025:08:38:42 +0000] "PUT /d1/395/AUTH_f669ac1a1893421f91ae49881790edbc/gnocchi.8523de43-f34f-4455-b233-6e1be63252f0/none_v3" 201 - "PUT http://172.18.0.210:8080/d1/486/AUTH_f669ac1a1893421f91ae49881790edbc/gnocchi.8523de43-f34f-4455-b233-6e1be63252f0/none_v3" "tx04fbe9d238cc423f99573-0068ee0c12" "object-server 22" 0.0008 "-" 21 0
Oct 14 08:38:42 np0005486728 object-server[128051]: 172.20.0.105 - - [14/Oct/2025:08:38:42 +0000] "PUT /d1/486/AUTH_f669ac1a1893421f91ae49881790edbc/gnocchi.8523de43-f34f-4455-b233-6e1be63252f0/none_v3" 201 - "PUT http://172.18.0.210:8080/v1/AUTH_f669ac1a1893421f91ae49881790edbc/gnocchi.8523de43-f34f-4455-b233-6e1be63252f0/none_v3" "tx04fbe9d238cc423f99573-0068ee0c12" "proxy-server 20" 0.0149 "-" 22 0
Oct 14 08:38:42 np0005486728 container-server[127699]: 172.20.0.104 - - [14/Oct/2025:08:38:42 +0000] "HEAD /d1/754/AUTH_f669ac1a1893421f91ae49881790edbc/gnocchi.ba25d233-571b-47d4-8734-21969167c813" 404 - "HEAD http://172.18.0.210:8080/v1/AUTH_f669ac1a1893421f91ae49881790edbc/gnocchi.ba25d233-571b-47d4-8734-21969167c813?format=json&states=listing" "tx9e66e1d4c0c04e4190479-0068ee0c12" "proxy-server 12" 0.0004 "-" 19 0
Oct 14 08:38:42 np0005486728 object-server[128051]: 172.20.0.104 - - [14/Oct/2025:08:38:42 +0000] "GET /d1/702/AUTH_f669ac1a1893421f91ae49881790edbc/gnocchi.ba25d233-571b-47d4-8734-21969167c813/none_v3" 404 70 "GET http://172.18.0.210:8080/v1/AUTH_f669ac1a1893421f91ae49881790edbc/gnocchi.ba25d233-571b-47d4-8734-21969167c813/none_v3" "tx9e66e1d4c0c04e4190479-0068ee0c12" "proxy-server 12" 0.0004 "-" 22 0
Oct 14 08:38:42 np0005486728 container-server[127705]: 172.20.0.104 - - [14/Oct/2025:08:38:42 +0000] "PUT /d1/601/AUTH_f669ac1a1893421f91ae49881790edbc/gnocchi.3c663d64-5a76-48d9-8930-a064864de360/none_v3" 201 - "PUT http://172.18.0.210:8080/d1/378/AUTH_f669ac1a1893421f91ae49881790edbc/gnocchi.3c663d64-5a76-48d9-8930-a064864de360/none_v3" "txcd368a955d454bd599163-0068ee0c12" "object-server 23" 0.0010 "-" 20 0
Oct 14 08:38:42 np0005486728 object-server[128051]: 172.20.0.103 - - [14/Oct/2025:08:38:42 +0000] "PUT /d1/378/AUTH_f669ac1a1893421f91ae49881790edbc/gnocchi.3c663d64-5a76-48d9-8930-a064864de360/none_v3" 201 - "PUT http://172.18.0.210:8080/v1/AUTH_f669ac1a1893421f91ae49881790edbc/gnocchi.3c663d64-5a76-48d9-8930-a064864de360/none_v3" "txcd368a955d454bd599163-0068ee0c12" "proxy-server 20" 0.0136 "-" 22 0
Oct 14 08:38:42 np0005486728 container-server[127699]: 172.20.0.104 - - [14/Oct/2025:08:38:42 +0000] "HEAD /d1/940/AUTH_f669ac1a1893421f91ae49881790edbc/gnocchi.07cadbe8-64ab-4b14-bb73-93d1c248666c" 404 - "HEAD http://172.18.0.210:8080/v1/AUTH_f669ac1a1893421f91ae49881790edbc/gnocchi.07cadbe8-64ab-4b14-bb73-93d1c248666c?format=json&states=listing" "tx412d6563bf854718a232b-0068ee0c12" "proxy-server 12" 0.0006 "-" 19 0
Oct 14 08:38:42 np0005486728 proxy-server[129496]: 172.18.0.103 172.18.0.104 14/Oct/2025/08/38/42 PUT /v1/AUTH_f669ac1a1893421f91ae49881790edbc/gnocchi.3c663d64-5a76-48d9-8930-a064864de360/none_v3 HTTP/1.0 201 - python-swiftclient-3.11.1 gAAAAABo7gvEzjD0... 22 - - txcd368a955d454bd599163-0068ee0c12 - 0.0301 - - 1760431122.201194525 1760431122.231283426 0
Oct 14 08:38:42 np0005486728 account-server[127804]: 172.20.0.105 - - [14/Oct/2025:08:38:42 +0000] "PUT /d1/338/AUTH_f669ac1a1893421f91ae49881790edbc/gnocchi.ba25d233-571b-47d4-8734-21969167c813" 201 - "PUT http://172.20.0.105:6001/d1/754/AUTH_f669ac1a1893421f91ae49881790edbc/gnocchi.ba25d233-571b-47d4-8734-21969167c813" "tx531e51320b564c23a992a-0068ee0c12" "container-server 20" 0.0060 "-" 23 0
Oct 14 08:38:42 np0005486728 container-server[127719]: 172.20.0.105 - - [14/Oct/2025:08:38:42 +0000] "PUT /d1/754/AUTH_f669ac1a1893421f91ae49881790edbc/gnocchi.ba25d233-571b-47d4-8734-21969167c813" 201 - "PUT http://172.18.0.210:8080/v1/AUTH_f669ac1a1893421f91ae49881790edbc/gnocchi.ba25d233-571b-47d4-8734-21969167c813" "tx531e51320b564c23a992a-0068ee0c12" "proxy-server 20" 0.0181 "-" 22 0
Oct 14 08:38:42 np0005486728 object-server[128051]: 172.20.0.104 - - [14/Oct/2025:08:38:42 +0000] "GET /d1/714/AUTH_f669ac1a1893421f91ae49881790edbc/gnocchi.07cadbe8-64ab-4b14-bb73-93d1c248666c/none_v3" 404 70 "GET http://172.18.0.210:8080/v1/AUTH_f669ac1a1893421f91ae49881790edbc/gnocchi.07cadbe8-64ab-4b14-bb73-93d1c248666c/none_v3" "tx412d6563bf854718a232b-0068ee0c12" "proxy-server 12" 0.0005 "-" 22 0
Oct 14 08:38:42 np0005486728 container-server[127705]: 172.20.0.103 - - [14/Oct/2025:08:38:42 +0000] "HEAD /d1/452/AUTH_f669ac1a1893421f91ae49881790edbc/gnocchi.80a29393-aaf6-4866-9158-2745c5b8ebac" 404 - "HEAD http://172.18.0.210:8080/v1/AUTH_f669ac1a1893421f91ae49881790edbc/gnocchi.80a29393-aaf6-4866-9158-2745c5b8ebac?format=json&states=listing" "tx68fb48043d7f4868b0cad-0068ee0c12" "proxy-server 20" 0.0007 "-" 20 0
Oct 14 08:38:42 np0005486728 object-server[128072]: 172.20.0.103 - - [14/Oct/2025:08:38:42 +0000] "GET /d1/566/AUTH_f669ac1a1893421f91ae49881790edbc/gnocchi.80a29393-aaf6-4866-9158-2745c5b8ebac/none_v3" 404 70 "GET http://172.18.0.210:8080/v1/AUTH_f669ac1a1893421f91ae49881790edbc/gnocchi.80a29393-aaf6-4866-9158-2745c5b8ebac/none_v3" "tx68fb48043d7f4868b0cad-0068ee0c12" "proxy-server 20" 0.0005 "-" 25 0
Oct 14 08:38:42 np0005486728 proxy-server[129496]: 172.18.0.103 172.18.0.104 14/Oct/2025/08/38/42 GET /v1/AUTH_f669ac1a1893421f91ae49881790edbc/gnocchi.80a29393-aaf6-4866-9158-2745c5b8ebac/none_v3 HTTP/1.0 404 - python-swiftclient-3.11.1 gAAAAABo7gvEzjD0... - 70 - tx68fb48043d7f4868b0cad-0068ee0c12 - 0.0277 - - 1760431122.249475479 1760431122.277148247 0
Oct 14 08:38:42 np0005486728 account-server[127803]: 172.20.0.103 - - [14/Oct/2025:08:38:42 +0000] "PUT /d1/338/AUTH_f669ac1a1893421f91ae49881790edbc/gnocchi.07cadbe8-64ab-4b14-bb73-93d1c248666c" 201 - "PUT http://172.20.0.103:6001/d1/940/AUTH_f669ac1a1893421f91ae49881790edbc/gnocchi.07cadbe8-64ab-4b14-bb73-93d1c248666c" "tx81295275e4d74cde8c614-0068ee0c12" "container-server 20" 0.0043 "-" 22 0
Oct 14 08:38:42 np0005486728 container-server[127705]: 172.20.0.104 - - [14/Oct/2025:08:38:42 +0000] "PUT /d1/940/AUTH_f669ac1a1893421f91ae49881790edbc/gnocchi.07cadbe8-64ab-4b14-bb73-93d1c248666c" 201 - "PUT http://172.18.0.210:8080/v1/AUTH_f669ac1a1893421f91ae49881790edbc/gnocchi.07cadbe8-64ab-4b14-bb73-93d1c248666c" "tx81295275e4d74cde8c614-0068ee0c12" "proxy-server 12" 0.0151 "-" 20 0
Oct 14 08:38:42 np0005486728 account-server[127801]: 172.20.0.104 - - [14/Oct/2025:08:38:42 +0000] "PUT /d1/338/AUTH_f669ac1a1893421f91ae49881790edbc/gnocchi.80a29393-aaf6-4866-9158-2745c5b8ebac" 201 - "PUT http://172.20.0.104:6001/d1/452/AUTH_f669ac1a1893421f91ae49881790edbc/gnocchi.80a29393-aaf6-4866-9158-2745c5b8ebac" "tx38c3dd41f52e46f8aed00-0068ee0c12" "container-server 19" 0.0048 "-" 20 0
Oct 14 08:38:42 np0005486728 container-server[127699]: 172.20.0.103 - - [14/Oct/2025:08:38:42 +0000] "PUT /d1/452/AUTH_f669ac1a1893421f91ae49881790edbc/gnocchi.80a29393-aaf6-4866-9158-2745c5b8ebac" 201 - "PUT http://172.18.0.210:8080/v1/AUTH_f669ac1a1893421f91ae49881790edbc/gnocchi.80a29393-aaf6-4866-9158-2745c5b8ebac" "tx38c3dd41f52e46f8aed00-0068ee0c12" "proxy-server 20" 0.0284 "-" 19 0
Oct 14 08:38:42 np0005486728 object-server[128051]: 172.20.0.105 - - [14/Oct/2025:08:38:42 +0000] "GET /d1/370/AUTH_f669ac1a1893421f91ae49881790edbc/gnocchi.ba25d233-571b-47d4-8734-21969167c813/1760400000.0_mean_300.0_v3" 404 70 "GET http://172.18.0.210:8080/v1/AUTH_f669ac1a1893421f91ae49881790edbc/gnocchi.ba25d233-571b-47d4-8734-21969167c813/1760400000.0_mean_300.0_v3" "txce7549c6a65848bea3130-0068ee0c12" "proxy-server 20" 0.0004 "-" 22 0
Oct 14 08:38:42 np0005486728 proxy-server[129496]: 172.18.0.103 172.18.0.104 14/Oct/2025/08/38/42 PUT /v1/AUTH_f669ac1a1893421f91ae49881790edbc/gnocchi.80a29393-aaf6-4866-9158-2745c5b8ebac HTTP/1.0 201 - python-swiftclient-3.11.1 gAAAAABo7gvEzjD0... - - - tx38c3dd41f52e46f8aed00-0068ee0c12 - 0.0360 - - 1760431122.281249523 1760431122.317284346 0
Oct 14 08:38:42 np0005486728 container-server[127719]: 172.20.0.103 - - [14/Oct/2025:08:38:42 +0000] "HEAD /d1/452/AUTH_f669ac1a1893421f91ae49881790edbc/gnocchi.80a29393-aaf6-4866-9158-2745c5b8ebac" 204 - "HEAD http://172.18.0.210:8080/v1/AUTH_f669ac1a1893421f91ae49881790edbc/gnocchi.80a29393-aaf6-4866-9158-2745c5b8ebac?format=json&states=listing" "tx8aeae779405540f58282c-0068ee0c12" "proxy-server 20" 0.0017 "-" 22 0
Oct 14 08:38:42 np0005486728 proxy-server[129496]: - - 14/Oct/2025/08/38/42 HEAD /v1/AUTH_f669ac1a1893421f91ae49881790edbc/gnocchi.80a29393-aaf6-4866-9158-2745c5b8ebac%3Fformat%3Djson%26states%3Dlisting HTTP/1.0 204 - Swift - - - - tx8aeae779405540f58282c-0068ee0c12 - 0.0056 RL - 1760431122.322653294 1760431122.328234434 0
Oct 14 08:38:42 np0005486728 container-server[127711]: 172.20.0.103 - - [14/Oct/2025:08:38:42 +0000] "GET /d1/452/AUTH_f669ac1a1893421f91ae49881790edbc/gnocchi.80a29393-aaf6-4866-9158-2745c5b8ebac" 200 2 "GET http://172.18.0.210:8080/v1/AUTH_f669ac1a1893421f91ae49881790edbc/gnocchi.80a29393-aaf6-4866-9158-2745c5b8ebac?format=json&states=listing" "tx8aeae779405540f58282c-0068ee0c12" "proxy-server 20" 0.0042 "-" 21 0
Oct 14 08:38:42 np0005486728 container-server[127699]: 172.20.0.104 - - [14/Oct/2025:08:38:42 +0000] "HEAD /d1/940/AUTH_f669ac1a1893421f91ae49881790edbc/gnocchi.07cadbe8-64ab-4b14-bb73-93d1c248666c" 204 - "HEAD http://172.18.0.210:8080/v1/AUTH_f669ac1a1893421f91ae49881790edbc/gnocchi.07cadbe8-64ab-4b14-bb73-93d1c248666c?format=json&states=listing" "tx1b926c9f2e984d23a797f-0068ee0c12" "proxy-server 12" 0.0011 "-" 19 0
Oct 14 08:38:42 np0005486728 proxy-server[129496]: 172.18.0.103 172.18.0.104 14/Oct/2025/08/38/42 GET /v1/AUTH_f669ac1a1893421f91ae49881790edbc/gnocchi.80a29393-aaf6-4866-9158-2745c5b8ebac%3Fformat%3Djson%26states%3Dlisting HTTP/1.0 200 - python-swiftclient-3.11.1 gAAAAABo7gvEzjD0... - 2 - tx8aeae779405540f58282c-0068ee0c12 - 0.0180 - - 1760431122.321263552 1760431122.339289188 0
Oct 14 08:38:42 np0005486728 container-server[127711]: 172.20.0.103 - - [14/Oct/2025:08:38:42 +0000] "PUT /d1/754/AUTH_f669ac1a1893421f91ae49881790edbc/gnocchi.ba25d233-571b-47d4-8734-21969167c813/1760400000.0_mean_300.0_v3" 201 - "PUT http://172.18.0.210:8080/d1/370/AUTH_f669ac1a1893421f91ae49881790edbc/gnocchi.ba25d233-571b-47d4-8734-21969167c813/1760400000.0_mean_300.0_v3" "txa5117a20c8f346d7a66ef-0068ee0c12" "object-server 24" 0.0008 "-" 21 0
Oct 14 08:38:42 np0005486728 object-server[128071]: 172.20.0.105 - - [14/Oct/2025:08:38:42 +0000] "PUT /d1/370/AUTH_f669ac1a1893421f91ae49881790edbc/gnocchi.ba25d233-571b-47d4-8734-21969167c813/1760400000.0_mean_300.0_v3" 201 - "PUT http://172.18.0.210:8080/v1/AUTH_f669ac1a1893421f91ae49881790edbc/gnocchi.ba25d233-571b-47d4-8734-21969167c813/1760400000.0_mean_300.0_v3" "txa5117a20c8f346d7a66ef-0068ee0c12" "proxy-server 20" 0.0109 "-" 24 0
Oct 14 08:38:42 np0005486728 object-server[128072]: 172.20.0.103 - - [14/Oct/2025:08:38:42 +0000] "GET /d1/705/AUTH_f669ac1a1893421f91ae49881790edbc/gnocchi.80a29393-aaf6-4866-9158-2745c5b8ebac/1760400000.0_mean_300.0_v3" 404 70 "GET http://172.18.0.210:8080/v1/AUTH_f669ac1a1893421f91ae49881790edbc/gnocchi.80a29393-aaf6-4866-9158-2745c5b8ebac/1760400000.0_mean_300.0_v3" "tx2f0ae9de50644ba187cef-0068ee0c12" "proxy-server 20" 0.0003 "-" 25 0
Oct 14 08:38:42 np0005486728 proxy-server[129496]: 172.18.0.103 172.18.0.104 14/Oct/2025/08/38/42 GET /v1/AUTH_f669ac1a1893421f91ae49881790edbc/gnocchi.80a29393-aaf6-4866-9158-2745c5b8ebac/1760400000.0_mean_300.0_v3 HTTP/1.0 404 - python-swiftclient-3.11.1 gAAAAABo7gvEzjD0... - 70 - tx2f0ae9de50644ba187cef-0068ee0c12 - 0.0120 - - 1760431122.343686581 1760431122.355695248 0
Oct 14 08:38:42 np0005486728 object-server[128055]: 172.20.0.104 - - [14/Oct/2025:08:38:42 +0000] "GET /d1/375/AUTH_f669ac1a1893421f91ae49881790edbc/gnocchi.07cadbe8-64ab-4b14-bb73-93d1c248666c/1760400000.0_mean_300.0_v3" 404 70 "GET http://172.18.0.210:8080/v1/AUTH_f669ac1a1893421f91ae49881790edbc/gnocchi.07cadbe8-64ab-4b14-bb73-93d1c248666c/1760400000.0_mean_300.0_v3" "tx2cd95dc90a544128aeedf-0068ee0c12" "proxy-server 12" 0.0004 "-" 23 0
Oct 14 08:38:42 np0005486728 container-server[127719]: 172.20.0.105 - - [14/Oct/2025:08:38:42 +0000] "PUT /d1/754/AUTH_f669ac1a1893421f91ae49881790edbc/gnocchi.ba25d233-571b-47d4-8734-21969167c813/none_v3" 201 - "PUT http://172.18.0.210:8080/d1/702/AUTH_f669ac1a1893421f91ae49881790edbc/gnocchi.ba25d233-571b-47d4-8734-21969167c813/none_v3" "tx561dee13b6394282ae61a-0068ee0c12" "object-server 25" 0.0005 "-" 22 0
Oct 14 08:38:42 np0005486728 object-server[128051]: 172.20.0.105 - - [14/Oct/2025:08:38:42 +0000] "PUT /d1/702/AUTH_f669ac1a1893421f91ae49881790edbc/gnocchi.ba25d233-571b-47d4-8734-21969167c813/none_v3" 201 - "PUT http://172.18.0.210:8080/v1/AUTH_f669ac1a1893421f91ae49881790edbc/gnocchi.ba25d233-571b-47d4-8734-21969167c813/none_v3" "tx561dee13b6394282ae61a-0068ee0c12" "proxy-server 20" 0.0127 "-" 22 0
Oct 14 08:38:42 np0005486728 object-server[128051]: 172.20.0.103 - - [14/Oct/2025:08:38:42 +0000] "PUT /d1/705/AUTH_f669ac1a1893421f91ae49881790edbc/gnocchi.80a29393-aaf6-4866-9158-2745c5b8ebac/1760400000.0_mean_300.0_v3" 201 - "PUT http://172.18.0.210:8080/v1/AUTH_f669ac1a1893421f91ae49881790edbc/gnocchi.80a29393-aaf6-4866-9158-2745c5b8ebac/1760400000.0_mean_300.0_v3" "tx91f8e34f2f644b17a05d7-0068ee0c12" "proxy-server 20" 0.0123 "-" 22 0
Oct 14 08:38:42 np0005486728 container-server[127711]: 172.20.0.105 - - [14/Oct/2025:08:38:42 +0000] "PUT /d1/452/AUTH_f669ac1a1893421f91ae49881790edbc/gnocchi.80a29393-aaf6-4866-9158-2745c5b8ebac/1760400000.0_mean_300.0_v3" 201 - "PUT http://172.18.0.210:8080/d1/705/AUTH_f669ac1a1893421f91ae49881790edbc/gnocchi.80a29393-aaf6-4866-9158-2745c5b8ebac/1760400000.0_mean_300.0_v3" "tx91f8e34f2f644b17a05d7-0068ee0c12" "object-server 25" 0.0006 "-" 21 0
Oct 14 08:38:42 np0005486728 proxy-server[129496]: 172.18.0.103 172.18.0.104 14/Oct/2025/08/38/42 PUT /v1/AUTH_f669ac1a1893421f91ae49881790edbc/gnocchi.80a29393-aaf6-4866-9158-2745c5b8ebac/1760400000.0_mean_300.0_v3 HTTP/1.0 201 - python-swiftclient-3.11.1 gAAAAABo7gvEzjD0... 16 - - tx91f8e34f2f644b17a05d7-0068ee0c12 - 0.0245 - - 1760431122.358209372 1760431122.382693291 0
Oct 14 08:38:42 np0005486728 container-server[127719]: 172.20.0.105 - - [14/Oct/2025:08:38:42 +0000] "PUT /d1/940/AUTH_f669ac1a1893421f91ae49881790edbc/gnocchi.07cadbe8-64ab-4b14-bb73-93d1c248666c/1760400000.0_mean_300.0_v3" 201 - "PUT http://172.18.0.210:8080/d1/375/AUTH_f669ac1a1893421f91ae49881790edbc/gnocchi.07cadbe8-64ab-4b14-bb73-93d1c248666c/1760400000.0_mean_300.0_v3" "tx587255b8e00a403fbb1a1-0068ee0c12" "object-server 25" 0.0007 "-" 22 0
Oct 14 08:38:42 np0005486728 object-server[128055]: 172.20.0.104 - - [14/Oct/2025:08:38:42 +0000] "PUT /d1/375/AUTH_f669ac1a1893421f91ae49881790edbc/gnocchi.07cadbe8-64ab-4b14-bb73-93d1c248666c/1760400000.0_mean_300.0_v3" 201 - "PUT http://172.18.0.210:8080/v1/AUTH_f669ac1a1893421f91ae49881790edbc/gnocchi.07cadbe8-64ab-4b14-bb73-93d1c248666c/1760400000.0_mean_300.0_v3" "tx587255b8e00a403fbb1a1-0068ee0c12" "proxy-server 12" 0.0131 "-" 23 0
Oct 14 08:38:42 np0005486728 container-server[127699]: 172.20.0.103 - - [14/Oct/2025:08:38:42 +0000] "HEAD /d1/354/AUTH_f669ac1a1893421f91ae49881790edbc/gnocchi.531a5307-750b-4f1b-88d2-2f987c72e8a3" 404 - "HEAD http://172.18.0.210:8080/v1/AUTH_f669ac1a1893421f91ae49881790edbc/gnocchi.531a5307-750b-4f1b-88d2-2f987c72e8a3?format=json&states=listing" "tx1ac57c64d33e49028f318-0068ee0c12" "proxy-server 20" 0.0004 "-" 19 0
Oct 14 08:38:42 np0005486728 object-server[128072]: 172.20.0.105 - - [14/Oct/2025:08:38:42 +0000] "PUT /d1/566/AUTH_f669ac1a1893421f91ae49881790edbc/gnocchi.80a29393-aaf6-4866-9158-2745c5b8ebac/none_v3" 201 - "PUT http://172.18.0.210:8080/v1/AUTH_f669ac1a1893421f91ae49881790edbc/gnocchi.80a29393-aaf6-4866-9158-2745c5b8ebac/none_v3" "tx92ab8c72e2dc4c7f8ed86-0068ee0c12" "proxy-server 20" 0.0102 "-" 25 0
Oct 14 08:38:42 np0005486728 container-server[127705]: 172.20.0.105 - - [14/Oct/2025:08:38:42 +0000] "PUT /d1/452/AUTH_f669ac1a1893421f91ae49881790edbc/gnocchi.80a29393-aaf6-4866-9158-2745c5b8ebac/none_v3" 201 - "PUT http://172.18.0.210:8080/d1/566/AUTH_f669ac1a1893421f91ae49881790edbc/gnocchi.80a29393-aaf6-4866-9158-2745c5b8ebac/none_v3" "tx92ab8c72e2dc4c7f8ed86-0068ee0c12" "object-server 24" 0.0005 "-" 20 0
Oct 14 08:38:42 np0005486728 container-server[127699]: 172.20.0.103 - - [14/Oct/2025:08:38:42 +0000] "PUT /d1/940/AUTH_f669ac1a1893421f91ae49881790edbc/gnocchi.07cadbe8-64ab-4b14-bb73-93d1c248666c/none_v3" 201 - "PUT http://172.18.0.210:8080/d1/714/AUTH_f669ac1a1893421f91ae49881790edbc/gnocchi.07cadbe8-64ab-4b14-bb73-93d1c248666c/none_v3" "txc1e601c2717948f1a7d71-0068ee0c12" "object-server 24" 0.0008 "-" 19 0
Oct 14 08:38:42 np0005486728 object-server[128051]: 172.20.0.103 - - [14/Oct/2025:08:38:42 +0000] "GET /d1/944/AUTH_f669ac1a1893421f91ae49881790edbc/gnocchi.531a5307-750b-4f1b-88d2-2f987c72e8a3/none_v3" 404 70 "GET http://172.18.0.210:8080/v1/AUTH_f669ac1a1893421f91ae49881790edbc/gnocchi.531a5307-750b-4f1b-88d2-2f987c72e8a3/none_v3" "tx1ac57c64d33e49028f318-0068ee0c12" "proxy-server 20" 0.0005 "-" 22 0
Oct 14 08:38:42 np0005486728 object-server[128071]: 172.20.0.104 - - [14/Oct/2025:08:38:42 +0000] "PUT /d1/714/AUTH_f669ac1a1893421f91ae49881790edbc/gnocchi.07cadbe8-64ab-4b14-bb73-93d1c248666c/none_v3" 201 - "PUT http://172.18.0.210:8080/v1/AUTH_f669ac1a1893421f91ae49881790edbc/gnocchi.07cadbe8-64ab-4b14-bb73-93d1c248666c/none_v3" "txc1e601c2717948f1a7d71-0068ee0c12" "proxy-server 12" 0.0139 "-" 24 0
Oct 14 08:38:42 np0005486728 proxy-server[129496]: 172.18.0.105 172.18.0.104 14/Oct/2025/08/38/42 GET /v1/AUTH_f669ac1a1893421f91ae49881790edbc/gnocchi.531a5307-750b-4f1b-88d2-2f987c72e8a3/none_v3 HTTP/1.0 404 - python-swiftclient-3.11.1 gAAAAABo7gt_3y-i... - 70 - tx1ac57c64d33e49028f318-0068ee0c12 - 0.0283 - - 1760431122.394135475 1760431122.422398567 0
Oct 14 08:38:42 np0005486728 account-server[127801]: 172.20.0.103 - - [14/Oct/2025:08:38:42 +0000] "PUT /d1/338/AUTH_f669ac1a1893421f91ae49881790edbc/gnocchi.531a5307-750b-4f1b-88d2-2f987c72e8a3" 201 - "PUT http://172.20.0.103:6001/d1/354/AUTH_f669ac1a1893421f91ae49881790edbc/gnocchi.531a5307-750b-4f1b-88d2-2f987c72e8a3" "tx3c69838c5bff437d80a66-0068ee0c12" "container-server 21" 0.0055 "-" 20 0
Oct 14 08:38:42 np0005486728 container-server[127711]: 172.20.0.105 - - [14/Oct/2025:08:38:42 +0000] "PUT /d1/354/AUTH_f669ac1a1893421f91ae49881790edbc/gnocchi.531a5307-750b-4f1b-88d2-2f987c72e8a3" 201 - "PUT http://172.18.0.210:8080/v1/AUTH_f669ac1a1893421f91ae49881790edbc/gnocchi.531a5307-750b-4f1b-88d2-2f987c72e8a3" "tx3c69838c5bff437d80a66-0068ee0c12" "proxy-server 20" 0.0154 "-" 21 0
Oct 14 08:38:42 np0005486728 container-server[127705]: 172.20.0.103 - - [14/Oct/2025:08:38:42 +0000] "HEAD /d1/230/AUTH_f669ac1a1893421f91ae49881790edbc/gnocchi.479fcd71-0b85-4403-ae6a-839ce3ae78b8" 404 - "HEAD http://172.18.0.210:8080/v1/AUTH_f669ac1a1893421f91ae49881790edbc/gnocchi.479fcd71-0b85-4403-ae6a-839ce3ae78b8?format=json&states=listing" "txa5055cb6b2d94497a5b0c-0068ee0c12" "proxy-server 20" 0.0003 "-" 20 0
Oct 14 08:38:42 np0005486728 object-server[128072]: 172.20.0.103 - - [14/Oct/2025:08:38:42 +0000] "GET /d1/484/AUTH_f669ac1a1893421f91ae49881790edbc/gnocchi.479fcd71-0b85-4403-ae6a-839ce3ae78b8/none_v3" 404 70 "GET http://172.18.0.210:8080/v1/AUTH_f669ac1a1893421f91ae49881790edbc/gnocchi.479fcd71-0b85-4403-ae6a-839ce3ae78b8/none_v3" "txa5055cb6b2d94497a5b0c-0068ee0c12" "proxy-server 20" 0.0004 "-" 25 0
Oct 14 08:38:42 np0005486728 proxy-server[129496]: 172.18.0.103 172.18.0.104 14/Oct/2025/08/38/42 GET /v1/AUTH_f669ac1a1893421f91ae49881790edbc/gnocchi.479fcd71-0b85-4403-ae6a-839ce3ae78b8/none_v3 HTTP/1.0 404 - python-swiftclient-3.11.1 gAAAAABo7gvEzjD0... - 70 - txa5055cb6b2d94497a5b0c-0068ee0c12 - 0.0335 - - 1760431122.428106308 1760431122.461559534 0
Oct 14 08:38:42 np0005486728 container-server[127699]: 172.20.0.104 - - [14/Oct/2025:08:38:42 +0000] "GET /d1/354/AUTH_f669ac1a1893421f91ae49881790edbc/gnocchi.531a5307-750b-4f1b-88d2-2f987c72e8a3" 200 2 "GET http://172.18.0.210:8080/v1/AUTH_f669ac1a1893421f91ae49881790edbc/gnocchi.531a5307-750b-4f1b-88d2-2f987c72e8a3?format=json&states=listing" "txae8ce8cd0e0c4f74a0720-0068ee0c12" "proxy-server 12" 0.0019 "-" 19 0
Oct 14 08:38:42 np0005486728 account-server[127801]: 172.20.0.103 - - [14/Oct/2025:08:38:42 +0000] "PUT /d1/338/AUTH_f669ac1a1893421f91ae49881790edbc/gnocchi.479fcd71-0b85-4403-ae6a-839ce3ae78b8" 201 - "PUT http://172.20.0.103:6001/d1/230/AUTH_f669ac1a1893421f91ae49881790edbc/gnocchi.479fcd71-0b85-4403-ae6a-839ce3ae78b8" "tx07d0842a5ee9477ea8bbe-0068ee0c12" "container-server 20" 0.0054 "-" 20 0
Oct 14 08:38:42 np0005486728 object-server[128055]: 172.20.0.103 - - [14/Oct/2025:08:38:42 +0000] "GET /d1/766/AUTH_f669ac1a1893421f91ae49881790edbc/gnocchi.531a5307-750b-4f1b-88d2-2f987c72e8a3/1760400000.0_mean_300.0_v3" 404 70 "GET http://172.18.0.210:8080/v1/AUTH_f669ac1a1893421f91ae49881790edbc/gnocchi.531a5307-750b-4f1b-88d2-2f987c72e8a3/1760400000.0_mean_300.0_v3" "tx03aa4580fdd14ebbbd6c5-0068ee0c12" "proxy-server 20" 0.0004 "-" 23 0
Oct 14 08:38:42 np0005486728 container-server[127705]: 172.20.0.105 - - [14/Oct/2025:08:38:42 +0000] "PUT /d1/230/AUTH_f669ac1a1893421f91ae49881790edbc/gnocchi.479fcd71-0b85-4403-ae6a-839ce3ae78b8" 201 - "PUT http://172.18.0.210:8080/v1/AUTH_f669ac1a1893421f91ae49881790edbc/gnocchi.479fcd71-0b85-4403-ae6a-839ce3ae78b8" "tx07d0842a5ee9477ea8bbe-0068ee0c12" "proxy-server 20" 0.0181 "-" 20 0
Oct 14 08:38:42 np0005486728 proxy-server[129496]: 172.18.0.105 172.18.0.104 14/Oct/2025/08/38/42 GET /v1/AUTH_f669ac1a1893421f91ae49881790edbc/gnocchi.531a5307-750b-4f1b-88d2-2f987c72e8a3/1760400000.0_mean_300.0_v3 HTTP/1.0 404 - python-swiftclient-3.11.1 gAAAAABo7gt_3y-i... - 70 - tx03aa4580fdd14ebbbd6c5-0068ee0c12 - 0.0118 - - 1760431122.481861353 1760431122.493642330 0
Oct 14 08:38:42 np0005486728 proxy-server[129496]: - - 14/Oct/2025/08/38/42 HEAD /v1/AUTH_f669ac1a1893421f91ae49881790edbc/gnocchi.479fcd71-0b85-4403-ae6a-839ce3ae78b8%3Fformat%3Djson%26states%3Dlisting HTTP/1.0 204 - Swift - - - - tx7ff08451efa14bd3a6cbd-0068ee0c12 - 0.0082 RL - 1760431122.508044720 1760431122.516252756 0
Oct 14 08:38:42 np0005486728 object-server[128072]: 172.20.0.104 - - [14/Oct/2025:08:38:42 +0000] "PUT /d1/766/AUTH_f669ac1a1893421f91ae49881790edbc/gnocchi.531a5307-750b-4f1b-88d2-2f987c72e8a3/1760400000.0_mean_300.0_v3" 201 - "PUT http://172.18.0.210:8080/v1/AUTH_f669ac1a1893421f91ae49881790edbc/gnocchi.531a5307-750b-4f1b-88d2-2f987c72e8a3/1760400000.0_mean_300.0_v3" "tx44b3073a492f467bb7d4a-0068ee0c12" "proxy-server 12" 0.0115 "-" 25 0
Oct 14 08:38:42 np0005486728 container-server[127705]: 172.20.0.105 - - [14/Oct/2025:08:38:42 +0000] "PUT /d1/354/AUTH_f669ac1a1893421f91ae49881790edbc/gnocchi.531a5307-750b-4f1b-88d2-2f987c72e8a3/1760400000.0_mean_300.0_v3" 201 - "PUT http://172.18.0.210:8080/d1/766/AUTH_f669ac1a1893421f91ae49881790edbc/gnocchi.531a5307-750b-4f1b-88d2-2f987c72e8a3/1760400000.0_mean_300.0_v3" "tx44b3073a492f467bb7d4a-0068ee0c12" "object-server 24" 0.0008 "-" 20 0
Oct 14 08:38:42 np0005486728 container-server[127711]: 172.20.0.103 - - [14/Oct/2025:08:38:42 +0000] "GET /d1/230/AUTH_f669ac1a1893421f91ae49881790edbc/gnocchi.479fcd71-0b85-4403-ae6a-839ce3ae78b8" 200 2 "GET http://172.18.0.210:8080/v1/AUTH_f669ac1a1893421f91ae49881790edbc/gnocchi.479fcd71-0b85-4403-ae6a-839ce3ae78b8?format=json&states=listing" "tx7ff08451efa14bd3a6cbd-0068ee0c12" "proxy-server 20" 0.0028 "-" 21 0
Oct 14 08:38:42 np0005486728 proxy-server[129496]: 172.18.0.103 172.18.0.104 14/Oct/2025/08/38/42 GET /v1/AUTH_f669ac1a1893421f91ae49881790edbc/gnocchi.479fcd71-0b85-4403-ae6a-839ce3ae78b8%3Fformat%3Djson%26states%3Dlisting HTTP/1.0 200 - python-swiftclient-3.11.1 gAAAAABo7gvEzjD0... - 2 - tx7ff08451efa14bd3a6cbd-0068ee0c12 - 0.0224 - - 1760431122.505270481 1760431122.527663469 0
Oct 14 08:38:42 np0005486728 object-server[128072]: 172.20.0.104 - - [14/Oct/2025:08:38:42 +0000] "GET /d1/625/AUTH_f669ac1a1893421f91ae49881790edbc/gnocchi.479fcd71-0b85-4403-ae6a-839ce3ae78b8/1760400000.0_mean_300.0_v3" 404 70 "GET http://172.18.0.210:8080/v1/AUTH_f669ac1a1893421f91ae49881790edbc/gnocchi.479fcd71-0b85-4403-ae6a-839ce3ae78b8/1760400000.0_mean_300.0_v3" "txd09a91f446084e56961be-0068ee0c12" "proxy-server 12" 0.0003 "-" 25 0
Oct 14 08:38:42 np0005486728 container-server[127719]: 172.20.0.103 - - [14/Oct/2025:08:38:42 +0000] "PUT /d1/354/AUTH_f669ac1a1893421f91ae49881790edbc/gnocchi.531a5307-750b-4f1b-88d2-2f987c72e8a3/none_v3" 201 - "PUT http://172.18.0.210:8080/d1/944/AUTH_f669ac1a1893421f91ae49881790edbc/gnocchi.531a5307-750b-4f1b-88d2-2f987c72e8a3/none_v3" "tx9f23d8ec8e91467dac9ef-0068ee0c12" "object-server 22" 0.0008 "-" 22 0
Oct 14 08:38:42 np0005486728 object-server[128051]: 172.20.0.105 - - [14/Oct/2025:08:38:42 +0000] "PUT /d1/944/AUTH_f669ac1a1893421f91ae49881790edbc/gnocchi.531a5307-750b-4f1b-88d2-2f987c72e8a3/none_v3" 201 - "PUT http://172.18.0.210:8080/v1/AUTH_f669ac1a1893421f91ae49881790edbc/gnocchi.531a5307-750b-4f1b-88d2-2f987c72e8a3/none_v3" "tx9f23d8ec8e91467dac9ef-0068ee0c12" "proxy-server 20" 0.0140 "-" 22 0
Oct 14 08:38:42 np0005486728 container-server[127699]: 172.20.0.104 - - [14/Oct/2025:08:38:42 +0000] "PUT /d1/230/AUTH_f669ac1a1893421f91ae49881790edbc/gnocchi.479fcd71-0b85-4403-ae6a-839ce3ae78b8/1760400000.0_mean_300.0_v3" 201 - "PUT http://172.18.0.210:8080/d1/625/AUTH_f669ac1a1893421f91ae49881790edbc/gnocchi.479fcd71-0b85-4403-ae6a-839ce3ae78b8/1760400000.0_mean_300.0_v3" "tx834f9b81eb584173bff0d-0068ee0c12" "object-server 25" 0.0007 "-" 19 0
Oct 14 08:38:42 np0005486728 object-server[128072]: 172.20.0.103 - - [14/Oct/2025:08:38:42 +0000] "PUT /d1/625/AUTH_f669ac1a1893421f91ae49881790edbc/gnocchi.479fcd71-0b85-4403-ae6a-839ce3ae78b8/1760400000.0_mean_300.0_v3" 201 - "PUT http://172.18.0.210:8080/v1/AUTH_f669ac1a1893421f91ae49881790edbc/gnocchi.479fcd71-0b85-4403-ae6a-839ce3ae78b8/1760400000.0_mean_300.0_v3" "tx834f9b81eb584173bff0d-0068ee0c12" "proxy-server 20" 0.0139 "-" 25 0
Oct 14 08:38:42 np0005486728 proxy-server[129496]: 172.18.0.103 172.18.0.104 14/Oct/2025/08/38/42 PUT /v1/AUTH_f669ac1a1893421f91ae49881790edbc/gnocchi.479fcd71-0b85-4403-ae6a-839ce3ae78b8/1760400000.0_mean_300.0_v3 HTTP/1.0 201 - python-swiftclient-3.11.1 gAAAAABo7gvEzjD0... 16 - - tx834f9b81eb584173bff0d-0068ee0c12 - 0.0252 - - 1760431122.557682276 1760431122.582926989 0
Oct 14 08:38:42 np0005486728 container-server[127705]: 172.20.0.103 - - [14/Oct/2025:08:38:42 +0000] "PUT /d1/230/AUTH_f669ac1a1893421f91ae49881790edbc/gnocchi.479fcd71-0b85-4403-ae6a-839ce3ae78b8/none_v3" 201 - "PUT http://172.18.0.210:8080/d1/484/AUTH_f669ac1a1893421f91ae49881790edbc/gnocchi.479fcd71-0b85-4403-ae6a-839ce3ae78b8/none_v3" "tx2db3fd4333274f80867d9-0068ee0c12" "object-server 23" 0.0006 "-" 20 0
Oct 14 08:38:42 np0005486728 object-server[128055]: 172.20.0.104 - - [14/Oct/2025:08:38:42 +0000] "PUT /d1/484/AUTH_f669ac1a1893421f91ae49881790edbc/gnocchi.479fcd71-0b85-4403-ae6a-839ce3ae78b8/none_v3" 201 - "PUT http://172.18.0.210:8080/v1/AUTH_f669ac1a1893421f91ae49881790edbc/gnocchi.479fcd71-0b85-4403-ae6a-839ce3ae78b8/none_v3" "tx2db3fd4333274f80867d9-0068ee0c12" "proxy-server 12" 0.0123 "-" 23 0
Oct 14 08:38:46 np0005486728 account-server[127243]: Beginning replication run
Oct 14 08:38:46 np0005486728 account-server[127243]: Replication run OVER
Oct 14 08:38:46 np0005486728 account-server[127243]: Attempted to replicate 1 dbs in 0.02245 seconds (44.53667/s)
Oct 14 08:38:46 np0005486728 account-server[127243]: Removed 0 dbs
Oct 14 08:38:46 np0005486728 account-server[127243]: 2 successes, 0 failures
Oct 14 08:38:46 np0005486728 account-server[127243]: diff:0 diff_capped:0 empty:0 hashmatch:0 no_change:2 remote_merge:0 rsync:0 ts_repl:0
Oct 14 08:38:52 np0005486728 object-server[127856]: Starting object replication pass.
Oct 14 08:38:53 np0005486728 object-server[127856]: 42/42 (100.00%) partitions replicated in 1.03s (40.93/sec, 0s remaining)
Oct 14 08:38:53 np0005486728 object-server[127856]: 84 successes, 0 failures
Oct 14 08:38:53 np0005486728 object-server[127856]: 44 suffixes checked - 63.64% hashed, 0.00% synced
Oct 14 08:38:53 np0005486728 object-server[127856]: Partition times: max 0.0559s, min 0.0059s, med 0.0291s
Oct 14 08:38:53 np0005486728 object-server[127856]: Object replication complete. (0.02 minutes)
Oct 14 08:38:54 np0005486728 container-server[127344]: Beginning replication run
Oct 14 08:38:54 np0005486728 object-server[229914]: Begin object audit "forever" mode (ZBF)
Oct 14 08:38:54 np0005486728 object-server[229915]: Begin object audit "forever" mode (ALL)
Oct 14 08:38:54 np0005486728 object-server[229914]: Object audit (ZBF). Since Tue Oct 14 08:38:54 2025: Locally: 1 passed, 0 quarantined, 0 errors, files/sec: 533.83, bytes/sec: 0.00, Total time: 0.00, Auditing time: 0.00, Rate: 0.00
Oct 14 08:38:54 np0005486728 object-server[229915]: Object audit (ALL). Since Tue Oct 14 08:38:54 2025: Locally: 1 passed, 0 quarantined, 0 errors, files/sec: 104.43, bytes/sec: 1670.95, Total time: 0.01, Auditing time: 0.00, Rate: 0.00
Oct 14 08:38:55 np0005486728 container-server[127344]: Replication run OVER
Oct 14 08:38:55 np0005486728 container-server[127344]: Attempted to replicate 22 dbs in 0.98495 seconds (22.33626/s)
Oct 14 08:38:55 np0005486728 container-server[127344]: Removed 0 dbs
Oct 14 08:38:55 np0005486728 container-server[127344]: 44 successes, 0 failures
Oct 14 08:38:55 np0005486728 container-server[127344]: diff:0 diff_capped:0 empty:0 hashmatch:0 no_change:44 remote_merge:0 rsync:0 ts_repl:0
Oct 14 08:38:55 np0005486728 object-server[229914]: Object audit (ZBF) "forever" mode completed: 0.84s. Total quarantined: 0, Total errors: 0, Total files/sec: 52.14, Total bytes/sec: 0.00, Auditing time: 0.83, Rate: 0.99
Oct 14 08:38:57 np0005486728 object-server[229915]: Object audit (ALL) "forever" mode completed: 2.11s. Total quarantined: 0, Total errors: 0, Total files/sec: 20.84, Total bytes/sec: 400.72, Auditing time: 2.10, Rate: 0.99
Oct 14 08:39:16 np0005486728 account-server[127243]: Beginning replication run
Oct 14 08:39:16 np0005486728 account-server[127243]: Replication run OVER
Oct 14 08:39:16 np0005486728 account-server[127243]: Attempted to replicate 1 dbs in 0.01497 seconds (66.79102/s)
Oct 14 08:39:16 np0005486728 account-server[127243]: Removed 0 dbs
Oct 14 08:39:16 np0005486728 account-server[127243]: 2 successes, 0 failures
Oct 14 08:39:16 np0005486728 account-server[127243]: diff:0 diff_capped:0 empty:0 hashmatch:0 no_change:2 remote_merge:0 rsync:0 ts_repl:0
Oct 14 08:39:23 np0005486728 object-server[127856]: Starting object replication pass.
Oct 14 08:39:24 np0005486728 object-server[127856]: 42/42 (100.00%) partitions replicated in 0.38s (109.61/sec, 0s remaining)
Oct 14 08:39:24 np0005486728 object-server[127856]: 84 successes, 0 failures
Oct 14 08:39:24 np0005486728 object-server[127856]: 44 suffixes checked - 0.00% hashed, 0.00% synced
Oct 14 08:39:24 np0005486728 object-server[127856]: Partition times: max 0.0393s, min 0.0057s, med 0.0078s
Oct 14 08:39:24 np0005486728 object-server[127856]: Object replication complete. (0.01 minutes)
Oct 14 08:39:24 np0005486728 container-server[127344]: Beginning replication run
Oct 14 08:39:25 np0005486728 container-server[127344]: Replication run OVER
Oct 14 08:39:25 np0005486728 container-server[127344]: Attempted to replicate 22 dbs in 0.42664 seconds (51.56525/s)
Oct 14 08:39:25 np0005486728 container-server[127344]: Removed 0 dbs
Oct 14 08:39:25 np0005486728 container-server[127344]: 44 successes, 0 failures
Oct 14 08:39:25 np0005486728 container-server[127344]: diff:0 diff_capped:0 empty:0 hashmatch:0 no_change:44 remote_merge:0 rsync:0 ts_repl:0
Oct 14 08:39:25 np0005486728 object-server[230053]: Begin object audit "forever" mode (ZBF)
Oct 14 08:39:25 np0005486728 object-server[230053]: Object audit (ZBF). Since Tue Oct 14 08:39:25 2025: Locally: 1 passed, 0 quarantined, 0 errors, files/sec: 499.62, bytes/sec: 0.00, Total time: 0.00, Auditing time: 0.00, Rate: 0.00
Oct 14 08:39:26 np0005486728 object-server[230053]: Object audit (ZBF) "forever" mode completed: 0.84s. Total quarantined: 0, Total errors: 0, Total files/sec: 52.14, Total bytes/sec: 0.00, Auditing time: 0.83, Rate: 0.99
Oct 14 08:39:46 np0005486728 account-server[127243]: Beginning replication run
Oct 14 08:39:46 np0005486728 account-server[127243]: Replication run OVER
Oct 14 08:39:46 np0005486728 account-server[127243]: Attempted to replicate 1 dbs in 0.01733 seconds (57.70568/s)
Oct 14 08:39:46 np0005486728 account-server[127243]: Removed 0 dbs
Oct 14 08:39:46 np0005486728 account-server[127243]: 2 successes, 0 failures
Oct 14 08:39:46 np0005486728 account-server[127243]: diff:0 diff_capped:0 empty:0 hashmatch:0 no_change:2 remote_merge:0 rsync:0 ts_repl:0
Oct 14 08:39:49 np0005486728 account-server[127801]: 172.20.0.104 - - [14/Oct/2025:08:39:49 +0000] "HEAD /d1/509/.expiring_objects" 404 - "HEAD http://localhost/v1/.expiring_objects?format=json" "tx7b3a712207e64189b2945-0068ee0c55" "proxy-server 2" 0.0007 "-" 20 -
Oct 14 08:39:51 np0005486728 object-server[128142]: Begin object update sweep
Oct 14 08:39:51 np0005486728 object-server[235622]: Object update sweep starting on /srv/node/d1 (pid: 15)
Oct 14 08:39:51 np0005486728 object-server[235622]: Object update sweep completed on /srv/node/d1 in 0.00s seconds:, 0 successes, 0 failures, 0 quarantines, 0 unlinks, 0 errors, 0 redirects (pid: 15)
Oct 14 08:39:51 np0005486728 object-server[235622]: Object update sweep of d1 completed: 0.00s, 0 successes, 0 failures, 0 quarantines, 0 unlinks, 0 errors, 0 redirects
Oct 14 08:39:51 np0005486728 object-server[128142]: Object update sweep completed: 0.08s
Oct 14 08:39:54 np0005486728 object-server[127856]: Starting object replication pass.
Oct 14 08:39:54 np0005486728 object-server[127856]: 42/42 (100.00%) partitions replicated in 0.40s (105.97/sec, 0s remaining)
Oct 14 08:39:54 np0005486728 object-server[127856]: 84 successes, 0 failures
Oct 14 08:39:54 np0005486728 object-server[127856]: 44 suffixes checked - 0.00% hashed, 0.00% synced
Oct 14 08:39:54 np0005486728 object-server[127856]: Partition times: max 0.0182s, min 0.0062s, med 0.0085s
Oct 14 08:39:54 np0005486728 object-server[127856]: Object replication complete. (0.01 minutes)
Oct 14 08:39:54 np0005486728 container-server[127344]: Beginning replication run
