Oct 14 08:33:21 np0005486728 object-server[127856]: Object replication complete. (0.00 minutes)
Oct 14 08:33:23 np0005486728 object-server[194062]: Begin object audit "forever" mode (ZBF)
Oct 14 08:33:23 np0005486728 object-server[194062]: Object audit (ZBF) "forever" mode completed: 0.00s. Total quarantined: 0, Total errors: 0, Total files/sec: 0.00, Total bytes/sec: 0.00, Auditing time: 0.00, Rate: 0.00
Oct 14 08:33:24 np0005486728 container-server[127344]: Beginning replication run
Oct 14 08:33:24 np0005486728 container-server[127344]: Replication run OVER
Oct 14 08:33:24 np0005486728 container-server[127344]: Attempted to replicate 0 dbs in 0.00148 seconds (0.00000/s)
Oct 14 08:33:24 np0005486728 container-server[127344]: Removed 0 dbs
Oct 14 08:33:24 np0005486728 container-server[127344]: 0 successes, 0 failures
Oct 14 08:33:24 np0005486728 container-server[127344]: diff:0 diff_capped:0 empty:0 hashmatch:0 no_change:0 remote_merge:0 rsync:0 ts_repl:0
Oct 14 08:33:46 np0005486728 account-server[127243]: Beginning replication run
Oct 14 08:33:46 np0005486728 account-server[127243]: Replication run OVER
Oct 14 08:33:46 np0005486728 account-server[127243]: Attempted to replicate 0 dbs in 0.00239 seconds (0.00000/s)
Oct 14 08:33:46 np0005486728 account-server[127243]: Removed 0 dbs
Oct 14 08:33:46 np0005486728 account-server[127243]: 0 successes, 0 failures
Oct 14 08:33:46 np0005486728 account-server[127243]: diff:0 diff_capped:0 empty:0 hashmatch:0 no_change:0 remote_merge:0 rsync:0 ts_repl:0
Oct 14 08:33:51 np0005486728 object-server[127856]: Starting object replication pass.
Oct 14 08:33:51 np0005486728 object-server[127856]: Nothing replicated for 0.0040285587310791016 seconds.
Oct 14 08:33:51 np0005486728 object-server[127856]: Object replication complete. (0.00 minutes)
Oct 14 08:33:53 np0005486728 object-server[200068]: Begin object audit "forever" mode (ZBF)
Oct 14 08:33:53 np0005486728 object-server[200068]: Object audit (ZBF) "forever" mode completed: 0.00s. Total quarantined: 0, Total errors: 0, Total files/sec: 0.00, Total bytes/sec: 0.00, Auditing time: 0.00, Rate: 0.00
Oct 14 08:33:53 np0005486728 object-server[200069]: Begin object audit "forever" mode (ALL)
Oct 14 08:33:53 np0005486728 object-server[200069]: Object audit (ALL) "forever" mode completed: 0.00s. Total quarantined: 0, Total errors: 0, Total files/sec: 0.00, Total bytes/sec: 0.00, Auditing time: 0.00, Rate: 0.00
Oct 14 08:33:54 np0005486728 container-server[127344]: Beginning replication run
Oct 14 08:33:54 np0005486728 container-server[127344]: Replication run OVER
Oct 14 08:33:54 np0005486728 container-server[127344]: Attempted to replicate 0 dbs in 0.00308 seconds (0.00000/s)
Oct 14 08:33:54 np0005486728 container-server[127344]: Removed 0 dbs
Oct 14 08:33:54 np0005486728 container-server[127344]: 0 successes, 0 failures
Oct 14 08:33:54 np0005486728 container-server[127344]: diff:0 diff_capped:0 empty:0 hashmatch:0 no_change:0 remote_merge:0 rsync:0 ts_repl:0
Oct 14 08:34:16 np0005486728 account-server[127243]: Beginning replication run
Oct 14 08:34:16 np0005486728 account-server[127243]: Replication run OVER
Oct 14 08:34:16 np0005486728 account-server[127243]: Attempted to replicate 0 dbs in 0.00147 seconds (0.00000/s)
Oct 14 08:34:16 np0005486728 account-server[127243]: Removed 0 dbs
Oct 14 08:34:16 np0005486728 account-server[127243]: 0 successes, 0 failures
Oct 14 08:34:16 np0005486728 account-server[127243]: diff:0 diff_capped:0 empty:0 hashmatch:0 no_change:0 remote_merge:0 rsync:0 ts_repl:0
Oct 14 08:34:21 np0005486728 object-server[127856]: Starting object replication pass.
Oct 14 08:34:21 np0005486728 object-server[127856]: Nothing replicated for 0.003999948501586914 seconds.
Oct 14 08:34:21 np0005486728 object-server[127856]: Object replication complete. (0.00 minutes)
Oct 14 08:34:23 np0005486728 object-server[200070]: Begin object audit "forever" mode (ZBF)
Oct 14 08:34:23 np0005486728 object-server[200070]: Object audit (ZBF) "forever" mode completed: 0.00s. Total quarantined: 0, Total errors: 0, Total files/sec: 0.00, Total bytes/sec: 0.00, Auditing time: 0.00, Rate: 0.00
Oct 14 08:34:24 np0005486728 container-server[127344]: Beginning replication run
Oct 14 08:34:24 np0005486728 container-server[127344]: Replication run OVER
Oct 14 08:34:24 np0005486728 container-server[127344]: Attempted to replicate 0 dbs in 0.00198 seconds (0.00000/s)
Oct 14 08:34:24 np0005486728 container-server[127344]: Removed 0 dbs
Oct 14 08:34:24 np0005486728 container-server[127344]: 0 successes, 0 failures
Oct 14 08:34:24 np0005486728 container-server[127344]: diff:0 diff_capped:0 empty:0 hashmatch:0 no_change:0 remote_merge:0 rsync:0 ts_repl:0
Oct 14 08:34:45 np0005486728 account-server[127802]: 172.20.0.103 - - [14/Oct/2025:08:34:45 +0000] "HEAD /d1/509/.expiring_objects" 404 - "HEAD http://localhost/v1/.expiring_objects?format=json" "tx227929884060430299073-0068ee0b25" "proxy-server 2" 0.0008 "-" 21 -
Oct 14 08:34:45 np0005486728 object-expirer[127852]: Pass completed in 0s; 0 objects expired (txn: tx227929884060430299073-0068ee0b25)
Oct 14 08:34:46 np0005486728 account-server[127243]: Beginning replication run
Oct 14 08:34:46 np0005486728 account-server[127243]: Replication run OVER
Oct 14 08:34:46 np0005486728 account-server[127243]: Attempted to replicate 0 dbs in 0.00145 seconds (0.00000/s)
Oct 14 08:34:46 np0005486728 account-server[127243]: Removed 0 dbs
Oct 14 08:34:46 np0005486728 account-server[127243]: 0 successes, 0 failures
Oct 14 08:34:46 np0005486728 account-server[127243]: diff:0 diff_capped:0 empty:0 hashmatch:0 no_change:0 remote_merge:0 rsync:0 ts_repl:0
Oct 14 08:34:51 np0005486728 object-server[128142]: Begin object update sweep
Oct 14 08:34:51 np0005486728 object-server[206060]: Object update sweep starting on /srv/node/d1 (pid: 14)
Oct 14 08:34:51 np0005486728 object-server[206060]: Object update sweep completed on /srv/node/d1 in 0.00s seconds:, 0 successes, 0 failures, 0 quarantines, 0 unlinks, 0 errors, 0 redirects (pid: 14)
Oct 14 08:34:51 np0005486728 object-server[206060]: Object update sweep of d1 completed: 0.00s, 0 successes, 0 failures, 0 quarantines, 0 unlinks, 0 errors, 0 redirects
Oct 14 08:34:51 np0005486728 object-server[128142]: Object update sweep completed: 0.10s
Oct 14 08:34:51 np0005486728 object-server[127856]: Starting object replication pass.
Oct 14 08:34:51 np0005486728 object-server[127856]: Nothing replicated for 0.004040241241455078 seconds.
Oct 14 08:34:51 np0005486728 object-server[127856]: Object replication complete. (0.00 minutes)
Oct 14 08:34:53 np0005486728 object-server[206242]: Begin object audit "forever" mode (ZBF)
Oct 14 08:34:53 np0005486728 object-server[206242]: Object audit (ZBF) "forever" mode completed: 0.00s. Total quarantined: 0, Total errors: 0, Total files/sec: 0.00, Total bytes/sec: 0.00, Auditing time: 0.00, Rate: 0.00
Oct 14 08:34:53 np0005486728 object-server[206243]: Begin object audit "forever" mode (ALL)
Oct 14 08:34:53 np0005486728 object-server[206243]: Object audit (ALL) "forever" mode completed: 0.00s. Total quarantined: 0, Total errors: 0, Total files/sec: 0.00, Total bytes/sec: 0.00, Auditing time: 0.00, Rate: 0.00
Oct 14 08:34:54 np0005486728 container-server[127344]: Beginning replication run
Oct 14 08:34:54 np0005486728 container-server[127344]: Replication run OVER
Oct 14 08:34:54 np0005486728 container-server[127344]: Attempted to replicate 0 dbs in 0.00147 seconds (0.00000/s)
Oct 14 08:34:54 np0005486728 container-server[127344]: Removed 0 dbs
Oct 14 08:34:54 np0005486728 container-server[127344]: 0 successes, 0 failures
Oct 14 08:34:54 np0005486728 container-server[127344]: diff:0 diff_capped:0 empty:0 hashmatch:0 no_change:0 remote_merge:0 rsync:0 ts_repl:0
Oct 14 08:35:04 np0005486728 account-server[127802]: 172.20.0.103 - - [14/Oct/2025:08:35:04 +0000] "HEAD /d1/509/.expiring_objects" 404 - "HEAD http://localhost/v1/.expiring_objects?format=json" "txc0ce3cc3a6224a93a0131-0068ee0b38" "proxy-server 2" 0.0008 "-" 21 -
Oct 14 08:35:04 np0005486728 object-expirer[127852]: Pass completed in 0s; 0 objects expired (txn: txc0ce3cc3a6224a93a0131-0068ee0b38)
Oct 14 08:35:16 np0005486728 account-server[127243]: Beginning replication run
Oct 14 08:35:16 np0005486728 account-server[127243]: Replication run OVER
Oct 14 08:35:16 np0005486728 account-server[127243]: Attempted to replicate 0 dbs in 0.00182 seconds (0.00000/s)
Oct 14 08:35:16 np0005486728 account-server[127243]: Removed 0 dbs
Oct 14 08:35:16 np0005486728 account-server[127243]: 0 successes, 0 failures
Oct 14 08:35:16 np0005486728 account-server[127243]: diff:0 diff_capped:0 empty:0 hashmatch:0 no_change:0 remote_merge:0 rsync:0 ts_repl:0
Oct 14 08:35:21 np0005486728 object-server[127856]: Starting object replication pass.
Oct 14 08:35:21 np0005486728 object-server[127856]: Nothing replicated for 0.0025148391723632812 seconds.
Oct 14 08:35:21 np0005486728 object-server[127856]: Object replication complete. (0.00 minutes)
Oct 14 08:35:23 np0005486728 object-server[206245]: Begin object audit "forever" mode (ZBF)
Oct 14 08:35:23 np0005486728 object-server[206245]: Object audit (ZBF) "forever" mode completed: 0.00s. Total quarantined: 0, Total errors: 0, Total files/sec: 0.00, Total bytes/sec: 0.00, Auditing time: 0.00, Rate: 0.00
Oct 14 08:35:24 np0005486728 container-server[127344]: Beginning replication run
Oct 14 08:35:24 np0005486728 container-server[127344]: Replication run OVER
Oct 14 08:35:24 np0005486728 container-server[127344]: Attempted to replicate 0 dbs in 0.00170 seconds (0.00000/s)
Oct 14 08:35:24 np0005486728 container-server[127344]: Removed 0 dbs
Oct 14 08:35:24 np0005486728 container-server[127344]: 0 successes, 0 failures
Oct 14 08:35:24 np0005486728 container-server[127344]: diff:0 diff_capped:0 empty:0 hashmatch:0 no_change:0 remote_merge:0 rsync:0 ts_repl:0
Oct 14 08:35:26 np0005486728 account-server[127802]: 172.20.0.105 - - [14/Oct/2025:08:35:26 +0000] "HEAD /d1/509/.expiring_objects" 404 - "HEAD http://localhost/v1/.expiring_objects?format=json" "tx24525a3a9a734fc5a4916-0068ee0b4e" "proxy-server 2" 0.0009 "-" 21 -
Oct 14 08:35:31 np0005486728 account-server[127802]: 172.20.0.104 - - [14/Oct/2025:08:35:31 +0000] "HEAD /d1/509/.expiring_objects" 404 - "HEAD http://localhost/v1/.expiring_objects?format=json" "tx73f154ae05a84c80847e7-0068ee0b53" "proxy-server 2" 0.0017 "-" 21 -
Oct 14 08:35:46 np0005486728 account-server[127243]: Beginning replication run
Oct 14 08:35:46 np0005486728 account-server[127243]: Replication run OVER
Oct 14 08:35:46 np0005486728 account-server[127243]: Attempted to replicate 0 dbs in 0.00190 seconds (0.00000/s)
Oct 14 08:35:46 np0005486728 account-server[127243]: Removed 0 dbs
Oct 14 08:35:46 np0005486728 account-server[127243]: 0 successes, 0 failures
Oct 14 08:35:46 np0005486728 account-server[127243]: diff:0 diff_capped:0 empty:0 hashmatch:0 no_change:0 remote_merge:0 rsync:0 ts_repl:0
Oct 14 08:35:51 np0005486728 object-server[127856]: Starting object replication pass.
Oct 14 08:35:51 np0005486728 object-server[127856]: Nothing replicated for 0.0041351318359375 seconds.
Oct 14 08:35:51 np0005486728 object-server[127856]: Object replication complete. (0.00 minutes)
Oct 14 08:35:53 np0005486728 object-server[211955]: Begin object audit "forever" mode (ZBF)
Oct 14 08:35:53 np0005486728 object-server[211955]: Object audit (ZBF) "forever" mode completed: 0.00s. Total quarantined: 0, Total errors: 0, Total files/sec: 0.00, Total bytes/sec: 0.00, Auditing time: 0.00, Rate: 0.00
Oct 14 08:35:53 np0005486728 object-server[211956]: Begin object audit "forever" mode (ALL)
Oct 14 08:35:53 np0005486728 object-server[211956]: Object audit (ALL) "forever" mode completed: 0.00s. Total quarantined: 0, Total errors: 0, Total files/sec: 0.00, Total bytes/sec: 0.00, Auditing time: 0.00, Rate: 0.00
Oct 14 08:35:54 np0005486728 container-server[127344]: Beginning replication run
Oct 14 08:35:54 np0005486728 container-server[127344]: Replication run OVER
Oct 14 08:35:54 np0005486728 container-server[127344]: Attempted to replicate 0 dbs in 0.00254 seconds (0.00000/s)
Oct 14 08:35:54 np0005486728 container-server[127344]: Removed 0 dbs
Oct 14 08:35:54 np0005486728 container-server[127344]: 0 successes, 0 failures
Oct 14 08:35:54 np0005486728 container-server[127344]: diff:0 diff_capped:0 empty:0 hashmatch:0 no_change:0 remote_merge:0 rsync:0 ts_repl:0
Oct 14 08:36:15 np0005486728 account-server[127801]: 172.20.0.103 - - [14/Oct/2025:08:36:15 +0000] "HEAD /d1/338/AUTH_f669ac1a1893421f91ae49881790edbc" 404 - "HEAD http://172.18.0.210:8080/v1/AUTH_f669ac1a1893421f91ae49881790edbc?format=json" "tx36c94145f66245419ab67-0068ee0b7f" "proxy-server 20" 0.0014 "-" 20 -
Oct 14 08:36:15 np0005486728 proxy-server[129496]: - - 14/Oct/2025/08/36/15 HEAD /v1/AUTH_f669ac1a1893421f91ae49881790edbc%3Fformat%3Djson HTTP/1.0 200 - Swift - - - - tx36c94145f66245419ab67-0068ee0b7f - 0.0251 RL - 1760430975.831197977 1760430975.856290579 -
Oct 14 08:36:16 np0005486728 object-server[128051]: 172.20.0.103 - - [14/Oct/2025:08:36:16 +0000] "GET /d1/160/AUTH_f669ac1a1893421f91ae49881790edbc/gnocchi.3b1c1661-98a9-4209-b569-c17f57c06b9c/none_v3" 404 70 "GET http://172.18.0.210:8080/v1/AUTH_f669ac1a1893421f91ae49881790edbc/gnocchi.3b1c1661-98a9-4209-b569-c17f57c06b9c/none_v3" "tx36c94145f66245419ab67-0068ee0b7f" "proxy-server 20" 0.0016 "-" 22 0
Oct 14 08:36:16 np0005486728 proxy-server[129496]: 172.18.0.105 172.18.0.104 14/Oct/2025/08/36/16 GET /v1/AUTH_f669ac1a1893421f91ae49881790edbc/gnocchi.3b1c1661-98a9-4209-b569-c17f57c06b9c/none_v3 HTTP/1.0 404 - python-swiftclient-3.11.1 gAAAAABo7gt_3y-i... - 70 - tx36c94145f66245419ab67-0068ee0b7f - 0.5343 - - 1760430975.826247692 1760430976.360518456 0
Oct 14 08:36:16 np0005486728 account-server[127801]: 172.20.0.105 - - [14/Oct/2025:08:36:16 +0000] "PUT /d1/338/AUTH_f669ac1a1893421f91ae49881790edbc" 201 - "-" "tx7c9bb67dd93e44519d542-0068ee0b80" "-" 0.0153 "-" 20 -
Oct 14 08:36:16 np0005486728 container-server[127711]: 172.20.0.105 - - [14/Oct/2025:08:36:16 +0000] "PUT /d1/811/AUTH_f669ac1a1893421f91ae49881790edbc/gnocchi.3b1c1661-98a9-4209-b569-c17f57c06b9c" 201 - "PUT http://172.18.0.210:8080/v1/AUTH_f669ac1a1893421f91ae49881790edbc/gnocchi.3b1c1661-98a9-4209-b569-c17f57c06b9c" "tx7c9bb67dd93e44519d542-0068ee0b80" "proxy-server 20" 0.0166 "-" 21 0
Oct 14 08:36:16 np0005486728 account-server[127804]: 172.20.0.104 - - [14/Oct/2025:08:36:16 +0000] "PUT /d1/338/AUTH_f669ac1a1893421f91ae49881790edbc/gnocchi.3b1c1661-98a9-4209-b569-c17f57c06b9c" 201 - "PUT http://172.20.0.104:6001/d1/811/AUTH_f669ac1a1893421f91ae49881790edbc/gnocchi.3b1c1661-98a9-4209-b569-c17f57c06b9c" "tx7c9bb67dd93e44519d542-0068ee0b80" "container-server 19" 0.0029 "-" 23 0
Oct 14 08:36:16 np0005486728 object-server[128051]: 172.20.0.103 - - [14/Oct/2025:08:36:16 +0000] "GET /d1/365/AUTH_f669ac1a1893421f91ae49881790edbc/gnocchi.3b1c1661-98a9-4209-b569-c17f57c06b9c/1760400000.0_mean_300.0_v3" 404 70 "GET http://172.18.0.210:8080/v1/AUTH_f669ac1a1893421f91ae49881790edbc/gnocchi.3b1c1661-98a9-4209-b569-c17f57c06b9c/1760400000.0_mean_300.0_v3" "tx848dfc1a3cc04fc9af531-0068ee0b80" "proxy-server 20" 0.0005 "-" 22 0
Oct 14 08:36:16 np0005486728 proxy-server[129496]: 172.18.0.105 172.18.0.104 14/Oct/2025/08/36/16 GET /v1/AUTH_f669ac1a1893421f91ae49881790edbc/gnocchi.3b1c1661-98a9-4209-b569-c17f57c06b9c/1760400000.0_mean_300.0_v3 HTTP/1.0 404 - python-swiftclient-3.11.1 gAAAAABo7gt_3y-i... - 70 - tx848dfc1a3cc04fc9af531-0068ee0b80 - 0.0201 - - 1760430976.495160103 1760430976.515278101 0
Oct 14 08:36:16 np0005486728 container-server[127711]: 172.20.0.104 - - [14/Oct/2025:08:36:16 +0000] "PUT /d1/811/AUTH_f669ac1a1893421f91ae49881790edbc/gnocchi.3b1c1661-98a9-4209-b569-c17f57c06b9c/1760400000.0_mean_300.0_v3" 201 - "PUT http://172.18.0.210:8080/d1/365/AUTH_f669ac1a1893421f91ae49881790edbc/gnocchi.3b1c1661-98a9-4209-b569-c17f57c06b9c/1760400000.0_mean_300.0_v3" "txe661b2fbba624f45ac144-0068ee0b80" "object-server 23" 0.0007 "-" 21 0
Oct 14 08:36:16 np0005486728 object-server[128071]: 172.20.0.105 - - [14/Oct/2025:08:36:16 +0000] "PUT /d1/365/AUTH_f669ac1a1893421f91ae49881790edbc/gnocchi.3b1c1661-98a9-4209-b569-c17f57c06b9c/1760400000.0_mean_300.0_v3" 201 - "PUT http://172.18.0.210:8080/v1/AUTH_f669ac1a1893421f91ae49881790edbc/gnocchi.3b1c1661-98a9-4209-b569-c17f57c06b9c/1760400000.0_mean_300.0_v3" "txe661b2fbba624f45ac144-0068ee0b80" "proxy-server 20" 0.0411 "-" 24 0
Oct 14 08:36:16 np0005486728 account-server[127243]: Beginning replication run
Oct 14 08:36:16 np0005486728 container-server[127699]: 172.20.0.103 - - [14/Oct/2025:08:36:16 +0000] "PUT /d1/811/AUTH_f669ac1a1893421f91ae49881790edbc/gnocchi.3b1c1661-98a9-4209-b569-c17f57c06b9c/none_v3" 201 - "PUT http://172.18.0.210:8080/d1/160/AUTH_f669ac1a1893421f91ae49881790edbc/gnocchi.3b1c1661-98a9-4209-b569-c17f57c06b9c/none_v3" "tx83d9e8cb9f09420b91313-0068ee0b80" "object-server 22" 0.0014 "-" 19 0
Oct 14 08:36:16 np0005486728 object-server[128051]: 172.20.0.104 - - [14/Oct/2025:08:36:16 +0000] "PUT /d1/160/AUTH_f669ac1a1893421f91ae49881790edbc/gnocchi.3b1c1661-98a9-4209-b569-c17f57c06b9c/none_v3" 201 - "PUT http://172.18.0.210:8080/v1/AUTH_f669ac1a1893421f91ae49881790edbc/gnocchi.3b1c1661-98a9-4209-b569-c17f57c06b9c/none_v3" "tx83d9e8cb9f09420b91313-0068ee0b80" "proxy-server 12" 0.0362 "-" 22 0
Oct 14 08:36:16 np0005486728 account-server[127243]: Replication run OVER
Oct 14 08:36:16 np0005486728 account-server[127243]: Attempted to replicate 1 dbs in 0.05354 seconds (18.67693/s)
Oct 14 08:36:16 np0005486728 account-server[127243]: Removed 0 dbs
Oct 14 08:36:16 np0005486728 account-server[127243]: 2 successes, 0 failures
Oct 14 08:36:16 np0005486728 account-server[127243]: diff:0 diff_capped:0 empty:0 hashmatch:0 no_change:2 remote_merge:0 rsync:0 ts_repl:0
Oct 14 08:36:21 np0005486728 object-server[127856]: Starting object replication pass.
Oct 14 08:36:22 np0005486728 object-server[127856]: 2/2 (100.00%) partitions replicated in 0.12s (16.64/sec, 0s remaining)
Oct 14 08:36:22 np0005486728 object-server[127856]: 4 successes, 0 failures
Oct 14 08:36:22 np0005486728 object-server[127856]: 2 suffixes checked - 100.00% hashed, 0.00% synced
Oct 14 08:36:22 np0005486728 object-server[127856]: Partition times: max 0.0636s, min 0.0519s, med 0.0636s
Oct 14 08:36:22 np0005486728 object-server[127856]: Object replication complete. (0.00 minutes)
Oct 14 08:36:23 np0005486728 object-server[211957]: Begin object audit "forever" mode (ZBF)
Oct 14 08:36:23 np0005486728 object-server[211957]: Object audit (ZBF). Since Tue Oct 14 08:36:23 2025: Locally: 1 passed, 0 quarantined, 0 errors, files/sec: 695.80, bytes/sec: 0.00, Total time: 0.00, Auditing time: 0.00, Rate: 0.00
Oct 14 08:36:23 np0005486728 object-server[211957]: Object audit (ZBF) "forever" mode completed: 0.00s. Total quarantined: 0, Total errors: 0, Total files/sec: 554.88, Total bytes/sec: 0.00, Auditing time: 0.00, Rate: 0.29
Oct 14 08:36:24 np0005486728 container-server[127344]: Beginning replication run
Oct 14 08:36:24 np0005486728 container-server[127344]: Replication run OVER
Oct 14 08:36:24 np0005486728 container-server[127344]: Attempted to replicate 1 dbs in 0.07621 seconds (13.12170/s)
Oct 14 08:36:24 np0005486728 container-server[127344]: Removed 0 dbs
Oct 14 08:36:24 np0005486728 container-server[127344]: 2 successes, 0 failures
Oct 14 08:36:24 np0005486728 container-server[127344]: diff:0 diff_capped:0 empty:0 hashmatch:0 no_change:2 remote_merge:0 rsync:0 ts_repl:0
Oct 14 08:36:41 np0005486728 account-server[127803]: 172.20.0.105 - - [14/Oct/2025:08:36:41 +0000] "HEAD /d1/509/.expiring_objects" 404 - "HEAD http://localhost/v1/.expiring_objects?format=json" "txfd75dd2dd8a44128b1aa1-0068ee0b99" "proxy-server 2" 0.0007 "-" 22 -
Oct 14 08:36:44 np0005486728 account-server[127804]: 172.20.0.103 - - [14/Oct/2025:08:36:44 +0000] "HEAD /d1/509/.expiring_objects" 404 - "HEAD http://localhost/v1/.expiring_objects?format=json" "txe809201efd5f41b2aebe5-0068ee0b9c" "proxy-server 2" 0.0004 "-" 23 -
Oct 14 08:36:44 np0005486728 object-expirer[127852]: Pass completed in 0s; 0 objects expired (txn: txe809201efd5f41b2aebe5-0068ee0b9c)
Oct 14 08:36:45 np0005486728 object-server[128072]: 172.20.0.103 - - [14/Oct/2025:08:36:45 +0000] "GET /d1/160/AUTH_f669ac1a1893421f91ae49881790edbc/gnocchi.3b1c1661-98a9-4209-b569-c17f57c06b9c/none_v3" 200 22 "GET http://172.18.0.210:8080/v1/AUTH_f669ac1a1893421f91ae49881790edbc/gnocchi.3b1c1661-98a9-4209-b569-c17f57c06b9c/none_v3" "txac114b585c4e4728835d1-0068ee0b9d" "proxy-server 20" 0.0025 "-" 25 0
Oct 14 08:36:45 np0005486728 proxy-server[129496]: 172.18.0.105 172.18.0.104 14/Oct/2025/08/36/45 GET /v1/AUTH_f669ac1a1893421f91ae49881790edbc/gnocchi.3b1c1661-98a9-4209-b569-c17f57c06b9c/none_v3 HTTP/1.0 200 - python-swiftclient-3.11.1 gAAAAABo7gt_3y-i... - 22 - txac114b585c4e4728835d1-0068ee0b9d - 0.0520 - - 1760431005.497302532 1760431005.549347639 0
Oct 14 08:36:45 np0005486728 container-server[127705]: 172.20.0.105 - - [14/Oct/2025:08:36:45 +0000] "GET /d1/811/AUTH_f669ac1a1893421f91ae49881790edbc/gnocchi.3b1c1661-98a9-4209-b569-c17f57c06b9c" 200 357 "GET http://172.18.0.210:8080/v1/AUTH_f669ac1a1893421f91ae49881790edbc/gnocchi.3b1c1661-98a9-4209-b569-c17f57c06b9c?format=json&states=listing" "txacdd9af9e01a400b81ca2-0068ee0b9d" "proxy-server 20" 0.0040 "-" 20 0
Oct 14 08:36:45 np0005486728 object-server[128071]: 172.20.0.103 - - [14/Oct/2025:08:36:45 +0000] "GET /d1/365/AUTH_f669ac1a1893421f91ae49881790edbc/gnocchi.3b1c1661-98a9-4209-b569-c17f57c06b9c/1760400000.0_mean_300.0_v3" 200 16 "GET http://172.18.0.210:8080/v1/AUTH_f669ac1a1893421f91ae49881790edbc/gnocchi.3b1c1661-98a9-4209-b569-c17f57c06b9c/1760400000.0_mean_300.0_v3" "txba738f994353488689315-0068ee0b9d" "proxy-server 20" 0.0015 "-" 24 0
Oct 14 08:36:45 np0005486728 proxy-server[129496]: 172.18.0.105 172.18.0.104 14/Oct/2025/08/36/45 GET /v1/AUTH_f669ac1a1893421f91ae49881790edbc/gnocchi.3b1c1661-98a9-4209-b569-c17f57c06b9c/1760400000.0_mean_300.0_v3 HTTP/1.0 200 - python-swiftclient-3.11.1 gAAAAABo7gt_3y-i... - 16 - txba738f994353488689315-0068ee0b9d - 0.0119 - - 1760431005.599006176 1760431005.610918283 0
Oct 14 08:36:45 np0005486728 container-server[127719]: 172.20.0.103 - - [14/Oct/2025:08:36:45 +0000] "PUT /d1/811/AUTH_f669ac1a1893421f91ae49881790edbc/gnocchi.3b1c1661-98a9-4209-b569-c17f57c06b9c/1760400000.0_mean_300.0_v3" 201 - "PUT http://172.18.0.210:8080/d1/365/AUTH_f669ac1a1893421f91ae49881790edbc/gnocchi.3b1c1661-98a9-4209-b569-c17f57c06b9c/1760400000.0_mean_300.0_v3" "tx66a160282f504b44a2ae8-0068ee0b9d" "object-server 24" 0.0013 "-" 22 0
Oct 14 08:36:45 np0005486728 object-server[128071]: 172.20.0.105 - - [14/Oct/2025:08:36:45 +0000] "PUT /d1/365/AUTH_f669ac1a1893421f91ae49881790edbc/gnocchi.3b1c1661-98a9-4209-b569-c17f57c06b9c/1760400000.0_mean_300.0_v3" 201 - "PUT http://172.18.0.210:8080/v1/AUTH_f669ac1a1893421f91ae49881790edbc/gnocchi.3b1c1661-98a9-4209-b569-c17f57c06b9c/1760400000.0_mean_300.0_v3" "tx66a160282f504b44a2ae8-0068ee0b9d" "proxy-server 20" 0.0132 "-" 24 0
Oct 14 08:36:45 np0005486728 container-server[127705]: 172.20.0.104 - - [14/Oct/2025:08:36:45 +0000] "PUT /d1/811/AUTH_f669ac1a1893421f91ae49881790edbc/gnocchi.3b1c1661-98a9-4209-b569-c17f57c06b9c/none_v3" 201 - "PUT http://172.18.0.210:8080/d1/160/AUTH_f669ac1a1893421f91ae49881790edbc/gnocchi.3b1c1661-98a9-4209-b569-c17f57c06b9c/none_v3" "txb126e296251c44509ea87-0068ee0b9d" "object-server 23" 0.0008 "-" 20 0
Oct 14 08:36:45 np0005486728 object-server[128072]: 172.20.0.104 - - [14/Oct/2025:08:36:45 +0000] "PUT /d1/160/AUTH_f669ac1a1893421f91ae49881790edbc/gnocchi.3b1c1661-98a9-4209-b569-c17f57c06b9c/none_v3" 201 - "PUT http://172.18.0.210:8080/v1/AUTH_f669ac1a1893421f91ae49881790edbc/gnocchi.3b1c1661-98a9-4209-b569-c17f57c06b9c/none_v3" "txb126e296251c44509ea87-0068ee0b9d" "proxy-server 12" 0.0257 "-" 25 0
Oct 14 08:36:46 np0005486728 account-server[127243]: Beginning replication run
Oct 14 08:36:46 np0005486728 account-server[127243]: Replication run OVER
Oct 14 08:36:46 np0005486728 account-server[127243]: Attempted to replicate 1 dbs in 0.01607 seconds (62.24349/s)
Oct 14 08:36:46 np0005486728 account-server[127243]: Removed 0 dbs
Oct 14 08:36:46 np0005486728 account-server[127243]: 2 successes, 0 failures
Oct 14 08:36:46 np0005486728 account-server[127243]: diff:0 diff_capped:0 empty:0 hashmatch:0 no_change:2 remote_merge:0 rsync:0 ts_repl:0
Oct 14 08:36:52 np0005486728 object-server[127856]: Starting object replication pass.
Oct 14 08:36:52 np0005486728 object-server[127856]: 2/2 (100.00%) partitions replicated in 0.12s (16.45/sec, 0s remaining)
Oct 14 08:36:52 np0005486728 object-server[127856]: 4 successes, 0 failures
Oct 14 08:36:52 np0005486728 object-server[127856]: 2 suffixes checked - 100.00% hashed, 0.00% synced
Oct 14 08:36:52 np0005486728 object-server[127856]: Partition times: max 0.0796s, min 0.0393s, med 0.0796s
Oct 14 08:36:52 np0005486728 object-server[127856]: Object replication complete. (0.00 minutes)
Oct 14 08:36:53 np0005486728 object-server[218046]: Begin object audit "forever" mode (ALL)
Oct 14 08:36:53 np0005486728 object-server[218045]: Begin object audit "forever" mode (ZBF)
Oct 14 08:36:53 np0005486728 object-server[218045]: Object audit (ZBF). Since Tue Oct 14 08:36:53 2025: Locally: 1 passed, 0 quarantined, 0 errors, files/sec: 458.29, bytes/sec: 0.00, Total time: 0.00, Auditing time: 0.00, Rate: 0.00
Oct 14 08:36:53 np0005486728 object-server[218045]: Object audit (ZBF) "forever" mode completed: 0.01s. Total quarantined: 0, Total errors: 0, Total files/sec: 380.63, Total bytes/sec: 0.00, Auditing time: 0.00, Rate: 0.30
Oct 14 08:36:53 np0005486728 object-server[218046]: Object audit (ALL). Since Tue Oct 14 08:36:53 2025: Locally: 1 passed, 0 quarantined, 0 errors, files/sec: 78.14, bytes/sec: 1250.28, Total time: 0.01, Auditing time: 0.00, Rate: 0.00
Oct 14 08:36:53 np0005486728 object-server[218046]: Object audit (ALL) "forever" mode completed: 0.02s. Total quarantined: 0, Total errors: 0, Total files/sec: 110.01, Total bytes/sec: 2640.24, Auditing time: 0.01, Rate: 0.71
Oct 14 08:36:54 np0005486728 container-server[127344]: Beginning replication run
Oct 14 08:36:54 np0005486728 container-server[127344]: Replication run OVER
Oct 14 08:36:54 np0005486728 container-server[127344]: Attempted to replicate 1 dbs in 0.05950 seconds (16.80710/s)
Oct 14 08:36:54 np0005486728 container-server[127344]: Removed 0 dbs
Oct 14 08:36:54 np0005486728 container-server[127344]: 2 successes, 0 failures
Oct 14 08:36:54 np0005486728 container-server[127344]: diff:0 diff_capped:0 empty:0 hashmatch:0 no_change:2 remote_merge:0 rsync:0 ts_repl:0
Oct 14 08:37:16 np0005486728 proxy-server[129496]: - - 14/Oct/2025/08/37/16 HEAD /v1/AUTH_f669ac1a1893421f91ae49881790edbc%3Fformat%3Djson HTTP/1.0 204 - Swift - - - - tx67e0e917eb0e43e188214-0068ee0bbc - 0.0105 RL - 1760431036.376488447 1760431036.386968851 -
Oct 14 08:37:16 np0005486728 container-server[127699]: 172.20.0.103 - - [14/Oct/2025:08:37:16 +0000] "HEAD /d1/11/AUTH_f669ac1a1893421f91ae49881790edbc/gnocchi.a3a290ed-5229-4b1d-b88d-f8068665441e" 404 - "HEAD http://172.18.0.210:8080/v1/AUTH_f669ac1a1893421f91ae49881790edbc/gnocchi.a3a290ed-5229-4b1d-b88d-f8068665441e?format=json&states=listing" "tx67e0e917eb0e43e188214-0068ee0bbc" "proxy-server 20" 0.0015 "-" 19 0
Oct 14 08:37:16 np0005486728 object-server[128051]: 172.20.0.103 - - [14/Oct/2025:08:37:16 +0000] "GET /d1/169/AUTH_f669ac1a1893421f91ae49881790edbc/gnocchi.a3a290ed-5229-4b1d-b88d-f8068665441e/none_v3" 404 70 "GET http://172.18.0.210:8080/v1/AUTH_f669ac1a1893421f91ae49881790edbc/gnocchi.a3a290ed-5229-4b1d-b88d-f8068665441e/none_v3" "tx67e0e917eb0e43e188214-0068ee0bbc" "proxy-server 20" 0.0007 "-" 22 0
Oct 14 08:37:16 np0005486728 proxy-server[129496]: 172.18.0.105 172.18.0.104 14/Oct/2025/08/37/16 GET /v1/AUTH_f669ac1a1893421f91ae49881790edbc/gnocchi.a3a290ed-5229-4b1d-b88d-f8068665441e/none_v3 HTTP/1.0 404 - python-swiftclient-3.11.1 gAAAAABo7gt_3y-i... - 70 - tx67e0e917eb0e43e188214-0068ee0bbc - 0.0527 - - 1760431036.375367165 1760431036.428087234 0
Oct 14 08:37:16 np0005486728 account-server[127803]: 172.20.0.103 - - [14/Oct/2025:08:37:16 +0000] "PUT /d1/338/AUTH_f669ac1a1893421f91ae49881790edbc/gnocchi.a3a290ed-5229-4b1d-b88d-f8068665441e" 201 - "PUT http://172.20.0.103:6001/d1/11/AUTH_f669ac1a1893421f91ae49881790edbc/gnocchi.a3a290ed-5229-4b1d-b88d-f8068665441e" "txe7bfefd884d94880a7e4e-0068ee0bbc" "container-server 21" 0.0040 "-" 22 0
Oct 14 08:37:16 np0005486728 container-server[127711]: 172.20.0.105 - - [14/Oct/2025:08:37:16 +0000] "PUT /d1/11/AUTH_f669ac1a1893421f91ae49881790edbc/gnocchi.a3a290ed-5229-4b1d-b88d-f8068665441e" 201 - "PUT http://172.18.0.210:8080/v1/AUTH_f669ac1a1893421f91ae49881790edbc/gnocchi.a3a290ed-5229-4b1d-b88d-f8068665441e" "txe7bfefd884d94880a7e4e-0068ee0bbc" "proxy-server 20" 0.0233 "-" 21 0
Oct 14 08:37:16 np0005486728 object-server[128055]: 172.20.0.103 - - [14/Oct/2025:08:37:16 +0000] "GET /d1/425/AUTH_f669ac1a1893421f91ae49881790edbc/gnocchi.a3a290ed-5229-4b1d-b88d-f8068665441e/1760400000.0_mean_300.0_v3" 404 70 "GET http://172.18.0.210:8080/v1/AUTH_f669ac1a1893421f91ae49881790edbc/gnocchi.a3a290ed-5229-4b1d-b88d-f8068665441e/1760400000.0_mean_300.0_v3" "tx0e69f57a36894aafa392e-0068ee0bbc" "proxy-server 20" 0.0007 "-" 23 0
Oct 14 08:37:16 np0005486728 proxy-server[129496]: 172.18.0.105 172.18.0.104 14/Oct/2025/08/37/16 GET /v1/AUTH_f669ac1a1893421f91ae49881790edbc/gnocchi.a3a290ed-5229-4b1d-b88d-f8068665441e/1760400000.0_mean_300.0_v3 HTTP/1.0 404 - python-swiftclient-3.11.1 gAAAAABo7gt_3y-i... - 70 - tx0e69f57a36894aafa392e-0068ee0bbc - 0.0230 - - 1760431036.513047695 1760431036.536021471 0
Oct 14 08:37:16 np0005486728 container-server[127719]: 172.20.0.104 - - [14/Oct/2025:08:37:16 +0000] "PUT /d1/11/AUTH_f669ac1a1893421f91ae49881790edbc/gnocchi.a3a290ed-5229-4b1d-b88d-f8068665441e/1760400000.0_mean_300.0_v3" 201 - "PUT http://172.18.0.210:8080/d1/425/AUTH_f669ac1a1893421f91ae49881790edbc/gnocchi.a3a290ed-5229-4b1d-b88d-f8068665441e/1760400000.0_mean_300.0_v3" "txa9f47fce7dbc410e9a2a0-0068ee0bbc" "object-server 22" 0.0007 "-" 22 0
Oct 14 08:37:16 np0005486728 object-server[128055]: 172.20.0.105 - - [14/Oct/2025:08:37:16 +0000] "PUT /d1/425/AUTH_f669ac1a1893421f91ae49881790edbc/gnocchi.a3a290ed-5229-4b1d-b88d-f8068665441e/1760400000.0_mean_300.0_v3" 201 - "PUT http://172.18.0.210:8080/v1/AUTH_f669ac1a1893421f91ae49881790edbc/gnocchi.a3a290ed-5229-4b1d-b88d-f8068665441e/1760400000.0_mean_300.0_v3" "txa9f47fce7dbc410e9a2a0-0068ee0bbc" "proxy-server 20" 0.0318 "-" 23 0
Oct 14 08:37:16 np0005486728 object-server[128071]: 172.20.0.104 - - [14/Oct/2025:08:37:16 +0000] "PUT /d1/169/AUTH_f669ac1a1893421f91ae49881790edbc/gnocchi.a3a290ed-5229-4b1d-b88d-f8068665441e/none_v3" 201 - "PUT http://172.18.0.210:8080/v1/AUTH_f669ac1a1893421f91ae49881790edbc/gnocchi.a3a290ed-5229-4b1d-b88d-f8068665441e/none_v3" "tx1ed4519925554ff0afbb1-0068ee0bbc" "proxy-server 12" 0.0237 "-" 24 0
Oct 14 08:37:16 np0005486728 container-server[127711]: 172.20.0.105 - - [14/Oct/2025:08:37:16 +0000] "PUT /d1/11/AUTH_f669ac1a1893421f91ae49881790edbc/gnocchi.a3a290ed-5229-4b1d-b88d-f8068665441e/none_v3" 201 - "PUT http://172.18.0.210:8080/d1/169/AUTH_f669ac1a1893421f91ae49881790edbc/gnocchi.a3a290ed-5229-4b1d-b88d-f8068665441e/none_v3" "tx1ed4519925554ff0afbb1-0068ee0bbc" "object-server 22" 0.0009 "-" 21 0
Oct 14 08:37:16 np0005486728 account-server[127243]: Beginning replication run
Oct 14 08:37:16 np0005486728 container-server[127705]: 172.20.0.103 - - [14/Oct/2025:08:37:16 +0000] "HEAD /d1/601/AUTH_f669ac1a1893421f91ae49881790edbc/gnocchi.d4cec63d-aea1-48a9-a808-f808950258d2" 404 - "HEAD http://172.18.0.210:8080/v1/AUTH_f669ac1a1893421f91ae49881790edbc/gnocchi.d4cec63d-aea1-48a9-a808-f808950258d2?format=json&states=listing" "txdde29e1215ec4c8c83119-0068ee0bbc" "proxy-server 20" 0.0009 "-" 20 0
Oct 14 08:37:16 np0005486728 account-server[127243]: Replication run OVER
Oct 14 08:37:16 np0005486728 account-server[127243]: Attempted to replicate 1 dbs in 0.04702 seconds (21.26914/s)
Oct 14 08:37:16 np0005486728 account-server[127243]: Removed 0 dbs
Oct 14 08:37:16 np0005486728 account-server[127243]: 2 successes, 0 failures
Oct 14 08:37:16 np0005486728 account-server[127243]: diff:0 diff_capped:0 empty:0 hashmatch:0 no_change:2 remote_merge:0 rsync:0 ts_repl:0
Oct 14 08:37:16 np0005486728 object-server[128051]: 172.20.0.103 - - [14/Oct/2025:08:37:16 +0000] "GET /d1/930/AUTH_f669ac1a1893421f91ae49881790edbc/gnocchi.d4cec63d-aea1-48a9-a808-f808950258d2/none_v3" 404 70 "GET http://172.18.0.210:8080/v1/AUTH_f669ac1a1893421f91ae49881790edbc/gnocchi.d4cec63d-aea1-48a9-a808-f808950258d2/none_v3" "txdde29e1215ec4c8c83119-0068ee0bbc" "proxy-server 20" 0.0006 "-" 22 0
Oct 14 08:37:16 np0005486728 proxy-server[129496]: 172.18.0.105 172.18.0.104 14/Oct/2025/08/37/16 GET /v1/AUTH_f669ac1a1893421f91ae49881790edbc/gnocchi.d4cec63d-aea1-48a9-a808-f808950258d2/none_v3 HTTP/1.0 404 - python-swiftclient-3.11.1 gAAAAABo7gt_3y-i... - 70 - txdde29e1215ec4c8c83119-0068ee0bbc - 0.0368 - - 1760431036.652828932 1760431036.689635038 0
Oct 14 08:37:16 np0005486728 account-server[127802]: 172.20.0.105 - - [14/Oct/2025:08:37:16 +0000] "PUT /d1/338/AUTH_f669ac1a1893421f91ae49881790edbc/gnocchi.d4cec63d-aea1-48a9-a808-f808950258d2" 201 - "PUT http://172.20.0.105:6001/d1/601/AUTH_f669ac1a1893421f91ae49881790edbc/gnocchi.d4cec63d-aea1-48a9-a808-f808950258d2" "tx83dd394baf264d64b0919-0068ee0bbc" "container-server 21" 0.0031 "-" 21 0
Oct 14 08:37:16 np0005486728 container-server[127719]: 172.20.0.105 - - [14/Oct/2025:08:37:16 +0000] "PUT /d1/601/AUTH_f669ac1a1893421f91ae49881790edbc/gnocchi.d4cec63d-aea1-48a9-a808-f808950258d2" 201 - "PUT http://172.18.0.210:8080/v1/AUTH_f669ac1a1893421f91ae49881790edbc/gnocchi.d4cec63d-aea1-48a9-a808-f808950258d2" "tx83dd394baf264d64b0919-0068ee0bbc" "proxy-server 20" 0.0146 "-" 22 0
Oct 14 08:37:16 np0005486728 container-server[127705]: 172.20.0.104 - - [14/Oct/2025:08:37:16 +0000] "HEAD /d1/601/AUTH_f669ac1a1893421f91ae49881790edbc/gnocchi.d4cec63d-aea1-48a9-a808-f808950258d2" 204 - "HEAD http://172.18.0.210:8080/v1/AUTH_f669ac1a1893421f91ae49881790edbc/gnocchi.d4cec63d-aea1-48a9-a808-f808950258d2?format=json&states=listing" "tx9523ef6692c046d3bb438-0068ee0bbc" "proxy-server 12" 0.0035 "-" 20 0
Oct 14 08:37:16 np0005486728 object-server[128071]: 172.20.0.103 - - [14/Oct/2025:08:37:16 +0000] "GET /d1/956/AUTH_f669ac1a1893421f91ae49881790edbc/gnocchi.d4cec63d-aea1-48a9-a808-f808950258d2/1760400000.0_mean_300.0_v3" 404 70 "GET http://172.18.0.210:8080/v1/AUTH_f669ac1a1893421f91ae49881790edbc/gnocchi.d4cec63d-aea1-48a9-a808-f808950258d2/1760400000.0_mean_300.0_v3" "tx3bab34eedc1f4ef089036-0068ee0bbc" "proxy-server 20" 0.0004 "-" 24 0
Oct 14 08:37:16 np0005486728 proxy-server[129496]: 172.18.0.105 172.18.0.104 14/Oct/2025/08/37/16 GET /v1/AUTH_f669ac1a1893421f91ae49881790edbc/gnocchi.d4cec63d-aea1-48a9-a808-f808950258d2/1760400000.0_mean_300.0_v3 HTTP/1.0 404 - python-swiftclient-3.11.1 gAAAAABo7gt_3y-i... - 70 - tx3bab34eedc1f4ef089036-0068ee0bbc - 0.0176 - - 1760431036.765931606 1760431036.783481836 0
Oct 14 08:37:16 np0005486728 object-server[128071]: 172.20.0.105 - - [14/Oct/2025:08:37:16 +0000] "PUT /d1/956/AUTH_f669ac1a1893421f91ae49881790edbc/gnocchi.d4cec63d-aea1-48a9-a808-f808950258d2/1760400000.0_mean_300.0_v3" 201 - "PUT http://172.18.0.210:8080/v1/AUTH_f669ac1a1893421f91ae49881790edbc/gnocchi.d4cec63d-aea1-48a9-a808-f808950258d2/1760400000.0_mean_300.0_v3" "tx6a24b19c07224410a8981-0068ee0bbc" "proxy-server 20" 0.0189 "-" 24 0
Oct 14 08:37:16 np0005486728 container-server[127711]: 172.20.0.105 - - [14/Oct/2025:08:37:16 +0000] "PUT /d1/601/AUTH_f669ac1a1893421f91ae49881790edbc/gnocchi.d4cec63d-aea1-48a9-a808-f808950258d2/1760400000.0_mean_300.0_v3" 201 - "PUT http://172.18.0.210:8080/d1/956/AUTH_f669ac1a1893421f91ae49881790edbc/gnocchi.d4cec63d-aea1-48a9-a808-f808950258d2/1760400000.0_mean_300.0_v3" "tx6a24b19c07224410a8981-0068ee0bbc" "object-server 23" 0.0005 "-" 21 0
Oct 14 08:37:16 np0005486728 container-server[127719]: 172.20.0.103 - - [14/Oct/2025:08:37:16 +0000] "PUT /d1/601/AUTH_f669ac1a1893421f91ae49881790edbc/gnocchi.d4cec63d-aea1-48a9-a808-f808950258d2/none_v3" 201 - "PUT http://172.18.0.210:8080/d1/930/AUTH_f669ac1a1893421f91ae49881790edbc/gnocchi.d4cec63d-aea1-48a9-a808-f808950258d2/none_v3" "tx50ee0b261e1944c6a3bfd-0068ee0bbc" "object-server 25" 0.0009 "-" 22 0
Oct 14 08:37:16 np0005486728 object-server[128072]: 172.20.0.104 - - [14/Oct/2025:08:37:16 +0000] "PUT /d1/930/AUTH_f669ac1a1893421f91ae49881790edbc/gnocchi.d4cec63d-aea1-48a9-a808-f808950258d2/none_v3" 201 - "PUT http://172.18.0.210:8080/v1/AUTH_f669ac1a1893421f91ae49881790edbc/gnocchi.d4cec63d-aea1-48a9-a808-f808950258d2/none_v3" "tx50ee0b261e1944c6a3bfd-0068ee0bbc" "proxy-server 12" 0.0162 "-" 25 0
Oct 14 08:37:21 np0005486728 account-server[127802]: 172.20.0.105 - - [14/Oct/2025:08:37:21 +0000] "PUT /d1/338/AUTH_f669ac1a1893421f91ae49881790edbc/gnocchi.a3a290ed-5229-4b1d-b88d-f8068665441e" 201 - "-" "-" "container-updater 2" 0.0010 "-" 21 0
Oct 14 08:37:21 np0005486728 account-server[127802]: 172.20.0.105 - - [14/Oct/2025:08:37:21 +0000] "PUT /d1/338/AUTH_f669ac1a1893421f91ae49881790edbc/gnocchi.3b1c1661-98a9-4209-b569-c17f57c06b9c" 201 - "-" "-" "container-updater 2" 0.0007 "-" 21 0
Oct 14 08:37:21 np0005486728 account-server[127801]: 172.20.0.105 - - [14/Oct/2025:08:37:21 +0000] "PUT /d1/338/AUTH_f669ac1a1893421f91ae49881790edbc/gnocchi.d4cec63d-aea1-48a9-a808-f808950258d2" 201 - "-" "-" "container-updater 2" 0.0008 "-" 20 0
Oct 14 08:37:22 np0005486728 container-server[127886]: Begin container update sweep
Oct 14 08:37:22 np0005486728 account-server[127803]: 172.20.0.103 - - [14/Oct/2025:08:37:22 +0000] "PUT /d1/338/AUTH_f669ac1a1893421f91ae49881790edbc/gnocchi.3b1c1661-98a9-4209-b569-c17f57c06b9c" 201 - "-" "-" "container-updater 2" 0.0007 "-" 22 0
Oct 14 08:37:22 np0005486728 object-server[127856]: Starting object replication pass.
Oct 14 08:37:22 np0005486728 account-server[127801]: 172.20.0.103 - - [14/Oct/2025:08:37:22 +0000] "PUT /d1/338/AUTH_f669ac1a1893421f91ae49881790edbc/gnocchi.a3a290ed-5229-4b1d-b88d-f8068665441e" 201 - "-" "-" "container-updater 2" 0.0007 "-" 20 0
Oct 14 08:37:22 np0005486728 account-server[127802]: 172.20.0.103 - - [14/Oct/2025:08:37:22 +0000] "PUT /d1/338/AUTH_f669ac1a1893421f91ae49881790edbc/gnocchi.d4cec63d-aea1-48a9-a808-f808950258d2" 201 - "-" "-" "container-updater 2" 0.0004 "-" 21 0
Oct 14 08:37:22 np0005486728 object-server[127856]: 6/6 (100.00%) partitions replicated in 0.18s (33.08/sec, 0s remaining)
Oct 14 08:37:22 np0005486728 object-server[127856]: 12 successes, 0 failures
Oct 14 08:37:22 np0005486728 object-server[127856]: 6 suffixes checked - 66.67% hashed, 0.00% synced
Oct 14 08:37:22 np0005486728 object-server[127856]: Partition times: max 0.0388s, min 0.0113s, med 0.0383s
Oct 14 08:37:22 np0005486728 object-server[127856]: Object replication complete. (0.00 minutes)
Oct 14 08:37:22 np0005486728 container-server[127886]: Container update sweep completed: 0.30s
Oct 14 08:37:24 np0005486728 object-server[218094]: Begin object audit "forever" mode (ZBF)
Oct 14 08:37:24 np0005486728 object-server[218094]: Object audit (ZBF). Since Tue Oct 14 08:37:24 2025: Locally: 1 passed, 0 quarantined, 0 errors, files/sec: 723.28, bytes/sec: 0.00, Total time: 0.00, Auditing time: 0.00, Rate: 0.00
Oct 14 08:37:24 np0005486728 object-server[218094]: Object audit (ZBF) "forever" mode completed: 0.08s. Total quarantined: 0, Total errors: 0, Total files/sec: 72.15, Total bytes/sec: 0.00, Auditing time: 0.08, Rate: 0.96
Oct 14 08:37:24 np0005486728 container-server[127699]: 172.20.0.103 - - [14/Oct/2025:08:37:24 +0000] "HEAD /d1/144/AUTH_f669ac1a1893421f91ae49881790edbc/gnocchi.b2c5abdf-1671-40cb-95d0-f7ba7bec7275" 404 - "HEAD http://172.18.0.210:8080/v1/AUTH_f669ac1a1893421f91ae49881790edbc/gnocchi.b2c5abdf-1671-40cb-95d0-f7ba7bec7275?format=json&states=listing" "tx1f9603bc88d242108d0d9-0068ee0bc4" "proxy-server 20" 0.0013 "-" 19 0
Oct 14 08:37:24 np0005486728 object-server[128071]: 172.20.0.103 - - [14/Oct/2025:08:37:24 +0000] "GET /d1/121/AUTH_f669ac1a1893421f91ae49881790edbc/gnocchi.b2c5abdf-1671-40cb-95d0-f7ba7bec7275/none_v3" 404 70 "GET http://172.18.0.210:8080/v1/AUTH_f669ac1a1893421f91ae49881790edbc/gnocchi.b2c5abdf-1671-40cb-95d0-f7ba7bec7275/none_v3" "tx1f9603bc88d242108d0d9-0068ee0bc4" "proxy-server 20" 0.0008 "-" 24 0
Oct 14 08:37:24 np0005486728 proxy-server[129496]: 172.18.0.105 172.18.0.104 14/Oct/2025/08/37/24 GET /v1/AUTH_f669ac1a1893421f91ae49881790edbc/gnocchi.b2c5abdf-1671-40cb-95d0-f7ba7bec7275/none_v3 HTTP/1.0 404 - python-swiftclient-3.11.1 gAAAAABo7gt_3y-i... - 70 - tx1f9603bc88d242108d0d9-0068ee0bc4 - 0.0334 - - 1760431044.221027851 1760431044.254416704 0
Oct 14 08:37:24 np0005486728 account-server[127803]: 172.20.0.105 - - [14/Oct/2025:08:37:24 +0000] "PUT /d1/338/AUTH_f669ac1a1893421f91ae49881790edbc/gnocchi.b2c5abdf-1671-40cb-95d0-f7ba7bec7275" 201 - "PUT http://172.20.0.105:6001/d1/144/AUTH_f669ac1a1893421f91ae49881790edbc/gnocchi.b2c5abdf-1671-40cb-95d0-f7ba7bec7275" "tx5d520b711f364613abb0c-0068ee0bc4" "container-server 21" 0.0083 "-" 22 0
Oct 14 08:37:24 np0005486728 container-server[127711]: 172.20.0.105 - - [14/Oct/2025:08:37:24 +0000] "PUT /d1/144/AUTH_f669ac1a1893421f91ae49881790edbc/gnocchi.b2c5abdf-1671-40cb-95d0-f7ba7bec7275" 201 - "PUT http://172.18.0.210:8080/v1/AUTH_f669ac1a1893421f91ae49881790edbc/gnocchi.b2c5abdf-1671-40cb-95d0-f7ba7bec7275" "tx5d520b711f364613abb0c-0068ee0bc4" "proxy-server 20" 0.0221 "-" 21 0
Oct 14 08:37:24 np0005486728 container-server[127699]: 172.20.0.104 - - [14/Oct/2025:08:37:24 +0000] "HEAD /d1/144/AUTH_f669ac1a1893421f91ae49881790edbc/gnocchi.b2c5abdf-1671-40cb-95d0-f7ba7bec7275" 204 - "HEAD http://172.18.0.210:8080/v1/AUTH_f669ac1a1893421f91ae49881790edbc/gnocchi.b2c5abdf-1671-40cb-95d0-f7ba7bec7275?format=json&states=listing" "tx3a6423dee280465683ad6-0068ee0bc4" "proxy-server 12" 0.0017 "-" 19 0
Oct 14 08:37:24 np0005486728 container-server[127711]: 172.20.0.104 - - [14/Oct/2025:08:37:24 +0000] "GET /d1/144/AUTH_f669ac1a1893421f91ae49881790edbc/gnocchi.b2c5abdf-1671-40cb-95d0-f7ba7bec7275" 200 2 "GET http://172.18.0.210:8080/v1/AUTH_f669ac1a1893421f91ae49881790edbc/gnocchi.b2c5abdf-1671-40cb-95d0-f7ba7bec7275?format=json&states=listing" "tx3a6423dee280465683ad6-0068ee0bc4" "proxy-server 12" 0.0045 "-" 21 0
Oct 14 08:37:24 np0005486728 object-server[128051]: 172.20.0.103 - - [14/Oct/2025:08:37:24 +0000] "GET /d1/714/AUTH_f669ac1a1893421f91ae49881790edbc/gnocchi.b2c5abdf-1671-40cb-95d0-f7ba7bec7275/1760400000.0_mean_300.0_v3" 404 70 "GET http://172.18.0.210:8080/v1/AUTH_f669ac1a1893421f91ae49881790edbc/gnocchi.b2c5abdf-1671-40cb-95d0-f7ba7bec7275/1760400000.0_mean_300.0_v3" "txcef5f27a03cc47f5883e6-0068ee0bc4" "proxy-server 20" 0.0005 "-" 22 0
Oct 14 08:37:24 np0005486728 proxy-server[129496]: 172.18.0.105 172.18.0.104 14/Oct/2025/08/37/24 GET /v1/AUTH_f669ac1a1893421f91ae49881790edbc/gnocchi.b2c5abdf-1671-40cb-95d0-f7ba7bec7275/1760400000.0_mean_300.0_v3 HTTP/1.0 404 - python-swiftclient-3.11.1 gAAAAABo7gt_3y-i... - 70 - txcef5f27a03cc47f5883e6-0068ee0bc4 - 0.0127 - - 1760431044.325533628 1760431044.338197470 0
Oct 14 08:37:24 np0005486728 container-server[127719]: 172.20.0.103 - - [14/Oct/2025:08:37:24 +0000] "PUT /d1/144/AUTH_f669ac1a1893421f91ae49881790edbc/gnocchi.b2c5abdf-1671-40cb-95d0-f7ba7bec7275/1760400000.0_mean_300.0_v3" 201 - "PUT http://172.18.0.210:8080/d1/714/AUTH_f669ac1a1893421f91ae49881790edbc/gnocchi.b2c5abdf-1671-40cb-95d0-f7ba7bec7275/1760400000.0_mean_300.0_v3" "tx2059987d823d4c74bbafd-0068ee0bc4" "object-server 23" 0.0005 "-" 22 0
Oct 14 08:37:24 np0005486728 object-server[128055]: 172.20.0.105 - - [14/Oct/2025:08:37:24 +0000] "PUT /d1/714/AUTH_f669ac1a1893421f91ae49881790edbc/gnocchi.b2c5abdf-1671-40cb-95d0-f7ba7bec7275/1760400000.0_mean_300.0_v3" 201 - "PUT http://172.18.0.210:8080/v1/AUTH_f669ac1a1893421f91ae49881790edbc/gnocchi.b2c5abdf-1671-40cb-95d0-f7ba7bec7275/1760400000.0_mean_300.0_v3" "tx2059987d823d4c74bbafd-0068ee0bc4" "proxy-server 20" 0.0126 "-" 23 0
Oct 14 08:37:24 np0005486728 object-server[128071]: 172.20.0.104 - - [14/Oct/2025:08:37:24 +0000] "PUT /d1/121/AUTH_f669ac1a1893421f91ae49881790edbc/gnocchi.b2c5abdf-1671-40cb-95d0-f7ba7bec7275/none_v3" 201 - "PUT http://172.18.0.210:8080/v1/AUTH_f669ac1a1893421f91ae49881790edbc/gnocchi.b2c5abdf-1671-40cb-95d0-f7ba7bec7275/none_v3" "txf6ba88acb49a43f1a5e99-0068ee0bc4" "proxy-server 12" 0.0109 "-" 24 0
Oct 14 08:37:24 np0005486728 container-server[127711]: 172.20.0.104 - - [14/Oct/2025:08:37:24 +0000] "PUT /d1/144/AUTH_f669ac1a1893421f91ae49881790edbc/gnocchi.b2c5abdf-1671-40cb-95d0-f7ba7bec7275/none_v3" 201 - "PUT http://172.18.0.210:8080/d1/121/AUTH_f669ac1a1893421f91ae49881790edbc/gnocchi.b2c5abdf-1671-40cb-95d0-f7ba7bec7275/none_v3" "txf6ba88acb49a43f1a5e99-0068ee0bc4" "object-server 24" 0.0009 "-" 21 0
Oct 14 08:37:24 np0005486728 container-server[127711]: 172.20.0.103 - - [14/Oct/2025:08:37:24 +0000] "HEAD /d1/334/AUTH_f669ac1a1893421f91ae49881790edbc/gnocchi.fc9d9bf6-3e16-42c3-82ff-c7840959987d" 404 - "HEAD http://172.18.0.210:8080/v1/AUTH_f669ac1a1893421f91ae49881790edbc/gnocchi.fc9d9bf6-3e16-42c3-82ff-c7840959987d?format=json&states=listing" "txf40b96a52f374d788cc56-0068ee0bc4" "proxy-server 20" 0.0005 "-" 21 0
Oct 14 08:37:24 np0005486728 object-server[128072]: 172.20.0.103 - - [14/Oct/2025:08:37:24 +0000] "GET /d1/608/AUTH_f669ac1a1893421f91ae49881790edbc/gnocchi.fc9d9bf6-3e16-42c3-82ff-c7840959987d/none_v3" 404 70 "GET http://172.18.0.210:8080/v1/AUTH_f669ac1a1893421f91ae49881790edbc/gnocchi.fc9d9bf6-3e16-42c3-82ff-c7840959987d/none_v3" "txf40b96a52f374d788cc56-0068ee0bc4" "proxy-server 20" 0.0006 "-" 25 0
Oct 14 08:37:24 np0005486728 proxy-server[129496]: 172.18.0.105 172.18.0.104 14/Oct/2025/08/37/24 GET /v1/AUTH_f669ac1a1893421f91ae49881790edbc/gnocchi.fc9d9bf6-3e16-42c3-82ff-c7840959987d/none_v3 HTTP/1.0 404 - python-swiftclient-3.11.1 gAAAAABo7gt_3y-i... - 70 - txf40b96a52f374d788cc56-0068ee0bc4 - 0.0276 - - 1760431044.421774864 1760431044.449375391 0
Oct 14 08:37:24 np0005486728 account-server[127804]: 172.20.0.104 - - [14/Oct/2025:08:37:24 +0000] "PUT /d1/338/AUTH_f669ac1a1893421f91ae49881790edbc/gnocchi.fc9d9bf6-3e16-42c3-82ff-c7840959987d" 201 - "PUT http://172.20.0.104:6001/d1/334/AUTH_f669ac1a1893421f91ae49881790edbc/gnocchi.fc9d9bf6-3e16-42c3-82ff-c7840959987d" "tx38e748e77fa345aca99cb-0068ee0bc4" "container-server 22" 0.0037 "-" 23 0
Oct 14 08:37:24 np0005486728 container-server[127711]: 172.20.0.105 - - [14/Oct/2025:08:37:24 +0000] "PUT /d1/334/AUTH_f669ac1a1893421f91ae49881790edbc/gnocchi.fc9d9bf6-3e16-42c3-82ff-c7840959987d" 201 - "PUT http://172.18.0.210:8080/v1/AUTH_f669ac1a1893421f91ae49881790edbc/gnocchi.fc9d9bf6-3e16-42c3-82ff-c7840959987d" "tx38e748e77fa345aca99cb-0068ee0bc4" "proxy-server 20" 0.0181 "-" 21 0
Oct 14 08:37:24 np0005486728 container-server[127705]: 172.20.0.104 - - [14/Oct/2025:08:37:24 +0000] "GET /d1/334/AUTH_f669ac1a1893421f91ae49881790edbc/gnocchi.fc9d9bf6-3e16-42c3-82ff-c7840959987d" 200 2 "GET http://172.18.0.210:8080/v1/AUTH_f669ac1a1893421f91ae49881790edbc/gnocchi.fc9d9bf6-3e16-42c3-82ff-c7840959987d?format=json&states=listing" "tx89a148fe500642738438c-0068ee0bc4" "proxy-server 12" 0.0031 "-" 20 0
Oct 14 08:37:24 np0005486728 object-server[128071]: 172.20.0.103 - - [14/Oct/2025:08:37:24 +0000] "GET /d1/749/AUTH_f669ac1a1893421f91ae49881790edbc/gnocchi.fc9d9bf6-3e16-42c3-82ff-c7840959987d/1760400000.0_mean_300.0_v3" 404 70 "GET http://172.18.0.210:8080/v1/AUTH_f669ac1a1893421f91ae49881790edbc/gnocchi.fc9d9bf6-3e16-42c3-82ff-c7840959987d/1760400000.0_mean_300.0_v3" "tx7f46e1f922fa4c10b3ff3-0068ee0bc4" "proxy-server 20" 0.0005 "-" 24 0
Oct 14 08:37:24 np0005486728 proxy-server[129496]: 172.18.0.105 172.18.0.104 14/Oct/2025/08/37/24 GET /v1/AUTH_f669ac1a1893421f91ae49881790edbc/gnocchi.fc9d9bf6-3e16-42c3-82ff-c7840959987d/1760400000.0_mean_300.0_v3 HTTP/1.0 404 - python-swiftclient-3.11.1 gAAAAABo7gt_3y-i... - 70 - tx7f46e1f922fa4c10b3ff3-0068ee0bc4 - 0.0214 - - 1760431044.511716366 1760431044.533083439 0
Oct 14 08:37:24 np0005486728 container-server[127344]: Beginning replication run
Oct 14 08:37:24 np0005486728 container-server[127705]: 172.20.0.104 - - [14/Oct/2025:08:37:24 +0000] "PUT /d1/334/AUTH_f669ac1a1893421f91ae49881790edbc/gnocchi.fc9d9bf6-3e16-42c3-82ff-c7840959987d/1760400000.0_mean_300.0_v3" 201 - "PUT http://172.18.0.210:8080/d1/749/AUTH_f669ac1a1893421f91ae49881790edbc/gnocchi.fc9d9bf6-3e16-42c3-82ff-c7840959987d/1760400000.0_mean_300.0_v3" "tx6bf6673415a747c89f874-0068ee0bc4" "object-server 25" 0.0007 "-" 20 0
Oct 14 08:37:24 np0005486728 object-server[128072]: 172.20.0.105 - - [14/Oct/2025:08:37:24 +0000] "PUT /d1/749/AUTH_f669ac1a1893421f91ae49881790edbc/gnocchi.fc9d9bf6-3e16-42c3-82ff-c7840959987d/1760400000.0_mean_300.0_v3" 201 - "PUT http://172.18.0.210:8080/v1/AUTH_f669ac1a1893421f91ae49881790edbc/gnocchi.fc9d9bf6-3e16-42c3-82ff-c7840959987d/1760400000.0_mean_300.0_v3" "tx6bf6673415a747c89f874-0068ee0bc4" "proxy-server 20" 0.0137 "-" 25 0
Oct 14 08:37:24 np0005486728 object-server[128072]: 172.20.0.104 - - [14/Oct/2025:08:37:24 +0000] "PUT /d1/608/AUTH_f669ac1a1893421f91ae49881790edbc/gnocchi.fc9d9bf6-3e16-42c3-82ff-c7840959987d/none_v3" 201 - "PUT http://172.18.0.210:8080/v1/AUTH_f669ac1a1893421f91ae49881790edbc/gnocchi.fc9d9bf6-3e16-42c3-82ff-c7840959987d/none_v3" "tx9fba99cb489c42f6baa4d-0068ee0bc4" "proxy-server 12" 0.0105 "-" 25 0
