Sep 29 20:10:52 standalone account-server[144414]: Starting 2
Sep 29 20:10:53 standalone account-server[144464]: Started child 20 from parent 2
Sep 29 20:10:53 standalone account-server[144464]: Started child 21 from parent 2
Sep 29 20:10:53 standalone account-server[144464]: Started child 22 from parent 2
Sep 29 20:10:53 standalone account-server[144464]: Started child 23 from parent 2
Sep 29 20:10:53 standalone container-server[144532]: Starting 2
Sep 29 20:10:53 standalone container-server[144484]: Option allow_versions is deprecated. Configure the versioned_writes middleware in the proxy-server instead. This option will be ignored in a future release.
Sep 29 20:10:53 standalone container-server[144847]: Option allow_versions is deprecated. Configure the versioned_writes middleware in the proxy-server instead. This option will be ignored in a future release.
Sep 29 20:10:53 standalone container-server[144484]: Started child 20 from parent 2
Sep 29 20:10:53 standalone container-server[144850]: Option allow_versions is deprecated. Configure the versioned_writes middleware in the proxy-server instead. This option will be ignored in a future release.
Sep 29 20:10:53 standalone container-server[144484]: Started child 21 from parent 2
Sep 29 20:10:53 standalone container-server[144856]: Option allow_versions is deprecated. Configure the versioned_writes middleware in the proxy-server instead. This option will be ignored in a future release.
Sep 29 20:10:53 standalone container-server[144484]: Started child 22 from parent 2
Sep 29 20:10:53 standalone container-server[144860]: Option allow_versions is deprecated. Configure the versioned_writes middleware in the proxy-server instead. This option will be ignored in a future release.
Sep 29 20:10:53 standalone container-server[144484]: Started child 23 from parent 2
Sep 29 20:10:54 standalone object-expirer[144815]: Starting 2
Sep 29 20:10:54 standalone object-expirer[144815]: Option auto_create_account_prefix is deprecated. Configure auto_create_account_prefix under the swift-constraints section of swift.conf. This option will be ignored in a future release.
Sep 29 20:10:54 standalone object-server[144867]: Started child 22 from parent 2
Sep 29 20:10:54 standalone object-server[144867]: Started child 23 from parent 2
Sep 29 20:10:54 standalone object-server[144864]: Starting 2
Sep 29 20:10:54 standalone object-server[144867]: Started child 24 from parent 2
Sep 29 20:10:54 standalone object-server[144867]: Started child 25 from parent 2
Sep 29 20:11:00 standalone proxy-server[146646]: Starting Keystone auth_token middleware
Sep 29 20:11:00 standalone proxy-server[146646]: AuthToken middleware is set with keystone_authtoken.service_token_roles_required set to False. This is backwards compatible but deprecated behaviour. Please set this to True.
Sep 29 20:11:00 standalone proxy-server[146801]: Starting Keystone auth_token middleware
Sep 29 20:11:00 standalone proxy-server[146801]: STDERR: The option "bind_port" is not known to keystonemiddleware
Sep 29 20:11:00 standalone proxy-server[146801]: STDERR: The option "workers" is not known to keystonemiddleware
Sep 29 20:11:00 standalone proxy-server[146801]: STDERR: The option "user" is not known to keystonemiddleware
Sep 29 20:11:00 standalone proxy-server[146801]: STDERR: The option "bind_ip" is not known to keystonemiddleware
Sep 29 20:11:00 standalone proxy-server[146801]: STDERR: The option "log_name" is not known to keystonemiddleware
Sep 29 20:11:00 standalone proxy-server[146801]: STDERR: The option "log_facility" is not known to keystonemiddleware
Sep 29 20:11:00 standalone proxy-server[146801]: STDERR: The option "log_level" is not known to keystonemiddleware
Sep 29 20:11:00 standalone proxy-server[146801]: STDERR: The option "log_headers" is not known to keystonemiddleware
Sep 29 20:11:00 standalone proxy-server[146801]: STDERR: The option "log_address" is not known to keystonemiddleware
Sep 29 20:11:00 standalone proxy-server[146801]: STDERR: The option "project_name" is not known to keystonemiddleware
Sep 29 20:11:00 standalone proxy-server[146801]: STDERR: The option "username" is not known to keystonemiddleware
Sep 29 20:11:00 standalone proxy-server[146801]: STDERR: The option "password" is not known to keystonemiddleware
Sep 29 20:11:00 standalone proxy-server[146801]: STDERR: The option "auth_url" is not known to keystonemiddleware
Sep 29 20:11:00 standalone proxy-server[146801]: STDERR: The option "signing_dir" is not known to keystonemiddleware
Sep 29 20:11:00 standalone proxy-server[146801]: STDERR: The option "project_domain_id" is not known to keystonemiddleware
Sep 29 20:11:00 standalone proxy-server[146801]: STDERR: The option "user_domain_id" is not known to keystonemiddleware
Sep 29 20:11:00 standalone proxy-server[146801]: STDERR: The option "__name__" is not known to keystonemiddleware
Sep 29 20:11:00 standalone proxy-server[146801]: AuthToken middleware is set with keystone_authtoken.service_token_roles_required set to False. This is backwards compatible but deprecated behaviour. Please set this to True.
Sep 29 20:11:00 standalone proxy-server[146646]: Started child 20 from parent 2
Sep 29 20:11:20 standalone container-server[144532]: Begin container update sweep
Sep 29 20:11:20 standalone container-server[144532]: Container update sweep completed: 0.00s
Sep 29 20:15:40 standalone object-server[144864]: Begin object update sweep
Sep 29 20:15:40 standalone object-server[182135]: Object update sweep starting on /srv/node/d1 (pid: 12)
Sep 29 20:15:40 standalone object-server[182135]: Object update sweep completed on /srv/node/d1 in 0.00s seconds:, 0 successes, 0 failures, 0 quarantines, 0 unlinks, 0 errors, 0 redirects (pid: 12)
Sep 29 20:15:40 standalone object-server[182135]: Object update sweep of d1 completed: 0.00s, 0 successes, 0 failures, 0 quarantines, 0 unlinks, 0 errors, 0 redirects
Sep 29 20:15:40 standalone object-server[144864]: Object update sweep completed: 0.09s
Sep 29 20:15:47 standalone account-server[144765]: 172.20.0.100 - - [29/Sep/2025:20:15:47 +0000] "HEAD /d1/223/.expiring_objects" 404 - "HEAD http://localhost/v1/.expiring_objects?format=json" "tx01bed7f9e8ac4d84868a0-0068dae8f3" "proxy-server 2" 0.0017 "-" 23 -
Sep 29 20:15:47 standalone object-expirer[144815]: Pass completed in 0s; 0 objects expired (txn: tx01bed7f9e8ac4d84868a0-0068dae8f3)
Sep 29 20:16:20 standalone container-server[144532]: Begin container update sweep
Sep 29 20:16:20 standalone container-server[144532]: Container update sweep completed: 0.00s
Sep 29 20:17:10 standalone account-server[144744]: 172.20.0.100 - - [29/Sep/2025:20:17:10 +0000] "HEAD /d1/223/.expiring_objects" 404 - "HEAD http://localhost/v1/.expiring_objects?format=json" "tx963ad8e8ef94487e8ac46-0068dae946" "proxy-server 2" 0.0009 "-" 20 -
Sep 29 20:17:10 standalone object-expirer[144815]: Pass completed in 0s; 0 objects expired (txn: tx963ad8e8ef94487e8ac46-0068dae946)
Sep 29 20:18:29 standalone account-server[144761]: 172.20.0.100 - - [29/Sep/2025:20:18:29 +0000] "HEAD /d1/223/.expiring_objects" 404 - "HEAD http://localhost/v1/.expiring_objects?format=json" "txf35bdbd5d9bd4218b28d2-0068dae995" "proxy-server 2" 0.0012 "-" 22 -
Sep 29 20:18:29 standalone object-expirer[144815]: Pass completed in 0s; 0 objects expired (txn: txf35bdbd5d9bd4218b28d2-0068dae995)
Sep 29 20:19:40 standalone account-server[144765]: 172.20.0.100 - - [29/Sep/2025:20:19:40 +0000] "HEAD /d1/223/.expiring_objects" 404 - "HEAD http://localhost/v1/.expiring_objects?format=json" "tx70c8c2beb21446cb934ba-0068dae9dc" "proxy-server 2" 0.0004 "-" 23 -
Sep 29 20:19:40 standalone object-expirer[144815]: Pass completed in 0s; 0 objects expired (txn: tx70c8c2beb21446cb934ba-0068dae9dc)
Sep 29 20:20:40 standalone object-server[144864]: Begin object update sweep
Sep 29 20:20:40 standalone object-server[226689]: Object update sweep starting on /srv/node/d1 (pid: 13)
Sep 29 20:20:40 standalone object-server[226689]: Object update sweep completed on /srv/node/d1 in 0.00s seconds:, 0 successes, 0 failures, 0 quarantines, 0 unlinks, 0 errors, 0 redirects (pid: 13)
Sep 29 20:20:40 standalone object-server[226689]: Object update sweep of d1 completed: 0.00s, 0 successes, 0 failures, 0 quarantines, 0 unlinks, 0 errors, 0 redirects
Sep 29 20:20:41 standalone object-server[144864]: Object update sweep completed: 0.07s
Sep 29 20:21:20 standalone container-server[144532]: Begin container update sweep
Sep 29 20:21:20 standalone container-server[144532]: Container update sweep completed: 0.00s
Sep 29 20:23:27 standalone account-server[144761]: 172.20.0.100 - - [29/Sep/2025:20:23:27 +0000] "HEAD /d1/51/AUTH_5497b68335b649b9a91a2e7be6ecabe7" 404 - "HEAD http://172.18.0.2:8080/v1/AUTH_5497b68335b649b9a91a2e7be6ecabe7?format=json" "txa42a5d99c10d4e1a8b1d9-0068daeabf" "proxy-server 20" 0.0009 "-" 22 -
Sep 29 20:23:27 standalone proxy-server[146801]: - - 29/Sep/2025/20/23/27 HEAD /v1/AUTH_5497b68335b649b9a91a2e7be6ecabe7%3Fformat%3Djson HTTP/1.0 200 - Swift - - - - txa42a5d99c10d4e1a8b1d9-0068daeabf - 0.0064 RL - 1759177407.777570248 1759177407.784019947 -
Sep 29 20:23:28 standalone object-server[144974]: 172.20.0.100 - - [29/Sep/2025:20:23:28 +0000] "GET /d1/927/AUTH_5497b68335b649b9a91a2e7be6ecabe7/gnocchi.66af5d30-3cb8-4c62-904d-435aa0266b79/none_v3" 404 70 "GET http://172.18.0.2:8080/v1/AUTH_5497b68335b649b9a91a2e7be6ecabe7/gnocchi.66af5d30-3cb8-4c62-904d-435aa0266b79/none_v3" "txa42a5d99c10d4e1a8b1d9-0068daeabf" "proxy-server 20" 0.0014 "-" 25 0
Sep 29 20:23:28 standalone proxy-server[146801]: 172.18.0.2 172.18.0.100 29/Sep/2025/20/23/28 GET /v1/AUTH_5497b68335b649b9a91a2e7be6ecabe7/gnocchi.66af5d30-3cb8-4c62-904d-435aa0266b79/none_v3 HTTP/1.0 404 - python-swiftclient-3.11.1 gAAAAABo2uq_m4ZM... - 70 - txa42a5d99c10d4e1a8b1d9-0068daeabf - 0.3673 - - 1759177407.775295734 1759177408.142602444 0
Sep 29 20:23:28 standalone account-server[144744]: 172.20.0.100 - - [29/Sep/2025:20:23:28 +0000] "PUT /d1/51/AUTH_5497b68335b649b9a91a2e7be6ecabe7" 201 - "-" "tx5ba839ca3584416a9e966-0068daeac0" "-" 0.0132 "-" 20 -
Sep 29 20:23:28 standalone proxy-server[146801]: autocreate account '/AUTH_5497b68335b649b9a91a2e7be6ecabe7' (txn: tx5ba839ca3584416a9e966-0068daeac0)
Sep 29 20:23:28 standalone account-server[144744]: 172.20.0.100 - - [29/Sep/2025:20:23:28 +0000] "HEAD /d1/51/AUTH_5497b68335b649b9a91a2e7be6ecabe7" 204 - "HEAD http://172.18.0.2:8080/v1/AUTH_5497b68335b649b9a91a2e7be6ecabe7?format=json" "tx5ba839ca3584416a9e966-0068daeac0" "proxy-server 20" 0.0017 "-" 20 -
Sep 29 20:23:28 standalone account-server[144755]: 172.20.0.100 - - [29/Sep/2025:20:23:28 +0000] "PUT /d1/51/AUTH_5497b68335b649b9a91a2e7be6ecabe7/gnocchi.66af5d30-3cb8-4c62-904d-435aa0266b79" 201 - "PUT http://172.20.0.100:6001/d1/228/AUTH_5497b68335b649b9a91a2e7be6ecabe7/gnocchi.66af5d30-3cb8-4c62-904d-435aa0266b79" "tx5ba839ca3584416a9e966-0068daeac0" "container-server 21" 0.0016 "-" 21 0
Sep 29 20:23:28 standalone container-server[144850]: 172.20.0.100 - - [29/Sep/2025:20:23:28 +0000] "PUT /d1/228/AUTH_5497b68335b649b9a91a2e7be6ecabe7/gnocchi.66af5d30-3cb8-4c62-904d-435aa0266b79" 201 - "PUT http://172.18.0.2:8080/v1/AUTH_5497b68335b649b9a91a2e7be6ecabe7/gnocchi.66af5d30-3cb8-4c62-904d-435aa0266b79" "tx5ba839ca3584416a9e966-0068daeac0" "proxy-server 20" 0.0115 "-" 21 0
Sep 29 20:23:28 standalone proxy-server[146801]: 172.18.0.2 172.18.0.100 29/Sep/2025/20/23/28 PUT /v1/AUTH_5497b68335b649b9a91a2e7be6ecabe7/gnocchi.66af5d30-3cb8-4c62-904d-435aa0266b79 HTTP/1.0 201 - python-swiftclient-3.11.1 gAAAAABo2uq_m4ZM... - - - tx5ba839ca3584416a9e966-0068daeac0 - 0.0351 - - 1759177408.146242142 1759177408.181380272 0
Sep 29 20:23:28 standalone container-server[144860]: 172.20.0.100 - - [29/Sep/2025:20:23:28 +0000] "HEAD /d1/228/AUTH_5497b68335b649b9a91a2e7be6ecabe7/gnocchi.66af5d30-3cb8-4c62-904d-435aa0266b79" 204 - "HEAD http://172.18.0.2:8080/v1/AUTH_5497b68335b649b9a91a2e7be6ecabe7/gnocchi.66af5d30-3cb8-4c62-904d-435aa0266b79?format=json&states=listing" "tx2fbccdb959cd4afb9ace6-0068daeac0" "proxy-server 20" 0.0042 "-" 23 0
Sep 29 20:23:28 standalone proxy-server[146801]: - - 29/Sep/2025/20/23/28 HEAD /v1/AUTH_5497b68335b649b9a91a2e7be6ecabe7/gnocchi.66af5d30-3cb8-4c62-904d-435aa0266b79%3Fformat%3Djson%26states%3Dlisting HTTP/1.0 204 - Swift - - - - tx2fbccdb959cd4afb9ace6-0068daeac0 - 0.0077 RL - 1759177408.187232971 1759177408.194977522 0
Sep 29 20:23:28 standalone container-server[144860]: 172.20.0.100 - - [29/Sep/2025:20:23:28 +0000] "GET /d1/228/AUTH_5497b68335b649b9a91a2e7be6ecabe7/gnocchi.66af5d30-3cb8-4c62-904d-435aa0266b79" 200 2 "GET http://172.18.0.2:8080/v1/AUTH_5497b68335b649b9a91a2e7be6ecabe7/gnocchi.66af5d30-3cb8-4c62-904d-435aa0266b79?format=json&states=listing" "tx2fbccdb959cd4afb9ace6-0068daeac0" "proxy-server 20" 0.0037 "-" 23 0
Sep 29 20:23:28 standalone proxy-server[146801]: 172.18.0.2 172.18.0.100 29/Sep/2025/20/23/28 GET /v1/AUTH_5497b68335b649b9a91a2e7be6ecabe7/gnocchi.66af5d30-3cb8-4c62-904d-435aa0266b79%3Fformat%3Djson%26states%3Dlisting HTTP/1.0 200 - python-swiftclient-3.11.1 gAAAAABo2uq_m4ZM... - 2 - tx2fbccdb959cd4afb9ace6-0068daeac0 - 0.0174 - - 1759177408.186203957 1759177408.203615665 0
Sep 29 20:23:28 standalone object-server[144974]: 172.20.0.100 - - [29/Sep/2025:20:23:28 +0000] "GET /d1/606/AUTH_5497b68335b649b9a91a2e7be6ecabe7/gnocchi.66af5d30-3cb8-4c62-904d-435aa0266b79/1758240000.0_mean_300.0_v3" 404 70 "GET http://172.18.0.2:8080/v1/AUTH_5497b68335b649b9a91a2e7be6ecabe7/gnocchi.66af5d30-3cb8-4c62-904d-435aa0266b79/1758240000.0_mean_300.0_v3" "tx30dd807186784fc18f162-0068daeac0" "proxy-server 20" 0.0004 "-" 25 0
Sep 29 20:23:28 standalone proxy-server[146801]: 172.18.0.2 172.18.0.100 29/Sep/2025/20/23/28 GET /v1/AUTH_5497b68335b649b9a91a2e7be6ecabe7/gnocchi.66af5d30-3cb8-4c62-904d-435aa0266b79/1758240000.0_mean_300.0_v3 HTTP/1.0 404 - python-swiftclient-3.11.1 gAAAAABo2uq_m4ZM... - 70 - tx30dd807186784fc18f162-0068daeac0 - 0.0048 - - 1759177408.208914280 1759177408.213677168 0
Sep 29 20:23:28 standalone container-server[144860]: 172.20.0.100 - - [29/Sep/2025:20:23:28 +0000] "PUT /d1/228/AUTH_5497b68335b649b9a91a2e7be6ecabe7/gnocchi.66af5d30-3cb8-4c62-904d-435aa0266b79/1758240000.0_mean_300.0_v3" 201 - "PUT http://172.18.0.2:8080/d1/606/AUTH_5497b68335b649b9a91a2e7be6ecabe7/gnocchi.66af5d30-3cb8-4c62-904d-435aa0266b79/1758240000.0_mean_300.0_v3" "tx8e8394ce820949e1b7d0c-0068daeac0" "object-server 23" 0.0010 "-" 23 0
Sep 29 20:23:28 standalone object-server[144968]: 172.20.0.100 - - [29/Sep/2025:20:23:28 +0000] "PUT /d1/606/AUTH_5497b68335b649b9a91a2e7be6ecabe7/gnocchi.66af5d30-3cb8-4c62-904d-435aa0266b79/1758240000.0_mean_300.0_v3" 201 - "PUT http://172.18.0.2:8080/v1/AUTH_5497b68335b649b9a91a2e7be6ecabe7/gnocchi.66af5d30-3cb8-4c62-904d-435aa0266b79/1758240000.0_mean_300.0_v3" "tx8e8394ce820949e1b7d0c-0068daeac0" "proxy-server 20" 0.0467 "-" 23 0
Sep 29 20:23:28 standalone proxy-server[146801]: 172.18.0.2 172.18.0.100 29/Sep/2025/20/23/28 PUT /v1/AUTH_5497b68335b649b9a91a2e7be6ecabe7/gnocchi.66af5d30-3cb8-4c62-904d-435aa0266b79/1758240000.0_mean_300.0_v3 HTTP/1.0 201 - python-swiftclient-3.11.1 gAAAAABo2uq_m4ZM... 16 - - tx8e8394ce820949e1b7d0c-0068daeac0 - 0.0537 - - 1759177408.217418909 1759177408.271125317 0
Sep 29 20:23:28 standalone container-server[144860]: 172.20.0.100 - - [29/Sep/2025:20:23:28 +0000] "PUT /d1/228/AUTH_5497b68335b649b9a91a2e7be6ecabe7/gnocchi.66af5d30-3cb8-4c62-904d-435aa0266b79/none_v3" 201 - "PUT http://172.18.0.2:8080/d1/927/AUTH_5497b68335b649b9a91a2e7be6ecabe7/gnocchi.66af5d30-3cb8-4c62-904d-435aa0266b79/none_v3" "tx3ab59f88bd4341f2b07fa-0068daeac0" "object-server 25" 0.0008 "-" 23 0
Sep 29 20:23:28 standalone object-server[144974]: 172.20.0.100 - - [29/Sep/2025:20:23:28 +0000] "PUT /d1/927/AUTH_5497b68335b649b9a91a2e7be6ecabe7/gnocchi.66af5d30-3cb8-4c62-904d-435aa0266b79/none_v3" 201 - "PUT http://172.18.0.2:8080/v1/AUTH_5497b68335b649b9a91a2e7be6ecabe7/gnocchi.66af5d30-3cb8-4c62-904d-435aa0266b79/none_v3" "tx3ab59f88bd4341f2b07fa-0068daeac0" "proxy-server 20" 0.0319 "-" 25 0
Sep 29 20:23:28 standalone proxy-server[146801]: 172.18.0.2 172.18.0.100 29/Sep/2025/20/23/28 PUT /v1/AUTH_5497b68335b649b9a91a2e7be6ecabe7/gnocchi.66af5d30-3cb8-4c62-904d-435aa0266b79/none_v3 HTTP/1.0 201 - python-swiftclient-3.11.1 gAAAAABo2uq_m4ZM... 32 - - tx3ab59f88bd4341f2b07fa-0068daeac0 - 0.0401 - - 1759177408.275638103 1759177408.315755844 0
Sep 29 20:23:49 standalone account-server[144761]: 172.20.0.100 - - [29/Sep/2025:20:23:49 +0000] "HEAD /d1/223/.expiring_objects" 404 - "HEAD http://localhost/v1/.expiring_objects?format=json" "tx940971b733f546de81310-0068daead5" "proxy-server 2" 0.0008 "-" 22 -
Sep 29 20:23:49 standalone object-expirer[144815]: Pass completed in 0s; 0 objects expired (txn: tx940971b733f546de81310-0068daead5)
Sep 29 20:24:27 standalone account-server[144755]: 172.20.0.100 - - [29/Sep/2025:20:24:27 +0000] "HEAD /d1/51/AUTH_5497b68335b649b9a91a2e7be6ecabe7" 204 - "HEAD http://172.18.0.2:8080/v1/AUTH_5497b68335b649b9a91a2e7be6ecabe7?format=json" "txfcdf462e444b438f84fc4-0068daeafb" "proxy-server 20" 0.0057 "-" 21 -
Sep 29 20:24:27 standalone proxy-server[146801]: - - 29/Sep/2025/20/24/27 HEAD /v1/AUTH_5497b68335b649b9a91a2e7be6ecabe7%3Fformat%3Djson HTTP/1.0 204 - Swift - - - - txfcdf462e444b438f84fc4-0068daeafb - 0.0105 RL - 1759177467.817905664 1759177467.828398705 -
Sep 29 20:24:27 standalone container-server[144847]: 172.20.0.100 - - [29/Sep/2025:20:24:27 +0000] "HEAD /d1/957/AUTH_5497b68335b649b9a91a2e7be6ecabe7/gnocchi.52400bae-001c-4712-abe4-f07f8193d6e3" 404 - "HEAD http://172.18.0.2:8080/v1/AUTH_5497b68335b649b9a91a2e7be6ecabe7/gnocchi.52400bae-001c-4712-abe4-f07f8193d6e3?format=json&states=listing" "txfcdf462e444b438f84fc4-0068daeafb" "proxy-server 20" 0.0017 "-" 20 0
Sep 29 20:24:27 standalone object-server[144971]: 172.20.0.100 - - [29/Sep/2025:20:24:27 +0000] "GET /d1/944/AUTH_5497b68335b649b9a91a2e7be6ecabe7/gnocchi.52400bae-001c-4712-abe4-f07f8193d6e3/none_v3" 404 70 "GET http://172.18.0.2:8080/v1/AUTH_5497b68335b649b9a91a2e7be6ecabe7/gnocchi.52400bae-001c-4712-abe4-f07f8193d6e3/none_v3" "txfcdf462e444b438f84fc4-0068daeafb" "proxy-server 20" 0.0016 "-" 24 0
Sep 29 20:24:27 standalone proxy-server[146801]: 172.18.0.2 172.18.0.100 29/Sep/2025/20/24/27 GET /v1/AUTH_5497b68335b649b9a91a2e7be6ecabe7/gnocchi.52400bae-001c-4712-abe4-f07f8193d6e3/none_v3 HTTP/1.0 404 - python-swiftclient-3.11.1 gAAAAABo2uq_m4ZM... - 70 - txfcdf462e444b438f84fc4-0068daeafb - 0.0274 - - 1759177467.816976309 1759177467.844414473 0
Sep 29 20:24:27 standalone account-server[144755]: 172.20.0.100 - - [29/Sep/2025:20:24:27 +0000] "PUT /d1/51/AUTH_5497b68335b649b9a91a2e7be6ecabe7/gnocchi.52400bae-001c-4712-abe4-f07f8193d6e3" 201 - "PUT http://172.20.0.100:6001/d1/957/AUTH_5497b68335b649b9a91a2e7be6ecabe7/gnocchi.52400bae-001c-4712-abe4-f07f8193d6e3" "tx64924d2185204c848f263-0068daeafb" "container-server 23" 0.0012 "-" 21 0
Sep 29 20:24:27 standalone container-server[144860]: 172.20.0.100 - - [29/Sep/2025:20:24:27 +0000] "PUT /d1/957/AUTH_5497b68335b649b9a91a2e7be6ecabe7/gnocchi.52400bae-001c-4712-abe4-f07f8193d6e3" 201 - "PUT http://172.18.0.2:8080/v1/AUTH_5497b68335b649b9a91a2e7be6ecabe7/gnocchi.52400bae-001c-4712-abe4-f07f8193d6e3" "tx64924d2185204c848f263-0068daeafb" "proxy-server 20" 0.0133 "-" 23 0
Sep 29 20:24:27 standalone proxy-server[146801]: 172.18.0.2 172.18.0.100 29/Sep/2025/20/24/27 PUT /v1/AUTH_5497b68335b649b9a91a2e7be6ecabe7/gnocchi.52400bae-001c-4712-abe4-f07f8193d6e3 HTTP/1.0 201 - python-swiftclient-3.11.1 gAAAAABo2uq_m4ZM... - - - tx64924d2185204c848f263-0068daeafb - 0.0187 - - 1759177467.859624624 1759177467.878291130 0
Sep 29 20:24:27 standalone container-server[144860]: 172.20.0.100 - - [29/Sep/2025:20:24:27 +0000] "HEAD /d1/957/AUTH_5497b68335b649b9a91a2e7be6ecabe7/gnocchi.52400bae-001c-4712-abe4-f07f8193d6e3" 204 - "HEAD http://172.18.0.2:8080/v1/AUTH_5497b68335b649b9a91a2e7be6ecabe7/gnocchi.52400bae-001c-4712-abe4-f07f8193d6e3?format=json&states=listing" "txb711f70cd1e8413880c29-0068daeafb" "proxy-server 20" 0.0015 "-" 23 0
Sep 29 20:24:27 standalone proxy-server[146801]: - - 29/Sep/2025/20/24/27 HEAD /v1/AUTH_5497b68335b649b9a91a2e7be6ecabe7/gnocchi.52400bae-001c-4712-abe4-f07f8193d6e3%3Fformat%3Djson%26states%3Dlisting HTTP/1.0 204 - Swift - - - - txb711f70cd1e8413880c29-0068daeafb - 0.0049 RL - 1759177467.883919716 1759177467.888850927 0
Sep 29 20:24:27 standalone container-server[144850]: 172.20.0.100 - - [29/Sep/2025:20:24:27 +0000] "GET /d1/957/AUTH_5497b68335b649b9a91a2e7be6ecabe7/gnocchi.52400bae-001c-4712-abe4-f07f8193d6e3" 200 2 "GET http://172.18.0.2:8080/v1/AUTH_5497b68335b649b9a91a2e7be6ecabe7/gnocchi.52400bae-001c-4712-abe4-f07f8193d6e3?format=json&states=listing" "txb711f70cd1e8413880c29-0068daeafb" "proxy-server 20" 0.0034 "-" 21 0
Sep 29 20:24:27 standalone proxy-server[146801]: 172.18.0.2 172.18.0.100 29/Sep/2025/20/24/27 GET /v1/AUTH_5497b68335b649b9a91a2e7be6ecabe7/gnocchi.52400bae-001c-4712-abe4-f07f8193d6e3%3Fformat%3Djson%26states%3Dlisting HTTP/1.0 200 - python-swiftclient-3.11.1 gAAAAABo2uq_m4ZM... - 2 - txb711f70cd1e8413880c29-0068daeafb - 0.0166 - - 1759177467.882843494 1759177467.899434805 0
Sep 29 20:24:27 standalone object-server[144971]: 172.20.0.100 - - [29/Sep/2025:20:24:27 +0000] "GET /d1/405/AUTH_5497b68335b649b9a91a2e7be6ecabe7/gnocchi.52400bae-001c-4712-abe4-f07f8193d6e3/1758240000.0_mean_300.0_v3" 404 70 "GET http://172.18.0.2:8080/v1/AUTH_5497b68335b649b9a91a2e7be6ecabe7/gnocchi.52400bae-001c-4712-abe4-f07f8193d6e3/1758240000.0_mean_300.0_v3" "tx36b579960c634370b76d2-0068daeafb" "proxy-server 20" 0.0008 "-" 24 0
Sep 29 20:24:27 standalone proxy-server[146801]: 172.18.0.2 172.18.0.100 29/Sep/2025/20/24/27 GET /v1/AUTH_5497b68335b649b9a91a2e7be6ecabe7/gnocchi.52400bae-001c-4712-abe4-f07f8193d6e3/1758240000.0_mean_300.0_v3 HTTP/1.0 404 - python-swiftclient-3.11.1 gAAAAABo2uq_m4ZM... - 70 - tx36b579960c634370b76d2-0068daeafb - 0.0090 - - 1759177467.906878471 1759177467.915852308 0
Sep 29 20:24:27 standalone container-server[144847]: 172.20.0.100 - - [29/Sep/2025:20:24:27 +0000] "PUT /d1/957/AUTH_5497b68335b649b9a91a2e7be6ecabe7/gnocchi.52400bae-001c-4712-abe4-f07f8193d6e3/1758240000.0_mean_300.0_v3" 201 - "PUT http://172.18.0.2:8080/d1/405/AUTH_5497b68335b649b9a91a2e7be6ecabe7/gnocchi.52400bae-001c-4712-abe4-f07f8193d6e3/1758240000.0_mean_300.0_v3" "tx29754a7b531a42b78872a-0068daeafb" "object-server 22" 0.0010 "-" 20 0
Sep 29 20:24:27 standalone object-server[144966]: 172.20.0.100 - - [29/Sep/2025:20:24:27 +0000] "PUT /d1/405/AUTH_5497b68335b649b9a91a2e7be6ecabe7/gnocchi.52400bae-001c-4712-abe4-f07f8193d6e3/1758240000.0_mean_300.0_v3" 201 - "PUT http://172.18.0.2:8080/v1/AUTH_5497b68335b649b9a91a2e7be6ecabe7/gnocchi.52400bae-001c-4712-abe4-f07f8193d6e3/1758240000.0_mean_300.0_v3" "tx29754a7b531a42b78872a-0068daeafb" "proxy-server 20" 0.0391 "-" 22 0
Sep 29 20:24:27 standalone proxy-server[146801]: 172.18.0.2 172.18.0.100 29/Sep/2025/20/24/27 PUT /v1/AUTH_5497b68335b649b9a91a2e7be6ecabe7/gnocchi.52400bae-001c-4712-abe4-f07f8193d6e3/1758240000.0_mean_300.0_v3 HTTP/1.0 201 - python-swiftclient-3.11.1 gAAAAABo2uq_m4ZM... 16 - - tx29754a7b531a42b78872a-0068daeafb - 0.0451 - - 1759177467.921089649 1759177467.966183901 0
Sep 29 20:24:27 standalone container-server[144860]: 172.20.0.100 - - [29/Sep/2025:20:24:27 +0000] "PUT /d1/957/AUTH_5497b68335b649b9a91a2e7be6ecabe7/gnocchi.52400bae-001c-4712-abe4-f07f8193d6e3/none_v3" 201 - "PUT http://172.18.0.2:8080/d1/944/AUTH_5497b68335b649b9a91a2e7be6ecabe7/gnocchi.52400bae-001c-4712-abe4-f07f8193d6e3/none_v3" "txeeb0262497534c38a0e6f-0068daeafb" "object-server 23" 0.0008 "-" 23 0
Sep 29 20:24:27 standalone object-server[144968]: 172.20.0.100 - - [29/Sep/2025:20:24:27 +0000] "PUT /d1/944/AUTH_5497b68335b649b9a91a2e7be6ecabe7/gnocchi.52400bae-001c-4712-abe4-f07f8193d6e3/none_v3" 201 - "PUT http://172.18.0.2:8080/v1/AUTH_5497b68335b649b9a91a2e7be6ecabe7/gnocchi.52400bae-001c-4712-abe4-f07f8193d6e3/none_v3" "txeeb0262497534c38a0e6f-0068daeafb" "proxy-server 20" 0.0187 "-" 23 0
Sep 29 20:24:27 standalone proxy-server[146801]: 172.18.0.2 172.18.0.100 29/Sep/2025/20/24/27 PUT /v1/AUTH_5497b68335b649b9a91a2e7be6ecabe7/gnocchi.52400bae-001c-4712-abe4-f07f8193d6e3/none_v3 HTTP/1.0 201 - python-swiftclient-3.11.1 gAAAAABo2uq_m4ZM... 22 - - txeeb0262497534c38a0e6f-0068daeafb - 0.0240 - - 1759177467.969762564 1759177467.993754148 0
Sep 29 20:24:28 standalone container-server[144850]: 172.20.0.100 - - [29/Sep/2025:20:24:28 +0000] "HEAD /d1/214/AUTH_5497b68335b649b9a91a2e7be6ecabe7/gnocchi.0d6e5c25-28be-43e0-802b-5aea37c6a72c" 404 - "HEAD http://172.18.0.2:8080/v1/AUTH_5497b68335b649b9a91a2e7be6ecabe7/gnocchi.0d6e5c25-28be-43e0-802b-5aea37c6a72c?format=json&states=listing" "txb97856e3397d467094abb-0068daeafc" "proxy-server 20" 0.0003 "-" 21 0
Sep 29 20:24:28 standalone object-server[144966]: 172.20.0.100 - - [29/Sep/2025:20:24:28 +0000] "GET /d1/731/AUTH_5497b68335b649b9a91a2e7be6ecabe7/gnocchi.0d6e5c25-28be-43e0-802b-5aea37c6a72c/none_v3" 404 70 "GET http://172.18.0.2:8080/v1/AUTH_5497b68335b649b9a91a2e7be6ecabe7/gnocchi.0d6e5c25-28be-43e0-802b-5aea37c6a72c/none_v3" "txb97856e3397d467094abb-0068daeafc" "proxy-server 20" 0.0004 "-" 22 0
Sep 29 20:24:28 standalone proxy-server[146801]: 172.18.0.2 172.18.0.100 29/Sep/2025/20/24/28 GET /v1/AUTH_5497b68335b649b9a91a2e7be6ecabe7/gnocchi.0d6e5c25-28be-43e0-802b-5aea37c6a72c/none_v3 HTTP/1.0 404 - python-swiftclient-3.11.1 gAAAAABo2uq_m4ZM... - 70 - txb97856e3397d467094abb-0068daeafc - 0.0115 - - 1759177468.003169298 1759177468.014668941 0
Sep 29 20:24:28 standalone account-server[144744]: 172.20.0.100 - - [29/Sep/2025:20:24:28 +0000] "PUT /d1/51/AUTH_5497b68335b649b9a91a2e7be6ecabe7/gnocchi.0d6e5c25-28be-43e0-802b-5aea37c6a72c" 201 - "PUT http://172.20.0.100:6001/d1/214/AUTH_5497b68335b649b9a91a2e7be6ecabe7/gnocchi.0d6e5c25-28be-43e0-802b-5aea37c6a72c" "txaba233de02d04e5d9986c-0068daeafc" "container-server 20" 0.0063 "-" 20 0
Sep 29 20:24:28 standalone container-server[144847]: 172.20.0.100 - - [29/Sep/2025:20:24:28 +0000] "PUT /d1/214/AUTH_5497b68335b649b9a91a2e7be6ecabe7/gnocchi.0d6e5c25-28be-43e0-802b-5aea37c6a72c" 201 - "PUT http://172.18.0.2:8080/v1/AUTH_5497b68335b649b9a91a2e7be6ecabe7/gnocchi.0d6e5c25-28be-43e0-802b-5aea37c6a72c" "txaba233de02d04e5d9986c-0068daeafc" "proxy-server 20" 0.0307 "-" 20 0
Sep 29 20:24:28 standalone proxy-server[146801]: 172.18.0.2 172.18.0.100 29/Sep/2025/20/24/28 PUT /v1/AUTH_5497b68335b649b9a91a2e7be6ecabe7/gnocchi.0d6e5c25-28be-43e0-802b-5aea37c6a72c HTTP/1.0 201 - python-swiftclient-3.11.1 gAAAAABo2uq_m4ZM... - - - txaba233de02d04e5d9986c-0068daeafc - 0.0410 - - 1759177468.018772125 1759177468.059805393 0
Sep 29 20:24:28 standalone container-server[144856]: 172.20.0.100 - - [29/Sep/2025:20:24:28 +0000] "HEAD /d1/214/AUTH_5497b68335b649b9a91a2e7be6ecabe7/gnocchi.0d6e5c25-28be-43e0-802b-5aea37c6a72c" 204 - "HEAD http://172.18.0.2:8080/v1/AUTH_5497b68335b649b9a91a2e7be6ecabe7/gnocchi.0d6e5c25-28be-43e0-802b-5aea37c6a72c?format=json&states=listing" "txe4c8991613dc49d8adfd5-0068daeafc" "proxy-server 20" 0.0040 "-" 22 0
Sep 29 20:24:28 standalone proxy-server[146801]: - - 29/Sep/2025/20/24/28 HEAD /v1/AUTH_5497b68335b649b9a91a2e7be6ecabe7/gnocchi.0d6e5c25-28be-43e0-802b-5aea37c6a72c%3Fformat%3Djson%26states%3Dlisting HTTP/1.0 204 - Swift - - - - txe4c8991613dc49d8adfd5-0068daeafc - 0.0080 RL - 1759177468.064678669 1759177468.072675228 0
Sep 29 20:24:28 standalone container-server[144856]: 172.20.0.100 - - [29/Sep/2025:20:24:28 +0000] "GET /d1/214/AUTH_5497b68335b649b9a91a2e7be6ecabe7/gnocchi.0d6e5c25-28be-43e0-802b-5aea37c6a72c" 200 2 "GET http://172.18.0.2:8080/v1/AUTH_5497b68335b649b9a91a2e7be6ecabe7/gnocchi.0d6e5c25-28be-43e0-802b-5aea37c6a72c?format=json&states=listing" "txe4c8991613dc49d8adfd5-0068daeafc" "proxy-server 20" 0.0036 "-" 22 0
Sep 29 20:24:28 standalone proxy-server[146801]: 172.18.0.2 172.18.0.100 29/Sep/2025/20/24/28 GET /v1/AUTH_5497b68335b649b9a91a2e7be6ecabe7/gnocchi.0d6e5c25-28be-43e0-802b-5aea37c6a72c%3Fformat%3Djson%26states%3Dlisting HTTP/1.0 200 - python-swiftclient-3.11.1 gAAAAABo2uq_m4ZM... - 2 - txe4c8991613dc49d8adfd5-0068daeafc - 0.0179 - - 1759177468.063605785 1759177468.081501722 0
Sep 29 20:24:28 standalone object-server[144968]: 172.20.0.100 - - [29/Sep/2025:20:24:28 +0000] "GET /d1/526/AUTH_5497b68335b649b9a91a2e7be6ecabe7/gnocchi.0d6e5c25-28be-43e0-802b-5aea37c6a72c/1758240000.0_mean_300.0_v3" 404 70 "GET http://172.18.0.2:8080/v1/AUTH_5497b68335b649b9a91a2e7be6ecabe7/gnocchi.0d6e5c25-28be-43e0-802b-5aea37c6a72c/1758240000.0_mean_300.0_v3" "txf6e69b749fda4ef5a3256-0068daeafc" "proxy-server 20" 0.0005 "-" 23 0
Sep 29 20:24:28 standalone proxy-server[146801]: 172.18.0.2 172.18.0.100 29/Sep/2025/20/24/28 GET /v1/AUTH_5497b68335b649b9a91a2e7be6ecabe7/gnocchi.0d6e5c25-28be-43e0-802b-5aea37c6a72c/1758240000.0_mean_300.0_v3 HTTP/1.0 404 - python-swiftclient-3.11.1 gAAAAABo2uq_m4ZM... - 70 - txf6e69b749fda4ef5a3256-0068daeafc - 0.0059 - - 1759177468.086205959 1759177468.092117786 0
Sep 29 20:24:28 standalone container-server[144847]: 172.20.0.100 - - [29/Sep/2025:20:24:28 +0000] "PUT /d1/214/AUTH_5497b68335b649b9a91a2e7be6ecabe7/gnocchi.0d6e5c25-28be-43e0-802b-5aea37c6a72c/1758240000.0_mean_300.0_v3" 201 - "PUT http://172.18.0.2:8080/d1/526/AUTH_5497b68335b649b9a91a2e7be6ecabe7/gnocchi.0d6e5c25-28be-43e0-802b-5aea37c6a72c/1758240000.0_mean_300.0_v3" "tx40d59cd0db5b483fa7fa8-0068daeafc" "object-server 25" 0.0005 "-" 20 0
Sep 29 20:24:28 standalone object-server[144974]: 172.20.0.100 - - [29/Sep/2025:20:24:28 +0000] "PUT /d1/526/AUTH_5497b68335b649b9a91a2e7be6ecabe7/gnocchi.0d6e5c25-28be-43e0-802b-5aea37c6a72c/1758240000.0_mean_300.0_v3" 201 - "PUT http://172.18.0.2:8080/v1/AUTH_5497b68335b649b9a91a2e7be6ecabe7/gnocchi.0d6e5c25-28be-43e0-802b-5aea37c6a72c/1758240000.0_mean_300.0_v3" "tx40d59cd0db5b483fa7fa8-0068daeafc" "proxy-server 20" 0.0228 "-" 25 0
Sep 29 20:24:28 standalone proxy-server[146801]: 172.18.0.2 172.18.0.100 29/Sep/2025/20/24/28 PUT /v1/AUTH_5497b68335b649b9a91a2e7be6ecabe7/gnocchi.0d6e5c25-28be-43e0-802b-5aea37c6a72c/1758240000.0_mean_300.0_v3 HTTP/1.0 201 - python-swiftclient-3.11.1 gAAAAABo2uq_m4ZM... 16 - - tx40d59cd0db5b483fa7fa8-0068daeafc - 0.0294 - - 1759177468.095818281 1759177468.125239134 0
Sep 29 20:24:28 standalone container-server[144856]: 172.20.0.100 - - [29/Sep/2025:20:24:28 +0000] "PUT /d1/214/AUTH_5497b68335b649b9a91a2e7be6ecabe7/gnocchi.0d6e5c25-28be-43e0-802b-5aea37c6a72c/none_v3" 201 - "PUT http://172.18.0.2:8080/d1/731/AUTH_5497b68335b649b9a91a2e7be6ecabe7/gnocchi.0d6e5c25-28be-43e0-802b-5aea37c6a72c/none_v3" "tx2207b700393441998b761-0068daeafc" "object-server 22" 0.0009 "-" 22 0
Sep 29 20:24:28 standalone object-server[144966]: 172.20.0.100 - - [29/Sep/2025:20:24:28 +0000] "PUT /d1/731/AUTH_5497b68335b649b9a91a2e7be6ecabe7/gnocchi.0d6e5c25-28be-43e0-802b-5aea37c6a72c/none_v3" 201 - "PUT http://172.18.0.2:8080/v1/AUTH_5497b68335b649b9a91a2e7be6ecabe7/gnocchi.0d6e5c25-28be-43e0-802b-5aea37c6a72c/none_v3" "tx2207b700393441998b761-0068daeafc" "proxy-server 20" 0.0181 "-" 22 0
Sep 29 20:24:28 standalone proxy-server[146801]: 172.18.0.2 172.18.0.100 29/Sep/2025/20/24/28 PUT /v1/AUTH_5497b68335b649b9a91a2e7be6ecabe7/gnocchi.0d6e5c25-28be-43e0-802b-5aea37c6a72c/none_v3 HTTP/1.0 201 - python-swiftclient-3.11.1 gAAAAABo2uq_m4ZM... 22 - - tx2207b700393441998b761-0068daeafc - 0.0234 - - 1759177468.132811069 1759177468.156193495 0
Sep 29 20:24:35 standalone container-server[144850]: 172.20.0.100 - - [29/Sep/2025:20:24:35 +0000] "HEAD /d1/809/AUTH_5497b68335b649b9a91a2e7be6ecabe7/gnocchi.e9c4c405-1cc6-464d-a9da-b02385cb058f" 404 - "HEAD http://172.18.0.2:8080/v1/AUTH_5497b68335b649b9a91a2e7be6ecabe7/gnocchi.e9c4c405-1cc6-464d-a9da-b02385cb058f?format=json&states=listing" "tx06ba6ac6635e4ea8b875b-0068daeb03" "proxy-server 20" 0.0006 "-" 21 0
Sep 29 20:24:35 standalone object-server[144971]: 172.20.0.100 - - [29/Sep/2025:20:24:35 +0000] "GET /d1/24/AUTH_5497b68335b649b9a91a2e7be6ecabe7/gnocchi.e9c4c405-1cc6-464d-a9da-b02385cb058f/none_v3" 404 70 "GET http://172.18.0.2:8080/v1/AUTH_5497b68335b649b9a91a2e7be6ecabe7/gnocchi.e9c4c405-1cc6-464d-a9da-b02385cb058f/none_v3" "tx06ba6ac6635e4ea8b875b-0068daeb03" "proxy-server 20" 0.0005 "-" 24 0
Sep 29 20:24:35 standalone proxy-server[146801]: 172.18.0.2 172.18.0.100 29/Sep/2025/20/24/35 GET /v1/AUTH_5497b68335b649b9a91a2e7be6ecabe7/gnocchi.e9c4c405-1cc6-464d-a9da-b02385cb058f/none_v3 HTTP/1.0 404 - python-swiftclient-3.11.1 gAAAAABo2uq_m4ZM... - 70 - tx06ba6ac6635e4ea8b875b-0068daeb03 - 0.0184 - - 1759177475.537314892 1759177475.555725336 0
Sep 29 20:24:35 standalone account-server[144761]: 172.20.0.100 - - [29/Sep/2025:20:24:35 +0000] "PUT /d1/51/AUTH_5497b68335b649b9a91a2e7be6ecabe7/gnocchi.e9c4c405-1cc6-464d-a9da-b02385cb058f" 201 - "PUT http://172.20.0.100:6001/d1/809/AUTH_5497b68335b649b9a91a2e7be6ecabe7/gnocchi.e9c4c405-1cc6-464d-a9da-b02385cb058f" "tx4a17391930fc41859a07b-0068daeb03" "container-server 21" 0.0084 "-" 22 0
Sep 29 20:24:35 standalone container-server[144850]: 172.20.0.100 - - [29/Sep/2025:20:24:35 +0000] "PUT /d1/809/AUTH_5497b68335b649b9a91a2e7be6ecabe7/gnocchi.e9c4c405-1cc6-464d-a9da-b02385cb058f" 201 - "PUT http://172.18.0.2:8080/v1/AUTH_5497b68335b649b9a91a2e7be6ecabe7/gnocchi.e9c4c405-1cc6-464d-a9da-b02385cb058f" "tx4a17391930fc41859a07b-0068daeb03" "proxy-server 20" 0.0226 "-" 21 0
Sep 29 20:24:35 standalone proxy-server[146801]: 172.18.0.2 172.18.0.100 29/Sep/2025/20/24/35 PUT /v1/AUTH_5497b68335b649b9a91a2e7be6ecabe7/gnocchi.e9c4c405-1cc6-464d-a9da-b02385cb058f HTTP/1.0 201 - python-swiftclient-3.11.1 gAAAAABo2uq_m4ZM... - - - tx4a17391930fc41859a07b-0068daeb03 - 0.0309 - - 1759177475.560060740 1759177475.590988874 0
Sep 29 20:24:35 standalone container-server[144856]: 172.20.0.100 - - [29/Sep/2025:20:24:35 +0000] "HEAD /d1/809/AUTH_5497b68335b649b9a91a2e7be6ecabe7/gnocchi.e9c4c405-1cc6-464d-a9da-b02385cb058f" 204 - "HEAD http://172.18.0.2:8080/v1/AUTH_5497b68335b649b9a91a2e7be6ecabe7/gnocchi.e9c4c405-1cc6-464d-a9da-b02385cb058f?format=json&states=listing" "txcc6d312120284fdf8f77e-0068daeb03" "proxy-server 20" 0.0021 "-" 22 0
Sep 29 20:24:35 standalone proxy-server[146801]: - - 29/Sep/2025/20/24/35 HEAD /v1/AUTH_5497b68335b649b9a91a2e7be6ecabe7/gnocchi.e9c4c405-1cc6-464d-a9da-b02385cb058f%3Fformat%3Djson%26states%3Dlisting HTTP/1.0 204 - Swift - - - - txcc6d312120284fdf8f77e-0068daeb03 - 0.0080 RL - 1759177475.598857164 1759177475.606904030 0
Sep 29 20:24:35 standalone container-server[144850]: 172.20.0.100 - - [29/Sep/2025:20:24:35 +0000] "GET /d1/809/AUTH_5497b68335b649b9a91a2e7be6ecabe7/gnocchi.e9c4c405-1cc6-464d-a9da-b02385cb058f" 200 2 "GET http://172.18.0.2:8080/v1/AUTH_5497b68335b649b9a91a2e7be6ecabe7/gnocchi.e9c4c405-1cc6-464d-a9da-b02385cb058f?format=json&states=listing" "txcc6d312120284fdf8f77e-0068daeb03" "proxy-server 20" 0.0034 "-" 21 0
Sep 29 20:24:35 standalone proxy-server[146801]: 172.18.0.2 172.18.0.100 29/Sep/2025/20/24/35 GET /v1/AUTH_5497b68335b649b9a91a2e7be6ecabe7/gnocchi.e9c4c405-1cc6-464d-a9da-b02385cb058f%3Fformat%3Djson%26states%3Dlisting HTTP/1.0 200 - python-swiftclient-3.11.1 gAAAAABo2uq_m4ZM... - 2 - txcc6d312120284fdf8f77e-0068daeb03 - 0.0227 - - 1759177475.597278833 1759177475.619932890 0
Sep 29 20:24:35 standalone object-server[144974]: 172.20.0.100 - - [29/Sep/2025:20:24:35 +0000] "GET /d1/738/AUTH_5497b68335b649b9a91a2e7be6ecabe7/gnocchi.e9c4c405-1cc6-464d-a9da-b02385cb058f/1758240000.0_mean_300.0_v3" 404 70 "GET http://172.18.0.2:8080/v1/AUTH_5497b68335b649b9a91a2e7be6ecabe7/gnocchi.e9c4c405-1cc6-464d-a9da-b02385cb058f/1758240000.0_mean_300.0_v3" "tx8ba6760e0117489eb01f9-0068daeb03" "proxy-server 20" 0.0005 "-" 25 0
Sep 29 20:24:35 standalone proxy-server[146801]: 172.18.0.2 172.18.0.100 29/Sep/2025/20/24/35 GET /v1/AUTH_5497b68335b649b9a91a2e7be6ecabe7/gnocchi.e9c4c405-1cc6-464d-a9da-b02385cb058f/1758240000.0_mean_300.0_v3 HTTP/1.0 404 - python-swiftclient-3.11.1 gAAAAABo2uq_m4ZM... - 70 - tx8ba6760e0117489eb01f9-0068daeb03 - 0.0155 - - 1759177475.633373976 1759177475.648870945 0
Sep 29 20:24:35 standalone container-server[144850]: 172.20.0.100 - - [29/Sep/2025:20:24:35 +0000] "PUT /d1/809/AUTH_5497b68335b649b9a91a2e7be6ecabe7/gnocchi.e9c4c405-1cc6-464d-a9da-b02385cb058f/1758240000.0_mean_300.0_v3" 201 - "PUT http://172.18.0.2:8080/d1/738/AUTH_5497b68335b649b9a91a2e7be6ecabe7/gnocchi.e9c4c405-1cc6-464d-a9da-b02385cb058f/1758240000.0_mean_300.0_v3" "txa592d00b973342719cd6b-0068daeb03" "object-server 25" 0.0008 "-" 21 0
Sep 29 20:24:35 standalone object-server[144974]: 172.20.0.100 - - [29/Sep/2025:20:24:35 +0000] "PUT /d1/738/AUTH_5497b68335b649b9a91a2e7be6ecabe7/gnocchi.e9c4c405-1cc6-464d-a9da-b02385cb058f/1758240000.0_mean_300.0_v3" 201 - "PUT http://172.18.0.2:8080/v1/AUTH_5497b68335b649b9a91a2e7be6ecabe7/gnocchi.e9c4c405-1cc6-464d-a9da-b02385cb058f/1758240000.0_mean_300.0_v3" "txa592d00b973342719cd6b-0068daeb03" "proxy-server 20" 0.0301 "-" 25 0
Sep 29 20:24:35 standalone proxy-server[146801]: 172.18.0.2 172.18.0.100 29/Sep/2025/20/24/35 PUT /v1/AUTH_5497b68335b649b9a91a2e7be6ecabe7/gnocchi.e9c4c405-1cc6-464d-a9da-b02385cb058f/1758240000.0_mean_300.0_v3 HTTP/1.0 201 - python-swiftclient-3.11.1 gAAAAABo2uq_m4ZM... 16 - - txa592d00b973342719cd6b-0068daeb03 - 0.0527 - - 1759177475.657675982 1759177475.710373163 0
Sep 29 20:24:35 standalone container-server[144847]: 172.20.0.100 - - [29/Sep/2025:20:24:35 +0000] "PUT /d1/809/AUTH_5497b68335b649b9a91a2e7be6ecabe7/gnocchi.e9c4c405-1cc6-464d-a9da-b02385cb058f/none_v3" 201 - "PUT http://172.18.0.2:8080/d1/24/AUTH_5497b68335b649b9a91a2e7be6ecabe7/gnocchi.e9c4c405-1cc6-464d-a9da-b02385cb058f/none_v3" "tx5ae079ae59ed453f8be6c-0068daeb03" "object-server 23" 0.0008 "-" 20 0
Sep 29 20:24:35 standalone object-server[144968]: 172.20.0.100 - - [29/Sep/2025:20:24:35 +0000] "PUT /d1/24/AUTH_5497b68335b649b9a91a2e7be6ecabe7/gnocchi.e9c4c405-1cc6-464d-a9da-b02385cb058f/none_v3" 201 - "PUT http://172.18.0.2:8080/v1/AUTH_5497b68335b649b9a91a2e7be6ecabe7/gnocchi.e9c4c405-1cc6-464d-a9da-b02385cb058f/none_v3" "tx5ae079ae59ed453f8be6c-0068daeb03" "proxy-server 20" 0.0137 "-" 23 0
Sep 29 20:24:35 standalone proxy-server[146801]: 172.18.0.2 172.18.0.100 29/Sep/2025/20/24/35 PUT /v1/AUTH_5497b68335b649b9a91a2e7be6ecabe7/gnocchi.e9c4c405-1cc6-464d-a9da-b02385cb058f/none_v3 HTTP/1.0 201 - python-swiftclient-3.11.1 gAAAAABo2uq_m4ZM... 22 - - tx5ae079ae59ed453f8be6c-0068daeb03 - 0.0220 - - 1759177475.713878155 1759177475.735856295 0
Sep 29 20:24:35 standalone container-server[144860]: 172.20.0.100 - - [29/Sep/2025:20:24:35 +0000] "HEAD /d1/54/AUTH_5497b68335b649b9a91a2e7be6ecabe7/gnocchi.7bb15e61-58e5-4f57-a703-c9c3cc708114" 404 - "HEAD http://172.18.0.2:8080/v1/AUTH_5497b68335b649b9a91a2e7be6ecabe7/gnocchi.7bb15e61-58e5-4f57-a703-c9c3cc708114?format=json&states=listing" "txe1befa11aa19443886878-0068daeb03" "proxy-server 20" 0.0005 "-" 23 0
Sep 29 20:24:35 standalone object-server[144968]: 172.20.0.100 - - [29/Sep/2025:20:24:35 +0000] "GET /d1/930/AUTH_5497b68335b649b9a91a2e7be6ecabe7/gnocchi.7bb15e61-58e5-4f57-a703-c9c3cc708114/none_v3" 404 70 "GET http://172.18.0.2:8080/v1/AUTH_5497b68335b649b9a91a2e7be6ecabe7/gnocchi.7bb15e61-58e5-4f57-a703-c9c3cc708114/none_v3" "txe1befa11aa19443886878-0068daeb03" "proxy-server 20" 0.0003 "-" 23 0
Sep 29 20:24:35 standalone proxy-server[146801]: 172.18.0.2 172.18.0.100 29/Sep/2025/20/24/35 GET /v1/AUTH_5497b68335b649b9a91a2e7be6ecabe7/gnocchi.7bb15e61-58e5-4f57-a703-c9c3cc708114/none_v3 HTTP/1.0 404 - python-swiftclient-3.11.1 gAAAAABo2uq_m4ZM... - 70 - txe1befa11aa19443886878-0068daeb03 - 0.0093 - - 1759177475.800151587 1759177475.809460163 0
Sep 29 20:24:35 standalone account-server[144755]: 172.20.0.100 - - [29/Sep/2025:20:24:35 +0000] "PUT /d1/51/AUTH_5497b68335b649b9a91a2e7be6ecabe7/gnocchi.7bb15e61-58e5-4f57-a703-c9c3cc708114" 201 - "PUT http://172.20.0.100:6001/d1/54/AUTH_5497b68335b649b9a91a2e7be6ecabe7/gnocchi.7bb15e61-58e5-4f57-a703-c9c3cc708114" "txc9929c757ef64ab1bf175-0068daeb03" "container-server 20" 0.0073 "-" 21 0
Sep 29 20:24:35 standalone container-server[144847]: 172.20.0.100 - - [29/Sep/2025:20:24:35 +0000] "PUT /d1/54/AUTH_5497b68335b649b9a91a2e7be6ecabe7/gnocchi.7bb15e61-58e5-4f57-a703-c9c3cc708114" 201 - "PUT http://172.18.0.2:8080/v1/AUTH_5497b68335b649b9a91a2e7be6ecabe7/gnocchi.7bb15e61-58e5-4f57-a703-c9c3cc708114" "txc9929c757ef64ab1bf175-0068daeb03" "proxy-server 20" 0.0161 "-" 20 0
Sep 29 20:24:35 standalone proxy-server[146801]: 172.18.0.2 172.18.0.100 29/Sep/2025/20/24/35 PUT /v1/AUTH_5497b68335b649b9a91a2e7be6ecabe7/gnocchi.7bb15e61-58e5-4f57-a703-c9c3cc708114 HTTP/1.0 201 - python-swiftclient-3.11.1 gAAAAABo2uq_m4ZM... - - - txc9929c757ef64ab1bf175-0068daeb03 - 0.0206 - - 1759177475.818268299 1759177475.838860512 0
Sep 29 20:24:35 standalone container-server[144860]: 172.20.0.100 - - [29/Sep/2025:20:24:35 +0000] "HEAD /d1/54/AUTH_5497b68335b649b9a91a2e7be6ecabe7/gnocchi.7bb15e61-58e5-4f57-a703-c9c3cc708114" 204 - "HEAD http://172.18.0.2:8080/v1/AUTH_5497b68335b649b9a91a2e7be6ecabe7/gnocchi.7bb15e61-58e5-4f57-a703-c9c3cc708114?format=json&states=listing" "tx5356cb059a7d4da28022d-0068daeb03" "proxy-server 20" 0.0017 "-" 23 0
Sep 29 20:24:35 standalone proxy-server[146801]: - - 29/Sep/2025/20/24/35 HEAD /v1/AUTH_5497b68335b649b9a91a2e7be6ecabe7/gnocchi.7bb15e61-58e5-4f57-a703-c9c3cc708114%3Fformat%3Djson%26states%3Dlisting HTTP/1.0 204 - Swift - - - - tx5356cb059a7d4da28022d-0068daeb03 - 0.0071 RL - 1759177475.843017101 1759177475.850137234 0
Sep 29 20:24:35 standalone container-server[144856]: 172.20.0.100 - - [29/Sep/2025:20:24:35 +0000] "GET /d1/54/AUTH_5497b68335b649b9a91a2e7be6ecabe7/gnocchi.7bb15e61-58e5-4f57-a703-c9c3cc708114" 200 2 "GET http://172.18.0.2:8080/v1/AUTH_5497b68335b649b9a91a2e7be6ecabe7/gnocchi.7bb15e61-58e5-4f57-a703-c9c3cc708114?format=json&states=listing" "tx5356cb059a7d4da28022d-0068daeb03" "proxy-server 20" 0.0018 "-" 22 0
Sep 29 20:24:35 standalone proxy-server[146801]: 172.18.0.2 172.18.0.100 29/Sep/2025/20/24/35 GET /v1/AUTH_5497b68335b649b9a91a2e7be6ecabe7/gnocchi.7bb15e61-58e5-4f57-a703-c9c3cc708114%3Fformat%3Djson%26states%3Dlisting HTTP/1.0 200 - python-swiftclient-3.11.1 gAAAAABo2uq_m4ZM... - 2 - tx5356cb059a7d4da28022d-0068daeb03 - 0.0191 - - 1759177475.841956377 1759177475.861091614 0
Sep 29 20:24:35 standalone object-server[144974]: 172.20.0.100 - - [29/Sep/2025:20:24:35 +0000] "GET /d1/478/AUTH_5497b68335b649b9a91a2e7be6ecabe7/gnocchi.7bb15e61-58e5-4f57-a703-c9c3cc708114/1758240000.0_mean_300.0_v3" 404 70 "GET http://172.18.0.2:8080/v1/AUTH_5497b68335b649b9a91a2e7be6ecabe7/gnocchi.7bb15e61-58e5-4f57-a703-c9c3cc708114/1758240000.0_mean_300.0_v3" "txd988c704f5514f8fa59ba-0068daeb03" "proxy-server 20" 0.0004 "-" 25 0
Sep 29 20:24:35 standalone proxy-server[146801]: 172.18.0.2 172.18.0.100 29/Sep/2025/20/24/35 GET /v1/AUTH_5497b68335b649b9a91a2e7be6ecabe7/gnocchi.7bb15e61-58e5-4f57-a703-c9c3cc708114/1758240000.0_mean_300.0_v3 HTTP/1.0 404 - python-swiftclient-3.11.1 gAAAAABo2uq_m4ZM... - 70 - txd988c704f5514f8fa59ba-0068daeb03 - 0.0110 - - 1759177475.868160248 1759177475.879203796 0
Sep 29 20:24:35 standalone container-server[144856]: 172.20.0.100 - - [29/Sep/2025:20:24:35 +0000] "PUT /d1/54/AUTH_5497b68335b649b9a91a2e7be6ecabe7/gnocchi.7bb15e61-58e5-4f57-a703-c9c3cc708114/1758240000.0_mean_300.0_v3" 201 - "PUT http://172.18.0.2:8080/d1/478/AUTH_5497b68335b649b9a91a2e7be6ecabe7/gnocchi.7bb15e61-58e5-4f57-a703-c9c3cc708114/1758240000.0_mean_300.0_v3" "txf7615ef50891401b9f358-0068daeb03" "object-server 23" 0.0007 "-" 22 0
Sep 29 20:24:35 standalone object-server[144968]: 172.20.0.100 - - [29/Sep/2025:20:24:35 +0000] "PUT /d1/478/AUTH_5497b68335b649b9a91a2e7be6ecabe7/gnocchi.7bb15e61-58e5-4f57-a703-c9c3cc708114/1758240000.0_mean_300.0_v3" 201 - "PUT http://172.18.0.2:8080/v1/AUTH_5497b68335b649b9a91a2e7be6ecabe7/gnocchi.7bb15e61-58e5-4f57-a703-c9c3cc708114/1758240000.0_mean_300.0_v3" "txf7615ef50891401b9f358-0068daeb03" "proxy-server 20" 0.0279 "-" 23 0
Sep 29 20:24:35 standalone proxy-server[146801]: 172.18.0.2 172.18.0.100 29/Sep/2025/20/24/35 PUT /v1/AUTH_5497b68335b649b9a91a2e7be6ecabe7/gnocchi.7bb15e61-58e5-4f57-a703-c9c3cc708114/1758240000.0_mean_300.0_v3 HTTP/1.0 201 - python-swiftclient-3.11.1 gAAAAABo2uq_m4ZM... 16 - - txf7615ef50891401b9f358-0068daeb03 - 0.0393 - - 1759177475.884087563 1759177475.923434973 0
Sep 29 20:24:35 standalone container-server[144850]: 172.20.0.100 - - [29/Sep/2025:20:24:35 +0000] "PUT /d1/54/AUTH_5497b68335b649b9a91a2e7be6ecabe7/gnocchi.7bb15e61-58e5-4f57-a703-c9c3cc708114/none_v3" 201 - "PUT http://172.18.0.2:8080/d1/930/AUTH_5497b68335b649b9a91a2e7be6ecabe7/gnocchi.7bb15e61-58e5-4f57-a703-c9c3cc708114/none_v3" "txb319fb09fe4b4bb69cf16-0068daeb03" "object-server 24" 0.0004 "-" 21 0
Sep 29 20:24:35 standalone object-server[144971]: 172.20.0.100 - - [29/Sep/2025:20:24:35 +0000] "PUT /d1/930/AUTH_5497b68335b649b9a91a2e7be6ecabe7/gnocchi.7bb15e61-58e5-4f57-a703-c9c3cc708114/none_v3" 201 - "PUT http://172.18.0.2:8080/v1/AUTH_5497b68335b649b9a91a2e7be6ecabe7/gnocchi.7bb15e61-58e5-4f57-a703-c9c3cc708114/none_v3" "txb319fb09fe4b4bb69cf16-0068daeb03" "proxy-server 20" 0.0369 "-" 24 0
Sep 29 20:24:35 standalone proxy-server[146801]: 172.18.0.2 172.18.0.100 29/Sep/2025/20/24/35 PUT /v1/AUTH_5497b68335b649b9a91a2e7be6ecabe7/gnocchi.7bb15e61-58e5-4f57-a703-c9c3cc708114/none_v3 HTTP/1.0 201 - python-swiftclient-3.11.1 gAAAAABo2uq_m4ZM... 22 - - txb319fb09fe4b4bb69cf16-0068daeb03 - 0.0451 - - 1759177475.926462889 1759177475.971588850 0
Sep 29 20:24:36 standalone container-server[144850]: 172.20.0.100 - - [29/Sep/2025:20:24:36 +0000] "HEAD /d1/553/AUTH_5497b68335b649b9a91a2e7be6ecabe7/gnocchi.1d799137-3919-4e6e-bd5e-7fa20a50e619" 404 - "HEAD http://172.18.0.2:8080/v1/AUTH_5497b68335b649b9a91a2e7be6ecabe7/gnocchi.1d799137-3919-4e6e-bd5e-7fa20a50e619?format=json&states=listing" "tx47fccbb123344c2cbb2e0-0068daeb04" "proxy-server 20" 0.0003 "-" 21 0
Sep 29 20:24:36 standalone object-server[144974]: 172.20.0.100 - - [29/Sep/2025:20:24:36 +0000] "GET /d1/906/AUTH_5497b68335b649b9a91a2e7be6ecabe7/gnocchi.1d799137-3919-4e6e-bd5e-7fa20a50e619/none_v3" 404 70 "GET http://172.18.0.2:8080/v1/AUTH_5497b68335b649b9a91a2e7be6ecabe7/gnocchi.1d799137-3919-4e6e-bd5e-7fa20a50e619/none_v3" "tx47fccbb123344c2cbb2e0-0068daeb04" "proxy-server 20" 0.0003 "-" 25 0
Sep 29 20:24:36 standalone proxy-server[146801]: 172.18.0.2 172.18.0.100 29/Sep/2025/20/24/36 GET /v1/AUTH_5497b68335b649b9a91a2e7be6ecabe7/gnocchi.1d799137-3919-4e6e-bd5e-7fa20a50e619/none_v3 HTTP/1.0 404 - python-swiftclient-3.11.1 gAAAAABo2uq_m4ZM... - 70 - tx47fccbb123344c2cbb2e0-0068daeb04 - 0.0103 - - 1759177476.012008905 1759177476.022289038 0
Sep 29 20:24:36 standalone account-server[144755]: 172.20.0.100 - - [29/Sep/2025:20:24:36 +0000] "PUT /d1/51/AUTH_5497b68335b649b9a91a2e7be6ecabe7/gnocchi.1d799137-3919-4e6e-bd5e-7fa20a50e619" 201 - "PUT http://172.20.0.100:6001/d1/553/AUTH_5497b68335b649b9a91a2e7be6ecabe7/gnocchi.1d799137-3919-4e6e-bd5e-7fa20a50e619" "tx12593703d11d401bacc81-0068daeb04" "container-server 20" 0.0052 "-" 21 0
Sep 29 20:24:36 standalone container-server[144847]: 172.20.0.100 - - [29/Sep/2025:20:24:36 +0000] "PUT /d1/553/AUTH_5497b68335b649b9a91a2e7be6ecabe7/gnocchi.1d799137-3919-4e6e-bd5e-7fa20a50e619" 201 - "PUT http://172.18.0.2:8080/v1/AUTH_5497b68335b649b9a91a2e7be6ecabe7/gnocchi.1d799137-3919-4e6e-bd5e-7fa20a50e619" "tx12593703d11d401bacc81-0068daeb04" "proxy-server 20" 0.0194 "-" 20 0
Sep 29 20:24:36 standalone proxy-server[146801]: 172.18.0.2 172.18.0.100 29/Sep/2025/20/24/36 PUT /v1/AUTH_5497b68335b649b9a91a2e7be6ecabe7/gnocchi.1d799137-3919-4e6e-bd5e-7fa20a50e619 HTTP/1.0 201 - python-swiftclient-3.11.1 gAAAAABo2uq_m4ZM... - - - tx12593703d11d401bacc81-0068daeb04 - 0.0251 - - 1759177476.025397539 1759177476.050488234 0
Sep 29 20:24:36 standalone container-server[144860]: 172.20.0.100 - - [29/Sep/2025:20:24:36 +0000] "HEAD /d1/553/AUTH_5497b68335b649b9a91a2e7be6ecabe7/gnocchi.1d799137-3919-4e6e-bd5e-7fa20a50e619" 204 - "HEAD http://172.18.0.2:8080/v1/AUTH_5497b68335b649b9a91a2e7be6ecabe7/gnocchi.1d799137-3919-4e6e-bd5e-7fa20a50e619?format=json&states=listing" "txd0e81f4f065045a881828-0068daeb04" "proxy-server 20" 0.0012 "-" 23 0
Sep 29 20:24:36 standalone proxy-server[146801]: - - 29/Sep/2025/20/24/36 HEAD /v1/AUTH_5497b68335b649b9a91a2e7be6ecabe7/gnocchi.1d799137-3919-4e6e-bd5e-7fa20a50e619%3Fformat%3Djson%26states%3Dlisting HTTP/1.0 204 - Swift - - - - txd0e81f4f065045a881828-0068daeb04 - 0.0047 RL - 1759177476.062097311 1759177476.066818237 0
Sep 29 20:24:36 standalone container-server[144847]: 172.20.0.100 - - [29/Sep/2025:20:24:36 +0000] "GET /d1/553/AUTH_5497b68335b649b9a91a2e7be6ecabe7/gnocchi.1d799137-3919-4e6e-bd5e-7fa20a50e619" 200 2 "GET http://172.18.0.2:8080/v1/AUTH_5497b68335b649b9a91a2e7be6ecabe7/gnocchi.1d799137-3919-4e6e-bd5e-7fa20a50e619?format=json&states=listing" "txd0e81f4f065045a881828-0068daeb04" "proxy-server 20" 0.0021 "-" 20 0
Sep 29 20:24:36 standalone proxy-server[146801]: 172.18.0.2 172.18.0.100 29/Sep/2025/20/24/36 GET /v1/AUTH_5497b68335b649b9a91a2e7be6ecabe7/gnocchi.1d799137-3919-4e6e-bd5e-7fa20a50e619%3Fformat%3Djson%26states%3Dlisting HTTP/1.0 200 - python-swiftclient-3.11.1 gAAAAABo2uq_m4ZM... - 2 - txd0e81f4f065045a881828-0068daeb04 - 0.0131 - - 1759177476.060915709 1759177476.074055910 0
Sep 29 20:24:36 standalone object-server[144968]: 172.20.0.100 - - [29/Sep/2025:20:24:36 +0000] "GET /d1/919/AUTH_5497b68335b649b9a91a2e7be6ecabe7/gnocchi.1d799137-3919-4e6e-bd5e-7fa20a50e619/1758240000.0_mean_300.0_v3" 404 70 "GET http://172.18.0.2:8080/v1/AUTH_5497b68335b649b9a91a2e7be6ecabe7/gnocchi.1d799137-3919-4e6e-bd5e-7fa20a50e619/1758240000.0_mean_300.0_v3" "tx654be0ea4a6a48ac9a198-0068daeb04" "proxy-server 20" 0.0004 "-" 23 0
