Sep 29 20:25:46 standalone proxy-server[146801]: 172.18.0.2 172.18.0.100 29/Sep/2025/20/25/46 GET /v1/AUTH_5497b68335b649b9a91a2e7be6ecabe7/gnocchi.fe16a39c-a24e-45f7-b7ab-107fd5395b00/1758240000.0_mean_300.0_v3 HTTP/1.0 404 - python-swiftclient-3.11.1 gAAAAABo2uq_m4ZM... - 70 - tx5393a259dbdf4de498273-0068daeb4a - 0.0101 - - 1759177546.521071911 1759177546.531190872 0
Sep 29 20:25:46 standalone container-server[144856]: 172.20.0.100 - - [29/Sep/2025:20:25:46 +0000] "PUT /d1/63/AUTH_5497b68335b649b9a91a2e7be6ecabe7/gnocchi.fe16a39c-a24e-45f7-b7ab-107fd5395b00/1758240000.0_mean_300.0_v3" 201 - "PUT http://172.18.0.2:8080/d1/416/AUTH_5497b68335b649b9a91a2e7be6ecabe7/gnocchi.fe16a39c-a24e-45f7-b7ab-107fd5395b00/1758240000.0_mean_300.0_v3" "tx1244ca69f37a46b4ae62b-0068daeb4a" "object-server 23" 0.0006 "-" 22 0
Sep 29 20:25:46 standalone object-server[144968]: 172.20.0.100 - - [29/Sep/2025:20:25:46 +0000] "PUT /d1/416/AUTH_5497b68335b649b9a91a2e7be6ecabe7/gnocchi.fe16a39c-a24e-45f7-b7ab-107fd5395b00/1758240000.0_mean_300.0_v3" 201 - "PUT http://172.18.0.2:8080/v1/AUTH_5497b68335b649b9a91a2e7be6ecabe7/gnocchi.fe16a39c-a24e-45f7-b7ab-107fd5395b00/1758240000.0_mean_300.0_v3" "tx1244ca69f37a46b4ae62b-0068daeb4a" "proxy-server 20" 0.0179 "-" 23 0
Sep 29 20:25:46 standalone proxy-server[146801]: 172.18.0.2 172.18.0.100 29/Sep/2025/20/25/46 PUT /v1/AUTH_5497b68335b649b9a91a2e7be6ecabe7/gnocchi.fe16a39c-a24e-45f7-b7ab-107fd5395b00/1758240000.0_mean_300.0_v3 HTTP/1.0 201 - python-swiftclient-3.11.1 gAAAAABo2uq_m4ZM... 16 - - tx1244ca69f37a46b4ae62b-0068daeb4a - 0.0337 - - 1759177546.536118984 1759177546.569806337 0
Sep 29 20:25:46 standalone container-server[144856]: 172.20.0.100 - - [29/Sep/2025:20:25:46 +0000] "PUT /d1/63/AUTH_5497b68335b649b9a91a2e7be6ecabe7/gnocchi.fe16a39c-a24e-45f7-b7ab-107fd5395b00/none_v3" 201 - "PUT http://172.18.0.2:8080/d1/133/AUTH_5497b68335b649b9a91a2e7be6ecabe7/gnocchi.fe16a39c-a24e-45f7-b7ab-107fd5395b00/none_v3" "tx485c8dff976f4ce6a5013-0068daeb4a" "object-server 25" 0.0005 "-" 22 0
Sep 29 20:25:46 standalone object-server[144974]: 172.20.0.100 - - [29/Sep/2025:20:25:46 +0000] "PUT /d1/133/AUTH_5497b68335b649b9a91a2e7be6ecabe7/gnocchi.fe16a39c-a24e-45f7-b7ab-107fd5395b00/none_v3" 201 - "PUT http://172.18.0.2:8080/v1/AUTH_5497b68335b649b9a91a2e7be6ecabe7/gnocchi.fe16a39c-a24e-45f7-b7ab-107fd5395b00/none_v3" "tx485c8dff976f4ce6a5013-0068daeb4a" "proxy-server 20" 0.0179 "-" 25 0
Sep 29 20:25:46 standalone proxy-server[146801]: 172.18.0.2 172.18.0.100 29/Sep/2025/20/25/46 PUT /v1/AUTH_5497b68335b649b9a91a2e7be6ecabe7/gnocchi.fe16a39c-a24e-45f7-b7ab-107fd5395b00/none_v3 HTTP/1.0 201 - python-swiftclient-3.11.1 gAAAAABo2uq_m4ZM... 22 - - tx485c8dff976f4ce6a5013-0068daeb4a - 0.0298 - - 1759177546.575424910 1759177546.605254173 0
Sep 29 20:25:46 standalone container-server[144847]: 172.20.0.100 - - [29/Sep/2025:20:25:46 +0000] "HEAD /d1/344/AUTH_5497b68335b649b9a91a2e7be6ecabe7/gnocchi.87169218-56b3-4a53-aedc-6d6345378f1e" 404 - "HEAD http://172.18.0.2:8080/v1/AUTH_5497b68335b649b9a91a2e7be6ecabe7/gnocchi.87169218-56b3-4a53-aedc-6d6345378f1e?format=json&states=listing" "txce4313f6c2a94e828fcc0-0068daeb4a" "proxy-server 20" 0.0008 "-" 20 0
Sep 29 20:25:46 standalone object-server[144968]: 172.20.0.100 - - [29/Sep/2025:20:25:46 +0000] "GET /d1/968/AUTH_5497b68335b649b9a91a2e7be6ecabe7/gnocchi.87169218-56b3-4a53-aedc-6d6345378f1e/none_v3" 404 70 "GET http://172.18.0.2:8080/v1/AUTH_5497b68335b649b9a91a2e7be6ecabe7/gnocchi.87169218-56b3-4a53-aedc-6d6345378f1e/none_v3" "txce4313f6c2a94e828fcc0-0068daeb4a" "proxy-server 20" 0.0007 "-" 23 0
Sep 29 20:25:46 standalone proxy-server[146801]: 172.18.0.2 172.18.0.100 29/Sep/2025/20/25/46 GET /v1/AUTH_5497b68335b649b9a91a2e7be6ecabe7/gnocchi.87169218-56b3-4a53-aedc-6d6345378f1e/none_v3 HTTP/1.0 404 - python-swiftclient-3.11.1 gAAAAABo2uq_m4ZM... - 70 - txce4313f6c2a94e828fcc0-0068daeb4a - 0.0257 - - 1759177546.632098675 1759177546.657835960 0
Sep 29 20:25:46 standalone account-server[144765]: 172.20.0.100 - - [29/Sep/2025:20:25:46 +0000] "PUT /d1/51/AUTH_5497b68335b649b9a91a2e7be6ecabe7/gnocchi.87169218-56b3-4a53-aedc-6d6345378f1e" 201 - "PUT http://172.20.0.100:6001/d1/344/AUTH_5497b68335b649b9a91a2e7be6ecabe7/gnocchi.87169218-56b3-4a53-aedc-6d6345378f1e" "tx11bbe8292f8944828d4f5-0068daeb4a" "container-server 22" 0.0048 "-" 23 0
Sep 29 20:25:46 standalone container-server[144856]: 172.20.0.100 - - [29/Sep/2025:20:25:46 +0000] "PUT /d1/344/AUTH_5497b68335b649b9a91a2e7be6ecabe7/gnocchi.87169218-56b3-4a53-aedc-6d6345378f1e" 201 - "PUT http://172.18.0.2:8080/v1/AUTH_5497b68335b649b9a91a2e7be6ecabe7/gnocchi.87169218-56b3-4a53-aedc-6d6345378f1e" "tx11bbe8292f8944828d4f5-0068daeb4a" "proxy-server 20" 0.0151 "-" 22 0
Sep 29 20:25:46 standalone proxy-server[146801]: 172.18.0.2 172.18.0.100 29/Sep/2025/20/25/46 PUT /v1/AUTH_5497b68335b649b9a91a2e7be6ecabe7/gnocchi.87169218-56b3-4a53-aedc-6d6345378f1e HTTP/1.0 201 - python-swiftclient-3.11.1 gAAAAABo2uq_m4ZM... - - - tx11bbe8292f8944828d4f5-0068daeb4a - 0.0202 - - 1759177546.664037704 1759177546.684264660 0
Sep 29 20:25:46 standalone container-server[144847]: 172.20.0.100 - - [29/Sep/2025:20:25:46 +0000] "HEAD /d1/344/AUTH_5497b68335b649b9a91a2e7be6ecabe7/gnocchi.87169218-56b3-4a53-aedc-6d6345378f1e" 204 - "HEAD http://172.18.0.2:8080/v1/AUTH_5497b68335b649b9a91a2e7be6ecabe7/gnocchi.87169218-56b3-4a53-aedc-6d6345378f1e?format=json&states=listing" "tx08a8fca7cf78438ab227c-0068daeb4a" "proxy-server 20" 0.0040 "-" 20 0
Sep 29 20:25:46 standalone proxy-server[146801]: - - 29/Sep/2025/20/25/46 HEAD /v1/AUTH_5497b68335b649b9a91a2e7be6ecabe7/gnocchi.87169218-56b3-4a53-aedc-6d6345378f1e%3Fformat%3Djson%26states%3Dlisting HTTP/1.0 204 - Swift - - - - tx08a8fca7cf78438ab227c-0068daeb4a - 0.0150 RL - 1759177546.691008806 1759177546.706033230 0
Sep 29 20:25:46 standalone container-server[144847]: 172.20.0.100 - - [29/Sep/2025:20:25:46 +0000] "GET /d1/344/AUTH_5497b68335b649b9a91a2e7be6ecabe7/gnocchi.87169218-56b3-4a53-aedc-6d6345378f1e" 200 2 "GET http://172.18.0.2:8080/v1/AUTH_5497b68335b649b9a91a2e7be6ecabe7/gnocchi.87169218-56b3-4a53-aedc-6d6345378f1e?format=json&states=listing" "tx08a8fca7cf78438ab227c-0068daeb4a" "proxy-server 20" 0.0039 "-" 20 0
Sep 29 20:25:46 standalone proxy-server[146801]: 172.18.0.2 172.18.0.100 29/Sep/2025/20/25/46 GET /v1/AUTH_5497b68335b649b9a91a2e7be6ecabe7/gnocchi.87169218-56b3-4a53-aedc-6d6345378f1e%3Fformat%3Djson%26states%3Dlisting HTTP/1.0 200 - python-swiftclient-3.11.1 gAAAAABo2uq_m4ZM... - 2 - tx08a8fca7cf78438ab227c-0068daeb4a - 0.0270 - - 1759177546.689784050 1759177546.716810942 0
Sep 29 20:25:46 standalone object-server[144974]: 172.20.0.100 - - [29/Sep/2025:20:25:46 +0000] "GET /d1/335/AUTH_5497b68335b649b9a91a2e7be6ecabe7/gnocchi.87169218-56b3-4a53-aedc-6d6345378f1e/1758240000.0_mean_300.0_v3" 404 70 "GET http://172.18.0.2:8080/v1/AUTH_5497b68335b649b9a91a2e7be6ecabe7/gnocchi.87169218-56b3-4a53-aedc-6d6345378f1e/1758240000.0_mean_300.0_v3" "txc93efa04bb83445cb96f1-0068daeb4a" "proxy-server 20" 0.0003 "-" 25 0
Sep 29 20:25:46 standalone proxy-server[146801]: 172.18.0.2 172.18.0.100 29/Sep/2025/20/25/46 GET /v1/AUTH_5497b68335b649b9a91a2e7be6ecabe7/gnocchi.87169218-56b3-4a53-aedc-6d6345378f1e/1758240000.0_mean_300.0_v3 HTTP/1.0 404 - python-swiftclient-3.11.1 gAAAAABo2uq_m4ZM... - 70 - txc93efa04bb83445cb96f1-0068daeb4a - 0.0054 - - 1759177546.722721815 1759177546.728085041 0
Sep 29 20:25:46 standalone container-server[144850]: 172.20.0.100 - - [29/Sep/2025:20:25:46 +0000] "PUT /d1/344/AUTH_5497b68335b649b9a91a2e7be6ecabe7/gnocchi.87169218-56b3-4a53-aedc-6d6345378f1e/1758240000.0_mean_300.0_v3" 201 - "PUT http://172.18.0.2:8080/d1/335/AUTH_5497b68335b649b9a91a2e7be6ecabe7/gnocchi.87169218-56b3-4a53-aedc-6d6345378f1e/1758240000.0_mean_300.0_v3" "tx2f073e311276436fab006-0068daeb4a" "object-server 24" 0.0006 "-" 21 0
Sep 29 20:25:46 standalone object-server[144971]: 172.20.0.100 - - [29/Sep/2025:20:25:46 +0000] "PUT /d1/335/AUTH_5497b68335b649b9a91a2e7be6ecabe7/gnocchi.87169218-56b3-4a53-aedc-6d6345378f1e/1758240000.0_mean_300.0_v3" 201 - "PUT http://172.18.0.2:8080/v1/AUTH_5497b68335b649b9a91a2e7be6ecabe7/gnocchi.87169218-56b3-4a53-aedc-6d6345378f1e/1758240000.0_mean_300.0_v3" "tx2f073e311276436fab006-0068daeb4a" "proxy-server 20" 0.0078 "-" 24 0
Sep 29 20:25:46 standalone proxy-server[146801]: 172.18.0.2 172.18.0.100 29/Sep/2025/20/25/46 PUT /v1/AUTH_5497b68335b649b9a91a2e7be6ecabe7/gnocchi.87169218-56b3-4a53-aedc-6d6345378f1e/1758240000.0_mean_300.0_v3 HTTP/1.0 201 - python-swiftclient-3.11.1 gAAAAABo2uq_m4ZM... 16 - - tx2f073e311276436fab006-0068daeb4a - 0.0134 - - 1759177546.730695009 1759177546.744047165 0
Sep 29 20:25:46 standalone container-server[144860]: 172.20.0.100 - - [29/Sep/2025:20:25:46 +0000] "PUT /d1/344/AUTH_5497b68335b649b9a91a2e7be6ecabe7/gnocchi.87169218-56b3-4a53-aedc-6d6345378f1e/none_v3" 201 - "PUT http://172.18.0.2:8080/d1/968/AUTH_5497b68335b649b9a91a2e7be6ecabe7/gnocchi.87169218-56b3-4a53-aedc-6d6345378f1e/none_v3" "tx8bb20ade358e41b392c44-0068daeb4a" "object-server 24" 0.0004 "-" 23 0
Sep 29 20:25:46 standalone object-server[144971]: 172.20.0.100 - - [29/Sep/2025:20:25:46 +0000] "PUT /d1/968/AUTH_5497b68335b649b9a91a2e7be6ecabe7/gnocchi.87169218-56b3-4a53-aedc-6d6345378f1e/none_v3" 201 - "PUT http://172.18.0.2:8080/v1/AUTH_5497b68335b649b9a91a2e7be6ecabe7/gnocchi.87169218-56b3-4a53-aedc-6d6345378f1e/none_v3" "tx8bb20ade358e41b392c44-0068daeb4a" "proxy-server 20" 0.0086 "-" 24 0
Sep 29 20:25:46 standalone proxy-server[146801]: 172.18.0.2 172.18.0.100 29/Sep/2025/20/25/46 PUT /v1/AUTH_5497b68335b649b9a91a2e7be6ecabe7/gnocchi.87169218-56b3-4a53-aedc-6d6345378f1e/none_v3 HTTP/1.0 201 - python-swiftclient-3.11.1 gAAAAABo2uq_m4ZM... 22 - - tx8bb20ade358e41b392c44-0068daeb4a - 0.0139 - - 1759177546.746864319 1759177546.760726690 0
Sep 29 20:25:50 standalone container-server[144847]: 172.20.0.100 - - [29/Sep/2025:20:25:50 +0000] "HEAD /d1/722/AUTH_5497b68335b649b9a91a2e7be6ecabe7/gnocchi.106f5b53-c81b-436a-970b-8d6ac53efe8d" 404 - "HEAD http://172.18.0.2:8080/v1/AUTH_5497b68335b649b9a91a2e7be6ecabe7/gnocchi.106f5b53-c81b-436a-970b-8d6ac53efe8d?format=json&states=listing" "tx54d46b2186ce482aa5b4c-0068daeb4e" "proxy-server 20" 0.0005 "-" 20 0
Sep 29 20:25:50 standalone object-server[144966]: 172.20.0.100 - - [29/Sep/2025:20:25:50 +0000] "GET /d1/553/AUTH_5497b68335b649b9a91a2e7be6ecabe7/gnocchi.106f5b53-c81b-436a-970b-8d6ac53efe8d/none_v3" 404 70 "GET http://172.18.0.2:8080/v1/AUTH_5497b68335b649b9a91a2e7be6ecabe7/gnocchi.106f5b53-c81b-436a-970b-8d6ac53efe8d/none_v3" "tx54d46b2186ce482aa5b4c-0068daeb4e" "proxy-server 20" 0.0005 "-" 22 0
Sep 29 20:25:50 standalone proxy-server[146801]: 172.18.0.2 172.18.0.100 29/Sep/2025/20/25/50 GET /v1/AUTH_5497b68335b649b9a91a2e7be6ecabe7/gnocchi.106f5b53-c81b-436a-970b-8d6ac53efe8d/none_v3 HTTP/1.0 404 - python-swiftclient-3.11.1 gAAAAABo2uq_m4ZM... - 70 - tx54d46b2186ce482aa5b4c-0068daeb4e - 0.0139 - - 1759177550.115840197 1759177550.129749060 0
Sep 29 20:25:50 standalone account-server[144761]: 172.20.0.100 - - [29/Sep/2025:20:25:50 +0000] "PUT /d1/51/AUTH_5497b68335b649b9a91a2e7be6ecabe7/gnocchi.106f5b53-c81b-436a-970b-8d6ac53efe8d" 201 - "PUT http://172.20.0.100:6001/d1/722/AUTH_5497b68335b649b9a91a2e7be6ecabe7/gnocchi.106f5b53-c81b-436a-970b-8d6ac53efe8d" "tx001addbf3b6c412280662-0068daeb4e" "container-server 20" 0.0059 "-" 22 0
Sep 29 20:25:50 standalone container-server[144847]: 172.20.0.100 - - [29/Sep/2025:20:25:50 +0000] "PUT /d1/722/AUTH_5497b68335b649b9a91a2e7be6ecabe7/gnocchi.106f5b53-c81b-436a-970b-8d6ac53efe8d" 201 - "PUT http://172.18.0.2:8080/v1/AUTH_5497b68335b649b9a91a2e7be6ecabe7/gnocchi.106f5b53-c81b-436a-970b-8d6ac53efe8d" "tx001addbf3b6c412280662-0068daeb4e" "proxy-server 20" 0.0186 "-" 20 0
Sep 29 20:25:50 standalone proxy-server[146801]: 172.18.0.2 172.18.0.100 29/Sep/2025/20/25/50 PUT /v1/AUTH_5497b68335b649b9a91a2e7be6ecabe7/gnocchi.106f5b53-c81b-436a-970b-8d6ac53efe8d HTTP/1.0 201 - python-swiftclient-3.11.1 gAAAAABo2uq_m4ZM... - - - tx001addbf3b6c412280662-0068daeb4e - 0.0249 - - 1759177550.132552147 1759177550.157494068 0
Sep 29 20:25:50 standalone container-server[144860]: 172.20.0.100 - - [29/Sep/2025:20:25:50 +0000] "HEAD /d1/722/AUTH_5497b68335b649b9a91a2e7be6ecabe7/gnocchi.106f5b53-c81b-436a-970b-8d6ac53efe8d" 204 - "HEAD http://172.18.0.2:8080/v1/AUTH_5497b68335b649b9a91a2e7be6ecabe7/gnocchi.106f5b53-c81b-436a-970b-8d6ac53efe8d?format=json&states=listing" "tx787ba99455da49f985cd3-0068daeb4e" "proxy-server 20" 0.0013 "-" 23 0
Sep 29 20:25:50 standalone proxy-server[146801]: - - 29/Sep/2025/20/25/50 HEAD /v1/AUTH_5497b68335b649b9a91a2e7be6ecabe7/gnocchi.106f5b53-c81b-436a-970b-8d6ac53efe8d%3Fformat%3Djson%26states%3Dlisting HTTP/1.0 204 - Swift - - - - tx787ba99455da49f985cd3-0068daeb4e - 0.0042 RL - 1759177550.162148714 1759177550.166337967 0
Sep 29 20:25:50 standalone container-server[144860]: 172.20.0.100 - - [29/Sep/2025:20:25:50 +0000] "GET /d1/722/AUTH_5497b68335b649b9a91a2e7be6ecabe7/gnocchi.106f5b53-c81b-436a-970b-8d6ac53efe8d" 200 2 "GET http://172.18.0.2:8080/v1/AUTH_5497b68335b649b9a91a2e7be6ecabe7/gnocchi.106f5b53-c81b-436a-970b-8d6ac53efe8d?format=json&states=listing" "tx787ba99455da49f985cd3-0068daeb4e" "proxy-server 20" 0.0015 "-" 23 0
Sep 29 20:25:50 standalone proxy-server[146801]: 172.18.0.2 172.18.0.100 29/Sep/2025/20/25/50 GET /v1/AUTH_5497b68335b649b9a91a2e7be6ecabe7/gnocchi.106f5b53-c81b-436a-970b-8d6ac53efe8d%3Fformat%3Djson%26states%3Dlisting HTTP/1.0 200 - python-swiftclient-3.11.1 gAAAAABo2uq_m4ZM... - 2 - tx787ba99455da49f985cd3-0068daeb4e - 0.0128 - - 1759177550.160345316 1759177550.173104048 0
Sep 29 20:25:50 standalone object-server[144968]: 172.20.0.100 - - [29/Sep/2025:20:25:50 +0000] "GET /d1/432/AUTH_5497b68335b649b9a91a2e7be6ecabe7/gnocchi.106f5b53-c81b-436a-970b-8d6ac53efe8d/1758240000.0_mean_300.0_v3" 404 70 "GET http://172.18.0.2:8080/v1/AUTH_5497b68335b649b9a91a2e7be6ecabe7/gnocchi.106f5b53-c81b-436a-970b-8d6ac53efe8d/1758240000.0_mean_300.0_v3" "tx1fda289584b14768b0a9a-0068daeb4e" "proxy-server 20" 0.0003 "-" 23 0
Sep 29 20:25:50 standalone proxy-server[146801]: 172.18.0.2 172.18.0.100 29/Sep/2025/20/25/50 GET /v1/AUTH_5497b68335b649b9a91a2e7be6ecabe7/gnocchi.106f5b53-c81b-436a-970b-8d6ac53efe8d/1758240000.0_mean_300.0_v3 HTTP/1.0 404 - python-swiftclient-3.11.1 gAAAAABo2uq_m4ZM... - 70 - tx1fda289584b14768b0a9a-0068daeb4e - 0.0042 - - 1759177550.175862789 1759177550.180039883 0
Sep 29 20:25:50 standalone container-server[144860]: 172.20.0.100 - - [29/Sep/2025:20:25:50 +0000] "PUT /d1/722/AUTH_5497b68335b649b9a91a2e7be6ecabe7/gnocchi.106f5b53-c81b-436a-970b-8d6ac53efe8d/1758240000.0_mean_300.0_v3" 201 - "PUT http://172.18.0.2:8080/d1/432/AUTH_5497b68335b649b9a91a2e7be6ecabe7/gnocchi.106f5b53-c81b-436a-970b-8d6ac53efe8d/1758240000.0_mean_300.0_v3" "tx62b0af0db79b40e4bad38-0068daeb4e" "object-server 24" 0.0005 "-" 23 0
Sep 29 20:25:50 standalone object-server[144971]: 172.20.0.100 - - [29/Sep/2025:20:25:50 +0000] "PUT /d1/432/AUTH_5497b68335b649b9a91a2e7be6ecabe7/gnocchi.106f5b53-c81b-436a-970b-8d6ac53efe8d/1758240000.0_mean_300.0_v3" 201 - "PUT http://172.18.0.2:8080/v1/AUTH_5497b68335b649b9a91a2e7be6ecabe7/gnocchi.106f5b53-c81b-436a-970b-8d6ac53efe8d/1758240000.0_mean_300.0_v3" "tx62b0af0db79b40e4bad38-0068daeb4e" "proxy-server 20" 0.0134 "-" 24 0
Sep 29 20:25:50 standalone proxy-server[146801]: 172.18.0.2 172.18.0.100 29/Sep/2025/20/25/50 PUT /v1/AUTH_5497b68335b649b9a91a2e7be6ecabe7/gnocchi.106f5b53-c81b-436a-970b-8d6ac53efe8d/1758240000.0_mean_300.0_v3 HTTP/1.0 201 - python-swiftclient-3.11.1 gAAAAABo2uq_m4ZM... 16 - - tx62b0af0db79b40e4bad38-0068daeb4e - 0.0196 - - 1759177550.183120966 1759177550.202698946 0
Sep 29 20:25:50 standalone container-server[144850]: 172.20.0.100 - - [29/Sep/2025:20:25:50 +0000] "PUT /d1/722/AUTH_5497b68335b649b9a91a2e7be6ecabe7/gnocchi.106f5b53-c81b-436a-970b-8d6ac53efe8d/none_v3" 201 - "PUT http://172.18.0.2:8080/d1/553/AUTH_5497b68335b649b9a91a2e7be6ecabe7/gnocchi.106f5b53-c81b-436a-970b-8d6ac53efe8d/none_v3" "txcb0c0e49c4a645a5bf4fe-0068daeb4e" "object-server 24" 0.0007 "-" 21 0
Sep 29 20:25:50 standalone object-server[144971]: 172.20.0.100 - - [29/Sep/2025:20:25:50 +0000] "PUT /d1/553/AUTH_5497b68335b649b9a91a2e7be6ecabe7/gnocchi.106f5b53-c81b-436a-970b-8d6ac53efe8d/none_v3" 201 - "PUT http://172.18.0.2:8080/v1/AUTH_5497b68335b649b9a91a2e7be6ecabe7/gnocchi.106f5b53-c81b-436a-970b-8d6ac53efe8d/none_v3" "txcb0c0e49c4a645a5bf4fe-0068daeb4e" "proxy-server 20" 0.0087 "-" 24 0
Sep 29 20:25:50 standalone proxy-server[146801]: 172.18.0.2 172.18.0.100 29/Sep/2025/20/25/50 PUT /v1/AUTH_5497b68335b649b9a91a2e7be6ecabe7/gnocchi.106f5b53-c81b-436a-970b-8d6ac53efe8d/none_v3 HTTP/1.0 201 - python-swiftclient-3.11.1 gAAAAABo2uq_m4ZM... 22 - - txcb0c0e49c4a645a5bf4fe-0068daeb4e - 0.0137 - - 1759177550.205103636 1759177550.218779325 0
Sep 29 20:25:50 standalone container-server[144850]: 172.20.0.100 - - [29/Sep/2025:20:25:50 +0000] "HEAD /d1/189/AUTH_5497b68335b649b9a91a2e7be6ecabe7/gnocchi.816fd65a-17bc-4f67-9514-52ceb6649d91" 404 - "HEAD http://172.18.0.2:8080/v1/AUTH_5497b68335b649b9a91a2e7be6ecabe7/gnocchi.816fd65a-17bc-4f67-9514-52ceb6649d91?format=json&states=listing" "tx6d6a6b8fae514d56969fc-0068daeb4e" "proxy-server 20" 0.0005 "-" 21 0
Sep 29 20:25:50 standalone object-server[144966]: 172.20.0.100 - - [29/Sep/2025:20:25:50 +0000] "GET /d1/631/AUTH_5497b68335b649b9a91a2e7be6ecabe7/gnocchi.816fd65a-17bc-4f67-9514-52ceb6649d91/none_v3" 404 70 "GET http://172.18.0.2:8080/v1/AUTH_5497b68335b649b9a91a2e7be6ecabe7/gnocchi.816fd65a-17bc-4f67-9514-52ceb6649d91/none_v3" "tx6d6a6b8fae514d56969fc-0068daeb4e" "proxy-server 20" 0.0003 "-" 22 0
Sep 29 20:25:50 standalone proxy-server[146801]: 172.18.0.2 172.18.0.100 29/Sep/2025/20/25/50 GET /v1/AUTH_5497b68335b649b9a91a2e7be6ecabe7/gnocchi.816fd65a-17bc-4f67-9514-52ceb6649d91/none_v3 HTTP/1.0 404 - python-swiftclient-3.11.1 gAAAAABo2uq_m4ZM... - 70 - tx6d6a6b8fae514d56969fc-0068daeb4e - 0.0119 - - 1759177550.231844425 1759177550.243762732 0
Sep 29 20:25:50 standalone account-server[144755]: 172.20.0.100 - - [29/Sep/2025:20:25:50 +0000] "PUT /d1/51/AUTH_5497b68335b649b9a91a2e7be6ecabe7/gnocchi.816fd65a-17bc-4f67-9514-52ceb6649d91" 201 - "PUT http://172.20.0.100:6001/d1/189/AUTH_5497b68335b649b9a91a2e7be6ecabe7/gnocchi.816fd65a-17bc-4f67-9514-52ceb6649d91" "tx3d4593e4e86e46fe898c8-0068daeb4e" "container-server 21" 0.0083 "-" 21 0
Sep 29 20:25:50 standalone container-server[144850]: 172.20.0.100 - - [29/Sep/2025:20:25:50 +0000] "PUT /d1/189/AUTH_5497b68335b649b9a91a2e7be6ecabe7/gnocchi.816fd65a-17bc-4f67-9514-52ceb6649d91" 201 - "PUT http://172.18.0.2:8080/v1/AUTH_5497b68335b649b9a91a2e7be6ecabe7/gnocchi.816fd65a-17bc-4f67-9514-52ceb6649d91" "tx3d4593e4e86e46fe898c8-0068daeb4e" "proxy-server 20" 0.0248 "-" 21 0
Sep 29 20:25:50 standalone proxy-server[146801]: 172.18.0.2 172.18.0.100 29/Sep/2025/20/25/50 PUT /v1/AUTH_5497b68335b649b9a91a2e7be6ecabe7/gnocchi.816fd65a-17bc-4f67-9514-52ceb6649d91 HTTP/1.0 201 - python-swiftclient-3.11.1 gAAAAABo2uq_m4ZM... - - - tx3d4593e4e86e46fe898c8-0068daeb4e - 0.0304 - - 1759177550.246582747 1759177550.277015924 0
Sep 29 20:25:50 standalone container-server[144856]: 172.20.0.100 - - [29/Sep/2025:20:25:50 +0000] "HEAD /d1/189/AUTH_5497b68335b649b9a91a2e7be6ecabe7/gnocchi.816fd65a-17bc-4f67-9514-52ceb6649d91" 204 - "HEAD http://172.18.0.2:8080/v1/AUTH_5497b68335b649b9a91a2e7be6ecabe7/gnocchi.816fd65a-17bc-4f67-9514-52ceb6649d91?format=json&states=listing" "tx7eb251c6cb8a43a8a72e6-0068daeb4e" "proxy-server 20" 0.0012 "-" 22 0
Sep 29 20:25:50 standalone proxy-server[146801]: - - 29/Sep/2025/20/25/50 HEAD /v1/AUTH_5497b68335b649b9a91a2e7be6ecabe7/gnocchi.816fd65a-17bc-4f67-9514-52ceb6649d91%3Fformat%3Djson%26states%3Dlisting HTTP/1.0 204 - Swift - - - - tx7eb251c6cb8a43a8a72e6-0068daeb4e - 0.0054 RL - 1759177550.282500029 1759177550.287936687 0
Sep 29 20:25:50 standalone container-server[144847]: 172.20.0.100 - - [29/Sep/2025:20:25:50 +0000] "GET /d1/189/AUTH_5497b68335b649b9a91a2e7be6ecabe7/gnocchi.816fd65a-17bc-4f67-9514-52ceb6649d91" 200 2 "GET http://172.18.0.2:8080/v1/AUTH_5497b68335b649b9a91a2e7be6ecabe7/gnocchi.816fd65a-17bc-4f67-9514-52ceb6649d91?format=json&states=listing" "tx7eb251c6cb8a43a8a72e6-0068daeb4e" "proxy-server 20" 0.0017 "-" 20 0
Sep 29 20:25:50 standalone proxy-server[146801]: 172.18.0.2 172.18.0.100 29/Sep/2025/20/25/50 GET /v1/AUTH_5497b68335b649b9a91a2e7be6ecabe7/gnocchi.816fd65a-17bc-4f67-9514-52ceb6649d91%3Fformat%3Djson%26states%3Dlisting HTTP/1.0 200 - python-swiftclient-3.11.1 gAAAAABo2uq_m4ZM... - 2 - tx7eb251c6cb8a43a8a72e6-0068daeb4e - 0.0159 - - 1759177550.281062841 1759177550.296941519 0
Sep 29 20:25:50 standalone object-server[144974]: 172.20.0.100 - - [29/Sep/2025:20:25:50 +0000] "GET /d1/246/AUTH_5497b68335b649b9a91a2e7be6ecabe7/gnocchi.816fd65a-17bc-4f67-9514-52ceb6649d91/1758240000.0_mean_300.0_v3" 404 70 "GET http://172.18.0.2:8080/v1/AUTH_5497b68335b649b9a91a2e7be6ecabe7/gnocchi.816fd65a-17bc-4f67-9514-52ceb6649d91/1758240000.0_mean_300.0_v3" "txc3203c9354384ffb99e6b-0068daeb4e" "proxy-server 20" 0.0004 "-" 25 0
Sep 29 20:25:50 standalone proxy-server[146801]: 172.18.0.2 172.18.0.100 29/Sep/2025/20/25/50 GET /v1/AUTH_5497b68335b649b9a91a2e7be6ecabe7/gnocchi.816fd65a-17bc-4f67-9514-52ceb6649d91/1758240000.0_mean_300.0_v3 HTTP/1.0 404 - python-swiftclient-3.11.1 gAAAAABo2uq_m4ZM... - 70 - txc3203c9354384ffb99e6b-0068daeb4e - 0.0065 - - 1759177550.300131559 1759177550.306600809 0
Sep 29 20:25:50 standalone container-server[144847]: 172.20.0.100 - - [29/Sep/2025:20:25:50 +0000] "PUT /d1/189/AUTH_5497b68335b649b9a91a2e7be6ecabe7/gnocchi.816fd65a-17bc-4f67-9514-52ceb6649d91/1758240000.0_mean_300.0_v3" 201 - "PUT http://172.18.0.2:8080/d1/246/AUTH_5497b68335b649b9a91a2e7be6ecabe7/gnocchi.816fd65a-17bc-4f67-9514-52ceb6649d91/1758240000.0_mean_300.0_v3" "txed503b1035214bcaa1cbf-0068daeb4e" "object-server 24" 0.0005 "-" 20 0
Sep 29 20:25:50 standalone object-server[144971]: 172.20.0.100 - - [29/Sep/2025:20:25:50 +0000] "PUT /d1/246/AUTH_5497b68335b649b9a91a2e7be6ecabe7/gnocchi.816fd65a-17bc-4f67-9514-52ceb6649d91/1758240000.0_mean_300.0_v3" 201 - "PUT http://172.18.0.2:8080/v1/AUTH_5497b68335b649b9a91a2e7be6ecabe7/gnocchi.816fd65a-17bc-4f67-9514-52ceb6649d91/1758240000.0_mean_300.0_v3" "txed503b1035214bcaa1cbf-0068daeb4e" "proxy-server 20" 0.0096 "-" 24 0
Sep 29 20:25:50 standalone proxy-server[146801]: 172.18.0.2 172.18.0.100 29/Sep/2025/20/25/50 PUT /v1/AUTH_5497b68335b649b9a91a2e7be6ecabe7/gnocchi.816fd65a-17bc-4f67-9514-52ceb6649d91/1758240000.0_mean_300.0_v3 HTTP/1.0 201 - python-swiftclient-3.11.1 gAAAAABo2uq_m4ZM... 16 - - txed503b1035214bcaa1cbf-0068daeb4e - 0.0138 - - 1759177550.309007645 1759177550.322855949 0
Sep 29 20:25:50 standalone container-server[144850]: 172.20.0.100 - - [29/Sep/2025:20:25:50 +0000] "PUT /d1/189/AUTH_5497b68335b649b9a91a2e7be6ecabe7/gnocchi.816fd65a-17bc-4f67-9514-52ceb6649d91/none_v3" 201 - "PUT http://172.18.0.2:8080/d1/631/AUTH_5497b68335b649b9a91a2e7be6ecabe7/gnocchi.816fd65a-17bc-4f67-9514-52ceb6649d91/none_v3" "txf1e2ccbd055e4c889d203-0068daeb4e" "object-server 22" 0.0004 "-" 21 0
Sep 29 20:25:50 standalone object-server[144966]: 172.20.0.100 - - [29/Sep/2025:20:25:50 +0000] "PUT /d1/631/AUTH_5497b68335b649b9a91a2e7be6ecabe7/gnocchi.816fd65a-17bc-4f67-9514-52ceb6649d91/none_v3" 201 - "PUT http://172.18.0.2:8080/v1/AUTH_5497b68335b649b9a91a2e7be6ecabe7/gnocchi.816fd65a-17bc-4f67-9514-52ceb6649d91/none_v3" "txf1e2ccbd055e4c889d203-0068daeb4e" "proxy-server 20" 0.0100 "-" 22 0
Sep 29 20:25:50 standalone proxy-server[146801]: 172.18.0.2 172.18.0.100 29/Sep/2025/20/25/50 PUT /v1/AUTH_5497b68335b649b9a91a2e7be6ecabe7/gnocchi.816fd65a-17bc-4f67-9514-52ceb6649d91/none_v3 HTTP/1.0 201 - python-swiftclient-3.11.1 gAAAAABo2uq_m4ZM... 22 - - txf1e2ccbd055e4c889d203-0068daeb4e - 0.0142 - - 1759177550.325130224 1759177550.339330912 0
Sep 29 20:25:50 standalone container-server[144847]: 172.20.0.100 - - [29/Sep/2025:20:25:50 +0000] "HEAD /d1/587/AUTH_5497b68335b649b9a91a2e7be6ecabe7/gnocchi.95b83c80-b0da-4323-b68f-54486b227513" 404 - "HEAD http://172.18.0.2:8080/v1/AUTH_5497b68335b649b9a91a2e7be6ecabe7/gnocchi.95b83c80-b0da-4323-b68f-54486b227513?format=json&states=listing" "txd1ed8bb48fd74568b0736-0068daeb4e" "proxy-server 20" 0.0004 "-" 20 0
Sep 29 20:25:50 standalone object-server[144971]: 172.20.0.100 - - [29/Sep/2025:20:25:50 +0000] "GET /d1/140/AUTH_5497b68335b649b9a91a2e7be6ecabe7/gnocchi.95b83c80-b0da-4323-b68f-54486b227513/none_v3" 404 70 "GET http://172.18.0.2:8080/v1/AUTH_5497b68335b649b9a91a2e7be6ecabe7/gnocchi.95b83c80-b0da-4323-b68f-54486b227513/none_v3" "txd1ed8bb48fd74568b0736-0068daeb4e" "proxy-server 20" 0.0004 "-" 24 0
Sep 29 20:25:50 standalone proxy-server[146801]: 172.18.0.2 172.18.0.100 29/Sep/2025/20/25/50 GET /v1/AUTH_5497b68335b649b9a91a2e7be6ecabe7/gnocchi.95b83c80-b0da-4323-b68f-54486b227513/none_v3 HTTP/1.0 404 - python-swiftclient-3.11.1 gAAAAABo2uq_m4ZM... - 70 - txd1ed8bb48fd74568b0736-0068daeb4e - 0.0076 - - 1759177550.356135368 1759177550.363705158 0
Sep 29 20:25:50 standalone account-server[144755]: 172.20.0.100 - - [29/Sep/2025:20:25:50 +0000] "PUT /d1/51/AUTH_5497b68335b649b9a91a2e7be6ecabe7/gnocchi.95b83c80-b0da-4323-b68f-54486b227513" 201 - "PUT http://172.20.0.100:6001/d1/587/AUTH_5497b68335b649b9a91a2e7be6ecabe7/gnocchi.95b83c80-b0da-4323-b68f-54486b227513" "tx1f69f414ce7246fb8a56f-0068daeb4e" "container-server 20" 0.0045 "-" 21 0
Sep 29 20:25:50 standalone container-server[144847]: 172.20.0.100 - - [29/Sep/2025:20:25:50 +0000] "PUT /d1/587/AUTH_5497b68335b649b9a91a2e7be6ecabe7/gnocchi.95b83c80-b0da-4323-b68f-54486b227513" 201 - "PUT http://172.18.0.2:8080/v1/AUTH_5497b68335b649b9a91a2e7be6ecabe7/gnocchi.95b83c80-b0da-4323-b68f-54486b227513" "tx1f69f414ce7246fb8a56f-0068daeb4e" "proxy-server 20" 0.0143 "-" 20 0
Sep 29 20:25:50 standalone proxy-server[146801]: 172.18.0.2 172.18.0.100 29/Sep/2025/20/25/50 PUT /v1/AUTH_5497b68335b649b9a91a2e7be6ecabe7/gnocchi.95b83c80-b0da-4323-b68f-54486b227513 HTTP/1.0 201 - python-swiftclient-3.11.1 gAAAAABo2uq_m4ZM... - - - tx1f69f414ce7246fb8a56f-0068daeb4e - 0.0175 - - 1759177550.365671873 1759177550.383190155 0
Sep 29 20:25:50 standalone container-server[144860]: 172.20.0.100 - - [29/Sep/2025:20:25:50 +0000] "HEAD /d1/587/AUTH_5497b68335b649b9a91a2e7be6ecabe7/gnocchi.95b83c80-b0da-4323-b68f-54486b227513" 204 - "HEAD http://172.18.0.2:8080/v1/AUTH_5497b68335b649b9a91a2e7be6ecabe7/gnocchi.95b83c80-b0da-4323-b68f-54486b227513?format=json&states=listing" "txa98fbdd07b0b4fb4a543e-0068daeb4e" "proxy-server 20" 0.0021 "-" 23 0
Sep 29 20:25:50 standalone proxy-server[146801]: - - 29/Sep/2025/20/25/50 HEAD /v1/AUTH_5497b68335b649b9a91a2e7be6ecabe7/gnocchi.95b83c80-b0da-4323-b68f-54486b227513%3Fformat%3Djson%26states%3Dlisting HTTP/1.0 204 - Swift - - - - txa98fbdd07b0b4fb4a543e-0068daeb4e - 0.0057 RL - 1759177550.387269735 1759177550.392965555 0
Sep 29 20:25:50 standalone container-server[144856]: 172.20.0.100 - - [29/Sep/2025:20:25:50 +0000] "GET /d1/587/AUTH_5497b68335b649b9a91a2e7be6ecabe7/gnocchi.95b83c80-b0da-4323-b68f-54486b227513" 200 2 "GET http://172.18.0.2:8080/v1/AUTH_5497b68335b649b9a91a2e7be6ecabe7/gnocchi.95b83c80-b0da-4323-b68f-54486b227513?format=json&states=listing" "txa98fbdd07b0b4fb4a543e-0068daeb4e" "proxy-server 20" 0.0032 "-" 22 0
Sep 29 20:25:50 standalone proxy-server[146801]: 172.18.0.2 172.18.0.100 29/Sep/2025/20/25/50 GET /v1/AUTH_5497b68335b649b9a91a2e7be6ecabe7/gnocchi.95b83c80-b0da-4323-b68f-54486b227513%3Fformat%3Djson%26states%3Dlisting HTTP/1.0 200 - python-swiftclient-3.11.1 gAAAAABo2uq_m4ZM... - 2 - txa98fbdd07b0b4fb4a543e-0068daeb4e - 0.0159 - - 1759177550.386274338 1759177550.402129889 0
Sep 29 20:25:50 standalone object-server[144968]: 172.20.0.100 - - [29/Sep/2025:20:25:50 +0000] "GET /d1/761/AUTH_5497b68335b649b9a91a2e7be6ecabe7/gnocchi.95b83c80-b0da-4323-b68f-54486b227513/1758240000.0_mean_300.0_v3" 404 70 "GET http://172.18.0.2:8080/v1/AUTH_5497b68335b649b9a91a2e7be6ecabe7/gnocchi.95b83c80-b0da-4323-b68f-54486b227513/1758240000.0_mean_300.0_v3" "tx63f611e7445d4a4796ad9-0068daeb4e" "proxy-server 20" 0.0003 "-" 23 0
Sep 29 20:25:50 standalone proxy-server[146801]: 172.18.0.2 172.18.0.100 29/Sep/2025/20/25/50 GET /v1/AUTH_5497b68335b649b9a91a2e7be6ecabe7/gnocchi.95b83c80-b0da-4323-b68f-54486b227513/1758240000.0_mean_300.0_v3 HTTP/1.0 404 - python-swiftclient-3.11.1 gAAAAABo2uq_m4ZM... - 70 - tx63f611e7445d4a4796ad9-0068daeb4e - 0.0050 - - 1759177550.405166626 1759177550.410122156 0
Sep 29 20:25:50 standalone container-server[144850]: 172.20.0.100 - - [29/Sep/2025:20:25:50 +0000] "PUT /d1/587/AUTH_5497b68335b649b9a91a2e7be6ecabe7/gnocchi.95b83c80-b0da-4323-b68f-54486b227513/1758240000.0_mean_300.0_v3" 201 - "PUT http://172.18.0.2:8080/d1/761/AUTH_5497b68335b649b9a91a2e7be6ecabe7/gnocchi.95b83c80-b0da-4323-b68f-54486b227513/1758240000.0_mean_300.0_v3" "txc634cf3a132b45f294dc6-0068daeb4e" "object-server 24" 0.0006 "-" 21 0
Sep 29 20:25:50 standalone object-server[144971]: 172.20.0.100 - - [29/Sep/2025:20:25:50 +0000] "PUT /d1/761/AUTH_5497b68335b649b9a91a2e7be6ecabe7/gnocchi.95b83c80-b0da-4323-b68f-54486b227513/1758240000.0_mean_300.0_v3" 201 - "PUT http://172.18.0.2:8080/v1/AUTH_5497b68335b649b9a91a2e7be6ecabe7/gnocchi.95b83c80-b0da-4323-b68f-54486b227513/1758240000.0_mean_300.0_v3" "txc634cf3a132b45f294dc6-0068daeb4e" "proxy-server 20" 0.0089 "-" 24 0
Sep 29 20:25:50 standalone proxy-server[146801]: 172.18.0.2 172.18.0.100 29/Sep/2025/20/25/50 PUT /v1/AUTH_5497b68335b649b9a91a2e7be6ecabe7/gnocchi.95b83c80-b0da-4323-b68f-54486b227513/1758240000.0_mean_300.0_v3 HTTP/1.0 201 - python-swiftclient-3.11.1 gAAAAABo2uq_m4ZM... 16 - - txc634cf3a132b45f294dc6-0068daeb4e - 0.0136 - - 1759177550.412747860 1759177550.426388979 0
Sep 29 20:25:50 standalone container-server[144850]: 172.20.0.100 - - [29/Sep/2025:20:25:50 +0000] "PUT /d1/587/AUTH_5497b68335b649b9a91a2e7be6ecabe7/gnocchi.95b83c80-b0da-4323-b68f-54486b227513/none_v3" 201 - "PUT http://172.18.0.2:8080/d1/140/AUTH_5497b68335b649b9a91a2e7be6ecabe7/gnocchi.95b83c80-b0da-4323-b68f-54486b227513/none_v3" "tx7eb4b5a0678d4f75bd35a-0068daeb4e" "object-server 23" 0.0005 "-" 21 0
Sep 29 20:25:50 standalone object-server[144968]: 172.20.0.100 - - [29/Sep/2025:20:25:50 +0000] "PUT /d1/140/AUTH_5497b68335b649b9a91a2e7be6ecabe7/gnocchi.95b83c80-b0da-4323-b68f-54486b227513/none_v3" 201 - "PUT http://172.18.0.2:8080/v1/AUTH_5497b68335b649b9a91a2e7be6ecabe7/gnocchi.95b83c80-b0da-4323-b68f-54486b227513/none_v3" "tx7eb4b5a0678d4f75bd35a-0068daeb4e" "proxy-server 20" 0.0088 "-" 23 0
Sep 29 20:25:50 standalone proxy-server[146801]: 172.18.0.2 172.18.0.100 29/Sep/2025/20/25/50 PUT /v1/AUTH_5497b68335b649b9a91a2e7be6ecabe7/gnocchi.95b83c80-b0da-4323-b68f-54486b227513/none_v3 HTTP/1.0 201 - python-swiftclient-3.11.1 gAAAAABo2uq_m4ZM... 22 - - tx7eb4b5a0678d4f75bd35a-0068daeb4e - 0.0137 - - 1759177550.429159403 1759177550.442809820 0
Sep 29 20:25:50 standalone container-server[144847]: 172.20.0.100 - - [29/Sep/2025:20:25:50 +0000] "HEAD /d1/980/AUTH_5497b68335b649b9a91a2e7be6ecabe7/gnocchi.bb1eed61-8f49-4317-bdcf-5d3685dfbc98" 404 - "HEAD http://172.18.0.2:8080/v1/AUTH_5497b68335b649b9a91a2e7be6ecabe7/gnocchi.bb1eed61-8f49-4317-bdcf-5d3685dfbc98?format=json&states=listing" "txe733217848ac4db69af82-0068daeb4e" "proxy-server 20" 0.0004 "-" 20 0
Sep 29 20:25:50 standalone object-server[144968]: 172.20.0.100 - - [29/Sep/2025:20:25:50 +0000] "GET /d1/252/AUTH_5497b68335b649b9a91a2e7be6ecabe7/gnocchi.bb1eed61-8f49-4317-bdcf-5d3685dfbc98/none_v3" 404 70 "GET http://172.18.0.2:8080/v1/AUTH_5497b68335b649b9a91a2e7be6ecabe7/gnocchi.bb1eed61-8f49-4317-bdcf-5d3685dfbc98/none_v3" "txe733217848ac4db69af82-0068daeb4e" "proxy-server 20" 0.0002 "-" 23 0
Sep 29 20:25:50 standalone proxy-server[146801]: 172.18.0.2 172.18.0.100 29/Sep/2025/20/25/50 GET /v1/AUTH_5497b68335b649b9a91a2e7be6ecabe7/gnocchi.bb1eed61-8f49-4317-bdcf-5d3685dfbc98/none_v3 HTTP/1.0 404 - python-swiftclient-3.11.1 gAAAAABo2uq_m4ZM... - 70 - txe733217848ac4db69af82-0068daeb4e - 0.0081 - - 1759177550.456024408 1759177550.464136124 0
Sep 29 20:25:50 standalone account-server[144765]: 172.20.0.100 - - [29/Sep/2025:20:25:50 +0000] "PUT /d1/51/AUTH_5497b68335b649b9a91a2e7be6ecabe7/gnocchi.bb1eed61-8f49-4317-bdcf-5d3685dfbc98" 201 - "PUT http://172.20.0.100:6001/d1/980/AUTH_5497b68335b649b9a91a2e7be6ecabe7/gnocchi.bb1eed61-8f49-4317-bdcf-5d3685dfbc98" "tx9c8cc2d95c494166b6fba-0068daeb4e" "container-server 23" 0.0042 "-" 23 0
Sep 29 20:25:50 standalone container-server[144860]: 172.20.0.100 - - [29/Sep/2025:20:25:50 +0000] "PUT /d1/980/AUTH_5497b68335b649b9a91a2e7be6ecabe7/gnocchi.bb1eed61-8f49-4317-bdcf-5d3685dfbc98" 201 - "PUT http://172.18.0.2:8080/v1/AUTH_5497b68335b649b9a91a2e7be6ecabe7/gnocchi.bb1eed61-8f49-4317-bdcf-5d3685dfbc98" "tx9c8cc2d95c494166b6fba-0068daeb4e" "proxy-server 20" 0.0173 "-" 23 0
Sep 29 20:25:50 standalone proxy-server[146801]: 172.18.0.2 172.18.0.100 29/Sep/2025/20/25/50 PUT /v1/AUTH_5497b68335b649b9a91a2e7be6ecabe7/gnocchi.bb1eed61-8f49-4317-bdcf-5d3685dfbc98 HTTP/1.0 201 - python-swiftclient-3.11.1 gAAAAABo2uq_m4ZM... - - - tx9c8cc2d95c494166b6fba-0068daeb4e - 0.0223 - - 1759177550.466739178 1759177550.489085674 0
Sep 29 20:25:50 standalone container-server[144850]: 172.20.0.100 - - [29/Sep/2025:20:25:50 +0000] "HEAD /d1/980/AUTH_5497b68335b649b9a91a2e7be6ecabe7/gnocchi.bb1eed61-8f49-4317-bdcf-5d3685dfbc98" 204 - "HEAD http://172.18.0.2:8080/v1/AUTH_5497b68335b649b9a91a2e7be6ecabe7/gnocchi.bb1eed61-8f49-4317-bdcf-5d3685dfbc98?format=json&states=listing" "tx56a0fd87d82f43cc9e41f-0068daeb4e" "proxy-server 20" 0.0015 "-" 21 0
Sep 29 20:25:50 standalone proxy-server[146801]: - - 29/Sep/2025/20/25/50 HEAD /v1/AUTH_5497b68335b649b9a91a2e7be6ecabe7/gnocchi.bb1eed61-8f49-4317-bdcf-5d3685dfbc98%3Fformat%3Djson%26states%3Dlisting HTTP/1.0 204 - Swift - - - - tx56a0fd87d82f43cc9e41f-0068daeb4e - 0.0050 RL - 1759177550.492913961 1759177550.497891903 0
Sep 29 20:25:50 standalone container-server[144856]: 172.20.0.100 - - [29/Sep/2025:20:25:50 +0000] "GET /d1/980/AUTH_5497b68335b649b9a91a2e7be6ecabe7/gnocchi.bb1eed61-8f49-4317-bdcf-5d3685dfbc98" 200 2 "GET http://172.18.0.2:8080/v1/AUTH_5497b68335b649b9a91a2e7be6ecabe7/gnocchi.bb1eed61-8f49-4317-bdcf-5d3685dfbc98?format=json&states=listing" "tx56a0fd87d82f43cc9e41f-0068daeb4e" "proxy-server 20" 0.0034 "-" 22 0
Sep 29 20:25:50 standalone proxy-server[146801]: 172.18.0.2 172.18.0.100 29/Sep/2025/20/25/50 GET /v1/AUTH_5497b68335b649b9a91a2e7be6ecabe7/gnocchi.bb1eed61-8f49-4317-bdcf-5d3685dfbc98%3Fformat%3Djson%26states%3Dlisting HTTP/1.0 200 - python-swiftclient-3.11.1 gAAAAABo2uq_m4ZM... - 2 - tx56a0fd87d82f43cc9e41f-0068daeb4e - 0.0160 - - 1759177550.491991043 1759177550.508013248 0
Sep 29 20:25:50 standalone object-server[144974]: 172.20.0.100 - - [29/Sep/2025:20:25:50 +0000] "GET /d1/637/AUTH_5497b68335b649b9a91a2e7be6ecabe7/gnocchi.bb1eed61-8f49-4317-bdcf-5d3685dfbc98/1758240000.0_mean_300.0_v3" 404 70 "GET http://172.18.0.2:8080/v1/AUTH_5497b68335b649b9a91a2e7be6ecabe7/gnocchi.bb1eed61-8f49-4317-bdcf-5d3685dfbc98/1758240000.0_mean_300.0_v3" "tx20726f40d2f94116a38da-0068daeb4e" "proxy-server 20" 0.0008 "-" 25 0
Sep 29 20:25:50 standalone proxy-server[146801]: 172.18.0.2 172.18.0.100 29/Sep/2025/20/25/50 GET /v1/AUTH_5497b68335b649b9a91a2e7be6ecabe7/gnocchi.bb1eed61-8f49-4317-bdcf-5d3685dfbc98/1758240000.0_mean_300.0_v3 HTTP/1.0 404 - python-swiftclient-3.11.1 gAAAAABo2uq_m4ZM... - 70 - tx20726f40d2f94116a38da-0068daeb4e - 0.0079 - - 1759177550.511481047 1759177550.519411564 0
Sep 29 20:25:50 standalone container-server[144847]: 172.20.0.100 - - [29/Sep/2025:20:25:50 +0000] "PUT /d1/980/AUTH_5497b68335b649b9a91a2e7be6ecabe7/gnocchi.bb1eed61-8f49-4317-bdcf-5d3685dfbc98/1758240000.0_mean_300.0_v3" 201 - "PUT http://172.18.0.2:8080/d1/637/AUTH_5497b68335b649b9a91a2e7be6ecabe7/gnocchi.bb1eed61-8f49-4317-bdcf-5d3685dfbc98/1758240000.0_mean_300.0_v3" "txf563dc191e2f40a8a9a39-0068daeb4e" "object-server 23" 0.0008 "-" 20 0
Sep 29 20:25:50 standalone object-server[144968]: 172.20.0.100 - - [29/Sep/2025:20:25:50 +0000] "PUT /d1/637/AUTH_5497b68335b649b9a91a2e7be6ecabe7/gnocchi.bb1eed61-8f49-4317-bdcf-5d3685dfbc98/1758240000.0_mean_300.0_v3" 201 - "PUT http://172.18.0.2:8080/v1/AUTH_5497b68335b649b9a91a2e7be6ecabe7/gnocchi.bb1eed61-8f49-4317-bdcf-5d3685dfbc98/1758240000.0_mean_300.0_v3" "txf563dc191e2f40a8a9a39-0068daeb4e" "proxy-server 20" 0.0122 "-" 23 0
Sep 29 20:25:50 standalone proxy-server[146801]: 172.18.0.2 172.18.0.100 29/Sep/2025/20/25/50 PUT /v1/AUTH_5497b68335b649b9a91a2e7be6ecabe7/gnocchi.bb1eed61-8f49-4317-bdcf-5d3685dfbc98/1758240000.0_mean_300.0_v3 HTTP/1.0 201 - python-swiftclient-3.11.1 gAAAAABo2uq_m4ZM... 16 - - txf563dc191e2f40a8a9a39-0068daeb4e - 0.0183 - - 1759177550.521934986 1759177550.540260792 0
Sep 29 20:25:50 standalone container-server[144860]: 172.20.0.100 - - [29/Sep/2025:20:25:50 +0000] "PUT /d1/980/AUTH_5497b68335b649b9a91a2e7be6ecabe7/gnocchi.bb1eed61-8f49-4317-bdcf-5d3685dfbc98/none_v3" 201 - "PUT http://172.18.0.2:8080/d1/252/AUTH_5497b68335b649b9a91a2e7be6ecabe7/gnocchi.bb1eed61-8f49-4317-bdcf-5d3685dfbc98/none_v3" "tx386e0bbb3d614ec0b762b-0068daeb4e" "object-server 22" 0.0008 "-" 23 0
Sep 29 20:25:50 standalone object-server[144966]: 172.20.0.100 - - [29/Sep/2025:20:25:50 +0000] "PUT /d1/252/AUTH_5497b68335b649b9a91a2e7be6ecabe7/gnocchi.bb1eed61-8f49-4317-bdcf-5d3685dfbc98/none_v3" 201 - "PUT http://172.18.0.2:8080/v1/AUTH_5497b68335b649b9a91a2e7be6ecabe7/gnocchi.bb1eed61-8f49-4317-bdcf-5d3685dfbc98/none_v3" "tx386e0bbb3d614ec0b762b-0068daeb4e" "proxy-server 20" 0.0106 "-" 22 0
Sep 29 20:25:50 standalone proxy-server[146801]: 172.18.0.2 172.18.0.100 29/Sep/2025/20/25/50 PUT /v1/AUTH_5497b68335b649b9a91a2e7be6ecabe7/gnocchi.bb1eed61-8f49-4317-bdcf-5d3685dfbc98/none_v3 HTTP/1.0 201 - python-swiftclient-3.11.1 gAAAAABo2uq_m4ZM... 22 - - tx386e0bbb3d614ec0b762b-0068daeb4e - 0.0161 - - 1759177550.542762041 1759177550.558898211 0
Sep 29 20:25:50 standalone container-server[144860]: 172.20.0.100 - - [29/Sep/2025:20:25:50 +0000] "HEAD /d1/996/AUTH_5497b68335b649b9a91a2e7be6ecabe7/gnocchi.7dbad388-0dcf-411a-8ebb-5cea440e0f20" 404 - "HEAD http://172.18.0.2:8080/v1/AUTH_5497b68335b649b9a91a2e7be6ecabe7/gnocchi.7dbad388-0dcf-411a-8ebb-5cea440e0f20?format=json&states=listing" "tx1421f34b6b444ef49fe2d-0068daeb4e" "proxy-server 20" 0.0005 "-" 23 0
Sep 29 20:25:50 standalone object-server[144971]: 172.20.0.100 - - [29/Sep/2025:20:25:50 +0000] "GET /d1/935/AUTH_5497b68335b649b9a91a2e7be6ecabe7/gnocchi.7dbad388-0dcf-411a-8ebb-5cea440e0f20/none_v3" 404 70 "GET http://172.18.0.2:8080/v1/AUTH_5497b68335b649b9a91a2e7be6ecabe7/gnocchi.7dbad388-0dcf-411a-8ebb-5cea440e0f20/none_v3" "tx1421f34b6b444ef49fe2d-0068daeb4e" "proxy-server 20" 0.0003 "-" 24 0
Sep 29 20:25:50 standalone proxy-server[146801]: 172.18.0.2 172.18.0.100 29/Sep/2025/20/25/50 GET /v1/AUTH_5497b68335b649b9a91a2e7be6ecabe7/gnocchi.7dbad388-0dcf-411a-8ebb-5cea440e0f20/none_v3 HTTP/1.0 404 - python-swiftclient-3.11.1 gAAAAABo2uq_m4ZM... - 70 - tx1421f34b6b444ef49fe2d-0068daeb4e - 0.0095 - - 1759177550.575026989 1759177550.584551334 0
Sep 29 20:25:50 standalone account-server[144761]: 172.20.0.100 - - [29/Sep/2025:20:25:50 +0000] "PUT /d1/51/AUTH_5497b68335b649b9a91a2e7be6ecabe7/gnocchi.7dbad388-0dcf-411a-8ebb-5cea440e0f20" 201 - "PUT http://172.20.0.100:6001/d1/996/AUTH_5497b68335b649b9a91a2e7be6ecabe7/gnocchi.7dbad388-0dcf-411a-8ebb-5cea440e0f20" "tx6ef384d4f7fe4285b8eca-0068daeb4e" "container-server 22" 0.0050 "-" 22 0
Sep 29 20:25:50 standalone container-server[144856]: 172.20.0.100 - - [29/Sep/2025:20:25:50 +0000] "PUT /d1/996/AUTH_5497b68335b649b9a91a2e7be6ecabe7/gnocchi.7dbad388-0dcf-411a-8ebb-5cea440e0f20" 201 - "PUT http://172.18.0.2:8080/v1/AUTH_5497b68335b649b9a91a2e7be6ecabe7/gnocchi.7dbad388-0dcf-411a-8ebb-5cea440e0f20" "tx6ef384d4f7fe4285b8eca-0068daeb4e" "proxy-server 20" 0.0178 "-" 22 0
Sep 29 20:25:50 standalone proxy-server[146801]: 172.18.0.2 172.18.0.100 29/Sep/2025/20/25/50 PUT /v1/AUTH_5497b68335b649b9a91a2e7be6ecabe7/gnocchi.7dbad388-0dcf-411a-8ebb-5cea440e0f20 HTTP/1.0 201 - python-swiftclient-3.11.1 gAAAAABo2uq_m4ZM... - - - tx6ef384d4f7fe4285b8eca-0068daeb4e - 0.0230 - - 1759177550.587073803 1759177550.610054731 0
Sep 29 20:25:50 standalone container-server[144847]: 172.20.0.100 - - [29/Sep/2025:20:25:50 +0000] "HEAD /d1/996/AUTH_5497b68335b649b9a91a2e7be6ecabe7/gnocchi.7dbad388-0dcf-411a-8ebb-5cea440e0f20" 204 - "HEAD http://172.18.0.2:8080/v1/AUTH_5497b68335b649b9a91a2e7be6ecabe7/gnocchi.7dbad388-0dcf-411a-8ebb-5cea440e0f20?format=json&states=listing" "tx21d6e8a412c04dc2a269e-0068daeb4e" "proxy-server 20" 0.0023 "-" 20 0
Sep 29 20:25:50 standalone proxy-server[146801]: - - 29/Sep/2025/20/25/50 HEAD /v1/AUTH_5497b68335b649b9a91a2e7be6ecabe7/gnocchi.7dbad388-0dcf-411a-8ebb-5cea440e0f20%3Fformat%3Djson%26states%3Dlisting HTTP/1.0 204 - Swift - - - - tx21d6e8a412c04dc2a269e-0068daeb4e - 0.0114 RL - 1759177550.614345789 1759177550.625743151 0
Sep 29 20:25:50 standalone container-server[144847]: 172.20.0.100 - - [29/Sep/2025:20:25:50 +0000] "GET /d1/996/AUTH_5497b68335b649b9a91a2e7be6ecabe7/gnocchi.7dbad388-0dcf-411a-8ebb-5cea440e0f20" 200 2 "GET http://172.18.0.2:8080/v1/AUTH_5497b68335b649b9a91a2e7be6ecabe7/gnocchi.7dbad388-0dcf-411a-8ebb-5cea440e0f20?format=json&states=listing" "tx21d6e8a412c04dc2a269e-0068daeb4e" "proxy-server 20" 0.0034 "-" 20 0
Sep 29 20:25:50 standalone proxy-server[146801]: 172.18.0.2 172.18.0.100 29/Sep/2025/20/25/50 GET /v1/AUTH_5497b68335b649b9a91a2e7be6ecabe7/gnocchi.7dbad388-0dcf-411a-8ebb-5cea440e0f20%3Fformat%3Djson%26states%3Dlisting HTTP/1.0 200 - python-swiftclient-3.11.1 gAAAAABo2uq_m4ZM... - 2 - tx21d6e8a412c04dc2a269e-0068daeb4e - 0.0222 - - 1759177550.613255739 1759177550.635495186 0
Sep 29 20:25:50 standalone object-server[144966]: 172.20.0.100 - - [29/Sep/2025:20:25:50 +0000] "GET /d1/358/AUTH_5497b68335b649b9a91a2e7be6ecabe7/gnocchi.7dbad388-0dcf-411a-8ebb-5cea440e0f20/1758240000.0_mean_300.0_v3" 404 70 "GET http://172.18.0.2:8080/v1/AUTH_5497b68335b649b9a91a2e7be6ecabe7/gnocchi.7dbad388-0dcf-411a-8ebb-5cea440e0f20/1758240000.0_mean_300.0_v3" "txf8d36d8a42e44cc2a6704-0068daeb4e" "proxy-server 20" 0.0003 "-" 22 0
Sep 29 20:25:50 standalone proxy-server[146801]: 172.18.0.2 172.18.0.100 29/Sep/2025/20/25/50 GET /v1/AUTH_5497b68335b649b9a91a2e7be6ecabe7/gnocchi.7dbad388-0dcf-411a-8ebb-5cea440e0f20/1758240000.0_mean_300.0_v3 HTTP/1.0 404 - python-swiftclient-3.11.1 gAAAAABo2uq_m4ZM... - 70 - txf8d36d8a42e44cc2a6704-0068daeb4e - 0.0058 - - 1759177550.640246153 1759177550.646063805 0
Sep 29 20:25:50 standalone container-server[144856]: 172.20.0.100 - - [29/Sep/2025:20:25:50 +0000] "PUT /d1/996/AUTH_5497b68335b649b9a91a2e7be6ecabe7/gnocchi.7dbad388-0dcf-411a-8ebb-5cea440e0f20/1758240000.0_mean_300.0_v3" 201 - "PUT http://172.18.0.2:8080/d1/358/AUTH_5497b68335b649b9a91a2e7be6ecabe7/gnocchi.7dbad388-0dcf-411a-8ebb-5cea440e0f20/1758240000.0_mean_300.0_v3" "tx33f5c7d2a47d4e1ba40a3-0068daeb4e" "object-server 25" 0.0007 "-" 22 0
Sep 29 20:25:50 standalone object-server[144974]: 172.20.0.100 - - [29/Sep/2025:20:25:50 +0000] "PUT /d1/358/AUTH_5497b68335b649b9a91a2e7be6ecabe7/gnocchi.7dbad388-0dcf-411a-8ebb-5cea440e0f20/1758240000.0_mean_300.0_v3" 201 - "PUT http://172.18.0.2:8080/v1/AUTH_5497b68335b649b9a91a2e7be6ecabe7/gnocchi.7dbad388-0dcf-411a-8ebb-5cea440e0f20/1758240000.0_mean_300.0_v3" "tx33f5c7d2a47d4e1ba40a3-0068daeb4e" "proxy-server 20" 0.0099 "-" 25 0
Sep 29 20:25:50 standalone proxy-server[146801]: 172.18.0.2 172.18.0.100 29/Sep/2025/20/25/50 PUT /v1/AUTH_5497b68335b649b9a91a2e7be6ecabe7/gnocchi.7dbad388-0dcf-411a-8ebb-5cea440e0f20/1758240000.0_mean_300.0_v3 HTTP/1.0 201 - python-swiftclient-3.11.1 gAAAAABo2uq_m4ZM... 16 - - tx33f5c7d2a47d4e1ba40a3-0068daeb4e - 0.0156 - - 1759177550.649095774 1759177550.664702177 0
Sep 29 20:25:50 standalone container-server[144856]: 172.20.0.100 - - [29/Sep/2025:20:25:50 +0000] "PUT /d1/996/AUTH_5497b68335b649b9a91a2e7be6ecabe7/gnocchi.7dbad388-0dcf-411a-8ebb-5cea440e0f20/none_v3" 201 - "PUT http://172.18.0.2:8080/d1/935/AUTH_5497b68335b649b9a91a2e7be6ecabe7/gnocchi.7dbad388-0dcf-411a-8ebb-5cea440e0f20/none_v3" "tx915947d771f84e7b8cdeb-0068daeb4e" "object-server 25" 0.0006 "-" 22 0
Sep 29 20:25:50 standalone object-server[144974]: 172.20.0.100 - - [29/Sep/2025:20:25:50 +0000] "PUT /d1/935/AUTH_5497b68335b649b9a91a2e7be6ecabe7/gnocchi.7dbad388-0dcf-411a-8ebb-5cea440e0f20/none_v3" 201 - "PUT http://172.18.0.2:8080/v1/AUTH_5497b68335b649b9a91a2e7be6ecabe7/gnocchi.7dbad388-0dcf-411a-8ebb-5cea440e0f20/none_v3" "tx915947d771f84e7b8cdeb-0068daeb4e" "proxy-server 20" 0.0126 "-" 25 0
Sep 29 20:25:50 standalone proxy-server[146801]: 172.18.0.2 172.18.0.100 29/Sep/2025/20/25/50 PUT /v1/AUTH_5497b68335b649b9a91a2e7be6ecabe7/gnocchi.7dbad388-0dcf-411a-8ebb-5cea440e0f20/none_v3 HTTP/1.0 201 - python-swiftclient-3.11.1 gAAAAABo2uq_m4ZM... 22 - - tx915947d771f84e7b8cdeb-0068daeb4e - 0.0185 - - 1759177550.668944597 1759177550.687435627 0
Sep 29 20:25:50 standalone container-server[144850]: 172.20.0.100 - - [29/Sep/2025:20:25:50 +0000] "HEAD /d1/20/AUTH_5497b68335b649b9a91a2e7be6ecabe7/gnocchi.231848b4-a7b3-480d-a58f-3a110eaea62d" 404 - "HEAD http://172.18.0.2:8080/v1/AUTH_5497b68335b649b9a91a2e7be6ecabe7/gnocchi.231848b4-a7b3-480d-a58f-3a110eaea62d?format=json&states=listing" "tx79ceb33ecd724f5d97c65-0068daeb4e" "proxy-server 20" 0.0004 "-" 21 0
Sep 29 20:25:50 standalone object-server[144966]: 172.20.0.100 - - [29/Sep/2025:20:25:50 +0000] "GET /d1/791/AUTH_5497b68335b649b9a91a2e7be6ecabe7/gnocchi.231848b4-a7b3-480d-a58f-3a110eaea62d/none_v3" 404 70 "GET http://172.18.0.2:8080/v1/AUTH_5497b68335b649b9a91a2e7be6ecabe7/gnocchi.231848b4-a7b3-480d-a58f-3a110eaea62d/none_v3" "tx79ceb33ecd724f5d97c65-0068daeb4e" "proxy-server 20" 0.0004 "-" 22 0
Sep 29 20:25:50 standalone proxy-server[146801]: 172.18.0.2 172.18.0.100 29/Sep/2025/20/25/50 GET /v1/AUTH_5497b68335b649b9a91a2e7be6ecabe7/gnocchi.231848b4-a7b3-480d-a58f-3a110eaea62d/none_v3 HTTP/1.0 404 - python-swiftclient-3.11.1 gAAAAABo2uq_m4ZM... - 70 - tx79ceb33ecd724f5d97c65-0068daeb4e - 0.0100 - - 1759177550.711821556 1759177550.721810579 0
Sep 29 20:25:50 standalone account-server[144765]: 172.20.0.100 - - [29/Sep/2025:20:25:50 +0000] "PUT /d1/51/AUTH_5497b68335b649b9a91a2e7be6ecabe7/gnocchi.231848b4-a7b3-480d-a58f-3a110eaea62d" 201 - "PUT http://172.20.0.100:6001/d1/20/AUTH_5497b68335b649b9a91a2e7be6ecabe7/gnocchi.231848b4-a7b3-480d-a58f-3a110eaea62d" "tx92ec1bf0906a4921a0e73-0068daeb4e" "container-server 20" 0.0041 "-" 23 0
Sep 29 20:25:50 standalone container-server[144847]: 172.20.0.100 - - [29/Sep/2025:20:25:50 +0000] "PUT /d1/20/AUTH_5497b68335b649b9a91a2e7be6ecabe7/gnocchi.231848b4-a7b3-480d-a58f-3a110eaea62d" 201 - "PUT http://172.18.0.2:8080/v1/AUTH_5497b68335b649b9a91a2e7be6ecabe7/gnocchi.231848b4-a7b3-480d-a58f-3a110eaea62d" "tx92ec1bf0906a4921a0e73-0068daeb4e" "proxy-server 20" 0.0154 "-" 20 0
Sep 29 20:25:50 standalone proxy-server[146801]: 172.18.0.2 172.18.0.100 29/Sep/2025/20/25/50 PUT /v1/AUTH_5497b68335b649b9a91a2e7be6ecabe7/gnocchi.231848b4-a7b3-480d-a58f-3a110eaea62d HTTP/1.0 201 - python-swiftclient-3.11.1 gAAAAABo2uq_m4ZM... - - - tx92ec1bf0906a4921a0e73-0068daeb4e - 0.0658 - - 1759177550.724437475 1759177550.790194273 0
Sep 29 20:25:50 standalone container-server[144850]: 172.20.0.100 - - [29/Sep/2025:20:25:50 +0000] "HEAD /d1/649/AUTH_5497b68335b649b9a91a2e7be6ecabe7/gnocchi.c4c3a585-2d26-4934-a987-4c73a116ba2d" 404 - "HEAD http://172.18.0.2:8080/v1/AUTH_5497b68335b649b9a91a2e7be6ecabe7/gnocchi.c4c3a585-2d26-4934-a987-4c73a116ba2d?format=json&states=listing" "txd10e1ee022554f8589e58-0068daeb4e" "proxy-server 20" 0.0004 "-" 21 0
Sep 29 20:25:50 standalone object-server[144974]: 172.20.0.100 - - [29/Sep/2025:20:25:50 +0000] "GET /d1/690/AUTH_5497b68335b649b9a91a2e7be6ecabe7/gnocchi.c4c3a585-2d26-4934-a987-4c73a116ba2d/none_v3" 404 70 "GET http://172.18.0.2:8080/v1/AUTH_5497b68335b649b9a91a2e7be6ecabe7/gnocchi.c4c3a585-2d26-4934-a987-4c73a116ba2d/none_v3" "txd10e1ee022554f8589e58-0068daeb4e" "proxy-server 20" 0.0005 "-" 25 0
Sep 29 20:25:50 standalone proxy-server[146801]: 172.18.0.2 172.18.0.100 29/Sep/2025/20/25/50 GET /v1/AUTH_5497b68335b649b9a91a2e7be6ecabe7/gnocchi.c4c3a585-2d26-4934-a987-4c73a116ba2d/none_v3 HTTP/1.0 404 - python-swiftclient-3.11.1 gAAAAABo2uq_m4ZM... - 70 - txd10e1ee022554f8589e58-0068daeb4e - 0.0094 - - 1759177550.792987108 1759177550.802423954 0
Sep 29 20:25:50 standalone account-server[144761]: 172.20.0.100 - - [29/Sep/2025:20:25:50 +0000] "PUT /d1/51/AUTH_5497b68335b649b9a91a2e7be6ecabe7/gnocchi.c4c3a585-2d26-4934-a987-4c73a116ba2d" 201 - "PUT http://172.20.0.100:6001/d1/649/AUTH_5497b68335b649b9a91a2e7be6ecabe7/gnocchi.c4c3a585-2d26-4934-a987-4c73a116ba2d" "tx88415a771dcd423195f5b-0068daeb4e" "container-server 22" 0.0048 "-" 22 0
Sep 29 20:25:50 standalone container-server[144856]: 172.20.0.100 - - [29/Sep/2025:20:25:50 +0000] "PUT /d1/649/AUTH_5497b68335b649b9a91a2e7be6ecabe7/gnocchi.c4c3a585-2d26-4934-a987-4c73a116ba2d" 201 - "PUT http://172.18.0.2:8080/v1/AUTH_5497b68335b649b9a91a2e7be6ecabe7/gnocchi.c4c3a585-2d26-4934-a987-4c73a116ba2d" "tx88415a771dcd423195f5b-0068daeb4e" "proxy-server 20" 0.0187 "-" 22 0
Sep 29 20:25:50 standalone proxy-server[146801]: 172.18.0.2 172.18.0.100 29/Sep/2025/20/25/50 PUT /v1/AUTH_5497b68335b649b9a91a2e7be6ecabe7/gnocchi.c4c3a585-2d26-4934-a987-4c73a116ba2d HTTP/1.0 201 - python-swiftclient-3.11.1 gAAAAABo2uq_m4ZM... - - - tx88415a771dcd423195f5b-0068daeb4e - 0.0242 - - 1759177550.805001736 1759177550.829189301 0
