Sep 29 20:25:32 standalone container-server[144856]: 172.20.0.100 - - [29/Sep/2025:20:25:32 +0000] "PUT /d1/957/AUTH_5497b68335b649b9a91a2e7be6ecabe7/gnocchi.52400bae-001c-4712-abe4-f07f8193d6e3/none_v3" 201 - "PUT http://172.18.0.2:8080/d1/944/AUTH_5497b68335b649b9a91a2e7be6ecabe7/gnocchi.52400bae-001c-4712-abe4-f07f8193d6e3/none_v3" "txfd4ddacd8256487b81f08-0068daeb3c" "object-server 23" 0.0006 "-" 22 0
Sep 29 20:25:32 standalone object-server[144968]: 172.20.0.100 - - [29/Sep/2025:20:25:32 +0000] "PUT /d1/944/AUTH_5497b68335b649b9a91a2e7be6ecabe7/gnocchi.52400bae-001c-4712-abe4-f07f8193d6e3/none_v3" 201 - "PUT http://172.18.0.2:8080/v1/AUTH_5497b68335b649b9a91a2e7be6ecabe7/gnocchi.52400bae-001c-4712-abe4-f07f8193d6e3/none_v3" "txfd4ddacd8256487b81f08-0068daeb3c" "proxy-server 20" 0.0117 "-" 23 0
Sep 29 20:25:32 standalone proxy-server[146801]: 172.18.0.2 172.18.0.100 29/Sep/2025/20/25/32 PUT /v1/AUTH_5497b68335b649b9a91a2e7be6ecabe7/gnocchi.52400bae-001c-4712-abe4-f07f8193d6e3/none_v3 HTTP/1.0 201 - python-swiftclient-3.11.1 gAAAAABo2uq_m4ZM... 33 - - txfd4ddacd8256487b81f08-0068daeb3c - 0.0210 - - 1759177532.813005209 1759177532.834013462 0
Sep 29 20:25:32 standalone object-server[144971]: 172.20.0.100 - - [29/Sep/2025:20:25:32 +0000] "GET /d1/731/AUTH_5497b68335b649b9a91a2e7be6ecabe7/gnocchi.0d6e5c25-28be-43e0-802b-5aea37c6a72c/none_v3" 200 22 "GET http://172.18.0.2:8080/v1/AUTH_5497b68335b649b9a91a2e7be6ecabe7/gnocchi.0d6e5c25-28be-43e0-802b-5aea37c6a72c/none_v3" "txf76b2baf3f6849449da42-0068daeb3c" "proxy-server 20" 0.0007 "-" 24 0
Sep 29 20:25:32 standalone proxy-server[146801]: 172.18.0.2 172.18.0.100 29/Sep/2025/20/25/32 GET /v1/AUTH_5497b68335b649b9a91a2e7be6ecabe7/gnocchi.0d6e5c25-28be-43e0-802b-5aea37c6a72c/none_v3 HTTP/1.0 200 - python-swiftclient-3.11.1 gAAAAABo2uq_m4ZM... - 22 - txf76b2baf3f6849449da42-0068daeb3c - 0.0091 - - 1759177532.848918438 1759177532.858032465 0
Sep 29 20:25:32 standalone container-server[144856]: 172.20.0.100 - - [29/Sep/2025:20:25:32 +0000] "GET /d1/214/AUTH_5497b68335b649b9a91a2e7be6ecabe7/gnocchi.0d6e5c25-28be-43e0-802b-5aea37c6a72c" 200 357 "GET http://172.18.0.2:8080/v1/AUTH_5497b68335b649b9a91a2e7be6ecabe7/gnocchi.0d6e5c25-28be-43e0-802b-5aea37c6a72c?format=json&states=listing" "tx5e53bd7318db4409895cb-0068daeb3c" "proxy-server 20" 0.0107 "-" 22 0
Sep 29 20:25:32 standalone proxy-server[146801]: 172.18.0.2 172.18.0.100 29/Sep/2025/20/25/32 GET /v1/AUTH_5497b68335b649b9a91a2e7be6ecabe7/gnocchi.0d6e5c25-28be-43e0-802b-5aea37c6a72c%3Fformat%3Djson%26states%3Dlisting HTTP/1.0 200 - python-swiftclient-3.11.1 gAAAAABo2uq_m4ZM... - 357 - tx5e53bd7318db4409895cb-0068daeb3c - 0.0220 - - 1759177532.863479614 1759177532.885438681 0
Sep 29 20:25:32 standalone container-server[144860]: 172.20.0.100 - - [29/Sep/2025:20:25:32 +0000] "GET /d1/214/AUTH_5497b68335b649b9a91a2e7be6ecabe7/gnocchi.0d6e5c25-28be-43e0-802b-5aea37c6a72c" 200 2 "GET http://172.18.0.2:8080/v1/AUTH_5497b68335b649b9a91a2e7be6ecabe7/gnocchi.0d6e5c25-28be-43e0-802b-5aea37c6a72c?format=json&marker=none_v3&states=listing" "txdb6ee1788bc3484292e15-0068daeb3c" "proxy-server 20" 0.0044 "-" 23 0
Sep 29 20:25:32 standalone proxy-server[146801]: 172.18.0.2 172.18.0.100 29/Sep/2025/20/25/32 GET /v1/AUTH_5497b68335b649b9a91a2e7be6ecabe7/gnocchi.0d6e5c25-28be-43e0-802b-5aea37c6a72c%3Fformat%3Djson%26marker%3Dnone_v3%26states%3Dlisting HTTP/1.0 200 - python-swiftclient-3.11.1 gAAAAABo2uq_m4ZM... - 2 - txdb6ee1788bc3484292e15-0068daeb3c - 0.0159 - - 1759177532.889484644 1759177532.905372143 0
Sep 29 20:25:32 standalone object-server[144966]: 172.20.0.100 - - [29/Sep/2025:20:25:32 +0000] "GET /d1/526/AUTH_5497b68335b649b9a91a2e7be6ecabe7/gnocchi.0d6e5c25-28be-43e0-802b-5aea37c6a72c/1758240000.0_mean_300.0_v3" 200 24 "GET http://172.18.0.2:8080/v1/AUTH_5497b68335b649b9a91a2e7be6ecabe7/gnocchi.0d6e5c25-28be-43e0-802b-5aea37c6a72c/1758240000.0_mean_300.0_v3" "tx73911dd7d070437cb3b1a-0068daeb3c" "proxy-server 20" 0.0007 "-" 22 0
Sep 29 20:25:32 standalone proxy-server[146801]: 172.18.0.2 172.18.0.100 29/Sep/2025/20/25/32 GET /v1/AUTH_5497b68335b649b9a91a2e7be6ecabe7/gnocchi.0d6e5c25-28be-43e0-802b-5aea37c6a72c/1758240000.0_mean_300.0_v3 HTTP/1.0 200 - python-swiftclient-3.11.1 gAAAAABo2uq_m4ZM... - 24 - tx73911dd7d070437cb3b1a-0068daeb3c - 0.0089 - - 1759177532.909962893 1759177532.918857813 0
Sep 29 20:25:32 standalone container-server[144856]: 172.20.0.100 - - [29/Sep/2025:20:25:32 +0000] "PUT /d1/214/AUTH_5497b68335b649b9a91a2e7be6ecabe7/gnocchi.0d6e5c25-28be-43e0-802b-5aea37c6a72c/1758240000.0_mean_300.0_v3" 201 - "PUT http://172.18.0.2:8080/d1/526/AUTH_5497b68335b649b9a91a2e7be6ecabe7/gnocchi.0d6e5c25-28be-43e0-802b-5aea37c6a72c/1758240000.0_mean_300.0_v3" "txe06e29acac784622af948-0068daeb3c" "object-server 24" 0.0009 "-" 22 0
Sep 29 20:25:32 standalone object-server[144971]: 172.20.0.100 - - [29/Sep/2025:20:25:32 +0000] "PUT /d1/526/AUTH_5497b68335b649b9a91a2e7be6ecabe7/gnocchi.0d6e5c25-28be-43e0-802b-5aea37c6a72c/1758240000.0_mean_300.0_v3" 201 - "PUT http://172.18.0.2:8080/v1/AUTH_5497b68335b649b9a91a2e7be6ecabe7/gnocchi.0d6e5c25-28be-43e0-802b-5aea37c6a72c/1758240000.0_mean_300.0_v3" "txe06e29acac784622af948-0068daeb3c" "proxy-server 20" 0.0111 "-" 24 0
Sep 29 20:25:32 standalone proxy-server[146801]: 172.18.0.2 172.18.0.100 29/Sep/2025/20/25/32 PUT /v1/AUTH_5497b68335b649b9a91a2e7be6ecabe7/gnocchi.0d6e5c25-28be-43e0-802b-5aea37c6a72c/1758240000.0_mean_300.0_v3 HTTP/1.0 201 - python-swiftclient-3.11.1 gAAAAABo2uq_m4ZM... 24 - - txe06e29acac784622af948-0068daeb3c - 0.0195 - - 1759177532.922399521 1759177532.941947699 0
Sep 29 20:25:33 standalone container-server[144860]: 172.20.0.100 - - [29/Sep/2025:20:25:33 +0000] "PUT /d1/214/AUTH_5497b68335b649b9a91a2e7be6ecabe7/gnocchi.0d6e5c25-28be-43e0-802b-5aea37c6a72c/none_v3" 201 - "PUT http://172.18.0.2:8080/d1/731/AUTH_5497b68335b649b9a91a2e7be6ecabe7/gnocchi.0d6e5c25-28be-43e0-802b-5aea37c6a72c/none_v3" "tx05ce5590c3804c729d510-0068daeb3c" "object-server 22" 0.0009 "-" 23 0
Sep 29 20:25:33 standalone object-server[144966]: 172.20.0.100 - - [29/Sep/2025:20:25:33 +0000] "PUT /d1/731/AUTH_5497b68335b649b9a91a2e7be6ecabe7/gnocchi.0d6e5c25-28be-43e0-802b-5aea37c6a72c/none_v3" 201 - "PUT http://172.18.0.2:8080/v1/AUTH_5497b68335b649b9a91a2e7be6ecabe7/gnocchi.0d6e5c25-28be-43e0-802b-5aea37c6a72c/none_v3" "tx05ce5590c3804c729d510-0068daeb3c" "proxy-server 20" 0.0655 "-" 22 0
Sep 29 20:25:33 standalone proxy-server[146801]: 172.18.0.2 172.18.0.100 29/Sep/2025/20/25/33 PUT /v1/AUTH_5497b68335b649b9a91a2e7be6ecabe7/gnocchi.0d6e5c25-28be-43e0-802b-5aea37c6a72c/none_v3 HTTP/1.0 201 - python-swiftclient-3.11.1 gAAAAABo2uq_m4ZM... 33 - - tx05ce5590c3804c729d510-0068daeb3c - 0.0737 - - 1759177532.945644617 1759177533.019335508 0
Sep 29 20:25:34 standalone object-server[144968]: 172.20.0.100 - - [29/Sep/2025:20:25:34 +0000] "GET /d1/878/AUTH_5497b68335b649b9a91a2e7be6ecabe7/gnocchi.cf999f5c-8c00-4bcd-af48-82b99dd3bbcd/none_v3" 200 22 "GET http://172.18.0.2:8080/v1/AUTH_5497b68335b649b9a91a2e7be6ecabe7/gnocchi.cf999f5c-8c00-4bcd-af48-82b99dd3bbcd/none_v3" "tx40042b2c6d4b4dc6b96e9-0068daeb3e" "proxy-server 20" 0.0011 "-" 23 0
Sep 29 20:25:34 standalone proxy-server[146801]: 172.18.0.2 172.18.0.100 29/Sep/2025/20/25/34 GET /v1/AUTH_5497b68335b649b9a91a2e7be6ecabe7/gnocchi.cf999f5c-8c00-4bcd-af48-82b99dd3bbcd/none_v3 HTTP/1.0 200 - python-swiftclient-3.11.1 gAAAAABo2uq_m4ZM... - 22 - tx40042b2c6d4b4dc6b96e9-0068daeb3e - 0.0115 - - 1759177534.391690969 1759177534.403188467 0
Sep 29 20:25:34 standalone container-server[144847]: 172.20.0.100 - - [29/Sep/2025:20:25:34 +0000] "GET /d1/909/AUTH_5497b68335b649b9a91a2e7be6ecabe7/gnocchi.cf999f5c-8c00-4bcd-af48-82b99dd3bbcd" 200 357 "GET http://172.18.0.2:8080/v1/AUTH_5497b68335b649b9a91a2e7be6ecabe7/gnocchi.cf999f5c-8c00-4bcd-af48-82b99dd3bbcd?format=json&states=listing" "tx32c280d309ca4bd8b31d2-0068daeb3e" "proxy-server 20" 0.0093 "-" 20 0
Sep 29 20:25:34 standalone proxy-server[146801]: 172.18.0.2 172.18.0.100 29/Sep/2025/20/25/34 GET /v1/AUTH_5497b68335b649b9a91a2e7be6ecabe7/gnocchi.cf999f5c-8c00-4bcd-af48-82b99dd3bbcd%3Fformat%3Djson%26states%3Dlisting HTTP/1.0 200 - python-swiftclient-3.11.1 gAAAAABo2uq_m4ZM... - 357 - tx32c280d309ca4bd8b31d2-0068daeb3e - 0.0187 - - 1759177534.408749580 1759177534.427450418 0
Sep 29 20:25:34 standalone container-server[144847]: 172.20.0.100 - - [29/Sep/2025:20:25:34 +0000] "GET /d1/909/AUTH_5497b68335b649b9a91a2e7be6ecabe7/gnocchi.cf999f5c-8c00-4bcd-af48-82b99dd3bbcd" 200 2 "GET http://172.18.0.2:8080/v1/AUTH_5497b68335b649b9a91a2e7be6ecabe7/gnocchi.cf999f5c-8c00-4bcd-af48-82b99dd3bbcd?format=json&marker=none_v3&states=listing" "txfa0ea98934cd4759b087a-0068daeb3e" "proxy-server 20" 0.0033 "-" 20 0
Sep 29 20:25:34 standalone proxy-server[146801]: 172.18.0.2 172.18.0.100 29/Sep/2025/20/25/34 GET /v1/AUTH_5497b68335b649b9a91a2e7be6ecabe7/gnocchi.cf999f5c-8c00-4bcd-af48-82b99dd3bbcd%3Fformat%3Djson%26marker%3Dnone_v3%26states%3Dlisting HTTP/1.0 200 - python-swiftclient-3.11.1 gAAAAABo2uq_m4ZM... - 2 - txfa0ea98934cd4759b087a-0068daeb3e - 0.0114 - - 1759177534.431916237 1759177534.443354845 0
Sep 29 20:25:34 standalone object-server[144966]: 172.20.0.100 - - [29/Sep/2025:20:25:34 +0000] "GET /d1/776/AUTH_5497b68335b649b9a91a2e7be6ecabe7/gnocchi.cf999f5c-8c00-4bcd-af48-82b99dd3bbcd/1758240000.0_mean_300.0_v3" 200 16 "GET http://172.18.0.2:8080/v1/AUTH_5497b68335b649b9a91a2e7be6ecabe7/gnocchi.cf999f5c-8c00-4bcd-af48-82b99dd3bbcd/1758240000.0_mean_300.0_v3" "txfb73342c4ffc44bbb4ecb-0068daeb3e" "proxy-server 20" 0.0012 "-" 22 0
Sep 29 20:25:34 standalone proxy-server[146801]: 172.18.0.2 172.18.0.100 29/Sep/2025/20/25/34 GET /v1/AUTH_5497b68335b649b9a91a2e7be6ecabe7/gnocchi.cf999f5c-8c00-4bcd-af48-82b99dd3bbcd/1758240000.0_mean_300.0_v3 HTTP/1.0 200 - python-swiftclient-3.11.1 gAAAAABo2uq_m4ZM... - 16 - txfb73342c4ffc44bbb4ecb-0068daeb3e - 0.0200 - - 1759177534.449459553 1759177534.469420195 0
Sep 29 20:25:34 standalone container-server[144847]: 172.20.0.100 - - [29/Sep/2025:20:25:34 +0000] "PUT /d1/909/AUTH_5497b68335b649b9a91a2e7be6ecabe7/gnocchi.cf999f5c-8c00-4bcd-af48-82b99dd3bbcd/1758240000.0_mean_300.0_v3" 201 - "PUT http://172.18.0.2:8080/d1/776/AUTH_5497b68335b649b9a91a2e7be6ecabe7/gnocchi.cf999f5c-8c00-4bcd-af48-82b99dd3bbcd/1758240000.0_mean_300.0_v3" "tx1dcb489856af462fa2223-0068daeb3e" "object-server 25" 0.0019 "-" 20 0
Sep 29 20:25:34 standalone object-server[144974]: 172.20.0.100 - - [29/Sep/2025:20:25:34 +0000] "PUT /d1/776/AUTH_5497b68335b649b9a91a2e7be6ecabe7/gnocchi.cf999f5c-8c00-4bcd-af48-82b99dd3bbcd/1758240000.0_mean_300.0_v3" 201 - "PUT http://172.18.0.2:8080/v1/AUTH_5497b68335b649b9a91a2e7be6ecabe7/gnocchi.cf999f5c-8c00-4bcd-af48-82b99dd3bbcd/1758240000.0_mean_300.0_v3" "tx1dcb489856af462fa2223-0068daeb3e" "proxy-server 20" 0.0107 "-" 25 0
Sep 29 20:25:34 standalone proxy-server[146801]: 172.18.0.2 172.18.0.100 29/Sep/2025/20/25/34 PUT /v1/AUTH_5497b68335b649b9a91a2e7be6ecabe7/gnocchi.cf999f5c-8c00-4bcd-af48-82b99dd3bbcd/1758240000.0_mean_300.0_v3 HTTP/1.0 201 - python-swiftclient-3.11.1 gAAAAABo2uq_m4ZM... 16 - - tx1dcb489856af462fa2223-0068daeb3e - 0.0180 - - 1759177534.474867105 1759177534.492874384 0
Sep 29 20:25:34 standalone container-server[144847]: 172.20.0.100 - - [29/Sep/2025:20:25:34 +0000] "PUT /d1/909/AUTH_5497b68335b649b9a91a2e7be6ecabe7/gnocchi.cf999f5c-8c00-4bcd-af48-82b99dd3bbcd/none_v3" 201 - "PUT http://172.18.0.2:8080/d1/878/AUTH_5497b68335b649b9a91a2e7be6ecabe7/gnocchi.cf999f5c-8c00-4bcd-af48-82b99dd3bbcd/none_v3" "tx6374c4bee93943e39596a-0068daeb3e" "object-server 23" 0.0006 "-" 20 0
Sep 29 20:25:34 standalone object-server[144968]: 172.20.0.100 - - [29/Sep/2025:20:25:34 +0000] "PUT /d1/878/AUTH_5497b68335b649b9a91a2e7be6ecabe7/gnocchi.cf999f5c-8c00-4bcd-af48-82b99dd3bbcd/none_v3" 201 - "PUT http://172.18.0.2:8080/v1/AUTH_5497b68335b649b9a91a2e7be6ecabe7/gnocchi.cf999f5c-8c00-4bcd-af48-82b99dd3bbcd/none_v3" "tx6374c4bee93943e39596a-0068daeb3e" "proxy-server 20" 0.0110 "-" 23 0
Sep 29 20:25:34 standalone proxy-server[146801]: 172.18.0.2 172.18.0.100 29/Sep/2025/20/25/34 PUT /v1/AUTH_5497b68335b649b9a91a2e7be6ecabe7/gnocchi.cf999f5c-8c00-4bcd-af48-82b99dd3bbcd/none_v3 HTTP/1.0 201 - python-swiftclient-3.11.1 gAAAAABo2uq_m4ZM... 31 - - tx6374c4bee93943e39596a-0068daeb3e - 0.0200 - - 1759177534.496697426 1759177534.516729355 0
Sep 29 20:25:41 standalone object-server[144864]: Begin object update sweep
Sep 29 20:25:41 standalone object-server[262417]: Object update sweep starting on /srv/node/d1 (pid: 14)
Sep 29 20:25:41 standalone object-server[262417]: Object update sweep completed on /srv/node/d1 in 0.00s seconds:, 0 successes, 0 failures, 0 quarantines, 0 unlinks, 0 errors, 0 redirects (pid: 14)
Sep 29 20:25:41 standalone object-server[262417]: Object update sweep of d1 completed: 0.00s, 0 successes, 0 failures, 0 quarantines, 0 unlinks, 0 errors, 0 redirects
Sep 29 20:25:41 standalone object-server[144864]: Object update sweep completed: 0.09s
Sep 29 20:25:42 standalone object-server[144966]: 172.20.0.100 - - [29/Sep/2025:20:25:42 +0000] "GET /d1/878/AUTH_5497b68335b649b9a91a2e7be6ecabe7/gnocchi.cf999f5c-8c00-4bcd-af48-82b99dd3bbcd/none_v3" 200 31 "GET http://172.18.0.2:8080/v1/AUTH_5497b68335b649b9a91a2e7be6ecabe7/gnocchi.cf999f5c-8c00-4bcd-af48-82b99dd3bbcd/none_v3" "tx76bf1604d61d405987540-0068daeb46" "proxy-server 20" 0.0009 "-" 22 0
Sep 29 20:25:42 standalone proxy-server[146801]: 172.18.0.2 172.18.0.100 29/Sep/2025/20/25/42 GET /v1/AUTH_5497b68335b649b9a91a2e7be6ecabe7/gnocchi.cf999f5c-8c00-4bcd-af48-82b99dd3bbcd/none_v3 HTTP/1.0 200 - python-swiftclient-3.11.1 gAAAAABo2uq_m4ZM... - 31 - tx76bf1604d61d405987540-0068daeb46 - 0.0075 - - 1759177542.348885298 1759177542.356403828 0
Sep 29 20:25:42 standalone container-server[144860]: 172.20.0.100 - - [29/Sep/2025:20:25:42 +0000] "GET /d1/909/AUTH_5497b68335b649b9a91a2e7be6ecabe7/gnocchi.cf999f5c-8c00-4bcd-af48-82b99dd3bbcd" 200 357 "GET http://172.18.0.2:8080/v1/AUTH_5497b68335b649b9a91a2e7be6ecabe7/gnocchi.cf999f5c-8c00-4bcd-af48-82b99dd3bbcd?format=json&states=listing" "tx93e1224bef6142339db93-0068daeb46" "proxy-server 20" 0.0063 "-" 23 0
Sep 29 20:25:42 standalone proxy-server[146801]: 172.18.0.2 172.18.0.100 29/Sep/2025/20/25/42 GET /v1/AUTH_5497b68335b649b9a91a2e7be6ecabe7/gnocchi.cf999f5c-8c00-4bcd-af48-82b99dd3bbcd%3Fformat%3Djson%26states%3Dlisting HTTP/1.0 200 - python-swiftclient-3.11.1 gAAAAABo2uq_m4ZM... - 357 - tx93e1224bef6142339db93-0068daeb46 - 0.0130 - - 1759177542.360396862 1759177542.373356581 0
Sep 29 20:25:42 standalone container-server[144856]: 172.20.0.100 - - [29/Sep/2025:20:25:42 +0000] "GET /d1/909/AUTH_5497b68335b649b9a91a2e7be6ecabe7/gnocchi.cf999f5c-8c00-4bcd-af48-82b99dd3bbcd" 200 2 "GET http://172.18.0.2:8080/v1/AUTH_5497b68335b649b9a91a2e7be6ecabe7/gnocchi.cf999f5c-8c00-4bcd-af48-82b99dd3bbcd?format=json&marker=none_v3&states=listing" "txcc0ac1f8971644f88ea3c-0068daeb46" "proxy-server 20" 0.0019 "-" 22 0
Sep 29 20:25:42 standalone proxy-server[146801]: 172.18.0.2 172.18.0.100 29/Sep/2025/20/25/42 GET /v1/AUTH_5497b68335b649b9a91a2e7be6ecabe7/gnocchi.cf999f5c-8c00-4bcd-af48-82b99dd3bbcd%3Fformat%3Djson%26marker%3Dnone_v3%26states%3Dlisting HTTP/1.0 200 - python-swiftclient-3.11.1 gAAAAABo2uq_m4ZM... - 2 - txcc0ac1f8971644f88ea3c-0068daeb46 - 0.0093 - - 1759177542.386388779 1759177542.395663500 0
Sep 29 20:25:42 standalone object-server[144968]: 172.20.0.100 - - [29/Sep/2025:20:25:42 +0000] "GET /d1/776/AUTH_5497b68335b649b9a91a2e7be6ecabe7/gnocchi.cf999f5c-8c00-4bcd-af48-82b99dd3bbcd/1758240000.0_mean_300.0_v3" 200 16 "GET http://172.18.0.2:8080/v1/AUTH_5497b68335b649b9a91a2e7be6ecabe7/gnocchi.cf999f5c-8c00-4bcd-af48-82b99dd3bbcd/1758240000.0_mean_300.0_v3" "tx15d24fa91f4e44f6b4e9c-0068daeb46" "proxy-server 20" 0.0007 "-" 23 0
Sep 29 20:25:42 standalone proxy-server[146801]: 172.18.0.2 172.18.0.100 29/Sep/2025/20/25/42 GET /v1/AUTH_5497b68335b649b9a91a2e7be6ecabe7/gnocchi.cf999f5c-8c00-4bcd-af48-82b99dd3bbcd/1758240000.0_mean_300.0_v3 HTTP/1.0 200 - python-swiftclient-3.11.1 gAAAAABo2uq_m4ZM... - 16 - tx15d24fa91f4e44f6b4e9c-0068daeb46 - 0.0062 - - 1759177542.399221897 1759177542.405400991 0
Sep 29 20:25:42 standalone container-server[144856]: 172.20.0.100 - - [29/Sep/2025:20:25:42 +0000] "PUT /d1/909/AUTH_5497b68335b649b9a91a2e7be6ecabe7/gnocchi.cf999f5c-8c00-4bcd-af48-82b99dd3bbcd/1758240000.0_mean_300.0_v3" 201 - "PUT http://172.18.0.2:8080/d1/776/AUTH_5497b68335b649b9a91a2e7be6ecabe7/gnocchi.cf999f5c-8c00-4bcd-af48-82b99dd3bbcd/1758240000.0_mean_300.0_v3" "txc4edfbdb9de246d293cac-0068daeb46" "object-server 24" 0.0005 "-" 22 0
Sep 29 20:25:42 standalone object-server[144971]: 172.20.0.100 - - [29/Sep/2025:20:25:42 +0000] "PUT /d1/776/AUTH_5497b68335b649b9a91a2e7be6ecabe7/gnocchi.cf999f5c-8c00-4bcd-af48-82b99dd3bbcd/1758240000.0_mean_300.0_v3" 201 - "PUT http://172.18.0.2:8080/v1/AUTH_5497b68335b649b9a91a2e7be6ecabe7/gnocchi.cf999f5c-8c00-4bcd-af48-82b99dd3bbcd/1758240000.0_mean_300.0_v3" "txc4edfbdb9de246d293cac-0068daeb46" "proxy-server 20" 0.0086 "-" 24 0
Sep 29 20:25:42 standalone proxy-server[146801]: 172.18.0.2 172.18.0.100 29/Sep/2025/20/25/42 PUT /v1/AUTH_5497b68335b649b9a91a2e7be6ecabe7/gnocchi.cf999f5c-8c00-4bcd-af48-82b99dd3bbcd/1758240000.0_mean_300.0_v3 HTTP/1.0 201 - python-swiftclient-3.11.1 gAAAAABo2uq_m4ZM... 16 - - txc4edfbdb9de246d293cac-0068daeb46 - 0.0140 - - 1759177542.408269405 1759177542.422253132 0
Sep 29 20:25:42 standalone container-server[144850]: 172.20.0.100 - - [29/Sep/2025:20:25:42 +0000] "PUT /d1/909/AUTH_5497b68335b649b9a91a2e7be6ecabe7/gnocchi.cf999f5c-8c00-4bcd-af48-82b99dd3bbcd/none_v3" 201 - "PUT http://172.18.0.2:8080/d1/878/AUTH_5497b68335b649b9a91a2e7be6ecabe7/gnocchi.cf999f5c-8c00-4bcd-af48-82b99dd3bbcd/none_v3" "tx1e2752e9ac1745dabd93b-0068daeb46" "object-server 25" 0.0005 "-" 21 0
Sep 29 20:25:42 standalone object-server[144974]: 172.20.0.100 - - [29/Sep/2025:20:25:42 +0000] "PUT /d1/878/AUTH_5497b68335b649b9a91a2e7be6ecabe7/gnocchi.cf999f5c-8c00-4bcd-af48-82b99dd3bbcd/none_v3" 201 - "PUT http://172.18.0.2:8080/v1/AUTH_5497b68335b649b9a91a2e7be6ecabe7/gnocchi.cf999f5c-8c00-4bcd-af48-82b99dd3bbcd/none_v3" "tx1e2752e9ac1745dabd93b-0068daeb46" "proxy-server 20" 0.0133 "-" 25 0
Sep 29 20:25:42 standalone proxy-server[146801]: 172.18.0.2 172.18.0.100 29/Sep/2025/20/25/42 PUT /v1/AUTH_5497b68335b649b9a91a2e7be6ecabe7/gnocchi.cf999f5c-8c00-4bcd-af48-82b99dd3bbcd/none_v3 HTTP/1.0 201 - python-swiftclient-3.11.1 gAAAAABo2uq_m4ZM... 46 - - tx1e2752e9ac1745dabd93b-0068daeb46 - 0.0193 - - 1759177542.425774336 1759177542.445053577 0
Sep 29 20:25:42 standalone object-server[144966]: 172.20.0.100 - - [29/Sep/2025:20:25:42 +0000] "GET /d1/878/AUTH_5497b68335b649b9a91a2e7be6ecabe7/gnocchi.cf999f5c-8c00-4bcd-af48-82b99dd3bbcd/none_v3" 200 46 "GET http://172.18.0.2:8080/v1/AUTH_5497b68335b649b9a91a2e7be6ecabe7/gnocchi.cf999f5c-8c00-4bcd-af48-82b99dd3bbcd/none_v3" "tx45097af23d974b6cb5225-0068daeb46" "proxy-server 20" 0.0008 "-" 22 0
Sep 29 20:25:42 standalone proxy-server[146801]: 172.18.0.2 172.18.0.100 29/Sep/2025/20/25/42 GET /v1/AUTH_5497b68335b649b9a91a2e7be6ecabe7/gnocchi.cf999f5c-8c00-4bcd-af48-82b99dd3bbcd/none_v3 HTTP/1.0 200 - python-swiftclient-3.11.1 gAAAAABo2uq_m4ZM... - 46 - tx45097af23d974b6cb5225-0068daeb46 - 0.0068 - - 1759177542.987103939 1759177542.993854761 0
Sep 29 20:25:43 standalone container-server[144847]: 172.20.0.100 - - [29/Sep/2025:20:25:43 +0000] "GET /d1/909/AUTH_5497b68335b649b9a91a2e7be6ecabe7/gnocchi.cf999f5c-8c00-4bcd-af48-82b99dd3bbcd" 200 357 "GET http://172.18.0.2:8080/v1/AUTH_5497b68335b649b9a91a2e7be6ecabe7/gnocchi.cf999f5c-8c00-4bcd-af48-82b99dd3bbcd?format=json&states=listing" "txf7b217deb2d84c2b9d073-0068daeb46" "proxy-server 20" 0.0083 "-" 20 0
Sep 29 20:25:43 standalone proxy-server[146801]: 172.18.0.2 172.18.0.100 29/Sep/2025/20/25/43 GET /v1/AUTH_5497b68335b649b9a91a2e7be6ecabe7/gnocchi.cf999f5c-8c00-4bcd-af48-82b99dd3bbcd%3Fformat%3Djson%26states%3Dlisting HTTP/1.0 200 - python-swiftclient-3.11.1 gAAAAABo2uq_m4ZM... - 357 - txf7b217deb2d84c2b9d073-0068daeb46 - 0.0148 - - 1759177542.997255087 1759177543.012013912 0
Sep 29 20:25:43 standalone container-server[144860]: 172.20.0.100 - - [29/Sep/2025:20:25:43 +0000] "GET /d1/909/AUTH_5497b68335b649b9a91a2e7be6ecabe7/gnocchi.cf999f5c-8c00-4bcd-af48-82b99dd3bbcd" 200 2 "GET http://172.18.0.2:8080/v1/AUTH_5497b68335b649b9a91a2e7be6ecabe7/gnocchi.cf999f5c-8c00-4bcd-af48-82b99dd3bbcd?format=json&marker=none_v3&states=listing" "txad30cccd348e40e889bb7-0068daeb47" "proxy-server 20" 0.0040 "-" 23 0
Sep 29 20:25:43 standalone proxy-server[146801]: 172.18.0.2 172.18.0.100 29/Sep/2025/20/25/43 GET /v1/AUTH_5497b68335b649b9a91a2e7be6ecabe7/gnocchi.cf999f5c-8c00-4bcd-af48-82b99dd3bbcd%3Fformat%3Djson%26marker%3Dnone_v3%26states%3Dlisting HTTP/1.0 200 - python-swiftclient-3.11.1 gAAAAABo2uq_m4ZM... - 2 - txad30cccd348e40e889bb7-0068daeb47 - 0.0111 - - 1759177543.014920950 1759177543.026036024 0
Sep 29 20:25:43 standalone object-server[144971]: 172.20.0.100 - - [29/Sep/2025:20:25:43 +0000] "GET /d1/776/AUTH_5497b68335b649b9a91a2e7be6ecabe7/gnocchi.cf999f5c-8c00-4bcd-af48-82b99dd3bbcd/1758240000.0_mean_300.0_v3" 200 16 "GET http://172.18.0.2:8080/v1/AUTH_5497b68335b649b9a91a2e7be6ecabe7/gnocchi.cf999f5c-8c00-4bcd-af48-82b99dd3bbcd/1758240000.0_mean_300.0_v3" "tx6fb4c8d0b4c14f538a922-0068daeb47" "proxy-server 20" 0.0007 "-" 24 0
Sep 29 20:25:43 standalone proxy-server[146801]: 172.18.0.2 172.18.0.100 29/Sep/2025/20/25/43 GET /v1/AUTH_5497b68335b649b9a91a2e7be6ecabe7/gnocchi.cf999f5c-8c00-4bcd-af48-82b99dd3bbcd/1758240000.0_mean_300.0_v3 HTTP/1.0 200 - python-swiftclient-3.11.1 gAAAAABo2uq_m4ZM... - 16 - tx6fb4c8d0b4c14f538a922-0068daeb47 - 0.0068 - - 1759177543.031024218 1759177543.037774563 0
Sep 29 20:25:43 standalone container-server[144847]: 172.20.0.100 - - [29/Sep/2025:20:25:43 +0000] "PUT /d1/909/AUTH_5497b68335b649b9a91a2e7be6ecabe7/gnocchi.cf999f5c-8c00-4bcd-af48-82b99dd3bbcd/1758240000.0_mean_300.0_v3" 201 - "PUT http://172.18.0.2:8080/d1/776/AUTH_5497b68335b649b9a91a2e7be6ecabe7/gnocchi.cf999f5c-8c00-4bcd-af48-82b99dd3bbcd/1758240000.0_mean_300.0_v3" "tx22efc2d328f34a3ea9146-0068daeb47" "object-server 25" 0.0006 "-" 20 0
Sep 29 20:25:43 standalone object-server[144974]: 172.20.0.100 - - [29/Sep/2025:20:25:43 +0000] "PUT /d1/776/AUTH_5497b68335b649b9a91a2e7be6ecabe7/gnocchi.cf999f5c-8c00-4bcd-af48-82b99dd3bbcd/1758240000.0_mean_300.0_v3" 201 - "PUT http://172.18.0.2:8080/v1/AUTH_5497b68335b649b9a91a2e7be6ecabe7/gnocchi.cf999f5c-8c00-4bcd-af48-82b99dd3bbcd/1758240000.0_mean_300.0_v3" "tx22efc2d328f34a3ea9146-0068daeb47" "proxy-server 20" 0.0104 "-" 25 0
Sep 29 20:25:43 standalone proxy-server[146801]: 172.18.0.2 172.18.0.100 29/Sep/2025/20/25/43 PUT /v1/AUTH_5497b68335b649b9a91a2e7be6ecabe7/gnocchi.cf999f5c-8c00-4bcd-af48-82b99dd3bbcd/1758240000.0_mean_300.0_v3 HTTP/1.0 201 - python-swiftclient-3.11.1 gAAAAABo2uq_m4ZM... 16 - - tx22efc2d328f34a3ea9146-0068daeb47 - 0.0161 - - 1759177543.041402340 1759177543.057483196 0
Sep 29 20:25:43 standalone container-server[144850]: 172.20.0.100 - - [29/Sep/2025:20:25:43 +0000] "PUT /d1/909/AUTH_5497b68335b649b9a91a2e7be6ecabe7/gnocchi.cf999f5c-8c00-4bcd-af48-82b99dd3bbcd/none_v3" 201 - "PUT http://172.18.0.2:8080/d1/878/AUTH_5497b68335b649b9a91a2e7be6ecabe7/gnocchi.cf999f5c-8c00-4bcd-af48-82b99dd3bbcd/none_v3" "tx9fedf102054540d49b4e8-0068daeb47" "object-server 25" 0.0005 "-" 21 0
Sep 29 20:25:43 standalone object-server[144974]: 172.20.0.100 - - [29/Sep/2025:20:25:43 +0000] "PUT /d1/878/AUTH_5497b68335b649b9a91a2e7be6ecabe7/gnocchi.cf999f5c-8c00-4bcd-af48-82b99dd3bbcd/none_v3" 201 - "PUT http://172.18.0.2:8080/v1/AUTH_5497b68335b649b9a91a2e7be6ecabe7/gnocchi.cf999f5c-8c00-4bcd-af48-82b99dd3bbcd/none_v3" "tx9fedf102054540d49b4e8-0068daeb47" "proxy-server 20" 0.0103 "-" 25 0
Sep 29 20:25:43 standalone proxy-server[146801]: 172.18.0.2 172.18.0.100 29/Sep/2025/20/25/43 PUT /v1/AUTH_5497b68335b649b9a91a2e7be6ecabe7/gnocchi.cf999f5c-8c00-4bcd-af48-82b99dd3bbcd/none_v3 HTTP/1.0 201 - python-swiftclient-3.11.1 gAAAAABo2uq_m4ZM... 51 - - tx9fedf102054540d49b4e8-0068daeb47 - 0.0155 - - 1759177543.061493874 1759177543.076967955 0
Sep 29 20:25:45 standalone container-server[144860]: 172.20.0.100 - - [29/Sep/2025:20:25:45 +0000] "HEAD /d1/514/AUTH_5497b68335b649b9a91a2e7be6ecabe7/gnocchi.9aa7c4d8-2665-460e-a17f-58386fa7707c" 404 - "HEAD http://172.18.0.2:8080/v1/AUTH_5497b68335b649b9a91a2e7be6ecabe7/gnocchi.9aa7c4d8-2665-460e-a17f-58386fa7707c?format=json&states=listing" "txe220a04351d9408e8772f-0068daeb49" "proxy-server 20" 0.0005 "-" 23 0
Sep 29 20:25:45 standalone object-server[144966]: 172.20.0.100 - - [29/Sep/2025:20:25:45 +0000] "GET /d1/260/AUTH_5497b68335b649b9a91a2e7be6ecabe7/gnocchi.9aa7c4d8-2665-460e-a17f-58386fa7707c/none_v3" 404 70 "GET http://172.18.0.2:8080/v1/AUTH_5497b68335b649b9a91a2e7be6ecabe7/gnocchi.9aa7c4d8-2665-460e-a17f-58386fa7707c/none_v3" "txe220a04351d9408e8772f-0068daeb49" "proxy-server 20" 0.0008 "-" 22 0
Sep 29 20:25:45 standalone proxy-server[146801]: 172.18.0.2 172.18.0.100 29/Sep/2025/20/25/45 GET /v1/AUTH_5497b68335b649b9a91a2e7be6ecabe7/gnocchi.9aa7c4d8-2665-460e-a17f-58386fa7707c/none_v3 HTTP/1.0 404 - python-swiftclient-3.11.1 gAAAAABo2uq_m4ZM... - 70 - txe220a04351d9408e8772f-0068daeb49 - 0.0135 - - 1759177545.909268379 1759177545.922754288 0
Sep 29 20:25:45 standalone account-server[144755]: 172.20.0.100 - - [29/Sep/2025:20:25:45 +0000] "PUT /d1/51/AUTH_5497b68335b649b9a91a2e7be6ecabe7/gnocchi.9aa7c4d8-2665-460e-a17f-58386fa7707c" 201 - "PUT http://172.20.0.100:6001/d1/514/AUTH_5497b68335b649b9a91a2e7be6ecabe7/gnocchi.9aa7c4d8-2665-460e-a17f-58386fa7707c" "txc27a2f3ee9004e47b1680-0068daeb49" "container-server 20" 0.0079 "-" 21 0
Sep 29 20:25:45 standalone container-server[144847]: 172.20.0.100 - - [29/Sep/2025:20:25:45 +0000] "PUT /d1/514/AUTH_5497b68335b649b9a91a2e7be6ecabe7/gnocchi.9aa7c4d8-2665-460e-a17f-58386fa7707c" 201 - "PUT http://172.18.0.2:8080/v1/AUTH_5497b68335b649b9a91a2e7be6ecabe7/gnocchi.9aa7c4d8-2665-460e-a17f-58386fa7707c" "txc27a2f3ee9004e47b1680-0068daeb49" "proxy-server 20" 0.0359 "-" 20 0
Sep 29 20:25:45 standalone proxy-server[146801]: 172.18.0.2 172.18.0.100 29/Sep/2025/20/25/45 PUT /v1/AUTH_5497b68335b649b9a91a2e7be6ecabe7/gnocchi.9aa7c4d8-2665-460e-a17f-58386fa7707c HTTP/1.0 201 - python-swiftclient-3.11.1 gAAAAABo2uq_m4ZM... - - - txc27a2f3ee9004e47b1680-0068daeb49 - 0.0456 - - 1759177545.927075148 1759177545.972653866 0
Sep 29 20:25:45 standalone container-server[144847]: 172.20.0.100 - - [29/Sep/2025:20:25:45 +0000] "HEAD /d1/514/AUTH_5497b68335b649b9a91a2e7be6ecabe7/gnocchi.9aa7c4d8-2665-460e-a17f-58386fa7707c" 204 - "HEAD http://172.18.0.2:8080/v1/AUTH_5497b68335b649b9a91a2e7be6ecabe7/gnocchi.9aa7c4d8-2665-460e-a17f-58386fa7707c?format=json&states=listing" "tx0d0ef8d3257f49a8bf99b-0068daeb49" "proxy-server 20" 0.0024 "-" 20 0
Sep 29 20:25:45 standalone proxy-server[146801]: - - 29/Sep/2025/20/25/45 HEAD /v1/AUTH_5497b68335b649b9a91a2e7be6ecabe7/gnocchi.9aa7c4d8-2665-460e-a17f-58386fa7707c%3Fformat%3Djson%26states%3Dlisting HTTP/1.0 204 - Swift - - - - tx0d0ef8d3257f49a8bf99b-0068daeb49 - 0.0076 RL - 1759177545.979648829 1759177545.987270117 0
Sep 29 20:25:46 standalone container-server[144856]: 172.20.0.100 - - [29/Sep/2025:20:25:46 +0000] "GET /d1/514/AUTH_5497b68335b649b9a91a2e7be6ecabe7/gnocchi.9aa7c4d8-2665-460e-a17f-58386fa7707c" 200 2 "GET http://172.18.0.2:8080/v1/AUTH_5497b68335b649b9a91a2e7be6ecabe7/gnocchi.9aa7c4d8-2665-460e-a17f-58386fa7707c?format=json&states=listing" "tx0d0ef8d3257f49a8bf99b-0068daeb49" "proxy-server 20" 0.0017 "-" 22 0
Sep 29 20:25:46 standalone proxy-server[146801]: 172.18.0.2 172.18.0.100 29/Sep/2025/20/25/46 GET /v1/AUTH_5497b68335b649b9a91a2e7be6ecabe7/gnocchi.9aa7c4d8-2665-460e-a17f-58386fa7707c%3Fformat%3Djson%26states%3Dlisting HTTP/1.0 200 - python-swiftclient-3.11.1 gAAAAABo2uq_m4ZM... - 2 - tx0d0ef8d3257f49a8bf99b-0068daeb49 - 0.0286 - - 1759177545.977726936 1759177546.006309032 0
Sep 29 20:25:46 standalone object-server[144971]: 172.20.0.100 - - [29/Sep/2025:20:25:46 +0000] "GET /d1/391/AUTH_5497b68335b649b9a91a2e7be6ecabe7/gnocchi.9aa7c4d8-2665-460e-a17f-58386fa7707c/1758240000.0_mean_300.0_v3" 404 70 "GET http://172.18.0.2:8080/v1/AUTH_5497b68335b649b9a91a2e7be6ecabe7/gnocchi.9aa7c4d8-2665-460e-a17f-58386fa7707c/1758240000.0_mean_300.0_v3" "tx2df1a49b95ad4055be2f4-0068daeb4a" "proxy-server 20" 0.0005 "-" 24 0
Sep 29 20:25:46 standalone proxy-server[146801]: 172.18.0.2 172.18.0.100 29/Sep/2025/20/25/46 GET /v1/AUTH_5497b68335b649b9a91a2e7be6ecabe7/gnocchi.9aa7c4d8-2665-460e-a17f-58386fa7707c/1758240000.0_mean_300.0_v3 HTTP/1.0 404 - python-swiftclient-3.11.1 gAAAAABo2uq_m4ZM... - 70 - tx2df1a49b95ad4055be2f4-0068daeb4a - 0.0141 - - 1759177546.017296314 1759177546.031375408 0
Sep 29 20:25:46 standalone container-server[144847]: 172.20.0.100 - - [29/Sep/2025:20:25:46 +0000] "PUT /d1/514/AUTH_5497b68335b649b9a91a2e7be6ecabe7/gnocchi.9aa7c4d8-2665-460e-a17f-58386fa7707c/1758240000.0_mean_300.0_v3" 201 - "PUT http://172.18.0.2:8080/d1/391/AUTH_5497b68335b649b9a91a2e7be6ecabe7/gnocchi.9aa7c4d8-2665-460e-a17f-58386fa7707c/1758240000.0_mean_300.0_v3" "tx91406360fd6c44d38e893-0068daeb4a" "object-server 24" 0.0006 "-" 20 0
Sep 29 20:25:46 standalone object-server[144971]: 172.20.0.100 - - [29/Sep/2025:20:25:46 +0000] "PUT /d1/391/AUTH_5497b68335b649b9a91a2e7be6ecabe7/gnocchi.9aa7c4d8-2665-460e-a17f-58386fa7707c/1758240000.0_mean_300.0_v3" 201 - "PUT http://172.18.0.2:8080/v1/AUTH_5497b68335b649b9a91a2e7be6ecabe7/gnocchi.9aa7c4d8-2665-460e-a17f-58386fa7707c/1758240000.0_mean_300.0_v3" "tx91406360fd6c44d38e893-0068daeb4a" "proxy-server 20" 0.0095 "-" 24 0
Sep 29 20:25:46 standalone proxy-server[146801]: 172.18.0.2 172.18.0.100 29/Sep/2025/20/25/46 PUT /v1/AUTH_5497b68335b649b9a91a2e7be6ecabe7/gnocchi.9aa7c4d8-2665-460e-a17f-58386fa7707c/1758240000.0_mean_300.0_v3 HTTP/1.0 201 - python-swiftclient-3.11.1 gAAAAABo2uq_m4ZM... 16 - - tx91406360fd6c44d38e893-0068daeb4a - 0.0167 - - 1759177546.036125898 1759177546.052810431 0
Sep 29 20:25:46 standalone container-server[144850]: 172.20.0.100 - - [29/Sep/2025:20:25:46 +0000] "PUT /d1/514/AUTH_5497b68335b649b9a91a2e7be6ecabe7/gnocchi.9aa7c4d8-2665-460e-a17f-58386fa7707c/none_v3" 201 - "PUT http://172.18.0.2:8080/d1/260/AUTH_5497b68335b649b9a91a2e7be6ecabe7/gnocchi.9aa7c4d8-2665-460e-a17f-58386fa7707c/none_v3" "txf120a2efe2924dd6a570b-0068daeb4a" "object-server 24" 0.0016 "-" 21 0
Sep 29 20:25:46 standalone object-server[144971]: 172.20.0.100 - - [29/Sep/2025:20:25:46 +0000] "PUT /d1/260/AUTH_5497b68335b649b9a91a2e7be6ecabe7/gnocchi.9aa7c4d8-2665-460e-a17f-58386fa7707c/none_v3" 201 - "PUT http://172.18.0.2:8080/v1/AUTH_5497b68335b649b9a91a2e7be6ecabe7/gnocchi.9aa7c4d8-2665-460e-a17f-58386fa7707c/none_v3" "txf120a2efe2924dd6a570b-0068daeb4a" "proxy-server 20" 0.0137 "-" 24 0
Sep 29 20:25:46 standalone proxy-server[146801]: 172.18.0.2 172.18.0.100 29/Sep/2025/20/25/46 PUT /v1/AUTH_5497b68335b649b9a91a2e7be6ecabe7/gnocchi.9aa7c4d8-2665-460e-a17f-58386fa7707c/none_v3 HTTP/1.0 201 - python-swiftclient-3.11.1 gAAAAABo2uq_m4ZM... 22 - - txf120a2efe2924dd6a570b-0068daeb4a - 0.0219 - - 1759177546.055965424 1759177546.077845335 0
Sep 29 20:25:46 standalone container-server[144847]: 172.20.0.100 - - [29/Sep/2025:20:25:46 +0000] "HEAD /d1/786/AUTH_5497b68335b649b9a91a2e7be6ecabe7/gnocchi.a6b882f5-5d11-4afc-9f59-1a6de3c694f4" 404 - "HEAD http://172.18.0.2:8080/v1/AUTH_5497b68335b649b9a91a2e7be6ecabe7/gnocchi.a6b882f5-5d11-4afc-9f59-1a6de3c694f4?format=json&states=listing" "tx9486f4a8521045a5af5ea-0068daeb4a" "proxy-server 20" 0.0009 "-" 20 0
Sep 29 20:25:46 standalone object-server[144974]: 172.20.0.100 - - [29/Sep/2025:20:25:46 +0000] "GET /d1/944/AUTH_5497b68335b649b9a91a2e7be6ecabe7/gnocchi.a6b882f5-5d11-4afc-9f59-1a6de3c694f4/none_v3" 404 70 "GET http://172.18.0.2:8080/v1/AUTH_5497b68335b649b9a91a2e7be6ecabe7/gnocchi.a6b882f5-5d11-4afc-9f59-1a6de3c694f4/none_v3" "tx9486f4a8521045a5af5ea-0068daeb4a" "proxy-server 20" 0.0005 "-" 25 0
Sep 29 20:25:46 standalone proxy-server[146801]: 172.18.0.2 172.18.0.100 29/Sep/2025/20/25/46 GET /v1/AUTH_5497b68335b649b9a91a2e7be6ecabe7/gnocchi.a6b882f5-5d11-4afc-9f59-1a6de3c694f4/none_v3 HTTP/1.0 404 - python-swiftclient-3.11.1 gAAAAABo2uq_m4ZM... - 70 - tx9486f4a8521045a5af5ea-0068daeb4a - 0.0135 - - 1759177546.096220970 1759177546.109712362 0
Sep 29 20:25:46 standalone account-server[144755]: 172.20.0.100 - - [29/Sep/2025:20:25:46 +0000] "PUT /d1/51/AUTH_5497b68335b649b9a91a2e7be6ecabe7/gnocchi.a6b882f5-5d11-4afc-9f59-1a6de3c694f4" 201 - "PUT http://172.20.0.100:6001/d1/786/AUTH_5497b68335b649b9a91a2e7be6ecabe7/gnocchi.a6b882f5-5d11-4afc-9f59-1a6de3c694f4" "txf542d71ef5f34e6f9430e-0068daeb4a" "container-server 22" 0.0062 "-" 21 0
Sep 29 20:25:46 standalone container-server[144856]: 172.20.0.100 - - [29/Sep/2025:20:25:46 +0000] "PUT /d1/786/AUTH_5497b68335b649b9a91a2e7be6ecabe7/gnocchi.a6b882f5-5d11-4afc-9f59-1a6de3c694f4" 201 - "PUT http://172.18.0.2:8080/v1/AUTH_5497b68335b649b9a91a2e7be6ecabe7/gnocchi.a6b882f5-5d11-4afc-9f59-1a6de3c694f4" "txf542d71ef5f34e6f9430e-0068daeb4a" "proxy-server 20" 0.0166 "-" 22 0
Sep 29 20:25:46 standalone proxy-server[146801]: 172.18.0.2 172.18.0.100 29/Sep/2025/20/25/46 PUT /v1/AUTH_5497b68335b649b9a91a2e7be6ecabe7/gnocchi.a6b882f5-5d11-4afc-9f59-1a6de3c694f4 HTTP/1.0 201 - python-swiftclient-3.11.1 gAAAAABo2uq_m4ZM... - - - txf542d71ef5f34e6f9430e-0068daeb4a - 0.0217 - - 1759177546.115647793 1759177546.137350321 0
Sep 29 20:25:46 standalone container-server[144847]: 172.20.0.100 - - [29/Sep/2025:20:25:46 +0000] "HEAD /d1/786/AUTH_5497b68335b649b9a91a2e7be6ecabe7/gnocchi.a6b882f5-5d11-4afc-9f59-1a6de3c694f4" 204 - "HEAD http://172.18.0.2:8080/v1/AUTH_5497b68335b649b9a91a2e7be6ecabe7/gnocchi.a6b882f5-5d11-4afc-9f59-1a6de3c694f4?format=json&states=listing" "txb6379627312a407fbabd3-0068daeb4a" "proxy-server 20" 0.0021 "-" 20 0
Sep 29 20:25:46 standalone proxy-server[146801]: - - 29/Sep/2025/20/25/46 HEAD /v1/AUTH_5497b68335b649b9a91a2e7be6ecabe7/gnocchi.a6b882f5-5d11-4afc-9f59-1a6de3c694f4%3Fformat%3Djson%26states%3Dlisting HTTP/1.0 204 - Swift - - - - txb6379627312a407fbabd3-0068daeb4a - 0.0097 RL - 1759177546.148410559 1759177546.158075333 0
Sep 29 20:25:46 standalone container-server[144847]: 172.20.0.100 - - [29/Sep/2025:20:25:46 +0000] "GET /d1/786/AUTH_5497b68335b649b9a91a2e7be6ecabe7/gnocchi.a6b882f5-5d11-4afc-9f59-1a6de3c694f4" 200 2 "GET http://172.18.0.2:8080/v1/AUTH_5497b68335b649b9a91a2e7be6ecabe7/gnocchi.a6b882f5-5d11-4afc-9f59-1a6de3c694f4?format=json&states=listing" "txb6379627312a407fbabd3-0068daeb4a" "proxy-server 20" 0.0029 "-" 20 0
Sep 29 20:25:46 standalone proxy-server[146801]: 172.18.0.2 172.18.0.100 29/Sep/2025/20/25/46 GET /v1/AUTH_5497b68335b649b9a91a2e7be6ecabe7/gnocchi.a6b882f5-5d11-4afc-9f59-1a6de3c694f4%3Fformat%3Djson%26states%3Dlisting HTTP/1.0 200 - python-swiftclient-3.11.1 gAAAAABo2uq_m4ZM... - 2 - txb6379627312a407fbabd3-0068daeb4a - 0.0226 - - 1759177546.145874500 1759177546.168454409 0
Sep 29 20:25:46 standalone object-server[144974]: 172.20.0.100 - - [29/Sep/2025:20:25:46 +0000] "GET /d1/156/AUTH_5497b68335b649b9a91a2e7be6ecabe7/gnocchi.a6b882f5-5d11-4afc-9f59-1a6de3c694f4/1758240000.0_mean_300.0_v3" 404 70 "GET http://172.18.0.2:8080/v1/AUTH_5497b68335b649b9a91a2e7be6ecabe7/gnocchi.a6b882f5-5d11-4afc-9f59-1a6de3c694f4/1758240000.0_mean_300.0_v3" "tx7e1024e0e07f4fde81071-0068daeb4a" "proxy-server 20" 0.0005 "-" 25 0
Sep 29 20:25:46 standalone proxy-server[146801]: 172.18.0.2 172.18.0.100 29/Sep/2025/20/25/46 GET /v1/AUTH_5497b68335b649b9a91a2e7be6ecabe7/gnocchi.a6b882f5-5d11-4afc-9f59-1a6de3c694f4/1758240000.0_mean_300.0_v3 HTTP/1.0 404 - python-swiftclient-3.11.1 gAAAAABo2uq_m4ZM... - 70 - tx7e1024e0e07f4fde81071-0068daeb4a - 0.0070 - - 1759177546.174168587 1759177546.181180239 0
Sep 29 20:25:46 standalone container-server[144860]: 172.20.0.100 - - [29/Sep/2025:20:25:46 +0000] "PUT /d1/786/AUTH_5497b68335b649b9a91a2e7be6ecabe7/gnocchi.a6b882f5-5d11-4afc-9f59-1a6de3c694f4/1758240000.0_mean_300.0_v3" 201 - "PUT http://172.18.0.2:8080/d1/156/AUTH_5497b68335b649b9a91a2e7be6ecabe7/gnocchi.a6b882f5-5d11-4afc-9f59-1a6de3c694f4/1758240000.0_mean_300.0_v3" "tx67f01deb9a30414e8e417-0068daeb4a" "object-server 25" 0.0005 "-" 23 0
Sep 29 20:25:46 standalone object-server[144974]: 172.20.0.100 - - [29/Sep/2025:20:25:46 +0000] "PUT /d1/156/AUTH_5497b68335b649b9a91a2e7be6ecabe7/gnocchi.a6b882f5-5d11-4afc-9f59-1a6de3c694f4/1758240000.0_mean_300.0_v3" 201 - "PUT http://172.18.0.2:8080/v1/AUTH_5497b68335b649b9a91a2e7be6ecabe7/gnocchi.a6b882f5-5d11-4afc-9f59-1a6de3c694f4/1758240000.0_mean_300.0_v3" "tx67f01deb9a30414e8e417-0068daeb4a" "proxy-server 20" 0.0087 "-" 25 0
Sep 29 20:25:46 standalone proxy-server[146801]: 172.18.0.2 172.18.0.100 29/Sep/2025/20/25/46 PUT /v1/AUTH_5497b68335b649b9a91a2e7be6ecabe7/gnocchi.a6b882f5-5d11-4afc-9f59-1a6de3c694f4/1758240000.0_mean_300.0_v3 HTTP/1.0 201 - python-swiftclient-3.11.1 gAAAAABo2uq_m4ZM... 16 - - tx67f01deb9a30414e8e417-0068daeb4a - 0.0145 - - 1759177546.185860872 1759177546.200368166 0
Sep 29 20:25:46 standalone container-server[144850]: 172.20.0.100 - - [29/Sep/2025:20:25:46 +0000] "PUT /d1/786/AUTH_5497b68335b649b9a91a2e7be6ecabe7/gnocchi.a6b882f5-5d11-4afc-9f59-1a6de3c694f4/none_v3" 201 - "PUT http://172.18.0.2:8080/d1/944/AUTH_5497b68335b649b9a91a2e7be6ecabe7/gnocchi.a6b882f5-5d11-4afc-9f59-1a6de3c694f4/none_v3" "txbba2ce2eb06041f8a6853-0068daeb4a" "object-server 23" 0.0011 "-" 21 0
Sep 29 20:25:46 standalone object-server[144968]: 172.20.0.100 - - [29/Sep/2025:20:25:46 +0000] "PUT /d1/944/AUTH_5497b68335b649b9a91a2e7be6ecabe7/gnocchi.a6b882f5-5d11-4afc-9f59-1a6de3c694f4/none_v3" 201 - "PUT http://172.18.0.2:8080/v1/AUTH_5497b68335b649b9a91a2e7be6ecabe7/gnocchi.a6b882f5-5d11-4afc-9f59-1a6de3c694f4/none_v3" "txbba2ce2eb06041f8a6853-0068daeb4a" "proxy-server 20" 0.0174 "-" 23 0
Sep 29 20:25:46 standalone proxy-server[146801]: 172.18.0.2 172.18.0.100 29/Sep/2025/20/25/46 PUT /v1/AUTH_5497b68335b649b9a91a2e7be6ecabe7/gnocchi.a6b882f5-5d11-4afc-9f59-1a6de3c694f4/none_v3 HTTP/1.0 201 - python-swiftclient-3.11.1 gAAAAABo2uq_m4ZM... 22 - - txbba2ce2eb06041f8a6853-0068daeb4a - 0.0251 - - 1759177546.205679178 1759177546.230787992 0
Sep 29 20:25:46 standalone container-server[144847]: 172.20.0.100 - - [29/Sep/2025:20:25:46 +0000] "HEAD /d1/340/AUTH_5497b68335b649b9a91a2e7be6ecabe7/gnocchi.a2a1c214-0203-4c6f-8733-9069ba35a221" 404 - "HEAD http://172.18.0.2:8080/v1/AUTH_5497b68335b649b9a91a2e7be6ecabe7/gnocchi.a2a1c214-0203-4c6f-8733-9069ba35a221?format=json&states=listing" "txcacb3c94eb69485491229-0068daeb4a" "proxy-server 20" 0.0007 "-" 20 0
Sep 29 20:25:46 standalone object-server[144968]: 172.20.0.100 - - [29/Sep/2025:20:25:46 +0000] "GET /d1/618/AUTH_5497b68335b649b9a91a2e7be6ecabe7/gnocchi.a2a1c214-0203-4c6f-8733-9069ba35a221/none_v3" 404 70 "GET http://172.18.0.2:8080/v1/AUTH_5497b68335b649b9a91a2e7be6ecabe7/gnocchi.a2a1c214-0203-4c6f-8733-9069ba35a221/none_v3" "txcacb3c94eb69485491229-0068daeb4a" "proxy-server 20" 0.0009 "-" 23 0
Sep 29 20:25:46 standalone proxy-server[146801]: 172.18.0.2 172.18.0.100 29/Sep/2025/20/25/46 GET /v1/AUTH_5497b68335b649b9a91a2e7be6ecabe7/gnocchi.a2a1c214-0203-4c6f-8733-9069ba35a221/none_v3 HTTP/1.0 404 - python-swiftclient-3.11.1 gAAAAABo2uq_m4ZM... - 70 - txcacb3c94eb69485491229-0068daeb4a - 0.0136 - - 1759177546.249805927 1759177546.263388634 0
Sep 29 20:25:46 standalone account-server[144761]: 172.20.0.100 - - [29/Sep/2025:20:25:46 +0000] "PUT /d1/51/AUTH_5497b68335b649b9a91a2e7be6ecabe7/gnocchi.a2a1c214-0203-4c6f-8733-9069ba35a221" 201 - "PUT http://172.20.0.100:6001/d1/340/AUTH_5497b68335b649b9a91a2e7be6ecabe7/gnocchi.a2a1c214-0203-4c6f-8733-9069ba35a221" "txff6f6a9088954bf0acfb8-0068daeb4a" "container-server 20" 0.0045 "-" 22 0
Sep 29 20:25:46 standalone container-server[144847]: 172.20.0.100 - - [29/Sep/2025:20:25:46 +0000] "PUT /d1/340/AUTH_5497b68335b649b9a91a2e7be6ecabe7/gnocchi.a2a1c214-0203-4c6f-8733-9069ba35a221" 201 - "PUT http://172.18.0.2:8080/v1/AUTH_5497b68335b649b9a91a2e7be6ecabe7/gnocchi.a2a1c214-0203-4c6f-8733-9069ba35a221" "txff6f6a9088954bf0acfb8-0068daeb4a" "proxy-server 20" 0.0159 "-" 20 0
Sep 29 20:25:46 standalone proxy-server[146801]: 172.18.0.2 172.18.0.100 29/Sep/2025/20/25/46 PUT /v1/AUTH_5497b68335b649b9a91a2e7be6ecabe7/gnocchi.a2a1c214-0203-4c6f-8733-9069ba35a221 HTTP/1.0 201 - python-swiftclient-3.11.1 gAAAAABo2uq_m4ZM... - - - txff6f6a9088954bf0acfb8-0068daeb4a - 0.0226 - - 1759177546.269272327 1759177546.291843653 0
Sep 29 20:25:46 standalone container-server[144860]: 172.20.0.100 - - [29/Sep/2025:20:25:46 +0000] "HEAD /d1/340/AUTH_5497b68335b649b9a91a2e7be6ecabe7/gnocchi.a2a1c214-0203-4c6f-8733-9069ba35a221" 204 - "HEAD http://172.18.0.2:8080/v1/AUTH_5497b68335b649b9a91a2e7be6ecabe7/gnocchi.a2a1c214-0203-4c6f-8733-9069ba35a221?format=json&states=listing" "tx0306fc0acccb4d7d86013-0068daeb4a" "proxy-server 20" 0.0015 "-" 23 0
Sep 29 20:25:46 standalone proxy-server[146801]: - - 29/Sep/2025/20/25/46 HEAD /v1/AUTH_5497b68335b649b9a91a2e7be6ecabe7/gnocchi.a2a1c214-0203-4c6f-8733-9069ba35a221%3Fformat%3Djson%26states%3Dlisting HTTP/1.0 204 - Swift - - - - tx0306fc0acccb4d7d86013-0068daeb4a - 0.0052 RL - 1759177546.300715208 1759177546.305903673 0
Sep 29 20:25:46 standalone container-server[144856]: 172.20.0.100 - - [29/Sep/2025:20:25:46 +0000] "GET /d1/340/AUTH_5497b68335b649b9a91a2e7be6ecabe7/gnocchi.a2a1c214-0203-4c6f-8733-9069ba35a221" 200 2 "GET http://172.18.0.2:8080/v1/AUTH_5497b68335b649b9a91a2e7be6ecabe7/gnocchi.a2a1c214-0203-4c6f-8733-9069ba35a221?format=json&states=listing" "tx0306fc0acccb4d7d86013-0068daeb4a" "proxy-server 20" 0.0017 "-" 22 0
Sep 29 20:25:46 standalone proxy-server[146801]: 172.18.0.2 172.18.0.100 29/Sep/2025/20/25/46 GET /v1/AUTH_5497b68335b649b9a91a2e7be6ecabe7/gnocchi.a2a1c214-0203-4c6f-8733-9069ba35a221%3Fformat%3Djson%26states%3Dlisting HTTP/1.0 200 - python-swiftclient-3.11.1 gAAAAABo2uq_m4ZM... - 2 - tx0306fc0acccb4d7d86013-0068daeb4a - 0.0146 - - 1759177546.299365044 1759177546.313962936 0
Sep 29 20:25:46 standalone object-server[144968]: 172.20.0.100 - - [29/Sep/2025:20:25:46 +0000] "GET /d1/583/AUTH_5497b68335b649b9a91a2e7be6ecabe7/gnocchi.a2a1c214-0203-4c6f-8733-9069ba35a221/1758240000.0_mean_300.0_v3" 404 70 "GET http://172.18.0.2:8080/v1/AUTH_5497b68335b649b9a91a2e7be6ecabe7/gnocchi.a2a1c214-0203-4c6f-8733-9069ba35a221/1758240000.0_mean_300.0_v3" "txb1cc4024ffde4cd292c88-0068daeb4a" "proxy-server 20" 0.0005 "-" 23 0
Sep 29 20:25:46 standalone proxy-server[146801]: 172.18.0.2 172.18.0.100 29/Sep/2025/20/25/46 GET /v1/AUTH_5497b68335b649b9a91a2e7be6ecabe7/gnocchi.a2a1c214-0203-4c6f-8733-9069ba35a221/1758240000.0_mean_300.0_v3 HTTP/1.0 404 - python-swiftclient-3.11.1 gAAAAABo2uq_m4ZM... - 70 - txb1cc4024ffde4cd292c88-0068daeb4a - 0.0064 - - 1759177546.323432684 1759177546.329837799 0
Sep 29 20:25:46 standalone container-server[144860]: 172.20.0.100 - - [29/Sep/2025:20:25:46 +0000] "PUT /d1/340/AUTH_5497b68335b649b9a91a2e7be6ecabe7/gnocchi.a2a1c214-0203-4c6f-8733-9069ba35a221/1758240000.0_mean_300.0_v3" 201 - "PUT http://172.18.0.2:8080/d1/583/AUTH_5497b68335b649b9a91a2e7be6ecabe7/gnocchi.a2a1c214-0203-4c6f-8733-9069ba35a221/1758240000.0_mean_300.0_v3" "txe646a9f12f8442da99a0f-0068daeb4a" "object-server 24" 0.0005 "-" 23 0
Sep 29 20:25:46 standalone object-server[144971]: 172.20.0.100 - - [29/Sep/2025:20:25:46 +0000] "PUT /d1/583/AUTH_5497b68335b649b9a91a2e7be6ecabe7/gnocchi.a2a1c214-0203-4c6f-8733-9069ba35a221/1758240000.0_mean_300.0_v3" 201 - "PUT http://172.18.0.2:8080/v1/AUTH_5497b68335b649b9a91a2e7be6ecabe7/gnocchi.a2a1c214-0203-4c6f-8733-9069ba35a221/1758240000.0_mean_300.0_v3" "txe646a9f12f8442da99a0f-0068daeb4a" "proxy-server 20" 0.0158 "-" 24 0
Sep 29 20:25:46 standalone proxy-server[146801]: 172.18.0.2 172.18.0.100 29/Sep/2025/20/25/46 PUT /v1/AUTH_5497b68335b649b9a91a2e7be6ecabe7/gnocchi.a2a1c214-0203-4c6f-8733-9069ba35a221/1758240000.0_mean_300.0_v3 HTTP/1.0 201 - python-swiftclient-3.11.1 gAAAAABo2uq_m4ZM... 16 - - txe646a9f12f8442da99a0f-0068daeb4a - 0.0239 - - 1759177546.334451437 1759177546.358304501 0
Sep 29 20:25:46 standalone container-server[144860]: 172.20.0.100 - - [29/Sep/2025:20:25:46 +0000] "PUT /d1/340/AUTH_5497b68335b649b9a91a2e7be6ecabe7/gnocchi.a2a1c214-0203-4c6f-8733-9069ba35a221/none_v3" 201 - "PUT http://172.18.0.2:8080/d1/618/AUTH_5497b68335b649b9a91a2e7be6ecabe7/gnocchi.a2a1c214-0203-4c6f-8733-9069ba35a221/none_v3" "tx08c2c2c30fec40bebf4d7-0068daeb4a" "object-server 25" 0.0005 "-" 23 0
Sep 29 20:25:46 standalone object-server[144974]: 172.20.0.100 - - [29/Sep/2025:20:25:46 +0000] "PUT /d1/618/AUTH_5497b68335b649b9a91a2e7be6ecabe7/gnocchi.a2a1c214-0203-4c6f-8733-9069ba35a221/none_v3" 201 - "PUT http://172.18.0.2:8080/v1/AUTH_5497b68335b649b9a91a2e7be6ecabe7/gnocchi.a2a1c214-0203-4c6f-8733-9069ba35a221/none_v3" "tx08c2c2c30fec40bebf4d7-0068daeb4a" "proxy-server 20" 0.0151 "-" 25 0
Sep 29 20:25:46 standalone proxy-server[146801]: 172.18.0.2 172.18.0.100 29/Sep/2025/20/25/46 PUT /v1/AUTH_5497b68335b649b9a91a2e7be6ecabe7/gnocchi.a2a1c214-0203-4c6f-8733-9069ba35a221/none_v3 HTTP/1.0 201 - python-swiftclient-3.11.1 gAAAAABo2uq_m4ZM... 22 - - tx08c2c2c30fec40bebf4d7-0068daeb4a - 0.0228 - - 1759177546.363808155 1759177546.386628151 0
Sep 29 20:25:46 standalone container-server[144847]: 172.20.0.100 - - [29/Sep/2025:20:25:46 +0000] "HEAD /d1/63/AUTH_5497b68335b649b9a91a2e7be6ecabe7/gnocchi.fe16a39c-a24e-45f7-b7ab-107fd5395b00" 404 - "HEAD http://172.18.0.2:8080/v1/AUTH_5497b68335b649b9a91a2e7be6ecabe7/gnocchi.fe16a39c-a24e-45f7-b7ab-107fd5395b00?format=json&states=listing" "tx874d1369c99f416e8c2ca-0068daeb4a" "proxy-server 20" 0.0003 "-" 20 0
Sep 29 20:25:46 standalone object-server[144968]: 172.20.0.100 - - [29/Sep/2025:20:25:46 +0000] "GET /d1/133/AUTH_5497b68335b649b9a91a2e7be6ecabe7/gnocchi.fe16a39c-a24e-45f7-b7ab-107fd5395b00/none_v3" 404 70 "GET http://172.18.0.2:8080/v1/AUTH_5497b68335b649b9a91a2e7be6ecabe7/gnocchi.fe16a39c-a24e-45f7-b7ab-107fd5395b00/none_v3" "tx874d1369c99f416e8c2ca-0068daeb4a" "proxy-server 20" 0.0012 "-" 23 0
Sep 29 20:25:46 standalone proxy-server[146801]: 172.18.0.2 172.18.0.100 29/Sep/2025/20/25/46 GET /v1/AUTH_5497b68335b649b9a91a2e7be6ecabe7/gnocchi.fe16a39c-a24e-45f7-b7ab-107fd5395b00/none_v3 HTTP/1.0 404 - python-swiftclient-3.11.1 gAAAAABo2uq_m4ZM... - 70 - tx874d1369c99f416e8c2ca-0068daeb4a - 0.0336 - - 1759177546.409147024 1759177546.442770958 0
Sep 29 20:25:46 standalone account-server[144761]: 172.20.0.100 - - [29/Sep/2025:20:25:46 +0000] "PUT /d1/51/AUTH_5497b68335b649b9a91a2e7be6ecabe7/gnocchi.fe16a39c-a24e-45f7-b7ab-107fd5395b00" 201 - "PUT http://172.20.0.100:6001/d1/63/AUTH_5497b68335b649b9a91a2e7be6ecabe7/gnocchi.fe16a39c-a24e-45f7-b7ab-107fd5395b00" "txe0a51b5645e64d1192eb4-0068daeb4a" "container-server 21" 0.0048 "-" 22 0
Sep 29 20:25:46 standalone container-server[144850]: 172.20.0.100 - - [29/Sep/2025:20:25:46 +0000] "PUT /d1/63/AUTH_5497b68335b649b9a91a2e7be6ecabe7/gnocchi.fe16a39c-a24e-45f7-b7ab-107fd5395b00" 201 - "PUT http://172.18.0.2:8080/v1/AUTH_5497b68335b649b9a91a2e7be6ecabe7/gnocchi.fe16a39c-a24e-45f7-b7ab-107fd5395b00" "txe0a51b5645e64d1192eb4-0068daeb4a" "proxy-server 20" 0.0194 "-" 21 0
Sep 29 20:25:46 standalone proxy-server[146801]: 172.18.0.2 172.18.0.100 29/Sep/2025/20/25/46 PUT /v1/AUTH_5497b68335b649b9a91a2e7be6ecabe7/gnocchi.fe16a39c-a24e-45f7-b7ab-107fd5395b00 HTTP/1.0 201 - python-swiftclient-3.11.1 gAAAAABo2uq_m4ZM... - - - txe0a51b5645e64d1192eb4-0068daeb4a - 0.0281 - - 1759177546.450655222 1759177546.478775024 0
Sep 29 20:25:46 standalone container-server[144860]: 172.20.0.100 - - [29/Sep/2025:20:25:46 +0000] "HEAD /d1/63/AUTH_5497b68335b649b9a91a2e7be6ecabe7/gnocchi.fe16a39c-a24e-45f7-b7ab-107fd5395b00" 204 - "HEAD http://172.18.0.2:8080/v1/AUTH_5497b68335b649b9a91a2e7be6ecabe7/gnocchi.fe16a39c-a24e-45f7-b7ab-107fd5395b00?format=json&states=listing" "txcf4231c244274e5fb917d-0068daeb4a" "proxy-server 20" 0.0012 "-" 23 0
Sep 29 20:25:46 standalone proxy-server[146801]: - - 29/Sep/2025/20/25/46 HEAD /v1/AUTH_5497b68335b649b9a91a2e7be6ecabe7/gnocchi.fe16a39c-a24e-45f7-b7ab-107fd5395b00%3Fformat%3Djson%26states%3Dlisting HTTP/1.0 204 - Swift - - - - txcf4231c244274e5fb917d-0068daeb4a - 0.0054 RL - 1759177546.487957001 1759177546.493321419 0
Sep 29 20:25:46 standalone container-server[144850]: 172.20.0.100 - - [29/Sep/2025:20:25:46 +0000] "GET /d1/63/AUTH_5497b68335b649b9a91a2e7be6ecabe7/gnocchi.fe16a39c-a24e-45f7-b7ab-107fd5395b00" 200 2 "GET http://172.18.0.2:8080/v1/AUTH_5497b68335b649b9a91a2e7be6ecabe7/gnocchi.fe16a39c-a24e-45f7-b7ab-107fd5395b00?format=json&states=listing" "txcf4231c244274e5fb917d-0068daeb4a" "proxy-server 20" 0.0051 "-" 21 0
Sep 29 20:25:46 standalone proxy-server[146801]: 172.18.0.2 172.18.0.100 29/Sep/2025/20/25/46 GET /v1/AUTH_5497b68335b649b9a91a2e7be6ecabe7/gnocchi.fe16a39c-a24e-45f7-b7ab-107fd5395b00%3Fformat%3Djson%26states%3Dlisting HTTP/1.0 200 - python-swiftclient-3.11.1 gAAAAABo2uq_m4ZM... - 2 - txcf4231c244274e5fb917d-0068daeb4a - 0.0243 - - 1759177546.486624241 1759177546.510951757 0
Sep 29 20:25:46 standalone object-server[144966]: 172.20.0.100 - - [29/Sep/2025:20:25:46 +0000] "GET /d1/416/AUTH_5497b68335b649b9a91a2e7be6ecabe7/gnocchi.fe16a39c-a24e-45f7-b7ab-107fd5395b00/1758240000.0_mean_300.0_v3" 404 70 "GET http://172.18.0.2:8080/v1/AUTH_5497b68335b649b9a91a2e7be6ecabe7/gnocchi.fe16a39c-a24e-45f7-b7ab-107fd5395b00/1758240000.0_mean_300.0_v3" "tx5393a259dbdf4de498273-0068daeb4a" "proxy-server 20" 0.0006 "-" 22 0
