Sep 29 20:25:53 standalone container-server[144856]: 172.20.0.100 - - [29/Sep/2025:20:25:53 +0000] "PUT /d1/922/AUTH_5497b68335b649b9a91a2e7be6ecabe7/gnocchi.a44f091d-4ea8-4199-828a-324f7f74b113/none_v3" 201 - "PUT http://172.18.0.2:8080/d1/707/AUTH_5497b68335b649b9a91a2e7be6ecabe7/gnocchi.a44f091d-4ea8-4199-828a-324f7f74b113/none_v3" "txc5e919a343a244bdb5be9-0068daeb51" "object-server 24" 0.0004 "-" 22 0
Sep 29 20:25:53 standalone object-server[144971]: 172.20.0.100 - - [29/Sep/2025:20:25:53 +0000] "PUT /d1/707/AUTH_5497b68335b649b9a91a2e7be6ecabe7/gnocchi.a44f091d-4ea8-4199-828a-324f7f74b113/none_v3" 201 - "PUT http://172.18.0.2:8080/v1/AUTH_5497b68335b649b9a91a2e7be6ecabe7/gnocchi.a44f091d-4ea8-4199-828a-324f7f74b113/none_v3" "txc5e919a343a244bdb5be9-0068daeb51" "proxy-server 20" 0.0070 "-" 24 0
Sep 29 20:25:53 standalone proxy-server[146801]: 172.18.0.2 172.18.0.100 29/Sep/2025/20/25/53 PUT /v1/AUTH_5497b68335b649b9a91a2e7be6ecabe7/gnocchi.a44f091d-4ea8-4199-828a-324f7f74b113/none_v3 HTTP/1.0 201 - python-swiftclient-3.11.1 gAAAAABo2uq_m4ZM... 22 - - txc5e919a343a244bdb5be9-0068daeb51 - 0.0113 - - 1759177553.621332407 1759177553.632627487 0
Sep 29 20:25:53 standalone container-server[144847]: 172.20.0.100 - - [29/Sep/2025:20:25:53 +0000] "HEAD /d1/184/AUTH_5497b68335b649b9a91a2e7be6ecabe7/gnocchi.42483705-4cea-4165-bf64-da01addbc991" 404 - "HEAD http://172.18.0.2:8080/v1/AUTH_5497b68335b649b9a91a2e7be6ecabe7/gnocchi.42483705-4cea-4165-bf64-da01addbc991?format=json&states=listing" "txaad8bb6144a741afadbd5-0068daeb51" "proxy-server 20" 0.0005 "-" 20 0
Sep 29 20:25:53 standalone object-server[144974]: 172.20.0.100 - - [29/Sep/2025:20:25:53 +0000] "GET /d1/68/AUTH_5497b68335b649b9a91a2e7be6ecabe7/gnocchi.42483705-4cea-4165-bf64-da01addbc991/none_v3" 404 70 "GET http://172.18.0.2:8080/v1/AUTH_5497b68335b649b9a91a2e7be6ecabe7/gnocchi.42483705-4cea-4165-bf64-da01addbc991/none_v3" "txaad8bb6144a741afadbd5-0068daeb51" "proxy-server 20" 0.0005 "-" 25 0
Sep 29 20:25:53 standalone proxy-server[146801]: 172.18.0.2 172.18.0.100 29/Sep/2025/20/25/53 GET /v1/AUTH_5497b68335b649b9a91a2e7be6ecabe7/gnocchi.42483705-4cea-4165-bf64-da01addbc991/none_v3 HTTP/1.0 404 - python-swiftclient-3.11.1 gAAAAABo2uq_m4ZM... - 70 - txaad8bb6144a741afadbd5-0068daeb51 - 0.0090 - - 1759177553.644616842 1759177553.653587103 0
Sep 29 20:25:53 standalone account-server[144744]: 172.20.0.100 - - [29/Sep/2025:20:25:53 +0000] "PUT /d1/51/AUTH_5497b68335b649b9a91a2e7be6ecabe7/gnocchi.42483705-4cea-4165-bf64-da01addbc991" 201 - "PUT http://172.20.0.100:6001/d1/184/AUTH_5497b68335b649b9a91a2e7be6ecabe7/gnocchi.42483705-4cea-4165-bf64-da01addbc991" "txc4e9c87b7bce475bb1f46-0068daeb51" "container-server 20" 0.0063 "-" 20 0
Sep 29 20:25:53 standalone container-server[144847]: 172.20.0.100 - - [29/Sep/2025:20:25:53 +0000] "PUT /d1/184/AUTH_5497b68335b649b9a91a2e7be6ecabe7/gnocchi.42483705-4cea-4165-bf64-da01addbc991" 201 - "PUT http://172.18.0.2:8080/v1/AUTH_5497b68335b649b9a91a2e7be6ecabe7/gnocchi.42483705-4cea-4165-bf64-da01addbc991" "txc4e9c87b7bce475bb1f46-0068daeb51" "proxy-server 20" 0.0186 "-" 20 0
Sep 29 20:25:53 standalone proxy-server[146801]: 172.18.0.2 172.18.0.100 29/Sep/2025/20/25/53 PUT /v1/AUTH_5497b68335b649b9a91a2e7be6ecabe7/gnocchi.42483705-4cea-4165-bf64-da01addbc991 HTTP/1.0 201 - python-swiftclient-3.11.1 gAAAAABo2uq_m4ZM... - - - txc4e9c87b7bce475bb1f46-0068daeb51 - 0.0227 - - 1759177553.656832457 1759177553.679579735 0
Sep 29 20:25:53 standalone container-server[144847]: 172.20.0.100 - - [29/Sep/2025:20:25:53 +0000] "HEAD /d1/184/AUTH_5497b68335b649b9a91a2e7be6ecabe7/gnocchi.42483705-4cea-4165-bf64-da01addbc991" 204 - "HEAD http://172.18.0.2:8080/v1/AUTH_5497b68335b649b9a91a2e7be6ecabe7/gnocchi.42483705-4cea-4165-bf64-da01addbc991?format=json&states=listing" "txb33b1a0da29d42f7b4171-0068daeb51" "proxy-server 20" 0.0016 "-" 20 0
Sep 29 20:25:53 standalone proxy-server[146801]: - - 29/Sep/2025/20/25/53 HEAD /v1/AUTH_5497b68335b649b9a91a2e7be6ecabe7/gnocchi.42483705-4cea-4165-bf64-da01addbc991%3Fformat%3Djson%26states%3Dlisting HTTP/1.0 204 - Swift - - - - txb33b1a0da29d42f7b4171-0068daeb51 - 0.0045 RL - 1759177553.683521748 1759177553.688023567 0
Sep 29 20:25:53 standalone container-server[144856]: 172.20.0.100 - - [29/Sep/2025:20:25:53 +0000] "GET /d1/184/AUTH_5497b68335b649b9a91a2e7be6ecabe7/gnocchi.42483705-4cea-4165-bf64-da01addbc991" 200 2 "GET http://172.18.0.2:8080/v1/AUTH_5497b68335b649b9a91a2e7be6ecabe7/gnocchi.42483705-4cea-4165-bf64-da01addbc991?format=json&states=listing" "txb33b1a0da29d42f7b4171-0068daeb51" "proxy-server 20" 0.0016 "-" 22 0
Sep 29 20:25:53 standalone proxy-server[146801]: 172.18.0.2 172.18.0.100 29/Sep/2025/20/25/53 GET /v1/AUTH_5497b68335b649b9a91a2e7be6ecabe7/gnocchi.42483705-4cea-4165-bf64-da01addbc991%3Fformat%3Djson%26states%3Dlisting HTTP/1.0 200 - python-swiftclient-3.11.1 gAAAAABo2uq_m4ZM... - 2 - txb33b1a0da29d42f7b4171-0068daeb51 - 0.0114 - - 1759177553.682674408 1759177553.694030046 0
Sep 29 20:25:53 standalone object-server[144968]: 172.20.0.100 - - [29/Sep/2025:20:25:53 +0000] "GET /d1/309/AUTH_5497b68335b649b9a91a2e7be6ecabe7/gnocchi.42483705-4cea-4165-bf64-da01addbc991/1758240000.0_mean_300.0_v3" 404 70 "GET http://172.18.0.2:8080/v1/AUTH_5497b68335b649b9a91a2e7be6ecabe7/gnocchi.42483705-4cea-4165-bf64-da01addbc991/1758240000.0_mean_300.0_v3" "txef17b44433a7431882f34-0068daeb51" "proxy-server 20" 0.0003 "-" 23 0
Sep 29 20:25:53 standalone proxy-server[146801]: 172.18.0.2 172.18.0.100 29/Sep/2025/20/25/53 GET /v1/AUTH_5497b68335b649b9a91a2e7be6ecabe7/gnocchi.42483705-4cea-4165-bf64-da01addbc991/1758240000.0_mean_300.0_v3 HTTP/1.0 404 - python-swiftclient-3.11.1 gAAAAABo2uq_m4ZM... - 70 - txef17b44433a7431882f34-0068daeb51 - 0.0043 - - 1759177553.697587490 1759177553.701882601 0
Sep 29 20:25:53 standalone container-server[144847]: 172.20.0.100 - - [29/Sep/2025:20:25:53 +0000] "PUT /d1/184/AUTH_5497b68335b649b9a91a2e7be6ecabe7/gnocchi.42483705-4cea-4165-bf64-da01addbc991/1758240000.0_mean_300.0_v3" 201 - "PUT http://172.18.0.2:8080/d1/309/AUTH_5497b68335b649b9a91a2e7be6ecabe7/gnocchi.42483705-4cea-4165-bf64-da01addbc991/1758240000.0_mean_300.0_v3" "tx09a0253afa7d4873a5dff-0068daeb51" "object-server 24" 0.0006 "-" 20 0
Sep 29 20:25:53 standalone object-server[144971]: 172.20.0.100 - - [29/Sep/2025:20:25:53 +0000] "PUT /d1/309/AUTH_5497b68335b649b9a91a2e7be6ecabe7/gnocchi.42483705-4cea-4165-bf64-da01addbc991/1758240000.0_mean_300.0_v3" 201 - "PUT http://172.18.0.2:8080/v1/AUTH_5497b68335b649b9a91a2e7be6ecabe7/gnocchi.42483705-4cea-4165-bf64-da01addbc991/1758240000.0_mean_300.0_v3" "tx09a0253afa7d4873a5dff-0068daeb51" "proxy-server 20" 0.0072 "-" 24 0
Sep 29 20:25:53 standalone proxy-server[146801]: 172.18.0.2 172.18.0.100 29/Sep/2025/20/25/53 PUT /v1/AUTH_5497b68335b649b9a91a2e7be6ecabe7/gnocchi.42483705-4cea-4165-bf64-da01addbc991/1758240000.0_mean_300.0_v3 HTTP/1.0 201 - python-swiftclient-3.11.1 gAAAAABo2uq_m4ZM... 16 - - tx09a0253afa7d4873a5dff-0068daeb51 - 0.0112 - - 1759177553.704341412 1759177553.715560675 0
Sep 29 20:25:53 standalone container-server[144860]: 172.20.0.100 - - [29/Sep/2025:20:25:53 +0000] "PUT /d1/184/AUTH_5497b68335b649b9a91a2e7be6ecabe7/gnocchi.42483705-4cea-4165-bf64-da01addbc991/none_v3" 201 - "PUT http://172.18.0.2:8080/d1/68/AUTH_5497b68335b649b9a91a2e7be6ecabe7/gnocchi.42483705-4cea-4165-bf64-da01addbc991/none_v3" "tx1d32c3b4df7641d38d3af-0068daeb51" "object-server 22" 0.0006 "-" 23 0
Sep 29 20:25:53 standalone object-server[144966]: 172.20.0.100 - - [29/Sep/2025:20:25:53 +0000] "PUT /d1/68/AUTH_5497b68335b649b9a91a2e7be6ecabe7/gnocchi.42483705-4cea-4165-bf64-da01addbc991/none_v3" 201 - "PUT http://172.18.0.2:8080/v1/AUTH_5497b68335b649b9a91a2e7be6ecabe7/gnocchi.42483705-4cea-4165-bf64-da01addbc991/none_v3" "tx1d32c3b4df7641d38d3af-0068daeb51" "proxy-server 20" 0.0081 "-" 22 0
Sep 29 20:25:53 standalone proxy-server[146801]: 172.18.0.2 172.18.0.100 29/Sep/2025/20/25/53 PUT /v1/AUTH_5497b68335b649b9a91a2e7be6ecabe7/gnocchi.42483705-4cea-4165-bf64-da01addbc991/none_v3 HTTP/1.0 201 - python-swiftclient-3.11.1 gAAAAABo2uq_m4ZM... 22 - - tx1d32c3b4df7641d38d3af-0068daeb51 - 0.0124 - - 1759177553.718267441 1759177553.730696917 0
Sep 29 20:25:53 standalone container-server[144847]: 172.20.0.100 - - [29/Sep/2025:20:25:53 +0000] "HEAD /d1/537/AUTH_5497b68335b649b9a91a2e7be6ecabe7/gnocchi.bb11a486-aa68-40b2-a2dc-bd67028bd898" 404 - "HEAD http://172.18.0.2:8080/v1/AUTH_5497b68335b649b9a91a2e7be6ecabe7/gnocchi.bb11a486-aa68-40b2-a2dc-bd67028bd898?format=json&states=listing" "tx5393c9d492f940b295caa-0068daeb51" "proxy-server 20" 0.0004 "-" 20 0
Sep 29 20:25:53 standalone object-server[144974]: 172.20.0.100 - - [29/Sep/2025:20:25:53 +0000] "GET /d1/103/AUTH_5497b68335b649b9a91a2e7be6ecabe7/gnocchi.bb11a486-aa68-40b2-a2dc-bd67028bd898/none_v3" 404 70 "GET http://172.18.0.2:8080/v1/AUTH_5497b68335b649b9a91a2e7be6ecabe7/gnocchi.bb11a486-aa68-40b2-a2dc-bd67028bd898/none_v3" "tx5393c9d492f940b295caa-0068daeb51" "proxy-server 20" 0.0005 "-" 25 0
Sep 29 20:25:53 standalone proxy-server[146801]: 172.18.0.2 172.18.0.100 29/Sep/2025/20/25/53 GET /v1/AUTH_5497b68335b649b9a91a2e7be6ecabe7/gnocchi.bb11a486-aa68-40b2-a2dc-bd67028bd898/none_v3 HTTP/1.0 404 - python-swiftclient-3.11.1 gAAAAABo2uq_m4ZM... - 70 - tx5393c9d492f940b295caa-0068daeb51 - 0.0085 - - 1759177553.740540981 1759177553.748995066 0
Sep 29 20:25:53 standalone account-server[144765]: 172.20.0.100 - - [29/Sep/2025:20:25:53 +0000] "PUT /d1/51/AUTH_5497b68335b649b9a91a2e7be6ecabe7/gnocchi.bb11a486-aa68-40b2-a2dc-bd67028bd898" 201 - "PUT http://172.20.0.100:6001/d1/537/AUTH_5497b68335b649b9a91a2e7be6ecabe7/gnocchi.bb11a486-aa68-40b2-a2dc-bd67028bd898" "tx952a05636dae42ca9abf0-0068daeb51" "container-server 20" 0.0113 "-" 23 0
Sep 29 20:25:53 standalone container-server[144847]: 172.20.0.100 - - [29/Sep/2025:20:25:53 +0000] "PUT /d1/537/AUTH_5497b68335b649b9a91a2e7be6ecabe7/gnocchi.bb11a486-aa68-40b2-a2dc-bd67028bd898" 201 - "PUT http://172.18.0.2:8080/v1/AUTH_5497b68335b649b9a91a2e7be6ecabe7/gnocchi.bb11a486-aa68-40b2-a2dc-bd67028bd898" "tx952a05636dae42ca9abf0-0068daeb51" "proxy-server 20" 0.0219 "-" 20 0
Sep 29 20:25:53 standalone proxy-server[146801]: 172.18.0.2 172.18.0.100 29/Sep/2025/20/25/53 PUT /v1/AUTH_5497b68335b649b9a91a2e7be6ecabe7/gnocchi.bb11a486-aa68-40b2-a2dc-bd67028bd898 HTTP/1.0 201 - python-swiftclient-3.11.1 gAAAAABo2uq_m4ZM... - - - tx952a05636dae42ca9abf0-0068daeb51 - 0.0310 - - 1759177553.751571417 1759177553.782540321 0
Sep 29 20:25:53 standalone container-server[144847]: 172.20.0.100 - - [29/Sep/2025:20:25:53 +0000] "HEAD /d1/537/AUTH_5497b68335b649b9a91a2e7be6ecabe7/gnocchi.bb11a486-aa68-40b2-a2dc-bd67028bd898" 204 - "HEAD http://172.18.0.2:8080/v1/AUTH_5497b68335b649b9a91a2e7be6ecabe7/gnocchi.bb11a486-aa68-40b2-a2dc-bd67028bd898?format=json&states=listing" "tx65a8a1d1991243299c364-0068daeb51" "proxy-server 20" 0.0016 "-" 20 0
Sep 29 20:25:53 standalone proxy-server[146801]: - - 29/Sep/2025/20/25/53 HEAD /v1/AUTH_5497b68335b649b9a91a2e7be6ecabe7/gnocchi.bb11a486-aa68-40b2-a2dc-bd67028bd898%3Fformat%3Djson%26states%3Dlisting HTTP/1.0 204 - Swift - - - - tx65a8a1d1991243299c364-0068daeb51 - 0.0041 RL - 1759177553.787229776 1759177553.791283607 0
Sep 29 20:25:53 standalone container-server[144850]: 172.20.0.100 - - [29/Sep/2025:20:25:53 +0000] "GET /d1/537/AUTH_5497b68335b649b9a91a2e7be6ecabe7/gnocchi.bb11a486-aa68-40b2-a2dc-bd67028bd898" 200 2 "GET http://172.18.0.2:8080/v1/AUTH_5497b68335b649b9a91a2e7be6ecabe7/gnocchi.bb11a486-aa68-40b2-a2dc-bd67028bd898?format=json&states=listing" "tx65a8a1d1991243299c364-0068daeb51" "proxy-server 20" 0.0034 "-" 21 0
Sep 29 20:25:53 standalone proxy-server[146801]: 172.18.0.2 172.18.0.100 29/Sep/2025/20/25/53 GET /v1/AUTH_5497b68335b649b9a91a2e7be6ecabe7/gnocchi.bb11a486-aa68-40b2-a2dc-bd67028bd898%3Fformat%3Djson%26states%3Dlisting HTTP/1.0 200 - python-swiftclient-3.11.1 gAAAAABo2uq_m4ZM... - 2 - tx65a8a1d1991243299c364-0068daeb51 - 0.0140 - - 1759177553.786373138 1759177553.800399542 0
Sep 29 20:25:53 standalone object-server[144971]: 172.20.0.100 - - [29/Sep/2025:20:25:53 +0000] "GET /d1/621/AUTH_5497b68335b649b9a91a2e7be6ecabe7/gnocchi.bb11a486-aa68-40b2-a2dc-bd67028bd898/1758240000.0_mean_300.0_v3" 404 70 "GET http://172.18.0.2:8080/v1/AUTH_5497b68335b649b9a91a2e7be6ecabe7/gnocchi.bb11a486-aa68-40b2-a2dc-bd67028bd898/1758240000.0_mean_300.0_v3" "tx5e5f21be93854499a9586-0068daeb51" "proxy-server 20" 0.0003 "-" 24 0
Sep 29 20:25:53 standalone proxy-server[146801]: 172.18.0.2 172.18.0.100 29/Sep/2025/20/25/53 GET /v1/AUTH_5497b68335b649b9a91a2e7be6ecabe7/gnocchi.bb11a486-aa68-40b2-a2dc-bd67028bd898/1758240000.0_mean_300.0_v3 HTTP/1.0 404 - python-swiftclient-3.11.1 gAAAAABo2uq_m4ZM... - 70 - tx5e5f21be93854499a9586-0068daeb51 - 0.0054 - - 1759177553.803673267 1759177553.809102058 0
Sep 29 20:25:53 standalone container-server[144847]: 172.20.0.100 - - [29/Sep/2025:20:25:53 +0000] "PUT /d1/537/AUTH_5497b68335b649b9a91a2e7be6ecabe7/gnocchi.bb11a486-aa68-40b2-a2dc-bd67028bd898/1758240000.0_mean_300.0_v3" 201 - "PUT http://172.18.0.2:8080/d1/621/AUTH_5497b68335b649b9a91a2e7be6ecabe7/gnocchi.bb11a486-aa68-40b2-a2dc-bd67028bd898/1758240000.0_mean_300.0_v3" "txefade36f76f348d3b4c5c-0068daeb51" "object-server 23" 0.0007 "-" 20 0
Sep 29 20:25:53 standalone object-server[144968]: 172.20.0.100 - - [29/Sep/2025:20:25:53 +0000] "PUT /d1/621/AUTH_5497b68335b649b9a91a2e7be6ecabe7/gnocchi.bb11a486-aa68-40b2-a2dc-bd67028bd898/1758240000.0_mean_300.0_v3" 201 - "PUT http://172.18.0.2:8080/v1/AUTH_5497b68335b649b9a91a2e7be6ecabe7/gnocchi.bb11a486-aa68-40b2-a2dc-bd67028bd898/1758240000.0_mean_300.0_v3" "txefade36f76f348d3b4c5c-0068daeb51" "proxy-server 20" 0.0112 "-" 23 0
Sep 29 20:25:53 standalone proxy-server[146801]: 172.18.0.2 172.18.0.100 29/Sep/2025/20/25/53 PUT /v1/AUTH_5497b68335b649b9a91a2e7be6ecabe7/gnocchi.bb11a486-aa68-40b2-a2dc-bd67028bd898/1758240000.0_mean_300.0_v3 HTTP/1.0 201 - python-swiftclient-3.11.1 gAAAAABo2uq_m4ZM... 16 - - txefade36f76f348d3b4c5c-0068daeb51 - 0.0168 - - 1759177553.812235355 1759177553.829048634 0
Sep 29 20:25:53 standalone container-server[144850]: 172.20.0.100 - - [29/Sep/2025:20:25:53 +0000] "PUT /d1/537/AUTH_5497b68335b649b9a91a2e7be6ecabe7/gnocchi.bb11a486-aa68-40b2-a2dc-bd67028bd898/none_v3" 201 - "PUT http://172.18.0.2:8080/d1/103/AUTH_5497b68335b649b9a91a2e7be6ecabe7/gnocchi.bb11a486-aa68-40b2-a2dc-bd67028bd898/none_v3" "tx23f8d41b73ff4f3c98b0f-0068daeb51" "object-server 24" 0.0007 "-" 21 0
Sep 29 20:25:53 standalone object-server[144971]: 172.20.0.100 - - [29/Sep/2025:20:25:53 +0000] "PUT /d1/103/AUTH_5497b68335b649b9a91a2e7be6ecabe7/gnocchi.bb11a486-aa68-40b2-a2dc-bd67028bd898/none_v3" 201 - "PUT http://172.18.0.2:8080/v1/AUTH_5497b68335b649b9a91a2e7be6ecabe7/gnocchi.bb11a486-aa68-40b2-a2dc-bd67028bd898/none_v3" "tx23f8d41b73ff4f3c98b0f-0068daeb51" "proxy-server 20" 0.0111 "-" 24 0
Sep 29 20:25:53 standalone proxy-server[146801]: 172.18.0.2 172.18.0.100 29/Sep/2025/20/25/53 PUT /v1/AUTH_5497b68335b649b9a91a2e7be6ecabe7/gnocchi.bb11a486-aa68-40b2-a2dc-bd67028bd898/none_v3 HTTP/1.0 201 - python-swiftclient-3.11.1 gAAAAABo2uq_m4ZM... 22 - - tx23f8d41b73ff4f3c98b0f-0068daeb51 - 0.0176 - - 1759177553.831969023 1759177553.849559546 0
Sep 29 20:25:53 standalone container-server[144856]: 172.20.0.100 - - [29/Sep/2025:20:25:53 +0000] "HEAD /d1/273/AUTH_5497b68335b649b9a91a2e7be6ecabe7/gnocchi.a44491dd-65b5-4f28-b663-d64171cf4123" 404 - "HEAD http://172.18.0.2:8080/v1/AUTH_5497b68335b649b9a91a2e7be6ecabe7/gnocchi.a44491dd-65b5-4f28-b663-d64171cf4123?format=json&states=listing" "tx4152e715d2a842f3b31be-0068daeb51" "proxy-server 20" 0.0004 "-" 22 0
Sep 29 20:25:53 standalone object-server[144974]: 172.20.0.100 - - [29/Sep/2025:20:25:53 +0000] "GET /d1/120/AUTH_5497b68335b649b9a91a2e7be6ecabe7/gnocchi.a44491dd-65b5-4f28-b663-d64171cf4123/none_v3" 404 70 "GET http://172.18.0.2:8080/v1/AUTH_5497b68335b649b9a91a2e7be6ecabe7/gnocchi.a44491dd-65b5-4f28-b663-d64171cf4123/none_v3" "tx4152e715d2a842f3b31be-0068daeb51" "proxy-server 20" 0.0005 "-" 25 0
Sep 29 20:25:53 standalone proxy-server[146801]: 172.18.0.2 172.18.0.100 29/Sep/2025/20/25/53 GET /v1/AUTH_5497b68335b649b9a91a2e7be6ecabe7/gnocchi.a44491dd-65b5-4f28-b663-d64171cf4123/none_v3 HTTP/1.0 404 - python-swiftclient-3.11.1 gAAAAABo2uq_m4ZM... - 70 - tx4152e715d2a842f3b31be-0068daeb51 - 0.0107 - - 1759177553.859460831 1759177553.870198250 0
Sep 29 20:25:53 standalone account-server[144755]: 172.20.0.100 - - [29/Sep/2025:20:25:53 +0000] "PUT /d1/51/AUTH_5497b68335b649b9a91a2e7be6ecabe7/gnocchi.a44491dd-65b5-4f28-b663-d64171cf4123" 201 - "PUT http://172.20.0.100:6001/d1/273/AUTH_5497b68335b649b9a91a2e7be6ecabe7/gnocchi.a44491dd-65b5-4f28-b663-d64171cf4123" "tx8fd7ea29587e40ab86de8-0068daeb51" "container-server 20" 0.0052 "-" 21 0
Sep 29 20:25:53 standalone container-server[144847]: 172.20.0.100 - - [29/Sep/2025:20:25:53 +0000] "PUT /d1/273/AUTH_5497b68335b649b9a91a2e7be6ecabe7/gnocchi.a44491dd-65b5-4f28-b663-d64171cf4123" 201 - "PUT http://172.18.0.2:8080/v1/AUTH_5497b68335b649b9a91a2e7be6ecabe7/gnocchi.a44491dd-65b5-4f28-b663-d64171cf4123" "tx8fd7ea29587e40ab86de8-0068daeb51" "proxy-server 20" 0.0154 "-" 20 0
Sep 29 20:25:53 standalone proxy-server[146801]: 172.18.0.2 172.18.0.100 29/Sep/2025/20/25/53 PUT /v1/AUTH_5497b68335b649b9a91a2e7be6ecabe7/gnocchi.a44491dd-65b5-4f28-b663-d64171cf4123 HTTP/1.0 201 - python-swiftclient-3.11.1 gAAAAABo2uq_m4ZM... - - - tx8fd7ea29587e40ab86de8-0068daeb51 - 0.0205 - - 1759177553.873096466 1759177553.893613338 0
Sep 29 20:25:53 standalone container-server[144856]: 172.20.0.100 - - [29/Sep/2025:20:25:53 +0000] "HEAD /d1/273/AUTH_5497b68335b649b9a91a2e7be6ecabe7/gnocchi.a44491dd-65b5-4f28-b663-d64171cf4123" 204 - "HEAD http://172.18.0.2:8080/v1/AUTH_5497b68335b649b9a91a2e7be6ecabe7/gnocchi.a44491dd-65b5-4f28-b663-d64171cf4123?format=json&states=listing" "tx30399d998968409a8e327-0068daeb51" "proxy-server 20" 0.0015 "-" 22 0
Sep 29 20:25:53 standalone proxy-server[146801]: - - 29/Sep/2025/20/25/53 HEAD /v1/AUTH_5497b68335b649b9a91a2e7be6ecabe7/gnocchi.a44491dd-65b5-4f28-b663-d64171cf4123%3Fformat%3Djson%26states%3Dlisting HTTP/1.0 204 - Swift - - - - tx30399d998968409a8e327-0068daeb51 - 0.0065 RL - 1759177553.898053646 1759177553.904551983 0
Sep 29 20:25:53 standalone container-server[144850]: 172.20.0.100 - - [29/Sep/2025:20:25:53 +0000] "GET /d1/273/AUTH_5497b68335b649b9a91a2e7be6ecabe7/gnocchi.a44491dd-65b5-4f28-b663-d64171cf4123" 200 2 "GET http://172.18.0.2:8080/v1/AUTH_5497b68335b649b9a91a2e7be6ecabe7/gnocchi.a44491dd-65b5-4f28-b663-d64171cf4123?format=json&states=listing" "tx30399d998968409a8e327-0068daeb51" "proxy-server 20" 0.0036 "-" 21 0
Sep 29 20:25:53 standalone proxy-server[146801]: 172.18.0.2 172.18.0.100 29/Sep/2025/20/25/53 GET /v1/AUTH_5497b68335b649b9a91a2e7be6ecabe7/gnocchi.a44491dd-65b5-4f28-b663-d64171cf4123%3Fformat%3Djson%26states%3Dlisting HTTP/1.0 200 - python-swiftclient-3.11.1 gAAAAABo2uq_m4ZM... - 2 - tx30399d998968409a8e327-0068daeb51 - 0.0195 - - 1759177553.897050619 1759177553.916501999 0
Sep 29 20:25:53 standalone object-server[144971]: 172.20.0.100 - - [29/Sep/2025:20:25:53 +0000] "GET /d1/150/AUTH_5497b68335b649b9a91a2e7be6ecabe7/gnocchi.a44491dd-65b5-4f28-b663-d64171cf4123/1758240000.0_mean_300.0_v3" 404 70 "GET http://172.18.0.2:8080/v1/AUTH_5497b68335b649b9a91a2e7be6ecabe7/gnocchi.a44491dd-65b5-4f28-b663-d64171cf4123/1758240000.0_mean_300.0_v3" "tx805cb8c4424c429b8fe3e-0068daeb51" "proxy-server 20" 0.0004 "-" 24 0
Sep 29 20:25:53 standalone proxy-server[146801]: 172.18.0.2 172.18.0.100 29/Sep/2025/20/25/53 GET /v1/AUTH_5497b68335b649b9a91a2e7be6ecabe7/gnocchi.a44491dd-65b5-4f28-b663-d64171cf4123/1758240000.0_mean_300.0_v3 HTTP/1.0 404 - python-swiftclient-3.11.1 gAAAAABo2uq_m4ZM... - 70 - tx805cb8c4424c429b8fe3e-0068daeb51 - 0.0056 - - 1759177553.920491457 1759177553.926131010 0
Sep 29 20:25:53 standalone container-server[144850]: 172.20.0.100 - - [29/Sep/2025:20:25:53 +0000] "PUT /d1/273/AUTH_5497b68335b649b9a91a2e7be6ecabe7/gnocchi.a44491dd-65b5-4f28-b663-d64171cf4123/1758240000.0_mean_300.0_v3" 201 - "PUT http://172.18.0.2:8080/d1/150/AUTH_5497b68335b649b9a91a2e7be6ecabe7/gnocchi.a44491dd-65b5-4f28-b663-d64171cf4123/1758240000.0_mean_300.0_v3" "tx26b2437bf86f4cb9a39b3-0068daeb51" "object-server 24" 0.0008 "-" 21 0
Sep 29 20:25:53 standalone object-server[144971]: 172.20.0.100 - - [29/Sep/2025:20:25:53 +0000] "PUT /d1/150/AUTH_5497b68335b649b9a91a2e7be6ecabe7/gnocchi.a44491dd-65b5-4f28-b663-d64171cf4123/1758240000.0_mean_300.0_v3" 201 - "PUT http://172.18.0.2:8080/v1/AUTH_5497b68335b649b9a91a2e7be6ecabe7/gnocchi.a44491dd-65b5-4f28-b663-d64171cf4123/1758240000.0_mean_300.0_v3" "tx26b2437bf86f4cb9a39b3-0068daeb51" "proxy-server 20" 0.0099 "-" 24 0
Sep 29 20:25:53 standalone proxy-server[146801]: 172.18.0.2 172.18.0.100 29/Sep/2025/20/25/53 PUT /v1/AUTH_5497b68335b649b9a91a2e7be6ecabe7/gnocchi.a44491dd-65b5-4f28-b663-d64171cf4123/1758240000.0_mean_300.0_v3 HTTP/1.0 201 - python-swiftclient-3.11.1 gAAAAABo2uq_m4ZM... 16 - - tx26b2437bf86f4cb9a39b3-0068daeb51 - 0.0164 - - 1759177553.928902626 1759177553.945319653 0
Sep 29 20:25:53 standalone container-server[144856]: 172.20.0.100 - - [29/Sep/2025:20:25:53 +0000] "PUT /d1/273/AUTH_5497b68335b649b9a91a2e7be6ecabe7/gnocchi.a44491dd-65b5-4f28-b663-d64171cf4123/none_v3" 201 - "PUT http://172.18.0.2:8080/d1/120/AUTH_5497b68335b649b9a91a2e7be6ecabe7/gnocchi.a44491dd-65b5-4f28-b663-d64171cf4123/none_v3" "txc3a7077059cf434fbf400-0068daeb51" "object-server 25" 0.0006 "-" 22 0
Sep 29 20:25:53 standalone object-server[144974]: 172.20.0.100 - - [29/Sep/2025:20:25:53 +0000] "PUT /d1/120/AUTH_5497b68335b649b9a91a2e7be6ecabe7/gnocchi.a44491dd-65b5-4f28-b663-d64171cf4123/none_v3" 201 - "PUT http://172.18.0.2:8080/v1/AUTH_5497b68335b649b9a91a2e7be6ecabe7/gnocchi.a44491dd-65b5-4f28-b663-d64171cf4123/none_v3" "txc3a7077059cf434fbf400-0068daeb51" "proxy-server 20" 0.0093 "-" 25 0
Sep 29 20:25:53 standalone proxy-server[146801]: 172.18.0.2 172.18.0.100 29/Sep/2025/20/25/53 PUT /v1/AUTH_5497b68335b649b9a91a2e7be6ecabe7/gnocchi.a44491dd-65b5-4f28-b663-d64171cf4123/none_v3 HTTP/1.0 201 - python-swiftclient-3.11.1 gAAAAABo2uq_m4ZM... 22 - - txc3a7077059cf434fbf400-0068daeb51 - 0.0162 - - 1759177553.949013472 1759177553.965164661 0
Sep 29 20:25:53 standalone container-server[144856]: 172.20.0.100 - - [29/Sep/2025:20:25:53 +0000] "HEAD /d1/976/AUTH_5497b68335b649b9a91a2e7be6ecabe7/gnocchi.666daca9-d78f-44a3-a271-e00d38a43300" 404 - "HEAD http://172.18.0.2:8080/v1/AUTH_5497b68335b649b9a91a2e7be6ecabe7/gnocchi.666daca9-d78f-44a3-a271-e00d38a43300?format=json&states=listing" "tx78e1cd656b2445fda1ce9-0068daeb51" "proxy-server 20" 0.0004 "-" 22 0
Sep 29 20:25:53 standalone object-server[144968]: 172.20.0.100 - - [29/Sep/2025:20:25:53 +0000] "GET /d1/758/AUTH_5497b68335b649b9a91a2e7be6ecabe7/gnocchi.666daca9-d78f-44a3-a271-e00d38a43300/none_v3" 404 70 "GET http://172.18.0.2:8080/v1/AUTH_5497b68335b649b9a91a2e7be6ecabe7/gnocchi.666daca9-d78f-44a3-a271-e00d38a43300/none_v3" "tx78e1cd656b2445fda1ce9-0068daeb51" "proxy-server 20" 0.0003 "-" 23 0
Sep 29 20:25:53 standalone proxy-server[146801]: 172.18.0.2 172.18.0.100 29/Sep/2025/20/25/53 GET /v1/AUTH_5497b68335b649b9a91a2e7be6ecabe7/gnocchi.666daca9-d78f-44a3-a271-e00d38a43300/none_v3 HTTP/1.0 404 - python-swiftclient-3.11.1 gAAAAABo2uq_m4ZM... - 70 - tx78e1cd656b2445fda1ce9-0068daeb51 - 0.0098 - - 1759177553.974194288 1759177553.983962774 0
Sep 29 20:25:54 standalone account-server[144761]: 172.20.0.100 - - [29/Sep/2025:20:25:54 +0000] "PUT /d1/51/AUTH_5497b68335b649b9a91a2e7be6ecabe7/gnocchi.666daca9-d78f-44a3-a271-e00d38a43300" 201 - "PUT http://172.20.0.100:6001/d1/976/AUTH_5497b68335b649b9a91a2e7be6ecabe7/gnocchi.666daca9-d78f-44a3-a271-e00d38a43300" "tx9362d22876874601a4009-0068daeb51" "container-server 22" 0.0059 "-" 22 0
Sep 29 20:25:54 standalone container-server[144856]: 172.20.0.100 - - [29/Sep/2025:20:25:54 +0000] "PUT /d1/976/AUTH_5497b68335b649b9a91a2e7be6ecabe7/gnocchi.666daca9-d78f-44a3-a271-e00d38a43300" 201 - "PUT http://172.18.0.2:8080/v1/AUTH_5497b68335b649b9a91a2e7be6ecabe7/gnocchi.666daca9-d78f-44a3-a271-e00d38a43300" "tx9362d22876874601a4009-0068daeb51" "proxy-server 20" 0.0178 "-" 22 0
Sep 29 20:25:54 standalone proxy-server[146801]: 172.18.0.2 172.18.0.100 29/Sep/2025/20/25/54 PUT /v1/AUTH_5497b68335b649b9a91a2e7be6ecabe7/gnocchi.666daca9-d78f-44a3-a271-e00d38a43300 HTTP/1.0 201 - python-swiftclient-3.11.1 gAAAAABo2uq_m4ZM... - - - tx9362d22876874601a4009-0068daeb51 - 0.0227 - - 1759177553.986686707 1759177554.009420872 0
Sep 29 20:25:54 standalone container-server[144850]: 172.20.0.100 - - [29/Sep/2025:20:25:54 +0000] "HEAD /d1/895/AUTH_5497b68335b649b9a91a2e7be6ecabe7/gnocchi.9ce9f18c-774b-47f4-b839-86fdace12700" 404 - "HEAD http://172.18.0.2:8080/v1/AUTH_5497b68335b649b9a91a2e7be6ecabe7/gnocchi.9ce9f18c-774b-47f4-b839-86fdace12700?format=json&states=listing" "txc6512159beef42c2b0e04-0068daeb52" "proxy-server 20" 0.0006 "-" 21 0
Sep 29 20:25:54 standalone object-server[144971]: 172.20.0.100 - - [29/Sep/2025:20:25:54 +0000] "GET /d1/1016/AUTH_5497b68335b649b9a91a2e7be6ecabe7/gnocchi.9ce9f18c-774b-47f4-b839-86fdace12700/none_v3" 404 70 "GET http://172.18.0.2:8080/v1/AUTH_5497b68335b649b9a91a2e7be6ecabe7/gnocchi.9ce9f18c-774b-47f4-b839-86fdace12700/none_v3" "txc6512159beef42c2b0e04-0068daeb52" "proxy-server 20" 0.0004 "-" 24 0
Sep 29 20:25:54 standalone proxy-server[146801]: 172.18.0.2 172.18.0.100 29/Sep/2025/20/25/54 GET /v1/AUTH_5497b68335b649b9a91a2e7be6ecabe7/gnocchi.9ce9f18c-774b-47f4-b839-86fdace12700/none_v3 HTTP/1.0 404 - python-swiftclient-3.11.1 gAAAAABo2uq_m4ZM... - 70 - txc6512159beef42c2b0e04-0068daeb52 - 0.0089 - - 1759177554.012586355 1759177554.021521807 0
Sep 29 20:25:54 standalone account-server[144761]: 172.20.0.100 - - [29/Sep/2025:20:25:54 +0000] "PUT /d1/51/AUTH_5497b68335b649b9a91a2e7be6ecabe7/gnocchi.9ce9f18c-774b-47f4-b839-86fdace12700" 201 - "PUT http://172.20.0.100:6001/d1/895/AUTH_5497b68335b649b9a91a2e7be6ecabe7/gnocchi.9ce9f18c-774b-47f4-b839-86fdace12700" "tx4ebdc9eaa5344b9a80ae3-0068daeb52" "container-server 23" 0.0050 "-" 22 0
Sep 29 20:25:54 standalone container-server[144860]: 172.20.0.100 - - [29/Sep/2025:20:25:54 +0000] "PUT /d1/895/AUTH_5497b68335b649b9a91a2e7be6ecabe7/gnocchi.9ce9f18c-774b-47f4-b839-86fdace12700" 201 - "PUT http://172.18.0.2:8080/v1/AUTH_5497b68335b649b9a91a2e7be6ecabe7/gnocchi.9ce9f18c-774b-47f4-b839-86fdace12700" "tx4ebdc9eaa5344b9a80ae3-0068daeb52" "proxy-server 20" 0.0156 "-" 23 0
Sep 29 20:25:54 standalone proxy-server[146801]: 172.18.0.2 172.18.0.100 29/Sep/2025/20/25/54 PUT /v1/AUTH_5497b68335b649b9a91a2e7be6ecabe7/gnocchi.9ce9f18c-774b-47f4-b839-86fdace12700 HTTP/1.0 201 - python-swiftclient-3.11.1 gAAAAABo2uq_m4ZM... - - - tx4ebdc9eaa5344b9a80ae3-0068daeb52 - 0.0204 - - 1759177554.025303602 1759177554.045658350 0
Sep 29 20:25:54 standalone container-server[144860]: 172.20.0.100 - - [29/Sep/2025:20:25:54 +0000] "HEAD /d1/976/AUTH_5497b68335b649b9a91a2e7be6ecabe7/gnocchi.666daca9-d78f-44a3-a271-e00d38a43300" 204 - "HEAD http://172.18.0.2:8080/v1/AUTH_5497b68335b649b9a91a2e7be6ecabe7/gnocchi.666daca9-d78f-44a3-a271-e00d38a43300?format=json&states=listing" "tx6fdade157f804f1d88495-0068daeb52" "proxy-server 20" 0.0012 "-" 23 0
Sep 29 20:25:54 standalone proxy-server[146801]: - - 29/Sep/2025/20/25/54 HEAD /v1/AUTH_5497b68335b649b9a91a2e7be6ecabe7/gnocchi.666daca9-d78f-44a3-a271-e00d38a43300%3Fformat%3Djson%26states%3Dlisting HTTP/1.0 204 - Swift - - - - tx6fdade157f804f1d88495-0068daeb52 - 0.0044 RL - 1759177554.050663233 1759177554.055098772 0
Sep 29 20:25:54 standalone container-server[144847]: 172.20.0.100 - - [29/Sep/2025:20:25:54 +0000] "GET /d1/976/AUTH_5497b68335b649b9a91a2e7be6ecabe7/gnocchi.666daca9-d78f-44a3-a271-e00d38a43300" 200 2 "GET http://172.18.0.2:8080/v1/AUTH_5497b68335b649b9a91a2e7be6ecabe7/gnocchi.666daca9-d78f-44a3-a271-e00d38a43300?format=json&states=listing" "tx6fdade157f804f1d88495-0068daeb52" "proxy-server 20" 0.0016 "-" 20 0
Sep 29 20:25:54 standalone proxy-server[146801]: 172.18.0.2 172.18.0.100 29/Sep/2025/20/25/54 GET /v1/AUTH_5497b68335b649b9a91a2e7be6ecabe7/gnocchi.666daca9-d78f-44a3-a271-e00d38a43300%3Fformat%3Djson%26states%3Dlisting HTTP/1.0 200 - python-swiftclient-3.11.1 gAAAAABo2uq_m4ZM... - 2 - tx6fdade157f804f1d88495-0068daeb52 - 0.0139 - - 1759177554.048679829 1759177554.062586069 0
Sep 29 20:25:54 standalone container-server[144850]: 172.20.0.100 - - [29/Sep/2025:20:25:54 +0000] "HEAD /d1/895/AUTH_5497b68335b649b9a91a2e7be6ecabe7/gnocchi.9ce9f18c-774b-47f4-b839-86fdace12700" 204 - "HEAD http://172.18.0.2:8080/v1/AUTH_5497b68335b649b9a91a2e7be6ecabe7/gnocchi.9ce9f18c-774b-47f4-b839-86fdace12700?format=json&states=listing" "tx5205331fc3354ea8a760d-0068daeb52" "proxy-server 20" 0.0022 "-" 21 0
Sep 29 20:25:54 standalone proxy-server[146801]: - - 29/Sep/2025/20/25/54 HEAD /v1/AUTH_5497b68335b649b9a91a2e7be6ecabe7/gnocchi.9ce9f18c-774b-47f4-b839-86fdace12700%3Fformat%3Djson%26states%3Dlisting HTTP/1.0 204 - Swift - - - - tx5205331fc3354ea8a760d-0068daeb52 - 0.0066 RL - 1759177554.066840887 1759177554.073455095 0
Sep 29 20:25:54 standalone container-server[144847]: 172.20.0.100 - - [29/Sep/2025:20:25:54 +0000] "GET /d1/895/AUTH_5497b68335b649b9a91a2e7be6ecabe7/gnocchi.9ce9f18c-774b-47f4-b839-86fdace12700" 200 2 "GET http://172.18.0.2:8080/v1/AUTH_5497b68335b649b9a91a2e7be6ecabe7/gnocchi.9ce9f18c-774b-47f4-b839-86fdace12700?format=json&states=listing" "tx5205331fc3354ea8a760d-0068daeb52" "proxy-server 20" 0.0015 "-" 20 0
Sep 29 20:25:54 standalone proxy-server[146801]: 172.18.0.2 172.18.0.100 29/Sep/2025/20/25/54 GET /v1/AUTH_5497b68335b649b9a91a2e7be6ecabe7/gnocchi.9ce9f18c-774b-47f4-b839-86fdace12700%3Fformat%3Djson%26states%3Dlisting HTTP/1.0 200 - python-swiftclient-3.11.1 gAAAAABo2uq_m4ZM... - 2 - tx5205331fc3354ea8a760d-0068daeb52 - 0.0151 - - 1759177554.065869570 1759177554.080941677 0
Sep 29 20:25:54 standalone object-server[144971]: 172.20.0.100 - - [29/Sep/2025:20:25:54 +0000] "GET /d1/730/AUTH_5497b68335b649b9a91a2e7be6ecabe7/gnocchi.666daca9-d78f-44a3-a271-e00d38a43300/1758240000.0_mean_300.0_v3" 404 70 "GET http://172.18.0.2:8080/v1/AUTH_5497b68335b649b9a91a2e7be6ecabe7/gnocchi.666daca9-d78f-44a3-a271-e00d38a43300/1758240000.0_mean_300.0_v3" "tx78d2f50963da4494803e1-0068daeb52" "proxy-server 20" 0.0004 "-" 24 0
Sep 29 20:25:54 standalone proxy-server[146801]: 172.18.0.2 172.18.0.100 29/Sep/2025/20/25/54 GET /v1/AUTH_5497b68335b649b9a91a2e7be6ecabe7/gnocchi.666daca9-d78f-44a3-a271-e00d38a43300/1758240000.0_mean_300.0_v3 HTTP/1.0 404 - python-swiftclient-3.11.1 gAAAAABo2uq_m4ZM... - 70 - tx78d2f50963da4494803e1-0068daeb52 - 0.0059 - - 1759177554.083439589 1759177554.089324951 0
Sep 29 20:25:54 standalone object-server[144971]: 172.20.0.100 - - [29/Sep/2025:20:25:54 +0000] "GET /d1/40/AUTH_5497b68335b649b9a91a2e7be6ecabe7/gnocchi.9ce9f18c-774b-47f4-b839-86fdace12700/1758240000.0_mean_300.0_v3" 404 70 "GET http://172.18.0.2:8080/v1/AUTH_5497b68335b649b9a91a2e7be6ecabe7/gnocchi.9ce9f18c-774b-47f4-b839-86fdace12700/1758240000.0_mean_300.0_v3" "txf1d0a190e9c24e798eddf-0068daeb52" "proxy-server 20" 0.0003 "-" 24 0
Sep 29 20:25:54 standalone proxy-server[146801]: 172.18.0.2 172.18.0.100 29/Sep/2025/20/25/54 GET /v1/AUTH_5497b68335b649b9a91a2e7be6ecabe7/gnocchi.9ce9f18c-774b-47f4-b839-86fdace12700/1758240000.0_mean_300.0_v3 HTTP/1.0 404 - python-swiftclient-3.11.1 gAAAAABo2uq_m4ZM... - 70 - txf1d0a190e9c24e798eddf-0068daeb52 - 0.0058 - - 1759177554.091418028 1759177554.097267389 0
Sep 29 20:25:54 standalone container-server[144850]: 172.20.0.100 - - [29/Sep/2025:20:25:54 +0000] "PUT /d1/976/AUTH_5497b68335b649b9a91a2e7be6ecabe7/gnocchi.666daca9-d78f-44a3-a271-e00d38a43300/1758240000.0_mean_300.0_v3" 201 - "PUT http://172.18.0.2:8080/d1/730/AUTH_5497b68335b649b9a91a2e7be6ecabe7/gnocchi.666daca9-d78f-44a3-a271-e00d38a43300/1758240000.0_mean_300.0_v3" "txe06524ea515e47a085a0d-0068daeb52" "object-server 25" 0.0008 "-" 21 0
Sep 29 20:25:54 standalone object-server[144974]: 172.20.0.100 - - [29/Sep/2025:20:25:54 +0000] "PUT /d1/730/AUTH_5497b68335b649b9a91a2e7be6ecabe7/gnocchi.666daca9-d78f-44a3-a271-e00d38a43300/1758240000.0_mean_300.0_v3" 201 - "PUT http://172.18.0.2:8080/v1/AUTH_5497b68335b649b9a91a2e7be6ecabe7/gnocchi.666daca9-d78f-44a3-a271-e00d38a43300/1758240000.0_mean_300.0_v3" "txe06524ea515e47a085a0d-0068daeb52" "proxy-server 20" 0.0112 "-" 25 0
Sep 29 20:25:54 standalone proxy-server[146801]: 172.18.0.2 172.18.0.100 29/Sep/2025/20/25/54 PUT /v1/AUTH_5497b68335b649b9a91a2e7be6ecabe7/gnocchi.666daca9-d78f-44a3-a271-e00d38a43300/1758240000.0_mean_300.0_v3 HTTP/1.0 201 - python-swiftclient-3.11.1 gAAAAABo2uq_m4ZM... 16 - - txe06524ea515e47a085a0d-0068daeb52 - 0.0169 - - 1759177554.102951527 1759177554.119863987 0
Sep 29 20:25:54 standalone container-server[144847]: 172.20.0.100 - - [29/Sep/2025:20:25:54 +0000] "PUT /d1/895/AUTH_5497b68335b649b9a91a2e7be6ecabe7/gnocchi.9ce9f18c-774b-47f4-b839-86fdace12700/1758240000.0_mean_300.0_v3" 201 - "PUT http://172.18.0.2:8080/d1/40/AUTH_5497b68335b649b9a91a2e7be6ecabe7/gnocchi.9ce9f18c-774b-47f4-b839-86fdace12700/1758240000.0_mean_300.0_v3" "tx32b8f8572c954d4db2218-0068daeb52" "object-server 22" 0.0006 "-" 20 0
Sep 29 20:25:54 standalone object-server[144966]: 172.20.0.100 - - [29/Sep/2025:20:25:54 +0000] "PUT /d1/40/AUTH_5497b68335b649b9a91a2e7be6ecabe7/gnocchi.9ce9f18c-774b-47f4-b839-86fdace12700/1758240000.0_mean_300.0_v3" 201 - "PUT http://172.18.0.2:8080/v1/AUTH_5497b68335b649b9a91a2e7be6ecabe7/gnocchi.9ce9f18c-774b-47f4-b839-86fdace12700/1758240000.0_mean_300.0_v3" "tx32b8f8572c954d4db2218-0068daeb52" "proxy-server 20" 0.0079 "-" 22 0
Sep 29 20:25:54 standalone proxy-server[146801]: 172.18.0.2 172.18.0.100 29/Sep/2025/20/25/54 PUT /v1/AUTH_5497b68335b649b9a91a2e7be6ecabe7/gnocchi.9ce9f18c-774b-47f4-b839-86fdace12700/1758240000.0_mean_300.0_v3 HTTP/1.0 201 - python-swiftclient-3.11.1 gAAAAABo2uq_m4ZM... 16 - - tx32b8f8572c954d4db2218-0068daeb52 - 0.0158 - - 1759177554.122524261 1759177554.138284445 0
Sep 29 20:25:54 standalone container-server[144856]: 172.20.0.100 - - [29/Sep/2025:20:25:54 +0000] "PUT /d1/976/AUTH_5497b68335b649b9a91a2e7be6ecabe7/gnocchi.666daca9-d78f-44a3-a271-e00d38a43300/none_v3" 201 - "PUT http://172.18.0.2:8080/d1/758/AUTH_5497b68335b649b9a91a2e7be6ecabe7/gnocchi.666daca9-d78f-44a3-a271-e00d38a43300/none_v3" "tx98b0668ea305414c8fe13-0068daeb52" "object-server 22" 0.0006 "-" 22 0
Sep 29 20:25:54 standalone object-server[144966]: 172.20.0.100 - - [29/Sep/2025:20:25:54 +0000] "PUT /d1/758/AUTH_5497b68335b649b9a91a2e7be6ecabe7/gnocchi.666daca9-d78f-44a3-a271-e00d38a43300/none_v3" 201 - "PUT http://172.18.0.2:8080/v1/AUTH_5497b68335b649b9a91a2e7be6ecabe7/gnocchi.666daca9-d78f-44a3-a271-e00d38a43300/none_v3" "tx98b0668ea305414c8fe13-0068daeb52" "proxy-server 20" 0.0081 "-" 22 0
Sep 29 20:25:54 standalone proxy-server[146801]: 172.18.0.2 172.18.0.100 29/Sep/2025/20/25/54 PUT /v1/AUTH_5497b68335b649b9a91a2e7be6ecabe7/gnocchi.666daca9-d78f-44a3-a271-e00d38a43300/none_v3 HTTP/1.0 201 - python-swiftclient-3.11.1 gAAAAABo2uq_m4ZM... 22 - - tx98b0668ea305414c8fe13-0068daeb52 - 0.0138 - - 1759177554.141028404 1759177554.154866934 0
Sep 29 20:25:54 standalone container-server[144856]: 172.20.0.100 - - [29/Sep/2025:20:25:54 +0000] "PUT /d1/895/AUTH_5497b68335b649b9a91a2e7be6ecabe7/gnocchi.9ce9f18c-774b-47f4-b839-86fdace12700/none_v3" 201 - "PUT http://172.18.0.2:8080/d1/1016/AUTH_5497b68335b649b9a91a2e7be6ecabe7/gnocchi.9ce9f18c-774b-47f4-b839-86fdace12700/none_v3" "tx53b8b3e853c54ab597572-0068daeb52" "object-server 25" 0.0007 "-" 22 0
Sep 29 20:25:54 standalone object-server[144974]: 172.20.0.100 - - [29/Sep/2025:20:25:54 +0000] "PUT /d1/1016/AUTH_5497b68335b649b9a91a2e7be6ecabe7/gnocchi.9ce9f18c-774b-47f4-b839-86fdace12700/none_v3" 201 - "PUT http://172.18.0.2:8080/v1/AUTH_5497b68335b649b9a91a2e7be6ecabe7/gnocchi.9ce9f18c-774b-47f4-b839-86fdace12700/none_v3" "tx53b8b3e853c54ab597572-0068daeb52" "proxy-server 20" 0.0098 "-" 25 0
Sep 29 20:25:54 standalone proxy-server[146801]: 172.18.0.2 172.18.0.100 29/Sep/2025/20/25/54 PUT /v1/AUTH_5497b68335b649b9a91a2e7be6ecabe7/gnocchi.9ce9f18c-774b-47f4-b839-86fdace12700/none_v3 HTTP/1.0 201 - python-swiftclient-3.11.1 gAAAAABo2uq_m4ZM... 22 - - tx53b8b3e853c54ab597572-0068daeb52 - 0.0162 - - 1759177554.157438993 1759177554.173630714 0
Sep 29 20:25:58 standalone object-server[144966]: 172.20.0.100 - - [29/Sep/2025:20:25:58 +0000] "GET /d1/120/AUTH_5497b68335b649b9a91a2e7be6ecabe7/gnocchi.a44491dd-65b5-4f28-b663-d64171cf4123/none_v3" 200 22 "GET http://172.18.0.2:8080/v1/AUTH_5497b68335b649b9a91a2e7be6ecabe7/gnocchi.a44491dd-65b5-4f28-b663-d64171cf4123/none_v3" "txaa198b9c703d4c3b9c3be-0068daeb56" "proxy-server 20" 0.0015 "-" 22 0
Sep 29 20:25:58 standalone proxy-server[146801]: 172.18.0.2 172.18.0.100 29/Sep/2025/20/25/58 GET /v1/AUTH_5497b68335b649b9a91a2e7be6ecabe7/gnocchi.a44491dd-65b5-4f28-b663-d64171cf4123/none_v3 HTTP/1.0 200 - python-swiftclient-3.11.1 gAAAAABo2uq_m4ZM... - 22 - txaa198b9c703d4c3b9c3be-0068daeb56 - 0.0076 - - 1759177558.194957733 1759177558.202587366 0
Sep 29 20:25:58 standalone container-server[144860]: 172.20.0.100 - - [29/Sep/2025:20:25:58 +0000] "GET /d1/273/AUTH_5497b68335b649b9a91a2e7be6ecabe7/gnocchi.a44491dd-65b5-4f28-b663-d64171cf4123" 200 357 "GET http://172.18.0.2:8080/v1/AUTH_5497b68335b649b9a91a2e7be6ecabe7/gnocchi.a44491dd-65b5-4f28-b663-d64171cf4123?format=json&states=listing" "tx6a61fbd669da477aac9a1-0068daeb56" "proxy-server 20" 0.0119 "-" 23 0
Sep 29 20:25:58 standalone proxy-server[146801]: 172.18.0.2 172.18.0.100 29/Sep/2025/20/25/58 GET /v1/AUTH_5497b68335b649b9a91a2e7be6ecabe7/gnocchi.a44491dd-65b5-4f28-b663-d64171cf4123%3Fformat%3Djson%26states%3Dlisting HTTP/1.0 200 - python-swiftclient-3.11.1 gAAAAABo2uq_m4ZM... - 357 - tx6a61fbd669da477aac9a1-0068daeb56 - 0.0187 - - 1759177558.207292318 1759177558.225948334 0
Sep 29 20:25:58 standalone container-server[144860]: 172.20.0.100 - - [29/Sep/2025:20:25:58 +0000] "GET /d1/273/AUTH_5497b68335b649b9a91a2e7be6ecabe7/gnocchi.a44491dd-65b5-4f28-b663-d64171cf4123" 200 2 "GET http://172.18.0.2:8080/v1/AUTH_5497b68335b649b9a91a2e7be6ecabe7/gnocchi.a44491dd-65b5-4f28-b663-d64171cf4123?format=json&marker=none_v3&states=listing" "tx6ea8b81dee2a42e4b79ff-0068daeb56" "proxy-server 20" 0.0036 "-" 23 0
Sep 29 20:25:58 standalone proxy-server[146801]: 172.18.0.2 172.18.0.100 29/Sep/2025/20/25/58 GET /v1/AUTH_5497b68335b649b9a91a2e7be6ecabe7/gnocchi.a44491dd-65b5-4f28-b663-d64171cf4123%3Fformat%3Djson%26marker%3Dnone_v3%26states%3Dlisting HTTP/1.0 200 - python-swiftclient-3.11.1 gAAAAABo2uq_m4ZM... - 2 - tx6ea8b81dee2a42e4b79ff-0068daeb56 - 0.0087 - - 1759177558.228219986 1759177558.236954689 0
Sep 29 20:25:58 standalone object-server[144971]: 172.20.0.100 - - [29/Sep/2025:20:25:58 +0000] "GET /d1/150/AUTH_5497b68335b649b9a91a2e7be6ecabe7/gnocchi.a44491dd-65b5-4f28-b663-d64171cf4123/1758240000.0_mean_300.0_v3" 200 16 "GET http://172.18.0.2:8080/v1/AUTH_5497b68335b649b9a91a2e7be6ecabe7/gnocchi.a44491dd-65b5-4f28-b663-d64171cf4123/1758240000.0_mean_300.0_v3" "txf2955f50c3554676b9af2-0068daeb56" "proxy-server 20" 0.0011 "-" 24 0
Sep 29 20:25:58 standalone proxy-server[146801]: 172.18.0.2 172.18.0.100 29/Sep/2025/20/25/58 GET /v1/AUTH_5497b68335b649b9a91a2e7be6ecabe7/gnocchi.a44491dd-65b5-4f28-b663-d64171cf4123/1758240000.0_mean_300.0_v3 HTTP/1.0 200 - python-swiftclient-3.11.1 gAAAAABo2uq_m4ZM... - 16 - txf2955f50c3554676b9af2-0068daeb56 - 0.0069 - - 1759177558.239907742 1759177558.246775627 0
Sep 29 20:25:58 standalone container-server[144856]: 172.20.0.100 - - [29/Sep/2025:20:25:58 +0000] "PUT /d1/273/AUTH_5497b68335b649b9a91a2e7be6ecabe7/gnocchi.a44491dd-65b5-4f28-b663-d64171cf4123/1758240000.0_mean_300.0_v3" 201 - "PUT http://172.18.0.2:8080/d1/150/AUTH_5497b68335b649b9a91a2e7be6ecabe7/gnocchi.a44491dd-65b5-4f28-b663-d64171cf4123/1758240000.0_mean_300.0_v3" "tx37c311b42c82417bbc20e-0068daeb56" "object-server 23" 0.0008 "-" 22 0
Sep 29 20:25:58 standalone object-server[144968]: 172.20.0.100 - - [29/Sep/2025:20:25:58 +0000] "PUT /d1/150/AUTH_5497b68335b649b9a91a2e7be6ecabe7/gnocchi.a44491dd-65b5-4f28-b663-d64171cf4123/1758240000.0_mean_300.0_v3" 201 - "PUT http://172.18.0.2:8080/v1/AUTH_5497b68335b649b9a91a2e7be6ecabe7/gnocchi.a44491dd-65b5-4f28-b663-d64171cf4123/1758240000.0_mean_300.0_v3" "tx37c311b42c82417bbc20e-0068daeb56" "proxy-server 20" 0.0149 "-" 23 0
Sep 29 20:25:58 standalone proxy-server[146801]: 172.18.0.2 172.18.0.100 29/Sep/2025/20/25/58 PUT /v1/AUTH_5497b68335b649b9a91a2e7be6ecabe7/gnocchi.a44491dd-65b5-4f28-b663-d64171cf4123/1758240000.0_mean_300.0_v3 HTTP/1.0 201 - python-swiftclient-3.11.1 gAAAAABo2uq_m4ZM... 16 - - tx37c311b42c82417bbc20e-0068daeb56 - 0.0217 - - 1759177558.250253916 1759177558.271904707 0
Sep 29 20:25:58 standalone container-server[144856]: 172.20.0.100 - - [29/Sep/2025:20:25:58 +0000] "PUT /d1/273/AUTH_5497b68335b649b9a91a2e7be6ecabe7/gnocchi.a44491dd-65b5-4f28-b663-d64171cf4123/none_v3" 201 - "PUT http://172.18.0.2:8080/d1/120/AUTH_5497b68335b649b9a91a2e7be6ecabe7/gnocchi.a44491dd-65b5-4f28-b663-d64171cf4123/none_v3" "txbd34ca9bb20a431ca799f-0068daeb56" "object-server 24" 0.0007 "-" 22 0
Sep 29 20:25:58 standalone object-server[144971]: 172.20.0.100 - - [29/Sep/2025:20:25:58 +0000] "PUT /d1/120/AUTH_5497b68335b649b9a91a2e7be6ecabe7/gnocchi.a44491dd-65b5-4f28-b663-d64171cf4123/none_v3" 201 - "PUT http://172.18.0.2:8080/v1/AUTH_5497b68335b649b9a91a2e7be6ecabe7/gnocchi.a44491dd-65b5-4f28-b663-d64171cf4123/none_v3" "txbd34ca9bb20a431ca799f-0068daeb56" "proxy-server 20" 0.0113 "-" 24 0
Sep 29 20:25:58 standalone proxy-server[146801]: 172.18.0.2 172.18.0.100 29/Sep/2025/20/25/58 PUT /v1/AUTH_5497b68335b649b9a91a2e7be6ecabe7/gnocchi.a44491dd-65b5-4f28-b663-d64171cf4123/none_v3 HTTP/1.0 201 - python-swiftclient-3.11.1 gAAAAABo2uq_m4ZM... 32 - - txbd34ca9bb20a431ca799f-0068daeb56 - 0.0178 - - 1759177558.275333643 1759177558.293144226 0
Sep 29 20:26:20 standalone container-server[144532]: Begin container update sweep
Sep 29 20:26:20 standalone account-server[144755]: 172.20.0.100 - - [29/Sep/2025:20:26:20 +0000] "PUT /d1/51/AUTH_5497b68335b649b9a91a2e7be6ecabe7/gnocchi.e9c4c405-1cc6-464d-a9da-b02385cb058f" 201 - "-" "-" "container-updater 2" 0.0009 "-" 21 0
Sep 29 20:26:20 standalone account-server[144755]: 172.20.0.100 - - [29/Sep/2025:20:26:20 +0000] "PUT /d1/51/AUTH_5497b68335b649b9a91a2e7be6ecabe7/gnocchi.27e1d8ef-c6a6-4426-950b-1698e18a4850" 201 - "-" "-" "container-updater 2" 0.0004 "-" 21 0
Sep 29 20:26:21 standalone account-server[144755]: 172.20.0.100 - - [29/Sep/2025:20:26:21 +0000] "PUT /d1/51/AUTH_5497b68335b649b9a91a2e7be6ecabe7/gnocchi.135b3ec2-293a-49ae-a7e3-e9646e35ceba" 201 - "-" "-" "container-updater 2" 0.0003 "-" 21 0
Sep 29 20:26:21 standalone account-server[144761]: 172.20.0.100 - - [29/Sep/2025:20:26:21 +0000] "PUT /d1/51/AUTH_5497b68335b649b9a91a2e7be6ecabe7/gnocchi.169ffcce-10e5-483e-a496-ae78bb06e049" 201 - "-" "-" "container-updater 2" 0.0006 "-" 22 0
Sep 29 20:26:21 standalone account-server[144744]: 172.20.0.100 - - [29/Sep/2025:20:26:21 +0000] "PUT /d1/51/AUTH_5497b68335b649b9a91a2e7be6ecabe7/gnocchi.625b3bf9-0089-4d00-b4b8-79b4fd5c16c7" 201 - "-" "-" "container-updater 2" 0.0004 "-" 20 0
Sep 29 20:26:21 standalone account-server[144744]: 172.20.0.100 - - [29/Sep/2025:20:26:21 +0000] "PUT /d1/51/AUTH_5497b68335b649b9a91a2e7be6ecabe7/gnocchi.1c08ed81-dd2d-4ee1-b321-69c62fd8576b" 201 - "-" "-" "container-updater 2" 0.0008 "-" 20 0
Sep 29 20:26:21 standalone account-server[144765]: 172.20.0.100 - - [29/Sep/2025:20:26:21 +0000] "PUT /d1/51/AUTH_5497b68335b649b9a91a2e7be6ecabe7/gnocchi.e50e508a-f8bd-4bde-95a4-dfc8254ca847" 201 - "-" "-" "container-updater 2" 0.0004 "-" 23 0
Sep 29 20:26:21 standalone account-server[144744]: 172.20.0.100 - - [29/Sep/2025:20:26:21 +0000] "PUT /d1/51/AUTH_5497b68335b649b9a91a2e7be6ecabe7/gnocchi.9aa7c4d8-2665-460e-a17f-58386fa7707c" 201 - "-" "-" "container-updater 2" 0.0006 "-" 20 0
Sep 29 20:26:21 standalone account-server[144755]: 172.20.0.100 - - [29/Sep/2025:20:26:21 +0000] "PUT /d1/51/AUTH_5497b68335b649b9a91a2e7be6ecabe7/gnocchi.9ce9f18c-774b-47f4-b839-86fdace12700" 201 - "-" "-" "container-updater 2" 0.0005 "-" 21 0
Sep 29 20:26:21 standalone account-server[144744]: 172.20.0.100 - - [29/Sep/2025:20:26:21 +0000] "PUT /d1/51/AUTH_5497b68335b649b9a91a2e7be6ecabe7/gnocchi.40a435b8-69e8-44d0-9dde-d53f7d26c37f" 201 - "-" "-" "container-updater 2" 0.0006 "-" 20 0
Sep 29 20:26:21 standalone account-server[144755]: 172.20.0.100 - - [29/Sep/2025:20:26:21 +0000] "PUT /d1/51/AUTH_5497b68335b649b9a91a2e7be6ecabe7/gnocchi.fe16a39c-a24e-45f7-b7ab-107fd5395b00" 201 - "-" "-" "container-updater 2" 0.0006 "-" 21 0
Sep 29 20:26:21 standalone account-server[144761]: 172.20.0.100 - - [29/Sep/2025:20:26:21 +0000] "PUT /d1/51/AUTH_5497b68335b649b9a91a2e7be6ecabe7/gnocchi.a44f091d-4ea8-4199-828a-324f7f74b113" 201 - "-" "-" "container-updater 2" 0.0004 "-" 22 0
Sep 29 20:26:21 standalone account-server[144765]: 172.20.0.100 - - [29/Sep/2025:20:26:21 +0000] "PUT /d1/51/AUTH_5497b68335b649b9a91a2e7be6ecabe7/gnocchi.7dbad388-0dcf-411a-8ebb-5cea440e0f20" 201 - "-" "-" "container-updater 2" 0.0004 "-" 23 0
Sep 29 20:26:22 standalone account-server[144755]: 172.20.0.100 - - [29/Sep/2025:20:26:22 +0000] "PUT /d1/51/AUTH_5497b68335b649b9a91a2e7be6ecabe7/gnocchi.0d6e5c25-28be-43e0-802b-5aea37c6a72c" 201 - "-" "-" "container-updater 2" 0.0004 "-" 21 0
Sep 29 20:26:22 standalone account-server[144755]: 172.20.0.100 - - [29/Sep/2025:20:26:22 +0000] "PUT /d1/51/AUTH_5497b68335b649b9a91a2e7be6ecabe7/gnocchi.a6b882f5-5d11-4afc-9f59-1a6de3c694f4" 201 - "-" "-" "container-updater 2" 0.0004 "-" 21 0
Sep 29 20:26:22 standalone account-server[144765]: 172.20.0.100 - - [29/Sep/2025:20:26:22 +0000] "PUT /d1/51/AUTH_5497b68335b649b9a91a2e7be6ecabe7/gnocchi.106f5b53-c81b-436a-970b-8d6ac53efe8d" 201 - "-" "-" "container-updater 2" 0.0006 "-" 23 0
Sep 29 20:26:22 standalone account-server[144765]: 172.20.0.100 - - [29/Sep/2025:20:26:22 +0000] "PUT /d1/51/AUTH_5497b68335b649b9a91a2e7be6ecabe7/gnocchi.51d51677-3bd0-4eb7-9eca-37e305b216bd" 201 - "-" "-" "container-updater 2" 0.0006 "-" 23 0
Sep 29 20:26:22 standalone account-server[144744]: 172.20.0.100 - - [29/Sep/2025:20:26:22 +0000] "PUT /d1/51/AUTH_5497b68335b649b9a91a2e7be6ecabe7/gnocchi.fa08ec61-7883-40e5-8155-c6d5c6366c6c" 201 - "-" "-" "container-updater 2" 0.0007 "-" 20 0
Sep 29 20:26:22 standalone account-server[144765]: 172.20.0.100 - - [29/Sep/2025:20:26:22 +0000] "PUT /d1/51/AUTH_5497b68335b649b9a91a2e7be6ecabe7/gnocchi.bb1eed61-8f49-4317-bdcf-5d3685dfbc98" 201 - "-" "-" "container-updater 2" 0.0005 "-" 23 0
Sep 29 20:26:22 standalone account-server[144755]: 172.20.0.100 - - [29/Sep/2025:20:26:22 +0000] "PUT /d1/51/AUTH_5497b68335b649b9a91a2e7be6ecabe7/gnocchi.8a4a070e-f7f0-4466-8e85-321b8d2d5729" 201 - "-" "-" "container-updater 2" 0.0005 "-" 21 0
Sep 29 20:26:22 standalone account-server[144744]: 172.20.0.100 - - [29/Sep/2025:20:26:22 +0000] "PUT /d1/51/AUTH_5497b68335b649b9a91a2e7be6ecabe7/gnocchi.42483705-4cea-4165-bf64-da01addbc991" 201 - "-" "-" "container-updater 2" 0.0008 "-" 20 0
Sep 29 20:26:22 standalone account-server[144765]: 172.20.0.100 - - [29/Sep/2025:20:26:22 +0000] "PUT /d1/51/AUTH_5497b68335b649b9a91a2e7be6ecabe7/gnocchi.53ed6ae4-c937-4352-bf96-26cf9d8973b0" 201 - "-" "-" "container-updater 2" 0.0006 "-" 23 0
Sep 29 20:26:22 standalone account-server[144765]: 172.20.0.100 - - [29/Sep/2025:20:26:22 +0000] "PUT /d1/51/AUTH_5497b68335b649b9a91a2e7be6ecabe7/gnocchi.b2bcc767-7f1b-4688-8fbf-928ee0fbb4f2" 201 - "-" "-" "container-updater 2" 0.0006 "-" 23 0
Sep 29 20:26:22 standalone account-server[144755]: 172.20.0.100 - - [29/Sep/2025:20:26:22 +0000] "PUT /d1/51/AUTH_5497b68335b649b9a91a2e7be6ecabe7/gnocchi.87169218-56b3-4a53-aedc-6d6345378f1e" 201 - "-" "-" "container-updater 2" 0.0007 "-" 21 0
Sep 29 20:26:22 standalone account-server[144761]: 172.20.0.100 - - [29/Sep/2025:20:26:22 +0000] "PUT /d1/51/AUTH_5497b68335b649b9a91a2e7be6ecabe7/gnocchi.52400bae-001c-4712-abe4-f07f8193d6e3" 201 - "-" "-" "container-updater 2" 0.0006 "-" 22 0
Sep 29 20:26:23 standalone account-server[144755]: 172.20.0.100 - - [29/Sep/2025:20:26:23 +0000] "PUT /d1/51/AUTH_5497b68335b649b9a91a2e7be6ecabe7/gnocchi.ff0a7383-6577-40f0-a7f6-5389c2f726c5" 201 - "-" "-" "container-updater 2" 0.0006 "-" 21 0
Sep 29 20:26:23 standalone account-server[144761]: 172.20.0.100 - - [29/Sep/2025:20:26:23 +0000] "PUT /d1/51/AUTH_5497b68335b649b9a91a2e7be6ecabe7/gnocchi.1d799137-3919-4e6e-bd5e-7fa20a50e619" 201 - "-" "-" "container-updater 2" 0.0004 "-" 22 0
Sep 29 20:26:23 standalone account-server[144755]: 172.20.0.100 - - [29/Sep/2025:20:26:23 +0000] "PUT /d1/51/AUTH_5497b68335b649b9a91a2e7be6ecabe7/gnocchi.2dc7b5c8-f499-47e0-a42f-64303f17cf39" 201 - "-" "-" "container-updater 2" 0.0008 "-" 21 0
Sep 29 20:26:23 standalone account-server[144761]: 172.20.0.100 - - [29/Sep/2025:20:26:23 +0000] "PUT /d1/51/AUTH_5497b68335b649b9a91a2e7be6ecabe7/gnocchi.816fd65a-17bc-4f67-9514-52ceb6649d91" 201 - "-" "-" "container-updater 2" 0.0006 "-" 22 0
Sep 29 20:26:23 standalone account-server[144744]: 172.20.0.100 - - [29/Sep/2025:20:26:23 +0000] "PUT /d1/51/AUTH_5497b68335b649b9a91a2e7be6ecabe7/gnocchi.a44491dd-65b5-4f28-b663-d64171cf4123" 201 - "-" "-" "container-updater 2" 0.0004 "-" 20 0
Sep 29 20:26:23 standalone account-server[144755]: 172.20.0.100 - - [29/Sep/2025:20:26:23 +0000] "PUT /d1/51/AUTH_5497b68335b649b9a91a2e7be6ecabe7/gnocchi.cf999f5c-8c00-4bcd-af48-82b99dd3bbcd" 201 - "-" "-" "container-updater 2" 0.0004 "-" 21 0
