Sep 29 20:25:51 standalone object-server[144974]: 172.20.0.100 - - [29/Sep/2025:20:25:51 +0000] "PUT /d1/288/AUTH_5497b68335b649b9a91a2e7be6ecabe7/gnocchi.51d51677-3bd0-4eb7-9eca-37e305b216bd/1758240000.0_mean_300.0_v3" 201 - "PUT http://172.18.0.2:8080/v1/AUTH_5497b68335b649b9a91a2e7be6ecabe7/gnocchi.51d51677-3bd0-4eb7-9eca-37e305b216bd/1758240000.0_mean_300.0_v3" "tx82c5d23959784aa38bf8a-0068daeb4f" "proxy-server 20" 0.0094 "-" 25 0
Sep 29 20:25:51 standalone proxy-server[146801]: 172.18.0.2 172.18.0.100 29/Sep/2025/20/25/51 PUT /v1/AUTH_5497b68335b649b9a91a2e7be6ecabe7/gnocchi.51d51677-3bd0-4eb7-9eca-37e305b216bd/1758240000.0_mean_300.0_v3 HTTP/1.0 201 - python-swiftclient-3.11.1 gAAAAABo2uq_m4ZM... 16 - - tx82c5d23959784aa38bf8a-0068daeb4f - 0.0284 - - 1759177551.711647511 1759177551.740030289 0
Sep 29 20:25:51 standalone container-server[144860]: 172.20.0.100 - - [29/Sep/2025:20:25:51 +0000] "PUT /d1/15/AUTH_5497b68335b649b9a91a2e7be6ecabe7/gnocchi.51d51677-3bd0-4eb7-9eca-37e305b216bd/none_v3" 201 - "PUT http://172.18.0.2:8080/d1/52/AUTH_5497b68335b649b9a91a2e7be6ecabe7/gnocchi.51d51677-3bd0-4eb7-9eca-37e305b216bd/none_v3" "tx95233a7d747049d197e46-0068daeb4f" "object-server 25" 0.0005 "-" 23 0
Sep 29 20:25:51 standalone object-server[144974]: 172.20.0.100 - - [29/Sep/2025:20:25:51 +0000] "PUT /d1/52/AUTH_5497b68335b649b9a91a2e7be6ecabe7/gnocchi.51d51677-3bd0-4eb7-9eca-37e305b216bd/none_v3" 201 - "PUT http://172.18.0.2:8080/v1/AUTH_5497b68335b649b9a91a2e7be6ecabe7/gnocchi.51d51677-3bd0-4eb7-9eca-37e305b216bd/none_v3" "tx95233a7d747049d197e46-0068daeb4f" "proxy-server 20" 0.0075 "-" 25 0
Sep 29 20:25:51 standalone proxy-server[146801]: 172.18.0.2 172.18.0.100 29/Sep/2025/20/25/51 PUT /v1/AUTH_5497b68335b649b9a91a2e7be6ecabe7/gnocchi.51d51677-3bd0-4eb7-9eca-37e305b216bd/none_v3 HTTP/1.0 201 - python-swiftclient-3.11.1 gAAAAABo2uq_m4ZM... 22 - - tx95233a7d747049d197e46-0068daeb4f - 0.0136 - - 1759177551.743149042 1759177551.756743431 0
Sep 29 20:25:51 standalone container-server[144850]: 172.20.0.100 - - [29/Sep/2025:20:25:51 +0000] "HEAD /d1/849/AUTH_5497b68335b649b9a91a2e7be6ecabe7/gnocchi.7799848c-2efd-469c-abea-079a65d76cc3" 404 - "HEAD http://172.18.0.2:8080/v1/AUTH_5497b68335b649b9a91a2e7be6ecabe7/gnocchi.7799848c-2efd-469c-abea-079a65d76cc3?format=json&states=listing" "tx8bfc61991179423e8d331-0068daeb4f" "proxy-server 20" 0.0003 "-" 21 0
Sep 29 20:25:51 standalone object-server[144971]: 172.20.0.100 - - [29/Sep/2025:20:25:51 +0000] "GET /d1/906/AUTH_5497b68335b649b9a91a2e7be6ecabe7/gnocchi.7799848c-2efd-469c-abea-079a65d76cc3/none_v3" 404 70 "GET http://172.18.0.2:8080/v1/AUTH_5497b68335b649b9a91a2e7be6ecabe7/gnocchi.7799848c-2efd-469c-abea-079a65d76cc3/none_v3" "tx8bfc61991179423e8d331-0068daeb4f" "proxy-server 20" 0.0004 "-" 24 0
Sep 29 20:25:51 standalone proxy-server[146801]: 172.18.0.2 172.18.0.100 29/Sep/2025/20/25/51 GET /v1/AUTH_5497b68335b649b9a91a2e7be6ecabe7/gnocchi.7799848c-2efd-469c-abea-079a65d76cc3/none_v3 HTTP/1.0 404 - python-swiftclient-3.11.1 gAAAAABo2uq_m4ZM... - 70 - tx8bfc61991179423e8d331-0068daeb4f - 0.0088 - - 1759177551.773264647 1759177551.782040834 0
Sep 29 20:25:51 standalone account-server[144755]: 172.20.0.100 - - [29/Sep/2025:20:25:51 +0000] "PUT /d1/51/AUTH_5497b68335b649b9a91a2e7be6ecabe7/gnocchi.7799848c-2efd-469c-abea-079a65d76cc3" 201 - "PUT http://172.20.0.100:6001/d1/849/AUTH_5497b68335b649b9a91a2e7be6ecabe7/gnocchi.7799848c-2efd-469c-abea-079a65d76cc3" "tx65cd2f135d7241d48f3d7-0068daeb4f" "container-server 21" 0.0050 "-" 21 0
Sep 29 20:25:51 standalone container-server[144850]: 172.20.0.100 - - [29/Sep/2025:20:25:51 +0000] "PUT /d1/849/AUTH_5497b68335b649b9a91a2e7be6ecabe7/gnocchi.7799848c-2efd-469c-abea-079a65d76cc3" 201 - "PUT http://172.18.0.2:8080/v1/AUTH_5497b68335b649b9a91a2e7be6ecabe7/gnocchi.7799848c-2efd-469c-abea-079a65d76cc3" "tx65cd2f135d7241d48f3d7-0068daeb4f" "proxy-server 20" 0.0142 "-" 21 0
Sep 29 20:25:51 standalone proxy-server[146801]: 172.18.0.2 172.18.0.100 29/Sep/2025/20/25/51 PUT /v1/AUTH_5497b68335b649b9a91a2e7be6ecabe7/gnocchi.7799848c-2efd-469c-abea-079a65d76cc3 HTTP/1.0 201 - python-swiftclient-3.11.1 gAAAAABo2uq_m4ZM... - - - tx65cd2f135d7241d48f3d7-0068daeb4f - 0.0181 - - 1759177551.785302639 1759177551.803360462 0
Sep 29 20:25:51 standalone container-server[144856]: 172.20.0.100 - - [29/Sep/2025:20:25:51 +0000] "HEAD /d1/849/AUTH_5497b68335b649b9a91a2e7be6ecabe7/gnocchi.7799848c-2efd-469c-abea-079a65d76cc3" 204 - "HEAD http://172.18.0.2:8080/v1/AUTH_5497b68335b649b9a91a2e7be6ecabe7/gnocchi.7799848c-2efd-469c-abea-079a65d76cc3?format=json&states=listing" "tx8f00041f908240c6bb005-0068daeb4f" "proxy-server 20" 0.0011 "-" 22 0
Sep 29 20:25:51 standalone proxy-server[146801]: - - 29/Sep/2025/20/25/51 HEAD /v1/AUTH_5497b68335b649b9a91a2e7be6ecabe7/gnocchi.7799848c-2efd-469c-abea-079a65d76cc3%3Fformat%3Djson%26states%3Dlisting HTTP/1.0 204 - Swift - - - - tx8f00041f908240c6bb005-0068daeb4f - 0.0041 RL - 1759177551.808194160 1759177551.812328100 0
Sep 29 20:25:51 standalone container-server[144847]: 172.20.0.100 - - [29/Sep/2025:20:25:51 +0000] "GET /d1/849/AUTH_5497b68335b649b9a91a2e7be6ecabe7/gnocchi.7799848c-2efd-469c-abea-079a65d76cc3" 200 2 "GET http://172.18.0.2:8080/v1/AUTH_5497b68335b649b9a91a2e7be6ecabe7/gnocchi.7799848c-2efd-469c-abea-079a65d76cc3?format=json&states=listing" "tx8f00041f908240c6bb005-0068daeb4f" "proxy-server 20" 0.0024 "-" 20 0
Sep 29 20:25:51 standalone proxy-server[146801]: 172.18.0.2 172.18.0.100 29/Sep/2025/20/25/51 GET /v1/AUTH_5497b68335b649b9a91a2e7be6ecabe7/gnocchi.7799848c-2efd-469c-abea-079a65d76cc3%3Fformat%3Djson%26states%3Dlisting HTTP/1.0 200 - python-swiftclient-3.11.1 gAAAAABo2uq_m4ZM... - 2 - tx8f00041f908240c6bb005-0068daeb4f - 0.0164 - - 1759177551.807146311 1759177551.823562384 0
Sep 29 20:25:51 standalone object-server[144966]: 172.20.0.100 - - [29/Sep/2025:20:25:51 +0000] "GET /d1/545/AUTH_5497b68335b649b9a91a2e7be6ecabe7/gnocchi.7799848c-2efd-469c-abea-079a65d76cc3/1758240000.0_mean_300.0_v3" 404 70 "GET http://172.18.0.2:8080/v1/AUTH_5497b68335b649b9a91a2e7be6ecabe7/gnocchi.7799848c-2efd-469c-abea-079a65d76cc3/1758240000.0_mean_300.0_v3" "tx146b9c7a6aed43819aba7-0068daeb4f" "proxy-server 20" 0.0003 "-" 22 0
Sep 29 20:25:51 standalone proxy-server[146801]: 172.18.0.2 172.18.0.100 29/Sep/2025/20/25/51 GET /v1/AUTH_5497b68335b649b9a91a2e7be6ecabe7/gnocchi.7799848c-2efd-469c-abea-079a65d76cc3/1758240000.0_mean_300.0_v3 HTTP/1.0 404 - python-swiftclient-3.11.1 gAAAAABo2uq_m4ZM... - 70 - tx146b9c7a6aed43819aba7-0068daeb4f - 0.0059 - - 1759177551.827745438 1759177551.833663225 0
Sep 29 20:25:51 standalone container-server[144856]: 172.20.0.100 - - [29/Sep/2025:20:25:51 +0000] "PUT /d1/849/AUTH_5497b68335b649b9a91a2e7be6ecabe7/gnocchi.7799848c-2efd-469c-abea-079a65d76cc3/1758240000.0_mean_300.0_v3" 201 - "PUT http://172.18.0.2:8080/d1/545/AUTH_5497b68335b649b9a91a2e7be6ecabe7/gnocchi.7799848c-2efd-469c-abea-079a65d76cc3/1758240000.0_mean_300.0_v3" "tx75ba3e90d0ea48ae9cd47-0068daeb4f" "object-server 22" 0.0005 "-" 22 0
Sep 29 20:25:51 standalone object-server[144966]: 172.20.0.100 - - [29/Sep/2025:20:25:51 +0000] "PUT /d1/545/AUTH_5497b68335b649b9a91a2e7be6ecabe7/gnocchi.7799848c-2efd-469c-abea-079a65d76cc3/1758240000.0_mean_300.0_v3" 201 - "PUT http://172.18.0.2:8080/v1/AUTH_5497b68335b649b9a91a2e7be6ecabe7/gnocchi.7799848c-2efd-469c-abea-079a65d76cc3/1758240000.0_mean_300.0_v3" "tx75ba3e90d0ea48ae9cd47-0068daeb4f" "proxy-server 20" 0.0080 "-" 22 0
Sep 29 20:25:51 standalone proxy-server[146801]: 172.18.0.2 172.18.0.100 29/Sep/2025/20/25/51 PUT /v1/AUTH_5497b68335b649b9a91a2e7be6ecabe7/gnocchi.7799848c-2efd-469c-abea-079a65d76cc3/1758240000.0_mean_300.0_v3 HTTP/1.0 201 - python-swiftclient-3.11.1 gAAAAABo2uq_m4ZM... 16 - - tx75ba3e90d0ea48ae9cd47-0068daeb4f - 0.0129 - - 1759177551.836609125 1759177551.849459887 0
Sep 29 20:25:51 standalone container-server[144860]: 172.20.0.100 - - [29/Sep/2025:20:25:51 +0000] "PUT /d1/849/AUTH_5497b68335b649b9a91a2e7be6ecabe7/gnocchi.7799848c-2efd-469c-abea-079a65d76cc3/none_v3" 201 - "PUT http://172.18.0.2:8080/d1/906/AUTH_5497b68335b649b9a91a2e7be6ecabe7/gnocchi.7799848c-2efd-469c-abea-079a65d76cc3/none_v3" "tx1146c87193d24349beb3d-0068daeb4f" "object-server 24" 0.0008 "-" 23 0
Sep 29 20:25:51 standalone object-server[144971]: 172.20.0.100 - - [29/Sep/2025:20:25:51 +0000] "PUT /d1/906/AUTH_5497b68335b649b9a91a2e7be6ecabe7/gnocchi.7799848c-2efd-469c-abea-079a65d76cc3/none_v3" 201 - "PUT http://172.18.0.2:8080/v1/AUTH_5497b68335b649b9a91a2e7be6ecabe7/gnocchi.7799848c-2efd-469c-abea-079a65d76cc3/none_v3" "tx1146c87193d24349beb3d-0068daeb4f" "proxy-server 20" 0.0116 "-" 24 0
Sep 29 20:25:51 standalone proxy-server[146801]: 172.18.0.2 172.18.0.100 29/Sep/2025/20/25/51 PUT /v1/AUTH_5497b68335b649b9a91a2e7be6ecabe7/gnocchi.7799848c-2efd-469c-abea-079a65d76cc3/none_v3 HTTP/1.0 201 - python-swiftclient-3.11.1 gAAAAABo2uq_m4ZM... 22 - - tx1146c87193d24349beb3d-0068daeb4f - 0.0182 - - 1759177551.852241039 1759177551.870405912 0
Sep 29 20:25:51 standalone container-server[144847]: 172.20.0.100 - - [29/Sep/2025:20:25:51 +0000] "HEAD /d1/412/AUTH_5497b68335b649b9a91a2e7be6ecabe7/gnocchi.ff0a7383-6577-40f0-a7f6-5389c2f726c5" 404 - "HEAD http://172.18.0.2:8080/v1/AUTH_5497b68335b649b9a91a2e7be6ecabe7/gnocchi.ff0a7383-6577-40f0-a7f6-5389c2f726c5?format=json&states=listing" "tx756537693a8e420c9422c-0068daeb4f" "proxy-server 20" 0.0004 "-" 20 0
Sep 29 20:25:51 standalone object-server[144966]: 172.20.0.100 - - [29/Sep/2025:20:25:51 +0000] "GET /d1/146/AUTH_5497b68335b649b9a91a2e7be6ecabe7/gnocchi.ff0a7383-6577-40f0-a7f6-5389c2f726c5/none_v3" 404 70 "GET http://172.18.0.2:8080/v1/AUTH_5497b68335b649b9a91a2e7be6ecabe7/gnocchi.ff0a7383-6577-40f0-a7f6-5389c2f726c5/none_v3" "tx756537693a8e420c9422c-0068daeb4f" "proxy-server 20" 0.0003 "-" 22 0
Sep 29 20:25:51 standalone proxy-server[146801]: 172.18.0.2 172.18.0.100 29/Sep/2025/20/25/51 GET /v1/AUTH_5497b68335b649b9a91a2e7be6ecabe7/gnocchi.ff0a7383-6577-40f0-a7f6-5389c2f726c5/none_v3 HTTP/1.0 404 - python-swiftclient-3.11.1 gAAAAABo2uq_m4ZM... - 70 - tx756537693a8e420c9422c-0068daeb4f - 0.0129 - - 1759177551.881457090 1759177551.894329548 0
Sep 29 20:25:51 standalone account-server[144761]: 172.20.0.100 - - [29/Sep/2025:20:25:51 +0000] "PUT /d1/51/AUTH_5497b68335b649b9a91a2e7be6ecabe7/gnocchi.ff0a7383-6577-40f0-a7f6-5389c2f726c5" 201 - "PUT http://172.20.0.100:6001/d1/412/AUTH_5497b68335b649b9a91a2e7be6ecabe7/gnocchi.ff0a7383-6577-40f0-a7f6-5389c2f726c5" "tx102a58086b994233b9079-0068daeb4f" "container-server 23" 0.0051 "-" 22 0
Sep 29 20:25:51 standalone container-server[144860]: 172.20.0.100 - - [29/Sep/2025:20:25:51 +0000] "PUT /d1/412/AUTH_5497b68335b649b9a91a2e7be6ecabe7/gnocchi.ff0a7383-6577-40f0-a7f6-5389c2f726c5" 201 - "PUT http://172.18.0.2:8080/v1/AUTH_5497b68335b649b9a91a2e7be6ecabe7/gnocchi.ff0a7383-6577-40f0-a7f6-5389c2f726c5" "tx102a58086b994233b9079-0068daeb4f" "proxy-server 20" 0.0182 "-" 23 0
Sep 29 20:25:51 standalone proxy-server[146801]: 172.18.0.2 172.18.0.100 29/Sep/2025/20/25/51 PUT /v1/AUTH_5497b68335b649b9a91a2e7be6ecabe7/gnocchi.ff0a7383-6577-40f0-a7f6-5389c2f726c5 HTTP/1.0 201 - python-swiftclient-3.11.1 gAAAAABo2uq_m4ZM... - - - tx102a58086b994233b9079-0068daeb4f - 0.0245 - - 1759177551.897277594 1759177551.921807289 0
Sep 29 20:25:51 standalone container-server[144847]: 172.20.0.100 - - [29/Sep/2025:20:25:51 +0000] "HEAD /d1/412/AUTH_5497b68335b649b9a91a2e7be6ecabe7/gnocchi.ff0a7383-6577-40f0-a7f6-5389c2f726c5" 204 - "HEAD http://172.18.0.2:8080/v1/AUTH_5497b68335b649b9a91a2e7be6ecabe7/gnocchi.ff0a7383-6577-40f0-a7f6-5389c2f726c5?format=json&states=listing" "tx9655f2c709474ae5926fa-0068daeb4f" "proxy-server 20" 0.0012 "-" 20 0
Sep 29 20:25:51 standalone proxy-server[146801]: - - 29/Sep/2025/20/25/51 HEAD /v1/AUTH_5497b68335b649b9a91a2e7be6ecabe7/gnocchi.ff0a7383-6577-40f0-a7f6-5389c2f726c5%3Fformat%3Djson%26states%3Dlisting HTTP/1.0 204 - Swift - - - - tx9655f2c709474ae5926fa-0068daeb4f - 0.0064 RL - 1759177551.928280830 1759177551.934657097 0
Sep 29 20:25:51 standalone container-server[144856]: 172.20.0.100 - - [29/Sep/2025:20:25:51 +0000] "GET /d1/412/AUTH_5497b68335b649b9a91a2e7be6ecabe7/gnocchi.ff0a7383-6577-40f0-a7f6-5389c2f726c5" 200 2 "GET http://172.18.0.2:8080/v1/AUTH_5497b68335b649b9a91a2e7be6ecabe7/gnocchi.ff0a7383-6577-40f0-a7f6-5389c2f726c5?format=json&states=listing" "tx9655f2c709474ae5926fa-0068daeb4f" "proxy-server 20" 0.0018 "-" 22 0
Sep 29 20:25:51 standalone proxy-server[146801]: 172.18.0.2 172.18.0.100 29/Sep/2025/20/25/51 GET /v1/AUTH_5497b68335b649b9a91a2e7be6ecabe7/gnocchi.ff0a7383-6577-40f0-a7f6-5389c2f726c5%3Fformat%3Djson%26states%3Dlisting HTTP/1.0 200 - python-swiftclient-3.11.1 gAAAAABo2uq_m4ZM... - 2 - tx9655f2c709474ae5926fa-0068daeb4f - 0.0186 - - 1759177551.925981522 1759177551.944591761 0
Sep 29 20:25:51 standalone object-server[144974]: 172.20.0.100 - - [29/Sep/2025:20:25:51 +0000] "GET /d1/443/AUTH_5497b68335b649b9a91a2e7be6ecabe7/gnocchi.ff0a7383-6577-40f0-a7f6-5389c2f726c5/1758240000.0_mean_300.0_v3" 404 70 "GET http://172.18.0.2:8080/v1/AUTH_5497b68335b649b9a91a2e7be6ecabe7/gnocchi.ff0a7383-6577-40f0-a7f6-5389c2f726c5/1758240000.0_mean_300.0_v3" "txcb74215e1500450f95eef-0068daeb4f" "proxy-server 20" 0.0004 "-" 25 0
Sep 29 20:25:51 standalone proxy-server[146801]: 172.18.0.2 172.18.0.100 29/Sep/2025/20/25/51 GET /v1/AUTH_5497b68335b649b9a91a2e7be6ecabe7/gnocchi.ff0a7383-6577-40f0-a7f6-5389c2f726c5/1758240000.0_mean_300.0_v3 HTTP/1.0 404 - python-swiftclient-3.11.1 gAAAAABo2uq_m4ZM... - 70 - txcb74215e1500450f95eef-0068daeb4f - 0.0084 - - 1759177551.949125290 1759177551.957569122 0
Sep 29 20:25:51 standalone container-server[144856]: 172.20.0.100 - - [29/Sep/2025:20:25:51 +0000] "PUT /d1/412/AUTH_5497b68335b649b9a91a2e7be6ecabe7/gnocchi.ff0a7383-6577-40f0-a7f6-5389c2f726c5/1758240000.0_mean_300.0_v3" 201 - "PUT http://172.18.0.2:8080/d1/443/AUTH_5497b68335b649b9a91a2e7be6ecabe7/gnocchi.ff0a7383-6577-40f0-a7f6-5389c2f726c5/1758240000.0_mean_300.0_v3" "txc04ce09c48634b6d8d63a-0068daeb4f" "object-server 24" 0.0006 "-" 22 0
Sep 29 20:25:51 standalone object-server[144971]: 172.20.0.100 - - [29/Sep/2025:20:25:51 +0000] "PUT /d1/443/AUTH_5497b68335b649b9a91a2e7be6ecabe7/gnocchi.ff0a7383-6577-40f0-a7f6-5389c2f726c5/1758240000.0_mean_300.0_v3" 201 - "PUT http://172.18.0.2:8080/v1/AUTH_5497b68335b649b9a91a2e7be6ecabe7/gnocchi.ff0a7383-6577-40f0-a7f6-5389c2f726c5/1758240000.0_mean_300.0_v3" "txc04ce09c48634b6d8d63a-0068daeb4f" "proxy-server 20" 0.0103 "-" 24 0
Sep 29 20:25:51 standalone proxy-server[146801]: 172.18.0.2 172.18.0.100 29/Sep/2025/20/25/51 PUT /v1/AUTH_5497b68335b649b9a91a2e7be6ecabe7/gnocchi.ff0a7383-6577-40f0-a7f6-5389c2f726c5/1758240000.0_mean_300.0_v3 HTTP/1.0 201 - python-swiftclient-3.11.1 gAAAAABo2uq_m4ZM... 16 - - txc04ce09c48634b6d8d63a-0068daeb4f - 0.0184 - - 1759177551.961294174 1759177551.979729176 0
Sep 29 20:25:52 standalone container-server[144860]: 172.20.0.100 - - [29/Sep/2025:20:25:52 +0000] "PUT /d1/412/AUTH_5497b68335b649b9a91a2e7be6ecabe7/gnocchi.ff0a7383-6577-40f0-a7f6-5389c2f726c5/none_v3" 201 - "PUT http://172.18.0.2:8080/d1/146/AUTH_5497b68335b649b9a91a2e7be6ecabe7/gnocchi.ff0a7383-6577-40f0-a7f6-5389c2f726c5/none_v3" "tx28903e9e9618472f8d7b0-0068daeb4f" "object-server 25" 0.0007 "-" 23 0
Sep 29 20:25:52 standalone object-server[144974]: 172.20.0.100 - - [29/Sep/2025:20:25:52 +0000] "PUT /d1/146/AUTH_5497b68335b649b9a91a2e7be6ecabe7/gnocchi.ff0a7383-6577-40f0-a7f6-5389c2f726c5/none_v3" 201 - "PUT http://172.18.0.2:8080/v1/AUTH_5497b68335b649b9a91a2e7be6ecabe7/gnocchi.ff0a7383-6577-40f0-a7f6-5389c2f726c5/none_v3" "tx28903e9e9618472f8d7b0-0068daeb4f" "proxy-server 20" 0.0115 "-" 25 0
Sep 29 20:25:52 standalone proxy-server[146801]: 172.18.0.2 172.18.0.100 29/Sep/2025/20/25/52 PUT /v1/AUTH_5497b68335b649b9a91a2e7be6ecabe7/gnocchi.ff0a7383-6577-40f0-a7f6-5389c2f726c5/none_v3 HTTP/1.0 201 - python-swiftclient-3.11.1 gAAAAABo2uq_m4ZM... 22 - - tx28903e9e9618472f8d7b0-0068daeb4f - 0.0206 - - 1759177551.983702898 1759177552.004263639 0
Sep 29 20:25:52 standalone container-server[144860]: 172.20.0.100 - - [29/Sep/2025:20:25:52 +0000] "HEAD /d1/654/AUTH_5497b68335b649b9a91a2e7be6ecabe7/gnocchi.625b3bf9-0089-4d00-b4b8-79b4fd5c16c7" 404 - "HEAD http://172.18.0.2:8080/v1/AUTH_5497b68335b649b9a91a2e7be6ecabe7/gnocchi.625b3bf9-0089-4d00-b4b8-79b4fd5c16c7?format=json&states=listing" "tx86d7ae7c4c754d3596473-0068daeb50" "proxy-server 20" 0.0006 "-" 23 0
Sep 29 20:25:52 standalone object-server[144974]: 172.20.0.100 - - [29/Sep/2025:20:25:52 +0000] "GET /d1/532/AUTH_5497b68335b649b9a91a2e7be6ecabe7/gnocchi.625b3bf9-0089-4d00-b4b8-79b4fd5c16c7/none_v3" 404 70 "GET http://172.18.0.2:8080/v1/AUTH_5497b68335b649b9a91a2e7be6ecabe7/gnocchi.625b3bf9-0089-4d00-b4b8-79b4fd5c16c7/none_v3" "tx86d7ae7c4c754d3596473-0068daeb50" "proxy-server 20" 0.0005 "-" 25 0
Sep 29 20:25:52 standalone proxy-server[146801]: 172.18.0.2 172.18.0.100 29/Sep/2025/20/25/52 GET /v1/AUTH_5497b68335b649b9a91a2e7be6ecabe7/gnocchi.625b3bf9-0089-4d00-b4b8-79b4fd5c16c7/none_v3 HTTP/1.0 404 - python-swiftclient-3.11.1 gAAAAABo2uq_m4ZM... - 70 - tx86d7ae7c4c754d3596473-0068daeb50 - 0.0148 - - 1759177552.014920950 1759177552.029769659 0
Sep 29 20:25:52 standalone account-server[144761]: 172.20.0.100 - - [29/Sep/2025:20:25:52 +0000] "PUT /d1/51/AUTH_5497b68335b649b9a91a2e7be6ecabe7/gnocchi.625b3bf9-0089-4d00-b4b8-79b4fd5c16c7" 201 - "PUT http://172.20.0.100:6001/d1/654/AUTH_5497b68335b649b9a91a2e7be6ecabe7/gnocchi.625b3bf9-0089-4d00-b4b8-79b4fd5c16c7" "tx49edee72b20e4be9b25e8-0068daeb50" "container-server 23" 0.0056 "-" 22 0
Sep 29 20:25:52 standalone container-server[144860]: 172.20.0.100 - - [29/Sep/2025:20:25:52 +0000] "PUT /d1/654/AUTH_5497b68335b649b9a91a2e7be6ecabe7/gnocchi.625b3bf9-0089-4d00-b4b8-79b4fd5c16c7" 201 - "PUT http://172.18.0.2:8080/v1/AUTH_5497b68335b649b9a91a2e7be6ecabe7/gnocchi.625b3bf9-0089-4d00-b4b8-79b4fd5c16c7" "tx49edee72b20e4be9b25e8-0068daeb50" "proxy-server 20" 0.0210 "-" 23 0
Sep 29 20:25:52 standalone proxy-server[146801]: 172.18.0.2 172.18.0.100 29/Sep/2025/20/25/52 PUT /v1/AUTH_5497b68335b649b9a91a2e7be6ecabe7/gnocchi.625b3bf9-0089-4d00-b4b8-79b4fd5c16c7 HTTP/1.0 201 - python-swiftclient-3.11.1 gAAAAABo2uq_m4ZM... - - - tx49edee72b20e4be9b25e8-0068daeb50 - 0.0297 - - 1759177552.033086538 1759177552.062834740 0
Sep 29 20:25:52 standalone container-server[144860]: 172.20.0.100 - - [29/Sep/2025:20:25:52 +0000] "HEAD /d1/824/AUTH_5497b68335b649b9a91a2e7be6ecabe7/gnocchi.e50e508a-f8bd-4bde-95a4-dfc8254ca847" 404 - "HEAD http://172.18.0.2:8080/v1/AUTH_5497b68335b649b9a91a2e7be6ecabe7/gnocchi.e50e508a-f8bd-4bde-95a4-dfc8254ca847?format=json&states=listing" "txc0d7fd4f79ae4a1d85a49-0068daeb50" "proxy-server 20" 0.0010 "-" 23 0
Sep 29 20:25:52 standalone object-server[144971]: 172.20.0.100 - - [29/Sep/2025:20:25:52 +0000] "GET /d1/768/AUTH_5497b68335b649b9a91a2e7be6ecabe7/gnocchi.e50e508a-f8bd-4bde-95a4-dfc8254ca847/none_v3" 404 70 "GET http://172.18.0.2:8080/v1/AUTH_5497b68335b649b9a91a2e7be6ecabe7/gnocchi.e50e508a-f8bd-4bde-95a4-dfc8254ca847/none_v3" "txc0d7fd4f79ae4a1d85a49-0068daeb50" "proxy-server 20" 0.0005 "-" 24 0
Sep 29 20:25:52 standalone proxy-server[146801]: 172.18.0.2 172.18.0.100 29/Sep/2025/20/25/52 GET /v1/AUTH_5497b68335b649b9a91a2e7be6ecabe7/gnocchi.e50e508a-f8bd-4bde-95a4-dfc8254ca847/none_v3 HTTP/1.0 404 - python-swiftclient-3.11.1 gAAAAABo2uq_m4ZM... - 70 - txc0d7fd4f79ae4a1d85a49-0068daeb50 - 0.0133 - - 1759177552.065906286 1759177552.079218864 0
Sep 29 20:25:52 standalone account-server[144755]: 172.20.0.100 - - [29/Sep/2025:20:25:52 +0000] "PUT /d1/51/AUTH_5497b68335b649b9a91a2e7be6ecabe7/gnocchi.e50e508a-f8bd-4bde-95a4-dfc8254ca847" 201 - "PUT http://172.20.0.100:6001/d1/824/AUTH_5497b68335b649b9a91a2e7be6ecabe7/gnocchi.e50e508a-f8bd-4bde-95a4-dfc8254ca847" "tx0be996a8094c4ca5ab9e4-0068daeb50" "container-server 20" 0.0035 "-" 21 0
Sep 29 20:25:52 standalone container-server[144847]: 172.20.0.100 - - [29/Sep/2025:20:25:52 +0000] "PUT /d1/824/AUTH_5497b68335b649b9a91a2e7be6ecabe7/gnocchi.e50e508a-f8bd-4bde-95a4-dfc8254ca847" 201 - "PUT http://172.18.0.2:8080/v1/AUTH_5497b68335b649b9a91a2e7be6ecabe7/gnocchi.e50e508a-f8bd-4bde-95a4-dfc8254ca847" "tx0be996a8094c4ca5ab9e4-0068daeb50" "proxy-server 20" 0.0166 "-" 20 0
Sep 29 20:25:52 standalone proxy-server[146801]: 172.18.0.2 172.18.0.100 29/Sep/2025/20/25/52 PUT /v1/AUTH_5497b68335b649b9a91a2e7be6ecabe7/gnocchi.e50e508a-f8bd-4bde-95a4-dfc8254ca847 HTTP/1.0 201 - python-swiftclient-3.11.1 gAAAAABo2uq_m4ZM... - - - tx0be996a8094c4ca5ab9e4-0068daeb50 - 0.0242 - - 1759177552.082638025 1759177552.106800318 0
Sep 29 20:25:52 standalone container-server[144856]: 172.20.0.100 - - [29/Sep/2025:20:25:52 +0000] "HEAD /d1/654/AUTH_5497b68335b649b9a91a2e7be6ecabe7/gnocchi.625b3bf9-0089-4d00-b4b8-79b4fd5c16c7" 204 - "HEAD http://172.18.0.2:8080/v1/AUTH_5497b68335b649b9a91a2e7be6ecabe7/gnocchi.625b3bf9-0089-4d00-b4b8-79b4fd5c16c7?format=json&states=listing" "txd915c96a832f47b19025f-0068daeb50" "proxy-server 20" 0.0011 "-" 22 0
Sep 29 20:25:52 standalone proxy-server[146801]: - - 29/Sep/2025/20/25/52 HEAD /v1/AUTH_5497b68335b649b9a91a2e7be6ecabe7/gnocchi.625b3bf9-0089-4d00-b4b8-79b4fd5c16c7%3Fformat%3Djson%26states%3Dlisting HTTP/1.0 204 - Swift - - - - txd915c96a832f47b19025f-0068daeb50 - 0.0050 RL - 1759177552.112456560 1759177552.117473841 0
Sep 29 20:25:52 standalone container-server[144850]: 172.20.0.100 - - [29/Sep/2025:20:25:52 +0000] "GET /d1/654/AUTH_5497b68335b649b9a91a2e7be6ecabe7/gnocchi.625b3bf9-0089-4d00-b4b8-79b4fd5c16c7" 200 2 "GET http://172.18.0.2:8080/v1/AUTH_5497b68335b649b9a91a2e7be6ecabe7/gnocchi.625b3bf9-0089-4d00-b4b8-79b4fd5c16c7?format=json&states=listing" "txd915c96a832f47b19025f-0068daeb50" "proxy-server 20" 0.0017 "-" 21 0
Sep 29 20:25:52 standalone proxy-server[146801]: 172.18.0.2 172.18.0.100 29/Sep/2025/20/25/52 GET /v1/AUTH_5497b68335b649b9a91a2e7be6ecabe7/gnocchi.625b3bf9-0089-4d00-b4b8-79b4fd5c16c7%3Fformat%3Djson%26states%3Dlisting HTTP/1.0 200 - python-swiftclient-3.11.1 gAAAAABo2uq_m4ZM... - 2 - txd915c96a832f47b19025f-0068daeb50 - 0.0156 - - 1759177552.111039400 1759177552.126609325 0
Sep 29 20:25:52 standalone container-server[144847]: 172.20.0.100 - - [29/Sep/2025:20:25:52 +0000] "HEAD /d1/824/AUTH_5497b68335b649b9a91a2e7be6ecabe7/gnocchi.e50e508a-f8bd-4bde-95a4-dfc8254ca847" 204 - "HEAD http://172.18.0.2:8080/v1/AUTH_5497b68335b649b9a91a2e7be6ecabe7/gnocchi.e50e508a-f8bd-4bde-95a4-dfc8254ca847?format=json&states=listing" "txb3f18cac0a8b4d0899c49-0068daeb50" "proxy-server 20" 0.0022 "-" 20 0
Sep 29 20:25:52 standalone proxy-server[146801]: - - 29/Sep/2025/20/25/52 HEAD /v1/AUTH_5497b68335b649b9a91a2e7be6ecabe7/gnocchi.e50e508a-f8bd-4bde-95a4-dfc8254ca847%3Fformat%3Djson%26states%3Dlisting HTTP/1.0 204 - Swift - - - - txb3f18cac0a8b4d0899c49-0068daeb50 - 0.0216 RL - 1759177552.135200977 1759177552.156834364 0
Sep 29 20:25:52 standalone container-server[144856]: 172.20.0.100 - - [29/Sep/2025:20:25:52 +0000] "GET /d1/824/AUTH_5497b68335b649b9a91a2e7be6ecabe7/gnocchi.e50e508a-f8bd-4bde-95a4-dfc8254ca847" 200 2 "GET http://172.18.0.2:8080/v1/AUTH_5497b68335b649b9a91a2e7be6ecabe7/gnocchi.e50e508a-f8bd-4bde-95a4-dfc8254ca847?format=json&states=listing" "txb3f18cac0a8b4d0899c49-0068daeb50" "proxy-server 20" 0.0016 "-" 22 0
Sep 29 20:25:52 standalone proxy-server[146801]: 172.18.0.2 172.18.0.100 29/Sep/2025/20/25/52 GET /v1/AUTH_5497b68335b649b9a91a2e7be6ecabe7/gnocchi.e50e508a-f8bd-4bde-95a4-dfc8254ca847%3Fformat%3Djson%26states%3Dlisting HTTP/1.0 200 - python-swiftclient-3.11.1 gAAAAABo2uq_m4ZM... - 2 - txb3f18cac0a8b4d0899c49-0068daeb50 - 0.0316 - - 1759177552.133814096 1759177552.165402174 0
Sep 29 20:25:52 standalone object-server[144971]: 172.20.0.100 - - [29/Sep/2025:20:25:52 +0000] "GET /d1/303/AUTH_5497b68335b649b9a91a2e7be6ecabe7/gnocchi.625b3bf9-0089-4d00-b4b8-79b4fd5c16c7/1758240000.0_mean_300.0_v3" 404 70 "GET http://172.18.0.2:8080/v1/AUTH_5497b68335b649b9a91a2e7be6ecabe7/gnocchi.625b3bf9-0089-4d00-b4b8-79b4fd5c16c7/1758240000.0_mean_300.0_v3" "txf7fc3fa82fca4d7e83dd2-0068daeb50" "proxy-server 20" 0.0005 "-" 24 0
Sep 29 20:25:52 standalone proxy-server[146801]: 172.18.0.2 172.18.0.100 29/Sep/2025/20/25/52 GET /v1/AUTH_5497b68335b649b9a91a2e7be6ecabe7/gnocchi.625b3bf9-0089-4d00-b4b8-79b4fd5c16c7/1758240000.0_mean_300.0_v3 HTTP/1.0 404 - python-swiftclient-3.11.1 gAAAAABo2uq_m4ZM... - 70 - txf7fc3fa82fca4d7e83dd2-0068daeb50 - 0.0075 - - 1759177552.169273138 1759177552.176759958 0
Sep 29 20:25:52 standalone object-server[144966]: 172.20.0.100 - - [29/Sep/2025:20:25:52 +0000] "GET /d1/441/AUTH_5497b68335b649b9a91a2e7be6ecabe7/gnocchi.e50e508a-f8bd-4bde-95a4-dfc8254ca847/1758240000.0_mean_300.0_v3" 404 70 "GET http://172.18.0.2:8080/v1/AUTH_5497b68335b649b9a91a2e7be6ecabe7/gnocchi.e50e508a-f8bd-4bde-95a4-dfc8254ca847/1758240000.0_mean_300.0_v3" "tx001725e7bdad47e2b5d06-0068daeb50" "proxy-server 20" 0.0004 "-" 22 0
Sep 29 20:25:52 standalone proxy-server[146801]: 172.18.0.2 172.18.0.100 29/Sep/2025/20/25/52 GET /v1/AUTH_5497b68335b649b9a91a2e7be6ecabe7/gnocchi.e50e508a-f8bd-4bde-95a4-dfc8254ca847/1758240000.0_mean_300.0_v3 HTTP/1.0 404 - python-swiftclient-3.11.1 gAAAAABo2uq_m4ZM... - 70 - tx001725e7bdad47e2b5d06-0068daeb50 - 0.0070 - - 1759177552.180167437 1759177552.187119722 0
Sep 29 20:25:52 standalone container-server[144860]: 172.20.0.100 - - [29/Sep/2025:20:25:52 +0000] "PUT /d1/654/AUTH_5497b68335b649b9a91a2e7be6ecabe7/gnocchi.625b3bf9-0089-4d00-b4b8-79b4fd5c16c7/1758240000.0_mean_300.0_v3" 201 - "PUT http://172.18.0.2:8080/d1/303/AUTH_5497b68335b649b9a91a2e7be6ecabe7/gnocchi.625b3bf9-0089-4d00-b4b8-79b4fd5c16c7/1758240000.0_mean_300.0_v3" "tx0266669f439045ca910fb-0068daeb50" "object-server 25" 0.0006 "-" 23 0
Sep 29 20:25:52 standalone object-server[144974]: 172.20.0.100 - - [29/Sep/2025:20:25:52 +0000] "PUT /d1/303/AUTH_5497b68335b649b9a91a2e7be6ecabe7/gnocchi.625b3bf9-0089-4d00-b4b8-79b4fd5c16c7/1758240000.0_mean_300.0_v3" 201 - "PUT http://172.18.0.2:8080/v1/AUTH_5497b68335b649b9a91a2e7be6ecabe7/gnocchi.625b3bf9-0089-4d00-b4b8-79b4fd5c16c7/1758240000.0_mean_300.0_v3" "tx0266669f439045ca910fb-0068daeb50" "proxy-server 20" 0.0097 "-" 25 0
Sep 29 20:25:52 standalone proxy-server[146801]: 172.18.0.2 172.18.0.100 29/Sep/2025/20/25/52 PUT /v1/AUTH_5497b68335b649b9a91a2e7be6ecabe7/gnocchi.625b3bf9-0089-4d00-b4b8-79b4fd5c16c7/1758240000.0_mean_300.0_v3 HTTP/1.0 201 - python-swiftclient-3.11.1 gAAAAABo2uq_m4ZM... 16 - - tx0266669f439045ca910fb-0068daeb50 - 0.0176 - - 1759177552.190409422 1759177552.208023071 0
Sep 29 20:25:52 standalone container-server[144856]: 172.20.0.100 - - [29/Sep/2025:20:25:52 +0000] "PUT /d1/824/AUTH_5497b68335b649b9a91a2e7be6ecabe7/gnocchi.e50e508a-f8bd-4bde-95a4-dfc8254ca847/1758240000.0_mean_300.0_v3" 201 - "PUT http://172.18.0.2:8080/d1/441/AUTH_5497b68335b649b9a91a2e7be6ecabe7/gnocchi.e50e508a-f8bd-4bde-95a4-dfc8254ca847/1758240000.0_mean_300.0_v3" "tx06911de6f7b34a359f80f-0068daeb50" "object-server 23" 0.0005 "-" 22 0
Sep 29 20:25:52 standalone object-server[144968]: 172.20.0.100 - - [29/Sep/2025:20:25:52 +0000] "PUT /d1/441/AUTH_5497b68335b649b9a91a2e7be6ecabe7/gnocchi.e50e508a-f8bd-4bde-95a4-dfc8254ca847/1758240000.0_mean_300.0_v3" 201 - "PUT http://172.18.0.2:8080/v1/AUTH_5497b68335b649b9a91a2e7be6ecabe7/gnocchi.e50e508a-f8bd-4bde-95a4-dfc8254ca847/1758240000.0_mean_300.0_v3" "tx06911de6f7b34a359f80f-0068daeb50" "proxy-server 20" 0.0095 "-" 23 0
Sep 29 20:25:52 standalone proxy-server[146801]: 172.18.0.2 172.18.0.100 29/Sep/2025/20/25/52 PUT /v1/AUTH_5497b68335b649b9a91a2e7be6ecabe7/gnocchi.e50e508a-f8bd-4bde-95a4-dfc8254ca847/1758240000.0_mean_300.0_v3 HTTP/1.0 201 - python-swiftclient-3.11.1 gAAAAABo2uq_m4ZM... 16 - - tx06911de6f7b34a359f80f-0068daeb50 - 0.0170 - - 1759177552.211188316 1759177552.228147984 0
Sep 29 20:25:52 standalone container-server[144850]: 172.20.0.100 - - [29/Sep/2025:20:25:52 +0000] "PUT /d1/654/AUTH_5497b68335b649b9a91a2e7be6ecabe7/gnocchi.625b3bf9-0089-4d00-b4b8-79b4fd5c16c7/none_v3" 201 - "PUT http://172.18.0.2:8080/d1/532/AUTH_5497b68335b649b9a91a2e7be6ecabe7/gnocchi.625b3bf9-0089-4d00-b4b8-79b4fd5c16c7/none_v3" "tx8971f17a84214406b77df-0068daeb50" "object-server 24" 0.0005 "-" 21 0
Sep 29 20:25:52 standalone object-server[144971]: 172.20.0.100 - - [29/Sep/2025:20:25:52 +0000] "PUT /d1/532/AUTH_5497b68335b649b9a91a2e7be6ecabe7/gnocchi.625b3bf9-0089-4d00-b4b8-79b4fd5c16c7/none_v3" 201 - "PUT http://172.18.0.2:8080/v1/AUTH_5497b68335b649b9a91a2e7be6ecabe7/gnocchi.625b3bf9-0089-4d00-b4b8-79b4fd5c16c7/none_v3" "tx8971f17a84214406b77df-0068daeb50" "proxy-server 20" 0.0079 "-" 24 0
Sep 29 20:25:52 standalone proxy-server[146801]: 172.18.0.2 172.18.0.100 29/Sep/2025/20/25/52 PUT /v1/AUTH_5497b68335b649b9a91a2e7be6ecabe7/gnocchi.625b3bf9-0089-4d00-b4b8-79b4fd5c16c7/none_v3 HTTP/1.0 201 - python-swiftclient-3.11.1 gAAAAABo2uq_m4ZM... 22 - - tx8971f17a84214406b77df-0068daeb50 - 0.0151 - - 1759177552.231479883 1759177552.246604443 0
Sep 29 20:25:52 standalone container-server[144860]: 172.20.0.100 - - [29/Sep/2025:20:25:52 +0000] "PUT /d1/824/AUTH_5497b68335b649b9a91a2e7be6ecabe7/gnocchi.e50e508a-f8bd-4bde-95a4-dfc8254ca847/none_v3" 201 - "PUT http://172.18.0.2:8080/d1/768/AUTH_5497b68335b649b9a91a2e7be6ecabe7/gnocchi.e50e508a-f8bd-4bde-95a4-dfc8254ca847/none_v3" "tx1a0af2957e714022b1ea0-0068daeb50" "object-server 25" 0.0005 "-" 23 0
Sep 29 20:25:52 standalone object-server[144974]: 172.20.0.100 - - [29/Sep/2025:20:25:52 +0000] "PUT /d1/768/AUTH_5497b68335b649b9a91a2e7be6ecabe7/gnocchi.e50e508a-f8bd-4bde-95a4-dfc8254ca847/none_v3" 201 - "PUT http://172.18.0.2:8080/v1/AUTH_5497b68335b649b9a91a2e7be6ecabe7/gnocchi.e50e508a-f8bd-4bde-95a4-dfc8254ca847/none_v3" "tx1a0af2957e714022b1ea0-0068daeb50" "proxy-server 20" 0.0120 "-" 25 0
Sep 29 20:25:52 standalone proxy-server[146801]: 172.18.0.2 172.18.0.100 29/Sep/2025/20/25/52 PUT /v1/AUTH_5497b68335b649b9a91a2e7be6ecabe7/gnocchi.e50e508a-f8bd-4bde-95a4-dfc8254ca847/none_v3 HTTP/1.0 201 - python-swiftclient-3.11.1 gAAAAABo2uq_m4ZM... 22 - - tx1a0af2957e714022b1ea0-0068daeb50 - 0.0234 - - 1759177552.249537230 1759177552.272959948 0
Sep 29 20:25:52 standalone container-server[144847]: 172.20.0.100 - - [29/Sep/2025:20:25:52 +0000] "HEAD /d1/793/AUTH_5497b68335b649b9a91a2e7be6ecabe7/gnocchi.169ffcce-10e5-483e-a496-ae78bb06e049" 404 - "HEAD http://172.18.0.2:8080/v1/AUTH_5497b68335b649b9a91a2e7be6ecabe7/gnocchi.169ffcce-10e5-483e-a496-ae78bb06e049?format=json&states=listing" "txb279b090280046af9213e-0068daeb50" "proxy-server 20" 0.0007 "-" 20 0
Sep 29 20:25:52 standalone object-server[144966]: 172.20.0.100 - - [29/Sep/2025:20:25:52 +0000] "GET /d1/755/AUTH_5497b68335b649b9a91a2e7be6ecabe7/gnocchi.169ffcce-10e5-483e-a496-ae78bb06e049/none_v3" 404 70 "GET http://172.18.0.2:8080/v1/AUTH_5497b68335b649b9a91a2e7be6ecabe7/gnocchi.169ffcce-10e5-483e-a496-ae78bb06e049/none_v3" "txb279b090280046af9213e-0068daeb50" "proxy-server 20" 0.0003 "-" 22 0
Sep 29 20:25:52 standalone proxy-server[146801]: 172.18.0.2 172.18.0.100 29/Sep/2025/20/25/52 GET /v1/AUTH_5497b68335b649b9a91a2e7be6ecabe7/gnocchi.169ffcce-10e5-483e-a496-ae78bb06e049/none_v3 HTTP/1.0 404 - python-swiftclient-3.11.1 gAAAAABo2uq_m4ZM... - 70 - txb279b090280046af9213e-0068daeb50 - 0.0167 - - 1759177552.285423517 1759177552.302125931 0
Sep 29 20:25:52 standalone account-server[144755]: 172.20.0.100 - - [29/Sep/2025:20:25:52 +0000] "PUT /d1/51/AUTH_5497b68335b649b9a91a2e7be6ecabe7/gnocchi.169ffcce-10e5-483e-a496-ae78bb06e049" 201 - "PUT http://172.20.0.100:6001/d1/793/AUTH_5497b68335b649b9a91a2e7be6ecabe7/gnocchi.169ffcce-10e5-483e-a496-ae78bb06e049" "tx6601aef21fe44c4aaa449-0068daeb50" "container-server 22" 0.0057 "-" 21 0
Sep 29 20:25:52 standalone container-server[144856]: 172.20.0.100 - - [29/Sep/2025:20:25:52 +0000] "PUT /d1/793/AUTH_5497b68335b649b9a91a2e7be6ecabe7/gnocchi.169ffcce-10e5-483e-a496-ae78bb06e049" 201 - "PUT http://172.18.0.2:8080/v1/AUTH_5497b68335b649b9a91a2e7be6ecabe7/gnocchi.169ffcce-10e5-483e-a496-ae78bb06e049" "tx6601aef21fe44c4aaa449-0068daeb50" "proxy-server 20" 0.0305 "-" 22 0
Sep 29 20:25:52 standalone proxy-server[146801]: 172.18.0.2 172.18.0.100 29/Sep/2025/20/25/52 PUT /v1/AUTH_5497b68335b649b9a91a2e7be6ecabe7/gnocchi.169ffcce-10e5-483e-a496-ae78bb06e049 HTTP/1.0 201 - python-swiftclient-3.11.1 gAAAAABo2uq_m4ZM... - - - tx6601aef21fe44c4aaa449-0068daeb50 - 0.0360 - - 1759177552.306828976 1759177552.342819214 0
Sep 29 20:25:52 standalone container-server[144847]: 172.20.0.100 - - [29/Sep/2025:20:25:52 +0000] "HEAD /d1/793/AUTH_5497b68335b649b9a91a2e7be6ecabe7/gnocchi.169ffcce-10e5-483e-a496-ae78bb06e049" 204 - "HEAD http://172.18.0.2:8080/v1/AUTH_5497b68335b649b9a91a2e7be6ecabe7/gnocchi.169ffcce-10e5-483e-a496-ae78bb06e049?format=json&states=listing" "tx6f9151d59c574d8b95761-0068daeb50" "proxy-server 20" 0.0014 "-" 20 0
Sep 29 20:25:52 standalone proxy-server[146801]: - - 29/Sep/2025/20/25/52 HEAD /v1/AUTH_5497b68335b649b9a91a2e7be6ecabe7/gnocchi.169ffcce-10e5-483e-a496-ae78bb06e049%3Fformat%3Djson%26states%3Dlisting HTTP/1.0 204 - Swift - - - - tx6f9151d59c574d8b95761-0068daeb50 - 0.0047 RL - 1759177552.347374439 1759177552.352108479 0
Sep 29 20:25:52 standalone container-server[144860]: 172.20.0.100 - - [29/Sep/2025:20:25:52 +0000] "GET /d1/793/AUTH_5497b68335b649b9a91a2e7be6ecabe7/gnocchi.169ffcce-10e5-483e-a496-ae78bb06e049" 200 2 "GET http://172.18.0.2:8080/v1/AUTH_5497b68335b649b9a91a2e7be6ecabe7/gnocchi.169ffcce-10e5-483e-a496-ae78bb06e049?format=json&states=listing" "tx6f9151d59c574d8b95761-0068daeb50" "proxy-server 20" 0.0069 "-" 23 0
Sep 29 20:25:52 standalone proxy-server[146801]: 172.18.0.2 172.18.0.100 29/Sep/2025/20/25/52 GET /v1/AUTH_5497b68335b649b9a91a2e7be6ecabe7/gnocchi.169ffcce-10e5-483e-a496-ae78bb06e049%3Fformat%3Djson%26states%3Dlisting HTTP/1.0 200 - python-swiftclient-3.11.1 gAAAAABo2uq_m4ZM... - 2 - tx6f9151d59c574d8b95761-0068daeb50 - 0.0234 - - 1759177552.346400261 1759177552.369761229 0
Sep 29 20:25:52 standalone object-server[144974]: 172.20.0.100 - - [29/Sep/2025:20:25:52 +0000] "GET /d1/294/AUTH_5497b68335b649b9a91a2e7be6ecabe7/gnocchi.169ffcce-10e5-483e-a496-ae78bb06e049/1758240000.0_mean_300.0_v3" 404 70 "GET http://172.18.0.2:8080/v1/AUTH_5497b68335b649b9a91a2e7be6ecabe7/gnocchi.169ffcce-10e5-483e-a496-ae78bb06e049/1758240000.0_mean_300.0_v3" "tx40647be7d7824b2ab9b53-0068daeb50" "proxy-server 20" 0.0004 "-" 25 0
Sep 29 20:25:52 standalone proxy-server[146801]: 172.18.0.2 172.18.0.100 29/Sep/2025/20/25/52 GET /v1/AUTH_5497b68335b649b9a91a2e7be6ecabe7/gnocchi.169ffcce-10e5-483e-a496-ae78bb06e049/1758240000.0_mean_300.0_v3 HTTP/1.0 404 - python-swiftclient-3.11.1 gAAAAABo2uq_m4ZM... - 70 - tx40647be7d7824b2ab9b53-0068daeb50 - 0.0147 - - 1759177552.378231764 1759177552.392933607 0
Sep 29 20:25:52 standalone container-server[144856]: 172.20.0.100 - - [29/Sep/2025:20:25:52 +0000] "PUT /d1/793/AUTH_5497b68335b649b9a91a2e7be6ecabe7/gnocchi.169ffcce-10e5-483e-a496-ae78bb06e049/1758240000.0_mean_300.0_v3" 201 - "PUT http://172.18.0.2:8080/d1/294/AUTH_5497b68335b649b9a91a2e7be6ecabe7/gnocchi.169ffcce-10e5-483e-a496-ae78bb06e049/1758240000.0_mean_300.0_v3" "tx070eabd7704249b59e530-0068daeb50" "object-server 25" 0.0007 "-" 22 0
Sep 29 20:25:52 standalone object-server[144974]: 172.20.0.100 - - [29/Sep/2025:20:25:52 +0000] "PUT /d1/294/AUTH_5497b68335b649b9a91a2e7be6ecabe7/gnocchi.169ffcce-10e5-483e-a496-ae78bb06e049/1758240000.0_mean_300.0_v3" 201 - "PUT http://172.18.0.2:8080/v1/AUTH_5497b68335b649b9a91a2e7be6ecabe7/gnocchi.169ffcce-10e5-483e-a496-ae78bb06e049/1758240000.0_mean_300.0_v3" "tx070eabd7704249b59e530-0068daeb50" "proxy-server 20" 0.0087 "-" 25 0
Sep 29 20:25:52 standalone proxy-server[146801]: 172.18.0.2 172.18.0.100 29/Sep/2025/20/25/52 PUT /v1/AUTH_5497b68335b649b9a91a2e7be6ecabe7/gnocchi.169ffcce-10e5-483e-a496-ae78bb06e049/1758240000.0_mean_300.0_v3 HTTP/1.0 201 - python-swiftclient-3.11.1 gAAAAABo2uq_m4ZM... 16 - - tx070eabd7704249b59e530-0068daeb50 - 0.0130 - - 1759177552.396992445 1759177552.410007954 0
Sep 29 20:25:52 standalone container-server[144847]: 172.20.0.100 - - [29/Sep/2025:20:25:52 +0000] "PUT /d1/793/AUTH_5497b68335b649b9a91a2e7be6ecabe7/gnocchi.169ffcce-10e5-483e-a496-ae78bb06e049/none_v3" 201 - "PUT http://172.18.0.2:8080/d1/755/AUTH_5497b68335b649b9a91a2e7be6ecabe7/gnocchi.169ffcce-10e5-483e-a496-ae78bb06e049/none_v3" "txf3283c1cb5e5487db9d35-0068daeb50" "object-server 24" 0.0006 "-" 20 0
Sep 29 20:25:52 standalone object-server[144971]: 172.20.0.100 - - [29/Sep/2025:20:25:52 +0000] "PUT /d1/755/AUTH_5497b68335b649b9a91a2e7be6ecabe7/gnocchi.169ffcce-10e5-483e-a496-ae78bb06e049/none_v3" 201 - "PUT http://172.18.0.2:8080/v1/AUTH_5497b68335b649b9a91a2e7be6ecabe7/gnocchi.169ffcce-10e5-483e-a496-ae78bb06e049/none_v3" "txf3283c1cb5e5487db9d35-0068daeb50" "proxy-server 20" 0.0104 "-" 24 0
Sep 29 20:25:52 standalone proxy-server[146801]: 172.18.0.2 172.18.0.100 29/Sep/2025/20/25/52 PUT /v1/AUTH_5497b68335b649b9a91a2e7be6ecabe7/gnocchi.169ffcce-10e5-483e-a496-ae78bb06e049/none_v3 HTTP/1.0 201 - python-swiftclient-3.11.1 gAAAAABo2uq_m4ZM... 22 - - txf3283c1cb5e5487db9d35-0068daeb50 - 0.0150 - - 1759177552.412591457 1759177552.427569389 0
Sep 29 20:25:52 standalone container-server[144860]: 172.20.0.100 - - [29/Sep/2025:20:25:52 +0000] "HEAD /d1/458/AUTH_5497b68335b649b9a91a2e7be6ecabe7/gnocchi.e62ebfdb-5406-44ed-87d8-37ce669649cc" 404 - "HEAD http://172.18.0.2:8080/v1/AUTH_5497b68335b649b9a91a2e7be6ecabe7/gnocchi.e62ebfdb-5406-44ed-87d8-37ce669649cc?format=json&states=listing" "txcea665f46f594938b76df-0068daeb50" "proxy-server 20" 0.0004 "-" 23 0
Sep 29 20:25:52 standalone object-server[144974]: 172.20.0.100 - - [29/Sep/2025:20:25:52 +0000] "GET /d1/678/AUTH_5497b68335b649b9a91a2e7be6ecabe7/gnocchi.e62ebfdb-5406-44ed-87d8-37ce669649cc/none_v3" 404 70 "GET http://172.18.0.2:8080/v1/AUTH_5497b68335b649b9a91a2e7be6ecabe7/gnocchi.e62ebfdb-5406-44ed-87d8-37ce669649cc/none_v3" "txcea665f46f594938b76df-0068daeb50" "proxy-server 20" 0.0003 "-" 25 0
Sep 29 20:25:52 standalone proxy-server[146801]: 172.18.0.2 172.18.0.100 29/Sep/2025/20/25/52 GET /v1/AUTH_5497b68335b649b9a91a2e7be6ecabe7/gnocchi.e62ebfdb-5406-44ed-87d8-37ce669649cc/none_v3 HTTP/1.0 404 - python-swiftclient-3.11.1 gAAAAABo2uq_m4ZM... - 70 - txcea665f46f594938b76df-0068daeb50 - 0.0075 - - 1759177552.440810919 1759177552.448336124 0
Sep 29 20:25:52 standalone account-server[144765]: 172.20.0.100 - - [29/Sep/2025:20:25:52 +0000] "PUT /d1/51/AUTH_5497b68335b649b9a91a2e7be6ecabe7/gnocchi.e62ebfdb-5406-44ed-87d8-37ce669649cc" 201 - "PUT http://172.20.0.100:6001/d1/458/AUTH_5497b68335b649b9a91a2e7be6ecabe7/gnocchi.e62ebfdb-5406-44ed-87d8-37ce669649cc" "txb1b18a69fbf84d5883729-0068daeb50" "container-server 22" 0.0061 "-" 23 0
Sep 29 20:25:52 standalone container-server[144856]: 172.20.0.100 - - [29/Sep/2025:20:25:52 +0000] "PUT /d1/458/AUTH_5497b68335b649b9a91a2e7be6ecabe7/gnocchi.e62ebfdb-5406-44ed-87d8-37ce669649cc" 201 - "PUT http://172.18.0.2:8080/v1/AUTH_5497b68335b649b9a91a2e7be6ecabe7/gnocchi.e62ebfdb-5406-44ed-87d8-37ce669649cc" "txb1b18a69fbf84d5883729-0068daeb50" "proxy-server 20" 0.0211 "-" 22 0
Sep 29 20:25:52 standalone proxy-server[146801]: 172.18.0.2 172.18.0.100 29/Sep/2025/20/25/52 PUT /v1/AUTH_5497b68335b649b9a91a2e7be6ecabe7/gnocchi.e62ebfdb-5406-44ed-87d8-37ce669649cc HTTP/1.0 201 - python-swiftclient-3.11.1 gAAAAABo2uq_m4ZM... - - - txb1b18a69fbf84d5883729-0068daeb50 - 0.0252 - - 1759177552.450562954 1759177552.475753069 0
Sep 29 20:25:52 standalone container-server[144850]: 172.20.0.100 - - [29/Sep/2025:20:25:52 +0000] "HEAD /d1/458/AUTH_5497b68335b649b9a91a2e7be6ecabe7/gnocchi.e62ebfdb-5406-44ed-87d8-37ce669649cc" 204 - "HEAD http://172.18.0.2:8080/v1/AUTH_5497b68335b649b9a91a2e7be6ecabe7/gnocchi.e62ebfdb-5406-44ed-87d8-37ce669649cc?format=json&states=listing" "txa07c998670094005aa989-0068daeb50" "proxy-server 20" 0.0014 "-" 21 0
Sep 29 20:25:52 standalone proxy-server[146801]: - - 29/Sep/2025/20/25/52 HEAD /v1/AUTH_5497b68335b649b9a91a2e7be6ecabe7/gnocchi.e62ebfdb-5406-44ed-87d8-37ce669649cc%3Fformat%3Djson%26states%3Dlisting HTTP/1.0 204 - Swift - - - - txa07c998670094005aa989-0068daeb50 - 0.0041 RL - 1759177552.480064869 1759177552.484154463 0
Sep 29 20:25:52 standalone container-server[144847]: 172.20.0.100 - - [29/Sep/2025:20:25:52 +0000] "GET /d1/458/AUTH_5497b68335b649b9a91a2e7be6ecabe7/gnocchi.e62ebfdb-5406-44ed-87d8-37ce669649cc" 200 2 "GET http://172.18.0.2:8080/v1/AUTH_5497b68335b649b9a91a2e7be6ecabe7/gnocchi.e62ebfdb-5406-44ed-87d8-37ce669649cc?format=json&states=listing" "txa07c998670094005aa989-0068daeb50" "proxy-server 20" 0.0023 "-" 20 0
Sep 29 20:25:52 standalone proxy-server[146801]: 172.18.0.2 172.18.0.100 29/Sep/2025/20/25/52 GET /v1/AUTH_5497b68335b649b9a91a2e7be6ecabe7/gnocchi.e62ebfdb-5406-44ed-87d8-37ce669649cc%3Fformat%3Djson%26states%3Dlisting HTTP/1.0 200 - python-swiftclient-3.11.1 gAAAAABo2uq_m4ZM... - 2 - txa07c998670094005aa989-0068daeb50 - 0.0122 - - 1759177552.479034901 1759177552.491255522 0
Sep 29 20:25:52 standalone object-server[144974]: 172.20.0.100 - - [29/Sep/2025:20:25:52 +0000] "GET /d1/672/AUTH_5497b68335b649b9a91a2e7be6ecabe7/gnocchi.e62ebfdb-5406-44ed-87d8-37ce669649cc/1758240000.0_mean_300.0_v3" 404 70 "GET http://172.18.0.2:8080/v1/AUTH_5497b68335b649b9a91a2e7be6ecabe7/gnocchi.e62ebfdb-5406-44ed-87d8-37ce669649cc/1758240000.0_mean_300.0_v3" "tx89ff00f36fb94fea9f2c1-0068daeb50" "proxy-server 20" 0.0003 "-" 25 0
Sep 29 20:25:52 standalone proxy-server[146801]: 172.18.0.2 172.18.0.100 29/Sep/2025/20/25/52 GET /v1/AUTH_5497b68335b649b9a91a2e7be6ecabe7/gnocchi.e62ebfdb-5406-44ed-87d8-37ce669649cc/1758240000.0_mean_300.0_v3 HTTP/1.0 404 - python-swiftclient-3.11.1 gAAAAABo2uq_m4ZM... - 70 - tx89ff00f36fb94fea9f2c1-0068daeb50 - 0.0045 - - 1759177552.495386124 1759177552.499927521 0
Sep 29 20:25:52 standalone container-server[144860]: 172.20.0.100 - - [29/Sep/2025:20:25:52 +0000] "PUT /d1/458/AUTH_5497b68335b649b9a91a2e7be6ecabe7/gnocchi.e62ebfdb-5406-44ed-87d8-37ce669649cc/1758240000.0_mean_300.0_v3" 201 - "PUT http://172.18.0.2:8080/d1/672/AUTH_5497b68335b649b9a91a2e7be6ecabe7/gnocchi.e62ebfdb-5406-44ed-87d8-37ce669649cc/1758240000.0_mean_300.0_v3" "tx08743f3fc9584a12b7cd6-0068daeb50" "object-server 25" 0.0006 "-" 23 0
Sep 29 20:25:52 standalone object-server[144974]: 172.20.0.100 - - [29/Sep/2025:20:25:52 +0000] "PUT /d1/672/AUTH_5497b68335b649b9a91a2e7be6ecabe7/gnocchi.e62ebfdb-5406-44ed-87d8-37ce669649cc/1758240000.0_mean_300.0_v3" 201 - "PUT http://172.18.0.2:8080/v1/AUTH_5497b68335b649b9a91a2e7be6ecabe7/gnocchi.e62ebfdb-5406-44ed-87d8-37ce669649cc/1758240000.0_mean_300.0_v3" "tx08743f3fc9584a12b7cd6-0068daeb50" "proxy-server 20" 0.0073 "-" 25 0
Sep 29 20:25:52 standalone proxy-server[146801]: 172.18.0.2 172.18.0.100 29/Sep/2025/20/25/52 PUT /v1/AUTH_5497b68335b649b9a91a2e7be6ecabe7/gnocchi.e62ebfdb-5406-44ed-87d8-37ce669649cc/1758240000.0_mean_300.0_v3 HTTP/1.0 201 - python-swiftclient-3.11.1 gAAAAABo2uq_m4ZM... 16 - - tx08743f3fc9584a12b7cd6-0068daeb50 - 0.0116 - - 1759177552.502616644 1759177552.514218092 0
Sep 29 20:25:52 standalone container-server[144850]: 172.20.0.100 - - [29/Sep/2025:20:25:52 +0000] "PUT /d1/458/AUTH_5497b68335b649b9a91a2e7be6ecabe7/gnocchi.e62ebfdb-5406-44ed-87d8-37ce669649cc/none_v3" 201 - "PUT http://172.18.0.2:8080/d1/678/AUTH_5497b68335b649b9a91a2e7be6ecabe7/gnocchi.e62ebfdb-5406-44ed-87d8-37ce669649cc/none_v3" "tx6a33bfc8cd594dbca69fe-0068daeb50" "object-server 25" 0.0006 "-" 21 0
Sep 29 20:25:52 standalone object-server[144974]: 172.20.0.100 - - [29/Sep/2025:20:25:52 +0000] "PUT /d1/678/AUTH_5497b68335b649b9a91a2e7be6ecabe7/gnocchi.e62ebfdb-5406-44ed-87d8-37ce669649cc/none_v3" 201 - "PUT http://172.18.0.2:8080/v1/AUTH_5497b68335b649b9a91a2e7be6ecabe7/gnocchi.e62ebfdb-5406-44ed-87d8-37ce669649cc/none_v3" "tx6a33bfc8cd594dbca69fe-0068daeb50" "proxy-server 20" 0.0087 "-" 25 0
Sep 29 20:25:52 standalone proxy-server[146801]: 172.18.0.2 172.18.0.100 29/Sep/2025/20/25/52 PUT /v1/AUTH_5497b68335b649b9a91a2e7be6ecabe7/gnocchi.e62ebfdb-5406-44ed-87d8-37ce669649cc/none_v3 HTTP/1.0 201 - python-swiftclient-3.11.1 gAAAAABo2uq_m4ZM... 22 - - tx6a33bfc8cd594dbca69fe-0068daeb50 - 0.0135 - - 1759177552.517350435 1759177552.530817747 0
Sep 29 20:25:52 standalone container-server[144856]: 172.20.0.100 - - [29/Sep/2025:20:25:52 +0000] "HEAD /d1/485/AUTH_5497b68335b649b9a91a2e7be6ecabe7/gnocchi.27e1d8ef-c6a6-4426-950b-1698e18a4850" 404 - "HEAD http://172.18.0.2:8080/v1/AUTH_5497b68335b649b9a91a2e7be6ecabe7/gnocchi.27e1d8ef-c6a6-4426-950b-1698e18a4850?format=json&states=listing" "tx1b676a8418f6408c93f99-0068daeb50" "proxy-server 20" 0.0004 "-" 22 0
Sep 29 20:25:52 standalone object-server[144971]: 172.20.0.100 - - [29/Sep/2025:20:25:52 +0000] "GET /d1/355/AUTH_5497b68335b649b9a91a2e7be6ecabe7/gnocchi.27e1d8ef-c6a6-4426-950b-1698e18a4850/none_v3" 404 70 "GET http://172.18.0.2:8080/v1/AUTH_5497b68335b649b9a91a2e7be6ecabe7/gnocchi.27e1d8ef-c6a6-4426-950b-1698e18a4850/none_v3" "tx1b676a8418f6408c93f99-0068daeb50" "proxy-server 20" 0.0003 "-" 24 0
Sep 29 20:25:52 standalone proxy-server[146801]: 172.18.0.2 172.18.0.100 29/Sep/2025/20/25/52 GET /v1/AUTH_5497b68335b649b9a91a2e7be6ecabe7/gnocchi.27e1d8ef-c6a6-4426-950b-1698e18a4850/none_v3 HTTP/1.0 404 - python-swiftclient-3.11.1 gAAAAABo2uq_m4ZM... - 70 - tx1b676a8418f6408c93f99-0068daeb50 - 0.0104 - - 1759177552.547123909 1759177552.557529926 0
Sep 29 20:25:52 standalone account-server[144761]: 172.20.0.100 - - [29/Sep/2025:20:25:52 +0000] "PUT /d1/51/AUTH_5497b68335b649b9a91a2e7be6ecabe7/gnocchi.27e1d8ef-c6a6-4426-950b-1698e18a4850" 201 - "PUT http://172.20.0.100:6001/d1/485/AUTH_5497b68335b649b9a91a2e7be6ecabe7/gnocchi.27e1d8ef-c6a6-4426-950b-1698e18a4850" "txefdcc74ea3f2415cbb8ff-0068daeb50" "container-server 20" 0.0048 "-" 22 0
Sep 29 20:25:52 standalone container-server[144847]: 172.20.0.100 - - [29/Sep/2025:20:25:52 +0000] "PUT /d1/485/AUTH_5497b68335b649b9a91a2e7be6ecabe7/gnocchi.27e1d8ef-c6a6-4426-950b-1698e18a4850" 201 - "PUT http://172.18.0.2:8080/v1/AUTH_5497b68335b649b9a91a2e7be6ecabe7/gnocchi.27e1d8ef-c6a6-4426-950b-1698e18a4850" "txefdcc74ea3f2415cbb8ff-0068daeb50" "proxy-server 20" 0.0147 "-" 20 0
Sep 29 20:25:52 standalone proxy-server[146801]: 172.18.0.2 172.18.0.100 29/Sep/2025/20/25/52 PUT /v1/AUTH_5497b68335b649b9a91a2e7be6ecabe7/gnocchi.27e1d8ef-c6a6-4426-950b-1698e18a4850 HTTP/1.0 201 - python-swiftclient-3.11.1 gAAAAABo2uq_m4ZM... - - - txefdcc74ea3f2415cbb8ff-0068daeb50 - 0.0188 - - 1759177552.560074091 1759177552.578880310 0
Sep 29 20:25:52 standalone container-server[144856]: 172.20.0.100 - - [29/Sep/2025:20:25:52 +0000] "HEAD /d1/485/AUTH_5497b68335b649b9a91a2e7be6ecabe7/gnocchi.27e1d8ef-c6a6-4426-950b-1698e18a4850" 204 - "HEAD http://172.18.0.2:8080/v1/AUTH_5497b68335b649b9a91a2e7be6ecabe7/gnocchi.27e1d8ef-c6a6-4426-950b-1698e18a4850?format=json&states=listing" "tx3a1d8489e8ad429a81a86-0068daeb50" "proxy-server 20" 0.0016 "-" 22 0
Sep 29 20:25:52 standalone proxy-server[146801]: - - 29/Sep/2025/20/25/52 HEAD /v1/AUTH_5497b68335b649b9a91a2e7be6ecabe7/gnocchi.27e1d8ef-c6a6-4426-950b-1698e18a4850%3Fformat%3Djson%26states%3Dlisting HTTP/1.0 204 - Swift - - - - tx3a1d8489e8ad429a81a86-0068daeb50 - 0.0042 RL - 1759177552.583031654 1759177552.587224245 0
Sep 29 20:25:52 standalone container-server[144850]: 172.20.0.100 - - [29/Sep/2025:20:25:52 +0000] "GET /d1/485/AUTH_5497b68335b649b9a91a2e7be6ecabe7/gnocchi.27e1d8ef-c6a6-4426-950b-1698e18a4850" 200 2 "GET http://172.18.0.2:8080/v1/AUTH_5497b68335b649b9a91a2e7be6ecabe7/gnocchi.27e1d8ef-c6a6-4426-950b-1698e18a4850?format=json&states=listing" "tx3a1d8489e8ad429a81a86-0068daeb50" "proxy-server 20" 0.0023 "-" 21 0
Sep 29 20:25:52 standalone proxy-server[146801]: 172.18.0.2 172.18.0.100 29/Sep/2025/20/25/52 GET /v1/AUTH_5497b68335b649b9a91a2e7be6ecabe7/gnocchi.27e1d8ef-c6a6-4426-950b-1698e18a4850%3Fformat%3Djson%26states%3Dlisting HTTP/1.0 200 - python-swiftclient-3.11.1 gAAAAABo2uq_m4ZM... - 2 - tx3a1d8489e8ad429a81a86-0068daeb50 - 0.0119 - - 1759177552.582135439 1759177552.594064236 0
Sep 29 20:25:52 standalone object-server[144968]: 172.20.0.100 - - [29/Sep/2025:20:25:52 +0000] "GET /d1/879/AUTH_5497b68335b649b9a91a2e7be6ecabe7/gnocchi.27e1d8ef-c6a6-4426-950b-1698e18a4850/1758240000.0_mean_300.0_v3" 404 70 "GET http://172.18.0.2:8080/v1/AUTH_5497b68335b649b9a91a2e7be6ecabe7/gnocchi.27e1d8ef-c6a6-4426-950b-1698e18a4850/1758240000.0_mean_300.0_v3" "tx180bd4ffe7ba40a39b4ca-0068daeb50" "proxy-server 20" 0.0005 "-" 23 0
Sep 29 20:25:52 standalone proxy-server[146801]: 172.18.0.2 172.18.0.100 29/Sep/2025/20/25/52 GET /v1/AUTH_5497b68335b649b9a91a2e7be6ecabe7/gnocchi.27e1d8ef-c6a6-4426-950b-1698e18a4850/1758240000.0_mean_300.0_v3 HTTP/1.0 404 - python-swiftclient-3.11.1 gAAAAABo2uq_m4ZM... - 70 - tx180bd4ffe7ba40a39b4ca-0068daeb50 - 0.0051 - - 1759177552.597668409 1759177552.602773905 0
Sep 29 20:25:52 standalone container-server[144856]: 172.20.0.100 - - [29/Sep/2025:20:25:52 +0000] "PUT /d1/485/AUTH_5497b68335b649b9a91a2e7be6ecabe7/gnocchi.27e1d8ef-c6a6-4426-950b-1698e18a4850/1758240000.0_mean_300.0_v3" 201 - "PUT http://172.18.0.2:8080/d1/879/AUTH_5497b68335b649b9a91a2e7be6ecabe7/gnocchi.27e1d8ef-c6a6-4426-950b-1698e18a4850/1758240000.0_mean_300.0_v3" "tx06429dbedf2d4724b0b98-0068daeb50" "object-server 24" 0.0007 "-" 22 0
Sep 29 20:25:52 standalone object-server[144971]: 172.20.0.100 - - [29/Sep/2025:20:25:52 +0000] "PUT /d1/879/AUTH_5497b68335b649b9a91a2e7be6ecabe7/gnocchi.27e1d8ef-c6a6-4426-950b-1698e18a4850/1758240000.0_mean_300.0_v3" 201 - "PUT http://172.18.0.2:8080/v1/AUTH_5497b68335b649b9a91a2e7be6ecabe7/gnocchi.27e1d8ef-c6a6-4426-950b-1698e18a4850/1758240000.0_mean_300.0_v3" "tx06429dbedf2d4724b0b98-0068daeb50" "proxy-server 20" 0.0118 "-" 24 0
