Sep 29 20:25:18 standalone proxy-server[146801]: 172.18.0.2 172.18.0.100 29/Sep/2025/20/25/18 GET /v1/AUTH_5497b68335b649b9a91a2e7be6ecabe7/gnocchi.a51a1e72-aba7-4a48-8b37-2a7f29da4849%3Fformat%3Djson%26marker%3Dnone_v3%26states%3Dlisting HTTP/1.0 200 - python-swiftclient-3.11.1 gAAAAABo2uq_m4ZM... - 2 - txe3fd3e92c4b9451199610-0068daeb2e - 0.0074 - - 1759177518.777905703 1759177518.785309792 0
Sep 29 20:25:18 standalone object-server[144966]: 172.20.0.100 - - [29/Sep/2025:20:25:18 +0000] "GET /d1/494/AUTH_5497b68335b649b9a91a2e7be6ecabe7/gnocchi.a51a1e72-aba7-4a48-8b37-2a7f29da4849/1758240000.0_mean_300.0_v3" 200 16 "GET http://172.18.0.2:8080/v1/AUTH_5497b68335b649b9a91a2e7be6ecabe7/gnocchi.a51a1e72-aba7-4a48-8b37-2a7f29da4849/1758240000.0_mean_300.0_v3" "tx1a2fc46528644f978a5ee-0068daeb2e" "proxy-server 20" 0.0006 "-" 22 0
Sep 29 20:25:18 standalone proxy-server[146801]: 172.18.0.2 172.18.0.100 29/Sep/2025/20/25/18 GET /v1/AUTH_5497b68335b649b9a91a2e7be6ecabe7/gnocchi.a51a1e72-aba7-4a48-8b37-2a7f29da4849/1758240000.0_mean_300.0_v3 HTTP/1.0 200 - python-swiftclient-3.11.1 gAAAAABo2uq_m4ZM... - 16 - tx1a2fc46528644f978a5ee-0068daeb2e - 0.0052 - - 1759177518.789489269 1759177518.794698715 0
Sep 29 20:25:18 standalone container-server[144850]: 172.20.0.100 - - [29/Sep/2025:20:25:18 +0000] "PUT /d1/548/AUTH_5497b68335b649b9a91a2e7be6ecabe7/gnocchi.a51a1e72-aba7-4a48-8b37-2a7f29da4849/1758240000.0_mean_300.0_v3" 201 - "PUT http://172.18.0.2:8080/d1/494/AUTH_5497b68335b649b9a91a2e7be6ecabe7/gnocchi.a51a1e72-aba7-4a48-8b37-2a7f29da4849/1758240000.0_mean_300.0_v3" "tx5e1a9fca54684f8ba1ffc-0068daeb2e" "object-server 23" 0.0010 "-" 21 0
Sep 29 20:25:18 standalone object-server[144968]: 172.20.0.100 - - [29/Sep/2025:20:25:18 +0000] "PUT /d1/494/AUTH_5497b68335b649b9a91a2e7be6ecabe7/gnocchi.a51a1e72-aba7-4a48-8b37-2a7f29da4849/1758240000.0_mean_300.0_v3" 201 - "PUT http://172.18.0.2:8080/v1/AUTH_5497b68335b649b9a91a2e7be6ecabe7/gnocchi.a51a1e72-aba7-4a48-8b37-2a7f29da4849/1758240000.0_mean_300.0_v3" "tx5e1a9fca54684f8ba1ffc-0068daeb2e" "proxy-server 20" 0.0095 "-" 23 0
Sep 29 20:25:18 standalone proxy-server[146801]: 172.18.0.2 172.18.0.100 29/Sep/2025/20/25/18 PUT /v1/AUTH_5497b68335b649b9a91a2e7be6ecabe7/gnocchi.a51a1e72-aba7-4a48-8b37-2a7f29da4849/1758240000.0_mean_300.0_v3 HTTP/1.0 201 - python-swiftclient-3.11.1 gAAAAABo2uq_m4ZM... 16 - - tx5e1a9fca54684f8ba1ffc-0068daeb2e - 0.0149 - - 1759177518.798607349 1759177518.813496351 0
Sep 29 20:25:18 standalone container-server[144847]: 172.20.0.100 - - [29/Sep/2025:20:25:18 +0000] "PUT /d1/548/AUTH_5497b68335b649b9a91a2e7be6ecabe7/gnocchi.a51a1e72-aba7-4a48-8b37-2a7f29da4849/none_v3" 201 - "PUT http://172.18.0.2:8080/d1/870/AUTH_5497b68335b649b9a91a2e7be6ecabe7/gnocchi.a51a1e72-aba7-4a48-8b37-2a7f29da4849/none_v3" "tx137f9d5f5526465db001c-0068daeb2e" "object-server 22" 0.0009 "-" 20 0
Sep 29 20:25:18 standalone object-server[144966]: 172.20.0.100 - - [29/Sep/2025:20:25:18 +0000] "PUT /d1/870/AUTH_5497b68335b649b9a91a2e7be6ecabe7/gnocchi.a51a1e72-aba7-4a48-8b37-2a7f29da4849/none_v3" 201 - "PUT http://172.18.0.2:8080/v1/AUTH_5497b68335b649b9a91a2e7be6ecabe7/gnocchi.a51a1e72-aba7-4a48-8b37-2a7f29da4849/none_v3" "tx137f9d5f5526465db001c-0068daeb2e" "proxy-server 20" 0.0144 "-" 22 0
Sep 29 20:25:18 standalone proxy-server[146801]: 172.18.0.2 172.18.0.100 29/Sep/2025/20/25/18 PUT /v1/AUTH_5497b68335b649b9a91a2e7be6ecabe7/gnocchi.a51a1e72-aba7-4a48-8b37-2a7f29da4849/none_v3 HTTP/1.0 201 - python-swiftclient-3.11.1 gAAAAABo2uq_m4ZM... 31 - - tx137f9d5f5526465db001c-0068daeb2e - 0.0240 - - 1759177518.823045731 1759177518.847084761 0
Sep 29 20:25:20 standalone account-server[144765]: 172.20.0.100 - - [29/Sep/2025:20:25:20 +0000] "HEAD /d1/223/.expiring_objects" 404 - "HEAD http://localhost/v1/.expiring_objects?format=json" "txc6ecffd91d7e4ea983584-0068daeb30" "proxy-server 2" 0.0005 "-" 23 -
Sep 29 20:25:20 standalone object-expirer[144815]: Pass completed in 0s; 0 objects expired (txn: txc6ecffd91d7e4ea983584-0068daeb30)
Sep 29 20:25:27 standalone account-server[144755]: 172.20.0.100 - - [29/Sep/2025:20:25:27 +0000] "HEAD /d1/51/AUTH_5497b68335b649b9a91a2e7be6ecabe7" 204 - "HEAD http://172.18.0.2:8080/v1/AUTH_5497b68335b649b9a91a2e7be6ecabe7?format=json" "tx4a07c399525641479e5a5-0068daeb37" "proxy-server 20" 0.0139 "-" 21 -
Sep 29 20:25:27 standalone proxy-server[146801]: - - 29/Sep/2025/20/25/27 HEAD /v1/AUTH_5497b68335b649b9a91a2e7be6ecabe7%3Fformat%3Djson HTTP/1.0 204 - Swift - - - - tx4a07c399525641479e5a5-0068daeb37 - 0.0190 RL - 1759177527.776012182 1759177527.795022011 -
Sep 29 20:25:27 standalone object-server[144966]: 172.20.0.100 - - [29/Sep/2025:20:25:27 +0000] "GET /d1/673/AUTH_5497b68335b649b9a91a2e7be6ecabe7/gnocchi.fa08ec61-7883-40e5-8155-c6d5c6366c6c/none_v3" 200 31 "GET http://172.18.0.2:8080/v1/AUTH_5497b68335b649b9a91a2e7be6ecabe7/gnocchi.fa08ec61-7883-40e5-8155-c6d5c6366c6c/none_v3" "tx4a07c399525641479e5a5-0068daeb37" "proxy-server 20" 0.0012 "-" 22 0
Sep 29 20:25:27 standalone proxy-server[146801]: 172.18.0.2 172.18.0.100 29/Sep/2025/20/25/27 GET /v1/AUTH_5497b68335b649b9a91a2e7be6ecabe7/gnocchi.fa08ec61-7883-40e5-8155-c6d5c6366c6c/none_v3 HTTP/1.0 200 - python-swiftclient-3.11.1 gAAAAABo2uq_m4ZM... - 31 - tx4a07c399525641479e5a5-0068daeb37 - 0.0290 - - 1759177527.775067091 1759177527.804116011 0
Sep 29 20:25:27 standalone container-server[144847]: 172.20.0.100 - - [29/Sep/2025:20:25:27 +0000] "GET /d1/508/AUTH_5497b68335b649b9a91a2e7be6ecabe7/gnocchi.fa08ec61-7883-40e5-8155-c6d5c6366c6c" 200 357 "GET http://172.18.0.2:8080/v1/AUTH_5497b68335b649b9a91a2e7be6ecabe7/gnocchi.fa08ec61-7883-40e5-8155-c6d5c6366c6c?format=json&states=listing" "tx91412fcbfc1043bcaea9e-0068daeb37" "proxy-server 20" 0.0080 "-" 20 0
Sep 29 20:25:27 standalone proxy-server[146801]: 172.18.0.2 172.18.0.100 29/Sep/2025/20/25/27 GET /v1/AUTH_5497b68335b649b9a91a2e7be6ecabe7/gnocchi.fa08ec61-7883-40e5-8155-c6d5c6366c6c%3Fformat%3Djson%26states%3Dlisting HTTP/1.0 200 - python-swiftclient-3.11.1 gAAAAABo2uq_m4ZM... - 357 - tx91412fcbfc1043bcaea9e-0068daeb37 - 0.0172 - - 1759177527.808045149 1759177527.825227022 0
Sep 29 20:25:27 standalone container-server[144856]: 172.20.0.100 - - [29/Sep/2025:20:25:27 +0000] "GET /d1/508/AUTH_5497b68335b649b9a91a2e7be6ecabe7/gnocchi.fa08ec61-7883-40e5-8155-c6d5c6366c6c" 200 2 "GET http://172.18.0.2:8080/v1/AUTH_5497b68335b649b9a91a2e7be6ecabe7/gnocchi.fa08ec61-7883-40e5-8155-c6d5c6366c6c?format=json&marker=none_v3&states=listing" "tx73af5322f7f74659ba98d-0068daeb37" "proxy-server 20" 0.0018 "-" 22 0
Sep 29 20:25:27 standalone proxy-server[146801]: 172.18.0.2 172.18.0.100 29/Sep/2025/20/25/27 GET /v1/AUTH_5497b68335b649b9a91a2e7be6ecabe7/gnocchi.fa08ec61-7883-40e5-8155-c6d5c6366c6c%3Fformat%3Djson%26marker%3Dnone_v3%26states%3Dlisting HTTP/1.0 200 - python-swiftclient-3.11.1 gAAAAABo2uq_m4ZM... - 2 - tx73af5322f7f74659ba98d-0068daeb37 - 0.0082 - - 1759177527.829815626 1759177527.838031530 0
Sep 29 20:25:27 standalone object-server[144971]: 172.20.0.100 - - [29/Sep/2025:20:25:27 +0000] "GET /d1/35/AUTH_5497b68335b649b9a91a2e7be6ecabe7/gnocchi.fa08ec61-7883-40e5-8155-c6d5c6366c6c/1758240000.0_mean_300.0_v3" 200 16 "GET http://172.18.0.2:8080/v1/AUTH_5497b68335b649b9a91a2e7be6ecabe7/gnocchi.fa08ec61-7883-40e5-8155-c6d5c6366c6c/1758240000.0_mean_300.0_v3" "txcbe4f5451f0e40f1847bb-0068daeb37" "proxy-server 20" 0.0008 "-" 24 0
Sep 29 20:25:27 standalone proxy-server[146801]: 172.18.0.2 172.18.0.100 29/Sep/2025/20/25/27 GET /v1/AUTH_5497b68335b649b9a91a2e7be6ecabe7/gnocchi.fa08ec61-7883-40e5-8155-c6d5c6366c6c/1758240000.0_mean_300.0_v3 HTTP/1.0 200 - python-swiftclient-3.11.1 gAAAAABo2uq_m4ZM... - 16 - txcbe4f5451f0e40f1847bb-0068daeb37 - 0.0071 - - 1759177527.842015982 1759177527.849117041 0
Sep 29 20:25:27 standalone container-server[144856]: 172.20.0.100 - - [29/Sep/2025:20:25:27 +0000] "PUT /d1/508/AUTH_5497b68335b649b9a91a2e7be6ecabe7/gnocchi.fa08ec61-7883-40e5-8155-c6d5c6366c6c/1758240000.0_mean_300.0_v3" 201 - "PUT http://172.18.0.2:8080/d1/35/AUTH_5497b68335b649b9a91a2e7be6ecabe7/gnocchi.fa08ec61-7883-40e5-8155-c6d5c6366c6c/1758240000.0_mean_300.0_v3" "txa3ba86ece77b4c0a9bf36-0068daeb37" "object-server 23" 0.0005 "-" 22 0
Sep 29 20:25:27 standalone object-server[144968]: 172.20.0.100 - - [29/Sep/2025:20:25:27 +0000] "PUT /d1/35/AUTH_5497b68335b649b9a91a2e7be6ecabe7/gnocchi.fa08ec61-7883-40e5-8155-c6d5c6366c6c/1758240000.0_mean_300.0_v3" 201 - "PUT http://172.18.0.2:8080/v1/AUTH_5497b68335b649b9a91a2e7be6ecabe7/gnocchi.fa08ec61-7883-40e5-8155-c6d5c6366c6c/1758240000.0_mean_300.0_v3" "txa3ba86ece77b4c0a9bf36-0068daeb37" "proxy-server 20" 0.0114 "-" 23 0
Sep 29 20:25:27 standalone proxy-server[146801]: 172.18.0.2 172.18.0.100 29/Sep/2025/20/25/27 PUT /v1/AUTH_5497b68335b649b9a91a2e7be6ecabe7/gnocchi.fa08ec61-7883-40e5-8155-c6d5c6366c6c/1758240000.0_mean_300.0_v3 HTTP/1.0 201 - python-swiftclient-3.11.1 gAAAAABo2uq_m4ZM... 16 - - txa3ba86ece77b4c0a9bf36-0068daeb37 - 0.0194 - - 1759177527.852460384 1759177527.871861935 0
Sep 29 20:25:27 standalone container-server[144850]: 172.20.0.100 - - [29/Sep/2025:20:25:27 +0000] "PUT /d1/508/AUTH_5497b68335b649b9a91a2e7be6ecabe7/gnocchi.fa08ec61-7883-40e5-8155-c6d5c6366c6c/none_v3" 201 - "PUT http://172.18.0.2:8080/d1/673/AUTH_5497b68335b649b9a91a2e7be6ecabe7/gnocchi.fa08ec61-7883-40e5-8155-c6d5c6366c6c/none_v3" "tx600aff663d9541f8a368b-0068daeb37" "object-server 22" 0.0006 "-" 21 0
Sep 29 20:25:27 standalone object-server[144966]: 172.20.0.100 - - [29/Sep/2025:20:25:27 +0000] "PUT /d1/673/AUTH_5497b68335b649b9a91a2e7be6ecabe7/gnocchi.fa08ec61-7883-40e5-8155-c6d5c6366c6c/none_v3" 201 - "PUT http://172.18.0.2:8080/v1/AUTH_5497b68335b649b9a91a2e7be6ecabe7/gnocchi.fa08ec61-7883-40e5-8155-c6d5c6366c6c/none_v3" "tx600aff663d9541f8a368b-0068daeb37" "proxy-server 20" 0.0128 "-" 22 0
Sep 29 20:25:27 standalone proxy-server[146801]: 172.18.0.2 172.18.0.100 29/Sep/2025/20/25/27 PUT /v1/AUTH_5497b68335b649b9a91a2e7be6ecabe7/gnocchi.fa08ec61-7883-40e5-8155-c6d5c6366c6c/none_v3 HTTP/1.0 201 - python-swiftclient-3.11.1 gAAAAABo2uq_m4ZM... 46 - - tx600aff663d9541f8a368b-0068daeb37 - 0.0178 - - 1759177527.874536753 1759177527.892374754 0
Sep 29 20:25:28 standalone object-server[144966]: 172.20.0.100 - - [29/Sep/2025:20:25:28 +0000] "GET /d1/673/AUTH_5497b68335b649b9a91a2e7be6ecabe7/gnocchi.fa08ec61-7883-40e5-8155-c6d5c6366c6c/none_v3" 200 46 "GET http://172.18.0.2:8080/v1/AUTH_5497b68335b649b9a91a2e7be6ecabe7/gnocchi.fa08ec61-7883-40e5-8155-c6d5c6366c6c/none_v3" "tx1f39a374f5b54de098e30-0068daeb38" "proxy-server 20" 0.0016 "-" 22 0
Sep 29 20:25:28 standalone proxy-server[146801]: 172.18.0.2 172.18.0.100 29/Sep/2025/20/25/28 GET /v1/AUTH_5497b68335b649b9a91a2e7be6ecabe7/gnocchi.fa08ec61-7883-40e5-8155-c6d5c6366c6c/none_v3 HTTP/1.0 200 - python-swiftclient-3.11.1 gAAAAABo2uq_m4ZM... - 46 - tx1f39a374f5b54de098e30-0068daeb38 - 0.0145 - - 1759177528.686443329 1759177528.700909376 0
Sep 29 20:25:28 standalone container-server[144856]: 172.20.0.100 - - [29/Sep/2025:20:25:28 +0000] "GET /d1/508/AUTH_5497b68335b649b9a91a2e7be6ecabe7/gnocchi.fa08ec61-7883-40e5-8155-c6d5c6366c6c" 200 357 "GET http://172.18.0.2:8080/v1/AUTH_5497b68335b649b9a91a2e7be6ecabe7/gnocchi.fa08ec61-7883-40e5-8155-c6d5c6366c6c?format=json&states=listing" "tx92351a8eeee5441c9e57b-0068daeb38" "proxy-server 20" 0.0163 "-" 22 0
Sep 29 20:25:28 standalone proxy-server[146801]: 172.18.0.2 172.18.0.100 29/Sep/2025/20/25/28 GET /v1/AUTH_5497b68335b649b9a91a2e7be6ecabe7/gnocchi.fa08ec61-7883-40e5-8155-c6d5c6366c6c%3Fformat%3Djson%26states%3Dlisting HTTP/1.0 200 - python-swiftclient-3.11.1 gAAAAABo2uq_m4ZM... - 357 - tx92351a8eeee5441c9e57b-0068daeb38 - 0.0306 - - 1759177528.707828522 1759177528.738461971 0
Sep 29 20:25:28 standalone container-server[144847]: 172.20.0.100 - - [29/Sep/2025:20:25:28 +0000] "GET /d1/508/AUTH_5497b68335b649b9a91a2e7be6ecabe7/gnocchi.fa08ec61-7883-40e5-8155-c6d5c6366c6c" 200 2 "GET http://172.18.0.2:8080/v1/AUTH_5497b68335b649b9a91a2e7be6ecabe7/gnocchi.fa08ec61-7883-40e5-8155-c6d5c6366c6c?format=json&marker=none_v3&states=listing" "txbcd5c141e709483993234-0068daeb38" "proxy-server 20" 0.0083 "-" 20 0
Sep 29 20:25:28 standalone proxy-server[146801]: 172.18.0.2 172.18.0.100 29/Sep/2025/20/25/28 GET /v1/AUTH_5497b68335b649b9a91a2e7be6ecabe7/gnocchi.fa08ec61-7883-40e5-8155-c6d5c6366c6c%3Fformat%3Djson%26marker%3Dnone_v3%26states%3Dlisting HTTP/1.0 200 - python-swiftclient-3.11.1 gAAAAABo2uq_m4ZM... - 2 - txbcd5c141e709483993234-0068daeb38 - 0.0158 - - 1759177528.743293524 1759177528.759107113 0
Sep 29 20:25:28 standalone object-server[144971]: 172.20.0.100 - - [29/Sep/2025:20:25:28 +0000] "GET /d1/35/AUTH_5497b68335b649b9a91a2e7be6ecabe7/gnocchi.fa08ec61-7883-40e5-8155-c6d5c6366c6c/1758240000.0_mean_300.0_v3" 200 16 "GET http://172.18.0.2:8080/v1/AUTH_5497b68335b649b9a91a2e7be6ecabe7/gnocchi.fa08ec61-7883-40e5-8155-c6d5c6366c6c/1758240000.0_mean_300.0_v3" "txc880f004666047c2a01bd-0068daeb38" "proxy-server 20" 0.0010 "-" 24 0
Sep 29 20:25:28 standalone proxy-server[146801]: 172.18.0.2 172.18.0.100 29/Sep/2025/20/25/28 GET /v1/AUTH_5497b68335b649b9a91a2e7be6ecabe7/gnocchi.fa08ec61-7883-40e5-8155-c6d5c6366c6c/1758240000.0_mean_300.0_v3 HTTP/1.0 200 - python-swiftclient-3.11.1 gAAAAABo2uq_m4ZM... - 16 - txc880f004666047c2a01bd-0068daeb38 - 0.0069 - - 1759177528.763772011 1759177528.770672798 0
Sep 29 20:25:28 standalone container-server[144856]: 172.20.0.100 - - [29/Sep/2025:20:25:28 +0000] "PUT /d1/508/AUTH_5497b68335b649b9a91a2e7be6ecabe7/gnocchi.fa08ec61-7883-40e5-8155-c6d5c6366c6c/1758240000.0_mean_300.0_v3" 201 - "PUT http://172.18.0.2:8080/d1/35/AUTH_5497b68335b649b9a91a2e7be6ecabe7/gnocchi.fa08ec61-7883-40e5-8155-c6d5c6366c6c/1758240000.0_mean_300.0_v3" "tx9b274762b81d401197a0e-0068daeb38" "object-server 22" 0.0009 "-" 22 0
Sep 29 20:25:28 standalone object-server[144966]: 172.20.0.100 - - [29/Sep/2025:20:25:28 +0000] "PUT /d1/35/AUTH_5497b68335b649b9a91a2e7be6ecabe7/gnocchi.fa08ec61-7883-40e5-8155-c6d5c6366c6c/1758240000.0_mean_300.0_v3" 201 - "PUT http://172.18.0.2:8080/v1/AUTH_5497b68335b649b9a91a2e7be6ecabe7/gnocchi.fa08ec61-7883-40e5-8155-c6d5c6366c6c/1758240000.0_mean_300.0_v3" "tx9b274762b81d401197a0e-0068daeb38" "proxy-server 20" 0.0101 "-" 22 0
Sep 29 20:25:28 standalone proxy-server[146801]: 172.18.0.2 172.18.0.100 29/Sep/2025/20/25/28 PUT /v1/AUTH_5497b68335b649b9a91a2e7be6ecabe7/gnocchi.fa08ec61-7883-40e5-8155-c6d5c6366c6c/1758240000.0_mean_300.0_v3 HTTP/1.0 201 - python-swiftclient-3.11.1 gAAAAABo2uq_m4ZM... 16 - - tx9b274762b81d401197a0e-0068daeb38 - 0.0157 - - 1759177528.777163267 1759177528.792899132 0
Sep 29 20:25:28 standalone container-server[144847]: 172.20.0.100 - - [29/Sep/2025:20:25:28 +0000] "PUT /d1/508/AUTH_5497b68335b649b9a91a2e7be6ecabe7/gnocchi.fa08ec61-7883-40e5-8155-c6d5c6366c6c/none_v3" 201 - "PUT http://172.18.0.2:8080/d1/673/AUTH_5497b68335b649b9a91a2e7be6ecabe7/gnocchi.fa08ec61-7883-40e5-8155-c6d5c6366c6c/none_v3" "tx59b78a5c526e41599127b-0068daeb38" "object-server 22" 0.0010 "-" 20 0
Sep 29 20:25:28 standalone object-server[144966]: 172.20.0.100 - - [29/Sep/2025:20:25:28 +0000] "PUT /d1/673/AUTH_5497b68335b649b9a91a2e7be6ecabe7/gnocchi.fa08ec61-7883-40e5-8155-c6d5c6366c6c/none_v3" 201 - "PUT http://172.18.0.2:8080/v1/AUTH_5497b68335b649b9a91a2e7be6ecabe7/gnocchi.fa08ec61-7883-40e5-8155-c6d5c6366c6c/none_v3" "tx59b78a5c526e41599127b-0068daeb38" "proxy-server 20" 0.0099 "-" 22 0
Sep 29 20:25:28 standalone proxy-server[146801]: 172.18.0.2 172.18.0.100 29/Sep/2025/20/25/28 PUT /v1/AUTH_5497b68335b649b9a91a2e7be6ecabe7/gnocchi.fa08ec61-7883-40e5-8155-c6d5c6366c6c/none_v3 HTTP/1.0 201 - python-swiftclient-3.11.1 gAAAAABo2uq_m4ZM... 51 - - tx59b78a5c526e41599127b-0068daeb38 - 0.0149 - - 1759177528.796656132 1759177528.811560869 0
Sep 29 20:25:28 standalone object-server[144974]: 172.20.0.100 - - [29/Sep/2025:20:25:28 +0000] "GET /d1/930/AUTH_5497b68335b649b9a91a2e7be6ecabe7/gnocchi.7bb15e61-58e5-4f57-a703-c9c3cc708114/none_v3" 200 22 "GET http://172.18.0.2:8080/v1/AUTH_5497b68335b649b9a91a2e7be6ecabe7/gnocchi.7bb15e61-58e5-4f57-a703-c9c3cc708114/none_v3" "txd66037503abd42d985bd1-0068daeb38" "proxy-server 20" 0.0007 "-" 25 0
Sep 29 20:25:28 standalone proxy-server[146801]: 172.18.0.2 172.18.0.100 29/Sep/2025/20/25/28 GET /v1/AUTH_5497b68335b649b9a91a2e7be6ecabe7/gnocchi.7bb15e61-58e5-4f57-a703-c9c3cc708114/none_v3 HTTP/1.0 200 - python-swiftclient-3.11.1 gAAAAABo2uq_m4ZM... - 22 - txd66037503abd42d985bd1-0068daeb38 - 0.0064 - - 1759177528.820845127 1759177528.827203035 0
Sep 29 20:25:28 standalone container-server[144856]: 172.20.0.100 - - [29/Sep/2025:20:25:28 +0000] "GET /d1/54/AUTH_5497b68335b649b9a91a2e7be6ecabe7/gnocchi.7bb15e61-58e5-4f57-a703-c9c3cc708114" 200 357 "GET http://172.18.0.2:8080/v1/AUTH_5497b68335b649b9a91a2e7be6ecabe7/gnocchi.7bb15e61-58e5-4f57-a703-c9c3cc708114?format=json&states=listing" "txd8d95393663b491c81435-0068daeb38" "proxy-server 20" 0.0102 "-" 22 0
Sep 29 20:25:28 standalone proxy-server[146801]: 172.18.0.2 172.18.0.100 29/Sep/2025/20/25/28 GET /v1/AUTH_5497b68335b649b9a91a2e7be6ecabe7/gnocchi.7bb15e61-58e5-4f57-a703-c9c3cc708114%3Fformat%3Djson%26states%3Dlisting HTTP/1.0 200 - python-swiftclient-3.11.1 gAAAAABo2uq_m4ZM... - 357 - txd8d95393663b491c81435-0068daeb38 - 0.0162 - - 1759177528.830034733 1759177528.846256018 0
Sep 29 20:25:28 standalone container-server[144850]: 172.20.0.100 - - [29/Sep/2025:20:25:28 +0000] "GET /d1/54/AUTH_5497b68335b649b9a91a2e7be6ecabe7/gnocchi.7bb15e61-58e5-4f57-a703-c9c3cc708114" 200 2 "GET http://172.18.0.2:8080/v1/AUTH_5497b68335b649b9a91a2e7be6ecabe7/gnocchi.7bb15e61-58e5-4f57-a703-c9c3cc708114?format=json&marker=none_v3&states=listing" "tx9ce39d2c5380492f9821c-0068daeb38" "proxy-server 20" 0.0019 "-" 21 0
Sep 29 20:25:28 standalone proxy-server[146801]: 172.18.0.2 172.18.0.100 29/Sep/2025/20/25/28 GET /v1/AUTH_5497b68335b649b9a91a2e7be6ecabe7/gnocchi.7bb15e61-58e5-4f57-a703-c9c3cc708114%3Fformat%3Djson%26marker%3Dnone_v3%26states%3Dlisting HTTP/1.0 200 - python-swiftclient-3.11.1 gAAAAABo2uq_m4ZM... - 2 - tx9ce39d2c5380492f9821c-0068daeb38 - 0.0068 - - 1759177528.848658800 1759177528.855452299 0
Sep 29 20:25:28 standalone object-server[144974]: 172.20.0.100 - - [29/Sep/2025:20:25:28 +0000] "GET /d1/478/AUTH_5497b68335b649b9a91a2e7be6ecabe7/gnocchi.7bb15e61-58e5-4f57-a703-c9c3cc708114/1758240000.0_mean_300.0_v3" 200 16 "GET http://172.18.0.2:8080/v1/AUTH_5497b68335b649b9a91a2e7be6ecabe7/gnocchi.7bb15e61-58e5-4f57-a703-c9c3cc708114/1758240000.0_mean_300.0_v3" "tx29b7296ca9da46698f790-0068daeb38" "proxy-server 20" 0.0013 "-" 25 0
Sep 29 20:25:28 standalone proxy-server[146801]: 172.18.0.2 172.18.0.100 29/Sep/2025/20/25/28 GET /v1/AUTH_5497b68335b649b9a91a2e7be6ecabe7/gnocchi.7bb15e61-58e5-4f57-a703-c9c3cc708114/1758240000.0_mean_300.0_v3 HTTP/1.0 200 - python-swiftclient-3.11.1 gAAAAABo2uq_m4ZM... - 16 - tx29b7296ca9da46698f790-0068daeb38 - 0.0078 - - 1759177528.860590935 1759177528.868405342 0
Sep 29 20:25:28 standalone container-server[144847]: 172.20.0.100 - - [29/Sep/2025:20:25:28 +0000] "PUT /d1/54/AUTH_5497b68335b649b9a91a2e7be6ecabe7/gnocchi.7bb15e61-58e5-4f57-a703-c9c3cc708114/1758240000.0_mean_300.0_v3" 201 - "PUT http://172.18.0.2:8080/d1/478/AUTH_5497b68335b649b9a91a2e7be6ecabe7/gnocchi.7bb15e61-58e5-4f57-a703-c9c3cc708114/1758240000.0_mean_300.0_v3" "txcf3af661e695415cbbc5d-0068daeb38" "object-server 23" 0.0011 "-" 20 0
Sep 29 20:25:28 standalone object-server[144968]: 172.20.0.100 - - [29/Sep/2025:20:25:28 +0000] "PUT /d1/478/AUTH_5497b68335b649b9a91a2e7be6ecabe7/gnocchi.7bb15e61-58e5-4f57-a703-c9c3cc708114/1758240000.0_mean_300.0_v3" 201 - "PUT http://172.18.0.2:8080/v1/AUTH_5497b68335b649b9a91a2e7be6ecabe7/gnocchi.7bb15e61-58e5-4f57-a703-c9c3cc708114/1758240000.0_mean_300.0_v3" "txcf3af661e695415cbbc5d-0068daeb38" "proxy-server 20" 0.0102 "-" 23 0
Sep 29 20:25:28 standalone proxy-server[146801]: 172.18.0.2 172.18.0.100 29/Sep/2025/20/25/28 PUT /v1/AUTH_5497b68335b649b9a91a2e7be6ecabe7/gnocchi.7bb15e61-58e5-4f57-a703-c9c3cc708114/1758240000.0_mean_300.0_v3 HTTP/1.0 201 - python-swiftclient-3.11.1 gAAAAABo2uq_m4ZM... 23 - - txcf3af661e695415cbbc5d-0068daeb38 - 0.0149 - - 1759177528.872399330 1759177528.887281895 0
Sep 29 20:25:28 standalone container-server[144860]: 172.20.0.100 - - [29/Sep/2025:20:25:28 +0000] "PUT /d1/54/AUTH_5497b68335b649b9a91a2e7be6ecabe7/gnocchi.7bb15e61-58e5-4f57-a703-c9c3cc708114/none_v3" 201 - "PUT http://172.18.0.2:8080/d1/930/AUTH_5497b68335b649b9a91a2e7be6ecabe7/gnocchi.7bb15e61-58e5-4f57-a703-c9c3cc708114/none_v3" "txe3f271b11a1f4f55b8f28-0068daeb38" "object-server 22" 0.0008 "-" 23 0
Sep 29 20:25:28 standalone object-server[144966]: 172.20.0.100 - - [29/Sep/2025:20:25:28 +0000] "PUT /d1/930/AUTH_5497b68335b649b9a91a2e7be6ecabe7/gnocchi.7bb15e61-58e5-4f57-a703-c9c3cc708114/none_v3" 201 - "PUT http://172.18.0.2:8080/v1/AUTH_5497b68335b649b9a91a2e7be6ecabe7/gnocchi.7bb15e61-58e5-4f57-a703-c9c3cc708114/none_v3" "txe3f271b11a1f4f55b8f28-0068daeb38" "proxy-server 20" 0.0108 "-" 22 0
Sep 29 20:25:28 standalone proxy-server[146801]: 172.18.0.2 172.18.0.100 29/Sep/2025/20/25/28 PUT /v1/AUTH_5497b68335b649b9a91a2e7be6ecabe7/gnocchi.7bb15e61-58e5-4f57-a703-c9c3cc708114/none_v3 HTTP/1.0 201 - python-swiftclient-3.11.1 gAAAAABo2uq_m4ZM... 22 - - txe3f271b11a1f4f55b8f28-0068daeb38 - 0.0157 - - 1759177528.890406847 1759177528.906077623 0
Sep 29 20:25:28 standalone object-server[144971]: 172.20.0.100 - - [29/Sep/2025:20:25:28 +0000] "GET /d1/24/AUTH_5497b68335b649b9a91a2e7be6ecabe7/gnocchi.e9c4c405-1cc6-464d-a9da-b02385cb058f/none_v3" 200 22 "GET http://172.18.0.2:8080/v1/AUTH_5497b68335b649b9a91a2e7be6ecabe7/gnocchi.e9c4c405-1cc6-464d-a9da-b02385cb058f/none_v3" "tx123353a5c578491fa54ca-0068daeb38" "proxy-server 20" 0.0007 "-" 24 0
Sep 29 20:25:28 standalone proxy-server[146801]: 172.18.0.2 172.18.0.100 29/Sep/2025/20/25/28 GET /v1/AUTH_5497b68335b649b9a91a2e7be6ecabe7/gnocchi.e9c4c405-1cc6-464d-a9da-b02385cb058f/none_v3 HTTP/1.0 200 - python-swiftclient-3.11.1 gAAAAABo2uq_m4ZM... - 22 - tx123353a5c578491fa54ca-0068daeb38 - 0.0055 - - 1759177528.918282032 1759177528.923737288 0
Sep 29 20:25:28 standalone container-server[144856]: 172.20.0.100 - - [29/Sep/2025:20:25:28 +0000] "GET /d1/809/AUTH_5497b68335b649b9a91a2e7be6ecabe7/gnocchi.e9c4c405-1cc6-464d-a9da-b02385cb058f" 200 357 "GET http://172.18.0.2:8080/v1/AUTH_5497b68335b649b9a91a2e7be6ecabe7/gnocchi.e9c4c405-1cc6-464d-a9da-b02385cb058f?format=json&states=listing" "tx5ed661a87acc4e8cab80c-0068daeb38" "proxy-server 20" 0.0128 "-" 22 0
Sep 29 20:25:28 standalone proxy-server[146801]: 172.18.0.2 172.18.0.100 29/Sep/2025/20/25/28 GET /v1/AUTH_5497b68335b649b9a91a2e7be6ecabe7/gnocchi.e9c4c405-1cc6-464d-a9da-b02385cb058f%3Fformat%3Djson%26states%3Dlisting HTTP/1.0 200 - python-swiftclient-3.11.1 gAAAAABo2uq_m4ZM... - 357 - tx5ed661a87acc4e8cab80c-0068daeb38 - 0.0182 - - 1759177528.928181171 1759177528.946359634 0
Sep 29 20:25:28 standalone container-server[144847]: 172.20.0.100 - - [29/Sep/2025:20:25:28 +0000] "GET /d1/809/AUTH_5497b68335b649b9a91a2e7be6ecabe7/gnocchi.e9c4c405-1cc6-464d-a9da-b02385cb058f" 200 2 "GET http://172.18.0.2:8080/v1/AUTH_5497b68335b649b9a91a2e7be6ecabe7/gnocchi.e9c4c405-1cc6-464d-a9da-b02385cb058f?format=json&marker=none_v3&states=listing" "txe1891d133c2f40d6a701f-0068daeb38" "proxy-server 20" 0.0049 "-" 20 0
Sep 29 20:25:28 standalone proxy-server[146801]: 172.18.0.2 172.18.0.100 29/Sep/2025/20/25/28 GET /v1/AUTH_5497b68335b649b9a91a2e7be6ecabe7/gnocchi.e9c4c405-1cc6-464d-a9da-b02385cb058f%3Fformat%3Djson%26marker%3Dnone_v3%26states%3Dlisting HTTP/1.0 200 - python-swiftclient-3.11.1 gAAAAABo2uq_m4ZM... - 2 - txe1891d133c2f40d6a701f-0068daeb38 - 0.0112 - - 1759177528.950164557 1759177528.961398363 0
Sep 29 20:25:28 standalone object-server[144971]: 172.20.0.100 - - [29/Sep/2025:20:25:28 +0000] "GET /d1/738/AUTH_5497b68335b649b9a91a2e7be6ecabe7/gnocchi.e9c4c405-1cc6-464d-a9da-b02385cb058f/1758240000.0_mean_300.0_v3" 200 16 "GET http://172.18.0.2:8080/v1/AUTH_5497b68335b649b9a91a2e7be6ecabe7/gnocchi.e9c4c405-1cc6-464d-a9da-b02385cb058f/1758240000.0_mean_300.0_v3" "txfa23e18fbed943d98422e-0068daeb38" "proxy-server 20" 0.0007 "-" 24 0
Sep 29 20:25:28 standalone proxy-server[146801]: 172.18.0.2 172.18.0.100 29/Sep/2025/20/25/28 GET /v1/AUTH_5497b68335b649b9a91a2e7be6ecabe7/gnocchi.e9c4c405-1cc6-464d-a9da-b02385cb058f/1758240000.0_mean_300.0_v3 HTTP/1.0 200 - python-swiftclient-3.11.1 gAAAAABo2uq_m4ZM... - 16 - txfa23e18fbed943d98422e-0068daeb38 - 0.0051 - - 1759177528.965780497 1759177528.970883131 0
Sep 29 20:25:28 standalone container-server[144856]: 172.20.0.100 - - [29/Sep/2025:20:25:28 +0000] "PUT /d1/809/AUTH_5497b68335b649b9a91a2e7be6ecabe7/gnocchi.e9c4c405-1cc6-464d-a9da-b02385cb058f/1758240000.0_mean_300.0_v3" 201 - "PUT http://172.18.0.2:8080/d1/738/AUTH_5497b68335b649b9a91a2e7be6ecabe7/gnocchi.e9c4c405-1cc6-464d-a9da-b02385cb058f/1758240000.0_mean_300.0_v3" "tx0beb8c6d397c4f42af257-0068daeb38" "object-server 23" 0.0009 "-" 22 0
Sep 29 20:25:28 standalone object-server[144968]: 172.20.0.100 - - [29/Sep/2025:20:25:28 +0000] "PUT /d1/738/AUTH_5497b68335b649b9a91a2e7be6ecabe7/gnocchi.e9c4c405-1cc6-464d-a9da-b02385cb058f/1758240000.0_mean_300.0_v3" 201 - "PUT http://172.18.0.2:8080/v1/AUTH_5497b68335b649b9a91a2e7be6ecabe7/gnocchi.e9c4c405-1cc6-464d-a9da-b02385cb058f/1758240000.0_mean_300.0_v3" "tx0beb8c6d397c4f42af257-0068daeb38" "proxy-server 20" 0.0101 "-" 23 0
Sep 29 20:25:28 standalone proxy-server[146801]: 172.18.0.2 172.18.0.100 29/Sep/2025/20/25/28 PUT /v1/AUTH_5497b68335b649b9a91a2e7be6ecabe7/gnocchi.e9c4c405-1cc6-464d-a9da-b02385cb058f/1758240000.0_mean_300.0_v3 HTTP/1.0 201 - python-swiftclient-3.11.1 gAAAAABo2uq_m4ZM... 23 - - tx0beb8c6d397c4f42af257-0068daeb38 - 0.0138 - - 1759177528.974269629 1759177528.988083124 0
Sep 29 20:25:29 standalone container-server[144860]: 172.20.0.100 - - [29/Sep/2025:20:25:29 +0000] "PUT /d1/809/AUTH_5497b68335b649b9a91a2e7be6ecabe7/gnocchi.e9c4c405-1cc6-464d-a9da-b02385cb058f/none_v3" 201 - "PUT http://172.18.0.2:8080/d1/24/AUTH_5497b68335b649b9a91a2e7be6ecabe7/gnocchi.e9c4c405-1cc6-464d-a9da-b02385cb058f/none_v3" "tx3426f07f6c564a1d8d6fc-0068daeb38" "object-server 23" 0.0007 "-" 23 0
Sep 29 20:25:29 standalone object-server[144968]: 172.20.0.100 - - [29/Sep/2025:20:25:29 +0000] "PUT /d1/24/AUTH_5497b68335b649b9a91a2e7be6ecabe7/gnocchi.e9c4c405-1cc6-464d-a9da-b02385cb058f/none_v3" 201 - "PUT http://172.18.0.2:8080/v1/AUTH_5497b68335b649b9a91a2e7be6ecabe7/gnocchi.e9c4c405-1cc6-464d-a9da-b02385cb058f/none_v3" "tx3426f07f6c564a1d8d6fc-0068daeb38" "proxy-server 20" 0.0093 "-" 23 0
Sep 29 20:25:29 standalone proxy-server[146801]: 172.18.0.2 172.18.0.100 29/Sep/2025/20/25/29 PUT /v1/AUTH_5497b68335b649b9a91a2e7be6ecabe7/gnocchi.e9c4c405-1cc6-464d-a9da-b02385cb058f/none_v3 HTTP/1.0 201 - python-swiftclient-3.11.1 gAAAAABo2uq_m4ZM... 22 - - tx3426f07f6c564a1d8d6fc-0068daeb38 - 0.0136 - - 1759177528.991150141 1759177529.004744530 0
Sep 29 20:25:29 standalone object-server[144971]: 172.20.0.100 - - [29/Sep/2025:20:25:29 +0000] "GET /d1/271/AUTH_5497b68335b649b9a91a2e7be6ecabe7/gnocchi.12ec3f80-7f1a-4253-a97d-3e8a1e14827e/none_v3" 200 22 "GET http://172.18.0.2:8080/v1/AUTH_5497b68335b649b9a91a2e7be6ecabe7/gnocchi.12ec3f80-7f1a-4253-a97d-3e8a1e14827e/none_v3" "tx2ccfdf25c3724ea8b96b6-0068daeb39" "proxy-server 20" 0.0006 "-" 24 0
Sep 29 20:25:29 standalone proxy-server[146801]: 172.18.0.2 172.18.0.100 29/Sep/2025/20/25/29 GET /v1/AUTH_5497b68335b649b9a91a2e7be6ecabe7/gnocchi.12ec3f80-7f1a-4253-a97d-3e8a1e14827e/none_v3 HTTP/1.0 200 - python-swiftclient-3.11.1 gAAAAABo2uq_m4ZM... - 22 - tx2ccfdf25c3724ea8b96b6-0068daeb39 - 0.0051 - - 1759177529.017354012 1759177529.022417545 0
Sep 29 20:25:29 standalone container-server[144856]: 172.20.0.100 - - [29/Sep/2025:20:25:29 +0000] "GET /d1/637/AUTH_5497b68335b649b9a91a2e7be6ecabe7/gnocchi.12ec3f80-7f1a-4253-a97d-3e8a1e14827e" 200 357 "GET http://172.18.0.2:8080/v1/AUTH_5497b68335b649b9a91a2e7be6ecabe7/gnocchi.12ec3f80-7f1a-4253-a97d-3e8a1e14827e?format=json&states=listing" "tx3837dd350caa4088a781e-0068daeb39" "proxy-server 20" 0.0102 "-" 22 0
Sep 29 20:25:29 standalone proxy-server[146801]: 172.18.0.2 172.18.0.100 29/Sep/2025/20/25/29 GET /v1/AUTH_5497b68335b649b9a91a2e7be6ecabe7/gnocchi.12ec3f80-7f1a-4253-a97d-3e8a1e14827e%3Fformat%3Djson%26states%3Dlisting HTTP/1.0 200 - python-swiftclient-3.11.1 gAAAAABo2uq_m4ZM... - 357 - tx3837dd350caa4088a781e-0068daeb39 - 0.0158 - - 1759177529.026688337 1759177529.042503119 0
Sep 29 20:25:29 standalone container-server[144850]: 172.20.0.100 - - [29/Sep/2025:20:25:29 +0000] "GET /d1/637/AUTH_5497b68335b649b9a91a2e7be6ecabe7/gnocchi.12ec3f80-7f1a-4253-a97d-3e8a1e14827e" 200 2 "GET http://172.18.0.2:8080/v1/AUTH_5497b68335b649b9a91a2e7be6ecabe7/gnocchi.12ec3f80-7f1a-4253-a97d-3e8a1e14827e?format=json&marker=none_v3&states=listing" "tx446bd52247dd41118a78b-0068daeb39" "proxy-server 20" 0.0022 "-" 21 0
Sep 29 20:25:29 standalone proxy-server[146801]: 172.18.0.2 172.18.0.100 29/Sep/2025/20/25/29 GET /v1/AUTH_5497b68335b649b9a91a2e7be6ecabe7/gnocchi.12ec3f80-7f1a-4253-a97d-3e8a1e14827e%3Fformat%3Djson%26marker%3Dnone_v3%26states%3Dlisting HTTP/1.0 200 - python-swiftclient-3.11.1 gAAAAABo2uq_m4ZM... - 2 - tx446bd52247dd41118a78b-0068daeb39 - 0.0087 - - 1759177529.045711517 1759177529.054443836 0
Sep 29 20:25:29 standalone object-server[144974]: 172.20.0.100 - - [29/Sep/2025:20:25:29 +0000] "GET /d1/300/AUTH_5497b68335b649b9a91a2e7be6ecabe7/gnocchi.12ec3f80-7f1a-4253-a97d-3e8a1e14827e/1758240000.0_mean_300.0_v3" 200 16 "GET http://172.18.0.2:8080/v1/AUTH_5497b68335b649b9a91a2e7be6ecabe7/gnocchi.12ec3f80-7f1a-4253-a97d-3e8a1e14827e/1758240000.0_mean_300.0_v3" "txabe9c0a6114c4040abe5a-0068daeb39" "proxy-server 20" 0.0011 "-" 25 0
Sep 29 20:25:29 standalone proxy-server[146801]: 172.18.0.2 172.18.0.100 29/Sep/2025/20/25/29 GET /v1/AUTH_5497b68335b649b9a91a2e7be6ecabe7/gnocchi.12ec3f80-7f1a-4253-a97d-3e8a1e14827e/1758240000.0_mean_300.0_v3 HTTP/1.0 200 - python-swiftclient-3.11.1 gAAAAABo2uq_m4ZM... - 16 - txabe9c0a6114c4040abe5a-0068daeb39 - 0.0078 - - 1759177529.058822870 1759177529.066672802 0
Sep 29 20:25:29 standalone container-server[144856]: 172.20.0.100 - - [29/Sep/2025:20:25:29 +0000] "PUT /d1/637/AUTH_5497b68335b649b9a91a2e7be6ecabe7/gnocchi.12ec3f80-7f1a-4253-a97d-3e8a1e14827e/1758240000.0_mean_300.0_v3" 201 - "PUT http://172.18.0.2:8080/d1/300/AUTH_5497b68335b649b9a91a2e7be6ecabe7/gnocchi.12ec3f80-7f1a-4253-a97d-3e8a1e14827e/1758240000.0_mean_300.0_v3" "txca9b29b88a8744eab4564-0068daeb39" "object-server 24" 0.0010 "-" 22 0
Sep 29 20:25:29 standalone object-server[144971]: 172.20.0.100 - - [29/Sep/2025:20:25:29 +0000] "PUT /d1/300/AUTH_5497b68335b649b9a91a2e7be6ecabe7/gnocchi.12ec3f80-7f1a-4253-a97d-3e8a1e14827e/1758240000.0_mean_300.0_v3" 201 - "PUT http://172.18.0.2:8080/v1/AUTH_5497b68335b649b9a91a2e7be6ecabe7/gnocchi.12ec3f80-7f1a-4253-a97d-3e8a1e14827e/1758240000.0_mean_300.0_v3" "txca9b29b88a8744eab4564-0068daeb39" "proxy-server 20" 0.0104 "-" 24 0
Sep 29 20:25:29 standalone proxy-server[146801]: 172.18.0.2 172.18.0.100 29/Sep/2025/20/25/29 PUT /v1/AUTH_5497b68335b649b9a91a2e7be6ecabe7/gnocchi.12ec3f80-7f1a-4253-a97d-3e8a1e14827e/1758240000.0_mean_300.0_v3 HTTP/1.0 201 - python-swiftclient-3.11.1 gAAAAABo2uq_m4ZM... 23 - - txca9b29b88a8744eab4564-0068daeb39 - 0.0167 - - 1759177529.070028305 1759177529.086686611 0
Sep 29 20:25:29 standalone container-server[144850]: 172.20.0.100 - - [29/Sep/2025:20:25:29 +0000] "PUT /d1/637/AUTH_5497b68335b649b9a91a2e7be6ecabe7/gnocchi.12ec3f80-7f1a-4253-a97d-3e8a1e14827e/none_v3" 201 - "PUT http://172.18.0.2:8080/d1/271/AUTH_5497b68335b649b9a91a2e7be6ecabe7/gnocchi.12ec3f80-7f1a-4253-a97d-3e8a1e14827e/none_v3" "txc4f8d57d0f134aa6b0d97-0068daeb39" "object-server 24" 0.0004 "-" 21 0
Sep 29 20:25:29 standalone object-server[144971]: 172.20.0.100 - - [29/Sep/2025:20:25:29 +0000] "PUT /d1/271/AUTH_5497b68335b649b9a91a2e7be6ecabe7/gnocchi.12ec3f80-7f1a-4253-a97d-3e8a1e14827e/none_v3" 201 - "PUT http://172.18.0.2:8080/v1/AUTH_5497b68335b649b9a91a2e7be6ecabe7/gnocchi.12ec3f80-7f1a-4253-a97d-3e8a1e14827e/none_v3" "txc4f8d57d0f134aa6b0d97-0068daeb39" "proxy-server 20" 0.0081 "-" 24 0
Sep 29 20:25:29 standalone proxy-server[146801]: 172.18.0.2 172.18.0.100 29/Sep/2025/20/25/29 PUT /v1/AUTH_5497b68335b649b9a91a2e7be6ecabe7/gnocchi.12ec3f80-7f1a-4253-a97d-3e8a1e14827e/none_v3 HTTP/1.0 201 - python-swiftclient-3.11.1 gAAAAABo2uq_m4ZM... 22 - - txc4f8d57d0f134aa6b0d97-0068daeb39 - 0.0152 - - 1759177529.089980602 1759177529.105159998 0
Sep 29 20:25:29 standalone object-server[144966]: 172.20.0.100 - - [29/Sep/2025:20:25:29 +0000] "GET /d1/1023/AUTH_5497b68335b649b9a91a2e7be6ecabe7/gnocchi.8a4a070e-f7f0-4466-8e85-321b8d2d5729/none_v3" 200 22 "GET http://172.18.0.2:8080/v1/AUTH_5497b68335b649b9a91a2e7be6ecabe7/gnocchi.8a4a070e-f7f0-4466-8e85-321b8d2d5729/none_v3" "tx8f297b5691df4b6eae129-0068daeb39" "proxy-server 20" 0.0011 "-" 22 0
Sep 29 20:25:29 standalone proxy-server[146801]: 172.18.0.2 172.18.0.100 29/Sep/2025/20/25/29 GET /v1/AUTH_5497b68335b649b9a91a2e7be6ecabe7/gnocchi.8a4a070e-f7f0-4466-8e85-321b8d2d5729/none_v3 HTTP/1.0 200 - python-swiftclient-3.11.1 gAAAAABo2uq_m4ZM... - 22 - tx8f297b5691df4b6eae129-0068daeb39 - 0.0101 - - 1759177529.151605129 1759177529.161669731 0
Sep 29 20:25:29 standalone container-server[144860]: 172.20.0.100 - - [29/Sep/2025:20:25:29 +0000] "GET /d1/726/AUTH_5497b68335b649b9a91a2e7be6ecabe7/gnocchi.8a4a070e-f7f0-4466-8e85-321b8d2d5729" 200 357 "GET http://172.18.0.2:8080/v1/AUTH_5497b68335b649b9a91a2e7be6ecabe7/gnocchi.8a4a070e-f7f0-4466-8e85-321b8d2d5729?format=json&states=listing" "txd0bbbf21e0af445f8ce43-0068daeb39" "proxy-server 20" 0.0101 "-" 23 0
Sep 29 20:25:29 standalone proxy-server[146801]: 172.18.0.2 172.18.0.100 29/Sep/2025/20/25/29 GET /v1/AUTH_5497b68335b649b9a91a2e7be6ecabe7/gnocchi.8a4a070e-f7f0-4466-8e85-321b8d2d5729%3Fformat%3Djson%26states%3Dlisting HTTP/1.0 200 - python-swiftclient-3.11.1 gAAAAABo2uq_m4ZM... - 357 - txd0bbbf21e0af445f8ce43-0068daeb39 - 0.0201 - - 1759177529.165084362 1759177529.185206890 0
Sep 29 20:25:29 standalone container-server[144847]: 172.20.0.100 - - [29/Sep/2025:20:25:29 +0000] "GET /d1/726/AUTH_5497b68335b649b9a91a2e7be6ecabe7/gnocchi.8a4a070e-f7f0-4466-8e85-321b8d2d5729" 200 2 "GET http://172.18.0.2:8080/v1/AUTH_5497b68335b649b9a91a2e7be6ecabe7/gnocchi.8a4a070e-f7f0-4466-8e85-321b8d2d5729?format=json&marker=none_v3&states=listing" "tx4a43b8b401b540219f237-0068daeb39" "proxy-server 20" 0.0051 "-" 20 0
Sep 29 20:25:29 standalone proxy-server[146801]: 172.18.0.2 172.18.0.100 29/Sep/2025/20/25/29 GET /v1/AUTH_5497b68335b649b9a91a2e7be6ecabe7/gnocchi.8a4a070e-f7f0-4466-8e85-321b8d2d5729%3Fformat%3Djson%26marker%3Dnone_v3%26states%3Dlisting HTTP/1.0 200 - python-swiftclient-3.11.1 gAAAAABo2uq_m4ZM... - 2 - tx4a43b8b401b540219f237-0068daeb39 - 0.0143 - - 1759177529.188421488 1759177529.202681780 0
Sep 29 20:25:29 standalone object-server[144966]: 172.20.0.100 - - [29/Sep/2025:20:25:29 +0000] "GET /d1/113/AUTH_5497b68335b649b9a91a2e7be6ecabe7/gnocchi.8a4a070e-f7f0-4466-8e85-321b8d2d5729/1758240000.0_mean_300.0_v3" 200 16 "GET http://172.18.0.2:8080/v1/AUTH_5497b68335b649b9a91a2e7be6ecabe7/gnocchi.8a4a070e-f7f0-4466-8e85-321b8d2d5729/1758240000.0_mean_300.0_v3" "tx3f58333acc624e0db9bc8-0068daeb39" "proxy-server 20" 0.0014 "-" 22 0
Sep 29 20:25:29 standalone proxy-server[146801]: 172.18.0.2 172.18.0.100 29/Sep/2025/20/25/29 GET /v1/AUTH_5497b68335b649b9a91a2e7be6ecabe7/gnocchi.8a4a070e-f7f0-4466-8e85-321b8d2d5729/1758240000.0_mean_300.0_v3 HTTP/1.0 200 - python-swiftclient-3.11.1 gAAAAABo2uq_m4ZM... - 16 - tx3f58333acc624e0db9bc8-0068daeb39 - 0.0095 - - 1759177529.206680059 1759177529.216225624 0
Sep 29 20:25:29 standalone container-server[144847]: 172.20.0.100 - - [29/Sep/2025:20:25:29 +0000] "PUT /d1/726/AUTH_5497b68335b649b9a91a2e7be6ecabe7/gnocchi.8a4a070e-f7f0-4466-8e85-321b8d2d5729/1758240000.0_mean_300.0_v3" 201 - "PUT http://172.18.0.2:8080/d1/113/AUTH_5497b68335b649b9a91a2e7be6ecabe7/gnocchi.8a4a070e-f7f0-4466-8e85-321b8d2d5729/1758240000.0_mean_300.0_v3" "txd7bcb12a72464a8f9019d-0068daeb39" "object-server 24" 0.0005 "-" 20 0
Sep 29 20:25:29 standalone object-server[144971]: 172.20.0.100 - - [29/Sep/2025:20:25:29 +0000] "PUT /d1/113/AUTH_5497b68335b649b9a91a2e7be6ecabe7/gnocchi.8a4a070e-f7f0-4466-8e85-321b8d2d5729/1758240000.0_mean_300.0_v3" 201 - "PUT http://172.18.0.2:8080/v1/AUTH_5497b68335b649b9a91a2e7be6ecabe7/gnocchi.8a4a070e-f7f0-4466-8e85-321b8d2d5729/1758240000.0_mean_300.0_v3" "txd7bcb12a72464a8f9019d-0068daeb39" "proxy-server 20" 0.0113 "-" 24 0
Sep 29 20:25:29 standalone proxy-server[146801]: 172.18.0.2 172.18.0.100 29/Sep/2025/20/25/29 PUT /v1/AUTH_5497b68335b649b9a91a2e7be6ecabe7/gnocchi.8a4a070e-f7f0-4466-8e85-321b8d2d5729/1758240000.0_mean_300.0_v3 HTTP/1.0 201 - python-swiftclient-3.11.1 gAAAAABo2uq_m4ZM... 23 - - txd7bcb12a72464a8f9019d-0068daeb39 - 0.0177 - - 1759177529.219227791 1759177529.236958265 0
Sep 29 20:25:29 standalone container-server[144856]: 172.20.0.100 - - [29/Sep/2025:20:25:29 +0000] "PUT /d1/726/AUTH_5497b68335b649b9a91a2e7be6ecabe7/gnocchi.8a4a070e-f7f0-4466-8e85-321b8d2d5729/none_v3" 201 - "PUT http://172.18.0.2:8080/d1/1023/AUTH_5497b68335b649b9a91a2e7be6ecabe7/gnocchi.8a4a070e-f7f0-4466-8e85-321b8d2d5729/none_v3" "txf097ee7936af4c00b07a7-0068daeb39" "object-server 23" 0.0006 "-" 22 0
Sep 29 20:25:29 standalone object-server[144968]: 172.20.0.100 - - [29/Sep/2025:20:25:29 +0000] "PUT /d1/1023/AUTH_5497b68335b649b9a91a2e7be6ecabe7/gnocchi.8a4a070e-f7f0-4466-8e85-321b8d2d5729/none_v3" 201 - "PUT http://172.18.0.2:8080/v1/AUTH_5497b68335b649b9a91a2e7be6ecabe7/gnocchi.8a4a070e-f7f0-4466-8e85-321b8d2d5729/none_v3" "txf097ee7936af4c00b07a7-0068daeb39" "proxy-server 20" 0.0084 "-" 23 0
Sep 29 20:25:29 standalone proxy-server[146801]: 172.18.0.2 172.18.0.100 29/Sep/2025/20/25/29 PUT /v1/AUTH_5497b68335b649b9a91a2e7be6ecabe7/gnocchi.8a4a070e-f7f0-4466-8e85-321b8d2d5729/none_v3 HTTP/1.0 201 - python-swiftclient-3.11.1 gAAAAABo2uq_m4ZM... 22 - - txf097ee7936af4c00b07a7-0068daeb39 - 0.0127 - - 1759177529.239153385 1759177529.251889944 0
Sep 29 20:25:32 standalone container-server[144847]: 172.20.0.100 - - [29/Sep/2025:20:25:32 +0000] "HEAD /d1/909/AUTH_5497b68335b649b9a91a2e7be6ecabe7/gnocchi.cf999f5c-8c00-4bcd-af48-82b99dd3bbcd" 404 - "HEAD http://172.18.0.2:8080/v1/AUTH_5497b68335b649b9a91a2e7be6ecabe7/gnocchi.cf999f5c-8c00-4bcd-af48-82b99dd3bbcd?format=json&states=listing" "tx091fd213f78a42c481b70-0068daeb3c" "proxy-server 20" 0.0008 "-" 20 0
Sep 29 20:25:32 standalone object-server[144968]: 172.20.0.100 - - [29/Sep/2025:20:25:32 +0000] "GET /d1/878/AUTH_5497b68335b649b9a91a2e7be6ecabe7/gnocchi.cf999f5c-8c00-4bcd-af48-82b99dd3bbcd/none_v3" 404 70 "GET http://172.18.0.2:8080/v1/AUTH_5497b68335b649b9a91a2e7be6ecabe7/gnocchi.cf999f5c-8c00-4bcd-af48-82b99dd3bbcd/none_v3" "tx091fd213f78a42c481b70-0068daeb3c" "proxy-server 20" 0.0007 "-" 23 0
Sep 29 20:25:32 standalone proxy-server[146801]: 172.18.0.2 172.18.0.100 29/Sep/2025/20/25/32 GET /v1/AUTH_5497b68335b649b9a91a2e7be6ecabe7/gnocchi.cf999f5c-8c00-4bcd-af48-82b99dd3bbcd/none_v3 HTTP/1.0 404 - python-swiftclient-3.11.1 gAAAAABo2uq_m4ZM... - 70 - tx091fd213f78a42c481b70-0068daeb3c - 0.0177 - - 1759177532.452327013 1759177532.470001221 0
Sep 29 20:25:32 standalone account-server[144761]: 172.20.0.100 - - [29/Sep/2025:20:25:32 +0000] "PUT /d1/51/AUTH_5497b68335b649b9a91a2e7be6ecabe7/gnocchi.cf999f5c-8c00-4bcd-af48-82b99dd3bbcd" 201 - "PUT http://172.20.0.100:6001/d1/909/AUTH_5497b68335b649b9a91a2e7be6ecabe7/gnocchi.cf999f5c-8c00-4bcd-af48-82b99dd3bbcd" "tx9295f21fef3f4b209778b-0068daeb3c" "container-server 22" 0.0022 "-" 22 0
Sep 29 20:25:32 standalone container-server[144856]: 172.20.0.100 - - [29/Sep/2025:20:25:32 +0000] "PUT /d1/909/AUTH_5497b68335b649b9a91a2e7be6ecabe7/gnocchi.cf999f5c-8c00-4bcd-af48-82b99dd3bbcd" 201 - "PUT http://172.18.0.2:8080/v1/AUTH_5497b68335b649b9a91a2e7be6ecabe7/gnocchi.cf999f5c-8c00-4bcd-af48-82b99dd3bbcd" "tx9295f21fef3f4b209778b-0068daeb3c" "proxy-server 20" 0.0215 "-" 22 0
Sep 29 20:25:32 standalone proxy-server[146801]: 172.18.0.2 172.18.0.100 29/Sep/2025/20/25/32 PUT /v1/AUTH_5497b68335b649b9a91a2e7be6ecabe7/gnocchi.cf999f5c-8c00-4bcd-af48-82b99dd3bbcd HTTP/1.0 201 - python-swiftclient-3.11.1 gAAAAABo2uq_m4ZM... - - - tx9295f21fef3f4b209778b-0068daeb3c - 0.0274 - - 1759177532.474913836 1759177532.502330065 0
Sep 29 20:25:32 standalone container-server[144860]: 172.20.0.100 - - [29/Sep/2025:20:25:32 +0000] "HEAD /d1/909/AUTH_5497b68335b649b9a91a2e7be6ecabe7/gnocchi.cf999f5c-8c00-4bcd-af48-82b99dd3bbcd" 204 - "HEAD http://172.18.0.2:8080/v1/AUTH_5497b68335b649b9a91a2e7be6ecabe7/gnocchi.cf999f5c-8c00-4bcd-af48-82b99dd3bbcd?format=json&states=listing" "tx38d0c9989c73445d87857-0068daeb3c" "proxy-server 20" 0.0026 "-" 23 0
Sep 29 20:25:32 standalone proxy-server[146801]: - - 29/Sep/2025/20/25/32 HEAD /v1/AUTH_5497b68335b649b9a91a2e7be6ecabe7/gnocchi.cf999f5c-8c00-4bcd-af48-82b99dd3bbcd%3Fformat%3Djson%26states%3Dlisting HTTP/1.0 204 - Swift - - - - tx38d0c9989c73445d87857-0068daeb3c - 0.0066 RL - 1759177532.508095264 1759177532.514725685 0
Sep 29 20:25:32 standalone container-server[144847]: 172.20.0.100 - - [29/Sep/2025:20:25:32 +0000] "GET /d1/909/AUTH_5497b68335b649b9a91a2e7be6ecabe7/gnocchi.cf999f5c-8c00-4bcd-af48-82b99dd3bbcd" 200 2 "GET http://172.18.0.2:8080/v1/AUTH_5497b68335b649b9a91a2e7be6ecabe7/gnocchi.cf999f5c-8c00-4bcd-af48-82b99dd3bbcd?format=json&states=listing" "tx38d0c9989c73445d87857-0068daeb3c" "proxy-server 20" 0.0035 "-" 20 0
Sep 29 20:25:32 standalone proxy-server[146801]: 172.18.0.2 172.18.0.100 29/Sep/2025/20/25/32 GET /v1/AUTH_5497b68335b649b9a91a2e7be6ecabe7/gnocchi.cf999f5c-8c00-4bcd-af48-82b99dd3bbcd%3Fformat%3Djson%26states%3Dlisting HTTP/1.0 200 - python-swiftclient-3.11.1 gAAAAABo2uq_m4ZM... - 2 - tx38d0c9989c73445d87857-0068daeb3c - 0.0188 - - 1759177532.506910324 1759177532.525733709 0
Sep 29 20:25:32 standalone object-server[144974]: 172.20.0.100 - - [29/Sep/2025:20:25:32 +0000] "GET /d1/776/AUTH_5497b68335b649b9a91a2e7be6ecabe7/gnocchi.cf999f5c-8c00-4bcd-af48-82b99dd3bbcd/1758240000.0_mean_300.0_v3" 404 70 "GET http://172.18.0.2:8080/v1/AUTH_5497b68335b649b9a91a2e7be6ecabe7/gnocchi.cf999f5c-8c00-4bcd-af48-82b99dd3bbcd/1758240000.0_mean_300.0_v3" "tx3e1ade062c0f419d89179-0068daeb3c" "proxy-server 20" 0.0007 "-" 25 0
Sep 29 20:25:32 standalone proxy-server[146801]: 172.18.0.2 172.18.0.100 29/Sep/2025/20/25/32 GET /v1/AUTH_5497b68335b649b9a91a2e7be6ecabe7/gnocchi.cf999f5c-8c00-4bcd-af48-82b99dd3bbcd/1758240000.0_mean_300.0_v3 HTTP/1.0 404 - python-swiftclient-3.11.1 gAAAAABo2uq_m4ZM... - 70 - tx3e1ade062c0f419d89179-0068daeb3c - 0.0075 - - 1759177532.532477617 1759177532.540018320 0
Sep 29 20:25:32 standalone container-server[144847]: 172.20.0.100 - - [29/Sep/2025:20:25:32 +0000] "PUT /d1/909/AUTH_5497b68335b649b9a91a2e7be6ecabe7/gnocchi.cf999f5c-8c00-4bcd-af48-82b99dd3bbcd/1758240000.0_mean_300.0_v3" 201 - "PUT http://172.18.0.2:8080/d1/776/AUTH_5497b68335b649b9a91a2e7be6ecabe7/gnocchi.cf999f5c-8c00-4bcd-af48-82b99dd3bbcd/1758240000.0_mean_300.0_v3" "tx21d835ffbd254ee5ae690-0068daeb3c" "object-server 24" 0.0009 "-" 20 0
Sep 29 20:25:32 standalone object-server[144971]: 172.20.0.100 - - [29/Sep/2025:20:25:32 +0000] "PUT /d1/776/AUTH_5497b68335b649b9a91a2e7be6ecabe7/gnocchi.cf999f5c-8c00-4bcd-af48-82b99dd3bbcd/1758240000.0_mean_300.0_v3" 201 - "PUT http://172.18.0.2:8080/v1/AUTH_5497b68335b649b9a91a2e7be6ecabe7/gnocchi.cf999f5c-8c00-4bcd-af48-82b99dd3bbcd/1758240000.0_mean_300.0_v3" "tx21d835ffbd254ee5ae690-0068daeb3c" "proxy-server 20" 0.0134 "-" 24 0
Sep 29 20:25:32 standalone proxy-server[146801]: 172.18.0.2 172.18.0.100 29/Sep/2025/20/25/32 PUT /v1/AUTH_5497b68335b649b9a91a2e7be6ecabe7/gnocchi.cf999f5c-8c00-4bcd-af48-82b99dd3bbcd/1758240000.0_mean_300.0_v3 HTTP/1.0 201 - python-swiftclient-3.11.1 gAAAAABo2uq_m4ZM... 16 - - tx21d835ffbd254ee5ae690-0068daeb3c - 0.0240 - - 1759177532.543774366 1759177532.567775488 0
Sep 29 20:25:32 standalone container-server[144850]: 172.20.0.100 - - [29/Sep/2025:20:25:32 +0000] "PUT /d1/909/AUTH_5497b68335b649b9a91a2e7be6ecabe7/gnocchi.cf999f5c-8c00-4bcd-af48-82b99dd3bbcd/none_v3" 201 - "PUT http://172.18.0.2:8080/d1/878/AUTH_5497b68335b649b9a91a2e7be6ecabe7/gnocchi.cf999f5c-8c00-4bcd-af48-82b99dd3bbcd/none_v3" "tx4380ad3e8c364ba78dce2-0068daeb3c" "object-server 25" 0.0006 "-" 21 0
Sep 29 20:25:32 standalone object-server[144974]: 172.20.0.100 - - [29/Sep/2025:20:25:32 +0000] "PUT /d1/878/AUTH_5497b68335b649b9a91a2e7be6ecabe7/gnocchi.cf999f5c-8c00-4bcd-af48-82b99dd3bbcd/none_v3" 201 - "PUT http://172.18.0.2:8080/v1/AUTH_5497b68335b649b9a91a2e7be6ecabe7/gnocchi.cf999f5c-8c00-4bcd-af48-82b99dd3bbcd/none_v3" "tx4380ad3e8c364ba78dce2-0068daeb3c" "proxy-server 20" 0.0122 "-" 25 0
Sep 29 20:25:32 standalone proxy-server[146801]: 172.18.0.2 172.18.0.100 29/Sep/2025/20/25/32 PUT /v1/AUTH_5497b68335b649b9a91a2e7be6ecabe7/gnocchi.cf999f5c-8c00-4bcd-af48-82b99dd3bbcd/none_v3 HTTP/1.0 201 - python-swiftclient-3.11.1 gAAAAABo2uq_m4ZM... 22 - - tx4380ad3e8c364ba78dce2-0068daeb3c - 0.0205 - - 1759177532.572380781 1759177532.592849970 0
Sep 29 20:25:32 standalone object-server[144966]: 172.20.0.100 - - [29/Sep/2025:20:25:32 +0000] "GET /d1/944/AUTH_5497b68335b649b9a91a2e7be6ecabe7/gnocchi.52400bae-001c-4712-abe4-f07f8193d6e3/none_v3" 200 22 "GET http://172.18.0.2:8080/v1/AUTH_5497b68335b649b9a91a2e7be6ecabe7/gnocchi.52400bae-001c-4712-abe4-f07f8193d6e3/none_v3" "tx92d14310b0514b5098c34-0068daeb3c" "proxy-server 20" 0.0008 "-" 22 0
Sep 29 20:25:32 standalone proxy-server[146801]: 172.18.0.2 172.18.0.100 29/Sep/2025/20/25/32 GET /v1/AUTH_5497b68335b649b9a91a2e7be6ecabe7/gnocchi.52400bae-001c-4712-abe4-f07f8193d6e3/none_v3 HTTP/1.0 200 - python-swiftclient-3.11.1 gAAAAABo2uq_m4ZM... - 22 - tx92d14310b0514b5098c34-0068daeb3c - 0.0085 - - 1759177532.712802887 1759177532.721319199 0
Sep 29 20:25:32 standalone container-server[144856]: 172.20.0.100 - - [29/Sep/2025:20:25:32 +0000] "GET /d1/957/AUTH_5497b68335b649b9a91a2e7be6ecabe7/gnocchi.52400bae-001c-4712-abe4-f07f8193d6e3" 200 357 "GET http://172.18.0.2:8080/v1/AUTH_5497b68335b649b9a91a2e7be6ecabe7/gnocchi.52400bae-001c-4712-abe4-f07f8193d6e3?format=json&states=listing" "txf676b14413834de288002-0068daeb3c" "proxy-server 20" 0.0118 "-" 22 0
Sep 29 20:25:32 standalone proxy-server[146801]: 172.18.0.2 172.18.0.100 29/Sep/2025/20/25/32 GET /v1/AUTH_5497b68335b649b9a91a2e7be6ecabe7/gnocchi.52400bae-001c-4712-abe4-f07f8193d6e3%3Fformat%3Djson%26states%3Dlisting HTTP/1.0 200 - python-swiftclient-3.11.1 gAAAAABo2uq_m4ZM... - 357 - txf676b14413834de288002-0068daeb3c - 0.0208 - - 1759177532.725831509 1759177532.746627569 0
Sep 29 20:25:32 standalone container-server[144856]: 172.20.0.100 - - [29/Sep/2025:20:25:32 +0000] "GET /d1/957/AUTH_5497b68335b649b9a91a2e7be6ecabe7/gnocchi.52400bae-001c-4712-abe4-f07f8193d6e3" 200 2 "GET http://172.18.0.2:8080/v1/AUTH_5497b68335b649b9a91a2e7be6ecabe7/gnocchi.52400bae-001c-4712-abe4-f07f8193d6e3?format=json&marker=none_v3&states=listing" "txb6ffdb1e72c34992aaaac-0068daeb3c" "proxy-server 20" 0.0032 "-" 22 0
Sep 29 20:25:32 standalone proxy-server[146801]: 172.18.0.2 172.18.0.100 29/Sep/2025/20/25/32 GET /v1/AUTH_5497b68335b649b9a91a2e7be6ecabe7/gnocchi.52400bae-001c-4712-abe4-f07f8193d6e3%3Fformat%3Djson%26marker%3Dnone_v3%26states%3Dlisting HTTP/1.0 200 - python-swiftclient-3.11.1 gAAAAABo2uq_m4ZM... - 2 - txb6ffdb1e72c34992aaaac-0068daeb3c - 0.0134 - - 1759177532.750595331 1759177532.763947725 0
Sep 29 20:25:32 standalone object-server[144968]: 172.20.0.100 - - [29/Sep/2025:20:25:32 +0000] "GET /d1/405/AUTH_5497b68335b649b9a91a2e7be6ecabe7/gnocchi.52400bae-001c-4712-abe4-f07f8193d6e3/1758240000.0_mean_300.0_v3" 200 24 "GET http://172.18.0.2:8080/v1/AUTH_5497b68335b649b9a91a2e7be6ecabe7/gnocchi.52400bae-001c-4712-abe4-f07f8193d6e3/1758240000.0_mean_300.0_v3" "tx0d5f3463ed484cd1b2824-0068daeb3c" "proxy-server 20" 0.0011 "-" 23 0
Sep 29 20:25:32 standalone proxy-server[146801]: 172.18.0.2 172.18.0.100 29/Sep/2025/20/25/32 GET /v1/AUTH_5497b68335b649b9a91a2e7be6ecabe7/gnocchi.52400bae-001c-4712-abe4-f07f8193d6e3/1758240000.0_mean_300.0_v3 HTTP/1.0 200 - python-swiftclient-3.11.1 gAAAAABo2uq_m4ZM... - 24 - tx0d5f3463ed484cd1b2824-0068daeb3c - 0.0103 - - 1759177532.768599749 1759177532.778948545 0
Sep 29 20:25:32 standalone container-server[144856]: 172.20.0.100 - - [29/Sep/2025:20:25:32 +0000] "PUT /d1/957/AUTH_5497b68335b649b9a91a2e7be6ecabe7/gnocchi.52400bae-001c-4712-abe4-f07f8193d6e3/1758240000.0_mean_300.0_v3" 201 - "PUT http://172.18.0.2:8080/d1/405/AUTH_5497b68335b649b9a91a2e7be6ecabe7/gnocchi.52400bae-001c-4712-abe4-f07f8193d6e3/1758240000.0_mean_300.0_v3" "txc74265c055c1476e9f98a-0068daeb3c" "object-server 24" 0.0010 "-" 22 0
Sep 29 20:25:32 standalone object-server[144971]: 172.20.0.100 - - [29/Sep/2025:20:25:32 +0000] "PUT /d1/405/AUTH_5497b68335b649b9a91a2e7be6ecabe7/gnocchi.52400bae-001c-4712-abe4-f07f8193d6e3/1758240000.0_mean_300.0_v3" 201 - "PUT http://172.18.0.2:8080/v1/AUTH_5497b68335b649b9a91a2e7be6ecabe7/gnocchi.52400bae-001c-4712-abe4-f07f8193d6e3/1758240000.0_mean_300.0_v3" "txc74265c055c1476e9f98a-0068daeb3c" "proxy-server 20" 0.0171 "-" 24 0
Sep 29 20:25:32 standalone proxy-server[146801]: 172.18.0.2 172.18.0.100 29/Sep/2025/20/25/32 PUT /v1/AUTH_5497b68335b649b9a91a2e7be6ecabe7/gnocchi.52400bae-001c-4712-abe4-f07f8193d6e3/1758240000.0_mean_300.0_v3 HTTP/1.0 201 - python-swiftclient-3.11.1 gAAAAABo2uq_m4ZM... 24 - - txc74265c055c1476e9f98a-0068daeb3c - 0.0249 - - 1759177532.782834768 1759177532.807687521 0
